37.123.143.245 - - [19/Jun/2024:01:41:20 +0200] "GET /ticket2/opencms/system/workplace/views/explorer/tree_files.jsp?resource=/ HTTP/1.1" 200 1275
37.123.143.245 - - [19/Jun/2024:01:41:20 +0200] "GET /ticket2/opencms/system/workplace/commons/style/workplace.css HTTP/1.1" 200 14209
194.247.173.99 - - [19/Jun/2024:01:41:20 +0200] "GET /ticket2/opencms/dk/en/buy/?page=1&edid=EEBEB1B7-124E-0978-2C17-3654DF15A113&sortorder=asc&column=section HTTP/1.1" 404 -
83.187.161.141 - - [19/Jun/2024:01:41:21 +0200] "GET /ticket2/opencms/sv/search.html?searchQuery=EM-Final&submit= HTTP/1.1" 200 92148
83.187.161.141 - - [19/Jun/2024:01:41:21 +0200] "GET /ticket2/opencms/system/modules/com.gridnine.opencms.ticketbrokerage.site/resources/js/calendar-en.js HTTP/1.1" 200 3338
83.187.161.141 - - [19/Jun/2024:01:41:21 +0200] "GET /ticket2/opencms/system/modules/com.gridnine.opencms.ticketbrokerage.site/resources/js/calendar-setup.js HTTP/1.1" 200 4923
83.187.161.141 - - [19/Jun/2024:01:41:21 +0200] "GET /ticket2/opencms/system/modules/com.gridnine.opencms.ticketbrokerage.site/resources/js/standard.js HTTP/1.1" 200 3978
83.187.161.141 - - [19/Jun/2024:01:41:21 +0200] "GET /ticket2/opencms/system/modules/com.gridnine.opencms.ticketbrokerage.site/resources/css/ticketbrokerage.css HTTP/1.1" 200 39339
83.187.161.141 - - [19/Jun/2024:01:41:21 +0200] "GET /ticket2/opencms/system/modules/com.gridnine.opencms.ticketbrokerage.site/resources/css/standard.css HTTP/1.1" 200 71935
83.187.161.141 - - [19/Jun/2024:01:41:21 +0200] "GET /ticket2/opencms/system/modules/com.gridnine.opencms.ticketbrokerage.site/resources/css/calendar.css HTTP/1.1" 200 6871
83.187.161.141 - - [19/Jun/2024:01:41:21 +0200] "GET /ticket2/opencms/system/modules/com.gridnine.opencms.ticketbrokerage.site/resources/js/functions.js HTTP/1.1" 200 1583
83.187.161.141 - - [19/Jun/2024:01:41:21 +0200] "GET /ticket2/opencms/system/modules/com.gridnine.opencms.ticketbrokerage.site/resources/js/calendar.js HTTP/1.1" 200 49229
83.187.161.141 - - [19/Jun/2024:01:41:21 +0200] "GET /ticket2/opencms/system/modules/com.gridnine.opencms.ticketbrokerage.site/resources/pics/anniversary_logo_bl.png HTTP/1.1" 200 14743
83.187.161.141 - - [19/Jun/2024:01:41:21 +0200] "GET /ticket2/opencms/system/modules/com.gridnine.opencms.ticketbrokerage.site/resources/pics/right_side_bar/fi/facebook.png HTTP/1.1" 200 2017
83.187.161.141 - - [19/Jun/2024:01:41:21 +0200] "GET /ticket2/opencms/system/modules/com.gridnine.opencms.ticketbrokerage.site/resources/pics/category_button_premier_league.png HTTP/1.1" 200 19367
83.187.161.141 - - [19/Jun/2024:01:41:21 +0200] "GET /ticket2/opencms/system/modules/com.gridnine.opencms.ticketbrokerage.site/resources/pics/category_button_serie_a.png HTTP/1.1" 200 17592
83.187.161.141 - - [19/Jun/2024:01:41:21 +0200] "GET /ticket2/opencms/sv/ask-form.html HTTP/1.1" 200 2950
83.187.161.141 - - [19/Jun/2024:01:41:21 +0200] "GET /ticket2/opencms/system/modules/com.gridnine.opencms.ticketbrokerage.site/resources/pics/right_side_bar/fi/instagram.png HTTP/1.1" 200 2709
83.187.161.141 - - [19/Jun/2024:01:41:21 +0200] "GET /ticket2/opencms/system/modules/com.gridnine.opencms.ticketbrokerage.site/resources/pics/category_button_la_liga.png HTTP/1.1" 200 19105
83.187.161.141 - - [19/Jun/2024:01:41:21 +0200] "GET /ticket2/opencms/system/modules/com.gridnine.opencms.ticketbrokerage.site/resources/css/ticketbrokerage.css HTTP/1.1" 200 39339
83.187.161.141 - - [19/Jun/2024:01:41:22 +0200] "GET /ticket2/opencms/system/modules/com.gridnine.opencms.ticketbrokerage.site/resources/pics/category_button_champions_league.png HTTP/1.1" 200 18552
83.187.161.141 - - [19/Jun/2024:01:41:22 +0200] "GET /ticket2/opencms/system/modules/com.gridnine.opencms.ticketbrokerage.site/resources/pics/category_button_bundesliga.png HTTP/1.1" 200 14069
83.187.161.141 - - [19/Jun/2024:01:41:22 +0200] "GET /ticket2/opencms/system/modules/com.gridnine.opencms.ticketbrokerage.site/resources/pics/category_button_concerts.png HTTP/1.1" 200 15274
83.187.161.141 - - [19/Jun/2024:01:41:22 +0200] "GET /ticket2/opencms/system/modules/com.gridnine.opencms.ticketbrokerage.site/resources/pics/category_button_formula_1.png HTTP/1.1" 200 15970
83.187.161.141 - - [19/Jun/2024:01:41:22 +0200] "GET /ticket2/opencms/system/modules/com.gridnine.opencms.ticketbrokerage.site/resources/pics/category_button_nhl.png HTTP/1.1" 200 15354
83.187.161.141 - - [19/Jun/2024:01:41:22 +0200] "GET /ticket2/opencms/system/modules/com.gridnine.opencms.ticketbrokerage.site/resources/pics/category_button_sports.png HTTP/1.1" 200 15000
83.187.161.141 - - [19/Jun/2024:01:41:22 +0200] "GET /ticket2/opencms/system/modules/com.gridnine.opencms.ticketbrokerage.site/resources/css/images/ui-bg_flat_75_ffffff_40x100.png HTTP/1.1" 404 -
83.187.161.141 - - [19/Jun/2024:01:41:22 +0200] "GET /ticket2/opencms/system/modules/com.gridnine.opencms.ticketbrokerage.site/resources/pics/form_marker.gif HTTP/1.1" 200 43
83.187.161.141 - - [19/Jun/2024:01:41:22 +0200] "GET /ticket2/opencms/system/modules/com.gridnine.opencms.ticketbrokerage.site/resources/pics/arrow.gif HTTP/1.1" 200 344
83.187.161.141 - - [19/Jun/2024:01:41:22 +0200] "GET /ticket2/opencms/system/modules/com.gridnine.opencms.ticketbrokerage.site/resources/pics/button1_left.gif HTTP/1.1" 200 232
83.187.161.141 - - [19/Jun/2024:01:41:22 +0200] "GET /ticket2/opencms/system/modules/com.gridnine.opencms.ticketbrokerage.site/resources/pics/button1_center.gif HTTP/1.1" 200 66
83.187.161.141 - - [19/Jun/2024:01:41:22 +0200] "GET /ticket2/opencms/system/modules/com.gridnine.opencms.ticketbrokerage.site/resources/pics/button1_right.gif HTTP/1.1" 200 232
37.123.143.245 - - [19/Jun/2024:01:41:22 +0200] "POST /ticket2/opencms/system/workplace/views/explorer/contextmenu.jsp HTTP/1.1" 200 4720
37.123.143.245 - - [19/Jun/2024:01:41:24 +0200] "POST /ticket2/opencms/system/workplace/editors/editor.jsp HTTP/1.1" 200 854
37.123.143.245 - - [19/Jun/2024:01:41:25 +0200] "GET /ticket2/opencms/system/workplace/views/top_foot.jsp HTTP/1.1" 200 1211
37.123.143.245 - - [19/Jun/2024:01:41:25 +0200] "GET /ticket2/opencms/system/workplace/editors/editor_main.jsp?resourcelist=&resource=%2Fadmin%2Fautomail%2Forder_conf_worldevents.xml HTTP/1.1" 200 914
37.123.143.245 - - [19/Jun/2024:01:41:25 +0200] "GET /ticket2/opencms/system/workplace/commons/style/workplace.css HTTP/1.1" 200 14209
37.123.143.245 - - [19/Jun/2024:01:41:25 +0200] "GET /ticket2/opencms/system/workplace/editors/xmlcontent/editor_buttons.jsp?action=show&resourcelist=&resource=%2Fadmin%2Fautomail%2Forder_conf_worldevents.xml HTTP/1.1" 200 4722
37.123.143.245 - - [19/Jun/2024:01:41:25 +0200] "GET /ticket2/opencms/system/workplace/resources/buttons/publish.png HTTP/1.1" 200 1034
37.123.143.245 - - [19/Jun/2024:01:41:25 +0200] "GET /ticket2/opencms/system/workplace/commons/style/workplace.css HTTP/1.1" 200 14209
37.123.143.245 - - [19/Jun/2024:01:41:25 +0200] "GET /ticket2/opencms/system/workplace/editors/xmlcontent/editor_form.jsp?resourcelist=&resource=%2Fadmin%2Fautomail%2Forder_conf_worldevents.xml HTTP/1.1" 200 21291
37.123.143.245 - - [19/Jun/2024:01:41:25 +0200] "GET /ticket2/opencms/system/workplace/commons/style/workplace.css HTTP/1.1" 200 14209
37.123.143.245 - - [19/Jun/2024:01:41:25 +0200] "GET /ticket2/opencms/system/workplace/editors/xmlcontent/editor_buttons.jsp?action=show&resourcelist=&resource=%2Fadmin%2Fautomail%2Forder_conf_worldevents.xml&elementlanguage=sv HTTP/1.1" 200 4722
37.123.143.245 - - [19/Jun/2024:01:41:25 +0200] "GET /ticket2/opencms/system/workplace/editors/fckeditor/configwidget.js?config=height:500px,link,anchor,imagegallery,downloadgallery,htmlgallery,formatselect,source,tablegallery HTTP/1.1" 200 2826
37.123.143.245 - - [19/Jun/2024:01:41:25 +0200] "GET /ticket2/opencms/system/workplace/resources/buttons/publish.png HTTP/1.1" 200 1034
37.123.143.245 - - [19/Jun/2024:01:41:25 +0200] "GET /ticket2/opencms/system/workplace/commons/style/workplace.css HTTP/1.1" 200 14209
37.123.143.245 - - [19/Jun/2024:01:41:25 +0200] "GET /ticket2/opencms/system/workplace/editors/fckeditor/plugins/opencms/fckplugin.js HTTP/1.1" 200 8963
37.123.143.245 - - [19/Jun/2024:01:41:25 +0200] "GET /ticket2/opencms/system/workplace/galleries/imagegallery/fckplugin.js HTTP/1.1" 200 2296
37.123.143.245 - - [19/Jun/2024:01:41:25 +0200] "GET /ticket2/opencms/system/workplace/galleries/downloadgallery/fckplugin.js HTTP/1.1" 200 1191
37.123.143.245 - - [19/Jun/2024:01:41:25 +0200] "GET /ticket2/opencms/system/workplace/galleries/tablegallery/fckplugin.js HTTP/1.1" 200 1142
37.123.143.245 - - [19/Jun/2024:01:41:25 +0200] "GET /ticket2/opencms/system/workplace/galleries/htmlgallery/fckplugin.js HTTP/1.1" 200 1126
194.247.173.99 - - [19/Jun/2024:01:41:25 +0200] "GET /ticket2/opencms/dk/en/buy/?page=1&edid=EEC5300E-BB94-42CA-1E8E-EBCDC578E81E&sortorder=asc&column=price HTTP/1.1" 404 -
194.247.173.99 - - [19/Jun/2024:01:41:30 +0200] "GET /ticket2/opencms/dk/en/buy/?page=1&edid=EEC5300E-BB94-42CA-1E8E-EBCDC578E81E&sortorder=asc&column=section HTTP/1.1" 404 -
194.247.173.99 - - [19/Jun/2024:01:41:36 +0200] "GET /ticket2/opencms/dk/en/buy/?page=1&edid=EF98F1F8-18FB-14FE-0FD5-18D0CF7A8566&sortorder=asc&column=price HTTP/1.1" 404 -
194.247.173.99 - - [19/Jun/2024:01:41:41 +0200] "GET /ticket2/opencms/dk/en/buy/?page=1&edid=EF98F1F8-18FB-14FE-0FD5-18D0CF7A8566&sortorder=asc&column=row HTTP/1.1" 404 -
194.247.173.99 - - [19/Jun/2024:01:41:46 +0200] "GET /ticket2/opencms/dk/en/buy/?page=1&edid=EF98F1F8-18FB-14FE-0FD5-18D0CF7A8566&sortorder=asc&column=section HTTP/1.1" 404 -
194.247.173.99 - - [19/Jun/2024:01:41:51 +0200] "GET /ticket2/opencms/dk/en/buy/?page=1&edid=F00C209E-46D3-D229-286A-404180638BF4&sortorder=asc&column=price HTTP/1.1" 404 -
66.249.77.78 - - [19/Jun/2024:01:41:52 +0200] "GET /ticket2/opencms/fr/magazine/article?title=manchester-city-remporte-la-premier-league HTTP/1.1" 200 73793
66.249.75.41 - - [19/Jun/2024:01:41:54 +0200] "GET /ticket2/opencms/de/en/ HTTP/1.1" 404 -
194.247.173.99 - - [19/Jun/2024:01:41:56 +0200] "GET /ticket2/opencms/dk/en/buy/?page=1&edid=F00C209E-46D3-D229-286A-404180638BF4&sortorder=asc&column=row HTTP/1.1" 404 -
194.247.173.99 - - [19/Jun/2024:01:42:02 +0200] "GET /ticket2/opencms/dk/en/buy/?page=1&edid=F00C209E-46D3-D229-286A-404180638BF4&sortorder=asc&column=section HTTP/1.1" 404 -
194.247.173.99 - - [19/Jun/2024:01:42:06 +0200] "GET /ticket2/opencms/dk/en/buy/?page=1&edid=F00C22AD-854B-1367-7078-9B2573B12FA2 HTTP/1.1" 404 -
194.247.173.99 - - [19/Jun/2024:01:42:12 +0200] "GET /ticket2/opencms/dk/en/buy/?page=1&edid=F079AC7E-D221-F1E2-410C-375B35987091&sortorder=asc&column=price HTTP/1.1" 404 -
194.247.173.99 - - [19/Jun/2024:01:42:17 +0200] "GET /ticket2/opencms/dk/en/buy/?page=1&edid=F079AC7E-D221-F1E2-410C-375B35987091&sortorder=asc&column=row HTTP/1.1" 404 -
194.247.173.99 - - [19/Jun/2024:01:42:22 +0200] "GET /ticket2/opencms/dk/en/buy/?page=1&edid=F079AC7E-D221-F1E2-410C-375B35987091&sortorder=asc&column=section HTTP/1.1" 404 -
194.247.173.99 - - [19/Jun/2024:01:42:27 +0200] "GET /ticket2/opencms/dk/en/buy/?page=1&edid=F07DD32F-52F3-124E-9151-7EC8D703DA5C&sortorder=asc&column=price HTTP/1.1" 404 -
52.167.144.161 - - [19/Jun/2024:01:42:29 +0200] "GET /ticket2/opencms/sv/konsertbiljetter/kiss/ HTTP/1.1" 200 73526
194.247.173.99 - - [19/Jun/2024:01:42:32 +0200] "GET /ticket2/opencms/dk/en/buy/?page=1&edid=F21380F7-75CF-8F6C-44E2-E3C7E626BAE7&sortorder=asc&column=price HTTP/1.1" 404 -
114.119.140.175 - - [19/Jun/2024:01:42:35 +0200] "GET /ticket2/opencms/en/buy/?page=6&comcatid=810BB404-4103-77F2-A6C2-12D5E6C338E2&catid=95AE85B5-8979-BB11-643C-430ACC6D50F9 HTTP/1.1" 200 72732
194.247.173.99 - - [19/Jun/2024:01:42:37 +0200] "GET /ticket2/opencms/dk/en/buy/?page=1&edid=F21380F7-75CF-8F6C-44E2-E3C7E626BAE7&sortorder=asc&column=section HTTP/1.1" 404 -
114.119.128.162 - - [19/Jun/2024:01:42:41 +0200] "GET /ticket2/opencms/en/buy/?page=1&edid=D113AD45-81CB-699E-7D46-8A088728DD4D HTTP/1.1" 200 87687
194.247.173.99 - - [19/Jun/2024:01:42:42 +0200] "GET /ticket2/opencms/dk/en/buy/?page=1&edid=F2535B0D-979A-F9D7-EA2B-93EF98CE73FE&sortorder=desc&column=section HTTP/1.1" 404 -
194.247.173.99 - - [19/Jun/2024:01:42:47 +0200] "GET /ticket2/opencms/dk/en/buy/?page=1&edid=F2C7182B-D237-C2BF-D71F-CBB98BBDC9C7&sortorder=asc&column=price HTTP/1.1" 404 -
194.247.173.99 - - [19/Jun/2024:01:42:52 +0200] "GET /ticket2/opencms/dk/en/buy/?page=1&edid=F2C7182B-D237-C2BF-D71F-CBB98BBDC9C7&sortorder=asc&column=row HTTP/1.1" 404 -
194.247.173.99 - - [19/Jun/2024:01:42:57 +0200] "GET /ticket2/opencms/dk/en/buy/?page=1&edid=F2C7182B-D237-C2BF-D71F-CBB98BBDC9C7&sortorder=asc&column=section HTTP/1.1" 404 -
194.247.173.99 - - [19/Jun/2024:01:43:02 +0200] "GET /ticket2/opencms/dk/en/buy/?page=1&edid=F2F72A5D-AEDF-B085-FF89-F56AF347F607&sortorder=desc&column=price HTTP/1.1" 404 -
194.247.173.99 - - [19/Jun/2024:01:43:08 +0200] "GET /ticket2/opencms/dk/en/buy/?page=1&edid=F335E725-CF9C-D578-A5BD-BC756AB27702&sortorder=asc&column=row HTTP/1.1" 404 -
37.123.143.245 - - [19/Jun/2024:01:43:10 +0200] "POST /ticket2/opencms/system/workplace/editors/xmlcontent/editor_form.jsp HTTP/1.1" 200 928
37.123.143.245 - - [19/Jun/2024:01:43:10 +0200] "GET /ticket2/opencms/system/workplace/views/top_js.jsp HTTP/1.1" 200 7389
37.123.143.245 - - [19/Jun/2024:01:43:10 +0200] "GET /ticket2/opencms/system/workplace/views/explorer/explorer_fs.jsp?wpFrame=body HTTP/1.1" 200 448
37.123.143.245 - - [19/Jun/2024:01:43:10 +0200] "GET /ticket2/opencms/system/workplace/views/top_head.jsp?wpFrame=head HTTP/1.1" 200 8556
37.123.143.245 - - [19/Jun/2024:01:43:10 +0200] "GET /ticket2/opencms/system/workplace/views/top_foot.jsp?wpFrame=foot HTTP/1.1" 200 1211
37.123.143.245 - - [19/Jun/2024:01:43:10 +0200] "GET /ticket2/opencms/system/workplace/views/explorer/explorer_body_fs.jsp HTTP/1.1" 200 400
37.123.143.245 - - [19/Jun/2024:01:43:10 +0200] "GET /ticket2/opencms/system/workplace/commons/style/workplace.css HTTP/1.1" 200 14209
37.123.143.245 - - [19/Jun/2024:01:43:10 +0200] "GET /ticket2/opencms/system/workplace/commons/style/workplace.css HTTP/1.1" 200 14209
37.123.143.245 - - [19/Jun/2024:01:43:10 +0200] "GET /ticket2/opencms/system/workplace/views/explorer/tree_fs.jsp HTTP/1.1" 200 3861
37.123.143.245 - - [19/Jun/2024:01:43:10 +0200] "GET /ticket2/opencms/system/workplace/views/explorer/explorer_files.jsp?mode=explorerview HTTP/1.1" 200 3793
37.123.143.245 - - [19/Jun/2024:01:43:10 +0200] "GET /ticket2/opencms/system/workplace/views/explorer/tree_files.jsp?resource=/ HTTP/1.1" 200 1275
37.123.143.245 - - [19/Jun/2024:01:43:10 +0200] "GET /ticket2/opencms/system/workplace/commons/style/workplace.css HTTP/1.1" 200 14209
194.247.173.99 - - [19/Jun/2024:01:43:13 +0200] "GET /ticket2/opencms/dk/en/buy/?page=1&edid=F335E725-CF9C-D578-A5BD-BC756AB27702&sortorder=asc&column=section HTTP/1.1" 404 -
52.167.144.161 - - [19/Jun/2024:01:43:18 +0200] "GET /ticket2/opencms/fi/sv/buy/?comcatid=A17713B6-D984-201A-4143-ED4DB5ED5C2E&catid=A7674DEA-B39E-502C-2F76-760AE08947E9 HTTP/1.1" 404 -
194.247.173.99 - - [19/Jun/2024:01:43:18 +0200] "GET /ticket2/opencms/dk/en/buy/?page=1&edid=F3452852-98B1-10BC-00D5-B8C192736B35&sortorder=asc&column=price HTTP/1.1" 404 -
37.123.143.245 - - [19/Jun/2024:01:43:20 +0200] "POST /ticket2/opencms/system/workplace/views/explorer/contextmenu.jsp HTTP/1.1" 200 4720
37.123.143.245 - - [19/Jun/2024:01:43:21 +0200] "POST /ticket2/opencms/system/workplace/editors/editor.jsp HTTP/1.1" 200 836
37.123.143.245 - - [19/Jun/2024:01:43:21 +0200] "GET /ticket2/opencms/system/workplace/views/top_foot.jsp HTTP/1.1" 200 1211
37.123.143.245 - - [19/Jun/2024:01:43:21 +0200] "GET /ticket2/opencms/system/workplace/editors/editor_main.jsp?resourcelist=&resource=%2Fadmin%2Fautomail%2Fcash_transfer.xml HTTP/1.1" 200 887
37.123.143.245 - - [19/Jun/2024:01:43:21 +0200] "GET /ticket2/opencms/system/workplace/commons/style/workplace.css HTTP/1.1" 200 14209
37.123.143.245 - - [19/Jun/2024:01:43:21 +0200] "GET /ticket2/opencms/system/workplace/editors/xmlcontent/editor_buttons.jsp?action=show&resourcelist=&resource=%2Fadmin%2Fautomail%2Fcash_transfer.xml HTTP/1.1" 200 4722
37.123.143.245 - - [19/Jun/2024:01:43:21 +0200] "GET /ticket2/opencms/system/workplace/commons/style/workplace.css HTTP/1.1" 200 14209
37.123.143.245 - - [19/Jun/2024:01:43:21 +0200] "GET /ticket2/opencms/system/workplace/editors/xmlcontent/editor_form.jsp?resourcelist=&resource=%2Fadmin%2Fautomail%2Fcash_transfer.xml HTTP/1.1" 200 11730
37.123.143.245 - - [19/Jun/2024:01:43:21 +0200] "GET /ticket2/opencms/system/workplace/resources/buttons/publish.png HTTP/1.1" 200 1034
37.123.143.245 - - [19/Jun/2024:01:43:21 +0200] "GET /ticket2/opencms/system/workplace/commons/style/workplace.css HTTP/1.1" 200 14209
37.123.143.245 - - [19/Jun/2024:01:43:21 +0200] "GET /ticket2/opencms/system/workplace/editors/xmlcontent/editor_buttons.jsp?action=show&resourcelist=&resource=%2Fadmin%2Fautomail%2Fcash_transfer.xml&elementlanguage=sv HTTP/1.1" 200 4722
37.123.143.245 - - [19/Jun/2024:01:43:21 +0200] "GET /ticket2/opencms/system/workplace/editors/fckeditor/configwidget.js?config=height:500px,link,anchor,imagegallery,downloadgallery,htmlgallery,formatselect,source,tablegallery HTTP/1.1" 200 2826
37.123.143.245 - - [19/Jun/2024:01:43:22 +0200] "GET /ticket2/opencms/system/workplace/commons/style/workplace.css HTTP/1.1" 200 14209
37.123.143.245 - - [19/Jun/2024:01:43:22 +0200] "GET /ticket2/opencms/system/workplace/resources/buttons/publish.png HTTP/1.1" 200 1034
37.123.143.245 - - [19/Jun/2024:01:43:22 +0200] "GET /ticket2/opencms/system/workplace/editors/fckeditor/plugins/opencms/fckplugin.js HTTP/1.1" 200 8963
37.123.143.245 - - [19/Jun/2024:01:43:22 +0200] "GET /ticket2/opencms/system/workplace/galleries/htmlgallery/fckplugin.js HTTP/1.1" 200 1126
37.123.143.245 - - [19/Jun/2024:01:43:22 +0200] "GET /ticket2/opencms/system/workplace/galleries/imagegallery/fckplugin.js HTTP/1.1" 200 2296
37.123.143.245 - - [19/Jun/2024:01:43:22 +0200] "GET /ticket2/opencms/system/workplace/galleries/tablegallery/fckplugin.js HTTP/1.1" 200 1142
37.123.143.245 - - [19/Jun/2024:01:43:22 +0200] "GET /ticket2/opencms/system/workplace/galleries/downloadgallery/fckplugin.js HTTP/1.1" 200 1191
194.247.173.99 - - [19/Jun/2024:01:43:23 +0200] "GET /ticket2/opencms/dk/en/buy/?page=1&edid=F3452852-98B1-10BC-00D5-B8C192736B35&sortorder=asc&column=row HTTP/1.1" 404 -
37.123.143.245 - - [19/Jun/2024:01:43:27 +0200] "POST /ticket2/opencms/system/workplace/editors/xmlcontent/editor_form.jsp HTTP/1.1" 200 928
37.123.143.245 - - [19/Jun/2024:01:43:27 +0200] "GET /ticket2/opencms/system/workplace/views/top_js.jsp HTTP/1.1" 200 7389
37.123.143.245 - - [19/Jun/2024:01:43:27 +0200] "GET /ticket2/opencms/system/workplace/views/top_foot.jsp?wpFrame=foot HTTP/1.1" 200 1211
37.123.143.245 - - [19/Jun/2024:01:43:27 +0200] "GET /ticket2/opencms/system/workplace/views/explorer/explorer_fs.jsp?wpFrame=body HTTP/1.1" 200 448
37.123.143.245 - - [19/Jun/2024:01:43:27 +0200] "GET /ticket2/opencms/system/workplace/views/top_head.jsp?wpFrame=head HTTP/1.1" 200 8556
37.123.143.245 - - [19/Jun/2024:01:43:27 +0200] "GET /ticket2/opencms/system/workplace/commons/style/workplace.css HTTP/1.1" 200 14209
37.123.143.245 - - [19/Jun/2024:01:43:27 +0200] "GET /ticket2/opencms/system/workplace/commons/style/workplace.css HTTP/1.1" 200 14209
37.123.143.245 - - [19/Jun/2024:01:43:27 +0200] "GET /ticket2/opencms/system/workplace/views/explorer/explorer_body_fs.jsp HTTP/1.1" 200 400
37.123.143.245 - - [19/Jun/2024:01:43:27 +0200] "GET /ticket2/opencms/system/workplace/views/explorer/tree_fs.jsp HTTP/1.1" 200 3861
37.123.143.245 - - [19/Jun/2024:01:43:27 +0200] "GET /ticket2/opencms/system/workplace/views/explorer/explorer_files.jsp?mode=explorerview HTTP/1.1" 200 3793
37.123.143.245 - - [19/Jun/2024:01:43:27 +0200] "GET /ticket2/opencms/system/workplace/views/explorer/tree_files.jsp?resource=/ HTTP/1.1" 200 1275
37.123.143.245 - - [19/Jun/2024:01:43:27 +0200] "GET /ticket2/opencms/system/workplace/commons/style/workplace.css HTTP/1.1" 200 14209
194.247.173.99 - - [19/Jun/2024:01:43:29 +0200] "GET /ticket2/opencms/dk/en/buy/?page=1&edid=F3452852-98B1-10BC-00D5-B8C192736B35&sortorder=asc&column=section HTTP/1.1" 404 -
37.123.143.245 - - [19/Jun/2024:01:43:30 +0200] "POST /ticket2/opencms/system/workplace/views/explorer/contextmenu.jsp HTTP/1.1" 200 4720
37.123.143.245 - - [19/Jun/2024:01:43:31 +0200] "POST /ticket2/opencms/system/workplace/editors/editor.jsp HTTP/1.1" 200 842
37.123.143.245 - - [19/Jun/2024:01:43:31 +0200] "GET /ticket2/opencms/system/workplace/views/top_foot.jsp HTTP/1.1" 200 1211
37.123.143.245 - - [19/Jun/2024:01:43:31 +0200] "GET /ticket2/opencms/system/workplace/editors/editor_main.jsp?resourcelist=&resource=%2Fadmin%2Fautomail%2Fdeposit_received.xml HTTP/1.1" 200 896
37.123.143.245 - - [19/Jun/2024:01:43:31 +0200] "GET /ticket2/opencms/system/workplace/commons/style/workplace.css HTTP/1.1" 200 14209
37.123.143.245 - - [19/Jun/2024:01:43:31 +0200] "GET /ticket2/opencms/system/workplace/editors/xmlcontent/editor_buttons.jsp?action=show&resourcelist=&resource=%2Fadmin%2Fautomail%2Fdeposit_received.xml HTTP/1.1" 200 4718
37.123.143.245 - - [19/Jun/2024:01:43:31 +0200] "GET /ticket2/opencms/system/workplace/commons/style/workplace.css HTTP/1.1" 200 14209
37.123.143.245 - - [19/Jun/2024:01:43:31 +0200] "GET /ticket2/opencms/system/workplace/resources/buttons/publish.png HTTP/1.1" 200 1034
37.123.143.245 - - [19/Jun/2024:01:43:31 +0200] "GET /ticket2/opencms/system/workplace/editors/xmlcontent/editor_form.jsp?resourcelist=&resource=%2Fadmin%2Fautomail%2Fdeposit_received.xml HTTP/1.1" 200 19354
37.123.143.245 - - [19/Jun/2024:01:43:31 +0200] "GET /ticket2/opencms/system/workplace/commons/style/workplace.css HTTP/1.1" 200 14209
37.123.143.245 - - [19/Jun/2024:01:43:31 +0200] "GET /ticket2/opencms/system/workplace/editors/xmlcontent/editor_buttons.jsp?action=show&resourcelist=&resource=%2Fadmin%2Fautomail%2Fdeposit_received.xml&elementlanguage=sv HTTP/1.1" 200 4718
37.123.143.245 - - [19/Jun/2024:01:43:31 +0200] "GET /ticket2/opencms/system/workplace/editors/fckeditor/configwidget.js?config=height:500px,link,anchor,imagegallery,downloadgallery,htmlgallery,formatselect,source,tablegallery HTTP/1.1" 200 2826
37.123.143.245 - - [19/Jun/2024:01:43:31 +0200] "GET /ticket2/opencms/system/workplace/resources/buttons/publish.png HTTP/1.1" 200 1034
37.123.143.245 - - [19/Jun/2024:01:43:31 +0200] "GET /ticket2/opencms/system/workplace/commons/style/workplace.css HTTP/1.1" 200 14209
37.123.143.245 - - [19/Jun/2024:01:43:31 +0200] "GET /ticket2/opencms/system/workplace/editors/fckeditor/plugins/opencms/fckplugin.js HTTP/1.1" 200 8963
37.123.143.245 - - [19/Jun/2024:01:43:31 +0200] "GET /ticket2/opencms/system/workplace/galleries/imagegallery/fckplugin.js HTTP/1.1" 200 2296
37.123.143.245 - - [19/Jun/2024:01:43:31 +0200] "GET /ticket2/opencms/system/workplace/galleries/downloadgallery/fckplugin.js HTTP/1.1" 200 1191
37.123.143.245 - - [19/Jun/2024:01:43:31 +0200] "GET /ticket2/opencms/system/workplace/galleries/htmlgallery/fckplugin.js HTTP/1.1" 200 1126
37.123.143.245 - - [19/Jun/2024:01:43:31 +0200] "GET /ticket2/opencms/system/workplace/galleries/tablegallery/fckplugin.js HTTP/1.1" 200 1142
40.77.167.38 - - [19/Jun/2024:01:43:32 +0200] "GET /ticket2/opencms/sv/sport/fotbollsbiljetter/landskampen/ HTTP/1.1" 302 -
194.247.173.99 - - [19/Jun/2024:01:43:34 +0200] "GET /ticket2/opencms/dk/en/buy/?page=1&edid=F34C3B0E-BB5C-8B73-B51B-808A8957F296&sortorder=desc&column=price HTTP/1.1" 404 -
40.77.167.38 - - [19/Jun/2024:01:43:34 +0200] "GET /ticket2/opencms/sv/buy/ HTTP/1.1" 200 72402
194.247.173.99 - - [19/Jun/2024:01:43:39 +0200] "GET /ticket2/opencms/dk/en/buy/?page=1&edid=F3756B07-2F5C-FFFD-72BE-0A74CDBD5EA0&sortorder=asc&column=price HTTP/1.1" 404 -
157.55.39.57 - - [19/Jun/2024:01:43:42 +0200] "GET /ticket2/opencms/sv/buy/?page=1&edid=E99C1599-4A3C-C85B-FDB3-A3E8C6C1123A HTTP/1.1" 200 85945
37.123.143.245 - - [19/Jun/2024:01:43:43 +0200] "POST /ticket2/opencms/system/workplace/editors/xmlcontent/editor_form.jsp HTTP/1.1" 200 18796
37.123.143.245 - - [19/Jun/2024:01:43:43 +0200] "GET /ticket2/opencms/system/workplace/commons/style/workplace.css HTTP/1.1" 200 14209
37.123.143.245 - - [19/Jun/2024:01:43:43 +0200] "GET /ticket2/opencms/system/workplace/editors/xmlcontent/editor_buttons.jsp?action=show&resourcelist=&resource=%2Fadmin%2Fautomail%2Fdeposit_received.xml&elementlanguage=de HTTP/1.1" 200 4718
37.123.143.245 - - [19/Jun/2024:01:43:43 +0200] "GET /ticket2/opencms/system/workplace/editors/fckeditor/configwidget.js?config=height:500px,link,anchor,imagegallery,downloadgallery,htmlgallery,formatselect,source,tablegallery HTTP/1.1" 200 2826
37.123.143.245 - - [19/Jun/2024:01:43:43 +0200] "GET /ticket2/opencms/system/workplace/resources/buttons/publish.png HTTP/1.1" 200 1034
37.123.143.245 - - [19/Jun/2024:01:43:43 +0200] "GET /ticket2/opencms/system/workplace/commons/style/workplace.css HTTP/1.1" 200 14209
37.123.143.245 - - [19/Jun/2024:01:43:43 +0200] "GET /ticket2/opencms/system/workplace/editors/fckeditor/plugins/opencms/fckplugin.js HTTP/1.1" 200 8963
37.123.143.245 - - [19/Jun/2024:01:43:43 +0200] "GET /ticket2/opencms/system/workplace/galleries/imagegallery/fckplugin.js HTTP/1.1" 200 2296
37.123.143.245 - - [19/Jun/2024:01:43:43 +0200] "GET /ticket2/opencms/system/workplace/galleries/downloadgallery/fckplugin.js HTTP/1.1" 200 1191
37.123.143.245 - - [19/Jun/2024:01:43:43 +0200] "GET /ticket2/opencms/system/workplace/galleries/tablegallery/fckplugin.js HTTP/1.1" 200 1142
37.123.143.245 - - [19/Jun/2024:01:43:43 +0200] "GET /ticket2/opencms/system/workplace/galleries/htmlgallery/fckplugin.js HTTP/1.1" 200 1126
194.247.173.99 - - [19/Jun/2024:01:43:44 +0200] "GET /ticket2/opencms/dk/en/buy/?page=1&edid=F3756B07-2F5C-FFFD-72BE-0A74CDBD5EA0&sortorder=asc&column=row HTTP/1.1" 404 -
194.247.173.99 - - [19/Jun/2024:01:43:49 +0200] "GET /ticket2/opencms/dk/en/buy/?page=1&edid=F3756B07-2F5C-FFFD-72BE-0A74CDBD5EA0&sortorder=asc&column=section HTTP/1.1" 404 -
194.247.173.99 - - [19/Jun/2024:01:43:54 +0200] "GET /ticket2/opencms/dk/en/buy/?page=1&edid=F3C59FE8-84DA-4168-9DD0-7FF9F22B1ED6&sortorder=asc&column=price HTTP/1.1" 404 -
194.247.173.99 - - [19/Jun/2024:01:43:59 +0200] "GET /ticket2/opencms/dk/en/buy/?page=1&edid=F3C59FE8-84DA-4168-9DD0-7FF9F22B1ED6&sortorder=asc&column=row HTTP/1.1" 404 -
185.191.171.8 - - [19/Jun/2024:01:44:00 +0200] "GET /ticket2/opencms/fi/urheilu/jalkapallo/la-liga/alaves/ HTTP/1.1" 200 74182
114.119.132.248 - - [19/Jun/2024:01:44:02 +0200] "GET /ticket2/opencms/en/buy/?page=10&eventid=080309A2-9AF6-914F-9FD3-1CF32BAE4613 HTTP/1.1" 200 72679
114.119.155.23 - - [19/Jun/2024:01:44:04 +0200] "GET /ticket2/opencms/en/buy/?page=1&edid=94CE4845-FE59-6155-B0B6-D2662A75E0A6 HTTP/1.1" 200 85202
194.247.173.99 - - [19/Jun/2024:01:44:05 +0200] "GET /ticket2/opencms/dk/en/buy/?page=1&edid=F3C59FE8-84DA-4168-9DD0-7FF9F22B1ED6&sortorder=asc&column=section HTTP/1.1" 404 -
194.247.173.99 - - [19/Jun/2024:01:44:09 +0200] "GET /ticket2/opencms/dk/en/buy/?page=1&edid=F3C916A5-266C-CF5A-524D-FDD95A915D8E&sortorder=asc&column=price HTTP/1.1" 404 -
216.245.221.83 - - [19/Jun/2024:01:44:10 +0200] "HEAD /ticket2/opencms/ HTTP/1.1" 302 -
216.245.221.83 - - [19/Jun/2024:01:44:11 +0200] "HEAD /ticket2/opencms/en/ HTTP/1.1" 200 -
194.247.173.99 - - [19/Jun/2024:01:44:14 +0200] "GET /ticket2/opencms/dk/en/buy/?page=1&edid=F3C916A5-266C-CF5A-524D-FDD95A915D8E&sortorder=asc&column=row HTTP/1.1" 404 -
37.123.143.245 - - [19/Jun/2024:01:44:19 +0200] "POST /ticket2/opencms/system/workplace/editors/xmlcontent/editor_form.jsp HTTP/1.1" 200 928
37.123.143.245 - - [19/Jun/2024:01:44:19 +0200] "GET /ticket2/opencms/system/workplace/views/top_js.jsp HTTP/1.1" 200 7389
37.123.143.245 - - [19/Jun/2024:01:44:19 +0200] "GET /ticket2/opencms/system/workplace/views/explorer/explorer_fs.jsp?wpFrame=body HTTP/1.1" 200 448
37.123.143.245 - - [19/Jun/2024:01:44:19 +0200] "GET /ticket2/opencms/system/workplace/views/top_foot.jsp?wpFrame=foot HTTP/1.1" 200 1211
37.123.143.245 - - [19/Jun/2024:01:44:19 +0200] "GET /ticket2/opencms/system/workplace/views/top_head.jsp?wpFrame=head HTTP/1.1" 200 8556
37.123.143.245 - - [19/Jun/2024:01:44:19 +0200] "GET /ticket2/opencms/system/workplace/commons/style/workplace.css HTTP/1.1" 200 14209
37.123.143.245 - - [19/Jun/2024:01:44:19 +0200] "GET /ticket2/opencms/system/workplace/views/explorer/explorer_body_fs.jsp HTTP/1.1" 200 400
37.123.143.245 - - [19/Jun/2024:01:44:19 +0200] "GET /ticket2/opencms/system/workplace/commons/style/workplace.css HTTP/1.1" 200 14209
37.123.143.245 - - [19/Jun/2024:01:44:19 +0200] "GET /ticket2/opencms/system/workplace/views/explorer/tree_fs.jsp HTTP/1.1" 200 3861
37.123.143.245 - - [19/Jun/2024:01:44:19 +0200] "GET /ticket2/opencms/system/workplace/views/explorer/explorer_files.jsp?mode=explorerview HTTP/1.1" 200 3793
37.123.143.245 - - [19/Jun/2024:01:44:19 +0200] "GET /ticket2/opencms/system/workplace/views/explorer/tree_files.jsp?resource=/ HTTP/1.1" 200 1275
37.123.143.245 - - [19/Jun/2024:01:44:19 +0200] "GET /ticket2/opencms/system/workplace/commons/style/workplace.css HTTP/1.1" 200 14209
194.247.173.99 - - [19/Jun/2024:01:44:19 +0200] "GET /ticket2/opencms/dk/en/buy/?page=1&edid=F3C916A5-266C-CF5A-524D-FDD95A915D8E&sortorder=asc&column=section HTTP/1.1" 404 -
194.247.173.99 - - [19/Jun/2024:01:44:25 +0200] "GET /ticket2/opencms/dk/en/buy/?page=1&edid=F485EB7B-C630-E8AD-EB3A-E6E869188296&sortorder=asc&column=section HTTP/1.1" 404 -
37.123.143.245 - - [19/Jun/2024:01:44:27 +0200] "POST /ticket2/opencms/system/workplace/views/explorer/contextmenu.jsp HTTP/1.1" 200 4720
104.28.105.24 - - [19/Jun/2024:01:44:29 +0200] "GET /ticket2/opencms/set_aff_cookie.jsp?partner=53673ED6-1455-FA54-818F-B1F67121E37C&url=/no/buy/index.html%3Fpage%3D1%26edid%3D2B877732-5277-2CC6-D9D2-67E5CDEA4143%26hlv%3D666c7d35-2628-48a7-88f5-6a340a01000f%23v_2017045935 HTTP/1.1" 200 226
104.28.105.24 - - [19/Jun/2024:01:44:29 +0200] "GET /ticket2/opencms/no/buy/?page=1&edid=2B877732-5277-2CC6-D9D2-67E5CDEA4143&hlv=666c7d35-2628-48a7-88f5-6a340a01000f HTTP/1.1" 200 117437
104.28.105.24 - - [19/Jun/2024:01:44:29 +0200] "GET /ticket2/opencms/system/modules/com.gridnine.opencms.ticketbrokerage.site/resources/js/calendar-setup.js HTTP/1.1" 200 4923
104.28.105.24 - - [19/Jun/2024:01:44:29 +0200] "GET /ticket2/opencms/system/modules/com.gridnine.opencms.ticketbrokerage.site/resources/js/calendar-en.js HTTP/1.1" 200 3338
104.28.105.24 - - [19/Jun/2024:01:44:29 +0200] "GET /ticket2/opencms/system/modules/com.gridnine.opencms.ticketbrokerage.site/resources/css/ticketbrokerage.css HTTP/1.1" 200 39339
104.28.105.24 - - [19/Jun/2024:01:44:29 +0200] "GET /ticket2/opencms/system/modules/com.gridnine.opencms.ticketbrokerage.site/resources/css/calendar.css HTTP/1.1" 200 6871
104.28.105.24 - - [19/Jun/2024:01:44:29 +0200] "GET /ticket2/opencms/system/modules/com.gridnine.opencms.ticketbrokerage.site/resources/css/standard.css HTTP/1.1" 200 71935
104.28.105.24 - - [19/Jun/2024:01:44:29 +0200] "GET /ticket2/opencms/system/modules/com.gridnine.opencms.ticketbrokerage.site/resources/js/functions.js HTTP/1.1" 200 1583
104.28.105.24 - - [19/Jun/2024:01:44:29 +0200] "GET /ticket2/opencms/system/modules/com.gridnine.opencms.ticketbrokerage.site/resources/js/standard.js HTTP/1.1" 200 3978
104.28.105.24 - - [19/Jun/2024:01:44:29 +0200] "GET /ticket2/opencms/system/modules/com.gridnine.opencms.ticketbrokerage.site/resources/js/jquery/jquery-ui.js HTTP/1.1" 200 228088
104.28.105.24 - - [19/Jun/2024:01:44:29 +0200] "GET /ticket2/opencms/system/modules/com.gridnine.opencms.ticketbrokerage.site/resources/js/jquery.fancybox.pack.js HTTP/1.1" 200 23187
104.28.105.24 - - [19/Jun/2024:01:44:29 +0200] "GET /ticket2/opencms/system/modules/com.gridnine.opencms.ticketbrokerage.site/resources/js/stickyfill.min.js HTTP/1.1" 200 5672
104.28.105.24 - - [19/Jun/2024:01:44:29 +0200] "GET /ticket2/opencms/system/modules/com.gridnine.opencms.ticketbrokerage.site/resources/js/calendar.js HTTP/1.1" 200 49229
104.28.105.24 - - [19/Jun/2024:01:44:29 +0200] "GET /ticket2/opencms/system/modules/com.gridnine.opencms.ticketbrokerage.site/resources/js/jquery.placeholder.min.js HTTP/1.1" 200 1737
37.123.143.245 - - [19/Jun/2024:01:44:29 +0200] "POST /ticket2/opencms/system/workplace/editors/editor.jsp?editastext=true HTTP/1.1" 200 858
104.28.105.24 - - [19/Jun/2024:01:44:29 +0200] "GET /ticket2/opencms/system/modules/com.gridnine.opencms.ticketbrokerage.site/resources/js/common-ajax.js HTTP/1.1" 200 20175
104.28.105.24 - - [19/Jun/2024:01:44:29 +0200] "GET /ticket2/opencms/img/insta.png HTTP/1.1" 200 3967
37.123.143.245 - - [19/Jun/2024:01:44:29 +0200] "GET /ticket2/opencms/system/workplace/editors/editor_main.jsp?resourcelist=&editastext=true&resource=%2Fadmin%2Fautomail%2Fdeposit_received.xml HTTP/1.1" 200 41923
37.123.143.245 - - [19/Jun/2024:01:44:29 +0200] "GET /ticket2/opencms/system/workplace/views/top_foot.jsp HTTP/1.1" 200 1211
37.123.143.245 - - [19/Jun/2024:01:44:29 +0200] "GET /ticket2/opencms/system/workplace/commons/style/workplace.css HTTP/1.1" 200 14209
104.28.105.24 - - [19/Jun/2024:01:44:29 +0200] "GET /ticket2/opencms/no/ask-form.html HTTP/1.1" 200 2919
104.28.105.24 - - [19/Jun/2024:01:44:29 +0200] "GET /ticket2/opencms/img/icons/no.png HTTP/1.1" 200 1958
37.123.143.245 - - [19/Jun/2024:01:44:29 +0200] "GET /ticket2/opencms/system/workplace/commons/style/workplace.css HTTP/1.1" 200 14209
104.28.105.24 - - [19/Jun/2024:01:44:29 +0200] "GET /ticket2/opencms/venue/old_trafford.png HTTP/1.1" 200 89001
104.28.105.24 - - [19/Jun/2024:01:44:29 +0200] "GET /ticket2/opencms/system/modules/com.gridnine.opencms.ticketbrokerage.site/resources/css/ticketbrokerage.css HTTP/1.1" 200 39339
104.28.105.24 - - [19/Jun/2024:01:44:29 +0200] "GET /ticket2/opencms/system/modules/com.gridnine.opencms.ticketbrokerage.site/resources/pics/bank_3_swedbank.png HTTP/1.1" 200 5740
104.28.105.24 - - [19/Jun/2024:01:44:30 +0200] "GET /ticket2/opencms/img/icons/dk.png HTTP/1.1" 200 1706
104.28.105.24 - - [19/Jun/2024:01:44:30 +0200] "GET /ticket2/opencms/system/modules/com.gridnine.opencms.ticketbrokerage.site/resources/pics/bank_5_visa_mastercard.png HTTP/1.1" 200 8196
104.28.105.24 - - [19/Jun/2024:01:44:30 +0200] "GET /ticket2/opencms/img/icons/nl.png HTTP/1.1" 200 1255
104.28.105.24 - - [19/Jun/2024:01:44:30 +0200] "GET /ticket2/opencms/img/icons/en.png HTTP/1.1" 200 2415
104.28.105.24 - - [19/Jun/2024:01:44:30 +0200] "GET /ticket2/opencms/img/icons/de.png HTTP/1.1" 200 1124
104.28.105.24 - - [19/Jun/2024:01:44:30 +0200] "GET /ticket2/opencms/img/icons/se.png HTTP/1.1" 200 1258
104.28.105.24 - - [19/Jun/2024:01:44:30 +0200] "GET /ticket2/opencms/img/mail.png HTTP/1.1" 200 403
104.28.105.24 - - [19/Jun/2024:01:44:30 +0200] "GET /ticket2/opencms/img/icons/fr.png HTTP/1.1" 200 1764
104.28.105.24 - - [19/Jun/2024:01:44:30 +0200] "GET /ticket2/opencms/system/modules/com.gridnine.opencms.ticketbrokerage.site/resources/pics/form_marker.gif HTTP/1.1" 200 43
104.28.105.24 - - [19/Jun/2024:01:44:30 +0200] "GET /ticket2/opencms/system/modules/com.gridnine.opencms.ticketbrokerage.site/resources/css/images/ui-bg_flat_75_ffffff_40x100.png HTTP/1.1" 404 -
104.28.105.24 - - [19/Jun/2024:01:44:30 +0200] "GET /ticket2/opencms/system/modules/com.gridnine.opencms.ticketbrokerage.site/resources/pics/button1_right.gif HTTP/1.1" 200 232
104.28.105.24 - - [19/Jun/2024:01:44:30 +0200] "GET /ticket2/opencms/img/icons/it.png HTTP/1.1" 200 2040
194.247.173.99 - - [19/Jun/2024:01:44:30 +0200] "GET /ticket2/opencms/dk/en/buy/?page=1&edid=F48DCAEC-D88E-D507-BA21-55E711D48483&sortorder=asc&column=section HTTP/1.1" 404 -
194.247.173.99 - - [19/Jun/2024:01:44:36 +0200] "GET /ticket2/opencms/dk/en/buy/?page=1&edid=F4C706FF-B771-A36A-06BB-0F38191F7D62&sortorder=asc&column=row HTTP/1.1" 404 -
85.208.96.193 - - [19/Jun/2024:01:44:41 +0200] "GET /ticket2/opencms/sv/magazine/article?title=brighton-and-hove-albion HTTP/1.1" 200 74699
194.247.173.99 - - [19/Jun/2024:01:44:41 +0200] "GET /ticket2/opencms/dk/en/buy/?page=1&edid=F4C706FF-B771-A36A-06BB-0F38191F7D62&sortorder=asc&column=section HTTP/1.1" 404 -
194.247.173.99 - - [19/Jun/2024:01:44:46 +0200] "GET /ticket2/opencms/dk/en/buy/?page=1&edid=F4EDA942-5BFA-5F02-510A-C207D637F017&sortorder=asc&column=price HTTP/1.1" 404 -
194.247.173.99 - - [19/Jun/2024:01:44:51 +0200] "GET /ticket2/opencms/dk/en/buy/?page=1&edid=F4EDA942-5BFA-5F02-510A-C207D637F017&sortorder=asc&column=row HTTP/1.1" 404 -
194.247.173.99 - - [19/Jun/2024:01:44:57 +0200] "GET /ticket2/opencms/dk/en/buy/?page=1&edid=F4EDA942-5BFA-5F02-510A-C207D637F017&sortorder=asc&column=section HTTP/1.1" 404 -
194.247.173.99 - - [19/Jun/2024:01:45:02 +0200] "GET /ticket2/opencms/dk/en/buy/?page=1&edid=F5457626-650E-91F7-8E0A-573DA573BFB0&sortorder=asc&column=price HTTP/1.1" 404 -
194.247.173.99 - - [19/Jun/2024:01:45:07 +0200] "GET /ticket2/opencms/dk/en/buy/?page=1&edid=F5457626-650E-91F7-8E0A-573DA573BFB0&sortorder=asc&column=row HTTP/1.1" 404 -
85.208.96.196 - - [19/Jun/2024:01:45:10 +0200] "GET /ticket2/opencms/no/sport/fotballsbilletter/serie_a/sassuolo/ HTTP/1.1" 200 73461
194.247.173.99 - - [19/Jun/2024:01:45:12 +0200] "GET /ticket2/opencms/dk/en/buy/?page=1&edid=F5D9FA6B-D079-1465-CABB-C57670C881C2&sortorder=asc&column=price HTTP/1.1" 404 -
194.247.173.99 - - [19/Jun/2024:01:45:18 +0200] "GET /ticket2/opencms/dk/en/buy/?page=1&edid=F5D9FA6B-D079-1465-CABB-C57670C881C2&sortorder=asc&column=row HTTP/1.1" 404 -
194.247.173.99 - - [19/Jun/2024:01:45:23 +0200] "GET /ticket2/opencms/dk/en/buy/?page=1&edid=F5D9FA6B-D079-1465-CABB-C57670C881C2&sortorder=asc&column=section HTTP/1.1" 404 -
114.119.143.145 - - [19/Jun/2024:01:45:26 +0200] "GET /ticket2/opencms/en/sell/?edid=438D4787-1A87-DDE1-7C5B-502516121C4F HTTP/1.1" 302 -
114.119.148.108 - - [19/Jun/2024:01:45:26 +0200] "GET /ticket2/opencms/en/buy/?page=1&edid=DE2CE17E-CF4D-EAEA-BC0F-8ECA229303D7 HTTP/1.1" 200 86753
194.247.173.99 - - [19/Jun/2024:01:45:28 +0200] "GET /ticket2/opencms/dk/en/buy/?page=1&edid=F61A2A71-4492-3768-1967-C586B0069229&sortorder=asc&column=price HTTP/1.1" 404 -
114.119.143.145 - - [19/Jun/2024:01:45:30 +0200] "GET /ticket2/opencms/en/login/?url=/en/sell/ HTTP/1.1" 200 73431
45.128.232.152 - - [19/Jun/2024:01:45:33 +0200] "CONNECT example.com:443 HTTP/1.1" 400 -
45.128.232.152 - - [19/Jun/2024:01:45:53 +0200] "??"!"?,?0????????+?/??$?(k?#?'g?" 400 -
134.209.237.64 - - [19/Jun/2024:22:42:30 +0200] "GET /solr/admin/cores?action=STATUS&wt=json HTTP/1.1" 404 -
52.167.144.233 - - [19/Jun/2024:22:42:30 +0200] "GET /ticket2/opencms/en/buy?page=1&edid=5CA6204E-B944-1C9C-2A91-E87C8D0203BC HTTP/1.1" 200 109968
90.224.86.221 - - [19/Jun/2024:22:42:30 +0200] "GET /ticket2/opencms/nl/buy?page=2&sodvid=666c5df3-abc4-4f04-b762-4f0e0a01000f HTTP/1.1" 200 96245
90.224.86.221 - - [19/Jun/2024:22:42:31 +0200] "GET /ticket2/opencms/system/modules/com.gridnine.opencms.ticketbrokerage.site/resources/css/ticketbrokerage.css HTTP/1.1" 200 39339
90.224.86.221 - - [19/Jun/2024:22:42:31 +0200] "GET /ticket2/opencms/system/modules/com.gridnine.opencms.ticketbrokerage.site/resources/css/calendar.css HTTP/1.1" 200 6871
90.224.86.221 - - [19/Jun/2024:22:42:31 +0200] "GET /ticket2/opencms/system/modules/com.gridnine.opencms.ticketbrokerage.site/resources/css/standard.css HTTP/1.1" 200 71935
90.224.86.221 - - [19/Jun/2024:22:42:31 +0200] "GET /ticket2/opencms/system/modules/com.gridnine.opencms.ticketbrokerage.site/resources/js/functions.js HTTP/1.1" 200 1583
90.224.86.221 - - [19/Jun/2024:22:42:31 +0200] "GET /ticket2/opencms/system/modules/com.gridnine.opencms.ticketbrokerage.site/resources/js/calendar-en.js HTTP/1.1" 200 3338
90.224.86.221 - - [19/Jun/2024:22:42:31 +0200] "GET /ticket2/opencms/system/modules/com.gridnine.opencms.ticketbrokerage.site/resources/js/calendar-setup.js HTTP/1.1" 200 4923
90.224.86.221 - - [19/Jun/2024:22:42:31 +0200] "GET /ticket2/opencms/system/modules/com.gridnine.opencms.ticketbrokerage.site/resources/js/standard.js HTTP/1.1" 200 3978
90.224.86.221 - - [19/Jun/2024:22:42:31 +0200] "GET /ticket2/opencms/system/modules/com.gridnine.opencms.ticketbrokerage.site/resources/js/calendar.js HTTP/1.1" 200 49229
217.182.175.163 - - [19/Jun/2024:22:42:31 +0200] "GET /ticket2/opencms/en/buy?page=1&edid=DD14CC82-883B-BD06-4306-EBD494AA1804 HTTP/1.1" 200 111379
94.31.102.3 - - [19/Jun/2024:22:42:32 +0200] "GET /ticket2/opencms/sv/buy/?page=1&edid=7F7DD8C0-7B0C-AC46-739A-766B605AE20B&sortorder=desc&column=row HTTP/1.1" 200 89301
217.182.175.163 - - [19/Jun/2024:22:42:33 +0200] "GET /ticket2/opencms/en/buy?page=1&edid=DD282B35-B6B7-ECA0-02E0-90864F5E2B50 HTTP/1.1" 200 105807
94.31.102.3 - - [19/Jun/2024:22:42:35 +0200] "GET /ticket2/opencms/sv/buy/?page=1&edid=7F7DD8C0-7B0C-AC46-739A-766B605AE20B&sortorder=desc&column=section HTTP/1.1" 200 89301
217.182.175.163 - - [19/Jun/2024:22:42:35 +0200] "GET /ticket2/opencms/en/buy?page=1&edid=E1CACBEB-5FB5-F359-D95F-1110648BB53A HTTP/1.1" 200 111492
217.182.175.163 - - [19/Jun/2024:22:42:38 +0200] "GET /ticket2/opencms/en/buy?page=1&edid=E8BA54CC-B112-3D61-BE02-1B4D1E4F63D1 HTTP/1.1" 200 109963
142.93.171.97 - - [19/Jun/2024:22:42:38 +0200] "GET / HTTP/1.0" 404 -
139.59.151.131 - - [19/Jun/2024:22:42:38 +0200] "GET /cgi-bin/authLogin.cgi HTTP/1.1" 404 -
157.230.107.142 - - [19/Jun/2024:22:42:38 +0200] "GET /solr/admin/info/system HTTP/1.1" 404 -
157.230.107.142 - - [19/Jun/2024:22:42:38 +0200] "GET / HTTP/1.1" 404 -
139.59.157.196 - - [19/Jun/2024:22:42:38 +0200] "$ JP&S?,?Q??=? ? ??>?Lg+?,?0????????+?/??$?(k?#?'g?" 400 -
157.230.107.142 - - [19/Jun/2024:22:42:38 +0200] "GET /solr/admin/cores?action=STATUS&wt=json HTTP/1.1" 404 -
94.31.102.3 - - [19/Jun/2024:22:42:38 +0200] "GET /ticket2/opencms/sv/buy/?page=1&edid=7FB0F437-7C59-E915-B16B-7B2C5BCEFA77&sortorder=asc&column=section HTTP/1.1" 200 88598
207.46.13.92 - - [19/Jun/2024:22:42:39 +0200] "GET /ticket2/opencms/en/venue/?countryid=E4BF4299-AF7E-C1CD-3B3B-2AB4B9697C56 HTTP/1.1" 200 100730
52.76.71.100 - - [19/Jun/2024:22:42:39 +0200] "GET /favicon.ico HTTP/1.1" 404 -
217.182.175.163 - - [19/Jun/2024:22:42:40 +0200] "GET /ticket2/opencms/en/buy?page=1&edid=E9DB3A42-82BF-9B65-3ED4-EE5A32871388 HTTP/1.1" 200 106873
217.182.175.163 - - [19/Jun/2024:22:42:42 +0200] "GET /ticket2/opencms/en/buy?page=1&edid=EB41B390-6AF7-F6BB-2724-9D4D4320B605 HTTP/1.1" 200 109963
94.31.102.3 - - [19/Jun/2024:22:42:42 +0200] "GET /ticket2/opencms/sv/buy/?page=1&edid=815DCB9E-7854-5254-8E5A-9B93F8A0FEDB&sortorder=asc&column=price HTTP/1.1" 200 88616
217.182.175.163 - - [19/Jun/2024:22:42:44 +0200] "GET /ticket2/opencms/en/buy?page=1&edid=EE1094B0-5F8D-7F5A-3592-6F4F9BDBF532 HTTP/1.1" 200 115321
94.31.102.3 - - [19/Jun/2024:22:42:46 +0200] "GET /ticket2/opencms/sv/buy/?page=1&edid=815DCB9E-7854-5254-8E5A-9B93F8A0FEDB&sortorder=asc&column=row HTTP/1.1" 200 88616
217.182.175.163 - - [19/Jun/2024:22:42:47 +0200] "GET /ticket2/opencms/en/buy?page=1&edid=F1463EBE-6C18-CF49-B2AE-F79868BCA4F5 HTTP/1.1" 200 116084
94.31.102.3 - - [19/Jun/2024:22:42:49 +0200] "GET /ticket2/opencms/sv/buy/?page=1&edid=81CB16E1-41EB-DE22-295B-27386E73C454 HTTP/1.1" 200 88149
217.182.175.163 - - [19/Jun/2024:22:42:49 +0200] "GET /ticket2/opencms/en/buy?page=1&edid=F75A8704-39CC-1233-9E9B-2121B4DFC51E HTTP/1.1" 200 113358
217.182.175.163 - - [19/Jun/2024:22:42:52 +0200] "GET /ticket2/opencms/en/buy?page=1&edid=F78B03FA-4A60-BDC0-B4DA-96975C817683 HTTP/1.1" 200 115322
94.31.102.3 - - [19/Jun/2024:22:42:52 +0200] "GET /ticket2/opencms/sv/buy/?page=1&edid=82016DAC-0EF2-ED96-7CF6-C55FAF2A2BCC&sortorder=asc&column=price HTTP/1.1" 200 89142
217.182.175.163 - - [19/Jun/2024:22:42:54 +0200] "GET /ticket2/opencms/en/buy?page=1&edid=FD4DCA3B-ED43-1043-8648-63C229A27832 HTTP/1.1" 200 115319
217.182.175.38 - - [19/Jun/2024:22:42:54 +0200] "GET /ticket2/opencms/dk/no/buy/?page=1&edid=83B7F88A-EA39-5C0D-D54C-4ED18D035B7A HTTP/1.1" 404 -
94.31.102.3 - - [19/Jun/2024:22:42:56 +0200] "GET /ticket2/opencms/sv/buy/?page=1&edid=82016DAC-0EF2-ED96-7CF6-C55FAF2A2BCC&sortorder=asc&column=row HTTP/1.1" 200 89142
217.182.175.163 - - [19/Jun/2024:22:42:57 +0200] "GET /ticket2/opencms/en/buy?page=1&edid=FDC70D4B-A88B-5334-5A88-AC1F94FAEBF8 HTTP/1.1" 200 109962
66.249.77.65 - - [19/Jun/2024:22:42:58 +0200] "GET /ticket2/opencms/es/buy/?comcatid=A17713B6-D984-201A-4143-ED4DB5ED5C2E&catid=FF8D7FE7-4B09-7305-01C7-2D47F7913EB8 HTTP/1.1" 200 83502
217.182.175.163 - - [19/Jun/2024:22:42:59 +0200] "GET /ticket2/opencms/en/buy?page=1&edid=FDE2CB1B-737B-857F-7431-BD450E7D3BBB HTTP/1.1" 200 111085
94.31.102.3 - - [19/Jun/2024:22:42:59 +0200] "GET /ticket2/opencms/sv/buy/?page=1&edid=82A37505-231E-F9C1-D725-CF8D739AAF42&sortorder=asc&column=row HTTP/1.1" 200 88381
66.249.75.43 - - [19/Jun/2024:22:43:00 +0200] "GET /ticket2/opencms/dk/sport/fodboldbilletter/ HTTP/1.1" 200 75704
217.182.175.163 - - [19/Jun/2024:22:43:02 +0200] "GET /ticket2/opencms/en/sell/?edid=039D4473-D662-2ED5-D620-F30FCE116F43 HTTP/1.1" 302 -
94.31.102.3 - - [19/Jun/2024:22:43:03 +0200] "GET /ticket2/opencms/sv/buy/?page=1&edid=82E5C37F-CC9B-4569-1B88-1DB63DDA58A5&sortorder=asc&column=price HTTP/1.1" 200 88678
217.182.175.163 - - [19/Jun/2024:22:43:06 +0200] "GET /ticket2/opencms/en/login/?edid=039D4473-D662-2ED5-D620-F30FCE116F43 HTTP/1.1" 200 73431
47.128.122.108 - - [19/Jun/2024:22:43:06 +0200] "GET /ticket2/opencms/fi/venue/?venueid=FA1F63EA-EA54-4899-F30D-0FB3D87C3647 HTTP/1.1" 200 72969
94.31.102.3 - - [19/Jun/2024:22:43:06 +0200] "GET /ticket2/opencms/sv/buy/?page=1&edid=85B29FAD-044B-938D-F50F-C0AC3A9123CD&sortorder=desc&column=price HTTP/1.1" 200 87531
47.128.122.108 - - [19/Jun/2024:22:43:09 +0200] "GET /ticket2/opencms/system/modules/com.gridnine.opencms.ticketbrokerage.site/resources/pics/logo-new.png HTTP/1.1" 200 13541
47.128.122.108 - - [19/Jun/2024:22:43:09 +0200] "GET /ticket2/opencms/system/modules/com.gridnine.opencms.ticketbrokerage.site/resources/pics/bank_4_seb.png HTTP/1.1" 200 2487
47.128.122.108 - - [19/Jun/2024:22:43:09 +0200] "GET /ticket2/opencms/venue/hockeyarena.gif HTTP/1.1" 200 48613
47.128.122.108 - - [19/Jun/2024:22:43:09 +0200] "GET /ticket2/opencms/system/modules/com.gridnine.opencms.ticketbrokerage.site/resources/pics/bank_3_swedbank.png HTTP/1.1" 200 5740
47.128.122.108 - - [19/Jun/2024:22:43:09 +0200] "GET /ticket2/opencms/system/modules/com.gridnine.opencms.ticketbrokerage.site/resources/pics/bank_1_nordea.png HTTP/1.1" 200 4807
94.31.102.3 - - [19/Jun/2024:22:43:10 +0200] "GET /ticket2/opencms/sv/buy/?page=1&edid=85B29FAD-044B-938D-F50F-C0AC3A9123CD&sortorder=desc&column=row HTTP/1.1" 200 87531
47.128.122.108 - - [19/Jun/2024:22:43:10 +0200] "GET /ticket2/opencms/system/modules/com.gridnine.opencms.ticketbrokerage.site/resources/pics/bank_2_handelsbanken.png HTTP/1.1" 200 4509
217.182.175.163 - - [19/Jun/2024:22:43:10 +0200] "GET /ticket2/opencms/en/sell/?edid=077A4D05-90D5-AF2A-B689-A4F52E73EBA2 HTTP/1.1" 302 -
47.128.122.108 - - [19/Jun/2024:22:43:10 +0200] "GET /ticket2/opencms/system/modules/com.gridnine.opencms.ticketbrokerage.site/resources/pics/bank_5_visa_mastercard.png HTTP/1.1" 200 8196
47.128.122.108 - - [19/Jun/2024:22:43:10 +0200] "GET /ticket2/opencms/system/modules/com.gridnine.opencms.ticketbrokerage.site/resources/pics/bank_6_american_express.png HTTP/1.1" 200 5570
94.31.102.3 - - [19/Jun/2024:22:43:13 +0200] "GET /ticket2/opencms/sv/buy/?page=1&edid=85B29FAD-044B-938D-F50F-C0AC3A9123CD&sortorder=desc&column=section HTTP/1.1" 200 87531
217.182.175.163 - - [19/Jun/2024:22:43:13 +0200] "GET /ticket2/opencms/en/login/?edid=077A4D05-90D5-AF2A-B689-A4F52E73EBA2 HTTP/1.1" 200 73431
94.31.102.3 - - [19/Jun/2024:22:43:17 +0200] "GET /ticket2/opencms/sv/buy/?page=1&edid=8658E1FC-AEE0-692C-386F-78725205AC72&sortorder=desc&column=row HTTP/1.1" 200 88614
217.182.175.163 - - [19/Jun/2024:22:43:18 +0200] "GET /ticket2/opencms/en/sell/?edid=0F9D6B87-FBA2-98F6-6A11-CBBA4D2A86C1 HTTP/1.1" 302 -
40.77.167.62 - - [19/Jun/2024:22:43:18 +0200] "GET /ticket2/opencms/sv/sport/fotbollsbiljetter/premier_league/liverpool/ HTTP/1.1" 200 84934
94.31.102.3 - - [19/Jun/2024:22:43:20 +0200] "GET /ticket2/opencms/sv/buy/?page=1&edid=8658E1FC-AEE0-692C-386F-78725205AC72&sortorder=desc&column=section HTTP/1.1" 200 88614
217.182.175.163 - - [19/Jun/2024:22:43:22 +0200] "GET /ticket2/opencms/en/login/?edid=0F9D6B87-FBA2-98F6-6A11-CBBA4D2A86C1 HTTP/1.1" 200 73431
217.182.175.163 - - [19/Jun/2024:22:43:26 +0200] "GET /ticket2/opencms/en/sell/?edid=10C00DD9-2619-A832-C970-E24EDAAD57C7 HTTP/1.1" 302 -
40.77.167.41 - - [19/Jun/2024:22:43:27 +0200] "GET /ticket2/opencms/se/sv/venue/?countryid=9F976644-D811-1E5C-8CA5-C3CE6B3B71EB HTTP/1.1" 404 -
217.182.175.163 - - [19/Jun/2024:22:43:30 +0200] "GET /ticket2/opencms/en/login/?edid=10C00DD9-2619-A832-C970-E24EDAAD57C7 HTTP/1.1" 200 73431
217.182.175.163 - - [19/Jun/2024:22:43:33 +0200] "GET /ticket2/opencms/en/sell/?edid=145F87FE-BCE7-15CF-CE4F-3702933DA737 HTTP/1.1" 302 -
217.182.175.163 - - [19/Jun/2024:22:43:37 +0200] "GET /ticket2/opencms/en/login/?edid=145F87FE-BCE7-15CF-CE4F-3702933DA737 HTTP/1.1" 200 73431
114.119.135.169 - - [19/Jun/2024:22:43:39 +0200] "GET /ticket2/opencms/en/buy/?page=1&edid=7DC826F0-98C8-2BE2-03D7-B9ADA43AB965 HTTP/1.1" 200 86696
216.244.66.196 - - [19/Jun/2024:22:43:40 +0200] "GET /ticket2/opencms/robots.txt HTTP/1.1" 200 773
217.182.175.163 - - [19/Jun/2024:22:43:41 +0200] "GET /ticket2/opencms/en/sell/?edid=16436A63-E7D4-DEDF-5835-AB72708D4247 HTTP/1.1" 302 -
217.182.175.163 - - [19/Jun/2024:22:43:45 +0200] "GET /ticket2/opencms/en/login/?edid=16436A63-E7D4-DEDF-5835-AB72708D4247 HTTP/1.1" 200 73431
90.224.86.221 - - [19/Jun/2024:22:43:46 +0200] "GET /ticket2/opencms/admin/index.html?page=7&npage=1&st=com.gridnine.ticketbrokerage.PurchaseTransactionWorkflow$Pending HTTP/1.1" 200 24539
