135.181.213.220 - - [19/Jun/2024:23:55:16 +0200] "GET /ticket2/opencms/dk/en/buy/?page=1&edid=5B004ED5-15FD-EC78-6553-2B09565E5F76&sortorder=desc&column=row HTTP/1.1" 404 -
114.119.140.175 - - [19/Jun/2024:23:55:17 +0200] "GET /ticket2/opencms/en/buy/?page=6&comcatid=A17713B6-D984-201A-4143-ED4DB5ED5C2E HTTP/1.1" 200 302898
135.181.213.220 - - [19/Jun/2024:23:55:21 +0200] "GET /ticket2/opencms/dk/en/buy/?page=1&edid=5B004ED5-15FD-EC78-6553-2B09565E5F76&sortorder=desc&column=section HTTP/1.1" 404 -
85.208.96.194 - - [19/Jun/2024:23:55:24 +0200] "GET /ticket2/opencms/fr/magazine/article?title=brentford-fc HTTP/1.1" 200 74522
135.181.213.220 - - [19/Jun/2024:23:55:26 +0200] "GET /ticket2/opencms/dk/en/buy/?page=1&edid=5C822312-AD78-519B-498C-5A897678D6CE&sortorder=asc&column=row HTTP/1.1" 404 -
135.181.213.220 - - [19/Jun/2024:23:55:31 +0200] "GET /ticket2/opencms/dk/en/buy/?page=1&edid=5D2B942D-E9BA-4D3F-DE6E-6DFF5E3DD5B2&sortorder=asc&column=price HTTP/1.1" 404 -
135.181.213.220 - - [19/Jun/2024:23:55:35 +0200] "GET /ticket2/opencms/dk/en/buy/?page=1&edid=5D2B942D-E9BA-4D3F-DE6E-6DFF5E3DD5B2&sortorder=asc&column=row HTTP/1.1" 404 -
135.181.213.220 - - [19/Jun/2024:23:55:41 +0200] "GET /ticket2/opencms/dk/en/buy/?page=1&edid=5D2B942D-E9BA-4D3F-DE6E-6DFF5E3DD5B2&sortorder=asc&column=section HTTP/1.1" 404 -
135.181.213.220 - - [19/Jun/2024:23:55:45 +0200] "GET /ticket2/opencms/dk/en/buy/?page=1&edid=5D3490F3-F839-2240-D769-03196FCF2397&sortorder=desc&column=section HTTP/1.1" 404 -
135.181.213.220 - - [19/Jun/2024:23:55:50 +0200] "GET /ticket2/opencms/dk/en/buy/?page=1&edid=5D9F4E02-B2F1-ABA6-EDB5-F9404644FB92&sortorder=asc&column=price HTTP/1.1" 404 -
135.181.213.220 - - [19/Jun/2024:23:55:55 +0200] "GET /ticket2/opencms/dk/en/buy/?page=1&edid=5D9F4E02-B2F1-ABA6-EDB5-F9404644FB92&sortorder=asc&column=row HTTP/1.1" 404 -
66.249.77.78 - - [19/Jun/2024:23:55:59 +0200] "GET /ticket2/opencms/nl/buy/?page=6&comcatid=A17713B6-D984-201A-4143-ED4DB5ED5C2E&catid=BDD8C04C-DD99-1C07-B5F3-F2AB98D157E8 HTTP/1.1" 200 81832
135.181.213.220 - - [19/Jun/2024:23:56:00 +0200] "GET /ticket2/opencms/dk/en/buy/?page=1&edid=5E7075CA-ADD6-855D-E5E9-3825C6C9A47D&sortorder=asc&column=section HTTP/1.1" 404 -
135.181.213.220 - - [19/Jun/2024:23:56:05 +0200] "GET /ticket2/opencms/dk/en/buy/?page=1&edid=5EB17A6A-6AE7-FC99-11C0-58EEC48CD9E4&sortorder=asc&column=price HTTP/1.1" 404 -
90.224.86.221 - - [19/Jun/2024:23:56:06 +0200] "GET /ticket2/opencms/admin/index.html?page=7&st=com.gridnine.ticketbrokerage.PurchaseTransactionWorkflow$PayReserved&resc=false HTTP/1.1" 200 25482
90.224.86.221 - - [19/Jun/2024:23:56:06 +0200] "GET /ticket2/opencms/system/modules/com.gridnine.opencms.ticketbrokerage.site/resources/css/ticketbrokerage.css HTTP/1.1" 200 39339
90.224.86.221 - - [19/Jun/2024:23:56:06 +0200] "GET /ticket2/opencms/system/modules/com.gridnine.opencms.ticketbrokerage.site/resources/js/standard.js HTTP/1.1" 200 3978
90.224.86.221 - - [19/Jun/2024:23:56:06 +0200] "GET /ticket2/opencms/system/modules/com.gridnine.opencms.ticketbrokerage.site/resources/js/calendar.js HTTP/1.1" 200 49229
90.224.86.221 - - [19/Jun/2024:23:56:06 +0200] "GET /ticket2/opencms/system/modules/com.gridnine.opencms.ticketbrokerage.site/resources/css/calendar.css HTTP/1.1" 200 6871
90.224.86.221 - - [19/Jun/2024:23:56:06 +0200] "GET /ticket2/opencms/system/modules/com.gridnine.opencms.ticketbrokerage.site/resources/css/standard.css HTTP/1.1" 200 71935
90.224.86.221 - - [19/Jun/2024:23:56:06 +0200] "GET /ticket2/opencms/system/modules/com.gridnine.opencms.ticketbrokerage.site/resources/js/calendar-setup.js HTTP/1.1" 200 4923
90.224.86.221 - - [19/Jun/2024:23:56:06 +0200] "GET /ticket2/opencms/system/modules/com.gridnine.opencms.ticketbrokerage.site/resources/js/calendar-en.js HTTP/1.1" 200 3338
90.224.86.221 - - [19/Jun/2024:23:56:06 +0200] "GET /ticket2/opencms/system/modules/com.gridnine.opencms.ticketbrokerage.site/resources/js/functions.js HTTP/1.1" 200 1583
135.181.213.220 - - [19/Jun/2024:23:56:10 +0200] "GET /ticket2/opencms/dk/en/buy/?page=1&edid=5EB17A6A-6AE7-FC99-11C0-58EEC48CD9E4&sortorder=asc&column=row HTTP/1.1" 404 -
114.119.148.160 - - [19/Jun/2024:23:56:14 +0200] "GET /ticket2/opencms/en/buy?page=1&edid=65059A8E-0270-E807-1615-CAFF9CC3A29A HTTP/1.1" 200 86697
135.181.213.220 - - [19/Jun/2024:23:56:15 +0200] "GET /ticket2/opencms/dk/en/buy/?page=1&edid=5EB17A6A-6AE7-FC99-11C0-58EEC48CD9E4&sortorder=asc&column=section HTTP/1.1" 404 -
135.181.213.220 - - [19/Jun/2024:23:56:20 +0200] "GET /ticket2/opencms/dk/en/buy/?page=1&edid=5ED75CD2-9191-AE23-203F-3578F948EEC6&sortorder=asc&column=price HTTP/1.1" 404 -
135.181.213.220 - - [19/Jun/2024:23:56:25 +0200] "GET /ticket2/opencms/dk/en/buy/?page=1&edid=5ED75CD2-9191-AE23-203F-3578F948EEC6&sortorder=asc&column=row HTTP/1.1" 404 -
135.181.213.220 - - [19/Jun/2024:23:56:30 +0200] "GET /ticket2/opencms/dk/en/buy/?page=1&edid=5ED75CD2-9191-AE23-203F-3578F948EEC6&sortorder=asc&column=section HTTP/1.1" 404 -
47.128.21.163 - - [19/Jun/2024:23:56:35 +0200] "GET /ticket2/opencms/fi/venue/?venueid=E9F5770B-3667-B4E4-5868-1FB30676C8DC HTTP/1.1" 200 72905
135.181.213.220 - - [19/Jun/2024:23:56:35 +0200] "GET /ticket2/opencms/dk/en/buy/?page=1&edid=5EE257CD-6CFD-C3AA-E97B-8BF12044F3A7&sortorder=asc&column=price HTTP/1.1" 404 -
47.128.21.163 - - [19/Jun/2024:23:56:36 +0200] "GET /ticket2/opencms/system/modules/com.gridnine.opencms.ticketbrokerage.site/resources/pics/logo-new.png HTTP/1.1" 200 13541
47.128.21.163 - - [19/Jun/2024:23:56:36 +0200] "GET /ticket2/opencms/system/modules/com.gridnine.opencms.ticketbrokerage.site/resources/pics/bank_5_visa_mastercard.png HTTP/1.1" 200 8196
47.128.21.163 - - [19/Jun/2024:23:56:37 +0200] "GET /ticket2/opencms/system/modules/com.gridnine.opencms.ticketbrokerage.site/resources/pics/bank_1_nordea.png HTTP/1.1" 200 4807
47.128.21.163 - - [19/Jun/2024:23:56:37 +0200] "GET /ticket2/opencms/system/modules/com.gridnine.opencms.ticketbrokerage.site/resources/pics/bank_2_handelsbanken.png HTTP/1.1" 200 4509
47.128.21.163 - - [19/Jun/2024:23:56:37 +0200] "GET /ticket2/opencms/system/modules/com.gridnine.opencms.ticketbrokerage.site/resources/pics/bank_4_seb.png HTTP/1.1" 200 2487
47.128.21.163 - - [19/Jun/2024:23:56:37 +0200] "GET /ticket2/opencms/system/modules/com.gridnine.opencms.ticketbrokerage.site/resources/pics/bank_3_swedbank.png HTTP/1.1" 200 5740
47.128.21.163 - - [19/Jun/2024:23:56:37 +0200] "GET /ticket2/opencms/system/modules/com.gridnine.opencms.ticketbrokerage.site/resources/pics/bank_6_american_express.png HTTP/1.1" 200 5570
135.181.213.220 - - [19/Jun/2024:23:56:40 +0200] "GET /ticket2/opencms/dk/en/buy/?page=1&edid=5EE257CD-6CFD-C3AA-E97B-8BF12044F3A7&sortorder=asc&column=row HTTP/1.1" 404 -
135.181.213.220 - - [19/Jun/2024:23:56:45 +0200] "GET /ticket2/opencms/dk/en/buy/?page=1&edid=5EE257CD-6CFD-C3AA-E97B-8BF12044F3A7&sortorder=asc&column=section HTTP/1.1" 404 -
135.181.213.220 - - [19/Jun/2024:23:56:50 +0200] "GET /ticket2/opencms/dk/en/buy/?page=1&edid=5F579D46-41AA-50D0-CB53-48A39589CA74&sortorder=asc&column=price HTTP/1.1" 404 -
37.123.143.245 - - [19/Jun/2024:23:56:52 +0200] "GET /ticket2/opencms/system/workplace/views/top_foot.jsp?wpFrame=foot HTTP/1.1" 200 1211
37.123.143.245 - - [19/Jun/2024:23:56:52 +0200] "GET /ticket2/opencms/system/workplace/commons/style/workplace.css HTTP/1.1" 200 14209
114.119.138.151 - - [19/Jun/2024:23:56:53 +0200] "GET /ticket2/opencms/en/buy/?page=1&edid=CA077AEC-EA2A-DC5F-1E89-C73E447318A2 HTTP/1.1" 200 85189
135.181.213.220 - - [19/Jun/2024:23:56:55 +0200] "GET /ticket2/opencms/dk/en/buy/?page=1&edid=5F579D46-41AA-50D0-CB53-48A39589CA74&sortorder=asc&column=row HTTP/1.1" 404 -
135.181.213.220 - - [19/Jun/2024:23:57:00 +0200] "GET /ticket2/opencms/dk/en/buy/?page=1&edid=5F579D46-41AA-50D0-CB53-48A39589CA74&sortorder=asc&column=section HTTP/1.1" 404 -
135.181.213.220 - - [19/Jun/2024:23:57:05 +0200] "GET /ticket2/opencms/dk/en/buy/?page=1&edid=5F5BB855-5D9E-1E2C-72A6-69354D1848B9&sortorder=asc&column=row HTTP/1.1" 404 -
135.181.213.220 - - [19/Jun/2024:23:57:10 +0200] "GET /ticket2/opencms/dk/en/buy/?page=1&edid=5F93E8E8-0A3C-E7C6-799E-7FAC313A5B3D&sortorder=asc&column=row HTTP/1.1" 404 -
135.181.213.220 - - [19/Jun/2024:23:57:15 +0200] "GET /ticket2/opencms/dk/en/buy/?page=1&edid=5FD7F878-D2A8-175B-E350-C7562F147410&sortorder=asc&column=row HTTP/1.1" 404 -
135.181.213.220 - - [19/Jun/2024:23:57:20 +0200] "GET /ticket2/opencms/dk/en/buy/?page=1&edid=5FD7F878-D2A8-175B-E350-C7562F147410&sortorder=asc&column=section HTTP/1.1" 404 -
177.245.193.135 - - [19/Jun/2024:23:57:23 +0200] "GET /ticket2/opencms/semalt.com/ HTTP/1.1" 404 -
135.181.213.220 - - [19/Jun/2024:23:57:24 +0200] "GET /ticket2/opencms/dk/en/buy/?page=1&edid=60532372-36DE-90FC-6B04-5789BEA27CC4&sortorder=asc&column=price HTTP/1.1" 404 -
135.181.213.220 - - [19/Jun/2024:23:57:29 +0200] "GET /ticket2/opencms/dk/en/buy/?page=1&edid=60532372-36DE-90FC-6B04-5789BEA27CC4&sortorder=asc&column=row HTTP/1.1" 404 -
135.181.213.220 - - [19/Jun/2024:23:57:34 +0200] "GET /ticket2/opencms/dk/en/buy/?page=1&edid=60532372-36DE-90FC-6B04-5789BEA27CC4&sortorder=asc&column=section HTTP/1.1" 404 -
114.119.136.109 - - [19/Jun/2024:23:57:38 +0200] "GET /ticket2/opencms/en/buy/?page=1&edid=9F816199-B4A6-FFAD-81E4-AF2B5EAA24D6 HTTP/1.1" 200 86945
135.181.213.220 - - [19/Jun/2024:23:57:39 +0200] "GET /ticket2/opencms/dk/en/buy/?page=1&edid=607687AD-E596-8AB3-58F5-4D7558057EF1&sortorder=asc&column=price HTTP/1.1" 404 -
135.181.213.220 - - [19/Jun/2024:23:57:44 +0200] "GET /ticket2/opencms/dk/en/buy/?page=1&edid=607687AD-E596-8AB3-58F5-4D7558057EF1&sortorder=asc&column=row HTTP/1.1" 404 -
135.181.213.220 - - [19/Jun/2024:23:57:49 +0200] "GET /ticket2/opencms/dk/en/buy/?page=1&edid=607687AD-E596-8AB3-58F5-4D7558057EF1&sortorder=asc&column=section HTTP/1.1" 404 -
135.181.213.220 - - [19/Jun/2024:23:57:54 +0200] "GET /ticket2/opencms/dk/en/buy/?page=1&edid=60D43F42-D1EF-C1AD-08FA-36635BC6C8AF&sortorder=asc&column=price HTTP/1.1" 404 -
135.181.213.220 - - [19/Jun/2024:23:57:59 +0200] "GET /ticket2/opencms/dk/en/buy/?page=1&edid=60D43F42-D1EF-C1AD-08FA-36635BC6C8AF&sortorder=asc&column=row HTTP/1.1" 404 -
135.181.213.220 - - [19/Jun/2024:23:58:04 +0200] "GET /ticket2/opencms/dk/en/buy/?page=1&edid=60D43F42-D1EF-C1AD-08FA-36635BC6C8AF&sortorder=asc&column=section HTTP/1.1" 404 -
135.181.213.220 - - [19/Jun/2024:23:58:09 +0200] "GET /ticket2/opencms/dk/en/buy/?page=1&edid=61A920BB-7501-6BA5-BF61-F395A116E7BC&sortorder=desc&column=price HTTP/1.1" 404 -
135.181.213.220 - - [19/Jun/2024:23:58:13 +0200] "GET /ticket2/opencms/dk/en/buy/?page=1&edid=61C23625-4DC8-71C0-2E4C-7B57A56D449E&sortorder=asc&column=price HTTP/1.1" 404 -
135.181.213.220 - - [19/Jun/2024:23:58:18 +0200] "GET /ticket2/opencms/dk/en/buy/?page=1&edid=620907EC-3A39-4A79-FEFF-F2397A9221F9&sortorder=asc&column=price HTTP/1.1" 404 -
135.181.213.220 - - [19/Jun/2024:23:58:23 +0200] "GET /ticket2/opencms/dk/en/buy/?page=1&edid=620907EC-3A39-4A79-FEFF-F2397A9221F9&sortorder=asc&column=row HTTP/1.1" 404 -
135.181.213.220 - - [19/Jun/2024:23:58:28 +0200] "GET /ticket2/opencms/dk/en/buy/?page=1&edid=620907EC-3A39-4A79-FEFF-F2397A9221F9&sortorder=asc&column=section HTTP/1.1" 404 -
185.191.171.3 - - [19/Jun/2024:23:58:31 +0200] "GET /ticket2/opencms/it/magazine/article?title=la-liga-real-madrid-ha-vinto-piu-titoli HTTP/1.1" 200 76591
114.119.129.235 - - [19/Jun/2024:23:58:33 +0200] "GET /ticket2/opencms/en/venue/?venueid=AFBD78E8-9F9A-1F1F-0693-EFD155D85FB4 HTTP/1.1" 200 71338
135.181.213.220 - - [19/Jun/2024:23:58:33 +0200] "GET /ticket2/opencms/dk/en/buy/?page=1&edid=62562217-76BA-D78D-2133-BC27A23FFCB8&sortorder=asc&column=row HTTP/1.1" 404 -
135.181.213.220 - - [19/Jun/2024:23:58:38 +0200] "GET /ticket2/opencms/dk/en/buy/?page=1&edid=627EB4E4-AE9C-FF01-C3B4-87668CB2F4A5&sortorder=asc&column=price HTTP/1.1" 404 -
135.181.213.220 - - [19/Jun/2024:23:58:42 +0200] "GET /ticket2/opencms/dk/en/buy/?page=1&edid=62AFF885-1ED6-9E4D-919B-D2AE6BC8EB02&sortorder=desc&column=price HTTP/1.1" 404 -
135.181.213.220 - - [19/Jun/2024:23:58:47 +0200] "GET /ticket2/opencms/dk/en/buy/?page=1&edid=63198291-7B51-5C06-A4B8-F136F690F083&sortorder=desc&column=section HTTP/1.1" 404 -
135.181.213.220 - - [19/Jun/2024:23:58:52 +0200] "GET /ticket2/opencms/dk/en/buy/?page=1&edid=63896850-13C8-8957-A8F3-B8A345840B32&sortorder=asc&column=price HTTP/1.1" 404 -
47.128.23.122 - - [19/Jun/2024:23:58:52 +0200] "GET /ticket2/opencms/fi/venue/?countryid=656DB01E-8560-3560-F23F-27BC90E7C03C HTTP/1.1" 200 102292
47.128.23.122 - - [19/Jun/2024:23:58:53 +0200] "GET /ticket2/opencms/system/modules/com.gridnine.opencms.ticketbrokerage.site/resources/pics/logo-new.png HTTP/1.1" 200 13541
47.128.23.122 - - [19/Jun/2024:23:58:54 +0200] "GET /ticket2/opencms/system/modules/com.gridnine.opencms.ticketbrokerage.site/resources/pics/bank_1_nordea.png HTTP/1.1" 200 4807
47.128.23.122 - - [19/Jun/2024:23:58:54 +0200] "GET /ticket2/opencms/system/modules/com.gridnine.opencms.ticketbrokerage.site/resources/pics/bank_2_handelsbanken.png HTTP/1.1" 200 4509
47.128.23.122 - - [19/Jun/2024:23:58:54 +0200] "GET /ticket2/opencms/system/modules/com.gridnine.opencms.ticketbrokerage.site/resources/pics/bank_3_swedbank.png HTTP/1.1" 200 5740
47.128.23.122 - - [19/Jun/2024:23:58:55 +0200] "GET /ticket2/opencms/system/modules/com.gridnine.opencms.ticketbrokerage.site/resources/pics/bank_5_visa_mastercard.png HTTP/1.1" 200 8196
47.128.23.122 - - [19/Jun/2024:23:58:55 +0200] "GET /ticket2/opencms/system/modules/com.gridnine.opencms.ticketbrokerage.site/resources/pics/bank_4_seb.png HTTP/1.1" 200 2487
47.128.23.122 - - [19/Jun/2024:23:58:55 +0200] "GET /ticket2/opencms/system/modules/com.gridnine.opencms.ticketbrokerage.site/resources/pics/bank_6_american_express.png HTTP/1.1" 200 5570
135.181.213.220 - - [19/Jun/2024:23:58:57 +0200] "GET /ticket2/opencms/dk/en/buy/?page=1&edid=63896850-13C8-8957-A8F3-B8A345840B32&sortorder=asc&column=row HTTP/1.1" 404 -
114.119.148.160 - - [19/Jun/2024:23:58:59 +0200] "GET /ticket2/opencms/en/buy/?page=1&edid=541F6EAB-2BE3-BBF9-B129-C716A5E49241 HTTP/1.1" 200 86745
135.181.213.220 - - [19/Jun/2024:23:59:02 +0200] "GET /ticket2/opencms/dk/en/buy/?page=1&edid=63896850-13C8-8957-A8F3-B8A345840B32&sortorder=asc&column=section HTTP/1.1" 404 -
85.208.96.194 - - [19/Jun/2024:23:59:06 +0200] "GET /ticket2/opencms/ru/sport/football/bundesliga/ HTTP/1.1" 500 -
135.181.213.220 - - [19/Jun/2024:23:59:07 +0200] "GET /ticket2/opencms/dk/en/buy/?page=1&edid=6391B8D2-4805-E3DF-858D-572DEDE95203&sortorder=asc&column=row HTTP/1.1" 404 -
216.245.221.83 - - [19/Jun/2024:23:59:08 +0200] "HEAD /ticket2/opencms/ HTTP/1.1" 302 -
44.236.111.156 - - [19/Jun/2024:23:59:08 +0200] "HEAD /ticket2/opencms/dk?gclid=EAIaIQobChMI6MnCsNbohgMV7VakBB2wmwQ9EAEYASAAEgKWs_D_BwE HTTP/1.1" 200 -
44.236.111.156 - - [19/Jun/2024:23:59:09 +0200] "GET /ticket2/opencms/dk?gclid=EAIaIQobChMI6MnCsNbohgMV7VakBB2wmwQ9EAEYASAAEgKWs_D_BwE HTTP/1.1" 200 105496
85.208.96.195 - - [19/Jun/2024:23:59:09 +0200] "GET /ticket2/opencms/robots.txt HTTP/1.1" 200 773
85.208.96.200 - - [19/Jun/2024:23:59:10 +0200] "GET /ticket2/opencms/en/faq/ HTTP/1.1" 200 73988
135.181.213.220 - - [19/Jun/2024:23:59:12 +0200] "GET /ticket2/opencms/dk/en/buy/?page=1&edid=63F89D90-18C1-0E49-05F7-FE97174217E0&sortorder=asc&column=price HTTP/1.1" 404 -
216.245.221.83 - - [19/Jun/2024:23:59:15 +0200] "HEAD /ticket2/opencms/en/ HTTP/1.1" 200 -
135.181.213.220 - - [19/Jun/2024:23:59:17 +0200] "GET /ticket2/opencms/dk/en/buy/?page=1&edid=63F89D90-18C1-0E49-05F7-FE97174217E0&sortorder=asc&column=row HTTP/1.1" 404 -
185.191.171.4 - - [19/Jun/2024:23:59:19 +0200] "GET /ticket2/opencms/dk/login/ HTTP/1.1" 200 73975
135.181.213.220 - - [19/Jun/2024:23:59:22 +0200] "GET /ticket2/opencms/dk/en/buy/?page=1&edid=6400AA31-EA2E-ED5E-ECB8-FC40C4996DA7&sortorder=asc&column=price HTTP/1.1" 404 -
135.181.213.220 - - [19/Jun/2024:23:59:27 +0200] "GET /ticket2/opencms/dk/en/buy/?page=1&edid=6400AA31-EA2E-ED5E-ECB8-FC40C4996DA7&sortorder=asc&column=row HTTP/1.1" 404 -
35.169.60.161 - - [19/Jun/2024:23:59:28 +0200] "HEAD /ticket2/opencms/dk?gclid=EAIaIQobChMIpPq6v4_ohgMVBQB1AR17wgPdEAEYASAAEgJaB_D_BwE HTTP/1.1" 200 -
35.169.60.161 - - [19/Jun/2024:23:59:28 +0200] "GET /ticket2/opencms/dk?gclid=EAIaIQobChMIpPq6v4_ohgMVBQB1AR17wgPdEAEYASAAEgJaB_D_BwE HTTP/1.1" 200 105496
135.181.213.220 - - [19/Jun/2024:23:59:32 +0200] "GET /ticket2/opencms/dk/en/buy/?page=1&edid=641D001A-C01A-D7A7-205C-82BE3A937088&sortorder=asc&column=section HTTP/1.1" 404 -
185.191.171.11 - - [19/Jun/2024:23:59:33 +0200] "GET /ticket2/opencms/fi/urheilu/ HTTP/1.1" 200 74066
216.245.221.83 - - [19/Jun/2024:23:59:33 +0200] "HEAD /ticket2/opencms/ HTTP/1.1" 302 -
216.245.221.83 - - [19/Jun/2024:23:59:34 +0200] "HEAD /ticket2/opencms/en/ HTTP/1.1" 200 -
135.181.213.220 - - [19/Jun/2024:23:59:37 +0200] "GET /ticket2/opencms/dk/en/buy/?page=1&edid=65059A8E-0270-E807-1615-CAFF9CC3A29A&sortorder=asc&column=price HTTP/1.1" 404 -
31.220.87.217 - - [19/Jun/2024:23:59:39 +0200] "GET /ticket2/opencms/dk/en/buy/?page=1&edid=9943DFE7-2BF6-94F3-39CE-A07340F39F5D&sortorder=desc&column=row HTTP/1.1" 404 -
135.181.213.220 - - [19/Jun/2024:23:59:42 +0200] "GET /ticket2/opencms/dk/en/buy/?page=1&edid=671CE644-9201-9B8A-7204-3D3D5A9B0840&sortorder=desc&column=price HTTP/1.1" 404 -
135.181.213.220 - - [19/Jun/2024:23:59:47 +0200] "GET /ticket2/opencms/dk/en/buy/?page=1&edid=671D6D35-C6CF-A718-CE96-A40CDF33711B&sortorder=asc&column=price HTTP/1.1" 404 -
158.220.123.111 - - [19/Jun/2024:23:59:51 +0200] "GET /ticket2/opencms/dk/robots.txt HTTP/1.1" 404 -
135.181.213.220 - - [19/Jun/2024:23:59:52 +0200] "GET /ticket2/opencms/dk/en/buy/?page=1&edid=671D6D35-C6CF-A718-CE96-A40CDF33711B&sortorder=asc&column=row HTTP/1.1" 404 -
158.220.123.111 - - [19/Jun/2024:23:59:55 +0200] "GET /ticket2/opencms/dk/en/buy/?page=1&edid=F32982F9-8DBA-9119-12C3-8C280A2BFA84&sortorder=asc&column=price HTTP/1.1" 404 -
135.181.213.220 - - [19/Jun/2024:23:59:57 +0200] "GET /ticket2/opencms/dk/en/buy/?page=1&edid=671D6D35-C6CF-A718-CE96-A40CDF33711B&sortorder=asc&column=section HTTP/1.1" 404 -
158.220.123.111 - - [19/Jun/2024:23:59:58 +0200] "GET /ticket2/opencms/dk/en/buy/?page=1&edid=F32982F9-8DBA-9119-12C3-8C280A2BFA84&sortorder=asc&column=row HTTP/1.1" 404 -