85.27.201.41 - - [19/Jun/2024:23:45:22 +0200] "GET /ticket2/opencms/system/modules/com.gridnine.opencms.ticketbrokerage.site/resources/js/calendar-en.js HTTP/1.1" 200 3338
85.27.201.41 - - [19/Jun/2024:23:45:22 +0200] "GET /ticket2/opencms/system/modules/com.gridnine.opencms.ticketbrokerage.site/resources/js/standard.js HTTP/1.1" 200 3978
85.27.201.41 - - [19/Jun/2024:23:45:22 +0200] "GET /ticket2/opencms/system/modules/com.gridnine.opencms.ticketbrokerage.site/resources/css/images/ui-bg_flat_75_ffffff_40x100.png HTTP/1.1" 404 -
85.27.201.41 - - [19/Jun/2024:23:45:22 +0200] "GET /ticket2/opencms/dk/ask-form.html HTTP/1.1" 200 2971
85.27.201.41 - - [19/Jun/2024:23:45:22 +0200] "GET /ticket2/opencms/system/modules/com.gridnine.opencms.ticketbrokerage.site/resources/css/ticketbrokerage.css HTTP/1.1" 200 39339
114.119.148.108 - - [19/Jun/2024:23:45:24 +0200] "GET /ticket2/opencms/en/buy/?page=1&edid=E43BD243-BC53-05EF-2493-D8DF1122B8B4 HTTP/1.1" 200 88256
135.181.213.220 - - [19/Jun/2024:23:45:24 +0200] "GET /ticket2/opencms/dk/dk/sport/fodboldbilletter/premier-league/newcastle/ HTTP/1.1" 404 -
52.167.144.184 - - [19/Jun/2024:23:45:26 +0200] "GET /ticket2/opencms/en/buy?page=1&edid=C8E47E46-ADCD-586A-7BE4-CF1C96256B2D HTTP/1.1" 200 111379
135.181.213.220 - - [19/Jun/2024:23:45:29 +0200] "GET /ticket2/opencms/dk/dk/sport/fodboldbilletter/premier-league/southampton/ HTTP/1.1" 404 -
135.181.213.220 - - [19/Jun/2024:23:45:34 +0200] "GET /ticket2/opencms/dk/dk/sport/fodboldbilletter/premier-league/swansea_city/ HTTP/1.1" 404 -
54.36.149.87 - - [19/Jun/2024:23:45:35 +0200] "GET /ticket2/opencms/sv/sport/fotbollsbiljetter/english-championship/ HTTP/1.1" 200 80455
135.181.213.220 - - [19/Jun/2024:23:45:39 +0200] "GET /ticket2/opencms/dk/dk/sport/fodboldbilletter/premier-league/watford/ HTTP/1.1" 404 -
85.208.96.212 - - [19/Jun/2024:23:45:41 +0200] "GET /ticket2/opencms/fi/magazine/article?title=jurgen-klopp-jattaa-liverpoolin-menestystarina-anfieldilla HTTP/1.1" 200 77595
135.181.213.220 - - [19/Jun/2024:23:45:44 +0200] "GET /ticket2/opencms/dk/dk/sport/fodboldbilletter/premier-league/wolverhampton/ HTTP/1.1" 404 -
52.167.144.145 - - [19/Jun/2024:23:45:46 +0200] "GET /ticket2/opencms/en/buy/?page=1&edid=B0B9EEF7-BE5C-51BB-B8C6-90A0B7172389 HTTP/1.1" 200 85197
135.181.213.220 - - [19/Jun/2024:23:45:49 +0200] "GET /ticket2/opencms/dk/dk/venue/?countryid=87A0CCAA-3D1F-51AB-962B-6BBE856D2C40 HTTP/1.1" 404 -
85.208.96.205 - - [19/Jun/2024:23:45:51 +0200] "GET /ticket2/opencms/de/magazine/article?title=haufige-begriffe-im-fussball HTTP/1.1" 200 80757
135.181.213.220 - - [19/Jun/2024:23:45:54 +0200] "GET /ticket2/opencms/dk/dk/venue/?countryid=994C90A3-4106-B64A-E9EB-11D9EC699E18 HTTP/1.1" 404 -
66.249.77.65 - - [19/Jun/2024:23:45:56 +0200] "GET /ticket2/opencms/no/buy/?comcatid=66708183-7480-3365-06BF-DBF60280AB45&catid=30D5812D-0858-4843-8F45-C38AE504153C HTTP/1.1" 200 75087
66.249.77.78 - - [19/Jun/2024:23:45:58 +0200] "GET /ticket2/opencms/es/buy/?comcatid=A17713B6-D984-201A-4143-ED4DB5ED5C2E&catid=D8B345C9-F7A5-E620-4B43-C34EB0D6885B HTTP/1.1" 200 83497
135.181.213.220 - - [19/Jun/2024:23:45:59 +0200] "GET /ticket2/opencms/dk/dk/venue/?countryid=99879305-CFA6-190E-0159-90B37D9BF760 HTTP/1.1" 404 -
54.36.148.17 - - [19/Jun/2024:23:46:01 +0200] "GET /ticket2/opencms/en/search.html?searchQuery=chelsea&submit= HTTP/1.1" 200 114427
135.181.213.220 - - [19/Jun/2024:23:46:02 +0200] "GET /ticket2/opencms/dk/en/buy/?comcatid=A17713B6-D984-201A-4143-ED4DB5ED5C2E&catid=D08E96E8-A514-9E09-4E22-63713911E0B8 HTTP/1.1" 404 -
135.181.213.220 - - [19/Jun/2024:23:46:05 +0200] "GET /ticket2/opencms/dk/en/buy/?page=1&edid=001A924D-51B3-F6EA-12AD-5B5FF406C83C&sortorder=asc&column=row HTTP/1.1" 404 -
135.181.213.220 - - [19/Jun/2024:23:46:08 +0200] "GET /ticket2/opencms/dk/en/buy/?page=1&edid=00E508FC-1033-094A-7EAC-AE9917DCD863&sortorder=asc&column=section HTTP/1.1" 404 -
135.181.213.220 - - [19/Jun/2024:23:46:12 +0200] "GET /ticket2/opencms/dk/en/buy/?page=1&edid=013A3620-61B8-4C37-EC2F-1743972D2160&sortorder=asc&column=price HTTP/1.1" 404 -
135.181.213.220 - - [19/Jun/2024:23:46:15 +0200] "GET /ticket2/opencms/dk/en/buy/?page=1&edid=039E573D-CFC8-6916-76E2-12A531789055&sortorder=asc&column=section HTTP/1.1" 404 -
135.181.213.220 - - [19/Jun/2024:23:46:18 +0200] "GET /ticket2/opencms/dk/en/buy/?page=1&edid=0435AA01-DEED-F5D9-39FC-322BF9B9D7E3&sortorder=asc&column=row HTTP/1.1" 404 -
135.181.213.220 - - [19/Jun/2024:23:46:21 +0200] "GET /ticket2/opencms/dk/en/buy/?page=1&edid=04413630-8EF6-2C5F-D5B5-862DEDA40F72&sortorder=asc&column=section HTTP/1.1" 404 -
135.181.213.220 - - [19/Jun/2024:23:46:24 +0200] "GET /ticket2/opencms/dk/en/buy/?page=1&edid=0477FD06-96DA-B114-0215-1A5B86788F96&sortorder=asc&column=section HTTP/1.1" 404 -
135.181.213.220 - - [19/Jun/2024:23:46:28 +0200] "GET /ticket2/opencms/dk/en/buy/?page=1&edid=04B7A43F-4145-4709-C003-EEEDE827D091&sortorder=asc&column=section HTTP/1.1" 404 -
54.36.148.249 - - [19/Jun/2024:23:46:29 +0200] "GET /ticket2/opencms/dk/buy?page=1&edid=DD14CC82-883B-BD06-4306-EBD494AA1804 HTTP/1.1" 200 111960
135.181.213.220 - - [19/Jun/2024:23:46:31 +0200] "GET /ticket2/opencms/dk/en/buy/?page=1&edid=04C34E9D-F256-F650-C2D1-441B5166F4D0&sortorder=asc&column=section HTTP/1.1" 404 -
135.181.213.220 - - [19/Jun/2024:23:46:34 +0200] "GET /ticket2/opencms/dk/en/buy/?page=1&edid=0526AB7D-1492-E0D1-E5E6-6BADBF530B48&sortorder=asc&column=price HTTP/1.1" 404 -
90.224.86.221 - - [19/Jun/2024:23:46:37 +0200] "GET /ticket2/opencms/admin/index.html?page=7&st=com.gridnine.ticketbrokerage.PurchaseTransactionWorkflow$Confirmed&resc=false HTTP/1.1" 200 48412
90.224.86.221 - - [19/Jun/2024:23:46:37 +0200] "GET /ticket2/opencms/system/modules/com.gridnine.opencms.ticketbrokerage.site/resources/css/calendar.css HTTP/1.1" 200 6871
90.224.86.221 - - [19/Jun/2024:23:46:37 +0200] "GET /ticket2/opencms/system/modules/com.gridnine.opencms.ticketbrokerage.site/resources/js/calendar.js HTTP/1.1" 200 49229
90.224.86.221 - - [19/Jun/2024:23:46:37 +0200] "GET /ticket2/opencms/system/modules/com.gridnine.opencms.ticketbrokerage.site/resources/js/standard.js HTTP/1.1" 200 3978
90.224.86.221 - - [19/Jun/2024:23:46:37 +0200] "GET /ticket2/opencms/system/modules/com.gridnine.opencms.ticketbrokerage.site/resources/css/ticketbrokerage.css HTTP/1.1" 200 39339
90.224.86.221 - - [19/Jun/2024:23:46:37 +0200] "GET /ticket2/opencms/system/modules/com.gridnine.opencms.ticketbrokerage.site/resources/css/standard.css HTTP/1.1" 200 71935
90.224.86.221 - - [19/Jun/2024:23:46:37 +0200] "GET /ticket2/opencms/system/modules/com.gridnine.opencms.ticketbrokerage.site/resources/js/calendar-setup.js HTTP/1.1" 200 4923
90.224.86.221 - - [19/Jun/2024:23:46:37 +0200] "GET /ticket2/opencms/system/modules/com.gridnine.opencms.ticketbrokerage.site/resources/js/functions.js HTTP/1.1" 200 1583
90.224.86.221 - - [19/Jun/2024:23:46:37 +0200] "GET /ticket2/opencms/system/modules/com.gridnine.opencms.ticketbrokerage.site/resources/js/calendar-en.js HTTP/1.1" 200 3338
135.181.213.220 - - [19/Jun/2024:23:46:38 +0200] "GET /ticket2/opencms/dk/en/buy/?page=1&edid=0526AB7D-1492-E0D1-E5E6-6BADBF530B48&sortorder=asc&column=row HTTP/1.1" 404 -
135.181.213.220 - - [19/Jun/2024:23:46:41 +0200] "GET /ticket2/opencms/dk/en/buy/?page=1&edid=0526AB7D-1492-E0D1-E5E6-6BADBF530B48&sortorder=asc&column=section HTTP/1.1" 404 -
90.224.86.221 - - [19/Jun/2024:23:46:41 +0200] "GET /ticket2/opencms/admin/index.html?page=7&st=com.gridnine.ticketbrokerage.PurchaseTransactionWorkflow$PayReserved&resc=false HTTP/1.1" 200 25482
90.224.86.221 - - [19/Jun/2024:23:46:41 +0200] "GET /ticket2/opencms/system/modules/com.gridnine.opencms.ticketbrokerage.site/resources/css/ticketbrokerage.css HTTP/1.1" 200 39339
90.224.86.221 - - [19/Jun/2024:23:46:41 +0200] "GET /ticket2/opencms/system/modules/com.gridnine.opencms.ticketbrokerage.site/resources/js/calendar-setup.js HTTP/1.1" 200 4923
90.224.86.221 - - [19/Jun/2024:23:46:41 +0200] "GET /ticket2/opencms/system/modules/com.gridnine.opencms.ticketbrokerage.site/resources/js/standard.js HTTP/1.1" 200 3978
90.224.86.221 - - [19/Jun/2024:23:46:41 +0200] "GET /ticket2/opencms/system/modules/com.gridnine.opencms.ticketbrokerage.site/resources/css/calendar.css HTTP/1.1" 200 6871
90.224.86.221 - - [19/Jun/2024:23:46:41 +0200] "GET /ticket2/opencms/system/modules/com.gridnine.opencms.ticketbrokerage.site/resources/css/standard.css HTTP/1.1" 200 71935
90.224.86.221 - - [19/Jun/2024:23:46:41 +0200] "GET /ticket2/opencms/system/modules/com.gridnine.opencms.ticketbrokerage.site/resources/js/calendar-en.js HTTP/1.1" 200 3338
90.224.86.221 - - [19/Jun/2024:23:46:41 +0200] "GET /ticket2/opencms/system/modules/com.gridnine.opencms.ticketbrokerage.site/resources/js/functions.js HTTP/1.1" 200 1583
90.224.86.221 - - [19/Jun/2024:23:46:41 +0200] "GET /ticket2/opencms/system/modules/com.gridnine.opencms.ticketbrokerage.site/resources/js/calendar.js HTTP/1.1" 200 49229
135.181.213.220 - - [19/Jun/2024:23:46:44 +0200] "GET /ticket2/opencms/dk/en/buy/?page=1&edid=0530B04D-A7D8-F1B4-7BA2-ACEFA0B23712&sortorder=desc&column=price HTTP/1.1" 404 -
135.181.213.220 - - [19/Jun/2024:23:46:47 +0200] "GET /ticket2/opencms/dk/en/buy/?page=1&edid=0530B04D-A7D8-F1B4-7BA2-ACEFA0B23712&sortorder=desc&column=row HTTP/1.1" 404 -
135.181.213.220 - - [19/Jun/2024:23:46:51 +0200] "GET /ticket2/opencms/dk/en/buy/?page=1&edid=0530B04D-A7D8-F1B4-7BA2-ACEFA0B23712&sortorder=desc&column=section HTTP/1.1" 404 -
54.36.149.40 - - [19/Jun/2024:23:46:51 +0200] "GET /ticket2/opencms/sv/sport/fotbollsbiljetter/premier_league/ipswich/ HTTP/1.1" 200 84878
37.123.143.245 - - [19/Jun/2024:23:46:52 +0200] "GET /ticket2/opencms/system/workplace/views/top_foot.jsp?wpFrame=foot HTTP/1.1" 200 1211
37.123.143.245 - - [19/Jun/2024:23:46:52 +0200] "GET /ticket2/opencms/system/workplace/commons/style/workplace.css HTTP/1.1" 200 14209
135.181.213.220 - - [19/Jun/2024:23:46:54 +0200] "GET /ticket2/opencms/dk/en/buy/?page=1&edid=0547F085-8C1B-46DF-AD9F-504A808516FF&sortorder=asc&column=section HTTP/1.1" 404 -
52.167.144.184 - - [19/Jun/2024:23:46:57 +0200] "GET /ticket2/opencms/en/buy/?page=1&edid=39168B9C-E36E-857F-42A1-E431E428BADA HTTP/1.1" 200 87189
135.181.213.220 - - [19/Jun/2024:23:46:57 +0200] "GET /ticket2/opencms/dk/en/buy/?page=1&edid=05BDF663-CBF6-7C6A-275B-0A0C7AEDB74E&sortorder=desc&column=price HTTP/1.1" 404 -
66.249.77.65 - - [19/Jun/2024:23:47:00 +0200] "GET /ticket2/opencms/no/buy/?comcatid=66708183-7480-3365-06BF-DBF60280AB45&catid=8C381435-A1E8-94AF-2C58-D133FCA44A31 HTTP/1.1" 200 75092
135.181.213.220 - - [19/Jun/2024:23:47:00 +0200] "GET /ticket2/opencms/dk/en/buy/?page=1&edid=05BDF663-CBF6-7C6A-275B-0A0C7AEDB74E&sortorder=desc&column=row HTTP/1.1" 404 -
114.119.159.6 - - [19/Jun/2024:23:47:01 +0200] "GET /ticket2/opencms/en/sport/football-tickets/bundesliga/borussia_monchengladbach/ HTTP/1.1" 200 72431
185.191.171.16 - - [19/Jun/2024:23:47:01 +0200] "GET /ticket2/opencms/no/sport/ishockey/nhl/ny-islanders/ HTTP/1.1" 200 74249
66.249.75.41 - - [19/Jun/2024:23:47:03 +0200] "GET /ticket2/opencms/dk/ticket2/sites/ticketbrokerage/sv/sell/?edid=0C5A8916-742D-EF41-F114-FB41FAE1099C HTTP/1.1" 404 -
135.181.213.220 - - [19/Jun/2024:23:47:04 +0200] "GET /ticket2/opencms/dk/en/buy/?page=1&edid=05BDF663-CBF6-7C6A-275B-0A0C7AEDB74E&sortorder=desc&column=section HTTP/1.1" 404 -
66.249.75.131 - - [19/Jun/2024:23:47:05 +0200] "GET /ticket2/opencms/sv/venue/?venueid=B9E98EE0-EDCD-A56C-D617-EAD0679984D5 HTTP/1.1" 200 72190
66.249.77.134 - - [19/Jun/2024:23:47:05 +0200] "GET /ticket2/opencms/fr/buy/?page=1&edid=8BAE8816-1BDE-F65D-3393-C166127E4799 HTTP/1.1" 200 31
135.181.213.220 - - [19/Jun/2024:23:47:07 +0200] "GET /ticket2/opencms/dk/en/buy/?page=1&edid=05E1AFBD-7E4F-01F4-F420-44A0239A6A60&sortorder=asc&column=row HTTP/1.1" 404 -
66.249.77.232 - - [19/Jun/2024:23:47:07 +0200] "GET /ticket2/opencms/es/buy?page=1&edid=FD4DCA3B-ED43-1043-8648-63C229A27832 HTTP/1.1" 200 117365
66.249.77.230 - - [19/Jun/2024:23:47:09 +0200] "GET /ticket2/opencms/es/buy?page=1&edid=EE1094B0-5F8D-7F5A-3592-6F4F9BDBF532 HTTP/1.1" 200 117367
66.249.77.64 - - [19/Jun/2024:23:47:10 +0200] "GET /ticket2/opencms/no/buy/?comcatid=0A6B8208-FDA4-E929-9D72-5312FD481B76&catid=412DBCF4-025D-8ABC-7A40-D7C760E055FF HTTP/1.1" 200 76742
135.181.213.220 - - [19/Jun/2024:23:47:10 +0200] "GET /ticket2/opencms/dk/en/buy/?page=1&edid=060C0EE9-3660-B6E5-7141-2D93961E8D86&sortorder=desc&column=row HTTP/1.1" 404 -
66.249.75.42 - - [19/Jun/2024:23:47:11 +0200] "GET /ticket2/opencms/fi/buy?page=1&edid=750C6040-29F7-425D-A24F-51B977F415A3 HTTP/1.1" 200 113405
66.249.69.100 - - [19/Jun/2024:23:47:12 +0200] "GET /ticket2/opencms/es/buy?page=1&edid=096598FE-DA35-4351-DFEE-DC9ACA0F0EF9 HTTP/1.1" 200 113018
135.181.213.220 - - [19/Jun/2024:23:47:13 +0200] "GET /ticket2/opencms/dk/en/buy/?page=1&edid=06AB1029-8E21-0855-E286-967CAD2386CB&sortorder=asc&column=section HTTP/1.1" 404 -
31.220.87.217 - - [19/Jun/2024:23:47:15 +0200] "GET /ticket2/opencms/dk/en/buy/?page=1&edid=9943DFE7-2BF6-94F3-39CE-A07340F39F5D&sortorder=asc&column=price HTTP/1.1" 404 -
135.181.213.220 - - [19/Jun/2024:23:47:17 +0200] "GET /ticket2/opencms/dk/en/buy/?page=1&edid=07032C66-ECCC-8B3A-18FE-F2D4E467100E&sortorder=asc&column=price HTTP/1.1" 404 -
135.181.213.220 - - [19/Jun/2024:23:47:20 +0200] "GET /ticket2/opencms/dk/en/buy/?page=1&edid=070471A5-1E92-12B9-6E14-6731F3C1EE15&sortorder=asc&column=price HTTP/1.1" 404 -
193.31.75.88 - - [19/Jun/2024:23:47:20 +0200] "GET /ticket2/opencms/sv/sport/fotbollsbiljetter/ligue_1/lyon/ HTTP/1.1" 200 72582
135.181.213.220 - - [19/Jun/2024:23:47:24 +0200] "GET /ticket2/opencms/dk/en/buy/?page=1&edid=07158DDF-DB8B-B72D-992D-3FB73091060A&sortorder=asc&column=section HTTP/1.1" 404 -
168.151.138.79 - - [19/Jun/2024:23:47:24 +0200] "GET /ticket2/opencms/sv/sport/fotbollsbiljetter/la_liga/osasuna/ HTTP/1.1" 200 73115
47.128.43.122 - - [19/Jun/2024:23:47:24 +0200] "GET /ticket2/opencms/fi/venue/?venueid=5858B31A-6048-51A4-6DD4-D41F2A76B2C1 HTTP/1.1" 200 72921
47.128.43.122 - - [19/Jun/2024:23:47:25 +0200] "GET /ticket2/opencms/system/modules/com.gridnine.opencms.ticketbrokerage.site/resources/pics/logo-new.png HTTP/1.1" 200 13541
47.128.43.122 - - [19/Jun/2024:23:47:25 +0200] "GET /ticket2/opencms/system/modules/com.gridnine.opencms.ticketbrokerage.site/resources/pics/bank_3_swedbank.png HTTP/1.1" 200 5740
47.128.43.122 - - [19/Jun/2024:23:47:26 +0200] "GET /ticket2/opencms/system/modules/com.gridnine.opencms.ticketbrokerage.site/resources/pics/bank_5_visa_mastercard.png HTTP/1.1" 200 8196
47.128.43.122 - - [19/Jun/2024:23:47:26 +0200] "GET /ticket2/opencms/system/modules/com.gridnine.opencms.ticketbrokerage.site/resources/pics/bank_2_handelsbanken.png HTTP/1.1" 200 4509
47.128.43.122 - - [19/Jun/2024:23:47:26 +0200] "GET /ticket2/opencms/system/modules/com.gridnine.opencms.ticketbrokerage.site/resources/pics/bank_4_seb.png HTTP/1.1" 200 2487
47.128.43.122 - - [19/Jun/2024:23:47:26 +0200] "GET /ticket2/opencms/system/modules/com.gridnine.opencms.ticketbrokerage.site/resources/pics/bank_1_nordea.png HTTP/1.1" 200 4807
47.128.43.122 - - [19/Jun/2024:23:47:26 +0200] "GET /ticket2/opencms/system/modules/com.gridnine.opencms.ticketbrokerage.site/resources/pics/bank_6_american_express.png HTTP/1.1" 200 5570
89.185.76.8 - - [19/Jun/2024:23:47:27 +0200] "GET /ticket2/opencms/sv/buy?page=1&edid=11EFBC55-130A-2310-B776-C5D86878BDAB HTTP/1.1" 200 116112
135.181.213.220 - - [19/Jun/2024:23:47:27 +0200] "GET /ticket2/opencms/dk/en/buy/?page=1&edid=080C0D89-261D-1FF8-B889-1C2D9FC6F1AD&sortorder=desc&column=row HTTP/1.1" 404 -
135.181.213.220 - - [19/Jun/2024:23:47:30 +0200] "GET /ticket2/opencms/dk/en/buy/?page=1&edid=080C0D89-261D-1FF8-B889-1C2D9FC6F1AD&sortorder=desc&column=section HTTP/1.1" 404 -
135.181.213.220 - - [19/Jun/2024:23:47:34 +0200] "GET /ticket2/opencms/dk/en/buy/?page=1&edid=099FDC21-9563-60C3-D538-CF137C642027&sortorder=asc&column=section HTTP/1.1" 404 -
180.149.26.193 - - [19/Jun/2024:23:47:35 +0200] "GET /ticket2/opencms/dk/ HTTP/1.1" 200 105496
206.204.19.16 - - [19/Jun/2024:23:47:37 +0200] "GET /ticket2/opencms/sv/sport/fotbollsbiljetter/premier_league/manchester_united/restips_old_trafford/ HTTP/1.1" 200 77940
135.181.213.220 - - [19/Jun/2024:23:47:37 +0200] "GET /ticket2/opencms/dk/en/buy/?page=1&edid=09DBE843-AC01-1747-3DBE-F411D6DF0264&sortorder=desc&column=row HTTP/1.1" 404 -
135.181.213.220 - - [19/Jun/2024:23:47:40 +0200] "GET /ticket2/opencms/dk/en/buy/?page=1&edid=0B66C0ED-F330-0E66-98ED-3B05F1580DB7 HTTP/1.1" 404 -
135.181.213.220 - - [19/Jun/2024:23:47:44 +0200] "GET /ticket2/opencms/dk/en/buy/?page=1&edid=0C84A327-AD04-E1C5-8085-D5DCFD61822A&sortorder=asc&column=section HTTP/1.1" 404 -
135.181.213.220 - - [19/Jun/2024:23:47:47 +0200] "GET /ticket2/opencms/dk/en/buy/?page=1&edid=0ED421D5-7883-F3F6-6140-60A891D6FA14&sortorder=asc&column=price HTTP/1.1" 404 -
135.181.213.220 - - [19/Jun/2024:23:47:50 +0200] "GET /ticket2/opencms/dk/en/buy/?page=1&edid=0F8FC4F8-2FB4-7AC0-1C11-E3AC9DE072FF&sortorder=asc&column=section HTTP/1.1" 404 -
135.181.213.220 - - [19/Jun/2024:23:47:54 +0200] "GET /ticket2/opencms/dk/en/buy/?page=1&edid=0F9CBCC9-4895-1878-4B6D-99BC3B1A1FA0&sortorder=asc&column=row HTTP/1.1" 404 -
135.181.213.220 - - [19/Jun/2024:23:47:57 +0200] "GET /ticket2/opencms/dk/en/buy/?page=1&edid=10BA5D39-7F27-45E8-D103-3E99604C4918&sortorder=asc&column=section HTTP/1.1" 404 -
135.181.213.220 - - [19/Jun/2024:23:48:00 +0200] "GET /ticket2/opencms/dk/en/buy/?page=1&edid=10D6239A-C87E-F4DB-2756-37EA531CCFE4&sortorder=asc&column=section HTTP/1.1" 404 -
135.181.213.220 - - [19/Jun/2024:23:48:03 +0200] "GET /ticket2/opencms/dk/en/buy/?page=1&edid=119D38B2-781A-9D91-BD0C-66BB4D932A19&sortorder=asc&column=row HTTP/1.1" 404 -
135.181.213.220 - - [19/Jun/2024:23:48:07 +0200] "GET /ticket2/opencms/dk/en/buy/?page=1&edid=11F7D8A0-BC18-9A29-4718-7B45B440B81A&sortorder=asc&column=section HTTP/1.1" 404 -
135.181.213.220 - - [19/Jun/2024:23:48:10 +0200] "GET /ticket2/opencms/dk/en/buy/?page=1&edid=144D069C-B08D-BD65-947F-15C26854D27A&sortorder=asc&column=section HTTP/1.1" 404 -
213.239.199.56 - - [19/Jun/2024:23:48:13 +0200] "GET /ticket2/opencms/system/modules/com.gridnine.opencms.ticketbrokerage.site/resources/pics/banners/team/la_liga/osasuna.png HTTP/1.1" 200 72750
135.181.213.220 - - [19/Jun/2024:23:48:13 +0200] "GET /ticket2/opencms/dk/en/buy/?page=1&edid=14DC85A8-0F78-E63B-3823-C6D5EDB81837&sortorder=asc&column=price HTTP/1.1" 404 -
135.181.213.220 - - [19/Jun/2024:23:48:16 +0200] "GET /ticket2/opencms/dk/en/buy/?page=1&edid=14EB85AA-52EB-DF14-EE86-8CD319126294&sortorder=asc&column=price HTTP/1.1" 404 -
135.181.213.220 - - [19/Jun/2024:23:48:20 +0200] "GET /ticket2/opencms/dk/en/buy/?page=1&edid=14EB85AA-52EB-DF14-EE86-8CD319126294&sortorder=asc&column=row HTTP/1.1" 404 -
135.181.213.220 - - [19/Jun/2024:23:48:23 +0200] "GET /ticket2/opencms/dk/en/buy/?page=1&edid=14EB85AA-52EB-DF14-EE86-8CD319126294&sortorder=asc&column=section HTTP/1.1" 404 -
185.191.171.14 - - [19/Jun/2024:23:48:25 +0200] "GET /ticket2/opencms/dk/sport/fodboldbilletter/champions_league/real_madrid/ HTTP/1.1" 200 72889
135.181.213.220 - - [19/Jun/2024:23:48:26 +0200] "GET /ticket2/opencms/dk/en/buy/?page=1&edid=15F99D96-DF34-375F-79AB-093621F90FDA&sortorder=asc&column=price HTTP/1.1" 404 -
135.181.213.220 - - [19/Jun/2024:23:48:30 +0200] "GET /ticket2/opencms/dk/en/buy/?page=1&edid=16380694-7D25-9BBB-F08A-D56FFE2F2B4C&sortorder=asc&column=row HTTP/1.1" 404 -
135.181.213.220 - - [19/Jun/2024:23:48:33 +0200] "GET /ticket2/opencms/dk/en/buy/?page=1&edid=1641B98B-A297-1D9C-65B8-EC5F1450DCFE&sortorder=asc&column=price HTTP/1.1" 404 -
135.181.213.220 - - [19/Jun/2024:23:48:36 +0200] "GET /ticket2/opencms/dk/en/buy/?page=1&edid=16D8D8B6-E3B7-19D1-2440-03B3A2E90B73&sortorder=asc&column=price HTTP/1.1" 404 -
135.181.213.220 - - [19/Jun/2024:23:48:40 +0200] "GET /ticket2/opencms/dk/en/buy/?page=1&edid=1AD431B9-2E73-7238-3C33-3B96F0F94C80&sortorder=asc&column=price HTTP/1.1" 404 -
114.119.148.108 - - [19/Jun/2024:23:48:41 +0200] "GET /ticket2/opencms/en/venue/?venueid=2518510D-FB74-EF77-3887-A2E874444251 HTTP/1.1" 200 71357
135.181.213.220 - - [19/Jun/2024:23:48:43 +0200] "GET /ticket2/opencms/dk/en/buy/?page=1&edid=1B0071DB-C857-2B55-134E-DA8A46E92383&sortorder=asc&column=price HTTP/1.1" 404 -
135.181.213.220 - - [19/Jun/2024:23:48:46 +0200] "GET /ticket2/opencms/dk/en/buy/?page=1&edid=1B0071DB-C857-2B55-134E-DA8A46E92383&sortorder=asc&column=row HTTP/1.1" 404 -
85.208.96.201 - - [19/Jun/2024:23:48:49 +0200] "GET /ticket2/opencms/sv/sport/hockeybiljetter/nhl/Winnipeg_Jets/ HTTP/1.1" 200 74009
135.181.213.220 - - [19/Jun/2024:23:48:49 +0200] "GET /ticket2/opencms/dk/en/buy/?page=1&edid=1B0071DB-C857-2B55-134E-DA8A46E92383&sortorder=asc&column=section HTTP/1.1" 404 -
135.181.213.220 - - [19/Jun/2024:23:48:53 +0200] "GET /ticket2/opencms/dk/en/buy/?page=1&edid=1B022CA7-FE6D-532E-2FEE-58D5C427FD13&sortorder=asc&column=price HTTP/1.1" 404 -
40.77.167.46 - - [19/Jun/2024:23:48:53 +0200] "GET /ticket2/opencms/dk/buy/?page=1&edid=9932A66C-27C7-56B1-5250-1F1A61E40951 HTTP/1.1" 200 85749
135.181.213.220 - - [19/Jun/2024:23:48:56 +0200] "GET /ticket2/opencms/dk/en/buy/?page=1&edid=1B3695A1-C6BF-D11C-9A7D-82951655EF61&sortorder=asc&column=price HTTP/1.1" 404 -
185.191.171.3 - - [19/Jun/2024:23:48:57 +0200] "GET /ticket2/opencms/fi/magazine/article?title=otteluohjelma-premier-leaguessa-premier-leaguen-ottelut-20242025 HTTP/1.1" 200 73635
135.181.213.220 - - [19/Jun/2024:23:48:59 +0200] "GET /ticket2/opencms/dk/en/buy/?page=1&edid=1B801A64-96B5-0112-77E4-90CAC084F9B9&sortorder=asc&column=section HTTP/1.1" 404 -
135.181.213.220 - - [19/Jun/2024:23:49:03 +0200] "GET /ticket2/opencms/dk/en/buy/?page=1&edid=1C1ADD6A-16A8-05F6-5F31-1A1238426644&sortorder=asc&column=price HTTP/1.1" 404 -
135.181.213.220 - - [19/Jun/2024:23:49:06 +0200] "GET /ticket2/opencms/dk/en/buy/?page=1&edid=1C38FF6E-A742-778B-4ED2-FB3787559CA6&sortorder=asc&column=section HTTP/1.1" 404 -
216.245.221.83 - - [19/Jun/2024:23:49:08 +0200] "HEAD /ticket2/opencms/ HTTP/1.1" 302 -
135.181.213.220 - - [19/Jun/2024:23:49:09 +0200] "GET /ticket2/opencms/dk/en/buy/?page=1&edid=1C58C470-D3F9-186C-B32F-4F4A4C479079&sortorder=desc&column=row HTTP/1.1" 404 -
135.181.213.220 - - [19/Jun/2024:23:49:13 +0200] "GET /ticket2/opencms/dk/en/buy/?page=1&edid=1C58C470-D3F9-186C-B32F-4F4A4C479079&sortorder=desc&column=section HTTP/1.1" 404 -
216.245.221.83 - - [19/Jun/2024:23:49:14 +0200] "HEAD /ticket2/opencms/en/ HTTP/1.1" 200 -
135.181.213.220 - - [19/Jun/2024:23:49:16 +0200] "GET /ticket2/opencms/dk/en/buy/?page=1&edid=1D56D579-7D45-9D7E-0DE1-5FABAACBC574&sortorder=asc&column=section HTTP/1.1" 404 -
135.181.213.220 - - [19/Jun/2024:23:49:19 +0200] "GET /ticket2/opencms/dk/en/buy/?page=1&edid=1F39103F-E1B7-7C87-61F2-F032664DD922&sortorder=asc&column=row HTTP/1.1" 404 -
135.181.213.220 - - [19/Jun/2024:23:49:22 +0200] "GET /ticket2/opencms/dk/en/buy/?page=1&edid=1FCB4B3B-2F91-5FA8-7C18-A8B33BC1BAEA&sortorder=asc&column=section HTTP/1.1" 404 -
135.181.213.220 - - [19/Jun/2024:23:49:26 +0200] "GET /ticket2/opencms/dk/en/buy/?page=1&edid=2037F1F4-3AC9-7D0D-D653-6187E617C819&sortorder=asc&column=price HTTP/1.1" 404 -
135.181.213.220 - - [19/Jun/2024:23:49:29 +0200] "GET /ticket2/opencms/dk/en/buy/?page=1&edid=213E02E6-E9D7-F532-F27B-F580A315069B&sortorder=desc&column=row HTTP/1.1" 404 -
135.181.213.220 - - [19/Jun/2024:23:49:32 +0200] "GET /ticket2/opencms/dk/en/buy/?page=1&edid=242A560A-40C1-4036-A445-6155711765BE&sortorder=asc&column=price HTTP/1.1" 404 -
216.245.221.83 - - [19/Jun/2024:23:49:33 +0200] "HEAD /ticket2/opencms/ HTTP/1.1" 302 -
40.77.167.241 - - [19/Jun/2024:23:49:33 +0200] "GET /ticket2/opencms/sv/buy/?page=1&edid=069EC406-6DFD-08ED-B6CC-A7E203415919 HTTP/1.1" 200 116104
216.245.221.83 - - [19/Jun/2024:23:49:33 +0200] "HEAD /ticket2/opencms/en/ HTTP/1.1" 200 -
135.181.213.220 - - [19/Jun/2024:23:49:35 +0200] "GET /ticket2/opencms/dk/en/buy/?page=1&edid=24C85F17-D416-67BA-92B9-C3D977977D02&sortorder=asc&column=row HTTP/1.1" 404 -
66.249.75.42 - - [19/Jun/2024:23:49:37 +0200] "GET /ticket2/opencms/set_aff_cookie.jsp?partner=53673ED6-1455-FA54-818F-B1F67121E37C&url=/dk/buy/index.html%3Fpage%3D1%26edid%3D71FF0DDB-994C-2EA5-7C18-3DECE9AE5101%26hlv%3D666c4be9-08c0-4980-a8c6-3ee40a01000f%23v_1862605770 HTTP/1.1" 200 226
135.181.213.220 - - [19/Jun/2024:23:49:39 +0200] "GET /ticket2/opencms/dk/en/buy/?page=1&edid=258C096E-CB88-FAB5-BED7-1612D258C46A&sortorder=asc&column=price HTTP/1.1" 404 -
66.249.77.165 - - [19/Jun/2024:23:49:41 +0200] "GET /ticket2/opencms/en/buy?page=1&edid=D11D82D4-28DA-1768-D317-EF521A2F97E6 HTTP/1.1" 200 116086
47.128.48.245 - - [19/Jun/2024:23:49:41 +0200] "GET /ticket2/opencms/fi/venue/?venueid=B949E0D0-6478-1385-BB77-53DBB861A93A HTTP/1.1" 200 72921
66.249.77.65 - - [19/Jun/2024:23:49:42 +0200] "GET /ticket2/opencms/no/buy/?comcatid=0A6B8208-FDA4-E929-9D72-5312FD481B76&catid=1DB7F66B-473B-B427-F752-358FEEFE8EC0 HTTP/1.1" 200 76742
135.181.213.220 - - [19/Jun/2024:23:49:42 +0200] "GET /ticket2/opencms/dk/en/buy/?page=1&edid=25A862AC-F1A1-742C-D663-B19272C0407C&sortorder=asc&column=section HTTP/1.1" 404 -
47.128.48.245 - - [19/Jun/2024:23:49:42 +0200] "GET /ticket2/opencms/system/modules/com.gridnine.opencms.ticketbrokerage.site/resources/pics/logo-new.png HTTP/1.1" 200 13541
47.128.48.245 - - [19/Jun/2024:23:49:43 +0200] "GET /ticket2/opencms/system/modules/com.gridnine.opencms.ticketbrokerage.site/resources/pics/bank_2_handelsbanken.png HTTP/1.1" 200 4509
66.249.75.41 - - [19/Jun/2024:23:49:43 +0200] "GET /ticket2/opencms/dk/buy/?page=1&edid=71FF0DDB-994C-2EA5-7C18-3DECE9AE5101&hlv=666c4be9-08c0-4980-a8c6-3ee40a01000f HTTP/1.1" 200 113930
47.128.48.245 - - [19/Jun/2024:23:49:43 +0200] "GET /ticket2/opencms/system/modules/com.gridnine.opencms.ticketbrokerage.site/resources/pics/bank_5_visa_mastercard.png HTTP/1.1" 200 8196
47.128.48.245 - - [19/Jun/2024:23:49:43 +0200] "GET /ticket2/opencms/system/modules/com.gridnine.opencms.ticketbrokerage.site/resources/pics/bank_1_nordea.png HTTP/1.1" 200 4807
47.128.48.245 - - [19/Jun/2024:23:49:43 +0200] "GET /ticket2/opencms/system/modules/com.gridnine.opencms.ticketbrokerage.site/resources/pics/bank_3_swedbank.png HTTP/1.1" 200 5740
47.128.48.245 - - [19/Jun/2024:23:49:43 +0200] "GET /ticket2/opencms/system/modules/com.gridnine.opencms.ticketbrokerage.site/resources/pics/bank_4_seb.png HTTP/1.1" 200 2487
47.128.48.245 - - [19/Jun/2024:23:49:43 +0200] "GET /ticket2/opencms/system/modules/com.gridnine.opencms.ticketbrokerage.site/resources/pics/bank_6_american_express.png HTTP/1.1" 200 5570
66.249.77.78 - - [19/Jun/2024:23:49:44 +0200] "GET /ticket2/opencms/es/buy/?page=1&edid=44FBC1CF-A416-2795-B9FA-E57E9A79C34D HTTP/1.1" 200 107325
66.249.75.130 - - [19/Jun/2024:23:49:45 +0200] "GET /ticket2/opencms/sv/buy/?page=1&edid=38A9CF02-8181-1667-78E4-4388829901BC HTTP/1.1" 200 112162
135.181.213.220 - - [19/Jun/2024:23:49:45 +0200] "GET /ticket2/opencms/dk/en/buy/?page=1&edid=2616230B-0292-4166-A011-E68F0F142C6D&sortorder=asc&column=section HTTP/1.1" 404 -
66.249.77.133 - - [19/Jun/2024:23:49:47 +0200] "GET /ticket2/opencms/dk/buy?page=1&edid=99C77A16-8AF9-4675-97DE-42A41C4ECB4F HTTP/1.1" 200 115911
66.249.77.78 - - [19/Jun/2024:23:49:47 +0200] "GET /ticket2/opencms/no/buy/?comcatid=0A6B8208-FDA4-E929-9D72-5312FD481B76&catid=FCA7FF95-260A-464B-B6FF-A820FCE7DFEF HTTP/1.1" 200 76740
135.181.213.220 - - [19/Jun/2024:23:49:49 +0200] "GET /ticket2/opencms/dk/en/buy/?page=1&edid=2660205E-3046-2335-41BF-48416E2E0F4C&sortorder=asc&column=section HTTP/1.1" 404 -
66.249.75.130 - - [19/Jun/2024:23:49:49 +0200] "GET /ticket2/opencms/sv/venue/?venueid=5BBB9175-6BCD-4507-B680-0B60E4DE2F3E HTTP/1.1" 200 72166
85.208.96.212 - - [19/Jun/2024:23:49:49 +0200] "GET /ticket2/opencms/de/magazine/article?title=erling-braut-haaland HTTP/1.1" 200 75502
135.181.213.220 - - [19/Jun/2024:23:49:52 +0200] "GET /ticket2/opencms/dk/en/buy/?page=1&edid=2BCF554F-F8EF-4953-B86E-72FD3395B753&sortorder=desc&column=section HTTP/1.1" 404 -
135.181.213.220 - - [19/Jun/2024:23:49:55 +0200] "GET /ticket2/opencms/dk/en/buy/?page=1&edid=2C144E02-6B95-D2A4-6A46-DD7968C7C1DE&sortorder=desc&column=row HTTP/1.1" 404 -
135.181.213.220 - - [19/Jun/2024:23:49:59 +0200] "GET /ticket2/opencms/dk/en/buy/?page=1&edid=2C223FC3-44F4-8846-CCA3-0CD3173CFC72&sortorder=desc&column=row HTTP/1.1" 404 -
135.181.213.220 - - [19/Jun/2024:23:50:02 +0200] "GET /ticket2/opencms/dk/en/buy/?page=1&edid=2C374FAE-36BA-DB93-1E49-DFF2E010224D&sortorder=desc&column=price HTTP/1.1" 404 -
85.208.96.202 - - [19/Jun/2024:23:50:03 +0200] "GET /ticket2/opencms/nl/sport/voetbal-tickets/bundesliga/stuttgart/ HTTP/1.1" 200 72069
135.181.213.220 - - [19/Jun/2024:23:50:05 +0200] "GET /ticket2/opencms/dk/en/buy/?page=1&edid=2C374FAE-36BA-DB93-1E49-DFF2E010224D&sortorder=desc&column=row HTTP/1.1" 404 -
135.181.213.220 - - [19/Jun/2024:23:50:08 +0200] "GET /ticket2/opencms/dk/en/buy/?page=1&edid=3265F751-9BD5-3895-9359-AB2B7E47ED23&sortorder=asc&column=row HTTP/1.1" 404 -
135.181.213.220 - - [19/Jun/2024:23:50:12 +0200] "GET /ticket2/opencms/dk/en/buy/?page=1&edid=328A5D0C-3828-F1E2-D2FA-99909619C4A7&sortorder=asc&column=section HTTP/1.1" 404 -
135.181.213.220 - - [19/Jun/2024:23:50:15 +0200] "GET /ticket2/opencms/dk/en/buy/?page=1&edid=32BA6030-A67A-1835-C2E2-950898229860&sortorder=asc&column=price HTTP/1.1" 404 -
135.181.213.220 - - [19/Jun/2024:23:50:18 +0200] "GET /ticket2/opencms/dk/en/buy/?page=1&edid=32BA6030-A67A-1835-C2E2-950898229860&sortorder=asc&column=row HTTP/1.1" 404 -
114.119.138.151 - - [19/Jun/2024:23:50:21 +0200] "GET /ticket2/opencms/en/sell/?edid=E7FDDD7D-1FCF-BCB1-0A81-7F312447E632 HTTP/1.1" 302 -
135.181.213.220 - - [19/Jun/2024:23:50:22 +0200] "GET /ticket2/opencms/dk/en/buy/?page=1&edid=32BA6030-A67A-1835-C2E2-950898229860&sortorder=asc&column=section HTTP/1.1" 404 -
135.181.213.220 - - [19/Jun/2024:23:50:25 +0200] "GET /ticket2/opencms/dk/en/buy/?page=1&edid=D0713995-7A61-911E-7E61-253175699AC7&sortorder=asc&column=row HTTP/1.1" 404 -
114.119.138.151 - - [19/Jun/2024:23:50:26 +0200] "GET /ticket2/opencms/en/login/?url=/en/sell/ HTTP/1.1" 200 73431
135.181.213.220 - - [19/Jun/2024:23:50:28 +0200] "GET /ticket2/opencms/dk/en/buy/?page=1&edid=D156CAE1-A0B1-59DD-D44A-719128E6266A&sortorder=asc&column=row HTTP/1.1" 404 -
85.208.96.197 - - [19/Jun/2024:23:50:29 +0200] "GET /ticket2/opencms/sv/sport/fotbollsbiljetter/bundesliga/augsburg/ HTTP/1.1" 200 72505
135.181.213.220 - - [19/Jun/2024:23:50:34 +0200] "GET /ticket2/opencms/dk/en/buy/?page=1&edid=4780BD51-BE59-D2D1-2E7C-44E378F7FCDC&sortorder=desc&column=section HTTP/1.1" 404 -
135.181.213.220 - - [19/Jun/2024:23:50:38 +0200] "GET /ticket2/opencms/dk/en/buy/?page=1&edid=492C1137-7E95-5EDF-8C64-E404B3827DAB&sortorder=asc&column=price HTTP/1.1" 404 -
135.181.213.220 - - [19/Jun/2024:23:50:43 +0200] "GET /ticket2/opencms/dk/en/buy/?page=1&edid=492C1137-7E95-5EDF-8C64-E404B3827DAB&sortorder=desc&column=price HTTP/1.1" 404 -
135.181.213.220 - - [19/Jun/2024:23:50:48 +0200] "GET /ticket2/opencms/dk/en/buy/?page=1&edid=492C1137-7E95-5EDF-8C64-E404B3827DAB&sortorder=desc&column=row HTTP/1.1" 404 -
40.77.167.241 - - [19/Jun/2024:23:50:53 +0200] "GET /ticket2/opencms/es/deporte/entradas-futbol/premier-league/liverpool HTTP/1.1" 200 85712
135.181.213.220 - - [19/Jun/2024:23:50:53 +0200] "GET /ticket2/opencms/dk/en/buy/?page=1&edid=492C1137-7E95-5EDF-8C64-E404B3827DAB&sortorder=desc&column=section HTTP/1.1" 404 -
135.181.213.220 - - [19/Jun/2024:23:50:58 +0200] "GET /ticket2/opencms/dk/en/buy/?page=1&edid=4B8DF2AC-42E6-6C5D-F1CE-0DA3D8253356&sortorder=asc&column=row HTTP/1.1" 404 -
135.181.213.220 - - [19/Jun/2024:23:51:03 +0200] "GET /ticket2/opencms/dk/en/buy/?page=1&edid=4BE59970-EC47-0861-6205-BA251FD6ECF0&sortorder=asc&column=row HTTP/1.1" 404 -
135.181.213.220 - - [19/Jun/2024:23:51:08 +0200] "GET /ticket2/opencms/dk/en/buy/?page=1&edid=4DC6F9D0-4CFB-1AC2-2B69-BFAEC7725855&sortorder=asc&column=row HTTP/1.1" 404 -
135.181.213.220 - - [19/Jun/2024:23:51:13 +0200] "GET /ticket2/opencms/dk/en/buy/?page=1&edid=4DC6F9D0-4CFB-1AC2-2B69-BFAEC7725855&sortorder=asc&column=section HTTP/1.1" 404 -
135.181.213.220 - - [19/Jun/2024:23:51:18 +0200] "GET /ticket2/opencms/dk/en/buy/?page=1&edid=4DE3EC8A-357C-4B99-65AF-B4A313132CD8&sortorder=asc&column=price HTTP/1.1" 404 -
135.181.213.220 - - [19/Jun/2024:23:51:23 +0200] "GET /ticket2/opencms/dk/en/buy/?page=1&edid=4DE3EC8A-357C-4B99-65AF-B4A313132CD8&sortorder=asc&column=row HTTP/1.1" 404 -
47.128.18.218 - - [19/Jun/2024:23:51:26 +0200] "GET /ticket2/opencms/es/buy/?edid=6A920F16-DD42-2262-3AA2-B83D5743F13A HTTP/1.1" 200 73335
47.128.18.218 - - [19/Jun/2024:23:51:27 +0200] "GET /ticket2/opencms/system/modules/com.gridnine.opencms.ticketbrokerage.site/resources/pics/logo-new.png HTTP/1.1" 200 13541
47.128.18.218 - - [19/Jun/2024:23:51:27 +0200] "GET /ticket2/opencms/system/modules/com.gridnine.opencms.ticketbrokerage.site/resources/pics/bank_1_nordea.png HTTP/1.1" 200 4807
47.128.18.218 - - [19/Jun/2024:23:51:28 +0200] "GET /ticket2/opencms/system/modules/com.gridnine.opencms.ticketbrokerage.site/resources/pics/bank_2_handelsbanken.png HTTP/1.1" 200 4509
47.128.18.218 - - [19/Jun/2024:23:51:28 +0200] "GET /ticket2/opencms/system/modules/com.gridnine.opencms.ticketbrokerage.site/resources/pics/bank_4_seb.png HTTP/1.1" 200 2487
47.128.18.218 - - [19/Jun/2024:23:51:28 +0200] "GET /ticket2/opencms/system/modules/com.gridnine.opencms.ticketbrokerage.site/resources/pics/bank_3_swedbank.png HTTP/1.1" 200 5740
47.128.18.218 - - [19/Jun/2024:23:51:28 +0200] "GET /ticket2/opencms/system/modules/com.gridnine.opencms.ticketbrokerage.site/resources/pics/bank_5_visa_mastercard.png HTTP/1.1" 200 8196
47.128.18.218 - - [19/Jun/2024:23:51:28 +0200] "GET /ticket2/opencms/system/modules/com.gridnine.opencms.ticketbrokerage.site/resources/pics/bank_6_american_express.png HTTP/1.1" 200 5570
135.181.213.220 - - [19/Jun/2024:23:51:28 +0200] "GET /ticket2/opencms/dk/en/buy/?page=1&edid=4DE3EC8A-357C-4B99-65AF-B4A313132CD8&sortorder=asc&column=section HTTP/1.1" 404 -
135.181.213.220 - - [19/Jun/2024:23:51:33 +0200] "GET /ticket2/opencms/dk/en/buy/?page=1&edid=4F19228F-1A25-8882-BBD6-E8279B72A577&sortorder=asc&column=section HTTP/1.1" 404 -
85.208.96.205 - - [19/Jun/2024:23:51:37 +0200] "GET /ticket2/opencms/dk/sport/fodboldbilletter/serie-a/ HTTP/1.1" 200 77566
135.181.213.220 - - [19/Jun/2024:23:51:38 +0200] "GET /ticket2/opencms/dk/en/buy/?page=1&edid=4F19228F-1A25-8882-BBD6-E8279B72A577&sortorder=desc&column=row HTTP/1.1" 404 -
135.181.213.220 - - [19/Jun/2024:23:51:43 +0200] "GET /ticket2/opencms/dk/en/buy/?page=1&edid=4F19228F-1A25-8882-BBD6-E8279B72A577&sortorder=desc&column=section HTTP/1.1" 404 -
31.220.87.217 - - [19/Jun/2024:23:51:44 +0200] "GET /ticket2/opencms/dk/en/buy/?page=1&edid=9943DFE7-2BF6-94F3-39CE-A07340F39F5D&sortorder=asc&column=row HTTP/1.1" 404 -
185.191.171.9 - - [19/Jun/2024:23:51:45 +0200] "GET /ticket2/opencms/no/buying_tickets HTTP/1.1" 200 74025
135.181.213.220 - - [19/Jun/2024:23:51:48 +0200] "GET /ticket2/opencms/dk/en/buy/?page=1&edid=4F1B6DF5-628F-F25D-981B-BD9489467C6D&sortorder=asc&column=price HTTP/1.1" 404 -
66.249.69.100 - - [19/Jun/2024:23:51:50 +0200] "GET /ticket2/opencms/dk/sport/fodboldbilletter/premier-league/chelsea/ HTTP/1.1" 200 85679
66.249.77.65 - - [19/Jun/2024:23:51:52 +0200] "GET /ticket2/opencms/no/buy/?comcatid=0A6B8208-FDA4-E929-9D72-5312FD481B76&catid=8E4972FC-6E2C-77A4-BB9D-D67BD270A641 HTTP/1.1" 200 76731
37.123.143.245 - - [19/Jun/2024:23:51:52 +0200] "GET /ticket2/opencms/system/workplace/views/top_foot.jsp?wpFrame=foot HTTP/1.1" 200 1211
37.123.143.245 - - [19/Jun/2024:23:51:52 +0200] "GET /ticket2/opencms/system/workplace/commons/style/workplace.css HTTP/1.1" 200 14209
135.181.213.220 - - [19/Jun/2024:23:51:53 +0200] "GET /ticket2/opencms/dk/en/buy/?page=1&edid=4F2A6EFC-5A42-DA27-F945-B53203FE129B&sortorder=desc&column=price HTTP/1.1" 404 -
135.181.213.220 - - [19/Jun/2024:23:51:58 +0200] "GET /ticket2/opencms/dk/en/buy/?page=1&edid=4F2A6EFC-5A42-DA27-F945-B53203FE129B&sortorder=desc&column=row HTTP/1.1" 404 -
66.249.77.65 - - [19/Jun/2024:23:51:58 +0200] "GET /ticket2/opencms/system/modules/com.gridnine.opencms.ticketbrokerage.site/resources/css/ticketbrokerage.css HTTP/1.1" 200 39339
114.119.129.235 - - [19/Jun/2024:23:51:59 +0200] "GET /ticket2/opencms/en/sell/?edid=B67AFE0B-0730-D66E-C5CC-696E38E80478 HTTP/1.1" 302 -
47.128.23.142 - - [19/Jun/2024:23:51:59 +0200] "GET /ticket2/opencms/fi/buy/?edid=4D569333-A725-AF23-311D-520AB9757B29 HTTP/1.1" 200 73261
47.128.23.142 - - [19/Jun/2024:23:52:00 +0200] "GET /ticket2/opencms/system/modules/com.gridnine.opencms.ticketbrokerage.site/resources/pics/logo-new.png HTTP/1.1" 200 13541
47.128.23.142 - - [19/Jun/2024:23:52:00 +0200] "GET /ticket2/opencms/system/modules/com.gridnine.opencms.ticketbrokerage.site/resources/pics/bank_5_visa_mastercard.png HTTP/1.1" 200 8196
47.128.23.142 - - [19/Jun/2024:23:52:01 +0200] "GET /ticket2/opencms/system/modules/com.gridnine.opencms.ticketbrokerage.site/resources/pics/bank_3_swedbank.png HTTP/1.1" 200 5740
47.128.23.142 - - [19/Jun/2024:23:52:01 +0200] "GET /ticket2/opencms/system/modules/com.gridnine.opencms.ticketbrokerage.site/resources/pics/bank_2_handelsbanken.png HTTP/1.1" 200 4509
47.128.23.142 - - [19/Jun/2024:23:52:01 +0200] "GET /ticket2/opencms/system/modules/com.gridnine.opencms.ticketbrokerage.site/resources/pics/bank_1_nordea.png HTTP/1.1" 200 4807
47.128.23.142 - - [19/Jun/2024:23:52:01 +0200] "GET /ticket2/opencms/system/modules/com.gridnine.opencms.ticketbrokerage.site/resources/pics/bank_4_seb.png HTTP/1.1" 200 2487
47.128.23.142 - - [19/Jun/2024:23:52:01 +0200] "GET /ticket2/opencms/system/modules/com.gridnine.opencms.ticketbrokerage.site/resources/pics/bank_6_american_express.png HTTP/1.1" 200 5570
135.181.213.220 - - [19/Jun/2024:23:52:03 +0200] "GET /ticket2/opencms/dk/en/buy/?page=1&edid=4F2A6EFC-5A42-DA27-F945-B53203FE129B&sortorder=desc&column=section HTTP/1.1" 404 -
114.119.129.235 - - [19/Jun/2024:23:52:03 +0200] "GET /ticket2/opencms/en/login/?url=/en/sell/ HTTP/1.1" 200 73431
135.181.213.220 - - [19/Jun/2024:23:52:08 +0200] "GET /ticket2/opencms/dk/en/buy/?page=1&edid=4F2CF2F7-766D-C068-1DF7-D79FFA6A3FFF&sortorder=desc&column=price HTTP/1.1" 404 -
135.181.213.220 - - [19/Jun/2024:23:52:13 +0200] "GET /ticket2/opencms/dk/en/buy/?page=1&edid=4F2CF2F7-766D-C068-1DF7-D79FFA6A3FFF&sortorder=desc&column=section HTTP/1.1" 404 -
135.181.213.220 - - [19/Jun/2024:23:52:17 +0200] "GET /ticket2/opencms/dk/en/buy/?page=1&edid=4F3DA6FA-933D-3FF6-99D6-14BB67F01388&sortorder=asc&column=section HTTP/1.1" 404 -
135.181.213.220 - - [19/Jun/2024:23:52:22 +0200] "GET /ticket2/opencms/dk/en/buy/?page=1&edid=4F4BA0E7-BE18-3507-884E-ACAD473F9C47&sortorder=desc&column=price HTTP/1.1" 404 -
135.181.213.220 - - [19/Jun/2024:23:52:28 +0200] "GET /ticket2/opencms/dk/en/buy/?page=1&edid=4F6C5186-5A04-C7DA-43D4-22E25E850382&sortorder=desc&column=row HTTP/1.1" 404 -
85.208.96.209 - - [19/Jun/2024:23:52:28 +0200] "GET /ticket2/opencms/de/sport/fussball-tickets/serie_a/milan/ HTTP/1.1" 200 75345
85.208.96.194 - - [19/Jun/2024:23:52:32 +0200] "GET /ticket2/opencms/nl/magazine/article?title=bournemouth HTTP/1.1" 200 73903
135.181.213.220 - - [19/Jun/2024:23:52:33 +0200] "GET /ticket2/opencms/dk/en/buy/?page=1&edid=5049F443-2967-4BC4-9DF8-22395FCF3C8C&sortorder=asc&column=section HTTP/1.1" 404 -
135.181.213.220 - - [19/Jun/2024:23:52:38 +0200] "GET /ticket2/opencms/dk/en/buy/?page=1&edid=504DCAFD-590A-5865-0E7B-51575F78C6D6&sortorder=asc&column=row HTTP/1.1" 404 -
135.181.213.220 - - [19/Jun/2024:23:52:42 +0200] "GET /ticket2/opencms/dk/en/buy/?page=1&edid=50B4BE82-3262-F014-61DB-5D5E6B9C8C97&sortorder=desc&column=price HTTP/1.1" 404 -
47.128.27.191 - - [19/Jun/2024:23:52:46 +0200] "GET /ticket2/opencms/es/buy/?edid=B7C31852-4938-05B8-A23C-0248E7A3D5BA HTTP/1.1" 200 73335
47.128.27.191 - - [19/Jun/2024:23:52:47 +0200] "GET /ticket2/opencms/system/modules/com.gridnine.opencms.ticketbrokerage.site/resources/pics/logo-new.png HTTP/1.1" 200 13541
135.181.213.220 - - [19/Jun/2024:23:52:47 +0200] "GET /ticket2/opencms/dk/en/buy/?page=1&edid=50EEEE9D-1067-0876-D2D4-455F95B84A02&sortorder=asc&column=price HTTP/1.1" 404 -
47.128.27.191 - - [19/Jun/2024:23:52:48 +0200] "GET /ticket2/opencms/system/modules/com.gridnine.opencms.ticketbrokerage.site/resources/pics/bank_1_nordea.png HTTP/1.1" 200 4807
47.128.27.191 - - [19/Jun/2024:23:52:48 +0200] "GET /ticket2/opencms/system/modules/com.gridnine.opencms.ticketbrokerage.site/resources/pics/bank_3_swedbank.png HTTP/1.1" 200 5740
47.128.27.191 - - [19/Jun/2024:23:52:48 +0200] "GET /ticket2/opencms/system/modules/com.gridnine.opencms.ticketbrokerage.site/resources/pics/bank_4_seb.png HTTP/1.1" 200 2487
47.128.27.191 - - [19/Jun/2024:23:52:49 +0200] "GET /ticket2/opencms/system/modules/com.gridnine.opencms.ticketbrokerage.site/resources/pics/bank_2_handelsbanken.png HTTP/1.1" 200 4509
47.128.27.191 - - [19/Jun/2024:23:52:49 +0200] "GET /ticket2/opencms/system/modules/com.gridnine.opencms.ticketbrokerage.site/resources/pics/bank_6_american_express.png HTTP/1.1" 200 5570
47.128.27.191 - - [19/Jun/2024:23:52:49 +0200] "GET /ticket2/opencms/system/modules/com.gridnine.opencms.ticketbrokerage.site/resources/pics/bank_5_visa_mastercard.png HTTP/1.1" 200 8196
135.181.213.220 - - [19/Jun/2024:23:52:52 +0200] "GET /ticket2/opencms/dk/en/buy/?page=1&edid=511DBE77-4302-11AC-20DF-EC763D451874&sortorder=asc&column=price HTTP/1.1" 404 -
66.249.77.135 - - [19/Jun/2024:23:52:54 +0200] "GET /ticket2/opencms/dk/buy?page=1&edid=3289C097-2261-9433-8644-DF033A9EE354 HTTP/1.1" 200 116676
66.249.77.78 - - [19/Jun/2024:23:52:54 +0200] "GET /ticket2/opencms/no/buy/?comcatid=0A6B8208-FDA4-E929-9D72-5312FD481B76&catid=AD8E612F-0F0B-03C9-5236-E4F8B6523945 HTTP/1.1" 200 76740
135.181.213.220 - - [19/Jun/2024:23:52:57 +0200] "GET /ticket2/opencms/dk/en/buy/?page=1&edid=511DBE77-4302-11AC-20DF-EC763D451874&sortorder=asc&column=row HTTP/1.1" 404 -
135.181.213.220 - - [19/Jun/2024:23:53:02 +0200] "GET /ticket2/opencms/dk/en/buy/?page=1&edid=511DBE77-4302-11AC-20DF-EC763D451874&sortorder=asc&column=section HTTP/1.1" 404 -
135.181.213.220 - - [19/Jun/2024:23:53:07 +0200] "GET /ticket2/opencms/dk/en/buy/?page=1&edid=514BDBC8-4F19-F774-391B-6A80EC30812B&sortorder=asc&column=section HTTP/1.1" 404 -
135.181.213.220 - - [19/Jun/2024:23:53:12 +0200] "GET /ticket2/opencms/dk/en/buy/?page=1&edid=5178626A-34D0-B2BB-F4B7-DD1DCA937081&sortorder=asc&column=section HTTP/1.1" 404 -
135.181.213.220 - - [19/Jun/2024:23:53:17 +0200] "GET /ticket2/opencms/dk/en/buy/?page=1&edid=51C8DADA-3389-0DD8-E4E9-A827BBFED126&sortorder=asc&column=price HTTP/1.1" 404 -
135.181.213.220 - - [19/Jun/2024:23:53:22 +0200] "GET /ticket2/opencms/dk/en/buy/?page=1&edid=527C93B0-9340-497B-8776-6EDF58916407&sortorder=asc&column=row HTTP/1.1" 404 -
135.181.213.220 - - [19/Jun/2024:23:53:27 +0200] "GET /ticket2/opencms/dk/en/buy/?page=1&edid=531FEBC2-24ED-CF99-1E76-EA7A9C29B82E&sortorder=desc&column=row HTTP/1.1" 404 -
85.208.96.205 - - [19/Jun/2024:23:53:29 +0200] "GET /ticket2/opencms/dk/sport/fodboldbilletter/serie-a/napoli/ HTTP/1.1" 200 72065
135.181.213.220 - - [19/Jun/2024:23:53:32 +0200] "GET /ticket2/opencms/dk/en/buy/?page=1&edid=53961AD4-D55A-8918-B670-53DC1158D060&sortorder=asc&column=price HTTP/1.1" 404 -
135.181.213.220 - - [19/Jun/2024:23:53:37 +0200] "GET /ticket2/opencms/dk/en/buy/?page=1&edid=53961AD4-D55A-8918-B670-53DC1158D060&sortorder=asc&column=section HTTP/1.1" 404 -
114.119.130.175 - - [19/Jun/2024:23:53:37 +0200] "GET /ticket2/opencms/en/buy/?page=6&comcatid=A17713B6-D984-201A-4143-ED4DB5ED5C2E&catid=82F804FA-9F69-CB6B-D41D-7BF7C716058B&eventid=A5513A3C-4AED-7F56-6F1B-EEFC3BE5A59D HTTP/1.1" 200 85927
114.119.130.60 - - [19/Jun/2024:23:53:37 +0200] "GET /ticket2/opencms/en/venue/?countryid=36C09A59-C496-27BE-0FFA-E2D18F46452F HTTP/1.1" 200 100730
135.181.213.220 - - [19/Jun/2024:23:53:42 +0200] "GET /ticket2/opencms/dk/en/buy/?page=1&edid=53C82161-C24F-BE86-4DEF-D47DE690CB39 HTTP/1.1" 404 -
135.181.213.220 - - [19/Jun/2024:23:53:47 +0200] "GET /ticket2/opencms/dk/en/buy/?page=1&edid=5432ED02-FAD8-0258-AF31-52B1290A487D&sortorder=asc&column=price HTTP/1.1" 404 -
135.181.213.220 - - [19/Jun/2024:23:53:52 +0200] "GET /ticket2/opencms/dk/en/buy/?page=1&edid=55CC2792-4CF0-B26E-1719-512C0ABE2886&sortorder=asc&column=price HTTP/1.1" 404 -
135.181.213.220 - - [19/Jun/2024:23:53:57 +0200] "GET /ticket2/opencms/dk/en/buy/?page=1&edid=55CC2792-4CF0-B26E-1719-512C0ABE2886&sortorder=asc&column=row HTTP/1.1" 404 -
135.181.213.220 - - [19/Jun/2024:23:54:02 +0200] "GET /ticket2/opencms/dk/en/buy/?page=1&edid=55CC2792-4CF0-B26E-1719-512C0ABE2886&sortorder=asc&column=section HTTP/1.1" 404 -
135.181.213.220 - - [19/Jun/2024:23:54:07 +0200] "GET /ticket2/opencms/dk/en/buy/?page=1&edid=577C8A68-A9CA-93C3-B19C-C24885CB81FE&sortorder=asc&column=section HTTP/1.1" 404 -
216.245.221.83 - - [19/Jun/2024:23:54:08 +0200] "HEAD /ticket2/opencms/ HTTP/1.1" 302 -
135.181.213.220 - - [19/Jun/2024:23:54:12 +0200] "GET /ticket2/opencms/dk/en/buy/?page=1&edid=577C8A68-A9CA-93C3-B19C-C24885CB81FE&sortorder=desc&column=row HTTP/1.1" 404 -
216.245.221.83 - - [19/Jun/2024:23:54:13 +0200] "HEAD /ticket2/opencms/en/ HTTP/1.1" 200 -
135.181.213.220 - - [19/Jun/2024:23:54:17 +0200] "GET /ticket2/opencms/dk/en/buy/?page=1&edid=57E251AE-FC4B-7281-E6A3-A78FAA4C7878&sortorder=desc&column=section HTTP/1.1" 404 -
47.128.17.100 - - [19/Jun/2024:23:54:17 +0200] "GET /ticket2/opencms/fi/buy/?edid=077A4D05-90D5-AF2A-B689-A4F52E73EBA2 HTTP/1.1" 200 73261
47.128.17.100 - - [19/Jun/2024:23:54:18 +0200] "GET /ticket2/opencms/system/modules/com.gridnine.opencms.ticketbrokerage.site/resources/pics/logo-new.png HTTP/1.1" 200 13541
47.128.17.100 - - [19/Jun/2024:23:54:18 +0200] "GET /ticket2/opencms/system/modules/com.gridnine.opencms.ticketbrokerage.site/resources/pics/bank_1_nordea.png HTTP/1.1" 200 4807
47.128.17.100 - - [19/Jun/2024:23:54:19 +0200] "GET /ticket2/opencms/system/modules/com.gridnine.opencms.ticketbrokerage.site/resources/pics/bank_4_seb.png HTTP/1.1" 200 2487
47.128.17.100 - - [19/Jun/2024:23:54:19 +0200] "GET /ticket2/opencms/system/modules/com.gridnine.opencms.ticketbrokerage.site/resources/pics/bank_2_handelsbanken.png HTTP/1.1" 200 4509
47.128.17.100 - - [19/Jun/2024:23:54:19 +0200] "GET /ticket2/opencms/system/modules/com.gridnine.opencms.ticketbrokerage.site/resources/pics/bank_5_visa_mastercard.png HTTP/1.1" 200 8196
47.128.17.100 - - [19/Jun/2024:23:54:19 +0200] "GET /ticket2/opencms/system/modules/com.gridnine.opencms.ticketbrokerage.site/resources/pics/bank_3_swedbank.png HTTP/1.1" 200 5740
47.128.17.100 - - [19/Jun/2024:23:54:19 +0200] "GET /ticket2/opencms/system/modules/com.gridnine.opencms.ticketbrokerage.site/resources/pics/bank_6_american_express.png HTTP/1.1" 200 5570
135.181.213.220 - - [19/Jun/2024:23:54:22 +0200] "GET /ticket2/opencms/dk/en/buy/?page=1&edid=58535046-72BE-3CE1-BB9E-910DEDB611D2&sortorder=desc&column=row HTTP/1.1" 404 -
185.191.171.2 - - [19/Jun/2024:23:54:22 +0200] "GET /ticket2/opencms/no/sport/fotballsbilletter/bundesliga/wolfsburg/ HTTP/1.1" 200 73667
135.181.213.220 - - [19/Jun/2024:23:54:27 +0200] "GET /ticket2/opencms/dk/en/buy/?page=1&edid=58535046-72BE-3CE1-BB9E-910DEDB611D2&sortorder=desc&column=section HTTP/1.1" 404 -
135.181.213.220 - - [19/Jun/2024:23:54:32 +0200] "GET /ticket2/opencms/dk/en/buy/?page=1&edid=5877502F-33A9-B911-A118-3E4D91F5A611 HTTP/1.1" 404 -
216.245.221.83 - - [19/Jun/2024:23:54:33 +0200] "HEAD /ticket2/opencms/ HTTP/1.1" 302 -
216.245.221.83 - - [19/Jun/2024:23:54:33 +0200] "HEAD /ticket2/opencms/en/ HTTP/1.1" 200 -
135.181.213.220 - - [19/Jun/2024:23:54:37 +0200] "GET /ticket2/opencms/dk/en/buy/?page=1&edid=5877502F-33A9-B911-A118-3E4D91F5A611&sortorder=desc&column=row HTTP/1.1" 404 -
195.201.168.79 - - [19/Jun/2024:23:54:41 +0200] "GET /ticket2/opencms/it/ HTTP/1.1" 200 106940
135.181.213.220 - - [19/Jun/2024:23:54:41 +0200] "GET /ticket2/opencms/dk/en/buy/?page=1&edid=58A46E7C-4ABE-8271-D92C-868C096B62C8&sortorder=desc&column=price HTTP/1.1" 404 -
135.181.213.220 - - [19/Jun/2024:23:54:46 +0200] "GET /ticket2/opencms/dk/en/buy/?page=1&edid=58A46E7C-4ABE-8271-D92C-868C096B62C8&sortorder=desc&column=row HTTP/1.1" 404 -
135.181.213.220 - - [19/Jun/2024:23:54:51 +0200] "GET /ticket2/opencms/dk/en/buy/?page=1&edid=59F0DE00-1B53-7658-FC68-FAEBC9123383&sortorder=desc&column=row HTTP/1.1" 404 -
135.181.213.220 - - [19/Jun/2024:23:54:56 +0200] "GET /ticket2/opencms/dk/en/buy/?page=1&edid=59FAD84D-21B6-B85E-638B-7426E55D5A5D&sortorder=desc&column=row HTTP/1.1" 404 -
66.249.77.64 - - [19/Jun/2024:23:54:56 +0200] "GET /ticket2/opencms/es/buy/?page=1&edid=3E205A07-7516-5FC3-D650-E60EBF6B7DA0 HTTP/1.1" 200 88941
66.249.77.231 - - [19/Jun/2024:23:54:58 +0200] "GET /ticket2/opencms/es/buy?page=1&edid=EB41B390-6AF7-F6BB-2724-9D4D4320B605 HTTP/1.1" 200 111993
135.181.213.220 - - [19/Jun/2024:23:55:01 +0200] "GET /ticket2/opencms/dk/en/buy/?page=1&edid=5A53D059-2717-7212-ED4E-000015E5862F&sortorder=asc&column=row HTTP/1.1" 404 -
135.181.213.220 - - [19/Jun/2024:23:55:06 +0200] "GET /ticket2/opencms/dk/en/buy/?page=1&edid=5A53D059-2717-7212-ED4E-000015E5862F&sortorder=asc&column=section HTTP/1.1" 404 -
114.119.172.216 - - [19/Jun/2024:23:55:10 +0200] "GET /ticket2/opencms/en/venue/?venueid=8F5E4425-8141-7E8A-A807-2D9CCA042D40 HTTP/1.1" 200 71353
135.181.213.220 - - [19/Jun/2024:23:55:11 +0200] "GET /ticket2/opencms/dk/en/buy/?page=1&edid=5B004ED5-15FD-EC78-6553-2B09565E5F76&sortorder=desc&column=price HTTP/1.1" 404 -
31.220.87.217 - - [19/Jun/2024:23:55:13 +0200] "GET /ticket2/opencms/dk/en/buy/?page=1&edid=9943DFE7-2BF6-94F3-39CE-A07340F39F5D&sortorder=asc&column=section HTTP/1.1" 404 -
