151.248.199.11 - - [19/Jun/2024:00:18:54 +0200] "GET /ticket2/opencms/system/modules/com.gridnine.opencms.ticketbrokerage.site/resources/pics/arrow.gif HTTP/1.1" 200 344
151.248.199.11 - - [19/Jun/2024:00:18:54 +0200] "GET /ticket2/opencms/system/modules/com.gridnine.opencms.ticketbrokerage.site/resources/css/ticketbrokerage.css HTTP/1.1" 200 39339
151.248.199.11 - - [19/Jun/2024:00:18:55 +0200] "GET /ticket2/opencms/system/modules/com.gridnine.opencms.ticketbrokerage.site/resources/pics/form_marker.gif HTTP/1.1" 200 43
151.248.199.11 - - [19/Jun/2024:00:18:55 +0200] "GET /ticket2/opencms/system/modules/com.gridnine.opencms.ticketbrokerage.site/resources/pics/button1_left.gif HTTP/1.1" 200 232
151.248.199.11 - - [19/Jun/2024:00:18:55 +0200] "GET /ticket2/opencms/system/modules/com.gridnine.opencms.ticketbrokerage.site/resources/pics/button1_right.gif HTTP/1.1" 200 232
151.248.199.11 - - [19/Jun/2024:00:18:55 +0200] "GET /ticket2/opencms/system/modules/com.gridnine.opencms.ticketbrokerage.site/resources/pics/button1_center.gif HTTP/1.1" 200 66
188.165.215.206 - - [19/Jun/2024:00:18:57 +0200] "GET /ticket2/opencms/en/buy/?page=1&edid=566FFA7F-9037-93B7-9175-A771BF4D35F4&sortorder=asc&column=price HTTP/1.1" 200 87231
151.248.199.11 - - [19/Jun/2024:00:19:02 +0200] "GET /ticket2/opencms/en/ HTTP/1.1" 200 109775
151.248.199.11 - - [19/Jun/2024:00:19:02 +0200] "GET /ticket2/opencms/system/modules/com.gridnine.opencms.ticketbrokerage.site/resources/css/ticketbrokerage.css HTTP/1.1" 200 39339
151.248.199.11 - - [19/Jun/2024:00:19:02 +0200] "GET /ticket2/opencms/system/modules/com.gridnine.opencms.ticketbrokerage.site/resources/css/calendar.css HTTP/1.1" 200 6871
151.248.199.11 - - [19/Jun/2024:00:19:02 +0200] "GET /ticket2/opencms/system/modules/com.gridnine.opencms.ticketbrokerage.site/resources/js/functions.js HTTP/1.1" 200 1583
151.248.199.11 - - [19/Jun/2024:00:19:02 +0200] "GET /ticket2/opencms/system/modules/com.gridnine.opencms.ticketbrokerage.site/resources/css/standard.css HTTP/1.1" 200 71935
151.248.199.11 - - [19/Jun/2024:00:19:02 +0200] "GET /ticket2/opencms/system/modules/com.gridnine.opencms.ticketbrokerage.site/resources/js/calendar.js HTTP/1.1" 200 49229
151.248.199.11 - - [19/Jun/2024:00:19:02 +0200] "GET /ticket2/opencms/system/modules/com.gridnine.opencms.ticketbrokerage.site/resources/js/calendar-en.js HTTP/1.1" 200 3338
151.248.199.11 - - [19/Jun/2024:00:19:02 +0200] "GET /ticket2/opencms/system/modules/com.gridnine.opencms.ticketbrokerage.site/resources/js/calendar-setup.js HTTP/1.1" 200 4923
151.248.199.11 - - [19/Jun/2024:00:19:02 +0200] "GET /ticket2/opencms/system/modules/com.gridnine.opencms.ticketbrokerage.site/resources/js/standard.js HTTP/1.1" 200 3978
114.119.140.175 - - [19/Jun/2024:00:19:03 +0200] "GET /ticket2/opencms/en/buy?page=1&edid=73DCD0AE-9ABE-D92B-9524-5973CAF97B92 HTTP/1.1" 200 88463
216.245.221.83 - - [19/Jun/2024:00:19:11 +0200] "HEAD /ticket2/opencms/ HTTP/1.1" 302 -
216.245.221.83 - - [19/Jun/2024:00:19:11 +0200] "HEAD /ticket2/opencms/en/ HTTP/1.1" 200 -
188.165.215.206 - - [19/Jun/2024:00:19:13 +0200] "GET /ticket2/opencms/sv/buy/?page=1&edid=1458859C-E858-52DA-0F43-540E33F6BFFF&sortorder=asc&column=section HTTP/1.1" 200 87731
188.165.215.206 - - [19/Jun/2024:00:19:23 +0200] "GET /ticket2/opencms/sv/buy/?page=1&edid=16D8D8B6-E3B7-19D1-2440-03B3A2E90B73 HTTP/1.1" 200 85283
185.191.171.3 - - [19/Jun/2024:00:19:27 +0200] "GET /ticket2/opencms/de/magazine/article?title=kaufe-bundesliga-tickets-auf-ticket2com HTTP/1.1" 200 73965
66.249.75.42 - - [19/Jun/2024:00:19:31 +0200] "GET /ticket2/opencms/no/buy?page=1&edid=096598FE-DA35-4351-DFEE-DC9ACA0F0EF9 HTTP/1.1" 200 112424
66.249.77.64 - - [19/Jun/2024:00:19:32 +0200] "GET /ticket2/opencms/fr/selling_tickets/ HTTP/1.1" 500 -
188.165.215.206 - - [19/Jun/2024:00:19:39 +0200] "GET /ticket2/opencms/sv/buy/?page=1&edid=16D8D8B6-E3B7-19D1-2440-03B3A2E90B73&sortorder=asc&column=section HTTP/1.1" 200 85319
85.208.96.200 - - [19/Jun/2024:00:19:45 +0200] "GET /ticket2/opencms/sv/sport/fotbollsbiljetter/premier_league/norwich_city/ HTTP/1.1" 200 73711
188.165.215.206 - - [19/Jun/2024:00:19:49 +0200] "GET /ticket2/opencms/sv/buy/?page=1&edid=37A62C7A-4F64-DC1D-29D1-D3D9E8F83CB5&sortorder=asc&column=price HTTP/1.1" 200 87596
151.248.199.11 - - [19/Jun/2024:00:19:50 +0200] "GET /ticket2/opencms/en/search.html?searchQuery=France&submit= HTTP/1.1" 200 92763
151.248.199.11 - - [19/Jun/2024:00:19:50 +0200] "GET /ticket2/opencms/en/ask-form.html HTTP/1.1" 200 3146
188.165.215.206 - - [19/Jun/2024:00:19:58 +0200] "GET /ticket2/opencms/sv/buy/?page=1&edid=37A62C7A-4F64-DC1D-29D1-D3D9E8F83CB5&sortorder=asc&column=row HTTP/1.1" 200 87596
188.165.215.206 - - [19/Jun/2024:00:20:06 +0200] "GET /ticket2/opencms/sv/buy/?page=1&edid=37A62C7A-4F64-DC1D-29D1-D3D9E8F83CB5&sortorder=asc&column=section HTTP/1.1" 200 87596
216.244.66.238 - - [19/Jun/2024:00:20:10 +0200] "GET /ticket2/opencms/robots.txt HTTP/1.1" 200 773
216.244.66.238 - - [19/Jun/2024:00:20:10 +0200] "GET /ticket2/opencms/robots.txt HTTP/1.1" 200 773
188.165.215.206 - - [19/Jun/2024:00:20:13 +0200] "GET /ticket2/opencms/sv/buy/?page=1&edid=3AB0283C-6FA7-DBBB-1BBE-6183E113EB0D&sortorder=asc&column=price HTTP/1.1" 200 87504
185.191.171.11 - - [19/Jun/2024:00:20:19 +0200] "GET /ticket2/opencms/no/sport/fotballsbilletter/champions_league/dortmund/ HTTP/1.1" 200 74019
188.165.215.206 - - [19/Jun/2024:00:20:21 +0200] "GET /ticket2/opencms/sv/buy/?page=1&edid=3AB0283C-6FA7-DBBB-1BBE-6183E113EB0D&sortorder=asc&column=row HTTP/1.1" 200 87504
94.16.213.86 - - [19/Jun/2024:00:20:23 +0200] "GET /ticket2/opencms/set_aff_cookie.jsp?partner=53673ED6-1455-FA54-818F-B1F67121E37C&url=/de/buy/index.html%3Fpage%3D1%26edid%3DF78B03FA-4A60-BDC0-B4DA-96975C817683%26hlv%3D666cb16a-b050-4f58-837f-43070a01000f%23v1593772375 HTTP/1.1" 200 225
94.16.213.86 - - [19/Jun/2024:00:20:23 +0200] "GET /ticket2/opencms/de/buy/?page=1&edid=F78B03FA-4A60-BDC0-B4DA-96975C817683&hlv=666cb16a-b050-4f58-837f-43070a01000f HTTP/1.1" 200 116708
94.16.213.86 - - [19/Jun/2024:00:20:24 +0200] "GET /ticket2/opencms/system/modules/com.gridnine.opencms.ticketbrokerage.site/resources/css/ticketbrokerage.css HTTP/1.1" 200 39339
94.16.213.86 - - [19/Jun/2024:00:20:24 +0200] "GET /ticket2/opencms/system/modules/com.gridnine.opencms.ticketbrokerage.site/resources/css/calendar.css HTTP/1.1" 200 6871
94.16.213.86 - - [19/Jun/2024:00:20:24 +0200] "GET /ticket2/opencms/system/modules/com.gridnine.opencms.ticketbrokerage.site/resources/css/jquery-ui.css HTTP/1.1" 200 33221
94.16.213.86 - - [19/Jun/2024:00:20:24 +0200] "GET /ticket2/opencms/system/modules/com.gridnine.opencms.ticketbrokerage.site/resources/css/jquery.fancybox.css HTTP/1.1" 200 4939
94.16.213.86 - - [19/Jun/2024:00:20:24 +0200] "GET /ticket2/opencms/system/modules/com.gridnine.opencms.ticketbrokerage.site/resources/css/standard.css HTTP/1.1" 200 71935
94.16.213.86 - - [19/Jun/2024:00:20:24 +0200] "GET /ticket2/opencms/system/modules/com.gridnine.opencms.ticketbrokerage.site/resources/js/jquery/jquery.js HTTP/1.1" 200 93868
94.16.213.86 - - [19/Jun/2024:00:20:24 +0200] "GET /ticket2/opencms/system/modules/com.gridnine.opencms.ticketbrokerage.site/resources/js/jquery/jquery-ui.js HTTP/1.1" 200 228088
94.16.213.86 - - [19/Jun/2024:00:20:24 +0200] "GET /ticket2/opencms/system/modules/com.gridnine.opencms.ticketbrokerage.site/resources/js/functions.js HTTP/1.1" 200 1583
94.16.213.86 - - [19/Jun/2024:00:20:24 +0200] "GET /ticket2/opencms/system/modules/com.gridnine.opencms.ticketbrokerage.site/resources/js/calendar.js HTTP/1.1" 200 49229
94.16.213.86 - - [19/Jun/2024:00:20:24 +0200] "GET /ticket2/opencms/system/modules/com.gridnine.opencms.ticketbrokerage.site/resources/js/calendar-en.js HTTP/1.1" 200 3338
94.16.213.86 - - [19/Jun/2024:00:20:24 +0200] "GET /ticket2/opencms/system/modules/com.gridnine.opencms.ticketbrokerage.site/resources/js/calendar-setup.js HTTP/1.1" 200 4923
94.16.213.86 - - [19/Jun/2024:00:20:24 +0200] "GET /ticket2/opencms/system/modules/com.gridnine.opencms.ticketbrokerage.site/resources/js/jquery.fancybox.pack.js HTTP/1.1" 200 23187
94.16.213.86 - - [19/Jun/2024:00:20:24 +0200] "GET /ticket2/opencms/system/modules/com.gridnine.opencms.ticketbrokerage.site/resources/js/stickyfill.min.js HTTP/1.1" 200 5672
94.16.213.86 - - [19/Jun/2024:00:20:24 +0200] "GET /ticket2/opencms/system/modules/com.gridnine.opencms.ticketbrokerage.site/resources/js/standard.js HTTP/1.1" 200 3978
94.16.213.86 - - [19/Jun/2024:00:20:24 +0200] "GET /ticket2/opencms/system/modules/com.gridnine.opencms.ticketbrokerage.site/resources/js/common-ajax.js HTTP/1.1" 200 20175
94.16.213.86 - - [19/Jun/2024:00:20:24 +0200] "GET /ticket2/opencms/system/modules/com.gridnine.opencms.ticketbrokerage.site/resources/js/jquery.placeholder.min.js HTTP/1.1" 200 1737
94.16.213.86 - - [19/Jun/2024:00:20:24 +0200] "GET /ticket2/opencms/img/icons/no.png HTTP/1.1" 200 1958
94.16.213.86 - - [19/Jun/2024:00:20:24 +0200] "GET /ticket2/opencms/img/icons/se.png HTTP/1.1" 200 1258
94.16.213.86 - - [19/Jun/2024:00:20:24 +0200] "GET /ticket2/opencms/system/modules/com.gridnine.opencms.ticketbrokerage.site/resources/pics/logo-new.png HTTP/1.1" 200 13541
94.16.213.86 - - [19/Jun/2024:00:20:24 +0200] "GET /ticket2/opencms/img/insta.png HTTP/1.1" 200 3967
94.16.213.86 - - [19/Jun/2024:00:20:24 +0200] "GET /ticket2/opencms/img/fb.png HTTP/1.1" 200 1269
94.16.213.86 - - [19/Jun/2024:00:20:24 +0200] "GET /ticket2/opencms/venue/anfield.png HTTP/1.1" 200 21218
94.16.213.86 - - [19/Jun/2024:00:20:24 +0200] "GET /ticket2/opencms/system/modules/com.gridnine.opencms.ticketbrokerage.site/resources/pics/two_man.png HTTP/1.1" 200 3407
94.16.213.86 - - [19/Jun/2024:00:20:24 +0200] "GET /ticket2/opencms/system/modules/com.gridnine.opencms.ticketbrokerage.site/resources/pics/0.gif HTTP/1.1" 200 43
94.16.213.86 - - [19/Jun/2024:00:20:24 +0200] "GET /ticket2/opencms/system/modules/com.gridnine.opencms.ticketbrokerage.site/resources/pics/ticket_info_button.png HTTP/1.1" 200 3820
94.16.213.86 - - [19/Jun/2024:00:20:24 +0200] "GET /ticket2/opencms/system/modules/com.gridnine.opencms.ticketbrokerage.site/resources/pics/bank_1_nordea.png HTTP/1.1" 200 4807
94.16.213.86 - - [19/Jun/2024:00:20:24 +0200] "GET /ticket2/opencms/system/modules/com.gridnine.opencms.ticketbrokerage.site/resources/pics/bank_2_handelsbanken.png HTTP/1.1" 200 4509
94.16.213.86 - - [19/Jun/2024:00:20:24 +0200] "GET /ticket2/opencms/de/ask-form.html HTTP/1.1" 200 3156
94.16.213.86 - - [19/Jun/2024:00:20:24 +0200] "GET /ticket2/opencms/system/modules/com.gridnine.opencms.ticketbrokerage.site/resources/pics/bank_3_swedbank.png HTTP/1.1" 200 5740
94.16.213.86 - - [19/Jun/2024:00:20:24 +0200] "GET /ticket2/opencms/system/modules/com.gridnine.opencms.ticketbrokerage.site/resources/pics/bank_4_seb.png HTTP/1.1" 200 2487
94.16.213.86 - - [19/Jun/2024:00:20:24 +0200] "GET /ticket2/opencms/system/modules/com.gridnine.opencms.ticketbrokerage.site/resources/pics/bank_6_american_express.png HTTP/1.1" 200 5570
94.16.213.86 - - [19/Jun/2024:00:20:24 +0200] "GET /ticket2/opencms/system/modules/com.gridnine.opencms.ticketbrokerage.site/resources/pics/bank_5_visa_mastercard.png HTTP/1.1" 200 8196
94.16.213.86 - - [19/Jun/2024:00:20:24 +0200] "GET /ticket2/opencms/img/check.png HTTP/1.1" 200 548
94.16.213.86 - - [19/Jun/2024:00:20:24 +0200] "GET /ticket2/opencms/img/mail.png HTTP/1.1" 200 403
94.16.213.86 - - [19/Jun/2024:00:20:24 +0200] "GET /ticket2/opencms/img/chat.png HTTP/1.1" 200 416
94.16.213.86 - - [19/Jun/2024:00:20:24 +0200] "GET /ticket2/opencms/img/arrow-down.png HTTP/1.1" 200 192
94.16.213.86 - - [19/Jun/2024:00:20:24 +0200] "GET /ticket2/opencms/img/arrow.png HTTP/1.1" 200 753
94.16.213.86 - - [19/Jun/2024:00:20:24 +0200] "GET /ticket2/opencms/de/ask-form.html HTTP/1.1" 200 3156
94.16.213.86 - - [19/Jun/2024:00:20:24 +0200] "GET /ticket2/opencms/img/icons/se.png HTTP/1.1" 200 1258
94.16.213.86 - - [19/Jun/2024:00:20:24 +0200] "GET /ticket2/opencms/img/icons/dk.png HTTP/1.1" 200 1706
94.16.213.86 - - [19/Jun/2024:00:20:24 +0200] "GET /ticket2/opencms/img/icons/no.png HTTP/1.1" 200 1958
94.16.213.86 - - [19/Jun/2024:00:20:25 +0200] "GET /ticket2/opencms/img/icons/globe-white.png HTTP/1.1" 200 947
94.16.213.86 - - [19/Jun/2024:00:20:25 +0200] "GET /ticket2/opencms/img/icons/fi.png HTTP/1.1" 200 1785
94.16.213.86 - - [19/Jun/2024:00:20:25 +0200] "GET /ticket2/opencms/img/icons/fr.png HTTP/1.1" 200 1764
94.16.213.86 - - [19/Jun/2024:00:20:25 +0200] "GET /ticket2/opencms/img/icons/de.png HTTP/1.1" 200 1124
94.16.213.86 - - [19/Jun/2024:00:20:25 +0200] "GET /ticket2/opencms/img/icons/nl.png HTTP/1.1" 200 1255
94.16.213.86 - - [19/Jun/2024:00:20:25 +0200] "GET /ticket2/opencms/img/icons/it.png HTTP/1.1" 200 2040
94.16.213.86 - - [19/Jun/2024:00:20:25 +0200] "GET /ticket2/opencms/img/icons/es.png HTTP/1.1" 200 1005
94.16.213.86 - - [19/Jun/2024:00:20:25 +0200] "GET /ticket2/opencms/system/modules/com.gridnine.opencms.ticketbrokerage.site/resources/pics/arrow.gif HTTP/1.1" 200 344
94.16.213.86 - - [19/Jun/2024:00:20:25 +0200] "GET /ticket2/opencms/system/modules/com.gridnine.opencms.ticketbrokerage.site/resources/css/ticketbrokerage.css HTTP/1.1" 200 39339
94.16.213.86 - - [19/Jun/2024:00:20:25 +0200] "GET /ticket2/opencms/img/icons/en.png HTTP/1.1" 200 2415
94.16.213.86 - - [19/Jun/2024:00:20:25 +0200] "GET /ticket2/opencms/favicon.ico HTTP/1.1" 200 1406
94.16.213.86 - - [19/Jun/2024:00:20:25 +0200] "GET /ticket2/opencms/system/modules/com.gridnine.opencms.ticketbrokerage.site/resources/js/standard.js HTTP/1.1" 200 3978
85.208.96.199 - - [19/Jun/2024:00:20:26 +0200] "GET /ticket2/opencms/sv/sport/fotbollsbiljetter/uefa-champions-league/ac_milan/ HTTP/1.1" 200 72976
94.16.213.86 - - [19/Jun/2024:00:20:27 +0200] "GET /ticket2/opencms/system/modules/com.gridnine.opencms.ticketbrokerage.site/resources/css/images/ui-bg_flat_75_ffffff_40x100.png HTTP/1.1" 404 -
188.165.215.206 - - [19/Jun/2024:00:20:28 +0200] "GET /ticket2/opencms/sv/buy/?page=1&edid=3AB0283C-6FA7-DBBB-1BBE-6183E113EB0D&sortorder=asc&column=section HTTP/1.1" 200 87504
66.249.77.65 - - [19/Jun/2024:00:20:33 +0200] "GET /ticket2/opencms/fr/magazine/article?title=deuxieme-place-deuxieme-annee-consecutive HTTP/1.1" 200 73693
188.165.215.206 - - [19/Jun/2024:00:20:35 +0200] "GET /ticket2/opencms/sv/buy/?page=1&edid=40FAD1FD-9458-D5DD-799D-562DA9E72A05&sortorder=desc&column=price HTTP/1.1" 200 88650
114.119.138.151 - - [19/Jun/2024:00:20:36 +0200] "GET /ticket2/opencms/en/buy/?page=1&edid=0F98CD6C-31AE-4A8C-45FF-398677E3B770 HTTP/1.1" 200 88360
188.165.215.206 - - [19/Jun/2024:00:20:41 +0200] "GET /ticket2/opencms/sv/buy/?page=1&edid=40FAD1FD-9458-D5DD-799D-562DA9E72A05&sortorder=desc&column=section HTTP/1.1" 200 88650
188.165.215.206 - - [19/Jun/2024:00:20:48 +0200] "GET /ticket2/opencms/sv/buy/?page=1&edid=4457AAA5-B79C-4CFF-795B-48A1890E4376&sortorder=asc&column=price HTTP/1.1" 200 89144
188.165.215.206 - - [19/Jun/2024:00:20:56 +0200] "GET /ticket2/opencms/sv/buy/?page=1&edid=4457AAA5-B79C-4CFF-795B-48A1890E4376&sortorder=asc&column=row HTTP/1.1" 200 89144
188.165.215.206 - - [19/Jun/2024:00:21:01 +0200] "GET /ticket2/opencms/sv/buy/?page=1&edid=4457AAA5-B79C-4CFF-795B-48A1890E4376&sortorder=asc&column=section HTTP/1.1" 200 89144
216.245.221.83 - - [19/Jun/2024:00:21:08 +0200] "HEAD /ticket2/opencms/ HTTP/1.1" 302 -
188.165.215.206 - - [19/Jun/2024:00:21:09 +0200] "GET /ticket2/opencms/sv/buy/?page=1&edid=4457AAA5-B79C-4CFF-795B-48A1890E4376&sortorder=desc&column=price HTTP/1.1" 200 89143
188.165.215.206 - - [19/Jun/2024:00:21:14 +0200] "GET /ticket2/opencms/sv/buy/?page=1&edid=4457AAA5-B79C-4CFF-795B-48A1890E4376&sortorder=desc&column=row HTTP/1.1" 200 89143
216.245.221.83 - - [19/Jun/2024:00:21:14 +0200] "HEAD /ticket2/opencms/en/ HTTP/1.1" 200 -
188.165.215.206 - - [19/Jun/2024:00:21:21 +0200] "GET /ticket2/opencms/sv/buy/?page=1&edid=4457AAA5-B79C-4CFF-795B-48A1890E4376&sortorder=desc&column=section HTTP/1.1" 200 89143
188.165.215.206 - - [19/Jun/2024:00:21:26 +0200] "GET /ticket2/opencms/sv/buy/?page=1&edid=45CB8F22-42C0-7914-04D5-03069409FF8A&sortorder=asc&column=price HTTP/1.1" 200 87593
188.165.215.206 - - [19/Jun/2024:00:21:35 +0200] "GET /ticket2/opencms/sv/buy/?page=1&edid=45CB8F22-42C0-7914-04D5-03069409FF8A&sortorder=asc&column=row HTTP/1.1" 200 87593
37.123.143.245 - - [19/Jun/2024:00:21:35 +0200] "GET /ticket2/opencms/system/workplace/views/top_foot.jsp?wpFrame=foot HTTP/1.1" 200 1211
37.123.143.245 - - [19/Jun/2024:00:21:35 +0200] "GET /ticket2/opencms/system/workplace/commons/style/workplace.css HTTP/1.1" 200 14209
188.165.215.206 - - [19/Jun/2024:00:21:42 +0200] "GET /ticket2/opencms/sv/buy/?page=1&edid=45CB8F22-42C0-7914-04D5-03069409FF8A&sortorder=asc&column=section HTTP/1.1" 200 87593
85.208.96.197 - - [19/Jun/2024:00:21:48 +0200] "GET /ticket2/opencms/fi/urheilu/jalkapallo/premier_league/sheffield/ HTTP/1.1" 200 73909
188.165.215.206 - - [19/Jun/2024:00:21:48 +0200] "GET /ticket2/opencms/sv/buy/?page=1&edid=482A3E6B-F6F4-FCF6-CF6F-F9FEE87AC240&sortorder=asc&column=price HTTP/1.1" 200 89136
114.119.140.175 - - [19/Jun/2024:00:21:54 +0200] "GET /ticket2/opencms/en/sell/?edid=D794FAB8-B9EC-5EF3-86BF-E61555A7E1A8 HTTP/1.1" 302 -
188.165.215.206 - - [19/Jun/2024:00:21:55 +0200] "GET /ticket2/opencms/sv/buy/?page=1&edid=482A3E6B-F6F4-FCF6-CF6F-F9FEE87AC240&sortorder=asc&column=row HTTP/1.1" 200 89136
114.119.140.175 - - [19/Jun/2024:00:21:59 +0200] "GET /ticket2/opencms/en/login/?url=/en/sell/ HTTP/1.1" 200 73431
188.165.215.206 - - [19/Jun/2024:00:22:01 +0200] "GET /ticket2/opencms/sv/buy/?page=1&edid=48A3A523-93C2-03B5-226A-1AFF2F8C5684&sortorder=asc&column=row HTTP/1.1" 200 88385
188.165.215.206 - - [19/Jun/2024:00:22:08 +0200] "GET /ticket2/opencms/sv/buy/?page=1&edid=48A3A523-93C2-03B5-226A-1AFF2F8C5684&sortorder=asc&column=section HTTP/1.1" 200 88385
188.165.215.206 - - [19/Jun/2024:00:22:15 +0200] "GET /ticket2/opencms/sv/buy/?page=1&edid=7B816A97-DFDD-2578-676B-C4ACFBE4425C&sortorder=asc&column=price HTTP/1.1" 200 87588
85.208.96.203 - - [19/Jun/2024:00:22:20 +0200] "GET /ticket2/opencms/sv/sport/hockeybiljetter/nhl/detroit-red-wings/ HTTP/1.1" 200 73910
188.165.215.206 - - [19/Jun/2024:00:22:22 +0200] "GET /ticket2/opencms/sv/buy/?page=1&edid=7B816A97-DFDD-2578-676B-C4ACFBE4425C&sortorder=asc&column=row HTTP/1.1" 200 87588
114.119.159.243 - - [19/Jun/2024:00:22:24 +0200] "GET /ticket2/opencms/robots.txt HTTP/1.1" 200 773
188.165.215.206 - - [19/Jun/2024:00:22:29 +0200] "GET /ticket2/opencms/sv/buy/?page=1&edid=7B816A97-DFDD-2578-676B-C4ACFBE4425C&sortorder=asc&column=section HTTP/1.1" 200 87588
5.255.231.45 - - [19/Jun/2024:00:22:32 +0200] "GET /ticket2/opencms/robots.txt HTTP/1.1" 200 773
87.250.224.239 - - [19/Jun/2024:00:22:32 +0200] "GET /ticket2/opencms/en/archive/events/ HTTP/1.1" 200 81313
213.180.203.177 - - [19/Jun/2024:00:22:33 +0200] "GET /ticket2/opencms/system/modules/com.gridnine.opencms.ticketbrokerage.site/resources/js/functions.js HTTP/1.1" 200 1583
95.108.213.128 - - [19/Jun/2024:00:22:33 +0200] "GET /ticket2/opencms/system/modules/com.gridnine.opencms.ticketbrokerage.site/resources/js/jquery/jquery-ui.js HTTP/1.1" 200 228088
95.108.213.212 - - [19/Jun/2024:00:22:33 +0200] "GET /ticket2/opencms/system/modules/com.gridnine.opencms.ticketbrokerage.site/resources/js/calendar-en.js HTTP/1.1" 200 3338
5.255.231.162 - - [19/Jun/2024:00:22:33 +0200] "GET /ticket2/opencms/system/modules/com.gridnine.opencms.ticketbrokerage.site/resources/js/stickyfill.min.js HTTP/1.1" 200 5672
213.180.203.111 - - [19/Jun/2024:00:22:33 +0200] "GET /ticket2/opencms/system/modules/com.gridnine.opencms.ticketbrokerage.site/resources/js/calendar-setup.js HTTP/1.1" 200 4923
87.250.224.6 - - [19/Jun/2024:00:22:33 +0200] "GET /ticket2/opencms/system/modules/com.gridnine.opencms.ticketbrokerage.site/resources/js/jquery/jquery.js HTTP/1.1" 200 93868
114.119.137.145 - - [19/Jun/2024:00:22:36 +0200] "GET /ticket2/opencms/en/venue/?countryid=4067501C-3738-9610-03B0-18FCE6867011 HTTP/1.1" 200 100730
188.165.215.206 - - [19/Jun/2024:00:22:36 +0200] "GET /ticket2/opencms/sv/buy/?page=1&edid=7CB6DA92-BF34-F006-40E6-F85913FB77B6 HTTP/1.1" 200 89017
185.191.171.8 - - [19/Jun/2024:00:22:37 +0200] "GET /ticket2/opencms/fi/ask-form.html HTTP/1.1" 200 3012
188.165.215.206 - - [19/Jun/2024:00:22:41 +0200] "GET /ticket2/opencms/sv/buy/?page=1&edid=87A2E0C8-FB06-9F72-D01C-6586D722A374&sortorder=asc&column=price HTTP/1.1" 200 88379
85.208.96.208 - - [19/Jun/2024:00:22:45 +0200] "GET /ticket2/opencms/fi/search.html?searchQuery=New%252BJersey HTTP/1.1" 200 93236
188.165.215.206 - - [19/Jun/2024:00:22:47 +0200] "GET /ticket2/opencms/sv/buy/?page=1&edid=87A2E0C8-FB06-9F72-D01C-6586D722A374&sortorder=asc&column=row HTTP/1.1" 200 88379
188.165.215.206 - - [19/Jun/2024:00:22:54 +0200] "GET /ticket2/opencms/sv/buy/?page=1&edid=8C5232A8-5B57-EB22-F406-EF5469CA653B&sortorder=asc&column=price HTTP/1.1" 200 87590
35.202.9.133 - - [19/Jun/2024:00:22:54 +0200] "GET / HTTP/1.1" 404 -
188.165.215.206 - - [19/Jun/2024:00:23:00 +0200] "GET /ticket2/opencms/sv/buy/?page=1&edid=8C5232A8-5B57-EB22-F406-EF5469CA653B&sortorder=asc&column=row HTTP/1.1" 200 87590
188.165.215.206 - - [19/Jun/2024:00:23:07 +0200] "GET /ticket2/opencms/sv/buy/?page=1&edid=8C5232A8-5B57-EB22-F406-EF5469CA653B&sortorder=asc&column=section HTTP/1.1" 200 87590
188.165.215.206 - - [19/Jun/2024:00:23:13 +0200] "GET /ticket2/opencms/sv/buy/?page=1&edid=95C100F7-B5CD-CD7A-8304-56237EF6DF6A&sortorder=asc&column=section HTTP/1.1" 200 87595
114.119.138.151 - - [19/Jun/2024:00:23:17 +0200] "GET /ticket2/opencms/en/buy/?page=1&edid=007DD58E-9F47-4404-AD36-B42DD6D220DB HTTP/1.1" 200 86701
188.165.215.206 - - [19/Jun/2024:00:23:20 +0200] "GET /ticket2/opencms/sv/buy/?page=1&edid=98FFAE55-3710-B740-100C-C403A9497864 HTTP/1.1" 200 87556
188.165.215.206 - - [19/Jun/2024:00:23:27 +0200] "GET /ticket2/opencms/sv/buy/?page=1&edid=98FFAE55-3710-B740-100C-C403A9497864&sortorder=asc&column=price HTTP/1.1" 200 87592
188.165.215.206 - - [19/Jun/2024:00:23:33 +0200] "GET /ticket2/opencms/sv/buy/?page=1&edid=98FFAE55-3710-B740-100C-C403A9497864&sortorder=asc&column=row HTTP/1.1" 200 87592
213.180.203.78 - - [19/Jun/2024:00:23:34 +0200] "GET /ticket2/opencms/system/modules/com.gridnine.opencms.ticketbrokerage.site/resources/js/common-ajax.js HTTP/1.1" 200 20175
213.180.203.174 - - [19/Jun/2024:00:23:34 +0200] "GET /ticket2/opencms/system/modules/com.gridnine.opencms.ticketbrokerage.site/resources/js/jquery.placeholder.min.js HTTP/1.1" 200 1737
40.77.167.56 - - [19/Jun/2024:00:23:36 +0200] "GET /ticket2/opencms/sv/search.html?searchQuery=2025 HTTP/1.1" 200 92140
188.165.215.206 - - [19/Jun/2024:00:23:39 +0200] "GET /ticket2/opencms/sv/buy/?page=1&edid=98FFAE55-3710-B740-100C-C403A9497864&sortorder=asc&column=section HTTP/1.1" 200 87592
66.249.75.43 - - [19/Jun/2024:00:23:44 +0200] "GET /ticket2/opencms/fr/sport/billets-football/premier_league/ HTTP/1.1" 500 -
66.249.75.42 - - [19/Jun/2024:00:23:45 +0200] "GET /ticket2/opencms/en/buy?page=1&edid=6312D7C5-4BBF-A97E-B93A-47328366BE18 HTTP/1.1" 200 109962
188.165.215.206 - - [19/Jun/2024:00:23:45 +0200] "GET /ticket2/opencms/sv/buy/?page=1&edid=9CCC60F1-4795-760A-258E-C29F7C9B1FCF&sortorder=asc&column=section HTTP/1.1" 200 88501
66.249.77.64 - - [19/Jun/2024:00:23:46 +0200] "GET /ticket2/opencms/fr/magazine/article?title=crystal-palace HTTP/1.1" 200 76432
188.165.215.206 - - [19/Jun/2024:00:23:51 +0200] "GET /ticket2/opencms/sv/buy/?page=1&edid=9D121C24-BF27-8087-13C4-8C95D3CEB664&sortorder=asc&column=price HTTP/1.1" 200 87581
185.191.171.12 - - [19/Jun/2024:00:23:54 +0200] "GET /ticket2/opencms/sv/sport/fotbollsbiljetter/premier_league/tottenham/ HTTP/1.1" 200 87586
85.208.96.203 - - [19/Jun/2024:00:23:55 +0200] "GET /ticket2/opencms/no/sport/fotballsbilletter/premier_league/fulham/ HTTP/1.1" 200 86201
188.165.215.206 - - [19/Jun/2024:00:23:58 +0200] "GET /ticket2/opencms/sv/buy/?page=1&edid=9D121C24-BF27-8087-13C4-8C95D3CEB664&sortorder=asc&column=row HTTP/1.1" 200 87581
188.165.215.206 - - [19/Jun/2024:00:24:04 +0200] "GET /ticket2/opencms/sv/buy/?page=1&edid=A13AB09A-1792-3DB1-0E6D-51C1B56068D2&sortorder=desc&column=price HTTP/1.1" 200 87551
188.165.215.206 - - [19/Jun/2024:00:24:10 +0200] "GET /ticket2/opencms/sv/buy/?page=6&comcatid=0A6B8208-FDA4-E929-9D72-5312FD481B76&catid=8E4972FC-6E2C-77A4-BB9D-D67BD270A641 HTTP/1.1" 200 75884
216.245.221.83 - - [19/Jun/2024:00:24:11 +0200] "HEAD /ticket2/opencms/ HTTP/1.1" 302 -
216.245.221.83 - - [19/Jun/2024:00:24:11 +0200] "HEAD /ticket2/opencms/en/ HTTP/1.1" 200 -
188.165.215.206 - - [19/Jun/2024:00:24:15 +0200] "GET /ticket2/opencms/sv/buy/?page=6&comcatid=0A6B8208-FDA4-E929-9D72-5312FD481B76&catid=A05A53F7-423D-23BE-575E-EA7B67DE22D9 HTTP/1.1" 200 75893
188.165.215.206 - - [19/Jun/2024:00:24:23 +0200] "GET /ticket2/opencms/sv/buy/?page=6&comcatid=0A6B8208-FDA4-E929-9D72-5312FD481B76&catid=AD8E612F-0F0B-03C9-5236-E4F8B6523945 HTTP/1.1" 200 75893
188.165.215.206 - - [19/Jun/2024:00:24:30 +0200] "GET /ticket2/opencms/sv/buy/?page=6&comcatid=0A6B8208-FDA4-E929-9D72-5312FD481B76&catid=CB847559-7ECA-CC50-D7D2-064AF0C06FB1 HTTP/1.1" 200 75893
188.165.215.206 - - [19/Jun/2024:00:24:37 +0200] "GET /ticket2/opencms/sv/buy/?page=6&comcatid=0A6B8208-FDA4-E929-9D72-5312FD481B76&catid=FCA7FF95-260A-464B-B6FF-A820FCE7DFEF HTTP/1.1" 200 75893
114.119.159.6 - - [19/Jun/2024:00:24:40 +0200] "GET /ticket2/opencms/en/handbook_buyer/ HTTP/1.1" 200 78823
188.165.215.206 - - [19/Jun/2024:00:24:44 +0200] "GET /ticket2/opencms/sv/buy/?page=6&comcatid=97ECA65A-72DA-F9AF-9DBB-245D3CFED1BE&catid=078F99D4-0B9E-E323-5A07-D7B70F6E8874 HTTP/1.1" 200 77351
5.91.236.72 - - [19/Jun/2024:00:24:44 +0200] "GET /ticket2/opencms/en/ HTTP/1.1" 200 109775
5.91.236.72 - - [19/Jun/2024:00:24:44 +0200] "GET /ticket2/opencms/system/modules/com.gridnine.opencms.ticketbrokerage.site/resources/js/jquery/jquery.js HTTP/1.1" 200 93868
5.91.236.72 - - [19/Jun/2024:00:24:44 +0200] "GET /ticket2/opencms/system/modules/com.gridnine.opencms.ticketbrokerage.site/resources/js/jquery/jquery-ui.js HTTP/1.1" 200 228088
5.91.236.72 - - [19/Jun/2024:00:24:45 +0200] "GET /ticket2/opencms/system/modules/com.gridnine.opencms.ticketbrokerage.site/resources/css/calendar.css HTTP/1.1" 200 6871
5.91.236.72 - - [19/Jun/2024:00:24:45 +0200] "GET /ticket2/opencms/system/modules/com.gridnine.opencms.ticketbrokerage.site/resources/css/jquery.fancybox.css HTTP/1.1" 200 4939
5.91.236.72 - - [19/Jun/2024:00:24:45 +0200] "GET /ticket2/opencms/system/modules/com.gridnine.opencms.ticketbrokerage.site/resources/css/standard.css HTTP/1.1" 200 71935
5.91.236.72 - - [19/Jun/2024:00:24:45 +0200] "GET /ticket2/opencms/system/modules/com.gridnine.opencms.ticketbrokerage.site/resources/css/jquery-ui.css HTTP/1.1" 200 33221
5.91.236.72 - - [19/Jun/2024:00:24:45 +0200] "GET /ticket2/opencms/system/modules/com.gridnine.opencms.ticketbrokerage.site/resources/css/ticketbrokerage.css HTTP/1.1" 200 39339
5.91.236.72 - - [19/Jun/2024:00:24:45 +0200] "GET /ticket2/opencms/system/modules/com.gridnine.opencms.ticketbrokerage.site/resources/js/functions.js HTTP/1.1" 200 1583
5.91.236.72 - - [19/Jun/2024:00:24:45 +0200] "GET /ticket2/opencms/system/modules/com.gridnine.opencms.ticketbrokerage.site/resources/js/calendar-en.js HTTP/1.1" 200 3338
5.91.236.72 - - [19/Jun/2024:00:24:45 +0200] "GET /ticket2/opencms/system/modules/com.gridnine.opencms.ticketbrokerage.site/resources/js/calendar.js HTTP/1.1" 200 49229
5.91.236.72 - - [19/Jun/2024:00:24:45 +0200] "GET /ticket2/opencms/system/modules/com.gridnine.opencms.ticketbrokerage.site/resources/js/jquery.fancybox.pack.js HTTP/1.1" 200 23187
5.91.236.72 - - [19/Jun/2024:00:24:45 +0200] "GET /ticket2/opencms/system/modules/com.gridnine.opencms.ticketbrokerage.site/resources/js/calendar-setup.js HTTP/1.1" 200 4923
5.91.236.72 - - [19/Jun/2024:00:24:45 +0200] "GET /ticket2/opencms/system/modules/com.gridnine.opencms.ticketbrokerage.site/resources/js/stickyfill.min.js HTTP/1.1" 200 5672
5.91.236.72 - - [19/Jun/2024:00:24:45 +0200] "GET /ticket2/opencms/system/modules/com.gridnine.opencms.ticketbrokerage.site/resources/js/jquery.placeholder.min.js HTTP/1.1" 200 1737
5.91.236.72 - - [19/Jun/2024:00:24:45 +0200] "GET /ticket2/opencms/system/modules/com.gridnine.opencms.ticketbrokerage.site/resources/js/standard.js HTTP/1.1" 200 3978
5.91.236.72 - - [19/Jun/2024:00:24:45 +0200] "GET /ticket2/opencms/system/modules/com.gridnine.opencms.ticketbrokerage.site/resources/js/common-ajax.js HTTP/1.1" 200 20175
5.91.236.72 - - [19/Jun/2024:00:24:45 +0200] "GET /ticket2/opencms/img/insta.png HTTP/1.1" 200 3967
5.91.236.72 - - [19/Jun/2024:00:24:45 +0200] "GET /ticket2/opencms/system/modules/com.gridnine.opencms.ticketbrokerage.site/resources/pics/logo-new.png HTTP/1.1" 200 13541
5.91.236.72 - - [19/Jun/2024:00:24:45 +0200] "GET /ticket2/opencms/img/icons/globe-white.png HTTP/1.1" 200 947
5.91.236.72 - - [19/Jun/2024:00:24:45 +0200] "GET /ticket2/opencms/img/fb.png HTTP/1.1" 200 1269
5.91.236.72 - - [19/Jun/2024:00:24:45 +0200] "GET /ticket2/opencms/system/modules/com.gridnine.opencms.ticketbrokerage.site/resources/pics/bank_1_nordea.png HTTP/1.1" 200 4807
5.91.236.72 - - [19/Jun/2024:00:24:45 +0200] "GET /ticket2/opencms/system/modules/com.gridnine.opencms.ticketbrokerage.site/resources/pics/bank_2_handelsbanken.png HTTP/1.1" 200 4509
5.91.236.72 - - [19/Jun/2024:00:24:45 +0200] "GET /ticket2/opencms/system/modules/com.gridnine.opencms.ticketbrokerage.site/resources/pics/bank_3_swedbank.png HTTP/1.1" 200 5740
5.91.236.72 - - [19/Jun/2024:00:24:45 +0200] "GET /ticket2/opencms/img/icons/se.png HTTP/1.1" 200 1258
5.91.236.72 - - [19/Jun/2024:00:24:45 +0200] "GET /ticket2/opencms/system/modules/com.gridnine.opencms.ticketbrokerage.site/resources/pics/bank_4_seb.png HTTP/1.1" 200 2487
5.91.236.72 - - [19/Jun/2024:00:24:45 +0200] "GET /ticket2/opencms/system/modules/com.gridnine.opencms.ticketbrokerage.site/resources/pics/bank_5_visa_mastercard.png HTTP/1.1" 200 8196
5.91.236.72 - - [19/Jun/2024:00:24:45 +0200] "GET /ticket2/opencms/img/banner-pl.jpeg HTTP/1.1" 200 41818
5.91.236.72 - - [19/Jun/2024:00:24:45 +0200] "GET /ticket2/opencms/img/icons/no.png HTTP/1.1" 200 1958
5.91.236.72 - - [19/Jun/2024:00:24:46 +0200] "GET /ticket2/opencms/system/modules/com.gridnine.opencms.ticketbrokerage.site/resources/pics/bank_6_american_express.png HTTP/1.1" 200 5570
5.91.236.72 - - [19/Jun/2024:00:24:46 +0200] "GET /ticket2/opencms/img/check.png HTTP/1.1" 200 548
5.91.236.72 - - [19/Jun/2024:00:24:46 +0200] "GET /ticket2/opencms/img/chat.png HTTP/1.1" 200 416
5.91.236.72 - - [19/Jun/2024:00:24:46 +0200] "GET /ticket2/opencms/img/mail.png HTTP/1.1" 200 403
5.91.236.72 - - [19/Jun/2024:00:24:46 +0200] "GET /ticket2/opencms/img/icons/dk.png HTTP/1.1" 200 1706
5.91.236.72 - - [19/Jun/2024:00:24:46 +0200] "GET /ticket2/opencms/img/arrow.png HTTP/1.1" 200 753
5.91.236.72 - - [19/Jun/2024:00:24:46 +0200] "GET /ticket2/opencms/img/icons/fi.png HTTP/1.1" 200 1785
5.91.236.72 - - [19/Jun/2024:00:24:46 +0200] "GET /ticket2/opencms/img/icons/en.png HTTP/1.1" 200 2415
5.91.236.72 - - [19/Jun/2024:00:24:46 +0200] "GET /ticket2/opencms/img/banner-ll.jpeg HTTP/1.1" 200 41825
5.91.236.72 - - [19/Jun/2024:00:24:46 +0200] "GET /ticket2/opencms/img/icons/nl.png HTTP/1.1" 200 1255
5.91.236.72 - - [19/Jun/2024:00:24:46 +0200] "GET /ticket2/opencms/img/icons/fr.png HTTP/1.1" 200 1764
5.91.236.72 - - [19/Jun/2024:00:24:46 +0200] "GET /ticket2/opencms/img/banner-sa.jpeg HTTP/1.1" 200 41270
5.91.236.72 - - [19/Jun/2024:00:24:46 +0200] "GET /ticket2/opencms/img/icons/de.png HTTP/1.1" 200 1124
5.91.236.72 - - [19/Jun/2024:00:24:47 +0200] "GET /ticket2/opencms/img/icons/it.png HTTP/1.1" 200 2040
5.91.236.72 - - [19/Jun/2024:00:24:47 +0200] "GET /ticket2/opencms/img/icons/es.png HTTP/1.1" 200 1005
5.91.236.72 - - [19/Jun/2024:00:24:48 +0200] "GET /ticket2/opencms/system/modules/com.gridnine.opencms.ticketbrokerage.site/resources/js/standard.js HTTP/1.1" 200 3978
5.91.236.72 - - [19/Jun/2024:00:24:48 +0200] "GET /ticket2/opencms/favicon.ico HTTP/1.1" 200 1406
5.91.236.72 - - [19/Jun/2024:00:24:49 +0200] "GET /ticket2/opencms/system/modules/com.gridnine.opencms.ticketbrokerage.site/resources/css/images/ui-bg_flat_75_ffffff_40x100.png HTTP/1.1" 404 -
188.165.215.206 - - [19/Jun/2024:00:24:50 +0200] "GET /ticket2/opencms/sv/buy/?page=6&comcatid=97ECA65A-72DA-F9AF-9DBB-245D3CFED1BE&catid=1656E964-1E02-9A38-D092-65384E60B6EA HTTP/1.1" 200 77349
5.91.236.72 - - [19/Jun/2024:00:24:52 +0200] "GET /ticket2/opencms/en/search.html?searchQuery=Calcutta&submit= HTTP/1.1" 200 91905
5.91.236.72 - - [19/Jun/2024:00:24:52 +0200] "GET /ticket2/opencms/system/modules/com.gridnine.opencms.ticketbrokerage.site/resources/js/functions.js HTTP/1.1" 200 1583
5.91.236.72 - - [19/Jun/2024:00:24:52 +0200] "GET /ticket2/opencms/system/modules/com.gridnine.opencms.ticketbrokerage.site/resources/js/calendar-setup.js HTTP/1.1" 200 4923
5.91.236.72 - - [19/Jun/2024:00:24:52 +0200] "GET /ticket2/opencms/system/modules/com.gridnine.opencms.ticketbrokerage.site/resources/js/standard.js HTTP/1.1" 200 3978
5.91.236.72 - - [19/Jun/2024:00:24:52 +0200] "GET /ticket2/opencms/system/modules/com.gridnine.opencms.ticketbrokerage.site/resources/css/calendar.css HTTP/1.1" 200 6871
5.91.236.72 - - [19/Jun/2024:00:24:52 +0200] "GET /ticket2/opencms/system/modules/com.gridnine.opencms.ticketbrokerage.site/resources/js/calendar.js HTTP/1.1" 200 49229
5.91.236.72 - - [19/Jun/2024:00:24:52 +0200] "GET /ticket2/opencms/system/modules/com.gridnine.opencms.ticketbrokerage.site/resources/js/calendar-en.js HTTP/1.1" 200 3338
5.91.236.72 - - [19/Jun/2024:00:24:52 +0200] "GET /ticket2/opencms/system/modules/com.gridnine.opencms.ticketbrokerage.site/resources/css/standard.css HTTP/1.1" 200 71935
5.91.236.72 - - [19/Jun/2024:00:24:53 +0200] "GET /ticket2/opencms/system/modules/com.gridnine.opencms.ticketbrokerage.site/resources/css/ticketbrokerage.css HTTP/1.1" 200 39339
5.91.236.72 - - [19/Jun/2024:00:24:53 +0200] "GET /ticket2/opencms/system/modules/com.gridnine.opencms.ticketbrokerage.site/resources/pics/partners/fotboll_direkt.png HTTP/1.1" 200 14373
5.91.236.72 - - [19/Jun/2024:00:24:53 +0200] "GET /ticket2/opencms/system/modules/com.gridnine.opencms.ticketbrokerage.site/resources/pics/partners/Hockeysverige.jpg HTTP/1.1" 200 8841
5.91.236.72 - - [19/Jun/2024:00:24:53 +0200] "GET /ticket2/opencms/system/modules/com.gridnine.opencms.ticketbrokerage.site/resources/pics/front_page/sv/elite_prospects.png HTTP/1.1" 200 14543
5.91.236.72 - - [19/Jun/2024:00:24:53 +0200] "GET /ticket2/opencms/en/ask-form.html HTTP/1.1" 200 3146
5.91.236.72 - - [19/Jun/2024:00:24:53 +0200] "GET /ticket2/opencms/system/modules/com.gridnine.opencms.ticketbrokerage.site/resources/pics/category_button_champions_league.png HTTP/1.1" 200 18552
5.91.236.72 - - [19/Jun/2024:00:24:53 +0200] "GET /ticket2/opencms/system/modules/com.gridnine.opencms.ticketbrokerage.site/resources/pics/category_button_la_liga.png HTTP/1.1" 200 19105
5.91.236.72 - - [19/Jun/2024:00:24:53 +0200] "GET /ticket2/opencms/system/modules/com.gridnine.opencms.ticketbrokerage.site/resources/pics/category_button_serie_a.png HTTP/1.1" 200 17592
5.91.236.72 - - [19/Jun/2024:00:24:53 +0200] "GET /ticket2/opencms/system/modules/com.gridnine.opencms.ticketbrokerage.site/resources/css/ticketbrokerage.css HTTP/1.1" 200 39339
5.91.236.72 - - [19/Jun/2024:00:24:53 +0200] "GET /ticket2/opencms/system/modules/com.gridnine.opencms.ticketbrokerage.site/resources/pics/front_page/sv/Svenska_fans.jpg HTTP/1.1" 200 7096
5.91.236.72 - - [19/Jun/2024:00:24:53 +0200] "GET /ticket2/opencms/system/modules/com.gridnine.opencms.ticketbrokerage.site/resources/pics/right_side_bar/fi/facebook.png HTTP/1.1" 200 2017
5.91.236.72 - - [19/Jun/2024:00:24:53 +0200] "GET /ticket2/opencms/system/modules/com.gridnine.opencms.ticketbrokerage.site/resources/pics/category_button_concerts.png HTTP/1.1" 200 15274
5.91.236.72 - - [19/Jun/2024:00:24:53 +0200] "GET /ticket2/opencms/system/modules/com.gridnine.opencms.ticketbrokerage.site/resources/pics/right_side_bar/fi/instagram.png HTTP/1.1" 200 2709
5.91.236.72 - - [19/Jun/2024:00:24:53 +0200] "GET /ticket2/opencms/system/modules/com.gridnine.opencms.ticketbrokerage.site/resources/pics/category_button_bundesliga.png HTTP/1.1" 200 14069
5.91.236.72 - - [19/Jun/2024:00:24:53 +0200] "GET /ticket2/opencms/system/modules/com.gridnine.opencms.ticketbrokerage.site/resources/pics/category_button_nhl.png HTTP/1.1" 200 15354
5.91.236.72 - - [19/Jun/2024:00:24:53 +0200] "GET /ticket2/opencms/system/modules/com.gridnine.opencms.ticketbrokerage.site/resources/pics/category_button_formula_1.png HTTP/1.1" 200 15970
5.91.236.72 - - [19/Jun/2024:00:24:53 +0200] "GET /ticket2/opencms/system/modules/com.gridnine.opencms.ticketbrokerage.site/resources/pics/category_button_sports.png HTTP/1.1" 200 15000
5.91.236.72 - - [19/Jun/2024:00:24:53 +0200] "GET /ticket2/opencms/system/modules/com.gridnine.opencms.ticketbrokerage.site/resources/css/images/ui-bg_flat_75_ffffff_40x100.png HTTP/1.1" 404 -
5.91.236.72 - - [19/Jun/2024:00:24:53 +0200] "GET /ticket2/opencms/system/modules/com.gridnine.opencms.ticketbrokerage.site/resources/pics/arrow.gif HTTP/1.1" 200 344
5.91.236.72 - - [19/Jun/2024:00:24:53 +0200] "GET /ticket2/opencms/system/modules/com.gridnine.opencms.ticketbrokerage.site/resources/pics/form_marker.gif HTTP/1.1" 200 43
5.91.236.72 - - [19/Jun/2024:00:24:53 +0200] "GET /ticket2/opencms/system/modules/com.gridnine.opencms.ticketbrokerage.site/resources/pics/button1_left.gif HTTP/1.1" 200 232
5.91.236.72 - - [19/Jun/2024:00:24:54 +0200] "GET /ticket2/opencms/system/modules/com.gridnine.opencms.ticketbrokerage.site/resources/pics/button1_right.gif HTTP/1.1" 200 232
5.91.236.72 - - [19/Jun/2024:00:24:54 +0200] "GET /ticket2/opencms/system/modules/com.gridnine.opencms.ticketbrokerage.site/resources/pics/button1_center.gif HTTP/1.1" 200 66
188.165.215.206 - - [19/Jun/2024:00:24:56 +0200] "GET /ticket2/opencms/sv/buy/?page=6&comcatid=97ECA65A-72DA-F9AF-9DBB-245D3CFED1BE&catid=2CCC191C-F37F-B9CA-D41C-1204E575B328 HTTP/1.1" 200 77353
188.165.215.206 - - [19/Jun/2024:00:25:01 +0200] "GET /ticket2/opencms/sv/buy/?page=6&comcatid=97ECA65A-72DA-F9AF-9DBB-245D3CFED1BE&catid=81B744E7-1FEE-E757-C0AB-C7AF73CDE252 HTTP/1.1" 200 77348
188.165.215.206 - - [19/Jun/2024:00:25:08 +0200] "GET /ticket2/opencms/sv/buy/?page=6&comcatid=97ECA65A-72DA-F9AF-9DBB-245D3CFED1BE&catid=DA31441B-C568-3C77-D08C-698809032494 HTTP/1.1" 200 77349
188.165.215.206 - - [19/Jun/2024:00:25:13 +0200] "GET /ticket2/opencms/sv/buy/?page=6&comcatid=97ECA65A-72DA-F9AF-9DBB-245D3CFED1BE&catid=E3105E1E-3982-291E-5523-1C1DF161E9B7 HTTP/1.1" 200 77351
188.165.215.206 - - [19/Jun/2024:00:25:19 +0200] "GET /ticket2/opencms/sv/buy/?page=6&comcatid=97ECA65A-72DA-F9AF-9DBB-245D3CFED1BE&catid=F4D223A4-C027-46DC-3DE5-726A23E30A62 HTTP/1.1" 200 77348
188.165.215.206 - - [19/Jun/2024:00:25:25 +0200] "GET /ticket2/opencms/sv/buy/?page=6&comcatid=97ECA65A-72DA-F9AF-9DBB-245D3CFED1BE&catid=F7F89B9B-6697-7881-54AE-4C39276BF1B8 HTTP/1.1" 200 77353
188.165.215.206 - - [19/Jun/2024:00:25:31 +0200] "GET /ticket2/opencms/sv/buy/?page=6&comcatid=97ECA65A-72DA-F9AF-9DBB-245D3CFED1BE&catid=F7FF413B-5FDF-82CF-E5BB-CD4AB6027974 HTTP/1.1" 200 77348
188.165.215.206 - - [19/Jun/2024:00:25:36 +0200] "GET /ticket2/opencms/sv/buy/?page=6&comcatid=A17713B6-D984-201A-4143-ED4DB5ED5C2E&catid=061607E6-22B7-6FFA-03FD-A4B8B13A943F HTTP/1.1" 200 83002
188.165.215.206 - - [19/Jun/2024:00:25:42 +0200] "GET /ticket2/opencms/sv/buy/?page=6&comcatid=A17713B6-D984-201A-4143-ED4DB5ED5C2E&catid=06324577-7173-BAB0-146D-E644C912F7C1 HTTP/1.1" 200 83004
188.165.215.206 - - [19/Jun/2024:00:25:47 +0200] "GET /ticket2/opencms/sv/buy/?page=6&comcatid=A17713B6-D984-201A-4143-ED4DB5ED5C2E&catid=06324577-7173-BAB0-146D-E644C912F7C1&eventid=6B33187E-1E18-E0D8-91BA-321D9FDE0FBE HTTP/1.1" 200 83004
188.165.215.206 - - [19/Jun/2024:00:25:53 +0200] "GET /ticket2/opencms/sv/buy/?page=6&comcatid=A17713B6-D984-201A-4143-ED4DB5ED5C2E&catid=06324577-7173-BAB0-146D-E644C912F7C1&eventid=F6265060-8333-20CB-0429-405892258667 HTTP/1.1" 200 83004
188.165.215.206 - - [19/Jun/2024:00:25:59 +0200] "GET /ticket2/opencms/sv/buy/?page=6&comcatid=A17713B6-D984-201A-4143-ED4DB5ED5C2E&catid=08F27F2A-1872-A39F-A97C-63093E77B18A HTTP/1.1" 200 82995
188.165.215.206 - - [19/Jun/2024:00:26:04 +0200] "GET /ticket2/opencms/sv/buy/?page=6&comcatid=A17713B6-D984-201A-4143-ED4DB5ED5C2E&catid=0A9E385E-33D9-328E-DC79-CA2C7009C829 HTTP/1.1" 200 83003
114.119.159.6 - - [19/Jun/2024:00:26:05 +0200] "GET /ticket2/opencms/en/buy/?page=1&=B0E57073-0256-98A0-79FE-FFD32FC58F4B HTTP/1.1" 200 4403
216.245.221.83 - - [19/Jun/2024:00:26:08 +0200] "HEAD /ticket2/opencms/ HTTP/1.1" 302 -
188.165.215.206 - - [19/Jun/2024:00:26:09 +0200] "GET /ticket2/opencms/sv/buy/?page=6&comcatid=A17713B6-D984-201A-4143-ED4DB5ED5C2E&catid=21C3854B-901E-11F9-7B7D-6838CC6AFAA4 HTTP/1.1" 200 82995
185.191.171.3 - - [19/Jun/2024:00:26:13 +0200] "GET /ticket2/opencms/nl/sport/voetbal-tickets/serie_a/sassuolo/ HTTP/1.1" 200 72121
216.245.221.83 - - [19/Jun/2024:00:26:14 +0200] "HEAD /ticket2/opencms/en/ HTTP/1.1" 200 -
188.165.215.206 - - [19/Jun/2024:00:26:15 +0200] "GET /ticket2/opencms/sv/buy/?page=6&comcatid=A17713B6-D984-201A-4143-ED4DB5ED5C2E&catid=21C3854B-901E-11F9-7B7D-6838CC6AFAA4&eventid=2D54F0A4-B7E5-1986-E461-A23A05E27C76 HTTP/1.1" 200 82995
188.165.215.206 - - [19/Jun/2024:00:26:21 +0200] "GET /ticket2/opencms/sv/buy/?page=6&comcatid=A17713B6-D984-201A-4143-ED4DB5ED5C2E&catid=21C3854B-901E-11F9-7B7D-6838CC6AFAA4&eventid=6FF9EBE1-05EE-AA1E-A54F-A9D14CF13922 HTTP/1.1" 200 82995
188.165.215.206 - - [19/Jun/2024:00:26:28 +0200] "GET /ticket2/opencms/sv/buy/?page=6&comcatid=A17713B6-D984-201A-4143-ED4DB5ED5C2E&catid=21C3854B-901E-11F9-7B7D-6838CC6AFAA4&eventid=ADB4BA94-4A6D-0826-5992-F7DEA47BAAA3 HTTP/1.1" 200 82995
188.165.215.206 - - [19/Jun/2024:00:26:34 +0200] "GET /ticket2/opencms/sv/buy/?page=6&comcatid=A17713B6-D984-201A-4143-ED4DB5ED5C2E&catid=21C3854B-901E-11F9-7B7D-6838CC6AFAA4&eventid=B1E27EAD-2DAB-B132-68A0-815602472CC3 HTTP/1.1" 200 82995
37.123.143.245 - - [19/Jun/2024:00:26:35 +0200] "GET /ticket2/opencms/system/workplace/views/top_foot.jsp?wpFrame=foot HTTP/1.1" 200 1211
37.123.143.245 - - [19/Jun/2024:00:26:35 +0200] "GET /ticket2/opencms/system/workplace/commons/style/workplace.css HTTP/1.1" 200 14209
188.165.215.206 - - [19/Jun/2024:00:26:40 +0200] "GET /ticket2/opencms/sv/buy/?page=6&comcatid=A17713B6-D984-201A-4143-ED4DB5ED5C2E&catid=21C3854B-901E-11F9-7B7D-6838CC6AFAA4&eventid=D0B62F92-773A-01D8-AF39-BADE4098B080 HTTP/1.1" 200 82995
188.165.215.206 - - [19/Jun/2024:00:26:46 +0200] "GET /ticket2/opencms/sv/buy/?page=6&comcatid=A17713B6-D984-201A-4143-ED4DB5ED5C2E&catid=24AC1CA6-1C09-0BE5-C04A-9DCCDB15D5E9 HTTP/1.1" 200 83003
151.248.199.11 - - [19/Jun/2024:00:26:47 +0200] "GET /ticket2/opencms/en/sport/football-tickets/ HTTP/1.1" 200 73316
151.248.199.11 - - [19/Jun/2024:00:26:47 +0200] "GET /ticket2/opencms/system/modules/com.gridnine.opencms.ticketbrokerage.site/resources/css/ticketbrokerage.css HTTP/1.1" 200 39339
151.248.199.11 - - [19/Jun/2024:00:26:47 +0200] "GET /ticket2/opencms/system/modules/com.gridnine.opencms.ticketbrokerage.site/resources/css/calendar.css HTTP/1.1" 200 6871
151.248.199.11 - - [19/Jun/2024:00:26:47 +0200] "GET /ticket2/opencms/system/modules/com.gridnine.opencms.ticketbrokerage.site/resources/js/functions.js HTTP/1.1" 200 1583
151.248.199.11 - - [19/Jun/2024:00:26:47 +0200] "GET /ticket2/opencms/system/modules/com.gridnine.opencms.ticketbrokerage.site/resources/css/standard.css HTTP/1.1" 200 71935
151.248.199.11 - - [19/Jun/2024:00:26:47 +0200] "GET /ticket2/opencms/system/modules/com.gridnine.opencms.ticketbrokerage.site/resources/js/calendar.js HTTP/1.1" 200 49229
151.248.199.11 - - [19/Jun/2024:00:26:47 +0200] "GET /ticket2/opencms/system/modules/com.gridnine.opencms.ticketbrokerage.site/resources/js/standard.js HTTP/1.1" 200 3978
151.248.199.11 - - [19/Jun/2024:00:26:47 +0200] "GET /ticket2/opencms/system/modules/com.gridnine.opencms.ticketbrokerage.site/resources/js/calendar-setup.js HTTP/1.1" 200 4923
151.248.199.11 - - [19/Jun/2024:00:26:47 +0200] "GET /ticket2/opencms/system/modules/com.gridnine.opencms.ticketbrokerage.site/resources/js/calendar-en.js HTTP/1.1" 200 3338
151.248.199.11 - - [19/Jun/2024:00:26:48 +0200] "GET /ticket2/opencms/system/modules/com.gridnine.opencms.ticketbrokerage.site/resources/pics/banners/en/football_en.png HTTP/1.1" 200 71358
151.248.199.11 - - [19/Jun/2024:00:26:48 +0200] "GET /ticket2/opencms/system/modules/com.gridnine.opencms.ticketbrokerage.site/resources/css/images/event-banner.png HTTP/1.1" 404 -
151.248.199.11 - - [19/Jun/2024:00:26:48 +0200] "GET /ticket2/opencms/system/modules/com.gridnine.opencms.ticketbrokerage.site/resources/css/images/ui-bg_flat_75_ffffff_40x100.png HTTP/1.1" 404 -
188.165.215.206 - - [19/Jun/2024:00:26:52 +0200] "GET /ticket2/opencms/sv/buy/?page=6&comcatid=A17713B6-D984-201A-4143-ED4DB5ED5C2E&catid=515A9A29-35A0-2DB8-262B-AEF122DB04F6 HTTP/1.1" 200 83000
185.191.171.1 - - [19/Jun/2024:00:26:53 +0200] "GET /ticket2/opencms/de/sport/fussball-tickets/bundesliga/bayern-munchen/ HTTP/1.1" 200 75606
188.165.215.206 - - [19/Jun/2024:00:26:57 +0200] "GET /ticket2/opencms/sv/buy/?page=6&comcatid=A17713B6-D984-201A-4143-ED4DB5ED5C2E&catid=573B7747-EE85-D769-C87D-F3F61FB64AA5 HTTP/1.1" 200 83006
188.165.215.206 - - [19/Jun/2024:00:27:04 +0200] "GET /ticket2/opencms/sv/buy/?page=6&comcatid=A17713B6-D984-201A-4143-ED4DB5ED5C2E&catid=5A89E483-58AD-080E-F363-E16CE738916A HTTP/1.1" 200 83006
151.248.199.11 - - [19/Jun/2024:00:27:05 +0200] "GET /ticket2/opencms/en/search.html?searchQuery=Netherlands+&submit= HTTP/1.1" 200 91700
151.248.199.11 - - [19/Jun/2024:00:27:05 +0200] "GET /ticket2/opencms/system/modules/com.gridnine.opencms.ticketbrokerage.site/resources/css/ticketbrokerage.css HTTP/1.1" 200 39339
151.248.199.11 - - [19/Jun/2024:00:27:05 +0200] "GET /ticket2/opencms/system/modules/com.gridnine.opencms.ticketbrokerage.site/resources/css/calendar.css HTTP/1.1" 200 6871
151.248.199.11 - - [19/Jun/2024:00:27:05 +0200] "GET /ticket2/opencms/system/modules/com.gridnine.opencms.ticketbrokerage.site/resources/css/standard.css HTTP/1.1" 200 71935
151.248.199.11 - - [19/Jun/2024:00:27:05 +0200] "GET /ticket2/opencms/system/modules/com.gridnine.opencms.ticketbrokerage.site/resources/js/functions.js HTTP/1.1" 200 1583
151.248.199.11 - - [19/Jun/2024:00:27:06 +0200] "GET /ticket2/opencms/system/modules/com.gridnine.opencms.ticketbrokerage.site/resources/js/calendar.js HTTP/1.1" 200 49229
151.248.199.11 - - [19/Jun/2024:00:27:06 +0200] "GET /ticket2/opencms/system/modules/com.gridnine.opencms.ticketbrokerage.site/resources/js/calendar-en.js HTTP/1.1" 200 3338
151.248.199.11 - - [19/Jun/2024:00:27:06 +0200] "GET /ticket2/opencms/system/modules/com.gridnine.opencms.ticketbrokerage.site/resources/js/standard.js HTTP/1.1" 200 3978
151.248.199.11 - - [19/Jun/2024:00:27:06 +0200] "GET /ticket2/opencms/system/modules/com.gridnine.opencms.ticketbrokerage.site/resources/js/calendar-setup.js HTTP/1.1" 200 4923
151.248.199.11 - - [19/Jun/2024:00:27:06 +0200] "GET /ticket2/opencms/en/ask-form.html HTTP/1.1" 200 3146
151.248.199.11 - - [19/Jun/2024:00:27:06 +0200] "GET /ticket2/opencms/system/modules/com.gridnine.opencms.ticketbrokerage.site/resources/css/ticketbrokerage.css HTTP/1.1" 200 39339
188.165.215.206 - - [19/Jun/2024:00:27:10 +0200] "GET /ticket2/opencms/sv/buy/?page=6&comcatid=A17713B6-D984-201A-4143-ED4DB5ED5C2E&catid=5A89E483-58AD-080E-F363-E16CE738916A&eventid=71C5BAEE-C491-0712-FC18-B70E740C173A HTTP/1.1" 200 83006
151.248.199.11 - - [19/Jun/2024:00:27:15 +0200] "GET /ticket2/opencms/en/ HTTP/1.1" 200 109775
151.248.199.11 - - [19/Jun/2024:00:27:15 +0200] "GET /ticket2/opencms/system/modules/com.gridnine.opencms.ticketbrokerage.site/resources/css/calendar.css HTTP/1.1" 200 6871
151.248.199.11 - - [19/Jun/2024:00:27:15 +0200] "GET /ticket2/opencms/system/modules/com.gridnine.opencms.ticketbrokerage.site/resources/css/ticketbrokerage.css HTTP/1.1" 200 39339
151.248.199.11 - - [19/Jun/2024:00:27:16 +0200] "GET /ticket2/opencms/system/modules/com.gridnine.opencms.ticketbrokerage.site/resources/js/functions.js HTTP/1.1" 200 1583
151.248.199.11 - - [19/Jun/2024:00:27:16 +0200] "GET /ticket2/opencms/system/modules/com.gridnine.opencms.ticketbrokerage.site/resources/css/standard.css HTTP/1.1" 200 71935
151.248.199.11 - - [19/Jun/2024:00:27:16 +0200] "GET /ticket2/opencms/system/modules/com.gridnine.opencms.ticketbrokerage.site/resources/js/calendar.js HTTP/1.1" 200 49229
151.248.199.11 - - [19/Jun/2024:00:27:16 +0200] "GET /ticket2/opencms/system/modules/com.gridnine.opencms.ticketbrokerage.site/resources/js/calendar-en.js HTTP/1.1" 200 3338
151.248.199.11 - - [19/Jun/2024:00:27:16 +0200] "GET /ticket2/opencms/system/modules/com.gridnine.opencms.ticketbrokerage.site/resources/js/standard.js HTTP/1.1" 200 3978
151.248.199.11 - - [19/Jun/2024:00:27:16 +0200] "GET /ticket2/opencms/system/modules/com.gridnine.opencms.ticketbrokerage.site/resources/js/calendar-setup.js HTTP/1.1" 200 4923
188.165.215.206 - - [19/Jun/2024:00:27:16 +0200] "GET /ticket2/opencms/sv/buy/?page=6&comcatid=A17713B6-D984-201A-4143-ED4DB5ED5C2E&catid=7EF04817-972D-18B1-F941-DE800D088075 HTTP/1.1" 200 83009
188.165.215.206 - - [19/Jun/2024:00:27:22 +0200] "GET /ticket2/opencms/sv/buy/?page=6&comcatid=A17713B6-D984-201A-4143-ED4DB5ED5C2E&catid=7EF04817-972D-18B1-F941-DE800D088075&eventid=62F59C98-E449-5968-26D5-00A23D535A52 HTTP/1.1" 200 83009
114.119.148.108 - - [19/Jun/2024:00:27:27 +0200] "GET /ticket2/opencms/en/buy/?page=1&=B06AF4F4-E0B4-9C7E-FDA1-698E9F88DF19 HTTP/1.1" 200 4403
