95.91.110.20 - - [19/Jun/2024:01:34:09 +0200] "GET /ticket2/opencms/dk/sv/buy/?page=1&edid=FB228F49-43F5-8157-1817-3F547B5538EF HTTP/1.1" 404 -
216.245.221.83 - - [19/Jun/2024:01:34:10 +0200] "HEAD /ticket2/opencms/ HTTP/1.1" 302 -
194.247.173.99 - - [19/Jun/2024:01:34:11 +0200] "GET /ticket2/opencms/dk/en/buy/?page=1&edid=DA9D2A76-92D5-D9C9-5100-8D5EB69CFF78&sortorder=asc&column=section HTTP/1.1" 404 -
216.245.221.83 - - [19/Jun/2024:01:34:11 +0200] "HEAD /ticket2/opencms/en/ HTTP/1.1" 200 -
194.247.173.99 - - [19/Jun/2024:01:34:12 +0200] "GET /ticket2/opencms/dk/robots.txt HTTP/1.1" 404 -
114.119.159.6 - - [19/Jun/2024:01:34:12 +0200] "GET /ticket2/opencms/en/venue/?venueid=EC472EA6-DB5A-9847-3498-3E97CC377FD4 HTTP/1.1" 200 71344
95.91.110.20 - - [19/Jun/2024:01:34:15 +0200] "GET /ticket2/opencms/dk/sv/buy/?page=10&eventid=FF812D0C-FCB2-7645-0CFD-1ACFB0013262 HTTP/1.1" 404 -
194.247.173.99 - - [19/Jun/2024:01:34:17 +0200] "GET /ticket2/opencms/dk/en/buy/?page=1&edid=DAC245DC-EEF7-3A79-9FA6-14484B0FA3FC HTTP/1.1" 404 -
95.91.110.20 - - [19/Jun/2024:01:34:20 +0200] "GET /ticket2/opencms/dk/sv/buy/?page=10&eventid=FF812D0C-FCB2-7645-0CFD-1ACFB0013262&venueid=084C5FFD-59D7-DA1B-5EFC-5854672C42AB HTTP/1.1" 404 -
194.247.173.99 - - [19/Jun/2024:01:34:22 +0200] "GET /ticket2/opencms/dk/en/buy/?page=1&edid=DAE1C461-9A8D-E773-9EDE-290EE65504CD&sortorder=asc&column=price HTTP/1.1" 404 -
95.91.110.20 - - [19/Jun/2024:01:34:24 +0200] "GET /ticket2/opencms/dk/sv/login/?edid=3F230B6C-1156-63A7-CD56-84FFF19FC0D1 HTTP/1.1" 404 -
194.247.173.99 - - [19/Jun/2024:01:34:27 +0200] "GET /ticket2/opencms/dk/en/buy/?page=1&edid=DAE1C461-9A8D-E773-9EDE-290EE65504CD&sortorder=asc&column=row HTTP/1.1" 404 -
95.91.110.20 - - [19/Jun/2024:01:34:27 +0200] "GET /ticket2/opencms/dk/sv/login/?url=/no/sell/ HTTP/1.1" 404 -
194.247.173.99 - - [19/Jun/2024:01:34:32 +0200] "GET /ticket2/opencms/dk/en/buy/?page=1&edid=DAE1C461-9A8D-E773-9EDE-290EE65504CD&sortorder=asc&column=section HTTP/1.1" 404 -
95.91.110.20 - - [19/Jun/2024:01:34:32 +0200] "GET /ticket2/opencms/dk/sv/login/?url=/no/sell/ HTTP/1.1" 404 -
194.247.173.99 - - [19/Jun/2024:01:34:37 +0200] "GET /ticket2/opencms/dk/en/buy/?page=1&edid=DB1BAA94-7AB4-95B2-8A74-90E6FA06EE12&sortorder=asc&column=row HTTP/1.1" 404 -
194.247.173.99 - - [19/Jun/2024:01:34:42 +0200] "GET /ticket2/opencms/dk/en/buy/?page=1&edid=DB1BAA94-7AB4-95B2-8A74-90E6FA06EE12&sortorder=asc&column=section HTTP/1.1" 404 -
194.247.173.99 - - [19/Jun/2024:01:34:47 +0200] "GET /ticket2/opencms/dk/en/buy/?page=1&edid=DB57BF20-55CC-03D7-EC26-06E9610CC056&sortorder=asc&column=row HTTP/1.1" 404 -
207.46.13.151 - - [19/Jun/2024:01:34:51 +0200] "GET /ticket2/opencms/system/modules/com.gridnine.opencms.ticketbrokerage.site/resources/pics/logo-new.png HTTP/1.1" 200 13541
194.247.173.99 - - [19/Jun/2024:01:34:53 +0200] "GET /ticket2/opencms/dk/en/buy/?page=1&edid=DBAD06DD-B5E6-0770-1537-688D55437E6D&sortorder=asc&column=row HTTP/1.1" 404 -
95.91.110.20 - - [19/Jun/2024:01:34:53 +0200] "GET /ticket2/opencms/dk/sv/login/?edid=3F230B6C-1156-63A7-CD56-84FFF19FC0D1 HTTP/1.1" 404 -
194.247.173.99 - - [19/Jun/2024:01:34:58 +0200] "GET /ticket2/opencms/dk/en/buy/?page=1&edid=DBAD06DD-B5E6-0770-1537-688D55437E6D&sortorder=asc&column=section HTTP/1.1" 404 -
37.123.143.245 - - [19/Jun/2024:01:34:58 +0200] "POST /ticket2/opencms/system/workplace/views/explorer/contextmenu.jsp HTTP/1.1" 200 4720
95.91.110.20 - - [19/Jun/2024:01:34:59 +0200] "GET /ticket2/opencms/dk/sv/login/?edid=A976CD96-16BF-81BA-BF25-EB9127C74D96 HTTP/1.1" 404 -
194.247.173.99 - - [19/Jun/2024:01:35:03 +0200] "GET /ticket2/opencms/dk/en/buy/?page=1&edid=DBB4CDC4-5E0E-656F-1181-66C666A0DBB9&sortorder=desc&column=section HTTP/1.1" 404 -
95.91.110.20 - - [19/Jun/2024:01:35:04 +0200] "GET /ticket2/opencms/dk/sv/login/?edid=CC833B36-DD7F-9B45-5264-9FD44391A499 HTTP/1.1" 404 -
37.123.143.245 - - [19/Jun/2024:01:35:08 +0200] "POST /ticket2/opencms/system/workplace/editors/editor.jsp?editastext=true HTTP/1.1" 200 846
194.247.173.99 - - [19/Jun/2024:01:35:08 +0200] "GET /ticket2/opencms/dk/en/buy/?page=1&edid=DBD2F27E-21DC-3107-D380-75B8CAFA6CB5&sortorder=asc&column=price HTTP/1.1" 404 -
37.123.143.245 - - [19/Jun/2024:01:35:08 +0200] "GET /ticket2/opencms/system/workplace/editors/editor_main.jsp?resourcelist=&editastext=true&resource=%2Fadmin%2Fautomail%2Fno_payment.xml HTTP/1.1" 200 27658
37.123.143.245 - - [19/Jun/2024:01:35:08 +0200] "GET /ticket2/opencms/system/workplace/views/top_foot.jsp HTTP/1.1" 200 1211
37.123.143.245 - - [19/Jun/2024:01:35:08 +0200] "GET /ticket2/opencms/system/workplace/commons/style/workplace.css HTTP/1.1" 200 14209
37.123.143.245 - - [19/Jun/2024:01:35:08 +0200] "GET /ticket2/opencms/system/workplace/commons/style/workplace.css HTTP/1.1" 200 14209
95.91.110.20 - - [19/Jun/2024:01:35:10 +0200] "GET /ticket2/opencms/dk/sv/login/?url=/no/sell/ HTTP/1.1" 404 -
194.247.173.99 - - [19/Jun/2024:01:35:13 +0200] "GET /ticket2/opencms/dk/en/buy/?page=1&edid=DBD2F27E-21DC-3107-D380-75B8CAFA6CB5&sortorder=asc&column=row HTTP/1.1" 404 -
37.123.143.245 - - [19/Jun/2024:01:35:14 +0200] "POST /ticket2/opencms/system/workplace/editors/editor_main.jsp HTTP/1.1" 200 928
37.123.143.245 - - [19/Jun/2024:01:35:14 +0200] "GET /ticket2/opencms/system/workplace/views/top_js.jsp HTTP/1.1" 200 7389
37.123.143.245 - - [19/Jun/2024:01:35:14 +0200] "GET /ticket2/opencms/system/workplace/views/explorer/explorer_fs.jsp?wpFrame=body HTTP/1.1" 200 448
37.123.143.245 - - [19/Jun/2024:01:35:14 +0200] "GET /ticket2/opencms/system/workplace/views/top_head.jsp?wpFrame=head HTTP/1.1" 200 8556
37.123.143.245 - - [19/Jun/2024:01:35:14 +0200] "GET /ticket2/opencms/system/workplace/views/top_foot.jsp?wpFrame=foot HTTP/1.1" 200 1211
37.123.143.245 - - [19/Jun/2024:01:35:14 +0200] "GET /ticket2/opencms/system/workplace/views/explorer/explorer_body_fs.jsp HTTP/1.1" 200 400
37.123.143.245 - - [19/Jun/2024:01:35:14 +0200] "GET /ticket2/opencms/system/workplace/commons/style/workplace.css HTTP/1.1" 200 14209
37.123.143.245 - - [19/Jun/2024:01:35:14 +0200] "GET /ticket2/opencms/system/workplace/commons/style/workplace.css HTTP/1.1" 200 14209
95.91.110.20 - - [19/Jun/2024:01:35:14 +0200] "GET /ticket2/opencms/dk/sv/sell/?edid=6148A2B2-D232-D389-97F0-A33D279676EB HTTP/1.1" 404 -
37.123.143.245 - - [19/Jun/2024:01:35:14 +0200] "GET /ticket2/opencms/system/workplace/views/explorer/tree_fs.jsp HTTP/1.1" 200 3861
37.123.143.245 - - [19/Jun/2024:01:35:14 +0200] "GET /ticket2/opencms/system/workplace/views/explorer/explorer_files.jsp?mode=explorerview HTTP/1.1" 200 3793
37.123.143.245 - - [19/Jun/2024:01:35:14 +0200] "GET /ticket2/opencms/system/workplace/commons/style/workplace.css HTTP/1.1" 200 14209
37.123.143.245 - - [19/Jun/2024:01:35:14 +0200] "GET /ticket2/opencms/system/workplace/views/explorer/tree_files.jsp?resource=/ HTTP/1.1" 200 1275
37.123.143.245 - - [19/Jun/2024:01:35:17 +0200] "POST /ticket2/opencms/system/workplace/views/explorer/contextmenu.jsp HTTP/1.1" 200 4720
95.91.110.20 - - [19/Jun/2024:01:35:18 +0200] "GET /ticket2/opencms/dk/sv/sell/?edid=F079AC7E-D221-F1E2-410C-375B35987091 HTTP/1.1" 404 -
194.247.173.99 - - [19/Jun/2024:01:35:18 +0200] "GET /ticket2/opencms/dk/en/buy/?page=1&edid=DBD2F27E-21DC-3107-D380-75B8CAFA6CB5&sortorder=asc&column=section HTTP/1.1" 404 -
37.123.143.245 - - [19/Jun/2024:01:35:19 +0200] "POST /ticket2/opencms/system/workplace/editors/editor.jsp HTTP/1.1" 200 830
37.123.143.245 - - [19/Jun/2024:01:35:19 +0200] "GET /ticket2/opencms/system/workplace/views/top_foot.jsp HTTP/1.1" 200 1211
37.123.143.245 - - [19/Jun/2024:01:35:19 +0200] "GET /ticket2/opencms/system/workplace/editors/editor_main.jsp?resource=%2Fadmin%2Fautomail%2Fno_payment.xml&resourcelist= HTTP/1.1" 200 878
37.123.143.245 - - [19/Jun/2024:01:35:19 +0200] "GET /ticket2/opencms/system/workplace/commons/style/workplace.css HTTP/1.1" 200 14209
37.123.143.245 - - [19/Jun/2024:01:35:19 +0200] "GET /ticket2/opencms/system/workplace/editors/xmlcontent/editor_buttons.jsp?action=show&resource=%2Fadmin%2Fautomail%2Fno_payment.xml&resourcelist= HTTP/1.1" 200 4706
37.123.143.245 - - [19/Jun/2024:01:35:19 +0200] "GET /ticket2/opencms/system/workplace/commons/style/workplace.css HTTP/1.1" 200 14209
37.123.143.245 - - [19/Jun/2024:01:35:19 +0200] "GET /ticket2/opencms/system/workplace/resources/buttons/publish.png HTTP/1.1" 200 1034
37.123.143.245 - - [19/Jun/2024:01:35:19 +0200] "GET /ticket2/opencms/system/workplace/editors/xmlcontent/editor_form.jsp?resource=%2Fadmin%2Fautomail%2Fno_payment.xml&resourcelist= HTTP/1.1" 200 11154
37.123.143.245 - - [19/Jun/2024:01:35:19 +0200] "GET /ticket2/opencms/system/workplace/commons/style/workplace.css HTTP/1.1" 200 14209
37.123.143.245 - - [19/Jun/2024:01:35:19 +0200] "GET /ticket2/opencms/system/workplace/editors/xmlcontent/editor_buttons.jsp?action=show&resource=%2Fadmin%2Fautomail%2Fno_payment.xml&resourcelist=&elementlanguage=sv HTTP/1.1" 200 4706
37.123.143.245 - - [19/Jun/2024:01:35:19 +0200] "GET /ticket2/opencms/system/workplace/editors/fckeditor/configwidget.js?config=height:500px,link,anchor,imagegallery,downloadgallery,htmlgallery,formatselect,source,tablegallery HTTP/1.1" 200 2826
37.123.143.245 - - [19/Jun/2024:01:35:19 +0200] "GET /ticket2/opencms/system/workplace/resources/buttons/publish.png HTTP/1.1" 200 1034
37.123.143.245 - - [19/Jun/2024:01:35:19 +0200] "GET /ticket2/opencms/system/workplace/commons/style/workplace.css HTTP/1.1" 200 14209
37.123.143.245 - - [19/Jun/2024:01:35:19 +0200] "GET /ticket2/opencms/system/workplace/galleries/imagegallery/fckplugin.js HTTP/1.1" 200 2296
37.123.143.245 - - [19/Jun/2024:01:35:19 +0200] "GET /ticket2/opencms/system/workplace/editors/fckeditor/plugins/opencms/fckplugin.js HTTP/1.1" 200 8963
37.123.143.245 - - [19/Jun/2024:01:35:19 +0200] "GET /ticket2/opencms/system/workplace/galleries/downloadgallery/fckplugin.js HTTP/1.1" 200 1191
37.123.143.245 - - [19/Jun/2024:01:35:19 +0200] "GET /ticket2/opencms/system/workplace/galleries/htmlgallery/fckplugin.js HTTP/1.1" 200 1126
37.123.143.245 - - [19/Jun/2024:01:35:19 +0200] "GET /ticket2/opencms/system/workplace/galleries/tablegallery/fckplugin.js HTTP/1.1" 200 1142
95.91.110.20 - - [19/Jun/2024:01:35:21 +0200] "GET /ticket2/opencms/dk/sv/sell/?edid=F820A2EC-F927-925D-C4BE-7AC75C5AC250 HTTP/1.1" 404 -
194.247.173.99 - - [19/Jun/2024:01:35:23 +0200] "GET /ticket2/opencms/dk/en/buy/?page=1&edid=DC8069FD-BEE7-059E-7CC4-06AD65989F0F&sortorder=asc&column=section HTTP/1.1" 404 -
95.91.110.20 - - [19/Jun/2024:01:35:25 +0200] "GET /ticket2/opencms/dk/sv/sell/?edid=F9BBE6C5-FC76-172B-1A0C-2F0C14E7CDB9 HTTP/1.1" 404 -
52.167.144.161 - - [19/Jun/2024:01:35:26 +0200] "GET /ticket2/opencms/fi/buy/?page=6&comcatid=A17713B6-D984-201A-4143-ED4DB5ED5C2E&catid=82F804FA-9F69-CB6B-D41D-7BF7C716058B&eventid=27C48719-FB8D-3D59-B591-23B80D444E25 HTTP/1.1" 200 88522
194.247.173.99 - - [19/Jun/2024:01:35:28 +0200] "GET /ticket2/opencms/dk/en/buy/?page=1&edid=DEEBE987-BAB9-018B-0F8C-E6B1F6B890F7&sortorder=asc&column=row HTTP/1.1" 404 -
95.91.110.20 - - [19/Jun/2024:01:35:30 +0200] "GET /ticket2/opencms/dk/sv/sell/?edid=46734271-901E-98C7-732C-5B62B085A633 HTTP/1.1" 404 -
194.247.173.99 - - [19/Jun/2024:01:35:34 +0200] "GET /ticket2/opencms/dk/en/buy/?page=1&edid=DEEBE987-BAB9-018B-0F8C-E6B1F6B890F7&sortorder=asc&column=section HTTP/1.1" 404 -
85.208.96.195 - - [19/Jun/2024:01:35:34 +0200] "GET /ticket2/opencms/sv/magazine/article?title=champions-league-biljetter-pa-ticket2 HTTP/1.1" 200 79236
114.119.138.151 - - [19/Jun/2024:01:35:35 +0200] "GET /ticket2/opencms/en/venue/?venueid=03AD1DAD-CC20-0896-9703-51ABB466F7B0 HTTP/1.1" 200 71368
95.91.110.20 - - [19/Jun/2024:01:35:36 +0200] "GET /ticket2/opencms/dk/sv/sell/?edid=4D2A2724-7797-6EBF-BAB8-69176E21CA79 HTTP/1.1" 404 -
194.247.173.99 - - [19/Jun/2024:01:35:39 +0200] "GET /ticket2/opencms/dk/en/buy/?page=1&edid=DF0E45C7-237E-03AB-4ED3-CC8D84C0E2C6&sortorder=asc&column=row HTTP/1.1" 404 -
95.91.110.20 - - [19/Jun/2024:01:35:42 +0200] "GET /ticket2/opencms/dk/sv/sell/?edid=4ED70F5A-DA60-6234-CAB8-5BA98C0AB622 HTTP/1.1" 404 -
194.247.173.99 - - [19/Jun/2024:01:35:44 +0200] "GET /ticket2/opencms/dk/en/buy/?page=1&edid=DF132CC2-4583-1EC2-73A2-47B5B5DFC738&sortorder=asc&column=price HTTP/1.1" 404 -
216.244.66.238 - - [19/Jun/2024:01:35:44 +0200] "GET /ticket2/opencms/dk/dk/venue/?venueid=F2E24D37-66BC-8474-A9EE-AC205BD92A4D HTTP/1.1" 404 -
194.247.173.99 - - [19/Jun/2024:01:35:49 +0200] "GET /ticket2/opencms/dk/en/buy/?page=1&edid=DF132CC2-4583-1EC2-73A2-47B5B5DFC738&sortorder=asc&column=row HTTP/1.1" 404 -
95.91.110.20 - - [19/Jun/2024:01:35:50 +0200] "GET /ticket2/opencms/dk/sv/sell/?edid=511DBE77-4302-11AC-20DF-EC763D451874 HTTP/1.1" 404 -
194.247.173.99 - - [19/Jun/2024:01:35:54 +0200] "GET /ticket2/opencms/dk/en/buy/?page=1&edid=DF132CC2-4583-1EC2-73A2-47B5B5DFC738&sortorder=asc&column=section HTTP/1.1" 404 -
95.91.110.20 - - [19/Jun/2024:01:35:58 +0200] "GET /ticket2/opencms/dk/sv/sell/?edid=51B97722-D202-5F9B-2404-47133D11E51D HTTP/1.1" 404 -
194.247.173.99 - - [19/Jun/2024:01:36:00 +0200] "GET /ticket2/opencms/dk/en/buy/?page=1&edid=DF132CC2-4583-1EC2-73A2-47B5B5DFC738&sortorder=desc&column=section HTTP/1.1" 404 -
95.91.110.20 - - [19/Jun/2024:01:36:04 +0200] "GET /ticket2/opencms/dk/sv/sell/?edid=59BCB73D-8EFE-145C-3694-3C89547AA350 HTTP/1.1" 404 -
194.247.173.99 - - [19/Jun/2024:01:36:05 +0200] "GET /ticket2/opencms/dk/en/buy/?page=1&edid=DF8D3220-6BB8-8F87-FA6F-93027F212888&sortorder=asc&column=price HTTP/1.1" 404 -
37.123.143.245 - - [19/Jun/2024:01:36:06 +0200] "POST /ticket2/opencms/system/workplace/editors/xmlcontent/editor_form.jsp HTTP/1.1" 200 928
37.123.143.245 - - [19/Jun/2024:01:36:06 +0200] "GET /ticket2/opencms/system/workplace/views/top_js.jsp HTTP/1.1" 200 7389
37.123.143.245 - - [19/Jun/2024:01:36:06 +0200] "GET /ticket2/opencms/system/workplace/views/explorer/explorer_fs.jsp?wpFrame=body HTTP/1.1" 200 448
37.123.143.245 - - [19/Jun/2024:01:36:06 +0200] "GET /ticket2/opencms/system/workplace/views/top_head.jsp?wpFrame=head HTTP/1.1" 200 8556
37.123.143.245 - - [19/Jun/2024:01:36:06 +0200] "GET /ticket2/opencms/system/workplace/views/top_foot.jsp?wpFrame=foot HTTP/1.1" 200 1211
37.123.143.245 - - [19/Jun/2024:01:36:06 +0200] "GET /ticket2/opencms/system/workplace/commons/style/workplace.css HTTP/1.1" 200 14209
37.123.143.245 - - [19/Jun/2024:01:36:06 +0200] "GET /ticket2/opencms/system/workplace/commons/style/workplace.css HTTP/1.1" 200 14209
37.123.143.245 - - [19/Jun/2024:01:36:06 +0200] "GET /ticket2/opencms/system/workplace/views/explorer/explorer_body_fs.jsp HTTP/1.1" 200 400
37.123.143.245 - - [19/Jun/2024:01:36:06 +0200] "GET /ticket2/opencms/system/workplace/views/explorer/tree_fs.jsp HTTP/1.1" 200 3861
37.123.143.245 - - [19/Jun/2024:01:36:06 +0200] "GET /ticket2/opencms/system/workplace/views/explorer/explorer_files.jsp?mode=explorerview HTTP/1.1" 200 3793
37.123.143.245 - - [19/Jun/2024:01:36:06 +0200] "GET /ticket2/opencms/system/workplace/views/explorer/tree_files.jsp?resource=/ HTTP/1.1" 200 1275
37.123.143.245 - - [19/Jun/2024:01:36:06 +0200] "GET /ticket2/opencms/system/workplace/commons/style/workplace.css HTTP/1.1" 200 14209
216.244.66.238 - - [19/Jun/2024:01:36:07 +0200] "GET /ticket2/opencms/dk/venue/?venueid=94C483B9-56F5-43F8-EB23-31CA57E16549 HTTP/1.1" 200 71794
216.245.221.83 - - [19/Jun/2024:01:36:07 +0200] "HEAD /ticket2/opencms/ HTTP/1.1" 302 -
95.91.110.20 - - [19/Jun/2024:01:36:09 +0200] "GET /ticket2/opencms/dk/sv/sell/?edid=62771AC5-B6A4-CA99-7698-E23F6FB31315 HTTP/1.1" 404 -
194.247.173.99 - - [19/Jun/2024:01:36:10 +0200] "GET /ticket2/opencms/dk/en/buy/?page=1&edid=DF8D3220-6BB8-8F87-FA6F-93027F212888&sortorder=asc&column=section HTTP/1.1" 404 -
37.123.143.245 - - [19/Jun/2024:01:36:11 +0200] "POST /ticket2/opencms/system/workplace/views/explorer/contextmenu.jsp HTTP/1.1" 200 4720
216.245.221.83 - - [19/Jun/2024:01:36:13 +0200] "HEAD /ticket2/opencms/en/ HTTP/1.1" 200 -
37.123.143.245 - - [19/Jun/2024:01:36:14 +0200] "POST /ticket2/opencms/system/workplace/editors/editor.jsp HTTP/1.1" 200 856
37.123.143.245 - - [19/Jun/2024:01:36:14 +0200] "GET /ticket2/opencms/system/workplace/views/top_foot.jsp HTTP/1.1" 200 1211
37.123.143.245 - - [19/Jun/2024:01:36:14 +0200] "GET /ticket2/opencms/system/workplace/editors/editor_main.jsp?resourcelist=&resource=%2Fadmin%2Fautomail%2Forder_conf_eng_football.xml HTTP/1.1" 200 917
37.123.143.245 - - [19/Jun/2024:01:36:14 +0200] "GET /ticket2/opencms/system/workplace/commons/style/workplace.css HTTP/1.1" 200 14209
37.123.143.245 - - [19/Jun/2024:01:36:14 +0200] "GET /ticket2/opencms/system/workplace/editors/xmlcontent/editor_buttons.jsp?action=show&resource=%2Fadmin%2Fautomail%2Forder_conf_eng_football.xml&resourcelist= HTTP/1.1" 200 4706
37.123.143.245 - - [19/Jun/2024:01:36:14 +0200] "GET /ticket2/opencms/system/workplace/commons/style/workplace.css HTTP/1.1" 200 14209
37.123.143.245 - - [19/Jun/2024:01:36:14 +0200] "GET /ticket2/opencms/system/workplace/resources/buttons/publish.png HTTP/1.1" 200 1034
37.123.143.245 - - [19/Jun/2024:01:36:14 +0200] "GET /ticket2/opencms/system/workplace/editors/xmlcontent/editor_form.jsp?resource=%2Fadmin%2Fautomail%2Forder_conf_eng_football.xml&resourcelist= HTTP/1.1" 200 20199
37.123.143.245 - - [19/Jun/2024:01:36:14 +0200] "GET /ticket2/opencms/system/workplace/commons/style/workplace.css HTTP/1.1" 200 14209
37.123.143.245 - - [19/Jun/2024:01:36:14 +0200] "GET /ticket2/opencms/system/workplace/editors/xmlcontent/editor_buttons.jsp?action=show&resource=%2Fadmin%2Fautomail%2Forder_conf_eng_football.xml&resourcelist=&elementlanguage=sv HTTP/1.1" 200 4706
37.123.143.245 - - [19/Jun/2024:01:36:14 +0200] "GET /ticket2/opencms/system/workplace/editors/fckeditor/configwidget.js?config=height:500px,link,anchor,imagegallery,downloadgallery,htmlgallery,formatselect,source,tablegallery HTTP/1.1" 200 2826
37.123.143.245 - - [19/Jun/2024:01:36:14 +0200] "GET /ticket2/opencms/system/workplace/resources/buttons/publish.png HTTP/1.1" 200 1034
37.123.143.245 - - [19/Jun/2024:01:36:14 +0200] "GET /ticket2/opencms/system/workplace/commons/style/workplace.css HTTP/1.1" 200 14209
37.123.143.245 - - [19/Jun/2024:01:36:14 +0200] "GET /ticket2/opencms/system/workplace/editors/fckeditor/plugins/opencms/fckplugin.js HTTP/1.1" 200 8963
37.123.143.245 - - [19/Jun/2024:01:36:14 +0200] "GET /ticket2/opencms/system/workplace/galleries/downloadgallery/fckplugin.js HTTP/1.1" 200 1191
37.123.143.245 - - [19/Jun/2024:01:36:14 +0200] "GET /ticket2/opencms/system/workplace/galleries/imagegallery/fckplugin.js HTTP/1.1" 200 2296
37.123.143.245 - - [19/Jun/2024:01:36:14 +0200] "GET /ticket2/opencms/system/workplace/galleries/htmlgallery/fckplugin.js HTTP/1.1" 200 1126
37.123.143.245 - - [19/Jun/2024:01:36:14 +0200] "GET /ticket2/opencms/system/workplace/galleries/tablegallery/fckplugin.js HTTP/1.1" 200 1142
95.91.110.20 - - [19/Jun/2024:01:36:15 +0200] "GET /ticket2/opencms/dk/sv/sell/?edid=63084C78-5263-1A7A-C66E-4C63F55B8243 HTTP/1.1" 404 -
194.247.173.99 - - [19/Jun/2024:01:36:16 +0200] "GET /ticket2/opencms/dk/en/buy/?page=1&edid=DF93CC1C-5D16-1499-FD92-D43F9BD2F302&sortorder=asc&column=section HTTP/1.1" 404 -
37.123.143.245 - - [19/Jun/2024:01:36:18 +0200] "POST /ticket2/opencms/system/workplace/editors/xmlcontent/editor_form.jsp HTTP/1.1" 200 20322
37.123.143.245 - - [19/Jun/2024:01:36:18 +0200] "GET /ticket2/opencms/system/workplace/commons/style/workplace.css HTTP/1.1" 200 14209
37.123.143.245 - - [19/Jun/2024:01:36:18 +0200] "GET /ticket2/opencms/system/workplace/editors/xmlcontent/editor_buttons.jsp?action=show&resource=%2Fadmin%2Fautomail%2Forder_conf_eng_football.xml&resourcelist=&elementlanguage=de HTTP/1.1" 200 4706
37.123.143.245 - - [19/Jun/2024:01:36:18 +0200] "GET /ticket2/opencms/system/workplace/editors/fckeditor/configwidget.js?config=height:500px,link,anchor,imagegallery,downloadgallery,htmlgallery,formatselect,source,tablegallery HTTP/1.1" 200 2826
37.123.143.245 - - [19/Jun/2024:01:36:18 +0200] "GET /ticket2/opencms/system/workplace/resources/buttons/publish.png HTTP/1.1" 200 1034
37.123.143.245 - - [19/Jun/2024:01:36:18 +0200] "GET /ticket2/opencms/system/workplace/commons/style/workplace.css HTTP/1.1" 200 14209
37.123.143.245 - - [19/Jun/2024:01:36:18 +0200] "GET /ticket2/opencms/system/workplace/galleries/imagegallery/fckplugin.js HTTP/1.1" 200 2296
37.123.143.245 - - [19/Jun/2024:01:36:18 +0200] "GET /ticket2/opencms/system/workplace/galleries/downloadgallery/fckplugin.js HTTP/1.1" 200 1191
37.123.143.245 - - [19/Jun/2024:01:36:18 +0200] "GET /ticket2/opencms/system/workplace/galleries/htmlgallery/fckplugin.js HTTP/1.1" 200 1126
37.123.143.245 - - [19/Jun/2024:01:36:18 +0200] "GET /ticket2/opencms/system/workplace/editors/fckeditor/plugins/opencms/fckplugin.js HTTP/1.1" 200 8963
37.123.143.245 - - [19/Jun/2024:01:36:18 +0200] "GET /ticket2/opencms/system/workplace/galleries/tablegallery/fckplugin.js HTTP/1.1" 200 1142
95.91.110.20 - - [19/Jun/2024:01:36:20 +0200] "GET /ticket2/opencms/dk/sv/sell/?edid=6440E7CC-E56C-CD13-BB09-A84D83EDDD53 HTTP/1.1" 404 -
194.247.173.99 - - [19/Jun/2024:01:36:21 +0200] "GET /ticket2/opencms/dk/en/buy/?page=1&edid=E147E814-DDBC-A46E-9493-AE9F0C493DDF&sortorder=asc&column=price HTTP/1.1" 404 -
95.91.110.20 - - [19/Jun/2024:01:36:26 +0200] "GET /ticket2/opencms/dk/sv/sell/?edid=69E94548-BA2A-A7B0-2E68-692DBBE997E5 HTTP/1.1" 404 -
194.247.173.99 - - [19/Jun/2024:01:36:26 +0200] "GET /ticket2/opencms/dk/en/buy/?page=1&edid=E2AAD269-D91B-B95E-5F20-E45C5EE0331C&sortorder=desc&column=row HTTP/1.1" 404 -
216.244.66.238 - - [19/Jun/2024:01:36:28 +0200] "GET /ticket2/opencms/en/venue/?venueid=8034B51E-43F2-D862-3B50-4F1B67991063 HTTP/1.1" 200 71395
95.91.110.20 - - [19/Jun/2024:01:36:31 +0200] "GET /ticket2/opencms/dk/sv/sell/?edid=69ECA637-B1BC-8843-E3B6-6D2C7F410569 HTTP/1.1" 404 -
194.247.173.99 - - [19/Jun/2024:01:36:31 +0200] "GET /ticket2/opencms/dk/en/buy/?page=1&edid=E3118800-A96C-AB59-99C3-1CFA30B79001&sortorder=asc&column=price HTTP/1.1" 404 -
95.91.110.20 - - [19/Jun/2024:01:36:37 +0200] "GET /ticket2/opencms/dk/sv/sell/?edid=6A7CCC37-5F63-D2E0-8750-C9D98381AE77 HTTP/1.1" 404 -
194.247.173.99 - - [19/Jun/2024:01:36:37 +0200] "GET /ticket2/opencms/dk/en/buy/?page=1&edid=E3118800-A96C-AB59-99C3-1CFA30B79001&sortorder=asc&column=row HTTP/1.1" 404 -
95.91.110.20 - - [19/Jun/2024:01:36:42 +0200] "GET /ticket2/opencms/dk/sv/sell/?edid=6ABA4765-C049-91AE-C20A-276AC18EED3D HTTP/1.1" 404 -
194.247.173.99 - - [19/Jun/2024:01:36:42 +0200] "GET /ticket2/opencms/dk/en/buy/?page=1&edid=E32F1BE4-70C4-798C-8AC0-002C9EC3013C&sortorder=asc&column=section HTTP/1.1" 404 -
194.247.173.99 - - [19/Jun/2024:01:36:48 +0200] "GET /ticket2/opencms/dk/en/buy/?page=1&edid=E347A29A-9F6A-0CDF-55AD-76348B669731&sortorder=asc&column=row HTTP/1.1" 404 -
95.91.110.20 - - [19/Jun/2024:01:36:48 +0200] "GET /ticket2/opencms/dk/sv/sell/?edid=F079AC7E-D221-F1E2-410C-375B35987091 HTTP/1.1" 404 -
216.244.66.238 - - [19/Jun/2024:01:36:50 +0200] "GET /ticket2/opencms/fi/buy/?page=1&edid=1CEB7967-C20C-A921-EEEC-CF529EC1E8C1 HTTP/1.1" 200 89415
66.249.87.139 - - [19/Jun/2024:01:36:50 +0200] "GET /ticket2/opencms/system/modules/com.gridnine.opencms.ticketbrokerage.site/resources/css/images/ui-bg_flat_75_ffffff_40x100.png HTTP/1.1" 404 -
95.91.110.20 - - [19/Jun/2024:01:36:51 +0200] "GET /ticket2/opencms/dk/sv/venue/?venueid=17AD70CD-06E0-2606-B2B4-860C9CBEAC08 HTTP/1.1" 404 -
37.123.143.245 - - [19/Jun/2024:01:36:52 +0200] "POST /ticket2/opencms/system/workplace/editors/xmlcontent/editor_form.jsp HTTP/1.1" 200 20275
37.123.143.245 - - [19/Jun/2024:01:36:52 +0200] "GET /ticket2/opencms/system/workplace/commons/style/workplace.css HTTP/1.1" 200 14209
37.123.143.245 - - [19/Jun/2024:01:36:52 +0200] "GET /ticket2/opencms/system/workplace/editors/xmlcontent/editor_buttons.jsp?action=show&resource=%2Fadmin%2Fautomail%2Forder_conf_eng_football.xml&resourcelist=&elementlanguage=it HTTP/1.1" 200 4706
37.123.143.245 - - [19/Jun/2024:01:36:52 +0200] "GET /ticket2/opencms/system/workplace/editors/fckeditor/configwidget.js?config=height:500px,link,anchor,imagegallery,downloadgallery,htmlgallery,formatselect,source,tablegallery HTTP/1.1" 200 2826
37.123.143.245 - - [19/Jun/2024:01:36:52 +0200] "GET /ticket2/opencms/system/workplace/commons/style/workplace.css HTTP/1.1" 200 14209
37.123.143.245 - - [19/Jun/2024:01:36:52 +0200] "GET /ticket2/opencms/system/workplace/galleries/imagegallery/fckplugin.js HTTP/1.1" 200 2296
37.123.143.245 - - [19/Jun/2024:01:36:52 +0200] "GET /ticket2/opencms/system/workplace/editors/fckeditor/plugins/opencms/fckplugin.js HTTP/1.1" 200 8963
37.123.143.245 - - [19/Jun/2024:01:36:52 +0200] "GET /ticket2/opencms/system/workplace/galleries/downloadgallery/fckplugin.js HTTP/1.1" 200 1191
37.123.143.245 - - [19/Jun/2024:01:36:52 +0200] "GET /ticket2/opencms/system/workplace/galleries/tablegallery/fckplugin.js HTTP/1.1" 200 1142
37.123.143.245 - - [19/Jun/2024:01:36:52 +0200] "GET /ticket2/opencms/system/workplace/galleries/htmlgallery/fckplugin.js HTTP/1.1" 200 1126
37.123.143.245 - - [19/Jun/2024:01:36:52 +0200] "GET /ticket2/opencms/system/workplace/resources/buttons/publish.png HTTP/1.1" 200 1034
194.247.173.99 - - [19/Jun/2024:01:36:53 +0200] "GET /ticket2/opencms/dk/en/buy/?page=1&edid=E37DDE5A-96E6-7049-B625-E7C6A914C9AC&sortorder=asc&column=price HTTP/1.1" 404 -
95.91.110.20 - - [19/Jun/2024:01:36:55 +0200] "GET /ticket2/opencms/dk/sv/venue/?venueid=17D0DFA9-77AB-EBCA-484F-CEB853AA41A8 HTTP/1.1" 404 -
114.119.140.175 - - [19/Jun/2024:01:36:57 +0200] "GET /ticket2/opencms/en/sell/?edid=F3C590BC-8B85-5255-AEB2-2BDF70BA064F HTTP/1.1" 302 -
194.247.173.99 - - [19/Jun/2024:01:36:58 +0200] "GET /ticket2/opencms/dk/en/buy/?page=1&edid=E37DDE5A-96E6-7049-B625-E7C6A914C9AC&sortorder=asc&column=row HTTP/1.1" 404 -
95.91.110.20 - - [19/Jun/2024:01:36:59 +0200] "GET /ticket2/opencms/dk/sv/venue/?venueid=17E7C622-E012-3663-44A8-95BA7DB84F40 HTTP/1.1" 404 -
40.77.167.9 - - [19/Jun/2024:01:37:00 +0200] "GET /ticket2/opencms/en/venue/?venueid=56F8640D-CEF9-BD0F-A3D3-4304F6D7E8C7 HTTP/1.1" 200 71338
40.77.167.9 - - [19/Jun/2024:01:37:01 +0200] "GET /ticket2/opencms/sites/ticketbrokerage/sv/tickets/west-bromwich-albion/manchester_united.html HTTP/1.1" 404 -
114.119.140.175 - - [19/Jun/2024:01:37:02 +0200] "GET /ticket2/opencms/en/login/?url=/en/sell/ HTTP/1.1" 200 73431
40.77.167.9 - - [19/Jun/2024:01:37:02 +0200] "GET /ticket2/opencms/en/buy/?page=1&edid=AD8A5A4E-6B3A-3890-00EE-D7AC64130823 HTTP/1.1" 200 86944
194.247.173.99 - - [19/Jun/2024:01:37:03 +0200] "GET /ticket2/opencms/dk/en/buy/?page=1&edid=E37DDE5A-96E6-7049-B625-E7C6A914C9AC&sortorder=desc&column=section HTTP/1.1" 404 -
66.249.77.64 - - [19/Jun/2024:01:37:04 +0200] "GET /ticket2/opencms/fr/magazine/article?title=diffusions-de-leuro HTTP/1.1" 200 76628
95.91.110.20 - - [19/Jun/2024:01:37:05 +0200] "GET /ticket2/opencms/dk/sv/venue/?venueid=18267CD0-0660-EC77-6783-F80F8F5E2113 HTTP/1.1" 404 -
95.91.110.20 - - [19/Jun/2024:01:37:08 +0200] "GET /ticket2/opencms/dk/sv/venue/?venueid=1897207C-3727-A548-885A-3B8700CE1CBE HTTP/1.1" 404 -
194.247.173.99 - - [19/Jun/2024:01:37:09 +0200] "GET /ticket2/opencms/dk/en/buy/?page=1&edid=E3B11CF1-FF18-4988-8A73-D260C31213AE&sortorder=asc&column=price HTTP/1.1" 404 -
85.208.96.194 - - [19/Jun/2024:01:37:09 +0200] "GET /ticket2/opencms/de/magazine/article?title=brentford-fc HTTP/1.1" 200 74363
216.244.66.238 - - [19/Jun/2024:01:37:11 +0200] "GET /ticket2/opencms/nl/buy/?page=1&edid=5C50ECB1-C172-E904-ECBC-6CD309D8DD4A HTTP/1.1" 200 87434
95.91.110.20 - - [19/Jun/2024:01:37:11 +0200] "GET /ticket2/opencms/dk/sv/venue/?venueid=196999C5-886C-4588-9491-CE0295A8D3C2 HTTP/1.1" 404 -
194.247.173.99 - - [19/Jun/2024:01:37:14 +0200] "GET /ticket2/opencms/dk/en/buy/?page=1&edid=E3B11CF1-FF18-4988-8A73-D260C31213AE&sortorder=asc&column=row HTTP/1.1" 404 -
95.91.110.20 - - [19/Jun/2024:01:37:15 +0200] "GET /ticket2/opencms/dk/sv/venue/?venueid=196FB588-3DD3-A39A-5871-20BDD46513E4 HTTP/1.1" 404 -
194.247.173.99 - - [19/Jun/2024:01:37:19 +0200] "GET /ticket2/opencms/dk/en/buy/?page=1&edid=E3B11CF1-FF18-4988-8A73-D260C31213AE&sortorder=asc&column=section HTTP/1.1" 404 -
194.247.173.99 - - [19/Jun/2024:01:37:24 +0200] "GET /ticket2/opencms/dk/en/buy/?page=1&edid=E3FBDA6C-664F-E626-DA08-2F08834DE954&sortorder=asc&column=price HTTP/1.1" 404 -
185.191.171.13 - - [19/Jun/2024:01:37:27 +0200] "GET /ticket2/opencms/sv/sport/fotbollsbiljetter/la_liga/rayo_vallecano/ HTTP/1.1" 200 73375
194.247.173.99 - - [19/Jun/2024:01:37:29 +0200] "GET /ticket2/opencms/dk/en/buy/?page=1&edid=E42BC683-D6CB-7D00-A4F2-EDBF48B059C0&sortorder=asc&column=price HTTP/1.1" 404 -
216.244.66.238 - - [19/Jun/2024:01:37:33 +0200] "GET /ticket2/opencms/nl/buy/?page=1&edid=C68169A2-BAF4-9EC4-4384-5798AFBF1409 HTTP/1.1" 200 88120
194.247.173.99 - - [19/Jun/2024:01:37:35 +0200] "GET /ticket2/opencms/dk/en/buy/?page=1&edid=E42BC683-D6CB-7D00-A4F2-EDBF48B059C0&sortorder=asc&column=row HTTP/1.1" 404 -
194.247.173.99 - - [19/Jun/2024:01:37:40 +0200] "GET /ticket2/opencms/dk/en/buy/?page=1&edid=E42BC683-D6CB-7D00-A4F2-EDBF48B059C0&sortorder=asc&column=section HTTP/1.1" 404 -
37.123.143.245 - - [19/Jun/2024:01:37:42 +0200] "POST /ticket2/opencms/system/workplace/editors/xmlcontent/editor_form.jsp HTTP/1.1" 200 928
37.123.143.245 - - [19/Jun/2024:01:37:42 +0200] "GET /ticket2/opencms/system/workplace/views/top_js.jsp HTTP/1.1" 200 7389
37.123.143.245 - - [19/Jun/2024:01:37:42 +0200] "GET /ticket2/opencms/system/workplace/views/explorer/explorer_fs.jsp?wpFrame=body HTTP/1.1" 200 448
37.123.143.245 - - [19/Jun/2024:01:37:42 +0200] "GET /ticket2/opencms/system/workplace/views/top_head.jsp?wpFrame=head HTTP/1.1" 200 8556
37.123.143.245 - - [19/Jun/2024:01:37:42 +0200] "GET /ticket2/opencms/system/workplace/views/top_foot.jsp?wpFrame=foot HTTP/1.1" 200 1211
37.123.143.245 - - [19/Jun/2024:01:37:42 +0200] "GET /ticket2/opencms/system/workplace/commons/style/workplace.css HTTP/1.1" 200 14209
37.123.143.245 - - [19/Jun/2024:01:37:42 +0200] "GET /ticket2/opencms/system/workplace/views/explorer/explorer_body_fs.jsp HTTP/1.1" 200 400
37.123.143.245 - - [19/Jun/2024:01:37:42 +0200] "GET /ticket2/opencms/system/workplace/commons/style/workplace.css HTTP/1.1" 200 14209
37.123.143.245 - - [19/Jun/2024:01:37:42 +0200] "GET /ticket2/opencms/system/workplace/views/explorer/tree_fs.jsp HTTP/1.1" 200 3861
37.123.143.245 - - [19/Jun/2024:01:37:42 +0200] "GET /ticket2/opencms/system/workplace/views/explorer/explorer_files.jsp?mode=explorerview HTTP/1.1" 200 3793
37.123.143.245 - - [19/Jun/2024:01:37:42 +0200] "GET /ticket2/opencms/system/workplace/views/explorer/tree_files.jsp?resource=/ HTTP/1.1" 200 1275
37.123.143.245 - - [19/Jun/2024:01:37:42 +0200] "GET /ticket2/opencms/system/workplace/commons/style/workplace.css HTTP/1.1" 200 14209
194.247.173.99 - - [19/Jun/2024:01:37:45 +0200] "GET /ticket2/opencms/dk/en/buy/?page=1&edid=E5CA0494-C5FC-811D-E370-D6597AC00698&sortorder=asc&column=price HTTP/1.1" 404 -
194.247.173.99 - - [19/Jun/2024:01:37:50 +0200] "GET /ticket2/opencms/dk/en/buy/?page=1&edid=E5CA0494-C5FC-811D-E370-D6597AC00698&sortorder=asc&column=row HTTP/1.1" 404 -
37.123.143.245 - - [19/Jun/2024:01:37:50 +0200] "POST /ticket2/opencms/system/workplace/views/explorer/contextmenu.jsp HTTP/1.1" 200 4720
18.191.139.210 - - [19/Jun/2024:01:37:51 +0200] "GET /ticket2/opencms/robots.txt HTTP/1.1" 200 773
18.191.139.210 - - [19/Jun/2024:01:37:51 +0200] "GET /ticket2/opencms/system/modules/com.gridnine.opencms.ticketbrokerage.site/resources/pics/buy_button_small_no.png HTTP/1.1" 200 8700
37.123.143.245 - - [19/Jun/2024:01:37:51 +0200] "POST /ticket2/opencms/system/workplace/editors/editor.jsp HTTP/1.1" 200 856
37.123.143.245 - - [19/Jun/2024:01:37:51 +0200] "GET /ticket2/opencms/system/workplace/editors/editor_main.jsp?resourcelist=&resource=%2Fadmin%2Fautomail%2Forder_conf_eng_football.xml HTTP/1.1" 200 917
37.123.143.245 - - [19/Jun/2024:01:37:52 +0200] "GET /ticket2/opencms/system/workplace/views/top_foot.jsp HTTP/1.1" 200 1211
37.123.143.245 - - [19/Jun/2024:01:37:52 +0200] "GET /ticket2/opencms/system/workplace/editors/xmlcontent/editor_buttons.jsp?action=show&resourcelist=&resource=%2Fadmin%2Fautomail%2Forder_conf_eng_football.xml HTTP/1.1" 200 4706
37.123.143.245 - - [19/Jun/2024:01:37:52 +0200] "GET /ticket2/opencms/system/workplace/commons/style/workplace.css HTTP/1.1" 200 14209
37.123.143.245 - - [19/Jun/2024:01:37:52 +0200] "GET /ticket2/opencms/system/workplace/editors/xmlcontent/editor_form.jsp?resourcelist=&resource=%2Fadmin%2Fautomail%2Forder_conf_eng_football.xml HTTP/1.1" 200 20199
37.123.143.245 - - [19/Jun/2024:01:37:52 +0200] "GET /ticket2/opencms/system/workplace/resources/buttons/publish.png HTTP/1.1" 200 1034
37.123.143.245 - - [19/Jun/2024:01:37:52 +0200] "GET /ticket2/opencms/system/workplace/commons/style/workplace.css HTTP/1.1" 200 14209
37.123.143.245 - - [19/Jun/2024:01:37:52 +0200] "GET /ticket2/opencms/system/workplace/commons/style/workplace.css HTTP/1.1" 200 14209
37.123.143.245 - - [19/Jun/2024:01:37:52 +0200] "GET /ticket2/opencms/system/workplace/editors/xmlcontent/editor_buttons.jsp?action=show&resourcelist=&resource=%2Fadmin%2Fautomail%2Forder_conf_eng_football.xml&elementlanguage=sv HTTP/1.1" 200 4706
37.123.143.245 - - [19/Jun/2024:01:37:52 +0200] "GET /ticket2/opencms/system/workplace/editors/fckeditor/configwidget.js?config=height:500px,link,anchor,imagegallery,downloadgallery,htmlgallery,formatselect,source,tablegallery HTTP/1.1" 200 2826
37.123.143.245 - - [19/Jun/2024:01:37:52 +0200] "GET /ticket2/opencms/system/workplace/resources/buttons/publish.png HTTP/1.1" 200 1034
37.123.143.245 - - [19/Jun/2024:01:37:52 +0200] "GET /ticket2/opencms/system/workplace/commons/style/workplace.css HTTP/1.1" 200 14209
37.123.143.245 - - [19/Jun/2024:01:37:52 +0200] "GET /ticket2/opencms/system/workplace/editors/fckeditor/plugins/opencms/fckplugin.js HTTP/1.1" 200 8963
37.123.143.245 - - [19/Jun/2024:01:37:52 +0200] "GET /ticket2/opencms/system/workplace/galleries/imagegallery/fckplugin.js HTTP/1.1" 200 2296
37.123.143.245 - - [19/Jun/2024:01:37:52 +0200] "GET /ticket2/opencms/system/workplace/galleries/htmlgallery/fckplugin.js HTTP/1.1" 200 1126
37.123.143.245 - - [19/Jun/2024:01:37:52 +0200] "GET /ticket2/opencms/system/workplace/galleries/downloadgallery/fckplugin.js HTTP/1.1" 200 1191
37.123.143.245 - - [19/Jun/2024:01:37:52 +0200] "GET /ticket2/opencms/system/workplace/galleries/tablegallery/fckplugin.js HTTP/1.1" 200 1142
216.244.66.238 - - [19/Jun/2024:01:37:52 +0200] "GET /ticket2/opencms/nl/buy/?page=1&edid=D0922091-3F02-A1A0-C882-D45382E227D8 HTTP/1.1" 200 86994
194.247.173.99 - - [19/Jun/2024:01:37:55 +0200] "GET /ticket2/opencms/dk/en/buy/?page=1&edid=E5D1B5BB-FD1E-00B5-33D3-0488A6B94D06&sortorder=asc&column=section HTTP/1.1" 404 -
194.247.173.99 - - [19/Jun/2024:01:38:01 +0200] "GET /ticket2/opencms/dk/en/buy/?page=1&edid=E5FED392-020A-985B-B239-5718E7B50D63&sortorder=asc&column=price HTTP/1.1" 404 -
37.123.143.245 - - [19/Jun/2024:01:38:05 +0200] "POST /ticket2/opencms/system/workplace/editors/xmlcontent/editor_form.jsp HTTP/1.1" 200 20322
37.123.143.245 - - [19/Jun/2024:01:38:05 +0200] "GET /ticket2/opencms/system/workplace/commons/style/workplace.css HTTP/1.1" 200 14209
37.123.143.245 - - [19/Jun/2024:01:38:05 +0200] "GET /ticket2/opencms/system/workplace/editors/xmlcontent/editor_buttons.jsp?action=show&resourcelist=&resource=%2Fadmin%2Fautomail%2Forder_conf_eng_football.xml&elementlanguage=de HTTP/1.1" 200 4706
37.123.143.245 - - [19/Jun/2024:01:38:05 +0200] "GET /ticket2/opencms/system/workplace/editors/fckeditor/configwidget.js?config=height:500px,link,anchor,imagegallery,downloadgallery,htmlgallery,formatselect,source,tablegallery HTTP/1.1" 200 2826
37.123.143.245 - - [19/Jun/2024:01:38:05 +0200] "GET /ticket2/opencms/system/workplace/commons/style/workplace.css HTTP/1.1" 200 14209
37.123.143.245 - - [19/Jun/2024:01:38:05 +0200] "GET /ticket2/opencms/system/workplace/galleries/downloadgallery/fckplugin.js HTTP/1.1" 200 1191
37.123.143.245 - - [19/Jun/2024:01:38:05 +0200] "GET /ticket2/opencms/system/workplace/editors/fckeditor/plugins/opencms/fckplugin.js HTTP/1.1" 200 8963
37.123.143.245 - - [19/Jun/2024:01:38:05 +0200] "GET /ticket2/opencms/system/workplace/galleries/imagegallery/fckplugin.js HTTP/1.1" 200 2296
37.123.143.245 - - [19/Jun/2024:01:38:05 +0200] "GET /ticket2/opencms/system/workplace/galleries/htmlgallery/fckplugin.js HTTP/1.1" 200 1126
37.123.143.245 - - [19/Jun/2024:01:38:05 +0200] "GET /ticket2/opencms/system/workplace/galleries/tablegallery/fckplugin.js HTTP/1.1" 200 1142
37.123.143.245 - - [19/Jun/2024:01:38:05 +0200] "GET /ticket2/opencms/system/workplace/resources/buttons/publish.png HTTP/1.1" 200 1034
194.247.173.99 - - [19/Jun/2024:01:38:06 +0200] "GET /ticket2/opencms/dk/en/buy/?page=1&edid=E5FED392-020A-985B-B239-5718E7B50D63&sortorder=asc&column=row HTTP/1.1" 404 -
216.244.66.238 - - [19/Jun/2024:01:38:09 +0200] "GET /ticket2/opencms/no/buy/?page=1&edid=632FE1F9-40A8-401D-2B5B-B258B992FA6A HTTP/1.1" 200 86524
194.247.173.99 - - [19/Jun/2024:01:38:11 +0200] "GET /ticket2/opencms/dk/en/buy/?page=1&edid=E5FED392-020A-985B-B239-5718E7B50D63&sortorder=asc&column=section HTTP/1.1" 404 -
78.68.160.96 - - [19/Jun/2024:01:38:15 +0200] "GET /ticket2/opencms/set_aff_cookie.jsp?partner=53673ED6-1455-FA54-818F-B1F67121E37C&url=/sv/buy/index.html%3Fpage%3D1%26edid%3DFB919A6A-DE02-1353-FDB8-CEDFF340E9B7%26hlv%3D65ba1930-8138-422d-8616-17d10a01000f%23v1090073965 HTTP/1.1" 200 225
78.68.160.96 - - [19/Jun/2024:01:38:15 +0200] "GET /ticket2/opencms/sv/buy/?page=1&edid=FB919A6A-DE02-1353-FDB8-CEDFF340E9B7&hlv=65ba1930-8138-422d-8616-17d10a01000f HTTP/1.1" 200 98166
78.68.160.96 - - [19/Jun/2024:01:38:15 +0200] "GET /ticket2/opencms/system/modules/com.gridnine.opencms.ticketbrokerage.site/resources/js/jquery/jquery.js HTTP/1.1" 200 93868
78.68.160.96 - - [19/Jun/2024:01:38:15 +0200] "GET /ticket2/opencms/system/modules/com.gridnine.opencms.ticketbrokerage.site/resources/js/jquery/jquery-ui.js HTTP/1.1" 200 228088
78.68.160.96 - - [19/Jun/2024:01:38:15 +0200] "GET /ticket2/opencms/system/modules/com.gridnine.opencms.ticketbrokerage.site/resources/css/ticketbrokerage.css HTTP/1.1" 200 39339
78.68.160.96 - - [19/Jun/2024:01:38:15 +0200] "GET /ticket2/opencms/system/modules/com.gridnine.opencms.ticketbrokerage.site/resources/css/standard.css HTTP/1.1" 200 71935
78.68.160.96 - - [19/Jun/2024:01:38:15 +0200] "GET /ticket2/opencms/system/modules/com.gridnine.opencms.ticketbrokerage.site/resources/css/jquery.fancybox.css HTTP/1.1" 200 4939
78.68.160.96 - - [19/Jun/2024:01:38:15 +0200] "GET /ticket2/opencms/system/modules/com.gridnine.opencms.ticketbrokerage.site/resources/css/calendar.css HTTP/1.1" 200 6871
78.68.160.96 - - [19/Jun/2024:01:38:15 +0200] "GET /ticket2/opencms/system/modules/com.gridnine.opencms.ticketbrokerage.site/resources/css/jquery-ui.css HTTP/1.1" 200 33221
78.68.160.96 - - [19/Jun/2024:01:38:15 +0200] "GET /ticket2/opencms/system/modules/com.gridnine.opencms.ticketbrokerage.site/resources/js/functions.js HTTP/1.1" 200 1583
78.68.160.96 - - [19/Jun/2024:01:38:15 +0200] "GET /ticket2/opencms/system/modules/com.gridnine.opencms.ticketbrokerage.site/resources/js/calendar-en.js HTTP/1.1" 200 3338
78.68.160.96 - - [19/Jun/2024:01:38:15 +0200] "GET /ticket2/opencms/system/modules/com.gridnine.opencms.ticketbrokerage.site/resources/js/calendar.js HTTP/1.1" 200 49229
78.68.160.96 - - [19/Jun/2024:01:38:15 +0200] "GET /ticket2/opencms/system/modules/com.gridnine.opencms.ticketbrokerage.site/resources/js/calendar-setup.js HTTP/1.1" 200 4923
78.68.160.96 - - [19/Jun/2024:01:38:15 +0200] "GET /ticket2/opencms/system/modules/com.gridnine.opencms.ticketbrokerage.site/resources/js/jquery.fancybox.pack.js HTTP/1.1" 200 23187
78.68.160.96 - - [19/Jun/2024:01:38:15 +0200] "GET /ticket2/opencms/system/modules/com.gridnine.opencms.ticketbrokerage.site/resources/js/stickyfill.min.js HTTP/1.1" 200 5672
78.68.160.96 - - [19/Jun/2024:01:38:15 +0200] "GET /ticket2/opencms/system/modules/com.gridnine.opencms.ticketbrokerage.site/resources/js/jquery.placeholder.min.js HTTP/1.1" 200 1737
78.68.160.96 - - [19/Jun/2024:01:38:15 +0200] "GET /ticket2/opencms/system/modules/com.gridnine.opencms.ticketbrokerage.site/resources/js/standard.js HTTP/1.1" 200 3978
78.68.160.96 - - [19/Jun/2024:01:38:15 +0200] "GET /ticket2/opencms/system/modules/com.gridnine.opencms.ticketbrokerage.site/resources/js/common-ajax.js HTTP/1.1" 200 20175
78.68.160.96 - - [19/Jun/2024:01:38:15 +0200] "GET /ticket2/opencms/system/modules/com.gridnine.opencms.ticketbrokerage.site/resources/pics/logo-new.png HTTP/1.1" 200 13541
78.68.160.96 - - [19/Jun/2024:01:38:15 +0200] "GET /ticket2/opencms/img/insta.png HTTP/1.1" 200 3967
78.68.160.96 - - [19/Jun/2024:01:38:15 +0200] "GET /ticket2/opencms/img/icons/globe-white.png HTTP/1.1" 200 947
78.68.160.96 - - [19/Jun/2024:01:38:15 +0200] "GET /ticket2/opencms/img/fb.png HTTP/1.1" 200 1269
78.68.160.96 - - [19/Jun/2024:01:38:15 +0200] "GET /ticket2/opencms/img/icons/se.png HTTP/1.1" 200 1258
78.68.160.96 - - [19/Jun/2024:01:38:15 +0200] "GET /ticket2/opencms/venue/signal_iduna_park.jpg HTTP/1.1" 200 12842
78.68.160.96 - - [19/Jun/2024:01:38:15 +0200] "GET /ticket2/opencms/system/modules/com.gridnine.opencms.ticketbrokerage.site/resources/pics/0.gif HTTP/1.1" 200 43
78.68.160.96 - - [19/Jun/2024:01:38:15 +0200] "GET /ticket2/opencms/system/modules/com.gridnine.opencms.ticketbrokerage.site/resources/pics/two_man.png HTTP/1.1" 200 3407
78.68.160.96 - - [19/Jun/2024:01:38:15 +0200] "GET /ticket2/opencms/system/modules/com.gridnine.opencms.ticketbrokerage.site/resources/pics/ticket_info_button.png HTTP/1.1" 200 3820
78.68.160.96 - - [19/Jun/2024:01:38:15 +0200] "GET /ticket2/opencms/sv/ask-form.html HTTP/1.1" 200 2950
78.68.160.96 - - [19/Jun/2024:01:38:15 +0200] "GET /ticket2/opencms/img/icons/dk.png HTTP/1.1" 200 1706
78.68.160.96 - - [19/Jun/2024:01:38:15 +0200] "GET /ticket2/opencms/system/modules/com.gridnine.opencms.ticketbrokerage.site/resources/pics/bank_1_nordea.png HTTP/1.1" 200 4807
78.68.160.96 - - [19/Jun/2024:01:38:15 +0200] "GET /ticket2/opencms/system/modules/com.gridnine.opencms.ticketbrokerage.site/resources/pics/bank_2_handelsbanken.png HTTP/1.1" 200 4509
78.68.160.96 - - [19/Jun/2024:01:38:15 +0200] "GET /ticket2/opencms/system/modules/com.gridnine.opencms.ticketbrokerage.site/resources/css/ticketbrokerage.css HTTP/1.1" 200 39339
78.68.160.96 - - [19/Jun/2024:01:38:15 +0200] "GET /ticket2/opencms/system/modules/com.gridnine.opencms.ticketbrokerage.site/resources/pics/bank_4_seb.png HTTP/1.1" 200 2487
78.68.160.96 - - [19/Jun/2024:01:38:15 +0200] "GET /ticket2/opencms/system/modules/com.gridnine.opencms.ticketbrokerage.site/resources/pics/bank_3_swedbank.png HTTP/1.1" 200 5740
78.68.160.96 - - [19/Jun/2024:01:38:15 +0200] "GET /ticket2/opencms/system/modules/com.gridnine.opencms.ticketbrokerage.site/resources/pics/bank_6_american_express.png HTTP/1.1" 200 5570
78.68.160.96 - - [19/Jun/2024:01:38:15 +0200] "GET /ticket2/opencms/system/modules/com.gridnine.opencms.ticketbrokerage.site/resources/pics/bank_5_visa_mastercard.png HTTP/1.1" 200 8196
78.68.160.96 - - [19/Jun/2024:01:38:15 +0200] "GET /ticket2/opencms/img/check.png HTTP/1.1" 200 548
78.68.160.96 - - [19/Jun/2024:01:38:15 +0200] "GET /ticket2/opencms/img/mail.png HTTP/1.1" 200 403
78.68.160.96 - - [19/Jun/2024:01:38:15 +0200] "GET /ticket2/opencms/img/chat.png HTTP/1.1" 200 416
78.68.160.96 - - [19/Jun/2024:01:38:15 +0200] "GET /ticket2/opencms/img/arrow.png HTTP/1.1" 200 753
78.68.160.96 - - [19/Jun/2024:01:38:16 +0200] "GET /ticket2/opencms/system/modules/com.gridnine.opencms.ticketbrokerage.site/resources/pics/arrow.gif HTTP/1.1" 200 344
78.68.160.96 - - [19/Jun/2024:01:38:16 +0200] "GET /ticket2/opencms/system/modules/com.gridnine.opencms.ticketbrokerage.site/resources/pics/form_marker.gif HTTP/1.1" 200 43
78.68.160.96 - - [19/Jun/2024:01:38:16 +0200] "GET /ticket2/opencms/system/modules/com.gridnine.opencms.ticketbrokerage.site/resources/pics/button1_left.gif HTTP/1.1" 200 232
78.68.160.96 - - [19/Jun/2024:01:38:16 +0200] "GET /ticket2/opencms/system/modules/com.gridnine.opencms.ticketbrokerage.site/resources/pics/button1_center.gif HTTP/1.1" 200 66
78.68.160.96 - - [19/Jun/2024:01:38:16 +0200] "GET /ticket2/opencms/img/icons/no.png HTTP/1.1" 200 1958
78.68.160.96 - - [19/Jun/2024:01:38:16 +0200] "GET /ticket2/opencms/system/modules/com.gridnine.opencms.ticketbrokerage.site/resources/pics/button1_right.gif HTTP/1.1" 200 232
78.68.160.96 - - [19/Jun/2024:01:38:16 +0200] "GET /ticket2/opencms/img/icons/fi.png HTTP/1.1" 200 1785
78.68.160.96 - - [19/Jun/2024:01:38:16 +0200] "GET /ticket2/opencms/img/icons/nl.png HTTP/1.1" 200 1255
78.68.160.96 - - [19/Jun/2024:01:38:16 +0200] "GET /ticket2/opencms/img/icons/es.png HTTP/1.1" 200 1005
78.68.160.96 - - [19/Jun/2024:01:38:16 +0200] "GET /ticket2/opencms/img/icons/it.png HTTP/1.1" 200 2040
37.123.143.245 - - [19/Jun/2024:01:38:16 +0200] "POST /ticket2/opencms/system/workplace/editors/xmlcontent/editor_form.jsp HTTP/1.1" 200 928
37.123.143.245 - - [19/Jun/2024:01:38:16 +0200] "GET /ticket2/opencms/system/workplace/views/top_js.jsp HTTP/1.1" 200 7389
37.123.143.245 - - [19/Jun/2024:01:38:16 +0200] "GET /ticket2/opencms/system/workplace/views/explorer/explorer_fs.jsp?wpFrame=body HTTP/1.1" 200 448
37.123.143.245 - - [19/Jun/2024:01:38:16 +0200] "GET /ticket2/opencms/system/workplace/views/top_head.jsp?wpFrame=head HTTP/1.1" 200 8556
37.123.143.245 - - [19/Jun/2024:01:38:16 +0200] "GET /ticket2/opencms/system/workplace/views/top_foot.jsp?wpFrame=foot HTTP/1.1" 200 1211
37.123.143.245 - - [19/Jun/2024:01:38:17 +0200] "GET /ticket2/opencms/system/workplace/commons/style/workplace.css HTTP/1.1" 200 14209
37.123.143.245 - - [19/Jun/2024:01:38:17 +0200] "GET /ticket2/opencms/system/workplace/views/explorer/explorer_body_fs.jsp HTTP/1.1" 200 400
37.123.143.245 - - [19/Jun/2024:01:38:17 +0200] "GET /ticket2/opencms/system/workplace/commons/style/workplace.css HTTP/1.1" 200 14209
37.123.143.245 - - [19/Jun/2024:01:38:17 +0200] "GET /ticket2/opencms/system/workplace/views/explorer/tree_fs.jsp HTTP/1.1" 200 3861
37.123.143.245 - - [19/Jun/2024:01:38:17 +0200] "GET /ticket2/opencms/system/workplace/views/explorer/explorer_files.jsp?mode=explorerview HTTP/1.1" 200 3793
37.123.143.245 - - [19/Jun/2024:01:38:17 +0200] "GET /ticket2/opencms/system/workplace/views/explorer/tree_files.jsp?resource=/ HTTP/1.1" 200 1275
37.123.143.245 - - [19/Jun/2024:01:38:17 +0200] "GET /ticket2/opencms/system/workplace/commons/style/workplace.css HTTP/1.1" 200 14209
78.68.160.96 - - [19/Jun/2024:01:38:17 +0200] "GET /ticket2/opencms/img/icons/en.png HTTP/1.1" 200 2415
78.68.160.96 - - [19/Jun/2024:01:38:17 +0200] "GET /ticket2/opencms/img/arrow-down.png HTTP/1.1" 200 192
78.68.160.96 - - [19/Jun/2024:01:38:18 +0200] "GET /ticket2/opencms/img/icons/de.png HTTP/1.1" 200 1124
78.68.160.96 - - [19/Jun/2024:01:38:18 +0200] "GET /ticket2/opencms/img/icons/fr.png HTTP/1.1" 200 1764
78.68.160.96 - - [19/Jun/2024:01:38:18 +0200] "GET /ticket2/opencms/favicon.ico HTTP/1.1" 200 1406
78.68.160.96 - - [19/Jun/2024:01:38:18 +0200] "GET /ticket2/opencms/system/modules/com.gridnine.opencms.ticketbrokerage.site/resources/js/standard.js HTTP/1.1" 200 3978
194.247.173.99 - - [19/Jun/2024:01:38:18 +0200] "GET /ticket2/opencms/dk/en/buy/?page=1&edid=E61EF0B9-F897-71A7-2635-C844B2B0509F&sortorder=asc&column=price HTTP/1.1" 404 -
52.167.144.216 - - [19/Jun/2024:01:38:19 +0200] "GET /ticket2/opencms/no/affiliateprogram.html HTTP/1.1" 200 72990
78.68.160.96 - - [19/Jun/2024:01:38:19 +0200] "GET /ticket2/opencms/system/modules/com.gridnine.opencms.ticketbrokerage.site/resources/css/images/ui-bg_flat_75_ffffff_40x100.png HTTP/1.1" 404 -
194.247.173.99 - - [19/Jun/2024:01:38:23 +0200] "GET /ticket2/opencms/dk/en/buy/?page=1&edid=E61EF0B9-F897-71A7-2635-C844B2B0509F&sortorder=asc&column=section HTTP/1.1" 404 -
216.244.66.238 - - [19/Jun/2024:01:38:25 +0200] "GET /ticket2/opencms/set_aff_cookie.jsp?partner=53673ED6-1455-FA54-818F-B1F67121E37C&url=/en/buy/index.html%3Fpage%3D1%26edid%3D566FFA7F-9037-93B7-9175-A771BF4D35F4%26hlv%3D62a1c7fa-ccbc-48c4-af33-0bab0a01000f%23v479680741 HTTP/1.1" 200 224
114.119.140.175 - - [19/Jun/2024:01:38:27 +0200] "GET /ticket2/opencms/en/venue/?venueid=97501A18-D92A-B557-A54C-8FA7BE9BBDB4 HTTP/1.1" 200 71341
194.247.173.99 - - [19/Jun/2024:01:38:28 +0200] "GET /ticket2/opencms/dk/en/buy/?page=1&edid=E62B4F76-D79E-CE0B-163D-146A0351ED10&sortorder=asc&column=price HTTP/1.1" 404 -
194.247.173.99 - - [19/Jun/2024:01:38:34 +0200] "GET /ticket2/opencms/dk/en/buy/?page=1&edid=E62B4F76-D79E-CE0B-163D-146A0351ED10&sortorder=asc&column=row HTTP/1.1" 404 -
194.247.173.99 - - [19/Jun/2024:01:38:39 +0200] "GET /ticket2/opencms/dk/en/buy/?page=1&edid=E62B4F76-D79E-CE0B-163D-146A0351ED10&sortorder=asc&column=section HTTP/1.1" 404 -
216.244.66.238 - - [19/Jun/2024:01:38:40 +0200] "GET /ticket2/opencms/set_aff_cookie.jsp?partner=53673ED6-1455-FA54-818F-B1F67121E37C&url=/en/buy/index.html%3Fpage%3D1%26edid%3DAE6DD164-6DAE-62E3-ADEA-0BEA5660A0E3%26hlv%3D62a1c0d6-e6bc-43aa-858c-06030a01000f%23v1097300961 HTTP/1.1" 200 225
78.68.160.96 - - [19/Jun/2024:01:38:43 +0200] "GET /ticket2/opencms/set_aff_cookie.jsp?partner=53673ED6-1455-FA54-818F-B1F67121E37C&url=/sv/buy/index.html%3Fpage%3D1%26edid%3DFB919A6A-DE02-1353-FDB8-CEDFF340E9B7%26hlv%3D65ba1930-8138-422d-8616-17d10a01000f%23v1090073965 HTTP/1.1" 200 225
78.68.160.96 - - [19/Jun/2024:01:38:43 +0200] "GET /ticket2/opencms/sv/buy/?page=1&edid=FB919A6A-DE02-1353-FDB8-CEDFF340E9B7&hlv=65ba1930-8138-422d-8616-17d10a01000f HTTP/1.1" 200 98166
