188.165.212.137 - - [19/Jun/2024:00:08:46 +0200] "GET /ticket2/opencms/en/venue/?venueid=D441DE26-A039-9DEB-7925-37728B4C8DF8 HTTP/1.1" 200 71350
85.208.96.212 - - [19/Jun/2024:00:08:59 +0200] "GET /ticket2/opencms/sv/venue/ HTTP/1.1" 200 343485
66.249.77.64 - - [19/Jun/2024:00:09:00 +0200] "GET /ticket2/opencms/nl/buy/?page=6&comcatid=A17713B6-D984-201A-4143-ED4DB5ED5C2E&catid=B0817F4C-4B6F-A68C-6229-209BB05F84D4 HTTP/1.1" 200 81824
188.165.215.206 - - [19/Jun/2024:00:09:02 +0200] "GET /ticket2/opencms/en/buy/?page=1&edid=541F6EAB-2BE3-BBF9-B129-C716A5E49241&sortorder=asc&column=row HTTP/1.1" 200 86781
114.119.159.6 - - [19/Jun/2024:00:09:02 +0200] "GET /ticket2/opencms/en/buy/?page=1&edid=684A0E7A-A254-0C78-4A4A-8FE3E0A6B2EB HTTP/1.1" 200 86745
216.245.221.83 - - [19/Jun/2024:00:09:11 +0200] "HEAD /ticket2/opencms/ HTTP/1.1" 302 -
216.245.221.83 - - [19/Jun/2024:00:09:11 +0200] "HEAD /ticket2/opencms/en/ HTTP/1.1" 200 -
188.165.215.206 - - [19/Jun/2024:00:09:25 +0200] "GET /ticket2/opencms/en/buy/?page=1&edid=541F6EAB-2BE3-BBF9-B129-C716A5E49241&sortorder=asc&column=section HTTP/1.1" 200 86781
188.165.215.206 - - [19/Jun/2024:00:09:51 +0200] "GET /ticket2/opencms/en/buy/?page=1&edid=54FC36CF-650E-0DD5-1BB3-E49EF32EDF7E&sortorder=asc&column=row HTTP/1.1" 200 88040
188.165.215.206 - - [19/Jun/2024:00:10:06 +0200] "GET /ticket2/opencms/en/buy/?page=1&edid=60EFDC2E-D0E4-50A3-A8F0-F9555AFF82D2&sortorder=asc&column=price HTTP/1.1" 200 87398
188.165.215.206 - - [19/Jun/2024:00:10:13 +0200] "GET /ticket2/opencms/en/buy/?page=1&edid=60EFDC2E-D0E4-50A3-A8F0-F9555AFF82D2&sortorder=asc&column=row HTTP/1.1" 200 87398
185.191.171.3 - - [19/Jun/2024:00:10:14 +0200] "GET /ticket2/opencms/fi/urheilu/jalkapallo/premier_league/chelsea/ HTTP/1.1" 200 84893
188.165.215.206 - - [19/Jun/2024:00:10:21 +0200] "GET /ticket2/opencms/en/buy/?page=1&edid=60EFDC2E-D0E4-50A3-A8F0-F9555AFF82D2&sortorder=asc&column=section HTTP/1.1" 200 87398
114.119.159.6 - - [19/Jun/2024:00:10:25 +0200] "GET /ticket2/opencms/en/buy/?page=1&edid=425CEE29-53C8-5B74-DDE6-989775A62843 HTTP/1.1" 200 87194
188.165.215.206 - - [19/Jun/2024:00:10:32 +0200] "GET /ticket2/opencms/en/buy/?page=1&edid=60EFDC2E-D0E4-50A3-A8F0-F9555AFF82D2&sortorder=desc&column=section HTTP/1.1" 200 87397
188.165.215.206 - - [19/Jun/2024:00:10:43 +0200] "GET /ticket2/opencms/en/buy/?page=1&edid=6103AA6F-E804-D767-BA78-E19C7416A95D HTTP/1.1" 200 87266
188.165.215.206 - - [19/Jun/2024:00:10:50 +0200] "GET /ticket2/opencms/en/buy/?page=1&edid=610DF567-85B0-E3A6-D581-BF1998D73A30&sortorder=desc&column=price HTTP/1.1" 200 88327
188.165.215.206 - - [19/Jun/2024:00:11:02 +0200] "GET /ticket2/opencms/en/buy/?page=1&edid=610DF567-85B0-E3A6-D581-BF1998D73A30&sortorder=desc&column=section HTTP/1.1" 200 88327
66.249.77.64 - - [19/Jun/2024:00:11:02 +0200] "GET /ticket2/opencms/nl/buy/?page=1&edid=F7285C8B-A3C4-2AD3-AE62-5BC7D6BC7F7A HTTP/1.1" 200 84129
216.245.221.83 - - [19/Jun/2024:00:11:08 +0200] "HEAD /ticket2/opencms/ HTTP/1.1" 302 -
188.165.215.206 - - [19/Jun/2024:00:11:10 +0200] "GET /ticket2/opencms/en/buy/?page=1&edid=75FF687A-3DBB-F476-3881-CF5D7FFEBAC0&sortorder=desc&column=row HTTP/1.1" 200 87226
216.245.221.83 - - [19/Jun/2024:00:11:14 +0200] "HEAD /ticket2/opencms/en/ HTTP/1.1" 200 -
188.165.215.206 - - [19/Jun/2024:00:11:17 +0200] "GET /ticket2/opencms/en/buy/?page=1&edid=BF769C73-E641-C78E-1EAA-79FE7F8D3894&sortorder=asc&column=row HTTP/1.1" 200 86737
52.167.144.20 - - [19/Jun/2024:00:11:21 +0200] "GET /ticket2/opencms/fr/buy/?comcatid=A17713B6-D984-201A-4143-ED4DB5ED5C2E&catid=F03B8ADD-988E-AE6A-8DBA-AF502C691C60 HTTP/1.1" 200 82860
188.165.215.206 - - [19/Jun/2024:00:11:23 +0200] "GET /ticket2/opencms/en/buy/?page=1&edid=E1B0D8A0-D6A6-F1B8-598E-C8ECA85414D0 HTTP/1.1" 200 88254
172.203.161.98 - - [19/Jun/2024:00:11:32 +0200] "GET /ticket2/opencms/system/modules/com.gridnine.opencms.ticketbrokerage.site/resources/pics/banners/birmingham.png HTTP/1.1" 200 74406
188.165.215.206 - - [19/Jun/2024:00:11:35 +0200] "GET /ticket2/opencms/en/buy/?page=1&edid=22C63B7D-E2A1-29A9-0605-7ABAF31BD16E&sortorder=desc&column=price HTTP/1.1" 200 86966
37.123.143.245 - - [19/Jun/2024:00:11:35 +0200] "GET /ticket2/opencms/system/workplace/views/top_foot.jsp?wpFrame=foot HTTP/1.1" 200 1211
37.123.143.245 - - [19/Jun/2024:00:11:35 +0200] "GET /ticket2/opencms/system/workplace/commons/style/workplace.css HTTP/1.1" 200 14209
188.165.215.206 - - [19/Jun/2024:00:11:45 +0200] "GET /ticket2/opencms/en/buy/?page=1&edid=22EC4137-73E0-6CCE-0699-2175D4DB160A&sortorder=desc&column=row HTTP/1.1" 200 87606
114.119.129.235 - - [19/Jun/2024:00:11:51 +0200] "GET /ticket2/opencms/en/buy/?page=1&edid=3A113BA6-0F4C-889C-CC91-8E29F25F6706 HTTP/1.1" 200 86720
188.165.215.206 - - [19/Jun/2024:00:11:52 +0200] "GET /ticket2/opencms/en/buy/?page=1&edid=22EC4137-73E0-6CCE-0699-2175D4DB160A&sortorder=desc&column=section HTTP/1.1" 200 87606
185.191.171.11 - - [19/Jun/2024:00:12:03 +0200] "GET /ticket2/opencms/fr/magazine/article?title=burnley-fc HTTP/1.1" 200 74784
188.165.215.206 - - [19/Jun/2024:00:12:03 +0200] "GET /ticket2/opencms/en/buy/?page=1&edid=23F0F026-6FB2-933B-FBB7-AB314482896C&sortorder=asc&column=row HTTP/1.1" 200 88332
65.108.64.210 - - [19/Jun/2024:00:12:05 +0200] "GET /ticket2/opencms/se/robots.txt HTTP/1.1" 404 -
65.108.64.210 - - [19/Jun/2024:00:12:08 +0200] "GET /ticket2/opencms/se/en/help/ HTTP/1.1" 404 -
65.108.64.210 - - [19/Jun/2024:00:12:11 +0200] "GET /ticket2/opencms/se/fi/buy/?page=1&edid=473A152A-D827-6DC6-AC96-593CF20EBAEA&sortorder=desc&column=price HTTP/1.1" 404 -
65.108.64.210 - - [19/Jun/2024:00:12:15 +0200] "GET /ticket2/opencms/se/fi/buy/?page=1&edid=473A152A-D827-6DC6-AC96-593CF20EBAEA&sortorder=desc&column=section HTTP/1.1" 404 -
188.165.215.206 - - [19/Jun/2024:00:12:17 +0200] "GET /ticket2/opencms/en/buy/?page=1&edid=23F0F026-6FB2-933B-FBB7-AB314482896C&sortorder=asc&column=section HTTP/1.1" 200 88332
65.108.64.210 - - [19/Jun/2024:00:12:18 +0200] "GET /ticket2/opencms/se/fi/buy/?page=1&edid=488F292D-D222-709A-DC11-3ACAB9AA4C1F HTTP/1.1" 404 -
65.108.64.210 - - [19/Jun/2024:00:12:22 +0200] "GET /ticket2/opencms/se/fi/buy/?page=1&edid=49131D36-554D-2A5D-24DA-472029203F75&sortorder=asc&column=price HTTP/1.1" 404 -
65.108.64.210 - - [19/Jun/2024:00:12:25 +0200] "GET /ticket2/opencms/se/fi/buy/?page=1&edid=492C1137-7E95-5EDF-8C64-E404B3827DAB&sortorder=asc&column=section HTTP/1.1" 404 -
65.108.64.210 - - [19/Jun/2024:00:12:28 +0200] "GET /ticket2/opencms/se/fi/buy/?page=1&edid=49685073-9544-CDEA-5E21-EAD71D4DB9C3 HTTP/1.1" 404 -
188.165.215.206 - - [19/Jun/2024:00:12:29 +0200] "GET /ticket2/opencms/en/buy/?page=1&edid=253B1F31-B62B-424E-6294-5D538B554A8C&sortorder=asc&column=price HTTP/1.1" 200 86821
65.108.64.210 - - [19/Jun/2024:00:12:32 +0200] "GET /ticket2/opencms/se/fi/buy/?page=1&edid=49B510D5-029A-C703-B351-D5B9988CF9B8 HTTP/1.1" 404 -
65.108.64.210 - - [19/Jun/2024:00:12:36 +0200] "GET /ticket2/opencms/se/fi/buy/?page=1&edid=4A821F38-50DC-2259-FA57-2665C1B72876&sortorder=desc&column=price HTTP/1.1" 404 -
65.108.64.210 - - [19/Jun/2024:00:12:39 +0200] "GET /ticket2/opencms/se/fi/buy/?page=1&edid=4A821F38-50DC-2259-FA57-2665C1B72876&sortorder=desc&column=row HTTP/1.1" 404 -
65.108.64.210 - - [19/Jun/2024:00:12:42 +0200] "GET /ticket2/opencms/se/fi/buy/?page=1&edid=4A821F38-50DC-2259-FA57-2665C1B72876&sortorder=desc&column=section HTTP/1.1" 404 -
188.165.215.206 - - [19/Jun/2024:00:12:43 +0200] "GET /ticket2/opencms/en/buy/?page=1&edid=253B1F31-B62B-424E-6294-5D538B554A8C&sortorder=asc&column=row HTTP/1.1" 200 86821
65.108.64.210 - - [19/Jun/2024:00:12:46 +0200] "GET /ticket2/opencms/se/fi/buy/?page=1&edid=4B16E804-B399-18A3-BF25-24C38C6D0330 HTTP/1.1" 404 -
65.108.64.210 - - [19/Jun/2024:00:12:49 +0200] "GET /ticket2/opencms/se/fi/buy/?page=1&edid=4B763143-3EEB-FF01-F36D-E9F79456197B&sortorder=desc&column=price HTTP/1.1" 404 -
65.108.64.210 - - [19/Jun/2024:00:12:53 +0200] "GET /ticket2/opencms/se/fi/buy/?page=1&edid=4BABAE1E-0D71-179E-0279-AD6DDD722EFF&sortorder=desc&column=price HTTP/1.1" 404 -
65.108.64.210 - - [19/Jun/2024:00:12:56 +0200] "GET /ticket2/opencms/se/fi/buy/?page=1&edid=4BABAE1E-0D71-179E-0279-AD6DDD722EFF&sortorder=desc&column=row HTTP/1.1" 404 -
188.165.215.206 - - [19/Jun/2024:00:12:57 +0200] "GET /ticket2/opencms/en/buy/?page=1&edid=253D2D4D-1132-6606-C0DE-477A194C1855&sortorder=asc&column=price HTTP/1.1" 200 86813
65.108.64.210 - - [19/Jun/2024:00:13:00 +0200] "GET /ticket2/opencms/se/fi/buy/?page=1&edid=4BFD92F6-57EF-BCA9-E83A-B1CC41C03BFB&sortorder=desc&column=row HTTP/1.1" 404 -
66.249.77.65 - - [19/Jun/2024:00:13:03 +0200] "GET /ticket2/opencms/fr/login/ HTTP/1.1" 200 74617
65.108.64.210 - - [19/Jun/2024:00:13:04 +0200] "GET /ticket2/opencms/se/fi/buy/?page=1&edid=4BFD92F6-57EF-BCA9-E83A-B1CC41C03BFB&sortorder=desc&column=section HTTP/1.1" 404 -
65.108.64.210 - - [19/Jun/2024:00:13:07 +0200] "GET /ticket2/opencms/se/fi/buy/?page=1&edid=4C057F1A-F8DE-8654-F39E-9DF6A45A6174&sortorder=desc&column=price HTTP/1.1" 404 -
65.108.64.210 - - [19/Jun/2024:00:13:11 +0200] "GET /ticket2/opencms/se/fi/buy/?page=1&edid=4C057F1A-F8DE-8654-F39E-9DF6A45A6174&sortorder=desc&column=row HTTP/1.1" 404 -
188.165.215.206 - - [19/Jun/2024:00:13:11 +0200] "GET /ticket2/opencms/en/buy/?page=1&edid=253D2D4D-1132-6606-C0DE-477A194C1855&sortorder=asc&column=section HTTP/1.1" 200 86813
114.119.159.6 - - [19/Jun/2024:00:13:14 +0200] "GET /ticket2/opencms/en/venue/?venueid=EB1108B8-23F0-F2F3-59CD-61ADBB1E21B7 HTTP/1.1" 200 71344
65.108.64.210 - - [19/Jun/2024:00:13:14 +0200] "GET /ticket2/opencms/se/fi/buy/?page=1&edid=4C057F1A-F8DE-8654-F39E-9DF6A45A6174&sortorder=desc&column=section HTTP/1.1" 404 -
65.108.64.210 - - [19/Jun/2024:00:13:18 +0200] "GET /ticket2/opencms/se/fi/buy/?page=1&edid=4C4B615D-FF13-67D3-7FE2-BFA7E31B5BFA&sortorder=asc&column=section HTTP/1.1" 404 -
65.108.64.210 - - [19/Jun/2024:00:13:21 +0200] "GET /ticket2/opencms/se/fi/buy/?page=1&edid=4D4DE84F-22AD-3528-315F-CA4FF1AF4B0B&sortorder=desc&column=price HTTP/1.1" 404 -
65.108.64.210 - - [19/Jun/2024:00:13:24 +0200] "GET /ticket2/opencms/se/fi/buy/?page=1&edid=4D4DE84F-22AD-3528-315F-CA4FF1AF4B0B&sortorder=desc&column=row HTTP/1.1" 404 -
188.165.215.206 - - [19/Jun/2024:00:13:27 +0200] "GET /ticket2/opencms/en/buy/?page=1&edid=26946324-80EA-5BC2-A081-74A9001A9422 HTTP/1.1" 200 88493
65.108.64.210 - - [19/Jun/2024:00:13:28 +0200] "GET /ticket2/opencms/se/fi/buy/?page=1&edid=4D4DE84F-22AD-3528-315F-CA4FF1AF4B0B&sortorder=desc&column=section HTTP/1.1" 404 -
65.108.64.210 - - [19/Jun/2024:00:13:31 +0200] "GET /ticket2/opencms/se/fi/buy/?page=1&edid=4DD56908-EF50-BCCC-0CFD-53D399B44C58 HTTP/1.1" 404 -
65.108.64.210 - - [19/Jun/2024:00:13:34 +0200] "GET /ticket2/opencms/se/fi/buy/?page=1&edid=50E8A782-F5E1-50F5-9967-33A85E7D3FBF&sortorder=desc&column=price HTTP/1.1" 404 -
185.191.171.19 - - [19/Jun/2024:00:13:36 +0200] "GET /ticket2/opencms/no/sport/fotballsbilletter/bundesliga/hertha/ HTTP/1.1" 200 72775
65.108.64.210 - - [19/Jun/2024:00:13:38 +0200] "GET /ticket2/opencms/se/fi/buy/?page=1&edid=50E8A782-F5E1-50F5-9967-33A85E7D3FBF&sortorder=desc&column=section HTTP/1.1" 404 -
188.165.215.206 - - [19/Jun/2024:00:13:40 +0200] "GET /ticket2/opencms/en/buy/?page=1&edid=26E1A9E2-98B6-A6E5-096E-D18D1A038FCE&sortorder=desc&column=price HTTP/1.1" 200 87607
65.108.64.210 - - [19/Jun/2024:00:13:41 +0200] "GET /ticket2/opencms/se/fi/buy/?page=1&edid=510CF2A5-FC4A-CAD6-FFD1-54CEDB855D27 HTTP/1.1" 404 -
65.108.64.210 - - [19/Jun/2024:00:13:45 +0200] "GET /ticket2/opencms/se/fi/buy/?page=1&edid=510CF2A5-FC4A-CAD6-FFD1-54CEDB855D27&sortorder=desc&column=price HTTP/1.1" 404 -
65.108.64.210 - - [19/Jun/2024:00:13:48 +0200] "GET /ticket2/opencms/se/fi/buy/?page=1&edid=510CF2A5-FC4A-CAD6-FFD1-54CEDB855D27&sortorder=desc&column=row HTTP/1.1" 404 -
65.108.64.210 - - [19/Jun/2024:00:13:51 +0200] "GET /ticket2/opencms/se/fi/buy/?page=1&edid=511DBE77-4302-11AC-20DF-EC763D451874&sortorder=desc&column=row HTTP/1.1" 404 -
188.165.215.206 - - [19/Jun/2024:00:13:52 +0200] "GET /ticket2/opencms/en/buy/?page=1&edid=26E1A9E2-98B6-A6E5-096E-D18D1A038FCE&sortorder=desc&column=row HTTP/1.1" 200 87607
65.108.64.210 - - [19/Jun/2024:00:13:55 +0200] "GET /ticket2/opencms/se/fi/buy/?page=1&edid=511DBE77-4302-11AC-20DF-EC763D451874&sortorder=desc&column=section HTTP/1.1" 404 -
65.108.64.210 - - [19/Jun/2024:00:13:58 +0200] "GET /ticket2/opencms/se/fi/buy/?page=1&edid=514274F5-88D6-1E22-A401-687FA309C84D&sortorder=desc&column=price HTTP/1.1" 404 -
65.108.64.210 - - [19/Jun/2024:00:14:02 +0200] "GET /ticket2/opencms/se/fi/buy/?page=1&edid=514274F5-88D6-1E22-A401-687FA309C84D&sortorder=desc&column=row HTTP/1.1" 404 -
157.55.39.62 - - [19/Jun/2024:00:14:03 +0200] "GET /ticket2/opencms/sv/magazine/article?title=fulham-fc HTTP/1.1" 200 74652
65.108.64.210 - - [19/Jun/2024:00:14:05 +0200] "GET /ticket2/opencms/se/fi/buy/?page=1&edid=609CC660-5BC4-EC4B-367A-02613D797957&sortorder=desc&column=section HTTP/1.1" 404 -
188.165.215.206 - - [19/Jun/2024:00:14:07 +0200] "GET /ticket2/opencms/en/buy/?page=1&edid=28367C9E-EB8F-FFA3-A30D-98147557C428&sortorder=desc&column=section HTTP/1.1" 200 88327
65.108.64.210 - - [19/Jun/2024:00:14:09 +0200] "GET /ticket2/opencms/se/fi/buy/?page=1&edid=627BF5EC-6240-2A46-0193-C651C9FF6656&sortorder=desc&column=row HTTP/1.1" 404 -
216.245.221.83 - - [19/Jun/2024:00:14:11 +0200] "HEAD /ticket2/opencms/ HTTP/1.1" 302 -
216.245.221.83 - - [19/Jun/2024:00:14:11 +0200] "HEAD /ticket2/opencms/en/ HTTP/1.1" 200 -
65.108.64.210 - - [19/Jun/2024:00:14:12 +0200] "GET /ticket2/opencms/se/fi/buy/?page=1&edid=627BF5EC-6240-2A46-0193-C651C9FF6656&sortorder=desc&column=section HTTP/1.1" 404 -
65.108.64.210 - - [19/Jun/2024:00:14:15 +0200] "GET /ticket2/opencms/se/fi/buy/?page=1&edid=62AFF885-1ED6-9E4D-919B-D2AE6BC8EB02&sortorder=desc&column=price HTTP/1.1" 404 -
188.165.215.206 - - [19/Jun/2024:00:14:18 +0200] "GET /ticket2/opencms/en/buy/?page=1&edid=28F0825C-19F9-7A9A-47A6-29D256059C0C&sortorder=asc&column=row HTTP/1.1" 200 86813
65.108.64.210 - - [19/Jun/2024:00:14:20 +0200] "GET /ticket2/opencms/se/ticket2/ticket2/ticket2/ticket2/sites/ticketbrokerage/en/buy_safety/ HTTP/1.1" 404 -
66.249.77.78 - - [19/Jun/2024:00:14:26 +0200] "GET /ticket2/opencms/no/buy/?comcatid=A17713B6-D984-201A-4143-ED4DB5ED5C2E&catid=AE3FE643-AE41-BAA6-237D-5206D1B044A1 HTTP/1.1" 200 83087
188.165.215.206 - - [19/Jun/2024:00:14:32 +0200] "GET /ticket2/opencms/en/buy/?page=1&edid=2AA1FF96-18BA-5A96-CBE6-7F35F0406D7B&sortorder=desc&column=section HTTP/1.1" 200 88524
114.119.159.6 - - [19/Jun/2024:00:14:36 +0200] "GET /ticket2/opencms/en/buy/?page=1&edid=FABCE528-F916-4368-C148-CD3FBF7DABD2 HTTP/1.1" 200 87688
188.165.215.206 - - [19/Jun/2024:00:14:44 +0200] "GET /ticket2/opencms/en/buy/?page=1&edid=3116A066-ACEB-377F-2839-1A261D0878C5&sortorder=desc&column=price HTTP/1.1" 200 86799
185.191.171.18 - - [19/Jun/2024:00:14:53 +0200] "GET /ticket2/opencms/dk/sport/fodboldbilletter/champions_league/lazio/ HTTP/1.1" 200 72871
188.165.215.206 - - [19/Jun/2024:00:14:54 +0200] "GET /ticket2/opencms/en/buy/?page=1&edid=3116A066-ACEB-377F-2839-1A261D0878C5&sortorder=desc&column=row HTTP/1.1" 200 86799
185.191.171.4 - - [19/Jun/2024:00:15:01 +0200] "GET /ticket2/opencms/nl/sport/voetbal-tickets/bundesliga/mainz/ HTTP/1.1" 200 71957
188.165.215.206 - - [19/Jun/2024:00:15:03 +0200] "GET /ticket2/opencms/en/buy/?page=1&edid=4736DF7C-C1C2-2C08-48FA-1D2EB109FC30&sortorder=desc&column=row HTTP/1.1" 200 86816
188.165.215.206 - - [19/Jun/2024:00:15:12 +0200] "GET /ticket2/opencms/en/buy/?page=1&edid=4762DED1-D0F0-E02F-7740-40C01DC51B7B&sortorder=asc&column=price HTTP/1.1" 200 88294
188.165.215.206 - - [19/Jun/2024:00:15:22 +0200] "GET /ticket2/opencms/en/buy/?page=1&edid=4762DED1-D0F0-E02F-7740-40C01DC51B7B&sortorder=asc&column=section HTTP/1.1" 200 88294
188.165.215.206 - - [19/Jun/2024:00:15:31 +0200] "GET /ticket2/opencms/en/buy/?page=1&edid=4762DED1-D0F0-E02F-7740-40C01DC51B7B&sortorder=desc&column=row HTTP/1.1" 200 88293
188.165.215.206 - - [19/Jun/2024:00:15:40 +0200] "GET /ticket2/opencms/en/buy/?page=1&edid=4F94B00A-67B6-5DDE-996F-5C7D6CEE512B&sortorder=asc&column=row HTTP/1.1" 200 86806
188.165.215.206 - - [19/Jun/2024:00:15:50 +0200] "GET /ticket2/opencms/en/buy/?page=1&edid=4F94B00A-67B6-5DDE-996F-5C7D6CEE512B&sortorder=asc&column=section HTTP/1.1" 200 86806
114.119.140.175 - - [19/Jun/2024:00:16:00 +0200] "GET /ticket2/opencms/en/venue/?countryid=397EE7D1-C7FC-902D-F9A7-02173E5367FD HTTP/1.1" 200 100730
188.165.215.206 - - [19/Jun/2024:00:16:05 +0200] "GET /ticket2/opencms/en/buy/?page=1&edid=53E45983-CD38-167B-CB85-BCE8E68486E1&sortorder=asc&column=row HTTP/1.1" 200 87728
216.245.221.83 - - [19/Jun/2024:00:16:08 +0200] "HEAD /ticket2/opencms/ HTTP/1.1" 302 -
216.245.221.83 - - [19/Jun/2024:00:16:14 +0200] "HEAD /ticket2/opencms/en/ HTTP/1.1" 200 -
85.208.96.205 - - [19/Jun/2024:00:16:17 +0200] "GET /ticket2/opencms/sv/magazine/article?title=crystal-palace-premier-league-basta-fans HTTP/1.1" 200 75686
188.165.215.206 - - [19/Jun/2024:00:16:18 +0200] "GET /ticket2/opencms/en/buy/?page=1&edid=53F1C9A8-2D1D-3189-618A-5E7F1C0716CF&sortorder=asc&column=price HTTP/1.1" 200 86754
188.165.215.206 - - [19/Jun/2024:00:16:29 +0200] "GET /ticket2/opencms/en/buy/?page=1&edid=53F1C9A8-2D1D-3189-618A-5E7F1C0716CF&sortorder=asc&column=section HTTP/1.1" 200 86754
37.123.143.245 - - [19/Jun/2024:00:16:35 +0200] "GET /ticket2/opencms/system/workplace/views/top_foot.jsp?wpFrame=foot HTTP/1.1" 200 1211
37.123.143.245 - - [19/Jun/2024:00:16:35 +0200] "GET /ticket2/opencms/system/workplace/commons/style/workplace.css HTTP/1.1" 200 14209
188.165.215.206 - - [19/Jun/2024:00:16:44 +0200] "GET /ticket2/opencms/en/buy/?page=1&edid=541F6EAB-2BE3-BBF9-B129-C716A5E49241&sortorder=asc&column=section HTTP/1.1" 200 86781
81.229.102.222 - - [19/Jun/2024:00:16:49 +0200] "GET /ticket2/opencms/sv/sport/fotbollsbiljetter/premier_league/tottenham/?gad_source=1&gclid=EAIaIQobChMI_tmYk5fmhgMVP0FBAh0gkwIZEAAYAiAAEgKOCPD_BwE HTTP/1.1" 200 87586
81.229.102.222 - - [19/Jun/2024:00:16:49 +0200] "GET /ticket2/opencms/system/modules/com.gridnine.opencms.ticketbrokerage.site/resources/css/ticketbrokerage.css HTTP/1.1" 200 39339
81.229.102.222 - - [19/Jun/2024:00:16:49 +0200] "GET /ticket2/opencms/system/modules/com.gridnine.opencms.ticketbrokerage.site/resources/js/jquery/jquery-ui.js HTTP/1.1" 200 228088
81.229.102.222 - - [19/Jun/2024:00:16:49 +0200] "GET /ticket2/opencms/system/modules/com.gridnine.opencms.ticketbrokerage.site/resources/css/calendar.css HTTP/1.1" 200 6871
81.229.102.222 - - [19/Jun/2024:00:16:49 +0200] "GET /ticket2/opencms/system/modules/com.gridnine.opencms.ticketbrokerage.site/resources/js/functions.js HTTP/1.1" 200 1583
81.229.102.222 - - [19/Jun/2024:00:16:49 +0200] "GET /ticket2/opencms/system/modules/com.gridnine.opencms.ticketbrokerage.site/resources/css/jquery-ui.css HTTP/1.1" 200 33221
81.229.102.222 - - [19/Jun/2024:00:16:49 +0200] "GET /ticket2/opencms/system/modules/com.gridnine.opencms.ticketbrokerage.site/resources/js/calendar.js HTTP/1.1" 200 49229
81.229.102.222 - - [19/Jun/2024:00:16:49 +0200] "GET /ticket2/opencms/system/modules/com.gridnine.opencms.ticketbrokerage.site/resources/css/standard.css HTTP/1.1" 200 71935
81.229.102.222 - - [19/Jun/2024:00:16:49 +0200] "GET /ticket2/opencms/system/modules/com.gridnine.opencms.ticketbrokerage.site/resources/css/jquery.fancybox.css HTTP/1.1" 200 4939
81.229.102.222 - - [19/Jun/2024:00:16:49 +0200] "GET /ticket2/opencms/system/modules/com.gridnine.opencms.ticketbrokerage.site/resources/js/jquery/jquery.js HTTP/1.1" 200 93868
81.229.102.222 - - [19/Jun/2024:00:16:49 +0200] "GET /ticket2/opencms/system/modules/com.gridnine.opencms.ticketbrokerage.site/resources/js/calendar-en.js HTTP/1.1" 200 3338
81.229.102.222 - - [19/Jun/2024:00:16:49 +0200] "GET /ticket2/opencms/system/modules/com.gridnine.opencms.ticketbrokerage.site/resources/js/calendar-setup.js HTTP/1.1" 200 4923
81.229.102.222 - - [19/Jun/2024:00:16:49 +0200] "GET /ticket2/opencms/system/modules/com.gridnine.opencms.ticketbrokerage.site/resources/js/jquery.fancybox.pack.js HTTP/1.1" 200 23187
81.229.102.222 - - [19/Jun/2024:00:16:49 +0200] "GET /ticket2/opencms/system/modules/com.gridnine.opencms.ticketbrokerage.site/resources/js/stickyfill.min.js HTTP/1.1" 200 5672
81.229.102.222 - - [19/Jun/2024:00:16:49 +0200] "GET /ticket2/opencms/system/modules/com.gridnine.opencms.ticketbrokerage.site/resources/js/standard.js HTTP/1.1" 200 3978
81.229.102.222 - - [19/Jun/2024:00:16:49 +0200] "GET /ticket2/opencms/system/modules/com.gridnine.opencms.ticketbrokerage.site/resources/js/jquery.placeholder.min.js HTTP/1.1" 200 1737
81.229.102.222 - - [19/Jun/2024:00:16:49 +0200] "GET /ticket2/opencms/system/modules/com.gridnine.opencms.ticketbrokerage.site/resources/js/common-ajax.js HTTP/1.1" 200 20175
81.229.102.222 - - [19/Jun/2024:00:16:49 +0200] "GET /ticket2/opencms/system/modules/com.gridnine.opencms.ticketbrokerage.site/resources/pics/logo-new.png HTTP/1.1" 200 13541
81.229.102.222 - - [19/Jun/2024:00:16:49 +0200] "GET /ticket2/opencms/img/insta.png HTTP/1.1" 200 3967
81.229.102.222 - - [19/Jun/2024:00:16:49 +0200] "GET /ticket2/opencms/img/fb.png HTTP/1.1" 200 1269
81.229.102.222 - - [19/Jun/2024:00:16:49 +0200] "GET /ticket2/opencms/system/modules/com.gridnine.opencms.ticketbrokerage.site/resources/pics/banners/Tottenham.jpg HTTP/1.1" 200 13797
81.229.102.222 - - [19/Jun/2024:00:16:49 +0200] "GET /ticket2/opencms/system/modules/com.gridnine.opencms.ticketbrokerage.site/resources/pics/bank_1_nordea.png HTTP/1.1" 200 4807
81.229.102.222 - - [19/Jun/2024:00:16:49 +0200] "GET /ticket2/opencms/system/modules/com.gridnine.opencms.ticketbrokerage.site/resources/pics/bank_2_handelsbanken.png HTTP/1.1" 200 4509
81.229.102.222 - - [19/Jun/2024:00:16:49 +0200] "GET /ticket2/opencms/system/modules/com.gridnine.opencms.ticketbrokerage.site/resources/pics/bank_4_seb.png HTTP/1.1" 200 2487
81.229.102.222 - - [19/Jun/2024:00:16:49 +0200] "GET /ticket2/opencms/system/modules/com.gridnine.opencms.ticketbrokerage.site/resources/pics/bank_3_swedbank.png HTTP/1.1" 200 5740
81.229.102.222 - - [19/Jun/2024:00:16:49 +0200] "GET /ticket2/opencms/system/modules/com.gridnine.opencms.ticketbrokerage.site/resources/pics/bank_5_visa_mastercard.png HTTP/1.1" 200 8196
81.229.102.222 - - [19/Jun/2024:00:16:49 +0200] "GET /ticket2/opencms/system/modules/com.gridnine.opencms.ticketbrokerage.site/resources/pics/bank_6_american_express.png HTTP/1.1" 200 5570
81.229.102.222 - - [19/Jun/2024:00:16:49 +0200] "GET /ticket2/opencms/img/check.png HTTP/1.1" 200 548
81.229.102.222 - - [19/Jun/2024:00:16:49 +0200] "GET /ticket2/opencms/img/mail.png HTTP/1.1" 200 403
81.229.102.222 - - [19/Jun/2024:00:16:49 +0200] "GET /ticket2/opencms/img/chat.png HTTP/1.1" 200 416
81.229.102.222 - - [19/Jun/2024:00:16:49 +0200] "GET /ticket2/opencms/img/arrow.png HTTP/1.1" 200 753
81.229.102.222 - - [19/Jun/2024:00:16:50 +0200] "GET /ticket2/opencms/favicon.ico HTTP/1.1" 200 1406
81.229.102.222 - - [19/Jun/2024:00:16:51 +0200] "GET /ticket2/opencms/img/icons/globe-white.png HTTP/1.1" 200 947
81.229.102.222 - - [19/Jun/2024:00:16:51 +0200] "GET /ticket2/opencms/img/icons/no.png HTTP/1.1" 200 1958
81.229.102.222 - - [19/Jun/2024:00:16:51 +0200] "GET /ticket2/opencms/img/icons/en.png HTTP/1.1" 200 2415
188.165.215.206 - - [19/Jun/2024:00:16:51 +0200] "GET /ticket2/opencms/en/buy/?page=1&edid=5459DFBC-646C-41FF-1074-09BB4A0C01AB&sortorder=asc&column=price HTTP/1.1" 200 87189
81.229.102.222 - - [19/Jun/2024:00:16:51 +0200] "GET /ticket2/opencms/img/icons/se.png HTTP/1.1" 200 1258
81.229.102.222 - - [19/Jun/2024:00:16:52 +0200] "GET /ticket2/opencms/img/icons/fi.png HTTP/1.1" 200 1785
81.229.102.222 - - [19/Jun/2024:00:16:52 +0200] "GET /ticket2/opencms/img/icons/nl.png HTTP/1.1" 200 1255
81.229.102.222 - - [19/Jun/2024:00:16:52 +0200] "GET /ticket2/opencms/img/icons/fr.png HTTP/1.1" 200 1764
81.229.102.222 - - [19/Jun/2024:00:16:53 +0200] "GET /ticket2/opencms/img/icons/de.png HTTP/1.1" 200 1124
81.229.102.222 - - [19/Jun/2024:00:16:53 +0200] "GET /ticket2/opencms/img/icons/dk.png HTTP/1.1" 200 1706
81.229.102.222 - - [19/Jun/2024:00:16:53 +0200] "GET /ticket2/opencms/img/icons/es.png HTTP/1.1" 200 1005
81.229.102.222 - - [19/Jun/2024:00:16:53 +0200] "GET /ticket2/opencms/img/icons/it.png HTTP/1.1" 200 2040
81.229.102.222 - - [19/Jun/2024:00:16:53 +0200] "GET /ticket2/opencms/system/modules/com.gridnine.opencms.ticketbrokerage.site/resources/js/standard.js HTTP/1.1" 200 3978
81.229.102.222 - - [19/Jun/2024:00:16:54 +0200] "GET /ticket2/opencms/system/modules/com.gridnine.opencms.ticketbrokerage.site/resources/css/images/ui-bg_flat_75_ffffff_40x100.png HTTP/1.1" 404 -
188.165.215.206 - - [19/Jun/2024:00:17:01 +0200] "GET /ticket2/opencms/en/buy/?page=1&edid=5459DFBC-646C-41FF-1074-09BB4A0C01AB&sortorder=asc&column=row HTTP/1.1" 200 87189
81.229.102.222 - - [19/Jun/2024:00:17:01 +0200] "GET /ticket2/opencms/sv/buy/?page=1&edid=C78E4619-1E46-CB27-6BCC-007429A12C31 HTTP/1.1" 200 121080
81.229.102.222 - - [19/Jun/2024:00:17:01 +0200] "GET /ticket2/opencms/system/modules/com.gridnine.opencms.ticketbrokerage.site/resources/css/calendar.css HTTP/1.1" 200 6871
81.229.102.222 - - [19/Jun/2024:00:17:01 +0200] "GET /ticket2/opencms/system/modules/com.gridnine.opencms.ticketbrokerage.site/resources/js/calendar-setup.js HTTP/1.1" 200 4923
81.229.102.222 - - [19/Jun/2024:00:17:01 +0200] "GET /ticket2/opencms/system/modules/com.gridnine.opencms.ticketbrokerage.site/resources/js/standard.js HTTP/1.1" 200 3978
81.229.102.222 - - [19/Jun/2024:00:17:01 +0200] "GET /ticket2/opencms/system/modules/com.gridnine.opencms.ticketbrokerage.site/resources/css/standard.css HTTP/1.1" 200 71935
81.229.102.222 - - [19/Jun/2024:00:17:01 +0200] "GET /ticket2/opencms/system/modules/com.gridnine.opencms.ticketbrokerage.site/resources/css/ticketbrokerage.css HTTP/1.1" 200 39339
81.229.102.222 - - [19/Jun/2024:00:17:01 +0200] "GET /ticket2/opencms/system/modules/com.gridnine.opencms.ticketbrokerage.site/resources/js/functions.js HTTP/1.1" 200 1583
81.229.102.222 - - [19/Jun/2024:00:17:01 +0200] "GET /ticket2/opencms/system/modules/com.gridnine.opencms.ticketbrokerage.site/resources/js/calendar.js HTTP/1.1" 200 49229
81.229.102.222 - - [19/Jun/2024:00:17:01 +0200] "GET /ticket2/opencms/system/modules/com.gridnine.opencms.ticketbrokerage.site/resources/js/calendar-en.js HTTP/1.1" 200 3338
81.229.102.222 - - [19/Jun/2024:00:17:01 +0200] "GET /ticket2/opencms/venue/Tottanham_Hotspur_Stadium.png HTTP/1.1" 200 43726
81.229.102.222 - - [19/Jun/2024:00:17:02 +0200] "GET /ticket2/opencms/system/modules/com.gridnine.opencms.ticketbrokerage.site/resources/pics/0.gif HTTP/1.1" 200 43
81.229.102.222 - - [19/Jun/2024:00:17:02 +0200] "GET /ticket2/opencms/system/modules/com.gridnine.opencms.ticketbrokerage.site/resources/pics/two_man.png HTTP/1.1" 200 3407
81.229.102.222 - - [19/Jun/2024:00:17:02 +0200] "GET /ticket2/opencms/system/modules/com.gridnine.opencms.ticketbrokerage.site/resources/pics/ticket_info_button.png HTTP/1.1" 200 3820
81.229.102.222 - - [19/Jun/2024:00:17:02 +0200] "GET /ticket2/opencms/sv/ask-form.html HTTP/1.1" 200 2950
81.229.102.222 - - [19/Jun/2024:00:17:02 +0200] "GET /ticket2/opencms/system/modules/com.gridnine.opencms.ticketbrokerage.site/resources/css/images/ui-bg_flat_75_ffffff_40x100.png HTTP/1.1" 404 -
81.229.102.222 - - [19/Jun/2024:00:17:02 +0200] "GET /ticket2/opencms/system/modules/com.gridnine.opencms.ticketbrokerage.site/resources/pics/arrow.gif HTTP/1.1" 200 344
81.229.102.222 - - [19/Jun/2024:00:17:02 +0200] "GET /ticket2/opencms/system/modules/com.gridnine.opencms.ticketbrokerage.site/resources/css/ticketbrokerage.css HTTP/1.1" 200 39339
81.229.102.222 - - [19/Jun/2024:00:17:02 +0200] "GET /ticket2/opencms/system/modules/com.gridnine.opencms.ticketbrokerage.site/resources/pics/form_marker.gif HTTP/1.1" 200 43
81.229.102.222 - - [19/Jun/2024:00:17:02 +0200] "GET /ticket2/opencms/img/arrow-down.png HTTP/1.1" 200 192
81.229.102.222 - - [19/Jun/2024:00:17:02 +0200] "GET /ticket2/opencms/system/modules/com.gridnine.opencms.ticketbrokerage.site/resources/pics/button1_left.gif HTTP/1.1" 200 232
81.229.102.222 - - [19/Jun/2024:00:17:02 +0200] "GET /ticket2/opencms/system/modules/com.gridnine.opencms.ticketbrokerage.site/resources/pics/button1_right.gif HTTP/1.1" 200 232
81.229.102.222 - - [19/Jun/2024:00:17:02 +0200] "GET /ticket2/opencms/system/modules/com.gridnine.opencms.ticketbrokerage.site/resources/pics/button1_center.gif HTTP/1.1" 200 66
147.161.188.202 - - [19/Jun/2024:00:17:06 +0200] "GET /ticket2/opencms/set_aff_cookie.jsp?partner=53673ED6-1455-FA54-818F-B1F67121E37C&url=/sv/buy/index.html%3Fpage%3D1%26edid%3DDA2AFD28-6AA1-4222-20E5-CCCE4BF9B981%26hlv%3D666d450c-335c-41be-bf7b-64610a01000f%23v_2047665882 HTTP/1.1" 200 226
147.161.188.202 - - [19/Jun/2024:00:17:06 +0200] "GET /ticket2/opencms/sv/buy/?page=1&edid=DA2AFD28-6AA1-4222-20E5-CCCE4BF9B981&hlv=666d450c-335c-41be-bf7b-64610a01000f HTTP/1.1" 200 112163
147.161.188.202 - - [19/Jun/2024:00:17:07 +0200] "GET /ticket2/opencms/system/modules/com.gridnine.opencms.ticketbrokerage.site/resources/css/ticketbrokerage.css HTTP/1.1" 200 39339
147.161.188.202 - - [19/Jun/2024:00:17:07 +0200] "GET /ticket2/opencms/system/modules/com.gridnine.opencms.ticketbrokerage.site/resources/css/calendar.css HTTP/1.1" 200 6871
147.161.188.202 - - [19/Jun/2024:00:17:07 +0200] "GET /ticket2/opencms/system/modules/com.gridnine.opencms.ticketbrokerage.site/resources/css/jquery-ui.css HTTP/1.1" 200 33221
147.161.188.202 - - [19/Jun/2024:00:17:07 +0200] "GET /ticket2/opencms/system/modules/com.gridnine.opencms.ticketbrokerage.site/resources/css/jquery.fancybox.css HTTP/1.1" 200 4939
147.161.188.202 - - [19/Jun/2024:00:17:07 +0200] "GET /ticket2/opencms/system/modules/com.gridnine.opencms.ticketbrokerage.site/resources/js/functions.js HTTP/1.1" 200 1583
147.161.188.202 - - [19/Jun/2024:00:17:07 +0200] "GET /ticket2/opencms/system/modules/com.gridnine.opencms.ticketbrokerage.site/resources/css/standard.css HTTP/1.1" 200 71935
147.161.188.202 - - [19/Jun/2024:00:17:07 +0200] "GET /ticket2/opencms/system/modules/com.gridnine.opencms.ticketbrokerage.site/resources/js/calendar.js HTTP/1.1" 200 49229
147.161.188.202 - - [19/Jun/2024:00:17:07 +0200] "GET /ticket2/opencms/system/modules/com.gridnine.opencms.ticketbrokerage.site/resources/js/calendar-en.js HTTP/1.1" 200 3338
147.161.188.202 - - [19/Jun/2024:00:17:07 +0200] "GET /ticket2/opencms/system/modules/com.gridnine.opencms.ticketbrokerage.site/resources/js/jquery/jquery.js HTTP/1.1" 200 93868
147.161.188.202 - - [19/Jun/2024:00:17:07 +0200] "GET /ticket2/opencms/system/modules/com.gridnine.opencms.ticketbrokerage.site/resources/js/calendar-setup.js HTTP/1.1" 200 4923
147.161.188.202 - - [19/Jun/2024:00:17:07 +0200] "GET /ticket2/opencms/system/modules/com.gridnine.opencms.ticketbrokerage.site/resources/js/jquery/jquery-ui.js HTTP/1.1" 200 228088
147.161.188.202 - - [19/Jun/2024:00:17:07 +0200] "GET /ticket2/opencms/system/modules/com.gridnine.opencms.ticketbrokerage.site/resources/js/jquery.fancybox.pack.js HTTP/1.1" 200 23187
147.161.188.202 - - [19/Jun/2024:00:17:07 +0200] "GET /ticket2/opencms/system/modules/com.gridnine.opencms.ticketbrokerage.site/resources/js/stickyfill.min.js HTTP/1.1" 200 5672
147.161.188.202 - - [19/Jun/2024:00:17:07 +0200] "GET /ticket2/opencms/img/icons/se.png HTTP/1.1" 200 1258
147.161.188.202 - - [19/Jun/2024:00:17:07 +0200] "GET /ticket2/opencms/img/icons/no.png HTTP/1.1" 200 1958
147.161.188.202 - - [19/Jun/2024:00:17:07 +0200] "GET /ticket2/opencms/img/icons/dk.png HTTP/1.1" 200 1706
147.161.188.202 - - [19/Jun/2024:00:17:07 +0200] "GET /ticket2/opencms/img/icons/fi.png HTTP/1.1" 200 1785
147.161.188.202 - - [19/Jun/2024:00:17:07 +0200] "GET /ticket2/opencms/img/icons/nl.png HTTP/1.1" 200 1255
147.161.188.202 - - [19/Jun/2024:00:17:07 +0200] "GET /ticket2/opencms/system/modules/com.gridnine.opencms.ticketbrokerage.site/resources/js/standard.js HTTP/1.1" 200 3978
147.161.188.202 - - [19/Jun/2024:00:17:07 +0200] "GET /ticket2/opencms/system/modules/com.gridnine.opencms.ticketbrokerage.site/resources/js/jquery.placeholder.min.js HTTP/1.1" 200 1737
147.161.188.202 - - [19/Jun/2024:00:17:07 +0200] "GET /ticket2/opencms/system/modules/com.gridnine.opencms.ticketbrokerage.site/resources/js/common-ajax.js HTTP/1.1" 200 20175
147.161.188.202 - - [19/Jun/2024:00:17:07 +0200] "GET /ticket2/opencms/img/fb.png HTTP/1.1" 200 1269
147.161.188.202 - - [19/Jun/2024:00:17:07 +0200] "GET /ticket2/opencms/system/modules/com.gridnine.opencms.ticketbrokerage.site/resources/pics/logo-new.png HTTP/1.1" 200 13541
147.161.188.202 - - [19/Jun/2024:00:17:07 +0200] "GET /ticket2/opencms/system/modules/com.gridnine.opencms.ticketbrokerage.site/resources/pics/0.gif HTTP/1.1" 200 43
147.161.188.202 - - [19/Jun/2024:00:17:07 +0200] "GET /ticket2/opencms/img/insta.png HTTP/1.1" 200 3967
147.161.188.202 - - [19/Jun/2024:00:17:07 +0200] "GET /ticket2/opencms/venue/stamford_bridge.png HTTP/1.1" 200 51972
147.161.188.202 - - [19/Jun/2024:00:17:07 +0200] "GET /ticket2/opencms/system/modules/com.gridnine.opencms.ticketbrokerage.site/resources/pics/two_man.png HTTP/1.1" 200 3407
147.161.188.202 - - [19/Jun/2024:00:17:07 +0200] "GET /ticket2/opencms/system/modules/com.gridnine.opencms.ticketbrokerage.site/resources/pics/ticket_info_button.png HTTP/1.1" 200 3820
147.161.188.202 - - [19/Jun/2024:00:17:07 +0200] "GET /ticket2/opencms/system/modules/com.gridnine.opencms.ticketbrokerage.site/resources/pics/bank_3_swedbank.png HTTP/1.1" 200 5740
147.161.188.202 - - [19/Jun/2024:00:17:07 +0200] "GET /ticket2/opencms/system/modules/com.gridnine.opencms.ticketbrokerage.site/resources/pics/bank_2_handelsbanken.png HTTP/1.1" 200 4509
147.161.188.202 - - [19/Jun/2024:00:17:07 +0200] "GET /ticket2/opencms/system/modules/com.gridnine.opencms.ticketbrokerage.site/resources/pics/bank_1_nordea.png HTTP/1.1" 200 4807
147.161.188.202 - - [19/Jun/2024:00:17:07 +0200] "GET /ticket2/opencms/system/modules/com.gridnine.opencms.ticketbrokerage.site/resources/pics/bank_4_seb.png HTTP/1.1" 200 2487
147.161.188.202 - - [19/Jun/2024:00:17:07 +0200] "GET /ticket2/opencms/img/mail.png HTTP/1.1" 200 403
147.161.188.202 - - [19/Jun/2024:00:17:07 +0200] "GET /ticket2/opencms/img/chat.png HTTP/1.1" 200 416
147.161.188.202 - - [19/Jun/2024:00:17:07 +0200] "GET /ticket2/opencms/img/check.png HTTP/1.1" 200 548
147.161.188.202 - - [19/Jun/2024:00:17:07 +0200] "GET /ticket2/opencms/system/modules/com.gridnine.opencms.ticketbrokerage.site/resources/pics/bank_6_american_express.png HTTP/1.1" 200 5570
147.161.188.202 - - [19/Jun/2024:00:17:07 +0200] "GET /ticket2/opencms/system/modules/com.gridnine.opencms.ticketbrokerage.site/resources/pics/bank_5_visa_mastercard.png HTTP/1.1" 200 8196
147.161.188.202 - - [19/Jun/2024:00:17:07 +0200] "GET /ticket2/opencms/img/arrow.png HTTP/1.1" 200 753
147.161.188.202 - - [19/Jun/2024:00:17:07 +0200] "GET /ticket2/opencms/img/arrow-down.png HTTP/1.1" 200 192
147.161.188.202 - - [19/Jun/2024:00:17:07 +0200] "GET /ticket2/opencms/sv/ask-form.html HTTP/1.1" 200 2950
147.161.188.202 - - [19/Jun/2024:00:17:07 +0200] "GET /ticket2/opencms/img/icons/globe-white.png HTTP/1.1" 200 947
147.161.188.202 - - [19/Jun/2024:00:17:07 +0200] "GET /ticket2/opencms/system/modules/com.gridnine.opencms.ticketbrokerage.site/resources/pics/arrow.gif HTTP/1.1" 200 344
147.161.188.202 - - [19/Jun/2024:00:17:07 +0200] "GET /ticket2/opencms/system/modules/com.gridnine.opencms.ticketbrokerage.site/resources/pics/form_marker.gif HTTP/1.1" 200 43
147.161.188.202 - - [19/Jun/2024:00:17:07 +0200] "GET /ticket2/opencms/img/icons/de.png HTTP/1.1" 200 1124
147.161.188.202 - - [19/Jun/2024:00:17:07 +0200] "GET /ticket2/opencms/system/modules/com.gridnine.opencms.ticketbrokerage.site/resources/css/ticketbrokerage.css HTTP/1.1" 200 39339
147.161.188.202 - - [19/Jun/2024:00:17:07 +0200] "GET /ticket2/opencms/img/icons/fr.png HTTP/1.1" 200 1764
147.161.188.202 - - [19/Jun/2024:00:17:07 +0200] "GET /ticket2/opencms/img/icons/es.png HTTP/1.1" 200 1005
147.161.188.202 - - [19/Jun/2024:00:17:07 +0200] "GET /ticket2/opencms/img/icons/en.png HTTP/1.1" 200 2415
147.161.188.202 - - [19/Jun/2024:00:17:07 +0200] "GET /ticket2/opencms/img/icons/it.png HTTP/1.1" 200 2040
147.161.188.202 - - [19/Jun/2024:00:17:09 +0200] "GET /ticket2/opencms/system/modules/com.gridnine.opencms.ticketbrokerage.site/resources/js/standard.js HTTP/1.1" 200 3978
147.161.188.202 - - [19/Jun/2024:00:17:09 +0200] "GET /ticket2/opencms/favicon.ico HTTP/1.1" 200 1406
147.161.188.202 - - [19/Jun/2024:00:17:10 +0200] "GET /ticket2/opencms/system/modules/com.gridnine.opencms.ticketbrokerage.site/resources/css/images/ui-bg_flat_75_ffffff_40x100.png HTTP/1.1" 404 -
188.165.215.206 - - [19/Jun/2024:00:17:12 +0200] "GET /ticket2/opencms/en/buy/?page=1&edid=5459DFBC-646C-41FF-1074-09BB4A0C01AB&sortorder=asc&column=section HTTP/1.1" 200 87189
85.208.96.204 - - [19/Jun/2024:00:17:14 +0200] "GET /ticket2/opencms/es/sport/entradas-futbol/serie_a/hellas_verona/ HTTP/1.1" 404 -
185.191.171.17 - - [19/Jun/2024:00:17:17 +0200] "GET /ticket2/opencms/dk/sport/fodboldbilletter/champions_league/newcastle/ HTTP/1.1" 200 72991
188.165.215.206 - - [19/Jun/2024:00:17:22 +0200] "GET /ticket2/opencms/en/buy/?page=1&edid=54FC36CF-650E-0DD5-1BB3-E49EF32EDF7E&sortorder=asc&column=price HTTP/1.1" 200 88040
66.249.77.64 - - [19/Jun/2024:00:17:28 +0200] "GET /ticket2/opencms/nl/buy/?page=6&comcatid=A17713B6-D984-201A-4143-ED4DB5ED5C2E&catid=573B7747-EE85-D769-C87D-F3F61FB64AA5 HTTP/1.1" 200 81836
188.165.215.206 - - [19/Jun/2024:00:17:30 +0200] "GET /ticket2/opencms/en/buy/?page=1&edid=54FC36CF-650E-0DD5-1BB3-E49EF32EDF7E&sortorder=asc&column=row HTTP/1.1" 200 88040
66.249.75.41 - - [19/Jun/2024:00:17:30 +0200] "GET /ticket2/opencms/sv/sport/fotbollsbiljetter/premier_league/arsenal/ HTTP/1.1" 200 86409
198.235.24.40 - - [19/Jun/2024:00:17:34 +0200] "GET / HTTP/1.1" 404 -
147.161.188.202 - - [19/Jun/2024:00:17:37 +0200] "GET /ticket2/opencms/img/arrow-up.png HTTP/1.1" 200 193
114.119.132.248 - - [19/Jun/2024:00:17:44 +0200] "GET /ticket2/opencms/en/venue/?venueid=E6204074-AB92-38FC-E60D-184F55E9757A HTTP/1.1" 200 71365
188.165.215.206 - - [19/Jun/2024:00:17:44 +0200] "GET /ticket2/opencms/en/buy/?page=1&edid=55665BB1-2F3D-DED5-E2AC-E89B6A948AE6&sortorder=asc&column=price HTTP/1.1" 200 87608
188.165.215.206 - - [19/Jun/2024:00:17:52 +0200] "GET /ticket2/opencms/en/buy/?page=1&edid=55665BB1-2F3D-DED5-E2AC-E89B6A948AE6&sortorder=asc&column=row HTTP/1.1" 200 87608
216.244.66.196 - - [19/Jun/2024:00:17:53 +0200] "GET /ticket2/opencms/robots.txt HTTP/1.1" 200 773
81.229.102.222 - - [19/Jun/2024:00:17:58 +0200] "GET /ticket2/opencms/img/arrow-up.png HTTP/1.1" 200 193
188.165.215.206 - - [19/Jun/2024:00:18:02 +0200] "GET /ticket2/opencms/en/buy/?page=1&edid=55665BB1-2F3D-DED5-E2AC-E89B6A948AE6&sortorder=asc&column=section HTTP/1.1" 200 87608
188.165.215.206 - - [19/Jun/2024:00:18:12 +0200] "GET /ticket2/opencms/en/buy/?page=1&edid=55D86897-8C9C-C674-770A-B1D3B4953179&sortorder=asc&column=row HTTP/1.1" 200 86820
188.165.215.206 - - [19/Jun/2024:00:18:22 +0200] "GET /ticket2/opencms/en/buy/?page=1&edid=55D86897-8C9C-C674-770A-B1D3B4953179&sortorder=asc&column=section HTTP/1.1" 200 86820
85.208.96.208 - - [19/Jun/2024:00:18:28 +0200] "GET /ticket2/opencms/robots.txt HTTP/1.1" 200 773
85.208.96.201 - - [19/Jun/2024:00:18:28 +0200] "GET /ticket2/opencms/en/ HTTP/1.1" 200 109775
188.165.215.206 - - [19/Jun/2024:00:18:30 +0200] "GET /ticket2/opencms/en/buy/?page=1&edid=5636DEDA-BAB6-7F10-24BF-27D5CA6FE54E&sortorder=asc&column=price HTTP/1.1" 200 87310
188.165.215.206 - - [19/Jun/2024:00:18:38 +0200] "GET /ticket2/opencms/en/buy/?page=1&edid=5636DEDA-BAB6-7F10-24BF-27D5CA6FE54E&sortorder=asc&column=row HTTP/1.1" 200 87310
151.248.199.11 - - [19/Jun/2024:00:18:42 +0200] "GET /ticket2/opencms/ HTTP/1.1" 302 -
151.248.199.11 - - [19/Jun/2024:00:18:42 +0200] "GET /ticket2/opencms/en/ HTTP/1.1" 200 109775
151.248.199.11 - - [19/Jun/2024:00:18:42 +0200] "GET /ticket2/opencms/system/modules/com.gridnine.opencms.ticketbrokerage.site/resources/css/ticketbrokerage.css HTTP/1.1" 200 39339
151.248.199.11 - - [19/Jun/2024:00:18:43 +0200] "GET /ticket2/opencms/system/modules/com.gridnine.opencms.ticketbrokerage.site/resources/css/calendar.css HTTP/1.1" 200 6871
151.248.199.11 - - [19/Jun/2024:00:18:43 +0200] "GET /ticket2/opencms/system/modules/com.gridnine.opencms.ticketbrokerage.site/resources/css/jquery-ui.css HTTP/1.1" 200 33221
151.248.199.11 - - [19/Jun/2024:00:18:43 +0200] "GET /ticket2/opencms/system/modules/com.gridnine.opencms.ticketbrokerage.site/resources/css/standard.css HTTP/1.1" 200 71935
151.248.199.11 - - [19/Jun/2024:00:18:43 +0200] "GET /ticket2/opencms/system/modules/com.gridnine.opencms.ticketbrokerage.site/resources/css/jquery.fancybox.css HTTP/1.1" 200 4939
151.248.199.11 - - [19/Jun/2024:00:18:43 +0200] "GET /ticket2/opencms/system/modules/com.gridnine.opencms.ticketbrokerage.site/resources/js/jquery/jquery-ui.js HTTP/1.1" 200 228088
151.248.199.11 - - [19/Jun/2024:00:18:43 +0200] "GET /ticket2/opencms/system/modules/com.gridnine.opencms.ticketbrokerage.site/resources/js/jquery/jquery.js HTTP/1.1" 200 93868
151.248.199.11 - - [19/Jun/2024:00:18:43 +0200] "GET /ticket2/opencms/system/modules/com.gridnine.opencms.ticketbrokerage.site/resources/js/functions.js HTTP/1.1" 200 1583
151.248.199.11 - - [19/Jun/2024:00:18:43 +0200] "GET /ticket2/opencms/system/modules/com.gridnine.opencms.ticketbrokerage.site/resources/js/calendar.js HTTP/1.1" 200 49229
151.248.199.11 - - [19/Jun/2024:00:18:43 +0200] "GET /ticket2/opencms/system/modules/com.gridnine.opencms.ticketbrokerage.site/resources/js/calendar-en.js HTTP/1.1" 200 3338
151.248.199.11 - - [19/Jun/2024:00:18:43 +0200] "GET /ticket2/opencms/system/modules/com.gridnine.opencms.ticketbrokerage.site/resources/js/calendar-setup.js HTTP/1.1" 200 4923
151.248.199.11 - - [19/Jun/2024:00:18:43 +0200] "GET /ticket2/opencms/system/modules/com.gridnine.opencms.ticketbrokerage.site/resources/js/jquery.fancybox.pack.js HTTP/1.1" 200 23187
151.248.199.11 - - [19/Jun/2024:00:18:43 +0200] "GET /ticket2/opencms/system/modules/com.gridnine.opencms.ticketbrokerage.site/resources/js/stickyfill.min.js HTTP/1.1" 200 5672
151.248.199.11 - - [19/Jun/2024:00:18:43 +0200] "GET /ticket2/opencms/img/icons/no.png HTTP/1.1" 200 1958
151.248.199.11 - - [19/Jun/2024:00:18:43 +0200] "GET /ticket2/opencms/img/icons/se.png HTTP/1.1" 200 1258
151.248.199.11 - - [19/Jun/2024:00:18:43 +0200] "GET /ticket2/opencms/img/icons/dk.png HTTP/1.1" 200 1706
151.248.199.11 - - [19/Jun/2024:00:18:43 +0200] "GET /ticket2/opencms/img/icons/fi.png HTTP/1.1" 200 1785
151.248.199.11 - - [19/Jun/2024:00:18:43 +0200] "GET /ticket2/opencms/system/modules/com.gridnine.opencms.ticketbrokerage.site/resources/js/standard.js HTTP/1.1" 200 3978
151.248.199.11 - - [19/Jun/2024:00:18:43 +0200] "GET /ticket2/opencms/img/icons/nl.png HTTP/1.1" 200 1255
151.248.199.11 - - [19/Jun/2024:00:18:43 +0200] "GET /ticket2/opencms/system/modules/com.gridnine.opencms.ticketbrokerage.site/resources/js/jquery.placeholder.min.js HTTP/1.1" 200 1737
151.248.199.11 - - [19/Jun/2024:00:18:43 +0200] "GET /ticket2/opencms/system/modules/com.gridnine.opencms.ticketbrokerage.site/resources/js/common-ajax.js HTTP/1.1" 200 20175
151.248.199.11 - - [19/Jun/2024:00:18:43 +0200] "GET /ticket2/opencms/system/modules/com.gridnine.opencms.ticketbrokerage.site/resources/pics/logo-new.png HTTP/1.1" 200 13541
151.248.199.11 - - [19/Jun/2024:00:18:43 +0200] "GET /ticket2/opencms/img/insta.png HTTP/1.1" 200 3967
151.248.199.11 - - [19/Jun/2024:00:18:43 +0200] "GET /ticket2/opencms/img/fb.png HTTP/1.1" 200 1269
151.248.199.11 - - [19/Jun/2024:00:18:43 +0200] "GET /ticket2/opencms/system/modules/com.gridnine.opencms.ticketbrokerage.site/resources/pics/bank_1_nordea.png HTTP/1.1" 200 4807
151.248.199.11 - - [19/Jun/2024:00:18:43 +0200] "GET /ticket2/opencms/system/modules/com.gridnine.opencms.ticketbrokerage.site/resources/pics/bank_2_handelsbanken.png HTTP/1.1" 200 4509
151.248.199.11 - - [19/Jun/2024:00:18:43 +0200] "GET /ticket2/opencms/system/modules/com.gridnine.opencms.ticketbrokerage.site/resources/pics/bank_3_swedbank.png HTTP/1.1" 200 5740
151.248.199.11 - - [19/Jun/2024:00:18:43 +0200] "GET /ticket2/opencms/system/modules/com.gridnine.opencms.ticketbrokerage.site/resources/pics/bank_4_seb.png HTTP/1.1" 200 2487
151.248.199.11 - - [19/Jun/2024:00:18:43 +0200] "GET /ticket2/opencms/system/modules/com.gridnine.opencms.ticketbrokerage.site/resources/pics/bank_6_american_express.png HTTP/1.1" 200 5570
151.248.199.11 - - [19/Jun/2024:00:18:43 +0200] "GET /ticket2/opencms/system/modules/com.gridnine.opencms.ticketbrokerage.site/resources/pics/bank_5_visa_mastercard.png HTTP/1.1" 200 8196
151.248.199.11 - - [19/Jun/2024:00:18:43 +0200] "GET /ticket2/opencms/img/check.png HTTP/1.1" 200 548
151.248.199.11 - - [19/Jun/2024:00:18:43 +0200] "GET /ticket2/opencms/img/chat.png HTTP/1.1" 200 416
151.248.199.11 - - [19/Jun/2024:00:18:43 +0200] "GET /ticket2/opencms/img/mail.png HTTP/1.1" 200 403
151.248.199.11 - - [19/Jun/2024:00:18:43 +0200] "GET /ticket2/opencms/img/arrow.png HTTP/1.1" 200 753
151.248.199.11 - - [19/Jun/2024:00:18:43 +0200] "GET /ticket2/opencms/img/banner-ll.jpeg HTTP/1.1" 200 41825
151.248.199.11 - - [19/Jun/2024:00:18:43 +0200] "GET /ticket2/opencms/img/banner-pl.jpeg HTTP/1.1" 200 41818
151.248.199.11 - - [19/Jun/2024:00:18:43 +0200] "GET /ticket2/opencms/img/banner-sa.jpeg HTTP/1.1" 200 41270
151.248.199.11 - - [19/Jun/2024:00:18:44 +0200] "GET /ticket2/opencms/img/icons/nl.png HTTP/1.1" 200 1255
151.248.199.11 - - [19/Jun/2024:00:18:44 +0200] "GET /ticket2/opencms/img/icons/de.png HTTP/1.1" 200 1124
151.248.199.11 - - [19/Jun/2024:00:18:44 +0200] "GET /ticket2/opencms/img/icons/es.png HTTP/1.1" 200 1005
151.248.199.11 - - [19/Jun/2024:00:18:44 +0200] "GET /ticket2/opencms/img/icons/globe-white.png HTTP/1.1" 200 947
151.248.199.11 - - [19/Jun/2024:00:18:44 +0200] "GET /ticket2/opencms/img/icons/fr.png HTTP/1.1" 200 1764
151.248.199.11 - - [19/Jun/2024:00:18:44 +0200] "GET /ticket2/opencms/img/icons/it.png HTTP/1.1" 200 2040
151.248.199.11 - - [19/Jun/2024:00:18:44 +0200] "GET /ticket2/opencms/img/icons/en.png HTTP/1.1" 200 2415
151.248.199.11 - - [19/Jun/2024:00:18:45 +0200] "GET /ticket2/opencms/system/modules/com.gridnine.opencms.ticketbrokerage.site/resources/js/standard.js HTTP/1.1" 200 3978
151.248.199.11 - - [19/Jun/2024:00:18:45 +0200] "GET /ticket2/opencms/favicon.ico HTTP/1.1" 200 1406
151.248.199.11 - - [19/Jun/2024:00:18:46 +0200] "GET /ticket2/opencms/system/modules/com.gridnine.opencms.ticketbrokerage.site/resources/css/images/ui-bg_flat_75_ffffff_40x100.png HTTP/1.1" 404 -
188.165.215.206 - - [19/Jun/2024:00:18:49 +0200] "GET /ticket2/opencms/en/buy/?page=1&edid=5636DEDA-BAB6-7F10-24BF-27D5CA6FE54E&sortorder=asc&column=section HTTP/1.1" 200 87310
151.248.199.11 - - [19/Jun/2024:00:18:54 +0200] "GET /ticket2/opencms/en/search.html?searchQuery=France&submit= HTTP/1.1" 200 92763
151.248.199.11 - - [19/Jun/2024:00:18:54 +0200] "GET /ticket2/opencms/system/modules/com.gridnine.opencms.ticketbrokerage.site/resources/css/ticketbrokerage.css HTTP/1.1" 200 39339
151.248.199.11 - - [19/Jun/2024:00:18:54 +0200] "GET /ticket2/opencms/system/modules/com.gridnine.opencms.ticketbrokerage.site/resources/css/calendar.css HTTP/1.1" 200 6871
151.248.199.11 - - [19/Jun/2024:00:18:54 +0200] "GET /ticket2/opencms/system/modules/com.gridnine.opencms.ticketbrokerage.site/resources/css/standard.css HTTP/1.1" 200 71935
151.248.199.11 - - [19/Jun/2024:00:18:54 +0200] "GET /ticket2/opencms/system/modules/com.gridnine.opencms.ticketbrokerage.site/resources/js/functions.js HTTP/1.1" 200 1583
151.248.199.11 - - [19/Jun/2024:00:18:54 +0200] "GET /ticket2/opencms/system/modules/com.gridnine.opencms.ticketbrokerage.site/resources/js/calendar.js HTTP/1.1" 200 49229
151.248.199.11 - - [19/Jun/2024:00:18:54 +0200] "GET /ticket2/opencms/system/modules/com.gridnine.opencms.ticketbrokerage.site/resources/js/calendar-en.js HTTP/1.1" 200 3338
151.248.199.11 - - [19/Jun/2024:00:18:54 +0200] "GET /ticket2/opencms/system/modules/com.gridnine.opencms.ticketbrokerage.site/resources/js/calendar-setup.js HTTP/1.1" 200 4923
151.248.199.11 - - [19/Jun/2024:00:18:54 +0200] "GET /ticket2/opencms/system/modules/com.gridnine.opencms.ticketbrokerage.site/resources/js/standard.js HTTP/1.1" 200 3978
151.248.199.11 - - [19/Jun/2024:00:18:54 +0200] "GET /ticket2/opencms/system/modules/com.gridnine.opencms.ticketbrokerage.site/resources/pics/partners/fotboll_direkt.png HTTP/1.1" 200 14373
151.248.199.11 - - [19/Jun/2024:00:18:54 +0200] "GET /ticket2/opencms/system/modules/com.gridnine.opencms.ticketbrokerage.site/resources/pics/partners/Hockeysverige.jpg HTTP/1.1" 200 8841
151.248.199.11 - - [19/Jun/2024:00:18:54 +0200] "GET /ticket2/opencms/system/modules/com.gridnine.opencms.ticketbrokerage.site/resources/pics/front_page/sv/elite_prospects.png HTTP/1.1" 200 14543
151.248.199.11 - - [19/Jun/2024:00:18:54 +0200] "GET /ticket2/opencms/system/modules/com.gridnine.opencms.ticketbrokerage.site/resources/pics/right_side_bar/fi/instagram.png HTTP/1.1" 200 2709
151.248.199.11 - - [19/Jun/2024:00:18:54 +0200] "GET /ticket2/opencms/system/modules/com.gridnine.opencms.ticketbrokerage.site/resources/pics/right_side_bar/fi/facebook.png HTTP/1.1" 200 2017
151.248.199.11 - - [19/Jun/2024:00:18:54 +0200] "GET /ticket2/opencms/system/modules/com.gridnine.opencms.ticketbrokerage.site/resources/pics/front_page/sv/Svenska_fans.jpg HTTP/1.1" 200 7096
151.248.199.11 - - [19/Jun/2024:00:18:54 +0200] "GET /ticket2/opencms/en/ask-form.html HTTP/1.1" 200 3146
