194.247.173.99 - - [19/Jun/2024:01:22:49 +0200] "GET /ticket2/opencms/dk/en/buy/?page=1&edid=8334F8CD-C200-CB12-70F3-B3071995B999&sortorder=desc&column=price HTTP/1.1" 404 -
95.91.110.20 - - [19/Jun/2024:01:22:49 +0200] "GET /ticket2/opencms/dk/sv/buy/?page=1&edid=3122FC61-42C6-05E4-F860-066646CC846A HTTP/1.1" 404 -
95.91.110.20 - - [19/Jun/2024:01:22:54 +0200] "GET /ticket2/opencms/dk/sv/buy/?page=1&edid=312BFF29-3377-C479-A339-E0DF8434D7CD HTTP/1.1" 404 -
194.247.173.99 - - [19/Jun/2024:01:22:54 +0200] "GET /ticket2/opencms/dk/en/buy/?page=1&edid=8334F8CD-C200-CB12-70F3-B3071995B999&sortorder=desc&column=row HTTP/1.1" 404 -
95.91.110.20 - - [19/Jun/2024:01:22:59 +0200] "GET /ticket2/opencms/dk/sv/buy/?page=1&edid=312BFF29-3377-C479-A339-E0DF8434D7CD&sortorder=asc&column=price HTTP/1.1" 404 -
194.247.173.99 - - [19/Jun/2024:01:22:59 +0200] "GET /ticket2/opencms/dk/en/buy/?page=1&edid=8334F8CD-C200-CB12-70F3-B3071995B999&sortorder=desc&column=section HTTP/1.1" 404 -
114.119.130.175 - - [19/Jun/2024:01:23:01 +0200] "GET /ticket2/opencms/en/buy/?page=6&comcatid=0A6B8208-FDA4-E929-9D72-5312FD481B76&catid=FCA7FF95-260A-464B-B6FF-A820FCE7DFEF HTTP/1.1" 200 74991
95.91.110.20 - - [19/Jun/2024:01:23:04 +0200] "GET /ticket2/opencms/dk/sv/buy/?page=1&edid=31A00BC6-9742-3DA5-82ED-B62782C882F9&sortorder=asc&column=section HTTP/1.1" 404 -
194.247.173.99 - - [19/Jun/2024:01:23:05 +0200] "GET /ticket2/opencms/dk/en/buy/?page=1&edid=835B9B3D-AE0A-A1D2-2531-808BBF422F8D&sortorder=asc&column=section HTTP/1.1" 404 -
95.91.110.20 - - [19/Jun/2024:01:23:09 +0200] "GET /ticket2/opencms/dk/sv/buy/?page=1&edid=31A00BC6-9742-3DA5-82ED-B62782C882F9&sortorder=desc&column=price HTTP/1.1" 404 -
194.247.173.99 - - [19/Jun/2024:01:23:10 +0200] "GET /ticket2/opencms/dk/en/buy/?page=1&edid=835B9B3D-AE0A-A1D2-2531-808BBF422F8D&sortorder=desc&column=price HTTP/1.1" 404 -
194.247.173.99 - - [19/Jun/2024:01:23:15 +0200] "GET /ticket2/opencms/dk/en/buy/?page=1&edid=839F261C-122D-EF1C-7B50-1CD34270AD21&sortorder=desc&column=price HTTP/1.1" 404 -
194.247.173.99 - - [19/Jun/2024:01:23:20 +0200] "GET /ticket2/opencms/dk/en/buy/?page=1&edid=83A7C60D-AD39-B127-D69A-4870DF1CAA32&sortorder=asc&column=section HTTP/1.1" 404 -
194.247.173.99 - - [19/Jun/2024:01:23:25 +0200] "GET /ticket2/opencms/dk/en/buy/?page=1&edid=83B7F88A-EA39-5C0D-D54C-4ED18D035B7A&sortorder=asc&column=section HTTP/1.1" 404 -
95.91.110.20 - - [19/Jun/2024:01:23:26 +0200] "GET /ticket2/opencms/dk/sv/buy/?page=1&edid=31A00BC6-9742-3DA5-82ED-B62782C882F9&sortorder=desc&column=row HTTP/1.1" 404 -
194.247.173.99 - - [19/Jun/2024:01:23:31 +0200] "GET /ticket2/opencms/dk/en/buy/?page=1&edid=83F2E8A0-DC7B-A3A3-A729-75E740E82055&sortorder=asc&column=price HTTP/1.1" 404 -
95.91.110.20 - - [19/Jun/2024:01:23:31 +0200] "GET /ticket2/opencms/dk/sv/buy/?page=1&edid=31A00BC6-9742-3DA5-82ED-B62782C882F9&sortorder=desc&column=section HTTP/1.1" 404 -
40.77.167.61 - - [19/Jun/2024:01:23:34 +0200] "GET /ticket2/opencms/dk/buy/?comcatid=A17713B6-D984-201A-4143-ED4DB5ED5C2E HTTP/1.1" 200 241079
128.90.101.5 - - [19/Jun/2024:01:23:35 +0200] "GET /ticket2/opencms/ HTTP/1.0" 302 -
194.247.173.99 - - [19/Jun/2024:01:23:36 +0200] "GET /ticket2/opencms/dk/en/buy/?page=1&edid=846929C4-FDD7-0473-C7C0-A9B2AA08A260&sortorder=asc&column=section HTTP/1.1" 404 -
128.90.101.5 - - [19/Jun/2024:01:23:36 +0200] "GET /ticket2/opencms/en/ HTTP/1.0" 200 109777
95.91.110.20 - - [19/Jun/2024:01:23:37 +0200] "GET /ticket2/opencms/dk/sv/buy/?page=1&edid=31D4F46A-F17C-48AF-3C4D-97EE1AFFD50F HTTP/1.1" 404 -
85.208.96.193 - - [19/Jun/2024:01:23:37 +0200] "GET /ticket2/opencms/en/sport/football-tickets/la-liga/girona/ HTTP/1.1" 200 72624
128.90.101.5 - - [19/Jun/2024:01:23:38 +0200] "GET /ticket2/opencms/en/about/contact HTTP/1.0" 200 70952
185.191.171.4 - - [19/Jun/2024:01:23:39 +0200] "GET /ticket2/opencms/sv/magazine/article?title=jurgen-klopp-lamnar-liverpool-en-framgangssaga-pa-anfield HTTP/1.1" 200 76740
194.247.173.99 - - [19/Jun/2024:01:23:41 +0200] "GET /ticket2/opencms/dk/en/buy/?page=1&edid=848CB31F-051E-0C52-99D8-9C591CC87204&sortorder=desc&column=price HTTP/1.1" 404 -
95.91.110.20 - - [19/Jun/2024:01:23:42 +0200] "GET /ticket2/opencms/dk/sv/buy/?page=1&edid=32846B0D-85AA-5430-4D03-A6DB1344BE0C HTTP/1.1" 404 -
40.77.167.61 - - [19/Jun/2024:01:23:43 +0200] "GET /ticket2/opencms/dk/buy/?page=1&edid=BB55F343-180C-1A1B-8A3A-1B93494C6A07 HTTP/1.1" 200 87838
194.247.173.99 - - [19/Jun/2024:01:23:46 +0200] "GET /ticket2/opencms/dk/en/buy/?page=1&edid=848CB31F-051E-0C52-99D8-9C591CC87204&sortorder=desc&column=row HTTP/1.1" 404 -
95.91.110.20 - - [19/Jun/2024:01:23:47 +0200] "GET /ticket2/opencms/dk/sv/buy/?page=1&edid=328A5D0C-3828-F1E2-D2FA-99909619C4A7 HTTP/1.1" 404 -
194.247.173.99 - - [19/Jun/2024:01:23:51 +0200] "GET /ticket2/opencms/dk/en/buy/?page=1&edid=848CB31F-051E-0C52-99D8-9C591CC87204&sortorder=desc&column=section HTTP/1.1" 404 -
95.91.110.20 - - [19/Jun/2024:01:23:52 +0200] "GET /ticket2/opencms/dk/sv/buy/?page=1&edid=328A5D0C-3828-F1E2-D2FA-99909619C4A7&sortorder=desc&column=price HTTP/1.1" 404 -
95.91.110.20 - - [19/Jun/2024:01:23:57 +0200] "GET /ticket2/opencms/dk/sv/buy/?page=1&edid=328CD364-5FBE-B6B9-C6DD-6B5ED1B81716&sortorder=asc&column=row HTTP/1.1" 404 -
194.247.173.99 - - [19/Jun/2024:01:23:58 +0200] "GET /ticket2/opencms/dk/en/buy/?page=1&edid=85266D8D-1EC2-A49C-0CF0-9DD81BE5F4FA&sortorder=asc&column=row HTTP/1.1" 404 -
95.91.110.20 - - [19/Jun/2024:01:24:02 +0200] "GET /ticket2/opencms/dk/sv/buy/?page=1&edid=328CD364-5FBE-B6B9-C6DD-6B5ED1B81716&sortorder=asc&column=section HTTP/1.1" 404 -
194.247.173.99 - - [19/Jun/2024:01:24:03 +0200] "GET /ticket2/opencms/dk/en/buy/?page=1&edid=85266D8D-1EC2-A49C-0CF0-9DD81BE5F4FA&sortorder=asc&column=section HTTP/1.1" 404 -
185.191.171.1 - - [19/Jun/2024:01:24:05 +0200] "GET /ticket2/opencms/it/sport/biglietti-calcio/ HTTP/1.1" 200 78052
95.91.110.20 - - [19/Jun/2024:01:24:08 +0200] "GET /ticket2/opencms/dk/sv/buy/?page=1&edid=32A7E4DE-76FD-F0C4-CE3B-E700B895FC97&sortorder=asc&column=price HTTP/1.1" 404 -
194.247.173.99 - - [19/Jun/2024:01:24:09 +0200] "GET /ticket2/opencms/dk/en/buy/?page=1&edid=853A72CA-C5B1-27AC-5EAD-D5AC437BBAA9&sortorder=asc&column=price HTTP/1.1" 404 -
85.208.96.202 - - [19/Jun/2024:01:24:10 +0200] "GET /ticket2/opencms/sv/search.html?searchQuery=Brescia&submit HTTP/1.1" 200 92146
216.245.221.83 - - [19/Jun/2024:01:24:10 +0200] "HEAD /ticket2/opencms/ HTTP/1.1" 302 -
216.245.221.83 - - [19/Jun/2024:01:24:11 +0200] "HEAD /ticket2/opencms/en/ HTTP/1.1" 200 -
95.91.110.20 - - [19/Jun/2024:01:24:13 +0200] "GET /ticket2/opencms/dk/sv/buy/?page=1&edid=32A7E4DE-76FD-F0C4-CE3B-E700B895FC97&sortorder=asc&column=row HTTP/1.1" 404 -
194.247.173.99 - - [19/Jun/2024:01:24:15 +0200] "GET /ticket2/opencms/dk/en/buy/?page=1&edid=853A72CA-C5B1-27AC-5EAD-D5AC437BBAA9&sortorder=asc&column=row HTTP/1.1" 404 -
95.91.110.20 - - [19/Jun/2024:01:24:19 +0200] "GET /ticket2/opencms/dk/sv/buy/?page=1&edid=32A7E4DE-76FD-F0C4-CE3B-E700B895FC97&sortorder=asc&column=section HTTP/1.1" 404 -
194.247.173.99 - - [19/Jun/2024:01:24:20 +0200] "GET /ticket2/opencms/dk/en/buy/?page=1&edid=853A72CA-C5B1-27AC-5EAD-D5AC437BBAA9&sortorder=asc&column=section HTTP/1.1" 404 -
194.247.173.99 - - [19/Jun/2024:01:24:26 +0200] "GET /ticket2/opencms/dk/en/buy/?page=1&edid=855E36D2-7BA8-EF82-14D7-617282170839&sortorder=desc&column=row HTTP/1.1" 404 -
114.119.135.169 - - [19/Jun/2024:01:24:27 +0200] "GET /ticket2/opencms/en/sell?edid=61AE6F92-4A88-67E8-9BF8-46C7B62812CA HTTP/1.1" 302 -
95.91.110.20 - - [19/Jun/2024:01:24:29 +0200] "GET /ticket2/opencms/dk/sv/buy/?page=1&edid=32A7E4DE-76FD-F0C4-CE3B-E700B895FC97&sortorder=desc&column=price HTTP/1.1" 404 -
216.244.66.238 - - [19/Jun/2024:01:24:30 +0200] "GET /ticket2/opencms/nl/magazine/article?title=allsvenskan-de-zweedse-voetbal-premier-league HTTP/1.1" 200 72861
194.247.173.99 - - [19/Jun/2024:01:24:31 +0200] "GET /ticket2/opencms/dk/en/buy/?page=1&edid=8567C3FF-EEEB-6331-0D57-7F0C74A93B39 HTTP/1.1" 404 -
114.119.135.169 - - [19/Jun/2024:01:24:33 +0200] "GET /ticket2/opencms/en/login/?url=/en/sell/ HTTP/1.1" 200 73431
95.91.110.20 - - [19/Jun/2024:01:24:34 +0200] "GET /ticket2/opencms/dk/sv/buy/?page=1&edid=32BA6030-A67A-1835-C2E2-950898229860&sortorder=asc&column=row HTTP/1.1" 404 -
194.247.173.99 - - [19/Jun/2024:01:24:37 +0200] "GET /ticket2/opencms/dk/en/buy/?page=1&edid=8567C3FF-EEEB-6331-0D57-7F0C74A93B39&sortorder=asc&column=price HTTP/1.1" 404 -
95.91.110.20 - - [19/Jun/2024:01:24:39 +0200] "GET /ticket2/opencms/dk/sv/buy/?page=1&edid=32BA6030-A67A-1835-C2E2-950898229860&sortorder=asc&column=section HTTP/1.1" 404 -
194.247.173.99 - - [19/Jun/2024:01:24:42 +0200] "GET /ticket2/opencms/dk/en/buy/?page=1&edid=8567C3FF-EEEB-6331-0D57-7F0C74A93B39&sortorder=desc&column=price HTTP/1.1" 404 -
95.91.110.20 - - [19/Jun/2024:01:24:44 +0200] "GET /ticket2/opencms/dk/sv/buy/?page=1&edid=337EFC79-C101-BF9B-6A25-21FEB51EA500 HTTP/1.1" 404 -
66.249.77.65 - - [19/Jun/2024:01:24:46 +0200] "GET /ticket2/opencms/no/buy/?comcatid=A17713B6-D984-201A-4143-ED4DB5ED5C2E&catid=42C82D82-D02A-8562-E55C-48ADB3771882 HTTP/1.1" 200 83097
66.249.69.100 - - [19/Jun/2024:01:24:47 +0200] "GET /ticket2/opencms/de/buy/?page=1&edid=6749402D-C332-2C4D-9191-3C983EDD528C HTTP/1.1" 200 112731
194.247.173.99 - - [19/Jun/2024:01:24:48 +0200] "GET /ticket2/opencms/dk/en/buy/?page=1&edid=8567C3FF-EEEB-6331-0D57-7F0C74A93B39&sortorder=desc&column=row HTTP/1.1" 404 -
95.91.110.20 - - [19/Jun/2024:01:24:49 +0200] "GET /ticket2/opencms/dk/sv/buy/?page=1&edid=33949892-80FF-C789-15D6-0024B57F2992 HTTP/1.1" 404 -
194.247.173.99 - - [19/Jun/2024:01:24:53 +0200] "GET /ticket2/opencms/dk/en/buy/?page=1&edid=8567C3FF-EEEB-6331-0D57-7F0C74A93B39&sortorder=desc&column=section HTTP/1.1" 404 -
95.91.110.20 - - [19/Jun/2024:01:24:54 +0200] "GET /ticket2/opencms/dk/sv/buy/?page=1&edid=33B51BAB-561B-B49F-EF84-F94129191748&sortorder=desc&column=price HTTP/1.1" 404 -
114.119.136.66 - - [19/Jun/2024:01:24:58 +0200] "GET /ticket2/opencms/en/buy/?page=1&edid=100E525E-58FB-82FF-C4FD-53159AE7FD66 HTTP/1.1" 200 87267
194.247.173.99 - - [19/Jun/2024:01:24:58 +0200] "GET /ticket2/opencms/dk/en/buy/?page=1&edid=8583C3B4-68A3-FF6C-44E3-F622BF6F6133&sortorder=asc&column=row HTTP/1.1" 404 -
95.91.110.20 - - [19/Jun/2024:01:24:59 +0200] "GET /ticket2/opencms/dk/sv/buy/?page=1&edid=340A227B-027A-687B-A527-5DFEEC2E27A4&sortorder=asc&column=price HTTP/1.1" 404 -
194.247.173.99 - - [19/Jun/2024:01:25:03 +0200] "GET /ticket2/opencms/dk/en/buy/?page=1&edid=8583C3B4-68A3-FF6C-44E3-F622BF6F6133&sortorder=desc&column=row HTTP/1.1" 404 -
95.91.110.20 - - [19/Jun/2024:01:25:04 +0200] "GET /ticket2/opencms/dk/sv/buy/?page=1&edid=340A227B-027A-687B-A527-5DFEEC2E27A4&sortorder=asc&column=row HTTP/1.1" 404 -
194.247.173.99 - - [19/Jun/2024:01:25:09 +0200] "GET /ticket2/opencms/dk/en/buy/?page=1&edid=8588F039-0803-F98C-03A6-F1C16929D2E6 HTTP/1.1" 404 -
85.208.96.203 - - [19/Jun/2024:01:25:09 +0200] "GET /ticket2/opencms/en/sport/football-tickets/serie_a/udinese/ HTTP/1.1" 200 72540
95.91.110.20 - - [19/Jun/2024:01:25:09 +0200] "GET /ticket2/opencms/dk/sv/buy/?page=1&edid=340A227B-027A-687B-A527-5DFEEC2E27A4&sortorder=asc&column=section HTTP/1.1" 404 -
194.247.173.99 - - [19/Jun/2024:01:25:14 +0200] "GET /ticket2/opencms/dk/en/buy/?page=1&edid=8588F039-0803-F98C-03A6-F1C16929D2E6&sortorder=desc&column=price HTTP/1.1" 404 -
95.91.110.20 - - [19/Jun/2024:01:25:15 +0200] "GET /ticket2/opencms/dk/sv/buy/?page=1&edid=340A227B-027A-687B-A527-5DFEEC2E27A4&sortorder=desc&column=price HTTP/1.1" 404 -
95.91.110.20 - - [19/Jun/2024:01:25:20 +0200] "GET /ticket2/opencms/dk/sv/buy/?page=1&edid=340A227B-027A-687B-A527-5DFEEC2E27A4&sortorder=desc&column=row HTTP/1.1" 404 -
194.247.173.99 - - [19/Jun/2024:01:25:20 +0200] "GET /ticket2/opencms/dk/en/buy/?page=1&edid=8588F039-0803-F98C-03A6-F1C16929D2E6&sortorder=desc&column=row HTTP/1.1" 404 -
95.91.110.20 - - [19/Jun/2024:01:25:26 +0200] "GET /ticket2/opencms/dk/sv/buy/?page=1&edid=344053E3-2751-3EA1-326E-032D22B3FDA5&sortorder=asc&column=section HTTP/1.1" 404 -
194.247.173.99 - - [19/Jun/2024:01:25:26 +0200] "GET /ticket2/opencms/dk/en/buy/?page=1&edid=8588F039-0803-F98C-03A6-F1C16929D2E6&sortorder=desc&column=section HTTP/1.1" 404 -
194.247.173.99 - - [19/Jun/2024:01:25:31 +0200] "GET /ticket2/opencms/dk/en/buy/?page=1&edid=859A21BA-7D6B-CB00-5A53-1245BE135278&sortorder=asc&column=row HTTP/1.1" 404 -
194.247.173.99 - - [19/Jun/2024:01:25:36 +0200] "GET /ticket2/opencms/dk/en/buy/?page=1&edid=859AFC52-CBE6-9F9D-BB23-1672BDAEEA65&sortorder=desc&column=price HTTP/1.1" 404 -
95.91.110.20 - - [19/Jun/2024:01:25:39 +0200] "GET /ticket2/opencms/dk/sv/buy/?page=1&edid=345CE8A5-566F-3F34-DBBD-CDA402ACAFC3&sortorder=asc&column=row HTTP/1.1" 404 -
194.247.173.99 - - [19/Jun/2024:01:25:42 +0200] "GET /ticket2/opencms/dk/en/buy/?page=1&edid=859AFC52-CBE6-9F9D-BB23-1672BDAEEA65&sortorder=desc&column=row HTTP/1.1" 404 -
95.91.110.20 - - [19/Jun/2024:01:25:44 +0200] "GET /ticket2/opencms/dk/sv/buy/?page=1&edid=34E648BD-525E-B0B3-A278-2841C9284E15 HTTP/1.1" 404 -
114.119.130.175 - - [19/Jun/2024:01:25:47 +0200] "GET /ticket2/opencms/en/sell/?edid=BDBF2161-7530-872A-6823-81C32E473A66 HTTP/1.1" 302 -
194.247.173.99 - - [19/Jun/2024:01:25:47 +0200] "GET /ticket2/opencms/dk/en/buy/?page=1&edid=85A9016D-9EFC-2EF7-D909-C2C300F655F0&sortorder=desc&column=price HTTP/1.1" 404 -
85.208.96.206 - - [19/Jun/2024:01:25:47 +0200] "GET /ticket2/opencms/dk/sport/fodboldbilletter/la-liga/fc_barcelona/ HTTP/1.1" 200 73967
95.91.110.20 - - [19/Jun/2024:01:25:49 +0200] "GET /ticket2/opencms/dk/sv/buy/?page=1&edid=350D7DFE-46E3-89E4-6B4F-DB0FA61BCA3E&sortorder=asc&column=price HTTP/1.1" 404 -
114.119.130.175 - - [19/Jun/2024:01:25:51 +0200] "GET /ticket2/opencms/en/login/?url=/en/sell/ HTTP/1.1" 200 73431
194.247.173.99 - - [19/Jun/2024:01:25:53 +0200] "GET /ticket2/opencms/dk/en/buy/?page=1&edid=85A9016D-9EFC-2EF7-D909-C2C300F655F0&sortorder=desc&column=row HTTP/1.1" 404 -
124.243.136.24 - - [19/Jun/2024:01:25:53 +0200] "GET /ticket2/opencms/en/buy/?page=1&edid=AA0D6F45-B5DD-F979-5C14-EC6AE31A425F HTTP/1.1" 200 87198
95.91.110.20 - - [19/Jun/2024:01:25:55 +0200] "GET /ticket2/opencms/dk/sv/buy/?page=1&edid=350D7DFE-46E3-89E4-6B4F-DB0FA61BCA3E&sortorder=asc&column=section HTTP/1.1" 404 -
40.77.167.61 - - [19/Jun/2024:01:25:58 +0200] "GET /ticket2/opencms/en/sport/football-tickets/premier_league/ HTTP/1.1" 200 78517
194.247.173.99 - - [19/Jun/2024:01:25:58 +0200] "GET /ticket2/opencms/dk/en/buy/?page=1&edid=85A9016D-9EFC-2EF7-D909-C2C300F655F0&sortorder=desc&column=section HTTP/1.1" 404 -
40.77.167.121 - - [19/Jun/2024:01:26:00 +0200] "GET /ticket2/opencms/en/buy/?page=6&comcatid=97ECA65A-72DA-F9AF-9DBB-245D3CFED1BE&catid=D414C6A5-7A03-3389-42A8-D7B7FE32BB37 HTTP/1.1" 200 76499
95.91.110.20 - - [19/Jun/2024:01:26:00 +0200] "GET /ticket2/opencms/dk/sv/buy/?page=1&edid=350F4D65-CD97-F5F8-9ABB-D2B96A764BF6 HTTP/1.1" 404 -
194.247.173.99 - - [19/Jun/2024:01:26:03 +0200] "GET /ticket2/opencms/dk/en/buy/?page=1&edid=8606E56E-9AC4-DAC2-29EF-4288C9F2BFC5 HTTP/1.1" 404 -
95.91.110.20 - - [19/Jun/2024:01:26:06 +0200] "GET /ticket2/opencms/dk/sv/buy/?page=1&edid=35496488-9EB9-F995-B365-CE6D75744902&sortorder=desc&column=price HTTP/1.1" 404 -
216.245.221.83 - - [19/Jun/2024:01:26:07 +0200] "HEAD /ticket2/opencms/ HTTP/1.1" 302 -
194.247.173.99 - - [19/Jun/2024:01:26:08 +0200] "GET /ticket2/opencms/dk/en/buy/?page=1&edid=867AF045-0903-5E43-508B-BE166694EC03&sortorder=asc&column=section HTTP/1.1" 404 -
95.91.110.20 - - [19/Jun/2024:01:26:11 +0200] "GET /ticket2/opencms/dk/sv/buy/?page=1&edid=35496488-9EB9-F995-B365-CE6D75744902&sortorder=desc&column=row HTTP/1.1" 404 -
194.247.173.99 - - [19/Jun/2024:01:26:14 +0200] "GET /ticket2/opencms/dk/en/buy/?page=1&edid=869B1F17-4BE4-AC5C-FE3A-AEBC86488B85 HTTP/1.1" 404 -
216.245.221.83 - - [19/Jun/2024:01:26:14 +0200] "HEAD /ticket2/opencms/en/ HTTP/1.1" 200 -
95.91.110.20 - - [19/Jun/2024:01:26:17 +0200] "GET /ticket2/opencms/dk/sv/buy/?page=1&edid=357EB56C-51F3-653D-9E16-90C4F610D9D8&sortorder=desc&column=row HTTP/1.1" 404 -
194.247.173.99 - - [19/Jun/2024:01:26:19 +0200] "GET /ticket2/opencms/dk/en/buy/?page=1&edid=869B1F17-4BE4-AC5C-FE3A-AEBC86488B85&sortorder=desc&column=price HTTP/1.1" 404 -
95.91.110.20 - - [19/Jun/2024:01:26:22 +0200] "GET /ticket2/opencms/dk/sv/buy/?page=1&edid=396E73A1-46EC-AE78-6AE7-B586CDD32038&sortorder=asc&column=price HTTP/1.1" 404 -
194.247.173.99 - - [19/Jun/2024:01:26:24 +0200] "GET /ticket2/opencms/dk/en/buy/?page=1&edid=869B1F17-4BE4-AC5C-FE3A-AEBC86488B85&sortorder=desc&column=section HTTP/1.1" 404 -
95.91.110.20 - - [19/Jun/2024:01:26:28 +0200] "GET /ticket2/opencms/dk/sv/buy/?page=1&edid=396E73A1-46EC-AE78-6AE7-B586CDD32038&sortorder=asc&column=row HTTP/1.1" 404 -
194.247.173.99 - - [19/Jun/2024:01:26:29 +0200] "GET /ticket2/opencms/dk/en/buy/?page=1&edid=86B9A138-6FD0-D3A7-C24C-CF4F67C624EC&sortorder=asc&column=section HTTP/1.1" 404 -
95.91.110.20 - - [19/Jun/2024:01:26:33 +0200] "GET /ticket2/opencms/dk/sv/buy/?page=1&edid=396E73A1-46EC-AE78-6AE7-B586CDD32038&sortorder=asc&column=section HTTP/1.1" 404 -
194.247.173.99 - - [19/Jun/2024:01:26:35 +0200] "GET /ticket2/opencms/dk/en/buy/?page=1&edid=86B9A138-6FD0-D3A7-C24C-CF4F67C624EC&sortorder=desc&column=row HTTP/1.1" 404 -
85.208.96.201 - - [19/Jun/2024:01:26:37 +0200] "GET /ticket2/opencms/sv/sport/fotbollsbiljetter/english-championship/bristol-city/ HTTP/1.1" 200 72912
194.247.173.99 - - [19/Jun/2024:01:26:40 +0200] "GET /ticket2/opencms/dk/en/buy/?page=1&edid=86D28B23-05E4-8738-71B5-972088228AE0 HTTP/1.1" 404 -
194.247.173.99 - - [19/Jun/2024:01:26:45 +0200] "GET /ticket2/opencms/dk/en/buy/?page=1&edid=86D28B23-05E4-8738-71B5-972088228AE0&sortorder=asc&column=price HTTP/1.1" 404 -
95.91.110.20 - - [19/Jun/2024:01:26:46 +0200] "GET /ticket2/opencms/dk/sv/buy/?page=1&edid=3C082A1A-EAF2-A234-1E4D-88C1BD6EAA3B&sortorder=asc&column=price HTTP/1.1" 404 -
66.249.75.130 - - [19/Jun/2024:01:26:50 +0200] "GET /ticket2/opencms/en/buy?page=1&edid=8DD5F074-9C3D-F268-0681-07FE736DEB63 HTTP/1.1" 200 115323
66.249.72.162 - - [19/Jun/2024:01:26:50 +0200] "GET /ticket2/opencms/en/ HTTP/1.1" 200 109777
194.247.173.99 - - [19/Jun/2024:01:26:51 +0200] "GET /ticket2/opencms/dk/en/buy/?page=1&edid=86EFAE8C-0E54-F400-EACD-028D57C0D330&sortorder=asc&column=price HTTP/1.1" 404 -
95.91.110.20 - - [19/Jun/2024:01:26:52 +0200] "GET /ticket2/opencms/dk/sv/buy/?page=1&edid=3C082A1A-EAF2-A234-1E4D-88C1BD6EAA3B&sortorder=asc&column=row HTTP/1.1" 404 -
194.247.173.99 - - [19/Jun/2024:01:26:56 +0200] "GET /ticket2/opencms/dk/en/buy/?page=1&edid=86EFAE8C-0E54-F400-EACD-028D57C0D330&sortorder=asc&column=row HTTP/1.1" 404 -
95.91.110.20 - - [19/Jun/2024:01:26:57 +0200] "GET /ticket2/opencms/dk/sv/buy/?page=1&edid=3C082A1A-EAF2-A234-1E4D-88C1BD6EAA3B&sortorder=asc&column=section HTTP/1.1" 404 -
194.247.173.99 - - [19/Jun/2024:01:27:01 +0200] "GET /ticket2/opencms/dk/en/buy/?page=1&edid=86EFAE8C-0E54-F400-EACD-028D57C0D330&sortorder=asc&column=section HTTP/1.1" 404 -
95.91.110.20 - - [19/Jun/2024:01:27:02 +0200] "GET /ticket2/opencms/dk/sv/buy/?page=1&edid=3CC17989-3033-10BE-F5C3-D729834B05F5 HTTP/1.1" 404 -
194.247.173.99 - - [19/Jun/2024:01:27:06 +0200] "GET /ticket2/opencms/dk/en/buy/?page=1&edid=870139C6-530A-636D-1EEE-D550E3B89162 HTTP/1.1" 404 -
95.91.110.20 - - [19/Jun/2024:01:27:07 +0200] "GET /ticket2/opencms/dk/sv/buy/?page=1&edid=3E2F6837-CCFC-9284-0235-725D2AA31D66 HTTP/1.1" 404 -
194.247.173.99 - - [19/Jun/2024:01:27:12 +0200] "GET /ticket2/opencms/dk/en/buy/?page=1&edid=8708166C-A68B-329E-FCEA-CB568697383B&sortorder=asc&column=section HTTP/1.1" 404 -
95.91.110.20 - - [19/Jun/2024:01:27:13 +0200] "GET /ticket2/opencms/dk/sv/buy/?page=1&edid=3ED842FC-FF3B-D3BC-69A3-8AB7FF361EA5 HTTP/1.1" 404 -
114.119.130.175 - - [19/Jun/2024:01:27:13 +0200] "GET /ticket2/opencms/en/buy_safety/ HTTP/1.1" 200 71954
194.247.173.99 - - [19/Jun/2024:01:27:17 +0200] "GET /ticket2/opencms/dk/en/buy/?page=1&edid=8718C061-8700-65DF-0CB5-43BAC769300D&sortorder=asc&column=price HTTP/1.1" 404 -
95.91.110.20 - - [19/Jun/2024:01:27:19 +0200] "GET /ticket2/opencms/dk/sv/buy/?page=1&edid=3EEC3BD7-DB52-FDE5-158D-0E304A99A6B2 HTTP/1.1" 404 -
194.247.173.99 - - [19/Jun/2024:01:27:22 +0200] "GET /ticket2/opencms/dk/en/buy/?page=1&edid=8718C061-8700-65DF-0CB5-43BAC769300D&sortorder=asc&column=section HTTP/1.1" 404 -
95.91.110.20 - - [19/Jun/2024:01:27:24 +0200] "GET /ticket2/opencms/dk/sv/buy/?page=1&edid=3EEC3BD7-DB52-FDE5-158D-0E304A99A6B2&sortorder=asc&column=price HTTP/1.1" 404 -
194.247.173.99 - - [19/Jun/2024:01:27:27 +0200] "GET /ticket2/opencms/dk/en/buy/?page=1&edid=872EADC5-B9DD-21C0-9A0A-0D882685D686&sortorder=desc&column=price HTTP/1.1" 404 -
95.91.110.20 - - [19/Jun/2024:01:27:29 +0200] "GET /ticket2/opencms/dk/sv/buy/?page=1&edid=3EEC3BD7-DB52-FDE5-158D-0E304A99A6B2&sortorder=asc&column=row HTTP/1.1" 404 -
194.247.173.99 - - [19/Jun/2024:01:27:32 +0200] "GET /ticket2/opencms/dk/en/buy/?page=1&edid=872EADC5-B9DD-21C0-9A0A-0D882685D686&sortorder=desc&column=row HTTP/1.1" 404 -
185.191.171.14 - - [19/Jun/2024:01:27:33 +0200] "GET /ticket2/opencms/sv/sport/fotbollsbiljetter/english-championship/sheffield-united/ HTTP/1.1" 200 72869
47.128.35.110 - - [19/Jun/2024:01:27:34 +0200] "GET /ticket2/opencms/it/sport/biglietti-calcio/premier-league/west-ham HTTP/1.1" 404 -
95.91.110.20 - - [19/Jun/2024:01:27:35 +0200] "GET /ticket2/opencms/dk/sv/buy/?page=1&edid=3EEC3BD7-DB52-FDE5-158D-0E304A99A6B2&sortorder=asc&column=section HTTP/1.1" 404 -
194.247.173.99 - - [19/Jun/2024:01:27:38 +0200] "GET /ticket2/opencms/dk/en/buy/?page=1&edid=872EADC5-B9DD-21C0-9A0A-0D882685D686&sortorder=desc&column=section HTTP/1.1" 404 -
185.191.171.17 - - [19/Jun/2024:01:27:38 +0200] "GET /ticket2/opencms/dk/sport/fodboldbilletter/champions_league/sevilla/ HTTP/1.1" 200 72912
95.91.110.20 - - [19/Jun/2024:01:27:40 +0200] "GET /ticket2/opencms/dk/sv/buy/?page=1&edid=3F03396F-3992-F037-AAF5-4DAE8D2B17F4 HTTP/1.1" 404 -
194.247.173.99 - - [19/Jun/2024:01:27:43 +0200] "GET /ticket2/opencms/dk/en/buy/?page=1&edid=87458B4C-5727-54F1-FD94-C447B142765E&sortorder=desc&column=row HTTP/1.1" 404 -
194.247.173.99 - - [19/Jun/2024:01:27:48 +0200] "GET /ticket2/opencms/dk/en/buy/?page=1&edid=87458B4C-5727-54F1-FD94-C447B142765E&sortorder=desc&column=section HTTP/1.1" 404 -
66.249.75.42 - - [19/Jun/2024:01:27:52 +0200] "GET /ticket2/opencms/sv/sport/fotbollsbiljetter/premier_league/arsenal/?gclid=CLjHn62dqq0CFSsvmAodWU5Tgw HTTP/1.1" 200 86409
194.247.173.99 - - [19/Jun/2024:01:27:54 +0200] "GET /ticket2/opencms/dk/en/buy/?page=1&edid=87764272-81EA-59CF-68F0-B30F32FF8826&sortorder=asc&column=price HTTP/1.1" 404 -
95.91.110.20 - - [19/Jun/2024:01:27:57 +0200] "GET /ticket2/opencms/dk/sv/buy/?page=1&edid=3F03396F-3992-F037-AAF5-4DAE8D2B17F4&sortorder=asc&column=price HTTP/1.1" 404 -
194.247.173.99 - - [19/Jun/2024:01:27:59 +0200] "GET /ticket2/opencms/dk/en/buy/?page=1&edid=87764272-81EA-59CF-68F0-B30F32FF8826&sortorder=asc&column=row HTTP/1.1" 404 -
95.91.110.20 - - [19/Jun/2024:01:28:02 +0200] "GET /ticket2/opencms/dk/sv/buy/?page=1&edid=3F03396F-3992-F037-AAF5-4DAE8D2B17F4&sortorder=asc&column=section HTTP/1.1" 404 -
216.244.66.238 - - [19/Jun/2024:01:28:03 +0200] "GET /ticket2/opencms/dk/buy/?page=1&edid=9576732A-F5D5-F141-9D9C-CCA5D74DCCC4 HTTP/1.1" 200 87744
194.247.173.99 - - [19/Jun/2024:01:28:04 +0200] "GET /ticket2/opencms/dk/en/buy/?page=1&edid=87764272-81EA-59CF-68F0-B30F32FF8826&sortorder=asc&column=section HTTP/1.1" 404 -
95.91.110.20 - - [19/Jun/2024:01:28:07 +0200] "GET /ticket2/opencms/dk/sv/buy/?page=1&edid=3F9F05EB-A597-8452-1800-96B78CF48D70&sortorder=asc&column=row HTTP/1.1" 404 -
216.244.66.238 - - [19/Jun/2024:01:28:08 +0200] "GET /ticket2/opencms/dk/dk/buy/?page=1&edid=33CC4948-6558-3EC2-FACA-6AF19D354AA8 HTTP/1.1" 404 -
157.55.39.12 - - [19/Jun/2024:01:28:09 +0200] "GET /ticket2/opencms/nl/ HTTP/1.1" 200 108983
194.247.173.99 - - [19/Jun/2024:01:28:10 +0200] "GET /ticket2/opencms/dk/en/buy/?page=1&edid=87764272-81EA-59CF-68F0-B30F32FF8826&sortorder=desc&column=row HTTP/1.1" 404 -
95.91.110.20 - - [19/Jun/2024:01:28:13 +0200] "GET /ticket2/opencms/dk/sv/buy/?page=1&edid=3F9F05EB-A597-8452-1800-96B78CF48D70&sortorder=asc&column=section HTTP/1.1" 404 -
194.247.173.99 - - [19/Jun/2024:01:28:15 +0200] "GET /ticket2/opencms/dk/en/buy/?page=1&edid=877F69A3-9CA4-792C-9F41-F6BFBD6ECFDE&sortorder=asc&column=row HTTP/1.1" 404 -
216.244.66.238 - - [19/Jun/2024:01:28:15 +0200] "GET /ticket2/opencms/dk/ru/buy/?page=1&edid=8970AC92-C5AA-B7C6-D963-8BFE17682D77 HTTP/1.1" 404 -
95.91.110.20 - - [19/Jun/2024:01:28:18 +0200] "GET /ticket2/opencms/dk/sv/buy/?page=1&edid=40E208E9-E9D2-9A29-B20B-71CB88763633 HTTP/1.1" 404 -
31.13.127.11 - - [19/Jun/2024:01:28:19 +0200] "GET /ticket2/opencms/sv/buy/?page=1&edid=54A82C99-AA75-5DC6-D885-E41BF231EA93 HTTP/1.1" 200 89114
31.13.127.20 - - [19/Jun/2024:01:28:19 +0200] "GET /ticket2/opencms/sv/buy/?page=1&edid=54A82C99-AA75-5DC6-D885-E41BF231EA93 HTTP/1.1" 200 89114
194.247.173.99 - - [19/Jun/2024:01:28:20 +0200] "GET /ticket2/opencms/dk/en/buy/?page=1&edid=877F69A3-9CA4-792C-9F41-F6BFBD6ECFDE&sortorder=desc&column=section HTTP/1.1" 404 -
31.13.127.17 - - [19/Jun/2024:01:28:20 +0200] "GET /ticket2/opencms/venue/premier_league_seating_chart.png HTTP/1.1" 200 47580
31.13.115.113 - - [19/Jun/2024:01:28:20 +0200] "GET /ticket2/opencms/venue/premier_league_seating_chart.png HTTP/1.1" 200 47580
95.91.110.20 - - [19/Jun/2024:01:28:24 +0200] "GET /ticket2/opencms/dk/sv/buy/?page=1&edid=416AF55F-514F-2160-BC27-AA256BD3A8AE HTTP/1.1" 404 -
194.247.173.99 - - [19/Jun/2024:01:28:26 +0200] "GET /ticket2/opencms/dk/en/buy/?page=1&edid=99F7ABD7-33D3-C6C6-59B7-CD5930C8A10B&sortorder=asc&column=price HTTP/1.1" 404 -
95.91.110.20 - - [19/Jun/2024:01:28:29 +0200] "GET /ticket2/opencms/dk/sv/buy/?page=1&edid=422EB97D-0E0E-B647-A5B3-675991D54797 HTTP/1.1" 404 -
194.247.173.99 - - [19/Jun/2024:01:28:32 +0200] "GET /ticket2/opencms/dk/en/buy/?page=1&edid=9B811E9B-3C95-EFED-B35F-7CEE6EE5AD36&sortorder=asc&column=price HTTP/1.1" 404 -
95.91.110.20 - - [19/Jun/2024:01:28:35 +0200] "GET /ticket2/opencms/dk/sv/buy/?page=1&edid=4299C753-69F7-9BE0-CB4F-E99ABD6188AD&sortorder=asc&column=price HTTP/1.1" 404 -
194.247.173.99 - - [19/Jun/2024:01:28:37 +0200] "GET /ticket2/opencms/dk/en/buy/?page=1&edid=9BED0923-14A8-2EE5-6B02-289962AE6CB1&sortorder=asc&column=price HTTP/1.1" 404 -
114.119.130.175 - - [19/Jun/2024:01:28:38 +0200] "GET /ticket2/opencms/en/venue/?venueid=696CF794-7D31-9FC6-0B42-8ABB3E78F390 HTTP/1.1" 200 73305
20.232.168.153 - - [19/Jun/2024:01:28:38 +0200] "GET /ticket2/opencms/system/modules/com.gridnine.opencms.ticketbrokerage.site/resources/pics/bank_6_american_express.png HTTP/1.1" 200 5570
95.91.110.20 - - [19/Jun/2024:01:28:40 +0200] "GET /ticket2/opencms/dk/sv/buy/?page=1&edid=4299C753-69F7-9BE0-CB4F-E99ABD6188AD&sortorder=asc&column=row HTTP/1.1" 404 -
194.247.173.99 - - [19/Jun/2024:01:28:43 +0200] "GET /ticket2/opencms/dk/en/buy/?page=1&edid=9CF69F2A-D1E9-E97E-3CC5-627B124BA0D4&sortorder=desc&column=section HTTP/1.1" 404 -
95.91.110.20 - - [19/Jun/2024:01:28:46 +0200] "GET /ticket2/opencms/dk/sv/buy/?page=1&edid=4299C753-69F7-9BE0-CB4F-E99ABD6188AD&sortorder=asc&column=section HTTP/1.1" 404 -
194.247.173.99 - - [19/Jun/2024:01:28:48 +0200] "GET /ticket2/opencms/dk/en/buy/?page=1&edid=B6E408F2-B613-C975-E8E0-700BE6FFCAC2&sortorder=desc&column=price HTTP/1.1" 404 -
52.167.144.24 - - [19/Jun/2024:01:28:49 +0200] "GET /ticket2/opencms/sv/sport/fotbollsbiljetter/bundesliga/hoffenheim/ HTTP/1.1" 200 72315
95.91.110.20 - - [19/Jun/2024:01:28:51 +0200] "GET /ticket2/opencms/dk/sv/buy/?page=1&edid=42B4FA5E-16E8-1BBB-7074-4F94B4A8F703 HTTP/1.1" 404 -
66.249.77.78 - - [19/Jun/2024:01:28:53 +0200] "GET /ticket2/opencms/it/buy/?comcatid=66708183-7480-3365-06BF-DBF60280AB45&catid=05A94519-01D1-C86F-9031-84936B0B9DAE HTTP/1.1" 200 75427
194.247.173.99 - - [19/Jun/2024:01:28:54 +0200] "GET /ticket2/opencms/dk/en/buy/?page=1&edid=C911FAED-AB24-3D1E-9FCD-5C4460E1968C&sortorder=asc&column=row HTTP/1.1" 404 -
194.247.173.99 - - [19/Jun/2024:01:29:00 +0200] "GET /ticket2/opencms/dk/en/buy/?page=1&edid=C95A4E23-D889-BB67-D76E-78077A10F0E1&sortorder=asc&column=section HTTP/1.1" 404 -
194.247.173.99 - - [19/Jun/2024:01:29:05 +0200] "GET /ticket2/opencms/dk/en/buy/?page=1&edid=CBAF1A8A-A599-AAE9-8D31-B8707E07D44E&sortorder=asc&column=price HTTP/1.1" 404 -
95.91.110.20 - - [19/Jun/2024:01:29:07 +0200] "GET /ticket2/opencms/dk/sv/buy/?page=1&edid=42B4FA5E-16E8-1BBB-7074-4F94B4A8F703&sortorder=desc&column=price HTTP/1.1" 404 -
216.245.221.83 - - [19/Jun/2024:01:29:11 +0200] "HEAD /ticket2/opencms/ HTTP/1.1" 302 -
194.247.173.99 - - [19/Jun/2024:01:29:11 +0200] "GET /ticket2/opencms/dk/en/buy/?page=1&edid=CBAF1A8A-A599-AAE9-8D31-B8707E07D44E&sortorder=asc&column=section HTTP/1.1" 404 -
216.245.221.83 - - [19/Jun/2024:01:29:11 +0200] "HEAD /ticket2/opencms/en/ HTTP/1.1" 200 -
95.91.110.20 - - [19/Jun/2024:01:29:13 +0200] "GET /ticket2/opencms/dk/sv/buy/?page=1&edid=42B4FA5E-16E8-1BBB-7074-4F94B4A8F703&sortorder=desc&column=section HTTP/1.1" 404 -
194.247.173.99 - - [19/Jun/2024:01:29:16 +0200] "GET /ticket2/opencms/dk/en/buy/?page=1&edid=CC784E5D-8917-8CDD-ADC3-3D8524AE68DF&sortorder=asc&column=row HTTP/1.1" 404 -
95.91.110.20 - - [19/Jun/2024:01:29:18 +0200] "GET /ticket2/opencms/dk/sv/buy/?page=1&edid=42B514A5-9E3E-AD5A-9276-52416E070CE3 HTTP/1.1" 404 -
194.247.173.99 - - [19/Jun/2024:01:29:21 +0200] "GET /ticket2/opencms/dk/en/buy/?page=1&edid=CC784E5D-8917-8CDD-ADC3-3D8524AE68DF&sortorder=asc&column=section HTTP/1.1" 404 -
95.91.110.20 - - [19/Jun/2024:01:29:24 +0200] "GET /ticket2/opencms/dk/sv/buy/?page=1&edid=42F9B507-5241-2149-643B-6F47A12A7734 HTTP/1.1" 404 -
194.247.173.99 - - [19/Jun/2024:01:29:28 +0200] "GET /ticket2/opencms/dk/en/buy/?page=1&edid=CE0B1383-DB26-AB6F-DBFC-52D3C15E0FAA&sortorder=asc&column=row HTTP/1.1" 404 -
95.91.110.20 - - [19/Jun/2024:01:29:29 +0200] "GET /ticket2/opencms/dk/sv/buy/?page=1&edid=432E7910-BFD2-9BD8-B09F-2C70AF85F459&sortorder=desc&column=price HTTP/1.1" 404 -
194.247.173.99 - - [19/Jun/2024:01:29:33 +0200] "GET /ticket2/opencms/dk/en/buy/?page=1&edid=CE3D4E21-39F2-1E0D-C204-AEE9CE904E92&sortorder=asc&column=price HTTP/1.1" 404 -
95.91.110.20 - - [19/Jun/2024:01:29:34 +0200] "GET /ticket2/opencms/dk/sv/buy/?page=1&edid=432E7910-BFD2-9BD8-B09F-2C70AF85F459&sortorder=desc&column=section HTTP/1.1" 404 -
194.247.173.99 - - [19/Jun/2024:01:29:39 +0200] "GET /ticket2/opencms/dk/en/buy/?page=1&edid=CE3D4E21-39F2-1E0D-C204-AEE9CE904E92&sortorder=asc&column=section HTTP/1.1" 404 -
95.91.110.20 - - [19/Jun/2024:01:29:39 +0200] "GET /ticket2/opencms/dk/sv/buy/?page=1&edid=CA1A328A-0A62-1A47-EE17-C5494A615EF3&sortorder=desc&column=row HTTP/1.1" 404 -
194.247.173.99 - - [19/Jun/2024:01:29:44 +0200] "GET /ticket2/opencms/dk/en/buy/?page=1&edid=CF8182D8-B9D0-5E9A-7104-23E69EAA2FEA&sortorder=asc&column=section HTTP/1.1" 404 -
95.91.110.20 - - [19/Jun/2024:01:29:45 +0200] "GET /ticket2/opencms/dk/sv/buy/?page=1&edid=CBEBD4F1-F80E-56D6-E5D6-1B32F628225F&sortorder=asc&column=price HTTP/1.1" 404 -
194.247.173.99 - - [19/Jun/2024:01:29:50 +0200] "GET /ticket2/opencms/dk/en/buy/?page=1&edid=CFB3C173-B4FB-B01A-31DC-68FDFD5FA2B7&sortorder=asc&column=row HTTP/1.1" 404 -
95.91.110.20 - - [19/Jun/2024:01:29:50 +0200] "GET /ticket2/opencms/dk/sv/buy/?page=1&edid=CBEBD4F1-F80E-56D6-E5D6-1B32F628225F&sortorder=asc&column=row HTTP/1.1" 404 -
40.77.167.76 - - [19/Jun/2024:01:29:51 +0200] "GET /ticket2/opencms/en/venue/?venueid=C948C20F-6B80-6163-4A1E-DA4F8CD35A04 HTTP/1.1" 200 71333
66.249.69.100 - - [19/Jun/2024:01:29:54 +0200] "GET /ticket2/opencms/sv/sport/fotbollsbiljetter/premier_league/arsenal/ HTTP/1.1" 200 86409
194.247.173.99 - - [19/Jun/2024:01:29:55 +0200] "GET /ticket2/opencms/dk/en/buy/?page=1&edid=CFBDE424-B72D-37DB-05E9-2B9CDDD08A8B&sortorder=asc&column=price HTTP/1.1" 404 -
95.91.110.20 - - [19/Jun/2024:01:29:55 +0200] "GET /ticket2/opencms/dk/sv/buy/?page=1&edid=CBEBD4F1-F80E-56D6-E5D6-1B32F628225F&sortorder=asc&column=section HTTP/1.1" 404 -
194.247.173.99 - - [19/Jun/2024:01:30:00 +0200] "GET /ticket2/opencms/dk/en/buy/?page=1&edid=CFBDE424-B72D-37DB-05E9-2B9CDDD08A8B&sortorder=asc&column=row HTTP/1.1" 404 -
85.208.96.210 - - [19/Jun/2024:01:30:00 +0200] "GET /ticket2/opencms/no/sport/fotballsbilletter/bundesliga/wolfsburg/ HTTP/1.1" 200 73667
95.91.110.20 - - [19/Jun/2024:01:30:01 +0200] "GET /ticket2/opencms/dk/sv/buy/?page=1&edid=CFCBACFB-A666-9D8C-9AC1-A8C6A3DD8DD9&sortorder=asc&column=section HTTP/1.1" 404 -
114.119.132.248 - - [19/Jun/2024:01:30:03 +0200] "GET /ticket2/opencms/en/sell/?edid=FD6E8518-2A79-98CA-DCA7-35679521856E HTTP/1.1" 302 -
194.247.173.99 - - [19/Jun/2024:01:30:05 +0200] "GET /ticket2/opencms/dk/en/buy/?page=1&edid=CFBDE424-B72D-37DB-05E9-2B9CDDD08A8B&sortorder=asc&column=section HTTP/1.1" 404 -
114.119.132.248 - - [19/Jun/2024:01:30:08 +0200] "GET /ticket2/opencms/en/login/?url=/en/sell/ HTTP/1.1" 200 73431
194.247.173.99 - - [19/Jun/2024:01:30:10 +0200] "GET /ticket2/opencms/dk/en/buy/?page=1&edid=CFC2AA71-77AF-B6F9-E3AC-B5C5B74CC33A&sortorder=asc&column=price HTTP/1.1" 404 -
95.91.110.20 - - [19/Jun/2024:01:30:11 +0200] "GET /ticket2/opencms/dk/sv/buy/?page=1&edid=D00B11B8-090A-50DF-6F8C-A2F9E4856CE4&sortorder=asc&column=price HTTP/1.1" 404 -
194.247.173.99 - - [19/Jun/2024:01:30:15 +0200] "GET /ticket2/opencms/dk/en/buy/?page=1&edid=CFC2AA71-77AF-B6F9-E3AC-B5C5B74CC33A&sortorder=asc&column=row HTTP/1.1" 404 -
95.91.110.20 - - [19/Jun/2024:01:30:16 +0200] "GET /ticket2/opencms/dk/sv/buy/?page=1&edid=D09C9F62-3A26-C6F5-28E1-54E4AB6B0A72&sortorder=asc&column=row HTTP/1.1" 404 -
194.247.173.99 - - [19/Jun/2024:01:30:20 +0200] "GET /ticket2/opencms/dk/en/buy/?page=1&edid=CFC2AA71-77AF-B6F9-E3AC-B5C5B74CC33A&sortorder=asc&column=section HTTP/1.1" 404 -
95.91.110.20 - - [19/Jun/2024:01:30:21 +0200] "GET /ticket2/opencms/dk/sv/buy/?page=1&edid=D09C9F62-3A26-C6F5-28E1-54E4AB6B0A72&sortorder=asc&column=section HTTP/1.1" 404 -
194.247.173.99 - - [19/Jun/2024:01:30:25 +0200] "GET /ticket2/opencms/dk/en/buy/?page=1&edid=CFE1ACC1-EEB0-7819-3B31-5885A0D8724F&sortorder=asc&column=row HTTP/1.1" 404 -
95.91.110.20 - - [19/Jun/2024:01:30:27 +0200] "GET /ticket2/opencms/dk/sv/buy/?page=1&edid=D0F26606-9A2B-7F9B-761A-AD94A62F6874&sortorder=asc&column=price HTTP/1.1" 404 -
194.247.173.99 - - [19/Jun/2024:01:30:30 +0200] "GET /ticket2/opencms/dk/en/buy/?page=1&edid=D00B11B8-090A-50DF-6F8C-A2F9E4856CE4&sortorder=asc&column=price HTTP/1.1" 404 -
95.91.110.20 - - [19/Jun/2024:01:30:32 +0200] "GET /ticket2/opencms/dk/sv/buy/?page=1&edid=D0F26606-9A2B-7F9B-761A-AD94A62F6874&sortorder=asc&column=row HTTP/1.1" 404 -
194.247.173.99 - - [19/Jun/2024:01:30:35 +0200] "GET /ticket2/opencms/dk/en/buy/?page=1&edid=D00B11B8-090A-50DF-6F8C-A2F9E4856CE4&sortorder=asc&column=row HTTP/1.1" 404 -
95.91.110.20 - - [19/Jun/2024:01:30:37 +0200] "GET /ticket2/opencms/dk/sv/buy/?page=1&edid=D38A75EF-0F2E-99D7-BE2D-1257A3573610&sortorder=asc&column=price HTTP/1.1" 404 -
194.247.173.99 - - [19/Jun/2024:01:30:40 +0200] "GET /ticket2/opencms/dk/en/buy/?page=1&edid=D113E468-2DF2-22A8-54C7-46CC05C5FA8D&sortorder=asc&column=section HTTP/1.1" 404 -
95.91.110.20 - - [19/Jun/2024:01:30:43 +0200] "GET /ticket2/opencms/dk/sv/buy/?page=1&edid=D38A75EF-0F2E-99D7-BE2D-1257A3573610&sortorder=asc&column=row HTTP/1.1" 404 -
194.247.173.99 - - [19/Jun/2024:01:30:45 +0200] "GET /ticket2/opencms/dk/en/buy/?page=1&edid=D26ED13E-4215-F48C-F619-DF19BC14B328&sortorder=asc&column=price HTTP/1.1" 404 -
95.91.110.20 - - [19/Jun/2024:01:30:48 +0200] "GET /ticket2/opencms/dk/sv/buy/?page=1&edid=D38A75EF-0F2E-99D7-BE2D-1257A3573610&sortorder=asc&column=section HTTP/1.1" 404 -
216.244.66.238 - - [19/Jun/2024:01:30:48 +0200] "GET /ticket2/opencms/fi/buy?page=1&edid=9ADD6348-BDC2-17B1-D675-135C7F3F55B2 HTTP/1.1" 200 90186
194.247.173.99 - - [19/Jun/2024:01:30:50 +0200] "GET /ticket2/opencms/dk/en/buy/?page=1&edid=D26ED13E-4215-F48C-F619-DF19BC14B328&sortorder=asc&column=row HTTP/1.1" 404 -
95.91.110.20 - - [19/Jun/2024:01:30:53 +0200] "GET /ticket2/opencms/dk/sv/buy/?page=1&edid=D4257B4D-221F-23FE-F1F6-6C524759B22C&sortorder=asc&column=price HTTP/1.1" 404 -
194.247.173.99 - - [19/Jun/2024:01:30:55 +0200] "GET /ticket2/opencms/dk/en/buy/?page=1&edid=D28D3824-9820-76C4-21D7-4144BF3DCE08&sortorder=desc&column=price HTTP/1.1" 404 -
66.249.75.41 - - [19/Jun/2024:01:30:55 +0200] "GET /ticket2/opencms/ HTTP/1.1" 302 -
95.91.110.20 - - [19/Jun/2024:01:30:59 +0200] "GET /ticket2/opencms/dk/sv/buy/?page=1&edid=D4257B4D-221F-23FE-F1F6-6C524759B22C&sortorder=asc&column=row HTTP/1.1" 404 -
194.247.173.99 - - [19/Jun/2024:01:31:00 +0200] "GET /ticket2/opencms/dk/en/buy/?page=1&edid=D2A0C1B8-B35F-B87E-561A-18E19C3ECF40 HTTP/1.1" 404 -
66.249.75.41 - - [19/Jun/2024:01:31:01 +0200] "GET /ticket2/opencms/sv/ HTTP/1.1" 200 110318
114.119.150.248 - - [19/Jun/2024:01:31:01 +0200] "GET /ticket2/opencms/robots.txt HTTP/1.1" 200 773
95.91.110.20 - - [19/Jun/2024:01:31:04 +0200] "GET /ticket2/opencms/dk/sv/buy/?page=1&edid=D4257B4D-221F-23FE-F1F6-6C524759B22C&sortorder=asc&column=section HTTP/1.1" 404 -
194.247.173.99 - - [19/Jun/2024:01:31:05 +0200] "GET /ticket2/opencms/dk/en/buy/?page=1&edid=D2F9046D-F61D-A0A1-F5E5-D5A3394BD6FD&sortorder=asc&column=row HTTP/1.1" 404 -
216.245.221.83 - - [19/Jun/2024:01:31:07 +0200] "HEAD /ticket2/opencms/ HTTP/1.1" 302 -
216.244.66.238 - - [19/Jun/2024:01:31:08 +0200] "GET /ticket2/opencms/nl/sport/voetbal-tickets/serie_a/chievo/ HTTP/1.1" 200 71416
194.247.173.99 - - [19/Jun/2024:01:31:10 +0200] "GET /ticket2/opencms/dk/en/buy/?page=1&edid=D4093200-0C46-C85B-826B-959F6926CEBD&sortorder=asc&column=price HTTP/1.1" 404 -
95.91.110.20 - - [19/Jun/2024:01:31:13 +0200] "GET /ticket2/opencms/dk/sv/buy/?page=1&edid=D46E0578-2C40-B575-6691-BBD6C7BC77BE&sortorder=desc&column=price HTTP/1.1" 404 -
194.247.173.99 - - [19/Jun/2024:01:31:15 +0200] "GET /ticket2/opencms/dk/en/buy/?page=1&edid=D4093200-0C46-C85B-826B-959F6926CEBD&sortorder=asc&column=row HTTP/1.1" 404 -
216.245.221.83 - - [19/Jun/2024:01:31:15 +0200] "HEAD /ticket2/opencms/en/ HTTP/1.1" 200 -
95.91.110.20 - - [19/Jun/2024:01:31:18 +0200] "GET /ticket2/opencms/dk/sv/buy/?page=1&edid=D46E0578-2C40-B575-6691-BBD6C7BC77BE&sortorder=desc&column=row HTTP/1.1" 404 -
194.247.173.99 - - [19/Jun/2024:01:31:20 +0200] "GET /ticket2/opencms/dk/en/buy/?page=1&edid=D4093200-0C46-C85B-826B-959F6926CEBD&sortorder=asc&column=section HTTP/1.1" 404 -
114.119.135.169 - - [19/Jun/2024:01:31:23 +0200] "GET /ticket2/opencms/en/venue/?venueid=D445411B-08FC-6F4E-CAC0-2B74ADA8AFFF HTTP/1.1" 200 71359
95.91.110.20 - - [19/Jun/2024:01:31:23 +0200] "GET /ticket2/opencms/dk/sv/buy/?page=1&edid=D5CEC1AF-7456-A530-2177-1F59A4D45052&sortorder=desc&column=row HTTP/1.1" 404 -
194.247.173.99 - - [19/Jun/2024:01:31:25 +0200] "GET /ticket2/opencms/dk/en/buy/?page=1&edid=D46F6BE8-BC8A-8DDC-1025-98720CF7125C&sortorder=asc&column=price HTTP/1.1" 404 -
95.91.110.20 - - [19/Jun/2024:01:31:29 +0200] "GET /ticket2/opencms/dk/sv/buy/?page=1&edid=D646E9EF-0158-052D-D610-39ABA6A71094&sortorder=desc&column=section HTTP/1.1" 404 -
216.244.66.238 - - [19/Jun/2024:01:31:29 +0200] "GET /ticket2/opencms/no/buy/?page=1&edid=2E3A9666-3510-0E81-4BD6-E0C24467BF7D HTTP/1.1" 200 86507
194.247.173.99 - - [19/Jun/2024:01:31:30 +0200] "GET /ticket2/opencms/dk/en/buy/?page=1&edid=D46F6BE8-BC8A-8DDC-1025-98720CF7125C&sortorder=asc&column=row HTTP/1.1" 404 -
95.91.110.20 - - [19/Jun/2024:01:31:34 +0200] "GET /ticket2/opencms/dk/sv/buy/?page=1&edid=D671AA4B-F4FE-4377-0CEE-00CC26515A20&sortorder=desc&column=price HTTP/1.1" 404 -
66.249.87.137 - - [19/Jun/2024:01:31:34 +0200] "GET /ticket2/opencms/system/modules/com.gridnine.opencms.ticketbrokerage.site/resources/css/images/ui-bg_flat_75_ffffff_40x100.png HTTP/1.1" 404 -
194.247.173.99 - - [19/Jun/2024:01:31:35 +0200] "GET /ticket2/opencms/dk/en/buy/?page=1&edid=D46F6BE8-BC8A-8DDC-1025-98720CF7125C&sortorder=asc&column=section HTTP/1.1" 404 -
95.91.110.20 - - [19/Jun/2024:01:31:39 +0200] "GET /ticket2/opencms/dk/sv/buy/?page=1&edid=D671AA4B-F4FE-4377-0CEE-00CC26515A20&sortorder=desc&column=section HTTP/1.1" 404 -
194.247.173.99 - - [19/Jun/2024:01:31:40 +0200] "GET /ticket2/opencms/dk/en/buy/?page=1&edid=D4E63332-9FAC-DBFC-3219-0B8144B70879&sortorder=asc&column=price HTTP/1.1" 404 -
207.46.13.54 - - [19/Jun/2024:01:31:43 +0200] "GET /ticket2/opencms/system/modules/com.gridnine.opencms.ticketbrokerage.site/resources/pics/bank_6_american_express.png HTTP/1.1" 200 5570
95.91.110.20 - - [19/Jun/2024:01:31:44 +0200] "GET /ticket2/opencms/dk/sv/buy/?page=1&edid=D6B51F92-7F42-35FF-B701-6773C358DBC4&sortorder=desc&column=price HTTP/1.1" 404 -
194.247.173.99 - - [19/Jun/2024:01:31:45 +0200] "GET /ticket2/opencms/dk/en/buy/?page=1&edid=D4E63332-9FAC-DBFC-3219-0B8144B70879&sortorder=asc&column=row HTTP/1.1" 404 -
95.91.110.20 - - [19/Jun/2024:01:31:49 +0200] "GET /ticket2/opencms/dk/sv/buy/?page=1&edid=D6E70B72-39E0-1850-AB2F-AE94BBCCC29C&sortorder=desc&column=price HTTP/1.1" 404 -
194.247.173.99 - - [19/Jun/2024:01:31:50 +0200] "GET /ticket2/opencms/dk/en/buy/?page=1&edid=D4E63332-9FAC-DBFC-3219-0B8144B70879&sortorder=asc&column=section HTTP/1.1" 404 -
95.91.110.20 - - [19/Jun/2024:01:31:55 +0200] "GET /ticket2/opencms/dk/sv/buy/?page=1&edid=DFB21AD2-22B9-A8A1-EDBE-5EC907D1F2F8&sortorder=asc&column=row HTTP/1.1" 404 -
194.247.173.99 - - [19/Jun/2024:01:31:56 +0200] "GET /ticket2/opencms/dk/en/buy/?page=1&edid=D4E63332-9FAC-DBFC-3219-0B8144B70879&sortorder=desc&column=row HTTP/1.1" 404 -
95.91.110.20 - - [19/Jun/2024:01:32:00 +0200] "GET /ticket2/opencms/dk/sv/buy/?page=1&edid=DFB21AD2-22B9-A8A1-EDBE-5EC907D1F2F8&sortorder=asc&column=section HTTP/1.1" 404 -
194.247.173.99 - - [19/Jun/2024:01:32:01 +0200] "GET /ticket2/opencms/dk/en/buy/?page=1&edid=D53C14AE-0EBF-8581-75EE-52BDB1483CBF&sortorder=asc&column=price HTTP/1.1" 404 -
95.91.110.20 - - [19/Jun/2024:01:32:05 +0200] "GET /ticket2/opencms/dk/sv/buy/?page=1&edid=EB15A765-5D9D-970F-9A50-4DA650A06CFC&sortorder=asc&column=section HTTP/1.1" 404 -
194.247.173.99 - - [19/Jun/2024:01:32:07 +0200] "GET /ticket2/opencms/dk/en/buy/?page=1&edid=D53C14AE-0EBF-8581-75EE-52BDB1483CBF&sortorder=asc&column=row HTTP/1.1" 404 -
95.91.110.20 - - [19/Jun/2024:01:32:11 +0200] "GET /ticket2/opencms/dk/sv/buy/?page=1&edid=F05F57EF-962F-4A4F-88A6-EE4E2D6D15D8&sortorder=asc&column=price HTTP/1.1" 404 -
216.244.66.238 - - [19/Jun/2024:01:32:11 +0200] "GET /ticket2/opencms/sv/magazine/pa_fotbollsplanen HTTP/1.1" 200 74508
185.191.171.2 - - [19/Jun/2024:01:32:12 +0200] "GET /ticket2/opencms/sv/magazine/article?title=bournemouth HTTP/1.1" 200 75695
194.247.173.99 - - [19/Jun/2024:01:32:12 +0200] "GET /ticket2/opencms/dk/en/buy/?page=1&edid=D5E9A801-4597-FB68-95D5-A4CE1BC9C0D9&sortorder=asc&column=row HTTP/1.1" 404 -
52.167.144.67 - - [19/Jun/2024:01:32:13 +0200] "GET /ticket2/opencms/robots.txt HTTP/1.1" 200 773
194.247.173.99 - - [19/Jun/2024:01:32:17 +0200] "GET /ticket2/opencms/dk/en/buy/?page=1&edid=D5E9A801-4597-FB68-95D5-A4CE1BC9C0D9&sortorder=asc&column=section HTTP/1.1" 404 -
194.247.173.99 - - [19/Jun/2024:01:32:23 +0200] "GET /ticket2/opencms/dk/en/buy/?page=1&edid=D671AA4B-F4FE-4377-0CEE-00CC26515A20&sortorder=asc&column=row HTTP/1.1" 404 -
95.91.110.20 - - [19/Jun/2024:01:32:28 +0200] "GET /ticket2/opencms/dk/sv/buy/?page=1&edid=F05F57EF-962F-4A4F-88A6-EE4E2D6D15D8&sortorder=asc&column=row HTTP/1.1" 404 -
194.247.173.99 - - [19/Jun/2024:01:32:28 +0200] "GET /ticket2/opencms/dk/en/buy/?page=1&edid=D671AA4B-F4FE-4377-0CEE-00CC26515A20&sortorder=asc&column=section HTTP/1.1" 404 -
194.247.173.99 - - [19/Jun/2024:01:32:33 +0200] "GET /ticket2/opencms/dk/en/buy/?page=1&edid=D70A41B1-6D3D-85F0-D287-441C9260855D&sortorder=asc&column=price HTTP/1.1" 404 -
95.91.110.20 - - [19/Jun/2024:01:32:33 +0200] "GET /ticket2/opencms/dk/sv/buy/?page=1&edid=F05F57EF-962F-4A4F-88A6-EE4E2D6D15D8&sortorder=asc&column=section HTTP/1.1" 404 -
95.91.110.20 - - [19/Jun/2024:01:32:39 +0200] "GET /ticket2/opencms/dk/sv/buy/?page=1&edid=F218326B-C4E9-349D-002A-260E15490CC6 HTTP/1.1" 404 -
194.247.173.99 - - [19/Jun/2024:01:32:39 +0200] "GET /ticket2/opencms/dk/en/buy/?page=1&edid=D70A41B1-6D3D-85F0-D287-441C9260855D&sortorder=asc&column=section HTTP/1.1" 404 -
95.91.110.20 - - [19/Jun/2024:01:32:44 +0200] "GET /ticket2/opencms/dk/sv/buy/?page=1&edid=F37DBF10-CEEC-1535-C85A-81545161878C HTTP/1.1" 404 -
194.247.173.99 - - [19/Jun/2024:01:32:45 +0200] "GET /ticket2/opencms/dk/en/buy/?page=1&edid=D76F2C68-5D44-22C4-D7B7-F0AA23E117B7&sortorder=asc&column=price HTTP/1.1" 404 -
114.119.140.175 - - [19/Jun/2024:01:32:49 +0200] "GET /ticket2/opencms/en/venue/?venueid=08E4EC60-00C9-C497-9F21-DF811FAE4DEC HTTP/1.1" 200 71353
95.91.110.20 - - [19/Jun/2024:01:32:50 +0200] "GET /ticket2/opencms/dk/sv/buy/?page=1&edid=F3AE83BE-C126-C63A-44BE-5000274FDF7A&sortorder=desc&column=section HTTP/1.1" 404 -
194.247.173.99 - - [19/Jun/2024:01:32:50 +0200] "GET /ticket2/opencms/dk/en/buy/?page=1&edid=D76F2C68-5D44-22C4-D7B7-F0AA23E117B7&sortorder=asc&column=row HTTP/1.1" 404 -
194.247.173.99 - - [19/Jun/2024:01:32:55 +0200] "GET /ticket2/opencms/dk/en/buy/?page=1&edid=D76F2C68-5D44-22C4-D7B7-F0AA23E117B7&sortorder=asc&column=section HTTP/1.1" 404 -
95.91.110.20 - - [19/Jun/2024:01:32:55 +0200] "GET /ticket2/opencms/dk/sv/buy/?page=1&edid=F3EAB77E-5223-86F1-9947-9F306D6E6D43 HTTP/1.1" 404 -
194.247.173.99 - - [19/Jun/2024:01:33:01 +0200] "GET /ticket2/opencms/dk/en/buy/?page=1&edid=D776081A-33AA-296E-ED76-1FA87B3E2A16&sortorder=asc&column=price HTTP/1.1" 404 -
95.91.110.20 - - [19/Jun/2024:01:33:01 +0200] "GET /ticket2/opencms/dk/sv/buy/?page=1&edid=F3EAB77E-5223-86F1-9947-9F306D6E6D43&sortorder=desc&column=row HTTP/1.1" 404 -
194.247.173.99 - - [19/Jun/2024:01:33:06 +0200] "GET /ticket2/opencms/dk/en/buy/?page=1&edid=D86E0822-A77D-3BDC-D0CE-CCABB4A2B274&sortorder=asc&column=price HTTP/1.1" 404 -
95.91.110.20 - - [19/Jun/2024:01:33:06 +0200] "GET /ticket2/opencms/dk/sv/buy/?page=1&edid=F3EAB77E-5223-86F1-9947-9F306D6E6D43&sortorder=desc&column=section HTTP/1.1" 404 -
194.247.173.99 - - [19/Jun/2024:01:33:12 +0200] "GET /ticket2/opencms/dk/en/buy/?page=1&edid=D94AE43C-36DF-9EFE-9CDF-702DED3992BF&sortorder=asc&column=price HTTP/1.1" 404 -
95.91.110.20 - - [19/Jun/2024:01:33:12 +0200] "GET /ticket2/opencms/dk/sv/buy/?page=1&edid=F463DFC6-FD0F-0F40-EE84-5419260C1C59&sortorder=desc&column=section HTTP/1.1" 404 -
194.247.173.99 - - [19/Jun/2024:01:33:17 +0200] "GET /ticket2/opencms/dk/en/buy/?page=1&edid=D94AE43C-36DF-9EFE-9CDF-702DED3992BF&sortorder=asc&column=row HTTP/1.1" 404 -
95.91.110.20 - - [19/Jun/2024:01:33:17 +0200] "GET /ticket2/opencms/dk/sv/buy/?page=1&edid=F4928390-F06A-68A6-B5B6-EA39954CEE48 HTTP/1.1" 404 -
194.247.173.99 - - [19/Jun/2024:01:33:22 +0200] "GET /ticket2/opencms/dk/en/buy/?page=1&edid=D94AE43C-36DF-9EFE-9CDF-702DED3992BF&sortorder=asc&column=section HTTP/1.1" 404 -
95.91.110.20 - - [19/Jun/2024:01:33:22 +0200] "GET /ticket2/opencms/dk/sv/buy/?page=1&edid=F4D78D53-5514-188C-B61F-73CDE03BF980 HTTP/1.1" 404 -
194.247.173.99 - - [19/Jun/2024:01:33:27 +0200] "GET /ticket2/opencms/dk/en/buy/?page=1&edid=D94AE43C-36DF-9EFE-9CDF-702DED3992BF&sortorder=desc&column=price HTTP/1.1" 404 -
95.91.110.20 - - [19/Jun/2024:01:33:30 +0200] "GET /ticket2/opencms/dk/sv/buy/?page=1&edid=F4D78D53-5514-188C-B61F-73CDE03BF980&sortorder=desc&column=section HTTP/1.1" 404 -
194.247.173.99 - - [19/Jun/2024:01:33:33 +0200] "GET /ticket2/opencms/dk/en/buy/?page=1&edid=D9590EEA-A3BA-EAE9-0517-4EA431179E08&sortorder=asc&column=section HTTP/1.1" 404 -
95.91.110.20 - - [19/Jun/2024:01:33:37 +0200] "GET /ticket2/opencms/dk/sv/buy/?page=1&edid=F4F9CF15-E46F-6692-1384-B244A9E1955F&sortorder=desc&column=section HTTP/1.1" 404 -
194.247.173.99 - - [19/Jun/2024:01:33:38 +0200] "GET /ticket2/opencms/dk/en/buy/?page=1&edid=D982F7C7-2260-B918-A19A-9AD033AA1445&sortorder=asc&column=section HTTP/1.1" 404 -
95.91.110.20 - - [19/Jun/2024:01:33:42 +0200] "GET /ticket2/opencms/dk/sv/buy/?page=1&edid=F704C509-384F-2E4C-8072-D2A5A37C67FB&sortorder=desc&column=price HTTP/1.1" 404 -
194.247.173.99 - - [19/Jun/2024:01:33:44 +0200] "GET /ticket2/opencms/dk/en/buy/?page=1&edid=DA092D51-9FFC-84BE-97A0-4DF0E8B1E89B&sortorder=asc&column=price HTTP/1.1" 404 -
95.91.110.20 - - [19/Jun/2024:01:33:47 +0200] "GET /ticket2/opencms/dk/sv/buy/?page=1&edid=F704C509-384F-2E4C-8072-D2A5A37C67FB&sortorder=desc&column=row HTTP/1.1" 404 -
194.247.173.99 - - [19/Jun/2024:01:33:49 +0200] "GET /ticket2/opencms/dk/en/buy/?page=1&edid=DA092D51-9FFC-84BE-97A0-4DF0E8B1E89B&sortorder=asc&column=row HTTP/1.1" 404 -
95.91.110.20 - - [19/Jun/2024:01:33:53 +0200] "GET /ticket2/opencms/dk/sv/buy/?page=1&edid=F9FF1A93-E063-30B5-D018-721B7BF05409&sortorder=asc&column=price HTTP/1.1" 404 -
194.247.173.99 - - [19/Jun/2024:01:33:54 +0200] "GET /ticket2/opencms/dk/en/buy/?page=1&edid=DA092D51-9FFC-84BE-97A0-4DF0E8B1E89B&sortorder=asc&column=section HTTP/1.1" 404 -
95.91.110.20 - - [19/Jun/2024:01:33:59 +0200] "GET /ticket2/opencms/dk/sv/buy/?page=1&edid=F9FF1A93-E063-30B5-D018-721B7BF05409&sortorder=asc&column=row HTTP/1.1" 404 -
194.247.173.99 - - [19/Jun/2024:01:34:00 +0200] "GET /ticket2/opencms/dk/en/buy/?page=1&edid=DA55EA94-C407-D79D-D7C5-6A263E676A12&sortorder=desc&column=section HTTP/1.1" 404 -
66.249.77.65 - - [19/Jun/2024:01:34:03 +0200] "GET /ticket2/opencms/fr/magazine/article?title=om-tottenham-hotspur-stadium HTTP/1.1" 200 81858
95.91.110.20 - - [19/Jun/2024:01:34:04 +0200] "GET /ticket2/opencms/dk/sv/buy/?page=1&edid=F9FF1A93-E063-30B5-D018-721B7BF05409&sortorder=asc&column=section HTTP/1.1" 404 -
194.247.173.99 - - [19/Jun/2024:01:34:05 +0200] "GET /ticket2/opencms/dk/en/buy/?page=1&edid=DA9D2A76-92D5-D9C9-5100-8D5EB69CFF78&sortorder=asc&column=row HTTP/1.1" 404 -
