188.165.212.137 - - [19/Jun/2024:00:00:02 +0200] "GET /ticket2/opencms/en/venue/?venueid=7DFE5FAB-A7F9-D9CB-B181-D0F227E04C90 HTTP/1.1" 200 71335
188.165.212.137 - - [19/Jun/2024:00:00:07 +0200] "GET /ticket2/opencms/en/venue/?venueid=7DFFA88D-A72E-EF83-E1F4-D4C0A7C75BDB HTTP/1.1" 200 71344
47.128.35.93 - - [19/Jun/2024:00:00:08 +0200] "GET /ticket2/opencms/it/sport/biglietti-calcio/premier-league HTTP/1.1" 500 -
188.165.212.137 - - [19/Jun/2024:00:00:12 +0200] "GET /ticket2/opencms/en/venue/?venueid=7E3A2D74-DA88-871F-895E-1180E253F56F HTTP/1.1" 200 71802
77.171.209.176 - - [19/Jun/2024:00:00:13 +0200] "GET /ticket2/opencms/set_aff_cookie.jsp?partner=53673ED6-1455-FA54-818F-B1F67121E37C&url=/nl/buy/index.html%3Fpage%3D1%26edid%3DFB919A6A-DE02-1353-FDB8-CEDFF340E9B7%26hlv%3D65ba1930-8138-422d-8616-17d10a01000f%23v1090073965 HTTP/1.1" 200 225
77.171.209.176 - - [19/Jun/2024:00:00:13 +0200] "GET /ticket2/opencms/nl/buy/?page=1&edid=FB919A6A-DE02-1353-FDB8-CEDFF340E9B7&hlv=65ba1930-8138-422d-8616-17d10a01000f HTTP/1.1" 200 96985
77.171.209.176 - - [19/Jun/2024:00:00:13 +0200] "GET /ticket2/opencms/system/modules/com.gridnine.opencms.ticketbrokerage.site/resources/css/ticketbrokerage.css HTTP/1.1" 200 39339
77.171.209.176 - - [19/Jun/2024:00:00:13 +0200] "GET /ticket2/opencms/system/modules/com.gridnine.opencms.ticketbrokerage.site/resources/css/calendar.css HTTP/1.1" 200 6871
77.171.209.176 - - [19/Jun/2024:00:00:14 +0200] "GET /ticket2/opencms/system/modules/com.gridnine.opencms.ticketbrokerage.site/resources/css/standard.css HTTP/1.1" 200 71935
77.171.209.176 - - [19/Jun/2024:00:00:14 +0200] "GET /ticket2/opencms/system/modules/com.gridnine.opencms.ticketbrokerage.site/resources/css/jquery-ui.css HTTP/1.1" 200 33221
77.171.209.176 - - [19/Jun/2024:00:00:14 +0200] "GET /ticket2/opencms/system/modules/com.gridnine.opencms.ticketbrokerage.site/resources/css/jquery.fancybox.css HTTP/1.1" 200 4939
77.171.209.176 - - [19/Jun/2024:00:00:14 +0200] "GET /ticket2/opencms/system/modules/com.gridnine.opencms.ticketbrokerage.site/resources/js/jquery/jquery.js HTTP/1.1" 200 93868
77.171.209.176 - - [19/Jun/2024:00:00:14 +0200] "GET /ticket2/opencms/system/modules/com.gridnine.opencms.ticketbrokerage.site/resources/js/jquery/jquery-ui.js HTTP/1.1" 200 228088
77.171.209.176 - - [19/Jun/2024:00:00:14 +0200] "GET /ticket2/opencms/system/modules/com.gridnine.opencms.ticketbrokerage.site/resources/js/functions.js HTTP/1.1" 200 1583
77.171.209.176 - - [19/Jun/2024:00:00:14 +0200] "GET /ticket2/opencms/system/modules/com.gridnine.opencms.ticketbrokerage.site/resources/js/calendar.js HTTP/1.1" 200 49229
77.171.209.176 - - [19/Jun/2024:00:00:14 +0200] "GET /ticket2/opencms/system/modules/com.gridnine.opencms.ticketbrokerage.site/resources/js/calendar-en.js HTTP/1.1" 200 3338
77.171.209.176 - - [19/Jun/2024:00:00:14 +0200] "GET /ticket2/opencms/system/modules/com.gridnine.opencms.ticketbrokerage.site/resources/js/calendar-setup.js HTTP/1.1" 200 4923
77.171.209.176 - - [19/Jun/2024:00:00:14 +0200] "GET /ticket2/opencms/system/modules/com.gridnine.opencms.ticketbrokerage.site/resources/js/jquery.fancybox.pack.js HTTP/1.1" 200 23187
77.171.209.176 - - [19/Jun/2024:00:00:14 +0200] "GET /ticket2/opencms/system/modules/com.gridnine.opencms.ticketbrokerage.site/resources/js/stickyfill.min.js HTTP/1.1" 200 5672
77.171.209.176 - - [19/Jun/2024:00:00:14 +0200] "GET /ticket2/opencms/img/icons/no.png HTTP/1.1" 200 1958
77.171.209.176 - - [19/Jun/2024:00:00:14 +0200] "GET /ticket2/opencms/img/icons/se.png HTTP/1.1" 200 1258
77.171.209.176 - - [19/Jun/2024:00:00:14 +0200] "GET /ticket2/opencms/system/modules/com.gridnine.opencms.ticketbrokerage.site/resources/js/jquery.placeholder.min.js HTTP/1.1" 200 1737
77.171.209.176 - - [19/Jun/2024:00:00:14 +0200] "GET /ticket2/opencms/system/modules/com.gridnine.opencms.ticketbrokerage.site/resources/js/standard.js HTTP/1.1" 200 3978
77.171.209.176 - - [19/Jun/2024:00:00:14 +0200] "GET /ticket2/opencms/system/modules/com.gridnine.opencms.ticketbrokerage.site/resources/js/common-ajax.js HTTP/1.1" 200 20175
77.171.209.176 - - [19/Jun/2024:00:00:14 +0200] "GET /ticket2/opencms/img/icons/dk.png HTTP/1.1" 200 1706
77.171.209.176 - - [19/Jun/2024:00:00:14 +0200] "GET /ticket2/opencms/img/icons/fi.png HTTP/1.1" 200 1785
77.171.209.176 - - [19/Jun/2024:00:00:14 +0200] "GET /ticket2/opencms/system/modules/com.gridnine.opencms.ticketbrokerage.site/resources/pics/logo-new.png HTTP/1.1" 200 13541
77.171.209.176 - - [19/Jun/2024:00:00:14 +0200] "GET /ticket2/opencms/img/insta.png HTTP/1.1" 200 3967
77.171.209.176 - - [19/Jun/2024:00:00:14 +0200] "GET /ticket2/opencms/img/fb.png HTTP/1.1" 200 1269
77.171.209.176 - - [19/Jun/2024:00:00:14 +0200] "GET /ticket2/opencms/venue/signal_iduna_park.jpg HTTP/1.1" 200 12842
77.171.209.176 - - [19/Jun/2024:00:00:14 +0200] "GET /ticket2/opencms/system/modules/com.gridnine.opencms.ticketbrokerage.site/resources/pics/two_man.png HTTP/1.1" 200 3407
77.171.209.176 - - [19/Jun/2024:00:00:14 +0200] "GET /ticket2/opencms/system/modules/com.gridnine.opencms.ticketbrokerage.site/resources/pics/0.gif HTTP/1.1" 200 43
77.171.209.176 - - [19/Jun/2024:00:00:14 +0200] "GET /ticket2/opencms/system/modules/com.gridnine.opencms.ticketbrokerage.site/resources/pics/ticket_info_button.png HTTP/1.1" 200 3820
77.171.209.176 - - [19/Jun/2024:00:00:14 +0200] "GET /ticket2/opencms/system/modules/com.gridnine.opencms.ticketbrokerage.site/resources/pics/bank_1_nordea.png HTTP/1.1" 200 4807
77.171.209.176 - - [19/Jun/2024:00:00:14 +0200] "GET /ticket2/opencms/system/modules/com.gridnine.opencms.ticketbrokerage.site/resources/pics/bank_2_handelsbanken.png HTTP/1.1" 200 4509
77.171.209.176 - - [19/Jun/2024:00:00:14 +0200] "GET /ticket2/opencms/system/modules/com.gridnine.opencms.ticketbrokerage.site/resources/pics/bank_3_swedbank.png HTTP/1.1" 200 5740
77.171.209.176 - - [19/Jun/2024:00:00:14 +0200] "GET /ticket2/opencms/system/modules/com.gridnine.opencms.ticketbrokerage.site/resources/pics/bank_5_visa_mastercard.png HTTP/1.1" 200 8196
77.171.209.176 - - [19/Jun/2024:00:00:14 +0200] "GET /ticket2/opencms/system/modules/com.gridnine.opencms.ticketbrokerage.site/resources/pics/bank_4_seb.png HTTP/1.1" 200 2487
77.171.209.176 - - [19/Jun/2024:00:00:14 +0200] "GET /ticket2/opencms/system/modules/com.gridnine.opencms.ticketbrokerage.site/resources/pics/bank_6_american_express.png HTTP/1.1" 200 5570
77.171.209.176 - - [19/Jun/2024:00:00:14 +0200] "GET /ticket2/opencms/img/check.png HTTP/1.1" 200 548
77.171.209.176 - - [19/Jun/2024:00:00:14 +0200] "GET /ticket2/opencms/img/arrow.png HTTP/1.1" 200 753
77.171.209.176 - - [19/Jun/2024:00:00:14 +0200] "GET /ticket2/opencms/img/mail.png HTTP/1.1" 200 403
77.171.209.176 - - [19/Jun/2024:00:00:14 +0200] "GET /ticket2/opencms/img/chat.png HTTP/1.1" 200 416
77.171.209.176 - - [19/Jun/2024:00:00:14 +0200] "GET /ticket2/opencms/img/arrow-down.png HTTP/1.1" 200 192
77.171.209.176 - - [19/Jun/2024:00:00:15 +0200] "GET /ticket2/opencms/nl/ask-form.html HTTP/1.1" 200 3015
77.171.209.176 - - [19/Jun/2024:00:00:15 +0200] "GET /ticket2/opencms/img/icons/fi.png HTTP/1.1" 200 1785
77.171.209.176 - - [19/Jun/2024:00:00:15 +0200] "GET /ticket2/opencms/img/icons/dk.png HTTP/1.1" 200 1706
77.171.209.176 - - [19/Jun/2024:00:00:15 +0200] "GET /ticket2/opencms/img/icons/globe-white.png HTTP/1.1" 200 947
77.171.209.176 - - [19/Jun/2024:00:00:15 +0200] "GET /ticket2/opencms/img/icons/de.png HTTP/1.1" 200 1124
77.171.209.176 - - [19/Jun/2024:00:00:15 +0200] "GET /ticket2/opencms/img/icons/nl.png HTTP/1.1" 200 1255
77.171.209.176 - - [19/Jun/2024:00:00:15 +0200] "GET /ticket2/opencms/img/icons/fr.png HTTP/1.1" 200 1764
77.171.209.176 - - [19/Jun/2024:00:00:15 +0200] "GET /ticket2/opencms/system/modules/com.gridnine.opencms.ticketbrokerage.site/resources/pics/arrow.gif HTTP/1.1" 200 344
77.171.209.176 - - [19/Jun/2024:00:00:15 +0200] "GET /ticket2/opencms/system/modules/com.gridnine.opencms.ticketbrokerage.site/resources/pics/form_marker.gif HTTP/1.1" 200 43
77.171.209.176 - - [19/Jun/2024:00:00:15 +0200] "GET /ticket2/opencms/system/modules/com.gridnine.opencms.ticketbrokerage.site/resources/css/ticketbrokerage.css HTTP/1.1" 200 39339
77.171.209.176 - - [19/Jun/2024:00:00:15 +0200] "GET /ticket2/opencms/img/icons/it.png HTTP/1.1" 200 2040
77.171.209.176 - - [19/Jun/2024:00:00:15 +0200] "GET /ticket2/opencms/img/icons/en.png HTTP/1.1" 200 2415
77.171.209.176 - - [19/Jun/2024:00:00:15 +0200] "GET /ticket2/opencms/img/icons/es.png HTTP/1.1" 200 1005
77.171.209.176 - - [19/Jun/2024:00:00:16 +0200] "GET /ticket2/opencms/system/modules/com.gridnine.opencms.ticketbrokerage.site/resources/js/standard.js HTTP/1.1" 200 3978
77.171.209.176 - - [19/Jun/2024:00:00:16 +0200] "GET /ticket2/opencms/favicon.ico HTTP/1.1" 200 1406
77.171.209.176 - - [19/Jun/2024:00:00:18 +0200] "GET /ticket2/opencms/system/modules/com.gridnine.opencms.ticketbrokerage.site/resources/css/images/ui-bg_flat_75_ffffff_40x100.png HTTP/1.1" 404 -
188.165.212.137 - - [19/Jun/2024:00:00:24 +0200] "GET /ticket2/opencms/en/venue/?venueid=7E50D8FA-8534-B576-687A-11043ABCF62E HTTP/1.1" 200 71338
77.171.209.176 - - [19/Jun/2024:00:00:25 +0200] "GET /ticket2/opencms/system/modules/com.gridnine.opencms.ticketbrokerage.site/resources/css/fancybox_overlay.png HTTP/1.1" 200 1003
77.171.209.176 - - [19/Jun/2024:00:00:25 +0200] "GET /ticket2/opencms/system/modules/com.gridnine.opencms.ticketbrokerage.site/resources/css/fancybox_sprite@2x.png HTTP/1.1" 404 -
188.165.212.137 - - [19/Jun/2024:00:00:34 +0200] "GET /ticket2/opencms/en/venue/?venueid=7E82DC48-1248-0BA8-8AD1-989A2C48BEDA HTTP/1.1" 200 71359
188.165.212.137 - - [19/Jun/2024:00:00:40 +0200] "GET /ticket2/opencms/en/venue/?venueid=7E91A67B-DE16-8816-1A54-A7D84A4D6671 HTTP/1.1" 200 71342
114.119.140.175 - - [19/Jun/2024:00:00:41 +0200] "GET /ticket2/opencms/en/venue/?venueid=075172A0-B019-D420-5B98-9F3BF7203A11 HTTP/1.1" 200 71375
188.165.212.137 - - [19/Jun/2024:00:00:45 +0200] "GET /ticket2/opencms/en/venue/?venueid=7E97277D-1DCB-20AA-8AE9-51535192889A HTTP/1.1" 200 71336
188.165.212.137 - - [19/Jun/2024:00:00:52 +0200] "GET /ticket2/opencms/en/venue/?venueid=7ECDA6E6-A656-10FC-73E8-F0105E917177 HTTP/1.1" 200 71438
85.208.96.203 - - [19/Jun/2024:00:00:52 +0200] "GET /ticket2/opencms/es/sport/entradas-futbol/serie_a/lecce/ HTTP/1.1" 404 -
94.191.152.111 - - [19/Jun/2024:00:00:56 +0200] "GET /ticket2/opencms/sv/sport/fotbollsbiljetter/premier_league/tottenham/?gad_source=1&gclid=Cj0KCQjw4MSzBhC8ARIsAPFOuyWol5HxXJDXDpBn8LW54NRjrS539GWxMmplDqCz7oTaI4Ia64LsmUgaAk2-EALw_wcB HTTP/1.1" 200 87586
94.191.152.111 - - [19/Jun/2024:00:00:57 +0200] "GET /ticket2/opencms/system/modules/com.gridnine.opencms.ticketbrokerage.site/resources/css/ticketbrokerage.css HTTP/1.1" 200 39339
94.191.152.111 - - [19/Jun/2024:00:00:57 +0200] "GET /ticket2/opencms/system/modules/com.gridnine.opencms.ticketbrokerage.site/resources/css/calendar.css HTTP/1.1" 200 6871
94.191.152.111 - - [19/Jun/2024:00:00:57 +0200] "GET /ticket2/opencms/system/modules/com.gridnine.opencms.ticketbrokerage.site/resources/css/jquery-ui.css HTTP/1.1" 200 33221
94.191.152.111 - - [19/Jun/2024:00:00:57 +0200] "GET /ticket2/opencms/system/modules/com.gridnine.opencms.ticketbrokerage.site/resources/js/jquery/jquery.js HTTP/1.1" 200 93868
94.191.152.111 - - [19/Jun/2024:00:00:57 +0200] "GET /ticket2/opencms/system/modules/com.gridnine.opencms.ticketbrokerage.site/resources/css/jquery.fancybox.css HTTP/1.1" 200 4939
94.191.152.111 - - [19/Jun/2024:00:00:57 +0200] "GET /ticket2/opencms/system/modules/com.gridnine.opencms.ticketbrokerage.site/resources/css/standard.css HTTP/1.1" 200 71935
94.191.152.111 - - [19/Jun/2024:00:00:57 +0200] "GET /ticket2/opencms/system/modules/com.gridnine.opencms.ticketbrokerage.site/resources/js/jquery/jquery-ui.js HTTP/1.1" 200 228088
94.191.152.111 - - [19/Jun/2024:00:00:57 +0200] "GET /ticket2/opencms/system/modules/com.gridnine.opencms.ticketbrokerage.site/resources/js/functions.js HTTP/1.1" 200 1583
94.191.152.111 - - [19/Jun/2024:00:00:57 +0200] "GET /ticket2/opencms/system/modules/com.gridnine.opencms.ticketbrokerage.site/resources/js/calendar.js HTTP/1.1" 200 49229
94.191.152.111 - - [19/Jun/2024:00:00:57 +0200] "GET /ticket2/opencms/system/modules/com.gridnine.opencms.ticketbrokerage.site/resources/js/calendar-en.js HTTP/1.1" 200 3338
94.191.152.111 - - [19/Jun/2024:00:00:57 +0200] "GET /ticket2/opencms/system/modules/com.gridnine.opencms.ticketbrokerage.site/resources/js/calendar-setup.js HTTP/1.1" 200 4923
94.191.152.111 - - [19/Jun/2024:00:00:57 +0200] "GET /ticket2/opencms/system/modules/com.gridnine.opencms.ticketbrokerage.site/resources/js/stickyfill.min.js HTTP/1.1" 200 5672
94.191.152.111 - - [19/Jun/2024:00:00:57 +0200] "GET /ticket2/opencms/system/modules/com.gridnine.opencms.ticketbrokerage.site/resources/js/jquery.fancybox.pack.js HTTP/1.1" 200 23187
94.191.152.111 - - [19/Jun/2024:00:00:57 +0200] "GET /ticket2/opencms/system/modules/com.gridnine.opencms.ticketbrokerage.site/resources/js/jquery.placeholder.min.js HTTP/1.1" 200 1737
94.191.152.111 - - [19/Jun/2024:00:00:57 +0200] "GET /ticket2/opencms/system/modules/com.gridnine.opencms.ticketbrokerage.site/resources/js/common-ajax.js HTTP/1.1" 200 20175
94.191.152.111 - - [19/Jun/2024:00:00:57 +0200] "GET /ticket2/opencms/system/modules/com.gridnine.opencms.ticketbrokerage.site/resources/js/standard.js HTTP/1.1" 200 3978
94.191.152.111 - - [19/Jun/2024:00:00:57 +0200] "GET /ticket2/opencms/img/icons/se.png HTTP/1.1" 200 1258
94.191.152.111 - - [19/Jun/2024:00:00:57 +0200] "GET /ticket2/opencms/img/icons/no.png HTTP/1.1" 200 1958
94.191.152.111 - - [19/Jun/2024:00:00:57 +0200] "GET /ticket2/opencms/system/modules/com.gridnine.opencms.ticketbrokerage.site/resources/pics/logo-new.png HTTP/1.1" 200 13541
94.191.152.111 - - [19/Jun/2024:00:00:57 +0200] "GET /ticket2/opencms/img/insta.png HTTP/1.1" 200 3967
94.191.152.111 - - [19/Jun/2024:00:00:57 +0200] "GET /ticket2/opencms/img/fb.png HTTP/1.1" 200 1269
94.191.152.111 - - [19/Jun/2024:00:00:57 +0200] "GET /ticket2/opencms/system/modules/com.gridnine.opencms.ticketbrokerage.site/resources/pics/banners/Tottenham.jpg HTTP/1.1" 200 13797
94.191.152.111 - - [19/Jun/2024:00:00:57 +0200] "GET /ticket2/opencms/system/modules/com.gridnine.opencms.ticketbrokerage.site/resources/pics/bank_1_nordea.png HTTP/1.1" 200 4807
94.191.152.111 - - [19/Jun/2024:00:00:57 +0200] "GET /ticket2/opencms/system/modules/com.gridnine.opencms.ticketbrokerage.site/resources/pics/bank_2_handelsbanken.png HTTP/1.1" 200 4509
94.191.152.111 - - [19/Jun/2024:00:00:57 +0200] "GET /ticket2/opencms/system/modules/com.gridnine.opencms.ticketbrokerage.site/resources/pics/bank_3_swedbank.png HTTP/1.1" 200 5740
94.191.152.111 - - [19/Jun/2024:00:00:57 +0200] "GET /ticket2/opencms/system/modules/com.gridnine.opencms.ticketbrokerage.site/resources/pics/bank_4_seb.png HTTP/1.1" 200 2487
94.191.152.111 - - [19/Jun/2024:00:00:57 +0200] "GET /ticket2/opencms/system/modules/com.gridnine.opencms.ticketbrokerage.site/resources/pics/bank_5_visa_mastercard.png HTTP/1.1" 200 8196
94.191.152.111 - - [19/Jun/2024:00:00:57 +0200] "GET /ticket2/opencms/system/modules/com.gridnine.opencms.ticketbrokerage.site/resources/pics/bank_6_american_express.png HTTP/1.1" 200 5570
94.191.152.111 - - [19/Jun/2024:00:00:57 +0200] "GET /ticket2/opencms/img/check.png HTTP/1.1" 200 548
94.191.152.111 - - [19/Jun/2024:00:00:57 +0200] "GET /ticket2/opencms/img/mail.png HTTP/1.1" 200 403
94.191.152.111 - - [19/Jun/2024:00:00:57 +0200] "GET /ticket2/opencms/img/arrow.png HTTP/1.1" 200 753
94.191.152.111 - - [19/Jun/2024:00:00:57 +0200] "GET /ticket2/opencms/img/chat.png HTTP/1.1" 200 416
94.191.152.111 - - [19/Jun/2024:00:00:57 +0200] "GET /ticket2/opencms/img/icons/no.png HTTP/1.1" 200 1958
94.191.152.111 - - [19/Jun/2024:00:00:57 +0200] "GET /ticket2/opencms/img/icons/se.png HTTP/1.1" 200 1258
94.191.152.111 - - [19/Jun/2024:00:00:58 +0200] "GET /ticket2/opencms/img/icons/globe-white.png HTTP/1.1" 200 947
94.191.152.111 - - [19/Jun/2024:00:00:58 +0200] "GET /ticket2/opencms/img/icons/fi.png HTTP/1.1" 200 1785
94.191.152.111 - - [19/Jun/2024:00:00:58 +0200] "GET /ticket2/opencms/img/icons/dk.png HTTP/1.1" 200 1706
94.191.152.111 - - [19/Jun/2024:00:00:58 +0200] "GET /ticket2/opencms/img/icons/nl.png HTTP/1.1" 200 1255
94.191.152.111 - - [19/Jun/2024:00:00:58 +0200] "GET /ticket2/opencms/img/icons/de.png HTTP/1.1" 200 1124
94.191.152.111 - - [19/Jun/2024:00:00:58 +0200] "GET /ticket2/opencms/img/icons/fr.png HTTP/1.1" 200 1764
94.191.152.111 - - [19/Jun/2024:00:00:58 +0200] "GET /ticket2/opencms/img/icons/en.png HTTP/1.1" 200 2415
94.191.152.111 - - [19/Jun/2024:00:00:58 +0200] "GET /ticket2/opencms/img/icons/es.png HTTP/1.1" 200 1005
94.191.152.111 - - [19/Jun/2024:00:00:58 +0200] "GET /ticket2/opencms/img/icons/it.png HTTP/1.1" 200 2040
94.191.152.111 - - [19/Jun/2024:00:00:59 +0200] "GET /ticket2/opencms/system/modules/com.gridnine.opencms.ticketbrokerage.site/resources/js/standard.js HTTP/1.1" 200 3978
94.191.152.111 - - [19/Jun/2024:00:00:59 +0200] "GET /ticket2/opencms/favicon.ico HTTP/1.1" 200 1406
188.165.212.137 - - [19/Jun/2024:00:00:59 +0200] "GET /ticket2/opencms/en/venue/?venueid=7F4399DF-09B0-51D6-E82A-35DDE26DDE35 HTTP/1.1" 200 71375
94.191.152.111 - - [19/Jun/2024:00:01:00 +0200] "GET /ticket2/opencms/system/modules/com.gridnine.opencms.ticketbrokerage.site/resources/css/images/ui-bg_flat_75_ffffff_40x100.png HTTP/1.1" 404 -
77.171.209.176 - - [19/Jun/2024:00:01:00 +0200] "GET /ticket2/opencms/nl/buy?page=2&sodvid=65ba18bf-92b0-4ad7-b00a-17750a01000f HTTP/1.1" 200 96223
77.171.209.176 - - [19/Jun/2024:00:01:00 +0200] "GET /ticket2/opencms/system/modules/com.gridnine.opencms.ticketbrokerage.site/resources/css/ticketbrokerage.css HTTP/1.1" 200 39339
77.171.209.176 - - [19/Jun/2024:00:01:00 +0200] "GET /ticket2/opencms/system/modules/com.gridnine.opencms.ticketbrokerage.site/resources/css/calendar.css HTTP/1.1" 200 6871
77.171.209.176 - - [19/Jun/2024:00:01:01 +0200] "GET /ticket2/opencms/system/modules/com.gridnine.opencms.ticketbrokerage.site/resources/js/functions.js HTTP/1.1" 200 1583
77.171.209.176 - - [19/Jun/2024:00:01:01 +0200] "GET /ticket2/opencms/system/modules/com.gridnine.opencms.ticketbrokerage.site/resources/css/standard.css HTTP/1.1" 200 71935
77.171.209.176 - - [19/Jun/2024:00:01:01 +0200] "GET /ticket2/opencms/system/modules/com.gridnine.opencms.ticketbrokerage.site/resources/js/calendar.js HTTP/1.1" 200 49229
77.171.209.176 - - [19/Jun/2024:00:01:01 +0200] "GET /ticket2/opencms/system/modules/com.gridnine.opencms.ticketbrokerage.site/resources/js/calendar-en.js HTTP/1.1" 200 3338
77.171.209.176 - - [19/Jun/2024:00:01:01 +0200] "GET /ticket2/opencms/system/modules/com.gridnine.opencms.ticketbrokerage.site/resources/js/calendar-setup.js HTTP/1.1" 200 4923
77.171.209.176 - - [19/Jun/2024:00:01:01 +0200] "GET /ticket2/opencms/system/modules/com.gridnine.opencms.ticketbrokerage.site/resources/js/standard.js HTTP/1.1" 200 3978
77.171.209.176 - - [19/Jun/2024:00:01:02 +0200] "GET /ticket2/opencms/system/modules/com.gridnine.opencms.ticketbrokerage.site/resources/css/images/ui-bg_flat_75_ffffff_40x100.png HTTP/1.1" 404 -
188.165.212.137 - - [19/Jun/2024:00:01:04 +0200] "GET /ticket2/opencms/en/venue/?venueid=82569560-FA1B-5710-0BCD-EA4E2D8FFED5 HTTP/1.1" 200 71335
77.171.209.176 - - [19/Jun/2024:00:01:06 +0200] "GET /ticket2/opencms/nl/buy/?page=1&edid=FB919A6A-DE02-1353-FDB8-CEDFF340E9B7&hlv=65ba1930-8138-422d-8616-17d10a01000f HTTP/1.1" 200 96851
94.191.152.111 - - [19/Jun/2024:00:01:07 +0200] "GET /ticket2/opencms/sv/buy/?page=1&edid=5C8841EF-C65C-22D8-40C3-FC05B2FF785E HTTP/1.1" 200 121075
94.191.152.111 - - [19/Jun/2024:00:01:07 +0200] "GET /ticket2/opencms/system/modules/com.gridnine.opencms.ticketbrokerage.site/resources/css/calendar.css HTTP/1.1" 200 6871
94.191.152.111 - - [19/Jun/2024:00:01:07 +0200] "GET /ticket2/opencms/system/modules/com.gridnine.opencms.ticketbrokerage.site/resources/css/ticketbrokerage.css HTTP/1.1" 200 39339
94.191.152.111 - - [19/Jun/2024:00:01:07 +0200] "GET /ticket2/opencms/system/modules/com.gridnine.opencms.ticketbrokerage.site/resources/js/functions.js HTTP/1.1" 200 1583
94.191.152.111 - - [19/Jun/2024:00:01:07 +0200] "GET /ticket2/opencms/system/modules/com.gridnine.opencms.ticketbrokerage.site/resources/css/standard.css HTTP/1.1" 200 71935
94.191.152.111 - - [19/Jun/2024:00:01:07 +0200] "GET /ticket2/opencms/system/modules/com.gridnine.opencms.ticketbrokerage.site/resources/js/calendar-en.js HTTP/1.1" 200 3338
94.191.152.111 - - [19/Jun/2024:00:01:07 +0200] "GET /ticket2/opencms/system/modules/com.gridnine.opencms.ticketbrokerage.site/resources/js/calendar-setup.js HTTP/1.1" 200 4923
94.191.152.111 - - [19/Jun/2024:00:01:07 +0200] "GET /ticket2/opencms/system/modules/com.gridnine.opencms.ticketbrokerage.site/resources/js/standard.js HTTP/1.1" 200 3978
94.191.152.111 - - [19/Jun/2024:00:01:07 +0200] "GET /ticket2/opencms/system/modules/com.gridnine.opencms.ticketbrokerage.site/resources/js/calendar.js HTTP/1.1" 200 49229
94.191.152.111 - - [19/Jun/2024:00:01:07 +0200] "GET /ticket2/opencms/venue/Tottanham_Hotspur_Stadium.png HTTP/1.1" 200 43726
94.191.152.111 - - [19/Jun/2024:00:01:07 +0200] "GET /ticket2/opencms/system/modules/com.gridnine.opencms.ticketbrokerage.site/resources/pics/ticket_info_button.png HTTP/1.1" 200 3820
94.191.152.111 - - [19/Jun/2024:00:01:07 +0200] "GET /ticket2/opencms/system/modules/com.gridnine.opencms.ticketbrokerage.site/resources/pics/two_man.png HTTP/1.1" 200 3407
94.191.152.111 - - [19/Jun/2024:00:01:07 +0200] "GET /ticket2/opencms/system/modules/com.gridnine.opencms.ticketbrokerage.site/resources/pics/0.gif HTTP/1.1" 200 43
94.191.152.111 - - [19/Jun/2024:00:01:07 +0200] "GET /ticket2/opencms/sv/ask-form.html HTTP/1.1" 200 2950
94.191.152.111 - - [19/Jun/2024:00:01:07 +0200] "GET /ticket2/opencms/img/arrow-down.png HTTP/1.1" 200 192
94.191.152.111 - - [19/Jun/2024:00:01:07 +0200] "GET /ticket2/opencms/system/modules/com.gridnine.opencms.ticketbrokerage.site/resources/css/images/ui-bg_flat_75_ffffff_40x100.png HTTP/1.1" 404 -
94.191.152.111 - - [19/Jun/2024:00:01:07 +0200] "GET /ticket2/opencms/system/modules/com.gridnine.opencms.ticketbrokerage.site/resources/pics/arrow.gif HTTP/1.1" 200 344
94.191.152.111 - - [19/Jun/2024:00:01:07 +0200] "GET /ticket2/opencms/system/modules/com.gridnine.opencms.ticketbrokerage.site/resources/css/ticketbrokerage.css HTTP/1.1" 200 39339
94.191.152.111 - - [19/Jun/2024:00:01:07 +0200] "GET /ticket2/opencms/system/modules/com.gridnine.opencms.ticketbrokerage.site/resources/pics/form_marker.gif HTTP/1.1" 200 43
216.245.221.83 - - [19/Jun/2024:00:01:08 +0200] "HEAD /ticket2/opencms/ HTTP/1.1" 302 -
188.165.212.137 - - [19/Jun/2024:00:01:11 +0200] "GET /ticket2/opencms/en/venue/?venueid=8297690D-E4E6-1024-2FFF-C5755F6E0B09 HTTP/1.1" 200 71416
216.245.221.83 - - [19/Jun/2024:00:01:14 +0200] "HEAD /ticket2/opencms/en/ HTTP/1.1" 200 -
188.165.212.137 - - [19/Jun/2024:00:01:16 +0200] "GET /ticket2/opencms/en/venue/?venueid=82FB56D9-9B89-D5E4-78CF-E614F920BBA7 HTTP/1.1" 200 71324
188.165.212.137 - - [19/Jun/2024:00:01:24 +0200] "GET /ticket2/opencms/en/venue/?venueid=833EE714-5CC6-404C-2A30-322EF84052D6 HTTP/1.1" 200 71360
188.165.212.137 - - [19/Jun/2024:00:01:31 +0200] "GET /ticket2/opencms/en/venue/?venueid=83B8B6B9-A2B4-D4CB-2D8F-CE8D0CB4BEF2 HTTP/1.1" 200 71327
37.123.143.245 - - [19/Jun/2024:00:01:35 +0200] "GET /ticket2/opencms/system/workplace/views/top_foot.jsp?wpFrame=foot HTTP/1.1" 200 1211
37.123.143.245 - - [19/Jun/2024:00:01:35 +0200] "GET /ticket2/opencms/system/workplace/commons/style/workplace.css HTTP/1.1" 200 14209
188.165.212.137 - - [19/Jun/2024:00:01:39 +0200] "GET /ticket2/opencms/en/venue/?venueid=83D2FCB9-12EF-B122-826C-DC04BB1922D3 HTTP/1.1" 200 71330
188.165.212.137 - - [19/Jun/2024:00:01:46 +0200] "GET /ticket2/opencms/en/venue/?venueid=83EBCF96-D843-3E0D-987B-C586316FD2AC HTTP/1.1" 200 71472
188.165.212.137 - - [19/Jun/2024:00:01:51 +0200] "GET /ticket2/opencms/en/venue/?venueid=842722E9-5FE1-5D36-B4BC-7C6A76B1894C HTTP/1.1" 200 71369
85.208.96.204 - - [19/Jun/2024:00:01:51 +0200] "GET /ticket2/opencms/nl/sport/voetbal-tickets/la_liga/almeria/ HTTP/1.1" 200 71694
188.165.212.137 - - [19/Jun/2024:00:02:00 +0200] "GET /ticket2/opencms/en/venue/?venueid=86DEA7DE-EC8B-6F7F-4E07-89780910ACCD HTTP/1.1" 200 71350
114.119.132.248 - - [19/Jun/2024:00:02:04 +0200] "GET /ticket2/opencms/en/buy/?page=1&edid=764956C3-CEDA-A514-1224-5FE89F02C437 HTTP/1.1" 200 86760
188.165.212.137 - - [19/Jun/2024:00:02:07 +0200] "GET /ticket2/opencms/en/venue/?venueid=874CBB36-B0FB-2810-94F3-827DF6CD2D19 HTTP/1.1" 200 71368
188.165.212.137 - - [19/Jun/2024:00:02:18 +0200] "GET /ticket2/opencms/en/venue/?venueid=8753D9BE-AD84-FD44-C557-0BEF8FD830B3 HTTP/1.1" 200 71381
188.165.212.137 - - [19/Jun/2024:00:02:24 +0200] "GET /ticket2/opencms/en/venue/?venueid=879967C0-57AE-A0D6-80DD-31C312C0E736 HTTP/1.1" 200 71335
188.165.212.137 - - [19/Jun/2024:00:02:29 +0200] "GET /ticket2/opencms/en/venue/?venueid=879B0F51-C151-32AF-3491-072EFA33AFCB HTTP/1.1" 200 71309
188.165.212.137 - - [19/Jun/2024:00:02:36 +0200] "GET /ticket2/opencms/en/venue/?venueid=8873E817-852C-7B3A-DC3B-7014498C6FBC HTTP/1.1" 200 71348
188.165.212.137 - - [19/Jun/2024:00:02:44 +0200] "GET /ticket2/opencms/en/venue/?venueid=88C3766A-DDEA-8940-EB5A-0950A80A0781 HTTP/1.1" 200 71402
188.165.212.137 - - [19/Jun/2024:00:02:50 +0200] "GET /ticket2/opencms/en/venue/?venueid=88F7BD42-D802-9204-CAB7-CFC868488AC2 HTTP/1.1" 200 71314
66.249.77.166 - - [19/Jun/2024:00:02:51 +0200] "GET /ticket2/opencms/no/sport/fotballsbilletter/premier_league/ HTTP/1.1" 200 80512
188.165.212.137 - - [19/Jun/2024:00:02:57 +0200] "GET /ticket2/opencms/en/venue/?venueid=89495595-3833-25EC-3C64-30EAE6238716 HTTP/1.1" 200 71402
85.208.96.193 - - [19/Jun/2024:00:03:01 +0200] "GET /ticket2/opencms/dk/sport/fodboldbilletter/bundesliga/leipzig/ HTTP/1.1" 200 72012
188.165.212.137 - - [19/Jun/2024:00:03:04 +0200] "GET /ticket2/opencms/en/venue/?venueid=9EB8E447-E55D-1868-BABC-F174667BAE9B HTTP/1.1" 200 71447
188.165.212.137 - - [19/Jun/2024:00:03:11 +0200] "GET /ticket2/opencms/en/venue/?venueid=9ED0D9BA-6B8E-0C0A-4F60-98392338DEDE HTTP/1.1" 200 71333
188.165.212.137 - - [19/Jun/2024:00:03:17 +0200] "GET /ticket2/opencms/en/venue/?venueid=9F527521-42A0-A302-0BE9-10280D75A460 HTTP/1.1" 200 71377
101.47.0.8 - - [19/Jun/2024:00:03:17 +0200] "HEAD /ticket2/opencms/system/modules/com.gridnine.opencms.ticketbrokerage.site/resources/pics/banners/barcelona.png HTTP/1.1" 200 -
101.47.0.8 - - [19/Jun/2024:00:03:18 +0200] "GET /ticket2/opencms/system/modules/com.gridnine.opencms.ticketbrokerage.site/resources/pics/banners/barcelona.png HTTP/1.1" 200 68877
188.165.212.137 - - [19/Jun/2024:00:03:24 +0200] "GET /ticket2/opencms/en/venue/?venueid=9FC61706-691B-2FC8-2F9C-0FE72518174E HTTP/1.1" 200 71339
114.119.132.248 - - [19/Jun/2024:00:03:27 +0200] "GET /ticket2/opencms/en/sell/?edid=852C243C-0657-37E4-78E8-335FF04A603E HTTP/1.1" 302 -
188.165.212.137 - - [19/Jun/2024:00:03:29 +0200] "GET /ticket2/opencms/en/venue/?venueid=9FD9B5FE-D2EF-11EF-6057-BEC9DC67548F HTTP/1.1" 200 71342
114.119.132.248 - - [19/Jun/2024:00:03:31 +0200] "GET /ticket2/opencms/en/login/?url=/en/sell/ HTTP/1.1" 200 73431
188.165.212.137 - - [19/Jun/2024:00:03:37 +0200] "GET /ticket2/opencms/en/venue/?venueid=A003754C-3E1C-9E13-64E9-6F827A08D00B HTTP/1.1" 200 71323
188.165.212.137 - - [19/Jun/2024:00:03:45 +0200] "GET /ticket2/opencms/en/venue/?venueid=A0215E07-B078-8AA5-6DA4-5B2EADC61CED HTTP/1.1" 200 71866
85.208.96.209 - - [19/Jun/2024:00:03:51 +0200] "GET /ticket2/opencms/robots.txt HTTP/1.1" 200 773
185.191.171.17 - - [19/Jun/2024:00:03:52 +0200] "GET /ticket2/opencms/no/sport/fotballsbilletter/serie_a/milan/ HTTP/1.1" 200 74904
66.249.77.78 - - [19/Jun/2024:00:03:53 +0200] "GET /ticket2/opencms/fi/buy/?comcatid=A17713B6-D984-201A-4143-ED4DB5ED5C2E&catid=3A7AEA37-903D-9533-4B33-21B0001FF1D1 HTTP/1.1" 200 83451
188.165.212.137 - - [19/Jun/2024:00:03:54 +0200] "GET /ticket2/opencms/en/venue/?venueid=A0B35C83-269D-8EEE-39B8-9C45CBF0DD7B HTTP/1.1" 200 71356
188.165.212.137 - - [19/Jun/2024:00:03:59 +0200] "GET /ticket2/opencms/en/venue/?venueid=A10EDB7A-AE65-48DB-7BBA-11F942FFE69D HTTP/1.1" 200 71333
188.165.212.137 - - [19/Jun/2024:00:04:04 +0200] "GET /ticket2/opencms/en/venue/?venueid=A1DCFF7A-004F-A254-D8BE-ACF650D39AEF HTTP/1.1" 200 71342
216.245.221.83 - - [19/Jun/2024:00:04:11 +0200] "HEAD /ticket2/opencms/ HTTP/1.1" 302 -
216.245.221.83 - - [19/Jun/2024:00:04:11 +0200] "HEAD /ticket2/opencms/en/ HTTP/1.1" 200 -
188.165.212.137 - - [19/Jun/2024:00:04:11 +0200] "GET /ticket2/opencms/en/venue/?venueid=A2304C12-61B2-7435-B7FE-9A2EC7393267 HTTP/1.1" 200 71357
188.165.212.137 - - [19/Jun/2024:00:04:18 +0200] "GET /ticket2/opencms/en/venue/?venueid=C31E5819-00A1-AFA0-208F-0A3EF9D0F0D5 HTTP/1.1" 200 71321
40.77.167.50 - - [19/Jun/2024:00:04:21 +0200] "GET /ticket2/opencms/no/search.html?searchQuery=2024 HTTP/1.1" 200 92936
66.249.75.42 - - [19/Jun/2024:00:04:22 +0200] "GET /ticket2/opencms/ HTTP/1.1" 302 -
188.165.212.137 - - [19/Jun/2024:00:04:23 +0200] "GET /ticket2/opencms/en/venue/?venueid=C38732EA-BD5E-1623-DC42-554FD22C8388 HTTP/1.1" 200 71327
188.165.212.137 - - [19/Jun/2024:00:04:27 +0200] "GET /ticket2/opencms/en/venue/?venueid=C387AD1E-8341-4DE7-9049-670C5BDC9192 HTTP/1.1" 200 71404
66.249.75.42 - - [19/Jun/2024:00:04:29 +0200] "GET /ticket2/opencms/sv/ HTTP/1.1" 200 111148
188.165.212.137 - - [19/Jun/2024:00:04:34 +0200] "GET /ticket2/opencms/en/venue/?venueid=C451DC03-0E39-FBBE-F2A3-D7577086F5D7 HTTP/1.1" 200 71317
188.165.212.137 - - [19/Jun/2024:00:04:40 +0200] "GET /ticket2/opencms/en/venue/?venueid=C45DD2E8-ABDE-6F3B-951D-04563CE4C5B2 HTTP/1.1" 200 71330
188.165.212.137 - - [19/Jun/2024:00:04:45 +0200] "GET /ticket2/opencms/en/venue/?venueid=C517FF86-D6DC-504E-2694-757DC653B6AB HTTP/1.1" 200 71369
114.119.148.108 - - [19/Jun/2024:00:04:49 +0200] "GET /ticket2/opencms/en/sell/?edid=9281054C-8970-84EC-4079-0C8BCDDBCAD4 HTTP/1.1" 302 -
188.165.212.137 - - [19/Jun/2024:00:04:52 +0200] "GET /ticket2/opencms/en/venue/?venueid=C5443748-FE6D-78AE-9835-D6BA076EAF8D HTTP/1.1" 200 71401
114.119.148.108 - - [19/Jun/2024:00:04:54 +0200] "GET /ticket2/opencms/en/login/?url=/en/sell/ HTTP/1.1" 200 73431
66.249.77.64 - - [19/Jun/2024:00:04:54 +0200] "GET /ticket2/opencms/no/buy/?comcatid=A17713B6-D984-201A-4143-ED4DB5ED5C2E&catid=88C381AD-5D76-A34D-AC15-A7129F8EF5BE HTTP/1.1" 200 83081
185.191.171.6 - - [19/Jun/2024:00:04:56 +0200] "GET /ticket2/opencms/sv/sport/fotbollsbiljetter/la_liga/valencia/ HTTP/1.1" 200 72765
188.165.212.137 - - [19/Jun/2024:00:05:03 +0200] "GET /ticket2/opencms/en/venue/?venueid=C5834F34-3BBB-2A93-0E8E-D95E38C86A64 HTTP/1.1" 200 71380
188.165.212.137 - - [19/Jun/2024:00:05:07 +0200] "GET /ticket2/opencms/en/venue/?venueid=C5ECFCEA-0E2D-B1CB-394F-86A70BD3B6F9 HTTP/1.1" 200 71394
188.165.212.137 - - [19/Jun/2024:00:05:18 +0200] "GET /ticket2/opencms/en/venue/?venueid=C6D8F33E-E17F-AB76-DAA0-0AEF57419F32 HTTP/1.1" 200 71475
172.203.162.179 - - [19/Jun/2024:00:05:20 +0200] "GET /ticket2/opencms/system/modules/com.gridnine.opencms.ticketbrokerage.site/resources/pics/bank_3_swedbank.png HTTP/1.1" 200 5740
188.165.212.137 - - [19/Jun/2024:00:05:23 +0200] "GET /ticket2/opencms/en/venue/?venueid=C739F0C3-3AC2-C330-A99C-F40369E33E70 HTTP/1.1" 200 71342
188.165.215.206 - - [19/Jun/2024:00:05:23 +0200] "GET /ticket2/opencms/robots.txt HTTP/1.1" 200 773
185.191.171.18 - - [19/Jun/2024:00:05:32 +0200] "GET /ticket2/opencms/robots.txt HTTP/1.1" 200 773
185.191.171.16 - - [19/Jun/2024:00:05:33 +0200] "GET /ticket2/opencms/nl/sport/voetbal-tickets/bundesliga/ HTTP/1.1" 200 77105
188.165.212.137 - - [19/Jun/2024:00:05:33 +0200] "GET /ticket2/opencms/en/venue/?venueid=C73E0DCE-5592-ED9B-E2AF-FE9E3C67E821 HTTP/1.1" 200 71344
188.165.212.137 - - [19/Jun/2024:00:05:40 +0200] "GET /ticket2/opencms/en/venue/?venueid=C7742FBF-52AC-AE6B-D02B-68464EB70BEB HTTP/1.1" 200 71344
188.165.215.206 - - [19/Jun/2024:00:05:42 +0200] "GET /ticket2/opencms/en/buy/?page=1&edid=529D645D-E454-0A79-EC53-E61958917FA4&sortorder=asc&column=price HTTP/1.1" 200 88058
188.165.212.137 - - [19/Jun/2024:00:05:45 +0200] "GET /ticket2/opencms/en/venue/?venueid=C78858BB-8329-647A-A73A-0B2A266EBDBF HTTP/1.1" 200 71315
188.165.212.137 - - [19/Jun/2024:00:05:49 +0200] "GET /ticket2/opencms/en/venue/?venueid=C79DDB7B-2402-2CE0-0C28-4601203762A8 HTTP/1.1" 200 71360
188.165.212.137 - - [19/Jun/2024:00:05:54 +0200] "GET /ticket2/opencms/en/venue/?venueid=C7A7462C-2B0C-4E5D-7720-7F0308C8B04B HTTP/1.1" 200 71338
85.208.96.200 - - [19/Jun/2024:00:05:55 +0200] "GET /ticket2/opencms/en/sport/football-tickets/la-liga/mallorca/ HTTP/1.1" 200 72705
66.249.77.78 - - [19/Jun/2024:00:05:56 +0200] "GET /ticket2/opencms/no/buy/?comcatid=A17713B6-D984-201A-4143-ED4DB5ED5C2E&catid=7ACC33AD-EE7E-AAA7-9050-0F4587759B87 HTTP/1.1" 200 83082
188.165.215.206 - - [19/Jun/2024:00:05:59 +0200] "GET /ticket2/opencms/en/buy/?page=1&edid=529D645D-E454-0A79-EC53-E61958917FA4&sortorder=asc&column=row HTTP/1.1" 200 88058
188.165.212.137 - - [19/Jun/2024:00:05:59 +0200] "GET /ticket2/opencms/en/venue/?venueid=C7AA5792-84B6-B218-74FE-1EF0121317B1 HTTP/1.1" 200 71339
188.165.212.137 - - [19/Jun/2024:00:06:03 +0200] "GET /ticket2/opencms/en/venue/?venueid=C8425D67-5AD6-9381-B10D-8009E1B47C0D HTTP/1.1" 200 71333
216.245.221.83 - - [19/Jun/2024:00:06:08 +0200] "HEAD /ticket2/opencms/ HTTP/1.1" 302 -
188.165.212.137 - - [19/Jun/2024:00:06:08 +0200] "GET /ticket2/opencms/en/venue/?venueid=C895C98D-A877-A846-0D41-8B19B93F577D HTTP/1.1" 200 71353
82.169.87.86 - - [19/Jun/2024:00:06:10 +0200] "GET /ticket2/opencms/set_aff_cookie.jsp?partner=53673ED6-1455-FA54-818F-B1F67121E37C&url=/nl/buy/index.html%3Fpage%3D1%26edid%3DFB919A6A-DE02-1353-FDB8-CEDFF340E9B7%26hlv%3D65ba1930-8138-422d-8616-17d10a01000f%23v1090073965 HTTP/1.1" 200 225
82.169.87.86 - - [19/Jun/2024:00:06:10 +0200] "GET /ticket2/opencms/nl/buy/?page=1&edid=FB919A6A-DE02-1353-FDB8-CEDFF340E9B7&hlv=65ba1930-8138-422d-8616-17d10a01000f HTTP/1.1" 200 96851
82.169.87.86 - - [19/Jun/2024:00:06:10 +0200] "GET /ticket2/opencms/system/modules/com.gridnine.opencms.ticketbrokerage.site/resources/css/ticketbrokerage.css HTTP/1.1" 200 39339
82.169.87.86 - - [19/Jun/2024:00:06:11 +0200] "GET /ticket2/opencms/system/modules/com.gridnine.opencms.ticketbrokerage.site/resources/css/calendar.css HTTP/1.1" 200 6871
82.169.87.86 - - [19/Jun/2024:00:06:11 +0200] "GET /ticket2/opencms/system/modules/com.gridnine.opencms.ticketbrokerage.site/resources/css/jquery-ui.css HTTP/1.1" 200 33221
82.169.87.86 - - [19/Jun/2024:00:06:11 +0200] "GET /ticket2/opencms/system/modules/com.gridnine.opencms.ticketbrokerage.site/resources/css/standard.css HTTP/1.1" 200 71935
82.169.87.86 - - [19/Jun/2024:00:06:11 +0200] "GET /ticket2/opencms/system/modules/com.gridnine.opencms.ticketbrokerage.site/resources/css/jquery.fancybox.css HTTP/1.1" 200 4939
82.169.87.86 - - [19/Jun/2024:00:06:11 +0200] "GET /ticket2/opencms/system/modules/com.gridnine.opencms.ticketbrokerage.site/resources/js/jquery/jquery.js HTTP/1.1" 200 93868
82.169.87.86 - - [19/Jun/2024:00:06:11 +0200] "GET /ticket2/opencms/system/modules/com.gridnine.opencms.ticketbrokerage.site/resources/js/functions.js HTTP/1.1" 200 1583
82.169.87.86 - - [19/Jun/2024:00:06:11 +0200] "GET /ticket2/opencms/system/modules/com.gridnine.opencms.ticketbrokerage.site/resources/js/calendar.js HTTP/1.1" 200 49229
82.169.87.86 - - [19/Jun/2024:00:06:11 +0200] "GET /ticket2/opencms/system/modules/com.gridnine.opencms.ticketbrokerage.site/resources/js/jquery/jquery-ui.js HTTP/1.1" 200 228088
82.169.87.86 - - [19/Jun/2024:00:06:11 +0200] "GET /ticket2/opencms/system/modules/com.gridnine.opencms.ticketbrokerage.site/resources/js/calendar-en.js HTTP/1.1" 200 3338
82.169.87.86 - - [19/Jun/2024:00:06:11 +0200] "GET /ticket2/opencms/system/modules/com.gridnine.opencms.ticketbrokerage.site/resources/js/calendar-setup.js HTTP/1.1" 200 4923
82.169.87.86 - - [19/Jun/2024:00:06:11 +0200] "GET /ticket2/opencms/system/modules/com.gridnine.opencms.ticketbrokerage.site/resources/js/jquery.fancybox.pack.js HTTP/1.1" 200 23187
82.169.87.86 - - [19/Jun/2024:00:06:11 +0200] "GET /ticket2/opencms/system/modules/com.gridnine.opencms.ticketbrokerage.site/resources/js/stickyfill.min.js HTTP/1.1" 200 5672
82.169.87.86 - - [19/Jun/2024:00:06:11 +0200] "GET /ticket2/opencms/system/modules/com.gridnine.opencms.ticketbrokerage.site/resources/js/jquery.placeholder.min.js HTTP/1.1" 200 1737
82.169.87.86 - - [19/Jun/2024:00:06:11 +0200] "GET /ticket2/opencms/system/modules/com.gridnine.opencms.ticketbrokerage.site/resources/js/common-ajax.js HTTP/1.1" 200 20175
82.169.87.86 - - [19/Jun/2024:00:06:11 +0200] "GET /ticket2/opencms/system/modules/com.gridnine.opencms.ticketbrokerage.site/resources/js/standard.js HTTP/1.1" 200 3978
82.169.87.86 - - [19/Jun/2024:00:06:11 +0200] "GET /ticket2/opencms/img/fb.png HTTP/1.1" 200 1269
82.169.87.86 - - [19/Jun/2024:00:06:11 +0200] "GET /ticket2/opencms/img/insta.png HTTP/1.1" 200 3967
82.169.87.86 - - [19/Jun/2024:00:06:11 +0200] "GET /ticket2/opencms/system/modules/com.gridnine.opencms.ticketbrokerage.site/resources/pics/logo-new.png HTTP/1.1" 200 13541
82.169.87.86 - - [19/Jun/2024:00:06:11 +0200] "GET /ticket2/opencms/system/modules/com.gridnine.opencms.ticketbrokerage.site/resources/pics/two_man.png HTTP/1.1" 200 3407
82.169.87.86 - - [19/Jun/2024:00:06:11 +0200] "GET /ticket2/opencms/system/modules/com.gridnine.opencms.ticketbrokerage.site/resources/pics/0.gif HTTP/1.1" 200 43
82.169.87.86 - - [19/Jun/2024:00:06:11 +0200] "GET /ticket2/opencms/venue/signal_iduna_park.jpg HTTP/1.1" 200 12842
82.169.87.86 - - [19/Jun/2024:00:06:11 +0200] "GET /ticket2/opencms/system/modules/com.gridnine.opencms.ticketbrokerage.site/resources/pics/ticket_info_button.png HTTP/1.1" 200 3820
82.169.87.86 - - [19/Jun/2024:00:06:11 +0200] "GET /ticket2/opencms/img/arrow-down.png HTTP/1.1" 200 192
82.169.87.86 - - [19/Jun/2024:00:06:11 +0200] "GET /ticket2/opencms/system/modules/com.gridnine.opencms.ticketbrokerage.site/resources/pics/bank_1_nordea.png HTTP/1.1" 200 4807
82.169.87.86 - - [19/Jun/2024:00:06:11 +0200] "GET /ticket2/opencms/system/modules/com.gridnine.opencms.ticketbrokerage.site/resources/pics/bank_2_handelsbanken.png HTTP/1.1" 200 4509
82.169.87.86 - - [19/Jun/2024:00:06:11 +0200] "GET /ticket2/opencms/system/modules/com.gridnine.opencms.ticketbrokerage.site/resources/pics/bank_3_swedbank.png HTTP/1.1" 200 5740
82.169.87.86 - - [19/Jun/2024:00:06:11 +0200] "GET /ticket2/opencms/nl/ask-form.html HTTP/1.1" 200 3015
82.169.87.86 - - [19/Jun/2024:00:06:11 +0200] "GET /ticket2/opencms/system/modules/com.gridnine.opencms.ticketbrokerage.site/resources/pics/bank_4_seb.png HTTP/1.1" 200 2487
82.169.87.86 - - [19/Jun/2024:00:06:11 +0200] "GET /ticket2/opencms/img/icons/globe-white.png HTTP/1.1" 200 947
82.169.87.86 - - [19/Jun/2024:00:06:11 +0200] "GET /ticket2/opencms/img/icons/se.png HTTP/1.1" 200 1258
82.169.87.86 - - [19/Jun/2024:00:06:11 +0200] "GET /ticket2/opencms/img/check.png HTTP/1.1" 200 548
82.169.87.86 - - [19/Jun/2024:00:06:11 +0200] "GET /ticket2/opencms/system/modules/com.gridnine.opencms.ticketbrokerage.site/resources/pics/bank_6_american_express.png HTTP/1.1" 200 5570
82.169.87.86 - - [19/Jun/2024:00:06:11 +0200] "GET /ticket2/opencms/system/modules/com.gridnine.opencms.ticketbrokerage.site/resources/pics/bank_5_visa_mastercard.png HTTP/1.1" 200 8196
82.169.87.86 - - [19/Jun/2024:00:06:11 +0200] "GET /ticket2/opencms/img/mail.png HTTP/1.1" 200 403
82.169.87.86 - - [19/Jun/2024:00:06:11 +0200] "GET /ticket2/opencms/system/modules/com.gridnine.opencms.ticketbrokerage.site/resources/css/ticketbrokerage.css HTTP/1.1" 200 39339
82.169.87.86 - - [19/Jun/2024:00:06:11 +0200] "GET /ticket2/opencms/img/chat.png HTTP/1.1" 200 416
82.169.87.86 - - [19/Jun/2024:00:06:11 +0200] "GET /ticket2/opencms/system/modules/com.gridnine.opencms.ticketbrokerage.site/resources/pics/form_marker.gif HTTP/1.1" 200 43
82.169.87.86 - - [19/Jun/2024:00:06:11 +0200] "GET /ticket2/opencms/img/arrow.png HTTP/1.1" 200 753
82.169.87.86 - - [19/Jun/2024:00:06:11 +0200] "GET /ticket2/opencms/system/modules/com.gridnine.opencms.ticketbrokerage.site/resources/pics/arrow.gif HTTP/1.1" 200 344
82.169.87.86 - - [19/Jun/2024:00:06:12 +0200] "GET /ticket2/opencms/img/icons/dk.png HTTP/1.1" 200 1706
82.169.87.86 - - [19/Jun/2024:00:06:12 +0200] "GET /ticket2/opencms/img/icons/no.png HTTP/1.1" 200 1958
82.169.87.86 - - [19/Jun/2024:00:06:12 +0200] "GET /ticket2/opencms/img/icons/fi.png HTTP/1.1" 200 1785
82.169.87.86 - - [19/Jun/2024:00:06:12 +0200] "GET /ticket2/opencms/img/icons/nl.png HTTP/1.1" 200 1255
82.169.87.86 - - [19/Jun/2024:00:06:12 +0200] "GET /ticket2/opencms/img/icons/de.png HTTP/1.1" 200 1124
82.169.87.86 - - [19/Jun/2024:00:06:12 +0200] "GET /ticket2/opencms/img/icons/fr.png HTTP/1.1" 200 1764
82.169.87.86 - - [19/Jun/2024:00:06:12 +0200] "GET /ticket2/opencms/img/icons/es.png HTTP/1.1" 200 1005
82.169.87.86 - - [19/Jun/2024:00:06:12 +0200] "GET /ticket2/opencms/img/icons/it.png HTTP/1.1" 200 2040
82.169.87.86 - - [19/Jun/2024:00:06:12 +0200] "GET /ticket2/opencms/img/icons/en.png HTTP/1.1" 200 2415
82.169.87.86 - - [19/Jun/2024:00:06:12 +0200] "GET /ticket2/opencms/favicon.ico HTTP/1.1" 200 1406
82.169.87.86 - - [19/Jun/2024:00:06:12 +0200] "GET /ticket2/opencms/system/modules/com.gridnine.opencms.ticketbrokerage.site/resources/js/standard.js HTTP/1.1" 200 3978
188.165.212.137 - - [19/Jun/2024:00:06:13 +0200] "GET /ticket2/opencms/en/venue/?venueid=C897D480-9FC2-C3FB-538C-8F78F6DAA600 HTTP/1.1" 200 71469
82.169.87.86 - - [19/Jun/2024:00:06:13 +0200] "GET /ticket2/opencms/system/modules/com.gridnine.opencms.ticketbrokerage.site/resources/css/images/ui-bg_flat_75_ffffff_40x100.png HTTP/1.1" 404 -
114.119.129.235 - - [19/Jun/2024:00:06:15 +0200] "GET /ticket2/opencms/en/buy/?page=1&edid=FE2C3AD3-C9D9-1D67-BCBA-0F56418B4D62 HTTP/1.1" 200 88261
216.245.221.83 - - [19/Jun/2024:00:06:15 +0200] "HEAD /ticket2/opencms/en/ HTTP/1.1" 200 -
188.165.212.137 - - [19/Jun/2024:00:06:17 +0200] "GET /ticket2/opencms/en/venue/?venueid=C948C20F-6B80-6163-4A1E-DA4F8CD35A04 HTTP/1.1" 200 71333
188.165.215.206 - - [19/Jun/2024:00:06:17 +0200] "GET /ticket2/opencms/en/buy/?page=1&edid=529D645D-E454-0A79-EC53-E61958917FA4&sortorder=asc&column=section HTTP/1.1" 200 88058
188.165.212.137 - - [19/Jun/2024:00:06:23 +0200] "GET /ticket2/opencms/en/venue/?venueid=C9FA908E-844D-34B9-709F-9C6F649F6B00 HTTP/1.1" 200 71439
188.165.212.137 - - [19/Jun/2024:00:06:28 +0200] "GET /ticket2/opencms/en/venue/?venueid=CA2773F8-740F-6352-4AEF-6499F28E0684 HTTP/1.1" 200 71336
188.165.212.137 - - [19/Jun/2024:00:06:32 +0200] "GET /ticket2/opencms/en/venue/?venueid=CA49AB1D-436E-22F2-9DD7-D243FFB8DE30 HTTP/1.1" 200 71356
37.123.143.245 - - [19/Jun/2024:00:06:35 +0200] "GET /ticket2/opencms/system/workplace/views/top_foot.jsp?wpFrame=foot HTTP/1.1" 200 1211
37.123.143.245 - - [19/Jun/2024:00:06:35 +0200] "GET /ticket2/opencms/system/workplace/commons/style/workplace.css HTTP/1.1" 200 14209
188.165.212.137 - - [19/Jun/2024:00:06:39 +0200] "GET /ticket2/opencms/en/venue/?venueid=CBCA4CA4-CBC4-330E-5D1E-6AD93EA9F82A HTTP/1.1" 200 71403
188.165.215.206 - - [19/Jun/2024:00:06:41 +0200] "GET /ticket2/opencms/en/buy/?page=1&edid=53E45983-CD38-167B-CB85-BCE8E68486E1&sortorder=asc&column=price HTTP/1.1" 200 87728
188.165.212.137 - - [19/Jun/2024:00:06:45 +0200] "GET /ticket2/opencms/en/venue/?venueid=CBFE8A4E-C585-9190-3329-E41131A827AB HTTP/1.1" 200 71378
188.165.212.137 - - [19/Jun/2024:00:06:52 +0200] "GET /ticket2/opencms/en/venue/?venueid=CC4FD98A-C25D-6CAC-C1D7-2EA904ADF809 HTTP/1.1" 200 71354
188.165.212.137 - - [19/Jun/2024:00:06:57 +0200] "GET /ticket2/opencms/en/venue/?venueid=CC8EBEE0-20C4-450E-B0B6-DECB88FE890B HTTP/1.1" 200 71369
66.249.77.64 - - [19/Jun/2024:00:06:58 +0200] "GET /ticket2/opencms/fi/buy/?page=10&eventid=E31CD708-FD95-F485-CDCC-6597CCC5D7AD&column= HTTP/1.1" 200 74405
188.165.212.137 - - [19/Jun/2024:00:07:04 +0200] "GET /ticket2/opencms/en/venue/?venueid=CC9A440E-B464-CC4E-06EE-F66092FB8CD7 HTTP/1.1" 200 71327
188.165.215.206 - - [19/Jun/2024:00:07:04 +0200] "GET /ticket2/opencms/en/buy/?page=1&edid=53E45983-CD38-167B-CB85-BCE8E68486E1&sortorder=asc&column=row HTTP/1.1" 200 87728
188.165.212.137 - - [19/Jun/2024:00:07:09 +0200] "GET /ticket2/opencms/en/venue/?venueid=CE4FED53-6E30-BE8F-19FA-6C86D6E41D34 HTTP/1.1" 200 71350
188.165.212.137 - - [19/Jun/2024:00:07:15 +0200] "GET /ticket2/opencms/en/venue/?venueid=CE9D8961-29AD-A9EB-5F2E-605FBF8DDA52 HTTP/1.1" 200 71354
188.165.212.137 - - [19/Jun/2024:00:07:21 +0200] "GET /ticket2/opencms/en/venue/?venueid=CEBAC815-5D1D-DBE9-245F-8746AEBA6E09 HTTP/1.1" 200 71372
85.208.96.207 - - [19/Jun/2024:00:07:22 +0200] "GET /ticket2/opencms/nl/sport/ijshockeytickets/ HTTP/1.1" 200 69880
188.165.215.206 - - [19/Jun/2024:00:07:24 +0200] "GET /ticket2/opencms/en/buy/?page=1&edid=53E45983-CD38-167B-CB85-BCE8E68486E1&sortorder=asc&column=section HTTP/1.1" 200 87728
188.165.212.137 - - [19/Jun/2024:00:07:27 +0200] "GET /ticket2/opencms/en/venue/?venueid=CF199113-9939-2152-B2AE-8CCA2EF584FF HTTP/1.1" 200 71336
188.165.212.137 - - [19/Jun/2024:00:07:32 +0200] "GET /ticket2/opencms/en/venue/?venueid=CF4F6857-3656-68CA-213F-13DFDEA6A33E HTTP/1.1" 200 71341
114.119.140.175 - - [19/Jun/2024:00:07:38 +0200] "GET /ticket2/opencms/en/buy/?page=1&edid=667B40D0-B0B8-2439-1720-60C4CBE93003 HTTP/1.1" 200 85199
188.165.212.137 - - [19/Jun/2024:00:07:38 +0200] "GET /ticket2/opencms/en/venue/?venueid=CF8BB779-4BC6-8B01-D4A8-0A2A545FA9DD HTTP/1.1" 200 71357
188.165.212.137 - - [19/Jun/2024:00:07:43 +0200] "GET /ticket2/opencms/en/venue/?venueid=CF91071C-3412-BA8E-033B-F6FD610B69D5 HTTP/1.1" 200 71366
188.165.215.206 - - [19/Jun/2024:00:07:44 +0200] "GET /ticket2/opencms/en/buy/?page=1&edid=53F1C9A8-2D1D-3189-618A-5E7F1C0716CF&sortorder=asc&column=price HTTP/1.1" 200 86754
66.249.72.230 - - [19/Jun/2024:00:07:44 +0200] "GET /ticket2/opencms/venue/sao_paolo_napoli.png HTTP/1.1" 200 38822
85.208.96.195 - - [19/Jun/2024:00:07:49 +0200] "GET /ticket2/opencms/de/magazine/article?title=uber-den-fussballverein-liverpool-fc HTTP/1.1" 200 76393
188.165.212.137 - - [19/Jun/2024:00:07:51 +0200] "GET /ticket2/opencms/en/venue/?venueid=D04DA2B1-F40A-DB32-0B82-87293ED21BA3 HTTP/1.1" 200 71354
188.165.212.137 - - [19/Jun/2024:00:07:55 +0200] "GET /ticket2/opencms/en/venue/?venueid=D0F17778-E0A6-1370-8553-524BD9DBB22F HTTP/1.1" 200 71380
188.165.215.206 - - [19/Jun/2024:00:07:58 +0200] "GET /ticket2/opencms/en/buy/?page=1&edid=53F1C9A8-2D1D-3189-618A-5E7F1C0716CF&sortorder=asc&column=row HTTP/1.1" 200 86754
188.165.212.137 - - [19/Jun/2024:00:08:01 +0200] "GET /ticket2/opencms/en/venue/?venueid=D10220DB-AAF6-E84A-D2D4-5A9FE554E837 HTTP/1.1" 200 71360
188.165.212.137 - - [19/Jun/2024:00:08:06 +0200] "GET /ticket2/opencms/en/venue/?venueid=D178ABDF-6A2C-BDD5-DC03-AE8E4C0C9952 HTTP/1.1" 200 71336
188.165.212.137 - - [19/Jun/2024:00:08:14 +0200] "GET /ticket2/opencms/en/venue/?venueid=D18D6787-79C9-168D-043E-699F3EFDABDE HTTP/1.1" 200 71333
188.165.212.137 - - [19/Jun/2024:00:08:19 +0200] "GET /ticket2/opencms/en/venue/?venueid=D198E605-58F6-945B-9B95-FBB903185288 HTTP/1.1" 200 71336
85.208.96.195 - - [19/Jun/2024:00:08:20 +0200] "GET /ticket2/opencms/sv/konsertbiljetter/marcus_och_martinus/ HTTP/1.1" 200 72834
188.165.215.206 - - [19/Jun/2024:00:08:23 +0200] "GET /ticket2/opencms/en/buy/?page=1&edid=53F1C9A8-2D1D-3189-618A-5E7F1C0716CF&sortorder=asc&column=section HTTP/1.1" 200 86754
93.163.41.238 - - [19/Jun/2024:00:08:24 +0200] "GET /ticket2/opencms/dk/buy/?page=1&edid=8D7E4EA3-ED35-1CF7-A7BE-8DD27899E495&hlv=65ba1071-f1f0-4e3a-9a61-118f0a01000f HTTP/1.1" 200 97021
93.163.41.238 - - [19/Jun/2024:00:08:24 +0200] "GET /ticket2/opencms/system/modules/com.gridnine.opencms.ticketbrokerage.site/resources/css/images/ui-bg_flat_75_ffffff_40x100.png HTTP/1.1" 404 -
93.163.41.238 - - [19/Jun/2024:00:08:24 +0200] "GET /ticket2/opencms/dk/ask-form.html HTTP/1.1" 200 2971
93.163.41.238 - - [19/Jun/2024:00:08:24 +0200] "GET /ticket2/opencms/system/modules/com.gridnine.opencms.ticketbrokerage.site/resources/pics/form_marker.gif HTTP/1.1" 304 -
93.163.41.238 - - [19/Jun/2024:00:08:24 +0200] "GET /ticket2/opencms/system/modules/com.gridnine.opencms.ticketbrokerage.site/resources/pics/button1_left.gif HTTP/1.1" 304 -
93.163.41.238 - - [19/Jun/2024:00:08:24 +0200] "GET /ticket2/opencms/system/modules/com.gridnine.opencms.ticketbrokerage.site/resources/pics/button1_center.gif HTTP/1.1" 304 -
93.163.41.238 - - [19/Jun/2024:00:08:24 +0200] "GET /ticket2/opencms/system/modules/com.gridnine.opencms.ticketbrokerage.site/resources/pics/arrow.gif HTTP/1.1" 304 -
93.163.41.238 - - [19/Jun/2024:00:08:24 +0200] "GET /ticket2/opencms/system/modules/com.gridnine.opencms.ticketbrokerage.site/resources/pics/button1_right.gif HTTP/1.1" 304 -
188.165.212.137 - - [19/Jun/2024:00:08:24 +0200] "GET /ticket2/opencms/en/venue/?venueid=D26EFF68-2001-3A5E-1E6D-2A7DCC895275 HTTP/1.1" 200 71327
188.165.212.137 - - [19/Jun/2024:00:08:28 +0200] "GET /ticket2/opencms/en/venue/?venueid=D2A04531-4578-B370-DA30-4D01DE169890 HTTP/1.1" 200 71315
188.165.212.137 - - [19/Jun/2024:00:08:33 +0200] "GET /ticket2/opencms/en/venue/?venueid=D31B494E-29D2-BF7C-6AAE-E87A4373A889 HTTP/1.1" 200 71350
188.165.212.137 - - [19/Jun/2024:00:08:41 +0200] "GET /ticket2/opencms/en/venue/?venueid=D436D35C-B831-A55A-C197-F1CFCA7C670C HTTP/1.1" 200 71396
188.165.215.206 - - [19/Jun/2024:00:08:41 +0200] "GET /ticket2/opencms/en/buy/?page=1&edid=541F6EAB-2BE3-BBF9-B129-C716A5E49241&sortorder=asc&column=price HTTP/1.1" 200 86781
