47.128.36.239 - - [28/Jun/2024:03:08:24 +0200] "GET /ticket2/opencms/system/modules/com.gridnine.opencms.ticketbrokerage.site/resources/pics/bank_4_seb.png HTTP/1.1" 200 2487
47.128.36.239 - - [28/Jun/2024:03:08:24 +0200] "GET /ticket2/opencms/system/modules/com.gridnine.opencms.ticketbrokerage.site/resources/pics/logo-new.png HTTP/1.1" 200 13541
47.128.36.239 - - [28/Jun/2024:03:08:24 +0200] "GET /ticket2/opencms/system/modules/com.gridnine.opencms.ticketbrokerage.site/resources/pics/bank_1_nordea.png HTTP/1.1" 200 4807
47.128.36.239 - - [28/Jun/2024:03:08:24 +0200] "GET /ticket2/opencms/system/modules/com.gridnine.opencms.ticketbrokerage.site/resources/pics/bank_2_handelsbanken.png HTTP/1.1" 200 4509
47.128.36.239 - - [28/Jun/2024:03:08:24 +0200] "GET /ticket2/opencms/system/modules/com.gridnine.opencms.ticketbrokerage.site/resources/pics/bank_5_visa_mastercard.png HTTP/1.1" 200 8196
47.128.36.239 - - [28/Jun/2024:03:08:24 +0200] "GET /ticket2/opencms/system/modules/com.gridnine.opencms.ticketbrokerage.site/resources/pics/bank_3_swedbank.png HTTP/1.1" 200 5740
47.128.36.239 - - [28/Jun/2024:03:08:25 +0200] "GET /ticket2/opencms/system/modules/com.gridnine.opencms.ticketbrokerage.site/resources/pics/bank_6_american_express.png HTTP/1.1" 200 5570
5.9.55.228 - - [28/Jun/2024:03:08:25 +0200] "GET /ticket2/opencms/en/buy/?comcatid=0a6b8208-fda4-e929-9d72-5312fd481b76&catid=5ed34547-492c-90da-709d-448345844685 HTTP/1.1" 200 71532
3.224.220.101 - - [28/Jun/2024:03:08:26 +0200] "GET /ticket2/opencms/es/buy/?edid=E1890C55-BB29-2521-0846-5A33B1490A2E&page=1 HTTP/1.1" 200 111974
216.244.66.238 - - [28/Jun/2024:03:08:28 +0200] "GET /ticket2/opencms/dk/venue/?countryid=13E2F7E1-5D94-F02B-9C0C-560B8034AC6C HTTP/1.1" 200 101181
20.185.144.126 - - [28/Jun/2024:03:08:29 +0200] "GET /ticket2/opencms/system/modules/com.gridnine.opencms.ticketbrokerage.site/resources/pics/bank_1_nordea.png HTTP/1.1" 200 4807
3.224.220.101 - - [28/Jun/2024:03:08:30 +0200] "GET /ticket2/opencms/es/buy/?edid=5605B728-A815-14DD-9E19-09BABDE81131&page=1 HTTP/1.1" 200 112907
216.244.66.238 - - [28/Jun/2024:03:08:33 +0200] "GET /ticket2/opencms/dk/venue/?countryid=203E9A91-CAB8-9987-28BB-AF31071CCCA1 HTTP/1.1" 200 102576
3.224.220.101 - - [28/Jun/2024:03:08:34 +0200] "GET /ticket2/opencms/es/buy/?edid=84ABEF98-5B99-FE9A-F3A3-E305A7E3217D&page=1 HTTP/1.1" 200 111897
216.244.66.238 - - [28/Jun/2024:03:08:37 +0200] "GET /ticket2/opencms/dk/venue/?countryid=AAA022C2-26E4-B95A-575B-2EC278F7A0C0 HTTP/1.1" 200 101181
52.70.240.171 - - [28/Jun/2024:03:08:39 +0200] "GET /ticket2/opencms/es/buy/?edid=9E373ADE-B8EE-38F8-BBD8-DA1CB52F113B&page=1 HTTP/1.1" 200 113121
66.249.75.167 - - [28/Jun/2024:03:08:40 +0200] "GET /ticket2/opencms/en/sport/football-tickets/la-liga/ HTTP/1.1" 200 78726
5.9.55.228 - - [28/Jun/2024:03:08:40 +0200] "GET /ticket2/opencms/en/buy/?comcatid=0a6b8208-fda4-e929-9d72-5312fd481b76&catid=8e4972fc-6e2c-77a4-bb9d-d67bd270a641 HTTP/1.1" 200 71532
66.249.72.33 - - [28/Jun/2024:03:08:41 +0200] "GET /ticket2/opencms/en/buy/?page=1&edid=71FF0DDB-994C-2EA5-7C18-3DECE9AE5101 HTTP/1.1" 200 113355
66.249.76.133 - - [28/Jun/2024:03:08:42 +0200] "GET /ticket2/opencms/dk/buy/?page=1&edid=3590293B-3580-7B39-A58A-6ECDB1E34543 HTTP/1.1" 200 110690
3.224.220.101 - - [28/Jun/2024:03:08:42 +0200] "GET /ticket2/opencms/es/buy/?edid=C5541103-512C-D651-87BB-185D7BE93A66&page=1 HTTP/1.1" 200 112494
3.224.220.101 - - [28/Jun/2024:03:08:46 +0200] "GET /ticket2/opencms/es/buy/?edid=5D2C7F0A-6D8C-4B20-24D2-21DDAC599D86&page=1 HTTP/1.1" 200 87154
216.244.66.238 - - [28/Jun/2024:03:08:46 +0200] "GET /ticket2/opencms/fi/venue/?countryid=56FE8DB8-0A46-00E3-175D-347FD72BDA70 HTTP/1.1" 200 102982
23.22.35.162 - - [28/Jun/2024:03:08:51 +0200] "GET /ticket2/opencms/es/buy/?edid=7C194BAF-9FF0-6E1C-8CF4-2340665F2A6E&page=1 HTTP/1.1" 200 111914
52.70.240.171 - - [28/Jun/2024:03:08:54 +0200] "GET /ticket2/opencms/es/buy/?edid=16343486-D199-EE91-1004-52E02A9487CB&page=1 HTTP/1.1" 200 87154
5.9.55.228 - - [28/Jun/2024:03:08:54 +0200] "GET /ticket2/opencms/en/buy/?comcatid=0a6b8208-fda4-e929-9d72-5312fd481b76&catid=a05a53f7-423d-23be-575e-ea7b67de22d9 HTTP/1.1" 200 71532
52.70.240.171 - - [28/Jun/2024:03:08:58 +0200] "GET /ticket2/opencms/es/buy/?edid=133B893E-0B2E-BEF9-99B1-9E25283FAB9D&page=1 HTTP/1.1" 200 102727
5.9.55.228 - - [28/Jun/2024:03:09:01 +0200] "GET /ticket2/opencms/en/buy/?comcatid=0a6b8208-fda4-e929-9d72-5312fd481b76&catid=ad8e612f-0f0b-03c9-5236-e4f8b6523945 HTTP/1.1" 200 71532
3.224.220.101 - - [28/Jun/2024:03:09:02 +0200] "GET /ticket2/opencms/es/buy/?edid=78E4B91C-1F75-6F0B-081E-2F48F65F6C41&page=1 HTTP/1.1" 200 88936
23.22.35.162 - - [28/Jun/2024:03:09:06 +0200] "GET /ticket2/opencms/es/buy/?edid=5CB80305-FAB3-0B17-6A63-E12060ABE282&page=1 HTTP/1.1" 200 112697
47.128.57.26 - - [28/Jun/2024:03:09:10 +0200] "GET /ticket2/opencms/de/buy/?catid=573B7747-EE85-D769-C87D-F3F61FB64AA5&comcatid=A17713B6-D984-201A-4143-ED4DB5ED5C2E HTTP/1.1" 200 82771
52.70.240.171 - - [28/Jun/2024:03:09:11 +0200] "GET /ticket2/opencms/es/buy/?catid=&comcatid=A17713B6-D984-201A-4143-ED4DB5ED5C2E&npage=1 HTTP/1.1" 200 242145
47.128.57.26 - - [28/Jun/2024:03:09:11 +0200] "GET /ticket2/opencms/system/modules/com.gridnine.opencms.ticketbrokerage.site/resources/pics/logo-new.png HTTP/1.1" 200 13541
47.128.57.26 - - [28/Jun/2024:03:09:12 +0200] "GET /ticket2/opencms/system/modules/com.gridnine.opencms.ticketbrokerage.site/resources/pics/bank_3_swedbank.png HTTP/1.1" 200 5740
47.128.57.26 - - [28/Jun/2024:03:09:12 +0200] "GET /ticket2/opencms/system/modules/com.gridnine.opencms.ticketbrokerage.site/resources/pics/bank_4_seb.png HTTP/1.1" 200 2487
47.128.57.26 - - [28/Jun/2024:03:09:12 +0200] "GET /ticket2/opencms/system/modules/com.gridnine.opencms.ticketbrokerage.site/resources/pics/bank_1_nordea.png HTTP/1.1" 200 4807
47.128.57.26 - - [28/Jun/2024:03:09:12 +0200] "GET /ticket2/opencms/system/modules/com.gridnine.opencms.ticketbrokerage.site/resources/pics/bank_5_visa_mastercard.png HTTP/1.1" 200 8196
47.128.57.26 - - [28/Jun/2024:03:09:12 +0200] "GET /ticket2/opencms/system/modules/com.gridnine.opencms.ticketbrokerage.site/resources/pics/bank_2_handelsbanken.png HTTP/1.1" 200 4509
47.128.57.26 - - [28/Jun/2024:03:09:12 +0200] "GET /ticket2/opencms/system/modules/com.gridnine.opencms.ticketbrokerage.site/resources/pics/bank_6_american_express.png HTTP/1.1" 200 5570
216.244.66.238 - - [28/Jun/2024:03:09:14 +0200] "GET /ticket2/opencms/fi/venue/?countryid=59446ECA-F11A-1164-7278-5F00083EF337 HTTP/1.1" 200 102292
23.22.35.162 - - [28/Jun/2024:03:09:14 +0200] "GET /ticket2/opencms/es/buy/?catid=70B37487-FE30-D476-CAE7-E6AFEA3153F2&comcatid=A17713B6-D984-201A-4143-ED4DB5ED5C2E HTTP/1.1" 200 83498
5.9.55.228 - - [28/Jun/2024:03:09:16 +0200] "GET /ticket2/opencms/en/buy/?comcatid=0a6b8208-fda4-e929-9d72-5312fd481b76&catid=cb847559-7eca-cc50-d7d2-064af0c06fb1 HTTP/1.1" 200 71532
3.224.220.101 - - [28/Jun/2024:03:09:18 +0200] "GET /ticket2/opencms/es/buy/?catid=D8B345C9-F7A5-E620-4B43-C34EB0D6885B&comcatid=A17713B6-D984-201A-4143-ED4DB5ED5C2E HTTP/1.1" 200 83497
51.222.253.11 - - [28/Jun/2024:03:09:18 +0200] "GET /ticket2/opencms/en/sport/football-tickets/premier_league/arsenal/ HTTP/1.1" 200 82997
52.70.240.171 - - [28/Jun/2024:03:09:22 +0200] "GET /ticket2/opencms/es/buy/?catid=F2006A3D-5EE0-B40B-5749-60C15271538F&comcatid=A17713B6-D984-201A-4143-ED4DB5ED5C2E HTTP/1.1" 200 83506
3.224.220.101 - - [28/Jun/2024:03:09:26 +0200] "GET /ticket2/opencms/es/buy/?catid=24AC1CA6-1C09-0BE5-C04A-9DCCDB15D5E9&comcatid=A17713B6-D984-201A-4143-ED4DB5ED5C2E HTTP/1.1" 200 83505
193.3.19.208 - - [28/Jun/2024:03:09:27 +0200] "GET /ticket2/opencms/ HTTP/1.1" 302 -
193.70.81.110 - - [28/Jun/2024:03:09:29 +0200] "GET /ticket2/opencms/dk/robots.txt HTTP/1.1" 404 -
193.3.19.208 - - [28/Jun/2024:03:09:30 +0200] "GET /ticket2/opencms/dk/ HTTP/1.1" 200 91647
52.70.240.171 - - [28/Jun/2024:03:09:30 +0200] "GET /ticket2/opencms/es/buy/?catid=7ACC33AD-EE7E-AAA7-9050-0F4587759B87&comcatid=A17713B6-D984-201A-4143-ED4DB5ED5C2E HTTP/1.1" 200 83507
5.9.55.228 - - [28/Jun/2024:03:09:30 +0200] "GET /ticket2/opencms/en/buy/?comcatid=0a6b8208-fda4-e929-9d72-5312fd481b76&catid=fca7ff95-260a-464b-b6ff-a820fce7dfef HTTP/1.1" 200 71532
3.224.220.101 - - [28/Jun/2024:03:09:34 +0200] "GET /ticket2/opencms/es/buy/?catid=42C82D82-D02A-8562-E55C-48ADB3771882&comcatid=A17713B6-D984-201A-4143-ED4DB5ED5C2E HTTP/1.1" 200 83522
193.70.81.110 - - [28/Jun/2024:03:09:35 +0200] "GET /ticket2/opencms/dk/fi/buy/?page=1&edid=607687AD-E596-8AB3-58F5-4D7558057EF1&sortorder=desc&column=section HTTP/1.1" 404 -
3.224.220.101 - - [28/Jun/2024:03:09:38 +0200] "GET /ticket2/opencms/es/buy/?catid=2DE12DDA-A5FB-C1C6-CB20-FBF873FB032B&comcatid=A17713B6-D984-201A-4143-ED4DB5ED5C2E HTTP/1.1" 200 83517
5.9.55.228 - - [28/Jun/2024:03:09:38 +0200] "GET /ticket2/opencms/en/buy/?comcatid=66708183-7480-3365-06BF-DBF60280AB45 HTTP/1.1" 200 73630
216.244.66.238 - - [28/Jun/2024:03:09:40 +0200] "GET /ticket2/opencms/fi/venue/?countryid=E51F1885-F514-FB3D-D1AC-60D5859EEBD8 HTTP/1.1" 200 102292
23.22.35.162 - - [28/Jun/2024:03:09:42 +0200] "GET /ticket2/opencms/es/buy/?catid=3A7AEA37-903D-9533-4B33-21B0001FF1D1&comcatid=A17713B6-D984-201A-4143-ED4DB5ED5C2E HTTP/1.1" 200 83506
193.70.81.110 - - [28/Jun/2024:03:09:42 +0200] "GET /ticket2/opencms/dk/fi/buy/?page=1&edid=63E79B14-F1BE-6754-0C6E-3C2A84BDC10A&sortorder=asc&column=price HTTP/1.1" 404 -
66.249.76.166 - - [28/Jun/2024:03:09:44 +0200] "GET /ticket2/opencms/sv/venue/?countryid=99B8CCCF-76CE-5509-EB6E-95AE6D1E4C98 HTTP/1.1" 200 101554
5.9.55.228 - - [28/Jun/2024:03:09:45 +0200] "GET /ticket2/opencms/en/buy/?comcatid=66708183-7480-3365-06BF-DBF60280AB45&catid=05A94519-01D1-C86F-9031-84936B0B9DAE HTTP/1.1" 200 73688
23.22.35.162 - - [28/Jun/2024:03:09:46 +0200] "GET /ticket2/opencms/es/buy/?catid=B0817F4C-4B6F-A68C-6229-209BB05F84D4&comcatid=A17713B6-D984-201A-4143-ED4DB5ED5C2E HTTP/1.1" 200 83496
23.22.35.162 - - [28/Jun/2024:03:09:50 +0200] "GET /ticket2/opencms/es/buy/?catid=739BFC5D-78FA-6834-D764-6CE64CA5F9EC&comcatid=A17713B6-D984-201A-4143-ED4DB5ED5C2E HTTP/1.1" 200 83506
193.70.81.110 - - [28/Jun/2024:03:09:50 +0200] "GET /ticket2/opencms/dk/fi/buy/?page=1&edid=63E79B14-F1BE-6754-0C6E-3C2A84BDC10A&sortorder=asc&column=row HTTP/1.1" 404 -
3.224.220.101 - - [28/Jun/2024:03:09:54 +0200] "GET /ticket2/opencms/es/buy/?catid=64756941-02D2-3538-2077-8C2508F4A3A8&comcatid=A17713B6-D984-201A-4143-ED4DB5ED5C2E HTTP/1.1" 200 83505
66.249.75.98 - - [28/Jun/2024:03:09:55 +0200] "GET /ticket2/opencms/venue/sao_paolo_napoli.png HTTP/1.1" 200 38822
3.224.220.101 - - [28/Jun/2024:03:09:58 +0200] "GET /ticket2/opencms/es/buy/?catid=0A9E385E-33D9-328E-DC79-CA2C7009C829&comcatid=A17713B6-D984-201A-4143-ED4DB5ED5C2E HTTP/1.1" 200 83505
47.128.57.236 - - [28/Jun/2024:03:10:01 +0200] "GET /ticket2/opencms/dk/buying_tickets HTTP/1.1" 200 73233
5.9.55.228 - - [28/Jun/2024:03:10:02 +0200] "GET /ticket2/opencms/en/buy/?comcatid=66708183-7480-3365-06BF-DBF60280AB45&catid=30D5812D-0858-4843-8F45-C38AE504153C HTTP/1.1" 200 73688
47.128.57.236 - - [28/Jun/2024:03:10:02 +0200] "GET /ticket2/opencms/system/modules/com.gridnine.opencms.ticketbrokerage.site/resources/pics/logo-new.png HTTP/1.1" 200 13541
52.70.240.171 - - [28/Jun/2024:03:10:02 +0200] "GET /ticket2/opencms/es/buy/?catid=D08E96E8-A514-9E09-4E22-63713911E0B8&comcatid=A17713B6-D984-201A-4143-ED4DB5ED5C2E HTTP/1.1" 200 83513
47.128.57.236 - - [28/Jun/2024:03:10:02 +0200] "GET /ticket2/opencms/system/modules/com.gridnine.opencms.ticketbrokerage.site/resources/pics/content/buy_tickets_dk.png HTTP/1.1" 200 16359
47.128.57.236 - - [28/Jun/2024:03:10:03 +0200] "GET /ticket2/opencms/system/modules/com.gridnine.opencms.ticketbrokerage.site/resources/pics/bank_2_handelsbanken.png HTTP/1.1" 200 4509
216.244.66.238 - - [28/Jun/2024:03:10:03 +0200] "GET /ticket2/opencms/fi/venue/?countryid=FFFF1061-F0B1-C4E6-4E92-B35C1210D71D HTTP/1.1" 200 102292
47.128.57.236 - - [28/Jun/2024:03:10:03 +0200] "GET /ticket2/opencms/system/modules/com.gridnine.opencms.ticketbrokerage.site/resources/pics/bank_1_nordea.png HTTP/1.1" 200 4807
47.128.57.236 - - [28/Jun/2024:03:10:03 +0200] "GET /ticket2/opencms/system/modules/com.gridnine.opencms.ticketbrokerage.site/resources/pics/bank_3_swedbank.png HTTP/1.1" 200 5740
47.128.57.236 - - [28/Jun/2024:03:10:03 +0200] "GET /ticket2/opencms/system/modules/com.gridnine.opencms.ticketbrokerage.site/resources/pics/bank_4_seb.png HTTP/1.1" 200 2487
47.128.57.236 - - [28/Jun/2024:03:10:03 +0200] "GET /ticket2/opencms/system/modules/com.gridnine.opencms.ticketbrokerage.site/resources/pics/bank_5_visa_mastercard.png HTTP/1.1" 200 8196
47.128.57.236 - - [28/Jun/2024:03:10:03 +0200] "GET /ticket2/opencms/system/modules/com.gridnine.opencms.ticketbrokerage.site/resources/pics/bank_6_american_express.png HTTP/1.1" 200 5570
52.70.240.171 - - [28/Jun/2024:03:10:06 +0200] "GET /ticket2/opencms/es/buy/?catid=BE041FBE-C1A7-918C-EB61-99ED02D12F5B&comcatid=A17713B6-D984-201A-4143-ED4DB5ED5C2E HTTP/1.1" 200 83505
23.22.35.162 - - [28/Jun/2024:03:10:10 +0200] "GET /ticket2/opencms/es/buy/?catid=BDD8C04C-DD99-1C07-B5F3-F2AB98D157E8&comcatid=A17713B6-D984-201A-4143-ED4DB5ED5C2E HTTP/1.1" 200 83504
3.224.220.101 - - [28/Jun/2024:03:10:14 +0200] "GET /ticket2/opencms/es/buy/?catid=88C381AD-5D76-A34D-AC15-A7129F8EF5BE&comcatid=A17713B6-D984-201A-4143-ED4DB5ED5C2E HTTP/1.1" 200 83496
158.220.119.96 - - [28/Jun/2024:03:10:14 +0200] "GET /ticket2/opencms/robots.txt HTTP/1.1" 200 773
5.9.55.228 - - [28/Jun/2024:03:10:17 +0200] "GET /ticket2/opencms/en/buy/?comcatid=66708183-7480-3365-06BF-DBF60280AB45&catid=8C381435-A1E8-94AF-2C58-D133FCA44A31 HTTP/1.1" 200 73695
23.22.35.162 - - [28/Jun/2024:03:10:18 +0200] "GET /ticket2/opencms/es/buy/?catid=4B941E1B-E4E2-C53E-C693-9FA91BBA9AD5&comcatid=A17713B6-D984-201A-4143-ED4DB5ED5C2E HTTP/1.1" 200 83509
3.224.220.101 - - [28/Jun/2024:03:10:22 +0200] "GET /ticket2/opencms/es/buy/?catid=573B7747-EE85-D769-C87D-F3F61FB64AA5&comcatid=A17713B6-D984-201A-4143-ED4DB5ED5C2E HTTP/1.1" 200 83508
3.224.220.101 - - [28/Jun/2024:03:10:26 +0200] "GET /ticket2/opencms/es/buy/?catid=6E0E0CA4-3F14-9697-92B9-3687047BE453&comcatid=A17713B6-D984-201A-4143-ED4DB5ED5C2E HTTP/1.1" 200 83507
216.244.66.238 - - [28/Jun/2024:03:10:26 +0200] "GET /ticket2/opencms/fi/venue/?venueid=8D532909-C41C-2A7C-5336-DE83887C261B HTTP/1.1" 200 73005
3.215.200.136 - - [28/Jun/2024:03:10:26 +0200] "GET /ticket2/opencms/ HTTP/1.1" 302 -
65.108.227.178 - - [28/Jun/2024:03:10:29 +0200] "GET /ticket2/opencms/dk/robots.txt HTTP/1.1" 404 -
51.222.253.9 - - [28/Jun/2024:03:10:29 +0200] "GET /ticket2/opencms/no/buy/?page=1&edid=F2971CC3-8714-3DC4-0355-85018375B4CB HTTP/1.1" 200 86531
3.224.220.101 - - [28/Jun/2024:03:10:30 +0200] "GET /ticket2/opencms/es/buy/?catid=82F804FA-9F69-CB6B-D41D-7BF7C716058B&comcatid=A17713B6-D984-201A-4143-ED4DB5ED5C2E HTTP/1.1" 200 83499
5.9.55.228 - - [28/Jun/2024:03:10:33 +0200] "GET /ticket2/opencms/en/buy/?comcatid=66708183-7480-3365-06bf-dbf60280ab45 HTTP/1.1" 200 71532
3.224.220.101 - - [28/Jun/2024:03:10:34 +0200] "GET /ticket2/opencms/es/buy/?catid=C871EAE3-C584-718A-9795-07CDEF43FA75&comcatid=A17713B6-D984-201A-4143-ED4DB5ED5C2E HTTP/1.1" 200 83499
65.108.227.178 - - [28/Jun/2024:03:10:37 +0200] "GET /ticket2/opencms/dk/en/buy/?page=1&edid=CEA5A2C6-1232-CC98-D878-1CA7BFA99E8A&sortorder=desc&column=price HTTP/1.1" 404 -
52.70.240.171 - - [28/Jun/2024:03:10:38 +0200] "GET /ticket2/opencms/es/buy/?catid=A7674DEA-B39E-502C-2F76-760AE08947E9&comcatid=A17713B6-D984-201A-4143-ED4DB5ED5C2E HTTP/1.1" 200 83500
47.128.124.33 - - [28/Jun/2024:03:10:39 +0200] "GET /ticket2/opencms/no/buy/?edid=DE73DB51-4178-AA85-D066-1C5C2E4D27B9 HTTP/1.1" 200 72905
47.128.124.33 - - [28/Jun/2024:03:10:40 +0200] "GET /ticket2/opencms/system/modules/com.gridnine.opencms.ticketbrokerage.site/resources/pics/logo-new.png HTTP/1.1" 200 13541
47.128.124.33 - - [28/Jun/2024:03:10:40 +0200] "GET /ticket2/opencms/system/modules/com.gridnine.opencms.ticketbrokerage.site/resources/pics/bank_3_swedbank.png HTTP/1.1" 200 5740
47.128.124.33 - - [28/Jun/2024:03:10:41 +0200] "GET /ticket2/opencms/system/modules/com.gridnine.opencms.ticketbrokerage.site/resources/pics/bank_4_seb.png HTTP/1.1" 200 2487
47.128.124.33 - - [28/Jun/2024:03:10:41 +0200] "GET /ticket2/opencms/system/modules/com.gridnine.opencms.ticketbrokerage.site/resources/pics/bank_2_handelsbanken.png HTTP/1.1" 200 4509
47.128.124.33 - - [28/Jun/2024:03:10:41 +0200] "GET /ticket2/opencms/system/modules/com.gridnine.opencms.ticketbrokerage.site/resources/pics/bank_1_nordea.png HTTP/1.1" 200 4807
47.128.124.33 - - [28/Jun/2024:03:10:41 +0200] "GET /ticket2/opencms/system/modules/com.gridnine.opencms.ticketbrokerage.site/resources/pics/bank_5_visa_mastercard.png HTTP/1.1" 200 8196
47.128.124.33 - - [28/Jun/2024:03:10:41 +0200] "GET /ticket2/opencms/system/modules/com.gridnine.opencms.ticketbrokerage.site/resources/pics/bank_6_american_express.png HTTP/1.1" 200 5570
3.224.220.101 - - [28/Jun/2024:03:10:42 +0200] "GET /ticket2/opencms/es/buy/?catid=7CF2D645-F785-0CBB-1B7C-C4711617EAAD&comcatid=A17713B6-D984-201A-4143-ED4DB5ED5C2E HTTP/1.1" 200 84174
185.202.238.84 - - [28/Jun/2024:03:10:43 +0200] "GET /ticket2/opencms/dk/dk/buy/?page=1&edid=ED355133-64B5-D287-7B51-479FB14F8AF3&sortorder=asc&column=price HTTP/1.1" 404 -
158.220.119.96 - - [28/Jun/2024:03:10:43 +0200] "GET /ticket2/opencms/en/buy/?page=1&edid=8839DE43-02D6-1964-9569-34CA7978C5BC&sortorder=desc&column=price HTTP/1.1" 200 87226
65.108.227.178 - - [28/Jun/2024:03:10:44 +0200] "GET /ticket2/opencms/dk/en/buy/?page=1&edid=CEA5A2C6-1232-CC98-D878-1CA7BFA99E8A&sortorder=desc&column=row HTTP/1.1" 404 -
66.249.75.107 - - [28/Jun/2024:03:10:45 +0200] "GET /ticket2/opencms/it/buy?page=1&edid=5E608C7A-903B-E4BB-4868-5D83917347B8 HTTP/1.1" 200 122039
23.22.35.162 - - [28/Jun/2024:03:10:46 +0200] "GET /ticket2/opencms/es/buy/?catid=8AA488FA-6797-D710-8108-3088D6948FC1&comcatid=A17713B6-D984-201A-4143-ED4DB5ED5C2E HTTP/1.1" 200 83497
66.249.75.167 - - [28/Jun/2024:03:10:46 +0200] "GET /ticket2/opencms/sv/magazine/ HTTP/1.1" 200 103995
66.249.77.160 - - [28/Jun/2024:03:10:48 +0200] "GET /ticket2/opencms/es/buy/?page=1&edid=1B66F7E9-6D68-7258-D0DB-383034F8302F HTTP/1.1" 200 113016
5.9.55.228 - - [28/Jun/2024:03:10:48 +0200] "GET /ticket2/opencms/en/buy/?comcatid=66708183-7480-3365-06bf-dbf60280ab45&catid=05a94519-01d1-c86f-9031-84936b0b9dae HTTP/1.1" 200 71532
23.22.35.162 - - [28/Jun/2024:03:10:50 +0200] "GET /ticket2/opencms/es/buy/?catid=AE3FE643-AE41-BAA6-237D-5206D1B044A1&comcatid=A17713B6-D984-201A-4143-ED4DB5ED5C2E HTTP/1.1" 200 83502
52.167.144.224 - - [28/Jun/2024:03:10:51 +0200] "GET /ticket2/opencms/sv/login/?url=/sv/sell/ HTTP/1.1" 200 74250
47.128.121.45 - - [28/Jun/2024:03:10:53 +0200] "GET /ticket2/opencms/fi/buy/?catid=81B744E7-1FEE-E757-C0AB-C7AF73CDE252&comcatid=97ECA65A-72DA-F9AF-9DBB-245D3CFED1BE HTTP/1.1" 200 78389
114.119.155.232 - - [28/Jun/2024:03:10:53 +0200] "GET /ticket2/opencms/en/venue/?venueid=0C72DEDD-89EE-57E0-A1B7-BB6C9045A328 HTTP/1.1" 200 71314
47.128.121.45 - - [28/Jun/2024:03:10:53 +0200] "GET /ticket2/opencms/system/modules/com.gridnine.opencms.ticketbrokerage.site/resources/pics/logo-new.png HTTP/1.1" 200 13541
65.108.227.178 - - [28/Jun/2024:03:10:53 +0200] "GET /ticket2/opencms/dk/en/buy/?page=1&edid=CF34C21E-BBA3-E16B-343E-05A4D0C0A522&sortorder=desc&column=row HTTP/1.1" 404 -
23.22.35.162 - - [28/Jun/2024:03:10:54 +0200] "GET /ticket2/opencms/es/buy/?catid=FF8D7FE7-4B09-7305-01C7-2D47F7913EB8&comcatid=A17713B6-D984-201A-4143-ED4DB5ED5C2E HTTP/1.1" 200 83502
47.128.121.45 - - [28/Jun/2024:03:10:54 +0200] "GET /ticket2/opencms/system/modules/com.gridnine.opencms.ticketbrokerage.site/resources/pics/bank_5_visa_mastercard.png HTTP/1.1" 200 8196
47.128.121.45 - - [28/Jun/2024:03:10:55 +0200] "GET /ticket2/opencms/system/modules/com.gridnine.opencms.ticketbrokerage.site/resources/pics/bank_2_handelsbanken.png HTTP/1.1" 200 4509
47.128.121.45 - - [28/Jun/2024:03:10:55 +0200] "GET /ticket2/opencms/system/modules/com.gridnine.opencms.ticketbrokerage.site/resources/pics/bank_3_swedbank.png HTTP/1.1" 200 5740
47.128.121.45 - - [28/Jun/2024:03:10:55 +0200] "GET /ticket2/opencms/system/modules/com.gridnine.opencms.ticketbrokerage.site/resources/pics/bank_4_seb.png HTTP/1.1" 200 2487
47.128.121.45 - - [28/Jun/2024:03:10:55 +0200] "GET /ticket2/opencms/system/modules/com.gridnine.opencms.ticketbrokerage.site/resources/pics/bank_1_nordea.png HTTP/1.1" 200 4807
47.128.121.45 - - [28/Jun/2024:03:10:55 +0200] "GET /ticket2/opencms/system/modules/com.gridnine.opencms.ticketbrokerage.site/resources/pics/bank_6_american_express.png HTTP/1.1" 200 5570
3.224.220.101 - - [28/Jun/2024:03:10:58 +0200] "GET /ticket2/opencms/es/buy/?catid=3B549160-8B9C-E872-44A9-20FEA86B30E8&comcatid=A17713B6-D984-201A-4143-ED4DB5ED5C2E HTTP/1.1" 200 83502
216.245.221.83 - - [28/Jun/2024:03:10:58 +0200] "HEAD /ticket2/opencms/ HTTP/1.1" 302 -
216.245.221.83 - - [28/Jun/2024:03:11:01 +0200] "HEAD /ticket2/opencms/en/ HTTP/1.1" 200 -
23.22.35.162 - - [28/Jun/2024:03:11:02 +0200] "GET /ticket2/opencms/es/buy/?catid=97608B80-50C4-18AE-7A82-0413C62E9243&comcatid=A17713B6-D984-201A-4143-ED4DB5ED5C2E HTTP/1.1" 200 83501
5.9.55.228 - - [28/Jun/2024:03:11:03 +0200] "GET /ticket2/opencms/en/buy/?comcatid=66708183-7480-3365-06bf-dbf60280ab45&catid=30d5812d-0858-4843-8f45-c38ae504153c HTTP/1.1" 200 71532
65.108.227.178 - - [28/Jun/2024:03:11:04 +0200] "GET /ticket2/opencms/dk/en/buy/?page=1&edid=CF34C21E-BBA3-E16B-343E-05A4D0C0A522&sortorder=desc&column=section HTTP/1.1" 404 -
23.22.35.162 - - [28/Jun/2024:03:11:06 +0200] "GET /ticket2/opencms/es/buy/?catid=36394212-F82E-F845-399B-42BED55969CC&comcatid=A17713B6-D984-201A-4143-ED4DB5ED5C2E HTTP/1.1" 200 83500
23.22.35.162 - - [28/Jun/2024:03:11:10 +0200] "GET /ticket2/opencms/es/buy/?catid=C48671DB-5AEB-8CE2-928E-38417FFBE085&comcatid=A17713B6-D984-201A-4143-ED4DB5ED5C2E HTTP/1.1" 200 83502
158.220.119.96 - - [28/Jun/2024:03:11:11 +0200] "GET /ticket2/opencms/en/buy/?page=1&edid=D8F04668-09B4-05BA-3C85-70D727A5DDB7&sortorder=desc&column=section HTTP/1.1" 200 88524
23.22.35.162 - - [28/Jun/2024:03:11:14 +0200] "GET /ticket2/opencms/es/buy/?catid=C0DF818C-DB21-6E2E-4056-DB751FFE0C41&comcatid=A17713B6-D984-201A-4143-ED4DB5ED5C2E HTTP/1.1" 200 83498
40.77.167.203 - - [28/Jun/2024:03:11:17 +0200] "GET /ticket2/opencms/robots.txt HTTP/1.1" 200 773
5.9.55.228 - - [28/Jun/2024:03:11:17 +0200] "GET /ticket2/opencms/en/buy/?comcatid=66708183-7480-3365-06bf-dbf60280ab45&catid=8c381435-a1e8-94af-2c58-d133fca44a31 HTTP/1.1" 200 71532
40.77.167.203 - - [28/Jun/2024:03:11:17 +0200] "GET /ticket2/opencms/robots.txt HTTP/1.1" 200 773
23.22.35.162 - - [28/Jun/2024:03:11:18 +0200] "GET /ticket2/opencms/es/buy/?catid=F03B8ADD-988E-AE6A-8DBA-AF502C691C60&comcatid=A17713B6-D984-201A-4143-ED4DB5ED5C2E HTTP/1.1" 200 83512
65.108.227.178 - - [28/Jun/2024:03:11:19 +0200] "GET /ticket2/opencms/dk/en/buy/?page=1&edid=D0888ED0-F1ED-2044-4AA9-3CC8E2345F16&sortorder=desc&column=price HTTP/1.1" 404 -
52.70.240.171 - - [28/Jun/2024:03:11:22 +0200] "GET /ticket2/opencms/es/buy/?catid=5A89E483-58AD-080E-F363-E16CE738916A&comcatid=A17713B6-D984-201A-4143-ED4DB5ED5C2E HTTP/1.1" 200 83508
52.167.144.171 - - [28/Jun/2024:03:11:22 +0200] "GET /ticket2/opencms/en/ HTTP/1.1" 200 91208
3.224.220.101 - - [28/Jun/2024:03:11:26 +0200] "GET /ticket2/opencms/es/buy/?catid=061607E6-22B7-6FFA-03FD-A4B8B13A943F&comcatid=A17713B6-D984-201A-4143-ED4DB5ED5C2E HTTP/1.1" 200 83504
3.224.220.101 - - [28/Jun/2024:03:11:30 +0200] "GET /ticket2/opencms/es/buy/?catid=7EF04817-972D-18B1-F941-DE800D088075&comcatid=A17713B6-D984-201A-4143-ED4DB5ED5C2E HTTP/1.1" 200 83511
5.9.55.228 - - [28/Jun/2024:03:11:32 +0200] "GET /ticket2/opencms/en/buy/?comcatid=810BB404-4103-77F2-A6C2-12D5E6C338E2 HTTP/1.1" 200 73248
65.108.227.178 - - [28/Jun/2024:03:11:32 +0200] "GET /ticket2/opencms/dk/en/buy/?page=1&edid=D0888ED0-F1ED-2044-4AA9-3CC8E2345F16&sortorder=desc&column=row HTTP/1.1" 404 -
52.70.240.171 - - [28/Jun/2024:03:11:34 +0200] "GET /ticket2/opencms/es/buy/?catid=06324577-7173-BAB0-146D-E644C912F7C1&comcatid=A17713B6-D984-201A-4143-ED4DB5ED5C2E HTTP/1.1" 200 83506
3.224.220.101 - - [28/Jun/2024:03:11:38 +0200] "GET /ticket2/opencms/es/buy/?catid=E961462E-5AC2-64D6-5850-A310C9DEAA06&comcatid=A17713B6-D984-201A-4143-ED4DB5ED5C2E HTTP/1.1" 200 83509
51.222.253.8 - - [28/Jun/2024:03:11:42 +0200] "GET /ticket2/opencms/no/buy/?page=1&edid=DBD7C3FF-3D2D-1BC9-F87B-06E7F5EA9FFB HTTP/1.1" 200 86531
47.128.22.221 - - [28/Jun/2024:03:11:42 +0200] "GET /ticket2/opencms/fi/buy/?catid=70B37487-FE30-D476-CAE7-E6AFEA3153F2&comcatid=A17713B6-D984-201A-4143-ED4DB5ED5C2E HTTP/1.1" 200 83443
52.70.240.171 - - [28/Jun/2024:03:11:43 +0200] "GET /ticket2/opencms/es/buy/?catid=7BADFFFB-57C5-5DBC-E7EB-B45075B3D8F9&comcatid=A17713B6-D984-201A-4143-ED4DB5ED5C2E HTTP/1.1" 200 83510
47.128.22.221 - - [28/Jun/2024:03:11:43 +0200] "GET /ticket2/opencms/system/modules/com.gridnine.opencms.ticketbrokerage.site/resources/pics/logo-new.png HTTP/1.1" 200 13541
47.128.22.221 - - [28/Jun/2024:03:11:44 +0200] "GET /ticket2/opencms/system/modules/com.gridnine.opencms.ticketbrokerage.site/resources/pics/bank_2_handelsbanken.png HTTP/1.1" 200 4509
47.128.22.221 - - [28/Jun/2024:03:11:44 +0200] "GET /ticket2/opencms/system/modules/com.gridnine.opencms.ticketbrokerage.site/resources/pics/bank_1_nordea.png HTTP/1.1" 200 4807
47.128.22.221 - - [28/Jun/2024:03:11:45 +0200] "GET /ticket2/opencms/system/modules/com.gridnine.opencms.ticketbrokerage.site/resources/pics/bank_4_seb.png HTTP/1.1" 200 2487
47.128.22.221 - - [28/Jun/2024:03:11:45 +0200] "GET /ticket2/opencms/system/modules/com.gridnine.opencms.ticketbrokerage.site/resources/pics/bank_5_visa_mastercard.png HTTP/1.1" 200 8196
47.128.22.221 - - [28/Jun/2024:03:11:45 +0200] "GET /ticket2/opencms/system/modules/com.gridnine.opencms.ticketbrokerage.site/resources/pics/bank_3_swedbank.png HTTP/1.1" 200 5740
47.128.22.221 - - [28/Jun/2024:03:11:45 +0200] "GET /ticket2/opencms/system/modules/com.gridnine.opencms.ticketbrokerage.site/resources/pics/bank_6_american_express.png HTTP/1.1" 200 5570
65.108.227.178 - - [28/Jun/2024:03:11:45 +0200] "GET /ticket2/opencms/dk/en/buy/?page=1&edid=D0888ED0-F1ED-2044-4AA9-3CC8E2345F16&sortorder=desc&column=section HTTP/1.1" 404 -
23.22.35.162 - - [28/Jun/2024:03:11:46 +0200] "GET /ticket2/opencms/es/buy/?catid=2FC3D548-EAF9-1354-0CD2-7D7619DA2334&comcatid=A17713B6-D984-201A-4143-ED4DB5ED5C2E HTTP/1.1" 200 83497
158.220.119.96 - - [28/Jun/2024:03:11:47 +0200] "GET /ticket2/opencms/en/buy/?page=1&edid=8839DE43-02D6-1964-9569-34CA7978C5BC&sortorder=desc&column=price HTTP/1.1" 200 87226
5.9.55.228 - - [28/Jun/2024:03:11:48 +0200] "GET /ticket2/opencms/en/buy/?comcatid=810BB404-4103-77F2-A6C2-12D5E6C338E2&catid=95AE85B5-8979-BB11-643C-430ACC6D50F9 HTTP/1.1" 200 73307
3.224.220.101 - - [28/Jun/2024:03:11:50 +0200] "GET /ticket2/opencms/es/buy/?catid=6BD6E0B0-84AF-3A0D-3851-C1357CE9B771&comcatid=A17713B6-D984-201A-4143-ED4DB5ED5C2E HTTP/1.1" 200 83507
66.249.75.167 - - [28/Jun/2024:03:11:50 +0200] "GET /ticket2/opencms/no/buy/?page=1&edid=3590293B-3580-7B39-A58A-6ECDB1E34543 HTTP/1.1" 200 111458
66.249.72.35 - - [28/Jun/2024:03:11:51 +0200] "GET /ticket2/opencms/en/buy/?page=1&edid=F75A8704-39CC-1233-9E9B-2121B4DFC51E HTTP/1.1" 200 113358
66.249.72.102 - - [28/Jun/2024:03:11:52 +0200] "GET /ticket2/opencms/sv/sport/fotbollsbiljetter/la_liga/cadiz/ HTTP/1.1" 200 73531
66.249.75.96 - - [28/Jun/2024:03:11:53 +0200] "GET /ticket2/opencms/en/buy/?page=1&edid=F0845893-AB25-79ED-E273-8681A31846EB HTTP/1.1" 200 113109
52.70.240.171 - - [28/Jun/2024:03:11:54 +0200] "GET /ticket2/opencms/es/buy/?catid=08F27F2A-1872-A39F-A97C-63093E77B18A&comcatid=A17713B6-D984-201A-4143-ED4DB5ED5C2E HTTP/1.1" 200 83497
52.70.240.171 - - [28/Jun/2024:03:11:58 +0200] "GET /ticket2/opencms/es/buy/?catid=21C3854B-901E-11F9-7B7D-6838CC6AFAA4&comcatid=A17713B6-D984-201A-4143-ED4DB5ED5C2E HTTP/1.1" 200 83497
3.224.220.101 - - [28/Jun/2024:03:12:02 +0200] "GET /ticket2/opencms/es/buy/?catid=E92E6B1B-7CD1-74B1-312C-265A7D8125D0&comcatid=A17713B6-D984-201A-4143-ED4DB5ED5C2E HTTP/1.1" 200 83503
5.9.55.228 - - [28/Jun/2024:03:12:03 +0200] "GET /ticket2/opencms/en/buy/?comcatid=810bb404-4103-77f2-a6c2-12d5e6c338e2 HTTP/1.1" 200 71532
3.224.220.101 - - [28/Jun/2024:03:12:06 +0200] "GET /ticket2/opencms/es/buy/?catid=A3372871-3019-08B8-80CE-74B78F441ACA&comcatid=A17713B6-D984-201A-4143-ED4DB5ED5C2E HTTP/1.1" 200 84163
65.108.227.178 - - [28/Jun/2024:03:12:09 +0200] "GET /ticket2/opencms/dk/en/buy/?page=1&edid=D20C1282-CCD6-3831-ADEE-DAFE3665F1E7&sortorder=desc&column=price HTTP/1.1" 404 -
52.70.240.171 - - [28/Jun/2024:03:12:10 +0200] "GET /ticket2/opencms/es/buy/?catid=0A6C99D2-F5BD-7A18-9A5F-5668827042E0&comcatid=A17713B6-D984-201A-4143-ED4DB5ED5C2E HTTP/1.1" 200 242251
5.9.55.228 - - [28/Jun/2024:03:12:11 +0200] "GET /ticket2/opencms/en/buy/?comcatid=810bb404-4103-77f2-a6c2-12d5e6c338e2&catid=95ae85b5-8979-bb11-643c-430acc6d50f9 HTTP/1.1" 200 71532
52.70.240.171 - - [28/Jun/2024:03:12:14 +0200] "GET /ticket2/opencms/es/buy/?catid=A4D9EA9A-192D-0274-BF26-9C98D8B902AB&comcatid=A17713B6-D984-201A-4143-ED4DB5ED5C2E HTTP/1.1" 200 83497
23.22.35.162 - - [28/Jun/2024:03:12:18 +0200] "GET /ticket2/opencms/es/buy/?catid=BF886BAE-FC84-8CB3-A193-6DFA251F7985&comcatid=B41CCF2B-5558-7AEE-3602-09BBDE417D65 HTTP/1.1" 200 75675
52.70.240.171 - - [28/Jun/2024:03:12:22 +0200] "GET /ticket2/opencms/es/buy/?catid=36DC4BE2-91A2-6146-2BE9-47B6F3C44EDB&comcatid=B41CCF2B-5558-7AEE-3602-09BBDE417D65 HTTP/1.1" 200 75667
3.224.220.101 - - [28/Jun/2024:03:12:26 +0200] "GET /ticket2/opencms/es/buy/?catid=E03F2203-3943-A0F0-A47D-D9E7CDA79C6B&comcatid=B41CCF2B-5558-7AEE-3602-09BBDE417D65 HTTP/1.1" 200 75689
5.9.55.228 - - [28/Jun/2024:03:12:29 +0200] "GET /ticket2/opencms/en/buy/?comcatid=97ECA65A-72DA-F9AF-9DBB-245D3CFED1BE HTTP/1.1" 200 76580
23.22.35.162 - - [28/Jun/2024:03:12:30 +0200] "GET /ticket2/opencms/es/buy/?catid=A34BCF61-E19C-5C5C-445E-06F3749E1EF4&comcatid=B41CCF2B-5558-7AEE-3602-09BBDE417D65 HTTP/1.1" 200 75680
158.220.119.96 - - [28/Jun/2024:03:12:32 +0200] "GET /ticket2/opencms/en/buy/?page=1&edid=D8F04668-09B4-05BA-3C85-70D727A5DDB7&sortorder=desc&column=section HTTP/1.1" 200 88524
47.128.123.135 - - [28/Jun/2024:03:12:33 +0200] "GET /ticket2/opencms/fr/buy/?catid=757E2DFB-33DA-9B34-8402-9F06B19D8409&comcatid=97ECA65A-72DA-F9AF-9DBB-245D3CFED1BE HTTP/1.1" 200 77801
23.22.35.162 - - [28/Jun/2024:03:12:34 +0200] "GET /ticket2/opencms/es/buy/?catid=465306FD-802C-5175-10FF-40E426DD2769&comcatid=0A6B8208-FDA4-E929-9D72-5312FD481B76 HTTP/1.1" 200 77160
47.128.123.135 - - [28/Jun/2024:03:12:36 +0200] "GET /ticket2/opencms/system/modules/com.gridnine.opencms.ticketbrokerage.site/resources/pics/logo-new.png HTTP/1.1" 200 13541
47.128.123.135 - - [28/Jun/2024:03:12:36 +0200] "GET /ticket2/opencms/system/modules/com.gridnine.opencms.ticketbrokerage.site/resources/pics/bank_2_handelsbanken.png HTTP/1.1" 200 4509
47.128.123.135 - - [28/Jun/2024:03:12:36 +0200] "GET /ticket2/opencms/system/modules/com.gridnine.opencms.ticketbrokerage.site/resources/pics/bank_4_seb.png HTTP/1.1" 200 2487
5.9.55.228 - - [28/Jun/2024:03:12:37 +0200] "GET /ticket2/opencms/en/buy/?comcatid=97ECA65A-72DA-F9AF-9DBB-245D3CFED1BE&catid=078F99D4-0B9E-E323-5A07-D7B70F6E8874 HTTP/1.1" 200 76625
47.128.123.135 - - [28/Jun/2024:03:12:37 +0200] "GET /ticket2/opencms/system/modules/com.gridnine.opencms.ticketbrokerage.site/resources/pics/bank_5_visa_mastercard.png HTTP/1.1" 200 8196
47.128.123.135 - - [28/Jun/2024:03:12:37 +0200] "GET /ticket2/opencms/system/modules/com.gridnine.opencms.ticketbrokerage.site/resources/pics/bank_1_nordea.png HTTP/1.1" 200 4807
47.128.123.135 - - [28/Jun/2024:03:12:37 +0200] "GET /ticket2/opencms/system/modules/com.gridnine.opencms.ticketbrokerage.site/resources/pics/bank_3_swedbank.png HTTP/1.1" 200 5740
47.128.123.135 - - [28/Jun/2024:03:12:37 +0200] "GET /ticket2/opencms/system/modules/com.gridnine.opencms.ticketbrokerage.site/resources/pics/bank_6_american_express.png HTTP/1.1" 200 5570
3.224.220.101 - - [28/Jun/2024:03:12:38 +0200] "GET /ticket2/opencms/es/buy/?catid=8E4972FC-6E2C-77A4-BB9D-D67BD270A641&comcatid=0A6B8208-FDA4-E929-9D72-5312FD481B76 HTTP/1.1" 200 77156
216.245.221.83 - - [28/Jun/2024:03:12:41 +0200] "HEAD /ticket2/opencms/ HTTP/1.1" 302 -
216.245.221.83 - - [28/Jun/2024:03:12:42 +0200] "HEAD /ticket2/opencms/en/ HTTP/1.1" 200 -
23.22.35.162 - - [28/Jun/2024:03:12:42 +0200] "GET /ticket2/opencms/es/buy/?catid=1DB7F66B-473B-B427-F752-358FEEFE8EC0&comcatid=0A6B8208-FDA4-E929-9D72-5312FD481B76 HTTP/1.1" 200 77167
65.108.227.178 - - [28/Jun/2024:03:12:43 +0200] "GET /ticket2/opencms/dk/en/buy/?page=1&edid=D20C1282-CCD6-3831-ADEE-DAFE3665F1E7&sortorder=desc&column=section HTTP/1.1" 404 -
40.77.167.20 - - [28/Jun/2024:03:12:44 +0200] "GET /ticket2/opencms/en/buy/?page=1&edid=49CF7842-AD0F-7A2A-F729-3F3371875F18 HTTP/1.1" 200 87885
23.22.35.162 - - [28/Jun/2024:03:12:46 +0200] "GET /ticket2/opencms/es/buy/?catid=FCA7FF95-260A-464B-B6FF-A820FCE7DFEF&comcatid=0A6B8208-FDA4-E929-9D72-5312FD481B76 HTTP/1.1" 200 77165
158.220.119.96 - - [28/Jun/2024:03:12:48 +0200] "GET /ticket2/opencms/en/buy/?comcatid=A17713B6-D984-201A-4143-ED4DB5ED5C2E&catid=82F804FA-9F69-CB6B-D41D-7BF7C716058B HTTP/1.1" 200 81677
66.249.75.168 - - [28/Jun/2024:03:12:50 +0200] "GET /ticket2/opencms/ HTTP/1.1" 302 -
52.70.240.171 - - [28/Jun/2024:03:12:50 +0200] "GET /ticket2/opencms/es/buy/?catid=26594C33-56CE-F529-FAF3-61AB33F74A3B&comcatid=0A6B8208-FDA4-E929-9D72-5312FD481B76 HTTP/1.1" 200 77163
66.249.75.167 - - [28/Jun/2024:03:12:53 +0200] "GET /ticket2/opencms/sv/ HTTP/1.1" 200 91831
52.70.240.171 - - [28/Jun/2024:03:12:55 +0200] "GET /ticket2/opencms/es/buy/?catid=CB847559-7ECA-CC50-D7D2-064AF0C06FB1&comcatid=0A6B8208-FDA4-E929-9D72-5312FD481B76 HTTP/1.1" 200 77165
66.249.75.168 - - [28/Jun/2024:03:12:55 +0200] "GET /ticket2/opencms/system/modules/com.gridnine.opencms.ticketbrokerage.site/resources/css/calendar.css HTTP/1.1" 200 6871
66.249.75.167 - - [28/Jun/2024:03:12:56 +0200] "GET /ticket2/opencms/system/modules/com.gridnine.opencms.ticketbrokerage.site/resources/js/calendar-en.js HTTP/1.1" 200 3338
47.128.44.47 - - [28/Jun/2024:03:12:57 +0200] "GET /ticket2/opencms/no/buy/?edid=C78E4619-1E46-CB27-6BCC-007429A12C31 HTTP/1.1" 200 72905
66.249.76.170 - - [28/Jun/2024:03:12:57 +0200] "GET /ticket2/opencms/system/modules/com.gridnine.opencms.ticketbrokerage.site/resources/js/standard.js HTTP/1.1" 200 3978
66.249.75.167 - - [28/Jun/2024:03:12:57 +0200] "GET /ticket2/opencms/system/modules/com.gridnine.opencms.ticketbrokerage.site/resources/js/calendar-setup.js HTTP/1.1" 200 4923
47.128.44.47 - - [28/Jun/2024:03:12:58 +0200] "GET /ticket2/opencms/system/modules/com.gridnine.opencms.ticketbrokerage.site/resources/pics/logo-new.png HTTP/1.1" 200 13541
5.9.55.228 - - [28/Jun/2024:03:12:58 +0200] "GET /ticket2/opencms/en/buy/?comcatid=97ECA65A-72DA-F9AF-9DBB-245D3CFED1BE&catid=1656E964-1E02-9A38-D092-65384E60B6EA HTTP/1.1" 200 76623
52.70.240.171 - - [28/Jun/2024:03:12:58 +0200] "GET /ticket2/opencms/es/buy/?catid=AD8E612F-0F0B-03C9-5236-E4F8B6523945&comcatid=0A6B8208-FDA4-E929-9D72-5312FD481B76 HTTP/1.1" 200 77165
66.249.76.170 - - [28/Jun/2024:03:12:58 +0200] "GET /ticket2/opencms/system/modules/com.gridnine.opencms.ticketbrokerage.site/resources/js/calendar.js HTTP/1.1" 200 49229
47.128.44.47 - - [28/Jun/2024:03:12:58 +0200] "GET /ticket2/opencms/system/modules/com.gridnine.opencms.ticketbrokerage.site/resources/pics/bank_4_seb.png HTTP/1.1" 200 2487
66.249.75.168 - - [28/Jun/2024:03:12:59 +0200] "GET /ticket2/opencms/system/modules/com.gridnine.opencms.ticketbrokerage.site/resources/css/jquery.fancybox.css HTTP/1.1" 200 4939
47.128.44.47 - - [28/Jun/2024:03:12:59 +0200] "GET /ticket2/opencms/system/modules/com.gridnine.opencms.ticketbrokerage.site/resources/pics/bank_3_swedbank.png HTTP/1.1" 200 5740
47.128.44.47 - - [28/Jun/2024:03:12:59 +0200] "GET /ticket2/opencms/system/modules/com.gridnine.opencms.ticketbrokerage.site/resources/pics/bank_2_handelsbanken.png HTTP/1.1" 200 4509
47.128.44.47 - - [28/Jun/2024:03:12:59 +0200] "GET /ticket2/opencms/system/modules/com.gridnine.opencms.ticketbrokerage.site/resources/pics/bank_1_nordea.png HTTP/1.1" 200 4807
47.128.44.47 - - [28/Jun/2024:03:12:59 +0200] "GET /ticket2/opencms/system/modules/com.gridnine.opencms.ticketbrokerage.site/resources/pics/bank_5_visa_mastercard.png HTTP/1.1" 200 8196
47.128.44.47 - - [28/Jun/2024:03:12:59 +0200] "GET /ticket2/opencms/system/modules/com.gridnine.opencms.ticketbrokerage.site/resources/pics/bank_6_american_express.png HTTP/1.1" 200 5570
66.249.75.167 - - [28/Jun/2024:03:12:59 +0200] "GET /ticket2/opencms/system/modules/com.gridnine.opencms.ticketbrokerage.site/resources/js/jquery/jquery-ui.js HTTP/1.1" 200 228088
51.222.253.17 - - [28/Jun/2024:03:12:59 +0200] "GET /ticket2/opencms/no/buy/?page=1&edid=BBDCBF15-1B06-DD9F-49B6-3829D3B56DBC HTTP/1.1" 200 86541
66.249.75.167 - - [28/Jun/2024:03:13:00 +0200] "GET /ticket2/opencms/system/modules/com.gridnine.opencms.ticketbrokerage.site/resources/css/ticketbrokerage.css HTTP/1.1" 200 39339
66.249.75.167 - - [28/Jun/2024:03:13:00 +0200] "GET /ticket2/opencms/system/modules/com.gridnine.opencms.ticketbrokerage.site/resources/js/functions.js HTTP/1.1" 200 1583
66.249.75.167 - - [28/Jun/2024:03:13:01 +0200] "GET /ticket2/opencms/system/modules/com.gridnine.opencms.ticketbrokerage.site/resources/js/jquery.fancybox.pack.js HTTP/1.1" 200 23187
66.249.75.167 - - [28/Jun/2024:03:13:01 +0200] "GET /ticket2/opencms/system/modules/com.gridnine.opencms.ticketbrokerage.site/resources/js/stickyfill.min.js HTTP/1.1" 200 5672
66.249.75.167 - - [28/Jun/2024:03:13:02 +0200] "GET /ticket2/opencms/system/modules/com.gridnine.opencms.ticketbrokerage.site/resources/css/standard.css HTTP/1.1" 200 71935
66.249.75.167 - - [28/Jun/2024:03:13:02 +0200] "GET /ticket2/opencms/system/modules/com.gridnine.opencms.ticketbrokerage.site/resources/css/jquery-ui.css HTTP/1.1" 200 33221
52.70.240.171 - - [28/Jun/2024:03:13:02 +0200] "GET /ticket2/opencms/es/buy/?catid=412DBCF4-025D-8ABC-7A40-D7C760E055FF&comcatid=0A6B8208-FDA4-E929-9D72-5312FD481B76 HTTP/1.1" 200 77167
66.249.76.170 - - [28/Jun/2024:03:13:03 +0200] "GET /ticket2/opencms/system/modules/com.gridnine.opencms.ticketbrokerage.site/resources/js/jquery/jquery.js HTTP/1.1" 200 93868
66.249.75.167 - - [28/Jun/2024:03:13:04 +0200] "GET /ticket2/opencms/system/modules/com.gridnine.opencms.ticketbrokerage.site/resources/js/jquery.placeholder.min.js HTTP/1.1" 200 1737
65.108.227.178 - - [28/Jun/2024:03:13:05 +0200] "GET /ticket2/opencms/dk/en/buy/?page=1&edid=D2859788-1C1C-03A4-4D76-15912E297AD9&sortorder=desc&column=row HTTP/1.1" 404 -
66.249.75.167 - - [28/Jun/2024:03:13:06 +0200] "GET /ticket2/opencms/system/modules/com.gridnine.opencms.ticketbrokerage.site/resources/js/common-ajax.js HTTP/1.1" 200 20175
23.22.35.162 - - [28/Jun/2024:03:13:07 +0200] "GET /ticket2/opencms/es/buy/?catid=A05A53F7-423D-23BE-575E-EA7B67DE22D9&comcatid=0A6B8208-FDA4-E929-9D72-5312FD481B76 HTTP/1.1" 200 77165
158.220.119.96 - - [28/Jun/2024:03:13:08 +0200] "GET /ticket2/opencms/en/buy/?page=1&edid=5334896C-C3F5-3C15-5145-9352C3FF461E&sortorder=desc&column=row HTTP/1.1" 200 88493
23.22.35.162 - - [28/Jun/2024:03:13:10 +0200] "GET /ticket2/opencms/es/buy/?catid=53E7B32E-5CAA-6CE7-D6AA-FFC41D70EE01&comcatid=0A6B8208-FDA4-E929-9D72-5312FD481B76 HTTP/1.1" 200 77165
52.70.240.171 - - [28/Jun/2024:03:13:14 +0200] "GET /ticket2/opencms/es/buy/?catid=5ED34547-492C-90DA-709D-448345844685&comcatid=0A6B8208-FDA4-E929-9D72-5312FD481B76 HTTP/1.1" 200 77165
5.9.55.228 - - [28/Jun/2024:03:13:15 +0200] "GET /ticket2/opencms/en/buy/?comcatid=97ECA65A-72DA-F9AF-9DBB-245D3CFED1BE&catid=2CCC191C-F37F-B9CA-D41C-1204E575B328 HTTP/1.1" 200 76627
23.22.35.162 - - [28/Jun/2024:03:13:18 +0200] "GET /ticket2/opencms/es/buy/?catid=3A56B1C2-6FFB-C8D1-B229-B3914D5FF8DF&comcatid=0A6B8208-FDA4-E929-9D72-5312FD481B76 HTTP/1.1" 200 77168
52.70.240.171 - - [28/Jun/2024:03:13:22 +0200] "GET /ticket2/opencms/es/buy/?catid=8C381435-A1E8-94AF-2C58-D133FCA44A31&comcatid=66708183-7480-3365-06BF-DBF60280AB45 HTTP/1.1" 200 75516
158.220.119.96 - - [28/Jun/2024:03:13:25 +0200] "GET /ticket2/opencms/en/buy/?page=1&edid=5334896C-C3F5-3C15-5145-9352C3FF461E&sortorder=desc&column=section HTTP/1.1" 200 88493
23.22.35.162 - - [28/Jun/2024:03:13:26 +0200] "GET /ticket2/opencms/es/buy/?catid=30D5812D-0858-4843-8F45-C38AE504153C&comcatid=66708183-7480-3365-06BF-DBF60280AB45 HTTP/1.1" 200 75512
47.128.124.81 - - [28/Jun/2024:03:13:26 +0200] "GET /ticket2/opencms/no/sport/fotballsbilletter/premier_league/aston_villa/ HTTP/1.1" 200 86021
47.128.124.81 - - [28/Jun/2024:03:13:27 +0200] "GET /ticket2/opencms/system/modules/com.gridnine.opencms.ticketbrokerage.site/resources/pics/logo-new.png HTTP/1.1" 200 13541
47.128.124.81 - - [28/Jun/2024:03:13:27 +0200] "GET /ticket2/opencms/system/modules/com.gridnine.opencms.ticketbrokerage.site/resources/pics/banners/Aston_Villa.jpg HTTP/1.1" 200 23156
47.128.124.81 - - [28/Jun/2024:03:13:28 +0200] "GET /ticket2/opencms/system/modules/com.gridnine.opencms.ticketbrokerage.site/resources/pics/bank_4_seb.png HTTP/1.1" 200 2487
47.128.124.81 - - [28/Jun/2024:03:13:28 +0200] "GET /ticket2/opencms/system/modules/com.gridnine.opencms.ticketbrokerage.site/resources/pics/bank_1_nordea.png HTTP/1.1" 200 4807
47.128.124.81 - - [28/Jun/2024:03:13:28 +0200] "GET /ticket2/opencms/system/modules/com.gridnine.opencms.ticketbrokerage.site/resources/pics/bank_2_handelsbanken.png HTTP/1.1" 200 4509
47.128.124.81 - - [28/Jun/2024:03:13:28 +0200] "GET /ticket2/opencms/system/modules/com.gridnine.opencms.ticketbrokerage.site/resources/pics/bank_3_swedbank.png HTTP/1.1" 200 5740
47.128.124.81 - - [28/Jun/2024:03:13:28 +0200] "GET /ticket2/opencms/system/modules/com.gridnine.opencms.ticketbrokerage.site/resources/pics/bank_5_visa_mastercard.png HTTP/1.1" 200 8196
65.108.227.178 - - [28/Jun/2024:03:13:28 +0200] "GET /ticket2/opencms/dk/en/buy/?page=1&edid=D2859788-1C1C-03A4-4D76-15912E297AD9&sortorder=desc&column=section HTTP/1.1" 404 -
47.128.124.81 - - [28/Jun/2024:03:13:28 +0200] "GET /ticket2/opencms/system/modules/com.gridnine.opencms.ticketbrokerage.site/resources/pics/bank_6_american_express.png HTTP/1.1" 200 5570
52.87.122.163 - - [28/Jun/2024:03:13:29 +0200] "GET /ticket2/opencms/de/ HTTP/1.1" 200 91946
5.9.55.228 - - [28/Jun/2024:03:13:29 +0200] "GET /ticket2/opencms/en/buy/?comcatid=97ECA65A-72DA-F9AF-9DBB-245D3CFED1BE&catid=2E79AED8-FF58-B4E8-AFB0-43E7CEBE7864 HTTP/1.1" 200 76623
23.22.35.162 - - [28/Jun/2024:03:13:30 +0200] "GET /ticket2/opencms/es/buy/?catid=05A94519-01D1-C86F-9031-84936B0B9DAE&comcatid=66708183-7480-3365-06BF-DBF60280AB45 HTTP/1.1" 200 75511
52.70.240.171 - - [28/Jun/2024:03:13:34 +0200] "GET /ticket2/opencms/es/buy/?catid=7D3BEF66-5D88-3916-5B89-0E7B139E0169&comcatid=97ECA65A-72DA-F9AF-9DBB-245D3CFED1BE HTTP/1.1" 200 78450
23.22.35.162 - - [28/Jun/2024:03:13:38 +0200] "GET /ticket2/opencms/es/buy/?catid=F7FF413B-5FDF-82CF-E5BB-CD4AB6027974&comcatid=97ECA65A-72DA-F9AF-9DBB-245D3CFED1BE HTTP/1.1" 200 78444
158.220.119.96 - - [28/Jun/2024:03:13:41 +0200] "GET /ticket2/opencms/en/buy/?page=1&edid=5C8B3B85-933A-05F1-6523-80053ADA509F&sortorder=desc&column=price HTTP/1.1" 200 88494
3.224.220.101 - - [28/Jun/2024:03:13:42 +0200] "GET /ticket2/opencms/es/buy/?catid=E3105E1E-3982-291E-5523-1C1DF161E9B7&comcatid=97ECA65A-72DA-F9AF-9DBB-245D3CFED1BE HTTP/1.1" 200 78447
5.9.55.228 - - [28/Jun/2024:03:13:46 +0200] "GET /ticket2/opencms/en/buy/?comcatid=97ECA65A-72DA-F9AF-9DBB-245D3CFED1BE&catid=4C4DADF0-07CC-9B24-D2D9-940EF378BE99 HTTP/1.1" 200 76624
23.22.35.162 - - [28/Jun/2024:03:13:46 +0200] "GET /ticket2/opencms/es/buy/?catid=2E79AED8-FF58-B4E8-AFB0-43E7CEBE7864&comcatid=97ECA65A-72DA-F9AF-9DBB-245D3CFED1BE HTTP/1.1" 200 78445
3.224.220.101 - - [28/Jun/2024:03:13:50 +0200] "GET /ticket2/opencms/es/buy/?catid=55D1256D-BDD9-CBA3-47A3-0A252F702555&comcatid=97ECA65A-72DA-F9AF-9DBB-245D3CFED1BE HTTP/1.1" 200 78451
13.65.240.252 - - [28/Jun/2024:03:13:53 +0200] "GET /ticket2/opencms/robots.txt HTTP/1.1" 200 773
13.65.240.252 - - [28/Jun/2024:03:13:54 +0200] "GET /ticket2/opencms/en/sport/football-tickets/serie_a/genoa/ HTTP/1.1" 200 73197
3.224.220.101 - - [28/Jun/2024:03:13:54 +0200] "GET /ticket2/opencms/es/buy/?catid=81B744E7-1FEE-E757-C0AB-C7AF73CDE252&comcatid=97ECA65A-72DA-F9AF-9DBB-245D3CFED1BE HTTP/1.1" 200 78444
66.249.76.167 - - [28/Jun/2024:03:13:55 +0200] "GET /ticket2/opencms/sv/venue/?venueid=3696F630-3175-B624-1F25-409A07AAD64C HTTP/1.1" 200 72187
66.249.76.160 - - [28/Jun/2024:03:13:55 +0200] "GET /ticket2/opencms/no/buy/?page=1&edid=55071255-F1B1-83D4-CE10-06DA54270E48 HTTP/1.1" 200 86534
65.108.227.178 - - [28/Jun/2024:03:13:55 +0200] "GET /ticket2/opencms/dk/en/buy/?page=1&edid=D46E0578-2C40-B575-6691-BBD6C7BC77BE&sortorder=desc&column=price HTTP/1.1" 404 -
158.220.119.96 - - [28/Jun/2024:03:13:55 +0200] "GET /ticket2/opencms/en/buy/?page=1&edid=5C8B3B85-933A-05F1-6523-80053ADA509F&sortorder=desc&column=row HTTP/1.1" 200 88494
66.249.72.103 - - [28/Jun/2024:03:13:57 +0200] "GET /ticket2/opencms/sv/buy/?page=1&edid=ACB1E7D7-0E7C-427B-E737-7A4E15C5EE0F HTTP/1.1" 200 111646
23.22.35.162 - - [28/Jun/2024:03:13:58 +0200] "GET /ticket2/opencms/es/buy/?catid=F4D223A4-C027-46DC-3DE5-726A23E30A62&comcatid=97ECA65A-72DA-F9AF-9DBB-245D3CFED1BE HTTP/1.1" 200 78444
66.249.69.128 - - [28/Jun/2024:03:13:58 +0200] "GET /ticket2/opencms/dk/buy/?page=1&edid=3289C097-2261-9433-8644-DF033A9EE354 HTTP/1.1" 200 116676
23.22.35.162 - - [28/Jun/2024:03:14:03 +0200] "GET /ticket2/opencms/es/buy/?catid=078F99D4-0B9E-E323-5A07-D7B70F6E8874&comcatid=97ECA65A-72DA-F9AF-9DBB-245D3CFED1BE HTTP/1.1" 200 78447
5.9.55.228 - - [28/Jun/2024:03:14:04 +0200] "GET /ticket2/opencms/dk/ HTTP/1.1" 200 91647
3.92.60.13 - - [28/Jun/2024:03:14:04 +0200] "GET /ticket2/opencms/es/ HTTP/1.1" 200 93065
52.70.240.171 - - [28/Jun/2024:03:14:06 +0200] "GET /ticket2/opencms/es/buy/?catid=757E2DFB-33DA-9B34-8402-9F06B19D8409&comcatid=97ECA65A-72DA-F9AF-9DBB-245D3CFED1BE HTTP/1.1" 200 78453
66.249.87.200 - - [28/Jun/2024:03:14:07 +0200] "GET /ticket2/opencms/dk/sport/fodboldbilletter/la-liga/ HTTP/1.1" 200 77747
3.224.220.101 - - [28/Jun/2024:03:14:10 +0200] "GET /ticket2/opencms/es/buy/?catid=9457695E-36ED-A63E-7A88-32963954E2C7&comcatid=97ECA65A-72DA-F9AF-9DBB-245D3CFED1BE HTTP/1.1" 200 78452
51.222.253.17 - - [28/Jun/2024:03:14:13 +0200] "GET /ticket2/opencms/no/buy/?page=1&edid=B63A2D15-1363-3F7D-6FAD-9E0AE65FC077 HTTP/1.1" 200 86543
114.119.128.162 - - [28/Jun/2024:03:14:13 +0200] "GET /ticket2/opencms/en/sell/?edid=AE603F73-26C1-70A5-4658-9648E055ED98 HTTP/1.1" 302 -
23.22.35.162 - - [28/Jun/2024:03:14:14 +0200] "GET /ticket2/opencms/es/buy/?catid=8B6802AF-1ADE-4BE1-A1F7-7671190CFB4F&comcatid=97ECA65A-72DA-F9AF-9DBB-245D3CFED1BE HTTP/1.1" 200 78451
47.128.22.156 - - [28/Jun/2024:03:14:15 +0200] "GET /ticket2/opencms/dk/sport/fodboldbilletter/bundesliga/mainz/ HTTP/1.1" 200 73069
5.9.55.228 - - [28/Jun/2024:03:14:15 +0200] "GET /ticket2/opencms/en HTTP/1.1" 200 91208
158.220.119.96 - - [28/Jun/2024:03:14:16 +0200] "GET /ticket2/opencms/en/buy/?page=1&edid=5C8B3B85-933A-05F1-6523-80053ADA509F&sortorder=desc&column=section HTTP/1.1" 200 88494
114.119.128.162 - - [28/Jun/2024:03:14:17 +0200] "GET /ticket2/opencms/en/login/?url=/en/sell/ HTTP/1.1" 200 73431
47.128.22.156 - - [28/Jun/2024:03:14:17 +0200] "GET /ticket2/opencms/system/modules/com.gridnine.opencms.ticketbrokerage.site/resources/pics/logo-new.png HTTP/1.1" 200 13541
47.128.22.156 - - [28/Jun/2024:03:14:17 +0200] "GET /ticket2/opencms/system/modules/com.gridnine.opencms.ticketbrokerage.site/resources/pics/banners/sv/FSV_Mainz_05.jpg HTTP/1.1" 200 35116
47.128.22.156 - - [28/Jun/2024:03:14:17 +0200] "GET /ticket2/opencms/system/modules/com.gridnine.opencms.ticketbrokerage.site/resources/pics/bank_4_seb.png HTTP/1.1" 200 2487
47.128.22.156 - - [28/Jun/2024:03:14:17 +0200] "GET /ticket2/opencms/system/modules/com.gridnine.opencms.ticketbrokerage.site/resources/pics/bank_1_nordea.png HTTP/1.1" 200 4807
47.128.22.156 - - [28/Jun/2024:03:14:17 +0200] "GET /ticket2/opencms/system/modules/com.gridnine.opencms.ticketbrokerage.site/resources/pics/bank_2_handelsbanken.png HTTP/1.1" 200 4509
47.128.22.156 - - [28/Jun/2024:03:14:18 +0200] "GET /ticket2/opencms/system/modules/com.gridnine.opencms.ticketbrokerage.site/resources/pics/bank_3_swedbank.png HTTP/1.1" 200 5740
47.128.22.156 - - [28/Jun/2024:03:14:18 +0200] "GET /ticket2/opencms/system/modules/com.gridnine.opencms.ticketbrokerage.site/resources/pics/bank_5_visa_mastercard.png HTTP/1.1" 200 8196
47.128.22.156 - - [28/Jun/2024:03:14:18 +0200] "GET /ticket2/opencms/system/modules/com.gridnine.opencms.ticketbrokerage.site/resources/pics/bank_6_american_express.png HTTP/1.1" 200 5570
52.70.240.171 - - [28/Jun/2024:03:14:18 +0200] "GET /ticket2/opencms/es/buy/?catid=6CD184E8-C8D4-E1CC-33D0-6F47E3751240&comcatid=97ECA65A-72DA-F9AF-9DBB-245D3CFED1BE HTTP/1.1" 200 78449
65.108.227.178 - - [28/Jun/2024:03:14:20 +0200] "GET /ticket2/opencms/dk/en/buy/?page=1&edid=D8086CE4-ACF7-AAFD-046B-ED06E1A079AF&sortorder=asc&column=price HTTP/1.1" 404 -
52.70.240.171 - - [28/Jun/2024:03:14:22 +0200] "GET /ticket2/opencms/es/buy/?catid=1656E964-1E02-9A38-D092-65384E60B6EA&comcatid=97ECA65A-72DA-F9AF-9DBB-245D3CFED1BE HTTP/1.1" 200 78445
5.9.55.228 - - [28/Jun/2024:03:14:23 +0200] "GET /ticket2/opencms/en/ HTTP/1.1" 200 91208
23.22.35.162 - - [28/Jun/2024:03:14:26 +0200] "GET /ticket2/opencms/es/buy/?catid=D414C6A5-7A03-3389-42A8-D7B7FE32BB37&comcatid=97ECA65A-72DA-F9AF-9DBB-245D3CFED1BE HTTP/1.1" 200 78458
