5.9.55.228 - - [28/Jun/2024:02:53:05 +0200] "GET /ticket2/opencms/en/buy/?comcatid=a17713b6-d984-201a-4143-ed4db5ed5c2e&catid=c0df818c-db21-6e2e-4056-db751ffe0c41 HTTP/1.1" 200 71532
23.22.35.162 - - [28/Jun/2024:02:53:06 +0200] "GET /ticket2/opencms/es/buy/?edid=428D934B-266D-69A5-FC2D-05CA08A2DC1A&page=1 HTTP/1.1" 200 87138
52.70.240.171 - - [28/Jun/2024:02:53:10 +0200] "GET /ticket2/opencms/es/buy/?edid=C65C7DD7-B53E-6743-1299-72135D790427&page=1 HTTP/1.1" 200 112078
114.119.153.114 - - [28/Jun/2024:02:53:11 +0200] "GET /ticket2/opencms/en/venue/?venueid=644AC771-2186-260E-75E7-7F6B39C5B86B HTTP/1.1" 200 71375
185.157.223.150 - - [28/Jun/2024:02:53:13 +0200] "GET /ticket2/tickets_export/outgoing/export.txt HTTP/1.1" 200 24612147
3.224.220.101 - - [28/Jun/2024:02:53:14 +0200] "GET /ticket2/opencms/es/buy/?edid=9D7ABF2F-B431-422E-3673-716FB77076E6&page=1 HTTP/1.1" 200 87156
51.222.253.20 - - [28/Jun/2024:02:53:16 +0200] "GET /ticket2/opencms/dk/venue/?countryid=D3DB55BA-ABAE-0702-A973-202744AB3BB9 HTTP/1.1" 200 101181
23.22.35.162 - - [28/Jun/2024:02:53:18 +0200] "GET /ticket2/opencms/es/buy/?edid=BA65675B-ADB5-F482-B91D-06897B158EA1&page=1 HTTP/1.1" 200 111912
5.9.55.228 - - [28/Jun/2024:02:53:22 +0200] "GET /ticket2/opencms/en/buy/?comcatid=a17713b6-d984-201a-4143-ed4db5ed5c2e&catid=c48671db-5aeb-8ce2-928e-38417ffbe085 HTTP/1.1" 200 71532
52.70.240.171 - - [28/Jun/2024:02:53:23 +0200] "GET /ticket2/opencms/es/buy/?edid=EB4DE1F4-F429-D890-6213-A5B01648901D&page=1 HTTP/1.1" 200 107835
23.22.35.162 - - [28/Jun/2024:02:53:26 +0200] "GET /ticket2/opencms/es/buy/?edid=830F2AEC-7FB6-11C1-AD11-54BD6744D648&page=1 HTTP/1.1" 200 107877
52.70.240.171 - - [28/Jun/2024:02:53:31 +0200] "GET /ticket2/opencms/es/buy/?edid=7D165939-BF98-0026-A2D4-02E534C6E447&page=1 HTTP/1.1" 200 102727
52.70.240.171 - - [28/Jun/2024:02:53:34 +0200] "GET /ticket2/opencms/es/buy/?edid=7D0034DE-60A0-B971-BE37-13F34A8B84FE&page=1 HTTP/1.1" 200 112493
23.22.35.162 - - [28/Jun/2024:02:53:38 +0200] "GET /ticket2/opencms/es/buy/?edid=3DA4D4F8-D0E8-FA39-BB7D-9FB474CBAB05&page=1 HTTP/1.1" 200 88938
5.9.55.228 - - [28/Jun/2024:02:53:39 +0200] "GET /ticket2/opencms/en/buy/?comcatid=a17713b6-d984-201a-4143-ed4db5ed5c2e&catid=c871eae3-c584-718a-9795-07cdef43fa75 HTTP/1.1" 200 71532
114.119.146.55 - - [28/Jun/2024:02:53:40 +0200] "GET /ticket2/opencms/en/buy/?page=1&edid=6D2674A5-F289-A8BC-ABCC-A13CA65D09E4 HTTP/1.1" 200 86761
3.224.220.101 - - [28/Jun/2024:02:53:42 +0200] "GET /ticket2/opencms/es/buy/?edid=4DF0D9FC-63B4-BC0C-C1C6-5A8F2E684398&page=1 HTTP/1.1" 200 112699
216.245.221.83 - - [28/Jun/2024:02:53:44 +0200] "HEAD /ticket2/opencms/ HTTP/1.1" 302 -
216.245.221.83 - - [28/Jun/2024:02:53:45 +0200] "HEAD /ticket2/opencms/en/ HTTP/1.1" 200 -
52.70.240.171 - - [28/Jun/2024:02:53:47 +0200] "GET /ticket2/opencms/es/buy/?edid=0F9D6B87-FBA2-98F6-6A11-CBBA4D2A86C1&page=1 HTTP/1.1" 200 118194
66.249.69.128 - - [28/Jun/2024:02:53:48 +0200] "GET /ticket2/opencms/dk/buy/?page=1&edid=57C8D150-DCBD-4911-196A-160A37952FA8 HTTP/1.1" 200 115905
40.77.167.56 - - [28/Jun/2024:02:53:50 +0200] "GET /ticket2/opencms/en/sell/?edid=2257C75C-BA42-2AAA-5AB5-C3F917CC9AC1 HTTP/1.1" 302 -
3.224.220.101 - - [28/Jun/2024:02:53:50 +0200] "GET /ticket2/opencms/es/buy/?edid=59FF6FC0-0E24-887E-599D-D93F8931961C&page=1 HTTP/1.1" 200 111887
47.128.63.241 - - [28/Jun/2024:02:53:52 +0200] "GET /ticket2/opencms/de/buy/?catid=F2006A3D-5EE0-B40B-5749-60C15271538F&comcatid=A17713B6-D984-201A-4143-ED4DB5ED5C2E HTTP/1.1" 200 82769
47.128.63.241 - - [28/Jun/2024:02:53:53 +0200] "GET /ticket2/opencms/system/modules/com.gridnine.opencms.ticketbrokerage.site/resources/pics/logo-new.png HTTP/1.1" 200 13541
47.128.63.241 - - [28/Jun/2024:02:53:53 +0200] "GET /ticket2/opencms/system/modules/com.gridnine.opencms.ticketbrokerage.site/resources/pics/bank_1_nordea.png HTTP/1.1" 200 4807
47.128.63.241 - - [28/Jun/2024:02:53:54 +0200] "GET /ticket2/opencms/system/modules/com.gridnine.opencms.ticketbrokerage.site/resources/pics/bank_4_seb.png HTTP/1.1" 200 2487
47.128.63.241 - - [28/Jun/2024:02:53:54 +0200] "GET /ticket2/opencms/system/modules/com.gridnine.opencms.ticketbrokerage.site/resources/pics/bank_2_handelsbanken.png HTTP/1.1" 200 4509
47.128.63.241 - - [28/Jun/2024:02:53:54 +0200] "GET /ticket2/opencms/system/modules/com.gridnine.opencms.ticketbrokerage.site/resources/pics/bank_5_visa_mastercard.png HTTP/1.1" 200 8196
47.128.63.241 - - [28/Jun/2024:02:53:54 +0200] "GET /ticket2/opencms/system/modules/com.gridnine.opencms.ticketbrokerage.site/resources/pics/bank_3_swedbank.png HTTP/1.1" 200 5740
47.128.63.241 - - [28/Jun/2024:02:53:54 +0200] "GET /ticket2/opencms/system/modules/com.gridnine.opencms.ticketbrokerage.site/resources/pics/bank_6_american_express.png HTTP/1.1" 200 5570
23.22.35.162 - - [28/Jun/2024:02:53:55 +0200] "GET /ticket2/opencms/es/buy/?edid=26FD5F34-C195-7172-EE2F-9EC20DBD4239&page=1 HTTP/1.1" 200 113124
40.77.167.56 - - [28/Jun/2024:02:53:58 +0200] "GET /ticket2/opencms/en/login/?url=/en/sell/ HTTP/1.1" 200 73431
23.22.35.162 - - [28/Jun/2024:02:53:58 +0200] "GET /ticket2/opencms/es/buy/?edid=0F75B18C-E221-E332-009D-FADB7D439839&page=1 HTTP/1.1" 200 112809
5.9.55.228 - - [28/Jun/2024:02:54:00 +0200] "GET /ticket2/opencms/en/buy/?comcatid=a17713b6-d984-201a-4143-ed4db5ed5c2e&catid=d08e96e8-a514-9e09-4e22-63713911e0b8 HTTP/1.1" 200 71532
52.70.240.171 - - [28/Jun/2024:02:54:02 +0200] "GET /ticket2/opencms/es/buy/?edid=AC0B9D95-EFDF-620F-1AF4-978A4B3BD208&page=1 HTTP/1.1" 200 87150
23.22.35.162 - - [28/Jun/2024:02:54:06 +0200] "GET /ticket2/opencms/es/buy/?edid=8A15C340-B6C2-2F43-473C-6069B2AC1544&page=1 HTTP/1.1" 200 112070
52.70.240.171 - - [28/Jun/2024:02:54:11 +0200] "GET /ticket2/opencms/es/buy/?edid=EDCAEF56-BB28-CA21-E73A-84906B6960A7&page=1 HTTP/1.1" 200 112531
3.224.220.101 - - [28/Jun/2024:02:54:14 +0200] "GET /ticket2/opencms/es/buy/?edid=8B771AFF-A9A8-FE63-E57B-1170D3B7C5B8&page=1 HTTP/1.1" 200 113122
5.9.55.228 - - [28/Jun/2024:02:54:16 +0200] "GET /ticket2/opencms/en/buy/?comcatid=A17713B6-D984-201A-4143-ED4DB5ED5C2E&catid=B0817F4C-4B6F-A68C-6229-209BB05F84D4 HTTP/1.1" 200 81674
52.70.240.171 - - [28/Jun/2024:02:54:19 +0200] "GET /ticket2/opencms/es/buy/?edid=C51DC9BA-8ED0-8D5F-A005-77B2B61DA7C9&page=1 HTTP/1.1" 200 112701
23.22.35.162 - - [28/Jun/2024:02:54:22 +0200] "GET /ticket2/opencms/es/buy/?edid=3834B79A-5D67-764F-EEC4-EB2411D57169&page=1 HTTP/1.1" 200 87139
5.9.55.228 - - [28/Jun/2024:02:54:24 +0200] "GET /ticket2/opencms/en/buy/?comcatid=A17713B6-D984-201A-4143-ED4DB5ED5C2E&catid=BDD8C04C-DD99-1C07-B5F3-F2AB98D157E8 HTTP/1.1" 200 81682
3.224.220.101 - - [28/Jun/2024:02:54:26 +0200] "GET /ticket2/opencms/es/buy/?edid=CB2F98AB-2A36-6804-D7EE-05DAE30031CC&page=1 HTTP/1.1" 200 88938
51.222.253.13 - - [28/Jun/2024:02:54:26 +0200] "GET /ticket2/opencms/dk/venue/?countryid=BCA33F4B-7509-BC45-DAD2-4CA6BF14FC82 HTTP/1.1" 200 102309
89.160.2.197 - - [28/Jun/2024:02:54:29 +0200] "GET /ticket2/opencms/ HTTP/1.1" 302 -
52.70.240.171 - - [28/Jun/2024:02:54:30 +0200] "GET /ticket2/opencms/es/buy/?edid=55071255-F1B1-83D4-CE10-06DA54270E48&page=1 HTTP/1.1" 200 87153
109.105.109.197 - - [28/Jun/2024:02:54:32 +0200] "GET /ticket2/opencms/sv/ HTTP/1.1" 200 91831
37.123.187.229 - - [28/Jun/2024:02:54:33 +0200] "GET /ticket2/opencms/system/modules/com.gridnine.opencms.ticketbrokerage.site/resources/js/calendar.js HTTP/1.1" 200 49229
62.127.102.136 - - [28/Jun/2024:02:54:34 +0200] "GET /ticket2/opencms/system/modules/com.gridnine.opencms.ticketbrokerage.site/resources/css/standard.css HTTP/1.1" 200 71935
47.128.119.68 - - [28/Jun/2024:02:54:34 +0200] "GET /ticket2/opencms/it/buy/?edid=BE9538C3-9C42-28A4-854A-5FADE060382A HTTP/1.1" 200 73253
3.224.220.101 - - [28/Jun/2024:02:54:35 +0200] "GET /ticket2/opencms/es/buy/?edid=6312D7C5-4BBF-A97E-B93A-47328366BE18&page=1 HTTP/1.1" 200 111992
109.105.109.196 - - [28/Jun/2024:02:54:35 +0200] "GET /ticket2/opencms/system/modules/com.gridnine.opencms.ticketbrokerage.site/resources/css/calendar.css HTTP/1.1" 200 6871
62.127.102.134 - - [28/Jun/2024:02:54:36 +0200] "GET /ticket2/opencms/system/modules/com.gridnine.opencms.ticketbrokerage.site/resources/css/ticketbrokerage.css HTTP/1.1" 200 39339
47.128.119.68 - - [28/Jun/2024:02:54:37 +0200] "GET /ticket2/opencms/system/modules/com.gridnine.opencms.ticketbrokerage.site/resources/pics/logo-new.png HTTP/1.1" 200 13541
109.228.157.201 - - [28/Jun/2024:02:54:37 +0200] "GET /ticket2/opencms/system/modules/com.gridnine.opencms.ticketbrokerage.site/resources/css/jquery-ui.css HTTP/1.1" 200 33221
47.128.119.68 - - [28/Jun/2024:02:54:37 +0200] "GET /ticket2/opencms/system/modules/com.gridnine.opencms.ticketbrokerage.site/resources/pics/bank_1_nordea.png HTTP/1.1" 200 4807
47.128.119.68 - - [28/Jun/2024:02:54:38 +0200] "GET /ticket2/opencms/system/modules/com.gridnine.opencms.ticketbrokerage.site/resources/pics/bank_2_handelsbanken.png HTTP/1.1" 200 4509
23.22.35.162 - - [28/Jun/2024:02:54:38 +0200] "GET /ticket2/opencms/es/buy/?edid=96E011DF-5241-3266-195A-F1BA5B4FE37C&page=1 HTTP/1.1" 200 89590
82.209.181.230 - - [28/Jun/2024:02:54:38 +0200] "GET /ticket2/opencms/system/modules/com.gridnine.opencms.ticketbrokerage.site/resources/js/functions.js HTTP/1.1" 200 1583
47.128.119.68 - - [28/Jun/2024:02:54:38 +0200] "GET /ticket2/opencms/system/modules/com.gridnine.opencms.ticketbrokerage.site/resources/pics/bank_4_seb.png HTTP/1.1" 200 2487
47.128.119.68 - - [28/Jun/2024:02:54:38 +0200] "GET /ticket2/opencms/system/modules/com.gridnine.opencms.ticketbrokerage.site/resources/pics/bank_3_swedbank.png HTTP/1.1" 200 5740
47.128.119.68 - - [28/Jun/2024:02:54:38 +0200] "GET /ticket2/opencms/system/modules/com.gridnine.opencms.ticketbrokerage.site/resources/pics/bank_5_visa_mastercard.png HTTP/1.1" 200 8196
47.128.119.68 - - [28/Jun/2024:02:54:38 +0200] "GET /ticket2/opencms/system/modules/com.gridnine.opencms.ticketbrokerage.site/resources/pics/bank_6_american_express.png HTTP/1.1" 200 5570
37.123.187.228 - - [28/Jun/2024:02:54:39 +0200] "GET /ticket2/opencms/system/modules/com.gridnine.opencms.ticketbrokerage.site/resources/css/jquery.fancybox.css HTTP/1.1" 200 4939
89.160.2.197 - - [28/Jun/2024:02:54:41 +0200] "GET /ticket2/opencms/system/modules/com.gridnine.opencms.ticketbrokerage.site/resources/js/jquery/jquery-ui.js HTTP/1.1" 200 228088
3.224.220.101 - - [28/Jun/2024:02:54:42 +0200] "GET /ticket2/opencms/es/buy/?edid=C3116C51-41DE-7C13-575E-661138774698&page=1 HTTP/1.1" 200 107832
181.49.33.234 - - [28/Jun/2024:02:54:42 +0200] "GET / HTTP/1.1" 404 -
62.127.102.170 - - [28/Jun/2024:02:54:42 +0200] "GET /ticket2/opencms/system/modules/com.gridnine.opencms.ticketbrokerage.site/resources/js/calendar-en.js HTTP/1.1" 200 3338
62.127.102.168 - - [28/Jun/2024:02:54:43 +0200] "GET /ticket2/opencms/system/modules/com.gridnine.opencms.ticketbrokerage.site/resources/js/jquery.fancybox.pack.js HTTP/1.1" 200 23187
47.128.18.195 - - [28/Jun/2024:02:54:43 +0200] "GET /ticket2/opencms/fi/buy/?catid=F7F89B9B-6697-7881-54AE-4C39276BF1B8&comcatid=97ECA65A-72DA-F9AF-9DBB-245D3CFED1BE HTTP/1.1" 200 78395
47.128.18.195 - - [28/Jun/2024:02:54:45 +0200] "GET /ticket2/opencms/system/modules/com.gridnine.opencms.ticketbrokerage.site/resources/pics/logo-new.png HTTP/1.1" 200 13541
109.105.109.198 - - [28/Jun/2024:02:54:45 +0200] "GET /ticket2/opencms/system/modules/com.gridnine.opencms.ticketbrokerage.site/resources/js/jquery/jquery.js HTTP/1.1" 200 93868
47.128.18.195 - - [28/Jun/2024:02:54:45 +0200] "GET /ticket2/opencms/system/modules/com.gridnine.opencms.ticketbrokerage.site/resources/pics/bank_1_nordea.png HTTP/1.1" 200 4807
47.128.18.195 - - [28/Jun/2024:02:54:46 +0200] "GET /ticket2/opencms/system/modules/com.gridnine.opencms.ticketbrokerage.site/resources/pics/bank_5_visa_mastercard.png HTTP/1.1" 200 8196
5.9.55.228 - - [28/Jun/2024:02:54:46 +0200] "GET /ticket2/opencms/en/buy/?comcatid=A17713B6-D984-201A-4143-ED4DB5ED5C2E&catid=BE041FBE-C1A7-918C-EB61-99ED02D12F5B HTTP/1.1" 200 81683
62.127.102.167 - - [28/Jun/2024:02:54:46 +0200] "GET /ticket2/opencms/system/modules/com.gridnine.opencms.ticketbrokerage.site/resources/js/calendar-setup.js HTTP/1.1" 200 4923
47.128.18.195 - - [28/Jun/2024:02:54:46 +0200] "GET /ticket2/opencms/system/modules/com.gridnine.opencms.ticketbrokerage.site/resources/pics/bank_3_swedbank.png HTTP/1.1" 200 5740
47.128.18.195 - - [28/Jun/2024:02:54:46 +0200] "GET /ticket2/opencms/system/modules/com.gridnine.opencms.ticketbrokerage.site/resources/pics/bank_4_seb.png HTTP/1.1" 200 2487
47.128.18.195 - - [28/Jun/2024:02:54:46 +0200] "GET /ticket2/opencms/system/modules/com.gridnine.opencms.ticketbrokerage.site/resources/pics/bank_2_handelsbanken.png HTTP/1.1" 200 4509
47.128.18.195 - - [28/Jun/2024:02:54:46 +0200] "GET /ticket2/opencms/system/modules/com.gridnine.opencms.ticketbrokerage.site/resources/pics/bank_6_american_express.png HTTP/1.1" 200 5570
3.224.220.101 - - [28/Jun/2024:02:54:46 +0200] "GET /ticket2/opencms/es/buy/?edid=729B4624-40AD-E7A7-F9BA-94230F6FDC91&page=1 HTTP/1.1" 200 118191
109.228.157.203 - - [28/Jun/2024:02:54:47 +0200] "GET /ticket2/opencms/system/modules/com.gridnine.opencms.ticketbrokerage.site/resources/js/stickyfill.min.js HTTP/1.1" 200 5672
95.209.202.164 - - [28/Jun/2024:02:54:48 +0200] "GET /ticket2/opencms/img/icons/no.png HTTP/1.1" 200 1958
66.249.69.129 - - [28/Jun/2024:02:54:49 +0200] "GET /ticket2/opencms/dk/about/contact HTTP/1.1" 200 71180
52.70.240.171 - - [28/Jun/2024:02:54:50 +0200] "GET /ticket2/opencms/es/buy/?edid=2C495116-CB98-C9E3-B9E8-389135800397&page=1 HTTP/1.1" 200 112082
66.249.75.98 - - [28/Jun/2024:02:54:51 +0200] "GET /ticket2/opencms/en/buy/?page=1&edid=063774E2-DE1A-6A46-E97B-D379290B879E HTTP/1.1" 200 111379
66.249.72.33 - - [28/Jun/2024:02:54:52 +0200] "GET /ticket2/opencms/sv/buy/?page=1&edid=CF2C35CE-5AC3-0A68-0351-E449F3D5EA03 HTTP/1.1" 200 85954
66.249.76.133 - - [28/Jun/2024:02:54:54 +0200] "GET /ticket2/opencms/dk/buy/?page=1&edid=85FEE197-56BE-9C34-A3B3-D08AF509D2AB HTTP/1.1" 200 111122
5.9.55.228 - - [28/Jun/2024:02:54:54 +0200] "GET /ticket2/opencms/en/buy/?comcatid=a17713b6-d984-201a-4143-ed4db5ed5c2e&catid=f03b8add-988e-ae6a-8dba-af502c691c60 HTTP/1.1" 200 71532
52.70.240.171 - - [28/Jun/2024:02:54:55 +0200] "GET /ticket2/opencms/es/buy/?edid=3D90558B-59E5-DB4E-10D0-F79B6C89B78E&page=1 HTTP/1.1" 200 112487
109.228.157.202 - - [28/Jun/2024:02:54:55 +0200] "GET /ticket2/opencms/img/icons/se.png HTTP/1.1" 200 1258
66.249.72.33 - - [28/Jun/2024:02:54:55 +0200] "GET /ticket2/opencms/venue/stade_de_toulouse.png HTTP/1.1" 200 170440
109.105.109.198 - - [28/Jun/2024:02:54:58 +0200] "GET /ticket2/opencms/img/icons/dk.png HTTP/1.1" 200 1706
3.224.220.101 - - [28/Jun/2024:02:54:58 +0200] "GET /ticket2/opencms/es/buy/?edid=C29FD4D7-C114-3152-7015-AC9740876339&page=1 HTTP/1.1" 200 112036
62.127.102.133 - - [28/Jun/2024:02:54:59 +0200] "GET /ticket2/opencms/img/icons/fi.png HTTP/1.1" 200 1785
62.127.102.168 - - [28/Jun/2024:02:55:00 +0200] "GET /ticket2/opencms/system/modules/com.gridnine.opencms.ticketbrokerage.site/resources/js/standard.js HTTP/1.1" 200 3978
62.127.102.231 - - [28/Jun/2024:02:55:01 +0200] "GET /ticket2/opencms/img/icons/nl.png HTTP/1.1" 200 1255
23.22.35.162 - - [28/Jun/2024:02:55:02 +0200] "GET /ticket2/opencms/es/buy/?edid=91E06EB3-29BE-78F9-C5D9-F08587328467&page=1 HTTP/1.1" 200 87151
89.160.2.197 - - [28/Jun/2024:02:55:02 +0200] "GET /ticket2/opencms/system/modules/com.gridnine.opencms.ticketbrokerage.site/resources/js/jquery.placeholder.min.js HTTP/1.1" 200 1737
5.9.55.228 - - [28/Jun/2024:02:55:02 +0200] "GET /ticket2/opencms/en/buy/?comcatid=a17713b6-d984-201a-4143-ed4db5ed5c2e&catid=f2006a3d-5ee0-b40b-5749-60c15271538f HTTP/1.1" 200 71532
109.228.157.203 - - [28/Jun/2024:02:55:03 +0200] "GET /ticket2/opencms/system/modules/com.gridnine.opencms.ticketbrokerage.site/resources/js/common-ajax.js HTTP/1.1" 200 20175
83.255.237.70 - - [28/Jun/2024:02:55:06 +0200] "GET /ticket2/opencms/img/icons/globe-white.png HTTP/1.1" 200 947
23.22.35.162 - - [28/Jun/2024:02:55:06 +0200] "GET /ticket2/opencms/es/buy/?edid=37DFD68F-280A-1D30-F150-17131E8FCDF4&page=1 HTTP/1.1" 200 87138
62.127.102.228 - - [28/Jun/2024:02:55:06 +0200] "GET /ticket2/opencms/img/icons/de.png HTTP/1.1" 200 1124
37.123.187.230 - - [28/Jun/2024:02:55:09 +0200] "GET /ticket2/opencms/img/icons/fr.png HTTP/1.1" 200 1764
109.228.157.201 - - [28/Jun/2024:02:55:10 +0200] "GET /ticket2/opencms/img/icons/es.png HTTP/1.1" 200 1005
3.224.220.101 - - [28/Jun/2024:02:55:10 +0200] "GET /ticket2/opencms/es/buy/?edid=F1EEEC67-D1C4-E916-20F3-F210A97B2C57&page=1 HTTP/1.1" 200 112697
109.228.157.198 - - [28/Jun/2024:02:55:13 +0200] "GET /ticket2/opencms/img/icons/it.png HTTP/1.1" 200 2040
62.127.102.132 - - [28/Jun/2024:02:55:14 +0200] "GET /ticket2/opencms/img/icons/en.png HTTP/1.1" 200 2415
3.224.220.101 - - [28/Jun/2024:02:55:14 +0200] "GET /ticket2/opencms/es/buy/?edid=9932A66C-27C7-56B1-5250-1F1A61E40951&page=1 HTTP/1.1" 200 87156
109.105.109.198 - - [28/Jun/2024:02:55:14 +0200] "GET /ticket2/opencms/system/modules/com.gridnine.opencms.ticketbrokerage.site/resources/pics/logo-new.png HTTP/1.1" 200 13541
109.228.157.199 - - [28/Jun/2024:02:55:15 +0200] "GET /ticket2/opencms/img/insta.png HTTP/1.1" 200 3967
62.127.102.167 - - [28/Jun/2024:02:55:16 +0200] "GET /ticket2/opencms/img/fb.png HTTP/1.1" 200 1269
83.255.237.72 - - [28/Jun/2024:02:55:17 +0200] "GET /ticket2/opencms/system/modules/com.gridnine.opencms.ticketbrokerage.site/resources/pics/bank_1_nordea.png HTTP/1.1" 200 4807
37.123.187.229 - - [28/Jun/2024:02:55:18 +0200] "GET /ticket2/opencms/system/modules/com.gridnine.opencms.ticketbrokerage.site/resources/pics/bank_2_handelsbanken.png HTTP/1.1" 200 4509
3.224.220.101 - - [28/Jun/2024:02:55:18 +0200] "GET /ticket2/opencms/es/buy/?edid=A134960E-B2EE-5140-FE1D-DD5D90F5903C&page=1 HTTP/1.1" 200 88937
109.228.157.203 - - [28/Jun/2024:02:55:19 +0200] "GET /ticket2/opencms/system/modules/com.gridnine.opencms.ticketbrokerage.site/resources/pics/bank_3_swedbank.png HTTP/1.1" 200 5740
5.9.55.228 - - [28/Jun/2024:02:55:20 +0200] "GET /ticket2/opencms/en/buy/?comcatid=a17713b6-d984-201a-4143-ed4db5ed5c2e&catid=ff8d7fe7-4b09-7305-01c7-2d47f7913eb8 HTTP/1.1" 200 71532
109.228.157.198 - - [28/Jun/2024:02:55:20 +0200] "GET /ticket2/opencms/system/modules/com.gridnine.opencms.ticketbrokerage.site/resources/pics/bank_4_seb.png HTTP/1.1" 200 2487
89.160.2.197 - - [28/Jun/2024:02:55:21 +0200] "GET /ticket2/opencms/system/modules/com.gridnine.opencms.ticketbrokerage.site/resources/pics/bank_5_visa_mastercard.png HTTP/1.1" 200 8196
109.228.157.203 - - [28/Jun/2024:02:55:22 +0200] "GET /ticket2/opencms/system/modules/com.gridnine.opencms.ticketbrokerage.site/resources/pics/bank_6_american_express.png HTTP/1.1" 200 5570
23.22.35.162 - - [28/Jun/2024:02:55:22 +0200] "GET /ticket2/opencms/es/buy/?edid=46DDC203-41AB-936F-F42F-3447B1C39BFC&page=1 HTTP/1.1" 200 111911
62.127.102.137 - - [28/Jun/2024:02:55:23 +0200] "GET /ticket2/opencms/img/mail.png HTTP/1.1" 200 403
37.123.187.233 - - [28/Jun/2024:02:55:24 +0200] "GET /ticket2/opencms/img/arrow.png HTTP/1.1" 200 753
23.22.35.162 - - [28/Jun/2024:02:55:26 +0200] "GET /ticket2/opencms/es/buy/?edid=B5C7399B-C087-FF38-4294-BB861C1DB4F9&page=1 HTTP/1.1" 200 112531
37.123.187.229 - - [28/Jun/2024:02:55:28 +0200] "GET /ticket2/opencms/img/check.png HTTP/1.1" 200 548
62.127.102.168 - - [28/Jun/2024:02:55:29 +0200] "GET /ticket2/opencms/img/chat.png HTTP/1.1" 200 416
109.228.157.200 - - [28/Jun/2024:02:55:29 +0200] "GET /ticket2/opencms/img/banner-pl.jpeg HTTP/1.1" 200 41818
37.123.187.231 - - [28/Jun/2024:02:55:30 +0200] "GET /ticket2/opencms/img/banner-ll.jpeg HTTP/1.1" 200 41825
3.224.220.101 - - [28/Jun/2024:02:55:31 +0200] "GET /ticket2/opencms/es/buy/?edid=65E7B63A-82AD-5350-7913-2D26A32C5940&page=1 HTTP/1.1" 200 111997
109.228.157.200 - - [28/Jun/2024:02:55:31 +0200] "GET /ticket2/opencms/img/banner-sa.jpeg HTTP/1.1" 200 41270
51.222.253.8 - - [28/Jun/2024:02:55:33 +0200] "GET /ticket2/opencms/dk/venue/?venueid=C0F938D7-4DFA-1781-F9B4-CE387BBF9E3B HTTP/1.1" 200 74740
47.128.116.211 - - [28/Jun/2024:02:55:34 +0200] "GET /ticket2/opencms/fr/sport/billets-football/premier_league/west_ham_united/ HTTP/1.1" 200 84742
23.22.35.162 - - [28/Jun/2024:02:55:34 +0200] "GET /ticket2/opencms/es/buy/?edid=6DFFB718-11C1-53C4-2A79-C844FA7A064D&page=1 HTTP/1.1" 200 113127
5.9.55.228 - - [28/Jun/2024:02:55:34 +0200] "GET /ticket2/opencms/en/buy/?comcatid=b41ccf2b-5558-7aee-3602-09bbde417d65 HTTP/1.1" 200 71532
47.128.116.211 - - [28/Jun/2024:02:55:35 +0200] "GET /ticket2/opencms/system/modules/com.gridnine.opencms.ticketbrokerage.site/resources/js/calendar-en.js HTTP/1.1" 200 3338
47.128.116.211 - - [28/Jun/2024:02:55:36 +0200] "GET /ticket2/opencms/system/modules/com.gridnine.opencms.ticketbrokerage.site/resources/pics/logo-new.png HTTP/1.1" 200 13541
47.128.116.211 - - [28/Jun/2024:02:55:36 +0200] "GET /ticket2/opencms/system/modules/com.gridnine.opencms.ticketbrokerage.site/resources/pics/bank_4_seb.png HTTP/1.1" 200 2487
47.128.116.211 - - [28/Jun/2024:02:55:36 +0200] "GET /ticket2/opencms/system/modules/com.gridnine.opencms.ticketbrokerage.site/resources/pics/bank_1_nordea.png HTTP/1.1" 200 4807
47.128.116.211 - - [28/Jun/2024:02:55:37 +0200] "GET /ticket2/opencms/system/modules/com.gridnine.opencms.ticketbrokerage.site/resources/pics/bank_2_handelsbanken.png HTTP/1.1" 200 4509
47.128.116.211 - - [28/Jun/2024:02:55:37 +0200] "GET /ticket2/opencms/system/modules/com.gridnine.opencms.ticketbrokerage.site/resources/pics/bank_5_visa_mastercard.png HTTP/1.1" 200 8196
47.128.116.211 - - [28/Jun/2024:02:55:37 +0200] "GET /ticket2/opencms/system/modules/com.gridnine.opencms.ticketbrokerage.site/resources/pics/bank_3_swedbank.png HTTP/1.1" 200 5740
47.128.116.211 - - [28/Jun/2024:02:55:37 +0200] "GET /ticket2/opencms/system/modules/com.gridnine.opencms.ticketbrokerage.site/resources/pics/bank_6_american_express.png HTTP/1.1" 200 5570
23.22.35.162 - - [28/Jun/2024:02:55:38 +0200] "GET /ticket2/opencms/es/buy/?edid=077A4D05-90D5-AF2A-B689-A4F52E73EBA2&page=1 HTTP/1.1" 200 118193
52.70.240.171 - - [28/Jun/2024:02:55:42 +0200] "GET /ticket2/opencms/es/buy/?edid=46ED3103-DE6B-A6DD-76D4-FB2A3432E453&page=1 HTTP/1.1" 200 112463
52.70.240.171 - - [28/Jun/2024:02:55:46 +0200] "GET /ticket2/opencms/es/buy/?edid=95423F1B-D1AB-68DD-A58C-5DE97CA2D553&page=1 HTTP/1.1" 200 112487
216.244.66.245 - - [28/Jun/2024:02:55:48 +0200] "GET /ticket2/opencms/se/robots.txt HTTP/1.1" 404 -
23.22.35.162 - - [28/Jun/2024:02:55:50 +0200] "GET /ticket2/opencms/es/buy/?edid=4E3FD371-418F-2707-0FE4-F6E7006C81F9&page=1 HTTP/1.1" 200 87153
5.9.55.228 - - [28/Jun/2024:02:55:51 +0200] "GET /ticket2/opencms/en/buy/?comcatid=b41ccf2b-5558-7aee-3602-09bbde417d65&catid=36dc4be2-91a2-6146-2be9-47b6f3c44edb HTTP/1.1" 200 71532
52.70.240.171 - - [28/Jun/2024:02:55:54 +0200] "GET /ticket2/opencms/es/buy/?edid=10C00DD9-2619-A832-C970-E24EDAAD57C7&page=1 HTTP/1.1" 200 112082
66.249.72.34 - - [28/Jun/2024:02:55:56 +0200] "GET /ticket2/opencms/en/buy/?page=1&edid=750C6040-29F7-425D-A24F-51B977F415A3 HTTP/1.1" 200 111492
52.70.240.171 - - [28/Jun/2024:02:55:58 +0200] "GET /ticket2/opencms/es/buy/?edid=DE73DB51-4178-AA85-D066-1C5C2E4D27B9&page=1 HTTP/1.1" 200 102729
216.245.221.83 - - [28/Jun/2024:02:55:58 +0200] "HEAD /ticket2/opencms/ HTTP/1.1" 302 -
216.245.221.83 - - [28/Jun/2024:02:56:02 +0200] "HEAD /ticket2/opencms/en/ HTTP/1.1" 200 -
185.191.171.6 - - [28/Jun/2024:02:56:02 +0200] "GET /ticket2/opencms/de/robots.txt HTTP/1.1" 404 -
3.224.220.101 - - [28/Jun/2024:02:56:02 +0200] "GET /ticket2/opencms/es/buy/?edid=361EAD73-436C-F7FD-91EE-7D353735C8BC&page=1 HTTP/1.1" 200 112904
89.160.2.196 - - [28/Jun/2024:02:56:05 +0200] "GET /ticket2/opencms/system/modules/com.gridnine.opencms.ticketbrokerage.site/resources/css/images/ui-bg_flat_75_ffffff_40x100.png HTTP/1.1" 404 -
185.191.171.3 - - [28/Jun/2024:02:56:05 +0200] "GET /ticket2/opencms/robots.txt HTTP/1.1" 200 773
5.9.55.228 - - [28/Jun/2024:02:56:06 +0200] "GET /ticket2/opencms/en/buy/?comcatid=b41ccf2b-5558-7aee-3602-09bbde417d65&catid=a34bcf61-e19c-5c5c-445e-06f3749e1ef4 HTTP/1.1" 200 71532
23.22.35.162 - - [28/Jun/2024:02:56:06 +0200] "GET /ticket2/opencms/es/buy/?edid=A2A8955F-0E7C-C876-91D5-2F1597674CD1&page=1 HTTP/1.1" 200 87151
85.208.96.198 - - [28/Jun/2024:02:56:06 +0200] "GET /ticket2/opencms/robots.txt HTTP/1.1" 200 773
185.191.171.1 - - [28/Jun/2024:02:56:07 +0200] "GET /ticket2/opencms/de/sv/buy?page=1 HTTP/1.1" 404 -
23.22.35.162 - - [28/Jun/2024:02:56:11 +0200] "GET /ticket2/opencms/es/buy/?edid=AF39FAB5-FE06-5368-91B7-FED96ACA064E&page=1 HTTP/1.1" 200 112085
23.22.35.162 - - [28/Jun/2024:02:56:14 +0200] "GET /ticket2/opencms/es/buy/?edid=3DBC817B-58FA-AA1C-2983-B86016C9BCF9&page=1 HTTP/1.1" 200 87148
3.224.220.101 - - [28/Jun/2024:02:56:18 +0200] "GET /ticket2/opencms/es/buy/?edid=FB201BEF-97AC-F5AA-1C79-FCD23FE64214&page=1 HTTP/1.1" 200 118191
5.9.55.228 - - [28/Jun/2024:02:56:22 +0200] "GET /ticket2/opencms/en/buy/?comcatid=b41ccf2b-5558-7aee-3602-09bbde417d65&catid=bf886bae-fc84-8cb3-a193-6dfa251f7985 HTTP/1.1" 200 71532
23.22.35.162 - - [28/Jun/2024:02:56:22 +0200] "GET /ticket2/opencms/es/buy/?edid=DC909086-9C5C-EBAF-0F10-7C4FD4D0055C&page=1 HTTP/1.1" 200 111993
47.128.126.43 - - [28/Jun/2024:02:56:24 +0200] "GET /ticket2/opencms/fi/buy/?eventid=C7B8839D-D05D-58E7-D08F-88E8ADCFDD77&page=10 HTTP/1.1" 200 74399
47.128.126.43 - - [28/Jun/2024:02:56:25 +0200] "GET /ticket2/opencms/system/modules/com.gridnine.opencms.ticketbrokerage.site/resources/pics/logo-new.png HTTP/1.1" 200 13541
47.128.126.43 - - [28/Jun/2024:02:56:26 +0200] "GET /ticket2/opencms/system/modules/com.gridnine.opencms.ticketbrokerage.site/resources/pics/bank_3_swedbank.png HTTP/1.1" 200 5740
3.224.220.101 - - [28/Jun/2024:02:56:26 +0200] "GET /ticket2/opencms/es/buy/?edid=7E0CE59A-F22E-9FBB-1FD3-8B411A5307E8&page=1 HTTP/1.1" 200 87145
47.128.126.43 - - [28/Jun/2024:02:56:27 +0200] "GET /ticket2/opencms/system/modules/com.gridnine.opencms.ticketbrokerage.site/resources/pics/bank_2_handelsbanken.png HTTP/1.1" 200 4509
47.128.126.43 - - [28/Jun/2024:02:56:27 +0200] "GET /ticket2/opencms/system/modules/com.gridnine.opencms.ticketbrokerage.site/resources/pics/bank_1_nordea.png HTTP/1.1" 200 4807
47.128.126.43 - - [28/Jun/2024:02:56:27 +0200] "GET /ticket2/opencms/system/modules/com.gridnine.opencms.ticketbrokerage.site/resources/pics/bank_6_american_express.png HTTP/1.1" 200 5570
47.128.126.43 - - [28/Jun/2024:02:56:27 +0200] "GET /ticket2/opencms/system/modules/com.gridnine.opencms.ticketbrokerage.site/resources/pics/bank_4_seb.png HTTP/1.1" 200 2487
47.128.126.43 - - [28/Jun/2024:02:56:27 +0200] "GET /ticket2/opencms/system/modules/com.gridnine.opencms.ticketbrokerage.site/resources/pics/bank_5_visa_mastercard.png HTTP/1.1" 200 8196
3.224.220.101 - - [28/Jun/2024:02:56:30 +0200] "GET /ticket2/opencms/es/buy/?edid=8A4BD3C0-720E-C7F3-26B8-C1C8D72D0618&page=1 HTTP/1.1" 200 107317
185.157.223.150 - - [28/Jun/2024:02:56:31 +0200] "GET /ticket2/tickets_export/outgoing/export.txt HTTP/1.1" 200 24612147
3.224.220.101 - - [28/Jun/2024:02:56:34 +0200] "GET /ticket2/opencms/es/buy/?edid=B77A7006-DEDC-BDA0-58BA-235C61E5D6CF&page=1 HTTP/1.1" 200 112029
23.22.35.162 - - [28/Jun/2024:02:56:39 +0200] "GET /ticket2/opencms/es/buy/?edid=551618B5-3860-8837-909D-AC46BA2A0628&page=1 HTTP/1.1" 200 113742
5.9.55.228 - - [28/Jun/2024:02:56:39 +0200] "GET /ticket2/opencms/en/buy/?comcatid=b41ccf2b-5558-7aee-3602-09bbde417d65&catid=e03f2203-3943-a0f0-a47d-d9e7cda79c6b HTTP/1.1" 200 71532
185.202.238.84 - - [28/Jun/2024:02:56:39 +0200] "GET /ticket2/opencms/dk/dk/buy/?page=1&edid=EA32B580-D146-0295-C525-A28B275AB4E5&sortorder=asc&column=row HTTP/1.1" 404 -
3.224.220.101 - - [28/Jun/2024:02:56:42 +0200] "GET /ticket2/opencms/es/buy/?edid=9298EE47-1A7F-20BC-182D-AD5062126FDE&page=1 HTTP/1.1" 200 89590
51.222.253.17 - - [28/Jun/2024:02:56:44 +0200] "GET /ticket2/opencms/fi/venue/?venueid=58F56EF7-205A-178F-AAD2-A2EA74CB1D0E HTTP/1.1" 200 72912
52.70.240.171 - - [28/Jun/2024:02:56:47 +0200] "GET /ticket2/opencms/es/buy/?edid=39289D35-63FA-63A2-5B00-1BD8BF9346B7&page=1 HTTP/1.1" 200 112532
52.70.240.171 - - [28/Jun/2024:02:56:50 +0200] "GET /ticket2/opencms/es/buy/?edid=4BA78F1B-E48D-30C2-5D4F-CB6F294B5082&page=1 HTTP/1.1" 200 88940
47.128.119.67 - - [28/Jun/2024:02:56:53 +0200] "GET /ticket2/opencms/it/buy/?edid=BA0F8DEE-5B47-CEE4-147B-0950F10B9786 HTTP/1.1" 200 73253
47.128.119.67 - - [28/Jun/2024:02:56:54 +0200] "GET /ticket2/opencms/system/modules/com.gridnine.opencms.ticketbrokerage.site/resources/css/jquery-ui.css HTTP/1.1" 200 33221
3.224.220.101 - - [28/Jun/2024:02:56:54 +0200] "GET /ticket2/opencms/es/buy/?edid=91870084-7155-79A9-A57C-A68AF475B93F&page=1 HTTP/1.1" 200 107834
47.128.119.67 - - [28/Jun/2024:02:56:55 +0200] "GET /ticket2/opencms/system/modules/com.gridnine.opencms.ticketbrokerage.site/resources/pics/logo-new.png HTTP/1.1" 200 13541
47.128.119.67 - - [28/Jun/2024:02:56:55 +0200] "GET /ticket2/opencms/system/modules/com.gridnine.opencms.ticketbrokerage.site/resources/pics/bank_1_nordea.png HTTP/1.1" 200 4807
47.128.119.67 - - [28/Jun/2024:02:56:55 +0200] "GET /ticket2/opencms/system/modules/com.gridnine.opencms.ticketbrokerage.site/resources/pics/bank_2_handelsbanken.png HTTP/1.1" 200 4509
47.128.119.67 - - [28/Jun/2024:02:56:55 +0200] "GET /ticket2/opencms/system/modules/com.gridnine.opencms.ticketbrokerage.site/resources/pics/bank_3_swedbank.png HTTP/1.1" 200 5740
47.128.119.67 - - [28/Jun/2024:02:56:56 +0200] "GET /ticket2/opencms/system/modules/com.gridnine.opencms.ticketbrokerage.site/resources/pics/bank_5_visa_mastercard.png HTTP/1.1" 200 8196
5.9.55.228 - - [28/Jun/2024:02:56:56 +0200] "GET /ticket2/opencms/en/buy/?eventid=0301901D-CDB0-76E6-A443-30FEE7E893FB&page=10 HTTP/1.1" 200 72677
47.128.119.67 - - [28/Jun/2024:02:56:56 +0200] "GET /ticket2/opencms/system/modules/com.gridnine.opencms.ticketbrokerage.site/resources/pics/bank_4_seb.png HTTP/1.1" 200 2487
47.128.119.67 - - [28/Jun/2024:02:56:56 +0200] "GET /ticket2/opencms/system/modules/com.gridnine.opencms.ticketbrokerage.site/resources/pics/bank_6_american_express.png HTTP/1.1" 200 5570
17.241.75.74 - - [28/Jun/2024:02:56:58 +0200] "GET /ticket2/opencms/sv/buy/?page=1&edid=C6F24A10-A1D2-DBF9-112B-19A08C69B98A HTTP/1.1" 200 85947
66.249.75.96 - - [28/Jun/2024:02:56:58 +0200] "GET /ticket2/opencms/en/venue/?venueid=316F63CB-1987-416B-84A9-D2C76D53F441 HTTP/1.1" 200 71326
23.22.35.162 - - [28/Jun/2024:02:56:58 +0200] "GET /ticket2/opencms/es/buy/?edid=B98837D3-1E81-8A8C-D0BB-1E445F8B9795&page=1 HTTP/1.1" 200 112694
23.22.35.162 - - [28/Jun/2024:02:57:02 +0200] "GET /ticket2/opencms/es/buy/?edid=F74997E7-1F81-8144-BC19-7CD40E7B47F7&page=1 HTTP/1.1" 200 113124
23.22.35.162 - - [28/Jun/2024:02:57:06 +0200] "GET /ticket2/opencms/es/buy/?edid=26B5B341-FB40-FF92-A06B-966F91DC0894&page=1 HTTP/1.1" 200 87146
23.22.35.162 - - [28/Jun/2024:02:57:10 +0200] "GET /ticket2/opencms/es/buy/?edid=B422C598-4610-0185-89CA-0FDFEB7BE014&page=1 HTTP/1.1" 200 111995
5.9.55.228 - - [28/Jun/2024:02:57:13 +0200] "GET /ticket2/opencms/en/buy/?eventid=121DAAE3-090B-56E7-E96D-94ED485637F9&page=10&venueid=1F514823-A8B2-64F2-1969-4417BA1D08C9 HTTP/1.1" 200 72690
3.224.220.101 - - [28/Jun/2024:02:57:14 +0200] "GET /ticket2/opencms/es/buy/?edid=486EB1CD-95BE-ED77-9E64-4E49BB28C6F8&page=1 HTTP/1.1" 200 111982
47.128.63.13 - - [28/Jun/2024:02:57:15 +0200] "GET /ticket2/opencms/fr/magazine/article?title=jurgen-klopp-quitte-liverpool-une-histoire-de-succes-a-anfield HTTP/1.1" 200 77488
47.128.63.13 - - [28/Jun/2024:02:57:16 +0200] "GET /ticket2/opencms/system/modules/com.gridnine.opencms.ticketbrokerage.site/resources/pics/logo-new.png HTTP/1.1" 200 13541
47.128.63.13 - - [28/Jun/2024:02:57:16 +0200] "GET /ticket2/opencms/system/modules/com.gridnine.opencms.ticketbrokerage.site/resources/pics/bank_2_handelsbanken.png HTTP/1.1" 200 4509
47.128.63.13 - - [28/Jun/2024:02:57:17 +0200] "GET /ticket2/opencms/system/modules/com.gridnine.opencms.ticketbrokerage.site/resources/pics/bank_3_swedbank.png HTTP/1.1" 200 5740
47.128.63.13 - - [28/Jun/2024:02:57:17 +0200] "GET /ticket2/opencms/system/modules/com.gridnine.opencms.ticketbrokerage.site/resources/pics/bank_1_nordea.png HTTP/1.1" 200 4807
47.128.63.13 - - [28/Jun/2024:02:57:17 +0200] "GET /ticket2/opencms/system/modules/com.gridnine.opencms.ticketbrokerage.site/resources/pics/bank_4_seb.png HTTP/1.1" 200 2487
47.128.63.13 - - [28/Jun/2024:02:57:17 +0200] "GET /ticket2/opencms/system/modules/com.gridnine.opencms.ticketbrokerage.site/resources/pics/bank_5_visa_mastercard.png HTTP/1.1" 200 8196
47.128.63.13 - - [28/Jun/2024:02:57:17 +0200] "GET /ticket2/opencms/system/modules/com.gridnine.opencms.ticketbrokerage.site/resources/pics/bank_6_american_express.png HTTP/1.1" 200 5570
23.22.35.162 - - [28/Jun/2024:02:57:18 +0200] "GET /ticket2/opencms/es/buy/?edid=94D791E2-A2F6-C0D4-E68D-72D6DE252AC9&page=1 HTTP/1.1" 200 102633
47.128.42.207 - - [28/Jun/2024:02:57:21 +0200] "GET /ticket2/opencms/set_aff_cookie.jsp?edid=01E41408-AB56-3A6A-EAEA-5426D6E9DD0E&hlv=6482f8fe-3d34-481b-a20b-67810a01000f%23v_1532233461&partner=2E02071B-A8C3-4CBA-3097-C27D61C02ED8&url=%2Fdk%2Fbuy%2Findex.html%3Fpage=1 HTTP/1.1" 200 130
52.70.240.171 - - [28/Jun/2024:02:57:22 +0200] "GET /ticket2/opencms/es/buy/?edid=AC850F1A-F4BA-A4A5-63C8-2EAFDE9B0DCD&page=1 HTTP/1.1" 200 87137
47.128.42.207 - - [28/Jun/2024:02:57:22 +0200] "GET /ticket2/opencms/dk/buy/?page=1 HTTP/1.1" 200 4403
23.22.35.162 - - [28/Jun/2024:02:57:26 +0200] "GET /ticket2/opencms/es/buy/?edid=145F87FE-BCE7-15CF-CE4F-3702933DA737&page=1 HTTP/1.1" 200 118193
5.9.55.228 - - [28/Jun/2024:02:57:29 +0200] "GET /ticket2/opencms/en/buy/?eventid=3A13A888-618B-2302-3F7A-4345B50004DA&page=10 HTTP/1.1" 200 72679
23.22.35.162 - - [28/Jun/2024:02:57:30 +0200] "GET /ticket2/opencms/es/buy/?edid=530D0E9B-9711-6A6E-2177-92B0D667A039&page=1 HTTP/1.1" 200 87159
3.224.220.101 - - [28/Jun/2024:02:57:34 +0200] "GET /ticket2/opencms/es/buy/?edid=3E8160AB-0FBD-70C5-9AD2-7741AA7C1F1A&page=1 HTTP/1.1" 200 113026
3.224.220.101 - - [28/Jun/2024:02:57:38 +0200] "GET /ticket2/opencms/es/buy/?edid=78077671-6D1C-6384-F4E3-25AAC0A5B810&page=1 HTTP/1.1" 200 112909
216.245.221.83 - - [28/Jun/2024:02:57:42 +0200] "HEAD /ticket2/opencms/ HTTP/1.1" 302 -
3.224.220.101 - - [28/Jun/2024:02:57:42 +0200] "GET /ticket2/opencms/es/buy/?edid=9CDA0C30-3EC4-3995-E2A4-DBF0BB020094&page=1 HTTP/1.1" 200 112527
216.245.221.83 - - [28/Jun/2024:02:57:42 +0200] "HEAD /ticket2/opencms/en/ HTTP/1.1" 200 -
5.9.55.228 - - [28/Jun/2024:02:57:46 +0200] "GET /ticket2/opencms/en/buy/?eventid=4BFE0049-E26D-F28C-59BF-33D4A5B123CD&page=10 HTTP/1.1" 200 72679
23.22.35.162 - - [28/Jun/2024:02:57:47 +0200] "GET /ticket2/opencms/es/buy/?edid=FAFAF417-5A49-5A69-2A7B-18E4D12B5078&page=1 HTTP/1.1" 200 112697
114.119.128.162 - - [28/Jun/2024:02:57:49 +0200] "GET /ticket2/opencms/en/venue/?venueid=EB77ABB2-7681-5353-78ED-A3ADEC5FE4B1 HTTP/1.1" 200 71353
52.70.240.171 - - [28/Jun/2024:02:57:51 +0200] "GET /ticket2/opencms/es/buy/?edid=8A952CCD-A492-95D3-2AFF-7C7D5623F3B6&page=1 HTTP/1.1" 200 112035
5.9.55.228 - - [28/Jun/2024:02:57:53 +0200] "GET /ticket2/opencms/en/buy/?eventid=4CD3BFC4-6826-2F08-586B-E7C2046942C2&page=10 HTTP/1.1" 200 72679
23.22.35.162 - - [28/Jun/2024:02:57:55 +0200] "GET /ticket2/opencms/es/buy/?edid=3E205A07-7516-5FC3-D650-E60EBF6B7DA0&page=1 HTTP/1.1" 200 88941
23.22.35.162 - - [28/Jun/2024:02:57:58 +0200] "GET /ticket2/opencms/es/buy/?edid=BB55F343-180C-1A1B-8A3A-1B93494C6A07&page=1 HTTP/1.1" 200 89244
51.222.253.2 - - [28/Jun/2024:02:57:58 +0200] "GET /ticket2/opencms/fr/sport/billets-football/premier_league/newcastle-united/ HTTP/1.1" 200 88141
66.249.75.96 - - [28/Jun/2024:02:58:00 +0200] "GET /ticket2/opencms/en/venue/?venueid=B2083FF8-1A7E-AE58-2C4E-652F1B914C1A HTTP/1.1" 200 71326
66.249.76.8 - - [28/Jun/2024:02:58:00 +0200] "GET /ticket2/opencms/sites/ticketbrokerage/sv/tickets/blackpool/bolton_wanderers.html HTTP/1.1" 404 -
66.249.69.129 - - [28/Jun/2024:02:58:02 +0200] "GET /ticket2/opencms/dk/buy/?page=1&edid=DC4F64BB-84C6-452C-2BFD-138DC45E79DD HTTP/1.1" 200 110553
23.22.35.162 - - [28/Jun/2024:02:58:02 +0200] "GET /ticket2/opencms/es/buy/?edid=EF2958B1-A48C-B7EC-265D-770BB975F623&page=1 HTTP/1.1" 200 112487
3.224.220.101 - - [28/Jun/2024:02:58:06 +0200] "GET /ticket2/opencms/es/buy/?edid=FDD5D133-9F97-9AB4-1F94-3480DDAE2781&page=1 HTTP/1.1" 200 87150
47.128.113.172 - - [28/Jun/2024:02:58:07 +0200] "GET /ticket2/opencms/fi/urheilu/jalkapallo/la-liga/sevilla/ HTTP/1.1" 200 76112
47.128.113.172 - - [28/Jun/2024:02:58:08 +0200] "GET /ticket2/opencms/system/modules/com.gridnine.opencms.ticketbrokerage.site/resources/pics/logo-new.png HTTP/1.1" 200 13541
47.128.113.172 - - [28/Jun/2024:02:58:09 +0200] "GET /ticket2/opencms/system/modules/com.gridnine.opencms.ticketbrokerage.site/resources/pics/banners/team/la_liga/sevilla.png HTTP/1.1" 200 72025
47.128.113.172 - - [28/Jun/2024:02:58:09 +0200] "GET /ticket2/opencms/system/modules/com.gridnine.opencms.ticketbrokerage.site/resources/pics/bank_1_nordea.png HTTP/1.1" 200 4807
47.128.113.172 - - [28/Jun/2024:02:58:10 +0200] "GET /ticket2/opencms/system/modules/com.gridnine.opencms.ticketbrokerage.site/resources/pics/bank_6_american_express.png HTTP/1.1" 200 5570
47.128.113.172 - - [28/Jun/2024:02:58:10 +0200] "GET /ticket2/opencms/system/modules/com.gridnine.opencms.ticketbrokerage.site/resources/pics/bank_2_handelsbanken.png HTTP/1.1" 200 4509
47.128.113.172 - - [28/Jun/2024:02:58:10 +0200] "GET /ticket2/opencms/system/modules/com.gridnine.opencms.ticketbrokerage.site/resources/pics/bank_4_seb.png HTTP/1.1" 200 2487
47.128.113.172 - - [28/Jun/2024:02:58:10 +0200] "GET /ticket2/opencms/system/modules/com.gridnine.opencms.ticketbrokerage.site/resources/pics/bank_3_swedbank.png HTTP/1.1" 200 5740
47.128.113.172 - - [28/Jun/2024:02:58:10 +0200] "GET /ticket2/opencms/system/modules/com.gridnine.opencms.ticketbrokerage.site/resources/pics/bank_5_visa_mastercard.png HTTP/1.1" 200 8196
5.9.55.228 - - [28/Jun/2024:02:58:10 +0200] "GET /ticket2/opencms/en/buy/?eventid=56CBA715-B928-D58F-6A08-8D95645745F0&page=10&venueid=9EB8E447-E55D-1868-BABC-F174667BAE9B HTTP/1.1" 200 82492
23.22.35.162 - - [28/Jun/2024:02:58:10 +0200] "GET /ticket2/opencms/es/buy/?edid=7DE3A616-7929-2B29-C0D3-F6A6BF870955&page=1 HTTP/1.1" 200 87149
3.224.220.101 - - [28/Jun/2024:02:58:14 +0200] "GET /ticket2/opencms/es/buy/?edid=17FCF75B-5941-6553-7E99-DDA280BBDB43&page=1 HTTP/1.1" 200 111976
23.22.35.162 - - [28/Jun/2024:02:58:19 +0200] "GET /ticket2/opencms/es/buy/?edid=BA98F497-79D9-0BA1-3E19-B45BB0763E07&page=1 HTTP/1.1" 200 118194
23.22.35.162 - - [28/Jun/2024:02:58:22 +0200] "GET /ticket2/opencms/es/buy/?edid=44FBC1CF-A416-2795-B9FA-E57E9A79C34D&page=1 HTTP/1.1" 200 107325
5.9.55.228 - - [28/Jun/2024:02:58:26 +0200] "GET /ticket2/opencms/en/buy/?eventid=634D2581-663A-DE19-7C72-20C596DE0600&page=10 HTTP/1.1" 200 72703
23.22.35.162 - - [28/Jun/2024:02:58:26 +0200] "GET /ticket2/opencms/es/buy/?edid=BA6A690A-3E4C-7B0E-F103-AC3CC3F63074&page=1 HTTP/1.1" 200 112702
52.70.240.171 - - [28/Jun/2024:02:58:31 +0200] "GET /ticket2/opencms/es/buy/?edid=1624E6A5-E8F5-99E1-0C6F-842C444FABBE&page=1 HTTP/1.1" 200 112030
185.157.223.150 - - [28/Jun/2024:02:58:35 +0200] "GET /ticket2/tickets_export/outgoing/export.txt HTTP/1.1" 200 24612147
52.70.240.171 - - [28/Jun/2024:02:58:37 +0200] "GET /ticket2/opencms/es/buy/?edid=261BF995-AADA-03DF-CD15-AD3548D0B19D&page=1 HTTP/1.1" 200 87141
3.224.220.101 - - [28/Jun/2024:02:58:39 +0200] "GET /ticket2/opencms/es/buy/?edid=236F7016-4763-1BAF-F2F0-3C25D5C100A7&page=1 HTTP/1.1" 200 112917
52.70.240.171 - - [28/Jun/2024:02:58:42 +0200] "GET /ticket2/opencms/es/buy/?edid=9C2A438B-6926-D1D4-5912-53216C4EB815&page=1 HTTP/1.1" 200 113126
5.9.55.228 - - [28/Jun/2024:02:58:42 +0200] "GET /ticket2/opencms/en/buy/?eventid=684F42AD-E69E-B0FB-F34B-E9B5D5266D07&page=10 HTTP/1.1" 200 72679
3.224.220.101 - - [28/Jun/2024:02:58:46 +0200] "GET /ticket2/opencms/es/buy/?edid=EB41B390-6AF7-F6BB-2724-9D4D4320B605&page=1 HTTP/1.1" 200 111993
23.22.35.162 - - [28/Jun/2024:02:58:50 +0200] "GET /ticket2/opencms/es/buy/?edid=0448CA24-AB9E-35A8-E42C-9296A063E7D2&page=1 HTTP/1.1" 200 88937
3.224.220.101 - - [28/Jun/2024:02:58:54 +0200] "GET /ticket2/opencms/es/buy/?edid=DD282B35-B6B7-ECA0-02E0-90864F5E2B50&page=1 HTTP/1.1" 200 107867
47.128.24.77 - - [28/Jun/2024:02:58:57 +0200] "GET /ticket2/opencms/fi/buy/?catid=3A7AEA37-903D-9533-4B33-21B0001FF1D1&comcatid=A17713B6-D984-201A-4143-ED4DB5ED5C2E HTTP/1.1" 200 83451
40.77.167.24 - - [28/Jun/2024:02:58:57 +0200] "GET /ticket2/opencms/fi/en/sell/?edid=68CBD72A-BA20-7850-7C5D-7A4CBB551B2F HTTP/1.1" 404 -
3.224.220.101 - - [28/Jun/2024:02:58:58 +0200] "GET /ticket2/opencms/es/buy/?edid=78BBCB10-20F4-C70D-65CE-81910185FD82&page=1 HTTP/1.1" 200 112487
47.128.24.77 - - [28/Jun/2024:02:58:58 +0200] "GET /ticket2/opencms/system/modules/com.gridnine.opencms.ticketbrokerage.site/resources/pics/logo-new.png HTTP/1.1" 200 13541
47.128.24.77 - - [28/Jun/2024:02:58:59 +0200] "GET /ticket2/opencms/system/modules/com.gridnine.opencms.ticketbrokerage.site/resources/pics/bank_1_nordea.png HTTP/1.1" 200 4807
47.128.24.77 - - [28/Jun/2024:02:58:59 +0200] "GET /ticket2/opencms/system/modules/com.gridnine.opencms.ticketbrokerage.site/resources/pics/bank_4_seb.png HTTP/1.1" 200 2487
47.128.24.77 - - [28/Jun/2024:02:59:00 +0200] "GET /ticket2/opencms/system/modules/com.gridnine.opencms.ticketbrokerage.site/resources/pics/bank_3_swedbank.png HTTP/1.1" 200 5740
47.128.24.77 - - [28/Jun/2024:02:59:00 +0200] "GET /ticket2/opencms/system/modules/com.gridnine.opencms.ticketbrokerage.site/resources/pics/bank_5_visa_mastercard.png HTTP/1.1" 200 8196
47.128.24.77 - - [28/Jun/2024:02:59:00 +0200] "GET /ticket2/opencms/system/modules/com.gridnine.opencms.ticketbrokerage.site/resources/pics/bank_6_american_express.png HTTP/1.1" 200 5570
47.128.24.77 - - [28/Jun/2024:02:59:00 +0200] "GET /ticket2/opencms/system/modules/com.gridnine.opencms.ticketbrokerage.site/resources/pics/bank_2_handelsbanken.png HTTP/1.1" 200 4509
5.9.55.228 - - [28/Jun/2024:02:59:01 +0200] "GET /ticket2/opencms/en/buy/?eventid=6FF9EBE1-05EE-AA1E-A54F-A9D14CF13922&page=10 HTTP/1.1" 200 72680
52.70.240.171 - - [28/Jun/2024:02:59:02 +0200] "GET /ticket2/opencms/es/buy/?edid=090E838C-2B8A-06B6-48C3-D7454A97EC28&page=1 HTTP/1.1" 200 107831
66.249.76.193 - - [28/Jun/2024:02:59:04 +0200] "GET /ticket2/opencms/en/sell/?edid=8085E80D-BC8F-CDCF-7CC8-2F497FE082D3 HTTP/1.1" 302 -
66.249.76.161 - - [28/Jun/2024:02:59:05 +0200] "GET /ticket2/opencms/dk/buy/?page=1&edid=F1519602-1E42-EA6F-350D-2F5319B545EA HTTP/1.1" 200 110640
23.22.35.162 - - [28/Jun/2024:02:59:06 +0200] "GET /ticket2/opencms/es/buy/?edid=2BD17866-8251-0592-7FAE-2D6F7A3C66CD&page=1 HTTP/1.1" 200 87137
66.249.72.33 - - [28/Jun/2024:02:59:07 +0200] "GET /ticket2/opencms/en/login/?url=/en/sell/ HTTP/1.1" 200 73431
5.9.55.228 - - [28/Jun/2024:02:59:08 +0200] "GET /ticket2/opencms/sv/magazine/seriea HTTP/1.1" 404 -
51.222.253.7 - - [28/Jun/2024:02:59:08 +0200] "GET /ticket2/opencms/dk/venue/?countryid=203E9A91-CAB8-9987-28BB-AF31071CCCA1 HTTP/1.1" 200 102576
47.128.119.90 - - [28/Jun/2024:02:59:10 +0200] "GET /ticket2/opencms/fr/buy/?edid=B77A7006-DEDC-BDA0-58BA-235C61E5D6CF HTTP/1.1" 200 72687
23.22.35.162 - - [28/Jun/2024:02:59:11 +0200] "GET /ticket2/opencms/es/buy/?edid=FDC70D4B-A88B-5334-5A88-AC1F94FAEBF8&page=1 HTTP/1.1" 200 111992
47.128.119.90 - - [28/Jun/2024:02:59:11 +0200] "GET /ticket2/opencms/system/modules/com.gridnine.opencms.ticketbrokerage.site/resources/pics/logo-new.png HTTP/1.1" 200 13541
47.128.119.90 - - [28/Jun/2024:02:59:11 +0200] "GET /ticket2/opencms/system/modules/com.gridnine.opencms.ticketbrokerage.site/resources/pics/bank_1_nordea.png HTTP/1.1" 200 4807
47.128.119.90 - - [28/Jun/2024:02:59:12 +0200] "GET /ticket2/opencms/system/modules/com.gridnine.opencms.ticketbrokerage.site/resources/pics/bank_4_seb.png HTTP/1.1" 200 2487
47.128.119.90 - - [28/Jun/2024:02:59:12 +0200] "GET /ticket2/opencms/system/modules/com.gridnine.opencms.ticketbrokerage.site/resources/pics/bank_5_visa_mastercard.png HTTP/1.1" 200 8196
47.128.119.90 - - [28/Jun/2024:02:59:12 +0200] "GET /ticket2/opencms/system/modules/com.gridnine.opencms.ticketbrokerage.site/resources/pics/bank_2_handelsbanken.png HTTP/1.1" 200 4509
47.128.119.90 - - [28/Jun/2024:02:59:12 +0200] "GET /ticket2/opencms/system/modules/com.gridnine.opencms.ticketbrokerage.site/resources/pics/bank_3_swedbank.png HTTP/1.1" 200 5740
47.128.119.90 - - [28/Jun/2024:02:59:12 +0200] "GET /ticket2/opencms/system/modules/com.gridnine.opencms.ticketbrokerage.site/resources/pics/bank_6_american_express.png HTTP/1.1" 200 5570
52.70.240.171 - - [28/Jun/2024:02:59:14 +0200] "GET /ticket2/opencms/es/buy/?edid=F1519602-1E42-EA6F-350D-2F5319B545EA&page=1 HTTP/1.1" 200 112080
17.241.219.213 - - [28/Jun/2024:02:59:15 +0200] "GET /ticket2/opencms/sv/sport/fotbollsbiljetter/uefa-champions-league/ HTTP/1.1" 200 79766
20.232.171.109 - - [28/Jun/2024:02:59:17 +0200] "GET /ticket2/opencms/system/modules/com.gridnine.opencms.ticketbrokerage.site/resources/pics/bank_5_visa_mastercard.png HTTP/1.1" 200 8196
23.22.35.162 - - [28/Jun/2024:02:59:18 +0200] "GET /ticket2/opencms/es/buy/?edid=89AC8C22-922C-5C69-19DD-247D667ABB39&page=1 HTTP/1.1" 200 113120
3.224.220.101 - - [28/Jun/2024:02:59:22 +0200] "GET /ticket2/opencms/es/buy/?edid=ACB1E7D7-0E7C-427B-E737-7A4E15C5EE0F&page=1 HTTP/1.1" 200 112912
23.22.35.162 - - [28/Jun/2024:02:59:27 +0200] "GET /ticket2/opencms/es/buy/?edid=72E12FE2-4DDC-1E5C-698A-850131DAAB42&page=1 HTTP/1.1" 200 112530
23.22.35.162 - - [28/Jun/2024:02:59:30 +0200] "GET /ticket2/opencms/es/buy/?edid=E9EECB41-491F-D5CF-82EE-6A187A0B45F5&page=1 HTTP/1.1" 200 88941
3.224.220.101 - - [28/Jun/2024:02:59:34 +0200] "GET /ticket2/opencms/es/buy/?edid=919F95FD-FF6B-28C7-940C-D58889AB6F4A&page=1 HTTP/1.1" 200 112033
52.70.240.171 - - [28/Jun/2024:02:59:38 +0200] "GET /ticket2/opencms/es/buy/?edid=2B877732-5277-2CC6-D9D2-67E5CDEA4143&page=1 HTTP/1.1" 200 118195
3.224.220.101 - - [28/Jun/2024:02:59:42 +0200] "GET /ticket2/opencms/es/buy/?edid=EEFAB7C0-3C91-2ED8-FD3D-A04D1C19AF16&page=1 HTTP/1.1" 200 112495
3.224.220.101 - - [28/Jun/2024:02:59:46 +0200] "GET /ticket2/opencms/es/buy/?edid=CF2C35CE-5AC3-0A68-0351-E449F3D5EA03&page=1 HTTP/1.1" 200 87145
47.128.118.2 - - [28/Jun/2024:02:59:48 +0200] "GET /ticket2/opencms/fi/buy/?catid=7BADFFFB-57C5-5DBC-E7EB-B45075B3D8F9&comcatid=A17713B6-D984-201A-4143-ED4DB5ED5C2E HTTP/1.1" 200 83455
47.128.118.2 - - [28/Jun/2024:02:59:49 +0200] "GET /ticket2/opencms/system/modules/com.gridnine.opencms.ticketbrokerage.site/resources/pics/logo-new.png HTTP/1.1" 200 13541
47.128.118.2 - - [28/Jun/2024:02:59:50 +0200] "GET /ticket2/opencms/system/modules/com.gridnine.opencms.ticketbrokerage.site/resources/pics/bank_1_nordea.png HTTP/1.1" 200 4807
47.128.118.2 - - [28/Jun/2024:02:59:50 +0200] "GET /ticket2/opencms/system/modules/com.gridnine.opencms.ticketbrokerage.site/resources/pics/bank_2_handelsbanken.png HTTP/1.1" 200 4509
3.224.220.101 - - [28/Jun/2024:02:59:50 +0200] "GET /ticket2/opencms/es/buy/?edid=45F6B2AD-17A6-3A66-C509-85761B6A5E9A&page=1 HTTP/1.1" 200 112699
47.128.118.2 - - [28/Jun/2024:02:59:50 +0200] "GET /ticket2/opencms/system/modules/com.gridnine.opencms.ticketbrokerage.site/resources/pics/bank_3_swedbank.png HTTP/1.1" 200 5740
47.128.118.2 - - [28/Jun/2024:02:59:51 +0200] "GET /ticket2/opencms/system/modules/com.gridnine.opencms.ticketbrokerage.site/resources/pics/bank_4_seb.png HTTP/1.1" 200 2487
47.128.118.2 - - [28/Jun/2024:02:59:51 +0200] "GET /ticket2/opencms/system/modules/com.gridnine.opencms.ticketbrokerage.site/resources/pics/bank_6_american_express.png HTTP/1.1" 200 5570
47.128.118.2 - - [28/Jun/2024:02:59:51 +0200] "GET /ticket2/opencms/system/modules/com.gridnine.opencms.ticketbrokerage.site/resources/pics/bank_5_visa_mastercard.png HTTP/1.1" 200 8196
3.224.220.101 - - [28/Jun/2024:02:59:56 +0200] "GET /ticket2/opencms/es/buy/?edid=087FB859-A113-50B8-0909-1F0712CC3EED&page=1 HTTP/1.1" 200 87157
3.224.220.101 - - [28/Jun/2024:02:59:59 +0200] "GET /ticket2/opencms/es/buy/?edid=28EF0232-AFFE-4F84-15A6-F08EC699C484&page=1 HTTP/1.1" 200 112019
52.70.240.171 - - [28/Jun/2024:03:00:02 +0200] "GET /ticket2/opencms/es/buy/?edid=00D90EDA-80F2-743F-0F4B-D64BDD1F85D9&page=1 HTTP/1.1" 200 99365
3.224.220.101 - - [28/Jun/2024:03:00:06 +0200] "GET /ticket2/opencms/es/buy/?edid=E1332E4A-0A6D-DD3D-14BF-DB0907B051D5&page=1 HTTP/1.1" 200 112528
66.249.77.35 - - [28/Jun/2024:03:00:06 +0200] "GET /ticket2/opencms/system/modules/com.gridnine.opencms.ticketbrokerage.site/resources/css/standard.css HTTP/1.1" 200 71935
66.249.75.98 - - [28/Jun/2024:03:00:08 +0200] "GET /ticket2/opencms/en/buy/?comcatid=0A6B8208-FDA4-E929-9D72-5312FD481B76&catid=53E7B32E-5CAA-6CE7-D6AA-FFC41D70EE01 HTTP/1.1" 200 75342
3.224.220.101 - - [28/Jun/2024:03:00:10 +0200] "GET /ticket2/opencms/es/buy/?edid=7CAFAFC0-24E6-FEED-327F-0B9B876C4B81&page=1 HTTP/1.1" 200 88761
66.249.75.161 - - [28/Jun/2024:03:00:10 +0200] "GET /ticket2/opencms/sv/venue/?venueid=02879B20-696D-6457-CB7D-0E942DB3F5CA HTTP/1.1" 200 72160
66.249.75.167 - - [28/Jun/2024:03:00:12 +0200] "GET /ticket2/opencms/dk/sport/fodboldbilletter/champions_league/?partner=5DA1B85A-5A44-4C00-C2EF-3DFF7E687A1D HTTP/1.1" 302 -
66.249.75.168 - - [28/Jun/2024:03:00:12 +0200] "GET /ticket2/opencms/set_aff_cookie.jsp?partner=5DA1B85A-5A44-4C00-C2EF-3DFF7E687A1D&url=%2Fdk%2Fsport%2Ffodboldbilletter%2Fchampions_league%2Findex.html%3Fr%3Dtrue HTTP/1.1" 200 166
3.224.220.101 - - [28/Jun/2024:03:00:14 +0200] "GET /ticket2/opencms/es/buy/?edid=5BA11D18-AC24-6566-FBBA-BF6AFADFC113&page=1 HTTP/1.1" 200 113016
