47.128.28.99 - - [28/Jun/2024:02:00:35 +0200] "GET /ticket2/opencms/system/modules/com.gridnine.opencms.ticketbrokerage.site/resources/pics/bank_6_american_express.png HTTP/1.1" 200 5570
47.128.28.99 - - [28/Jun/2024:02:00:35 +0200] "GET /ticket2/opencms/system/modules/com.gridnine.opencms.ticketbrokerage.site/resources/pics/bank_4_seb.png HTTP/1.1" 200 2487
47.128.28.99 - - [28/Jun/2024:02:00:35 +0200] "GET /ticket2/opencms/system/modules/com.gridnine.opencms.ticketbrokerage.site/resources/pics/bank_1_nordea.png HTTP/1.1" 200 4807
47.128.28.99 - - [28/Jun/2024:02:00:35 +0200] "GET /ticket2/opencms/system/modules/com.gridnine.opencms.ticketbrokerage.site/resources/pics/bank_2_handelsbanken.png HTTP/1.1" 200 4509
47.128.28.99 - - [28/Jun/2024:02:00:35 +0200] "GET /ticket2/opencms/system/modules/com.gridnine.opencms.ticketbrokerage.site/resources/pics/bank_5_visa_mastercard.png HTTP/1.1" 200 8196
3.224.220.101 - - [28/Jun/2024:02:00:38 +0200] "GET /ticket2/opencms/fi/buy/?edid=26467E66-E432-3709-0425-A75E81B5021A&page=1 HTTP/1.1" 200 117950
23.22.35.162 - - [28/Jun/2024:02:00:42 +0200] "GET /ticket2/opencms/fi/buy/?edid=0C94170C-17F1-0823-E8AC-91EC149F33EC&page=1 HTTP/1.1" 200 113019
23.22.35.162 - - [28/Jun/2024:02:00:46 +0200] "GET /ticket2/opencms/fi/buy/?edid=D9F2239E-EF6A-EAF8-CB00-12A5392DA498&page=1 HTTP/1.1" 200 107206
5.9.55.228 - - [28/Jun/2024:02:00:50 +0200] "GET /ticket2/opencms/en/buy/?eventid=F99ADA5B-9BAA-1CC2-3A84-51D5FE875575&page=10 HTTP/1.1" 200 72677
23.22.35.162 - - [28/Jun/2024:02:00:50 +0200] "GET /ticket2/opencms/fi/buy/?edid=7B357C96-D15A-7330-3CD7-9115EBD86CB2&page=1 HTTP/1.1" 200 111990
3.224.220.101 - - [28/Jun/2024:02:00:54 +0200] "GET /ticket2/opencms/fi/buy/?edid=1291CD6B-4651-52CC-8D36-B0FB58FEEDFA&page=1 HTTP/1.1" 200 107752
52.70.240.171 - - [28/Jun/2024:02:00:58 +0200] "GET /ticket2/opencms/fi/buy/?edid=E8BA54CC-B112-3D61-BE02-1B4D1E4F63D1&page=1 HTTP/1.1" 200 111866
216.245.221.83 - - [28/Jun/2024:02:00:58 +0200] "HEAD /ticket2/opencms/ HTTP/1.1" 302 -
216.245.221.83 - - [28/Jun/2024:02:01:02 +0200] "HEAD /ticket2/opencms/en/ HTTP/1.1" 200 -
3.224.220.101 - - [28/Jun/2024:02:01:03 +0200] "GET /ticket2/opencms/fi/buy/?edid=8A787324-CD72-C476-64CB-87071CD71C2F&page=1 HTTP/1.1" 200 112806
51.222.253.10 - - [28/Jun/2024:02:01:05 +0200] "GET /ticket2/opencms/dk/venue/?countryid=8FA673E2-F13B-75C4-56CD-A4B786B7BC94 HTTP/1.1" 200 101181
66.249.76.1 - - [28/Jun/2024:02:01:05 +0200] "GET /ticket2/opencms/dk/buy/?page=1&edid=A9801416-AE3B-7D1A-1B34-1269835EE309 HTTP/1.1" 200 111041
66.249.75.96 - - [28/Jun/2024:02:01:05 +0200] "GET /ticket2/opencms/en/buy/?comcatid=97ECA65A-72DA-F9AF-9DBB-245D3CFED1BE&catid=9457695E-36ED-A63E-7A88-32963954E2C7 HTTP/1.1" 200 76649
66.249.69.12 - - [28/Jun/2024:02:01:06 +0200] "GET /ticket2/opencms/sv/buy/?page=1&edid=B089B4B8-933D-AB70-BE65-2A133877E5AC HTTP/1.1" 200 112163
3.224.220.101 - - [28/Jun/2024:02:01:06 +0200] "GET /ticket2/opencms/fi/buy/?edid=697BE447-74B7-A748-152F-A1818DA4BEC9&page=1 HTTP/1.1" 200 113020
5.9.55.228 - - [28/Jun/2024:02:01:08 +0200] "GET /ticket2/opencms/en/buy/?page=1&edid=0300249E-0859-EC89-FAF2-5149FFD18BE5 HTTP/1.1" 200 85176
66.249.76.131 - - [28/Jun/2024:02:01:10 +0200] "GET /ticket2/opencms/system/modules/com.gridnine.opencms.ticketbrokerage.site/resources/js/jquery.placeholder.min.js HTTP/1.1" 200 1737
3.224.220.101 - - [28/Jun/2024:02:01:10 +0200] "GET /ticket2/opencms/fi/buy/?edid=47C0370F-9915-7673-E038-7AD65907592C&page=1 HTTP/1.1" 200 112403
3.224.220.101 - - [28/Jun/2024:02:01:14 +0200] "GET /ticket2/opencms/fi/buy/?edid=39CE598D-FC19-9CD8-F22D-3F7964FACAB9&page=1 HTTP/1.1" 200 102636
66.249.75.97 - - [28/Jun/2024:02:01:17 +0200] "GET /ticket2/opencms/dk/ask-form.html HTTP/1.1" 200 2971
52.70.240.171 - - [28/Jun/2024:02:01:18 +0200] "GET /ticket2/opencms/fi/buy/?edid=3583D5C7-607A-E528-A709-844E6A72DC1B&page=1 HTTP/1.1" 200 117954
47.128.50.90 - - [28/Jun/2024:02:01:22 +0200] "GET /ticket2/opencms/fr/buy/?catid=DA31441B-C568-3C77-D08C-698809032494&comcatid=97ECA65A-72DA-F9AF-9DBB-245D3CFED1BE HTTP/1.1" 200 77793
3.224.220.101 - - [28/Jun/2024:02:01:23 +0200] "GET /ticket2/opencms/fi/buy/?edid=94C5B0A9-45EC-824F-7DFB-E52A893ACA3D&page=1 HTTP/1.1" 200 111889
47.128.50.90 - - [28/Jun/2024:02:01:23 +0200] "GET /ticket2/opencms/system/modules/com.gridnine.opencms.ticketbrokerage.site/resources/pics/logo-new.png HTTP/1.1" 200 13541
47.128.50.90 - - [28/Jun/2024:02:01:24 +0200] "GET /ticket2/opencms/system/modules/com.gridnine.opencms.ticketbrokerage.site/resources/pics/bank_1_nordea.png HTTP/1.1" 200 4807
47.128.50.90 - - [28/Jun/2024:02:01:24 +0200] "GET /ticket2/opencms/system/modules/com.gridnine.opencms.ticketbrokerage.site/resources/pics/bank_2_handelsbanken.png HTTP/1.1" 200 4509
47.128.50.90 - - [28/Jun/2024:02:01:25 +0200] "GET /ticket2/opencms/system/modules/com.gridnine.opencms.ticketbrokerage.site/resources/pics/bank_3_swedbank.png HTTP/1.1" 200 5740
47.128.50.90 - - [28/Jun/2024:02:01:25 +0200] "GET /ticket2/opencms/system/modules/com.gridnine.opencms.ticketbrokerage.site/resources/pics/bank_4_seb.png HTTP/1.1" 200 2487
47.128.50.90 - - [28/Jun/2024:02:01:25 +0200] "GET /ticket2/opencms/system/modules/com.gridnine.opencms.ticketbrokerage.site/resources/pics/bank_5_visa_mastercard.png HTTP/1.1" 200 8196
47.128.50.90 - - [28/Jun/2024:02:01:25 +0200] "GET /ticket2/opencms/system/modules/com.gridnine.opencms.ticketbrokerage.site/resources/pics/bank_6_american_express.png HTTP/1.1" 200 5570
3.224.220.101 - - [28/Jun/2024:02:01:26 +0200] "GET /ticket2/opencms/fi/buy/?edid=F7660972-1F1F-59FF-1410-FAEC9F9D74B8&page=1 HTTP/1.1" 200 107749
5.9.55.228 - - [28/Jun/2024:02:01:27 +0200] "GET /ticket2/opencms/en/buy/?page=1&edid=03C3F759-824A-90E7-D09D-AD5EA21FB080 HTTP/1.1" 200 87893
112.86.225.225 - - [28/Jun/2024:02:01:29 +0200] "GET /ticket2/opencms/ HTTP/1.1" 302 -
3.224.220.101 - - [28/Jun/2024:02:01:31 +0200] "GET /ticket2/opencms/fi/buy/?edid=8E087689-30A7-E7AD-9853-CFBC4F6216DD&page=1 HTTP/1.1" 200 111988
112.86.225.225 - - [28/Jun/2024:02:01:31 +0200] "GET /ticket2/opencms/en/ HTTP/1.1" 200 91208
23.22.35.162 - - [28/Jun/2024:02:01:34 +0200] "GET /ticket2/opencms/fi/buy/?edid=F26F7624-B3C7-3F2B-5F3B-CAEEB7F1CB7F&page=1 HTTP/1.1" 200 112598
3.224.220.101 - - [28/Jun/2024:02:01:38 +0200] "GET /ticket2/opencms/fi/buy/?edid=DC4F64BB-84C6-452C-2BFD-138DC45E79DD&page=1 HTTP/1.1" 200 111902
52.70.240.171 - - [28/Jun/2024:02:01:43 +0200] "GET /ticket2/opencms/fi/buy/?edid=2B9FDAA5-4F91-9556-CB1B-77F0011A2F02&page=1 HTTP/1.1" 200 111894
3.224.220.101 - - [28/Jun/2024:02:01:46 +0200] "GET /ticket2/opencms/fi/buy/?edid=FF312D4E-5B6B-8FA5-BA69-635DC61A8F79&page=1 HTTP/1.1" 200 112401
47.128.58.15 - - [28/Jun/2024:02:01:46 +0200] "GET /ticket2/opencms/dk/buy/?edid=6CF16ABF-31A5-8D51-A63B-3077208955EB HTTP/1.1" 200 72066
5.9.55.228 - - [28/Jun/2024:02:01:47 +0200] "GET /ticket2/opencms/en/buy/?page=1&edid=04B62BE8-DBA1-6837-BCBE-53D7E0288921 HTTP/1.1" 200 86963
47.128.58.15 - - [28/Jun/2024:02:01:47 +0200] "GET /ticket2/opencms/system/modules/com.gridnine.opencms.ticketbrokerage.site/resources/js/jquery.fancybox.pack.js HTTP/1.1" 200 23187
47.128.58.15 - - [28/Jun/2024:02:01:48 +0200] "GET /ticket2/opencms/system/modules/com.gridnine.opencms.ticketbrokerage.site/resources/pics/logo-new.png HTTP/1.1" 200 13541
47.128.58.15 - - [28/Jun/2024:02:01:48 +0200] "GET /ticket2/opencms/system/modules/com.gridnine.opencms.ticketbrokerage.site/resources/pics/bank_3_swedbank.png HTTP/1.1" 200 5740
47.128.58.15 - - [28/Jun/2024:02:01:48 +0200] "GET /ticket2/opencms/system/modules/com.gridnine.opencms.ticketbrokerage.site/resources/pics/bank_1_nordea.png HTTP/1.1" 200 4807
47.128.58.15 - - [28/Jun/2024:02:01:49 +0200] "GET /ticket2/opencms/system/modules/com.gridnine.opencms.ticketbrokerage.site/resources/pics/bank_2_handelsbanken.png HTTP/1.1" 200 4509
47.128.58.15 - - [28/Jun/2024:02:01:49 +0200] "GET /ticket2/opencms/system/modules/com.gridnine.opencms.ticketbrokerage.site/resources/pics/bank_4_seb.png HTTP/1.1" 200 2487
47.128.58.15 - - [28/Jun/2024:02:01:49 +0200] "GET /ticket2/opencms/system/modules/com.gridnine.opencms.ticketbrokerage.site/resources/pics/bank_5_visa_mastercard.png HTTP/1.1" 200 8196
47.128.58.15 - - [28/Jun/2024:02:01:49 +0200] "GET /ticket2/opencms/system/modules/com.gridnine.opencms.ticketbrokerage.site/resources/pics/bank_6_american_express.png HTTP/1.1" 200 5570
23.22.35.162 - - [28/Jun/2024:02:01:50 +0200] "GET /ticket2/opencms/fi/buy/?edid=F1463EBE-6C18-CF49-B2AE-F79868BCA4F5&page=1 HTTP/1.1" 200 117944
52.70.240.171 - - [28/Jun/2024:02:01:54 +0200] "GET /ticket2/opencms/fi/buy/?edid=DD26041B-007D-3EE6-A8F7-303AB350D2E4&page=1 HTTP/1.1" 200 111987
3.224.220.101 - - [28/Jun/2024:02:01:58 +0200] "GET /ticket2/opencms/fi/buy/?edid=BB439D2C-76B4-AD0C-0FC4-79A0CD539AA0&page=1 HTTP/1.1" 200 112010
52.70.240.171 - - [28/Jun/2024:02:02:02 +0200] "GET /ticket2/opencms/fi/buy/?edid=B12376C6-BA7F-3D61-F970-EF51106430AB&page=1 HTTP/1.1" 200 107744
5.9.55.228 - - [28/Jun/2024:02:02:05 +0200] "GET /ticket2/opencms/en/buy/?page=1&edid=0A5CEFC4-5394-480F-FEA6-3D833FDD726F HTTP/1.1" 200 85200
52.70.240.171 - - [28/Jun/2024:02:02:07 +0200] "GET /ticket2/opencms/fi/buy/?edid=9CB65BAE-DCD8-2D95-397D-813CF31BA500&page=1 HTTP/1.1" 200 112805
66.249.77.37 - - [28/Jun/2024:02:02:09 +0200] "GET /ticket2/opencms/en/buy/?page=1&edid=AC850F1A-F4BA-A4A5-63C8-2EAFDE9B0DCD HTTP/1.1" 200 85180
66.249.75.168 - - [28/Jun/2024:02:02:10 +0200] "GET /ticket2/opencms/dk/sport/fodboldbilletter/premier-league/liverpool/ HTTP/1.1" 200 84506
23.22.35.162 - - [28/Jun/2024:02:02:10 +0200] "GET /ticket2/opencms/fi/buy/?edid=56B38CDE-C52C-9D5C-A997-D65F4CB742AB&page=1 HTTP/1.1" 200 117944
51.222.253.1 - - [28/Jun/2024:02:02:12 +0200] "GET /ticket2/opencms/dk/venue/?countryid=FA6155EB-FA45-A94F-2ADE-86C62589DA1C HTTP/1.1" 200 101181
47.128.125.240 - - [28/Jun/2024:02:02:13 +0200] "GET /ticket2/opencms/fi/buy/?catid=82F804FA-9F69-CB6B-D41D-7BF7C716058B&comcatid=A17713B6-D984-201A-4143-ED4DB5ED5C2E HTTP/1.1" 200 83444
47.128.125.240 - - [28/Jun/2024:02:02:14 +0200] "GET /ticket2/opencms/system/modules/com.gridnine.opencms.ticketbrokerage.site/resources/pics/logo-new.png HTTP/1.1" 200 13541
3.224.220.101 - - [28/Jun/2024:02:02:14 +0200] "GET /ticket2/opencms/fi/buy/?edid=81CABF18-BA6D-C79B-B74D-94D66EB07C86&page=1 HTTP/1.1" 200 112809
47.128.125.240 - - [28/Jun/2024:02:02:15 +0200] "GET /ticket2/opencms/system/modules/com.gridnine.opencms.ticketbrokerage.site/resources/pics/bank_1_nordea.png HTTP/1.1" 200 4807
47.128.125.240 - - [28/Jun/2024:02:02:15 +0200] "GET /ticket2/opencms/system/modules/com.gridnine.opencms.ticketbrokerage.site/resources/pics/bank_3_swedbank.png HTTP/1.1" 200 5740
47.128.125.240 - - [28/Jun/2024:02:02:15 +0200] "GET /ticket2/opencms/system/modules/com.gridnine.opencms.ticketbrokerage.site/resources/pics/bank_2_handelsbanken.png HTTP/1.1" 200 4509
47.128.125.240 - - [28/Jun/2024:02:02:16 +0200] "GET /ticket2/opencms/system/modules/com.gridnine.opencms.ticketbrokerage.site/resources/pics/bank_4_seb.png HTTP/1.1" 200 2487
47.128.125.240 - - [28/Jun/2024:02:02:16 +0200] "GET /ticket2/opencms/system/modules/com.gridnine.opencms.ticketbrokerage.site/resources/pics/bank_5_visa_mastercard.png HTTP/1.1" 200 8196
47.128.125.240 - - [28/Jun/2024:02:02:16 +0200] "GET /ticket2/opencms/system/modules/com.gridnine.opencms.ticketbrokerage.site/resources/pics/bank_6_american_express.png HTTP/1.1" 200 5570
66.249.76.160 - - [28/Jun/2024:02:02:18 +0200] "GET /ticket2/opencms/ HTTP/1.1" 302 -
52.70.240.171 - - [28/Jun/2024:02:02:18 +0200] "GET /ticket2/opencms/fi/buy/?edid=E86D89E6-4B76-0823-49E9-A4E0BE4014AF&page=1 HTTP/1.1" 200 111986
23.22.35.162 - - [28/Jun/2024:02:02:22 +0200] "GET /ticket2/opencms/fi/buy/?edid=3A899F3D-4563-653B-4B43-C09A35CA2BD9&page=1 HTTP/1.1" 200 112006
66.249.75.168 - - [28/Jun/2024:02:02:22 +0200] "GET /ticket2/opencms/sv/ HTTP/1.1" 200 91831
5.9.55.228 - - [28/Jun/2024:02:02:23 +0200] "GET /ticket2/opencms/en/buy/?page=1&edid=0AC91052-66F1-98AF-E562-D5B9EF6D6780 HTTP/1.1" 200 87830
66.249.75.167 - - [28/Jun/2024:02:02:25 +0200] "GET /ticket2/opencms/system/modules/com.gridnine.opencms.ticketbrokerage.site/resources/css/standard.css HTTP/1.1" 200 71935
66.249.75.167 - - [28/Jun/2024:02:02:25 +0200] "GET /ticket2/opencms/system/modules/com.gridnine.opencms.ticketbrokerage.site/resources/css/calendar.css HTTP/1.1" 200 6871
66.249.75.167 - - [28/Jun/2024:02:02:26 +0200] "GET /ticket2/opencms/system/modules/com.gridnine.opencms.ticketbrokerage.site/resources/css/ticketbrokerage.css HTTP/1.1" 200 39339
52.70.240.171 - - [28/Jun/2024:02:02:26 +0200] "GET /ticket2/opencms/fi/buy/?edid=0B61E12F-3357-9D4A-8CE6-56FAB7BA659C&page=1 HTTP/1.1" 200 107749
66.249.75.167 - - [28/Jun/2024:02:02:27 +0200] "GET /ticket2/opencms/system/modules/com.gridnine.opencms.ticketbrokerage.site/resources/js/calendar.js HTTP/1.1" 200 49229
66.249.76.170 - - [28/Jun/2024:02:02:28 +0200] "GET /ticket2/opencms/system/modules/com.gridnine.opencms.ticketbrokerage.site/resources/js/standard.js HTTP/1.1" 200 3978
66.249.76.170 - - [28/Jun/2024:02:02:29 +0200] "GET /ticket2/opencms/system/modules/com.gridnine.opencms.ticketbrokerage.site/resources/js/jquery/jquery.js HTTP/1.1" 200 93868
66.249.75.167 - - [28/Jun/2024:02:02:29 +0200] "GET /ticket2/opencms/system/modules/com.gridnine.opencms.ticketbrokerage.site/resources/js/calendar-en.js HTTP/1.1" 200 3338
66.249.75.167 - - [28/Jun/2024:02:02:30 +0200] "GET /ticket2/opencms/system/modules/com.gridnine.opencms.ticketbrokerage.site/resources/js/stickyfill.min.js HTTP/1.1" 200 5672
66.249.76.170 - - [28/Jun/2024:02:02:30 +0200] "GET /ticket2/opencms/system/modules/com.gridnine.opencms.ticketbrokerage.site/resources/js/functions.js HTTP/1.1" 200 1583
3.224.220.101 - - [28/Jun/2024:02:02:30 +0200] "GET /ticket2/opencms/fi/buy/?edid=F2BB5427-1D4A-AECD-9787-90D94712CD18&page=1 HTTP/1.1" 200 112571
66.249.76.170 - - [28/Jun/2024:02:02:31 +0200] "GET /ticket2/opencms/system/modules/com.gridnine.opencms.ticketbrokerage.site/resources/js/jquery.fancybox.pack.js HTTP/1.1" 200 23187
66.249.75.167 - - [28/Jun/2024:02:02:31 +0200] "GET /ticket2/opencms/system/modules/com.gridnine.opencms.ticketbrokerage.site/resources/js/jquery/jquery-ui.js HTTP/1.1" 200 228088
66.249.75.167 - - [28/Jun/2024:02:02:32 +0200] "GET /ticket2/opencms/system/modules/com.gridnine.opencms.ticketbrokerage.site/resources/js/calendar-setup.js HTTP/1.1" 200 4923
66.249.75.167 - - [28/Jun/2024:02:02:32 +0200] "GET /ticket2/opencms/system/modules/com.gridnine.opencms.ticketbrokerage.site/resources/css/jquery-ui.css HTTP/1.1" 200 33221
66.249.76.170 - - [28/Jun/2024:02:02:33 +0200] "GET /ticket2/opencms/system/modules/com.gridnine.opencms.ticketbrokerage.site/resources/css/jquery.fancybox.css HTTP/1.1" 200 4939
66.249.76.170 - - [28/Jun/2024:02:02:33 +0200] "GET /ticket2/opencms/system/modules/com.gridnine.opencms.ticketbrokerage.site/resources/js/jquery.placeholder.min.js HTTP/1.1" 200 1737
66.249.75.167 - - [28/Jun/2024:02:02:34 +0200] "GET /ticket2/opencms/system/modules/com.gridnine.opencms.ticketbrokerage.site/resources/js/common-ajax.js HTTP/1.1" 200 20175
23.22.35.162 - - [28/Jun/2024:02:02:34 +0200] "GET /ticket2/opencms/fi/buy/?edid=D3AB0CA8-3C40-1AB9-8BEC-7D01F349EB4E&page=1 HTTP/1.1" 200 111890
23.22.35.162 - - [28/Jun/2024:02:02:38 +0200] "GET /ticket2/opencms/fi/buy/?edid=5CA6204E-B944-1C9C-2A91-E87C8D0203BC&page=1 HTTP/1.1" 200 111907
23.22.35.162 - - [28/Jun/2024:02:02:42 +0200] "GET /ticket2/opencms/fi/buy/?edid=79716713-A068-E79D-953B-9FF4A2B80AAB&page=1 HTTP/1.1" 200 111903
5.9.55.228 - - [28/Jun/2024:02:02:42 +0200] "GET /ticket2/opencms/en/buy/?page=1&edid=0CFE35DB-0A40-B031-16BB-DD282DD52F7C HTTP/1.1" 200 86953
190.42.120.72 - - [28/Jun/2024:02:02:44 +0200] "GET /ticket2/opencms/semalt.com/ HTTP/1.1" 404 -
52.70.240.171 - - [28/Jun/2024:02:02:46 +0200] "GET /ticket2/opencms/fi/buy/?edid=73ADC408-1051-3D3B-0D53-5DA8E608120E&page=1 HTTP/1.1" 200 112805
23.22.35.162 - - [28/Jun/2024:02:02:51 +0200] "GET /ticket2/opencms/fi/buy/?edid=32C765D3-F869-7E5E-98A4-5E68576F52A5&page=1 HTTP/1.1" 200 113017
23.22.35.162 - - [28/Jun/2024:02:02:54 +0200] "GET /ticket2/opencms/fi/buy/?edid=F2D85B77-0146-9383-AAB8-AFEF60C3B51B&page=1 HTTP/1.1" 200 111991
52.70.240.171 - - [28/Jun/2024:02:02:58 +0200] "GET /ticket2/opencms/fi/buy/?edid=E0AF4582-F291-60D7-7793-C6DEB6EAEA8A&page=1 HTTP/1.1" 200 117951
5.9.55.228 - - [28/Jun/2024:02:03:00 +0200] "GET /ticket2/opencms/en/buy/?page=1&edid=1774DA90-1210-0FE4-2949-90A20E119D0F HTTP/1.1" 200 87801
23.22.35.162 - - [28/Jun/2024:02:03:02 +0200] "GET /ticket2/opencms/fi/buy/?edid=C4141B0C-454E-2CA8-556F-909E6DA54D22&page=1 HTTP/1.1" 200 112604
47.128.127.9 - - [28/Jun/2024:02:03:05 +0200] "GET /ticket2/opencms/dk/sport/fodboldbilletter/premier-league/arsenal/ HTTP/1.1" 200 84110
23.22.35.162 - - [28/Jun/2024:02:03:06 +0200] "GET /ticket2/opencms/fi/buy/?edid=9BFFFF0C-C809-CAED-9589-C9537A82DE22&page=1 HTTP/1.1" 200 111886
47.128.127.9 - - [28/Jun/2024:02:03:07 +0200] "GET /ticket2/opencms/system/modules/com.gridnine.opencms.ticketbrokerage.site/resources/pics/bank_2_handelsbanken.png HTTP/1.1" 200 4509
47.128.127.9 - - [28/Jun/2024:02:03:07 +0200] "GET /ticket2/opencms/system/modules/com.gridnine.opencms.ticketbrokerage.site/resources/pics/logo-new.png HTTP/1.1" 200 13541
47.128.127.9 - - [28/Jun/2024:02:03:07 +0200] "GET /ticket2/opencms/system/modules/com.gridnine.opencms.ticketbrokerage.site/resources/pics/banners/arsenal.png HTTP/1.1" 200 13545
47.128.127.9 - - [28/Jun/2024:02:03:07 +0200] "GET /ticket2/opencms/system/modules/com.gridnine.opencms.ticketbrokerage.site/resources/pics/bank_3_swedbank.png HTTP/1.1" 200 5740
47.128.127.9 - - [28/Jun/2024:02:03:08 +0200] "GET /ticket2/opencms/system/modules/com.gridnine.opencms.ticketbrokerage.site/resources/pics/bank_6_american_express.png HTTP/1.1" 200 5570
47.128.127.9 - - [28/Jun/2024:02:03:08 +0200] "GET /ticket2/opencms/system/modules/com.gridnine.opencms.ticketbrokerage.site/resources/pics/bank_4_seb.png HTTP/1.1" 200 2487
47.128.127.9 - - [28/Jun/2024:02:03:08 +0200] "GET /ticket2/opencms/system/modules/com.gridnine.opencms.ticketbrokerage.site/resources/pics/bank_1_nordea.png HTTP/1.1" 200 4807
47.128.127.9 - - [28/Jun/2024:02:03:08 +0200] "GET /ticket2/opencms/system/modules/com.gridnine.opencms.ticketbrokerage.site/resources/pics/bank_5_visa_mastercard.png HTTP/1.1" 200 8196
3.224.220.101 - - [28/Jun/2024:02:03:11 +0200] "GET /ticket2/opencms/fi/buy/?edid=E1890C55-BB29-2521-0846-5A33B1490A2E&page=1 HTTP/1.1" 200 111951
66.249.76.2 - - [28/Jun/2024:02:03:12 +0200] "GET /ticket2/opencms/de/buy/?comcatid=810BB404-4103-77F2-A6C2-12D5E6C338E2 HTTP/1.1" 200 74333
66.249.75.163 - - [28/Jun/2024:02:03:13 +0200] "GET /ticket2/opencms/sv/venue/?countryid=FE820485-92B2-CBF2-B829-80FB72DDC46F HTTP/1.1" 200 101554
3.224.220.101 - - [28/Jun/2024:02:03:14 +0200] "GET /ticket2/opencms/fi/buy/?edid=9E373ADE-B8EE-38F8-BBD8-DA1CB52F113B&page=1 HTTP/1.1" 200 113018
185.202.238.84 - - [28/Jun/2024:02:03:15 +0200] "GET /ticket2/opencms/dk/dk/buy/?page=1&edid=E3FD658B-5465-70E1-D919-E510680C4B1C&sortorder=asc&column=row HTTP/1.1" 404 -
23.22.35.162 - - [28/Jun/2024:02:03:18 +0200] "GET /ticket2/opencms/fi/buy/?edid=8D58C9DD-E967-B351-A76A-68EF419B5A93&page=1 HTTP/1.1" 200 107745
5.9.55.228 - - [28/Jun/2024:02:03:19 +0200] "GET /ticket2/opencms/en/buy/?page=1&edid=19102562-E2A2-AF98-F707-B3F5DB2EE4C3 HTTP/1.1" 200 88501
3.224.220.101 - - [28/Jun/2024:02:03:23 +0200] "GET /ticket2/opencms/fi/buy/?edid=84ABEF98-5B99-FE9A-F3A3-E305A7E3217D&page=1 HTTP/1.1" 200 111874
51.222.253.7 - - [28/Jun/2024:02:03:23 +0200] "GET /ticket2/opencms/dk/venue/?countryid=F444CA42-FE5C-C76F-1CFD-E45E1073B063 HTTP/1.1" 200 101181
52.70.240.171 - - [28/Jun/2024:02:03:27 +0200] "GET /ticket2/opencms/fi/buy/?edid=5605B728-A815-14DD-9E19-09BABDE81131&page=1 HTTP/1.1" 200 112807
3.224.220.101 - - [28/Jun/2024:02:03:30 +0200] "GET /ticket2/opencms/fi/buy/?edid=C5541103-512C-D651-87BB-185D7BE93A66&page=1 HTTP/1.1" 200 112406
52.70.240.171 - - [28/Jun/2024:02:03:34 +0200] "GET /ticket2/opencms/fi/buy/?edid=7C194BAF-9FF0-6E1C-8CF4-2340665F2A6E&page=1 HTTP/1.1" 200 111891
23.22.35.162 - - [28/Jun/2024:02:03:38 +0200] "GET /ticket2/opencms/fi/buy/?edid=5CB80305-FAB3-0B17-6A63-E12060ABE282&page=1 HTTP/1.1" 200 112599
5.9.55.228 - - [28/Jun/2024:02:03:39 +0200] "GET /ticket2/opencms/en/buy/?page=1&edid=1E779CD0-B181-DF0A-C0F1-0F4838D81E3C HTTP/1.1" 200 88372
3.224.220.101 - - [28/Jun/2024:02:03:42 +0200] "GET /ticket2/opencms/fi/buy/?edid=4DFD725A-4EAE-5578-E2C8-F093AEA223CD&page=1 HTTP/1.1" 200 117948
216.245.221.83 - - [28/Jun/2024:02:03:44 +0200] "HEAD /ticket2/opencms/ HTTP/1.1" 302 -
216.245.221.83 - - [28/Jun/2024:02:03:45 +0200] "HEAD /ticket2/opencms/en/ HTTP/1.1" 200 -
3.224.220.101 - - [28/Jun/2024:02:03:46 +0200] "GET /ticket2/opencms/fi/buy/?edid=7A598B9C-F2D5-14CB-B337-B4B5F910E2F7&page=1 HTTP/1.1" 200 111893
3.224.220.101 - - [28/Jun/2024:02:03:50 +0200] "GET /ticket2/opencms/fi/buy/?edid=B6B8349F-A5AA-C742-11D5-2D7AB719C807&page=1 HTTP/1.1" 200 112398
23.22.35.162 - - [28/Jun/2024:02:03:56 +0200] "GET /ticket2/opencms/fi/buy/?edid=659056BB-BE87-24B6-C829-F3AEABED7D72&page=1 HTTP/1.1" 200 107333
5.9.55.228 - - [28/Jun/2024:02:03:58 +0200] "GET /ticket2/opencms/en/buy/?page=1&edid=1FBD0D42-F92D-1C33-560A-76C0AFEC58E1 HTTP/1.1" 200 86944
47.128.127.250 - - [28/Jun/2024:02:03:58 +0200] "GET /ticket2/opencms/fr/magazine/article?title=manchester-united HTTP/1.1" 200 76686
3.224.220.101 - - [28/Jun/2024:02:03:58 +0200] "GET /ticket2/opencms/fi/buy/?edid=6148B729-620A-0104-5C35-7B49F49164F4&page=1 HTTP/1.1" 200 112601
47.128.127.250 - - [28/Jun/2024:02:04:02 +0200] "GET /ticket2/opencms/system/modules/com.gridnine.opencms.ticketbrokerage.site/resources/pics/logo-new.png HTTP/1.1" 200 13541
47.128.127.250 - - [28/Jun/2024:02:04:02 +0200] "GET /ticket2/opencms/system/modules/com.gridnine.opencms.ticketbrokerage.site/resources/pics/bank_1_nordea.png HTTP/1.1" 200 4807
47.128.127.250 - - [28/Jun/2024:02:04:02 +0200] "GET /ticket2/opencms/system/modules/com.gridnine.opencms.ticketbrokerage.site/resources/pics/bank_6_american_express.png HTTP/1.1" 200 5570
47.128.127.250 - - [28/Jun/2024:02:04:02 +0200] "GET /ticket2/opencms/system/modules/com.gridnine.opencms.ticketbrokerage.site/resources/pics/bank_2_handelsbanken.png HTTP/1.1" 200 4509
47.128.127.250 - - [28/Jun/2024:02:04:02 +0200] "GET /ticket2/opencms/system/modules/com.gridnine.opencms.ticketbrokerage.site/resources/pics/bank_4_seb.png HTTP/1.1" 200 2487
47.128.127.250 - - [28/Jun/2024:02:04:02 +0200] "GET /ticket2/opencms/system/modules/com.gridnine.opencms.ticketbrokerage.site/resources/pics/bank_3_swedbank.png HTTP/1.1" 200 5740
47.128.127.250 - - [28/Jun/2024:02:04:02 +0200] "GET /ticket2/opencms/system/modules/com.gridnine.opencms.ticketbrokerage.site/resources/pics/bank_5_visa_mastercard.png HTTP/1.1" 200 8196
3.224.220.101 - - [28/Jun/2024:02:04:03 +0200] "GET /ticket2/opencms/fi/buy/?edid=BE9538C3-9C42-28A4-854A-5FADE060382A&page=1 HTTP/1.1" 200 111990
47.128.98.45 - - [28/Jun/2024:02:04:03 +0200] "GET /ticket2/opencms/fi/buy/?edid=BA65675B-ADB5-F482-B91D-06897B158EA1 HTTP/1.1" 200 73261
47.128.98.45 - - [28/Jun/2024:02:04:04 +0200] "GET /ticket2/opencms/system/modules/com.gridnine.opencms.ticketbrokerage.site/resources/pics/logo-new.png HTTP/1.1" 200 13541
47.128.98.45 - - [28/Jun/2024:02:04:04 +0200] "GET /ticket2/opencms/system/modules/com.gridnine.opencms.ticketbrokerage.site/resources/pics/bank_1_nordea.png HTTP/1.1" 200 4807
47.128.98.45 - - [28/Jun/2024:02:04:05 +0200] "GET /ticket2/opencms/system/modules/com.gridnine.opencms.ticketbrokerage.site/resources/pics/bank_2_handelsbanken.png HTTP/1.1" 200 4509
47.128.98.45 - - [28/Jun/2024:02:04:05 +0200] "GET /ticket2/opencms/system/modules/com.gridnine.opencms.ticketbrokerage.site/resources/pics/bank_3_swedbank.png HTTP/1.1" 200 5740
47.128.98.45 - - [28/Jun/2024:02:04:05 +0200] "GET /ticket2/opencms/system/modules/com.gridnine.opencms.ticketbrokerage.site/resources/pics/bank_5_visa_mastercard.png HTTP/1.1" 200 8196
47.128.98.45 - - [28/Jun/2024:02:04:05 +0200] "GET /ticket2/opencms/system/modules/com.gridnine.opencms.ticketbrokerage.site/resources/pics/bank_4_seb.png HTTP/1.1" 200 2487
47.128.98.45 - - [28/Jun/2024:02:04:05 +0200] "GET /ticket2/opencms/system/modules/com.gridnine.opencms.ticketbrokerage.site/resources/pics/bank_6_american_express.png HTTP/1.1" 200 5570
52.70.240.171 - - [28/Jun/2024:02:04:07 +0200] "GET /ticket2/opencms/fi/buy/?edid=BDF141E0-5E55-1E49-4955-1BD69DA544CA&page=1 HTTP/1.1" 200 112438
47.128.127.250 - - [28/Jun/2024:02:04:07 +0200] "GET /ticket2/opencms/img/manu_flagjpg.jpg HTTP/1.1" 200 87993
23.22.35.162 - - [28/Jun/2024:02:04:10 +0200] "GET /ticket2/opencms/fi/buy/?edid=983940D7-A886-9864-BF70-6F5D578B4A87&page=1 HTTP/1.1" 200 111900
52.70.240.171 - - [28/Jun/2024:02:04:14 +0200] "GET /ticket2/opencms/fi/buy/?edid=2622E353-CCF8-0614-7644-191247788409&page=1 HTTP/1.1" 200 113024
66.249.76.168 - - [28/Jun/2024:02:04:15 +0200] "GET /ticket2/opencms/dk/sport/fodboldbilletter/bundesliga/ HTTP/1.1" 200 77418
5.9.55.228 - - [28/Jun/2024:02:04:16 +0200] "GET /ticket2/opencms/en/buy/?page=1&edid=238FA49B-72B2-BE0E-F204-90EDB39CCE4C HTTP/1.1" 200 87217
52.70.240.171 - - [28/Jun/2024:02:04:18 +0200] "GET /ticket2/opencms/fi/buy/?edid=D582FDF1-C885-7FD8-841B-6D2DEF5C38A4&page=1 HTTP/1.1" 200 112600
52.70.240.171 - - [28/Jun/2024:02:04:23 +0200] "GET /ticket2/opencms/fi/buy/?edid=D11D82D4-28DA-1768-D317-EF521A2F97E6&page=1 HTTP/1.1" 200 117946
23.22.35.162 - - [28/Jun/2024:02:04:26 +0200] "GET /ticket2/opencms/fi/buy/?edid=C8C69015-BCBB-8460-663E-8B2E58614425&page=1 HTTP/1.1" 200 112809
23.22.35.162 - - [28/Jun/2024:02:04:30 +0200] "GET /ticket2/opencms/fi/buy/?edid=BA0F8DEE-5B47-CEE4-147B-0950F10B9786&page=1 HTTP/1.1" 200 113018
51.222.253.10 - - [28/Jun/2024:02:04:32 +0200] "GET /ticket2/opencms/dk/venue/?countryid=C02FA7EF-C506-8CCA-9C06-722A0E6233D0 HTTP/1.1" 200 101181
5.9.55.228 - - [28/Jun/2024:02:04:34 +0200] "GET /ticket2/opencms/en/buy/?page=1&edid=242A560A-40C1-4036-A445-6155711765BE HTTP/1.1" 200 86968
3.224.220.101 - - [28/Jun/2024:02:04:34 +0200] "GET /ticket2/opencms/fi/buy/?edid=A9801416-AE3B-7D1A-1B34-1269835EE309&page=1 HTTP/1.1" 200 112401
23.22.35.162 - - [28/Jun/2024:02:04:38 +0200] "GET /ticket2/opencms/fi/buy/?edid=69C4AD8E-60B2-A255-9B8E-BD4F83D22F14&page=1 HTTP/1.1" 200 111904
114.119.148.160 - - [28/Jun/2024:02:04:41 +0200] "GET /ticket2/opencms/en/buy/?page=1&edid=D09C9861-7426-A328-53B1-A881873601B3 HTTP/1.1" 200 85174
23.22.35.162 - - [28/Jun/2024:02:04:42 +0200] "GET /ticket2/opencms/fi/buy/?edid=3D561669-CE76-F355-781D-8E2E1C0C9894&page=1 HTTP/1.1" 200 102636
52.70.240.171 - - [28/Jun/2024:02:04:46 +0200] "GET /ticket2/opencms/fi/buy/?edid=C448ACCE-4E2F-44DD-92FC-D2C00A7DD0E5&page=1 HTTP/1.1" 200 111891
47.128.127.6 - - [28/Jun/2024:02:04:47 +0200] "GET /ticket2/opencms/sv/sport/fotbollsbiljetter/uefa-champions-league/arsenal/ HTTP/1.1" 200 73122
47.128.127.6 - - [28/Jun/2024:02:04:48 +0200] "GET /ticket2/opencms/system/modules/com.gridnine.opencms.ticketbrokerage.site/resources/pics/logo-new.png HTTP/1.1" 200 13541
47.128.127.6 - - [28/Jun/2024:02:04:48 +0200] "GET /ticket2/opencms/system/modules/com.gridnine.opencms.ticketbrokerage.site/resources/pics/banners/arsenal.png HTTP/1.1" 200 13545
47.128.127.6 - - [28/Jun/2024:02:04:49 +0200] "GET /ticket2/opencms/system/modules/com.gridnine.opencms.ticketbrokerage.site/resources/pics/bank_6_american_express.png HTTP/1.1" 200 5570
47.128.127.6 - - [28/Jun/2024:02:04:49 +0200] "GET /ticket2/opencms/system/modules/com.gridnine.opencms.ticketbrokerage.site/resources/pics/bank_2_handelsbanken.png HTTP/1.1" 200 4509
47.128.127.6 - - [28/Jun/2024:02:04:49 +0200] "GET /ticket2/opencms/system/modules/com.gridnine.opencms.ticketbrokerage.site/resources/pics/bank_3_swedbank.png HTTP/1.1" 200 5740
47.128.127.6 - - [28/Jun/2024:02:04:49 +0200] "GET /ticket2/opencms/system/modules/com.gridnine.opencms.ticketbrokerage.site/resources/pics/bank_1_nordea.png HTTP/1.1" 200 4807
47.128.127.6 - - [28/Jun/2024:02:04:49 +0200] "GET /ticket2/opencms/system/modules/com.gridnine.opencms.ticketbrokerage.site/resources/pics/bank_4_seb.png HTTP/1.1" 200 2487
47.128.127.6 - - [28/Jun/2024:02:04:49 +0200] "GET /ticket2/opencms/system/modules/com.gridnine.opencms.ticketbrokerage.site/resources/pics/bank_5_visa_mastercard.png HTTP/1.1" 200 8196
52.70.240.171 - - [28/Jun/2024:02:04:50 +0200] "GET /ticket2/opencms/fi/buy/?edid=9D2DFDC9-4BC5-EECE-32CF-AF6FA9041457&page=1 HTTP/1.1" 200 111961
5.9.55.228 - - [28/Jun/2024:02:04:51 +0200] "GET /ticket2/opencms/en/buy/?page=1&edid=27C123AB-DDEB-9544-7BBD-F441CE093363 HTTP/1.1" 200 86942
23.22.35.162 - - [28/Jun/2024:02:04:54 +0200] "GET /ticket2/opencms/fi/buy/?edid=03D907FB-D1E6-E922-E1AC-AD5339EA57CC&page=1 HTTP/1.1" 200 107747
3.224.220.101 - - [28/Jun/2024:02:04:58 +0200] "GET /ticket2/opencms/fi/buy/?edid=F03BC80C-51C9-D5C8-6DEC-FA800785943C&page=1 HTTP/1.1" 200 112769
3.224.220.101 - - [28/Jun/2024:02:05:02 +0200] "GET /ticket2/opencms/fi/buy/?edid=C15AE28C-73DB-6928-32A1-4EC14A77EEA7&page=1 HTTP/1.1" 200 112400
52.70.240.171 - - [28/Jun/2024:02:05:07 +0200] "GET /ticket2/opencms/fi/buy/?edid=B7E87373-4E91-4192-46CD-A0665726782B&page=1 HTTP/1.1" 200 112597
5.9.55.228 - - [28/Jun/2024:02:05:08 +0200] "GET /ticket2/opencms/en/buy/?page=1&edid=2820E82E-1E9F-AF59-3116-80DB3C0051A4 HTTP/1.1" 200 87381
185.157.223.150 - - [28/Jun/2024:02:05:08 +0200] "GET /ticket2/tickets_export/outgoing/export.txt HTTP/1.1" 200 24612147
52.70.240.171 - - [28/Jun/2024:02:05:10 +0200] "GET /ticket2/opencms/fi/buy/?edid=86B4B2B3-495F-6DCC-061F-2AA67B1599F7&page=1 HTTP/1.1" 200 111904
3.224.220.101 - - [28/Jun/2024:02:05:14 +0200] "GET /ticket2/opencms/fi/buy/?edid=341262D8-7A59-5821-1DA8-A5F36D843BF9&page=1 HTTP/1.1" 200 117948
66.249.76.166 - - [28/Jun/2024:02:05:17 +0200] "GET /ticket2/opencms/fi/venue/?venueid=A4FD97C9-3112-FD78-66F7-32D2DBBAA5F9 HTTP/1.1" 200 72977
66.249.75.98 - - [28/Jun/2024:02:05:17 +0200] "GET /ticket2/opencms/en/buy/?comcatid=97ECA65A-72DA-F9AF-9DBB-245D3CFED1BE&catid=078F99D4-0B9E-E323-5A07-D7B70F6E8874 HTTP/1.1" 200 76625
3.224.220.101 - - [28/Jun/2024:02:05:18 +0200] "GET /ticket2/opencms/fi/buy/?edid=128622B7-EDDD-3A5E-9897-BCB852F1E8F1&page=1 HTTP/1.1" 200 112009
3.224.220.101 - - [28/Jun/2024:02:05:22 +0200] "GET /ticket2/opencms/fi/buy/?edid=EB4DE1F4-F429-D890-6213-A5B01648901D&page=1 HTTP/1.1" 200 107752
5.9.55.228 - - [28/Jun/2024:02:05:26 +0200] "GET /ticket2/opencms/en/buy/?page=1&edid=28A78875-6E8A-83A1-C3FA-6534C0763257 HTTP/1.1" 200 88370
3.224.220.101 - - [28/Jun/2024:02:05:26 +0200] "GET /ticket2/opencms/fi/buy/?edid=C65C7DD7-B53E-6743-1299-72135D790427&page=1 HTTP/1.1" 200 111987
52.70.240.171 - - [28/Jun/2024:02:05:30 +0200] "GET /ticket2/opencms/fi/buy/?edid=BA65675B-ADB5-F482-B91D-06897B158EA1&page=1 HTTP/1.1" 200 111889
3.224.220.101 - - [28/Jun/2024:02:05:34 +0200] "GET /ticket2/opencms/fi/buy/?edid=7D165939-BF98-0026-A2D4-02E534C6E447&page=1 HTTP/1.1" 200 102638
52.167.144.145 - - [28/Jun/2024:02:05:37 +0200] "GET /ticket2/opencms/en/buy/?page=1&edid=C6066F25-BD4D-21BB-6647-DA388B114B52 HTTP/1.1" 200 88001
52.70.240.171 - - [28/Jun/2024:02:05:38 +0200] "GET /ticket2/opencms/fi/buy/?edid=7D0034DE-60A0-B971-BE37-13F34A8B84FE&page=1 HTTP/1.1" 200 112405
47.128.32.81 - - [28/Jun/2024:02:05:38 +0200] "GET /ticket2/opencms/fi/urheilu/jalkapallo/bundesliga/dortmund/ HTTP/1.1" 200 74355
47.128.32.81 - - [28/Jun/2024:02:05:41 +0200] "GET /ticket2/opencms/system/modules/com.gridnine.opencms.ticketbrokerage.site/resources/pics/logo-new.png HTTP/1.1" 200 13541
47.128.32.81 - - [28/Jun/2024:02:05:41 +0200] "GET /ticket2/opencms/system/modules/com.gridnine.opencms.ticketbrokerage.site/resources/pics/banners/team/bundesliga/borussia_09_dortmund.png HTTP/1.1" 200 69688
47.128.32.81 - - [28/Jun/2024:02:05:41 +0200] "GET /ticket2/opencms/system/modules/com.gridnine.opencms.ticketbrokerage.site/resources/pics/bank_2_handelsbanken.png HTTP/1.1" 200 4509
23.22.35.162 - - [28/Jun/2024:02:05:42 +0200] "GET /ticket2/opencms/fi/buy/?edid=59FF6FC0-0E24-887E-599D-D93F8931961C&page=1 HTTP/1.1" 200 111864
47.128.32.81 - - [28/Jun/2024:02:05:42 +0200] "GET /ticket2/opencms/system/modules/com.gridnine.opencms.ticketbrokerage.site/resources/pics/bank_4_seb.png HTTP/1.1" 200 2487
47.128.32.81 - - [28/Jun/2024:02:05:42 +0200] "GET /ticket2/opencms/system/modules/com.gridnine.opencms.ticketbrokerage.site/resources/pics/bank_1_nordea.png HTTP/1.1" 200 4807
47.128.32.81 - - [28/Jun/2024:02:05:42 +0200] "GET /ticket2/opencms/system/modules/com.gridnine.opencms.ticketbrokerage.site/resources/pics/bank_3_swedbank.png HTTP/1.1" 200 5740
47.128.32.81 - - [28/Jun/2024:02:05:43 +0200] "GET /ticket2/opencms/system/modules/com.gridnine.opencms.ticketbrokerage.site/resources/pics/bank_5_visa_mastercard.png HTTP/1.1" 200 8196
47.128.32.81 - - [28/Jun/2024:02:05:43 +0200] "GET /ticket2/opencms/system/modules/com.gridnine.opencms.ticketbrokerage.site/resources/pics/bank_6_american_express.png HTTP/1.1" 200 5570
5.9.55.228 - - [28/Jun/2024:02:05:44 +0200] "GET /ticket2/opencms/en/buy/?page=1&edid=29B573D8-16F6-7556-60C3-0029DCFF0A60 HTTP/1.1" 200 88469
3.224.220.101 - - [28/Jun/2024:02:05:46 +0200] "GET /ticket2/opencms/fi/buy/?edid=4DF0D9FC-63B4-BC0C-C1C6-5A8F2E684398&page=1 HTTP/1.1" 200 112583
51.222.253.11 - - [28/Jun/2024:02:05:47 +0200] "GET /ticket2/opencms/dk/venue/?countryid=40378634-F839-FEF7-110F-40EAA530AB1D HTTP/1.1" 200 101181
3.224.220.101 - - [28/Jun/2024:02:05:50 +0200] "GET /ticket2/opencms/fi/buy/?edid=26FD5F34-C195-7172-EE2F-9EC20DBD4239&page=1 HTTP/1.1" 200 113021
185.202.238.84 - - [28/Jun/2024:02:05:50 +0200] "GET /ticket2/opencms/dk/dk/buy/?page=1&edid=E45A7666-64CC-B540-0D3F-68EC07696B61&sortorder=desc&column=price HTTP/1.1" 404 -
3.224.220.101 - - [28/Jun/2024:02:05:55 +0200] "GET /ticket2/opencms/fi/buy/?edid=0F9D6B87-FBA2-98F6-6A11-CBBA4D2A86C1&page=1 HTTP/1.1" 200 117947
23.22.35.162 - - [28/Jun/2024:02:05:58 +0200] "GET /ticket2/opencms/fi/buy/?edid=0F75B18C-E221-E332-009D-FADB7D439839&page=1 HTTP/1.1" 200 112777
216.245.221.83 - - [28/Jun/2024:02:05:58 +0200] "HEAD /ticket2/opencms/ HTTP/1.1" 302 -
5.9.55.228 - - [28/Jun/2024:02:06:01 +0200] "GET /ticket2/opencms/en/buy/?page=1&edid=2BB63DA7-B0AE-2827-05DF-1E69884FFE00 HTTP/1.1" 200 87814
216.245.221.83 - - [28/Jun/2024:02:06:02 +0200] "HEAD /ticket2/opencms/en/ HTTP/1.1" 200 -
23.22.35.162 - - [28/Jun/2024:02:06:03 +0200] "GET /ticket2/opencms/fi/buy/?edid=8A15C340-B6C2-2F43-473C-6069B2AC1544&page=1 HTTP/1.1" 200 111919
3.224.220.101 - - [28/Jun/2024:02:06:06 +0200] "GET /ticket2/opencms/fi/buy/?edid=C51DC9BA-8ED0-8D5F-A005-77B2B61DA7C9&page=1 HTTP/1.1" 200 112603
40.77.167.50 - - [28/Jun/2024:02:06:08 +0200] "GET /ticket2/opencms/sv/buy/?page=1&edid=4F12EEF2-EEE1-6C0B-38B5-EE2BFB9F492A HTTP/1.1" 200 85936
3.224.220.101 - - [28/Jun/2024:02:06:10 +0200] "GET /ticket2/opencms/fi/buy/?edid=8B771AFF-A9A8-FE63-E57B-1170D3B7C5B8&page=1 HTTP/1.1" 200 113019
52.70.240.171 - - [28/Jun/2024:02:06:14 +0200] "GET /ticket2/opencms/fi/buy/?edid=6312D7C5-4BBF-A97E-B93A-47328366BE18&page=1 HTTP/1.1" 200 111901
40.77.167.26 - - [28/Jun/2024:02:06:17 +0200] "GET /ticket2/opencms/en/newsletter/ HTTP/1.1" 200 75022
66.249.76.130 - - [28/Jun/2024:02:06:18 +0200] "GET /ticket2/opencms/sv/buy/?page=1&edid=A8FCDF96-5BE9-3FBC-BBD6-5BFAFD5454D2 HTTP/1.1" 200 85956
52.70.240.171 - - [28/Jun/2024:02:06:18 +0200] "GET /ticket2/opencms/fi/buy/?edid=C3116C51-41DE-7C13-575E-661138774698&page=1 HTTP/1.1" 200 107749
5.9.55.228 - - [28/Jun/2024:02:06:19 +0200] "GET /ticket2/opencms/en/buy/?page=1&edid=2D38B293-6E7E-C864-3493-2CA274C1E20F HTTP/1.1" 200 86778
66.249.76.161 - - [28/Jun/2024:02:06:20 +0200] "GET /ticket2/opencms/no/buy/?page=1&edid=91870084-7155-79A9-A57C-A68AF475B93F HTTP/1.1" 200 107209
47.128.39.145 - - [28/Jun/2024:02:06:21 +0200] "GET /ticket2/opencms/fi/buy/?edid=AC850F1A-F4BA-A4A5-63C8-2EAFDE9B0DCD HTTP/1.1" 200 73261
23.22.35.162 - - [28/Jun/2024:02:06:22 +0200] "GET /ticket2/opencms/fi/buy/?edid=C29FD4D7-C114-3152-7015-AC9740876339&page=1 HTTP/1.1" 200 112013
47.128.39.145 - - [28/Jun/2024:02:06:25 +0200] "GET /ticket2/opencms/system/modules/com.gridnine.opencms.ticketbrokerage.site/resources/pics/logo-new.png HTTP/1.1" 200 13541
47.128.39.145 - - [28/Jun/2024:02:06:25 +0200] "GET /ticket2/opencms/system/modules/com.gridnine.opencms.ticketbrokerage.site/resources/pics/bank_1_nordea.png HTTP/1.1" 200 4807
47.128.39.145 - - [28/Jun/2024:02:06:25 +0200] "GET /ticket2/opencms/system/modules/com.gridnine.opencms.ticketbrokerage.site/resources/pics/bank_4_seb.png HTTP/1.1" 200 2487
47.128.39.145 - - [28/Jun/2024:02:06:25 +0200] "GET /ticket2/opencms/system/modules/com.gridnine.opencms.ticketbrokerage.site/resources/pics/bank_5_visa_mastercard.png HTTP/1.1" 200 8196
47.128.39.145 - - [28/Jun/2024:02:06:25 +0200] "GET /ticket2/opencms/system/modules/com.gridnine.opencms.ticketbrokerage.site/resources/pics/bank_3_swedbank.png HTTP/1.1" 200 5740
47.128.39.145 - - [28/Jun/2024:02:06:25 +0200] "GET /ticket2/opencms/system/modules/com.gridnine.opencms.ticketbrokerage.site/resources/pics/bank_2_handelsbanken.png HTTP/1.1" 200 4509
47.128.39.145 - - [28/Jun/2024:02:06:26 +0200] "GET /ticket2/opencms/system/modules/com.gridnine.opencms.ticketbrokerage.site/resources/pics/bank_6_american_express.png HTTP/1.1" 200 5570
52.70.240.171 - - [28/Jun/2024:02:06:27 +0200] "GET /ticket2/opencms/fi/buy/?edid=729B4624-40AD-E7A7-F9BA-94230F6FDC91&page=1 HTTP/1.1" 200 117944
23.22.35.162 - - [28/Jun/2024:02:06:31 +0200] "GET /ticket2/opencms/fi/buy/?edid=3D90558B-59E5-DB4E-10D0-F79B6C89B78E&page=1 HTTP/1.1" 200 112399
52.70.240.171 - - [28/Jun/2024:02:06:34 +0200] "GET /ticket2/opencms/fi/buy/?edid=2C495116-CB98-C9E3-B9E8-389135800397&page=1 HTTP/1.1" 200 111991
5.9.55.228 - - [28/Jun/2024:02:06:37 +0200] "GET /ticket2/opencms/en/buy/?page=1&edid=2F880491-42B3-B2CF-F49A-9DDCD43581D2 HTTP/1.1" 200 87596
77.214.82.74 - - [28/Jun/2024:02:06:38 +0200] "GET /ticket2/opencms/dk?wbraid=ClYKCQjwm_SzBhDnARJFADC_6HGjqWPju1iz-OP3dw8GJA59DiJBynjA6hSv7EDVRwszU6rQiDytJpuwrLMmQwbFliqdXwb_WgdpHncOzrnKK0cEGgLK4g HTTP/1.1" 200 91647
3.224.220.101 - - [28/Jun/2024:02:06:38 +0200] "GET /ticket2/opencms/fi/buy/?edid=F1EEEC67-D1C4-E916-20F3-F210A97B2C57&page=1 HTTP/1.1" 200 112599
23.22.35.162 - - [28/Jun/2024:02:06:42 +0200] "GET /ticket2/opencms/fi/buy/?edid=6DFFB718-11C1-53C4-2A79-C844FA7A064D&page=1 HTTP/1.1" 200 113024
3.224.220.101 - - [28/Jun/2024:02:06:46 +0200] "GET /ticket2/opencms/fi/buy/?edid=65E7B63A-82AD-5350-7913-2D26A32C5940&page=1 HTTP/1.1" 200 111906
40.77.167.50 - - [28/Jun/2024:02:06:49 +0200] "GET /ticket2/opencms/en/buy/?page=1&edid=2EFD2627-895E-361A-639F-C8A896660F7C HTTP/1.1" 200 88330
23.22.35.162 - - [28/Jun/2024:02:06:50 +0200] "GET /ticket2/opencms/fi/buy/?edid=46DDC203-41AB-936F-F42F-3447B1C39BFC&page=1 HTTP/1.1" 200 111888
51.222.253.14 - - [28/Jun/2024:02:06:54 +0200] "GET /ticket2/opencms/dk/venue/?countryid=46D1BD56-50EF-279E-34BE-11A1EF985421 HTTP/1.1" 200 101181
23.22.35.162 - - [28/Jun/2024:02:06:54 +0200] "GET /ticket2/opencms/fi/buy/?edid=DE73DB51-4178-AA85-D066-1C5C2E4D27B9&page=1 HTTP/1.1" 200 102640
5.9.55.228 - - [28/Jun/2024:02:06:54 +0200] "GET /ticket2/opencms/en/buy/?page=1&edid=3176E62D-2ABE-1AEC-AE78-5501F2AB2BE9 HTTP/1.1" 200 86935
3.224.220.101 - - [28/Jun/2024:02:06:59 +0200] "GET /ticket2/opencms/fi/buy/?edid=95423F1B-D1AB-68DD-A58C-5DE97CA2D553&page=1 HTTP/1.1" 200 112399
52.70.240.171 - - [28/Jun/2024:02:07:02 +0200] "GET /ticket2/opencms/fi/buy/?edid=46ED3103-DE6B-A6DD-76D4-FB2A3432E453&page=1 HTTP/1.1" 200 112446
52.70.240.171 - - [28/Jun/2024:02:07:06 +0200] "GET /ticket2/opencms/fi/buy/?edid=361EAD73-436C-F7FD-91EE-7D353735C8BC&page=1 HTTP/1.1" 200 112804
5.9.55.228 - - [28/Jun/2024:02:07:10 +0200] "GET /ticket2/opencms/en/buy/?page=1&edid=325B1ED6-7B15-4D0E-D8E7-20609740D0F8 HTTP/1.1" 200 87201
52.70.240.171 - - [28/Jun/2024:02:07:10 +0200] "GET /ticket2/opencms/fi/buy/?edid=10C00DD9-2619-A832-C970-E24EDAAD57C7&page=1 HTTP/1.1" 200 111991
23.22.35.162 - - [28/Jun/2024:02:07:14 +0200] "GET /ticket2/opencms/fi/buy/?edid=077A4D05-90D5-AF2A-B689-A4F52E73EBA2&page=1 HTTP/1.1" 200 117946
52.70.240.171 - - [28/Jun/2024:02:07:18 +0200] "GET /ticket2/opencms/fi/buy/?edid=FB201BEF-97AC-F5AA-1C79-FCD23FE64214&page=1 HTTP/1.1" 200 117944
66.249.75.168 - - [28/Jun/2024:02:07:20 +0200] "GET /ticket2/opencms/sv/sport/fotbollsbiljetter/serie_a/lazio/ HTTP/1.1" 200 74523
66.249.77.36 - - [28/Jun/2024:02:07:21 +0200] "GET /ticket2/opencms/en/buy/?page=1&edid=7010A18C-5A4A-0E34-BEAB-2260102DF0D3 HTTP/1.1" 200 85187
3.249.102.12 - - [28/Jun/2024:02:07:21 +0200] "GET /ticket2/opencms/robots.txt HTTP/1.1" 200 773
3.224.220.101 - - [28/Jun/2024:02:07:22 +0200] "GET /ticket2/opencms/fi/buy/?edid=DC909086-9C5C-EBAF-0F10-7C4FD4D0055C&page=1 HTTP/1.1" 200 111902
52.70.240.171 - - [28/Jun/2024:02:07:26 +0200] "GET /ticket2/opencms/fi/buy/?edid=AF39FAB5-FE06-5368-91B7-FED96ACA064E&page=1 HTTP/1.1" 200 111994
5.9.55.228 - - [28/Jun/2024:02:07:28 +0200] "GET /ticket2/opencms/en/buy/?page=1&edid=3A07E5A5-3743-E1F7-98D4-69CCB7817E15 HTTP/1.1" 200 88300
3.249.102.12 - - [28/Jun/2024:02:07:28 +0200] "GET /ticket2/opencms/robots.txt HTTP/1.1" 200 773
23.22.35.162 - - [28/Jun/2024:02:07:30 +0200] "GET /ticket2/opencms/fi/buy/?edid=8A4BD3C0-720E-C7F3-26B8-C1C8D72D0618&page=1 HTTP/1.1" 200 107196
3.249.102.12 - - [28/Jun/2024:02:07:34 +0200] "GET /ticket2/opencms/ HTTP/1.1" 302 -
23.22.35.162 - - [28/Jun/2024:02:07:34 +0200] "GET /ticket2/opencms/fi/buy/?edid=F74997E7-1F81-8144-BC19-7CD40E7B47F7&page=1 HTTP/1.1" 200 113021
3.224.220.101 - - [28/Jun/2024:02:07:38 +0200] "GET /ticket2/opencms/fi/buy/?edid=B98837D3-1E81-8A8C-D0BB-1E445F8B9795&page=1 HTTP/1.1" 200 112596
3.249.102.12 - - [28/Jun/2024:02:07:40 +0200] "GET /ticket2/opencms/en/ HTTP/1.1" 200 91208
66.249.75.168 - - [28/Jun/2024:02:07:42 +0200] "GET /ticket2/opencms/ HTTP/1.1" 302 -
23.22.35.162 - - [28/Jun/2024:02:07:42 +0200] "GET /ticket2/opencms/fi/buy/?edid=B77A7006-DEDC-BDA0-58BA-235C61E5D6CF&page=1 HTTP/1.1" 200 112006
66.249.75.167 - - [28/Jun/2024:02:07:46 +0200] "GET /ticket2/opencms/sv/ HTTP/1.1" 200 91831
5.9.55.228 - - [28/Jun/2024:02:07:46 +0200] "GET /ticket2/opencms/en/buy/?page=1&edid=3AB65601-4EE3-2449-68F0-32A09A52B78E HTTP/1.1" 200 86709
3.224.220.101 - - [28/Jun/2024:02:07:46 +0200] "GET /ticket2/opencms/fi/buy/?edid=91870084-7155-79A9-A57C-A68AF475B93F&page=1 HTTP/1.1" 200 107751
66.249.76.170 - - [28/Jun/2024:02:07:48 +0200] "GET /ticket2/opencms/system/modules/com.gridnine.opencms.ticketbrokerage.site/resources/css/standard.css HTTP/1.1" 200 71935
66.249.75.167 - - [28/Jun/2024:02:07:49 +0200] "GET /ticket2/opencms/system/modules/com.gridnine.opencms.ticketbrokerage.site/resources/js/jquery.fancybox.pack.js HTTP/1.1" 200 23187
66.249.75.167 - - [28/Jun/2024:02:07:50 +0200] "GET /ticket2/opencms/system/modules/com.gridnine.opencms.ticketbrokerage.site/resources/css/jquery.fancybox.css HTTP/1.1" 200 4939
3.224.220.101 - - [28/Jun/2024:02:07:50 +0200] "GET /ticket2/opencms/fi/buy/?edid=551618B5-3860-8837-909D-AC46BA2A0628&page=1 HTTP/1.1" 200 113663
66.249.75.167 - - [28/Jun/2024:02:07:51 +0200] "GET /ticket2/opencms/system/modules/com.gridnine.opencms.ticketbrokerage.site/resources/js/standard.js HTTP/1.1" 200 3978
66.249.76.160 - - [28/Jun/2024:02:07:52 +0200] "GET /ticket2/opencms/system/modules/com.gridnine.opencms.ticketbrokerage.site/resources/css/ticketbrokerage.css HTTP/1.1" 200 39339
66.249.75.167 - - [28/Jun/2024:02:07:52 +0200] "GET /ticket2/opencms/system/modules/com.gridnine.opencms.ticketbrokerage.site/resources/css/jquery-ui.css HTTP/1.1" 200 33221
66.249.75.167 - - [28/Jun/2024:02:07:52 +0200] "GET /ticket2/opencms/system/modules/com.gridnine.opencms.ticketbrokerage.site/resources/js/stickyfill.min.js HTTP/1.1" 200 5672
66.249.76.170 - - [28/Jun/2024:02:07:53 +0200] "GET /ticket2/opencms/system/modules/com.gridnine.opencms.ticketbrokerage.site/resources/js/calendar-setup.js HTTP/1.1" 200 4923
66.249.75.167 - - [28/Jun/2024:02:07:53 +0200] "GET /ticket2/opencms/system/modules/com.gridnine.opencms.ticketbrokerage.site/resources/js/calendar.js HTTP/1.1" 200 49229
66.249.76.170 - - [28/Jun/2024:02:07:54 +0200] "GET /ticket2/opencms/system/modules/com.gridnine.opencms.ticketbrokerage.site/resources/js/jquery/jquery.js HTTP/1.1" 200 93868
23.22.35.162 - - [28/Jun/2024:02:07:54 +0200] "GET /ticket2/opencms/fi/buy/?edid=B422C598-4610-0185-89CA-0FDFEB7BE014&page=1 HTTP/1.1" 200 111904
185.202.238.84 - - [28/Jun/2024:02:07:54 +0200] "GET /ticket2/opencms/dk/dk/buy/?page=1&edid=E45A7666-64CC-B540-0D3F-68EC07696B61&sortorder=desc&column=section HTTP/1.1" 404 -
66.249.75.167 - - [28/Jun/2024:02:07:55 +0200] "GET /ticket2/opencms/system/modules/com.gridnine.opencms.ticketbrokerage.site/resources/js/jquery/jquery-ui.js HTTP/1.1" 200 228088
66.249.75.167 - - [28/Jun/2024:02:07:55 +0200] "GET /ticket2/opencms/system/modules/com.gridnine.opencms.ticketbrokerage.site/resources/js/functions.js HTTP/1.1" 200 1583
66.249.76.170 - - [28/Jun/2024:02:07:56 +0200] "GET /ticket2/opencms/system/modules/com.gridnine.opencms.ticketbrokerage.site/resources/css/calendar.css HTTP/1.1" 200 6871
66.249.76.170 - - [28/Jun/2024:02:07:56 +0200] "GET /ticket2/opencms/system/modules/com.gridnine.opencms.ticketbrokerage.site/resources/js/calendar-en.js HTTP/1.1" 200 3338
40.77.167.70 - - [28/Jun/2024:02:07:57 +0200] "GET /ticket2/opencms/sv/buy/?page=6&comcatid=A17713B6-D984-201A-4143-ED4DB5ED5C2E&catid=6BD6E0B0-84AF-3A0D-3851-C1357CE9B771 HTTP/1.1" 200 83005
23.22.35.162 - - [28/Jun/2024:02:07:58 +0200] "GET /ticket2/opencms/fi/buy/?edid=94D791E2-A2F6-C0D4-E68D-72D6DE252AC9&page=1 HTTP/1.1" 200 102518
40.77.167.52 - - [28/Jun/2024:02:08:00 +0200] "GET /ticket2/opencms/ru/buy/?page=1&edid=6BC4B09E-E0E7-8D41-B156-7BD887AFEAE5 HTTP/1.1" 200 8183
66.249.75.167 - - [28/Jun/2024:02:08:00 +0200] "GET /ticket2/opencms/system/modules/com.gridnine.opencms.ticketbrokerage.site/resources/js/jquery.placeholder.min.js HTTP/1.1" 200 1737
5.9.55.228 - - [28/Jun/2024:02:08:02 +0200] "GET /ticket2/opencms/en/buy/?page=1&edid=3B2B632D-2D9E-A780-282C-D4563639E830 HTTP/1.1" 200 86947
66.249.75.167 - - [28/Jun/2024:02:08:02 +0200] "GET /ticket2/opencms/system/modules/com.gridnine.opencms.ticketbrokerage.site/resources/js/common-ajax.js HTTP/1.1" 200 20175
52.70.240.171 - - [28/Jun/2024:02:08:02 +0200] "GET /ticket2/opencms/fi/buy/?edid=486EB1CD-95BE-ED77-9E64-4E49BB28C6F8&page=1 HTTP/1.1" 200 111959
23.22.35.162 - - [28/Jun/2024:02:08:06 +0200] "GET /ticket2/opencms/fi/buy/?edid=145F87FE-BCE7-15CF-CE4F-3702933DA737&page=1 HTTP/1.1" 200 117946
40.77.167.26 - - [28/Jun/2024:02:08:08 +0200] "GET /ticket2/opencms/en/buy?page=1&edid=42C5D83C-45F5-510D-23C9-7B4CE8796C8F HTTP/1.1" 200 113359
23.22.35.162 - - [28/Jun/2024:02:08:10 +0200] "GET /ticket2/opencms/fi/buy/?edid=FAFAF417-5A49-5A69-2A7B-18E4D12B5078&page=1 HTTP/1.1" 200 112599
51.222.253.1 - - [28/Jun/2024:02:08:12 +0200] "GET /ticket2/opencms/dk/venue/?countryid=EFE62657-ED88-7045-031D-E16EFB5F4910 HTTP/1.1" 200 101181
52.70.240.171 - - [28/Jun/2024:02:08:14 +0200] "GET /ticket2/opencms/fi/buy/?edid=EF2958B1-A48C-B7EC-265D-770BB975F623&page=1 HTTP/1.1" 200 112399
52.70.240.171 - - [28/Jun/2024:02:08:18 +0200] "GET /ticket2/opencms/fi/buy/?edid=8A952CCD-A492-95D3-2AFF-7C7D5623F3B6&page=1 HTTP/1.1" 200 112012
5.9.55.228 - - [28/Jun/2024:02:08:19 +0200] "GET /ticket2/opencms/en/buy/?page=1&edid=3CC17989-3033-10BE-F5C3-D729834B05F5 HTTP/1.1" 200 87369
3.224.220.101 - - [28/Jun/2024:02:08:22 +0200] "GET /ticket2/opencms/fi/buy/?edid=78077671-6D1C-6384-F4E3-25AAC0A5B810&page=1 HTTP/1.1" 200 112791
66.249.75.105 - - [28/Jun/2024:02:08:23 +0200] "GET /ticket2/opencms/nl/sport/voetbal-tickets/la_liga/cadiz/ HTTP/1.1" 200 72634
66.249.75.98 - - [28/Jun/2024:02:08:24 +0200] "GET /ticket2/opencms/en/buy/?comcatid=97ECA65A-72DA-F9AF-9DBB-245D3CFED1BE HTTP/1.1" 200 76580
66.249.75.163 - - [28/Jun/2024:02:08:25 +0200] "GET /ticket2/opencms/sv/venue/?countryid=278F1901-B821-DEE9-D6D6-BF49B756C52A HTTP/1.1" 200 101554
66.249.75.96 - - [28/Jun/2024:02:08:26 +0200] "GET /ticket2/opencms/dk/venue/?venueid=7F535AB1-F888-ED6B-B55A-1270FA6C3498 HTTP/1.1" 200 71797
3.224.220.101 - - [28/Jun/2024:02:08:26 +0200] "GET /ticket2/opencms/fi/buy/?edid=BA98F497-79D9-0BA1-3E19-B45BB0763E07&page=1 HTTP/1.1" 200 117947
66.249.76.170 - - [28/Jun/2024:02:08:28 +0200] "GET /ticket2/opencms/de/fi/buy/?page=6&comcatid=A17713B6-D984-201A-4143-ED4DB5ED5C2E&catid=C48671DB-5AEB-8CE2-928E-38417FFBE085 HTTP/1.1" 404 -
52.70.240.171 - - [28/Jun/2024:02:08:31 +0200] "GET /ticket2/opencms/fi/buy/?edid=BA6A690A-3E4C-7B0E-F103-AC3CC3F63074&page=1 HTTP/1.1" 200 112604
3.224.220.101 - - [28/Jun/2024:02:08:34 +0200] "GET /ticket2/opencms/fi/buy/?edid=44FBC1CF-A416-2795-B9FA-E57E9A79C34D&page=1 HTTP/1.1" 200 107204
5.9.55.228 - - [28/Jun/2024:02:08:35 +0200] "GET /ticket2/opencms/en/buy/?page=1&edid=3CC669F6-0C63-5743-F1E5-8F5E9C2AB45D HTTP/1.1" 200 86686
119.13.104.14 - - [28/Jun/2024:02:08:36 +0200] "GET /ticket2/opencms/sv/sport/fotbollsbiljetter/uefa-champions-league/atletico_madrid/ HTTP/1.1" 200 73861
3.224.220.101 - - [28/Jun/2024:02:08:39 +0200] "GET /ticket2/opencms/fi/buy/?edid=17FCF75B-5941-6553-7E99-DDA280BBDB43&page=1 HTTP/1.1" 200 111953
47.128.39.188 - - [28/Jun/2024:02:08:40 +0200] "GET /ticket2/opencms/dk/buy/?edid=BB439D2C-76B4-AD0C-0FC4-79A0CD539AA0 HTTP/1.1" 200 72066
47.128.39.188 - - [28/Jun/2024:02:08:41 +0200] "GET /ticket2/opencms/system/modules/com.gridnine.opencms.ticketbrokerage.site/resources/pics/logo-new.png HTTP/1.1" 200 13541
