47.128.121.212 - - [28/Jun/2024:02:43:06 +0200] "GET /ticket2/opencms/system/modules/com.gridnine.opencms.ticketbrokerage.site/resources/pics/logo-new.png HTTP/1.1" 200 13541
23.22.35.162 - - [28/Jun/2024:02:43:06 +0200] "GET /ticket2/opencms/de/buy/?catid=9457695E-36ED-A63E-7A88-32963954E2C7&comcatid=97ECA65A-72DA-F9AF-9DBB-245D3CFED1BE HTTP/1.1" 200 77715
51.222.253.14 - - [28/Jun/2024:02:43:06 +0200] "GET /ticket2/opencms/dk/venue/?countryid=2193F5F2-8798-B3BE-FB16-3B568A67DED7 HTTP/1.1" 200 101181
47.128.121.212 - - [28/Jun/2024:02:43:06 +0200] "GET /ticket2/opencms/system/modules/com.gridnine.opencms.ticketbrokerage.site/resources/pics/bank_1_nordea.png HTTP/1.1" 200 4807
47.128.121.212 - - [28/Jun/2024:02:43:07 +0200] "GET /ticket2/opencms/system/modules/com.gridnine.opencms.ticketbrokerage.site/resources/pics/bank_2_handelsbanken.png HTTP/1.1" 200 4509
47.128.121.212 - - [28/Jun/2024:02:43:07 +0200] "GET /ticket2/opencms/system/modules/com.gridnine.opencms.ticketbrokerage.site/resources/pics/bank_4_seb.png HTTP/1.1" 200 2487
47.128.121.212 - - [28/Jun/2024:02:43:07 +0200] "GET /ticket2/opencms/system/modules/com.gridnine.opencms.ticketbrokerage.site/resources/pics/bank_3_swedbank.png HTTP/1.1" 200 5740
47.128.121.212 - - [28/Jun/2024:02:43:07 +0200] "GET /ticket2/opencms/system/modules/com.gridnine.opencms.ticketbrokerage.site/resources/pics/bank_5_visa_mastercard.png HTTP/1.1" 200 8196
47.128.121.212 - - [28/Jun/2024:02:43:07 +0200] "GET /ticket2/opencms/system/modules/com.gridnine.opencms.ticketbrokerage.site/resources/pics/bank_6_american_express.png HTTP/1.1" 200 5570
52.70.240.171 - - [28/Jun/2024:02:43:10 +0200] "GET /ticket2/opencms/de/buy/?catid=8B6802AF-1ADE-4BE1-A1F7-7671190CFB4F&comcatid=97ECA65A-72DA-F9AF-9DBB-245D3CFED1BE HTTP/1.1" 200 77714
52.70.240.171 - - [28/Jun/2024:02:43:14 +0200] "GET /ticket2/opencms/de/buy/?catid=6CD184E8-C8D4-E1CC-33D0-6F47E3751240&comcatid=97ECA65A-72DA-F9AF-9DBB-245D3CFED1BE HTTP/1.1" 200 77712
3.224.220.101 - - [28/Jun/2024:02:43:18 +0200] "GET /ticket2/opencms/de/buy/?catid=1656E964-1E02-9A38-D092-65384E60B6EA&comcatid=97ECA65A-72DA-F9AF-9DBB-245D3CFED1BE HTTP/1.1" 200 77708
5.9.55.228 - - [28/Jun/2024:02:43:18 +0200] "GET /ticket2/opencms/en/buy/?comcatid=B41CCF2B-5558-7AEE-3602-09BBDE417D65 HTTP/1.1" 200 73801
23.22.35.162 - - [28/Jun/2024:02:43:22 +0200] "GET /ticket2/opencms/de/buy/?catid=D414C6A5-7A03-3389-42A8-D7B7FE32BB37&comcatid=97ECA65A-72DA-F9AF-9DBB-245D3CFED1BE HTTP/1.1" 200 77721
66.249.69.142 - - [28/Jun/2024:02:43:22 +0200] "GET /ticket2/opencms/dk/buy/?page=1&edid=99C77A16-8AF9-4675-97DE-42A41C4ECB4F HTTP/1.1" 200 115911
23.22.35.162 - - [28/Jun/2024:02:43:26 +0200] "GET /ticket2/opencms/de/buy/?catid=F7F89B9B-6697-7881-54AE-4C39276BF1B8&comcatid=97ECA65A-72DA-F9AF-9DBB-245D3CFED1BE HTTP/1.1" 200 77712
23.22.35.162 - - [28/Jun/2024:02:43:30 +0200] "GET /ticket2/opencms/de/buy/?catid=DA31441B-C568-3C77-D08C-698809032494&comcatid=97ECA65A-72DA-F9AF-9DBB-245D3CFED1BE HTTP/1.1" 200 77708
40.77.167.25 - - [28/Jun/2024:02:43:30 +0200] "GET /ticket2/opencms/dk/venue/?countryid=8AB3059A-CDC7-3AC2-BF58-176BA47DA764 HTTP/1.1" 200 116610
5.9.55.228 - - [28/Jun/2024:02:43:33 +0200] "GET /ticket2/opencms/en/buy/?comcatid=B41CCF2B-5558-7AEE-3602-09BBDE417D65&catid=36DC4BE2-91A2-6146-2BE9-47B6F3C44EDB HTTP/1.1" 200 73845
52.70.240.171 - - [28/Jun/2024:02:43:34 +0200] "GET /ticket2/opencms/de/buy/?catid=43171577-14C8-6B19-25D9-DF372BFFCBFA&comcatid=97ECA65A-72DA-F9AF-9DBB-245D3CFED1BE HTTP/1.1" 200 77711
52.70.240.171 - - [28/Jun/2024:02:43:39 +0200] "GET /ticket2/opencms/de/buy/?catid=8732E72C-A028-EA8C-4D4D-DEB44E2A28A8&comcatid=97ECA65A-72DA-F9AF-9DBB-245D3CFED1BE HTTP/1.1" 200 77710
3.224.220.101 - - [28/Jun/2024:02:43:42 +0200] "GET /ticket2/opencms/de/buy/?catid=2CCC191C-F37F-B9CA-D41C-1204E575B328&comcatid=97ECA65A-72DA-F9AF-9DBB-245D3CFED1BE HTTP/1.1" 200 77712
216.245.221.83 - - [28/Jun/2024:02:43:44 +0200] "HEAD /ticket2/opencms/ HTTP/1.1" 302 -
216.245.221.83 - - [28/Jun/2024:02:43:45 +0200] "HEAD /ticket2/opencms/en/ HTTP/1.1" 200 -
3.224.220.101 - - [28/Jun/2024:02:43:46 +0200] "GET /ticket2/opencms/de/buy/?catid=4C4DADF0-07CC-9B24-D2D9-940EF378BE99&comcatid=97ECA65A-72DA-F9AF-9DBB-245D3CFED1BE HTTP/1.1" 200 77709
5.9.55.228 - - [28/Jun/2024:02:43:48 +0200] "GET /ticket2/opencms/en/buy/?comcatid=B41CCF2B-5558-7AEE-3602-09BBDE417D65&catid=A34BCF61-E19C-5C5C-445E-06F3749E1EF4 HTTP/1.1" 200 73859
3.224.220.101 - - [28/Jun/2024:02:43:50 +0200] "GET /ticket2/opencms/de/buy/?catid=95AE85B5-8979-BB11-643C-430ACC6D50F9&comcatid=810BB404-4103-77F2-A6C2-12D5E6C338E2 HTTP/1.1" 200 74392
52.70.240.171 - - [28/Jun/2024:02:43:54 +0200] "GET /ticket2/opencms/de/buy?edid=FDE2CB1B-737B-857F-7431-BD450E7D3BBB&page=1 HTTP/1.1" 200 112463
23.22.35.162 - - [28/Jun/2024:02:43:58 +0200] "GET /ticket2/opencms/de/buy?edid=3289C097-2261-9433-8644-DF033A9EE354&page=1 HTTP/1.1" 200 117490
23.22.35.162 - - [28/Jun/2024:02:44:02 +0200] "GET /ticket2/opencms/de/buy?edid=1AD4E11C-C792-1721-4D1A-2229101A30FD&page=1 HTTP/1.1" 200 121631
5.9.55.228 - - [28/Jun/2024:02:44:04 +0200] "GET /ticket2/opencms/en/buy/?comcatid=B41CCF2B-5558-7AEE-3602-09BBDE417D65&catid=BF886BAE-FC84-8CB3-A193-6DFA251F7985 HTTP/1.1" 200 73853
23.22.35.162 - - [28/Jun/2024:02:44:06 +0200] "GET /ticket2/opencms/de/buy?edid=DD14CC82-883B-BD06-4306-EBD494AA1804&page=1 HTTP/1.1" 200 112727
185.202.238.84 - - [28/Jun/2024:02:44:09 +0200] "GET /ticket2/opencms/dk/robots.txt HTTP/1.1" 404 -
3.224.220.101 - - [28/Jun/2024:02:44:10 +0200] "GET /ticket2/opencms/de/buy?edid=D96122AD-C3AA-80F5-DDA8-935E03AE952D&page=1 HTTP/1.1" 200 112016
3.224.220.101 - - [28/Jun/2024:02:44:14 +0200] "GET /ticket2/opencms/de/buy?edid=3583D5C7-607A-E528-A709-844E6A72DC1B&page=1 HTTP/1.1" 200 117570
23.22.35.162 - - [28/Jun/2024:02:44:18 +0200] "GET /ticket2/opencms/de/buy?edid=68B485F7-9483-6E4F-656D-602EE2AC621D&page=1 HTTP/1.1" 200 112726
5.9.55.228 - - [28/Jun/2024:02:44:19 +0200] "GET /ticket2/opencms/en/buy/?comcatid=B41CCF2B-5558-7AEE-3602-09BBDE417D65&catid=E03F2203-3943-A0F0-A47D-D9E7CDA79C6B HTTP/1.1" 200 73867
51.222.253.1 - - [28/Jun/2024:02:44:19 +0200] "GET /ticket2/opencms/dk/venue/?countryid=13E2F7E1-5D94-F02B-9C0C-560B8034AC6C HTTP/1.1" 200 101181
23.22.35.162 - - [28/Jun/2024:02:44:22 +0200] "GET /ticket2/opencms/de/buy?edid=096598FE-DA35-4351-DFEE-DC9ACA0F0EF9&page=1 HTTP/1.1" 200 112445
66.249.75.163 - - [28/Jun/2024:02:44:26 +0200] "GET /ticket2/opencms/sv/buy/?page=1&edid=236F7016-4763-1BAF-F2F0-3C25D5C100A7 HTTP/1.1" 200 111639
66.249.76.194 - - [28/Jun/2024:02:44:26 +0200] "GET /ticket2/opencms/en/sell/?edid=6DFFB718-11C1-53C4-2A79-C844FA7A064D HTTP/1.1" 302 -
3.224.220.101 - - [28/Jun/2024:02:44:27 +0200] "GET /ticket2/opencms/de/buy?edid=F1463EBE-6C18-CF49-B2AE-F79868BCA4F5&page=1 HTTP/1.1" 200 117489
66.249.72.34 - - [28/Jun/2024:02:44:27 +0200] "GET /ticket2/opencms/sv/buy/?page=1&edid=EB31C882-2BE6-C517-726C-D721EBC90088 HTTP/1.1" 200 121074
66.249.76.194 - - [28/Jun/2024:02:44:29 +0200] "GET /ticket2/opencms/en/login/?url=/en/sell/ HTTP/1.1" 200 73431
52.70.240.171 - - [28/Jun/2024:02:44:30 +0200] "GET /ticket2/opencms/de/buy?edid=5E608C7A-903B-E4BB-4868-5D83917347B8&page=1 HTTP/1.1" 200 121632
5.9.55.228 - - [28/Jun/2024:02:44:33 +0200] "GET /ticket2/opencms/en/buy/?comcatid=a17713b6-d984-201a-4143-ed4db5ed5c2e HTTP/1.1" 200 71532
52.70.240.171 - - [28/Jun/2024:02:44:34 +0200] "GET /ticket2/opencms/de/buy?edid=2684212B-FA50-DC4B-3CFA-1303E9638140&page=1 HTTP/1.1" 200 107166
3.224.220.101 - - [28/Jun/2024:02:44:38 +0200] "GET /ticket2/opencms/de/buy?edid=1B66F7E9-6D68-7258-D0DB-383034F8302F&page=1 HTTP/1.1" 200 112443
5.9.55.228 - - [28/Jun/2024:02:44:41 +0200] "GET /ticket2/opencms/en/buy/?comcatid=a17713b6-d984-201a-4143-ed4db5ed5c2e&catid=061607e6-22b7-6ffa-03fd-a4b8b13a943f HTTP/1.1" 200 71532
52.70.240.171 - - [28/Jun/2024:02:44:42 +0200] "GET /ticket2/opencms/de/buy?edid=E9DB3A42-82BF-9B65-3ED4-EE5A32871388&page=1 HTTP/1.1" 200 108287
52.70.240.171 - - [28/Jun/2024:02:44:46 +0200] "GET /ticket2/opencms/de/buy?edid=B7C31852-4938-05B8-A23C-0248E7A3D5BA&page=1 HTTP/1.1" 200 108281
5.9.55.228 - - [28/Jun/2024:02:44:49 +0200] "GET /ticket2/opencms/en/buy/?comcatid=a17713b6-d984-201a-4143-ed4db5ed5c2e&catid=06324577-7173-bab0-146d-e644c912f7c1 HTTP/1.1" 200 71532
23.22.35.162 - - [28/Jun/2024:02:44:50 +0200] "GET /ticket2/opencms/de/buy?edid=11EFBC55-130A-2310-B776-C5D86878BDAB&page=1 HTTP/1.1" 200 116720
87.121.69.27 - - [28/Jun/2024:02:44:54 +0200] "CONNECT google.com:443 HTTP/1.1" 400 -
52.70.240.171 - - [28/Jun/2024:02:44:54 +0200] "GET /ticket2/opencms/de/buy?edid=D11D82D4-28DA-1768-D317-EF521A2F97E6&page=1 HTTP/1.1" 200 117491
40.77.167.53 - - [28/Jun/2024:02:44:56 +0200] "GET /ticket2/opencms/en/venue/?venueid=279B18FD-4210-8852-93EB-A84B5C61044A HTTP/1.1" 200 71353
52.70.240.171 - - [28/Jun/2024:02:44:58 +0200] "GET /ticket2/opencms/de/buy?edid=BE8C7FA0-9E48-EAB3-3A70-9E9F9EA30F95&page=1 HTTP/1.1" 200 121628
52.70.240.171 - - [28/Jun/2024:02:45:02 +0200] "GET /ticket2/opencms/de/buy?edid=06839E1C-8CA0-2766-B39C-B161E06D9E51&page=1 HTTP/1.1" 200 112451
5.9.55.228 - - [28/Jun/2024:02:45:05 +0200] "GET /ticket2/opencms/en/buy/?comcatid=a17713b6-d984-201a-4143-ed4db5ed5c2e&catid=08f27f2a-1872-a39f-a97c-63093e77b18a HTTP/1.1" 200 71532
23.22.35.162 - - [28/Jun/2024:02:45:06 +0200] "GET /ticket2/opencms/de/buy?edid=FD4DCA3B-ED43-1043-8648-63C229A27832&page=1 HTTP/1.1" 200 116705
52.70.240.171 - - [28/Jun/2024:02:45:10 +0200] "GET /ticket2/opencms/de/buy?edid=830F2AEC-7FB6-11C1-AD11-54BD6744D648&page=1 HTTP/1.1" 200 107174
23.22.35.162 - - [28/Jun/2024:02:45:14 +0200] "GET /ticket2/opencms/de/buy?edid=2197E523-8740-2A01-BD5D-12E3C3F2DBFE&page=1 HTTP/1.1" 200 121624
23.22.35.162 - - [28/Jun/2024:02:45:18 +0200] "GET /ticket2/opencms/de/buy?edid=0F9D6B87-FBA2-98F6-6A11-CBBA4D2A86C1&page=1 HTTP/1.1" 200 117492
5.9.55.228 - - [28/Jun/2024:02:45:21 +0200] "GET /ticket2/opencms/en/buy/?comcatid=a17713b6-d984-201a-4143-ed4db5ed5c2e&catid=0a6c99d2-f5bd-7a18-9a5f-5668827042e0 HTTP/1.1" 200 71532
52.70.240.171 - - [28/Jun/2024:02:45:22 +0200] "GET /ticket2/opencms/de/buy?edid=CCC52869-7D07-37D3-E716-0EF1AC21BCE4&page=1 HTTP/1.1" 200 111770
47.128.118.39 - - [28/Jun/2024:02:45:23 +0200] "GET /ticket2/opencms/fr/buy/?edid=BF02E8D3-250D-1BB9-F307-8D142E1902AE HTTP/1.1" 200 72687
47.128.118.39 - - [28/Jun/2024:02:45:24 +0200] "GET /ticket2/opencms/system/modules/com.gridnine.opencms.ticketbrokerage.site/resources/pics/logo-new.png HTTP/1.1" 200 13541
47.128.118.39 - - [28/Jun/2024:02:45:25 +0200] "GET /ticket2/opencms/system/modules/com.gridnine.opencms.ticketbrokerage.site/resources/pics/bank_2_handelsbanken.png HTTP/1.1" 200 4509
47.128.118.39 - - [28/Jun/2024:02:45:25 +0200] "GET /ticket2/opencms/system/modules/com.gridnine.opencms.ticketbrokerage.site/resources/pics/bank_4_seb.png HTTP/1.1" 200 2487
47.128.118.39 - - [28/Jun/2024:02:45:25 +0200] "GET /ticket2/opencms/system/modules/com.gridnine.opencms.ticketbrokerage.site/resources/pics/bank_1_nordea.png HTTP/1.1" 200 4807
47.128.118.39 - - [28/Jun/2024:02:45:25 +0200] "GET /ticket2/opencms/system/modules/com.gridnine.opencms.ticketbrokerage.site/resources/pics/bank_5_visa_mastercard.png HTTP/1.1" 200 8196
47.128.118.39 - - [28/Jun/2024:02:45:25 +0200] "GET /ticket2/opencms/system/modules/com.gridnine.opencms.ticketbrokerage.site/resources/pics/bank_3_swedbank.png HTTP/1.1" 200 5740
47.128.118.39 - - [28/Jun/2024:02:45:25 +0200] "GET /ticket2/opencms/system/modules/com.gridnine.opencms.ticketbrokerage.site/resources/pics/bank_6_american_express.png HTTP/1.1" 200 5570
3.224.220.101 - - [28/Jun/2024:02:45:26 +0200] "GET /ticket2/opencms/de/buy?edid=C8E47E46-ADCD-586A-7BE4-CF1C96256B2D&page=1 HTTP/1.1" 200 112727
3.224.220.101 - - [28/Jun/2024:02:45:30 +0200] "GET /ticket2/opencms/de/buy?edid=B5C7399B-C087-FF38-4294-BB861C1DB4F9&page=1 HTTP/1.1" 200 111814
66.249.76.8 - - [28/Jun/2024:02:45:30 +0200] "GET /ticket2/opencms/en/buy/?page=1&edid=10597F35-2AC7-31D2-FB61-15A36BB6D73B HTTP/1.1" 200 111375
52.70.240.171 - - [28/Jun/2024:02:45:34 +0200] "GET /ticket2/opencms/de/buy?edid=19422468-9239-E426-DB02-7FA0504E2BEC&page=1 HTTP/1.1" 200 116710
124.243.134.32 - - [28/Jun/2024:02:45:36 +0200] "GET /ticket2/opencms/sv/sport/handboll/ HTTP/1.1" 200 72549
5.9.55.228 - - [28/Jun/2024:02:45:37 +0200] "GET /ticket2/opencms/en/buy/?comcatid=a17713b6-d984-201a-4143-ed4db5ed5c2e&catid=0a9e385e-33d9-328e-dc79-ca2c7009c829 HTTP/1.1" 200 71532
3.224.220.101 - - [28/Jun/2024:02:45:38 +0200] "GET /ticket2/opencms/de/buy?edid=6AEAF6C2-C57A-0447-5B0A-20959D8DCFDD&page=1 HTTP/1.1" 200 116707
51.222.253.1 - - [28/Jun/2024:02:45:39 +0200] "GET /ticket2/opencms/dk/venue/?venueid=DABDC4D6-A186-DAE6-C644-5DB9CB011EEC HTTP/1.1" 200 71921
52.70.240.171 - - [28/Jun/2024:02:45:42 +0200] "GET /ticket2/opencms/de/buy?edid=1BDA6D08-38AF-6470-7423-555F9C3DEC73&page=1 HTTP/1.1" 200 119430
3.224.220.101 - - [28/Jun/2024:02:45:46 +0200] "GET /ticket2/opencms/de/buy?edid=3E8160AB-0FBD-70C5-9AD2-7741AA7C1F1A&page=1 HTTP/1.1" 200 112453
23.22.35.162 - - [28/Jun/2024:02:45:50 +0200] "GET /ticket2/opencms/de/buy?edid=BA98F497-79D9-0BA1-3E19-B45BB0763E07&page=1 HTTP/1.1" 200 117492
5.9.55.228 - - [28/Jun/2024:02:45:52 +0200] "GET /ticket2/opencms/en/buy/?comcatid=a17713b6-d984-201a-4143-ed4db5ed5c2e&catid=21c3854b-901e-11f9-7b7d-6838cc6afaa4 HTTP/1.1" 200 71532
3.224.220.101 - - [28/Jun/2024:02:45:53 +0200] "GET /ticket2/opencms/de/buy?edid=DD282B35-B6B7-ECA0-02E0-90864F5E2B50&page=1 HTTP/1.1" 200 107164
3.224.220.101 - - [28/Jun/2024:02:45:58 +0200] "GET /ticket2/opencms/de/buy?edid=82BD6FF9-3156-636F-72F0-08C841337175&page=1 HTTP/1.1" 200 116710
216.245.221.83 - - [28/Jun/2024:02:45:58 +0200] "HEAD /ticket2/opencms/ HTTP/1.1" 302 -
216.245.221.83 - - [28/Jun/2024:02:46:01 +0200] "HEAD /ticket2/opencms/en/ HTTP/1.1" 200 -
3.224.220.101 - - [28/Jun/2024:02:46:02 +0200] "GET /ticket2/opencms/de/buy?edid=FDC70D4B-A88B-5334-5A88-AC1F94FAEBF8&page=1 HTTP/1.1" 200 111342
23.22.35.162 - - [28/Jun/2024:02:46:06 +0200] "GET /ticket2/opencms/de/buy?edid=8DD5F074-9C3D-F268-0681-07FE736DEB63&page=1 HTTP/1.1" 200 116709
5.9.55.228 - - [28/Jun/2024:02:46:07 +0200] "GET /ticket2/opencms/en/buy/?comcatid=a17713b6-d984-201a-4143-ed4db5ed5c2e&catid=24ac1ca6-1c09-0be5-c04a-9dccdb15d5e9 HTTP/1.1" 200 71532
23.22.35.162 - - [28/Jun/2024:02:46:10 +0200] "GET /ticket2/opencms/de/buy?edid=5C8841EF-C65C-22D8-40C3-FC05B2FF785E&page=1 HTTP/1.1" 200 121626
3.224.220.101 - - [28/Jun/2024:02:46:14 +0200] "GET /ticket2/opencms/de/buy?edid=BE6ABBE8-6DAC-6741-AA1A-CEB7A9B0DCF0&page=1 HTTP/1.1" 200 114779
23.22.35.162 - - [28/Jun/2024:02:46:18 +0200] "GET /ticket2/opencms/de/buy?edid=2B877732-5277-2CC6-D9D2-67E5CDEA4143&page=1 HTTP/1.1" 200 117493
52.70.240.171 - - [28/Jun/2024:02:46:22 +0200] "GET /ticket2/opencms/de/buy?edid=F78B03FA-4A60-BDC0-B4DA-96975C817683&page=1 HTTP/1.1" 200 116708
5.9.55.228 - - [28/Jun/2024:02:46:22 +0200] "GET /ticket2/opencms/en/buy/?comcatid=a17713b6-d984-201a-4143-ed4db5ed5c2e&catid=2de12dda-a5fb-c1c6-cb20-fbf873fb032b HTTP/1.1" 200 71532
3.224.220.101 - - [28/Jun/2024:02:46:26 +0200] "GET /ticket2/opencms/de/buy?edid=5BA11D18-AC24-6566-FBBA-BF6AFADFC113&page=1 HTTP/1.1" 200 112443
52.70.240.171 - - [28/Jun/2024:02:46:30 +0200] "GET /ticket2/opencms/de/buy?edid=16436A63-E7D4-DEDF-5835-AB72708D4247&page=1 HTTP/1.1" 200 111348
66.249.75.98 - - [28/Jun/2024:02:46:31 +0200] "GET /ticket2/opencms/dk/sport/fodboldbilletter/champions_league/celtic/ HTTP/1.1" 200 73548
66.249.75.106 - - [28/Jun/2024:02:46:32 +0200] "GET /ticket2/opencms/nl/sport/voetbal-tickets/serie_a/inter/ HTTP/1.1" 200 74490
52.70.240.171 - - [28/Jun/2024:02:46:34 +0200] "GET /ticket2/opencms/de/buy?edid=6749402D-C332-2C4D-9191-3C983EDD528C&page=1 HTTP/1.1" 200 112731
5.9.55.228 - - [28/Jun/2024:02:46:37 +0200] "GET /ticket2/opencms/en/buy/?comcatid=a17713b6-d984-201a-4143-ed4db5ed5c2e&catid=2fc3d548-eaf9-1354-0cd2-7d7619da2334 HTTP/1.1" 200 71532
23.22.35.162 - - [28/Jun/2024:02:46:38 +0200] "GET /ticket2/opencms/de/buy?edid=6B1BC3D5-41D5-1130-8508-F118D3CA5AB9&page=1 HTTP/1.1" 200 114785
52.70.240.171 - - [28/Jun/2024:02:46:42 +0200] "GET /ticket2/opencms/de/buy?edid=56F28A7B-F2BA-A987-F0EA-6526B22962C8&page=1 HTTP/1.1" 200 89711
52.70.240.171 - - [28/Jun/2024:02:46:46 +0200] "GET /ticket2/opencms/fr/buy?edid=8EE24D2F-4BF0-A103-6944-36103BCA6278&page=1 HTTP/1.1" 200 98858
3.224.220.101 - - [28/Jun/2024:02:46:50 +0200] "GET /ticket2/opencms/fr/buy?edid=FDE2CB1B-737B-857F-7431-BD450E7D3BBB&page=1 HTTP/1.1" 200 112996
5.9.55.228 - - [28/Jun/2024:02:46:52 +0200] "GET /ticket2/opencms/en/buy/?comcatid=a17713b6-d984-201a-4143-ed4db5ed5c2e&catid=36394212-f82e-f845-399b-42bed55969cc HTTP/1.1" 200 71532
52.70.240.171 - - [28/Jun/2024:02:46:54 +0200] "GET /ticket2/opencms/fr/buy?edid=3289C097-2261-9433-8644-DF033A9EE354&page=1 HTTP/1.1" 200 118040
23.22.35.162 - - [28/Jun/2024:02:46:57 +0200] "GET /ticket2/opencms/fr/buy?edid=1AD4E11C-C792-1721-4D1A-2229101A30FD&page=1 HTTP/1.1" 200 122097
52.70.240.171 - - [28/Jun/2024:02:47:02 +0200] "GET /ticket2/opencms/fr/buy?edid=DD14CC82-883B-BD06-4306-EBD494AA1804&page=1 HTTP/1.1" 200 113362
51.222.253.17 - - [28/Jun/2024:02:47:03 +0200] "GET /ticket2/opencms/dk/venue/?countryid=D9C90621-DB02-1B5C-863E-8CD5BDDB79A3 HTTP/1.1" 200 101640
23.22.35.162 - - [28/Jun/2024:02:47:06 +0200] "GET /ticket2/opencms/fr/buy?edid=D96122AD-C3AA-80F5-DDA8-935E03AE952D&page=1 HTTP/1.1" 200 112458
5.9.55.228 - - [28/Jun/2024:02:47:07 +0200] "GET /ticket2/opencms/en/buy/?comcatid=a17713b6-d984-201a-4143-ed4db5ed5c2e&catid=3a7aea37-903d-9533-4b33-21b0001ff1d1 HTTP/1.1" 200 71532
23.22.35.162 - - [28/Jun/2024:02:47:10 +0200] "GET /ticket2/opencms/fr/buy?edid=3583D5C7-607A-E528-A709-844E6A72DC1B&page=1 HTTP/1.1" 200 118049
52.167.144.18 - - [28/Jun/2024:02:47:10 +0200] "GET /ticket2/opencms/sv/buy/?page=1&edid=37E2A4DD-118F-C378-83A2-20232412AB9C HTTP/1.1" 200 85962
52.70.240.171 - - [28/Jun/2024:02:47:14 +0200] "GET /ticket2/opencms/fr/buy?edid=68B485F7-9483-6E4F-656D-602EE2AC621D&page=1 HTTP/1.1" 200 113361
3.224.220.101 - - [28/Jun/2024:02:47:18 +0200] "GET /ticket2/opencms/fr/buy?edid=096598FE-DA35-4351-DFEE-DC9ACA0F0EF9&page=1 HTTP/1.1" 200 112894
23.22.35.162 - - [28/Jun/2024:02:47:22 +0200] "GET /ticket2/opencms/fr/buy?edid=F1463EBE-6C18-CF49-B2AE-F79868BCA4F5&page=1 HTTP/1.1" 200 118039
5.9.55.228 - - [28/Jun/2024:02:47:22 +0200] "GET /ticket2/opencms/en/buy/?comcatid=a17713b6-d984-201a-4143-ed4db5ed5c2e&catid=3b549160-8b9c-e872-44a9-20fea86b30e8 HTTP/1.1" 200 71532
3.224.220.101 - - [28/Jun/2024:02:47:26 +0200] "GET /ticket2/opencms/fr/buy?edid=5E608C7A-903B-E4BB-4868-5D83917347B8&page=1 HTTP/1.1" 200 122098
3.224.220.101 - - [28/Jun/2024:02:47:30 +0200] "GET /ticket2/opencms/fr/buy?edid=2684212B-FA50-DC4B-3CFA-1303E9638140&page=1 HTTP/1.1" 200 107794
66.249.75.105 - - [28/Jun/2024:02:47:32 +0200] "GET /ticket2/opencms/fi/urheilu/jalkapallo/la-liga/real_sociedad/ HTTP/1.1" 200 75891
3.224.220.101 - - [28/Jun/2024:02:47:34 +0200] "GET /ticket2/opencms/fr/buy?edid=1B66F7E9-6D68-7258-D0DB-383034F8302F&page=1 HTTP/1.1" 200 112892
5.9.55.228 - - [28/Jun/2024:02:47:37 +0200] "GET /ticket2/opencms/en/buy/?comcatid=a17713b6-d984-201a-4143-ed4db5ed5c2e&catid=42c82d82-d02a-8562-e55c-48adb3771882 HTTP/1.1" 200 71532
23.22.35.162 - - [28/Jun/2024:02:47:37 +0200] "GET /ticket2/opencms/fr/buy?edid=E9DB3A42-82BF-9B65-3ED4-EE5A32871388&page=1 HTTP/1.1" 200 108872
23.22.35.162 - - [28/Jun/2024:02:47:41 +0200] "GET /ticket2/opencms/fr/buy?edid=B7C31852-4938-05B8-A23C-0248E7A3D5BA&page=1 HTTP/1.1" 200 108866
47.128.118.97 - - [28/Jun/2024:02:47:42 +0200] "GET /ticket2/opencms/fi/sell/?edid=45F6B2AD-17A6-3A66-C509-85761B6A5E9A HTTP/1.1" 302 -
185.157.223.150 - - [28/Jun/2024:02:47:43 +0200] "GET /ticket2/tickets_export/outgoing/export.txt HTTP/1.1" 200 24612147
47.128.118.97 - - [28/Jun/2024:02:47:44 +0200] "GET /ticket2/opencms/fi/login/?url=/fi/sell/ HTTP/1.1" 200 75191
47.128.118.97 - - [28/Jun/2024:02:47:45 +0200] "GET /ticket2/opencms/system/modules/com.gridnine.opencms.ticketbrokerage.site/resources/pics/logo-new.png HTTP/1.1" 200 13541
47.128.118.97 - - [28/Jun/2024:02:47:45 +0200] "GET /ticket2/opencms/system/modules/com.gridnine.opencms.ticketbrokerage.site/resources/pics/bank_3_swedbank.png HTTP/1.1" 200 5740
47.128.118.97 - - [28/Jun/2024:02:47:46 +0200] "GET /ticket2/opencms/system/modules/com.gridnine.opencms.ticketbrokerage.site/resources/pics/bank_1_nordea.png HTTP/1.1" 200 4807
47.128.118.97 - - [28/Jun/2024:02:47:46 +0200] "GET /ticket2/opencms/system/modules/com.gridnine.opencms.ticketbrokerage.site/resources/pics/bank_5_visa_mastercard.png HTTP/1.1" 200 8196
47.128.118.97 - - [28/Jun/2024:02:47:46 +0200] "GET /ticket2/opencms/system/modules/com.gridnine.opencms.ticketbrokerage.site/resources/pics/bank_4_seb.png HTTP/1.1" 200 2487
47.128.118.97 - - [28/Jun/2024:02:47:46 +0200] "GET /ticket2/opencms/system/modules/com.gridnine.opencms.ticketbrokerage.site/resources/pics/bank_2_handelsbanken.png HTTP/1.1" 200 4509
47.128.118.97 - - [28/Jun/2024:02:47:46 +0200] "GET /ticket2/opencms/system/modules/com.gridnine.opencms.ticketbrokerage.site/resources/pics/bank_6_american_express.png HTTP/1.1" 200 5570
23.22.35.162 - - [28/Jun/2024:02:47:46 +0200] "GET /ticket2/opencms/fr/buy?edid=11EFBC55-130A-2310-B776-C5D86878BDAB&page=1 HTTP/1.1" 200 117234
52.70.240.171 - - [28/Jun/2024:02:47:50 +0200] "GET /ticket2/opencms/fr/buy?edid=D11D82D4-28DA-1768-D317-EF521A2F97E6&page=1 HTTP/1.1" 200 118041
5.9.55.228 - - [28/Jun/2024:02:47:51 +0200] "GET /ticket2/opencms/en/buy/?comcatid=a17713b6-d984-201a-4143-ed4db5ed5c2e&catid=4b941e1b-e4e2-c53e-c693-9fa91bba9ad5 HTTP/1.1" 200 71532
3.224.220.101 - - [28/Jun/2024:02:47:54 +0200] "GET /ticket2/opencms/fr/buy?edid=BE8C7FA0-9E48-EAB3-3A70-9E9F9EA30F95&page=1 HTTP/1.1" 200 122094
23.22.35.162 - - [28/Jun/2024:02:47:58 +0200] "GET /ticket2/opencms/fr/buy?edid=06839E1C-8CA0-2766-B39C-B161E06D9E51&page=1 HTTP/1.1" 200 112900
52.70.240.171 - - [28/Jun/2024:02:48:02 +0200] "GET /ticket2/opencms/fr/buy?edid=FD4DCA3B-ED43-1043-8648-63C229A27832&page=1 HTTP/1.1" 200 117219
5.9.55.228 - - [28/Jun/2024:02:48:06 +0200] "GET /ticket2/opencms/en/buy/?comcatid=a17713b6-d984-201a-4143-ed4db5ed5c2e&catid=515a9a29-35a0-2db8-262b-aef122db04f6 HTTP/1.1" 200 71532
23.22.35.162 - - [28/Jun/2024:02:48:06 +0200] "GET /ticket2/opencms/fr/buy?edid=830F2AEC-7FB6-11C1-AD11-54BD6744D648&page=1 HTTP/1.1" 200 107802
52.167.144.224 - - [28/Jun/2024:02:48:08 +0200] "GET /ticket2/opencms/dk/sell/?edid=1B2497C9-50FD-C481-B810-5D82DC9B4FE5 HTTP/1.1" 302 -
52.70.240.171 - - [28/Jun/2024:02:48:10 +0200] "GET /ticket2/opencms/fr/buy?edid=2197E523-8740-2A01-BD5D-12E3C3F2DBFE&page=1 HTTP/1.1" 200 122090
52.167.144.224 - - [28/Jun/2024:02:48:12 +0200] "GET /ticket2/opencms/dk/login/?url=/dk/sell/ HTTP/1.1" 200 73975
52.70.240.171 - - [28/Jun/2024:02:48:14 +0200] "GET /ticket2/opencms/fr/buy?edid=0F9D6B87-FBA2-98F6-6A11-CBBA4D2A86C1&page=1 HTTP/1.1" 200 118042
3.224.220.101 - - [28/Jun/2024:02:48:18 +0200] "GET /ticket2/opencms/fr/buy?edid=CCC52869-7D07-37D3-E716-0EF1AC21BCE4&page=1 HTTP/1.1" 200 112390
5.9.55.228 - - [28/Jun/2024:02:48:20 +0200] "GET /ticket2/opencms/en/buy/?comcatid=a17713b6-d984-201a-4143-ed4db5ed5c2e&catid=573b7747-ee85-d769-c87d-f3f61fb64aa5 HTTP/1.1" 200 71532
23.22.35.162 - - [28/Jun/2024:02:48:22 +0200] "GET /ticket2/opencms/fr/buy?edid=C8E47E46-ADCD-586A-7BE4-CF1C96256B2D&page=1 HTTP/1.1" 200 113362
52.70.240.171 - - [28/Jun/2024:02:48:26 +0200] "GET /ticket2/opencms/fr/buy?edid=B5C7399B-C087-FF38-4294-BB861C1DB4F9&page=1 HTTP/1.1" 200 112540
23.22.35.162 - - [28/Jun/2024:02:48:30 +0200] "GET /ticket2/opencms/fr/buy?edid=19422468-9239-E426-DB02-7FA0504E2BEC&page=1 HTTP/1.1" 200 117224
23.22.35.162 - - [28/Jun/2024:02:48:34 +0200] "GET /ticket2/opencms/fr/buy?edid=6AEAF6C2-C57A-0447-5B0A-20959D8DCFDD&page=1 HTTP/1.1" 200 117221
5.9.55.228 - - [28/Jun/2024:02:48:34 +0200] "GET /ticket2/opencms/en/buy/?comcatid=a17713b6-d984-201a-4143-ed4db5ed5c2e&catid=5a89e483-58ad-080e-f363-e16ce738916a HTTP/1.1" 200 71532
66.249.75.167 - - [28/Jun/2024:02:48:34 +0200] "GET /ticket2/opencms/dk/buy/?page=6&comcatid=A17713B6-D984-201A-4143-ED4DB5ED5C2E&catid=0A6C99D2-F5BD-7A18-9A5F-5668827042E0&eventid=04745230-C0F0-DC87-23F9-862A2DFE2F25 HTTP/1.1" 200 102238
66.249.76.1 - - [28/Jun/2024:02:48:35 +0200] "GET /ticket2/opencms/nl/sport/voetbal-tickets/la_liga/ HTTP/1.1" 200 77051
52.70.240.171 - - [28/Jun/2024:02:48:38 +0200] "GET /ticket2/opencms/fr/buy?edid=1BDA6D08-38AF-6470-7423-555F9C3DEC73&page=1 HTTP/1.1" 200 120062
23.22.35.162 - - [28/Jun/2024:02:48:42 +0200] "GET /ticket2/opencms/fr/buy?edid=3E8160AB-0FBD-70C5-9AD2-7741AA7C1F1A&page=1 HTTP/1.1" 200 112902
216.245.221.83 - - [28/Jun/2024:02:48:44 +0200] "HEAD /ticket2/opencms/ HTTP/1.1" 302 -
216.245.221.83 - - [28/Jun/2024:02:48:45 +0200] "HEAD /ticket2/opencms/en/ HTTP/1.1" 200 -
23.22.35.162 - - [28/Jun/2024:02:48:46 +0200] "GET /ticket2/opencms/fr/buy?edid=BA98F497-79D9-0BA1-3E19-B45BB0763E07&page=1 HTTP/1.1" 200 118042
5.9.55.228 - - [28/Jun/2024:02:48:49 +0200] "GET /ticket2/opencms/en/buy/?comcatid=a17713b6-d984-201a-4143-ed4db5ed5c2e&catid=64756941-02d2-3538-2077-8c2508f4a3a8 HTTP/1.1" 200 71532
3.224.220.101 - - [28/Jun/2024:02:48:50 +0200] "GET /ticket2/opencms/fr/buy?edid=DD282B35-B6B7-ECA0-02E0-90864F5E2B50&page=1 HTTP/1.1" 200 107792
3.224.220.101 - - [28/Jun/2024:02:48:54 +0200] "GET /ticket2/opencms/fr/buy?edid=82BD6FF9-3156-636F-72F0-08C841337175&page=1 HTTP/1.1" 200 117224
52.70.240.171 - - [28/Jun/2024:02:48:58 +0200] "GET /ticket2/opencms/fr/buy?edid=FDC70D4B-A88B-5334-5A88-AC1F94FAEBF8&page=1 HTTP/1.1" 200 111788
3.224.220.101 - - [28/Jun/2024:02:49:02 +0200] "GET /ticket2/opencms/fr/buy?edid=8DD5F074-9C3D-F268-0681-07FE736DEB63&page=1 HTTP/1.1" 200 117223
5.9.55.228 - - [28/Jun/2024:02:49:03 +0200] "GET /ticket2/opencms/en/buy/?comcatid=a17713b6-d984-201a-4143-ed4db5ed5c2e&catid=6bd6e0b0-84af-3a0d-3851-c1357ce9b771 HTTP/1.1" 200 71532
23.22.35.162 - - [28/Jun/2024:02:49:06 +0200] "GET /ticket2/opencms/fr/buy?edid=5C8841EF-C65C-22D8-40C3-FC05B2FF785E&page=1 HTTP/1.1" 200 122092
3.224.220.101 - - [28/Jun/2024:02:49:10 +0200] "GET /ticket2/opencms/fr/buy?edid=BE6ABBE8-6DAC-6741-AA1A-CEB7A9B0DCF0&page=1 HTTP/1.1" 200 115421
23.22.35.162 - - [28/Jun/2024:02:49:14 +0200] "GET /ticket2/opencms/fr/buy?edid=2B877732-5277-2CC6-D9D2-67E5CDEA4143&page=1 HTTP/1.1" 200 118043
5.9.55.228 - - [28/Jun/2024:02:49:17 +0200] "GET /ticket2/opencms/en/buy/?comcatid=a17713b6-d984-201a-4143-ed4db5ed5c2e&catid=6e0e0ca4-3f14-9697-92b9-3687047be453 HTTP/1.1" 200 71532
52.70.240.171 - - [28/Jun/2024:02:49:18 +0200] "GET /ticket2/opencms/fr/buy?edid=F78B03FA-4A60-BDC0-B4DA-96975C817683&page=1 HTTP/1.1" 200 117222
23.22.35.162 - - [28/Jun/2024:02:49:26 +0200] "GET /ticket2/opencms/fr/buy?edid=16436A63-E7D4-DEDF-5835-AB72708D4247&page=1 HTTP/1.1" 200 111794
3.224.220.101 - - [28/Jun/2024:02:49:26 +0200] "GET /ticket2/opencms/fr/buy?edid=5BA11D18-AC24-6566-FBBA-BF6AFADFC113&page=1 HTTP/1.1" 200 112892
51.222.253.1 - - [28/Jun/2024:02:49:28 +0200] "GET /ticket2/opencms/dk/sport/fodboldbilletter/serie-a/torino/ HTTP/1.1" 200 73178
3.224.220.101 - - [28/Jun/2024:02:49:30 +0200] "GET /ticket2/opencms/fr/buy?edid=6749402D-C332-2C4D-9191-3C983EDD528C&page=1 HTTP/1.1" 200 113366
5.9.55.228 - - [28/Jun/2024:02:49:32 +0200] "GET /ticket2/opencms/en/buy/?comcatid=a17713b6-d984-201a-4143-ed4db5ed5c2e&catid=70b37487-fe30-d476-cae7-e6afea3153f2 HTTP/1.1" 200 71532
52.70.240.171 - - [28/Jun/2024:02:49:34 +0200] "GET /ticket2/opencms/fr/buy?edid=6B1BC3D5-41D5-1130-8508-F118D3CA5AB9&page=1 HTTP/1.1" 200 115427
66.249.75.107 - - [28/Jun/2024:02:49:36 +0200] "GET /ticket2/opencms/it/buy?page=1&edid=5C8841EF-C65C-22D8-40C3-FC05B2FF785E HTTP/1.1" 200 122033
3.224.220.101 - - [28/Jun/2024:02:49:38 +0200] "GET /ticket2/opencms/fr/buy?edid=56F28A7B-F2BA-A987-F0EA-6526B22962C8&page=1 HTTP/1.1" 200 89955
66.249.76.161 - - [28/Jun/2024:02:49:38 +0200] "GET /ticket2/opencms/de/fi/urheilu/jalkapallo/la-liga/barcelona/ HTTP/1.1" 404 -
5.9.55.228 - - [28/Jun/2024:02:49:41 +0200] "GET /ticket2/opencms/en/buy/?comcatid=a17713b6-d984-201a-4143-ed4db5ed5c2e&catid=739bfc5d-78fa-6834-d764-6ce64ca5f9ec HTTP/1.1" 200 71532
3.224.220.101 - - [28/Jun/2024:02:49:42 +0200] "GET /ticket2/opencms/it/magazine/article?title=arsenal-e-tottenham-pareggiano-in-una-epica-partita-4-4-il-29-ottobre-2008 HTTP/1.1" 200 75863
3.224.220.101 - - [28/Jun/2024:02:49:46 +0200] "GET /ticket2/opencms/it/magazine/article?title=calendario-delle-partite-della-premier-league-premier-league-fixtures-20242025 HTTP/1.1" 200 73670
5.9.55.228 - - [28/Jun/2024:02:49:49 +0200] "GET /ticket2/opencms/en/buy/?comcatid=a17713b6-d984-201a-4143-ed4db5ed5c2e&catid=7acc33ad-ee7e-aaa7-9050-0f4587759b87 HTTP/1.1" 200 71532
23.22.35.162 - - [28/Jun/2024:02:49:49 +0200] "GET /ticket2/opencms/es/magazine/article?title=arsenal-y-tottenham-comparten-en-un-epico-partido-4-4-el-29-de-octubre-de-2008 HTTP/1.1" 200 76196
3.224.220.101 - - [28/Jun/2024:02:49:53 +0200] "GET /ticket2/opencms/es/buy?edid=8EE24D2F-4BF0-A103-6944-36103BCA6278&page=1 HTTP/1.1" 200 99294
5.9.55.228 - - [28/Jun/2024:02:49:56 +0200] "GET /ticket2/opencms/en/buy/?comcatid=a17713b6-d984-201a-4143-ed4db5ed5c2e&catid=7badfffb-57c5-5dbc-e7eb-b45075b3d8f9 HTTP/1.1" 200 71532
23.22.35.162 - - [28/Jun/2024:02:49:57 +0200] "GET /ticket2/opencms/es/buy/ HTTP/1.1" 200 73335
47.128.118.83 - - [28/Jun/2024:02:49:59 +0200] "GET /ticket2/opencms/no/buy/?edid=8A787324-CD72-C476-64CB-87071CD71C2F HTTP/1.1" 200 72905
47.128.118.83 - - [28/Jun/2024:02:49:59 +0200] "GET /ticket2/opencms/system/modules/com.gridnine.opencms.ticketbrokerage.site/resources/pics/logo-new.png HTTP/1.1" 200 13541
47.128.118.83 - - [28/Jun/2024:02:50:00 +0200] "GET /ticket2/opencms/system/modules/com.gridnine.opencms.ticketbrokerage.site/resources/pics/bank_2_handelsbanken.png HTTP/1.1" 200 4509
47.128.118.83 - - [28/Jun/2024:02:50:01 +0200] "GET /ticket2/opencms/system/modules/com.gridnine.opencms.ticketbrokerage.site/resources/pics/bank_3_swedbank.png HTTP/1.1" 200 5740
47.128.118.83 - - [28/Jun/2024:02:50:01 +0200] "GET /ticket2/opencms/system/modules/com.gridnine.opencms.ticketbrokerage.site/resources/pics/bank_5_visa_mastercard.png HTTP/1.1" 200 8196
47.128.118.83 - - [28/Jun/2024:02:50:01 +0200] "GET /ticket2/opencms/system/modules/com.gridnine.opencms.ticketbrokerage.site/resources/pics/bank_4_seb.png HTTP/1.1" 200 2487
47.128.118.83 - - [28/Jun/2024:02:50:01 +0200] "GET /ticket2/opencms/system/modules/com.gridnine.opencms.ticketbrokerage.site/resources/pics/bank_1_nordea.png HTTP/1.1" 200 4807
47.128.118.83 - - [28/Jun/2024:02:50:01 +0200] "GET /ticket2/opencms/system/modules/com.gridnine.opencms.ticketbrokerage.site/resources/pics/bank_6_american_express.png HTTP/1.1" 200 5570
23.22.35.162 - - [28/Jun/2024:02:50:02 +0200] "GET /ticket2/opencms/es/buy/?comcatid=810BB404-4103-77F2-A6C2-12D5E6C338E2 HTTP/1.1" 200 75070
52.70.240.171 - - [28/Jun/2024:02:50:06 +0200] "GET /ticket2/opencms/es/buy/?comcatid=97ECA65A-72DA-F9AF-9DBB-245D3CFED1BE HTTP/1.1" 200 78402
114.119.148.160 - - [28/Jun/2024:02:50:08 +0200] "GET /ticket2/opencms/en/sell/?edid=A67CD16D-86EF-1EFD-DE48-4ECA9B18A538 HTTP/1.1" 302 -
52.70.240.171 - - [28/Jun/2024:02:50:10 +0200] "GET /ticket2/opencms/es/buy/?comcatid=66708183-7480-3365-06BF-DBF60280AB45 HTTP/1.1" 200 75451
185.202.238.84 - - [28/Jun/2024:02:50:11 +0200] "GET /ticket2/opencms/dk/dk/buy/?page=1&edid=E4CFBA4F-DA55-D584-95F8-04FAB28E8F9A&sortorder=asc&column=section HTTP/1.1" 404 -
5.9.55.228 - - [28/Jun/2024:02:50:12 +0200] "GET /ticket2/opencms/en/buy/?comcatid=a17713b6-d984-201a-4143-ed4db5ed5c2e&catid=7cf2d645-f785-0cbb-1b7c-c4711617eaad HTTP/1.1" 200 71532
114.119.148.160 - - [28/Jun/2024:02:50:12 +0200] "GET /ticket2/opencms/en/login/?url=/en/sell/ HTTP/1.1" 200 73431
23.22.35.162 - - [28/Jun/2024:02:50:14 +0200] "GET /ticket2/opencms/es/buy/?comcatid=0A6B8208-FDA4-E929-9D72-5312FD481B76 HTTP/1.1" 200 77104
23.22.35.162 - - [28/Jun/2024:02:50:18 +0200] "GET /ticket2/opencms/es/buy/?comcatid=B41CCF2B-5558-7AEE-3602-09BBDE417D65 HTTP/1.1" 200 75621
23.22.35.162 - - [28/Jun/2024:02:50:22 +0200] "GET /ticket2/opencms/es/buy/?comcatid=A17713B6-D984-201A-4143-ED4DB5ED5C2E HTTP/1.1" 200 242145
3.224.220.101 - - [28/Jun/2024:02:50:26 +0200] "GET /ticket2/opencms/es/buy/?catid=515A9A29-35A0-2DB8-262B-AEF122DB04F6&comcatid=A17713B6-D984-201A-4143-ED4DB5ED5C2E HTTP/1.1" 200 83502
47.128.52.205 - - [28/Jun/2024:02:50:27 +0200] "GET /ticket2/opencms/dk/affiliateprogram.html HTTP/1.1" 200 72399
47.128.52.205 - - [28/Jun/2024:02:50:27 +0200] "GET /ticket2/opencms/system/modules/com.gridnine.opencms.ticketbrokerage.site/resources/pics/logo-new.png HTTP/1.1" 200 13541
47.128.52.205 - - [28/Jun/2024:02:50:28 +0200] "GET /ticket2/opencms/system/modules/com.gridnine.opencms.ticketbrokerage.site/resources/pics/content/affiliate_dk.png HTTP/1.1" 200 17472
5.9.55.228 - - [28/Jun/2024:02:50:28 +0200] "GET /ticket2/opencms/en/buy/?comcatid=a17713b6-d984-201a-4143-ed4db5ed5c2e&catid=7ef04817-972d-18b1-f941-de800d088075 HTTP/1.1" 200 71532
47.128.52.205 - - [28/Jun/2024:02:50:28 +0200] "GET /ticket2/opencms/system/modules/com.gridnine.opencms.ticketbrokerage.site/resources/pics/bank_6_american_express.png HTTP/1.1" 200 5570
47.128.52.205 - - [28/Jun/2024:02:50:29 +0200] "GET /ticket2/opencms/system/modules/com.gridnine.opencms.ticketbrokerage.site/resources/pics/bank_2_handelsbanken.png HTTP/1.1" 200 4509
47.128.52.205 - - [28/Jun/2024:02:50:29 +0200] "GET /ticket2/opencms/system/modules/com.gridnine.opencms.ticketbrokerage.site/resources/pics/bank_3_swedbank.png HTTP/1.1" 200 5740
47.128.52.205 - - [28/Jun/2024:02:50:29 +0200] "GET /ticket2/opencms/system/modules/com.gridnine.opencms.ticketbrokerage.site/resources/pics/bank_4_seb.png HTTP/1.1" 200 2487
47.128.52.205 - - [28/Jun/2024:02:50:29 +0200] "GET /ticket2/opencms/system/modules/com.gridnine.opencms.ticketbrokerage.site/resources/pics/bank_1_nordea.png HTTP/1.1" 200 4807
47.128.52.205 - - [28/Jun/2024:02:50:29 +0200] "GET /ticket2/opencms/system/modules/com.gridnine.opencms.ticketbrokerage.site/resources/pics/bank_5_visa_mastercard.png HTTP/1.1" 200 8196
3.224.220.101 - - [28/Jun/2024:02:50:30 +0200] "GET /ticket2/opencms/es/buy/?edid=4DFD725A-4EAE-5578-E2C8-F093AEA223CD&page=1 HTTP/1.1" 200 118195
23.22.35.162 - - [28/Jun/2024:02:50:34 +0200] "GET /ticket2/opencms/es/buy/?edid=7A598B9C-F2D5-14CB-B337-B4B5F910E2F7&page=1 HTTP/1.1" 200 111916
216.244.66.238 - - [28/Jun/2024:02:50:37 +0200] "GET /ticket2/opencms/robots.txt HTTP/1.1" 200 773
216.244.66.238 - - [28/Jun/2024:02:50:38 +0200] "GET /ticket2/opencms/robots.txt HTTP/1.1" 200 773
23.22.35.162 - - [28/Jun/2024:02:50:38 +0200] "GET /ticket2/opencms/es/buy/?edid=AD14D102-9A59-3E48-721F-B8412449464B&page=1 HTTP/1.1" 200 87152
66.249.75.168 - - [28/Jun/2024:02:50:41 +0200] "GET /ticket2/opencms/no/buy/?page=1&edid=7568E602-7C67-35D2-952F-D243F8930169 HTTP/1.1" 200 112205
66.249.72.34 - - [28/Jun/2024:02:50:42 +0200] "GET /ticket2/opencms/dk/buy/?page=1&edid=78BBCB10-20F4-C70D-65CE-81910185FD82 HTTP/1.1" 200 111039
52.70.240.171 - - [28/Jun/2024:02:50:42 +0200] "GET /ticket2/opencms/es/buy/?edid=B6B8349F-A5AA-C742-11D5-2D7AB719C807&page=1 HTTP/1.1" 200 112486
5.9.55.228 - - [28/Jun/2024:02:50:44 +0200] "GET /ticket2/opencms/en/buy/?comcatid=a17713b6-d984-201a-4143-ed4db5ed5c2e&catid=88c381ad-5d76-a34d-ac15-a7129f8ef5be HTTP/1.1" 200 71532
51.222.253.1 - - [28/Jun/2024:02:50:46 +0200] "GET /ticket2/opencms/fr/sport/billets-football/premier_league/crystal_palace/ HTTP/1.1" 200 88161
23.22.35.162 - - [28/Jun/2024:02:50:47 +0200] "GET /ticket2/opencms/es/buy/?edid=6148B729-620A-0104-5C35-7B49F49164F4&page=1 HTTP/1.1" 200 112699
23.22.35.162 - - [28/Jun/2024:02:50:50 +0200] "GET /ticket2/opencms/es/buy/?edid=19EA038B-40C5-A758-4121-DC981BEF8929&page=1 HTTP/1.1" 200 87147
23.22.35.162 - - [28/Jun/2024:02:50:54 +0200] "GET /ticket2/opencms/es/buy/?edid=659056BB-BE87-24B6-C829-F3AEABED7D72&page=1 HTTP/1.1" 200 107458
52.70.240.171 - - [28/Jun/2024:02:50:58 +0200] "GET /ticket2/opencms/es/buy/?edid=99D270B3-917E-FD4A-2998-A2CE577033E4&page=1 HTTP/1.1" 200 88944
216.245.221.83 - - [28/Jun/2024:02:50:58 +0200] "HEAD /ticket2/opencms/ HTTP/1.1" 302 -
5.9.55.228 - - [28/Jun/2024:02:51:01 +0200] "GET /ticket2/opencms/en/buy/?comcatid=a17713b6-d984-201a-4143-ed4db5ed5c2e&catid=8aa488fa-6797-d710-8108-3088d6948fc1 HTTP/1.1" 200 71532
216.245.221.83 - - [28/Jun/2024:02:51:01 +0200] "HEAD /ticket2/opencms/en/ HTTP/1.1" 200 -
3.224.220.101 - - [28/Jun/2024:02:51:02 +0200] "GET /ticket2/opencms/es/buy/?edid=55D1893A-18D7-BF3D-C95C-B7BB78833B39&page=1 HTTP/1.1" 200 112529
23.22.35.162 - - [28/Jun/2024:02:51:07 +0200] "GET /ticket2/opencms/es/buy/?edid=983940D7-A886-9864-BF70-6F5D578B4A87&page=1 HTTP/1.1" 200 111991
3.224.220.101 - - [28/Jun/2024:02:51:10 +0200] "GET /ticket2/opencms/es/buy/?edid=D771BB60-0217-E0E2-A4A8-756428AAA5D6&page=1 HTTP/1.1" 200 89588
3.224.220.101 - - [28/Jun/2024:02:51:14 +0200] "GET /ticket2/opencms/es/buy/?edid=2622E353-CCF8-0614-7644-191247788409&page=1 HTTP/1.1" 200 113127
5.9.55.228 - - [28/Jun/2024:02:51:16 +0200] "GET /ticket2/opencms/en/buy/?comcatid=a17713b6-d984-201a-4143-ed4db5ed5c2e&catid=a3372871-3019-08b8-80ce-74b78f441aca HTTP/1.1" 200 71532
52.70.240.171 - - [28/Jun/2024:02:51:18 +0200] "GET /ticket2/opencms/es/buy/?edid=BDF141E0-5E55-1E49-4955-1BD69DA544CA&page=1 HTTP/1.1" 200 112455
47.128.114.177 - - [28/Jun/2024:02:51:20 +0200] "GET /ticket2/opencms/no/buy/?catid=7D3BEF66-5D88-3916-5B89-0E7B139E0169&comcatid=97ECA65A-72DA-F9AF-9DBB-245D3CFED1BE HTTP/1.1" 200 78025
52.70.240.171 - - [28/Jun/2024:02:51:22 +0200] "GET /ticket2/opencms/es/buy/?edid=125D8704-4F25-BA08-9A7D-175DE227A1FB&page=1 HTTP/1.1" 200 87137
47.128.114.177 - - [28/Jun/2024:02:51:23 +0200] "GET /ticket2/opencms/system/modules/com.gridnine.opencms.ticketbrokerage.site/resources/pics/logo-new.png HTTP/1.1" 200 13541
40.77.167.50 - - [28/Jun/2024:02:51:24 +0200] "GET /ticket2/opencms/en/buy/?comcatid=0A6B8208-FDA4-E929-9D72-5312FD481B76&catid=465306FD-802C-5175-10FF-40E426DD2769 HTTP/1.1" 200 75337
47.128.114.177 - - [28/Jun/2024:02:51:24 +0200] "GET /ticket2/opencms/system/modules/com.gridnine.opencms.ticketbrokerage.site/resources/pics/bank_3_swedbank.png HTTP/1.1" 200 5740
47.128.114.177 - - [28/Jun/2024:02:51:24 +0200] "GET /ticket2/opencms/system/modules/com.gridnine.opencms.ticketbrokerage.site/resources/pics/bank_1_nordea.png HTTP/1.1" 200 4807
47.128.114.177 - - [28/Jun/2024:02:51:24 +0200] "GET /ticket2/opencms/system/modules/com.gridnine.opencms.ticketbrokerage.site/resources/pics/bank_4_seb.png HTTP/1.1" 200 2487
47.128.114.177 - - [28/Jun/2024:02:51:24 +0200] "GET /ticket2/opencms/system/modules/com.gridnine.opencms.ticketbrokerage.site/resources/pics/bank_2_handelsbanken.png HTTP/1.1" 200 4509
47.128.114.177 - - [28/Jun/2024:02:51:24 +0200] "GET /ticket2/opencms/system/modules/com.gridnine.opencms.ticketbrokerage.site/resources/pics/bank_5_visa_mastercard.png HTTP/1.1" 200 8196
47.128.114.177 - - [28/Jun/2024:02:51:24 +0200] "GET /ticket2/opencms/system/modules/com.gridnine.opencms.ticketbrokerage.site/resources/pics/bank_6_american_express.png HTTP/1.1" 200 5570
3.224.220.101 - - [28/Jun/2024:02:51:26 +0200] "GET /ticket2/opencms/es/buy/?edid=BE9538C3-9C42-28A4-854A-5FADE060382A&page=1 HTTP/1.1" 200 112081
40.77.167.5 - - [28/Jun/2024:02:51:30 +0200] "GET /ticket2/opencms/en/venue/?countryid=6D97DD41-58F8-E86C-8D49-519899AAF206 HTTP/1.1" 200 100730
23.22.35.162 - - [28/Jun/2024:02:51:31 +0200] "GET /ticket2/opencms/es/buy/?edid=C8C69015-BCBB-8460-663E-8B2E58614425&page=1 HTTP/1.1" 200 112909
5.9.55.228 - - [28/Jun/2024:02:51:32 +0200] "GET /ticket2/opencms/en/buy/?comcatid=a17713b6-d984-201a-4143-ed4db5ed5c2e&catid=a4d9ea9a-192d-0274-bf26-9c98d8b902ab HTTP/1.1" 200 71532
3.224.220.101 - - [28/Jun/2024:02:51:34 +0200] "GET /ticket2/opencms/es/buy/?edid=C3C88BDA-1CC3-8611-4BC9-911B22C7161C&page=1 HTTP/1.1" 200 88945
3.224.220.101 - - [28/Jun/2024:02:51:38 +0200] "GET /ticket2/opencms/es/buy/?edid=D11D82D4-28DA-1768-D317-EF521A2F97E6&page=1 HTTP/1.1" 200 118193
23.22.35.162 - - [28/Jun/2024:02:51:42 +0200] "GET /ticket2/opencms/es/buy/?edid=FC821C33-E679-411D-0E2F-045A7A8A9CDD&page=1 HTTP/1.1" 200 87146
66.249.72.103 - - [28/Jun/2024:02:51:43 +0200] "GET /ticket2/opencms/sv/buy/?page=1&edid=5605B728-A815-14DD-9E19-09BABDE81131 HTTP/1.1" 200 111641
3.224.220.101 - - [28/Jun/2024:02:51:46 +0200] "GET /ticket2/opencms/es/buy/?edid=69C4AD8E-60B2-A255-9B8E-BD4F83D22F14&page=1 HTTP/1.1" 200 111995
5.9.55.228 - - [28/Jun/2024:02:51:48 +0200] "GET /ticket2/opencms/en/buy/?comcatid=a17713b6-d984-201a-4143-ed4db5ed5c2e&catid=a7674dea-b39e-502c-2f76-760ae08947e9 HTTP/1.1" 200 71532
52.70.240.171 - - [28/Jun/2024:02:51:50 +0200] "GET /ticket2/opencms/es/buy/?edid=A9801416-AE3B-7D1A-1B34-1269835EE309&page=1 HTTP/1.1" 200 112489
52.70.240.171 - - [28/Jun/2024:02:51:54 +0200] "GET /ticket2/opencms/es/buy/?edid=BA0F8DEE-5B47-CEE4-147B-0950F10B9786&page=1 HTTP/1.1" 200 113121
3.224.220.101 - - [28/Jun/2024:02:51:58 +0200] "GET /ticket2/opencms/es/buy/?edid=D582FDF1-C885-7FD8-841B-6D2DEF5C38A4&page=1 HTTP/1.1" 200 112698
3.224.220.101 - - [28/Jun/2024:02:52:02 +0200] "GET /ticket2/opencms/es/buy/?edid=3D561669-CE76-F355-781D-8E2E1C0C9894&page=1 HTTP/1.1" 200 102725
5.9.55.228 - - [28/Jun/2024:02:52:03 +0200] "GET /ticket2/opencms/en/buy/?comcatid=a17713b6-d984-201a-4143-ed4db5ed5c2e&catid=ae3fe643-ae41-baa6-237d-5206d1b044a1 HTTP/1.1" 200 71532
51.222.253.17 - - [28/Jun/2024:02:52:05 +0200] "GET /ticket2/opencms/fr/sport/billets-football/premier_league/manchester_city/ HTTP/1.1" 200 87939
3.224.220.101 - - [28/Jun/2024:02:52:06 +0200] "GET /ticket2/opencms/es/buy/?edid=C448ACCE-4E2F-44DD-92FC-D2C00A7DD0E5&page=1 HTTP/1.1" 200 111914
47.128.117.137 - - [28/Jun/2024:02:52:09 +0200] "GET /ticket2/opencms/fi/buy/?catid=4C4DADF0-07CC-9B24-D2D9-940EF378BE99&comcatid=97ECA65A-72DA-F9AF-9DBB-245D3CFED1BE HTTP/1.1" 200 78391
40.77.167.53 - - [28/Jun/2024:02:52:10 +0200] "GET /ticket2/opencms/en/venue/?venueid=BB736B8D-452E-548C-9145-71E4BC7BD986 HTTP/1.1" 200 71336
47.128.117.137 - - [28/Jun/2024:02:52:10 +0200] "GET /ticket2/opencms/system/modules/com.gridnine.opencms.ticketbrokerage.site/resources/pics/logo-new.png HTTP/1.1" 200 13541
52.70.240.171 - - [28/Jun/2024:02:52:10 +0200] "GET /ticket2/opencms/es/buy/?edid=3B157B14-2ACC-30A7-0D5C-8313AB0A1A32&page=1 HTTP/1.1" 200 112528
47.128.117.137 - - [28/Jun/2024:02:52:10 +0200] "GET /ticket2/opencms/system/modules/com.gridnine.opencms.ticketbrokerage.site/resources/pics/bank_1_nordea.png HTTP/1.1" 200 4807
47.128.117.137 - - [28/Jun/2024:02:52:11 +0200] "GET /ticket2/opencms/system/modules/com.gridnine.opencms.ticketbrokerage.site/resources/pics/bank_2_handelsbanken.png HTTP/1.1" 200 4509
47.128.117.137 - - [28/Jun/2024:02:52:11 +0200] "GET /ticket2/opencms/system/modules/com.gridnine.opencms.ticketbrokerage.site/resources/pics/bank_4_seb.png HTTP/1.1" 200 2487
47.128.117.137 - - [28/Jun/2024:02:52:11 +0200] "GET /ticket2/opencms/system/modules/com.gridnine.opencms.ticketbrokerage.site/resources/pics/bank_5_visa_mastercard.png HTTP/1.1" 200 8196
47.128.117.137 - - [28/Jun/2024:02:52:11 +0200] "GET /ticket2/opencms/system/modules/com.gridnine.opencms.ticketbrokerage.site/resources/pics/bank_3_swedbank.png HTTP/1.1" 200 5740
47.128.117.137 - - [28/Jun/2024:02:52:11 +0200] "GET /ticket2/opencms/system/modules/com.gridnine.opencms.ticketbrokerage.site/resources/pics/bank_6_american_express.png HTTP/1.1" 200 5570
3.224.220.101 - - [28/Jun/2024:02:52:14 +0200] "GET /ticket2/opencms/es/buy/?edid=03D907FB-D1E6-E922-E1AC-AD5339EA57CC&page=1 HTTP/1.1" 200 107830
47.128.119.77 - - [28/Jun/2024:02:52:17 +0200] "GET /ticket2/opencms/no/buy/?edid=4D046EC3-3569-AF35-BEE2-37E289C85DAB HTTP/1.1" 200 72905
47.128.119.77 - - [28/Jun/2024:02:52:17 +0200] "GET /ticket2/opencms/system/modules/com.gridnine.opencms.ticketbrokerage.site/resources/pics/logo-new.png HTTP/1.1" 200 13541
47.128.119.77 - - [28/Jun/2024:02:52:18 +0200] "GET /ticket2/opencms/system/modules/com.gridnine.opencms.ticketbrokerage.site/resources/pics/bank_3_swedbank.png HTTP/1.1" 200 5740
5.9.55.228 - - [28/Jun/2024:02:52:18 +0200] "GET /ticket2/opencms/en/buy/?comcatid=a17713b6-d984-201a-4143-ed4db5ed5c2e&catid=b0817f4c-4b6f-a68c-6229-209bb05f84d4 HTTP/1.1" 200 71532
47.128.119.77 - - [28/Jun/2024:02:52:19 +0200] "GET /ticket2/opencms/system/modules/com.gridnine.opencms.ticketbrokerage.site/resources/pics/bank_4_seb.png HTTP/1.1" 200 2487
23.22.35.162 - - [28/Jun/2024:02:52:19 +0200] "GET /ticket2/opencms/es/buy/?edid=9D2DFDC9-4BC5-EECE-32CF-AF6FA9041457&page=1 HTTP/1.1" 200 111984
47.128.119.77 - - [28/Jun/2024:02:52:19 +0200] "GET /ticket2/opencms/system/modules/com.gridnine.opencms.ticketbrokerage.site/resources/pics/bank_1_nordea.png HTTP/1.1" 200 4807
47.128.119.77 - - [28/Jun/2024:02:52:19 +0200] "GET /ticket2/opencms/system/modules/com.gridnine.opencms.ticketbrokerage.site/resources/pics/bank_5_visa_mastercard.png HTTP/1.1" 200 8196
47.128.119.77 - - [28/Jun/2024:02:52:19 +0200] "GET /ticket2/opencms/system/modules/com.gridnine.opencms.ticketbrokerage.site/resources/pics/bank_2_handelsbanken.png HTTP/1.1" 200 4509
47.128.119.77 - - [28/Jun/2024:02:52:19 +0200] "GET /ticket2/opencms/system/modules/com.gridnine.opencms.ticketbrokerage.site/resources/pics/bank_6_american_express.png HTTP/1.1" 200 5570
52.70.240.171 - - [28/Jun/2024:02:52:22 +0200] "GET /ticket2/opencms/es/buy/?edid=7C470A0B-7875-5849-46E4-808C32ECDB53&page=1 HTTP/1.1" 200 87144
3.224.220.101 - - [28/Jun/2024:02:52:26 +0200] "GET /ticket2/opencms/es/buy/?edid=BF02E8D3-250D-1BB9-F307-8D142E1902AE&page=1 HTTP/1.1" 200 87153
52.70.240.171 - - [28/Jun/2024:02:52:30 +0200] "GET /ticket2/opencms/es/buy/?edid=B7E87373-4E91-4192-46CD-A0665726782B&page=1 HTTP/1.1" 200 112695
40.77.167.61 - - [28/Jun/2024:02:52:32 +0200] "GET /ticket2/opencms/en/buy/?page=1&edid=A65992FA-C69F-7F2B-140A-AAB5DFE65FDB HTTP/1.1" 200 87192
5.9.55.228 - - [28/Jun/2024:02:52:33 +0200] "GET /ticket2/opencms/en/buy/?comcatid=a17713b6-d984-201a-4143-ed4db5ed5c2e&catid=bdd8c04c-dd99-1c07-b5f3-f2ab98d157e8 HTTP/1.1" 200 71532
23.22.35.162 - - [28/Jun/2024:02:52:35 +0200] "GET /ticket2/opencms/es/buy/?edid=06839E1C-8CA0-2766-B39C-B161E06D9E51&page=1 HTTP/1.1" 200 113024
52.70.240.171 - - [28/Jun/2024:02:52:39 +0200] "GET /ticket2/opencms/es/buy/?edid=341262D8-7A59-5821-1DA8-A5F36D843BF9&page=1 HTTP/1.1" 200 118195
52.70.240.171 - - [28/Jun/2024:02:52:42 +0200] "GET /ticket2/opencms/es/buy/?edid=FA7F94B4-317A-0ECF-FA42-3F7BBDB83D52&page=1 HTTP/1.1" 200 87148
66.249.76.167 - - [28/Jun/2024:02:52:45 +0200] "GET /ticket2/opencms/sv/buy/?page=1&edid=73ADC408-1051-3D3B-0D53-5DA8E608120E HTTP/1.1" 200 111639
66.249.76.161 - - [28/Jun/2024:02:52:46 +0200] "GET /ticket2/opencms/no/buy/?page=1&edid=9298EE47-1A7F-20BC-182D-AD5062126FDE HTTP/1.1" 200 88912
52.70.240.171 - - [28/Jun/2024:02:52:47 +0200] "GET /ticket2/opencms/es/buy/?edid=128622B7-EDDD-3A5E-9897-BCB852F1E8F1&page=1 HTTP/1.1" 200 112032
5.9.55.228 - - [28/Jun/2024:02:52:49 +0200] "GET /ticket2/opencms/en/buy/?comcatid=a17713b6-d984-201a-4143-ed4db5ed5c2e&catid=be041fbe-c1a7-918c-eb61-99ed02d12f5b HTTP/1.1" 200 71532
3.224.220.101 - - [28/Jun/2024:02:52:50 +0200] "GET /ticket2/opencms/es/buy/?edid=F03BC80C-51C9-D5C8-6DEC-FA800785943C&page=1 HTTP/1.1" 200 112801
40.77.167.55 - - [28/Jun/2024:02:52:52 +0200] "GET /ticket2/opencms/dk/venue/?venueid=2093F44A-5602-34FE-CA0A-0A611F93B4B6 HTTP/1.1" 200 71750
3.224.220.101 - - [28/Jun/2024:02:52:54 +0200] "GET /ticket2/opencms/es/buy/?edid=C15AE28C-73DB-6928-32A1-4EC14A77EEA7&page=1 HTTP/1.1" 200 112488
52.70.240.171 - - [28/Jun/2024:02:52:58 +0200] "GET /ticket2/opencms/es/buy/?edid=4D046EC3-3569-AF35-BEE2-37E289C85DAB&page=1 HTTP/1.1" 200 88943
47.128.43.142 - - [28/Jun/2024:02:53:00 +0200] "GET /ticket2/opencms/de/buy/?catid=36394212-F82E-F845-399B-42BED55969CC&comcatid=A17713B6-D984-201A-4143-ED4DB5ED5C2E HTTP/1.1" 200 82763
47.128.43.142 - - [28/Jun/2024:02:53:01 +0200] "GET /ticket2/opencms/system/modules/com.gridnine.opencms.ticketbrokerage.site/resources/js/jquery/jquery-ui.js HTTP/1.1" 200 228088
47.128.43.142 - - [28/Jun/2024:02:53:02 +0200] "GET /ticket2/opencms/system/modules/com.gridnine.opencms.ticketbrokerage.site/resources/pics/logo-new.png HTTP/1.1" 200 13541
47.128.43.142 - - [28/Jun/2024:02:53:02 +0200] "GET /ticket2/opencms/system/modules/com.gridnine.opencms.ticketbrokerage.site/resources/pics/bank_2_handelsbanken.png HTTP/1.1" 200 4509
47.128.43.142 - - [28/Jun/2024:02:53:02 +0200] "GET /ticket2/opencms/system/modules/com.gridnine.opencms.ticketbrokerage.site/resources/pics/bank_4_seb.png HTTP/1.1" 200 2487
47.128.43.142 - - [28/Jun/2024:02:53:02 +0200] "GET /ticket2/opencms/system/modules/com.gridnine.opencms.ticketbrokerage.site/resources/pics/bank_3_swedbank.png HTTP/1.1" 200 5740
52.70.240.171 - - [28/Jun/2024:02:53:02 +0200] "GET /ticket2/opencms/es/buy/?edid=86B4B2B3-495F-6DCC-061F-2AA67B1599F7&page=1 HTTP/1.1" 200 111995
47.128.43.142 - - [28/Jun/2024:02:53:03 +0200] "GET /ticket2/opencms/system/modules/com.gridnine.opencms.ticketbrokerage.site/resources/pics/bank_5_visa_mastercard.png HTTP/1.1" 200 8196
47.128.43.142 - - [28/Jun/2024:02:53:03 +0200] "GET /ticket2/opencms/system/modules/com.gridnine.opencms.ticketbrokerage.site/resources/pics/bank_1_nordea.png HTTP/1.1" 200 4807
47.128.43.142 - - [28/Jun/2024:02:53:03 +0200] "GET /ticket2/opencms/system/modules/com.gridnine.opencms.ticketbrokerage.site/resources/pics/bank_6_american_express.png HTTP/1.1" 200 5570
