52.70.240.171 - - [28/Jun/2024:01:44:42 +0200] "GET /ticket2/opencms/fr/buy/?catid=9457695E-36ED-A63E-7A88-32963954E2C7&comcatid=97ECA65A-72DA-F9AF-9DBB-245D3CFED1BE HTTP/1.1" 200 77800
52.70.240.171 - - [28/Jun/2024:01:44:46 +0200] "GET /ticket2/opencms/fr/buy/?catid=8B6802AF-1ADE-4BE1-A1F7-7671190CFB4F&comcatid=97ECA65A-72DA-F9AF-9DBB-245D3CFED1BE HTTP/1.1" 200 77799
5.9.55.228 - - [28/Jun/2024:01:44:48 +0200] "GET /ticket2/opencms/en/buy/?page=10&eventid=B2CBADC0-7376-1469-83B0-8FC7D035A53C&venueid=8A17268F-190C-08C5-2317-BAB591EDC85C HTTP/1.1" 200 72683
23.22.35.162 - - [28/Jun/2024:01:44:50 +0200] "GET /ticket2/opencms/fr/buy/?catid=6CD184E8-C8D4-E1CC-33D0-6F47E3751240&comcatid=97ECA65A-72DA-F9AF-9DBB-245D3CFED1BE HTTP/1.1" 200 77797
52.70.240.171 - - [28/Jun/2024:01:44:54 +0200] "GET /ticket2/opencms/fr/buy/?catid=1656E964-1E02-9A38-D092-65384E60B6EA&comcatid=97ECA65A-72DA-F9AF-9DBB-245D3CFED1BE HTTP/1.1" 200 77793
5.9.55.228 - - [28/Jun/2024:01:44:56 +0200] "GET /ticket2/opencms/en/buy/?page=10&eventid=B2CBADC0-7376-1469-83B0-8FC7D035A53C&venueid=7AC4544E-68B6-072F-C815-86F75E4EE456 HTTP/1.1" 200 72683
3.224.220.101 - - [28/Jun/2024:01:44:58 +0200] "GET /ticket2/opencms/fr/buy/?catid=D414C6A5-7A03-3389-42A8-D7B7FE32BB37&comcatid=97ECA65A-72DA-F9AF-9DBB-245D3CFED1BE HTTP/1.1" 200 77806
3.224.220.101 - - [28/Jun/2024:01:45:02 +0200] "GET /ticket2/opencms/fr/buy/?catid=F7F89B9B-6697-7881-54AE-4C39276BF1B8&comcatid=97ECA65A-72DA-F9AF-9DBB-245D3CFED1BE HTTP/1.1" 200 77797
52.167.144.235 - - [28/Jun/2024:01:45:03 +0200] "GET /ticket2/opencms/es/magazine/article?title=compra-entradas-para-la-bundesliga-en-ticket2com HTTP/1.1" 200 74675
52.70.240.171 - - [28/Jun/2024:01:45:07 +0200] "GET /ticket2/opencms/fr/buy/?catid=DA31441B-C568-3C77-D08C-698809032494&comcatid=97ECA65A-72DA-F9AF-9DBB-245D3CFED1BE HTTP/1.1" 200 77793
3.224.220.101 - - [28/Jun/2024:01:45:10 +0200] "GET /ticket2/opencms/fr/buy/?catid=43171577-14C8-6B19-25D9-DF372BFFCBFA&comcatid=97ECA65A-72DA-F9AF-9DBB-245D3CFED1BE HTTP/1.1" 200 77796
5.9.55.228 - - [28/Jun/2024:01:45:12 +0200] "GET /ticket2/opencms/en/buy/?page=10&eventid=B2CBADC0-7376-1469-83B0-8FC7D035A53C&venueid=6D0642BB-05FC-BA80-36B9-6F63B86457CB HTTP/1.1" 200 72683
52.70.240.171 - - [28/Jun/2024:01:45:15 +0200] "GET /ticket2/opencms/fr/buy/?catid=8732E72C-A028-EA8C-4D4D-DEB44E2A28A8&comcatid=97ECA65A-72DA-F9AF-9DBB-245D3CFED1BE HTTP/1.1" 200 77795
52.70.240.171 - - [28/Jun/2024:01:45:18 +0200] "GET /ticket2/opencms/fr/buy/?catid=2CCC191C-F37F-B9CA-D41C-1204E575B328&comcatid=97ECA65A-72DA-F9AF-9DBB-245D3CFED1BE HTTP/1.1" 200 77797
114.119.128.162 - - [28/Jun/2024:01:45:21 +0200] "GET /ticket2/opencms/en/buy/?page=1&edid=B68A5FCD-3F48-E5F6-F08A-DB5402FFB044 HTTP/1.1" 200 86764
52.70.240.171 - - [28/Jun/2024:01:45:22 +0200] "GET /ticket2/opencms/fr/buy/?catid=4C4DADF0-07CC-9B24-D2D9-940EF378BE99&comcatid=97ECA65A-72DA-F9AF-9DBB-245D3CFED1BE HTTP/1.1" 200 77794
52.70.240.171 - - [28/Jun/2024:01:45:28 +0200] "GET /ticket2/opencms/fr/buy/?catid=95AE85B5-8979-BB11-643C-430ACC6D50F9&comcatid=810BB404-4103-77F2-A6C2-12D5E6C338E2 HTTP/1.1" 200 74477
5.9.55.228 - - [28/Jun/2024:01:45:29 +0200] "GET /ticket2/opencms/en/buy/?page=10&eventid=B2CBADC0-7376-1469-83B0-8FC7D035A53C&venueid=619A03DD-ACCD-FE57-5807-3D17BA5AEECB HTTP/1.1" 200 72683
3.224.220.101 - - [28/Jun/2024:01:45:30 +0200] "GET /ticket2/opencms/nl/buy/?catid=2FC3D548-EAF9-1354-0CD2-7D7619DA2334&comcatid=A17713B6-D984-201A-4143-ED4DB5ED5C2E HTTP/1.1" 200 81236
66.249.72.34 - - [28/Jun/2024:01:45:30 +0200] "GET /ticket2/opencms/dk/buy/?page=1&edid=7DE3A616-7929-2B29-C0D3-F6A6BF870955 HTTP/1.1" 200 85742
52.70.240.171 - - [28/Jun/2024:01:45:34 +0200] "GET /ticket2/opencms/nl/buy/?catid=6BD6E0B0-84AF-3A0D-3851-C1357CE9B771&comcatid=A17713B6-D984-201A-4143-ED4DB5ED5C2E HTTP/1.1" 200 81245
52.70.240.171 - - [28/Jun/2024:01:45:38 +0200] "GET /ticket2/opencms/nl/buy/?catid=08F27F2A-1872-A39F-A97C-63093E77B18A&comcatid=A17713B6-D984-201A-4143-ED4DB5ED5C2E HTTP/1.1" 200 81245
47.128.50.236 - - [28/Jun/2024:01:45:41 +0200] "GET /ticket2/opencms/fi/buy/?edid=B7E87373-4E91-4192-46CD-A0665726782B HTTP/1.1" 200 73261
47.128.50.236 - - [28/Jun/2024:01:45:41 +0200] "GET /ticket2/opencms/system/modules/com.gridnine.opencms.ticketbrokerage.site/resources/pics/logo-new.png HTTP/1.1" 200 13541
47.128.50.236 - - [28/Jun/2024:01:45:42 +0200] "GET /ticket2/opencms/system/modules/com.gridnine.opencms.ticketbrokerage.site/resources/pics/bank_4_seb.png HTTP/1.1" 200 2487
3.224.220.101 - - [28/Jun/2024:01:45:42 +0200] "GET /ticket2/opencms/nl/buy/?catid=21C3854B-901E-11F9-7B7D-6838CC6AFAA4&comcatid=A17713B6-D984-201A-4143-ED4DB5ED5C2E HTTP/1.1" 200 81245
47.128.50.236 - - [28/Jun/2024:01:45:43 +0200] "GET /ticket2/opencms/system/modules/com.gridnine.opencms.ticketbrokerage.site/resources/pics/bank_1_nordea.png HTTP/1.1" 200 4807
47.128.50.236 - - [28/Jun/2024:01:45:43 +0200] "GET /ticket2/opencms/system/modules/com.gridnine.opencms.ticketbrokerage.site/resources/pics/bank_3_swedbank.png HTTP/1.1" 200 5740
47.128.50.236 - - [28/Jun/2024:01:45:43 +0200] "GET /ticket2/opencms/system/modules/com.gridnine.opencms.ticketbrokerage.site/resources/pics/bank_5_visa_mastercard.png HTTP/1.1" 200 8196
47.128.50.236 - - [28/Jun/2024:01:45:43 +0200] "GET /ticket2/opencms/system/modules/com.gridnine.opencms.ticketbrokerage.site/resources/pics/bank_2_handelsbanken.png HTTP/1.1" 200 4509
47.128.50.236 - - [28/Jun/2024:01:45:43 +0200] "GET /ticket2/opencms/system/modules/com.gridnine.opencms.ticketbrokerage.site/resources/pics/bank_6_american_express.png HTTP/1.1" 200 5570
5.9.55.228 - - [28/Jun/2024:01:45:45 +0200] "GET /ticket2/opencms/en/buy/?page=10&eventid=B2CBADC0-7376-1469-83B0-8FC7D035A53C&venueid=3060E255-FFB8-E1FC-2EE4-0AD33AC358BD HTTP/1.1" 200 72683
52.70.240.171 - - [28/Jun/2024:01:45:46 +0200] "GET /ticket2/opencms/nl/buy/?catid=E92E6B1B-7CD1-74B1-312C-265A7D8125D0&comcatid=A17713B6-D984-201A-4143-ED4DB5ED5C2E HTTP/1.1" 200 81241
23.22.35.162 - - [28/Jun/2024:01:45:50 +0200] "GET /ticket2/opencms/nl/buy/?catid=A3372871-3019-08B8-80CE-74B78F441ACA&comcatid=A17713B6-D984-201A-4143-ED4DB5ED5C2E HTTP/1.1" 200 81900
52.70.240.171 - - [28/Jun/2024:01:45:54 +0200] "GET /ticket2/opencms/nl/buy/?catid=0A6C99D2-F5BD-7A18-9A5F-5668827042E0&comcatid=A17713B6-D984-201A-4143-ED4DB5ED5C2E HTTP/1.1" 200 239404
51.222.253.15 - - [28/Jun/2024:01:45:56 +0200] "GET /ticket2/opencms/dk/venue/?countryid=99B1C0F6-84FB-98CC-65FC-5142D0D877AC HTTP/1.1" 200 101181
52.70.240.171 - - [28/Jun/2024:01:45:58 +0200] "GET /ticket2/opencms/nl/buy/?catid=A4D9EA9A-192D-0274-BF26-9C98D8B902AB&comcatid=A17713B6-D984-201A-4143-ED4DB5ED5C2E HTTP/1.1" 200 81235
216.245.221.83 - - [28/Jun/2024:01:45:58 +0200] "HEAD /ticket2/opencms/ HTTP/1.1" 302 -
5.9.55.228 - - [28/Jun/2024:01:46:01 +0200] "GET /ticket2/opencms/en/buy/?page=10&eventid=B2CBADC0-7376-1469-83B0-8FC7D035A53C&venueid=18FD821D-6DDA-C3F8-586C-11DB373981E5 HTTP/1.1" 200 72683
216.245.221.83 - - [28/Jun/2024:01:46:01 +0200] "HEAD /ticket2/opencms/en/ HTTP/1.1" 200 -
23.22.35.162 - - [28/Jun/2024:01:46:02 +0200] "GET /ticket2/opencms/nl/buy/?catid=70B37487-FE30-D476-CAE7-E6AFEA3153F2&comcatid=A17713B6-D984-201A-4143-ED4DB5ED5C2E HTTP/1.1" 200 81236
23.22.35.162 - - [28/Jun/2024:01:46:06 +0200] "GET /ticket2/opencms/nl/buy/?catid=D8B345C9-F7A5-E620-4B43-C34EB0D6885B&comcatid=A17713B6-D984-201A-4143-ED4DB5ED5C2E HTTP/1.1" 200 81244
52.167.144.176 - - [28/Jun/2024:01:46:06 +0200] "GET /ticket2/opencms/sv/sport/fotbollsbiljetter/bundesliga/bayer-leverkusen/ HTTP/1.1" 200 72962
23.22.35.162 - - [28/Jun/2024:01:46:11 +0200] "GET /ticket2/opencms/nl/buy/?catid=F2006A3D-5EE0-B40B-5749-60C15271538F&comcatid=A17713B6-D984-201A-4143-ED4DB5ED5C2E HTTP/1.1" 200 81239
23.22.35.162 - - [28/Jun/2024:01:46:14 +0200] "GET /ticket2/opencms/nl/buy/?catid=24AC1CA6-1C09-0BE5-C04A-9DCCDB15D5E9&comcatid=A17713B6-D984-201A-4143-ED4DB5ED5C2E HTTP/1.1" 200 81243
5.9.55.228 - - [28/Jun/2024:01:46:17 +0200] "GET /ticket2/opencms/en/buy/?page=10&eventid=B2CBADC0-7376-1469-83B0-8FC7D035A53C&venueid=0E1AD7DC-F63F-ECC2-9070-B20E7ACF07FC HTTP/1.1" 200 72683
23.22.35.162 - - [28/Jun/2024:01:46:18 +0200] "GET /ticket2/opencms/nl/buy/?catid=7ACC33AD-EE7E-AAA7-9050-0F4587759B87&comcatid=A17713B6-D984-201A-4143-ED4DB5ED5C2E HTTP/1.1" 200 81245
52.70.240.171 - - [28/Jun/2024:01:46:22 +0200] "GET /ticket2/opencms/nl/buy/?catid=42C82D82-D02A-8562-E55C-48ADB3771882&comcatid=A17713B6-D984-201A-4143-ED4DB5ED5C2E HTTP/1.1" 200 81260
52.70.240.171 - - [28/Jun/2024:01:46:26 +0200] "GET /ticket2/opencms/nl/buy/?catid=2DE12DDA-A5FB-C1C6-CB20-FBF873FB032B&comcatid=A17713B6-D984-201A-4143-ED4DB5ED5C2E HTTP/1.1" 200 81255
3.224.220.101 - - [28/Jun/2024:01:46:30 +0200] "GET /ticket2/opencms/nl/buy/?catid=3A7AEA37-903D-9533-4B33-21B0001FF1D1&comcatid=A17713B6-D984-201A-4143-ED4DB5ED5C2E HTTP/1.1" 200 81244
66.249.76.195 - - [28/Jun/2024:01:46:32 +0200] "GET /ticket2/opencms/de/magazine/ HTTP/1.1" 200 103297
5.9.55.228 - - [28/Jun/2024:01:46:33 +0200] "GET /ticket2/opencms/en/buy/?page=10&eventid=B1E27EAD-2DAB-B132-68A0-815602472CC3&venueid=7BC1169D-C485-411D-5945-206D54A60C10 HTTP/1.1" 200 72677
52.70.240.171 - - [28/Jun/2024:01:46:34 +0200] "GET /ticket2/opencms/nl/buy/?catid=B0817F4C-4B6F-A68C-6229-209BB05F84D4&comcatid=A17713B6-D984-201A-4143-ED4DB5ED5C2E HTTP/1.1" 200 81234
3.224.220.101 - - [28/Jun/2024:01:46:38 +0200] "GET /ticket2/opencms/nl/buy/?catid=739BFC5D-78FA-6834-D764-6CE64CA5F9EC&comcatid=A17713B6-D984-201A-4143-ED4DB5ED5C2E HTTP/1.1" 200 81244
3.224.220.101 - - [28/Jun/2024:01:46:46 +0200] "GET /ticket2/opencms/nl/buy/?catid=64756941-02D2-3538-2077-8C2508F4A3A8&comcatid=A17713B6-D984-201A-4143-ED4DB5ED5C2E HTTP/1.1" 200 81253
52.70.240.171 - - [28/Jun/2024:01:46:46 +0200] "GET /ticket2/opencms/nl/buy/?catid=0A9E385E-33D9-328E-DC79-CA2C7009C829&comcatid=A17713B6-D984-201A-4143-ED4DB5ED5C2E HTTP/1.1" 200 81243
52.167.144.176 - - [28/Jun/2024:01:46:47 +0200] "GET /ticket2/opencms/en/venue/?venueid=B9E1C2A0-0847-2537-2C1B-EF8F5DAD4EC7 HTTP/1.1" 200 71353
5.9.55.228 - - [28/Jun/2024:01:46:48 +0200] "GET /ticket2/opencms/en/buy/?page=10&eventid=B1E27EAD-2DAB-B132-68A0-815602472CC3 HTTP/1.1" 200 72677
3.224.220.101 - - [28/Jun/2024:01:46:50 +0200] "GET /ticket2/opencms/nl/buy/?catid=D08E96E8-A514-9E09-4E22-63713911E0B8&comcatid=A17713B6-D984-201A-4143-ED4DB5ED5C2E HTTP/1.1" 200 81255
52.167.144.235 - - [28/Jun/2024:01:46:51 +0200] "GET /ticket2/opencms/en/venue/?venueid=6AEAE4F9-6A8D-25BD-489B-DC7310A7EAF9 HTTP/1.1" 200 71342
23.22.35.162 - - [28/Jun/2024:01:46:54 +0200] "GET /ticket2/opencms/nl/buy/?catid=BE041FBE-C1A7-918C-EB61-99ED02D12F5B&comcatid=A17713B6-D984-201A-4143-ED4DB5ED5C2E HTTP/1.1" 200 81243
52.70.240.171 - - [28/Jun/2024:01:46:58 +0200] "GET /ticket2/opencms/nl/buy/?catid=BDD8C04C-DD99-1C07-B5F3-F2AB98D157E8&comcatid=A17713B6-D984-201A-4143-ED4DB5ED5C2E HTTP/1.1" 200 81242
23.22.35.162 - - [28/Jun/2024:01:47:02 +0200] "GET /ticket2/opencms/nl/buy/?catid=88C381AD-5D76-A34D-AC15-A7129F8EF5BE&comcatid=A17713B6-D984-201A-4143-ED4DB5ED5C2E HTTP/1.1" 200 81245
5.9.55.228 - - [28/Jun/2024:01:47:04 +0200] "GET /ticket2/opencms/en/buy/?page=10&eventid=AE8A6CAA-9529-DB54-69E5-B3169B36CD6E&venueid=BBFDFA62-30E5-0CF7-5C31-22BFF847E1A4 HTTP/1.1" 200 83032
52.70.240.171 - - [28/Jun/2024:01:47:06 +0200] "GET /ticket2/opencms/nl/buy/?catid=4B941E1B-E4E2-C53E-C693-9FA91BBA9AD5&comcatid=A17713B6-D984-201A-4143-ED4DB5ED5C2E HTTP/1.1" 200 81258
3.224.220.101 - - [28/Jun/2024:01:47:10 +0200] "GET /ticket2/opencms/nl/buy/?catid=573B7747-EE85-D769-C87D-F3F61FB64AA5&comcatid=A17713B6-D984-201A-4143-ED4DB5ED5C2E HTTP/1.1" 200 81246
23.22.35.162 - - [28/Jun/2024:01:47:14 +0200] "GET /ticket2/opencms/nl/buy/?catid=6E0E0CA4-3F14-9697-92B9-3687047BE453&comcatid=A17713B6-D984-201A-4143-ED4DB5ED5C2E HTTP/1.1" 200 81245
52.167.144.161 - - [28/Jun/2024:01:47:17 +0200] "GET /ticket2/opencms/en/sell/?edid=37290F85-261E-D695-C070-BB16E9E0472D HTTP/1.1" 302 -
52.70.240.171 - - [28/Jun/2024:01:47:18 +0200] "GET /ticket2/opencms/nl/buy/?catid=82F804FA-9F69-CB6B-D41D-7BF7C716058B&comcatid=A17713B6-D984-201A-4143-ED4DB5ED5C2E HTTP/1.1" 200 81237
51.222.253.13 - - [28/Jun/2024:01:47:19 +0200] "GET /ticket2/opencms/dk/venue/?countryid=4EEBA21C-1425-8784-6DA1-449CA0D3E5D8 HTTP/1.1" 200 101181
5.9.55.228 - - [28/Jun/2024:01:47:20 +0200] "GET /ticket2/opencms/en/buy/?page=10&eventid=832D545D-35B4-47B9-C211-718E191726C5 HTTP/1.1" 200 72677
52.167.144.161 - - [28/Jun/2024:01:47:20 +0200] "GET /ticket2/opencms/en/login/?url=/en/sell/ HTTP/1.1" 200 73431
3.224.220.101 - - [28/Jun/2024:01:47:22 +0200] "GET /ticket2/opencms/nl/buy/?catid=C871EAE3-C584-718A-9795-07CDEF43FA75&comcatid=A17713B6-D984-201A-4143-ED4DB5ED5C2E HTTP/1.1" 200 81237
3.224.220.101 - - [28/Jun/2024:01:47:26 +0200] "GET /ticket2/opencms/nl/buy/?catid=A7674DEA-B39E-502C-2F76-760AE08947E9&comcatid=A17713B6-D984-201A-4143-ED4DB5ED5C2E HTTP/1.1" 200 81250
52.70.240.171 - - [28/Jun/2024:01:47:30 +0200] "GET /ticket2/opencms/nl/buy/?catid=7CF2D645-F785-0CBB-1B7C-C4711617EAAD&comcatid=A17713B6-D984-201A-4143-ED4DB5ED5C2E HTTP/1.1" 200 81918
66.249.75.168 - - [28/Jun/2024:01:47:33 +0200] "GET /ticket2/opencms/no/buy/?page=1&edid=4B7EE082-3F9A-4BF2-A04C-F1720BFE9FFD HTTP/1.1" 200 86529
23.22.35.162 - - [28/Jun/2024:01:47:34 +0200] "GET /ticket2/opencms/nl/buy/?catid=8AA488FA-6797-D710-8108-3088D6948FC1&comcatid=A17713B6-D984-201A-4143-ED4DB5ED5C2E HTTP/1.1" 200 81235
66.249.72.35 - - [28/Jun/2024:01:47:34 +0200] "GET /ticket2/opencms/dk/buy/?page=1&edid=C5541103-512C-D651-87BB-185D7BE93A66 HTTP/1.1" 200 111046
5.9.55.228 - - [28/Jun/2024:01:47:35 +0200] "GET /ticket2/opencms/en/buy/?page=10&eventid=7016CF1B-CC52-94F9-4136-362E6D3CC9D6&venueid=5656BFDD-7249-1ADA-776A-F31C05AE5BA2 HTTP/1.1" 200 72678
66.249.69.128 - - [28/Jun/2024:01:47:36 +0200] "GET /ticket2/opencms/dk/buy/?page=1&edid=73ADC408-1051-3D3B-0D53-5DA8E608120E HTTP/1.1" 200 111442
3.224.220.101 - - [28/Jun/2024:01:47:38 +0200] "GET /ticket2/opencms/nl/buy/?catid=AE3FE643-AE41-BAA6-237D-5206D1B044A1&comcatid=A17713B6-D984-201A-4143-ED4DB5ED5C2E HTTP/1.1" 200 81251
23.22.35.162 - - [28/Jun/2024:01:47:42 +0200] "GET /ticket2/opencms/nl/buy/?catid=FF8D7FE7-4B09-7305-01C7-2D47F7913EB8&comcatid=A17713B6-D984-201A-4143-ED4DB5ED5C2E HTTP/1.1" 200 81250
52.70.240.171 - - [28/Jun/2024:01:47:46 +0200] "GET /ticket2/opencms/nl/buy/?catid=3B549160-8B9C-E872-44A9-20FEA86B30E8&comcatid=A17713B6-D984-201A-4143-ED4DB5ED5C2E HTTP/1.1" 200 81249
5.9.55.228 - - [28/Jun/2024:01:47:50 +0200] "GET /ticket2/opencms/en/buy/?page=10&eventid=7016CF1B-CC52-94F9-4136-362E6D3CC9D6 HTTP/1.1" 200 72678
23.22.35.162 - - [28/Jun/2024:01:47:50 +0200] "GET /ticket2/opencms/nl/buy/?catid=97608B80-50C4-18AE-7A82-0413C62E9243&comcatid=A17713B6-D984-201A-4143-ED4DB5ED5C2E HTTP/1.1" 200 81239
3.224.220.101 - - [28/Jun/2024:01:47:54 +0200] "GET /ticket2/opencms/nl/buy/?catid=36394212-F82E-F845-399B-42BED55969CC&comcatid=A17713B6-D984-201A-4143-ED4DB5ED5C2E HTTP/1.1" 200 81250
23.22.35.162 - - [28/Jun/2024:01:47:58 +0200] "GET /ticket2/opencms/nl/buy/?catid=C48671DB-5AEB-8CE2-928E-38417FFBE085&comcatid=A17713B6-D984-201A-4143-ED4DB5ED5C2E HTTP/1.1" 200 81240
47.128.50.238 - - [28/Jun/2024:01:47:58 +0200] "GET /ticket2/opencms/dk/buy/?edid=39CE598D-FC19-9CD8-F22D-3F7964FACAB9 HTTP/1.1" 200 72066
47.128.50.238 - - [28/Jun/2024:01:47:59 +0200] "GET /ticket2/opencms/system/modules/com.gridnine.opencms.ticketbrokerage.site/resources/css/jquery.fancybox.css HTTP/1.1" 200 4939
47.128.50.238 - - [28/Jun/2024:01:48:00 +0200] "GET /ticket2/opencms/system/modules/com.gridnine.opencms.ticketbrokerage.site/resources/js/calendar.js HTTP/1.1" 200 49229
47.128.50.238 - - [28/Jun/2024:01:48:00 +0200] "GET /ticket2/opencms/system/modules/com.gridnine.opencms.ticketbrokerage.site/resources/js/calendar-en.js HTTP/1.1" 200 3338
47.128.50.238 - - [28/Jun/2024:01:48:00 +0200] "GET /ticket2/opencms/system/modules/com.gridnine.opencms.ticketbrokerage.site/resources/js/calendar-setup.js HTTP/1.1" 200 4923
47.128.50.238 - - [28/Jun/2024:01:48:00 +0200] "GET /ticket2/opencms/system/modules/com.gridnine.opencms.ticketbrokerage.site/resources/js/jquery.placeholder.min.js HTTP/1.1" 200 1737
47.128.50.238 - - [28/Jun/2024:01:48:01 +0200] "GET /ticket2/opencms/system/modules/com.gridnine.opencms.ticketbrokerage.site/resources/js/common-ajax.js HTTP/1.1" 200 20175
47.128.50.238 - - [28/Jun/2024:01:48:01 +0200] "GET /ticket2/opencms/system/modules/com.gridnine.opencms.ticketbrokerage.site/resources/pics/bank_1_nordea.png HTTP/1.1" 200 4807
47.128.50.238 - - [28/Jun/2024:01:48:01 +0200] "GET /ticket2/opencms/system/modules/com.gridnine.opencms.ticketbrokerage.site/resources/pics/bank_2_handelsbanken.png HTTP/1.1" 200 4509
47.128.50.238 - - [28/Jun/2024:01:48:01 +0200] "GET /ticket2/opencms/system/modules/com.gridnine.opencms.ticketbrokerage.site/resources/pics/logo-new.png HTTP/1.1" 200 13541
47.128.50.238 - - [28/Jun/2024:01:48:01 +0200] "GET /ticket2/opencms/system/modules/com.gridnine.opencms.ticketbrokerage.site/resources/pics/bank_3_swedbank.png HTTP/1.1" 200 5740
47.128.50.238 - - [28/Jun/2024:01:48:01 +0200] "GET /ticket2/opencms/system/modules/com.gridnine.opencms.ticketbrokerage.site/resources/pics/bank_4_seb.png HTTP/1.1" 200 2487
47.128.50.238 - - [28/Jun/2024:01:48:01 +0200] "GET /ticket2/opencms/system/modules/com.gridnine.opencms.ticketbrokerage.site/resources/pics/bank_5_visa_mastercard.png HTTP/1.1" 200 8196
47.128.50.238 - - [28/Jun/2024:01:48:01 +0200] "GET /ticket2/opencms/system/modules/com.gridnine.opencms.ticketbrokerage.site/resources/pics/bank_6_american_express.png HTTP/1.1" 200 5570
52.70.240.171 - - [28/Jun/2024:01:48:02 +0200] "GET /ticket2/opencms/nl/buy/?catid=C0DF818C-DB21-6E2E-4056-DB751FFE0C41&comcatid=A17713B6-D984-201A-4143-ED4DB5ED5C2E HTTP/1.1" 200 81241
52.70.240.171 - - [28/Jun/2024:01:48:06 +0200] "GET /ticket2/opencms/nl/buy/?catid=F03B8ADD-988E-AE6A-8DBA-AF502C691C60&comcatid=A17713B6-D984-201A-4143-ED4DB5ED5C2E HTTP/1.1" 200 81250
5.9.55.228 - - [28/Jun/2024:01:48:07 +0200] "GET /ticket2/opencms/en/buy/?page=10&eventid=6FF9EBE1-05EE-AA1E-A54F-A9D14CF13922&venueid=725EAA96-3504-C885-60D8-51C3C379F292 HTTP/1.1" 200 72680
52.70.240.171 - - [28/Jun/2024:01:48:10 +0200] "GET /ticket2/opencms/nl/buy/?catid=515A9A29-35A0-2DB8-262B-AEF122DB04F6&comcatid=A17713B6-D984-201A-4143-ED4DB5ED5C2E HTTP/1.1" 200 81240
85.208.96.196 - - [28/Jun/2024:01:48:11 +0200] "GET /ticket2/opencms/de/robots.txt HTTP/1.1" 404 -
85.208.96.208 - - [28/Jun/2024:01:48:13 +0200] "GET /ticket2/opencms/robots.txt HTTP/1.1" 200 773
23.22.35.162 - - [28/Jun/2024:01:48:14 +0200] "GET /ticket2/opencms/nl/buy/?catid=5A89E483-58AD-080E-F363-E16CE738916A&comcatid=A17713B6-D984-201A-4143-ED4DB5ED5C2E HTTP/1.1" 200 81246
40.77.167.4 - - [28/Jun/2024:01:48:15 +0200] "GET /ticket2/opencms/en/venue/?venueid=AF41511E-0B9E-3E6E-A7C7-E2C23F4F1C81 HTTP/1.1" 200 71354
185.191.171.5 - - [28/Jun/2024:01:48:16 +0200] "GET /ticket2/opencms/robots.txt HTTP/1.1" 200 773
3.224.220.101 - - [28/Jun/2024:01:48:18 +0200] "GET /ticket2/opencms/nl/buy/?catid=061607E6-22B7-6FFA-03FD-A4B8B13A943F&comcatid=A17713B6-D984-201A-4143-ED4DB5ED5C2E HTTP/1.1" 200 81242
185.191.171.15 - - [28/Jun/2024:01:48:18 +0200] "GET /ticket2/opencms/de/en/sport/football-tickets/serie_a/napoli/ HTTP/1.1" 404 -
3.224.220.101 - - [28/Jun/2024:01:48:22 +0200] "GET /ticket2/opencms/nl/buy/?catid=7EF04817-972D-18B1-F941-DE800D088075&comcatid=A17713B6-D984-201A-4143-ED4DB5ED5C2E HTTP/1.1" 200 81249
5.9.55.228 - - [28/Jun/2024:01:48:23 +0200] "GET /ticket2/opencms/en/buy/?page=10&eventid=6FF9EBE1-05EE-AA1E-A54F-A9D14CF13922 HTTP/1.1" 200 72680
3.224.220.101 - - [28/Jun/2024:01:48:26 +0200] "GET /ticket2/opencms/nl/buy/?catid=06324577-7173-BAB0-146D-E644C912F7C1&comcatid=A17713B6-D984-201A-4143-ED4DB5ED5C2E HTTP/1.1" 200 81255
3.224.220.101 - - [28/Jun/2024:01:48:30 +0200] "GET /ticket2/opencms/nl/buy/?catid=E961462E-5AC2-64D6-5850-A310C9DEAA06&comcatid=A17713B6-D984-201A-4143-ED4DB5ED5C2E HTTP/1.1" 200 81250
23.22.35.162 - - [28/Jun/2024:01:48:34 +0200] "GET /ticket2/opencms/nl/buy/?catid=7BADFFFB-57C5-5DBC-E7EB-B45075B3D8F9&comcatid=A17713B6-D984-201A-4143-ED4DB5ED5C2E HTTP/1.1" 200 81257
5.9.55.228 - - [28/Jun/2024:01:48:37 +0200] "GET /ticket2/opencms/en/buy/?page=10&eventid=684F42AD-E69E-B0FB-F34B-E9B5D5266D07 HTTP/1.1" 200 72679
66.249.72.33 - - [28/Jun/2024:01:48:38 +0200] "GET /ticket2/opencms/dk/buy/?page=1&edid=F2971CC3-8714-3DC4-0355-85018375B4CB HTTP/1.1" 200 85743
52.70.240.171 - - [28/Jun/2024:01:48:38 +0200] "GET /ticket2/opencms/nl/buy/?catid=BF886BAE-FC84-8CB3-A193-6DFA251F7985&comcatid=B41CCF2B-5558-7AEE-3602-09BBDE417D65 HTTP/1.1" 200 73413
51.222.253.11 - - [28/Jun/2024:01:48:41 +0200] "GET /ticket2/opencms/dk/venue/?countryid=D9E13DB9-8338-AA2E-D2F0-97CDF9CA1F76 HTTP/1.1" 200 101181
3.224.220.101 - - [28/Jun/2024:01:48:42 +0200] "GET /ticket2/opencms/nl/buy/?catid=36DC4BE2-91A2-6146-2BE9-47B6F3C44EDB&comcatid=B41CCF2B-5558-7AEE-3602-09BBDE417D65 HTTP/1.1" 200 73405
216.245.221.83 - - [28/Jun/2024:01:48:45 +0200] "HEAD /ticket2/opencms/ HTTP/1.1" 302 -
216.245.221.83 - - [28/Jun/2024:01:48:45 +0200] "HEAD /ticket2/opencms/en/ HTTP/1.1" 200 -
3.224.220.101 - - [28/Jun/2024:01:48:46 +0200] "GET /ticket2/opencms/nl/buy/?catid=E03F2203-3943-A0F0-A47D-D9E7CDA79C6B&comcatid=B41CCF2B-5558-7AEE-3602-09BBDE417D65 HTTP/1.1" 200 73427
3.224.220.101 - - [28/Jun/2024:01:48:50 +0200] "GET /ticket2/opencms/nl/buy/?catid=A34BCF61-E19C-5C5C-445E-06F3749E1EF4&comcatid=B41CCF2B-5558-7AEE-3602-09BBDE417D65 HTTP/1.1" 200 73418
5.9.55.228 - - [28/Jun/2024:01:48:52 +0200] "GET /ticket2/opencms/en/buy/?page=10&eventid=634D2581-663A-DE19-7C72-20C596DE0600 HTTP/1.1" 200 72703
23.22.35.162 - - [28/Jun/2024:01:48:54 +0200] "GET /ticket2/opencms/nl/buy/?catid=465306FD-802C-5175-10FF-40E426DD2769&comcatid=0A6B8208-FDA4-E929-9D72-5312FD481B76 HTTP/1.1" 200 74897
52.70.240.171 - - [28/Jun/2024:01:48:58 +0200] "GET /ticket2/opencms/nl/buy/?catid=8E4972FC-6E2C-77A4-BB9D-D67BD270A641&comcatid=0A6B8208-FDA4-E929-9D72-5312FD481B76 HTTP/1.1" 200 74894
23.22.35.162 - - [28/Jun/2024:01:49:02 +0200] "GET /ticket2/opencms/nl/buy/?catid=1DB7F66B-473B-B427-F752-358FEEFE8EC0&comcatid=0A6B8208-FDA4-E929-9D72-5312FD481B76 HTTP/1.1" 200 74908
52.70.240.171 - - [28/Jun/2024:01:49:07 +0200] "GET /ticket2/opencms/nl/buy/?catid=FCA7FF95-260A-464B-B6FF-A820FCE7DFEF&comcatid=0A6B8208-FDA4-E929-9D72-5312FD481B76 HTTP/1.1" 200 74902
5.9.55.228 - - [28/Jun/2024:01:49:07 +0200] "GET /ticket2/opencms/en/buy/?page=10&eventid=56CBA715-B928-D58F-6A08-8D95645745F0&venueid=9EB8E447-E55D-1868-BABC-F174667BAE9B HTTP/1.1" 200 82492
3.224.220.101 - - [28/Jun/2024:01:49:10 +0200] "GET /ticket2/opencms/nl/buy/?catid=26594C33-56CE-F529-FAF3-61AB33F74A3B&comcatid=0A6B8208-FDA4-E929-9D72-5312FD481B76 HTTP/1.1" 200 74905
3.224.220.101 - - [28/Jun/2024:01:49:14 +0200] "GET /ticket2/opencms/nl/buy/?catid=CB847559-7ECA-CC50-D7D2-064AF0C06FB1&comcatid=0A6B8208-FDA4-E929-9D72-5312FD481B76 HTTP/1.1" 200 74903
23.22.35.162 - - [28/Jun/2024:01:49:20 +0200] "GET /ticket2/opencms/nl/buy/?catid=AD8E612F-0F0B-03C9-5236-E4F8B6523945&comcatid=0A6B8208-FDA4-E929-9D72-5312FD481B76 HTTP/1.1" 200 74903
5.9.55.228 - - [28/Jun/2024:01:49:22 +0200] "GET /ticket2/opencms/en/buy/?page=10&eventid=4CD3BFC4-6826-2F08-586B-E7C2046942C2 HTTP/1.1" 200 72679
52.70.240.171 - - [28/Jun/2024:01:49:22 +0200] "GET /ticket2/opencms/nl/buy/?catid=412DBCF4-025D-8ABC-7A40-D7C760E055FF&comcatid=0A6B8208-FDA4-E929-9D72-5312FD481B76 HTTP/1.1" 200 74905
3.224.220.101 - - [28/Jun/2024:01:49:26 +0200] "GET /ticket2/opencms/nl/buy/?catid=A05A53F7-423D-23BE-575E-EA7B67DE22D9&comcatid=0A6B8208-FDA4-E929-9D72-5312FD481B76 HTTP/1.1" 200 74903
5.9.55.228 - - [28/Jun/2024:01:49:29 +0200] "GET /ticket2/opencms/en/buy/?page=10&eventid=4BFE0049-E26D-F28C-59BF-33D4A5B123CD HTTP/1.1" 200 72679
52.70.240.171 - - [28/Jun/2024:01:49:30 +0200] "GET /ticket2/opencms/nl/buy/?catid=53E7B32E-5CAA-6CE7-D6AA-FFC41D70EE01&comcatid=0A6B8208-FDA4-E929-9D72-5312FD481B76 HTTP/1.1" 200 74904
114.119.128.162 - - [28/Jun/2024:01:49:31 +0200] "GET /ticket2/opencms/en/buy/?page=1&edid=B079F7BD-9B1A-1AD5-CC34-80B529E926D0 HTTP/1.1" 200 87391
23.22.35.162 - - [28/Jun/2024:01:49:34 +0200] "GET /ticket2/opencms/nl/buy/?catid=5ED34547-492C-90DA-709D-448345844685&comcatid=0A6B8208-FDA4-E929-9D72-5312FD481B76 HTTP/1.1" 200 74906
5.9.55.228 - - [28/Jun/2024:01:49:37 +0200] "GET /ticket2/opencms/en/buy/?page=10&eventid=3A13A888-618B-2302-3F7A-4345B50004DA HTTP/1.1" 200 72679
3.224.220.101 - - [28/Jun/2024:01:49:38 +0200] "GET /ticket2/opencms/nl/buy/?catid=3A56B1C2-6FFB-C8D1-B229-B3914D5FF8DF&comcatid=0A6B8208-FDA4-E929-9D72-5312FD481B76 HTTP/1.1" 200 74908
66.249.72.33 - - [28/Jun/2024:01:49:39 +0200] "GET /ticket2/opencms/dk/buy/?page=1&edid=1B1B1FC4-4D35-11C5-5D85-DF2C3A11720F HTTP/1.1" 200 85743
66.249.76.135 - - [28/Jun/2024:01:49:40 +0200] "GET /ticket2/opencms/dk/buy/?page=1&edid=4D0E8B6F-4A4C-13EE-EC78-4C4A42CB13B0 HTTP/1.1" 200 85745
3.224.220.101 - - [28/Jun/2024:01:49:42 +0200] "GET /ticket2/opencms/nl/buy/?catid=8C381435-A1E8-94AF-2C58-D133FCA44A31&comcatid=66708183-7480-3365-06BF-DBF60280AB45 HTTP/1.1" 200 73255
3.224.220.101 - - [28/Jun/2024:01:49:46 +0200] "GET /ticket2/opencms/nl/buy/?catid=30D5812D-0858-4843-8F45-C38AE504153C&comcatid=66708183-7480-3365-06BF-DBF60280AB45 HTTP/1.1" 200 73248
23.22.35.162 - - [28/Jun/2024:01:49:50 +0200] "GET /ticket2/opencms/nl/buy/?catid=05A94519-01D1-C86F-9031-84936B0B9DAE&comcatid=66708183-7480-3365-06BF-DBF60280AB45 HTTP/1.1" 200 73248
3.224.220.101 - - [28/Jun/2024:01:49:54 +0200] "GET /ticket2/opencms/nl/buy/?catid=7D3BEF66-5D88-3916-5B89-0E7B139E0169&comcatid=97ECA65A-72DA-F9AF-9DBB-245D3CFED1BE HTTP/1.1" 200 76188
5.9.55.228 - - [28/Jun/2024:01:49:55 +0200] "GET /ticket2/opencms/en/buy/?page=10&eventid=2E8FEED6-8FAD-B0D7-22BA-E6EFDA36827A&venueid=696CF794-7D31-9FC6-0B42-8ABB3E78F390 HTTP/1.1" 200 85842
51.222.253.16 - - [28/Jun/2024:01:50:01 +0200] "GET /ticket2/opencms/dk/venue/?countryid=666C887D-F998-338F-2ABE-16022B884D9D HTTP/1.1" 200 101181
52.70.240.171 - - [28/Jun/2024:01:50:01 +0200] "GET /ticket2/opencms/nl/buy/?catid=F7FF413B-5FDF-82CF-E5BB-CD4AB6027974&comcatid=97ECA65A-72DA-F9AF-9DBB-245D3CFED1BE HTTP/1.1" 200 76182
52.167.144.187 - - [28/Jun/2024:01:50:01 +0200] "GET /ticket2/opencms/sv/buy/?comcatid=A17713B6-D984-201A-4143-ED4DB5ED5C2E&catid=21C3854B-901E-11F9-7B7D-6838CC6AFAA4 HTTP/1.1" 200 82566
3.224.220.101 - - [28/Jun/2024:01:50:02 +0200] "GET /ticket2/opencms/nl/buy/?catid=E3105E1E-3982-291E-5523-1C1DF161E9B7&comcatid=97ECA65A-72DA-F9AF-9DBB-245D3CFED1BE HTTP/1.1" 200 76185
5.9.55.228 - - [28/Jun/2024:01:50:03 +0200] "GET /ticket2/opencms/en/buy/?page=10&eventid=2D882524-F20E-911C-330E-DB5F72C129F5&venueid=1F514823-A8B2-64F2-1969-4417BA1D08C9 HTTP/1.1" 200 83485
3.224.220.101 - - [28/Jun/2024:01:50:06 +0200] "GET /ticket2/opencms/nl/buy/?catid=2E79AED8-FF58-B4E8-AFB0-43E7CEBE7864&comcatid=97ECA65A-72DA-F9AF-9DBB-245D3CFED1BE HTTP/1.1" 200 76183
52.70.240.171 - - [28/Jun/2024:01:50:10 +0200] "GET /ticket2/opencms/nl/buy/?catid=55D1256D-BDD9-CBA3-47A3-0A252F702555&comcatid=97ECA65A-72DA-F9AF-9DBB-245D3CFED1BE HTTP/1.1" 200 76189
52.70.240.171 - - [28/Jun/2024:01:50:14 +0200] "GET /ticket2/opencms/nl/buy/?catid=81B744E7-1FEE-E757-C0AB-C7AF73CDE252&comcatid=97ECA65A-72DA-F9AF-9DBB-245D3CFED1BE HTTP/1.1" 200 76182
47.128.50.183 - - [28/Jun/2024:01:50:16 +0200] "GET /ticket2/opencms/dk/buy/?edid=E0AF4582-F291-60D7-7793-C6DEB6EAEA8A HTTP/1.1" 200 72066
47.128.50.183 - - [28/Jun/2024:01:50:17 +0200] "GET /ticket2/opencms/system/modules/com.gridnine.opencms.ticketbrokerage.site/resources/pics/logo-new.png HTTP/1.1" 200 13541
47.128.50.183 - - [28/Jun/2024:01:50:18 +0200] "GET /ticket2/opencms/system/modules/com.gridnine.opencms.ticketbrokerage.site/resources/pics/bank_4_seb.png HTTP/1.1" 200 2487
47.128.50.183 - - [28/Jun/2024:01:50:18 +0200] "GET /ticket2/opencms/system/modules/com.gridnine.opencms.ticketbrokerage.site/resources/pics/bank_2_handelsbanken.png HTTP/1.1" 200 4509
52.70.240.171 - - [28/Jun/2024:01:50:18 +0200] "GET /ticket2/opencms/nl/buy/?catid=F4D223A4-C027-46DC-3DE5-726A23E30A62&comcatid=97ECA65A-72DA-F9AF-9DBB-245D3CFED1BE HTTP/1.1" 200 76182
47.128.50.183 - - [28/Jun/2024:01:50:18 +0200] "GET /ticket2/opencms/system/modules/com.gridnine.opencms.ticketbrokerage.site/resources/pics/bank_1_nordea.png HTTP/1.1" 200 4807
47.128.50.183 - - [28/Jun/2024:01:50:18 +0200] "GET /ticket2/opencms/system/modules/com.gridnine.opencms.ticketbrokerage.site/resources/pics/bank_5_visa_mastercard.png HTTP/1.1" 200 8196
47.128.50.183 - - [28/Jun/2024:01:50:18 +0200] "GET /ticket2/opencms/system/modules/com.gridnine.opencms.ticketbrokerage.site/resources/pics/bank_3_swedbank.png HTTP/1.1" 200 5740
47.128.50.183 - - [28/Jun/2024:01:50:19 +0200] "GET /ticket2/opencms/system/modules/com.gridnine.opencms.ticketbrokerage.site/resources/pics/bank_6_american_express.png HTTP/1.1" 200 5570
5.9.55.228 - - [28/Jun/2024:01:50:19 +0200] "GET /ticket2/opencms/en/buy/?page=10&eventid=2D54F0A4-B7E5-1986-E461-A23A05E27C76&venueid=7BC1169D-C485-411D-5945-206D54A60C10 HTTP/1.1" 200 72680
3.224.220.101 - - [28/Jun/2024:01:50:22 +0200] "GET /ticket2/opencms/nl/buy/?catid=078F99D4-0B9E-E323-5A07-D7B70F6E8874&comcatid=97ECA65A-72DA-F9AF-9DBB-245D3CFED1BE HTTP/1.1" 200 76185
52.70.240.171 - - [28/Jun/2024:01:50:26 +0200] "GET /ticket2/opencms/nl/buy/?catid=757E2DFB-33DA-9B34-8402-9F06B19D8409&comcatid=97ECA65A-72DA-F9AF-9DBB-245D3CFED1BE HTTP/1.1" 200 76191
52.167.144.235 - - [28/Jun/2024:01:50:29 +0200] "GET /ticket2/opencms/fi/sell/?edid=65E16DAE-FB3A-0D73-DEF4-C746943F02B1 HTTP/1.1" 302 -
52.167.144.235 - - [28/Jun/2024:01:50:31 +0200] "GET /ticket2/opencms/fi/login/?url=/fi/sell/ HTTP/1.1" 200 75191
52.70.240.171 - - [28/Jun/2024:01:50:32 +0200] "GET /ticket2/opencms/nl/buy/?catid=9457695E-36ED-A63E-7A88-32963954E2C7&comcatid=97ECA65A-72DA-F9AF-9DBB-245D3CFED1BE HTTP/1.1" 200 76191
3.224.220.101 - - [28/Jun/2024:01:50:34 +0200] "GET /ticket2/opencms/nl/buy/?catid=8B6802AF-1ADE-4BE1-A1F7-7671190CFB4F&comcatid=97ECA65A-72DA-F9AF-9DBB-245D3CFED1BE HTTP/1.1" 200 76190
5.9.55.228 - - [28/Jun/2024:01:50:37 +0200] "GET /ticket2/opencms/en/buy/?page=10&eventid=2D54F0A4-B7E5-1986-E461-A23A05E27C76 HTTP/1.1" 200 72680
3.224.220.101 - - [28/Jun/2024:01:50:38 +0200] "GET /ticket2/opencms/nl/buy/?catid=6CD184E8-C8D4-E1CC-33D0-6F47E3751240&comcatid=97ECA65A-72DA-F9AF-9DBB-245D3CFED1BE HTTP/1.1" 200 76186
66.249.76.135 - - [28/Jun/2024:01:50:40 +0200] "GET /ticket2/opencms/fi/urheilu/jalkapallo/premier_league/ HTTP/1.1" 200 79952
66.249.75.98 - - [28/Jun/2024:01:50:42 +0200] "GET /ticket2/opencms/dk/sport/fodboldbilletter/premier-league/arsenal/ HTTP/1.1" 200 84110
52.70.240.171 - - [28/Jun/2024:01:50:42 +0200] "GET /ticket2/opencms/nl/buy/?catid=1656E964-1E02-9A38-D092-65384E60B6EA&comcatid=97ECA65A-72DA-F9AF-9DBB-245D3CFED1BE HTTP/1.1" 200 76183
3.224.220.101 - - [28/Jun/2024:01:50:46 +0200] "GET /ticket2/opencms/nl/buy/?catid=D414C6A5-7A03-3389-42A8-D7B7FE32BB37&comcatid=97ECA65A-72DA-F9AF-9DBB-245D3CFED1BE HTTP/1.1" 200 76194
52.70.240.171 - - [28/Jun/2024:01:50:51 +0200] "GET /ticket2/opencms/nl/buy/?catid=F7F89B9B-6697-7881-54AE-4C39276BF1B8&comcatid=97ECA65A-72DA-F9AF-9DBB-245D3CFED1BE HTTP/1.1" 200 76188
5.9.55.228 - - [28/Jun/2024:01:50:53 +0200] "GET /ticket2/opencms/en/buy/?page=10&eventid=257C5D29-06D1-01D8-25B3-75BE37E8CF25 HTTP/1.1" 200 72681
3.224.220.101 - - [28/Jun/2024:01:50:54 +0200] "GET /ticket2/opencms/nl/buy/?catid=DA31441B-C568-3C77-D08C-698809032494&comcatid=97ECA65A-72DA-F9AF-9DBB-245D3CFED1BE HTTP/1.1" 200 76183
52.70.240.171 - - [28/Jun/2024:01:50:58 +0200] "GET /ticket2/opencms/nl/buy/?catid=43171577-14C8-6B19-25D9-DF372BFFCBFA&comcatid=97ECA65A-72DA-F9AF-9DBB-245D3CFED1BE HTTP/1.1" 200 76186
216.245.221.83 - - [28/Jun/2024:01:50:59 +0200] "HEAD /ticket2/opencms/ HTTP/1.1" 302 -
216.245.221.83 - - [28/Jun/2024:01:51:02 +0200] "HEAD /ticket2/opencms/en/ HTTP/1.1" 200 -
3.224.220.101 - - [28/Jun/2024:01:51:02 +0200] "GET /ticket2/opencms/nl/buy/?catid=8732E72C-A028-EA8C-4D4D-DEB44E2A28A8&comcatid=97ECA65A-72DA-F9AF-9DBB-245D3CFED1BE HTTP/1.1" 200 76185
23.22.35.162 - - [28/Jun/2024:01:51:06 +0200] "GET /ticket2/opencms/nl/buy/?catid=2CCC191C-F37F-B9CA-D41C-1204E575B328&comcatid=97ECA65A-72DA-F9AF-9DBB-245D3CFED1BE HTTP/1.1" 200 76187
5.9.55.228 - - [28/Jun/2024:01:51:09 +0200] "GET /ticket2/opencms/en/buy/?page=10&eventid=1BC07A67-46B5-C40A-CC02-8F1EFC1FAADB HTTP/1.1" 200 72678
52.70.240.171 - - [28/Jun/2024:01:51:10 +0200] "GET /ticket2/opencms/nl/buy/?catid=4C4DADF0-07CC-9B24-D2D9-940EF378BE99&comcatid=97ECA65A-72DA-F9AF-9DBB-245D3CFED1BE HTTP/1.1" 200 76184
185.202.238.84 - - [28/Jun/2024:01:51:12 +0200] "GET /ticket2/opencms/dk/dk/buy/?page=1&edid=E04EA37D-AE6B-863F-8A29-2B7C165C0B9C&sortorder=asc&column=row HTTP/1.1" 404 -
3.224.220.101 - - [28/Jun/2024:01:51:14 +0200] "GET /ticket2/opencms/nl/buy/?catid=95AE85B5-8979-BB11-643C-430ACC6D50F9&comcatid=810BB404-4103-77F2-A6C2-12D5E6C338E2 HTTP/1.1" 200 72867
52.70.240.171 - - [28/Jun/2024:01:51:18 +0200] "GET /ticket2/opencms/nl/buy/?catid=0A6C99D2-F5BD-7A18-9A5F-5668827042E0&comcatid=A17713B6-D984-201A-4143-ED4DB5ED5C2E&npage=2 HTTP/1.1" 200 196649
51.222.253.2 - - [28/Jun/2024:01:51:20 +0200] "GET /ticket2/opencms/dk/venue/?countryid=40FD0827-8E8D-58A2-3FF2-3253A033E8A7 HTTP/1.1" 200 101181
52.70.240.171 - - [28/Jun/2024:01:51:22 +0200] "GET /ticket2/opencms/nl/buy/?catid=0A6C99D2-F5BD-7A18-9A5F-5668827042E0&comcatid=A17713B6-D984-201A-4143-ED4DB5ED5C2E&npage=1 HTTP/1.1" 200 239404
5.9.55.228 - - [28/Jun/2024:01:51:25 +0200] "GET /ticket2/opencms/en/buy/?page=10&eventid=13E1C110-1E7D-C595-FE36-DCFCB7E73161&venueid=37FDBD7B-74BE-8950-65E3-B6CF46D7D303 HTTP/1.1" 200 85919
3.224.220.101 - - [28/Jun/2024:01:51:26 +0200] "GET /ticket2/opencms/fr/buy/?catid=0A6C99D2-F5BD-7A18-9A5F-5668827042E0&comcatid=A17713B6-D984-201A-4143-ED4DB5ED5C2E&npage=2 HTTP/1.1" 200 198888
23.22.35.162 - - [28/Jun/2024:01:51:30 +0200] "GET /ticket2/opencms/sv/buy/?edid=3B157B14-2ACC-30A7-0D5C-8313AB0A1A32&page=1 HTTP/1.1" 200 111228
52.70.240.171 - - [28/Jun/2024:01:51:34 +0200] "GET /ticket2/opencms/sv/buy/?edid=830F2AEC-7FB6-11C1-AD11-54BD6744D648&page=1 HTTP/1.1" 200 106592
52.70.240.171 - - [28/Jun/2024:01:51:38 +0200] "GET /ticket2/opencms/sv/buy/?edid=EDCAEF56-BB28-CA21-E73A-84906B6960A7&page=1 HTTP/1.1" 200 111231
5.9.55.228 - - [28/Jun/2024:01:51:41 +0200] "GET /ticket2/opencms/en/buy/?page=10&eventid=121DAAE3-090B-56E7-E96D-94ED485637F9&venueid=1F514823-A8B2-64F2-1969-4417BA1D08C9 HTTP/1.1" 200 72690
52.70.240.171 - - [28/Jun/2024:01:51:42 +0200] "GET /ticket2/opencms/sv/buy/?edid=B5C7399B-C087-FF38-4294-BB861C1DB4F9&page=1 HTTP/1.1" 200 111231
66.249.72.33 - - [28/Jun/2024:01:51:43 +0200] "GET /ticket2/opencms/dk/buy/?page=1&edid=A2A8955F-0E7C-C876-91D5-2F1597674CD1 HTTP/1.1" 200 85744
3.224.220.101 - - [28/Jun/2024:01:51:46 +0200] "GET /ticket2/opencms/sv/buy/?edid=39289D35-63FA-63A2-5B00-1BD8BF9346B7&page=1 HTTP/1.1" 200 111232
149.50.103.48 - - [28/Jun/2024:01:51:47 +0200] "GET / HTTP/1.1" 404 -
5.9.55.228 - - [28/Jun/2024:01:51:50 +0200] "GET /ticket2/opencms/en/buy/?page=10&eventid=080309A2-9AF6-914F-9FD3-1CF32BAE4613 HTTP/1.1" 200 72679
23.22.35.162 - - [28/Jun/2024:01:51:50 +0200] "GET /ticket2/opencms/sv/buy/?edid=9CDA0C30-3EC4-3995-E2A4-DBF0BB020094&page=1 HTTP/1.1" 200 111227
52.70.240.171 - - [28/Jun/2024:01:51:54 +0200] "GET /ticket2/opencms/sv/buy/?edid=DD282B35-B6B7-ECA0-02E0-90864F5E2B50&page=1 HTTP/1.1" 200 106582
3.224.220.101 - - [28/Jun/2024:01:51:58 +0200] "GET /ticket2/opencms/sv/buy/?edid=72E12FE2-4DDC-1E5C-698A-850131DAAB42&page=1 HTTP/1.1" 200 111230
52.70.240.171 - - [28/Jun/2024:01:52:02 +0200] "GET /ticket2/opencms/sv/buy/?edid=E1332E4A-0A6D-DD3D-14BF-DB0907B051D5&page=1 HTTP/1.1" 200 111228
5.9.55.228 - - [28/Jun/2024:01:52:06 +0200] "GET /ticket2/opencms/en/buy/?page=10&eventid=0301901D-CDB0-76E6-A443-30FEE7E893FB HTTP/1.1" 200 72677
3.224.220.101 - - [28/Jun/2024:01:52:07 +0200] "GET /ticket2/opencms/sv/buy/?edid=27182C30-0424-098E-A8DB-2AA3B88A1ABD&page=1 HTTP/1.1" 200 110760
3.224.220.101 - - [28/Jun/2024:01:52:10 +0200] "GET /ticket2/opencms/sv/buy/?edid=6CF16ABF-31A5-8D51-A63B-3077208955EB&page=1 HTTP/1.1" 200 106076
23.22.35.162 - - [28/Jun/2024:01:52:14 +0200] "GET /ticket2/opencms/sv/buy/?edid=0E015037-AEA8-A77C-F644-58B0F482ADCC&page=1 HTTP/1.1" 200 110760
3.224.220.101 - - [28/Jun/2024:01:52:18 +0200] "GET /ticket2/opencms/sv/buy/?edid=D9F2239E-EF6A-EAF8-CB00-12A5392DA498&page=1 HTTP/1.1" 200 106086
5.9.55.228 - - [28/Jun/2024:01:52:22 +0200] "GET /ticket2/opencms/en/buy/?page=1&edid=FFB8928A-995C-1A51-9879-FC93880C037F HTTP/1.1" 200 86925
52.70.240.171 - - [28/Jun/2024:01:52:23 +0200] "GET /ticket2/opencms/sv/buy/?edid=94C5B0A9-45EC-824F-7DFB-E52A893ACA3D&page=1 HTTP/1.1" 200 110762
3.224.220.101 - - [28/Jun/2024:01:52:26 +0200] "GET /ticket2/opencms/sv/buy/?edid=2B9FDAA5-4F91-9556-CB1B-77F0011A2F02&page=1 HTTP/1.1" 200 110767
47.128.49.114 - - [28/Jun/2024:01:52:31 +0200] "GET /ticket2/opencms/fi/buy/?catid=E03F2203-3943-A0F0-A47D-D9E7CDA79C6B&comcatid=B41CCF2B-5558-7AEE-3602-09BBDE417D65&page=6 HTTP/1.1" 200 75101
3.224.220.101 - - [28/Jun/2024:01:52:31 +0200] "GET /ticket2/opencms/sv/buy/?edid=D3AB0CA8-3C40-1AB9-8BEC-7D01F349EB4E&page=1 HTTP/1.1" 200 110763
47.128.49.114 - - [28/Jun/2024:01:52:31 +0200] "GET /ticket2/opencms/system/modules/com.gridnine.opencms.ticketbrokerage.site/resources/pics/logo-new.png HTTP/1.1" 200 13541
47.128.49.114 - - [28/Jun/2024:01:52:32 +0200] "GET /ticket2/opencms/system/modules/com.gridnine.opencms.ticketbrokerage.site/resources/pics/bank_1_nordea.png HTTP/1.1" 200 4807
47.128.49.114 - - [28/Jun/2024:01:52:32 +0200] "GET /ticket2/opencms/system/modules/com.gridnine.opencms.ticketbrokerage.site/resources/pics/bank_2_handelsbanken.png HTTP/1.1" 200 4509
47.128.49.114 - - [28/Jun/2024:01:52:33 +0200] "GET /ticket2/opencms/system/modules/com.gridnine.opencms.ticketbrokerage.site/resources/pics/bank_3_swedbank.png HTTP/1.1" 200 5740
47.128.49.114 - - [28/Jun/2024:01:52:33 +0200] "GET /ticket2/opencms/system/modules/com.gridnine.opencms.ticketbrokerage.site/resources/pics/bank_5_visa_mastercard.png HTTP/1.1" 200 8196
47.128.49.114 - - [28/Jun/2024:01:52:33 +0200] "GET /ticket2/opencms/system/modules/com.gridnine.opencms.ticketbrokerage.site/resources/pics/bank_4_seb.png HTTP/1.1" 200 2487
47.128.49.114 - - [28/Jun/2024:01:52:33 +0200] "GET /ticket2/opencms/system/modules/com.gridnine.opencms.ticketbrokerage.site/resources/pics/bank_6_american_express.png HTTP/1.1" 200 5570
47.128.39.52 - - [28/Jun/2024:01:52:34 +0200] "GET /ticket2/opencms/dk/buy/?edid=DCF22239-47F2-2282-C13B-85FCE1D7C913 HTTP/1.1" 200 72066
3.224.220.101 - - [28/Jun/2024:01:52:34 +0200] "GET /ticket2/opencms/sv/buy/?edid=9BFFFF0C-C809-CAED-9589-C9537A82DE22&page=1 HTTP/1.1" 200 110759
47.128.39.52 - - [28/Jun/2024:01:52:35 +0200] "GET /ticket2/opencms/system/modules/com.gridnine.opencms.ticketbrokerage.site/resources/pics/logo-new.png HTTP/1.1" 200 13541
47.128.39.52 - - [28/Jun/2024:01:52:35 +0200] "GET /ticket2/opencms/system/modules/com.gridnine.opencms.ticketbrokerage.site/resources/pics/bank_1_nordea.png HTTP/1.1" 200 4807
47.128.39.52 - - [28/Jun/2024:01:52:36 +0200] "GET /ticket2/opencms/system/modules/com.gridnine.opencms.ticketbrokerage.site/resources/pics/bank_5_visa_mastercard.png HTTP/1.1" 200 8196
47.128.39.52 - - [28/Jun/2024:01:52:36 +0200] "GET /ticket2/opencms/system/modules/com.gridnine.opencms.ticketbrokerage.site/resources/pics/bank_4_seb.png HTTP/1.1" 200 2487
47.128.39.52 - - [28/Jun/2024:01:52:36 +0200] "GET /ticket2/opencms/system/modules/com.gridnine.opencms.ticketbrokerage.site/resources/pics/bank_2_handelsbanken.png HTTP/1.1" 200 4509
47.128.39.52 - - [28/Jun/2024:01:52:36 +0200] "GET /ticket2/opencms/system/modules/com.gridnine.opencms.ticketbrokerage.site/resources/pics/bank_3_swedbank.png HTTP/1.1" 200 5740
47.128.39.52 - - [28/Jun/2024:01:52:36 +0200] "GET /ticket2/opencms/system/modules/com.gridnine.opencms.ticketbrokerage.site/resources/pics/bank_6_american_express.png HTTP/1.1" 200 5570
23.22.35.162 - - [28/Jun/2024:01:52:38 +0200] "GET /ticket2/opencms/sv/buy/?edid=7C194BAF-9FF0-6E1C-8CF4-2340665F2A6E&page=1 HTTP/1.1" 200 110764
5.9.55.228 - - [28/Jun/2024:01:52:39 +0200] "GET /ticket2/opencms/en/buy/?page=1&edid=FE851C0F-8BE6-7C2D-6D94-6FDB8CB7C40B HTTP/1.1" 200 88367
52.70.240.171 - - [28/Jun/2024:01:52:43 +0200] "GET /ticket2/opencms/sv/buy/?edid=7A598B9C-F2D5-14CB-B337-B4B5F910E2F7&page=1 HTTP/1.1" 200 110766
185.157.223.150 - - [28/Jun/2024:01:52:46 +0200] "GET /ticket2/tickets_export/outgoing/export.txt HTTP/1.1" 200 24612147
66.249.72.35 - - [28/Jun/2024:01:52:46 +0200] "GET /ticket2/opencms/dk/buy/?page=1&edid=551618B5-3860-8837-909D-AC46BA2A0628 HTTP/1.1" 200 112298
66.249.75.98 - - [28/Jun/2024:01:52:47 +0200] "GET /ticket2/opencms/fi/buy/?page=1&edid=FDE2CB1B-737B-857F-7431-BD450E7D3BBB HTTP/1.1" 200 113019
52.70.240.171 - - [28/Jun/2024:01:52:47 +0200] "GET /ticket2/opencms/sv/buy/?edid=C448ACCE-4E2F-44DD-92FC-D2C00A7DD0E5&page=1 HTTP/1.1" 200 110764
66.249.75.168 - - [28/Jun/2024:01:52:49 +0200] "GET /ticket2/opencms/de/fi/buy/?page=6&comcatid=A17713B6-D984-201A-4143-ED4DB5ED5C2E&catid=24AC1CA6-1C09-0BE5-C04A-9DCCDB15D5E9 HTTP/1.1" 404 -
66.249.76.1 - - [28/Jun/2024:01:52:50 +0200] "GET /ticket2/opencms/sv/buy/?comcatid=A17713B6-D984-201A-4143-ED4DB5ED5C2E&catid=AE3FE643-AE41-BAA6-237D-5206D1B044A1 HTTP/1.1" 200 82571
23.22.35.162 - - [28/Jun/2024:01:52:50 +0200] "GET /ticket2/opencms/sv/buy/?edid=BA65675B-ADB5-F482-B91D-06897B158EA1&page=1 HTTP/1.1" 200 110762
23.22.35.162 - - [28/Jun/2024:01:52:54 +0200] "GET /ticket2/opencms/sv/buy/?edid=8A15C340-B6C2-2F43-473C-6069B2AC1544&page=1 HTTP/1.1" 200 110773
47.128.97.63 - - [28/Jun/2024:01:52:56 +0200] "GET /ticket2/opencms/no/buy/?catid=A7674DEA-B39E-502C-2F76-760AE08947E9&comcatid=A17713B6-D984-201A-4143-ED4DB5ED5C2E HTTP/1.1" 200 83087
51.222.253.2 - - [28/Jun/2024:01:52:57 +0200] "GET /ticket2/opencms/dk/venue/?countryid=925A6494-6F30-A898-105B-2B0AB62464E2 HTTP/1.1" 200 101181
47.128.97.63 - - [28/Jun/2024:01:52:58 +0200] "GET /ticket2/opencms/system/modules/com.gridnine.opencms.ticketbrokerage.site/resources/pics/logo-new.png HTTP/1.1" 200 13541
3.224.220.101 - - [28/Jun/2024:01:52:58 +0200] "GET /ticket2/opencms/sv/buy/?edid=46DDC203-41AB-936F-F42F-3447B1C39BFC&page=1 HTTP/1.1" 200 110761
47.128.97.63 - - [28/Jun/2024:01:52:58 +0200] "GET /ticket2/opencms/system/modules/com.gridnine.opencms.ticketbrokerage.site/resources/pics/bank_3_swedbank.png HTTP/1.1" 200 5740
47.128.97.63 - - [28/Jun/2024:01:52:59 +0200] "GET /ticket2/opencms/system/modules/com.gridnine.opencms.ticketbrokerage.site/resources/pics/bank_1_nordea.png HTTP/1.1" 200 4807
47.128.97.63 - - [28/Jun/2024:01:52:59 +0200] "GET /ticket2/opencms/system/modules/com.gridnine.opencms.ticketbrokerage.site/resources/pics/bank_2_handelsbanken.png HTTP/1.1" 200 4509
47.128.97.63 - - [28/Jun/2024:01:52:59 +0200] "GET /ticket2/opencms/system/modules/com.gridnine.opencms.ticketbrokerage.site/resources/pics/bank_4_seb.png HTTP/1.1" 200 2487
47.128.97.63 - - [28/Jun/2024:01:52:59 +0200] "GET /ticket2/opencms/system/modules/com.gridnine.opencms.ticketbrokerage.site/resources/pics/bank_5_visa_mastercard.png HTTP/1.1" 200 8196
47.128.97.63 - - [28/Jun/2024:01:53:00 +0200] "GET /ticket2/opencms/system/modules/com.gridnine.opencms.ticketbrokerage.site/resources/pics/bank_6_american_express.png HTTP/1.1" 200 5570
5.9.55.228 - - [28/Jun/2024:01:53:00 +0200] "GET /ticket2/opencms/en/buy/?page=1&edid=FC8E19AE-C0B2-6E8A-15B8-33A65B1EFF7E HTTP/1.1" 200 87201
3.224.220.101 - - [28/Jun/2024:01:53:02 +0200] "GET /ticket2/opencms/sv/buy/?edid=8A4BD3C0-720E-C7F3-26B8-C1C8D72D0618&page=1 HTTP/1.1" 200 106076
3.224.220.101 - - [28/Jun/2024:01:53:06 +0200] "GET /ticket2/opencms/sv/buy/?edid=94D791E2-A2F6-C0D4-E68D-72D6DE252AC9&page=1 HTTP/1.1" 200 101425
23.22.35.162 - - [28/Jun/2024:01:53:11 +0200] "GET /ticket2/opencms/sv/buy/?edid=44FBC1CF-A416-2795-B9FA-E57E9A79C34D&page=1 HTTP/1.1" 200 106084
104.166.80.87 - - [28/Jun/2024:01:53:13 +0200] "GET /ticket2/opencms/sv/ HTTP/1.1" 200 91831
3.224.220.101 - - [28/Jun/2024:01:53:14 +0200] "GET /ticket2/opencms/sv/buy/?edid=28EF0232-AFFE-4F84-15A6-F08EC699C484&page=1 HTTP/1.1" 200 110763
3.224.220.101 - - [28/Jun/2024:01:53:18 +0200] "GET /ticket2/opencms/sv/buy/?edid=D7FE07F1-D4FC-0C39-061A-DD5EA0B3D8F5&page=1 HTTP/1.1" 200 110764
5.9.55.228 - - [28/Jun/2024:01:53:19 +0200] "GET /ticket2/opencms/en/buy/?page=1&edid=FC0D5D89-4B43-9EC1-BD89-FA48C772FEDC HTTP/1.1" 200 88470
47.128.34.86 - - [28/Jun/2024:01:53:20 +0200] "GET /ticket2/opencms/fi/buy/?catid=078F99D4-0B9E-E323-5A07-D7B70F6E8874&comcatid=97ECA65A-72DA-F9AF-9DBB-245D3CFED1BE&page=6 HTTP/1.1" 200 78244
40.77.167.76 - - [28/Jun/2024:01:53:20 +0200] "GET /ticket2/opencms/en/buy/?page=1&edid=E4CDE56A-63B5-1BDC-27AA-9FAB868BC5A1 HTTP/1.1" 200 86692
47.128.34.86 - - [28/Jun/2024:01:53:21 +0200] "GET /ticket2/opencms/system/modules/com.gridnine.opencms.ticketbrokerage.site/resources/pics/logo-new.png HTTP/1.1" 200 13541
47.128.34.86 - - [28/Jun/2024:01:53:21 +0200] "GET /ticket2/opencms/system/modules/com.gridnine.opencms.ticketbrokerage.site/resources/pics/bank_4_seb.png HTTP/1.1" 200 2487
47.128.34.86 - - [28/Jun/2024:01:53:22 +0200] "GET /ticket2/opencms/system/modules/com.gridnine.opencms.ticketbrokerage.site/resources/pics/bank_2_handelsbanken.png HTTP/1.1" 200 4509
47.128.34.86 - - [28/Jun/2024:01:53:22 +0200] "GET /ticket2/opencms/system/modules/com.gridnine.opencms.ticketbrokerage.site/resources/pics/bank_3_swedbank.png HTTP/1.1" 200 5740
47.128.34.86 - - [28/Jun/2024:01:53:22 +0200] "GET /ticket2/opencms/system/modules/com.gridnine.opencms.ticketbrokerage.site/resources/pics/bank_1_nordea.png HTTP/1.1" 200 4807
47.128.34.86 - - [28/Jun/2024:01:53:22 +0200] "GET /ticket2/opencms/system/modules/com.gridnine.opencms.ticketbrokerage.site/resources/pics/bank_5_visa_mastercard.png HTTP/1.1" 200 8196
47.128.34.86 - - [28/Jun/2024:01:53:22 +0200] "GET /ticket2/opencms/system/modules/com.gridnine.opencms.ticketbrokerage.site/resources/pics/bank_6_american_express.png HTTP/1.1" 200 5570
23.22.35.162 - - [28/Jun/2024:01:53:22 +0200] "GET /ticket2/opencms/sv/buy/?edid=FCEB71A3-C27D-C49F-469F-2CB5939452EE&page=1 HTTP/1.1" 200 110836
52.70.240.171 - - [28/Jun/2024:01:53:27 +0200] "GET /ticket2/opencms/sv/buy/?edid=DC067A0C-CE36-3D9C-899A-867F582FFC90&page=1 HTTP/1.1" 200 110835
52.70.240.171 - - [28/Jun/2024:01:53:31 +0200] "GET /ticket2/opencms/sv/buy/?edid=885A2607-A223-24CC-17AE-7C8ECDA8D47C&page=1 HTTP/1.1" 200 110836
3.224.220.101 - - [28/Jun/2024:01:53:34 +0200] "GET /ticket2/opencms/sv/buy/?edid=7B357C96-D15A-7330-3CD7-9115EBD86CB2&page=1 HTTP/1.1" 200 110837
54.177.143.233 - - [28/Jun/2024:01:53:38 +0200] "OPTIONS /ticket2/opencms/dk/wp-json/wp/v2/posts?_fields=content,title,link,date_gmt,modified_gmt&search=href&search_columns=post_content&per_page=100&page=1 HTTP/1.1" 200 -
52.70.240.171 - - [28/Jun/2024:01:53:38 +0200] "GET /ticket2/opencms/sv/buy/?edid=8E087689-30A7-E7AD-9853-CFBC4F6216DD&page=1 HTTP/1.1" 200 110835
45.156.129.105 - - [28/Jun/2024:01:53:39 +0200] "GET /ticket2/opencms/se/favicon.ico HTTP/1.1" 404 -
3.224.220.101 - - [28/Jun/2024:01:53:43 +0200] "GET /ticket2/opencms/sv/buy/?edid=DD26041B-007D-3EE6-A8F7-303AB350D2E4&page=1 HTTP/1.1" 200 110834
216.245.221.83 - - [28/Jun/2024:01:53:44 +0200] "HEAD /ticket2/opencms/ HTTP/1.1" 302 -
47.128.97.48 - - [28/Jun/2024:01:53:45 +0200] "GET /ticket2/opencms/fi/buy/?catid=8B6802AF-1ADE-4BE1-A1F7-7671190CFB4F&comcatid=97ECA65A-72DA-F9AF-9DBB-245D3CFED1BE HTTP/1.1" 200 78395
216.245.221.83 - - [28/Jun/2024:01:53:45 +0200] "HEAD /ticket2/opencms/en/ HTTP/1.1" 200 -
52.70.240.171 - - [28/Jun/2024:01:53:46 +0200] "GET /ticket2/opencms/sv/buy/?edid=E86D89E6-4B76-0823-49E9-A4E0BE4014AF&page=1 HTTP/1.1" 200 110833
47.128.97.48 - - [28/Jun/2024:01:53:47 +0200] "GET /ticket2/opencms/system/modules/com.gridnine.opencms.ticketbrokerage.site/resources/pics/logo-new.png HTTP/1.1" 200 13541
47.128.97.48 - - [28/Jun/2024:01:53:48 +0200] "GET /ticket2/opencms/system/modules/com.gridnine.opencms.ticketbrokerage.site/resources/pics/bank_1_nordea.png HTTP/1.1" 200 4807
47.128.97.48 - - [28/Jun/2024:01:53:48 +0200] "GET /ticket2/opencms/system/modules/com.gridnine.opencms.ticketbrokerage.site/resources/pics/bank_6_american_express.png HTTP/1.1" 200 5570
47.128.97.48 - - [28/Jun/2024:01:53:48 +0200] "GET /ticket2/opencms/system/modules/com.gridnine.opencms.ticketbrokerage.site/resources/pics/bank_3_swedbank.png HTTP/1.1" 200 5740
47.128.97.48 - - [28/Jun/2024:01:53:48 +0200] "GET /ticket2/opencms/system/modules/com.gridnine.opencms.ticketbrokerage.site/resources/pics/bank_5_visa_mastercard.png HTTP/1.1" 200 8196
47.128.97.48 - - [28/Jun/2024:01:53:48 +0200] "GET /ticket2/opencms/system/modules/com.gridnine.opencms.ticketbrokerage.site/resources/pics/bank_2_handelsbanken.png HTTP/1.1" 200 4509
47.128.97.48 - - [28/Jun/2024:01:53:48 +0200] "GET /ticket2/opencms/system/modules/com.gridnine.opencms.ticketbrokerage.site/resources/pics/bank_4_seb.png HTTP/1.1" 200 2487
23.22.35.162 - - [28/Jun/2024:01:53:50 +0200] "GET /ticket2/opencms/sv/buy/?edid=F2D85B77-0146-9383-AAB8-AFEF60C3B51B&page=1 HTTP/1.1" 200 110838
66.249.72.35 - - [28/Jun/2024:01:53:52 +0200] "GET /ticket2/opencms/sv/buy/?comcatid=A17713B6-D984-201A-4143-ED4DB5ED5C2E&catid=BDD8C04C-DD99-1C07-B5F3-F2AB98D157E8 HTTP/1.1" 200 82573
66.249.72.33 - - [28/Jun/2024:01:53:53 +0200] "GET /ticket2/opencms/dk/buy/?page=1&edid=A9801416-AE3B-7D1A-1B34-1269835EE309 HTTP/1.1" 200 111041
52.70.240.171 - - [28/Jun/2024:01:53:54 +0200] "GET /ticket2/opencms/sv/buy/?edid=E1890C55-BB29-2521-0846-5A33B1490A2E&page=1 HTTP/1.1" 200 110824
