94.23.7.188 - - [28/Jun/2024:00:46:09 +0200] "GET /ticket2/opencms/sv/buy/?page=1&edid=253D2D4D-1132-6606-C0DE-477A194C1855 HTTP/1.1" 200 87552
23.22.35.162 - - [28/Jun/2024:00:46:10 +0200] "GET /ticket2/opencms/sites/ticketbrokerage/sv/sport/fotbollsbiljetter/premier_league/manchester_city/birmingham.html HTTP/1.1" 404 -
94.23.7.188 - - [28/Jun/2024:00:46:12 +0200] "GET /ticket2/opencms/sv/buy/?page=1&edid=253D2D4D-1132-6606-C0DE-477A194C1855&sortorder=asc&column=price HTTP/1.1" 200 87588
3.224.220.101 - - [28/Jun/2024:00:46:14 +0200] "GET /ticket2/opencms/sites/ticketbrokerage/sv/sport/fotbollsbiljetter/premier_league/manchester_city/aston_villa.html HTTP/1.1" 404 -
94.23.7.188 - - [28/Jun/2024:00:46:16 +0200] "GET /ticket2/opencms/sv/buy/?page=1&edid=253D2D4D-1132-6606-C0DE-477A194C1855&sortorder=asc&column=row HTTP/1.1" 200 87588
3.224.220.101 - - [28/Jun/2024:00:46:18 +0200] "GET /ticket2/opencms/sites/ticketbrokerage/sv/sport/fotbollsbiljetter/premier_league/manchester_city/arsenal.html HTTP/1.1" 404 -
51.222.253.18 - - [28/Jun/2024:00:46:18 +0200] "GET /ticket2/opencms/robots.txt HTTP/1.1" 200 773
94.23.7.188 - - [28/Jun/2024:00:46:18 +0200] "GET /ticket2/opencms/sv/buy/?page=1&edid=2575916B-6579-ECDB-CD33-6F8E4E970260&sortorder=desc&column=section HTTP/1.1" 200 87579
94.23.7.188 - - [28/Jun/2024:00:46:21 +0200] "GET /ticket2/opencms/sv/buy/?page=1&edid=26325542-6B2D-A1C9-1D0F-C837CFAFBBF1&sortorder=asc&column=price HTTP/1.1" 200 87579
23.22.35.162 - - [28/Jun/2024:00:46:23 +0200] "GET /ticket2/opencms/sites/ticketbrokerage/sv/sport/fotbollsbiljetter/premier_league/manchester_city/ HTTP/1.1" 404 -
5.9.55.228 - - [28/Jun/2024:00:46:25 +0200] "GET /ticket2/opencms/en/venue/?countryid=65CBF22C-E953-E822-8DA0-6226C52D7D6A HTTP/1.1" 200 100730
94.23.7.188 - - [28/Jun/2024:00:46:26 +0200] "GET /ticket2/opencms/sv/buy/?page=1&edid=26325542-6B2D-A1C9-1D0F-C837CFAFBBF1&sortorder=asc&column=row HTTP/1.1" 200 87579
52.70.240.171 - - [28/Jun/2024:00:46:26 +0200] "GET /ticket2/opencms/sites/ticketbrokerage/sv/sport/fotbollsbiljetter/premier_league/liverpool/wolverhampton.html HTTP/1.1" 404 -
94.23.7.188 - - [28/Jun/2024:00:46:28 +0200] "GET /ticket2/opencms/sv/buy/?page=1&edid=26325542-6B2D-A1C9-1D0F-C837CFAFBBF1&sortorder=asc&column=section HTTP/1.1" 200 87579
52.70.240.171 - - [28/Jun/2024:00:46:30 +0200] "GET /ticket2/opencms/sites/ticketbrokerage/sv/sport/fotbollsbiljetter/premier_league/liverpool/west_ham_united.html HTTP/1.1" 404 -
94.23.7.188 - - [28/Jun/2024:00:46:33 +0200] "GET /ticket2/opencms/sv/buy/?page=1&edid=263490CA-5339-6807-4EE9-EFD0AC1FB3E6 HTTP/1.1" 200 87531
52.70.240.171 - - [28/Jun/2024:00:46:33 +0200] "GET /ticket2/opencms/sites/ticketbrokerage/sv/sport/fotbollsbiljetter/premier_league/liverpool/west-bromwich-albion.html HTTP/1.1" 404 -
66.249.76.3 - - [28/Jun/2024:00:46:34 +0200] "GET /ticket2/opencms/sv/sport/fotbollsbiljetter/premier_league/brentford/ HTTP/1.1" 200 84901
66.249.76.44 - - [28/Jun/2024:00:46:35 +0200] "GET /ticket2/opencms/en/buy/?page=1&edid=236F7016-4763-1BAF-F2F0-3C25D5C100A7 HTTP/1.1" 200 110850
66.249.72.33 - - [28/Jun/2024:00:46:35 +0200] "GET /ticket2/opencms/sv/buy/?page=1&edid=84A5FE5E-FE66-D83A-8A7D-B9483A93F0F3 HTTP/1.1" 200 116110
66.249.76.43 - - [28/Jun/2024:00:46:36 +0200] "GET /ticket2/opencms/de/magazine/ HTTP/1.1" 200 103297
94.23.7.188 - - [28/Jun/2024:00:46:36 +0200] "GET /ticket2/opencms/sv/buy/?page=1&edid=2694EE91-5EDB-4075-84B2-357BB2F59007 HTTP/1.1" 200 87545
3.224.220.101 - - [28/Jun/2024:00:46:38 +0200] "GET /ticket2/opencms/sites/ticketbrokerage/sv/sport/fotbollsbiljetter/premier_league/liverpool/sunderland.html HTTP/1.1" 404 -
94.23.7.188 - - [28/Jun/2024:00:46:40 +0200] "GET /ticket2/opencms/sv/buy/?page=1&edid=2694EE91-5EDB-4075-84B2-357BB2F59007&sortorder=asc&column=price HTTP/1.1" 200 87581
52.70.240.171 - - [28/Jun/2024:00:46:41 +0200] "GET /ticket2/opencms/sites/ticketbrokerage/sv/sport/fotbollsbiljetter/premier_league/liverpool/newcastle-united.html HTTP/1.1" 404 -
5.9.55.228 - - [28/Jun/2024:00:46:42 +0200] "GET /ticket2/opencms/en/buy/?page=6&comcatid=A17713B6-D984-201A-4143-ED4DB5ED5C2E&catid=70B37487-FE30-D476-CAE7-E6AFEA3153F2 HTTP/1.1" 200 82205
94.23.7.188 - - [28/Jun/2024:00:46:43 +0200] "GET /ticket2/opencms/sv/buy/?page=1&edid=2694EE91-5EDB-4075-84B2-357BB2F59007&sortorder=asc&column=row HTTP/1.1" 200 87581
94.23.7.188 - - [28/Jun/2024:00:46:46 +0200] "GET /ticket2/opencms/sv/buy/?page=1&edid=2694EE91-5EDB-4075-84B2-357BB2F59007&sortorder=asc&column=section HTTP/1.1" 200 87581
3.224.220.101 - - [28/Jun/2024:00:46:46 +0200] "GET /ticket2/opencms/sites/ticketbrokerage/sv/sport/fotbollsbiljetter/premier_league/liverpool/manchester_united.html HTTP/1.1" 404 -
52.167.144.224 - - [28/Jun/2024:00:46:48 +0200] "GET /ticket2/opencms/dk/buy/?page=1&edid=AF37BFAD-6D02-A253-4372-038F6B4EF62F HTTP/1.1" 200 85066
66.249.76.193 - - [28/Jun/2024:00:46:49 +0200] "GET /ticket2/opencms/dk/buy/?page=1&edid=4D0E8B6F-4A4C-13EE-EC78-4C4A42CB13B0 HTTP/1.1" 200 85745
94.23.7.188 - - [28/Jun/2024:00:46:49 +0200] "GET /ticket2/opencms/sv/buy/?page=1&edid=2694EE91-5EDB-4075-84B2-357BB2F59007&sortorder=desc&column=price HTTP/1.1" 200 87580
23.22.35.162 - - [28/Jun/2024:00:46:50 +0200] "GET /ticket2/opencms/sites/ticketbrokerage/sv/sport/fotbollsbiljetter/premier_league/liverpool/manchester_city.html HTTP/1.1" 404 -
47.128.121.52 - - [28/Jun/2024:00:46:51 +0200] "GET /ticket2/opencms/de/buy/?catid=82F804FA-9F69-CB6B-D41D-7BF7C716058B&comcatid=A17713B6-D984-201A-4143-ED4DB5ED5C2E HTTP/1.1" 200 82762
94.23.7.188 - - [28/Jun/2024:00:46:51 +0200] "GET /ticket2/opencms/sv/buy/?page=1&edid=2694EE91-5EDB-4075-84B2-357BB2F59007&sortorder=desc&column=row HTTP/1.1" 200 87580
47.128.121.52 - - [28/Jun/2024:00:46:52 +0200] "GET /ticket2/opencms/system/modules/com.gridnine.opencms.ticketbrokerage.site/resources/pics/logo-new.png HTTP/1.1" 200 13541
47.128.121.52 - - [28/Jun/2024:00:46:52 +0200] "GET /ticket2/opencms/system/modules/com.gridnine.opencms.ticketbrokerage.site/resources/pics/bank_1_nordea.png HTTP/1.1" 200 4807
47.128.121.52 - - [28/Jun/2024:00:46:53 +0200] "GET /ticket2/opencms/system/modules/com.gridnine.opencms.ticketbrokerage.site/resources/pics/bank_4_seb.png HTTP/1.1" 200 2487
47.128.121.52 - - [28/Jun/2024:00:46:53 +0200] "GET /ticket2/opencms/system/modules/com.gridnine.opencms.ticketbrokerage.site/resources/pics/bank_3_swedbank.png HTTP/1.1" 200 5740
47.128.121.52 - - [28/Jun/2024:00:46:53 +0200] "GET /ticket2/opencms/system/modules/com.gridnine.opencms.ticketbrokerage.site/resources/pics/bank_2_handelsbanken.png HTTP/1.1" 200 4509
47.128.121.52 - - [28/Jun/2024:00:46:53 +0200] "GET /ticket2/opencms/system/modules/com.gridnine.opencms.ticketbrokerage.site/resources/pics/bank_5_visa_mastercard.png HTTP/1.1" 200 8196
47.128.121.52 - - [28/Jun/2024:00:46:53 +0200] "GET /ticket2/opencms/system/modules/com.gridnine.opencms.ticketbrokerage.site/resources/pics/bank_6_american_express.png HTTP/1.1" 200 5570
52.70.240.171 - - [28/Jun/2024:00:46:54 +0200] "GET /ticket2/opencms/sites/ticketbrokerage/sv/sport/fotbollsbiljetter/premier_league/liverpool/bolton_wanderers.html HTTP/1.1" 404 -
94.23.7.188 - - [28/Jun/2024:00:46:56 +0200] "GET /ticket2/opencms/sv/buy/?page=1&edid=2694EE91-5EDB-4075-84B2-357BB2F59007&sortorder=desc&column=section HTTP/1.1" 200 87580
23.22.35.162 - - [28/Jun/2024:00:46:58 +0200] "GET /ticket2/opencms/sites/ticketbrokerage/sv/sport/fotbollsbiljetter/premier_league/liverpool/blackburn_rovers.html HTTP/1.1" 404 -
94.23.7.188 - - [28/Jun/2024:00:46:58 +0200] "GET /ticket2/opencms/sv/buy/?page=1&edid=2885F5B5-EAC4-1031-A06B-102F5CDC60A3&sortorder=asc&column=price HTTP/1.1" 200 87545
5.9.55.228 - - [28/Jun/2024:00:47:00 +0200] "GET /ticket2/opencms/en/venue/?countryid=65D2945E-1431-C523-469E-55D7D9B9867C HTTP/1.1" 200 100730
40.77.167.53 - - [28/Jun/2024:00:47:00 +0200] "GET /ticket2/opencms/fi/venue/?venueid=43CA93E8-7019-BD08-6A52-02613BB0F965 HTTP/1.1" 200 72893
23.22.35.162 - - [28/Jun/2024:00:47:02 +0200] "GET /ticket2/opencms/sites/ticketbrokerage/sv/sport/fotbollsbiljetter/premier_league/liverpool/birmingham.html HTTP/1.1" 404 -
94.23.7.188 - - [28/Jun/2024:00:47:02 +0200] "GET /ticket2/opencms/sv/buy/?page=1&edid=28A78875-6E8A-83A1-C3FA-6534C0763257&sortorder=asc&column=section HTTP/1.1" 200 89151
23.22.35.162 - - [28/Jun/2024:00:47:06 +0200] "GET /ticket2/opencms/sites/ticketbrokerage/sv/sport/fotbollsbiljetter/premier_league/liverpool/aston_villa.html HTTP/1.1" 404 -
94.23.7.188 - - [28/Jun/2024:00:47:07 +0200] "GET /ticket2/opencms/sv/buy/?page=1&edid=28A78875-6E8A-83A1-C3FA-6534C0763257&sortorder=desc&column=section HTTP/1.1" 200 89150
94.23.7.188 - - [28/Jun/2024:00:47:09 +0200] "GET /ticket2/opencms/sv/buy/?page=1&edid=291216E9-A94A-205B-7C67-5C0727287644&sortorder=asc&column=price HTTP/1.1" 200 88498
52.70.240.171 - - [28/Jun/2024:00:47:10 +0200] "GET /ticket2/opencms/sites/ticketbrokerage/sv/sport/fotbollsbiljetter/premier_league/fulham/wolverhampton.html HTTP/1.1" 404 -
94.23.7.188 - - [28/Jun/2024:00:47:12 +0200] "GET /ticket2/opencms/sv/buy/?page=1&edid=291216E9-A94A-205B-7C67-5C0727287644&sortorder=asc&column=row HTTP/1.1" 200 88498
3.224.220.101 - - [28/Jun/2024:00:47:14 +0200] "GET /ticket2/opencms/sites/ticketbrokerage/sv/sport/fotbollsbiljetter/premier_league/fulham/west_ham_united.html HTTP/1.1" 404 -
94.23.7.188 - - [28/Jun/2024:00:47:16 +0200] "GET /ticket2/opencms/sv/buy/?page=1&edid=291216E9-A94A-205B-7C67-5C0727287644&sortorder=asc&column=section HTTP/1.1" 200 88498
5.9.55.228 - - [28/Jun/2024:00:47:17 +0200] "GET /ticket2/opencms/en/buy/?page=6&comcatid=A17713B6-D984-201A-4143-ED4DB5ED5C2E&catid=739BFC5D-78FA-6834-D764-6CE64CA5F9EC HTTP/1.1" 200 82213
66.249.75.167 - - [28/Jun/2024:00:47:17 +0200] "GET /ticket2/opencms/de/ HTTP/1.1" 200 91946
3.224.220.101 - - [28/Jun/2024:00:47:18 +0200] "GET /ticket2/opencms/sites/ticketbrokerage/sv/sport/fotbollsbiljetter/premier_league/fulham/west-bromwich-albion.html HTTP/1.1" 404 -
94.23.7.188 - - [28/Jun/2024:00:47:19 +0200] "GET /ticket2/opencms/sv/buy/?page=1&edid=2D38B293-6E7E-C864-3493-2CA274C1E20F&sortorder=asc&column=row HTTP/1.1" 200 87589
52.70.240.171 - - [28/Jun/2024:00:47:22 +0200] "GET /ticket2/opencms/sites/ticketbrokerage/sv/sport/fotbollsbiljetter/premier_league/fulham/newcastle-united.html HTTP/1.1" 404 -
94.23.7.188 - - [28/Jun/2024:00:47:22 +0200] "GET /ticket2/opencms/sv/buy/?page=1&edid=2D38B293-6E7E-C864-3493-2CA274C1E20F&sortorder=desc&column=price HTTP/1.1" 200 87588
52.70.240.171 - - [28/Jun/2024:00:47:26 +0200] "GET /ticket2/opencms/sites/ticketbrokerage/sv/sport/fotbollsbiljetter/premier_league/fulham/manchester_city.html HTTP/1.1" 404 -
94.23.7.188 - - [28/Jun/2024:00:47:26 +0200] "GET /ticket2/opencms/sv/buy/?page=1&edid=2D38B293-6E7E-C864-3493-2CA274C1E20F&sortorder=desc&column=row HTTP/1.1" 200 87588
3.224.220.101 - - [28/Jun/2024:00:47:29 +0200] "GET /ticket2/opencms/sites/ticketbrokerage/sv/sport/fotbollsbiljetter/premier_league/fulham/bolton_wanderers.html HTTP/1.1" 404 -
40.77.167.22 - - [28/Jun/2024:00:47:33 +0200] "GET /ticket2/opencms/se/sv/venue/?venueid=2518510D-FB74-EF77-3887-A2E874444251 HTTP/1.1" 404 -
23.22.35.162 - - [28/Jun/2024:00:47:34 +0200] "GET /ticket2/opencms/sites/ticketbrokerage/sv/sport/fotbollsbiljetter/premier_league/fulham/blackburn_rovers.html HTTP/1.1" 404 -
40.77.167.22 - - [28/Jun/2024:00:47:34 +0200] "GET /ticket2/opencms/dk/buy?page=1&edid=CCC52869-7D07-37D3-E716-0EF1AC21BCE4 HTTP/1.1" 200 110926
3.224.220.101 - - [28/Jun/2024:00:47:38 +0200] "GET /ticket2/opencms/sites/ticketbrokerage/sv/sport/fotbollsbiljetter/premier_league/everton/wolverhampton.html HTTP/1.1" 404 -
94.23.7.188 - - [28/Jun/2024:00:47:38 +0200] "GET /ticket2/opencms/sv/buy/?page=1&edid=2D58DAAA-2383-18BA-2B40-1B039C7513DD&sortorder=asc&column=price HTTP/1.1" 200 88652
47.128.121.57 - - [28/Jun/2024:00:47:42 +0200] "GET /ticket2/opencms/fi/buy/?catid=36394212-F82E-F845-399B-42BED55969CC&comcatid=A17713B6-D984-201A-4143-ED4DB5ED5C2E HTTP/1.1" 200 83454
23.22.35.162 - - [28/Jun/2024:00:47:42 +0200] "GET /ticket2/opencms/sites/ticketbrokerage/sv/sport/fotbollsbiljetter/premier_league/everton/west_ham_united.html HTTP/1.1" 404 -
47.128.121.57 - - [28/Jun/2024:00:47:44 +0200] "GET /ticket2/opencms/system/modules/com.gridnine.opencms.ticketbrokerage.site/resources/pics/bank_2_handelsbanken.png HTTP/1.1" 200 4509
47.128.121.57 - - [28/Jun/2024:00:47:44 +0200] "GET /ticket2/opencms/system/modules/com.gridnine.opencms.ticketbrokerage.site/resources/pics/logo-new.png HTTP/1.1" 200 13541
47.128.121.57 - - [28/Jun/2024:00:47:44 +0200] "GET /ticket2/opencms/system/modules/com.gridnine.opencms.ticketbrokerage.site/resources/pics/bank_5_visa_mastercard.png HTTP/1.1" 200 8196
47.128.121.57 - - [28/Jun/2024:00:47:45 +0200] "GET /ticket2/opencms/system/modules/com.gridnine.opencms.ticketbrokerage.site/resources/pics/bank_1_nordea.png HTTP/1.1" 200 4807
47.128.121.57 - - [28/Jun/2024:00:47:45 +0200] "GET /ticket2/opencms/system/modules/com.gridnine.opencms.ticketbrokerage.site/resources/pics/bank_3_swedbank.png HTTP/1.1" 200 5740
47.128.121.57 - - [28/Jun/2024:00:47:45 +0200] "GET /ticket2/opencms/system/modules/com.gridnine.opencms.ticketbrokerage.site/resources/pics/bank_4_seb.png HTTP/1.1" 200 2487
47.128.121.57 - - [28/Jun/2024:00:47:45 +0200] "GET /ticket2/opencms/system/modules/com.gridnine.opencms.ticketbrokerage.site/resources/pics/bank_6_american_express.png HTTP/1.1" 200 5570
23.22.35.162 - - [28/Jun/2024:00:47:46 +0200] "GET /ticket2/opencms/sites/ticketbrokerage/sv/sport/fotbollsbiljetter/premier_league/everton/west-bromwich-albion.html HTTP/1.1" 404 -
52.70.240.171 - - [28/Jun/2024:00:47:49 +0200] "GET /ticket2/opencms/sites/ticketbrokerage/sv/sport/fotbollsbiljetter/premier_league/everton/manchester_united.html HTTP/1.1" 404 -
94.23.7.188 - - [28/Jun/2024:00:47:50 +0200] "GET /ticket2/opencms/sv/buy/?page=1&edid=2D58DAAA-2383-18BA-2B40-1B039C7513DD&sortorder=asc&column=row HTTP/1.1" 200 88652
52.70.240.171 - - [28/Jun/2024:00:47:54 +0200] "GET /ticket2/opencms/sites/ticketbrokerage/sv/sport/fotbollsbiljetter/premier_league/everton/manchester_city.html HTTP/1.1" 404 -
23.22.35.162 - - [28/Jun/2024:00:47:58 +0200] "GET /ticket2/opencms/sites/ticketbrokerage/sv/sport/fotbollsbiljetter/premier_league/chelsea/wolverhampton.html HTTP/1.1" 404 -
94.23.7.188 - - [28/Jun/2024:00:48:00 +0200] "GET /ticket2/opencms/sv/buy/?page=1&edid=2D58DAAA-2383-18BA-2B40-1B039C7513DD&sortorder=asc&column=section HTTP/1.1" 200 88652
52.70.240.171 - - [28/Jun/2024:00:48:02 +0200] "GET /ticket2/opencms/sites/ticketbrokerage/sv/sport/fotbollsbiljetter/premier_league/chelsea/west_ham_united.html HTTP/1.1" 404 -
3.224.220.101 - - [28/Jun/2024:00:48:06 +0200] "GET /ticket2/opencms/sites/ticketbrokerage/sv/sport/fotbollsbiljetter/premier_league/chelsea/west-bromwich-albion.html HTTP/1.1" 404 -
23.22.35.162 - - [28/Jun/2024:00:48:10 +0200] "GET /ticket2/opencms/sites/ticketbrokerage/sv/sport/fotbollsbiljetter/premier_league/chelsea/manchester_united.html HTTP/1.1" 404 -
94.23.7.188 - - [28/Jun/2024:00:48:11 +0200] "GET /ticket2/opencms/sv/buy/?page=1&edid=2D8BABEA-B463-12A2-E630-9585FD2F3F33&sortorder=asc&column=row HTTP/1.1" 200 89136
52.70.240.171 - - [28/Jun/2024:00:48:14 +0200] "GET /ticket2/opencms/sites/ticketbrokerage/sv/sport/fotbollsbiljetter/premier_league/chelsea/manchester_city.html HTTP/1.1" 404 -
40.77.167.22 - - [28/Jun/2024:00:48:15 +0200] "GET /ticket2/opencms/de/sport/fussball-tickets/bundesliga/eintracht_frankfurt/ HTTP/1.1" 200 76401
47.128.30.17 - - [28/Jun/2024:00:48:17 +0200] "GET /ticket2/opencms/fi/buy/?edid=3A899F3D-4563-653B-4B43-C09A35CA2BD9 HTTP/1.1" 200 73261
52.70.240.171 - - [28/Jun/2024:00:48:18 +0200] "GET /ticket2/opencms/sites/ticketbrokerage/sv/sport/fotbollsbiljetter/premier_league/bolton_wanderers/sunderland.html HTTP/1.1" 404 -
47.128.30.17 - - [28/Jun/2024:00:48:18 +0200] "GET /ticket2/opencms/system/modules/com.gridnine.opencms.ticketbrokerage.site/resources/pics/logo-new.png HTTP/1.1" 200 13541
47.128.30.17 - - [28/Jun/2024:00:48:19 +0200] "GET /ticket2/opencms/system/modules/com.gridnine.opencms.ticketbrokerage.site/resources/pics/bank_2_handelsbanken.png HTTP/1.1" 200 4509
47.128.30.17 - - [28/Jun/2024:00:48:19 +0200] "GET /ticket2/opencms/system/modules/com.gridnine.opencms.ticketbrokerage.site/resources/pics/bank_3_swedbank.png HTTP/1.1" 200 5740
47.128.30.17 - - [28/Jun/2024:00:48:19 +0200] "GET /ticket2/opencms/system/modules/com.gridnine.opencms.ticketbrokerage.site/resources/pics/bank_4_seb.png HTTP/1.1" 200 2487
47.128.30.17 - - [28/Jun/2024:00:48:19 +0200] "GET /ticket2/opencms/system/modules/com.gridnine.opencms.ticketbrokerage.site/resources/pics/bank_1_nordea.png HTTP/1.1" 200 4807
47.128.30.17 - - [28/Jun/2024:00:48:19 +0200] "GET /ticket2/opencms/system/modules/com.gridnine.opencms.ticketbrokerage.site/resources/pics/bank_5_visa_mastercard.png HTTP/1.1" 200 8196
47.128.30.17 - - [28/Jun/2024:00:48:19 +0200] "GET /ticket2/opencms/system/modules/com.gridnine.opencms.ticketbrokerage.site/resources/pics/bank_6_american_express.png HTTP/1.1" 200 5570
94.23.7.188 - - [28/Jun/2024:00:48:20 +0200] "GET /ticket2/opencms/sv/buy/?page=1&edid=2DEDC008-A8E2-8338-9113-89CEDCB5E81A&sortorder=asc&column=price HTTP/1.1" 200 89136
23.22.35.162 - - [28/Jun/2024:00:48:22 +0200] "GET /ticket2/opencms/sites/ticketbrokerage/sv/sport/fotbollsbiljetter/premier_league/bolton_wanderers/stoke.html HTTP/1.1" 404 -
66.249.72.101 - - [28/Jun/2024:00:48:23 +0200] "GET /ticket2/opencms/de/buy?page=1&edid=68B485F7-9483-6E4F-656D-602EE2AC621D HTTP/1.1" 200 112726
66.249.76.194 - - [28/Jun/2024:00:48:24 +0200] "GET /ticket2/opencms/sv/buy/?page=1&edid=59FF6FC0-0E24-887E-599D-D93F8931961C HTTP/1.1" 200 110737
23.22.35.162 - - [28/Jun/2024:00:48:25 +0200] "GET /ticket2/opencms/sites/ticketbrokerage/sv/sport/fotbollsbiljetter/premier_league/bolton_wanderers/liverpool.html HTTP/1.1" 404 -
5.9.55.228 - - [28/Jun/2024:00:48:29 +0200] "GET /ticket2/opencms/en/venue/?countryid=D9C90621-DB02-1B5C-863E-8CD5BDDB79A4 HTTP/1.1" 200 100730
3.224.220.101 - - [28/Jun/2024:00:48:30 +0200] "GET /ticket2/opencms/sites/ticketbrokerage/sv/sport/fotbollsbiljetter/premier_league/bolton_wanderers/fulham.html HTTP/1.1" 404 -
47.128.121.18 - - [28/Jun/2024:00:48:32 +0200] "GET /ticket2/opencms/nl/sport/voetbal-tickets/bundesliga/borussia-monchengladbach/ HTTP/1.1" 200 72905
94.23.7.188 - - [28/Jun/2024:00:48:32 +0200] "GET /ticket2/opencms/sv/buy/?page=1&edid=2DEDC008-A8E2-8338-9113-89CEDCB5E81A&sortorder=asc&column=row HTTP/1.1" 200 89136
47.128.121.18 - - [28/Jun/2024:00:48:33 +0200] "GET /ticket2/opencms/system/modules/com.gridnine.opencms.ticketbrokerage.site/resources/pics/logo-new.png HTTP/1.1" 200 13541
23.22.35.162 - - [28/Jun/2024:00:48:33 +0200] "GET /ticket2/opencms/sites/ticketbrokerage/sv/sport/fotbollsbiljetter/premier_league/bolton_wanderers/blackpool.html HTTP/1.1" 404 -
47.128.121.18 - - [28/Jun/2024:00:48:33 +0200] "GET /ticket2/opencms/system/modules/com.gridnine.opencms.ticketbrokerage.site/resources/pics/banners/sv/Bundesliga.jpg HTTP/1.1" 200 13421
47.128.121.18 - - [28/Jun/2024:00:48:34 +0200] "GET /ticket2/opencms/system/modules/com.gridnine.opencms.ticketbrokerage.site/resources/pics/bank_6_american_express.png HTTP/1.1" 200 5570
47.128.121.18 - - [28/Jun/2024:00:48:34 +0200] "GET /ticket2/opencms/system/modules/com.gridnine.opencms.ticketbrokerage.site/resources/pics/bank_1_nordea.png HTTP/1.1" 200 4807
47.128.121.18 - - [28/Jun/2024:00:48:34 +0200] "GET /ticket2/opencms/system/modules/com.gridnine.opencms.ticketbrokerage.site/resources/pics/bank_2_handelsbanken.png HTTP/1.1" 200 4509
47.128.121.18 - - [28/Jun/2024:00:48:34 +0200] "GET /ticket2/opencms/system/modules/com.gridnine.opencms.ticketbrokerage.site/resources/pics/bank_3_swedbank.png HTTP/1.1" 200 5740
47.128.121.18 - - [28/Jun/2024:00:48:34 +0200] "GET /ticket2/opencms/system/modules/com.gridnine.opencms.ticketbrokerage.site/resources/pics/bank_4_seb.png HTTP/1.1" 200 2487
47.128.121.18 - - [28/Jun/2024:00:48:34 +0200] "GET /ticket2/opencms/system/modules/com.gridnine.opencms.ticketbrokerage.site/resources/pics/bank_5_visa_mastercard.png HTTP/1.1" 200 8196
66.249.72.101 - - [28/Jun/2024:00:48:37 +0200] "GET /ticket2/opencms/system/modules/com.gridnine.opencms.ticketbrokerage.site/resources/js/common-ajax.js HTTP/1.1" 200 20175
3.224.220.101 - - [28/Jun/2024:00:48:38 +0200] "GET /ticket2/opencms/sites/ticketbrokerage/sv/sport/fotbollsbiljetter/premier_league/bolton_wanderers/birmingham.html HTTP/1.1" 404 -
94.23.7.188 - - [28/Jun/2024:00:48:39 +0200] "GET /ticket2/opencms/sv/buy/?page=1&edid=2DEDC008-A8E2-8338-9113-89CEDCB5E81A&sortorder=asc&column=section HTTP/1.1" 200 89136
3.224.220.101 - - [28/Jun/2024:00:48:42 +0200] "GET /ticket2/opencms/sites/ticketbrokerage/sv/sport/fotbollsbiljetter/premier_league/bolton_wanderers/aston_villa.html HTTP/1.1" 404 -
94.23.7.188 - - [28/Jun/2024:00:48:42 +0200] "GET /ticket2/opencms/sv/buy/?page=1&edid=3116A066-ACEB-377F-2839-1A261D0878C5 HTTP/1.1" 200 87539
216.245.221.83 - - [28/Jun/2024:00:48:45 +0200] "HEAD /ticket2/opencms/ HTTP/1.1" 302 -
216.245.221.83 - - [28/Jun/2024:00:48:45 +0200] "HEAD /ticket2/opencms/en/ HTTP/1.1" 200 -
3.224.220.101 - - [28/Jun/2024:00:48:46 +0200] "GET /ticket2/opencms/sites/ticketbrokerage/sv/sport/fotbollsbiljetter/premier_league/bolton_wanderers/ HTTP/1.1" 404 -
52.70.240.171 - - [28/Jun/2024:00:48:50 +0200] "GET /ticket2/opencms/sites/ticketbrokerage/sv/sport/fotbollsbiljetter/premier_league/blackpool/wolverhampton.html HTTP/1.1" 404 -
114.119.138.235 - - [28/Jun/2024:00:48:52 +0200] "GET /ticket2/opencms/en/venue/?venueid=52D19513-CB12-0EF5-BEF7-06DCF33018BA HTTP/1.1" 200 71462
52.70.240.171 - - [28/Jun/2024:00:48:53 +0200] "GET /ticket2/opencms/sites/ticketbrokerage/sv/sport/fotbollsbiljetter/premier_league/blackpool/west_ham_united.html HTTP/1.1" 404 -
94.23.7.188 - - [28/Jun/2024:00:48:54 +0200] "GET /ticket2/opencms/sv/buy/?page=1&edid=3116A066-ACEB-377F-2839-1A261D0878C5&sortorder=asc&column=section HTTP/1.1" 200 87575
83.249.170.137 - - [28/Jun/2024:00:48:55 +0200] "GET /ticket2/opencms/set_aff_cookie.jsp?partner=53673ED6-1455-FA54-818F-B1F67121E37C&url=/sv/buy/index.html%3Fpage%3D1%26edid%3D11EFBC55-130A-2310-B776-C5D86878BDAB%26hlv%3D666cb574-de68-4a7b-b057-48290a01000f%23v1554573557 HTTP/1.1" 200 225
83.249.170.137 - - [28/Jun/2024:00:48:56 +0200] "GET /ticket2/opencms/sv/buy/?page=1&edid=11EFBC55-130A-2310-B776-C5D86878BDAB&hlv=666cb574-de68-4a7b-b057-48290a01000f HTTP/1.1" 200 116112
83.249.170.137 - - [28/Jun/2024:00:48:56 +0200] "GET /ticket2/opencms/system/modules/com.gridnine.opencms.ticketbrokerage.site/resources/js/jquery/jquery.js HTTP/1.1" 200 93868
83.249.170.137 - - [28/Jun/2024:00:48:56 +0200] "GET /ticket2/opencms/system/modules/com.gridnine.opencms.ticketbrokerage.site/resources/js/jquery/jquery-ui.js HTTP/1.1" 200 228088
83.249.170.137 - - [28/Jun/2024:00:48:56 +0200] "GET /ticket2/opencms/system/modules/com.gridnine.opencms.ticketbrokerage.site/resources/css/ticketbrokerage.css HTTP/1.1" 200 39339
83.249.170.137 - - [28/Jun/2024:00:48:56 +0200] "GET /ticket2/opencms/system/modules/com.gridnine.opencms.ticketbrokerage.site/resources/css/jquery-ui.css HTTP/1.1" 200 33221
83.249.170.137 - - [28/Jun/2024:00:48:56 +0200] "GET /ticket2/opencms/system/modules/com.gridnine.opencms.ticketbrokerage.site/resources/js/functions.js HTTP/1.1" 200 1583
83.249.170.137 - - [28/Jun/2024:00:48:56 +0200] "GET /ticket2/opencms/system/modules/com.gridnine.opencms.ticketbrokerage.site/resources/css/calendar.css HTTP/1.1" 200 6871
83.249.170.137 - - [28/Jun/2024:00:48:56 +0200] "GET /ticket2/opencms/system/modules/com.gridnine.opencms.ticketbrokerage.site/resources/css/standard.css HTTP/1.1" 200 71935
83.249.170.137 - - [28/Jun/2024:00:48:56 +0200] "GET /ticket2/opencms/system/modules/com.gridnine.opencms.ticketbrokerage.site/resources/css/jquery.fancybox.css HTTP/1.1" 200 4939
83.249.170.137 - - [28/Jun/2024:00:48:56 +0200] "GET /ticket2/opencms/system/modules/com.gridnine.opencms.ticketbrokerage.site/resources/js/calendar.js HTTP/1.1" 200 49229
83.249.170.137 - - [28/Jun/2024:00:48:56 +0200] "GET /ticket2/opencms/system/modules/com.gridnine.opencms.ticketbrokerage.site/resources/js/calendar-en.js HTTP/1.1" 200 3338
83.249.170.137 - - [28/Jun/2024:00:48:56 +0200] "GET /ticket2/opencms/system/modules/com.gridnine.opencms.ticketbrokerage.site/resources/js/calendar-setup.js HTTP/1.1" 200 4923
83.249.170.137 - - [28/Jun/2024:00:48:56 +0200] "GET /ticket2/opencms/system/modules/com.gridnine.opencms.ticketbrokerage.site/resources/js/jquery.fancybox.pack.js HTTP/1.1" 200 23187
83.249.170.137 - - [28/Jun/2024:00:48:56 +0200] "GET /ticket2/opencms/system/modules/com.gridnine.opencms.ticketbrokerage.site/resources/js/stickyfill.min.js HTTP/1.1" 200 5672
83.249.170.137 - - [28/Jun/2024:00:48:56 +0200] "GET /ticket2/opencms/system/modules/com.gridnine.opencms.ticketbrokerage.site/resources/js/standard.js HTTP/1.1" 200 3978
83.249.170.137 - - [28/Jun/2024:00:48:56 +0200] "GET /ticket2/opencms/system/modules/com.gridnine.opencms.ticketbrokerage.site/resources/js/jquery.placeholder.min.js HTTP/1.1" 200 1737
83.249.170.137 - - [28/Jun/2024:00:48:56 +0200] "GET /ticket2/opencms/system/modules/com.gridnine.opencms.ticketbrokerage.site/resources/js/common-ajax.js HTTP/1.1" 200 20175
83.249.170.137 - - [28/Jun/2024:00:48:56 +0200] "GET /ticket2/opencms/system/modules/com.gridnine.opencms.ticketbrokerage.site/resources/pics/logo-new.png HTTP/1.1" 200 13541
83.249.170.137 - - [28/Jun/2024:00:48:56 +0200] "GET /ticket2/opencms/system/modules/com.gridnine.opencms.ticketbrokerage.site/resources/pics/0.gif HTTP/1.1" 200 43
83.249.170.137 - - [28/Jun/2024:00:48:56 +0200] "GET /ticket2/opencms/venue/anfield.png HTTP/1.1" 200 21218
83.249.170.137 - - [28/Jun/2024:00:48:56 +0200] "GET /ticket2/opencms/img/insta.png HTTP/1.1" 200 3967
83.249.170.137 - - [28/Jun/2024:00:48:56 +0200] "GET /ticket2/opencms/img/fb.png HTTP/1.1" 200 1269
83.249.170.137 - - [28/Jun/2024:00:48:56 +0200] "GET /ticket2/opencms/img/icons/globe-white.png HTTP/1.1" 200 947
83.249.170.137 - - [28/Jun/2024:00:48:56 +0200] "GET /ticket2/opencms/system/modules/com.gridnine.opencms.ticketbrokerage.site/resources/pics/two_man.png HTTP/1.1" 200 3407
83.249.170.137 - - [28/Jun/2024:00:48:56 +0200] "GET /ticket2/opencms/system/modules/com.gridnine.opencms.ticketbrokerage.site/resources/pics/ticket_info_button.png HTTP/1.1" 200 3820
83.249.170.137 - - [28/Jun/2024:00:48:56 +0200] "GET /ticket2/opencms/system/modules/com.gridnine.opencms.ticketbrokerage.site/resources/pics/bank_1_nordea.png HTTP/1.1" 200 4807
83.249.170.137 - - [28/Jun/2024:00:48:56 +0200] "GET /ticket2/opencms/system/modules/com.gridnine.opencms.ticketbrokerage.site/resources/pics/bank_2_handelsbanken.png HTTP/1.1" 200 4509
83.249.170.137 - - [28/Jun/2024:00:48:56 +0200] "GET /ticket2/opencms/system/modules/com.gridnine.opencms.ticketbrokerage.site/resources/pics/bank_3_swedbank.png HTTP/1.1" 200 5740
83.249.170.137 - - [28/Jun/2024:00:48:56 +0200] "GET /ticket2/opencms/img/icons/no.png HTTP/1.1" 200 1958
83.249.170.137 - - [28/Jun/2024:00:48:56 +0200] "GET /ticket2/opencms/system/modules/com.gridnine.opencms.ticketbrokerage.site/resources/pics/bank_4_seb.png HTTP/1.1" 200 2487
83.249.170.137 - - [28/Jun/2024:00:48:56 +0200] "GET /ticket2/opencms/img/icons/se.png HTTP/1.1" 200 1258
83.249.170.137 - - [28/Jun/2024:00:48:56 +0200] "GET /ticket2/opencms/sv/ask-form.html HTTP/1.1" 200 2950
83.249.170.137 - - [28/Jun/2024:00:48:56 +0200] "GET /ticket2/opencms/system/modules/com.gridnine.opencms.ticketbrokerage.site/resources/pics/bank_5_visa_mastercard.png HTTP/1.1" 200 8196
83.249.170.137 - - [28/Jun/2024:00:48:56 +0200] "GET /ticket2/opencms/system/modules/com.gridnine.opencms.ticketbrokerage.site/resources/pics/bank_6_american_express.png HTTP/1.1" 200 5570
83.249.170.137 - - [28/Jun/2024:00:48:56 +0200] "GET /ticket2/opencms/system/modules/com.gridnine.opencms.ticketbrokerage.site/resources/css/ticketbrokerage.css HTTP/1.1" 200 39339
83.249.170.137 - - [28/Jun/2024:00:48:56 +0200] "GET /ticket2/opencms/img/icons/fi.png HTTP/1.1" 200 1785
83.249.170.137 - - [28/Jun/2024:00:48:56 +0200] "GET /ticket2/opencms/img/icons/dk.png HTTP/1.1" 200 1706
83.249.170.137 - - [28/Jun/2024:00:48:56 +0200] "GET /ticket2/opencms/img/mail.png HTTP/1.1" 200 403
83.249.170.137 - - [28/Jun/2024:00:48:56 +0200] "GET /ticket2/opencms/img/check.png HTTP/1.1" 200 548
83.249.170.137 - - [28/Jun/2024:00:48:56 +0200] "GET /ticket2/opencms/img/arrow.png HTTP/1.1" 200 753
83.249.170.137 - - [28/Jun/2024:00:48:56 +0200] "GET /ticket2/opencms/img/chat.png HTTP/1.1" 200 416
83.249.170.137 - - [28/Jun/2024:00:48:57 +0200] "GET /ticket2/opencms/img/icons/de.png HTTP/1.1" 200 1124
83.249.170.137 - - [28/Jun/2024:00:48:57 +0200] "GET /ticket2/opencms/system/modules/com.gridnine.opencms.ticketbrokerage.site/resources/pics/form_marker.gif HTTP/1.1" 200 43
83.249.170.137 - - [28/Jun/2024:00:48:57 +0200] "GET /ticket2/opencms/system/modules/com.gridnine.opencms.ticketbrokerage.site/resources/pics/arrow.gif HTTP/1.1" 200 344
83.249.170.137 - - [28/Jun/2024:00:48:57 +0200] "GET /ticket2/opencms/img/icons/nl.png HTTP/1.1" 200 1255
83.249.170.137 - - [28/Jun/2024:00:48:57 +0200] "GET /ticket2/opencms/system/modules/com.gridnine.opencms.ticketbrokerage.site/resources/pics/button1_left.gif HTTP/1.1" 200 232
83.249.170.137 - - [28/Jun/2024:00:48:57 +0200] "GET /ticket2/opencms/system/modules/com.gridnine.opencms.ticketbrokerage.site/resources/pics/button1_center.gif HTTP/1.1" 200 66
83.249.170.137 - - [28/Jun/2024:00:48:57 +0200] "GET /ticket2/opencms/system/modules/com.gridnine.opencms.ticketbrokerage.site/resources/pics/button1_right.gif HTTP/1.1" 200 232
83.249.170.137 - - [28/Jun/2024:00:48:57 +0200] "GET /ticket2/opencms/img/icons/fr.png HTTP/1.1" 200 1764
83.249.170.137 - - [28/Jun/2024:00:48:57 +0200] "GET /ticket2/opencms/img/icons/es.png HTTP/1.1" 200 1005
83.249.170.137 - - [28/Jun/2024:00:48:57 +0200] "GET /ticket2/opencms/img/icons/it.png HTTP/1.1" 200 2040
83.249.170.137 - - [28/Jun/2024:00:48:57 +0200] "GET /ticket2/opencms/img/icons/en.png HTTP/1.1" 200 2415
83.249.170.137 - - [28/Jun/2024:00:48:57 +0200] "GET /ticket2/opencms/img/arrow-down.png HTTP/1.1" 200 192
83.249.170.137 - - [28/Jun/2024:00:48:57 +0200] "GET /ticket2/opencms/system/modules/com.gridnine.opencms.ticketbrokerage.site/resources/js/standard.js HTTP/1.1" 200 3978
83.249.170.137 - - [28/Jun/2024:00:48:58 +0200] "GET /ticket2/opencms/system/modules/com.gridnine.opencms.ticketbrokerage.site/resources/css/images/ui-bg_flat_75_ffffff_40x100.png HTTP/1.1" 404 -
3.224.220.101 - - [28/Jun/2024:00:48:58 +0200] "GET /ticket2/opencms/sites/ticketbrokerage/sv/sport/fotbollsbiljetter/premier_league/blackpool/west-bromwich-albion.html HTTP/1.1" 404 -
94.23.7.188 - - [28/Jun/2024:00:48:59 +0200] "GET /ticket2/opencms/sv/buy/?page=1&edid=3116A066-ACEB-377F-2839-1A261D0878C5&sortorder=desc&column=price HTTP/1.1" 200 87574
23.22.35.162 - - [28/Jun/2024:00:49:02 +0200] "GET /ticket2/opencms/sites/ticketbrokerage/sv/sport/fotbollsbiljetter/premier_league/blackpool/sunderland.html HTTP/1.1" 404 -
94.23.7.188 - - [28/Jun/2024:00:49:03 +0200] "GET /ticket2/opencms/sv/buy/?page=1&edid=3352776A-1A34-2607-A523-19EB28320719 HTTP/1.1" 200 87538
66.249.72.34 - - [28/Jun/2024:00:49:03 +0200] "GET /ticket2/opencms/sv/buy/?comcatid=A17713B6-D984-201A-4143-ED4DB5ED5C2E&catid=5A89E483-58AD-080E-F363-E16CE738916A HTTP/1.1" 200 82577
52.167.144.224 - - [28/Jun/2024:00:49:05 +0200] "GET /ticket2/opencms/fi/sv/venue/?venueid=83B8B6B9-A2B4-D4CB-2D8F-CE8D0CB4BEF2 HTTP/1.1" 404 -
52.70.240.171 - - [28/Jun/2024:00:49:06 +0200] "GET /ticket2/opencms/sites/ticketbrokerage/sv/sport/fotbollsbiljetter/premier_league/blackpool/newcastle-united.html HTTP/1.1" 404 -
66.249.87.199 - - [28/Jun/2024:00:49:06 +0200] "GET /ticket2/opencms/system/modules/com.gridnine.opencms.ticketbrokerage.site/resources/css/ticketbrokerage.css HTTP/1.1" 200 39339
3.224.220.101 - - [28/Jun/2024:00:49:09 +0200] "GET /ticket2/opencms/sites/ticketbrokerage/sv/sport/fotbollsbiljetter/premier_league/blackpool/manchester_united.html HTTP/1.1" 404 -
94.23.7.188 - - [28/Jun/2024:00:49:12 +0200] "GET /ticket2/opencms/sv/buy/?page=1&edid=3352776A-1A34-2607-A523-19EB28320719&sortorder=desc&column=price HTTP/1.1" 200 87573
3.224.220.101 - - [28/Jun/2024:00:49:14 +0200] "GET /ticket2/opencms/sites/ticketbrokerage/sv/sport/fotbollsbiljetter/premier_league/blackpool/manchester_city.html HTTP/1.1" 404 -
5.9.55.228 - - [28/Jun/2024:00:49:16 +0200] "GET /ticket2/opencms/en/venue/?countryid=D9C90621-DB02-1B5C-863E-8CD5BDDB79A3 HTTP/1.1" 200 101189
83.249.170.137 - - [28/Jun/2024:00:49:16 +0200] "GET /ticket2/opencms/img/arrow-up.png HTTP/1.1" 200 193
23.22.35.162 - - [28/Jun/2024:00:49:17 +0200] "GET /ticket2/opencms/sites/ticketbrokerage/sv/sport/fotbollsbiljetter/premier_league/blackpool/bolton_wanderers.html HTTP/1.1" 404 -
94.23.7.188 - - [28/Jun/2024:00:49:19 +0200] "GET /ticket2/opencms/sv/buy/?page=1&edid=33A57F6C-77CD-3DDE-BD5F-98D88FA5F41C&sortorder=desc&column=section HTTP/1.1" 200 87573
23.22.35.162 - - [28/Jun/2024:00:49:22 +0200] "GET /ticket2/opencms/sites/ticketbrokerage/sv/sport/fotbollsbiljetter/premier_league/blackpool/blackburn_rovers.html HTTP/1.1" 404 -
23.22.35.162 - - [28/Jun/2024:00:49:26 +0200] "GET /ticket2/opencms/sites/ticketbrokerage/sv/sport/fotbollsbiljetter/premier_league/blackpool/birmingham.html HTTP/1.1" 404 -
94.23.7.188 - - [28/Jun/2024:00:49:26 +0200] "GET /ticket2/opencms/sv/buy/?page=1&edid=38AEE53A-EA89-0B18-C3E4-E60D1C3A4BDA&sortorder=asc&column=row HTTP/1.1" 200 87558
94.23.7.188 - - [28/Jun/2024:00:49:30 +0200] "GET /ticket2/opencms/sv/buy/?page=1&edid=3B0497D7-FBFC-F3B2-73CE-00515B70BA0C&sortorder=asc&column=price HTTP/1.1" 200 87523
3.224.220.101 - - [28/Jun/2024:00:49:30 +0200] "GET /ticket2/opencms/sites/ticketbrokerage/sv/sport/fotbollsbiljetter/premier_league/blackpool/aston_villa.html HTTP/1.1" 404 -
3.224.220.101 - - [28/Jun/2024:00:49:34 +0200] "GET /ticket2/opencms/sites/ticketbrokerage/sv/sport/fotbollsbiljetter/premier_league/blackburn_rovers/wolverhampton.html HTTP/1.1" 404 -
94.23.7.188 - - [28/Jun/2024:00:49:36 +0200] "GET /ticket2/opencms/sv/buy/?page=1&edid=3B0497D7-FBFC-F3B2-73CE-00515B70BA0C&sortorder=asc&column=row HTTP/1.1" 200 87523
3.224.220.101 - - [28/Jun/2024:00:49:38 +0200] "GET /ticket2/opencms/sites/ticketbrokerage/sv/sport/fotbollsbiljetter/premier_league/blackburn_rovers/wigan.html HTTP/1.1" 404 -
5.9.55.228 - - [28/Jun/2024:00:49:38 +0200] "GET /ticket2/opencms/en/venue/?countryid=D89C1642-F4D3-8098-A250-FAF55037EC33 HTTP/1.1" 200 100730
94.23.7.188 - - [28/Jun/2024:00:49:40 +0200] "GET /ticket2/opencms/sv/buy/?page=1&edid=3DACB5F5-E2DD-CECF-F2C8-FA8DEE8CA3F7&sortorder=asc&column=price HTTP/1.1" 200 87588
23.22.35.162 - - [28/Jun/2024:00:49:42 +0200] "GET /ticket2/opencms/sites/ticketbrokerage/sv/sport/fotbollsbiljetter/premier_league/blackburn_rovers/tottenham.html HTTP/1.1" 404 -
47.128.112.214 - - [28/Jun/2024:00:49:42 +0200] "GET /ticket2/opencms/en/buy/?catid=97608B80-50C4-18AE-7A82-0413C62E9243&comcatid=A17713B6-D984-201A-4143-ED4DB5ED5C2E&page=7 HTTP/1.1" 200 81679
47.128.112.214 - - [28/Jun/2024:00:49:43 +0200] "GET /ticket2/opencms/system/modules/com.gridnine.opencms.ticketbrokerage.site/resources/pics/logo-new.png HTTP/1.1" 200 13541
47.128.112.214 - - [28/Jun/2024:00:49:43 +0200] "GET /ticket2/opencms/system/modules/com.gridnine.opencms.ticketbrokerage.site/resources/pics/bank_1_nordea.png HTTP/1.1" 200 4807
47.128.112.214 - - [28/Jun/2024:00:49:44 +0200] "GET /ticket2/opencms/system/modules/com.gridnine.opencms.ticketbrokerage.site/resources/pics/bank_4_seb.png HTTP/1.1" 200 2487
47.128.112.214 - - [28/Jun/2024:00:49:45 +0200] "GET /ticket2/opencms/system/modules/com.gridnine.opencms.ticketbrokerage.site/resources/pics/bank_2_handelsbanken.png HTTP/1.1" 200 4509
47.128.112.214 - - [28/Jun/2024:00:49:45 +0200] "GET /ticket2/opencms/system/modules/com.gridnine.opencms.ticketbrokerage.site/resources/pics/bank_3_swedbank.png HTTP/1.1" 200 5740
47.128.112.214 - - [28/Jun/2024:00:49:45 +0200] "GET /ticket2/opencms/system/modules/com.gridnine.opencms.ticketbrokerage.site/resources/pics/bank_5_visa_mastercard.png HTTP/1.1" 200 8196
47.128.112.214 - - [28/Jun/2024:00:49:45 +0200] "GET /ticket2/opencms/system/modules/com.gridnine.opencms.ticketbrokerage.site/resources/pics/bank_6_american_express.png HTTP/1.1" 200 5570
52.70.240.171 - - [28/Jun/2024:00:49:45 +0200] "GET /ticket2/opencms/sites/ticketbrokerage/sv/sport/fotbollsbiljetter/premier_league/blackburn_rovers/sunderland.html HTTP/1.1" 404 -
23.22.35.162 - - [28/Jun/2024:00:49:50 +0200] "GET /ticket2/opencms/sites/ticketbrokerage/sv/sport/fotbollsbiljetter/premier_league/blackburn_rovers/stoke.html HTTP/1.1" 404 -
94.23.7.188 - - [28/Jun/2024:00:49:50 +0200] "GET /ticket2/opencms/sv/buy/?page=1&edid=3F2C8D5E-7438-2D70-0996-42F9CB6F4E20&sortorder=asc&column=price HTTP/1.1" 200 89149
52.70.240.171 - - [28/Jun/2024:00:49:54 +0200] "GET /ticket2/opencms/sites/ticketbrokerage/sv/sport/fotbollsbiljetter/premier_league/blackburn_rovers/liverpool.html HTTP/1.1" 404 -
5.9.55.228 - - [28/Jun/2024:00:49:58 +0200] "GET /ticket2/opencms/en/venue/?countryid=D3DB55BA-ABAE-0702-A973-202744AB3BB9 HTTP/1.1" 200 100730
23.22.35.162 - - [28/Jun/2024:00:49:58 +0200] "GET /ticket2/opencms/sites/ticketbrokerage/sv/sport/fotbollsbiljetter/premier_league/blackburn_rovers/fulham.html HTTP/1.1" 404 -
66.249.75.169 - - [28/Jun/2024:00:49:58 +0200] "GET /ticket2/opencms/sv/buying_tickets HTTP/1.1" 200 74036
94.23.7.188 - - [28/Jun/2024:00:49:59 +0200] "GET /ticket2/opencms/sv/buy/?page=1&edid=3F2C8D5E-7438-2D70-0996-42F9CB6F4E20&sortorder=asc&column=row HTTP/1.1" 200 89149
66.249.72.35 - - [28/Jun/2024:00:49:59 +0200] "GET /ticket2/opencms/sv/buy/?page=1&edid=16436A63-E7D4-DEDF-5835-AB72708D4247 HTTP/1.1" 200 110754
3.224.220.101 - - [28/Jun/2024:00:50:02 +0200] "GET /ticket2/opencms/sites/ticketbrokerage/sv/sport/fotbollsbiljetter/premier_league/blackburn_rovers/blackpool.html HTTP/1.1" 404 -
3.224.220.101 - - [28/Jun/2024:00:50:06 +0200] "GET /ticket2/opencms/sites/ticketbrokerage/sv/sport/fotbollsbiljetter/premier_league/blackburn_rovers/birmingham.html HTTP/1.1" 404 -
47.128.17.153 - - [28/Jun/2024:00:50:06 +0200] "GET /ticket2/opencms/fi/buy/?catid=8B6802AF-1ADE-4BE1-A1F7-7671190CFB4F&comcatid=97ECA65A-72DA-F9AF-9DBB-245D3CFED1BE&page=6 HTTP/1.1" 200 78247
47.128.17.153 - - [28/Jun/2024:00:50:07 +0200] "GET /ticket2/opencms/system/modules/com.gridnine.opencms.ticketbrokerage.site/resources/pics/logo-new.png HTTP/1.1" 200 13541
47.128.17.153 - - [28/Jun/2024:00:50:07 +0200] "GET /ticket2/opencms/system/modules/com.gridnine.opencms.ticketbrokerage.site/resources/pics/bank_1_nordea.png HTTP/1.1" 200 4807
47.128.17.153 - - [28/Jun/2024:00:50:08 +0200] "GET /ticket2/opencms/system/modules/com.gridnine.opencms.ticketbrokerage.site/resources/pics/bank_3_swedbank.png HTTP/1.1" 200 5740
47.128.17.153 - - [28/Jun/2024:00:50:08 +0200] "GET /ticket2/opencms/system/modules/com.gridnine.opencms.ticketbrokerage.site/resources/pics/bank_2_handelsbanken.png HTTP/1.1" 200 4509
47.128.17.153 - - [28/Jun/2024:00:50:08 +0200] "GET /ticket2/opencms/system/modules/com.gridnine.opencms.ticketbrokerage.site/resources/pics/bank_4_seb.png HTTP/1.1" 200 2487
47.128.17.153 - - [28/Jun/2024:00:50:08 +0200] "GET /ticket2/opencms/system/modules/com.gridnine.opencms.ticketbrokerage.site/resources/pics/bank_5_visa_mastercard.png HTTP/1.1" 200 8196
47.128.17.153 - - [28/Jun/2024:00:50:08 +0200] "GET /ticket2/opencms/system/modules/com.gridnine.opencms.ticketbrokerage.site/resources/pics/bank_6_american_express.png HTTP/1.1" 200 5570
23.22.35.162 - - [28/Jun/2024:00:50:10 +0200] "GET /ticket2/opencms/sites/ticketbrokerage/sv/sport/fotbollsbiljetter/premier_league/blackburn_rovers/aston_villa.html HTTP/1.1" 404 -
94.23.7.188 - - [28/Jun/2024:00:50:10 +0200] "GET /ticket2/opencms/sv/buy/?page=1&edid=3F2C8D5E-7438-2D70-0996-42F9CB6F4E20&sortorder=asc&column=section HTTP/1.1" 200 89149
23.22.35.162 - - [28/Jun/2024:00:50:14 +0200] "GET /ticket2/opencms/sites/ticketbrokerage/sv/sport/fotbollsbiljetter/premier_league/blackburn_rovers/ HTTP/1.1" 404 -
3.224.220.101 - - [28/Jun/2024:00:50:17 +0200] "GET /ticket2/opencms/sites/ticketbrokerage/sv/sport/fotbollsbiljetter/premier_league/birmingham/manchester_united.html HTTP/1.1" 404 -
5.9.55.228 - - [28/Jun/2024:00:50:18 +0200] "GET /ticket2/opencms/en/venue/?countryid=D2CF2CB4-9396-305E-92AF-B785C8723E40 HTTP/1.1" 200 100730
65.21.67.136 - - [28/Jun/2024:00:50:21 +0200] "GET /ticket2/opencms/system/modules/com.gridnine.opencms.ticketbrokerage.site/resources/pics/banners/fi/sports_fi.png HTTP/1.1" 200 73777
40.77.167.8 - - [28/Jun/2024:00:50:22 +0200] "GET /ticket2/opencms/en/venue/?venueid=7719E5D9-AEE7-7FC5-A9DB-E1C60C1C5852 HTTP/1.1" 200 71384
94.23.7.188 - - [28/Jun/2024:00:50:22 +0200] "GET /ticket2/opencms/sv/buy/?page=1&edid=3F822738-BD55-10B1-3185-42149CD278B9&sortorder=asc&column=price HTTP/1.1" 200 87553
23.22.35.162 - - [28/Jun/2024:00:50:22 +0200] "GET /ticket2/opencms/sites/ticketbrokerage/sv/sport/fotbollsbiljetter/premier_league/birmingham/manchester_city.html HTTP/1.1" 404 -
3.224.220.101 - - [28/Jun/2024:00:50:25 +0200] "GET /ticket2/opencms/sites/ticketbrokerage/sv/sport/fotbollsbiljetter/premier_league/birmingham/liverpool.html HTTP/1.1" 404 -
94.23.7.188 - - [28/Jun/2024:00:50:25 +0200] "GET /ticket2/opencms/sv/buy/?page=1&edid=3F822738-BD55-10B1-3185-42149CD278B9&sortorder=asc&column=row HTTP/1.1" 200 87553
3.224.220.101 - - [28/Jun/2024:00:50:29 +0200] "GET /ticket2/opencms/sites/ticketbrokerage/sv/sport/fotbollsbiljetter/premier_league/birmingham/bolton_wanderers.html HTTP/1.1" 404 -
47.128.58.202 - - [28/Jun/2024:00:50:31 +0200] "GET /ticket2/opencms/en/buy/?catid=E92E6B1B-7CD1-74B1-312C-265A7D8125D0&comcatid=A17713B6-D984-201A-4143-ED4DB5ED5C2E&page=7 HTTP/1.1" 200 81681
47.128.58.202 - - [28/Jun/2024:00:50:32 +0200] "GET /ticket2/opencms/system/modules/com.gridnine.opencms.ticketbrokerage.site/resources/pics/logo-new.png HTTP/1.1" 200 13541
47.128.58.202 - - [28/Jun/2024:00:50:32 +0200] "GET /ticket2/opencms/system/modules/com.gridnine.opencms.ticketbrokerage.site/resources/pics/bank_4_seb.png HTTP/1.1" 200 2487
47.128.58.202 - - [28/Jun/2024:00:50:33 +0200] "GET /ticket2/opencms/system/modules/com.gridnine.opencms.ticketbrokerage.site/resources/pics/bank_2_handelsbanken.png HTTP/1.1" 200 4509
47.128.58.202 - - [28/Jun/2024:00:50:33 +0200] "GET /ticket2/opencms/system/modules/com.gridnine.opencms.ticketbrokerage.site/resources/pics/bank_3_swedbank.png HTTP/1.1" 200 5740
47.128.58.202 - - [28/Jun/2024:00:50:33 +0200] "GET /ticket2/opencms/system/modules/com.gridnine.opencms.ticketbrokerage.site/resources/pics/bank_1_nordea.png HTTP/1.1" 200 4807
47.128.58.202 - - [28/Jun/2024:00:50:33 +0200] "GET /ticket2/opencms/system/modules/com.gridnine.opencms.ticketbrokerage.site/resources/pics/bank_5_visa_mastercard.png HTTP/1.1" 200 8196
47.128.58.202 - - [28/Jun/2024:00:50:33 +0200] "GET /ticket2/opencms/system/modules/com.gridnine.opencms.ticketbrokerage.site/resources/pics/bank_6_american_express.png HTTP/1.1" 200 5570
47.128.47.172 - - [28/Jun/2024:00:50:33 +0200] "GET /ticket2/opencms/fi/buy/?edid=9CB65BAE-DCD8-2D95-397D-813CF31BA500 HTTP/1.1" 200 73261
52.70.240.171 - - [28/Jun/2024:00:50:33 +0200] "GET /ticket2/opencms/sites/ticketbrokerage/sv/sport/fotbollsbiljetter/premier_league/birmingham/blackpool.html HTTP/1.1" 404 -
47.128.47.172 - - [28/Jun/2024:00:50:34 +0200] "GET /ticket2/opencms/system/modules/com.gridnine.opencms.ticketbrokerage.site/resources/pics/logo-new.png HTTP/1.1" 200 13541
47.128.47.172 - - [28/Jun/2024:00:50:35 +0200] "GET /ticket2/opencms/system/modules/com.gridnine.opencms.ticketbrokerage.site/resources/pics/bank_1_nordea.png HTTP/1.1" 200 4807
94.23.7.188 - - [28/Jun/2024:00:50:35 +0200] "GET /ticket2/opencms/sv/buy/?page=1&edid=3F822738-BD55-10B1-3185-42149CD278B9&sortorder=desc&column=section HTTP/1.1" 200 87552
47.128.47.172 - - [28/Jun/2024:00:50:35 +0200] "GET /ticket2/opencms/system/modules/com.gridnine.opencms.ticketbrokerage.site/resources/pics/bank_6_american_express.png HTTP/1.1" 200 5570
47.128.47.172 - - [28/Jun/2024:00:50:36 +0200] "GET /ticket2/opencms/system/modules/com.gridnine.opencms.ticketbrokerage.site/resources/pics/bank_5_visa_mastercard.png HTTP/1.1" 200 8196
47.128.47.172 - - [28/Jun/2024:00:50:36 +0200] "GET /ticket2/opencms/system/modules/com.gridnine.opencms.ticketbrokerage.site/resources/pics/bank_2_handelsbanken.png HTTP/1.1" 200 4509
47.128.47.172 - - [28/Jun/2024:00:50:36 +0200] "GET /ticket2/opencms/system/modules/com.gridnine.opencms.ticketbrokerage.site/resources/pics/bank_3_swedbank.png HTTP/1.1" 200 5740
47.128.47.172 - - [28/Jun/2024:00:50:36 +0200] "GET /ticket2/opencms/system/modules/com.gridnine.opencms.ticketbrokerage.site/resources/pics/bank_4_seb.png HTTP/1.1" 200 2487
52.70.240.171 - - [28/Jun/2024:00:50:37 +0200] "GET /ticket2/opencms/sites/ticketbrokerage/sv/sport/fotbollsbiljetter/premier_league/birmingham/blackburn_rovers.html HTTP/1.1" 404 -
5.9.55.228 - - [28/Jun/2024:00:50:38 +0200] "GET /ticket2/opencms/en/venue/?countryid=D2692076-DE03-44FD-327A-B8175A419AF6 HTTP/1.1" 200 100730
94.23.7.188 - - [28/Jun/2024:00:50:38 +0200] "GET /ticket2/opencms/sv/buy/?page=1&edid=401CD235-D1EE-5A91-A749-CF58F670CF2A HTTP/1.1" 200 89100
52.70.240.171 - - [28/Jun/2024:00:50:41 +0200] "GET /ticket2/opencms/sites/ticketbrokerage/sv/sport/fotbollsbiljetter/premier_league/birmingham/aston_villa.html HTTP/1.1" 404 -
83.249.170.137 - - [28/Jun/2024:00:50:45 +0200] "GET /ticket2/opencms/sv/buy?page=2&sodvid=666cb574-de68-4a7b-b057-48290a01000f HTTP/1.1" 200 98537
3.224.220.101 - - [28/Jun/2024:00:50:45 +0200] "GET /ticket2/opencms/sites/ticketbrokerage/sv/sport/fotbollsbiljetter/premier_league/arsenal/wolverhampton.html HTTP/1.1" 404 -
83.249.170.137 - - [28/Jun/2024:00:50:46 +0200] "GET /ticket2/opencms/system/modules/com.gridnine.opencms.ticketbrokerage.site/resources/css/ticketbrokerage.css HTTP/1.1" 200 39339
83.249.170.137 - - [28/Jun/2024:00:50:46 +0200] "GET /ticket2/opencms/system/modules/com.gridnine.opencms.ticketbrokerage.site/resources/js/calendar.js HTTP/1.1" 200 49229
83.249.170.137 - - [28/Jun/2024:00:50:46 +0200] "GET /ticket2/opencms/system/modules/com.gridnine.opencms.ticketbrokerage.site/resources/js/standard.js HTTP/1.1" 200 3978
83.249.170.137 - - [28/Jun/2024:00:50:46 +0200] "GET /ticket2/opencms/system/modules/com.gridnine.opencms.ticketbrokerage.site/resources/css/calendar.css HTTP/1.1" 200 6871
83.249.170.137 - - [28/Jun/2024:00:50:46 +0200] "GET /ticket2/opencms/system/modules/com.gridnine.opencms.ticketbrokerage.site/resources/js/calendar-setup.js HTTP/1.1" 200 4923
83.249.170.137 - - [28/Jun/2024:00:50:46 +0200] "GET /ticket2/opencms/system/modules/com.gridnine.opencms.ticketbrokerage.site/resources/js/functions.js HTTP/1.1" 200 1583
83.249.170.137 - - [28/Jun/2024:00:50:46 +0200] "GET /ticket2/opencms/system/modules/com.gridnine.opencms.ticketbrokerage.site/resources/css/standard.css HTTP/1.1" 200 71935
83.249.170.137 - - [28/Jun/2024:00:50:46 +0200] "GET /ticket2/opencms/system/modules/com.gridnine.opencms.ticketbrokerage.site/resources/js/calendar-en.js HTTP/1.1" 200 3338
83.249.170.137 - - [28/Jun/2024:00:50:47 +0200] "GET /ticket2/opencms/system/modules/com.gridnine.opencms.ticketbrokerage.site/resources/css/images/ui-bg_flat_75_ffffff_40x100.png HTTP/1.1" 404 -
94.23.7.188 - - [28/Jun/2024:00:50:49 +0200] "GET /ticket2/opencms/sv/buy/?page=1&edid=4105D8CD-D088-4DA8-FE5F-C7AF0BF13DEB&sortorder=asc&column=price HTTP/1.1" 200 88079
23.22.35.162 - - [28/Jun/2024:00:50:50 +0200] "GET /ticket2/opencms/sites/ticketbrokerage/sv/sport/fotbollsbiljetter/premier_league/arsenal/west_ham_united.html HTTP/1.1" 404 -
23.22.35.162 - - [28/Jun/2024:00:50:54 +0200] "GET /ticket2/opencms/sites/ticketbrokerage/sv/sport/fotbollsbiljetter/premier_league/arsenal/west-bromwich-albion.html HTTP/1.1" 404 -
47.128.58.33 - - [28/Jun/2024:00:50:56 +0200] "GET /ticket2/opencms/fi/buy/?catid=95AE85B5-8979-BB11-643C-430ACC6D50F9&comcatid=810BB404-4103-77F2-A6C2-12D5E6C338E2 HTTP/1.1" 200 75074
47.128.58.33 - - [28/Jun/2024:00:50:57 +0200] "GET /ticket2/opencms/system/modules/com.gridnine.opencms.ticketbrokerage.site/resources/pics/logo-new.png HTTP/1.1" 200 13541
47.128.58.33 - - [28/Jun/2024:00:50:57 +0200] "GET /ticket2/opencms/system/modules/com.gridnine.opencms.ticketbrokerage.site/resources/pics/bank_2_handelsbanken.png HTTP/1.1" 200 4509
5.9.55.228 - - [28/Jun/2024:00:50:57 +0200] "GET /ticket2/opencms/en/venue/?countryid=D1CF94F0-7D29-9934-B390-888966FEE978 HTTP/1.1" 200 100730
3.224.220.101 - - [28/Jun/2024:00:50:57 +0200] "GET /ticket2/opencms/sites/ticketbrokerage/sv/sport/fotbollsbiljetter/premier_league/arsenal/manchester_united.html HTTP/1.1" 404 -
47.128.58.33 - - [28/Jun/2024:00:50:58 +0200] "GET /ticket2/opencms/system/modules/com.gridnine.opencms.ticketbrokerage.site/resources/pics/bank_1_nordea.png HTTP/1.1" 200 4807
47.128.58.33 - - [28/Jun/2024:00:50:58 +0200] "GET /ticket2/opencms/system/modules/com.gridnine.opencms.ticketbrokerage.site/resources/pics/bank_3_swedbank.png HTTP/1.1" 200 5740
47.128.58.33 - - [28/Jun/2024:00:50:58 +0200] "GET /ticket2/opencms/system/modules/com.gridnine.opencms.ticketbrokerage.site/resources/pics/bank_4_seb.png HTTP/1.1" 200 2487
47.128.58.33 - - [28/Jun/2024:00:50:58 +0200] "GET /ticket2/opencms/system/modules/com.gridnine.opencms.ticketbrokerage.site/resources/pics/bank_5_visa_mastercard.png HTTP/1.1" 200 8196
