3.224.220.101 - - [28/Jun/2024:01:53:58 +0200] "GET /ticket2/opencms/sv/buy/?edid=BE9538C3-9C42-28A4-854A-5FADE060382A&page=1 HTTP/1.1" 200 110837
52.70.240.171 - - [28/Jun/2024:01:54:02 +0200] "GET /ticket2/opencms/sv/buy/?edid=9D2DFDC9-4BC5-EECE-32CF-AF6FA9041457&page=1 HTTP/1.1" 200 110834
52.70.240.171 - - [28/Jun/2024:01:54:06 +0200] "GET /ticket2/opencms/sv/buy/?edid=C65C7DD7-B53E-6743-1299-72135D790427&page=1 HTTP/1.1" 200 110834
3.224.220.101 - - [28/Jun/2024:01:54:10 +0200] "GET /ticket2/opencms/sv/buy/?edid=2C495116-CB98-C9E3-B9E8-389135800397&page=1 HTTP/1.1" 200 110838
47.128.40.78 - - [28/Jun/2024:01:54:10 +0200] "GET /ticket2/opencms/fr/buy/?comcatid=B41CCF2B-5558-7AEE-3602-09BBDE417D65 HTTP/1.1" 200 74969
47.128.40.78 - - [28/Jun/2024:01:54:11 +0200] "GET /ticket2/opencms/system/modules/com.gridnine.opencms.ticketbrokerage.site/resources/pics/logo-new.png HTTP/1.1" 200 13541
47.128.40.78 - - [28/Jun/2024:01:54:12 +0200] "GET /ticket2/opencms/system/modules/com.gridnine.opencms.ticketbrokerage.site/resources/pics/bank_2_handelsbanken.png HTTP/1.1" 200 4509
47.128.40.78 - - [28/Jun/2024:01:54:12 +0200] "GET /ticket2/opencms/system/modules/com.gridnine.opencms.ticketbrokerage.site/resources/pics/bank_3_swedbank.png HTTP/1.1" 200 5740
47.128.40.78 - - [28/Jun/2024:01:54:12 +0200] "GET /ticket2/opencms/system/modules/com.gridnine.opencms.ticketbrokerage.site/resources/pics/bank_1_nordea.png HTTP/1.1" 200 4807
47.128.40.78 - - [28/Jun/2024:01:54:12 +0200] "GET /ticket2/opencms/system/modules/com.gridnine.opencms.ticketbrokerage.site/resources/pics/bank_4_seb.png HTTP/1.1" 200 2487
47.128.40.78 - - [28/Jun/2024:01:54:12 +0200] "GET /ticket2/opencms/system/modules/com.gridnine.opencms.ticketbrokerage.site/resources/pics/bank_5_visa_mastercard.png HTTP/1.1" 200 8196
47.128.40.78 - - [28/Jun/2024:01:54:12 +0200] "GET /ticket2/opencms/system/modules/com.gridnine.opencms.ticketbrokerage.site/resources/pics/bank_6_american_express.png HTTP/1.1" 200 5570
3.224.220.101 - - [28/Jun/2024:01:54:14 +0200] "GET /ticket2/opencms/sv/buy/?edid=10C00DD9-2619-A832-C970-E24EDAAD57C7&page=1 HTTP/1.1" 200 110838
52.70.240.171 - - [28/Jun/2024:01:54:18 +0200] "GET /ticket2/opencms/sv/buy/?edid=AF39FAB5-FE06-5368-91B7-FED96ACA064E&page=1 HTTP/1.1" 200 110841
51.222.253.6 - - [28/Jun/2024:01:54:19 +0200] "GET /ticket2/opencms/dk/venue/?countryid=52C47DB4-FAB4-2851-C1B4-C8688282983C HTTP/1.1" 200 101181
23.22.35.162 - - [28/Jun/2024:01:54:23 +0200] "GET /ticket2/opencms/sv/buy/?edid=486EB1CD-95BE-ED77-9E64-4E49BB28C6F8&page=1 HTTP/1.1" 200 110832
3.224.220.101 - - [28/Jun/2024:01:54:26 +0200] "GET /ticket2/opencms/sv/buy/?edid=17FCF75B-5941-6553-7E99-DDA280BBDB43&page=1 HTTP/1.1" 200 110826
23.22.35.162 - - [28/Jun/2024:01:54:30 +0200] "GET /ticket2/opencms/sv/buy/?edid=F1519602-1E42-EA6F-350D-2F5319B545EA&page=1 HTTP/1.1" 200 110836
47.128.33.137 - - [28/Jun/2024:01:54:34 +0200] "GET /ticket2/opencms/fi/buy/?catid=55D1256D-BDD9-CBA3-47A3-0A252F702555&comcatid=97ECA65A-72DA-F9AF-9DBB-245D3CFED1BE&page=6 HTTP/1.1" 200 78248
52.70.240.171 - - [28/Jun/2024:01:54:34 +0200] "GET /ticket2/opencms/sv/buy/?edid=7CAFAFC0-24E6-FEED-327F-0B9B876C4B81&page=1 HTTP/1.1" 200 87554
47.128.29.118 - - [28/Jun/2024:01:54:34 +0200] "GET /ticket2/opencms/de/buy/?catid=8E4972FC-6E2C-77A4-BB9D-D67BD270A641&comcatid=0A6B8208-FDA4-E929-9D72-5312FD481B76 HTTP/1.1" 200 76419
47.128.33.137 - - [28/Jun/2024:01:54:35 +0200] "GET /ticket2/opencms/system/modules/com.gridnine.opencms.ticketbrokerage.site/resources/css/standard.css HTTP/1.1" 200 71935
47.128.29.118 - - [28/Jun/2024:01:54:35 +0200] "GET /ticket2/opencms/system/modules/com.gridnine.opencms.ticketbrokerage.site/resources/pics/logo-new.png HTTP/1.1" 200 13541
47.128.29.118 - - [28/Jun/2024:01:54:36 +0200] "GET /ticket2/opencms/system/modules/com.gridnine.opencms.ticketbrokerage.site/resources/pics/bank_2_handelsbanken.png HTTP/1.1" 200 4509
47.128.33.137 - - [28/Jun/2024:01:54:36 +0200] "GET /ticket2/opencms/system/modules/com.gridnine.opencms.ticketbrokerage.site/resources/css/jquery.fancybox.css HTTP/1.1" 200 4939
47.128.29.118 - - [28/Jun/2024:01:54:36 +0200] "GET /ticket2/opencms/system/modules/com.gridnine.opencms.ticketbrokerage.site/resources/pics/bank_1_nordea.png HTTP/1.1" 200 4807
47.128.29.118 - - [28/Jun/2024:01:54:37 +0200] "GET /ticket2/opencms/system/modules/com.gridnine.opencms.ticketbrokerage.site/resources/pics/bank_3_swedbank.png HTTP/1.1" 200 5740
47.128.29.118 - - [28/Jun/2024:01:54:37 +0200] "GET /ticket2/opencms/system/modules/com.gridnine.opencms.ticketbrokerage.site/resources/pics/bank_4_seb.png HTTP/1.1" 200 2487
47.128.33.137 - - [28/Jun/2024:01:54:37 +0200] "GET /ticket2/opencms/system/modules/com.gridnine.opencms.ticketbrokerage.site/resources/pics/logo-new.png HTTP/1.1" 200 13541
47.128.29.118 - - [28/Jun/2024:01:54:37 +0200] "GET /ticket2/opencms/system/modules/com.gridnine.opencms.ticketbrokerage.site/resources/pics/bank_6_american_express.png HTTP/1.1" 200 5570
47.128.29.118 - - [28/Jun/2024:01:54:37 +0200] "GET /ticket2/opencms/system/modules/com.gridnine.opencms.ticketbrokerage.site/resources/pics/bank_5_visa_mastercard.png HTTP/1.1" 200 8196
47.128.33.137 - - [28/Jun/2024:01:54:37 +0200] "GET /ticket2/opencms/system/modules/com.gridnine.opencms.ticketbrokerage.site/resources/pics/bank_3_swedbank.png HTTP/1.1" 200 5740
47.128.33.137 - - [28/Jun/2024:01:54:37 +0200] "GET /ticket2/opencms/system/modules/com.gridnine.opencms.ticketbrokerage.site/resources/pics/bank_1_nordea.png HTTP/1.1" 200 4807
5.9.55.228 - - [28/Jun/2024:01:54:37 +0200] "GET /ticket2/opencms/en/buy/?page=1&edid=5049F443-2967-4BC4-9DF8-22395FCF3C8C HTTP/1.1" 200 86738
47.128.33.137 - - [28/Jun/2024:01:54:37 +0200] "GET /ticket2/opencms/system/modules/com.gridnine.opencms.ticketbrokerage.site/resources/pics/bank_5_visa_mastercard.png HTTP/1.1" 200 8196
47.128.33.137 - - [28/Jun/2024:01:54:37 +0200] "GET /ticket2/opencms/system/modules/com.gridnine.opencms.ticketbrokerage.site/resources/pics/bank_4_seb.png HTTP/1.1" 200 2487
47.128.33.137 - - [28/Jun/2024:01:54:37 +0200] "GET /ticket2/opencms/system/modules/com.gridnine.opencms.ticketbrokerage.site/resources/pics/bank_2_handelsbanken.png HTTP/1.1" 200 4509
47.128.33.137 - - [28/Jun/2024:01:54:38 +0200] "GET /ticket2/opencms/system/modules/com.gridnine.opencms.ticketbrokerage.site/resources/pics/bank_6_american_express.png HTTP/1.1" 200 5570
3.224.220.101 - - [28/Jun/2024:01:54:38 +0200] "GET /ticket2/opencms/sv/buy/?edid=7568E602-7C67-35D2-952F-D243F8930169&page=1 HTTP/1.1" 200 111645
54.177.143.233 - - [28/Jun/2024:01:54:39 +0200] "GET /ticket2/opencms/dk/robots.txt HTTP/1.1" 404 -
66.249.76.168 - - [28/Jun/2024:01:54:39 +0200] "GET /ticket2/opencms/dk/buy/?comcatid=97ECA65A-72DA-F9AF-9DBB-245D3CFED1BE&catid=F4D223A4-C027-46DC-3DE5-726A23E30A62 HTTP/1.1" 200 77200
54.177.143.233 - - [28/Jun/2024:01:54:41 +0200] "HEAD /ticket2/opencms/dk/sitemap.xml HTTP/1.1" 200 -
66.249.72.101 - - [28/Jun/2024:01:54:41 +0200] "GET /ticket2/opencms/de/buy?page=1&edid=F1463EBE-6C18-CF49-B2AE-F79868BCA4F5 HTTP/1.1" 200 117489
54.177.143.233 - - [28/Jun/2024:01:54:42 +0200] "GET /ticket2/opencms/dk/sitemap.xml HTTP/1.1" 200 76218
3.224.220.101 - - [28/Jun/2024:01:54:42 +0200] "GET /ticket2/opencms/sv/buy/?edid=7F8DD7AE-C02D-DBD7-A437-1943525E7DF2&page=1 HTTP/1.1" 200 111642
54.177.143.233 - - [28/Jun/2024:01:54:43 +0200] "GET /ticket2/opencms/dk/sitemap.xml HTTP/1.1" 200 76218
23.22.35.162 - - [28/Jun/2024:01:54:46 +0200] "GET /ticket2/opencms/sv/buy/?edid=E53C8E7A-C1C8-80DF-ED27-96FEFF6B5147&page=1 HTTP/1.1" 200 111643
3.224.220.101 - - [28/Jun/2024:01:54:51 +0200] "GET /ticket2/opencms/sv/buy/?edid=8A787324-CD72-C476-64CB-87071CD71C2F&page=1 HTTP/1.1" 200 111640
47.128.39.91 - - [28/Jun/2024:01:54:52 +0200] "GET /ticket2/opencms/fi/buy/?edid=49AE40A4-FFEF-9739-399E-88E262ED311F HTTP/1.1" 200 73261
47.128.39.91 - - [28/Jun/2024:01:54:52 +0200] "GET /ticket2/opencms/system/modules/com.gridnine.opencms.ticketbrokerage.site/resources/pics/logo-new.png HTTP/1.1" 200 13541
47.128.39.91 - - [28/Jun/2024:01:54:53 +0200] "GET /ticket2/opencms/system/modules/com.gridnine.opencms.ticketbrokerage.site/resources/pics/bank_1_nordea.png HTTP/1.1" 200 4807
47.128.39.91 - - [28/Jun/2024:01:54:54 +0200] "GET /ticket2/opencms/system/modules/com.gridnine.opencms.ticketbrokerage.site/resources/pics/bank_2_handelsbanken.png HTTP/1.1" 200 4509
47.128.39.91 - - [28/Jun/2024:01:54:54 +0200] "GET /ticket2/opencms/system/modules/com.gridnine.opencms.ticketbrokerage.site/resources/pics/bank_3_swedbank.png HTTP/1.1" 200 5740
47.128.39.91 - - [28/Jun/2024:01:54:54 +0200] "GET /ticket2/opencms/system/modules/com.gridnine.opencms.ticketbrokerage.site/resources/pics/bank_4_seb.png HTTP/1.1" 200 2487
47.128.39.91 - - [28/Jun/2024:01:54:54 +0200] "GET /ticket2/opencms/system/modules/com.gridnine.opencms.ticketbrokerage.site/resources/pics/bank_5_visa_mastercard.png HTTP/1.1" 200 8196
47.128.39.91 - - [28/Jun/2024:01:54:54 +0200] "GET /ticket2/opencms/system/modules/com.gridnine.opencms.ticketbrokerage.site/resources/pics/bank_6_american_express.png HTTP/1.1" 200 5570
23.22.35.162 - - [28/Jun/2024:01:54:54 +0200] "GET /ticket2/opencms/sv/buy/?edid=9CB65BAE-DCD8-2D95-397D-813CF31BA500&page=1 HTTP/1.1" 200 111639
185.202.238.84 - - [28/Jun/2024:01:54:57 +0200] "GET /ticket2/opencms/dk/dk/buy/?page=1&edid=E2FF13E6-DFDF-8758-C2F3-20694194FCC2&sortorder=asc&column=section HTTP/1.1" 404 -
47.128.120.96 - - [28/Jun/2024:01:54:58 +0200] "GET /ticket2/opencms/partners/ HTTP/1.1" 200 14828
23.22.35.162 - - [28/Jun/2024:01:54:58 +0200] "GET /ticket2/opencms/sv/buy/?edid=81CABF18-BA6D-C79B-B74D-94D66EB07C86&page=1 HTTP/1.1" 200 111643
47.128.120.96 - - [28/Jun/2024:01:54:59 +0200] "GET /ticket2/opencms/system/modules/com.gridnine.opencms.ticketbrokerage.site/resources/pics/logo-new.png HTTP/1.1" 200 13541
47.128.120.96 - - [28/Jun/2024:01:55:00 +0200] "GET /ticket2/opencms/system/modules/com.gridnine.opencms.ticketbrokerage.site/resources/pics/front_page/sv/Svenska_fans.jpg HTTP/1.1" 200 7096
47.128.120.96 - - [28/Jun/2024:01:55:00 +0200] "GET /ticket2/opencms/system/modules/com.gridnine.opencms.ticketbrokerage.site/resources/pics/right_side_bar/fi/facebook.png HTTP/1.1" 200 2017
47.128.120.96 - - [28/Jun/2024:01:55:00 +0200] "GET /ticket2/opencms/system/modules/com.gridnine.opencms.ticketbrokerage.site/resources/pics/partners/fotboll_direkt.png HTTP/1.1" 200 14373
47.128.120.96 - - [28/Jun/2024:01:55:00 +0200] "GET /ticket2/opencms/system/modules/com.gridnine.opencms.ticketbrokerage.site/resources/pics/partners/Hockeysverige.jpg HTTP/1.1" 200 8841
47.128.120.96 - - [28/Jun/2024:01:55:00 +0200] "GET /ticket2/opencms/system/modules/com.gridnine.opencms.ticketbrokerage.site/resources/pics/front_page/sv/elite_prospects.png HTTP/1.1" 200 14543
47.128.120.96 - - [28/Jun/2024:01:55:00 +0200] "GET /ticket2/opencms/system/modules/com.gridnine.opencms.ticketbrokerage.site/resources/pics/bank_1_nordea.png HTTP/1.1" 200 4807
47.128.120.96 - - [28/Jun/2024:01:55:00 +0200] "GET /ticket2/opencms/system/modules/com.gridnine.opencms.ticketbrokerage.site/resources/pics/right_side_bar/fi/instagram.png HTTP/1.1" 200 2709
47.128.120.96 - - [28/Jun/2024:01:55:01 +0200] "GET /ticket2/opencms/system/modules/com.gridnine.opencms.ticketbrokerage.site/resources/pics/bank_2_handelsbanken.png HTTP/1.1" 200 4509
47.128.120.96 - - [28/Jun/2024:01:55:01 +0200] "GET /ticket2/opencms/system/modules/com.gridnine.opencms.ticketbrokerage.site/resources/pics/bank_3_swedbank.png HTTP/1.1" 200 5740
47.128.120.96 - - [28/Jun/2024:01:55:01 +0200] "GET /ticket2/opencms/system/modules/com.gridnine.opencms.ticketbrokerage.site/resources/pics/bank_4_seb.png HTTP/1.1" 200 2487
47.128.120.96 - - [28/Jun/2024:01:55:01 +0200] "GET /ticket2/opencms/system/modules/com.gridnine.opencms.ticketbrokerage.site/resources/pics/bank_5_visa_mastercard.png HTTP/1.1" 200 8196
47.128.120.96 - - [28/Jun/2024:01:55:01 +0200] "GET /ticket2/opencms/system/modules/com.gridnine.opencms.ticketbrokerage.site/resources/pics/bank_6_american_express.png HTTP/1.1" 200 5570
3.224.220.101 - - [28/Jun/2024:01:55:03 +0200] "GET /ticket2/opencms/sv/buy/?edid=73ADC408-1051-3D3B-0D53-5DA8E608120E&page=1 HTTP/1.1" 200 111639
5.9.55.228 - - [28/Jun/2024:01:55:03 +0200] "GET /ticket2/opencms/en/buy/?page=1&edid=97BBEAE3-84A6-961D-E0ED-041396994F7B HTTP/1.1" 200 87996
52.167.144.163 - - [28/Jun/2024:01:55:05 +0200] "GET /ticket2/opencms/en/venue/?countryid=0B8FEDC3-C68A-3535-943E-BD0B117D00A8 HTTP/1.1" 200 101850
23.22.35.162 - - [28/Jun/2024:01:55:06 +0200] "GET /ticket2/opencms/sv/buy/?edid=5605B728-A815-14DD-9E19-09BABDE81131&page=1 HTTP/1.1" 200 111641
23.22.35.162 - - [28/Jun/2024:01:55:10 +0200] "GET /ticket2/opencms/sv/buy/?edid=D771BB60-0217-E0E2-A4A8-756428AAA5D6&page=1 HTTP/1.1" 200 88359
52.70.240.171 - - [28/Jun/2024:01:55:14 +0200] "GET /ticket2/opencms/sv/buy/?edid=C8C69015-BCBB-8460-663E-8B2E58614425&page=1 HTTP/1.1" 200 111643
23.22.35.162 - - [28/Jun/2024:01:55:19 +0200] "GET /ticket2/opencms/sv/buy/?edid=F03BC80C-51C9-D5C8-6DEC-FA800785943C&page=1 HTTP/1.1" 200 111629
3.224.220.101 - - [28/Jun/2024:01:55:22 +0200] "GET /ticket2/opencms/sv/buy/?edid=0F75B18C-E221-E332-009D-FADB7D439839&page=1 HTTP/1.1" 200 111637
47.128.120.79 - - [28/Jun/2024:01:55:23 +0200] "GET /ticket2/opencms/sv/about/press/ HTTP/1.1" 200 73779
5.9.55.228 - - [28/Jun/2024:01:55:23 +0200] "GET /ticket2/opencms/en/buy/?page=1&edid=3F81A579-C5D8-A8AE-791F-F6F1E7AD279B HTTP/1.1" 200 87199
47.128.120.79 - - [28/Jun/2024:01:55:24 +0200] "GET /ticket2/opencms/system/modules/com.gridnine.opencms.ticketbrokerage.site/resources/pics/logo-new.png HTTP/1.1" 200 13541
47.128.120.79 - - [28/Jun/2024:01:55:25 +0200] "GET /ticket2/opencms/system/modules/com.gridnine.opencms.ticketbrokerage.site/resources/pics/banners/Om_Ticket2.jpg HTTP/1.1" 200 22578
47.128.120.79 - - [28/Jun/2024:01:55:25 +0200] "GET /ticket2/opencms/system/modules/com.gridnine.opencms.ticketbrokerage.site/resources/pics/bank_5_visa_mastercard.png HTTP/1.1" 200 8196
47.128.120.79 - - [28/Jun/2024:01:55:25 +0200] "GET /ticket2/opencms/system/modules/com.gridnine.opencms.ticketbrokerage.site/resources/pics/bank_2_handelsbanken.png HTTP/1.1" 200 4509
47.128.120.79 - - [28/Jun/2024:01:55:25 +0200] "GET /ticket2/opencms/system/modules/com.gridnine.opencms.ticketbrokerage.site/resources/pics/bank_1_nordea.png HTTP/1.1" 200 4807
47.128.120.79 - - [28/Jun/2024:01:55:25 +0200] "GET /ticket2/opencms/system/modules/com.gridnine.opencms.ticketbrokerage.site/resources/pics/bank_3_swedbank.png HTTP/1.1" 200 5740
47.128.120.79 - - [28/Jun/2024:01:55:25 +0200] "GET /ticket2/opencms/system/modules/com.gridnine.opencms.ticketbrokerage.site/resources/pics/bank_4_seb.png HTTP/1.1" 200 2487
47.128.120.79 - - [28/Jun/2024:01:55:25 +0200] "GET /ticket2/opencms/system/modules/com.gridnine.opencms.ticketbrokerage.site/resources/pics/bank_6_american_express.png HTTP/1.1" 200 5570
3.224.220.101 - - [28/Jun/2024:01:55:26 +0200] "GET /ticket2/opencms/sv/buy/?edid=96E011DF-5241-3266-195A-F1BA5B4FE37C&page=1 HTTP/1.1" 200 88361
47.128.56.252 - - [28/Jun/2024:01:55:28 +0200] "GET /ticket2/opencms/fr/buy/?catid=8732E72C-A028-EA8C-4D4D-DEB44E2A28A8&comcatid=97ECA65A-72DA-F9AF-9DBB-245D3CFED1BE HTTP/1.1" 200 77795
47.128.56.252 - - [28/Jun/2024:01:55:29 +0200] "GET /ticket2/opencms/system/modules/com.gridnine.opencms.ticketbrokerage.site/resources/js/calendar-en.js HTTP/1.1" 200 3338
47.128.56.252 - - [28/Jun/2024:01:55:30 +0200] "GET /ticket2/opencms/system/modules/com.gridnine.opencms.ticketbrokerage.site/resources/pics/logo-new.png HTTP/1.1" 200 13541
47.128.56.252 - - [28/Jun/2024:01:55:30 +0200] "GET /ticket2/opencms/system/modules/com.gridnine.opencms.ticketbrokerage.site/resources/pics/bank_4_seb.png HTTP/1.1" 200 2487
47.128.56.252 - - [28/Jun/2024:01:55:30 +0200] "GET /ticket2/opencms/system/modules/com.gridnine.opencms.ticketbrokerage.site/resources/pics/bank_3_swedbank.png HTTP/1.1" 200 5740
3.224.220.101 - - [28/Jun/2024:01:55:31 +0200] "GET /ticket2/opencms/sv/buy/?edid=361EAD73-436C-F7FD-91EE-7D353735C8BC&page=1 HTTP/1.1" 200 111638
47.128.56.252 - - [28/Jun/2024:01:55:31 +0200] "GET /ticket2/opencms/system/modules/com.gridnine.opencms.ticketbrokerage.site/resources/pics/bank_5_visa_mastercard.png HTTP/1.1" 200 8196
47.128.56.252 - - [28/Jun/2024:01:55:31 +0200] "GET /ticket2/opencms/system/modules/com.gridnine.opencms.ticketbrokerage.site/resources/pics/bank_1_nordea.png HTTP/1.1" 200 4807
47.128.56.252 - - [28/Jun/2024:01:55:31 +0200] "GET /ticket2/opencms/system/modules/com.gridnine.opencms.ticketbrokerage.site/resources/pics/bank_2_handelsbanken.png HTTP/1.1" 200 4509
47.128.56.252 - - [28/Jun/2024:01:55:31 +0200] "GET /ticket2/opencms/system/modules/com.gridnine.opencms.ticketbrokerage.site/resources/pics/bank_6_american_express.png HTTP/1.1" 200 5570
23.22.35.162 - - [28/Jun/2024:01:55:34 +0200] "GET /ticket2/opencms/sv/buy/?edid=9298EE47-1A7F-20BC-182D-AD5062126FDE&page=1 HTTP/1.1" 200 88361
51.222.253.1 - - [28/Jun/2024:01:55:35 +0200] "GET /ticket2/opencms/dk/venue/?countryid=C8ABE51D-DDC3-D19F-A0F7-AA8797A5EB51 HTTP/1.1" 200 101181
23.22.35.162 - - [28/Jun/2024:01:55:38 +0200] "GET /ticket2/opencms/sv/buy/?edid=78077671-6D1C-6384-F4E3-25AAC0A5B810&page=1 HTTP/1.1" 200 111631
5.9.55.228 - - [28/Jun/2024:01:55:41 +0200] "GET /ticket2/opencms/en/buy/?page=1&edid=3F87137A-1EEA-8B97-ED7A-AF9E348CC6BD HTTP/1.1" 200 86929
216.244.66.238 - - [28/Jun/2024:01:55:42 +0200] "GET /ticket2/opencms/robots.txt HTTP/1.1" 200 773
52.70.240.171 - - [28/Jun/2024:01:55:42 +0200] "GET /ticket2/opencms/sv/buy/?edid=236F7016-4763-1BAF-F2F0-3C25D5C100A7&page=1 HTTP/1.1" 200 111639
66.249.75.96 - - [28/Jun/2024:01:55:43 +0200] "GET /ticket2/opencms/fi/venue/?venueid=50B47957-F9F6-9292-CAD2-22ADFDFA8DE2 HTTP/1.1" 200 72909
66.249.76.170 - - [28/Jun/2024:01:55:44 +0200] "GET /ticket2/opencms/no/buy/?page=1&edid=1291CD6B-4651-52CC-8D36-B0FB58FEEDFA HTTP/1.1" 200 107210
66.249.76.4 - - [28/Jun/2024:01:55:45 +0200] "GET /ticket2/opencms/de/buy?page=1&edid=B7C31852-4938-05B8-A23C-0248E7A3D5BA HTTP/1.1" 200 108281
66.249.76.161 - - [28/Jun/2024:01:55:45 +0200] "GET /ticket2/opencms/sv/sport/fotbollsbiljetter/bundesliga/borussia-dortmund/ HTTP/1.1" 200 73014
52.70.240.171 - - [28/Jun/2024:01:55:46 +0200] "GET /ticket2/opencms/sv/buy/?edid=ACB1E7D7-0E7C-427B-E737-7A4E15C5EE0F&page=1 HTTP/1.1" 200 111646
66.249.72.33 - - [28/Jun/2024:01:55:47 +0200] "GET /ticket2/opencms/sv/buy/?page=1&edid=37DFD68F-280A-1D30-F150-17131E8FCDF4 HTTP/1.1" 200 85947
47.128.120.27 - - [28/Jun/2024:01:55:48 +0200] "GET /ticket2/opencms/fi/buy/?catid=64756941-02D2-3538-2077-8C2508F4A3A8&comcatid=A17713B6-D984-201A-4143-ED4DB5ED5C2E HTTP/1.1" 200 83459
47.128.120.27 - - [28/Jun/2024:01:55:49 +0200] "GET /ticket2/opencms/system/modules/com.gridnine.opencms.ticketbrokerage.site/resources/pics/logo-new.png HTTP/1.1" 200 13541
47.128.120.27 - - [28/Jun/2024:01:55:49 +0200] "GET /ticket2/opencms/system/modules/com.gridnine.opencms.ticketbrokerage.site/resources/pics/bank_5_visa_mastercard.png HTTP/1.1" 200 8196
47.128.120.27 - - [28/Jun/2024:01:55:50 +0200] "GET /ticket2/opencms/system/modules/com.gridnine.opencms.ticketbrokerage.site/resources/pics/bank_1_nordea.png HTTP/1.1" 200 4807
47.128.120.27 - - [28/Jun/2024:01:55:50 +0200] "GET /ticket2/opencms/system/modules/com.gridnine.opencms.ticketbrokerage.site/resources/pics/bank_3_swedbank.png HTTP/1.1" 200 5740
47.128.120.27 - - [28/Jun/2024:01:55:50 +0200] "GET /ticket2/opencms/system/modules/com.gridnine.opencms.ticketbrokerage.site/resources/pics/bank_2_handelsbanken.png HTTP/1.1" 200 4509
47.128.120.27 - - [28/Jun/2024:01:55:50 +0200] "GET /ticket2/opencms/system/modules/com.gridnine.opencms.ticketbrokerage.site/resources/pics/bank_6_american_express.png HTTP/1.1" 200 5570
47.128.120.27 - - [28/Jun/2024:01:55:50 +0200] "GET /ticket2/opencms/system/modules/com.gridnine.opencms.ticketbrokerage.site/resources/pics/bank_4_seb.png HTTP/1.1" 200 2487
52.70.240.171 - - [28/Jun/2024:01:55:51 +0200] "GET /ticket2/opencms/sv/buy/?edid=7033050D-85C3-41FB-B689-BE06FAE6772D&page=1 HTTP/1.1" 200 111640
23.22.35.162 - - [28/Jun/2024:01:55:55 +0200] "GET /ticket2/opencms/sv/buy/?edid=5CBB442D-D365-7F4F-B999-AA88D946C632&page=1 HTTP/1.1" 200 116895
52.167.144.190 - - [28/Jun/2024:01:55:55 +0200] "GET /ticket2/opencms/en/buy?page=1&edid=11EFBC55-130A-2310-B776-C5D86878BDAB HTTP/1.1" 200 115334
216.245.221.83 - - [28/Jun/2024:01:55:58 +0200] "HEAD /ticket2/opencms/ HTTP/1.1" 302 -
5.9.55.228 - - [28/Jun/2024:01:55:59 +0200] "GET /ticket2/opencms/en/buy/?eventid=B1E27EAD-2DAB-B132-68A0-815602472CC3&page=10&venueid=7BC1169D-C485-411D-5945-206D54A60C10 HTTP/1.1" 200 72677
23.22.35.162 - - [28/Jun/2024:01:56:00 +0200] "GET /ticket2/opencms/sv/buy/?edid=3289C097-2261-9433-8644-DF033A9EE354&page=1 HTTP/1.1" 200 116892
216.245.221.83 - - [28/Jun/2024:01:56:02 +0200] "HEAD /ticket2/opencms/en/ HTTP/1.1" 200 -
52.70.240.171 - - [28/Jun/2024:01:56:03 +0200] "GET /ticket2/opencms/sv/buy/?edid=26467E66-E432-3709-0425-A75E81B5021A&page=1 HTTP/1.1" 200 116897
23.22.35.162 - - [28/Jun/2024:01:56:06 +0200] "GET /ticket2/opencms/sv/buy/?edid=3583D5C7-607A-E528-A709-844E6A72DC1B&page=1 HTTP/1.1" 200 116900
185.157.223.150 - - [28/Jun/2024:01:56:06 +0200] "GET /ticket2/tickets_export/outgoing/export.txt HTTP/1.1" 200 24612147
23.22.35.162 - - [28/Jun/2024:01:56:10 +0200] "GET /ticket2/opencms/sv/buy/?edid=F1463EBE-6C18-CF49-B2AE-F79868BCA4F5&page=1 HTTP/1.1" 200 116891
47.128.120.229 - - [28/Jun/2024:01:56:12 +0200] "GET /ticket2/opencms/sv/buy/?catid=0A6C99D2-F5BD-7A18-9A5F-5668827042E0&comcatid=A17713B6-D984-201A-4143-ED4DB5ED5C2E&npage=2 HTTP/1.1" 200 198549
47.128.120.229 - - [28/Jun/2024:01:56:13 +0200] "GET /ticket2/opencms/system/modules/com.gridnine.opencms.ticketbrokerage.site/resources/pics/logo-new.png HTTP/1.1" 200 13541
47.128.120.229 - - [28/Jun/2024:01:56:14 +0200] "GET /ticket2/opencms/system/modules/com.gridnine.opencms.ticketbrokerage.site/resources/pics/bank_2_handelsbanken.png HTTP/1.1" 200 4509
47.128.120.229 - - [28/Jun/2024:01:56:14 +0200] "GET /ticket2/opencms/system/modules/com.gridnine.opencms.ticketbrokerage.site/resources/pics/bank_4_seb.png HTTP/1.1" 200 2487
47.128.120.229 - - [28/Jun/2024:01:56:15 +0200] "GET /ticket2/opencms/system/modules/com.gridnine.opencms.ticketbrokerage.site/resources/pics/bank_3_swedbank.png HTTP/1.1" 200 5740
47.128.120.229 - - [28/Jun/2024:01:56:15 +0200] "GET /ticket2/opencms/system/modules/com.gridnine.opencms.ticketbrokerage.site/resources/pics/bank_5_visa_mastercard.png HTTP/1.1" 200 8196
47.128.120.229 - - [28/Jun/2024:01:56:15 +0200] "GET /ticket2/opencms/system/modules/com.gridnine.opencms.ticketbrokerage.site/resources/pics/bank_6_american_express.png HTTP/1.1" 200 5570
47.128.120.229 - - [28/Jun/2024:01:56:15 +0200] "GET /ticket2/opencms/system/modules/com.gridnine.opencms.ticketbrokerage.site/resources/pics/bank_1_nordea.png HTTP/1.1" 200 4807
52.70.240.171 - - [28/Jun/2024:01:56:15 +0200] "GET /ticket2/opencms/sv/buy/?edid=56B38CDE-C52C-9D5C-A997-D65F4CB742AB&page=1 HTTP/1.1" 200 116891
47.128.27.239 - - [28/Jun/2024:01:56:17 +0200] "GET /ticket2/opencms/dk/sport/fodboldbilletter/premier-league/brighton/ HTTP/1.1" 200 83192
5.9.55.228 - - [28/Jun/2024:01:56:17 +0200] "GET /ticket2/opencms/en/buy/?eventid=B2CBADC0-7376-1469-83B0-8FC7D035A53C&page=10&venueid=0E1AD7DC-F63F-ECC2-9070-B20E7ACF07FC HTTP/1.1" 200 72683
23.22.35.162 - - [28/Jun/2024:01:56:18 +0200] "GET /ticket2/opencms/sv/buy/?edid=E0AF4582-F291-60D7-7793-C6DEB6EAEA8A&page=1 HTTP/1.1" 200 116898
47.128.27.239 - - [28/Jun/2024:01:56:19 +0200] "GET /ticket2/opencms/system/modules/com.gridnine.opencms.ticketbrokerage.site/resources/pics/logo-new.png HTTP/1.1" 200 13541
47.128.27.239 - - [28/Jun/2024:01:56:19 +0200] "GET /ticket2/opencms/system/modules/com.gridnine.opencms.ticketbrokerage.site/resources/pics/banners/sv/brighton.jpg HTTP/1.1" 200 32759
47.128.27.239 - - [28/Jun/2024:01:56:20 +0200] "GET /ticket2/opencms/system/modules/com.gridnine.opencms.ticketbrokerage.site/resources/pics/bank_6_american_express.png HTTP/1.1" 200 5570
47.128.27.239 - - [28/Jun/2024:01:56:20 +0200] "GET /ticket2/opencms/system/modules/com.gridnine.opencms.ticketbrokerage.site/resources/pics/bank_1_nordea.png HTTP/1.1" 200 4807
47.128.27.239 - - [28/Jun/2024:01:56:20 +0200] "GET /ticket2/opencms/system/modules/com.gridnine.opencms.ticketbrokerage.site/resources/pics/bank_3_swedbank.png HTTP/1.1" 200 5740
47.128.27.239 - - [28/Jun/2024:01:56:20 +0200] "GET /ticket2/opencms/system/modules/com.gridnine.opencms.ticketbrokerage.site/resources/pics/bank_2_handelsbanken.png HTTP/1.1" 200 4509
47.128.27.239 - - [28/Jun/2024:01:56:20 +0200] "GET /ticket2/opencms/system/modules/com.gridnine.opencms.ticketbrokerage.site/resources/pics/bank_4_seb.png HTTP/1.1" 200 2487
47.128.27.239 - - [28/Jun/2024:01:56:20 +0200] "GET /ticket2/opencms/system/modules/com.gridnine.opencms.ticketbrokerage.site/resources/pics/bank_5_visa_mastercard.png HTTP/1.1" 200 8196
52.70.240.171 - - [28/Jun/2024:01:56:22 +0200] "GET /ticket2/opencms/sv/buy/?edid=4DFD725A-4EAE-5578-E2C8-F093AEA223CD&page=1 HTTP/1.1" 200 116895
40.77.167.76 - - [28/Jun/2024:01:56:23 +0200] "GET /ticket2/opencms/en/buy/?comcatid=A17713B6-D984-201A-4143-ED4DB5ED5C2E&catid=D8B345C9-F7A5-E620-4B43-C34EB0D6885B HTTP/1.1" 200 81683
3.224.220.101 - - [28/Jun/2024:01:56:26 +0200] "GET /ticket2/opencms/sv/buy/?edid=D11D82D4-28DA-1768-D317-EF521A2F97E6&page=1 HTTP/1.1" 200 116893
10.128.0.111 - - [28/Jun/2024:01:56:33 +0200] "GET / HTTP/1.1" 404 -
23.22.35.162 - - [28/Jun/2024:01:56:34 +0200] "GET /ticket2/opencms/sv/buy/?edid=341262D8-7A59-5821-1DA8-A5F36D843BF9&page=1 HTTP/1.1" 200 116895
52.70.240.171 - - [28/Jun/2024:01:56:34 +0200] "GET /ticket2/opencms/sv/buy/?edid=0F9D6B87-FBA2-98F6-6A11-CBBA4D2A86C1&page=1 HTTP/1.1" 200 116894
5.9.55.228 - - [28/Jun/2024:01:56:37 +0200] "GET /ticket2/opencms/en/buy/?eventid=B2CBADC0-7376-1469-83B0-8FC7D035A53C&page=10&venueid=18FD821D-6DDA-C3F8-586C-11DB373981E5 HTTP/1.1" 200 72683
23.22.35.162 - - [28/Jun/2024:01:56:38 +0200] "GET /ticket2/opencms/sv/buy/?edid=729B4624-40AD-E7A7-F9BA-94230F6FDC91&page=1 HTTP/1.1" 200 116891
23.22.35.162 - - [28/Jun/2024:01:56:42 +0200] "GET /ticket2/opencms/sv/buy/?edid=077A4D05-90D5-AF2A-B689-A4F52E73EBA2&page=1 HTTP/1.1" 200 116893
172.203.163.2 - - [28/Jun/2024:01:56:43 +0200] "GET /ticket2/opencms/system/modules/com.gridnine.opencms.ticketbrokerage.site/resources/pics/bank_1_nordea.png HTTP/1.1" 200 4807
23.22.35.162 - - [28/Jun/2024:01:56:47 +0200] "GET /ticket2/opencms/sv/buy/?edid=FB201BEF-97AC-F5AA-1C79-FCD23FE64214&page=1 HTTP/1.1" 200 116891
66.249.72.34 - - [28/Jun/2024:01:56:47 +0200] "GET /ticket2/opencms/venue/stockholms-stadion.gif HTTP/1.1" 200 13134
66.249.76.8 - - [28/Jun/2024:01:56:49 +0200] "GET /ticket2/opencms/fi/venue/?venueid=7E3A2D74-DA88-871F-895E-1180E253F56F HTTP/1.1" 200 72917
66.249.76.1 - - [28/Jun/2024:01:56:50 +0200] "GET /ticket2/opencms/sv/venue/?venueid=E42DAA3B-8D14-C1C2-324E-BD1238E886E9 HTTP/1.1" 200 72164
52.70.240.171 - - [28/Jun/2024:01:56:50 +0200] "GET /ticket2/opencms/sv/buy/?edid=145F87FE-BCE7-15CF-CE4F-3702933DA737&page=1 HTTP/1.1" 200 116893
66.249.72.33 - - [28/Jun/2024:01:56:51 +0200] "GET /ticket2/opencms/sv/buy/?page=1&edid=17FCF75B-5941-6553-7E99-DDA280BBDB43 HTTP/1.1" 200 110826
66.249.75.161 - - [28/Jun/2024:01:56:52 +0200] "GET /ticket2/opencms/dk/buy/?page=1&edid=F47DF802-2646-14FD-FC5A-796CF117DF06 HTTP/1.1" 200 87284
52.70.240.171 - - [28/Jun/2024:01:56:54 +0200] "GET /ticket2/opencms/sv/buy/?edid=BA98F497-79D9-0BA1-3E19-B45BB0763E07&page=1 HTTP/1.1" 200 116894
5.9.55.228 - - [28/Jun/2024:01:56:55 +0200] "GET /ticket2/opencms/en/buy/?eventid=B2CBADC0-7376-1469-83B0-8FC7D035A53C&page=10&venueid=3060E255-FFB8-E1FC-2EE4-0AD33AC358BD HTTP/1.1" 200 72683
52.70.240.171 - - [28/Jun/2024:01:56:58 +0200] "GET /ticket2/opencms/sv/buy/?edid=2B877732-5277-2CC6-D9D2-67E5CDEA4143&page=1 HTTP/1.1" 200 116894
51.222.253.15 - - [28/Jun/2024:01:57:00 +0200] "GET /ticket2/opencms/dk/venue/?countryid=8C7CF186-03F6-C097-A350-C9F7394E9D8F HTTP/1.1" 200 101181
23.22.35.162 - - [28/Jun/2024:01:57:02 +0200] "GET /ticket2/opencms/sv/buy/?edid=905D3BE1-46C8-EA4E-1BA4-270BE7100ACF&page=1 HTTP/1.1" 200 116890
114.119.155.232 - - [28/Jun/2024:01:57:05 +0200] "GET /ticket2/opencms/en/venue/?venueid=77422572-4F48-F10C-1394-DA0E03E07BDC HTTP/1.1" 200 71351
52.70.240.171 - - [28/Jun/2024:01:57:06 +0200] "GET /ticket2/opencms/sv/buy/?edid=F2971CC3-8714-3DC4-0355-85018375B4CB&page=1 HTTP/1.1" 200 85959
47.128.43.105 - - [28/Jun/2024:01:57:07 +0200] "GET /ticket2/opencms/fr/faq HTTP/1.1" 200 77018
47.128.43.105 - - [28/Jun/2024:01:57:08 +0200] "GET /ticket2/opencms/system/modules/com.gridnine.opencms.ticketbrokerage.site/resources/pics/logo-new.png HTTP/1.1" 200 13541
47.128.43.105 - - [28/Jun/2024:01:57:08 +0200] "GET /ticket2/opencms/system/modules/com.gridnine.opencms.ticketbrokerage.site/resources/pics/bank_1_nordea.png HTTP/1.1" 200 4807
47.128.43.105 - - [28/Jun/2024:01:57:08 +0200] "GET /ticket2/opencms/system/modules/com.gridnine.opencms.ticketbrokerage.site/resources/pics/bank_2_handelsbanken.png HTTP/1.1" 200 4509
47.128.43.105 - - [28/Jun/2024:01:57:09 +0200] "GET /ticket2/opencms/system/modules/com.gridnine.opencms.ticketbrokerage.site/resources/pics/bank_3_swedbank.png HTTP/1.1" 200 5740
47.128.43.105 - - [28/Jun/2024:01:57:09 +0200] "GET /ticket2/opencms/system/modules/com.gridnine.opencms.ticketbrokerage.site/resources/pics/bank_4_seb.png HTTP/1.1" 200 2487
47.128.43.105 - - [28/Jun/2024:01:57:09 +0200] "GET /ticket2/opencms/system/modules/com.gridnine.opencms.ticketbrokerage.site/resources/pics/bank_5_visa_mastercard.png HTTP/1.1" 200 8196
47.128.43.105 - - [28/Jun/2024:01:57:09 +0200] "GET /ticket2/opencms/system/modules/com.gridnine.opencms.ticketbrokerage.site/resources/pics/bank_6_american_express.png HTTP/1.1" 200 5570
23.22.35.162 - - [28/Jun/2024:01:57:10 +0200] "GET /ticket2/opencms/sv/buy/?edid=37E2A4DD-118F-C378-83A2-20232412AB9C&page=1 HTTP/1.1" 200 85962
47.128.40.128 - - [28/Jun/2024:01:57:12 +0200] "GET /ticket2/opencms/dk/buy/?edid=9BFFFF0C-C809-CAED-9589-C9537A82DE22 HTTP/1.1" 200 72066
47.128.40.128 - - [28/Jun/2024:01:57:12 +0200] "GET /ticket2/opencms/system/modules/com.gridnine.opencms.ticketbrokerage.site/resources/pics/logo-new.png HTTP/1.1" 200 13541
47.128.40.128 - - [28/Jun/2024:01:57:13 +0200] "GET /ticket2/opencms/system/modules/com.gridnine.opencms.ticketbrokerage.site/resources/pics/bank_1_nordea.png HTTP/1.1" 200 4807
47.128.40.128 - - [28/Jun/2024:01:57:14 +0200] "GET /ticket2/opencms/system/modules/com.gridnine.opencms.ticketbrokerage.site/resources/pics/bank_4_seb.png HTTP/1.1" 200 2487
47.128.40.128 - - [28/Jun/2024:01:57:14 +0200] "GET /ticket2/opencms/system/modules/com.gridnine.opencms.ticketbrokerage.site/resources/pics/bank_5_visa_mastercard.png HTTP/1.1" 200 8196
47.128.40.128 - - [28/Jun/2024:01:57:14 +0200] "GET /ticket2/opencms/system/modules/com.gridnine.opencms.ticketbrokerage.site/resources/pics/bank_3_swedbank.png HTTP/1.1" 200 5740
47.128.40.128 - - [28/Jun/2024:01:57:14 +0200] "GET /ticket2/opencms/system/modules/com.gridnine.opencms.ticketbrokerage.site/resources/pics/bank_2_handelsbanken.png HTTP/1.1" 200 4509
47.128.40.128 - - [28/Jun/2024:01:57:14 +0200] "GET /ticket2/opencms/system/modules/com.gridnine.opencms.ticketbrokerage.site/resources/pics/bank_6_american_express.png HTTP/1.1" 200 5570
5.9.55.228 - - [28/Jun/2024:01:57:14 +0200] "GET /ticket2/opencms/en/buy/?eventid=B2CBADC0-7376-1469-83B0-8FC7D035A53C&page=10&venueid=619A03DD-ACCD-FE57-5807-3D17BA5AEECB HTTP/1.1" 200 72683
3.224.220.101 - - [28/Jun/2024:01:57:15 +0200] "GET /ticket2/opencms/sv/buy/?edid=4D0E8B6F-4A4C-13EE-EC78-4C4A42CB13B0&page=1 HTTP/1.1" 200 85961
3.224.220.101 - - [28/Jun/2024:01:57:18 +0200] "GET /ticket2/opencms/sv/buy/?edid=1B1B1FC4-4D35-11C5-5D85-DF2C3A11720F&page=1 HTTP/1.1" 200 85959
23.22.35.162 - - [28/Jun/2024:01:57:22 +0200] "GET /ticket2/opencms/sv/buy/?edid=B63A2D15-1363-3F7D-6FAD-9E0AE65FC077&page=1 HTTP/1.1" 200 85971
52.70.240.171 - - [28/Jun/2024:01:57:26 +0200] "GET /ticket2/opencms/sv/buy/?edid=BBDCBF15-1B06-DD9F-49B6-3829D3B56DBC&page=1 HTTP/1.1" 200 85969
23.22.35.162 - - [28/Jun/2024:01:57:30 +0200] "GET /ticket2/opencms/sv/buy/?edid=DBD7C3FF-3D2D-1BC9-F87B-06E7F5EA9FFB&page=1 HTTP/1.1" 200 85959
5.9.55.228 - - [28/Jun/2024:01:57:31 +0200] "GET /ticket2/opencms/en/buy/?eventid=B2CBADC0-7376-1469-83B0-8FC7D035A53C&page=10&venueid=6D0642BB-05FC-BA80-36B9-6F63B86457CB HTTP/1.1" 200 72683
3.224.220.101 - - [28/Jun/2024:01:57:34 +0200] "GET /ticket2/opencms/sv/buy/?edid=23688B8D-8D21-EBA0-1897-8BC6CFFE57DE&page=1 HTTP/1.1" 200 85961
40.77.167.65 - - [28/Jun/2024:01:57:40 +0200] "GET /ticket2/opencms/en/buy?page=1&edid=1BFB08A7-6566-B113-E321-5228D23CB18B HTTP/1.1" 200 87810
23.22.35.162 - - [28/Jun/2024:01:57:42 +0200] "GET /ticket2/opencms/sv/buy/?edid=16343486-D199-EE91-1004-52E02A9487CB&page=1 HTTP/1.1" 200 85963
23.22.35.162 - - [28/Jun/2024:01:57:42 +0200] "GET /ticket2/opencms/sv/buy/?edid=AD14D102-9A59-3E48-721F-B8412449464B&page=1 HTTP/1.1" 200 85961
52.70.240.171 - - [28/Jun/2024:01:57:46 +0200] "GET /ticket2/opencms/sv/buy/?edid=BF02E8D3-250D-1BB9-F307-8D142E1902AE&page=1 HTTP/1.1" 200 85962
5.9.55.228 - - [28/Jun/2024:01:57:50 +0200] "GET /ticket2/opencms/en/buy/?eventid=B2CBADC0-7376-1469-83B0-8FC7D035A53C&page=10&venueid=7AC4544E-68B6-072F-C815-86F75E4EE456 HTTP/1.1" 200 72683
52.70.240.171 - - [28/Jun/2024:01:57:50 +0200] "GET /ticket2/opencms/sv/buy/?edid=9D7ABF2F-B431-422E-3673-716FB77076E6&page=1 HTTP/1.1" 200 85965
66.249.75.163 - - [28/Jun/2024:01:57:54 +0200] "GET /ticket2/opencms/sv/venue/?countryid=13E2F7E1-5D94-F02B-9C0C-560B8034AC6C HTTP/1.1" 200 101554
23.22.35.162 - - [28/Jun/2024:01:57:54 +0200] "GET /ticket2/opencms/sv/buy/?edid=91E06EB3-29BE-78F9-C5D9-F08587328467&page=1 HTTP/1.1" 200 85960
23.22.35.162 - - [28/Jun/2024:01:57:58 +0200] "GET /ticket2/opencms/sv/buy/?edid=4E3FD371-418F-2707-0FE4-F6E7006C81F9&page=1 HTTP/1.1" 200 85962
47.128.43.139 - - [28/Jun/2024:01:57:58 +0200] "GET /ticket2/opencms/nl/buy/?comcatid=A17713B6-D984-201A-4143-ED4DB5ED5C2E HTTP/1.1" 200 239287
47.128.43.139 - - [28/Jun/2024:01:57:59 +0200] "GET /ticket2/opencms/system/modules/com.gridnine.opencms.ticketbrokerage.site/resources/pics/logo-new.png HTTP/1.1" 200 13541
47.128.43.139 - - [28/Jun/2024:01:58:00 +0200] "GET /ticket2/opencms/system/modules/com.gridnine.opencms.ticketbrokerage.site/resources/pics/bank_1_nordea.png HTTP/1.1" 200 4807
47.128.43.139 - - [28/Jun/2024:01:58:00 +0200] "GET /ticket2/opencms/system/modules/com.gridnine.opencms.ticketbrokerage.site/resources/pics/bank_3_swedbank.png HTTP/1.1" 200 5740
47.128.43.139 - - [28/Jun/2024:01:58:00 +0200] "GET /ticket2/opencms/system/modules/com.gridnine.opencms.ticketbrokerage.site/resources/pics/bank_2_handelsbanken.png HTTP/1.1" 200 4509
47.128.43.139 - - [28/Jun/2024:01:58:01 +0200] "GET /ticket2/opencms/system/modules/com.gridnine.opencms.ticketbrokerage.site/resources/pics/bank_5_visa_mastercard.png HTTP/1.1" 200 8196
47.128.43.139 - - [28/Jun/2024:01:58:01 +0200] "GET /ticket2/opencms/system/modules/com.gridnine.opencms.ticketbrokerage.site/resources/pics/bank_4_seb.png HTTP/1.1" 200 2487
47.128.43.139 - - [28/Jun/2024:01:58:01 +0200] "GET /ticket2/opencms/system/modules/com.gridnine.opencms.ticketbrokerage.site/resources/pics/bank_6_american_express.png HTTP/1.1" 200 5570
23.22.35.162 - - [28/Jun/2024:01:58:02 +0200] "GET /ticket2/opencms/sv/buy/?edid=A2A8955F-0E7C-C876-91D5-2F1597674CD1&page=1 HTTP/1.1" 200 85960
3.224.220.101 - - [28/Jun/2024:01:58:06 +0200] "GET /ticket2/opencms/sv/buy/?edid=530D0E9B-9711-6A6E-2177-92B0D667A039&page=1 HTTP/1.1" 200 85968
5.9.55.228 - - [28/Jun/2024:01:58:09 +0200] "GET /ticket2/opencms/en/buy/?eventid=B2CBADC0-7376-1469-83B0-8FC7D035A53C&page=10&venueid=8A17268F-190C-08C5-2317-BAB591EDC85C HTTP/1.1" 200 72683
3.224.220.101 - - [28/Jun/2024:01:58:10 +0200] "GET /ticket2/opencms/sv/buy/?edid=7DE3A616-7929-2B29-C0D3-F6A6BF870955&page=1 HTTP/1.1" 200 85958
195.246.120.122 - - [28/Jun/2024:01:58:12 +0200] "GET / HTTP/1.0" 404 -
3.224.220.101 - - [28/Jun/2024:01:58:14 +0200] "GET /ticket2/opencms/sv/buy/?edid=087FB859-A113-50B8-0909-1F0712CC3EED&page=1 HTTP/1.1" 200 85966
23.22.35.162 - - [28/Jun/2024:01:58:18 +0200] "GET /ticket2/opencms/sv/buy/?edid=713C8E2E-8856-812A-FD61-94B2B631F7A2&page=1 HTTP/1.1" 200 85963
51.222.253.13 - - [28/Jun/2024:01:58:20 +0200] "GET /ticket2/opencms/dk/venue/?countryid=52F4A5D1-57D1-3DCD-E1E5-1C5778B3C28E HTTP/1.1" 200 101181
3.224.220.101 - - [28/Jun/2024:01:58:22 +0200] "GET /ticket2/opencms/sv/buy/?edid=FDE2CB1B-737B-857F-7431-BD450E7D3BBB&page=1 HTTP/1.1" 200 111857
3.224.220.101 - - [28/Jun/2024:01:58:26 +0200] "GET /ticket2/opencms/sv/buy/?edid=6F379414-70C4-400F-51D2-AFD37C8F2BC7&page=1 HTTP/1.1" 200 111854
5.9.55.228 - - [28/Jun/2024:01:58:28 +0200] "GET /ticket2/opencms/en/buy/?eventid=B2CBADC0-7376-1469-83B0-8FC7D035A53C&page=10&venueid=8D532909-C41C-2A7C-5336-DE83887C261B HTTP/1.1" 200 72683
52.70.240.171 - - [28/Jun/2024:01:58:30 +0200] "GET /ticket2/opencms/sv/buy/?edid=0C94170C-17F1-0823-E8AC-91EC149F33EC&page=1 HTTP/1.1" 200 111857
23.22.35.162 - - [28/Jun/2024:01:58:35 +0200] "GET /ticket2/opencms/sv/buy/?edid=697BE447-74B7-A748-152F-A1818DA4BEC9&page=1 HTTP/1.1" 200 111858
40.77.167.26 - - [28/Jun/2024:01:58:36 +0200] "GET /ticket2/opencms/en/buy/?comcatid=97ECA65A-72DA-F9AF-9DBB-245D3CFED1BE&catid=6CD184E8-C8D4-E1CC-33D0-6F47E3751240 HTTP/1.1" 200 76627
23.22.35.162 - - [28/Jun/2024:01:58:38 +0200] "GET /ticket2/opencms/sv/buy/?edid=096598FE-DA35-4351-DFEE-DC9ACA0F0EF9&page=1 HTTP/1.1" 200 111847
23.22.35.162 - - [28/Jun/2024:01:58:42 +0200] "GET /ticket2/opencms/sv/buy/?edid=1B66F7E9-6D68-7258-D0DB-383034F8302F&page=1 HTTP/1.1" 200 111845
216.245.221.83 - - [28/Jun/2024:01:58:44 +0200] "HEAD /ticket2/opencms/ HTTP/1.1" 302 -
216.245.221.83 - - [28/Jun/2024:01:58:45 +0200] "HEAD /ticket2/opencms/en/ HTTP/1.1" 200 -
23.22.35.162 - - [28/Jun/2024:01:58:46 +0200] "GET /ticket2/opencms/sv/buy/?edid=32C765D3-F869-7E5E-98A4-5E68576F52A5&page=1 HTTP/1.1" 200 111855
5.9.55.228 - - [28/Jun/2024:01:58:46 +0200] "GET /ticket2/opencms/en/buy/?eventid=B2CBADC0-7376-1469-83B0-8FC7D035A53C&page=10&venueid=926D0C4B-2C69-EBC6-792F-B301AF32C1A0 HTTP/1.1" 200 72683
47.128.51.102 - - [28/Jun/2024:01:58:50 +0200] "GET /ticket2/opencms/fi/buy/?catid=36DC4BE2-91A2-6146-2BE9-47B6F3C44EDB&comcatid=B41CCF2B-5558-7AEE-3602-09BBDE417D65 HTTP/1.1" 200 75612
23.22.35.162 - - [28/Jun/2024:01:58:50 +0200] "GET /ticket2/opencms/sv/buy/?edid=9E373ADE-B8EE-38F8-BBD8-DA1CB52F113B&page=1 HTTP/1.1" 200 111856
47.128.51.102 - - [28/Jun/2024:01:58:51 +0200] "GET /ticket2/opencms/system/modules/com.gridnine.opencms.ticketbrokerage.site/resources/pics/logo-new.png HTTP/1.1" 200 13541
47.128.51.102 - - [28/Jun/2024:01:58:51 +0200] "GET /ticket2/opencms/system/modules/com.gridnine.opencms.ticketbrokerage.site/resources/pics/bank_1_nordea.png HTTP/1.1" 200 4807
47.128.51.102 - - [28/Jun/2024:01:58:52 +0200] "GET /ticket2/opencms/system/modules/com.gridnine.opencms.ticketbrokerage.site/resources/pics/bank_2_handelsbanken.png HTTP/1.1" 200 4509
47.128.51.102 - - [28/Jun/2024:01:58:52 +0200] "GET /ticket2/opencms/system/modules/com.gridnine.opencms.ticketbrokerage.site/resources/pics/bank_5_visa_mastercard.png HTTP/1.1" 200 8196
47.128.51.102 - - [28/Jun/2024:01:58:52 +0200] "GET /ticket2/opencms/system/modules/com.gridnine.opencms.ticketbrokerage.site/resources/pics/bank_3_swedbank.png HTTP/1.1" 200 5740
47.128.51.102 - - [28/Jun/2024:01:58:52 +0200] "GET /ticket2/opencms/system/modules/com.gridnine.opencms.ticketbrokerage.site/resources/pics/bank_4_seb.png HTTP/1.1" 200 2487
47.128.51.102 - - [28/Jun/2024:01:58:52 +0200] "GET /ticket2/opencms/system/modules/com.gridnine.opencms.ticketbrokerage.site/resources/pics/bank_6_american_express.png HTTP/1.1" 200 5570
3.224.220.101 - - [28/Jun/2024:01:58:54 +0200] "GET /ticket2/opencms/sv/buy/?edid=2622E353-CCF8-0614-7644-191247788409&page=1 HTTP/1.1" 200 111862
66.249.72.33 - - [28/Jun/2024:01:58:57 +0200] "GET /ticket2/opencms/dk/buy/?page=1&edid=B6B8349F-A5AA-C742-11D5-2D7AB719C807 HTTP/1.1" 200 111038
66.249.76.1 - - [28/Jun/2024:01:58:58 +0200] "GET /ticket2/opencms/en/venue/?venueid=2A1F7458-E62C-56A4-0001-4FFC2E2DB7CB HTTP/1.1" 200 71315
52.70.240.171 - - [28/Jun/2024:01:58:58 +0200] "GET /ticket2/opencms/sv/buy/?edid=BA0F8DEE-5B47-CEE4-147B-0950F10B9786&page=1 HTTP/1.1" 200 111856
66.249.75.97 - - [28/Jun/2024:01:58:59 +0200] "GET /ticket2/opencms/en/buy/?page=1&edid=DA2AFD28-6AA1-4222-20E5-CCCE4BF9B981 HTTP/1.1" 200 111377
114.119.155.23 - - [28/Jun/2024:01:59:00 +0200] "GET /ticket2/opencms/en/buy/?page=6&comcatid=A17713B6-D984-201A-4143-ED4DB5ED5C2E&catid=7EF04817-972D-18B1-F941-DE800D088075&eventid=5B1CC88B-2BA7-8AA5-1109-77947DB3461F HTTP/1.1" 200 82218
66.249.75.162 - - [28/Jun/2024:01:59:00 +0200] "GET /ticket2/opencms/sv/venue/?venueid=34908E77-ABCA-024E-F850-F0666EF2D4CB HTTP/1.1" 200 72151
23.22.35.162 - - [28/Jun/2024:01:59:02 +0200] "GET /ticket2/opencms/sv/buy/?edid=06839E1C-8CA0-2766-B39C-B161E06D9E51&page=1 HTTP/1.1" 200 111853
5.9.55.228 - - [28/Jun/2024:01:59:04 +0200] "GET /ticket2/opencms/en/buy/?eventid=B2CBADC0-7376-1469-83B0-8FC7D035A53C&page=10&venueid=9A3D2E7F-BC68-0BF9-8767-55D1E5B17ADE HTTP/1.1" 200 72683
52.70.240.171 - - [28/Jun/2024:01:59:06 +0200] "GET /ticket2/opencms/sv/buy/?edid=26FD5F34-C195-7172-EE2F-9EC20DBD4239&page=1 HTTP/1.1" 200 111859
3.224.220.101 - - [28/Jun/2024:01:59:10 +0200] "GET /ticket2/opencms/sv/buy/?edid=8B771AFF-A9A8-FE63-E57B-1170D3B7C5B8&page=1 HTTP/1.1" 200 111857
52.70.240.171 - - [28/Jun/2024:01:59:14 +0200] "GET /ticket2/opencms/sv/buy/?edid=6DFFB718-11C1-53C4-2A79-C844FA7A064D&page=1 HTTP/1.1" 200 111862
23.22.35.162 - - [28/Jun/2024:01:59:18 +0200] "GET /ticket2/opencms/sv/buy/?edid=F74997E7-1F81-8144-BC19-7CD40E7B47F7&page=1 HTTP/1.1" 200 111859
5.9.55.228 - - [28/Jun/2024:01:59:21 +0200] "GET /ticket2/opencms/en/buy/?eventid=B2CBADC0-7376-1469-83B0-8FC7D035A53C&page=10&venueid=AF7F2E28-677E-9782-2141-5DA64832B7AA HTTP/1.1" 200 72683
23.22.35.162 - - [28/Jun/2024:01:59:22 +0200] "GET /ticket2/opencms/sv/buy/?edid=3E8160AB-0FBD-70C5-9AD2-7741AA7C1F1A&page=1 HTTP/1.1" 200 111855
3.224.220.101 - - [28/Jun/2024:01:59:26 +0200] "GET /ticket2/opencms/sv/buy/?edid=9C2A438B-6926-D1D4-5912-53216C4EB815&page=1 HTTP/1.1" 200 111861
47.128.23.152 - - [28/Jun/2024:01:59:27 +0200] "GET /ticket2/opencms/fi/buy/?edid=FA7F94B4-317A-0ECF-FA42-3F7BBDB83D52 HTTP/1.1" 200 73261
47.128.23.152 - - [28/Jun/2024:01:59:28 +0200] "GET /ticket2/opencms/system/modules/com.gridnine.opencms.ticketbrokerage.site/resources/pics/logo-new.png HTTP/1.1" 200 13541
47.128.23.152 - - [28/Jun/2024:01:59:28 +0200] "GET /ticket2/opencms/system/modules/com.gridnine.opencms.ticketbrokerage.site/resources/pics/bank_4_seb.png HTTP/1.1" 200 2487
47.128.23.152 - - [28/Jun/2024:01:59:29 +0200] "GET /ticket2/opencms/system/modules/com.gridnine.opencms.ticketbrokerage.site/resources/pics/bank_5_visa_mastercard.png HTTP/1.1" 200 8196
47.128.23.152 - - [28/Jun/2024:01:59:29 +0200] "GET /ticket2/opencms/system/modules/com.gridnine.opencms.ticketbrokerage.site/resources/pics/bank_2_handelsbanken.png HTTP/1.1" 200 4509
47.128.23.152 - - [28/Jun/2024:01:59:29 +0200] "GET /ticket2/opencms/system/modules/com.gridnine.opencms.ticketbrokerage.site/resources/pics/bank_3_swedbank.png HTTP/1.1" 200 5740
47.128.23.152 - - [28/Jun/2024:01:59:29 +0200] "GET /ticket2/opencms/system/modules/com.gridnine.opencms.ticketbrokerage.site/resources/pics/bank_1_nordea.png HTTP/1.1" 200 4807
47.128.23.152 - - [28/Jun/2024:01:59:29 +0200] "GET /ticket2/opencms/system/modules/com.gridnine.opencms.ticketbrokerage.site/resources/pics/bank_6_american_express.png HTTP/1.1" 200 5570
52.70.240.171 - - [28/Jun/2024:01:59:30 +0200] "GET /ticket2/opencms/sv/buy/?edid=89AC8C22-922C-5C69-19DD-247D667ABB39&page=1 HTTP/1.1" 200 111855
23.22.35.162 - - [28/Jun/2024:01:59:34 +0200] "GET /ticket2/opencms/sv/buy/?edid=5BA11D18-AC24-6566-FBBA-BF6AFADFC113&page=1 HTTP/1.1" 200 111845
52.70.240.171 - - [28/Jun/2024:01:59:38 +0200] "GET /ticket2/opencms/sv/buy/?edid=EAA98A6E-20F3-6D01-3D0B-DC007380F0E3&page=1 HTTP/1.1" 200 88130
5.9.55.228 - - [28/Jun/2024:01:59:40 +0200] "GET /ticket2/opencms/en/buy/?eventid=B2CBADC0-7376-1469-83B0-8FC7D035A53C&page=10&venueid=F03C5E97-FFBF-7048-55FD-77B5E4C1E006 HTTP/1.1" 200 72683
47.128.50.93 - - [28/Jun/2024:01:59:40 +0200] "GET /ticket2/opencms/dk/buy/?catid=CB847559-7ECA-CC50-D7D2-064AF0C06FB1&comcatid=0A6B8208-FDA4-E929-9D72-5312FD481B76 HTTP/1.1" 200 75920
51.222.253.8 - - [28/Jun/2024:01:59:40 +0200] "GET /ticket2/opencms/dk/venue/?countryid=AAA022C2-26E4-B95A-575B-2EC278F7A0C0 HTTP/1.1" 200 101181
47.128.50.93 - - [28/Jun/2024:01:59:41 +0200] "GET /ticket2/opencms/system/modules/com.gridnine.opencms.ticketbrokerage.site/resources/pics/logo-new.png HTTP/1.1" 200 13541
47.128.50.93 - - [28/Jun/2024:01:59:42 +0200] "GET /ticket2/opencms/system/modules/com.gridnine.opencms.ticketbrokerage.site/resources/pics/bank_1_nordea.png HTTP/1.1" 200 4807
47.128.50.93 - - [28/Jun/2024:01:59:42 +0200] "GET /ticket2/opencms/system/modules/com.gridnine.opencms.ticketbrokerage.site/resources/pics/bank_3_swedbank.png HTTP/1.1" 200 5740
52.70.240.171 - - [28/Jun/2024:01:59:42 +0200] "GET /ticket2/opencms/nl/buy/?eventid=0886785D-758C-15C8-2F3D-D0ABBA81B83B&page=10 HTTP/1.1" 200 72242
47.128.50.93 - - [28/Jun/2024:01:59:43 +0200] "GET /ticket2/opencms/system/modules/com.gridnine.opencms.ticketbrokerage.site/resources/pics/bank_2_handelsbanken.png HTTP/1.1" 200 4509
47.128.50.93 - - [28/Jun/2024:01:59:43 +0200] "GET /ticket2/opencms/system/modules/com.gridnine.opencms.ticketbrokerage.site/resources/pics/bank_6_american_express.png HTTP/1.1" 200 5570
47.128.50.93 - - [28/Jun/2024:01:59:43 +0200] "GET /ticket2/opencms/system/modules/com.gridnine.opencms.ticketbrokerage.site/resources/pics/bank_4_seb.png HTTP/1.1" 200 2487
47.128.50.93 - - [28/Jun/2024:01:59:43 +0200] "GET /ticket2/opencms/system/modules/com.gridnine.opencms.ticketbrokerage.site/resources/pics/bank_5_visa_mastercard.png HTTP/1.1" 200 8196
23.22.35.162 - - [28/Jun/2024:01:59:46 +0200] "GET /ticket2/opencms/fi/buy/?comcatid=97ECA65A-72DA-F9AF-9DBB-245D3CFED1BE&page=6 HTTP/1.1" 200 78198
52.70.240.171 - - [28/Jun/2024:01:59:50 +0200] "GET /ticket2/opencms/fi/buy/?comcatid=810BB404-4103-77F2-A6C2-12D5E6C338E2&page=6 HTTP/1.1" 200 74434
52.70.240.171 - - [28/Jun/2024:01:59:54 +0200] "GET /ticket2/opencms/fi/buy/?comcatid=66708183-7480-3365-06BF-DBF60280AB45&page=6 HTTP/1.1" 200 74874
185.202.238.84 - - [28/Jun/2024:01:59:55 +0200] "GET /ticket2/opencms/dk/dk/buy/?page=1&edid=E3FBDA6C-664F-E626-DA08-2F08834DE954&sortorder=asc&column=price HTTP/1.1" 404 -
5.9.55.228 - - [28/Jun/2024:01:59:57 +0200] "GET /ticket2/opencms/en/buy/?eventid=B85BEE98-8727-2424-2597-5E99D818B644&page=10 HTTP/1.1" 200 72678
52.167.144.216 - - [28/Jun/2024:01:59:57 +0200] "GET /ticket2/opencms/en/buy?page=1&edid=1BDA6D08-38AF-6470-7423-555F9C3DEC73 HTTP/1.1" 200 117964
3.224.220.101 - - [28/Jun/2024:01:59:58 +0200] "GET /ticket2/opencms/fi/buy/?comcatid=0A6B8208-FDA4-E929-9D72-5312FD481B76&page=6 HTTP/1.1" 200 76737
66.249.75.163 - - [28/Jun/2024:02:00:01 +0200] "GET /ticket2/opencms/no/sport/fotballsbilletter/la_liga/villareal/ HTTP/1.1" 200 73804
23.22.35.162 - - [28/Jun/2024:02:00:02 +0200] "GET /ticket2/opencms/fi/buy/?comcatid=B41CCF2B-5558-7AEE-3602-09BBDE417D65&page=6 HTTP/1.1" 200 75047
3.224.220.101 - - [28/Jun/2024:02:00:07 +0200] "GET /ticket2/opencms/fi/buy/?comcatid=A17713B6-D984-201A-4143-ED4DB5ED5C2E&page=6 HTTP/1.1" 200 298008
52.70.240.171 - - [28/Jun/2024:02:00:10 +0200] "GET /ticket2/opencms/fr/magazine/article?title=manchester-city-remporte-la-premier-league HTTP/1.1" 200 73793
150.158.151.170 - - [28/Jun/2024:02:00:12 +0200] "GET /ticket2/opencms/xmlrpc.php HTTP/1.1" 404 -
5.9.55.228 - - [28/Jun/2024:02:00:14 +0200] "GET /ticket2/opencms/en/buy/?eventid=BD2A2151-7866-2C7C-301B-A51FF3E4D9F5&page=10 HTTP/1.1" 200 72676
23.22.35.162 - - [28/Jun/2024:02:00:15 +0200] "GET /ticket2/opencms/fi/buy/?edid=885A2607-A223-24CC-17AE-7C8ECDA8D47C&page=1 HTTP/1.1" 200 111989
23.22.35.162 - - [28/Jun/2024:02:00:18 +0200] "GET /ticket2/opencms/fi/buy/?edid=0E015037-AEA8-A77C-F644-58B0F482ADCC&page=1 HTTP/1.1" 200 111887
52.70.240.171 - - [28/Jun/2024:02:00:23 +0200] "GET /ticket2/opencms/fi/buy/?edid=E53C8E7A-C1C8-80DF-ED27-96FEFF6B5147&page=1 HTTP/1.1" 200 112809
3.224.220.101 - - [28/Jun/2024:02:00:26 +0200] "GET /ticket2/opencms/fi/buy/?edid=A27091AD-1422-96A9-33A7-74A8DECA25F3&page=1 HTTP/1.1" 200 112569
23.22.35.162 - - [28/Jun/2024:02:00:30 +0200] "GET /ticket2/opencms/fi/buy/?edid=48E72B51-00CE-CE36-D8BB-29D37358C55B&page=1 HTTP/1.1" 200 111864
5.9.55.228 - - [28/Jun/2024:02:00:32 +0200] "GET /ticket2/opencms/en/buy/?eventid=D0A9601D-3651-9BBC-A356-BE476DAC1559&page=10 HTTP/1.1" 200 72680
47.128.28.99 - - [28/Jun/2024:02:00:33 +0200] "GET /ticket2/opencms/fr/buy/?catid=24AC1CA6-1C09-0BE5-C04A-9DCCDB15D5E9&comcatid=A17713B6-D984-201A-4143-ED4DB5ED5C2E HTTP/1.1" 200 82853
3.224.220.101 - - [28/Jun/2024:02:00:34 +0200] "GET /ticket2/opencms/fi/buy/?edid=3590293B-3580-7B39-A58A-6ECDB1E34543&page=1 HTTP/1.1" 200 112007
47.128.28.99 - - [28/Jun/2024:02:00:34 +0200] "GET /ticket2/opencms/system/modules/com.gridnine.opencms.ticketbrokerage.site/resources/pics/logo-new.png HTTP/1.1" 200 13541
47.128.28.99 - - [28/Jun/2024:02:00:35 +0200] "GET /ticket2/opencms/system/modules/com.gridnine.opencms.ticketbrokerage.site/resources/pics/bank_3_swedbank.png HTTP/1.1" 200 5740
