23.22.35.162 - - [28/Jun/2024:01:30:10 +0200] "GET /ticket2/opencms/fr/buy/?edid=4B7EE082-3F9A-4BF2-A04C-F1720BFE9FFD&page=1 HTTP/1.1" 200 86706
5.9.55.228 - - [28/Jun/2024:01:30:15 +0200] "GET /ticket2/opencms/en/buy/?page=6&comcatid=A17713B6-D984-201A-4143-ED4DB5ED5C2E&catid=BE041FBE-C1A7-918C-EB61-99ED02D12F5B HTTP/1.1" 200 82212
3.224.220.101 - - [28/Jun/2024:01:30:15 +0200] "GET /ticket2/opencms/fr/buy/?edid=6A920F16-DD42-2262-3AA2-B83D5743F13A&page=1 HTTP/1.1" 200 117224
52.70.240.171 - - [28/Jun/2024:01:30:18 +0200] "GET /ticket2/opencms/fr/buy/?edid=069EC406-6DFD-08ED-B6CC-A7E203415919&page=1 HTTP/1.1" 200 117224
23.22.35.162 - - [28/Jun/2024:01:30:22 +0200] "GET /ticket2/opencms/fr/buy/?edid=99C77A16-8AF9-4675-97DE-42A41C4ECB4F&page=1 HTTP/1.1" 200 117228
66.249.72.35 - - [28/Jun/2024:01:30:26 +0200] "GET /ticket2/opencms/sv/buy/?page=1&edid=B98837D3-1E81-8A8C-D0BB-1E445F8B9795 HTTP/1.1" 200 111426
3.224.220.101 - - [28/Jun/2024:01:30:26 +0200] "GET /ticket2/opencms/fr/buy/?edid=BFAFDC2C-908C-DD1E-38F3-2E405A281188&page=1 HTTP/1.1" 200 117220
47.128.39.208 - - [28/Jun/2024:01:30:31 +0200] "GET /ticket2/opencms/nl/buy/?catid=82F804FA-9F69-CB6B-D41D-7BF7C716058B&comcatid=A17713B6-D984-201A-4143-ED4DB5ED5C2E&eventid=ACB0BEF1-6CB8-5B86-2337-E2F38B94B10D&page=7 HTTP/1.1" 200 81237
3.224.220.101 - - [28/Jun/2024:01:30:31 +0200] "GET /ticket2/opencms/fr/buy/?edid=11EFBC55-130A-2310-B776-C5D86878BDAB&page=1 HTTP/1.1" 200 117234
47.128.39.208 - - [28/Jun/2024:01:30:31 +0200] "GET /ticket2/opencms/system/modules/com.gridnine.opencms.ticketbrokerage.site/resources/pics/logo-new.png HTTP/1.1" 200 13541
47.128.39.208 - - [28/Jun/2024:01:30:32 +0200] "GET /ticket2/opencms/system/modules/com.gridnine.opencms.ticketbrokerage.site/resources/pics/bank_2_handelsbanken.png HTTP/1.1" 200 4509
47.128.39.208 - - [28/Jun/2024:01:30:32 +0200] "GET /ticket2/opencms/system/modules/com.gridnine.opencms.ticketbrokerage.site/resources/pics/bank_3_swedbank.png HTTP/1.1" 200 5740
47.128.39.208 - - [28/Jun/2024:01:30:33 +0200] "GET /ticket2/opencms/system/modules/com.gridnine.opencms.ticketbrokerage.site/resources/pics/bank_1_nordea.png HTTP/1.1" 200 4807
47.128.39.208 - - [28/Jun/2024:01:30:33 +0200] "GET /ticket2/opencms/system/modules/com.gridnine.opencms.ticketbrokerage.site/resources/pics/bank_5_visa_mastercard.png HTTP/1.1" 200 8196
47.128.39.208 - - [28/Jun/2024:01:30:33 +0200] "GET /ticket2/opencms/system/modules/com.gridnine.opencms.ticketbrokerage.site/resources/pics/bank_4_seb.png HTTP/1.1" 200 2487
47.128.39.208 - - [28/Jun/2024:01:30:33 +0200] "GET /ticket2/opencms/system/modules/com.gridnine.opencms.ticketbrokerage.site/resources/pics/bank_6_american_express.png HTTP/1.1" 200 5570
5.9.55.228 - - [28/Jun/2024:01:30:34 +0200] "GET /ticket2/opencms/en/buy/?page=6&comcatid=A17713B6-D984-201A-4143-ED4DB5ED5C2E&catid=BDD8C04C-DD99-1C07-B5F3-F2AB98D157E8 HTTP/1.1" 200 82211
23.22.35.162 - - [28/Jun/2024:01:30:34 +0200] "GET /ticket2/opencms/fr/buy/?edid=50D37B13-6F20-71F9-54D9-90E7B6C8DECF&page=1 HTTP/1.1" 200 89204
52.70.240.171 - - [28/Jun/2024:01:30:39 +0200] "GET /ticket2/opencms/fr/buy/?edid=FD4DCA3B-ED43-1043-8648-63C229A27832&page=1 HTTP/1.1" 200 117219
3.224.220.101 - - [28/Jun/2024:01:30:42 +0200] "GET /ticket2/opencms/fr/buy/?edid=84A5FE5E-FE66-D83A-8A7D-B9483A93F0F3&page=1 HTTP/1.1" 200 117232
51.222.253.16 - - [28/Jun/2024:01:30:47 +0200] "GET /ticket2/opencms/dk/venue/?countryid=39338EA9-6CB0-428E-D26D-7F5D8BBADF63 HTTP/1.1" 200 101181
3.224.220.101 - - [28/Jun/2024:01:30:47 +0200] "GET /ticket2/opencms/fr/buy/?edid=19422468-9239-E426-DB02-7FA0504E2BEC&page=1 HTTP/1.1" 200 117224
52.70.240.171 - - [28/Jun/2024:01:30:51 +0200] "GET /ticket2/opencms/fr/buy/?edid=6AEAF6C2-C57A-0447-5B0A-20959D8DCFDD&page=1 HTTP/1.1" 200 117221
5.9.55.228 - - [28/Jun/2024:01:30:52 +0200] "GET /ticket2/opencms/en/buy/?page=6&comcatid=A17713B6-D984-201A-4143-ED4DB5ED5C2E&catid=AE3FE643-AE41-BAA6-237D-5206D1B044A1 HTTP/1.1" 200 82219
23.22.35.162 - - [28/Jun/2024:01:30:55 +0200] "GET /ticket2/opencms/fr/buy/?edid=2AC421C6-0DD9-73DD-0C29-416B5CC98DFF&page=1 HTTP/1.1" 200 117222
47.128.127.236 - - [28/Jun/2024:01:30:57 +0200] "GET /ticket2/opencms/nl/buy/?catid=36394212-F82E-F845-399B-42BED55969CC&comcatid=A17713B6-D984-201A-4143-ED4DB5ED5C2E HTTP/1.1" 200 81250
23.22.35.162 - - [28/Jun/2024:01:30:58 +0200] "GET /ticket2/opencms/fr/buy/?catid=&comcatid=A17713B6-D984-201A-4143-ED4DB5ED5C2E&npage=2 HTTP/1.1" 200 200394
216.245.221.83 - - [28/Jun/2024:01:30:59 +0200] "HEAD /ticket2/opencms/ HTTP/1.1" 302 -
47.128.127.236 - - [28/Jun/2024:01:30:59 +0200] "GET /ticket2/opencms/system/modules/com.gridnine.opencms.ticketbrokerage.site/resources/pics/bank_1_nordea.png HTTP/1.1" 200 4807
47.128.127.236 - - [28/Jun/2024:01:30:59 +0200] "GET /ticket2/opencms/system/modules/com.gridnine.opencms.ticketbrokerage.site/resources/pics/logo-new.png HTTP/1.1" 200 13541
47.128.127.236 - - [28/Jun/2024:01:31:00 +0200] "GET /ticket2/opencms/system/modules/com.gridnine.opencms.ticketbrokerage.site/resources/pics/bank_2_handelsbanken.png HTTP/1.1" 200 4509
47.128.127.236 - - [28/Jun/2024:01:31:00 +0200] "GET /ticket2/opencms/system/modules/com.gridnine.opencms.ticketbrokerage.site/resources/pics/bank_5_visa_mastercard.png HTTP/1.1" 200 8196
47.128.127.236 - - [28/Jun/2024:01:31:00 +0200] "GET /ticket2/opencms/system/modules/com.gridnine.opencms.ticketbrokerage.site/resources/pics/bank_3_swedbank.png HTTP/1.1" 200 5740
47.128.127.236 - - [28/Jun/2024:01:31:00 +0200] "GET /ticket2/opencms/system/modules/com.gridnine.opencms.ticketbrokerage.site/resources/pics/bank_4_seb.png HTTP/1.1" 200 2487
47.128.127.236 - - [28/Jun/2024:01:31:01 +0200] "GET /ticket2/opencms/system/modules/com.gridnine.opencms.ticketbrokerage.site/resources/pics/bank_6_american_express.png HTTP/1.1" 200 5570
66.249.76.2 - - [28/Jun/2024:01:31:01 +0200] "GET /ticket2/opencms/sites/ticketbrokerage/sv/tickets/arsenal/fulham.html HTTP/1.1" 404 -
216.245.221.83 - - [28/Jun/2024:01:31:03 +0200] "HEAD /ticket2/opencms/en/ HTTP/1.1" 200 -
52.70.240.171 - - [28/Jun/2024:01:31:03 +0200] "GET /ticket2/opencms/fr/buy/?edid=8EE24D2F-4BF0-A103-6944-36103BCA6278&page=1 HTTP/1.1" 200 98858
23.22.35.162 - - [28/Jun/2024:01:31:06 +0200] "GET /ticket2/opencms/fr/buy/?edid=F2971CC3-8714-3DC4-0355-85018375B4CB&page=1 HTTP/1.1" 200 86708
207.46.13.92 - - [28/Jun/2024:01:31:07 +0200] "GET /ticket2/opencms/de/sport/fussball-tickets/bundesliga/rb_leipzig/ HTTP/1.1" 200 76334
5.9.55.228 - - [28/Jun/2024:01:31:10 +0200] "GET /ticket2/opencms/en/buy/?page=6&comcatid=A17713B6-D984-201A-4143-ED4DB5ED5C2E&catid=A7674DEA-B39E-502C-2F76-760AE08947E9 HTTP/1.1" 200 82221
23.22.35.162 - - [28/Jun/2024:01:31:10 +0200] "GET /ticket2/opencms/fr/buy/?edid=2C2E9185-38A8-EBBD-403B-609372D69EE0&page=1 HTTP/1.1" 200 111693
3.224.220.101 - - [28/Jun/2024:01:31:14 +0200] "GET /ticket2/opencms/fr/buy/?edid=27182C30-0424-098E-A8DB-2AA3B88A1ABD&page=1 HTTP/1.1" 200 111708
23.22.35.162 - - [28/Jun/2024:01:31:18 +0200] "GET /ticket2/opencms/fr/buy/?edid=FCEB71A3-C27D-C49F-469F-2CB5939452EE&page=1 HTTP/1.1" 200 111876
47.128.39.48 - - [28/Jun/2024:01:31:19 +0200] "GET /ticket2/opencms/fi/buy/?catid=82F804FA-9F69-CB6B-D41D-7BF7C716058B&comcatid=A17713B6-D984-201A-4143-ED4DB5ED5C2E&eventid=0AB9ED07-4372-B1CD-6D1D-CE254F1D7262&page=6 HTTP/1.1" 200 84882
47.128.39.48 - - [28/Jun/2024:01:31:20 +0200] "GET /ticket2/opencms/system/modules/com.gridnine.opencms.ticketbrokerage.site/resources/pics/logo-new.png HTTP/1.1" 200 13541
47.128.39.48 - - [28/Jun/2024:01:31:20 +0200] "GET /ticket2/opencms/system/modules/com.gridnine.opencms.ticketbrokerage.site/resources/pics/bank_4_seb.png HTTP/1.1" 200 2487
47.128.39.48 - - [28/Jun/2024:01:31:21 +0200] "GET /ticket2/opencms/system/modules/com.gridnine.opencms.ticketbrokerage.site/resources/pics/bank_3_swedbank.png HTTP/1.1" 200 5740
47.128.39.48 - - [28/Jun/2024:01:31:21 +0200] "GET /ticket2/opencms/system/modules/com.gridnine.opencms.ticketbrokerage.site/resources/pics/bank_5_visa_mastercard.png HTTP/1.1" 200 8196
47.128.39.48 - - [28/Jun/2024:01:31:21 +0200] "GET /ticket2/opencms/system/modules/com.gridnine.opencms.ticketbrokerage.site/resources/pics/bank_2_handelsbanken.png HTTP/1.1" 200 4509
47.128.39.48 - - [28/Jun/2024:01:31:21 +0200] "GET /ticket2/opencms/system/modules/com.gridnine.opencms.ticketbrokerage.site/resources/pics/bank_1_nordea.png HTTP/1.1" 200 4807
47.128.39.48 - - [28/Jun/2024:01:31:21 +0200] "GET /ticket2/opencms/system/modules/com.gridnine.opencms.ticketbrokerage.site/resources/pics/bank_6_american_express.png HTTP/1.1" 200 5570
3.224.220.101 - - [28/Jun/2024:01:31:22 +0200] "GET /ticket2/opencms/fr/buy/?edid=A8FCDF96-5BE9-3FBC-BBD6-5BFAFD5454D2&page=1 HTTP/1.1" 200 86705
52.70.240.171 - - [28/Jun/2024:01:31:26 +0200] "GET /ticket2/opencms/fr/buy/?edid=7010A18C-5A4A-0E34-BEAB-2260102DF0D3&page=1 HTTP/1.1" 200 86702
5.9.55.228 - - [28/Jun/2024:01:31:28 +0200] "GET /ticket2/opencms/en/buy/?page=6&comcatid=A17713B6-D984-201A-4143-ED4DB5ED5C2E&catid=A4D9EA9A-192D-0274-BF26-9C98D8B902AB&eventid=C7B8839D-D05D-58E7-D08F-88E8ADCFDD77 HTTP/1.1" 200 82204
52.70.240.171 - - [28/Jun/2024:01:31:31 +0200] "GET /ticket2/opencms/fr/buy/?edid=87DA8067-258E-93BF-F8B0-6A2011EF3D80&page=1 HTTP/1.1" 200 111826
23.22.35.162 - - [28/Jun/2024:01:31:34 +0200] "GET /ticket2/opencms/fr/buy/?edid=039D4473-D662-2ED5-D620-F30FCE116F43&page=1 HTTP/1.1" 200 89009
3.224.220.101 - - [28/Jun/2024:01:31:38 +0200] "GET /ticket2/opencms/fr/buy/?edid=4130944B-8419-6A0B-A839-9FB45260F568&page=1 HTTP/1.1" 200 88519
52.70.240.171 - - [28/Jun/2024:01:31:42 +0200] "GET /ticket2/opencms/fr/buy/?edid=7568E602-7C67-35D2-952F-D243F8930169&page=1 HTTP/1.1" 200 112725
66.249.76.193 - - [28/Jun/2024:01:31:43 +0200] "GET /ticket2/opencms/sv/buy/?page=1&edid=8B5AEECC-CDCE-98FB-62B8-1001F45C2045 HTTP/1.1" 200 85948
47.128.39.232 - - [28/Jun/2024:01:31:44 +0200] "GET /ticket2/opencms/fi/buy/?catid=E3105E1E-3982-291E-5523-1C1DF161E9B7&comcatid=97ECA65A-72DA-F9AF-9DBB-245D3CFED1BE&page=6 HTTP/1.1" 200 78244
47.128.39.232 - - [28/Jun/2024:01:31:45 +0200] "GET /ticket2/opencms/system/modules/com.gridnine.opencms.ticketbrokerage.site/resources/js/calendar-setup.js HTTP/1.1" 200 4923
47.128.39.232 - - [28/Jun/2024:01:31:45 +0200] "GET /ticket2/opencms/system/modules/com.gridnine.opencms.ticketbrokerage.site/resources/pics/logo-new.png HTTP/1.1" 200 13541
47.128.39.232 - - [28/Jun/2024:01:31:46 +0200] "GET /ticket2/opencms/system/modules/com.gridnine.opencms.ticketbrokerage.site/resources/pics/bank_3_swedbank.png HTTP/1.1" 200 5740
47.128.39.232 - - [28/Jun/2024:01:31:46 +0200] "GET /ticket2/opencms/system/modules/com.gridnine.opencms.ticketbrokerage.site/resources/pics/bank_2_handelsbanken.png HTTP/1.1" 200 4509
47.128.39.232 - - [28/Jun/2024:01:31:46 +0200] "GET /ticket2/opencms/system/modules/com.gridnine.opencms.ticketbrokerage.site/resources/pics/bank_1_nordea.png HTTP/1.1" 200 4807
47.128.39.232 - - [28/Jun/2024:01:31:46 +0200] "GET /ticket2/opencms/system/modules/com.gridnine.opencms.ticketbrokerage.site/resources/pics/bank_4_seb.png HTTP/1.1" 200 2487
23.22.35.162 - - [28/Jun/2024:01:31:47 +0200] "GET /ticket2/opencms/fr/buy/?edid=ABE0D196-5A84-0064-2AAA-8BE846913E3B&page=1 HTTP/1.1" 200 112541
185.202.238.84 - - [28/Jun/2024:01:31:47 +0200] "GET /ticket2/opencms/dk/dk/buy/?page=1&edid=DED8B8D3-5A2A-3FF7-3F3B-8C7FAC67E2E1&sortorder=asc&column=price HTTP/1.1" 404 -
47.128.39.232 - - [28/Jun/2024:01:31:47 +0200] "GET /ticket2/opencms/system/modules/com.gridnine.opencms.ticketbrokerage.site/resources/pics/bank_5_visa_mastercard.png HTTP/1.1" 200 8196
47.128.39.232 - - [28/Jun/2024:01:31:47 +0200] "GET /ticket2/opencms/system/modules/com.gridnine.opencms.ticketbrokerage.site/resources/pics/bank_6_american_express.png HTTP/1.1" 200 5570
5.9.55.228 - - [28/Jun/2024:01:31:47 +0200] "GET /ticket2/opencms/en/buy/?page=6&comcatid=A17713B6-D984-201A-4143-ED4DB5ED5C2E&catid=A4D9EA9A-192D-0274-BF26-9C98D8B902AB HTTP/1.1" 200 82204
23.22.35.162 - - [28/Jun/2024:01:31:50 +0200] "GET /ticket2/opencms/fr/buy/?edid=85FEE197-56BE-9C34-A3B3-D08AF509D2AB&page=1 HTTP/1.1" 200 112255
23.22.35.162 - - [28/Jun/2024:01:31:54 +0200] "GET /ticket2/opencms/fr/buy/?edid=FDE2CB1B-737B-857F-7431-BD450E7D3BBB&page=1 HTTP/1.1" 200 112996
47.128.53.7 - - [28/Jun/2024:01:31:55 +0200] "GET /ticket2/opencms/fr/buy/?edid=3289C097-2261-9433-8644-DF033A9EE354 HTTP/1.1" 200 72687
47.128.53.7 - - [28/Jun/2024:01:31:57 +0200] "GET /ticket2/opencms/system/modules/com.gridnine.opencms.ticketbrokerage.site/resources/pics/logo-new.png HTTP/1.1" 200 13541
47.128.53.7 - - [28/Jun/2024:01:31:57 +0200] "GET /ticket2/opencms/system/modules/com.gridnine.opencms.ticketbrokerage.site/resources/pics/bank_1_nordea.png HTTP/1.1" 200 4807
47.128.53.7 - - [28/Jun/2024:01:31:57 +0200] "GET /ticket2/opencms/system/modules/com.gridnine.opencms.ticketbrokerage.site/resources/pics/bank_2_handelsbanken.png HTTP/1.1" 200 4509
47.128.53.7 - - [28/Jun/2024:01:31:58 +0200] "GET /ticket2/opencms/system/modules/com.gridnine.opencms.ticketbrokerage.site/resources/pics/bank_3_swedbank.png HTTP/1.1" 200 5740
47.128.53.7 - - [28/Jun/2024:01:31:58 +0200] "GET /ticket2/opencms/system/modules/com.gridnine.opencms.ticketbrokerage.site/resources/pics/bank_4_seb.png HTTP/1.1" 200 2487
47.128.53.7 - - [28/Jun/2024:01:31:58 +0200] "GET /ticket2/opencms/system/modules/com.gridnine.opencms.ticketbrokerage.site/resources/pics/bank_5_visa_mastercard.png HTTP/1.1" 200 8196
47.128.53.7 - - [28/Jun/2024:01:31:58 +0200] "GET /ticket2/opencms/system/modules/com.gridnine.opencms.ticketbrokerage.site/resources/pics/bank_6_american_express.png HTTP/1.1" 200 5570
3.224.220.101 - - [28/Jun/2024:01:31:58 +0200] "GET /ticket2/opencms/fr/buy/?edid=37E2A4DD-118F-C378-83A2-20232412AB9C&page=1 HTTP/1.1" 200 86711
52.70.240.171 - - [28/Jun/2024:01:32:02 +0200] "GET /ticket2/opencms/fr/buy/?edid=38BD011F-E307-1808-7BE3-74470A609319&page=1 HTTP/1.1" 200 86706
5.9.55.228 - - [28/Jun/2024:01:32:05 +0200] "GET /ticket2/opencms/en/buy/?page=6&comcatid=A17713B6-D984-201A-4143-ED4DB5ED5C2E&catid=A3372871-3019-08B8-80CE-74B78F441ACA HTTP/1.1" 200 83577
3.224.220.101 - - [28/Jun/2024:01:32:06 +0200] "GET /ticket2/opencms/fr/buy/?edid=1C663B38-AAE8-15E5-78AB-F7247D2C67D4&page=1 HTTP/1.1" 200 111787
47.128.48.230 - - [28/Jun/2024:01:32:07 +0200] "GET /ticket2/opencms/nl/buy/?catid=82F804FA-9F69-CB6B-D41D-7BF7C716058B&comcatid=A17713B6-D984-201A-4143-ED4DB5ED5C2E&eventid=265F6746-CFC4-3148-B232-5753484890DA&page=6 HTTP/1.1" 200 82695
47.128.48.230 - - [28/Jun/2024:01:32:08 +0200] "GET /ticket2/opencms/system/modules/com.gridnine.opencms.ticketbrokerage.site/resources/pics/logo-new.png HTTP/1.1" 200 13541
47.128.48.230 - - [28/Jun/2024:01:32:09 +0200] "GET /ticket2/opencms/system/modules/com.gridnine.opencms.ticketbrokerage.site/resources/pics/bank_3_swedbank.png HTTP/1.1" 200 5740
47.128.48.230 - - [28/Jun/2024:01:32:09 +0200] "GET /ticket2/opencms/system/modules/com.gridnine.opencms.ticketbrokerage.site/resources/pics/bank_6_american_express.png HTTP/1.1" 200 5570
47.128.48.230 - - [28/Jun/2024:01:32:09 +0200] "GET /ticket2/opencms/system/modules/com.gridnine.opencms.ticketbrokerage.site/resources/pics/bank_5_visa_mastercard.png HTTP/1.1" 200 8196
47.128.48.230 - - [28/Jun/2024:01:32:10 +0200] "GET /ticket2/opencms/system/modules/com.gridnine.opencms.ticketbrokerage.site/resources/pics/bank_1_nordea.png HTTP/1.1" 200 4807
47.128.48.230 - - [28/Jun/2024:01:32:10 +0200] "GET /ticket2/opencms/system/modules/com.gridnine.opencms.ticketbrokerage.site/resources/pics/bank_2_handelsbanken.png HTTP/1.1" 200 4509
47.128.48.230 - - [28/Jun/2024:01:32:10 +0200] "GET /ticket2/opencms/system/modules/com.gridnine.opencms.ticketbrokerage.site/resources/pics/bank_4_seb.png HTTP/1.1" 200 2487
52.70.240.171 - - [28/Jun/2024:01:32:10 +0200] "GET /ticket2/opencms/fr/buy/?edid=6CF16ABF-31A5-8D51-A63B-3077208955EB&page=1 HTTP/1.1" 200 106873
51.222.253.15 - - [28/Jun/2024:01:32:13 +0200] "GET /ticket2/opencms/dk/venue/?countryid=A9198A40-C385-3F3F-F1E3-C36DF8CBA8BE HTTP/1.1" 200 101181
3.224.220.101 - - [28/Jun/2024:01:32:14 +0200] "GET /ticket2/opencms/fr/buy/?edid=5ED2EB91-C7BF-DB4E-E8CC-C708B8706497&page=1 HTTP/1.1" 200 86699
3.224.220.101 - - [28/Jun/2024:01:32:19 +0200] "GET /ticket2/opencms/fr/buy/?edid=DC067A0C-CE36-3D9C-899A-867F582FFC90&page=1 HTTP/1.1" 200 111875
23.22.35.162 - - [28/Jun/2024:01:32:22 +0200] "GET /ticket2/opencms/fr/buy/?edid=A9C35541-ABB7-0662-52F4-8AD61BAC9B1C&page=1 HTTP/1.1" 200 112543
5.9.55.228 - - [28/Jun/2024:01:32:24 +0200] "GET /ticket2/opencms/en/buy/?page=6&comcatid=A17713B6-D984-201A-4143-ED4DB5ED5C2E&catid=8AA488FA-6797-D710-8108-3088D6948FC1 HTTP/1.1" 200 82204
23.22.35.162 - - [28/Jun/2024:01:32:26 +0200] "GET /ticket2/opencms/fr/buy/?edid=605F0713-F5C5-5844-2344-BCDD5B5AC0EC&page=1 HTTP/1.1" 200 102299
87.121.69.27 - - [28/Jun/2024:01:32:27 +0200] "CONNECT google.com:443 HTTP/1.1" 400 -
3.224.220.101 - - [28/Jun/2024:01:32:31 +0200] "GET /ticket2/opencms/fr/buy/?edid=BEA9D3E5-A93E-146C-1904-24495F6A8B39&page=1 HTTP/1.1" 200 107394
52.70.240.171 - - [28/Jun/2024:01:32:35 +0200] "GET /ticket2/opencms/fr/buy/?edid=7F8DD7AE-C02D-DBD7-A437-1943525E7DF2&page=1 HTTP/1.1" 200 112722
23.22.35.162 - - [28/Jun/2024:01:32:38 +0200] "GET /ticket2/opencms/fr/buy/?edid=9AF29D4D-BF71-6182-1EBD-FF49E6DA3ECE&page=1 HTTP/1.1" 200 88523
5.9.55.228 - - [28/Jun/2024:01:32:43 +0200] "GET /ticket2/opencms/en/buy/?page=6&comcatid=A17713B6-D984-201A-4143-ED4DB5ED5C2E&catid=88C381AD-5D76-A34D-AC15-A7129F8EF5BE HTTP/1.1" 200 82213
3.224.220.101 - - [28/Jun/2024:01:32:43 +0200] "GET /ticket2/opencms/fr/buy/?edid=2E10707D-C051-6138-1E62-3BA0A6C4D8EB&page=1 HTTP/1.1" 200 112560
66.249.72.35 - - [28/Jun/2024:01:32:45 +0200] "GET /ticket2/opencms/sv/buy/?page=1&edid=E1332E4A-0A6D-DD3D-14BF-DB0907B051D5 HTTP/1.1" 200 111228
150.158.151.170 - - [28/Jun/2024:01:32:46 +0200] "GET /ticket2/opencms/xmlrpc.php HTTP/1.1" 404 -
3.224.220.101 - - [28/Jun/2024:01:32:47 +0200] "GET /ticket2/opencms/fr/buy/?edid=6F379414-70C4-400F-51D2-AFD37C8F2BC7&page=1 HTTP/1.1" 200 112993
23.22.35.162 - - [28/Jun/2024:01:32:51 +0200] "GET /ticket2/opencms/fr/buy/?edid=E11E1E12-66BC-E0C5-F313-3E777C16F760&page=1 HTTP/1.1" 200 107393
3.224.220.101 - - [28/Jun/2024:01:32:54 +0200] "GET /ticket2/opencms/fr/buy/?edid=F6626DB9-CF49-C060-B5A0-E4907286C489&page=1 HTTP/1.1" 200 86705
23.22.35.162 - - [28/Jun/2024:01:32:58 +0200] "GET /ticket2/opencms/fr/buy/?edid=4D0E8B6F-4A4C-13EE-EC78-4C4A42CB13B0&page=1 HTTP/1.1" 200 86710
52.70.240.171 - - [28/Jun/2024:01:33:02 +0200] "GET /ticket2/opencms/fr/buy/?edid=885A2607-A223-24CC-17AE-7C8ECDA8D47C&page=1 HTTP/1.1" 200 111876
5.9.55.228 - - [28/Jun/2024:01:33:04 +0200] "GET /ticket2/opencms/en/buy/?page=6&comcatid=A17713B6-D984-201A-4143-ED4DB5ED5C2E&catid=7EF04817-972D-18B1-F941-DE800D088075&eventid=A8C3CD81-201D-B4A4-E52D-57A2F254AB92 HTTP/1.1" 200 82218
23.22.35.162 - - [28/Jun/2024:01:33:06 +0200] "GET /ticket2/opencms/fr/buy/?edid=150C2B47-38EB-0C0E-C664-5F863E9426DB&page=1 HTTP/1.1" 200 88822
3.224.220.101 - - [28/Jun/2024:01:33:10 +0200] "GET /ticket2/opencms/fr/buy/?edid=0E015037-AEA8-A77C-F644-58B0F482ADCC&page=1 HTTP/1.1" 200 111708
23.22.35.162 - - [28/Jun/2024:01:33:14 +0200] "GET /ticket2/opencms/fr/buy/?edid=A27091AD-1422-96A9-33A7-74A8DECA25F3&page=1 HTTP/1.1" 200 112466
52.70.240.171 - - [28/Jun/2024:01:33:19 +0200] "GET /ticket2/opencms/fr/buy/?edid=E53C8E7A-C1C8-80DF-ED27-96FEFF6B5147&page=1 HTTP/1.1" 200 112723
52.70.240.171 - - [28/Jun/2024:01:33:23 +0200] "GET /ticket2/opencms/fr/buy/?edid=3590293B-3580-7B39-A58A-6ECDB1E34543&page=1 HTTP/1.1" 200 111828
5.9.55.228 - - [28/Jun/2024:01:33:23 +0200] "GET /ticket2/opencms/en/buy/?page=6&comcatid=A17713B6-D984-201A-4143-ED4DB5ED5C2E&catid=7EF04817-972D-18B1-F941-DE800D088075&eventid=0E2FBBAA-9DFD-37E8-1D28-E85F522880D0 HTTP/1.1" 200 82218
3.224.220.101 - - [28/Jun/2024:01:33:26 +0200] "GET /ticket2/opencms/fr/buy/?edid=0C94170C-17F1-0823-E8AC-91EC149F33EC&page=1 HTTP/1.1" 200 112996
52.70.240.171 - - [28/Jun/2024:01:33:30 +0200] "GET /ticket2/opencms/fr/buy/?edid=1B836A42-4F20-7A0F-05D1-08388A470666&page=1 HTTP/1.1" 200 88521
3.224.220.101 - - [28/Jun/2024:01:33:35 +0200] "GET /ticket2/opencms/fr/buy/?edid=48E72B51-00CE-CE36-D8BB-29D37358C55B&page=1 HTTP/1.1" 200 111685
23.22.35.162 - - [28/Jun/2024:01:33:40 +0200] "GET /ticket2/opencms/fr/buy/?edid=285C029F-0136-4458-3DAC-D4899E4F1B96&page=1 HTTP/1.1" 200 86704
5.9.55.228 - - [28/Jun/2024:01:33:41 +0200] "GET /ticket2/opencms/en/buy/?page=6&comcatid=A17713B6-D984-201A-4143-ED4DB5ED5C2E&catid=7EF04817-972D-18B1-F941-DE800D088075 HTTP/1.1" 200 82218
23.22.35.162 - - [28/Jun/2024:01:33:42 +0200] "GET /ticket2/opencms/fr/buy/?edid=81800969-8323-7DD5-2FF1-1DA61540AE9E&page=1 HTTP/1.1" 200 86694
216.245.221.83 - - [28/Jun/2024:01:33:45 +0200] "HEAD /ticket2/opencms/ HTTP/1.1" 302 -
216.245.221.83 - - [28/Jun/2024:01:33:45 +0200] "HEAD /ticket2/opencms/en/ HTTP/1.1" 200 -
52.70.240.171 - - [28/Jun/2024:01:33:47 +0200] "GET /ticket2/opencms/fr/buy/?edid=7B357C96-D15A-7330-3CD7-9115EBD86CB2&page=1 HTTP/1.1" 200 111877
66.249.76.133 - - [28/Jun/2024:01:33:48 +0200] "GET /ticket2/opencms/es HTTP/1.1" 200 93065
66.249.72.34 - - [28/Jun/2024:01:33:50 +0200] "GET /ticket2/opencms/sv/buy/?page=1&edid=89AC8C22-922C-5C69-19DD-247D667ABB39 HTTP/1.1" 200 111855
3.224.220.101 - - [28/Jun/2024:01:33:51 +0200] "GET /ticket2/opencms/fr/buy/?edid=9239880C-C5C0-5076-4AD5-4881F5EBAC4A&page=1 HTTP/1.1" 200 112544
66.249.72.35 - - [28/Jun/2024:01:33:52 +0200] "GET /ticket2/opencms/sv/buy/?page=1&edid=4660DE29-C3F1-FFBE-5E6B-4C74E874EC91 HTTP/1.1" 200 112163
23.22.35.162 - - [28/Jun/2024:01:33:55 +0200] "GET /ticket2/opencms/fr/buy/?edid=1291CD6B-4651-52CC-8D36-B0FB58FEEDFA&page=1 HTTP/1.1" 200 107399
3.224.220.101 - - [28/Jun/2024:01:33:58 +0200] "GET /ticket2/opencms/fr/buy/?edid=D9F2239E-EF6A-EAF8-CB00-12A5392DA498&page=1 HTTP/1.1" 200 106883
5.9.55.228 - - [28/Jun/2024:01:33:59 +0200] "GET /ticket2/opencms/en/buy/?page=6&comcatid=A17713B6-D984-201A-4143-ED4DB5ED5C2E&catid=7CF2D645-F785-0CBB-1B7C-C4711617EAAD HTTP/1.1" 200 83569
3.224.220.101 - - [28/Jun/2024:01:34:02 +0200] "GET /ticket2/opencms/fr/buy/?edid=1B1B1FC4-4D35-11C5-5D85-DF2C3A11720F&page=1 HTTP/1.1" 200 86708
23.22.35.162 - - [28/Jun/2024:01:34:06 +0200] "GET /ticket2/opencms/fr/buy/?edid=D96122AD-C3AA-80F5-DDA8-935E03AE952D&page=1 HTTP/1.1" 200 112458
3.224.220.101 - - [28/Jun/2024:01:34:11 +0200] "GET /ticket2/opencms/fr/buy/?edid=697BE447-74B7-A748-152F-A1818DA4BEC9&page=1 HTTP/1.1" 200 112997
47.128.116.70 - - [28/Jun/2024:01:34:12 +0200] "GET /ticket2/opencms/fi/buy/?edid=D582FDF1-C885-7FD8-841B-6D2DEF5C38A4 HTTP/1.1" 200 73261
47.128.116.70 - - [28/Jun/2024:01:34:13 +0200] "GET /ticket2/opencms/system/modules/com.gridnine.opencms.ticketbrokerage.site/resources/pics/logo-new.png HTTP/1.1" 200 13541
47.128.116.70 - - [28/Jun/2024:01:34:14 +0200] "GET /ticket2/opencms/system/modules/com.gridnine.opencms.ticketbrokerage.site/resources/pics/bank_1_nordea.png HTTP/1.1" 200 4807
47.128.116.70 - - [28/Jun/2024:01:34:14 +0200] "GET /ticket2/opencms/system/modules/com.gridnine.opencms.ticketbrokerage.site/resources/pics/bank_2_handelsbanken.png HTTP/1.1" 200 4509
47.128.116.70 - - [28/Jun/2024:01:34:14 +0200] "GET /ticket2/opencms/system/modules/com.gridnine.opencms.ticketbrokerage.site/resources/pics/bank_4_seb.png HTTP/1.1" 200 2487
47.128.116.70 - - [28/Jun/2024:01:34:14 +0200] "GET /ticket2/opencms/system/modules/com.gridnine.opencms.ticketbrokerage.site/resources/pics/bank_3_swedbank.png HTTP/1.1" 200 5740
47.128.116.70 - - [28/Jun/2024:01:34:14 +0200] "GET /ticket2/opencms/system/modules/com.gridnine.opencms.ticketbrokerage.site/resources/pics/bank_5_visa_mastercard.png HTTP/1.1" 200 8196
47.128.116.70 - - [28/Jun/2024:01:34:15 +0200] "GET /ticket2/opencms/system/modules/com.gridnine.opencms.ticketbrokerage.site/resources/pics/bank_6_american_express.png HTTP/1.1" 200 5570
52.70.240.171 - - [28/Jun/2024:01:34:15 +0200] "GET /ticket2/opencms/fr/buy/?edid=E8BA54CC-B112-3D61-BE02-1B4D1E4F63D1&page=1 HTTP/1.1" 200 111687
5.9.55.228 - - [28/Jun/2024:01:34:16 +0200] "GET /ticket2/opencms/en/buy/?page=6&comcatid=A17713B6-D984-201A-4143-ED4DB5ED5C2E&catid=7BADFFFB-57C5-5DBC-E7EB-B45075B3D8F9 HTTP/1.1" 200 82217
23.22.35.162 - - [28/Jun/2024:01:34:18 +0200] "GET /ticket2/opencms/fr/buy/?edid=8A787324-CD72-C476-64CB-87071CD71C2F&page=1 HTTP/1.1" 200 112720
52.70.240.171 - - [28/Jun/2024:01:34:22 +0200] "GET /ticket2/opencms/fr/buy/?edid=39CE598D-FC19-9CD8-F22D-3F7964FACAB9&page=1 HTTP/1.1" 200 102289
52.70.240.171 - - [28/Jun/2024:01:34:26 +0200] "GET /ticket2/opencms/fr/buy/?edid=49AE40A4-FFEF-9739-399E-88E262ED311F&page=1 HTTP/1.1" 200 86710
47.128.50.235 - - [28/Jun/2024:01:34:26 +0200] "GET /ticket2/opencms/de/buy/?catid=8732E72C-A028-EA8C-4D4D-DEB44E2A28A8&comcatid=97ECA65A-72DA-F9AF-9DBB-245D3CFED1BE HTTP/1.1" 200 77710
47.128.50.235 - - [28/Jun/2024:01:34:27 +0200] "GET /ticket2/opencms/system/modules/com.gridnine.opencms.ticketbrokerage.site/resources/pics/logo-new.png HTTP/1.1" 200 13541
47.128.50.235 - - [28/Jun/2024:01:34:28 +0200] "GET /ticket2/opencms/system/modules/com.gridnine.opencms.ticketbrokerage.site/resources/pics/bank_2_handelsbanken.png HTTP/1.1" 200 4509
47.128.50.235 - - [28/Jun/2024:01:34:28 +0200] "GET /ticket2/opencms/system/modules/com.gridnine.opencms.ticketbrokerage.site/resources/pics/bank_1_nordea.png HTTP/1.1" 200 4807
47.128.50.235 - - [28/Jun/2024:01:34:28 +0200] "GET /ticket2/opencms/system/modules/com.gridnine.opencms.ticketbrokerage.site/resources/pics/bank_3_swedbank.png HTTP/1.1" 200 5740
47.128.50.235 - - [28/Jun/2024:01:34:28 +0200] "GET /ticket2/opencms/system/modules/com.gridnine.opencms.ticketbrokerage.site/resources/pics/bank_5_visa_mastercard.png HTTP/1.1" 200 8196
47.128.50.235 - - [28/Jun/2024:01:34:28 +0200] "GET /ticket2/opencms/system/modules/com.gridnine.opencms.ticketbrokerage.site/resources/pics/bank_4_seb.png HTTP/1.1" 200 2487
47.128.50.235 - - [28/Jun/2024:01:34:28 +0200] "GET /ticket2/opencms/system/modules/com.gridnine.opencms.ticketbrokerage.site/resources/pics/bank_6_american_express.png HTTP/1.1" 200 5570
23.22.35.162 - - [28/Jun/2024:01:34:30 +0200] "GET /ticket2/opencms/fr/buy/?edid=9A56F165-F35D-9973-F50A-5FE9863E2B16&page=1 HTTP/1.1" 200 88521
5.9.55.228 - - [28/Jun/2024:01:34:33 +0200] "GET /ticket2/opencms/en/buy/?page=6&comcatid=A17713B6-D984-201A-4143-ED4DB5ED5C2E&catid=7ACC33AD-EE7E-AAA7-9050-0F4587759B87 HTTP/1.1" 200 82214
52.70.240.171 - - [28/Jun/2024:01:34:34 +0200] "GET /ticket2/opencms/fr/buy/?edid=94C5B0A9-45EC-824F-7DFB-E52A893ACA3D&page=1 HTTP/1.1" 200 111710
3.224.220.101 - - [28/Jun/2024:01:34:38 +0200] "GET /ticket2/opencms/fr/buy/?edid=E2BA261D-8AA4-C0D3-44EE-1FFEB3ECFAE6&page=1 HTTP/1.1" 200 112539
5.9.55.228 - - [28/Jun/2024:01:34:42 +0200] "GET /ticket2/opencms/en/buy/?page=6&comcatid=A17713B6-D984-201A-4143-ED4DB5ED5C2E&catid=21C3854B-901E-11F9-7B7D-6838CC6AFAA4&eventid=2D54F0A4-B7E5-1986-E461-A23A05E27C76 HTTP/1.1" 200 82216
52.70.240.171 - - [28/Jun/2024:01:34:42 +0200] "GET /ticket2/opencms/fr/buy/?edid=B63A2D15-1363-3F7D-6FAD-9E0AE65FC077&page=1 HTTP/1.1" 200 86720
52.70.240.171 - - [28/Jun/2024:01:34:47 +0200] "GET /ticket2/opencms/fr/buy/?edid=F7660972-1F1F-59FF-1410-FAEC9F9D74B8&page=1 HTTP/1.1" 200 107396
52.70.240.171 - - [28/Jun/2024:01:34:50 +0200] "GET /ticket2/opencms/fr/buy/?edid=8C15C2A6-6F0D-F124-996B-0D6AF34B41CB&page=1 HTTP/1.1" 200 86695
3.224.220.101 - - [28/Jun/2024:01:34:54 +0200] "GET /ticket2/opencms/fr/buy/?edid=8E087689-30A7-E7AD-9853-CFBC4F6216DD&page=1 HTTP/1.1" 200 111875
66.249.75.97 - - [28/Jun/2024:01:34:55 +0200] "GET /ticket2/opencms/en/buy/?page=1&edid=4660DE29-C3F1-FFBE-5E6B-4C74E874EC91 HTTP/1.1" 200 111377
66.249.76.195 - - [28/Jun/2024:01:34:56 +0200] "GET /ticket2/opencms/sv/buy/?page=1&edid=B422C598-4610-0185-89CA-0FDFEB7BE014 HTTP/1.1" 200 110751
66.249.72.101 - - [28/Jun/2024:01:34:58 +0200] "GET /ticket2/opencms/de/buy?page=1&edid=096598FE-DA35-4351-DFEE-DC9ACA0F0EF9 HTTP/1.1" 200 112445
23.22.35.162 - - [28/Jun/2024:01:34:58 +0200] "GET /ticket2/opencms/fr/buy/?edid=A9140ADD-E008-579D-7865-3C1E6B6E78F6&page=1 HTTP/1.1" 200 88529
51.222.253.17 - - [28/Jun/2024:01:34:59 +0200] "GET /ticket2/opencms/dk/venue/?countryid=8E9B7573-DABA-9F65-28F4-901E70BA5D59 HTTP/1.1" 200 101181
5.9.55.228 - - [28/Jun/2024:01:35:00 +0200] "GET /ticket2/opencms/en/buy/?page=6&comcatid=66708183-7480-3365-06BF-DBF60280AB45&catid=05A94519-01D1-C86F-9031-84936B0B9DAE HTTP/1.1" 200 73155
66.249.77.161 - - [28/Jun/2024:01:35:00 +0200] "GET /ticket2/opencms/partners/?page=1 HTTP/1.1" 200 14828
66.249.72.34 - - [28/Jun/2024:01:35:01 +0200] "GET /ticket2/opencms/sv/buy/?page=1&edid=99D270B3-917E-FD4A-2998-A2CE577033E4 HTTP/1.1" 200 87722
66.249.75.169 - - [28/Jun/2024:01:35:02 +0200] "GET /ticket2/opencms/de/fi/buy/?page=6&column= HTTP/1.1" 404 -
52.70.240.171 - - [28/Jun/2024:01:35:03 +0200] "GET /ticket2/opencms/fr/buy/?edid=F26F7624-B3C7-3F2B-5F3B-CAEEB7F1CB7F&page=1 HTTP/1.1" 200 112561
3.224.220.101 - - [28/Jun/2024:01:35:07 +0200] "GET /ticket2/opencms/fr/buy/?edid=24658CB7-0503-4139-A73F-444B9F961692&page=1 HTTP/1.1" 200 86697
23.22.35.162 - - [28/Jun/2024:01:35:10 +0200] "GET /ticket2/opencms/fr/buy/?edid=076317A2-E374-F6BE-C2AE-88F75CAA72F3&page=1 HTTP/1.1" 200 86707
52.70.240.171 - - [28/Jun/2024:01:35:15 +0200] "GET /ticket2/opencms/fr/buy/?edid=71F3FE54-10D0-F1E8-DD77-D63D4BE2C9CF&page=1 HTTP/1.1" 200 112538
5.9.55.228 - - [28/Jun/2024:01:35:17 +0200] "GET /ticket2/opencms/en/buy/?page=6&comcatid=66708183-7480-3365-06BF-DBF60280AB45 HTTP/1.1" 200 73097
47.128.127.162 - - [28/Jun/2024:01:35:18 +0200] "GET /ticket2/opencms/de/buy/?catid=CB847559-7ECA-CC50-D7D2-064AF0C06FB1&comcatid=0A6B8208-FDA4-E929-9D72-5312FD481B76 HTTP/1.1" 200 76428
3.224.220.101 - - [28/Jun/2024:01:35:18 +0200] "GET /ticket2/opencms/fr/buy/?edid=DC4F64BB-84C6-452C-2BFD-138DC45E79DD&page=1 HTTP/1.1" 200 111789
47.128.127.162 - - [28/Jun/2024:01:35:19 +0200] "GET /ticket2/opencms/system/modules/com.gridnine.opencms.ticketbrokerage.site/resources/pics/logo-new.png HTTP/1.1" 200 13541
47.128.127.162 - - [28/Jun/2024:01:35:19 +0200] "GET /ticket2/opencms/system/modules/com.gridnine.opencms.ticketbrokerage.site/resources/pics/bank_1_nordea.png HTTP/1.1" 200 4807
47.128.127.162 - - [28/Jun/2024:01:35:20 +0200] "GET /ticket2/opencms/system/modules/com.gridnine.opencms.ticketbrokerage.site/resources/pics/bank_3_swedbank.png HTTP/1.1" 200 5740
47.128.127.162 - - [28/Jun/2024:01:35:20 +0200] "GET /ticket2/opencms/system/modules/com.gridnine.opencms.ticketbrokerage.site/resources/pics/bank_5_visa_mastercard.png HTTP/1.1" 200 8196
47.128.127.162 - - [28/Jun/2024:01:35:20 +0200] "GET /ticket2/opencms/system/modules/com.gridnine.opencms.ticketbrokerage.site/resources/pics/bank_4_seb.png HTTP/1.1" 200 2487
47.128.127.162 - - [28/Jun/2024:01:35:20 +0200] "GET /ticket2/opencms/system/modules/com.gridnine.opencms.ticketbrokerage.site/resources/pics/bank_2_handelsbanken.png HTTP/1.1" 200 4509
47.128.127.162 - - [28/Jun/2024:01:35:20 +0200] "GET /ticket2/opencms/system/modules/com.gridnine.opencms.ticketbrokerage.site/resources/pics/bank_6_american_express.png HTTP/1.1" 200 5570
52.70.240.171 - - [28/Jun/2024:01:35:22 +0200] "GET /ticket2/opencms/fr/buy/?edid=096598FE-DA35-4351-DFEE-DC9ACA0F0EF9&page=1 HTTP/1.1" 200 112894
40.77.167.72 - - [28/Jun/2024:01:35:26 +0200] "GET /ticket2/opencms/sv/buy/?page=1&edid=B0E4D276-C8CE-F4B4-2DC5-6BEA44E190B2 HTTP/1.1" 200 87952
3.224.220.101 - - [28/Jun/2024:01:35:27 +0200] "GET /ticket2/opencms/fr/buy/?edid=2B9FDAA5-4F91-9556-CB1B-77F0011A2F02&page=1 HTTP/1.1" 200 111715
47.128.127.12 - - [28/Jun/2024:01:35:28 +0200] "GET /ticket2/opencms/no/buy/?catid=82F804FA-9F69-CB6B-D41D-7BF7C716058B&comcatid=A17713B6-D984-201A-4143-ED4DB5ED5C2E&eventid=D707AC08-0150-71A1-15CE-72D181DDFCB2&page=7 HTTP/1.1" 200 83074
3.224.220.101 - - [28/Jun/2024:01:35:30 +0200] "GET /ticket2/opencms/fr/buy/?edid=DD26041B-007D-3EE6-A8F7-303AB350D2E4&page=1 HTTP/1.1" 200 111874
47.128.127.12 - - [28/Jun/2024:01:35:31 +0200] "GET /ticket2/opencms/system/modules/com.gridnine.opencms.ticketbrokerage.site/resources/pics/logo-new.png HTTP/1.1" 200 13541
47.128.127.12 - - [28/Jun/2024:01:35:32 +0200] "GET /ticket2/opencms/system/modules/com.gridnine.opencms.ticketbrokerage.site/resources/pics/bank_1_nordea.png HTTP/1.1" 200 4807
47.128.127.12 - - [28/Jun/2024:01:35:33 +0200] "GET /ticket2/opencms/system/modules/com.gridnine.opencms.ticketbrokerage.site/resources/pics/bank_2_handelsbanken.png HTTP/1.1" 200 4509
47.128.127.12 - - [28/Jun/2024:01:35:33 +0200] "GET /ticket2/opencms/system/modules/com.gridnine.opencms.ticketbrokerage.site/resources/pics/bank_5_visa_mastercard.png HTTP/1.1" 200 8196
47.128.127.12 - - [28/Jun/2024:01:35:33 +0200] "GET /ticket2/opencms/system/modules/com.gridnine.opencms.ticketbrokerage.site/resources/pics/bank_4_seb.png HTTP/1.1" 200 2487
47.128.127.12 - - [28/Jun/2024:01:35:33 +0200] "GET /ticket2/opencms/system/modules/com.gridnine.opencms.ticketbrokerage.site/resources/pics/bank_6_american_express.png HTTP/1.1" 200 5570
47.128.127.12 - - [28/Jun/2024:01:35:33 +0200] "GET /ticket2/opencms/system/modules/com.gridnine.opencms.ticketbrokerage.site/resources/pics/bank_3_swedbank.png HTTP/1.1" 200 5740
5.9.55.228 - - [28/Jun/2024:01:35:34 +0200] "GET /ticket2/opencms/en/buy/?page=6&comcatid=0a6b8208-fda4-e929-9d72-5312fd481b76&catid=fca7ff95-260a-464b-b6ff-a820fce7dfef HTTP/1.1" 200 71625
52.70.240.171 - - [28/Jun/2024:01:35:34 +0200] "GET /ticket2/opencms/fr/buy/?edid=9CB65BAE-DCD8-2D95-397D-813CF31BA500&page=1 HTTP/1.1" 200 112719
3.224.220.101 - - [28/Jun/2024:01:35:38 +0200] "GET /ticket2/opencms/fr/buy/?edid=BB439D2C-76B4-AD0C-0FC4-79A0CD539AA0&page=1 HTTP/1.1" 200 111831
23.22.35.162 - - [28/Jun/2024:01:35:42 +0200] "GET /ticket2/opencms/fr/buy/?edid=B12376C6-BA7F-3D61-F970-EF51106430AB&page=1 HTTP/1.1" 200 107391
3.224.220.101 - - [28/Jun/2024:01:35:46 +0200] "GET /ticket2/opencms/fr/buy/?edid=BBDCBF15-1B06-DD9F-49B6-3829D3B56DBC&page=1 HTTP/1.1" 200 86718
3.224.220.101 - - [28/Jun/2024:01:35:51 +0200] "GET /ticket2/opencms/fr/buy/?edid=81CABF18-BA6D-C79B-B74D-94D66EB07C86&page=1 HTTP/1.1" 200 112723
5.9.55.228 - - [28/Jun/2024:01:35:51 +0200] "GET /ticket2/opencms/en/buy/?page=6&comcatid=0a6b8208-fda4-e929-9d72-5312fd481b76&catid=cb847559-7eca-cc50-d7d2-064af0c06fb1 HTTP/1.1" 200 71625
185.202.238.84 - - [28/Jun/2024:01:35:54 +0200] "GET /ticket2/opencms/dk/dk/buy/?page=1&edid=DF0EBD62-AC7E-AE6F-60EC-741827E53620&sortorder=desc&column=section HTTP/1.1" 404 -
23.22.35.162 - - [28/Jun/2024:01:35:55 +0200] "GET /ticket2/opencms/fr/buy/?edid=E86D89E6-4B76-0823-49E9-A4E0BE4014AF&page=1 HTTP/1.1" 200 111873
23.22.35.162 - - [28/Jun/2024:01:35:58 +0200] "GET /ticket2/opencms/fr/buy/?edid=DBD7C3FF-3D2D-1BC9-F87B-06E7F5EA9FFB&page=1 HTTP/1.1" 200 86708
216.245.221.83 - - [28/Jun/2024:01:35:58 +0200] "HEAD /ticket2/opencms/ HTTP/1.1" 302 -
216.245.221.83 - - [28/Jun/2024:01:36:02 +0200] "HEAD /ticket2/opencms/en/ HTTP/1.1" 200 -
52.70.240.171 - - [28/Jun/2024:01:36:03 +0200] "GET /ticket2/opencms/fr/buy/?edid=0B61E12F-3357-9D4A-8CE6-56FAB7BA659C&page=1 HTTP/1.1" 200 107396
66.249.72.33 - - [28/Jun/2024:01:36:05 +0200] "GET /ticket2/opencms/sv/buy/?page=1&edid=C3C88BDA-1CC3-8611-4BC9-911B22C7161C HTTP/1.1" 200 87723
66.249.72.35 - - [28/Jun/2024:01:36:06 +0200] "GET /ticket2/opencms/sv/buy/?page=1&edid=F78B03FA-4A60-BDC0-B4DA-96975C817683 HTTP/1.1" 200 116102
23.22.35.162 - - [28/Jun/2024:01:36:07 +0200] "GET /ticket2/opencms/fr/buy/?edid=3A899F3D-4563-653B-4B43-C09A35CA2BD9&page=1 HTTP/1.1" 200 111827
47.128.50.244 - - [28/Jun/2024:01:36:08 +0200] "GET /ticket2/opencms/fr/buy/?catid=3A56B1C2-6FFB-C8D1-B229-B3914D5FF8DF&comcatid=0A6B8208-FDA4-E929-9D72-5312FD481B76 HTTP/1.1" 200 76516
5.9.55.228 - - [28/Jun/2024:01:36:08 +0200] "GET /ticket2/opencms/en/buy/?page=6&comcatid=0a6b8208-fda4-e929-9d72-5312fd481b76&catid=ad8e612f-0f0b-03c9-5236-e4f8b6523945 HTTP/1.1" 200 71625
47.128.50.244 - - [28/Jun/2024:01:36:09 +0200] "GET /ticket2/opencms/system/modules/com.gridnine.opencms.ticketbrokerage.site/resources/pics/logo-new.png HTTP/1.1" 200 13541
47.128.50.244 - - [28/Jun/2024:01:36:10 +0200] "GET /ticket2/opencms/system/modules/com.gridnine.opencms.ticketbrokerage.site/resources/pics/bank_3_swedbank.png HTTP/1.1" 200 5740
23.22.35.162 - - [28/Jun/2024:01:36:10 +0200] "GET /ticket2/opencms/fr/buy/?edid=D3AB0CA8-3C40-1AB9-8BEC-7D01F349EB4E&page=1 HTTP/1.1" 200 111711
47.128.50.244 - - [28/Jun/2024:01:36:11 +0200] "GET /ticket2/opencms/system/modules/com.gridnine.opencms.ticketbrokerage.site/resources/pics/bank_4_seb.png HTTP/1.1" 200 2487
47.128.50.244 - - [28/Jun/2024:01:36:11 +0200] "GET /ticket2/opencms/system/modules/com.gridnine.opencms.ticketbrokerage.site/resources/pics/bank_1_nordea.png HTTP/1.1" 200 4807
47.128.50.244 - - [28/Jun/2024:01:36:11 +0200] "GET /ticket2/opencms/system/modules/com.gridnine.opencms.ticketbrokerage.site/resources/pics/bank_2_handelsbanken.png HTTP/1.1" 200 4509
47.128.50.244 - - [28/Jun/2024:01:36:11 +0200] "GET /ticket2/opencms/system/modules/com.gridnine.opencms.ticketbrokerage.site/resources/pics/bank_5_visa_mastercard.png HTTP/1.1" 200 8196
47.128.50.244 - - [28/Jun/2024:01:36:11 +0200] "GET /ticket2/opencms/system/modules/com.gridnine.opencms.ticketbrokerage.site/resources/pics/bank_6_american_express.png HTTP/1.1" 200 5570
166.108.233.44 - - [28/Jun/2024:01:36:13 +0200] "GET /ticket2/opencms/sv/sport/fotbollsbiljetter/english-championship/queens-park-rangers/ HTTP/1.1" 200 74571
52.70.240.171 - - [28/Jun/2024:01:36:14 +0200] "GET /ticket2/opencms/fr/buy/?edid=FEE25E36-04D3-46C8-6D56-05013D91539C&page=1 HTTP/1.1" 200 86707
52.70.240.171 - - [28/Jun/2024:01:36:18 +0200] "GET /ticket2/opencms/fr/buy/?edid=2684212B-FA50-DC4B-3CFA-1303E9638140&page=1 HTTP/1.1" 200 107794
51.222.253.9 - - [28/Jun/2024:01:36:21 +0200] "GET /ticket2/opencms/dk/venue/?countryid=6A07F71C-E21A-1DB2-608E-7A1B9B76A929 HTTP/1.1" 200 101181
23.22.35.162 - - [28/Jun/2024:01:36:22 +0200] "GET /ticket2/opencms/fr/buy/?edid=355D3270-70A4-08B0-6A25-52C4305F40B2&page=1 HTTP/1.1" 200 86701
5.9.55.228 - - [28/Jun/2024:01:36:26 +0200] "GET /ticket2/opencms/en/buy/?page=6&comcatid=0a6b8208-fda4-e929-9d72-5312fd481b76&catid=a05a53f7-423d-23be-575e-ea7b67de22d9 HTTP/1.1" 200 71625
23.22.35.162 - - [28/Jun/2024:01:36:26 +0200] "GET /ticket2/opencms/fr/buy/?edid=2C538FDD-3C52-6C4F-20BD-65D603C9DD1A&page=1 HTTP/1.1" 200 88521
47.128.54.114 - - [28/Jun/2024:01:36:29 +0200] "GET /ticket2/opencms/de/buy?edid=6B1BC3D5-41D5-1130-8508-F118D3CA5AB9 HTTP/1.1" 200 72578
47.128.54.114 - - [28/Jun/2024:01:36:29 +0200] "GET /ticket2/opencms/system/modules/com.gridnine.opencms.ticketbrokerage.site/resources/pics/logo-new.png HTTP/1.1" 200 13541
47.128.54.114 - - [28/Jun/2024:01:36:30 +0200] "GET /ticket2/opencms/system/modules/com.gridnine.opencms.ticketbrokerage.site/resources/pics/bank_2_handelsbanken.png HTTP/1.1" 200 4509
47.128.54.114 - - [28/Jun/2024:01:36:31 +0200] "GET /ticket2/opencms/system/modules/com.gridnine.opencms.ticketbrokerage.site/resources/pics/bank_3_swedbank.png HTTP/1.1" 200 5740
47.128.54.114 - - [28/Jun/2024:01:36:31 +0200] "GET /ticket2/opencms/system/modules/com.gridnine.opencms.ticketbrokerage.site/resources/pics/bank_4_seb.png HTTP/1.1" 200 2487
47.128.54.114 - - [28/Jun/2024:01:36:31 +0200] "GET /ticket2/opencms/system/modules/com.gridnine.opencms.ticketbrokerage.site/resources/pics/bank_1_nordea.png HTTP/1.1" 200 4807
3.224.220.101 - - [28/Jun/2024:01:36:31 +0200] "GET /ticket2/opencms/fr/buy/?edid=5CA6204E-B944-1C9C-2A91-E87C8D0203BC&page=1 HTTP/1.1" 200 111794
47.128.54.114 - - [28/Jun/2024:01:36:31 +0200] "GET /ticket2/opencms/system/modules/com.gridnine.opencms.ticketbrokerage.site/resources/pics/bank_5_visa_mastercard.png HTTP/1.1" 200 8196
47.128.54.114 - - [28/Jun/2024:01:36:31 +0200] "GET /ticket2/opencms/system/modules/com.gridnine.opencms.ticketbrokerage.site/resources/pics/bank_6_american_express.png HTTP/1.1" 200 5570
23.22.35.162 - - [28/Jun/2024:01:36:34 +0200] "GET /ticket2/opencms/fr/buy/?edid=F2BB5427-1D4A-AECD-9787-90D94712CD18&page=1 HTTP/1.1" 200 112468
3.224.220.101 - - [28/Jun/2024:01:36:39 +0200] "GET /ticket2/opencms/fr/buy/?edid=1B66F7E9-6D68-7258-D0DB-383034F8302F&page=1 HTTP/1.1" 200 112892
5.9.55.228 - - [28/Jun/2024:01:36:42 +0200] "GET /ticket2/opencms/en/buy/?page=6&comcatid=0a6b8208-fda4-e929-9d72-5312fd481b76&catid=8e4972fc-6e2c-77a4-bb9d-d67bd270a641 HTTP/1.1" 200 71625
52.70.240.171 - - [28/Jun/2024:01:36:43 +0200] "GET /ticket2/opencms/fr/buy/?edid=73ADC408-1051-3D3B-0D53-5DA8E608120E&page=1 HTTP/1.1" 200 112719
3.224.220.101 - - [28/Jun/2024:01:36:46 +0200] "GET /ticket2/opencms/fr/buy/?edid=DE88C997-F247-5EDB-AB8C-0BF21F57525F&page=1 HTTP/1.1" 200 112539
23.22.35.162 - - [28/Jun/2024:01:36:50 +0200] "GET /ticket2/opencms/fr/buy/?edid=32C765D3-F869-7E5E-98A4-5E68576F52A5&page=1 HTTP/1.1" 200 112994
5.9.55.228 - - [28/Jun/2024:01:36:51 +0200] "GET /ticket2/opencms/en/buy/?page=6&comcatid=0a6b8208-fda4-e929-9d72-5312fd481b76&catid=5ed34547-492c-90da-709d-448345844685 HTTP/1.1" 200 71625
40.77.167.52 - - [28/Jun/2024:01:36:53 +0200] "GET /ticket2/opencms/sv/buy/?page=6&comcatid=A17713B6-D984-201A-4143-ED4DB5ED5C2E&catid=08F27F2A-1872-A39F-A97C-63093E77B18A HTTP/1.1" 200 82995
52.70.240.171 - - [28/Jun/2024:01:36:54 +0200] "GET /ticket2/opencms/fr/buy/?edid=FC000D61-FABC-A881-9E2E-0971242A71A3&page=1 HTTP/1.1" 200 88519
52.70.240.171 - - [28/Jun/2024:01:36:59 +0200] "GET /ticket2/opencms/fr/buy/?edid=79716713-A068-E79D-953B-9FF4A2B80AAB&page=1 HTTP/1.1" 200 111790
47.128.50.215 - - [28/Jun/2024:01:37:01 +0200] "GET /ticket2/opencms/de/buy/?catid=26594C33-56CE-F529-FAF3-61AB33F74A3B&comcatid=0A6B8208-FDA4-E929-9D72-5312FD481B76 HTTP/1.1" 200 76426
23.22.35.162 - - [28/Jun/2024:01:37:02 +0200] "GET /ticket2/opencms/fr/buy/?edid=31FDA527-9BE5-CC0F-08BA-BAC5423FB404&page=1 HTTP/1.1" 200 86697
47.128.50.215 - - [28/Jun/2024:01:37:03 +0200] "GET /ticket2/opencms/system/modules/com.gridnine.opencms.ticketbrokerage.site/resources/pics/logo-new.png HTTP/1.1" 200 13541
47.128.50.215 - - [28/Jun/2024:01:37:04 +0200] "GET /ticket2/opencms/system/modules/com.gridnine.opencms.ticketbrokerage.site/resources/pics/bank_1_nordea.png HTTP/1.1" 200 4807
47.128.50.215 - - [28/Jun/2024:01:37:04 +0200] "GET /ticket2/opencms/system/modules/com.gridnine.opencms.ticketbrokerage.site/resources/pics/bank_6_american_express.png HTTP/1.1" 200 5570
47.128.50.215 - - [28/Jun/2024:01:37:04 +0200] "GET /ticket2/opencms/system/modules/com.gridnine.opencms.ticketbrokerage.site/resources/pics/bank_5_visa_mastercard.png HTTP/1.1" 200 8196
47.128.50.215 - - [28/Jun/2024:01:37:04 +0200] "GET /ticket2/opencms/system/modules/com.gridnine.opencms.ticketbrokerage.site/resources/pics/bank_4_seb.png HTTP/1.1" 200 2487
47.128.50.215 - - [28/Jun/2024:01:37:04 +0200] "GET /ticket2/opencms/system/modules/com.gridnine.opencms.ticketbrokerage.site/resources/pics/bank_2_handelsbanken.png HTTP/1.1" 200 4509
47.128.50.215 - - [28/Jun/2024:01:37:04 +0200] "GET /ticket2/opencms/system/modules/com.gridnine.opencms.ticketbrokerage.site/resources/pics/bank_3_swedbank.png HTTP/1.1" 200 5740
3.224.220.101 - - [28/Jun/2024:01:37:06 +0200] "GET /ticket2/opencms/fr/buy/?edid=23688B8D-8D21-EBA0-1897-8BC6CFFE57DE&page=1 HTTP/1.1" 200 86710
5.9.55.228 - - [28/Jun/2024:01:37:08 +0200] "GET /ticket2/opencms/en/buy/?page=6&comcatid=0a6b8208-fda4-e929-9d72-5312fd481b76&catid=53e7b32e-5caa-6ce7-d6aa-ffc41d70ee01 HTTP/1.1" 200 71625
66.249.76.195 - - [28/Jun/2024:01:37:08 +0200] "GET /ticket2/opencms/dk/buy/?page=1&edid=713C8E2E-8856-812A-FD61-94B2B631F7A2 HTTP/1.1" 200 85747
66.249.76.194 - - [28/Jun/2024:01:37:09 +0200] "GET /ticket2/opencms/sv/buy/?comcatid=A17713B6-D984-201A-4143-ED4DB5ED5C2E&catid=A3372871-3019-08B8-80CE-74B78F441ACA HTTP/1.1" 200 83233
23.22.35.162 - - [28/Jun/2024:01:37:11 +0200] "GET /ticket2/opencms/fr/buy/?edid=C4141B0C-454E-2CA8-556F-909E6DA54D22&page=1 HTTP/1.1" 200 112567
52.70.240.171 - - [28/Jun/2024:01:37:14 +0200] "GET /ticket2/opencms/fr/buy/?edid=9BFFFF0C-C809-CAED-9589-C9537A82DE22&page=1 HTTP/1.1" 200 111707
52.70.240.171 - - [28/Jun/2024:01:37:18 +0200] "GET /ticket2/opencms/fr/buy/?edid=40C0E1B7-ADB1-62A5-2AFA-BC9667D7636D&page=1 HTTP/1.1" 200 86708
23.22.35.162 - - [28/Jun/2024:01:37:22 +0200] "GET /ticket2/opencms/fr/buy/?edid=F86B9858-FECA-8B69-0345-5BABEB4E1340&page=1 HTTP/1.1" 200 88376
5.9.55.228 - - [28/Jun/2024:01:37:24 +0200] "GET /ticket2/opencms/en/buy/?page=6&comcatid=0a6b8208-fda4-e929-9d72-5312fd481b76&catid=465306fd-802c-5175-10ff-40e426dd2769 HTTP/1.1" 200 71625
23.22.35.162 - - [28/Jun/2024:01:37:27 +0200] "GET /ticket2/opencms/fr/buy/?edid=F2D85B77-0146-9383-AAB8-AFEF60C3B51B&page=1 HTTP/1.1" 200 111878
23.22.35.162 - - [28/Jun/2024:01:37:30 +0200] "GET /ticket2/opencms/fr/buy/?edid=47EBAE6F-817A-37A2-D93C-48B4FE4F8A77&page=1 HTTP/1.1" 200 112537
40.77.167.72 - - [28/Jun/2024:01:37:34 +0200] "GET /ticket2/opencms/dk/venue/?venueid=234AF655-CBEF-566E-AA95-4ED8FB9CA8D3 HTTP/1.1" 200 71819
3.224.220.101 - - [28/Jun/2024:01:37:34 +0200] "GET /ticket2/opencms/fr/buy/?edid=3624BB9D-BDA3-C6BF-E8FF-2DF1F5C3F73A&page=1 HTTP/1.1" 200 86698
51.222.253.15 - - [28/Jun/2024:01:37:35 +0200] "GET /ticket2/opencms/dk/venue/?countryid=893226B0-D69E-4766-831E-1D42E613AB75 HTTP/1.1" 200 101423
23.22.35.162 - - [28/Jun/2024:01:37:38 +0200] "GET /ticket2/opencms/fr/buy/?edid=8D58C9DD-E967-B351-A76A-68EF419B5A93&page=1 HTTP/1.1" 200 107392
5.9.55.228 - - [28/Jun/2024:01:37:41 +0200] "GET /ticket2/opencms/en/buy/?page=6&comcatid=0a6b8208-fda4-e929-9d72-5312fd481b76&catid=412dbcf4-025d-8abc-7a40-d7c760e055ff HTTP/1.1" 200 71625
3.224.220.101 - - [28/Jun/2024:01:37:42 +0200] "GET /ticket2/opencms/fr/buy/?edid=E1890C55-BB29-2521-0846-5A33B1490A2E&page=1 HTTP/1.1" 200 111772
3.224.220.101 - - [28/Jun/2024:01:37:47 +0200] "GET /ticket2/opencms/fr/buy/?edid=5605B728-A815-14DD-9E19-09BABDE81131&page=1 HTTP/1.1" 200 112721
47.128.50.219 - - [28/Jun/2024:01:37:50 +0200] "GET /ticket2/opencms/dk/buy/?catid=5ED34547-492C-90DA-709D-448345844685&comcatid=0A6B8208-FDA4-E929-9D72-5312FD481B76 HTTP/1.1" 200 75921
52.70.240.171 - - [28/Jun/2024:01:37:50 +0200] "GET /ticket2/opencms/fr/buy/?edid=84ABEF98-5B99-FE9A-F3A3-E305A7E3217D&page=1 HTTP/1.1" 200 111695
47.128.50.219 - - [28/Jun/2024:01:37:51 +0200] "GET /ticket2/opencms/system/modules/com.gridnine.opencms.ticketbrokerage.site/resources/pics/logo-new.png HTTP/1.1" 200 13541
47.128.50.219 - - [28/Jun/2024:01:37:52 +0200] "GET /ticket2/opencms/system/modules/com.gridnine.opencms.ticketbrokerage.site/resources/pics/bank_1_nordea.png HTTP/1.1" 200 4807
47.128.50.219 - - [28/Jun/2024:01:37:52 +0200] "GET /ticket2/opencms/system/modules/com.gridnine.opencms.ticketbrokerage.site/resources/pics/bank_2_handelsbanken.png HTTP/1.1" 200 4509
47.128.50.219 - - [28/Jun/2024:01:37:52 +0200] "GET /ticket2/opencms/system/modules/com.gridnine.opencms.ticketbrokerage.site/resources/pics/bank_5_visa_mastercard.png HTTP/1.1" 200 8196
47.128.50.219 - - [28/Jun/2024:01:37:52 +0200] "GET /ticket2/opencms/system/modules/com.gridnine.opencms.ticketbrokerage.site/resources/pics/bank_4_seb.png HTTP/1.1" 200 2487
47.128.50.219 - - [28/Jun/2024:01:37:52 +0200] "GET /ticket2/opencms/system/modules/com.gridnine.opencms.ticketbrokerage.site/resources/pics/bank_3_swedbank.png HTTP/1.1" 200 5740
47.128.50.219 - - [28/Jun/2024:01:37:52 +0200] "GET /ticket2/opencms/system/modules/com.gridnine.opencms.ticketbrokerage.site/resources/pics/bank_6_american_express.png HTTP/1.1" 200 5570
52.70.240.171 - - [28/Jun/2024:01:37:54 +0200] "GET /ticket2/opencms/fr/buy/?edid=9E373ADE-B8EE-38F8-BBD8-DA1CB52F113B&page=1 HTTP/1.1" 200 112995
5.9.55.228 - - [28/Jun/2024:01:37:58 +0200] "GET /ticket2/opencms/en/buy/?page=6&comcatid=0a6b8208-fda4-e929-9d72-5312fd481b76&catid=3a56b1c2-6ffb-c8d1-b229-b3914d5ff8df HTTP/1.1" 200 71625
23.22.35.162 - - [28/Jun/2024:01:37:58 +0200] "GET /ticket2/opencms/fr/buy/?edid=5D2C7F0A-6D8C-4B20-24D2-21DDAC599D86&page=1 HTTP/1.1" 200 86712
23.22.35.162 - - [28/Jun/2024:01:38:02 +0200] "GET /ticket2/opencms/fr/buy/?edid=7C194BAF-9FF0-6E1C-8CF4-2340665F2A6E&page=1 HTTP/1.1" 200 111712
52.70.240.171 - - [28/Jun/2024:01:38:06 +0200] "GET /ticket2/opencms/fr/buy/?edid=16343486-D199-EE91-1004-52E02A9487CB&page=1 HTTP/1.1" 200 86712
23.22.35.162 - - [28/Jun/2024:01:38:10 +0200] "GET /ticket2/opencms/fr/buy/?edid=133B893E-0B2E-BEF9-99B1-9E25283FAB9D&page=1 HTTP/1.1" 200 102291
66.249.72.34 - - [28/Jun/2024:01:38:10 +0200] "GET /ticket2/opencms/dk/buy/?page=1&edid=16343486-D199-EE91-1004-52E02A9487CB HTTP/1.1" 200 85747
66.249.76.193 - - [28/Jun/2024:01:38:11 +0200] "GET /ticket2/opencms/sv/buy/?page=1&edid=905D3BE1-46C8-EA4E-1BA4-270BE7100ACF HTTP/1.1" 200 116890
66.249.76.170 - - [28/Jun/2024:01:38:12 +0200] "GET /ticket2/opencms/no/buy/?page=1&edid=46ED3103-DE6B-A6DD-76D4-FB2A3432E453 HTTP/1.1" 200 111892
3.224.220.101 - - [28/Jun/2024:01:38:14 +0200] "GET /ticket2/opencms/fr/buy/?edid=78E4B91C-1F75-6F0B-081E-2F48F65F6C41&page=1 HTTP/1.1" 200 88518
5.9.55.228 - - [28/Jun/2024:01:38:15 +0200] "GET /ticket2/opencms/en/buy/?page=6&comcatid=0a6b8208-fda4-e929-9d72-5312fd481b76&catid=26594c33-56ce-f529-faf3-61ab33f74a3b HTTP/1.1" 200 71625
3.224.220.101 - - [28/Jun/2024:01:38:19 +0200] "GET /ticket2/opencms/fr/buy/?edid=5CB80305-FAB3-0B17-6A63-E12060ABE282&page=1 HTTP/1.1" 200 112562
52.70.240.171 - - [28/Jun/2024:01:38:22 +0200] "GET /ticket2/opencms/fr/buy/?catid=&comcatid=A17713B6-D984-201A-4143-ED4DB5ED5C2E&npage=1 HTTP/1.1" 200 241832
3.224.220.101 - - [28/Jun/2024:01:38:26 +0200] "GET /ticket2/opencms/nl/buy/?catid=&comcatid=A17713B6-D984-201A-4143-ED4DB5ED5C2E&npage=2 HTTP/1.1" 200 198134
