47.128.58.33 - - [28/Jun/2024:00:50:58 +0200] "GET /ticket2/opencms/system/modules/com.gridnine.opencms.ticketbrokerage.site/resources/pics/bank_6_american_express.png HTTP/1.1" 200 5570
216.245.221.83 - - [28/Jun/2024:00:50:59 +0200] "HEAD /ticket2/opencms/ HTTP/1.1" 302 -
94.23.7.188 - - [28/Jun/2024:00:50:59 +0200] "GET /ticket2/opencms/sv/buy/?page=1&edid=4105D8CD-D088-4DA8-FE5F-C7AF0BF13DEB&sortorder=asc&column=section HTTP/1.1" 200 88079
216.245.221.83 - - [28/Jun/2024:00:51:01 +0200] "HEAD /ticket2/opencms/en/ HTTP/1.1" 200 -
52.70.240.171 - - [28/Jun/2024:00:51:02 +0200] "GET /ticket2/opencms/sites/ticketbrokerage/sv/sport/fotbollsbiljetter/premier_league/arsenal/manchester_city.html HTTP/1.1" 404 -
20.232.121.110 - - [28/Jun/2024:00:51:03 +0200] "GET /ticket2/opencms/system/modules/com.gridnine.opencms.ticketbrokerage.site/resources/pics/logo-new.png HTTP/1.1" 200 13541
3.224.220.101 - - [28/Jun/2024:00:51:06 +0200] "GET /ticket2/opencms/sites/ticketbrokerage/sv/sport/fotbollsbiljetter/premier_league/london_football/ HTTP/1.1" 404 -
94.23.7.188 - - [28/Jun/2024:00:51:10 +0200] "GET /ticket2/opencms/sv/buy/?page=1&edid=420CC3BB-9C0C-D2F8-9034-6F306315D716&sortorder=asc&column=row HTTP/1.1" 200 88501
23.22.35.162 - - [28/Jun/2024:00:51:10 +0200] "GET /ticket2/opencms/sites/ticketbrokerage/sv/sport/fotbollsbiljetter/english-championship/swansea-city/ HTTP/1.1" 404 -
52.70.240.171 - - [28/Jun/2024:00:51:14 +0200] "GET /ticket2/opencms/sites/ticketbrokerage/sv/sport/fotbollsbiljetter/english-championship/ipswich-town/ HTTP/1.1" 404 -
3.224.220.101 - - [28/Jun/2024:00:51:18 +0200] "GET /ticket2/opencms/sites/ticketbrokerage/sv/sport/fotbollsbiljetter/english-championship/derby-county/ HTTP/1.1" 404 -
94.23.7.188 - - [28/Jun/2024:00:51:19 +0200] "GET /ticket2/opencms/sv/buy/?page=1&edid=420CC3BB-9C0C-D2F8-9034-6F306315D716&sortorder=asc&column=section HTTP/1.1" 200 88501
5.9.55.228 - - [28/Jun/2024:00:51:19 +0200] "GET /ticket2/opencms/en/venue/?countryid=D12DC4A4-98E1-D0B7-783E-AE51CC52E5AE HTTP/1.1" 200 100730
47.128.58.190 - - [28/Jun/2024:00:51:19 +0200] "GET /ticket2/opencms/fi/buy/?catid=53E7B32E-5CAA-6CE7-D6AA-FFC41D70EE01&comcatid=0A6B8208-FDA4-E929-9D72-5312FD481B76 HTTP/1.1" 200 77113
47.128.58.190 - - [28/Jun/2024:00:51:20 +0200] "GET /ticket2/opencms/system/modules/com.gridnine.opencms.ticketbrokerage.site/resources/pics/logo-new.png HTTP/1.1" 200 13541
47.128.58.190 - - [28/Jun/2024:00:51:21 +0200] "GET /ticket2/opencms/system/modules/com.gridnine.opencms.ticketbrokerage.site/resources/pics/bank_4_seb.png HTTP/1.1" 200 2487
47.128.58.190 - - [28/Jun/2024:00:51:21 +0200] "GET /ticket2/opencms/system/modules/com.gridnine.opencms.ticketbrokerage.site/resources/pics/bank_1_nordea.png HTTP/1.1" 200 4807
47.128.58.190 - - [28/Jun/2024:00:51:21 +0200] "GET /ticket2/opencms/system/modules/com.gridnine.opencms.ticketbrokerage.site/resources/pics/bank_3_swedbank.png HTTP/1.1" 200 5740
47.128.58.190 - - [28/Jun/2024:00:51:22 +0200] "GET /ticket2/opencms/system/modules/com.gridnine.opencms.ticketbrokerage.site/resources/pics/bank_2_handelsbanken.png HTTP/1.1" 200 4509
47.128.58.190 - - [28/Jun/2024:00:51:22 +0200] "GET /ticket2/opencms/system/modules/com.gridnine.opencms.ticketbrokerage.site/resources/pics/bank_5_visa_mastercard.png HTTP/1.1" 200 8196
47.128.58.190 - - [28/Jun/2024:00:51:22 +0200] "GET /ticket2/opencms/system/modules/com.gridnine.opencms.ticketbrokerage.site/resources/pics/bank_6_american_express.png HTTP/1.1" 200 5570
3.224.220.101 - - [28/Jun/2024:00:51:22 +0200] "GET /ticket2/opencms/sites/ticketbrokerage/sv/sport/fotbollsbiljetter/english-championship/bristol-city/ HTTP/1.1" 404 -
83.249.170.137 - - [28/Jun/2024:00:51:23 +0200] "GET /ticket2/opencms/sv/buy/?page=1&edid=11EFBC55-130A-2310-B776-C5D86878BDAB&hlv=666cb574-de68-4a7b-b057-48290a01000f HTTP/1.1" 200 116112
83.249.170.137 - - [28/Jun/2024:00:51:24 +0200] "GET /ticket2/opencms/sv/ask-form.html HTTP/1.1" 200 2950
83.249.170.137 - - [28/Jun/2024:00:51:28 +0200] "GET /ticket2/opencms/set_aff_cookie.jsp?partner=53673ED6-1455-FA54-818F-B1F67121E37C&url=/sv/buy/index.html%3Fpage%3D1%26edid%3D11EFBC55-130A-2310-B776-C5D86878BDAB%26hlv%3D666cb574-de68-4a7b-b057-48290a01000f%23v1554573557 HTTP/1.1" 200 225
94.23.7.188 - - [28/Jun/2024:00:51:28 +0200] "GET /ticket2/opencms/sv/buy/?page=1&edid=4495F46E-D813-768C-E663-875914F2AAA2&sortorder=asc&column=price HTTP/1.1" 200 87568
83.249.170.137 - - [28/Jun/2024:00:51:28 +0200] "GET /ticket2/opencms/sv/buy/?page=1&edid=11EFBC55-130A-2310-B776-C5D86878BDAB&hlv=666cb574-de68-4a7b-b057-48290a01000f HTTP/1.1" 200 116112
83.249.170.137 - - [28/Jun/2024:00:51:29 +0200] "GET /ticket2/opencms/system/modules/com.gridnine.opencms.ticketbrokerage.site/resources/js/calendar-setup.js HTTP/1.1" 200 4923
83.249.170.137 - - [28/Jun/2024:00:51:29 +0200] "GET /ticket2/opencms/system/modules/com.gridnine.opencms.ticketbrokerage.site/resources/js/calendar-en.js HTTP/1.1" 200 3338
83.249.170.137 - - [28/Jun/2024:00:51:29 +0200] "GET /ticket2/opencms/system/modules/com.gridnine.opencms.ticketbrokerage.site/resources/js/functions.js HTTP/1.1" 200 1583
83.249.170.137 - - [28/Jun/2024:00:51:29 +0200] "GET /ticket2/opencms/system/modules/com.gridnine.opencms.ticketbrokerage.site/resources/css/standard.css HTTP/1.1" 200 71935
83.249.170.137 - - [28/Jun/2024:00:51:29 +0200] "GET /ticket2/opencms/system/modules/com.gridnine.opencms.ticketbrokerage.site/resources/css/ticketbrokerage.css HTTP/1.1" 200 39339
83.249.170.137 - - [28/Jun/2024:00:51:29 +0200] "GET /ticket2/opencms/system/modules/com.gridnine.opencms.ticketbrokerage.site/resources/css/calendar.css HTTP/1.1" 200 6871
83.249.170.137 - - [28/Jun/2024:00:51:29 +0200] "GET /ticket2/opencms/system/modules/com.gridnine.opencms.ticketbrokerage.site/resources/js/calendar.js HTTP/1.1" 200 49229
83.249.170.137 - - [28/Jun/2024:00:51:29 +0200] "GET /ticket2/opencms/sv/ask-form.html HTTP/1.1" 200 2950
83.249.170.137 - - [28/Jun/2024:00:51:29 +0200] "GET /ticket2/opencms/system/modules/com.gridnine.opencms.ticketbrokerage.site/resources/css/ticketbrokerage.css HTTP/1.1" 200 39339
3.224.220.101 - - [28/Jun/2024:00:51:30 +0200] "GET /ticket2/opencms/sites/ticketbrokerage/sv/sport/fotbollsbiljetter/premier_league/wolverhampton/sunderland.html HTTP/1.1" 404 -
3.224.220.101 - - [28/Jun/2024:00:51:30 +0200] "GET /ticket2/opencms/sites/ticketbrokerage/sv/sport/fotbollsbiljetter/premier_league/wolverhampton/birmingham.html HTTP/1.1" 404 -
83.249.170.137 - - [28/Jun/2024:00:51:30 +0200] "GET /ticket2/opencms/system/modules/com.gridnine.opencms.ticketbrokerage.site/resources/css/images/ui-bg_flat_75_ffffff_40x100.png HTTP/1.1" 404 -
94.23.7.188 - - [28/Jun/2024:00:51:33 +0200] "GET /ticket2/opencms/sv/buy/?page=1&edid=4495F46E-D813-768C-E663-875914F2AAA2&sortorder=asc&column=row HTTP/1.1" 200 87568
3.224.220.101 - - [28/Jun/2024:00:51:34 +0200] "GET /ticket2/opencms/sites/ticketbrokerage/sv/sport/fotbollsbiljetter/premier_league/swansea/newcastle-united.html HTTP/1.1" 404 -
66.249.72.34 - - [28/Jun/2024:00:51:37 +0200] "GET /ticket2/opencms/sv/buy/?page=1&edid=BA6A690A-3E4C-7B0E-F103-AC3CC3F63074 HTTP/1.1" 200 111434
52.70.240.171 - - [28/Jun/2024:00:51:38 +0200] "GET /ticket2/opencms/sites/ticketbrokerage/sv/sport/fotbollsbiljetter/premier_league/swansea/bolton_wanderers.html HTTP/1.1" 404 -
5.9.55.228 - - [28/Jun/2024:00:51:38 +0200] "GET /ticket2/opencms/en/venue/?countryid=CEE00D6A-FB56-5500-E375-BA915009094D HTTP/1.1" 200 100730
52.70.240.171 - - [28/Jun/2024:00:51:42 +0200] "GET /ticket2/opencms/sites/ticketbrokerage/sv/sport/fotbollsbiljetter/premier_league/swansea/blackburn_rovers.html HTTP/1.1" 404 -
94.23.7.188 - - [28/Jun/2024:00:51:42 +0200] "GET /ticket2/opencms/sv/buy/?page=1&edid=4495F46E-D813-768C-E663-875914F2AAA2&sortorder=asc&column=section HTTP/1.1" 200 87568
47.128.48.55 - - [28/Jun/2024:00:51:45 +0200] "GET /ticket2/opencms/no/about/contact HTTP/1.1" 200 72265
23.22.35.162 - - [28/Jun/2024:00:51:45 +0200] "GET /ticket2/opencms/sites/ticketbrokerage/sv/sport/fotbollsbiljetter/premier_league/sunderland/wolverhampton.html HTTP/1.1" 404 -
94.23.7.188 - - [28/Jun/2024:00:51:46 +0200] "GET /ticket2/opencms/sv/buy/?page=1&edid=4495F46E-D813-768C-E663-875914F2AAA2&sortorder=desc&column=price HTTP/1.1" 200 87567
47.128.48.55 - - [28/Jun/2024:00:51:46 +0200] "GET /ticket2/opencms/system/modules/com.gridnine.opencms.ticketbrokerage.site/resources/pics/logo-new.png HTTP/1.1" 200 13541
47.128.48.55 - - [28/Jun/2024:00:51:46 +0200] "GET /ticket2/opencms/system/modules/com.gridnine.opencms.ticketbrokerage.site/resources/pics/content/contact_no.png HTTP/1.1" 200 16297
47.128.48.55 - - [28/Jun/2024:00:51:47 +0200] "GET /ticket2/opencms/system/modules/com.gridnine.opencms.ticketbrokerage.site/resources/pics/bank_6_american_express.png HTTP/1.1" 200 5570
47.128.48.55 - - [28/Jun/2024:00:51:47 +0200] "GET /ticket2/opencms/system/modules/com.gridnine.opencms.ticketbrokerage.site/resources/pics/bank_1_nordea.png HTTP/1.1" 200 4807
47.128.48.55 - - [28/Jun/2024:00:51:47 +0200] "GET /ticket2/opencms/system/modules/com.gridnine.opencms.ticketbrokerage.site/resources/pics/bank_3_swedbank.png HTTP/1.1" 200 5740
47.128.48.55 - - [28/Jun/2024:00:51:47 +0200] "GET /ticket2/opencms/system/modules/com.gridnine.opencms.ticketbrokerage.site/resources/pics/bank_4_seb.png HTTP/1.1" 200 2487
47.128.48.55 - - [28/Jun/2024:00:51:47 +0200] "GET /ticket2/opencms/system/modules/com.gridnine.opencms.ticketbrokerage.site/resources/pics/bank_2_handelsbanken.png HTTP/1.1" 200 4509
47.128.48.55 - - [28/Jun/2024:00:51:47 +0200] "GET /ticket2/opencms/system/modules/com.gridnine.opencms.ticketbrokerage.site/resources/pics/bank_5_visa_mastercard.png HTTP/1.1" 200 8196
3.224.220.101 - - [28/Jun/2024:00:51:50 +0200] "GET /ticket2/opencms/sites/ticketbrokerage/sv/sport/fotbollsbiljetter/premier_league/newcastle-united/swansea.html HTTP/1.1" 404 -
17.241.227.56 - - [28/Jun/2024:00:51:52 +0200] "GET /ticket2/opencms/sv/buy/?page=1&edid=625D81E6-DBD6-2F85-FF1F-ECB6A3AAEC97 HTTP/1.1" 200 85945
94.23.7.188 - - [28/Jun/2024:00:51:53 +0200] "GET /ticket2/opencms/sv/buy/?page=1&edid=4495F46E-D813-768C-E663-875914F2AAA2&sortorder=desc&column=row HTTP/1.1" 200 87567
3.224.220.101 - - [28/Jun/2024:00:51:53 +0200] "GET /ticket2/opencms/sites/ticketbrokerage/sv/sport/fotbollsbiljetter/premier_league/newcastle-united/everton.html HTTP/1.1" 404 -
94.23.7.188 - - [28/Jun/2024:00:51:58 +0200] "GET /ticket2/opencms/sv/buy/?page=1&edid=4495F46E-D813-768C-E663-875914F2AAA2&sortorder=desc&column=section HTTP/1.1" 200 87567
52.70.240.171 - - [28/Jun/2024:00:51:58 +0200] "GET /ticket2/opencms/sites/ticketbrokerage/sv/sport/fotbollsbiljetter/premier_league/newcastle-united/chelsea.html HTTP/1.1" 404 -
5.9.55.228 - - [28/Jun/2024:00:52:00 +0200] "GET /ticket2/opencms/en/venue/?countryid=CEA98181-AF32-4AD7-7F85-B2BF5D143D52 HTTP/1.1" 200 100730
94.23.7.188 - - [28/Jun/2024:00:52:01 +0200] "GET /ticket2/opencms/sv/buy/?page=1&edid=44FFBFC9-1B8A-5A9D-1686-BF1700915FD9&sortorder=desc&column=price HTTP/1.1" 200 87578
23.22.35.162 - - [28/Jun/2024:00:52:01 +0200] "GET /ticket2/opencms/sites/ticketbrokerage/sv/sport/fotbollsbiljetter/premier_league/newcastle-united/arsenal.html HTTP/1.1" 404 -
94.23.7.188 - - [28/Jun/2024:00:52:06 +0200] "GET /ticket2/opencms/sv/buy/?page=1&edid=47258BBF-9D72-136F-FE2D-6B67ED68E2F4&sortorder=asc&column=row HTTP/1.1" 200 87577
3.224.220.101 - - [28/Jun/2024:00:52:06 +0200] "GET /ticket2/opencms/sites/ticketbrokerage/sv/sport/fotbollsbiljetter/premier_league/manchester_united/fulham.html HTTP/1.1" 404 -
47.128.113.96 - - [28/Jun/2024:00:52:09 +0200] "GET /ticket2/opencms/fi/urheilu/jalkapallo/premier_league/ HTTP/1.1" 200 79952
52.70.240.171 - - [28/Jun/2024:00:52:10 +0200] "GET /ticket2/opencms/sites/ticketbrokerage/sv/sport/fotbollsbiljetter/premier_league/fulham/manchester_united.html HTTP/1.1" 404 -
47.128.113.96 - - [28/Jun/2024:00:52:10 +0200] "GET /ticket2/opencms/system/modules/com.gridnine.opencms.ticketbrokerage.site/resources/pics/logo-new.png HTTP/1.1" 200 13541
94.23.7.188 - - [28/Jun/2024:00:52:10 +0200] "GET /ticket2/opencms/sv/buy/?page=1&edid=47258BBF-9D72-136F-FE2D-6B67ED68E2F4&sortorder=desc&column=row HTTP/1.1" 200 87576
47.128.113.96 - - [28/Jun/2024:00:52:11 +0200] "GET /ticket2/opencms/system/modules/com.gridnine.opencms.ticketbrokerage.site/resources/pics/banners/sv/premier_league_sv.png HTTP/1.1" 200 13518
47.128.113.96 - - [28/Jun/2024:00:52:11 +0200] "GET /ticket2/opencms/system/modules/com.gridnine.opencms.ticketbrokerage.site/resources/pics/bank_6_american_express.png HTTP/1.1" 200 5570
47.128.113.96 - - [28/Jun/2024:00:52:11 +0200] "GET /ticket2/opencms/system/modules/com.gridnine.opencms.ticketbrokerage.site/resources/pics/bank_3_swedbank.png HTTP/1.1" 200 5740
47.128.113.96 - - [28/Jun/2024:00:52:11 +0200] "GET /ticket2/opencms/system/modules/com.gridnine.opencms.ticketbrokerage.site/resources/pics/bank_2_handelsbanken.png HTTP/1.1" 200 4509
47.128.113.96 - - [28/Jun/2024:00:52:11 +0200] "GET /ticket2/opencms/system/modules/com.gridnine.opencms.ticketbrokerage.site/resources/pics/bank_4_seb.png HTTP/1.1" 200 2487
47.128.113.96 - - [28/Jun/2024:00:52:12 +0200] "GET /ticket2/opencms/system/modules/com.gridnine.opencms.ticketbrokerage.site/resources/pics/bank_1_nordea.png HTTP/1.1" 200 4807
47.128.113.96 - - [28/Jun/2024:00:52:12 +0200] "GET /ticket2/opencms/system/modules/com.gridnine.opencms.ticketbrokerage.site/resources/pics/bank_5_visa_mastercard.png HTTP/1.1" 200 8196
23.22.35.162 - - [28/Jun/2024:00:52:14 +0200] "GET /ticket2/opencms/sites/ticketbrokerage/sv/sport/fotbollsbiljetter/premier_league/everton/newcastle-united.html HTTP/1.1" 404 -
3.224.220.101 - - [28/Jun/2024:00:52:17 +0200] "GET /ticket2/opencms/sites/ticketbrokerage/sv/sport/fotbollsbiljetter/premier_league/everton/bolton_wanderers.html HTTP/1.1" 404 -
94.23.7.188 - - [28/Jun/2024:00:52:19 +0200] "GET /ticket2/opencms/sv/buy/?page=1&edid=483DE968-0F92-92A6-2252-5119D821D98E&sortorder=asc&column=row HTTP/1.1" 200 89301
5.9.55.228 - - [28/Jun/2024:00:52:20 +0200] "GET /ticket2/opencms/en/venue/?countryid=CB0D79A8-EF67-3E1D-EAA5-706F775F6058 HTTP/1.1" 200 118185
52.70.240.171 - - [28/Jun/2024:00:52:22 +0200] "GET /ticket2/opencms/sites/ticketbrokerage/sv/sport/fotbollsbiljetter/premier_league/everton/blackburn_rovers.html HTTP/1.1" 404 -
3.224.220.101 - - [28/Jun/2024:00:52:26 +0200] "GET /ticket2/opencms/sites/ticketbrokerage/sv/sport/fotbollsbiljetter/premier_league/chelsea/newcastle-united.html HTTP/1.1" 404 -
94.23.7.188 - - [28/Jun/2024:00:52:27 +0200] "GET /ticket2/opencms/sv/buy/?page=1&edid=483DE968-0F92-92A6-2252-5119D821D98E&sortorder=asc&column=section HTTP/1.1" 200 89301
23.22.35.162 - - [28/Jun/2024:00:52:30 +0200] "GET /ticket2/opencms/sites/ticketbrokerage/sv/sport/fotbollsbiljetter/premier_league/chelsea/bolton_wanderers.html HTTP/1.1" 404 -
3.224.220.101 - - [28/Jun/2024:00:52:34 +0200] "GET /ticket2/opencms/sites/ticketbrokerage/sv/sport/fotbollsbiljetter/premier_league/chelsea/blackburn_rovers.html HTTP/1.1" 404 -
47.128.47.223 - - [28/Jun/2024:00:52:35 +0200] "GET /ticket2/opencms/fi/buy/?catid=AE3FE643-AE41-BAA6-237D-5206D1B044A1&comcatid=A17713B6-D984-201A-4143-ED4DB5ED5C2E&page=6 HTTP/1.1" 200 84028
47.128.47.223 - - [28/Jun/2024:00:52:36 +0200] "GET /ticket2/opencms/system/modules/com.gridnine.opencms.ticketbrokerage.site/resources/pics/logo-new.png HTTP/1.1" 200 13541
94.23.7.188 - - [28/Jun/2024:00:52:36 +0200] "GET /ticket2/opencms/sv/buy/?page=1&edid=4843A1B1-5DFE-6325-FBD6-98BB977A514A&sortorder=asc&column=price HTTP/1.1" 200 88187
47.128.47.223 - - [28/Jun/2024:00:52:36 +0200] "GET /ticket2/opencms/system/modules/com.gridnine.opencms.ticketbrokerage.site/resources/pics/bank_1_nordea.png HTTP/1.1" 200 4807
47.128.47.223 - - [28/Jun/2024:00:52:37 +0200] "GET /ticket2/opencms/system/modules/com.gridnine.opencms.ticketbrokerage.site/resources/pics/bank_2_handelsbanken.png HTTP/1.1" 200 4509
47.128.47.223 - - [28/Jun/2024:00:52:37 +0200] "GET /ticket2/opencms/system/modules/com.gridnine.opencms.ticketbrokerage.site/resources/pics/bank_3_swedbank.png HTTP/1.1" 200 5740
47.128.47.223 - - [28/Jun/2024:00:52:37 +0200] "GET /ticket2/opencms/system/modules/com.gridnine.opencms.ticketbrokerage.site/resources/pics/bank_4_seb.png HTTP/1.1" 200 2487
47.128.47.223 - - [28/Jun/2024:00:52:37 +0200] "GET /ticket2/opencms/system/modules/com.gridnine.opencms.ticketbrokerage.site/resources/pics/bank_5_visa_mastercard.png HTTP/1.1" 200 8196
47.128.47.223 - - [28/Jun/2024:00:52:37 +0200] "GET /ticket2/opencms/system/modules/com.gridnine.opencms.ticketbrokerage.site/resources/pics/bank_6_american_express.png HTTP/1.1" 200 5570
3.224.220.101 - - [28/Jun/2024:00:52:38 +0200] "GET /ticket2/opencms/sites/ticketbrokerage/sv/sport/fotbollsbiljetter/premier_league/bolton_wanderers/swansea.html HTTP/1.1" 404 -
94.23.7.188 - - [28/Jun/2024:00:52:40 +0200] "GET /ticket2/opencms/sv/buy/?page=1&edid=4843A1B1-5DFE-6325-FBD6-98BB977A514A&sortorder=asc&column=row HTTP/1.1" 200 88187
5.9.55.228 - - [28/Jun/2024:00:52:41 +0200] "GET /ticket2/opencms/en/venue/?countryid=C8ABE51D-DDC3-D19F-A0F7-AA8797A5EB51 HTTP/1.1" 200 100730
3.224.220.101 - - [28/Jun/2024:00:52:42 +0200] "GET /ticket2/opencms/sites/ticketbrokerage/sv/sport/fotbollsbiljetter/premier_league/bolton_wanderers/everton.html HTTP/1.1" 404 -
94.23.7.188 - - [28/Jun/2024:00:52:44 +0200] "GET /ticket2/opencms/sv/buy/?page=1&edid=4843A1B1-5DFE-6325-FBD6-98BB977A514A&sortorder=asc&column=section HTTP/1.1" 200 88187
23.22.35.162 - - [28/Jun/2024:00:52:46 +0200] "GET /ticket2/opencms/sites/ticketbrokerage/sv/sport/fotbollsbiljetter/premier_league/bolton_wanderers/chelsea.html HTTP/1.1" 404 -
94.23.7.188 - - [28/Jun/2024:00:52:48 +0200] "GET /ticket2/opencms/sv/buy/?page=1&edid=4912F0FE-7064-B89A-517A-21A27C476D76&sortorder=asc&column=price HTTP/1.1" 200 85994
52.70.240.171 - - [28/Jun/2024:00:52:50 +0200] "GET /ticket2/opencms/sites/ticketbrokerage/sv/sport/fotbollsbiljetter/premier_league/bolton_wanderers/arsenal.html HTTP/1.1" 404 -
47.128.40.60 - - [28/Jun/2024:00:52:52 +0200] "GET /ticket2/opencms/fi/buy/?edid=36B8587B-9BD4-1599-9368-E59F9780F9A9 HTTP/1.1" 200 73261
47.128.40.60 - - [28/Jun/2024:00:52:53 +0200] "GET /ticket2/opencms/system/modules/com.gridnine.opencms.ticketbrokerage.site/resources/pics/logo-new.png HTTP/1.1" 200 13541
47.128.40.60 - - [28/Jun/2024:00:52:53 +0200] "GET /ticket2/opencms/system/modules/com.gridnine.opencms.ticketbrokerage.site/resources/pics/bank_1_nordea.png HTTP/1.1" 200 4807
3.224.220.101 - - [28/Jun/2024:00:52:54 +0200] "GET /ticket2/opencms/sites/ticketbrokerage/sv/sport/fotbollsbiljetter/premier_league/blackburn_rovers/swansea.html HTTP/1.1" 404 -
47.128.40.60 - - [28/Jun/2024:00:52:54 +0200] "GET /ticket2/opencms/system/modules/com.gridnine.opencms.ticketbrokerage.site/resources/pics/bank_4_seb.png HTTP/1.1" 200 2487
47.128.40.60 - - [28/Jun/2024:00:52:54 +0200] "GET /ticket2/opencms/system/modules/com.gridnine.opencms.ticketbrokerage.site/resources/pics/bank_3_swedbank.png HTTP/1.1" 200 5740
47.128.40.60 - - [28/Jun/2024:00:52:54 +0200] "GET /ticket2/opencms/system/modules/com.gridnine.opencms.ticketbrokerage.site/resources/pics/bank_5_visa_mastercard.png HTTP/1.1" 200 8196
47.128.40.60 - - [28/Jun/2024:00:52:54 +0200] "GET /ticket2/opencms/system/modules/com.gridnine.opencms.ticketbrokerage.site/resources/pics/bank_2_handelsbanken.png HTTP/1.1" 200 4509
47.128.40.60 - - [28/Jun/2024:00:52:54 +0200] "GET /ticket2/opencms/system/modules/com.gridnine.opencms.ticketbrokerage.site/resources/pics/bank_6_american_express.png HTTP/1.1" 200 5570
52.70.240.171 - - [28/Jun/2024:00:52:58 +0200] "GET /ticket2/opencms/sites/ticketbrokerage/sv/sport/fotbollsbiljetter/premier_league/blackburn_rovers/everton.html HTTP/1.1" 404 -
47.128.40.60 - - [28/Jun/2024:00:52:58 +0200] "GET /ticket2/opencms/fi/buy/?edid=36B8587B-9BD4-1599-9368-E59F9780F9A9 HTTP/1.1" 200 73261
47.128.47.184 - - [28/Jun/2024:00:52:58 +0200] "GET /ticket2/opencms/fi/buy/?catid=FF8D7FE7-4B09-7305-01C7-2D47F7913EB8&comcatid=A17713B6-D984-201A-4143-ED4DB5ED5C2E&page=6 HTTP/1.1" 200 84017
47.128.47.184 - - [28/Jun/2024:00:52:59 +0200] "GET /ticket2/opencms/system/modules/com.gridnine.opencms.ticketbrokerage.site/resources/pics/logo-new.png HTTP/1.1" 200 13541
40.77.167.61 - - [28/Jun/2024:00:52:59 +0200] "GET /ticket2/opencms/en/buy/?page=1&edid=E61B3D3B-0D83-E96C-2DE4-851DA573A893 HTTP/1.1" 200 88467
47.128.47.184 - - [28/Jun/2024:00:53:00 +0200] "GET /ticket2/opencms/system/modules/com.gridnine.opencms.ticketbrokerage.site/resources/pics/bank_5_visa_mastercard.png HTTP/1.1" 200 8196
47.128.47.184 - - [28/Jun/2024:00:53:01 +0200] "GET /ticket2/opencms/system/modules/com.gridnine.opencms.ticketbrokerage.site/resources/pics/bank_3_swedbank.png HTTP/1.1" 200 5740
94.23.7.188 - - [28/Jun/2024:00:53:01 +0200] "GET /ticket2/opencms/sv/buy/?page=1&edid=4912F0FE-7064-B89A-517A-21A27C476D76&sortorder=asc&column=row HTTP/1.1" 200 85994
47.128.47.184 - - [28/Jun/2024:00:53:01 +0200] "GET /ticket2/opencms/system/modules/com.gridnine.opencms.ticketbrokerage.site/resources/pics/bank_2_handelsbanken.png HTTP/1.1" 200 4509
47.128.47.184 - - [28/Jun/2024:00:53:01 +0200] "GET /ticket2/opencms/system/modules/com.gridnine.opencms.ticketbrokerage.site/resources/pics/bank_1_nordea.png HTTP/1.1" 200 4807
47.128.47.184 - - [28/Jun/2024:00:53:01 +0200] "GET /ticket2/opencms/system/modules/com.gridnine.opencms.ticketbrokerage.site/resources/pics/bank_4_seb.png HTTP/1.1" 200 2487
47.128.47.184 - - [28/Jun/2024:00:53:01 +0200] "GET /ticket2/opencms/system/modules/com.gridnine.opencms.ticketbrokerage.site/resources/pics/bank_6_american_express.png HTTP/1.1" 200 5570
5.9.55.228 - - [28/Jun/2024:00:53:01 +0200] "GET /ticket2/opencms/en/venue/?countryid=C83BD7D3-147E-EEE7-3AB4-19E8D9E56196 HTTP/1.1" 200 100730
23.22.35.162 - - [28/Jun/2024:00:53:01 +0200] "GET /ticket2/opencms/sites/ticketbrokerage/sv/sport/fotbollsbiljetter/premier_league/blackburn_rovers/chelsea.html HTTP/1.1" 404 -
83.249.170.137 - - [28/Jun/2024:00:53:05 +0200] "GET /ticket2/opencms/set_aff_cookie.jsp?partner=53673ED6-1455-FA54-818F-B1F67121E37C&url=/sv/buy/index.html%3Fpage%3D1%26edid%3D2AC421C6-0DD9-73DD-0C29-416B5CC98DFF%26hlv%3D666cb45a-b72c-4538-898b-46bc0a01000f%23v634035403 HTTP/1.1" 200 224
83.249.170.137 - - [28/Jun/2024:00:53:06 +0200] "GET /ticket2/opencms/sv/buy/?page=1&edid=2AC421C6-0DD9-73DD-0C29-416B5CC98DFF&hlv=666cb45a-b72c-4538-898b-46bc0a01000f HTTP/1.1" 200 116102
83.249.170.137 - - [28/Jun/2024:00:53:06 +0200] "GET /ticket2/opencms/system/modules/com.gridnine.opencms.ticketbrokerage.site/resources/js/calendar.js HTTP/1.1" 200 49229
83.249.170.137 - - [28/Jun/2024:00:53:06 +0200] "GET /ticket2/opencms/system/modules/com.gridnine.opencms.ticketbrokerage.site/resources/js/calendar-setup.js HTTP/1.1" 200 4923
52.70.240.171 - - [28/Jun/2024:00:53:06 +0200] "GET /ticket2/opencms/sites/ticketbrokerage/sv/sport/fotbollsbiljetter/premier_league/blackburn_rovers/arsenal.html HTTP/1.1" 404 -
83.249.170.137 - - [28/Jun/2024:00:53:06 +0200] "GET /ticket2/opencms/system/modules/com.gridnine.opencms.ticketbrokerage.site/resources/js/standard.js HTTP/1.1" 200 3978
83.249.170.137 - - [28/Jun/2024:00:53:06 +0200] "GET /ticket2/opencms/system/modules/com.gridnine.opencms.ticketbrokerage.site/resources/css/ticketbrokerage.css HTTP/1.1" 200 39339
83.249.170.137 - - [28/Jun/2024:00:53:06 +0200] "GET /ticket2/opencms/system/modules/com.gridnine.opencms.ticketbrokerage.site/resources/css/standard.css HTTP/1.1" 200 71935
83.249.170.137 - - [28/Jun/2024:00:53:06 +0200] "GET /ticket2/opencms/system/modules/com.gridnine.opencms.ticketbrokerage.site/resources/css/calendar.css HTTP/1.1" 200 6871
83.249.170.137 - - [28/Jun/2024:00:53:06 +0200] "GET /ticket2/opencms/system/modules/com.gridnine.opencms.ticketbrokerage.site/resources/js/functions.js HTTP/1.1" 200 1583
83.249.170.137 - - [28/Jun/2024:00:53:06 +0200] "GET /ticket2/opencms/system/modules/com.gridnine.opencms.ticketbrokerage.site/resources/js/calendar-en.js HTTP/1.1" 200 3338
83.249.170.137 - - [28/Jun/2024:00:53:06 +0200] "GET /ticket2/opencms/sv/ask-form.html HTTP/1.1" 200 2950
83.249.170.137 - - [28/Jun/2024:00:53:06 +0200] "GET /ticket2/opencms/system/modules/com.gridnine.opencms.ticketbrokerage.site/resources/css/ticketbrokerage.css HTTP/1.1" 200 39339
124.243.133.82 - - [28/Jun/2024:00:53:06 +0200] "GET /ticket2/opencms/sv/sport/fotbollsbiljetter/serie_a/roma/?partner=9A493E49-BC2B-5A14-BAAE-3BDF2D8DBB91 HTTP/1.1" 302 -
83.249.170.137 - - [28/Jun/2024:00:53:07 +0200] "GET /ticket2/opencms/system/modules/com.gridnine.opencms.ticketbrokerage.site/resources/css/images/ui-bg_flat_75_ffffff_40x100.png HTTP/1.1" 404 -
124.243.133.82 - - [28/Jun/2024:00:53:08 +0200] "GET /ticket2/opencms/set_aff_cookie.jsp?partner=9A493E49-BC2B-5A14-BAAE-3BDF2D8DBB91&url=%2Fsv%2Fsport%2Ffotbollsbiljetter%2Fserie_a%2Froma%2Findex.html%3Fr%3Dtrue HTTP/1.1" 200 163
94.23.7.188 - - [28/Jun/2024:00:53:08 +0200] "GET /ticket2/opencms/sv/buy/?page=1&edid=4961B68B-E2F1-61D5-B295-903400F60330&sortorder=asc&column=price HTTP/1.1" 200 85987
3.224.220.101 - - [28/Jun/2024:00:53:10 +0200] "GET /ticket2/opencms/sites/ticketbrokerage/sv/sport/fotbollsbiljetter/premier_league/birmingham/wolverhampton.html HTTP/1.1" 404 -
94.23.7.188 - - [28/Jun/2024:00:53:13 +0200] "GET /ticket2/opencms/sv/buy/?page=1&edid=4AFEA37F-53E9-BCCD-AE1D-AD2A8EE2D653&sortorder=asc&column=row HTTP/1.1" 200 87739
23.22.35.162 - - [28/Jun/2024:00:53:14 +0200] "GET /ticket2/opencms/sites/ticketbrokerage/sv/sport/fotbollsbiljetter/premier_league/arsenal/newcastle-united.html HTTP/1.1" 404 -
3.224.220.101 - - [28/Jun/2024:00:53:18 +0200] "GET /ticket2/opencms/sites/ticketbrokerage/sv/sport/fotbollsbiljetter/premier_league/arsenal/bolton_wanderers.html HTTP/1.1" 404 -
5.9.55.228 - - [28/Jun/2024:00:53:21 +0200] "GET /ticket2/opencms/en/venue/?countryid=C7880A4A-050D-8AB8-4FEC-8062D983D070 HTTP/1.1" 200 100730
94.23.7.188 - - [28/Jun/2024:00:53:21 +0200] "GET /ticket2/opencms/sv/buy/?page=1&edid=4C9574E0-424E-5C98-5F7A-2F377ACC6101&sortorder=asc&column=price HTTP/1.1" 200 87592
3.224.220.101 - - [28/Jun/2024:00:53:22 +0200] "GET /ticket2/opencms/sites/ticketbrokerage/sv/sport/fotbollsbiljetter/premier_league/arsenal/blackburn_rovers.html HTTP/1.1" 404 -
47.128.47.182 - - [28/Jun/2024:00:53:23 +0200] "GET /ticket2/opencms/fi/buy/?catid=53E7B32E-5CAA-6CE7-D6AA-FFC41D70EE01&comcatid=0A6B8208-FDA4-E929-9D72-5312FD481B76&page=6 HTTP/1.1" 200 76799
47.128.47.182 - - [28/Jun/2024:00:53:24 +0200] "GET /ticket2/opencms/system/modules/com.gridnine.opencms.ticketbrokerage.site/resources/pics/logo-new.png HTTP/1.1" 200 13541
83.249.170.137 - - [28/Jun/2024:00:53:25 +0200] "GET /ticket2/opencms/sv/buy?page=2&sodvid=666cb45a-b72c-4538-898b-46bc0a01000f HTTP/1.1" 200 98524
47.128.47.182 - - [28/Jun/2024:00:53:25 +0200] "GET /ticket2/opencms/system/modules/com.gridnine.opencms.ticketbrokerage.site/resources/pics/bank_5_visa_mastercard.png HTTP/1.1" 200 8196
83.249.170.137 - - [28/Jun/2024:00:53:25 +0200] "GET /ticket2/opencms/system/modules/com.gridnine.opencms.ticketbrokerage.site/resources/css/calendar.css HTTP/1.1" 200 6871
83.249.170.137 - - [28/Jun/2024:00:53:25 +0200] "GET /ticket2/opencms/system/modules/com.gridnine.opencms.ticketbrokerage.site/resources/js/calendar-setup.js HTTP/1.1" 200 4923
83.249.170.137 - - [28/Jun/2024:00:53:25 +0200] "GET /ticket2/opencms/system/modules/com.gridnine.opencms.ticketbrokerage.site/resources/js/functions.js HTTP/1.1" 200 1583
83.249.170.137 - - [28/Jun/2024:00:53:25 +0200] "GET /ticket2/opencms/system/modules/com.gridnine.opencms.ticketbrokerage.site/resources/css/ticketbrokerage.css HTTP/1.1" 200 39339
83.249.170.137 - - [28/Jun/2024:00:53:25 +0200] "GET /ticket2/opencms/system/modules/com.gridnine.opencms.ticketbrokerage.site/resources/css/standard.css HTTP/1.1" 200 71935
47.128.47.182 - - [28/Jun/2024:00:53:25 +0200] "GET /ticket2/opencms/system/modules/com.gridnine.opencms.ticketbrokerage.site/resources/pics/bank_3_swedbank.png HTTP/1.1" 200 5740
83.249.170.137 - - [28/Jun/2024:00:53:25 +0200] "GET /ticket2/opencms/system/modules/com.gridnine.opencms.ticketbrokerage.site/resources/js/calendar.js HTTP/1.1" 200 49229
47.128.47.182 - - [28/Jun/2024:00:53:25 +0200] "GET /ticket2/opencms/system/modules/com.gridnine.opencms.ticketbrokerage.site/resources/pics/bank_4_seb.png HTTP/1.1" 200 2487
47.128.47.182 - - [28/Jun/2024:00:53:26 +0200] "GET /ticket2/opencms/system/modules/com.gridnine.opencms.ticketbrokerage.site/resources/pics/bank_1_nordea.png HTTP/1.1" 200 4807
47.128.47.182 - - [28/Jun/2024:00:53:26 +0200] "GET /ticket2/opencms/system/modules/com.gridnine.opencms.ticketbrokerage.site/resources/pics/bank_6_american_express.png HTTP/1.1" 200 5570
47.128.47.182 - - [28/Jun/2024:00:53:26 +0200] "GET /ticket2/opencms/system/modules/com.gridnine.opencms.ticketbrokerage.site/resources/pics/bank_2_handelsbanken.png HTTP/1.1" 200 4509
83.249.170.137 - - [28/Jun/2024:00:53:26 +0200] "GET /ticket2/opencms/system/modules/com.gridnine.opencms.ticketbrokerage.site/resources/js/calendar-en.js HTTP/1.1" 200 3338
40.77.167.45 - - [28/Jun/2024:00:53:26 +0200] "GET /ticket2/opencms/en/ HTTP/1.1" 200 91208
23.22.35.162 - - [28/Jun/2024:00:53:27 +0200] "GET /ticket2/opencms/fr/magazine/article?title=ligue-des-champions-billets-sur-ticket2 HTTP/1.1" 200 80207
83.249.170.137 - - [28/Jun/2024:00:53:27 +0200] "GET /ticket2/opencms/system/modules/com.gridnine.opencms.ticketbrokerage.site/resources/css/images/ui-bg_flat_75_ffffff_40x100.png HTTP/1.1" 404 -
114.119.137.145 - - [28/Jun/2024:00:53:28 +0200] "GET /ticket2/opencms/en/buy/?page=1&edid=8AEE234E-20C1-5EEC-44A7-091205146968 HTTP/1.1" 200 86715
94.23.7.188 - - [28/Jun/2024:00:53:29 +0200] "GET /ticket2/opencms/sv/buy/?page=1&edid=4C9574E0-424E-5C98-5F7A-2F377ACC6101&sortorder=asc&column=row HTTP/1.1" 200 87592
3.224.220.101 - - [28/Jun/2024:00:53:30 +0200] "GET /ticket2/opencms/fr/magazine/article?title=deuxieme-place-deuxieme-annee-consecutive HTTP/1.1" 200 73693
94.74.85.36 - - [28/Jun/2024:00:53:33 +0200] "GET /ticket2/opencms/robots.txt HTTP/1.1" 200 773
3.224.220.101 - - [28/Jun/2024:00:53:34 +0200] "GET /ticket2/opencms/de/magazine/article?title=kaufe-bundesliga-tickets-auf-ticket2com HTTP/1.1" 200 73965
23.22.35.162 - - [28/Jun/2024:00:53:38 +0200] "GET /ticket2/opencms/de/magazine/article?title=manchester-city-gegen-queens-park-rangers HTTP/1.1" 200 75989
66.249.76.1 - - [28/Jun/2024:00:53:38 +0200] "GET /ticket2/opencms/sv/buy_safety HTTP/1.1" 200 74354
5.9.55.228 - - [28/Jun/2024:00:53:39 +0200] "GET /ticket2/opencms/en/venue/?countryid=C5607D99-17A0-74C0-7750-F78B8898600C HTTP/1.1" 200 100730
66.249.76.170 - - [28/Jun/2024:00:53:39 +0200] "GET /ticket2/opencms/no/buy/?page=1&edid=C29FD4D7-C114-3152-7015-AC9740876339 HTTP/1.1" 200 111464
66.249.75.96 - - [28/Jun/2024:00:53:40 +0200] "GET /ticket2/opencms/en/sport/football-tickets/premier_league/chelsea/ HTTP/1.1" 200 84605
3.224.220.101 - - [28/Jun/2024:00:53:42 +0200] "GET /ticket2/opencms/de/magazine/article?title=london-eine-fussballstadt-von-weltklasse HTTP/1.1" 200 77467
94.23.7.188 - - [28/Jun/2024:00:53:43 +0200] "GET /ticket2/opencms/sv/buy/?page=1&edid=4C9574E0-424E-5C98-5F7A-2F377ACC6101&sortorder=asc&column=section HTTP/1.1" 200 87592
216.245.221.83 - - [28/Jun/2024:00:53:45 +0200] "HEAD /ticket2/opencms/ HTTP/1.1" 302 -
40.77.167.45 - - [28/Jun/2024:00:53:45 +0200] "GET /ticket2/opencms/system/modules/com.gridnine.opencms.ticketbrokerage.site/resources/js/calendar-en.js HTTP/1.1" 200 3338
40.77.167.45 - - [28/Jun/2024:00:53:45 +0200] "GET /ticket2/opencms/system/modules/com.gridnine.opencms.ticketbrokerage.site/resources/js/jquery.placeholder.min.js HTTP/1.1" 200 1737
40.77.167.45 - - [28/Jun/2024:00:53:45 +0200] "GET /ticket2/opencms/system/modules/com.gridnine.opencms.ticketbrokerage.site/resources/js/jquery/jquery-ui.js HTTP/1.1" 200 228088
216.245.221.83 - - [28/Jun/2024:00:53:45 +0200] "HEAD /ticket2/opencms/en/ HTTP/1.1" 200 -
40.77.167.45 - - [28/Jun/2024:00:53:46 +0200] "GET /ticket2/opencms/system/modules/com.gridnine.opencms.ticketbrokerage.site/resources/js/stickyfill.min.js HTTP/1.1" 200 5672
23.22.35.162 - - [28/Jun/2024:00:53:46 +0200] "GET /ticket2/opencms/sv/buy/?edid=DD1DE624-7575-DAC8-52A6-8F94CBA4211E&page=1 HTTP/1.1" 200 89132
40.77.167.8 - - [28/Jun/2024:00:53:49 +0200] "GET /ticket2/opencms/system/modules/com.gridnine.opencms.ticketbrokerage.site/resources/js/calendar-setup.js HTTP/1.1" 200 4923
40.77.167.8 - - [28/Jun/2024:00:53:49 +0200] "GET /ticket2/opencms/system/modules/com.gridnine.opencms.ticketbrokerage.site/resources/js/calendar.js HTTP/1.1" 200 49229
40.77.167.8 - - [28/Jun/2024:00:53:50 +0200] "GET /ticket2/opencms/system/modules/com.gridnine.opencms.ticketbrokerage.site/resources/js/jquery.fancybox.pack.js HTTP/1.1" 200 23187
40.77.167.8 - - [28/Jun/2024:00:53:50 +0200] "GET /ticket2/opencms/system/modules/com.gridnine.opencms.ticketbrokerage.site/resources/js/jquery/jquery.js HTTP/1.1" 200 93868
23.22.35.162 - - [28/Jun/2024:00:53:50 +0200] "GET /ticket2/opencms/nl/buy/?edid=FDE2CB1B-737B-857F-7431-BD450E7D3BBB&page=1 HTTP/1.1" 200 110705
94.23.7.188 - - [28/Jun/2024:00:53:54 +0200] "GET /ticket2/opencms/sv/buy/?page=1&edid=4C9F3BBE-7E4B-2FFC-C465-F3A25E17CD4C&sortorder=asc&column=row HTTP/1.1" 200 87578
66.249.72.33 - - [28/Jun/2024:00:53:54 +0200] "GET /ticket2/opencms/sv/buy/?page=1&edid=BA65675B-ADB5-F482-B91D-06897B158EA1 HTTP/1.1" 200 110762
23.22.35.162 - - [28/Jun/2024:00:53:54 +0200] "GET /ticket2/opencms/nl/buy/?edid=6F379414-70C4-400F-51D2-AFD37C8F2BC7&page=1 HTTP/1.1" 200 110702
5.9.55.228 - - [28/Jun/2024:00:53:57 +0200] "GET /ticket2/opencms/en/venue/?countryid=C4D16A7F-3F94-CF6E-7376-231BD32DC9BF HTTP/1.1" 200 100730
3.224.220.101 - - [28/Jun/2024:00:53:58 +0200] "GET /ticket2/opencms/nl/buy/?edid=0C94170C-17F1-0823-E8AC-91EC149F33EC&page=1 HTTP/1.1" 200 110705
40.77.167.15 - - [28/Jun/2024:00:54:00 +0200] "GET /ticket2/opencms/system/modules/com.gridnine.opencms.ticketbrokerage.site/resources/js/common-ajax.js HTTP/1.1" 200 20175
40.77.167.15 - - [28/Jun/2024:00:54:00 +0200] "GET /ticket2/opencms/system/modules/com.gridnine.opencms.ticketbrokerage.site/resources/js/functions.js HTTP/1.1" 200 1583
94.23.7.188 - - [28/Jun/2024:00:54:03 +0200] "GET /ticket2/opencms/sv/buy/?page=1&edid=4C9F3BBE-7E4B-2FFC-C465-F3A25E17CD4C&sortorder=asc&column=section HTTP/1.1" 200 87578
3.224.220.101 - - [28/Jun/2024:00:54:07 +0200] "GET /ticket2/opencms/nl/buy/?edid=096598FE-DA35-4351-DFEE-DC9ACA0F0EF9&page=1 HTTP/1.1" 200 110685
94.23.7.188 - - [28/Jun/2024:00:54:08 +0200] "GET /ticket2/opencms/sv/buy/?page=1&edid=4DE3EC8A-357C-4B99-65AF-B4A313132CD8&sortorder=asc&column=price HTTP/1.1" 200 87561
52.70.240.171 - - [28/Jun/2024:00:54:10 +0200] "GET /ticket2/opencms/nl/buy/?edid=1B66F7E9-6D68-7258-D0DB-383034F8302F&page=1 HTTP/1.1" 200 110683
190.92.212.251 - - [28/Jun/2024:00:54:11 +0200] "GET /ticket2/opencms/sv/buy/?page=10&eventid=0E534F2C-E817-A1D8-5F97-3F85053AADAE HTTP/1.1" 200 73565
94.23.7.188 - - [28/Jun/2024:00:54:11 +0200] "GET /ticket2/opencms/sv/buy/?page=1&edid=4DE3EC8A-357C-4B99-65AF-B4A313132CD8&sortorder=asc&column=row HTTP/1.1" 200 87561
23.22.35.162 - - [28/Jun/2024:00:54:13 +0200] "GET /ticket2/opencms/nl/buy/?edid=697BE447-74B7-A748-152F-A1818DA4BEC9&page=1 HTTP/1.1" 200 110706
3.224.220.101 - - [28/Jun/2024:00:54:15 +0200] "GET /ticket2/opencms/nl/buy/?edid=32C765D3-F869-7E5E-98A4-5E68576F52A5&page=1 HTTP/1.1" 200 110703
94.23.7.188 - - [28/Jun/2024:00:54:16 +0200] "GET /ticket2/opencms/sv/buy/?page=1&edid=4DE3EC8A-357C-4B99-65AF-B4A313132CD8&sortorder=asc&column=section HTTP/1.1" 200 87561
5.9.55.228 - - [28/Jun/2024:00:54:17 +0200] "GET /ticket2/opencms/en/venue/?countryid=C390DA46-FDFE-72E8-463E-D2A88C688BC4 HTTP/1.1" 200 100730
3.224.220.101 - - [28/Jun/2024:00:54:19 +0200] "GET /ticket2/opencms/nl/buy/?edid=9E373ADE-B8EE-38F8-BBD8-DA1CB52F113B&page=1 HTTP/1.1" 200 110704
23.22.35.162 - - [28/Jun/2024:00:54:23 +0200] "GET /ticket2/opencms/nl/buy/?edid=2622E353-CCF8-0614-7644-191247788409&page=1 HTTP/1.1" 200 110710
52.167.144.216 - - [28/Jun/2024:00:54:23 +0200] "GET /ticket2/opencms/en/venue/?venueid=BB5DCC3D-DF81-3AAD-D19F-0F0A28A6463A HTTP/1.1" 200 71321
94.23.7.188 - - [28/Jun/2024:00:54:24 +0200] "GET /ticket2/opencms/sv/buy/?page=1&edid=4DE3EC8A-357C-4B99-65AF-B4A313132CD8&sortorder=desc&column=price HTTP/1.1" 200 87560
3.224.220.101 - - [28/Jun/2024:00:54:27 +0200] "GET /ticket2/opencms/nl/buy/?edid=BA0F8DEE-5B47-CEE4-147B-0950F10B9786&page=1 HTTP/1.1" 200 110704
3.224.220.101 - - [28/Jun/2024:00:54:30 +0200] "GET /ticket2/opencms/nl/buy/?edid=06839E1C-8CA0-2766-B39C-B161E06D9E51&page=1 HTTP/1.1" 200 110691
52.70.240.171 - - [28/Jun/2024:00:54:35 +0200] "GET /ticket2/opencms/nl/buy/?edid=26FD5F34-C195-7172-EE2F-9EC20DBD4239&page=1 HTTP/1.1" 200 110707
47.128.43.154 - - [28/Jun/2024:00:54:35 +0200] "GET /ticket2/opencms/fi/urheilu/moottoriurheilu/ HTTP/1.1" 200 -
5.9.55.228 - - [28/Jun/2024:00:54:36 +0200] "GET /ticket2/opencms/en/venue/?countryid=C3419397-8D1B-9427-953E-96370A3C8B07 HTTP/1.1" 200 100730
52.70.240.171 - - [28/Jun/2024:00:54:38 +0200] "GET /ticket2/opencms/nl/buy/?edid=8B771AFF-A9A8-FE63-E57B-1170D3B7C5B8&page=1 HTTP/1.1" 200 110705
94.23.7.188 - - [28/Jun/2024:00:54:42 +0200] "GET /ticket2/opencms/sv/buy/?page=1&edid=4DE3EC8A-357C-4B99-65AF-B4A313132CD8&sortorder=desc&column=row HTTP/1.1" 200 87560
23.22.35.162 - - [28/Jun/2024:00:54:42 +0200] "GET /ticket2/opencms/nl/buy/?edid=6DFFB718-11C1-53C4-2A79-C844FA7A064D&page=1 HTTP/1.1" 200 110710
3.224.220.101 - - [28/Jun/2024:00:54:46 +0200] "GET /ticket2/opencms/nl/buy/?edid=F74997E7-1F81-8144-BC19-7CD40E7B47F7&page=1 HTTP/1.1" 200 110707
94.23.7.188 - - [28/Jun/2024:00:54:47 +0200] "GET /ticket2/opencms/sv/buy/?page=1&edid=4F2CF2F7-766D-C068-1DF7-D79FFA6A3FFF HTTP/1.1" 200 89104
3.224.220.101 - - [28/Jun/2024:00:54:51 +0200] "GET /ticket2/opencms/nl/buy/?edid=3E8160AB-0FBD-70C5-9AD2-7741AA7C1F1A&page=1 HTTP/1.1" 200 110693
5.9.55.228 - - [28/Jun/2024:00:54:53 +0200] "GET /ticket2/opencms/en/venue/?countryid=C20C79E6-EE6B-26D5-6506-E0F6BF6B710A HTTP/1.1" 200 102135
23.22.35.162 - - [28/Jun/2024:00:54:54 +0200] "GET /ticket2/opencms/nl/buy/?edid=9C2A438B-6926-D1D4-5912-53216C4EB815&page=1 HTTP/1.1" 200 110709
94.23.7.188 - - [28/Jun/2024:00:54:56 +0200] "GET /ticket2/opencms/sv/buy/?page=1&edid=4F94B00A-67B6-5DDE-996F-5C7D6CEE512B&sortorder=asc&column=price HTTP/1.1" 200 87581
3.224.220.101 - - [28/Jun/2024:00:54:59 +0200] "GET /ticket2/opencms/nl/buy/?edid=89AC8C22-922C-5C69-19DD-247D667ABB39&page=1 HTTP/1.1" 200 110703
66.249.87.200 - - [28/Jun/2024:00:55:00 +0200] "GET /ticket2/opencms/system/modules/com.gridnine.opencms.ticketbrokerage.site/resources/css/ticketbrokerage.css HTTP/1.1" 200 39339
3.224.220.101 - - [28/Jun/2024:00:55:02 +0200] "GET /ticket2/opencms/nl/buy/?edid=5BA11D18-AC24-6566-FBBA-BF6AFADFC113&page=1 HTTP/1.1" 200 110683
23.22.35.162 - - [28/Jun/2024:00:55:06 +0200] "GET /ticket2/opencms/nl/buy/?edid=7010A18C-5A4A-0E34-BEAB-2260102DF0D3&page=1 HTTP/1.1" 200 84805
94.23.7.188 - - [28/Jun/2024:00:55:07 +0200] "GET /ticket2/opencms/sv/buy/?page=1&edid=4F94B00A-67B6-5DDE-996F-5C7D6CEE512B&sortorder=asc&column=row HTTP/1.1" 200 87581
47.128.110.214 - - [28/Jun/2024:00:55:09 +0200] "GET /ticket2/opencms/fi/buy/?edid=A9C35541-ABB7-0662-52F4-8AD61BAC9B1C HTTP/1.1" 200 73261
47.128.110.214 - - [28/Jun/2024:00:55:10 +0200] "GET /ticket2/opencms/system/modules/com.gridnine.opencms.ticketbrokerage.site/resources/pics/logo-new.png HTTP/1.1" 200 13541
52.70.240.171 - - [28/Jun/2024:00:55:10 +0200] "GET /ticket2/opencms/nl/buy/?edid=5ED2EB91-C7BF-DB4E-E8CC-C708B8706497&page=1 HTTP/1.1" 200 84802
5.9.55.228 - - [28/Jun/2024:00:55:10 +0200] "GET /ticket2/opencms/en/venue/?countryid=C0984F56-34B3-2410-35BD-6A54606EFEFB HTTP/1.1" 200 100730
47.128.110.214 - - [28/Jun/2024:00:55:10 +0200] "GET /ticket2/opencms/system/modules/com.gridnine.opencms.ticketbrokerage.site/resources/pics/bank_4_seb.png HTTP/1.1" 200 2487
47.128.110.214 - - [28/Jun/2024:00:55:11 +0200] "GET /ticket2/opencms/system/modules/com.gridnine.opencms.ticketbrokerage.site/resources/pics/bank_5_visa_mastercard.png HTTP/1.1" 200 8196
47.128.110.214 - - [28/Jun/2024:00:55:11 +0200] "GET /ticket2/opencms/system/modules/com.gridnine.opencms.ticketbrokerage.site/resources/pics/bank_2_handelsbanken.png HTTP/1.1" 200 4509
47.128.110.214 - - [28/Jun/2024:00:55:11 +0200] "GET /ticket2/opencms/system/modules/com.gridnine.opencms.ticketbrokerage.site/resources/pics/bank_1_nordea.png HTTP/1.1" 200 4807
47.128.110.214 - - [28/Jun/2024:00:55:11 +0200] "GET /ticket2/opencms/system/modules/com.gridnine.opencms.ticketbrokerage.site/resources/pics/bank_3_swedbank.png HTTP/1.1" 200 5740
47.128.110.214 - - [28/Jun/2024:00:55:11 +0200] "GET /ticket2/opencms/system/modules/com.gridnine.opencms.ticketbrokerage.site/resources/pics/bank_6_american_express.png HTTP/1.1" 200 5570
66.249.76.194 - - [28/Jun/2024:00:55:12 +0200] "GET /ticket2/opencms/sv/buy/?page=1&edid=0F75B18C-E221-E332-009D-FADB7D439839 HTTP/1.1" 200 111637
52.70.240.171 - - [28/Jun/2024:00:55:16 +0200] "GET /ticket2/opencms/nl/buy/?edid=F6626DB9-CF49-C060-B5A0-E4907286C489&page=1 HTTP/1.1" 200 84808
94.23.7.188 - - [28/Jun/2024:00:55:16 +0200] "GET /ticket2/opencms/sv/buy/?page=1&edid=4F94B00A-67B6-5DDE-996F-5C7D6CEE512B&sortorder=asc&column=section HTTP/1.1" 200 87581
3.224.220.101 - - [28/Jun/2024:00:55:18 +0200] "GET /ticket2/opencms/nl/buy/?edid=81800969-8323-7DD5-2FF1-1DA61540AE9E&page=1 HTTP/1.1" 200 84797
3.224.220.101 - - [28/Jun/2024:00:55:22 +0200] "GET /ticket2/opencms/nl/buy/?edid=8C15C2A6-6F0D-F124-996B-0D6AF34B41CB&page=1 HTTP/1.1" 200 84798
52.70.240.171 - - [28/Jun/2024:00:55:26 +0200] "GET /ticket2/opencms/nl/buy/?edid=24658CB7-0503-4139-A73F-444B9F961692&page=1 HTTP/1.1" 200 84800
5.9.55.228 - - [28/Jun/2024:00:55:28 +0200] "GET /ticket2/opencms/en/venue/?countryid=C02FA7EF-C506-8CCA-9C06-722A0E6233D0 HTTP/1.1" 200 100730
3.224.220.101 - - [28/Jun/2024:00:55:30 +0200] "GET /ticket2/opencms/nl/buy/?edid=355D3270-70A4-08B0-6A25-52C4305F40B2&page=1 HTTP/1.1" 200 84804
52.70.240.171 - - [28/Jun/2024:00:55:34 +0200] "GET /ticket2/opencms/nl/buy/?edid=31FDA527-9BE5-CC0F-08BA-BAC5423FB404&page=1 HTTP/1.1" 200 84800
94.23.7.188 - - [28/Jun/2024:00:55:35 +0200] "GET /ticket2/opencms/sv/buy/?page=1&edid=50741BB5-AC41-8EDF-DDAB-6A055F5C5052 HTTP/1.1" 200 89107
47.128.41.239 - - [28/Jun/2024:00:55:38 +0200] "GET /ticket2/opencms/nl/buy/?catid=AE3FE643-AE41-BAA6-237D-5206D1B044A1&comcatid=A17713B6-D984-201A-4143-ED4DB5ED5C2E HTTP/1.1" 200 81251
47.128.41.239 - - [28/Jun/2024:00:55:39 +0200] "GET /ticket2/opencms/system/modules/com.gridnine.opencms.ticketbrokerage.site/resources/pics/logo-new.png HTTP/1.1" 200 13541
52.70.240.171 - - [28/Jun/2024:00:55:39 +0200] "GET /ticket2/opencms/nl/buy/?edid=3624BB9D-BDA3-C6BF-E8FF-2DF1F5C3F73A&page=1 HTTP/1.1" 200 84801
47.128.41.239 - - [28/Jun/2024:00:55:39 +0200] "GET /ticket2/opencms/system/modules/com.gridnine.opencms.ticketbrokerage.site/resources/pics/bank_4_seb.png HTTP/1.1" 200 2487
47.128.41.239 - - [28/Jun/2024:00:55:39 +0200] "GET /ticket2/opencms/system/modules/com.gridnine.opencms.ticketbrokerage.site/resources/pics/bank_6_american_express.png HTTP/1.1" 200 5570
47.128.41.239 - - [28/Jun/2024:00:55:40 +0200] "GET /ticket2/opencms/system/modules/com.gridnine.opencms.ticketbrokerage.site/resources/pics/bank_2_handelsbanken.png HTTP/1.1" 200 4509
47.128.41.239 - - [28/Jun/2024:00:55:40 +0200] "GET /ticket2/opencms/system/modules/com.gridnine.opencms.ticketbrokerage.site/resources/pics/bank_3_swedbank.png HTTP/1.1" 200 5740
47.128.41.239 - - [28/Jun/2024:00:55:40 +0200] "GET /ticket2/opencms/system/modules/com.gridnine.opencms.ticketbrokerage.site/resources/pics/bank_5_visa_mastercard.png HTTP/1.1" 200 8196
47.128.41.239 - - [28/Jun/2024:00:55:40 +0200] "GET /ticket2/opencms/system/modules/com.gridnine.opencms.ticketbrokerage.site/resources/pics/bank_1_nordea.png HTTP/1.1" 200 4807
66.249.76.160 - - [28/Jun/2024:00:55:42 +0200] "GET /ticket2/opencms/de/fi/buy/?page=6&comcatid=A17713B6-D984-201A-4143-ED4DB5ED5C2E&catid=D08E96E8-A514-9E09-4E22-63713911E0B8 HTTP/1.1" 404 -
23.22.35.162 - - [28/Jun/2024:00:55:42 +0200] "GET /ticket2/opencms/nl/buy/?edid=125D8704-4F25-BA08-9A7D-175DE227A1FB&page=1 HTTP/1.1" 200 84798
5.9.55.228 - - [28/Jun/2024:00:55:45 +0200] "GET /ticket2/opencms/en/venue/?countryid=BFE57D5D-96E9-5760-3742-A1CEB6924397 HTTP/1.1" 200 100730
23.22.35.162 - - [28/Jun/2024:00:55:47 +0200] "GET /ticket2/opencms/nl/buy/?edid=7C470A0B-7875-5849-46E4-808C32ECDB53&page=1 HTTP/1.1" 200 84805
94.23.7.188 - - [28/Jun/2024:00:55:48 +0200] "GET /ticket2/opencms/sv/buy/?page=1&edid=50741BB5-AC41-8EDF-DDAB-6A055F5C5052&sortorder=desc&column=row HTTP/1.1" 200 89142
3.224.220.101 - - [28/Jun/2024:00:55:50 +0200] "GET /ticket2/opencms/nl/buy/?edid=428D934B-266D-69A5-FC2D-05CA08A2DC1A&page=1 HTTP/1.1" 200 84799
23.22.35.162 - - [28/Jun/2024:00:55:54 +0200] "GET /ticket2/opencms/nl/buy/?edid=3834B79A-5D67-764F-EEC4-EB2411D57169&page=1 HTTP/1.1" 200 84800
52.70.240.171 - - [28/Jun/2024:00:55:58 +0200] "GET /ticket2/opencms/nl/buy/?edid=37DFD68F-280A-1D30-F150-17131E8FCDF4&page=1 HTTP/1.1" 200 84799
216.245.221.83 - - [28/Jun/2024:00:55:59 +0200] "HEAD /ticket2/opencms/ HTTP/1.1" 302 -
94.23.7.188 - - [28/Jun/2024:00:56:00 +0200] "GET /ticket2/opencms/sv/buy/?page=1&edid=50741BB5-AC41-8EDF-DDAB-6A055F5C5052&sortorder=desc&column=section HTTP/1.1" 200 89142
216.245.221.83 - - [28/Jun/2024:00:56:02 +0200] "HEAD /ticket2/opencms/en/ HTTP/1.1" 200 -
5.9.55.228 - - [28/Jun/2024:00:56:02 +0200] "GET /ticket2/opencms/en/venue/?countryid=BD065C1D-5EB9-6471-371C-1A2F19BD7F92 HTTP/1.1" 200 109593
52.70.240.171 - - [28/Jun/2024:00:56:02 +0200] "GET /ticket2/opencms/nl/buy/?edid=7E0CE59A-F22E-9FBB-1FD3-8B411A5307E8&page=1 HTTP/1.1" 200 84806
47.128.116.139 - - [28/Jun/2024:00:56:04 +0200] "GET /ticket2/opencms/no/?comcatid=A17713B6-D984-201A-4143-ED4DB5ED5C2E HTTP/1.1" 200 92442
47.128.116.139 - - [28/Jun/2024:00:56:05 +0200] "GET /ticket2/opencms/system/modules/com.gridnine.opencms.ticketbrokerage.site/resources/pics/logo-new.png HTTP/1.1" 200 13541
47.128.116.139 - - [28/Jun/2024:00:56:05 +0200] "GET /ticket2/opencms/system/modules/com.gridnine.opencms.ticketbrokerage.site/resources/pics/bank_1_nordea.png HTTP/1.1" 200 4807
3.224.220.101 - - [28/Jun/2024:00:56:06 +0200] "GET /ticket2/opencms/nl/buy/?edid=AC850F1A-F4BA-A4A5-63C8-2EAFDE9B0DCD&page=1 HTTP/1.1" 200 84798
47.128.116.139 - - [28/Jun/2024:00:56:06 +0200] "GET /ticket2/opencms/system/modules/com.gridnine.opencms.ticketbrokerage.site/resources/pics/bank_3_swedbank.png HTTP/1.1" 200 5740
47.128.116.139 - - [28/Jun/2024:00:56:06 +0200] "GET /ticket2/opencms/system/modules/com.gridnine.opencms.ticketbrokerage.site/resources/pics/bank_2_handelsbanken.png HTTP/1.1" 200 4509
47.128.116.139 - - [28/Jun/2024:00:56:06 +0200] "GET /ticket2/opencms/system/modules/com.gridnine.opencms.ticketbrokerage.site/resources/pics/bank_4_seb.png HTTP/1.1" 200 2487
47.128.116.139 - - [28/Jun/2024:00:56:06 +0200] "GET /ticket2/opencms/system/modules/com.gridnine.opencms.ticketbrokerage.site/resources/pics/bank_5_visa_mastercard.png HTTP/1.1" 200 8196
47.128.116.139 - - [28/Jun/2024:00:56:06 +0200] "GET /ticket2/opencms/system/modules/com.gridnine.opencms.ticketbrokerage.site/resources/pics/bank_6_american_express.png HTTP/1.1" 200 5570
114.119.136.155 - - [28/Jun/2024:00:56:07 +0200] "GET /ticket2/opencms/en/buy/?page=1&edid=0FDA018D-B8AF-3F2B-04D5-9F590D681B22 HTTP/1.1" 200 86692
94.23.7.188 - - [28/Jun/2024:00:56:09 +0200] "GET /ticket2/opencms/sv/buy/?page=1&edid=50C0023B-61A7-4684-18AF-AEB17F1F3E03&sortorder=asc&column=price HTTP/1.1" 200 87551
23.22.35.162 - - [28/Jun/2024:00:56:10 +0200] "GET /ticket2/opencms/nl/buy/?edid=261BF995-AADA-03DF-CD15-AD3548D0B19D&page=1 HTTP/1.1" 200 84802
23.22.35.162 - - [28/Jun/2024:00:56:14 +0200] "GET /ticket2/opencms/nl/buy/?edid=2BD17866-8251-0592-7FAE-2D6F7A3C66CD&page=1 HTTP/1.1" 200 84798
66.249.75.161 - - [28/Jun/2024:00:56:18 +0200] "GET /ticket2/opencms/sv/venue/?venueid=B894268C-0147-908A-EB38-2DA2340DCC68 HTTP/1.1" 200 72255
3.224.220.101 - - [28/Jun/2024:00:56:18 +0200] "GET /ticket2/opencms/nl/buy/?edid=8B5AEECC-CDCE-98FB-62B8-1001F45C2045&page=1 HTTP/1.1" 200 84800
5.9.55.228 - - [28/Jun/2024:00:56:19 +0200] "GET /ticket2/opencms/en/venue/?countryid=BCA33F4B-7509-BC45-DAD2-4CA6BF14FC82 HTTP/1.1" 200 101858
23.22.35.162 - - [28/Jun/2024:00:56:23 +0200] "GET /ticket2/opencms/fi/buy/?edid=750C6040-29F7-425D-A24F-51B977F415A3&page=1 HTTP/1.1" 200 113405
23.22.35.162 - - [28/Jun/2024:00:56:26 +0200] "GET /ticket2/opencms/fi/buy/?edid=DCF22239-47F2-2282-C13B-85FCE1D7C913&page=1 HTTP/1.1" 200 113402
47.128.61.33 - - [28/Jun/2024:00:56:27 +0200] "GET /ticket2/opencms/nl/buy/?catid=82F804FA-9F69-CB6B-D41D-7BF7C716058B&comcatid=A17713B6-D984-201A-4143-ED4DB5ED5C2E&eventid=51142925-34D0-DC94-FE4A-BE4925423608&page=7 HTTP/1.1" 200 81237
47.128.61.33 - - [28/Jun/2024:00:56:27 +0200] "GET /ticket2/opencms/system/modules/com.gridnine.opencms.ticketbrokerage.site/resources/pics/logo-new.png HTTP/1.1" 200 13541
47.128.61.33 - - [28/Jun/2024:00:56:28 +0200] "GET /ticket2/opencms/system/modules/com.gridnine.opencms.ticketbrokerage.site/resources/pics/bank_1_nordea.png HTTP/1.1" 200 4807
47.128.61.33 - - [28/Jun/2024:00:56:28 +0200] "GET /ticket2/opencms/system/modules/com.gridnine.opencms.ticketbrokerage.site/resources/pics/bank_5_visa_mastercard.png HTTP/1.1" 200 8196
47.128.61.33 - - [28/Jun/2024:00:56:29 +0200] "GET /ticket2/opencms/system/modules/com.gridnine.opencms.ticketbrokerage.site/resources/pics/bank_3_swedbank.png HTTP/1.1" 200 5740
