193.70.81.110 - - [28/Jun/2024:03:42:38 +0200] "GET /ticket2/opencms/dk/fi/buy/?page=1&edid=7995046D-A59F-7828-F1D9-FFAF911D7812&sortorder=asc&column=price HTTP/1.1" 404 -
216.245.221.83 - - [28/Jun/2024:03:42:41 +0200] "HEAD /ticket2/opencms/ HTTP/1.1" 302 -
47.128.19.185 - - [28/Jun/2024:03:42:42 +0200] "GET /ticket2/opencms/dk/sport/fodboldbilletter/ligue_1/ HTTP/1.1" 200 74507
216.245.221.83 - - [28/Jun/2024:03:42:42 +0200] "HEAD /ticket2/opencms/en/ HTTP/1.1" 200 -
52.70.240.171 - - [28/Jun/2024:03:42:42 +0200] "GET /ticket2/opencms/it/buy/?catid=2CCC191C-F37F-B9CA-D41C-1204E575B328&comcatid=97ECA65A-72DA-F9AF-9DBB-245D3CFED1BE HTTP/1.1" 200 78365
193.70.81.110 - - [28/Jun/2024:03:42:42 +0200] "GET /ticket2/opencms/dk/fi/buy/?page=1&edid=79F0DF9A-E59A-A8F7-04A7-97B5561CB701&sortorder=asc&column=row HTTP/1.1" 404 -
47.128.19.185 - - [28/Jun/2024:03:42:42 +0200] "GET /ticket2/opencms/system/modules/com.gridnine.opencms.ticketbrokerage.site/resources/pics/logo-new.png HTTP/1.1" 200 13541
47.128.19.185 - - [28/Jun/2024:03:42:43 +0200] "GET /ticket2/opencms/system/modules/com.gridnine.opencms.ticketbrokerage.site/resources/pics/banners/dk/ligue_1_dk.png HTTP/1.1" 200 70626
47.128.19.185 - - [28/Jun/2024:03:42:44 +0200] "GET /ticket2/opencms/system/modules/com.gridnine.opencms.ticketbrokerage.site/resources/pics/bank_4_seb.png HTTP/1.1" 200 2487
47.128.19.185 - - [28/Jun/2024:03:42:44 +0200] "GET /ticket2/opencms/system/modules/com.gridnine.opencms.ticketbrokerage.site/resources/pics/bank_1_nordea.png HTTP/1.1" 200 4807
47.128.19.185 - - [28/Jun/2024:03:42:44 +0200] "GET /ticket2/opencms/system/modules/com.gridnine.opencms.ticketbrokerage.site/resources/pics/bank_3_swedbank.png HTTP/1.1" 200 5740
47.128.19.185 - - [28/Jun/2024:03:42:44 +0200] "GET /ticket2/opencms/system/modules/com.gridnine.opencms.ticketbrokerage.site/resources/pics/bank_2_handelsbanken.png HTTP/1.1" 200 4509
47.128.19.185 - - [28/Jun/2024:03:42:44 +0200] "GET /ticket2/opencms/system/modules/com.gridnine.opencms.ticketbrokerage.site/resources/pics/bank_5_visa_mastercard.png HTTP/1.1" 200 8196
47.128.19.185 - - [28/Jun/2024:03:42:44 +0200] "GET /ticket2/opencms/system/modules/com.gridnine.opencms.ticketbrokerage.site/resources/pics/bank_6_american_express.png HTTP/1.1" 200 5570
52.70.240.171 - - [28/Jun/2024:03:42:46 +0200] "GET /ticket2/opencms/it/buy/?catid=4C4DADF0-07CC-9B24-D2D9-940EF378BE99&comcatid=97ECA65A-72DA-F9AF-9DBB-245D3CFED1BE HTTP/1.1" 200 78362
193.70.81.110 - - [28/Jun/2024:03:42:47 +0200] "GET /ticket2/opencms/dk/fi/buy/?page=1&edid=A45321DF-A6CE-CF78-FF7A-EF32B49E5D06&sortorder=desc&column=section HTTP/1.1" 404 -
5.9.55.228 - - [28/Jun/2024:03:42:48 +0200] "GET /ticket2/opencms/en/buy/?page=1&edid=A2EBEE55-0F02-EF65-FACF-A4CB04DC02EA HTTP/1.1" 200 86932
47.128.35.126 - - [28/Jun/2024:03:42:49 +0200] "GET /ticket2/opencms/no/buy/?edid=8F340A1C-D664-7FDD-8257-FE31525DAB7C HTTP/1.1" 200 72905
3.224.220.101 - - [28/Jun/2024:03:42:50 +0200] "GET /ticket2/opencms/it/buy/?catid=95AE85B5-8979-BB11-643C-430ACC6D50F9&comcatid=810BB404-4103-77F2-A6C2-12D5E6C338E2 HTTP/1.1" 200 75045
47.128.35.126 - - [28/Jun/2024:03:42:50 +0200] "GET /ticket2/opencms/system/modules/com.gridnine.opencms.ticketbrokerage.site/resources/pics/logo-new.png HTTP/1.1" 200 13541
47.128.35.126 - - [28/Jun/2024:03:42:51 +0200] "GET /ticket2/opencms/system/modules/com.gridnine.opencms.ticketbrokerage.site/resources/pics/bank_1_nordea.png HTTP/1.1" 200 4807
47.128.35.126 - - [28/Jun/2024:03:42:51 +0200] "GET /ticket2/opencms/system/modules/com.gridnine.opencms.ticketbrokerage.site/resources/pics/bank_4_seb.png HTTP/1.1" 200 2487
47.128.35.126 - - [28/Jun/2024:03:42:51 +0200] "GET /ticket2/opencms/system/modules/com.gridnine.opencms.ticketbrokerage.site/resources/pics/bank_2_handelsbanken.png HTTP/1.1" 200 4509
47.128.35.126 - - [28/Jun/2024:03:42:51 +0200] "GET /ticket2/opencms/system/modules/com.gridnine.opencms.ticketbrokerage.site/resources/pics/bank_5_visa_mastercard.png HTTP/1.1" 200 8196
47.128.35.126 - - [28/Jun/2024:03:42:51 +0200] "GET /ticket2/opencms/system/modules/com.gridnine.opencms.ticketbrokerage.site/resources/pics/bank_3_swedbank.png HTTP/1.1" 200 5740
47.128.35.126 - - [28/Jun/2024:03:42:52 +0200] "GET /ticket2/opencms/system/modules/com.gridnine.opencms.ticketbrokerage.site/resources/pics/bank_6_american_express.png HTTP/1.1" 200 5570
193.70.81.110 - - [28/Jun/2024:03:42:52 +0200] "GET /ticket2/opencms/dk/fi/buy/?page=1&edid=A5A7051D-8776-CDCC-F30E-FC88ECBAF73F&sortorder=desc&column=price HTTP/1.1" 404 -
23.22.35.162 - - [28/Jun/2024:03:42:54 +0200] "GET /ticket2/opencms/it/buy?edid=FDE2CB1B-737B-857F-7431-BD450E7D3BBB&page=1 HTTP/1.1" 200 112826
193.70.81.110 - - [28/Jun/2024:03:42:57 +0200] "GET /ticket2/opencms/dk/fi/buy/?page=1&edid=A5DECF1D-B871-B379-E9B8-29F84053C587 HTTP/1.1" 404 -
23.22.35.162 - - [28/Jun/2024:03:42:58 +0200] "GET /ticket2/opencms/it/buy?edid=3289C097-2261-9433-8644-DF033A9EE354&page=1 HTTP/1.1" 200 117875
193.70.81.110 - - [28/Jun/2024:03:43:01 +0200] "GET /ticket2/opencms/dk/fi/buy/?page=1&edid=A979D7EB-A0B4-46E4-D7C0-F89D4ACF47B0&sortorder=asc&column=row HTTP/1.1" 404 -
52.70.240.171 - - [28/Jun/2024:03:43:02 +0200] "GET /ticket2/opencms/it/buy?edid=1AD4E11C-C792-1721-4D1A-2229101A30FD&page=1 HTTP/1.1" 200 122038
5.9.55.228 - - [28/Jun/2024:03:43:06 +0200] "GET /ticket2/opencms/en/buy/?page=1&edid=A2FF267A-5FC6-AA5D-3446-6D9BF83F1742 HTTP/1.1" 200 87810
3.224.220.101 - - [28/Jun/2024:03:43:06 +0200] "GET /ticket2/opencms/it/buy?edid=DD14CC82-883B-BD06-4306-EBD494AA1804&page=1 HTTP/1.1" 200 113134
193.70.81.110 - - [28/Jun/2024:03:43:06 +0200] "GET /ticket2/opencms/dk/fi/buy/?page=1&edid=AA52C9A2-BBC2-04B4-6B59-35DEE0587899&sortorder=asc&column=price HTTP/1.1" 404 -
47.128.35.219 - - [28/Jun/2024:03:43:07 +0200] "GET /ticket2/opencms/no/buy/?catid=82F804FA-9F69-CB6B-D41D-7BF7C716058B&comcatid=A17713B6-D984-201A-4143-ED4DB5ED5C2E&eventid=AD8806A3-78A3-C85C-FD76-9A847D684299&page=7 HTTP/1.1" 200 83074
47.128.35.219 - - [28/Jun/2024:03:43:08 +0200] "GET /ticket2/opencms/system/modules/com.gridnine.opencms.ticketbrokerage.site/resources/pics/logo-new.png HTTP/1.1" 200 13541
47.128.35.219 - - [28/Jun/2024:03:43:08 +0200] "GET /ticket2/opencms/system/modules/com.gridnine.opencms.ticketbrokerage.site/resources/pics/bank_4_seb.png HTTP/1.1" 200 2487
47.128.35.219 - - [28/Jun/2024:03:43:09 +0200] "GET /ticket2/opencms/system/modules/com.gridnine.opencms.ticketbrokerage.site/resources/pics/bank_1_nordea.png HTTP/1.1" 200 4807
47.128.35.219 - - [28/Jun/2024:03:43:09 +0200] "GET /ticket2/opencms/system/modules/com.gridnine.opencms.ticketbrokerage.site/resources/pics/bank_2_handelsbanken.png HTTP/1.1" 200 4509
47.128.35.219 - - [28/Jun/2024:03:43:09 +0200] "GET /ticket2/opencms/system/modules/com.gridnine.opencms.ticketbrokerage.site/resources/pics/bank_3_swedbank.png HTTP/1.1" 200 5740
47.128.35.219 - - [28/Jun/2024:03:43:09 +0200] "GET /ticket2/opencms/system/modules/com.gridnine.opencms.ticketbrokerage.site/resources/pics/bank_5_visa_mastercard.png HTTP/1.1" 200 8196
47.128.35.219 - - [28/Jun/2024:03:43:09 +0200] "GET /ticket2/opencms/system/modules/com.gridnine.opencms.ticketbrokerage.site/resources/pics/bank_6_american_express.png HTTP/1.1" 200 5570
52.70.240.171 - - [28/Jun/2024:03:43:10 +0200] "GET /ticket2/opencms/it/buy?edid=D96122AD-C3AA-80F5-DDA8-935E03AE952D&page=1 HTTP/1.1" 200 112388
193.70.81.110 - - [28/Jun/2024:03:43:10 +0200] "GET /ticket2/opencms/dk/fi/buy/?page=1&edid=AA52C9A2-BBC2-04B4-6B59-35DEE0587899&sortorder=asc&column=section HTTP/1.1" 404 -
23.22.35.162 - - [28/Jun/2024:03:43:13 +0200] "GET /ticket2/opencms/it/buy?edid=3583D5C7-607A-E528-A709-844E6A72DC1B&page=1 HTTP/1.1" 200 117884
193.70.81.110 - - [28/Jun/2024:03:43:15 +0200] "GET /ticket2/opencms/dk/fi/buy/?page=1&edid=ABDF7CFF-955C-3980-3713-4EA1E1421657 HTTP/1.1" 404 -
65.108.227.178 - - [28/Jun/2024:03:43:17 +0200] "GET /ticket2/opencms/dk/en/buy/?page=1&edid=FC8E19AE-C0B2-6E8A-15B8-33A65B1EFF7E&sortorder=asc&column=price HTTP/1.1" 404 -
3.224.220.101 - - [28/Jun/2024:03:43:18 +0200] "GET /ticket2/opencms/it/buy?edid=68B485F7-9483-6E4F-656D-602EE2AC621D&page=1 HTTP/1.1" 200 113133
216.244.66.196 - - [28/Jun/2024:03:43:19 +0200] "GET /ticket2/opencms/sv/buy/?page=1&edid=68F00E56-AA1A-D3D9-15AD-8F2C82F5BB94 HTTP/1.1" 200 87468
193.70.81.110 - - [28/Jun/2024:03:43:19 +0200] "GET /ticket2/opencms/dk/fi/buy/?page=1&edid=ADE200F3-CFF5-87E3-9021-7F29446BA859 HTTP/1.1" 404 -
52.70.240.171 - - [28/Jun/2024:03:43:22 +0200] "GET /ticket2/opencms/it/buy?edid=096598FE-DA35-4351-DFEE-DC9ACA0F0EF9&page=1 HTTP/1.1" 200 112816
5.9.55.228 - - [28/Jun/2024:03:43:23 +0200] "GET /ticket2/opencms/en/buy/?page=1&edid=A3791CD2-6B7E-A639-D940-799869316CF9 HTTP/1.1" 200 86685
216.244.66.196 - - [28/Jun/2024:03:43:25 +0200] "GET /ticket2/opencms/sv/buy/?page=1&edid=6EC6BD23-78CA-71E4-67D1-B90AB5C3430E HTTP/1.1" 200 87951
193.70.81.110 - - [28/Jun/2024:03:43:26 +0200] "GET /ticket2/opencms/dk/fi/buy/?page=1&edid=AEEDBD7A-961C-0FB9-092F-CBFB7B36B978&sortorder=asc&column=price HTTP/1.1" 404 -
52.70.240.171 - - [28/Jun/2024:03:43:26 +0200] "GET /ticket2/opencms/it/buy?edid=F1463EBE-6C18-CF49-B2AE-F79868BCA4F5&page=1 HTTP/1.1" 200 117874
3.224.220.101 - - [28/Jun/2024:03:43:30 +0200] "GET /ticket2/opencms/it/buy?edid=5E608C7A-903B-E4BB-4868-5D83917347B8&page=1 HTTP/1.1" 200 122039
193.70.81.110 - - [28/Jun/2024:03:43:30 +0200] "GET /ticket2/opencms/dk/fi/buy/?page=1&edid=AEEDBD7A-961C-0FB9-092F-CBFB7B36B978&sortorder=asc&column=section HTTP/1.1" 404 -
216.244.66.196 - - [28/Jun/2024:03:43:30 +0200] "GET /ticket2/opencms/sv/buy/?page=1&edid=72F5EE57-6737-2BB6-5B75-3DED7510D7EB HTTP/1.1" 200 85948
47.128.97.178 - - [28/Jun/2024:03:43:31 +0200] "GET /ticket2/opencms/en/venue/?venueid=373A8158-EF4F-C52F-8418-B13477C2157B HTTP/1.1" 200 72340
47.128.97.178 - - [28/Jun/2024:03:43:32 +0200] "GET /ticket2/opencms/system/modules/com.gridnine.opencms.ticketbrokerage.site/resources/pics/logo-new.png HTTP/1.1" 200 13541
47.128.97.178 - - [28/Jun/2024:03:43:32 +0200] "GET /ticket2/opencms/venue/Craven_Cottage.jpg HTTP/1.1" 200 185543
47.128.97.178 - - [28/Jun/2024:03:43:33 +0200] "GET /ticket2/opencms/system/modules/com.gridnine.opencms.ticketbrokerage.site/resources/pics/bank_2_handelsbanken.png HTTP/1.1" 200 4509
47.128.97.178 - - [28/Jun/2024:03:43:33 +0200] "GET /ticket2/opencms/system/modules/com.gridnine.opencms.ticketbrokerage.site/resources/pics/bank_4_seb.png HTTP/1.1" 200 2487
47.128.97.178 - - [28/Jun/2024:03:43:33 +0200] "GET /ticket2/opencms/system/modules/com.gridnine.opencms.ticketbrokerage.site/resources/pics/bank_1_nordea.png HTTP/1.1" 200 4807
47.128.97.178 - - [28/Jun/2024:03:43:33 +0200] "GET /ticket2/opencms/system/modules/com.gridnine.opencms.ticketbrokerage.site/resources/pics/bank_3_swedbank.png HTTP/1.1" 200 5740
47.128.97.178 - - [28/Jun/2024:03:43:33 +0200] "GET /ticket2/opencms/system/modules/com.gridnine.opencms.ticketbrokerage.site/resources/pics/bank_5_visa_mastercard.png HTTP/1.1" 200 8196
47.128.97.178 - - [28/Jun/2024:03:43:33 +0200] "GET /ticket2/opencms/system/modules/com.gridnine.opencms.ticketbrokerage.site/resources/pics/bank_6_american_express.png HTTP/1.1" 200 5570
52.70.240.171 - - [28/Jun/2024:03:43:33 +0200] "GET /ticket2/opencms/it/buy?edid=2684212B-FA50-DC4B-3CFA-1303E9638140&page=1 HTTP/1.1" 200 107556
193.70.81.110 - - [28/Jun/2024:03:43:34 +0200] "GET /ticket2/opencms/dk/fi/buy/?page=1&edid=AF10138E-A60F-F322-730E-45CBD84A9C2C&sortorder=asc&column=row HTTP/1.1" 404 -
3.224.220.101 - - [28/Jun/2024:03:43:38 +0200] "GET /ticket2/opencms/it/buy?edid=1B66F7E9-6D68-7258-D0DB-383034F8302F&page=1 HTTP/1.1" 200 112814
193.70.81.110 - - [28/Jun/2024:03:43:38 +0200] "GET /ticket2/opencms/dk/fi/buy/?page=1&edid=AF586143-17F7-B16E-465F-B1DAF39476EF&sortorder=asc&column=row HTTP/1.1" 404 -
5.9.55.228 - - [28/Jun/2024:03:43:40 +0200] "GET /ticket2/opencms/en/buy/?page=1&edid=A3C9C39A-D58E-E88B-771B-8E4C4FF57183 HTTP/1.1" 200 86932
3.224.220.101 - - [28/Jun/2024:03:43:41 +0200] "GET /ticket2/opencms/it/buy?edid=E9DB3A42-82BF-9B65-3ED4-EE5A32871388&page=1 HTTP/1.1" 200 108645
193.70.81.110 - - [28/Jun/2024:03:43:42 +0200] "GET /ticket2/opencms/dk/fi/buy/?page=1&edid=AF586143-17F7-B16E-465F-B1DAF39476EF&sortorder=asc&column=section HTTP/1.1" 404 -
66.249.75.161 - - [28/Jun/2024:03:43:43 +0200] "GET /ticket2/opencms/sv/venue/?venueid=EBEEFBDF-BE46-CDA7-09F6-23C46162BE1D HTTP/1.1" 200 72172
66.249.75.168 - - [28/Jun/2024:03:43:44 +0200] "GET /ticket2/opencms/nl/buy/?page=1&edid=039D4473-D662-2ED5-D620-F30FCE116F43 HTTP/1.1" 200 87013
66.249.72.33 - - [28/Jun/2024:03:43:45 +0200] "GET /ticket2/opencms/en/sell/?edid=71FF0DDB-994C-2EA5-7C18-3DECE9AE5101 HTTP/1.1" 302 -
23.22.35.162 - - [28/Jun/2024:03:43:46 +0200] "GET /ticket2/opencms/it/buy?edid=B7C31852-4938-05B8-A23C-0248E7A3D5BA&page=1 HTTP/1.1" 200 108639
66.249.72.33 - - [28/Jun/2024:03:43:46 +0200] "GET /ticket2/opencms/en/login/?url=/en/sell/ HTTP/1.1" 200 73431
52.167.144.176 - - [28/Jun/2024:03:43:46 +0200] "GET /ticket2/opencms/dk/sport/fodboldbilletter/premier-league/liverpool/?r=true HTTP/1.1" 200 84506
66.249.75.168 - - [28/Jun/2024:03:43:47 +0200] "GET /ticket2/opencms/no/buy/?page=1&edid=4D0E8B6F-4A4C-13EE-EC78-4C4A42CB13B0 HTTP/1.1" 200 86533
193.70.81.110 - - [28/Jun/2024:03:43:47 +0200] "GET /ticket2/opencms/dk/fi/buy/?page=1&edid=AFA3EF8F-030A-999D-4E9D-D4614B40CD4F HTTP/1.1" 404 -
3.224.220.101 - - [28/Jun/2024:03:43:50 +0200] "GET /ticket2/opencms/it/buy?edid=11EFBC55-130A-2310-B776-C5D86878BDAB&page=1 HTTP/1.1" 200 117102
193.70.81.110 - - [28/Jun/2024:03:43:51 +0200] "GET /ticket2/opencms/dk/fi/buy/?page=1&edid=B1DFC9EC-D2C4-76B2-A8EC-9DB1DA34315C&sortorder=asc&column=price HTTP/1.1" 404 -
23.22.35.162 - - [28/Jun/2024:03:43:54 +0200] "GET /ticket2/opencms/it/buy?edid=D11D82D4-28DA-1768-D317-EF521A2F97E6&page=1 HTTP/1.1" 200 117876
47.128.116.24 - - [28/Jun/2024:03:43:55 +0200] "GET /ticket2/opencms/de/magazine/article?title=chelsea-gegen-tottenham-2-0 HTTP/1.1" 200 76369
47.128.116.24 - - [28/Jun/2024:03:43:56 +0200] "GET /ticket2/opencms/system/modules/com.gridnine.opencms.ticketbrokerage.site/resources/pics/logo-new.png HTTP/1.1" 200 13541
193.70.81.110 - - [28/Jun/2024:03:43:56 +0200] "GET /ticket2/opencms/dk/fi/buy/?page=1&edid=B1DFC9EC-D2C4-76B2-A8EC-9DB1DA34315C&sortorder=asc&column=row HTTP/1.1" 404 -
47.128.116.24 - - [28/Jun/2024:03:43:57 +0200] "GET /ticket2/opencms/system/modules/com.gridnine.opencms.ticketbrokerage.site/resources/pics/bank_3_swedbank.png HTTP/1.1" 200 5740
47.128.116.24 - - [28/Jun/2024:03:43:57 +0200] "GET /ticket2/opencms/system/modules/com.gridnine.opencms.ticketbrokerage.site/resources/pics/bank_5_visa_mastercard.png HTTP/1.1" 200 8196
47.128.116.24 - - [28/Jun/2024:03:43:57 +0200] "GET /ticket2/opencms/system/modules/com.gridnine.opencms.ticketbrokerage.site/resources/pics/bank_2_handelsbanken.png HTTP/1.1" 200 4509
47.128.116.24 - - [28/Jun/2024:03:43:57 +0200] "GET /ticket2/opencms/system/modules/com.gridnine.opencms.ticketbrokerage.site/resources/pics/bank_1_nordea.png HTTP/1.1" 200 4807
47.128.116.24 - - [28/Jun/2024:03:43:57 +0200] "GET /ticket2/opencms/system/modules/com.gridnine.opencms.ticketbrokerage.site/resources/pics/bank_4_seb.png HTTP/1.1" 200 2487
47.128.116.24 - - [28/Jun/2024:03:43:57 +0200] "GET /ticket2/opencms/system/modules/com.gridnine.opencms.ticketbrokerage.site/resources/pics/bank_6_american_express.png HTTP/1.1" 200 5570
52.70.240.171 - - [28/Jun/2024:03:43:58 +0200] "GET /ticket2/opencms/it/buy?edid=BE8C7FA0-9E48-EAB3-3A70-9E9F9EA30F95&page=1 HTTP/1.1" 200 122035
5.9.55.228 - - [28/Jun/2024:03:43:58 +0200] "GET /ticket2/opencms/en/buy/?page=1&edid=A42468F2-2132-FBF5-F067-C842FEC4FD25 HTTP/1.1" 200 86780
193.70.81.110 - - [28/Jun/2024:03:44:01 +0200] "GET /ticket2/opencms/dk/fi/buy/?page=1&edid=B2BF22CA-FF99-6F1A-6DFD-9AA67B6F3634 HTTP/1.1" 404 -
3.224.220.101 - - [28/Jun/2024:03:44:02 +0200] "GET /ticket2/opencms/it/buy?edid=06839E1C-8CA0-2766-B39C-B161E06D9E51&page=1 HTTP/1.1" 200 112822
65.108.227.178 - - [28/Jun/2024:03:44:03 +0200] "GET /ticket2/opencms/dk/en/buy/?page=1&edid=FC8E19AE-C0B2-6E8A-15B8-33A65B1EFF7E&sortorder=asc&column=row HTTP/1.1" 404 -
193.70.81.110 - - [28/Jun/2024:03:44:05 +0200] "GET /ticket2/opencms/dk/fi/buy/?page=1&edid=B2BF22CA-FF99-6F1A-6DFD-9AA67B6F3634&sortorder=desc&column=row HTTP/1.1" 404 -
3.224.220.101 - - [28/Jun/2024:03:44:06 +0200] "GET /ticket2/opencms/it/buy?edid=FD4DCA3B-ED43-1043-8648-63C229A27832&page=1 HTTP/1.1" 200 117087
3.224.220.101 - - [28/Jun/2024:03:44:09 +0200] "GET /ticket2/opencms/it/buy?edid=830F2AEC-7FB6-11C1-AD11-54BD6744D648&page=1 HTTP/1.1" 200 107564
193.70.81.110 - - [28/Jun/2024:03:44:11 +0200] "GET /ticket2/opencms/dk/fi/buy/?page=1&edid=B2D1173D-3B96-271E-E1E3-D50B6038EBDA&sortorder=desc&column=section HTTP/1.1" 404 -
47.128.43.126 - - [28/Jun/2024:03:44:11 +0200] "GET /ticket2/opencms/robots.txt HTTP/1.1" 200 773
52.70.240.171 - - [28/Jun/2024:03:44:14 +0200] "GET /ticket2/opencms/it/buy?edid=2197E523-8740-2A01-BD5D-12E3C3F2DBFE&page=1 HTTP/1.1" 200 122031
193.70.81.110 - - [28/Jun/2024:03:44:15 +0200] "GET /ticket2/opencms/dk/fi/buy/?page=1&edid=B2E5BFF4-A3CD-3EDE-214C-30C8A05EA888 HTTP/1.1" 404 -
5.9.55.228 - - [28/Jun/2024:03:44:17 +0200] "GET /ticket2/opencms/en/buy/?page=1&edid=A45094A6-B77C-C4A8-7783-12098643BADC HTTP/1.1" 200 88043
52.70.240.171 - - [28/Jun/2024:03:44:18 +0200] "GET /ticket2/opencms/it/buy?edid=0F9D6B87-FBA2-98F6-6A11-CBBA4D2A86C1&page=1 HTTP/1.1" 200 117877
193.70.81.110 - - [28/Jun/2024:03:44:20 +0200] "GET /ticket2/opencms/dk/fi/buy/?page=1&edid=B2E5BFF4-A3CD-3EDE-214C-30C8A05EA888&sortorder=desc&column=price HTTP/1.1" 404 -
3.224.220.101 - - [28/Jun/2024:03:44:21 +0200] "GET /ticket2/opencms/it/buy?edid=CCC52869-7D07-37D3-E716-0EF1AC21BCE4&page=1 HTTP/1.1" 200 112125
193.70.81.110 - - [28/Jun/2024:03:44:24 +0200] "GET /ticket2/opencms/dk/fi/buy/?page=1&edid=B2E5BFF4-A3CD-3EDE-214C-30C8A05EA888&sortorder=desc&column=row HTTP/1.1" 404 -
3.224.220.101 - - [28/Jun/2024:03:44:26 +0200] "GET /ticket2/opencms/it/buy?edid=C8E47E46-ADCD-586A-7BE4-CF1C96256B2D&page=1 HTTP/1.1" 200 113134
159.138.110.8 - - [28/Jun/2024:03:44:29 +0200] "GET /ticket2/opencms/nl/sport/voetbal-tickets/premier_league/arsenal/ HTTP/1.1" 200 82459
193.70.81.110 - - [28/Jun/2024:03:44:29 +0200] "GET /ticket2/opencms/dk/fi/buy/?page=1&edid=B36BDAB4-5EB1-A013-C6F6-87527CDF5E2D&sortorder=asc&column=price HTTP/1.1" 404 -
3.224.220.101 - - [28/Jun/2024:03:44:29 +0200] "GET /ticket2/opencms/it/buy?edid=B5C7399B-C087-FF38-4294-BB861C1DB4F9&page=1 HTTP/1.1" 200 112220
193.70.81.110 - - [28/Jun/2024:03:44:33 +0200] "GET /ticket2/opencms/dk/fi/buy/?page=1&edid=B36BDAB4-5EB1-A013-C6F6-87527CDF5E2D&sortorder=asc&column=row HTTP/1.1" 404 -
3.224.220.101 - - [28/Jun/2024:03:44:34 +0200] "GET /ticket2/opencms/it/buy?edid=19422468-9239-E426-DB02-7FA0504E2BEC&page=1 HTTP/1.1" 200 117092
5.9.55.228 - - [28/Jun/2024:03:44:34 +0200] "GET /ticket2/opencms/en/buy/?page=1&edid=A4AA9FAF-A900-49DB-5496-82F65D60D290 HTTP/1.1" 200 88359
193.70.81.110 - - [28/Jun/2024:03:44:38 +0200] "GET /ticket2/opencms/dk/fi/buy/?page=1&edid=B36BDAB4-5EB1-A013-C6F6-87527CDF5E2D&sortorder=asc&column=section HTTP/1.1" 404 -
23.22.35.162 - - [28/Jun/2024:03:44:38 +0200] "GET /ticket2/opencms/it/buy?edid=6AEAF6C2-C57A-0447-5B0A-20959D8DCFDD&page=1 HTTP/1.1" 200 117089
3.224.220.101 - - [28/Jun/2024:03:44:42 +0200] "GET /ticket2/opencms/it/buy?edid=1BDA6D08-38AF-6470-7423-555F9C3DEC73&page=1 HTTP/1.1" 200 119772
193.70.81.110 - - [28/Jun/2024:03:44:42 +0200] "GET /ticket2/opencms/dk/fi/buy/?page=1&edid=B4564D89-EDA0-1E7B-87B0-A235DA6E4672&sortorder=desc&column=section HTTP/1.1" 404 -
5.9.55.228 - - [28/Jun/2024:03:44:43 +0200] "GET /ticket2/opencms/en/buy/?page=1&edid=A84070DC-133C-F761-940C-18DE5C0F16D7 HTTP/1.1" 200 88338
65.108.227.178 - - [28/Jun/2024:03:44:43 +0200] "GET /ticket2/opencms/dk/en/buy/?page=1&edid=FC8E19AE-C0B2-6E8A-15B8-33A65B1EFF7E&sortorder=asc&column=section HTTP/1.1" 404 -
3.224.220.101 - - [28/Jun/2024:03:44:46 +0200] "GET /ticket2/opencms/it/buy?edid=3E8160AB-0FBD-70C5-9AD2-7741AA7C1F1A&page=1 HTTP/1.1" 200 112824
52.70.240.171 - - [28/Jun/2024:03:44:50 +0200] "GET /ticket2/opencms/it/buy?edid=BA98F497-79D9-0BA1-3E19-B45BB0763E07&page=1 HTTP/1.1" 200 117877
216.244.66.238 - - [28/Jun/2024:03:44:51 +0200] "GET /ticket2/opencms/robots.txt HTTP/1.1" 200 773
216.244.66.238 - - [28/Jun/2024:03:44:51 +0200] "GET /ticket2/opencms/robots.txt HTTP/1.1" 200 773
193.70.81.110 - - [28/Jun/2024:03:44:52 +0200] "GET /ticket2/opencms/dk/fi/buy/?page=1&edid=B4FC85CE-934D-C2FF-C197-68C576598958&sortorder=asc&column=row HTTP/1.1" 404 -
52.70.240.171 - - [28/Jun/2024:03:44:54 +0200] "GET /ticket2/opencms/it/buy?edid=DD282B35-B6B7-ECA0-02E0-90864F5E2B50&page=1 HTTP/1.1" 200 107554
66.249.76.1 - - [28/Jun/2024:03:44:55 +0200] "GET /ticket2/opencms/sv/sport/fotbollsbiljetter/la_liga/real_betis/ HTTP/1.1" 200 73807
193.70.81.110 - - [28/Jun/2024:03:44:56 +0200] "GET /ticket2/opencms/dk/fi/buy/?page=1&edid=B7707C87-5D00-4D75-75FA-01216FD172D2&sortorder=asc&column=row HTTP/1.1" 404 -
52.70.240.171 - - [28/Jun/2024:03:44:58 +0200] "GET /ticket2/opencms/it/buy?edid=82BD6FF9-3156-636F-72F0-08C841337175&page=1 HTTP/1.1" 200 117092
5.9.55.228 - - [28/Jun/2024:03:45:00 +0200] "GET /ticket2/opencms/en/buy/?page=1&edid=AD3034FC-07C9-DBD5-1F60-A35D880286B6 HTTP/1.1" 200 87201
193.70.81.110 - - [28/Jun/2024:03:45:01 +0200] "GET /ticket2/opencms/dk/fi/buy/?page=1&edid=B7CD03F3-78D0-257F-84AD-A4BE61864779 HTTP/1.1" 404 -
52.70.240.171 - - [28/Jun/2024:03:45:02 +0200] "GET /ticket2/opencms/it/buy?edid=FDC70D4B-A88B-5334-5A88-AC1F94FAEBF8&page=1 HTTP/1.1" 200 111709
40.77.167.14 - - [28/Jun/2024:03:45:04 +0200] "GET /ticket2/opencms/en/buy?page=1&edid=B7C31852-4938-05B8-A23C-0248E7A3D5BA HTTP/1.1" 200 106867
193.70.81.110 - - [28/Jun/2024:03:45:05 +0200] "GET /ticket2/opencms/dk/fi/buy/?page=1&edid=B803B6C1-9F6F-90E1-DF22-EB1F0BE495B7&sortorder=desc&column=price HTTP/1.1" 404 -
3.224.220.101 - - [28/Jun/2024:03:45:05 +0200] "GET /ticket2/opencms/it/buy?edid=8DD5F074-9C3D-F268-0681-07FE736DEB63&page=1 HTTP/1.1" 200 117091
47.128.121.76 - - [28/Jun/2024:03:45:06 +0200] "GET /ticket2/opencms/no/buy/?edid=6148B729-620A-0104-5C35-7B49F49164F4 HTTP/1.1" 200 72905
47.128.121.76 - - [28/Jun/2024:03:45:07 +0200] "GET /ticket2/opencms/system/modules/com.gridnine.opencms.ticketbrokerage.site/resources/pics/logo-new.png HTTP/1.1" 200 13541
47.128.121.76 - - [28/Jun/2024:03:45:07 +0200] "GET /ticket2/opencms/system/modules/com.gridnine.opencms.ticketbrokerage.site/resources/pics/bank_4_seb.png HTTP/1.1" 200 2487
47.128.121.76 - - [28/Jun/2024:03:45:08 +0200] "GET /ticket2/opencms/system/modules/com.gridnine.opencms.ticketbrokerage.site/resources/pics/bank_1_nordea.png HTTP/1.1" 200 4807
47.128.121.76 - - [28/Jun/2024:03:45:08 +0200] "GET /ticket2/opencms/system/modules/com.gridnine.opencms.ticketbrokerage.site/resources/pics/bank_3_swedbank.png HTTP/1.1" 200 5740
47.128.121.76 - - [28/Jun/2024:03:45:08 +0200] "GET /ticket2/opencms/system/modules/com.gridnine.opencms.ticketbrokerage.site/resources/pics/bank_2_handelsbanken.png HTTP/1.1" 200 4509
47.128.121.76 - - [28/Jun/2024:03:45:08 +0200] "GET /ticket2/opencms/system/modules/com.gridnine.opencms.ticketbrokerage.site/resources/pics/bank_5_visa_mastercard.png HTTP/1.1" 200 8196
47.128.121.76 - - [28/Jun/2024:03:45:08 +0200] "GET /ticket2/opencms/system/modules/com.gridnine.opencms.ticketbrokerage.site/resources/pics/bank_6_american_express.png HTTP/1.1" 200 5570
193.70.81.110 - - [28/Jun/2024:03:45:10 +0200] "GET /ticket2/opencms/dk/fi/buy/?page=1&edid=B803B6C1-9F6F-90E1-DF22-EB1F0BE495B7&sortorder=desc&column=row HTTP/1.1" 404 -
52.70.240.171 - - [28/Jun/2024:03:45:10 +0200] "GET /ticket2/opencms/it/buy?edid=5C8841EF-C65C-22D8-40C3-FC05B2FF785E&page=1 HTTP/1.1" 200 122033
66.249.75.97 - - [28/Jun/2024:03:45:11 +0200] "GET /ticket2/opencms/system/modules/com.gridnine.opencms.ticketbrokerage.site/resources/js/jquery.fancybox.pack.js HTTP/1.1" 200 23187
52.70.240.171 - - [28/Jun/2024:03:45:14 +0200] "GET /ticket2/opencms/it/buy?edid=BE6ABBE8-6DAC-6741-AA1A-CEB7A9B0DCF0&page=1 HTTP/1.1" 200 115145
193.70.81.110 - - [28/Jun/2024:03:45:14 +0200] "GET /ticket2/opencms/dk/fi/buy/?page=1&edid=B82C7457-23A7-971E-3494-C851AC146F1A&sortorder=asc&column=section HTTP/1.1" 404 -
5.9.55.228 - - [28/Jun/2024:03:45:17 +0200] "GET /ticket2/opencms/en/buy/?page=1&edid=AE7AFEEB-34F7-6C11-5867-600D4D52A2A5 HTTP/1.1" 200 86924
3.224.220.101 - - [28/Jun/2024:03:45:18 +0200] "GET /ticket2/opencms/it/buy?edid=2B877732-5277-2CC6-D9D2-67E5CDEA4143&page=1 HTTP/1.1" 200 117878
193.70.81.110 - - [28/Jun/2024:03:45:18 +0200] "GET /ticket2/opencms/dk/fi/buy/?page=1&edid=B83ACA88-10E7-A3DE-E7F1-8B3630A5B734&sortorder=asc&column=price HTTP/1.1" 404 -
52.70.240.171 - - [28/Jun/2024:03:45:22 +0200] "GET /ticket2/opencms/it/buy?edid=F78B03FA-4A60-BDC0-B4DA-96975C817683&page=1 HTTP/1.1" 200 117090
193.70.81.110 - - [28/Jun/2024:03:45:23 +0200] "GET /ticket2/opencms/dk/fi/buy/?page=1&edid=BA54B192-2EC2-47F9-B14F-598EA87E9622&sortorder=asc&column=price HTTP/1.1" 404 -
23.22.35.162 - - [28/Jun/2024:03:45:25 +0200] "GET /ticket2/opencms/it/buy?edid=5BA11D18-AC24-6566-FBBA-BF6AFADFC113&page=1 HTTP/1.1" 200 112814
65.108.227.178 - - [28/Jun/2024:03:45:27 +0200] "GET /ticket2/opencms/dk/en/buy/?page=1&edid=FCA72846-635B-B656-1D41-380F35E6AF6B&sortorder=desc&column=row HTTP/1.1" 404 -
193.70.81.110 - - [28/Jun/2024:03:45:27 +0200] "GET /ticket2/opencms/dk/fi/buy/?page=1&edid=BA54B192-2EC2-47F9-B14F-598EA87E9622&sortorder=asc&column=row HTTP/1.1" 404 -
52.70.240.171 - - [28/Jun/2024:03:45:30 +0200] "GET /ticket2/opencms/it/buy?edid=16436A63-E7D4-DEDF-5835-AB72708D4247&page=1 HTTP/1.1" 200 111715
193.70.81.110 - - [28/Jun/2024:03:45:32 +0200] "GET /ticket2/opencms/dk/fi/buy/?page=1&edid=BA54B192-2EC2-47F9-B14F-598EA87E9622&sortorder=asc&column=section HTTP/1.1" 404 -
5.9.55.228 - - [28/Jun/2024:03:45:32 +0200] "GET /ticket2/opencms/en/buy/?page=1&edid=AE94D064-417D-1FFC-77B2-90A93990B0CA HTTP/1.1" 200 85171
3.224.220.101 - - [28/Jun/2024:03:45:34 +0200] "GET /ticket2/opencms/it/buy?edid=6749402D-C332-2C4D-9191-3C983EDD528C&page=1 HTTP/1.1" 200 113138
193.70.81.110 - - [28/Jun/2024:03:45:36 +0200] "GET /ticket2/opencms/dk/fi/buy/?page=1&edid=DDC7599B-D07F-381D-5227-9E1873654D32&sortorder=asc&column=section HTTP/1.1" 404 -
52.70.240.171 - - [28/Jun/2024:03:45:38 +0200] "GET /ticket2/opencms/it/buy?edid=6B1BC3D5-41D5-1130-8508-F118D3CA5AB9&page=1 HTTP/1.1" 200 115151
193.70.81.110 - - [28/Jun/2024:03:45:41 +0200] "GET /ticket2/opencms/dk/fi/buy/?page=1&edid=DDC7599B-D07F-381D-5227-9E1873654D32&sortorder=desc&column=price HTTP/1.1" 404 -
52.70.240.171 - - [28/Jun/2024:03:45:42 +0200] "GET /ticket2/opencms/it/buy?edid=56F28A7B-F2BA-A987-F0EA-6526B22962C8&page=1 HTTP/1.1" 200 90038
193.70.81.110 - - [28/Jun/2024:03:45:45 +0200] "GET /ticket2/opencms/dk/fi/buy/?page=1&edid=DDC7599B-D07F-381D-5227-9E1873654D32&sortorder=desc&column=section HTTP/1.1" 404 -
3.224.220.101 - - [28/Jun/2024:03:45:45 +0200] "GET /ticket2/opencms/sv/buy?edid=8EE24D2F-4BF0-A103-6944-36103BCA6278&page=1 HTTP/1.1" 200 98096
5.9.55.228 - - [28/Jun/2024:03:45:49 +0200] "GET /ticket2/opencms/en/buy/?page=1&edid=B0D5163C-4275-4174-A853-F0FCD7B54F1F HTTP/1.1" 200 86950
52.70.240.171 - - [28/Jun/2024:03:45:50 +0200] "GET /ticket2/opencms/sv/buy?edid=FDE2CB1B-737B-857F-7431-BD450E7D3BBB&page=1 HTTP/1.1" 200 111857
193.70.81.110 - - [28/Jun/2024:03:45:51 +0200] "GET /ticket2/opencms/dk/fi/buy/?page=1&edid=DEB9D183-E9D1-B6AD-28F4-03F3EA049231&sortorder=asc&column=price HTTP/1.1" 404 -
23.22.35.162 - - [28/Jun/2024:03:45:54 +0200] "GET /ticket2/opencms/sv/buy?edid=3289C097-2261-9433-8644-DF033A9EE354&page=1 HTTP/1.1" 200 116892
193.70.81.110 - - [28/Jun/2024:03:45:55 +0200] "GET /ticket2/opencms/dk/fi/buy/?page=1&edid=DEB9D183-E9D1-B6AD-28F4-03F3EA049231&sortorder=asc&column=section HTTP/1.1" 404 -
52.70.240.171 - - [28/Jun/2024:03:45:58 +0200] "GET /ticket2/opencms/sv/buy?edid=1AD4E11C-C792-1721-4D1A-2229101A30FD&page=1 HTTP/1.1" 200 121081
66.249.76.195 - - [28/Jun/2024:03:45:58 +0200] "GET /ticket2/opencms/sv/buy/?page=1&edid=ACB1E7D7-0E7C-427B-E737-7A4E15C5EE0F HTTP/1.1" 200 111646
216.245.221.83 - - [28/Jun/2024:03:45:58 +0200] "HEAD /ticket2/opencms/ HTTP/1.1" 302 -
66.249.76.134 - - [28/Jun/2024:03:45:59 +0200] "GET /ticket2/opencms/dk/buy/?page=1&edid=FAFAF417-5A49-5A69-2A7B-18E4D12B5078 HTTP/1.1" 200 111251
193.70.81.110 - - [28/Jun/2024:03:45:59 +0200] "GET /ticket2/opencms/dk/fi/buy/?page=1&edid=DF132CC2-4583-1EC2-73A2-47B5B5DFC738&sortorder=desc&column=price HTTP/1.1" 404 -
66.249.75.167 - - [28/Jun/2024:03:46:00 +0200] "GET /ticket2/opencms/no/buy/?page=1&edid=87DA8067-258E-93BF-F8B0-6A2011EF3D80 HTTP/1.1" 200 111456
216.245.221.83 - - [28/Jun/2024:03:46:01 +0200] "HEAD /ticket2/opencms/en/ HTTP/1.1" 200 -
3.224.220.101 - - [28/Jun/2024:03:46:02 +0200] "GET /ticket2/opencms/sv/buy?edid=DD14CC82-883B-BD06-4306-EBD494AA1804&page=1 HTTP/1.1" 200 112164
3.249.102.12 - - [28/Jun/2024:03:46:03 +0200] "GET /ticket2/opencms/robots.txt HTTP/1.1" 200 773
193.70.81.110 - - [28/Jun/2024:03:46:05 +0200] "GET /ticket2/opencms/dk/fi/buy/?page=1&edid=DF132CC2-4583-1EC2-73A2-47B5B5DFC738&sortorder=desc&column=row HTTP/1.1" 404 -
5.9.55.228 - - [28/Jun/2024:03:46:06 +0200] "GET /ticket2/opencms/en/buy/?page=1&edid=B3163364-11A7-18BA-CCD8-E7AC257CF300 HTTP/1.1" 200 86939
65.108.227.178 - - [28/Jun/2024:03:46:08 +0200] "GET /ticket2/opencms/dk/en/buy/?page=1&edid=FCCA990F-9AAE-3846-C8EB-BED115CD0EEA&sortorder=asc&column=row HTTP/1.1" 404 -
193.70.81.110 - - [28/Jun/2024:03:46:09 +0200] "GET /ticket2/opencms/dk/fi/buy/?page=1&edid=DF132CC2-4583-1EC2-73A2-47B5B5DFC738&sortorder=desc&column=section HTTP/1.1" 404 -
3.224.220.101 - - [28/Jun/2024:03:46:09 +0200] "GET /ticket2/opencms/sv/buy?edid=3583D5C7-607A-E528-A709-844E6A72DC1B&page=1 HTTP/1.1" 200 116900
23.22.35.162 - - [28/Jun/2024:03:46:11 +0200] "GET /ticket2/opencms/sv/buy?edid=D96122AD-C3AA-80F5-DDA8-935E03AE952D&page=1 HTTP/1.1" 200 111417
3.249.102.12 - - [28/Jun/2024:03:46:13 +0200] "GET /ticket2/opencms/robots.txt HTTP/1.1" 200 773
193.70.81.110 - - [28/Jun/2024:03:46:13 +0200] "GET /ticket2/opencms/dk/fi/buy/?page=1&edid=E195347C-2F61-DC12-B555-E80AECD24DE5&sortorder=asc&column=section HTTP/1.1" 404 -
52.70.240.171 - - [28/Jun/2024:03:46:14 +0200] "GET /ticket2/opencms/sv/buy?edid=68B485F7-9483-6E4F-656D-602EE2AC621D&page=1 HTTP/1.1" 200 112164
3.224.220.101 - - [28/Jun/2024:03:46:18 +0200] "GET /ticket2/opencms/sv/buy?edid=096598FE-DA35-4351-DFEE-DC9ACA0F0EF9&page=1 HTTP/1.1" 200 111847
193.70.81.110 - - [28/Jun/2024:03:46:18 +0200] "GET /ticket2/opencms/dk/fi/buy/?page=1&edid=E2AAD269-D91B-B95E-5F20-E45C5EE0331C&sortorder=asc&column=row HTTP/1.1" 404 -
23.22.35.162 - - [28/Jun/2024:03:46:21 +0200] "GET /ticket2/opencms/sv/buy?edid=F1463EBE-6C18-CF49-B2AE-F79868BCA4F5&page=1 HTTP/1.1" 200 116891
193.70.81.110 - - [28/Jun/2024:03:46:22 +0200] "GET /ticket2/opencms/dk/fi/buy/?page=1&edid=E2AAD269-D91B-B95E-5F20-E45C5EE0331C&sortorder=asc&column=section HTTP/1.1" 404 -
5.9.55.228 - - [28/Jun/2024:03:46:23 +0200] "GET /ticket2/opencms/en/buy/?page=1&edid=B3FFE65A-30FC-32DE-3E3C-769263593BC1 HTTP/1.1" 200 86945
52.70.240.171 - - [28/Jun/2024:03:46:26 +0200] "GET /ticket2/opencms/sv/buy?edid=5E608C7A-903B-E4BB-4868-5D83917347B8&page=1 HTTP/1.1" 200 121083
193.70.81.110 - - [28/Jun/2024:03:46:29 +0200] "GET /ticket2/opencms/dk/fi/buy/?page=1&edid=E3349052-4C67-E849-5DAA-CE8C09FE4A65&sortorder=desc&column=section HTTP/1.1" 404 -
52.70.240.171 - - [28/Jun/2024:03:46:30 +0200] "GET /ticket2/opencms/sv/buy?edid=2684212B-FA50-DC4B-3CFA-1303E9638140&page=1 HTTP/1.1" 200 106584
52.70.240.171 - - [28/Jun/2024:03:46:34 +0200] "GET /ticket2/opencms/sv/buy?edid=1B66F7E9-6D68-7258-D0DB-383034F8302F&page=1 HTTP/1.1" 200 111845
193.70.81.110 - - [28/Jun/2024:03:46:35 +0200] "GET /ticket2/opencms/dk/fi/buy/?page=1&edid=E4692F60-8A5E-C284-239D-0C5296ECA6AF&sortorder=asc&column=price HTTP/1.1" 404 -
52.70.240.171 - - [28/Jun/2024:03:46:37 +0200] "GET /ticket2/opencms/sv/buy?edid=E9DB3A42-82BF-9B65-3ED4-EE5A32871388&page=1 HTTP/1.1" 200 107646
3.249.102.12 - - [28/Jun/2024:03:46:39 +0200] "GET /ticket2/opencms/ HTTP/1.1" 302 -
193.70.81.110 - - [28/Jun/2024:03:46:40 +0200] "GET /ticket2/opencms/dk/fi/buy/?page=1&edid=E65ABD81-C4B0-FD4D-A6BF-45A9A7347F75&sortorder=asc&column=price HTTP/1.1" 404 -
3.249.102.12 - - [28/Jun/2024:03:46:40 +0200] "GET /ticket2/opencms/en/ HTTP/1.1" 200 91208
5.9.55.228 - - [28/Jun/2024:03:46:40 +0200] "GET /ticket2/opencms/en/buy/?page=1&edid=B4030CF5-B314-5DDA-40F9-72DC7FBE18CD HTTP/1.1" 200 86954
23.22.35.162 - - [28/Jun/2024:03:46:41 +0200] "GET /ticket2/opencms/sv/buy?edid=B7C31852-4938-05B8-A23C-0248E7A3D5BA&page=1 HTTP/1.1" 200 107640
193.70.81.110 - - [28/Jun/2024:03:46:44 +0200] "GET /ticket2/opencms/dk/fi/buy/?page=1&edid=E65ABD81-C4B0-FD4D-A6BF-45A9A7347F75&sortorder=asc&column=section HTTP/1.1" 404 -
52.70.240.171 - - [28/Jun/2024:03:46:46 +0200] "GET /ticket2/opencms/sv/buy?edid=11EFBC55-130A-2310-B776-C5D86878BDAB&page=1 HTTP/1.1" 200 116112
65.108.227.178 - - [28/Jun/2024:03:46:48 +0200] "GET /ticket2/opencms/dk/en/buy/?page=1&edid=FCCA990F-9AAE-3846-C8EB-BED115CD0EEA&sortorder=asc&column=section HTTP/1.1" 404 -
23.22.35.162 - - [28/Jun/2024:03:46:49 +0200] "GET /ticket2/opencms/sv/buy?edid=D11D82D4-28DA-1768-D317-EF521A2F97E6&page=1 HTTP/1.1" 200 116893
193.70.81.110 - - [28/Jun/2024:03:46:50 +0200] "GET /ticket2/opencms/dk/fi/buy/?page=1&edid=E8ADA169-FD64-22D1-E571-3ACABC39BF3B&sortorder=asc&column=section HTTP/1.1" 404 -
52.70.240.171 - - [28/Jun/2024:03:46:54 +0200] "GET /ticket2/opencms/sv/buy?edid=BE8C7FA0-9E48-EAB3-3A70-9E9F9EA30F95&page=1 HTTP/1.1" 200 121077
193.70.81.110 - - [28/Jun/2024:03:46:55 +0200] "GET /ticket2/opencms/dk/fi/buy/?page=1&edid=E9D1CC2A-CF0A-C50D-AFC1-B3948FC2BA90&sortorder=desc&column=section HTTP/1.1" 404 -
52.70.240.171 - - [28/Jun/2024:03:46:57 +0200] "GET /ticket2/opencms/sv/buy?edid=06839E1C-8CA0-2766-B39C-B161E06D9E51&page=1 HTTP/1.1" 200 111853
5.9.55.228 - - [28/Jun/2024:03:46:57 +0200] "GET /ticket2/opencms/en/buy/?page=1&edid=B45CAF00-40DA-59AC-3A61-6664C9A34C3F HTTP/1.1" 200 88268
193.70.81.110 - - [28/Jun/2024:03:46:59 +0200] "GET /ticket2/opencms/dk/fi/buy/?page=1&edid=EA32B580-D146-0295-C525-A28B275AB4E5&sortorder=desc&column=price HTTP/1.1" 404 -
23.22.35.162 - - [28/Jun/2024:03:47:02 +0200] "GET /ticket2/opencms/sv/buy?edid=FD4DCA3B-ED43-1043-8648-63C229A27832&page=1 HTTP/1.1" 200 116099
66.249.75.106 - - [28/Jun/2024:03:47:03 +0200] "GET /ticket2/opencms/nl/ HTTP/1.1" 200 90546
193.70.81.110 - - [28/Jun/2024:03:47:03 +0200] "GET /ticket2/opencms/dk/fi/buy/?page=1&edid=EAF5F943-A31A-E92D-61B3-6DC580C2EEDC&sortorder=asc&column=price HTTP/1.1" 404 -
66.249.76.160 - - [28/Jun/2024:03:47:05 +0200] "GET /ticket2/opencms/no/buy/?page=1&edid=7D0034DE-60A0-B971-BE37-13F34A8B84FE HTTP/1.1" 200 111796
3.224.220.101 - - [28/Jun/2024:03:47:06 +0200] "GET /ticket2/opencms/sv/buy?edid=830F2AEC-7FB6-11C1-AD11-54BD6744D648&page=1 HTTP/1.1" 200 106592
66.249.76.170 - - [28/Jun/2024:03:47:06 +0200] "GET /ticket2/opencms/no/buy/?page=1&edid=C15AE28C-73DB-6928-32A1-4EC14A77EEA7 HTTP/1.1" 200 111791
193.70.81.110 - - [28/Jun/2024:03:47:09 +0200] "GET /ticket2/opencms/dk/fi/buy/?page=1&edid=EAF5F943-A31A-E92D-61B3-6DC580C2EEDC&sortorder=asc&column=row HTTP/1.1" 404 -
3.224.220.101 - - [28/Jun/2024:03:47:09 +0200] "GET /ticket2/opencms/sv/buy?edid=2197E523-8740-2A01-BD5D-12E3C3F2DBFE&page=1 HTTP/1.1" 200 121074
5.9.55.228 - - [28/Jun/2024:03:47:14 +0200] "GET /ticket2/opencms/en/buy/?page=1&edid=B4BD099B-7D6F-CF54-660B-2BD9058BD000 HTTP/1.1" 200 86931
52.70.240.171 - - [28/Jun/2024:03:47:14 +0200] "GET /ticket2/opencms/sv/buy?edid=0F9D6B87-FBA2-98F6-6A11-CBBA4D2A86C1&page=1 HTTP/1.1" 200 116894
193.70.81.110 - - [28/Jun/2024:03:47:17 +0200] "GET /ticket2/opencms/dk/fi/buy/?page=1&edid=31FC80C3-F408-0E0C-5F3A-C941F4BFE838&sortorder=asc&column=section HTTP/1.1" 404 -
3.224.220.101 - - [28/Jun/2024:03:47:17 +0200] "GET /ticket2/opencms/sv/buy?edid=CCC52869-7D07-37D3-E716-0EF1AC21BCE4&page=1 HTTP/1.1" 200 111133
52.70.240.171 - - [28/Jun/2024:03:47:22 +0200] "GET /ticket2/opencms/sv/buy?edid=C8E47E46-ADCD-586A-7BE4-CF1C96256B2D&page=1 HTTP/1.1" 200 112165
52.167.144.140 - - [28/Jun/2024:03:47:24 +0200] "GET /ticket2/opencms/sv/sport/fotbollsbiljetter/uefa-champions-league/ HTTP/1.1" 200 79766
47.128.25.127 - - [28/Jun/2024:03:47:24 +0200] "GET /ticket2/opencms/no/buy/?edid=35A2433F-5582-D69E-442B-B85F16AD5184 HTTP/1.1" 200 72905
193.70.81.110 - - [28/Jun/2024:03:47:24 +0200] "GET /ticket2/opencms/dk/fi/buy/?page=1&edid=3F87137A-1EEA-8B97-ED7A-AF9E348CC6BD&sortorder=asc&column=price HTTP/1.1" 404 -
47.128.25.127 - - [28/Jun/2024:03:47:25 +0200] "GET /ticket2/opencms/system/modules/com.gridnine.opencms.ticketbrokerage.site/resources/pics/logo-new.png HTTP/1.1" 200 13541
47.128.25.127 - - [28/Jun/2024:03:47:25 +0200] "GET /ticket2/opencms/system/modules/com.gridnine.opencms.ticketbrokerage.site/resources/pics/bank_1_nordea.png HTTP/1.1" 200 4807
23.22.35.162 - - [28/Jun/2024:03:47:25 +0200] "GET /ticket2/opencms/sv/buy?edid=B5C7399B-C087-FF38-4294-BB861C1DB4F9&page=1 HTTP/1.1" 200 111231
47.128.25.127 - - [28/Jun/2024:03:47:26 +0200] "GET /ticket2/opencms/system/modules/com.gridnine.opencms.ticketbrokerage.site/resources/pics/bank_3_swedbank.png HTTP/1.1" 200 5740
47.128.25.127 - - [28/Jun/2024:03:47:26 +0200] "GET /ticket2/opencms/system/modules/com.gridnine.opencms.ticketbrokerage.site/resources/pics/bank_4_seb.png HTTP/1.1" 200 2487
47.128.25.127 - - [28/Jun/2024:03:47:26 +0200] "GET /ticket2/opencms/system/modules/com.gridnine.opencms.ticketbrokerage.site/resources/pics/bank_2_handelsbanken.png HTTP/1.1" 200 4509
47.128.25.127 - - [28/Jun/2024:03:47:26 +0200] "GET /ticket2/opencms/system/modules/com.gridnine.opencms.ticketbrokerage.site/resources/pics/bank_5_visa_mastercard.png HTTP/1.1" 200 8196
47.128.25.127 - - [28/Jun/2024:03:47:26 +0200] "GET /ticket2/opencms/system/modules/com.gridnine.opencms.ticketbrokerage.site/resources/pics/bank_6_american_express.png HTTP/1.1" 200 5570
65.108.227.178 - - [28/Jun/2024:03:47:29 +0200] "GET /ticket2/opencms/dk/en/buy/?page=1&edid=FCE28E82-BE89-23B6-8BEA-3B839D938E7F&sortorder=asc&column=price HTTP/1.1" 404 -
23.22.35.162 - - [28/Jun/2024:03:47:30 +0200] "GET /ticket2/opencms/sv/buy?edid=19422468-9239-E426-DB02-7FA0504E2BEC&page=1 HTTP/1.1" 200 116104
5.9.55.228 - - [28/Jun/2024:03:47:30 +0200] "GET /ticket2/opencms/en/buy/?page=1&edid=B4EC0635-7D95-B22D-B192-3848478AFE4A HTTP/1.1" 200 86930
193.70.81.110 - - [28/Jun/2024:03:47:32 +0200] "GET /ticket2/opencms/dk/fi/buy/?page=1&edid=3F87137A-1EEA-8B97-ED7A-AF9E348CC6BD&sortorder=asc&column=row HTTP/1.1" 404 -
52.70.240.171 - - [28/Jun/2024:03:47:34 +0200] "GET /ticket2/opencms/sv/buy?edid=6AEAF6C2-C57A-0447-5B0A-20959D8DCFDD&page=1 HTTP/1.1" 200 116101
23.22.35.162 - - [28/Jun/2024:03:47:38 +0200] "GET /ticket2/opencms/sv/buy?edid=1BDA6D08-38AF-6470-7423-555F9C3DEC73&page=1 HTTP/1.1" 200 118762
193.70.81.110 - - [28/Jun/2024:03:47:39 +0200] "GET /ticket2/opencms/dk/fi/buy/?page=1&edid=3F87137A-1EEA-8B97-ED7A-AF9E348CC6BD&sortorder=asc&column=section HTTP/1.1" 404 -
216.245.221.83 - - [28/Jun/2024:03:47:41 +0200] "HEAD /ticket2/opencms/ HTTP/1.1" 302 -
3.224.220.101 - - [28/Jun/2024:03:47:42 +0200] "GET /ticket2/opencms/sv/buy?edid=3E8160AB-0FBD-70C5-9AD2-7741AA7C1F1A&page=1 HTTP/1.1" 200 111855
216.245.221.83 - - [28/Jun/2024:03:47:42 +0200] "HEAD /ticket2/opencms/en/ HTTP/1.1" 200 -
193.70.81.110 - - [28/Jun/2024:03:47:46 +0200] "GET /ticket2/opencms/dk/fi/buy/?page=1&edid=43C8C89A-EBA2-AC5D-8C6D-E2CF3D4F2F4A HTTP/1.1" 404 -
23.22.35.162 - - [28/Jun/2024:03:47:46 +0200] "GET /ticket2/opencms/sv/buy?edid=BA98F497-79D9-0BA1-3E19-B45BB0763E07&page=1 HTTP/1.1" 200 116894
5.9.55.228 - - [28/Jun/2024:03:47:46 +0200] "GET /ticket2/opencms/en/buy/?page=1&edid=B5867527-E4E8-2B72-A634-6B0BB4ADFC64 HTTP/1.1" 200 86931
3.224.220.101 - - [28/Jun/2024:03:47:50 +0200] "GET /ticket2/opencms/sv/buy?edid=DD282B35-B6B7-ECA0-02E0-90864F5E2B50&page=1 HTTP/1.1" 200 106582
193.70.81.110 - - [28/Jun/2024:03:47:52 +0200] "GET /ticket2/opencms/dk/fi/buy/?page=1&edid=43C8C89A-EBA2-AC5D-8C6D-E2CF3D4F2F4A&sortorder=desc&column=price HTTP/1.1" 404 -
3.224.220.101 - - [28/Jun/2024:03:47:54 +0200] "GET /ticket2/opencms/sv/buy?edid=82BD6FF9-3156-636F-72F0-08C841337175&page=1 HTTP/1.1" 200 116104
52.70.240.171 - - [28/Jun/2024:03:47:57 +0200] "GET /ticket2/opencms/sv/buy?edid=FDC70D4B-A88B-5334-5A88-AC1F94FAEBF8&page=1 HTTP/1.1" 200 110748
193.70.81.110 - - [28/Jun/2024:03:48:00 +0200] "GET /ticket2/opencms/dk/fi/buy/?page=1&edid=43C8C89A-EBA2-AC5D-8C6D-E2CF3D4F2F4A&sortorder=desc&column=section HTTP/1.1" 404 -
3.224.220.101 - - [28/Jun/2024:03:48:02 +0200] "GET /ticket2/opencms/sv/buy?edid=8DD5F074-9C3D-F268-0681-07FE736DEB63&page=1 HTTP/1.1" 200 116103
5.9.55.228 - - [28/Jun/2024:03:48:04 +0200] "GET /ticket2/opencms/en/buy/?page=1&edid=B6C307FF-9F98-CF26-05DA-F53F99E1E2A8 HTTP/1.1" 200 86936
23.22.35.162 - - [28/Jun/2024:03:48:06 +0200] "GET /ticket2/opencms/sv/buy?edid=5C8841EF-C65C-22D8-40C3-FC05B2FF785E&page=1 HTTP/1.1" 200 121075
193.70.81.110 - - [28/Jun/2024:03:48:08 +0200] "GET /ticket2/opencms/dk/fi/buy/?page=1&edid=474F8C01-7120-DA67-D128-761352136E20&sortorder=asc&column=price HTTP/1.1" 404 -
66.249.69.128 - - [28/Jun/2024:03:48:08 +0200] "GET /ticket2/opencms/sv/buy/?page=1&edid=26FD5F34-C195-7172-EE2F-9EC20DBD4239 HTTP/1.1" 200 111859
3.224.220.101 - - [28/Jun/2024:03:48:10 +0200] "GET /ticket2/opencms/sv/buy?edid=BE6ABBE8-6DAC-6741-AA1A-CEB7A9B0DCF0&page=1 HTTP/1.1" 200 114132
3.224.220.101 - - [28/Jun/2024:03:48:14 +0200] "GET /ticket2/opencms/sv/buy?edid=2B877732-5277-2CC6-D9D2-67E5CDEA4143&page=1 HTTP/1.1" 200 116894
65.108.227.178 - - [28/Jun/2024:03:48:14 +0200] "GET /ticket2/opencms/dk/en/buy/?page=1&edid=FCE28E82-BE89-23B6-8BEA-3B839D938E7F&sortorder=asc&column=row HTTP/1.1" 404 -
193.70.81.110 - - [28/Jun/2024:03:48:16 +0200] "GET /ticket2/opencms/dk/fi/buy/?page=1&edid=474F8C01-7120-DA67-D128-761352136E20&sortorder=asc&column=row HTTP/1.1" 404 -
3.224.220.101 - - [28/Jun/2024:03:48:18 +0200] "GET /ticket2/opencms/sv/buy?edid=F78B03FA-4A60-BDC0-B4DA-96975C817683&page=1 HTTP/1.1" 200 116102
5.9.55.228 - - [28/Jun/2024:03:48:20 +0200] "GET /ticket2/opencms/en/buy/?page=1&edid=B776DA7C-BB43-92BB-597E-685DFC5D934F HTTP/1.1" 200 86924
23.22.35.162 - - [28/Jun/2024:03:48:22 +0200] "GET /ticket2/opencms/sv/buy?edid=5BA11D18-AC24-6566-FBBA-BF6AFADFC113&page=1 HTTP/1.1" 200 111845
193.70.81.110 - - [28/Jun/2024:03:48:24 +0200] "GET /ticket2/opencms/dk/fi/buy/?page=1&edid=48DCCA9C-1FC0-CC61-C0DF-6A37F18AA258&sortorder=asc&column=price HTTP/1.1" 404 -
23.22.35.162 - - [28/Jun/2024:03:48:25 +0200] "GET /ticket2/opencms/sv/buy?edid=16436A63-E7D4-DEDF-5835-AB72708D4247&page=1 HTTP/1.1" 200 110754
3.224.220.101 - - [28/Jun/2024:03:48:30 +0200] "GET /ticket2/opencms/sv/buy?edid=6749402D-C332-2C4D-9191-3C983EDD528C&page=1 HTTP/1.1" 200 112169
193.70.81.110 - - [28/Jun/2024:03:48:33 +0200] "GET /ticket2/opencms/dk/fi/buy/?page=1&edid=514BDBC8-4F19-F774-391B-6A80EC30812B&sortorder=desc&column=section HTTP/1.1" 404 -
23.22.35.162 - - [28/Jun/2024:03:48:34 +0200] "GET /ticket2/opencms/sv/buy?edid=6B1BC3D5-41D5-1130-8508-F118D3CA5AB9&page=1 HTTP/1.1" 200 114138
5.9.55.228 - - [28/Jun/2024:03:48:36 +0200] "GET /ticket2/opencms/en/buy/?page=1&edid=B7CD03F3-78D0-257F-84AD-A4BE61864779 HTTP/1.1" 200 88499
3.224.220.101 - - [28/Jun/2024:03:48:38 +0200] "GET /ticket2/opencms/sv/buy?edid=56F28A7B-F2BA-A987-F0EA-6526B22962C8&page=1 HTTP/1.1" 200 89063
193.70.81.110 - - [28/Jun/2024:03:48:41 +0200] "GET /ticket2/opencms/dk/fi/buy/?page=1&edid=52580361-D19E-1BDB-B314-E400BA105BF6&sortorder=desc&column=section HTTP/1.1" 404 -
3.224.220.101 - - [28/Jun/2024:03:48:42 +0200] "GET /ticket2/opencms/it/buy/?catid=0A6C99D2-F5BD-7A18-9A5F-5668827042E0&comcatid=A17713B6-D984-201A-4143-ED4DB5ED5C2E&npage=2 HTTP/1.1" 200 199104
23.22.35.162 - - [28/Jun/2024:03:48:46 +0200] "GET /ticket2/opencms/it/buy/?catid=0A6C99D2-F5BD-7A18-9A5F-5668827042E0&comcatid=A17713B6-D984-201A-4143-ED4DB5ED5C2E&npage=1 HTTP/1.1" 200 241967
193.70.81.110 - - [28/Jun/2024:03:48:48 +0200] "GET /ticket2/opencms/dk/fi/buy/?page=1&edid=55EEFA62-67EA-E95F-8964-BB35CEC0BB89&sortorder=desc&column=price HTTP/1.1" 404 -
3.224.220.101 - - [28/Jun/2024:03:48:50 +0200] "GET /ticket2/opencms/es/buy/?catid=0A6C99D2-F5BD-7A18-9A5F-5668827042E0&comcatid=A17713B6-D984-201A-4143-ED4DB5ED5C2E&npage=2 HTTP/1.1" 200 199334
65.108.227.178 - - [28/Jun/2024:03:48:52 +0200] "GET /ticket2/opencms/dk/en/buy/?page=1&edid=FCE28E82-BE89-23B6-8BEA-3B839D938E7F&sortorder=asc&column=section HTTP/1.1" 404 -
5.9.55.228 - - [28/Jun/2024:03:48:54 +0200] "GET /ticket2/opencms/en/buy/?page=1&edid=B84EA943-9FA7-5E8F-B7C1-165A42AE3743 HTTP/1.1" 200 88023
23.22.35.162 - - [28/Jun/2024:03:48:54 +0200] "GET /ticket2/opencms/es/buy/?catid=0A6C99D2-F5BD-7A18-9A5F-5668827042E0&comcatid=A17713B6-D984-201A-4143-ED4DB5ED5C2E&npage=1 HTTP/1.1" 200 242251
40.77.167.14 - - [28/Jun/2024:03:48:54 +0200] "GET /ticket2/opencms/en/buy?page=1&edid=11EFBC55-130A-2310-B776-C5D86878BDAB HTTP/1.1" 200 115334
193.70.81.110 - - [28/Jun/2024:03:48:57 +0200] "GET /ticket2/opencms/dk/fi/buy/?page=1&edid=5BA08D04-98D8-B1F5-EAF0-E6471432D6C0&sortorder=desc&column=row HTTP/1.1" 404 -
52.70.240.171 - - [28/Jun/2024:03:48:58 +0200] "GET /ticket2/opencms/de/buy/?catid=0A6C99D2-F5BD-7A18-9A5F-5668827042E0&comcatid=A17713B6-D984-201A-4143-ED4DB5ED5C2E&npage=2 HTTP/1.1" 200 198458
52.70.240.171 - - [28/Jun/2024:03:49:02 +0200] "GET /ticket2/opencms/de/buy/?catid=0A6C99D2-F5BD-7A18-9A5F-5668827042E0&comcatid=A17713B6-D984-201A-4143-ED4DB5ED5C2E&npage=1 HTTP/1.1" 200 241302
193.70.81.110 - - [28/Jun/2024:03:49:04 +0200] "GET /ticket2/opencms/dk/fi/buy/?page=1&edid=5C0BECD6-754F-CE6D-F6E5-BC4B5678134F&sortorder=asc&column=row HTTP/1.1" 404 -
23.22.35.162 - - [28/Jun/2024:03:49:06 +0200] "GET /ticket2/opencms/fi/buy/?catid=515A9A29-35A0-2DB8-262B-AEF122DB04F6&comcatid=A17713B6-D984-201A-4143-ED4DB5ED5C2E&page=6 HTTP/1.1" 200 84017
66.249.69.142 - - [28/Jun/2024:03:49:10 +0200] "GET /ticket2/opencms/dk/buy/?page=1&edid=C5541103-512C-D651-87BB-185D7BE93A66 HTTP/1.1" 200 111046
52.70.240.171 - - [28/Jun/2024:03:49:10 +0200] "GET /ticket2/opencms/fi/buy/?catid=5A89E483-58AD-080E-F363-E16CE738916A&comcatid=A17713B6-D984-201A-4143-ED4DB5ED5C2E&page=6 HTTP/1.1" 200 84019
66.249.72.33 - - [28/Jun/2024:03:49:11 +0200] "GET /ticket2/opencms/en/sell/?edid=ADD1F57C-36B4-39D2-9578-BA2614FAFC35 HTTP/1.1" 302 -
5.9.55.228 - - [28/Jun/2024:03:49:11 +0200] "GET /ticket2/opencms/en/buy/?page=1&edid=B8936E2A-2B55-9BF8-E0E7-457CCCF1DAC4 HTTP/1.1" 200 86953
193.70.81.110 - - [28/Jun/2024:03:49:12 +0200] "GET /ticket2/opencms/dk/fi/buy/?page=1&edid=5C0BECD6-754F-CE6D-F6E5-BC4B5678134F&sortorder=asc&column=section HTTP/1.1" 404 -
66.249.72.33 - - [28/Jun/2024:03:49:12 +0200] "GET /ticket2/opencms/en/login/?url=/en/sell/ HTTP/1.1" 200 73431
52.70.240.171 - - [28/Jun/2024:03:49:14 +0200] "GET /ticket2/opencms/fi/buy/?catid=061607E6-22B7-6FFA-03FD-A4B8B13A943F&comcatid=A17713B6-D984-201A-4143-ED4DB5ED5C2E&page=6 HTTP/1.1" 200 84019
3.224.220.101 - - [28/Jun/2024:03:49:18 +0200] "GET /ticket2/opencms/fi/buy/?catid=7EF04817-972D-18B1-F941-DE800D088075&comcatid=A17713B6-D984-201A-4143-ED4DB5ED5C2E&page=6 HTTP/1.1" 200 84020
193.70.81.110 - - [28/Jun/2024:03:49:19 +0200] "GET /ticket2/opencms/dk/fi/buy/?page=1&edid=5D74E73C-0E56-C1EE-B9A0-852ACD0BE0AB HTTP/1.1" 404 -
3.224.220.101 - - [28/Jun/2024:03:49:22 +0200] "GET /ticket2/opencms/fi/buy/?catid=06324577-7173-BAB0-146D-E644C912F7C1&comcatid=A17713B6-D984-201A-4143-ED4DB5ED5C2E&page=6 HTTP/1.1" 200 84029
65.108.227.178 - - [28/Jun/2024:03:49:24 +0200] "GET /ticket2/opencms/dk/en/buy/?page=1&edid=FD09C638-AEC7-D35A-9E6E-3AEC8C9AE08F&sortorder=asc&column=row HTTP/1.1" 404 -
193.70.81.110 - - [28/Jun/2024:03:49:26 +0200] "GET /ticket2/opencms/dk/fi/buy/?page=1&edid=5DCA05EE-2292-263B-DA62-C2F76FFEBD2E HTTP/1.1" 404 -
52.70.240.171 - - [28/Jun/2024:03:49:26 +0200] "GET /ticket2/opencms/fi/buy/?catid=E961462E-5AC2-64D6-5850-A310C9DEAA06&comcatid=A17713B6-D984-201A-4143-ED4DB5ED5C2E&page=6 HTTP/1.1" 200 84027
5.9.55.228 - - [28/Jun/2024:03:49:27 +0200] "GET /ticket2/opencms/en/buy/?page=1&edid=BCC7AB07-6188-52F3-EF1C-AE99BA796177 HTTP/1.1" 200 87155
52.70.240.171 - - [28/Jun/2024:03:49:30 +0200] "GET /ticket2/opencms/fi/buy/?catid=7BADFFFB-57C5-5DBC-E7EB-B45075B3D8F9&comcatid=A17713B6-D984-201A-4143-ED4DB5ED5C2E&page=6 HTTP/1.1" 200 84025
193.70.81.110 - - [28/Jun/2024:03:49:33 +0200] "GET /ticket2/opencms/dk/fi/buy/?page=1&edid=5F579D46-41AA-50D0-CB53-48A39589CA74&sortorder=desc&column=row HTTP/1.1" 404 -
3.224.220.101 - - [28/Jun/2024:03:49:34 +0200] "GET /ticket2/opencms/fi/buy/?catid=2FC3D548-EAF9-1354-0CD2-7D7619DA2334&comcatid=A17713B6-D984-201A-4143-ED4DB5ED5C2E&page=6 HTTP/1.1" 200 84020
5.9.55.228 - - [28/Jun/2024:03:49:35 +0200] "GET /ticket2/opencms/en/buy/?page=1&edid=BDEB9EF3-3BF1-B07B-8A1C-C78F2EDCBC2D HTTP/1.1" 200 88024
3.224.220.101 - - [28/Jun/2024:03:49:38 +0200] "GET /ticket2/opencms/fi/buy/?catid=6BD6E0B0-84AF-3A0D-3851-C1357CE9B771&comcatid=A17713B6-D984-201A-4143-ED4DB5ED5C2E&page=6 HTTP/1.1" 200 84022
193.70.81.110 - - [28/Jun/2024:03:49:39 +0200] "GET /ticket2/opencms/dk/fi/buy/?page=1&edid=5F5BB855-5D9E-1E2C-72A6-69354D1848B9&sortorder=desc&column=price HTTP/1.1" 404 -
47.128.98.187 - - [28/Jun/2024:03:49:41 +0200] "GET /ticket2/opencms/it/buy/?edid=3DA4D4F8-D0E8-FA39-BB7D-9FB474CBAB05 HTTP/1.1" 200 73253
