217.182.175.222 - - [28/Jun/2024:03:22:35 +0200] "GET /ticket2/opencms/en/buy/?page=1&edid=8BCDA413-0A18-59D2-A3FB-49537454FAB9&sortorder=desc&column=row HTTP/1.1" 200 88499
135.181.212.177 - - [28/Jun/2024:03:22:36 +0200] "GET /ticket2/opencms/sv/buy/?page=1&edid=1A1463D1-B990-A55A-303D-DD7C71EE0666 HTTP/1.1" 200 88359
135.181.212.177 - - [28/Jun/2024:03:22:38 +0200] "GET /ticket2/opencms/sv/buy/?page=1&edid=1A1E9CA0-4FE7-5159-09F3-5BC379767F9B&sortorder=asc&column=row HTTP/1.1" 200 89112
52.70.240.171 - - [28/Jun/2024:03:22:38 +0200] "GET /ticket2/opencms/it/buy/?edid=C3116C51-41DE-7C13-575E-661138774698&page=1 HTTP/1.1" 200 107583
47.128.34.230 - - [28/Jun/2024:03:22:39 +0200] "GET /ticket2/opencms/fi/?comcatid=66708183-7480-3365-06BF-DBF60280AB45 HTTP/1.1" 200 92805
47.128.34.230 - - [28/Jun/2024:03:22:40 +0200] "GET /ticket2/opencms/system/modules/com.gridnine.opencms.ticketbrokerage.site/resources/pics/logo-new.png HTTP/1.1" 200 13541
135.181.212.177 - - [28/Jun/2024:03:22:40 +0200] "GET /ticket2/opencms/sv/buy/?page=1&edid=1A8318F4-54FD-CF28-6FE4-70A4EF1323B0&sortorder=asc&column=price HTTP/1.1" 200 89308
47.128.34.230 - - [28/Jun/2024:03:22:40 +0200] "GET /ticket2/opencms/system/modules/com.gridnine.opencms.ticketbrokerage.site/resources/pics/bank_1_nordea.png HTTP/1.1" 200 4807
47.128.34.230 - - [28/Jun/2024:03:22:41 +0200] "GET /ticket2/opencms/system/modules/com.gridnine.opencms.ticketbrokerage.site/resources/pics/bank_4_seb.png HTTP/1.1" 200 2487
47.128.34.230 - - [28/Jun/2024:03:22:41 +0200] "GET /ticket2/opencms/system/modules/com.gridnine.opencms.ticketbrokerage.site/resources/pics/bank_3_swedbank.png HTTP/1.1" 200 5740
47.128.34.230 - - [28/Jun/2024:03:22:41 +0200] "GET /ticket2/opencms/system/modules/com.gridnine.opencms.ticketbrokerage.site/resources/pics/bank_2_handelsbanken.png HTTP/1.1" 200 4509
47.128.34.230 - - [28/Jun/2024:03:22:41 +0200] "GET /ticket2/opencms/system/modules/com.gridnine.opencms.ticketbrokerage.site/resources/pics/bank_5_visa_mastercard.png HTTP/1.1" 200 8196
47.128.34.230 - - [28/Jun/2024:03:22:41 +0200] "GET /ticket2/opencms/system/modules/com.gridnine.opencms.ticketbrokerage.site/resources/pics/bank_6_american_express.png HTTP/1.1" 200 5570
216.245.221.83 - - [28/Jun/2024:03:22:41 +0200] "HEAD /ticket2/opencms/ HTTP/1.1" 302 -
216.245.221.83 - - [28/Jun/2024:03:22:42 +0200] "HEAD /ticket2/opencms/en/ HTTP/1.1" 200 -
135.181.212.177 - - [28/Jun/2024:03:22:42 +0200] "GET /ticket2/opencms/sv/buy/?page=1&edid=1A8318F4-54FD-CF28-6FE4-70A4EF1323B0&sortorder=asc&column=row HTTP/1.1" 200 89308
3.224.220.101 - - [28/Jun/2024:03:22:43 +0200] "GET /ticket2/opencms/it/buy/?edid=729B4624-40AD-E7A7-F9BA-94230F6FDC91&page=1 HTTP/1.1" 200 117874
5.9.55.228 - - [28/Jun/2024:03:22:43 +0200] "GET /ticket2/opencms/en/buy/?page=1&edid=638C0D1F-9A82-4A03-7D79-0E602D9C8DAA HTTP/1.1" 200 86936
135.181.212.177 - - [28/Jun/2024:03:22:45 +0200] "GET /ticket2/opencms/sv/buy/?page=1&edid=1A8318F4-54FD-CF28-6FE4-70A4EF1323B0&sortorder=asc&column=section HTTP/1.1" 200 89308
37.187.94.3 - - [28/Jun/2024:03:22:45 +0200] "GET /ticket2/opencms/dk/nl/help/ HTTP/1.1" 404 -
185.202.238.84 - - [28/Jun/2024:03:22:46 +0200] "GET /ticket2/opencms/dk/dk/buy/?page=1&edid=EE24B254-1FB8-6601-5783-BFE404E37C0C&sortorder=asc&column=section HTTP/1.1" 404 -
135.181.212.177 - - [28/Jun/2024:03:22:47 +0200] "GET /ticket2/opencms/sv/buy/?page=1&edid=1B2497C9-50FD-C481-B810-5D82DC9B4FE5&sortorder=desc&column=price HTTP/1.1" 200 88380
52.70.240.171 - - [28/Jun/2024:03:22:47 +0200] "GET /ticket2/opencms/it/buy/?edid=2C495116-CB98-C9E3-B9E8-389135800397&page=1 HTTP/1.1" 200 111799
135.181.212.177 - - [28/Jun/2024:03:22:49 +0200] "GET /ticket2/opencms/sv/buy/?page=1&edid=1B2497C9-50FD-C481-B810-5D82DC9B4FE5&sortorder=desc&column=row HTTP/1.1" 200 88380
65.108.227.178 - - [28/Jun/2024:03:22:49 +0200] "GET /ticket2/opencms/dk/en/buy/?page=1&edid=E8D24333-EFBE-6C71-D54D-B0E48DD3D61D&sortorder=asc&column=price HTTP/1.1" 404 -
3.224.220.101 - - [28/Jun/2024:03:22:50 +0200] "GET /ticket2/opencms/it/buy/?edid=3D90558B-59E5-DB4E-10D0-F79B6C89B78E&page=1 HTTP/1.1" 200 112201
135.181.212.177 - - [28/Jun/2024:03:22:51 +0200] "GET /ticket2/opencms/sv/buy/?page=1&edid=1B2497C9-50FD-C481-B810-5D82DC9B4FE5&sortorder=desc&column=section HTTP/1.1" 200 88380
135.181.212.177 - - [28/Jun/2024:03:22:53 +0200] "GET /ticket2/opencms/sv/buy/?page=1&edid=1B4751CF-7EC8-0480-D476-44B919D20500&sortorder=asc&column=row HTTP/1.1" 200 88395
23.22.35.162 - - [28/Jun/2024:03:22:54 +0200] "GET /ticket2/opencms/it/buy/?edid=C29FD4D7-C114-3152-7015-AC9740876339&page=1 HTTP/1.1" 200 111847
135.181.212.177 - - [28/Jun/2024:03:22:55 +0200] "GET /ticket2/opencms/sv/buy/?page=1&edid=1B4751CF-7EC8-0480-D476-44B919D20500&sortorder=asc&column=section HTTP/1.1" 200 88395
135.181.212.177 - - [28/Jun/2024:03:22:57 +0200] "GET /ticket2/opencms/sv/buy/?page=1&edid=1B4751CF-7EC8-0480-D476-44B919D20500&sortorder=desc&column=row HTTP/1.1" 200 88394
23.22.35.162 - - [28/Jun/2024:03:22:58 +0200] "GET /ticket2/opencms/it/buy/?edid=91E06EB3-29BE-78F9-C5D9-F08587328467&page=1 HTTP/1.1" 200 86928
135.181.212.177 - - [28/Jun/2024:03:22:59 +0200] "GET /ticket2/opencms/sv/buy/?page=1&edid=1B4751CF-7EC8-0480-D476-44B919D20500&sortorder=desc&column=section HTTP/1.1" 200 88394
5.9.55.228 - - [28/Jun/2024:03:22:59 +0200] "GET /ticket2/opencms/en/buy/?page=1&edid=64440914-4E90-FA96-F683-7E671AB5B4CA HTTP/1.1" 200 88276
47.128.34.221 - - [28/Jun/2024:03:23:00 +0200] "GET /ticket2/opencms/fi/buy/?catid=2CCC191C-F37F-B9CA-D41C-1204E575B328&comcatid=97ECA65A-72DA-F9AF-9DBB-245D3CFED1BE&page=6 HTTP/1.1" 200 78246
47.128.34.221 - - [28/Jun/2024:03:23:01 +0200] "GET /ticket2/opencms/system/modules/com.gridnine.opencms.ticketbrokerage.site/resources/pics/logo-new.png HTTP/1.1" 200 13541
135.181.212.177 - - [28/Jun/2024:03:23:01 +0200] "GET /ticket2/opencms/sv/buy/?page=1&edid=1B8CC837-9981-20DD-5622-50C0808E3036&sortorder=asc&column=row HTTP/1.1" 200 87511
217.182.175.222 - - [28/Jun/2024:03:23:01 +0200] "GET /ticket2/opencms/en/buy/?page=1&edid=8BCDA413-0A18-59D2-A3FB-49537454FAB9&sortorder=desc&column=section HTTP/1.1" 200 88499
47.128.34.221 - - [28/Jun/2024:03:23:01 +0200] "GET /ticket2/opencms/system/modules/com.gridnine.opencms.ticketbrokerage.site/resources/pics/bank_4_seb.png HTTP/1.1" 200 2487
47.128.34.221 - - [28/Jun/2024:03:23:02 +0200] "GET /ticket2/opencms/system/modules/com.gridnine.opencms.ticketbrokerage.site/resources/pics/bank_5_visa_mastercard.png HTTP/1.1" 200 8196
23.22.35.162 - - [28/Jun/2024:03:23:02 +0200] "GET /ticket2/opencms/it/buy/?edid=37DFD68F-280A-1D30-F150-17131E8FCDF4&page=1 HTTP/1.1" 200 86915
47.128.34.221 - - [28/Jun/2024:03:23:02 +0200] "GET /ticket2/opencms/system/modules/com.gridnine.opencms.ticketbrokerage.site/resources/pics/bank_1_nordea.png HTTP/1.1" 200 4807
47.128.34.221 - - [28/Jun/2024:03:23:02 +0200] "GET /ticket2/opencms/system/modules/com.gridnine.opencms.ticketbrokerage.site/resources/pics/bank_2_handelsbanken.png HTTP/1.1" 200 4509
47.128.34.221 - - [28/Jun/2024:03:23:02 +0200] "GET /ticket2/opencms/system/modules/com.gridnine.opencms.ticketbrokerage.site/resources/pics/bank_3_swedbank.png HTTP/1.1" 200 5740
47.128.34.221 - - [28/Jun/2024:03:23:02 +0200] "GET /ticket2/opencms/system/modules/com.gridnine.opencms.ticketbrokerage.site/resources/pics/bank_6_american_express.png HTTP/1.1" 200 5570
135.181.212.177 - - [28/Jun/2024:03:23:03 +0200] "GET /ticket2/opencms/sv/buy/?page=1&edid=1B8CC837-9981-20DD-5622-50C0808E3036&sortorder=asc&column=section HTTP/1.1" 200 87511
135.181.212.177 - - [28/Jun/2024:03:23:05 +0200] "GET /ticket2/opencms/sv/buy/?page=1&edid=1B9244E9-8C0B-2DA1-E79A-E8F28C679EE1&sortorder=asc&column=section HTTP/1.1" 200 85961
3.224.220.101 - - [28/Jun/2024:03:23:06 +0200] "GET /ticket2/opencms/it/buy/?edid=F1EEEC67-D1C4-E916-20F3-F210A97B2C57&page=1 HTTP/1.1" 200 112400
135.181.212.177 - - [28/Jun/2024:03:23:07 +0200] "GET /ticket2/opencms/sv/buy/?page=1&edid=1B9244E9-8C0B-2DA1-E79A-E8F28C679EE1&sortorder=desc&column=section HTTP/1.1" 200 85960
135.181.212.177 - - [28/Jun/2024:03:23:08 +0200] "GET /ticket2/opencms/sv/buy/?page=1&edid=1BFF3C4B-0AF3-F040-1041-C55D427FE053&sortorder=asc&column=price HTTP/1.1" 200 88831
37.187.94.3 - - [28/Jun/2024:03:23:09 +0200] "GET /ticket2/opencms/dk/nl/legal_info/ HTTP/1.1" 404 -
23.22.35.162 - - [28/Jun/2024:03:23:10 +0200] "GET /ticket2/opencms/it/buy/?edid=9932A66C-27C7-56B1-5250-1F1A61E40951&page=1 HTTP/1.1" 200 86933
135.181.212.177 - - [28/Jun/2024:03:23:11 +0200] "GET /ticket2/opencms/sv/buy/?page=1&edid=1BFF3C4B-0AF3-F040-1041-C55D427FE053&sortorder=asc&column=row HTTP/1.1" 200 88831
135.181.212.177 - - [28/Jun/2024:03:23:13 +0200] "GET /ticket2/opencms/sv/buy/?page=1&edid=1BFF3C4B-0AF3-F040-1041-C55D427FE053&sortorder=asc&column=section HTTP/1.1" 200 88831
52.70.240.171 - - [28/Jun/2024:03:23:14 +0200] "GET /ticket2/opencms/it/buy/?edid=A134960E-B2EE-5140-FE1D-DD5D90F5903C&page=1 HTTP/1.1" 200 88682
135.181.212.177 - - [28/Jun/2024:03:23:15 +0200] "GET /ticket2/opencms/sv/buy/?page=1&edid=1C1D8A2C-DD52-CC8A-6EFB-9F36A0C90537&sortorder=asc&column=price HTTP/1.1" 200 88382
5.9.55.228 - - [28/Jun/2024:03:23:15 +0200] "GET /ticket2/opencms/en/buy/?page=1&edid=679592A4-F209-DF56-5774-383426253C85 HTTP/1.1" 200 86680
65.108.227.178 - - [28/Jun/2024:03:23:16 +0200] "GET /ticket2/opencms/dk/en/buy/?page=1&edid=E8FE2A15-0338-AD03-E820-3464EC7EA1F7&sortorder=asc&column=row HTTP/1.1" 404 -
135.181.212.177 - - [28/Jun/2024:03:23:17 +0200] "GET /ticket2/opencms/sv/buy/?page=1&edid=1C1D8A2C-DD52-CC8A-6EFB-9F36A0C90537&sortorder=desc&column=price HTTP/1.1" 200 88381
23.22.35.162 - - [28/Jun/2024:03:23:18 +0200] "GET /ticket2/opencms/it/buy/?edid=46DDC203-41AB-936F-F42F-3447B1C39BFC&page=1 HTTP/1.1" 200 111722
135.181.212.177 - - [28/Jun/2024:03:23:19 +0200] "GET /ticket2/opencms/sv/buy/?page=1&edid=1C1D8A2C-DD52-CC8A-6EFB-9F36A0C90537&sortorder=desc&column=row HTTP/1.1" 200 88381
135.181.212.177 - - [28/Jun/2024:03:23:21 +0200] "GET /ticket2/opencms/sv/buy/?page=1&edid=1C2F60F9-81F4-AA62-7B86-999715633926 HTTP/1.1" 200 88348
3.224.220.101 - - [28/Jun/2024:03:23:22 +0200] "GET /ticket2/opencms/it/buy/?edid=B5C7399B-C087-FF38-4294-BB861C1DB4F9&page=1 HTTP/1.1" 200 112220
135.181.212.177 - - [28/Jun/2024:03:23:23 +0200] "GET /ticket2/opencms/sv/buy/?page=1&edid=1C57D46E-6939-E0A3-6942-91BB491B842E HTTP/1.1" 200 87467
47.128.42.135 - - [28/Jun/2024:03:23:24 +0200] "GET /ticket2/opencms/fi/buy/?catid=82F804FA-9F69-CB6B-D41D-7BF7C716058B&comcatid=A17713B6-D984-201A-4143-ED4DB5ED5C2E&eventid=6246A7B9-7760-A5B4-1D19-4DF416B28BC3&page=7 HTTP/1.1" 200 83444
135.181.212.177 - - [28/Jun/2024:03:23:25 +0200] "GET /ticket2/opencms/sv/buy/?page=1&edid=1C58C470-D3F9-186C-B32F-4F4A4C479079&sortorder=asc&column=price HTTP/1.1" 200 85983
47.128.42.135 - - [28/Jun/2024:03:23:26 +0200] "GET /ticket2/opencms/system/modules/com.gridnine.opencms.ticketbrokerage.site/resources/pics/logo-new.png HTTP/1.1" 200 13541
47.128.42.135 - - [28/Jun/2024:03:23:26 +0200] "GET /ticket2/opencms/system/modules/com.gridnine.opencms.ticketbrokerage.site/resources/pics/bank_1_nordea.png HTTP/1.1" 200 4807
3.224.220.101 - - [28/Jun/2024:03:23:26 +0200] "GET /ticket2/opencms/it/buy/?edid=65E7B63A-82AD-5350-7913-2D26A32C5940&page=1 HTTP/1.1" 200 111714
47.128.42.135 - - [28/Jun/2024:03:23:26 +0200] "GET /ticket2/opencms/system/modules/com.gridnine.opencms.ticketbrokerage.site/resources/pics/bank_2_handelsbanken.png HTTP/1.1" 200 4509
37.187.94.3 - - [28/Jun/2024:03:23:27 +0200] "GET /ticket2/opencms/dk/nl/sport/voetbal-tickets/la_liga//deportivo-de-la-coruna/ HTTP/1.1" 404 -
135.181.212.177 - - [28/Jun/2024:03:23:27 +0200] "GET /ticket2/opencms/sv/buy/?page=1&edid=1C58C470-D3F9-186C-B32F-4F4A4C479079&sortorder=asc&column=row HTTP/1.1" 200 85983
47.128.42.135 - - [28/Jun/2024:03:23:27 +0200] "GET /ticket2/opencms/system/modules/com.gridnine.opencms.ticketbrokerage.site/resources/pics/bank_3_swedbank.png HTTP/1.1" 200 5740
47.128.42.135 - - [28/Jun/2024:03:23:27 +0200] "GET /ticket2/opencms/system/modules/com.gridnine.opencms.ticketbrokerage.site/resources/pics/bank_4_seb.png HTTP/1.1" 200 2487
47.128.42.135 - - [28/Jun/2024:03:23:27 +0200] "GET /ticket2/opencms/system/modules/com.gridnine.opencms.ticketbrokerage.site/resources/pics/bank_5_visa_mastercard.png HTTP/1.1" 200 8196
47.128.42.135 - - [28/Jun/2024:03:23:27 +0200] "GET /ticket2/opencms/system/modules/com.gridnine.opencms.ticketbrokerage.site/resources/pics/bank_6_american_express.png HTTP/1.1" 200 5570
17.241.219.87 - - [28/Jun/2024:03:23:28 +0200] "GET /ticket2/opencms/no/handbook_buyer/ HTTP/1.1" 200 79402
66.249.76.135 - - [28/Jun/2024:03:23:29 +0200] "GET /ticket2/opencms/fi/venue/?venueid=77AE86FB-D354-0E5F-2F8B-54B74EAA6DBC HTTP/1.1" 200 72896
217.182.175.222 - - [28/Jun/2024:03:23:29 +0200] "GET /ticket2/opencms/en/buy/?page=1&edid=A3EE66CB-E39D-A722-D02A-1C11DB7EB508 HTTP/1.1" 200 87596
135.181.212.177 - - [28/Jun/2024:03:23:29 +0200] "GET /ticket2/opencms/sv/buy/?page=1&edid=1C58C470-D3F9-186C-B32F-4F4A4C479079&sortorder=asc&column=section HTTP/1.1" 200 85983
66.249.75.167 - - [28/Jun/2024:03:23:30 +0200] "GET /ticket2/opencms/dk/buy/?page=1&edid=0C94170C-17F1-0823-E8AC-91EC149F33EC HTTP/1.1" 200 111663
52.70.240.171 - - [28/Jun/2024:03:23:30 +0200] "GET /ticket2/opencms/it/buy/?edid=6DFFB718-11C1-53C4-2A79-C844FA7A064D&page=1 HTTP/1.1" 200 112831
135.181.212.177 - - [28/Jun/2024:03:23:31 +0200] "GET /ticket2/opencms/sv/buy/?page=1&edid=1C915206-ABF4-4EE6-0DB4-3CA1A47C2341 HTTP/1.1" 200 88361
5.9.55.228 - - [28/Jun/2024:03:23:32 +0200] "GET /ticket2/opencms/en/buy/?page=1&edid=6ABA4765-C049-91AE-C20A-276AC18EED3D HTTP/1.1" 200 87387
135.181.212.177 - - [28/Jun/2024:03:23:33 +0200] "GET /ticket2/opencms/sv/buy/?page=1&edid=1CACEC5F-B994-32DD-19DD-67E5A3F13C44&sortorder=asc&column=price HTTP/1.1" 200 85996
3.224.220.101 - - [28/Jun/2024:03:23:34 +0200] "GET /ticket2/opencms/it/buy/?edid=077A4D05-90D5-AF2A-B689-A4F52E73EBA2&page=1 HTTP/1.1" 200 117876
135.181.212.177 - - [28/Jun/2024:03:23:35 +0200] "GET /ticket2/opencms/sv/buy/?page=1&edid=1CACEC5F-B994-32DD-19DD-67E5A3F13C44&sortorder=asc&column=row HTTP/1.1" 200 85996
135.181.212.177 - - [28/Jun/2024:03:23:37 +0200] "GET /ticket2/opencms/sv/buy/?page=1&edid=1CACEC5F-B994-32DD-19DD-67E5A3F13C44&sortorder=asc&column=section HTTP/1.1" 200 85996
135.181.212.177 - - [28/Jun/2024:03:23:39 +0200] "GET /ticket2/opencms/sv/buy/?page=1&edid=1CACEC5F-B994-32DD-19DD-67E5A3F13C44&sortorder=desc&column=price HTTP/1.1" 200 85995
135.181.212.177 - - [28/Jun/2024:03:23:42 +0200] "GET /ticket2/opencms/sv/buy/?page=1&edid=1CACEC5F-B994-32DD-19DD-67E5A3F13C44&sortorder=desc&column=row HTTP/1.1" 200 85995
52.70.240.171 - - [28/Jun/2024:03:23:42 +0200] "GET /ticket2/opencms/it/buy/?edid=95423F1B-D1AB-68DD-A58C-5DE97CA2D553&page=1 HTTP/1.1" 200 112201
37.187.94.3 - - [28/Jun/2024:03:23:44 +0200] "GET /ticket2/opencms/dk/nl/sport/voetbal-tickets/la_liga/almeria/ HTTP/1.1" 404 -
135.181.212.177 - - [28/Jun/2024:03:23:45 +0200] "GET /ticket2/opencms/sv/buy/?page=1&edid=1CACEC5F-B994-32DD-19DD-67E5A3F13C44&sortorder=desc&column=section HTTP/1.1" 200 85995
65.108.227.178 - - [28/Jun/2024:03:23:46 +0200] "GET /ticket2/opencms/dk/en/buy/?page=1&edid=E8FE2A15-0338-AD03-E820-3464EC7EA1F7&sortorder=asc&column=section HTTP/1.1" 404 -
3.224.220.101 - - [28/Jun/2024:03:23:46 +0200] "GET /ticket2/opencms/it/buy/?edid=4E3FD371-418F-2707-0FE4-F6E7006C81F9&page=1 HTTP/1.1" 200 86930
23.22.35.162 - - [28/Jun/2024:03:23:46 +0200] "GET /ticket2/opencms/it/buy/?edid=46ED3103-DE6B-A6DD-76D4-FB2A3432E453&page=1 HTTP/1.1" 200 112274
135.181.212.177 - - [28/Jun/2024:03:23:47 +0200] "GET /ticket2/opencms/sv/buy/?page=1&edid=1CD2F4DD-3AA9-DD8C-76B2-3631EB8E917D&sortorder=asc&column=price HTTP/1.1" 200 89304
5.9.55.228 - - [28/Jun/2024:03:23:47 +0200] "GET /ticket2/opencms/en/buy/?page=1&edid=6AEA7B0B-C565-4F77-5066-1C24C6353E29 HTTP/1.1" 200 87372
47.128.50.213 - - [28/Jun/2024:03:23:49 +0200] "GET /ticket2/opencms/fi/buy/?eventid=959EA1E3-E351-475E-F73F-8969C4E65582&page=11&venueid=A0215E07-B078-8AA5-6DA4-5B2EADC61CED HTTP/1.1" 200 74780
135.181.212.177 - - [28/Jun/2024:03:23:49 +0200] "GET /ticket2/opencms/sv/buy/?page=1&edid=1D16690E-29B1-A5C0-6F37-F627AE404F8F&sortorder=asc&column=price HTTP/1.1" 200 89059
47.128.50.213 - - [28/Jun/2024:03:23:51 +0200] "GET /ticket2/opencms/system/modules/com.gridnine.opencms.ticketbrokerage.site/resources/pics/logo-new.png HTTP/1.1" 200 13541
135.181.212.177 - - [28/Jun/2024:03:23:51 +0200] "GET /ticket2/opencms/sv/buy/?page=1&edid=1D16690E-29B1-A5C0-6F37-F627AE404F8F&sortorder=asc&column=row HTTP/1.1" 200 89059
52.70.240.171 - - [28/Jun/2024:03:23:51 +0200] "GET /ticket2/opencms/it/buy/?edid=10C00DD9-2619-A832-C970-E24EDAAD57C7&page=1 HTTP/1.1" 200 111799
47.128.50.213 - - [28/Jun/2024:03:23:53 +0200] "GET /ticket2/opencms/system/modules/com.gridnine.opencms.ticketbrokerage.site/resources/pics/bank_1_nordea.png HTTP/1.1" 200 4807
47.128.50.213 - - [28/Jun/2024:03:23:53 +0200] "GET /ticket2/opencms/system/modules/com.gridnine.opencms.ticketbrokerage.site/resources/pics/bank_2_handelsbanken.png HTTP/1.1" 200 4509
135.181.212.177 - - [28/Jun/2024:03:23:54 +0200] "GET /ticket2/opencms/sv/buy/?page=1&edid=1D16690E-29B1-A5C0-6F37-F627AE404F8F&sortorder=asc&column=section HTTP/1.1" 200 89059
47.128.50.213 - - [28/Jun/2024:03:23:54 +0200] "GET /ticket2/opencms/system/modules/com.gridnine.opencms.ticketbrokerage.site/resources/pics/bank_3_swedbank.png HTTP/1.1" 200 5740
47.128.50.213 - - [28/Jun/2024:03:23:54 +0200] "GET /ticket2/opencms/system/modules/com.gridnine.opencms.ticketbrokerage.site/resources/pics/bank_4_seb.png HTTP/1.1" 200 2487
47.128.50.213 - - [28/Jun/2024:03:23:54 +0200] "GET /ticket2/opencms/system/modules/com.gridnine.opencms.ticketbrokerage.site/resources/pics/bank_6_american_express.png HTTP/1.1" 200 5570
47.128.50.213 - - [28/Jun/2024:03:23:54 +0200] "GET /ticket2/opencms/system/modules/com.gridnine.opencms.ticketbrokerage.site/resources/pics/bank_5_visa_mastercard.png HTTP/1.1" 200 8196
23.22.35.162 - - [28/Jun/2024:03:23:55 +0200] "GET /ticket2/opencms/it/buy/?edid=DE73DB51-4178-AA85-D066-1C5C2E4D27B9&page=1 HTTP/1.1" 200 102482
135.181.212.177 - - [28/Jun/2024:03:23:56 +0200] "GET /ticket2/opencms/sv/buy/?page=1&edid=1D16690E-29B1-A5C0-6F37-F627AE404F8F&sortorder=desc&column=price HTTP/1.1" 200 89058
135.181.212.177 - - [28/Jun/2024:03:23:57 +0200] "GET /ticket2/opencms/sv/buy/?page=1&edid=1D16690E-29B1-A5C0-6F37-F627AE404F8F&sortorder=desc&column=row HTTP/1.1" 200 89058
3.224.220.101 - - [28/Jun/2024:03:23:58 +0200] "GET /ticket2/opencms/it/buy/?edid=361EAD73-436C-F7FD-91EE-7D353735C8BC&page=1 HTTP/1.1" 200 112599
217.182.175.222 - - [28/Jun/2024:03:23:59 +0200] "GET /ticket2/opencms/en/buy/?page=1&edid=A3EE66CB-E39D-A722-D02A-1C11DB7EB508&sortorder=asc&column=price HTTP/1.1" 200 87632
135.181.212.177 - - [28/Jun/2024:03:23:59 +0200] "GET /ticket2/opencms/sv/buy/?page=1&edid=1D16690E-29B1-A5C0-6F37-F627AE404F8F&sortorder=desc&column=section HTTP/1.1" 200 89058
135.181.212.177 - - [28/Jun/2024:03:24:01 +0200] "GET /ticket2/opencms/sv/buy/?page=1&edid=1D9CA4BE-FB3D-C126-7D02-F28EBE7434B9&sortorder=asc&column=price HTTP/1.1" 200 88829
5.9.55.228 - - [28/Jun/2024:03:24:01 +0200] "GET /ticket2/opencms/en/buy/?page=1&edid=6C4D36C5-EFA1-F636-4F3C-C14C85BECB14 HTTP/1.1" 200 88494
3.224.220.101 - - [28/Jun/2024:03:24:02 +0200] "GET /ticket2/opencms/it/buy/?edid=A2A8955F-0E7C-C876-91D5-2F1597674CD1&page=1 HTTP/1.1" 200 86928
135.181.212.177 - - [28/Jun/2024:03:24:04 +0200] "GET /ticket2/opencms/sv/buy/?page=1&edid=1DBF14B5-C823-5399-D365-712859C1D3D3&sortorder=asc&column=row HTTP/1.1" 200 88831
37.187.94.3 - - [28/Jun/2024:03:24:05 +0200] "GET /ticket2/opencms/dk/nl/sport/voetbal-tickets/la_liga/athletic-bilbao/ HTTP/1.1" 404 -
135.181.212.177 - - [28/Jun/2024:03:24:05 +0200] "GET /ticket2/opencms/sv/buy/?page=1&edid=1DBF14B5-C823-5399-D365-712859C1D3D3&sortorder=asc&column=section HTTP/1.1" 200 88831
52.70.240.171 - - [28/Jun/2024:03:24:06 +0200] "GET /ticket2/opencms/it/buy/?edid=AF39FAB5-FE06-5368-91B7-FED96ACA064E&page=1 HTTP/1.1" 200 111802
135.181.212.177 - - [28/Jun/2024:03:24:07 +0200] "GET /ticket2/opencms/sv/buy/?page=1&edid=1DBF14B5-C823-5399-D365-712859C1D3D3&sortorder=desc&column=price HTTP/1.1" 200 88830
135.181.212.177 - - [28/Jun/2024:03:24:09 +0200] "GET /ticket2/opencms/sv/buy/?page=1&edid=1DBF14B5-C823-5399-D365-712859C1D3D3&sortorder=desc&column=row HTTP/1.1" 200 88830
52.70.240.171 - - [28/Jun/2024:03:24:10 +0200] "GET /ticket2/opencms/it/buy/?edid=3DBC817B-58FA-AA1C-2983-B86016C9BCF9&page=1 HTTP/1.1" 200 86925
135.181.212.177 - - [28/Jun/2024:03:24:11 +0200] "GET /ticket2/opencms/sv/buy/?page=1&edid=1DBF14B5-C823-5399-D365-712859C1D3D3&sortorder=desc&column=section HTTP/1.1" 200 88830
135.181.212.177 - - [28/Jun/2024:03:24:13 +0200] "GET /ticket2/opencms/sv/buy/?page=1&edid=1E25B326-4F8F-7BA0-5AB1-018D89AC8C22&sortorder=asc&column=price HTTP/1.1" 200 88183
23.22.35.162 - - [28/Jun/2024:03:24:14 +0200] "GET /ticket2/opencms/it/buy/?edid=FB201BEF-97AC-F5AA-1C79-FCD23FE64214&page=1 HTTP/1.1" 200 117874
65.108.227.178 - - [28/Jun/2024:03:24:15 +0200] "GET /ticket2/opencms/dk/en/buy/?page=1&edid=E97574C5-2ECA-77FA-53C0-82F31E103FEE&sortorder=asc&column=price HTTP/1.1" 404 -
135.181.212.177 - - [28/Jun/2024:03:24:15 +0200] "GET /ticket2/opencms/sv/buy/?page=1&edid=1E25B326-4F8F-7BA0-5AB1-018D89AC8C22&sortorder=asc&column=row HTTP/1.1" 200 88183
47.128.28.200 - - [28/Jun/2024:03:24:16 +0200] "GET /ticket2/opencms/sv/buy/?catid=D8B345C9-F7A5-E620-4B43-C34EB0D6885B&comcatid=A17713B6-D984-201A-4143-ED4DB5ED5C2E&eventid=78C3F1E5-57D5-CC4D-BCB3-A455C72D9505&page=6 HTTP/1.1" 200 82995
5.9.55.228 - - [28/Jun/2024:03:24:16 +0200] "GET /ticket2/opencms/en/buy/?page=1&edid=6C8914BF-377D-3452-0F17-49D4496BD1E8 HTTP/1.1" 200 87381
47.128.28.200 - - [28/Jun/2024:03:24:16 +0200] "GET /ticket2/opencms/system/modules/com.gridnine.opencms.ticketbrokerage.site/resources/pics/logo-new.png HTTP/1.1" 200 13541
47.128.28.200 - - [28/Jun/2024:03:24:17 +0200] "GET /ticket2/opencms/system/modules/com.gridnine.opencms.ticketbrokerage.site/resources/pics/bank_4_seb.png HTTP/1.1" 200 2487
47.128.28.200 - - [28/Jun/2024:03:24:17 +0200] "GET /ticket2/opencms/system/modules/com.gridnine.opencms.ticketbrokerage.site/resources/pics/bank_2_handelsbanken.png HTTP/1.1" 200 4509
135.181.212.177 - - [28/Jun/2024:03:24:17 +0200] "GET /ticket2/opencms/sv/buy/?page=1&edid=1E25B326-4F8F-7BA0-5AB1-018D89AC8C22&sortorder=asc&column=section HTTP/1.1" 200 88183
47.128.28.200 - - [28/Jun/2024:03:24:18 +0200] "GET /ticket2/opencms/system/modules/com.gridnine.opencms.ticketbrokerage.site/resources/pics/bank_1_nordea.png HTTP/1.1" 200 4807
47.128.28.200 - - [28/Jun/2024:03:24:18 +0200] "GET /ticket2/opencms/system/modules/com.gridnine.opencms.ticketbrokerage.site/resources/pics/bank_5_visa_mastercard.png HTTP/1.1" 200 8196
47.128.28.200 - - [28/Jun/2024:03:24:18 +0200] "GET /ticket2/opencms/system/modules/com.gridnine.opencms.ticketbrokerage.site/resources/pics/bank_6_american_express.png HTTP/1.1" 200 5570
47.128.28.200 - - [28/Jun/2024:03:24:18 +0200] "GET /ticket2/opencms/system/modules/com.gridnine.opencms.ticketbrokerage.site/resources/pics/bank_3_swedbank.png HTTP/1.1" 200 5740
135.181.212.177 - - [28/Jun/2024:03:24:19 +0200] "GET /ticket2/opencms/sv/buy/?page=1&edid=1F03C0A9-DA5E-BA0E-F804-AF1D0BD0F989&sortorder=desc&column=price HTTP/1.1" 200 88832
52.70.240.171 - - [28/Jun/2024:03:24:19 +0200] "GET /ticket2/opencms/it/buy/?edid=DC909086-9C5C-EBAF-0F10-7C4FD4D0055C&page=1 HTTP/1.1" 200 111710
135.181.212.177 - - [28/Jun/2024:03:24:21 +0200] "GET /ticket2/opencms/sv/buy/?page=1&edid=1F03C0A9-DA5E-BA0E-F804-AF1D0BD0F989&sortorder=desc&column=row HTTP/1.1" 200 88832
37.187.94.3 - - [28/Jun/2024:03:24:22 +0200] "GET /ticket2/opencms/dk/nl/sport/voetbal-tickets/la_liga/espanyol/ HTTP/1.1" 404 -
3.224.220.101 - - [28/Jun/2024:03:24:22 +0200] "GET /ticket2/opencms/it/buy/?edid=7E0CE59A-F22E-9FBB-1FD3-8B411A5307E8&page=1 HTTP/1.1" 200 86922
135.181.212.177 - - [28/Jun/2024:03:24:23 +0200] "GET /ticket2/opencms/sv/buy/?page=1&edid=1F03C0A9-DA5E-BA0E-F804-AF1D0BD0F989&sortorder=desc&column=section HTTP/1.1" 200 88832
135.181.212.177 - - [28/Jun/2024:03:24:25 +0200] "GET /ticket2/opencms/sv/buy/?page=1&edid=1F2C6035-7221-91B1-2C07-E16BB4C3CD69&sortorder=desc&column=row HTTP/1.1" 200 89049
47.128.37.45 - - [28/Jun/2024:03:24:26 +0200] "GET /ticket2/opencms/it/buy/?edid=983940D7-A886-9864-BF70-6F5D578B4A87 HTTP/1.1" 200 73253
52.70.240.171 - - [28/Jun/2024:03:24:26 +0200] "GET /ticket2/opencms/it/buy/?edid=8A4BD3C0-720E-C7F3-26B8-C1C8D72D0618&page=1 HTTP/1.1" 200 107008
217.182.175.222 - - [28/Jun/2024:03:24:27 +0200] "GET /ticket2/opencms/en/buy/?page=1&edid=A3EE66CB-E39D-A722-D02A-1C11DB7EB508&sortorder=asc&column=row HTTP/1.1" 200 87632
135.181.212.177 - - [28/Jun/2024:03:24:27 +0200] "GET /ticket2/opencms/sv/buy/?page=1&edid=1F546517-7633-42B2-A140-E9D704EF0B28&sortorder=asc&column=price HTTP/1.1" 200 88616
47.128.37.45 - - [28/Jun/2024:03:24:28 +0200] "GET /ticket2/opencms/system/modules/com.gridnine.opencms.ticketbrokerage.site/resources/pics/logo-new.png HTTP/1.1" 200 13541
47.128.37.45 - - [28/Jun/2024:03:24:29 +0200] "GET /ticket2/opencms/system/modules/com.gridnine.opencms.ticketbrokerage.site/resources/pics/bank_1_nordea.png HTTP/1.1" 200 4807
47.128.37.45 - - [28/Jun/2024:03:24:29 +0200] "GET /ticket2/opencms/system/modules/com.gridnine.opencms.ticketbrokerage.site/resources/pics/bank_2_handelsbanken.png HTTP/1.1" 200 4509
135.181.212.177 - - [28/Jun/2024:03:24:29 +0200] "GET /ticket2/opencms/sv/buy/?page=1&edid=1F546517-7633-42B2-A140-E9D704EF0B28&sortorder=asc&column=row HTTP/1.1" 200 88616
47.128.37.45 - - [28/Jun/2024:03:24:30 +0200] "GET /ticket2/opencms/system/modules/com.gridnine.opencms.ticketbrokerage.site/resources/pics/bank_6_american_express.png HTTP/1.1" 200 5570
47.128.37.45 - - [28/Jun/2024:03:24:30 +0200] "GET /ticket2/opencms/system/modules/com.gridnine.opencms.ticketbrokerage.site/resources/pics/bank_4_seb.png HTTP/1.1" 200 2487
47.128.37.45 - - [28/Jun/2024:03:24:30 +0200] "GET /ticket2/opencms/system/modules/com.gridnine.opencms.ticketbrokerage.site/resources/pics/bank_3_swedbank.png HTTP/1.1" 200 5740
47.128.37.45 - - [28/Jun/2024:03:24:30 +0200] "GET /ticket2/opencms/system/modules/com.gridnine.opencms.ticketbrokerage.site/resources/pics/bank_5_visa_mastercard.png HTTP/1.1" 200 8196
23.22.35.162 - - [28/Jun/2024:03:24:30 +0200] "GET /ticket2/opencms/it/buy/?edid=B77A7006-DEDC-BDA0-58BA-235C61E5D6CF&page=1 HTTP/1.1" 200 111840
66.249.76.166 - - [28/Jun/2024:03:24:31 +0200] "GET /ticket2/opencms/sv/affiliateprogram.html HTTP/1.1" 200 72601
135.181.212.177 - - [28/Jun/2024:03:24:31 +0200] "GET /ticket2/opencms/sv/buy/?page=1&edid=1F546517-7633-42B2-A140-E9D704EF0B28&sortorder=asc&column=section HTTP/1.1" 200 88616
5.9.55.228 - - [28/Jun/2024:03:24:31 +0200] "GET /ticket2/opencms/en/buy/?page=1&edid=6E0677CA-2B90-911F-BF29-2D63F1A636AB HTTP/1.1" 200 86737
135.181.212.177 - - [28/Jun/2024:03:24:33 +0200] "GET /ticket2/opencms/sv/buy/?page=1&edid=1F8EBC51-A83D-D3B0-BA39-A6AA3192BC78&sortorder=desc&column=price HTTP/1.1" 200 87502
23.22.35.162 - - [28/Jun/2024:03:24:35 +0200] "GET /ticket2/opencms/it/buy/?edid=551618B5-3860-8837-909D-AC46BA2A0628&page=1 HTTP/1.1" 200 113458
135.181.212.177 - - [28/Jun/2024:03:24:35 +0200] "GET /ticket2/opencms/sv/buy/?page=1&edid=1F8EBC51-A83D-D3B0-BA39-A6AA3192BC78&sortorder=desc&column=row HTTP/1.1" 200 87502
135.181.212.177 - - [28/Jun/2024:03:24:37 +0200] "GET /ticket2/opencms/sv/buy/?page=1&edid=1F8EBC51-A83D-D3B0-BA39-A6AA3192BC78&sortorder=desc&column=section HTTP/1.1" 200 87502
3.224.220.101 - - [28/Jun/2024:03:24:38 +0200] "GET /ticket2/opencms/it/buy/?edid=9298EE47-1A7F-20BC-182D-AD5062126FDE&page=1 HTTP/1.1" 200 89328
47.128.62.177 - - [28/Jun/2024:03:24:38 +0200] "GET /ticket2/opencms/sv/buy/?catid=8E4972FC-6E2C-77A4-BB9D-D67BD270A641&comcatid=0A6B8208-FDA4-E929-9D72-5312FD481B76&page=6 HTTP/1.1" 200 75884
47.128.62.177 - - [28/Jun/2024:03:24:39 +0200] "GET /ticket2/opencms/system/modules/com.gridnine.opencms.ticketbrokerage.site/resources/pics/logo-new.png HTTP/1.1" 200 13541
135.181.212.177 - - [28/Jun/2024:03:24:39 +0200] "GET /ticket2/opencms/sv/buy/?page=1&edid=26B722A8-A37B-F70B-4316-1551E2D204EA&sortorder=asc&column=section HTTP/1.1" 200 89310
47.128.62.177 - - [28/Jun/2024:03:24:40 +0200] "GET /ticket2/opencms/system/modules/com.gridnine.opencms.ticketbrokerage.site/resources/pics/bank_4_seb.png HTTP/1.1" 200 2487
47.128.62.177 - - [28/Jun/2024:03:24:40 +0200] "GET /ticket2/opencms/system/modules/com.gridnine.opencms.ticketbrokerage.site/resources/pics/bank_1_nordea.png HTTP/1.1" 200 4807
47.128.62.177 - - [28/Jun/2024:03:24:40 +0200] "GET /ticket2/opencms/system/modules/com.gridnine.opencms.ticketbrokerage.site/resources/pics/bank_2_handelsbanken.png HTTP/1.1" 200 4509
5.9.55.228 - - [28/Jun/2024:03:24:40 +0200] "GET /ticket2/opencms/en/buy/?page=1&edid=6E846441-6D23-CA62-C7C2-B7735DEA2B87 HTTP/1.1" 200 88502
47.128.62.177 - - [28/Jun/2024:03:24:40 +0200] "GET /ticket2/opencms/system/modules/com.gridnine.opencms.ticketbrokerage.site/resources/pics/bank_3_swedbank.png HTTP/1.1" 200 5740
47.128.62.177 - - [28/Jun/2024:03:24:40 +0200] "GET /ticket2/opencms/system/modules/com.gridnine.opencms.ticketbrokerage.site/resources/pics/bank_5_visa_mastercard.png HTTP/1.1" 200 8196
47.128.62.177 - - [28/Jun/2024:03:24:41 +0200] "GET /ticket2/opencms/system/modules/com.gridnine.opencms.ticketbrokerage.site/resources/pics/bank_6_american_express.png HTTP/1.1" 200 5570
135.181.212.177 - - [28/Jun/2024:03:24:41 +0200] "GET /ticket2/opencms/sv/buy/?page=1&edid=26FF4CAE-0AB1-26F3-524A-CA6FA2A5B775&sortorder=desc&column=row HTTP/1.1" 200 87981
52.70.240.171 - - [28/Jun/2024:03:24:42 +0200] "GET /ticket2/opencms/it/buy/?edid=39289D35-63FA-63A2-5B00-1BD8BF9346B7&page=1 HTTP/1.1" 200 112221
37.187.94.3 - - [28/Jun/2024:03:24:43 +0200] "GET /ticket2/opencms/dk/nl/sport/voetbal-tickets/la_liga/getafe/ HTTP/1.1" 404 -
135.181.212.177 - - [28/Jun/2024:03:24:43 +0200] "GET /ticket2/opencms/sv/buy/?page=1&edid=2719FEF6-C3A2-38D8-D55F-559BB24F7DCB&sortorder=asc&column=row HTTP/1.1" 200 87508
135.181.212.177 - - [28/Jun/2024:03:24:46 +0200] "GET /ticket2/opencms/sv/buy/?page=1&edid=2719FEF6-C3A2-38D8-D55F-559BB24F7DCB&sortorder=asc&column=section HTTP/1.1" 200 87508
52.70.240.171 - - [28/Jun/2024:03:24:46 +0200] "GET /ticket2/opencms/it/buy/?edid=4BA78F1B-E48D-30C2-5D4F-CB6F294B5082&page=1 HTTP/1.1" 200 88685
135.181.212.177 - - [28/Jun/2024:03:24:48 +0200] "GET /ticket2/opencms/sv/buy/?page=1&edid=2719FEF6-C3A2-38D8-D55F-559BB24F7DCB&sortorder=desc&column=row HTTP/1.1" 200 87507
65.108.227.178 - - [28/Jun/2024:03:24:50 +0200] "GET /ticket2/opencms/dk/en/buy/?page=1&edid=E97574C5-2ECA-77FA-53C0-82F31E103FEE&sortorder=asc&column=row HTTP/1.1" 404 -
5.9.55.228 - - [28/Jun/2024:03:24:50 +0200] "GET /ticket2/opencms/en/buy/?page=1&edid=6F8AC81B-19DA-62DA-1ED2-E92A4D6140CF HTTP/1.1" 200 88260
135.181.212.177 - - [28/Jun/2024:03:24:50 +0200] "GET /ticket2/opencms/sv/buy/?page=1&edid=271A438D-A4BA-64C1-3CAA-7AA8B8DABB44 HTTP/1.1" 200 88152
3.224.220.101 - - [28/Jun/2024:03:24:50 +0200] "GET /ticket2/opencms/it/buy/?edid=91870084-7155-79A9-A57C-A68AF475B93F&page=1 HTTP/1.1" 200 107585
135.181.212.177 - - [28/Jun/2024:03:24:52 +0200] "GET /ticket2/opencms/sv/buy/?page=1&edid=27C123AB-DDEB-9544-7BBD-F441CE093363 HTTP/1.1" 200 87717
135.181.212.177 - - [28/Jun/2024:03:24:54 +0200] "GET /ticket2/opencms/sv/buy/?page=1&edid=27C123AB-DDEB-9544-7BBD-F441CE093363&sortorder=asc&column=price HTTP/1.1" 200 87753
52.70.240.171 - - [28/Jun/2024:03:24:54 +0200] "GET /ticket2/opencms/it/buy/?edid=B98837D3-1E81-8A8C-D0BB-1E445F8B9795&page=1 HTTP/1.1" 200 112397
135.181.212.177 - - [28/Jun/2024:03:24:56 +0200] "GET /ticket2/opencms/sv/buy/?page=1&edid=27C123AB-DDEB-9544-7BBD-F441CE093363&sortorder=asc&column=row HTTP/1.1" 200 87753
217.182.175.222 - - [28/Jun/2024:03:24:57 +0200] "GET /ticket2/opencms/en/buy/?page=1&edid=A3EE66CB-E39D-A722-D02A-1C11DB7EB508&sortorder=asc&column=section HTTP/1.1" 200 87632
135.181.212.177 - - [28/Jun/2024:03:24:58 +0200] "GET /ticket2/opencms/sv/buy/?page=1&edid=27C123AB-DDEB-9544-7BBD-F441CE093363&sortorder=asc&column=section HTTP/1.1" 200 87753
52.70.240.171 - - [28/Jun/2024:03:24:58 +0200] "GET /ticket2/opencms/it/buy/?edid=F74997E7-1F81-8144-BC19-7CD40E7B47F7&page=1 HTTP/1.1" 200 112828
135.181.212.177 - - [28/Jun/2024:03:25:00 +0200] "GET /ticket2/opencms/sv/buy/?page=1&edid=28367C9E-EB8F-FFA3-A30D-98147557C428 HTTP/1.1" 200 89072
52.70.240.171 - - [28/Jun/2024:03:25:02 +0200] "GET /ticket2/opencms/it/buy/?edid=26B5B341-FB40-FF92-A06B-966F91DC0894&page=1 HTTP/1.1" 200 86923
135.181.212.177 - - [28/Jun/2024:03:25:02 +0200] "GET /ticket2/opencms/sv/buy/?page=1&edid=28367C9E-EB8F-FFA3-A30D-98147557C428&sortorder=asc&column=price HTTP/1.1" 200 89108
37.187.94.3 - - [28/Jun/2024:03:25:03 +0200] "GET /ticket2/opencms/dk/no/sport/fotballsbilletter/la_liga/granada/ HTTP/1.1" 404 -
135.181.212.177 - - [28/Jun/2024:03:25:04 +0200] "GET /ticket2/opencms/sv/buy/?page=1&edid=295D0B4F-9C66-266F-5540-9251F65A1527&sortorder=asc&column=price HTTP/1.1" 200 87512
47.128.42.188 - - [28/Jun/2024:03:25:05 +0200] "GET /ticket2/opencms/fi/buy/?catid=05A94519-01D1-C86F-9031-84936B0B9DAE&comcatid=66708183-7480-3365-06BF-DBF60280AB45 HTTP/1.1" 200 75459
135.181.212.177 - - [28/Jun/2024:03:25:06 +0200] "GET /ticket2/opencms/sv/buy/?page=1&edid=295D0B4F-9C66-266F-5540-9251F65A1527&sortorder=asc&column=row HTTP/1.1" 200 87512
47.128.42.188 - - [28/Jun/2024:03:25:06 +0200] "GET /ticket2/opencms/system/modules/com.gridnine.opencms.ticketbrokerage.site/resources/pics/logo-new.png HTTP/1.1" 200 13541
52.70.240.171 - - [28/Jun/2024:03:25:06 +0200] "GET /ticket2/opencms/it/buy/?edid=B422C598-4610-0185-89CA-0FDFEB7BE014&page=1 HTTP/1.1" 200 111712
5.9.55.228 - - [28/Jun/2024:03:25:06 +0200] "GET /ticket2/opencms/en/buy/?page=1&edid=70FDC3DC-F515-C07F-B4AD-EDA83BDCA260 HTTP/1.1" 200 86955
47.128.42.188 - - [28/Jun/2024:03:25:07 +0200] "GET /ticket2/opencms/system/modules/com.gridnine.opencms.ticketbrokerage.site/resources/pics/bank_1_nordea.png HTTP/1.1" 200 4807
47.128.42.188 - - [28/Jun/2024:03:25:07 +0200] "GET /ticket2/opencms/system/modules/com.gridnine.opencms.ticketbrokerage.site/resources/pics/bank_6_american_express.png HTTP/1.1" 200 5570
47.128.42.188 - - [28/Jun/2024:03:25:08 +0200] "GET /ticket2/opencms/system/modules/com.gridnine.opencms.ticketbrokerage.site/resources/pics/bank_3_swedbank.png HTTP/1.1" 200 5740
47.128.42.188 - - [28/Jun/2024:03:25:08 +0200] "GET /ticket2/opencms/system/modules/com.gridnine.opencms.ticketbrokerage.site/resources/pics/bank_5_visa_mastercard.png HTTP/1.1" 200 8196
47.128.42.188 - - [28/Jun/2024:03:25:08 +0200] "GET /ticket2/opencms/system/modules/com.gridnine.opencms.ticketbrokerage.site/resources/pics/bank_4_seb.png HTTP/1.1" 200 2487
47.128.42.188 - - [28/Jun/2024:03:25:08 +0200] "GET /ticket2/opencms/system/modules/com.gridnine.opencms.ticketbrokerage.site/resources/pics/bank_2_handelsbanken.png HTTP/1.1" 200 4509
135.181.212.177 - - [28/Jun/2024:03:25:08 +0200] "GET /ticket2/opencms/sv/buy/?page=1&edid=295D0B4F-9C66-266F-5540-9251F65A1527&sortorder=asc&column=section HTTP/1.1" 200 87512
52.70.240.171 - - [28/Jun/2024:03:25:10 +0200] "GET /ticket2/opencms/it/buy/?edid=486EB1CD-95BE-ED77-9E64-4E49BB28C6F8&page=1 HTTP/1.1" 200 111793
135.181.212.177 - - [28/Jun/2024:03:25:10 +0200] "GET /ticket2/opencms/sv/buy/?page=1&edid=2AA1FF96-18BA-5A96-CBE6-7F35F0406D7B HTTP/1.1" 200 89267
135.181.212.177 - - [28/Jun/2024:03:25:12 +0200] "GET /ticket2/opencms/sv/buy/?page=1&edid=2AA1FF96-18BA-5A96-CBE6-7F35F0406D7B&sortorder=asc&column=section HTTP/1.1" 200 89303
37.187.94.3 - - [28/Jun/2024:03:25:13 +0200] "GET /ticket2/opencms/dk/sv/sport/fotbollsbiljetter/bundesliga/bayer-leverkusen/ HTTP/1.1" 404 -
52.70.240.171 - - [28/Jun/2024:03:25:14 +0200] "GET /ticket2/opencms/it/buy/?edid=94D791E2-A2F6-C0D4-E68D-72D6DE252AC9&page=1 HTTP/1.1" 200 102366
135.181.212.177 - - [28/Jun/2024:03:25:14 +0200] "GET /ticket2/opencms/sv/buy/?page=1&edid=2ADA95B2-5596-9A00-6386-EC0EB48A58F3 HTTP/1.1" 200 89239
135.181.212.177 - - [28/Jun/2024:03:25:16 +0200] "GET /ticket2/opencms/sv/buy/?page=1&edid=2BBB0074-5728-8761-8DC5-1774663C47F8&sortorder=desc&column=price HTTP/1.1" 200 88832
3.224.220.101 - - [28/Jun/2024:03:25:18 +0200] "GET /ticket2/opencms/it/buy/?edid=AC850F1A-F4BA-A4A5-63C8-2EAFDE9B0DCD&page=1 HTTP/1.1" 200 86914
135.181.212.177 - - [28/Jun/2024:03:25:18 +0200] "GET /ticket2/opencms/sv/buy/?page=1&edid=2C4B6786-0F6F-C1FA-478C-3E015D58BCA8 HTTP/1.1" 200 89266
135.181.212.177 - - [28/Jun/2024:03:25:20 +0200] "GET /ticket2/opencms/sv/buy/?page=1&edid=2C4B6786-0F6F-C1FA-478C-3E015D58BCA8&sortorder=asc&column=price HTTP/1.1" 200 89302
114.119.148.160 - - [28/Jun/2024:03:25:21 +0200] "GET /ticket2/opencms/en/buy?page=1&edid=9762A0C0-F461-9960-00F0-1DDE26BBA3DE HTTP/1.1" 200 87366
135.181.212.177 - - [28/Jun/2024:03:25:22 +0200] "GET /ticket2/opencms/sv/buy/?page=1&edid=2DC06F61-5D5D-7D55-527B-266122082029&sortorder=asc&column=row HTTP/1.1" 200 88599
23.22.35.162 - - [28/Jun/2024:03:25:23 +0200] "GET /ticket2/opencms/it/buy/?edid=145F87FE-BCE7-15CF-CE4F-3702933DA737&page=1 HTTP/1.1" 200 117876
5.9.55.228 - - [28/Jun/2024:03:25:23 +0200] "GET /ticket2/opencms/en/buy/?page=1&edid=7120C207-B2B4-FC1F-26E8-1A7CADFA22DF HTTP/1.1" 200 86951
217.182.175.222 - - [28/Jun/2024:03:25:24 +0200] "GET /ticket2/opencms/en/buy/?page=1&edid=BC1EC1ED-9DF8-C987-E2D9-7659501E4FC2&sortorder=desc&column=price HTTP/1.1" 200 88497
135.181.212.177 - - [28/Jun/2024:03:25:24 +0200] "GET /ticket2/opencms/sv/buy/?page=1&edid=3506EF3D-6600-B801-D587-ADD2C06D4BC6&sortorder=desc&column=price HTTP/1.1" 200 88811
65.108.227.178 - - [28/Jun/2024:03:25:25 +0200] "GET /ticket2/opencms/dk/en/buy/?page=1&edid=E97574C5-2ECA-77FA-53C0-82F31E103FEE&sortorder=asc&column=section HTTP/1.1" 404 -
52.70.240.171 - - [28/Jun/2024:03:25:26 +0200] "GET /ticket2/opencms/it/buy/?edid=530D0E9B-9711-6A6E-2177-92B0D667A039&page=1 HTTP/1.1" 200 86936
135.181.212.177 - - [28/Jun/2024:03:25:26 +0200] "GET /ticket2/opencms/sv/buy/?page=1&edid=35A5C9DD-5FF8-7901-5D59-489265F65CB3&sortorder=desc&column=row HTTP/1.1" 200 87760
216.244.66.196 - - [28/Jun/2024:03:25:27 +0200] "GET /ticket2/opencms/robots.txt HTTP/1.1" 200 773
135.181.212.177 - - [28/Jun/2024:03:25:28 +0200] "GET /ticket2/opencms/sv/buy/?page=1&edid=36201147-954C-4D2B-4404-34AB77C306B3&sortorder=asc&column=section HTTP/1.1" 200 89277
37.187.94.3 - - [28/Jun/2024:03:25:29 +0200] "GET /ticket2/opencms/dk/sv/sport/fotbollsbiljetter/bundesliga/bayern-munchen/ HTTP/1.1" 404 -
135.181.212.177 - - [28/Jun/2024:03:25:30 +0200] "GET /ticket2/opencms/sv/buy/?page=1&edid=367C01C8-55E8-5761-77A6-1E1A5784FE1B&sortorder=desc&column=price HTTP/1.1" 200 89054
3.224.220.101 - - [28/Jun/2024:03:25:31 +0200] "GET /ticket2/opencms/it/buy/?edid=3E8160AB-0FBD-70C5-9AD2-7741AA7C1F1A&page=1 HTTP/1.1" 200 112824
135.181.212.177 - - [28/Jun/2024:03:25:32 +0200] "GET /ticket2/opencms/sv/buy/?page=1&edid=3724421D-8712-70E6-408D-D3669BC23C72&sortorder=asc&column=price HTTP/1.1" 200 89309
135.181.212.177 - - [28/Jun/2024:03:25:34 +0200] "GET /ticket2/opencms/sv/buy/?page=1&edid=3724421D-8712-70E6-408D-D3669BC23C72&sortorder=asc&column=row HTTP/1.1" 200 89309
52.70.240.171 - - [28/Jun/2024:03:25:34 +0200] "GET /ticket2/opencms/it/buy/?edid=78077671-6D1C-6384-F4E3-25AAC0A5B810&page=1 HTTP/1.1" 200 112608
135.181.212.177 - - [28/Jun/2024:03:25:36 +0200] "GET /ticket2/opencms/sv/buy/?page=1&edid=3754A801-0360-9F1A-6DA4-BE3220BB9FC0&sortorder=asc&column=price HTTP/1.1" 200 88381
135.181.212.177 - - [28/Jun/2024:03:25:38 +0200] "GET /ticket2/opencms/sv/buy/?page=1&edid=37A259B6-088B-CF6F-CF56-00935E858A66&sortorder=desc&column=price HTTP/1.1" 200 87982
52.70.240.171 - - [28/Jun/2024:03:25:38 +0200] "GET /ticket2/opencms/it/buy/?edid=9CDA0C30-3EC4-3995-E2A4-DBF0BB020094&page=1 HTTP/1.1" 200 112216
5.9.55.228 - - [28/Jun/2024:03:25:39 +0200] "GET /ticket2/opencms/en/buy/?page=1&edid=7285231C-722D-17E1-ED05-E4F9F72CED59 HTTP/1.1" 200 87590
135.181.212.177 - - [28/Jun/2024:03:25:40 +0200] "GET /ticket2/opencms/sv/buy/?page=1&edid=38B35C60-3642-D9FF-D23B-B799877F4C81&sortorder=asc&column=price HTTP/1.1" 200 86018
66.249.75.105 - - [28/Jun/2024:03:25:41 +0200] "GET /ticket2/opencms/it/buy?page=1&edid=E9DB3A42-82BF-9B65-3ED4-EE5A32871388 HTTP/1.1" 200 108645
135.181.212.177 - - [28/Jun/2024:03:25:42 +0200] "GET /ticket2/opencms/sv/buy/?page=1&edid=38B35C60-3642-D9FF-D23B-B799877F4C81&sortorder=asc&column=row HTTP/1.1" 200 86018
23.22.35.162 - - [28/Jun/2024:03:25:42 +0200] "GET /ticket2/opencms/it/buy/?edid=FAFAF417-5A49-5A69-2A7B-18E4D12B5078&page=1 HTTP/1.1" 200 112400
37.187.94.3 - - [28/Jun/2024:03:25:43 +0200] "GET /ticket2/opencms/dk/sv/sport/fotbollsbiljetter/bundesliga/eintracht_frankfurt/ HTTP/1.1" 404 -
135.181.212.177 - - [28/Jun/2024:03:25:44 +0200] "GET /ticket2/opencms/sv/buy/?page=1&edid=39168B9C-E36E-857F-42A1-E431E428BADA&sortorder=asc&column=row HTTP/1.1" 200 87980
65.108.227.178 - - [28/Jun/2024:03:25:45 +0200] "GET /ticket2/opencms/dk/en/buy/?page=1&edid=E9838C23-0C42-76E6-BB2C-2BF0CE1A8368&sortorder=asc&column=price HTTP/1.1" 404 -
135.181.212.177 - - [28/Jun/2024:03:25:46 +0200] "GET /ticket2/opencms/sv/buy/?page=1&edid=39168B9C-E36E-857F-42A1-E431E428BADA&sortorder=desc&column=section HTTP/1.1" 200 87979
52.70.240.171 - - [28/Jun/2024:03:25:46 +0200] "GET /ticket2/opencms/it/buy/?edid=8A952CCD-A492-95D3-2AFF-7C7D5623F3B6&page=1 HTTP/1.1" 200 111846
135.181.212.177 - - [28/Jun/2024:03:25:48 +0200] "GET /ticket2/opencms/sv/buy/?page=1&edid=3950061E-10D0-1370-F4D5-47E1041A5F57&sortorder=asc&column=price HTTP/1.1" 200 88683
3.224.220.101 - - [28/Jun/2024:03:25:50 +0200] "GET /ticket2/opencms/it/buy/?edid=3E205A07-7516-5FC3-D650-E60EBF6B7DA0&page=1 HTTP/1.1" 200 88686
135.181.212.177 - - [28/Jun/2024:03:25:50 +0200] "GET /ticket2/opencms/sv/buy/?page=1&edid=3950061E-10D0-1370-F4D5-47E1041A5F57&sortorder=asc&column=row HTTP/1.1" 200 88683
217.182.175.222 - - [28/Jun/2024:03:25:51 +0200] "GET /ticket2/opencms/en/buy/?page=1&edid=BC1EC1ED-9DF8-C987-E2D9-7659501E4FC2&sortorder=desc&column=row HTTP/1.1" 200 88497
135.181.212.177 - - [28/Jun/2024:03:25:52 +0200] "GET /ticket2/opencms/sv/buy/?page=1&edid=3950061E-10D0-1370-F4D5-47E1041A5F57&sortorder=desc&column=section HTTP/1.1" 200 88682
135.181.212.177 - - [28/Jun/2024:03:25:54 +0200] "GET /ticket2/opencms/sv/buy/?page=1&edid=399D5857-E3F3-B9C2-E01C-0D17705EC245&sortorder=desc&column=row HTTP/1.1" 200 87980
23.22.35.162 - - [28/Jun/2024:03:25:54 +0200] "GET /ticket2/opencms/it/buy/?edid=BB55F343-180C-1A1B-8A3A-1B93494C6A07&page=1 HTTP/1.1" 200 89004
5.9.55.228 - - [28/Jun/2024:03:25:56 +0200] "GET /ticket2/opencms/en/buy/?page=1&edid=76854C9C-B592-CA0A-F67C-231FB6E47209 HTTP/1.1" 200 87596
135.181.212.177 - - [28/Jun/2024:03:25:56 +0200] "GET /ticket2/opencms/sv/buy/?page=1&edid=476B3685-5506-7751-C38E-7E1FBCA83AB4&sortorder=asc&column=price HTTP/1.1" 200 87966
37.187.94.3 - - [28/Jun/2024:03:25:57 +0200] "GET /ticket2/opencms/dk/sv/sport/fotbollsbiljetter/bundesliga/fc_nurnberg/ HTTP/1.1" 404 -
135.181.212.177 - - [28/Jun/2024:03:25:57 +0200] "GET /ticket2/opencms/sv/buy/?page=1&edid=4A71CE9B-9435-0FA8-F5FD-C54FD4252A45&sortorder=asc&column=row HTTP/1.1" 200 87986
52.70.240.171 - - [28/Jun/2024:03:25:58 +0200] "GET /ticket2/opencms/it/buy/?edid=EF2958B1-A48C-B7EC-265D-770BB975F623&page=1 HTTP/1.1" 200 112201
216.245.221.83 - - [28/Jun/2024:03:25:58 +0200] "HEAD /ticket2/opencms/ HTTP/1.1" 302 -
135.181.212.177 - - [28/Jun/2024:03:25:59 +0200] "GET /ticket2/opencms/sv/buy/?page=1&edid=4A7F2526-D1E7-F3F4-D914-86C3B72B4E87&sortorder=asc&column=price HTTP/1.1" 200 86009
216.245.221.83 - - [28/Jun/2024:03:26:01 +0200] "HEAD /ticket2/opencms/en/ HTTP/1.1" 200 -
135.181.212.177 - - [28/Jun/2024:03:26:01 +0200] "GET /ticket2/opencms/sv/buy/?page=1&edid=4A7F2526-D1E7-F3F4-D914-86C3B72B4E87&sortorder=asc&column=row HTTP/1.1" 200 86009
3.224.220.101 - - [28/Jun/2024:03:26:02 +0200] "GET /ticket2/opencms/it/buy/?edid=FDD5D133-9F97-9AB4-1F94-3480DDAE2781&page=1 HTTP/1.1" 200 86927
135.181.212.177 - - [28/Jun/2024:03:26:03 +0200] "GET /ticket2/opencms/sv/buy/?page=1&edid=4A821F38-50DC-2259-FA57-2665C1B72876&sortorder=asc&column=section HTTP/1.1" 200 89316
135.181.212.177 - - [28/Jun/2024:03:26:05 +0200] "GET /ticket2/opencms/sv/buy/?page=1&edid=4A821F38-50DC-2259-FA57-2665C1B72876&sortorder=desc&column=price HTTP/1.1" 200 89315
3.224.220.101 - - [28/Jun/2024:03:26:06 +0200] "GET /ticket2/opencms/it/buy/?edid=7DE3A616-7929-2B29-C0D3-F6A6BF870955&page=1 HTTP/1.1" 200 86926
135.181.212.177 - - [28/Jun/2024:03:26:07 +0200] "GET /ticket2/opencms/sv/buy/?page=1&edid=4A83A9E7-4F56-07B2-4787-6C6CB41F5D97&sortorder=asc&column=price HTTP/1.1" 200 87951
135.181.212.177 - - [28/Jun/2024:03:26:09 +0200] "GET /ticket2/opencms/sv/buy/?page=1&edid=4AFEA37F-53E9-BCCD-AE1D-AD2A8EE2D653&sortorder=asc&column=section HTTP/1.1" 200 87739
52.70.240.171 - - [28/Jun/2024:03:26:10 +0200] "GET /ticket2/opencms/it/buy/?edid=17FCF75B-5941-6553-7E99-DDA280BBDB43&page=1 HTTP/1.1" 200 111787
135.181.212.177 - - [28/Jun/2024:03:26:11 +0200] "GET /ticket2/opencms/sv/buy/?page=1&edid=4B16E804-B399-18A3-BF25-24C38C6D0330&sortorder=asc&column=price HTTP/1.1" 200 87502
5.9.55.228 - - [28/Jun/2024:03:26:11 +0200] "GET /ticket2/opencms/en/buy/?page=1&edid=77C804D3-5389-20BB-FE82-30898E8F1185 HTTP/1.1" 200 87826
135.181.212.177 - - [28/Jun/2024:03:26:13 +0200] "GET /ticket2/opencms/sv/buy/?page=1&edid=4B16E804-B399-18A3-BF25-24C38C6D0330&sortorder=asc&column=row HTTP/1.1" 200 87502
37.187.94.3 - - [28/Jun/2024:03:26:13 +0200] "GET /ticket2/opencms/dk/sv/sport/fotbollsbiljetter/bundesliga/fortuna_dusseldorf/ HTTP/1.1" 404 -
52.70.240.171 - - [28/Jun/2024:03:26:14 +0200] "GET /ticket2/opencms/it/buy/?edid=BA98F497-79D9-0BA1-3E19-B45BB0763E07&page=1 HTTP/1.1" 200 117877
135.181.212.177 - - [28/Jun/2024:03:26:15 +0200] "GET /ticket2/opencms/sv/buy/?page=1&edid=4B16E804-B399-18A3-BF25-24C38C6D0330&sortorder=asc&column=section HTTP/1.1" 200 87502
65.108.227.178 - - [28/Jun/2024:03:26:17 +0200] "GET /ticket2/opencms/dk/en/buy/?page=1&edid=E9838C23-0C42-76E6-BB2C-2BF0CE1A8368&sortorder=asc&column=row HTTP/1.1" 404 -
135.181.212.177 - - [28/Jun/2024:03:26:17 +0200] "GET /ticket2/opencms/sv/buy/?page=1&edid=4B8DF2AC-42E6-6C5D-F1CE-0DA3D8253356&sortorder=asc&column=section HTTP/1.1" 200 88828
23.22.35.162 - - [28/Jun/2024:03:26:18 +0200] "GET /ticket2/opencms/it/buy/?edid=44FBC1CF-A416-2795-B9FA-E57E9A79C34D&page=1 HTTP/1.1" 200 107016
217.182.175.222 - - [28/Jun/2024:03:26:19 +0200] "GET /ticket2/opencms/en/buy/?page=1&edid=BC1EC1ED-9DF8-C987-E2D9-7659501E4FC2&sortorder=desc&column=section HTTP/1.1" 200 88497
135.181.212.177 - - [28/Jun/2024:03:26:19 +0200] "GET /ticket2/opencms/sv/buy/?page=1&edid=4B8DF2AC-42E6-6C5D-F1CE-0DA3D8253356&sortorder=desc&column=section HTTP/1.1" 200 88827
135.181.212.177 - - [28/Jun/2024:03:26:21 +0200] "GET /ticket2/opencms/sv/buy/?page=1&edid=4BE9945D-61CF-0C84-2CF6-8990DDEECD67&sortorder=asc&column=price HTTP/1.1" 200 87499
23.22.35.162 - - [28/Jun/2024:03:26:22 +0200] "GET /ticket2/opencms/it/buy/?edid=BA6A690A-3E4C-7B0E-F103-AC3CC3F63074&page=1 HTTP/1.1" 200 112405
185.191.171.16 - - [28/Jun/2024:03:26:23 +0200] "GET /ticket2/opencms/de/nl/ HTTP/1.1" 404 -
135.181.212.177 - - [28/Jun/2024:03:26:23 +0200] "GET /ticket2/opencms/sv/buy/?page=1&edid=4BE9945D-61CF-0C84-2CF6-8990DDEECD67&sortorder=asc&column=row HTTP/1.1" 200 87499
135.181.212.177 - - [28/Jun/2024:03:26:25 +0200] "GET /ticket2/opencms/sv/buy/?page=1&edid=4BE9945D-61CF-0C84-2CF6-8990DDEECD67&sortorder=asc&column=section HTTP/1.1" 200 87499
3.224.220.101 - - [28/Jun/2024:03:26:26 +0200] "GET /ticket2/opencms/it/buy/?edid=1624E6A5-E8F5-99E1-0C6F-842C444FABBE&page=1 HTTP/1.1" 200 111841
135.181.212.177 - - [28/Jun/2024:03:26:27 +0200] "GET /ticket2/opencms/sv/buy/?page=1&edid=4C057F1A-F8DE-8654-F39E-9DF6A45A6174&sortorder=asc&column=row HTTP/1.1" 200 89313
5.9.55.228 - - [28/Jun/2024:03:26:27 +0200] "GET /ticket2/opencms/en/buy/?page=1&edid=7E6C3EC9-7A3A-9E1F-E273-739B803C073C HTTP/1.1" 200 86702
37.187.94.3 - - [28/Jun/2024:03:26:28 +0200] "GET /ticket2/opencms/dk/sv/sport/fotbollsbiljetter/bundesliga/freiburg/ HTTP/1.1" 404 -
135.181.212.177 - - [28/Jun/2024:03:26:29 +0200] "GET /ticket2/opencms/sv/buy/?page=1&edid=4C057F1A-F8DE-8654-F39E-9DF6A45A6174&sortorder=asc&column=section HTTP/1.1" 200 89313
52.70.240.171 - - [28/Jun/2024:03:26:30 +0200] "GET /ticket2/opencms/it/buy/?edid=261BF995-AADA-03DF-CD15-AD3548D0B19D&page=1 HTTP/1.1" 200 86918
135.181.212.177 - - [28/Jun/2024:03:26:31 +0200] "GET /ticket2/opencms/sv/buy/?page=1&edid=4C7CD3B1-B7E1-89E2-C4E7-C4DED146D459&sortorder=asc&column=price HTTP/1.1" 200 87756
135.181.212.177 - - [28/Jun/2024:03:26:33 +0200] "GET /ticket2/opencms/sv/buy/?page=1&edid=4C7CD3B1-B7E1-89E2-C4E7-C4DED146D459&sortorder=asc&column=row HTTP/1.1" 200 87756
52.70.240.171 - - [28/Jun/2024:03:26:34 +0200] "GET /ticket2/opencms/it/buy/?edid=236F7016-4763-1BAF-F2F0-3C25D5C100A7&page=1 HTTP/1.1" 200 112616
135.181.212.177 - - [28/Jun/2024:03:26:35 +0200] "GET /ticket2/opencms/sv/buy/?page=1&edid=4D019A97-BFEB-445D-8A39-F3C482678D04&sortorder=asc&column=price HTTP/1.1" 200 89059
135.181.212.177 - - [28/Jun/2024:03:26:37 +0200] "GET /ticket2/opencms/sv/buy/?page=1&edid=4D293451-8836-ADDD-DEC6-CDBE62A73185&sortorder=asc&column=section HTTP/1.1" 200 88833
3.224.220.101 - - [28/Jun/2024:03:26:38 +0200] "GET /ticket2/opencms/it/buy/?edid=9C2A438B-6926-D1D4-5912-53216C4EB815&page=1 HTTP/1.1" 200 112830
