3.224.220.101 - - [28/Jun/2024:01:38:30 +0200] "GET /ticket2/opencms/nl/buy/?edid=8EE24D2F-4BF0-A103-6944-36103BCA6278&page=1 HTTP/1.1" 200 96921
5.9.55.228 - - [28/Jun/2024:01:38:31 +0200] "GET /ticket2/opencms/en/buy/?page=6&comcatid=0a6b8208-fda4-e929-9d72-5312fd481b76&catid=1db7f66b-473b-b427-f752-358feefe8ec0 HTTP/1.1" 200 71625
52.70.240.171 - - [28/Jun/2024:01:38:34 +0200] "GET /ticket2/opencms/nl/buy/?edid=A8FCDF96-5BE9-3FBC-BBD6-5BFAFD5454D2&page=1 HTTP/1.1" 200 84808
23.22.35.162 - - [28/Jun/2024:01:38:38 +0200] "GET /ticket2/opencms/nl/buy/?edid=4130944B-8419-6A0B-A839-9FB45260F568&page=1 HTTP/1.1" 200 86560
47.128.63.131 - - [28/Jun/2024:01:38:42 +0200] "GET /ticket2/opencms/de/buy/?catid=7BADFFFB-57C5-5DBC-E7EB-B45075B3D8F9&comcatid=A17713B6-D984-201A-4143-ED4DB5ED5C2E HTTP/1.1" 200 82773
23.22.35.162 - - [28/Jun/2024:01:38:42 +0200] "GET /ticket2/opencms/nl/buy/?edid=38BD011F-E307-1808-7BE3-74470A609319&page=1 HTTP/1.1" 200 84809
47.128.63.131 - - [28/Jun/2024:01:38:43 +0200] "GET /ticket2/opencms/system/modules/com.gridnine.opencms.ticketbrokerage.site/resources/pics/logo-new.png HTTP/1.1" 200 13541
40.77.167.72 - - [28/Jun/2024:01:38:43 +0200] "GET /ticket2/opencms/fi/venue/?venueid=2CC3C565-7AA7-01B3-4822-8F5EC3F5CADB HTTP/1.1" 200 72944
47.128.63.131 - - [28/Jun/2024:01:38:43 +0200] "GET /ticket2/opencms/system/modules/com.gridnine.opencms.ticketbrokerage.site/resources/pics/bank_2_handelsbanken.png HTTP/1.1" 200 4509
47.128.63.131 - - [28/Jun/2024:01:38:44 +0200] "GET /ticket2/opencms/system/modules/com.gridnine.opencms.ticketbrokerage.site/resources/pics/bank_5_visa_mastercard.png HTTP/1.1" 200 8196
47.128.63.131 - - [28/Jun/2024:01:38:44 +0200] "GET /ticket2/opencms/system/modules/com.gridnine.opencms.ticketbrokerage.site/resources/pics/bank_3_swedbank.png HTTP/1.1" 200 5740
47.128.63.131 - - [28/Jun/2024:01:38:44 +0200] "GET /ticket2/opencms/system/modules/com.gridnine.opencms.ticketbrokerage.site/resources/pics/bank_4_seb.png HTTP/1.1" 200 2487
47.128.63.131 - - [28/Jun/2024:01:38:44 +0200] "GET /ticket2/opencms/system/modules/com.gridnine.opencms.ticketbrokerage.site/resources/pics/bank_1_nordea.png HTTP/1.1" 200 4807
47.128.63.131 - - [28/Jun/2024:01:38:44 +0200] "GET /ticket2/opencms/system/modules/com.gridnine.opencms.ticketbrokerage.site/resources/pics/bank_6_american_express.png HTTP/1.1" 200 5570
216.245.221.83 - - [28/Jun/2024:01:38:44 +0200] "HEAD /ticket2/opencms/ HTTP/1.1" 302 -
216.245.221.83 - - [28/Jun/2024:01:38:45 +0200] "HEAD /ticket2/opencms/en/ HTTP/1.1" 200 -
3.224.220.101 - - [28/Jun/2024:01:38:46 +0200] "GET /ticket2/opencms/nl/buy/?edid=9AF29D4D-BF71-6182-1EBD-FF49E6DA3ECE&page=1 HTTP/1.1" 200 86564
47.128.97.211 - - [28/Jun/2024:01:38:47 +0200] "GET /ticket2/opencms/fi/buy/?edid=848957BE-8671-4A4D-3A5C-F9117B76047A HTTP/1.1" 200 73261
5.9.55.228 - - [28/Jun/2024:01:38:47 +0200] "GET /ticket2/opencms/en/buy/?page=6&comcatid=0a6b8208-fda4-e929-9d72-5312fd481b76 HTTP/1.1" 200 71625
47.128.97.211 - - [28/Jun/2024:01:38:48 +0200] "GET /ticket2/opencms/system/modules/com.gridnine.opencms.ticketbrokerage.site/resources/pics/logo-new.png HTTP/1.1" 200 13541
185.202.238.84 - - [28/Jun/2024:01:38:48 +0200] "GET /ticket2/opencms/dk/dk/buy/?page=1&edid=DF93CC1C-5D16-1499-FD92-D43F9BD2F302&sortorder=asc&column=price HTTP/1.1" 404 -
47.128.97.211 - - [28/Jun/2024:01:38:48 +0200] "GET /ticket2/opencms/system/modules/com.gridnine.opencms.ticketbrokerage.site/resources/pics/bank_4_seb.png HTTP/1.1" 200 2487
47.128.97.211 - - [28/Jun/2024:01:38:49 +0200] "GET /ticket2/opencms/system/modules/com.gridnine.opencms.ticketbrokerage.site/resources/pics/bank_5_visa_mastercard.png HTTP/1.1" 200 8196
47.128.97.211 - - [28/Jun/2024:01:38:49 +0200] "GET /ticket2/opencms/system/modules/com.gridnine.opencms.ticketbrokerage.site/resources/pics/bank_1_nordea.png HTTP/1.1" 200 4807
47.128.97.211 - - [28/Jun/2024:01:38:49 +0200] "GET /ticket2/opencms/system/modules/com.gridnine.opencms.ticketbrokerage.site/resources/pics/bank_3_swedbank.png HTTP/1.1" 200 5740
47.128.97.211 - - [28/Jun/2024:01:38:49 +0200] "GET /ticket2/opencms/system/modules/com.gridnine.opencms.ticketbrokerage.site/resources/pics/bank_2_handelsbanken.png HTTP/1.1" 200 4509
47.128.97.211 - - [28/Jun/2024:01:38:49 +0200] "GET /ticket2/opencms/system/modules/com.gridnine.opencms.ticketbrokerage.site/resources/pics/bank_6_american_express.png HTTP/1.1" 200 5570
3.224.220.101 - - [28/Jun/2024:01:38:50 +0200] "GET /ticket2/opencms/nl/buy/?edid=1B836A42-4F20-7A0F-05D1-08388A470666&page=1 HTTP/1.1" 200 86562
52.167.144.67 - - [28/Jun/2024:01:38:54 +0200] "GET /ticket2/opencms/robots.txt HTTP/1.1" 200 773
52.167.144.67 - - [28/Jun/2024:01:38:54 +0200] "GET /ticket2/opencms/robots.txt HTTP/1.1" 200 773
23.22.35.162 - - [28/Jun/2024:01:38:54 +0200] "GET /ticket2/opencms/nl/buy/?edid=285C029F-0136-4458-3DAC-D4899E4F1B96&page=1 HTTP/1.1" 200 84807
52.70.240.171 - - [28/Jun/2024:01:38:58 +0200] "GET /ticket2/opencms/nl/buy/?edid=49AE40A4-FFEF-9739-399E-88E262ED311F&page=1 HTTP/1.1" 200 84813
51.222.253.17 - - [28/Jun/2024:01:39:02 +0200] "GET /ticket2/opencms/dk/venue/?countryid=542AAA85-729E-385B-AA25-7388FBEAC6A1 HTTP/1.1" 200 101181
3.224.220.101 - - [28/Jun/2024:01:39:02 +0200] "GET /ticket2/opencms/nl/buy/?edid=9A56F165-F35D-9973-F50A-5FE9863E2B16&page=1 HTTP/1.1" 200 86562
5.9.55.228 - - [28/Jun/2024:01:39:03 +0200] "GET /ticket2/opencms/en/buy/?page=6&comcatid=0A6B8208-FDA4-E929-9D72-5312FD481B76&catid=FCA7FF95-260A-464B-B6FF-A820FCE7DFEF HTTP/1.1" 200 74991
52.167.144.139 - - [28/Jun/2024:01:39:04 +0200] "GET /ticket2/opencms/en/venue/?venueid=F046937B-FFC0-00AC-D134-B33C39D677F6 HTTP/1.1" 200 71366
3.224.220.101 - - [28/Jun/2024:01:39:06 +0200] "GET /ticket2/opencms/nl/buy/?edid=A9140ADD-E008-579D-7865-3C1E6B6E78F6&page=1 HTTP/1.1" 200 86570
52.70.240.171 - - [28/Jun/2024:01:39:10 +0200] "GET /ticket2/opencms/nl/buy/?edid=076317A2-E374-F6BE-C2AE-88F75CAA72F3&page=1 HTTP/1.1" 200 84810
66.249.76.195 - - [28/Jun/2024:01:39:13 +0200] "GET /ticket2/opencms/sv/buy/?comcatid=A17713B6-D984-201A-4143-ED4DB5ED5C2E&catid=A4D9EA9A-192D-0274-BF26-9C98D8B902AB HTTP/1.1" 200 82566
52.70.240.171 - - [28/Jun/2024:01:39:14 +0200] "GET /ticket2/opencms/nl/buy/?edid=FEE25E36-04D3-46C8-6D56-05013D91539C&page=1 HTTP/1.1" 200 84810
52.70.240.171 - - [28/Jun/2024:01:39:18 +0200] "GET /ticket2/opencms/nl/buy/?edid=2C538FDD-3C52-6C4F-20BD-65D603C9DD1A&page=1 HTTP/1.1" 200 86562
5.9.55.228 - - [28/Jun/2024:01:39:20 +0200] "GET /ticket2/opencms/en/buy/?page=6&comcatid=0A6B8208-FDA4-E929-9D72-5312FD481B76&catid=CB847559-7ECA-CC50-D7D2-064AF0C06FB1 HTTP/1.1" 200 74990
23.22.35.162 - - [28/Jun/2024:01:39:22 +0200] "GET /ticket2/opencms/nl/buy/?edid=FC000D61-FABC-A881-9E2E-0971242A71A3&page=1 HTTP/1.1" 200 86560
157.55.39.49 - - [28/Jun/2024:01:39:25 +0200] "GET /ticket2/opencms/en/buy/?page=1&edid=ED8491A3-9EF1-AF9B-7CEA-E9E6E12AF3D5 HTTP/1.1" 200 87871
3.224.220.101 - - [28/Jun/2024:01:39:27 +0200] "GET /ticket2/opencms/nl/buy/?edid=40C0E1B7-ADB1-62A5-2AFA-BC9667D7636D&page=1 HTTP/1.1" 200 84811
5.9.55.228 - - [28/Jun/2024:01:39:27 +0200] "GET /ticket2/opencms/en/buy/?page=6&comcatid=0A6B8208-FDA4-E929-9D72-5312FD481B76&catid=AD8E612F-0F0B-03C9-5236-E4F8B6523945 HTTP/1.1" 200 74993
52.70.240.171 - - [28/Jun/2024:01:39:30 +0200] "GET /ticket2/opencms/nl/buy/?edid=5D2C7F0A-6D8C-4B20-24D2-21DDAC599D86&page=1 HTTP/1.1" 200 84815
47.128.63.129 - - [28/Jun/2024:01:39:32 +0200] "GET /ticket2/opencms/no/buy/?catid=70B37487-FE30-D476-CAE7-E6AFEA3153F2&comcatid=A17713B6-D984-201A-4143-ED4DB5ED5C2E HTTP/1.1" 200 83073
47.128.63.129 - - [28/Jun/2024:01:39:33 +0200] "GET /ticket2/opencms/system/modules/com.gridnine.opencms.ticketbrokerage.site/resources/pics/logo-new.png HTTP/1.1" 200 13541
47.128.63.129 - - [28/Jun/2024:01:39:34 +0200] "GET /ticket2/opencms/system/modules/com.gridnine.opencms.ticketbrokerage.site/resources/pics/bank_3_swedbank.png HTTP/1.1" 200 5740
47.128.63.129 - - [28/Jun/2024:01:39:34 +0200] "GET /ticket2/opencms/system/modules/com.gridnine.opencms.ticketbrokerage.site/resources/pics/bank_4_seb.png HTTP/1.1" 200 2487
52.70.240.171 - - [28/Jun/2024:01:39:34 +0200] "GET /ticket2/opencms/nl/buy/?edid=78E4B91C-1F75-6F0B-081E-2F48F65F6C41&page=1 HTTP/1.1" 200 86559
47.128.63.129 - - [28/Jun/2024:01:39:34 +0200] "GET /ticket2/opencms/system/modules/com.gridnine.opencms.ticketbrokerage.site/resources/pics/bank_1_nordea.png HTTP/1.1" 200 4807
47.128.63.129 - - [28/Jun/2024:01:39:34 +0200] "GET /ticket2/opencms/system/modules/com.gridnine.opencms.ticketbrokerage.site/resources/pics/bank_5_visa_mastercard.png HTTP/1.1" 200 8196
47.128.63.129 - - [28/Jun/2024:01:39:34 +0200] "GET /ticket2/opencms/system/modules/com.gridnine.opencms.ticketbrokerage.site/resources/pics/bank_2_handelsbanken.png HTTP/1.1" 200 4509
47.128.63.129 - - [28/Jun/2024:01:39:34 +0200] "GET /ticket2/opencms/system/modules/com.gridnine.opencms.ticketbrokerage.site/resources/pics/bank_6_american_express.png HTTP/1.1" 200 5570
52.167.144.174 - - [28/Jun/2024:01:39:35 +0200] "GET /ticket2/opencms/fi/sv/sell/?edid=669F9C26-CA37-E9DB-4C9D-33C9198E963A HTTP/1.1" 404 -
3.224.220.101 - - [28/Jun/2024:01:39:38 +0200] "GET /ticket2/opencms/nl/buy/?catid=&comcatid=A17713B6-D984-201A-4143-ED4DB5ED5C2E&npage=1 HTTP/1.1" 200 239287
23.22.35.162 - - [28/Jun/2024:01:39:42 +0200] "GET /ticket2/opencms/fr/buy/?catid=7ACC33AD-EE7E-AAA7-9050-0F4587759B87&comcatid=A17713B6-D984-201A-4143-ED4DB5ED5C2E HTTP/1.1" 200 82855
5.9.55.228 - - [28/Jun/2024:01:39:45 +0200] "GET /ticket2/opencms/en/buy/?page=6&comcatid=0A6B8208-FDA4-E929-9D72-5312FD481B76&catid=A05A53F7-423D-23BE-575E-EA7B67DE22D9 HTTP/1.1" 200 74992
23.22.35.162 - - [28/Jun/2024:01:39:46 +0200] "GET /ticket2/opencms/fr/buy/?catid=42C82D82-D02A-8562-E55C-48ADB3771882&comcatid=A17713B6-D984-201A-4143-ED4DB5ED5C2E HTTP/1.1" 200 82870
23.22.35.162 - - [28/Jun/2024:01:39:50 +0200] "GET /ticket2/opencms/fr/buy/?catid=2DE12DDA-A5FB-C1C6-CB20-FBF873FB032B&comcatid=A17713B6-D984-201A-4143-ED4DB5ED5C2E HTTP/1.1" 200 82865
3.224.220.101 - - [28/Jun/2024:01:39:54 +0200] "GET /ticket2/opencms/fr/buy/?catid=3A7AEA37-903D-9533-4B33-21B0001FF1D1&comcatid=A17713B6-D984-201A-4143-ED4DB5ED5C2E HTTP/1.1" 200 82854
3.224.220.101 - - [28/Jun/2024:01:39:58 +0200] "GET /ticket2/opencms/fr/buy/?catid=B0817F4C-4B6F-A68C-6229-209BB05F84D4&comcatid=A17713B6-D984-201A-4143-ED4DB5ED5C2E HTTP/1.1" 200 82844
5.9.55.228 - - [28/Jun/2024:01:40:02 +0200] "GET /ticket2/opencms/en/buy/?page=6&comcatid=0A6B8208-FDA4-E929-9D72-5312FD481B76&catid=8E4972FC-6E2C-77A4-BB9D-D67BD270A641 HTTP/1.1" 200 74984
23.22.35.162 - - [28/Jun/2024:01:40:02 +0200] "GET /ticket2/opencms/fr/buy/?catid=739BFC5D-78FA-6834-D764-6CE64CA5F9EC&comcatid=A17713B6-D984-201A-4143-ED4DB5ED5C2E HTTP/1.1" 200 82854
47.128.127.217 - - [28/Jun/2024:01:40:04 +0200] "GET /ticket2/opencms/dk/buy/?catid=21C3854B-901E-11F9-7B7D-6838CC6AFAA4&comcatid=A17713B6-D984-201A-4143-ED4DB5ED5C2E HTTP/1.1" 200 82267
47.128.127.217 - - [28/Jun/2024:01:40:05 +0200] "GET /ticket2/opencms/system/modules/com.gridnine.opencms.ticketbrokerage.site/resources/pics/logo-new.png HTTP/1.1" 200 13541
47.128.127.217 - - [28/Jun/2024:01:40:06 +0200] "GET /ticket2/opencms/system/modules/com.gridnine.opencms.ticketbrokerage.site/resources/pics/bank_2_handelsbanken.png HTTP/1.1" 200 4509
47.128.127.217 - - [28/Jun/2024:01:40:06 +0200] "GET /ticket2/opencms/system/modules/com.gridnine.opencms.ticketbrokerage.site/resources/pics/bank_1_nordea.png HTTP/1.1" 200 4807
52.70.240.171 - - [28/Jun/2024:01:40:07 +0200] "GET /ticket2/opencms/fr/buy/?catid=64756941-02D2-3538-2077-8C2508F4A3A8&comcatid=A17713B6-D984-201A-4143-ED4DB5ED5C2E HTTP/1.1" 200 82853
47.128.127.217 - - [28/Jun/2024:01:40:07 +0200] "GET /ticket2/opencms/system/modules/com.gridnine.opencms.ticketbrokerage.site/resources/pics/bank_3_swedbank.png HTTP/1.1" 200 5740
47.128.127.217 - - [28/Jun/2024:01:40:07 +0200] "GET /ticket2/opencms/system/modules/com.gridnine.opencms.ticketbrokerage.site/resources/pics/bank_5_visa_mastercard.png HTTP/1.1" 200 8196
47.128.127.217 - - [28/Jun/2024:01:40:07 +0200] "GET /ticket2/opencms/system/modules/com.gridnine.opencms.ticketbrokerage.site/resources/pics/bank_4_seb.png HTTP/1.1" 200 2487
47.128.127.217 - - [28/Jun/2024:01:40:07 +0200] "GET /ticket2/opencms/system/modules/com.gridnine.opencms.ticketbrokerage.site/resources/pics/bank_6_american_express.png HTTP/1.1" 200 5570
5.9.55.228 - - [28/Jun/2024:01:40:10 +0200] "GET /ticket2/opencms/en/buy/?page=6&comcatid=0A6B8208-FDA4-E929-9D72-5312FD481B76&catid=5ED34547-492C-90DA-709D-448345844685 HTTP/1.1" 200 74992
23.22.35.162 - - [28/Jun/2024:01:40:11 +0200] "GET /ticket2/opencms/fr/buy/?catid=0A9E385E-33D9-328E-DC79-CA2C7009C829&comcatid=A17713B6-D984-201A-4143-ED4DB5ED5C2E HTTP/1.1" 200 82853
52.70.240.171 - - [28/Jun/2024:01:40:14 +0200] "GET /ticket2/opencms/fr/buy/?catid=D08E96E8-A514-9E09-4E22-63713911E0B8&comcatid=A17713B6-D984-201A-4143-ED4DB5ED5C2E HTTP/1.1" 200 82861
66.249.75.105 - - [28/Jun/2024:01:40:14 +0200] "GET /ticket2/opencms/sv/sport/fotbollsbiljetter/premier_league/chelsea/restips_stamford_bridge/ HTTP/1.1" 200 77866
66.249.77.161 - - [28/Jun/2024:01:40:15 +0200] "GET /ticket2/opencms/no/sport/fotballsbilletter/premier_league/manchester_city/ HTTP/1.1" 200 85412
52.70.240.171 - - [28/Jun/2024:01:40:18 +0200] "GET /ticket2/opencms/fr/buy/?catid=BE041FBE-C1A7-918C-EB61-99ED02D12F5B&comcatid=A17713B6-D984-201A-4143-ED4DB5ED5C2E HTTP/1.1" 200 82853
52.70.240.171 - - [28/Jun/2024:01:40:22 +0200] "GET /ticket2/opencms/fr/buy/?catid=BDD8C04C-DD99-1C07-B5F3-F2AB98D157E8&comcatid=A17713B6-D984-201A-4143-ED4DB5ED5C2E HTTP/1.1" 200 82852
47.128.62.6 - - [28/Jun/2024:01:40:23 +0200] "GET /ticket2/opencms/no/buy/?comcatid=A17713B6-D984-201A-4143-ED4DB5ED5C2E&npage=2 HTTP/1.1" 200 200851
47.128.62.6 - - [28/Jun/2024:01:40:24 +0200] "GET /ticket2/opencms/system/modules/com.gridnine.opencms.ticketbrokerage.site/resources/pics/logo-new.png HTTP/1.1" 200 13541
47.128.62.6 - - [28/Jun/2024:01:40:25 +0200] "GET /ticket2/opencms/system/modules/com.gridnine.opencms.ticketbrokerage.site/resources/pics/bank_1_nordea.png HTTP/1.1" 200 4807
47.128.62.6 - - [28/Jun/2024:01:40:25 +0200] "GET /ticket2/opencms/system/modules/com.gridnine.opencms.ticketbrokerage.site/resources/pics/bank_4_seb.png HTTP/1.1" 200 2487
47.128.62.6 - - [28/Jun/2024:01:40:26 +0200] "GET /ticket2/opencms/system/modules/com.gridnine.opencms.ticketbrokerage.site/resources/pics/bank_3_swedbank.png HTTP/1.1" 200 5740
47.128.62.6 - - [28/Jun/2024:01:40:26 +0200] "GET /ticket2/opencms/system/modules/com.gridnine.opencms.ticketbrokerage.site/resources/pics/bank_2_handelsbanken.png HTTP/1.1" 200 4509
47.128.62.6 - - [28/Jun/2024:01:40:26 +0200] "GET /ticket2/opencms/system/modules/com.gridnine.opencms.ticketbrokerage.site/resources/pics/bank_5_visa_mastercard.png HTTP/1.1" 200 8196
47.128.62.6 - - [28/Jun/2024:01:40:26 +0200] "GET /ticket2/opencms/system/modules/com.gridnine.opencms.ticketbrokerage.site/resources/pics/bank_6_american_express.png HTTP/1.1" 200 5570
23.22.35.162 - - [28/Jun/2024:01:40:26 +0200] "GET /ticket2/opencms/fr/buy/?catid=88C381AD-5D76-A34D-AC15-A7129F8EF5BE&comcatid=A17713B6-D984-201A-4143-ED4DB5ED5C2E HTTP/1.1" 200 82844
47.128.127.234 - - [28/Jun/2024:01:40:27 +0200] "GET /ticket2/opencms/no/sport/fotballsbilletter/serie_a/ HTTP/1.1" 200 78559
51.222.253.18 - - [28/Jun/2024:01:40:28 +0200] "GET /ticket2/opencms/dk/venue/?countryid=1D2AF5BD-A881-D22D-AE7C-E22D0AA83910 HTTP/1.1" 200 101181
5.9.55.228 - - [28/Jun/2024:01:40:28 +0200] "GET /ticket2/opencms/en/buy/?page=6&comcatid=0A6B8208-FDA4-E929-9D72-5312FD481B76&catid=53E7B32E-5CAA-6CE7-D6AA-FFC41D70EE01 HTTP/1.1" 200 74992
207.46.13.14 - - [28/Jun/2024:01:40:29 +0200] "GET /ticket2/opencms/fi/urheilu/jalkapallo/premier_league/tottenham/ HTTP/1.1" 200 85782
47.128.127.234 - - [28/Jun/2024:01:40:29 +0200] "GET /ticket2/opencms/system/modules/com.gridnine.opencms.ticketbrokerage.site/resources/pics/logo-new.png HTTP/1.1" 200 13541
23.22.35.162 - - [28/Jun/2024:01:40:30 +0200] "GET /ticket2/opencms/fr/buy/?catid=4B941E1B-E4E2-C53E-C693-9FA91BBA9AD5&comcatid=A17713B6-D984-201A-4143-ED4DB5ED5C2E HTTP/1.1" 200 82857
47.128.127.234 - - [28/Jun/2024:01:40:31 +0200] "GET /ticket2/opencms/system/modules/com.gridnine.opencms.ticketbrokerage.site/resources/pics/banners/sv/serie_a_sv.png HTTP/1.1" 200 13270
47.128.127.234 - - [28/Jun/2024:01:40:31 +0200] "GET /ticket2/opencms/system/modules/com.gridnine.opencms.ticketbrokerage.site/resources/pics/bank_1_nordea.png HTTP/1.1" 200 4807
47.128.127.234 - - [28/Jun/2024:01:40:31 +0200] "GET /ticket2/opencms/system/modules/com.gridnine.opencms.ticketbrokerage.site/resources/pics/bank_2_handelsbanken.png HTTP/1.1" 200 4509
47.128.127.234 - - [28/Jun/2024:01:40:31 +0200] "GET /ticket2/opencms/system/modules/com.gridnine.opencms.ticketbrokerage.site/resources/pics/bank_3_swedbank.png HTTP/1.1" 200 5740
47.128.127.234 - - [28/Jun/2024:01:40:31 +0200] "GET /ticket2/opencms/system/modules/com.gridnine.opencms.ticketbrokerage.site/resources/pics/bank_4_seb.png HTTP/1.1" 200 2487
47.128.127.234 - - [28/Jun/2024:01:40:31 +0200] "GET /ticket2/opencms/system/modules/com.gridnine.opencms.ticketbrokerage.site/resources/pics/bank_5_visa_mastercard.png HTTP/1.1" 200 8196
47.128.127.234 - - [28/Jun/2024:01:40:32 +0200] "GET /ticket2/opencms/system/modules/com.gridnine.opencms.ticketbrokerage.site/resources/pics/bank_6_american_express.png HTTP/1.1" 200 5570
52.70.240.171 - - [28/Jun/2024:01:40:34 +0200] "GET /ticket2/opencms/fr/buy/?catid=573B7747-EE85-D769-C87D-F3F61FB64AA5&comcatid=A17713B6-D984-201A-4143-ED4DB5ED5C2E HTTP/1.1" 200 82856
23.22.35.162 - - [28/Jun/2024:01:40:38 +0200] "GET /ticket2/opencms/fr/buy/?catid=6E0E0CA4-3F14-9697-92B9-3687047BE453&comcatid=A17713B6-D984-201A-4143-ED4DB5ED5C2E HTTP/1.1" 200 82855
23.22.35.162 - - [28/Jun/2024:01:40:42 +0200] "GET /ticket2/opencms/fr/buy/?catid=82F804FA-9F69-CB6B-D41D-7BF7C716058B&comcatid=A17713B6-D984-201A-4143-ED4DB5ED5C2E HTTP/1.1" 200 82847
5.9.55.228 - - [28/Jun/2024:01:40:46 +0200] "GET /ticket2/opencms/en/buy/?page=6&comcatid=0A6B8208-FDA4-E929-9D72-5312FD481B76&catid=465306FD-802C-5175-10FF-40E426DD2769 HTTP/1.1" 200 74987
23.22.35.162 - - [28/Jun/2024:01:40:46 +0200] "GET /ticket2/opencms/fr/buy/?catid=C871EAE3-C584-718A-9795-07CDEF43FA75&comcatid=A17713B6-D984-201A-4143-ED4DB5ED5C2E HTTP/1.1" 200 82847
198.235.24.177 - - [28/Jun/2024:01:40:49 +0200] "GET / HTTP/1.1" 404 -
52.70.240.171 - - [28/Jun/2024:01:40:50 +0200] "GET /ticket2/opencms/fr/buy/?catid=A7674DEA-B39E-502C-2F76-760AE08947E9&comcatid=A17713B6-D984-201A-4143-ED4DB5ED5C2E HTTP/1.1" 200 82848
47.128.19.63 - - [28/Jun/2024:01:40:52 +0200] "GET /ticket2/opencms/fi/buy/?catid=82F804FA-9F69-CB6B-D41D-7BF7C716058B&comcatid=A17713B6-D984-201A-4143-ED4DB5ED5C2E&eventid=265F6746-CFC4-3148-B232-5753484890DA&page=7 HTTP/1.1" 200 83444
47.128.19.63 - - [28/Jun/2024:01:40:53 +0200] "GET /ticket2/opencms/system/modules/com.gridnine.opencms.ticketbrokerage.site/resources/pics/logo-new.png HTTP/1.1" 200 13541
47.128.19.63 - - [28/Jun/2024:01:40:54 +0200] "GET /ticket2/opencms/system/modules/com.gridnine.opencms.ticketbrokerage.site/resources/pics/bank_1_nordea.png HTTP/1.1" 200 4807
47.128.19.63 - - [28/Jun/2024:01:40:54 +0200] "GET /ticket2/opencms/system/modules/com.gridnine.opencms.ticketbrokerage.site/resources/pics/bank_5_visa_mastercard.png HTTP/1.1" 200 8196
47.128.19.63 - - [28/Jun/2024:01:40:54 +0200] "GET /ticket2/opencms/system/modules/com.gridnine.opencms.ticketbrokerage.site/resources/pics/bank_3_swedbank.png HTTP/1.1" 200 5740
47.128.19.63 - - [28/Jun/2024:01:40:54 +0200] "GET /ticket2/opencms/system/modules/com.gridnine.opencms.ticketbrokerage.site/resources/pics/bank_4_seb.png HTTP/1.1" 200 2487
47.128.19.63 - - [28/Jun/2024:01:40:54 +0200] "GET /ticket2/opencms/system/modules/com.gridnine.opencms.ticketbrokerage.site/resources/pics/bank_6_american_express.png HTTP/1.1" 200 5570
47.128.19.63 - - [28/Jun/2024:01:40:54 +0200] "GET /ticket2/opencms/system/modules/com.gridnine.opencms.ticketbrokerage.site/resources/pics/bank_2_handelsbanken.png HTTP/1.1" 200 4509
52.70.240.171 - - [28/Jun/2024:01:40:55 +0200] "GET /ticket2/opencms/fr/buy/?catid=7CF2D645-F785-0CBB-1B7C-C4711617EAAD&comcatid=A17713B6-D984-201A-4143-ED4DB5ED5C2E HTTP/1.1" 200 83530
52.70.240.171 - - [28/Jun/2024:01:40:58 +0200] "GET /ticket2/opencms/fr/buy/?catid=8AA488FA-6797-D710-8108-3088D6948FC1&comcatid=A17713B6-D984-201A-4143-ED4DB5ED5C2E HTTP/1.1" 200 82845
216.245.221.83 - - [28/Jun/2024:01:40:59 +0200] "HEAD /ticket2/opencms/ HTTP/1.1" 302 -
216.245.221.83 - - [28/Jun/2024:01:41:02 +0200] "HEAD /ticket2/opencms/en/ HTTP/1.1" 200 -
23.22.35.162 - - [28/Jun/2024:01:41:02 +0200] "GET /ticket2/opencms/fr/buy/?catid=AE3FE643-AE41-BAA6-237D-5206D1B044A1&comcatid=A17713B6-D984-201A-4143-ED4DB5ED5C2E HTTP/1.1" 200 82850
5.9.55.228 - - [28/Jun/2024:01:41:03 +0200] "GET /ticket2/opencms/en/buy/?page=6&comcatid=0A6B8208-FDA4-E929-9D72-5312FD481B76&catid=412DBCF4-025D-8ABC-7A40-D7C760E055FF HTTP/1.1" 200 74995
47.128.122.167 - - [28/Jun/2024:01:41:05 +0200] "GET /ticket2/opencms/fi/buy/?edid=299450E2-FDAD-4E2B-0058-6290A7A2B57D HTTP/1.1" 200 73261
47.128.122.167 - - [28/Jun/2024:01:41:06 +0200] "GET /ticket2/opencms/system/modules/com.gridnine.opencms.ticketbrokerage.site/resources/pics/logo-new.png HTTP/1.1" 200 13541
47.128.122.167 - - [28/Jun/2024:01:41:06 +0200] "GET /ticket2/opencms/system/modules/com.gridnine.opencms.ticketbrokerage.site/resources/pics/bank_2_handelsbanken.png HTTP/1.1" 200 4509
3.224.220.101 - - [28/Jun/2024:01:41:06 +0200] "GET /ticket2/opencms/fr/buy/?catid=FF8D7FE7-4B09-7305-01C7-2D47F7913EB8&comcatid=A17713B6-D984-201A-4143-ED4DB5ED5C2E HTTP/1.1" 200 82850
47.128.122.167 - - [28/Jun/2024:01:41:07 +0200] "GET /ticket2/opencms/system/modules/com.gridnine.opencms.ticketbrokerage.site/resources/pics/bank_1_nordea.png HTTP/1.1" 200 4807
47.128.122.167 - - [28/Jun/2024:01:41:07 +0200] "GET /ticket2/opencms/system/modules/com.gridnine.opencms.ticketbrokerage.site/resources/pics/bank_4_seb.png HTTP/1.1" 200 2487
47.128.122.167 - - [28/Jun/2024:01:41:07 +0200] "GET /ticket2/opencms/system/modules/com.gridnine.opencms.ticketbrokerage.site/resources/pics/bank_3_swedbank.png HTTP/1.1" 200 5740
47.128.122.167 - - [28/Jun/2024:01:41:07 +0200] "GET /ticket2/opencms/system/modules/com.gridnine.opencms.ticketbrokerage.site/resources/pics/bank_5_visa_mastercard.png HTTP/1.1" 200 8196
47.128.122.167 - - [28/Jun/2024:01:41:07 +0200] "GET /ticket2/opencms/system/modules/com.gridnine.opencms.ticketbrokerage.site/resources/pics/bank_6_american_express.png HTTP/1.1" 200 5570
3.224.220.101 - - [28/Jun/2024:01:41:10 +0200] "GET /ticket2/opencms/fr/buy/?catid=3B549160-8B9C-E872-44A9-20FEA86B30E8&comcatid=A17713B6-D984-201A-4143-ED4DB5ED5C2E HTTP/1.1" 200 82850
114.119.159.123 - - [28/Jun/2024:01:41:13 +0200] "GET /ticket2/opencms/en/venue/?venueid=D436D35C-B831-A55A-C197-F1CFCA7C670C HTTP/1.1" 200 71396
47.128.62.78 - - [28/Jun/2024:01:41:14 +0200] "GET /ticket2/opencms/fi/buy/?catid=CB847559-7ECA-CC50-D7D2-064AF0C06FB1&comcatid=0A6B8208-FDA4-E929-9D72-5312FD481B76 HTTP/1.1" 200 77111
23.22.35.162 - - [28/Jun/2024:01:41:14 +0200] "GET /ticket2/opencms/fr/buy/?catid=97608B80-50C4-18AE-7A82-0413C62E9243&comcatid=A17713B6-D984-201A-4143-ED4DB5ED5C2E HTTP/1.1" 200 82849
47.128.62.78 - - [28/Jun/2024:01:41:15 +0200] "GET /ticket2/opencms/system/modules/com.gridnine.opencms.ticketbrokerage.site/resources/pics/logo-new.png HTTP/1.1" 200 13541
47.128.62.78 - - [28/Jun/2024:01:41:15 +0200] "GET /ticket2/opencms/system/modules/com.gridnine.opencms.ticketbrokerage.site/resources/pics/bank_1_nordea.png HTTP/1.1" 200 4807
47.128.62.78 - - [28/Jun/2024:01:41:16 +0200] "GET /ticket2/opencms/system/modules/com.gridnine.opencms.ticketbrokerage.site/resources/pics/bank_3_swedbank.png HTTP/1.1" 200 5740
47.128.62.78 - - [28/Jun/2024:01:41:16 +0200] "GET /ticket2/opencms/system/modules/com.gridnine.opencms.ticketbrokerage.site/resources/pics/bank_4_seb.png HTTP/1.1" 200 2487
47.128.62.78 - - [28/Jun/2024:01:41:16 +0200] "GET /ticket2/opencms/system/modules/com.gridnine.opencms.ticketbrokerage.site/resources/pics/bank_2_handelsbanken.png HTTP/1.1" 200 4509
47.128.62.78 - - [28/Jun/2024:01:41:16 +0200] "GET /ticket2/opencms/system/modules/com.gridnine.opencms.ticketbrokerage.site/resources/pics/bank_6_american_express.png HTTP/1.1" 200 5570
47.128.62.78 - - [28/Jun/2024:01:41:16 +0200] "GET /ticket2/opencms/system/modules/com.gridnine.opencms.ticketbrokerage.site/resources/pics/bank_5_visa_mastercard.png HTTP/1.1" 200 8196
66.249.76.195 - - [28/Jun/2024:01:41:18 +0200] "GET /ticket2/opencms/sv/buy/?page=1&edid=C448ACCE-4E2F-44DD-92FC-D2C00A7DD0E5 HTTP/1.1" 200 110764
52.70.240.171 - - [28/Jun/2024:01:41:18 +0200] "GET /ticket2/opencms/fr/buy/?catid=36394212-F82E-F845-399B-42BED55969CC&comcatid=A17713B6-D984-201A-4143-ED4DB5ED5C2E HTTP/1.1" 200 82848
66.249.69.128 - - [28/Jun/2024:01:41:19 +0200] "GET /ticket2/opencms/sv/buy/?page=1&edid=3E8160AB-0FBD-70C5-9AD2-7741AA7C1F1A HTTP/1.1" 200 111855
47.128.19.216 - - [28/Jun/2024:01:41:19 +0200] "GET /ticket2/opencms/sv/?comcatid=810BB404-4103-77F2-A6C2-12D5E6C338E2 HTTP/1.1" 200 91831
66.249.72.101 - - [28/Jun/2024:01:41:19 +0200] "GET /ticket2/opencms/de/buy?page=1&edid=56F28A7B-F2BA-A987-F0EA-6526B22962C8 HTTP/1.1" 200 89711
47.128.19.216 - - [28/Jun/2024:01:41:20 +0200] "GET /ticket2/opencms/system/modules/com.gridnine.opencms.ticketbrokerage.site/resources/pics/logo-new.png HTTP/1.1" 200 13541
5.9.55.228 - - [28/Jun/2024:01:41:20 +0200] "GET /ticket2/opencms/en/buy/?page=6&comcatid=0A6B8208-FDA4-E929-9D72-5312FD481B76&catid=3A56B1C2-6FFB-C8D1-B229-B3914D5FF8DF HTTP/1.1" 200 74992
47.128.19.216 - - [28/Jun/2024:01:41:21 +0200] "GET /ticket2/opencms/system/modules/com.gridnine.opencms.ticketbrokerage.site/resources/pics/bank_1_nordea.png HTTP/1.1" 200 4807
66.249.75.168 - - [28/Jun/2024:01:41:21 +0200] "GET /ticket2/opencms/sv/faq/ HTTP/1.1" 200 75985
47.128.19.216 - - [28/Jun/2024:01:41:21 +0200] "GET /ticket2/opencms/system/modules/com.gridnine.opencms.ticketbrokerage.site/resources/pics/bank_2_handelsbanken.png HTTP/1.1" 200 4509
47.128.19.216 - - [28/Jun/2024:01:41:22 +0200] "GET /ticket2/opencms/system/modules/com.gridnine.opencms.ticketbrokerage.site/resources/pics/bank_4_seb.png HTTP/1.1" 200 2487
47.128.19.216 - - [28/Jun/2024:01:41:22 +0200] "GET /ticket2/opencms/system/modules/com.gridnine.opencms.ticketbrokerage.site/resources/pics/bank_5_visa_mastercard.png HTTP/1.1" 200 8196
47.128.19.216 - - [28/Jun/2024:01:41:22 +0200] "GET /ticket2/opencms/system/modules/com.gridnine.opencms.ticketbrokerage.site/resources/pics/bank_3_swedbank.png HTTP/1.1" 200 5740
47.128.19.216 - - [28/Jun/2024:01:41:22 +0200] "GET /ticket2/opencms/system/modules/com.gridnine.opencms.ticketbrokerage.site/resources/pics/bank_6_american_express.png HTTP/1.1" 200 5570
23.22.35.162 - - [28/Jun/2024:01:41:22 +0200] "GET /ticket2/opencms/fr/buy/?catid=C48671DB-5AEB-8CE2-928E-38417FFBE085&comcatid=A17713B6-D984-201A-4143-ED4DB5ED5C2E HTTP/1.1" 200 82850
23.22.35.162 - - [28/Jun/2024:01:41:26 +0200] "GET /ticket2/opencms/fr/buy/?catid=C0DF818C-DB21-6E2E-4056-DB751FFE0C41&comcatid=A17713B6-D984-201A-4143-ED4DB5ED5C2E HTTP/1.1" 200 82846
3.224.220.101 - - [28/Jun/2024:01:41:30 +0200] "GET /ticket2/opencms/fr/buy/?catid=F03B8ADD-988E-AE6A-8DBA-AF502C691C60&comcatid=A17713B6-D984-201A-4143-ED4DB5ED5C2E HTTP/1.1" 200 82860
3.224.220.101 - - [28/Jun/2024:01:41:34 +0200] "GET /ticket2/opencms/fr/buy/?catid=515A9A29-35A0-2DB8-262B-AEF122DB04F6&comcatid=A17713B6-D984-201A-4143-ED4DB5ED5C2E HTTP/1.1" 200 82850
5.9.55.228 - - [28/Jun/2024:01:41:37 +0200] "GET /ticket2/opencms/en/buy/?page=6&comcatid=0A6B8208-FDA4-E929-9D72-5312FD481B76&catid=26594C33-56CE-F529-FAF3-61AB33F74A3B HTTP/1.1" 200 74991
52.70.240.171 - - [28/Jun/2024:01:41:38 +0200] "GET /ticket2/opencms/fr/buy/?catid=5A89E483-58AD-080E-F363-E16CE738916A&comcatid=A17713B6-D984-201A-4143-ED4DB5ED5C2E HTTP/1.1" 200 82856
47.128.19.137 - - [28/Jun/2024:01:41:41 +0200] "GET /ticket2/opencms/no/buy/?comcatid=97ECA65A-72DA-F9AF-9DBB-245D3CFED1BE&page=6 HTTP/1.1" 200 77809
47.128.19.137 - - [28/Jun/2024:01:41:42 +0200] "GET /ticket2/opencms/system/modules/com.gridnine.opencms.ticketbrokerage.site/resources/pics/logo-new.png HTTP/1.1" 200 13541
3.224.220.101 - - [28/Jun/2024:01:41:42 +0200] "GET /ticket2/opencms/fr/buy/?catid=061607E6-22B7-6FFA-03FD-A4B8B13A943F&comcatid=A17713B6-D984-201A-4143-ED4DB5ED5C2E HTTP/1.1" 200 82852
47.128.19.137 - - [28/Jun/2024:01:41:42 +0200] "GET /ticket2/opencms/system/modules/com.gridnine.opencms.ticketbrokerage.site/resources/pics/bank_1_nordea.png HTTP/1.1" 200 4807
47.128.19.137 - - [28/Jun/2024:01:41:43 +0200] "GET /ticket2/opencms/system/modules/com.gridnine.opencms.ticketbrokerage.site/resources/pics/bank_2_handelsbanken.png HTTP/1.1" 200 4509
47.128.19.137 - - [28/Jun/2024:01:41:43 +0200] "GET /ticket2/opencms/system/modules/com.gridnine.opencms.ticketbrokerage.site/resources/pics/bank_3_swedbank.png HTTP/1.1" 200 5740
47.128.19.137 - - [28/Jun/2024:01:41:43 +0200] "GET /ticket2/opencms/system/modules/com.gridnine.opencms.ticketbrokerage.site/resources/pics/bank_5_visa_mastercard.png HTTP/1.1" 200 8196
47.128.19.137 - - [28/Jun/2024:01:41:43 +0200] "GET /ticket2/opencms/system/modules/com.gridnine.opencms.ticketbrokerage.site/resources/pics/bank_4_seb.png HTTP/1.1" 200 2487
47.128.19.137 - - [28/Jun/2024:01:41:43 +0200] "GET /ticket2/opencms/system/modules/com.gridnine.opencms.ticketbrokerage.site/resources/pics/bank_6_american_express.png HTTP/1.1" 200 5570
3.224.220.101 - - [28/Jun/2024:01:41:46 +0200] "GET /ticket2/opencms/fr/buy/?catid=7EF04817-972D-18B1-F941-DE800D088075&comcatid=A17713B6-D984-201A-4143-ED4DB5ED5C2E HTTP/1.1" 200 82859
66.249.72.35 - - [28/Jun/2024:01:41:47 +0200] "GET /ticket2/opencms/system/modules/com.gridnine.opencms.ticketbrokerage.site/resources/pics/book_tickets_button_en.png HTTP/1.1" 200 8700
51.222.253.10 - - [28/Jun/2024:01:41:50 +0200] "GET /ticket2/opencms/dk/venue/?countryid=9F359E38-9140-4AB1-4689-B4648FEDC1F9 HTTP/1.1" 200 101181
23.22.35.162 - - [28/Jun/2024:01:41:50 +0200] "GET /ticket2/opencms/fr/buy/?catid=06324577-7173-BAB0-146D-E644C912F7C1&comcatid=A17713B6-D984-201A-4143-ED4DB5ED5C2E HTTP/1.1" 200 82854
3.224.220.101 - - [28/Jun/2024:01:41:54 +0200] "GET /ticket2/opencms/fr/buy/?catid=E961462E-5AC2-64D6-5850-A310C9DEAA06&comcatid=A17713B6-D984-201A-4143-ED4DB5ED5C2E HTTP/1.1" 200 82857
5.9.55.228 - - [28/Jun/2024:01:41:54 +0200] "GET /ticket2/opencms/en/buy/?page=6&comcatid=0A6B8208-FDA4-E929-9D72-5312FD481B76&catid=1DB7F66B-473B-B427-F752-358FEEFE8EC0 HTTP/1.1" 200 74991
23.22.35.162 - - [28/Jun/2024:01:41:58 +0200] "GET /ticket2/opencms/fr/buy/?catid=7BADFFFB-57C5-5DBC-E7EB-B45075B3D8F9&comcatid=A17713B6-D984-201A-4143-ED4DB5ED5C2E HTTP/1.1" 200 82858
23.22.35.162 - - [28/Jun/2024:01:42:02 +0200] "GET /ticket2/opencms/fr/buy/?catid=2FC3D548-EAF9-1354-0CD2-7D7619DA2334&comcatid=A17713B6-D984-201A-4143-ED4DB5ED5C2E HTTP/1.1" 200 82845
52.167.144.235 - - [28/Jun/2024:01:42:03 +0200] "GET /ticket2/opencms/en/sell/?edid=1A528A59-AD98-4A90-3FE1-F1B5268050E9 HTTP/1.1" 302 -
47.128.63.123 - - [28/Jun/2024:01:42:05 +0200] "GET /ticket2/opencms/fi/buy/?catid=BDD8C04C-DD99-1C07-B5F3-F2AB98D157E8&comcatid=A17713B6-D984-201A-4143-ED4DB5ED5C2E HTTP/1.1" 200 83449
52.167.144.235 - - [28/Jun/2024:01:42:06 +0200] "GET /ticket2/opencms/en/login/?url=/en/sell/ HTTP/1.1" 200 73431
47.128.63.123 - - [28/Jun/2024:01:42:06 +0200] "GET /ticket2/opencms/system/modules/com.gridnine.opencms.ticketbrokerage.site/resources/pics/logo-new.png HTTP/1.1" 200 13541
3.224.220.101 - - [28/Jun/2024:01:42:06 +0200] "GET /ticket2/opencms/fr/buy/?catid=6BD6E0B0-84AF-3A0D-3851-C1357CE9B771&comcatid=A17713B6-D984-201A-4143-ED4DB5ED5C2E HTTP/1.1" 200 82855
47.128.63.123 - - [28/Jun/2024:01:42:06 +0200] "GET /ticket2/opencms/system/modules/com.gridnine.opencms.ticketbrokerage.site/resources/pics/bank_1_nordea.png HTTP/1.1" 200 4807
47.128.63.123 - - [28/Jun/2024:01:42:07 +0200] "GET /ticket2/opencms/system/modules/com.gridnine.opencms.ticketbrokerage.site/resources/pics/bank_3_swedbank.png HTTP/1.1" 200 5740
47.128.60.9 - - [28/Jun/2024:01:42:07 +0200] "GET /ticket2/opencms/no/?comcatid=66708183-7480-3365-06BF-DBF60280AB45 HTTP/1.1" 200 92442
47.128.63.123 - - [28/Jun/2024:01:42:07 +0200] "GET /ticket2/opencms/system/modules/com.gridnine.opencms.ticketbrokerage.site/resources/pics/bank_4_seb.png HTTP/1.1" 200 2487
47.128.63.123 - - [28/Jun/2024:01:42:07 +0200] "GET /ticket2/opencms/system/modules/com.gridnine.opencms.ticketbrokerage.site/resources/pics/bank_2_handelsbanken.png HTTP/1.1" 200 4509
47.128.63.123 - - [28/Jun/2024:01:42:07 +0200] "GET /ticket2/opencms/system/modules/com.gridnine.opencms.ticketbrokerage.site/resources/pics/bank_6_american_express.png HTTP/1.1" 200 5570
47.128.63.123 - - [28/Jun/2024:01:42:07 +0200] "GET /ticket2/opencms/system/modules/com.gridnine.opencms.ticketbrokerage.site/resources/pics/bank_5_visa_mastercard.png HTTP/1.1" 200 8196
20.185.150.7 - - [28/Jun/2024:01:42:08 +0200] "GET /ticket2/opencms/system/modules/com.gridnine.opencms.ticketbrokerage.site/resources/pics/anniversary_logo.png HTTP/1.1" 200 14743
47.128.60.9 - - [28/Jun/2024:01:42:08 +0200] "GET /ticket2/opencms/system/modules/com.gridnine.opencms.ticketbrokerage.site/resources/pics/logo-new.png HTTP/1.1" 200 13541
47.128.60.9 - - [28/Jun/2024:01:42:09 +0200] "GET /ticket2/opencms/system/modules/com.gridnine.opencms.ticketbrokerage.site/resources/pics/bank_4_seb.png HTTP/1.1" 200 2487
47.128.60.9 - - [28/Jun/2024:01:42:10 +0200] "GET /ticket2/opencms/system/modules/com.gridnine.opencms.ticketbrokerage.site/resources/pics/bank_2_handelsbanken.png HTTP/1.1" 200 4509
47.128.60.9 - - [28/Jun/2024:01:42:10 +0200] "GET /ticket2/opencms/system/modules/com.gridnine.opencms.ticketbrokerage.site/resources/pics/bank_5_visa_mastercard.png HTTP/1.1" 200 8196
47.128.60.9 - - [28/Jun/2024:01:42:10 +0200] "GET /ticket2/opencms/system/modules/com.gridnine.opencms.ticketbrokerage.site/resources/pics/bank_1_nordea.png HTTP/1.1" 200 4807
47.128.60.9 - - [28/Jun/2024:01:42:10 +0200] "GET /ticket2/opencms/system/modules/com.gridnine.opencms.ticketbrokerage.site/resources/pics/bank_3_swedbank.png HTTP/1.1" 200 5740
47.128.60.9 - - [28/Jun/2024:01:42:10 +0200] "GET /ticket2/opencms/system/modules/com.gridnine.opencms.ticketbrokerage.site/resources/pics/bank_6_american_express.png HTTP/1.1" 200 5570
5.9.55.228 - - [28/Jun/2024:01:42:10 +0200] "GET /ticket2/opencms/en/buy/?page=6&comcatid=0A6B8208-FDA4-E929-9D72-5312FD481B76 HTTP/1.1" 200 74933
3.224.220.101 - - [28/Jun/2024:01:42:10 +0200] "GET /ticket2/opencms/fr/buy/?catid=08F27F2A-1872-A39F-A97C-63093E77B18A&comcatid=A17713B6-D984-201A-4143-ED4DB5ED5C2E HTTP/1.1" 200 82845
3.224.220.101 - - [28/Jun/2024:01:42:14 +0200] "GET /ticket2/opencms/fr/buy/?catid=21C3854B-901E-11F9-7B7D-6838CC6AFAA4&comcatid=A17713B6-D984-201A-4143-ED4DB5ED5C2E HTTP/1.1" 200 82845
52.70.240.171 - - [28/Jun/2024:01:42:22 +0200] "GET /ticket2/opencms/fr/buy/?catid=A3372871-3019-08B8-80CE-74B78F441ACA&comcatid=A17713B6-D984-201A-4143-ED4DB5ED5C2E HTTP/1.1" 200 83519
66.249.76.193 - - [28/Jun/2024:01:42:22 +0200] "GET /ticket2/opencms/dk/buy/?page=1&edid=AD14D102-9A59-3E48-721F-B8412449464B HTTP/1.1" 200 85745
3.224.220.101 - - [28/Jun/2024:01:42:23 +0200] "GET /ticket2/opencms/fr/buy/?catid=E92E6B1B-7CD1-74B1-312C-265A7D8125D0&comcatid=A17713B6-D984-201A-4143-ED4DB5ED5C2E HTTP/1.1" 200 82851
66.249.76.193 - - [28/Jun/2024:01:42:23 +0200] "GET /ticket2/opencms/sv/buy/?page=1&edid=7D165939-BF98-0026-A2D4-02E534C6E447 HTTP/1.1" 200 101539
5.9.55.228 - - [28/Jun/2024:01:42:26 +0200] "GET /ticket2/opencms/en/buy/?page=10&eventid=F99ADA5B-9BAA-1CC2-3A84-51D5FE875575 HTTP/1.1" 200 72677
23.22.35.162 - - [28/Jun/2024:01:42:26 +0200] "GET /ticket2/opencms/fr/buy/?catid=0A6C99D2-F5BD-7A18-9A5F-5668827042E0&comcatid=A17713B6-D984-201A-4143-ED4DB5ED5C2E HTTP/1.1" 200 241938
54.36.148.242 - - [28/Jun/2024:01:42:29 +0200] "GET /ticket2/opencms/se/robots.txt HTTP/1.1" 404 -
52.70.240.171 - - [28/Jun/2024:01:42:30 +0200] "GET /ticket2/opencms/fr/buy/?catid=A4D9EA9A-192D-0274-BF26-9C98D8B902AB&comcatid=A17713B6-D984-201A-4143-ED4DB5ED5C2E HTTP/1.1" 200 82845
47.128.115.44 - - [28/Jun/2024:01:42:30 +0200] "GET /ticket2/opencms/sv/magazine/article?title=tottenham-hotspur-fc HTTP/1.1" 200 76942
47.128.115.44 - - [28/Jun/2024:01:42:31 +0200] "GET /ticket2/opencms/system/modules/com.gridnine.opencms.ticketbrokerage.site/resources/pics/logo-new.png HTTP/1.1" 200 13541
47.128.115.44 - - [28/Jun/2024:01:42:32 +0200] "GET /ticket2/opencms/system/modules/com.gridnine.opencms.ticketbrokerage.site/resources/pics/bank_1_nordea.png HTTP/1.1" 200 4807
47.128.115.44 - - [28/Jun/2024:01:42:32 +0200] "GET /ticket2/opencms/system/modules/com.gridnine.opencms.ticketbrokerage.site/resources/pics/bank_2_handelsbanken.png HTTP/1.1" 200 4509
47.128.115.44 - - [28/Jun/2024:01:42:32 +0200] "GET /ticket2/opencms/system/modules/com.gridnine.opencms.ticketbrokerage.site/resources/pics/bank_3_swedbank.png HTTP/1.1" 200 5740
47.128.115.44 - - [28/Jun/2024:01:42:33 +0200] "GET /ticket2/opencms/system/modules/com.gridnine.opencms.ticketbrokerage.site/resources/pics/bank_5_visa_mastercard.png HTTP/1.1" 200 8196
47.128.115.44 - - [28/Jun/2024:01:42:33 +0200] "GET /ticket2/opencms/system/modules/com.gridnine.opencms.ticketbrokerage.site/resources/pics/bank_4_seb.png HTTP/1.1" 200 2487
47.128.115.44 - - [28/Jun/2024:01:42:33 +0200] "GET /ticket2/opencms/system/modules/com.gridnine.opencms.ticketbrokerage.site/resources/pics/bank_6_american_express.png HTTP/1.1" 200 5570
52.70.240.171 - - [28/Jun/2024:01:42:34 +0200] "GET /ticket2/opencms/fr/buy/?catid=70B37487-FE30-D476-CAE7-E6AFEA3153F2&comcatid=A17713B6-D984-201A-4143-ED4DB5ED5C2E HTTP/1.1" 200 82846
23.22.35.162 - - [28/Jun/2024:01:42:38 +0200] "GET /ticket2/opencms/fr/buy/?catid=D8B345C9-F7A5-E620-4B43-C34EB0D6885B&comcatid=A17713B6-D984-201A-4143-ED4DB5ED5C2E HTTP/1.1" 200 82845
52.70.240.171 - - [28/Jun/2024:01:42:42 +0200] "GET /ticket2/opencms/fr/buy/?catid=F2006A3D-5EE0-B40B-5749-60C15271538F&comcatid=A17713B6-D984-201A-4143-ED4DB5ED5C2E HTTP/1.1" 200 82854
40.77.167.55 - - [28/Jun/2024:01:42:43 +0200] "GET /ticket2/opencms/en/sell/?edid=5334896C-C3F5-3C15-5145-9352C3FF461E HTTP/1.1" 302 -
5.9.55.228 - - [28/Jun/2024:01:42:43 +0200] "GET /ticket2/opencms/en/buy/?page=10&eventid=D0A9601D-3651-9BBC-A356-BE476DAC1559 HTTP/1.1" 200 72680
3.224.220.101 - - [28/Jun/2024:01:42:46 +0200] "GET /ticket2/opencms/fr/buy/?catid=24AC1CA6-1C09-0BE5-C04A-9DCCDB15D5E9&comcatid=A17713B6-D984-201A-4143-ED4DB5ED5C2E HTTP/1.1" 200 82853
40.77.167.55 - - [28/Jun/2024:01:42:46 +0200] "GET /ticket2/opencms/en/login/?url=/en/sell/ HTTP/1.1" 200 73431
23.22.35.162 - - [28/Jun/2024:01:42:50 +0200] "GET /ticket2/opencms/fr/buy/?catid=465306FD-802C-5175-10FF-40E426DD2769&comcatid=0A6B8208-FDA4-E929-9D72-5312FD481B76 HTTP/1.1" 200 76508
52.70.240.171 - - [28/Jun/2024:01:42:54 +0200] "GET /ticket2/opencms/fr/buy/?catid=8E4972FC-6E2C-77A4-BB9D-D67BD270A641&comcatid=0A6B8208-FDA4-E929-9D72-5312FD481B76 HTTP/1.1" 200 76504
47.128.52.50 - - [28/Jun/2024:01:42:55 +0200] "GET /ticket2/opencms/de/buy/?comcatid=66708183-7480-3365-06BF-DBF60280AB45 HTTP/1.1" 200 74714
47.128.52.50 - - [28/Jun/2024:01:42:56 +0200] "GET /ticket2/opencms/system/modules/com.gridnine.opencms.ticketbrokerage.site/resources/pics/logo-new.png HTTP/1.1" 200 13541
47.128.52.50 - - [28/Jun/2024:01:42:56 +0200] "GET /ticket2/opencms/system/modules/com.gridnine.opencms.ticketbrokerage.site/resources/pics/bank_2_handelsbanken.png HTTP/1.1" 200 4509
47.128.52.50 - - [28/Jun/2024:01:42:57 +0200] "GET /ticket2/opencms/system/modules/com.gridnine.opencms.ticketbrokerage.site/resources/pics/bank_4_seb.png HTTP/1.1" 200 2487
47.128.52.50 - - [28/Jun/2024:01:42:57 +0200] "GET /ticket2/opencms/system/modules/com.gridnine.opencms.ticketbrokerage.site/resources/pics/bank_1_nordea.png HTTP/1.1" 200 4807
47.128.52.50 - - [28/Jun/2024:01:42:57 +0200] "GET /ticket2/opencms/system/modules/com.gridnine.opencms.ticketbrokerage.site/resources/pics/bank_5_visa_mastercard.png HTTP/1.1" 200 8196
47.128.52.50 - - [28/Jun/2024:01:42:57 +0200] "GET /ticket2/opencms/system/modules/com.gridnine.opencms.ticketbrokerage.site/resources/pics/bank_3_swedbank.png HTTP/1.1" 200 5740
47.128.52.50 - - [28/Jun/2024:01:42:57 +0200] "GET /ticket2/opencms/system/modules/com.gridnine.opencms.ticketbrokerage.site/resources/pics/bank_6_american_express.png HTTP/1.1" 200 5570
52.70.240.171 - - [28/Jun/2024:01:42:58 +0200] "GET /ticket2/opencms/fr/buy/?catid=1DB7F66B-473B-B427-F752-358FEEFE8EC0&comcatid=0A6B8208-FDA4-E929-9D72-5312FD481B76 HTTP/1.1" 200 76515
5.9.55.228 - - [28/Jun/2024:01:43:00 +0200] "GET /ticket2/opencms/en/buy/?page=10&eventid=BD2A2151-7866-2C7C-301B-A51FF3E4D9F5 HTTP/1.1" 200 72676
3.224.220.101 - - [28/Jun/2024:01:43:06 +0200] "GET /ticket2/opencms/fr/buy/?catid=26594C33-56CE-F529-FAF3-61AB33F74A3B&comcatid=0A6B8208-FDA4-E929-9D72-5312FD481B76 HTTP/1.1" 200 76511
52.70.240.171 - - [28/Jun/2024:01:43:10 +0200] "GET /ticket2/opencms/fr/buy/?catid=CB847559-7ECA-CC50-D7D2-064AF0C06FB1&comcatid=0A6B8208-FDA4-E929-9D72-5312FD481B76 HTTP/1.1" 200 76513
23.22.35.162 - - [28/Jun/2024:01:43:11 +0200] "GET /ticket2/opencms/fr/buy/?catid=FCA7FF95-260A-464B-B6FF-A820FCE7DFEF&comcatid=0A6B8208-FDA4-E929-9D72-5312FD481B76 HTTP/1.1" 200 76513
51.222.253.8 - - [28/Jun/2024:01:43:12 +0200] "GET /ticket2/opencms/dk/venue/?countryid=920F4A38-F30D-28B1-B7EB-976C72351F90 HTTP/1.1" 200 101181
23.22.35.162 - - [28/Jun/2024:01:43:14 +0200] "GET /ticket2/opencms/fr/buy/?catid=AD8E612F-0F0B-03C9-5236-E4F8B6523945&comcatid=0A6B8208-FDA4-E929-9D72-5312FD481B76 HTTP/1.1" 200 76513
185.202.238.84 - - [28/Jun/2024:01:43:15 +0200] "GET /ticket2/opencms/dk/dk/buy/?page=1&edid=DFA8226D-664D-86EA-6CA6-3048A4D1FA69&sortorder=desc&column=row HTTP/1.1" 404 -
5.9.55.228 - - [28/Jun/2024:01:43:16 +0200] "GET /ticket2/opencms/en/buy/?page=10&eventid=B85BEE98-8727-2424-2597-5E99D818B644 HTTP/1.1" 200 72678
23.22.35.162 - - [28/Jun/2024:01:43:18 +0200] "GET /ticket2/opencms/fr/buy/?catid=412DBCF4-025D-8ABC-7A40-D7C760E055FF&comcatid=0A6B8208-FDA4-E929-9D72-5312FD481B76 HTTP/1.1" 200 76515
23.22.35.162 - - [28/Jun/2024:01:43:22 +0200] "GET /ticket2/opencms/fr/buy/?catid=A05A53F7-423D-23BE-575E-EA7B67DE22D9&comcatid=0A6B8208-FDA4-E929-9D72-5312FD481B76 HTTP/1.1" 200 76513
47.128.23.54 - - [28/Jun/2024:01:43:23 +0200] "GET /ticket2/opencms/fi/buy/?edid=45F6B2AD-17A6-3A66-C509-85761B6A5E9A HTTP/1.1" 200 73261
47.128.23.54 - - [28/Jun/2024:01:43:23 +0200] "GET /ticket2/opencms/system/modules/com.gridnine.opencms.ticketbrokerage.site/resources/pics/logo-new.png HTTP/1.1" 200 13541
47.128.23.54 - - [28/Jun/2024:01:43:24 +0200] "GET /ticket2/opencms/system/modules/com.gridnine.opencms.ticketbrokerage.site/resources/pics/bank_1_nordea.png HTTP/1.1" 200 4807
47.128.23.54 - - [28/Jun/2024:01:43:24 +0200] "GET /ticket2/opencms/system/modules/com.gridnine.opencms.ticketbrokerage.site/resources/pics/bank_5_visa_mastercard.png HTTP/1.1" 200 8196
47.128.23.54 - - [28/Jun/2024:01:43:25 +0200] "GET /ticket2/opencms/system/modules/com.gridnine.opencms.ticketbrokerage.site/resources/pics/bank_2_handelsbanken.png HTTP/1.1" 200 4509
47.128.23.54 - - [28/Jun/2024:01:43:25 +0200] "GET /ticket2/opencms/system/modules/com.gridnine.opencms.ticketbrokerage.site/resources/pics/bank_4_seb.png HTTP/1.1" 200 2487
47.128.23.54 - - [28/Jun/2024:01:43:25 +0200] "GET /ticket2/opencms/system/modules/com.gridnine.opencms.ticketbrokerage.site/resources/pics/bank_3_swedbank.png HTTP/1.1" 200 5740
47.128.23.54 - - [28/Jun/2024:01:43:25 +0200] "GET /ticket2/opencms/system/modules/com.gridnine.opencms.ticketbrokerage.site/resources/pics/bank_6_american_express.png HTTP/1.1" 200 5570
52.70.240.171 - - [28/Jun/2024:01:43:26 +0200] "GET /ticket2/opencms/fr/buy/?catid=53E7B32E-5CAA-6CE7-D6AA-FFC41D70EE01&comcatid=0A6B8208-FDA4-E929-9D72-5312FD481B76 HTTP/1.1" 200 76513
3.224.220.101 - - [28/Jun/2024:01:43:30 +0200] "GET /ticket2/opencms/fr/buy/?catid=5ED34547-492C-90DA-709D-448345844685&comcatid=0A6B8208-FDA4-E929-9D72-5312FD481B76 HTTP/1.1" 200 76513
5.9.55.228 - - [28/Jun/2024:01:43:33 +0200] "GET /ticket2/opencms/en/buy/?page=10&eventid=B2CBADC0-7376-1469-83B0-8FC7D035A53C&venueid=F03C5E97-FFBF-7048-55FD-77B5E4C1E006 HTTP/1.1" 200 72683
23.22.35.162 - - [28/Jun/2024:01:43:34 +0200] "GET /ticket2/opencms/fr/buy/?catid=3A56B1C2-6FFB-C8D1-B229-B3914D5FF8DF&comcatid=0A6B8208-FDA4-E929-9D72-5312FD481B76 HTTP/1.1" 200 76516
3.224.220.101 - - [28/Jun/2024:01:43:38 +0200] "GET /ticket2/opencms/fr/buy/?catid=BF886BAE-FC84-8CB3-A193-6DFA251F7985&comcatid=B41CCF2B-5558-7AEE-3602-09BBDE417D65 HTTP/1.1" 200 75023
3.224.220.101 - - [28/Jun/2024:01:43:42 +0200] "GET /ticket2/opencms/fr/buy/?catid=36DC4BE2-91A2-6146-2BE9-47B6F3C44EDB&comcatid=B41CCF2B-5558-7AEE-3602-09BBDE417D65 HTTP/1.1" 200 75015
216.245.221.83 - - [28/Jun/2024:01:43:44 +0200] "HEAD /ticket2/opencms/ HTTP/1.1" 302 -
216.245.221.83 - - [28/Jun/2024:01:43:45 +0200] "HEAD /ticket2/opencms/en/ HTTP/1.1" 200 -
23.22.35.162 - - [28/Jun/2024:01:43:46 +0200] "GET /ticket2/opencms/fr/buy/?catid=E03F2203-3943-A0F0-A47D-D9E7CDA79C6B&comcatid=B41CCF2B-5558-7AEE-3602-09BBDE417D65 HTTP/1.1" 200 75037
207.46.13.125 - - [28/Jun/2024:01:43:49 +0200] "GET /ticket2/opencms/en/buy/?page=1&edid=A9906BBD-0C69-0408-A4BA-BF17B1215AAD HTTP/1.1" 200 87363
5.9.55.228 - - [28/Jun/2024:01:43:50 +0200] "GET /ticket2/opencms/en/buy/?page=10&eventid=B2CBADC0-7376-1469-83B0-8FC7D035A53C&venueid=AF7F2E28-677E-9782-2141-5DA64832B7AA HTTP/1.1" 200 72683
52.70.240.171 - - [28/Jun/2024:01:43:50 +0200] "GET /ticket2/opencms/fr/buy/?catid=A34BCF61-E19C-5C5C-445E-06F3749E1EF4&comcatid=B41CCF2B-5558-7AEE-3602-09BBDE417D65 HTTP/1.1" 200 75028
3.224.220.101 - - [28/Jun/2024:01:43:54 +0200] "GET /ticket2/opencms/fr/buy/?catid=8C381435-A1E8-94AF-2C58-D133FCA44A31&comcatid=66708183-7480-3365-06BF-DBF60280AB45 HTTP/1.1" 200 74864
23.22.35.162 - - [28/Jun/2024:01:43:58 +0200] "GET /ticket2/opencms/fr/buy/?catid=30D5812D-0858-4843-8F45-C38AE504153C&comcatid=66708183-7480-3365-06BF-DBF60280AB45 HTTP/1.1" 200 74860
52.70.240.171 - - [28/Jun/2024:01:44:02 +0200] "GET /ticket2/opencms/fr/buy/?catid=05A94519-01D1-C86F-9031-84936B0B9DAE&comcatid=66708183-7480-3365-06BF-DBF60280AB45 HTTP/1.1" 200 74859
40.77.167.53 - - [28/Jun/2024:01:44:03 +0200] "GET /ticket2/opencms/en/buy/?page=1&edid=9A2A4E79-E1FC-1D63-1645-10449E12F92D HTTP/1.1" 200 88255
52.70.240.171 - - [28/Jun/2024:01:44:06 +0200] "GET /ticket2/opencms/fr/buy/?catid=7D3BEF66-5D88-3916-5B89-0E7B139E0169&comcatid=97ECA65A-72DA-F9AF-9DBB-245D3CFED1BE HTTP/1.1" 200 77798
5.9.55.228 - - [28/Jun/2024:01:44:07 +0200] "GET /ticket2/opencms/en/buy/?page=10&eventid=B2CBADC0-7376-1469-83B0-8FC7D035A53C&venueid=9A3D2E7F-BC68-0BF9-8767-55D1E5B17ADE HTTP/1.1" 200 72683
52.70.240.171 - - [28/Jun/2024:01:44:10 +0200] "GET /ticket2/opencms/fr/buy/?catid=F7FF413B-5FDF-82CF-E5BB-CD4AB6027974&comcatid=97ECA65A-72DA-F9AF-9DBB-245D3CFED1BE HTTP/1.1" 200 77792
52.70.240.171 - - [28/Jun/2024:01:44:14 +0200] "GET /ticket2/opencms/fr/buy/?catid=E3105E1E-3982-291E-5523-1C1DF161E9B7&comcatid=97ECA65A-72DA-F9AF-9DBB-245D3CFED1BE HTTP/1.1" 200 77795
23.22.35.162 - - [28/Jun/2024:01:44:18 +0200] "GET /ticket2/opencms/fr/buy/?catid=2E79AED8-FF58-B4E8-AFB0-43E7CEBE7864&comcatid=97ECA65A-72DA-F9AF-9DBB-245D3CFED1BE HTTP/1.1" 200 77793
3.224.220.101 - - [28/Jun/2024:01:44:22 +0200] "GET /ticket2/opencms/fr/buy/?catid=55D1256D-BDD9-CBA3-47A3-0A252F702555&comcatid=97ECA65A-72DA-F9AF-9DBB-245D3CFED1BE HTTP/1.1" 200 77799
52.167.144.235 - - [28/Jun/2024:01:44:23 +0200] "GET /ticket2/opencms/nl/ HTTP/1.1" 200 90546
5.9.55.228 - - [28/Jun/2024:01:44:24 +0200] "GET /ticket2/opencms/en/buy/?page=10&eventid=B2CBADC0-7376-1469-83B0-8FC7D035A53C&venueid=926D0C4B-2C69-EBC6-792F-B301AF32C1A0 HTTP/1.1" 200 72683
66.249.75.161 - - [28/Jun/2024:01:44:25 +0200] "GET /ticket2/opencms/sv/venue/?venueid=46DC1BEE-587B-35C7-7302-335A03B6455F HTTP/1.1" 200 72160
3.224.220.101 - - [28/Jun/2024:01:44:26 +0200] "GET /ticket2/opencms/fr/buy/?catid=81B744E7-1FEE-E757-C0AB-C7AF73CDE252&comcatid=97ECA65A-72DA-F9AF-9DBB-245D3CFED1BE HTTP/1.1" 200 77792
66.249.72.34 - - [28/Jun/2024:01:44:26 +0200] "GET /ticket2/opencms/dk/buy/?page=1&edid=95423F1B-D1AB-68DD-A58C-5DE97CA2D553 HTTP/1.1" 200 111039
66.249.72.102 - - [28/Jun/2024:01:44:29 +0200] "GET /ticket2/opencms/sv/buy/?page=1&edid=92EC8EA9-435D-E1EB-71C7-ABC74E697DDF HTTP/1.1" 200 87616
66.249.76.161 - - [28/Jun/2024:01:44:29 +0200] "GET /ticket2/opencms/de/fi/buy/?page=6&comcatid=A17713B6-D984-201A-4143-ED4DB5ED5C2E&catid=C871EAE3-C584-718A-9795-07CDEF43FA75 HTTP/1.1" 404 -
3.224.220.101 - - [28/Jun/2024:01:44:30 +0200] "GET /ticket2/opencms/fr/buy/?catid=F4D223A4-C027-46DC-3DE5-726A23E30A62&comcatid=97ECA65A-72DA-F9AF-9DBB-245D3CFED1BE HTTP/1.1" 200 77792
51.222.253.4 - - [28/Jun/2024:01:44:34 +0200] "GET /ticket2/opencms/dk/venue/?countryid=86F93FF6-B3C2-4693-7679-0BD214A3D804 HTTP/1.1" 200 101181
23.22.35.162 - - [28/Jun/2024:01:44:34 +0200] "GET /ticket2/opencms/fr/buy/?catid=078F99D4-0B9E-E323-5A07-D7B70F6E8874&comcatid=97ECA65A-72DA-F9AF-9DBB-245D3CFED1BE HTTP/1.1" 200 77795
3.224.220.101 - - [28/Jun/2024:01:44:38 +0200] "GET /ticket2/opencms/fr/buy/?catid=757E2DFB-33DA-9B34-8402-9F06B19D8409&comcatid=97ECA65A-72DA-F9AF-9DBB-245D3CFED1BE HTTP/1.1" 200 77801
5.9.55.228 - - [28/Jun/2024:01:44:40 +0200] "GET /ticket2/opencms/en/buy/?page=10&eventid=B2CBADC0-7376-1469-83B0-8FC7D035A53C&venueid=8D532909-C41C-2A7C-5336-DE83887C261B HTTP/1.1" 200 72683
