81.167.26.57 - - [28/Jun/2024:00:22:28 +0200] "GET /ticket2/opencms/se/en/buy/?page=1&edid=6CF59A44-C817-F554-FFD2-03AD6BC48C9A&sortorder=asc&column=section HTTP/1.1" 404 -
52.70.240.171 - - [28/Jun/2024:00:22:30 +0200] "GET /ticket2/opencms/sites/ticketbrokerage/sv/sport/fotbollsbiljetter/serie_a/juventus/sampdoria.html HTTP/1.1" 404 -
81.167.26.57 - - [28/Jun/2024:00:22:32 +0200] "GET /ticket2/opencms/se/en/buy/?page=1&edid=6CFC6D67-8616-D322-16CD-04AF153E55FB&sortorder=asc&column=row HTTP/1.1" 404 -
23.22.35.162 - - [28/Jun/2024:00:22:34 +0200] "GET /ticket2/opencms/sites/ticketbrokerage/sv/sport/fotbollsbiljetter/serie_a/inter/siena.html HTTP/1.1" 404 -
5.9.55.228 - - [28/Jun/2024:00:22:35 +0200] "GET /ticket2/opencms/en/buy/?page=6&comcatid=97ECA65A-72DA-F9AF-9DBB-245D3CFED1BE&catid=E3105E1E-3982-291E-5523-1C1DF161E9B7 HTTP/1.1" 200 76489
81.167.26.57 - - [28/Jun/2024:00:22:37 +0200] "GET /ticket2/opencms/se/en/buy/?page=1&edid=6CFC6D67-8616-D322-16CD-04AF153E55FB&sortorder=asc&column=section HTTP/1.1" 404 -
52.70.240.171 - - [28/Jun/2024:00:22:38 +0200] "GET /ticket2/opencms/sites/ticketbrokerage/sv/sport/fotbollsbiljetter/serie_a/inter/roma.html HTTP/1.1" 404 -
81.167.26.57 - - [28/Jun/2024:00:22:41 +0200] "GET /ticket2/opencms/se/en/buy/?page=1&edid=6D38093E-4119-E831-1393-4711948B963D&sortorder=asc&column=price HTTP/1.1" 404 -
52.70.240.171 - - [28/Jun/2024:00:22:42 +0200] "GET /ticket2/opencms/sites/ticketbrokerage/sv/sport/fotbollsbiljetter/serie_a/inter/parma.html HTTP/1.1" 404 -
81.167.26.57 - - [28/Jun/2024:00:22:46 +0200] "GET /ticket2/opencms/se/en/buy/?page=1&edid=6DE6F49B-9DDC-AE93-D3C4-D0745D66A6AA&sortorder=desc&column=price HTTP/1.1" 404 -
3.224.220.101 - - [28/Jun/2024:00:22:46 +0200] "GET /ticket2/opencms/sites/ticketbrokerage/sv/sport/fotbollsbiljetter/serie_a/inter/napoli.html HTTP/1.1" 404 -
23.22.35.162 - - [28/Jun/2024:00:22:49 +0200] "GET /ticket2/opencms/sites/ticketbrokerage/sv/sport/fotbollsbiljetter/serie_a/inter/milan.html HTTP/1.1" 404 -
81.167.26.57 - - [28/Jun/2024:00:22:50 +0200] "GET /ticket2/opencms/se/en/buy/?page=1&edid=6DF37A9E-22D9-513C-6DAE-4A3EAB281B73&sortorder=desc&column=section HTTP/1.1" 404 -
5.9.55.228 - - [28/Jun/2024:00:22:53 +0200] "GET /ticket2/opencms/en/buy/?page=6&comcatid=97ECA65A-72DA-F9AF-9DBB-245D3CFED1BE&catid=E3105E1E-3982-291E-5523-1C1DF161E9B7&eventid=3AA06760-BE6F-790C-7158-9203CB26A8CA HTTP/1.1" 200 76489
3.224.220.101 - - [28/Jun/2024:00:22:54 +0200] "GET /ticket2/opencms/sites/ticketbrokerage/sv/sport/fotbollsbiljetter/serie_a/inter/lecce.html HTTP/1.1" 404 -
81.167.26.57 - - [28/Jun/2024:00:22:55 +0200] "GET /ticket2/opencms/se/en/buy/?page=1&edid=6EBF83B4-4F31-133D-5A90-E1D8B1F71899&sortorder=asc&column=price HTTP/1.1" 404 -
52.70.240.171 - - [28/Jun/2024:00:22:58 +0200] "GET /ticket2/opencms/sites/ticketbrokerage/sv/sport/fotbollsbiljetter/serie_a/inter/lazio.html HTTP/1.1" 404 -
81.167.26.57 - - [28/Jun/2024:00:22:59 +0200] "GET /ticket2/opencms/se/en/buy/?page=1&edid=70AA95CC-0F01-4970-97B9-5BD4C290D6AC&sortorder=asc&column=price HTTP/1.1" 404 -
47.128.46.68 - - [28/Jun/2024:00:23:00 +0200] "GET /ticket2/opencms/fi/buy/?edid=ABE0D196-5A84-0064-2AAA-8BE846913E3B HTTP/1.1" 200 73261
47.128.46.68 - - [28/Jun/2024:00:23:01 +0200] "GET /ticket2/opencms/system/modules/com.gridnine.opencms.ticketbrokerage.site/resources/pics/logo-new.png HTTP/1.1" 200 13541
185.202.238.84 - - [28/Jun/2024:00:23:01 +0200] "GET /ticket2/opencms/dk/dk/buy/?page=1&edid=D776081A-33AA-296E-ED76-1FA87B3E2A16&sortorder=desc&column=section HTTP/1.1" 404 -
47.128.46.68 - - [28/Jun/2024:00:23:01 +0200] "GET /ticket2/opencms/system/modules/com.gridnine.opencms.ticketbrokerage.site/resources/pics/bank_1_nordea.png HTTP/1.1" 200 4807
52.70.240.171 - - [28/Jun/2024:00:23:01 +0200] "GET /ticket2/opencms/sites/ticketbrokerage/sv/sport/fotbollsbiljetter/serie_a/inter/genoa.html HTTP/1.1" 404 -
47.128.46.68 - - [28/Jun/2024:00:23:02 +0200] "GET /ticket2/opencms/system/modules/com.gridnine.opencms.ticketbrokerage.site/resources/pics/bank_4_seb.png HTTP/1.1" 200 2487
47.128.46.68 - - [28/Jun/2024:00:23:02 +0200] "GET /ticket2/opencms/system/modules/com.gridnine.opencms.ticketbrokerage.site/resources/pics/bank_5_visa_mastercard.png HTTP/1.1" 200 8196
47.128.46.68 - - [28/Jun/2024:00:23:02 +0200] "GET /ticket2/opencms/system/modules/com.gridnine.opencms.ticketbrokerage.site/resources/pics/bank_2_handelsbanken.png HTTP/1.1" 200 4509
47.128.46.68 - - [28/Jun/2024:00:23:02 +0200] "GET /ticket2/opencms/system/modules/com.gridnine.opencms.ticketbrokerage.site/resources/pics/bank_3_swedbank.png HTTP/1.1" 200 5740
5.9.55.228 - - [28/Jun/2024:00:23:02 +0200] "GET /ticket2/opencms/en/buy/?page=6&comcatid=97ECA65A-72DA-F9AF-9DBB-245D3CFED1BE&catid=F4D223A4-C027-46DC-3DE5-726A23E30A62 HTTP/1.1" 200 76486
47.128.46.68 - - [28/Jun/2024:00:23:02 +0200] "GET /ticket2/opencms/system/modules/com.gridnine.opencms.ticketbrokerage.site/resources/pics/bank_6_american_express.png HTTP/1.1" 200 5570
81.167.26.57 - - [28/Jun/2024:00:23:03 +0200] "GET /ticket2/opencms/se/en/buy/?page=1&edid=70EC2779-0BF1-665A-34D4-25009662DF84&sortorder=desc&column=price HTTP/1.1" 404 -
23.22.35.162 - - [28/Jun/2024:00:23:06 +0200] "GET /ticket2/opencms/sites/ticketbrokerage/sv/sport/fotbollsbiljetter/serie_a/inter/chievo.html HTTP/1.1" 404 -
81.167.26.57 - - [28/Jun/2024:00:23:08 +0200] "GET /ticket2/opencms/se/en/buy/?page=1&edid=711223BE-D05E-566D-FDDF-32EDF3B51832&sortorder=desc&column=price HTTP/1.1" 404 -
3.224.220.101 - - [28/Jun/2024:00:23:10 +0200] "GET /ticket2/opencms/sites/ticketbrokerage/sv/sport/fotbollsbiljetter/serie_a/inter/cesena.html HTTP/1.1" 404 -
81.167.26.57 - - [28/Jun/2024:00:23:12 +0200] "GET /ticket2/opencms/se/en/buy/?page=1&edid=71227958-FC7D-E3D2-E1A0-0662EBC6A8DF&sortorder=desc&column=price HTTP/1.1" 404 -
23.22.35.162 - - [28/Jun/2024:00:23:14 +0200] "GET /ticket2/opencms/sites/ticketbrokerage/sv/sport/fotbollsbiljetter/serie_a/inter/bari.html HTTP/1.1" 404 -
81.167.26.57 - - [28/Jun/2024:00:23:17 +0200] "GET /ticket2/opencms/se/en/buy/?page=1&edid=71504667-89C2-4748-EA82-3B9A062F14F0&sortorder=asc&column=price HTTP/1.1" 404 -
52.70.240.171 - - [28/Jun/2024:00:23:18 +0200] "GET /ticket2/opencms/sites/ticketbrokerage/sv/sport/fotbollsbiljetter/serie_a/inter/ HTTP/1.1" 404 -
5.9.55.228 - - [28/Jun/2024:00:23:19 +0200] "GET /ticket2/opencms/en/buy/?page=6&comcatid=97ECA65A-72DA-F9AF-9DBB-245D3CFED1BE&catid=F7F89B9B-6697-7881-54AE-4C39276BF1B8 HTTP/1.1" 200 76492
81.167.26.57 - - [28/Jun/2024:00:23:21 +0200] "GET /ticket2/opencms/se/en/buy/?page=1&edid=764DF107-581D-BCA1-53D5-94329CB26BAD&sortorder=asc&column=price HTTP/1.1" 404 -
23.22.35.162 - - [28/Jun/2024:00:23:22 +0200] "GET /ticket2/opencms/sites/ticketbrokerage/sv/sport/fotbollsbiljetter/serie_a/genoa/ HTTP/1.1" 404 -
3.224.220.101 - - [28/Jun/2024:00:23:25 +0200] "GET /ticket2/opencms/sites/ticketbrokerage/sv/sport/fotbollsbiljetter/serie_a/fiorentina/udinese.html HTTP/1.1" 404 -
81.167.26.57 - - [28/Jun/2024:00:23:26 +0200] "GET /ticket2/opencms/se/en/buy/?page=1&edid=87963EDF-09A2-A6CA-2338-2C9DD726B815&sortorder=asc&column=price HTTP/1.1" 404 -
52.70.240.171 - - [28/Jun/2024:00:23:30 +0200] "GET /ticket2/opencms/sites/ticketbrokerage/sv/sport/fotbollsbiljetter/serie_a/fiorentina/palermo.html HTTP/1.1" 404 -
81.167.26.57 - - [28/Jun/2024:00:23:30 +0200] "GET /ticket2/opencms/se/en/buy/?page=1&edid=87963EDF-09A2-A6CA-2338-2C9DD726B815&sortorder=asc&column=section HTTP/1.1" 404 -
3.224.220.101 - - [28/Jun/2024:00:23:33 +0200] "GET /ticket2/opencms/sites/ticketbrokerage/sv/sport/fotbollsbiljetter/serie_a/fiorentina/livorno.html HTTP/1.1" 404 -
81.167.26.57 - - [28/Jun/2024:00:23:34 +0200] "GET /ticket2/opencms/se/en/buy/?page=1&edid=87E80F4E-52AF-C9C5-B2CC-F679C938B071&sortorder=asc&column=section HTTP/1.1" 404 -
66.249.76.194 - - [28/Jun/2024:00:23:35 +0200] "GET /ticket2/opencms/sv/buy/?comcatid=A17713B6-D984-201A-4143-ED4DB5ED5C2E&catid=2FC3D548-EAF9-1354-0CD2-7D7619DA2334 HTTP/1.1" 200 82566
5.9.55.228 - - [28/Jun/2024:00:23:36 +0200] "GET /ticket2/opencms/en/buy/?page=6&comcatid=97ECA65A-72DA-F9AF-9DBB-245D3CFED1BE&catid=F7F89B9B-6697-7881-54AE-4C39276BF1B8&eventid=BF230089-9FE6-110F-400A-417FC4872376 HTTP/1.1" 200 76492
23.22.35.162 - - [28/Jun/2024:00:23:38 +0200] "GET /ticket2/opencms/sites/ticketbrokerage/sv/sport/fotbollsbiljetter/serie_a/fiorentina/catania.html HTTP/1.1" 404 -
81.167.26.57 - - [28/Jun/2024:00:23:39 +0200] "GET /ticket2/opencms/se/en/buy/?page=1&edid=8ACD1E09-FED8-351A-691B-56EF5D589CCC&sortorder=asc&column=section HTTP/1.1" 404 -
3.224.220.101 - - [28/Jun/2024:00:23:41 +0200] "GET /ticket2/opencms/sites/ticketbrokerage/sv/sport/fotbollsbiljetter/serie_a/fiorentina/brescia.html HTTP/1.1" 404 -
81.167.26.57 - - [28/Jun/2024:00:23:43 +0200] "GET /ticket2/opencms/se/en/buy/?page=1&edid=8B685A36-BC77-1128-E7A0-2D75DB546DB5&sortorder=asc&column=section HTTP/1.1" 404 -
17.241.227.165 - - [28/Jun/2024:00:23:43 +0200] "GET /ticket2/opencms/sv/sport/fotbollsbiljetter/capital_one_cup/capital_one_cup.html HTTP/1.1" 200 73409
216.245.221.83 - - [28/Jun/2024:00:23:45 +0200] "HEAD /ticket2/opencms/ HTTP/1.1" 302 -
216.245.221.83 - - [28/Jun/2024:00:23:45 +0200] "HEAD /ticket2/opencms/en/ HTTP/1.1" 200 -
3.224.220.101 - - [28/Jun/2024:00:23:46 +0200] "GET /ticket2/opencms/sites/ticketbrokerage/sv/sport/fotbollsbiljetter/serie_a/fiorentina/bologna.html HTTP/1.1" 404 -
81.167.26.57 - - [28/Jun/2024:00:23:48 +0200] "GET /ticket2/opencms/se/en/buy/?page=1&edid=8DA352BB-DB51-9EC0-B0E1-B948448A62C6&sortorder=asc&column=section HTTP/1.1" 404 -
52.70.240.171 - - [28/Jun/2024:00:23:50 +0200] "GET /ticket2/opencms/sites/ticketbrokerage/sv/sport/fotbollsbiljetter/serie_a/chievo/ HTTP/1.1" 404 -
81.167.26.57 - - [28/Jun/2024:00:23:52 +0200] "GET /ticket2/opencms/se/en/buy/?page=1&edid=91BCD3BF-EDB6-6948-6E31-B478943A59CC&sortorder=desc&column=section HTTP/1.1" 404 -
5.9.55.228 - - [28/Jun/2024:00:23:54 +0200] "GET /ticket2/opencms/en/buy/?page=6&comcatid=97ECA65A-72DA-F9AF-9DBB-245D3CFED1BE&catid=F7FF413B-5FDF-82CF-E5BB-CD4AB6027974 HTTP/1.1" 200 76486
3.224.220.101 - - [28/Jun/2024:00:23:54 +0200] "GET /ticket2/opencms/sites/ticketbrokerage/sv/sport/fotbollsbiljetter/serie_a/cesena/ HTTP/1.1" 404 -
81.167.26.57 - - [28/Jun/2024:00:23:57 +0200] "GET /ticket2/opencms/se/en/buy/?page=1&edid=92355A80-5648-BA8F-E667-C416A90E3DD0&sortorder=asc&column=price HTTP/1.1" 404 -
23.22.35.162 - - [28/Jun/2024:00:23:58 +0200] "GET /ticket2/opencms/sites/ticketbrokerage/sv/sport/fotbollsbiljetter/serie_a/bari/ HTTP/1.1" 404 -
81.167.26.57 - - [28/Jun/2024:00:24:01 +0200] "GET /ticket2/opencms/se/en/buy/?page=1&edid=92355A80-5648-BA8F-E667-C416A90E3DD0&sortorder=asc&column=section HTTP/1.1" 404 -
23.22.35.162 - - [28/Jun/2024:00:24:02 +0200] "GET /ticket2/opencms/sites/ticketbrokerage/sv/sport/fotbollsbiljetter/la_liga/xerez/ HTTP/1.1" 404 -
23.22.35.162 - - [28/Jun/2024:00:24:05 +0200] "GET /ticket2/opencms/sites/ticketbrokerage/sv/sport/fotbollsbiljetter/la_liga/valencia/villareal.html HTTP/1.1" 404 -
81.167.26.57 - - [28/Jun/2024:00:24:06 +0200] "GET /ticket2/opencms/se/en/buy/?page=1&edid=9261FAEC-63AE-50D4-BB76-C4DEAD54BAED&sortorder=asc&column=section HTTP/1.1" 404 -
23.22.35.162 - - [28/Jun/2024:00:24:09 +0200] "GET /ticket2/opencms/sites/ticketbrokerage/sv/sport/fotbollsbiljetter/la_liga/valencia/sporting_gijon.html HTTP/1.1" 404 -
81.167.26.57 - - [28/Jun/2024:00:24:10 +0200] "GET /ticket2/opencms/se/en/buy/?page=1&edid=9334D162-A4DD-2F09-EA14-2FF8FE8F4CA2&sortorder=asc&column=price HTTP/1.1" 404 -
5.9.55.228 - - [28/Jun/2024:00:24:10 +0200] "GET /ticket2/opencms/en/buy/?page=6&comcatid=97eca65a-72da-f9af-9dbb-245d3cfed1be HTTP/1.1" 200 71625
23.22.35.162 - - [28/Jun/2024:00:24:13 +0200] "GET /ticket2/opencms/sites/ticketbrokerage/sv/sport/fotbollsbiljetter/la_liga/valencia/real_sociedad.html HTTP/1.1" 404 -
81.167.26.57 - - [28/Jun/2024:00:24:15 +0200] "GET /ticket2/opencms/se/en/buy/?page=1&edid=B461BF01-8096-3162-6C25-1DC71021C836&sortorder=desc&column=section HTTP/1.1" 404 -
23.22.35.162 - - [28/Jun/2024:00:24:19 +0200] "GET /ticket2/opencms/sites/ticketbrokerage/sv/sport/fotbollsbiljetter/bundesliga/st-pauli/ HTTP/1.1" 404 -
81.167.26.57 - - [28/Jun/2024:00:24:19 +0200] "GET /ticket2/opencms/se/en/buy/?page=1&edid=B5E1DBCF-60C9-6B74-2BC5-D9DD921875AF&sortorder=asc&column=row HTTP/1.1" 404 -
23.22.35.162 - - [28/Jun/2024:00:24:22 +0200] "GET /ticket2/opencms/sites/ticketbrokerage/sv/sport/fotbollsbiljetter/bundesliga/schalke/ HTTP/1.1" 404 -
81.167.26.57 - - [28/Jun/2024:00:24:24 +0200] "GET /ticket2/opencms/se/en/buy/?page=1&edid=B5E1DBCF-60C9-6B74-2BC5-D9DD921875AF&sortorder=asc&column=section HTTP/1.1" 404 -
5.9.55.228 - - [28/Jun/2024:00:24:26 +0200] "GET /ticket2/opencms/en/buy/?page=6&comcatid=97eca65a-72da-f9af-9dbb-245d3cfed1be&catid=078f99d4-0b9e-e323-5a07-d7b70f6e8874 HTTP/1.1" 200 71625
23.22.35.162 - - [28/Jun/2024:00:24:26 +0200] "GET /ticket2/opencms/sites/ticketbrokerage/sv/sport/fotbollsbiljetter/bundesliga/mainz/ HTTP/1.1" 404 -
81.167.26.57 - - [28/Jun/2024:00:24:28 +0200] "GET /ticket2/opencms/se/en/buy/?page=1&edid=B5E1DBCF-60C9-6B74-2BC5-D9DD921875AF&sortorder=desc&column=price HTTP/1.1" 404 -
52.70.240.171 - - [28/Jun/2024:00:24:30 +0200] "GET /ticket2/opencms/sites/ticketbrokerage/sv/sport/fotbollsbiljetter/bundesliga/hoffenheim/ HTTP/1.1" 404 -
81.167.26.57 - - [28/Jun/2024:00:24:32 +0200] "GET /ticket2/opencms/se/en/buy/?page=1&edid=B5E1DBCF-60C9-6B74-2BC5-D9DD921875AF&sortorder=desc&column=row HTTP/1.1" 404 -
3.224.220.101 - - [28/Jun/2024:00:24:34 +0200] "GET /ticket2/opencms/sites/ticketbrokerage/sv/sport/fotbollsbiljetter/bundesliga/hannover/ HTTP/1.1" 404 -
66.249.76.194 - - [28/Jun/2024:00:24:37 +0200] "GET /ticket2/opencms/sv/buy/?page=1&edid=4D569333-A725-AF23-311D-520AB9757B29 HTTP/1.1" 200 121076
81.167.26.57 - - [28/Jun/2024:00:24:37 +0200] "GET /ticket2/opencms/se/en/buy/?page=1&edid=B5E1DBCF-60C9-6B74-2BC5-D9DD921875AF&sortorder=desc&column=section HTTP/1.1" 404 -
66.249.75.163 - - [28/Jun/2024:00:24:38 +0200] "GET /ticket2/opencms/sv/standard/ HTTP/1.1" 200 85396
52.70.240.171 - - [28/Jun/2024:00:24:38 +0200] "GET /ticket2/opencms/sites/ticketbrokerage/sv/sport/fotbollsbiljetter/bundesliga/freiburg/ HTTP/1.1" 404 -
81.167.26.57 - - [28/Jun/2024:00:24:42 +0200] "GET /ticket2/opencms/se/en/buy/?page=1&edid=B6233164-B09D-2F93-ABBA-AC58AB9CD4E2 HTTP/1.1" 404 -
52.70.240.171 - - [28/Jun/2024:00:24:42 +0200] "GET /ticket2/opencms/sites/ticketbrokerage/sv/sport/fotbollsbiljetter/serie_a/sampdoria/ HTTP/1.1" 404 -
5.9.55.228 - - [28/Jun/2024:00:24:43 +0200] "GET /ticket2/opencms/en/buy/?page=6&comcatid=97eca65a-72da-f9af-9dbb-245d3cfed1be&catid=1656e964-1e02-9a38-d092-65384e60b6ea HTTP/1.1" 200 71625
23.22.35.162 - - [28/Jun/2024:00:24:46 +0200] "GET /ticket2/opencms/sites/ticketbrokerage/sv/sport/fotbollsbiljetter/serie_a/roma/sampdoria.html HTTP/1.1" 404 -
81.167.26.57 - - [28/Jun/2024:00:24:46 +0200] "GET /ticket2/opencms/se/en/buy/?page=1&edid=B6233164-B09D-2F93-ABBA-AC58AB9CD4E2&sortorder=desc&column=price HTTP/1.1" 404 -
66.249.75.161 - - [28/Jun/2024:00:24:46 +0200] "GET /ticket2/opencms/sv/buy/?page=6&comcatid=A17713B6-D984-201A-4143-ED4DB5ED5C2E&catid=0A6C99D2-F5BD-7A18-9A5F-5668827042E0&eventid=2D882524-F20E-911C-330E-DB5F72C129F5 HTTP/1.1" 200 99115
3.224.220.101 - - [28/Jun/2024:00:24:50 +0200] "GET /ticket2/opencms/sites/ticketbrokerage/sv/sport/fotbollsbiljetter/serie_a/roma/fiorentina.html HTTP/1.1" 404 -
81.167.26.57 - - [28/Jun/2024:00:24:50 +0200] "GET /ticket2/opencms/se/en/buy/?page=1&edid=B636E869-6673-5C1C-3225-ED5D245CFCEE&sortorder=asc&column=row HTTP/1.1" 404 -
3.224.220.101 - - [28/Jun/2024:00:24:54 +0200] "GET /ticket2/opencms/sites/ticketbrokerage/sv/sport/fotbollsbiljetter/serie_a/napoli/udinese.html HTTP/1.1" 404 -
81.167.26.57 - - [28/Jun/2024:00:24:55 +0200] "GET /ticket2/opencms/se/en/buy/?page=1&edid=B636E869-6673-5C1C-3225-ED5D245CFCEE&sortorder=desc&column=row HTTP/1.1" 404 -
52.70.240.171 - - [28/Jun/2024:00:24:58 +0200] "GET /ticket2/opencms/sites/ticketbrokerage/sv/sport/fotbollsbiljetter/serie_a/napoli/sampdoria.html HTTP/1.1" 404 -
81.167.26.57 - - [28/Jun/2024:00:25:00 +0200] "GET /ticket2/opencms/se/en/buy/?page=1&edid=B63B2B4B-F889-2390-9B9F-DFE3A2A9A7DE&sortorder=desc&column=price HTTP/1.1" 404 -
5.9.55.228 - - [28/Jun/2024:00:25:00 +0200] "GET /ticket2/opencms/en/buy/?page=6&comcatid=97eca65a-72da-f9af-9dbb-245d3cfed1be&catid=2ccc191c-f37f-b9ca-d41c-1204e575b328 HTTP/1.1" 200 71625
23.22.35.162 - - [28/Jun/2024:00:25:02 +0200] "GET /ticket2/opencms/sites/ticketbrokerage/sv/sport/fotbollsbiljetter/serie_a/napoli/palermo.html HTTP/1.1" 404 -
66.249.75.167 - - [28/Jun/2024:00:25:02 +0200] "GET /ticket2/opencms/sites/ticketbrokerage/sv/tickets/arsenal/sunderland.html HTTP/1.1" 404 -
81.167.26.57 - - [28/Jun/2024:00:25:04 +0200] "GET /ticket2/opencms/se/en/buy/?page=1&edid=B63B2B4B-F889-2390-9B9F-DFE3A2A9A7DE&sortorder=desc&column=row HTTP/1.1" 404 -
3.224.220.101 - - [28/Jun/2024:00:25:06 +0200] "GET /ticket2/opencms/sites/ticketbrokerage/sv/sport/fotbollsbiljetter/serie_a/napoli/livorno.html HTTP/1.1" 404 -
17.22.253.20 - - [28/Jun/2024:00:25:08 +0200] "GET /ticket2/opencms/system/modules/com.gridnine.opencms.ticketbrokerage.site/resources/css/ticketbrokerage.css HTTP/1.1" 200 39339
17.22.245.129 - - [28/Jun/2024:00:25:08 +0200] "GET /ticket2/opencms/system/modules/com.gridnine.opencms.ticketbrokerage.site/resources/css/standard.css HTTP/1.1" 200 71935
81.167.26.57 - - [28/Jun/2024:00:25:09 +0200] "GET /ticket2/opencms/se/en/buy/?page=1&edid=B723EB35-A300-0902-6B5A-1E4128A21F72&sortorder=desc&column=row HTTP/1.1" 404 -
17.22.237.55 - - [28/Jun/2024:00:25:09 +0200] "GET /ticket2/opencms/system/modules/com.gridnine.opencms.ticketbrokerage.site/resources/js/functions.js HTTP/1.1" 200 1583
17.22.253.5 - - [28/Jun/2024:00:25:09 +0200] "GET /ticket2/opencms/system/modules/com.gridnine.opencms.ticketbrokerage.site/resources/css/calendar.css HTTP/1.1" 200 6871
3.224.220.101 - - [28/Jun/2024:00:25:10 +0200] "GET /ticket2/opencms/sites/ticketbrokerage/sv/sport/fotbollsbiljetter/serie_a/napoli/juventus.html HTTP/1.1" 404 -
17.22.253.73 - - [28/Jun/2024:00:25:10 +0200] "GET /ticket2/opencms/system/modules/com.gridnine.opencms.ticketbrokerage.site/resources/js/calendar.js HTTP/1.1" 200 49229
17.22.245.99 - - [28/Jun/2024:00:25:10 +0200] "GET /ticket2/opencms/system/modules/com.gridnine.opencms.ticketbrokerage.site/resources/js/calendar-en.js HTTP/1.1" 200 3338
17.22.253.20 - - [28/Jun/2024:00:25:10 +0200] "GET /ticket2/opencms/system/modules/com.gridnine.opencms.ticketbrokerage.site/resources/js/calendar-setup.js HTTP/1.1" 200 4923
17.22.245.129 - - [28/Jun/2024:00:25:11 +0200] "GET /ticket2/opencms/system/modules/com.gridnine.opencms.ticketbrokerage.site/resources/js/standard.js HTTP/1.1" 200 3978
81.167.26.57 - - [28/Jun/2024:00:25:13 +0200] "GET /ticket2/opencms/se/en/buy/?page=1&edid=B7321235-1E88-19E9-4268-A17C8DB5F8E4&sortorder=desc&column=row HTTP/1.1" 404 -
52.70.240.171 - - [28/Jun/2024:00:25:14 +0200] "GET /ticket2/opencms/sites/ticketbrokerage/sv/sport/fotbollsbiljetter/serie_a/napoli/fiorentina.html HTTP/1.1" 404 -
5.9.55.228 - - [28/Jun/2024:00:25:16 +0200] "GET /ticket2/opencms/en/buy/?page=6&comcatid=97eca65a-72da-f9af-9dbb-245d3cfed1be&catid=2e79aed8-ff58-b4e8-afb0-43e7cebe7864 HTTP/1.1" 200 71625
81.167.26.57 - - [28/Jun/2024:00:25:18 +0200] "GET /ticket2/opencms/se/en/buy/?page=1&edid=B7321235-1E88-19E9-4268-A17C8DB5F8E4&sortorder=desc&column=section HTTP/1.1" 404 -
3.224.220.101 - - [28/Jun/2024:00:25:18 +0200] "GET /ticket2/opencms/sites/ticketbrokerage/sv/sport/fotbollsbiljetter/serie_a/napoli/catania.html HTTP/1.1" 404 -
47.128.47.137 - - [28/Jun/2024:00:25:19 +0200] "GET /ticket2/opencms/fi/buy/?edid=E8BA54CC-B112-3D61-BE02-1B4D1E4F63D1 HTTP/1.1" 200 73261
47.128.47.137 - - [28/Jun/2024:00:25:20 +0200] "GET /ticket2/opencms/system/modules/com.gridnine.opencms.ticketbrokerage.site/resources/pics/logo-new.png HTTP/1.1" 200 13541
47.128.47.137 - - [28/Jun/2024:00:25:21 +0200] "GET /ticket2/opencms/system/modules/com.gridnine.opencms.ticketbrokerage.site/resources/pics/bank_2_handelsbanken.png HTTP/1.1" 200 4509
47.128.47.137 - - [28/Jun/2024:00:25:21 +0200] "GET /ticket2/opencms/system/modules/com.gridnine.opencms.ticketbrokerage.site/resources/pics/bank_3_swedbank.png HTTP/1.1" 200 5740
47.128.47.137 - - [28/Jun/2024:00:25:21 +0200] "GET /ticket2/opencms/system/modules/com.gridnine.opencms.ticketbrokerage.site/resources/pics/bank_4_seb.png HTTP/1.1" 200 2487
47.128.47.137 - - [28/Jun/2024:00:25:21 +0200] "GET /ticket2/opencms/system/modules/com.gridnine.opencms.ticketbrokerage.site/resources/pics/bank_5_visa_mastercard.png HTTP/1.1" 200 8196
47.128.47.137 - - [28/Jun/2024:00:25:21 +0200] "GET /ticket2/opencms/system/modules/com.gridnine.opencms.ticketbrokerage.site/resources/pics/bank_6_american_express.png HTTP/1.1" 200 5570
47.128.47.137 - - [28/Jun/2024:00:25:21 +0200] "GET /ticket2/opencms/system/modules/com.gridnine.opencms.ticketbrokerage.site/resources/pics/bank_1_nordea.png HTTP/1.1" 200 4807
52.70.240.171 - - [28/Jun/2024:00:25:22 +0200] "GET /ticket2/opencms/sites/ticketbrokerage/sv/sport/fotbollsbiljetter/serie_a/napoli/cagliari.html HTTP/1.1" 404 -
81.167.26.57 - - [28/Jun/2024:00:25:22 +0200] "GET /ticket2/opencms/se/en/buy/?page=1&edid=B749E405-F4E6-8239-0A05-4388A84F859D&sortorder=desc&column=price HTTP/1.1" 404 -
47.128.47.137 - - [28/Jun/2024:00:25:25 +0200] "GET /ticket2/opencms/fi/buy/?edid=E8BA54CC-B112-3D61-BE02-1B4D1E4F63D1 HTTP/1.1" 200 73261
3.224.220.101 - - [28/Jun/2024:00:25:26 +0200] "GET /ticket2/opencms/sites/ticketbrokerage/sv/sport/fotbollsbiljetter/serie_a/napoli/brescia.html HTTP/1.1" 404 -
81.167.26.57 - - [28/Jun/2024:00:25:27 +0200] "GET /ticket2/opencms/se/en/buy/?page=1&edid=B749E405-F4E6-8239-0A05-4388A84F859D&sortorder=desc&column=row HTTP/1.1" 404 -
52.70.240.171 - - [28/Jun/2024:00:25:30 +0200] "GET /ticket2/opencms/sites/ticketbrokerage/sv/sport/fotbollsbiljetter/serie_a/napoli/bologna.html HTTP/1.1" 404 -
81.167.26.57 - - [28/Jun/2024:00:25:31 +0200] "GET /ticket2/opencms/se/en/buy/?page=1&edid=B749E405-F4E6-8239-0A05-4388A84F859D&sortorder=desc&column=section HTTP/1.1" 404 -
64.71.166.38 - - [28/Jun/2024:00:25:33 +0200] "GET /ticket2/opencms/robots.txt HTTP/1.1" 200 773
5.9.55.228 - - [28/Jun/2024:00:25:33 +0200] "GET /ticket2/opencms/en/buy/?page=6&comcatid=97eca65a-72da-f9af-9dbb-245d3cfed1be&catid=4c4dadf0-07cc-9b24-d2d9-940ef378be99 HTTP/1.1" 200 71625
51.222.253.7 - - [28/Jun/2024:00:25:33 +0200] "GET /ticket2/opencms/robots.txt HTTP/1.1" 200 773
64.71.166.38 - - [28/Jun/2024:00:25:33 +0200] "GET /ticket2/opencms/en/about/press/ HTTP/1.1" 200 71926
52.70.240.171 - - [28/Jun/2024:00:25:34 +0200] "GET /ticket2/opencms/sites/ticketbrokerage/sv/sport/fotbollsbiljetter/serie_a/napoli/atalanta.html HTTP/1.1" 404 -
81.167.26.57 - - [28/Jun/2024:00:25:36 +0200] "GET /ticket2/opencms/se/en/buy/?page=1&edid=B7653BD0-33A8-8039-42B6-78FA5A3DEC82&sortorder=desc&column=price HTTP/1.1" 404 -
52.70.240.171 - - [28/Jun/2024:00:25:38 +0200] "GET /ticket2/opencms/sites/ticketbrokerage/sv/sport/fotbollsbiljetter/serie_a/milan/sampdoria.html HTTP/1.1" 404 -
17.241.219.90 - - [28/Jun/2024:00:25:40 +0200] "GET /ticket2/opencms/no/handbook_seller/ HTTP/1.1" 200 80174
81.167.26.57 - - [28/Jun/2024:00:25:40 +0200] "GET /ticket2/opencms/se/en/buy/?page=1&edid=B7653BD0-33A8-8039-42B6-78FA5A3DEC82&sortorder=desc&column=row HTTP/1.1" 404 -
23.22.35.162 - - [28/Jun/2024:00:25:42 +0200] "GET /ticket2/opencms/sites/ticketbrokerage/sv/sport/fotbollsbiljetter/serie_a/milan/juventus.html HTTP/1.1" 404 -
81.167.26.57 - - [28/Jun/2024:00:25:45 +0200] "GET /ticket2/opencms/se/en/buy/?page=1&edid=B7653BD0-33A8-8039-42B6-78FA5A3DEC82&sortorder=desc&column=section HTTP/1.1" 404 -
52.70.240.171 - - [28/Jun/2024:00:25:46 +0200] "GET /ticket2/opencms/sites/ticketbrokerage/sv/sport/fotbollsbiljetter/serie_a/milan/fiorentina.html HTTP/1.1" 404 -
81.167.26.57 - - [28/Jun/2024:00:25:50 +0200] "GET /ticket2/opencms/se/en/buy/?page=1&edid=B776DA7C-BB43-92BB-597E-685DFC5D934F HTTP/1.1" 404 -
3.224.220.101 - - [28/Jun/2024:00:25:50 +0200] "GET /ticket2/opencms/sites/ticketbrokerage/sv/sport/fotbollsbiljetter/serie_a/milan/cagliari.html HTTP/1.1" 404 -
66.249.69.128 - - [28/Jun/2024:00:25:50 +0200] "GET /ticket2/opencms/dk/buy/?page=1&edid=F1463EBE-6C18-CF49-B2AE-F79868BCA4F5 HTTP/1.1" 200 116675
5.9.55.228 - - [28/Jun/2024:00:25:50 +0200] "GET /ticket2/opencms/en/buy/?page=6&comcatid=66708183-7480-3365-06BF-DBF60280AB45&catid=8C381435-A1E8-94AF-2C58-D133FCA44A31 HTTP/1.1" 200 73162
3.224.220.101 - - [28/Jun/2024:00:25:54 +0200] "GET /ticket2/opencms/sites/ticketbrokerage/sv/sport/fotbollsbiljetter/serie_a/milan/atalanta.html HTTP/1.1" 404 -
81.167.26.57 - - [28/Jun/2024:00:25:54 +0200] "GET /ticket2/opencms/se/en/buy/?page=1&edid=B776DA7C-BB43-92BB-597E-685DFC5D934F&sortorder=desc&column=price HTTP/1.1" 404 -
216.244.66.238 - - [28/Jun/2024:00:25:55 +0200] "GET /ticket2/opencms/dk/dk/buy/?page=1&edid=5FD7F878-D2A8-175B-E350-C7562F147410 HTTP/1.1" 404 -
23.22.35.162 - - [28/Jun/2024:00:25:58 +0200] "GET /ticket2/opencms/sites/ticketbrokerage/sv/sport/fotbollsbiljetter/serie_a/lazio/sampdoria.html HTTP/1.1" 404 -
81.167.26.57 - - [28/Jun/2024:00:25:59 +0200] "GET /ticket2/opencms/se/en/buy/?page=1&edid=B776DA7C-BB43-92BB-597E-685DFC5D934F&sortorder=desc&column=row HTTP/1.1" 404 -
216.245.221.83 - - [28/Jun/2024:00:25:59 +0200] "HEAD /ticket2/opencms/ HTTP/1.1" 302 -
216.244.66.238 - - [28/Jun/2024:00:25:59 +0200] "GET /ticket2/opencms/dk/en/buy/?page=1&edid=71026AAF-622C-063D-34B3-C1AF36D7ED87 HTTP/1.1" 404 -
52.70.240.171 - - [28/Jun/2024:00:26:02 +0200] "GET /ticket2/opencms/sites/ticketbrokerage/sv/sport/fotbollsbiljetter/serie_a/lazio/juventus.html HTTP/1.1" 404 -
216.245.221.83 - - [28/Jun/2024:00:26:02 +0200] "HEAD /ticket2/opencms/en/ HTTP/1.1" 200 -
81.167.26.57 - - [28/Jun/2024:00:26:03 +0200] "GET /ticket2/opencms/se/en/buy/?page=1&edid=B776DA7C-BB43-92BB-597E-685DFC5D934F&sortorder=desc&column=section HTTP/1.1" 404 -
149.50.103.48 - - [28/Jun/2024:00:26:04 +0200] "GET / HTTP/1.1" 404 -
216.244.66.238 - - [28/Jun/2024:00:26:06 +0200] "GET /ticket2/opencms/dk/fi/buy/?page=1&edid=8970AC92-C5AA-B7C6-D963-8BFE17682D77 HTTP/1.1" 404 -
52.70.240.171 - - [28/Jun/2024:00:26:06 +0200] "GET /ticket2/opencms/sites/ticketbrokerage/sv/sport/fotbollsbiljetter/serie_a/lazio/fiorentina.html HTTP/1.1" 404 -
5.9.55.228 - - [28/Jun/2024:00:26:07 +0200] "GET /ticket2/opencms/en/buy/?page=6&comcatid=66708183-7480-3365-06bf-dbf60280ab45 HTTP/1.1" 200 71625
81.167.26.57 - - [28/Jun/2024:00:26:08 +0200] "GET /ticket2/opencms/se/en/buy/?page=1&edid=B7AF0048-2F04-B15E-2C5A-BF75715B4501&sortorder=desc&column=price HTTP/1.1" 404 -
216.244.66.238 - - [28/Jun/2024:00:26:09 +0200] "GET /ticket2/opencms/dk/nl/buy/?page=1&edid=926F727C-C5D2-34B9-5459-6E7B041674A9 HTTP/1.1" 404 -
23.22.35.162 - - [28/Jun/2024:00:26:10 +0200] "GET /ticket2/opencms/sites/ticketbrokerage/sv/sport/fotbollsbiljetter/serie_a/lazio/cagliari.html HTTP/1.1" 404 -
216.244.66.238 - - [28/Jun/2024:00:26:11 +0200] "GET /ticket2/opencms/dk/nl/buy/?page=1&edid=B7653BD0-33A8-8039-42B6-78FA5A3DEC82 HTTP/1.1" 404 -
81.167.26.57 - - [28/Jun/2024:00:26:12 +0200] "GET /ticket2/opencms/se/en/buy/?page=1&edid=B82C7457-23A7-971E-3494-C851AC146F1A&sortorder=desc&column=row HTTP/1.1" 404 -
216.244.66.238 - - [28/Jun/2024:00:26:13 +0200] "GET /ticket2/opencms/dk/no/buy/?page=1&edid=77662010-5CF0-526E-5D4F-82C3FEEC0A4F HTTP/1.1" 404 -
23.22.35.162 - - [28/Jun/2024:00:26:14 +0200] "GET /ticket2/opencms/sites/ticketbrokerage/sv/sport/fotbollsbiljetter/serie_a/lazio/atalanta.html HTTP/1.1" 404 -
216.244.66.238 - - [28/Jun/2024:00:26:15 +0200] "GET /ticket2/opencms/dk/sv/buy/?page=1&edid=AA35831F-AA23-3D8D-06B6-7E1391A24181 HTTP/1.1" 404 -
81.167.26.57 - - [28/Jun/2024:00:26:16 +0200] "GET /ticket2/opencms/se/en/buy/?page=1&edid=B83D277E-DD60-5908-B3D4-943667640531&sortorder=asc&column=section HTTP/1.1" 404 -
52.167.144.182 - - [28/Jun/2024:00:26:17 +0200] "GET /ticket2/opencms/en/venue/?countryid=08F91625-8D0D-C389-E632-ABC46886787C HTTP/1.1" 200 100730
52.70.240.171 - - [28/Jun/2024:00:26:17 +0200] "GET /ticket2/opencms/sites/ticketbrokerage/sv/sport/fotbollsbiljetter/serie_a/juventus/udinese.html HTTP/1.1" 404 -
216.244.66.238 - - [28/Jun/2024:00:26:20 +0200] "GET /ticket2/opencms/se/dk/buy/?page=1&edid=01361779-A215-4988-A0CA-B22E55ADBD38 HTTP/1.1" 404 -
81.167.26.57 - - [28/Jun/2024:00:26:21 +0200] "GET /ticket2/opencms/se/en/buy/?page=1&edid=B8936E2A-2B55-9BF8-E0E7-457CCCF1DAC4&sortorder=asc&column=price HTTP/1.1" 404 -
52.70.240.171 - - [28/Jun/2024:00:26:22 +0200] "GET /ticket2/opencms/sites/ticketbrokerage/sv/sport/fotbollsbiljetter/serie_a/juventus/siena.html HTTP/1.1" 404 -
216.244.66.238 - - [28/Jun/2024:00:26:22 +0200] "GET /ticket2/opencms/se/dk/buy/?page=1&edid=4F5D7E65-10BD-96F6-3835-18E4510F5DC0 HTTP/1.1" 404 -
5.9.55.228 - - [28/Jun/2024:00:26:23 +0200] "GET /ticket2/opencms/en/buy/?page=6&comcatid=66708183-7480-3365-06bf-dbf60280ab45&catid=05a94519-01d1-c86f-9031-84936b0b9dae HTTP/1.1" 200 71625
81.167.26.57 - - [28/Jun/2024:00:26:25 +0200] "GET /ticket2/opencms/se/en/buy/?page=1&edid=B992B9FA-629C-418A-BD19-DE1C862ADA73&sortorder=desc&column=row HTTP/1.1" 404 -
216.244.66.238 - - [28/Jun/2024:00:26:26 +0200] "GET /ticket2/opencms/se/dk/buy/?page=1&edid=6B362B16-3138-C077-A4D8-7508DEEA6E81 HTTP/1.1" 404 -
52.70.240.171 - - [28/Jun/2024:00:26:26 +0200] "GET /ticket2/opencms/sites/ticketbrokerage/sv/sport/fotbollsbiljetter/serie_a/juventus/parma.html HTTP/1.1" 404 -
81.167.26.57 - - [28/Jun/2024:00:26:30 +0200] "GET /ticket2/opencms/se/en/buy/?page=1&edid=B992B9FA-629C-418A-BD19-DE1C862ADA73&sortorder=desc&column=section HTTP/1.1" 404 -
52.70.240.171 - - [28/Jun/2024:00:26:30 +0200] "GET /ticket2/opencms/sites/ticketbrokerage/sv/sport/fotbollsbiljetter/serie_a/juventus/palermo.html HTTP/1.1" 404 -
216.244.66.238 - - [28/Jun/2024:00:26:31 +0200] "GET /ticket2/opencms/se/en/buy/?page=1&edid=9DBCFB0A-88F2-D9C0-1621-EFE7FF11A5D1 HTTP/1.1" 404 -
52.70.240.171 - - [28/Jun/2024:00:26:34 +0200] "GET /ticket2/opencms/sites/ticketbrokerage/sv/sport/fotbollsbiljetter/serie_a/juventus/napoli.html HTTP/1.1" 404 -
40.77.167.28 - - [28/Jun/2024:00:26:34 +0200] "GET /ticket2/opencms/sv/buy/?page=1&edid=F74997E7-1F81-8144-BC19-7CD40E7B47F7 HTTP/1.1" 200 111859
81.167.26.57 - - [28/Jun/2024:00:26:34 +0200] "GET /ticket2/opencms/se/en/buy/?page=1&edid=BB80FB9D-99FF-746B-76F0-94367292659F&sortorder=desc&column=row HTTP/1.1" 404 -
216.244.66.238 - - [28/Jun/2024:00:26:36 +0200] "GET /ticket2/opencms/se/en/buy/?page=1&edid=CFB00141-297E-C048-020A-09E02D385501 HTTP/1.1" 404 -
3.224.220.101 - - [28/Jun/2024:00:26:38 +0200] "GET /ticket2/opencms/sites/ticketbrokerage/sv/sport/fotbollsbiljetter/serie_a/juventus/milan.html HTTP/1.1" 404 -
40.77.167.50 - - [28/Jun/2024:00:26:38 +0200] "GET /ticket2/opencms/fi/sv/buy/?page=1&edid=0704BD6D-31E9-BB79-1A42-1B64AF5D31BB HTTP/1.1" 404 -
5.9.55.228 - - [28/Jun/2024:00:26:38 +0200] "GET /ticket2/opencms/en/buy/?page=6&comcatid=97eca65a-72da-f9af-9dbb-245d3cfed1be&catid=7d3bef66-5d88-3916-5b89-0e7b139e0169 HTTP/1.1" 200 71625
40.77.167.50 - - [28/Jun/2024:00:26:39 +0200] "GET /ticket2/opencms/dk/buy?page=1&edid=84ABEF98-5B99-FE9A-F3A3-E305A7E3217D HTTP/1.1" 200 110557
81.167.26.57 - - [28/Jun/2024:00:26:39 +0200] "GET /ticket2/opencms/se/en/buy/?page=1&edid=BB80FB9D-99FF-746B-76F0-94367292659F&sortorder=desc&column=section HTTP/1.1" 404 -
216.244.66.238 - - [28/Jun/2024:00:26:40 +0200] "GET /ticket2/opencms/sv/buy?page=1&edid=F9496538-3E90-9D50-62AC-C255AB0550A9 HTTP/1.1" 200 88587
52.70.240.171 - - [28/Jun/2024:00:26:42 +0200] "GET /ticket2/opencms/sites/ticketbrokerage/sv/sport/fotbollsbiljetter/serie_a/juventus/livorno.html HTTP/1.1" 404 -
81.167.26.57 - - [28/Jun/2024:00:26:43 +0200] "GET /ticket2/opencms/se/en/buy/?page=1&edid=BC1E5412-9D56-1C5F-4E48-5A2B4649D9E8&sortorder=desc&column=row HTTP/1.1" 404 -
5.9.55.228 - - [28/Jun/2024:00:26:46 +0200] "GET /ticket2/opencms/en/buy/?page=6&comcatid=97eca65a-72da-f9af-9dbb-245d3cfed1be&catid=81b744e7-1fee-e757-c0ab-c7af73cde252 HTTP/1.1" 200 71625
52.70.240.171 - - [28/Jun/2024:00:26:46 +0200] "GET /ticket2/opencms/sites/ticketbrokerage/sv/sport/fotbollsbiljetter/serie_a/juventus/lecce.html HTTP/1.1" 404 -
81.167.26.57 - - [28/Jun/2024:00:26:48 +0200] "GET /ticket2/opencms/se/en/buy/?page=1&edid=BCF361BC-35E4-128D-D45A-DDFAFED2107F&sortorder=desc&column=price HTTP/1.1" 404 -
52.70.240.171 - - [28/Jun/2024:00:26:50 +0200] "GET /ticket2/opencms/sites/ticketbrokerage/sv/sport/fotbollsbiljetter/serie_a/juventus/lazio.html HTTP/1.1" 404 -
81.167.26.57 - - [28/Jun/2024:00:26:52 +0200] "GET /ticket2/opencms/se/en/buy/?page=1&edid=BD00BEBE-764F-EE0C-759A-E664776EFB3A&sortorder=asc&column=section HTTP/1.1" 404 -
52.70.240.171 - - [28/Jun/2024:00:26:54 +0200] "GET /ticket2/opencms/sites/ticketbrokerage/sv/sport/fotbollsbiljetter/serie_a/juventus/inter.html HTTP/1.1" 404 -
66.249.69.128 - - [28/Jun/2024:00:26:54 +0200] "GET /ticket2/opencms/sv/sport/fotbollsbiljetter/premier_league/aston_villa/ HTTP/1.1" 200 85356
81.167.26.57 - - [28/Jun/2024:00:26:57 +0200] "GET /ticket2/opencms/se/en/buy/?page=1&edid=BE03888E-E90D-CC07-BCD5-31549D7667B8&sortorder=desc&column=section HTTP/1.1" 404 -
52.70.240.171 - - [28/Jun/2024:00:26:58 +0200] "GET /ticket2/opencms/sites/ticketbrokerage/sv/sport/fotbollsbiljetter/serie_a/juventus/genoa.html HTTP/1.1" 404 -
81.167.26.57 - - [28/Jun/2024:00:27:02 +0200] "GET /ticket2/opencms/se/en/buy/?page=1&edid=BF25989E-D557-34A8-F7E5-89D2F2212522&sortorder=desc&column=row HTTP/1.1" 404 -
3.224.220.101 - - [28/Jun/2024:00:27:02 +0200] "GET /ticket2/opencms/sites/ticketbrokerage/sv/sport/fotbollsbiljetter/serie_a/juventus/fiorentina.html HTTP/1.1" 404 -
5.9.55.228 - - [28/Jun/2024:00:27:02 +0200] "GET /ticket2/opencms/en/buy/?page=6&comcatid=97eca65a-72da-f9af-9dbb-245d3cfed1be&catid=8732e72c-a028-ea8c-4d4d-deb44e2a28a8 HTTP/1.1" 200 71625
52.70.240.171 - - [28/Jun/2024:00:27:06 +0200] "GET /ticket2/opencms/sites/ticketbrokerage/sv/sport/fotbollsbiljetter/serie_a/juventus/chievo.html HTTP/1.1" 404 -
81.167.26.57 - - [28/Jun/2024:00:27:06 +0200] "GET /ticket2/opencms/se/en/buy/?page=1&edid=BFC8ECC1-2107-AC46-D638-419C26368D40 HTTP/1.1" 404 -
40.77.167.50 - - [28/Jun/2024:00:27:08 +0200] "GET /ticket2/opencms/nl/search.html?searchQuery=2025 HTTP/1.1" 200 90146
23.22.35.162 - - [28/Jun/2024:00:27:10 +0200] "GET /ticket2/opencms/sites/ticketbrokerage/sv/sport/fotbollsbiljetter/serie_a/juventus/cesena.html HTTP/1.1" 404 -
81.167.26.57 - - [28/Jun/2024:00:27:11 +0200] "GET /ticket2/opencms/se/en/buy/?page=1&edid=C06EF65F-765A-41B3-7251-28C655DA14AD&sortorder=desc&column=price HTTP/1.1" 404 -
52.70.240.171 - - [28/Jun/2024:00:27:14 +0200] "GET /ticket2/opencms/sites/ticketbrokerage/sv/sport/fotbollsbiljetter/serie_a/juventus/catania.html HTTP/1.1" 404 -
81.167.26.57 - - [28/Jun/2024:00:27:15 +0200] "GET /ticket2/opencms/se/en/buy/?page=1&edid=C06EF65F-765A-41B3-7251-28C655DA14AD&sortorder=desc&column=row HTTP/1.1" 404 -
5.9.55.228 - - [28/Jun/2024:00:27:17 +0200] "GET /ticket2/opencms/en/buy/?page=6&comcatid=97eca65a-72da-f9af-9dbb-245d3cfed1be&catid=8b6802af-1ade-4be1-a1f7-7671190cfb4f HTTP/1.1" 200 71625
23.22.35.162 - - [28/Jun/2024:00:27:17 +0200] "GET /ticket2/opencms/sites/ticketbrokerage/sv/sport/fotbollsbiljetter/serie_a/juventus/cagliari.html HTTP/1.1" 404 -
81.167.26.57 - - [28/Jun/2024:00:27:20 +0200] "GET /ticket2/opencms/se/en/buy/?page=1&edid=C06EF65F-765A-41B3-7251-28C655DA14AD&sortorder=desc&column=section HTTP/1.1" 404 -
3.224.220.101 - - [28/Jun/2024:00:27:22 +0200] "GET /ticket2/opencms/sites/ticketbrokerage/sv/sport/fotbollsbiljetter/serie_a/juventus/brescia.html HTTP/1.1" 404 -
81.167.26.57 - - [28/Jun/2024:00:27:25 +0200] "GET /ticket2/opencms/se/en/buy/?page=1&edid=C0D5FA21-0C90-0D73-2EF5-A41D174CF89F&sortorder=desc&column=price HTTP/1.1" 404 -
3.224.220.101 - - [28/Jun/2024:00:27:26 +0200] "GET /ticket2/opencms/sites/ticketbrokerage/sv/sport/fotbollsbiljetter/serie_a/juventus/bologna.html HTTP/1.1" 404 -
81.167.26.57 - - [28/Jun/2024:00:27:29 +0200] "GET /ticket2/opencms/se/en/buy/?page=1&edid=C0D5FA21-0C90-0D73-2EF5-A41D174CF89F&sortorder=desc&column=row HTTP/1.1" 404 -
23.22.35.162 - - [28/Jun/2024:00:27:30 +0200] "GET /ticket2/opencms/sites/ticketbrokerage/sv/sport/fotbollsbiljetter/serie_a/juventus/atalanta.html HTTP/1.1" 404 -
5.9.55.228 - - [28/Jun/2024:00:27:33 +0200] "GET /ticket2/opencms/en/buy/?page=6&comcatid=97eca65a-72da-f9af-9dbb-245d3cfed1be&catid=9457695e-36ed-a63e-7a88-32963954e2c7 HTTP/1.1" 200 71625
81.167.26.57 - - [28/Jun/2024:00:27:34 +0200] "GET /ticket2/opencms/se/en/buy/?page=1&edid=C0D5FA21-0C90-0D73-2EF5-A41D174CF89F&sortorder=desc&column=section HTTP/1.1" 404 -
23.22.35.162 - - [28/Jun/2024:00:27:34 +0200] "GET /ticket2/opencms/sites/ticketbrokerage/sv/sport/fotbollsbiljetter/serie_a/juventus/ HTTP/1.1" 404 -
47.128.46.62 - - [28/Jun/2024:00:27:35 +0200] "GET /ticket2/opencms/fi/buy/?edid=FDC70D4B-A88B-5334-5A88-AC1F94FAEBF8 HTTP/1.1" 200 73261
47.128.46.62 - - [28/Jun/2024:00:27:36 +0200] "GET /ticket2/opencms/system/modules/com.gridnine.opencms.ticketbrokerage.site/resources/pics/logo-new.png HTTP/1.1" 200 13541
47.128.46.62 - - [28/Jun/2024:00:27:37 +0200] "GET /ticket2/opencms/system/modules/com.gridnine.opencms.ticketbrokerage.site/resources/pics/bank_1_nordea.png HTTP/1.1" 200 4807
47.128.46.62 - - [28/Jun/2024:00:27:37 +0200] "GET /ticket2/opencms/system/modules/com.gridnine.opencms.ticketbrokerage.site/resources/pics/bank_3_swedbank.png HTTP/1.1" 200 5740
23.22.35.162 - - [28/Jun/2024:00:27:37 +0200] "GET /ticket2/opencms/sites/ticketbrokerage/sv/sport/fotbollsbiljetter/serie_a/inter/sampdoria.html HTTP/1.1" 404 -
47.128.46.62 - - [28/Jun/2024:00:27:38 +0200] "GET /ticket2/opencms/system/modules/com.gridnine.opencms.ticketbrokerage.site/resources/pics/bank_2_handelsbanken.png HTTP/1.1" 200 4509
47.128.46.62 - - [28/Jun/2024:00:27:38 +0200] "GET /ticket2/opencms/system/modules/com.gridnine.opencms.ticketbrokerage.site/resources/pics/bank_4_seb.png HTTP/1.1" 200 2487
47.128.46.62 - - [28/Jun/2024:00:27:38 +0200] "GET /ticket2/opencms/system/modules/com.gridnine.opencms.ticketbrokerage.site/resources/pics/bank_5_visa_mastercard.png HTTP/1.1" 200 8196
47.128.46.62 - - [28/Jun/2024:00:27:38 +0200] "GET /ticket2/opencms/system/modules/com.gridnine.opencms.ticketbrokerage.site/resources/pics/bank_6_american_express.png HTTP/1.1" 200 5570
81.167.26.57 - - [28/Jun/2024:00:27:38 +0200] "GET /ticket2/opencms/se/en/buy/?page=1&edid=C0E71D3B-DC0E-DD9D-0716-7AD40A999541 HTTP/1.1" 404 -
52.70.240.171 - - [28/Jun/2024:00:27:42 +0200] "GET /ticket2/opencms/sites/ticketbrokerage/sv/sport/fotbollsbiljetter/serie_a/inter/juventus.html HTTP/1.1" 404 -
81.167.26.57 - - [28/Jun/2024:00:27:43 +0200] "GET /ticket2/opencms/se/en/buy/?page=1&edid=C0FFA6FD-32FA-9A10-CB6E-3A2F4E87A6FA HTTP/1.1" 404 -
3.224.220.101 - - [28/Jun/2024:00:27:45 +0200] "GET /ticket2/opencms/sites/ticketbrokerage/sv/sport/fotbollsbiljetter/serie_a/inter/fiorentina.html HTTP/1.1" 404 -
81.167.26.57 - - [28/Jun/2024:00:27:47 +0200] "GET /ticket2/opencms/se/en/buy/?page=1&edid=C11DE3CA-0E71-859F-288C-EDF79380210E HTTP/1.1" 404 -
5.9.55.228 - - [28/Jun/2024:00:27:49 +0200] "GET /ticket2/opencms/en/buy/?page=6&comcatid=97eca65a-72da-f9af-9dbb-245d3cfed1be&catid=d414c6a5-7a03-3389-42a8-d7b7fe32bb37 HTTP/1.1" 200 71625
3.224.220.101 - - [28/Jun/2024:00:27:50 +0200] "GET /ticket2/opencms/sites/ticketbrokerage/sv/sport/fotbollsbiljetter/serie_a/inter/cagliari.html HTTP/1.1" 404 -
81.167.26.57 - - [28/Jun/2024:00:27:52 +0200] "GET /ticket2/opencms/se/en/buy/?page=1&edid=C13188B2-4508-D2E9-B121-B54B35743CCB&sortorder=desc&column=price HTTP/1.1" 404 -
52.70.240.171 - - [28/Jun/2024:00:27:54 +0200] "GET /ticket2/opencms/sites/ticketbrokerage/sv/sport/fotbollsbiljetter/serie_a/inter/atalanta.html HTTP/1.1" 404 -
81.167.26.57 - - [28/Jun/2024:00:27:56 +0200] "GET /ticket2/opencms/se/en/buy/?page=1&edid=C13188B2-4508-D2E9-B121-B54B35743CCB&sortorder=desc&column=row HTTP/1.1" 404 -
66.249.72.34 - - [28/Jun/2024:00:27:57 +0200] "GET /ticket2/opencms/sv/buy/?page=1&edid=8B771AFF-A9A8-FE63-E57B-1170D3B7C5B8 HTTP/1.1" 200 111857
23.22.35.162 - - [28/Jun/2024:00:27:58 +0200] "GET /ticket2/opencms/sites/ticketbrokerage/sv/sport/fotbollsbiljetter/serie_a/fiorentina/siena.html HTTP/1.1" 404 -
66.249.75.161 - - [28/Jun/2024:00:27:58 +0200] "GET /ticket2/opencms/sv/venue/?countryid=ACBCEDDC-478F-6F5C-046F-A1A55C83F98D HTTP/1.1" 200 107727
81.167.26.57 - - [28/Jun/2024:00:28:01 +0200] "GET /ticket2/opencms/se/en/buy/?page=1&edid=C13188B2-4508-D2E9-B121-B54B35743CCB&sortorder=desc&column=section HTTP/1.1" 404 -
52.70.240.171 - - [28/Jun/2024:00:28:02 +0200] "GET /ticket2/opencms/sites/ticketbrokerage/sv/sport/fotbollsbiljetter/serie_a/fiorentina/sampdoria.html HTTP/1.1" 404 -
5.9.55.228 - - [28/Jun/2024:00:28:04 +0200] "GET /ticket2/opencms/en/buy/?page=6&comcatid=97eca65a-72da-f9af-9dbb-245d3cfed1be&catid=da31441b-c568-3c77-d08c-698809032494 HTTP/1.1" 200 71625
81.167.26.57 - - [28/Jun/2024:00:28:06 +0200] "GET /ticket2/opencms/se/en/buy/?page=1&edid=C134F748-F9E7-30B4-A24D-C22CD460B13B HTTP/1.1" 404 -
52.70.240.171 - - [28/Jun/2024:00:28:06 +0200] "GET /ticket2/opencms/sites/ticketbrokerage/sv/sport/fotbollsbiljetter/serie_a/fiorentina/roma.html HTTP/1.1" 404 -
185.202.238.84 - - [28/Jun/2024:00:28:07 +0200] "GET /ticket2/opencms/dk/dk/buy/?page=1&edid=D7E2BA39-62D1-0AEA-D8FA-A3DB5ADD3A51&sortorder=desc&column=section HTTP/1.1" 404 -
217.182.175.163 - - [28/Jun/2024:00:28:10 +0200] "GET /ticket2/opencms/dk/no/buy/?page=1&edid=17D42116-BDC7-10D9-3DEE-592C46394F0D&sortorder=desc&column=row HTTP/1.1" 404 -
3.224.220.101 - - [28/Jun/2024:00:28:10 +0200] "GET /ticket2/opencms/sites/ticketbrokerage/sv/sport/fotbollsbiljetter/serie_a/fiorentina/parma.html HTTP/1.1" 404 -
81.167.26.57 - - [28/Jun/2024:00:28:10 +0200] "GET /ticket2/opencms/se/en/buy/?page=1&edid=C134F748-F9E7-30B4-A24D-C22CD460B13B&sortorder=desc&column=row HTTP/1.1" 404 -
52.70.240.171 - - [28/Jun/2024:00:28:14 +0200] "GET /ticket2/opencms/sites/ticketbrokerage/sv/sport/fotbollsbiljetter/serie_a/fiorentina/napoli.html HTTP/1.1" 404 -
81.167.26.57 - - [28/Jun/2024:00:28:15 +0200] "GET /ticket2/opencms/se/en/buy/?page=1&edid=C1962406-C365-6510-2AD4-8B86FC7DBDDB&sortorder=desc&column=price HTTP/1.1" 404 -
217.182.175.163 - - [28/Jun/2024:00:28:15 +0200] "GET /ticket2/opencms/dk/no/buy/?page=1&edid=17D42116-BDC7-10D9-3DEE-592C46394F0D&sortorder=desc&column=section HTTP/1.1" 404 -
23.22.35.162 - - [28/Jun/2024:00:28:19 +0200] "GET /ticket2/opencms/sites/ticketbrokerage/sv/sport/fotbollsbiljetter/serie_a/fiorentina/milan.html HTTP/1.1" 404 -
81.167.26.57 - - [28/Jun/2024:00:28:19 +0200] "GET /ticket2/opencms/se/en/buy/?page=1&edid=C1962406-C365-6510-2AD4-8B86FC7DBDDB&sortorder=desc&column=row HTTP/1.1" 404 -
5.9.55.228 - - [28/Jun/2024:00:28:19 +0200] "GET /ticket2/opencms/en/buy/?page=6&comcatid=97eca65a-72da-f9af-9dbb-245d3cfed1be&catid=e3105e1e-3982-291e-5523-1c1df161e9b7 HTTP/1.1" 200 71625
217.182.175.163 - - [28/Jun/2024:00:28:20 +0200] "GET /ticket2/opencms/dk/no/buy/?page=1&edid=18867CA9-F302-883E-4054-B8E0E1ADD001 HTTP/1.1" 404 -
3.224.220.101 - - [28/Jun/2024:00:28:22 +0200] "GET /ticket2/opencms/sites/ticketbrokerage/sv/sport/fotbollsbiljetter/serie_a/fiorentina/lecce.html HTTP/1.1" 404 -
81.167.26.57 - - [28/Jun/2024:00:28:24 +0200] "GET /ticket2/opencms/se/en/buy/?page=1&edid=C1962406-C365-6510-2AD4-8B86FC7DBDDB&sortorder=desc&column=section HTTP/1.1" 404 -
217.182.175.163 - - [28/Jun/2024:00:28:25 +0200] "GET /ticket2/opencms/dk/no/buy/?page=1&edid=19E38F9D-861E-8A2A-C1DB-C0C055563625&sortorder=desc&column=price HTTP/1.1" 404 -
23.22.35.162 - - [28/Jun/2024:00:28:26 +0200] "GET /ticket2/opencms/sites/ticketbrokerage/sv/sport/fotbollsbiljetter/serie_a/fiorentina/lazio.html HTTP/1.1" 404 -
81.167.26.57 - - [28/Jun/2024:00:28:28 +0200] "GET /ticket2/opencms/se/en/buy/?page=1&edid=C19BDC6D-B9B2-2881-03CD-5E0FA6322EFC HTTP/1.1" 404 -
52.70.240.171 - - [28/Jun/2024:00:28:30 +0200] "GET /ticket2/opencms/sites/ticketbrokerage/sv/sport/fotbollsbiljetter/serie_a/fiorentina/juventus.html HTTP/1.1" 404 -
217.182.175.163 - - [28/Jun/2024:00:28:30 +0200] "GET /ticket2/opencms/dk/no/buy/?page=1&edid=19E38F9D-861E-8A2A-C1DB-C0C055563625&sortorder=desc&column=row HTTP/1.1" 404 -
81.167.26.57 - - [28/Jun/2024:00:28:33 +0200] "GET /ticket2/opencms/se/en/buy/?page=1&edid=C23BF5A6-8BB4-09E8-9016-747DF13A07E6&sortorder=desc&column=row HTTP/1.1" 404 -
3.224.220.101 - - [28/Jun/2024:00:28:34 +0200] "GET /ticket2/opencms/sites/ticketbrokerage/sv/sport/fotbollsbiljetter/serie_a/fiorentina/inter.html HTTP/1.1" 404 -
217.182.175.163 - - [28/Jun/2024:00:28:35 +0200] "GET /ticket2/opencms/dk/no/buy/?page=1&edid=19E38F9D-861E-8A2A-C1DB-C0C055563625&sortorder=desc&column=section HTTP/1.1" 404 -
5.9.55.228 - - [28/Jun/2024:00:28:35 +0200] "GET /ticket2/opencms/en/buy/?page=6&comcatid=97eca65a-72da-f9af-9dbb-245d3cfed1be&catid=f4d223a4-c027-46dc-3de5-726a23e30a62 HTTP/1.1" 200 71625
81.167.26.57 - - [28/Jun/2024:00:28:37 +0200] "GET /ticket2/opencms/se/en/buy/?page=1&edid=C23BF5A6-8BB4-09E8-9016-747DF13A07E6&sortorder=desc&column=section HTTP/1.1" 404 -
52.70.240.171 - - [28/Jun/2024:00:28:38 +0200] "GET /ticket2/opencms/sites/ticketbrokerage/sv/sport/fotbollsbiljetter/serie_a/fiorentina/genoa.html HTTP/1.1" 404 -
217.182.175.163 - - [28/Jun/2024:00:28:41 +0200] "GET /ticket2/opencms/dk/no/buy/?page=1&edid=19E6AA26-8C71-91B2-57B1-FE9ADF08994E HTTP/1.1" 404 -
23.22.35.162 - - [28/Jun/2024:00:28:42 +0200] "GET /ticket2/opencms/sites/ticketbrokerage/sv/sport/fotbollsbiljetter/serie_a/fiorentina/chievo.html HTTP/1.1" 404 -
81.167.26.57 - - [28/Jun/2024:00:28:42 +0200] "GET /ticket2/opencms/se/en/buy/?page=1&edid=C261BF23-6CC3-A3C4-F738-0D936DE598A2&sortorder=desc&column=price HTTP/1.1" 404 -
216.245.221.83 - - [28/Jun/2024:00:28:45 +0200] "HEAD /ticket2/opencms/ HTTP/1.1" 302 -
3.224.220.101 - - [28/Jun/2024:00:28:45 +0200] "GET /ticket2/opencms/sites/ticketbrokerage/sv/sport/fotbollsbiljetter/serie_a/fiorentina/cesena.html HTTP/1.1" 404 -
216.245.221.83 - - [28/Jun/2024:00:28:46 +0200] "HEAD /ticket2/opencms/en/ HTTP/1.1" 200 -
217.182.175.163 - - [28/Jun/2024:00:28:46 +0200] "GET /ticket2/opencms/dk/no/buy/?page=1&edid=1A49873B-BAD7-E45F-53B2-231EBFA49918 HTTP/1.1" 404 -
81.167.26.57 - - [28/Jun/2024:00:28:46 +0200] "GET /ticket2/opencms/se/en/buy/?page=1&edid=C261BF23-6CC3-A3C4-F738-0D936DE598A2&sortorder=desc&column=row HTTP/1.1" 404 -
3.224.220.101 - - [28/Jun/2024:00:28:50 +0200] "GET /ticket2/opencms/sites/ticketbrokerage/sv/sport/fotbollsbiljetter/serie_a/fiorentina/cagliari.html HTTP/1.1" 404 -
81.167.26.57 - - [28/Jun/2024:00:28:51 +0200] "GET /ticket2/opencms/se/en/buy/?page=1&edid=C261BF23-6CC3-A3C4-F738-0D936DE598A2&sortorder=desc&column=section HTTP/1.1" 404 -
217.182.175.163 - - [28/Jun/2024:00:28:51 +0200] "GET /ticket2/opencms/dk/no/buy/?page=1&edid=1B7F1FCD-F1D1-57D9-ED65-AFC2400FAEC4&sortorder=desc&column=price HTTP/1.1" 404 -
5.9.55.228 - - [28/Jun/2024:00:28:52 +0200] "GET /ticket2/opencms/en/buy/?page=6&comcatid=97eca65a-72da-f9af-9dbb-245d3cfed1be&catid=f7f89b9b-6697-7881-54ae-4c39276bf1b8 HTTP/1.1" 200 71625
23.22.35.162 - - [28/Jun/2024:00:28:54 +0200] "GET /ticket2/opencms/sites/ticketbrokerage/sv/sport/fotbollsbiljetter/serie_a/fiorentina/bari.html HTTP/1.1" 404 -
81.167.26.57 - - [28/Jun/2024:00:28:55 +0200] "GET /ticket2/opencms/se/en/buy/?page=1&edid=C31EB894-C700-DF4A-F882-C4D20878235C&sortorder=asc&column=price HTTP/1.1" 404 -
217.182.175.163 - - [28/Jun/2024:00:28:56 +0200] "GET /ticket2/opencms/dk/no/buy/?page=1&edid=1B7F1FCD-F1D1-57D9-ED65-AFC2400FAEC4&sortorder=desc&column=row HTTP/1.1" 404 -
3.224.220.101 - - [28/Jun/2024:00:28:57 +0200] "GET /ticket2/opencms/sites/ticketbrokerage/sv/sport/fotbollsbiljetter/serie_a/fiorentina/atalanta.html HTTP/1.1" 404 -
81.167.26.57 - - [28/Jun/2024:00:28:59 +0200] "GET /ticket2/opencms/se/en/buy/?page=1&edid=C37415B8-5B3B-C138-0EE3-D2C082D87A70&sortorder=asc&column=row HTTP/1.1" 404 -
217.182.175.163 - - [28/Jun/2024:00:29:02 +0200] "GET /ticket2/opencms/dk/no/buy/?page=1&edid=1B7F1FCD-F1D1-57D9-ED65-AFC2400FAEC4&sortorder=desc&column=section HTTP/1.1" 404 -
3.224.220.101 - - [28/Jun/2024:00:29:02 +0200] "GET /ticket2/opencms/sites/ticketbrokerage/sv/sport/fotbollsbiljetter/serie_a/fiorentina/ HTTP/1.1" 404 -
81.167.26.57 - - [28/Jun/2024:00:29:04 +0200] "GET /ticket2/opencms/se/en/buy/?page=1&edid=C37415B8-5B3B-C138-0EE3-D2C082D87A70&sortorder=asc&column=section HTTP/1.1" 404 -
217.182.175.163 - - [28/Jun/2024:00:29:05 +0200] "GET /ticket2/opencms/dk/sv/sport/fotbollsbiljetter/bundesliga/mainz/ HTTP/1.1" 404 -
3.224.220.101 - - [28/Jun/2024:00:29:06 +0200] "GET /ticket2/opencms/sites/ticketbrokerage/sv/sport/fotbollsbiljetter/serie_a/cagliari/ HTTP/1.1" 404 -
5.9.55.228 - - [28/Jun/2024:00:29:07 +0200] "GET /ticket2/opencms/en/buy/?page=6&comcatid=97eca65a-72da-f9af-9dbb-245d3cfed1be&catid=f7ff413b-5fdf-82cf-e5bb-cd4ab6027974 HTTP/1.1" 200 71625
81.167.26.57 - - [28/Jun/2024:00:29:08 +0200] "GET /ticket2/opencms/se/en/buy/?page=1&edid=C47633E9-F577-442A-0147-9F58E930D649&sortorder=desc&column=price HTTP/1.1" 404 -
217.182.175.163 - - [28/Jun/2024:00:29:09 +0200] "GET /ticket2/opencms/dk/sv/sport/fotbollsbiljetter/bundesliga/schalke/ HTTP/1.1" 404 -
52.70.240.171 - - [28/Jun/2024:00:29:10 +0200] "GET /ticket2/opencms/sites/ticketbrokerage/sv/sport/fotbollsbiljetter/serie_a/atalanta/ HTTP/1.1" 404 -
217.182.175.163 - - [28/Jun/2024:00:29:12 +0200] "GET /ticket2/opencms/dk/sv/sport/fotbollsbiljetter/bundesliga/werder-bremen/ HTTP/1.1" 404 -
