89.109.46.40 - - [28/Jun/2024:02:27:31 +0200] "GET /ticket2/opencms/system/modules/com.gridnine.opencms.ticketbrokerage.site/resources/js/calendar.js HTTP/1.1" 200 49229
89.109.46.40 - - [28/Jun/2024:02:27:31 +0200] "GET /ticket2/opencms/system/modules/com.gridnine.opencms.ticketbrokerage.site/resources/js/calendar-en.js HTTP/1.1" 200 3338
89.109.46.40 - - [28/Jun/2024:02:27:31 +0200] "GET /ticket2/opencms/system/modules/com.gridnine.opencms.ticketbrokerage.site/resources/css/ticketbrokerage.css HTTP/1.1" 200 39339
89.109.46.40 - - [28/Jun/2024:02:27:31 +0200] "GET /ticket2/opencms/system/modules/com.gridnine.opencms.ticketbrokerage.site/resources/js/calendar-setup.js HTTP/1.1" 200 4923
89.109.46.40 - - [28/Jun/2024:02:27:31 +0200] "GET /ticket2/opencms/system/modules/com.gridnine.opencms.ticketbrokerage.site/resources/js/jquery.fancybox.pack.js HTTP/1.1" 200 23187
89.109.46.40 - - [28/Jun/2024:02:27:31 +0200] "GET /ticket2/opencms/system/modules/com.gridnine.opencms.ticketbrokerage.site/resources/js/stickyfill.min.js HTTP/1.1" 200 5672
89.109.46.40 - - [28/Jun/2024:02:27:31 +0200] "GET /ticket2/opencms/img/icons/se.png HTTP/1.1" 200 1258
89.109.46.40 - - [28/Jun/2024:02:27:31 +0200] "GET /ticket2/opencms/img/icons/no.png HTTP/1.1" 200 1958
89.109.46.40 - - [28/Jun/2024:02:27:32 +0200] "GET /ticket2/opencms/img/icons/dk.png HTTP/1.1" 200 1706
89.109.46.40 - - [28/Jun/2024:02:27:32 +0200] "GET /ticket2/opencms/img/icons/fi.png HTTP/1.1" 200 1785
89.109.46.40 - - [28/Jun/2024:02:27:32 +0200] "GET /ticket2/opencms/system/modules/com.gridnine.opencms.ticketbrokerage.site/resources/js/standard.js HTTP/1.1" 200 3978
89.109.46.40 - - [28/Jun/2024:02:27:32 +0200] "GET /ticket2/opencms/system/modules/com.gridnine.opencms.ticketbrokerage.site/resources/js/jquery.placeholder.min.js HTTP/1.1" 200 1737
89.109.46.40 - - [28/Jun/2024:02:27:32 +0200] "GET /ticket2/opencms/system/modules/com.gridnine.opencms.ticketbrokerage.site/resources/js/common-ajax.js HTTP/1.1" 200 20175
89.109.46.40 - - [28/Jun/2024:02:27:32 +0200] "GET /ticket2/opencms/img/fb.png HTTP/1.1" 200 1269
89.109.46.40 - - [28/Jun/2024:02:27:32 +0200] "GET /ticket2/opencms/system/modules/com.gridnine.opencms.ticketbrokerage.site/resources/pics/logo-new.png HTTP/1.1" 200 13541
89.109.46.40 - - [28/Jun/2024:02:27:32 +0200] "GET /ticket2/opencms/system/modules/com.gridnine.opencms.ticketbrokerage.site/resources/pics/bank_1_nordea.png HTTP/1.1" 200 4807
89.109.46.40 - - [28/Jun/2024:02:27:32 +0200] "GET /ticket2/opencms/img/insta.png HTTP/1.1" 200 3967
89.109.46.40 - - [28/Jun/2024:02:27:32 +0200] "GET /ticket2/opencms/system/modules/com.gridnine.opencms.ticketbrokerage.site/resources/pics/bank_2_handelsbanken.png HTTP/1.1" 200 4509
89.109.46.40 - - [28/Jun/2024:02:27:32 +0200] "GET /ticket2/opencms/system/modules/com.gridnine.opencms.ticketbrokerage.site/resources/pics/bank_3_swedbank.png HTTP/1.1" 200 5740
89.109.46.40 - - [28/Jun/2024:02:27:32 +0200] "GET /ticket2/opencms/system/modules/com.gridnine.opencms.ticketbrokerage.site/resources/pics/bank_6_american_express.png HTTP/1.1" 200 5570
89.109.46.40 - - [28/Jun/2024:02:27:32 +0200] "GET /ticket2/opencms/system/modules/com.gridnine.opencms.ticketbrokerage.site/resources/pics/bank_5_visa_mastercard.png HTTP/1.1" 200 8196
89.109.46.40 - - [28/Jun/2024:02:27:32 +0200] "GET /ticket2/opencms/img/banner-pl.jpeg HTTP/1.1" 200 41818
89.109.46.40 - - [28/Jun/2024:02:27:32 +0200] "GET /ticket2/opencms/img/banner-ll.jpeg HTTP/1.1" 200 41825
89.109.46.40 - - [28/Jun/2024:02:27:32 +0200] "GET /ticket2/opencms/img/banner-sa.jpeg HTTP/1.1" 200 41270
89.109.46.40 - - [28/Jun/2024:02:27:32 +0200] "GET /ticket2/opencms/img/mail.png HTTP/1.1" 200 403
89.109.46.40 - - [28/Jun/2024:02:27:32 +0200] "GET /ticket2/opencms/img/check.png HTTP/1.1" 200 548
89.109.46.40 - - [28/Jun/2024:02:27:32 +0200] "GET /ticket2/opencms/system/modules/com.gridnine.opencms.ticketbrokerage.site/resources/pics/bank_4_seb.png HTTP/1.1" 200 2487
89.109.46.40 - - [28/Jun/2024:02:27:32 +0200] "GET /ticket2/opencms/img/arrow.png HTTP/1.1" 200 753
89.109.46.40 - - [28/Jun/2024:02:27:32 +0200] "GET /ticket2/opencms/img/chat.png HTTP/1.1" 200 416
89.109.46.40 - - [28/Jun/2024:02:27:33 +0200] "GET /ticket2/opencms/img/icons/globe-white.png HTTP/1.1" 200 947
89.109.46.40 - - [28/Jun/2024:02:27:33 +0200] "GET /ticket2/opencms/img/icons/dk.png HTTP/1.1" 200 1706
89.109.46.40 - - [28/Jun/2024:02:27:33 +0200] "GET /ticket2/opencms/img/icons/de.png HTTP/1.1" 200 1124
89.109.46.40 - - [28/Jun/2024:02:27:33 +0200] "GET /ticket2/opencms/img/icons/fr.png HTTP/1.1" 200 1764
89.109.46.40 - - [28/Jun/2024:02:27:33 +0200] "GET /ticket2/opencms/img/icons/es.png HTTP/1.1" 200 1005
89.109.46.40 - - [28/Jun/2024:02:27:33 +0200] "GET /ticket2/opencms/img/icons/en.png HTTP/1.1" 200 2415
89.109.46.40 - - [28/Jun/2024:02:27:33 +0200] "GET /ticket2/opencms/img/icons/nl.png HTTP/1.1" 200 1255
89.109.46.40 - - [28/Jun/2024:02:27:33 +0200] "GET /ticket2/opencms/img/icons/it.png HTTP/1.1" 200 2040
89.109.46.40 - - [28/Jun/2024:02:27:34 +0200] "GET /ticket2/opencms/system/modules/com.gridnine.opencms.ticketbrokerage.site/resources/js/standard.js HTTP/1.1" 200 3978
52.70.240.171 - - [28/Jun/2024:02:27:34 +0200] "GET /ticket2/opencms/de/buy/?edid=530D0E9B-9711-6A6E-2177-92B0D667A039&page=1 HTTP/1.1" 200 86561
89.109.46.40 - - [28/Jun/2024:02:27:35 +0200] "GET /ticket2/opencms/system/modules/com.gridnine.opencms.ticketbrokerage.site/resources/css/images/ui-bg_flat_75_ffffff_40x100.png HTTP/1.1" 404 -
5.9.55.228 - - [28/Jun/2024:02:27:36 +0200] "GET /ticket2/opencms/en/buy/?comcatid=97eca65a-72da-f9af-9dbb-245d3cfed1be&catid=2ccc191c-f37f-b9ca-d41c-1204e575b328 HTTP/1.1" 200 71532
3.224.220.101 - - [28/Jun/2024:02:27:38 +0200] "GET /ticket2/opencms/de/buy/?edid=3E8160AB-0FBD-70C5-9AD2-7741AA7C1F1A&page=1 HTTP/1.1" 200 112453
3.224.220.101 - - [28/Jun/2024:02:27:42 +0200] "GET /ticket2/opencms/de/buy/?edid=78077671-6D1C-6384-F4E3-25AAC0A5B810&page=1 HTTP/1.1" 200 112222
52.70.240.171 - - [28/Jun/2024:02:27:47 +0200] "GET /ticket2/opencms/de/buy/?edid=9CDA0C30-3EC4-3995-E2A4-DBF0BB020094&page=1 HTTP/1.1" 200 111810
52.70.240.171 - - [28/Jun/2024:02:27:50 +0200] "GET /ticket2/opencms/de/buy/?edid=FAFAF417-5A49-5A69-2A7B-18E4D12B5078&page=1 HTTP/1.1" 200 112036
66.249.75.161 - - [28/Jun/2024:02:27:51 +0200] "GET /ticket2/opencms/sv/buy/?page=1&edid=5605B728-A815-14DD-9E19-09BABDE81131 HTTP/1.1" 200 111641
5.9.55.228 - - [28/Jun/2024:02:27:53 +0200] "GET /ticket2/opencms/en/buy/?comcatid=97eca65a-72da-f9af-9dbb-245d3cfed1be&catid=2e79aed8-ff58-b4e8-afb0-43e7cebe7864 HTTP/1.1" 200 71532
3.224.220.101 - - [28/Jun/2024:02:27:54 +0200] "GET /ticket2/opencms/de/buy/?edid=8A952CCD-A492-95D3-2AFF-7C7D5623F3B6&page=1 HTTP/1.1" 200 111445
23.22.35.162 - - [28/Jun/2024:02:27:58 +0200] "GET /ticket2/opencms/de/buy/?edid=3E205A07-7516-5FC3-D650-E60EBF6B7DA0&page=1 HTTP/1.1" 200 88346
23.22.35.162 - - [28/Jun/2024:02:28:02 +0200] "GET /ticket2/opencms/de/buy/?edid=BB55F343-180C-1A1B-8A3A-1B93494C6A07&page=1 HTTP/1.1" 200 88644
51.222.253.6 - - [28/Jun/2024:02:28:04 +0200] "GET /ticket2/opencms/dk/venue/?countryid=FF003B65-76E6-22ED-7100-B7664691B6BF HTTP/1.1" 200 101181
47.128.33.83 - - [28/Jun/2024:02:28:05 +0200] "GET /ticket2/opencms/no/sport/fotballsbilletter/champions_league/fc_barcelona/ HTTP/1.1" 200 74613
47.128.33.83 - - [28/Jun/2024:02:28:06 +0200] "GET /ticket2/opencms/system/modules/com.gridnine.opencms.ticketbrokerage.site/resources/pics/logo-new.png HTTP/1.1" 200 13541
52.70.240.171 - - [28/Jun/2024:02:28:06 +0200] "GET /ticket2/opencms/de/buy/?edid=FDD5D133-9F97-9AB4-1F94-3480DDAE2781&page=1 HTTP/1.1" 200 86554
47.128.33.83 - - [28/Jun/2024:02:28:06 +0200] "GET /ticket2/opencms/system/modules/com.gridnine.opencms.ticketbrokerage.site/resources/pics/banners/barcelona.png HTTP/1.1" 200 68877
47.128.33.83 - - [28/Jun/2024:02:28:07 +0200] "GET /ticket2/opencms/system/modules/com.gridnine.opencms.ticketbrokerage.site/resources/pics/bank_1_nordea.png HTTP/1.1" 200 4807
47.128.33.83 - - [28/Jun/2024:02:28:07 +0200] "GET /ticket2/opencms/system/modules/com.gridnine.opencms.ticketbrokerage.site/resources/pics/bank_3_swedbank.png HTTP/1.1" 200 5740
47.128.33.83 - - [28/Jun/2024:02:28:07 +0200] "GET /ticket2/opencms/system/modules/com.gridnine.opencms.ticketbrokerage.site/resources/pics/bank_4_seb.png HTTP/1.1" 200 2487
47.128.33.83 - - [28/Jun/2024:02:28:07 +0200] "GET /ticket2/opencms/system/modules/com.gridnine.opencms.ticketbrokerage.site/resources/pics/bank_2_handelsbanken.png HTTP/1.1" 200 4509
47.128.33.83 - - [28/Jun/2024:02:28:07 +0200] "GET /ticket2/opencms/system/modules/com.gridnine.opencms.ticketbrokerage.site/resources/pics/bank_5_visa_mastercard.png HTTP/1.1" 200 8196
47.128.33.83 - - [28/Jun/2024:02:28:07 +0200] "GET /ticket2/opencms/system/modules/com.gridnine.opencms.ticketbrokerage.site/resources/pics/bank_6_american_express.png HTTP/1.1" 200 5570
5.9.55.228 - - [28/Jun/2024:02:28:09 +0200] "GET /ticket2/opencms/en/buy/?comcatid=97eca65a-72da-f9af-9dbb-245d3cfed1be&catid=4c4dadf0-07cc-9b24-d2d9-940ef378be99 HTTP/1.1" 200 71532
52.70.240.171 - - [28/Jun/2024:02:28:10 +0200] "GET /ticket2/opencms/de/buy/?edid=7DE3A616-7929-2B29-C0D3-F6A6BF870955&page=1 HTTP/1.1" 200 86551
3.224.220.101 - - [28/Jun/2024:02:28:15 +0200] "GET /ticket2/opencms/de/buy/?edid=17FCF75B-5941-6553-7E99-DDA280BBDB43&page=1 HTTP/1.1" 200 111397
216.244.66.237 - - [28/Jun/2024:02:28:15 +0200] "GET /ticket2/opencms/dk/robots.txt HTTP/1.1" 404 -
216.244.66.237 - - [28/Jun/2024:02:28:15 +0200] "GET /ticket2/opencms/dk/robots.txt HTTP/1.1" 404 -
23.22.35.162 - - [28/Jun/2024:02:28:18 +0200] "GET /ticket2/opencms/de/buy/?edid=44FBC1CF-A416-2795-B9FA-E57E9A79C34D&page=1 HTTP/1.1" 200 106640
52.70.240.171 - - [28/Jun/2024:02:28:23 +0200] "GET /ticket2/opencms/de/buy/?edid=BA6A690A-3E4C-7B0E-F103-AC3CC3F63074&page=1 HTTP/1.1" 200 112041
5.9.55.228 - - [28/Jun/2024:02:28:25 +0200] "GET /ticket2/opencms/en/buy/?comcatid=97eca65a-72da-f9af-9dbb-245d3cfed1be&catid=55d1256d-bdd9-cba3-47a3-0a252f702555 HTTP/1.1" 200 71532
23.22.35.162 - - [28/Jun/2024:02:28:28 +0200] "GET /ticket2/opencms/de/buy/?edid=1624E6A5-E8F5-99E1-0C6F-842C444FABBE&page=1 HTTP/1.1" 200 111440
23.22.35.162 - - [28/Jun/2024:02:28:30 +0200] "GET /ticket2/opencms/de/buy/?edid=261BF995-AADA-03DF-CD15-AD3548D0B19D&page=1 HTTP/1.1" 200 86549
23.22.35.162 - - [28/Jun/2024:02:28:35 +0200] "GET /ticket2/opencms/de/buy/?edid=236F7016-4763-1BAF-F2F0-3C25D5C100A7&page=1 HTTP/1.1" 200 112230
23.22.35.162 - - [28/Jun/2024:02:28:38 +0200] "GET /ticket2/opencms/de/buy/?edid=9C2A438B-6926-D1D4-5912-53216C4EB815&page=1 HTTP/1.1" 200 112467
52.70.240.171 - - [28/Jun/2024:02:28:43 +0200] "GET /ticket2/opencms/de/buy/?edid=EB41B390-6AF7-F6BB-2724-9D4D4320B605&page=1 HTTP/1.1" 200 111343
5.9.55.228 - - [28/Jun/2024:02:28:43 +0200] "GET /ticket2/opencms/en/buy/?comcatid=97eca65a-72da-f9af-9dbb-245d3cfed1be&catid=6cd184e8-c8d4-e1cc-33d0-6f47e3751240 HTTP/1.1" 200 71532
216.245.221.83 - - [28/Jun/2024:02:28:45 +0200] "HEAD /ticket2/opencms/ HTTP/1.1" 302 -
3.224.220.101 - - [28/Jun/2024:02:28:46 +0200] "GET /ticket2/opencms/de/buy/?edid=0448CA24-AB9E-35A8-E42C-9296A063E7D2&page=1 HTTP/1.1" 200 88342
216.245.221.83 - - [28/Jun/2024:02:28:46 +0200] "HEAD /ticket2/opencms/en/ HTTP/1.1" 200 -
23.22.35.162 - - [28/Jun/2024:02:28:50 +0200] "GET /ticket2/opencms/de/buy/?edid=DD282B35-B6B7-ECA0-02E0-90864F5E2B50&page=1 HTTP/1.1" 200 107164
66.249.75.162 - - [28/Jun/2024:02:28:53 +0200] "GET /ticket2/opencms/dk/buy/?page=6&comcatid=A17713B6-D984-201A-4143-ED4DB5ED5C2E&catid=06324577-7173-BAB0-146D-E644C912F7C1&eventid=2AABFC37-1ABE-B4FE-6CDF-5944E61B04AA HTTP/1.1" 200 82795
66.249.76.2 - - [28/Jun/2024:02:28:53 +0200] "GET /ticket2/opencms/dk/sport/fodboldbilletter/premier-league/liverpool/ HTTP/1.1" 200 84506
66.249.75.162 - - [28/Jun/2024:02:28:54 +0200] "GET /ticket2/opencms/sv/buy/?page=1&edid=9298EE47-1A7F-20BC-182D-AD5062126FDE HTTP/1.1" 200 88361
3.224.220.101 - - [28/Jun/2024:02:28:54 +0200] "GET /ticket2/opencms/de/buy/?edid=090E838C-2B8A-06B6-48C3-D7454A97EC28&page=1 HTTP/1.1" 200 107197
66.249.76.133 - - [28/Jun/2024:02:28:55 +0200] "GET /ticket2/opencms/de/sport/fussball-tickets/serie_a/empoli/ HTTP/1.1" 200 75922
47.128.115.247 - - [28/Jun/2024:02:28:56 +0200] "GET /ticket2/opencms/fi/urheilu/jalkapallo/premier_league/aston_villa/ HTTP/1.1" 200 85663
47.128.115.247 - - [28/Jun/2024:02:28:57 +0200] "GET /ticket2/opencms/system/modules/com.gridnine.opencms.ticketbrokerage.site/resources/pics/logo-new.png HTTP/1.1" 200 13541
47.128.115.247 - - [28/Jun/2024:02:28:58 +0200] "GET /ticket2/opencms/system/modules/com.gridnine.opencms.ticketbrokerage.site/resources/pics/banners/aston_villa.png HTTP/1.1" 200 88106
23.22.35.162 - - [28/Jun/2024:02:28:58 +0200] "GET /ticket2/opencms/de/buy/?edid=2BD17866-8251-0592-7FAE-2D6F7A3C66CD&page=1 HTTP/1.1" 200 86545
47.128.115.247 - - [28/Jun/2024:02:28:59 +0200] "GET /ticket2/opencms/system/modules/com.gridnine.opencms.ticketbrokerage.site/resources/pics/bank_2_handelsbanken.png HTTP/1.1" 200 4509
47.128.115.247 - - [28/Jun/2024:02:28:59 +0200] "GET /ticket2/opencms/system/modules/com.gridnine.opencms.ticketbrokerage.site/resources/pics/bank_1_nordea.png HTTP/1.1" 200 4807
47.128.115.247 - - [28/Jun/2024:02:28:59 +0200] "GET /ticket2/opencms/system/modules/com.gridnine.opencms.ticketbrokerage.site/resources/pics/bank_4_seb.png HTTP/1.1" 200 2487
47.128.115.247 - - [28/Jun/2024:02:28:59 +0200] "GET /ticket2/opencms/system/modules/com.gridnine.opencms.ticketbrokerage.site/resources/pics/bank_3_swedbank.png HTTP/1.1" 200 5740
47.128.115.247 - - [28/Jun/2024:02:28:59 +0200] "GET /ticket2/opencms/system/modules/com.gridnine.opencms.ticketbrokerage.site/resources/pics/bank_5_visa_mastercard.png HTTP/1.1" 200 8196
47.128.115.247 - - [28/Jun/2024:02:28:59 +0200] "GET /ticket2/opencms/system/modules/com.gridnine.opencms.ticketbrokerage.site/resources/pics/bank_6_american_express.png HTTP/1.1" 200 5570
5.9.55.228 - - [28/Jun/2024:02:29:00 +0200] "GET /ticket2/opencms/en/buy/?comcatid=97eca65a-72da-f9af-9dbb-245d3cfed1be&catid=757e2dfb-33da-9b34-8402-9f06b19d8409 HTTP/1.1" 200 71532
23.22.35.162 - - [28/Jun/2024:02:29:02 +0200] "GET /ticket2/opencms/de/buy/?edid=FDC70D4B-A88B-5334-5A88-AC1F94FAEBF8&page=1 HTTP/1.1" 200 111342
23.22.35.162 - - [28/Jun/2024:02:29:06 +0200] "GET /ticket2/opencms/de/buy/?edid=F1519602-1E42-EA6F-350D-2F5319B545EA&page=1 HTTP/1.1" 200 111415
23.22.35.162 - - [28/Jun/2024:02:29:11 +0200] "GET /ticket2/opencms/de/buy/?edid=89AC8C22-922C-5C69-19DD-247D667ABB39&page=1 HTTP/1.1" 200 112461
52.70.240.171 - - [28/Jun/2024:02:29:15 +0200] "GET /ticket2/opencms/de/buy/?edid=ACB1E7D7-0E7C-427B-E737-7A4E15C5EE0F&page=1 HTTP/1.1" 200 112245
5.9.55.228 - - [28/Jun/2024:02:29:15 +0200] "GET /ticket2/opencms/en/buy/?comcatid=97eca65a-72da-f9af-9dbb-245d3cfed1be&catid=7d3bef66-5d88-3916-5b89-0e7b139e0169 HTTP/1.1" 200 71532
52.70.240.171 - - [28/Jun/2024:02:29:18 +0200] "GET /ticket2/opencms/de/buy/?edid=72E12FE2-4DDC-1E5C-698A-850131DAAB42&page=1 HTTP/1.1" 200 111813
47.128.43.42 - - [28/Jun/2024:02:29:18 +0200] "GET /ticket2/opencms/dk/buy/?edid=F8A721FB-6959-3E3B-0E9C-2BF5336E70F2 HTTP/1.1" 200 72066
47.128.43.42 - - [28/Jun/2024:02:29:19 +0200] "GET /ticket2/opencms/system/modules/com.gridnine.opencms.ticketbrokerage.site/resources/pics/logo-new.png HTTP/1.1" 200 13541
47.128.43.42 - - [28/Jun/2024:02:29:20 +0200] "GET /ticket2/opencms/system/modules/com.gridnine.opencms.ticketbrokerage.site/resources/pics/bank_4_seb.png HTTP/1.1" 200 2487
47.128.43.42 - - [28/Jun/2024:02:29:20 +0200] "GET /ticket2/opencms/system/modules/com.gridnine.opencms.ticketbrokerage.site/resources/pics/bank_1_nordea.png HTTP/1.1" 200 4807
47.128.43.42 - - [28/Jun/2024:02:29:20 +0200] "GET /ticket2/opencms/system/modules/com.gridnine.opencms.ticketbrokerage.site/resources/pics/bank_3_swedbank.png HTTP/1.1" 200 5740
47.128.43.42 - - [28/Jun/2024:02:29:20 +0200] "GET /ticket2/opencms/system/modules/com.gridnine.opencms.ticketbrokerage.site/resources/pics/bank_5_visa_mastercard.png HTTP/1.1" 200 8196
47.128.43.42 - - [28/Jun/2024:02:29:21 +0200] "GET /ticket2/opencms/system/modules/com.gridnine.opencms.ticketbrokerage.site/resources/pics/bank_2_handelsbanken.png HTTP/1.1" 200 4509
47.128.43.42 - - [28/Jun/2024:02:29:21 +0200] "GET /ticket2/opencms/system/modules/com.gridnine.opencms.ticketbrokerage.site/resources/pics/bank_6_american_express.png HTTP/1.1" 200 5570
52.70.240.171 - - [28/Jun/2024:02:29:22 +0200] "GET /ticket2/opencms/de/buy/?edid=E9EECB41-491F-D5CF-82EE-6A187A0B45F5&page=1 HTTP/1.1" 200 88346
51.222.253.13 - - [28/Jun/2024:02:29:22 +0200] "GET /ticket2/opencms/sv/sport/fotbollsbiljetter/bundesliga/hoffenheim/ HTTP/1.1" 200 72971
52.70.240.171 - - [28/Jun/2024:02:29:26 +0200] "GET /ticket2/opencms/de/buy/?edid=919F95FD-FF6B-28C7-940C-D58889AB6F4A&page=1 HTTP/1.1" 200 111443
5.9.55.228 - - [28/Jun/2024:02:29:30 +0200] "GET /ticket2/opencms/en/buy/?comcatid=97eca65a-72da-f9af-9dbb-245d3cfed1be&catid=81b744e7-1fee-e757-c0ab-c7af73cde252 HTTP/1.1" 200 71532
3.224.220.101 - - [28/Jun/2024:02:29:30 +0200] "GET /ticket2/opencms/de/buy/?edid=CF2C35CE-5AC3-0A68-0351-E449F3D5EA03&page=1 HTTP/1.1" 200 86549
3.224.220.101 - - [28/Jun/2024:02:29:34 +0200] "GET /ticket2/opencms/de/buy/?edid=45F6B2AD-17A6-3A66-C509-85761B6A5E9A&page=1 HTTP/1.1" 200 112038
3.224.220.101 - - [28/Jun/2024:02:29:38 +0200] "GET /ticket2/opencms/de/buy/?edid=087FB859-A113-50B8-0909-1F0712CC3EED&page=1 HTTP/1.1" 200 86559
5.9.55.228 - - [28/Jun/2024:02:29:38 +0200] "GET /ticket2/opencms/en/buy/?comcatid=97eca65a-72da-f9af-9dbb-245d3cfed1be&catid=8732e72c-a028-ea8c-4d4d-deb44e2a28a8 HTTP/1.1" 200 71532
23.22.35.162 - - [28/Jun/2024:02:29:42 +0200] "GET /ticket2/opencms/de/buy/?edid=28EF0232-AFFE-4F84-15A6-F08EC699C484&page=1 HTTP/1.1" 200 111336
3.224.220.101 - - [28/Jun/2024:02:29:46 +0200] "GET /ticket2/opencms/de/buy/?edid=00D90EDA-80F2-743F-0F4B-D64BDD1F85D9&page=1 HTTP/1.1" 200 98714
47.128.32.187 - - [28/Jun/2024:02:29:48 +0200] "GET /ticket2/opencms/fr/sport/billets-football/la_liga/barcelona/ HTTP/1.1" 200 76532
47.128.32.187 - - [28/Jun/2024:02:29:49 +0200] "GET /ticket2/opencms/system/modules/com.gridnine.opencms.ticketbrokerage.site/resources/pics/logo-new.png HTTP/1.1" 200 13541
47.128.32.187 - - [28/Jun/2024:02:29:49 +0200] "GET /ticket2/opencms/system/modules/com.gridnine.opencms.ticketbrokerage.site/resources/pics/bank_1_nordea.png HTTP/1.1" 200 4807
47.128.32.187 - - [28/Jun/2024:02:29:50 +0200] "GET /ticket2/opencms/system/modules/com.gridnine.opencms.ticketbrokerage.site/resources/pics/bank_2_handelsbanken.png HTTP/1.1" 200 4509
23.22.35.162 - - [28/Jun/2024:02:29:50 +0200] "GET /ticket2/opencms/de/buy/?edid=E1332E4A-0A6D-DD3D-14BF-DB0907B051D5&page=1 HTTP/1.1" 200 111811
47.128.32.187 - - [28/Jun/2024:02:29:50 +0200] "GET /ticket2/opencms/system/modules/com.gridnine.opencms.ticketbrokerage.site/resources/pics/bank_4_seb.png HTTP/1.1" 200 2487
47.128.32.187 - - [28/Jun/2024:02:29:50 +0200] "GET /ticket2/opencms/system/modules/com.gridnine.opencms.ticketbrokerage.site/resources/pics/bank_5_visa_mastercard.png HTTP/1.1" 200 8196
47.128.32.187 - - [28/Jun/2024:02:29:50 +0200] "GET /ticket2/opencms/system/modules/com.gridnine.opencms.ticketbrokerage.site/resources/pics/bank_6_american_express.png HTTP/1.1" 200 5570
47.128.32.187 - - [28/Jun/2024:02:29:50 +0200] "GET /ticket2/opencms/system/modules/com.gridnine.opencms.ticketbrokerage.site/resources/pics/bank_3_swedbank.png HTTP/1.1" 200 5740
23.22.35.162 - - [28/Jun/2024:02:29:54 +0200] "GET /ticket2/opencms/de/buy/?edid=7CAFAFC0-24E6-FEED-327F-0B9B876C4B81&page=1 HTTP/1.1" 200 88164
5.9.55.228 - - [28/Jun/2024:02:29:55 +0200] "GET /ticket2/opencms/en/buy/?comcatid=97eca65a-72da-f9af-9dbb-245d3cfed1be&catid=8b6802af-1ade-4be1-a1f7-7671190cfb4f HTTP/1.1" 200 71532
66.249.75.162 - - [28/Jun/2024:02:29:56 +0200] "GET /ticket2/opencms/sv/buy/?page=1&edid=9CB65BAE-DCD8-2D95-397D-813CF31BA500 HTTP/1.1" 200 111639
3.224.220.101 - - [28/Jun/2024:02:29:58 +0200] "GET /ticket2/opencms/de/buy/?edid=5BA11D18-AC24-6566-FBBA-BF6AFADFC113&page=1 HTTP/1.1" 200 112443
40.77.167.50 - - [28/Jun/2024:02:29:59 +0200] "GET /ticket2/opencms/dk/sport/fodboldbilletter/champions_league/atletico_madrid/ HTTP/1.1" 200 73653
3.224.220.101 - - [28/Jun/2024:02:30:03 +0200] "GET /ticket2/opencms/de/buy/?edid=5FDB0F24-0C6F-483A-29C3-00DD28FFC972&page=1 HTTP/1.1" 200 111883
23.22.35.162 - - [28/Jun/2024:02:30:06 +0200] "GET /ticket2/opencms/de/buy/?edid=16436A63-E7D4-DEDF-5835-AB72708D4247&page=1 HTTP/1.1" 200 111348
5.9.55.228 - - [28/Jun/2024:02:30:10 +0200] "GET /ticket2/opencms/en/buy/?comcatid=97eca65a-72da-f9af-9dbb-245d3cfed1be&catid=078f99d4-0b9e-e323-5a07-d7b70f6e8874 HTTP/1.1" 200 71532
3.224.220.101 - - [28/Jun/2024:02:30:11 +0200] "GET /ticket2/opencms/de/buy/?edid=7033050D-85C3-41FB-B689-BE06FAE6772D&page=1 HTTP/1.1" 200 112239
205.209.106.139 - - [28/Jun/2024:02:30:13 +0200] "GET /ticket2/opencms/it/ HTTP/1.1" 200 92916
23.22.35.162 - - [28/Jun/2024:02:30:14 +0200] "GET /ticket2/opencms/de/buy/?edid=8B5AEECC-CDCE-98FB-62B8-1001F45C2045&page=1 HTTP/1.1" 200 86547
52.70.240.171 - - [28/Jun/2024:02:30:18 +0200] "GET /ticket2/opencms/de/buy/?edid=35A2433F-5582-D69E-442B-B85F16AD5184&page=1 HTTP/1.1" 200 88344
52.70.240.171 - - [28/Jun/2024:02:30:22 +0200] "GET /ticket2/opencms/de/buy/?edid=92EC8EA9-435D-E1EB-71C7-ABC74E697DDF&page=1 HTTP/1.1" 200 88215
5.9.55.228 - - [28/Jun/2024:02:30:26 +0200] "GET /ticket2/opencms/en/buy/?comcatid=97eca65a-72da-f9af-9dbb-245d3cfed1be&catid=d414c6a5-7a03-3389-42a8-d7b7fe32bb37 HTTP/1.1" 200 71532
3.224.220.101 - - [28/Jun/2024:02:30:26 +0200] "GET /ticket2/opencms/de/buy/?edid=713C8E2E-8856-812A-FD61-94B2B631F7A2&page=1 HTTP/1.1" 200 86556
52.70.240.171 - - [28/Jun/2024:02:30:30 +0200] "GET /ticket2/opencms/de/buy/?edid=848957BE-8671-4A4D-3A5C-F9117B76047A&page=1 HTTP/1.1" 200 112035
114.119.155.23 - - [28/Jun/2024:02:30:32 +0200] "GET /ticket2/opencms/en/buy/?comcatid=97ECA65A-72DA-F9AF-9DBB-245D3CFED1BE&catid=1656E964-1E02-9A38-D092-65384E60B6EA HTTP/1.1" 200 76623
3.224.220.101 - - [28/Jun/2024:02:30:34 +0200] "GET /ticket2/opencms/de/buy/?edid=D7FE07F1-D4FC-0C39-061A-DD5EA0B3D8F5&page=1 HTTP/1.1" 200 111337
51.222.253.3 - - [28/Jun/2024:02:30:35 +0200] "GET /ticket2/opencms/dk/venue/?countryid=C3419397-8D1B-9427-953E-96370A3C8B07 HTTP/1.1" 200 101181
52.70.240.171 - - [28/Jun/2024:02:30:38 +0200] "GET /ticket2/opencms/de/buy/?edid=4B7EE082-3F9A-4BF2-A04C-F1720BFE9FFD&page=1 HTTP/1.1" 200 86552
47.128.38.102 - - [28/Jun/2024:02:30:39 +0200] "GET /ticket2/opencms/no/buy/?catid=6BD6E0B0-84AF-3A0D-3851-C1357CE9B771&comcatid=A17713B6-D984-201A-4143-ED4DB5ED5C2E HTTP/1.1" 200 83082
47.128.38.102 - - [28/Jun/2024:02:30:40 +0200] "GET /ticket2/opencms/system/modules/com.gridnine.opencms.ticketbrokerage.site/resources/pics/logo-new.png HTTP/1.1" 200 13541
47.128.38.102 - - [28/Jun/2024:02:30:40 +0200] "GET /ticket2/opencms/system/modules/com.gridnine.opencms.ticketbrokerage.site/resources/pics/bank_5_visa_mastercard.png HTTP/1.1" 200 8196
47.128.38.102 - - [28/Jun/2024:02:30:41 +0200] "GET /ticket2/opencms/system/modules/com.gridnine.opencms.ticketbrokerage.site/resources/pics/bank_4_seb.png HTTP/1.1" 200 2487
47.128.38.102 - - [28/Jun/2024:02:30:41 +0200] "GET /ticket2/opencms/system/modules/com.gridnine.opencms.ticketbrokerage.site/resources/pics/bank_3_swedbank.png HTTP/1.1" 200 5740
47.128.38.102 - - [28/Jun/2024:02:30:41 +0200] "GET /ticket2/opencms/system/modules/com.gridnine.opencms.ticketbrokerage.site/resources/pics/bank_1_nordea.png HTTP/1.1" 200 4807
47.128.38.102 - - [28/Jun/2024:02:30:41 +0200] "GET /ticket2/opencms/system/modules/com.gridnine.opencms.ticketbrokerage.site/resources/pics/bank_2_handelsbanken.png HTTP/1.1" 200 4509
47.128.38.102 - - [28/Jun/2024:02:30:41 +0200] "GET /ticket2/opencms/system/modules/com.gridnine.opencms.ticketbrokerage.site/resources/pics/bank_6_american_express.png HTTP/1.1" 200 5570
5.9.55.228 - - [28/Jun/2024:02:30:41 +0200] "GET /ticket2/opencms/en/buy/?comcatid=97eca65a-72da-f9af-9dbb-245d3cfed1be&catid=da31441b-c568-3c77-d08c-698809032494 HTTP/1.1" 200 71532
3.224.220.101 - - [28/Jun/2024:02:30:42 +0200] "GET /ticket2/opencms/de/buy/?catid=&comcatid=A17713B6-D984-201A-4143-ED4DB5ED5C2E&npage=2 HTTP/1.1" 200 199958
52.70.240.171 - - [28/Jun/2024:02:30:46 +0200] "GET /ticket2/opencms/de/buy/?edid=8EE24D2F-4BF0-A103-6944-36103BCA6278&page=1 HTTP/1.1" 200 98666
23.22.35.162 - - [28/Jun/2024:02:30:50 +0200] "GET /ticket2/opencms/de/buy/?edid=F2971CC3-8714-3DC4-0355-85018375B4CB&page=1 HTTP/1.1" 200 86552
3.224.220.101 - - [28/Jun/2024:02:30:54 +0200] "GET /ticket2/opencms/de/buy/?edid=2C2E9185-38A8-EBBD-403B-609372D69EE0&page=1 HTTP/1.1" 200 111331
5.9.55.228 - - [28/Jun/2024:02:30:57 +0200] "GET /ticket2/opencms/en/buy/?comcatid=97eca65a-72da-f9af-9dbb-245d3cfed1be&catid=e3105e1e-3982-291e-5523-1c1df161e9b7 HTTP/1.1" 200 71532
66.249.76.132 - - [28/Jun/2024:02:30:57 +0200] "GET /ticket2/opencms/sv/buy/?page=1&edid=2B44308E-1778-CFAE-7385-18758823F6EB HTTP/1.1" 200 121078
3.224.220.101 - - [28/Jun/2024:02:30:58 +0200] "GET /ticket2/opencms/de/buy/?edid=27182C30-0424-098E-A8DB-2AA3B88A1ABD&page=1 HTTP/1.1" 200 111333
52.167.144.214 - - [28/Jun/2024:02:30:58 +0200] "GET /ticket2/opencms/dk/buy?page=1&edid=B7C31852-4938-05B8-A23C-0248E7A3D5BA HTTP/1.1" 200 107435
216.245.221.83 - - [28/Jun/2024:02:30:58 +0200] "HEAD /ticket2/opencms/ HTTP/1.1" 302 -
216.245.221.83 - - [28/Jun/2024:02:31:01 +0200] "HEAD /ticket2/opencms/en/ HTTP/1.1" 200 -
23.22.35.162 - - [28/Jun/2024:02:31:03 +0200] "GET /ticket2/opencms/de/buy/?edid=FCEB71A3-C27D-C49F-469F-2CB5939452EE&page=1 HTTP/1.1" 200 111415
23.22.35.162 - - [28/Jun/2024:02:31:06 +0200] "GET /ticket2/opencms/de/buy/?edid=A8FCDF96-5BE9-3FBC-BBD6-5BFAFD5454D2&page=1 HTTP/1.1" 200 86551
3.224.220.101 - - [28/Jun/2024:02:31:10 +0200] "GET /ticket2/opencms/de/buy/?edid=7010A18C-5A4A-0E34-BEAB-2260102DF0D3&page=1 HTTP/1.1" 200 86552
5.9.55.228 - - [28/Jun/2024:02:31:12 +0200] "GET /ticket2/opencms/en/buy/?comcatid=97eca65a-72da-f9af-9dbb-245d3cfed1be&catid=f4d223a4-c027-46dc-3de5-726a23e30a62 HTTP/1.1" 200 71532
52.70.240.171 - - [28/Jun/2024:02:31:15 +0200] "GET /ticket2/opencms/de/buy/?edid=87DA8067-258E-93BF-F8B0-6A2011EF3D80&page=1 HTTP/1.1" 200 111438
3.224.220.101 - - [28/Jun/2024:02:31:18 +0200] "GET /ticket2/opencms/de/buy/?edid=039D4473-D662-2ED5-D620-F30FCE116F43&page=1 HTTP/1.1" 200 88789
23.22.35.162 - - [28/Jun/2024:02:31:22 +0200] "GET /ticket2/opencms/de/buy/?edid=4130944B-8419-6A0B-A839-9FB45260F568&page=1 HTTP/1.1" 200 88342
213.180.203.214 - - [28/Jun/2024:02:31:25 +0200] "GET /ticket2/opencms/robots.txt HTTP/1.1" 200 773
23.22.35.162 - - [28/Jun/2024:02:31:26 +0200] "GET /ticket2/opencms/de/buy/?edid=7568E602-7C67-35D2-952F-D243F8930169&page=1 HTTP/1.1" 200 112244
5.9.55.228 - - [28/Jun/2024:02:31:27 +0200] "GET /ticket2/opencms/en/buy/?comcatid=97eca65a-72da-f9af-9dbb-245d3cfed1be&catid=f7f89b9b-6697-7881-54ae-4c39276bf1b8 HTTP/1.1" 200 71532
52.70.240.171 - - [28/Jun/2024:02:31:30 +0200] "GET /ticket2/opencms/de/buy/?edid=ABE0D196-5A84-0064-2AAA-8BE846913E3B&page=1 HTTP/1.1" 200 111815
47.128.37.93 - - [28/Jun/2024:02:31:32 +0200] "GET /ticket2/opencms/fr/buy/?catid=2FC3D548-EAF9-1354-0CD2-7D7619DA2334&comcatid=A17713B6-D984-201A-4143-ED4DB5ED5C2E HTTP/1.1" 200 82845
47.128.37.93 - - [28/Jun/2024:02:31:33 +0200] "GET /ticket2/opencms/system/modules/com.gridnine.opencms.ticketbrokerage.site/resources/pics/logo-new.png HTTP/1.1" 200 13541
47.128.37.93 - - [28/Jun/2024:02:31:33 +0200] "GET /ticket2/opencms/system/modules/com.gridnine.opencms.ticketbrokerage.site/resources/pics/bank_2_handelsbanken.png HTTP/1.1" 200 4509
47.128.37.93 - - [28/Jun/2024:02:31:34 +0200] "GET /ticket2/opencms/system/modules/com.gridnine.opencms.ticketbrokerage.site/resources/pics/bank_3_swedbank.png HTTP/1.1" 200 5740
47.128.37.93 - - [28/Jun/2024:02:31:34 +0200] "GET /ticket2/opencms/system/modules/com.gridnine.opencms.ticketbrokerage.site/resources/pics/bank_1_nordea.png HTTP/1.1" 200 4807
47.128.37.93 - - [28/Jun/2024:02:31:34 +0200] "GET /ticket2/opencms/system/modules/com.gridnine.opencms.ticketbrokerage.site/resources/pics/bank_4_seb.png HTTP/1.1" 200 2487
47.128.37.93 - - [28/Jun/2024:02:31:34 +0200] "GET /ticket2/opencms/system/modules/com.gridnine.opencms.ticketbrokerage.site/resources/pics/bank_5_visa_mastercard.png HTTP/1.1" 200 8196
47.128.37.93 - - [28/Jun/2024:02:31:34 +0200] "GET /ticket2/opencms/system/modules/com.gridnine.opencms.ticketbrokerage.site/resources/pics/bank_6_american_express.png HTTP/1.1" 200 5570
23.22.35.162 - - [28/Jun/2024:02:31:35 +0200] "GET /ticket2/opencms/de/buy/?edid=85FEE197-56BE-9C34-A3B3-D08AF509D2AB&page=1 HTTP/1.1" 200 111875
47.128.33.106 - - [28/Jun/2024:02:31:37 +0200] "GET /ticket2/opencms/fi/buy?edid=FDC70D4B-A88B-5334-5A88-AC1F94FAEBF8 HTTP/1.1" 200 73261
47.128.33.106 - - [28/Jun/2024:02:31:37 +0200] "GET /ticket2/opencms/system/modules/com.gridnine.opencms.ticketbrokerage.site/resources/pics/logo-new.png HTTP/1.1" 200 13541
47.128.33.106 - - [28/Jun/2024:02:31:38 +0200] "GET /ticket2/opencms/system/modules/com.gridnine.opencms.ticketbrokerage.site/resources/pics/bank_1_nordea.png HTTP/1.1" 200 4807
3.224.220.101 - - [28/Jun/2024:02:31:38 +0200] "GET /ticket2/opencms/de/buy/?edid=FDE2CB1B-737B-857F-7431-BD450E7D3BBB&page=1 HTTP/1.1" 200 112463
47.128.33.106 - - [28/Jun/2024:02:31:38 +0200] "GET /ticket2/opencms/system/modules/com.gridnine.opencms.ticketbrokerage.site/resources/pics/bank_2_handelsbanken.png HTTP/1.1" 200 4509
47.128.33.106 - - [28/Jun/2024:02:31:39 +0200] "GET /ticket2/opencms/system/modules/com.gridnine.opencms.ticketbrokerage.site/resources/pics/bank_4_seb.png HTTP/1.1" 200 2487
47.128.33.106 - - [28/Jun/2024:02:31:39 +0200] "GET /ticket2/opencms/system/modules/com.gridnine.opencms.ticketbrokerage.site/resources/pics/bank_5_visa_mastercard.png HTTP/1.1" 200 8196
47.128.33.106 - - [28/Jun/2024:02:31:39 +0200] "GET /ticket2/opencms/system/modules/com.gridnine.opencms.ticketbrokerage.site/resources/pics/bank_6_american_express.png HTTP/1.1" 200 5570
47.128.33.106 - - [28/Jun/2024:02:31:39 +0200] "GET /ticket2/opencms/system/modules/com.gridnine.opencms.ticketbrokerage.site/resources/pics/bank_3_swedbank.png HTTP/1.1" 200 5740
52.70.240.171 - - [28/Jun/2024:02:31:42 +0200] "GET /ticket2/opencms/de/buy/?edid=37E2A4DD-118F-C378-83A2-20232412AB9C&page=1 HTTP/1.1" 200 86555
5.9.55.228 - - [28/Jun/2024:02:31:43 +0200] "GET /ticket2/opencms/en/buy/?comcatid=97eca65a-72da-f9af-9dbb-245d3cfed1be&catid=f7ff413b-5fdf-82cf-e5bb-cd4ab6027974 HTTP/1.1" 200 71532
3.224.220.101 - - [28/Jun/2024:02:31:46 +0200] "GET /ticket2/opencms/de/buy/?edid=38BD011F-E307-1808-7BE3-74470A609319&page=1 HTTP/1.1" 200 86552
52.70.240.171 - - [28/Jun/2024:02:31:51 +0200] "GET /ticket2/opencms/de/buy/?edid=1C663B38-AAE8-15E5-78AB-F7247D2C67D4&page=1 HTTP/1.1" 200 111341
51.222.253.7 - - [28/Jun/2024:02:31:52 +0200] "GET /ticket2/opencms/dk/venue/?countryid=577F4BE1-D660-BA06-FD83-D505059D70AB HTTP/1.1" 200 101181
66.249.76.8 - - [28/Jun/2024:02:31:52 +0200] "GET /ticket2/opencms/system/modules/com.gridnine.opencms.ticketbrokerage.site/resources/js/calendar-setup.js HTTP/1.1" 200 4923
3.224.220.101 - - [28/Jun/2024:02:31:54 +0200] "GET /ticket2/opencms/de/buy/?edid=6CF16ABF-31A5-8D51-A63B-3077208955EB&page=1 HTTP/1.1" 200 106632
3.224.220.101 - - [28/Jun/2024:02:31:58 +0200] "GET /ticket2/opencms/de/buy/?edid=5ED2EB91-C7BF-DB4E-E8CC-C708B8706497&page=1 HTTP/1.1" 200 86549
5.9.55.228 - - [28/Jun/2024:02:31:58 +0200] "GET /ticket2/opencms/en/buy/?comcatid=A17713B6-D984-201A-4143-ED4DB5ED5C2E HTTP/1.1" 200 239540
66.249.69.129 - - [28/Jun/2024:02:32:00 +0200] "GET /ticket2/opencms/dk/buy/?page=1&edid=B12376C6-BA7F-3D61-F970-EF51106430AB HTTP/1.1" 200 106442
66.249.77.35 - - [28/Jun/2024:02:32:01 +0200] "GET /ticket2/opencms/fi/buy/?page=1&edid=91870084-7155-79A9-A57C-A68AF475B93F HTTP/1.1" 200 107751
66.249.76.160 - - [28/Jun/2024:02:32:01 +0200] "GET /ticket2/opencms/no/login/ HTTP/1.1" 200 74756
3.224.220.101 - - [28/Jun/2024:02:32:02 +0200] "GET /ticket2/opencms/de/buy/?edid=DC067A0C-CE36-3D9C-899A-867F582FFC90&page=1 HTTP/1.1" 200 111414
23.22.35.162 - - [28/Jun/2024:02:32:06 +0200] "GET /ticket2/opencms/de/buy/?edid=A9C35541-ABB7-0662-52F4-8AD61BAC9B1C&page=1 HTTP/1.1" 200 111817
3.224.220.101 - - [28/Jun/2024:02:32:10 +0200] "GET /ticket2/opencms/de/buy/?edid=605F0713-F5C5-5844-2344-BCDD5B5AC0EC&page=1 HTTP/1.1" 200 102095
5.9.55.228 - - [28/Jun/2024:02:32:13 +0200] "GET /ticket2/opencms/en/buy/?comcatid=A17713B6-D984-201A-4143-ED4DB5ED5C2E&catid=061607E6-22B7-6FFA-03FD-A4B8B13A943F HTTP/1.1" 200 81682
52.70.240.171 - - [28/Jun/2024:02:32:14 +0200] "GET /ticket2/opencms/de/buy/?edid=BEA9D3E5-A93E-146C-1904-24495F6A8B39&page=1 HTTP/1.1" 200 107196
3.224.220.101 - - [28/Jun/2024:02:32:18 +0200] "GET /ticket2/opencms/de/buy/?edid=7F8DD7AE-C02D-DBD7-A437-1943525E7DF2&page=1 HTTP/1.1" 200 112241
47.128.32.117 - - [28/Jun/2024:02:32:20 +0200] "GET /ticket2/opencms/dk/sport/fodboldbilletter/champions_league/fc_barcelona/ HTTP/1.1" 200 73452
47.128.32.117 - - [28/Jun/2024:02:32:21 +0200] "GET /ticket2/opencms/system/modules/com.gridnine.opencms.ticketbrokerage.site/resources/pics/logo-new.png HTTP/1.1" 200 13541
47.128.32.117 - - [28/Jun/2024:02:32:21 +0200] "GET /ticket2/opencms/system/modules/com.gridnine.opencms.ticketbrokerage.site/resources/pics/banners/barcelona.png HTTP/1.1" 200 68877
47.128.32.117 - - [28/Jun/2024:02:32:22 +0200] "GET /ticket2/opencms/system/modules/com.gridnine.opencms.ticketbrokerage.site/resources/pics/bank_6_american_express.png HTTP/1.1" 200 5570
47.128.32.117 - - [28/Jun/2024:02:32:22 +0200] "GET /ticket2/opencms/system/modules/com.gridnine.opencms.ticketbrokerage.site/resources/pics/bank_2_handelsbanken.png HTTP/1.1" 200 4509
47.128.32.117 - - [28/Jun/2024:02:32:22 +0200] "GET /ticket2/opencms/system/modules/com.gridnine.opencms.ticketbrokerage.site/resources/pics/bank_1_nordea.png HTTP/1.1" 200 4807
47.128.32.117 - - [28/Jun/2024:02:32:22 +0200] "GET /ticket2/opencms/system/modules/com.gridnine.opencms.ticketbrokerage.site/resources/pics/bank_3_swedbank.png HTTP/1.1" 200 5740
47.128.32.117 - - [28/Jun/2024:02:32:22 +0200] "GET /ticket2/opencms/system/modules/com.gridnine.opencms.ticketbrokerage.site/resources/pics/bank_4_seb.png HTTP/1.1" 200 2487
47.128.32.117 - - [28/Jun/2024:02:32:22 +0200] "GET /ticket2/opencms/system/modules/com.gridnine.opencms.ticketbrokerage.site/resources/pics/bank_5_visa_mastercard.png HTTP/1.1" 200 8196
23.22.35.162 - - [28/Jun/2024:02:32:22 +0200] "GET /ticket2/opencms/de/buy/?edid=9AF29D4D-BF71-6182-1EBD-FF49E6DA3ECE&page=1 HTTP/1.1" 200 88346
3.224.220.101 - - [28/Jun/2024:02:32:27 +0200] "GET /ticket2/opencms/de/buy/?edid=2E10707D-C051-6138-1E62-3BA0A6C4D8EB&page=1 HTTP/1.1" 200 112034
5.9.55.228 - - [28/Jun/2024:02:32:29 +0200] "GET /ticket2/opencms/en/buy/?comcatid=A17713B6-D984-201A-4143-ED4DB5ED5C2E&catid=06324577-7173-BAB0-146D-E644C912F7C1 HTTP/1.1" 200 81694
23.22.35.162 - - [28/Jun/2024:02:32:30 +0200] "GET /ticket2/opencms/de/buy/?edid=6F379414-70C4-400F-51D2-AFD37C8F2BC7&page=1 HTTP/1.1" 200 112460
3.224.220.101 - - [28/Jun/2024:02:32:34 +0200] "GET /ticket2/opencms/de/buy/?edid=E11E1E12-66BC-E0C5-F313-3E777C16F760&page=1 HTTP/1.1" 200 107195
3.224.220.101 - - [28/Jun/2024:02:32:38 +0200] "GET /ticket2/opencms/de/buy/?edid=F6626DB9-CF49-C060-B5A0-E4907286C489&page=1 HTTP/1.1" 200 86555
23.22.35.162 - - [28/Jun/2024:02:32:42 +0200] "GET /ticket2/opencms/de/buy/?edid=4D0E8B6F-4A4C-13EE-EC78-4C4A42CB13B0&page=1 HTTP/1.1" 200 86554
5.9.55.228 - - [28/Jun/2024:02:32:44 +0200] "GET /ticket2/opencms/en/buy/?comcatid=A17713B6-D984-201A-4143-ED4DB5ED5C2E&catid=08F27F2A-1872-A39F-A97C-63093E77B18A HTTP/1.1" 200 81675
52.70.240.171 - - [28/Jun/2024:02:32:46 +0200] "GET /ticket2/opencms/de/buy/?edid=885A2607-A223-24CC-17AE-7C8ECDA8D47C&page=1 HTTP/1.1" 200 111415
52.70.240.171 - - [28/Jun/2024:02:32:50 +0200] "GET /ticket2/opencms/de/buy/?edid=150C2B47-38EB-0C0E-C664-5F863E9426DB&page=1 HTTP/1.1" 200 88574
23.22.35.162 - - [28/Jun/2024:02:32:55 +0200] "GET /ticket2/opencms/de/buy/?edid=0E015037-AEA8-A77C-F644-58B0F482ADCC&page=1 HTTP/1.1" 200 111333
3.224.220.101 - - [28/Jun/2024:02:32:58 +0200] "GET /ticket2/opencms/de/buy/?edid=A27091AD-1422-96A9-33A7-74A8DECA25F3&page=1 HTTP/1.1" 200 112024
23.22.35.162 - - [28/Jun/2024:02:33:02 +0200] "GET /ticket2/opencms/de/buy/?edid=E53C8E7A-C1C8-80DF-ED27-96FEFF6B5147&page=1 HTTP/1.1" 200 112242
5.9.55.228 - - [28/Jun/2024:02:33:03 +0200] "GET /ticket2/opencms/en/buy/?comcatid=A17713B6-D984-201A-4143-ED4DB5ED5C2E&catid=0A6C99D2-F5BD-7A18-9A5F-5668827042E0 HTTP/1.1" 200 239655
51.222.253.2 - - [28/Jun/2024:02:33:03 +0200] "GET /ticket2/opencms/no/sport/fotballsbilletter/premier_league/west_ham_united/ HTTP/1.1" 200 83472
66.249.75.163 - - [28/Jun/2024:02:33:03 +0200] "GET /ticket2/opencms/sv/buy/?page=1&edid=7568E602-7C67-35D2-952F-D243F8930169 HTTP/1.1" 200 111645
23.22.35.162 - - [28/Jun/2024:02:33:06 +0200] "GET /ticket2/opencms/de/buy/?edid=3590293B-3580-7B39-A58A-6ECDB1E34543&page=1 HTTP/1.1" 200 111440
3.224.220.101 - - [28/Jun/2024:02:33:11 +0200] "GET /ticket2/opencms/de/buy/?edid=0C94170C-17F1-0823-E8AC-91EC149F33EC&page=1 HTTP/1.1" 200 112463
47.128.38.115 - - [28/Jun/2024:02:33:13 +0200] "GET /ticket2/opencms/fr/buy/?catid=F7F89B9B-6697-7881-54AE-4C39276BF1B8&comcatid=97ECA65A-72DA-F9AF-9DBB-245D3CFED1BE HTTP/1.1" 200 77797
47.128.38.115 - - [28/Jun/2024:02:33:13 +0200] "GET /ticket2/opencms/system/modules/com.gridnine.opencms.ticketbrokerage.site/resources/pics/logo-new.png HTTP/1.1" 200 13541
47.128.38.115 - - [28/Jun/2024:02:33:14 +0200] "GET /ticket2/opencms/system/modules/com.gridnine.opencms.ticketbrokerage.site/resources/pics/bank_2_handelsbanken.png HTTP/1.1" 200 4509
52.70.240.171 - - [28/Jun/2024:02:33:14 +0200] "GET /ticket2/opencms/de/buy/?edid=1B836A42-4F20-7A0F-05D1-08388A470666&page=1 HTTP/1.1" 200 88344
47.128.38.115 - - [28/Jun/2024:02:33:15 +0200] "GET /ticket2/opencms/system/modules/com.gridnine.opencms.ticketbrokerage.site/resources/pics/bank_3_swedbank.png HTTP/1.1" 200 5740
47.128.38.115 - - [28/Jun/2024:02:33:15 +0200] "GET /ticket2/opencms/system/modules/com.gridnine.opencms.ticketbrokerage.site/resources/pics/bank_1_nordea.png HTTP/1.1" 200 4807
47.128.38.115 - - [28/Jun/2024:02:33:15 +0200] "GET /ticket2/opencms/system/modules/com.gridnine.opencms.ticketbrokerage.site/resources/pics/bank_4_seb.png HTTP/1.1" 200 2487
47.128.38.115 - - [28/Jun/2024:02:33:15 +0200] "GET /ticket2/opencms/system/modules/com.gridnine.opencms.ticketbrokerage.site/resources/pics/bank_5_visa_mastercard.png HTTP/1.1" 200 8196
47.128.38.115 - - [28/Jun/2024:02:33:15 +0200] "GET /ticket2/opencms/system/modules/com.gridnine.opencms.ticketbrokerage.site/resources/pics/bank_6_american_express.png HTTP/1.1" 200 5570
5.9.55.228 - - [28/Jun/2024:02:33:18 +0200] "GET /ticket2/opencms/en/buy/?comcatid=A17713B6-D984-201A-4143-ED4DB5ED5C2E&catid=0A9E385E-33D9-328E-DC79-CA2C7009C829 HTTP/1.1" 200 81683
23.22.35.162 - - [28/Jun/2024:02:33:18 +0200] "GET /ticket2/opencms/de/buy/?edid=48E72B51-00CE-CE36-D8BB-29D37358C55B&page=1 HTTP/1.1" 200 111323
114.119.136.109 - - [28/Jun/2024:02:33:19 +0200] "GET /ticket2/opencms/en/buy/?page=1&edid=E3F85EA2-7497-BB5C-3EC3-22E3D2CF7FB8 HTTP/1.1" 200 86752
52.70.240.171 - - [28/Jun/2024:02:33:22 +0200] "GET /ticket2/opencms/de/buy/?edid=285C029F-0136-4458-3DAC-D4899E4F1B96&page=1 HTTP/1.1" 200 86550
3.224.220.101 - - [28/Jun/2024:02:33:26 +0200] "GET /ticket2/opencms/de/buy/?edid=81800969-8323-7DD5-2FF1-1DA61540AE9E&page=1 HTTP/1.1" 200 86544
3.224.220.101 - - [28/Jun/2024:02:33:30 +0200] "GET /ticket2/opencms/de/buy/?edid=7B357C96-D15A-7330-3CD7-9115EBD86CB2&page=1 HTTP/1.1" 200 111416
5.9.55.228 - - [28/Jun/2024:02:33:34 +0200] "GET /ticket2/opencms/en/buy/?comcatid=A17713B6-D984-201A-4143-ED4DB5ED5C2E&catid=21C3854B-901E-11F9-7B7D-6838CC6AFAA4 HTTP/1.1" 200 81687
23.22.35.162 - - [28/Jun/2024:02:33:35 +0200] "GET /ticket2/opencms/de/buy/?edid=9239880C-C5C0-5076-4AD5-4881F5EBAC4A&page=1 HTTP/1.1" 200 111818
23.22.35.162 - - [28/Jun/2024:02:33:39 +0200] "GET /ticket2/opencms/de/buy/?edid=1291CD6B-4651-52CC-8D36-B0FB58FEEDFA&page=1 HTTP/1.1" 200 107201
23.22.35.162 - - [28/Jun/2024:02:33:42 +0200] "GET /ticket2/opencms/de/buy/?edid=D9F2239E-EF6A-EAF8-CB00-12A5392DA498&page=1 HTTP/1.1" 200 106642
216.245.221.83 - - [28/Jun/2024:02:33:44 +0200] "HEAD /ticket2/opencms/ HTTP/1.1" 302 -
216.245.221.83 - - [28/Jun/2024:02:33:45 +0200] "HEAD /ticket2/opencms/en/ HTTP/1.1" 200 -
23.22.35.162 - - [28/Jun/2024:02:33:46 +0200] "GET /ticket2/opencms/de/buy/?edid=1B1B1FC4-4D35-11C5-5D85-DF2C3A11720F&page=1 HTTP/1.1" 200 86552
5.9.55.228 - - [28/Jun/2024:02:33:49 +0200] "GET /ticket2/opencms/en/buy/?comcatid=A17713B6-D984-201A-4143-ED4DB5ED5C2E&catid=24AC1CA6-1C09-0BE5-C04A-9DCCDB15D5E9 HTTP/1.1" 200 81683
3.224.220.101 - - [28/Jun/2024:02:33:50 +0200] "GET /ticket2/opencms/de/buy/?edid=D96122AD-C3AA-80F5-DDA8-935E03AE952D&page=1 HTTP/1.1" 200 112016
47.128.125.120 - - [28/Jun/2024:02:33:54 +0200] "GET /ticket2/opencms/fi/sell/?edid=5CA6204E-B944-1C9C-2A91-E87C8D0203BC HTTP/1.1" 302 -
23.22.35.162 - - [28/Jun/2024:02:33:54 +0200] "GET /ticket2/opencms/de/buy/?edid=697BE447-74B7-A748-152F-A1818DA4BEC9&page=1 HTTP/1.1" 200 112464
47.128.125.120 - - [28/Jun/2024:02:33:55 +0200] "GET /ticket2/opencms/fi/login/?url=/fi/sell/ HTTP/1.1" 200 75191
47.128.125.120 - - [28/Jun/2024:02:33:56 +0200] "GET /ticket2/opencms/system/modules/com.gridnine.opencms.ticketbrokerage.site/resources/pics/logo-new.png HTTP/1.1" 200 13541
47.128.125.120 - - [28/Jun/2024:02:33:57 +0200] "GET /ticket2/opencms/system/modules/com.gridnine.opencms.ticketbrokerage.site/resources/pics/bank_1_nordea.png HTTP/1.1" 200 4807
47.128.125.120 - - [28/Jun/2024:02:33:57 +0200] "GET /ticket2/opencms/system/modules/com.gridnine.opencms.ticketbrokerage.site/resources/pics/bank_2_handelsbanken.png HTTP/1.1" 200 4509
47.128.125.120 - - [28/Jun/2024:02:33:57 +0200] "GET /ticket2/opencms/system/modules/com.gridnine.opencms.ticketbrokerage.site/resources/pics/bank_5_visa_mastercard.png HTTP/1.1" 200 8196
47.128.125.120 - - [28/Jun/2024:02:33:58 +0200] "GET /ticket2/opencms/system/modules/com.gridnine.opencms.ticketbrokerage.site/resources/pics/bank_3_swedbank.png HTTP/1.1" 200 5740
47.128.125.120 - - [28/Jun/2024:02:33:58 +0200] "GET /ticket2/opencms/system/modules/com.gridnine.opencms.ticketbrokerage.site/resources/pics/bank_4_seb.png HTTP/1.1" 200 2487
47.128.125.120 - - [28/Jun/2024:02:33:58 +0200] "GET /ticket2/opencms/system/modules/com.gridnine.opencms.ticketbrokerage.site/resources/pics/bank_6_american_express.png HTTP/1.1" 200 5570
52.70.240.171 - - [28/Jun/2024:02:33:58 +0200] "GET /ticket2/opencms/de/buy/?edid=E8BA54CC-B112-3D61-BE02-1B4D1E4F63D1&page=1 HTTP/1.1" 200 111325
23.22.35.162 - - [28/Jun/2024:02:34:03 +0200] "GET /ticket2/opencms/de/buy/?edid=8A787324-CD72-C476-64CB-87071CD71C2F&page=1 HTTP/1.1" 200 112239
5.9.55.228 - - [28/Jun/2024:02:34:05 +0200] "GET /ticket2/opencms/en/buy/?comcatid=A17713B6-D984-201A-4143-ED4DB5ED5C2E&catid=2DE12DDA-A5FB-C1C6-CB20-FBF873FB032B HTTP/1.1" 200 81695
66.249.75.168 - - [28/Jun/2024:02:34:05 +0200] "GET /ticket2/opencms/no/buy/?page=1&edid=E8BA54CC-B112-3D61-BE02-1B4D1E4F63D1 HTTP/1.1" 200 111317
66.249.75.98 - - [28/Jun/2024:02:34:06 +0200] "GET /ticket2/opencms/en/buy/?page=1&edid=66C22035-E7EA-E10A-4BFC-2C30733037DC HTTP/1.1" 200 111387
52.70.240.171 - - [28/Jun/2024:02:34:06 +0200] "GET /ticket2/opencms/de/buy/?edid=39CE598D-FC19-9CD8-F22D-3F7964FACAB9&page=1 HTTP/1.1" 200 102085
23.22.35.162 - - [28/Jun/2024:02:34:10 +0200] "GET /ticket2/opencms/de/buy/?edid=49AE40A4-FFEF-9739-399E-88E262ED311F&page=1 HTTP/1.1" 200 86556
51.222.253.19 - - [28/Jun/2024:02:34:14 +0200] "GET /ticket2/opencms/dk/venue/?countryid=397EE7D1-C7FC-902D-F9A7-02173E5367FD HTTP/1.1" 200 101181
23.22.35.162 - - [28/Jun/2024:02:34:14 +0200] "GET /ticket2/opencms/de/buy/?edid=9A56F165-F35D-9973-F50A-5FE9863E2B16&page=1 HTTP/1.1" 200 88344
23.22.35.162 - - [28/Jun/2024:02:34:18 +0200] "GET /ticket2/opencms/de/buy/?edid=94C5B0A9-45EC-824F-7DFB-E52A893ACA3D&page=1 HTTP/1.1" 200 111335
5.9.55.228 - - [28/Jun/2024:02:34:19 +0200] "GET /ticket2/opencms/en/buy/?comcatid=A17713B6-D984-201A-4143-ED4DB5ED5C2E&catid=2FC3D548-EAF9-1354-0CD2-7D7619DA2334 HTTP/1.1" 200 81675
23.22.35.162 - - [28/Jun/2024:02:34:23 +0200] "GET /ticket2/opencms/de/buy/?edid=E2BA261D-8AA4-C0D3-44EE-1FFEB3ECFAE6&page=1 HTTP/1.1" 200 111813
23.22.35.162 - - [28/Jun/2024:02:34:26 +0200] "GET /ticket2/opencms/de/buy/?edid=B63A2D15-1363-3F7D-6FAD-9E0AE65FC077&page=1 HTTP/1.1" 200 86564
52.70.240.171 - - [28/Jun/2024:02:34:30 +0200] "GET /ticket2/opencms/de/buy/?edid=F7660972-1F1F-59FF-1410-FAEC9F9D74B8&page=1 HTTP/1.1" 200 107198
5.9.55.228 - - [28/Jun/2024:02:34:33 +0200] "GET /ticket2/opencms/en/buy/?comcatid=A17713B6-D984-201A-4143-ED4DB5ED5C2E&catid=36394212-F82E-F845-399B-42BED55969CC HTTP/1.1" 200 81688
52.70.240.171 - - [28/Jun/2024:02:34:34 +0200] "GET /ticket2/opencms/de/buy/?edid=8C15C2A6-6F0D-F124-996B-0D6AF34B41CB&page=1 HTTP/1.1" 200 86545
52.70.240.171 - - [28/Jun/2024:02:34:38 +0200] "GET /ticket2/opencms/de/buy/?edid=8E087689-30A7-E7AD-9853-CFBC4F6216DD&page=1 HTTP/1.1" 200 111414
5.9.55.228 - - [28/Jun/2024:02:34:42 +0200] "GET /ticket2/opencms/en/buy/?comcatid=A17713B6-D984-201A-4143-ED4DB5ED5C2E&catid=3A7AEA37-903D-9533-4B33-21B0001FF1D1 HTTP/1.1" 200 81684
52.70.240.171 - - [28/Jun/2024:02:34:42 +0200] "GET /ticket2/opencms/de/buy/?edid=A9140ADD-E008-579D-7865-3C1E6B6E78F6&page=1 HTTP/1.1" 200 88352
114.119.130.29 - - [28/Jun/2024:02:34:45 +0200] "GET /ticket2/opencms/en/venue/?venueid=7099633B-1F6B-63DD-621F-E75AD7E075E8 HTTP/1.1" 200 71380
23.22.35.162 - - [28/Jun/2024:02:34:46 +0200] "GET /ticket2/opencms/de/buy/?edid=F26F7624-B3C7-3F2B-5F3B-CAEEB7F1CB7F&page=1 HTTP/1.1" 200 112035
23.22.35.162 - - [28/Jun/2024:02:34:50 +0200] "GET /ticket2/opencms/de/buy/?edid=24658CB7-0503-4139-A73F-444B9F961692&page=1 HTTP/1.1" 200 86547
3.224.220.101 - - [28/Jun/2024:02:34:54 +0200] "GET /ticket2/opencms/de/buy/?edid=076317A2-E374-F6BE-C2AE-88F75CAA72F3&page=1 HTTP/1.1" 200 86553
5.9.55.228 - - [28/Jun/2024:02:34:57 +0200] "GET /ticket2/opencms/en/buy/?comcatid=A17713B6-D984-201A-4143-ED4DB5ED5C2E&catid=3B549160-8B9C-E872-44A9-20FEA86B30E8 HTTP/1.1" 200 81680
23.22.35.162 - - [28/Jun/2024:02:34:58 +0200] "GET /ticket2/opencms/de/buy/?edid=71F3FE54-10D0-F1E8-DD77-D63D4BE2C9CF&page=1 HTTP/1.1" 200 111812
17.241.227.68 - - [28/Jun/2024:02:34:58 +0200] "GET /ticket2/opencms/no/legal_info/ HTTP/1.1" 200 73925
47.128.114.183 - - [28/Jun/2024:02:35:05 +0200] "GET /ticket2/opencms/nl/buy/?catid=97608B80-50C4-18AE-7A82-0413C62E9243&comcatid=A17713B6-D984-201A-4143-ED4DB5ED5C2E&page=7 HTTP/1.1" 200 81239
52.167.144.226 - - [28/Jun/2024:02:35:05 +0200] "GET /ticket2/opencms/es/magazine/article/ HTTP/1.1" 200 73017
47.128.114.183 - - [28/Jun/2024:02:35:06 +0200] "GET /ticket2/opencms/system/modules/com.gridnine.opencms.ticketbrokerage.site/resources/css/standard.css HTTP/1.1" 200 71935
3.224.220.101 - - [28/Jun/2024:02:35:06 +0200] "GET /ticket2/opencms/de/buy/?edid=DC4F64BB-84C6-452C-2BFD-138DC45E79DD&page=1 HTTP/1.1" 200 111343
23.22.35.162 - - [28/Jun/2024:02:35:06 +0200] "GET /ticket2/opencms/de/buy/?edid=096598FE-DA35-4351-DFEE-DC9ACA0F0EF9&page=1 HTTP/1.1" 200 112445
47.128.114.183 - - [28/Jun/2024:02:35:07 +0200] "GET /ticket2/opencms/system/modules/com.gridnine.opencms.ticketbrokerage.site/resources/pics/logo-new.png HTTP/1.1" 200 13541
47.128.114.183 - - [28/Jun/2024:02:35:07 +0200] "GET /ticket2/opencms/system/modules/com.gridnine.opencms.ticketbrokerage.site/resources/pics/bank_4_seb.png HTTP/1.1" 200 2487
47.128.114.183 - - [28/Jun/2024:02:35:07 +0200] "GET /ticket2/opencms/system/modules/com.gridnine.opencms.ticketbrokerage.site/resources/pics/bank_2_handelsbanken.png HTTP/1.1" 200 4509
47.128.114.183 - - [28/Jun/2024:02:35:07 +0200] "GET /ticket2/opencms/system/modules/com.gridnine.opencms.ticketbrokerage.site/resources/pics/bank_1_nordea.png HTTP/1.1" 200 4807
47.128.114.183 - - [28/Jun/2024:02:35:07 +0200] "GET /ticket2/opencms/system/modules/com.gridnine.opencms.ticketbrokerage.site/resources/pics/bank_5_visa_mastercard.png HTTP/1.1" 200 8196
47.128.114.183 - - [28/Jun/2024:02:35:08 +0200] "GET /ticket2/opencms/system/modules/com.gridnine.opencms.ticketbrokerage.site/resources/pics/bank_3_swedbank.png HTTP/1.1" 200 5740
47.128.114.183 - - [28/Jun/2024:02:35:08 +0200] "GET /ticket2/opencms/system/modules/com.gridnine.opencms.ticketbrokerage.site/resources/pics/bank_6_american_express.png HTTP/1.1" 200 5570
66.249.72.35 - - [28/Jun/2024:02:35:09 +0200] "GET /ticket2/opencms/sv/buy/?comcatid=A17713B6-D984-201A-4143-ED4DB5ED5C2E&catid=D08E96E8-A514-9E09-4E22-63713911E0B8 HTTP/1.1" 200 82582
66.249.72.101 - - [28/Jun/2024:02:35:10 +0200] "GET /ticket2/opencms/robots.txt HTTP/1.1" 200 773
66.249.75.162 - - [28/Jun/2024:02:35:10 +0200] "GET /ticket2/opencms/sv/venue/?venueid=C5443748-FE6D-78AE-9835-D6BA076EAF8D HTTP/1.1" 200 72229
23.22.35.162 - - [28/Jun/2024:02:35:10 +0200] "GET /ticket2/opencms/de/buy/?edid=2B9FDAA5-4F91-9556-CB1B-77F0011A2F02&page=1 HTTP/1.1" 200 111340
66.249.76.3 - - [28/Jun/2024:02:35:10 +0200] "GET /ticket2/opencms/de/magazine/ HTTP/1.1" 200 103297
5.9.55.228 - - [28/Jun/2024:02:35:13 +0200] "GET /ticket2/opencms/en/buy/?comcatid=A17713B6-D984-201A-4143-ED4DB5ED5C2E&catid=42C82D82-D02A-8562-E55C-48ADB3771882 HTTP/1.1" 200 81700
23.22.35.162 - - [28/Jun/2024:02:35:15 +0200] "GET /ticket2/opencms/de/buy/?edid=DD26041B-007D-3EE6-A8F7-303AB350D2E4&page=1 HTTP/1.1" 200 111413
