23.22.35.162 - - [28/Jun/2024:01:22:19 +0200] "GET /ticket2/opencms/fr/buy/?edid=D582FDF1-C885-7FD8-841B-6D2DEF5C38A4&page=1 HTTP/1.1" 200 112563
23.22.35.162 - - [28/Jun/2024:01:22:22 +0200] "GET /ticket2/opencms/fr/buy/?edid=3D561669-CE76-F355-781D-8E2E1C0C9894&page=1 HTTP/1.1" 200 102289
3.224.220.101 - - [28/Jun/2024:01:22:27 +0200] "GET /ticket2/opencms/fr/buy/?edid=C448ACCE-4E2F-44DD-92FC-D2C00A7DD0E5&page=1 HTTP/1.1" 200 111712
23.22.35.162 - - [28/Jun/2024:01:22:30 +0200] "GET /ticket2/opencms/fr/buy/?edid=3B157B14-2ACC-30A7-0D5C-8313AB0A1A32&page=1 HTTP/1.1" 200 112537
5.9.55.228 - - [28/Jun/2024:01:22:34 +0200] "GET /ticket2/opencms/en/buy?edid=1A3D6D5E-00C4-D5D4-0B76-2AA789723631&page=1 HTTP/1.1" 200 86736
52.70.240.171 - - [28/Jun/2024:01:22:35 +0200] "GET /ticket2/opencms/fr/buy/?edid=03D907FB-D1E6-E922-E1AC-AD5339EA57CC&page=1 HTTP/1.1" 200 107394
3.224.220.101 - - [28/Jun/2024:01:22:39 +0200] "GET /ticket2/opencms/fr/buy/?edid=9D2DFDC9-4BC5-EECE-32CF-AF6FA9041457&page=1 HTTP/1.1" 200 111782
47.128.98.223 - - [28/Jun/2024:01:22:43 +0200] "GET /ticket2/opencms/fi/buy/?edid=D11D82D4-28DA-1768-D317-EF521A2F97E6 HTTP/1.1" 200 73261
23.22.35.162 - - [28/Jun/2024:01:22:43 +0200] "GET /ticket2/opencms/fr/buy/?edid=7C470A0B-7875-5849-46E4-808C32ECDB53&page=1 HTTP/1.1" 200 86702
47.128.98.223 - - [28/Jun/2024:01:22:43 +0200] "GET /ticket2/opencms/system/modules/com.gridnine.opencms.ticketbrokerage.site/resources/pics/logo-new.png HTTP/1.1" 200 13541
47.128.98.223 - - [28/Jun/2024:01:22:44 +0200] "GET /ticket2/opencms/system/modules/com.gridnine.opencms.ticketbrokerage.site/resources/pics/bank_4_seb.png HTTP/1.1" 200 2487
47.128.98.223 - - [28/Jun/2024:01:22:45 +0200] "GET /ticket2/opencms/system/modules/com.gridnine.opencms.ticketbrokerage.site/resources/pics/bank_1_nordea.png HTTP/1.1" 200 4807
47.128.98.223 - - [28/Jun/2024:01:22:45 +0200] "GET /ticket2/opencms/system/modules/com.gridnine.opencms.ticketbrokerage.site/resources/pics/bank_5_visa_mastercard.png HTTP/1.1" 200 8196
40.77.167.254 - - [28/Jun/2024:01:22:45 +0200] "GET /ticket2/opencms/fi/venue/?venueid=E1C1AF0B-A1AF-29FD-C99C-5BA6293FC199 HTTP/1.1" 200 72918
47.128.98.223 - - [28/Jun/2024:01:22:45 +0200] "GET /ticket2/opencms/system/modules/com.gridnine.opencms.ticketbrokerage.site/resources/pics/bank_3_swedbank.png HTTP/1.1" 200 5740
47.128.98.223 - - [28/Jun/2024:01:22:45 +0200] "GET /ticket2/opencms/system/modules/com.gridnine.opencms.ticketbrokerage.site/resources/pics/bank_2_handelsbanken.png HTTP/1.1" 200 4509
47.128.98.223 - - [28/Jun/2024:01:22:45 +0200] "GET /ticket2/opencms/system/modules/com.gridnine.opencms.ticketbrokerage.site/resources/pics/bank_6_american_express.png HTTP/1.1" 200 5570
66.249.72.35 - - [28/Jun/2024:01:22:45 +0200] "GET /ticket2/opencms/sv/buy/?page=1&edid=35A2433F-5582-D69E-442B-B85F16AD5184 HTTP/1.1" 200 87717
3.224.220.101 - - [28/Jun/2024:01:22:46 +0200] "GET /ticket2/opencms/fr/buy/?edid=BF02E8D3-250D-1BB9-F307-8D142E1902AE&page=1 HTTP/1.1" 200 86711
95.163.255.150 - - [28/Jun/2024:01:22:48 +0200] "GET /ticket2/opencms/en/ HTTP/1.1" 200 91208
3.224.220.101 - - [28/Jun/2024:01:22:51 +0200] "GET /ticket2/opencms/fr/buy/?edid=B7E87373-4E91-4192-46CD-A0665726782B&page=1 HTTP/1.1" 200 112560
47.128.59.103 - - [28/Jun/2024:01:22:52 +0200] "GET /ticket2/opencms/fi/buy/?catid=3B549160-8B9C-E872-44A9-20FEA86B30E8&comcatid=A17713B6-D984-201A-4143-ED4DB5ED5C2E HTTP/1.1" 200 83457
47.128.59.103 - - [28/Jun/2024:01:22:53 +0200] "GET /ticket2/opencms/system/modules/com.gridnine.opencms.ticketbrokerage.site/resources/pics/logo-new.png HTTP/1.1" 200 13541
47.128.59.103 - - [28/Jun/2024:01:22:54 +0200] "GET /ticket2/opencms/system/modules/com.gridnine.opencms.ticketbrokerage.site/resources/pics/bank_1_nordea.png HTTP/1.1" 200 4807
47.128.59.103 - - [28/Jun/2024:01:22:54 +0200] "GET /ticket2/opencms/system/modules/com.gridnine.opencms.ticketbrokerage.site/resources/pics/bank_2_handelsbanken.png HTTP/1.1" 200 4509
3.224.220.101 - - [28/Jun/2024:01:22:54 +0200] "GET /ticket2/opencms/fr/buy/?edid=06839E1C-8CA0-2766-B39C-B161E06D9E51&page=1 HTTP/1.1" 200 112900
47.128.59.103 - - [28/Jun/2024:01:22:55 +0200] "GET /ticket2/opencms/system/modules/com.gridnine.opencms.ticketbrokerage.site/resources/pics/bank_3_swedbank.png HTTP/1.1" 200 5740
47.128.59.103 - - [28/Jun/2024:01:22:55 +0200] "GET /ticket2/opencms/system/modules/com.gridnine.opencms.ticketbrokerage.site/resources/pics/bank_5_visa_mastercard.png HTTP/1.1" 200 8196
47.128.59.103 - - [28/Jun/2024:01:22:55 +0200] "GET /ticket2/opencms/system/modules/com.gridnine.opencms.ticketbrokerage.site/resources/pics/bank_6_american_express.png HTTP/1.1" 200 5570
47.128.59.103 - - [28/Jun/2024:01:22:55 +0200] "GET /ticket2/opencms/system/modules/com.gridnine.opencms.ticketbrokerage.site/resources/pics/bank_4_seb.png HTTP/1.1" 200 2487
5.9.55.228 - - [28/Jun/2024:01:22:55 +0200] "GET /ticket2/opencms/en/buy?edid=18DBC541-BFCD-9FFC-371B-45BD3E47A0C0&page=1 HTTP/1.1" 200 86698
52.70.240.171 - - [28/Jun/2024:01:22:58 +0200] "GET /ticket2/opencms/fr/buy/?edid=FA7F94B4-317A-0ECF-FA42-3F7BBDB83D52&page=1 HTTP/1.1" 200 86706
17.241.219.214 - - [28/Jun/2024:01:23:00 +0200] "GET /ticket2/opencms/en/buy/?edid=A5A7051D-8776-CDCC-F30E-FC88ECBAF73F&page=1 HTTP/1.1" 200 88049
51.222.253.15 - - [28/Jun/2024:01:23:01 +0200] "GET /ticket2/opencms/dk/venue/?countryid=4067501C-3738-9610-03B0-18FCE6867011 HTTP/1.1" 200 101181
52.70.240.171 - - [28/Jun/2024:01:23:03 +0200] "GET /ticket2/opencms/fr/buy/?edid=128622B7-EDDD-3A5E-9897-BCB852F1E8F1&page=1 HTTP/1.1" 200 111830
23.22.35.162 - - [28/Jun/2024:01:23:06 +0200] "GET /ticket2/opencms/fr/buy/?edid=F03BC80C-51C9-D5C8-6DEC-FA800785943C&page=1 HTTP/1.1" 200 112617
52.70.240.171 - - [28/Jun/2024:01:23:10 +0200] "GET /ticket2/opencms/fr/buy/?edid=4D046EC3-3569-AF35-BEE2-37E289C85DAB&page=1 HTTP/1.1" 200 88525
5.9.55.228 - - [28/Jun/2024:01:23:14 +0200] "GET /ticket2/opencms/en/buy?edid=185EB1E8-EE1C-3323-A11B-C27B97AF5EDC&page=1 HTTP/1.1" 200 86778
3.224.220.101 - - [28/Jun/2024:01:23:14 +0200] "GET /ticket2/opencms/fr/buy/?edid=86B4B2B3-495F-6DCC-061F-2AA67B1599F7&page=1 HTTP/1.1" 200 111791
23.22.35.162 - - [28/Jun/2024:01:23:19 +0200] "GET /ticket2/opencms/fr/buy/?edid=428D934B-266D-69A5-FC2D-05CA08A2DC1A&page=1 HTTP/1.1" 200 86696
114.119.148.160 - - [28/Jun/2024:01:23:22 +0200] "GET /ticket2/opencms/en/buy/?page=1&edid=35EFB89D-083E-DDDE-DB3C-9BE9A310E552 HTTP/1.1" 200 85210
3.224.220.101 - - [28/Jun/2024:01:23:23 +0200] "GET /ticket2/opencms/fr/buy/?edid=C65C7DD7-B53E-6743-1299-72135D790427&page=1 HTTP/1.1" 200 111874
23.22.35.162 - - [28/Jun/2024:01:23:26 +0200] "GET /ticket2/opencms/fr/buy/?edid=9D7ABF2F-B431-422E-3673-716FB77076E6&page=1 HTTP/1.1" 200 86714
52.70.240.171 - - [28/Jun/2024:01:23:31 +0200] "GET /ticket2/opencms/fr/buy/?edid=BA65675B-ADB5-F482-B91D-06897B158EA1&page=1 HTTP/1.1" 200 111710
5.9.55.228 - - [28/Jun/2024:01:23:33 +0200] "GET /ticket2/opencms/en/buy?edid=100B7BEC-24E7-7E43-4295-F9FDC77048A6&page=1 HTTP/1.1" 200 86723
23.22.35.162 - - [28/Jun/2024:01:23:34 +0200] "GET /ticket2/opencms/fr/buy/?edid=EB4DE1F4-F429-D890-6213-A5B01648901D&page=1 HTTP/1.1" 200 107399
23.22.35.162 - - [28/Jun/2024:01:23:38 +0200] "GET /ticket2/opencms/fr/buy/?edid=830F2AEC-7FB6-11C1-AD11-54BD6744D648&page=1 HTTP/1.1" 200 107802
23.22.35.162 - - [28/Jun/2024:01:23:42 +0200] "GET /ticket2/opencms/fr/buy/?edid=7D165939-BF98-0026-A2D4-02E534C6E447&page=1 HTTP/1.1" 200 102291
47.128.113.50 - - [28/Jun/2024:01:23:44 +0200] "GET /ticket2/opencms/fi/urheilu/jalkapallo/la-liga/rayo_vallecano/ HTTP/1.1" 200 74668
216.245.221.83 - - [28/Jun/2024:01:23:45 +0200] "HEAD /ticket2/opencms/ HTTP/1.1" 302 -
47.128.113.50 - - [28/Jun/2024:01:23:45 +0200] "GET /ticket2/opencms/system/modules/com.gridnine.opencms.ticketbrokerage.site/resources/pics/logo-new.png HTTP/1.1" 200 13541
216.245.221.83 - - [28/Jun/2024:01:23:45 +0200] "HEAD /ticket2/opencms/en/ HTTP/1.1" 200 -
47.128.113.50 - - [28/Jun/2024:01:23:45 +0200] "GET /ticket2/opencms/system/modules/com.gridnine.opencms.ticketbrokerage.site/resources/pics/banners/team/la_liga/rayo.png HTTP/1.1" 200 70289
66.249.72.34 - - [28/Jun/2024:01:23:46 +0200] "GET /ticket2/opencms/sv/buy/?comcatid=A17713B6-D984-201A-4143-ED4DB5ED5C2E&catid=B0817F4C-4B6F-A68C-6229-209BB05F84D4 HTTP/1.1" 200 82565
3.224.220.101 - - [28/Jun/2024:01:23:46 +0200] "GET /ticket2/opencms/fr/buy/?edid=3DA4D4F8-D0E8-FA39-BB7D-9FB474CBAB05&page=1 HTTP/1.1" 200 88520
47.128.113.50 - - [28/Jun/2024:01:23:46 +0200] "GET /ticket2/opencms/system/modules/com.gridnine.opencms.ticketbrokerage.site/resources/pics/bank_6_american_express.png HTTP/1.1" 200 5570
47.128.113.50 - - [28/Jun/2024:01:23:46 +0200] "GET /ticket2/opencms/system/modules/com.gridnine.opencms.ticketbrokerage.site/resources/pics/bank_1_nordea.png HTTP/1.1" 200 4807
47.128.113.50 - - [28/Jun/2024:01:23:46 +0200] "GET /ticket2/opencms/system/modules/com.gridnine.opencms.ticketbrokerage.site/resources/pics/bank_2_handelsbanken.png HTTP/1.1" 200 4509
47.128.113.50 - - [28/Jun/2024:01:23:46 +0200] "GET /ticket2/opencms/system/modules/com.gridnine.opencms.ticketbrokerage.site/resources/pics/bank_4_seb.png HTTP/1.1" 200 2487
47.128.113.50 - - [28/Jun/2024:01:23:46 +0200] "GET /ticket2/opencms/system/modules/com.gridnine.opencms.ticketbrokerage.site/resources/pics/bank_3_swedbank.png HTTP/1.1" 200 5740
47.128.113.50 - - [28/Jun/2024:01:23:46 +0200] "GET /ticket2/opencms/system/modules/com.gridnine.opencms.ticketbrokerage.site/resources/pics/bank_5_visa_mastercard.png HTTP/1.1" 200 8196
40.77.167.25 - - [28/Jun/2024:01:23:50 +0200] "GET /ticket2/opencms/dk/buy/?page=1&edid=BE6ABBE8-6DAC-6741-AA1A-CEB7A9B0DCF0 HTTP/1.1" 200 113930
3.224.220.101 - - [28/Jun/2024:01:23:51 +0200] "GET /ticket2/opencms/fr/buy/?edid=4DF0D9FC-63B4-BC0C-C1C6-5A8F2E684398&page=1 HTTP/1.1" 200 112656
5.9.55.228 - - [28/Jun/2024:01:23:54 +0200] "GET /ticket2/opencms/en/buy?edid=0FA491B8-88BE-348E-7FA1-9586533EE9BA&page=1 HTTP/1.1" 200 86761
52.70.240.171 - - [28/Jun/2024:01:23:55 +0200] "GET /ticket2/opencms/fr/buy/?edid=59FF6FC0-0E24-887E-599D-D93F8931961C&page=1 HTTP/1.1" 200 111685
52.70.240.171 - - [28/Jun/2024:01:23:59 +0200] "GET /ticket2/opencms/fr/buy/?edid=26FD5F34-C195-7172-EE2F-9EC20DBD4239&page=1 HTTP/1.1" 200 112998
52.70.240.171 - - [28/Jun/2024:01:24:03 +0200] "GET /ticket2/opencms/fr/buy/?edid=0F75B18C-E221-E332-009D-FADB7D439839&page=1 HTTP/1.1" 200 112625
23.22.35.162 - - [28/Jun/2024:01:24:06 +0200] "GET /ticket2/opencms/fr/buy/?edid=AC0B9D95-EFDF-620F-1AF4-978A4B3BD208&page=1 HTTP/1.1" 200 86708
52.70.240.171 - - [28/Jun/2024:01:24:10 +0200] "GET /ticket2/opencms/fr/buy/?edid=8A15C340-B6C2-2F43-473C-6069B2AC1544&page=1 HTTP/1.1" 200 111966
5.9.55.228 - - [28/Jun/2024:01:24:12 +0200] "GET /ticket2/opencms/en/buy?edid=0D8D57D3-D8D3-170A-1C7B-4989EC7A66A6&page=1 HTTP/1.1" 200 87592
3.224.220.101 - - [28/Jun/2024:01:24:14 +0200] "GET /ticket2/opencms/fr/buy/?edid=EDCAEF56-BB28-CA21-E73A-84906B6960A7&page=1 HTTP/1.1" 200 112540
23.22.35.162 - - [28/Jun/2024:01:24:18 +0200] "GET /ticket2/opencms/fr/buy/?edid=8B771AFF-A9A8-FE63-E57B-1170D3B7C5B8&page=1 HTTP/1.1" 200 112996
51.222.253.10 - - [28/Jun/2024:01:24:18 +0200] "GET /ticket2/opencms/dk/venue/?countryid=2E49BBE4-C681-08D6-D216-0893A1269431 HTTP/1.1" 200 101181
52.70.240.171 - - [28/Jun/2024:01:24:22 +0200] "GET /ticket2/opencms/fr/buy/?edid=C51DC9BA-8ED0-8D5F-A005-77B2B61DA7C9&page=1 HTTP/1.1" 200 112566
23.22.35.162 - - [28/Jun/2024:01:24:26 +0200] "GET /ticket2/opencms/fr/buy/?edid=3834B79A-5D67-764F-EEC4-EB2411D57169&page=1 HTTP/1.1" 200 86697
5.9.55.228 - - [28/Jun/2024:01:24:30 +0200] "GET /ticket2/opencms/en/buy?edid=06EAB243-46C0-65AE-FF61-8C7D584748E6&page=1 HTTP/1.1" 200 87201
3.224.220.101 - - [28/Jun/2024:01:24:30 +0200] "GET /ticket2/opencms/fr/buy/?edid=CB2F98AB-2A36-6804-D7EE-05DAE30031CC&page=1 HTTP/1.1" 200 88520
52.70.240.171 - - [28/Jun/2024:01:24:34 +0200] "GET /ticket2/opencms/fr/buy/?edid=55071255-F1B1-83D4-CE10-06DA54270E48&page=1 HTTP/1.1" 200 86711
47.128.41.85 - - [28/Jun/2024:01:24:35 +0200] "GET /ticket2/opencms/fi/buy/?catid=078F99D4-0B9E-E323-5A07-D7B70F6E8874&comcatid=97ECA65A-72DA-F9AF-9DBB-245D3CFED1BE HTTP/1.1" 200 78392
47.128.41.85 - - [28/Jun/2024:01:24:36 +0200] "GET /ticket2/opencms/system/modules/com.gridnine.opencms.ticketbrokerage.site/resources/pics/logo-new.png HTTP/1.1" 200 13541
47.128.41.85 - - [28/Jun/2024:01:24:37 +0200] "GET /ticket2/opencms/system/modules/com.gridnine.opencms.ticketbrokerage.site/resources/pics/bank_1_nordea.png HTTP/1.1" 200 4807
47.128.41.85 - - [28/Jun/2024:01:24:37 +0200] "GET /ticket2/opencms/system/modules/com.gridnine.opencms.ticketbrokerage.site/resources/pics/bank_2_handelsbanken.png HTTP/1.1" 200 4509
47.128.41.85 - - [28/Jun/2024:01:24:38 +0200] "GET /ticket2/opencms/system/modules/com.gridnine.opencms.ticketbrokerage.site/resources/pics/bank_5_visa_mastercard.png HTTP/1.1" 200 8196
47.128.41.85 - - [28/Jun/2024:01:24:38 +0200] "GET /ticket2/opencms/system/modules/com.gridnine.opencms.ticketbrokerage.site/resources/pics/bank_4_seb.png HTTP/1.1" 200 2487
47.128.41.85 - - [28/Jun/2024:01:24:38 +0200] "GET /ticket2/opencms/system/modules/com.gridnine.opencms.ticketbrokerage.site/resources/pics/bank_3_swedbank.png HTTP/1.1" 200 5740
47.128.41.85 - - [28/Jun/2024:01:24:38 +0200] "GET /ticket2/opencms/system/modules/com.gridnine.opencms.ticketbrokerage.site/resources/pics/bank_6_american_express.png HTTP/1.1" 200 5570
3.224.220.101 - - [28/Jun/2024:01:24:38 +0200] "GET /ticket2/opencms/fr/buy/?edid=6312D7C5-4BBF-A97E-B93A-47328366BE18&page=1 HTTP/1.1" 200 111788
23.22.35.162 - - [28/Jun/2024:01:24:42 +0200] "GET /ticket2/opencms/fr/buy/?edid=96E011DF-5241-3266-195A-F1BA5B4FE37C&page=1 HTTP/1.1" 200 89166
52.70.240.171 - - [28/Jun/2024:01:24:46 +0200] "GET /ticket2/opencms/fr/buy/?edid=C3116C51-41DE-7C13-575E-661138774698&page=1 HTTP/1.1" 200 107396
5.9.55.228 - - [28/Jun/2024:01:24:48 +0200] "GET /ticket2/opencms/en/buy/?page=6&comcatid=a17713b6-d984-201a-4143-ed4db5ed5c2e&catid=515a9a29-35a0-2db8-262b-aef122db04f6 HTTP/1.1" 200 71625
66.249.76.161 - - [28/Jun/2024:01:24:48 +0200] "GET /ticket2/opencms/nl/buy/?page=1&edid=BA6A690A-3E4C-7B0E-F103-AC3CC3F63074 HTTP/1.1" 200 110287
66.249.72.33 - - [28/Jun/2024:01:24:49 +0200] "GET /ticket2/opencms/sv/buy/?page=1&edid=39289D35-63FA-63A2-5B00-1BD8BF9346B7 HTTP/1.1" 200 111232
66.249.76.2 - - [28/Jun/2024:01:24:50 +0200] "GET /ticket2/opencms/en/buy/?page=1&edid=8F340A1C-D664-7FDD-8257-FE31525DAB7C HTTP/1.1" 200 111379
52.70.240.171 - - [28/Jun/2024:01:24:51 +0200] "GET /ticket2/opencms/fr/buy/?edid=2C495116-CB98-C9E3-B9E8-389135800397&page=1 HTTP/1.1" 200 111878
66.249.76.194 - - [28/Jun/2024:01:24:51 +0200] "GET /ticket2/opencms/sv/buy/?page=1&edid=46DDC203-41AB-936F-F42F-3447B1C39BFC HTTP/1.1" 200 110761
23.22.35.162 - - [28/Jun/2024:01:24:55 +0200] "GET /ticket2/opencms/fr/buy/?edid=C29FD4D7-C114-3152-7015-AC9740876339&page=1 HTTP/1.1" 200 111834
52.70.240.171 - - [28/Jun/2024:01:24:58 +0200] "GET /ticket2/opencms/fr/buy/?edid=91E06EB3-29BE-78F9-C5D9-F08587328467&page=1 HTTP/1.1" 200 86709
47.128.98.40 - - [28/Jun/2024:01:25:00 +0200] "GET /ticket2/opencms/fi/buy/?edid=236F7016-4763-1BAF-F2F0-3C25D5C100A7 HTTP/1.1" 200 73261
47.128.98.40 - - [28/Jun/2024:01:25:01 +0200] "GET /ticket2/opencms/system/modules/com.gridnine.opencms.ticketbrokerage.site/resources/pics/logo-new.png HTTP/1.1" 200 13541
47.128.98.40 - - [28/Jun/2024:01:25:02 +0200] "GET /ticket2/opencms/system/modules/com.gridnine.opencms.ticketbrokerage.site/resources/pics/bank_4_seb.png HTTP/1.1" 200 2487
47.128.98.40 - - [28/Jun/2024:01:25:02 +0200] "GET /ticket2/opencms/system/modules/com.gridnine.opencms.ticketbrokerage.site/resources/pics/bank_1_nordea.png HTTP/1.1" 200 4807
47.128.98.40 - - [28/Jun/2024:01:25:02 +0200] "GET /ticket2/opencms/system/modules/com.gridnine.opencms.ticketbrokerage.site/resources/pics/bank_2_handelsbanken.png HTTP/1.1" 200 4509
47.128.98.40 - - [28/Jun/2024:01:25:02 +0200] "GET /ticket2/opencms/system/modules/com.gridnine.opencms.ticketbrokerage.site/resources/pics/bank_5_visa_mastercard.png HTTP/1.1" 200 8196
47.128.98.40 - - [28/Jun/2024:01:25:02 +0200] "GET /ticket2/opencms/system/modules/com.gridnine.opencms.ticketbrokerage.site/resources/pics/bank_3_swedbank.png HTTP/1.1" 200 5740
47.128.98.40 - - [28/Jun/2024:01:25:02 +0200] "GET /ticket2/opencms/system/modules/com.gridnine.opencms.ticketbrokerage.site/resources/pics/bank_6_american_express.png HTTP/1.1" 200 5570
23.22.35.162 - - [28/Jun/2024:01:25:02 +0200] "GET /ticket2/opencms/fr/buy/?edid=37DFD68F-280A-1D30-F150-17131E8FCDF4&page=1 HTTP/1.1" 200 86696
5.9.55.228 - - [28/Jun/2024:01:25:04 +0200] "GET /ticket2/opencms/en/buy/?page=6&comcatid=A17713B6-D984-201A-4143-ED4DB5ED5C2E&catid=F03B8ADD-988E-AE6A-8DBA-AF502C691C60 HTTP/1.1" 200 82219
3.224.220.101 - - [28/Jun/2024:01:25:06 +0200] "GET /ticket2/opencms/fr/buy/?edid=F1EEEC67-D1C4-E916-20F3-F210A97B2C57&page=1 HTTP/1.1" 200 112562
17.241.227.79 - - [28/Jun/2024:01:25:08 +0200] "GET /ticket2/opencms/fi/urheilu/hockey/nhl/ny-islanders/ HTTP/1.1" 200 75522
23.22.35.162 - - [28/Jun/2024:01:25:10 +0200] "GET /ticket2/opencms/fr/buy/?edid=9932A66C-27C7-56B1-5250-1F1A61E40951&page=1 HTTP/1.1" 200 86714
3.224.220.101 - - [28/Jun/2024:01:25:14 +0200] "GET /ticket2/opencms/fr/buy/?edid=A134960E-B2EE-5140-FE1D-DD5D90F5903C&page=1 HTTP/1.1" 200 88519
3.224.220.101 - - [28/Jun/2024:01:25:19 +0200] "GET /ticket2/opencms/fr/buy/?edid=46DDC203-41AB-936F-F42F-3447B1C39BFC&page=1 HTTP/1.1" 200 111709
5.9.55.228 - - [28/Jun/2024:01:25:22 +0200] "GET /ticket2/opencms/en/buy/?page=6&comcatid=A17713B6-D984-201A-4143-ED4DB5ED5C2E&catid=E961462E-5AC2-64D6-5850-A310C9DEAA06 HTTP/1.1" 200 82216
3.224.220.101 - - [28/Jun/2024:01:25:22 +0200] "GET /ticket2/opencms/fr/buy/?edid=B5C7399B-C087-FF38-4294-BB861C1DB4F9&page=1 HTTP/1.1" 200 112540
47.128.121.89 - - [28/Jun/2024:01:25:25 +0200] "GET /ticket2/opencms/de/buy/?catid=BDD8C04C-DD99-1C07-B5F3-F2AB98D157E8&comcatid=A17713B6-D984-201A-4143-ED4DB5ED5C2E HTTP/1.1" 200 82767
47.128.121.89 - - [28/Jun/2024:01:25:26 +0200] "GET /ticket2/opencms/system/modules/com.gridnine.opencms.ticketbrokerage.site/resources/pics/logo-new.png HTTP/1.1" 200 13541
47.128.121.89 - - [28/Jun/2024:01:25:27 +0200] "GET /ticket2/opencms/system/modules/com.gridnine.opencms.ticketbrokerage.site/resources/pics/bank_1_nordea.png HTTP/1.1" 200 4807
3.224.220.101 - - [28/Jun/2024:01:25:27 +0200] "GET /ticket2/opencms/fr/buy/?edid=65E7B63A-82AD-5350-7913-2D26A32C5940&page=1 HTTP/1.1" 200 111793
47.128.121.89 - - [28/Jun/2024:01:25:27 +0200] "GET /ticket2/opencms/system/modules/com.gridnine.opencms.ticketbrokerage.site/resources/pics/bank_3_swedbank.png HTTP/1.1" 200 5740
47.128.121.89 - - [28/Jun/2024:01:25:27 +0200] "GET /ticket2/opencms/system/modules/com.gridnine.opencms.ticketbrokerage.site/resources/pics/bank_5_visa_mastercard.png HTTP/1.1" 200 8196
47.128.121.89 - - [28/Jun/2024:01:25:28 +0200] "GET /ticket2/opencms/system/modules/com.gridnine.opencms.ticketbrokerage.site/resources/pics/bank_4_seb.png HTTP/1.1" 200 2487
47.128.121.89 - - [28/Jun/2024:01:25:28 +0200] "GET /ticket2/opencms/system/modules/com.gridnine.opencms.ticketbrokerage.site/resources/pics/bank_2_handelsbanken.png HTTP/1.1" 200 4509
47.128.121.89 - - [28/Jun/2024:01:25:28 +0200] "GET /ticket2/opencms/system/modules/com.gridnine.opencms.ticketbrokerage.site/resources/pics/bank_6_american_express.png HTTP/1.1" 200 5570
52.70.240.171 - - [28/Jun/2024:01:25:31 +0200] "GET /ticket2/opencms/fr/buy/?edid=6DFFB718-11C1-53C4-2A79-C844FA7A064D&page=1 HTTP/1.1" 200 113001
23.22.35.162 - - [28/Jun/2024:01:25:34 +0200] "GET /ticket2/opencms/fr/buy/?edid=46ED3103-DE6B-A6DD-76D4-FB2A3432E453&page=1 HTTP/1.1" 200 112261
51.222.253.19 - - [28/Jun/2024:01:25:36 +0200] "GET /ticket2/opencms/dk/venue/?countryid=ABC76395-F87D-C1C2-D371-A569066C3F43 HTTP/1.1" 200 101181
3.224.220.101 - - [28/Jun/2024:01:25:38 +0200] "GET /ticket2/opencms/fr/buy/?edid=4E3FD371-418F-2707-0FE4-F6E7006C81F9&page=1 HTTP/1.1" 200 86711
5.9.55.228 - - [28/Jun/2024:01:25:40 +0200] "GET /ticket2/opencms/en/buy/?page=6&comcatid=A17713B6-D984-201A-4143-ED4DB5ED5C2E&catid=E92E6B1B-7CD1-74B1-312C-265A7D8125D0 HTTP/1.1" 200 82210
23.22.35.162 - - [28/Jun/2024:01:25:42 +0200] "GET /ticket2/opencms/fr/buy/?edid=10C00DD9-2619-A832-C970-E24EDAAD57C7&page=1 HTTP/1.1" 200 111878
52.70.240.171 - - [28/Jun/2024:01:25:47 +0200] "GET /ticket2/opencms/fr/buy/?edid=DE73DB51-4178-AA85-D066-1C5C2E4D27B9&page=1 HTTP/1.1" 200 102293
3.224.220.101 - - [28/Jun/2024:01:25:51 +0200] "GET /ticket2/opencms/fr/buy/?edid=361EAD73-436C-F7FD-91EE-7D353735C8BC&page=1 HTTP/1.1" 200 112718
52.70.240.171 - - [28/Jun/2024:01:25:54 +0200] "GET /ticket2/opencms/fr/buy/?edid=A2A8955F-0E7C-C876-91D5-2F1597674CD1&page=1 HTTP/1.1" 200 86709
66.249.75.98 - - [28/Jun/2024:01:25:55 +0200] "GET /ticket2/opencms/en/buy/?page=1&edid=B089B4B8-933D-AB70-BE65-2A133877E5AC HTTP/1.1" 200 111377
5.9.55.228 - - [28/Jun/2024:01:25:58 +0200] "GET /ticket2/opencms/en/buy/?page=6&comcatid=A17713B6-D984-201A-4143-ED4DB5ED5C2E&catid=D8B345C9-F7A5-E620-4B43-C34EB0D6885B&eventid=EC400621-1050-8895-DCE5-36CFFF18A035 HTTP/1.1" 200 82212
52.70.240.171 - - [28/Jun/2024:01:25:58 +0200] "GET /ticket2/opencms/fr/buy/?edid=AF39FAB5-FE06-5368-91B7-FED96ACA064E&page=1 HTTP/1.1" 200 111881
216.245.221.83 - - [28/Jun/2024:01:25:59 +0200] "HEAD /ticket2/opencms/ HTTP/1.1" 302 -
216.245.221.83 - - [28/Jun/2024:01:26:02 +0200] "HEAD /ticket2/opencms/en/ HTTP/1.1" 200 -
52.70.240.171 - - [28/Jun/2024:01:26:03 +0200] "GET /ticket2/opencms/fr/buy/?edid=3DBC817B-58FA-AA1C-2983-B86016C9BCF9&page=1 HTTP/1.1" 200 86706
3.224.220.101 - - [28/Jun/2024:01:26:06 +0200] "GET /ticket2/opencms/fr/buy/?edid=DC909086-9C5C-EBAF-0F10-7C4FD4D0055C&page=1 HTTP/1.1" 200 111789
23.22.35.162 - - [28/Jun/2024:01:26:10 +0200] "GET /ticket2/opencms/fr/buy/?edid=7E0CE59A-F22E-9FBB-1FD3-8B411A5307E8&page=1 HTTP/1.1" 200 86703
17.241.227.171 - - [28/Jun/2024:01:26:13 +0200] "GET /ticket2/opencms/sv/buy/?page=1&edid=F8D7A050-130C-E4CE-CC4F-4630706BBCD4 HTTP/1.1" 200 85952
5.9.55.228 - - [28/Jun/2024:01:26:14 +0200] "GET /ticket2/opencms/en/buy/?page=6&comcatid=A17713B6-D984-201A-4143-ED4DB5ED5C2E&catid=D8B345C9-F7A5-E620-4B43-C34EB0D6885B&eventid=A7E64A15-C7DF-043E-0070-D601DF6CEDE4 HTTP/1.1" 200 82212
52.70.240.171 - - [28/Jun/2024:01:26:15 +0200] "GET /ticket2/opencms/fr/buy/?edid=8A4BD3C0-720E-C7F3-26B8-C1C8D72D0618&page=1 HTTP/1.1" 200 106873
47.128.121.96 - - [28/Jun/2024:01:26:17 +0200] "GET /ticket2/opencms/nl/buy/?catid=95AE85B5-8979-BB11-643C-430ACC6D50F9&comcatid=810BB404-4103-77F2-A6C2-12D5E6C338E2 HTTP/1.1" 200 72867
47.128.121.96 - - [28/Jun/2024:01:26:19 +0200] "GET /ticket2/opencms/system/modules/com.gridnine.opencms.ticketbrokerage.site/resources/pics/logo-new.png HTTP/1.1" 200 13541
23.22.35.162 - - [28/Jun/2024:01:26:19 +0200] "GET /ticket2/opencms/fr/buy/?edid=B77A7006-DEDC-BDA0-58BA-235C61E5D6CF&page=1 HTTP/1.1" 200 111827
47.128.121.96 - - [28/Jun/2024:01:26:20 +0200] "GET /ticket2/opencms/system/modules/com.gridnine.opencms.ticketbrokerage.site/resources/pics/bank_3_swedbank.png HTTP/1.1" 200 5740
47.128.121.96 - - [28/Jun/2024:01:26:20 +0200] "GET /ticket2/opencms/system/modules/com.gridnine.opencms.ticketbrokerage.site/resources/pics/bank_1_nordea.png HTTP/1.1" 200 4807
47.128.121.96 - - [28/Jun/2024:01:26:20 +0200] "GET /ticket2/opencms/system/modules/com.gridnine.opencms.ticketbrokerage.site/resources/pics/bank_5_visa_mastercard.png HTTP/1.1" 200 8196
47.128.121.96 - - [28/Jun/2024:01:26:20 +0200] "GET /ticket2/opencms/system/modules/com.gridnine.opencms.ticketbrokerage.site/resources/pics/bank_4_seb.png HTTP/1.1" 200 2487
47.128.121.96 - - [28/Jun/2024:01:26:20 +0200] "GET /ticket2/opencms/system/modules/com.gridnine.opencms.ticketbrokerage.site/resources/pics/bank_2_handelsbanken.png HTTP/1.1" 200 4509
47.128.121.96 - - [28/Jun/2024:01:26:20 +0200] "GET /ticket2/opencms/system/modules/com.gridnine.opencms.ticketbrokerage.site/resources/pics/bank_6_american_express.png HTTP/1.1" 200 5570
23.22.35.162 - - [28/Jun/2024:01:26:22 +0200] "GET /ticket2/opencms/fr/buy/?edid=9298EE47-1A7F-20BC-182D-AD5062126FDE&page=1 HTTP/1.1" 200 89166
3.224.220.101 - - [28/Jun/2024:01:26:26 +0200] "GET /ticket2/opencms/fr/buy/?edid=39289D35-63FA-63A2-5B00-1BD8BF9346B7&page=1 HTTP/1.1" 200 112541
23.22.35.162 - - [28/Jun/2024:01:26:31 +0200] "GET /ticket2/opencms/fr/buy/?edid=4BA78F1B-E48D-30C2-5D4F-CB6F294B5082&page=1 HTTP/1.1" 200 88522
5.9.55.228 - - [28/Jun/2024:01:26:31 +0200] "GET /ticket2/opencms/en/buy/?page=6&comcatid=A17713B6-D984-201A-4143-ED4DB5ED5C2E&catid=D8B345C9-F7A5-E620-4B43-C34EB0D6885B&eventid=A5EFB4D1-0D4A-6233-581F-53A6B8881498 HTTP/1.1" 200 82212
66.249.76.170 - - [28/Jun/2024:01:26:33 +0200] "GET /ticket2/opencms/robots.txt HTTP/1.1" 200 773
52.70.240.171 - - [28/Jun/2024:01:26:34 +0200] "GET /ticket2/opencms/fr/buy/?edid=91870084-7155-79A9-A57C-A68AF475B93F&page=1 HTTP/1.1" 200 107398
66.249.75.167 - - [28/Jun/2024:01:26:35 +0200] "GET /ticket2/opencms/dk/sport/fodboldbilletter/premier-league/arsenal/?partner=5DA1B85A-5A44-4C00-C2EF-3DFF7E687A1D HTTP/1.1" 302 -
66.249.75.167 - - [28/Jun/2024:01:26:35 +0200] "GET /ticket2/opencms/set_aff_cookie.jsp?partner=5DA1B85A-5A44-4C00-C2EF-3DFF7E687A1D&url=%2Fdk%2Fsport%2Ffodboldbilletter%2Fpremier-league%2Farsenal%2Findex.html%3Fr%3Dtrue HTTP/1.1" 200 172
66.249.75.167 - - [28/Jun/2024:01:26:38 +0200] "GET /ticket2/opencms/dk/sport/fodboldbilletter/premier-league/arsenal/?r=true HTTP/1.1" 200 84110
3.224.220.101 - - [28/Jun/2024:01:26:38 +0200] "GET /ticket2/opencms/fr/buy/?edid=B98837D3-1E81-8A8C-D0BB-1E445F8B9795&page=1 HTTP/1.1" 200 112559
52.70.240.171 - - [28/Jun/2024:01:26:42 +0200] "GET /ticket2/opencms/fr/buy/?edid=F74997E7-1F81-8144-BC19-7CD40E7B47F7&page=1 HTTP/1.1" 200 112998
23.22.35.162 - - [28/Jun/2024:01:26:46 +0200] "GET /ticket2/opencms/fr/buy/?edid=26B5B341-FB40-FF92-A06B-966F91DC0894&page=1 HTTP/1.1" 200 86704
5.9.55.228 - - [28/Jun/2024:01:26:47 +0200] "GET /ticket2/opencms/en/buy/?page=6&comcatid=A17713B6-D984-201A-4143-ED4DB5ED5C2E&catid=D8B345C9-F7A5-E620-4B43-C34EB0D6885B&eventid=88125886-B9B5-9F59-AF43-51EE7A6E60C4 HTTP/1.1" 200 82212
23.22.35.162 - - [28/Jun/2024:01:26:50 +0200] "GET /ticket2/opencms/fr/buy/?edid=B422C598-4610-0185-89CA-0FDFEB7BE014&page=1 HTTP/1.1" 200 111791
51.222.253.7 - - [28/Jun/2024:01:26:53 +0200] "GET /ticket2/opencms/dk/venue/?countryid=E3A24EE3-33A9-9FC0-BC5A-AFB379A75340 HTTP/1.1" 200 101181
3.224.220.101 - - [28/Jun/2024:01:26:54 +0200] "GET /ticket2/opencms/fr/buy/?edid=486EB1CD-95BE-ED77-9E64-4E49BB28C6F8&page=1 HTTP/1.1" 200 111780
3.224.220.101 - - [28/Jun/2024:01:26:59 +0200] "GET /ticket2/opencms/fr/buy/?edid=94D791E2-A2F6-C0D4-E68D-72D6DE252AC9&page=1 HTTP/1.1" 200 102217
3.224.220.101 - - [28/Jun/2024:01:27:02 +0200] "GET /ticket2/opencms/fr/buy/?edid=AC850F1A-F4BA-A4A5-63C8-2EAFDE9B0DCD&page=1 HTTP/1.1" 200 86695
5.9.55.228 - - [28/Jun/2024:01:27:04 +0200] "GET /ticket2/opencms/en/buy/?page=6&comcatid=A17713B6-D984-201A-4143-ED4DB5ED5C2E&catid=D8B345C9-F7A5-E620-4B43-C34EB0D6885B&eventid=79608D61-AAF5-D175-02C0-7A0FB72F565C HTTP/1.1" 200 82212
52.70.240.171 - - [28/Jun/2024:01:27:06 +0200] "GET /ticket2/opencms/fr/buy/?edid=530D0E9B-9711-6A6E-2177-92B0D667A039&page=1 HTTP/1.1" 200 86717
47.128.30.113 - - [28/Jun/2024:01:27:07 +0200] "GET /ticket2/opencms/fr/sport/billets-football/english-championship/ HTTP/1.1" 500 -
3.224.220.101 - - [28/Jun/2024:01:27:11 +0200] "GET /ticket2/opencms/fr/buy/?edid=3E8160AB-0FBD-70C5-9AD2-7741AA7C1F1A&page=1 HTTP/1.1" 200 112902
52.70.240.171 - - [28/Jun/2024:01:27:15 +0200] "GET /ticket2/opencms/fr/buy/?edid=78077671-6D1C-6384-F4E3-25AAC0A5B810&page=1 HTTP/1.1" 200 112815
52.70.240.171 - - [28/Jun/2024:01:27:19 +0200] "GET /ticket2/opencms/fr/buy/?edid=9CDA0C30-3EC4-3995-E2A4-DBF0BB020094&page=1 HTTP/1.1" 200 112536
47.128.52.14 - - [28/Jun/2024:01:27:19 +0200] "GET /ticket2/opencms/fi/buy/?edid=A27091AD-1422-96A9-33A7-74A8DECA25F3 HTTP/1.1" 200 73261
47.128.52.14 - - [28/Jun/2024:01:27:20 +0200] "GET /ticket2/opencms/system/modules/com.gridnine.opencms.ticketbrokerage.site/resources/pics/logo-new.png HTTP/1.1" 200 13541
47.128.52.14 - - [28/Jun/2024:01:27:20 +0200] "GET /ticket2/opencms/system/modules/com.gridnine.opencms.ticketbrokerage.site/resources/pics/bank_1_nordea.png HTTP/1.1" 200 4807
47.128.52.14 - - [28/Jun/2024:01:27:21 +0200] "GET /ticket2/opencms/system/modules/com.gridnine.opencms.ticketbrokerage.site/resources/pics/bank_3_swedbank.png HTTP/1.1" 200 5740
47.128.52.14 - - [28/Jun/2024:01:27:21 +0200] "GET /ticket2/opencms/system/modules/com.gridnine.opencms.ticketbrokerage.site/resources/pics/bank_5_visa_mastercard.png HTTP/1.1" 200 8196
47.128.52.14 - - [28/Jun/2024:01:27:21 +0200] "GET /ticket2/opencms/system/modules/com.gridnine.opencms.ticketbrokerage.site/resources/pics/bank_4_seb.png HTTP/1.1" 200 2487
47.128.52.14 - - [28/Jun/2024:01:27:21 +0200] "GET /ticket2/opencms/system/modules/com.gridnine.opencms.ticketbrokerage.site/resources/pics/bank_6_american_express.png HTTP/1.1" 200 5570
47.128.52.14 - - [28/Jun/2024:01:27:21 +0200] "GET /ticket2/opencms/system/modules/com.gridnine.opencms.ticketbrokerage.site/resources/pics/bank_2_handelsbanken.png HTTP/1.1" 200 4509
5.9.55.228 - - [28/Jun/2024:01:27:22 +0200] "GET /ticket2/opencms/en/buy/?page=6&comcatid=A17713B6-D984-201A-4143-ED4DB5ED5C2E&catid=D8B345C9-F7A5-E620-4B43-C34EB0D6885B&eventid=78C3F1E5-57D5-CC4D-BCB3-A455C72D9505 HTTP/1.1" 200 82212
52.70.240.171 - - [28/Jun/2024:01:27:23 +0200] "GET /ticket2/opencms/fr/buy/?edid=FAFAF417-5A49-5A69-2A7B-18E4D12B5078&page=1 HTTP/1.1" 200 112562
52.70.240.171 - - [28/Jun/2024:01:27:26 +0200] "GET /ticket2/opencms/fr/buy/?edid=8A952CCD-A492-95D3-2AFF-7C7D5623F3B6&page=1 HTTP/1.1" 200 111833
52.70.240.171 - - [28/Jun/2024:01:27:30 +0200] "GET /ticket2/opencms/fr/buy/?edid=3E205A07-7516-5FC3-D650-E60EBF6B7DA0&page=1 HTTP/1.1" 200 88523
3.224.220.101 - - [28/Jun/2024:01:27:34 +0200] "GET /ticket2/opencms/fr/buy/?edid=BB55F343-180C-1A1B-8A3A-1B93494C6A07&page=1 HTTP/1.1" 200 88802
52.70.240.171 - - [28/Jun/2024:01:27:38 +0200] "GET /ticket2/opencms/fr/buy/?edid=FDD5D133-9F97-9AB4-1F94-3480DDAE2781&page=1 HTTP/1.1" 200 86708
5.9.55.228 - - [28/Jun/2024:01:27:39 +0200] "GET /ticket2/opencms/en/buy/?page=6&comcatid=A17713B6-D984-201A-4143-ED4DB5ED5C2E&catid=D8B345C9-F7A5-E620-4B43-C34EB0D6885B&eventid=751FDF35-7BC0-E384-D058-DB0965C9A9B0 HTTP/1.1" 200 82212
3.224.220.101 - - [28/Jun/2024:01:27:42 +0200] "GET /ticket2/opencms/fr/buy/?edid=7DE3A616-7929-2B29-C0D3-F6A6BF870955&page=1 HTTP/1.1" 200 86707
3.224.220.101 - - [28/Jun/2024:01:27:46 +0200] "GET /ticket2/opencms/fr/buy/?edid=17FCF75B-5941-6553-7E99-DDA280BBDB43&page=1 HTTP/1.1" 200 111774
17.246.19.29 - - [28/Jun/2024:01:27:47 +0200] "GET /ticket2/opencms/system/modules/com.gridnine.opencms.ticketbrokerage.site/resources/css/ticketbrokerage.css HTTP/1.1" 200 39339
17.246.23.151 - - [28/Jun/2024:01:27:47 +0200] "GET /ticket2/opencms/system/modules/com.gridnine.opencms.ticketbrokerage.site/resources/css/standard.css HTTP/1.1" 200 71935
17.246.15.165 - - [28/Jun/2024:01:27:48 +0200] "GET /ticket2/opencms/system/modules/com.gridnine.opencms.ticketbrokerage.site/resources/css/calendar.css HTTP/1.1" 200 6871
17.246.23.24 - - [28/Jun/2024:01:27:48 +0200] "GET /ticket2/opencms/system/modules/com.gridnine.opencms.ticketbrokerage.site/resources/js/functions.js HTTP/1.1" 200 1583
66.249.75.167 - - [28/Jun/2024:01:27:48 +0200] "GET /ticket2/opencms/no/buy/?page=1&edid=530D0E9B-9711-6A6E-2177-92B0D667A039 HTTP/1.1" 200 86540
17.246.23.206 - - [28/Jun/2024:01:27:49 +0200] "GET /ticket2/opencms/system/modules/com.gridnine.opencms.ticketbrokerage.site/resources/js/calendar.js HTTP/1.1" 200 49229
17.246.19.55 - - [28/Jun/2024:01:27:49 +0200] "GET /ticket2/opencms/system/modules/com.gridnine.opencms.ticketbrokerage.site/resources/js/calendar-en.js HTTP/1.1" 200 3338
17.246.19.29 - - [28/Jun/2024:01:27:49 +0200] "GET /ticket2/opencms/system/modules/com.gridnine.opencms.ticketbrokerage.site/resources/js/calendar-setup.js HTTP/1.1" 200 4923
17.246.23.151 - - [28/Jun/2024:01:27:50 +0200] "GET /ticket2/opencms/system/modules/com.gridnine.opencms.ticketbrokerage.site/resources/js/standard.js HTTP/1.1" 200 3978
23.22.35.162 - - [28/Jun/2024:01:27:51 +0200] "GET /ticket2/opencms/fr/buy/?edid=44FBC1CF-A416-2795-B9FA-E57E9A79C34D&page=1 HTTP/1.1" 200 106881
66.249.69.128 - - [28/Jun/2024:01:27:52 +0200] "GET /ticket2/opencms/en/buy/?page=1&edid=DE73DB51-4178-AA85-D066-1C5C2E4D27B9 HTTP/1.1" 200 100709
3.224.220.101 - - [28/Jun/2024:01:27:54 +0200] "GET /ticket2/opencms/fr/buy/?edid=BA6A690A-3E4C-7B0E-F103-AC3CC3F63074&page=1 HTTP/1.1" 200 112567
5.9.55.228 - - [28/Jun/2024:01:27:56 +0200] "GET /ticket2/opencms/en/buy/?page=6&comcatid=A17713B6-D984-201A-4143-ED4DB5ED5C2E&catid=D8B345C9-F7A5-E620-4B43-C34EB0D6885B&eventid=5FF016E6-EE6E-EC4B-33C6-3CE328714E1F HTTP/1.1" 200 82212
23.22.35.162 - - [28/Jun/2024:01:27:59 +0200] "GET /ticket2/opencms/fr/buy/?edid=1624E6A5-E8F5-99E1-0C6F-842C444FABBE&page=1 HTTP/1.1" 200 111828
3.224.220.101 - - [28/Jun/2024:01:28:02 +0200] "GET /ticket2/opencms/fr/buy/?edid=261BF995-AADA-03DF-CD15-AD3548D0B19D&page=1 HTTP/1.1" 200 86699
51.222.253.1 - - [28/Jun/2024:01:28:06 +0200] "GET /ticket2/opencms/dk/venue/?countryid=B33351B8-DB63-1834-566A-CB44E5291395 HTTP/1.1" 200 101181
52.70.240.171 - - [28/Jun/2024:01:28:07 +0200] "GET /ticket2/opencms/fr/buy/?edid=236F7016-4763-1BAF-F2F0-3C25D5C100A7&page=1 HTTP/1.1" 200 112823
3.224.220.101 - - [28/Jun/2024:01:28:11 +0200] "GET /ticket2/opencms/fr/buy/?edid=9C2A438B-6926-D1D4-5912-53216C4EB815&page=1 HTTP/1.1" 200 113000
5.9.55.228 - - [28/Jun/2024:01:28:12 +0200] "GET /ticket2/opencms/en/buy/?page=6&comcatid=A17713B6-D984-201A-4143-ED4DB5ED5C2E&catid=D8B345C9-F7A5-E620-4B43-C34EB0D6885B&eventid=0AE6E373-4C7C-8951-87FB-0C740E88EFDF HTTP/1.1" 200 82212
114.119.153.114 - - [28/Jun/2024:01:28:14 +0200] "GET /ticket2/opencms/en/venue/?venueid=98226D61-D1B4-45EA-9760-5E041D360824 HTTP/1.1" 200 71345
23.22.35.162 - - [28/Jun/2024:01:28:14 +0200] "GET /ticket2/opencms/fr/buy/?edid=EB41B390-6AF7-F6BB-2724-9D4D4320B605&page=1 HTTP/1.1" 200 111789
3.224.220.101 - - [28/Jun/2024:01:28:18 +0200] "GET /ticket2/opencms/fr/buy/?edid=0448CA24-AB9E-35A8-E42C-9296A063E7D2&page=1 HTTP/1.1" 200 88519
216.244.66.196 - - [28/Jun/2024:01:28:18 +0200] "GET /ticket2/opencms/robots.txt HTTP/1.1" 200 773
52.70.240.171 - - [28/Jun/2024:01:28:23 +0200] "GET /ticket2/opencms/fr/buy/?edid=DD282B35-B6B7-ECA0-02E0-90864F5E2B50&page=1 HTTP/1.1" 200 107792
47.128.27.143 - - [28/Jun/2024:01:28:26 +0200] "GET /ticket2/opencms/fi/buy/?catid=F7FF413B-5FDF-82CF-E5BB-CD4AB6027974&comcatid=97ECA65A-72DA-F9AF-9DBB-245D3CFED1BE&page=6 HTTP/1.1" 200 78241
23.22.35.162 - - [28/Jun/2024:01:28:26 +0200] "GET /ticket2/opencms/fr/buy/?edid=090E838C-2B8A-06B6-48C3-D7454A97EC28&page=1 HTTP/1.1" 200 107395
47.128.27.143 - - [28/Jun/2024:01:28:27 +0200] "GET /ticket2/opencms/system/modules/com.gridnine.opencms.ticketbrokerage.site/resources/pics/logo-new.png HTTP/1.1" 200 13541
47.128.27.143 - - [28/Jun/2024:01:28:27 +0200] "GET /ticket2/opencms/system/modules/com.gridnine.opencms.ticketbrokerage.site/resources/pics/bank_5_visa_mastercard.png HTTP/1.1" 200 8196
47.128.27.143 - - [28/Jun/2024:01:28:28 +0200] "GET /ticket2/opencms/system/modules/com.gridnine.opencms.ticketbrokerage.site/resources/pics/bank_3_swedbank.png HTTP/1.1" 200 5740
47.128.27.143 - - [28/Jun/2024:01:28:28 +0200] "GET /ticket2/opencms/system/modules/com.gridnine.opencms.ticketbrokerage.site/resources/pics/bank_1_nordea.png HTTP/1.1" 200 4807
47.128.27.143 - - [28/Jun/2024:01:28:28 +0200] "GET /ticket2/opencms/system/modules/com.gridnine.opencms.ticketbrokerage.site/resources/pics/bank_2_handelsbanken.png HTTP/1.1" 200 4509
47.128.27.143 - - [28/Jun/2024:01:28:28 +0200] "GET /ticket2/opencms/system/modules/com.gridnine.opencms.ticketbrokerage.site/resources/pics/bank_4_seb.png HTTP/1.1" 200 2487
47.128.27.143 - - [28/Jun/2024:01:28:28 +0200] "GET /ticket2/opencms/system/modules/com.gridnine.opencms.ticketbrokerage.site/resources/pics/bank_6_american_express.png HTTP/1.1" 200 5570
5.9.55.228 - - [28/Jun/2024:01:28:29 +0200] "GET /ticket2/opencms/en/buy/?page=6&comcatid=A17713B6-D984-201A-4143-ED4DB5ED5C2E&catid=D8B345C9-F7A5-E620-4B43-C34EB0D6885B HTTP/1.1" 200 82212
3.224.220.101 - - [28/Jun/2024:01:28:30 +0200] "GET /ticket2/opencms/fr/buy/?edid=2BD17866-8251-0592-7FAE-2D6F7A3C66CD&page=1 HTTP/1.1" 200 86695
52.70.240.171 - - [28/Jun/2024:01:28:35 +0200] "GET /ticket2/opencms/fr/buy/?edid=FDC70D4B-A88B-5334-5A88-AC1F94FAEBF8&page=1 HTTP/1.1" 200 111788
23.22.35.162 - - [28/Jun/2024:01:28:39 +0200] "GET /ticket2/opencms/fr/buy/?edid=F1519602-1E42-EA6F-350D-2F5319B545EA&page=1 HTTP/1.1" 200 111876
3.224.220.101 - - [28/Jun/2024:01:28:42 +0200] "GET /ticket2/opencms/fr/buy/?edid=89AC8C22-922C-5C69-19DD-247D667ABB39&page=1 HTTP/1.1" 200 112994
40.77.167.50 - - [28/Jun/2024:01:28:43 +0200] "GET /ticket2/opencms/sv/magazine/ HTTP/1.1" 200 103995
185.202.238.84 - - [28/Jun/2024:01:28:43 +0200] "GET /ticket2/opencms/dk/dk/buy/?page=1&edid=DE57F8FA-9219-7B6F-C52C-4E26A1185AB4&sortorder=desc&column=row HTTP/1.1" 404 -
216.245.221.83 - - [28/Jun/2024:01:28:45 +0200] "HEAD /ticket2/opencms/ HTTP/1.1" 302 -
216.245.221.83 - - [28/Jun/2024:01:28:45 +0200] "HEAD /ticket2/opencms/en/ HTTP/1.1" 200 -
5.9.55.228 - - [28/Jun/2024:01:28:46 +0200] "GET /ticket2/opencms/en/buy/?page=6&comcatid=A17713B6-D984-201A-4143-ED4DB5ED5C2E&catid=D08E96E8-A514-9E09-4E22-63713911E0B8&eventid=121DAAE3-090B-56E7-E96D-94ED485637F9 HTTP/1.1" 200 82219
52.70.240.171 - - [28/Jun/2024:01:28:46 +0200] "GET /ticket2/opencms/fr/buy/?edid=ACB1E7D7-0E7C-427B-E737-7A4E15C5EE0F&page=1 HTTP/1.1" 200 112726
47.128.61.12 - - [28/Jun/2024:01:28:51 +0200] "GET /ticket2/opencms/fi/buy/?catid=A34BCF61-E19C-5C5C-445E-06F3749E1EF4&comcatid=B41CCF2B-5558-7AEE-3602-09BBDE417D65 HTTP/1.1" 200 75629
52.70.240.171 - - [28/Jun/2024:01:28:51 +0200] "GET /ticket2/opencms/fr/buy/?edid=72E12FE2-4DDC-1E5C-698A-850131DAAB42&page=1 HTTP/1.1" 200 112539
66.249.75.168 - - [28/Jun/2024:01:28:52 +0200] "GET /ticket2/opencms/en/buy/?comcatid=97ECA65A-72DA-F9AF-9DBB-245D3CFED1BE&catid=7D3BEF66-5D88-3916-5B89-0E7B139E0169 HTTP/1.1" 200 76628
47.128.61.12 - - [28/Jun/2024:01:28:53 +0200] "GET /ticket2/opencms/system/modules/com.gridnine.opencms.ticketbrokerage.site/resources/js/jquery/jquery.js HTTP/1.1" 200 93868
3.224.220.101 - - [28/Jun/2024:01:28:54 +0200] "GET /ticket2/opencms/fr/buy/?edid=E9EECB41-491F-D5CF-82EE-6A187A0B45F5&page=1 HTTP/1.1" 200 88523
3.224.220.101 - - [28/Jun/2024:01:28:59 +0200] "GET /ticket2/opencms/fr/buy/?edid=919F95FD-FF6B-28C7-940C-D58889AB6F4A&page=1 HTTP/1.1" 200 111831
47.128.61.12 - - [28/Jun/2024:01:29:01 +0200] "GET /ticket2/opencms/system/modules/com.gridnine.opencms.ticketbrokerage.site/resources/pics/logo-new.png HTTP/1.1" 200 13541
47.128.61.12 - - [28/Jun/2024:01:29:01 +0200] "GET /ticket2/opencms/system/modules/com.gridnine.opencms.ticketbrokerage.site/resources/pics/bank_1_nordea.png HTTP/1.1" 200 4807
47.128.61.12 - - [28/Jun/2024:01:29:01 +0200] "GET /ticket2/opencms/system/modules/com.gridnine.opencms.ticketbrokerage.site/resources/pics/bank_3_swedbank.png HTTP/1.1" 200 5740
47.128.61.12 - - [28/Jun/2024:01:29:01 +0200] "GET /ticket2/opencms/system/modules/com.gridnine.opencms.ticketbrokerage.site/resources/pics/bank_4_seb.png HTTP/1.1" 200 2487
47.128.61.12 - - [28/Jun/2024:01:29:01 +0200] "GET /ticket2/opencms/system/modules/com.gridnine.opencms.ticketbrokerage.site/resources/pics/bank_2_handelsbanken.png HTTP/1.1" 200 4509
47.128.61.12 - - [28/Jun/2024:01:29:01 +0200] "GET /ticket2/opencms/system/modules/com.gridnine.opencms.ticketbrokerage.site/resources/pics/bank_5_visa_mastercard.png HTTP/1.1" 200 8196
47.128.61.12 - - [28/Jun/2024:01:29:01 +0200] "GET /ticket2/opencms/system/modules/com.gridnine.opencms.ticketbrokerage.site/resources/pics/bank_6_american_express.png HTTP/1.1" 200 5570
3.224.220.101 - - [28/Jun/2024:01:29:02 +0200] "GET /ticket2/opencms/fr/buy/?edid=CF2C35CE-5AC3-0A68-0351-E449F3D5EA03&page=1 HTTP/1.1" 200 86703
5.9.55.228 - - [28/Jun/2024:01:29:03 +0200] "GET /ticket2/opencms/en/buy/?page=6&comcatid=A17713B6-D984-201A-4143-ED4DB5ED5C2E&catid=D08E96E8-A514-9E09-4E22-63713911E0B8 HTTP/1.1" 200 82219
66.249.76.160 - - [28/Jun/2024:01:29:05 +0200] "GET /ticket2/opencms/sv/buy?page=1&edid=87117E43-C5AC-00C7-B091-B85E20437E88 HTTP/1.1" 200 85965
23.22.35.162 - - [28/Jun/2024:01:29:06 +0200] "GET /ticket2/opencms/fr/buy/?edid=45F6B2AD-17A6-3A66-C509-85761B6A5E9A&page=1 HTTP/1.1" 200 112564
66.249.69.142 - - [28/Jun/2024:01:29:07 +0200] "GET /ticket2/opencms/sv/buy/?page=1&edid=9C2A438B-6926-D1D4-5912-53216C4EB815 HTTP/1.1" 200 111861
23.22.35.162 - - [28/Jun/2024:01:29:10 +0200] "GET /ticket2/opencms/fr/buy/?edid=087FB859-A113-50B8-0909-1F0712CC3EED&page=1 HTTP/1.1" 200 86715
40.77.167.5 - - [28/Jun/2024:01:29:13 +0200] "GET /ticket2/opencms/en/venue/?venueid=373A8158-EF4F-C52F-8418-B13477C2157B HTTP/1.1" 200 72340
23.22.35.162 - - [28/Jun/2024:01:29:14 +0200] "GET /ticket2/opencms/fr/buy/?edid=28EF0232-AFFE-4F84-15A6-F08EC699C484&page=1 HTTP/1.1" 200 111907
47.128.30.230 - - [28/Jun/2024:01:29:18 +0200] "GET /ticket2/opencms/nl/buy/?catid=7CF2D645-F785-0CBB-1B7C-C4711617EAAD&comcatid=A17713B6-D984-201A-4143-ED4DB5ED5C2E&page=6 HTTP/1.1" 200 83191
23.22.35.162 - - [28/Jun/2024:01:29:18 +0200] "GET /ticket2/opencms/fr/buy/?edid=00D90EDA-80F2-743F-0F4B-D64BDD1F85D9&page=1 HTTP/1.1" 200 99126
47.128.30.230 - - [28/Jun/2024:01:29:19 +0200] "GET /ticket2/opencms/system/modules/com.gridnine.opencms.ticketbrokerage.site/resources/css/calendar.css HTTP/1.1" 200 6871
47.128.30.230 - - [28/Jun/2024:01:29:20 +0200] "GET /ticket2/opencms/system/modules/com.gridnine.opencms.ticketbrokerage.site/resources/pics/logo-new.png HTTP/1.1" 200 13541
47.128.30.230 - - [28/Jun/2024:01:29:20 +0200] "GET /ticket2/opencms/system/modules/com.gridnine.opencms.ticketbrokerage.site/resources/pics/bank_1_nordea.png HTTP/1.1" 200 4807
47.128.30.230 - - [28/Jun/2024:01:29:20 +0200] "GET /ticket2/opencms/system/modules/com.gridnine.opencms.ticketbrokerage.site/resources/pics/bank_2_handelsbanken.png HTTP/1.1" 200 4509
47.128.30.230 - - [28/Jun/2024:01:29:20 +0200] "GET /ticket2/opencms/system/modules/com.gridnine.opencms.ticketbrokerage.site/resources/pics/bank_3_swedbank.png HTTP/1.1" 200 5740
47.128.30.230 - - [28/Jun/2024:01:29:21 +0200] "GET /ticket2/opencms/system/modules/com.gridnine.opencms.ticketbrokerage.site/resources/pics/bank_5_visa_mastercard.png HTTP/1.1" 200 8196
47.128.30.230 - - [28/Jun/2024:01:29:21 +0200] "GET /ticket2/opencms/system/modules/com.gridnine.opencms.ticketbrokerage.site/resources/pics/bank_6_american_express.png HTTP/1.1" 200 5570
47.128.30.230 - - [28/Jun/2024:01:29:21 +0200] "GET /ticket2/opencms/system/modules/com.gridnine.opencms.ticketbrokerage.site/resources/pics/bank_4_seb.png HTTP/1.1" 200 2487
5.9.55.228 - - [28/Jun/2024:01:29:21 +0200] "GET /ticket2/opencms/en/buy/?page=6&comcatid=A17713B6-D984-201A-4143-ED4DB5ED5C2E&catid=C871EAE3-C584-718A-9795-07CDEF43FA75 HTTP/1.1" 200 82206
51.222.253.16 - - [28/Jun/2024:01:29:22 +0200] "GET /ticket2/opencms/dk/venue/?countryid=C390DA46-FDFE-72E8-463E-D2A88C688BC4 HTTP/1.1" 200 101181
3.224.220.101 - - [28/Jun/2024:01:29:23 +0200] "GET /ticket2/opencms/fr/buy/?edid=E1332E4A-0A6D-DD3D-14BF-DB0907B051D5&page=1 HTTP/1.1" 200 112537
52.70.240.171 - - [28/Jun/2024:01:29:26 +0200] "GET /ticket2/opencms/fr/buy/?edid=7CAFAFC0-24E6-FEED-327F-0B9B876C4B81&page=1 HTTP/1.1" 200 88319
23.22.35.162 - - [28/Jun/2024:01:29:31 +0200] "GET /ticket2/opencms/fr/buy/?edid=5BA11D18-AC24-6566-FBBA-BF6AFADFC113&page=1 HTTP/1.1" 200 112892
23.22.35.162 - - [28/Jun/2024:01:29:34 +0200] "GET /ticket2/opencms/fr/buy/?edid=5FDB0F24-0C6F-483A-29C3-00DD28FFC972&page=1 HTTP/1.1" 200 112263
47.128.116.18 - - [28/Jun/2024:01:29:37 +0200] "GET /ticket2/opencms/de/buy/?edid=94D791E2-A2F6-C0D4-E68D-72D6DE252AC9 HTTP/1.1" 200 72578
47.128.116.18 - - [28/Jun/2024:01:29:38 +0200] "GET /ticket2/opencms/system/modules/com.gridnine.opencms.ticketbrokerage.site/resources/pics/logo-new.png HTTP/1.1" 200 13541
3.224.220.101 - - [28/Jun/2024:01:29:38 +0200] "GET /ticket2/opencms/fr/buy/?edid=16436A63-E7D4-DEDF-5835-AB72708D4247&page=1 HTTP/1.1" 200 111794
47.128.116.18 - - [28/Jun/2024:01:29:39 +0200] "GET /ticket2/opencms/system/modules/com.gridnine.opencms.ticketbrokerage.site/resources/pics/bank_2_handelsbanken.png HTTP/1.1" 200 4509
5.9.55.228 - - [28/Jun/2024:01:29:39 +0200] "GET /ticket2/opencms/en/buy/?page=6&comcatid=A17713B6-D984-201A-4143-ED4DB5ED5C2E&catid=C48671DB-5AEB-8CE2-928E-38417FFBE085 HTTP/1.1" 200 82209
47.128.116.18 - - [28/Jun/2024:01:29:39 +0200] "GET /ticket2/opencms/system/modules/com.gridnine.opencms.ticketbrokerage.site/resources/pics/bank_1_nordea.png HTTP/1.1" 200 4807
47.128.116.18 - - [28/Jun/2024:01:29:39 +0200] "GET /ticket2/opencms/system/modules/com.gridnine.opencms.ticketbrokerage.site/resources/pics/bank_4_seb.png HTTP/1.1" 200 2487
47.128.116.18 - - [28/Jun/2024:01:29:39 +0200] "GET /ticket2/opencms/system/modules/com.gridnine.opencms.ticketbrokerage.site/resources/pics/bank_3_swedbank.png HTTP/1.1" 200 5740
47.128.116.18 - - [28/Jun/2024:01:29:39 +0200] "GET /ticket2/opencms/system/modules/com.gridnine.opencms.ticketbrokerage.site/resources/pics/bank_5_visa_mastercard.png HTTP/1.1" 200 8196
47.128.116.18 - - [28/Jun/2024:01:29:39 +0200] "GET /ticket2/opencms/system/modules/com.gridnine.opencms.ticketbrokerage.site/resources/pics/bank_6_american_express.png HTTP/1.1" 200 5570
47.128.61.152 - - [28/Jun/2024:01:29:42 +0200] "GET /ticket2/opencms/fi/?comcatid=810BB404-4103-77F2-A6C2-12D5E6C338E2 HTTP/1.1" 200 92805
23.22.35.162 - - [28/Jun/2024:01:29:43 +0200] "GET /ticket2/opencms/fr/buy/?edid=7033050D-85C3-41FB-B689-BE06FAE6772D&page=1 HTTP/1.1" 200 112720
47.128.61.152 - - [28/Jun/2024:01:29:43 +0200] "GET /ticket2/opencms/system/modules/com.gridnine.opencms.ticketbrokerage.site/resources/pics/logo-new.png HTTP/1.1" 200 13541
47.128.61.152 - - [28/Jun/2024:01:29:44 +0200] "GET /ticket2/opencms/system/modules/com.gridnine.opencms.ticketbrokerage.site/resources/pics/bank_1_nordea.png HTTP/1.1" 200 4807
47.128.61.152 - - [28/Jun/2024:01:29:44 +0200] "GET /ticket2/opencms/system/modules/com.gridnine.opencms.ticketbrokerage.site/resources/pics/bank_4_seb.png HTTP/1.1" 200 2487
47.128.61.152 - - [28/Jun/2024:01:29:44 +0200] "GET /ticket2/opencms/system/modules/com.gridnine.opencms.ticketbrokerage.site/resources/pics/bank_2_handelsbanken.png HTTP/1.1" 200 4509
47.128.61.152 - - [28/Jun/2024:01:29:45 +0200] "GET /ticket2/opencms/system/modules/com.gridnine.opencms.ticketbrokerage.site/resources/pics/bank_5_visa_mastercard.png HTTP/1.1" 200 8196
47.128.61.152 - - [28/Jun/2024:01:29:45 +0200] "GET /ticket2/opencms/system/modules/com.gridnine.opencms.ticketbrokerage.site/resources/pics/bank_3_swedbank.png HTTP/1.1" 200 5740
47.128.61.152 - - [28/Jun/2024:01:29:45 +0200] "GET /ticket2/opencms/system/modules/com.gridnine.opencms.ticketbrokerage.site/resources/pics/bank_6_american_express.png HTTP/1.1" 200 5570
3.224.220.101 - - [28/Jun/2024:01:29:46 +0200] "GET /ticket2/opencms/fr/buy/?edid=8B5AEECC-CDCE-98FB-62B8-1001F45C2045&page=1 HTTP/1.1" 200 86697
52.70.240.171 - - [28/Jun/2024:01:29:50 +0200] "GET /ticket2/opencms/fr/buy/?edid=35A2433F-5582-D69E-442B-B85F16AD5184&page=1 HTTP/1.1" 200 88521
23.22.35.162 - - [28/Jun/2024:01:29:54 +0200] "GET /ticket2/opencms/fr/buy/?edid=92EC8EA9-435D-E1EB-71C7-ABC74E697DDF&page=1 HTTP/1.1" 200 88381
5.9.55.228 - - [28/Jun/2024:01:29:56 +0200] "GET /ticket2/opencms/en/buy/?page=6&comcatid=A17713B6-D984-201A-4143-ED4DB5ED5C2E&catid=C0DF818C-DB21-6E2E-4056-DB751FFE0C41 HTTP/1.1" 200 82210
52.70.240.171 - - [28/Jun/2024:01:29:58 +0200] "GET /ticket2/opencms/fr/buy/?edid=713C8E2E-8856-812A-FD61-94B2B631F7A2&page=1 HTTP/1.1" 200 86712
23.22.35.162 - - [28/Jun/2024:01:30:02 +0200] "GET /ticket2/opencms/fr/buy/?edid=848957BE-8671-4A4D-3A5C-F9117B76047A&page=1 HTTP/1.1" 200 112561
47.128.42.157 - - [28/Jun/2024:01:30:06 +0200] "GET /ticket2/opencms/fi/buy/?catid=E3105E1E-3982-291E-5523-1C1DF161E9B7&comcatid=97ECA65A-72DA-F9AF-9DBB-245D3CFED1BE&page=6 HTTP/1.1" 200 78244
3.224.220.101 - - [28/Jun/2024:01:30:07 +0200] "GET /ticket2/opencms/fr/buy/?edid=D7FE07F1-D4FC-0C39-061A-DD5EA0B3D8F5&page=1 HTTP/1.1" 200 111712
47.128.42.157 - - [28/Jun/2024:01:30:07 +0200] "GET /ticket2/opencms/system/modules/com.gridnine.opencms.ticketbrokerage.site/resources/pics/logo-new.png HTTP/1.1" 200 13541
47.128.42.157 - - [28/Jun/2024:01:30:08 +0200] "GET /ticket2/opencms/system/modules/com.gridnine.opencms.ticketbrokerage.site/resources/pics/bank_2_handelsbanken.png HTTP/1.1" 200 4509
47.128.42.157 - - [28/Jun/2024:01:30:08 +0200] "GET /ticket2/opencms/system/modules/com.gridnine.opencms.ticketbrokerage.site/resources/pics/bank_6_american_express.png HTTP/1.1" 200 5570
47.128.42.157 - - [28/Jun/2024:01:30:08 +0200] "GET /ticket2/opencms/system/modules/com.gridnine.opencms.ticketbrokerage.site/resources/pics/bank_3_swedbank.png HTTP/1.1" 200 5740
47.128.42.157 - - [28/Jun/2024:01:30:08 +0200] "GET /ticket2/opencms/system/modules/com.gridnine.opencms.ticketbrokerage.site/resources/pics/bank_1_nordea.png HTTP/1.1" 200 4807
47.128.42.157 - - [28/Jun/2024:01:30:08 +0200] "GET /ticket2/opencms/system/modules/com.gridnine.opencms.ticketbrokerage.site/resources/pics/bank_4_seb.png HTTP/1.1" 200 2487
47.128.42.157 - - [28/Jun/2024:01:30:08 +0200] "GET /ticket2/opencms/system/modules/com.gridnine.opencms.ticketbrokerage.site/resources/pics/bank_5_visa_mastercard.png HTTP/1.1" 200 8196
