52.70.240.171 - - [28/Jun/2024:01:12:46 +0200] "GET /ticket2/opencms/nl/buy/?edid=EEFAB7C0-3C91-2ED8-FD3D-A04D1C19AF16&page=1 HTTP/1.1" 200 110102
3.224.220.101 - - [28/Jun/2024:01:12:50 +0200] "GET /ticket2/opencms/nl/buy/?edid=21983A10-3886-6CA4-6C25-A99511BED95C&page=1 HTTP/1.1" 200 110098
5.9.55.228 - - [28/Jun/2024:01:12:51 +0200] "GET /ticket2/opencms/en/venue/?countryid=846E9CDC-CA28-ECDF-BD87-BAB8F25C08E3 HTTP/1.1" 200 100730
52.70.240.171 - - [28/Jun/2024:01:12:54 +0200] "GET /ticket2/opencms/fi/buy/?edid=EE1094B0-5F8D-7F5A-3592-6F4F9BDBF532&page=1 HTTP/1.1" 200 117273
3.224.220.101 - - [28/Jun/2024:01:12:59 +0200] "GET /ticket2/opencms/fi/buy/?edid=57C8D150-DCBD-4911-196A-160A37952FA8&page=1 HTTP/1.1" 200 117274
52.70.240.171 - - [28/Jun/2024:01:13:02 +0200] "GET /ticket2/opencms/fi/buy/?edid=6A920F16-DD42-2262-3AA2-B83D5743F13A&page=1 HTTP/1.1" 200 117276
89.188.14.4 - - [28/Jun/2024:01:13:04 +0200] "GET /ticket2/opencms/robots.txt HTTP/1.1" 200 773
51.222.253.6 - - [28/Jun/2024:01:13:06 +0200] "GET /ticket2/opencms/dk/venue/?countryid=93055F81-99D6-0EE6-3CC8-FB4301992434 HTTP/1.1" 200 101181
52.70.240.171 - - [28/Jun/2024:01:13:07 +0200] "GET /ticket2/opencms/fi/buy/?edid=069EC406-6DFD-08ED-B6CC-A7E203415919&page=1 HTTP/1.1" 200 117276
52.70.240.171 - - [28/Jun/2024:01:13:11 +0200] "GET /ticket2/opencms/fi/buy/?edid=99C77A16-8AF9-4675-97DE-42A41C4ECB4F&page=1 HTTP/1.1" 200 117280
5.9.55.228 - - [28/Jun/2024:01:13:11 +0200] "GET /ticket2/opencms/en/venue/?countryid=7EE0FE36-9C17-F539-5F8E-1F2CFF8A0D7B HTTP/1.1" 200 100730
52.167.144.238 - - [28/Jun/2024:01:13:12 +0200] "GET /ticket2/opencms/sv/buy/?page=6&comcatid=A17713B6-D984-201A-4143-ED4DB5ED5C2E&catid=0A6C99D2-F5BD-7A18-9A5F-5668827042E0&eventid=6F6C209F-41CD-D584-D276-D5324683B59C HTTP/1.1" 200 101679
3.224.220.101 - - [28/Jun/2024:01:13:15 +0200] "GET /ticket2/opencms/fi/buy/?edid=BFAFDC2C-908C-DD1E-38F3-2E405A281188&page=1 HTTP/1.1" 200 117272
23.22.35.162 - - [28/Jun/2024:01:13:18 +0200] "GET /ticket2/opencms/fi/buy/?edid=11EFBC55-130A-2310-B776-C5D86878BDAB&page=1 HTTP/1.1" 200 117286
23.22.35.162 - - [28/Jun/2024:01:13:22 +0200] "GET /ticket2/opencms/fi/buy/?edid=50D37B13-6F20-71F9-54D9-90E7B6C8DECF&page=1 HTTP/1.1" 200 89412
52.70.240.171 - - [28/Jun/2024:01:13:26 +0200] "GET /ticket2/opencms/fi/buy/?edid=FD4DCA3B-ED43-1043-8648-63C229A27832&page=1 HTTP/1.1" 200 117271
5.9.55.228 - - [28/Jun/2024:01:13:27 +0200] "GET /ticket2/opencms/en/venue/?countryid=7D25928D-FFE7-0BD0-CD2F-98EEEB4D8A53 HTTP/1.1" 200 100730
66.249.76.193 - - [28/Jun/2024:01:13:29 +0200] "GET /ticket2/opencms/sv/buy/?page=1&edid=92EC8EA9-435D-E1EB-71C7-ABC74E697DDF HTTP/1.1" 200 87616
23.22.35.162 - - [28/Jun/2024:01:13:31 +0200] "GET /ticket2/opencms/fi/buy/?edid=84A5FE5E-FE66-D83A-8A7D-B9483A93F0F3&page=1 HTTP/1.1" 200 117284
47.128.122.250 - - [28/Jun/2024:01:13:31 +0200] "GET /ticket2/opencms/fr/buy/?edid=A9140ADD-E008-579D-7865-3C1E6B6E78F6 HTTP/1.1" 200 72687
47.128.122.250 - - [28/Jun/2024:01:13:32 +0200] "GET /ticket2/opencms/system/modules/com.gridnine.opencms.ticketbrokerage.site/resources/pics/logo-new.png HTTP/1.1" 200 13541
47.128.122.250 - - [28/Jun/2024:01:13:33 +0200] "GET /ticket2/opencms/system/modules/com.gridnine.opencms.ticketbrokerage.site/resources/pics/bank_1_nordea.png HTTP/1.1" 200 4807
47.128.122.250 - - [28/Jun/2024:01:13:33 +0200] "GET /ticket2/opencms/system/modules/com.gridnine.opencms.ticketbrokerage.site/resources/pics/bank_4_seb.png HTTP/1.1" 200 2487
47.128.122.250 - - [28/Jun/2024:01:13:33 +0200] "GET /ticket2/opencms/system/modules/com.gridnine.opencms.ticketbrokerage.site/resources/pics/bank_2_handelsbanken.png HTTP/1.1" 200 4509
47.128.122.250 - - [28/Jun/2024:01:13:33 +0200] "GET /ticket2/opencms/system/modules/com.gridnine.opencms.ticketbrokerage.site/resources/pics/bank_5_visa_mastercard.png HTTP/1.1" 200 8196
47.128.122.250 - - [28/Jun/2024:01:13:33 +0200] "GET /ticket2/opencms/system/modules/com.gridnine.opencms.ticketbrokerage.site/resources/pics/bank_3_swedbank.png HTTP/1.1" 200 5740
47.128.122.250 - - [28/Jun/2024:01:13:33 +0200] "GET /ticket2/opencms/system/modules/com.gridnine.opencms.ticketbrokerage.site/resources/pics/bank_6_american_express.png HTTP/1.1" 200 5570
52.70.240.171 - - [28/Jun/2024:01:13:35 +0200] "GET /ticket2/opencms/fi/buy/?edid=19422468-9239-E426-DB02-7FA0504E2BEC&page=1 HTTP/1.1" 200 117276
52.70.240.171 - - [28/Jun/2024:01:13:38 +0200] "GET /ticket2/opencms/fi/buy/?edid=6AEAF6C2-C57A-0447-5B0A-20959D8DCFDD&page=1 HTTP/1.1" 200 117273
3.224.220.101 - - [28/Jun/2024:01:13:43 +0200] "GET /ticket2/opencms/fi/buy/?edid=2AC421C6-0DD9-73DD-0C29-416B5CC98DFF&page=1 HTTP/1.1" 200 117274
5.9.55.228 - - [28/Jun/2024:01:13:43 +0200] "GET /ticket2/opencms/en/venue/?countryid=7C165012-4E71-A139-E2F5-2DE567A7E303 HTTP/1.1" 200 100730
216.245.221.83 - - [28/Jun/2024:01:13:44 +0200] "HEAD /ticket2/opencms/ HTTP/1.1" 302 -
216.245.221.83 - - [28/Jun/2024:01:13:45 +0200] "HEAD /ticket2/opencms/en/ HTTP/1.1" 200 -
3.224.220.101 - - [28/Jun/2024:01:13:46 +0200] "GET /ticket2/opencms/fi/buy/?edid=82BD6FF9-3156-636F-72F0-08C841337175&page=1 HTTP/1.1" 200 117276
23.22.35.162 - - [28/Jun/2024:01:13:51 +0200] "GET /ticket2/opencms/fi/buy/?edid=8DD5F074-9C3D-F268-0681-07FE736DEB63&page=1 HTTP/1.1" 200 117275
52.70.240.171 - - [28/Jun/2024:01:13:55 +0200] "GET /ticket2/opencms/fi/buy/?edid=F78B03FA-4A60-BDC0-B4DA-96975C817683&page=1 HTTP/1.1" 200 117274
52.70.240.171 - - [28/Jun/2024:01:13:59 +0200] "GET /ticket2/opencms/fi/buy/?edid=36B8587B-9BD4-1599-9368-E59F9780F9A9&page=1 HTTP/1.1" 200 122221
5.9.55.228 - - [28/Jun/2024:01:13:59 +0200] "GET /ticket2/opencms/en/venue/?countryid=7B8EA247-B72D-57A1-F5B5-112514CAAC1F HTTP/1.1" 200 100730
52.70.240.171 - - [28/Jun/2024:01:14:02 +0200] "GET /ticket2/opencms/fi/buy/?edid=1AD4E11C-C792-1721-4D1A-2229101A30FD&page=1 HTTP/1.1" 200 122227
52.70.240.171 - - [28/Jun/2024:01:14:06 +0200] "GET /ticket2/opencms/fi/buy/?edid=1ABC406A-92BD-FDCF-3BD6-80A52E60B34F&page=1 HTTP/1.1" 200 122223
23.22.35.162 - - [28/Jun/2024:01:14:10 +0200] "GET /ticket2/opencms/fi/buy/?edid=25666712-CB7E-CDDD-4626-F1CD96C38316&page=1 HTTP/1.1" 200 122224
141.98.11.15 - - [28/Jun/2024:01:14:11 +0200] "CONNECT google.com:443 HTTP/1.1" 400 -
3.224.220.101 - - [28/Jun/2024:01:14:15 +0200] "GET /ticket2/opencms/fi/buy/?edid=2B44308E-1778-CFAE-7385-18758823F6EB&page=1 HTTP/1.1" 200 122224
5.9.55.228 - - [28/Jun/2024:01:14:15 +0200] "GET /ticket2/opencms/en/venue/?countryid=7A0460DD-50B2-C9A6-7233-3106FD73A000 HTTP/1.1" 200 100730
52.70.240.171 - - [28/Jun/2024:01:14:18 +0200] "GET /ticket2/opencms/fi/buy/?edid=5E608C7A-903B-E4BB-4868-5D83917347B8&page=1 HTTP/1.1" 200 122228
51.222.253.5 - - [28/Jun/2024:01:14:20 +0200] "GET /ticket2/opencms/dk/venue/?countryid=7181F1B1-BB62-9D43-5EFA-B07E8505C9FD HTTP/1.1" 200 101181
52.70.240.171 - - [28/Jun/2024:01:14:23 +0200] "GET /ticket2/opencms/fi/buy/?edid=299450E2-FDAD-4E2B-0058-6290A7A2B57D&page=1 HTTP/1.1" 200 122232
52.70.240.171 - - [28/Jun/2024:01:14:27 +0200] "GET /ticket2/opencms/fi/buy/?edid=B9A56D83-AD94-045F-A8C5-86B02F52A7C5&page=1 HTTP/1.1" 200 122222
52.167.144.182 - - [28/Jun/2024:01:14:27 +0200] "GET /ticket2/opencms/fi/buy/?page=1&edid=C5A7F3AF-057D-89B9-04E0-BF24077BD040&sortorder=asc&column=price HTTP/1.1" 200 87027
23.22.35.162 - - [28/Jun/2024:01:14:30 +0200] "GET /ticket2/opencms/fi/buy/?edid=72113169-CE1D-B963-8867-381A95276A39&page=1 HTTP/1.1" 200 122222
66.249.69.128 - - [28/Jun/2024:01:14:31 +0200] "GET /ticket2/opencms/sv/buy/?page=1&edid=89AC8C22-922C-5C69-19DD-247D667ABB39 HTTP/1.1" 200 111855
5.9.55.228 - - [28/Jun/2024:01:14:32 +0200] "GET /ticket2/opencms/en/venue/?countryid=7955C1DA-0203-9687-2994-14739AEE539F HTTP/1.1" 200 100730
52.70.240.171 - - [28/Jun/2024:01:14:34 +0200] "GET /ticket2/opencms/fi/buy/?edid=C78E4619-1E46-CB27-6BCC-007429A12C31&page=1 HTTP/1.1" 200 122226
23.22.35.162 - - [28/Jun/2024:01:14:38 +0200] "GET /ticket2/opencms/fi/buy/?edid=BE8C7FA0-9E48-EAB3-3A70-9E9F9EA30F95&page=1 HTTP/1.1" 200 122224
5.9.55.228 - - [28/Jun/2024:01:14:41 +0200] "GET /ticket2/opencms/en/venue/?countryid=77890CE6-5E73-6D4E-9314-C2148221142A HTTP/1.1" 200 100730
23.22.35.162 - - [28/Jun/2024:01:14:42 +0200] "GET /ticket2/opencms/fi/buy/?edid=2197E523-8740-2A01-BD5D-12E3C3F2DBFE&page=1 HTTP/1.1" 200 122220
23.22.35.162 - - [28/Jun/2024:01:14:46 +0200] "GET /ticket2/opencms/fi/buy/?edid=47E4C29F-87ED-56B6-4058-D325184E756B&page=1 HTTP/1.1" 200 122219
3.224.220.101 - - [28/Jun/2024:01:14:50 +0200] "GET /ticket2/opencms/fi/buy/?edid=EB31C882-2BE6-C517-726C-D721EBC90088&page=1 HTTP/1.1" 200 122220
5.9.55.228 - - [28/Jun/2024:01:14:51 +0200] "GET /ticket2/opencms/en/venue/?countryid=73397994-CBFD-79C6-593A-A865ED272E64 HTTP/1.1" 200 100730
52.70.240.171 - - [28/Jun/2024:01:14:55 +0200] "GET /ticket2/opencms/fi/buy/?edid=C05AA481-967A-A4D1-E287-ECBF3F52D776&page=1 HTTP/1.1" 200 122224
3.224.220.101 - - [28/Jun/2024:01:14:58 +0200] "GET /ticket2/opencms/fi/buy/?edid=4D569333-A725-AF23-311D-520AB9757B29&page=1 HTTP/1.1" 200 122221
52.70.240.171 - - [28/Jun/2024:01:15:03 +0200] "GET /ticket2/opencms/fi/buy/?edid=4A644F79-03D4-1407-F30E-5603B128C97F&page=1 HTTP/1.1" 200 122222
23.22.35.162 - - [28/Jun/2024:01:15:07 +0200] "GET /ticket2/opencms/fi/buy/?edid=5C8841EF-C65C-22D8-40C3-FC05B2FF785E&page=1 HTTP/1.1" 200 122222
5.9.55.228 - - [28/Jun/2024:01:15:09 +0200] "GET /ticket2/opencms/en/venue/?countryid=6F3B2F32-4F0D-5515-B82B-E3D86CD1E73F HTTP/1.1" 200 100730
52.70.240.171 - - [28/Jun/2024:01:15:10 +0200] "GET /ticket2/opencms/fi/buy/?edid=CF8D1077-2A2C-A59F-F14A-9F20D480EA6C&page=1 HTTP/1.1" 200 122220
23.22.35.162 - - [28/Jun/2024:01:15:15 +0200] "GET /ticket2/opencms/nl/buy/?edid=27182C30-0424-098E-A8DB-2AA3B88A1ABD&page=1 HTTP/1.1" 200 109595
23.22.35.162 - - [28/Jun/2024:01:15:19 +0200] "GET /ticket2/opencms/nl/buy/?edid=6CF16ABF-31A5-8D51-A63B-3077208955EB&page=1 HTTP/1.1" 200 104866
3.224.220.101 - - [28/Jun/2024:01:15:23 +0200] "GET /ticket2/opencms/nl/buy/?edid=0E015037-AEA8-A77C-F644-58B0F482ADCC&page=1 HTTP/1.1" 200 109595
5.9.55.228 - - [28/Jun/2024:01:15:25 +0200] "GET /ticket2/opencms/en/venue/?countryid=6E625517-1E9A-024B-7EBB-F569FEDEE88E HTTP/1.1" 200 100730
23.22.35.162 - - [28/Jun/2024:01:15:26 +0200] "GET /ticket2/opencms/nl/buy/?edid=D9F2239E-EF6A-EAF8-CB00-12A5392DA498&page=1 HTTP/1.1" 200 104876
51.222.253.12 - - [28/Jun/2024:01:15:30 +0200] "GET /ticket2/opencms/dk/venue/?countryid=B5C0CC6D-2D05-4091-BA03-82DFEB13498E HTTP/1.1" 200 101181
23.22.35.162 - - [28/Jun/2024:01:15:31 +0200] "GET /ticket2/opencms/nl/buy/?edid=94C5B0A9-45EC-824F-7DFB-E52A893ACA3D&page=1 HTTP/1.1" 200 109597
66.249.72.35 - - [28/Jun/2024:01:15:33 +0200] "GET /ticket2/opencms/sv/buy/?page=1&edid=00D90EDA-80F2-743F-0F4B-D64BDD1F85D9 HTTP/1.1" 200 98127
23.22.35.162 - - [28/Jun/2024:01:15:34 +0200] "GET /ticket2/opencms/nl/buy/?edid=2B9FDAA5-4F91-9556-CB1B-77F0011A2F02&page=1 HTTP/1.1" 200 109602
66.249.75.169 - - [28/Jun/2024:01:15:35 +0200] "GET /ticket2/opencms/de/fi/buy/?page=6&comcatid=A17713B6-D984-201A-4143-ED4DB5ED5C2E&catid=A4D9EA9A-192D-0274-BF26-9C98D8B902AB HTTP/1.1" 404 -
23.22.35.162 - - [28/Jun/2024:01:15:38 +0200] "GET /ticket2/opencms/nl/buy/?edid=D3AB0CA8-3C40-1AB9-8BEC-7D01F349EB4E&page=1 HTTP/1.1" 200 109598
5.9.55.228 - - [28/Jun/2024:01:15:43 +0200] "GET /ticket2/opencms/en/venue/?countryid=6DB0834B-E25F-449A-5515-025982E4CF10 HTTP/1.1" 200 100730
52.70.240.171 - - [28/Jun/2024:01:15:47 +0200] "GET /ticket2/opencms/nl/buy/?edid=7C194BAF-9FF0-6E1C-8CF4-2340665F2A6E&page=1 HTTP/1.1" 200 109599
47.128.31.7 - - [28/Jun/2024:01:15:49 +0200] "GET /ticket2/opencms/fi/buy/?edid=983940D7-A886-9864-BF70-6F5D578B4A87 HTTP/1.1" 200 73261
47.128.31.7 - - [28/Jun/2024:01:15:50 +0200] "GET /ticket2/opencms/system/modules/com.gridnine.opencms.ticketbrokerage.site/resources/css/jquery.fancybox.css HTTP/1.1" 200 4939
47.128.31.7 - - [28/Jun/2024:01:15:50 +0200] "GET /ticket2/opencms/system/modules/com.gridnine.opencms.ticketbrokerage.site/resources/js/calendar-setup.js HTTP/1.1" 200 4923
47.128.31.7 - - [28/Jun/2024:01:15:51 +0200] "GET /ticket2/opencms/system/modules/com.gridnine.opencms.ticketbrokerage.site/resources/pics/logo-new.png HTTP/1.1" 200 13541
47.128.31.7 - - [28/Jun/2024:01:15:51 +0200] "GET /ticket2/opencms/system/modules/com.gridnine.opencms.ticketbrokerage.site/resources/pics/bank_3_swedbank.png HTTP/1.1" 200 5740
47.128.31.7 - - [28/Jun/2024:01:15:51 +0200] "GET /ticket2/opencms/system/modules/com.gridnine.opencms.ticketbrokerage.site/resources/pics/bank_1_nordea.png HTTP/1.1" 200 4807
52.70.240.171 - - [28/Jun/2024:01:15:51 +0200] "GET /ticket2/opencms/nl/buy/?edid=7A598B9C-F2D5-14CB-B337-B4B5F910E2F7&page=1 HTTP/1.1" 200 109601
47.128.31.7 - - [28/Jun/2024:01:15:51 +0200] "GET /ticket2/opencms/system/modules/com.gridnine.opencms.ticketbrokerage.site/resources/pics/bank_4_seb.png HTTP/1.1" 200 2487
47.128.31.7 - - [28/Jun/2024:01:15:51 +0200] "GET /ticket2/opencms/system/modules/com.gridnine.opencms.ticketbrokerage.site/resources/pics/bank_2_handelsbanken.png HTTP/1.1" 200 4509
47.128.31.7 - - [28/Jun/2024:01:15:51 +0200] "GET /ticket2/opencms/system/modules/com.gridnine.opencms.ticketbrokerage.site/resources/pics/bank_5_visa_mastercard.png HTTP/1.1" 200 8196
47.128.31.7 - - [28/Jun/2024:01:15:52 +0200] "GET /ticket2/opencms/system/modules/com.gridnine.opencms.ticketbrokerage.site/resources/pics/bank_6_american_express.png HTTP/1.1" 200 5570
95.163.255.151 - - [28/Jun/2024:01:15:52 +0200] "GET /ticket2/opencms/robots.txt HTTP/1.0" 200 773
23.22.35.162 - - [28/Jun/2024:01:15:53 +0200] "GET /ticket2/opencms/nl/buy/?edid=9BFFFF0C-C809-CAED-9589-C9537A82DE22&page=1 HTTP/1.1" 200 109594
52.70.240.171 - - [28/Jun/2024:01:15:54 +0200] "GET /ticket2/opencms/nl/buy/?edid=C448ACCE-4E2F-44DD-92FC-D2C00A7DD0E5&page=1 HTTP/1.1" 200 109599
95.163.255.170 - - [28/Jun/2024:01:15:57 +0200] "GET /ticket2/opencms/ru/sport/football/premier_league/manchester_united/ HTTP/1.1" 500 -
216.245.221.83 - - [28/Jun/2024:01:15:59 +0200] "HEAD /ticket2/opencms/ HTTP/1.1" 302 -
52.70.240.171 - - [28/Jun/2024:01:15:59 +0200] "GET /ticket2/opencms/nl/buy/?edid=BA65675B-ADB5-F482-B91D-06897B158EA1&page=1 HTTP/1.1" 200 109597
5.9.55.228 - - [28/Jun/2024:01:16:00 +0200] "GET /ticket2/opencms/en/venue/?countryid=6D97DD41-58F8-E86C-8D49-519899AAF206 HTTP/1.1" 200 100730
216.245.221.83 - - [28/Jun/2024:01:16:02 +0200] "HEAD /ticket2/opencms/en/ HTTP/1.1" 200 -
52.70.240.171 - - [28/Jun/2024:01:16:03 +0200] "GET /ticket2/opencms/nl/buy/?edid=8A15C340-B6C2-2F43-473C-6069B2AC1544&page=1 HTTP/1.1" 200 109531
3.224.220.101 - - [28/Jun/2024:01:16:06 +0200] "GET /ticket2/opencms/nl/buy/?edid=46DDC203-41AB-936F-F42F-3447B1C39BFC&page=1 HTTP/1.1" 200 109596
3.224.220.101 - - [28/Jun/2024:01:16:10 +0200] "GET /ticket2/opencms/nl/buy/?edid=8A4BD3C0-720E-C7F3-26B8-C1C8D72D0618&page=1 HTTP/1.1" 200 104866
3.224.220.101 - - [28/Jun/2024:01:16:14 +0200] "GET /ticket2/opencms/nl/buy/?edid=94D791E2-A2F6-C0D4-E68D-72D6DE252AC9&page=1 HTTP/1.1" 200 100226
5.9.55.228 - - [28/Jun/2024:01:16:16 +0200] "GET /ticket2/opencms/en/venue/?countryid=6B694798-0B8F-37B1-435B-6B5A0DB8B5CB HTTP/1.1" 200 100730
3.224.220.101 - - [28/Jun/2024:01:16:19 +0200] "GET /ticket2/opencms/nl/buy/?edid=44FBC1CF-A416-2795-B9FA-E57E9A79C34D&page=1 HTTP/1.1" 200 104874
23.22.35.162 - - [28/Jun/2024:01:16:23 +0200] "GET /ticket2/opencms/nl/buy/?edid=28EF0232-AFFE-4F84-15A6-F08EC699C484&page=1 HTTP/1.1" 200 109614
3.224.220.101 - - [28/Jun/2024:01:16:27 +0200] "GET /ticket2/opencms/nl/buy/?edid=D7FE07F1-D4FC-0C39-061A-DD5EA0B3D8F5&page=1 HTTP/1.1" 200 109599
17.241.227.62 - - [28/Jun/2024:01:16:27 +0200] "GET /ticket2/opencms/sv/buy/?page=1&edid=09770EB0-07AD-2C98-0806-35997BA6526F HTTP/1.1" 200 89104
3.224.220.101 - - [28/Jun/2024:01:16:30 +0200] "GET /ticket2/opencms/fi/buy/?edid=ABE0D196-5A84-0064-2AAA-8BE846913E3B&page=1 HTTP/1.1" 200 112399
5.9.55.228 - - [28/Jun/2024:01:16:33 +0200] "GET /ticket2/opencms/en/venue/?countryid=6A314B5B-08FE-5CDE-C85D-253064810CDA HTTP/1.1" 200 100730
66.249.72.33 - - [28/Jun/2024:01:16:36 +0200] "GET /ticket2/opencms/sv/buy/?page=1&edid=B7E87373-4E91-4192-46CD-A0665726782B HTTP/1.1" 200 111427
52.70.240.171 - - [28/Jun/2024:01:16:38 +0200] "GET /ticket2/opencms/fi/buy/?edid=150C2B47-38EB-0C0E-C664-5F863E9426DB&page=1 HTTP/1.1" 200 89014
3.224.220.101 - - [28/Jun/2024:01:16:42 +0200] "GET /ticket2/opencms/fi/buy/?edid=9239880C-C5C0-5076-4AD5-4881F5EBAC4A&page=1 HTTP/1.1" 200 112402
51.222.253.7 - - [28/Jun/2024:01:16:46 +0200] "GET /ticket2/opencms/dk/venue/?countryid=D12DC4A4-98E1-D0B7-783E-AE51CC52E5AE HTTP/1.1" 200 101181
52.70.240.171 - - [28/Jun/2024:01:16:46 +0200] "GET /ticket2/opencms/fi/buy/?edid=E2BA261D-8AA4-C0D3-44EE-1FFEB3ECFAE6&page=1 HTTP/1.1" 200 112397
3.224.220.101 - - [28/Jun/2024:01:16:50 +0200] "GET /ticket2/opencms/fi/buy/?edid=A9C35541-ABB7-0662-52F4-8AD61BAC9B1C&page=1 HTTP/1.1" 200 112401
5.9.55.228 - - [28/Jun/2024:01:16:50 +0200] "GET /ticket2/opencms/en/venue/?countryid=6A07F71C-E21A-1DB2-608E-7A1B9B76A929 HTTP/1.1" 200 100730
52.70.240.171 - - [28/Jun/2024:01:16:50 +0200] "GET /ticket2/opencms/fi/buy/?edid=71F3FE54-10D0-F1E8-DD77-D63D4BE2C9CF&page=1 HTTP/1.1" 200 112396
3.224.220.101 - - [28/Jun/2024:01:16:54 +0200] "GET /ticket2/opencms/fi/buy/?edid=2684212B-FA50-DC4B-3CFA-1303E9638140&page=1 HTTP/1.1" 200 107722
23.22.35.162 - - [28/Jun/2024:01:16:58 +0200] "GET /ticket2/opencms/fi/buy/?edid=DE88C997-F247-5EDB-AB8C-0BF21F57525F&page=1 HTTP/1.1" 200 112397
52.70.240.171 - - [28/Jun/2024:01:17:02 +0200] "GET /ticket2/opencms/fi/buy/?edid=47EBAE6F-817A-37A2-D93C-48B4FE4F8A77&page=1 HTTP/1.1" 200 112395
5.9.55.228 - - [28/Jun/2024:01:17:07 +0200] "GET /ticket2/opencms/en/venue/?countryid=6994D0E6-4880-D162-87F9-DDDE5D63EE86 HTTP/1.1" 200 112613
23.22.35.162 - - [28/Jun/2024:01:17:07 +0200] "GET /ticket2/opencms/fi/buy/?edid=55D1893A-18D7-BF3D-C95C-B7BB78833B39&page=1 HTTP/1.1" 200 112396
23.22.35.162 - - [28/Jun/2024:01:17:11 +0200] "GET /ticket2/opencms/fi/buy/?edid=3B157B14-2ACC-30A7-0D5C-8313AB0A1A32&page=1 HTTP/1.1" 200 112395
3.224.220.101 - - [28/Jun/2024:01:17:15 +0200] "GET /ticket2/opencms/fi/buy/?edid=830F2AEC-7FB6-11C1-AD11-54BD6744D648&page=1 HTTP/1.1" 200 107730
52.167.144.25 - - [28/Jun/2024:01:17:16 +0200] "GET /ticket2/opencms/en/venue/?venueid=2670EAEE-B3EE-DCB5-D526-2AB4D4F780CA HTTP/1.1" 200 71411
3.224.220.101 - - [28/Jun/2024:01:17:18 +0200] "GET /ticket2/opencms/fi/buy/?edid=EDCAEF56-BB28-CA21-E73A-84906B6960A7&page=1 HTTP/1.1" 200 112398
3.224.220.101 - - [28/Jun/2024:01:17:22 +0200] "GET /ticket2/opencms/fi/buy/?edid=B5C7399B-C087-FF38-4294-BB861C1DB4F9&page=1 HTTP/1.1" 200 112398
5.9.55.228 - - [28/Jun/2024:01:17:23 +0200] "GET /ticket2/opencms/en/venue/?countryid=6941D863-6987-AFB6-0EB8-DD9A02005855 HTTP/1.1" 200 100730
52.70.240.171 - - [28/Jun/2024:01:17:27 +0200] "GET /ticket2/opencms/fi/buy/?edid=39289D35-63FA-63A2-5B00-1BD8BF9346B7&page=1 HTTP/1.1" 200 112399
3.224.220.101 - - [28/Jun/2024:01:17:31 +0200] "GET /ticket2/opencms/fi/buy/?edid=9CDA0C30-3EC4-3995-E2A4-DBF0BB020094&page=1 HTTP/1.1" 200 112394
3.224.220.101 - - [28/Jun/2024:01:17:34 +0200] "GET /ticket2/opencms/fi/buy/?edid=DD282B35-B6B7-ECA0-02E0-90864F5E2B50&page=1 HTTP/1.1" 200 107720
52.70.240.171 - - [28/Jun/2024:01:17:39 +0200] "GET /ticket2/opencms/fi/buy/?edid=72E12FE2-4DDC-1E5C-698A-850131DAAB42&page=1 HTTP/1.1" 200 112397
5.9.55.228 - - [28/Jun/2024:01:17:40 +0200] "GET /ticket2/opencms/en/venue/?countryid=668D17D3-DDBF-7460-C2FB-E48A99F3BD87 HTTP/1.1" 200 100730
23.22.35.162 - - [28/Jun/2024:01:17:42 +0200] "GET /ticket2/opencms/fi/buy/?edid=E1332E4A-0A6D-DD3D-14BF-DB0907B051D5&page=1 HTTP/1.1" 200 112395
52.70.240.171 - - [28/Jun/2024:01:17:46 +0200] "GET /ticket2/opencms/nl/buy/?edid=FCEB71A3-C27D-C49F-469F-2CB5939452EE&page=1 HTTP/1.1" 200 109681
5.9.55.228 - - [28/Jun/2024:01:17:49 +0200] "GET /ticket2/opencms/en/venue/?countryid=666C887D-F998-338F-2ABE-16022B884D9D HTTP/1.1" 200 100730
52.70.240.171 - - [28/Jun/2024:01:17:50 +0200] "GET /ticket2/opencms/nl/buy/?edid=DC067A0C-CE36-3D9C-899A-867F582FFC90&page=1 HTTP/1.1" 200 109680
52.70.240.171 - - [28/Jun/2024:01:17:54 +0200] "GET /ticket2/opencms/nl/buy/?edid=885A2607-A223-24CC-17AE-7C8ECDA8D47C&page=1 HTTP/1.1" 200 109681
23.22.35.162 - - [28/Jun/2024:01:17:58 +0200] "GET /ticket2/opencms/nl/buy/?edid=7B357C96-D15A-7330-3CD7-9115EBD86CB2&page=1 HTTP/1.1" 200 109682
52.167.144.17 - - [28/Jun/2024:01:18:01 +0200] "GET /ticket2/opencms/system/modules/com.gridnine.opencms.ticketbrokerage.site/resources/pics/bank_4_seb.png HTTP/1.1" 200 2487
52.70.240.171 - - [28/Jun/2024:01:18:02 +0200] "GET /ticket2/opencms/nl/buy/?edid=8E087689-30A7-E7AD-9853-CFBC4F6216DD&page=1 HTTP/1.1" 200 109680
5.9.55.228 - - [28/Jun/2024:01:18:06 +0200] "GET /ticket2/opencms/en/venue/?countryid=65FCED9C-5C2E-43C2-63C9-AA64AA056E6E HTTP/1.1" 200 100730
23.22.35.162 - - [28/Jun/2024:01:18:07 +0200] "GET /ticket2/opencms/nl/buy/?edid=DD26041B-007D-3EE6-A8F7-303AB350D2E4&page=1 HTTP/1.1" 200 109679
47.128.27.119 - - [28/Jun/2024:01:18:08 +0200] "GET /ticket2/opencms/fi/buy/?edid=830F2AEC-7FB6-11C1-AD11-54BD6744D648 HTTP/1.1" 200 73261
47.128.27.119 - - [28/Jun/2024:01:18:09 +0200] "GET /ticket2/opencms/system/modules/com.gridnine.opencms.ticketbrokerage.site/resources/pics/logo-new.png HTTP/1.1" 200 13541
51.222.253.5 - - [28/Jun/2024:01:18:09 +0200] "GET /ticket2/opencms/dk/venue/?countryid=E687CC57-02FA-AF76-268E-C1A53D569993 HTTP/1.1" 200 101181
47.128.27.119 - - [28/Jun/2024:01:18:09 +0200] "GET /ticket2/opencms/system/modules/com.gridnine.opencms.ticketbrokerage.site/resources/pics/bank_1_nordea.png HTTP/1.1" 200 4807
47.128.27.119 - - [28/Jun/2024:01:18:10 +0200] "GET /ticket2/opencms/system/modules/com.gridnine.opencms.ticketbrokerage.site/resources/pics/bank_5_visa_mastercard.png HTTP/1.1" 200 8196
47.128.27.119 - - [28/Jun/2024:01:18:10 +0200] "GET /ticket2/opencms/system/modules/com.gridnine.opencms.ticketbrokerage.site/resources/pics/bank_4_seb.png HTTP/1.1" 200 2487
47.128.27.119 - - [28/Jun/2024:01:18:10 +0200] "GET /ticket2/opencms/system/modules/com.gridnine.opencms.ticketbrokerage.site/resources/pics/bank_2_handelsbanken.png HTTP/1.1" 200 4509
47.128.27.119 - - [28/Jun/2024:01:18:10 +0200] "GET /ticket2/opencms/system/modules/com.gridnine.opencms.ticketbrokerage.site/resources/pics/bank_3_swedbank.png HTTP/1.1" 200 5740
47.128.27.119 - - [28/Jun/2024:01:18:10 +0200] "GET /ticket2/opencms/system/modules/com.gridnine.opencms.ticketbrokerage.site/resources/pics/bank_6_american_express.png HTTP/1.1" 200 5570
52.70.240.171 - - [28/Jun/2024:01:18:10 +0200] "GET /ticket2/opencms/nl/buy/?edid=E86D89E6-4B76-0823-49E9-A4E0BE4014AF&page=1 HTTP/1.1" 200 109678
52.70.240.171 - - [28/Jun/2024:01:18:14 +0200] "GET /ticket2/opencms/nl/buy/?edid=F2D85B77-0146-9383-AAB8-AFEF60C3B51B&page=1 HTTP/1.1" 200 109683
3.224.220.101 - - [28/Jun/2024:01:18:18 +0200] "GET /ticket2/opencms/nl/buy/?edid=E1890C55-BB29-2521-0846-5A33B1490A2E&page=1 HTTP/1.1" 200 109659
23.22.35.162 - - [28/Jun/2024:01:18:22 +0200] "GET /ticket2/opencms/nl/buy/?edid=BE9538C3-9C42-28A4-854A-5FADE060382A&page=1 HTTP/1.1" 200 109682
5.9.55.228 - - [28/Jun/2024:01:18:23 +0200] "GET /ticket2/opencms/en/buy?edid=4D364E03-A097-4713-8FB5-7221C5177BA1&page=1 HTTP/1.1" 200 87795
23.22.35.162 - - [28/Jun/2024:01:18:26 +0200] "GET /ticket2/opencms/nl/buy/?edid=9D2DFDC9-4BC5-EECE-32CF-AF6FA9041457&page=1 HTTP/1.1" 200 109669
185.202.238.84 - - [28/Jun/2024:01:18:28 +0200] "GET /ticket2/opencms/dk/dk/buy/?page=1&edid=DE57F8FA-9219-7B6F-C52C-4E26A1185AB4&sortorder=desc&column=price HTTP/1.1" 404 -
23.22.35.162 - - [28/Jun/2024:01:18:31 +0200] "GET /ticket2/opencms/nl/buy/?edid=C65C7DD7-B53E-6743-1299-72135D790427&page=1 HTTP/1.1" 200 109679
23.22.35.162 - - [28/Jun/2024:01:18:34 +0200] "GET /ticket2/opencms/nl/buy/?edid=2C495116-CB98-C9E3-B9E8-389135800397&page=1 HTTP/1.1" 200 109683
66.249.76.193 - - [28/Jun/2024:01:18:38 +0200] "GET /ticket2/opencms/dk/buy/?page=1&edid=B63A2D15-1363-3F7D-6FAD-9E0AE65FC077 HTTP/1.1" 200 85755
3.224.220.101 - - [28/Jun/2024:01:18:38 +0200] "GET /ticket2/opencms/nl/buy/?edid=10C00DD9-2619-A832-C970-E24EDAAD57C7&page=1 HTTP/1.1" 200 109683
5.9.55.228 - - [28/Jun/2024:01:18:38 +0200] "GET /ticket2/opencms/robots.txt HTTP/1.1" 200 773
5.9.55.228 - - [28/Jun/2024:01:18:38 +0200] "GET /ticket2/opencms/en/buy?edid=401CD235-D1EE-5A91-A749-CF58F670CF2A&page=1 HTTP/1.1" 200 88330
23.22.35.162 - - [28/Jun/2024:01:18:42 +0200] "GET /ticket2/opencms/nl/buy/?edid=AF39FAB5-FE06-5368-91B7-FED96ACA064E&page=1 HTTP/1.1" 200 109686
216.245.221.83 - - [28/Jun/2024:01:18:44 +0200] "HEAD /ticket2/opencms/ HTTP/1.1" 302 -
216.245.221.83 - - [28/Jun/2024:01:18:45 +0200] "HEAD /ticket2/opencms/en/ HTTP/1.1" 200 -
3.224.220.101 - - [28/Jun/2024:01:18:47 +0200] "GET /ticket2/opencms/nl/buy/?edid=486EB1CD-95BE-ED77-9E64-4E49BB28C6F8&page=1 HTTP/1.1" 200 109667
40.77.167.25 - - [28/Jun/2024:01:18:50 +0200] "GET /ticket2/opencms/dk/buy?page=1&edid=2684212B-FA50-DC4B-3CFA-1303E9638140 HTTP/1.1" 200 106388
52.70.240.171 - - [28/Jun/2024:01:18:51 +0200] "GET /ticket2/opencms/nl/buy/?edid=17FCF75B-5941-6553-7E99-DDA280BBDB43&page=1 HTTP/1.1" 200 109661
3.224.220.101 - - [28/Jun/2024:01:18:55 +0200] "GET /ticket2/opencms/nl/buy/?edid=F1519602-1E42-EA6F-350D-2F5319B545EA&page=1 HTTP/1.1" 200 109681
5.9.55.228 - - [28/Jun/2024:01:18:55 +0200] "GET /ticket2/opencms/en/buy?edid=3F7BA072-6294-6013-6B32-056BC5946D2B&page=1 HTTP/1.1" 200 87602
52.70.240.171 - - [28/Jun/2024:01:18:58 +0200] "GET /ticket2/opencms/nl/buy/?edid=7CAFAFC0-24E6-FEED-327F-0B9B876C4B81&page=1 HTTP/1.1" 200 86408
52.70.240.171 - - [28/Jun/2024:01:19:03 +0200] "GET /ticket2/opencms/nl/buy/?edid=5CBB442D-D365-7F4F-B999-AA88D946C632&page=1 HTTP/1.1" 200 115730
52.70.240.171 - - [28/Jun/2024:01:19:06 +0200] "GET /ticket2/opencms/venue/old_trafford.png HTTP/1.1" 200 89001
52.70.240.171 - - [28/Jun/2024:01:19:11 +0200] "GET /ticket2/opencms/nl/buy/?edid=3289C097-2261-9433-8644-DF033A9EE354&page=1 HTTP/1.1" 200 115727
5.9.55.228 - - [28/Jun/2024:01:19:12 +0200] "GET /ticket2/opencms/en/buy?edid=3E8AB527-BA46-0F5F-492A-DCDB511631CD&page=1 HTTP/1.1" 200 87892
23.22.35.162 - - [28/Jun/2024:01:19:14 +0200] "GET /ticket2/opencms/nl/buy/?edid=26467E66-E432-3709-0425-A75E81B5021A&page=1 HTTP/1.1" 200 115732
52.70.240.171 - - [28/Jun/2024:01:19:18 +0200] "GET /ticket2/opencms/nl/buy/?edid=3583D5C7-607A-E528-A709-844E6A72DC1B&page=1 HTTP/1.1" 200 115736
23.22.35.162 - - [28/Jun/2024:01:19:22 +0200] "GET /ticket2/opencms/nl/buy/?edid=F1463EBE-6C18-CF49-B2AE-F79868BCA4F5&page=1 HTTP/1.1" 200 115726
51.222.253.18 - - [28/Jun/2024:01:19:25 +0200] "GET /ticket2/opencms/dk/venue/?countryid=431EFD4E-08D9-96D2-1220-D823702A8178 HTTP/1.1" 200 101181
3.224.220.101 - - [28/Jun/2024:01:19:26 +0200] "GET /ticket2/opencms/nl/buy/?edid=56B38CDE-C52C-9D5C-A997-D65F4CB742AB&page=1 HTTP/1.1" 200 115726
47.128.28.191 - - [28/Jun/2024:01:19:28 +0200] "GET /ticket2/opencms/no/buy/?catid=E3105E1E-3982-291E-5523-1C1DF161E9B7&comcatid=97ECA65A-72DA-F9AF-9DBB-245D3CFED1BE HTTP/1.1" 200 78022
47.128.28.191 - - [28/Jun/2024:01:19:29 +0200] "GET /ticket2/opencms/system/modules/com.gridnine.opencms.ticketbrokerage.site/resources/pics/logo-new.png HTTP/1.1" 200 13541
47.128.28.191 - - [28/Jun/2024:01:19:30 +0200] "GET /ticket2/opencms/system/modules/com.gridnine.opencms.ticketbrokerage.site/resources/pics/bank_1_nordea.png HTTP/1.1" 200 4807
5.9.55.228 - - [28/Jun/2024:01:19:30 +0200] "GET /ticket2/opencms/en/buy?edid=3E86A9D2-1F76-94AC-46C5-9F4298C72DA0&page=1 HTTP/1.1" 200 88332
52.70.240.171 - - [28/Jun/2024:01:19:30 +0200] "GET /ticket2/opencms/nl/buy/?edid=E0AF4582-F291-60D7-7793-C6DEB6EAEA8A&page=1 HTTP/1.1" 200 115733
47.128.28.191 - - [28/Jun/2024:01:19:30 +0200] "GET /ticket2/opencms/system/modules/com.gridnine.opencms.ticketbrokerage.site/resources/pics/bank_4_seb.png HTTP/1.1" 200 2487
47.128.28.191 - - [28/Jun/2024:01:19:30 +0200] "GET /ticket2/opencms/system/modules/com.gridnine.opencms.ticketbrokerage.site/resources/pics/bank_2_handelsbanken.png HTTP/1.1" 200 4509
47.128.28.191 - - [28/Jun/2024:01:19:30 +0200] "GET /ticket2/opencms/system/modules/com.gridnine.opencms.ticketbrokerage.site/resources/pics/bank_3_swedbank.png HTTP/1.1" 200 5740
47.128.28.191 - - [28/Jun/2024:01:19:30 +0200] "GET /ticket2/opencms/system/modules/com.gridnine.opencms.ticketbrokerage.site/resources/pics/bank_5_visa_mastercard.png HTTP/1.1" 200 8196
47.128.28.191 - - [28/Jun/2024:01:19:30 +0200] "GET /ticket2/opencms/system/modules/com.gridnine.opencms.ticketbrokerage.site/resources/pics/bank_6_american_express.png HTTP/1.1" 200 5570
3.224.220.101 - - [28/Jun/2024:01:19:35 +0200] "GET /ticket2/opencms/nl/buy/?edid=4DFD725A-4EAE-5578-E2C8-F093AEA223CD&page=1 HTTP/1.1" 200 115730
23.22.35.162 - - [28/Jun/2024:01:19:38 +0200] "GET /ticket2/opencms/nl/buy/?edid=D11D82D4-28DA-1768-D317-EF521A2F97E6&page=1 HTTP/1.1" 200 115728
5.9.55.228 - - [28/Jun/2024:01:19:39 +0200] "GET /ticket2/opencms/en/buy?edid=3C740BD7-5418-89D5-329F-E2AA5410EB01&page=1 HTTP/1.1" 200 85182
52.70.240.171 - - [28/Jun/2024:01:19:42 +0200] "GET /ticket2/opencms/nl/buy/?edid=341262D8-7A59-5821-1DA8-A5F36D843BF9&page=1 HTTP/1.1" 200 115730
23.22.35.162 - - [28/Jun/2024:01:19:46 +0200] "GET /ticket2/opencms/nl/buy/?edid=0F9D6B87-FBA2-98F6-6A11-CBBA4D2A86C1&page=1 HTTP/1.1" 200 115729
5.9.55.228 - - [28/Jun/2024:01:19:47 +0200] "GET /ticket2/opencms/en/buy?edid=304B5316-0320-2838-01B8-507789F0700B&page=1 HTTP/1.1" 200 87863
52.70.240.171 - - [28/Jun/2024:01:19:50 +0200] "GET /ticket2/opencms/nl/buy/?edid=729B4624-40AD-E7A7-F9BA-94230F6FDC91&page=1 HTTP/1.1" 200 115726
17.241.227.211 - - [28/Jun/2024:01:19:53 +0200] "GET /ticket2/opencms/sv/buy/?page=1&edid=3E86A9D2-1F76-94AC-46C5-9F4298C72DA0 HTTP/1.1" 200 89102
23.22.35.162 - - [28/Jun/2024:01:19:55 +0200] "GET /ticket2/opencms/nl/buy/?edid=077A4D05-90D5-AF2A-B689-A4F52E73EBA2&page=1 HTTP/1.1" 200 115728
23.22.35.162 - - [28/Jun/2024:01:19:58 +0200] "GET /ticket2/opencms/nl/buy/?edid=FB201BEF-97AC-F5AA-1C79-FCD23FE64214&page=1 HTTP/1.1" 200 115726
23.22.35.162 - - [28/Jun/2024:01:20:02 +0200] "GET /ticket2/opencms/nl/buy/?edid=145F87FE-BCE7-15CF-CE4F-3702933DA737&page=1 HTTP/1.1" 200 115728
5.9.55.228 - - [28/Jun/2024:01:20:04 +0200] "GET /ticket2/opencms/en/buy?edid=2D2A6F4D-211F-8E0A-3D6E-1E0E85606D0F&page=1 HTTP/1.1" 200 87375
52.70.240.171 - - [28/Jun/2024:01:20:06 +0200] "GET /ticket2/opencms/nl/buy/?edid=BA98F497-79D9-0BA1-3E19-B45BB0763E07&page=1 HTTP/1.1" 200 115729
23.22.35.162 - - [28/Jun/2024:01:20:10 +0200] "GET /ticket2/opencms/nl/buy/?edid=2B877732-5277-2CC6-D9D2-67E5CDEA4143&page=1 HTTP/1.1" 200 115730
52.70.240.171 - - [28/Jun/2024:01:20:15 +0200] "GET /ticket2/opencms/nl/buy/?edid=905D3BE1-46C8-EA4E-1BA4-270BE7100ACF&page=1 HTTP/1.1" 200 115725
23.22.35.162 - - [28/Jun/2024:01:20:18 +0200] "GET /ticket2/opencms/sv/buy/?edid=A4DFE9CB-2E84-468B-F20F-CE22DA0AA124&page=1 HTTP/1.1" 200 85973
47.128.58.194 - - [28/Jun/2024:01:20:19 +0200] "GET /ticket2/opencms/fi/buy/?comcatid=97ECA65A-72DA-F9AF-9DBB-245D3CFED1BE&page=6 HTTP/1.1" 200 78198
47.128.58.194 - - [28/Jun/2024:01:20:20 +0200] "GET /ticket2/opencms/system/modules/com.gridnine.opencms.ticketbrokerage.site/resources/pics/logo-new.png HTTP/1.1" 200 13541
5.9.55.228 - - [28/Jun/2024:01:20:20 +0200] "GET /ticket2/opencms/en/buy?edid=2C81F7FB-5C92-E271-C03D-9F768923CF00&page=1 HTTP/1.1" 200 87595
47.128.58.194 - - [28/Jun/2024:01:20:21 +0200] "GET /ticket2/opencms/system/modules/com.gridnine.opencms.ticketbrokerage.site/resources/pics/bank_2_handelsbanken.png HTTP/1.1" 200 4509
47.128.58.194 - - [28/Jun/2024:01:20:22 +0200] "GET /ticket2/opencms/system/modules/com.gridnine.opencms.ticketbrokerage.site/resources/pics/bank_1_nordea.png HTTP/1.1" 200 4807
47.128.58.194 - - [28/Jun/2024:01:20:22 +0200] "GET /ticket2/opencms/system/modules/com.gridnine.opencms.ticketbrokerage.site/resources/pics/bank_5_visa_mastercard.png HTTP/1.1" 200 8196
47.128.58.194 - - [28/Jun/2024:01:20:22 +0200] "GET /ticket2/opencms/system/modules/com.gridnine.opencms.ticketbrokerage.site/resources/pics/bank_3_swedbank.png HTTP/1.1" 200 5740
47.128.58.194 - - [28/Jun/2024:01:20:22 +0200] "GET /ticket2/opencms/system/modules/com.gridnine.opencms.ticketbrokerage.site/resources/pics/bank_4_seb.png HTTP/1.1" 200 2487
47.128.58.194 - - [28/Jun/2024:01:20:22 +0200] "GET /ticket2/opencms/system/modules/com.gridnine.opencms.ticketbrokerage.site/resources/pics/bank_6_american_express.png HTTP/1.1" 200 5570
52.70.240.171 - - [28/Jun/2024:01:20:22 +0200] "GET /ticket2/opencms/fi/buy/?edid=B922C762-2087-3C97-2B1F-F0A83EAFF02E&page=1 HTTP/1.1" 200 86329
185.119.0.119 - - [28/Jun/2024:01:20:23 +0200] "GET /ticket2/opencms/ HTTP/1.1" 302 -
3.224.220.101 - - [28/Jun/2024:01:20:26 +0200] "GET /ticket2/opencms/fi/buy/?edid=E78BA40C-2406-9134-FABA-A11F16887BBA&page=1 HTTP/1.1" 200 87433
47.128.37.236 - - [28/Jun/2024:01:20:27 +0200] "GET /ticket2/opencms/fi/buy/?edid=2684212B-FA50-DC4B-3CFA-1303E9638140 HTTP/1.1" 200 73261
185.119.0.119 - - [28/Jun/2024:01:20:27 +0200] "GET /ticket2/opencms/en/ HTTP/1.1" 200 91208
185.119.0.119 - - [28/Jun/2024:01:20:27 +0200] "GET /ticket2/opencms/system/modules/com.gridnine.opencms.ticketbrokerage.site/resources/css/ticketbrokerage.css HTTP/1.1" 200 39339
185.119.0.119 - - [28/Jun/2024:01:20:28 +0200] "GET /ticket2/opencms/system/modules/com.gridnine.opencms.ticketbrokerage.site/resources/css/jquery-ui.css HTTP/1.1" 200 33221
185.119.0.119 - - [28/Jun/2024:01:20:28 +0200] "GET /ticket2/opencms/system/modules/com.gridnine.opencms.ticketbrokerage.site/resources/css/calendar.css HTTP/1.1" 200 6871
185.119.0.119 - - [28/Jun/2024:01:20:28 +0200] "GET /ticket2/opencms/system/modules/com.gridnine.opencms.ticketbrokerage.site/resources/css/jquery.fancybox.css HTTP/1.1" 200 4939
185.119.0.119 - - [28/Jun/2024:01:20:28 +0200] "GET /ticket2/opencms/system/modules/com.gridnine.opencms.ticketbrokerage.site/resources/css/standard.css HTTP/1.1" 200 71935
66.249.76.170 - - [28/Jun/2024:01:20:28 +0200] "GET /ticket2/opencms/no/sell/?edid=EB4DE1F4-F429-D890-6213-A5B01648901D HTTP/1.1" 302 -
185.119.0.119 - - [28/Jun/2024:01:20:28 +0200] "GET /ticket2/opencms/system/modules/com.gridnine.opencms.ticketbrokerage.site/resources/js/jquery/jquery.js HTTP/1.1" 200 93868
185.119.0.119 - - [28/Jun/2024:01:20:28 +0200] "GET /ticket2/opencms/system/modules/com.gridnine.opencms.ticketbrokerage.site/resources/js/jquery/jquery-ui.js HTTP/1.1" 200 228088
185.119.0.119 - - [28/Jun/2024:01:20:28 +0200] "GET /ticket2/opencms/system/modules/com.gridnine.opencms.ticketbrokerage.site/resources/js/functions.js HTTP/1.1" 200 1583
185.119.0.119 - - [28/Jun/2024:01:20:28 +0200] "GET /ticket2/opencms/system/modules/com.gridnine.opencms.ticketbrokerage.site/resources/js/calendar.js HTTP/1.1" 200 49229
185.119.0.119 - - [28/Jun/2024:01:20:28 +0200] "GET /ticket2/opencms/system/modules/com.gridnine.opencms.ticketbrokerage.site/resources/js/calendar-en.js HTTP/1.1" 200 3338
185.119.0.119 - - [28/Jun/2024:01:20:28 +0200] "GET /ticket2/opencms/system/modules/com.gridnine.opencms.ticketbrokerage.site/resources/js/calendar-setup.js HTTP/1.1" 200 4923
185.119.0.119 - - [28/Jun/2024:01:20:29 +0200] "GET /ticket2/opencms/system/modules/com.gridnine.opencms.ticketbrokerage.site/resources/js/stickyfill.min.js HTTP/1.1" 200 5672
185.119.0.119 - - [28/Jun/2024:01:20:29 +0200] "GET /ticket2/opencms/img/icons/se.png HTTP/1.1" 200 1258
185.119.0.119 - - [28/Jun/2024:01:20:29 +0200] "GET /ticket2/opencms/img/icons/no.png HTTP/1.1" 200 1958
185.119.0.119 - - [28/Jun/2024:01:20:29 +0200] "GET /ticket2/opencms/system/modules/com.gridnine.opencms.ticketbrokerage.site/resources/js/jquery.fancybox.pack.js HTTP/1.1" 200 23187
47.128.37.236 - - [28/Jun/2024:01:20:29 +0200] "GET /ticket2/opencms/system/modules/com.gridnine.opencms.ticketbrokerage.site/resources/pics/logo-new.png HTTP/1.1" 200 13541
47.128.37.236 - - [28/Jun/2024:01:20:29 +0200] "GET /ticket2/opencms/system/modules/com.gridnine.opencms.ticketbrokerage.site/resources/pics/bank_1_nordea.png HTTP/1.1" 200 4807
47.128.37.236 - - [28/Jun/2024:01:20:29 +0200] "GET /ticket2/opencms/system/modules/com.gridnine.opencms.ticketbrokerage.site/resources/pics/bank_2_handelsbanken.png HTTP/1.1" 200 4509
185.119.0.119 - - [28/Jun/2024:01:20:29 +0200] "GET /ticket2/opencms/img/icons/dk.png HTTP/1.1" 200 1706
47.128.37.236 - - [28/Jun/2024:01:20:29 +0200] "GET /ticket2/opencms/system/modules/com.gridnine.opencms.ticketbrokerage.site/resources/pics/bank_3_swedbank.png HTTP/1.1" 200 5740
47.128.37.236 - - [28/Jun/2024:01:20:29 +0200] "GET /ticket2/opencms/system/modules/com.gridnine.opencms.ticketbrokerage.site/resources/pics/bank_4_seb.png HTTP/1.1" 200 2487
185.119.0.119 - - [28/Jun/2024:01:20:29 +0200] "GET /ticket2/opencms/img/icons/nl.png HTTP/1.1" 200 1255
185.119.0.119 - - [28/Jun/2024:01:20:29 +0200] "GET /ticket2/opencms/system/modules/com.gridnine.opencms.ticketbrokerage.site/resources/js/standard.js HTTP/1.1" 200 3978
185.119.0.119 - - [28/Jun/2024:01:20:29 +0200] "GET /ticket2/opencms/img/icons/fi.png HTTP/1.1" 200 1785
47.128.37.236 - - [28/Jun/2024:01:20:29 +0200] "GET /ticket2/opencms/system/modules/com.gridnine.opencms.ticketbrokerage.site/resources/pics/bank_5_visa_mastercard.png HTTP/1.1" 200 8196
47.128.37.236 - - [28/Jun/2024:01:20:29 +0200] "GET /ticket2/opencms/system/modules/com.gridnine.opencms.ticketbrokerage.site/resources/pics/bank_6_american_express.png HTTP/1.1" 200 5570
185.119.0.119 - - [28/Jun/2024:01:20:31 +0200] "GET /ticket2/opencms/system/modules/com.gridnine.opencms.ticketbrokerage.site/resources/js/common-ajax.js HTTP/1.1" 200 20175
185.119.0.119 - - [28/Jun/2024:01:20:31 +0200] "GET /ticket2/opencms/system/modules/com.gridnine.opencms.ticketbrokerage.site/resources/js/jquery.placeholder.min.js HTTP/1.1" 200 1737
3.224.220.101 - - [28/Jun/2024:01:20:31 +0200] "GET /ticket2/opencms/fr/buy/?edid=EE1094B0-5F8D-7F5A-3592-6F4F9BDBF532&page=1 HTTP/1.1" 200 117221
185.119.0.119 - - [28/Jun/2024:01:20:31 +0200] "GET /ticket2/opencms/system/modules/com.gridnine.opencms.ticketbrokerage.site/resources/pics/logo-new.png HTTP/1.1" 200 13541
185.119.0.119 - - [28/Jun/2024:01:20:31 +0200] "GET /ticket2/opencms/img/insta.png HTTP/1.1" 200 3967
185.119.0.119 - - [28/Jun/2024:01:20:31 +0200] "GET /ticket2/opencms/img/fb.png HTTP/1.1" 200 1269
185.119.0.119 - - [28/Jun/2024:01:20:31 +0200] "GET /ticket2/opencms/system/modules/com.gridnine.opencms.ticketbrokerage.site/resources/pics/bank_1_nordea.png HTTP/1.1" 200 4807
185.119.0.119 - - [28/Jun/2024:01:20:31 +0200] "GET /ticket2/opencms/system/modules/com.gridnine.opencms.ticketbrokerage.site/resources/pics/bank_2_handelsbanken.png HTTP/1.1" 200 4509
185.119.0.119 - - [28/Jun/2024:01:20:31 +0200] "GET /ticket2/opencms/system/modules/com.gridnine.opencms.ticketbrokerage.site/resources/pics/bank_4_seb.png HTTP/1.1" 200 2487
185.119.0.119 - - [28/Jun/2024:01:20:31 +0200] "GET /ticket2/opencms/system/modules/com.gridnine.opencms.ticketbrokerage.site/resources/pics/bank_5_visa_mastercard.png HTTP/1.1" 200 8196
185.119.0.119 - - [28/Jun/2024:01:20:31 +0200] "GET /ticket2/opencms/img/check.png HTTP/1.1" 200 548
185.119.0.119 - - [28/Jun/2024:01:20:31 +0200] "GET /ticket2/opencms/system/modules/com.gridnine.opencms.ticketbrokerage.site/resources/pics/bank_6_american_express.png HTTP/1.1" 200 5570
185.119.0.119 - - [28/Jun/2024:01:20:31 +0200] "GET /ticket2/opencms/img/mail.png HTTP/1.1" 200 403
185.119.0.119 - - [28/Jun/2024:01:20:31 +0200] "GET /ticket2/opencms/img/chat.png HTTP/1.1" 200 416
185.119.0.119 - - [28/Jun/2024:01:20:31 +0200] "GET /ticket2/opencms/img/arrow.png HTTP/1.1" 200 753
185.119.0.119 - - [28/Jun/2024:01:20:31 +0200] "GET /ticket2/opencms/system/modules/com.gridnine.opencms.ticketbrokerage.site/resources/pics/bank_3_swedbank.png HTTP/1.1" 200 5740
185.119.0.119 - - [28/Jun/2024:01:20:31 +0200] "GET /ticket2/opencms/img/banner-pl.jpeg HTTP/1.1" 200 41818
185.119.0.119 - - [28/Jun/2024:01:20:31 +0200] "GET /ticket2/opencms/img/banner-sa.jpeg HTTP/1.1" 200 41270
185.119.0.119 - - [28/Jun/2024:01:20:31 +0200] "GET /ticket2/opencms/img/banner-ll.jpeg HTTP/1.1" 200 41825
185.119.0.119 - - [28/Jun/2024:01:20:33 +0200] "GET /ticket2/opencms/img/icons/fi.png HTTP/1.1" 200 1785
185.119.0.119 - - [28/Jun/2024:01:20:33 +0200] "GET /ticket2/opencms/img/icons/de.png HTTP/1.1" 200 1124
185.119.0.119 - - [28/Jun/2024:01:20:33 +0200] "GET /ticket2/opencms/img/icons/fr.png HTTP/1.1" 200 1764
185.119.0.119 - - [28/Jun/2024:01:20:33 +0200] "GET /ticket2/opencms/img/icons/es.png HTTP/1.1" 200 1005
185.119.0.119 - - [28/Jun/2024:01:20:33 +0200] "GET /ticket2/opencms/img/icons/it.png HTTP/1.1" 200 2040
185.119.0.119 - - [28/Jun/2024:01:20:33 +0200] "GET /ticket2/opencms/img/icons/globe-white.png HTTP/1.1" 200 947
51.222.253.7 - - [28/Jun/2024:01:20:33 +0200] "GET /ticket2/opencms/dk/venue/?countryid=63BA787B-924D-97B6-EDC4-126C78A77B7D HTTP/1.1" 200 104056
52.70.240.171 - - [28/Jun/2024:01:20:33 +0200] "GET /ticket2/opencms/fr/buy/ HTTP/1.1" 200 72687
185.119.0.119 - - [28/Jun/2024:01:20:34 +0200] "GET /ticket2/opencms/img/icons/en.png HTTP/1.1" 200 2415
185.119.0.119 - - [28/Jun/2024:01:20:35 +0200] "GET /ticket2/opencms/system/modules/com.gridnine.opencms.ticketbrokerage.site/resources/js/standard.js HTTP/1.1" 200 3978
66.249.75.167 - - [28/Jun/2024:01:20:36 +0200] "GET /ticket2/opencms/no/login/?url=/no/sell/ HTTP/1.1" 200 74756
52.70.240.171 - - [28/Jun/2024:01:20:38 +0200] "GET /ticket2/opencms/fr/buy/?comcatid=810BB404-4103-77F2-A6C2-12D5E6C338E2 HTTP/1.1" 200 74418
66.249.76.194 - - [28/Jun/2024:01:20:39 +0200] "GET /ticket2/opencms/sv/buy/?page=1&edid=C05AA481-967A-A4D1-E287-ECBF3F52D776 HTTP/1.1" 200 121078
185.119.0.119 - - [28/Jun/2024:01:20:40 +0200] "GET /ticket2/opencms/system/modules/com.gridnine.opencms.ticketbrokerage.site/resources/css/images/ui-bg_flat_75_ffffff_40x100.png HTTP/1.1" 404 -
52.70.240.171 - - [28/Jun/2024:01:20:42 +0200] "GET /ticket2/opencms/fr/buy/?comcatid=97ECA65A-72DA-F9AF-9DBB-245D3CFED1BE HTTP/1.1" 200 77750
23.22.35.162 - - [28/Jun/2024:01:20:46 +0200] "GET /ticket2/opencms/fr/buy/?comcatid=66708183-7480-3365-06BF-DBF60280AB45 HTTP/1.1" 200 74799
3.224.220.101 - - [28/Jun/2024:01:20:54 +0200] "GET /ticket2/opencms/fr/buy/?comcatid=B41CCF2B-5558-7AEE-3602-09BBDE417D65 HTTP/1.1" 200 74969
3.224.220.101 - - [28/Jun/2024:01:20:58 +0200] "GET /ticket2/opencms/fr/buy/?comcatid=0A6B8208-FDA4-E929-9D72-5312FD481B76 HTTP/1.1" 200 76452
216.245.221.83 - - [28/Jun/2024:01:20:58 +0200] "HEAD /ticket2/opencms/ HTTP/1.1" 302 -
3.224.220.101 - - [28/Jun/2024:01:20:59 +0200] "GET /ticket2/opencms/fr/buy/?comcatid=A17713B6-D984-201A-4143-ED4DB5ED5C2E HTTP/1.1" 200 241832
216.245.221.83 - - [28/Jun/2024:01:20:59 +0200] "HEAD /ticket2/opencms/en/ HTTP/1.1" 200 -
3.224.220.101 - - [28/Jun/2024:01:21:02 +0200] "GET /ticket2/opencms/fr/buy/?edid=57C8D150-DCBD-4911-196A-160A37952FA8&page=1 HTTP/1.1" 200 117222
52.70.240.171 - - [28/Jun/2024:01:21:07 +0200] "GET /ticket2/opencms/fr/buy/?edid=7A598B9C-F2D5-14CB-B337-B4B5F910E2F7&page=1 HTTP/1.1" 200 111714
23.22.35.162 - - [28/Jun/2024:01:21:10 +0200] "GET /ticket2/opencms/fr/buy/?edid=AD14D102-9A59-3E48-721F-B8412449464B&page=1 HTTP/1.1" 200 86710
47.128.37.98 - - [28/Jun/2024:01:21:10 +0200] "GET /ticket2/opencms/fr/buy/?catid=739BFC5D-78FA-6834-D764-6CE64CA5F9EC&comcatid=A17713B6-D984-201A-4143-ED4DB5ED5C2E HTTP/1.1" 200 82854
47.128.37.98 - - [28/Jun/2024:01:21:11 +0200] "GET /ticket2/opencms/system/modules/com.gridnine.opencms.ticketbrokerage.site/resources/pics/logo-new.png HTTP/1.1" 200 13541
47.128.37.98 - - [28/Jun/2024:01:21:12 +0200] "GET /ticket2/opencms/system/modules/com.gridnine.opencms.ticketbrokerage.site/resources/pics/bank_1_nordea.png HTTP/1.1" 200 4807
47.128.37.98 - - [28/Jun/2024:01:21:12 +0200] "GET /ticket2/opencms/system/modules/com.gridnine.opencms.ticketbrokerage.site/resources/pics/bank_5_visa_mastercard.png HTTP/1.1" 200 8196
47.128.37.98 - - [28/Jun/2024:01:21:13 +0200] "GET /ticket2/opencms/system/modules/com.gridnine.opencms.ticketbrokerage.site/resources/pics/bank_4_seb.png HTTP/1.1" 200 2487
47.128.37.98 - - [28/Jun/2024:01:21:13 +0200] "GET /ticket2/opencms/system/modules/com.gridnine.opencms.ticketbrokerage.site/resources/pics/bank_2_handelsbanken.png HTTP/1.1" 200 4509
47.128.37.98 - - [28/Jun/2024:01:21:13 +0200] "GET /ticket2/opencms/system/modules/com.gridnine.opencms.ticketbrokerage.site/resources/pics/bank_3_swedbank.png HTTP/1.1" 200 5740
47.128.37.98 - - [28/Jun/2024:01:21:13 +0200] "GET /ticket2/opencms/system/modules/com.gridnine.opencms.ticketbrokerage.site/resources/pics/bank_6_american_express.png HTTP/1.1" 200 5570
23.22.35.162 - - [28/Jun/2024:01:21:14 +0200] "GET /ticket2/opencms/fr/buy/?edid=6148B729-620A-0104-5C35-7B49F49164F4&page=1 HTTP/1.1" 200 112564
52.70.240.171 - - [28/Jun/2024:01:21:18 +0200] "GET /ticket2/opencms/fr/buy/?edid=19EA038B-40C5-A758-4121-DC981BEF8929&page=1 HTTP/1.1" 200 86705
3.224.220.101 - - [28/Jun/2024:01:21:22 +0200] "GET /ticket2/opencms/fr/buy/?edid=659056BB-BE87-24B6-C829-F3AEABED7D72&page=1 HTTP/1.1" 200 107114
52.70.240.171 - - [28/Jun/2024:01:21:26 +0200] "GET /ticket2/opencms/fr/buy/?edid=99D270B3-917E-FD4A-2998-A2CE577033E4&page=1 HTTP/1.1" 200 88526
3.224.220.101 - - [28/Jun/2024:01:21:30 +0200] "GET /ticket2/opencms/fr/buy/?edid=55D1893A-18D7-BF3D-C95C-B7BB78833B39&page=1 HTTP/1.1" 200 112538
52.70.240.171 - - [28/Jun/2024:01:21:34 +0200] "GET /ticket2/opencms/fr/buy/?edid=983940D7-A886-9864-BF70-6F5D578B4A87&page=1 HTTP/1.1" 200 111787
3.224.220.101 - - [28/Jun/2024:01:21:38 +0200] "GET /ticket2/opencms/fr/buy/?edid=D771BB60-0217-E0E2-A4A8-756428AAA5D6&page=1 HTTP/1.1" 200 89164
66.249.76.170 - - [28/Jun/2024:01:21:40 +0200] "GET /ticket2/opencms/no/sport/fotballsbilletter/serie_a/inter/ HTTP/1.1" 200 74575
66.249.72.34 - - [28/Jun/2024:01:21:41 +0200] "GET /ticket2/opencms/sv/buy/?page=1&edid=96E011DF-5241-3266-195A-F1BA5B4FE37C HTTP/1.1" 200 88361
66.249.75.169 - - [28/Jun/2024:01:21:42 +0200] "GET /ticket2/opencms/no/sell/?edid=B12376C6-BA7F-3D61-F970-EF51106430AB HTTP/1.1" 302 -
52.70.240.171 - - [28/Jun/2024:01:21:42 +0200] "GET /ticket2/opencms/fr/buy/?edid=2622E353-CCF8-0614-7644-191247788409&page=1 HTTP/1.1" 200 113001
66.249.75.167 - - [28/Jun/2024:01:21:44 +0200] "GET /ticket2/opencms/no/login/?url=/no/sell/ HTTP/1.1" 200 74756
52.70.240.171 - - [28/Jun/2024:01:21:47 +0200] "GET /ticket2/opencms/fr/buy/?edid=BDF141E0-5E55-1E49-4955-1BD69DA544CA&page=1 HTTP/1.1" 200 112253
51.222.253.19 - - [28/Jun/2024:01:21:49 +0200] "GET /ticket2/opencms/dk/venue/?countryid=D2692076-DE03-44FD-327A-B8175A419AF6 HTTP/1.1" 200 101181
3.224.220.101 - - [28/Jun/2024:01:21:50 +0200] "GET /ticket2/opencms/fr/buy/?edid=125D8704-4F25-BA08-9A7D-175DE227A1FB&page=1 HTTP/1.1" 200 86695
52.70.240.171 - - [28/Jun/2024:01:21:54 +0200] "GET /ticket2/opencms/fr/buy/?edid=BE9538C3-9C42-28A4-854A-5FADE060382A&page=1 HTTP/1.1" 200 111877
5.9.55.228 - - [28/Jun/2024:01:21:56 +0200] "GET /ticket2/opencms/en/buy?edid=2B090572-A82A-F558-A432-1FEF21B4DEA2&page=1 HTTP/1.1" 200 87858
52.70.240.171 - - [28/Jun/2024:01:21:58 +0200] "GET /ticket2/opencms/fr/buy/?edid=C8C69015-BCBB-8460-663E-8B2E58614425&page=1 HTTP/1.1" 200 112723
47.128.40.155 - - [28/Jun/2024:01:22:02 +0200] "GET /ticket2/opencms/no/sport/fotballsbilletter/la_liga/athletic-bilbao/ HTTP/1.1" 200 73597
23.22.35.162 - - [28/Jun/2024:01:22:02 +0200] "GET /ticket2/opencms/fr/buy/?edid=C3C88BDA-1CC3-8611-4BC9-911B22C7161C&page=1 HTTP/1.1" 200 88527
47.128.40.155 - - [28/Jun/2024:01:22:03 +0200] "GET /ticket2/opencms/system/modules/com.gridnine.opencms.ticketbrokerage.site/resources/pics/logo-new.png HTTP/1.1" 200 13541
47.128.40.155 - - [28/Jun/2024:01:22:03 +0200] "GET /ticket2/opencms/system/modules/com.gridnine.opencms.ticketbrokerage.site/resources/pics/banners/team/la_liga/bilbao.png HTTP/1.1" 200 72685
47.128.40.155 - - [28/Jun/2024:01:22:04 +0200] "GET /ticket2/opencms/system/modules/com.gridnine.opencms.ticketbrokerage.site/resources/pics/bank_2_handelsbanken.png HTTP/1.1" 200 4509
47.128.40.155 - - [28/Jun/2024:01:22:04 +0200] "GET /ticket2/opencms/system/modules/com.gridnine.opencms.ticketbrokerage.site/resources/pics/bank_1_nordea.png HTTP/1.1" 200 4807
47.128.40.155 - - [28/Jun/2024:01:22:04 +0200] "GET /ticket2/opencms/system/modules/com.gridnine.opencms.ticketbrokerage.site/resources/pics/bank_3_swedbank.png HTTP/1.1" 200 5740
47.128.40.155 - - [28/Jun/2024:01:22:04 +0200] "GET /ticket2/opencms/system/modules/com.gridnine.opencms.ticketbrokerage.site/resources/pics/bank_4_seb.png HTTP/1.1" 200 2487
47.128.40.155 - - [28/Jun/2024:01:22:04 +0200] "GET /ticket2/opencms/system/modules/com.gridnine.opencms.ticketbrokerage.site/resources/pics/bank_5_visa_mastercard.png HTTP/1.1" 200 8196
47.128.40.155 - - [28/Jun/2024:01:22:04 +0200] "GET /ticket2/opencms/system/modules/com.gridnine.opencms.ticketbrokerage.site/resources/pics/bank_6_american_express.png HTTP/1.1" 200 5570
23.22.35.162 - - [28/Jun/2024:01:22:06 +0200] "GET /ticket2/opencms/fr/buy/?edid=FC821C33-E679-411D-0E2F-045A7A8A9CDD&page=1 HTTP/1.1" 200 86704
40.77.167.50 - - [28/Jun/2024:01:22:10 +0200] "GET /ticket2/opencms/sv/sport/fotbollsbiljetter/ligue_1/lille/ HTTP/1.1" 200 73432
23.22.35.162 - - [28/Jun/2024:01:22:10 +0200] "GET /ticket2/opencms/fr/buy/?edid=69C4AD8E-60B2-A255-9B8E-BD4F83D22F14&page=1 HTTP/1.1" 200 111791
3.224.220.101 - - [28/Jun/2024:01:22:14 +0200] "GET /ticket2/opencms/fr/buy/?edid=BA0F8DEE-5B47-CEE4-147B-0950F10B9786&page=1 HTTP/1.1" 200 112995
5.9.55.228 - - [28/Jun/2024:01:22:16 +0200] "GET /ticket2/opencms/en/buy?edid=1BFB08A7-6566-B113-E321-5228D23CB18B&page=1 HTTP/1.1" 200 87810
