47.128.45.10 - - [28/Jun/2024:00:34:31 +0200] "GET /ticket2/opencms/system/modules/com.gridnine.opencms.ticketbrokerage.site/resources/pics/bank_1_nordea.png HTTP/1.1" 200 4807
47.128.45.10 - - [28/Jun/2024:00:34:32 +0200] "GET /ticket2/opencms/system/modules/com.gridnine.opencms.ticketbrokerage.site/resources/pics/bank_6_american_express.png HTTP/1.1" 200 5570
47.128.45.10 - - [28/Jun/2024:00:34:32 +0200] "GET /ticket2/opencms/system/modules/com.gridnine.opencms.ticketbrokerage.site/resources/pics/bank_2_handelsbanken.png HTTP/1.1" 200 4509
47.128.45.10 - - [28/Jun/2024:00:34:32 +0200] "GET /ticket2/opencms/system/modules/com.gridnine.opencms.ticketbrokerage.site/resources/pics/bank_3_swedbank.png HTTP/1.1" 200 5740
47.128.45.10 - - [28/Jun/2024:00:34:32 +0200] "GET /ticket2/opencms/system/modules/com.gridnine.opencms.ticketbrokerage.site/resources/pics/bank_5_visa_mastercard.png HTTP/1.1" 200 8196
47.128.45.10 - - [28/Jun/2024:00:34:32 +0200] "GET /ticket2/opencms/system/modules/com.gridnine.opencms.ticketbrokerage.site/resources/pics/bank_4_seb.png HTTP/1.1" 200 2487
5.9.55.228 - - [28/Jun/2024:00:34:34 +0200] "GET /ticket2/opencms/en/buy/?page=6&comcatid=A17713B6-D984-201A-4143-ED4DB5ED5C2E&catid=21C3854B-901E-11F9-7B7D-6838CC6AFAA4 HTTP/1.1" 200 82216
3.224.220.101 - - [28/Jun/2024:00:34:34 +0200] "GET /ticket2/opencms/sites/ticketbrokerage/sv/sport/fotbollsbiljetter/premier_league/fulham/ HTTP/1.1" 404 -
23.22.35.162 - - [28/Jun/2024:00:34:38 +0200] "GET /ticket2/opencms/sites/ticketbrokerage/sv/sport/fotbollsbiljetter/premier_league/everton/wigan.html HTTP/1.1" 404 -
23.22.35.162 - - [28/Jun/2024:00:34:42 +0200] "GET /ticket2/opencms/sites/ticketbrokerage/sv/sport/fotbollsbiljetter/premier_league/everton/stoke.html HTTP/1.1" 404 -
5.9.55.228 - - [28/Jun/2024:00:34:42 +0200] "GET /ticket2/opencms/en/buy/?page=6&comcatid=66708183-7480-3365-06BF-DBF60280AB45&catid=30D5812D-0858-4843-8F45-C38AE504153C HTTP/1.1" 200 73155
52.70.240.171 - - [28/Jun/2024:00:34:46 +0200] "GET /ticket2/opencms/sites/ticketbrokerage/sv/sport/fotbollsbiljetter/premier_league/everton/ HTTP/1.1" 404 -
23.22.35.162 - - [28/Jun/2024:00:34:50 +0200] "GET /ticket2/opencms/sites/ticketbrokerage/sv/sport/fotbollsbiljetter/premier_league/chelsea/wigan.html HTTP/1.1" 404 -
23.22.35.162 - - [28/Jun/2024:00:34:54 +0200] "GET /ticket2/opencms/sites/ticketbrokerage/sv/sport/fotbollsbiljetter/premier_league/chelsea/stoke.html HTTP/1.1" 404 -
94.23.7.188 - - [28/Jun/2024:00:34:55 +0200] "GET /ticket2/opencms/robots.txt HTTP/1.1" 200 773
23.22.35.162 - - [28/Jun/2024:00:34:58 +0200] "GET /ticket2/opencms/sites/ticketbrokerage/sv/sport/fotbollsbiljetter/premier_league/chelsea/ HTTP/1.1" 404 -
5.9.55.228 - - [28/Jun/2024:00:34:59 +0200] "GET /ticket2/opencms/en/buy/?page=6&comcatid=97eca65a-72da-f9af-9dbb-245d3cfed1be&catid=55d1256d-bdd9-cba3-47a3-0a252f702555 HTTP/1.1" 200 71625
94.23.7.188 - - [28/Jun/2024:00:35:00 +0200] "GET /ticket2/opencms/fi/login/?edid=B2E5BFF4-A3CD-3EDE-214C-30C8A05EA888 HTTP/1.1" 200 75191
217.182.134.101 - - [28/Jun/2024:00:35:01 +0200] "GET /ticket2/opencms/se/robots.txt HTTP/1.1" 404 -
3.224.220.101 - - [28/Jun/2024:00:35:02 +0200] "GET /ticket2/opencms/sites/ticketbrokerage/sv/sport/fotbollsbiljetter/premier_league/arsenal/wigan.html HTTP/1.1" 404 -
23.22.35.162 - - [28/Jun/2024:00:35:05 +0200] "GET /ticket2/opencms/sites/ticketbrokerage/sv/sport/fotbollsbiljetter/premier_league/arsenal/stoke.html HTTP/1.1" 404 -
94.23.7.188 - - [28/Jun/2024:00:35:07 +0200] "GET /ticket2/opencms/fi/login/?edid=B2F92221-2B73-EA2C-C166-398C5B5E8EA2 HTTP/1.1" 200 75191
217.182.134.101 - - [28/Jun/2024:00:35:07 +0200] "GET /ticket2/opencms/se/ru/buy/?page=1&edid=FAC9FF2C-BDFB-9630-300A-95FC3BA9095B&sortorder=desc&column=row HTTP/1.1" 404 -
66.249.75.106 - - [28/Jun/2024:00:35:07 +0200] "GET /ticket2/opencms/fi/buy/?page=1&edid=73ADC408-1051-3D3B-0D53-5DA8E608120E HTTP/1.1" 200 112805
66.249.72.33 - - [28/Jun/2024:00:35:09 +0200] "GET /ticket2/opencms/sv/buy/?page=1&edid=D582FDF1-C885-7FD8-841B-6D2DEF5C38A4 HTTP/1.1" 200 111430
66.249.69.128 - - [28/Jun/2024:00:35:09 +0200] "GET /ticket2/opencms/dk/buy/?page=1&edid=FDE2CB1B-737B-857F-7431-BD450E7D3BBB HTTP/1.1" 200 111663
66.249.75.168 - - [28/Jun/2024:00:35:10 +0200] "GET /ticket2/opencms/no/buy/?page=1&edid=236F7016-4763-1BAF-F2F0-3C25D5C100A7 HTTP/1.1" 200 112273
3.224.220.101 - - [28/Jun/2024:00:35:10 +0200] "GET /ticket2/opencms/sites/ticketbrokerage/sv/sport/fotbollsbiljetter/premier_league/arsenal/ HTTP/1.1" 404 -
94.23.7.188 - - [28/Jun/2024:00:35:12 +0200] "GET /ticket2/opencms/fi/login/?edid=B3E9D9E7-B50F-08FD-E8CA-41A1BFDA893A HTTP/1.1" 200 75191
217.182.134.101 - - [28/Jun/2024:00:35:12 +0200] "GET /ticket2/opencms/se/ru/buy/?page=1&edid=FAD16CFC-593C-3F8A-EEDB-202690D24C14 HTTP/1.1" 404 -
3.224.220.101 - - [28/Jun/2024:00:35:14 +0200] "GET /ticket2/opencms/sites/ticketbrokerage/sv/sport/fotbollsbiljetter/premier_league/london/ HTTP/1.1" 404 -
5.9.55.228 - - [28/Jun/2024:00:35:15 +0200] "GET /ticket2/opencms/en/venue/?countryid=93055F81-99D6-0EE6-3CC8-FB4301992434 HTTP/1.1" 200 100730
52.70.240.171 - - [28/Jun/2024:00:35:18 +0200] "GET /ticket2/opencms/sites/ticketbrokerage/sv/sport/fotbollsbiljetter/premier_league/west-bromwich-albion/newcastle-united.html HTTP/1.1" 404 -
217.182.134.101 - - [28/Jun/2024:00:35:18 +0200] "GET /ticket2/opencms/se/ru/buy/?page=1&edid=FAD16CFC-593C-3F8A-EEDB-202690D24C14&sortorder=desc&column=price HTTP/1.1" 404 -
23.22.35.162 - - [28/Jun/2024:00:35:21 +0200] "GET /ticket2/opencms/sites/ticketbrokerage/sv/sport/fotbollsbiljetter/premier_league/west-bromwich-albion/manchester_united.html HTTP/1.1" 404 -
217.182.134.101 - - [28/Jun/2024:00:35:23 +0200] "GET /ticket2/opencms/se/ru/buy/?page=1&edid=FAD16CFC-593C-3F8A-EEDB-202690D24C14&sortorder=desc&column=section HTTP/1.1" 404 -
94.23.7.188 - - [28/Jun/2024:00:35:24 +0200] "GET /ticket2/opencms/fi/login/?edid=B5867527-E4E8-2B72-A634-6B0BB4ADFC64 HTTP/1.1" 200 75191
3.224.220.101 - - [28/Jun/2024:00:35:26 +0200] "GET /ticket2/opencms/sites/ticketbrokerage/sv/sport/fotbollsbiljetter/premier_league/west-bromwich-albion/bolton_wanderers.html HTTP/1.1" 404 -
217.182.134.101 - - [28/Jun/2024:00:35:28 +0200] "GET /ticket2/opencms/se/ru/buy/?page=1&edid=FB626257-F009-754B-29C0-9609C8BA12FE&sortorder=desc&column=price HTTP/1.1" 404 -
52.70.240.171 - - [28/Jun/2024:00:35:30 +0200] "GET /ticket2/opencms/sites/ticketbrokerage/sv/sport/fotbollsbiljetter/premier_league/west-bromwich-albion/blackburn_rovers.html HTTP/1.1" 404 -
5.9.55.228 - - [28/Jun/2024:00:35:31 +0200] "GET /ticket2/opencms/en/buy/?page=6&comcatid=A17713B6-D984-201A-4143-ED4DB5ED5C2E&catid=21C3854B-901E-11F9-7B7D-6838CC6AFAA4&eventid=4BFE0049-E26D-F28C-59BF-33D4A5B123CD HTTP/1.1" 200 82216
217.182.134.101 - - [28/Jun/2024:00:35:34 +0200] "GET /ticket2/opencms/se/ru/buy/?page=1&edid=FB626257-F009-754B-29C0-9609C8BA12FE&sortorder=desc&column=row HTTP/1.1" 404 -
3.224.220.101 - - [28/Jun/2024:00:35:34 +0200] "GET /ticket2/opencms/sites/ticketbrokerage/sv/sport/fotbollsbiljetter/premier_league/newcastle-united/west-bromwich-albion.html HTTP/1.1" 404 -
94.23.7.188 - - [28/Jun/2024:00:35:35 +0200] "GET /ticket2/opencms/fi/login/?edid=B6C307FF-9F98-CF26-05DA-F53F99E1E2A8 HTTP/1.1" 200 75191
40.77.167.8 - - [28/Jun/2024:00:35:37 +0200] "GET /ticket2/opencms/no/sport/fotballsbilletter/bundesliga/koln/ HTTP/1.1" 200 74270
52.70.240.171 - - [28/Jun/2024:00:35:38 +0200] "GET /ticket2/opencms/sites/ticketbrokerage/sv/sport/fotbollsbiljetter/premier_league/manchester_united/west-bromwich-albion.html HTTP/1.1" 404 -
217.182.134.101 - - [28/Jun/2024:00:35:39 +0200] "GET /ticket2/opencms/se/ru/buy/?page=1&edid=FB626257-F009-754B-29C0-9609C8BA12FE&sortorder=desc&column=section HTTP/1.1" 404 -
3.224.220.101 - - [28/Jun/2024:00:35:42 +0200] "GET /ticket2/opencms/sites/ticketbrokerage/sv/sport/fotbollsbiljetter/premier_league/blackburn_rovers/west-bromwich-albion.html HTTP/1.1" 404 -
94.23.7.188 - - [28/Jun/2024:00:35:44 +0200] "GET /ticket2/opencms/fi/login/?edid=B6D0A9AB-69A7-9419-F7A9-AFE901370F8E HTTP/1.1" 200 75191
217.182.134.101 - - [28/Jun/2024:00:35:45 +0200] "GET /ticket2/opencms/se/ru/buy/?page=1&edid=FB730AA6-A470-8EFB-27FE-924D530AC7B8 HTTP/1.1" 404 -
40.77.167.33 - - [28/Jun/2024:00:35:46 +0200] "GET /ticket2/opencms/en/venue/?venueid=78D0C4A5-99DA-B045-D1D7-45F70CE9F600 HTTP/1.1" 200 71350
52.70.240.171 - - [28/Jun/2024:00:35:46 +0200] "GET /ticket2/opencms/sites/ticketbrokerage/sv/sport/fotbollsbiljetter/english-championship/sheffield-wednesday/ HTTP/1.1" 404 -
5.9.55.228 - - [28/Jun/2024:00:35:47 +0200] "GET /ticket2/opencms/en/venue/?countryid=B20C8D7E-8670-29D2-39FF-631E784DF97A HTTP/1.1" 200 100730
47.128.44.240 - - [28/Jun/2024:00:35:47 +0200] "GET /ticket2/opencms/dk/sport/fodboldbilletter/la-liga/mallorca/ HTTP/1.1" 200 73073
47.128.44.240 - - [28/Jun/2024:00:35:48 +0200] "GET /ticket2/opencms/system/modules/com.gridnine.opencms.ticketbrokerage.site/resources/pics/logo-new.png HTTP/1.1" 200 13541
47.128.44.240 - - [28/Jun/2024:00:35:48 +0200] "GET /ticket2/opencms/system/modules/com.gridnine.opencms.ticketbrokerage.site/resources/pics/banners/sv/la_liga_sv.png HTTP/1.1" 200 13455
47.128.44.240 - - [28/Jun/2024:00:35:49 +0200] "GET /ticket2/opencms/system/modules/com.gridnine.opencms.ticketbrokerage.site/resources/pics/bank_6_american_express.png HTTP/1.1" 200 5570
47.128.44.240 - - [28/Jun/2024:00:35:49 +0200] "GET /ticket2/opencms/system/modules/com.gridnine.opencms.ticketbrokerage.site/resources/pics/bank_1_nordea.png HTTP/1.1" 200 4807
47.128.44.240 - - [28/Jun/2024:00:35:49 +0200] "GET /ticket2/opencms/system/modules/com.gridnine.opencms.ticketbrokerage.site/resources/pics/bank_2_handelsbanken.png HTTP/1.1" 200 4509
47.128.44.240 - - [28/Jun/2024:00:35:49 +0200] "GET /ticket2/opencms/system/modules/com.gridnine.opencms.ticketbrokerage.site/resources/pics/bank_4_seb.png HTTP/1.1" 200 2487
47.128.44.240 - - [28/Jun/2024:00:35:49 +0200] "GET /ticket2/opencms/system/modules/com.gridnine.opencms.ticketbrokerage.site/resources/pics/bank_3_swedbank.png HTTP/1.1" 200 5740
47.128.44.240 - - [28/Jun/2024:00:35:49 +0200] "GET /ticket2/opencms/system/modules/com.gridnine.opencms.ticketbrokerage.site/resources/pics/bank_5_visa_mastercard.png HTTP/1.1" 200 8196
52.70.240.171 - - [28/Jun/2024:00:35:50 +0200] "GET /ticket2/opencms/sites/ticketbrokerage/sv/sport/fotbollsbiljetter/english-championship/peterborough-united/ HTTP/1.1" 404 -
217.182.134.101 - - [28/Jun/2024:00:35:50 +0200] "GET /ticket2/opencms/se/ru/buy/?page=1&edid=FBB50624-B32A-B7F0-C315-0584FA25CBE8&sortorder=desc&column=price HTTP/1.1" 404 -
94.23.7.188 - - [28/Jun/2024:00:35:51 +0200] "GET /ticket2/opencms/fi/login/?edid=B7653BD0-33A8-8039-42B6-78FA5A3DEC82 HTTP/1.1" 200 75191
52.70.240.171 - - [28/Jun/2024:00:35:54 +0200] "GET /ticket2/opencms/sites/ticketbrokerage/sv/sport/fotbollsbiljetter/premier_league/wolverhampton/west-bromwich-albion.html HTTP/1.1" 404 -
217.182.134.101 - - [28/Jun/2024:00:35:56 +0200] "GET /ticket2/opencms/se/ru/buy/?page=1&edid=FBE996A6-C796-D456-AEF9-77A7DD0E617C&sortorder=asc&column=row HTTP/1.1" 404 -
52.70.240.171 - - [28/Jun/2024:00:35:58 +0200] "GET /ticket2/opencms/sites/ticketbrokerage/sv/sport/fotbollsbiljetter/premier_league/wolverhampton/manchester_united.html HTTP/1.1" 404 -
216.245.221.83 - - [28/Jun/2024:00:35:59 +0200] "HEAD /ticket2/opencms/ HTTP/1.1" 302 -
94.23.7.188 - - [28/Jun/2024:00:36:00 +0200] "GET /ticket2/opencms/fi/login/?edid=B86A01F6-CD99-BBB7-5D71-0530D5327838 HTTP/1.1" 200 75191
216.245.221.83 - - [28/Jun/2024:00:36:01 +0200] "HEAD /ticket2/opencms/en/ HTTP/1.1" 200 -
217.182.134.101 - - [28/Jun/2024:00:36:02 +0200] "GET /ticket2/opencms/se/ru/buy/?page=1&edid=FC8166F8-5150-95FE-6FDF-33A45AACF965&sortorder=desc&column=row HTTP/1.1" 404 -
3.224.220.101 - - [28/Jun/2024:00:36:02 +0200] "GET /ticket2/opencms/sites/ticketbrokerage/sv/sport/fotbollsbiljetter/premier_league/west-bromwich-albion/wolverhampton.html HTTP/1.1" 404 -
5.9.55.228 - - [28/Jun/2024:00:36:03 +0200] "GET /ticket2/opencms/en/buy/?page=6&comcatid=A17713B6-D984-201A-4143-ED4DB5ED5C2E&catid=21C3854B-901E-11F9-7B7D-6838CC6AFAA4&eventid=6FF9EBE1-05EE-AA1E-A54F-A9D14CF13922 HTTP/1.1" 200 82216
52.70.240.171 - - [28/Jun/2024:00:36:06 +0200] "GET /ticket2/opencms/sites/ticketbrokerage/sv/sport/fotbollsbiljetter/premier_league/west-bromwich-albion/west_ham_united.html HTTP/1.1" 404 -
217.182.134.101 - - [28/Jun/2024:00:36:07 +0200] "GET /ticket2/opencms/se/ru/buy/?page=1&edid=FC8166F8-5150-95FE-6FDF-33A45AACF965&sortorder=desc&column=section HTTP/1.1" 404 -
94.23.7.188 - - [28/Jun/2024:00:36:09 +0200] "GET /ticket2/opencms/fi/login/?edid=B8736786-BDEB-839B-CA60-E0B1B63D3892 HTTP/1.1" 200 75191
3.224.220.101 - - [28/Jun/2024:00:36:10 +0200] "GET /ticket2/opencms/sites/ticketbrokerage/sv/sport/fotbollsbiljetter/premier_league/west-bromwich-albion/sunderland.html HTTP/1.1" 404 -
66.249.72.35 - - [28/Jun/2024:00:36:12 +0200] "GET /ticket2/opencms/sv/buy/?page=1&edid=95423F1B-D1AB-68DD-A58C-5DE97CA2D553 HTTP/1.1" 200 111232
66.249.69.142 - - [28/Jun/2024:00:36:12 +0200] "GET /ticket2/opencms/dk/buy/?page=1&edid=7568E602-7C67-35D2-952F-D243F8930169 HTTP/1.1" 200 111448
217.182.134.101 - - [28/Jun/2024:00:36:13 +0200] "GET /ticket2/opencms/se/ru/buy/?page=1&edid=FCCEA0AD-179D-2AD4-9A08-938973A163A5&sortorder=asc&column=price HTTP/1.1" 404 -
23.22.35.162 - - [28/Jun/2024:00:36:13 +0200] "GET /ticket2/opencms/sites/ticketbrokerage/sv/sport/fotbollsbiljetter/premier_league/west-bromwich-albion/manchester_city.html HTTP/1.1" 404 -
94.23.7.188 - - [28/Jun/2024:00:36:15 +0200] "GET /ticket2/opencms/fi/login/?edid=B8936E2A-2B55-9BF8-E0E7-457CCCF1DAC4 HTTP/1.1" 200 75191
23.22.35.162 - - [28/Jun/2024:00:36:18 +0200] "GET /ticket2/opencms/sites/ticketbrokerage/sv/sport/fotbollsbiljetter/premier_league/west-bromwich-albion/birmingham.html HTTP/1.1" 404 -
217.182.134.101 - - [28/Jun/2024:00:36:18 +0200] "GET /ticket2/opencms/se/ru/buy/?page=1&edid=FCFF64F4-8470-ED2D-AA1E-ED0A7C017F3F&sortorder=asc&column=price HTTP/1.1" 404 -
5.9.55.228 - - [28/Jun/2024:00:36:19 +0200] "GET /ticket2/opencms/en/venue/?countryid=7181F1B1-BB62-9D43-5EFA-B07E8505C9FD HTTP/1.1" 200 100730
23.22.35.162 - - [28/Jun/2024:00:36:22 +0200] "GET /ticket2/opencms/sites/ticketbrokerage/sv/sport/fotbollsbiljetter/premier_league/west-bromwich-albion/aston_villa.html HTTP/1.1" 404 -
94.23.7.188 - - [28/Jun/2024:00:36:24 +0200] "GET /ticket2/opencms/fi/login/?edid=B98D516C-CC78-1E81-3AAE-6D20BC505A80 HTTP/1.1" 200 75191
217.182.134.101 - - [28/Jun/2024:00:36:25 +0200] "GET /ticket2/opencms/se/ru/buy/?page=1&edid=FCFF64F4-8470-ED2D-AA1E-ED0A7C017F3F&sortorder=desc&column=price HTTP/1.1" 404 -
3.224.220.101 - - [28/Jun/2024:00:36:26 +0200] "GET /ticket2/opencms/sites/ticketbrokerage/sv/sport/fotbollsbiljetter/premier_league/sunderland/west-bromwich-albion.html HTTP/1.1" 404 -
3.224.220.101 - - [28/Jun/2024:00:36:30 +0200] "GET /ticket2/opencms/sites/ticketbrokerage/sv/sport/fotbollsbiljetter/premier_league/newcastle-united/manchester_united.html HTTP/1.1" 404 -
217.182.134.101 - - [28/Jun/2024:00:36:31 +0200] "GET /ticket2/opencms/se/ru/buy/?page=1&edid=FCFF64F4-8470-ED2D-AA1E-ED0A7C017F3F&sortorder=desc&column=row HTTP/1.1" 404 -
94.23.7.188 - - [28/Jun/2024:00:36:31 +0200] "GET /ticket2/opencms/fi/login/?edid=BB394FD3-070C-1E2C-9920-F550F89B00A2 HTTP/1.1" 200 75191
3.224.220.101 - - [28/Jun/2024:00:36:34 +0200] "GET /ticket2/opencms/sites/ticketbrokerage/sv/sport/fotbollsbiljetter/premier_league/newcastle-united/manchester_city.html HTTP/1.1" 404 -
5.9.55.228 - - [28/Jun/2024:00:36:35 +0200] "GET /ticket2/opencms/en/buy/?page=6&comcatid=A17713B6-D984-201A-4143-ED4DB5ED5C2E&catid=21C3854B-901E-11F9-7B7D-6838CC6AFAA4&eventid=7016CF1B-CC52-94F9-4136-362E6D3CC9D6 HTTP/1.1" 200 82216
217.182.134.101 - - [28/Jun/2024:00:36:37 +0200] "GET /ticket2/opencms/se/ru/buy/?page=1&edid=FCFF64F4-8470-ED2D-AA1E-ED0A7C017F3F&sortorder=desc&column=section HTTP/1.1" 404 -
94.23.7.188 - - [28/Jun/2024:00:36:37 +0200] "GET /ticket2/opencms/fi/login/?edid=BC81A9B9-DAA0-AAD8-65DE-038B140B862E HTTP/1.1" 200 75191
23.22.35.162 - - [28/Jun/2024:00:36:38 +0200] "GET /ticket2/opencms/sites/ticketbrokerage/sv/sport/fotbollsbiljetter/premier_league/newcastle-united/bolton_wanderers.html HTTP/1.1" 404 -
47.128.28.157 - - [28/Jun/2024:00:36:39 +0200] "GET /ticket2/opencms/fi/urheilu/jalkapallo/la-liga/atletico_madrid/ HTTP/1.1" 200 75781
47.128.28.157 - - [28/Jun/2024:00:36:40 +0200] "GET /ticket2/opencms/system/modules/com.gridnine.opencms.ticketbrokerage.site/resources/pics/logo-new.png HTTP/1.1" 200 13541
47.128.28.157 - - [28/Jun/2024:00:36:41 +0200] "GET /ticket2/opencms/system/modules/com.gridnine.opencms.ticketbrokerage.site/resources/pics/bank_2_handelsbanken.png HTTP/1.1" 200 4509
47.128.28.157 - - [28/Jun/2024:00:36:41 +0200] "GET /ticket2/opencms/system/modules/com.gridnine.opencms.ticketbrokerage.site/resources/pics/bank_4_seb.png HTTP/1.1" 200 2487
47.128.28.157 - - [28/Jun/2024:00:36:41 +0200] "GET /ticket2/opencms/system/modules/com.gridnine.opencms.ticketbrokerage.site/resources/pics/banners/team/la_liga/atletico.png HTTP/1.1" 200 72699
47.128.28.157 - - [28/Jun/2024:00:36:41 +0200] "GET /ticket2/opencms/system/modules/com.gridnine.opencms.ticketbrokerage.site/resources/pics/bank_1_nordea.png HTTP/1.1" 200 4807
47.128.28.157 - - [28/Jun/2024:00:36:41 +0200] "GET /ticket2/opencms/system/modules/com.gridnine.opencms.ticketbrokerage.site/resources/pics/bank_3_swedbank.png HTTP/1.1" 200 5740
47.128.28.157 - - [28/Jun/2024:00:36:41 +0200] "GET /ticket2/opencms/system/modules/com.gridnine.opencms.ticketbrokerage.site/resources/pics/bank_5_visa_mastercard.png HTTP/1.1" 200 8196
47.128.28.157 - - [28/Jun/2024:00:36:41 +0200] "GET /ticket2/opencms/system/modules/com.gridnine.opencms.ticketbrokerage.site/resources/pics/bank_6_american_express.png HTTP/1.1" 200 5570
52.70.240.171 - - [28/Jun/2024:00:36:42 +0200] "GET /ticket2/opencms/sites/ticketbrokerage/sv/sport/fotbollsbiljetter/premier_league/newcastle-united/blackburn_rovers.html HTTP/1.1" 404 -
217.182.134.101 - - [28/Jun/2024:00:36:43 +0200] "GET /ticket2/opencms/se/ru/buy/?page=1&edid=FD05ABF5-CDE6-7E14-6315-57144B5C58D0 HTTP/1.1" 404 -
94.23.7.188 - - [28/Jun/2024:00:36:44 +0200] "GET /ticket2/opencms/fi/login/?edid=BFD97D9E-908E-08FB-387F-F82638E47D0F HTTP/1.1" 200 75191
23.22.35.162 - - [28/Jun/2024:00:36:46 +0200] "GET /ticket2/opencms/sites/ticketbrokerage/sv/sport/fotbollsbiljetter/premier_league/manchester_united/wolverhampton.html HTTP/1.1" 404 -
114.119.128.162 - - [28/Jun/2024:00:36:47 +0200] "GET /ticket2/opencms/en/venue/?venueid=C3E4CC75-3C9F-601D-8995-33AEDA27699E HTTP/1.1" 200 71377
47.128.114.152 - - [28/Jun/2024:00:36:48 +0200] "GET /ticket2/opencms/fi/buy/?edid=7F2B1FEA-20FE-7448-32AC-111154CA401B HTTP/1.1" 200 73261
47.128.114.152 - - [28/Jun/2024:00:36:49 +0200] "GET /ticket2/opencms/system/modules/com.gridnine.opencms.ticketbrokerage.site/resources/pics/logo-new.png HTTP/1.1" 200 13541
217.182.134.101 - - [28/Jun/2024:00:36:49 +0200] "GET /ticket2/opencms/se/ru/buy/?page=1&edid=FD05ABF5-CDE6-7E14-6315-57144B5C58D0&sortorder=desc&column=price HTTP/1.1" 404 -
47.128.114.152 - - [28/Jun/2024:00:36:49 +0200] "GET /ticket2/opencms/system/modules/com.gridnine.opencms.ticketbrokerage.site/resources/pics/bank_1_nordea.png HTTP/1.1" 200 4807
3.224.220.101 - - [28/Jun/2024:00:36:49 +0200] "GET /ticket2/opencms/sites/ticketbrokerage/sv/sport/fotbollsbiljetter/premier_league/manchester_united/west_ham_united.html HTTP/1.1" 404 -
47.128.114.152 - - [28/Jun/2024:00:36:50 +0200] "GET /ticket2/opencms/system/modules/com.gridnine.opencms.ticketbrokerage.site/resources/pics/bank_4_seb.png HTTP/1.1" 200 2487
47.128.114.152 - - [28/Jun/2024:00:36:50 +0200] "GET /ticket2/opencms/system/modules/com.gridnine.opencms.ticketbrokerage.site/resources/pics/bank_2_handelsbanken.png HTTP/1.1" 200 4509
47.128.114.152 - - [28/Jun/2024:00:36:50 +0200] "GET /ticket2/opencms/system/modules/com.gridnine.opencms.ticketbrokerage.site/resources/pics/bank_3_swedbank.png HTTP/1.1" 200 5740
47.128.114.152 - - [28/Jun/2024:00:36:50 +0200] "GET /ticket2/opencms/system/modules/com.gridnine.opencms.ticketbrokerage.site/resources/pics/bank_5_visa_mastercard.png HTTP/1.1" 200 8196
47.128.114.152 - - [28/Jun/2024:00:36:50 +0200] "GET /ticket2/opencms/system/modules/com.gridnine.opencms.ticketbrokerage.site/resources/pics/bank_6_american_express.png HTTP/1.1" 200 5570
5.9.55.228 - - [28/Jun/2024:00:36:51 +0200] "GET /ticket2/opencms/en/venue/?countryid=733736B0-BB51-71CE-21FF-5220C9ACD245 HTTP/1.1" 200 101421
94.23.7.188 - - [28/Jun/2024:00:36:51 +0200] "GET /ticket2/opencms/fi/login/?edid=D83D543C-26F5-1FF2-6B40-9A4027C56CF1 HTTP/1.1" 200 75191
3.224.220.101 - - [28/Jun/2024:00:36:53 +0200] "GET /ticket2/opencms/sites/ticketbrokerage/sv/sport/fotbollsbiljetter/premier_league/manchester_united/newcastle-united.html HTTP/1.1" 404 -
217.182.134.101 - - [28/Jun/2024:00:36:55 +0200] "GET /ticket2/opencms/se/ru/buy/?page=1&edid=FD05ABF5-CDE6-7E14-6315-57144B5C58D0&sortorder=desc&column=section HTTP/1.1" 404 -
52.70.240.171 - - [28/Jun/2024:00:36:58 +0200] "GET /ticket2/opencms/sites/ticketbrokerage/sv/sport/fotbollsbiljetter/premier_league/manchester_united/manchester_city.html HTTP/1.1" 404 -
94.23.7.188 - - [28/Jun/2024:00:36:58 +0200] "GET /ticket2/opencms/fi/login/?edid=D9590EEA-A3BA-EAE9-0517-4EA431179E08 HTTP/1.1" 200 75191
5.9.55.228 - - [28/Jun/2024:00:36:59 +0200] "GET /ticket2/opencms/en/buy/?page=6&comcatid=A17713B6-D984-201A-4143-ED4DB5ED5C2E&catid=21C3854B-901E-11F9-7B7D-6838CC6AFAA4&eventid=B1E27EAD-2DAB-B132-68A0-815602472CC3 HTTP/1.1" 200 82216
23.22.35.162 - - [28/Jun/2024:00:37:02 +0200] "GET /ticket2/opencms/sites/ticketbrokerage/sv/sport/fotbollsbiljetter/premier_league/manchester_united/bolton_wanderers.html HTTP/1.1" 404 -
217.182.134.101 - - [28/Jun/2024:00:37:02 +0200] "GET /ticket2/opencms/se/ru/buy/?page=1&edid=FD40A981-6092-7EFC-5D69-1BF486842E80&sortorder=desc&column=price HTTP/1.1" 404 -
3.224.220.101 - - [28/Jun/2024:00:37:05 +0200] "GET /ticket2/opencms/sites/ticketbrokerage/sv/sport/fotbollsbiljetter/premier_league/manchester_united/blackburn_rovers.html HTTP/1.1" 404 -
94.23.7.188 - - [28/Jun/2024:00:37:07 +0200] "GET /ticket2/opencms/fi/login/?edid=FED98890-38A2-BE27-329F-29074A06DF0E HTTP/1.1" 200 75191
217.182.134.101 - - [28/Jun/2024:00:37:09 +0200] "GET /ticket2/opencms/se/ru/buy/?page=1&edid=FDF79470-7ABA-EC81-F653-55487B859239&sortorder=desc&column=price HTTP/1.1" 404 -
3.224.220.101 - - [28/Jun/2024:00:37:10 +0200] "GET /ticket2/opencms/sites/ticketbrokerage/sv/sport/fotbollsbiljetter/premier_league/manchester_city/west_ham_united.html HTTP/1.1" 404 -
52.70.240.171 - - [28/Jun/2024:00:37:14 +0200] "GET /ticket2/opencms/sites/ticketbrokerage/sv/sport/fotbollsbiljetter/premier_league/manchester_city/west-bromwich-albion.html HTTP/1.1" 404 -
94.23.7.188 - - [28/Jun/2024:00:37:15 +0200] "GET /ticket2/opencms/fi/login/?edid=FF2B86C5-202C-F6A1-F44E-1F4D4F393656 HTTP/1.1" 200 75191
5.9.55.228 - - [28/Jun/2024:00:37:15 +0200] "GET /ticket2/opencms/en/buy?edid=53295BAC-18AC-7C4A-B0D4-A319E386EA83&page=1 HTTP/1.1" 200 88332
217.182.134.101 - - [28/Jun/2024:00:37:15 +0200] "GET /ticket2/opencms/se/ru/buy/?page=1&edid=FDF79470-7ABA-EC81-F653-55487B859239&sortorder=desc&column=row HTTP/1.1" 404 -
3.224.220.101 - - [28/Jun/2024:00:37:18 +0200] "GET /ticket2/opencms/sites/ticketbrokerage/sv/sport/fotbollsbiljetter/premier_league/manchester_city/newcastle-united.html HTTP/1.1" 404 -
94.23.7.188 - - [28/Jun/2024:00:37:19 +0200] "GET /ticket2/opencms/fi/urheilu/jalkapallo/mm_2018/ HTTP/1.1" 200 73972
3.224.220.101 - - [28/Jun/2024:00:37:22 +0200] "GET /ticket2/opencms/sites/ticketbrokerage/sv/sport/fotbollsbiljetter/premier_league/manchester_city/manchester_united.html HTTP/1.1" 404 -
217.182.134.101 - - [28/Jun/2024:00:37:22 +0200] "GET /ticket2/opencms/se/ru/buy/?page=1&edid=FDF79470-7ABA-EC81-F653-55487B859239&sortorder=desc&column=section HTTP/1.1" 404 -
94.23.7.188 - - [28/Jun/2024:00:37:23 +0200] "GET /ticket2/opencms/no/buy/?page=1&edid=023AD109-F894-EFD4-D5CA-0D6D561D2D6F HTTP/1.1" 200 89648
23.22.35.162 - - [28/Jun/2024:00:37:26 +0200] "GET /ticket2/opencms/sites/ticketbrokerage/sv/sport/fotbollsbiljetter/premier_league/manchester_city/bolton_wanderers.html HTTP/1.1" 404 -
94.23.7.188 - - [28/Jun/2024:00:37:27 +0200] "GET /ticket2/opencms/no/buy/?page=1&edid=0D33199C-853B-C4DC-F1E2-6CF75BE0B211&sortorder=desc&column=row HTTP/1.1" 200 89701
185.202.238.84 - - [28/Jun/2024:00:37:28 +0200] "GET /ticket2/opencms/dk/dk/buy/?page=1&edid=DA55EA94-C407-D79D-D7C5-6A263E676A12&sortorder=asc&column=price HTTP/1.1" 404 -
217.182.134.101 - - [28/Jun/2024:00:37:28 +0200] "GET /ticket2/opencms/se/ru/buy/?page=1&edid=FE84BAFC-CCB6-50CE-4161-D28C42F593C7&sortorder=desc&column=row HTTP/1.1" 404 -
23.22.35.162 - - [28/Jun/2024:00:37:30 +0200] "GET /ticket2/opencms/sites/ticketbrokerage/sv/sport/fotbollsbiljetter/premier_league/manchester_city/blackburn_rovers.html HTTP/1.1" 404 -
47.128.18.91 - - [28/Jun/2024:00:37:30 +0200] "GET /ticket2/opencms/de/sport/fussball-tickets/bundesliga/union_berlin/ HTTP/1.1" 200 72960
5.9.55.228 - - [28/Jun/2024:00:37:31 +0200] "GET /ticket2/opencms/en/buy/?page=6&comcatid=A17713B6-D984-201A-4143-ED4DB5ED5C2E&catid=21C3854B-901E-11F9-7B7D-6838CC6AFAA4&eventid=D0B62F92-773A-01D8-AF39-BADE4098B080 HTTP/1.1" 200 82216
47.128.18.91 - - [28/Jun/2024:00:37:31 +0200] "GET /ticket2/opencms/system/modules/com.gridnine.opencms.ticketbrokerage.site/resources/pics/logo-new.png HTTP/1.1" 200 13541
47.128.18.91 - - [28/Jun/2024:00:37:31 +0200] "GET /ticket2/opencms/system/modules/com.gridnine.opencms.ticketbrokerage.site/resources/pics/bank_5_visa_mastercard.png HTTP/1.1" 200 8196
47.128.18.91 - - [28/Jun/2024:00:37:32 +0200] "GET /ticket2/opencms/system/modules/com.gridnine.opencms.ticketbrokerage.site/resources/pics/bank_2_handelsbanken.png HTTP/1.1" 200 4509
47.128.18.91 - - [28/Jun/2024:00:37:32 +0200] "GET /ticket2/opencms/system/modules/com.gridnine.opencms.ticketbrokerage.site/resources/pics/bank_3_swedbank.png HTTP/1.1" 200 5740
47.128.18.91 - - [28/Jun/2024:00:37:32 +0200] "GET /ticket2/opencms/system/modules/com.gridnine.opencms.ticketbrokerage.site/resources/pics/bank_4_seb.png HTTP/1.1" 200 2487
47.128.18.91 - - [28/Jun/2024:00:37:32 +0200] "GET /ticket2/opencms/system/modules/com.gridnine.opencms.ticketbrokerage.site/resources/pics/bank_1_nordea.png HTTP/1.1" 200 4807
47.128.18.91 - - [28/Jun/2024:00:37:32 +0200] "GET /ticket2/opencms/system/modules/com.gridnine.opencms.ticketbrokerage.site/resources/pics/bank_6_american_express.png HTTP/1.1" 200 5570
94.23.7.188 - - [28/Jun/2024:00:37:33 +0200] "GET /ticket2/opencms/no/buy/?page=1&edid=0D33199C-853B-C4DC-F1E2-6CF75BE0B211&sortorder=desc&column=section HTTP/1.1" 200 89701
52.70.240.171 - - [28/Jun/2024:00:37:34 +0200] "GET /ticket2/opencms/sites/ticketbrokerage/sv/sport/fotbollsbiljetter/premier_league/bolton_wanderers/newcastle-united.html HTTP/1.1" 404 -
217.182.134.101 - - [28/Jun/2024:00:37:35 +0200] "GET /ticket2/opencms/se/ru/buy/?page=1&edid=FE84BAFC-CCB6-50CE-4161-D28C42F593C7&sortorder=desc&column=section HTTP/1.1" 404 -
94.23.7.188 - - [28/Jun/2024:00:37:36 +0200] "GET /ticket2/opencms/no/buy/?page=1&edid=0ECEC175-ADD8-B26B-0BD6-3DD4DE0DB9DC HTTP/1.1" 200 89642
52.70.240.171 - - [28/Jun/2024:00:37:38 +0200] "GET /ticket2/opencms/sites/ticketbrokerage/sv/sport/fotbollsbiljetter/premier_league/bolton_wanderers/manchester_united.html HTTP/1.1" 404 -
94.23.7.188 - - [28/Jun/2024:00:37:39 +0200] "GET /ticket2/opencms/no/buy/?page=1&edid=2DEDC008-A8E2-8338-9113-89CEDCB5E81A&sortorder=desc&column=row HTTP/1.1" 200 89683
217.182.134.101 - - [28/Jun/2024:00:37:41 +0200] "GET /ticket2/opencms/se/ru/buy/?page=1&edid=FF18A9C9-331A-E2D9-B8C7-EBC4245F1EB2&sortorder=desc&column=price HTTP/1.1" 404 -
52.70.240.171 - - [28/Jun/2024:00:37:42 +0200] "GET /ticket2/opencms/sites/ticketbrokerage/sv/sport/fotbollsbiljetter/premier_league/bolton_wanderers/manchester_city.html HTTP/1.1" 404 -
94.23.7.188 - - [28/Jun/2024:00:37:45 +0200] "GET /ticket2/opencms/no/buy/?page=1&edid=2DEDC008-A8E2-8338-9113-89CEDCB5E81A&sortorder=desc&column=section HTTP/1.1" 200 89683
3.224.220.101 - - [28/Jun/2024:00:37:45 +0200] "GET /ticket2/opencms/sites/ticketbrokerage/sv/sport/fotbollsbiljetter/premier_league/bolton_wanderers/blackburn_rovers.html HTTP/1.1" 404 -
5.9.55.228 - - [28/Jun/2024:00:37:47 +0200] "GET /ticket2/opencms/en/buy?edid=53F1F8CB-98EB-A326-A494-AF4377C60A64&page=1 HTTP/1.1" 200 88329
40.77.167.19 - - [28/Jun/2024:00:37:48 +0200] "GET /ticket2/opencms/en/venue/?venueid=3D756351-FBAD-67FE-A41F-C6999E0ACB04 HTTP/1.1" 200 71330
217.182.134.101 - - [28/Jun/2024:00:37:49 +0200] "GET /ticket2/opencms/se/ru/buy/?page=1&edid=FFD295A3-4EEF-0AC4-F4B4-46E2317B286E&sortorder=asc&column=section HTTP/1.1" 404 -
23.22.35.162 - - [28/Jun/2024:00:37:50 +0200] "GET /ticket2/opencms/sites/ticketbrokerage/sv/sport/fotbollsbiljetter/premier_league/blackburn_rovers/west_ham_united.html HTTP/1.1" 404 -
23.22.35.162 - - [28/Jun/2024:00:37:54 +0200] "GET /ticket2/opencms/sites/ticketbrokerage/sv/sport/fotbollsbiljetter/premier_league/blackburn_rovers/newcastle-united.html HTTP/1.1" 404 -
94.23.7.188 - - [28/Jun/2024:00:37:54 +0200] "GET /ticket2/opencms/no/buy/?page=1&edid=4457AAA5-B79C-4CFF-795B-48A1890E4376&sortorder=desc&column=price HTTP/1.1" 200 89695
94.23.7.188 - - [28/Jun/2024:00:37:57 +0200] "GET /ticket2/opencms/no/buy/?page=1&edid=4457AAA5-B79C-4CFF-795B-48A1890E4376&sortorder=desc&column=row HTTP/1.1" 200 89695
23.22.35.162 - - [28/Jun/2024:00:37:58 +0200] "GET /ticket2/opencms/sites/ticketbrokerage/sv/sport/fotbollsbiljetter/premier_league/blackburn_rovers/manchester_united.html HTTP/1.1" 404 -
94.23.7.188 - - [28/Jun/2024:00:38:00 +0200] "GET /ticket2/opencms/no/buy/?page=1&edid=4D091DAA-A6FD-9335-E2FA-E89697CE58C9&sortorder=desc&column=row HTTP/1.1" 200 89692
23.22.35.162 - - [28/Jun/2024:00:38:02 +0200] "GET /ticket2/opencms/sites/ticketbrokerage/sv/sport/fotbollsbiljetter/premier_league/blackburn_rovers/manchester_city.html HTTP/1.1" 404 -
94.23.7.188 - - [28/Jun/2024:00:38:02 +0200] "GET /ticket2/opencms/no/buy/?page=1&edid=4F10F0FD-0073-B564-973B-CB2F36E999C3 HTTP/1.1" 200 89656
5.9.55.228 - - [28/Jun/2024:00:38:04 +0200] "GET /ticket2/opencms/en/buy/?page=6&comcatid=A17713B6-D984-201A-4143-ED4DB5ED5C2E&catid=24AC1CA6-1C09-0BE5-C04A-9DCCDB15D5E9 HTTP/1.1" 200 82212
94.23.7.188 - - [28/Jun/2024:00:38:05 +0200] "GET /ticket2/opencms/no/buy/?page=1&edid=590EDDB9-B981-09D2-E0FC-F6E1B491368A HTTP/1.1" 200 89648
52.70.240.171 - - [28/Jun/2024:00:38:06 +0200] "GET /ticket2/opencms/sites/ticketbrokerage/sv/sport/fotbollsbiljetter/premier_league/blackburn_rovers/bolton_wanderers.html HTTP/1.1" 404 -
94.23.7.188 - - [28/Jun/2024:00:38:09 +0200] "GET /ticket2/opencms/no/buy/?page=1&edid=66EA5353-0EED-D56D-04FB-B3F43B6CCED9 HTTP/1.1" 200 89646
3.224.220.101 - - [28/Jun/2024:00:38:10 +0200] "GET /ticket2/opencms/sites/ticketbrokerage/sv/sport/fotbollsbiljetter/premier_league/birmingham/west-bromwich-albion.html HTTP/1.1" 404 -
94.23.7.188 - - [28/Jun/2024:00:38:11 +0200] "GET /ticket2/opencms/no/buy/?page=1&edid=66EA5353-0EED-D56D-04FB-B3F43B6CCED9&sortorder=desc&column=price HTTP/1.1" 200 89681
94.23.7.188 - - [28/Jun/2024:00:38:14 +0200] "GET /ticket2/opencms/no/buy/?page=1&edid=74131A78-3ACC-99E6-1155-5093F043A0B8 HTTP/1.1" 200 89646
3.224.220.101 - - [28/Jun/2024:00:38:14 +0200] "GET /ticket2/opencms/sites/ticketbrokerage/sv/sport/fotbollsbiljetter/english-championship/yeovil-town/ HTTP/1.1" 404 -
66.249.76.193 - - [28/Jun/2024:00:38:15 +0200] "GET /ticket2/opencms/sv/buy/?page=1&edid=341262D8-7A59-5821-1DA8-A5F36D843BF9 HTTP/1.1" 200 116895
66.249.75.169 - - [28/Jun/2024:00:38:16 +0200] "GET /ticket2/opencms/de/fi/buy/?page=6&comcatid=A17713B6-D984-201A-4143-ED4DB5ED5C2E&catid=B0817F4C-4B6F-A68C-6229-209BB05F84D4 HTTP/1.1" 404 -
94.23.7.188 - - [28/Jun/2024:00:38:17 +0200] "GET /ticket2/opencms/no/buy/?page=1&edid=782016FF-6554-96DE-4A09-06440A1EA20B HTTP/1.1" 200 89654
3.224.220.101 - - [28/Jun/2024:00:38:18 +0200] "GET /ticket2/opencms/sites/ticketbrokerage/sv/sport/fotbollsbiljetter/english-championship/sheffield-united/ HTTP/1.1" 404 -
5.9.55.228 - - [28/Jun/2024:00:38:21 +0200] "GET /ticket2/opencms/en/buy?edid=58191E9F-859F-D479-F3B3-FBCE20F76FBB&page=1 HTTP/1.1" 200 86947
47.128.63.107 - - [28/Jun/2024:00:38:21 +0200] "GET /ticket2/opencms/dk/sport/ HTTP/1.1" 200 70622
94.23.7.188 - - [28/Jun/2024:00:38:21 +0200] "GET /ticket2/opencms/no/buy/?page=1&edid=7CBC2073-43B3-6AB9-9406-E231332EAC38 HTTP/1.1" 200 89667
47.128.63.107 - - [28/Jun/2024:00:38:22 +0200] "GET /ticket2/opencms/system/modules/com.gridnine.opencms.ticketbrokerage.site/resources/pics/logo-new.png HTTP/1.1" 200 13541
47.128.63.107 - - [28/Jun/2024:00:38:22 +0200] "GET /ticket2/opencms/system/modules/com.gridnine.opencms.ticketbrokerage.site/resources/pics/bank_1_nordea.png HTTP/1.1" 200 4807
23.22.35.162 - - [28/Jun/2024:00:38:22 +0200] "GET /ticket2/opencms/sites/ticketbrokerage/sv/sport/fotbollsbiljetter/english-championship/scunthorpe-united/ HTTP/1.1" 404 -
47.128.63.107 - - [28/Jun/2024:00:38:23 +0200] "GET /ticket2/opencms/system/modules/com.gridnine.opencms.ticketbrokerage.site/resources/pics/bank_3_swedbank.png HTTP/1.1" 200 5740
47.128.63.107 - - [28/Jun/2024:00:38:23 +0200] "GET /ticket2/opencms/system/modules/com.gridnine.opencms.ticketbrokerage.site/resources/pics/bank_4_seb.png HTTP/1.1" 200 2487
47.128.63.107 - - [28/Jun/2024:00:38:23 +0200] "GET /ticket2/opencms/system/modules/com.gridnine.opencms.ticketbrokerage.site/resources/pics/bank_5_visa_mastercard.png HTTP/1.1" 200 8196
47.128.63.107 - - [28/Jun/2024:00:38:23 +0200] "GET /ticket2/opencms/system/modules/com.gridnine.opencms.ticketbrokerage.site/resources/pics/bank_2_handelsbanken.png HTTP/1.1" 200 4509
47.128.63.107 - - [28/Jun/2024:00:38:23 +0200] "GET /ticket2/opencms/system/modules/com.gridnine.opencms.ticketbrokerage.site/resources/pics/bank_6_american_express.png HTTP/1.1" 200 5570
94.23.7.188 - - [28/Jun/2024:00:38:23 +0200] "GET /ticket2/opencms/no/buy/?page=1&edid=7CBC2073-43B3-6AB9-9406-E231332EAC38&sortorder=desc&column=price HTTP/1.1" 200 89702
23.22.35.162 - - [28/Jun/2024:00:38:26 +0200] "GET /ticket2/opencms/sites/ticketbrokerage/sv/sport/fotbollsbiljetter/english-championship/preston-north-end/ HTTP/1.1" 404 -
94.23.7.188 - - [28/Jun/2024:00:38:27 +0200] "GET /ticket2/opencms/no/buy/?page=1&edid=7CBC2073-43B3-6AB9-9406-E231332EAC38&sortorder=desc&column=section HTTP/1.1" 200 89702
94.23.7.188 - - [28/Jun/2024:00:38:30 +0200] "GET /ticket2/opencms/no/buy/?page=1&edid=8C84F5E0-FA25-C5E3-D5D6-2695128F01FC HTTP/1.1" 200 89660
23.22.35.162 - - [28/Jun/2024:00:38:31 +0200] "GET /ticket2/opencms/sites/ticketbrokerage/sv/sport/fotbollsbiljetter/english-championship/portsmouth/ HTTP/1.1" 404 -
94.23.7.188 - - [28/Jun/2024:00:38:32 +0200] "GET /ticket2/opencms/no/buy/?page=1&edid=8C84F5E0-FA25-C5E3-D5D6-2695128F01FC&sortorder=desc&column=price HTTP/1.1" 200 89695
52.70.240.171 - - [28/Jun/2024:00:38:34 +0200] "GET /ticket2/opencms/sites/ticketbrokerage/sv/sport/fotbollsbiljetter/english-championship/plymouth-argyle/ HTTP/1.1" 404 -
94.23.7.188 - - [28/Jun/2024:00:38:35 +0200] "GET /ticket2/opencms/no/buy/?page=1&edid=8C84F5E0-FA25-C5E3-D5D6-2695128F01FC&sortorder=desc&column=row HTTP/1.1" 200 89695
5.9.55.228 - - [28/Jun/2024:00:38:36 +0200] "GET /ticket2/opencms/en/buy/?page=6&comcatid=A17713B6-D984-201A-4143-ED4DB5ED5C2E&catid=2DE12DDA-A5FB-C1C6-CB20-FBF873FB032B HTTP/1.1" 200 82224
94.23.7.188 - - [28/Jun/2024:00:38:38 +0200] "GET /ticket2/opencms/no/buy/?page=1&edid=CF3BDDE8-6C6B-F85B-528C-11C48A316B2B HTTP/1.1" 200 89647
23.22.35.162 - - [28/Jun/2024:00:38:38 +0200] "GET /ticket2/opencms/sites/ticketbrokerage/sv/sport/fotbollsbiljetter/english-championship/nottingham-forest/ HTTP/1.1" 404 -
94.23.7.188 - - [28/Jun/2024:00:38:40 +0200] "GET /ticket2/opencms/no/buy/?page=1&edid=DD7009E0-BEDD-5FDF-FBEC-9803C9276491 HTTP/1.1" 200 89646
52.70.240.171 - - [28/Jun/2024:00:38:43 +0200] "GET /ticket2/opencms/sites/ticketbrokerage/sv/sport/fotbollsbiljetter/english-championship/millwall/ HTTP/1.1" 404 -
94.23.7.188 - - [28/Jun/2024:00:38:44 +0200] "GET /ticket2/opencms/no/buy/?page=1&edid=DD7009E0-BEDD-5FDF-FBEC-9803C9276491&sortorder=desc&column=price HTTP/1.1" 200 89681
216.245.221.83 - - [28/Jun/2024:00:38:45 +0200] "HEAD /ticket2/opencms/ HTTP/1.1" 302 -
216.245.221.83 - - [28/Jun/2024:00:38:45 +0200] "HEAD /ticket2/opencms/en/ HTTP/1.1" 200 -
3.224.220.101 - - [28/Jun/2024:00:38:46 +0200] "GET /ticket2/opencms/sites/ticketbrokerage/sv/sport/fotbollsbiljetter/english-championship/leicester-city/ HTTP/1.1" 404 -
94.23.7.188 - - [28/Jun/2024:00:38:47 +0200] "GET /ticket2/opencms/no/buy/?page=1&edid=DD7009E0-BEDD-5FDF-FBEC-9803C9276491&sortorder=desc&column=row HTTP/1.1" 200 89681
3.224.220.101 - - [28/Jun/2024:00:38:50 +0200] "GET /ticket2/opencms/sites/ticketbrokerage/sv/sport/fotbollsbiljetter/english-championship/doncaster-rovers/ HTTP/1.1" 404 -
94.23.7.188 - - [28/Jun/2024:00:38:51 +0200] "GET /ticket2/opencms/no/buy/?page=1&edid=E2BA566F-7943-8BEC-96B9-9CC0C50C3F94 HTTP/1.1" 200 89644
5.9.55.228 - - [28/Jun/2024:00:38:52 +0200] "GET /ticket2/opencms/en/buy?edid=5CB5FE80-D6A2-EABB-565B-174233253B32&page=1 HTTP/1.1" 200 88362
66.249.76.170 - - [28/Jun/2024:00:38:53 +0200] "GET /ticket2/opencms/sites/ticketbrokerage/sv/tickets/stoke/West_Ham.html HTTP/1.1" 404 -
94.23.7.188 - - [28/Jun/2024:00:38:53 +0200] "GET /ticket2/opencms/no/buy/?page=1&edid=E3B46C02-527F-BFED-1199-3D6C38556545 HTTP/1.1" 200 89655
23.22.35.162 - - [28/Jun/2024:00:38:55 +0200] "GET /ticket2/opencms/sites/ticketbrokerage/sv/sport/fotbollsbiljetter/english-championship/crystal-palace/ HTTP/1.1" 404 -
94.23.7.188 - - [28/Jun/2024:00:38:56 +0200] "GET /ticket2/opencms/no/buy/?page=1&edid=E8847AD1-35CC-3C72-3A90-470EF1CAF178 HTTP/1.1" 200 89661
23.22.35.162 - - [28/Jun/2024:00:38:58 +0200] "GET /ticket2/opencms/sites/ticketbrokerage/sv/sport/fotbollsbiljetter/english-championship/coventry/ HTTP/1.1" 404 -
94.23.7.188 - - [28/Jun/2024:00:38:59 +0200] "GET /ticket2/opencms/no/buy/?page=1&edid=E8847AD1-35CC-3C72-3A90-470EF1CAF178&sortorder=desc&column=price HTTP/1.1" 200 89696
52.70.240.171 - - [28/Jun/2024:00:39:02 +0200] "GET /ticket2/opencms/sites/ticketbrokerage/sv/sport/fotbollsbiljetter/english-championship/charlton_athletic/ HTTP/1.1" 404 -
47.128.46.185 - - [28/Jun/2024:00:39:04 +0200] "GET /ticket2/opencms/fi/buy/?edid=8E087689-30A7-E7AD-9853-CFBC4F6216DD HTTP/1.1" 200 73261
47.128.46.185 - - [28/Jun/2024:00:39:05 +0200] "GET /ticket2/opencms/system/modules/com.gridnine.opencms.ticketbrokerage.site/resources/pics/logo-new.png HTTP/1.1" 200 13541
47.128.46.185 - - [28/Jun/2024:00:39:05 +0200] "GET /ticket2/opencms/system/modules/com.gridnine.opencms.ticketbrokerage.site/resources/pics/bank_1_nordea.png HTTP/1.1" 200 4807
47.128.46.185 - - [28/Jun/2024:00:39:06 +0200] "GET /ticket2/opencms/system/modules/com.gridnine.opencms.ticketbrokerage.site/resources/pics/bank_4_seb.png HTTP/1.1" 200 2487
47.128.46.185 - - [28/Jun/2024:00:39:06 +0200] "GET /ticket2/opencms/system/modules/com.gridnine.opencms.ticketbrokerage.site/resources/pics/bank_2_handelsbanken.png HTTP/1.1" 200 4509
47.128.46.185 - - [28/Jun/2024:00:39:06 +0200] "GET /ticket2/opencms/system/modules/com.gridnine.opencms.ticketbrokerage.site/resources/pics/bank_3_swedbank.png HTTP/1.1" 200 5740
47.128.46.185 - - [28/Jun/2024:00:39:06 +0200] "GET /ticket2/opencms/system/modules/com.gridnine.opencms.ticketbrokerage.site/resources/pics/bank_5_visa_mastercard.png HTTP/1.1" 200 8196
47.128.46.185 - - [28/Jun/2024:00:39:06 +0200] "GET /ticket2/opencms/system/modules/com.gridnine.opencms.ticketbrokerage.site/resources/pics/bank_6_american_express.png HTTP/1.1" 200 5570
52.70.240.171 - - [28/Jun/2024:00:39:06 +0200] "GET /ticket2/opencms/sites/ticketbrokerage/sv/sport/fotbollsbiljetter/english-championship/barnsley/ HTTP/1.1" 404 -
94.23.7.188 - - [28/Jun/2024:00:39:06 +0200] "GET /ticket2/opencms/no/buy/?page=1&edid=E8847AD1-35CC-3C72-3A90-470EF1CAF178&sortorder=desc&column=row HTTP/1.1" 200 89696
5.9.55.228 - - [28/Jun/2024:00:39:07 +0200] "GET /ticket2/opencms/en/buy/?page=6&comcatid=A17713B6-D984-201A-4143-ED4DB5ED5C2E&catid=2FC3D548-EAF9-1354-0CD2-7D7619DA2334 HTTP/1.1" 200 82204
94.23.7.188 - - [28/Jun/2024:00:39:09 +0200] "GET /ticket2/opencms/no/buy/?page=1&edid=E8847AD1-35CC-3C72-3A90-470EF1CAF178&sortorder=desc&column=section HTTP/1.1" 200 89696
23.22.35.162 - - [28/Jun/2024:00:39:10 +0200] "GET /ticket2/opencms/sites/ticketbrokerage/sv/sport/fotbollsbiljetter/bundesliga/borussia-monchengladbach/ HTTP/1.1" 404 -
47.128.28.186 - - [28/Jun/2024:00:39:12 +0200] "GET /ticket2/opencms/de/sport/fussball-tickets/ligue_1/ HTTP/1.1" 500 -
40.77.167.24 - - [28/Jun/2024:00:39:13 +0200] "GET /ticket2/opencms/en/venue/?venueid=7DFE5FAB-A7F9-D9CB-B181-D0F227E04C90 HTTP/1.1" 200 71335
94.23.7.188 - - [28/Jun/2024:00:39:13 +0200] "GET /ticket2/opencms/no/buy/?page=1&edid=F2FE555C-AC27-5AA8-8120-C9C64D18709B HTTP/1.1" 200 89656
23.22.35.162 - - [28/Jun/2024:00:39:18 +0200] "GET /ticket2/opencms/sites/ticketbrokerage/sv/sport/fotbollsbiljetter/la_liga/real_madrid/atletico_madrid.html HTTP/1.1" 404 -
66.249.72.34 - - [28/Jun/2024:00:39:18 +0200] "GET /ticket2/opencms/sv/buy/?page=1&edid=B77A7006-DEDC-BDA0-58BA-235C61E5D6CF HTTP/1.1" 200 110879
3.224.220.101 - - [28/Jun/2024:00:39:18 +0200] "GET /ticket2/opencms/sites/ticketbrokerage/sv/sport/fotbollsbiljetter/la_liga/real_madrid/racing_santander.html HTTP/1.1" 404 -
66.249.75.161 - - [28/Jun/2024:00:39:20 +0200] "GET /ticket2/opencms/sv/venue/?venueid=5825560D-8AFF-5FEB-2C32-D0E0D585D6B3 HTTP/1.1" 200 72176
94.23.7.188 - - [28/Jun/2024:00:39:20 +0200] "GET /ticket2/opencms/no/buy/?page=1&edid=F2FE555C-AC27-5AA8-8120-C9C64D18709B&sortorder=desc&column=price HTTP/1.1" 200 89691
66.249.76.170 - - [28/Jun/2024:00:39:21 +0200] "GET /ticket2/opencms/no/buy/?page=1&edid=EEFAB7C0-3C91-2ED8-FD3D-A04D1C19AF16 HTTP/1.1" 200 111798
52.70.240.171 - - [28/Jun/2024:00:39:23 +0200] "GET /ticket2/opencms/sites/ticketbrokerage/sv/sport/fotbollsbiljetter/la_liga/deportivo-de-la-coruna/ HTTP/1.1" 404 -
5.9.55.228 - - [28/Jun/2024:00:39:23 +0200] "GET /ticket2/opencms/en/buy?edid=5D321DC0-F322-723C-4DDF-C824F908AD14&page=1 HTTP/1.1" 200 86703
94.23.7.188 - - [28/Jun/2024:00:39:24 +0200] "GET /ticket2/opencms/no/buy/?page=1&edid=F9D480C8-CC9A-5C4B-D090-F29D97AF622B HTTP/1.1" 200 89656
23.22.35.162 - - [28/Jun/2024:00:39:25 +0200] "GET /ticket2/opencms/sites/ticketbrokerage/sv/sport/fotbollsbiljetter/premier_league/wolverhampton/west_ham.html HTTP/1.1" 404 -
94.23.7.188 - - [28/Jun/2024:00:39:27 +0200] "GET /ticket2/opencms/no/buy/?page=1&edid=FA7D6BC6-E757-B554-9DC3-402FA5982C97 HTTP/1.1" 200 89658
3.224.220.101 - - [28/Jun/2024:00:39:30 +0200] "GET /ticket2/opencms/sites/ticketbrokerage/sv/sport/fotbollsbiljetter/premier_league/wolverhampton/tottenham.html HTTP/1.1" 404 -
94.23.7.188 - - [28/Jun/2024:00:39:32 +0200] "GET /ticket2/opencms/no/buy/?page=1&edid=FF27455A-A259-2E61-E278-C658588A9BEE HTTP/1.1" 200 89646
3.224.220.101 - - [28/Jun/2024:00:39:34 +0200] "GET /ticket2/opencms/sites/ticketbrokerage/sv/sport/fotbollsbiljetter/premier_league/wolverhampton/swansea.html HTTP/1.1" 404 -
94.23.7.188 - - [28/Jun/2024:00:39:36 +0200] "GET /ticket2/opencms/no/sport/fotballsbilletter/vm_2018/ HTTP/1.1" 200 73754
159.138.85.189 - - [28/Jun/2024:00:39:37 +0200] "GET /ticket2/opencms/sv/buy/?page=1&edid=3BF84162-7DAE-562C-A4D1-16310EB68CA0 HTTP/1.1" 200 89020
23.22.35.162 - - [28/Jun/2024:00:39:38 +0200] "GET /ticket2/opencms/sites/ticketbrokerage/sv/sport/fotbollsbiljetter/premier_league/wolverhampton/newcastle-united.html HTTP/1.1" 404 -
5.9.55.228 - - [28/Jun/2024:00:39:40 +0200] "GET /ticket2/opencms/en/buy/?page=6&comcatid=A17713B6-D984-201A-4143-ED4DB5ED5C2E&catid=36394212-F82E-F845-399B-42BED55969CC HTTP/1.1" 200 82217
94.23.7.188 - - [28/Jun/2024:00:39:41 +0200] "GET /ticket2/opencms/sv/buy/?page=1&edid=00BA3A64-EDC5-90ED-4A19-9BAB3786C088 HTTP/1.1" 200 87552
23.22.35.162 - - [28/Jun/2024:00:39:42 +0200] "GET /ticket2/opencms/sites/ticketbrokerage/sv/sport/fotbollsbiljetter/premier_league/wolverhampton/manchester_city.html HTTP/1.1" 404 -
94.23.7.188 - - [28/Jun/2024:00:39:45 +0200] "GET /ticket2/opencms/sv/buy/?page=1&edid=00BA3A64-EDC5-90ED-4A19-9BAB3786C088&sortorder=asc&column=section HTTP/1.1" 200 87588
3.224.220.101 - - [28/Jun/2024:00:39:46 +0200] "GET /ticket2/opencms/sites/ticketbrokerage/sv/sport/fotbollsbiljetter/premier_league/wolverhampton/liverpool.html HTTP/1.1" 404 -
94.23.7.188 - - [28/Jun/2024:00:39:48 +0200] "GET /ticket2/opencms/sv/buy/?page=1&edid=00BA3A64-EDC5-90ED-4A19-9BAB3786C088&sortorder=desc&column=section HTTP/1.1" 200 87587
5.9.55.228 - - [28/Jun/2024:00:39:48 +0200] "GET /ticket2/opencms/en/buy?edid=5D7AF932-9046-B540-398E-21D39A8B4BC0&page=1 HTTP/1.1" 200 87884
3.224.220.101 - - [28/Jun/2024:00:39:50 +0200] "GET /ticket2/opencms/sites/ticketbrokerage/sv/sport/fotbollsbiljetter/premier_league/wolverhampton/fulham.html HTTP/1.1" 404 -
94.23.7.188 - - [28/Jun/2024:00:39:52 +0200] "GET /ticket2/opencms/sv/buy/?page=1&edid=0154E95E-0A44-1BF2-0329-4E27FA15E52D&sortorder=asc&column=price HTTP/1.1" 200 88645
3.224.220.101 - - [28/Jun/2024:00:39:54 +0200] "GET /ticket2/opencms/sites/ticketbrokerage/sv/sport/fotbollsbiljetter/premier_league/wolverhampton/everton.html HTTP/1.1" 404 -
94.23.7.188 - - [28/Jun/2024:00:39:54 +0200] "GET /ticket2/opencms/sv/buy/?page=1&edid=0154E95E-0A44-1BF2-0329-4E27FA15E52D&sortorder=asc&column=row HTTP/1.1" 200 88645
94.23.7.188 - - [28/Jun/2024:00:39:57 +0200] "GET /ticket2/opencms/sv/buy/?page=1&edid=0154E95E-0A44-1BF2-0329-4E27FA15E52D&sortorder=asc&column=section HTTP/1.1" 200 88645
5.9.55.228 - - [28/Jun/2024:00:39:57 +0200] "GET /ticket2/opencms/en/buy/?page=6&comcatid=A17713B6-D984-201A-4143-ED4DB5ED5C2E&catid=36394212-F82E-F845-399B-42BED55969CC&eventid=1C0FC89D-D539-28E4-3F58-11BCE29E4CA8 HTTP/1.1" 200 82217
52.70.240.171 - - [28/Jun/2024:00:39:58 +0200] "GET /ticket2/opencms/sites/ticketbrokerage/sv/sport/fotbollsbiljetter/premier_league/wolverhampton/chelsea.html HTTP/1.1" 404 -
23.22.35.162 - - [28/Jun/2024:00:40:02 +0200] "GET /ticket2/opencms/sites/ticketbrokerage/sv/sport/fotbollsbiljetter/premier_league/wolverhampton/bolton_wanderers.html HTTP/1.1" 404 -
94.23.7.188 - - [28/Jun/2024:00:40:02 +0200] "GET /ticket2/opencms/sv/buy/?page=1&edid=0154E95E-0A44-1BF2-0329-4E27FA15E52D&sortorder=desc&column=price HTTP/1.1" 200 88644
47.128.20.34 - - [28/Jun/2024:00:40:03 +0200] "GET /ticket2/opencms/dk/sport/fodboldbilletter/la-liga/rayo_vallecano/ HTTP/1.1" 200 73107
47.128.20.34 - - [28/Jun/2024:00:40:03 +0200] "GET /ticket2/opencms/system/modules/com.gridnine.opencms.ticketbrokerage.site/resources/pics/logo-new.png HTTP/1.1" 200 13541
47.128.20.34 - - [28/Jun/2024:00:40:04 +0200] "GET /ticket2/opencms/system/modules/com.gridnine.opencms.ticketbrokerage.site/resources/pics/banners/team/la_liga/rayo.png HTTP/1.1" 200 70289
94.23.7.188 - - [28/Jun/2024:00:40:04 +0200] "GET /ticket2/opencms/sv/buy/?page=1&edid=0154E95E-0A44-1BF2-0329-4E27FA15E52D&sortorder=desc&column=row HTTP/1.1" 200 88644
47.128.20.34 - - [28/Jun/2024:00:40:04 +0200] "GET /ticket2/opencms/system/modules/com.gridnine.opencms.ticketbrokerage.site/resources/pics/bank_1_nordea.png HTTP/1.1" 200 4807
47.128.20.34 - - [28/Jun/2024:00:40:04 +0200] "GET /ticket2/opencms/system/modules/com.gridnine.opencms.ticketbrokerage.site/resources/pics/bank_4_seb.png HTTP/1.1" 200 2487
47.128.20.34 - - [28/Jun/2024:00:40:04 +0200] "GET /ticket2/opencms/system/modules/com.gridnine.opencms.ticketbrokerage.site/resources/pics/bank_3_swedbank.png HTTP/1.1" 200 5740
47.128.20.34 - - [28/Jun/2024:00:40:04 +0200] "GET /ticket2/opencms/system/modules/com.gridnine.opencms.ticketbrokerage.site/resources/pics/bank_2_handelsbanken.png HTTP/1.1" 200 4509
47.128.20.34 - - [28/Jun/2024:00:40:05 +0200] "GET /ticket2/opencms/system/modules/com.gridnine.opencms.ticketbrokerage.site/resources/pics/bank_5_visa_mastercard.png HTTP/1.1" 200 8196
47.128.20.34 - - [28/Jun/2024:00:40:05 +0200] "GET /ticket2/opencms/system/modules/com.gridnine.opencms.ticketbrokerage.site/resources/pics/bank_6_american_express.png HTTP/1.1" 200 5570
23.22.35.162 - - [28/Jun/2024:00:40:05 +0200] "GET /ticket2/opencms/sites/ticketbrokerage/sv/sport/fotbollsbiljetter/premier_league/wolverhampton/blackpool.html HTTP/1.1" 404 -
94.23.7.188 - - [28/Jun/2024:00:40:09 +0200] "GET /ticket2/opencms/sv/buy/?page=1&edid=0154E95E-0A44-1BF2-0329-4E27FA15E52D&sortorder=desc&column=section HTTP/1.1" 200 88644
23.22.35.162 - - [28/Jun/2024:00:40:10 +0200] "GET /ticket2/opencms/sites/ticketbrokerage/sv/sport/fotbollsbiljetter/premier_league/wolverhampton/blackburn_rovers.html HTTP/1.1" 404 -
94.23.7.188 - - [28/Jun/2024:00:40:11 +0200] "GET /ticket2/opencms/sv/buy/?page=1&edid=023AD109-F894-EFD4-D5CA-0D6D561D2D6F HTTP/1.1" 200 89100
3.224.220.101 - - [28/Jun/2024:00:40:14 +0200] "GET /ticket2/opencms/sites/ticketbrokerage/sv/sport/fotbollsbiljetter/premier_league/wolverhampton/aston_villa.html HTTP/1.1" 404 -
94.23.7.188 - - [28/Jun/2024:00:40:15 +0200] "GET /ticket2/opencms/sv/buy/?page=1&edid=02E70633-B7C9-B546-F009-7238F851DD63&sortorder=asc&column=price HTTP/1.1" 200 89142
5.9.55.228 - - [28/Jun/2024:00:40:16 +0200] "GET /ticket2/opencms/en/buy?edid=EE88A278-4246-5F52-B464-8A4E30AD7F5A&page=1 HTTP/1.1" 200 87882
40.77.167.43 - - [28/Jun/2024:00:40:17 +0200] "GET /ticket2/opencms/sv/venue/?countryid=99879305-CFA6-190E-0159-90B37D9BF760 HTTP/1.1" 200 101554
