23.22.35.162 - - [28/Jun/2024:02:35:18 +0200] "GET /ticket2/opencms/de/buy/?edid=9CB65BAE-DCD8-2D95-397D-813CF31BA500&page=1 HTTP/1.1" 200 112238
23.22.35.162 - - [28/Jun/2024:02:35:22 +0200] "GET /ticket2/opencms/de/buy/?edid=BB439D2C-76B4-AD0C-0FC4-79A0CD539AA0&page=1 HTTP/1.1" 200 111443
52.70.240.171 - - [28/Jun/2024:02:35:26 +0200] "GET /ticket2/opencms/de/buy/?edid=B12376C6-BA7F-3D61-F970-EF51106430AB&page=1 HTTP/1.1" 200 107193
47.128.39.22 - - [28/Jun/2024:02:35:27 +0200] "GET /ticket2/opencms/dk/sport/fodboldbilletter/champions_league/ HTTP/1.1" 200 78181
47.128.39.22 - - [28/Jun/2024:02:35:28 +0200] "GET /ticket2/opencms/system/modules/com.gridnine.opencms.ticketbrokerage.site/resources/pics/logo-new.png HTTP/1.1" 200 13541
47.128.39.22 - - [28/Jun/2024:02:35:28 +0200] "GET /ticket2/opencms/system/modules/com.gridnine.opencms.ticketbrokerage.site/resources/pics/banners/Champions_League.jpg HTTP/1.1" 200 13893
47.128.39.22 - - [28/Jun/2024:02:35:29 +0200] "GET /ticket2/opencms/system/modules/com.gridnine.opencms.ticketbrokerage.site/resources/pics/bank_4_seb.png HTTP/1.1" 200 2487
5.9.55.228 - - [28/Jun/2024:02:35:29 +0200] "GET /ticket2/opencms/en/buy/?comcatid=A17713B6-D984-201A-4143-ED4DB5ED5C2E&catid=4B941E1B-E4E2-C53E-C693-9FA91BBA9AD5 HTTP/1.1" 200 81687
47.128.39.22 - - [28/Jun/2024:02:35:29 +0200] "GET /ticket2/opencms/system/modules/com.gridnine.opencms.ticketbrokerage.site/resources/pics/bank_1_nordea.png HTTP/1.1" 200 4807
47.128.39.22 - - [28/Jun/2024:02:35:29 +0200] "GET /ticket2/opencms/system/modules/com.gridnine.opencms.ticketbrokerage.site/resources/pics/bank_2_handelsbanken.png HTTP/1.1" 200 4509
47.128.39.22 - - [28/Jun/2024:02:35:29 +0200] "GET /ticket2/opencms/system/modules/com.gridnine.opencms.ticketbrokerage.site/resources/pics/bank_3_swedbank.png HTTP/1.1" 200 5740
47.128.39.22 - - [28/Jun/2024:02:35:29 +0200] "GET /ticket2/opencms/system/modules/com.gridnine.opencms.ticketbrokerage.site/resources/pics/bank_5_visa_mastercard.png HTTP/1.1" 200 8196
47.128.39.22 - - [28/Jun/2024:02:35:29 +0200] "GET /ticket2/opencms/system/modules/com.gridnine.opencms.ticketbrokerage.site/resources/pics/bank_6_american_express.png HTTP/1.1" 200 5570
51.222.253.2 - - [28/Jun/2024:02:35:30 +0200] "GET /ticket2/opencms/dk/venue/?countryid=23D31018-1DE6-5792-AB05-50B75604BF40 HTTP/1.1" 200 101181
52.70.240.171 - - [28/Jun/2024:02:35:30 +0200] "GET /ticket2/opencms/de/buy/?edid=BBDCBF15-1B06-DD9F-49B6-3829D3B56DBC&page=1 HTTP/1.1" 200 86562
52.70.240.171 - - [28/Jun/2024:02:35:35 +0200] "GET /ticket2/opencms/de/buy/?edid=81CABF18-BA6D-C79B-B74D-94D66EB07C86&page=1 HTTP/1.1" 200 112242
5.9.55.228 - - [28/Jun/2024:02:35:38 +0200] "GET /ticket2/opencms/en/buy/?comcatid=A17713B6-D984-201A-4143-ED4DB5ED5C2E&catid=515A9A29-35A0-2DB8-262B-AEF122DB04F6 HTTP/1.1" 200 81680
23.22.35.162 - - [28/Jun/2024:02:35:38 +0200] "GET /ticket2/opencms/de/buy/?edid=E86D89E6-4B76-0823-49E9-A4E0BE4014AF&page=1 HTTP/1.1" 200 111412
185.157.223.150 - - [28/Jun/2024:02:35:40 +0200] "GET /ticket2/tickets_export/outgoing/export.txt HTTP/1.1" 200 24612147
52.70.240.171 - - [28/Jun/2024:02:35:42 +0200] "GET /ticket2/opencms/de/buy/?edid=DBD7C3FF-3D2D-1BC9-F87B-06E7F5EA9FFB&page=1 HTTP/1.1" 200 86552
52.70.240.171 - - [28/Jun/2024:02:35:46 +0200] "GET /ticket2/opencms/de/buy/?edid=0B61E12F-3357-9D4A-8CE6-56FAB7BA659C&page=1 HTTP/1.1" 200 107198
23.22.35.162 - - [28/Jun/2024:02:35:50 +0200] "GET /ticket2/opencms/de/buy/?edid=3A899F3D-4563-653B-4B43-C09A35CA2BD9&page=1 HTTP/1.1" 200 111439
47.128.48.156 - - [28/Jun/2024:02:35:52 +0200] "GET /ticket2/opencms/fi/buy/?catid=3A7AEA37-903D-9533-4B33-21B0001FF1D1&comcatid=A17713B6-D984-201A-4143-ED4DB5ED5C2E HTTP/1.1" 200 83451
47.128.48.156 - - [28/Jun/2024:02:35:53 +0200] "GET /ticket2/opencms/system/modules/com.gridnine.opencms.ticketbrokerage.site/resources/pics/logo-new.png HTTP/1.1" 200 13541
5.9.55.228 - - [28/Jun/2024:02:35:53 +0200] "GET /ticket2/opencms/en/buy/?comcatid=A17713B6-D984-201A-4143-ED4DB5ED5C2E&catid=573B7747-EE85-D769-C87D-F3F61FB64AA5 HTTP/1.1" 200 81686
47.128.48.156 - - [28/Jun/2024:02:35:54 +0200] "GET /ticket2/opencms/system/modules/com.gridnine.opencms.ticketbrokerage.site/resources/pics/bank_5_visa_mastercard.png HTTP/1.1" 200 8196
47.128.48.156 - - [28/Jun/2024:02:35:54 +0200] "GET /ticket2/opencms/system/modules/com.gridnine.opencms.ticketbrokerage.site/resources/pics/bank_4_seb.png HTTP/1.1" 200 2487
47.128.48.156 - - [28/Jun/2024:02:35:54 +0200] "GET /ticket2/opencms/system/modules/com.gridnine.opencms.ticketbrokerage.site/resources/pics/bank_3_swedbank.png HTTP/1.1" 200 5740
47.128.48.156 - - [28/Jun/2024:02:35:55 +0200] "GET /ticket2/opencms/system/modules/com.gridnine.opencms.ticketbrokerage.site/resources/pics/bank_2_handelsbanken.png HTTP/1.1" 200 4509
47.128.48.156 - - [28/Jun/2024:02:35:55 +0200] "GET /ticket2/opencms/system/modules/com.gridnine.opencms.ticketbrokerage.site/resources/pics/bank_1_nordea.png HTTP/1.1" 200 4807
47.128.48.156 - - [28/Jun/2024:02:35:55 +0200] "GET /ticket2/opencms/system/modules/com.gridnine.opencms.ticketbrokerage.site/resources/pics/bank_6_american_express.png HTTP/1.1" 200 5570
3.224.220.101 - - [28/Jun/2024:02:35:55 +0200] "GET /ticket2/opencms/de/buy/?edid=D3AB0CA8-3C40-1AB9-8BEC-7D01F349EB4E&page=1 HTTP/1.1" 200 111336
3.224.220.101 - - [28/Jun/2024:02:35:58 +0200] "GET /ticket2/opencms/de/buy/?edid=FEE25E36-04D3-46C8-6D56-05013D91539C&page=1 HTTP/1.1" 200 86553
216.245.221.83 - - [28/Jun/2024:02:35:58 +0200] "HEAD /ticket2/opencms/ HTTP/1.1" 302 -
216.245.221.83 - - [28/Jun/2024:02:36:01 +0200] "HEAD /ticket2/opencms/en/ HTTP/1.1" 200 -
23.22.35.162 - - [28/Jun/2024:02:36:02 +0200] "GET /ticket2/opencms/de/buy/?edid=2684212B-FA50-DC4B-3CFA-1303E9638140&page=1 HTTP/1.1" 200 107166
52.70.240.171 - - [28/Jun/2024:02:36:06 +0200] "GET /ticket2/opencms/de/buy/?edid=355D3270-70A4-08B0-6A25-52C4305F40B2&page=1 HTTP/1.1" 200 86551
5.9.55.228 - - [28/Jun/2024:02:36:10 +0200] "GET /ticket2/opencms/en/buy/?comcatid=A17713B6-D984-201A-4143-ED4DB5ED5C2E&catid=5A89E483-58AD-080E-F363-E16CE738916A HTTP/1.1" 200 81686
23.22.35.162 - - [28/Jun/2024:02:36:10 +0200] "GET /ticket2/opencms/de/buy/?edid=2C538FDD-3C52-6C4F-20BD-65D603C9DD1A&page=1 HTTP/1.1" 200 88344
47.128.43.82 - - [28/Jun/2024:02:36:13 +0200] "GET /ticket2/opencms/dk/buy/?edid=3DA4D4F8-D0E8-FA39-BB7D-9FB474CBAB05 HTTP/1.1" 200 72066
47.128.43.82 - - [28/Jun/2024:02:36:14 +0200] "GET /ticket2/opencms/system/modules/com.gridnine.opencms.ticketbrokerage.site/resources/pics/logo-new.png HTTP/1.1" 200 13541
47.128.43.82 - - [28/Jun/2024:02:36:14 +0200] "GET /ticket2/opencms/system/modules/com.gridnine.opencms.ticketbrokerage.site/resources/pics/bank_1_nordea.png HTTP/1.1" 200 4807
47.128.43.82 - - [28/Jun/2024:02:36:15 +0200] "GET /ticket2/opencms/system/modules/com.gridnine.opencms.ticketbrokerage.site/resources/pics/bank_3_swedbank.png HTTP/1.1" 200 5740
47.128.43.82 - - [28/Jun/2024:02:36:15 +0200] "GET /ticket2/opencms/system/modules/com.gridnine.opencms.ticketbrokerage.site/resources/pics/bank_5_visa_mastercard.png HTTP/1.1" 200 8196
47.128.43.82 - - [28/Jun/2024:02:36:15 +0200] "GET /ticket2/opencms/system/modules/com.gridnine.opencms.ticketbrokerage.site/resources/pics/bank_2_handelsbanken.png HTTP/1.1" 200 4509
47.128.43.82 - - [28/Jun/2024:02:36:15 +0200] "GET /ticket2/opencms/system/modules/com.gridnine.opencms.ticketbrokerage.site/resources/pics/bank_4_seb.png HTTP/1.1" 200 2487
47.128.43.82 - - [28/Jun/2024:02:36:15 +0200] "GET /ticket2/opencms/system/modules/com.gridnine.opencms.ticketbrokerage.site/resources/pics/bank_6_american_express.png HTTP/1.1" 200 5570
52.70.240.171 - - [28/Jun/2024:02:36:15 +0200] "GET /ticket2/opencms/de/buy/?edid=5CA6204E-B944-1C9C-2A91-E87C8D0203BC&page=1 HTTP/1.1" 200 111348
47.128.39.209 - - [28/Jun/2024:02:36:16 +0200] "GET /ticket2/opencms/sv/buy/?catid=0A6C99D2-F5BD-7A18-9A5F-5668827042E0&comcatid=A17713B6-D984-201A-4143-ED4DB5ED5C2E&npage=2 HTTP/1.1" 200 198549
47.128.39.209 - - [28/Jun/2024:02:36:17 +0200] "GET /ticket2/opencms/system/modules/com.gridnine.opencms.ticketbrokerage.site/resources/pics/logo-new.png HTTP/1.1" 200 13541
47.128.39.209 - - [28/Jun/2024:02:36:17 +0200] "GET /ticket2/opencms/system/modules/com.gridnine.opencms.ticketbrokerage.site/resources/pics/bank_1_nordea.png HTTP/1.1" 200 4807
47.128.39.209 - - [28/Jun/2024:02:36:17 +0200] "GET /ticket2/opencms/system/modules/com.gridnine.opencms.ticketbrokerage.site/resources/pics/bank_4_seb.png HTTP/1.1" 200 2487
47.128.39.209 - - [28/Jun/2024:02:36:18 +0200] "GET /ticket2/opencms/system/modules/com.gridnine.opencms.ticketbrokerage.site/resources/pics/bank_5_visa_mastercard.png HTTP/1.1" 200 8196
47.128.39.209 - - [28/Jun/2024:02:36:18 +0200] "GET /ticket2/opencms/system/modules/com.gridnine.opencms.ticketbrokerage.site/resources/pics/bank_3_swedbank.png HTTP/1.1" 200 5740
47.128.39.209 - - [28/Jun/2024:02:36:18 +0200] "GET /ticket2/opencms/system/modules/com.gridnine.opencms.ticketbrokerage.site/resources/pics/bank_2_handelsbanken.png HTTP/1.1" 200 4509
47.128.39.209 - - [28/Jun/2024:02:36:18 +0200] "GET /ticket2/opencms/system/modules/com.gridnine.opencms.ticketbrokerage.site/resources/pics/bank_6_american_express.png HTTP/1.1" 200 5570
3.224.220.101 - - [28/Jun/2024:02:36:18 +0200] "GET /ticket2/opencms/de/buy/?edid=F2BB5427-1D4A-AECD-9787-90D94712CD18&page=1 HTTP/1.1" 200 112026
23.22.35.162 - - [28/Jun/2024:02:36:22 +0200] "GET /ticket2/opencms/de/buy/?edid=1B66F7E9-6D68-7258-D0DB-383034F8302F&page=1 HTTP/1.1" 200 112443
5.9.55.228 - - [28/Jun/2024:02:36:25 +0200] "GET /ticket2/opencms/en/buy/?comcatid=A17713B6-D984-201A-4143-ED4DB5ED5C2E&catid=64756941-02D2-3538-2077-8C2508F4A3A8 HTTP/1.1" 200 81692
3.224.220.101 - - [28/Jun/2024:02:36:26 +0200] "GET /ticket2/opencms/de/buy/?edid=73ADC408-1051-3D3B-0D53-5DA8E608120E&page=1 HTTP/1.1" 200 112238
17.241.227.185 - - [28/Jun/2024:02:36:27 +0200] "GET /ticket2/opencms/system/modules/com.gridnine.opencms.ticketbrokerage.site/resources/css/ticketbrokerage.css HTTP/1.1" 200 39339
17.241.227.133 - - [28/Jun/2024:02:36:28 +0200] "GET /ticket2/opencms/system/modules/com.gridnine.opencms.ticketbrokerage.site/resources/css/standard.css HTTP/1.1" 200 71935
17.241.227.66 - - [28/Jun/2024:02:36:28 +0200] "GET /ticket2/opencms/system/modules/com.gridnine.opencms.ticketbrokerage.site/resources/css/calendar.css HTTP/1.1" 200 6871
17.241.75.254 - - [28/Jun/2024:02:36:29 +0200] "GET /ticket2/opencms/system/modules/com.gridnine.opencms.ticketbrokerage.site/resources/js/functions.js HTTP/1.1" 200 1583
17.241.75.77 - - [28/Jun/2024:02:36:29 +0200] "GET /ticket2/opencms/system/modules/com.gridnine.opencms.ticketbrokerage.site/resources/js/calendar.js HTTP/1.1" 200 49229
17.241.227.185 - - [28/Jun/2024:02:36:29 +0200] "GET /ticket2/opencms/system/modules/com.gridnine.opencms.ticketbrokerage.site/resources/js/calendar-setup.js HTTP/1.1" 200 4923
17.241.75.34 - - [28/Jun/2024:02:36:30 +0200] "GET /ticket2/opencms/system/modules/com.gridnine.opencms.ticketbrokerage.site/resources/js/calendar-en.js HTTP/1.1" 200 3338
17.241.227.133 - - [28/Jun/2024:02:36:30 +0200] "GET /ticket2/opencms/system/modules/com.gridnine.opencms.ticketbrokerage.site/resources/js/standard.js HTTP/1.1" 200 3978
3.224.220.101 - - [28/Jun/2024:02:36:30 +0200] "GET /ticket2/opencms/de/buy/?edid=DE88C997-F247-5EDB-AB8C-0BF21F57525F&page=1 HTTP/1.1" 200 111813
66.249.87.199 - - [28/Jun/2024:02:36:31 +0200] "GET /ticket2/opencms/dk/sport/fodboldbilletter/champions_league/malmo_ff/ HTTP/1.1" 200 73069
23.22.35.162 - - [28/Jun/2024:02:36:34 +0200] "GET /ticket2/opencms/de/buy/?edid=32C765D3-F869-7E5E-98A4-5E68576F52A5&page=1 HTTP/1.1" 200 112461
23.22.35.162 - - [28/Jun/2024:02:36:38 +0200] "GET /ticket2/opencms/de/buy/?edid=FC000D61-FABC-A881-9E2E-0971242A71A3&page=1 HTTP/1.1" 200 88342
5.9.55.228 - - [28/Jun/2024:02:36:40 +0200] "GET /ticket2/opencms/en/buy/?comcatid=A17713B6-D984-201A-4143-ED4DB5ED5C2E&catid=6BD6E0B0-84AF-3A0D-3851-C1357CE9B771 HTTP/1.1" 200 81685
47.128.121.248 - - [28/Jun/2024:02:36:41 +0200] "GET /ticket2/opencms/nl/buy/?catid=82F804FA-9F69-CB6B-D41D-7BF7C716058B&comcatid=A17713B6-D984-201A-4143-ED4DB5ED5C2E&page=6 HTTP/1.1" 200 82695
52.70.240.171 - - [28/Jun/2024:02:36:42 +0200] "GET /ticket2/opencms/de/buy/?edid=79716713-A068-E79D-953B-9FF4A2B80AAB&page=1 HTTP/1.1" 200 111344
47.128.121.248 - - [28/Jun/2024:02:36:44 +0200] "GET /ticket2/opencms/system/modules/com.gridnine.opencms.ticketbrokerage.site/resources/pics/logo-new.png HTTP/1.1" 200 13541
47.128.121.248 - - [28/Jun/2024:02:36:45 +0200] "GET /ticket2/opencms/system/modules/com.gridnine.opencms.ticketbrokerage.site/resources/pics/bank_6_american_express.png HTTP/1.1" 200 5570
47.128.121.248 - - [28/Jun/2024:02:36:45 +0200] "GET /ticket2/opencms/system/modules/com.gridnine.opencms.ticketbrokerage.site/resources/pics/bank_3_swedbank.png HTTP/1.1" 200 5740
47.128.121.248 - - [28/Jun/2024:02:36:46 +0200] "GET /ticket2/opencms/system/modules/com.gridnine.opencms.ticketbrokerage.site/resources/pics/bank_1_nordea.png HTTP/1.1" 200 4807
47.128.121.248 - - [28/Jun/2024:02:36:46 +0200] "GET /ticket2/opencms/system/modules/com.gridnine.opencms.ticketbrokerage.site/resources/pics/bank_5_visa_mastercard.png HTTP/1.1" 200 8196
47.128.121.248 - - [28/Jun/2024:02:36:46 +0200] "GET /ticket2/opencms/system/modules/com.gridnine.opencms.ticketbrokerage.site/resources/pics/bank_4_seb.png HTTP/1.1" 200 2487
47.128.121.248 - - [28/Jun/2024:02:36:46 +0200] "GET /ticket2/opencms/system/modules/com.gridnine.opencms.ticketbrokerage.site/resources/pics/bank_2_handelsbanken.png HTTP/1.1" 200 4509
23.22.35.162 - - [28/Jun/2024:02:36:46 +0200] "GET /ticket2/opencms/de/buy/?edid=31FDA527-9BE5-CC0F-08BA-BAC5423FB404&page=1 HTTP/1.1" 200 86547
51.222.253.19 - - [28/Jun/2024:02:36:48 +0200] "GET /ticket2/opencms/dk/venue/?countryid=6DB0834B-E25F-449A-5515-025982E4CF10 HTTP/1.1" 200 101181
3.224.220.101 - - [28/Jun/2024:02:36:50 +0200] "GET /ticket2/opencms/de/buy/?edid=23688B8D-8D21-EBA0-1897-8BC6CFFE57DE&page=1 HTTP/1.1" 200 86554
23.22.35.162 - - [28/Jun/2024:02:36:54 +0200] "GET /ticket2/opencms/de/buy/?edid=C4141B0C-454E-2CA8-556F-909E6DA54D22&page=1 HTTP/1.1" 200 112041
5.9.55.228 - - [28/Jun/2024:02:36:55 +0200] "GET /ticket2/opencms/en/buy/?comcatid=A17713B6-D984-201A-4143-ED4DB5ED5C2E&catid=A7674DEA-B39E-502C-2F76-760AE08947E9 HTTP/1.1" 200 81692
52.70.240.171 - - [28/Jun/2024:02:36:58 +0200] "GET /ticket2/opencms/de/buy/?edid=9BFFFF0C-C809-CAED-9589-C9537A82DE22&page=1 HTTP/1.1" 200 111332
52.70.240.171 - - [28/Jun/2024:02:37:02 +0200] "GET /ticket2/opencms/de/buy/?edid=40C0E1B7-ADB1-62A5-2AFA-BC9667D7636D&page=1 HTTP/1.1" 200 86554
47.128.28.199 - - [28/Jun/2024:02:37:05 +0200] "GET /ticket2/opencms/fi/buy/?catid=6BD6E0B0-84AF-3A0D-3851-C1357CE9B771&comcatid=A17713B6-D984-201A-4143-ED4DB5ED5C2E HTTP/1.1" 200 83452
47.128.28.199 - - [28/Jun/2024:02:37:06 +0200] "GET /ticket2/opencms/system/modules/com.gridnine.opencms.ticketbrokerage.site/resources/pics/logo-new.png HTTP/1.1" 200 13541
47.128.28.199 - - [28/Jun/2024:02:37:06 +0200] "GET /ticket2/opencms/system/modules/com.gridnine.opencms.ticketbrokerage.site/resources/pics/bank_4_seb.png HTTP/1.1" 200 2487
3.224.220.101 - - [28/Jun/2024:02:37:06 +0200] "GET /ticket2/opencms/de/buy/?edid=F86B9858-FECA-8B69-0345-5BABEB4E1340&page=1 HTTP/1.1" 200 88210
47.128.28.199 - - [28/Jun/2024:02:37:07 +0200] "GET /ticket2/opencms/system/modules/com.gridnine.opencms.ticketbrokerage.site/resources/pics/bank_1_nordea.png HTTP/1.1" 200 4807
47.128.28.199 - - [28/Jun/2024:02:37:07 +0200] "GET /ticket2/opencms/system/modules/com.gridnine.opencms.ticketbrokerage.site/resources/pics/bank_3_swedbank.png HTTP/1.1" 200 5740
47.128.28.199 - - [28/Jun/2024:02:37:07 +0200] "GET /ticket2/opencms/system/modules/com.gridnine.opencms.ticketbrokerage.site/resources/pics/bank_2_handelsbanken.png HTTP/1.1" 200 4509
47.128.28.199 - - [28/Jun/2024:02:37:07 +0200] "GET /ticket2/opencms/system/modules/com.gridnine.opencms.ticketbrokerage.site/resources/pics/bank_5_visa_mastercard.png HTTP/1.1" 200 8196
47.128.28.199 - - [28/Jun/2024:02:37:07 +0200] "GET /ticket2/opencms/system/modules/com.gridnine.opencms.ticketbrokerage.site/resources/pics/bank_6_american_express.png HTTP/1.1" 200 5570
3.224.220.101 - - [28/Jun/2024:02:37:11 +0200] "GET /ticket2/opencms/de/buy/?edid=F2D85B77-0146-9383-AAB8-AFEF60C3B51B&page=1 HTTP/1.1" 200 111417
5.9.55.228 - - [28/Jun/2024:02:37:11 +0200] "GET /ticket2/opencms/en/buy/?comcatid=A17713B6-D984-201A-4143-ED4DB5ED5C2E&catid=70B37487-FE30-D476-CAE7-E6AFEA3153F2 HTTP/1.1" 200 81676
66.249.76.4 - - [28/Jun/2024:02:37:13 +0200] "GET /ticket2/opencms/sv/buy/?page=1&edid=28EF0232-AFFE-4F84-15A6-F08EC699C484 HTTP/1.1" 200 110763
3.224.220.101 - - [28/Jun/2024:02:37:14 +0200] "GET /ticket2/opencms/de/buy/?edid=47EBAE6F-817A-37A2-D93C-48B4FE4F8A77&page=1 HTTP/1.1" 200 111811
66.249.69.128 - - [28/Jun/2024:02:37:15 +0200] "GET /ticket2/opencms/dk/buy/?page=1&edid=81CABF18-BA6D-C79B-B74D-94D66EB07C86 HTTP/1.1" 200 111446
66.249.75.167 - - [28/Jun/2024:02:37:16 +0200] "GET /ticket2/opencms/de/nl/sport/voetbal-tickets/premier_league/liverpool/ HTTP/1.1" 404 -
40.77.167.132 - - [28/Jun/2024:02:37:16 +0200] "GET /ticket2/opencms/de/sport/fussball-tickets/la_liga/real_madrid/ HTTP/1.1" 200 76220
23.22.35.162 - - [28/Jun/2024:02:37:18 +0200] "GET /ticket2/opencms/de/buy/?edid=3624BB9D-BDA3-C6BF-E8FF-2DF1F5C3F73A&page=1 HTTP/1.1" 200 86548
23.22.35.162 - - [28/Jun/2024:02:37:22 +0200] "GET /ticket2/opencms/de/buy/?edid=8D58C9DD-E967-B351-A76A-68EF419B5A93&page=1 HTTP/1.1" 200 107194
52.70.240.171 - - [28/Jun/2024:02:37:26 +0200] "GET /ticket2/opencms/de/buy/?edid=E1890C55-BB29-2521-0846-5A33B1490A2E&page=1 HTTP/1.1" 200 111395
5.9.55.228 - - [28/Jun/2024:02:37:27 +0200] "GET /ticket2/opencms/en/buy/?comcatid=A17713B6-D984-201A-4143-ED4DB5ED5C2E&catid=739BFC5D-78FA-6834-D764-6CE64CA5F9EC HTTP/1.1" 200 81684
52.70.240.171 - - [28/Jun/2024:02:37:30 +0200] "GET /ticket2/opencms/de/buy/?edid=5605B728-A815-14DD-9E19-09BABDE81131&page=1 HTTP/1.1" 200 112240
23.22.35.162 - - [28/Jun/2024:02:37:34 +0200] "GET /ticket2/opencms/de/buy/?edid=84ABEF98-5B99-FE9A-F3A3-E305A7E3217D&page=1 HTTP/1.1" 200 111333
47.128.16.252 - - [28/Jun/2024:02:37:35 +0200] "GET /ticket2/opencms/de/?comcatid=810BB404-4103-77F2-A6C2-12D5E6C338E2 HTTP/1.1" 200 91946
47.128.16.252 - - [28/Jun/2024:02:37:36 +0200] "GET /ticket2/opencms/system/modules/com.gridnine.opencms.ticketbrokerage.site/resources/pics/logo-new.png HTTP/1.1" 200 13541
47.128.16.252 - - [28/Jun/2024:02:37:36 +0200] "GET /ticket2/opencms/system/modules/com.gridnine.opencms.ticketbrokerage.site/resources/pics/bank_4_seb.png HTTP/1.1" 200 2487
47.128.16.252 - - [28/Jun/2024:02:37:37 +0200] "GET /ticket2/opencms/system/modules/com.gridnine.opencms.ticketbrokerage.site/resources/pics/bank_1_nordea.png HTTP/1.1" 200 4807
47.128.16.252 - - [28/Jun/2024:02:37:37 +0200] "GET /ticket2/opencms/system/modules/com.gridnine.opencms.ticketbrokerage.site/resources/pics/bank_3_swedbank.png HTTP/1.1" 200 5740
47.128.16.252 - - [28/Jun/2024:02:37:37 +0200] "GET /ticket2/opencms/system/modules/com.gridnine.opencms.ticketbrokerage.site/resources/pics/bank_2_handelsbanken.png HTTP/1.1" 200 4509
47.128.16.252 - - [28/Jun/2024:02:37:37 +0200] "GET /ticket2/opencms/system/modules/com.gridnine.opencms.ticketbrokerage.site/resources/pics/bank_5_visa_mastercard.png HTTP/1.1" 200 8196
47.128.16.252 - - [28/Jun/2024:02:37:37 +0200] "GET /ticket2/opencms/system/modules/com.gridnine.opencms.ticketbrokerage.site/resources/pics/bank_6_american_express.png HTTP/1.1" 200 5570
52.70.240.171 - - [28/Jun/2024:02:37:38 +0200] "GET /ticket2/opencms/de/buy/?edid=9E373ADE-B8EE-38F8-BBD8-DA1CB52F113B&page=1 HTTP/1.1" 200 112462
23.22.35.162 - - [28/Jun/2024:02:37:42 +0200] "GET /ticket2/opencms/de/buy/?edid=5D2C7F0A-6D8C-4B20-24D2-21DDAC599D86&page=1 HTTP/1.1" 200 86558
5.9.55.228 - - [28/Jun/2024:02:37:43 +0200] "GET /ticket2/opencms/en/buy/?comcatid=A17713B6-D984-201A-4143-ED4DB5ED5C2E&catid=7ACC33AD-EE7E-AAA7-9050-0F4587759B87 HTTP/1.1" 200 81685
3.224.220.101 - - [28/Jun/2024:02:37:46 +0200] "GET /ticket2/opencms/de/buy/?edid=7C194BAF-9FF0-6E1C-8CF4-2340665F2A6E&page=1 HTTP/1.1" 200 111337
5.9.55.228 - - [28/Jun/2024:02:37:51 +0200] "GET /ticket2/opencms/en/buy/?comcatid=A17713B6-D984-201A-4143-ED4DB5ED5C2E&catid=7BADFFFB-57C5-5DBC-E7EB-B45075B3D8F9 HTTP/1.1" 200 81688
23.22.35.162 - - [28/Jun/2024:02:37:54 +0200] "GET /ticket2/opencms/de/buy/?edid=133B893E-0B2E-BEF9-99B1-9E25283FAB9D&page=1 HTTP/1.1" 200 102087
47.128.123.221 - - [28/Jun/2024:02:37:54 +0200] "GET /ticket2/opencms/fi/buy/?catid=95AE85B5-8979-BB11-643C-430ACC6D50F9&comcatid=810BB404-4103-77F2-A6C2-12D5E6C338E2&page=6 HTTP/1.1" 200 74493
52.70.240.171 - - [28/Jun/2024:02:37:55 +0200] "GET /ticket2/opencms/de/buy/?edid=16343486-D199-EE91-1004-52E02A9487CB&page=1 HTTP/1.1" 200 86556
47.128.123.221 - - [28/Jun/2024:02:37:55 +0200] "GET /ticket2/opencms/system/modules/com.gridnine.opencms.ticketbrokerage.site/resources/pics/logo-new.png HTTP/1.1" 200 13541
47.128.123.221 - - [28/Jun/2024:02:37:56 +0200] "GET /ticket2/opencms/system/modules/com.gridnine.opencms.ticketbrokerage.site/resources/pics/bank_5_visa_mastercard.png HTTP/1.1" 200 8196
47.128.123.221 - - [28/Jun/2024:02:37:57 +0200] "GET /ticket2/opencms/system/modules/com.gridnine.opencms.ticketbrokerage.site/resources/pics/bank_1_nordea.png HTTP/1.1" 200 4807
47.128.123.221 - - [28/Jun/2024:02:37:57 +0200] "GET /ticket2/opencms/system/modules/com.gridnine.opencms.ticketbrokerage.site/resources/pics/bank_3_swedbank.png HTTP/1.1" 200 5740
47.128.123.221 - - [28/Jun/2024:02:37:57 +0200] "GET /ticket2/opencms/system/modules/com.gridnine.opencms.ticketbrokerage.site/resources/pics/bank_2_handelsbanken.png HTTP/1.1" 200 4509
47.128.123.221 - - [28/Jun/2024:02:37:57 +0200] "GET /ticket2/opencms/system/modules/com.gridnine.opencms.ticketbrokerage.site/resources/pics/bank_4_seb.png HTTP/1.1" 200 2487
47.128.123.221 - - [28/Jun/2024:02:37:57 +0200] "GET /ticket2/opencms/system/modules/com.gridnine.opencms.ticketbrokerage.site/resources/pics/bank_6_american_express.png HTTP/1.1" 200 5570
23.22.35.162 - - [28/Jun/2024:02:37:58 +0200] "GET /ticket2/opencms/de/buy/?edid=78E4B91C-1F75-6F0B-081E-2F48F65F6C41&page=1 HTTP/1.1" 200 88341
52.70.240.171 - - [28/Jun/2024:02:38:03 +0200] "GET /ticket2/opencms/de/buy/?edid=5CB80305-FAB3-0B17-6A63-E12060ABE282&page=1 HTTP/1.1" 200 112036
51.222.253.19 - - [28/Jun/2024:02:38:03 +0200] "GET /ticket2/opencms/dk/venue/?countryid=C20C79E6-EE6B-26D5-6506-E0F6BF6B710A HTTP/1.1" 200 102586
52.70.240.171 - - [28/Jun/2024:02:38:06 +0200] "GET /ticket2/opencms/de/buy/?catid=&comcatid=A17713B6-D984-201A-4143-ED4DB5ED5C2E&npage=1 HTTP/1.1" 200 241196
5.9.55.228 - - [28/Jun/2024:02:38:07 +0200] "GET /ticket2/opencms/en/buy/?comcatid=A17713B6-D984-201A-4143-ED4DB5ED5C2E&catid=7CF2D645-F785-0CBB-1B7C-C4711617EAAD HTTP/1.1" 200 82364
3.224.220.101 - - [28/Jun/2024:02:38:10 +0200] "GET /ticket2/opencms/de/buy/?catid=7ACC33AD-EE7E-AAA7-9050-0F4587759B87&comcatid=A17713B6-D984-201A-4143-ED4DB5ED5C2E HTTP/1.1" 200 82770
52.70.240.171 - - [28/Jun/2024:02:38:14 +0200] "GET /ticket2/opencms/de/buy/?catid=42C82D82-D02A-8562-E55C-48ADB3771882&comcatid=A17713B6-D984-201A-4143-ED4DB5ED5C2E HTTP/1.1" 200 82785
3.224.220.101 - - [28/Jun/2024:02:38:18 +0200] "GET /ticket2/opencms/de/buy/?catid=2DE12DDA-A5FB-C1C6-CB20-FBF873FB032B&comcatid=A17713B6-D984-201A-4143-ED4DB5ED5C2E HTTP/1.1" 200 82780
66.249.75.162 - - [28/Jun/2024:02:38:18 +0200] "GET /ticket2/opencms/sv/buy/?page=1&edid=78077671-6D1C-6384-F4E3-25AAC0A5B810 HTTP/1.1" 200 111631
66.249.75.168 - - [28/Jun/2024:02:38:19 +0200] "GET /ticket2/opencms/no/buy/?page=1&edid=9932A66C-27C7-56B1-5250-1F1A61E40951 HTTP/1.1" 200 86537
5.9.55.228 - - [28/Jun/2024:02:38:21 +0200] "GET /ticket2/opencms/en/buy/?comcatid=A17713B6-D984-201A-4143-ED4DB5ED5C2E&catid=7EF04817-972D-18B1-F941-DE800D088075 HTTP/1.1" 200 81689
47.128.28.203 - - [28/Jun/2024:02:38:22 +0200] "GET /ticket2/opencms/fr/?comcatid=810BB404-4103-77F2-A6C2-12D5E6C338E2 HTTP/1.1" 200 92302
3.224.220.101 - - [28/Jun/2024:02:38:23 +0200] "GET /ticket2/opencms/de/buy/?catid=3A7AEA37-903D-9533-4B33-21B0001FF1D1&comcatid=A17713B6-D984-201A-4143-ED4DB5ED5C2E HTTP/1.1" 200 82769
47.128.28.203 - - [28/Jun/2024:02:38:23 +0200] "GET /ticket2/opencms/system/modules/com.gridnine.opencms.ticketbrokerage.site/resources/pics/logo-new.png HTTP/1.1" 200 13541
47.128.28.203 - - [28/Jun/2024:02:38:24 +0200] "GET /ticket2/opencms/system/modules/com.gridnine.opencms.ticketbrokerage.site/resources/pics/bank_3_swedbank.png HTTP/1.1" 200 5740
47.128.28.203 - - [28/Jun/2024:02:38:24 +0200] "GET /ticket2/opencms/system/modules/com.gridnine.opencms.ticketbrokerage.site/resources/pics/bank_1_nordea.png HTTP/1.1" 200 4807
47.128.28.203 - - [28/Jun/2024:02:38:25 +0200] "GET /ticket2/opencms/system/modules/com.gridnine.opencms.ticketbrokerage.site/resources/pics/bank_2_handelsbanken.png HTTP/1.1" 200 4509
47.128.28.203 - - [28/Jun/2024:02:38:25 +0200] "GET /ticket2/opencms/system/modules/com.gridnine.opencms.ticketbrokerage.site/resources/pics/bank_5_visa_mastercard.png HTTP/1.1" 200 8196
47.128.28.203 - - [28/Jun/2024:02:38:25 +0200] "GET /ticket2/opencms/system/modules/com.gridnine.opencms.ticketbrokerage.site/resources/pics/bank_4_seb.png HTTP/1.1" 200 2487
47.128.28.203 - - [28/Jun/2024:02:38:25 +0200] "GET /ticket2/opencms/system/modules/com.gridnine.opencms.ticketbrokerage.site/resources/pics/bank_6_american_express.png HTTP/1.1" 200 5570
52.70.240.171 - - [28/Jun/2024:02:38:26 +0200] "GET /ticket2/opencms/de/buy/?catid=B0817F4C-4B6F-A68C-6229-209BB05F84D4&comcatid=A17713B6-D984-201A-4143-ED4DB5ED5C2E HTTP/1.1" 200 82759
23.22.35.162 - - [28/Jun/2024:02:38:30 +0200] "GET /ticket2/opencms/de/buy/?catid=739BFC5D-78FA-6834-D764-6CE64CA5F9EC&comcatid=A17713B6-D984-201A-4143-ED4DB5ED5C2E HTTP/1.1" 200 82769
47.128.43.89 - - [28/Jun/2024:02:38:30 +0200] "GET /ticket2/opencms/no/buy/?edid=1B1B1FC4-4D35-11C5-5D85-DF2C3A11720F HTTP/1.1" 200 72905
47.128.43.89 - - [28/Jun/2024:02:38:31 +0200] "GET /ticket2/opencms/system/modules/com.gridnine.opencms.ticketbrokerage.site/resources/pics/logo-new.png HTTP/1.1" 200 13541
47.128.43.89 - - [28/Jun/2024:02:38:32 +0200] "GET /ticket2/opencms/system/modules/com.gridnine.opencms.ticketbrokerage.site/resources/pics/bank_2_handelsbanken.png HTTP/1.1" 200 4509
47.128.43.89 - - [28/Jun/2024:02:38:32 +0200] "GET /ticket2/opencms/system/modules/com.gridnine.opencms.ticketbrokerage.site/resources/pics/bank_3_swedbank.png HTTP/1.1" 200 5740
47.128.43.89 - - [28/Jun/2024:02:38:32 +0200] "GET /ticket2/opencms/system/modules/com.gridnine.opencms.ticketbrokerage.site/resources/pics/bank_1_nordea.png HTTP/1.1" 200 4807
47.128.43.89 - - [28/Jun/2024:02:38:32 +0200] "GET /ticket2/opencms/system/modules/com.gridnine.opencms.ticketbrokerage.site/resources/pics/bank_5_visa_mastercard.png HTTP/1.1" 200 8196
47.128.43.89 - - [28/Jun/2024:02:38:32 +0200] "GET /ticket2/opencms/system/modules/com.gridnine.opencms.ticketbrokerage.site/resources/pics/bank_4_seb.png HTTP/1.1" 200 2487
47.128.43.89 - - [28/Jun/2024:02:38:32 +0200] "GET /ticket2/opencms/system/modules/com.gridnine.opencms.ticketbrokerage.site/resources/pics/bank_6_american_express.png HTTP/1.1" 200 5570
23.22.35.162 - - [28/Jun/2024:02:38:34 +0200] "GET /ticket2/opencms/de/buy/?catid=64756941-02D2-3538-2077-8C2508F4A3A8&comcatid=A17713B6-D984-201A-4143-ED4DB5ED5C2E HTTP/1.1" 200 82768
5.9.55.228 - - [28/Jun/2024:02:38:35 +0200] "GET /ticket2/opencms/en/buy/?comcatid=A17713B6-D984-201A-4143-ED4DB5ED5C2E&catid=88C381AD-5D76-A34D-AC15-A7129F8EF5BE HTTP/1.1" 200 81684
23.22.35.162 - - [28/Jun/2024:02:38:38 +0200] "GET /ticket2/opencms/de/buy/?catid=0A9E385E-33D9-328E-DC79-CA2C7009C829&comcatid=A17713B6-D984-201A-4143-ED4DB5ED5C2E HTTP/1.1" 200 82768
23.22.35.162 - - [28/Jun/2024:02:38:42 +0200] "GET /ticket2/opencms/de/buy/?catid=D08E96E8-A514-9E09-4E22-63713911E0B8&comcatid=A17713B6-D984-201A-4143-ED4DB5ED5C2E HTTP/1.1" 200 82776
47.128.28.148 - - [28/Jun/2024:02:38:44 +0200] "GET /ticket2/opencms/no/buy/?catid=B0817F4C-4B6F-A68C-6229-209BB05F84D4&comcatid=A17713B6-D984-201A-4143-ED4DB5ED5C2E&page=6 HTTP/1.1" 200 83600
216.245.221.83 - - [28/Jun/2024:02:38:44 +0200] "HEAD /ticket2/opencms/ HTTP/1.1" 302 -
47.128.28.148 - - [28/Jun/2024:02:38:45 +0200] "GET /ticket2/opencms/system/modules/com.gridnine.opencms.ticketbrokerage.site/resources/pics/logo-new.png HTTP/1.1" 200 13541
216.245.221.83 - - [28/Jun/2024:02:38:45 +0200] "HEAD /ticket2/opencms/en/ HTTP/1.1" 200 -
47.128.28.148 - - [28/Jun/2024:02:38:45 +0200] "GET /ticket2/opencms/system/modules/com.gridnine.opencms.ticketbrokerage.site/resources/pics/bank_2_handelsbanken.png HTTP/1.1" 200 4509
47.128.28.148 - - [28/Jun/2024:02:38:46 +0200] "GET /ticket2/opencms/system/modules/com.gridnine.opencms.ticketbrokerage.site/resources/pics/bank_4_seb.png HTTP/1.1" 200 2487
47.128.28.148 - - [28/Jun/2024:02:38:46 +0200] "GET /ticket2/opencms/system/modules/com.gridnine.opencms.ticketbrokerage.site/resources/pics/bank_3_swedbank.png HTTP/1.1" 200 5740
47.128.28.148 - - [28/Jun/2024:02:38:46 +0200] "GET /ticket2/opencms/system/modules/com.gridnine.opencms.ticketbrokerage.site/resources/pics/bank_5_visa_mastercard.png HTTP/1.1" 200 8196
47.128.28.148 - - [28/Jun/2024:02:38:46 +0200] "GET /ticket2/opencms/system/modules/com.gridnine.opencms.ticketbrokerage.site/resources/pics/bank_1_nordea.png HTTP/1.1" 200 4807
47.128.28.148 - - [28/Jun/2024:02:38:46 +0200] "GET /ticket2/opencms/system/modules/com.gridnine.opencms.ticketbrokerage.site/resources/pics/bank_6_american_express.png HTTP/1.1" 200 5570
52.70.240.171 - - [28/Jun/2024:02:38:46 +0200] "GET /ticket2/opencms/de/buy/?catid=BE041FBE-C1A7-918C-EB61-99ED02D12F5B&comcatid=A17713B6-D984-201A-4143-ED4DB5ED5C2E HTTP/1.1" 200 82768
3.224.220.101 - - [28/Jun/2024:02:38:50 +0200] "GET /ticket2/opencms/de/buy/?catid=BDD8C04C-DD99-1C07-B5F3-F2AB98D157E8&comcatid=A17713B6-D984-201A-4143-ED4DB5ED5C2E HTTP/1.1" 200 82767
5.9.55.228 - - [28/Jun/2024:02:38:50 +0200] "GET /ticket2/opencms/en/buy/?comcatid=A17713B6-D984-201A-4143-ED4DB5ED5C2E&catid=8AA488FA-6797-D710-8108-3088D6948FC1 HTTP/1.1" 200 81675
23.22.35.162 - - [28/Jun/2024:02:38:54 +0200] "GET /ticket2/opencms/de/buy/?catid=88C381AD-5D76-A34D-AC15-A7129F8EF5BE&comcatid=A17713B6-D984-201A-4143-ED4DB5ED5C2E HTTP/1.1" 200 82759
40.77.167.7 - - [28/Jun/2024:02:38:56 +0200] "GET /ticket2/opencms/en/buy/?page=1&edid=B1A91EDB-F255-C25B-6C02-C3BE04687ACE HTTP/1.1" 200 86688
52.70.240.171 - - [28/Jun/2024:02:38:58 +0200] "GET /ticket2/opencms/de/buy/?catid=4B941E1B-E4E2-C53E-C693-9FA91BBA9AD5&comcatid=A17713B6-D984-201A-4143-ED4DB5ED5C2E HTTP/1.1" 200 82772
3.224.220.101 - - [28/Jun/2024:02:39:02 +0200] "GET /ticket2/opencms/de/buy/?catid=573B7747-EE85-D769-C87D-F3F61FB64AA5&comcatid=A17713B6-D984-201A-4143-ED4DB5ED5C2E HTTP/1.1" 200 82771
23.22.35.162 - - [28/Jun/2024:02:39:06 +0200] "GET /ticket2/opencms/de/buy/?catid=6E0E0CA4-3F14-9697-92B9-3687047BE453&comcatid=A17713B6-D984-201A-4143-ED4DB5ED5C2E HTTP/1.1" 200 82770
5.9.55.228 - - [28/Jun/2024:02:39:06 +0200] "GET /ticket2/opencms/en/buy/?comcatid=A17713B6-D984-201A-4143-ED4DB5ED5C2E&catid=A3372871-3019-08B8-80CE-74B78F441ACA HTTP/1.1" 200 82353
3.224.220.101 - - [28/Jun/2024:02:39:10 +0200] "GET /ticket2/opencms/de/buy/?catid=82F804FA-9F69-CB6B-D41D-7BF7C716058B&comcatid=A17713B6-D984-201A-4143-ED4DB5ED5C2E HTTP/1.1" 200 82762
3.224.220.101 - - [28/Jun/2024:02:39:14 +0200] "GET /ticket2/opencms/de/buy/?catid=C871EAE3-C584-718A-9795-07CDEF43FA75&comcatid=A17713B6-D984-201A-4143-ED4DB5ED5C2E HTTP/1.1" 200 82762
52.70.240.171 - - [28/Jun/2024:02:39:18 +0200] "GET /ticket2/opencms/de/buy/?catid=A7674DEA-B39E-502C-2F76-760AE08947E9&comcatid=A17713B6-D984-201A-4143-ED4DB5ED5C2E HTTP/1.1" 200 82763
66.249.75.167 - - [28/Jun/2024:02:39:19 +0200] "GET /ticket2/opencms/sv/sport/fotbollsbiljetter/premier_league/leeds/ HTTP/1.1" 200 73387
66.249.75.167 - - [28/Jun/2024:02:39:20 +0200] "GET /ticket2/opencms/de/magazine/article?title=cristiano-ronaldo HTTP/1.1" 200 76119
51.222.253.20 - - [28/Jun/2024:02:39:21 +0200] "GET /ticket2/opencms/en/sport/football-tickets/bundesliga/ HTTP/1.1" 200 77651
66.249.75.98 - - [28/Jun/2024:02:39:22 +0200] "GET /ticket2/opencms/en/buy/?page=1&edid=7F2B1FEA-20FE-7448-32AC-111154CA401B HTTP/1.1" 200 111375
5.9.55.228 - - [28/Jun/2024:02:39:22 +0200] "GET /ticket2/opencms/en/buy/?comcatid=A17713B6-D984-201A-4143-ED4DB5ED5C2E&catid=A4D9EA9A-192D-0274-BF26-9C98D8B902AB HTTP/1.1" 200 81675
23.22.35.162 - - [28/Jun/2024:02:39:22 +0200] "GET /ticket2/opencms/de/buy/?catid=7CF2D645-F785-0CBB-1B7C-C4711617EAAD&comcatid=A17713B6-D984-201A-4143-ED4DB5ED5C2E HTTP/1.1" 200 83424
66.249.75.167 - - [28/Jun/2024:02:39:23 +0200] "GET /ticket2/opencms/sv/konsertbiljetter/madonna/ HTTP/1.1" 200 74460
66.249.76.193 - - [28/Jun/2024:02:39:23 +0200] "GET /ticket2/opencms/en/buy/?page=10&eventid=AE8A6CAA-9529-DB54-69E5-B3169B36CD6E&venueid=BBFDFA62-30E5-0CF7-5C31-22BFF847E1A4 HTTP/1.1" 200 83032
66.249.75.167 - - [28/Jun/2024:02:39:25 +0200] "GET /ticket2/opencms/no/buy/?page=1&edid=E53C8E7A-C1C8-80DF-ED27-96FEFF6B5147 HTTP/1.1" 200 112203
52.70.240.171 - - [28/Jun/2024:02:39:26 +0200] "GET /ticket2/opencms/de/buy/?catid=8AA488FA-6797-D710-8108-3088D6948FC1&comcatid=A17713B6-D984-201A-4143-ED4DB5ED5C2E HTTP/1.1" 200 82760
52.167.144.17 - - [28/Jun/2024:02:39:27 +0200] "GET /ticket2/opencms/en/venue/?venueid=5E4247B1-038D-69C7-681E-59A3027FAB84 HTTP/1.1" 200 71368
52.70.240.171 - - [28/Jun/2024:02:39:30 +0200] "GET /ticket2/opencms/de/buy/?catid=AE3FE643-AE41-BAA6-237D-5206D1B044A1&comcatid=A17713B6-D984-201A-4143-ED4DB5ED5C2E HTTP/1.1" 200 82765
5.9.55.228 - - [28/Jun/2024:02:39:30 +0200] "GET /ticket2/opencms/en/buy/?comcatid=97eca65a-72da-f9af-9dbb-245d3cfed1be&catid=9457695e-36ed-a63e-7a88-32963954e2c7 HTTP/1.1" 200 71532
52.70.240.171 - - [28/Jun/2024:02:39:34 +0200] "GET /ticket2/opencms/de/buy/?catid=FF8D7FE7-4B09-7305-01C7-2D47F7913EB8&comcatid=A17713B6-D984-201A-4143-ED4DB5ED5C2E HTTP/1.1" 200 82765
52.70.240.171 - - [28/Jun/2024:02:39:38 +0200] "GET /ticket2/opencms/de/buy/?catid=3B549160-8B9C-E872-44A9-20FEA86B30E8&comcatid=A17713B6-D984-201A-4143-ED4DB5ED5C2E HTTP/1.1" 200 82765
66.249.75.161 - - [28/Jun/2024:02:39:40 +0200] "GET /ticket2/opencms/sv/sport/hockeybiljetter/nhl/Philadelphia_Flyers/ HTTP/1.1" 200 74783
23.22.35.162 - - [28/Jun/2024:02:39:42 +0200] "GET /ticket2/opencms/de/buy/?catid=97608B80-50C4-18AE-7A82-0413C62E9243&comcatid=A17713B6-D984-201A-4143-ED4DB5ED5C2E HTTP/1.1" 200 82764
52.70.240.171 - - [28/Jun/2024:02:39:46 +0200] "GET /ticket2/opencms/de/buy/?catid=36394212-F82E-F845-399B-42BED55969CC&comcatid=A17713B6-D984-201A-4143-ED4DB5ED5C2E HTTP/1.1" 200 82763
66.249.76.166 - - [28/Jun/2024:02:39:47 +0200] "GET /ticket2/opencms/system/modules/com.gridnine.opencms.ticketbrokerage.site/resources/js/functions.js HTTP/1.1" 200 1583
5.9.55.228 - - [28/Jun/2024:02:39:49 +0200] "GET /ticket2/opencms/en/buy/?page=1&edid=8583C3B4-68A3-FF6C-44E3-F622BF6F6133 HTTP/1.1" 200 86935
23.22.35.162 - - [28/Jun/2024:02:39:50 +0200] "GET /ticket2/opencms/de/buy/?catid=C48671DB-5AEB-8CE2-928E-38417FFBE085&comcatid=A17713B6-D984-201A-4143-ED4DB5ED5C2E HTTP/1.1" 200 82765
23.22.35.162 - - [28/Jun/2024:02:39:54 +0200] "GET /ticket2/opencms/de/buy/?catid=C0DF818C-DB21-6E2E-4056-DB751FFE0C41&comcatid=A17713B6-D984-201A-4143-ED4DB5ED5C2E HTTP/1.1" 200 82761
5.9.55.228 - - [28/Jun/2024:02:39:56 +0200] "GET /ticket2/opencms/en/buy/?page=1&edid=A60952DA-299F-820E-67E8-C4650D264DE5 HTTP/1.1" 200 86704
3.224.220.101 - - [28/Jun/2024:02:39:58 +0200] "GET /ticket2/opencms/de/buy/?catid=F03B8ADD-988E-AE6A-8DBA-AF502C691C60&comcatid=A17713B6-D984-201A-4143-ED4DB5ED5C2E HTTP/1.1" 200 82775
66.249.72.33 - - [28/Jun/2024:02:40:02 +0200] "GET /ticket2/opencms/sv/buy/?page=1&edid=3E8160AB-0FBD-70C5-9AD2-7741AA7C1F1A HTTP/1.1" 200 111855
52.70.240.171 - - [28/Jun/2024:02:40:03 +0200] "GET /ticket2/opencms/de/buy/?catid=5A89E483-58AD-080E-F363-E16CE738916A&comcatid=A17713B6-D984-201A-4143-ED4DB5ED5C2E HTTP/1.1" 200 82771
3.224.220.101 - - [28/Jun/2024:02:40:06 +0200] "GET /ticket2/opencms/de/buy/?catid=061607E6-22B7-6FFA-03FD-A4B8B13A943F&comcatid=A17713B6-D984-201A-4143-ED4DB5ED5C2E HTTP/1.1" 200 82767
3.224.220.101 - - [28/Jun/2024:02:40:10 +0200] "GET /ticket2/opencms/de/buy/?catid=7EF04817-972D-18B1-F941-DE800D088075&comcatid=A17713B6-D984-201A-4143-ED4DB5ED5C2E HTTP/1.1" 200 82774
5.9.55.228 - - [28/Jun/2024:02:40:13 +0200] "GET /ticket2/opencms/en/buy/?comcatid=a17713b6-d984-201a-4143-ed4db5ed5c2e&catid=e92e6b1b-7cd1-74b1-312c-265a7d8125d0 HTTP/1.1" 200 71532
3.224.220.101 - - [28/Jun/2024:02:40:14 +0200] "GET /ticket2/opencms/de/buy/?catid=06324577-7173-BAB0-146D-E644C912F7C1&comcatid=A17713B6-D984-201A-4143-ED4DB5ED5C2E HTTP/1.1" 200 82769
52.70.240.171 - - [28/Jun/2024:02:40:18 +0200] "GET /ticket2/opencms/de/buy/?catid=E961462E-5AC2-64D6-5850-A310C9DEAA06&comcatid=A17713B6-D984-201A-4143-ED4DB5ED5C2E HTTP/1.1" 200 82772
52.70.240.171 - - [28/Jun/2024:02:40:22 +0200] "GET /ticket2/opencms/de/buy/?catid=7BADFFFB-57C5-5DBC-E7EB-B45075B3D8F9&comcatid=A17713B6-D984-201A-4143-ED4DB5ED5C2E HTTP/1.1" 200 82773
52.70.240.171 - - [28/Jun/2024:02:40:26 +0200] "GET /ticket2/opencms/de/buy/?catid=2FC3D548-EAF9-1354-0CD2-7D7619DA2334&comcatid=A17713B6-D984-201A-4143-ED4DB5ED5C2E HTTP/1.1" 200 82760
5.9.55.228 - - [28/Jun/2024:02:40:28 +0200] "GET /ticket2/opencms/en/buy/?comcatid=a17713b6-d984-201a-4143-ed4db5ed5c2e&catid=e961462e-5ac2-64d6-5850-a310c9deaa06 HTTP/1.1" 200 71532
23.22.35.162 - - [28/Jun/2024:02:40:30 +0200] "GET /ticket2/opencms/de/buy/?catid=6BD6E0B0-84AF-3A0D-3851-C1357CE9B771&comcatid=A17713B6-D984-201A-4143-ED4DB5ED5C2E HTTP/1.1" 200 82770
51.222.253.7 - - [28/Jun/2024:02:40:32 +0200] "GET /ticket2/opencms/sv/magazine/article?title=manchester-city-vinner-premier-league HTTP/1.1" 200 73424
23.22.35.162 - - [28/Jun/2024:02:40:34 +0200] "GET /ticket2/opencms/de/buy/?catid=08F27F2A-1872-A39F-A97C-63093E77B18A&comcatid=A17713B6-D984-201A-4143-ED4DB5ED5C2E HTTP/1.1" 200 82760
23.22.35.162 - - [28/Jun/2024:02:40:38 +0200] "GET /ticket2/opencms/de/buy/?catid=21C3854B-901E-11F9-7B7D-6838CC6AFAA4&comcatid=A17713B6-D984-201A-4143-ED4DB5ED5C2E HTTP/1.1" 200 82760
23.22.35.162 - - [28/Jun/2024:02:40:42 +0200] "GET /ticket2/opencms/de/buy/?catid=E92E6B1B-7CD1-74B1-312C-265A7D8125D0&comcatid=A17713B6-D984-201A-4143-ED4DB5ED5C2E HTTP/1.1" 200 82766
5.9.55.228 - - [28/Jun/2024:02:40:43 +0200] "GET /ticket2/opencms/en/buy/?comcatid=A17713B6-D984-201A-4143-ED4DB5ED5C2E&catid=C0DF818C-DB21-6E2E-4056-DB751FFE0C41 HTTP/1.1" 200 81681
3.224.220.101 - - [28/Jun/2024:02:40:46 +0200] "GET /ticket2/opencms/de/buy/?catid=A3372871-3019-08B8-80CE-74B78F441ACA&comcatid=A17713B6-D984-201A-4143-ED4DB5ED5C2E HTTP/1.1" 200 83413
47.128.118.92 - - [28/Jun/2024:02:40:48 +0200] "GET /ticket2/opencms/fi/buy?edid=3E8160AB-0FBD-70C5-9AD2-7741AA7C1F1A HTTP/1.1" 200 73261
47.128.118.92 - - [28/Jun/2024:02:40:49 +0200] "GET /ticket2/opencms/system/modules/com.gridnine.opencms.ticketbrokerage.site/resources/pics/logo-new.png HTTP/1.1" 200 13541
47.128.118.92 - - [28/Jun/2024:02:40:49 +0200] "GET /ticket2/opencms/system/modules/com.gridnine.opencms.ticketbrokerage.site/resources/pics/bank_4_seb.png HTTP/1.1" 200 2487
47.128.118.92 - - [28/Jun/2024:02:40:50 +0200] "GET /ticket2/opencms/system/modules/com.gridnine.opencms.ticketbrokerage.site/resources/pics/bank_1_nordea.png HTTP/1.1" 200 4807
47.128.118.92 - - [28/Jun/2024:02:40:50 +0200] "GET /ticket2/opencms/system/modules/com.gridnine.opencms.ticketbrokerage.site/resources/pics/bank_2_handelsbanken.png HTTP/1.1" 200 4509
47.128.118.92 - - [28/Jun/2024:02:40:50 +0200] "GET /ticket2/opencms/system/modules/com.gridnine.opencms.ticketbrokerage.site/resources/pics/bank_5_visa_mastercard.png HTTP/1.1" 200 8196
47.128.118.92 - - [28/Jun/2024:02:40:50 +0200] "GET /ticket2/opencms/system/modules/com.gridnine.opencms.ticketbrokerage.site/resources/pics/bank_3_swedbank.png HTTP/1.1" 200 5740
47.128.118.92 - - [28/Jun/2024:02:40:50 +0200] "GET /ticket2/opencms/system/modules/com.gridnine.opencms.ticketbrokerage.site/resources/pics/bank_6_american_express.png HTTP/1.1" 200 5570
3.224.220.101 - - [28/Jun/2024:02:40:50 +0200] "GET /ticket2/opencms/de/buy/?catid=0A6C99D2-F5BD-7A18-9A5F-5668827042E0&comcatid=A17713B6-D984-201A-4143-ED4DB5ED5C2E HTTP/1.1" 200 241302
40.77.167.24 - - [28/Jun/2024:02:40:53 +0200] "GET /ticket2/opencms/sv/buy?page=1&edid=1260CE5D-7BE1-B121-0CBF-652705BD383D HTTP/1.1" 200 85940
52.70.240.171 - - [28/Jun/2024:02:40:54 +0200] "GET /ticket2/opencms/de/buy/?catid=A4D9EA9A-192D-0274-BF26-9C98D8B902AB&comcatid=A17713B6-D984-201A-4143-ED4DB5ED5C2E HTTP/1.1" 200 82760
52.70.240.171 - - [28/Jun/2024:02:40:58 +0200] "GET /ticket2/opencms/de/buy/?catid=70B37487-FE30-D476-CAE7-E6AFEA3153F2&comcatid=A17713B6-D984-201A-4143-ED4DB5ED5C2E HTTP/1.1" 200 82761
216.245.221.83 - - [28/Jun/2024:02:40:58 +0200] "HEAD /ticket2/opencms/ HTTP/1.1" 302 -
5.9.55.228 - - [28/Jun/2024:02:41:00 +0200] "GET /ticket2/opencms/en/buy/?comcatid=A17713B6-D984-201A-4143-ED4DB5ED5C2E&catid=C48671DB-5AEB-8CE2-928E-38417FFBE085 HTTP/1.1" 200 81680
216.245.221.83 - - [28/Jun/2024:02:41:01 +0200] "HEAD /ticket2/opencms/en/ HTTP/1.1" 200 -
3.224.220.101 - - [28/Jun/2024:02:41:02 +0200] "GET /ticket2/opencms/de/buy/?catid=D8B345C9-F7A5-E620-4B43-C34EB0D6885B&comcatid=A17713B6-D984-201A-4143-ED4DB5ED5C2E HTTP/1.1" 200 82760
23.22.35.162 - - [28/Jun/2024:02:41:06 +0200] "GET /ticket2/opencms/de/buy/?catid=F2006A3D-5EE0-B40B-5749-60C15271538F&comcatid=A17713B6-D984-201A-4143-ED4DB5ED5C2E HTTP/1.1" 200 82769
3.224.220.101 - - [28/Jun/2024:02:41:10 +0200] "GET /ticket2/opencms/de/buy/?catid=24AC1CA6-1C09-0BE5-C04A-9DCCDB15D5E9&comcatid=A17713B6-D984-201A-4143-ED4DB5ED5C2E HTTP/1.1" 200 82768
52.70.240.171 - - [28/Jun/2024:02:41:14 +0200] "GET /ticket2/opencms/de/buy/?catid=BF886BAE-FC84-8CB3-A193-6DFA251F7985&comcatid=B41CCF2B-5558-7AEE-3602-09BBDE417D65 HTTP/1.1" 200 74938
5.9.55.228 - - [28/Jun/2024:02:41:15 +0200] "GET /ticket2/opencms/en/buy/?comcatid=A17713B6-D984-201A-4143-ED4DB5ED5C2E&catid=C871EAE3-C584-718A-9795-07CDEF43FA75 HTTP/1.1" 200 81677
66.249.75.107 - - [28/Jun/2024:02:41:18 +0200] "GET /ticket2/opencms/dk/buy?page=1&edid=56F28A7B-F2BA-A987-F0EA-6526B22962C8 HTTP/1.1" 200 88854
3.224.220.101 - - [28/Jun/2024:02:41:18 +0200] "GET /ticket2/opencms/de/buy/?catid=36DC4BE2-91A2-6146-2BE9-47B6F3C44EDB&comcatid=B41CCF2B-5558-7AEE-3602-09BBDE417D65 HTTP/1.1" 200 74930
66.249.69.129 - - [28/Jun/2024:02:41:19 +0200] "GET /ticket2/opencms/dk/buy/?page=1&edid=F26F7624-B3C7-3F2B-5F3B-CAEEB7F1CB7F HTTP/1.1" 200 111250
3.224.220.101 - - [28/Jun/2024:02:41:22 +0200] "GET /ticket2/opencms/de/buy/?catid=E03F2203-3943-A0F0-A47D-D9E7CDA79C6B&comcatid=B41CCF2B-5558-7AEE-3602-09BBDE417D65 HTTP/1.1" 200 74952
52.70.240.171 - - [28/Jun/2024:02:41:26 +0200] "GET /ticket2/opencms/de/buy/?catid=A34BCF61-E19C-5C5C-445E-06F3749E1EF4&comcatid=B41CCF2B-5558-7AEE-3602-09BBDE417D65 HTTP/1.1" 200 74943
3.224.220.101 - - [28/Jun/2024:02:41:30 +0200] "GET /ticket2/opencms/de/buy/?catid=465306FD-802C-5175-10FF-40E426DD2769&comcatid=0A6B8208-FDA4-E929-9D72-5312FD481B76 HTTP/1.1" 200 76423
5.9.55.228 - - [28/Jun/2024:02:41:31 +0200] "GET /ticket2/opencms/en/buy/?comcatid=A17713B6-D984-201A-4143-ED4DB5ED5C2E&catid=D08E96E8-A514-9E09-4E22-63713911E0B8 HTTP/1.1" 200 81690
23.22.35.162 - - [28/Jun/2024:02:41:34 +0200] "GET /ticket2/opencms/de/buy/?catid=8E4972FC-6E2C-77A4-BB9D-D67BD270A641&comcatid=0A6B8208-FDA4-E929-9D72-5312FD481B76 HTTP/1.1" 200 76419
23.22.35.162 - - [28/Jun/2024:02:41:39 +0200] "GET /ticket2/opencms/de/buy/?catid=1DB7F66B-473B-B427-F752-358FEEFE8EC0&comcatid=0A6B8208-FDA4-E929-9D72-5312FD481B76 HTTP/1.1" 200 76430
3.224.220.101 - - [28/Jun/2024:02:41:42 +0200] "GET /ticket2/opencms/de/buy/?catid=FCA7FF95-260A-464B-B6FF-A820FCE7DFEF&comcatid=0A6B8208-FDA4-E929-9D72-5312FD481B76 HTTP/1.1" 200 76428
51.222.253.6 - - [28/Jun/2024:02:41:46 +0200] "GET /ticket2/opencms/sv/magazine/article?title=spelschema-for-premier-league-premier-league-fixtures-20242025 HTTP/1.1" 200 72945
3.224.220.101 - - [28/Jun/2024:02:41:46 +0200] "GET /ticket2/opencms/de/buy/?catid=26594C33-56CE-F529-FAF3-61AB33F74A3B&comcatid=0A6B8208-FDA4-E929-9D72-5312FD481B76 HTTP/1.1" 200 76426
5.9.55.228 - - [28/Jun/2024:02:41:46 +0200] "GET /ticket2/opencms/en/buy/?comcatid=A17713B6-D984-201A-4143-ED4DB5ED5C2E&catid=D8B345C9-F7A5-E620-4B43-C34EB0D6885B HTTP/1.1" 200 81683
23.22.35.162 - - [28/Jun/2024:02:41:51 +0200] "GET /ticket2/opencms/de/buy/?catid=CB847559-7ECA-CC50-D7D2-064AF0C06FB1&comcatid=0A6B8208-FDA4-E929-9D72-5312FD481B76 HTTP/1.1" 200 76428
52.70.240.171 - - [28/Jun/2024:02:41:54 +0200] "GET /ticket2/opencms/de/buy/?catid=AD8E612F-0F0B-03C9-5236-E4F8B6523945&comcatid=0A6B8208-FDA4-E929-9D72-5312FD481B76 HTTP/1.1" 200 76428
3.224.220.101 - - [28/Jun/2024:02:41:58 +0200] "GET /ticket2/opencms/de/buy/?catid=412DBCF4-025D-8ABC-7A40-D7C760E055FF&comcatid=0A6B8208-FDA4-E929-9D72-5312FD481B76 HTTP/1.1" 200 76430
5.9.55.228 - - [28/Jun/2024:02:42:02 +0200] "GET /ticket2/opencms/en/buy/?comcatid=A17713B6-D984-201A-4143-ED4DB5ED5C2E&catid=E92E6B1B-7CD1-74B1-312C-265A7D8125D0 HTTP/1.1" 200 81681
52.70.240.171 - - [28/Jun/2024:02:42:02 +0200] "GET /ticket2/opencms/de/buy/?catid=A05A53F7-423D-23BE-575E-EA7B67DE22D9&comcatid=0A6B8208-FDA4-E929-9D72-5312FD481B76 HTTP/1.1" 200 76428
23.22.35.162 - - [28/Jun/2024:02:42:06 +0200] "GET /ticket2/opencms/de/buy/?catid=53E7B32E-5CAA-6CE7-D6AA-FFC41D70EE01&comcatid=0A6B8208-FDA4-E929-9D72-5312FD481B76 HTTP/1.1" 200 76428
52.167.144.25 - - [28/Jun/2024:02:42:07 +0200] "GET /ticket2/opencms/dk/buy?page=1&edid=1AD4E11C-C792-1721-4D1A-2229101A30FD HTTP/1.1" 200 120884
23.22.35.162 - - [28/Jun/2024:02:42:10 +0200] "GET /ticket2/opencms/de/buy/?catid=5ED34547-492C-90DA-709D-448345844685&comcatid=0A6B8208-FDA4-E929-9D72-5312FD481B76 HTTP/1.1" 200 76428
52.70.240.171 - - [28/Jun/2024:02:42:14 +0200] "GET /ticket2/opencms/de/buy/?catid=3A56B1C2-6FFB-C8D1-B229-B3914D5FF8DF&comcatid=0A6B8208-FDA4-E929-9D72-5312FD481B76 HTTP/1.1" 200 76431
5.9.55.228 - - [28/Jun/2024:02:42:17 +0200] "GET /ticket2/opencms/en/buy/?comcatid=A17713B6-D984-201A-4143-ED4DB5ED5C2E&catid=E961462E-5AC2-64D6-5850-A310C9DEAA06 HTTP/1.1" 200 81687
52.70.240.171 - - [28/Jun/2024:02:42:18 +0200] "GET /ticket2/opencms/de/buy/?catid=8C381435-A1E8-94AF-2C58-D133FCA44A31&comcatid=66708183-7480-3365-06BF-DBF60280AB45 HTTP/1.1" 200 74779
66.249.72.102 - - [28/Jun/2024:02:42:20 +0200] "GET /ticket2/opencms/sv/buy/?page=1&edid=7C194BAF-9FF0-6E1C-8CF4-2340665F2A6E HTTP/1.1" 200 110764
23.22.35.162 - - [28/Jun/2024:02:42:22 +0200] "GET /ticket2/opencms/de/buy/?catid=30D5812D-0858-4843-8F45-C38AE504153C&comcatid=66708183-7480-3365-06BF-DBF60280AB45 HTTP/1.1" 200 74775
23.22.35.162 - - [28/Jun/2024:02:42:26 +0200] "GET /ticket2/opencms/de/buy/?catid=05A94519-01D1-C86F-9031-84936B0B9DAE&comcatid=66708183-7480-3365-06BF-DBF60280AB45 HTTP/1.1" 200 74774
23.22.35.162 - - [28/Jun/2024:02:42:30 +0200] "GET /ticket2/opencms/de/buy/?catid=7D3BEF66-5D88-3916-5B89-0E7B139E0169&comcatid=97ECA65A-72DA-F9AF-9DBB-245D3CFED1BE HTTP/1.1" 200 77713
5.9.55.228 - - [28/Jun/2024:02:42:32 +0200] "GET /ticket2/opencms/en/buy/?comcatid=A17713B6-D984-201A-4143-ED4DB5ED5C2E&catid=F03B8ADD-988E-AE6A-8DBA-AF502C691C60 HTTP/1.1" 200 81690
23.22.35.162 - - [28/Jun/2024:02:42:34 +0200] "GET /ticket2/opencms/de/buy/?catid=F7FF413B-5FDF-82CF-E5BB-CD4AB6027974&comcatid=97ECA65A-72DA-F9AF-9DBB-245D3CFED1BE HTTP/1.1" 200 77707
23.22.35.162 - - [28/Jun/2024:02:42:38 +0200] "GET /ticket2/opencms/de/buy/?catid=E3105E1E-3982-291E-5523-1C1DF161E9B7&comcatid=97ECA65A-72DA-F9AF-9DBB-245D3CFED1BE HTTP/1.1" 200 77710
40.77.167.25 - - [28/Jun/2024:02:42:40 +0200] "GET /ticket2/opencms/de/buy?page=1&edid=EB41B390-6AF7-F6BB-2724-9D4D4320B605 HTTP/1.1" 200 111343
52.70.240.171 - - [28/Jun/2024:02:42:42 +0200] "GET /ticket2/opencms/de/buy/?catid=2E79AED8-FF58-B4E8-AFB0-43E7CEBE7864&comcatid=97ECA65A-72DA-F9AF-9DBB-245D3CFED1BE HTTP/1.1" 200 77708
52.70.240.171 - - [28/Jun/2024:02:42:47 +0200] "GET /ticket2/opencms/de/buy/?catid=55D1256D-BDD9-CBA3-47A3-0A252F702555&comcatid=97ECA65A-72DA-F9AF-9DBB-245D3CFED1BE HTTP/1.1" 200 77714
5.9.55.228 - - [28/Jun/2024:02:42:48 +0200] "GET /ticket2/opencms/en/buy/?comcatid=A17713B6-D984-201A-4143-ED4DB5ED5C2E&catid=F2006A3D-5EE0-B40B-5749-60C15271538F HTTP/1.1" 200 81679
52.70.240.171 - - [28/Jun/2024:02:42:50 +0200] "GET /ticket2/opencms/de/buy/?catid=81B744E7-1FEE-E757-C0AB-C7AF73CDE252&comcatid=97ECA65A-72DA-F9AF-9DBB-245D3CFED1BE HTTP/1.1" 200 77707
52.70.240.171 - - [28/Jun/2024:02:42:54 +0200] "GET /ticket2/opencms/de/buy/?catid=F4D223A4-C027-46DC-3DE5-726A23E30A62&comcatid=97ECA65A-72DA-F9AF-9DBB-245D3CFED1BE HTTP/1.1" 200 77707
23.22.35.162 - - [28/Jun/2024:02:42:58 +0200] "GET /ticket2/opencms/de/buy/?catid=078F99D4-0B9E-E323-5A07-D7B70F6E8874&comcatid=97ECA65A-72DA-F9AF-9DBB-245D3CFED1BE HTTP/1.1" 200 77710
40.77.167.52 - - [28/Jun/2024:02:43:01 +0200] "GET /ticket2/opencms/en/venue/?venueid=6AEAE4F9-6A8D-25BD-489B-DC7310A7EAF9 HTTP/1.1" 200 71342
3.224.220.101 - - [28/Jun/2024:02:43:02 +0200] "GET /ticket2/opencms/de/buy/?catid=757E2DFB-33DA-9B34-8402-9F06B19D8409&comcatid=97ECA65A-72DA-F9AF-9DBB-245D3CFED1BE HTTP/1.1" 200 77716
5.9.55.228 - - [28/Jun/2024:02:43:04 +0200] "GET /ticket2/opencms/en/buy/?comcatid=A17713B6-D984-201A-4143-ED4DB5ED5C2E&catid=FF8D7FE7-4B09-7305-01C7-2D47F7913EB8 HTTP/1.1" 200 81680
47.128.121.212 - - [28/Jun/2024:02:43:05 +0200] "GET /ticket2/opencms/fi/buy/?edid=713C8E2E-8856-812A-FD61-94B2B631F7A2 HTTP/1.1" 200 73261
