47.128.110.198 - - [29/Jun/2024:04:32:57 +0200] "GET /ticket2/opencms/system/modules/com.gridnine.opencms.ticketbrokerage.site/resources/pics/logo-new.png HTTP/1.1" 200 13541
47.128.36.174 - - [29/Jun/2024:04:32:57 +0200] "GET /ticket2/opencms/system/modules/com.gridnine.opencms.ticketbrokerage.site/resources/pics/logo-new.png HTTP/1.1" 200 13541
47.128.110.198 - - [29/Jun/2024:04:32:58 +0200] "GET /ticket2/opencms/system/modules/com.gridnine.opencms.ticketbrokerage.site/resources/pics/bank_4_seb.png HTTP/1.1" 200 2487
47.128.36.174 - - [29/Jun/2024:04:32:58 +0200] "GET /ticket2/opencms/system/modules/com.gridnine.opencms.ticketbrokerage.site/resources/pics/bank_1_nordea.png HTTP/1.1" 200 4807
47.128.110.198 - - [29/Jun/2024:04:32:58 +0200] "GET /ticket2/opencms/system/modules/com.gridnine.opencms.ticketbrokerage.site/resources/pics/bank_1_nordea.png HTTP/1.1" 200 4807
47.128.110.198 - - [29/Jun/2024:04:32:58 +0200] "GET /ticket2/opencms/system/modules/com.gridnine.opencms.ticketbrokerage.site/resources/pics/bank_2_handelsbanken.png HTTP/1.1" 200 4509
47.128.110.198 - - [29/Jun/2024:04:32:58 +0200] "GET /ticket2/opencms/system/modules/com.gridnine.opencms.ticketbrokerage.site/resources/pics/bank_3_swedbank.png HTTP/1.1" 200 5740
47.128.110.198 - - [29/Jun/2024:04:32:58 +0200] "GET /ticket2/opencms/system/modules/com.gridnine.opencms.ticketbrokerage.site/resources/pics/bank_5_visa_mastercard.png HTTP/1.1" 200 8196
47.128.110.198 - - [29/Jun/2024:04:32:58 +0200] "GET /ticket2/opencms/system/modules/com.gridnine.opencms.ticketbrokerage.site/resources/pics/bank_6_american_express.png HTTP/1.1" 200 5570
47.128.36.174 - - [29/Jun/2024:04:32:58 +0200] "GET /ticket2/opencms/system/modules/com.gridnine.opencms.ticketbrokerage.site/resources/pics/bank_4_seb.png HTTP/1.1" 200 2487
47.128.36.174 - - [29/Jun/2024:04:32:59 +0200] "GET /ticket2/opencms/system/modules/com.gridnine.opencms.ticketbrokerage.site/resources/pics/bank_3_swedbank.png HTTP/1.1" 200 5740
47.128.36.174 - - [29/Jun/2024:04:32:59 +0200] "GET /ticket2/opencms/system/modules/com.gridnine.opencms.ticketbrokerage.site/resources/pics/bank_2_handelsbanken.png HTTP/1.1" 200 4509
47.128.36.174 - - [29/Jun/2024:04:32:59 +0200] "GET /ticket2/opencms/system/modules/com.gridnine.opencms.ticketbrokerage.site/resources/pics/bank_6_american_express.png HTTP/1.1" 200 5570
47.128.36.174 - - [29/Jun/2024:04:32:59 +0200] "GET /ticket2/opencms/system/modules/com.gridnine.opencms.ticketbrokerage.site/resources/pics/bank_5_visa_mastercard.png HTTP/1.1" 200 8196
66.249.75.106 - - [29/Jun/2024:04:33:06 +0200] "GET /ticket2/opencms/ru HTTP/1.1" 500 -
37.60.238.15 - - [29/Jun/2024:04:33:17 +0200] "GET /ticket2/opencms/de/fi/venue/?venueid=8B6C824C-D02D-D12B-5DBC-51731218C202 HTTP/1.1" 404 -
47.128.28.218 - - [29/Jun/2024:04:33:52 +0200] "GET /ticket2/opencms/fi/venue/?venueid=BE490FAA-3DB7-D4AF-97A1-3EB178A65501 HTTP/1.1" 200 72942
65.108.227.178 - - [29/Jun/2024:04:33:52 +0200] "GET /ticket2/opencms/de/en/venue/?countryid=BFE57D5D-96E9-5760-3742-A1CEB6924397 HTTP/1.1" 404 -
47.128.28.218 - - [29/Jun/2024:04:33:53 +0200] "GET /ticket2/opencms/system/modules/com.gridnine.opencms.ticketbrokerage.site/resources/pics/logo-new.png HTTP/1.1" 200 13541
47.128.28.218 - - [29/Jun/2024:04:33:53 +0200] "GET /ticket2/opencms/system/modules/com.gridnine.opencms.ticketbrokerage.site/resources/pics/bank_1_nordea.png HTTP/1.1" 200 4807
47.128.28.218 - - [29/Jun/2024:04:33:54 +0200] "GET /ticket2/opencms/system/modules/com.gridnine.opencms.ticketbrokerage.site/resources/pics/bank_4_seb.png HTTP/1.1" 200 2487
47.128.28.218 - - [29/Jun/2024:04:33:54 +0200] "GET /ticket2/opencms/system/modules/com.gridnine.opencms.ticketbrokerage.site/resources/pics/bank_3_swedbank.png HTTP/1.1" 200 5740
47.128.28.218 - - [29/Jun/2024:04:33:54 +0200] "GET /ticket2/opencms/system/modules/com.gridnine.opencms.ticketbrokerage.site/resources/pics/bank_5_visa_mastercard.png HTTP/1.1" 200 8196
47.128.28.218 - - [29/Jun/2024:04:33:54 +0200] "GET /ticket2/opencms/system/modules/com.gridnine.opencms.ticketbrokerage.site/resources/pics/bank_2_handelsbanken.png HTTP/1.1" 200 4509
47.128.28.218 - - [29/Jun/2024:04:33:54 +0200] "GET /ticket2/opencms/system/modules/com.gridnine.opencms.ticketbrokerage.site/resources/pics/bank_6_american_express.png HTTP/1.1" 200 5570
37.60.238.15 - - [29/Jun/2024:04:34:27 +0200] "GET /ticket2/opencms/de/fi/venue/?venueid=8BDEA22F-AEEB-2CF5-B679-E036CF5C4797 HTTP/1.1" 404 -
65.108.227.178 - - [29/Jun/2024:04:34:30 +0200] "GET /ticket2/opencms/de/en/venue/?countryid=C02FA7EF-C506-8CCA-9C06-722A0E6233D0 HTTP/1.1" 404 -
47.128.112.161 - - [29/Jun/2024:04:34:48 +0200] "GET /ticket2/opencms/no/buy/?catid=2FC3D548-EAF9-1354-0CD2-7D7619DA2334&comcatid=A17713B6-D984-201A-4143-ED4DB5ED5C2E&page=6 HTTP/1.1" 200 83603
47.128.112.161 - - [29/Jun/2024:04:34:49 +0200] "GET /ticket2/opencms/system/modules/com.gridnine.opencms.ticketbrokerage.site/resources/pics/logo-new.png HTTP/1.1" 200 13541
47.128.112.161 - - [29/Jun/2024:04:34:49 +0200] "GET /ticket2/opencms/system/modules/com.gridnine.opencms.ticketbrokerage.site/resources/pics/bank_1_nordea.png HTTP/1.1" 200 4807
47.128.112.161 - - [29/Jun/2024:04:34:50 +0200] "GET /ticket2/opencms/system/modules/com.gridnine.opencms.ticketbrokerage.site/resources/pics/bank_2_handelsbanken.png HTTP/1.1" 200 4509
47.128.112.161 - - [29/Jun/2024:04:34:50 +0200] "GET /ticket2/opencms/system/modules/com.gridnine.opencms.ticketbrokerage.site/resources/pics/bank_3_swedbank.png HTTP/1.1" 200 5740
47.128.112.161 - - [29/Jun/2024:04:34:50 +0200] "GET /ticket2/opencms/system/modules/com.gridnine.opencms.ticketbrokerage.site/resources/pics/bank_4_seb.png HTTP/1.1" 200 2487
47.128.112.161 - - [29/Jun/2024:04:34:50 +0200] "GET /ticket2/opencms/system/modules/com.gridnine.opencms.ticketbrokerage.site/resources/pics/bank_5_visa_mastercard.png HTTP/1.1" 200 8196
47.128.112.161 - - [29/Jun/2024:04:34:50 +0200] "GET /ticket2/opencms/system/modules/com.gridnine.opencms.ticketbrokerage.site/resources/pics/bank_6_american_express.png HTTP/1.1" 200 5570
47.128.30.16 - - [29/Jun/2024:04:34:51 +0200] "GET /ticket2/opencms/fi/buy/?catid=BDD8C04C-DD99-1C07-B5F3-F2AB98D157E8&comcatid=A17713B6-D984-201A-4143-ED4DB5ED5C2E&page=6 HTTP/1.1" 200 84019
47.128.30.16 - - [29/Jun/2024:04:34:52 +0200] "GET /ticket2/opencms/system/modules/com.gridnine.opencms.ticketbrokerage.site/resources/pics/logo-new.png HTTP/1.1" 200 13541
47.128.30.16 - - [29/Jun/2024:04:34:52 +0200] "GET /ticket2/opencms/system/modules/com.gridnine.opencms.ticketbrokerage.site/resources/pics/bank_1_nordea.png HTTP/1.1" 200 4807
47.128.30.16 - - [29/Jun/2024:04:34:52 +0200] "GET /ticket2/opencms/system/modules/com.gridnine.opencms.ticketbrokerage.site/resources/pics/bank_2_handelsbanken.png HTTP/1.1" 200 4509
47.128.30.16 - - [29/Jun/2024:04:34:53 +0200] "GET /ticket2/opencms/system/modules/com.gridnine.opencms.ticketbrokerage.site/resources/pics/bank_3_swedbank.png HTTP/1.1" 200 5740
47.128.30.16 - - [29/Jun/2024:04:34:53 +0200] "GET /ticket2/opencms/system/modules/com.gridnine.opencms.ticketbrokerage.site/resources/pics/bank_4_seb.png HTTP/1.1" 200 2487
47.128.30.16 - - [29/Jun/2024:04:34:53 +0200] "GET /ticket2/opencms/system/modules/com.gridnine.opencms.ticketbrokerage.site/resources/pics/bank_5_visa_mastercard.png HTTP/1.1" 200 8196
47.128.30.16 - - [29/Jun/2024:04:34:53 +0200] "GET /ticket2/opencms/system/modules/com.gridnine.opencms.ticketbrokerage.site/resources/pics/bank_6_american_express.png HTTP/1.1" 200 5570
65.108.227.178 - - [29/Jun/2024:04:35:01 +0200] "GET /ticket2/opencms/de/en/venue/?countryid=C0984F56-34B3-2410-35BD-6A54606EFEFB HTTP/1.1" 404 -
47.128.99.80 - - [29/Jun/2024:04:35:15 +0200] "GET /ticket2/opencms/de/buy/?edid=72E12FE2-4DDC-1E5C-698A-850131DAAB42 HTTP/1.1" 200 72578
47.128.99.80 - - [29/Jun/2024:04:35:16 +0200] "GET /ticket2/opencms/system/modules/com.gridnine.opencms.ticketbrokerage.site/resources/pics/logo-new.png HTTP/1.1" 200 13541
47.128.99.80 - - [29/Jun/2024:04:35:16 +0200] "GET /ticket2/opencms/system/modules/com.gridnine.opencms.ticketbrokerage.site/resources/pics/bank_5_visa_mastercard.png HTTP/1.1" 200 8196
47.128.99.80 - - [29/Jun/2024:04:35:17 +0200] "GET /ticket2/opencms/system/modules/com.gridnine.opencms.ticketbrokerage.site/resources/pics/bank_2_handelsbanken.png HTTP/1.1" 200 4509
47.128.99.80 - - [29/Jun/2024:04:35:17 +0200] "GET /ticket2/opencms/system/modules/com.gridnine.opencms.ticketbrokerage.site/resources/pics/bank_1_nordea.png HTTP/1.1" 200 4807
47.128.99.80 - - [29/Jun/2024:04:35:17 +0200] "GET /ticket2/opencms/system/modules/com.gridnine.opencms.ticketbrokerage.site/resources/pics/bank_4_seb.png HTTP/1.1" 200 2487
47.128.99.80 - - [29/Jun/2024:04:35:17 +0200] "GET /ticket2/opencms/system/modules/com.gridnine.opencms.ticketbrokerage.site/resources/pics/bank_3_swedbank.png HTTP/1.1" 200 5740
47.128.99.80 - - [29/Jun/2024:04:35:17 +0200] "GET /ticket2/opencms/system/modules/com.gridnine.opencms.ticketbrokerage.site/resources/pics/bank_6_american_express.png HTTP/1.1" 200 5570
37.60.238.15 - - [29/Jun/2024:04:35:17 +0200] "GET /ticket2/opencms/de/fi/venue/?venueid=8C3A154B-2F7E-FD19-F863-0D39CE53C467 HTTP/1.1" 404 -
47.128.22.223 - - [29/Jun/2024:04:35:20 +0200] "GET /ticket2/opencms/fi/buy/?catid=6E0E0CA4-3F14-9697-92B9-3687047BE453&comcatid=A17713B6-D984-201A-4143-ED4DB5ED5C2E HTTP/1.1" 200 83452
47.128.22.223 - - [29/Jun/2024:04:35:22 +0200] "GET /ticket2/opencms/system/modules/com.gridnine.opencms.ticketbrokerage.site/resources/pics/logo-new.png HTTP/1.1" 200 13541
47.128.22.223 - - [29/Jun/2024:04:35:23 +0200] "GET /ticket2/opencms/system/modules/com.gridnine.opencms.ticketbrokerage.site/resources/pics/bank_1_nordea.png HTTP/1.1" 200 4807
47.128.22.223 - - [29/Jun/2024:04:35:23 +0200] "GET /ticket2/opencms/system/modules/com.gridnine.opencms.ticketbrokerage.site/resources/pics/bank_4_seb.png HTTP/1.1" 200 2487
47.128.22.223 - - [29/Jun/2024:04:35:23 +0200] "GET /ticket2/opencms/system/modules/com.gridnine.opencms.ticketbrokerage.site/resources/pics/bank_3_swedbank.png HTTP/1.1" 200 5740
47.128.22.223 - - [29/Jun/2024:04:35:23 +0200] "GET /ticket2/opencms/system/modules/com.gridnine.opencms.ticketbrokerage.site/resources/pics/bank_2_handelsbanken.png HTTP/1.1" 200 4509
47.128.22.223 - - [29/Jun/2024:04:35:23 +0200] "GET /ticket2/opencms/system/modules/com.gridnine.opencms.ticketbrokerage.site/resources/pics/bank_5_visa_mastercard.png HTTP/1.1" 200 8196
47.128.22.223 - - [29/Jun/2024:04:35:23 +0200] "GET /ticket2/opencms/system/modules/com.gridnine.opencms.ticketbrokerage.site/resources/pics/bank_6_american_express.png HTTP/1.1" 200 5570
65.108.227.178 - - [29/Jun/2024:04:35:24 +0200] "GET /ticket2/opencms/de/en/venue/?countryid=C20C79E6-EE6B-26D5-6506-E0F6BF6B710A HTTP/1.1" 404 -
47.128.47.244 - - [29/Jun/2024:04:35:40 +0200] "GET /ticket2/opencms/fi/venue/?venueid=16CA27B2-E6FB-6299-A50A-93A7567AD2E3 HTTP/1.1" 200 73010
47.128.47.244 - - [29/Jun/2024:04:35:41 +0200] "GET /ticket2/opencms/system/modules/com.gridnine.opencms.ticketbrokerage.site/resources/pics/logo-new.png HTTP/1.1" 200 13541
47.128.47.244 - - [29/Jun/2024:04:35:41 +0200] "GET /ticket2/opencms/system/modules/com.gridnine.opencms.ticketbrokerage.site/resources/pics/bank_1_nordea.png HTTP/1.1" 200 4807
47.128.47.244 - - [29/Jun/2024:04:35:42 +0200] "GET /ticket2/opencms/system/modules/com.gridnine.opencms.ticketbrokerage.site/resources/pics/bank_3_swedbank.png HTTP/1.1" 200 5740
47.128.47.244 - - [29/Jun/2024:04:35:42 +0200] "GET /ticket2/opencms/system/modules/com.gridnine.opencms.ticketbrokerage.site/resources/pics/bank_2_handelsbanken.png HTTP/1.1" 200 4509
47.128.47.244 - - [29/Jun/2024:04:35:42 +0200] "GET /ticket2/opencms/system/modules/com.gridnine.opencms.ticketbrokerage.site/resources/pics/bank_4_seb.png HTTP/1.1" 200 2487
47.128.47.244 - - [29/Jun/2024:04:35:42 +0200] "GET /ticket2/opencms/system/modules/com.gridnine.opencms.ticketbrokerage.site/resources/pics/bank_5_visa_mastercard.png HTTP/1.1" 200 8196
47.128.47.244 - - [29/Jun/2024:04:35:42 +0200] "GET /ticket2/opencms/system/modules/com.gridnine.opencms.ticketbrokerage.site/resources/pics/bank_6_american_express.png HTTP/1.1" 200 5570
47.128.47.244 - - [29/Jun/2024:04:35:44 +0200] "GET /ticket2/opencms/system/galleries/pics/eleda-stadion.png HTTP/1.1" 200 150311
47.128.54.16 - - [29/Jun/2024:04:35:44 +0200] "GET /ticket2/opencms/fi/venue/?venueid=B5F81AEB-3F90-FA50-5453-F474EEB5E0C1 HTTP/1.1" 200 72942
47.128.54.16 - - [29/Jun/2024:04:35:45 +0200] "GET /ticket2/opencms/system/modules/com.gridnine.opencms.ticketbrokerage.site/resources/pics/logo-new.png HTTP/1.1" 200 13541
47.128.54.16 - - [29/Jun/2024:04:35:46 +0200] "GET /ticket2/opencms/system/modules/com.gridnine.opencms.ticketbrokerage.site/resources/pics/bank_2_handelsbanken.png HTTP/1.1" 200 4509
47.128.54.16 - - [29/Jun/2024:04:35:46 +0200] "GET /ticket2/opencms/system/modules/com.gridnine.opencms.ticketbrokerage.site/resources/pics/bank_5_visa_mastercard.png HTTP/1.1" 200 8196
47.128.54.16 - - [29/Jun/2024:04:35:47 +0200] "GET /ticket2/opencms/system/modules/com.gridnine.opencms.ticketbrokerage.site/resources/pics/bank_4_seb.png HTTP/1.1" 200 2487
47.128.54.16 - - [29/Jun/2024:04:35:47 +0200] "GET /ticket2/opencms/system/modules/com.gridnine.opencms.ticketbrokerage.site/resources/pics/bank_1_nordea.png HTTP/1.1" 200 4807
47.128.54.16 - - [29/Jun/2024:04:35:47 +0200] "GET /ticket2/opencms/system/modules/com.gridnine.opencms.ticketbrokerage.site/resources/pics/bank_3_swedbank.png HTTP/1.1" 200 5740
47.128.54.16 - - [29/Jun/2024:04:35:47 +0200] "GET /ticket2/opencms/system/modules/com.gridnine.opencms.ticketbrokerage.site/resources/pics/bank_6_american_express.png HTTP/1.1" 200 5570
52.167.144.223 - - [29/Jun/2024:04:35:53 +0200] "GET /ticket2/opencms/en/buy/?page=1&edid=00402A18-E6EE-9255-76F4-A0B97C91C54A HTTP/1.1" 200 86744
216.245.221.83 - - [29/Jun/2024:04:35:55 +0200] "HEAD /ticket2/opencms/ HTTP/1.1" 302 -
85.208.96.209 - - [29/Jun/2024:04:35:56 +0200] "GET /ticket2/opencms/fr/magazine/article?title=comment-cela-fonctionne-t-il-sur-le-terrain-de-football HTTP/1.1" 200 75639
216.245.221.83 - - [29/Jun/2024:04:35:58 +0200] "HEAD /ticket2/opencms/en/ HTTP/1.1" 200 -
114.119.148.174 - - [29/Jun/2024:04:36:06 +0200] "GET /ticket2/opencms/dk/en/buy/?page=1&edid=E0EDFA49-4B2E-09BD-E753-18FE8749E494 HTTP/1.1" 404 -
66.249.75.106 - - [29/Jun/2024:04:36:07 +0200] "GET /ticket2/opencms/en/venue/?countryid=2F10777F-9907-2201-7AD1-ACB3606C47A4 HTTP/1.1" 200 100730
66.249.75.168 - - [29/Jun/2024:04:36:08 +0200] "GET /ticket2/opencms/fi/robots.txt HTTP/1.1" 404 -
37.60.238.15 - - [29/Jun/2024:04:36:09 +0200] "GET /ticket2/opencms/de/fi/venue/?venueid=8C459824-0791-C4B3-96A5-E2175298EB51 HTTP/1.1" 404 -
65.108.227.178 - - [29/Jun/2024:04:36:13 +0200] "GET /ticket2/opencms/de/en/venue/?countryid=C3419397-8D1B-9427-953E-96370A3C8B07 HTTP/1.1" 404 -
114.119.136.199 - - [29/Jun/2024:04:36:28 +0200] "GET /ticket2/opencms/robots.txt HTTP/1.1" 200 773
47.128.28.235 - - [29/Jun/2024:04:36:41 +0200] "GET /ticket2/opencms/fi/venue/?venueid=31613234-3A5A-9089-C471-3CB6857351EF HTTP/1.1" 200 72983
47.128.28.235 - - [29/Jun/2024:04:36:43 +0200] "GET /ticket2/opencms/system/modules/com.gridnine.opencms.ticketbrokerage.site/resources/pics/logo-new.png HTTP/1.1" 200 13541
47.128.28.235 - - [29/Jun/2024:04:36:43 +0200] "GET /ticket2/opencms/venue/premier_league_seating_chart.png HTTP/1.1" 200 47580
47.128.28.235 - - [29/Jun/2024:04:36:44 +0200] "GET /ticket2/opencms/system/modules/com.gridnine.opencms.ticketbrokerage.site/resources/pics/bank_2_handelsbanken.png HTTP/1.1" 200 4509
47.128.28.235 - - [29/Jun/2024:04:36:44 +0200] "GET /ticket2/opencms/system/modules/com.gridnine.opencms.ticketbrokerage.site/resources/pics/bank_1_nordea.png HTTP/1.1" 200 4807
47.128.28.235 - - [29/Jun/2024:04:36:44 +0200] "GET /ticket2/opencms/system/modules/com.gridnine.opencms.ticketbrokerage.site/resources/pics/bank_3_swedbank.png HTTP/1.1" 200 5740
47.128.28.235 - - [29/Jun/2024:04:36:44 +0200] "GET /ticket2/opencms/system/modules/com.gridnine.opencms.ticketbrokerage.site/resources/pics/bank_4_seb.png HTTP/1.1" 200 2487
47.128.28.235 - - [29/Jun/2024:04:36:44 +0200] "GET /ticket2/opencms/system/modules/com.gridnine.opencms.ticketbrokerage.site/resources/pics/bank_5_visa_mastercard.png HTTP/1.1" 200 8196
47.128.28.235 - - [29/Jun/2024:04:36:45 +0200] "GET /ticket2/opencms/system/modules/com.gridnine.opencms.ticketbrokerage.site/resources/pics/bank_6_american_express.png HTTP/1.1" 200 5570
65.108.227.178 - - [29/Jun/2024:04:36:56 +0200] "GET /ticket2/opencms/de/en/venue/?countryid=C390DA46-FDFE-72E8-463E-D2A88C688BC4 HTTP/1.1" 404 -
37.60.238.15 - - [29/Jun/2024:04:37:02 +0200] "GET /ticket2/opencms/de/fi/venue/?venueid=8CD131ED-0F8F-D369-706B-E5EC13ED9308 HTTP/1.1" 404 -
114.119.135.169 - - [29/Jun/2024:04:37:07 +0200] "GET /ticket2/opencms/en/buy/?page=1&edid=4E8F76AC-1DBA-0EF6-C8C0-86EDAF2EED4D HTTP/1.1" 200 85188
207.46.13.54 - - [29/Jun/2024:04:37:10 +0200] "GET /ticket2/opencms/sv/sport/fotbollsbiljetter/premier_league/chelsea/restips_stamford_bridge/ HTTP/1.1" 200 77866
216.245.221.83 - - [29/Jun/2024:04:37:15 +0200] "HEAD /ticket2/opencms/ HTTP/1.1" 302 -
216.245.221.83 - - [29/Jun/2024:04:37:16 +0200] "HEAD /ticket2/opencms/en/ HTTP/1.1" 200 -
114.119.141.53 - - [29/Jun/2024:04:37:22 +0200] "GET /ticket2/opencms/en/buy/?page=1&edid=26588524-ED37-22CE-59BD-BA5560A1DCBD HTTP/1.1" 200 88492
52.167.144.179 - - [29/Jun/2024:04:37:26 +0200] "GET /ticket2/opencms/en/buy?page=1&edid=6312D7C5-4BBF-A97E-B93A-47328366BE18 HTTP/1.1" 200 109962
65.108.227.178 - - [29/Jun/2024:04:37:29 +0200] "GET /ticket2/opencms/de/en/venue/?countryid=C4D16A7F-3F94-CF6E-7376-231BD32DC9BF HTTP/1.1" 404 -
47.128.22.171 - - [29/Jun/2024:04:37:32 +0200] "GET /ticket2/opencms/fr/buy/?edid=57C8D150-DCBD-4911-196A-160A37952FA8 HTTP/1.1" 200 72687
47.128.22.171 - - [29/Jun/2024:04:37:33 +0200] "GET /ticket2/opencms/system/modules/com.gridnine.opencms.ticketbrokerage.site/resources/pics/logo-new.png HTTP/1.1" 200 13541
47.128.22.171 - - [29/Jun/2024:04:37:34 +0200] "GET /ticket2/opencms/system/modules/com.gridnine.opencms.ticketbrokerage.site/resources/pics/bank_5_visa_mastercard.png HTTP/1.1" 200 8196
85.208.96.197 - - [29/Jun/2024:04:37:34 +0200] "GET /ticket2/opencms/no/selling_tickets HTTP/1.1" 200 73045
47.128.22.171 - - [29/Jun/2024:04:37:34 +0200] "GET /ticket2/opencms/system/modules/com.gridnine.opencms.ticketbrokerage.site/resources/pics/bank_1_nordea.png HTTP/1.1" 200 4807
47.128.22.171 - - [29/Jun/2024:04:37:34 +0200] "GET /ticket2/opencms/system/modules/com.gridnine.opencms.ticketbrokerage.site/resources/pics/bank_2_handelsbanken.png HTTP/1.1" 200 4509
47.128.22.171 - - [29/Jun/2024:04:37:34 +0200] "GET /ticket2/opencms/system/modules/com.gridnine.opencms.ticketbrokerage.site/resources/pics/bank_4_seb.png HTTP/1.1" 200 2487
47.128.22.171 - - [29/Jun/2024:04:37:34 +0200] "GET /ticket2/opencms/system/modules/com.gridnine.opencms.ticketbrokerage.site/resources/pics/bank_3_swedbank.png HTTP/1.1" 200 5740
47.128.22.171 - - [29/Jun/2024:04:37:34 +0200] "GET /ticket2/opencms/system/modules/com.gridnine.opencms.ticketbrokerage.site/resources/pics/bank_6_american_express.png HTTP/1.1" 200 5570
47.128.98.93 - - [29/Jun/2024:04:37:36 +0200] "GET /ticket2/opencms/fi/venue/?countryid=469E8114-EEB1-DED6-F49A-3A2498C21B30 HTTP/1.1" 200 102292
47.128.98.93 - - [29/Jun/2024:04:37:37 +0200] "GET /ticket2/opencms/system/modules/com.gridnine.opencms.ticketbrokerage.site/resources/pics/logo-new.png HTTP/1.1" 200 13541
47.128.98.93 - - [29/Jun/2024:04:37:37 +0200] "GET /ticket2/opencms/system/modules/com.gridnine.opencms.ticketbrokerage.site/resources/pics/bank_1_nordea.png HTTP/1.1" 200 4807
47.128.98.93 - - [29/Jun/2024:04:37:38 +0200] "GET /ticket2/opencms/system/modules/com.gridnine.opencms.ticketbrokerage.site/resources/pics/bank_3_swedbank.png HTTP/1.1" 200 5740
47.128.98.93 - - [29/Jun/2024:04:37:38 +0200] "GET /ticket2/opencms/system/modules/com.gridnine.opencms.ticketbrokerage.site/resources/pics/bank_2_handelsbanken.png HTTP/1.1" 200 4509
47.128.98.93 - - [29/Jun/2024:04:37:38 +0200] "GET /ticket2/opencms/system/modules/com.gridnine.opencms.ticketbrokerage.site/resources/pics/bank_4_seb.png HTTP/1.1" 200 2487
47.128.98.93 - - [29/Jun/2024:04:37:38 +0200] "GET /ticket2/opencms/system/modules/com.gridnine.opencms.ticketbrokerage.site/resources/pics/bank_5_visa_mastercard.png HTTP/1.1" 200 8196
47.128.98.93 - - [29/Jun/2024:04:37:38 +0200] "GET /ticket2/opencms/system/modules/com.gridnine.opencms.ticketbrokerage.site/resources/pics/bank_6_american_express.png HTTP/1.1" 200 5570
37.60.238.15 - - [29/Jun/2024:04:37:59 +0200] "GET /ticket2/opencms/de/fi/venue/?venueid=8CFC3D89-30A6-4F45-212C-6A9F575010B5 HTTP/1.1" 404 -
65.108.227.178 - - [29/Jun/2024:04:38:06 +0200] "GET /ticket2/opencms/de/en/venue/?countryid=C5607D99-17A0-74C0-7750-F78B8898600C HTTP/1.1" 404 -
66.249.76.194 - - [29/Jun/2024:04:38:10 +0200] "GET /ticket2/opencms/en/venue/?venueid=86F0DC08-5FD1-E5A8-C05C-1DCBCBDEB57F HTTP/1.1" 200 71387
185.130.233.25 - - [29/Jun/2024:04:38:22 +0200] "GET / HTTP/1.1" 404 -
188.165.212.137 - - [29/Jun/2024:04:38:25 +0200] "GET /ticket2/opencms/de/robots.txt HTTP/1.1" 404 -
47.128.51.130 - - [29/Jun/2024:04:38:33 +0200] "GET /ticket2/opencms/fi/venue/?venueid=E7FBE66B-7C5F-E919-4130-134662E3910C HTTP/1.1" 200 72917
47.128.51.130 - - [29/Jun/2024:04:38:33 +0200] "GET /ticket2/opencms/system/modules/com.gridnine.opencms.ticketbrokerage.site/resources/pics/logo-new.png HTTP/1.1" 200 13541
47.128.51.130 - - [29/Jun/2024:04:38:34 +0200] "GET /ticket2/opencms/system/modules/com.gridnine.opencms.ticketbrokerage.site/resources/pics/bank_1_nordea.png HTTP/1.1" 200 4807
47.128.51.130 - - [29/Jun/2024:04:38:34 +0200] "GET /ticket2/opencms/system/modules/com.gridnine.opencms.ticketbrokerage.site/resources/pics/bank_2_handelsbanken.png HTTP/1.1" 200 4509
47.128.51.130 - - [29/Jun/2024:04:38:34 +0200] "GET /ticket2/opencms/system/modules/com.gridnine.opencms.ticketbrokerage.site/resources/pics/bank_3_swedbank.png HTTP/1.1" 200 5740
47.128.51.130 - - [29/Jun/2024:04:38:34 +0200] "GET /ticket2/opencms/system/modules/com.gridnine.opencms.ticketbrokerage.site/resources/pics/bank_4_seb.png HTTP/1.1" 200 2487
47.128.51.130 - - [29/Jun/2024:04:38:34 +0200] "GET /ticket2/opencms/system/modules/com.gridnine.opencms.ticketbrokerage.site/resources/pics/bank_5_visa_mastercard.png HTTP/1.1" 200 8196
47.128.51.130 - - [29/Jun/2024:04:38:34 +0200] "GET /ticket2/opencms/system/modules/com.gridnine.opencms.ticketbrokerage.site/resources/pics/bank_6_american_express.png HTTP/1.1" 200 5570
188.165.212.137 - - [29/Jun/2024:04:38:36 +0200] "GET /ticket2/opencms/de/en/venue/?venueid=B9CBF21D-9B28-7AD2-F7DC-55BCA317CA29 HTTP/1.1" 404 -
188.165.212.137 - - [29/Jun/2024:04:38:46 +0200] "GET /ticket2/opencms/de/en/venue/?venueid=B9E1C2A0-0847-2537-2C1B-EF8F5DAD4EC7 HTTP/1.1" 404 -
65.108.227.178 - - [29/Jun/2024:04:38:47 +0200] "GET /ticket2/opencms/de/en/venue/?countryid=C7880A4A-050D-8AB8-4FEC-8062D983D070 HTTP/1.1" 404 -
95.217.109.26 - - [29/Jun/2024:04:38:55 +0200] "GET /ticket2/opencms/dk/robots.txt HTTP/1.1" 404 -
188.165.212.137 - - [29/Jun/2024:04:38:58 +0200] "GET /ticket2/opencms/de/en/venue/?venueid=B9E98EE0-EDCD-A56C-D617-EAD0679984D5 HTTP/1.1" 404 -
95.217.109.26 - - [29/Jun/2024:04:39:00 +0200] "GET /ticket2/opencms/dk/no/buy/?page=1&edid=FF0D3809-EDF7-7D77-577F-435AF719EB43&sortorder=asc&column=price HTTP/1.1" 404 -
95.217.109.26 - - [29/Jun/2024:04:39:01 +0200] "GET /ticket2/opencms/dk/robots.txt HTTP/1.1" 404 -
95.217.109.26 - - [29/Jun/2024:04:39:05 +0200] "GET /ticket2/opencms/dk/no/buy/?page=6 HTTP/1.1" 404 -
37.60.238.15 - - [29/Jun/2024:04:39:07 +0200] "GET /ticket2/opencms/de/fi/venue/?venueid=8D217A69-8B46-AC3D-8655-CBEED67203A8 HTTP/1.1" 404 -
95.217.109.26 - - [29/Jun/2024:04:39:10 +0200] "GET /ticket2/opencms/dk/no/buy/?page=6&comcatid=0A6B8208-FDA4-E929-9D72-5312FD481B76 HTTP/1.1" 404 -
188.165.212.137 - - [29/Jun/2024:04:39:10 +0200] "GET /ticket2/opencms/de/en/venue/?venueid=BA726E61-6088-DAC3-1BB7-35F85C751C16 HTTP/1.1" 404 -
95.217.109.26 - - [29/Jun/2024:04:39:15 +0200] "GET /ticket2/opencms/dk/no/buy/?page=6&comcatid=0A6B8208-FDA4-E929-9D72-5312FD481B76&catid=1DB7F66B-473B-B427-F752-358FEEFE8EC0 HTTP/1.1" 404 -
95.217.109.26 - - [29/Jun/2024:04:39:20 +0200] "GET /ticket2/opencms/dk/no/buy/?page=6&comcatid=0A6B8208-FDA4-E929-9D72-5312FD481B76&catid=CB847559-7ECA-CC50-D7D2-064AF0C06FB1 HTTP/1.1" 404 -
188.165.212.137 - - [29/Jun/2024:04:39:23 +0200] "GET /ticket2/opencms/de/en/venue/?venueid=BA793AD9-A454-8FFD-47A5-AE4980F853A5 HTTP/1.1" 404 -
95.217.109.26 - - [29/Jun/2024:04:39:25 +0200] "GET /ticket2/opencms/dk/no/buy/?page=6&comcatid=66708183-7480-3365-06BF-DBF60280AB45&catid=8C381435-A1E8-94AF-2C58-D133FCA44A31 HTTP/1.1" 404 -
47.128.58.187 - - [29/Jun/2024:04:39:29 +0200] "GET /ticket2/opencms/fi/venue/?venueid=2589C406-8AC4-E204-69A4-9A0C704DD161 HTTP/1.1" 200 72930
47.128.58.187 - - [29/Jun/2024:04:39:30 +0200] "GET /ticket2/opencms/system/modules/com.gridnine.opencms.ticketbrokerage.site/resources/pics/logo-new.png HTTP/1.1" 200 13541
95.217.109.26 - - [29/Jun/2024:04:39:30 +0200] "GET /ticket2/opencms/dk/no/buy/?page=6&comcatid=97ECA65A-72DA-F9AF-9DBB-245D3CFED1BE HTTP/1.1" 404 -
47.128.58.187 - - [29/Jun/2024:04:39:30 +0200] "GET /ticket2/opencms/system/modules/com.gridnine.opencms.ticketbrokerage.site/resources/pics/bank_3_swedbank.png HTTP/1.1" 200 5740
47.128.58.187 - - [29/Jun/2024:04:39:30 +0200] "GET /ticket2/opencms/system/modules/com.gridnine.opencms.ticketbrokerage.site/resources/pics/bank_6_american_express.png HTTP/1.1" 200 5570
47.128.58.187 - - [29/Jun/2024:04:39:31 +0200] "GET /ticket2/opencms/system/modules/com.gridnine.opencms.ticketbrokerage.site/resources/pics/bank_5_visa_mastercard.png HTTP/1.1" 200 8196
47.128.58.187 - - [29/Jun/2024:04:39:31 +0200] "GET /ticket2/opencms/system/modules/com.gridnine.opencms.ticketbrokerage.site/resources/pics/bank_4_seb.png HTTP/1.1" 200 2487
47.128.58.187 - - [29/Jun/2024:04:39:31 +0200] "GET /ticket2/opencms/system/modules/com.gridnine.opencms.ticketbrokerage.site/resources/pics/bank_2_handelsbanken.png HTTP/1.1" 200 4509
47.128.58.187 - - [29/Jun/2024:04:39:31 +0200] "GET /ticket2/opencms/system/modules/com.gridnine.opencms.ticketbrokerage.site/resources/pics/bank_1_nordea.png HTTP/1.1" 200 4807
95.217.109.26 - - [29/Jun/2024:04:39:35 +0200] "GET /ticket2/opencms/dk/no/buy/?page=6&comcatid=97ECA65A-72DA-F9AF-9DBB-245D3CFED1BE&catid=81B744E7-1FEE-E757-C0AB-C7AF73CDE252 HTTP/1.1" 404 -
188.165.212.137 - - [29/Jun/2024:04:39:36 +0200] "GET /ticket2/opencms/de/en/venue/?venueid=BA7F5070-8E85-86F6-14CE-D436C8666BBE HTTP/1.1" 404 -
95.217.109.26 - - [29/Jun/2024:04:39:40 +0200] "GET /ticket2/opencms/dk/no/buy/?page=6&comcatid=A17713B6-D984-201A-4143-ED4DB5ED5C2E&catid=36394212-F82E-F845-399B-42BED55969CC HTTP/1.1" 404 -
65.108.227.178 - - [29/Jun/2024:04:39:43 +0200] "GET /ticket2/opencms/de/en/venue/?countryid=C83BD7D3-147E-EEE7-3AB4-19E8D9E56196 HTTP/1.1" 404 -
95.217.109.26 - - [29/Jun/2024:04:39:45 +0200] "GET /ticket2/opencms/dk/no/buy/?page=6&comcatid=A17713B6-D984-201A-4143-ED4DB5ED5C2E&catid=36394212-F82E-F845-399B-42BED55969CC&eventid=1C0FC89D-D539-28E4-3F58-11BCE29E4CA8 HTTP/1.1" 404 -
188.165.212.137 - - [29/Jun/2024:04:39:46 +0200] "GET /ticket2/opencms/de/en/venue/?venueid=BB4E41F7-ED8B-8F32-5D05-ADA090F513A1 HTTP/1.1" 404 -
95.217.109.26 - - [29/Jun/2024:04:39:50 +0200] "GET /ticket2/opencms/dk/no/buy/?page=6&comcatid=A17713B6-D984-201A-4143-ED4DB5ED5C2E&catid=36394212-F82E-F845-399B-42BED55969CC&eventid=44A1774B-7690-4041-831D-F16B9B8104AB HTTP/1.1" 404 -
37.60.238.15 - - [29/Jun/2024:04:39:50 +0200] "GET /ticket2/opencms/de/fi/venue/?venueid=8D3E338D-57EA-2754-337D-4094BF8B8E3F HTTP/1.1" 404 -
47.128.22.218 - - [29/Jun/2024:04:39:53 +0200] "GET /ticket2/opencms/dk/buy/?edid=35A2433F-5582-D69E-442B-B85F16AD5184 HTTP/1.1" 200 72066
47.128.22.218 - - [29/Jun/2024:04:39:53 +0200] "GET /ticket2/opencms/system/modules/com.gridnine.opencms.ticketbrokerage.site/resources/pics/logo-new.png HTTP/1.1" 200 13541
47.128.22.218 - - [29/Jun/2024:04:39:54 +0200] "GET /ticket2/opencms/system/modules/com.gridnine.opencms.ticketbrokerage.site/resources/pics/bank_1_nordea.png HTTP/1.1" 200 4807
47.128.22.218 - - [29/Jun/2024:04:39:54 +0200] "GET /ticket2/opencms/system/modules/com.gridnine.opencms.ticketbrokerage.site/resources/pics/bank_3_swedbank.png HTTP/1.1" 200 5740
47.128.22.218 - - [29/Jun/2024:04:39:54 +0200] "GET /ticket2/opencms/system/modules/com.gridnine.opencms.ticketbrokerage.site/resources/pics/bank_4_seb.png HTTP/1.1" 200 2487
47.128.22.218 - - [29/Jun/2024:04:39:54 +0200] "GET /ticket2/opencms/system/modules/com.gridnine.opencms.ticketbrokerage.site/resources/pics/bank_2_handelsbanken.png HTTP/1.1" 200 4509
47.128.22.218 - - [29/Jun/2024:04:39:54 +0200] "GET /ticket2/opencms/system/modules/com.gridnine.opencms.ticketbrokerage.site/resources/pics/bank_5_visa_mastercard.png HTTP/1.1" 200 8196
95.217.109.26 - - [29/Jun/2024:04:39:54 +0200] "GET /ticket2/opencms/dk/no/buy/?page=6&comcatid=A17713B6-D984-201A-4143-ED4DB5ED5C2E&catid=4B941E1B-E4E2-C53E-C693-9FA91BBA9AD5 HTTP/1.1" 404 -
47.128.22.218 - - [29/Jun/2024:04:39:55 +0200] "GET /ticket2/opencms/system/modules/com.gridnine.opencms.ticketbrokerage.site/resources/pics/bank_6_american_express.png HTTP/1.1" 200 5570
85.208.96.198 - - [29/Jun/2024:04:39:55 +0200] "GET /ticket2/opencms/de/sport/fussball-tickets/serie_a/udinese/ HTTP/1.1" 200 76136
95.217.109.26 - - [29/Jun/2024:04:39:59 +0200] "GET /ticket2/opencms/dk/no/buy/?page=6&comcatid=B41CCF2B-5558-7AEE-3602-09BBDE417D65&catid=BF886BAE-FC84-8CB3-A193-6DFA251F7985 HTTP/1.1" 404 -
188.165.212.137 - - [29/Jun/2024:04:40:00 +0200] "GET /ticket2/opencms/de/en/venue/?venueid=BB4F9455-CDA6-66FB-561C-A3A9BC4EB96F HTTP/1.1" 404 -
85.208.96.212 - - [29/Jun/2024:04:40:00 +0200] "GET /ticket2/opencms/fi/urheilu/jalkapallo/la-liga/las_palmas/ HTTP/1.1" 200 74686
95.217.109.26 - - [29/Jun/2024:04:40:03 +0200] "GET /ticket2/opencms/dk/ru/buy/?page=1&edid=072BA552-5535-9F03-1634-16EAF34E50E1 HTTP/1.1" 404 -
95.217.109.26 - - [29/Jun/2024:04:40:06 +0200] "GET /ticket2/opencms/dk/ru/buy/?page=1&edid=0B9C9611-7234-C267-7CAE-EF320FD80690&sortorder=desc&column=row HTTP/1.1" 404 -
95.217.109.26 - - [29/Jun/2024:04:40:10 +0200] "GET /ticket2/opencms/dk/ru/buy/?page=1&edid=0BDDE4B9-AAB0-03E7-CA27-8EE4DAC570B1&sortorder=asc&column=row HTTP/1.1" 404 -
188.165.212.137 - - [29/Jun/2024:04:40:10 +0200] "GET /ticket2/opencms/de/en/venue/?venueid=BB5DCC3D-DF81-3AAD-D19F-0F0A28A6463A HTTP/1.1" 404 -
66.249.76.8 - - [29/Jun/2024:04:40:12 +0200] "GET /ticket2/opencms/en/venue/?countryid=87A625FD-F8B4-E412-121A-2F51AA59B0DD HTTP/1.1" 200 100730
95.217.109.26 - - [29/Jun/2024:04:40:13 +0200] "GET /ticket2/opencms/dk/ru/buy/?page=1&edid=0CBB46CA-9AD5-9B88-BA0F-7754E32E2606&sortorder=desc&column=price HTTP/1.1" 404 -
66.249.75.163 - - [29/Jun/2024:04:40:15 +0200] "GET /ticket2/opencms/dk HTTP/1.1" 200 91647
185.191.171.10 - - [29/Jun/2024:04:40:16 +0200] "GET /ticket2/opencms/es/magazine/article?title=luton HTTP/1.1" 200 75680
95.217.109.26 - - [29/Jun/2024:04:40:16 +0200] "GET /ticket2/opencms/dk/ru/buy/?page=1&edid=0CBB46CA-9AD5-9B88-BA0F-7754E32E2606&sortorder=desc&column=row HTTP/1.1" 404 -
66.249.76.166 - - [29/Jun/2024:04:40:16 +0200] "GET /ticket2/opencms/dk/venue/?venueid=9272A2D8-B9AC-BEB2-056D-6E191348444B HTTP/1.1" 200 71803
95.217.109.26 - - [29/Jun/2024:04:40:19 +0200] "GET /ticket2/opencms/dk/ru/buy/?page=1&edid=0CC82007-46C5-0DC1-C8E4-00D5696ECF20 HTTP/1.1" 404 -
95.217.109.26 - - [29/Jun/2024:04:40:23 +0200] "GET /ticket2/opencms/dk/ru/buy/?page=1&edid=0D1729EF-710B-2D13-DB42-A36239A78C15 HTTP/1.1" 404 -
188.165.212.137 - - [29/Jun/2024:04:40:23 +0200] "GET /ticket2/opencms/de/en/venue/?venueid=BB60E449-528D-3AE9-B113-A6ED9AB7DBD0 HTTP/1.1" 404 -
95.217.109.26 - - [29/Jun/2024:04:40:26 +0200] "GET /ticket2/opencms/dk/ru/buy/?page=1&edid=0D1729EF-710B-2D13-DB42-A36239A78C15&sortorder=asc&column=row HTTP/1.1" 404 -
47.128.25.27 - - [29/Jun/2024:04:40:26 +0200] "GET /ticket2/opencms/dk/buy/?catid=08F27F2A-1872-A39F-A97C-63093E77B18A&comcatid=A17713B6-D984-201A-4143-ED4DB5ED5C2E HTTP/1.1" 200 82253
185.169.252.159 - - [29/Jun/2024:04:40:26 +0200] "GET /ticket2/opencms/sv/login/?edid=241FC0DD-BE90-CC0C-4656-2BD067DFEBB9 HTTP/1.1" 200 74250
47.128.25.27 - - [29/Jun/2024:04:40:27 +0200] "GET /ticket2/opencms/system/modules/com.gridnine.opencms.ticketbrokerage.site/resources/pics/logo-new.png HTTP/1.1" 200 13541
47.128.25.27 - - [29/Jun/2024:04:40:27 +0200] "GET /ticket2/opencms/system/modules/com.gridnine.opencms.ticketbrokerage.site/resources/pics/bank_1_nordea.png HTTP/1.1" 200 4807
47.128.25.27 - - [29/Jun/2024:04:40:27 +0200] "GET /ticket2/opencms/system/modules/com.gridnine.opencms.ticketbrokerage.site/resources/pics/bank_6_american_express.png HTTP/1.1" 200 5570
47.128.25.27 - - [29/Jun/2024:04:40:28 +0200] "GET /ticket2/opencms/system/modules/com.gridnine.opencms.ticketbrokerage.site/resources/pics/bank_2_handelsbanken.png HTTP/1.1" 200 4509
47.128.25.27 - - [29/Jun/2024:04:40:28 +0200] "GET /ticket2/opencms/system/modules/com.gridnine.opencms.ticketbrokerage.site/resources/pics/bank_4_seb.png HTTP/1.1" 200 2487
47.128.25.27 - - [29/Jun/2024:04:40:28 +0200] "GET /ticket2/opencms/system/modules/com.gridnine.opencms.ticketbrokerage.site/resources/pics/bank_5_visa_mastercard.png HTTP/1.1" 200 8196
47.128.25.27 - - [29/Jun/2024:04:40:28 +0200] "GET /ticket2/opencms/system/modules/com.gridnine.opencms.ticketbrokerage.site/resources/pics/bank_3_swedbank.png HTTP/1.1" 200 5740
95.217.109.26 - - [29/Jun/2024:04:40:29 +0200] "GET /ticket2/opencms/dk/ru/buy/?page=1&edid=0D1729EF-710B-2D13-DB42-A36239A78C15&sortorder=desc&column=price HTTP/1.1" 404 -
95.217.109.26 - - [29/Jun/2024:04:40:32 +0200] "GET /ticket2/opencms/dk/ru/buy/?page=1&edid=0D1729EF-710B-2D13-DB42-A36239A78C15&sortorder=desc&column=row HTTP/1.1" 404 -
188.165.212.137 - - [29/Jun/2024:04:40:35 +0200] "GET /ticket2/opencms/de/en/venue/?venueid=BB7269F8-B61E-FA7E-A9DA-3606646F64C6 HTTP/1.1" 404 -
95.217.109.26 - - [29/Jun/2024:04:40:35 +0200] "GET /ticket2/opencms/dk/ru/buy/?page=1&edid=0D1729EF-710B-2D13-DB42-A36239A78C15&sortorder=desc&column=section HTTP/1.1" 404 -
95.217.109.26 - - [29/Jun/2024:04:40:39 +0200] "GET /ticket2/opencms/dk/ru/buy/?page=1&edid=0E11DE36-D2C8-0BC0-B9F9-E9388C9EDF0E HTTP/1.1" 404 -
65.108.227.178 - - [29/Jun/2024:04:40:39 +0200] "GET /ticket2/opencms/de/fi/buy/?comcatid=0A6B8208-FDA4-E929-9D72-5312FD481B76 HTTP/1.1" 404 -
95.217.109.26 - - [29/Jun/2024:04:40:42 +0200] "GET /ticket2/opencms/dk/ru/buy/?page=1&edid=0E11DE36-D2C8-0BC0-B9F9-E9388C9EDF0E&sortorder=desc&column=row HTTP/1.1" 404 -
188.165.212.137 - - [29/Jun/2024:04:40:45 +0200] "GET /ticket2/opencms/de/en/venue/?venueid=BB736B8D-452E-548C-9145-71E4BC7BD986 HTTP/1.1" 404 -
95.217.109.26 - - [29/Jun/2024:04:40:45 +0200] "GET /ticket2/opencms/dk/ru/buy/?page=1&edid=0E11DE36-D2C8-0BC0-B9F9-E9388C9EDF0E&sortorder=desc&column=section HTTP/1.1" 404 -
95.217.109.26 - - [29/Jun/2024:04:40:49 +0200] "GET /ticket2/opencms/dk/ru/buy/?page=1&edid=0E64AEEE-C256-384A-95C3-A01C20EF3A5D HTTP/1.1" 404 -
40.77.167.46 - - [29/Jun/2024:04:40:50 +0200] "GET /ticket2/opencms/sv/venue/?venueid=298D27CF-C72A-A8BB-2811-F2F021053028 HTTP/1.1" 200 72152
37.60.238.15 - - [29/Jun/2024:04:40:51 +0200] "GET /ticket2/opencms/de/fi/venue/?venueid=8D532909-C41C-2A7C-5336-DE83887C261B HTTP/1.1" 404 -
95.217.109.26 - - [29/Jun/2024:04:40:52 +0200] "GET /ticket2/opencms/dk/ru/buy/?page=1&edid=0E658288-02D3-BB03-7C93-2B756063BA20&sortorder=asc&column=section HTTP/1.1" 404 -
216.245.221.83 - - [29/Jun/2024:04:40:55 +0200] "HEAD /ticket2/opencms/ HTTP/1.1" 302 -
95.217.109.26 - - [29/Jun/2024:04:40:55 +0200] "GET /ticket2/opencms/dk/ru/buy/?page=1&edid=0E78FCAC-2C27-F7B4-A879-E4B000248D28 HTTP/1.1" 404 -
216.245.221.83 - - [29/Jun/2024:04:40:58 +0200] "HEAD /ticket2/opencms/en/ HTTP/1.1" 200 -
188.165.212.137 - - [29/Jun/2024:04:40:58 +0200] "GET /ticket2/opencms/de/en/venue/?venueid=BBEC82D1-C9A9-40E1-98A5-6357ECE4EFA5 HTTP/1.1" 404 -
95.217.109.26 - - [29/Jun/2024:04:40:59 +0200] "GET /ticket2/opencms/dk/ru/buy/?page=1&edid=0F484790-35E4-1F59-EA8B-B93E16E6B1AE HTTP/1.1" 404 -
95.217.109.26 - - [29/Jun/2024:04:41:02 +0200] "GET /ticket2/opencms/dk/ru/buy/?page=1&edid=0F8744B2-A108-647C-1F63-181C4766CA41 HTTP/1.1" 404 -
95.217.109.26 - - [29/Jun/2024:04:41:05 +0200] "GET /ticket2/opencms/dk/ru/buy/?page=1&edid=0F8744B2-A108-647C-1F63-181C4766CA41&sortorder=desc&column=price HTTP/1.1" 404 -
52.167.144.179 - - [29/Jun/2024:04:41:08 +0200] "GET /ticket2/opencms/dk/venue/?venueid=36573C6C-47C8-2165-EDCA-81C43CECFB43 HTTP/1.1" 200 71758
95.217.109.26 - - [29/Jun/2024:04:41:09 +0200] "GET /ticket2/opencms/dk/ru/buy/?page=1&edid=0F8744B2-A108-647C-1F63-181C4766CA41&sortorder=desc&column=row HTTP/1.1" 404 -
188.165.212.137 - - [29/Jun/2024:04:41:12 +0200] "GET /ticket2/opencms/de/en/venue/?venueid=BBFDFA62-30E5-0CF7-5C31-22BFF847E1A4 HTTP/1.1" 404 -
95.217.109.26 - - [29/Jun/2024:04:41:12 +0200] "GET /ticket2/opencms/dk/ru/buy/?page=1&edid=0F8FC4F8-2FB4-7AC0-1C11-E3AC9DE072FF HTTP/1.1" 404 -
135.181.75.58 - - [29/Jun/2024:04:41:12 +0200] "GET /ticket2/opencms/de/robots.txt HTTP/1.1" 404 -
95.217.109.26 - - [29/Jun/2024:04:41:15 +0200] "GET /ticket2/opencms/dk/ru/buy/?page=1&edid=0F8FC4F8-2FB4-7AC0-1C11-E3AC9DE072FF&sortorder=desc&column=price HTTP/1.1" 404 -
95.217.109.26 - - [29/Jun/2024:04:41:19 +0200] "GET /ticket2/opencms/dk/ru/buy/?page=1&edid=0F8FC4F8-2FB4-7AC0-1C11-E3AC9DE072FF&sortorder=desc&column=row HTTP/1.1" 404 -
47.128.31.173 - - [29/Jun/2024:04:41:21 +0200] "GET /ticket2/opencms/fi/venue/?venueid=A18E6B9F-ABE7-577B-3CDD-CFF0ABF1460E HTTP/1.1" 200 72914
47.128.31.173 - - [29/Jun/2024:04:41:22 +0200] "GET /ticket2/opencms/system/modules/com.gridnine.opencms.ticketbrokerage.site/resources/pics/logo-new.png HTTP/1.1" 200 13541
95.217.109.26 - - [29/Jun/2024:04:41:22 +0200] "GET /ticket2/opencms/dk/ru/buy/?page=1&edid=0F8FC4F8-2FB4-7AC0-1C11-E3AC9DE072FF&sortorder=desc&column=section HTTP/1.1" 404 -
47.128.31.173 - - [29/Jun/2024:04:41:22 +0200] "GET /ticket2/opencms/system/modules/com.gridnine.opencms.ticketbrokerage.site/resources/pics/bank_1_nordea.png HTTP/1.1" 200 4807
47.128.31.173 - - [29/Jun/2024:04:41:23 +0200] "GET /ticket2/opencms/system/modules/com.gridnine.opencms.ticketbrokerage.site/resources/pics/bank_3_swedbank.png HTTP/1.1" 200 5740
47.128.31.173 - - [29/Jun/2024:04:41:23 +0200] "GET /ticket2/opencms/system/modules/com.gridnine.opencms.ticketbrokerage.site/resources/pics/bank_5_visa_mastercard.png HTTP/1.1" 200 8196
47.128.31.173 - - [29/Jun/2024:04:41:23 +0200] "GET /ticket2/opencms/system/modules/com.gridnine.opencms.ticketbrokerage.site/resources/pics/bank_4_seb.png HTTP/1.1" 200 2487
47.128.31.173 - - [29/Jun/2024:04:41:23 +0200] "GET /ticket2/opencms/system/modules/com.gridnine.opencms.ticketbrokerage.site/resources/pics/bank_2_handelsbanken.png HTTP/1.1" 200 4509
47.128.31.173 - - [29/Jun/2024:04:41:23 +0200] "GET /ticket2/opencms/system/modules/com.gridnine.opencms.ticketbrokerage.site/resources/pics/bank_6_american_express.png HTTP/1.1" 200 5570
188.165.212.137 - - [29/Jun/2024:04:41:23 +0200] "GET /ticket2/opencms/de/en/venue/?venueid=BC1A9CCA-795F-F200-591F-A9E7F125D0C8 HTTP/1.1" 404 -
95.217.109.26 - - [29/Jun/2024:04:41:25 +0200] "GET /ticket2/opencms/dk/ru/buy/?page=1&edid=106BCEB3-13F0-783A-EE54-960BEB88B5BD&sortorder=asc&column=section HTTP/1.1" 404 -
95.217.109.26 - - [29/Jun/2024:04:41:28 +0200] "GET /ticket2/opencms/dk/ru/buy/?page=1&edid=106FABEB-1625-76C0-96E9-569261E1AC5D&sortorder=desc&column=price HTTP/1.1" 404 -
37.60.238.15 - - [29/Jun/2024:04:41:29 +0200] "GET /ticket2/opencms/de/fi/venue/?venueid=8DC9B4D7-0F57-A55B-2293-BE821F8D48B8 HTTP/1.1" 404 -
185.191.171.1 - - [29/Jun/2024:04:41:30 +0200] "GET /ticket2/opencms/fi/urheilu/jalkapallo/premier_league/arsenal/ HTTP/1.1" 200 83961
101.44.163.232 - - [29/Jun/2024:04:41:31 +0200] "GET /ticket2/opencms/fi/newsletter/ HTTP/1.1" 200 76747
95.217.109.26 - - [29/Jun/2024:04:41:32 +0200] "GET /ticket2/opencms/dk/ru/buy/?page=1&edid=10A62337-6080-4764-6B3B-E77181019E55 HTTP/1.1" 404 -
95.217.109.26 - - [29/Jun/2024:04:41:35 +0200] "GET /ticket2/opencms/dk/ru/buy/?page=1&edid=10FBE5D4-FAB6-B08C-61D0-4B7EDF5E3DDE HTTP/1.1" 404 -
188.165.212.137 - - [29/Jun/2024:04:41:38 +0200] "GET /ticket2/opencms/de/en/venue/?venueid=BC292235-0368-F4B6-A5B1-8737AD416345 HTTP/1.1" 404 -
95.217.109.26 - - [29/Jun/2024:04:41:38 +0200] "GET /ticket2/opencms/dk/ru/buy/?page=1&edid=10FBE5D4-FAB6-B08C-61D0-4B7EDF5E3DDE&sortorder=desc&column=section HTTP/1.1" 404 -
95.217.109.26 - - [29/Jun/2024:04:41:41 +0200] "GET /ticket2/opencms/dk/ru/buy/?page=1&edid=119D38B2-781A-9D91-BD0C-66BB4D932A19 HTTP/1.1" 404 -
95.217.109.26 - - [29/Jun/2024:04:41:45 +0200] "GET /ticket2/opencms/dk/ru/buy/?page=1&edid=119D38B2-781A-9D91-BD0C-66BB4D932A19&sortorder=desc&column=row HTTP/1.1" 404 -
95.217.109.26 - - [29/Jun/2024:04:41:48 +0200] "GET /ticket2/opencms/dk/ru/buy/?page=1&edid=119D38B2-781A-9D91-BD0C-66BB4D932A19&sortorder=desc&column=section HTTP/1.1" 404 -
95.217.109.26 - - [29/Jun/2024:04:41:51 +0200] "GET /ticket2/opencms/dk/ru/buy/?page=1&edid=11C4CCD7-63C8-3CBA-976E-E1B3E9A47DFB HTTP/1.1" 404 -
188.165.212.137 - - [29/Jun/2024:04:41:53 +0200] "GET /ticket2/opencms/de/en/venue/?venueid=BC2CC518-91EF-AA50-803C-4CF19EFA0DC6 HTTP/1.1" 404 -
95.217.109.26 - - [29/Jun/2024:04:41:55 +0200] "GET /ticket2/opencms/dk/ru/buy/?page=1&edid=11D1149A-F4B7-F104-E5AE-C70D8A130A49&sortorder=desc&column=price HTTP/1.1" 404 -
95.217.109.26 - - [29/Jun/2024:04:41:58 +0200] "GET /ticket2/opencms/dk/ru/buy/?page=1&edid=11D1149A-F4B7-F104-E5AE-C70D8A130A49&sortorder=desc&column=section HTTP/1.1" 404 -
107.173.63.235 - - [29/Jun/2024:04:41:58 +0200] "GET /ticket2/opencms/robots.txt HTTP/1.1" 200 773
95.217.109.26 - - [29/Jun/2024:04:42:01 +0200] "GET /ticket2/opencms/dk/ru/buy/?page=1&edid=12200247-16D8-2856-A450-483F60D8BDB8 HTTP/1.1" 404 -
107.173.63.235 - - [29/Jun/2024:04:42:02 +0200] "GET /ticket2/opencms/en/login/?edid=3FE24E23-CC4D-47B3-346A-43A35A2F820B HTTP/1.1" 200 73431
95.217.109.26 - - [29/Jun/2024:04:42:05 +0200] "GET /ticket2/opencms/dk/ru/buy/?page=1&edid=12205BCD-8E6F-3A57-34CF-7F054468CCD9 HTTP/1.1" 404 -
107.173.63.235 - - [29/Jun/2024:04:42:06 +0200] "GET /ticket2/opencms/en/login/?edid=56EA9D72-898E-A001-2C5E-AE2D848D383C HTTP/1.1" 200 73431
188.165.212.137 - - [29/Jun/2024:04:42:07 +0200] "GET /ticket2/opencms/de/en/venue/?venueid=BC924132-7F96-0646-A878-2E37F8A82CF2 HTTP/1.1" 404 -
95.217.109.26 - - [29/Jun/2024:04:42:08 +0200] "GET /ticket2/opencms/dk/ru/buy/?page=1&edid=12205BCD-8E6F-3A57-34CF-7F054468CCD9&sortorder=desc&column=price HTTP/1.1" 404 -
114.119.148.108 - - [29/Jun/2024:04:42:08 +0200] "GET /ticket2/opencms/en/buy/?page=1&edid=4DBD6D1A-2DE2-2099-EC78-D24535430816 HTTP/1.1" 200 86779
47.128.22.20 - - [29/Jun/2024:04:42:08 +0200] "GET /ticket2/opencms/dk/buy/?edid=ABE0D196-5A84-0064-2AAA-8BE846913E3B HTTP/1.1" 200 72066
47.128.22.20 - - [29/Jun/2024:04:42:09 +0200] "GET /ticket2/opencms/system/modules/com.gridnine.opencms.ticketbrokerage.site/resources/css/ticketbrokerage.css HTTP/1.1" 200 39339
47.128.22.20 - - [29/Jun/2024:04:42:10 +0200] "GET /ticket2/opencms/system/modules/com.gridnine.opencms.ticketbrokerage.site/resources/pics/logo-new.png HTTP/1.1" 200 13541
65.108.227.178 - - [29/Jun/2024:04:42:10 +0200] "GET /ticket2/opencms/de/fi/buy/?comcatid=97ECA65A-72DA-F9AF-9DBB-245D3CFED1BE&catid=55D1256D-BDD9-CBA3-47A3-0A252F702555 HTTP/1.1" 404 -
107.173.63.235 - - [29/Jun/2024:04:42:10 +0200] "GET /ticket2/opencms/en/login/?edid=5925EA1F-3307-632D-7394-A9EAFC7C6D01 HTTP/1.1" 200 73431
47.128.22.20 - - [29/Jun/2024:04:42:10 +0200] "GET /ticket2/opencms/system/modules/com.gridnine.opencms.ticketbrokerage.site/resources/pics/bank_2_handelsbanken.png HTTP/1.1" 200 4509
47.128.22.20 - - [29/Jun/2024:04:42:10 +0200] "GET /ticket2/opencms/system/modules/com.gridnine.opencms.ticketbrokerage.site/resources/pics/bank_1_nordea.png HTTP/1.1" 200 4807
47.128.22.20 - - [29/Jun/2024:04:42:10 +0200] "GET /ticket2/opencms/system/modules/com.gridnine.opencms.ticketbrokerage.site/resources/pics/bank_5_visa_mastercard.png HTTP/1.1" 200 8196
47.128.22.20 - - [29/Jun/2024:04:42:11 +0200] "GET /ticket2/opencms/system/modules/com.gridnine.opencms.ticketbrokerage.site/resources/pics/bank_4_seb.png HTTP/1.1" 200 2487
47.128.22.20 - - [29/Jun/2024:04:42:11 +0200] "GET /ticket2/opencms/system/modules/com.gridnine.opencms.ticketbrokerage.site/resources/pics/bank_3_swedbank.png HTTP/1.1" 200 5740
47.128.22.20 - - [29/Jun/2024:04:42:11 +0200] "GET /ticket2/opencms/system/modules/com.gridnine.opencms.ticketbrokerage.site/resources/pics/bank_6_american_express.png HTTP/1.1" 200 5570
95.217.109.26 - - [29/Jun/2024:04:42:11 +0200] "GET /ticket2/opencms/dk/ru/buy/?page=1&edid=12205BCD-8E6F-3A57-34CF-7F054468CCD9&sortorder=desc&column=row HTTP/1.1" 404 -
85.208.96.195 - - [29/Jun/2024:04:42:13 +0200] "GET /ticket2/opencms/sv/sport/fotbollsbiljetter/bundesliga/borussia-dortmund/ HTTP/1.1" 200 73014
107.173.63.235 - - [29/Jun/2024:04:42:14 +0200] "GET /ticket2/opencms/en/login/?edid=5B8EFCD9-D0AF-F459-7139-1497871AF5D7 HTTP/1.1" 200 73431
95.217.109.26 - - [29/Jun/2024:04:42:14 +0200] "GET /ticket2/opencms/dk/ru/buy/?page=1&edid=12205BCD-8E6F-3A57-34CF-7F054468CCD9&sortorder=desc&column=section HTTP/1.1" 404 -
216.245.221.83 - - [29/Jun/2024:04:42:16 +0200] "HEAD /ticket2/opencms/ HTTP/1.1" 302 -
216.245.221.83 - - [29/Jun/2024:04:42:16 +0200] "HEAD /ticket2/opencms/en/ HTTP/1.1" 200 -
47.128.116.189 - - [29/Jun/2024:04:42:17 +0200] "GET /ticket2/opencms/no/buy/?catid=F2006A3D-5EE0-B40B-5749-60C15271538F&comcatid=A17713B6-D984-201A-4143-ED4DB5ED5C2E&page=6 HTTP/1.1" 200 83610
95.217.109.26 - - [29/Jun/2024:04:42:17 +0200] "GET /ticket2/opencms/dk/ru/buy/?page=1&edid=12A4F62C-E2CE-1C31-42F7-D36B1F6E35C4 HTTP/1.1" 404 -
47.128.116.189 - - [29/Jun/2024:04:42:18 +0200] "GET /ticket2/opencms/system/modules/com.gridnine.opencms.ticketbrokerage.site/resources/pics/logo-new.png HTTP/1.1" 200 13541
107.173.63.235 - - [29/Jun/2024:04:42:18 +0200] "GET /ticket2/opencms/en/login/?edid=7B4AAFF6-FCC5-BA55-F4C3-83AD22BA7715 HTTP/1.1" 200 73431
47.128.116.189 - - [29/Jun/2024:04:42:18 +0200] "GET /ticket2/opencms/system/modules/com.gridnine.opencms.ticketbrokerage.site/resources/pics/bank_1_nordea.png HTTP/1.1" 200 4807
47.128.116.189 - - [29/Jun/2024:04:42:18 +0200] "GET /ticket2/opencms/system/modules/com.gridnine.opencms.ticketbrokerage.site/resources/pics/bank_5_visa_mastercard.png HTTP/1.1" 200 8196
47.128.116.189 - - [29/Jun/2024:04:42:19 +0200] "GET /ticket2/opencms/system/modules/com.gridnine.opencms.ticketbrokerage.site/resources/pics/bank_4_seb.png HTTP/1.1" 200 2487
47.128.116.189 - - [29/Jun/2024:04:42:19 +0200] "GET /ticket2/opencms/system/modules/com.gridnine.opencms.ticketbrokerage.site/resources/pics/bank_2_handelsbanken.png HTTP/1.1" 200 4509
47.128.116.189 - - [29/Jun/2024:04:42:19 +0200] "GET /ticket2/opencms/system/modules/com.gridnine.opencms.ticketbrokerage.site/resources/pics/bank_6_american_express.png HTTP/1.1" 200 5570
47.128.116.189 - - [29/Jun/2024:04:42:19 +0200] "GET /ticket2/opencms/system/modules/com.gridnine.opencms.ticketbrokerage.site/resources/pics/bank_3_swedbank.png HTTP/1.1" 200 5740
185.169.252.159 - - [29/Jun/2024:04:42:20 +0200] "GET /ticket2/opencms/sv/login/?edid=2640C63A-3359-F9E2-379A-4901241498AA HTTP/1.1" 200 74250
188.165.212.137 - - [29/Jun/2024:04:42:20 +0200] "GET /ticket2/opencms/de/en/venue/?venueid=BCA44AE3-0AA2-97FD-825B-60825F01067E HTTP/1.1" 404 -
95.217.109.26 - - [29/Jun/2024:04:42:21 +0200] "GET /ticket2/opencms/dk/ru/buy/?page=1&edid=12FCB962-16C9-F16D-DBC8-DFF0E8F85879 HTTP/1.1" 404 -
107.173.63.235 - - [29/Jun/2024:04:42:22 +0200] "GET /ticket2/opencms/en/login/?edid=7E2D5EC6-9164-54E9-6E06-0987193E1AD1 HTTP/1.1" 200 73431
37.60.238.15 - - [29/Jun/2024:04:42:22 +0200] "GET /ticket2/opencms/de/fi/venue/?venueid=8DF0F1C6-76DB-1663-6A8C-2D6445805D4D HTTP/1.1" 404 -
114.119.140.79 - - [29/Jun/2024:04:42:24 +0200] "GET /ticket2/opencms/en/buy/?page=1&edid=253B1F31-B62B-424E-6294-5D538B554A8C HTTP/1.1" 200 86785
95.217.109.26 - - [29/Jun/2024:04:42:24 +0200] "GET /ticket2/opencms/dk/ru/buy/?page=1&edid=12FCB962-16C9-F16D-DBC8-DFF0E8F85879&sortorder=desc&column=price HTTP/1.1" 404 -
107.173.63.235 - - [29/Jun/2024:04:42:25 +0200] "GET /ticket2/opencms/en/login/?edid=804E8432-E79E-0CE3-DB9B-6DAC66F76ECE HTTP/1.1" 200 73431
95.217.109.26 - - [29/Jun/2024:04:42:27 +0200] "GET /ticket2/opencms/dk/ru/buy/?page=1&edid=1345F2A2-9308-20D2-82DB-74E8C87658E5 HTTP/1.1" 404 -
95.217.109.26 - - [29/Jun/2024:04:42:30 +0200] "GET /ticket2/opencms/dk/ru/buy/?page=1&edid=13AB24BB-AB59-436B-5084-4BF89E3A7331 HTTP/1.1" 404 -
188.165.212.137 - - [29/Jun/2024:04:42:32 +0200] "GET /ticket2/opencms/de/en/venue/?venueid=BCC58979-A0BB-82A8-394D-152CD294A8FC HTTP/1.1" 404 -
95.217.109.26 - - [29/Jun/2024:04:42:34 +0200] "GET /ticket2/opencms/dk/ru/buy/?page=1&edid=13B2F0A5-0DDE-A485-8416-D2BF596EBB21 HTTP/1.1" 404 -
95.217.109.26 - - [29/Jun/2024:04:42:37 +0200] "GET /ticket2/opencms/dk/ru/buy/?page=1&edid=13B2F0A5-0DDE-A485-8416-D2BF596EBB21&sortorder=desc&column=row HTTP/1.1" 404 -
216.244.66.238 - - [29/Jun/2024:04:42:38 +0200] "GET /ticket2/opencms/sv/konsertbiljetter/artister/konsertbiljetter/mando-diao.html HTTP/1.1" 200 74935
95.217.109.26 - - [29/Jun/2024:04:42:40 +0200] "GET /ticket2/opencms/dk/ru/buy/?page=1&edid=13B2F0A5-0DDE-A485-8416-D2BF596EBB21&sortorder=desc&column=section HTTP/1.1" 404 -
