47.128.29.58 - - [29/Jun/2024:06:06:40 +0200] "GET /ticket2/opencms/system/modules/com.gridnine.opencms.ticketbrokerage.site/resources/pics/bank_4_seb.png HTTP/1.1" 200 2487
47.128.29.58 - - [29/Jun/2024:06:06:40 +0200] "GET /ticket2/opencms/system/modules/com.gridnine.opencms.ticketbrokerage.site/resources/pics/bank_6_american_express.png HTTP/1.1" 200 5570
192.95.29.138 - - [29/Jun/2024:06:06:42 +0200] "GET /ticket2/opencms/dk/no/buy/?page=1&edid=672A3C6F-40D0-0A91-661F-3F64D5642035&sortorder=desc&column=section HTTP/1.1" 404 -
135.181.75.58 - - [29/Jun/2024:06:06:43 +0200] "GET /ticket2/opencms/de/nl/buy/?page=6&comcatid=97ECA65A-72DA-F9AF-9DBB-245D3CFED1BE&catid=81B744E7-1FEE-E757-C0AB-C7AF73CDE252 HTTP/1.1" 404 -
37.60.238.15 - - [29/Jun/2024:06:06:44 +0200] "GET /ticket2/opencms/de/fi/venue/?venueid=B13B57EE-97C9-4B30-06E7-6D52ED8D601C HTTP/1.1" 404 -
192.95.29.138 - - [29/Jun/2024:06:06:50 +0200] "GET /ticket2/opencms/dk/no/buy/?page=1&edid=6746D547-58E0-E059-5EA6-B180F3DC37DC&sortorder=desc&column=price HTTP/1.1" 404 -
65.108.227.178 - - [29/Jun/2024:06:06:54 +0200] "GET /ticket2/opencms/de/fi/venue/?venueid=04C13710-E20C-CCA6-6CCF-F0FA34795246 HTTP/1.1" 404 -
192.95.29.138 - - [29/Jun/2024:06:06:59 +0200] "GET /ticket2/opencms/dk/no/buy/?page=1&edid=6746D547-58E0-E059-5EA6-B180F3DC37DC&sortorder=desc&column=row HTTP/1.1" 404 -
135.181.75.58 - - [29/Jun/2024:06:07:04 +0200] "GET /ticket2/opencms/de/nl/buy/?page=6&comcatid=97ECA65A-72DA-F9AF-9DBB-245D3CFED1BE&catid=8732E72C-A028-EA8C-4D4D-DEB44E2A28A8 HTTP/1.1" 404 -
47.128.125.145 - - [29/Jun/2024:06:07:06 +0200] "GET /ticket2/opencms/sv/magazine/ HTTP/1.1" 200 103995
47.128.125.145 - - [29/Jun/2024:06:07:07 +0200] "GET /ticket2/opencms/system/modules/com.gridnine.opencms.ticketbrokerage.site/resources/pics/logo-new.png HTTP/1.1" 200 13541
192.95.29.138 - - [29/Jun/2024:06:07:07 +0200] "GET /ticket2/opencms/dk/no/buy/?page=1&edid=6746D547-58E0-E059-5EA6-B180F3DC37DC&sortorder=desc&column=section HTTP/1.1" 404 -
47.128.125.145 - - [29/Jun/2024:06:07:07 +0200] "GET /ticket2/opencms/system/modules/com.gridnine.opencms.ticketbrokerage.site/resources/pics/bank_1_nordea.png HTTP/1.1" 200 4807
47.128.125.145 - - [29/Jun/2024:06:07:08 +0200] "GET /ticket2/opencms/system/modules/com.gridnine.opencms.ticketbrokerage.site/resources/pics/bank_5_visa_mastercard.png HTTP/1.1" 200 8196
47.128.125.145 - - [29/Jun/2024:06:07:08 +0200] "GET /ticket2/opencms/system/modules/com.gridnine.opencms.ticketbrokerage.site/resources/pics/bank_6_american_express.png HTTP/1.1" 200 5570
47.128.125.145 - - [29/Jun/2024:06:07:08 +0200] "GET /ticket2/opencms/system/modules/com.gridnine.opencms.ticketbrokerage.site/resources/pics/bank_2_handelsbanken.png HTTP/1.1" 200 4509
47.128.125.145 - - [29/Jun/2024:06:07:08 +0200] "GET /ticket2/opencms/system/modules/com.gridnine.opencms.ticketbrokerage.site/resources/pics/bank_4_seb.png HTTP/1.1" 200 2487
47.128.125.145 - - [29/Jun/2024:06:07:08 +0200] "GET /ticket2/opencms/system/modules/com.gridnine.opencms.ticketbrokerage.site/resources/pics/bank_3_swedbank.png HTTP/1.1" 200 5740
114.119.140.175 - - [29/Jun/2024:06:07:08 +0200] "GET /ticket2/opencms/en/buy/?page=1&edid=053724EC-F913-F028-9927-6CC91E5C80DC HTTP/1.1" 200 86694
37.60.238.15 - - [29/Jun/2024:06:07:15 +0200] "GET /ticket2/opencms/de/fi/venue/?venueid=B18A9751-F623-D6A1-1017-3C94514B7B65 HTTP/1.1" 404 -
216.245.221.83 - - [29/Jun/2024:06:07:15 +0200] "HEAD /ticket2/opencms/ HTTP/1.1" 302 -
216.245.221.83 - - [29/Jun/2024:06:07:16 +0200] "HEAD /ticket2/opencms/en/ HTTP/1.1" 200 -
192.95.29.138 - - [29/Jun/2024:06:07:17 +0200] "GET /ticket2/opencms/dk/no/buy/?page=1&edid=67B3819E-C203-F7C9-1C5C-2A1AF592C733&sortorder=desc&column=price HTTP/1.1" 404 -
65.108.227.178 - - [29/Jun/2024:06:07:18 +0200] "GET /ticket2/opencms/de/fi/venue/?venueid=04EBBB82-240A-AF8F-DA1F-896AD50040B5 HTTP/1.1" 404 -
114.119.153.220 - - [29/Jun/2024:06:07:24 +0200] "GET /ticket2/opencms/en/venue/?venueid=FE687578-641E-3F09-3462-AE6F5429E92A HTTP/1.1" 200 71341
135.181.75.58 - - [29/Jun/2024:06:07:26 +0200] "GET /ticket2/opencms/de/nl/buy/?page=6&comcatid=97ECA65A-72DA-F9AF-9DBB-245D3CFED1BE&catid=8B6802AF-1ADE-4BE1-A1F7-7671190CFB4F HTTP/1.1" 404 -
192.95.29.138 - - [29/Jun/2024:06:07:27 +0200] "GET /ticket2/opencms/dk/no/buy/?page=1&edid=67B3819E-C203-F7C9-1C5C-2A1AF592C733&sortorder=desc&column=section HTTP/1.1" 404 -
47.128.125.106 - - [29/Jun/2024:06:07:34 +0200] "GET /ticket2/opencms/fi/venue/?venueid=80B2E1FA-5C12-5CA8-5156-ED69E629CB1C HTTP/1.1" 200 72957
47.128.125.106 - - [29/Jun/2024:06:07:35 +0200] "GET /ticket2/opencms/system/modules/com.gridnine.opencms.ticketbrokerage.site/resources/pics/logo-new.png HTTP/1.1" 200 13541
47.128.125.106 - - [29/Jun/2024:06:07:35 +0200] "GET /ticket2/opencms/system/modules/com.gridnine.opencms.ticketbrokerage.site/resources/pics/bank_1_nordea.png HTTP/1.1" 200 4807
47.128.125.106 - - [29/Jun/2024:06:07:36 +0200] "GET /ticket2/opencms/system/modules/com.gridnine.opencms.ticketbrokerage.site/resources/pics/bank_5_visa_mastercard.png HTTP/1.1" 200 8196
47.128.125.106 - - [29/Jun/2024:06:07:36 +0200] "GET /ticket2/opencms/system/modules/com.gridnine.opencms.ticketbrokerage.site/resources/pics/bank_3_swedbank.png HTTP/1.1" 200 5740
47.128.125.106 - - [29/Jun/2024:06:07:36 +0200] "GET /ticket2/opencms/system/modules/com.gridnine.opencms.ticketbrokerage.site/resources/pics/bank_2_handelsbanken.png HTTP/1.1" 200 4509
47.128.125.106 - - [29/Jun/2024:06:07:36 +0200] "GET /ticket2/opencms/system/modules/com.gridnine.opencms.ticketbrokerage.site/resources/pics/bank_4_seb.png HTTP/1.1" 200 2487
47.128.125.106 - - [29/Jun/2024:06:07:36 +0200] "GET /ticket2/opencms/system/modules/com.gridnine.opencms.ticketbrokerage.site/resources/pics/bank_6_american_express.png HTTP/1.1" 200 5570
192.95.29.138 - - [29/Jun/2024:06:07:38 +0200] "GET /ticket2/opencms/dk/no/buy/?page=1&edid=68573C32-5F8D-AC1E-AD14-28E520160FCD&sortorder=asc&column=row HTTP/1.1" 404 -
135.181.75.58 - - [29/Jun/2024:06:07:45 +0200] "GET /ticket2/opencms/de/nl/buy/?page=6&comcatid=97ECA65A-72DA-F9AF-9DBB-245D3CFED1BE&catid=9457695E-36ED-A63E-7A88-32963954E2C7 HTTP/1.1" 404 -
51.222.253.15 - - [29/Jun/2024:06:07:48 +0200] "GET /ticket2/opencms/fi/urheilu/jalkapallo/ligue_1/paris_saint_germain/ HTTP/1.1" 200 74591
192.95.29.138 - - [29/Jun/2024:06:07:50 +0200] "GET /ticket2/opencms/dk/no/buy/?page=1&edid=6875AE46-58DA-9D07-CD12-63DF9AF5CB06&sortorder=asc&column=row HTTP/1.1" 404 -
65.108.227.178 - - [29/Jun/2024:06:07:51 +0200] "GET /ticket2/opencms/de/fi/venue/?venueid=04FE23B3-F967-A980-5AB7-9F3B7C91A15B HTTP/1.1" 404 -
192.95.29.138 - - [29/Jun/2024:06:07:57 +0200] "GET /ticket2/opencms/dk/no/buy/?page=1&edid=6875AE46-58DA-9D07-CD12-63DF9AF5CB06&sortorder=asc&column=section HTTP/1.1" 404 -
37.60.238.15 - - [29/Jun/2024:06:08:03 +0200] "GET /ticket2/opencms/de/fi/venue/?venueid=B2083FF8-1A7E-AE58-2C4E-652F1B914C1A HTTP/1.1" 404 -
135.181.75.58 - - [29/Jun/2024:06:08:04 +0200] "GET /ticket2/opencms/de/nl/buy/?page=6&comcatid=97ECA65A-72DA-F9AF-9DBB-245D3CFED1BE&catid=D414C6A5-7A03-3389-42A8-D7B7FE32BB37 HTTP/1.1" 404 -
192.95.29.138 - - [29/Jun/2024:06:08:06 +0200] "GET /ticket2/opencms/dk/no/buy/?page=1&edid=68B8B09E-560A-8A10-6FF6-600A9E2434A4&sortorder=desc&column=row HTTP/1.1" 404 -
185.191.171.11 - - [29/Jun/2024:06:08:13 +0200] "GET /ticket2/opencms/nl/sport/voetbal-tickets/la_liga/almeria/ HTTP/1.1" 200 72350
192.95.29.138 - - [29/Jun/2024:06:08:19 +0200] "GET /ticket2/opencms/dk/no/buy/?page=1&edid=692B8492-DE39-CE0A-5DD9-8A50CFDEC51D&sortorder=desc&column=section HTTP/1.1" 404 -
185.191.171.15 - - [29/Jun/2024:06:08:20 +0200] "GET /ticket2/opencms/no/sport/fotballsbilletter/serie_a/salernitana/ HTTP/1.1" 200 73906
135.181.75.58 - - [29/Jun/2024:06:08:24 +0200] "GET /ticket2/opencms/de/nl/buy/?page=6&comcatid=97ECA65A-72DA-F9AF-9DBB-245D3CFED1BE&catid=DA31441B-C568-3C77-D08C-698809032494 HTTP/1.1" 404 -
85.208.96.211 - - [29/Jun/2024:06:08:25 +0200] "GET /ticket2/opencms/nl/login/?url=%25252Fnl%25252Fsell%25252F HTTP/1.1" 200 73020
192.95.29.138 - - [29/Jun/2024:06:08:28 +0200] "GET /ticket2/opencms/dk/no/buy/?page=1&edid=697D8C0F-8F0F-01B2-F64B-49E5C273E510&sortorder=desc&column=price HTTP/1.1" 404 -
47.128.63.251 - - [29/Jun/2024:06:08:31 +0200] "GET /ticket2/opencms/fi/venue/?venueid=43E46141-15E1-3762-0B24-518B95D780B0 HTTP/1.1" 200 72929
47.128.63.251 - - [29/Jun/2024:06:08:31 +0200] "GET /ticket2/opencms/system/modules/com.gridnine.opencms.ticketbrokerage.site/resources/pics/logo-new.png HTTP/1.1" 200 13541
47.128.63.251 - - [29/Jun/2024:06:08:32 +0200] "GET /ticket2/opencms/system/modules/com.gridnine.opencms.ticketbrokerage.site/resources/pics/bank_1_nordea.png HTTP/1.1" 200 4807
65.108.227.178 - - [29/Jun/2024:06:08:32 +0200] "GET /ticket2/opencms/de/fi/venue/?venueid=05361057-EBBB-11B2-D22F-B07AF39AA1F0 HTTP/1.1" 404 -
66.249.75.97 - - [29/Jun/2024:06:08:32 +0200] "GET /ticket2/opencms/dk/venue/?venueid=5949849E-0AEC-C63E-5500-600C02F1FC5F HTTP/1.1" 200 71755
47.128.63.251 - - [29/Jun/2024:06:08:32 +0200] "GET /ticket2/opencms/system/modules/com.gridnine.opencms.ticketbrokerage.site/resources/pics/bank_2_handelsbanken.png HTTP/1.1" 200 4509
47.128.63.251 - - [29/Jun/2024:06:08:33 +0200] "GET /ticket2/opencms/system/modules/com.gridnine.opencms.ticketbrokerage.site/resources/pics/bank_5_visa_mastercard.png HTTP/1.1" 200 8196
47.128.63.251 - - [29/Jun/2024:06:08:33 +0200] "GET /ticket2/opencms/system/modules/com.gridnine.opencms.ticketbrokerage.site/resources/pics/bank_3_swedbank.png HTTP/1.1" 200 5740
47.128.63.251 - - [29/Jun/2024:06:08:33 +0200] "GET /ticket2/opencms/system/modules/com.gridnine.opencms.ticketbrokerage.site/resources/pics/bank_4_seb.png HTTP/1.1" 200 2487
47.128.63.251 - - [29/Jun/2024:06:08:33 +0200] "GET /ticket2/opencms/system/modules/com.gridnine.opencms.ticketbrokerage.site/resources/pics/bank_6_american_express.png HTTP/1.1" 200 5570
37.60.238.15 - - [29/Jun/2024:06:08:35 +0200] "GET /ticket2/opencms/de/fi/venue/?venueid=B22AF206-F082-6CEB-AD92-C471A0D46E96 HTTP/1.1" 404 -
192.95.29.138 - - [29/Jun/2024:06:08:36 +0200] "GET /ticket2/opencms/dk/no/buy/?page=1&edid=69E94548-BA2A-A7B0-2E68-692DBBE997E5 HTTP/1.1" 404 -
135.181.75.58 - - [29/Jun/2024:06:08:41 +0200] "GET /ticket2/opencms/de/nl/buy/?page=6&comcatid=97ECA65A-72DA-F9AF-9DBB-245D3CFED1BE&catid=E3105E1E-3982-291E-5523-1C1DF161E9B7 HTTP/1.1" 404 -
192.95.29.138 - - [29/Jun/2024:06:08:43 +0200] "GET /ticket2/opencms/dk/no/buy/?page=1&edid=89426793-268A-C03E-4926-A9BF00570688&sortorder=asc&column=section HTTP/1.1" 404 -
51.222.253.7 - - [29/Jun/2024:06:08:52 +0200] "GET /ticket2/opencms/nl/sport/voetbal-tickets/premier_league/nottingham/ HTTP/1.1" 200 83892
192.95.29.138 - - [29/Jun/2024:06:08:52 +0200] "GET /ticket2/opencms/dk/no/buy/?page=1&edid=89512C49-9985-8A64-3ABD-3F9CEE88DFB0&sortorder=asc&column=row HTTP/1.1" 404 -
65.108.227.178 - - [29/Jun/2024:06:08:56 +0200] "GET /ticket2/opencms/de/fi/venue/?venueid=05715F85-D32B-E5F5-DEA4-D616425C57F4 HTTP/1.1" 404 -
135.181.75.58 - - [29/Jun/2024:06:08:57 +0200] "GET /ticket2/opencms/de/nl/buy/?page=6&comcatid=97ECA65A-72DA-F9AF-9DBB-245D3CFED1BE&catid=F4D223A4-C027-46DC-3DE5-726A23E30A62 HTTP/1.1" 404 -
192.95.29.138 - - [29/Jun/2024:06:09:01 +0200] "GET /ticket2/opencms/dk/no/buy/?page=1&edid=89512C49-9985-8A64-3ABD-3F9CEE88DFB0&sortorder=desc&column=section HTTP/1.1" 404 -
37.60.238.15 - - [29/Jun/2024:06:09:09 +0200] "GET /ticket2/opencms/de/fi/venue/?venueid=B2412BC5-320E-2195-9E09-4C1EC09A5B89 HTTP/1.1" 404 -
135.181.75.58 - - [29/Jun/2024:06:09:12 +0200] "GET /ticket2/opencms/de/nl/buy/?page=6&comcatid=97ECA65A-72DA-F9AF-9DBB-245D3CFED1BE&catid=F7F89B9B-6697-7881-54AE-4C39276BF1B8 HTTP/1.1" 404 -
192.95.29.138 - - [29/Jun/2024:06:09:14 +0200] "GET /ticket2/opencms/dk/no/buy/?page=1&edid=897211BD-6892-D833-1096-CE6140C23AFB&sortorder=desc&column=price HTTP/1.1" 404 -
65.108.227.178 - - [29/Jun/2024:06:09:20 +0200] "GET /ticket2/opencms/de/fi/venue/?venueid=058EF548-7E59-A9A1-FFD1-52D7BA231E9F HTTP/1.1" 404 -
192.95.29.138 - - [29/Jun/2024:06:09:24 +0200] "GET /ticket2/opencms/dk/no/buy/?page=1&edid=89F9F035-B6CB-0C00-8704-C90BE4768F36&sortorder=desc&column=price HTTP/1.1" 404 -
47.128.114.209 - - [29/Jun/2024:06:09:25 +0200] "GET /ticket2/opencms/no/buy/?comcatid=B41CCF2B-5558-7AEE-3602-09BBDE417D65 HTTP/1.1" 200 75196
47.128.114.209 - - [29/Jun/2024:06:09:25 +0200] "GET /ticket2/opencms/system/modules/com.gridnine.opencms.ticketbrokerage.site/resources/pics/logo-new.png HTTP/1.1" 200 13541
47.128.114.209 - - [29/Jun/2024:06:09:26 +0200] "GET /ticket2/opencms/system/modules/com.gridnine.opencms.ticketbrokerage.site/resources/pics/bank_1_nordea.png HTTP/1.1" 200 4807
135.181.75.58 - - [29/Jun/2024:06:09:26 +0200] "GET /ticket2/opencms/de/nl/buy/?page=6&comcatid=97ECA65A-72DA-F9AF-9DBB-245D3CFED1BE&catid=F7FF413B-5FDF-82CF-E5BB-CD4AB6027974 HTTP/1.1" 404 -
47.128.114.209 - - [29/Jun/2024:06:09:26 +0200] "GET /ticket2/opencms/system/modules/com.gridnine.opencms.ticketbrokerage.site/resources/pics/bank_4_seb.png HTTP/1.1" 200 2487
47.128.114.209 - - [29/Jun/2024:06:09:26 +0200] "GET /ticket2/opencms/system/modules/com.gridnine.opencms.ticketbrokerage.site/resources/pics/bank_2_handelsbanken.png HTTP/1.1" 200 4509
47.128.114.209 - - [29/Jun/2024:06:09:26 +0200] "GET /ticket2/opencms/system/modules/com.gridnine.opencms.ticketbrokerage.site/resources/pics/bank_5_visa_mastercard.png HTTP/1.1" 200 8196
47.128.114.209 - - [29/Jun/2024:06:09:26 +0200] "GET /ticket2/opencms/system/modules/com.gridnine.opencms.ticketbrokerage.site/resources/pics/bank_3_swedbank.png HTTP/1.1" 200 5740
47.128.114.209 - - [29/Jun/2024:06:09:26 +0200] "GET /ticket2/opencms/system/modules/com.gridnine.opencms.ticketbrokerage.site/resources/pics/bank_6_american_express.png HTTP/1.1" 200 5570
47.128.118.110 - - [29/Jun/2024:06:09:27 +0200] "GET /ticket2/opencms/fi/venue/?venueid=2186334F-407B-9BEF-03F0-A6F35003840C HTTP/1.1" 200 72899
47.128.118.110 - - [29/Jun/2024:06:09:28 +0200] "GET /ticket2/opencms/system/modules/com.gridnine.opencms.ticketbrokerage.site/resources/pics/logo-new.png HTTP/1.1" 200 13541
47.128.118.110 - - [29/Jun/2024:06:09:28 +0200] "GET /ticket2/opencms/system/modules/com.gridnine.opencms.ticketbrokerage.site/resources/pics/bank_5_visa_mastercard.png HTTP/1.1" 200 8196
47.128.118.110 - - [29/Jun/2024:06:09:29 +0200] "GET /ticket2/opencms/system/modules/com.gridnine.opencms.ticketbrokerage.site/resources/pics/bank_4_seb.png HTTP/1.1" 200 2487
47.128.118.110 - - [29/Jun/2024:06:09:29 +0200] "GET /ticket2/opencms/system/modules/com.gridnine.opencms.ticketbrokerage.site/resources/pics/bank_1_nordea.png HTTP/1.1" 200 4807
47.128.118.110 - - [29/Jun/2024:06:09:29 +0200] "GET /ticket2/opencms/system/modules/com.gridnine.opencms.ticketbrokerage.site/resources/pics/bank_3_swedbank.png HTTP/1.1" 200 5740
47.128.118.110 - - [29/Jun/2024:06:09:29 +0200] "GET /ticket2/opencms/system/modules/com.gridnine.opencms.ticketbrokerage.site/resources/pics/bank_2_handelsbanken.png HTTP/1.1" 200 4509
47.128.118.110 - - [29/Jun/2024:06:09:29 +0200] "GET /ticket2/opencms/system/modules/com.gridnine.opencms.ticketbrokerage.site/resources/pics/bank_6_american_express.png HTTP/1.1" 200 5570
192.95.29.138 - - [29/Jun/2024:06:09:32 +0200] "GET /ticket2/opencms/dk/no/buy/?page=1&edid=89F9F035-B6CB-0C00-8704-C90BE4768F36&sortorder=desc&column=section HTTP/1.1" 404 -
192.95.29.138 - - [29/Jun/2024:06:09:41 +0200] "GET /ticket2/opencms/dk/no/buy/?page=1&edid=8A186731-A9CC-B066-5E50-12FB5941F2B6&sortorder=asc&column=section HTTP/1.1" 404 -
135.181.75.58 - - [29/Jun/2024:06:09:43 +0200] "GET /ticket2/opencms/de/nl/buy/?page=6&comcatid=A17713B6-D984-201A-4143-ED4DB5ED5C2E HTTP/1.1" 404 -
51.222.253.16 - - [29/Jun/2024:06:09:45 +0200] "GET /ticket2/opencms/en/venue/?venueid=FF995A14-40EA-8EEB-6CB2-5F20B0A58DD9 HTTP/1.1" 200 71356
192.95.29.138 - - [29/Jun/2024:06:09:49 +0200] "GET /ticket2/opencms/dk/no/buy/?page=1&edid=8A6B520F-DEB7-C806-A39E-AE10718A1558&sortorder=desc&column=row HTTP/1.1" 404 -
37.60.238.15 - - [29/Jun/2024:06:09:51 +0200] "GET /ticket2/opencms/de/fi/venue/?venueid=B29BDEFE-F23C-78DD-4BFA-72F9978C970A HTTP/1.1" 404 -
135.181.75.58 - - [29/Jun/2024:06:09:57 +0200] "GET /ticket2/opencms/de/nl/buy/?page=6&comcatid=A17713B6-D984-201A-4143-ED4DB5ED5C2E&catid=061607E6-22B7-6FFA-03FD-A4B8B13A943F HTTP/1.1" 404 -
65.108.227.178 - - [29/Jun/2024:06:09:59 +0200] "GET /ticket2/opencms/de/fi/venue/?venueid=05B2664C-6D50-B737-64A4-B83BDD240192 HTTP/1.1" 404 -
192.95.29.138 - - [29/Jun/2024:06:10:01 +0200] "GET /ticket2/opencms/dk/no/buy/?page=1&edid=8AFE55BD-7AA2-1574-35EE-EA6F1BC5B990 HTTP/1.1" 404 -
185.169.252.159 - - [29/Jun/2024:06:10:04 +0200] "GET /ticket2/opencms/sv/login/?edid=8B0DA89C-6395-E4EC-E13B-18842FA8AD15 HTTP/1.1" 200 74250
192.95.29.138 - - [29/Jun/2024:06:10:12 +0200] "GET /ticket2/opencms/dk/no/buy/?page=1&edid=8AFE55BD-7AA2-1574-35EE-EA6F1BC5B990&sortorder=desc&column=price HTTP/1.1" 404 -
135.181.75.58 - - [29/Jun/2024:06:10:16 +0200] "GET /ticket2/opencms/de/nl/buy/?page=6&comcatid=A17713B6-D984-201A-4143-ED4DB5ED5C2E&catid=06324577-7173-BAB0-146D-E644C912F7C1 HTTP/1.1" 404 -
37.60.238.15 - - [29/Jun/2024:06:10:21 +0200] "GET /ticket2/opencms/de/fi/venue/?venueid=B38AC25C-ED80-9C1B-B9E0-273CE56340CA HTTP/1.1" 404 -
47.128.98.116 - - [29/Jun/2024:06:10:22 +0200] "GET /ticket2/opencms/no/buy/?catid=64756941-02D2-3538-2077-8C2508F4A3A8&comcatid=A17713B6-D984-201A-4143-ED4DB5ED5C2E&page=6 HTTP/1.1" 200 83619
47.128.98.116 - - [29/Jun/2024:06:10:23 +0200] "GET /ticket2/opencms/system/modules/com.gridnine.opencms.ticketbrokerage.site/resources/pics/logo-new.png HTTP/1.1" 200 13541
47.128.98.116 - - [29/Jun/2024:06:10:23 +0200] "GET /ticket2/opencms/system/modules/com.gridnine.opencms.ticketbrokerage.site/resources/pics/bank_2_handelsbanken.png HTTP/1.1" 200 4509
47.128.98.116 - - [29/Jun/2024:06:10:24 +0200] "GET /ticket2/opencms/system/modules/com.gridnine.opencms.ticketbrokerage.site/resources/pics/bank_6_american_express.png HTTP/1.1" 200 5570
47.128.98.116 - - [29/Jun/2024:06:10:24 +0200] "GET /ticket2/opencms/system/modules/com.gridnine.opencms.ticketbrokerage.site/resources/pics/bank_3_swedbank.png HTTP/1.1" 200 5740
47.128.98.116 - - [29/Jun/2024:06:10:24 +0200] "GET /ticket2/opencms/system/modules/com.gridnine.opencms.ticketbrokerage.site/resources/pics/bank_1_nordea.png HTTP/1.1" 200 4807
47.128.98.116 - - [29/Jun/2024:06:10:24 +0200] "GET /ticket2/opencms/system/modules/com.gridnine.opencms.ticketbrokerage.site/resources/pics/bank_4_seb.png HTTP/1.1" 200 2487
47.128.98.116 - - [29/Jun/2024:06:10:24 +0200] "GET /ticket2/opencms/system/modules/com.gridnine.opencms.ticketbrokerage.site/resources/pics/bank_5_visa_mastercard.png HTTP/1.1" 200 8196
66.249.75.167 - - [29/Jun/2024:06:10:27 +0200] "GET /ticket2/opencms/sv/buy?page=1&edid=553ADDA1-E0D9-E3D6-EC5D-90A14C3A0FAF HTTP/1.1" 200 89062
192.95.29.138 - - [29/Jun/2024:06:10:27 +0200] "GET /ticket2/opencms/dk/no/buy/?page=1&edid=8AFE55BD-7AA2-1574-35EE-EA6F1BC5B990&sortorder=desc&column=section HTTP/1.1" 404 -
65.108.227.178 - - [29/Jun/2024:06:10:28 +0200] "GET /ticket2/opencms/de/fi/venue/?venueid=0725E5C4-26A9-F67A-29C9-2E7909757F42 HTTP/1.1" 404 -
114.119.136.66 - - [29/Jun/2024:06:10:31 +0200] "GET /ticket2/opencms/en/venue/?venueid=8A17268F-190C-08C5-2317-BAB591EDC85C HTTP/1.1" 200 71396
66.249.76.8 - - [29/Jun/2024:06:10:33 +0200] "GET /ticket2/opencms/dk/venue/?venueid=5216E917-1606-FFAB-0933-662F7037E961 HTTP/1.1" 200 71777
66.249.75.97 - - [29/Jun/2024:06:10:34 +0200] "GET /ticket2/opencms/dk/venue/?venueid=E6D4C5C5-380D-4772-E0D1-58201DC9D2A9 HTTP/1.1" 200 71804
135.181.75.58 - - [29/Jun/2024:06:10:34 +0200] "GET /ticket2/opencms/de/nl/buy/?page=6&comcatid=A17713B6-D984-201A-4143-ED4DB5ED5C2E&catid=08F27F2A-1872-A39F-A97C-63093E77B18A HTTP/1.1" 404 -
192.95.29.138 - - [29/Jun/2024:06:10:37 +0200] "GET /ticket2/opencms/dk/no/buy/?page=1&edid=8B78E801-414F-C225-4F2D-8966763BF6B2 HTTP/1.1" 404 -
51.222.253.5 - - [29/Jun/2024:06:10:43 +0200] "GET /ticket2/opencms/nl/sport/voetbal-tickets/premier_league/aston_villa/ HTTP/1.1" 200 83931
85.208.96.204 - - [29/Jun/2024:06:10:45 +0200] "GET /ticket2/opencms/robots.txt HTTP/1.1" 200 773
192.95.29.138 - - [29/Jun/2024:06:10:46 +0200] "GET /ticket2/opencms/dk/no/buy/?page=1&edid=8B8CABF1-EC4B-1D85-FDEB-4D562D28DF6F HTTP/1.1" 404 -
85.208.96.200 - - [29/Jun/2024:06:10:46 +0200] "GET /ticket2/opencms/en/sport/football-tickets/premier_league/crystal-palace/ HTTP/1.1" 200 84547
135.181.75.58 - - [29/Jun/2024:06:10:49 +0200] "GET /ticket2/opencms/de/nl/buy/?page=6&comcatid=A17713B6-D984-201A-4143-ED4DB5ED5C2E&catid=0A6C99D2-F5BD-7A18-9A5F-5668827042E0 HTTP/1.1" 404 -
37.60.238.15 - - [29/Jun/2024:06:10:51 +0200] "GET /ticket2/opencms/de/fi/venue/?venueid=F8EFDBCE-B1FF-C34F-BAE0-79E90F8EC2C1 HTTP/1.1" 404 -
185.191.171.12 - - [29/Jun/2024:06:10:52 +0200] "GET /ticket2/opencms/de/sport/fussball-tickets/la_liga/granada/ HTTP/1.1" 200 76092
65.108.227.178 - - [29/Jun/2024:06:10:53 +0200] "GET /ticket2/opencms/de/fi/venue/?venueid=075172A0-B019-D420-5B98-9F3BF7203A11 HTTP/1.1" 404 -
216.245.221.83 - - [29/Jun/2024:06:10:55 +0200] "HEAD /ticket2/opencms/ HTTP/1.1" 302 -
192.95.29.138 - - [29/Jun/2024:06:10:57 +0200] "GET /ticket2/opencms/dk/no/buy/?page=1&edid=8B8CABF1-EC4B-1D85-FDEB-4D562D28DF6F&sortorder=desc&column=section HTTP/1.1" 404 -
216.245.221.83 - - [29/Jun/2024:06:10:58 +0200] "HEAD /ticket2/opencms/en/ HTTP/1.1" 200 -
135.181.75.58 - - [29/Jun/2024:06:11:03 +0200] "GET /ticket2/opencms/de/nl/buy/?page=6&comcatid=A17713B6-D984-201A-4143-ED4DB5ED5C2E&catid=0A9E385E-33D9-328E-DC79-CA2C7009C829 HTTP/1.1" 404 -
192.95.29.138 - - [29/Jun/2024:06:11:07 +0200] "GET /ticket2/opencms/dk/no/buy/?page=1&edid=8BA86FA9-C734-4E24-6C8F-AD29372A2A6B&sortorder=asc&column=row HTTP/1.1" 404 -
66.249.75.167 - - [29/Jun/2024:06:11:16 +0200] "GET /ticket2/opencms/ HTTP/1.1" 302 -
192.95.29.138 - - [29/Jun/2024:06:11:17 +0200] "GET /ticket2/opencms/dk/no/buy/?page=1&edid=8BD60387-4E3F-89EB-86CE-11AA91ED3E74&sortorder=asc&column=price HTTP/1.1" 404 -
135.181.75.58 - - [29/Jun/2024:06:11:18 +0200] "GET /ticket2/opencms/de/nl/buy/?page=6&comcatid=A17713B6-D984-201A-4143-ED4DB5ED5C2E&catid=21C3854B-901E-11F9-7B7D-6838CC6AFAA4 HTTP/1.1" 404 -
66.249.75.169 - - [29/Jun/2024:06:11:19 +0200] "GET /ticket2/opencms/sv/ HTTP/1.1" 200 91831
47.128.118.132 - - [29/Jun/2024:06:11:20 +0200] "GET /ticket2/opencms/fi/venue/?venueid=73D30778-E729-2B5E-6F67-7A83775E811A HTTP/1.1" 200 72899
47.128.118.132 - - [29/Jun/2024:06:11:20 +0200] "GET /ticket2/opencms/system/modules/com.gridnine.opencms.ticketbrokerage.site/resources/pics/logo-new.png HTTP/1.1" 200 13541
47.128.118.132 - - [29/Jun/2024:06:11:21 +0200] "GET /ticket2/opencms/system/modules/com.gridnine.opencms.ticketbrokerage.site/resources/pics/bank_2_handelsbanken.png HTTP/1.1" 200 4509
95.163.255.159 - - [29/Jun/2024:06:11:21 +0200] "GET /ticket2/opencms/en/buying_tickets/ HTTP/1.1" 200 73161
47.128.118.132 - - [29/Jun/2024:06:11:21 +0200] "GET /ticket2/opencms/system/modules/com.gridnine.opencms.ticketbrokerage.site/resources/pics/bank_5_visa_mastercard.png HTTP/1.1" 200 8196
47.128.118.132 - - [29/Jun/2024:06:11:21 +0200] "GET /ticket2/opencms/system/modules/com.gridnine.opencms.ticketbrokerage.site/resources/pics/bank_1_nordea.png HTTP/1.1" 200 4807
47.128.118.132 - - [29/Jun/2024:06:11:21 +0200] "GET /ticket2/opencms/system/modules/com.gridnine.opencms.ticketbrokerage.site/resources/pics/bank_3_swedbank.png HTTP/1.1" 200 5740
47.128.118.132 - - [29/Jun/2024:06:11:21 +0200] "GET /ticket2/opencms/system/modules/com.gridnine.opencms.ticketbrokerage.site/resources/pics/bank_4_seb.png HTTP/1.1" 200 2487
47.128.118.132 - - [29/Jun/2024:06:11:21 +0200] "GET /ticket2/opencms/system/modules/com.gridnine.opencms.ticketbrokerage.site/resources/pics/bank_6_american_express.png HTTP/1.1" 200 5570
37.60.238.15 - - [29/Jun/2024:06:11:26 +0200] "GET /ticket2/opencms/de/fi/venue/?venueid=F92F457D-1B42-E209-CE55-7604B969AAC0 HTTP/1.1" 404 -
216.244.66.196 - - [29/Jun/2024:06:11:27 +0200] "GET /ticket2/opencms/sv/buy/?page=1&edid=6B1C747D-2234-E897-0F34-AC6F796C34A5 HTTP/1.1" 200 88147
192.95.29.138 - - [29/Jun/2024:06:11:27 +0200] "GET /ticket2/opencms/dk/no/buy/?page=1&edid=A33FAD60-408F-7429-CDAC-9C1828C05187&sortorder=asc&column=section HTTP/1.1" 404 -
65.108.227.178 - - [29/Jun/2024:06:11:31 +0200] "GET /ticket2/opencms/de/fi/venue/?venueid=076920E1-F452-B8E6-450C-A259979AD263 HTTP/1.1" 404 -
135.181.75.58 - - [29/Jun/2024:06:11:32 +0200] "GET /ticket2/opencms/de/nl/buy/?page=6&comcatid=A17713B6-D984-201A-4143-ED4DB5ED5C2E&catid=21C3854B-901E-11F9-7B7D-6838CC6AFAA4&eventid=2D54F0A4-B7E5-1986-E461-A23A05E27C76 HTTP/1.1" 404 -
192.95.29.138 - - [29/Jun/2024:06:11:35 +0200] "GET /ticket2/opencms/dk/no/buy/?page=1&edid=A3C9C39A-D58E-E88B-771B-8E4C4FF57183&sortorder=desc&column=price HTTP/1.1" 404 -
51.222.253.19 - - [29/Jun/2024:06:11:36 +0200] "GET /ticket2/opencms/fi/buy/?page=6&comcatid=810BB404-4103-77F2-A6C2-12D5E6C338E2&catid=95AE85B5-8979-BB11-643C-430ACC6D50F9 HTTP/1.1" 200 74493
85.208.96.208 - - [29/Jun/2024:06:11:39 +0200] "GET /ticket2/opencms/en/sport/football-tickets/bundesliga/borussia_monchengladbach/ HTTP/1.1" 200 73087
47.128.115.239 - - [29/Jun/2024:06:11:42 +0200] "GET /ticket2/opencms/fr/buy/?comcatid=A17713B6-D984-201A-4143-ED4DB5ED5C2E HTTP/1.1" 200 241832
47.128.115.239 - - [29/Jun/2024:06:11:42 +0200] "GET /ticket2/opencms/system/modules/com.gridnine.opencms.ticketbrokerage.site/resources/pics/logo-new.png HTTP/1.1" 200 13541
47.128.115.239 - - [29/Jun/2024:06:11:43 +0200] "GET /ticket2/opencms/system/modules/com.gridnine.opencms.ticketbrokerage.site/resources/pics/bank_5_visa_mastercard.png HTTP/1.1" 200 8196
47.128.115.239 - - [29/Jun/2024:06:11:43 +0200] "GET /ticket2/opencms/system/modules/com.gridnine.opencms.ticketbrokerage.site/resources/pics/bank_3_swedbank.png HTTP/1.1" 200 5740
47.128.115.239 - - [29/Jun/2024:06:11:43 +0200] "GET /ticket2/opencms/system/modules/com.gridnine.opencms.ticketbrokerage.site/resources/pics/bank_1_nordea.png HTTP/1.1" 200 4807
47.128.115.239 - - [29/Jun/2024:06:11:44 +0200] "GET /ticket2/opencms/system/modules/com.gridnine.opencms.ticketbrokerage.site/resources/pics/bank_4_seb.png HTTP/1.1" 200 2487
47.128.115.239 - - [29/Jun/2024:06:11:44 +0200] "GET /ticket2/opencms/system/modules/com.gridnine.opencms.ticketbrokerage.site/resources/pics/bank_2_handelsbanken.png HTTP/1.1" 200 4509
47.128.115.239 - - [29/Jun/2024:06:11:44 +0200] "GET /ticket2/opencms/system/modules/com.gridnine.opencms.ticketbrokerage.site/resources/pics/bank_6_american_express.png HTTP/1.1" 200 5570
65.108.227.178 - - [29/Jun/2024:06:11:48 +0200] "GET /ticket2/opencms/de/fi/venue/?venueid=0770F9FB-0E35-27C1-D9DF-FC3108832BC5 HTTP/1.1" 404 -
192.95.29.138 - - [29/Jun/2024:06:11:49 +0200] "GET /ticket2/opencms/dk/no/buy/?page=1&edid=A3C9C39A-D58E-E88B-771B-8E4C4FF57183&sortorder=desc&column=row HTTP/1.1" 404 -
135.181.75.58 - - [29/Jun/2024:06:11:53 +0200] "GET /ticket2/opencms/de/nl/buy/?page=6&comcatid=A17713B6-D984-201A-4143-ED4DB5ED5C2E&catid=21C3854B-901E-11F9-7B7D-6838CC6AFAA4&eventid=7016CF1B-CC52-94F9-4136-362E6D3CC9D6 HTTP/1.1" 404 -
185.191.171.10 - - [29/Jun/2024:06:11:56 +0200] "GET /ticket2/opencms/sv/sport/fotbollsbiljetter/premier_league/chelsea/restips_stamford_bridge/ HTTP/1.1" 200 77866
119.42.144.82 - - [29/Jun/2024:06:11:56 +0200] "GET /ticket2/opencms/static/images/nopic.png HTTP/1.1" 404 -
85.208.96.208 - - [29/Jun/2024:06:12:01 +0200] "GET /ticket2/opencms/fr/magazine/article?title=tottenham-burnley-2024-05-11 HTTP/1.1" 200 73553
192.95.29.138 - - [29/Jun/2024:06:12:04 +0200] "GET /ticket2/opencms/dk/no/buy/?page=1&edid=A4AA9FAF-A900-49DB-5496-82F65D60D290&sortorder=asc&column=price HTTP/1.1" 404 -
114.119.135.169 - - [29/Jun/2024:06:12:09 +0200] "GET /ticket2/opencms/en/buy/?page=1&edid=015460D5-B5C1-6931-8F34-86249C064A2D HTTP/1.1" 200 86771
135.181.75.58 - - [29/Jun/2024:06:12:09 +0200] "GET /ticket2/opencms/de/nl/buy/?page=6&comcatid=A17713B6-D984-201A-4143-ED4DB5ED5C2E&catid=21C3854B-901E-11F9-7B7D-6838CC6AFAA4&eventid=B0072956-84A9-06A5-3C2B-4D5A36DEF172 HTTP/1.1" 404 -
192.95.29.138 - - [29/Jun/2024:06:12:12 +0200] "GET /ticket2/opencms/dk/no/buy/?page=1&edid=A4AA9FAF-A900-49DB-5496-82F65D60D290&sortorder=asc&column=row HTTP/1.1" 404 -
65.108.227.178 - - [29/Jun/2024:06:12:13 +0200] "GET /ticket2/opencms/de/fi/venue/?venueid=08007F9C-6923-D8D9-D5B3-14DE4E4F8940 HTTP/1.1" 404 -
216.245.221.83 - - [29/Jun/2024:06:12:15 +0200] "HEAD /ticket2/opencms/ HTTP/1.1" 302 -
47.128.99.123 - - [29/Jun/2024:06:12:15 +0200] "GET /ticket2/opencms/fi/venue/?venueid=373A8158-EF4F-C52F-8418-B13477C2157B HTTP/1.1" 200 73930
216.245.221.83 - - [29/Jun/2024:06:12:16 +0200] "HEAD /ticket2/opencms/en/ HTTP/1.1" 200 -
47.128.99.123 - - [29/Jun/2024:06:12:16 +0200] "GET /ticket2/opencms/system/modules/com.gridnine.opencms.ticketbrokerage.site/resources/pics/logo-new.png HTTP/1.1" 200 13541
47.128.99.123 - - [29/Jun/2024:06:12:17 +0200] "GET /ticket2/opencms/venue/Craven_Cottage.jpg HTTP/1.1" 200 185543
47.128.99.123 - - [29/Jun/2024:06:12:17 +0200] "GET /ticket2/opencms/system/modules/com.gridnine.opencms.ticketbrokerage.site/resources/pics/bank_1_nordea.png HTTP/1.1" 200 4807
47.128.99.123 - - [29/Jun/2024:06:12:17 +0200] "GET /ticket2/opencms/system/modules/com.gridnine.opencms.ticketbrokerage.site/resources/pics/bank_2_handelsbanken.png HTTP/1.1" 200 4509
47.128.99.123 - - [29/Jun/2024:06:12:17 +0200] "GET /ticket2/opencms/system/modules/com.gridnine.opencms.ticketbrokerage.site/resources/pics/bank_3_swedbank.png HTTP/1.1" 200 5740
47.128.99.123 - - [29/Jun/2024:06:12:17 +0200] "GET /ticket2/opencms/system/modules/com.gridnine.opencms.ticketbrokerage.site/resources/pics/bank_4_seb.png HTTP/1.1" 200 2487
47.128.99.123 - - [29/Jun/2024:06:12:18 +0200] "GET /ticket2/opencms/system/modules/com.gridnine.opencms.ticketbrokerage.site/resources/pics/bank_5_visa_mastercard.png HTTP/1.1" 200 8196
47.128.99.123 - - [29/Jun/2024:06:12:18 +0200] "GET /ticket2/opencms/system/modules/com.gridnine.opencms.ticketbrokerage.site/resources/pics/bank_6_american_express.png HTTP/1.1" 200 5570
37.60.238.15 - - [29/Jun/2024:06:12:21 +0200] "GET /ticket2/opencms/de/nl/buy/?comcatid=A17713B6-D984-201A-4143-ED4DB5ED5C2E&catid=06324577-7173-BAB0-146D-E644C912F7C1 HTTP/1.1" 404 -
192.95.29.138 - - [29/Jun/2024:06:12:22 +0200] "GET /ticket2/opencms/dk/no/buy/?page=1&edid=A4B939B9-02F3-15DE-1828-4B6AE5FDD036&sortorder=asc&column=section HTTP/1.1" 404 -
185.191.171.5 - - [29/Jun/2024:06:12:22 +0200] "GET /ticket2/opencms/nl/sport/voetbal-tickets/la_liga/getafe/ HTTP/1.1" 200 72708
114.119.137.43 - - [29/Jun/2024:06:12:23 +0200] "GET /ticket2/opencms/en/venue/?venueid=CC4FD98A-C25D-6CAC-C1D7-2EA904ADF809 HTTP/1.1" 200 71354
51.222.253.7 - - [29/Jun/2024:06:12:26 +0200] "GET /ticket2/opencms/dk/venue/?venueid=2F58F2AB-0424-685C-B2ED-AB5E0C783A33 HTTP/1.1" 200 71822
192.95.29.138 - - [29/Jun/2024:06:12:30 +0200] "GET /ticket2/opencms/dk/no/buy/?page=1&edid=A5425041-15AD-37BB-552C-D8E28A45D934&sortorder=desc&column=section HTTP/1.1" 404 -
65.108.227.178 - - [29/Jun/2024:06:12:32 +0200] "GET /ticket2/opencms/de/fi/venue/?venueid=084C5FFD-59D7-DA1B-5EFC-5854672C42AB HTTP/1.1" 404 -
135.181.75.58 - - [29/Jun/2024:06:12:32 +0200] "GET /ticket2/opencms/de/nl/buy/?page=6&comcatid=A17713B6-D984-201A-4143-ED4DB5ED5C2E&catid=24AC1CA6-1C09-0BE5-C04A-9DCCDB15D5E9 HTTP/1.1" 404 -
192.95.29.138 - - [29/Jun/2024:06:12:39 +0200] "GET /ticket2/opencms/dk/no/buy/?page=1&edid=A5A7051D-8776-CDCC-F30E-FC88ECBAF73F&sortorder=asc&column=row HTTP/1.1" 404 -
135.181.75.58 - - [29/Jun/2024:06:12:45 +0200] "GET /ticket2/opencms/de/nl/buy/?page=6&comcatid=A17713B6-D984-201A-4143-ED4DB5ED5C2E&catid=2DE12DDA-A5FB-C1C6-CB20-FBF873FB032B HTTP/1.1" 404 -
192.95.29.138 - - [29/Jun/2024:06:12:46 +0200] "GET /ticket2/opencms/dk/no/buy/?page=1&edid=A5C4D37D-02EF-88DC-EDDC-EB65FAC9F41D&sortorder=desc&column=row HTTP/1.1" 404 -
192.95.29.138 - - [29/Jun/2024:06:12:55 +0200] "GET /ticket2/opencms/dk/no/buy/?page=1&edid=A5C55F44-987F-E3AB-81EF-236DCB6609D7&sortorder=desc&column=price HTTP/1.1" 404 -
135.181.75.58 - - [29/Jun/2024:06:12:58 +0200] "GET /ticket2/opencms/de/nl/buy/?page=6&comcatid=A17713B6-D984-201A-4143-ED4DB5ED5C2E&catid=2FC3D548-EAF9-1354-0CD2-7D7619DA2334 HTTP/1.1" 404 -
192.95.29.138 - - [29/Jun/2024:06:13:02 +0200] "GET /ticket2/opencms/dk/no/buy/?page=1&edid=A5C55F44-987F-E3AB-81EF-236DCB6609D7&sortorder=desc&column=row HTTP/1.1" 404 -
65.108.227.178 - - [29/Jun/2024:06:13:03 +0200] "GET /ticket2/opencms/de/fi/venue/?venueid=08AC19FE-7229-CD50-252B-5A429B19BA98 HTTP/1.1" 404 -
185.191.171.8 - - [29/Jun/2024:06:13:07 +0200] "GET /ticket2/opencms/sv/search.html?searchQuery=Lecce&submit HTTP/1.1" 200 94206
37.60.238.15 - - [29/Jun/2024:06:13:09 +0200] "GET /ticket2/opencms/de/nl/buy/?comcatid=A17713B6-D984-201A-4143-ED4DB5ED5C2E&catid=08F27F2A-1872-A39F-A97C-63093E77B18A HTTP/1.1" 404 -
216.244.66.238 - - [29/Jun/2024:06:13:09 +0200] "GET /ticket2/opencms/dk/en/sell/?edid=038E9D5D-F853-3E62-678F-9F575C0DA65A HTTP/1.1" 404 -
192.95.29.138 - - [29/Jun/2024:06:13:09 +0200] "GET /ticket2/opencms/dk/no/buy/?page=1&edid=A5C55F44-987F-E3AB-81EF-236DCB6609D7&sortorder=desc&column=section HTTP/1.1" 404 -
135.181.75.58 - - [29/Jun/2024:06:13:09 +0200] "GET /ticket2/opencms/de/nl/buy/?page=6&comcatid=A17713B6-D984-201A-4143-ED4DB5ED5C2E&catid=36394212-F82E-F845-399B-42BED55969CC HTTP/1.1" 404 -
47.128.98.92 - - [29/Jun/2024:06:13:11 +0200] "GET /ticket2/opencms/fi/venue/?venueid=BFAA7D00-C9A8-E5FE-E9DC-7972FAD436C1 HTTP/1.1" 200 72939
47.128.98.92 - - [29/Jun/2024:06:13:11 +0200] "GET /ticket2/opencms/system/modules/com.gridnine.opencms.ticketbrokerage.site/resources/pics/logo-new.png HTTP/1.1" 200 13541
216.244.66.238 - - [29/Jun/2024:06:13:11 +0200] "GET /ticket2/opencms/dk/en/venue/?countryid=FFFF1061-F0B1-C4E6-4E92-B35C1210D71D HTTP/1.1" 404 -
47.128.98.92 - - [29/Jun/2024:06:13:12 +0200] "GET /ticket2/opencms/system/modules/com.gridnine.opencms.ticketbrokerage.site/resources/pics/bank_2_handelsbanken.png HTTP/1.1" 200 4509
47.128.98.92 - - [29/Jun/2024:06:13:12 +0200] "GET /ticket2/opencms/system/modules/com.gridnine.opencms.ticketbrokerage.site/resources/pics/bank_4_seb.png HTTP/1.1" 200 2487
47.128.98.92 - - [29/Jun/2024:06:13:12 +0200] "GET /ticket2/opencms/system/modules/com.gridnine.opencms.ticketbrokerage.site/resources/pics/bank_1_nordea.png HTTP/1.1" 200 4807
47.128.98.92 - - [29/Jun/2024:06:13:12 +0200] "GET /ticket2/opencms/system/modules/com.gridnine.opencms.ticketbrokerage.site/resources/pics/bank_3_swedbank.png HTTP/1.1" 200 5740
47.128.98.92 - - [29/Jun/2024:06:13:12 +0200] "GET /ticket2/opencms/system/modules/com.gridnine.opencms.ticketbrokerage.site/resources/pics/bank_5_visa_mastercard.png HTTP/1.1" 200 8196
47.128.98.92 - - [29/Jun/2024:06:13:12 +0200] "GET /ticket2/opencms/system/modules/com.gridnine.opencms.ticketbrokerage.site/resources/pics/bank_6_american_express.png HTTP/1.1" 200 5570
51.222.253.7 - - [29/Jun/2024:06:13:15 +0200] "GET /ticket2/opencms/nl/sport/voetbal-tickets/premier_league/wolverhampton/ HTTP/1.1" 200 83745
192.95.29.138 - - [29/Jun/2024:06:13:22 +0200] "GET /ticket2/opencms/dk/no/buy/?page=1&edid=A61D75FA-3060-447C-5C0C-E2DE3BF87055&sortorder=desc&column=price HTTP/1.1" 404 -
85.208.96.211 - - [29/Jun/2024:06:13:27 +0200] "GET /ticket2/opencms/sv/magazine/article?title=fulham-fc HTTP/1.1" 200 74652
192.95.29.138 - - [29/Jun/2024:06:13:29 +0200] "GET /ticket2/opencms/dk/no/buy/?page=1&edid=A61D75FA-3060-447C-5C0C-E2DE3BF87055&sortorder=desc&column=section HTTP/1.1" 404 -
65.108.227.178 - - [29/Jun/2024:06:13:31 +0200] "GET /ticket2/opencms/de/fi/venue/?venueid=08E4EC60-00C9-C497-9F21-DF811FAE4DEC HTTP/1.1" 404 -
135.181.75.58 - - [29/Jun/2024:06:13:31 +0200] "GET /ticket2/opencms/de/nl/buy/?page=6&comcatid=A17713B6-D984-201A-4143-ED4DB5ED5C2E&catid=3A7AEA37-903D-9533-4B33-21B0001FF1D1 HTTP/1.1" 404 -
192.95.29.138 - - [29/Jun/2024:06:13:36 +0200] "GET /ticket2/opencms/dk/no/buy/?page=1&edid=A633271C-B67E-BBE4-ABBF-029D739BC729&sortorder=asc&column=price HTTP/1.1" 404 -
185.169.252.159 - - [29/Jun/2024:06:13:39 +0200] "GET /ticket2/opencms/sv/login/?edid=8C683308-F1E4-E41D-F834-BFDFCEAEC74C HTTP/1.1" 200 74250
192.95.29.138 - - [29/Jun/2024:06:13:42 +0200] "GET /ticket2/opencms/dk/no/buy/?page=1&edid=A633271C-B67E-BBE4-ABBF-029D739BC729&sortorder=asc&column=row HTTP/1.1" 404 -
37.60.238.15 - - [29/Jun/2024:06:13:42 +0200] "GET /ticket2/opencms/de/nl/buy/?comcatid=A17713B6-D984-201A-4143-ED4DB5ED5C2E&catid=0A6C99D2-F5BD-7A18-9A5F-5668827042E0 HTTP/1.1" 404 -
135.181.75.58 - - [29/Jun/2024:06:13:45 +0200] "GET /ticket2/opencms/de/nl/buy/?page=6&comcatid=A17713B6-D984-201A-4143-ED4DB5ED5C2E&catid=3B549160-8B9C-E872-44A9-20FEA86B30E8 HTTP/1.1" 404 -
192.95.29.138 - - [29/Jun/2024:06:13:48 +0200] "GET /ticket2/opencms/dk/no/buy/?page=1&edid=A633271C-B67E-BBE4-ABBF-029D739BC729&sortorder=asc&column=section HTTP/1.1" 404 -
65.108.227.178 - - [29/Jun/2024:06:13:49 +0200] "GET /ticket2/opencms/de/fi/venue/?venueid=09020355-FC21-7B01-28CB-650A5D998DEC HTTP/1.1" 404 -
192.95.29.138 - - [29/Jun/2024:06:13:55 +0200] "GET /ticket2/opencms/dk/no/buy/?page=1&edid=A63B1890-86E1-9F60-54D7-09AEE785F38E&sortorder=desc&column=row HTTP/1.1" 404 -
135.181.75.58 - - [29/Jun/2024:06:13:56 +0200] "GET /ticket2/opencms/de/nl/buy/?page=6&comcatid=A17713B6-D984-201A-4143-ED4DB5ED5C2E&catid=42C82D82-D02A-8562-E55C-48ADB3771882 HTTP/1.1" 404 -
47.128.115.92 - - [29/Jun/2024:06:13:59 +0200] "GET /ticket2/opencms/fr/buy/?comcatid=A17713B6-D984-201A-4143-ED4DB5ED5C2E&npage=2 HTTP/1.1" 200 200394
47.128.115.92 - - [29/Jun/2024:06:14:00 +0200] "GET /ticket2/opencms/system/modules/com.gridnine.opencms.ticketbrokerage.site/resources/pics/logo-new.png HTTP/1.1" 200 13541
47.128.115.92 - - [29/Jun/2024:06:14:00 +0200] "GET /ticket2/opencms/system/modules/com.gridnine.opencms.ticketbrokerage.site/resources/pics/bank_2_handelsbanken.png HTTP/1.1" 200 4509
47.128.115.92 - - [29/Jun/2024:06:14:01 +0200] "GET /ticket2/opencms/system/modules/com.gridnine.opencms.ticketbrokerage.site/resources/pics/bank_1_nordea.png HTTP/1.1" 200 4807
47.128.115.92 - - [29/Jun/2024:06:14:01 +0200] "GET /ticket2/opencms/system/modules/com.gridnine.opencms.ticketbrokerage.site/resources/pics/bank_3_swedbank.png HTTP/1.1" 200 5740
47.128.115.92 - - [29/Jun/2024:06:14:01 +0200] "GET /ticket2/opencms/system/modules/com.gridnine.opencms.ticketbrokerage.site/resources/pics/bank_5_visa_mastercard.png HTTP/1.1" 200 8196
47.128.115.92 - - [29/Jun/2024:06:14:01 +0200] "GET /ticket2/opencms/system/modules/com.gridnine.opencms.ticketbrokerage.site/resources/pics/bank_4_seb.png HTTP/1.1" 200 2487
47.128.115.92 - - [29/Jun/2024:06:14:01 +0200] "GET /ticket2/opencms/system/modules/com.gridnine.opencms.ticketbrokerage.site/resources/pics/bank_6_american_express.png HTTP/1.1" 200 5570
192.95.29.138 - - [29/Jun/2024:06:14:03 +0200] "GET /ticket2/opencms/dk/no/buy/?page=1&edid=A63B1890-86E1-9F60-54D7-09AEE785F38E&sortorder=desc&column=section HTTP/1.1" 404 -
135.181.75.58 - - [29/Jun/2024:06:14:07 +0200] "GET /ticket2/opencms/de/nl/buy/?page=6&comcatid=A17713B6-D984-201A-4143-ED4DB5ED5C2E&catid=4B941E1B-E4E2-C53E-C693-9FA91BBA9AD5 HTTP/1.1" 404 -
47.128.42.219 - - [29/Jun/2024:06:14:07 +0200] "GET /ticket2/opencms/fi/venue/?venueid=BCC58979-A0BB-82A8-394D-152CD294A8FC HTTP/1.1" 200 72959
51.222.253.1 - - [29/Jun/2024:06:14:07 +0200] "GET /ticket2/opencms/nl/sport/voetbal-tickets/premier_league/newcastle-united/ HTTP/1.1" 200 83804
47.128.42.219 - - [29/Jun/2024:06:14:08 +0200] "GET /ticket2/opencms/system/modules/com.gridnine.opencms.ticketbrokerage.site/resources/pics/logo-new.png HTTP/1.1" 200 13541
47.128.42.219 - - [29/Jun/2024:06:14:08 +0200] "GET /ticket2/opencms/system/modules/com.gridnine.opencms.ticketbrokerage.site/resources/pics/bank_1_nordea.png HTTP/1.1" 200 4807
47.128.42.219 - - [29/Jun/2024:06:14:09 +0200] "GET /ticket2/opencms/system/modules/com.gridnine.opencms.ticketbrokerage.site/resources/pics/bank_2_handelsbanken.png HTTP/1.1" 200 4509
47.128.42.219 - - [29/Jun/2024:06:14:09 +0200] "GET /ticket2/opencms/system/modules/com.gridnine.opencms.ticketbrokerage.site/resources/pics/bank_3_swedbank.png HTTP/1.1" 200 5740
47.128.42.219 - - [29/Jun/2024:06:14:09 +0200] "GET /ticket2/opencms/system/modules/com.gridnine.opencms.ticketbrokerage.site/resources/pics/bank_4_seb.png HTTP/1.1" 200 2487
47.128.42.219 - - [29/Jun/2024:06:14:09 +0200] "GET /ticket2/opencms/system/modules/com.gridnine.opencms.ticketbrokerage.site/resources/pics/bank_5_visa_mastercard.png HTTP/1.1" 200 8196
47.128.42.219 - - [29/Jun/2024:06:14:09 +0200] "GET /ticket2/opencms/system/modules/com.gridnine.opencms.ticketbrokerage.site/resources/pics/bank_6_american_express.png HTTP/1.1" 200 5570
192.95.29.138 - - [29/Jun/2024:06:14:10 +0200] "GET /ticket2/opencms/dk/no/buy/?page=1&edid=A7645FE8-0CC9-5772-44BF-2E3DB97A6070&sortorder=asc&column=section HTTP/1.1" 404 -
65.108.227.178 - - [29/Jun/2024:06:14:10 +0200] "GET /ticket2/opencms/de/fi/venue/?venueid=092C7A07-429A-6BEE-0D63-A862EA12705E HTTP/1.1" 404 -
114.119.130.29 - - [29/Jun/2024:06:14:18 +0200] "GET /ticket2/opencms/en/venue/?venueid=7F4399DF-09B0-51D6-E82A-35DDE26DDE35 HTTP/1.1" 200 71375
192.95.29.138 - - [29/Jun/2024:06:14:18 +0200] "GET /ticket2/opencms/dk/no/buy/?page=1&edid=A7D95905-7BDA-50BA-8772-CC73300FE2E6&sortorder=desc&column=price HTTP/1.1" 404 -
135.181.75.58 - - [29/Jun/2024:06:14:19 +0200] "GET /ticket2/opencms/de/nl/buy/?page=6&comcatid=A17713B6-D984-201A-4143-ED4DB5ED5C2E&catid=515A9A29-35A0-2DB8-262B-AEF122DB04F6 HTTP/1.1" 404 -
192.95.29.138 - - [29/Jun/2024:06:14:27 +0200] "GET /ticket2/opencms/dk/no/buy/?page=1&edid=A7D95905-7BDA-50BA-8772-CC73300FE2E6&sortorder=desc&column=row HTTP/1.1" 404 -
37.60.238.15 - - [29/Jun/2024:06:14:30 +0200] "GET /ticket2/opencms/de/nl/buy/?comcatid=A17713B6-D984-201A-4143-ED4DB5ED5C2E&catid=0A9E385E-33D9-328E-DC79-CA2C7009C829 HTTP/1.1" 404 -
135.181.75.58 - - [29/Jun/2024:06:14:34 +0200] "GET /ticket2/opencms/de/nl/buy/?page=6&comcatid=A17713B6-D984-201A-4143-ED4DB5ED5C2E&catid=573B7747-EE85-D769-C87D-F3F61FB64AA5 HTTP/1.1" 404 -
192.95.29.138 - - [29/Jun/2024:06:14:35 +0200] "GET /ticket2/opencms/dk/no/buy/?page=1&edid=A7D95905-7BDA-50BA-8772-CC73300FE2E6&sortorder=desc&column=section HTTP/1.1" 404 -
66.249.72.34 - - [29/Jun/2024:06:14:37 +0200] "GET /ticket2/opencms/en/venue/?venueid=BFAA7D00-C9A8-E5FE-E9DC-7972FAD436C1 HTTP/1.1" 200 71363
65.108.227.178 - - [29/Jun/2024:06:14:38 +0200] "GET /ticket2/opencms/de/fi/venue/?venueid=09E03E16-187C-4DF2-8E48-7E3967D626E7 HTTP/1.1" 404 -
192.95.29.138 - - [29/Jun/2024:06:14:42 +0200] "GET /ticket2/opencms/dk/no/buy/?page=1&edid=A80995E7-8771-9176-CE64-C467ADECCBC7&sortorder=desc&column=price HTTP/1.1" 404 -
216.244.66.238 - - [29/Jun/2024:06:14:42 +0200] "GET /ticket2/opencms/dk/fi/urheilu/hockey/nhl/chicago_blackhawks/ HTTP/1.1" 404 -
135.181.75.58 - - [29/Jun/2024:06:14:51 +0200] "GET /ticket2/opencms/de/nl/buy/?page=6&comcatid=A17713B6-D984-201A-4143-ED4DB5ED5C2E&catid=5A89E483-58AD-080E-F363-E16CE738916A HTTP/1.1" 404 -
192.95.29.138 - - [29/Jun/2024:06:14:51 +0200] "GET /ticket2/opencms/dk/no/buy/?page=1&edid=A80995E7-8771-9176-CE64-C467ADECCBC7&sortorder=desc&column=row HTTP/1.1" 404 -
51.222.253.16 - - [29/Jun/2024:06:14:58 +0200] "GET /ticket2/opencms/dk/venue/?venueid=D18D6787-79C9-168D-043E-699F3EFDABDE HTTP/1.1" 200 71789
192.95.29.138 - - [29/Jun/2024:06:14:59 +0200] "GET /ticket2/opencms/dk/no/buy/?page=1&edid=A83FF22A-9DB8-8488-7210-DAEBD36BD19D HTTP/1.1" 404 -
47.128.42.243 - - [29/Jun/2024:06:15:03 +0200] "GET /ticket2/opencms/fi/venue/?venueid=66310A18-45F7-A89D-BD9F-A3196DFA666D HTTP/1.1" 200 72917
47.128.42.243 - - [29/Jun/2024:06:15:03 +0200] "GET /ticket2/opencms/system/modules/com.gridnine.opencms.ticketbrokerage.site/resources/pics/logo-new.png HTTP/1.1" 200 13541
47.128.42.243 - - [29/Jun/2024:06:15:04 +0200] "GET /ticket2/opencms/system/modules/com.gridnine.opencms.ticketbrokerage.site/resources/pics/bank_2_handelsbanken.png HTTP/1.1" 200 4509
65.108.227.178 - - [29/Jun/2024:06:15:04 +0200] "GET /ticket2/opencms/de/fi/venue/?venueid=0A150E76-62F4-C52C-086E-D4CAD50B046E HTTP/1.1" 404 -
47.128.42.243 - - [29/Jun/2024:06:15:04 +0200] "GET /ticket2/opencms/system/modules/com.gridnine.opencms.ticketbrokerage.site/resources/pics/bank_5_visa_mastercard.png HTTP/1.1" 200 8196
47.128.42.243 - - [29/Jun/2024:06:15:04 +0200] "GET /ticket2/opencms/system/modules/com.gridnine.opencms.ticketbrokerage.site/resources/pics/bank_3_swedbank.png HTTP/1.1" 200 5740
47.128.42.243 - - [29/Jun/2024:06:15:05 +0200] "GET /ticket2/opencms/system/modules/com.gridnine.opencms.ticketbrokerage.site/resources/pics/bank_4_seb.png HTTP/1.1" 200 2487
47.128.42.243 - - [29/Jun/2024:06:15:05 +0200] "GET /ticket2/opencms/system/modules/com.gridnine.opencms.ticketbrokerage.site/resources/pics/bank_1_nordea.png HTTP/1.1" 200 4807
47.128.42.243 - - [29/Jun/2024:06:15:05 +0200] "GET /ticket2/opencms/system/modules/com.gridnine.opencms.ticketbrokerage.site/resources/pics/bank_6_american_express.png HTTP/1.1" 200 5570
192.95.29.138 - - [29/Jun/2024:06:15:07 +0200] "GET /ticket2/opencms/dk/no/buy/?page=1&edid=A83FF22A-9DB8-8488-7210-DAEBD36BD19D&sortorder=desc&column=price HTTP/1.1" 404 -
135.181.75.58 - - [29/Jun/2024:06:15:07 +0200] "GET /ticket2/opencms/de/nl/buy/?page=6&comcatid=A17713B6-D984-201A-4143-ED4DB5ED5C2E&catid=64756941-02D2-3538-2077-8C2508F4A3A8 HTTP/1.1" 404 -
192.95.29.138 - - [29/Jun/2024:06:15:15 +0200] "GET /ticket2/opencms/dk/no/buy/?page=1&edid=A84070DC-133C-F761-940C-18DE5C0F16D7&sortorder=asc&column=price HTTP/1.1" 404 -
40.77.167.62 - - [29/Jun/2024:06:15:17 +0200] "GET /ticket2/opencms/sv/buy/?page=1&edid=5C8B3B85-933A-05F1-6523-80053ADA509F HTTP/1.1" 200 89234
135.181.75.58 - - [29/Jun/2024:06:15:19 +0200] "GET /ticket2/opencms/de/nl/buy/?page=6&comcatid=A17713B6-D984-201A-4143-ED4DB5ED5C2E&catid=6BD6E0B0-84AF-3A0D-3851-C1357CE9B771 HTTP/1.1" 404 -
185.191.171.18 - - [29/Jun/2024:06:15:26 +0200] "GET /ticket2/opencms/sv/sport/fotbollsbiljetter/em_2020/ HTTP/1.1" 200 73661
192.95.29.138 - - [29/Jun/2024:06:15:28 +0200] "GET /ticket2/opencms/dk/no/buy/?page=1&edid=A84070DC-133C-F761-940C-18DE5C0F16D7&sortorder=asc&column=section HTTP/1.1" 404 -
192.95.29.138 - - [29/Jun/2024:06:15:33 +0200] "GET /ticket2/opencms/dk/no/buy/?page=1&edid=AA75DB1B-F109-4AC8-F8B6-E76C4B5170E3&sortorder=desc&column=price HTTP/1.1" 404 -
135.181.75.58 - - [29/Jun/2024:06:15:36 +0200] "GET /ticket2/opencms/de/nl/buy/?page=6&comcatid=A17713B6-D984-201A-4143-ED4DB5ED5C2E&catid=6E0E0CA4-3F14-9697-92B9-3687047BE453 HTTP/1.1" 404 -
65.108.227.178 - - [29/Jun/2024:06:15:37 +0200] "GET /ticket2/opencms/de/fi/venue/?venueid=0A2EDAFB-8085-94A5-B853-AD005381D9D2 HTTP/1.1" 404 -
37.60.238.15 - - [29/Jun/2024:06:15:37 +0200] "GET /ticket2/opencms/de/nl/buy/?comcatid=A17713B6-D984-201A-4143-ED4DB5ED5C2E&catid=21C3854B-901E-11F9-7B7D-6838CC6AFAA4 HTTP/1.1" 404 -
192.95.29.138 - - [29/Jun/2024:06:15:39 +0200] "GET /ticket2/opencms/dk/no/buy/?page=1&edid=AA846239-9C01-F79F-429F-223A194A604D&sortorder=desc&column=price HTTP/1.1" 404 -
165.22.218.244 - - [29/Jun/2024:06:15:44 +0200] "GET /ticket2/opencms/ HTTP/1.1" 302 -
192.95.29.138 - - [29/Jun/2024:06:15:45 +0200] "GET /ticket2/opencms/dk/no/buy/?page=1&edid=AB50204C-215A-4600-59BC-2DA2AB6F3782&sortorder=desc&column=price HTTP/1.1" 404 -
135.181.75.58 - - [29/Jun/2024:06:15:49 +0200] "GET /ticket2/opencms/de/nl/buy/?page=6&comcatid=A17713B6-D984-201A-4143-ED4DB5ED5C2E&catid=70B37487-FE30-D476-CAE7-E6AFEA3153F2 HTTP/1.1" 404 -
192.95.29.138 - - [29/Jun/2024:06:15:50 +0200] "GET /ticket2/opencms/dk/no/buy/?page=1&edid=AC87DEB6-E1D4-389C-9FC5-DD0A851AE2E5&sortorder=desc&column=price HTTP/1.1" 404 -
51.222.253.8 - - [29/Jun/2024:06:15:51 +0200] "GET /ticket2/opencms/nl/sport/voetbal-tickets/premier_league/everton/ HTTP/1.1" 200 83769
165.22.218.244 - - [29/Jun/2024:06:15:52 +0200] "GET /ticket2/opencms/en/ HTTP/1.1" 200 91208
216.245.221.83 - - [29/Jun/2024:06:15:55 +0200] "HEAD /ticket2/opencms/ HTTP/1.1" 302 -
192.95.29.138 - - [29/Jun/2024:06:15:56 +0200] "GET /ticket2/opencms/dk/no/buy/?page=1&edid=AC87DEB6-E1D4-389C-9FC5-DD0A851AE2E5&sortorder=desc&column=row HTTP/1.1" 404 -
216.245.221.83 - - [29/Jun/2024:06:15:56 +0200] "HEAD /ticket2/opencms/en/ HTTP/1.1" 200 -
47.128.60.106 - - [29/Jun/2024:06:15:59 +0200] "GET /ticket2/opencms/fi/venue/?venueid=09020355-FC21-7B01-28CB-650A5D998DEC HTTP/1.1" 200 72926
85.208.96.198 - - [29/Jun/2024:06:16:00 +0200] "GET /ticket2/opencms/fi/faq HTTP/1.1" 200 78440
47.128.60.106 - - [29/Jun/2024:06:16:00 +0200] "GET /ticket2/opencms/system/modules/com.gridnine.opencms.ticketbrokerage.site/resources/pics/logo-new.png HTTP/1.1" 200 13541
65.108.227.178 - - [29/Jun/2024:06:16:00 +0200] "GET /ticket2/opencms/de/fi/venue/?venueid=0A39CE99-4F26-18C0-6480-39447ABAF827 HTTP/1.1" 404 -
47.128.60.106 - - [29/Jun/2024:06:16:00 +0200] "GET /ticket2/opencms/system/modules/com.gridnine.opencms.ticketbrokerage.site/resources/pics/bank_2_handelsbanken.png HTTP/1.1" 200 4509
85.208.96.196 - - [29/Jun/2024:06:16:01 +0200] "GET /ticket2/opencms/de/login HTTP/1.1" 200 74461
47.128.60.106 - - [29/Jun/2024:06:16:01 +0200] "GET /ticket2/opencms/system/modules/com.gridnine.opencms.ticketbrokerage.site/resources/pics/bank_1_nordea.png HTTP/1.1" 200 4807
47.128.60.106 - - [29/Jun/2024:06:16:01 +0200] "GET /ticket2/opencms/system/modules/com.gridnine.opencms.ticketbrokerage.site/resources/pics/bank_5_visa_mastercard.png HTTP/1.1" 200 8196
47.128.60.106 - - [29/Jun/2024:06:16:01 +0200] "GET /ticket2/opencms/system/modules/com.gridnine.opencms.ticketbrokerage.site/resources/pics/bank_4_seb.png HTTP/1.1" 200 2487
