188.165.241.181 - - [29/Jun/2024:00:00:03 +0200] "GET /ticket2/opencms/de/en/venue/?venueid=70AA4849-07BC-CB86-8CD6-03E82E5FE632 HTTP/1.1" 404 -
66.249.75.96 - - [29/Jun/2024:00:00:06 +0200] "GET /ticket2/opencms/fi/venue/?countryid=994C90A3-4106-B64A-E9EB-11D9EC699E18 HTTP/1.1" 200 102292
188.165.241.181 - - [29/Jun/2024:00:00:45 +0200] "GET /ticket2/opencms/de/en/venue/?venueid=70BCEFF3-3FFD-32AD-3733-0F6287343BFC HTTP/1.1" 404 -
47.128.48.111 - - [29/Jun/2024:00:00:51 +0200] "GET /ticket2/opencms/fi/venue/?venueid=9862A239-2434-5FBB-1EDA-06F1C924E08E HTTP/1.1" 200 72941
47.128.48.111 - - [29/Jun/2024:00:00:52 +0200] "GET /ticket2/opencms/system/modules/com.gridnine.opencms.ticketbrokerage.site/resources/pics/logo-new.png HTTP/1.1" 200 13541
47.128.48.111 - - [29/Jun/2024:00:00:53 +0200] "GET /ticket2/opencms/system/modules/com.gridnine.opencms.ticketbrokerage.site/resources/pics/bank_2_handelsbanken.png HTTP/1.1" 200 4509
47.128.48.111 - - [29/Jun/2024:00:00:53 +0200] "GET /ticket2/opencms/system/modules/com.gridnine.opencms.ticketbrokerage.site/resources/pics/bank_5_visa_mastercard.png HTTP/1.1" 200 8196
47.128.48.111 - - [29/Jun/2024:00:00:53 +0200] "GET /ticket2/opencms/system/modules/com.gridnine.opencms.ticketbrokerage.site/resources/pics/bank_3_swedbank.png HTTP/1.1" 200 5740
47.128.48.111 - - [29/Jun/2024:00:00:53 +0200] "GET /ticket2/opencms/system/modules/com.gridnine.opencms.ticketbrokerage.site/resources/pics/bank_1_nordea.png HTTP/1.1" 200 4807
47.128.48.111 - - [29/Jun/2024:00:00:53 +0200] "GET /ticket2/opencms/system/modules/com.gridnine.opencms.ticketbrokerage.site/resources/pics/bank_4_seb.png HTTP/1.1" 200 2487
47.128.48.111 - - [29/Jun/2024:00:00:53 +0200] "GET /ticket2/opencms/system/modules/com.gridnine.opencms.ticketbrokerage.site/resources/pics/bank_6_american_express.png HTTP/1.1" 200 5570
66.249.76.161 - - [29/Jun/2024:00:00:54 +0200] "GET /ticket2/opencms/sv/buy?page=1&edid=CEB09CB0-7E1D-87EC-1932-D40768758CA3 HTTP/1.1" 200 88614
216.245.221.83 - - [29/Jun/2024:00:00:56 +0200] "HEAD /ticket2/opencms/ HTTP/1.1" 302 -
216.245.221.83 - - [29/Jun/2024:00:00:59 +0200] "HEAD /ticket2/opencms/en/ HTTP/1.1" 200 -
66.249.75.168 - - [29/Jun/2024:00:01:08 +0200] "GET /ticket2/opencms/de/fi/buy/?page=6&comcatid=A17713B6-D984-201A-4143-ED4DB5ED5C2E&catid=061607E6-22B7-6FFA-03FD-A4B8B13A943F HTTP/1.1" 404 -
188.165.241.181 - - [29/Jun/2024:00:01:16 +0200] "GET /ticket2/opencms/de/en/venue/?venueid=70CF0C71-242F-3CB8-3E8B-757E40B6417C HTTP/1.1" 404 -
188.165.241.181 - - [29/Jun/2024:00:01:43 +0200] "GET /ticket2/opencms/de/en/venue/?venueid=70DCD869-5BA7-F3C6-AAAA-0FB61E169734 HTTP/1.1" 404 -
47.128.28.237 - - [29/Jun/2024:00:01:47 +0200] "GET /ticket2/opencms/fi/venue/?countryid=19657A1A-D641-70BC-9F36-F54EFCC4AC04 HTTP/1.1" 200 102292
47.128.28.237 - - [29/Jun/2024:00:01:48 +0200] "GET /ticket2/opencms/system/modules/com.gridnine.opencms.ticketbrokerage.site/resources/pics/logo-new.png HTTP/1.1" 200 13541
47.128.28.237 - - [29/Jun/2024:00:01:48 +0200] "GET /ticket2/opencms/system/modules/com.gridnine.opencms.ticketbrokerage.site/resources/pics/bank_1_nordea.png HTTP/1.1" 200 4807
47.128.28.237 - - [29/Jun/2024:00:01:48 +0200] "GET /ticket2/opencms/system/modules/com.gridnine.opencms.ticketbrokerage.site/resources/pics/bank_4_seb.png HTTP/1.1" 200 2487
47.128.28.237 - - [29/Jun/2024:00:01:49 +0200] "GET /ticket2/opencms/system/modules/com.gridnine.opencms.ticketbrokerage.site/resources/pics/bank_5_visa_mastercard.png HTTP/1.1" 200 8196
47.128.28.237 - - [29/Jun/2024:00:01:49 +0200] "GET /ticket2/opencms/system/modules/com.gridnine.opencms.ticketbrokerage.site/resources/pics/bank_2_handelsbanken.png HTTP/1.1" 200 4509
47.128.28.237 - - [29/Jun/2024:00:01:49 +0200] "GET /ticket2/opencms/system/modules/com.gridnine.opencms.ticketbrokerage.site/resources/pics/bank_3_swedbank.png HTTP/1.1" 200 5740
47.128.28.237 - - [29/Jun/2024:00:01:49 +0200] "GET /ticket2/opencms/system/modules/com.gridnine.opencms.ticketbrokerage.site/resources/pics/bank_6_american_express.png HTTP/1.1" 200 5570
70.121.84.124 - - [29/Jun/2024:00:01:57 +0200] "GET / HTTP/1.1" 404 -
47.128.121.72 - - [29/Jun/2024:00:01:57 +0200] "GET /ticket2/opencms/nl/buy/?edid=7B357C96-D15A-7330-3CD7-9115EBD86CB2 HTTP/1.1" 200 71077
47.128.121.72 - - [29/Jun/2024:00:01:59 +0200] "GET /ticket2/opencms/system/modules/com.gridnine.opencms.ticketbrokerage.site/resources/pics/logo-new.png HTTP/1.1" 200 13541
47.128.121.72 - - [29/Jun/2024:00:02:00 +0200] "GET /ticket2/opencms/system/modules/com.gridnine.opencms.ticketbrokerage.site/resources/pics/bank_5_visa_mastercard.png HTTP/1.1" 200 8196
47.128.121.72 - - [29/Jun/2024:00:02:00 +0200] "GET /ticket2/opencms/system/modules/com.gridnine.opencms.ticketbrokerage.site/resources/pics/bank_1_nordea.png HTTP/1.1" 200 4807
47.128.121.72 - - [29/Jun/2024:00:02:00 +0200] "GET /ticket2/opencms/system/modules/com.gridnine.opencms.ticketbrokerage.site/resources/pics/bank_3_swedbank.png HTTP/1.1" 200 5740
47.128.121.72 - - [29/Jun/2024:00:02:00 +0200] "GET /ticket2/opencms/system/modules/com.gridnine.opencms.ticketbrokerage.site/resources/pics/bank_2_handelsbanken.png HTTP/1.1" 200 4509
47.128.121.72 - - [29/Jun/2024:00:02:00 +0200] "GET /ticket2/opencms/system/modules/com.gridnine.opencms.ticketbrokerage.site/resources/pics/bank_4_seb.png HTTP/1.1" 200 2487
47.128.121.72 - - [29/Jun/2024:00:02:00 +0200] "GET /ticket2/opencms/system/modules/com.gridnine.opencms.ticketbrokerage.site/resources/pics/bank_6_american_express.png HTTP/1.1" 200 5570
66.249.76.160 - - [29/Jun/2024:00:02:06 +0200] "GET /ticket2/opencms/sites/ticketbrokerage/sv/tickets/real_madrid/coruna.html HTTP/1.1" 404 -
40.77.167.72 - - [29/Jun/2024:00:02:07 +0200] "GET /ticket2/opencms/en/buy?page=1&edid=65e7b63a-82ad-5350-7913-2d26a32c5940 HTTP/1.1" 200 31
66.249.77.35 - - [29/Jun/2024:00:02:09 +0200] "GET /ticket2/opencms/robots.txt HTTP/1.1" 200 773
66.249.72.101 - - [29/Jun/2024:00:02:10 +0200] "GET /ticket2/opencms/no/buy/?page=1&edid=B6B8349F-A5AA-C742-11D5-2D7AB719C807 HTTP/1.1" 200 111789
188.165.241.181 - - [29/Jun/2024:00:02:10 +0200] "GET /ticket2/opencms/de/en/venue/?venueid=70DCED0C-DAFB-4CDB-B5CE-E31A25F4FE56 HTTP/1.1" 404 -
66.249.76.162 - - [29/Jun/2024:00:02:10 +0200] "GET /ticket2/opencms/fi/buy/?page=1&edid=DE88C997-F247-5EDB-AB8C-0BF21F57525F HTTP/1.1" 200 112397
66.249.72.102 - - [29/Jun/2024:00:02:14 +0200] "GET /ticket2/opencms/system/modules/com.gridnine.opencms.ticketbrokerage.site/resources/css/calendar.css HTTP/1.1" 200 6871
216.245.221.83 - - [29/Jun/2024:00:02:39 +0200] "HEAD /ticket2/opencms/ HTTP/1.1" 302 -
216.245.221.83 - - [29/Jun/2024:00:02:40 +0200] "HEAD /ticket2/opencms/en/ HTTP/1.1" 200 -
188.165.241.181 - - [29/Jun/2024:00:02:40 +0200] "GET /ticket2/opencms/de/en/venue/?venueid=725EAA96-3504-C885-60D8-51C3C379F292 HTTP/1.1" 404 -
47.128.48.148 - - [29/Jun/2024:00:02:44 +0200] "GET /ticket2/opencms/fi/venue/?venueid=3E802A88-E379-6B54-CC97-5C7F82981C82 HTTP/1.1" 200 72903
47.128.48.148 - - [29/Jun/2024:00:02:45 +0200] "GET /ticket2/opencms/system/modules/com.gridnine.opencms.ticketbrokerage.site/resources/pics/logo-new.png HTTP/1.1" 200 13541
47.128.48.148 - - [29/Jun/2024:00:02:45 +0200] "GET /ticket2/opencms/system/modules/com.gridnine.opencms.ticketbrokerage.site/resources/pics/bank_5_visa_mastercard.png HTTP/1.1" 200 8196
47.128.48.148 - - [29/Jun/2024:00:02:46 +0200] "GET /ticket2/opencms/system/modules/com.gridnine.opencms.ticketbrokerage.site/resources/pics/bank_1_nordea.png HTTP/1.1" 200 4807
47.128.48.148 - - [29/Jun/2024:00:02:46 +0200] "GET /ticket2/opencms/system/modules/com.gridnine.opencms.ticketbrokerage.site/resources/pics/bank_2_handelsbanken.png HTTP/1.1" 200 4509
47.128.48.148 - - [29/Jun/2024:00:02:46 +0200] "GET /ticket2/opencms/system/modules/com.gridnine.opencms.ticketbrokerage.site/resources/pics/bank_3_swedbank.png HTTP/1.1" 200 5740
47.128.48.148 - - [29/Jun/2024:00:02:46 +0200] "GET /ticket2/opencms/system/modules/com.gridnine.opencms.ticketbrokerage.site/resources/pics/bank_4_seb.png HTTP/1.1" 200 2487
47.128.48.148 - - [29/Jun/2024:00:02:46 +0200] "GET /ticket2/opencms/system/modules/com.gridnine.opencms.ticketbrokerage.site/resources/pics/bank_6_american_express.png HTTP/1.1" 200 5570
188.165.241.181 - - [29/Jun/2024:00:03:06 +0200] "GET /ticket2/opencms/de/en/venue/?venueid=72A98177-8EC1-6A88-9C99-0807532C7C07 HTTP/1.1" 404 -
66.249.75.162 - - [29/Jun/2024:00:03:12 +0200] "GET /ticket2/opencms/dk/buy/?page=1&edid=16436A63-E7D4-DEDF-5835-AB72708D4247 HTTP/1.1" 200 110558
135.181.212.177 - - [29/Jun/2024:00:03:13 +0200] "GET /ticket2/opencms/dk/robots.txt HTTP/1.1" 404 -
40.77.167.24 - - [29/Jun/2024:00:03:14 +0200] "GET /ticket2/opencms/en/buy?page=1&edid=B422C598-4610-0185-89CA-0FDFEB7BE014 HTTP/1.1" 200 109965
185.191.171.11 - - [29/Jun/2024:00:03:14 +0200] "GET /ticket2/opencms/de/robots.txt HTTP/1.1" 404 -
85.208.96.210 - - [29/Jun/2024:00:03:16 +0200] "GET /ticket2/opencms/robots.txt HTTP/1.1" 200 773
85.208.96.206 - - [29/Jun/2024:00:03:18 +0200] "GET /ticket2/opencms/robots.txt HTTP/1.1" 200 773
135.181.212.177 - - [29/Jun/2024:00:03:18 +0200] "GET /ticket2/opencms/dk/dk/buy/?page=1&edid=22B6ACE9-E5D9-B5BE-CEF2-FFB86A1A7434&sortorder=asc&column=price HTTP/1.1" 404 -
85.208.96.209 - - [29/Jun/2024:00:03:19 +0200] "GET /ticket2/opencms/de/sv/sport/fotbollsbiljetter/serie_a/lecce/ HTTP/1.1" 404 -
135.181.212.177 - - [29/Jun/2024:00:03:23 +0200] "GET /ticket2/opencms/dk/dk/buy/?page=1&edid=22B6ACE9-E5D9-B5BE-CEF2-FFB86A1A7434&sortorder=asc&column=row HTTP/1.1" 404 -
85.208.96.205 - - [29/Jun/2024:00:03:25 +0200] "GET /ticket2/opencms/no/sport/fotballsbilletter/serie_a/milan/ HTTP/1.1" 200 75560
135.181.212.177 - - [29/Jun/2024:00:03:28 +0200] "GET /ticket2/opencms/dk/dk/buy/?page=1&edid=22B6ACE9-E5D9-B5BE-CEF2-FFB86A1A7434&sortorder=asc&column=section HTTP/1.1" 404 -
188.165.241.181 - - [29/Jun/2024:00:03:30 +0200] "GET /ticket2/opencms/de/en/venue/?venueid=7323AE7D-D178-B332-F0E5-FE2EC0804060 HTTP/1.1" 404 -
135.181.212.177 - - [29/Jun/2024:00:03:33 +0200] "GET /ticket2/opencms/dk/dk/buy/?page=1&edid=22C30B52-7C01-7FB2-5A8B-C131C4581B2E&sortorder=asc&column=row HTTP/1.1" 404 -
135.181.212.177 - - [29/Jun/2024:00:03:38 +0200] "GET /ticket2/opencms/dk/dk/buy/?page=1&edid=23513D44-1BB6-66A7-7F86-397B44F638AD&sortorder=asc&column=row HTTP/1.1" 404 -
47.128.58.188 - - [29/Jun/2024:00:03:39 +0200] "GET /ticket2/opencms/es/buy/?catid=05A94519-01D1-C86F-9031-84936B0B9DAE&comcatid=66708183-7480-3365-06BF-DBF60280AB45 HTTP/1.1" 200 75511
47.128.58.188 - - [29/Jun/2024:00:03:39 +0200] "GET /ticket2/opencms/system/modules/com.gridnine.opencms.ticketbrokerage.site/resources/pics/logo-new.png HTTP/1.1" 200 13541
47.128.58.188 - - [29/Jun/2024:00:03:40 +0200] "GET /ticket2/opencms/system/modules/com.gridnine.opencms.ticketbrokerage.site/resources/pics/bank_4_seb.png HTTP/1.1" 200 2487
47.128.58.188 - - [29/Jun/2024:00:03:40 +0200] "GET /ticket2/opencms/system/modules/com.gridnine.opencms.ticketbrokerage.site/resources/pics/bank_3_swedbank.png HTTP/1.1" 200 5740
47.128.58.188 - - [29/Jun/2024:00:03:41 +0200] "GET /ticket2/opencms/system/modules/com.gridnine.opencms.ticketbrokerage.site/resources/pics/bank_1_nordea.png HTTP/1.1" 200 4807
47.128.58.188 - - [29/Jun/2024:00:03:41 +0200] "GET /ticket2/opencms/system/modules/com.gridnine.opencms.ticketbrokerage.site/resources/pics/bank_2_handelsbanken.png HTTP/1.1" 200 4509
47.128.58.188 - - [29/Jun/2024:00:03:41 +0200] "GET /ticket2/opencms/system/modules/com.gridnine.opencms.ticketbrokerage.site/resources/pics/bank_5_visa_mastercard.png HTTP/1.1" 200 8196
47.128.58.188 - - [29/Jun/2024:00:03:41 +0200] "GET /ticket2/opencms/system/modules/com.gridnine.opencms.ticketbrokerage.site/resources/pics/bank_6_american_express.png HTTP/1.1" 200 5570
135.181.212.177 - - [29/Jun/2024:00:03:43 +0200] "GET /ticket2/opencms/dk/dk/buy/?page=1&edid=239CA3A2-6EEA-483B-9F83-27F9A49F8E3D&sortorder=asc&column=row HTTP/1.1" 404 -
114.119.131.42 - - [29/Jun/2024:00:03:47 +0200] "GET /ticket2/opencms/en/buy/?page=1&edid=A30E03C7-3564-DE3A-A898-C05E67518FFD HTTP/1.1" 200 86931
135.181.212.177 - - [29/Jun/2024:00:03:47 +0200] "GET /ticket2/opencms/dk/dk/buy/?page=1&edid=239CA3A2-6EEA-483B-9F83-27F9A49F8E3D&sortorder=asc&column=section HTTP/1.1" 404 -
135.181.212.177 - - [29/Jun/2024:00:03:52 +0200] "GET /ticket2/opencms/dk/dk/buy/?page=1&edid=23D83870-239A-66D6-55DA-D0C239CEB5E8&sortorder=asc&column=price HTTP/1.1" 404 -
135.181.212.177 - - [29/Jun/2024:00:03:57 +0200] "GET /ticket2/opencms/dk/dk/buy/?page=1&edid=23D83870-239A-66D6-55DA-D0C239CEB5E8&sortorder=asc&column=section HTTP/1.1" 404 -
188.165.241.181 - - [29/Jun/2024:00:04:00 +0200] "GET /ticket2/opencms/de/en/venue/?venueid=734040E5-A24F-A3CB-551E-29ED256DF723 HTTP/1.1" 404 -
135.181.212.177 - - [29/Jun/2024:00:04:02 +0200] "GET /ticket2/opencms/dk/dk/buy/?page=1&edid=242A560A-40C1-4036-A445-6155711765BE&sortorder=desc&column=price HTTP/1.1" 404 -
185.191.171.11 - - [29/Jun/2024:00:04:03 +0200] "GET /ticket2/opencms/no/sport/fotballsbilletter/serie_a/empoli/ HTTP/1.1" 200 74136
85.208.96.196 - - [29/Jun/2024:00:04:04 +0200] "GET /ticket2/opencms/sv/customer_testimonials/ HTTP/1.1" 200 71263
135.181.212.177 - - [29/Jun/2024:00:04:07 +0200] "GET /ticket2/opencms/dk/dk/buy/?page=1&edid=242A560A-40C1-4036-A445-6155711765BE&sortorder=desc&column=row HTTP/1.1" 404 -
135.181.212.177 - - [29/Jun/2024:00:04:12 +0200] "GET /ticket2/opencms/dk/dk/buy/?page=1&edid=242A560A-40C1-4036-A445-6155711765BE&sortorder=desc&column=section HTTP/1.1" 404 -
66.249.75.161 - - [29/Jun/2024:00:04:13 +0200] "GET /ticket2/opencms/fr/sport/billets-football/eredivisie/hollandska-ligan/ HTTP/1.1" 500 -
135.181.212.177 - - [29/Jun/2024:00:04:17 +0200] "GET /ticket2/opencms/dk/dk/buy/?page=1&edid=243CE139-16E3-27B0-9E14-664999F785C0&sortorder=desc&column=price HTTP/1.1" 404 -
47.128.122.1 - - [29/Jun/2024:00:04:17 +0200] "GET /ticket2/opencms/nl/buy/?edid=3590293B-3580-7B39-A58A-6ECDB1E34543 HTTP/1.1" 200 71077
47.128.122.1 - - [29/Jun/2024:00:04:19 +0200] "GET /ticket2/opencms/system/modules/com.gridnine.opencms.ticketbrokerage.site/resources/js/jquery/jquery-ui.js HTTP/1.1" 200 228088
135.181.212.177 - - [29/Jun/2024:00:04:22 +0200] "GET /ticket2/opencms/dk/dk/buy/?page=1&edid=24D7A494-5A5B-281E-8E90-CBB6F4774B8F&sortorder=asc&column=price HTTP/1.1" 404 -
188.165.241.181 - - [29/Jun/2024:00:04:25 +0200] "GET /ticket2/opencms/de/en/venue/?venueid=736BE71F-E4C1-8631-07B9-076E72E29705 HTTP/1.1" 404 -
47.128.122.1 - - [29/Jun/2024:00:04:25 +0200] "GET /ticket2/opencms/system/modules/com.gridnine.opencms.ticketbrokerage.site/resources/pics/logo-new.png HTTP/1.1" 200 13541
47.128.122.1 - - [29/Jun/2024:00:04:25 +0200] "GET /ticket2/opencms/system/modules/com.gridnine.opencms.ticketbrokerage.site/resources/pics/bank_2_handelsbanken.png HTTP/1.1" 200 4509
47.128.122.1 - - [29/Jun/2024:00:04:26 +0200] "GET /ticket2/opencms/system/modules/com.gridnine.opencms.ticketbrokerage.site/resources/pics/bank_5_visa_mastercard.png HTTP/1.1" 200 8196
47.128.122.1 - - [29/Jun/2024:00:04:26 +0200] "GET /ticket2/opencms/system/modules/com.gridnine.opencms.ticketbrokerage.site/resources/pics/bank_4_seb.png HTTP/1.1" 200 2487
47.128.122.1 - - [29/Jun/2024:00:04:26 +0200] "GET /ticket2/opencms/system/modules/com.gridnine.opencms.ticketbrokerage.site/resources/pics/bank_3_swedbank.png HTTP/1.1" 200 5740
47.128.122.1 - - [29/Jun/2024:00:04:26 +0200] "GET /ticket2/opencms/system/modules/com.gridnine.opencms.ticketbrokerage.site/resources/pics/bank_1_nordea.png HTTP/1.1" 200 4807
66.249.75.169 - - [29/Jun/2024:00:04:26 +0200] "GET /ticket2/opencms/sv/buy?page=1&edid=D674E225-32EA-F579-E85F-062083D198CF HTTP/1.1" 200 87559
47.128.122.1 - - [29/Jun/2024:00:04:26 +0200] "GET /ticket2/opencms/system/modules/com.gridnine.opencms.ticketbrokerage.site/resources/pics/bank_6_american_express.png HTTP/1.1" 200 5570
135.181.212.177 - - [29/Jun/2024:00:04:26 +0200] "GET /ticket2/opencms/dk/dk/buy/?page=1&edid=24D7A494-5A5B-281E-8E90-CBB6F4774B8F&sortorder=asc&column=row HTTP/1.1" 404 -
135.181.212.177 - - [29/Jun/2024:00:04:31 +0200] "GET /ticket2/opencms/dk/dk/buy/?page=1&edid=25375E6B-1D70-2360-CE2B-4CBA83124EFC&sortorder=asc&column=section HTTP/1.1" 404 -
114.119.135.169 - - [29/Jun/2024:00:04:34 +0200] "GET /ticket2/opencms/en/buy/?page=1&edid=B896C2F0-D935-35E1-C54B-FC7D47C1A82F HTTP/1.1" 200 85169
47.128.61.104 - - [29/Jun/2024:00:04:36 +0200] "GET /ticket2/opencms/fi/buy/?catid=E3105E1E-3982-291E-5523-1C1DF161E9B7&comcatid=97ECA65A-72DA-F9AF-9DBB-245D3CFED1BE&page=6 HTTP/1.1" 200 78244
135.181.212.177 - - [29/Jun/2024:00:04:36 +0200] "GET /ticket2/opencms/dk/dk/buy/?page=1&edid=258C096E-CB88-FAB5-BED7-1612D258C46A&sortorder=asc&column=price HTTP/1.1" 404 -
47.128.61.104 - - [29/Jun/2024:00:04:36 +0200] "GET /ticket2/opencms/system/modules/com.gridnine.opencms.ticketbrokerage.site/resources/pics/logo-new.png HTTP/1.1" 200 13541
47.128.61.104 - - [29/Jun/2024:00:04:37 +0200] "GET /ticket2/opencms/system/modules/com.gridnine.opencms.ticketbrokerage.site/resources/pics/bank_1_nordea.png HTTP/1.1" 200 4807
47.128.61.104 - - [29/Jun/2024:00:04:37 +0200] "GET /ticket2/opencms/system/modules/com.gridnine.opencms.ticketbrokerage.site/resources/pics/bank_2_handelsbanken.png HTTP/1.1" 200 4509
47.128.61.104 - - [29/Jun/2024:00:04:37 +0200] "GET /ticket2/opencms/system/modules/com.gridnine.opencms.ticketbrokerage.site/resources/pics/bank_3_swedbank.png HTTP/1.1" 200 5740
47.128.61.104 - - [29/Jun/2024:00:04:37 +0200] "GET /ticket2/opencms/system/modules/com.gridnine.opencms.ticketbrokerage.site/resources/pics/bank_4_seb.png HTTP/1.1" 200 2487
47.128.61.104 - - [29/Jun/2024:00:04:37 +0200] "GET /ticket2/opencms/system/modules/com.gridnine.opencms.ticketbrokerage.site/resources/pics/bank_6_american_express.png HTTP/1.1" 200 5570
47.128.61.104 - - [29/Jun/2024:00:04:37 +0200] "GET /ticket2/opencms/system/modules/com.gridnine.opencms.ticketbrokerage.site/resources/pics/bank_5_visa_mastercard.png HTTP/1.1" 200 8196
135.181.212.177 - - [29/Jun/2024:00:04:41 +0200] "GET /ticket2/opencms/dk/dk/buy/?page=1&edid=258C096E-CB88-FAB5-BED7-1612D258C46A&sortorder=asc&column=row HTTP/1.1" 404 -
185.191.171.5 - - [29/Jun/2024:00:04:41 +0200] "GET /ticket2/opencms/sv/tickets/west_ham_united/liverpool.html HTTP/1.1" 200 72567
135.181.212.177 - - [29/Jun/2024:00:04:45 +0200] "GET /ticket2/opencms/dk/dk/buy/?page=1&edid=25940A12-F866-A7C9-6C96-DEDE800C5703&sortorder=asc&column=section HTTP/1.1" 404 -
135.181.212.177 - - [29/Jun/2024:00:04:50 +0200] "GET /ticket2/opencms/dk/dk/buy/?page=1&edid=25A608F7-A719-8594-3C23-0F7C9F5238CA&sortorder=asc&column=price HTTP/1.1" 404 -
135.181.212.177 - - [29/Jun/2024:00:04:55 +0200] "GET /ticket2/opencms/dk/dk/buy/?page=1&edid=25A862AC-F1A1-742C-D663-B19272C0407C&sortorder=asc&column=price HTTP/1.1" 404 -
188.165.241.181 - - [29/Jun/2024:00:04:57 +0200] "GET /ticket2/opencms/de/en/venue/?venueid=737F9F7B-5133-4683-A21D-F97D14F13C48 HTTP/1.1" 404 -
135.181.212.177 - - [29/Jun/2024:00:05:00 +0200] "GET /ticket2/opencms/dk/dk/buy/?page=1&edid=25A862AC-F1A1-742C-D663-B19272C0407C&sortorder=asc&column=section HTTP/1.1" 404 -
135.181.212.177 - - [29/Jun/2024:00:05:05 +0200] "GET /ticket2/opencms/dk/dk/buy/?page=1&edid=2613DD69-A091-815D-7114-9427CEFE3632&sortorder=asc&column=price HTTP/1.1" 404 -
135.181.212.177 - - [29/Jun/2024:00:05:10 +0200] "GET /ticket2/opencms/dk/dk/buy/?page=1&edid=2613DD69-A091-815D-7114-9427CEFE3632&sortorder=asc&column=row HTTP/1.1" 404 -
66.249.69.128 - - [29/Jun/2024:00:05:14 +0200] "GET /ticket2/opencms/dk/buy_safety/ HTTP/1.1" 200 73317
66.249.75.162 - - [29/Jun/2024:00:05:15 +0200] "GET /ticket2/opencms/sv/sell/?edid=84A5FE5E-FE66-D83A-8A7D-B9483A93F0F3 HTTP/1.1" 302 -
135.181.212.177 - - [29/Jun/2024:00:05:15 +0200] "GET /ticket2/opencms/dk/dk/buy/?page=1&edid=2613DD69-A091-815D-7114-9427CEFE3632&sortorder=asc&column=section HTTP/1.1" 404 -
66.249.76.168 - - [29/Jun/2024:00:05:16 +0200] "GET /ticket2/opencms/sv/login/?url=/sv/sell/ HTTP/1.1" 200 74250
135.181.212.177 - - [29/Jun/2024:00:05:20 +0200] "GET /ticket2/opencms/dk/dk/buy/?page=1&edid=2613DD69-A091-815D-7114-9427CEFE3632&sortorder=desc&column=price HTTP/1.1" 404 -
135.181.212.177 - - [29/Jun/2024:00:05:25 +0200] "GET /ticket2/opencms/dk/dk/buy/?page=1&edid=26FF79E8-79DC-19D0-F2F0-480181E2B435&sortorder=asc&column=row HTTP/1.1" 404 -
135.181.212.177 - - [29/Jun/2024:00:05:29 +0200] "GET /ticket2/opencms/dk/dk/buy/?page=1&edid=26FF79E8-79DC-19D0-F2F0-480181E2B435&sortorder=asc&column=section HTTP/1.1" 404 -
188.165.241.181 - - [29/Jun/2024:00:05:30 +0200] "GET /ticket2/opencms/de/en/venue/?venueid=73886E8B-D0CE-D693-4D83-304172C400FE HTTP/1.1" 404 -
47.128.31.107 - - [29/Jun/2024:00:05:31 +0200] "GET /ticket2/opencms/es/buy/?catid=30D5812D-0858-4843-8F45-C38AE504153C&comcatid=66708183-7480-3365-06BF-DBF60280AB45 HTTP/1.1" 200 75512
47.128.31.107 - - [29/Jun/2024:00:05:32 +0200] "GET /ticket2/opencms/system/modules/com.gridnine.opencms.ticketbrokerage.site/resources/pics/logo-new.png HTTP/1.1" 200 13541
47.128.31.107 - - [29/Jun/2024:00:05:32 +0200] "GET /ticket2/opencms/system/modules/com.gridnine.opencms.ticketbrokerage.site/resources/pics/bank_1_nordea.png HTTP/1.1" 200 4807
47.128.31.107 - - [29/Jun/2024:00:05:33 +0200] "GET /ticket2/opencms/system/modules/com.gridnine.opencms.ticketbrokerage.site/resources/pics/bank_3_swedbank.png HTTP/1.1" 200 5740
47.128.31.107 - - [29/Jun/2024:00:05:33 +0200] "GET /ticket2/opencms/system/modules/com.gridnine.opencms.ticketbrokerage.site/resources/pics/bank_2_handelsbanken.png HTTP/1.1" 200 4509
47.128.31.107 - - [29/Jun/2024:00:05:33 +0200] "GET /ticket2/opencms/system/modules/com.gridnine.opencms.ticketbrokerage.site/resources/pics/bank_5_visa_mastercard.png HTTP/1.1" 200 8196
47.128.31.107 - - [29/Jun/2024:00:05:33 +0200] "GET /ticket2/opencms/system/modules/com.gridnine.opencms.ticketbrokerage.site/resources/pics/bank_4_seb.png HTTP/1.1" 200 2487
47.128.31.107 - - [29/Jun/2024:00:05:33 +0200] "GET /ticket2/opencms/system/modules/com.gridnine.opencms.ticketbrokerage.site/resources/pics/bank_6_american_express.png HTTP/1.1" 200 5570
135.181.212.177 - - [29/Jun/2024:00:05:34 +0200] "GET /ticket2/opencms/dk/dk/buy/?page=1&edid=270F38E4-5FB7-37F7-3E47-4F8D59240B68&sortorder=asc&column=section HTTP/1.1" 404 -
66.249.75.167 - - [29/Jun/2024:00:05:39 +0200] "GET /ticket2/opencms/sites/ticketbrokerage/sv/tickets/west-bromwich-albion/tottenham.html HTTP/1.1" 404 -
135.181.212.177 - - [29/Jun/2024:00:05:39 +0200] "GET /ticket2/opencms/dk/dk/buy/?page=1&edid=2726D1A4-E82E-5B8F-1A2A-9D68D5495BFB HTTP/1.1" 404 -
135.181.212.177 - - [29/Jun/2024:00:05:44 +0200] "GET /ticket2/opencms/dk/dk/buy/?page=1&edid=2726D1A4-E82E-5B8F-1A2A-9D68D5495BFB&sortorder=desc&column=price HTTP/1.1" 404 -
135.181.212.177 - - [29/Jun/2024:00:05:49 +0200] "GET /ticket2/opencms/dk/dk/buy/?page=1&edid=2726D1A4-E82E-5B8F-1A2A-9D68D5495BFB&sortorder=desc&column=row HTTP/1.1" 404 -
135.181.212.177 - - [29/Jun/2024:00:05:54 +0200] "GET /ticket2/opencms/dk/dk/buy/?page=1&edid=2726D1A4-E82E-5B8F-1A2A-9D68D5495BFB&sortorder=desc&column=section HTTP/1.1" 404 -
216.245.221.83 - - [29/Jun/2024:00:05:56 +0200] "HEAD /ticket2/opencms/ HTTP/1.1" 302 -
135.181.212.177 - - [29/Jun/2024:00:05:59 +0200] "GET /ticket2/opencms/dk/dk/buy/?page=1&edid=27B25170-F47D-E8B6-FA45-B0D8DFC2462B&sortorder=asc&column=price HTTP/1.1" 404 -
216.245.221.83 - - [29/Jun/2024:00:05:59 +0200] "HEAD /ticket2/opencms/en/ HTTP/1.1" 200 -
188.165.241.181 - - [29/Jun/2024:00:06:01 +0200] "GET /ticket2/opencms/de/en/venue/?venueid=73970756-584C-5AD0-AF0B-3AFA065A2530 HTTP/1.1" 404 -
135.181.212.177 - - [29/Jun/2024:00:06:04 +0200] "GET /ticket2/opencms/dk/dk/buy/?page=1&edid=27B25170-F47D-E8B6-FA45-B0D8DFC2462B&sortorder=asc&column=row HTTP/1.1" 404 -
135.181.212.177 - - [29/Jun/2024:00:06:09 +0200] "GET /ticket2/opencms/dk/dk/buy/?page=1&edid=27B25170-F47D-E8B6-FA45-B0D8DFC2462B&sortorder=desc&column=section HTTP/1.1" 404 -
135.181.212.177 - - [29/Jun/2024:00:06:14 +0200] "GET /ticket2/opencms/dk/dk/buy/?page=1&edid=27C123AB-DDEB-9544-7BBD-F441CE093363&sortorder=desc&column=section HTTP/1.1" 404 -
188.165.241.181 - - [29/Jun/2024:00:06:15 +0200] "GET /ticket2/opencms/de/en/venue/?venueid=73D30778-E729-2B5E-6F67-7A83775E811A HTTP/1.1" 404 -
66.249.75.167 - - [29/Jun/2024:00:06:18 +0200] "GET /ticket2/opencms/sites/ticketbrokerage/no/buy/?page=6&id=6FAA11B4-6A6D-45FE-E6EC-A937B87FAD33 HTTP/1.1" 404 -
135.181.212.177 - - [29/Jun/2024:00:06:19 +0200] "GET /ticket2/opencms/dk/dk/buy/?page=1&edid=28329314-3F60-44AA-17BA-552A83462666 HTTP/1.1" 404 -
66.249.76.3 - - [29/Jun/2024:00:06:19 +0200] "GET /ticket2/opencms/no/buy/?page=1&edid=FF312D4E-5B6B-8FA5-BA69-635DC61A8F79 HTTP/1.1" 200 111792
66.249.72.33 - - [29/Jun/2024:00:06:20 +0200] "GET /ticket2/opencms/dk/buy/?page=1&edid=AC0B9D95-EFDF-620F-1AF4-978A4B3BD208 HTTP/1.1" 200 85743
66.249.75.107 - - [29/Jun/2024:00:06:22 +0200] "GET /ticket2/opencms/en/venue/?venueid=91672A3F-D5FF-A436-E120-7AA50E9CF3E6 HTTP/1.1" 200 71396
66.249.75.106 - - [29/Jun/2024:00:06:23 +0200] "GET /ticket2/opencms/en/venue/?venueid=9106BE2A-595F-088E-C676-3C2DCBD74D16 HTTP/1.1" 200 71434
135.181.212.177 - - [29/Jun/2024:00:06:23 +0200] "GET /ticket2/opencms/dk/dk/buy/?page=1&edid=28329314-3F60-44AA-17BA-552A83462666&sortorder=desc&column=price HTTP/1.1" 404 -
188.165.241.181 - - [29/Jun/2024:00:06:27 +0200] "GET /ticket2/opencms/de/en/venue/?venueid=73F2F83F-35FC-D320-77FF-C349F98B1063 HTTP/1.1" 404 -
47.128.122.235 - - [29/Jun/2024:00:06:28 +0200] "GET /ticket2/opencms/fi/venue/?countryid=EFE62657-ED88-7045-031D-E16EFB5F4910 HTTP/1.1" 200 102292
135.181.212.177 - - [29/Jun/2024:00:06:28 +0200] "GET /ticket2/opencms/dk/dk/buy/?page=1&edid=2885F5B5-EAC4-1031-A06B-102F5CDC60A3&sortorder=asc&column=price HTTP/1.1" 404 -
51.222.253.18 - - [29/Jun/2024:00:06:29 +0200] "GET /ticket2/opencms/en/venue/?venueid=C193D8AF-9A65-C470-2EE4-1ED9D3240C58 HTTP/1.1" 200 71395
47.128.122.235 - - [29/Jun/2024:00:06:29 +0200] "GET /ticket2/opencms/system/modules/com.gridnine.opencms.ticketbrokerage.site/resources/js/jquery.fancybox.pack.js HTTP/1.1" 200 23187
47.128.122.235 - - [29/Jun/2024:00:06:29 +0200] "GET /ticket2/opencms/system/modules/com.gridnine.opencms.ticketbrokerage.site/resources/pics/logo-new.png HTTP/1.1" 200 13541
47.128.122.235 - - [29/Jun/2024:00:06:30 +0200] "GET /ticket2/opencms/system/modules/com.gridnine.opencms.ticketbrokerage.site/resources/pics/bank_4_seb.png HTTP/1.1" 200 2487
47.128.122.235 - - [29/Jun/2024:00:06:30 +0200] "GET /ticket2/opencms/system/modules/com.gridnine.opencms.ticketbrokerage.site/resources/pics/bank_3_swedbank.png HTTP/1.1" 200 5740
47.128.122.235 - - [29/Jun/2024:00:06:30 +0200] "GET /ticket2/opencms/system/modules/com.gridnine.opencms.ticketbrokerage.site/resources/pics/bank_6_american_express.png HTTP/1.1" 200 5570
47.128.122.235 - - [29/Jun/2024:00:06:30 +0200] "GET /ticket2/opencms/system/modules/com.gridnine.opencms.ticketbrokerage.site/resources/pics/bank_5_visa_mastercard.png HTTP/1.1" 200 8196
47.128.122.235 - - [29/Jun/2024:00:06:30 +0200] "GET /ticket2/opencms/system/modules/com.gridnine.opencms.ticketbrokerage.site/resources/pics/bank_1_nordea.png HTTP/1.1" 200 4807
47.128.122.235 - - [29/Jun/2024:00:06:30 +0200] "GET /ticket2/opencms/system/modules/com.gridnine.opencms.ticketbrokerage.site/resources/pics/bank_2_handelsbanken.png HTTP/1.1" 200 4509
47.128.112.192 - - [29/Jun/2024:00:06:32 +0200] "GET /ticket2/opencms/nl/buy/?edid=E2BA261D-8AA4-C0D3-44EE-1FFEB3ECFAE6 HTTP/1.1" 200 71077
47.128.112.192 - - [29/Jun/2024:00:06:33 +0200] "GET /ticket2/opencms/system/modules/com.gridnine.opencms.ticketbrokerage.site/resources/pics/logo-new.png HTTP/1.1" 200 13541
135.181.212.177 - - [29/Jun/2024:00:06:33 +0200] "GET /ticket2/opencms/dk/dk/buy/?page=1&edid=2885F5B5-EAC4-1031-A06B-102F5CDC60A3&sortorder=asc&column=row HTTP/1.1" 404 -
47.128.112.192 - - [29/Jun/2024:00:06:33 +0200] "GET /ticket2/opencms/system/modules/com.gridnine.opencms.ticketbrokerage.site/resources/pics/bank_1_nordea.png HTTP/1.1" 200 4807
47.128.112.192 - - [29/Jun/2024:00:06:34 +0200] "GET /ticket2/opencms/system/modules/com.gridnine.opencms.ticketbrokerage.site/resources/pics/bank_6_american_express.png HTTP/1.1" 200 5570
47.128.112.192 - - [29/Jun/2024:00:06:34 +0200] "GET /ticket2/opencms/system/modules/com.gridnine.opencms.ticketbrokerage.site/resources/pics/bank_4_seb.png HTTP/1.1" 200 2487
47.128.112.192 - - [29/Jun/2024:00:06:34 +0200] "GET /ticket2/opencms/system/modules/com.gridnine.opencms.ticketbrokerage.site/resources/pics/bank_2_handelsbanken.png HTTP/1.1" 200 4509
47.128.112.192 - - [29/Jun/2024:00:06:34 +0200] "GET /ticket2/opencms/system/modules/com.gridnine.opencms.ticketbrokerage.site/resources/pics/bank_3_swedbank.png HTTP/1.1" 200 5740
47.128.112.192 - - [29/Jun/2024:00:06:34 +0200] "GET /ticket2/opencms/system/modules/com.gridnine.opencms.ticketbrokerage.site/resources/pics/bank_5_visa_mastercard.png HTTP/1.1" 200 8196
135.181.212.177 - - [29/Jun/2024:00:06:38 +0200] "GET /ticket2/opencms/dk/dk/buy/?page=1&edid=2885F5B5-EAC4-1031-A06B-102F5CDC60A3&sortorder=asc&column=section HTTP/1.1" 404 -
66.249.77.36 - - [29/Jun/2024:00:06:38 +0200] "GET /ticket2/opencms/robots.txt HTTP/1.1" 200 773
188.165.241.181 - - [29/Jun/2024:00:06:39 +0200] "GET /ticket2/opencms/de/en/venue/?venueid=740F9C5B-5442-516C-81CE-2AED7B56EF35 HTTP/1.1" 404 -
66.249.76.162 - - [29/Jun/2024:00:06:39 +0200] "GET /ticket2/opencms/en/buy/?page=1&edid=096598FE-DA35-4351-DFEE-DC9ACA0F0EF9 HTTP/1.1" 200 111085
135.181.212.177 - - [29/Jun/2024:00:06:42 +0200] "GET /ticket2/opencms/dk/dk/buy/?page=1&edid=2929B360-7FDF-5441-9AF2-D5504494FBD2&sortorder=asc&column=price HTTP/1.1" 404 -
124.243.134.238 - - [29/Jun/2024:00:06:43 +0200] "GET /ticket2/opencms/sv/sport/tennis/monte_carlo_masters/ HTTP/1.1" 200 72714
135.181.212.177 - - [29/Jun/2024:00:06:47 +0200] "GET /ticket2/opencms/dk/dk/buy/?page=1&edid=2929B360-7FDF-5441-9AF2-D5504494FBD2&sortorder=asc&column=section HTTP/1.1" 404 -
188.165.241.181 - - [29/Jun/2024:00:06:50 +0200] "GET /ticket2/opencms/de/en/venue/?venueid=7459A29D-3F4C-884C-C85C-9368023CDEDD HTTP/1.1" 404 -
135.181.212.177 - - [29/Jun/2024:00:06:52 +0200] "GET /ticket2/opencms/dk/dk/buy/?page=1&edid=29A77A5D-4E78-9B53-4DF0-EAC0B1A09CF9&sortorder=asc&column=row HTTP/1.1" 404 -
135.181.212.177 - - [29/Jun/2024:00:06:56 +0200] "GET /ticket2/opencms/dk/dk/buy/?page=1&edid=29A79EFA-749C-E24E-F206-9B4E4FCFA920&sortorder=asc&column=section HTTP/1.1" 404 -
66.249.75.161 - - [29/Jun/2024:00:07:01 +0200] "GET /ticket2/opencms/sv/buy/?page=1&edid=4DFD725A-4EAE-5578-E2C8-F093AEA223CD HTTP/1.1" 200 116895
188.165.241.181 - - [29/Jun/2024:00:07:01 +0200] "GET /ticket2/opencms/de/en/venue/?venueid=746CCE1D-277E-E4D6-B842-3BD4A3960F1B HTTP/1.1" 404 -
135.181.212.177 - - [29/Jun/2024:00:07:01 +0200] "GET /ticket2/opencms/dk/dk/buy/?page=1&edid=29BA797B-C154-F348-7C3D-76E606A128C4&sortorder=asc&column=row HTTP/1.1" 404 -
135.181.212.177 - - [29/Jun/2024:00:07:06 +0200] "GET /ticket2/opencms/dk/dk/buy/?page=1&edid=2A03D200-6C3E-00E6-4099-16BFE74BA999&sortorder=asc&column=row HTTP/1.1" 404 -
188.165.241.181 - - [29/Jun/2024:00:07:10 +0200] "GET /ticket2/opencms/de/en/venue/?venueid=74835483-DDAC-3DE1-0EB1-B44B58F2B260 HTTP/1.1" 404 -
135.181.212.177 - - [29/Jun/2024:00:07:11 +0200] "GET /ticket2/opencms/dk/dk/buy/?page=1&edid=2A93FDBF-8999-C9A7-A2BB-3747C42B429D&sortorder=asc&column=row HTTP/1.1" 404 -
135.181.212.177 - - [29/Jun/2024:00:07:16 +0200] "GET /ticket2/opencms/dk/dk/buy/?page=1&edid=2A93FDBF-8999-C9A7-A2BB-3747C42B429D&sortorder=asc&column=section HTTP/1.1" 404 -
135.181.212.177 - - [29/Jun/2024:00:07:20 +0200] "GET /ticket2/opencms/dk/dk/buy/?page=1&edid=2B2BAFF9-7EEE-97F7-D5EF-F0478D6194BB&sortorder=asc&column=price HTTP/1.1" 404 -
188.165.241.181 - - [29/Jun/2024:00:07:21 +0200] "GET /ticket2/opencms/de/en/venue/?venueid=74E93720-C3FA-2F30-0F46-87134F9A6B90 HTTP/1.1" 404 -
66.249.76.166 - - [29/Jun/2024:00:07:22 +0200] "GET /ticket2/opencms/sites/ticketbrokerage/sv/sell/?edid=0C5A8916-742D-EF41-F114-FB41FAE1099C HTTP/1.1" 404 -
40.77.167.8 - - [29/Jun/2024:00:07:23 +0200] "GET /ticket2/opencms/sv/buy?page=1&edid=830F2AEC-7FB6-11C1-AD11-54BD6744D648 HTTP/1.1" 200 106592
47.128.56.63 - - [29/Jun/2024:00:07:24 +0200] "GET /ticket2/opencms/fi/venue/?countryid=A6670E01-CE49-A608-C597-250C3D48D088 HTTP/1.1" 200 102292
47.128.56.63 - - [29/Jun/2024:00:07:24 +0200] "GET /ticket2/opencms/system/modules/com.gridnine.opencms.ticketbrokerage.site/resources/pics/logo-new.png HTTP/1.1" 200 13541
47.128.56.63 - - [29/Jun/2024:00:07:25 +0200] "GET /ticket2/opencms/system/modules/com.gridnine.opencms.ticketbrokerage.site/resources/pics/bank_1_nordea.png HTTP/1.1" 200 4807
47.128.56.63 - - [29/Jun/2024:00:07:25 +0200] "GET /ticket2/opencms/system/modules/com.gridnine.opencms.ticketbrokerage.site/resources/pics/bank_2_handelsbanken.png HTTP/1.1" 200 4509
47.128.56.63 - - [29/Jun/2024:00:07:26 +0200] "GET /ticket2/opencms/system/modules/com.gridnine.opencms.ticketbrokerage.site/resources/pics/bank_3_swedbank.png HTTP/1.1" 200 5740
47.128.56.63 - - [29/Jun/2024:00:07:26 +0200] "GET /ticket2/opencms/system/modules/com.gridnine.opencms.ticketbrokerage.site/resources/pics/bank_4_seb.png HTTP/1.1" 200 2487
47.128.56.63 - - [29/Jun/2024:00:07:26 +0200] "GET /ticket2/opencms/system/modules/com.gridnine.opencms.ticketbrokerage.site/resources/pics/bank_5_visa_mastercard.png HTTP/1.1" 200 8196
47.128.56.63 - - [29/Jun/2024:00:07:26 +0200] "GET /ticket2/opencms/system/modules/com.gridnine.opencms.ticketbrokerage.site/resources/pics/bank_6_american_express.png HTTP/1.1" 200 5570
135.181.212.177 - - [29/Jun/2024:00:07:26 +0200] "GET /ticket2/opencms/dk/dk/buy/?page=1&edid=2BCF554F-F8EF-4953-B86E-72FD3395B753&sortorder=asc&column=section HTTP/1.1" 404 -
135.181.212.177 - - [29/Jun/2024:00:07:31 +0200] "GET /ticket2/opencms/dk/dk/buy/?page=1&edid=2BD2D1CE-53E0-73E4-DC0C-ECBA56350583&sortorder=asc&column=price HTTP/1.1" 404 -
188.165.241.181 - - [29/Jun/2024:00:07:31 +0200] "GET /ticket2/opencms/de/en/venue/?venueid=753D9703-2EA8-730A-BAEA-4685B6EF459E HTTP/1.1" 404 -
135.181.212.177 - - [29/Jun/2024:00:07:35 +0200] "GET /ticket2/opencms/dk/dk/buy/?page=1&edid=2BD2D1CE-53E0-73E4-DC0C-ECBA56350583&sortorder=asc&column=row HTTP/1.1" 404 -
216.245.221.83 - - [29/Jun/2024:00:07:39 +0200] "HEAD /ticket2/opencms/ HTTP/1.1" 302 -
216.245.221.83 - - [29/Jun/2024:00:07:40 +0200] "HEAD /ticket2/opencms/en/ HTTP/1.1" 200 -
135.181.212.177 - - [29/Jun/2024:00:07:40 +0200] "GET /ticket2/opencms/dk/dk/buy/?page=1&edid=2BD2D1CE-53E0-73E4-DC0C-ECBA56350583&sortorder=asc&column=section HTTP/1.1" 404 -
188.165.241.181 - - [29/Jun/2024:00:07:42 +0200] "GET /ticket2/opencms/de/en/venue/?venueid=753FF712-B99D-3B71-760E-1B27349FD0F1 HTTP/1.1" 404 -
66.249.75.162 - - [29/Jun/2024:00:07:44 +0200] "GET /ticket2/opencms/dk/sell/?edid=47E4C29F-87ED-56B6-4058-D325184E756B HTTP/1.1" 302 -
66.249.75.162 - - [29/Jun/2024:00:07:45 +0200] "GET /ticket2/opencms/dk/login/?url=/dk/sell/ HTTP/1.1" 200 73975
135.181.212.177 - - [29/Jun/2024:00:07:45 +0200] "GET /ticket2/opencms/dk/dk/buy/?page=1&edid=2BE97AF2-B777-858C-8CAE-909FD40EDFB3&sortorder=asc&column=section HTTP/1.1" 404 -
51.222.253.9 - - [29/Jun/2024:00:07:47 +0200] "GET /ticket2/opencms/no/sport/fotballsbilletter/premier_league/luton/ HTTP/1.1" 200 74063
135.181.212.177 - - [29/Jun/2024:00:07:50 +0200] "GET /ticket2/opencms/dk/dk/buy/?page=1&edid=2C223FC3-44F4-8846-CCA3-0CD3173CFC72&sortorder=asc&column=row HTTP/1.1" 404 -
188.165.241.181 - - [29/Jun/2024:00:07:54 +0200] "GET /ticket2/opencms/de/en/venue/?venueid=75885D15-264E-60FB-5DAC-D1D386082DD7 HTTP/1.1" 404 -
135.181.212.177 - - [29/Jun/2024:00:07:55 +0200] "GET /ticket2/opencms/dk/dk/buy/?page=1&edid=2C38A8F3-3FDB-4275-5B70-01B082026DE0&sortorder=asc&column=section HTTP/1.1" 404 -
135.181.212.177 - - [29/Jun/2024:00:08:00 +0200] "GET /ticket2/opencms/dk/dk/buy/?page=1&edid=2C38A8F3-3FDB-4275-5B70-01B082026DE0&sortorder=desc&column=section HTTP/1.1" 404 -
66.249.75.169 - - [29/Jun/2024:00:08:01 +0200] "GET /ticket2/opencms/sv/buy?page=1&edid=4D364E03-A097-4713-8FB5-7221C5177BA1 HTTP/1.1" 200 88562
135.181.212.177 - - [29/Jun/2024:00:08:05 +0200] "GET /ticket2/opencms/dk/dk/buy/?page=1&edid=2C92A3B0-FEC1-5ECE-B821-5CAD902DA0E1&sortorder=asc&column=price HTTP/1.1" 404 -
188.165.241.181 - - [29/Jun/2024:00:08:07 +0200] "GET /ticket2/opencms/de/en/venue/?venueid=7608D27A-AB31-0DEE-7A44-070EA75BF3B4 HTTP/1.1" 404 -
135.181.212.177 - - [29/Jun/2024:00:08:10 +0200] "GET /ticket2/opencms/dk/dk/buy/?page=1&edid=2C92A3B0-FEC1-5ECE-B821-5CAD902DA0E1&sortorder=asc&column=section HTTP/1.1" 404 -
66.249.87.199 - - [29/Jun/2024:00:08:15 +0200] "GET /ticket2/opencms/system/modules/com.gridnine.opencms.ticketbrokerage.site/resources/css/calendar.css HTTP/1.1" 200 6871
135.181.212.177 - - [29/Jun/2024:00:08:15 +0200] "GET /ticket2/opencms/dk/dk/buy/?page=1&edid=2C92A3B0-FEC1-5ECE-B821-5CAD902DA0E1&sortorder=desc&column=section HTTP/1.1" 404 -
66.249.87.200 - - [29/Jun/2024:00:08:15 +0200] "GET /ticket2/opencms/system/modules/com.gridnine.opencms.ticketbrokerage.site/resources/css/jquery.fancybox.css HTTP/1.1" 200 4939
66.249.87.200 - - [29/Jun/2024:00:08:16 +0200] "GET /ticket2/opencms/system/modules/com.gridnine.opencms.ticketbrokerage.site/resources/js/functions.js HTTP/1.1" 200 1583
66.249.87.200 - - [29/Jun/2024:00:08:16 +0200] "GET /ticket2/opencms/system/modules/com.gridnine.opencms.ticketbrokerage.site/resources/js/calendar-setup.js HTTP/1.1" 200 4923
66.249.87.200 - - [29/Jun/2024:00:08:17 +0200] "GET /ticket2/opencms/system/modules/com.gridnine.opencms.ticketbrokerage.site/resources/css/standard.css HTTP/1.1" 200 71935
66.249.87.200 - - [29/Jun/2024:00:08:17 +0200] "GET /ticket2/opencms/system/modules/com.gridnine.opencms.ticketbrokerage.site/resources/css/ticketbrokerage.css HTTP/1.1" 200 39339
66.249.87.200 - - [29/Jun/2024:00:08:18 +0200] "GET /ticket2/opencms/system/modules/com.gridnine.opencms.ticketbrokerage.site/resources/js/calendar-en.js HTTP/1.1" 200 3338
66.249.87.200 - - [29/Jun/2024:00:08:18 +0200] "GET /ticket2/opencms/system/modules/com.gridnine.opencms.ticketbrokerage.site/resources/js/jquery/jquery-ui.js HTTP/1.1" 200 228088
66.249.87.199 - - [29/Jun/2024:00:08:19 +0200] "GET /ticket2/opencms/system/modules/com.gridnine.opencms.ticketbrokerage.site/resources/css/jquery-ui.css HTTP/1.1" 200 33221
66.249.87.199 - - [29/Jun/2024:00:08:19 +0200] "GET /ticket2/opencms/system/modules/com.gridnine.opencms.ticketbrokerage.site/resources/js/jquery/jquery.js HTTP/1.1" 200 93868
135.181.212.177 - - [29/Jun/2024:00:08:19 +0200] "GET /ticket2/opencms/dk/dk/buy/?page=1&edid=2C9BA7A6-8675-78E4-6894-D591F957E2E0&sortorder=desc&column=price HTTP/1.1" 404 -
47.128.20.241 - - [29/Jun/2024:00:08:19 +0200] "GET /ticket2/opencms/fi/buy/?catid=21C3854B-901E-11F9-7B7D-6838CC6AFAA4&comcatid=A17713B6-D984-201A-4143-ED4DB5ED5C2E&page=6 HTTP/1.1" 200 84021
66.249.87.199 - - [29/Jun/2024:00:08:20 +0200] "GET /ticket2/opencms/system/modules/com.gridnine.opencms.ticketbrokerage.site/resources/js/stickyfill.min.js HTTP/1.1" 200 5672
47.128.20.241 - - [29/Jun/2024:00:08:20 +0200] "GET /ticket2/opencms/system/modules/com.gridnine.opencms.ticketbrokerage.site/resources/pics/logo-new.png HTTP/1.1" 200 13541
66.249.87.199 - - [29/Jun/2024:00:08:20 +0200] "GET /ticket2/opencms/system/modules/com.gridnine.opencms.ticketbrokerage.site/resources/js/jquery.fancybox.pack.js HTTP/1.1" 200 23187
47.128.20.241 - - [29/Jun/2024:00:08:21 +0200] "GET /ticket2/opencms/system/modules/com.gridnine.opencms.ticketbrokerage.site/resources/pics/bank_4_seb.png HTTP/1.1" 200 2487
66.249.87.199 - - [29/Jun/2024:00:08:21 +0200] "GET /ticket2/opencms/system/modules/com.gridnine.opencms.ticketbrokerage.site/resources/js/calendar.js HTTP/1.1" 200 49229
47.128.20.241 - - [29/Jun/2024:00:08:21 +0200] "GET /ticket2/opencms/system/modules/com.gridnine.opencms.ticketbrokerage.site/resources/pics/bank_1_nordea.png HTTP/1.1" 200 4807
188.165.241.181 - - [29/Jun/2024:00:08:21 +0200] "GET /ticket2/opencms/de/en/venue/?venueid=76E0809A-C474-0954-0DA0-B94A2D036A68 HTTP/1.1" 404 -
47.128.20.241 - - [29/Jun/2024:00:08:21 +0200] "GET /ticket2/opencms/system/modules/com.gridnine.opencms.ticketbrokerage.site/resources/pics/bank_2_handelsbanken.png HTTP/1.1" 200 4509
47.128.20.241 - - [29/Jun/2024:00:08:21 +0200] "GET /ticket2/opencms/system/modules/com.gridnine.opencms.ticketbrokerage.site/resources/pics/bank_3_swedbank.png HTTP/1.1" 200 5740
47.128.20.241 - - [29/Jun/2024:00:08:21 +0200] "GET /ticket2/opencms/system/modules/com.gridnine.opencms.ticketbrokerage.site/resources/pics/bank_5_visa_mastercard.png HTTP/1.1" 200 8196
66.249.87.199 - - [29/Jun/2024:00:08:22 +0200] "GET /ticket2/opencms/system/modules/com.gridnine.opencms.ticketbrokerage.site/resources/js/standard.js HTTP/1.1" 200 3978
47.128.20.241 - - [29/Jun/2024:00:08:22 +0200] "GET /ticket2/opencms/system/modules/com.gridnine.opencms.ticketbrokerage.site/resources/pics/bank_6_american_express.png HTTP/1.1" 200 5570
66.249.87.199 - - [29/Jun/2024:00:08:22 +0200] "GET /ticket2/opencms/system/modules/com.gridnine.opencms.ticketbrokerage.site/resources/js/jquery.placeholder.min.js HTTP/1.1" 200 1737
66.249.87.199 - - [29/Jun/2024:00:08:23 +0200] "GET /ticket2/opencms/system/modules/com.gridnine.opencms.ticketbrokerage.site/resources/js/common-ajax.js HTTP/1.1" 200 20175
135.181.212.177 - - [29/Jun/2024:00:08:24 +0200] "GET /ticket2/opencms/dk/dk/buy/?page=1&edid=2D38B293-6E7E-C864-3493-2CA274C1E20F&sortorder=asc&column=price HTTP/1.1" 404 -
135.181.212.177 - - [29/Jun/2024:00:08:29 +0200] "GET /ticket2/opencms/dk/dk/buy/?page=1&edid=2D38B293-6E7E-C864-3493-2CA274C1E20F&sortorder=asc&column=section HTTP/1.1" 404 -
135.181.212.177 - - [29/Jun/2024:00:08:34 +0200] "GET /ticket2/opencms/dk/dk/buy/?page=1&edid=2D38B293-6E7E-C864-3493-2CA274C1E20F&sortorder=desc&column=row HTTP/1.1" 404 -
188.165.241.181 - - [29/Jun/2024:00:08:36 +0200] "GET /ticket2/opencms/de/en/venue/?venueid=76FCBE46-42F0-E663-FE66-290861A11BAC HTTP/1.1" 404 -
135.181.212.177 - - [29/Jun/2024:00:08:39 +0200] "GET /ticket2/opencms/dk/dk/buy/?page=1&edid=2D3B2D20-CE97-F15B-BCE7-475DF6D204AA&sortorder=asc&column=price HTTP/1.1" 404 -
17.241.75.78 - - [29/Jun/2024:00:08:40 +0200] "GET /ticket2/opencms/sv/sport/fotbollsbiljetter/ HTTP/1.1" 200 77181
135.181.212.177 - - [29/Jun/2024:00:08:44 +0200] "GET /ticket2/opencms/dk/dk/buy/?page=1&edid=2D3B2D20-CE97-F15B-BCE7-475DF6D204AA&sortorder=asc&column=section HTTP/1.1" 404 -
114.119.145.88 - - [29/Jun/2024:00:08:46 +0200] "GET /ticket2/opencms/en/buy/?page=1&edid=A2DDA4E4-44CC-604A-D0E5-6CFEACA7D15C HTTP/1.1" 200 88331
188.165.241.181 - - [29/Jun/2024:00:08:48 +0200] "GET /ticket2/opencms/de/en/venue/?venueid=77047E47-2FF4-16B0-5A77-56A30F69DDD8 HTTP/1.1" 404 -
135.181.212.177 - - [29/Jun/2024:00:08:49 +0200] "GET /ticket2/opencms/dk/dk/buy/?page=1&edid=2D3B2D20-CE97-F15B-BCE7-475DF6D204AA&sortorder=desc&column=row HTTP/1.1" 404 -
47.128.23.82 - - [29/Jun/2024:00:08:51 +0200] "GET /ticket2/opencms/nl/buy/?edid=885A2607-A223-24CC-17AE-7C8ECDA8D47C HTTP/1.1" 200 71077
47.128.23.82 - - [29/Jun/2024:00:08:52 +0200] "GET /ticket2/opencms/system/modules/com.gridnine.opencms.ticketbrokerage.site/resources/pics/logo-new.png HTTP/1.1" 200 13541
47.128.23.82 - - [29/Jun/2024:00:08:52 +0200] "GET /ticket2/opencms/system/modules/com.gridnine.opencms.ticketbrokerage.site/resources/pics/bank_4_seb.png HTTP/1.1" 200 2487
47.128.23.82 - - [29/Jun/2024:00:08:52 +0200] "GET /ticket2/opencms/system/modules/com.gridnine.opencms.ticketbrokerage.site/resources/pics/bank_6_american_express.png HTTP/1.1" 200 5570
47.128.23.82 - - [29/Jun/2024:00:08:53 +0200] "GET /ticket2/opencms/system/modules/com.gridnine.opencms.ticketbrokerage.site/resources/pics/bank_2_handelsbanken.png HTTP/1.1" 200 4509
47.128.23.82 - - [29/Jun/2024:00:08:53 +0200] "GET /ticket2/opencms/system/modules/com.gridnine.opencms.ticketbrokerage.site/resources/pics/bank_5_visa_mastercard.png HTTP/1.1" 200 8196
47.128.23.82 - - [29/Jun/2024:00:08:53 +0200] "GET /ticket2/opencms/system/modules/com.gridnine.opencms.ticketbrokerage.site/resources/pics/bank_1_nordea.png HTTP/1.1" 200 4807
47.128.23.82 - - [29/Jun/2024:00:08:53 +0200] "GET /ticket2/opencms/system/modules/com.gridnine.opencms.ticketbrokerage.site/resources/pics/bank_3_swedbank.png HTTP/1.1" 200 5740
135.181.212.177 - - [29/Jun/2024:00:08:54 +0200] "GET /ticket2/opencms/dk/dk/buy/?page=1&edid=2E3308C6-12D0-B50B-7958-3212AA58F984&sortorder=asc&column=row HTTP/1.1" 404 -
85.208.96.196 - - [29/Jun/2024:00:08:56 +0200] "GET /ticket2/opencms/de/magazine/ HTTP/1.1" 200 103297
66.249.69.128 - - [29/Jun/2024:00:08:56 +0200] "GET /ticket2/opencms/fi/urheilu/tennis/ HTTP/1.1" 200 75421
66.249.72.101 - - [29/Jun/2024:00:08:57 +0200] "GET /ticket2/opencms/no/buy/?page=1&edid=3D90558B-59E5-DB4E-10D0-F79B6C89B78E HTTP/1.1" 200 111790
185.191.171.5 - - [29/Jun/2024:00:08:58 +0200] "GET /ticket2/opencms/sv/sport/fotbollsbiljetter/em_2020/gruppspel.html HTTP/1.1" 200 73357
135.181.212.177 - - [29/Jun/2024:00:08:58 +0200] "GET /ticket2/opencms/dk/dk/buy/?page=1&edid=31A00BC6-9742-3DA5-82ED-B62782C882F9&sortorder=asc&column=price HTTP/1.1" 404 -
51.222.253.19 - - [29/Jun/2024:00:08:59 +0200] "GET /ticket2/opencms/sv/buy/?page=10&eventid=ACB0BEF1-6CB8-5B86-2337-E2F38B94B10D&venueid=78D0C4A5-99DA-B045-D1D7-45F70CE9F600 HTTP/1.1" 200 73556
188.165.241.181 - - [29/Jun/2024:00:09:00 +0200] "GET /ticket2/opencms/de/en/venue/?venueid=7719E5D9-AEE7-7FC5-A9DB-E1C60C1C5852 HTTP/1.1" 404 -
135.181.212.177 - - [29/Jun/2024:00:09:03 +0200] "GET /ticket2/opencms/dk/dk/buy/?page=1&edid=31A00BC6-9742-3DA5-82ED-B62782C882F9&sortorder=asc&column=row HTTP/1.1" 404 -
135.181.212.177 - - [29/Jun/2024:00:09:08 +0200] "GET /ticket2/opencms/dk/dk/buy/?page=1&edid=31A00BC6-9742-3DA5-82ED-B62782C882F9&sortorder=asc&column=section HTTP/1.1" 404 -
66.249.75.167 - - [29/Jun/2024:00:09:12 +0200] "GET /ticket2/opencms/sites/ticketbrokerage/sv/tickets/fulham/stoke.html HTTP/1.1" 404 -
188.165.241.181 - - [29/Jun/2024:00:09:13 +0200] "GET /ticket2/opencms/de/en/venue/?venueid=77422572-4F48-F10C-1394-DA0E03E07BDC HTTP/1.1" 404 -
135.181.212.177 - - [29/Jun/2024:00:09:13 +0200] "GET /ticket2/opencms/dk/dk/buy/?page=1&edid=31A00BC6-9742-3DA5-82ED-B62782C882F9&sortorder=desc&column=price HTTP/1.1" 404 -
158.220.111.44 - - [29/Jun/2024:00:09:15 +0200] "GET /ticket2/opencms/robots.txt HTTP/1.1" 200 773
47.128.49.172 - - [29/Jun/2024:00:09:16 +0200] "GET /ticket2/opencms/fi/venue/?venueid=4127EEBD-FCE3-EDFF-3B26-3C946EF7942B HTTP/1.1" 200 72935
47.128.49.172 - - [29/Jun/2024:00:09:16 +0200] "GET /ticket2/opencms/system/modules/com.gridnine.opencms.ticketbrokerage.site/resources/pics/logo-new.png HTTP/1.1" 200 13541
47.128.49.172 - - [29/Jun/2024:00:09:17 +0200] "GET /ticket2/opencms/system/modules/com.gridnine.opencms.ticketbrokerage.site/resources/pics/bank_3_swedbank.png HTTP/1.1" 200 5740
47.128.49.172 - - [29/Jun/2024:00:09:17 +0200] "GET /ticket2/opencms/system/modules/com.gridnine.opencms.ticketbrokerage.site/resources/pics/bank_5_visa_mastercard.png HTTP/1.1" 200 8196
47.128.49.172 - - [29/Jun/2024:00:09:17 +0200] "GET /ticket2/opencms/system/modules/com.gridnine.opencms.ticketbrokerage.site/resources/pics/bank_1_nordea.png HTTP/1.1" 200 4807
47.128.49.172 - - [29/Jun/2024:00:09:17 +0200] "GET /ticket2/opencms/system/modules/com.gridnine.opencms.ticketbrokerage.site/resources/pics/bank_4_seb.png HTTP/1.1" 200 2487
47.128.49.172 - - [29/Jun/2024:00:09:17 +0200] "GET /ticket2/opencms/system/modules/com.gridnine.opencms.ticketbrokerage.site/resources/pics/bank_2_handelsbanken.png HTTP/1.1" 200 4509
47.128.49.172 - - [29/Jun/2024:00:09:17 +0200] "GET /ticket2/opencms/system/modules/com.gridnine.opencms.ticketbrokerage.site/resources/pics/bank_6_american_express.png HTTP/1.1" 200 5570
135.181.212.177 - - [29/Jun/2024:00:09:18 +0200] "GET /ticket2/opencms/dk/dk/buy/?page=1&edid=31A00BC6-9742-3DA5-82ED-B62782C882F9&sortorder=desc&column=row HTTP/1.1" 404 -
135.181.212.177 - - [29/Jun/2024:00:09:23 +0200] "GET /ticket2/opencms/dk/dk/buy/?page=1&edid=31A00BC6-9742-3DA5-82ED-B62782C882F9&sortorder=desc&column=section HTTP/1.1" 404 -
158.220.111.44 - - [29/Jun/2024:00:09:23 +0200] "GET /ticket2/opencms/en/login/?edid=AF632E3B-08B4-EE1B-6873-7D95D28E82AA HTTP/1.1" 200 73431
188.165.241.181 - - [29/Jun/2024:00:09:25 +0200] "GET /ticket2/opencms/de/en/venue/?venueid=774CE0C8-BD49-BECE-B867-F0D360E1A586 HTTP/1.1" 404 -
47.128.97.12 - - [29/Jun/2024:00:09:25 +0200] "GET /ticket2/opencms/nl/buy/?catid=3A56B1C2-6FFB-C8D1-B229-B3914D5FF8DF&comcatid=0A6B8208-FDA4-E929-9D72-5312FD481B76&page=7 HTTP/1.1" 200 74908
47.128.97.12 - - [29/Jun/2024:00:09:26 +0200] "GET /ticket2/opencms/system/modules/com.gridnine.opencms.ticketbrokerage.site/resources/pics/logo-new.png HTTP/1.1" 200 13541
47.128.97.12 - - [29/Jun/2024:00:09:27 +0200] "GET /ticket2/opencms/system/modules/com.gridnine.opencms.ticketbrokerage.site/resources/pics/bank_4_seb.png HTTP/1.1" 200 2487
47.128.97.12 - - [29/Jun/2024:00:09:27 +0200] "GET /ticket2/opencms/system/modules/com.gridnine.opencms.ticketbrokerage.site/resources/pics/bank_6_american_express.png HTTP/1.1" 200 5570
135.181.212.177 - - [29/Jun/2024:00:09:27 +0200] "GET /ticket2/opencms/dk/dk/buy/?page=1&edid=31FC80C3-F408-0E0C-5F3A-C941F4BFE838&sortorder=desc&column=row HTTP/1.1" 404 -
47.128.97.12 - - [29/Jun/2024:00:09:27 +0200] "GET /ticket2/opencms/system/modules/com.gridnine.opencms.ticketbrokerage.site/resources/pics/bank_3_swedbank.png HTTP/1.1" 200 5740
47.128.97.12 - - [29/Jun/2024:00:09:27 +0200] "GET /ticket2/opencms/system/modules/com.gridnine.opencms.ticketbrokerage.site/resources/pics/bank_1_nordea.png HTTP/1.1" 200 4807
