47.128.60.207 - - [29/Jun/2024:03:59:20 +0200] "GET /ticket2/opencms/system/modules/com.gridnine.opencms.ticketbrokerage.site/resources/pics/bank_4_seb.png HTTP/1.1" 200 2487
114.119.136.155 - - [29/Jun/2024:03:59:42 +0200] "GET /ticket2/opencms/en/buy?page=1&edid=66EB75EF-0CBD-BA1B-9342-85D051C2996A HTTP/1.1" 200 87277
65.108.227.178 - - [29/Jun/2024:03:59:47 +0200] "GET /ticket2/opencms/de/en/venue/?countryid=93055F81-99D6-0EE6-3CC8-FB4301992434 HTTP/1.1" 404 -
47.128.20.12 - - [29/Jun/2024:04:00:15 +0200] "GET /ticket2/opencms/fi/buy/?catid=F7F89B9B-6697-7881-54AE-4C39276BF1B8&comcatid=97ECA65A-72DA-F9AF-9DBB-245D3CFED1BE&page=6 HTTP/1.1" 200 78247
158.220.119.91 - - [29/Jun/2024:04:00:15 +0200] "GET /ticket2/opencms/en/buy/?page=1&edid=84FF79CC-1DD4-BFD5-7D11-CFA058BF1BAE HTTP/1.1" 200 87584
47.128.20.12 - - [29/Jun/2024:04:00:16 +0200] "GET /ticket2/opencms/system/modules/com.gridnine.opencms.ticketbrokerage.site/resources/pics/logo-new.png HTTP/1.1" 200 13541
65.108.227.178 - - [29/Jun/2024:04:00:16 +0200] "GET /ticket2/opencms/de/en/venue/?countryid=947940C4-79F7-1AE9-A4BA-06096E0B9585 HTTP/1.1" 404 -
47.128.20.12 - - [29/Jun/2024:04:00:16 +0200] "GET /ticket2/opencms/system/modules/com.gridnine.opencms.ticketbrokerage.site/resources/pics/bank_2_handelsbanken.png HTTP/1.1" 200 4509
47.128.20.12 - - [29/Jun/2024:04:00:17 +0200] "GET /ticket2/opencms/system/modules/com.gridnine.opencms.ticketbrokerage.site/resources/pics/bank_3_swedbank.png HTTP/1.1" 200 5740
47.128.20.12 - - [29/Jun/2024:04:00:17 +0200] "GET /ticket2/opencms/system/modules/com.gridnine.opencms.ticketbrokerage.site/resources/pics/bank_5_visa_mastercard.png HTTP/1.1" 200 8196
47.128.20.12 - - [29/Jun/2024:04:00:17 +0200] "GET /ticket2/opencms/system/modules/com.gridnine.opencms.ticketbrokerage.site/resources/pics/bank_4_seb.png HTTP/1.1" 200 2487
47.128.20.12 - - [29/Jun/2024:04:00:17 +0200] "GET /ticket2/opencms/system/modules/com.gridnine.opencms.ticketbrokerage.site/resources/pics/bank_1_nordea.png HTTP/1.1" 200 4807
47.128.20.12 - - [29/Jun/2024:04:00:17 +0200] "GET /ticket2/opencms/system/modules/com.gridnine.opencms.ticketbrokerage.site/resources/pics/bank_6_american_express.png HTTP/1.1" 200 5570
47.128.51.204 - - [29/Jun/2024:04:00:47 +0200] "GET /ticket2/opencms/nl/buy/?edid=E9DB3A42-82BF-9B65-3ED4-EE5A32871388 HTTP/1.1" 200 71077
47.128.51.204 - - [29/Jun/2024:04:00:48 +0200] "GET /ticket2/opencms/system/modules/com.gridnine.opencms.ticketbrokerage.site/resources/pics/logo-new.png HTTP/1.1" 200 13541
47.128.51.204 - - [29/Jun/2024:04:00:48 +0200] "GET /ticket2/opencms/system/modules/com.gridnine.opencms.ticketbrokerage.site/resources/pics/bank_1_nordea.png HTTP/1.1" 200 4807
47.128.51.204 - - [29/Jun/2024:04:00:49 +0200] "GET /ticket2/opencms/system/modules/com.gridnine.opencms.ticketbrokerage.site/resources/pics/bank_4_seb.png HTTP/1.1" 200 2487
47.128.51.204 - - [29/Jun/2024:04:00:49 +0200] "GET /ticket2/opencms/system/modules/com.gridnine.opencms.ticketbrokerage.site/resources/pics/bank_2_handelsbanken.png HTTP/1.1" 200 4509
47.128.51.204 - - [29/Jun/2024:04:00:49 +0200] "GET /ticket2/opencms/system/modules/com.gridnine.opencms.ticketbrokerage.site/resources/pics/bank_5_visa_mastercard.png HTTP/1.1" 200 8196
47.128.51.204 - - [29/Jun/2024:04:00:49 +0200] "GET /ticket2/opencms/system/modules/com.gridnine.opencms.ticketbrokerage.site/resources/pics/bank_3_swedbank.png HTTP/1.1" 200 5740
47.128.51.204 - - [29/Jun/2024:04:00:49 +0200] "GET /ticket2/opencms/system/modules/com.gridnine.opencms.ticketbrokerage.site/resources/pics/bank_6_american_express.png HTTP/1.1" 200 5570
65.108.227.178 - - [29/Jun/2024:04:00:53 +0200] "GET /ticket2/opencms/de/en/venue/?countryid=9554F04E-60EE-4D4B-3CE3-7EC55ADC4B4E HTTP/1.1" 404 -
216.245.221.83 - - [29/Jun/2024:04:00:56 +0200] "HEAD /ticket2/opencms/ HTTP/1.1" 302 -
216.245.221.83 - - [29/Jun/2024:04:00:58 +0200] "HEAD /ticket2/opencms/en/ HTTP/1.1" 200 -
47.128.63.26 - - [29/Jun/2024:04:01:11 +0200] "GET /ticket2/opencms/fi/venue/?venueid=A7F4FECE-4E17-B1DA-2900-3D2253A69294 HTTP/1.1" 200 72954
47.128.63.26 - - [29/Jun/2024:04:01:12 +0200] "GET /ticket2/opencms/system/modules/com.gridnine.opencms.ticketbrokerage.site/resources/pics/logo-new.png HTTP/1.1" 200 13541
47.128.63.26 - - [29/Jun/2024:04:01:12 +0200] "GET /ticket2/opencms/system/modules/com.gridnine.opencms.ticketbrokerage.site/resources/pics/bank_1_nordea.png HTTP/1.1" 200 4807
47.128.63.26 - - [29/Jun/2024:04:01:13 +0200] "GET /ticket2/opencms/system/modules/com.gridnine.opencms.ticketbrokerage.site/resources/pics/bank_4_seb.png HTTP/1.1" 200 2487
47.128.63.26 - - [29/Jun/2024:04:01:13 +0200] "GET /ticket2/opencms/system/modules/com.gridnine.opencms.ticketbrokerage.site/resources/pics/bank_3_swedbank.png HTTP/1.1" 200 5740
47.128.63.26 - - [29/Jun/2024:04:01:13 +0200] "GET /ticket2/opencms/system/modules/com.gridnine.opencms.ticketbrokerage.site/resources/pics/bank_2_handelsbanken.png HTTP/1.1" 200 4509
47.128.63.26 - - [29/Jun/2024:04:01:13 +0200] "GET /ticket2/opencms/system/modules/com.gridnine.opencms.ticketbrokerage.site/resources/pics/bank_5_visa_mastercard.png HTTP/1.1" 200 8196
47.128.63.26 - - [29/Jun/2024:04:01:13 +0200] "GET /ticket2/opencms/system/modules/com.gridnine.opencms.ticketbrokerage.site/resources/pics/bank_6_american_express.png HTTP/1.1" 200 5570
37.60.238.15 - - [29/Jun/2024:04:01:29 +0200] "GET /ticket2/opencms/de/fi/venue/?venueid=82CE647C-8C38-94AE-7CB2-8F42944C30A5 HTTP/1.1" 404 -
65.108.227.178 - - [29/Jun/2024:04:01:34 +0200] "GET /ticket2/opencms/de/en/venue/?countryid=98E21F26-BA61-B037-B7B7-D6DBAF5824E4 HTTP/1.1" 404 -
37.60.238.15 - - [29/Jun/2024:04:01:54 +0200] "GET /ticket2/opencms/de/fi/venue/?venueid=82FB56D9-9B89-D5E4-78CF-E614F920BBA7 HTTP/1.1" 404 -
47.128.38.21 - - [29/Jun/2024:04:02:07 +0200] "GET /ticket2/opencms/dk/buy/?catid=70B37487-FE30-D476-CAE7-E6AFEA3153F2&comcatid=A17713B6-D984-201A-4143-ED4DB5ED5C2E HTTP/1.1" 200 82254
65.108.227.178 - - [29/Jun/2024:04:02:07 +0200] "GET /ticket2/opencms/de/en/venue/?countryid=994C90A3-4106-B64A-E9EB-11D9EC699E18 HTTP/1.1" 404 -
47.128.38.21 - - [29/Jun/2024:04:02:08 +0200] "GET /ticket2/opencms/system/modules/com.gridnine.opencms.ticketbrokerage.site/resources/pics/logo-new.png HTTP/1.1" 200 13541
47.128.38.21 - - [29/Jun/2024:04:02:08 +0200] "GET /ticket2/opencms/system/modules/com.gridnine.opencms.ticketbrokerage.site/resources/pics/bank_1_nordea.png HTTP/1.1" 200 4807
47.128.38.21 - - [29/Jun/2024:04:02:08 +0200] "GET /ticket2/opencms/system/modules/com.gridnine.opencms.ticketbrokerage.site/resources/pics/bank_6_american_express.png HTTP/1.1" 200 5570
47.128.38.21 - - [29/Jun/2024:04:02:09 +0200] "GET /ticket2/opencms/system/modules/com.gridnine.opencms.ticketbrokerage.site/resources/pics/bank_2_handelsbanken.png HTTP/1.1" 200 4509
47.128.38.21 - - [29/Jun/2024:04:02:09 +0200] "GET /ticket2/opencms/system/modules/com.gridnine.opencms.ticketbrokerage.site/resources/pics/bank_3_swedbank.png HTTP/1.1" 200 5740
47.128.38.21 - - [29/Jun/2024:04:02:09 +0200] "GET /ticket2/opencms/system/modules/com.gridnine.opencms.ticketbrokerage.site/resources/pics/bank_5_visa_mastercard.png HTTP/1.1" 200 8196
47.128.38.21 - - [29/Jun/2024:04:02:09 +0200] "GET /ticket2/opencms/system/modules/com.gridnine.opencms.ticketbrokerage.site/resources/pics/bank_4_seb.png HTTP/1.1" 200 2487
114.119.129.235 - - [29/Jun/2024:04:02:15 +0200] "GET /ticket2/opencms/en/buy/?page=1&edid=5CB5FE80-D6A2-EABB-565B-174233253B32 HTTP/1.1" 200 88362
216.245.221.83 - - [29/Jun/2024:04:02:16 +0200] "HEAD /ticket2/opencms/ HTTP/1.1" 302 -
216.245.221.83 - - [29/Jun/2024:04:02:16 +0200] "HEAD /ticket2/opencms/en/ HTTP/1.1" 200 -
37.60.238.15 - - [29/Jun/2024:04:02:18 +0200] "GET /ticket2/opencms/de/fi/venue/?venueid=833EE714-5CC6-404C-2A30-322EF84052D6 HTTP/1.1" 404 -
114.119.137.43 - - [29/Jun/2024:04:02:25 +0200] "GET /ticket2/opencms/en/buy/?page=1&edid=394955EB-67DE-1F21-D60F-76346B858D9B HTTP/1.1" 200 86741
85.208.96.195 - - [29/Jun/2024:04:02:38 +0200] "GET /ticket2/opencms/de/sport/fussball-tickets/premier_league/fulham/ HTTP/1.1" 200 87133
65.108.227.178 - - [29/Jun/2024:04:02:50 +0200] "GET /ticket2/opencms/de/en/venue/?countryid=99879305-CFA6-190E-0159-90B37D9BF760 HTTP/1.1" 404 -
37.60.238.15 - - [29/Jun/2024:04:02:53 +0200] "GET /ticket2/opencms/de/fi/venue/?venueid=83B8B6B9-A2B4-D4CB-2D8F-CE8D0CB4BEF2 HTTP/1.1" 404 -
65.49.1.119 - - [29/Jun/2024:04:02:55 +0200] "GET /ticket2/opencms/de/ HTTP/1.1" 200 91946
52.167.144.182 - - [29/Jun/2024:04:03:02 +0200] "GET /ticket2/opencms/en/magazine/article?title=manchester-city-wins-the-premier-league HTTP/1.1" 200 72491
47.128.32.111 - - [29/Jun/2024:04:03:03 +0200] "GET /ticket2/opencms/fi/venue/?venueid=084C5FFD-59D7-DA1B-5EFC-5854672C42AB HTTP/1.1" 200 73011
47.128.32.111 - - [29/Jun/2024:04:03:04 +0200] "GET /ticket2/opencms/system/modules/com.gridnine.opencms.ticketbrokerage.site/resources/pics/logo-new.png HTTP/1.1" 200 13541
47.128.32.111 - - [29/Jun/2024:04:03:04 +0200] "GET /ticket2/opencms/system/modules/com.gridnine.opencms.ticketbrokerage.site/resources/pics/bank_2_handelsbanken.png HTTP/1.1" 200 4509
47.128.32.111 - - [29/Jun/2024:04:03:04 +0200] "GET /ticket2/opencms/system/modules/com.gridnine.opencms.ticketbrokerage.site/resources/pics/bank_6_american_express.png HTTP/1.1" 200 5570
47.128.32.111 - - [29/Jun/2024:04:03:05 +0200] "GET /ticket2/opencms/system/modules/com.gridnine.opencms.ticketbrokerage.site/resources/pics/bank_3_swedbank.png HTTP/1.1" 200 5740
47.128.32.111 - - [29/Jun/2024:04:03:05 +0200] "GET /ticket2/opencms/system/modules/com.gridnine.opencms.ticketbrokerage.site/resources/pics/bank_1_nordea.png HTTP/1.1" 200 4807
47.128.32.111 - - [29/Jun/2024:04:03:05 +0200] "GET /ticket2/opencms/system/modules/com.gridnine.opencms.ticketbrokerage.site/resources/pics/bank_4_seb.png HTTP/1.1" 200 2487
47.128.32.111 - - [29/Jun/2024:04:03:05 +0200] "GET /ticket2/opencms/system/modules/com.gridnine.opencms.ticketbrokerage.site/resources/pics/bank_5_visa_mastercard.png HTTP/1.1" 200 8196
47.128.116.177 - - [29/Jun/2024:04:03:05 +0200] "GET /ticket2/opencms/nl/buy/?edid=299450E2-FDAD-4E2B-0058-6290A7A2B57D HTTP/1.1" 200 71077
47.128.32.111 - - [29/Jun/2024:04:03:07 +0200] "GET /ticket2/opencms/venue/eur.png HTTP/1.1" 200 167373
47.128.116.177 - - [29/Jun/2024:04:03:07 +0200] "GET /ticket2/opencms/system/modules/com.gridnine.opencms.ticketbrokerage.site/resources/pics/logo-new.png HTTP/1.1" 200 13541
47.128.116.177 - - [29/Jun/2024:04:03:07 +0200] "GET /ticket2/opencms/system/modules/com.gridnine.opencms.ticketbrokerage.site/resources/pics/bank_1_nordea.png HTTP/1.1" 200 4807
47.128.116.177 - - [29/Jun/2024:04:03:07 +0200] "GET /ticket2/opencms/system/modules/com.gridnine.opencms.ticketbrokerage.site/resources/pics/bank_2_handelsbanken.png HTTP/1.1" 200 4509
47.128.116.177 - - [29/Jun/2024:04:03:08 +0200] "GET /ticket2/opencms/system/modules/com.gridnine.opencms.ticketbrokerage.site/resources/pics/bank_5_visa_mastercard.png HTTP/1.1" 200 8196
47.128.116.177 - - [29/Jun/2024:04:03:08 +0200] "GET /ticket2/opencms/system/modules/com.gridnine.opencms.ticketbrokerage.site/resources/pics/bank_4_seb.png HTTP/1.1" 200 2487
47.128.116.177 - - [29/Jun/2024:04:03:08 +0200] "GET /ticket2/opencms/system/modules/com.gridnine.opencms.ticketbrokerage.site/resources/pics/bank_3_swedbank.png HTTP/1.1" 200 5740
47.128.116.177 - - [29/Jun/2024:04:03:08 +0200] "GET /ticket2/opencms/system/modules/com.gridnine.opencms.ticketbrokerage.site/resources/pics/bank_6_american_express.png HTTP/1.1" 200 5570
66.249.75.107 - - [29/Jun/2024:04:03:12 +0200] "GET /ticket2/opencms/en/venue/?countryid=DDBEC1A9-923C-6F8A-904B-EA3F8C6D99F4 HTTP/1.1" 200 100730
158.220.119.91 - - [29/Jun/2024:04:03:15 +0200] "GET /ticket2/opencms/en/buy/?page=6&comcatid=A17713B6-D984-201A-4143-ED4DB5ED5C2E&catid=82F804FA-9F69-CB6B-D41D-7BF7C716058B&eventid=D1150681-AEDA-FD90-10B4-D077F7FAD37D HTTP/1.1" 200 83074
65.108.227.178 - - [29/Jun/2024:04:03:24 +0200] "GET /ticket2/opencms/de/en/venue/?countryid=99B1C0F6-84FB-98CC-65FC-5142D0D877AC HTTP/1.1" 404 -
37.60.238.15 - - [29/Jun/2024:04:03:26 +0200] "GET /ticket2/opencms/de/fi/venue/?venueid=83D2FCB9-12EF-B122-826C-DC04BB1922D3 HTTP/1.1" 404 -
114.119.136.155 - - [29/Jun/2024:04:03:32 +0200] "GET /ticket2/opencms/en/buy/?page=1&edid=18DBC541-BFCD-9FFC-371B-45BD3E47A0C0 HTTP/1.1" 200 86698
45.128.232.200 - - [29/Jun/2024:04:03:58 +0200] "POST /goform/set_LimitClient_cfg HTTP/1.1" 404 -
47.128.126.237 - - [29/Jun/2024:04:04:00 +0200] "GET /ticket2/opencms/it/buy/?catid=1DB7F66B-473B-B427-F752-358FEEFE8EC0&comcatid=0A6B8208-FDA4-E929-9D72-5312FD481B76 HTTP/1.1" 200 77083
47.128.126.237 - - [29/Jun/2024:04:04:01 +0200] "GET /ticket2/opencms/system/modules/com.gridnine.opencms.ticketbrokerage.site/resources/pics/logo-new.png HTTP/1.1" 200 13541
47.128.126.237 - - [29/Jun/2024:04:04:02 +0200] "GET /ticket2/opencms/system/modules/com.gridnine.opencms.ticketbrokerage.site/resources/pics/bank_3_swedbank.png HTTP/1.1" 200 5740
47.128.126.237 - - [29/Jun/2024:04:04:02 +0200] "GET /ticket2/opencms/system/modules/com.gridnine.opencms.ticketbrokerage.site/resources/pics/bank_5_visa_mastercard.png HTTP/1.1" 200 8196
47.128.126.237 - - [29/Jun/2024:04:04:02 +0200] "GET /ticket2/opencms/system/modules/com.gridnine.opencms.ticketbrokerage.site/resources/pics/bank_1_nordea.png HTTP/1.1" 200 4807
47.128.126.237 - - [29/Jun/2024:04:04:02 +0200] "GET /ticket2/opencms/system/modules/com.gridnine.opencms.ticketbrokerage.site/resources/pics/bank_4_seb.png HTTP/1.1" 200 2487
47.128.126.237 - - [29/Jun/2024:04:04:02 +0200] "GET /ticket2/opencms/system/modules/com.gridnine.opencms.ticketbrokerage.site/resources/pics/bank_2_handelsbanken.png HTTP/1.1" 200 4509
47.128.126.237 - - [29/Jun/2024:04:04:02 +0200] "GET /ticket2/opencms/system/modules/com.gridnine.opencms.ticketbrokerage.site/resources/pics/bank_6_american_express.png HTTP/1.1" 200 5570
37.60.238.15 - - [29/Jun/2024:04:04:03 +0200] "GET /ticket2/opencms/de/fi/venue/?venueid=83E0A857-EC5E-1D5A-B4A5-5210D07C98C1 HTTP/1.1" 404 -
185.191.171.10 - - [29/Jun/2024:04:04:12 +0200] "GET /ticket2/opencms/robots.txt HTTP/1.1" 200 773
66.249.75.161 - - [29/Jun/2024:04:04:13 +0200] "GET /ticket2/opencms/fr/buy?page=1&edid=63D01EA9-6118-F064-A9BE-98AD792F8DD1 HTTP/1.1" 200 86693
65.108.227.178 - - [29/Jun/2024:04:04:14 +0200] "GET /ticket2/opencms/de/en/venue/?countryid=99B8CCCF-76CE-5509-EB6E-95AE6D1E4C98 HTTP/1.1" 404 -
185.191.171.3 - - [29/Jun/2024:04:04:15 +0200] "GET /ticket2/opencms/fi/ HTTP/1.1" 200 92805
37.60.238.15 - - [29/Jun/2024:04:04:39 +0200] "GET /ticket2/opencms/de/fi/venue/?venueid=83EBCF96-D843-3E0D-987B-C586316FD2AC HTTP/1.1" 404 -
47.128.18.131 - - [29/Jun/2024:04:04:56 +0200] "GET /ticket2/opencms/fi/venue/?venueid=1A018FD7-D956-C54F-D115-4FAB6C8C19A2 HTTP/1.1" 200 72900
47.128.18.131 - - [29/Jun/2024:04:04:57 +0200] "GET /ticket2/opencms/system/modules/com.gridnine.opencms.ticketbrokerage.site/resources/pics/logo-new.png HTTP/1.1" 200 13541
47.128.18.131 - - [29/Jun/2024:04:04:57 +0200] "GET /ticket2/opencms/system/modules/com.gridnine.opencms.ticketbrokerage.site/resources/pics/bank_1_nordea.png HTTP/1.1" 200 4807
47.128.18.131 - - [29/Jun/2024:04:04:58 +0200] "GET /ticket2/opencms/system/modules/com.gridnine.opencms.ticketbrokerage.site/resources/pics/bank_5_visa_mastercard.png HTTP/1.1" 200 8196
47.128.18.131 - - [29/Jun/2024:04:04:58 +0200] "GET /ticket2/opencms/system/modules/com.gridnine.opencms.ticketbrokerage.site/resources/pics/bank_2_handelsbanken.png HTTP/1.1" 200 4509
47.128.18.131 - - [29/Jun/2024:04:04:58 +0200] "GET /ticket2/opencms/system/modules/com.gridnine.opencms.ticketbrokerage.site/resources/pics/bank_4_seb.png HTTP/1.1" 200 2487
47.128.18.131 - - [29/Jun/2024:04:04:58 +0200] "GET /ticket2/opencms/system/modules/com.gridnine.opencms.ticketbrokerage.site/resources/pics/bank_3_swedbank.png HTTP/1.1" 200 5740
47.128.18.131 - - [29/Jun/2024:04:04:58 +0200] "GET /ticket2/opencms/system/modules/com.gridnine.opencms.ticketbrokerage.site/resources/pics/bank_6_american_express.png HTTP/1.1" 200 5570
65.108.227.178 - - [29/Jun/2024:04:05:11 +0200] "GET /ticket2/opencms/de/en/venue/?countryid=9ACB31BA-4730-8A49-6A26-C927F023CAB9 HTTP/1.1" 404 -
66.249.75.167 - - [29/Jun/2024:04:05:15 +0200] "GET /ticket2/opencms/no/buying_tickets HTTP/1.1" 200 74025
66.249.75.169 - - [29/Jun/2024:04:05:17 +0200] "GET /ticket2/opencms/nl HTTP/1.1" 200 90546
47.128.111.97 - - [29/Jun/2024:04:05:23 +0200] "GET /ticket2/opencms/nl/buy/?edid=8E087689-30A7-E7AD-9853-CFBC4F6216DD HTTP/1.1" 200 71077
47.128.111.97 - - [29/Jun/2024:04:05:24 +0200] "GET /ticket2/opencms/system/modules/com.gridnine.opencms.ticketbrokerage.site/resources/pics/logo-new.png HTTP/1.1" 200 13541
47.128.111.97 - - [29/Jun/2024:04:05:24 +0200] "GET /ticket2/opencms/system/modules/com.gridnine.opencms.ticketbrokerage.site/resources/pics/bank_1_nordea.png HTTP/1.1" 200 4807
47.128.111.97 - - [29/Jun/2024:04:05:25 +0200] "GET /ticket2/opencms/system/modules/com.gridnine.opencms.ticketbrokerage.site/resources/pics/bank_2_handelsbanken.png HTTP/1.1" 200 4509
47.128.111.97 - - [29/Jun/2024:04:05:25 +0200] "GET /ticket2/opencms/system/modules/com.gridnine.opencms.ticketbrokerage.site/resources/pics/bank_4_seb.png HTTP/1.1" 200 2487
47.128.111.97 - - [29/Jun/2024:04:05:25 +0200] "GET /ticket2/opencms/system/modules/com.gridnine.opencms.ticketbrokerage.site/resources/pics/bank_3_swedbank.png HTTP/1.1" 200 5740
47.128.111.97 - - [29/Jun/2024:04:05:25 +0200] "GET /ticket2/opencms/system/modules/com.gridnine.opencms.ticketbrokerage.site/resources/pics/bank_5_visa_mastercard.png HTTP/1.1" 200 8196
47.128.111.97 - - [29/Jun/2024:04:05:25 +0200] "GET /ticket2/opencms/system/modules/com.gridnine.opencms.ticketbrokerage.site/resources/pics/bank_6_american_express.png HTTP/1.1" 200 5570
216.244.66.245 - - [29/Jun/2024:04:05:39 +0200] "GET /ticket2/opencms/se/robots.txt HTTP/1.1" 404 -
37.60.238.15 - - [29/Jun/2024:04:05:46 +0200] "GET /ticket2/opencms/de/fi/venue/?venueid=842722E9-5FE1-5D36-B4BC-7C6A76B1894C HTTP/1.1" 404 -
47.128.46.93 - - [29/Jun/2024:04:05:52 +0200] "GET /ticket2/opencms/fi/venue/?venueid=CAA98BF5-BF8C-9F8D-456A-D5DB923FB95B HTTP/1.1" 200 72909
47.128.46.93 - - [29/Jun/2024:04:05:52 +0200] "GET /ticket2/opencms/system/modules/com.gridnine.opencms.ticketbrokerage.site/resources/pics/logo-new.png HTTP/1.1" 200 13541
47.128.46.93 - - [29/Jun/2024:04:05:53 +0200] "GET /ticket2/opencms/system/modules/com.gridnine.opencms.ticketbrokerage.site/resources/pics/bank_1_nordea.png HTTP/1.1" 200 4807
47.128.46.93 - - [29/Jun/2024:04:05:53 +0200] "GET /ticket2/opencms/system/modules/com.gridnine.opencms.ticketbrokerage.site/resources/pics/bank_2_handelsbanken.png HTTP/1.1" 200 4509
47.128.46.93 - - [29/Jun/2024:04:05:53 +0200] "GET /ticket2/opencms/system/modules/com.gridnine.opencms.ticketbrokerage.site/resources/pics/bank_3_swedbank.png HTTP/1.1" 200 5740
47.128.46.93 - - [29/Jun/2024:04:05:53 +0200] "GET /ticket2/opencms/system/modules/com.gridnine.opencms.ticketbrokerage.site/resources/pics/bank_5_visa_mastercard.png HTTP/1.1" 200 8196
47.128.46.93 - - [29/Jun/2024:04:05:54 +0200] "GET /ticket2/opencms/system/modules/com.gridnine.opencms.ticketbrokerage.site/resources/pics/bank_4_seb.png HTTP/1.1" 200 2487
47.128.46.93 - - [29/Jun/2024:04:05:54 +0200] "GET /ticket2/opencms/system/modules/com.gridnine.opencms.ticketbrokerage.site/resources/pics/bank_6_american_express.png HTTP/1.1" 200 5570
216.245.221.83 - - [29/Jun/2024:04:05:55 +0200] "HEAD /ticket2/opencms/ HTTP/1.1" 302 -
216.245.221.83 - - [29/Jun/2024:04:05:58 +0200] "HEAD /ticket2/opencms/en/ HTTP/1.1" 200 -
158.220.119.91 - - [29/Jun/2024:04:06:05 +0200] "GET /ticket2/opencms/sv/buy/?page=1&edid=818BFE3F-AC93-486D-C86E-30E2A3081A30&sortorder=asc&column=section HTTP/1.1" 200 89272
65.108.227.178 - - [29/Jun/2024:04:06:09 +0200] "GET /ticket2/opencms/de/en/venue/?countryid=9D09DC7F-C38B-5D28-4040-9F250F6A5B12 HTTP/1.1" 404 -
37.60.238.15 - - [29/Jun/2024:04:06:12 +0200] "GET /ticket2/opencms/de/fi/venue/?venueid=849CB8D2-585E-A2B3-5FDB-72B7613BA7D9 HTTP/1.1" 404 -
85.208.96.206 - - [29/Jun/2024:04:06:17 +0200] "GET /ticket2/opencms/de/sport/fussball-tickets/serie_a/roma/ HTTP/1.1" 200 76195
66.249.75.161 - - [29/Jun/2024:04:06:19 +0200] "GET /ticket2/opencms/dk/venue/?venueid=F07570AB-6180-6ECF-7A44-E3C64FEDE92E HTTP/1.1" 200 71844
85.208.96.194 - - [29/Jun/2024:04:06:29 +0200] "GET /ticket2/opencms/it/sport/biglietti-calcio/ HTTP/1.1" 200 78052
47.128.18.102 - - [29/Jun/2024:04:06:48 +0200] "GET /ticket2/opencms/de/buy/?catid=A34BCF61-E19C-5C5C-445E-06F3749E1EF4&comcatid=B41CCF2B-5558-7AEE-3602-09BBDE417D65 HTTP/1.1" 200 74943
47.128.18.102 - - [29/Jun/2024:04:06:49 +0200] "GET /ticket2/opencms/system/modules/com.gridnine.opencms.ticketbrokerage.site/resources/pics/logo-new.png HTTP/1.1" 200 13541
47.128.18.102 - - [29/Jun/2024:04:06:49 +0200] "GET /ticket2/opencms/system/modules/com.gridnine.opencms.ticketbrokerage.site/resources/pics/bank_2_handelsbanken.png HTTP/1.1" 200 4509
47.128.18.102 - - [29/Jun/2024:04:06:50 +0200] "GET /ticket2/opencms/system/modules/com.gridnine.opencms.ticketbrokerage.site/resources/pics/bank_6_american_express.png HTTP/1.1" 200 5570
47.128.18.102 - - [29/Jun/2024:04:06:50 +0200] "GET /ticket2/opencms/system/modules/com.gridnine.opencms.ticketbrokerage.site/resources/pics/bank_1_nordea.png HTTP/1.1" 200 4807
47.128.18.102 - - [29/Jun/2024:04:06:50 +0200] "GET /ticket2/opencms/system/modules/com.gridnine.opencms.ticketbrokerage.site/resources/pics/bank_3_swedbank.png HTTP/1.1" 200 5740
47.128.18.102 - - [29/Jun/2024:04:06:50 +0200] "GET /ticket2/opencms/system/modules/com.gridnine.opencms.ticketbrokerage.site/resources/pics/bank_4_seb.png HTTP/1.1" 200 2487
47.128.18.102 - - [29/Jun/2024:04:06:50 +0200] "GET /ticket2/opencms/system/modules/com.gridnine.opencms.ticketbrokerage.site/resources/pics/bank_5_visa_mastercard.png HTTP/1.1" 200 8196
65.108.227.178 - - [29/Jun/2024:04:06:51 +0200] "GET /ticket2/opencms/de/en/venue/?countryid=9DB285C0-D137-5036-05BF-ABB4B196F392 HTTP/1.1" 404 -
37.60.238.15 - - [29/Jun/2024:04:06:59 +0200] "GET /ticket2/opencms/de/fi/venue/?venueid=84B0B9F0-1596-0D9B-686E-511407E2C0AA HTTP/1.1" 404 -
114.119.135.169 - - [29/Jun/2024:04:07:08 +0200] "GET /ticket2/opencms/en/buy/?page=1&edid=5AAA890F-3373-83AA-7BBD-48807FD23850 HTTP/1.1" 200 85212
216.245.221.83 - - [29/Jun/2024:04:07:16 +0200] "HEAD /ticket2/opencms/ HTTP/1.1" 302 -
216.245.221.83 - - [29/Jun/2024:04:07:16 +0200] "HEAD /ticket2/opencms/en/ HTTP/1.1" 200 -
114.119.137.43 - - [29/Jun/2024:04:07:21 +0200] "GET /ticket2/opencms/en/buy/?page=1&edid=37799B2B-8518-5A90-56C3-3D3AAACD58AB HTTP/1.1" 200 86932
66.249.72.33 - - [29/Jun/2024:04:07:22 +0200] "GET /ticket2/opencms/en/venue/?venueid=20FA0356-D2D0-49A9-1796-20DAE44C0F81 HTTP/1.1" 200 71323
66.249.72.33 - - [29/Jun/2024:04:07:23 +0200] "GET /ticket2/opencms/dk/buy/?page=1&edid=8A15C340-B6C2-2F43-473C-6069B2AC1544 HTTP/1.1" 200 110568
65.108.227.178 - - [29/Jun/2024:04:07:27 +0200] "GET /ticket2/opencms/de/en/venue/?countryid=9E2F78CF-6136-5571-6F34-DBB927119F5E HTTP/1.1" 404 -
114.119.155.23 - - [29/Jun/2024:04:07:30 +0200] "GET /ticket2/opencms/en/venue/?venueid=B5425E3E-A83E-2358-1060-BB53AC7EEFC3 HTTP/1.1" 200 71375
158.220.119.91 - - [29/Jun/2024:04:07:33 +0200] "GET /ticket2/opencms/sv/buy/?page=1&edid=BBEC338A-242D-58E1-7095-18B90F7D3463&sortorder=asc&column=section HTTP/1.1" 200 89055
37.60.238.15 - - [29/Jun/2024:04:07:39 +0200] "GET /ticket2/opencms/de/fi/venue/?venueid=84B906DE-B460-D444-68C7-D7444F9F1F9B HTTP/1.1" 404 -
47.128.19.211 - - [29/Jun/2024:04:07:41 +0200] "GET /ticket2/opencms/nl/buy/?edid=5CB80305-FAB3-0B17-6A63-E12060ABE282 HTTP/1.1" 200 71077
47.128.19.211 - - [29/Jun/2024:04:07:42 +0200] "GET /ticket2/opencms/system/modules/com.gridnine.opencms.ticketbrokerage.site/resources/pics/logo-new.png HTTP/1.1" 200 13541
47.128.19.211 - - [29/Jun/2024:04:07:42 +0200] "GET /ticket2/opencms/system/modules/com.gridnine.opencms.ticketbrokerage.site/resources/pics/bank_1_nordea.png HTTP/1.1" 200 4807
47.128.19.211 - - [29/Jun/2024:04:07:43 +0200] "GET /ticket2/opencms/system/modules/com.gridnine.opencms.ticketbrokerage.site/resources/pics/bank_5_visa_mastercard.png HTTP/1.1" 200 8196
47.128.19.211 - - [29/Jun/2024:04:07:43 +0200] "GET /ticket2/opencms/system/modules/com.gridnine.opencms.ticketbrokerage.site/resources/pics/bank_2_handelsbanken.png HTTP/1.1" 200 4509
47.128.19.211 - - [29/Jun/2024:04:07:43 +0200] "GET /ticket2/opencms/system/modules/com.gridnine.opencms.ticketbrokerage.site/resources/pics/bank_3_swedbank.png HTTP/1.1" 200 5740
47.128.19.211 - - [29/Jun/2024:04:07:43 +0200] "GET /ticket2/opencms/system/modules/com.gridnine.opencms.ticketbrokerage.site/resources/pics/bank_4_seb.png HTTP/1.1" 200 2487
47.128.19.211 - - [29/Jun/2024:04:07:43 +0200] "GET /ticket2/opencms/system/modules/com.gridnine.opencms.ticketbrokerage.site/resources/pics/bank_6_american_express.png HTTP/1.1" 200 5570
47.128.17.90 - - [29/Jun/2024:04:07:44 +0200] "GET /ticket2/opencms/dk/buy/?catid=5A89E483-58AD-080E-F363-E16CE738916A&comcatid=A17713B6-D984-201A-4143-ED4DB5ED5C2E HTTP/1.1" 200 82264
47.128.17.90 - - [29/Jun/2024:04:07:45 +0200] "GET /ticket2/opencms/system/modules/com.gridnine.opencms.ticketbrokerage.site/resources/pics/logo-new.png HTTP/1.1" 200 13541
47.128.17.90 - - [29/Jun/2024:04:07:45 +0200] "GET /ticket2/opencms/system/modules/com.gridnine.opencms.ticketbrokerage.site/resources/pics/bank_1_nordea.png HTTP/1.1" 200 4807
47.128.17.90 - - [29/Jun/2024:04:07:46 +0200] "GET /ticket2/opencms/system/modules/com.gridnine.opencms.ticketbrokerage.site/resources/pics/bank_3_swedbank.png HTTP/1.1" 200 5740
47.128.17.90 - - [29/Jun/2024:04:07:46 +0200] "GET /ticket2/opencms/system/modules/com.gridnine.opencms.ticketbrokerage.site/resources/pics/bank_2_handelsbanken.png HTTP/1.1" 200 4509
47.128.17.90 - - [29/Jun/2024:04:07:46 +0200] "GET /ticket2/opencms/system/modules/com.gridnine.opencms.ticketbrokerage.site/resources/pics/bank_5_visa_mastercard.png HTTP/1.1" 200 8196
47.128.17.90 - - [29/Jun/2024:04:07:46 +0200] "GET /ticket2/opencms/system/modules/com.gridnine.opencms.ticketbrokerage.site/resources/pics/bank_4_seb.png HTTP/1.1" 200 2487
47.128.17.90 - - [29/Jun/2024:04:07:46 +0200] "GET /ticket2/opencms/system/modules/com.gridnine.opencms.ticketbrokerage.site/resources/pics/bank_6_american_express.png HTTP/1.1" 200 5570
65.108.227.178 - - [29/Jun/2024:04:08:04 +0200] "GET /ticket2/opencms/de/en/venue/?countryid=9F359E38-9140-4AB1-4689-B4648FEDC1F9 HTTP/1.1" 404 -
37.60.238.15 - - [29/Jun/2024:04:08:27 +0200] "GET /ticket2/opencms/de/fi/venue/?venueid=84B93D8A-8F8E-8AD6-E15A-BD8F16B36685 HTTP/1.1" 404 -
47.128.16.1 - - [29/Jun/2024:04:08:40 +0200] "GET /ticket2/opencms/fi/venue/?venueid=E5062924-B4F3-0DE7-D5ED-74F1F93777E1 HTTP/1.1" 200 72897
47.128.16.1 - - [29/Jun/2024:04:08:40 +0200] "GET /ticket2/opencms/system/modules/com.gridnine.opencms.ticketbrokerage.site/resources/pics/logo-new.png HTTP/1.1" 200 13541
47.128.16.1 - - [29/Jun/2024:04:08:41 +0200] "GET /ticket2/opencms/system/modules/com.gridnine.opencms.ticketbrokerage.site/resources/pics/bank_2_handelsbanken.png HTTP/1.1" 200 4509
47.128.16.1 - - [29/Jun/2024:04:08:41 +0200] "GET /ticket2/opencms/system/modules/com.gridnine.opencms.ticketbrokerage.site/resources/pics/bank_1_nordea.png HTTP/1.1" 200 4807
47.128.16.1 - - [29/Jun/2024:04:08:41 +0200] "GET /ticket2/opencms/system/modules/com.gridnine.opencms.ticketbrokerage.site/resources/pics/bank_3_swedbank.png HTTP/1.1" 200 5740
47.128.16.1 - - [29/Jun/2024:04:08:41 +0200] "GET /ticket2/opencms/system/modules/com.gridnine.opencms.ticketbrokerage.site/resources/pics/bank_4_seb.png HTTP/1.1" 200 2487
47.128.16.1 - - [29/Jun/2024:04:08:41 +0200] "GET /ticket2/opencms/system/modules/com.gridnine.opencms.ticketbrokerage.site/resources/pics/bank_6_american_express.png HTTP/1.1" 200 5570
47.128.16.1 - - [29/Jun/2024:04:08:41 +0200] "GET /ticket2/opencms/system/modules/com.gridnine.opencms.ticketbrokerage.site/resources/pics/bank_5_visa_mastercard.png HTTP/1.1" 200 8196
65.108.227.178 - - [29/Jun/2024:04:08:49 +0200] "GET /ticket2/opencms/de/en/venue/?countryid=9F976644-D811-1E5C-8CA5-C3CE6B3B71EB HTTP/1.1" 404 -
158.220.119.91 - - [29/Jun/2024:04:08:55 +0200] "GET /ticket2/opencms/sv/buy/?page=1&edid=D1EB4FF7-B528-2218-5F12-384C17BD723E HTTP/1.1" 200 88648
37.60.238.15 - - [29/Jun/2024:04:09:02 +0200] "GET /ticket2/opencms/de/fi/venue/?venueid=84D3861B-4D20-42D1-DDF1-325CBB312A30 HTTP/1.1" 404 -
88.88.133.174 - - [29/Jun/2024:04:09:07 +0200] "GET /ticket2/opencms/robots.txt HTTP/1.1" 200 773
88.88.133.174 - - [29/Jun/2024:04:09:10 +0200] "GET /ticket2/opencms/en/buy/?page=1&edid=01F2A948-87CA-060B-030E-779FF6FBE9B2&sortorder=asc&column=price HTTP/1.1" 200 88499
88.88.133.174 - - [29/Jun/2024:04:09:13 +0200] "GET /ticket2/opencms/en/buy/?page=1&edid=01F2A948-87CA-060B-030E-779FF6FBE9B2&sortorder=asc&column=row HTTP/1.1" 200 88499
88.88.133.174 - - [29/Jun/2024:04:09:15 +0200] "GET /ticket2/opencms/en/buy/?page=1&edid=0CEC8633-C400-C905-54E3-2A651C6B122C&sortorder=asc&column=price HTTP/1.1" 200 88498
88.88.133.174 - - [29/Jun/2024:04:09:18 +0200] "GET /ticket2/opencms/en/buy/?page=1&edid=0CEC8633-C400-C905-54E3-2A651C6B122C&sortorder=asc&column=row HTTP/1.1" 200 88498
88.88.133.174 - - [29/Jun/2024:04:09:22 +0200] "GET /ticket2/opencms/en/buy/?page=1&edid=0CEC8633-C400-C905-54E3-2A651C6B122C&sortorder=asc&column=section HTTP/1.1" 200 88498
65.108.227.178 - - [29/Jun/2024:04:09:22 +0200] "GET /ticket2/opencms/de/en/venue/?countryid=A07C6930-60EB-29AC-3FDB-C97CE816C6C1 HTTP/1.1" 404 -
185.191.171.19 - - [29/Jun/2024:04:09:23 +0200] "GET /ticket2/opencms/en/sport/football-tickets/bundesliga/mainz/ HTTP/1.1" 200 73014
66.249.76.2 - - [29/Jun/2024:04:09:24 +0200] "GET /ticket2/opencms/en/venue/?venueid=79787CD2-7865-34D1-58A9-E39B34651991 HTTP/1.1" 200 71342
88.88.133.174 - - [29/Jun/2024:04:09:25 +0200] "GET /ticket2/opencms/en/buy/?page=1&edid=2ADA95B2-5596-9A00-6386-EC0EB48A58F3&sortorder=asc&column=price HTTP/1.1" 200 88500
66.249.75.169 - - [29/Jun/2024:04:09:26 +0200] "GET /ticket2/opencms/nl/buy/?page=1&edid=9E373ADE-B8EE-38F8-BBD8-DA1CB52F113B HTTP/1.1" 200 110704
88.88.133.174 - - [29/Jun/2024:04:09:28 +0200] "GET /ticket2/opencms/en/buy/?page=1&edid=2ADA95B2-5596-9A00-6386-EC0EB48A58F3&sortorder=asc&column=section HTTP/1.1" 200 88500
88.88.133.174 - - [29/Jun/2024:04:09:31 +0200] "GET /ticket2/opencms/en/buy/?page=1&edid=2ED13BBD-EA37-6DC6-AC31-DEF0177FBC2B&sortorder=asc&column=price HTTP/1.1" 200 88501
88.88.133.174 - - [29/Jun/2024:04:09:34 +0200] "GET /ticket2/opencms/en/buy/?page=1&edid=2ED13BBD-EA37-6DC6-AC31-DEF0177FBC2B&sortorder=asc&column=row HTTP/1.1" 200 88501
47.128.22.4 - - [29/Jun/2024:04:09:36 +0200] "GET /ticket2/opencms/fi/venue/?countryid=A95940B8-9D24-555E-8502-7702CF57B799 HTTP/1.1" 200 102292
47.128.22.4 - - [29/Jun/2024:04:09:36 +0200] "GET /ticket2/opencms/system/modules/com.gridnine.opencms.ticketbrokerage.site/resources/pics/logo-new.png HTTP/1.1" 200 13541
88.88.133.174 - - [29/Jun/2024:04:09:37 +0200] "GET /ticket2/opencms/en/buy/?page=1&edid=2ED13BBD-EA37-6DC6-AC31-DEF0177FBC2B&sortorder=asc&column=section HTTP/1.1" 200 88501
47.128.22.4 - - [29/Jun/2024:04:09:37 +0200] "GET /ticket2/opencms/system/modules/com.gridnine.opencms.ticketbrokerage.site/resources/pics/bank_3_swedbank.png HTTP/1.1" 200 5740
47.128.22.4 - - [29/Jun/2024:04:09:37 +0200] "GET /ticket2/opencms/system/modules/com.gridnine.opencms.ticketbrokerage.site/resources/pics/bank_6_american_express.png HTTP/1.1" 200 5570
47.128.22.4 - - [29/Jun/2024:04:09:37 +0200] "GET /ticket2/opencms/system/modules/com.gridnine.opencms.ticketbrokerage.site/resources/pics/bank_5_visa_mastercard.png HTTP/1.1" 200 8196
47.128.22.4 - - [29/Jun/2024:04:09:37 +0200] "GET /ticket2/opencms/system/modules/com.gridnine.opencms.ticketbrokerage.site/resources/pics/bank_4_seb.png HTTP/1.1" 200 2487
47.128.22.4 - - [29/Jun/2024:04:09:37 +0200] "GET /ticket2/opencms/system/modules/com.gridnine.opencms.ticketbrokerage.site/resources/pics/bank_1_nordea.png HTTP/1.1" 200 4807
47.128.22.4 - - [29/Jun/2024:04:09:37 +0200] "GET /ticket2/opencms/system/modules/com.gridnine.opencms.ticketbrokerage.site/resources/pics/bank_2_handelsbanken.png HTTP/1.1" 200 4509
85.208.96.208 - - [29/Jun/2024:04:09:39 +0200] "GET /ticket2/opencms/nl/sport/voetbal-tickets/serie_a/cesena/ HTTP/1.1" 200 71065
88.88.133.174 - - [29/Jun/2024:04:09:40 +0200] "GET /ticket2/opencms/en/buy/?page=1&edid=36201147-954C-4D2B-4404-34AB77C306B3&sortorder=asc&column=price HTTP/1.1" 200 88502
88.88.133.174 - - [29/Jun/2024:04:09:43 +0200] "GET /ticket2/opencms/en/buy/?page=1&edid=36201147-954C-4D2B-4404-34AB77C306B3&sortorder=asc&column=row HTTP/1.1" 200 88502
88.88.133.174 - - [29/Jun/2024:04:09:46 +0200] "GET /ticket2/opencms/en/buy/?page=1&edid=36201147-954C-4D2B-4404-34AB77C306B3&sortorder=asc&column=section HTTP/1.1" 200 88502
88.88.133.174 - - [29/Jun/2024:04:09:49 +0200] "GET /ticket2/opencms/en/buy/?page=1&edid=3D04CA40-DFC2-CAD0-691F-59BC78A9B973&sortorder=asc&column=price HTTP/1.1" 200 88506
37.60.238.15 - - [29/Jun/2024:04:09:49 +0200] "GET /ticket2/opencms/de/fi/venue/?venueid=84D7889A-E11A-AB47-B40A-66082298581A HTTP/1.1" 404 -
65.108.227.178 - - [29/Jun/2024:04:09:51 +0200] "GET /ticket2/opencms/de/en/venue/?countryid=A120839E-3691-C1CC-A7E6-AFA581C3B971 HTTP/1.1" 404 -
88.88.133.174 - - [29/Jun/2024:04:09:52 +0200] "GET /ticket2/opencms/en/buy/?page=1&edid=3D04CA40-DFC2-CAD0-691F-59BC78A9B973&sortorder=asc&column=row HTTP/1.1" 200 88506
88.88.133.174 - - [29/Jun/2024:04:09:55 +0200] "GET /ticket2/opencms/en/buy/?page=1&edid=3D04CA40-DFC2-CAD0-691F-59BC78A9B973&sortorder=asc&column=section HTTP/1.1" 200 88506
88.88.133.174 - - [29/Jun/2024:04:09:58 +0200] "GET /ticket2/opencms/en/buy/?page=1&edid=51B2CB32-7951-739E-6893-05415B594B46&sortorder=asc&column=price HTTP/1.1" 200 88499
47.128.38.82 - - [29/Jun/2024:04:09:59 +0200] "GET /ticket2/opencms/nl/buy/?edid=9A56F165-F35D-9973-F50A-5FE9863E2B16 HTTP/1.1" 200 71077
47.128.38.82 - - [29/Jun/2024:04:10:00 +0200] "GET /ticket2/opencms/system/modules/com.gridnine.opencms.ticketbrokerage.site/resources/pics/logo-new.png HTTP/1.1" 200 13541
47.128.38.82 - - [29/Jun/2024:04:10:01 +0200] "GET /ticket2/opencms/system/modules/com.gridnine.opencms.ticketbrokerage.site/resources/pics/bank_1_nordea.png HTTP/1.1" 200 4807
88.88.133.174 - - [29/Jun/2024:04:10:01 +0200] "GET /ticket2/opencms/en/buy/?page=1&edid=51B2CB32-7951-739E-6893-05415B594B46&sortorder=asc&column=row HTTP/1.1" 200 88499
47.128.38.82 - - [29/Jun/2024:04:10:01 +0200] "GET /ticket2/opencms/system/modules/com.gridnine.opencms.ticketbrokerage.site/resources/pics/bank_4_seb.png HTTP/1.1" 200 2487
47.128.38.82 - - [29/Jun/2024:04:10:01 +0200] "GET /ticket2/opencms/system/modules/com.gridnine.opencms.ticketbrokerage.site/resources/pics/bank_5_visa_mastercard.png HTTP/1.1" 200 8196
47.128.38.82 - - [29/Jun/2024:04:10:01 +0200] "GET /ticket2/opencms/system/modules/com.gridnine.opencms.ticketbrokerage.site/resources/pics/bank_2_handelsbanken.png HTTP/1.1" 200 4509
47.128.38.82 - - [29/Jun/2024:04:10:01 +0200] "GET /ticket2/opencms/system/modules/com.gridnine.opencms.ticketbrokerage.site/resources/pics/bank_3_swedbank.png HTTP/1.1" 200 5740
47.128.38.82 - - [29/Jun/2024:04:10:01 +0200] "GET /ticket2/opencms/system/modules/com.gridnine.opencms.ticketbrokerage.site/resources/pics/bank_6_american_express.png HTTP/1.1" 200 5570
88.88.133.174 - - [29/Jun/2024:04:10:04 +0200] "GET /ticket2/opencms/en/buy/?page=1&edid=51B2CB32-7951-739E-6893-05415B594B46&sortorder=asc&column=section HTTP/1.1" 200 88499
88.88.133.174 - - [29/Jun/2024:04:10:07 +0200] "GET /ticket2/opencms/en/buy/?page=1&edid=5334896C-C3F5-3C15-5145-9352C3FF461E&sortorder=asc&column=price HTTP/1.1" 200 88494
88.88.133.174 - - [29/Jun/2024:04:10:10 +0200] "GET /ticket2/opencms/en/buy/?page=1&edid=5334896C-C3F5-3C15-5145-9352C3FF461E&sortorder=asc&column=section HTTP/1.1" 200 88494
88.88.133.174 - - [29/Jun/2024:04:10:13 +0200] "GET /ticket2/opencms/en/buy/?page=1&edid=5C8B3B85-933A-05F1-6523-80053ADA509F&sortorder=asc&column=price HTTP/1.1" 200 88495
88.88.133.174 - - [29/Jun/2024:04:10:16 +0200] "GET /ticket2/opencms/en/buy/?page=1&edid=5C8B3B85-933A-05F1-6523-80053ADA509F&sortorder=asc&column=row HTTP/1.1" 200 88495
88.88.133.174 - - [29/Jun/2024:04:10:19 +0200] "GET /ticket2/opencms/en/buy/?page=1&edid=5C8B3B85-933A-05F1-6523-80053ADA509F&sortorder=asc&column=section HTTP/1.1" 200 88495
88.88.133.174 - - [29/Jun/2024:04:10:22 +0200] "GET /ticket2/opencms/en/buy/?page=1&edid=631B7B95-4A80-92E3-56CC-8C92B2697E4D&sortorder=asc&column=price HTTP/1.1" 200 88494
88.88.133.174 - - [29/Jun/2024:04:10:25 +0200] "GET /ticket2/opencms/en/buy/?page=1&edid=631B7B95-4A80-92E3-56CC-8C92B2697E4D&sortorder=asc&column=row HTTP/1.1" 200 88494
65.108.227.178 - - [29/Jun/2024:04:10:25 +0200] "GET /ticket2/opencms/de/en/venue/?countryid=A2F220AE-4AF1-2377-6B91-A90A18E35FA2 HTTP/1.1" 404 -
66.249.72.33 - - [29/Jun/2024:04:10:27 +0200] "GET /ticket2/opencms/dk/buy/?page=1&edid=AC850F1A-F4BA-A4A5-63C8-2EAFDE9B0DCD HTTP/1.1" 200 85730
88.88.133.174 - - [29/Jun/2024:04:10:28 +0200] "GET /ticket2/opencms/en/buy/?page=1&edid=631B7B95-4A80-92E3-56CC-8C92B2697E4D&sortorder=asc&column=section HTTP/1.1" 200 88494
216.244.66.238 - - [29/Jun/2024:04:10:28 +0200] "GET /ticket2/opencms/robots.txt HTTP/1.1" 200 773
216.244.66.238 - - [29/Jun/2024:04:10:28 +0200] "GET /ticket2/opencms/robots.txt HTTP/1.1" 200 773
37.60.238.15 - - [29/Jun/2024:04:10:30 +0200] "GET /ticket2/opencms/de/fi/venue/?venueid=8527116B-A185-5000-BC60-51916E69D597 HTTP/1.1" 404 -
88.88.133.174 - - [29/Jun/2024:04:10:31 +0200] "GET /ticket2/opencms/en/buy/?page=1&edid=67B7FBFB-E5E2-DC98-C507-5A3A18AC072D&sortorder=asc&column=price HTTP/1.1" 200 88503
47.128.96.6 - - [29/Jun/2024:04:10:32 +0200] "GET /ticket2/opencms/es/buy/?catid=A4D9EA9A-192D-0274-BF26-9C98D8B902AB&comcatid=A17713B6-D984-201A-4143-ED4DB5ED5C2E HTTP/1.1" 200 83497
47.128.96.6 - - [29/Jun/2024:04:10:33 +0200] "GET /ticket2/opencms/system/modules/com.gridnine.opencms.ticketbrokerage.site/resources/pics/bank_3_swedbank.png HTTP/1.1" 200 5740
47.128.96.6 - - [29/Jun/2024:04:10:33 +0200] "GET /ticket2/opencms/system/modules/com.gridnine.opencms.ticketbrokerage.site/resources/pics/logo-new.png HTTP/1.1" 200 13541
47.128.96.6 - - [29/Jun/2024:04:10:33 +0200] "GET /ticket2/opencms/system/modules/com.gridnine.opencms.ticketbrokerage.site/resources/pics/bank_5_visa_mastercard.png HTTP/1.1" 200 8196
47.128.96.6 - - [29/Jun/2024:04:10:34 +0200] "GET /ticket2/opencms/system/modules/com.gridnine.opencms.ticketbrokerage.site/resources/pics/bank_1_nordea.png HTTP/1.1" 200 4807
88.88.133.174 - - [29/Jun/2024:04:10:34 +0200] "GET /ticket2/opencms/en/buy/?page=1&edid=67B7FBFB-E5E2-DC98-C507-5A3A18AC072D&sortorder=asc&column=row HTTP/1.1" 200 88503
47.128.96.6 - - [29/Jun/2024:04:10:34 +0200] "GET /ticket2/opencms/system/modules/com.gridnine.opencms.ticketbrokerage.site/resources/pics/bank_2_handelsbanken.png HTTP/1.1" 200 4509
47.128.96.6 - - [29/Jun/2024:04:10:34 +0200] "GET /ticket2/opencms/system/modules/com.gridnine.opencms.ticketbrokerage.site/resources/pics/bank_4_seb.png HTTP/1.1" 200 2487
47.128.96.6 - - [29/Jun/2024:04:10:34 +0200] "GET /ticket2/opencms/system/modules/com.gridnine.opencms.ticketbrokerage.site/resources/pics/bank_6_american_express.png HTTP/1.1" 200 5570
88.88.133.174 - - [29/Jun/2024:04:10:37 +0200] "GET /ticket2/opencms/en/buy/?page=1&edid=73DCD0AE-9ABE-D92B-9524-5973CAF97B92&sortorder=asc&column=price HTTP/1.1" 200 88499
88.88.133.174 - - [29/Jun/2024:04:10:40 +0200] "GET /ticket2/opencms/en/buy/?page=1&edid=73DCD0AE-9ABE-D92B-9524-5973CAF97B92&sortorder=asc&column=row HTTP/1.1" 200 88499
88.88.133.174 - - [29/Jun/2024:04:10:43 +0200] "GET /ticket2/opencms/en/buy/?page=1&edid=818BFE3F-AC93-486D-C86E-30E2A3081A30&sortorder=asc&column=price HTTP/1.1" 200 88497
66.249.76.161 - - [29/Jun/2024:04:10:45 +0200] "GET /ticket2/opencms/sv/buy?page=1&edid=875E6B51-C91B-C46E-A4FB-B3662BA0A6E8 HTTP/1.1" 200 88127
88.88.133.174 - - [29/Jun/2024:04:10:46 +0200] "GET /ticket2/opencms/en/buy/?page=1&edid=818BFE3F-AC93-486D-C86E-30E2A3081A30&sortorder=asc&column=row HTTP/1.1" 200 88497
52.167.144.203 - - [29/Jun/2024:04:10:46 +0200] "GET /ticket2/opencms/fi/buy/?page=1&edid=1D7B2448-B0FB-754A-F1FD-F23787A4071E&sortorder=desc&column=section HTTP/1.1" 200 90214
88.88.133.174 - - [29/Jun/2024:04:10:49 +0200] "GET /ticket2/opencms/en/buy/?page=1&edid=818BFE3F-AC93-486D-C86E-30E2A3081A30&sortorder=asc&column=section HTTP/1.1" 200 88497
88.88.133.174 - - [29/Jun/2024:04:10:52 +0200] "GET /ticket2/opencms/en/buy/?page=1&edid=8839DE43-02D6-1964-9569-34CA7978C5BC HTTP/1.1" 200 87191
158.220.119.91 - - [29/Jun/2024:04:10:54 +0200] "GET /ticket2/opencms/sv/buy/?page=1&edid=F259E72F-02E4-015A-C01E-095BEE9EC30F HTTP/1.1" 200 87498
88.88.133.174 - - [29/Jun/2024:04:10:55 +0200] "GET /ticket2/opencms/en/buy/?page=1&edid=8BCDA413-0A18-59D2-A3FB-49537454FAB9&sortorder=asc&column=price HTTP/1.1" 200 88500
216.245.221.83 - - [29/Jun/2024:04:10:55 +0200] "HEAD /ticket2/opencms/ HTTP/1.1" 302 -
88.88.133.174 - - [29/Jun/2024:04:10:58 +0200] "GET /ticket2/opencms/en/buy/?page=1&edid=8BCDA413-0A18-59D2-A3FB-49537454FAB9&sortorder=asc&column=row HTTP/1.1" 200 88500
216.245.221.83 - - [29/Jun/2024:04:10:58 +0200] "HEAD /ticket2/opencms/en/ HTTP/1.1" 200 -
88.88.133.174 - - [29/Jun/2024:04:11:01 +0200] "GET /ticket2/opencms/en/buy/?page=1&edid=8BCDA413-0A18-59D2-A3FB-49537454FAB9&sortorder=asc&column=section HTTP/1.1" 200 88500
65.108.227.178 - - [29/Jun/2024:04:11:02 +0200] "GET /ticket2/opencms/de/en/venue/?countryid=A3B02FE6-E314-D205-EF34-B3751539C7A7 HTTP/1.1" 404 -
20.51.175.14 - - [29/Jun/2024:04:11:03 +0200] "GET /ticket2/opencms/system/modules/com.gridnine.opencms.ticketbrokerage.site/resources/pics/right_side_bar/fi/facebook.png HTTP/1.1" 200 2017
88.88.133.174 - - [29/Jun/2024:04:11:04 +0200] "GET /ticket2/opencms/en/buy/?page=1&edid=BC1EC1ED-9DF8-C987-E2D9-7659501E4FC2&sortorder=asc&column=price HTTP/1.1" 200 88498
88.88.133.174 - - [29/Jun/2024:04:11:07 +0200] "GET /ticket2/opencms/en/buy/?page=1&edid=BC1EC1ED-9DF8-C987-E2D9-7659501E4FC2&sortorder=asc&column=row HTTP/1.1" 200 88498
114.119.159.123 - - [29/Jun/2024:04:11:07 +0200] "GET /ticket2/opencms/en/buy/?comcatid=A17713B6-D984-201A-4143-ED4DB5ED5C2E&catid=C871EAE3-C584-718A-9795-07CDEF43FA75 HTTP/1.1" 200 81677
88.88.133.174 - - [29/Jun/2024:04:11:10 +0200] "GET /ticket2/opencms/en/buy/?page=1&edid=BC1EC1ED-9DF8-C987-E2D9-7659501E4FC2&sortorder=asc&column=section HTTP/1.1" 200 88498
88.88.133.174 - - [29/Jun/2024:04:11:13 +0200] "GET /ticket2/opencms/en/buy/?page=1&edid=D3E72C5E-B547-4435-D0E1-AA20A6C0D9D5&sortorder=asc&column=price HTTP/1.1" 200 88494
66.249.75.167 - - [29/Jun/2024:04:11:14 +0200] "GET /ticket2/opencms/ru/legal_info/ruotsin_henkilotietolaki_1998.pdf HTTP/1.1" 200 67682
88.88.133.174 - - [29/Jun/2024:04:11:16 +0200] "GET /ticket2/opencms/en/buy/?page=1&edid=D3E72C5E-B547-4435-D0E1-AA20A6C0D9D5&sortorder=asc&column=row HTTP/1.1" 200 88494
37.60.238.15 - - [29/Jun/2024:04:11:17 +0200] "GET /ticket2/opencms/de/fi/venue/?venueid=853E22E8-AAA5-D638-4DB5-6F3AE80E94F8 HTTP/1.1" 404 -
88.88.133.174 - - [29/Jun/2024:04:11:19 +0200] "GET /ticket2/opencms/en/buy/?page=1&edid=D3E72C5E-B547-4435-D0E1-AA20A6C0D9D5&sortorder=asc&column=section HTTP/1.1" 200 88494
88.88.133.174 - - [29/Jun/2024:04:11:22 +0200] "GET /ticket2/opencms/en/buy/?page=1&edid=E462A33E-CFF3-5A74-C9A7-96B6A6F1D497&sortorder=asc&column=price HTTP/1.1" 200 88498
88.88.133.174 - - [29/Jun/2024:04:11:25 +0200] "GET /ticket2/opencms/en/buy/?page=1&edid=E462A33E-CFF3-5A74-C9A7-96B6A6F1D497&sortorder=asc&column=row HTTP/1.1" 200 88498
88.88.133.174 - - [29/Jun/2024:04:11:28 +0200] "GET /ticket2/opencms/en/buy/?page=1&edid=E462A33E-CFF3-5A74-C9A7-96B6A6F1D497&sortorder=asc&column=section HTTP/1.1" 200 88498
66.249.76.2 - - [29/Jun/2024:04:11:28 +0200] "GET /ticket2/opencms/sv/sport/fotbollsbiljetter/premier_league/ HTTP/1.1" 200 80300
47.128.110.179 - - [29/Jun/2024:04:11:29 +0200] "GET /ticket2/opencms/fi/venue/?countryid=8FA673E2-F13B-75C4-56CD-A4B786B7BC94 HTTP/1.1" 200 102292
47.128.110.179 - - [29/Jun/2024:04:11:29 +0200] "GET /ticket2/opencms/system/modules/com.gridnine.opencms.ticketbrokerage.site/resources/pics/logo-new.png HTTP/1.1" 200 13541
47.128.110.179 - - [29/Jun/2024:04:11:30 +0200] "GET /ticket2/opencms/system/modules/com.gridnine.opencms.ticketbrokerage.site/resources/pics/bank_1_nordea.png HTTP/1.1" 200 4807
47.128.110.179 - - [29/Jun/2024:04:11:30 +0200] "GET /ticket2/opencms/system/modules/com.gridnine.opencms.ticketbrokerage.site/resources/pics/bank_4_seb.png HTTP/1.1" 200 2487
47.128.110.179 - - [29/Jun/2024:04:11:30 +0200] "GET /ticket2/opencms/system/modules/com.gridnine.opencms.ticketbrokerage.site/resources/pics/bank_5_visa_mastercard.png HTTP/1.1" 200 8196
47.128.110.179 - - [29/Jun/2024:04:11:31 +0200] "GET /ticket2/opencms/system/modules/com.gridnine.opencms.ticketbrokerage.site/resources/pics/bank_2_handelsbanken.png HTTP/1.1" 200 4509
47.128.110.179 - - [29/Jun/2024:04:11:31 +0200] "GET /ticket2/opencms/system/modules/com.gridnine.opencms.ticketbrokerage.site/resources/pics/bank_3_swedbank.png HTTP/1.1" 200 5740
47.128.110.179 - - [29/Jun/2024:04:11:31 +0200] "GET /ticket2/opencms/system/modules/com.gridnine.opencms.ticketbrokerage.site/resources/pics/bank_6_american_express.png HTTP/1.1" 200 5570
88.88.133.174 - - [29/Jun/2024:04:11:31 +0200] "GET /ticket2/opencms/en/buy/?page=1&edid=E61B3D3B-0D83-E96C-2DE4-851DA573A893&sortorder=asc&column=price HTTP/1.1" 200 88503
88.88.133.174 - - [29/Jun/2024:04:11:34 +0200] "GET /ticket2/opencms/en/buy/?page=1&edid=E61B3D3B-0D83-E96C-2DE4-851DA573A893&sortorder=asc&column=row HTTP/1.1" 200 88503
88.88.133.174 - - [29/Jun/2024:04:11:37 +0200] "GET /ticket2/opencms/en/buy/?page=1&edid=E61B3D3B-0D83-E96C-2DE4-851DA573A893&sortorder=asc&column=section HTTP/1.1" 200 88503
88.88.133.174 - - [29/Jun/2024:04:11:40 +0200] "GET /ticket2/opencms/en/buy/?page=1&edid=EC417F9B-DD7F-7773-590C-8D387053773F&sortorder=asc&column=price HTTP/1.1" 200 88498
88.88.133.174 - - [29/Jun/2024:04:11:43 +0200] "GET /ticket2/opencms/en/buy/?page=1&edid=EC417F9B-DD7F-7773-590C-8D387053773F&sortorder=asc&column=row HTTP/1.1" 200 88498
40.77.167.4 - - [29/Jun/2024:04:11:46 +0200] "GET /ticket2/opencms/en/buy/?page=6&comcatid=A17713B6-D984-201A-4143-ED4DB5ED5C2E&catid=7ACC33AD-EE7E-AAA7-9050-0F4587759B87 HTTP/1.1" 200 82214
88.88.133.174 - - [29/Jun/2024:04:11:46 +0200] "GET /ticket2/opencms/en/buy/?page=1&edid=EC417F9B-DD7F-7773-590C-8D387053773F&sortorder=asc&column=section HTTP/1.1" 200 88498
65.108.227.178 - - [29/Jun/2024:04:11:47 +0200] "GET /ticket2/opencms/de/en/venue/?countryid=A41A8692-50A8-E04F-AB0B-A9766CB2286D HTTP/1.1" 404 -
88.88.133.174 - - [29/Jun/2024:04:11:51 +0200] "GET /ticket2/opencms/en/buy/?page=1&edid=01F2A948-87CA-060B-030E-779FF6FBE9B2&sortorder=asc&column=price HTTP/1.1" 200 88499
52.167.144.203 - - [29/Jun/2024:04:11:51 +0200] "GET /ticket2/opencms/sv/buy/?page=1&edid=128622B7-EDDD-3A5E-9897-BCB852F1E8F1 HTTP/1.1" 200 110882
88.88.133.174 - - [29/Jun/2024:04:11:55 +0200] "GET /ticket2/opencms/en/buy/?page=1&edid=01F2A948-87CA-060B-030E-779FF6FBE9B2&sortorder=asc&column=row HTTP/1.1" 200 88499
88.88.133.174 - - [29/Jun/2024:04:12:00 +0200] "GET /ticket2/opencms/en/buy/?page=1&edid=0CEC8633-C400-C905-54E3-2A651C6B122C&sortorder=asc&column=price HTTP/1.1" 200 88498
37.60.238.15 - - [29/Jun/2024:04:12:00 +0200] "GET /ticket2/opencms/de/fi/venue/?venueid=86A94F85-9F2F-8D78-963D-5E90833F60CD HTTP/1.1" 404 -
88.88.133.174 - - [29/Jun/2024:04:12:05 +0200] "GET /ticket2/opencms/en/buy/?page=1&edid=0CEC8633-C400-C905-54E3-2A651C6B122C&sortorder=asc&column=row HTTP/1.1" 200 88498
114.119.132.248 - - [29/Jun/2024:04:12:06 +0200] "GET /ticket2/opencms/en/buy/?page=1&edid=541F6EAB-2BE3-BBF9-B129-C716A5E49241 HTTP/1.1" 200 86745
88.88.133.174 - - [29/Jun/2024:04:12:10 +0200] "GET /ticket2/opencms/en/buy/?page=1&edid=0CEC8633-C400-C905-54E3-2A651C6B122C&sortorder=asc&column=section HTTP/1.1" 200 88498
88.88.133.174 - - [29/Jun/2024:04:12:14 +0200] "GET /ticket2/opencms/en/buy/?page=1&edid=2ADA95B2-5596-9A00-6386-EC0EB48A58F3&sortorder=asc&column=price HTTP/1.1" 200 88500
216.245.221.83 - - [29/Jun/2024:04:12:16 +0200] "HEAD /ticket2/opencms/ HTTP/1.1" 302 -
216.245.221.83 - - [29/Jun/2024:04:12:16 +0200] "HEAD /ticket2/opencms/en/ HTTP/1.1" 200 -
47.128.116.174 - - [29/Jun/2024:04:12:18 +0200] "GET /ticket2/opencms/nl/buy/?edid=D9F2239E-EF6A-EAF8-CB00-12A5392DA498 HTTP/1.1" 200 71077
47.128.116.174 - - [29/Jun/2024:04:12:19 +0200] "GET /ticket2/opencms/system/modules/com.gridnine.opencms.ticketbrokerage.site/resources/pics/logo-new.png HTTP/1.1" 200 13541
88.88.133.174 - - [29/Jun/2024:04:12:19 +0200] "GET /ticket2/opencms/en/buy/?page=1&edid=2ADA95B2-5596-9A00-6386-EC0EB48A58F3&sortorder=asc&column=row HTTP/1.1" 200 88500
47.128.116.174 - - [29/Jun/2024:04:12:19 +0200] "GET /ticket2/opencms/system/modules/com.gridnine.opencms.ticketbrokerage.site/resources/pics/bank_4_seb.png HTTP/1.1" 200 2487
47.128.116.174 - - [29/Jun/2024:04:12:20 +0200] "GET /ticket2/opencms/system/modules/com.gridnine.opencms.ticketbrokerage.site/resources/pics/bank_3_swedbank.png HTTP/1.1" 200 5740
47.128.116.174 - - [29/Jun/2024:04:12:20 +0200] "GET /ticket2/opencms/system/modules/com.gridnine.opencms.ticketbrokerage.site/resources/pics/bank_2_handelsbanken.png HTTP/1.1" 200 4509
47.128.116.174 - - [29/Jun/2024:04:12:20 +0200] "GET /ticket2/opencms/system/modules/com.gridnine.opencms.ticketbrokerage.site/resources/pics/bank_1_nordea.png HTTP/1.1" 200 4807
