47.128.118.185 - - [29/Jun/2024:05:10:04 +0200] "GET /ticket2/opencms/system/modules/com.gridnine.opencms.ticketbrokerage.site/resources/pics/bank_3_swedbank.png HTTP/1.1" 200 5740
47.128.118.185 - - [29/Jun/2024:05:10:05 +0200] "GET /ticket2/opencms/system/modules/com.gridnine.opencms.ticketbrokerage.site/resources/pics/bank_1_nordea.png HTTP/1.1" 200 4807
47.128.118.185 - - [29/Jun/2024:05:10:05 +0200] "GET /ticket2/opencms/system/modules/com.gridnine.opencms.ticketbrokerage.site/resources/pics/bank_4_seb.png HTTP/1.1" 200 2487
47.128.118.185 - - [29/Jun/2024:05:10:05 +0200] "GET /ticket2/opencms/system/modules/com.gridnine.opencms.ticketbrokerage.site/resources/pics/bank_5_visa_mastercard.png HTTP/1.1" 200 8196
47.128.118.185 - - [29/Jun/2024:05:10:05 +0200] "GET /ticket2/opencms/system/modules/com.gridnine.opencms.ticketbrokerage.site/resources/pics/bank_6_american_express.png HTTP/1.1" 200 5570
159.223.149.179 - - [29/Jun/2024:05:10:05 +0200] "CONNECT example.com:443 HTTP/1.1" 400 -
81.167.26.57 - - [29/Jun/2024:05:10:06 +0200] "GET /ticket2/opencms/dk/sv/buy/?page=1&edid=AE0B1CB0-C071-E4CC-A5D8-E94E57C9DEB0 HTTP/1.1" 404 -
185.191.171.10 - - [29/Jun/2024:05:10:06 +0200] "GET /ticket2/opencms/robots.txt HTTP/1.1" 200 773
185.191.171.8 - - [29/Jun/2024:05:10:07 +0200] "GET /ticket2/opencms/sv/magazine/article?title=vad-ar-fotboll HTTP/1.1" 200 77707
81.167.26.57 - - [29/Jun/2024:05:10:09 +0200] "GET /ticket2/opencms/dk/sv/buy/?page=1&edid=AE0B1CB0-C071-E4CC-A5D8-E94E57C9DEB0&sortorder=desc&column=price HTTP/1.1" 404 -
37.60.238.15 - - [29/Jun/2024:05:10:11 +0200] "GET /ticket2/opencms/de/fi/venue/?venueid=9DA8A4B3-4A97-FBB2-EFB7-185E7CEA4A49 HTTP/1.1" 404 -
185.191.171.19 - - [29/Jun/2024:05:10:12 +0200] "GET /ticket2/opencms/en/buy_safety HTTP/1.1" 200 71954
81.167.26.57 - - [29/Jun/2024:05:10:12 +0200] "GET /ticket2/opencms/dk/sv/buy/?page=1&edid=AE0B1CB0-C071-E4CC-A5D8-E94E57C9DEB0&sortorder=desc&column=row HTTP/1.1" 404 -
81.167.26.57 - - [29/Jun/2024:05:10:15 +0200] "GET /ticket2/opencms/dk/sv/buy/?page=1&edid=AE63670B-7025-D349-4FA6-EC4A70D9CCBD HTTP/1.1" 404 -
185.191.171.9 - - [29/Jun/2024:05:10:16 +0200] "GET /ticket2/opencms/en/sport/football-tickets/la-liga/real_sociedad/ HTTP/1.1" 200 73393
81.167.26.57 - - [29/Jun/2024:05:10:18 +0200] "GET /ticket2/opencms/dk/sv/buy/?page=1&edid=AE63670B-7025-D349-4FA6-EC4A70D9CCBD&sortorder=desc&column=price HTTP/1.1" 404 -
81.167.26.57 - - [29/Jun/2024:05:10:21 +0200] "GET /ticket2/opencms/dk/sv/buy/?page=1&edid=AE63670B-7025-D349-4FA6-EC4A70D9CCBD&sortorder=desc&column=row HTTP/1.1" 404 -
81.167.26.57 - - [29/Jun/2024:05:10:24 +0200] "GET /ticket2/opencms/dk/sv/buy/?page=1&edid=AE63670B-7025-D349-4FA6-EC4A70D9CCBD&sortorder=desc&column=section HTTP/1.1" 404 -
81.167.26.57 - - [29/Jun/2024:05:10:27 +0200] "GET /ticket2/opencms/dk/sv/buy/?page=1&edid=AE782AB5-7A41-EF35-A705-1424A1D319D7 HTTP/1.1" 404 -
81.167.26.57 - - [29/Jun/2024:05:10:30 +0200] "GET /ticket2/opencms/dk/sv/buy/?page=1&edid=AE782AB5-7A41-EF35-A705-1424A1D319D7&sortorder=desc&column=price HTTP/1.1" 404 -
81.167.26.57 - - [29/Jun/2024:05:10:33 +0200] "GET /ticket2/opencms/dk/sv/buy/?page=1&edid=AE782AB5-7A41-EF35-A705-1424A1D319D7&sortorder=desc&column=row HTTP/1.1" 404 -
81.167.26.57 - - [29/Jun/2024:05:10:36 +0200] "GET /ticket2/opencms/dk/sv/buy/?page=1&edid=AE782AB5-7A41-EF35-A705-1424A1D319D7&sortorder=desc&column=section HTTP/1.1" 404 -
52.167.144.166 - - [29/Jun/2024:05:10:36 +0200] "GET /ticket2/opencms/en/buy?page=1&edid=BB3F8D1C-F850-FE7D-2AC5-9536E18D91DF HTTP/1.1" 200 85214
185.191.171.19 - - [29/Jun/2024:05:10:38 +0200] "GET /ticket2/opencms/fi/urheilu/jalkapallo/premier_league/brighton/ HTTP/1.1" 200 84310
37.60.238.15 - - [29/Jun/2024:05:10:38 +0200] "GET /ticket2/opencms/de/fi/venue/?venueid=9E11657F-4DEC-23FB-7EA0-FBC7E33C2918 HTTP/1.1" 404 -
81.167.26.57 - - [29/Jun/2024:05:10:39 +0200] "GET /ticket2/opencms/dk/sv/buy/?page=1&edid=AEAF5AF4-E00D-AFA0-01F0-9CA5F3BC692F HTTP/1.1" 404 -
185.191.171.1 - - [29/Jun/2024:05:10:40 +0200] "GET /ticket2/opencms/sv/sport/fotbollsbiljetter/bundesliga/wolfsburg/ HTTP/1.1" 200 72995
81.167.26.57 - - [29/Jun/2024:05:10:42 +0200] "GET /ticket2/opencms/dk/sv/buy/?page=1&edid=AEAF5AF4-E00D-AFA0-01F0-9CA5F3BC692F&sortorder=desc&column=price HTTP/1.1" 404 -
65.108.227.178 - - [29/Jun/2024:05:10:43 +0200] "GET /ticket2/opencms/de/fi/venue/?countryid=86D8F5F1-1C66-F61F-D1EA-1BF1C36E41D6 HTTP/1.1" 404 -
81.167.26.57 - - [29/Jun/2024:05:10:45 +0200] "GET /ticket2/opencms/dk/sv/buy/?page=1&edid=AEAF5AF4-E00D-AFA0-01F0-9CA5F3BC692F&sortorder=desc&column=row HTTP/1.1" 404 -
81.167.26.57 - - [29/Jun/2024:05:10:48 +0200] "GET /ticket2/opencms/dk/sv/buy/?page=1&edid=AEAF5AF4-E00D-AFA0-01F0-9CA5F3BC692F&sortorder=desc&column=section HTTP/1.1" 404 -
81.167.26.57 - - [29/Jun/2024:05:10:51 +0200] "GET /ticket2/opencms/dk/sv/buy/?page=1&edid=AEE0E38F-0CA3-53E5-BE24-D612BD968C58 HTTP/1.1" 404 -
40.77.167.136 - - [29/Jun/2024:05:10:53 +0200] "GET /ticket2/opencms/en/?comcatid=66708183-7480-3365-06BF-DBF60280AB45 HTTP/1.1" 200 91208
81.167.26.57 - - [29/Jun/2024:05:10:54 +0200] "GET /ticket2/opencms/dk/sv/buy/?page=1&edid=AEE0E38F-0CA3-53E5-BE24-D612BD968C58&sortorder=desc&column=price HTTP/1.1" 404 -
216.245.221.83 - - [29/Jun/2024:05:10:55 +0200] "HEAD /ticket2/opencms/ HTTP/1.1" 302 -
216.245.221.83 - - [29/Jun/2024:05:10:56 +0200] "HEAD /ticket2/opencms/en/ HTTP/1.1" 200 -
81.167.26.57 - - [29/Jun/2024:05:10:57 +0200] "GET /ticket2/opencms/dk/sv/buy/?page=1&edid=AEE0E38F-0CA3-53E5-BE24-D612BD968C58&sortorder=desc&column=section HTTP/1.1" 404 -
37.60.238.15 - - [29/Jun/2024:05:10:57 +0200] "GET /ticket2/opencms/de/fi/venue/?venueid=9E6547A9-8704-3972-CB65-0FC9EBB9343F HTTP/1.1" 404 -
135.181.75.58 - - [29/Jun/2024:05:10:58 +0200] "GET /ticket2/opencms/de/nl/buy/?comcatid=0A6B8208-FDA4-E929-9D72-5312FD481B76&catid=AD8E612F-0F0B-03C9-5236-E4F8B6523945 HTTP/1.1" 404 -
47.128.62.171 - - [29/Jun/2024:05:10:59 +0200] "GET /ticket2/opencms/fi/venue/?countryid=55B682DB-9731-DD7B-33FA-C9B465971014 HTTP/1.1" 200 102292
81.167.26.57 - - [29/Jun/2024:05:11:00 +0200] "GET /ticket2/opencms/dk/sv/buy/?page=1&edid=AF3A3A75-5315-FE9D-022C-FD3048857E51&sortorder=desc&column=row HTTP/1.1" 404 -
47.128.62.171 - - [29/Jun/2024:05:11:00 +0200] "GET /ticket2/opencms/system/modules/com.gridnine.opencms.ticketbrokerage.site/resources/pics/logo-new.png HTTP/1.1" 200 13541
47.128.62.171 - - [29/Jun/2024:05:11:01 +0200] "GET /ticket2/opencms/system/modules/com.gridnine.opencms.ticketbrokerage.site/resources/pics/bank_5_visa_mastercard.png HTTP/1.1" 200 8196
47.128.62.171 - - [29/Jun/2024:05:11:01 +0200] "GET /ticket2/opencms/system/modules/com.gridnine.opencms.ticketbrokerage.site/resources/pics/bank_2_handelsbanken.png HTTP/1.1" 200 4509
47.128.62.171 - - [29/Jun/2024:05:11:01 +0200] "GET /ticket2/opencms/system/modules/com.gridnine.opencms.ticketbrokerage.site/resources/pics/bank_1_nordea.png HTTP/1.1" 200 4807
47.128.62.171 - - [29/Jun/2024:05:11:01 +0200] "GET /ticket2/opencms/system/modules/com.gridnine.opencms.ticketbrokerage.site/resources/pics/bank_4_seb.png HTTP/1.1" 200 2487
47.128.62.171 - - [29/Jun/2024:05:11:01 +0200] "GET /ticket2/opencms/system/modules/com.gridnine.opencms.ticketbrokerage.site/resources/pics/bank_3_swedbank.png HTTP/1.1" 200 5740
47.128.62.171 - - [29/Jun/2024:05:11:01 +0200] "GET /ticket2/opencms/system/modules/com.gridnine.opencms.ticketbrokerage.site/resources/pics/bank_6_american_express.png HTTP/1.1" 200 5570
81.167.26.57 - - [29/Jun/2024:05:11:03 +0200] "GET /ticket2/opencms/dk/sv/buy/?page=1&edid=AF803F6A-0017-610F-0DC2-F7B24937C777&sortorder=desc&column=row HTTP/1.1" 404 -
81.167.26.57 - - [29/Jun/2024:05:11:06 +0200] "GET /ticket2/opencms/dk/sv/buy/?page=1&edid=AF803F6A-0017-610F-0DC2-F7B24937C777&sortorder=desc&column=section HTTP/1.1" 404 -
114.119.128.162 - - [29/Jun/2024:05:11:09 +0200] "GET /ticket2/opencms/en/venue/?venueid=C73E0DCE-5592-ED9B-E2AF-FE9E3C67E821 HTTP/1.1" 200 71344
81.167.26.57 - - [29/Jun/2024:05:11:09 +0200] "GET /ticket2/opencms/dk/sv/buy/?page=1&edid=AF80C818-FF75-5C12-C3B5-5267B16E3FE6&sortorder=desc&column=price HTTP/1.1" 404 -
81.167.26.57 - - [29/Jun/2024:05:11:12 +0200] "GET /ticket2/opencms/dk/sv/buy/?page=1&edid=AF80C818-FF75-5C12-C3B5-5267B16E3FE6&sortorder=desc&column=section HTTP/1.1" 404 -
81.167.26.57 - - [29/Jun/2024:05:11:15 +0200] "GET /ticket2/opencms/dk/sv/buy/?page=1&edid=AFA3EF8F-030A-999D-4E9D-D4614B40CD4F&sortorder=desc&column=row HTTP/1.1" 404 -
81.167.26.57 - - [29/Jun/2024:05:11:18 +0200] "GET /ticket2/opencms/dk/sv/buy/?page=1&edid=B007039E-4545-37ED-654E-25C2BDE7C03C HTTP/1.1" 404 -
81.167.26.57 - - [29/Jun/2024:05:11:21 +0200] "GET /ticket2/opencms/dk/sv/buy/?page=1&edid=B007039E-4545-37ED-654E-25C2BDE7C03C&sortorder=desc&column=row HTTP/1.1" 404 -
66.249.72.35 - - [29/Jun/2024:05:11:22 +0200] "GET /ticket2/opencms/en/venue/?venueid=678131D6-267B-A67E-3FCF-710EEFB21484 HTTP/1.1" 200 71347
81.167.26.57 - - [29/Jun/2024:05:11:24 +0200] "GET /ticket2/opencms/dk/sv/buy/?page=1&edid=B007039E-4545-37ED-654E-25C2BDE7C03C&sortorder=desc&column=section HTTP/1.1" 404 -
37.60.238.15 - - [29/Jun/2024:05:11:27 +0200] "GET /ticket2/opencms/de/fi/venue/?venueid=9EB8E447-E55D-1868-BABC-F174667BAE9B HTTP/1.1" 404 -
81.167.26.57 - - [29/Jun/2024:05:11:27 +0200] "GET /ticket2/opencms/dk/sv/buy/?page=1&edid=B014DF0F-F266-3D9C-BBBB-BAE7F5E631AD HTTP/1.1" 404 -
81.167.26.57 - - [29/Jun/2024:05:11:30 +0200] "GET /ticket2/opencms/dk/sv/buy/?page=1&edid=B014DF0F-F266-3D9C-BBBB-BAE7F5E631AD&sortorder=desc&column=price HTTP/1.1" 404 -
81.167.26.57 - - [29/Jun/2024:05:11:33 +0200] "GET /ticket2/opencms/dk/sv/buy/?page=1&edid=B014DF0F-F266-3D9C-BBBB-BAE7F5E631AD&sortorder=desc&column=row HTTP/1.1" 404 -
81.167.26.57 - - [29/Jun/2024:05:11:36 +0200] "GET /ticket2/opencms/dk/sv/buy/?page=1&edid=B014DF0F-F266-3D9C-BBBB-BAE7F5E631AD&sortorder=desc&column=section HTTP/1.1" 404 -
81.167.26.57 - - [29/Jun/2024:05:11:39 +0200] "GET /ticket2/opencms/dk/sv/buy/?page=1&edid=B01EB766-CA7D-1A19-0DC1-D3305DF28EF7 HTTP/1.1" 404 -
185.169.252.159 - - [29/Jun/2024:05:11:39 +0200] "GET /ticket2/opencms/sv/login/?edid=458B1568-FE0A-15E4-B731-02A001EA1C95 HTTP/1.1" 200 74250
81.167.26.57 - - [29/Jun/2024:05:11:42 +0200] "GET /ticket2/opencms/dk/sv/buy/?page=1&edid=B01EB766-CA7D-1A19-0DC1-D3305DF28EF7&sortorder=desc&column=price HTTP/1.1" 404 -
81.167.26.57 - - [29/Jun/2024:05:11:45 +0200] "GET /ticket2/opencms/dk/sv/buy/?page=1&edid=B01EB766-CA7D-1A19-0DC1-D3305DF28EF7&sortorder=desc&column=section HTTP/1.1" 404 -
81.167.26.57 - - [29/Jun/2024:05:11:48 +0200] "GET /ticket2/opencms/dk/sv/buy/?page=1&edid=B03E07E3-7AEB-A13D-3217-AD4A7760899B HTTP/1.1" 404 -
216.244.66.238 - - [29/Jun/2024:05:11:49 +0200] "GET /ticket2/opencms/dk/en/venue/?venueid=353987F9-BE5F-F2A2-0D30-ACE5C9B1DA27 HTTP/1.1" 404 -
81.167.26.57 - - [29/Jun/2024:05:11:51 +0200] "GET /ticket2/opencms/dk/sv/buy/?page=1&edid=B03E07E3-7AEB-A13D-3217-AD4A7760899B&sortorder=desc&column=price HTTP/1.1" 404 -
66.249.76.160 - - [29/Jun/2024:05:11:52 +0200] "GET /ticket2/opencms/sv/konsertbiljetter/ HTTP/1.1" 200 73624
81.167.26.57 - - [29/Jun/2024:05:11:54 +0200] "GET /ticket2/opencms/dk/sv/buy/?page=1&edid=B10AF00E-0324-7445-7D15-B9217548CB2C HTTP/1.1" 404 -
47.128.45.142 - - [29/Jun/2024:05:11:56 +0200] "GET /ticket2/opencms/fi/venue/?venueid=D1E3CA2F-D440-9494-7505-2287047FEB0E HTTP/1.1" 200 72982
47.128.45.142 - - [29/Jun/2024:05:11:57 +0200] "GET /ticket2/opencms/system/modules/com.gridnine.opencms.ticketbrokerage.site/resources/pics/logo-new.png HTTP/1.1" 200 13541
47.128.45.142 - - [29/Jun/2024:05:11:57 +0200] "GET /ticket2/opencms/venue/liberty_stadium.png HTTP/1.1" 200 250802
81.167.26.57 - - [29/Jun/2024:05:11:57 +0200] "GET /ticket2/opencms/dk/sv/buy/?page=1&edid=B10AF00E-0324-7445-7D15-B9217548CB2C&sortorder=desc&column=price HTTP/1.1" 404 -
47.128.45.142 - - [29/Jun/2024:05:11:58 +0200] "GET /ticket2/opencms/system/modules/com.gridnine.opencms.ticketbrokerage.site/resources/pics/bank_3_swedbank.png HTTP/1.1" 200 5740
47.128.45.142 - - [29/Jun/2024:05:11:58 +0200] "GET /ticket2/opencms/system/modules/com.gridnine.opencms.ticketbrokerage.site/resources/pics/bank_1_nordea.png HTTP/1.1" 200 4807
47.128.45.142 - - [29/Jun/2024:05:11:58 +0200] "GET /ticket2/opencms/system/modules/com.gridnine.opencms.ticketbrokerage.site/resources/pics/bank_2_handelsbanken.png HTTP/1.1" 200 4509
47.128.45.142 - - [29/Jun/2024:05:11:58 +0200] "GET /ticket2/opencms/system/modules/com.gridnine.opencms.ticketbrokerage.site/resources/pics/bank_4_seb.png HTTP/1.1" 200 2487
47.128.45.142 - - [29/Jun/2024:05:11:58 +0200] "GET /ticket2/opencms/system/modules/com.gridnine.opencms.ticketbrokerage.site/resources/pics/bank_5_visa_mastercard.png HTTP/1.1" 200 8196
47.128.45.142 - - [29/Jun/2024:05:11:58 +0200] "GET /ticket2/opencms/system/modules/com.gridnine.opencms.ticketbrokerage.site/resources/pics/bank_6_american_express.png HTTP/1.1" 200 5570
47.128.63.161 - - [29/Jun/2024:05:12:00 +0200] "GET /ticket2/opencms/nl/buy/?edid=32C765D3-F869-7E5E-98A4-5E68576F52A5 HTTP/1.1" 200 71077
81.167.26.57 - - [29/Jun/2024:05:12:00 +0200] "GET /ticket2/opencms/dk/sv/buy/?page=1&edid=B10AF00E-0324-7445-7D15-B9217548CB2C&sortorder=desc&column=section HTTP/1.1" 404 -
65.108.227.178 - - [29/Jun/2024:05:12:00 +0200] "GET /ticket2/opencms/de/fi/venue/?countryid=86F93FF6-B3C2-4693-7679-0BD214A3D804 HTTP/1.1" 404 -
47.128.63.161 - - [29/Jun/2024:05:12:01 +0200] "GET /ticket2/opencms/system/modules/com.gridnine.opencms.ticketbrokerage.site/resources/pics/logo-new.png HTTP/1.1" 200 13541
47.128.63.161 - - [29/Jun/2024:05:12:01 +0200] "GET /ticket2/opencms/system/modules/com.gridnine.opencms.ticketbrokerage.site/resources/pics/bank_1_nordea.png HTTP/1.1" 200 4807
47.128.63.161 - - [29/Jun/2024:05:12:01 +0200] "GET /ticket2/opencms/system/modules/com.gridnine.opencms.ticketbrokerage.site/resources/pics/bank_5_visa_mastercard.png HTTP/1.1" 200 8196
47.128.63.161 - - [29/Jun/2024:05:12:02 +0200] "GET /ticket2/opencms/system/modules/com.gridnine.opencms.ticketbrokerage.site/resources/pics/bank_4_seb.png HTTP/1.1" 200 2487
47.128.63.161 - - [29/Jun/2024:05:12:02 +0200] "GET /ticket2/opencms/system/modules/com.gridnine.opencms.ticketbrokerage.site/resources/pics/bank_2_handelsbanken.png HTTP/1.1" 200 4509
47.128.63.161 - - [29/Jun/2024:05:12:02 +0200] "GET /ticket2/opencms/system/modules/com.gridnine.opencms.ticketbrokerage.site/resources/pics/bank_3_swedbank.png HTTP/1.1" 200 5740
47.128.63.161 - - [29/Jun/2024:05:12:02 +0200] "GET /ticket2/opencms/system/modules/com.gridnine.opencms.ticketbrokerage.site/resources/pics/bank_6_american_express.png HTTP/1.1" 200 5570
135.181.75.58 - - [29/Jun/2024:05:12:03 +0200] "GET /ticket2/opencms/de/nl/buy/?comcatid=0A6B8208-FDA4-E929-9D72-5312FD481B76&catid=CB847559-7ECA-CC50-D7D2-064AF0C06FB1 HTTP/1.1" 404 -
81.167.26.57 - - [29/Jun/2024:05:12:03 +0200] "GET /ticket2/opencms/dk/sv/buy/?page=1&edid=B16B2748-287D-0D91-6866-4DCD09F2BFB1 HTTP/1.1" 404 -
81.167.26.57 - - [29/Jun/2024:05:12:06 +0200] "GET /ticket2/opencms/dk/sv/buy/?page=1&edid=B18027D6-B45A-F7C3-86D8-199E36269DA4 HTTP/1.1" 404 -
37.60.238.15 - - [29/Jun/2024:05:12:06 +0200] "GET /ticket2/opencms/de/fi/venue/?venueid=9F527521-42A0-A302-0BE9-10280D75A460 HTTP/1.1" 404 -
114.119.130.175 - - [29/Jun/2024:05:12:08 +0200] "GET /ticket2/opencms/en/buy/?page=1&edid=2F5348E0-6AE0-6733-E598-CC28820DA6F7 HTTP/1.1" 200 86752
81.167.26.57 - - [29/Jun/2024:05:12:09 +0200] "GET /ticket2/opencms/dk/sv/buy/?page=1&edid=B18027D6-B45A-F7C3-86D8-199E36269DA4&sortorder=desc&column=price HTTP/1.1" 404 -
81.167.26.57 - - [29/Jun/2024:05:12:12 +0200] "GET /ticket2/opencms/dk/sv/buy/?page=1&edid=BCCE5493-7F07-107D-7782-B1E85DBB415D&sortorder=asc&column=row HTTP/1.1" 404 -
81.167.26.57 - - [29/Jun/2024:05:12:15 +0200] "GET /ticket2/opencms/dk/sv/buy/?page=1&edid=BCCE5493-7F07-107D-7782-B1E85DBB415D&sortorder=asc&column=section HTTP/1.1" 404 -
216.245.221.83 - - [29/Jun/2024:05:12:15 +0200] "HEAD /ticket2/opencms/ HTTP/1.1" 302 -
216.245.221.83 - - [29/Jun/2024:05:12:16 +0200] "HEAD /ticket2/opencms/en/ HTTP/1.1" 200 -
81.167.26.57 - - [29/Jun/2024:05:12:18 +0200] "GET /ticket2/opencms/dk/sv/buy/?page=1&edid=BE3989E9-E417-FEC1-0DE3-5B20F52B6312&sortorder=asc&column=price HTTP/1.1" 404 -
81.167.26.57 - - [29/Jun/2024:05:12:21 +0200] "GET /ticket2/opencms/dk/sv/buy/?page=1&edid=BE3989E9-E417-FEC1-0DE3-5B20F52B6312&sortorder=asc&column=row HTTP/1.1" 404 -
114.119.153.220 - - [29/Jun/2024:05:12:21 +0200] "GET /ticket2/opencms/en/venue/?venueid=6AEAE4F9-6A8D-25BD-489B-DC7310A7EAF9 HTTP/1.1" 200 71342
81.167.26.57 - - [29/Jun/2024:05:12:24 +0200] "GET /ticket2/opencms/dk/sv/buy/?page=1&edid=BE3989E9-E417-FEC1-0DE3-5B20F52B6312&sortorder=asc&column=section HTTP/1.1" 404 -
185.191.171.7 - - [29/Jun/2024:05:12:26 +0200] "GET /ticket2/opencms/de/sport/fussball-tickets/serie_a/monza/ HTTP/1.1" 200 72805
81.167.26.57 - - [29/Jun/2024:05:12:27 +0200] "GET /ticket2/opencms/dk/sv/buy/?page=1&edid=C255ADEF-7021-B11F-8DF7-85BD679EA134&sortorder=desc&column=price HTTP/1.1" 404 -
81.167.26.57 - - [29/Jun/2024:05:12:30 +0200] "GET /ticket2/opencms/dk/sv/buy/?page=1&edid=C2C96D4A-A8C3-D5FC-2638-E050ECF38B9E HTTP/1.1" 404 -
81.167.26.57 - - [29/Jun/2024:05:12:33 +0200] "GET /ticket2/opencms/dk/sv/buy/?page=1&edid=CBA01ADE-7DF6-4B0F-74F0-624423448404&sortorder=desc&column=price HTTP/1.1" 404 -
81.167.26.57 - - [29/Jun/2024:05:12:36 +0200] "GET /ticket2/opencms/dk/sv/buy/?page=1&edid=D0713995-7A61-911E-7E61-253175699AC7&sortorder=desc&column=section HTTP/1.1" 404 -
114.119.138.235 - - [29/Jun/2024:05:12:37 +0200] "GET /ticket2/opencms/en/buy/?page=1&edid=C9DA2AB9-6CCB-E634-77BA-C97F24195525 HTTP/1.1" 200 88338
81.167.26.57 - - [29/Jun/2024:05:12:39 +0200] "GET /ticket2/opencms/dk/sv/buy/?page=1&edid=D08945F5-D70F-C59A-B769-F879AA2ED4F4&sortorder=asc&column=section HTTP/1.1" 404 -
37.60.238.15 - - [29/Jun/2024:05:12:41 +0200] "GET /ticket2/opencms/de/fi/venue/?venueid=9FC61706-691B-2FC8-2F9C-0FE72518174E HTTP/1.1" 404 -
81.167.26.57 - - [29/Jun/2024:05:12:42 +0200] "GET /ticket2/opencms/dk/sv/buy/?page=1&edid=D156CAE1-A0B1-59DD-D44A-719128E6266A&sortorder=desc&column=section HTTP/1.1" 404 -
81.167.26.57 - - [29/Jun/2024:05:12:45 +0200] "GET /ticket2/opencms/dk/sv/buy/?page=1&edid=D16B0ADA-1A36-C9C7-25BB-1FC6E0AF953A HTTP/1.1" 404 -
81.167.26.57 - - [29/Jun/2024:05:12:48 +0200] "GET /ticket2/opencms/dk/sv/buy/?page=1&edid=D216C89C-1168-1804-250B-153C2E458950&sortorder=asc&column=section HTTP/1.1" 404 -
81.167.26.57 - - [29/Jun/2024:05:12:51 +0200] "GET /ticket2/opencms/dk/sv/buy/?page=1&edid=D21A287B-B22E-7CED-945F-4E21093950FF HTTP/1.1" 404 -
81.167.26.57 - - [29/Jun/2024:05:12:54 +0200] "GET /ticket2/opencms/dk/sv/buy/?page=1&edid=D21A287B-B22E-7CED-945F-4E21093950FF&sortorder=desc&column=price HTTP/1.1" 404 -
81.167.26.57 - - [29/Jun/2024:05:12:57 +0200] "GET /ticket2/opencms/dk/sv/buy/?page=1&edid=D21A287B-B22E-7CED-945F-4E21093950FF&sortorder=desc&column=section HTTP/1.1" 404 -
81.167.26.57 - - [29/Jun/2024:05:13:00 +0200] "GET /ticket2/opencms/dk/sv/buy/?page=1&edid=D26ED13E-4215-F48C-F619-DF19BC14B328 HTTP/1.1" 404 -
81.167.26.57 - - [29/Jun/2024:05:13:03 +0200] "GET /ticket2/opencms/dk/sv/buy/?page=1&edid=D26ED13E-4215-F48C-F619-DF19BC14B328&sortorder=desc&column=price HTTP/1.1" 404 -
66.249.75.168 - - [29/Jun/2024:05:13:07 +0200] "GET /ticket2/opencms/ HTTP/1.1" 302 -
185.191.171.18 - - [29/Jun/2024:05:13:07 +0200] "GET /ticket2/opencms/sv/magazine/article?title=chelsea HTTP/1.1" 200 72096
135.181.75.58 - - [29/Jun/2024:05:13:09 +0200] "GET /ticket2/opencms/de/nl/buy/?comcatid=0A6B8208-FDA4-E929-9D72-5312FD481B76&catid=FCA7FF95-260A-464B-B6FF-A820FCE7DFEF HTTP/1.1" 404 -
66.249.75.168 - - [29/Jun/2024:05:13:10 +0200] "GET /ticket2/opencms/sv/ HTTP/1.1" 200 91831
78.108.177.51 - - [29/Jun/2024:05:13:11 +0200] "GET / HTTP/1.0" 404 -
66.249.76.170 - - [29/Jun/2024:05:13:11 +0200] "GET /ticket2/opencms/system/modules/com.gridnine.opencms.ticketbrokerage.site/resources/js/stickyfill.min.js HTTP/1.1" 200 5672
66.249.76.160 - - [29/Jun/2024:05:13:12 +0200] "GET /ticket2/opencms/system/modules/com.gridnine.opencms.ticketbrokerage.site/resources/js/jquery.fancybox.pack.js HTTP/1.1" 200 23187
66.249.75.168 - - [29/Jun/2024:05:13:12 +0200] "GET /ticket2/opencms/system/modules/com.gridnine.opencms.ticketbrokerage.site/resources/js/jquery/jquery.js HTTP/1.1" 200 93868
66.249.76.160 - - [29/Jun/2024:05:13:13 +0200] "GET /ticket2/opencms/system/modules/com.gridnine.opencms.ticketbrokerage.site/resources/js/jquery/jquery-ui.js HTTP/1.1" 200 228088
66.249.76.170 - - [29/Jun/2024:05:13:14 +0200] "GET /ticket2/opencms/system/modules/com.gridnine.opencms.ticketbrokerage.site/resources/css/jquery-ui.css HTTP/1.1" 200 33221
37.60.238.15 - - [29/Jun/2024:05:13:14 +0200] "GET /ticket2/opencms/de/fi/venue/?venueid=A003754C-3E1C-9E13-64E9-6F827A08D00B HTTP/1.1" 404 -
66.249.75.168 - - [29/Jun/2024:05:13:14 +0200] "GET /ticket2/opencms/system/modules/com.gridnine.opencms.ticketbrokerage.site/resources/js/common-ajax.js HTTP/1.1" 200 20175
66.249.76.170 - - [29/Jun/2024:05:13:15 +0200] "GET /ticket2/opencms/system/modules/com.gridnine.opencms.ticketbrokerage.site/resources/js/jquery.placeholder.min.js HTTP/1.1" 200 1737
65.108.227.178 - - [29/Jun/2024:05:13:16 +0200] "GET /ticket2/opencms/de/fi/venue/?countryid=87042EBC-41CD-88B3-A5A5-7C6AF4E19F07 HTTP/1.1" 404 -
66.249.72.33 - - [29/Jun/2024:05:13:24 +0200] "GET /ticket2/opencms/dk/buy/?page=1&edid=24658CB7-0503-4139-A73F-444B9F961692 HTTP/1.1" 200 85732
185.169.252.159 - - [29/Jun/2024:05:13:29 +0200] "GET /ticket2/opencms/sv/login/?edid=47BA2EA5-F206-8457-9ADF-8F0301D784AE HTTP/1.1" 200 74250
37.60.238.15 - - [29/Jun/2024:05:13:40 +0200] "GET /ticket2/opencms/de/fi/venue/?venueid=A0215E07-B078-8AA5-6DA4-5B2EADC61CED HTTP/1.1" 404 -
185.191.171.10 - - [29/Jun/2024:05:13:48 +0200] "GET /ticket2/opencms/fi/urheilu/jalkapallo/la-liga/atletico_madrid/ HTTP/1.1" 200 75781
37.60.238.15 - - [29/Jun/2024:05:14:10 +0200] "GET /ticket2/opencms/de/fi/venue/?venueid=A0B35C83-269D-8EEE-39B8-9C45CBF0DD7B HTTP/1.1" 404 -
47.128.124.193 - - [29/Jun/2024:05:14:17 +0200] "GET /ticket2/opencms/fi/venue/?countryid=FF003B65-76E6-22ED-7100-B7664691B6BF HTTP/1.1" 200 102292
47.128.124.193 - - [29/Jun/2024:05:14:17 +0200] "GET /ticket2/opencms/system/modules/com.gridnine.opencms.ticketbrokerage.site/resources/pics/logo-new.png HTTP/1.1" 200 13541
47.128.124.193 - - [29/Jun/2024:05:14:18 +0200] "GET /ticket2/opencms/system/modules/com.gridnine.opencms.ticketbrokerage.site/resources/pics/bank_5_visa_mastercard.png HTTP/1.1" 200 8196
47.128.28.170 - - [29/Jun/2024:05:14:18 +0200] "GET /ticket2/opencms/fi/buy/?edid=C4141B0C-454E-2CA8-556F-909E6DA54D22 HTTP/1.1" 200 73261
47.128.124.193 - - [29/Jun/2024:05:14:18 +0200] "GET /ticket2/opencms/system/modules/com.gridnine.opencms.ticketbrokerage.site/resources/pics/bank_4_seb.png HTTP/1.1" 200 2487
47.128.124.193 - - [29/Jun/2024:05:14:18 +0200] "GET /ticket2/opencms/system/modules/com.gridnine.opencms.ticketbrokerage.site/resources/pics/bank_1_nordea.png HTTP/1.1" 200 4807
47.128.124.193 - - [29/Jun/2024:05:14:19 +0200] "GET /ticket2/opencms/system/modules/com.gridnine.opencms.ticketbrokerage.site/resources/pics/bank_2_handelsbanken.png HTTP/1.1" 200 4509
47.128.124.193 - - [29/Jun/2024:05:14:19 +0200] "GET /ticket2/opencms/system/modules/com.gridnine.opencms.ticketbrokerage.site/resources/pics/bank_3_swedbank.png HTTP/1.1" 200 5740
47.128.124.193 - - [29/Jun/2024:05:14:19 +0200] "GET /ticket2/opencms/system/modules/com.gridnine.opencms.ticketbrokerage.site/resources/pics/bank_6_american_express.png HTTP/1.1" 200 5570
47.128.28.170 - - [29/Jun/2024:05:14:19 +0200] "GET /ticket2/opencms/system/modules/com.gridnine.opencms.ticketbrokerage.site/resources/pics/logo-new.png HTTP/1.1" 200 13541
47.128.28.170 - - [29/Jun/2024:05:14:19 +0200] "GET /ticket2/opencms/system/modules/com.gridnine.opencms.ticketbrokerage.site/resources/pics/bank_1_nordea.png HTTP/1.1" 200 4807
47.128.28.170 - - [29/Jun/2024:05:14:19 +0200] "GET /ticket2/opencms/system/modules/com.gridnine.opencms.ticketbrokerage.site/resources/pics/bank_6_american_express.png HTTP/1.1" 200 5570
47.128.28.170 - - [29/Jun/2024:05:14:20 +0200] "GET /ticket2/opencms/system/modules/com.gridnine.opencms.ticketbrokerage.site/resources/pics/bank_4_seb.png HTTP/1.1" 200 2487
47.128.28.170 - - [29/Jun/2024:05:14:20 +0200] "GET /ticket2/opencms/system/modules/com.gridnine.opencms.ticketbrokerage.site/resources/pics/bank_2_handelsbanken.png HTTP/1.1" 200 4509
47.128.28.170 - - [29/Jun/2024:05:14:20 +0200] "GET /ticket2/opencms/system/modules/com.gridnine.opencms.ticketbrokerage.site/resources/pics/bank_3_swedbank.png HTTP/1.1" 200 5740
47.128.28.170 - - [29/Jun/2024:05:14:20 +0200] "GET /ticket2/opencms/system/modules/com.gridnine.opencms.ticketbrokerage.site/resources/pics/bank_5_visa_mastercard.png HTTP/1.1" 200 8196
216.244.66.238 - - [29/Jun/2024:05:14:20 +0200] "GET /ticket2/opencms/dk/en/sell/?edid=40B70B22-910C-2CEB-BC32-2263AEA98A84 HTTP/1.1" 404 -
135.181.75.58 - - [29/Jun/2024:05:14:24 +0200] "GET /ticket2/opencms/de/nl/buy/?comcatid=66708183-7480-3365-06BF-DBF60280AB45 HTTP/1.1" 404 -
37.60.238.15 - - [29/Jun/2024:05:14:28 +0200] "GET /ticket2/opencms/de/fi/venue/?venueid=A0E4EE07-64B1-76B6-E369-05D7AACF7559 HTTP/1.1" 404 -
66.249.87.200 - - [29/Jun/2024:05:14:33 +0200] "GET /ticket2/opencms/dk/ HTTP/1.1" 200 91647
65.108.227.178 - - [29/Jun/2024:05:14:37 +0200] "GET /ticket2/opencms/de/fi/venue/?countryid=87A0CCAA-3D1F-51AB-962B-6BBE856D2C40 HTTP/1.1" 404 -
40.77.167.76 - - [29/Jun/2024:05:14:37 +0200] "GET /ticket2/opencms/en/sell/?edid=94790677-3E35-552C-B834-014C4FA18E0B HTTP/1.1" 302 -
40.77.167.76 - - [29/Jun/2024:05:14:40 +0200] "GET /ticket2/opencms/en/login/?url=/en/sell/ HTTP/1.1" 200 73431
185.191.171.4 - - [29/Jun/2024:05:14:44 +0200] "GET /ticket2/opencms/fi/standard HTTP/1.1" 200 86223
185.191.171.12 - - [29/Jun/2024:05:14:45 +0200] "GET /ticket2/opencms/no/sport/fotballsbilletter/premier_league/cardiff_city/ HTTP/1.1" 200 74600
216.244.66.238 - - [29/Jun/2024:05:14:50 +0200] "GET /ticket2/opencms/dk/en/venue/?countryid=6F3B2F32-4F0D-5515-B82B-E3D86CD1E73F HTTP/1.1" 404 -
216.244.66.238 - - [29/Jun/2024:05:14:54 +0200] "GET /ticket2/opencms/dk/en/venue/?countryid=8FA673E2-F13B-75C4-56CD-A4B786B7BC94 HTTP/1.1" 404 -
158.220.119.91 - - [29/Jun/2024:05:14:55 +0200] "GET /ticket2/opencms/sv/login/?edid=4AA1A3FD-3036-C1F9-9810-5DBB244FD7DF HTTP/1.1" 200 74250
114.119.155.23 - - [29/Jun/2024:05:14:56 +0200] "GET /ticket2/opencms/en/venue/?countryid=8FA673E2-F13B-75C4-56CD-A4B786B7BC94 HTTP/1.1" 200 100730
37.60.238.15 - - [29/Jun/2024:05:14:57 +0200] "GET /ticket2/opencms/de/fi/venue/?venueid=A107EE08-ED64-E57F-E733-30B760B5B864 HTTP/1.1" 404 -
52.167.144.171 - - [29/Jun/2024:05:15:02 +0200] "GET /ticket2/opencms/en/buy?page=1&edid=6B1BC3D5-41D5-1130-8508-F118D3CA5AB9 HTTP/1.1" 200 113361
47.128.121.167 - - [29/Jun/2024:05:15:13 +0200] "GET /ticket2/opencms/no/buy/?catid=E03F2203-3943-A0F0-A47D-D9E7CDA79C6B&comcatid=B41CCF2B-5558-7AEE-3602-09BBDE417D65&page=6 HTTP/1.1" 200 74745
47.128.121.167 - - [29/Jun/2024:05:15:14 +0200] "GET /ticket2/opencms/system/modules/com.gridnine.opencms.ticketbrokerage.site/resources/pics/logo-new.png HTTP/1.1" 200 13541
47.128.121.167 - - [29/Jun/2024:05:15:15 +0200] "GET /ticket2/opencms/system/modules/com.gridnine.opencms.ticketbrokerage.site/resources/pics/bank_2_handelsbanken.png HTTP/1.1" 200 4509
47.128.121.167 - - [29/Jun/2024:05:15:15 +0200] "GET /ticket2/opencms/system/modules/com.gridnine.opencms.ticketbrokerage.site/resources/pics/bank_1_nordea.png HTTP/1.1" 200 4807
47.128.121.167 - - [29/Jun/2024:05:15:15 +0200] "GET /ticket2/opencms/system/modules/com.gridnine.opencms.ticketbrokerage.site/resources/pics/bank_5_visa_mastercard.png HTTP/1.1" 200 8196
47.128.121.167 - - [29/Jun/2024:05:15:15 +0200] "GET /ticket2/opencms/system/modules/com.gridnine.opencms.ticketbrokerage.site/resources/pics/bank_3_swedbank.png HTTP/1.1" 200 5740
47.128.121.167 - - [29/Jun/2024:05:15:15 +0200] "GET /ticket2/opencms/system/modules/com.gridnine.opencms.ticketbrokerage.site/resources/pics/bank_4_seb.png HTTP/1.1" 200 2487
47.128.121.167 - - [29/Jun/2024:05:15:15 +0200] "GET /ticket2/opencms/system/modules/com.gridnine.opencms.ticketbrokerage.site/resources/pics/bank_6_american_express.png HTTP/1.1" 200 5570
66.249.75.105 - - [29/Jun/2024:05:15:26 +0200] "GET /ticket2/opencms/en/venue/?venueid=E52A829F-C2AE-A6F9-C68D-2247D565A11F HTTP/1.1" 200 71437
185.169.252.159 - - [29/Jun/2024:05:15:30 +0200] "GET /ticket2/opencms/sv/login/?edid=4AECB71E-9E06-6EB7-B63B-B603F3E03F24 HTTP/1.1" 200 74250
65.108.227.178 - - [29/Jun/2024:05:15:36 +0200] "GET /ticket2/opencms/de/fi/venue/?countryid=87A625FD-F8B4-E412-121A-2F51AA59B0DD HTTP/1.1" 404 -
37.60.238.15 - - [29/Jun/2024:05:15:38 +0200] "GET /ticket2/opencms/de/fi/venue/?venueid=A10EDB7A-AE65-48DB-7BBA-11F942FFE69D HTTP/1.1" 404 -
135.181.75.58 - - [29/Jun/2024:05:15:45 +0200] "GET /ticket2/opencms/de/nl/buy/?comcatid=66708183-7480-3365-06BF-DBF60280AB45&catid=05A94519-01D1-C86F-9031-84936B0B9DAE HTTP/1.1" 404 -
216.245.221.83 - - [29/Jun/2024:05:15:55 +0200] "HEAD /ticket2/opencms/ HTTP/1.1" 302 -
216.245.221.83 - - [29/Jun/2024:05:15:58 +0200] "HEAD /ticket2/opencms/en/ HTTP/1.1" 200 -
37.60.238.15 - - [29/Jun/2024:05:16:01 +0200] "GET /ticket2/opencms/de/fi/venue/?venueid=A1666C8B-D5BA-A589-2015-C0D802A28414 HTTP/1.1" 404 -
114.119.128.23 - - [29/Jun/2024:05:16:09 +0200] "GET /ticket2/opencms/en/buy/?page=1&=62D29AB4-3F52-2532-8D7A-5A829A33E67B HTTP/1.1" 200 4403
47.128.37.237 - - [29/Jun/2024:05:16:10 +0200] "GET /ticket2/opencms/fi/venue/?venueid=F559DC88-543C-9BE7-D4C6-F477D1C58CD9 HTTP/1.1" 200 72900
47.128.37.237 - - [29/Jun/2024:05:16:14 +0200] "GET /ticket2/opencms/system/modules/com.gridnine.opencms.ticketbrokerage.site/resources/pics/logo-new.png HTTP/1.1" 200 13541
47.128.37.237 - - [29/Jun/2024:05:16:17 +0200] "GET /ticket2/opencms/system/modules/com.gridnine.opencms.ticketbrokerage.site/resources/pics/bank_1_nordea.png HTTP/1.1" 200 4807
47.128.37.237 - - [29/Jun/2024:05:16:18 +0200] "GET /ticket2/opencms/system/modules/com.gridnine.opencms.ticketbrokerage.site/resources/pics/bank_2_handelsbanken.png HTTP/1.1" 200 4509
47.128.37.237 - - [29/Jun/2024:05:16:18 +0200] "GET /ticket2/opencms/system/modules/com.gridnine.opencms.ticketbrokerage.site/resources/pics/bank_3_swedbank.png HTTP/1.1" 200 5740
47.128.37.237 - - [29/Jun/2024:05:16:18 +0200] "GET /ticket2/opencms/system/modules/com.gridnine.opencms.ticketbrokerage.site/resources/pics/bank_4_seb.png HTTP/1.1" 200 2487
47.128.37.237 - - [29/Jun/2024:05:16:18 +0200] "GET /ticket2/opencms/system/modules/com.gridnine.opencms.ticketbrokerage.site/resources/pics/bank_6_american_express.png HTTP/1.1" 200 5570
47.128.37.237 - - [29/Jun/2024:05:16:18 +0200] "GET /ticket2/opencms/system/modules/com.gridnine.opencms.ticketbrokerage.site/resources/pics/bank_5_visa_mastercard.png HTTP/1.1" 200 8196
66.249.87.199 - - [29/Jun/2024:05:16:31 +0200] "GET /ticket2/opencms/dk/sport/fodboldbilletter/ligue_1/paris_saint_germain/ HTTP/1.1" 200 72976
47.128.118.6 - - [29/Jun/2024:05:16:35 +0200] "GET /ticket2/opencms/nl/buy/?edid=DD26041B-007D-3EE6-A8F7-303AB350D2E4 HTTP/1.1" 200 71077
47.128.118.6 - - [29/Jun/2024:05:16:35 +0200] "GET /ticket2/opencms/system/modules/com.gridnine.opencms.ticketbrokerage.site/resources/pics/logo-new.png HTTP/1.1" 200 13541
47.128.118.6 - - [29/Jun/2024:05:16:36 +0200] "GET /ticket2/opencms/system/modules/com.gridnine.opencms.ticketbrokerage.site/resources/pics/bank_1_nordea.png HTTP/1.1" 200 4807
47.128.118.6 - - [29/Jun/2024:05:16:36 +0200] "GET /ticket2/opencms/system/modules/com.gridnine.opencms.ticketbrokerage.site/resources/pics/bank_2_handelsbanken.png HTTP/1.1" 200 4509
47.128.118.6 - - [29/Jun/2024:05:16:36 +0200] "GET /ticket2/opencms/system/modules/com.gridnine.opencms.ticketbrokerage.site/resources/pics/bank_4_seb.png HTTP/1.1" 200 2487
47.128.118.6 - - [29/Jun/2024:05:16:36 +0200] "GET /ticket2/opencms/system/modules/com.gridnine.opencms.ticketbrokerage.site/resources/pics/bank_3_swedbank.png HTTP/1.1" 200 5740
47.128.118.6 - - [29/Jun/2024:05:16:36 +0200] "GET /ticket2/opencms/system/modules/com.gridnine.opencms.ticketbrokerage.site/resources/pics/bank_5_visa_mastercard.png HTTP/1.1" 200 8196
47.128.118.6 - - [29/Jun/2024:05:16:36 +0200] "GET /ticket2/opencms/system/modules/com.gridnine.opencms.ticketbrokerage.site/resources/pics/bank_6_american_express.png HTTP/1.1" 200 5570
37.60.238.15 - - [29/Jun/2024:05:16:37 +0200] "GET /ticket2/opencms/de/fi/venue/?venueid=A18E6B9F-ABE7-577B-3CDD-CFF0ABF1460E HTTP/1.1" 404 -
185.191.171.19 - - [29/Jun/2024:05:16:38 +0200] "GET /ticket2/opencms/dk/about/contact/ HTTP/1.1" 200 71180
135.181.75.58 - - [29/Jun/2024:05:16:40 +0200] "GET /ticket2/opencms/de/nl/buy/?comcatid=66708183-7480-3365-06BF-DBF60280AB45&catid=30D5812D-0858-4843-8F45-C38AE504153C HTTP/1.1" 404 -
65.108.227.178 - - [29/Jun/2024:05:16:49 +0200] "GET /ticket2/opencms/de/fi/venue/?countryid=87FD5C2F-6CC8-7245-5B03-4D8F2D8C8375 HTTP/1.1" 404 -
40.77.167.136 - - [29/Jun/2024:05:16:53 +0200] "GET /ticket2/opencms/sv/buy?page=1&edid=B422C598-4610-0185-89CA-0FDFEB7BE014 HTTP/1.1" 200 110751
158.220.119.91 - - [29/Jun/2024:05:16:56 +0200] "GET /ticket2/opencms/sv/login/?edid=70AC7CD2-6A04-600B-76E3-4480C83DF4B6 HTTP/1.1" 200 74250
37.60.238.15 - - [29/Jun/2024:05:17:05 +0200] "GET /ticket2/opencms/de/fi/venue/?venueid=A1DCFF7A-004F-A254-D8BE-ACF650D39AEF HTTP/1.1" 404 -
47.128.55.124 - - [29/Jun/2024:05:17:05 +0200] "GET /ticket2/opencms/fi/venue/?venueid=A0215E07-B078-8AA5-6DA4-5B2EADC61CED HTTP/1.1" 200 72980
5.255.231.119 - - [29/Jun/2024:05:17:06 +0200] "GET /ticket2/opencms/dk/robots.txt HTTP/1.1" 404 -
47.128.55.124 - - [29/Jun/2024:05:17:06 +0200] "GET /ticket2/opencms/system/modules/com.gridnine.opencms.ticketbrokerage.site/resources/pics/logo-new.png HTTP/1.1" 200 13541
47.128.55.124 - - [29/Jun/2024:05:17:06 +0200] "GET /ticket2/opencms/venue/allianz_arena.png HTTP/1.1" 200 55702
213.180.203.190 - - [29/Jun/2024:05:17:07 +0200] "GET /ticket2/opencms/robots.txt HTTP/1.1" 200 773
47.128.55.124 - - [29/Jun/2024:05:17:07 +0200] "GET /ticket2/opencms/system/modules/com.gridnine.opencms.ticketbrokerage.site/resources/pics/bank_3_swedbank.png HTTP/1.1" 200 5740
47.128.55.124 - - [29/Jun/2024:05:17:07 +0200] "GET /ticket2/opencms/system/modules/com.gridnine.opencms.ticketbrokerage.site/resources/pics/bank_1_nordea.png HTTP/1.1" 200 4807
47.128.55.124 - - [29/Jun/2024:05:17:07 +0200] "GET /ticket2/opencms/system/modules/com.gridnine.opencms.ticketbrokerage.site/resources/pics/bank_2_handelsbanken.png HTTP/1.1" 200 4509
47.128.55.124 - - [29/Jun/2024:05:17:07 +0200] "GET /ticket2/opencms/system/modules/com.gridnine.opencms.ticketbrokerage.site/resources/pics/bank_4_seb.png HTTP/1.1" 200 2487
47.128.55.124 - - [29/Jun/2024:05:17:07 +0200] "GET /ticket2/opencms/system/modules/com.gridnine.opencms.ticketbrokerage.site/resources/pics/bank_6_american_express.png HTTP/1.1" 200 5570
47.128.55.124 - - [29/Jun/2024:05:17:07 +0200] "GET /ticket2/opencms/system/modules/com.gridnine.opencms.ticketbrokerage.site/resources/pics/bank_5_visa_mastercard.png HTTP/1.1" 200 8196
114.119.148.108 - - [29/Jun/2024:05:17:08 +0200] "GET /ticket2/opencms/en/buy/?page=1&edid=2B78C7EB-3ACB-7B0C-704C-97A7371BBF12 HTTP/1.1" 200 85172
87.250.224.214 - - [29/Jun/2024:05:17:10 +0200] "GET /ticket2/opencms/dk/ HTTP/1.1" 200 91647
216.245.221.83 - - [29/Jun/2024:05:17:16 +0200] "HEAD /ticket2/opencms/ HTTP/1.1" 302 -
216.245.221.83 - - [29/Jun/2024:05:17:16 +0200] "HEAD /ticket2/opencms/en/ HTTP/1.1" 200 -
185.191.171.3 - - [29/Jun/2024:05:17:20 +0200] "GET /ticket2/opencms/en/sport/football-tickets/la-liga/getafe/ HTTP/1.1" 200 73314
114.119.141.53 - - [29/Jun/2024:05:17:22 +0200] "GET /ticket2/opencms/en/venue/?countryid=87042EBC-41CD-88B3-A5A5-7C6AF4E19F07 HTTP/1.1" 200 100730
66.249.75.167 - - [29/Jun/2024:05:17:28 +0200] "GET /ticket2/opencms/sv/buying_tickets/ HTTP/1.1" 200 74036
37.60.238.15 - - [29/Jun/2024:05:17:30 +0200] "GET /ticket2/opencms/de/fi/venue/?venueid=A2143F04-641C-B311-284A-E01DFC7E06B3 HTTP/1.1" 404 -
135.181.75.58 - - [29/Jun/2024:05:17:33 +0200] "GET /ticket2/opencms/de/nl/buy/?comcatid=66708183-7480-3365-06BF-DBF60280AB45&catid=8C381435-A1E8-94AF-2C58-D133FCA44A31 HTTP/1.1" 404 -
37.60.238.15 - - [29/Jun/2024:05:17:57 +0200] "GET /ticket2/opencms/de/fi/venue/?venueid=A2304C12-61B2-7435-B7FE-9A2EC7393267 HTTP/1.1" 404 -
47.128.48.220 - - [29/Jun/2024:05:18:02 +0200] "GET /ticket2/opencms/no/buy/?catid=F4D223A4-C027-46DC-3DE5-726A23E30A62&comcatid=97ECA65A-72DA-F9AF-9DBB-245D3CFED1BE&page=6 HTTP/1.1" 200 77852
47.128.48.220 - - [29/Jun/2024:05:18:03 +0200] "GET /ticket2/opencms/system/modules/com.gridnine.opencms.ticketbrokerage.site/resources/pics/logo-new.png HTTP/1.1" 200 13541
47.128.48.220 - - [29/Jun/2024:05:18:03 +0200] "GET /ticket2/opencms/system/modules/com.gridnine.opencms.ticketbrokerage.site/resources/pics/bank_4_seb.png HTTP/1.1" 200 2487
47.128.48.220 - - [29/Jun/2024:05:18:03 +0200] "GET /ticket2/opencms/system/modules/com.gridnine.opencms.ticketbrokerage.site/resources/pics/bank_3_swedbank.png HTTP/1.1" 200 5740
47.128.48.220 - - [29/Jun/2024:05:18:04 +0200] "GET /ticket2/opencms/system/modules/com.gridnine.opencms.ticketbrokerage.site/resources/pics/bank_2_handelsbanken.png HTTP/1.1" 200 4509
47.128.48.220 - - [29/Jun/2024:05:18:04 +0200] "GET /ticket2/opencms/system/modules/com.gridnine.opencms.ticketbrokerage.site/resources/pics/bank_5_visa_mastercard.png HTTP/1.1" 200 8196
47.128.48.220 - - [29/Jun/2024:05:18:04 +0200] "GET /ticket2/opencms/system/modules/com.gridnine.opencms.ticketbrokerage.site/resources/pics/bank_1_nordea.png HTTP/1.1" 200 4807
47.128.48.220 - - [29/Jun/2024:05:18:04 +0200] "GET /ticket2/opencms/system/modules/com.gridnine.opencms.ticketbrokerage.site/resources/pics/bank_6_american_express.png HTTP/1.1" 200 5570
65.108.227.178 - - [29/Jun/2024:05:18:14 +0200] "GET /ticket2/opencms/de/fi/venue/?countryid=8858D171-8914-8DFD-A2E4-50FE56A44627 HTTP/1.1" 404 -
37.60.238.15 - - [29/Jun/2024:05:18:17 +0200] "GET /ticket2/opencms/de/fi/venue/?venueid=A253241A-BC3B-6234-FFC3-3D72EBB1C7CB HTTP/1.1" 404 -
66.249.87.201 - - [29/Jun/2024:05:18:32 +0200] "GET /ticket2/opencms/dk/sport/fodboldbilletter/premier-league/ HTTP/1.1" 200 79768
135.181.75.58 - - [29/Jun/2024:05:18:42 +0200] "GET /ticket2/opencms/de/nl/buy/?comcatid=810BB404-4103-77F2-A6C2-12D5E6C338E2 HTTP/1.1" 404 -
52.167.144.22 - - [29/Jun/2024:05:18:42 +0200] "GET /ticket2/opencms/en/venue/?venueid=FF995A14-40EA-8EEB-6CB2-5F20B0A58DD9 HTTP/1.1" 200 71356
114.119.136.155 - - [29/Jun/2024:05:18:43 +0200] "GET /ticket2/opencms/en/buy/?page=1&edid=FFE07777-DDB9-5433-81AF-71356C59190F HTTP/1.1" 200 86936
158.220.119.91 - - [29/Jun/2024:05:18:44 +0200] "GET /ticket2/opencms/sv/login/?edid=9F33474D-DF83-84A4-B633-66E3518BBC4B HTTP/1.1" 200 74250
37.60.238.15 - - [29/Jun/2024:05:18:49 +0200] "GET /ticket2/opencms/de/fi/venue/?venueid=A2C3B653-26FA-47C6-9144-32901C878EBE HTTP/1.1" 404 -
47.128.123.225 - - [29/Jun/2024:05:18:53 +0200] "GET /ticket2/opencms/fi/sell/?edid=56062CAE-66F5-81C7-DD42-F372CD5AE180 HTTP/1.1" 302 -
47.128.123.225 - - [29/Jun/2024:05:18:55 +0200] "GET /ticket2/opencms/fi/login/?url=/fi/sell/ HTTP/1.1" 200 75191
47.128.123.225 - - [29/Jun/2024:05:18:55 +0200] "GET /ticket2/opencms/system/modules/com.gridnine.opencms.ticketbrokerage.site/resources/pics/logo-new.png HTTP/1.1" 200 13541
47.128.123.225 - - [29/Jun/2024:05:18:56 +0200] "GET /ticket2/opencms/system/modules/com.gridnine.opencms.ticketbrokerage.site/resources/pics/bank_4_seb.png HTTP/1.1" 200 2487
47.128.123.225 - - [29/Jun/2024:05:18:56 +0200] "GET /ticket2/opencms/system/modules/com.gridnine.opencms.ticketbrokerage.site/resources/pics/bank_5_visa_mastercard.png HTTP/1.1" 200 8196
47.128.123.225 - - [29/Jun/2024:05:18:56 +0200] "GET /ticket2/opencms/system/modules/com.gridnine.opencms.ticketbrokerage.site/resources/pics/bank_1_nordea.png HTTP/1.1" 200 4807
47.128.123.225 - - [29/Jun/2024:05:18:56 +0200] "GET /ticket2/opencms/system/modules/com.gridnine.opencms.ticketbrokerage.site/resources/pics/bank_3_swedbank.png HTTP/1.1" 200 5740
47.128.123.225 - - [29/Jun/2024:05:18:56 +0200] "GET /ticket2/opencms/system/modules/com.gridnine.opencms.ticketbrokerage.site/resources/pics/bank_2_handelsbanken.png HTTP/1.1" 200 4509
47.128.123.225 - - [29/Jun/2024:05:18:56 +0200] "GET /ticket2/opencms/system/modules/com.gridnine.opencms.ticketbrokerage.site/resources/pics/bank_6_american_express.png HTTP/1.1" 200 5570
47.128.60.17 - - [29/Jun/2024:05:18:57 +0200] "GET /ticket2/opencms/dk/handbook_buyer/ HTTP/1.1" 200 78978
47.128.60.17 - - [29/Jun/2024:05:18:58 +0200] "GET /ticket2/opencms/system/modules/com.gridnine.opencms.ticketbrokerage.site/resources/pics/logo-new.png HTTP/1.1" 200 13541
47.128.60.17 - - [29/Jun/2024:05:18:59 +0200] "GET /ticket2/opencms/system/modules/com.gridnine.opencms.ticketbrokerage.site/resources/pics/bank_3_swedbank.png HTTP/1.1" 200 5740
47.128.60.17 - - [29/Jun/2024:05:18:59 +0200] "GET /ticket2/opencms/system/modules/com.gridnine.opencms.ticketbrokerage.site/resources/pics/bank_1_nordea.png HTTP/1.1" 200 4807
47.128.60.17 - - [29/Jun/2024:05:18:59 +0200] "GET /ticket2/opencms/system/modules/com.gridnine.opencms.ticketbrokerage.site/resources/pics/bank_4_seb.png HTTP/1.1" 200 2487
47.128.60.17 - - [29/Jun/2024:05:18:59 +0200] "GET /ticket2/opencms/system/modules/com.gridnine.opencms.ticketbrokerage.site/resources/pics/bank_2_handelsbanken.png HTTP/1.1" 200 4509
47.128.60.17 - - [29/Jun/2024:05:18:59 +0200] "GET /ticket2/opencms/system/modules/com.gridnine.opencms.ticketbrokerage.site/resources/pics/bank_5_visa_mastercard.png HTTP/1.1" 200 8196
47.128.60.17 - - [29/Jun/2024:05:18:59 +0200] "GET /ticket2/opencms/system/modules/com.gridnine.opencms.ticketbrokerage.site/resources/pics/bank_6_american_express.png HTTP/1.1" 200 5570
37.60.238.15 - - [29/Jun/2024:05:19:21 +0200] "GET /ticket2/opencms/de/fi/venue/?venueid=A2DA50D6-BCAE-498A-9037-86B27666A07C HTTP/1.1" 404 -
65.108.227.178 - - [29/Jun/2024:05:19:29 +0200] "GET /ticket2/opencms/de/fi/venue/?countryid=893226B0-D69E-4766-831E-1D42E613AB75 HTTP/1.1" 404 -
66.249.76.170 - - [29/Jun/2024:05:19:30 +0200] "GET /ticket2/opencms/sv/buy?page=1&edid=2C81F7FB-5C92-E271-C03D-9F768923CF00 HTTP/1.1" 200 88350
135.181.75.58 - - [29/Jun/2024:05:19:35 +0200] "GET /ticket2/opencms/de/nl/buy/?comcatid=810BB404-4103-77F2-A6C2-12D5E6C338E2&catid=95AE85B5-8979-BB11-643C-430ACC6D50F9 HTTP/1.1" 404 -
185.191.171.1 - - [29/Jun/2024:05:19:42 +0200] "GET /ticket2/opencms/sv/search.html?searchQuery=group%252Bf&submit HTTP/1.1" 200 92150
37.60.238.15 - - [29/Jun/2024:05:19:46 +0200] "GET /ticket2/opencms/de/fi/venue/?venueid=A3B71C1B-E926-B112-21C1-4B4246731BD7 HTTP/1.1" 404 -
47.128.28.109 - - [29/Jun/2024:05:19:53 +0200] "GET /ticket2/opencms/nl/buy/?catid=53E7B32E-5CAA-6CE7-D6AA-FFC41D70EE01&comcatid=0A6B8208-FDA4-E929-9D72-5312FD481B76 HTTP/1.1" 200 74904
47.128.28.109 - - [29/Jun/2024:05:19:54 +0200] "GET /ticket2/opencms/system/modules/com.gridnine.opencms.ticketbrokerage.site/resources/pics/logo-new.png HTTP/1.1" 200 13541
47.128.28.109 - - [29/Jun/2024:05:19:55 +0200] "GET /ticket2/opencms/system/modules/com.gridnine.opencms.ticketbrokerage.site/resources/pics/bank_1_nordea.png HTTP/1.1" 200 4807
47.128.28.109 - - [29/Jun/2024:05:19:55 +0200] "GET /ticket2/opencms/system/modules/com.gridnine.opencms.ticketbrokerage.site/resources/pics/bank_3_swedbank.png HTTP/1.1" 200 5740
47.128.28.109 - - [29/Jun/2024:05:19:55 +0200] "GET /ticket2/opencms/system/modules/com.gridnine.opencms.ticketbrokerage.site/resources/pics/bank_5_visa_mastercard.png HTTP/1.1" 200 8196
47.128.28.109 - - [29/Jun/2024:05:19:55 +0200] "GET /ticket2/opencms/system/modules/com.gridnine.opencms.ticketbrokerage.site/resources/pics/bank_2_handelsbanken.png HTTP/1.1" 200 4509
47.128.28.109 - - [29/Jun/2024:05:19:55 +0200] "GET /ticket2/opencms/system/modules/com.gridnine.opencms.ticketbrokerage.site/resources/pics/bank_4_seb.png HTTP/1.1" 200 2487
47.128.28.109 - - [29/Jun/2024:05:19:55 +0200] "GET /ticket2/opencms/system/modules/com.gridnine.opencms.ticketbrokerage.site/resources/pics/bank_6_american_express.png HTTP/1.1" 200 5570
45.156.128.37 - - [29/Jun/2024:05:20:00 +0200] "GET /ticket2/opencms/de/favicon.ico HTTP/1.1" 404 -
85.208.96.197 - - [29/Jun/2024:05:20:02 +0200] "GET /ticket2/opencms/no/sport/fotballsbilletter/la_liga/sevilla/ HTTP/1.1" 200 74073
37.60.238.15 - - [29/Jun/2024:05:20:11 +0200] "GET /ticket2/opencms/de/fi/venue/?venueid=A3BB5C5F-AE9B-C3F6-5C60-F2B46B94318E HTTP/1.1" 404 -
65.108.227.178 - - [29/Jun/2024:05:20:19 +0200] "GET /ticket2/opencms/de/fi/venue/?countryid=89A5E86C-3AC3-3EDB-6F03-E6FC6A513BA2 HTTP/1.1" 404 -
135.181.75.58 - - [29/Jun/2024:05:20:23 +0200] "GET /ticket2/opencms/de/nl/buy/?comcatid=97ECA65A-72DA-F9AF-9DBB-245D3CFED1BE HTTP/1.1" 404 -
66.249.72.34 - - [29/Jun/2024:05:20:29 +0200] "GET /ticket2/opencms/en/venue/?venueid=7BD77886-EABB-0102-DEA6-90F7064F9107 HTTP/1.1" 200 71321
37.60.238.15 - - [29/Jun/2024:05:20:31 +0200] "GET /ticket2/opencms/de/fi/venue/?venueid=A4544F22-1405-47A7-F95C-5F7B102A464E HTTP/1.1" 404 -
185.191.171.15 - - [29/Jun/2024:05:20:39 +0200] "GET /ticket2/opencms/de/sport/fussball-tickets/la_liga/almeria/ HTTP/1.1" 200 76445
216.244.66.238 - - [29/Jun/2024:05:20:48 +0200] "GET /ticket2/opencms/dk/en/sell/?edid=6D9D3E47-1EA9-9DFE-4A3E-6030D3106E91 HTTP/1.1" 404 -
47.128.127.25 - - [29/Jun/2024:05:20:50 +0200] "GET /ticket2/opencms/fi/venue/?venueid=8DC9B4D7-0F57-A55B-2293-BE821F8D48B8 HTTP/1.1" 200 72923
47.128.127.25 - - [29/Jun/2024:05:20:51 +0200] "GET /ticket2/opencms/system/modules/com.gridnine.opencms.ticketbrokerage.site/resources/pics/logo-new.png HTTP/1.1" 200 13541
47.128.127.25 - - [29/Jun/2024:05:20:51 +0200] "GET /ticket2/opencms/system/modules/com.gridnine.opencms.ticketbrokerage.site/resources/pics/bank_1_nordea.png HTTP/1.1" 200 4807
216.244.66.238 - - [29/Jun/2024:05:20:51 +0200] "GET /ticket2/opencms/dk/en/venue/?venueid=C458B6B1-F3BA-F452-1EA5-B4B6AF5E0413 HTTP/1.1" 404 -
47.128.127.25 - - [29/Jun/2024:05:20:52 +0200] "GET /ticket2/opencms/system/modules/com.gridnine.opencms.ticketbrokerage.site/resources/pics/bank_3_swedbank.png HTTP/1.1" 200 5740
47.128.127.25 - - [29/Jun/2024:05:20:52 +0200] "GET /ticket2/opencms/system/modules/com.gridnine.opencms.ticketbrokerage.site/resources/pics/bank_5_visa_mastercard.png HTTP/1.1" 200 8196
47.128.127.25 - - [29/Jun/2024:05:20:52 +0200] "GET /ticket2/opencms/system/modules/com.gridnine.opencms.ticketbrokerage.site/resources/pics/bank_4_seb.png HTTP/1.1" 200 2487
47.128.127.25 - - [29/Jun/2024:05:20:52 +0200] "GET /ticket2/opencms/system/modules/com.gridnine.opencms.ticketbrokerage.site/resources/pics/bank_2_handelsbanken.png HTTP/1.1" 200 4509
47.128.127.25 - - [29/Jun/2024:05:20:52 +0200] "GET /ticket2/opencms/system/modules/com.gridnine.opencms.ticketbrokerage.site/resources/pics/bank_6_american_express.png HTTP/1.1" 200 5570
37.60.238.15 - - [29/Jun/2024:05:20:55 +0200] "GET /ticket2/opencms/de/fi/venue/?venueid=A46FBE97-325C-428D-AF20-65AFC077E24B HTTP/1.1" 404 -
216.245.221.83 - - [29/Jun/2024:05:20:55 +0200] "HEAD /ticket2/opencms/ HTTP/1.1" 302 -
216.245.221.83 - - [29/Jun/2024:05:20:58 +0200] "HEAD /ticket2/opencms/en/ HTTP/1.1" 200 -
185.169.252.159 - - [29/Jun/2024:05:21:03 +0200] "GET /ticket2/opencms/sv/login/?edid=4E0966A1-2AF5-BC91-C36B-83F4CBC30FFC HTTP/1.1" 200 74250
135.181.75.58 - - [29/Jun/2024:05:21:07 +0200] "GET /ticket2/opencms/de/nl/buy/?comcatid=97ECA65A-72DA-F9AF-9DBB-245D3CFED1BE&catid=078F99D4-0B9E-E323-5A07-D7B70F6E8874 HTTP/1.1" 404 -
47.128.126.76 - - [29/Jun/2024:05:21:13 +0200] "GET /ticket2/opencms/robots.txt HTTP/1.1" 200 773
40.77.167.7 - - [29/Jun/2024:05:21:17 +0200] "GET /ticket2/opencms/en/buy/?page=6&comcatid=A17713B6-D984-201A-4143-ED4DB5ED5C2E&catid=0A6C99D2-F5BD-7A18-9A5F-5668827042E0&eventid=15525EDD-AEE9-78C7-EBA6-14642C48D144 HTTP/1.1" 200 86291
37.60.238.15 - - [29/Jun/2024:05:21:23 +0200] "GET /ticket2/opencms/de/fi/venue/?venueid=A47741F4-A804-4C3E-9C11-32CCAFD2A999 HTTP/1.1" 404 -
66.249.72.35 - - [29/Jun/2024:05:21:31 +0200] "GET /ticket2/opencms/dk/buy/?page=1&edid=7C470A0B-7875-5849-46E4-808C32ECDB53 HTTP/1.1" 200 85737
66.249.76.193 - - [29/Jun/2024:05:21:32 +0200] "GET /ticket2/opencms/dk/buy/?page=1&edid=2BD17866-8251-0592-7FAE-2D6F7A3C66CD HTTP/1.1" 200 85730
65.108.227.178 - - [29/Jun/2024:05:21:33 +0200] "GET /ticket2/opencms/de/fi/venue/?countryid=8AB3059A-CDC7-3AC2-BF58-176BA47DA764 HTTP/1.1" 404 -
66.249.75.167 - - [29/Jun/2024:05:21:34 +0200] "GET /ticket2/opencms/dk/buy/?page=1&edid=8A787324-CD72-C476-64CB-87071CD71C2F HTTP/1.1" 200 111443
158.220.119.91 - - [29/Jun/2024:05:21:39 +0200] "GET /ticket2/opencms/sv/login/?edid=C6D1B00C-A933-1E50-C36D-5E32B9DCB7D1 HTTP/1.1" 200 74250
52.167.144.161 - - [29/Jun/2024:05:21:40 +0200] "GET /ticket2/opencms/en/sell/?edid=F37F27EF-B877-D2DD-F026-A7C11540EC54 HTTP/1.1" 302 -
52.167.144.161 - - [29/Jun/2024:05:21:42 +0200] "GET /ticket2/opencms/en/login/?url=/en/sell/ HTTP/1.1" 200 73431
47.128.19.182 - - [29/Jun/2024:05:21:46 +0200] "GET /ticket2/opencms/fi/venue/?venueid=920488DA-5A31-2C02-38B5-7EC9E48B6D06 HTTP/1.1" 200 72917
47.128.19.182 - - [29/Jun/2024:05:21:47 +0200] "GET /ticket2/opencms/system/modules/com.gridnine.opencms.ticketbrokerage.site/resources/pics/logo-new.png HTTP/1.1" 200 13541
47.128.19.182 - - [29/Jun/2024:05:21:47 +0200] "GET /ticket2/opencms/system/modules/com.gridnine.opencms.ticketbrokerage.site/resources/pics/bank_5_visa_mastercard.png HTTP/1.1" 200 8196
