47.128.99.231 - - [29/Jun/2024:05:35:02 +0200] "GET /ticket2/opencms/system/modules/com.gridnine.opencms.ticketbrokerage.site/resources/pics/bank_2_handelsbanken.png HTTP/1.1" 200 4509
135.181.75.58 - - [29/Jun/2024:05:35:02 +0200] "GET /ticket2/opencms/de/nl/buy/?comcatid=97ECA65A-72DA-F9AF-9DBB-245D3CFED1BE&catid=F7FF413B-5FDF-82CF-E5BB-CD4AB6027974 HTTP/1.1" 404 -
47.128.99.231 - - [29/Jun/2024:05:35:02 +0200] "GET /ticket2/opencms/system/modules/com.gridnine.opencms.ticketbrokerage.site/resources/pics/bank_4_seb.png HTTP/1.1" 200 2487
47.128.99.231 - - [29/Jun/2024:05:35:02 +0200] "GET /ticket2/opencms/system/modules/com.gridnine.opencms.ticketbrokerage.site/resources/pics/bank_3_swedbank.png HTTP/1.1" 200 5740
47.128.99.231 - - [29/Jun/2024:05:35:02 +0200] "GET /ticket2/opencms/system/modules/com.gridnine.opencms.ticketbrokerage.site/resources/pics/bank_6_american_express.png HTTP/1.1" 200 5570
66.249.72.33 - - [29/Jun/2024:05:35:12 +0200] "GET /ticket2/opencms/en/venue/?venueid=AD7EE4D5-94F2-8F40-9E84-6B1A25E8F1D7 HTTP/1.1" 200 71338
223.109.252.211 - - [29/Jun/2024:05:35:19 +0200] "GET /ticket2/opencms/ HTTP/1.1" 302 -
185.169.252.159 - - [29/Jun/2024:05:35:22 +0200] "GET /ticket2/opencms/sv/login/?edid=55B71E74-70BF-BDCB-5C46-16288AA0B61A HTTP/1.1" 200 74250
223.109.252.211 - - [29/Jun/2024:05:35:23 +0200] "GET /ticket2/opencms/en/ HTTP/1.1" 200 91208
51.222.253.1 - - [29/Jun/2024:05:35:23 +0200] "GET /ticket2/opencms/nl/sport/voetbal-tickets/premier_league/crystal_palace/ HTTP/1.1" 200 83903
135.181.75.58 - - [29/Jun/2024:05:35:25 +0200] "GET /ticket2/opencms/de/nl/buy/?comcatid=A17713B6-D984-201A-4143-ED4DB5ED5C2E HTTP/1.1" 404 -
65.108.227.178 - - [29/Jun/2024:05:35:33 +0200] "GET /ticket2/opencms/de/fi/venue/?countryid=9D09DC7F-C38B-5D28-4040-9F250F6A5B12 HTTP/1.1" 404 -
37.60.238.15 - - [29/Jun/2024:05:35:34 +0200] "GET /ticket2/opencms/de/fi/venue/?venueid=AA054FD7-E1A7-E4C2-A0A0-56E471DEEFA7 HTTP/1.1" 404 -
135.181.75.58 - - [29/Jun/2024:05:35:48 +0200] "GET /ticket2/opencms/de/nl/buy/?comcatid=A17713B6-D984-201A-4143-ED4DB5ED5C2E&catid=061607E6-22B7-6FFA-03FD-A4B8B13A943F HTTP/1.1" 404 -
47.128.41.252 - - [29/Jun/2024:05:35:49 +0200] "GET /ticket2/opencms/es/buy/?catid=24AC1CA6-1C09-0BE5-C04A-9DCCDB15D5E9&comcatid=A17713B6-D984-201A-4143-ED4DB5ED5C2E HTTP/1.1" 200 83505
47.128.41.252 - - [29/Jun/2024:05:35:49 +0200] "GET /ticket2/opencms/system/modules/com.gridnine.opencms.ticketbrokerage.site/resources/pics/logo-new.png HTTP/1.1" 200 13541
47.128.41.252 - - [29/Jun/2024:05:35:50 +0200] "GET /ticket2/opencms/system/modules/com.gridnine.opencms.ticketbrokerage.site/resources/pics/bank_1_nordea.png HTTP/1.1" 200 4807
47.128.41.252 - - [29/Jun/2024:05:35:50 +0200] "GET /ticket2/opencms/system/modules/com.gridnine.opencms.ticketbrokerage.site/resources/pics/bank_4_seb.png HTTP/1.1" 200 2487
47.128.41.252 - - [29/Jun/2024:05:35:50 +0200] "GET /ticket2/opencms/system/modules/com.gridnine.opencms.ticketbrokerage.site/resources/pics/bank_5_visa_mastercard.png HTTP/1.1" 200 8196
47.128.41.252 - - [29/Jun/2024:05:35:50 +0200] "GET /ticket2/opencms/system/modules/com.gridnine.opencms.ticketbrokerage.site/resources/pics/bank_3_swedbank.png HTTP/1.1" 200 5740
47.128.41.252 - - [29/Jun/2024:05:35:50 +0200] "GET /ticket2/opencms/system/modules/com.gridnine.opencms.ticketbrokerage.site/resources/pics/bank_6_american_express.png HTTP/1.1" 200 5570
47.128.41.252 - - [29/Jun/2024:05:35:51 +0200] "GET /ticket2/opencms/system/modules/com.gridnine.opencms.ticketbrokerage.site/resources/pics/bank_2_handelsbanken.png HTTP/1.1" 200 4509
216.245.221.83 - - [29/Jun/2024:05:35:55 +0200] "HEAD /ticket2/opencms/ HTTP/1.1" 302 -
216.245.221.83 - - [29/Jun/2024:05:35:56 +0200] "HEAD /ticket2/opencms/en/ HTTP/1.1" 200 -
135.181.75.58 - - [29/Jun/2024:05:36:13 +0200] "GET /ticket2/opencms/de/nl/buy/?comcatid=A17713B6-D984-201A-4143-ED4DB5ED5C2E&catid=24AC1CA6-1C09-0BE5-C04A-9DCCDB15D5E9 HTTP/1.1" 404 -
85.208.96.198 - - [29/Jun/2024:05:36:23 +0200] "GET /ticket2/opencms/de/sport/fussball-tickets/bundesliga/mainz/ HTTP/1.1" 200 76347
135.181.75.58 - - [29/Jun/2024:05:36:41 +0200] "GET /ticket2/opencms/de/nl/buy/?comcatid=A17713B6-D984-201A-4143-ED4DB5ED5C2E&catid=2DE12DDA-A5FB-C1C6-CB20-FBF873FB032B HTTP/1.1" 404 -
37.60.238.15 - - [29/Jun/2024:05:36:41 +0200] "GET /ticket2/opencms/de/fi/venue/?venueid=AA4E2B46-81B9-A5CF-D951-69DF10E4DB70 HTTP/1.1" 404 -
47.128.21.85 - - [29/Jun/2024:05:36:44 +0200] "GET /ticket2/opencms/fi/venue/?venueid=A3AB175F-12D9-02CE-12EF-9C97EB03B1A8 HTTP/1.1" 200 72965
47.128.21.85 - - [29/Jun/2024:05:36:45 +0200] "GET /ticket2/opencms/system/modules/com.gridnine.opencms.ticketbrokerage.site/resources/pics/logo-new.png HTTP/1.1" 200 13541
198.235.24.222 - - [29/Jun/2024:05:36:45 +0200] "GET /ticket2/opencms/ HTTP/1.1" 302 -
47.128.21.85 - - [29/Jun/2024:05:36:45 +0200] "GET /ticket2/opencms/system/modules/com.gridnine.opencms.ticketbrokerage.site/resources/pics/bank_1_nordea.png HTTP/1.1" 200 4807
47.128.21.85 - - [29/Jun/2024:05:36:45 +0200] "GET /ticket2/opencms/system/modules/com.gridnine.opencms.ticketbrokerage.site/resources/pics/bank_5_visa_mastercard.png HTTP/1.1" 200 8196
47.128.21.85 - - [29/Jun/2024:05:36:46 +0200] "GET /ticket2/opencms/system/modules/com.gridnine.opencms.ticketbrokerage.site/resources/pics/bank_3_swedbank.png HTTP/1.1" 200 5740
47.128.21.85 - - [29/Jun/2024:05:36:46 +0200] "GET /ticket2/opencms/system/modules/com.gridnine.opencms.ticketbrokerage.site/resources/pics/bank_4_seb.png HTTP/1.1" 200 2487
47.128.21.85 - - [29/Jun/2024:05:36:46 +0200] "GET /ticket2/opencms/system/modules/com.gridnine.opencms.ticketbrokerage.site/resources/pics/bank_2_handelsbanken.png HTTP/1.1" 200 4509
47.128.21.85 - - [29/Jun/2024:05:36:46 +0200] "GET /ticket2/opencms/system/modules/com.gridnine.opencms.ticketbrokerage.site/resources/pics/bank_6_american_express.png HTTP/1.1" 200 5570
65.108.227.178 - - [29/Jun/2024:05:36:53 +0200] "GET /ticket2/opencms/de/fi/venue/?countryid=9DB285C0-D137-5036-05BF-ABB4B196F392 HTTP/1.1" 404 -
85.208.96.208 - - [29/Jun/2024:05:37:07 +0200] "GET /ticket2/opencms/de/magazine/article?title=entdecken-sie-la-liga-live-kaufen-sie-tickets-bei-ticket2%0A%20%20%20%20 HTTP/1.1" 200 75406
114.119.148.108 - - [29/Jun/2024:05:37:09 +0200] "GET /ticket2/opencms/en/buy/?page=1&edid=0FCEF0E0-655C-B38A-C51A-DADF4FC08DE0 HTTP/1.1" 200 87819
85.208.96.201 - - [29/Jun/2024:05:37:12 +0200] "GET /ticket2/opencms/it/search.html HTTP/1.1" 200 91044
66.249.76.167 - - [29/Jun/2024:05:37:13 +0200] "GET /ticket2/opencms/fi/urheilu/jalkapallo/serie_a/inter/ HTTP/1.1" 200 74393
135.181.75.58 - - [29/Jun/2024:05:37:14 +0200] "GET /ticket2/opencms/de/nl/buy/?comcatid=A17713B6-D984-201A-4143-ED4DB5ED5C2E&catid=BDD8C04C-DD99-1C07-B5F3-F2AB98D157E8 HTTP/1.1" 404 -
66.249.76.2 - - [29/Jun/2024:05:37:14 +0200] "GET /ticket2/opencms/en/venue/?venueid=DE70BF4F-D924-8DCC-B4D2-0F84CAE9B9DB HTTP/1.1" 200 71363
47.128.99.238 - - [29/Jun/2024:05:37:15 +0200] "GET /ticket2/opencms/it/buy/?comcatid=A17713B6-D984-201A-4143-ED4DB5ED5C2E&npage=2 HTTP/1.1" 200 200604
216.245.221.83 - - [29/Jun/2024:05:37:15 +0200] "HEAD /ticket2/opencms/ HTTP/1.1" 302 -
216.245.221.83 - - [29/Jun/2024:05:37:16 +0200] "HEAD /ticket2/opencms/en/ HTTP/1.1" 200 -
47.128.99.238 - - [29/Jun/2024:05:37:18 +0200] "GET /ticket2/opencms/system/modules/com.gridnine.opencms.ticketbrokerage.site/resources/pics/logo-new.png HTTP/1.1" 200 13541
47.128.99.238 - - [29/Jun/2024:05:37:19 +0200] "GET /ticket2/opencms/system/modules/com.gridnine.opencms.ticketbrokerage.site/resources/pics/bank_4_seb.png HTTP/1.1" 200 2487
47.128.99.238 - - [29/Jun/2024:05:37:20 +0200] "GET /ticket2/opencms/system/modules/com.gridnine.opencms.ticketbrokerage.site/resources/pics/bank_6_american_express.png HTTP/1.1" 200 5570
47.128.99.238 - - [29/Jun/2024:05:37:21 +0200] "GET /ticket2/opencms/system/modules/com.gridnine.opencms.ticketbrokerage.site/resources/pics/bank_2_handelsbanken.png HTTP/1.1" 200 4509
47.128.99.238 - - [29/Jun/2024:05:37:21 +0200] "GET /ticket2/opencms/system/modules/com.gridnine.opencms.ticketbrokerage.site/resources/pics/bank_5_visa_mastercard.png HTTP/1.1" 200 8196
47.128.99.238 - - [29/Jun/2024:05:37:21 +0200] "GET /ticket2/opencms/system/modules/com.gridnine.opencms.ticketbrokerage.site/resources/pics/bank_3_swedbank.png HTTP/1.1" 200 5740
47.128.99.238 - - [29/Jun/2024:05:37:21 +0200] "GET /ticket2/opencms/system/modules/com.gridnine.opencms.ticketbrokerage.site/resources/pics/bank_1_nordea.png HTTP/1.1" 200 4807
114.119.145.239 - - [29/Jun/2024:05:37:22 +0200] "GET /ticket2/opencms/en/sell/?edid=EFA079A6-017C-1EE2-0F87-E14938B36371 HTTP/1.1" 302 -
65.108.227.178 - - [29/Jun/2024:05:37:25 +0200] "GET /ticket2/opencms/de/fi/venue/?countryid=9E2F78CF-6136-5571-6F34-DBB927119F5E HTTP/1.1" 404 -
114.119.145.239 - - [29/Jun/2024:05:37:25 +0200] "GET /ticket2/opencms/en/login/?url=/en/sell/ HTTP/1.1" 200 73431
47.128.41.172 - - [29/Jun/2024:05:37:39 +0200] "GET /ticket2/opencms/fi/venue/?venueid=9F527521-42A0-A302-0BE9-10280D75A460 HTTP/1.1" 200 72953
47.128.41.172 - - [29/Jun/2024:05:37:40 +0200] "GET /ticket2/opencms/system/modules/com.gridnine.opencms.ticketbrokerage.site/resources/pics/logo-new.png HTTP/1.1" 200 13541
47.128.41.172 - - [29/Jun/2024:05:37:41 +0200] "GET /ticket2/opencms/system/modules/com.gridnine.opencms.ticketbrokerage.site/resources/pics/bank_1_nordea.png HTTP/1.1" 200 4807
47.128.41.172 - - [29/Jun/2024:05:37:41 +0200] "GET /ticket2/opencms/system/modules/com.gridnine.opencms.ticketbrokerage.site/resources/pics/bank_6_american_express.png HTTP/1.1" 200 5570
47.128.41.172 - - [29/Jun/2024:05:37:41 +0200] "GET /ticket2/opencms/system/modules/com.gridnine.opencms.ticketbrokerage.site/resources/pics/bank_2_handelsbanken.png HTTP/1.1" 200 4509
47.128.41.172 - - [29/Jun/2024:05:37:41 +0200] "GET /ticket2/opencms/system/modules/com.gridnine.opencms.ticketbrokerage.site/resources/pics/bank_3_swedbank.png HTTP/1.1" 200 5740
47.128.41.172 - - [29/Jun/2024:05:37:41 +0200] "GET /ticket2/opencms/system/modules/com.gridnine.opencms.ticketbrokerage.site/resources/pics/bank_4_seb.png HTTP/1.1" 200 2487
47.128.41.172 - - [29/Jun/2024:05:37:41 +0200] "GET /ticket2/opencms/system/modules/com.gridnine.opencms.ticketbrokerage.site/resources/pics/bank_5_visa_mastercard.png HTTP/1.1" 200 8196
135.181.75.58 - - [29/Jun/2024:05:37:42 +0200] "GET /ticket2/opencms/de/nl/buy/?comcatid=A17713B6-D984-201A-4143-ED4DB5ED5C2E&catid=BE041FBE-C1A7-918C-EB61-99ED02D12F5B HTTP/1.1" 404 -
85.208.96.204 - - [29/Jun/2024:05:37:43 +0200] "GET /ticket2/opencms/sv/sport/fotbollsbiljetter/english-championship/watford/ HTTP/1.1" 200 73591
37.60.238.15 - - [29/Jun/2024:05:37:45 +0200] "GET /ticket2/opencms/de/fi/venue/?venueid=AA93324D-5E2C-E5D6-2E44-3DC2580D008C HTTP/1.1" 404 -
47.128.117.2 - - [29/Jun/2024:05:37:48 +0200] "GET /ticket2/export/pics/sport/premier_league_sub.gif HTTP/1.1" 200 17611
185.191.171.3 - - [29/Jun/2024:05:37:51 +0200] "GET /ticket2/opencms/no/sport/fotballsbilletter/bundesliga/bayer-leverkusen/ HTTP/1.1" 200 73513
65.108.227.178 - - [29/Jun/2024:05:38:04 +0200] "GET /ticket2/opencms/de/fi/venue/?countryid=9F359E38-9140-4AB1-4689-B4648FEDC1F9 HTTP/1.1" 404 -
135.181.75.58 - - [29/Jun/2024:05:38:10 +0200] "GET /ticket2/opencms/de/nl/buy/?comcatid=A17713B6-D984-201A-4143-ED4DB5ED5C2E&catid=C0DF818C-DB21-6E2E-4056-DB751FFE0C41 HTTP/1.1" 404 -
135.181.75.58 - - [29/Jun/2024:05:38:30 +0200] "GET /ticket2/opencms/de/nl/buy/?comcatid=A17713B6-D984-201A-4143-ED4DB5ED5C2E&catid=C48671DB-5AEB-8CE2-928E-38417FFBE085 HTTP/1.1" 404 -
47.128.48.226 - - [29/Jun/2024:05:38:35 +0200] "GET /ticket2/opencms/it/buy/?catid=95AE85B5-8979-BB11-643C-430ACC6D50F9&comcatid=810BB404-4103-77F2-A6C2-12D5E6C338E2 HTTP/1.1" 200 75045
47.128.48.226 - - [29/Jun/2024:05:38:36 +0200] "GET /ticket2/opencms/system/modules/com.gridnine.opencms.ticketbrokerage.site/resources/pics/logo-new.png HTTP/1.1" 200 13541
47.128.48.226 - - [29/Jun/2024:05:38:37 +0200] "GET /ticket2/opencms/system/modules/com.gridnine.opencms.ticketbrokerage.site/resources/pics/bank_1_nordea.png HTTP/1.1" 200 4807
47.128.48.226 - - [29/Jun/2024:05:38:37 +0200] "GET /ticket2/opencms/system/modules/com.gridnine.opencms.ticketbrokerage.site/resources/pics/bank_3_swedbank.png HTTP/1.1" 200 5740
47.128.48.226 - - [29/Jun/2024:05:38:37 +0200] "GET /ticket2/opencms/system/modules/com.gridnine.opencms.ticketbrokerage.site/resources/pics/bank_5_visa_mastercard.png HTTP/1.1" 200 8196
47.128.48.226 - - [29/Jun/2024:05:38:37 +0200] "GET /ticket2/opencms/system/modules/com.gridnine.opencms.ticketbrokerage.site/resources/pics/bank_4_seb.png HTTP/1.1" 200 2487
47.128.48.226 - - [29/Jun/2024:05:38:37 +0200] "GET /ticket2/opencms/system/modules/com.gridnine.opencms.ticketbrokerage.site/resources/pics/bank_2_handelsbanken.png HTTP/1.1" 200 4509
47.128.48.226 - - [29/Jun/2024:05:38:37 +0200] "GET /ticket2/opencms/system/modules/com.gridnine.opencms.ticketbrokerage.site/resources/pics/bank_6_american_express.png HTTP/1.1" 200 5570
51.222.253.4 - - [29/Jun/2024:05:38:38 +0200] "GET /ticket2/opencms/nl/sport/voetbal-tickets/premier_league/luton/ HTTP/1.1" 200 72767
37.60.238.15 - - [29/Jun/2024:05:38:49 +0200] "GET /ticket2/opencms/de/fi/venue/?venueid=AA97C43B-979C-E0CB-5A0F-B163CD407AA1 HTTP/1.1" 404 -
65.108.227.178 - - [29/Jun/2024:05:38:51 +0200] "GET /ticket2/opencms/de/fi/venue/?countryid=9F976644-D811-1E5C-8CA5-C3CE6B3B71EB HTTP/1.1" 404 -
135.181.75.58 - - [29/Jun/2024:05:38:52 +0200] "GET /ticket2/opencms/de/nl/buy/?comcatid=A17713B6-D984-201A-4143-ED4DB5ED5C2E&catid=C871EAE3-C584-718A-9795-07CDEF43FA75 HTTP/1.1" 404 -
66.249.72.35 - - [29/Jun/2024:05:39:16 +0200] "GET /ticket2/opencms/dk/buy/?page=1&edid=81800969-8323-7DD5-2FF1-1DA61540AE9E HTTP/1.1" 200 85729
65.108.227.178 - - [29/Jun/2024:05:39:18 +0200] "GET /ticket2/opencms/de/fi/venue/?countryid=C4D16A7F-3F94-CF6E-7376-231BD32DC9BF HTTP/1.1" 404 -
66.249.75.167 - - [29/Jun/2024:05:39:20 +0200] "GET /ticket2/opencms/sv/buy?page=1&edid=E4669A58-D392-0EC8-F9B7-256D36456739 HTTP/1.1" 200 85954
135.181.75.58 - - [29/Jun/2024:05:39:22 +0200] "GET /ticket2/opencms/de/nl/buy/?comcatid=A17713B6-D984-201A-4143-ED4DB5ED5C2E&catid=D08E96E8-A514-9E09-4E22-63713911E0B8 HTTP/1.1" 404 -
47.128.48.252 - - [29/Jun/2024:05:39:32 +0200] "GET /ticket2/opencms/fi/venue/?venueid=EF9A381D-E146-D5CF-CC6A-B0B8DD77CAB7 HTTP/1.1" 200 72944
47.128.48.252 - - [29/Jun/2024:05:39:32 +0200] "GET /ticket2/opencms/system/modules/com.gridnine.opencms.ticketbrokerage.site/resources/pics/logo-new.png HTTP/1.1" 200 13541
47.128.125.227 - - [29/Jun/2024:05:39:33 +0200] "GET /ticket2/opencms/it/buy/?edid=145F87FE-BCE7-15CF-CE4F-3702933DA737 HTTP/1.1" 200 73253
47.128.48.252 - - [29/Jun/2024:05:39:33 +0200] "GET /ticket2/opencms/system/modules/com.gridnine.opencms.ticketbrokerage.site/resources/pics/bank_3_swedbank.png HTTP/1.1" 200 5740
47.128.48.252 - - [29/Jun/2024:05:39:33 +0200] "GET /ticket2/opencms/system/modules/com.gridnine.opencms.ticketbrokerage.site/resources/pics/bank_4_seb.png HTTP/1.1" 200 2487
47.128.48.252 - - [29/Jun/2024:05:39:33 +0200] "GET /ticket2/opencms/system/modules/com.gridnine.opencms.ticketbrokerage.site/resources/pics/bank_1_nordea.png HTTP/1.1" 200 4807
47.128.48.252 - - [29/Jun/2024:05:39:33 +0200] "GET /ticket2/opencms/system/modules/com.gridnine.opencms.ticketbrokerage.site/resources/pics/bank_5_visa_mastercard.png HTTP/1.1" 200 8196
47.128.125.227 - - [29/Jun/2024:05:39:33 +0200] "GET /ticket2/opencms/system/modules/com.gridnine.opencms.ticketbrokerage.site/resources/pics/logo-new.png HTTP/1.1" 200 13541
47.128.48.252 - - [29/Jun/2024:05:39:33 +0200] "GET /ticket2/opencms/system/modules/com.gridnine.opencms.ticketbrokerage.site/resources/pics/bank_2_handelsbanken.png HTTP/1.1" 200 4509
47.128.48.252 - - [29/Jun/2024:05:39:34 +0200] "GET /ticket2/opencms/system/modules/com.gridnine.opencms.ticketbrokerage.site/resources/pics/bank_6_american_express.png HTTP/1.1" 200 5570
47.128.125.227 - - [29/Jun/2024:05:39:34 +0200] "GET /ticket2/opencms/system/modules/com.gridnine.opencms.ticketbrokerage.site/resources/pics/bank_2_handelsbanken.png HTTP/1.1" 200 4509
47.128.125.227 - - [29/Jun/2024:05:39:34 +0200] "GET /ticket2/opencms/system/modules/com.gridnine.opencms.ticketbrokerage.site/resources/pics/bank_6_american_express.png HTTP/1.1" 200 5570
47.128.125.227 - - [29/Jun/2024:05:39:34 +0200] "GET /ticket2/opencms/system/modules/com.gridnine.opencms.ticketbrokerage.site/resources/pics/bank_3_swedbank.png HTTP/1.1" 200 5740
47.128.125.227 - - [29/Jun/2024:05:39:34 +0200] "GET /ticket2/opencms/system/modules/com.gridnine.opencms.ticketbrokerage.site/resources/pics/bank_4_seb.png HTTP/1.1" 200 2487
47.128.125.227 - - [29/Jun/2024:05:39:34 +0200] "GET /ticket2/opencms/system/modules/com.gridnine.opencms.ticketbrokerage.site/resources/pics/bank_1_nordea.png HTTP/1.1" 200 4807
47.128.125.227 - - [29/Jun/2024:05:39:35 +0200] "GET /ticket2/opencms/system/modules/com.gridnine.opencms.ticketbrokerage.site/resources/pics/bank_5_visa_mastercard.png HTTP/1.1" 200 8196
62.210.90.176 - - [29/Jun/2024:05:39:41 +0200] "HEAD / HTTP/1.1" 404 -
51.222.253.19 - - [29/Jun/2024:05:39:41 +0200] "GET /ticket2/opencms/dk/venue/?venueid=EB77ABB2-7681-5353-78ED-A3ADEC5FE4B1 HTTP/1.1" 200 71809
62.210.90.176 - - [29/Jun/2024:05:39:43 +0200] "GET / HTTP/1.1" 404 -
135.181.75.58 - - [29/Jun/2024:05:39:46 +0200] "GET /ticket2/opencms/de/nl/buy/?comcatid=A17713B6-D984-201A-4143-ED4DB5ED5C2E&catid=D8B345C9-F7A5-E620-4B43-C34EB0D6885B HTTP/1.1" 404 -
216.244.66.196 - - [29/Jun/2024:05:39:48 +0200] "GET /ticket2/opencms/sv/buy/?page=1&edid=1A8318F4-54FD-CF28-6FE4-70A4EF1323B0 HTTP/1.1" 200 89272
37.60.238.15 - - [29/Jun/2024:05:39:50 +0200] "GET /ticket2/opencms/de/fi/venue/?venueid=AAA2050F-EB9C-D448-55D3-9C97F26928FB HTTP/1.1" 404 -
216.244.66.196 - - [29/Jun/2024:05:39:52 +0200] "GET /ticket2/opencms/sv/buy/?page=1&edid=46D76B29-FAEB-68DD-CFAD-97926EF88CBB HTTP/1.1" 200 88792
216.244.66.196 - - [29/Jun/2024:05:39:57 +0200] "GET /ticket2/opencms/sv/buy/?page=1&edid=8658E1FC-AEE0-692C-386F-78725205AC72 HTTP/1.1" 200 88579
216.244.66.196 - - [29/Jun/2024:05:40:02 +0200] "GET /ticket2/opencms/sv/buy/?page=1&edid=AD1489BC-D85F-F906-30B7-DAF56FC0FE6B HTTP/1.1" 200 88145
216.244.66.196 - - [29/Jun/2024:05:40:06 +0200] "GET /ticket2/opencms/sv/buy/?page=1&edid=B98B0C58-4ECA-B5D7-8311-25882EE8CC08 HTTP/1.1" 200 85971
40.77.167.35 - - [29/Jun/2024:05:40:08 +0200] "GET /ticket2/opencms/en/buy/?page=10&eventid=78C3F1E5-57D5-CC4D-BCB3-A455C72D9505&venueid=CD32B3F7-34D3-CF7E-6DBA-DDCFD6F1CB57 HTTP/1.1" 200 72682
135.181.75.58 - - [29/Jun/2024:05:40:15 +0200] "GET /ticket2/opencms/de/nl/buy/?comcatid=A17713B6-D984-201A-4143-ED4DB5ED5C2E&catid=E92E6B1B-7CD1-74B1-312C-265A7D8125D0 HTTP/1.1" 404 -
66.249.76.1 - - [29/Jun/2024:05:40:17 +0200] "GET /ticket2/opencms/en/venue/?venueid=8873E817-852C-7B3A-DC3B-7014498C6FBC HTTP/1.1" 200 71348
66.249.75.169 - - [29/Jun/2024:05:40:18 +0200] "GET /ticket2/opencms/nl/buy/?page=1&edid=087FB859-A113-50B8-0909-1F0712CC3EED HTTP/1.1" 200 84818
66.249.76.167 - - [29/Jun/2024:05:40:19 +0200] "GET /ticket2/opencms/dk/venue/?venueid=9113985D-44E1-D6AA-8893-307E961DB223 HTTP/1.1" 200 71858
185.191.171.19 - - [29/Jun/2024:05:40:19 +0200] "GET /ticket2/opencms/sv/sport/fotbollsbiljetter/la_liga/huesca/ HTTP/1.1" 200 73129
66.249.76.1 - - [29/Jun/2024:05:40:20 +0200] "GET /ticket2/opencms/en/venue/?countryid=B5468851-B3C9-87D8-4143-DEE5BC2265CB HTTP/1.1" 200 102297
37.60.238.15 - - [29/Jun/2024:05:40:22 +0200] "GET /ticket2/opencms/de/fi/venue/?venueid=AAC9A474-6F1C-8E49-0F79-0EFC179B3230 HTTP/1.1" 404 -
65.108.227.178 - - [29/Jun/2024:05:40:24 +0200] "GET /ticket2/opencms/de/fi/venue/?countryid=C5607D99-17A0-74C0-7750-F78B8898600C HTTP/1.1" 404 -
47.128.41.118 - - [29/Jun/2024:05:40:29 +0200] "GET /ticket2/opencms/fi/venue/?venueid=F63D0B85-674B-34FA-027D-C916C9DB7863 HTTP/1.1" 200 72941
47.128.41.118 - - [29/Jun/2024:05:40:30 +0200] "GET /ticket2/opencms/system/modules/com.gridnine.opencms.ticketbrokerage.site/resources/pics/logo-new.png HTTP/1.1" 200 13541
47.128.41.118 - - [29/Jun/2024:05:40:31 +0200] "GET /ticket2/opencms/system/modules/com.gridnine.opencms.ticketbrokerage.site/resources/pics/bank_3_swedbank.png HTTP/1.1" 200 5740
47.128.41.118 - - [29/Jun/2024:05:40:31 +0200] "GET /ticket2/opencms/system/modules/com.gridnine.opencms.ticketbrokerage.site/resources/pics/bank_1_nordea.png HTTP/1.1" 200 4807
47.128.41.118 - - [29/Jun/2024:05:40:31 +0200] "GET /ticket2/opencms/system/modules/com.gridnine.opencms.ticketbrokerage.site/resources/pics/bank_4_seb.png HTTP/1.1" 200 2487
47.128.41.118 - - [29/Jun/2024:05:40:31 +0200] "GET /ticket2/opencms/system/modules/com.gridnine.opencms.ticketbrokerage.site/resources/pics/bank_2_handelsbanken.png HTTP/1.1" 200 4509
47.128.41.118 - - [29/Jun/2024:05:40:31 +0200] "GET /ticket2/opencms/system/modules/com.gridnine.opencms.ticketbrokerage.site/resources/pics/bank_6_american_express.png HTTP/1.1" 200 5570
47.128.41.118 - - [29/Jun/2024:05:40:31 +0200] "GET /ticket2/opencms/system/modules/com.gridnine.opencms.ticketbrokerage.site/resources/pics/bank_5_visa_mastercard.png HTTP/1.1" 200 8196
135.181.75.58 - - [29/Jun/2024:05:40:42 +0200] "GET /ticket2/opencms/de/nl/buy/?comcatid=A17713B6-D984-201A-4143-ED4DB5ED5C2E&catid=E961462E-5AC2-64D6-5850-A310C9DEAA06 HTTP/1.1" 404 -
51.222.253.20 - - [29/Jun/2024:05:40:43 +0200] "GET /ticket2/opencms/en/buy/?comcatid=A17713B6-D984-201A-4143-ED4DB5ED5C2E&catid=A4D9EA9A-192D-0274-BF26-9C98D8B902AB HTTP/1.1" 200 81675
216.245.221.83 - - [29/Jun/2024:05:40:55 +0200] "HEAD /ticket2/opencms/ HTTP/1.1" 302 -
216.245.221.83 - - [29/Jun/2024:05:40:58 +0200] "HEAD /ticket2/opencms/en/ HTTP/1.1" 200 -
20.185.144.126 - - [29/Jun/2024:05:41:05 +0200] "GET /ticket2/opencms/system/modules/com.gridnine.opencms.ticketbrokerage.site/resources/pics/banners/team/la_liga/real_madrid.png HTTP/1.1" 200 66728
65.108.227.178 - - [29/Jun/2024:05:41:08 +0200] "GET /ticket2/opencms/de/fi/venue/?countryid=C7880A4A-050D-8AB8-4FEC-8062D983D070 HTTP/1.1" 404 -
37.60.238.15 - - [29/Jun/2024:05:41:10 +0200] "GET /ticket2/opencms/de/fi/venue/?venueid=AB927E22-66D3-728A-AD7D-149130013681 HTTP/1.1" 404 -
47.128.23.195 - - [29/Jun/2024:05:41:21 +0200] "GET /ticket2/opencms/fi/buy/?catid=078F99D4-0B9E-E323-5A07-D7B70F6E8874&comcatid=97ECA65A-72DA-F9AF-9DBB-245D3CFED1BE HTTP/1.1" 200 78392
47.128.23.195 - - [29/Jun/2024:05:41:21 +0200] "GET /ticket2/opencms/system/modules/com.gridnine.opencms.ticketbrokerage.site/resources/css/jquery.fancybox.css HTTP/1.1" 200 4939
66.249.76.168 - - [29/Jun/2024:05:41:21 +0200] "GET /ticket2/opencms/dk/venue/?venueid=C387AD1E-8341-4DE7-9049-670C5BDC9192 HTTP/1.1" 200 71860
47.128.23.195 - - [29/Jun/2024:05:41:22 +0200] "GET /ticket2/opencms/system/modules/com.gridnine.opencms.ticketbrokerage.site/resources/js/jquery/jquery-ui.js HTTP/1.1" 200 228088
47.128.23.195 - - [29/Jun/2024:05:41:22 +0200] "GET /ticket2/opencms/system/modules/com.gridnine.opencms.ticketbrokerage.site/resources/pics/logo-new.png HTTP/1.1" 200 13541
47.128.23.195 - - [29/Jun/2024:05:41:23 +0200] "GET /ticket2/opencms/system/modules/com.gridnine.opencms.ticketbrokerage.site/resources/pics/bank_1_nordea.png HTTP/1.1" 200 4807
47.128.23.195 - - [29/Jun/2024:05:41:23 +0200] "GET /ticket2/opencms/system/modules/com.gridnine.opencms.ticketbrokerage.site/resources/pics/bank_2_handelsbanken.png HTTP/1.1" 200 4509
66.249.75.106 - - [29/Jun/2024:05:41:23 +0200] "GET /ticket2/opencms/en/venue/?countryid=B33351B8-DB63-1834-566A-CB44E5291395 HTTP/1.1" 200 100730
47.128.23.195 - - [29/Jun/2024:05:41:23 +0200] "GET /ticket2/opencms/system/modules/com.gridnine.opencms.ticketbrokerage.site/resources/pics/bank_4_seb.png HTTP/1.1" 200 2487
47.128.23.195 - - [29/Jun/2024:05:41:23 +0200] "GET /ticket2/opencms/system/modules/com.gridnine.opencms.ticketbrokerage.site/resources/pics/bank_5_visa_mastercard.png HTTP/1.1" 200 8196
47.128.23.195 - - [29/Jun/2024:05:41:23 +0200] "GET /ticket2/opencms/system/modules/com.gridnine.opencms.ticketbrokerage.site/resources/pics/bank_3_swedbank.png HTTP/1.1" 200 5740
47.128.23.195 - - [29/Jun/2024:05:41:24 +0200] "GET /ticket2/opencms/system/modules/com.gridnine.opencms.ticketbrokerage.site/resources/pics/bank_6_american_express.png HTTP/1.1" 200 5570
47.128.118.56 - - [29/Jun/2024:05:41:24 +0200] "GET /ticket2/opencms/fi/venue/?countryid=FA8BEB57-7287-7F81-B4E1-A4D5981068EB HTTP/1.1" 200 102292
135.181.75.58 - - [29/Jun/2024:05:41:24 +0200] "GET /ticket2/opencms/de/nl/buy/?comcatid=A17713B6-D984-201A-4143-ED4DB5ED5C2E&catid=F03B8ADD-988E-AE6A-8DBA-AF502C691C60 HTTP/1.1" 404 -
47.128.118.56 - - [29/Jun/2024:05:41:25 +0200] "GET /ticket2/opencms/system/modules/com.gridnine.opencms.ticketbrokerage.site/resources/pics/logo-new.png HTTP/1.1" 200 13541
47.128.118.56 - - [29/Jun/2024:05:41:25 +0200] "GET /ticket2/opencms/system/modules/com.gridnine.opencms.ticketbrokerage.site/resources/pics/bank_1_nordea.png HTTP/1.1" 200 4807
47.128.118.56 - - [29/Jun/2024:05:41:25 +0200] "GET /ticket2/opencms/system/modules/com.gridnine.opencms.ticketbrokerage.site/resources/pics/bank_2_handelsbanken.png HTTP/1.1" 200 4509
47.128.118.56 - - [29/Jun/2024:05:41:25 +0200] "GET /ticket2/opencms/system/modules/com.gridnine.opencms.ticketbrokerage.site/resources/pics/bank_6_american_express.png HTTP/1.1" 200 5570
47.128.118.56 - - [29/Jun/2024:05:41:26 +0200] "GET /ticket2/opencms/system/modules/com.gridnine.opencms.ticketbrokerage.site/resources/pics/bank_4_seb.png HTTP/1.1" 200 2487
47.128.118.56 - - [29/Jun/2024:05:41:26 +0200] "GET /ticket2/opencms/system/modules/com.gridnine.opencms.ticketbrokerage.site/resources/pics/bank_3_swedbank.png HTTP/1.1" 200 5740
47.128.118.56 - - [29/Jun/2024:05:41:26 +0200] "GET /ticket2/opencms/system/modules/com.gridnine.opencms.ticketbrokerage.site/resources/pics/bank_5_visa_mastercard.png HTTP/1.1" 200 8196
40.77.167.254 - - [29/Jun/2024:05:41:33 +0200] "GET /ticket2/opencms/en/venue/?venueid=96539DDC-CDCA-A3C1-3DBB-D494F72CCC3C HTTP/1.1" 200 71338
85.208.96.211 - - [29/Jun/2024:05:41:38 +0200] "GET /ticket2/opencms/dk/sport/fodboldbilletter/ligue_1/ HTTP/1.1" 200 74507
185.191.171.18 - - [29/Jun/2024:05:41:40 +0200] "GET /ticket2/opencms/nl/kaarten/voetbal-tickets/serie_a/brescia/ HTTP/1.1" 200 71174
51.222.253.15 - - [29/Jun/2024:05:41:45 +0200] "GET /ticket2/opencms/no/buy/?page=6&comcatid=A17713B6-D984-201A-4143-ED4DB5ED5C2E&catid=7EF04817-972D-18B1-F941-DE800D088075&eventid=0E2FBBAA-9DFD-37E8-1D28-E85F522880D0 HTTP/1.1" 200 83615
47.128.33.0 - - [29/Jun/2024:05:41:46 +0200] "GET /ticket2/opencms/fi/buy/?eventid=265F6746-CFC4-3148-B232-5753484890DA&page=11&venueid=78D0C4A5-99DA-B045-D1D7-45F70CE9F600 HTTP/1.1" 200 74780
135.181.75.58 - - [29/Jun/2024:05:41:46 +0200] "GET /ticket2/opencms/de/nl/buy/?comcatid=A17713B6-D984-201A-4143-ED4DB5ED5C2E&catid=F2006A3D-5EE0-B40B-5749-60C15271538F HTTP/1.1" 404 -
47.128.33.0 - - [29/Jun/2024:05:41:47 +0200] "GET /ticket2/opencms/system/modules/com.gridnine.opencms.ticketbrokerage.site/resources/pics/logo-new.png HTTP/1.1" 200 13541
47.128.33.0 - - [29/Jun/2024:05:41:47 +0200] "GET /ticket2/opencms/system/modules/com.gridnine.opencms.ticketbrokerage.site/resources/pics/bank_1_nordea.png HTTP/1.1" 200 4807
47.128.33.0 - - [29/Jun/2024:05:41:48 +0200] "GET /ticket2/opencms/system/modules/com.gridnine.opencms.ticketbrokerage.site/resources/pics/bank_6_american_express.png HTTP/1.1" 200 5570
47.128.33.0 - - [29/Jun/2024:05:41:48 +0200] "GET /ticket2/opencms/system/modules/com.gridnine.opencms.ticketbrokerage.site/resources/pics/bank_4_seb.png HTTP/1.1" 200 2487
47.128.33.0 - - [29/Jun/2024:05:41:48 +0200] "GET /ticket2/opencms/system/modules/com.gridnine.opencms.ticketbrokerage.site/resources/pics/bank_5_visa_mastercard.png HTTP/1.1" 200 8196
47.128.33.0 - - [29/Jun/2024:05:41:48 +0200] "GET /ticket2/opencms/system/modules/com.gridnine.opencms.ticketbrokerage.site/resources/pics/bank_2_handelsbanken.png HTTP/1.1" 200 4509
47.128.33.0 - - [29/Jun/2024:05:41:48 +0200] "GET /ticket2/opencms/system/modules/com.gridnine.opencms.ticketbrokerage.site/resources/pics/bank_3_swedbank.png HTTP/1.1" 200 5740
65.108.227.178 - - [29/Jun/2024:05:41:49 +0200] "GET /ticket2/opencms/de/fi/venue/?countryid=C83BD7D3-147E-EEE7-3AB4-19E8D9E56196 HTTP/1.1" 404 -
47.128.99.184 - - [29/Jun/2024:05:41:50 +0200] "GET /ticket2/opencms/fr/buy/?edid=9CDA0C30-3EC4-3995-E2A4-DBF0BB020094 HTTP/1.1" 200 72687
47.128.99.184 - - [29/Jun/2024:05:41:51 +0200] "GET /ticket2/opencms/system/modules/com.gridnine.opencms.ticketbrokerage.site/resources/pics/logo-new.png HTTP/1.1" 200 13541
47.128.99.184 - - [29/Jun/2024:05:41:51 +0200] "GET /ticket2/opencms/system/modules/com.gridnine.opencms.ticketbrokerage.site/resources/pics/bank_1_nordea.png HTTP/1.1" 200 4807
47.128.99.184 - - [29/Jun/2024:05:41:52 +0200] "GET /ticket2/opencms/system/modules/com.gridnine.opencms.ticketbrokerage.site/resources/pics/bank_4_seb.png HTTP/1.1" 200 2487
47.128.99.184 - - [29/Jun/2024:05:41:52 +0200] "GET /ticket2/opencms/system/modules/com.gridnine.opencms.ticketbrokerage.site/resources/pics/bank_5_visa_mastercard.png HTTP/1.1" 200 8196
47.128.99.184 - - [29/Jun/2024:05:41:52 +0200] "GET /ticket2/opencms/system/modules/com.gridnine.opencms.ticketbrokerage.site/resources/pics/bank_3_swedbank.png HTTP/1.1" 200 5740
47.128.99.184 - - [29/Jun/2024:05:41:52 +0200] "GET /ticket2/opencms/system/modules/com.gridnine.opencms.ticketbrokerage.site/resources/pics/bank_2_handelsbanken.png HTTP/1.1" 200 4509
47.128.99.184 - - [29/Jun/2024:05:41:52 +0200] "GET /ticket2/opencms/system/modules/com.gridnine.opencms.ticketbrokerage.site/resources/pics/bank_6_american_express.png HTTP/1.1" 200 5570
40.77.167.76 - - [29/Jun/2024:05:42:06 +0200] "GET /ticket2/opencms/en/venue/?venueid=7F4399DF-09B0-51D6-E82A-35DDE26DDE35 HTTP/1.1" 200 71375
47.128.59.240 - - [29/Jun/2024:05:42:08 +0200] "GET /ticket2/opencms/fi/buy/?catid=5A89E483-58AD-080E-F363-E16CE738916A&comcatid=A17713B6-D984-201A-4143-ED4DB5ED5C2E&page=6 HTTP/1.1" 200 84019
47.128.59.240 - - [29/Jun/2024:05:42:09 +0200] "GET /ticket2/opencms/system/modules/com.gridnine.opencms.ticketbrokerage.site/resources/pics/logo-new.png HTTP/1.1" 200 13541
47.128.59.240 - - [29/Jun/2024:05:42:09 +0200] "GET /ticket2/opencms/system/modules/com.gridnine.opencms.ticketbrokerage.site/resources/pics/bank_1_nordea.png HTTP/1.1" 200 4807
47.128.59.240 - - [29/Jun/2024:05:42:10 +0200] "GET /ticket2/opencms/system/modules/com.gridnine.opencms.ticketbrokerage.site/resources/pics/bank_3_swedbank.png HTTP/1.1" 200 5740
47.128.59.240 - - [29/Jun/2024:05:42:10 +0200] "GET /ticket2/opencms/system/modules/com.gridnine.opencms.ticketbrokerage.site/resources/pics/bank_5_visa_mastercard.png HTTP/1.1" 200 8196
47.128.59.240 - - [29/Jun/2024:05:42:10 +0200] "GET /ticket2/opencms/system/modules/com.gridnine.opencms.ticketbrokerage.site/resources/pics/bank_2_handelsbanken.png HTTP/1.1" 200 4509
47.128.59.240 - - [29/Jun/2024:05:42:10 +0200] "GET /ticket2/opencms/system/modules/com.gridnine.opencms.ticketbrokerage.site/resources/pics/bank_4_seb.png HTTP/1.1" 200 2487
47.128.59.240 - - [29/Jun/2024:05:42:10 +0200] "GET /ticket2/opencms/system/modules/com.gridnine.opencms.ticketbrokerage.site/resources/pics/bank_6_american_express.png HTTP/1.1" 200 5570
37.60.238.15 - - [29/Jun/2024:05:42:11 +0200] "GET /ticket2/opencms/de/fi/venue/?venueid=ABB5C55A-BFE4-73F4-5E75-29A7F89A5077 HTTP/1.1" 404 -
135.181.75.58 - - [29/Jun/2024:05:42:13 +0200] "GET /ticket2/opencms/de/nl/buy/?comcatid=A17713B6-D984-201A-4143-ED4DB5ED5C2E&catid=FF8D7FE7-4B09-7305-01C7-2D47F7913EB8 HTTP/1.1" 404 -
114.119.132.248 - - [29/Jun/2024:05:42:14 +0200] "GET /ticket2/opencms/en/buy/?page=1&edid=0FA491B8-88BE-348E-7FA1-9586533EE9BA HTTP/1.1" 200 86761
216.245.221.83 - - [29/Jun/2024:05:42:15 +0200] "HEAD /ticket2/opencms/ HTTP/1.1" 302 -
216.245.221.83 - - [29/Jun/2024:05:42:16 +0200] "HEAD /ticket2/opencms/en/ HTTP/1.1" 200 -
194.50.16.17 - - [29/Jun/2024:05:42:19 +0200] "GET /cgi-bin/luci/ HTTP/1.1" 404 -
47.128.57.105 - - [29/Jun/2024:05:42:20 +0200] "GET /ticket2/opencms/fi/venue/?venueid=824D1E28-334B-4B1B-158D-334C2640EAD4 HTTP/1.1" 200 72897
47.128.57.105 - - [29/Jun/2024:05:42:20 +0200] "GET /ticket2/opencms/system/modules/com.gridnine.opencms.ticketbrokerage.site/resources/pics/logo-new.png HTTP/1.1" 200 13541
47.128.57.105 - - [29/Jun/2024:05:42:21 +0200] "GET /ticket2/opencms/system/modules/com.gridnine.opencms.ticketbrokerage.site/resources/pics/bank_2_handelsbanken.png HTTP/1.1" 200 4509
47.128.57.105 - - [29/Jun/2024:05:42:21 +0200] "GET /ticket2/opencms/system/modules/com.gridnine.opencms.ticketbrokerage.site/resources/pics/bank_1_nordea.png HTTP/1.1" 200 4807
47.128.57.105 - - [29/Jun/2024:05:42:21 +0200] "GET /ticket2/opencms/system/modules/com.gridnine.opencms.ticketbrokerage.site/resources/pics/bank_5_visa_mastercard.png HTTP/1.1" 200 8196
47.128.57.105 - - [29/Jun/2024:05:42:21 +0200] "GET /ticket2/opencms/system/modules/com.gridnine.opencms.ticketbrokerage.site/resources/pics/bank_4_seb.png HTTP/1.1" 200 2487
47.128.57.105 - - [29/Jun/2024:05:42:21 +0200] "GET /ticket2/opencms/system/modules/com.gridnine.opencms.ticketbrokerage.site/resources/pics/bank_3_swedbank.png HTTP/1.1" 200 5740
47.128.57.105 - - [29/Jun/2024:05:42:21 +0200] "GET /ticket2/opencms/system/modules/com.gridnine.opencms.ticketbrokerage.site/resources/pics/bank_6_american_express.png HTTP/1.1" 200 5570
114.119.158.193 - - [29/Jun/2024:05:42:22 +0200] "GET /ticket2/opencms/en/sell/?edid=CA077AEC-EA2A-DC5F-1E89-C73E447318A2 HTTP/1.1" 302 -
65.108.227.178 - - [29/Jun/2024:05:42:22 +0200] "GET /ticket2/opencms/de/fi/venue/?countryid=C8ABE51D-DDC3-D19F-A0F7-AA8797A5EB51 HTTP/1.1" 404 -
114.119.158.193 - - [29/Jun/2024:05:42:26 +0200] "GET /ticket2/opencms/en/login/?url=/en/sell/ HTTP/1.1" 200 73431
85.208.96.212 - - [29/Jun/2024:05:42:27 +0200] "GET /ticket2/opencms/de/sport/fussball-tickets/serie_a/lazio/ HTTP/1.1" 200 76287
47.128.59.21 - - [29/Jun/2024:05:42:32 +0200] "GET /ticket2/opencms/fi/buy/?catid=465306FD-802C-5175-10FF-40E426DD2769&comcatid=0A6B8208-FDA4-E929-9D72-5312FD481B76&page=6 HTTP/1.1" 200 76802
47.128.59.21 - - [29/Jun/2024:05:42:33 +0200] "GET /ticket2/opencms/system/modules/com.gridnine.opencms.ticketbrokerage.site/resources/pics/logo-new.png HTTP/1.1" 200 13541
47.128.59.21 - - [29/Jun/2024:05:42:34 +0200] "GET /ticket2/opencms/system/modules/com.gridnine.opencms.ticketbrokerage.site/resources/pics/bank_1_nordea.png HTTP/1.1" 200 4807
47.128.59.21 - - [29/Jun/2024:05:42:34 +0200] "GET /ticket2/opencms/system/modules/com.gridnine.opencms.ticketbrokerage.site/resources/pics/bank_2_handelsbanken.png HTTP/1.1" 200 4509
47.128.59.21 - - [29/Jun/2024:05:42:34 +0200] "GET /ticket2/opencms/system/modules/com.gridnine.opencms.ticketbrokerage.site/resources/pics/bank_3_swedbank.png HTTP/1.1" 200 5740
47.128.59.21 - - [29/Jun/2024:05:42:34 +0200] "GET /ticket2/opencms/system/modules/com.gridnine.opencms.ticketbrokerage.site/resources/pics/bank_4_seb.png HTTP/1.1" 200 2487
47.128.59.21 - - [29/Jun/2024:05:42:34 +0200] "GET /ticket2/opencms/system/modules/com.gridnine.opencms.ticketbrokerage.site/resources/pics/bank_5_visa_mastercard.png HTTP/1.1" 200 8196
47.128.59.21 - - [29/Jun/2024:05:42:34 +0200] "GET /ticket2/opencms/system/modules/com.gridnine.opencms.ticketbrokerage.site/resources/pics/bank_6_american_express.png HTTP/1.1" 200 5570
135.181.75.58 - - [29/Jun/2024:05:42:38 +0200] "GET /ticket2/opencms/de/nl/buy/?comcatid=B41CCF2B-5558-7AEE-3602-09BBDE417D65 HTTP/1.1" 404 -
65.108.227.178 - - [29/Jun/2024:05:42:48 +0200] "GET /ticket2/opencms/de/fi/venue/?countryid=CB0D79A8-EF67-3E1D-EAA5-706F775F6058 HTTP/1.1" 404 -
51.222.253.2 - - [29/Jun/2024:05:42:55 +0200] "GET /ticket2/opencms/en/venue/?venueid=E07BF873-3E24-4ED0-36DB-A40D162DA6BE HTTP/1.1" 200 71421
47.128.96.23 - - [29/Jun/2024:05:42:57 +0200] "GET /ticket2/opencms/fi/buy/?catid=E961462E-5AC2-64D6-5850-A310C9DEAA06&comcatid=A17713B6-D984-201A-4143-ED4DB5ED5C2E HTTP/1.1" 200 83457
135.181.75.58 - - [29/Jun/2024:05:42:58 +0200] "GET /ticket2/opencms/de/nl/buy/?comcatid=B41CCF2B-5558-7AEE-3602-09BBDE417D65&catid=A34BCF61-E19C-5C5C-445E-06F3749E1EF4 HTTP/1.1" 404 -
47.128.96.23 - - [29/Jun/2024:05:42:58 +0200] "GET /ticket2/opencms/system/modules/com.gridnine.opencms.ticketbrokerage.site/resources/pics/logo-new.png HTTP/1.1" 200 13541
47.128.96.23 - - [29/Jun/2024:05:42:59 +0200] "GET /ticket2/opencms/system/modules/com.gridnine.opencms.ticketbrokerage.site/resources/pics/bank_1_nordea.png HTTP/1.1" 200 4807
47.128.96.23 - - [29/Jun/2024:05:42:59 +0200] "GET /ticket2/opencms/system/modules/com.gridnine.opencms.ticketbrokerage.site/resources/pics/bank_2_handelsbanken.png HTTP/1.1" 200 4509
47.128.96.23 - - [29/Jun/2024:05:42:59 +0200] "GET /ticket2/opencms/system/modules/com.gridnine.opencms.ticketbrokerage.site/resources/pics/bank_5_visa_mastercard.png HTTP/1.1" 200 8196
47.128.96.23 - - [29/Jun/2024:05:42:59 +0200] "GET /ticket2/opencms/system/modules/com.gridnine.opencms.ticketbrokerage.site/resources/pics/bank_4_seb.png HTTP/1.1" 200 2487
47.128.96.23 - - [29/Jun/2024:05:42:59 +0200] "GET /ticket2/opencms/system/modules/com.gridnine.opencms.ticketbrokerage.site/resources/pics/bank_3_swedbank.png HTTP/1.1" 200 5740
47.128.96.23 - - [29/Jun/2024:05:42:59 +0200] "GET /ticket2/opencms/system/modules/com.gridnine.opencms.ticketbrokerage.site/resources/pics/bank_6_american_express.png HTTP/1.1" 200 5570
185.169.252.159 - - [29/Jun/2024:05:43:06 +0200] "GET /ticket2/opencms/sv/login/?edid=5C16EE04-AE84-D909-F824-CB631377EBFA HTTP/1.1" 200 74250
65.108.227.178 - - [29/Jun/2024:05:43:15 +0200] "GET /ticket2/opencms/de/fi/venue/?countryid=CEA98181-AF32-4AD7-7F85-B2BF5D143D52 HTTP/1.1" 404 -
47.128.57.106 - - [29/Jun/2024:05:43:16 +0200] "GET /ticket2/opencms/fi/venue/?venueid=FFA115B2-38B9-DF68-21D2-8F2E64EF271D HTTP/1.1" 200 72920
47.128.57.106 - - [29/Jun/2024:05:43:16 +0200] "GET /ticket2/opencms/system/modules/com.gridnine.opencms.ticketbrokerage.site/resources/pics/logo-new.png HTTP/1.1" 200 13541
47.128.57.106 - - [29/Jun/2024:05:43:17 +0200] "GET /ticket2/opencms/system/modules/com.gridnine.opencms.ticketbrokerage.site/resources/pics/bank_1_nordea.png HTTP/1.1" 200 4807
47.128.57.106 - - [29/Jun/2024:05:43:17 +0200] "GET /ticket2/opencms/system/modules/com.gridnine.opencms.ticketbrokerage.site/resources/pics/bank_5_visa_mastercard.png HTTP/1.1" 200 8196
47.128.57.106 - - [29/Jun/2024:05:43:17 +0200] "GET /ticket2/opencms/system/modules/com.gridnine.opencms.ticketbrokerage.site/resources/pics/bank_2_handelsbanken.png HTTP/1.1" 200 4509
47.128.57.106 - - [29/Jun/2024:05:43:17 +0200] "GET /ticket2/opencms/system/modules/com.gridnine.opencms.ticketbrokerage.site/resources/pics/bank_3_swedbank.png HTTP/1.1" 200 5740
47.128.57.106 - - [29/Jun/2024:05:43:17 +0200] "GET /ticket2/opencms/system/modules/com.gridnine.opencms.ticketbrokerage.site/resources/pics/bank_4_seb.png HTTP/1.1" 200 2487
47.128.57.106 - - [29/Jun/2024:05:43:18 +0200] "GET /ticket2/opencms/system/modules/com.gridnine.opencms.ticketbrokerage.site/resources/pics/bank_6_american_express.png HTTP/1.1" 200 5570
37.60.238.15 - - [29/Jun/2024:05:43:19 +0200] "GET /ticket2/opencms/de/fi/venue/?venueid=ABC0464F-8805-FF17-3379-7EF70B4189E3 HTTP/1.1" 404 -
135.181.75.58 - - [29/Jun/2024:05:43:20 +0200] "GET /ticket2/opencms/de/nl/buy/?comcatid=B41CCF2B-5558-7AEE-3602-09BBDE417D65&catid=BF886BAE-FC84-8CB3-A193-6DFA251F7985 HTTP/1.1" 404 -
47.128.99.37 - - [29/Jun/2024:05:43:21 +0200] "GET /ticket2/opencms/fi/buy/?catid=26594C33-56CE-F529-FAF3-61AB33F74A3B&comcatid=0A6B8208-FDA4-E929-9D72-5312FD481B76&page=6 HTTP/1.1" 200 76796
47.128.99.37 - - [29/Jun/2024:05:43:22 +0200] "GET /ticket2/opencms/system/modules/com.gridnine.opencms.ticketbrokerage.site/resources/pics/logo-new.png HTTP/1.1" 200 13541
47.128.99.37 - - [29/Jun/2024:05:43:22 +0200] "GET /ticket2/opencms/system/modules/com.gridnine.opencms.ticketbrokerage.site/resources/pics/bank_1_nordea.png HTTP/1.1" 200 4807
47.128.99.37 - - [29/Jun/2024:05:43:23 +0200] "GET /ticket2/opencms/system/modules/com.gridnine.opencms.ticketbrokerage.site/resources/pics/bank_3_swedbank.png HTTP/1.1" 200 5740
47.128.99.37 - - [29/Jun/2024:05:43:23 +0200] "GET /ticket2/opencms/system/modules/com.gridnine.opencms.ticketbrokerage.site/resources/pics/bank_2_handelsbanken.png HTTP/1.1" 200 4509
47.128.99.37 - - [29/Jun/2024:05:43:23 +0200] "GET /ticket2/opencms/system/modules/com.gridnine.opencms.ticketbrokerage.site/resources/pics/bank_4_seb.png HTTP/1.1" 200 2487
47.128.99.37 - - [29/Jun/2024:05:43:23 +0200] "GET /ticket2/opencms/system/modules/com.gridnine.opencms.ticketbrokerage.site/resources/pics/bank_5_visa_mastercard.png HTTP/1.1" 200 8196
47.128.99.37 - - [29/Jun/2024:05:43:23 +0200] "GET /ticket2/opencms/system/modules/com.gridnine.opencms.ticketbrokerage.site/resources/pics/bank_6_american_express.png HTTP/1.1" 200 5570
47.128.21.98 - - [29/Jun/2024:05:43:29 +0200] "GET /ticket2/opencms/es/buy/?edid=8D7E4EA3-ED35-1CF7-A7BE-8DD27899E495 HTTP/1.1" 200 73335
47.128.21.98 - - [29/Jun/2024:05:43:30 +0200] "GET /ticket2/opencms/system/modules/com.gridnine.opencms.ticketbrokerage.site/resources/pics/logo-new.png HTTP/1.1" 200 13541
47.128.21.98 - - [29/Jun/2024:05:43:30 +0200] "GET /ticket2/opencms/system/modules/com.gridnine.opencms.ticketbrokerage.site/resources/pics/bank_4_seb.png HTTP/1.1" 200 2487
47.128.21.98 - - [29/Jun/2024:05:43:31 +0200] "GET /ticket2/opencms/system/modules/com.gridnine.opencms.ticketbrokerage.site/resources/pics/bank_5_visa_mastercard.png HTTP/1.1" 200 8196
47.128.21.98 - - [29/Jun/2024:05:43:31 +0200] "GET /ticket2/opencms/system/modules/com.gridnine.opencms.ticketbrokerage.site/resources/pics/bank_2_handelsbanken.png HTTP/1.1" 200 4509
47.128.21.98 - - [29/Jun/2024:05:43:31 +0200] "GET /ticket2/opencms/system/modules/com.gridnine.opencms.ticketbrokerage.site/resources/pics/bank_3_swedbank.png HTTP/1.1" 200 5740
47.128.21.98 - - [29/Jun/2024:05:43:31 +0200] "GET /ticket2/opencms/system/modules/com.gridnine.opencms.ticketbrokerage.site/resources/pics/bank_1_nordea.png HTTP/1.1" 200 4807
47.128.21.98 - - [29/Jun/2024:05:43:31 +0200] "GET /ticket2/opencms/system/modules/com.gridnine.opencms.ticketbrokerage.site/resources/pics/bank_6_american_express.png HTTP/1.1" 200 5570
40.77.167.13 - - [29/Jun/2024:05:43:32 +0200] "GET /ticket2/opencms/en/sell/?edid=1851EA6A-7866-6C52-4263-96E93DBF3701 HTTP/1.1" 302 -
40.77.167.13 - - [29/Jun/2024:05:43:36 +0200] "GET /ticket2/opencms/en/login/?url=/en/sell/ HTTP/1.1" 200 73431
65.108.227.178 - - [29/Jun/2024:05:43:41 +0200] "GET /ticket2/opencms/de/fi/venue/?countryid=CEE00D6A-FB56-5500-E375-BA915009094D HTTP/1.1" 404 -
135.181.75.58 - - [29/Jun/2024:05:43:45 +0200] "GET /ticket2/opencms/de/nl/buy/?comcatid=B41CCF2B-5558-7AEE-3602-09BBDE417D65&catid=E03F2203-3943-A0F0-A47D-D9E7CDA79C6B HTTP/1.1" 404 -
47.128.39.221 - - [29/Jun/2024:05:43:47 +0200] "GET /ticket2/opencms/en/buy/?catid=A3372871-3019-08B8-80CE-74B78F441ACA&comcatid=A17713B6-D984-201A-4143-ED4DB5ED5C2E HTTP/1.1" 200 82353
47.128.39.221 - - [29/Jun/2024:05:43:47 +0200] "GET /ticket2/opencms/system/modules/com.gridnine.opencms.ticketbrokerage.site/resources/pics/logo-new.png HTTP/1.1" 200 13541
47.128.39.221 - - [29/Jun/2024:05:43:48 +0200] "GET /ticket2/opencms/system/modules/com.gridnine.opencms.ticketbrokerage.site/resources/pics/bank_4_seb.png HTTP/1.1" 200 2487
47.128.39.221 - - [29/Jun/2024:05:43:48 +0200] "GET /ticket2/opencms/system/modules/com.gridnine.opencms.ticketbrokerage.site/resources/pics/bank_6_american_express.png HTTP/1.1" 200 5570
47.128.39.221 - - [29/Jun/2024:05:43:48 +0200] "GET /ticket2/opencms/system/modules/com.gridnine.opencms.ticketbrokerage.site/resources/pics/bank_2_handelsbanken.png HTTP/1.1" 200 4509
47.128.39.221 - - [29/Jun/2024:05:43:48 +0200] "GET /ticket2/opencms/system/modules/com.gridnine.opencms.ticketbrokerage.site/resources/pics/bank_3_swedbank.png HTTP/1.1" 200 5740
47.128.39.221 - - [29/Jun/2024:05:43:48 +0200] "GET /ticket2/opencms/system/modules/com.gridnine.opencms.ticketbrokerage.site/resources/pics/bank_5_visa_mastercard.png HTTP/1.1" 200 8196
47.128.39.221 - - [29/Jun/2024:05:43:48 +0200] "GET /ticket2/opencms/system/modules/com.gridnine.opencms.ticketbrokerage.site/resources/pics/bank_1_nordea.png HTTP/1.1" 200 4807
51.222.253.9 - - [29/Jun/2024:05:44:04 +0200] "GET /ticket2/opencms/fi/venue/?venueid=D1E3CA2F-D440-9494-7505-2287047FEB0E HTTP/1.1" 200 72982
47.128.99.189 - - [29/Jun/2024:05:44:09 +0200] "GET /ticket2/opencms/it/buy/?edid=EB4DE1F4-F429-D890-6213-A5B01648901D HTTP/1.1" 200 73253
47.128.99.189 - - [29/Jun/2024:05:44:09 +0200] "GET /ticket2/opencms/system/modules/com.gridnine.opencms.ticketbrokerage.site/resources/pics/logo-new.png HTTP/1.1" 200 13541
47.128.99.189 - - [29/Jun/2024:05:44:10 +0200] "GET /ticket2/opencms/system/modules/com.gridnine.opencms.ticketbrokerage.site/resources/pics/bank_2_handelsbanken.png HTTP/1.1" 200 4509
135.181.75.58 - - [29/Jun/2024:05:44:10 +0200] "GET /ticket2/opencms/de/nl/buy/?page=1&edid=00D90EDA-80F2-743F-0F4B-D64BDD1F85D9 HTTP/1.1" 404 -
47.128.99.189 - - [29/Jun/2024:05:44:10 +0200] "GET /ticket2/opencms/system/modules/com.gridnine.opencms.ticketbrokerage.site/resources/pics/bank_6_american_express.png HTTP/1.1" 200 5570
47.128.99.189 - - [29/Jun/2024:05:44:10 +0200] "GET /ticket2/opencms/system/modules/com.gridnine.opencms.ticketbrokerage.site/resources/pics/bank_3_swedbank.png HTTP/1.1" 200 5740
47.128.99.189 - - [29/Jun/2024:05:44:10 +0200] "GET /ticket2/opencms/system/modules/com.gridnine.opencms.ticketbrokerage.site/resources/pics/bank_1_nordea.png HTTP/1.1" 200 4807
47.128.99.189 - - [29/Jun/2024:05:44:10 +0200] "GET /ticket2/opencms/system/modules/com.gridnine.opencms.ticketbrokerage.site/resources/pics/bank_4_seb.png HTTP/1.1" 200 2487
47.128.99.189 - - [29/Jun/2024:05:44:10 +0200] "GET /ticket2/opencms/system/modules/com.gridnine.opencms.ticketbrokerage.site/resources/pics/bank_5_visa_mastercard.png HTTP/1.1" 200 8196
47.128.23.72 - - [29/Jun/2024:05:44:12 +0200] "GET /ticket2/opencms/fi/venue/?venueid=73886E8B-D0CE-D693-4D83-304172C400FE HTTP/1.1" 200 72917
47.128.23.72 - - [29/Jun/2024:05:44:13 +0200] "GET /ticket2/opencms/system/modules/com.gridnine.opencms.ticketbrokerage.site/resources/pics/logo-new.png HTTP/1.1" 200 13541
47.128.23.72 - - [29/Jun/2024:05:44:13 +0200] "GET /ticket2/opencms/system/modules/com.gridnine.opencms.ticketbrokerage.site/resources/pics/bank_3_swedbank.png HTTP/1.1" 200 5740
65.108.227.178 - - [29/Jun/2024:05:44:13 +0200] "GET /ticket2/opencms/de/fi/venue/?countryid=D12DC4A4-98E1-D0B7-783E-AE51CC52E5AE HTTP/1.1" 404 -
47.128.23.72 - - [29/Jun/2024:05:44:14 +0200] "GET /ticket2/opencms/system/modules/com.gridnine.opencms.ticketbrokerage.site/resources/pics/bank_1_nordea.png HTTP/1.1" 200 4807
47.128.23.72 - - [29/Jun/2024:05:44:14 +0200] "GET /ticket2/opencms/system/modules/com.gridnine.opencms.ticketbrokerage.site/resources/pics/bank_2_handelsbanken.png HTTP/1.1" 200 4509
47.128.23.72 - - [29/Jun/2024:05:44:14 +0200] "GET /ticket2/opencms/system/modules/com.gridnine.opencms.ticketbrokerage.site/resources/pics/bank_5_visa_mastercard.png HTTP/1.1" 200 8196
47.128.23.72 - - [29/Jun/2024:05:44:14 +0200] "GET /ticket2/opencms/system/modules/com.gridnine.opencms.ticketbrokerage.site/resources/pics/bank_4_seb.png HTTP/1.1" 200 2487
47.128.23.72 - - [29/Jun/2024:05:44:14 +0200] "GET /ticket2/opencms/system/modules/com.gridnine.opencms.ticketbrokerage.site/resources/pics/bank_6_american_express.png HTTP/1.1" 200 5570
37.60.238.15 - - [29/Jun/2024:05:44:19 +0200] "GET /ticket2/opencms/de/fi/venue/?venueid=ABC7629B-B021-7AD9-E5DF-AEB2627ACD68 HTTP/1.1" 404 -
135.181.75.58 - - [29/Jun/2024:05:44:23 +0200] "GET /ticket2/opencms/de/robots.txt HTTP/1.1" 404 -
66.249.76.193 - - [29/Jun/2024:05:44:24 +0200] "GET /ticket2/opencms/en/venue/?countryid=D12DC4A4-98E1-D0B7-783E-AE51CC52E5AE HTTP/1.1" 200 100730
135.181.75.58 - - [29/Jun/2024:05:44:46 +0200] "GET /ticket2/opencms/de/nl/buy/?page=1&edid=02717DFD-516F-F288-43FD-93598E319E97 HTTP/1.1" 404 -
65.108.227.178 - - [29/Jun/2024:05:44:50 +0200] "GET /ticket2/opencms/de/fi/venue/?countryid=D1CF94F0-7D29-9934-B390-888966FEE978 HTTP/1.1" 404 -
51.222.253.4 - - [29/Jun/2024:05:45:08 +0200] "GET /ticket2/opencms/nl/sport/voetbal-tickets/premier_league/sheffield/ HTTP/1.1" 200 72730
47.128.57.134 - - [29/Jun/2024:05:45:08 +0200] "GET /ticket2/opencms/dk/buy/?catid=21C3854B-901E-11F9-7B7D-6838CC6AFAA4&comcatid=A17713B6-D984-201A-4143-ED4DB5ED5C2E HTTP/1.1" 200 82267
47.128.57.134 - - [29/Jun/2024:05:45:09 +0200] "GET /ticket2/opencms/system/modules/com.gridnine.opencms.ticketbrokerage.site/resources/pics/logo-new.png HTTP/1.1" 200 13541
47.128.57.134 - - [29/Jun/2024:05:45:09 +0200] "GET /ticket2/opencms/system/modules/com.gridnine.opencms.ticketbrokerage.site/resources/pics/bank_4_seb.png HTTP/1.1" 200 2487
47.128.57.134 - - [29/Jun/2024:05:45:09 +0200] "GET /ticket2/opencms/system/modules/com.gridnine.opencms.ticketbrokerage.site/resources/pics/bank_1_nordea.png HTTP/1.1" 200 4807
47.128.57.134 - - [29/Jun/2024:05:45:10 +0200] "GET /ticket2/opencms/system/modules/com.gridnine.opencms.ticketbrokerage.site/resources/pics/bank_2_handelsbanken.png HTTP/1.1" 200 4509
47.128.57.134 - - [29/Jun/2024:05:45:10 +0200] "GET /ticket2/opencms/system/modules/com.gridnine.opencms.ticketbrokerage.site/resources/pics/bank_3_swedbank.png HTTP/1.1" 200 5740
47.128.57.134 - - [29/Jun/2024:05:45:10 +0200] "GET /ticket2/opencms/system/modules/com.gridnine.opencms.ticketbrokerage.site/resources/pics/bank_5_visa_mastercard.png HTTP/1.1" 200 8196
