47.128.125.3 - - [29/Jun/2024:04:19:52 +0200] "GET /ticket2/opencms/fi/venue/?countryid=A758EE03-9751-87FA-5392-033D41724B17 HTTP/1.1" 200 102292
88.88.133.174 - - [29/Jun/2024:04:19:53 +0200] "GET /ticket2/opencms/sv/buy/?page=1&edid=7A6BF9F3-1C7F-3BEC-484F-0F44C77AFCAA&sortorder=desc&column=section HTTP/1.1" 200 88621
47.128.125.3 - - [29/Jun/2024:04:19:53 +0200] "GET /ticket2/opencms/system/modules/com.gridnine.opencms.ticketbrokerage.site/resources/pics/logo-new.png HTTP/1.1" 200 13541
47.128.125.3 - - [29/Jun/2024:04:19:54 +0200] "GET /ticket2/opencms/system/modules/com.gridnine.opencms.ticketbrokerage.site/resources/pics/bank_1_nordea.png HTTP/1.1" 200 4807
47.128.125.3 - - [29/Jun/2024:04:19:54 +0200] "GET /ticket2/opencms/system/modules/com.gridnine.opencms.ticketbrokerage.site/resources/pics/bank_3_swedbank.png HTTP/1.1" 200 5740
47.128.125.3 - - [29/Jun/2024:04:19:54 +0200] "GET /ticket2/opencms/system/modules/com.gridnine.opencms.ticketbrokerage.site/resources/pics/bank_2_handelsbanken.png HTTP/1.1" 200 4509
47.128.125.3 - - [29/Jun/2024:04:19:54 +0200] "GET /ticket2/opencms/system/modules/com.gridnine.opencms.ticketbrokerage.site/resources/pics/bank_4_seb.png HTTP/1.1" 200 2487
47.128.125.3 - - [29/Jun/2024:04:19:54 +0200] "GET /ticket2/opencms/system/modules/com.gridnine.opencms.ticketbrokerage.site/resources/pics/bank_5_visa_mastercard.png HTTP/1.1" 200 8196
47.128.125.3 - - [29/Jun/2024:04:19:54 +0200] "GET /ticket2/opencms/system/modules/com.gridnine.opencms.ticketbrokerage.site/resources/pics/bank_6_american_express.png HTTP/1.1" 200 5570
88.88.133.174 - - [29/Jun/2024:04:19:55 +0200] "GET /ticket2/opencms/sv/buy/?page=1&edid=7EB74AA3-3780-53BE-BD65-9E9E0BF77A26 HTTP/1.1" 200 88585
88.88.133.174 - - [29/Jun/2024:04:19:58 +0200] "GET /ticket2/opencms/sv/buy/?page=1&edid=7EB74AA3-3780-53BE-BD65-9E9E0BF77A26&sortorder=asc&column=price HTTP/1.1" 200 88621
88.88.133.174 - - [29/Jun/2024:04:20:02 +0200] "GET /ticket2/opencms/sv/buy/?page=1&edid=7EB74AA3-3780-53BE-BD65-9E9E0BF77A26&sortorder=asc&column=row HTTP/1.1" 200 88621
88.88.133.174 - - [29/Jun/2024:04:20:05 +0200] "GET /ticket2/opencms/sv/buy/?page=1&edid=7EB74AA3-3780-53BE-BD65-9E9E0BF77A26&sortorder=asc&column=section HTTP/1.1" 200 88621
88.88.133.174 - - [29/Jun/2024:04:20:08 +0200] "GET /ticket2/opencms/sv/buy/?page=1&edid=7EB74AA3-3780-53BE-BD65-9E9E0BF77A26&sortorder=desc&column=price HTTP/1.1" 200 88620
88.88.133.174 - - [29/Jun/2024:04:20:11 +0200] "GET /ticket2/opencms/sv/buy/?page=1&edid=7EB74AA3-3780-53BE-BD65-9E9E0BF77A26&sortorder=desc&column=row HTTP/1.1" 200 88620
88.88.133.174 - - [29/Jun/2024:04:20:14 +0200] "GET /ticket2/opencms/sv/buy/?page=1&edid=7EB74AA3-3780-53BE-BD65-9E9E0BF77A26&sortorder=desc&column=section HTTP/1.1" 200 88620
88.88.133.174 - - [29/Jun/2024:04:20:17 +0200] "GET /ticket2/opencms/sv/buy/?page=1&edid=818BFE3F-AC93-486D-C86E-30E2A3081A30 HTTP/1.1" 200 89236
65.108.227.178 - - [29/Jun/2024:04:20:19 +0200] "GET /ticket2/opencms/de/en/venue/?countryid=ACAFFD14-DCE8-EFC6-6ECA-AF006BA900C4 HTTP/1.1" 404 -
88.88.133.174 - - [29/Jun/2024:04:20:20 +0200] "GET /ticket2/opencms/sv/buy/?page=1&edid=818BFE3F-AC93-486D-C86E-30E2A3081A30&sortorder=asc&column=price HTTP/1.1" 200 89272
88.88.133.174 - - [29/Jun/2024:04:20:23 +0200] "GET /ticket2/opencms/sv/buy/?page=1&edid=818BFE3F-AC93-486D-C86E-30E2A3081A30&sortorder=asc&column=row HTTP/1.1" 200 89272
88.88.133.174 - - [29/Jun/2024:04:20:26 +0200] "GET /ticket2/opencms/sv/buy/?page=1&edid=818BFE3F-AC93-486D-C86E-30E2A3081A30&sortorder=asc&column=section HTTP/1.1" 200 89272
88.88.133.174 - - [29/Jun/2024:04:20:29 +0200] "GET /ticket2/opencms/sv/buy/?page=1&edid=818BFE3F-AC93-486D-C86E-30E2A3081A30&sortorder=desc&column=row HTTP/1.1" 200 89271
88.88.133.174 - - [29/Jun/2024:04:20:32 +0200] "GET /ticket2/opencms/sv/buy/?page=1&edid=818BFE3F-AC93-486D-C86E-30E2A3081A30&sortorder=desc&column=section HTTP/1.1" 200 89271
88.88.133.174 - - [29/Jun/2024:04:20:35 +0200] "GET /ticket2/opencms/sv/buy/?page=1&edid=83F2E8A0-DC7B-A3A3-A729-75E740E82055 HTTP/1.1" 200 89021
88.88.133.174 - - [29/Jun/2024:04:20:38 +0200] "GET /ticket2/opencms/sv/buy/?page=1&edid=83F2E8A0-DC7B-A3A3-A729-75E740E82055&sortorder=asc&column=price HTTP/1.1" 200 89057
88.88.133.174 - - [29/Jun/2024:04:20:41 +0200] "GET /ticket2/opencms/sv/buy/?page=1&edid=83F2E8A0-DC7B-A3A3-A729-75E740E82055&sortorder=asc&column=row HTTP/1.1" 200 89057
88.88.133.174 - - [29/Jun/2024:04:20:44 +0200] "GET /ticket2/opencms/sv/buy/?page=1&edid=83F2E8A0-DC7B-A3A3-A729-75E740E82055&sortorder=asc&column=section HTTP/1.1" 200 89057
88.88.133.174 - - [29/Jun/2024:04:20:47 +0200] "GET /ticket2/opencms/sv/buy/?page=1&edid=83F2E8A0-DC7B-A3A3-A729-75E740E82055&sortorder=desc&column=price HTTP/1.1" 200 89056
47.128.38.105 - - [29/Jun/2024:04:20:49 +0200] "GET /ticket2/opencms/fi/venue/?venueid=F42AFEE1-85C5-55E9-807A-662212AA85FC HTTP/1.1" 200 72909
65.108.227.178 - - [29/Jun/2024:04:20:49 +0200] "GET /ticket2/opencms/de/en/venue/?countryid=ACB5B4FC-B2E3-1024-DD30-02CD725AE8FE HTTP/1.1" 404 -
47.128.38.105 - - [29/Jun/2024:04:20:49 +0200] "GET /ticket2/opencms/system/modules/com.gridnine.opencms.ticketbrokerage.site/resources/pics/logo-new.png HTTP/1.1" 200 13541
66.249.76.1 - - [29/Jun/2024:04:20:49 +0200] "GET /ticket2/opencms/en/venue/?venueid=CD1E4382-C9AC-7735-F8A6-8B8BE4233203 HTTP/1.1" 200 71339
47.128.38.105 - - [29/Jun/2024:04:20:50 +0200] "GET /ticket2/opencms/system/modules/com.gridnine.opencms.ticketbrokerage.site/resources/pics/bank_2_handelsbanken.png HTTP/1.1" 200 4509
47.128.38.105 - - [29/Jun/2024:04:20:50 +0200] "GET /ticket2/opencms/system/modules/com.gridnine.opencms.ticketbrokerage.site/resources/pics/bank_1_nordea.png HTTP/1.1" 200 4807
47.128.38.105 - - [29/Jun/2024:04:20:50 +0200] "GET /ticket2/opencms/system/modules/com.gridnine.opencms.ticketbrokerage.site/resources/pics/bank_4_seb.png HTTP/1.1" 200 2487
88.88.133.174 - - [29/Jun/2024:04:20:50 +0200] "GET /ticket2/opencms/sv/buy/?page=1&edid=83F2E8A0-DC7B-A3A3-A729-75E740E82055&sortorder=desc&column=row HTTP/1.1" 200 89056
47.128.38.105 - - [29/Jun/2024:04:20:50 +0200] "GET /ticket2/opencms/system/modules/com.gridnine.opencms.ticketbrokerage.site/resources/pics/bank_3_swedbank.png HTTP/1.1" 200 5740
47.128.38.105 - - [29/Jun/2024:04:20:50 +0200] "GET /ticket2/opencms/system/modules/com.gridnine.opencms.ticketbrokerage.site/resources/pics/bank_5_visa_mastercard.png HTTP/1.1" 200 8196
47.128.38.105 - - [29/Jun/2024:04:20:50 +0200] "GET /ticket2/opencms/system/modules/com.gridnine.opencms.ticketbrokerage.site/resources/pics/bank_6_american_express.png HTTP/1.1" 200 5570
66.249.72.33 - - [29/Jun/2024:04:20:51 +0200] "GET /ticket2/opencms/en/venue/?venueid=EFAE3AB1-91B2-5DD3-E2E2-A440AD33BE5C HTTP/1.1" 200 71315
88.88.133.174 - - [29/Jun/2024:04:20:53 +0200] "GET /ticket2/opencms/sv/buy/?page=1&edid=83F2E8A0-DC7B-A3A3-A729-75E740E82055&sortorder=desc&column=section HTTP/1.1" 200 89056
216.245.221.83 - - [29/Jun/2024:04:20:56 +0200] "HEAD /ticket2/opencms/ HTTP/1.1" 302 -
158.220.119.91 - - [29/Jun/2024:04:20:56 +0200] "GET /ticket2/opencms/robots.txt HTTP/1.1" 200 773
88.88.133.174 - - [29/Jun/2024:04:20:56 +0200] "GET /ticket2/opencms/sv/buy/?page=1&edid=8658E1FC-AEE0-692C-386F-78725205AC72 HTTP/1.1" 200 88579
216.245.221.83 - - [29/Jun/2024:04:20:58 +0200] "HEAD /ticket2/opencms/en/ HTTP/1.1" 200 -
88.88.133.174 - - [29/Jun/2024:04:20:59 +0200] "GET /ticket2/opencms/sv/buy/?page=1&edid=8658E1FC-AEE0-692C-386F-78725205AC72&sortorder=asc&column=price HTTP/1.1" 200 88615
88.88.133.174 - - [29/Jun/2024:04:21:02 +0200] "GET /ticket2/opencms/sv/buy/?page=1&edid=8658E1FC-AEE0-692C-386F-78725205AC72&sortorder=asc&column=row HTTP/1.1" 200 88615
88.88.133.174 - - [29/Jun/2024:04:21:05 +0200] "GET /ticket2/opencms/sv/buy/?page=1&edid=8658E1FC-AEE0-692C-386F-78725205AC72&sortorder=asc&column=section HTTP/1.1" 200 88615
88.88.133.174 - - [29/Jun/2024:04:21:08 +0200] "GET /ticket2/opencms/sv/buy/?page=1&edid=8658E1FC-AEE0-692C-386F-78725205AC72&sortorder=desc&column=price HTTP/1.1" 200 88614
88.88.133.174 - - [29/Jun/2024:04:21:11 +0200] "GET /ticket2/opencms/sv/buy/?page=1&edid=8658E1FC-AEE0-692C-386F-78725205AC72&sortorder=desc&column=row HTTP/1.1" 200 88614
65.108.227.178 - - [29/Jun/2024:04:21:13 +0200] "GET /ticket2/opencms/de/en/venue/?countryid=ACBCEDDC-478F-6F5C-046F-A1A55C83F98D HTTP/1.1" 404 -
88.88.133.174 - - [29/Jun/2024:04:21:14 +0200] "GET /ticket2/opencms/sv/buy/?page=1&edid=8658E1FC-AEE0-692C-386F-78725205AC72&sortorder=desc&column=section HTTP/1.1" 200 88614
37.60.238.15 - - [29/Jun/2024:04:21:16 +0200] "GET /ticket2/opencms/de/fi/venue/?venueid=879967C0-57AE-A0D6-80DD-31C312C0E736 HTTP/1.1" 404 -
88.88.133.174 - - [29/Jun/2024:04:21:17 +0200] "GET /ticket2/opencms/sv/buy/?page=1&edid=8877E1E6-6CDA-505B-127D-F41976352983 HTTP/1.1" 200 89105
88.88.133.174 - - [29/Jun/2024:04:21:20 +0200] "GET /ticket2/opencms/sv/buy/?page=1&edid=8877E1E6-6CDA-505B-127D-F41976352983&sortorder=asc&column=price HTTP/1.1" 200 89141
88.88.133.174 - - [29/Jun/2024:04:21:23 +0200] "GET /ticket2/opencms/sv/buy/?page=1&edid=8877E1E6-6CDA-505B-127D-F41976352983&sortorder=asc&column=row HTTP/1.1" 200 89141
88.88.133.174 - - [29/Jun/2024:04:21:26 +0200] "GET /ticket2/opencms/sv/buy/?page=1&edid=8877E1E6-6CDA-505B-127D-F41976352983&sortorder=asc&column=section HTTP/1.1" 200 89141
47.128.53.189 - - [29/Jun/2024:04:21:28 +0200] "GET /ticket2/opencms/de/buy/?edid=B089B4B8-933D-AB70-BE65-2A133877E5AC HTTP/1.1" 200 72578
66.249.75.168 - - [29/Jun/2024:04:21:28 +0200] "GET /ticket2/opencms/ HTTP/1.1" 302 -
47.128.53.189 - - [29/Jun/2024:04:21:28 +0200] "GET /ticket2/opencms/system/modules/com.gridnine.opencms.ticketbrokerage.site/resources/pics/logo-new.png HTTP/1.1" 200 13541
47.128.53.189 - - [29/Jun/2024:04:21:29 +0200] "GET /ticket2/opencms/system/modules/com.gridnine.opencms.ticketbrokerage.site/resources/pics/bank_1_nordea.png HTTP/1.1" 200 4807
47.128.53.189 - - [29/Jun/2024:04:21:29 +0200] "GET /ticket2/opencms/system/modules/com.gridnine.opencms.ticketbrokerage.site/resources/pics/bank_3_swedbank.png HTTP/1.1" 200 5740
88.88.133.174 - - [29/Jun/2024:04:21:29 +0200] "GET /ticket2/opencms/sv/buy/?page=1&edid=8877E1E6-6CDA-505B-127D-F41976352983&sortorder=desc&column=price HTTP/1.1" 200 89140
47.128.53.189 - - [29/Jun/2024:04:21:30 +0200] "GET /ticket2/opencms/system/modules/com.gridnine.opencms.ticketbrokerage.site/resources/pics/bank_2_handelsbanken.png HTTP/1.1" 200 4509
47.128.53.189 - - [29/Jun/2024:04:21:30 +0200] "GET /ticket2/opencms/system/modules/com.gridnine.opencms.ticketbrokerage.site/resources/pics/bank_4_seb.png HTTP/1.1" 200 2487
47.128.53.189 - - [29/Jun/2024:04:21:30 +0200] "GET /ticket2/opencms/system/modules/com.gridnine.opencms.ticketbrokerage.site/resources/pics/bank_5_visa_mastercard.png HTTP/1.1" 200 8196
47.128.53.189 - - [29/Jun/2024:04:21:30 +0200] "GET /ticket2/opencms/system/modules/com.gridnine.opencms.ticketbrokerage.site/resources/pics/bank_6_american_express.png HTTP/1.1" 200 5570
66.249.75.169 - - [29/Jun/2024:04:21:31 +0200] "GET /ticket2/opencms/sv/ HTTP/1.1" 200 91831
20.232.121.95 - - [29/Jun/2024:04:21:32 +0200] "GET /ticket2/opencms/system/modules/com.gridnine.opencms.ticketbrokerage.site/resources/pics/front_page/sv/Svenska_fans.jpg HTTP/1.1" 200 7096
88.88.133.174 - - [29/Jun/2024:04:21:33 +0200] "GET /ticket2/opencms/sv/buy/?page=1&edid=8877E1E6-6CDA-505B-127D-F41976352983&sortorder=desc&column=section HTTP/1.1" 200 89140
66.249.75.167 - - [29/Jun/2024:04:21:35 +0200] "GET /ticket2/opencms/system/modules/com.gridnine.opencms.ticketbrokerage.site/resources/js/stickyfill.min.js HTTP/1.1" 200 5672
88.88.133.174 - - [29/Jun/2024:04:21:35 +0200] "GET /ticket2/opencms/sv/buy/?page=1&edid=8A4C7AC3-9F20-8E7F-3D23-EA3DFE7093D0 HTTP/1.1" 200 88347
66.249.75.169 - - [29/Jun/2024:04:21:36 +0200] "GET /ticket2/opencms/system/modules/com.gridnine.opencms.ticketbrokerage.site/resources/js/jquery.fancybox.pack.js HTTP/1.1" 200 23187
66.249.76.160 - - [29/Jun/2024:04:21:37 +0200] "GET /ticket2/opencms/system/modules/com.gridnine.opencms.ticketbrokerage.site/resources/css/jquery-ui.css HTTP/1.1" 200 33221
66.249.75.168 - - [29/Jun/2024:04:21:38 +0200] "GET /ticket2/opencms/system/modules/com.gridnine.opencms.ticketbrokerage.site/resources/js/jquery/jquery-ui.js HTTP/1.1" 200 228088
88.88.133.174 - - [29/Jun/2024:04:21:39 +0200] "GET /ticket2/opencms/sv/buy/?page=1&edid=8A4C7AC3-9F20-8E7F-3D23-EA3DFE7093D0&sortorder=asc&column=price HTTP/1.1" 200 88383
66.249.75.167 - - [29/Jun/2024:04:21:39 +0200] "GET /ticket2/opencms/system/modules/com.gridnine.opencms.ticketbrokerage.site/resources/js/common-ajax.js HTTP/1.1" 200 20175
66.249.75.168 - - [29/Jun/2024:04:21:39 +0200] "GET /ticket2/opencms/system/modules/com.gridnine.opencms.ticketbrokerage.site/resources/js/jquery.placeholder.min.js HTTP/1.1" 200 1737
88.88.133.174 - - [29/Jun/2024:04:21:42 +0200] "GET /ticket2/opencms/sv/buy/?page=1&edid=8A4C7AC3-9F20-8E7F-3D23-EA3DFE7093D0&sortorder=asc&column=row HTTP/1.1" 200 88383
47.128.57.189 - - [29/Jun/2024:04:21:45 +0200] "GET /ticket2/opencms/fi/venue/?countryid=F6743C3E-06B9-E773-142B-1B90866C1373 HTTP/1.1" 200 102292
88.88.133.174 - - [29/Jun/2024:04:21:45 +0200] "GET /ticket2/opencms/sv/buy/?page=1&edid=8A4C7AC3-9F20-8E7F-3D23-EA3DFE7093D0&sortorder=asc&column=section HTTP/1.1" 200 88383
47.128.57.189 - - [29/Jun/2024:04:21:45 +0200] "GET /ticket2/opencms/system/modules/com.gridnine.opencms.ticketbrokerage.site/resources/pics/logo-new.png HTTP/1.1" 200 13541
47.128.57.189 - - [29/Jun/2024:04:21:46 +0200] "GET /ticket2/opencms/system/modules/com.gridnine.opencms.ticketbrokerage.site/resources/pics/bank_1_nordea.png HTTP/1.1" 200 4807
47.128.57.189 - - [29/Jun/2024:04:21:46 +0200] "GET /ticket2/opencms/system/modules/com.gridnine.opencms.ticketbrokerage.site/resources/pics/bank_6_american_express.png HTTP/1.1" 200 5570
47.128.57.189 - - [29/Jun/2024:04:21:46 +0200] "GET /ticket2/opencms/system/modules/com.gridnine.opencms.ticketbrokerage.site/resources/pics/bank_2_handelsbanken.png HTTP/1.1" 200 4509
47.128.57.189 - - [29/Jun/2024:04:21:46 +0200] "GET /ticket2/opencms/system/modules/com.gridnine.opencms.ticketbrokerage.site/resources/pics/bank_4_seb.png HTTP/1.1" 200 2487
47.128.57.189 - - [29/Jun/2024:04:21:46 +0200] "GET /ticket2/opencms/system/modules/com.gridnine.opencms.ticketbrokerage.site/resources/pics/bank_5_visa_mastercard.png HTTP/1.1" 200 8196
47.128.57.189 - - [29/Jun/2024:04:21:46 +0200] "GET /ticket2/opencms/system/modules/com.gridnine.opencms.ticketbrokerage.site/resources/pics/bank_3_swedbank.png HTTP/1.1" 200 5740
88.88.133.174 - - [29/Jun/2024:04:21:48 +0200] "GET /ticket2/opencms/sv/buy/?page=1&edid=8A4C7AC3-9F20-8E7F-3D23-EA3DFE7093D0&sortorder=desc&column=price HTTP/1.1" 200 88382
65.108.227.178 - - [29/Jun/2024:04:21:49 +0200] "GET /ticket2/opencms/de/en/venue/?countryid=AD4C6C1F-4EA2-1827-F34A-F0A47DB58003 HTTP/1.1" 404 -
88.88.133.174 - - [29/Jun/2024:04:21:51 +0200] "GET /ticket2/opencms/sv/buy/?page=1&edid=8A4C7AC3-9F20-8E7F-3D23-EA3DFE7093D0&sortorder=desc&column=row HTTP/1.1" 200 88382
88.88.133.174 - - [29/Jun/2024:04:21:54 +0200] "GET /ticket2/opencms/sv/buy/?page=1&edid=8A4C7AC3-9F20-8E7F-3D23-EA3DFE7093D0&sortorder=desc&column=section HTTP/1.1" 200 88382
88.88.133.174 - - [29/Jun/2024:04:21:57 +0200] "GET /ticket2/opencms/sv/buy/?page=1&edid=8BCDA413-0A18-59D2-A3FB-49537454FAB9 HTTP/1.1" 200 89239
66.249.76.194 - - [29/Jun/2024:04:21:58 +0200] "GET /ticket2/opencms/dk/buy/?page=1&edid=3E8160AB-0FBD-70C5-9AD2-7741AA7C1F1A HTTP/1.1" 200 111667
88.88.133.174 - - [29/Jun/2024:04:22:00 +0200] "GET /ticket2/opencms/sv/buy/?page=1&edid=8BCDA413-0A18-59D2-A3FB-49537454FAB9&sortorder=asc&column=price HTTP/1.1" 200 89275
37.60.238.15 - - [29/Jun/2024:04:22:02 +0200] "GET /ticket2/opencms/de/fi/venue/?venueid=879B0F51-C151-32AF-3491-072EFA33AFCB HTTP/1.1" 404 -
88.88.133.174 - - [29/Jun/2024:04:22:03 +0200] "GET /ticket2/opencms/sv/buy/?page=1&edid=8BCDA413-0A18-59D2-A3FB-49537454FAB9&sortorder=asc&column=row HTTP/1.1" 200 89275
88.88.133.174 - - [29/Jun/2024:04:22:06 +0200] "GET /ticket2/opencms/sv/buy/?page=1&edid=8BCDA413-0A18-59D2-A3FB-49537454FAB9&sortorder=asc&column=section HTTP/1.1" 200 89275
114.119.132.248 - - [29/Jun/2024:04:22:06 +0200] "GET /ticket2/opencms/en/buy/?page=1&edid=519623A0-6FE8-1256-AA1E-EE105D1706CF HTTP/1.1" 200 86950
65.108.227.178 - - [29/Jun/2024:04:22:09 +0200] "GET /ticket2/opencms/de/robots.txt HTTP/1.1" 404 -
88.88.133.174 - - [29/Jun/2024:04:22:09 +0200] "GET /ticket2/opencms/sv/buy/?page=1&edid=8BCDA413-0A18-59D2-A3FB-49537454FAB9&sortorder=desc&column=price HTTP/1.1" 200 89274
88.88.133.174 - - [29/Jun/2024:04:22:12 +0200] "GET /ticket2/opencms/sv/buy/?page=1&edid=8BCDA413-0A18-59D2-A3FB-49537454FAB9&sortorder=desc&column=row HTTP/1.1" 200 89274
88.88.133.174 - - [29/Jun/2024:04:22:15 +0200] "GET /ticket2/opencms/sv/buy/?page=1&edid=8BCDA413-0A18-59D2-A3FB-49537454FAB9&sortorder=desc&column=section HTTP/1.1" 200 89274
216.245.221.83 - - [29/Jun/2024:04:22:16 +0200] "HEAD /ticket2/opencms/ HTTP/1.1" 302 -
216.245.221.83 - - [29/Jun/2024:04:22:16 +0200] "HEAD /ticket2/opencms/en/ HTTP/1.1" 200 -
88.88.133.174 - - [29/Jun/2024:04:22:19 +0200] "GET /ticket2/opencms/sv/buy/?page=1&edid=8C683308-F1E4-E41D-F834-BFDFCEAEC74C HTTP/1.1" 200 88355
114.119.137.43 - - [29/Jun/2024:04:22:21 +0200] "GET /ticket2/opencms/en/buy/?page=1&edid=2EF450B0-DF91-3D32-83BE-3864AECD3DBC HTTP/1.1" 200 86739
88.88.133.174 - - [29/Jun/2024:04:22:22 +0200] "GET /ticket2/opencms/sv/buy/?page=1&edid=8C683308-F1E4-E41D-F834-BFDFCEAEC74C&sortorder=asc&column=price HTTP/1.1" 200 88391
88.88.133.174 - - [29/Jun/2024:04:22:25 +0200] "GET /ticket2/opencms/sv/buy/?page=1&edid=8C683308-F1E4-E41D-F834-BFDFCEAEC74C&sortorder=asc&column=row HTTP/1.1" 200 88391
88.88.133.174 - - [29/Jun/2024:04:22:28 +0200] "GET /ticket2/opencms/sv/buy/?page=1&edid=8C683308-F1E4-E41D-F834-BFDFCEAEC74C&sortorder=asc&column=section HTTP/1.1" 200 88391
88.88.133.174 - - [29/Jun/2024:04:22:31 +0200] "GET /ticket2/opencms/sv/buy/?page=1&edid=8C683308-F1E4-E41D-F834-BFDFCEAEC74C&sortorder=desc&column=price HTTP/1.1" 200 88390
88.88.133.174 - - [29/Jun/2024:04:22:34 +0200] "GET /ticket2/opencms/sv/buy/?page=1&edid=8C683308-F1E4-E41D-F834-BFDFCEAEC74C&sortorder=desc&column=row HTTP/1.1" 200 88390
88.88.133.174 - - [29/Jun/2024:04:22:37 +0200] "GET /ticket2/opencms/sv/buy/?page=1&edid=8C683308-F1E4-E41D-F834-BFDFCEAEC74C&sortorder=desc&column=section HTTP/1.1" 200 88390
65.108.227.178 - - [29/Jun/2024:04:22:39 +0200] "GET /ticket2/opencms/de/en/venue/?countryid=ADE48E06-C02A-081C-C0CF-A96D2EE2FC7A HTTP/1.1" 404 -
88.88.133.174 - - [29/Jun/2024:04:22:40 +0200] "GET /ticket2/opencms/sv/buy/?page=1&edid=94C8937D-45B7-A9A5-968E-7293E4885195 HTTP/1.1" 200 88345
47.128.125.183 - - [29/Jun/2024:04:22:41 +0200] "GET /ticket2/opencms/no/buy/?catid=C48671DB-5AEB-8CE2-928E-38417FFBE085&comcatid=A17713B6-D984-201A-4143-ED4DB5ED5C2E&page=6 HTTP/1.1" 200 83606
47.128.125.183 - - [29/Jun/2024:04:22:42 +0200] "GET /ticket2/opencms/system/modules/com.gridnine.opencms.ticketbrokerage.site/resources/pics/logo-new.png HTTP/1.1" 200 13541
47.128.125.183 - - [29/Jun/2024:04:22:42 +0200] "GET /ticket2/opencms/system/modules/com.gridnine.opencms.ticketbrokerage.site/resources/pics/bank_1_nordea.png HTTP/1.1" 200 4807
47.128.125.183 - - [29/Jun/2024:04:22:42 +0200] "GET /ticket2/opencms/system/modules/com.gridnine.opencms.ticketbrokerage.site/resources/pics/bank_6_american_express.png HTTP/1.1" 200 5570
47.128.125.183 - - [29/Jun/2024:04:22:42 +0200] "GET /ticket2/opencms/system/modules/com.gridnine.opencms.ticketbrokerage.site/resources/pics/bank_2_handelsbanken.png HTTP/1.1" 200 4509
47.128.125.183 - - [29/Jun/2024:04:22:43 +0200] "GET /ticket2/opencms/system/modules/com.gridnine.opencms.ticketbrokerage.site/resources/pics/bank_5_visa_mastercard.png HTTP/1.1" 200 8196
47.128.125.183 - - [29/Jun/2024:04:22:43 +0200] "GET /ticket2/opencms/system/modules/com.gridnine.opencms.ticketbrokerage.site/resources/pics/bank_3_swedbank.png HTTP/1.1" 200 5740
47.128.125.183 - - [29/Jun/2024:04:22:43 +0200] "GET /ticket2/opencms/system/modules/com.gridnine.opencms.ticketbrokerage.site/resources/pics/bank_4_seb.png HTTP/1.1" 200 2487
88.88.133.174 - - [29/Jun/2024:04:22:43 +0200] "GET /ticket2/opencms/sv/buy/?page=1&edid=94C8937D-45B7-A9A5-968E-7293E4885195&sortorder=asc&column=price HTTP/1.1" 200 88381
88.88.133.174 - - [29/Jun/2024:04:22:46 +0200] "GET /ticket2/opencms/sv/buy/?page=1&edid=94C8937D-45B7-A9A5-968E-7293E4885195&sortorder=asc&column=row HTTP/1.1" 200 88381
88.88.133.174 - - [29/Jun/2024:04:22:49 +0200] "GET /ticket2/opencms/sv/buy/?page=1&edid=94C8937D-45B7-A9A5-968E-7293E4885195&sortorder=desc&column=price HTTP/1.1" 200 88380
88.88.133.174 - - [29/Jun/2024:04:22:52 +0200] "GET /ticket2/opencms/sv/buy/?page=1&edid=94C8937D-45B7-A9A5-968E-7293E4885195&sortorder=desc&column=row HTTP/1.1" 200 88380
88.88.133.174 - - [29/Jun/2024:04:22:55 +0200] "GET /ticket2/opencms/sv/buy/?page=1&edid=9535D3A0-5A91-E0DB-D06B-F31AB76E78BB HTTP/1.1" 200 88591
37.60.238.15 - - [29/Jun/2024:04:22:57 +0200] "GET /ticket2/opencms/de/fi/venue/?venueid=8873E817-852C-7B3A-DC3B-7014498C6FBC HTTP/1.1" 404 -
88.88.133.174 - - [29/Jun/2024:04:22:58 +0200] "GET /ticket2/opencms/sv/buy/?page=1&edid=9535D3A0-5A91-E0DB-D06B-F31AB76E78BB&sortorder=asc&column=price HTTP/1.1" 200 88627
66.249.75.105 - - [29/Jun/2024:04:22:59 +0200] "GET /ticket2/opencms/en/venue/?venueid=A2C3B653-26FA-47C6-9144-32901C878EBE HTTP/1.1" 200 71348
158.220.119.91 - - [29/Jun/2024:04:23:00 +0200] "GET /ticket2/opencms/sv/buy/?page=1&edid=BF9154EC-7C2D-747D-A9A9-57938B1AB1EA&sortorder=desc&column=row HTTP/1.1" 200 88620
216.244.66.238 - - [29/Jun/2024:04:23:00 +0200] "GET /ticket2/opencms/dk/en/venue/?venueid=CC9A440E-B464-CC4E-06EE-F66092FB8CD7 HTTP/1.1" 404 -
88.88.133.174 - - [29/Jun/2024:04:23:01 +0200] "GET /ticket2/opencms/sv/buy/?page=1&edid=9535D3A0-5A91-E0DB-D06B-F31AB76E78BB&sortorder=asc&column=row HTTP/1.1" 200 88627
88.88.133.174 - - [29/Jun/2024:04:23:04 +0200] "GET /ticket2/opencms/sv/buy/?page=1&edid=9535D3A0-5A91-E0DB-D06B-F31AB76E78BB&sortorder=asc&column=section HTTP/1.1" 200 88627
88.88.133.174 - - [29/Jun/2024:04:23:07 +0200] "GET /ticket2/opencms/sv/buy/?page=1&edid=9535D3A0-5A91-E0DB-D06B-F31AB76E78BB&sortorder=desc&column=price HTTP/1.1" 200 88626
88.88.133.174 - - [29/Jun/2024:04:23:10 +0200] "GET /ticket2/opencms/sv/buy/?page=1&edid=9535D3A0-5A91-E0DB-D06B-F31AB76E78BB&sortorder=desc&column=row HTTP/1.1" 200 88626
88.88.133.174 - - [29/Jun/2024:04:23:13 +0200] "GET /ticket2/opencms/sv/buy/?page=1&edid=9535D3A0-5A91-E0DB-D06B-F31AB76E78BB&sortorder=desc&column=section HTTP/1.1" 200 88626
88.88.133.174 - - [29/Jun/2024:04:23:16 +0200] "GET /ticket2/opencms/sv/buy/?page=1&edid=95CACFD9-29C2-1708-57C5-046FA498506B HTTP/1.1" 200 89027
88.88.133.174 - - [29/Jun/2024:04:23:19 +0200] "GET /ticket2/opencms/sv/buy/?page=1&edid=95CACFD9-29C2-1708-57C5-046FA498506B&sortorder=asc&column=price HTTP/1.1" 200 89063
139.5.200.202 - - [29/Jun/2024:04:23:20 +0200] "GET /ticket2/opencms/login.php?s=Admin/login HTTP/1.1" 404 -
88.88.133.174 - - [29/Jun/2024:04:23:22 +0200] "GET /ticket2/opencms/sv/buy/?page=1&edid=95CACFD9-29C2-1708-57C5-046FA498506B&sortorder=asc&column=row HTTP/1.1" 200 89063
88.88.133.174 - - [29/Jun/2024:04:23:25 +0200] "GET /ticket2/opencms/sv/buy/?page=1&edid=95CACFD9-29C2-1708-57C5-046FA498506B&sortorder=asc&column=section HTTP/1.1" 200 89063
88.88.133.174 - - [29/Jun/2024:04:23:28 +0200] "GET /ticket2/opencms/sv/buy/?page=1&edid=95CACFD9-29C2-1708-57C5-046FA498506B&sortorder=desc&column=price HTTP/1.1" 200 89062
88.88.133.174 - - [29/Jun/2024:04:23:31 +0200] "GET /ticket2/opencms/sv/buy/?page=1&edid=95CACFD9-29C2-1708-57C5-046FA498506B&sortorder=desc&column=row HTTP/1.1" 200 89062
88.88.133.174 - - [29/Jun/2024:04:23:34 +0200] "GET /ticket2/opencms/sv/buy/?page=1&edid=95CACFD9-29C2-1708-57C5-046FA498506B&sortorder=desc&column=section HTTP/1.1" 200 89062
65.108.227.178 - - [29/Jun/2024:04:23:36 +0200] "GET /ticket2/opencms/de/en/venue/?countryid=AE789D77-DA16-B130-0CBE-FA563F4A0E8A HTTP/1.1" 404 -
88.88.133.174 - - [29/Jun/2024:04:23:37 +0200] "GET /ticket2/opencms/sv/buy/?page=1&edid=A34637F6-A2D0-912E-26B6-F992C4C5FF72 HTTP/1.1" 200 89024
37.60.238.15 - - [29/Jun/2024:04:23:39 +0200] "GET /ticket2/opencms/de/fi/venue/?venueid=88C3766A-DDEA-8940-EB5A-0950A80A0781 HTTP/1.1" 404 -
88.88.133.174 - - [29/Jun/2024:04:23:40 +0200] "GET /ticket2/opencms/sv/buy/?page=1&edid=A34637F6-A2D0-912E-26B6-F992C4C5FF72&sortorder=asc&column=price HTTP/1.1" 200 89060
47.128.24.244 - - [29/Jun/2024:04:23:41 +0200] "GET /ticket2/opencms/fi/venue/?countryid=219973C9-2DDA-2E70-1B9F-7B4A1AF9BB6C HTTP/1.1" 200 102292
47.128.24.244 - - [29/Jun/2024:04:23:41 +0200] "GET /ticket2/opencms/system/modules/com.gridnine.opencms.ticketbrokerage.site/resources/pics/logo-new.png HTTP/1.1" 200 13541
47.128.24.244 - - [29/Jun/2024:04:23:42 +0200] "GET /ticket2/opencms/system/modules/com.gridnine.opencms.ticketbrokerage.site/resources/pics/bank_4_seb.png HTTP/1.1" 200 2487
47.128.24.244 - - [29/Jun/2024:04:23:42 +0200] "GET /ticket2/opencms/system/modules/com.gridnine.opencms.ticketbrokerage.site/resources/pics/bank_2_handelsbanken.png HTTP/1.1" 200 4509
47.128.24.244 - - [29/Jun/2024:04:23:43 +0200] "GET /ticket2/opencms/system/modules/com.gridnine.opencms.ticketbrokerage.site/resources/pics/bank_3_swedbank.png HTTP/1.1" 200 5740
47.128.24.244 - - [29/Jun/2024:04:23:43 +0200] "GET /ticket2/opencms/system/modules/com.gridnine.opencms.ticketbrokerage.site/resources/pics/bank_5_visa_mastercard.png HTTP/1.1" 200 8196
47.128.24.244 - - [29/Jun/2024:04:23:43 +0200] "GET /ticket2/opencms/system/modules/com.gridnine.opencms.ticketbrokerage.site/resources/pics/bank_1_nordea.png HTTP/1.1" 200 4807
47.128.24.244 - - [29/Jun/2024:04:23:43 +0200] "GET /ticket2/opencms/system/modules/com.gridnine.opencms.ticketbrokerage.site/resources/pics/bank_6_american_express.png HTTP/1.1" 200 5570
88.88.133.174 - - [29/Jun/2024:04:23:43 +0200] "GET /ticket2/opencms/sv/buy/?page=1&edid=A34637F6-A2D0-912E-26B6-F992C4C5FF72&sortorder=asc&column=row HTTP/1.1" 200 89060
88.88.133.174 - - [29/Jun/2024:04:23:46 +0200] "GET /ticket2/opencms/sv/buy/?page=1&edid=A34637F6-A2D0-912E-26B6-F992C4C5FF72&sortorder=asc&column=section HTTP/1.1" 200 89060
85.208.96.206 - - [29/Jun/2024:04:23:46 +0200] "GET /ticket2/opencms/fi/urheilu/jalkapallo/bundesliga/hannover/ HTTP/1.1" 200 73793
47.128.49.172 - - [29/Jun/2024:04:23:46 +0200] "GET /ticket2/opencms/fr/buy/?edid=FC000D61-FABC-A881-9E2E-0971242A71A3 HTTP/1.1" 200 72687
47.128.49.172 - - [29/Jun/2024:04:23:47 +0200] "GET /ticket2/opencms/system/modules/com.gridnine.opencms.ticketbrokerage.site/resources/pics/logo-new.png HTTP/1.1" 200 13541
47.128.49.172 - - [29/Jun/2024:04:23:47 +0200] "GET /ticket2/opencms/system/modules/com.gridnine.opencms.ticketbrokerage.site/resources/pics/bank_3_swedbank.png HTTP/1.1" 200 5740
47.128.49.172 - - [29/Jun/2024:04:23:48 +0200] "GET /ticket2/opencms/system/modules/com.gridnine.opencms.ticketbrokerage.site/resources/pics/bank_5_visa_mastercard.png HTTP/1.1" 200 8196
47.128.49.172 - - [29/Jun/2024:04:23:48 +0200] "GET /ticket2/opencms/system/modules/com.gridnine.opencms.ticketbrokerage.site/resources/pics/bank_1_nordea.png HTTP/1.1" 200 4807
47.128.49.172 - - [29/Jun/2024:04:23:48 +0200] "GET /ticket2/opencms/system/modules/com.gridnine.opencms.ticketbrokerage.site/resources/pics/bank_2_handelsbanken.png HTTP/1.1" 200 4509
47.128.49.172 - - [29/Jun/2024:04:23:48 +0200] "GET /ticket2/opencms/system/modules/com.gridnine.opencms.ticketbrokerage.site/resources/pics/bank_4_seb.png HTTP/1.1" 200 2487
47.128.49.172 - - [29/Jun/2024:04:23:48 +0200] "GET /ticket2/opencms/system/modules/com.gridnine.opencms.ticketbrokerage.site/resources/pics/bank_6_american_express.png HTTP/1.1" 200 5570
88.88.133.174 - - [29/Jun/2024:04:23:49 +0200] "GET /ticket2/opencms/sv/buy/?page=1&edid=A34637F6-A2D0-912E-26B6-F992C4C5FF72&sortorder=desc&column=price HTTP/1.1" 200 89059
88.88.133.174 - - [29/Jun/2024:04:23:52 +0200] "GET /ticket2/opencms/sv/buy/?page=1&edid=A34637F6-A2D0-912E-26B6-F992C4C5FF72&sortorder=desc&column=row HTTP/1.1" 200 89059
88.88.133.174 - - [29/Jun/2024:04:23:55 +0200] "GET /ticket2/opencms/sv/buy/?page=1&edid=A34637F6-A2D0-912E-26B6-F992C4C5FF72&sortorder=desc&column=section HTTP/1.1" 200 89059
88.88.133.174 - - [29/Jun/2024:04:23:58 +0200] "GET /ticket2/opencms/sv/buy/?page=1&edid=AB2F1C58-6A5B-E2CD-095A-4BF1DF689D46 HTTP/1.1" 200 88347
88.88.133.174 - - [29/Jun/2024:04:24:01 +0200] "GET /ticket2/opencms/sv/buy/?page=1&edid=AB2F1C58-6A5B-E2CD-095A-4BF1DF689D46&sortorder=asc&column=price HTTP/1.1" 200 88383
88.88.133.174 - - [29/Jun/2024:04:24:04 +0200] "GET /ticket2/opencms/sv/buy/?page=1&edid=AB2F1C58-6A5B-E2CD-095A-4BF1DF689D46&sortorder=asc&column=row HTTP/1.1" 200 88383
88.88.133.174 - - [29/Jun/2024:04:24:07 +0200] "GET /ticket2/opencms/sv/buy/?page=1&edid=AB2F1C58-6A5B-E2CD-095A-4BF1DF689D46&sortorder=asc&column=section HTTP/1.1" 200 88383
88.88.133.174 - - [29/Jun/2024:04:24:10 +0200] "GET /ticket2/opencms/sv/buy/?page=1&edid=AB2F1C58-6A5B-E2CD-095A-4BF1DF689D46&sortorder=desc&column=price HTTP/1.1" 200 88382
88.88.133.174 - - [29/Jun/2024:04:24:13 +0200] "GET /ticket2/opencms/sv/buy/?page=1&edid=AB2F1C58-6A5B-E2CD-095A-4BF1DF689D46&sortorder=desc&column=row HTTP/1.1" 200 88382
88.88.133.174 - - [29/Jun/2024:04:24:16 +0200] "GET /ticket2/opencms/sv/buy/?page=1&edid=AB2F1C58-6A5B-E2CD-095A-4BF1DF689D46&sortorder=desc&column=section HTTP/1.1" 200 88382
88.88.133.174 - - [29/Jun/2024:04:24:19 +0200] "GET /ticket2/opencms/sv/buy/?page=1&edid=AC0F73E1-0232-61EB-B03D-E2D48293DDC3 HTTP/1.1" 200 89029
88.88.133.174 - - [29/Jun/2024:04:24:22 +0200] "GET /ticket2/opencms/sv/buy/?page=1&edid=AC0F73E1-0232-61EB-B03D-E2D48293DDC3&sortorder=asc&column=price HTTP/1.1" 200 89065
185.191.171.14 - - [29/Jun/2024:04:24:24 +0200] "GET /ticket2/opencms/nl/sport/voetbal-tickets/english-championship/ HTTP/1.1" 200 81708
88.88.133.174 - - [29/Jun/2024:04:24:26 +0200] "GET /ticket2/opencms/sv/buy/?page=1&edid=AC0F73E1-0232-61EB-B03D-E2D48293DDC3&sortorder=asc&column=row HTTP/1.1" 200 89065
37.60.238.15 - - [29/Jun/2024:04:24:26 +0200] "GET /ticket2/opencms/de/fi/venue/?venueid=88F7BD42-D802-9204-CAB7-CFC868488AC2 HTTP/1.1" 404 -
88.88.133.174 - - [29/Jun/2024:04:24:28 +0200] "GET /ticket2/opencms/sv/buy/?page=1&edid=AC0F73E1-0232-61EB-B03D-E2D48293DDC3&sortorder=asc&column=section HTTP/1.1" 200 89065
88.88.133.174 - - [29/Jun/2024:04:24:31 +0200] "GET /ticket2/opencms/sv/buy/?page=1&edid=AC0F73E1-0232-61EB-B03D-E2D48293DDC3&sortorder=desc&column=price HTTP/1.1" 200 89064
88.88.133.174 - - [29/Jun/2024:04:24:35 +0200] "GET /ticket2/opencms/sv/buy/?page=1&edid=AC0F73E1-0232-61EB-B03D-E2D48293DDC3&sortorder=desc&column=row HTTP/1.1" 200 89064
88.88.133.174 - - [29/Jun/2024:04:24:38 +0200] "GET /ticket2/opencms/sv/buy/?page=1&edid=ADC03EF7-1AE0-1D16-775A-CF1264429A09 HTTP/1.1" 200 87952
65.108.227.178 - - [29/Jun/2024:04:24:38 +0200] "GET /ticket2/opencms/de/en/venue/?countryid=B05AF8CC-D1BF-73AB-E946-B6702610D2C6 HTTP/1.1" 404 -
88.88.133.174 - - [29/Jun/2024:04:24:41 +0200] "GET /ticket2/opencms/sv/buy/?page=1&edid=ADC03EF7-1AE0-1D16-775A-CF1264429A09&sortorder=asc&column=price HTTP/1.1" 200 87988
88.88.133.174 - - [29/Jun/2024:04:24:44 +0200] "GET /ticket2/opencms/sv/buy/?page=1&edid=ADC03EF7-1AE0-1D16-775A-CF1264429A09&sortorder=asc&column=row HTTP/1.1" 200 87988
88.88.133.174 - - [29/Jun/2024:04:24:47 +0200] "GET /ticket2/opencms/sv/buy/?page=1&edid=ADC03EF7-1AE0-1D16-775A-CF1264429A09&sortorder=asc&column=section HTTP/1.1" 200 87988
216.244.66.196 - - [29/Jun/2024:04:24:49 +0200] "GET /ticket2/opencms/nl/buy?page=1&edid=A848EC15-222C-39E8-21F1-435F0F918573 HTTP/1.1" 200 86819
88.88.133.174 - - [29/Jun/2024:04:24:50 +0200] "GET /ticket2/opencms/sv/buy/?page=1&edid=ADC03EF7-1AE0-1D16-775A-CF1264429A09&sortorder=desc&column=price HTTP/1.1" 200 87987
88.88.133.174 - - [29/Jun/2024:04:24:53 +0200] "GET /ticket2/opencms/sv/buy/?page=1&edid=ADC03EF7-1AE0-1D16-775A-CF1264429A09&sortorder=desc&column=row HTTP/1.1" 200 87987
88.88.133.174 - - [29/Jun/2024:04:24:56 +0200] "GET /ticket2/opencms/sv/buy/?page=1&edid=ADC03EF7-1AE0-1D16-775A-CF1264429A09&sortorder=desc&column=section HTTP/1.1" 200 87987
66.249.76.167 - - [29/Jun/2024:04:24:58 +0200] "GET /ticket2/opencms/venue/st_marys_stadium.png HTTP/1.1" 200 93178
88.88.133.174 - - [29/Jun/2024:04:24:58 +0200] "GET /ticket2/opencms/sv/buy/?page=1&edid=AF97ABE2-861D-FC72-98BD-465ED5205D7B HTTP/1.1" 200 89026
88.88.133.174 - - [29/Jun/2024:04:25:01 +0200] "GET /ticket2/opencms/sv/buy/?page=1&edid=AF97ABE2-861D-FC72-98BD-465ED5205D7B&sortorder=asc&column=price HTTP/1.1" 200 89062
88.88.133.174 - - [29/Jun/2024:04:25:05 +0200] "GET /ticket2/opencms/sv/buy/?page=1&edid=AF97ABE2-861D-FC72-98BD-465ED5205D7B&sortorder=asc&column=row HTTP/1.1" 200 89062
88.88.133.174 - - [29/Jun/2024:04:25:08 +0200] "GET /ticket2/opencms/sv/buy/?page=1&edid=AF97ABE2-861D-FC72-98BD-465ED5205D7B&sortorder=asc&column=section HTTP/1.1" 200 89062
88.88.133.174 - - [29/Jun/2024:04:25:11 +0200] "GET /ticket2/opencms/sv/buy/?page=1&edid=AF97ABE2-861D-FC72-98BD-465ED5205D7B&sortorder=desc&column=price HTTP/1.1" 200 89061
88.88.133.174 - - [29/Jun/2024:04:25:14 +0200] "GET /ticket2/opencms/sv/buy/?page=1&edid=AF97ABE2-861D-FC72-98BD-465ED5205D7B&sortorder=desc&column=row HTTP/1.1" 200 89061
88.88.133.174 - - [29/Jun/2024:04:25:17 +0200] "GET /ticket2/opencms/sv/buy/?page=1&edid=AF97ABE2-861D-FC72-98BD-465ED5205D7B&sortorder=desc&column=section HTTP/1.1" 200 89061
88.88.133.174 - - [29/Jun/2024:04:25:20 +0200] "GET /ticket2/opencms/sv/buy/?page=1&edid=B3CE1D05-2AFF-3827-82BB-D445FA533BBD HTTP/1.1" 200 89020
37.60.238.15 - - [29/Jun/2024:04:25:21 +0200] "GET /ticket2/opencms/de/fi/venue/?venueid=88FA5ED7-F5AA-6C61-A45E-2A93337B7DAA HTTP/1.1" 404 -
88.88.133.174 - - [29/Jun/2024:04:25:23 +0200] "GET /ticket2/opencms/sv/buy/?page=1&edid=B3CE1D05-2AFF-3827-82BB-D445FA533BBD&sortorder=asc&column=price HTTP/1.1" 200 89056
88.88.133.174 - - [29/Jun/2024:04:25:26 +0200] "GET /ticket2/opencms/sv/buy/?page=1&edid=B3CE1D05-2AFF-3827-82BB-D445FA533BBD&sortorder=asc&column=row HTTP/1.1" 200 89056
88.88.133.174 - - [29/Jun/2024:04:25:29 +0200] "GET /ticket2/opencms/sv/buy/?page=1&edid=B3CE1D05-2AFF-3827-82BB-D445FA533BBD&sortorder=asc&column=section HTTP/1.1" 200 89056
88.88.133.174 - - [29/Jun/2024:04:25:32 +0200] "GET /ticket2/opencms/sv/buy/?page=1&edid=B3CE1D05-2AFF-3827-82BB-D445FA533BBD&sortorder=desc&column=price HTTP/1.1" 200 89055
88.88.133.174 - - [29/Jun/2024:04:25:35 +0200] "GET /ticket2/opencms/sv/buy/?page=1&edid=B3CE1D05-2AFF-3827-82BB-D445FA533BBD&sortorder=desc&column=row HTTP/1.1" 200 89055
88.88.133.174 - - [29/Jun/2024:04:25:38 +0200] "GET /ticket2/opencms/sv/buy/?page=1&edid=B3CE1D05-2AFF-3827-82BB-D445FA533BBD&sortorder=desc&column=section HTTP/1.1" 200 89055
88.88.133.174 - - [29/Jun/2024:04:25:41 +0200] "GET /ticket2/opencms/sv/buy/?page=1&edid=B9856EBE-C08F-015A-E41C-F8DEF87D6643 HTTP/1.1" 200 88345
88.88.133.174 - - [29/Jun/2024:04:25:44 +0200] "GET /ticket2/opencms/sv/buy/?page=1&edid=B9856EBE-C08F-015A-E41C-F8DEF87D6643&sortorder=asc&column=price HTTP/1.1" 200 88381
88.88.133.174 - - [29/Jun/2024:04:25:47 +0200] "GET /ticket2/opencms/sv/buy/?page=1&edid=B9856EBE-C08F-015A-E41C-F8DEF87D6643&sortorder=asc&column=row HTTP/1.1" 200 88381
88.88.133.174 - - [29/Jun/2024:04:25:50 +0200] "GET /ticket2/opencms/sv/buy/?page=1&edid=B9856EBE-C08F-015A-E41C-F8DEF87D6643&sortorder=asc&column=section HTTP/1.1" 200 88381
65.108.227.178 - - [29/Jun/2024:04:25:51 +0200] "GET /ticket2/opencms/de/en/venue/?countryid=B1E58C49-66C4-8DF4-D222-33EDBDF73F09 HTTP/1.1" 404 -
88.88.133.174 - - [29/Jun/2024:04:25:53 +0200] "GET /ticket2/opencms/sv/buy/?page=1&edid=B9856EBE-C08F-015A-E41C-F8DEF87D6643&sortorder=desc&column=price HTTP/1.1" 200 88380
216.245.221.83 - - [29/Jun/2024:04:25:55 +0200] "HEAD /ticket2/opencms/ HTTP/1.1" 302 -
88.88.133.174 - - [29/Jun/2024:04:25:56 +0200] "GET /ticket2/opencms/sv/buy/?page=1&edid=B9856EBE-C08F-015A-E41C-F8DEF87D6643&sortorder=desc&column=row HTTP/1.1" 200 88380
216.245.221.83 - - [29/Jun/2024:04:25:58 +0200] "HEAD /ticket2/opencms/en/ HTTP/1.1" 200 -
88.88.133.174 - - [29/Jun/2024:04:25:59 +0200] "GET /ticket2/opencms/sv/buy/?page=1&edid=B9856EBE-C08F-015A-E41C-F8DEF87D6643&sortorder=desc&column=section HTTP/1.1" 200 88380
88.88.133.174 - - [29/Jun/2024:04:26:02 +0200] "GET /ticket2/opencms/sv/buy/?page=1&edid=BBEC338A-242D-58E1-7095-18B90F7D3463 HTTP/1.1" 200 89019
47.128.122.18 - - [29/Jun/2024:04:26:04 +0200] "GET /ticket2/opencms/de/buy/?edid=16343486-D199-EE91-1004-52E02A9487CB HTTP/1.1" 200 72578
88.88.133.174 - - [29/Jun/2024:04:26:05 +0200] "GET /ticket2/opencms/sv/buy/?page=1&edid=BBEC338A-242D-58E1-7095-18B90F7D3463&sortorder=asc&column=price HTTP/1.1" 200 89055
47.128.122.18 - - [29/Jun/2024:04:26:05 +0200] "GET /ticket2/opencms/system/modules/com.gridnine.opencms.ticketbrokerage.site/resources/pics/logo-new.png HTTP/1.1" 200 13541
47.128.122.18 - - [29/Jun/2024:04:26:05 +0200] "GET /ticket2/opencms/system/modules/com.gridnine.opencms.ticketbrokerage.site/resources/pics/bank_3_swedbank.png HTTP/1.1" 200 5740
47.128.122.18 - - [29/Jun/2024:04:26:06 +0200] "GET /ticket2/opencms/system/modules/com.gridnine.opencms.ticketbrokerage.site/resources/pics/bank_6_american_express.png HTTP/1.1" 200 5570
47.128.122.18 - - [29/Jun/2024:04:26:06 +0200] "GET /ticket2/opencms/system/modules/com.gridnine.opencms.ticketbrokerage.site/resources/pics/bank_2_handelsbanken.png HTTP/1.1" 200 4509
47.128.122.18 - - [29/Jun/2024:04:26:06 +0200] "GET /ticket2/opencms/system/modules/com.gridnine.opencms.ticketbrokerage.site/resources/pics/bank_4_seb.png HTTP/1.1" 200 2487
47.128.122.18 - - [29/Jun/2024:04:26:06 +0200] "GET /ticket2/opencms/system/modules/com.gridnine.opencms.ticketbrokerage.site/resources/pics/bank_1_nordea.png HTTP/1.1" 200 4807
47.128.122.18 - - [29/Jun/2024:04:26:06 +0200] "GET /ticket2/opencms/system/modules/com.gridnine.opencms.ticketbrokerage.site/resources/pics/bank_5_visa_mastercard.png HTTP/1.1" 200 8196
88.88.133.174 - - [29/Jun/2024:04:26:08 +0200] "GET /ticket2/opencms/sv/buy/?page=1&edid=BBEC338A-242D-58E1-7095-18B90F7D3463&sortorder=asc&column=row HTTP/1.1" 200 89055
37.60.238.15 - - [29/Jun/2024:04:26:10 +0200] "GET /ticket2/opencms/de/fi/venue/?venueid=89495595-3833-25EC-3C64-30EAE6238716 HTTP/1.1" 404 -
88.88.133.174 - - [29/Jun/2024:04:26:11 +0200] "GET /ticket2/opencms/sv/buy/?page=1&edid=BBEC338A-242D-58E1-7095-18B90F7D3463&sortorder=asc&column=section HTTP/1.1" 200 89055
88.88.133.174 - - [29/Jun/2024:04:26:14 +0200] "GET /ticket2/opencms/sv/buy/?page=1&edid=BBEC338A-242D-58E1-7095-18B90F7D3463&sortorder=desc&column=price HTTP/1.1" 200 89054
88.88.133.174 - - [29/Jun/2024:04:26:17 +0200] "GET /ticket2/opencms/sv/buy/?page=1&edid=BBEC338A-242D-58E1-7095-18B90F7D3463&sortorder=desc&column=row HTTP/1.1" 200 89054
88.88.133.174 - - [29/Jun/2024:04:26:20 +0200] "GET /ticket2/opencms/sv/buy/?page=1&edid=BBEC338A-242D-58E1-7095-18B90F7D3463&sortorder=desc&column=section HTTP/1.1" 200 89054
88.88.133.174 - - [29/Jun/2024:04:26:23 +0200] "GET /ticket2/opencms/sv/buy/?page=1&edid=BC1EC1ED-9DF8-C987-E2D9-7659501E4FC2 HTTP/1.1" 200 89237
85.208.96.197 - - [29/Jun/2024:04:26:40 +0200] "GET /ticket2/opencms/dk/sport/fodboldbilletter/champions_league/manchester-united/ HTTP/1.1" 200 75585
65.108.227.178 - - [29/Jun/2024:04:26:45 +0200] "GET /ticket2/opencms/de/en/venue/?countryid=B20C8D7E-8670-29D2-39FF-631E784DF97A HTTP/1.1" 404 -
37.60.238.15 - - [29/Jun/2024:04:26:53 +0200] "GET /ticket2/opencms/de/fi/venue/?venueid=895DAA27-0D01-3F9A-C82D-1FA2A5BCB45B HTTP/1.1" 404 -
114.119.138.151 - - [29/Jun/2024:04:27:15 +0200] "GET /ticket2/opencms/en/buy/?page=1&edid=4FF3C1AE-83B3-493A-B1E5-3C7E7F150C9A HTTP/1.1" 200 85183
216.245.221.83 - - [29/Jun/2024:04:27:15 +0200] "HEAD /ticket2/opencms/ HTTP/1.1" 302 -
216.245.221.83 - - [29/Jun/2024:04:27:16 +0200] "HEAD /ticket2/opencms/en/ HTTP/1.1" 200 -
65.108.227.178 - - [29/Jun/2024:04:27:18 +0200] "GET /ticket2/opencms/de/en/venue/?countryid=B2685E9F-F5FB-C584-F982-0FC8E094C1AC HTTP/1.1" 404 -
114.119.141.53 - - [29/Jun/2024:04:27:21 +0200] "GET /ticket2/opencms/en/buy/?page=1&edid=2CFF3C38-8A2A-F2B9-359C-0C0A7F74D54A HTTP/1.1" 200 85201
40.77.167.7 - - [29/Jun/2024:04:27:28 +0200] "GET /ticket2/opencms/es/magazine/article/ HTTP/1.1" 200 73017
65.108.227.178 - - [29/Jun/2024:04:27:51 +0200] "GET /ticket2/opencms/de/en/venue/?countryid=B33351B8-DB63-1834-566A-CB44E5291395 HTTP/1.1" 404 -
37.60.238.15 - - [29/Jun/2024:04:27:58 +0200] "GET /ticket2/opencms/de/fi/venue/?venueid=8A02FD62-AB7D-0F2A-98D0-1DF2D8566333 HTTP/1.1" 404 -
66.249.75.162 - - [29/Jun/2024:04:27:59 +0200] "GET /ticket2/opencms/fr/sport/billets-football/premier_league/tottenham/ HTTP/1.1" 200 87893
66.249.72.33 - - [29/Jun/2024:04:28:01 +0200] "GET /ticket2/opencms/en/venue/?venueid=3CE0E128-5996-3CEF-9D6D-3E9490863BCD HTTP/1.1" 200 71360
66.249.75.161 - - [29/Jun/2024:04:28:04 +0200] "GET /ticket2/opencms/dk/venue/?countryid=FEF54986-84B0-FEDA-0583-5080DFD917BA HTTP/1.1" 200 101181
65.108.227.178 - - [29/Jun/2024:04:28:17 +0200] "GET /ticket2/opencms/de/en/venue/?countryid=B5468851-B3C9-87D8-4143-DEE5BC2265CB HTTP/1.1" 404 -
47.128.35.126 - - [29/Jun/2024:04:28:21 +0200] "GET /ticket2/opencms/de/buy/?edid=0B61E12F-3357-9D4A-8CE6-56FAB7BA659C HTTP/1.1" 200 72578
47.128.35.126 - - [29/Jun/2024:04:28:22 +0200] "GET /ticket2/opencms/system/modules/com.gridnine.opencms.ticketbrokerage.site/resources/pics/logo-new.png HTTP/1.1" 200 13541
47.128.35.126 - - [29/Jun/2024:04:28:22 +0200] "GET /ticket2/opencms/system/modules/com.gridnine.opencms.ticketbrokerage.site/resources/pics/bank_2_handelsbanken.png HTTP/1.1" 200 4509
47.128.35.126 - - [29/Jun/2024:04:28:22 +0200] "GET /ticket2/opencms/system/modules/com.gridnine.opencms.ticketbrokerage.site/resources/pics/bank_1_nordea.png HTTP/1.1" 200 4807
47.128.35.126 - - [29/Jun/2024:04:28:22 +0200] "GET /ticket2/opencms/system/modules/com.gridnine.opencms.ticketbrokerage.site/resources/pics/bank_5_visa_mastercard.png HTTP/1.1" 200 8196
47.128.35.126 - - [29/Jun/2024:04:28:23 +0200] "GET /ticket2/opencms/system/modules/com.gridnine.opencms.ticketbrokerage.site/resources/pics/bank_4_seb.png HTTP/1.1" 200 2487
47.128.35.126 - - [29/Jun/2024:04:28:23 +0200] "GET /ticket2/opencms/system/modules/com.gridnine.opencms.ticketbrokerage.site/resources/pics/bank_3_swedbank.png HTTP/1.1" 200 5740
47.128.35.126 - - [29/Jun/2024:04:28:23 +0200] "GET /ticket2/opencms/system/modules/com.gridnine.opencms.ticketbrokerage.site/resources/pics/bank_6_american_express.png HTTP/1.1" 200 5570
119.42.148.178 - - [29/Jun/2024:04:28:35 +0200] "GET /ticket2/opencms/Common/ckeditor/plugins/multiimg/dialogs/image_upload.php HTTP/1.1" 404 -
65.108.227.178 - - [29/Jun/2024:04:28:43 +0200] "GET /ticket2/opencms/de/en/venue/?countryid=B54C3B27-273E-C131-E997-905F5C2CDDC3 HTTP/1.1" 404 -
216.244.66.238 - - [29/Jun/2024:04:28:44 +0200] "GET /ticket2/opencms/fi/buy?page=1&edid=E8C62B3E-7329-C36F-00AE-A7B0114D0DDD HTTP/1.1" 200 89628
37.60.238.15 - - [29/Jun/2024:04:28:45 +0200] "GET /ticket2/opencms/de/fi/venue/?venueid=8A164F69-C3AD-8904-FC05-FBEE26604F9B HTTP/1.1" 404 -
185.191.171.3 - - [29/Jun/2024:04:29:05 +0200] "GET /ticket2/opencms/dk/sport/fodboldbilletter/fa_cup/ HTTP/1.1" 200 72638
65.108.227.178 - - [29/Jun/2024:04:29:06 +0200] "GET /ticket2/opencms/de/en/venue/?countryid=B5C0CC6D-2D05-4091-BA03-82DFEB13498E HTTP/1.1" 404 -
185.191.171.1 - - [29/Jun/2024:04:29:28 +0200] "GET /ticket2/opencms/fr/magazine/article?title=jurgen-klopp-quitte-liverpool-une-histoire-de-succes-a-anfield HTTP/1.1" 200 77488
37.60.238.15 - - [29/Jun/2024:04:29:35 +0200] "GET /ticket2/opencms/de/fi/venue/?venueid=8A17268F-190C-08C5-2317-BAB591EDC85C HTTP/1.1" 404 -
65.108.227.178 - - [29/Jun/2024:04:29:41 +0200] "GET /ticket2/opencms/de/en/venue/?countryid=B756B65C-E014-24B5-95EC-187A417913E3 HTTP/1.1" 404 -
185.191.171.13 - - [29/Jun/2024:04:29:47 +0200] "GET /ticket2/opencms/no/login/?url=%25252Fno%25252Fsell%25252F HTTP/1.1" 200 74756
52.167.144.209 - - [29/Jun/2024:04:30:05 +0200] "GET /ticket2/opencms/ru/buy/?page=6&comcatid=A17713B6-D984-201A-4143-ED4DB5ED5C2E&catid=3B549160-8B9C-E872-44A9-20FEA86B30E8 HTTP/1.1" 200 6186
37.60.238.15 - - [29/Jun/2024:04:30:12 +0200] "GET /ticket2/opencms/de/fi/venue/?venueid=8A3E15E6-9EA2-1FB9-3117-432C267C960A HTTP/1.1" 404 -
65.108.227.178 - - [29/Jun/2024:04:30:29 +0200] "GET /ticket2/opencms/de/en/venue/?countryid=B8EC120B-4F43-C769-CF6D-BEF2F141BF54 HTTP/1.1" 404 -
47.128.57.201 - - [29/Jun/2024:04:30:39 +0200] "GET /ticket2/opencms/de/buy/?edid=57C8D150-DCBD-4911-196A-160A37952FA8 HTTP/1.1" 200 72578
47.128.57.201 - - [29/Jun/2024:04:30:39 +0200] "GET /ticket2/opencms/system/modules/com.gridnine.opencms.ticketbrokerage.site/resources/pics/logo-new.png HTTP/1.1" 200 13541
47.128.57.201 - - [29/Jun/2024:04:30:40 +0200] "GET /ticket2/opencms/system/modules/com.gridnine.opencms.ticketbrokerage.site/resources/pics/bank_1_nordea.png HTTP/1.1" 200 4807
47.128.57.201 - - [29/Jun/2024:04:30:40 +0200] "GET /ticket2/opencms/system/modules/com.gridnine.opencms.ticketbrokerage.site/resources/pics/bank_3_swedbank.png HTTP/1.1" 200 5740
47.128.57.201 - - [29/Jun/2024:04:30:40 +0200] "GET /ticket2/opencms/system/modules/com.gridnine.opencms.ticketbrokerage.site/resources/pics/bank_2_handelsbanken.png HTTP/1.1" 200 4509
47.128.57.201 - - [29/Jun/2024:04:30:40 +0200] "GET /ticket2/opencms/system/modules/com.gridnine.opencms.ticketbrokerage.site/resources/pics/bank_4_seb.png HTTP/1.1" 200 2487
47.128.57.201 - - [29/Jun/2024:04:30:40 +0200] "GET /ticket2/opencms/system/modules/com.gridnine.opencms.ticketbrokerage.site/resources/pics/bank_5_visa_mastercard.png HTTP/1.1" 200 8196
47.128.57.201 - - [29/Jun/2024:04:30:40 +0200] "GET /ticket2/opencms/system/modules/com.gridnine.opencms.ticketbrokerage.site/resources/pics/bank_6_american_express.png HTTP/1.1" 200 5570
172.203.162.182 - - [29/Jun/2024:04:30:50 +0200] "GET /ticket2/opencms/system/modules/com.gridnine.opencms.ticketbrokerage.site/resources/pics/partners/Hockeysverige.jpg HTTP/1.1" 200 8841
95.163.255.182 - - [29/Jun/2024:04:30:54 +0200] "GET /ticket2/opencms/robots.txt HTTP/1.0" 200 773
216.245.221.83 - - [29/Jun/2024:04:30:55 +0200] "HEAD /ticket2/opencms/ HTTP/1.1" 302 -
216.245.221.83 - - [29/Jun/2024:04:30:58 +0200] "HEAD /ticket2/opencms/en/ HTTP/1.1" 200 -
40.77.167.7 - - [29/Jun/2024:04:31:00 +0200] "GET /ticket2/opencms/se/sv/buy/?page=1&edid=EA0BB108-1C0E-CBF5-8F96-A048E809CFD0 HTTP/1.1" 404 -
37.60.238.15 - - [29/Jun/2024:04:31:00 +0200] "GET /ticket2/opencms/de/fi/venue/?venueid=8ACD55F8-F2F8-4EAD-B07C-625C1290622F HTTP/1.1" 404 -
65.108.227.178 - - [29/Jun/2024:04:31:04 +0200] "GET /ticket2/opencms/de/en/venue/?countryid=BA1BF93B-47B3-318B-02DF-4D6F84D30854 HTTP/1.1" 404 -
66.249.75.167 - - [29/Jun/2024:04:31:06 +0200] "GET /ticket2/opencms/sv/buy?page=1&edid=993ECB6B-5437-7FFC-177B-D4101C1148EA HTTP/1.1" 200 85940
185.191.171.7 - - [29/Jun/2024:04:31:06 +0200] "GET /ticket2/opencms/fr/faq HTTP/1.1" 200 77018
95.163.255.192 - - [29/Jun/2024:04:31:07 +0200] "GET /ticket2/opencms/ru/sport/football/premier_league/chelsea/ HTTP/1.1" 500 -
52.167.144.67 - - [29/Jun/2024:04:31:24 +0200] "GET /ticket2/opencms/robots.txt HTTP/1.1" 200 773
52.167.144.67 - - [29/Jun/2024:04:31:25 +0200] "GET /ticket2/opencms/robots.txt HTTP/1.1" 200 773
185.191.171.2 - - [29/Jun/2024:04:31:29 +0200] "GET /ticket2/opencms/robots.txt HTTP/1.1" 200 773
85.208.96.200 - - [29/Jun/2024:04:31:30 +0200] "GET /ticket2/opencms/fi/urheilu/jalkapallo/la-liga/getafe/ HTTP/1.1" 200 75465
185.191.171.15 - - [29/Jun/2024:04:31:42 +0200] "GET /ticket2/opencms/de/sport/fussball-tickets/premier_league/brighton/ HTTP/1.1" 200 86304
37.60.238.15 - - [29/Jun/2024:04:31:43 +0200] "GET /ticket2/opencms/de/fi/venue/?venueid=8B510977-1E58-CA35-22CC-AAAB5ABA441D HTTP/1.1" 404 -
65.108.227.178 - - [29/Jun/2024:04:32:04 +0200] "GET /ticket2/opencms/de/en/venue/?countryid=BCA33F4B-7509-BC45-DAD2-4CA6BF14FC82 HTTP/1.1" 404 -
114.119.135.169 - - [29/Jun/2024:04:32:06 +0200] "GET /ticket2/opencms/en/buy/?page=1&edid=4FAA99DE-852C-0606-5C37-57FECCC93986 HTTP/1.1" 200 85178
20.112.84.236 - - [29/Jun/2024:04:32:09 +0200] "GET /ticket2/opencms/system/modules/com.gridnine.opencms.ticketbrokerage.site/resources/pics/bank_3_swedbank.png HTTP/1.1" 200 5740
216.245.221.83 - - [29/Jun/2024:04:32:16 +0200] "HEAD /ticket2/opencms/ HTTP/1.1" 302 -
216.245.221.83 - - [29/Jun/2024:04:32:16 +0200] "HEAD /ticket2/opencms/en/ HTTP/1.1" 200 -
52.167.144.235 - - [29/Jun/2024:04:32:20 +0200] "GET /ticket2/opencms/tb/opencms/en/archive/events/djurgardens_if/2007_02_01_19_00/ HTTP/1.1" 404 -
114.119.137.43 - - [29/Jun/2024:04:32:21 +0200] "GET /ticket2/opencms/en/buy/?page=1&edid=294F17B7-744E-4BB6-3486-8E45BFCF45D8 HTTP/1.1" 200 88022
37.60.238.15 - - [29/Jun/2024:04:32:34 +0200] "GET /ticket2/opencms/de/fi/venue/?venueid=8B6B2DCD-4A3D-A699-2105-31175C2D2D0A HTTP/1.1" 404 -
185.191.171.4 - - [29/Jun/2024:04:32:53 +0200] "GET /ticket2/opencms/nl/sport/voetbal-tickets/serie_a/napoli/ HTTP/1.1" 200 73172
65.108.227.178 - - [29/Jun/2024:04:32:56 +0200] "GET /ticket2/opencms/de/en/venue/?countryid=BD065C1D-5EB9-6471-371C-1A2F19BD7F92 HTTP/1.1" 404 -
47.128.110.198 - - [29/Jun/2024:04:32:56 +0200] "GET /ticket2/opencms/dk/buy/?edid=B089B4B8-933D-AB70-BE65-2A133877E5AC HTTP/1.1" 200 72066
47.128.36.174 - - [29/Jun/2024:04:32:57 +0200] "GET /ticket2/opencms/fi/buy/?catid=5ED34547-492C-90DA-709D-448345844685&comcatid=0A6B8208-FDA4-E929-9D72-5312FD481B76&page=6 HTTP/1.1" 200 76797
