192.99.37.124 - - [29/Jun/2024:00:42:45 +0200] "GET /ticket2/opencms/dk/sv/buy/?page=1&edid=C439FA23-3FE7-CDC9-A39E-4CD3D19ACA8D&sortorder=asc&column=row HTTP/1.1" 404 -
188.165.212.137 - - [29/Jun/2024:00:42:48 +0200] "GET /ticket2/opencms/de/no/sport/fotballsbilletter/carling_cup/ HTTP/1.1" 404 -
188.165.241.181 - - [29/Jun/2024:00:42:49 +0200] "GET /ticket2/opencms/de/en/venue/?venueid=E2D4E9F9-CC54-5F87-2390-831138B18156 HTTP/1.1" 404 -
37.187.94.3 - - [29/Jun/2024:00:42:51 +0200] "GET /ticket2/opencms/dk/dk/buy/?page=1&edid=6B6D252D-7905-47FC-7A02-DBC6FFA89A32 HTTP/1.1" 404 -
192.99.37.124 - - [29/Jun/2024:00:42:52 +0200] "GET /ticket2/opencms/dk/sv/buy/?page=1&edid=C4FB35D6-904E-F226-1102-A6B941FA4982&sortorder=desc&column=row HTTP/1.1" 404 -
47.128.126.211 - - [29/Jun/2024:00:42:55 +0200] "GET /ticket2/opencms/fi/venue/?venueid=F2BA6C13-5265-3692-0B46-6A113BAF55BC HTTP/1.1" 200 73001
47.128.126.211 - - [29/Jun/2024:00:42:55 +0200] "GET /ticket2/opencms/system/modules/com.gridnine.opencms.ticketbrokerage.site/resources/pics/logo-new.png HTTP/1.1" 200 13541
188.165.212.137 - - [29/Jun/2024:00:42:55 +0200] "GET /ticket2/opencms/de/no/sport/fotballsbilletter/champions_league/ HTTP/1.1" 404 -
47.128.126.211 - - [29/Jun/2024:00:42:56 +0200] "GET /ticket2/opencms/system/modules/com.gridnine.opencms.ticketbrokerage.site/resources/pics/bank_1_nordea.png HTTP/1.1" 200 4807
188.165.241.181 - - [29/Jun/2024:00:42:56 +0200] "GET /ticket2/opencms/de/en/venue/?venueid=E2FEB47A-C42A-C36E-D3CC-3BB461FF276F HTTP/1.1" 404 -
47.128.126.211 - - [29/Jun/2024:00:42:56 +0200] "GET /ticket2/opencms/system/modules/com.gridnine.opencms.ticketbrokerage.site/resources/pics/bank_6_american_express.png HTTP/1.1" 200 5570
47.128.126.211 - - [29/Jun/2024:00:42:56 +0200] "GET /ticket2/opencms/system/modules/com.gridnine.opencms.ticketbrokerage.site/resources/pics/bank_2_handelsbanken.png HTTP/1.1" 200 4509
47.128.126.211 - - [29/Jun/2024:00:42:56 +0200] "GET /ticket2/opencms/system/modules/com.gridnine.opencms.ticketbrokerage.site/resources/pics/bank_3_swedbank.png HTTP/1.1" 200 5740
47.128.126.211 - - [29/Jun/2024:00:42:56 +0200] "GET /ticket2/opencms/system/modules/com.gridnine.opencms.ticketbrokerage.site/resources/pics/bank_5_visa_mastercard.png HTTP/1.1" 200 8196
47.128.126.211 - - [29/Jun/2024:00:42:57 +0200] "GET /ticket2/opencms/system/modules/com.gridnine.opencms.ticketbrokerage.site/resources/pics/bank_4_seb.png HTTP/1.1" 200 2487
47.128.126.211 - - [29/Jun/2024:00:42:58 +0200] "GET /ticket2/opencms/system/galleries/pics/norwich.png HTTP/1.1" 200 133270
192.99.37.124 - - [29/Jun/2024:00:43:00 +0200] "GET /ticket2/opencms/dk/sv/buy/?page=1&edid=CA1A328A-0A62-1A47-EE17-C5494A615EF3&sortorder=asc&column=price HTTP/1.1" 404 -
37.187.94.3 - - [29/Jun/2024:00:43:00 +0200] "GET /ticket2/opencms/dk/dk/buy/?page=1&edid=6B6D252D-7905-47FC-7A02-DBC6FFA89A32&sortorder=desc&column=price HTTP/1.1" 404 -
188.165.241.181 - - [29/Jun/2024:00:43:02 +0200] "GET /ticket2/opencms/de/en/venue/?venueid=E3220E32-8510-74FA-4DA4-34193B5D3082 HTTP/1.1" 404 -
188.165.212.137 - - [29/Jun/2024:00:43:05 +0200] "GET /ticket2/opencms/de/no/sport/fotballsbilletter/champions_league/ac_milan/ HTTP/1.1" 404 -
192.99.37.124 - - [29/Jun/2024:00:43:06 +0200] "GET /ticket2/opencms/dk/sv/buy/?page=1&edid=D4093200-0C46-C85B-826B-959F6926CEBD&sortorder=asc&column=section HTTP/1.1" 404 -
66.249.75.169 - - [29/Jun/2024:00:43:07 +0200] "GET /ticket2/opencms/nl/buy/?page=1&edid=DC067A0C-CE36-3D9C-899A-867F582FFC90 HTTP/1.1" 200 109680
37.187.94.3 - - [29/Jun/2024:00:43:08 +0200] "GET /ticket2/opencms/dk/dk/buy/?page=1&edid=6B6D252D-7905-47FC-7A02-DBC6FFA89A32&sortorder=desc&column=row HTTP/1.1" 404 -
188.165.241.181 - - [29/Jun/2024:00:43:09 +0200] "GET /ticket2/opencms/de/en/venue/?venueid=E377668B-464D-C748-144D-209F1470B0EF HTTP/1.1" 404 -
52.167.144.195 - - [29/Jun/2024:00:43:10 +0200] "GET /ticket2/opencms/en/venue/?countryid=86D8F5F1-1C66-F61F-D1EA-1BF1C36E41D6 HTTP/1.1" 200 100730
192.99.37.124 - - [29/Jun/2024:00:43:12 +0200] "GET /ticket2/opencms/dk/sv/buy/?page=1&edid=D4093200-0C46-C85B-826B-959F6926CEBD&sortorder=desc&column=section HTTP/1.1" 404 -
188.165.212.137 - - [29/Jun/2024:00:43:15 +0200] "GET /ticket2/opencms/de/no/sport/fotballsbilletter/champions_league/arsenal/ HTTP/1.1" 404 -
188.165.241.181 - - [29/Jun/2024:00:43:15 +0200] "GET /ticket2/opencms/de/en/venue/?venueid=E3ABC6CE-4A60-827E-3753-FDF36F1A3D41 HTTP/1.1" 404 -
47.128.39.203 - - [29/Jun/2024:00:43:18 +0200] "GET /ticket2/opencms/de/buy/?edid=4D046EC3-3569-AF35-BEE2-37E289C85DAB HTTP/1.1" 200 72578
37.187.94.3 - - [29/Jun/2024:00:43:19 +0200] "GET /ticket2/opencms/dk/dk/buy/?page=1&edid=6B6D252D-7905-47FC-7A02-DBC6FFA89A32&sortorder=desc&column=section HTTP/1.1" 404 -
192.99.37.124 - - [29/Jun/2024:00:43:19 +0200] "GET /ticket2/opencms/dk/sv/buy/?page=1&edid=D46E0578-2C40-B575-6691-BBD6C7BC77BE&sortorder=asc&column=section HTTP/1.1" 404 -
47.128.39.203 - - [29/Jun/2024:00:43:19 +0200] "GET /ticket2/opencms/system/modules/com.gridnine.opencms.ticketbrokerage.site/resources/pics/logo-new.png HTTP/1.1" 200 13541
47.128.39.203 - - [29/Jun/2024:00:43:19 +0200] "GET /ticket2/opencms/system/modules/com.gridnine.opencms.ticketbrokerage.site/resources/pics/bank_1_nordea.png HTTP/1.1" 200 4807
47.128.39.203 - - [29/Jun/2024:00:43:20 +0200] "GET /ticket2/opencms/system/modules/com.gridnine.opencms.ticketbrokerage.site/resources/pics/bank_5_visa_mastercard.png HTTP/1.1" 200 8196
47.128.39.203 - - [29/Jun/2024:00:43:20 +0200] "GET /ticket2/opencms/system/modules/com.gridnine.opencms.ticketbrokerage.site/resources/pics/bank_2_handelsbanken.png HTTP/1.1" 200 4509
47.128.39.203 - - [29/Jun/2024:00:43:20 +0200] "GET /ticket2/opencms/system/modules/com.gridnine.opencms.ticketbrokerage.site/resources/pics/bank_4_seb.png HTTP/1.1" 200 2487
47.128.39.203 - - [29/Jun/2024:00:43:20 +0200] "GET /ticket2/opencms/system/modules/com.gridnine.opencms.ticketbrokerage.site/resources/pics/bank_3_swedbank.png HTTP/1.1" 200 5740
47.128.39.203 - - [29/Jun/2024:00:43:20 +0200] "GET /ticket2/opencms/system/modules/com.gridnine.opencms.ticketbrokerage.site/resources/pics/bank_6_american_express.png HTTP/1.1" 200 5570
188.165.241.181 - - [29/Jun/2024:00:43:22 +0200] "GET /ticket2/opencms/de/en/venue/?venueid=E3DC73F5-1126-38FA-E59B-75AB73443F20 HTTP/1.1" 404 -
188.165.212.137 - - [29/Jun/2024:00:43:22 +0200] "GET /ticket2/opencms/de/no/sport/fotballsbilletter/champions_league/atletico_madrid/ HTTP/1.1" 404 -
192.99.37.124 - - [29/Jun/2024:00:43:25 +0200] "GET /ticket2/opencms/dk/sv/buy/?page=1&edid=D46E0578-2C40-B575-6691-BBD6C7BC77BE&sortorder=desc&column=section HTTP/1.1" 404 -
37.187.94.3 - - [29/Jun/2024:00:43:27 +0200] "GET /ticket2/opencms/dk/dk/buy/?page=1&edid=6BA4FCD7-BAAF-E23E-425D-EEA5FD420FB8&sortorder=asc&column=row HTTP/1.1" 404 -
188.165.241.181 - - [29/Jun/2024:00:43:28 +0200] "GET /ticket2/opencms/de/en/venue/?venueid=E4026088-40C0-F304-64D2-D270529B891B HTTP/1.1" 404 -
47.128.16.112 - - [29/Jun/2024:00:43:30 +0200] "GET /ticket2/opencms/sv/sport/fotbollsbiljetter/bundesliga/bayern-munchen/ HTTP/1.1" 200 74535
188.165.212.137 - - [29/Jun/2024:00:43:30 +0200] "GET /ticket2/opencms/de/no/sport/fotballsbilletter/champions_league/bayern_munchen/ HTTP/1.1" 404 -
47.128.16.112 - - [29/Jun/2024:00:43:31 +0200] "GET /ticket2/opencms/system/modules/com.gridnine.opencms.ticketbrokerage.site/resources/pics/logo-new.png HTTP/1.1" 200 13541
47.128.16.112 - - [29/Jun/2024:00:43:31 +0200] "GET /ticket2/opencms/system/modules/com.gridnine.opencms.ticketbrokerage.site/resources/pics/bank_1_nordea.png HTTP/1.1" 200 4807
47.128.16.112 - - [29/Jun/2024:00:43:32 +0200] "GET /ticket2/opencms/system/modules/com.gridnine.opencms.ticketbrokerage.site/resources/pics/bank_2_handelsbanken.png HTTP/1.1" 200 4509
47.128.16.112 - - [29/Jun/2024:00:43:32 +0200] "GET /ticket2/opencms/system/modules/com.gridnine.opencms.ticketbrokerage.site/resources/pics/bank_3_swedbank.png HTTP/1.1" 200 5740
47.128.16.112 - - [29/Jun/2024:00:43:32 +0200] "GET /ticket2/opencms/system/modules/com.gridnine.opencms.ticketbrokerage.site/resources/pics/bank_4_seb.png HTTP/1.1" 200 2487
47.128.16.112 - - [29/Jun/2024:00:43:32 +0200] "GET /ticket2/opencms/system/modules/com.gridnine.opencms.ticketbrokerage.site/resources/pics/bank_5_visa_mastercard.png HTTP/1.1" 200 8196
47.128.16.112 - - [29/Jun/2024:00:43:32 +0200] "GET /ticket2/opencms/system/modules/com.gridnine.opencms.ticketbrokerage.site/resources/pics/bank_6_american_express.png HTTP/1.1" 200 5570
192.99.37.124 - - [29/Jun/2024:00:43:32 +0200] "GET /ticket2/opencms/dk/sv/buy/?page=1&edid=D6E70B72-39E0-1850-AB2F-AE94BBCCC29C&sortorder=asc&column=price HTTP/1.1" 404 -
37.187.94.3 - - [29/Jun/2024:00:43:35 +0200] "GET /ticket2/opencms/dk/dk/buy/?page=1&edid=6BA4FCD7-BAAF-E23E-425D-EEA5FD420FB8&sortorder=asc&column=section HTTP/1.1" 404 -
188.165.241.181 - - [29/Jun/2024:00:43:35 +0200] "GET /ticket2/opencms/de/en/venue/?venueid=E42DAA3B-8D14-C1C2-324E-BD1238E886E9 HTTP/1.1" 404 -
188.165.212.137 - - [29/Jun/2024:00:43:39 +0200] "GET /ticket2/opencms/de/no/sport/fotballsbilletter/champions_league/benfica/ HTTP/1.1" 404 -
192.99.37.124 - - [29/Jun/2024:00:43:39 +0200] "GET /ticket2/opencms/dk/sv/buy/?page=1&edid=D75E23E2-3BF9-8794-031B-AF07751CB0C8&sortorder=desc&column=row HTTP/1.1" 404 -
188.165.241.181 - - [29/Jun/2024:00:43:41 +0200] "GET /ticket2/opencms/de/en/venue/?venueid=E472D4FD-D5DF-5700-717C-3F4C29267654 HTTP/1.1" 404 -
37.187.94.3 - - [29/Jun/2024:00:43:44 +0200] "GET /ticket2/opencms/dk/dk/buy/?page=1&edid=6BB562BA-2C6F-8AE1-6BE1-30FFE188507E&sortorder=asc&column=row HTTP/1.1" 404 -
114.119.153.220 - - [29/Jun/2024:00:43:47 +0200] "GET /ticket2/opencms/en/buy/?page=1&edid=94790AB2-B839-2F93-471F-1E7E243A33D6 HTTP/1.1" 200 87204
188.165.241.181 - - [29/Jun/2024:00:43:48 +0200] "GET /ticket2/opencms/de/en/venue/?venueid=E4A26DC2-259C-956F-C1B9-047939CC2CD2 HTTP/1.1" 404 -
188.165.212.137 - - [29/Jun/2024:00:43:48 +0200] "GET /ticket2/opencms/de/no/sport/fotballsbilletter/champions_league/celtic/ HTTP/1.1" 404 -
47.128.113.176 - - [29/Jun/2024:00:43:51 +0200] "GET /ticket2/opencms/fi/venue/?venueid=5DA3516A-811E-075A-C6ED-904902662B17 HTTP/1.1" 200 72909
192.99.37.124 - - [29/Jun/2024:00:43:51 +0200] "GET /ticket2/opencms/dk/sv/buy/?page=1&edid=D75F5B78-CF76-E262-F5EA-44CE272C5367 HTTP/1.1" 404 -
47.128.113.176 - - [29/Jun/2024:00:43:51 +0200] "GET /ticket2/opencms/system/modules/com.gridnine.opencms.ticketbrokerage.site/resources/pics/logo-new.png HTTP/1.1" 200 13541
47.128.113.176 - - [29/Jun/2024:00:43:52 +0200] "GET /ticket2/opencms/system/modules/com.gridnine.opencms.ticketbrokerage.site/resources/pics/bank_5_visa_mastercard.png HTTP/1.1" 200 8196
47.128.113.176 - - [29/Jun/2024:00:43:52 +0200] "GET /ticket2/opencms/system/modules/com.gridnine.opencms.ticketbrokerage.site/resources/pics/bank_2_handelsbanken.png HTTP/1.1" 200 4509
47.128.113.176 - - [29/Jun/2024:00:43:52 +0200] "GET /ticket2/opencms/system/modules/com.gridnine.opencms.ticketbrokerage.site/resources/pics/bank_3_swedbank.png HTTP/1.1" 200 5740
47.128.113.176 - - [29/Jun/2024:00:43:52 +0200] "GET /ticket2/opencms/system/modules/com.gridnine.opencms.ticketbrokerage.site/resources/pics/bank_1_nordea.png HTTP/1.1" 200 4807
47.128.113.176 - - [29/Jun/2024:00:43:53 +0200] "GET /ticket2/opencms/system/modules/com.gridnine.opencms.ticketbrokerage.site/resources/pics/bank_4_seb.png HTTP/1.1" 200 2487
47.128.113.176 - - [29/Jun/2024:00:43:53 +0200] "GET /ticket2/opencms/system/modules/com.gridnine.opencms.ticketbrokerage.site/resources/pics/bank_6_american_express.png HTTP/1.1" 200 5570
37.187.94.3 - - [29/Jun/2024:00:43:54 +0200] "GET /ticket2/opencms/dk/dk/buy/?page=1&edid=6C2156BD-DCE6-42E8-2124-70789F257978&sortorder=asc&column=price HTTP/1.1" 404 -
188.165.241.181 - - [29/Jun/2024:00:43:55 +0200] "GET /ticket2/opencms/de/en/venue/?venueid=E4DC7978-B97C-4D0F-D03F-77B54FE2F91C HTTP/1.1" 404 -
185.191.171.19 - - [29/Jun/2024:00:43:58 +0200] "GET /ticket2/opencms/no/sport/fotballsbilletter/bundesliga/wolfsburg/ HTTP/1.1" 200 74323
192.99.37.124 - - [29/Jun/2024:00:43:58 +0200] "GET /ticket2/opencms/dk/sv/buy/?page=1&edid=D775D026-E685-2FDB-80C2-62D75C5665AD&sortorder=asc&column=section HTTP/1.1" 404 -
188.165.212.137 - - [29/Jun/2024:00:43:58 +0200] "GET /ticket2/opencms/de/no/sport/fotballsbilletter/champions_league/dortmund/ HTTP/1.1" 404 -
188.165.241.181 - - [29/Jun/2024:00:44:01 +0200] "GET /ticket2/opencms/de/en/venue/?venueid=E5062924-B4F3-0DE7-D5ED-74F1F93777E1 HTTP/1.1" 404 -
37.187.94.3 - - [29/Jun/2024:00:44:04 +0200] "GET /ticket2/opencms/dk/dk/buy/?page=1&edid=6C2156BD-DCE6-42E8-2124-70789F257978&sortorder=asc&column=section HTTP/1.1" 404 -
192.99.37.124 - - [29/Jun/2024:00:44:05 +0200] "GET /ticket2/opencms/dk/sv/buy/?page=1&edid=D775D026-E685-2FDB-80C2-62D75C5665AD&sortorder=desc&column=price HTTP/1.1" 404 -
188.165.212.137 - - [29/Jun/2024:00:44:07 +0200] "GET /ticket2/opencms/de/no/sport/fotballsbilletter/champions_league/fc_barcelona/ HTTP/1.1" 404 -
66.249.76.43 - - [29/Jun/2024:00:44:08 +0200] "GET /ticket2/opencms/nl/sport/voetbal-tickets/bundesliga/leipzig/ HTTP/1.1" 200 72647
188.165.241.181 - - [29/Jun/2024:00:44:08 +0200] "GET /ticket2/opencms/de/en/venue/?venueid=E52A829F-C2AE-A6F9-C68D-2247D565A11F HTTP/1.1" 404 -
37.187.94.3 - - [29/Jun/2024:00:44:12 +0200] "GET /ticket2/opencms/dk/dk/buy/?page=1&edid=6C567D8A-C492-71F4-196B-3BFD68400AE7&sortorder=desc&column=price HTTP/1.1" 404 -
192.99.37.124 - - [29/Jun/2024:00:44:12 +0200] "GET /ticket2/opencms/dk/sv/buy/?page=1&edid=F3AE83BE-C126-C63A-44BE-5000274FDF7A&sortorder=asc&column=row HTTP/1.1" 404 -
66.249.77.160 - - [29/Jun/2024:00:44:16 +0200] "GET /ticket2/opencms/system/modules/com.gridnine.opencms.ticketbrokerage.site/resources/css/jquery-ui.css HTTP/1.1" 200 33221
51.222.253.20 - - [29/Jun/2024:00:44:17 +0200] "GET /ticket2/opencms/sv/sport/fotbollsbiljetter/premier_league/west_ham_united/west-bromwich-albion.html HTTP/1.1" 200 72752
188.165.212.137 - - [29/Jun/2024:00:44:19 +0200] "GET /ticket2/opencms/de/no/sport/fotballsbilletter/champions_league/final/ HTTP/1.1" 404 -
37.187.94.3 - - [29/Jun/2024:00:44:20 +0200] "GET /ticket2/opencms/dk/dk/buy/?page=1&edid=6C66269F-1C8A-026B-D7A5-A693D7B74066&sortorder=asc&column=row HTTP/1.1" 404 -
192.99.37.124 - - [29/Jun/2024:00:44:20 +0200] "GET /ticket2/opencms/dk/sv/buy/?page=1&edid=F3AE83BE-C126-C63A-44BE-5000274FDF7A&sortorder=asc&column=section HTTP/1.1" 404 -
188.165.241.181 - - [29/Jun/2024:00:44:20 +0200] "GET /ticket2/opencms/de/en/venue/?venueid=E55C8CCF-764B-AF44-280A-0CE7B8680CA3 HTTP/1.1" 404 -
192.99.37.124 - - [29/Jun/2024:00:44:27 +0200] "GET /ticket2/opencms/dk/sv/buy/?page=1&edid=F3AE83BE-C126-C63A-44BE-5000274FDF7A&sortorder=desc&column=price HTTP/1.1" 404 -
37.187.94.3 - - [29/Jun/2024:00:44:27 +0200] "GET /ticket2/opencms/dk/dk/buy/?page=1&edid=6C8914BF-377D-3452-0F17-49D4496BD1E8 HTTP/1.1" 404 -
188.165.212.137 - - [29/Jun/2024:00:44:30 +0200] "GET /ticket2/opencms/de/no/sport/fotballsbilletter/champions_league/inter/ HTTP/1.1" 404 -
192.99.37.124 - - [29/Jun/2024:00:44:33 +0200] "GET /ticket2/opencms/dk/sv/buy/?page=1&edid=F3AE83BE-C126-C63A-44BE-5000274FDF7A&sortorder=desc&column=row HTTP/1.1" 404 -
37.187.94.3 - - [29/Jun/2024:00:44:34 +0200] "GET /ticket2/opencms/dk/dk/buy/?page=1&edid=6C8914BF-377D-3452-0F17-49D4496BD1E8&sortorder=desc&column=row HTTP/1.1" 404 -
114.119.159.6 - - [29/Jun/2024:00:44:34 +0200] "GET /ticket2/opencms/en/buy/?page=1&edid=AC6683BE-480A-B94D-6978-93F20E61B508 HTTP/1.1" 200 88496
188.165.241.181 - - [29/Jun/2024:00:44:35 +0200] "GET /ticket2/opencms/de/en/venue/?venueid=E5B48125-3172-6FE0-AE97-FD5E9EC5BAFA HTTP/1.1" 404 -
188.165.212.137 - - [29/Jun/2024:00:44:38 +0200] "GET /ticket2/opencms/de/no/sport/fotballsbilletter/champions_league/lazio/ HTTP/1.1" 404 -
192.99.37.124 - - [29/Jun/2024:00:44:39 +0200] "GET /ticket2/opencms/dk/sv/buy/?page=1&edid=F4D78D53-5514-188C-B61F-73CDE03BF980&sortorder=asc&column=section HTTP/1.1" 404 -
37.187.94.3 - - [29/Jun/2024:00:44:43 +0200] "GET /ticket2/opencms/dk/dk/buy/?page=1&edid=6D7A8123-61E5-5833-B05E-2C23906BD89C&sortorder=asc&column=section HTTP/1.1" 404 -
40.77.167.121 - - [29/Jun/2024:00:44:43 +0200] "GET /ticket2/opencms/fi/buy/?page=6&comcatid=A17713B6-D984-201A-4143-ED4DB5ED5C2E&catid=82F804FA-9F69-CB6B-D41D-7BF7C716058B HTTP/1.1" 200 84882
188.165.212.137 - - [29/Jun/2024:00:44:46 +0200] "GET /ticket2/opencms/de/no/sport/fotballsbilletter/champions_league/leipzig/ HTTP/1.1" 404 -
47.128.51.241 - - [29/Jun/2024:00:44:47 +0200] "GET /ticket2/opencms/fi/venue/?countryid=DBF1B903-D9ED-502A-C58E-CF837DE83CCB HTTP/1.1" 200 102292
192.99.37.124 - - [29/Jun/2024:00:44:47 +0200] "GET /ticket2/opencms/dk/sv/buy/?page=1&edid=F4F9CF15-E46F-6692-1384-B244A9E1955F&sortorder=desc&column=row HTTP/1.1" 404 -
47.128.51.241 - - [29/Jun/2024:00:44:48 +0200] "GET /ticket2/opencms/system/modules/com.gridnine.opencms.ticketbrokerage.site/resources/pics/logo-new.png HTTP/1.1" 200 13541
47.128.51.241 - - [29/Jun/2024:00:44:48 +0200] "GET /ticket2/opencms/system/modules/com.gridnine.opencms.ticketbrokerage.site/resources/pics/bank_2_handelsbanken.png HTTP/1.1" 200 4509
188.165.241.181 - - [29/Jun/2024:00:44:48 +0200] "GET /ticket2/opencms/de/en/venue/?venueid=E6204074-AB92-38FC-E60D-184F55E9757A HTTP/1.1" 404 -
47.128.51.241 - - [29/Jun/2024:00:44:48 +0200] "GET /ticket2/opencms/system/modules/com.gridnine.opencms.ticketbrokerage.site/resources/pics/bank_5_visa_mastercard.png HTTP/1.1" 200 8196
47.128.51.241 - - [29/Jun/2024:00:44:49 +0200] "GET /ticket2/opencms/system/modules/com.gridnine.opencms.ticketbrokerage.site/resources/pics/bank_3_swedbank.png HTTP/1.1" 200 5740
47.128.51.241 - - [29/Jun/2024:00:44:49 +0200] "GET /ticket2/opencms/system/modules/com.gridnine.opencms.ticketbrokerage.site/resources/pics/bank_1_nordea.png HTTP/1.1" 200 4807
47.128.51.241 - - [29/Jun/2024:00:44:49 +0200] "GET /ticket2/opencms/system/modules/com.gridnine.opencms.ticketbrokerage.site/resources/pics/bank_4_seb.png HTTP/1.1" 200 2487
47.128.51.241 - - [29/Jun/2024:00:44:49 +0200] "GET /ticket2/opencms/system/modules/com.gridnine.opencms.ticketbrokerage.site/resources/pics/bank_6_american_express.png HTTP/1.1" 200 5570
37.187.94.3 - - [29/Jun/2024:00:44:52 +0200] "GET /ticket2/opencms/dk/dk/buy/?page=1&edid=6D7A8123-61E5-5833-B05E-2C23906BD89C&sortorder=desc&column=price HTTP/1.1" 404 -
192.99.37.124 - - [29/Jun/2024:00:44:53 +0200] "GET /ticket2/opencms/dk/sv/buy/?page=1&edid=F920C9EB-FBBB-08CB-045F-AA52A8ABB18F&sortorder=desc&column=price HTTP/1.1" 404 -
188.165.212.137 - - [29/Jun/2024:00:44:55 +0200] "GET /ticket2/opencms/de/no/sport/fotballsbilletter/champions_league/manchester_city/ HTTP/1.1" 404 -
188.165.241.181 - - [29/Jun/2024:00:44:59 +0200] "GET /ticket2/opencms/de/en/venue/?venueid=E649B15F-1340-1561-C110-0CA0784E39A8 HTTP/1.1" 404 -
37.187.94.3 - - [29/Jun/2024:00:44:59 +0200] "GET /ticket2/opencms/dk/dk/buy/?page=1&edid=6DA75030-6EA2-83E3-DB99-AFEEFF38FF71 HTTP/1.1" 404 -
192.99.37.124 - - [29/Jun/2024:00:45:00 +0200] "GET /ticket2/opencms/dk/sv/buy/?page=1&edid=F98A7298-B6AE-74CA-1979-60ECE40631DA&sortorder=asc&column=price HTTP/1.1" 404 -
188.165.212.137 - - [29/Jun/2024:00:45:03 +0200] "GET /ticket2/opencms/de/no/sport/fotballsbilletter/champions_league/manchester_united/ HTTP/1.1" 404 -
192.99.37.124 - - [29/Jun/2024:00:45:05 +0200] "GET /ticket2/opencms/dk/sv/buy/?page=1&edid=F98A7298-B6AE-74CA-1979-60ECE40631DA&sortorder=asc&column=row HTTP/1.1" 404 -
188.165.241.181 - - [29/Jun/2024:00:45:09 +0200] "GET /ticket2/opencms/de/en/venue/?venueid=E687CB5D-1F58-A3FC-2BFA-4F29DD5C8850 HTTP/1.1" 404 -
37.187.94.3 - - [29/Jun/2024:00:45:10 +0200] "GET /ticket2/opencms/dk/dk/buy/?page=1&edid=6DB046DB-410B-73D4-9D8B-16FCC7635D61&sortorder=asc&column=row HTTP/1.1" 404 -
192.99.37.124 - - [29/Jun/2024:00:45:11 +0200] "GET /ticket2/opencms/dk/sv/buy/?page=1&edid=FA1D4F5B-4CE2-C9D1-B78A-CD1BF177B4FA&sortorder=asc&column=section HTTP/1.1" 404 -
188.165.212.137 - - [29/Jun/2024:00:45:12 +0200] "GET /ticket2/opencms/de/no/sport/fotballsbilletter/champions_league/napoli/ HTTP/1.1" 404 -
192.99.37.124 - - [29/Jun/2024:00:45:16 +0200] "GET /ticket2/opencms/dk/sv/buy/?page=1&edid=FFD295A3-4EEF-0AC4-F4B4-46E2317B286E&sortorder=asc&column=row HTTP/1.1" 404 -
37.187.94.3 - - [29/Jun/2024:00:45:19 +0200] "GET /ticket2/opencms/dk/dk/buy/?page=1&edid=6E4C3072-9568-0883-2471-D96FAB16F06F&sortorder=desc&column=section HTTP/1.1" 404 -
188.165.241.181 - - [29/Jun/2024:00:45:20 +0200] "GET /ticket2/opencms/de/en/venue/?venueid=E68A45BC-0CBA-4CB6-8ECD-A427173821D5 HTTP/1.1" 404 -
188.165.212.137 - - [29/Jun/2024:00:45:21 +0200] "GET /ticket2/opencms/de/no/sport/fotballsbilletter/champions_league/newcastle/ HTTP/1.1" 404 -
192.99.37.124 - - [29/Jun/2024:00:45:21 +0200] "GET /ticket2/opencms/dk/sv/buy/?page=1&edid=FFD295A3-4EEF-0AC4-F4B4-46E2317B286E&sortorder=asc&column=section HTTP/1.1" 404 -
192.99.37.124 - - [29/Jun/2024:00:45:27 +0200] "GET /ticket2/opencms/dk/sv/buy/?page=10&eventid=121DAAE3-090B-56E7-E96D-94ED485637F9&venueid=1F514823-A8B2-64F2-1969-4417BA1D08C9 HTTP/1.1" 404 -
188.165.212.137 - - [29/Jun/2024:00:45:29 +0200] "GET /ticket2/opencms/de/no/sport/fotballsbilletter/champions_league/psg/ HTTP/1.1" 404 -
37.187.94.3 - - [29/Jun/2024:00:45:30 +0200] "GET /ticket2/opencms/dk/dk/buy/?page=1&edid=7044174B-9D59-EC54-D559-9C7BAD39A582&sortorder=asc&column=price HTTP/1.1" 404 -
188.165.241.181 - - [29/Jun/2024:00:45:30 +0200] "GET /ticket2/opencms/de/en/venue/?venueid=E6C7CF50-648B-EF95-A6BB-99DB19BC221E HTTP/1.1" 404 -
192.99.37.124 - - [29/Jun/2024:00:45:32 +0200] "GET /ticket2/opencms/dk/sv/buy/?page=10&eventid=1DE12B0C-480D-36C2-470E-09E495E7559A&venueid=E9B2F5F3-6701-DB0F-DD0D-6D02A497E772 HTTP/1.1" 404 -
47.128.23.115 - - [29/Jun/2024:00:45:36 +0200] "GET /ticket2/opencms/de/buy/?edid=5CBB442D-D365-7F4F-B999-AA88D946C632 HTTP/1.1" 200 72578
47.128.23.115 - - [29/Jun/2024:00:45:36 +0200] "GET /ticket2/opencms/system/modules/com.gridnine.opencms.ticketbrokerage.site/resources/pics/logo-new.png HTTP/1.1" 200 13541
47.128.23.115 - - [29/Jun/2024:00:45:37 +0200] "GET /ticket2/opencms/system/modules/com.gridnine.opencms.ticketbrokerage.site/resources/pics/bank_4_seb.png HTTP/1.1" 200 2487
47.128.23.115 - - [29/Jun/2024:00:45:37 +0200] "GET /ticket2/opencms/system/modules/com.gridnine.opencms.ticketbrokerage.site/resources/pics/bank_5_visa_mastercard.png HTTP/1.1" 200 8196
47.128.23.115 - - [29/Jun/2024:00:45:37 +0200] "GET /ticket2/opencms/system/modules/com.gridnine.opencms.ticketbrokerage.site/resources/pics/bank_2_handelsbanken.png HTTP/1.1" 200 4509
47.128.23.115 - - [29/Jun/2024:00:45:37 +0200] "GET /ticket2/opencms/system/modules/com.gridnine.opencms.ticketbrokerage.site/resources/pics/bank_3_swedbank.png HTTP/1.1" 200 5740
47.128.23.115 - - [29/Jun/2024:00:45:37 +0200] "GET /ticket2/opencms/system/modules/com.gridnine.opencms.ticketbrokerage.site/resources/pics/bank_1_nordea.png HTTP/1.1" 200 4807
47.128.23.115 - - [29/Jun/2024:00:45:37 +0200] "GET /ticket2/opencms/system/modules/com.gridnine.opencms.ticketbrokerage.site/resources/pics/bank_6_american_express.png HTTP/1.1" 200 5570
192.99.37.124 - - [29/Jun/2024:00:45:38 +0200] "GET /ticket2/opencms/dk/sv/buy/?page=10&eventid=3AA06760-BE6F-790C-7158-9203CB26A8CA HTTP/1.1" 404 -
188.165.212.137 - - [29/Jun/2024:00:45:38 +0200] "GET /ticket2/opencms/de/no/sport/fotballsbilletter/champions_league/real_madrid.html HTTP/1.1" 404 -
37.187.94.3 - - [29/Jun/2024:00:45:40 +0200] "GET /ticket2/opencms/dk/dk/buy/?page=1&edid=7044174B-9D59-EC54-D559-9C7BAD39A582&sortorder=asc&column=section HTTP/1.1" 404 -
85.208.96.203 - - [29/Jun/2024:00:45:41 +0200] "GET /ticket2/opencms/no/sport/ishockey/ HTTP/1.1" 200 71572
51.222.253.19 - - [29/Jun/2024:00:45:41 +0200] "GET /ticket2/opencms/sv/sport/fotbollsbiljetter/premier_league/west_ham_united/wigan.html HTTP/1.1" 200 72674
188.165.241.181 - - [29/Jun/2024:00:45:42 +0200] "GET /ticket2/opencms/de/en/venue/?venueid=E6D4C5C5-380D-4772-E0D1-58201DC9D2A9 HTTP/1.1" 404 -
192.99.37.124 - - [29/Jun/2024:00:45:43 +0200] "GET /ticket2/opencms/dk/sv/buy/?page=6&comcatid=A17713B6-D984-201A-4143-ED4DB5ED5C2E&catid=21C3854B-901E-11F9-7B7D-6838CC6AFAA4&eventid=E8E26B91-D0BC-55EB-474F-FD4427E30C76 HTTP/1.1" 404 -
47.128.114.167 - - [29/Jun/2024:00:45:44 +0200] "GET /ticket2/opencms/fi/venue/?countryid=4B450FD2-0462-34B9-7186-638797EC0F09 HTTP/1.1" 200 102292
47.128.114.167 - - [29/Jun/2024:00:45:44 +0200] "GET /ticket2/opencms/system/modules/com.gridnine.opencms.ticketbrokerage.site/resources/pics/logo-new.png HTTP/1.1" 200 13541
47.128.114.167 - - [29/Jun/2024:00:45:45 +0200] "GET /ticket2/opencms/system/modules/com.gridnine.opencms.ticketbrokerage.site/resources/pics/bank_1_nordea.png HTTP/1.1" 200 4807
85.208.96.200 - - [29/Jun/2024:00:45:45 +0200] "GET /ticket2/opencms/sv/magazine/article?articleId=25 HTTP/1.1" 200 72093
47.128.114.167 - - [29/Jun/2024:00:45:45 +0200] "GET /ticket2/opencms/system/modules/com.gridnine.opencms.ticketbrokerage.site/resources/pics/bank_2_handelsbanken.png HTTP/1.1" 200 4509
47.128.114.167 - - [29/Jun/2024:00:45:46 +0200] "GET /ticket2/opencms/system/modules/com.gridnine.opencms.ticketbrokerage.site/resources/pics/bank_4_seb.png HTTP/1.1" 200 2487
47.128.114.167 - - [29/Jun/2024:00:45:46 +0200] "GET /ticket2/opencms/system/modules/com.gridnine.opencms.ticketbrokerage.site/resources/pics/bank_5_visa_mastercard.png HTTP/1.1" 200 8196
47.128.114.167 - - [29/Jun/2024:00:45:46 +0200] "GET /ticket2/opencms/system/modules/com.gridnine.opencms.ticketbrokerage.site/resources/pics/bank_3_swedbank.png HTTP/1.1" 200 5740
47.128.114.167 - - [29/Jun/2024:00:45:46 +0200] "GET /ticket2/opencms/system/modules/com.gridnine.opencms.ticketbrokerage.site/resources/pics/bank_6_american_express.png HTTP/1.1" 200 5570
188.165.212.137 - - [29/Jun/2024:00:45:47 +0200] "GET /ticket2/opencms/de/no/sport/fotballsbilletter/champions_league/sevilla/ HTTP/1.1" 404 -
192.99.37.124 - - [29/Jun/2024:00:45:49 +0200] "GET /ticket2/opencms/dk/sv/buy/?page=6&comcatid=A17713B6-D984-201A-4143-ED4DB5ED5C2E&catid=36394212-F82E-F845-399B-42BED55969CC&eventid=1C0FC89D-D539-28E4-3F58-11BCE29E4CA8 HTTP/1.1" 404 -
37.187.94.3 - - [29/Jun/2024:00:45:49 +0200] "GET /ticket2/opencms/dk/dk/buy/?page=1&edid=7057B2C9-74F4-D569-B6F7-77B58D68F437 HTTP/1.1" 404 -
192.99.37.124 - - [29/Jun/2024:00:45:54 +0200] "GET /ticket2/opencms/dk/sv/buy/?page=6&comcatid=A17713B6-D984-201A-4143-ED4DB5ED5C2E&catid=36394212-F82E-F845-399B-42BED55969CC&eventid=1DE12B0C-480D-36C2-470E-09E495E7559A HTTP/1.1" 404 -
188.165.212.137 - - [29/Jun/2024:00:45:55 +0200] "GET /ticket2/opencms/de/no/sport/fotballsbilletter/europa_league/ HTTP/1.1" 404 -
188.165.241.181 - - [29/Jun/2024:00:45:55 +0200] "GET /ticket2/opencms/de/en/venue/?venueid=E6FE59B7-6C05-A916-C36D-3FBE31FFEED3 HTTP/1.1" 404 -
216.245.221.83 - - [29/Jun/2024:00:45:56 +0200] "HEAD /ticket2/opencms/ HTTP/1.1" 302 -
37.187.94.3 - - [29/Jun/2024:00:45:59 +0200] "GET /ticket2/opencms/dk/dk/buy/?page=1&edid=7057B2C9-74F4-D569-B6F7-77B58D68F437&sortorder=desc&column=row HTTP/1.1" 404 -
216.245.221.83 - - [29/Jun/2024:00:45:59 +0200] "HEAD /ticket2/opencms/en/ HTTP/1.1" 200 -
192.99.37.124 - - [29/Jun/2024:00:46:00 +0200] "GET /ticket2/opencms/dk/sv/buy/?page=6&comcatid=A17713B6-D984-201A-4143-ED4DB5ED5C2E&catid=4B941E1B-E4E2-C53E-C693-9FA91BBA9AD5&eventid=9464EBD2-6392-C534-AC79-AC37A4AB6BC5 HTTP/1.1" 404 -
188.165.212.137 - - [29/Jun/2024:00:46:04 +0200] "GET /ticket2/opencms/de/no/sport/fotballsbilletter/fa_cup/ HTTP/1.1" 404 -
37.187.94.3 - - [29/Jun/2024:00:46:05 +0200] "GET /ticket2/opencms/dk/dk/buy/?page=1&edid=70FDC3DC-F515-C07F-B4AD-EDA83BDCA260&sortorder=desc&column=section HTTP/1.1" 404 -
192.99.37.124 - - [29/Jun/2024:00:46:05 +0200] "GET /ticket2/opencms/dk/sv/buy/?page=6&comcatid=A17713B6-D984-201A-4143-ED4DB5ED5C2E&catid=6BD6E0B0-84AF-3A0D-3851-C1357CE9B771&eventid=F012B2D3-DCCC-44BD-8EBD-D7140285B7F8 HTTP/1.1" 404 -
188.165.241.181 - - [29/Jun/2024:00:46:08 +0200] "GET /ticket2/opencms/de/en/venue/?venueid=E72B4D77-C56B-E2C9-EA79-7B286C1DB7CC HTTP/1.1" 404 -
185.191.171.5 - - [29/Jun/2024:00:46:10 +0200] "GET /ticket2/opencms/no/sport/fotballsbilletter/premier_league/crystal_palace/ HTTP/1.1" 200 86384
66.249.75.105 - - [29/Jun/2024:00:46:10 +0200] "GET /ticket2/opencms/en/venue/?venueid=D469B02A-A348-1879-8637-C23BC06689E4 HTTP/1.1" 200 71375
192.99.37.124 - - [29/Jun/2024:00:46:11 +0200] "GET /ticket2/opencms/dk/sv/buy/?page=6&comcatid=A17713B6-D984-201A-4143-ED4DB5ED5C2E&catid=7CF2D645-F785-0CBB-1B7C-C4711617EAAD&eventid=98A172BE-77C2-F598-BEB3-A4F201F7A4A6 HTTP/1.1" 404 -
66.249.76.1 - - [29/Jun/2024:00:46:11 +0200] "GET /ticket2/opencms/en/venue/?venueid=161C816B-5393-87DD-7C00-0A52E6B6AAA6 HTTP/1.1" 200 71416
37.187.94.3 - - [29/Jun/2024:00:46:11 +0200] "GET /ticket2/opencms/dk/dk/buy/?page=1&edid=71063979-8EC0-A41A-F00E-124A141F7124 HTTP/1.1" 404 -
66.249.76.193 - - [29/Jun/2024:00:46:12 +0200] "GET /ticket2/opencms/en/venue/?venueid=F88F99DB-CCD0-4577-59AA-A36930D419E1 HTTP/1.1" 200 71336
188.165.212.137 - - [29/Jun/2024:00:46:14 +0200] "GET /ticket2/opencms/de/no/sport/fotballsbilletter/la_liga/ HTTP/1.1" 404 -
192.99.37.124 - - [29/Jun/2024:00:46:16 +0200] "GET /ticket2/opencms/dk/sv/buy/?page=6&comcatid=A17713B6-D984-201A-4143-ED4DB5ED5C2E&catid=7EF04817-972D-18B1-F941-DE800D088075&eventid=0273BB03-23F4-FF1F-8ED5-09150C503D8D HTTP/1.1" 404 -
37.187.94.3 - - [29/Jun/2024:00:46:18 +0200] "GET /ticket2/opencms/dk/dk/buy/?page=1&edid=7120C207-B2B4-FC1F-26E8-1A7CADFA22DF&sortorder=asc&column=price HTTP/1.1" 404 -
188.165.241.181 - - [29/Jun/2024:00:46:19 +0200] "GET /ticket2/opencms/de/en/venue/?venueid=E799C27E-3C6B-7355-BE99-13F16F21A4A5 HTTP/1.1" 404 -
192.99.37.124 - - [29/Jun/2024:00:46:22 +0200] "GET /ticket2/opencms/dk/sv/buy/?page=6&comcatid=A17713B6-D984-201A-4143-ED4DB5ED5C2E&catid=7EF04817-972D-18B1-F941-DE800D088075&eventid=60DD1888-A212-4A9C-E256-57FE4F2AC5DC HTTP/1.1" 404 -
188.165.212.137 - - [29/Jun/2024:00:46:23 +0200] "GET /ticket2/opencms/de/no/sport/fotballsbilletter/la_liga/alaves/ HTTP/1.1" 404 -
37.187.94.3 - - [29/Jun/2024:00:46:25 +0200] "GET /ticket2/opencms/dk/dk/buy/?page=1&edid=7120C207-B2B4-FC1F-26E8-1A7CADFA22DF&sortorder=asc&column=row HTTP/1.1" 404 -
192.99.37.124 - - [29/Jun/2024:00:46:27 +0200] "GET /ticket2/opencms/dk/sv/buy/?page=6&comcatid=A17713B6-D984-201A-4143-ED4DB5ED5C2E&catid=7EF04817-972D-18B1-F941-DE800D088075&eventid=6E65C3C1-CC84-364A-88B0-949189AC9973 HTTP/1.1" 404 -
188.165.241.181 - - [29/Jun/2024:00:46:31 +0200] "GET /ticket2/opencms/de/en/venue/?venueid=E7CBED87-CC37-DDC1-BAD3-3002F8B0AD76 HTTP/1.1" 404 -
188.165.212.137 - - [29/Jun/2024:00:46:32 +0200] "GET /ticket2/opencms/de/no/sport/fotballsbilletter/la_liga/almeria/ HTTP/1.1" 404 -
192.99.37.124 - - [29/Jun/2024:00:46:33 +0200] "GET /ticket2/opencms/dk/sv/buy/?page=6&comcatid=A17713B6-D984-201A-4143-ED4DB5ED5C2E&catid=88C381AD-5D76-A34D-AC15-A7129F8EF5BE&eventid=EE97075D-4741-29BC-A223-21F33338BCCB HTTP/1.1" 404 -
37.187.94.3 - - [29/Jun/2024:00:46:33 +0200] "GET /ticket2/opencms/dk/dk/buy/?page=1&edid=7120C207-B2B4-FC1F-26E8-1A7CADFA22DF&sortorder=desc&column=price HTTP/1.1" 404 -
192.99.37.124 - - [29/Jun/2024:00:46:38 +0200] "GET /ticket2/opencms/dk/sv/buy/?page=6&comcatid=A17713B6-D984-201A-4143-ED4DB5ED5C2E&catid=A3372871-3019-08B8-80CE-74B78F441ACA&eventid=DFDFE3CE-4FC8-F7B9-D656-A64359A3D356 HTTP/1.1" 404 -
47.128.51.57 - - [29/Jun/2024:00:46:39 +0200] "GET /ticket2/opencms/fi/venue/?venueid=56F8640D-CEF9-BD0F-A3D3-4304F6D7E8C7 HTTP/1.1" 200 72914
47.128.51.57 - - [29/Jun/2024:00:46:40 +0200] "GET /ticket2/opencms/system/modules/com.gridnine.opencms.ticketbrokerage.site/resources/pics/logo-new.png HTTP/1.1" 200 13541
47.128.51.57 - - [29/Jun/2024:00:46:40 +0200] "GET /ticket2/opencms/system/modules/com.gridnine.opencms.ticketbrokerage.site/resources/pics/bank_2_handelsbanken.png HTTP/1.1" 200 4509
47.128.51.57 - - [29/Jun/2024:00:46:41 +0200] "GET /ticket2/opencms/system/modules/com.gridnine.opencms.ticketbrokerage.site/resources/pics/bank_5_visa_mastercard.png HTTP/1.1" 200 8196
47.128.51.57 - - [29/Jun/2024:00:46:41 +0200] "GET /ticket2/opencms/system/modules/com.gridnine.opencms.ticketbrokerage.site/resources/pics/bank_1_nordea.png HTTP/1.1" 200 4807
188.165.212.137 - - [29/Jun/2024:00:46:41 +0200] "GET /ticket2/opencms/de/no/sport/fotballsbilletter/la_liga/athletic-bilbao/ HTTP/1.1" 404 -
47.128.51.57 - - [29/Jun/2024:00:46:41 +0200] "GET /ticket2/opencms/system/modules/com.gridnine.opencms.ticketbrokerage.site/resources/pics/bank_4_seb.png HTTP/1.1" 200 2487
47.128.51.57 - - [29/Jun/2024:00:46:41 +0200] "GET /ticket2/opencms/system/modules/com.gridnine.opencms.ticketbrokerage.site/resources/pics/bank_6_american_express.png HTTP/1.1" 200 5570
47.128.51.57 - - [29/Jun/2024:00:46:41 +0200] "GET /ticket2/opencms/system/modules/com.gridnine.opencms.ticketbrokerage.site/resources/pics/bank_3_swedbank.png HTTP/1.1" 200 5740
37.187.94.3 - - [29/Jun/2024:00:46:41 +0200] "GET /ticket2/opencms/dk/dk/buy/?page=1&edid=72BBEF2E-3C1D-620B-FDA3-39E4087FDFE0 HTTP/1.1" 404 -
192.99.37.124 - - [29/Jun/2024:00:46:44 +0200] "GET /ticket2/opencms/dk/sv/buy/?page=6&comcatid=A17713B6-D984-201A-4143-ED4DB5ED5C2E&catid=D8B345C9-F7A5-E620-4B43-C34EB0D6885B&eventid=A5EFB4D1-0D4A-6233-581F-53A6B8881498 HTTP/1.1" 404 -
188.165.212.137 - - [29/Jun/2024:00:46:48 +0200] "GET /ticket2/opencms/de/no/sport/fotballsbilletter/la_liga/atletico_madrid/ HTTP/1.1" 404 -
192.99.37.124 - - [29/Jun/2024:00:46:49 +0200] "GET /ticket2/opencms/dk/sv/buy/?page=6&comcatid=A17713B6-D984-201A-4143-ED4DB5ED5C2E&catid=D8B345C9-F7A5-E620-4B43-C34EB0D6885B&eventid=C483161C-4419-F1CF-1E30-2319B48E0485 HTTP/1.1" 404 -
207.46.13.102 - - [29/Jun/2024:00:46:50 +0200] "GET /ticket2/opencms/sv/?comcatid=97eca65a-72da-f9af-9dbb-245d3cfed1be HTTP/1.1" 200 91831
37.187.94.3 - - [29/Jun/2024:00:46:50 +0200] "GET /ticket2/opencms/dk/dk/buy/?page=1&edid=72EA71D3-6F9C-57D5-7B7F-73AA197889AE HTTP/1.1" 404 -
188.165.241.181 - - [29/Jun/2024:00:46:51 +0200] "GET /ticket2/opencms/de/en/venue/?venueid=E7FBE66B-7C5F-E919-4130-134662E3910C HTTP/1.1" 404 -
192.99.37.124 - - [29/Jun/2024:00:46:55 +0200] "GET /ticket2/opencms/dk/sv/login/?edid=080C0D89-261D-1FF8-B889-1C2D9FC6F1AD HTTP/1.1" 404 -
188.165.212.137 - - [29/Jun/2024:00:46:56 +0200] "GET /ticket2/opencms/de/no/sport/fotballsbilletter/la_liga/celta_vigo/ HTTP/1.1" 404 -
37.187.94.3 - - [29/Jun/2024:00:46:59 +0200] "GET /ticket2/opencms/dk/dk/buy/?page=1&edid=73B597C3-05D3-5B11-4856-D8822E68A76F&sortorder=asc&column=section HTTP/1.1" 404 -
188.165.212.137 - - [29/Jun/2024:00:47:04 +0200] "GET /ticket2/opencms/de/no/sport/fotballsbilletter/la_liga/fc_barcelona/ HTTP/1.1" 404 -
188.165.241.181 - - [29/Jun/2024:00:47:04 +0200] "GET /ticket2/opencms/de/en/venue/?venueid=E8164C8A-8873-243D-7C2E-FF36822B4188 HTTP/1.1" 404 -
37.187.94.3 - - [29/Jun/2024:00:47:06 +0200] "GET /ticket2/opencms/dk/dk/buy/?page=1&edid=741BB88E-73FD-9CE1-B9A3-27B0B855281D HTTP/1.1" 404 -
37.187.94.3 - - [29/Jun/2024:00:47:13 +0200] "GET /ticket2/opencms/dk/dk/buy/?page=1&edid=7426EE0D-C306-84EC-DE1E-E2C38CFC5448 HTTP/1.1" 404 -
188.165.212.137 - - [29/Jun/2024:00:47:14 +0200] "GET /ticket2/opencms/de/no/sport/fotballsbilletter/la_liga/getafe/ HTTP/1.1" 404 -
37.187.94.3 - - [29/Jun/2024:00:47:19 +0200] "GET /ticket2/opencms/dk/dk/buy/?page=1&edid=7B14CF76-71A6-C2E3-60CB-8C556CB920FD&sortorder=asc&column=price HTTP/1.1" 404 -
188.165.241.181 - - [29/Jun/2024:00:47:20 +0200] "GET /ticket2/opencms/de/en/venue/?venueid=E8185E56-FFAF-A64F-92CD-A3B859A1CE98 HTTP/1.1" 404 -
188.165.212.137 - - [29/Jun/2024:00:47:21 +0200] "GET /ticket2/opencms/de/no/sport/fotballsbilletter/la_liga/girona/ HTTP/1.1" 404 -
37.187.94.3 - - [29/Jun/2024:00:47:25 +0200] "GET /ticket2/opencms/dk/dk/buy/?page=1&edid=7B308C60-7F1B-FAB7-7C94-7B7ED611882F&sortorder=asc&column=price HTTP/1.1" 404 -
51.222.253.10 - - [29/Jun/2024:00:47:26 +0200] "GET /ticket2/opencms/sv/sport/fotbollsbiljetter/premier_league/west_ham_united/wolverhampton.html HTTP/1.1" 200 72718
188.165.212.137 - - [29/Jun/2024:00:47:28 +0200] "GET /ticket2/opencms/de/no/sport/fotballsbilletter/la_liga/granada/ HTTP/1.1" 404 -
188.165.241.181 - - [29/Jun/2024:00:47:28 +0200] "GET /ticket2/opencms/de/en/venue/?venueid=E9425025-3A6C-E9E0-2AE1-FBD6D1B8F3B9 HTTP/1.1" 404 -
37.187.94.3 - - [29/Jun/2024:00:47:32 +0200] "GET /ticket2/opencms/dk/dk/buy/?page=1&edid=7B308C60-7F1B-FAB7-7C94-7B7ED611882F&sortorder=asc&column=row HTTP/1.1" 404 -
40.77.167.121 - - [29/Jun/2024:00:47:34 +0200] "GET /ticket2/opencms/de/sport/fussball-tickets/bundesliga/wolfsburg/ HTTP/1.1" 200 76099
47.128.59.85 - - [29/Jun/2024:00:47:35 +0200] "GET /ticket2/opencms/nl/buy/?catid=36394212-F82E-F845-399B-42BED55969CC&comcatid=A17713B6-D984-201A-4143-ED4DB5ED5C2E HTTP/1.1" 200 81250
188.165.241.181 - - [29/Jun/2024:00:47:36 +0200] "GET /ticket2/opencms/de/en/venue/?venueid=E9B2F5F3-6701-DB0F-DD0D-6D02A497E772 HTTP/1.1" 404 -
47.128.59.85 - - [29/Jun/2024:00:47:36 +0200] "GET /ticket2/opencms/system/modules/com.gridnine.opencms.ticketbrokerage.site/resources/pics/logo-new.png HTTP/1.1" 200 13541
47.128.59.85 - - [29/Jun/2024:00:47:36 +0200] "GET /ticket2/opencms/system/modules/com.gridnine.opencms.ticketbrokerage.site/resources/pics/bank_5_visa_mastercard.png HTTP/1.1" 200 8196
47.128.59.85 - - [29/Jun/2024:00:47:37 +0200] "GET /ticket2/opencms/system/modules/com.gridnine.opencms.ticketbrokerage.site/resources/pics/bank_2_handelsbanken.png HTTP/1.1" 200 4509
47.128.59.85 - - [29/Jun/2024:00:47:37 +0200] "GET /ticket2/opencms/system/modules/com.gridnine.opencms.ticketbrokerage.site/resources/pics/bank_4_seb.png HTTP/1.1" 200 2487
47.128.59.85 - - [29/Jun/2024:00:47:37 +0200] "GET /ticket2/opencms/system/modules/com.gridnine.opencms.ticketbrokerage.site/resources/pics/bank_1_nordea.png HTTP/1.1" 200 4807
47.128.59.85 - - [29/Jun/2024:00:47:37 +0200] "GET /ticket2/opencms/system/modules/com.gridnine.opencms.ticketbrokerage.site/resources/pics/bank_3_swedbank.png HTTP/1.1" 200 5740
188.165.212.137 - - [29/Jun/2024:00:47:37 +0200] "GET /ticket2/opencms/de/no/sport/fotballsbilletter/la_liga/las_palmas/ HTTP/1.1" 404 -
47.128.59.85 - - [29/Jun/2024:00:47:37 +0200] "GET /ticket2/opencms/system/modules/com.gridnine.opencms.ticketbrokerage.site/resources/pics/bank_6_american_express.png HTTP/1.1" 200 5570
37.187.94.3 - - [29/Jun/2024:00:47:38 +0200] "GET /ticket2/opencms/dk/dk/buy/?page=1&edid=7B308C60-7F1B-FAB7-7C94-7B7ED611882F&sortorder=desc&column=section HTTP/1.1" 404 -
216.245.221.83 - - [29/Jun/2024:00:47:39 +0200] "HEAD /ticket2/opencms/ HTTP/1.1" 302 -
216.245.221.83 - - [29/Jun/2024:00:47:39 +0200] "HEAD /ticket2/opencms/en/ HTTP/1.1" 200 -
188.165.212.137 - - [29/Jun/2024:00:47:44 +0200] "GET /ticket2/opencms/de/no/sport/fotballsbilletter/la_liga/levante/ HTTP/1.1" 404 -
37.187.94.3 - - [29/Jun/2024:00:47:45 +0200] "GET /ticket2/opencms/dk/dk/buy/?page=1&edid=7B8AD10F-EB43-2C82-3ED2-D9CE1A88EAEC&sortorder=asc&column=section HTTP/1.1" 404 -
188.165.241.181 - - [29/Jun/2024:00:47:48 +0200] "GET /ticket2/opencms/de/en/venue/?venueid=EA1AFB8D-F7C7-5DC6-A760-CAB159647828 HTTP/1.1" 404 -
37.187.94.3 - - [29/Jun/2024:00:47:52 +0200] "GET /ticket2/opencms/dk/dk/buy/?page=1&edid=7BA84921-7493-D469-9091-29990BCD69BA&sortorder=asc&column=price HTTP/1.1" 404 -
47.128.45.198 - - [29/Jun/2024:00:47:53 +0200] "GET /ticket2/opencms/nl/buy/?edid=39CE598D-FC19-9CD8-F22D-3F7964FACAB9 HTTP/1.1" 200 71077
47.128.45.198 - - [29/Jun/2024:00:47:54 +0200] "GET /ticket2/opencms/system/modules/com.gridnine.opencms.ticketbrokerage.site/resources/pics/logo-new.png HTTP/1.1" 200 13541
47.128.45.198 - - [29/Jun/2024:00:47:54 +0200] "GET /ticket2/opencms/system/modules/com.gridnine.opencms.ticketbrokerage.site/resources/pics/bank_1_nordea.png HTTP/1.1" 200 4807
47.128.45.198 - - [29/Jun/2024:00:47:54 +0200] "GET /ticket2/opencms/system/modules/com.gridnine.opencms.ticketbrokerage.site/resources/pics/bank_4_seb.png HTTP/1.1" 200 2487
47.128.45.198 - - [29/Jun/2024:00:47:54 +0200] "GET /ticket2/opencms/system/modules/com.gridnine.opencms.ticketbrokerage.site/resources/pics/bank_2_handelsbanken.png HTTP/1.1" 200 4509
47.128.45.198 - - [29/Jun/2024:00:47:54 +0200] "GET /ticket2/opencms/system/modules/com.gridnine.opencms.ticketbrokerage.site/resources/pics/bank_3_swedbank.png HTTP/1.1" 200 5740
47.128.45.198 - - [29/Jun/2024:00:47:54 +0200] "GET /ticket2/opencms/system/modules/com.gridnine.opencms.ticketbrokerage.site/resources/pics/bank_5_visa_mastercard.png HTTP/1.1" 200 8196
47.128.45.198 - - [29/Jun/2024:00:47:55 +0200] "GET /ticket2/opencms/system/modules/com.gridnine.opencms.ticketbrokerage.site/resources/pics/bank_6_american_express.png HTTP/1.1" 200 5570
188.165.241.181 - - [29/Jun/2024:00:47:55 +0200] "GET /ticket2/opencms/de/en/venue/?venueid=EA20BC3C-5A99-C24A-7F8E-B17F2D2D6A56 HTTP/1.1" 404 -
37.187.94.3 - - [29/Jun/2024:00:47:58 +0200] "GET /ticket2/opencms/dk/dk/buy/?page=1&edid=7BA84921-7493-D469-9091-29990BCD69BA&sortorder=asc&column=row HTTP/1.1" 404 -
188.165.241.181 - - [29/Jun/2024:00:48:03 +0200] "GET /ticket2/opencms/de/en/venue/?venueid=EA804EE9-079E-9D15-9A71-C89C6269C331 HTTP/1.1" 404 -
37.187.94.3 - - [29/Jun/2024:00:48:06 +0200] "GET /ticket2/opencms/dk/dk/buy/?page=1&edid=7BA84921-7493-D469-9091-29990BCD69BA&sortorder=desc&column=row HTTP/1.1" 404 -
188.165.212.137 - - [29/Jun/2024:00:48:12 +0200] "GET /ticket2/opencms/de/no/sport/fotballsbilletter/la_liga/mallorca/ HTTP/1.1" 404 -
37.187.94.3 - - [29/Jun/2024:00:48:12 +0200] "GET /ticket2/opencms/dk/dk/buy/?page=1&edid=7BA84921-7493-D469-9091-29990BCD69BA&sortorder=desc&column=section HTTP/1.1" 404 -
66.249.76.1 - - [29/Jun/2024:00:48:13 +0200] "GET /ticket2/opencms/fi/sell/?edid=D11D82D4-28DA-1768-D317-EF521A2F97E6 HTTP/1.1" 302 -
188.165.241.181 - - [29/Jun/2024:00:48:15 +0200] "GET /ticket2/opencms/de/en/venue/?venueid=EABAA74B-30A0-FACD-EE61-DD58CC090427 HTTP/1.1" 404 -
66.249.75.107 - - [29/Jun/2024:00:48:15 +0200] "GET /ticket2/opencms/fi/login/?url=/fi/sell/ HTTP/1.1" 200 75191
66.249.75.169 - - [29/Jun/2024:00:48:16 +0200] "GET /ticket2/opencms/no/sell/?edid=3E8160AB-0FBD-70C5-9AD2-7741AA7C1F1A HTTP/1.1" 302 -
66.249.75.168 - - [29/Jun/2024:00:48:18 +0200] "GET /ticket2/opencms/no/login/?url=/no/sell/ HTTP/1.1" 200 74756
37.187.94.3 - - [29/Jun/2024:00:48:18 +0200] "GET /ticket2/opencms/dk/dk/buy/?page=1&edid=7BBCA819-F42E-0079-8C80-51174B40B9F6 HTTP/1.1" 404 -
66.249.75.169 - - [29/Jun/2024:00:48:19 +0200] "GET /ticket2/opencms/nl/buy/?page=1&edid=FCEB71A3-C27D-C49F-469F-2CB5939452EE HTTP/1.1" 200 109681
37.187.94.3 - - [29/Jun/2024:00:48:24 +0200] "GET /ticket2/opencms/dk/dk/buy/?page=1&edid=7BBCA819-F42E-0079-8C80-51174B40B9F6&sortorder=desc&column=section HTTP/1.1" 404 -
188.165.241.181 - - [29/Jun/2024:00:48:27 +0200] "GET /ticket2/opencms/de/en/venue/?venueid=EB7553A5-57B5-8BDF-93F0-35BE2BD45349 HTTP/1.1" 404 -
188.165.212.137 - - [29/Jun/2024:00:48:28 +0200] "GET /ticket2/opencms/de/no/sport/fotballsbilletter/la_liga/osasuna/ HTTP/1.1" 404 -
37.187.94.3 - - [29/Jun/2024:00:48:30 +0200] "GET /ticket2/opencms/dk/dk/buy/?page=1&edid=7C50B23B-3192-4FDD-8E89-61CCDDA91931&sortorder=asc&column=price HTTP/1.1" 404 -
47.128.46.206 - - [29/Jun/2024:00:48:31 +0200] "GET /ticket2/opencms/fi/venue/?countryid=87A0CCAA-3D1F-51AB-962B-6BBE856D2C40 HTTP/1.1" 200 102292
47.128.46.206 - - [29/Jun/2024:00:48:32 +0200] "GET /ticket2/opencms/system/modules/com.gridnine.opencms.ticketbrokerage.site/resources/pics/logo-new.png HTTP/1.1" 200 13541
47.128.46.206 - - [29/Jun/2024:00:48:32 +0200] "GET /ticket2/opencms/system/modules/com.gridnine.opencms.ticketbrokerage.site/resources/pics/bank_2_handelsbanken.png HTTP/1.1" 200 4509
47.128.46.206 - - [29/Jun/2024:00:48:33 +0200] "GET /ticket2/opencms/system/modules/com.gridnine.opencms.ticketbrokerage.site/resources/pics/bank_5_visa_mastercard.png HTTP/1.1" 200 8196
47.128.46.206 - - [29/Jun/2024:00:48:33 +0200] "GET /ticket2/opencms/system/modules/com.gridnine.opencms.ticketbrokerage.site/resources/pics/bank_1_nordea.png HTTP/1.1" 200 4807
47.128.46.206 - - [29/Jun/2024:00:48:33 +0200] "GET /ticket2/opencms/system/modules/com.gridnine.opencms.ticketbrokerage.site/resources/pics/bank_3_swedbank.png HTTP/1.1" 200 5740
47.128.46.206 - - [29/Jun/2024:00:48:33 +0200] "GET /ticket2/opencms/system/modules/com.gridnine.opencms.ticketbrokerage.site/resources/pics/bank_4_seb.png HTTP/1.1" 200 2487
47.128.46.206 - - [29/Jun/2024:00:48:33 +0200] "GET /ticket2/opencms/system/modules/com.gridnine.opencms.ticketbrokerage.site/resources/pics/bank_6_american_express.png HTTP/1.1" 200 5570
188.165.241.181 - - [29/Jun/2024:00:48:34 +0200] "GET /ticket2/opencms/de/en/venue/?venueid=EB773635-94F3-7E6F-AC1A-743B06E63C1C HTTP/1.1" 404 -
37.187.94.3 - - [29/Jun/2024:00:48:36 +0200] "GET /ticket2/opencms/dk/dk/buy/?page=1&edid=7C50B23B-3192-4FDD-8E89-61CCDDA91931&sortorder=asc&column=section HTTP/1.1" 404 -
188.165.212.137 - - [29/Jun/2024:00:48:39 +0200] "GET /ticket2/opencms/de/no/sport/fotballsbilletter/la_liga/rayo_vallecano/ HTTP/1.1" 404 -
188.165.241.181 - - [29/Jun/2024:00:48:40 +0200] "GET /ticket2/opencms/de/en/venue/?venueid=EB77ABB2-7681-5353-78ED-A3ADEC5FE4B1 HTTP/1.1" 404 -
37.187.94.3 - - [29/Jun/2024:00:48:46 +0200] "GET /ticket2/opencms/dk/dk/buy/?page=1&edid=7C50B23B-3192-4FDD-8E89-61CCDDA91931&sortorder=desc&column=row HTTP/1.1" 404 -
114.119.137.43 - - [29/Jun/2024:00:48:46 +0200] "GET /ticket2/opencms/en/buy/?page=1&edid=939FFB29-90B3-C45E-CDB3-7D08A9D24AFB HTTP/1.1" 200 87804
188.165.212.137 - - [29/Jun/2024:00:48:46 +0200] "GET /ticket2/opencms/de/no/sport/fotballsbilletter/la_liga/real-sociedad/ HTTP/1.1" 404 -
188.165.241.181 - - [29/Jun/2024:00:48:53 +0200] "GET /ticket2/opencms/de/en/venue/?venueid=EBFB4757-1947-9B19-888A-253E3264D06D HTTP/1.1" 404 -
37.187.94.3 - - [29/Jun/2024:00:48:54 +0200] "GET /ticket2/opencms/dk/dk/buy/?page=1&edid=7CE5DED6-BFF5-4BF4-3E6E-E97EEDD796E2&sortorder=desc&column=price HTTP/1.1" 404 -
188.165.212.137 - - [29/Jun/2024:00:48:57 +0200] "GET /ticket2/opencms/de/no/sport/fotballsbilletter/la_liga/real_betis/ HTTP/1.1" 404 -
37.187.94.3 - - [29/Jun/2024:00:49:00 +0200] "GET /ticket2/opencms/dk/dk/buy/?page=1&edid=7CE5DED6-BFF5-4BF4-3E6E-E97EEDD796E2&sortorder=desc&column=section HTTP/1.1" 404 -
188.165.241.181 - - [29/Jun/2024:00:49:01 +0200] "GET /ticket2/opencms/de/en/venue/?venueid=EC472EA6-DB5A-9847-3498-3E97CC377FD4 HTTP/1.1" 404 -
51.222.253.14 - - [29/Jun/2024:00:49:05 +0200] "GET /ticket2/opencms/en HTTP/1.1" 200 91208
188.165.212.137 - - [29/Jun/2024:00:49:06 +0200] "GET /ticket2/opencms/de/no/sport/fotballsbilletter/la_liga/real_madrid/ HTTP/1.1" 404 -
85.208.96.193 - - [29/Jun/2024:00:49:06 +0200] "GET /ticket2/opencms/fi/urheilu/jalkapallo/serie_a/genoa/ HTTP/1.1" 200 74092
37.187.94.3 - - [29/Jun/2024:00:49:08 +0200] "GET /ticket2/opencms/dk/dk/buy/?page=1&edid=7CED7E0F-6B54-D4FC-72EC-13278592A560&sortorder=asc&column=row HTTP/1.1" 404 -
188.165.241.181 - - [29/Jun/2024:00:49:09 +0200] "GET /ticket2/opencms/de/en/venue/?venueid=ECA1E61D-2477-4810-8BC2-649930C9F0AE HTTP/1.1" 404 -
52.167.144.184 - - [29/Jun/2024:00:49:10 +0200] "GET /ticket2/opencms/dk/buy?page=1&edid=e9db3a42-82bf-9b65-3ed4-ee5a32871388 HTTP/1.1" 200 31
188.165.212.137 - - [29/Jun/2024:00:49:15 +0200] "GET /ticket2/opencms/de/no/sport/fotballsbilletter/la_liga/sevilla/ HTTP/1.1" 404 -
188.165.241.181 - - [29/Jun/2024:00:49:16 +0200] "GET /ticket2/opencms/de/en/venue/?venueid=ECEC05FE-7D59-CD00-2E1B-1B40B02BB84F HTTP/1.1" 404 -
37.187.94.3 - - [29/Jun/2024:00:49:17 +0200] "GET /ticket2/opencms/dk/dk/buy/?page=1&edid=7DCCD799-253B-F5E6-B0CC-CB6C5F448193&sortorder=asc&column=section HTTP/1.1" 404 -
66.249.75.167 - - [29/Jun/2024:00:49:21 +0200] "GET /ticket2/opencms/nl/buy/?page=1&edid=C65C7DD7-B53E-6743-1299-72135D790427 HTTP/1.1" 200 109679
185.191.171.5 - - [29/Jun/2024:00:49:21 +0200] "GET /ticket2/opencms/fi/search.html?searchQuery=edmonton%2Boilers&submit.x=0&submit.y=0 HTTP/1.1" 200 93774
188.165.212.137 - - [29/Jun/2024:00:49:24 +0200] "GET /ticket2/opencms/de/no/sport/fotballsbilletter/la_liga/villareal/ HTTP/1.1" 404 -
188.165.241.181 - - [29/Jun/2024:00:49:25 +0200] "GET /ticket2/opencms/de/en/venue/?venueid=ECFCC413-6F93-5879-2B81-325F8445CB65 HTTP/1.1" 404 -
37.187.94.3 - - [29/Jun/2024:00:49:25 +0200] "GET /ticket2/opencms/dk/dk/buy/?page=1&edid=7E6C3EC9-7A3A-9E1F-E273-739B803C073C&sortorder=desc&column=price HTTP/1.1" 404 -
47.128.122.135 - - [29/Jun/2024:00:49:28 +0200] "GET /ticket2/opencms/es/buy/?catid=0A6C99D2-F5BD-7A18-9A5F-5668827042E0&comcatid=A17713B6-D984-201A-4143-ED4DB5ED5C2E HTTP/1.1" 200 242251
47.128.122.135 - - [29/Jun/2024:00:49:29 +0200] "GET /ticket2/opencms/system/modules/com.gridnine.opencms.ticketbrokerage.site/resources/pics/logo-new.png HTTP/1.1" 200 13541
47.128.122.135 - - [29/Jun/2024:00:49:29 +0200] "GET /ticket2/opencms/system/modules/com.gridnine.opencms.ticketbrokerage.site/resources/pics/bank_1_nordea.png HTTP/1.1" 200 4807
47.128.122.135 - - [29/Jun/2024:00:49:30 +0200] "GET /ticket2/opencms/system/modules/com.gridnine.opencms.ticketbrokerage.site/resources/pics/bank_5_visa_mastercard.png HTTP/1.1" 200 8196
47.128.122.135 - - [29/Jun/2024:00:49:30 +0200] "GET /ticket2/opencms/system/modules/com.gridnine.opencms.ticketbrokerage.site/resources/pics/bank_4_seb.png HTTP/1.1" 200 2487
47.128.122.135 - - [29/Jun/2024:00:49:30 +0200] "GET /ticket2/opencms/system/modules/com.gridnine.opencms.ticketbrokerage.site/resources/pics/bank_2_handelsbanken.png HTTP/1.1" 200 4509
47.128.122.135 - - [29/Jun/2024:00:49:30 +0200] "GET /ticket2/opencms/system/modules/com.gridnine.opencms.ticketbrokerage.site/resources/pics/bank_3_swedbank.png HTTP/1.1" 200 5740
