31.192.197.154 - - [29/Jun/2024:00:57:18 +0200] "GET /ticket2/opencms/system/modules/com.gridnine.opencms.ticketbrokerage.site/resources/js/jquery.placeholder.min.js HTTP/1.1" 200 1737
31.192.197.154 - - [29/Jun/2024:00:57:18 +0200] "GET /ticket2/opencms/system/modules/com.gridnine.opencms.ticketbrokerage.site/resources/js/common-ajax.js HTTP/1.1" 200 20175
31.192.197.154 - - [29/Jun/2024:00:57:18 +0200] "GET /ticket2/opencms/system/modules/com.gridnine.opencms.ticketbrokerage.site/resources/pics/logo-new.png HTTP/1.1" 200 13541
31.192.197.154 - - [29/Jun/2024:00:57:18 +0200] "GET /ticket2/opencms/img/insta.png HTTP/1.1" 200 3967
31.192.197.154 - - [29/Jun/2024:00:57:18 +0200] "GET /ticket2/opencms/img/icons/globe-white.png HTTP/1.1" 200 947
31.192.197.154 - - [29/Jun/2024:00:57:18 +0200] "GET /ticket2/opencms/img/fb.png HTTP/1.1" 200 1269
31.192.197.154 - - [29/Jun/2024:00:57:18 +0200] "GET /ticket2/opencms/venue/anfield.png HTTP/1.1" 200 21218
31.192.197.154 - - [29/Jun/2024:00:57:18 +0200] "GET /ticket2/opencms/system/modules/com.gridnine.opencms.ticketbrokerage.site/resources/pics/0.gif HTTP/1.1" 200 43
31.192.197.154 - - [29/Jun/2024:00:57:18 +0200] "GET /ticket2/opencms/system/modules/com.gridnine.opencms.ticketbrokerage.site/resources/pics/two_man.png HTTP/1.1" 200 3407
31.192.197.154 - - [29/Jun/2024:00:57:18 +0200] "GET /ticket2/opencms/img/icons/no.png HTTP/1.1" 200 1958
31.192.197.154 - - [29/Jun/2024:00:57:18 +0200] "GET /ticket2/opencms/system/modules/com.gridnine.opencms.ticketbrokerage.site/resources/pics/ticket_info_button.png HTTP/1.1" 200 3820
31.192.197.154 - - [29/Jun/2024:00:57:18 +0200] "GET /ticket2/opencms/system/modules/com.gridnine.opencms.ticketbrokerage.site/resources/pics/bank_1_nordea.png HTTP/1.1" 200 4807
31.192.197.154 - - [29/Jun/2024:00:57:18 +0200] "GET /ticket2/opencms/sv/ask-form.html HTTP/1.1" 200 2950
31.192.197.154 - - [29/Jun/2024:00:57:18 +0200] "GET /ticket2/opencms/img/icons/se.png HTTP/1.1" 200 1258
31.192.197.154 - - [29/Jun/2024:00:57:18 +0200] "GET /ticket2/opencms/system/modules/com.gridnine.opencms.ticketbrokerage.site/resources/pics/bank_2_handelsbanken.png HTTP/1.1" 200 4509
31.192.197.154 - - [29/Jun/2024:00:57:18 +0200] "GET /ticket2/opencms/system/modules/com.gridnine.opencms.ticketbrokerage.site/resources/pics/bank_3_swedbank.png HTTP/1.1" 200 5740
31.192.197.154 - - [29/Jun/2024:00:57:18 +0200] "GET /ticket2/opencms/img/icons/dk.png HTTP/1.1" 200 1706
31.192.197.154 - - [29/Jun/2024:00:57:18 +0200] "GET /ticket2/opencms/system/modules/com.gridnine.opencms.ticketbrokerage.site/resources/css/ticketbrokerage.css HTTP/1.1" 200 39339
31.192.197.154 - - [29/Jun/2024:00:57:18 +0200] "GET /ticket2/opencms/system/modules/com.gridnine.opencms.ticketbrokerage.site/resources/pics/bank_4_seb.png HTTP/1.1" 200 2487
31.192.197.154 - - [29/Jun/2024:00:57:18 +0200] "GET /ticket2/opencms/system/modules/com.gridnine.opencms.ticketbrokerage.site/resources/pics/bank_5_visa_mastercard.png HTTP/1.1" 200 8196
31.192.197.154 - - [29/Jun/2024:00:57:18 +0200] "GET /ticket2/opencms/img/icons/fi.png HTTP/1.1" 200 1785
31.192.197.154 - - [29/Jun/2024:00:57:18 +0200] "GET /ticket2/opencms/system/modules/com.gridnine.opencms.ticketbrokerage.site/resources/pics/bank_6_american_express.png HTTP/1.1" 200 5570
31.192.197.154 - - [29/Jun/2024:00:57:18 +0200] "GET /ticket2/opencms/img/check.png HTTP/1.1" 200 548
31.192.197.154 - - [29/Jun/2024:00:57:18 +0200] "GET /ticket2/opencms/img/icons/nl.png HTTP/1.1" 200 1255
31.192.197.154 - - [29/Jun/2024:00:57:18 +0200] "GET /ticket2/opencms/img/chat.png HTTP/1.1" 200 416
31.192.197.154 - - [29/Jun/2024:00:57:18 +0200] "GET /ticket2/opencms/img/mail.png HTTP/1.1" 200 403
31.192.197.154 - - [29/Jun/2024:00:57:18 +0200] "GET /ticket2/opencms/img/icons/de.png HTTP/1.1" 200 1124
31.192.197.154 - - [29/Jun/2024:00:57:18 +0200] "GET /ticket2/opencms/img/arrow.png HTTP/1.1" 200 753
31.192.197.154 - - [29/Jun/2024:00:57:18 +0200] "GET /ticket2/opencms/system/modules/com.gridnine.opencms.ticketbrokerage.site/resources/pics/arrow.gif HTTP/1.1" 200 344
31.192.197.154 - - [29/Jun/2024:00:57:18 +0200] "GET /ticket2/opencms/img/icons/fr.png HTTP/1.1" 200 1764
31.192.197.154 - - [29/Jun/2024:00:57:18 +0200] "GET /ticket2/opencms/system/modules/com.gridnine.opencms.ticketbrokerage.site/resources/pics/form_marker.gif HTTP/1.1" 200 43
31.192.197.154 - - [29/Jun/2024:00:57:18 +0200] "GET /ticket2/opencms/system/modules/com.gridnine.opencms.ticketbrokerage.site/resources/pics/button1_left.gif HTTP/1.1" 200 232
31.192.197.154 - - [29/Jun/2024:00:57:18 +0200] "GET /ticket2/opencms/img/icons/es.png HTTP/1.1" 200 1005
31.192.197.154 - - [29/Jun/2024:00:57:18 +0200] "GET /ticket2/opencms/system/modules/com.gridnine.opencms.ticketbrokerage.site/resources/pics/button1_center.gif HTTP/1.1" 200 66
31.192.197.154 - - [29/Jun/2024:00:57:18 +0200] "GET /ticket2/opencms/system/modules/com.gridnine.opencms.ticketbrokerage.site/resources/pics/button1_right.gif HTTP/1.1" 200 232
31.192.197.154 - - [29/Jun/2024:00:57:18 +0200] "GET /ticket2/opencms/img/icons/it.png HTTP/1.1" 200 2040
31.192.197.154 - - [29/Jun/2024:00:57:18 +0200] "GET /ticket2/opencms/img/icons/en.png HTTP/1.1" 200 2415
31.192.197.154 - - [29/Jun/2024:00:57:18 +0200] "GET /ticket2/opencms/img/arrow-down.png HTTP/1.1" 200 192
31.192.197.154 - - [29/Jun/2024:00:57:18 +0200] "GET /ticket2/opencms/system/modules/com.gridnine.opencms.ticketbrokerage.site/resources/js/standard.js HTTP/1.1" 200 3978
31.192.197.154 - - [29/Jun/2024:00:57:18 +0200] "GET /ticket2/opencms/favicon.ico HTTP/1.1" 200 1406
31.192.197.154 - - [29/Jun/2024:00:57:19 +0200] "GET /ticket2/opencms/system/modules/com.gridnine.opencms.ticketbrokerage.site/resources/css/images/ui-bg_flat_75_ffffff_40x100.png HTTP/1.1" 404 -
37.187.94.3 - - [29/Jun/2024:00:57:20 +0200] "GET /ticket2/opencms/dk/dk/buy/?page=1&edid=8273D7DB-9E15-41C7-63BD-862F12528A78&sortorder=desc&column=section HTTP/1.1" 404 -
66.249.75.107 - - [29/Jun/2024:00:57:25 +0200] "GET /ticket2/opencms/en/venue/?venueid=6FA55CAA-E7CD-0645-363F-8301E170D823 HTTP/1.1" 200 71398
188.165.212.137 - - [29/Jun/2024:00:57:26 +0200] "GET /ticket2/opencms/de/sv/buy/?comcatid=0A6B8208-FDA4-E929-9D72-5312FD481B76&catid=26594C33-56CE-F529-FAF3-61AB33F74A3B HTTP/1.1" 404 -
37.187.94.3 - - [29/Jun/2024:00:57:34 +0200] "GET /ticket2/opencms/dk/dk/buy/?page=1&edid=82B136E6-285D-2514-CC84-CAC01A08B609&sortorder=asc&column=price HTTP/1.1" 404 -
216.245.221.83 - - [29/Jun/2024:00:57:39 +0200] "HEAD /ticket2/opencms/ HTTP/1.1" 302 -
216.245.221.83 - - [29/Jun/2024:00:57:39 +0200] "HEAD /ticket2/opencms/en/ HTTP/1.1" 200 -
188.165.212.137 - - [29/Jun/2024:00:57:43 +0200] "GET /ticket2/opencms/de/sv/buy/?comcatid=0A6B8208-FDA4-E929-9D72-5312FD481B76&catid=3A56B1C2-6FFB-C8D1-B229-B3914D5FF8DF HTTP/1.1" 404 -
47.128.60.57 - - [29/Jun/2024:00:57:52 +0200] "GET /ticket2/opencms/fi/buy/?catid=8B6802AF-1ADE-4BE1-A1F7-7671190CFB4F&comcatid=97ECA65A-72DA-F9AF-9DBB-245D3CFED1BE&page=6 HTTP/1.1" 200 78247
51.222.253.12 - - [29/Jun/2024:00:57:52 +0200] "GET /ticket2/opencms/sv/sport/fotbollsbiljetter/la_liga/mallorca/ HTTP/1.1" 200 73610
47.128.60.57 - - [29/Jun/2024:00:57:53 +0200] "GET /ticket2/opencms/system/modules/com.gridnine.opencms.ticketbrokerage.site/resources/pics/logo-new.png HTTP/1.1" 200 13541
47.128.60.57 - - [29/Jun/2024:00:57:53 +0200] "GET /ticket2/opencms/system/modules/com.gridnine.opencms.ticketbrokerage.site/resources/pics/bank_1_nordea.png HTTP/1.1" 200 4807
47.128.60.57 - - [29/Jun/2024:00:57:54 +0200] "GET /ticket2/opencms/system/modules/com.gridnine.opencms.ticketbrokerage.site/resources/pics/bank_3_swedbank.png HTTP/1.1" 200 5740
47.128.60.57 - - [29/Jun/2024:00:57:54 +0200] "GET /ticket2/opencms/system/modules/com.gridnine.opencms.ticketbrokerage.site/resources/pics/bank_5_visa_mastercard.png HTTP/1.1" 200 8196
47.128.60.57 - - [29/Jun/2024:00:57:54 +0200] "GET /ticket2/opencms/system/modules/com.gridnine.opencms.ticketbrokerage.site/resources/pics/bank_4_seb.png HTTP/1.1" 200 2487
47.128.60.57 - - [29/Jun/2024:00:57:54 +0200] "GET /ticket2/opencms/system/modules/com.gridnine.opencms.ticketbrokerage.site/resources/pics/bank_2_handelsbanken.png HTTP/1.1" 200 4509
47.128.60.57 - - [29/Jun/2024:00:57:54 +0200] "GET /ticket2/opencms/system/modules/com.gridnine.opencms.ticketbrokerage.site/resources/pics/bank_6_american_express.png HTTP/1.1" 200 5570
37.187.94.3 - - [29/Jun/2024:00:57:56 +0200] "GET /ticket2/opencms/dk/dk/buy/?page=1&edid=82B136E6-285D-2514-CC84-CAC01A08B609&sortorder=asc&column=row HTTP/1.1" 404 -
188.165.212.137 - - [29/Jun/2024:00:57:57 +0200] "GET /ticket2/opencms/de/sv/buy/?comcatid=0A6B8208-FDA4-E929-9D72-5312FD481B76&catid=412DBCF4-025D-8ABC-7A40-D7C760E055FF HTTP/1.1" 404 -
37.187.94.3 - - [29/Jun/2024:00:58:14 +0200] "GET /ticket2/opencms/dk/dk/buy/?page=1&edid=82CE7DE4-6A70-EA4E-8F52-DA16DF3A5E77&sortorder=asc&column=row HTTP/1.1" 404 -
188.165.212.137 - - [29/Jun/2024:00:58:15 +0200] "GET /ticket2/opencms/de/sv/buy/?comcatid=0A6B8208-FDA4-E929-9D72-5312FD481B76&catid=465306FD-802C-5175-10FF-40E426DD2769 HTTP/1.1" 404 -
185.191.171.4 - - [29/Jun/2024:00:58:19 +0200] "GET /ticket2/opencms/de/magazine/article?title=newcastle HTTP/1.1" 200 75666
66.249.75.169 - - [29/Jun/2024:00:58:26 +0200] "GET /ticket2/opencms/en/buy/?comcatid=97ECA65A-72DA-F9AF-9DBB-245D3CFED1BE HTTP/1.1" 200 76580
188.165.212.137 - - [29/Jun/2024:00:58:28 +0200] "GET /ticket2/opencms/de/sv/buy/?comcatid=0A6B8208-FDA4-E929-9D72-5312FD481B76&catid=53E7B32E-5CAA-6CE7-D6AA-FFC41D70EE01 HTTP/1.1" 404 -
31.192.197.154 - - [29/Jun/2024:00:58:29 +0200] "GET /ticket2/opencms/set_aff_cookie.jsp?partner=53673ED6-1455-FA54-818F-B1F67121E37C&url=/sv/buy/index.html%3Fpage%3D1%26edid%3D6AEAF6C2-C57A-0447-5B0A-20959D8DCFDD%26hlv%3D666cb1ac-8cfc-4d37-9e3a-43210a01000f%23v_1905683882 HTTP/1.1" 200 226
31.192.197.154 - - [29/Jun/2024:00:58:29 +0200] "GET /ticket2/opencms/sv/buy/?page=1&edid=6AEAF6C2-C57A-0447-5B0A-20959D8DCFDD&hlv=666cb1ac-8cfc-4d37-9e3a-43210a01000f HTTP/1.1" 200 116101
31.192.197.154 - - [29/Jun/2024:00:58:29 +0200] "GET /ticket2/opencms/system/modules/com.gridnine.opencms.ticketbrokerage.site/resources/js/calendar.js HTTP/1.1" 200 49229
31.192.197.154 - - [29/Jun/2024:00:58:29 +0200] "GET /ticket2/opencms/system/modules/com.gridnine.opencms.ticketbrokerage.site/resources/css/calendar.css HTTP/1.1" 200 6871
31.192.197.154 - - [29/Jun/2024:00:58:29 +0200] "GET /ticket2/opencms/system/modules/com.gridnine.opencms.ticketbrokerage.site/resources/css/standard.css HTTP/1.1" 200 71935
31.192.197.154 - - [29/Jun/2024:00:58:29 +0200] "GET /ticket2/opencms/system/modules/com.gridnine.opencms.ticketbrokerage.site/resources/js/calendar-en.js HTTP/1.1" 200 3338
31.192.197.154 - - [29/Jun/2024:00:58:29 +0200] "GET /ticket2/opencms/system/modules/com.gridnine.opencms.ticketbrokerage.site/resources/css/ticketbrokerage.css HTTP/1.1" 200 39339
37.187.94.3 - - [29/Jun/2024:00:58:30 +0200] "GET /ticket2/opencms/dk/dk/buy/?page=1&edid=82F19FA2-FA7A-0459-E232-50321BC9E2B5 HTTP/1.1" 404 -
31.192.197.154 - - [29/Jun/2024:00:58:30 +0200] "GET /ticket2/opencms/system/modules/com.gridnine.opencms.ticketbrokerage.site/resources/js/calendar-setup.js HTTP/1.1" 200 4923
31.192.197.154 - - [29/Jun/2024:00:58:30 +0200] "GET /ticket2/opencms/system/modules/com.gridnine.opencms.ticketbrokerage.site/resources/js/functions.js HTTP/1.1" 200 1583
31.192.197.154 - - [29/Jun/2024:00:58:30 +0200] "GET /ticket2/opencms/system/modules/com.gridnine.opencms.ticketbrokerage.site/resources/js/standard.js HTTP/1.1" 200 3978
31.192.197.154 - - [29/Jun/2024:00:58:30 +0200] "GET /ticket2/opencms/sv/ask-form.html HTTP/1.1" 200 2950
31.192.197.154 - - [29/Jun/2024:00:58:30 +0200] "GET /ticket2/opencms/system/modules/com.gridnine.opencms.ticketbrokerage.site/resources/css/ticketbrokerage.css HTTP/1.1" 200 39339
31.192.197.154 - - [29/Jun/2024:00:58:31 +0200] "GET /ticket2/opencms/system/modules/com.gridnine.opencms.ticketbrokerage.site/resources/css/images/ui-bg_flat_75_ffffff_40x100.png HTTP/1.1" 404 -
188.165.212.137 - - [29/Jun/2024:00:58:38 +0200] "GET /ticket2/opencms/de/sv/buy/?comcatid=0A6B8208-FDA4-E929-9D72-5312FD481B76&catid=5ED34547-492C-90DA-709D-448345844685 HTTP/1.1" 404 -
37.187.94.3 - - [29/Jun/2024:00:58:41 +0200] "GET /ticket2/opencms/dk/dk/buy/?page=1&edid=82F19FA2-FA7A-0459-E232-50321BC9E2B5&sortorder=asc&column=price HTTP/1.1" 404 -
114.119.153.220 - - [29/Jun/2024:00:58:48 +0200] "GET /ticket2/opencms/en/buy/?page=1&edid=8D277887-D2AB-63E9-7974-608EA419222C HTTP/1.1" 200 88288
37.187.94.3 - - [29/Jun/2024:00:58:48 +0200] "GET /ticket2/opencms/dk/dk/buy/?page=1&edid=8306671B-449D-8B18-B5D8-8654F10E1EF6&sortorder=asc&column=row HTTP/1.1" 404 -
47.128.123.121 - - [29/Jun/2024:00:58:49 +0200] "GET /ticket2/opencms/no/buy/?catid=7ACC33AD-EE7E-AAA7-9050-0F4587759B87&comcatid=A17713B6-D984-201A-4143-ED4DB5ED5C2E&page=6 HTTP/1.1" 200 83611
47.128.123.121 - - [29/Jun/2024:00:58:50 +0200] "GET /ticket2/opencms/system/modules/com.gridnine.opencms.ticketbrokerage.site/resources/pics/logo-new.png HTTP/1.1" 200 13541
47.128.123.121 - - [29/Jun/2024:00:58:51 +0200] "GET /ticket2/opencms/system/modules/com.gridnine.opencms.ticketbrokerage.site/resources/pics/bank_1_nordea.png HTTP/1.1" 200 4807
47.128.123.121 - - [29/Jun/2024:00:58:51 +0200] "GET /ticket2/opencms/system/modules/com.gridnine.opencms.ticketbrokerage.site/resources/pics/bank_5_visa_mastercard.png HTTP/1.1" 200 8196
47.128.123.121 - - [29/Jun/2024:00:58:51 +0200] "GET /ticket2/opencms/system/modules/com.gridnine.opencms.ticketbrokerage.site/resources/pics/bank_4_seb.png HTTP/1.1" 200 2487
47.128.123.121 - - [29/Jun/2024:00:58:51 +0200] "GET /ticket2/opencms/system/modules/com.gridnine.opencms.ticketbrokerage.site/resources/pics/bank_2_handelsbanken.png HTTP/1.1" 200 4509
47.128.123.121 - - [29/Jun/2024:00:58:51 +0200] "GET /ticket2/opencms/system/modules/com.gridnine.opencms.ticketbrokerage.site/resources/pics/bank_3_swedbank.png HTTP/1.1" 200 5740
47.128.123.121 - - [29/Jun/2024:00:58:51 +0200] "GET /ticket2/opencms/system/modules/com.gridnine.opencms.ticketbrokerage.site/resources/pics/bank_6_american_express.png HTTP/1.1" 200 5570
65.21.71.10 - - [29/Jun/2024:00:58:52 +0200] "GET /ticket2/opencms/venue/boleyn_ground.png HTTP/1.1" 200 174890
37.187.94.3 - - [29/Jun/2024:00:58:57 +0200] "GET /ticket2/opencms/dk/dk/buy/?page=1&edid=8334F8CD-C200-CB12-70F3-B3071995B999 HTTP/1.1" 404 -
51.222.253.3 - - [29/Jun/2024:00:58:59 +0200] "GET /ticket2/opencms/sv/buy/?page=10&eventid=8B7AE4BC-5292-0AFF-E9A1-04E26981F419&venueid=FF995A14-40EA-8EEB-6CB2-5F20B0A58DD9 HTTP/1.1" 200 73554
188.165.212.137 - - [29/Jun/2024:00:59:04 +0200] "GET /ticket2/opencms/de/sv/buy/?comcatid=0A6B8208-FDA4-E929-9D72-5312FD481B76&catid=8E4972FC-6E2C-77A4-BB9D-D67BD270A641 HTTP/1.1" 404 -
37.187.94.3 - - [29/Jun/2024:00:59:08 +0200] "GET /ticket2/opencms/dk/dk/buy/?page=1&edid=834142AB-3163-DB9B-0B08-B99C16F02C56&sortorder=asc&column=row HTTP/1.1" 404 -
37.187.94.3 - - [29/Jun/2024:00:59:14 +0200] "GET /ticket2/opencms/dk/dk/buy/?page=1&edid=83A7C60D-AD39-B127-D69A-4870DF1CAA32&sortorder=desc&column=row HTTP/1.1" 404 -
37.187.94.3 - - [29/Jun/2024:00:59:20 +0200] "GET /ticket2/opencms/dk/dk/buy/?page=1&edid=846929C4-FDD7-0473-C7C0-A9B2AA08A260&sortorder=asc&column=row HTTP/1.1" 404 -
47.128.37.98 - - [29/Jun/2024:00:59:21 +0200] "GET /ticket2/opencms/nl/buy/?edid=8A787324-CD72-C476-64CB-87071CD71C2F HTTP/1.1" 200 71077
47.128.37.98 - - [29/Jun/2024:00:59:23 +0200] "GET /ticket2/opencms/system/modules/com.gridnine.opencms.ticketbrokerage.site/resources/pics/logo-new.png HTTP/1.1" 200 13541
47.128.37.98 - - [29/Jun/2024:00:59:23 +0200] "GET /ticket2/opencms/system/modules/com.gridnine.opencms.ticketbrokerage.site/resources/pics/bank_2_handelsbanken.png HTTP/1.1" 200 4509
47.128.37.98 - - [29/Jun/2024:00:59:23 +0200] "GET /ticket2/opencms/system/modules/com.gridnine.opencms.ticketbrokerage.site/resources/pics/bank_1_nordea.png HTTP/1.1" 200 4807
47.128.37.98 - - [29/Jun/2024:00:59:23 +0200] "GET /ticket2/opencms/system/modules/com.gridnine.opencms.ticketbrokerage.site/resources/pics/bank_5_visa_mastercard.png HTTP/1.1" 200 8196
47.128.37.98 - - [29/Jun/2024:00:59:23 +0200] "GET /ticket2/opencms/system/modules/com.gridnine.opencms.ticketbrokerage.site/resources/pics/bank_3_swedbank.png HTTP/1.1" 200 5740
47.128.37.98 - - [29/Jun/2024:00:59:23 +0200] "GET /ticket2/opencms/system/modules/com.gridnine.opencms.ticketbrokerage.site/resources/pics/bank_4_seb.png HTTP/1.1" 200 2487
188.165.212.137 - - [29/Jun/2024:00:59:23 +0200] "GET /ticket2/opencms/de/sv/buy/?comcatid=0A6B8208-FDA4-E929-9D72-5312FD481B76&catid=A05A53F7-423D-23BE-575E-EA7B67DE22D9 HTTP/1.1" 404 -
47.128.37.98 - - [29/Jun/2024:00:59:24 +0200] "GET /ticket2/opencms/system/modules/com.gridnine.opencms.ticketbrokerage.site/resources/pics/bank_6_american_express.png HTTP/1.1" 200 5570
37.187.94.3 - - [29/Jun/2024:00:59:27 +0200] "GET /ticket2/opencms/dk/dk/buy/?page=1&edid=846929C4-FDD7-0473-C7C0-A9B2AA08A260&sortorder=desc&column=price HTTP/1.1" 404 -
66.249.76.167 - - [29/Jun/2024:00:59:27 +0200] "GET /ticket2/opencms/sv/sport/fotbollsbiljetter/serie_a/genoa/ HTTP/1.1" 200 73797
114.119.138.151 - - [29/Jun/2024:00:59:35 +0200] "GET /ticket2/opencms/en/buy/?page=1&edid=A65992FA-C69F-7F2B-140A-AAB5DFE65FDB HTTP/1.1" 200 87192
37.187.94.3 - - [29/Jun/2024:00:59:43 +0200] "GET /ticket2/opencms/dk/dk/buy/?page=1&edid=85C1463C-C6EC-8FA2-656A-0E74E524F5AE&sortorder=asc&column=price HTTP/1.1" 404 -
47.128.47.248 - - [29/Jun/2024:00:59:44 +0200] "GET /ticket2/opencms/no/buy/?catid=AE3FE643-AE41-BAA6-237D-5206D1B044A1&comcatid=A17713B6-D984-201A-4143-ED4DB5ED5C2E&page=6 HTTP/1.1" 200 83616
47.128.47.248 - - [29/Jun/2024:00:59:45 +0200] "GET /ticket2/opencms/system/modules/com.gridnine.opencms.ticketbrokerage.site/resources/pics/logo-new.png HTTP/1.1" 200 13541
47.128.47.248 - - [29/Jun/2024:00:59:46 +0200] "GET /ticket2/opencms/system/modules/com.gridnine.opencms.ticketbrokerage.site/resources/pics/bank_2_handelsbanken.png HTTP/1.1" 200 4509
47.128.47.248 - - [29/Jun/2024:00:59:46 +0200] "GET /ticket2/opencms/system/modules/com.gridnine.opencms.ticketbrokerage.site/resources/pics/bank_1_nordea.png HTTP/1.1" 200 4807
47.128.47.248 - - [29/Jun/2024:00:59:46 +0200] "GET /ticket2/opencms/system/modules/com.gridnine.opencms.ticketbrokerage.site/resources/pics/bank_4_seb.png HTTP/1.1" 200 2487
47.128.47.248 - - [29/Jun/2024:00:59:46 +0200] "GET /ticket2/opencms/system/modules/com.gridnine.opencms.ticketbrokerage.site/resources/pics/bank_5_visa_mastercard.png HTTP/1.1" 200 8196
47.128.47.248 - - [29/Jun/2024:00:59:46 +0200] "GET /ticket2/opencms/system/modules/com.gridnine.opencms.ticketbrokerage.site/resources/pics/bank_3_swedbank.png HTTP/1.1" 200 5740
47.128.47.248 - - [29/Jun/2024:00:59:47 +0200] "GET /ticket2/opencms/system/modules/com.gridnine.opencms.ticketbrokerage.site/resources/pics/bank_6_american_express.png HTTP/1.1" 200 5570
66.249.87.201 - - [29/Jun/2024:00:59:49 +0200] "GET /ticket2/opencms/dk/sport/fodboldbilletter/la-liga/ HTTP/1.1" 200 77747
188.165.212.137 - - [29/Jun/2024:00:59:50 +0200] "GET /ticket2/opencms/de/sv/buy/?comcatid=0A6B8208-FDA4-E929-9D72-5312FD481B76&catid=AD8E612F-0F0B-03C9-5236-E4F8B6523945 HTTP/1.1" 404 -
85.208.96.204 - - [29/Jun/2024:00:59:51 +0200] "GET /ticket2/opencms/dk/legal_info/ HTTP/1.1" 200 73064
185.191.171.15 - - [29/Jun/2024:00:59:52 +0200] "GET /ticket2/opencms/robots.txt HTTP/1.1" 200 773
185.191.171.9 - - [29/Jun/2024:00:59:52 +0200] "GET /ticket2/opencms/fi/urheilu/jalkapallo/la-liga/real_betis/ HTTP/1.1" 200 74701
216.244.66.245 - - [29/Jun/2024:00:59:53 +0200] "GET /ticket2/opencms/se/robots.txt HTTP/1.1" 404 -
85.208.96.204 - - [29/Jun/2024:01:00:02 +0200] "GET /ticket2/opencms/sv/musikal/the_lion_king/ HTTP/1.1" 200 73774
51.222.253.2 - - [29/Jun/2024:01:00:05 +0200] "GET /ticket2/opencms/no/buy/?page=6&comcatid=A17713B6-D984-201A-4143-ED4DB5ED5C2E&catid=0A6C99D2-F5BD-7A18-9A5F-5668827042E0&eventid=E1F7E93A-157E-48B5-16F5-20CB837CCB35 HTTP/1.1" 200 100685
188.165.212.137 - - [29/Jun/2024:01:00:08 +0200] "GET /ticket2/opencms/de/sv/buy/?comcatid=0A6B8208-FDA4-E929-9D72-5312FD481B76&catid=CB847559-7ECA-CC50-D7D2-064AF0C06FB1 HTTP/1.1" 404 -
37.187.94.3 - - [29/Jun/2024:01:00:13 +0200] "GET /ticket2/opencms/dk/dk/buy/?page=1&edid=85C1463C-C6EC-8FA2-656A-0E74E524F5AE&sortorder=asc&column=row HTTP/1.1" 404 -
188.165.212.137 - - [29/Jun/2024:01:00:23 +0200] "GET /ticket2/opencms/de/sv/buy/?comcatid=0A6B8208-FDA4-E929-9D72-5312FD481B76&catid=FCA7FF95-260A-464B-B6FF-A820FCE7DFEF HTTP/1.1" 404 -
37.187.94.3 - - [29/Jun/2024:01:00:36 +0200] "GET /ticket2/opencms/dk/dk/buy/?page=1&edid=85C1463C-C6EC-8FA2-656A-0E74E524F5AE&sortorder=asc&column=section HTTP/1.1" 404 -
47.128.58.145 - - [29/Jun/2024:01:00:42 +0200] "GET /ticket2/opencms/fi/venue/?venueid=EAA79C0D-ABC0-4CB3-40C0-8144A46B3F3A HTTP/1.1" 200 72989
47.128.58.145 - - [29/Jun/2024:01:00:42 +0200] "GET /ticket2/opencms/system/modules/com.gridnine.opencms.ticketbrokerage.site/resources/pics/logo-new.png HTTP/1.1" 200 13541
47.128.58.145 - - [29/Jun/2024:01:00:43 +0200] "GET /ticket2/opencms/venue/ewood_park.gif HTTP/1.1" 200 34696
47.128.58.145 - - [29/Jun/2024:01:00:43 +0200] "GET /ticket2/opencms/system/modules/com.gridnine.opencms.ticketbrokerage.site/resources/pics/bank_1_nordea.png HTTP/1.1" 200 4807
47.128.58.145 - - [29/Jun/2024:01:00:43 +0200] "GET /ticket2/opencms/system/modules/com.gridnine.opencms.ticketbrokerage.site/resources/pics/bank_2_handelsbanken.png HTTP/1.1" 200 4509
47.128.58.145 - - [29/Jun/2024:01:00:43 +0200] "GET /ticket2/opencms/system/modules/com.gridnine.opencms.ticketbrokerage.site/resources/pics/bank_3_swedbank.png HTTP/1.1" 200 5740
47.128.58.145 - - [29/Jun/2024:01:00:43 +0200] "GET /ticket2/opencms/system/modules/com.gridnine.opencms.ticketbrokerage.site/resources/pics/bank_4_seb.png HTTP/1.1" 200 2487
47.128.58.145 - - [29/Jun/2024:01:00:43 +0200] "GET /ticket2/opencms/system/modules/com.gridnine.opencms.ticketbrokerage.site/resources/pics/bank_5_visa_mastercard.png HTTP/1.1" 200 8196
47.128.58.145 - - [29/Jun/2024:01:00:44 +0200] "GET /ticket2/opencms/system/modules/com.gridnine.opencms.ticketbrokerage.site/resources/pics/bank_6_american_express.png HTTP/1.1" 200 5570
188.165.212.137 - - [29/Jun/2024:01:00:45 +0200] "GET /ticket2/opencms/de/sv/buy/?comcatid=66708183-7480-3365-06BF-DBF60280AB45&catid=05A94519-01D1-C86F-9031-84936B0B9DAE HTTP/1.1" 404 -
37.187.94.3 - - [29/Jun/2024:01:00:55 +0200] "GET /ticket2/opencms/dk/dk/buy/?page=1&edid=85D85DE7-7E33-49D9-3EB3-5BCB430E9732&sortorder=asc&column=price HTTP/1.1" 404 -
216.245.221.83 - - [29/Jun/2024:01:00:56 +0200] "HEAD /ticket2/opencms/ HTTP/1.1" 302 -
216.245.221.83 - - [29/Jun/2024:01:01:00 +0200] "HEAD /ticket2/opencms/en/ HTTP/1.1" 200 -
188.165.212.137 - - [29/Jun/2024:01:01:08 +0200] "GET /ticket2/opencms/de/sv/buy/?comcatid=66708183-7480-3365-06BF-DBF60280AB45&catid=30D5812D-0858-4843-8F45-C38AE504153C HTTP/1.1" 404 -
51.222.253.13 - - [29/Jun/2024:01:01:15 +0200] "GET /ticket2/opencms/nl/buy/?page=6&comcatid=97ECA65A-72DA-F9AF-9DBB-245D3CFED1BE&catid=F7FF413B-5FDF-82CF-E5BB-CD4AB6027974 HTTP/1.1" 200 76021
37.187.94.3 - - [29/Jun/2024:01:01:26 +0200] "GET /ticket2/opencms/dk/dk/buy/?page=1&edid=85D85DE7-7E33-49D9-3EB3-5BCB430E9732&sortorder=asc&column=row HTTP/1.1" 404 -
188.165.212.137 - - [29/Jun/2024:01:01:26 +0200] "GET /ticket2/opencms/de/sv/buy/?comcatid=66708183-7480-3365-06BF-DBF60280AB45&catid=8C381435-A1E8-94AF-2C58-D133FCA44A31 HTTP/1.1" 404 -
66.249.76.161 - - [29/Jun/2024:01:01:27 +0200] "GET /ticket2/opencms/es/sport/entradas-futbol/premier-league/liverpool/ HTTP/1.1" 404 -
47.128.34.151 - - [29/Jun/2024:01:01:37 +0200] "GET /ticket2/opencms/fi/venue/?venueid=E1A95987-A971-1F0D-D591-61D0CF30E07F HTTP/1.1" 200 72932
47.128.34.151 - - [29/Jun/2024:01:01:38 +0200] "GET /ticket2/opencms/system/modules/com.gridnine.opencms.ticketbrokerage.site/resources/pics/logo-new.png HTTP/1.1" 200 13541
47.128.34.151 - - [29/Jun/2024:01:01:38 +0200] "GET /ticket2/opencms/system/modules/com.gridnine.opencms.ticketbrokerage.site/resources/pics/bank_2_handelsbanken.png HTTP/1.1" 200 4509
47.128.34.151 - - [29/Jun/2024:01:01:39 +0200] "GET /ticket2/opencms/system/modules/com.gridnine.opencms.ticketbrokerage.site/resources/pics/bank_4_seb.png HTTP/1.1" 200 2487
47.128.34.151 - - [29/Jun/2024:01:01:39 +0200] "GET /ticket2/opencms/system/modules/com.gridnine.opencms.ticketbrokerage.site/resources/pics/bank_3_swedbank.png HTTP/1.1" 200 5740
47.128.34.151 - - [29/Jun/2024:01:01:39 +0200] "GET /ticket2/opencms/system/modules/com.gridnine.opencms.ticketbrokerage.site/resources/pics/bank_6_american_express.png HTTP/1.1" 200 5570
47.128.34.151 - - [29/Jun/2024:01:01:39 +0200] "GET /ticket2/opencms/system/modules/com.gridnine.opencms.ticketbrokerage.site/resources/pics/bank_1_nordea.png HTTP/1.1" 200 4807
47.128.34.151 - - [29/Jun/2024:01:01:39 +0200] "GET /ticket2/opencms/system/modules/com.gridnine.opencms.ticketbrokerage.site/resources/pics/bank_5_visa_mastercard.png HTTP/1.1" 200 8196
47.128.113.165 - - [29/Jun/2024:01:01:41 +0200] "GET /ticket2/opencms/fi/buy/?edid=37E2A4DD-118F-C378-83A2-20232412AB9C HTTP/1.1" 200 73261
47.128.113.165 - - [29/Jun/2024:01:01:42 +0200] "GET /ticket2/opencms/system/modules/com.gridnine.opencms.ticketbrokerage.site/resources/pics/logo-new.png HTTP/1.1" 200 13541
188.165.212.137 - - [29/Jun/2024:01:01:42 +0200] "GET /ticket2/opencms/de/sv/buy/?comcatid=810BB404-4103-77F2-A6C2-12D5E6C338E2&catid=95AE85B5-8979-BB11-643C-430ACC6D50F9 HTTP/1.1" 404 -
47.128.113.165 - - [29/Jun/2024:01:01:42 +0200] "GET /ticket2/opencms/system/modules/com.gridnine.opencms.ticketbrokerage.site/resources/pics/bank_1_nordea.png HTTP/1.1" 200 4807
47.128.113.165 - - [29/Jun/2024:01:01:43 +0200] "GET /ticket2/opencms/system/modules/com.gridnine.opencms.ticketbrokerage.site/resources/pics/bank_2_handelsbanken.png HTTP/1.1" 200 4509
47.128.113.165 - - [29/Jun/2024:01:01:43 +0200] "GET /ticket2/opencms/system/modules/com.gridnine.opencms.ticketbrokerage.site/resources/pics/bank_3_swedbank.png HTTP/1.1" 200 5740
47.128.113.165 - - [29/Jun/2024:01:01:43 +0200] "GET /ticket2/opencms/system/modules/com.gridnine.opencms.ticketbrokerage.site/resources/pics/bank_4_seb.png HTTP/1.1" 200 2487
47.128.113.165 - - [29/Jun/2024:01:01:43 +0200] "GET /ticket2/opencms/system/modules/com.gridnine.opencms.ticketbrokerage.site/resources/pics/bank_6_american_express.png HTTP/1.1" 200 5570
47.128.113.165 - - [29/Jun/2024:01:01:43 +0200] "GET /ticket2/opencms/system/modules/com.gridnine.opencms.ticketbrokerage.site/resources/pics/bank_5_visa_mastercard.png HTTP/1.1" 200 8196
37.187.94.3 - - [29/Jun/2024:01:01:44 +0200] "GET /ticket2/opencms/dk/dk/buy/?page=1&edid=8606E56E-9AC4-DAC2-29EF-4288C9F2BFC5&sortorder=desc&column=price HTTP/1.1" 404 -
185.191.171.14 - - [29/Jun/2024:01:01:45 +0200] "GET /ticket2/opencms/sv/sport/fotbollsbiljetter/english-championship/watford/ HTTP/1.1" 200 73591
85.208.96.203 - - [29/Jun/2024:01:02:00 +0200] "GET /ticket2/opencms/sv/sport/fotbollsbiljetter/uefa-champions-league/lazio/ HTTP/1.1" 200 73725
37.187.94.3 - - [29/Jun/2024:01:02:03 +0200] "GET /ticket2/opencms/dk/dk/buy/?page=1&edid=86D58C3C-F0C0-B63F-E2F8-CD47A83E5E88&sortorder=desc&column=price HTTP/1.1" 404 -
188.165.212.137 - - [29/Jun/2024:01:02:06 +0200] "GET /ticket2/opencms/de/sv/buy/?comcatid=97ECA65A-72DA-F9AF-9DBB-245D3CFED1BE&catid=078F99D4-0B9E-E323-5A07-D7B70F6E8874 HTTP/1.1" 404 -
185.191.171.17 - - [29/Jun/2024:01:02:11 +0200] "GET /ticket2/opencms/de/sport/fussball-tickets/serie_a/napoli/ HTTP/1.1" 200 76165
37.187.94.3 - - [29/Jun/2024:01:02:24 +0200] "GET /ticket2/opencms/dk/dk/buy/?page=1&edid=870139C6-530A-636D-1EEE-D550E3B89162&sortorder=asc&column=row HTTP/1.1" 404 -
188.165.212.137 - - [29/Jun/2024:01:02:24 +0200] "GET /ticket2/opencms/de/sv/buy/?comcatid=97ECA65A-72DA-F9AF-9DBB-245D3CFED1BE&catid=1656E964-1E02-9A38-D092-65384E60B6EA HTTP/1.1" 404 -
52.167.144.166 - - [29/Jun/2024:01:02:28 +0200] "GET /ticket2/opencms/no/venue/?venueid=9106BE2A-595F-088E-C676-3C2DCBD74D16 HTTP/1.1" 200 72715
51.222.253.8 - - [29/Jun/2024:01:02:30 +0200] "GET /ticket2/opencms/nl/buy/?page=6&comcatid=97ECA65A-72DA-F9AF-9DBB-245D3CFED1BE&catid=F7F89B9B-6697-7881-54AE-4C39276BF1B8 HTTP/1.1" 200 76027
47.128.19.229 - - [29/Jun/2024:01:02:32 +0200] "GET /ticket2/opencms/fi/venue/?countryid=08F91625-8D0D-C389-E632-ABC46886787C HTTP/1.1" 200 102292
47.128.19.229 - - [29/Jun/2024:01:02:33 +0200] "GET /ticket2/opencms/system/modules/com.gridnine.opencms.ticketbrokerage.site/resources/pics/logo-new.png HTTP/1.1" 200 13541
47.128.19.229 - - [29/Jun/2024:01:02:33 +0200] "GET /ticket2/opencms/system/modules/com.gridnine.opencms.ticketbrokerage.site/resources/pics/bank_5_visa_mastercard.png HTTP/1.1" 200 8196
47.128.19.229 - - [29/Jun/2024:01:02:34 +0200] "GET /ticket2/opencms/system/modules/com.gridnine.opencms.ticketbrokerage.site/resources/pics/bank_6_american_express.png HTTP/1.1" 200 5570
47.128.19.229 - - [29/Jun/2024:01:02:34 +0200] "GET /ticket2/opencms/system/modules/com.gridnine.opencms.ticketbrokerage.site/resources/pics/bank_2_handelsbanken.png HTTP/1.1" 200 4509
47.128.19.229 - - [29/Jun/2024:01:02:34 +0200] "GET /ticket2/opencms/system/modules/com.gridnine.opencms.ticketbrokerage.site/resources/pics/bank_3_swedbank.png HTTP/1.1" 200 5740
47.128.19.229 - - [29/Jun/2024:01:02:34 +0200] "GET /ticket2/opencms/system/modules/com.gridnine.opencms.ticketbrokerage.site/resources/pics/bank_4_seb.png HTTP/1.1" 200 2487
47.128.19.229 - - [29/Jun/2024:01:02:34 +0200] "GET /ticket2/opencms/system/modules/com.gridnine.opencms.ticketbrokerage.site/resources/pics/bank_1_nordea.png HTTP/1.1" 200 4807
216.245.221.83 - - [29/Jun/2024:01:02:39 +0200] "HEAD /ticket2/opencms/ HTTP/1.1" 302 -
216.245.221.83 - - [29/Jun/2024:01:02:39 +0200] "HEAD /ticket2/opencms/en/ HTTP/1.1" 200 -
188.165.212.137 - - [29/Jun/2024:01:02:42 +0200] "GET /ticket2/opencms/de/sv/buy/?comcatid=97ECA65A-72DA-F9AF-9DBB-245D3CFED1BE&catid=2CCC191C-F37F-B9CA-D41C-1204E575B328 HTTP/1.1" 404 -
37.187.94.3 - - [29/Jun/2024:01:02:42 +0200] "GET /ticket2/opencms/dk/dk/buy/?page=1&edid=870139C6-530A-636D-1EEE-D550E3B89162&sortorder=asc&column=section HTTP/1.1" 404 -
188.165.212.137 - - [29/Jun/2024:01:02:55 +0200] "GET /ticket2/opencms/de/sv/buy/?comcatid=97ECA65A-72DA-F9AF-9DBB-245D3CFED1BE&catid=2E79AED8-FF58-B4E8-AFB0-43E7CEBE7864 HTTP/1.1" 404 -
37.187.94.3 - - [29/Jun/2024:01:02:59 +0200] "GET /ticket2/opencms/dk/dk/buy/?page=1&edid=870139C6-530A-636D-1EEE-D550E3B89162&sortorder=desc&column=row HTTP/1.1" 404 -
188.165.212.137 - - [29/Jun/2024:01:03:11 +0200] "GET /ticket2/opencms/de/sv/buy/?comcatid=97ECA65A-72DA-F9AF-9DBB-245D3CFED1BE&catid=43171577-14C8-6B19-25D9-DF372BFFCBFA HTTP/1.1" 404 -
37.187.94.3 - - [29/Jun/2024:01:03:18 +0200] "GET /ticket2/opencms/dk/dk/buy/?page=1&edid=8708166C-A68B-329E-FCEA-CB568697383B&sortorder=asc&column=price HTTP/1.1" 404 -
188.165.212.137 - - [29/Jun/2024:01:03:27 +0200] "GET /ticket2/opencms/de/sv/buy/?comcatid=97ECA65A-72DA-F9AF-9DBB-245D3CFED1BE&catid=4C4DADF0-07CC-9B24-D2D9-940EF378BE99 HTTP/1.1" 404 -
47.128.54.149 - - [29/Jun/2024:01:03:29 +0200] "GET /ticket2/opencms/fi/venue/?venueid=F547B08D-C839-63CC-DDB8-9139B0448DEC HTTP/1.1" 200 72909
66.249.75.107 - - [29/Jun/2024:01:03:29 +0200] "GET /ticket2/opencms/en/venue/?countryid=656DB01E-8560-3560-F23F-27BC90E7C03C HTTP/1.1" 200 100730
47.128.54.149 - - [29/Jun/2024:01:03:30 +0200] "GET /ticket2/opencms/system/modules/com.gridnine.opencms.ticketbrokerage.site/resources/pics/logo-new.png HTTP/1.1" 200 13541
66.249.75.169 - - [29/Jun/2024:01:03:30 +0200] "GET /ticket2/opencms/nl/buy/?page=1&edid=17FCF75B-5941-6553-7E99-DDA280BBDB43 HTTP/1.1" 200 109661
47.128.54.149 - - [29/Jun/2024:01:03:30 +0200] "GET /ticket2/opencms/system/modules/com.gridnine.opencms.ticketbrokerage.site/resources/pics/bank_2_handelsbanken.png HTTP/1.1" 200 4509
47.128.54.149 - - [29/Jun/2024:01:03:30 +0200] "GET /ticket2/opencms/system/modules/com.gridnine.opencms.ticketbrokerage.site/resources/pics/bank_1_nordea.png HTTP/1.1" 200 4807
47.128.54.149 - - [29/Jun/2024:01:03:30 +0200] "GET /ticket2/opencms/system/modules/com.gridnine.opencms.ticketbrokerage.site/resources/pics/bank_6_american_express.png HTTP/1.1" 200 5570
47.128.54.149 - - [29/Jun/2024:01:03:30 +0200] "GET /ticket2/opencms/system/modules/com.gridnine.opencms.ticketbrokerage.site/resources/pics/bank_4_seb.png HTTP/1.1" 200 2487
47.128.54.149 - - [29/Jun/2024:01:03:31 +0200] "GET /ticket2/opencms/system/modules/com.gridnine.opencms.ticketbrokerage.site/resources/pics/bank_3_swedbank.png HTTP/1.1" 200 5740
47.128.54.149 - - [29/Jun/2024:01:03:31 +0200] "GET /ticket2/opencms/system/modules/com.gridnine.opencms.ticketbrokerage.site/resources/pics/bank_5_visa_mastercard.png HTTP/1.1" 200 8196
66.249.76.160 - - [29/Jun/2024:01:03:32 +0200] "GET /ticket2/opencms/fi/buy/?page=1&edid=39289D35-63FA-63A2-5B00-1BD8BF9346B7 HTTP/1.1" 200 112399
66.249.75.162 - - [29/Jun/2024:01:03:33 +0200] "GET /ticket2/opencms/dk/venue/?venueid=C26446A4-8872-48CD-CA86-62157D64B3E9 HTTP/1.1" 200 71794
37.187.94.3 - - [29/Jun/2024:01:03:34 +0200] "GET /ticket2/opencms/dk/dk/buy/?page=1&edid=87458B4C-5727-54F1-FD94-C447B142765E&sortorder=asc&column=price HTTP/1.1" 404 -
185.191.171.18 - - [29/Jun/2024:01:03:40 +0200] "GET /ticket2/opencms/sv/sport/fotbollsbiljetter/english-championship/west_bromwich/ HTTP/1.1" 200 73690
47.128.114.184 - - [29/Jun/2024:01:03:40 +0200] "GET /ticket2/opencms/nl/buy/?comcatid=B41CCF2B-5558-7AEE-3602-09BBDE417D65 HTTP/1.1" 200 73360
47.128.114.184 - - [29/Jun/2024:01:03:41 +0200] "GET /ticket2/opencms/system/modules/com.gridnine.opencms.ticketbrokerage.site/resources/pics/logo-new.png HTTP/1.1" 200 13541
47.128.114.184 - - [29/Jun/2024:01:03:41 +0200] "GET /ticket2/opencms/system/modules/com.gridnine.opencms.ticketbrokerage.site/resources/pics/bank_1_nordea.png HTTP/1.1" 200 4807
47.128.114.184 - - [29/Jun/2024:01:03:42 +0200] "GET /ticket2/opencms/system/modules/com.gridnine.opencms.ticketbrokerage.site/resources/pics/bank_3_swedbank.png HTTP/1.1" 200 5740
47.128.114.184 - - [29/Jun/2024:01:03:42 +0200] "GET /ticket2/opencms/system/modules/com.gridnine.opencms.ticketbrokerage.site/resources/pics/bank_5_visa_mastercard.png HTTP/1.1" 200 8196
47.128.114.184 - - [29/Jun/2024:01:03:42 +0200] "GET /ticket2/opencms/system/modules/com.gridnine.opencms.ticketbrokerage.site/resources/pics/bank_4_seb.png HTTP/1.1" 200 2487
47.128.114.184 - - [29/Jun/2024:01:03:42 +0200] "GET /ticket2/opencms/system/modules/com.gridnine.opencms.ticketbrokerage.site/resources/pics/bank_2_handelsbanken.png HTTP/1.1" 200 4509
47.128.114.184 - - [29/Jun/2024:01:03:42 +0200] "GET /ticket2/opencms/system/modules/com.gridnine.opencms.ticketbrokerage.site/resources/pics/bank_6_american_express.png HTTP/1.1" 200 5570
69.118.198.128 - - [29/Jun/2024:01:03:42 +0200] "GET /ticket2/opencms/ HTTP/1.1" 302 -
69.118.198.128 - - [29/Jun/2024:01:03:42 +0200] "GET /ticket2/opencms/en/ HTTP/1.1" 200 91208
188.165.212.137 - - [29/Jun/2024:01:03:43 +0200] "GET /ticket2/opencms/de/sv/buy/?comcatid=97ECA65A-72DA-F9AF-9DBB-245D3CFED1BE&catid=55D1256D-BDD9-CBA3-47A3-0A252F702555 HTTP/1.1" 404 -
114.119.145.88 - - [29/Jun/2024:01:03:46 +0200] "GET /ticket2/opencms/en/buy/?page=1&edid=8777FDBE-F882-CD90-91A2-64E3F1706E23 HTTP/1.1" 200 88023
51.222.253.3 - - [29/Jun/2024:01:03:46 +0200] "GET /ticket2/opencms/nl/buy/?page=6&comcatid=97ECA65A-72DA-F9AF-9DBB-245D3CFED1BE&catid=F4D223A4-C027-46DC-3DE5-726A23E30A62 HTTP/1.1" 200 76021
37.187.94.3 - - [29/Jun/2024:01:03:51 +0200] "GET /ticket2/opencms/dk/dk/buy/?page=1&edid=87CAF22F-6B86-730F-E187-714E94ED2894&sortorder=asc&column=section HTTP/1.1" 404 -
47.128.22.167 - - [29/Jun/2024:01:03:59 +0200] "GET /ticket2/opencms/nl/buy/?edid=24658CB7-0503-4139-A73F-444B9F961692 HTTP/1.1" 200 71077
47.128.22.167 - - [29/Jun/2024:01:04:01 +0200] "GET /ticket2/opencms/system/modules/com.gridnine.opencms.ticketbrokerage.site/resources/pics/bank_5_visa_mastercard.png HTTP/1.1" 200 8196
47.128.22.167 - - [29/Jun/2024:01:04:01 +0200] "GET /ticket2/opencms/system/modules/com.gridnine.opencms.ticketbrokerage.site/resources/pics/logo-new.png HTTP/1.1" 200 13541
47.128.22.167 - - [29/Jun/2024:01:04:01 +0200] "GET /ticket2/opencms/system/modules/com.gridnine.opencms.ticketbrokerage.site/resources/pics/bank_3_swedbank.png HTTP/1.1" 200 5740
47.128.22.167 - - [29/Jun/2024:01:04:01 +0200] "GET /ticket2/opencms/system/modules/com.gridnine.opencms.ticketbrokerage.site/resources/pics/bank_2_handelsbanken.png HTTP/1.1" 200 4509
47.128.22.167 - - [29/Jun/2024:01:04:01 +0200] "GET /ticket2/opencms/system/modules/com.gridnine.opencms.ticketbrokerage.site/resources/pics/bank_1_nordea.png HTTP/1.1" 200 4807
47.128.22.167 - - [29/Jun/2024:01:04:02 +0200] "GET /ticket2/opencms/system/modules/com.gridnine.opencms.ticketbrokerage.site/resources/pics/bank_4_seb.png HTTP/1.1" 200 2487
47.128.22.167 - - [29/Jun/2024:01:04:02 +0200] "GET /ticket2/opencms/system/modules/com.gridnine.opencms.ticketbrokerage.site/resources/pics/bank_6_american_express.png HTTP/1.1" 200 5570
188.165.212.137 - - [29/Jun/2024:01:04:10 +0200] "GET /ticket2/opencms/de/sv/buy/?comcatid=97ECA65A-72DA-F9AF-9DBB-245D3CFED1BE&catid=6CD184E8-C8D4-E1CC-33D0-6F47E3751240 HTTP/1.1" 404 -
37.187.94.3 - - [29/Jun/2024:01:04:13 +0200] "GET /ticket2/opencms/dk/dk/buy/?page=1&edid=87CAF22F-6B86-730F-E187-714E94ED2894&sortorder=desc&column=price HTTP/1.1" 404 -
40.77.167.67 - - [29/Jun/2024:01:04:24 +0200] "GET /ticket2/opencms/dk/buy?page=1&edid=d11d82d4-28da-1768-d317-ef521a2f97e6 HTTP/1.1" 200 31
47.128.47.10 - - [29/Jun/2024:01:04:25 +0200] "GET /ticket2/opencms/fi/venue/?venueid=498C90F3-607E-EF53-F9E3-58E2CED85E08 HTTP/1.1" 200 72896
47.128.47.10 - - [29/Jun/2024:01:04:26 +0200] "GET /ticket2/opencms/system/modules/com.gridnine.opencms.ticketbrokerage.site/resources/pics/logo-new.png HTTP/1.1" 200 13541
47.128.47.10 - - [29/Jun/2024:01:04:26 +0200] "GET /ticket2/opencms/system/modules/com.gridnine.opencms.ticketbrokerage.site/resources/pics/bank_1_nordea.png HTTP/1.1" 200 4807
47.128.47.10 - - [29/Jun/2024:01:04:27 +0200] "GET /ticket2/opencms/system/modules/com.gridnine.opencms.ticketbrokerage.site/resources/pics/bank_2_handelsbanken.png HTTP/1.1" 200 4509
47.128.47.10 - - [29/Jun/2024:01:04:27 +0200] "GET /ticket2/opencms/system/modules/com.gridnine.opencms.ticketbrokerage.site/resources/pics/bank_5_visa_mastercard.png HTTP/1.1" 200 8196
47.128.47.10 - - [29/Jun/2024:01:04:27 +0200] "GET /ticket2/opencms/system/modules/com.gridnine.opencms.ticketbrokerage.site/resources/pics/bank_4_seb.png HTTP/1.1" 200 2487
47.128.47.10 - - [29/Jun/2024:01:04:27 +0200] "GET /ticket2/opencms/system/modules/com.gridnine.opencms.ticketbrokerage.site/resources/pics/bank_6_american_express.png HTTP/1.1" 200 5570
47.128.47.10 - - [29/Jun/2024:01:04:27 +0200] "GET /ticket2/opencms/system/modules/com.gridnine.opencms.ticketbrokerage.site/resources/pics/bank_3_swedbank.png HTTP/1.1" 200 5740
188.165.212.137 - - [29/Jun/2024:01:04:33 +0200] "GET /ticket2/opencms/de/sv/buy/?comcatid=97ECA65A-72DA-F9AF-9DBB-245D3CFED1BE&catid=757E2DFB-33DA-9B34-8402-9F06B19D8409 HTTP/1.1" 404 -
37.187.94.3 - - [29/Jun/2024:01:04:34 +0200] "GET /ticket2/opencms/dk/dk/buy/?page=1&edid=87CAF22F-6B86-730F-E187-714E94ED2894&sortorder=desc&column=section HTTP/1.1" 404 -
114.119.132.248 - - [29/Jun/2024:01:04:34 +0200] "GET /ticket2/opencms/en/buy/?page=1&edid=A5A2F9A3-BF7D-F943-55B8-DDAF04F1CD8B HTTP/1.1" 200 85183
66.249.75.105 - - [29/Jun/2024:01:04:35 +0200] "GET /ticket2/opencms/en/venue/?venueid=D31B494E-29D2-BF7C-6AAE-E87A4373A889 HTTP/1.1" 200 71350
66.249.69.142 - - [29/Jun/2024:01:04:36 +0200] "GET /ticket2/opencms/en/login HTTP/1.1" 200 73431
185.191.171.17 - - [29/Jun/2024:01:04:36 +0200] "GET /ticket2/opencms/de/sport/fussball-tickets/premier_league/newcastle-united/ HTTP/1.1" 200 87526
37.187.94.3 - - [29/Jun/2024:01:04:48 +0200] "GET /ticket2/opencms/dk/dk/buy/?page=1&edid=8867FCC5-91CC-4F4B-65F3-12F18C7B3482 HTTP/1.1" 404 -
188.165.212.137 - - [29/Jun/2024:01:04:52 +0200] "GET /ticket2/opencms/de/sv/buy/?comcatid=97ECA65A-72DA-F9AF-9DBB-245D3CFED1BE&catid=7D3BEF66-5D88-3916-5B89-0E7B139E0169 HTTP/1.1" 404 -
37.187.94.3 - - [29/Jun/2024:01:04:55 +0200] "GET /ticket2/opencms/dk/dk/buy/?page=1&edid=8871F39D-CC75-6BEB-E911-E7E368F4B404&sortorder=asc&column=price HTTP/1.1" 404 -
51.222.253.12 - - [29/Jun/2024:01:04:57 +0200] "GET /ticket2/opencms/nl/buy/?page=6&comcatid=97ECA65A-72DA-F9AF-9DBB-245D3CFED1BE&catid=E3105E1E-3982-291E-5523-1C1DF161E9B7 HTTP/1.1" 200 76024
37.187.94.3 - - [29/Jun/2024:01:05:03 +0200] "GET /ticket2/opencms/dk/dk/buy/?page=1&edid=8871F39D-CC75-6BEB-E911-E7E368F4B404&sortorder=desc&column=price HTTP/1.1" 404 -
37.187.94.3 - - [29/Jun/2024:01:05:14 +0200] "GET /ticket2/opencms/dk/dk/buy/?page=1&edid=8871F39D-CC75-6BEB-E911-E7E368F4B404&sortorder=desc&column=row HTTP/1.1" 404 -
185.191.171.13 - - [29/Jun/2024:01:05:18 +0200] "GET /ticket2/opencms/sv/sport/fotbollsbiljetter/la_liga/real_betis/ HTTP/1.1" 200 73807
47.128.112.114 - - [29/Jun/2024:01:05:21 +0200] "GET /ticket2/opencms/nl/buy/?catid=06324577-7173-BAB0-146D-E644C912F7C1&comcatid=A17713B6-D984-201A-4143-ED4DB5ED5C2E HTTP/1.1" 200 81255
47.128.112.114 - - [29/Jun/2024:01:05:22 +0200] "GET /ticket2/opencms/system/modules/com.gridnine.opencms.ticketbrokerage.site/resources/pics/logo-new.png HTTP/1.1" 200 13541
87.121.69.27 - - [29/Jun/2024:01:05:22 +0200] "CONNECT google.com:443 HTTP/1.1" 400 -
47.128.112.114 - - [29/Jun/2024:01:05:22 +0200] "GET /ticket2/opencms/system/modules/com.gridnine.opencms.ticketbrokerage.site/resources/pics/bank_1_nordea.png HTTP/1.1" 200 4807
47.128.112.114 - - [29/Jun/2024:01:05:22 +0200] "GET /ticket2/opencms/system/modules/com.gridnine.opencms.ticketbrokerage.site/resources/pics/bank_2_handelsbanken.png HTTP/1.1" 200 4509
47.128.112.114 - - [29/Jun/2024:01:05:23 +0200] "GET /ticket2/opencms/system/modules/com.gridnine.opencms.ticketbrokerage.site/resources/pics/bank_4_seb.png HTTP/1.1" 200 2487
47.128.112.114 - - [29/Jun/2024:01:05:23 +0200] "GET /ticket2/opencms/system/modules/com.gridnine.opencms.ticketbrokerage.site/resources/pics/bank_3_swedbank.png HTTP/1.1" 200 5740
47.128.112.114 - - [29/Jun/2024:01:05:23 +0200] "GET /ticket2/opencms/system/modules/com.gridnine.opencms.ticketbrokerage.site/resources/pics/bank_5_visa_mastercard.png HTTP/1.1" 200 8196
47.128.112.114 - - [29/Jun/2024:01:05:23 +0200] "GET /ticket2/opencms/system/modules/com.gridnine.opencms.ticketbrokerage.site/resources/pics/bank_6_american_express.png HTTP/1.1" 200 5570
37.187.94.3 - - [29/Jun/2024:01:05:24 +0200] "GET /ticket2/opencms/dk/dk/buy/?page=1&edid=8871F39D-CC75-6BEB-E911-E7E368F4B404&sortorder=desc&column=section HTTP/1.1" 404 -
188.165.212.137 - - [29/Jun/2024:01:05:31 +0200] "GET /ticket2/opencms/de/sv/buy/?comcatid=97ECA65A-72DA-F9AF-9DBB-245D3CFED1BE&catid=81B744E7-1FEE-E757-C0AB-C7AF73CDE252 HTTP/1.1" 404 -
37.187.94.3 - - [29/Jun/2024:01:05:33 +0200] "GET /ticket2/opencms/dk/dk/buy/?page=1&edid=889C9463-BBA3-1D11-009F-87281E33A43C&sortorder=asc&column=section HTTP/1.1" 404 -
52.167.144.145 - - [29/Jun/2024:01:05:39 +0200] "GET /ticket2/opencms/sv/buy/?page=1&edid=9636CC21-8010-6BBA-8D7C-44D13F704065 HTTP/1.1" 200 88583
37.187.94.3 - - [29/Jun/2024:01:05:44 +0200] "GET /ticket2/opencms/dk/dk/buy/?page=1&edid=889C9463-BBA3-1D11-009F-87281E33A43C&sortorder=desc&column=price HTTP/1.1" 404 -
37.187.94.3 - - [29/Jun/2024:01:05:53 +0200] "GET /ticket2/opencms/dk/dk/buy/?page=1&edid=889C9463-BBA3-1D11-009F-87281E33A43C&sortorder=desc&column=row HTTP/1.1" 404 -
216.245.221.83 - - [29/Jun/2024:01:05:56 +0200] "HEAD /ticket2/opencms/ HTTP/1.1" 302 -
188.165.212.137 - - [29/Jun/2024:01:05:59 +0200] "GET /ticket2/opencms/de/sv/buy/?comcatid=97ECA65A-72DA-F9AF-9DBB-245D3CFED1BE&catid=8732E72C-A028-EA8C-4D4D-DEB44E2A28A8 HTTP/1.1" 404 -
216.245.221.83 - - [29/Jun/2024:01:05:59 +0200] "HEAD /ticket2/opencms/en/ HTTP/1.1" 200 -
37.187.94.3 - - [29/Jun/2024:01:06:00 +0200] "GET /ticket2/opencms/dk/dk/buy/?page=1&edid=889C9463-BBA3-1D11-009F-87281E33A43C&sortorder=desc&column=section HTTP/1.1" 404 -
51.222.253.12 - - [29/Jun/2024:01:06:06 +0200] "GET /ticket2/opencms/nl/buy/?comcatid=A17713B6-D984-201A-4143-ED4DB5ED5C2E&catid=061607E6-22B7-6FFA-03FD-A4B8B13A943F HTTP/1.1" 200 81242
37.187.94.3 - - [29/Jun/2024:01:06:06 +0200] "GET /ticket2/opencms/dk/dk/buy/?page=1&edid=88A8445D-E9E2-799A-4B22-B1645A6F3E76&sortorder=asc&column=row HTTP/1.1" 404 -
37.187.94.3 - - [29/Jun/2024:01:06:13 +0200] "GET /ticket2/opencms/dk/dk/buy/?page=1&edid=88AE85E3-914C-45FF-C0A8-644BDD25A487&sortorder=desc&column=price HTTP/1.1" 404 -
47.128.121.158 - - [29/Jun/2024:01:06:15 +0200] "GET /ticket2/opencms/nl/buy/?edid=B9A56D83-AD94-045F-A8C5-86B02F52A7C5 HTTP/1.1" 200 71077
47.128.121.158 - - [29/Jun/2024:01:06:16 +0200] "GET /ticket2/opencms/system/modules/com.gridnine.opencms.ticketbrokerage.site/resources/js/jquery.fancybox.pack.js HTTP/1.1" 200 23187
47.128.121.158 - - [29/Jun/2024:01:06:16 +0200] "GET /ticket2/opencms/system/modules/com.gridnine.opencms.ticketbrokerage.site/resources/pics/logo-new.png HTTP/1.1" 200 13541
47.128.121.158 - - [29/Jun/2024:01:06:17 +0200] "GET /ticket2/opencms/system/modules/com.gridnine.opencms.ticketbrokerage.site/resources/pics/bank_1_nordea.png HTTP/1.1" 200 4807
47.128.121.158 - - [29/Jun/2024:01:06:17 +0200] "GET /ticket2/opencms/system/modules/com.gridnine.opencms.ticketbrokerage.site/resources/pics/bank_4_seb.png HTTP/1.1" 200 2487
47.128.121.158 - - [29/Jun/2024:01:06:17 +0200] "GET /ticket2/opencms/system/modules/com.gridnine.opencms.ticketbrokerage.site/resources/pics/bank_2_handelsbanken.png HTTP/1.1" 200 4509
47.128.121.158 - - [29/Jun/2024:01:06:17 +0200] "GET /ticket2/opencms/system/modules/com.gridnine.opencms.ticketbrokerage.site/resources/pics/bank_5_visa_mastercard.png HTTP/1.1" 200 8196
47.128.121.158 - - [29/Jun/2024:01:06:17 +0200] "GET /ticket2/opencms/system/modules/com.gridnine.opencms.ticketbrokerage.site/resources/pics/bank_3_swedbank.png HTTP/1.1" 200 5740
47.128.121.158 - - [29/Jun/2024:01:06:17 +0200] "GET /ticket2/opencms/system/modules/com.gridnine.opencms.ticketbrokerage.site/resources/pics/bank_6_american_express.png HTTP/1.1" 200 5570
47.128.119.123 - - [29/Jun/2024:01:06:18 +0200] "GET /ticket2/opencms/fi/venue/?countryid=9F976644-D811-1E5C-8CA5-C3CE6B3B71EB HTTP/1.1" 200 102292
47.128.119.123 - - [29/Jun/2024:01:06:19 +0200] "GET /ticket2/opencms/system/modules/com.gridnine.opencms.ticketbrokerage.site/resources/pics/logo-new.png HTTP/1.1" 200 13541
47.128.119.123 - - [29/Jun/2024:01:06:19 +0200] "GET /ticket2/opencms/system/modules/com.gridnine.opencms.ticketbrokerage.site/resources/pics/bank_1_nordea.png HTTP/1.1" 200 4807
37.187.94.3 - - [29/Jun/2024:01:06:19 +0200] "GET /ticket2/opencms/dk/dk/buy/?page=1&edid=88AE85E3-914C-45FF-C0A8-644BDD25A487&sortorder=desc&column=section HTTP/1.1" 404 -
47.128.119.123 - - [29/Jun/2024:01:06:20 +0200] "GET /ticket2/opencms/system/modules/com.gridnine.opencms.ticketbrokerage.site/resources/pics/bank_2_handelsbanken.png HTTP/1.1" 200 4509
47.128.119.123 - - [29/Jun/2024:01:06:20 +0200] "GET /ticket2/opencms/system/modules/com.gridnine.opencms.ticketbrokerage.site/resources/pics/bank_3_swedbank.png HTTP/1.1" 200 5740
47.128.119.123 - - [29/Jun/2024:01:06:20 +0200] "GET /ticket2/opencms/system/modules/com.gridnine.opencms.ticketbrokerage.site/resources/pics/bank_4_seb.png HTTP/1.1" 200 2487
47.128.119.123 - - [29/Jun/2024:01:06:20 +0200] "GET /ticket2/opencms/system/modules/com.gridnine.opencms.ticketbrokerage.site/resources/pics/bank_5_visa_mastercard.png HTTP/1.1" 200 8196
47.128.119.123 - - [29/Jun/2024:01:06:20 +0200] "GET /ticket2/opencms/system/modules/com.gridnine.opencms.ticketbrokerage.site/resources/pics/bank_6_american_express.png HTTP/1.1" 200 5570
185.191.171.18 - - [29/Jun/2024:01:06:25 +0200] "GET /ticket2/opencms/en/sport/football-tickets/bundesliga/union_berlin/ HTTP/1.1" 200 73044
37.187.94.3 - - [29/Jun/2024:01:06:26 +0200] "GET /ticket2/opencms/dk/dk/buy/?page=1&edid=88CE4BE0-00B2-6849-A0BE-AF415F692FD7&sortorder=desc&column=row HTTP/1.1" 404 -
37.187.94.3 - - [29/Jun/2024:01:06:35 +0200] "GET /ticket2/opencms/dk/dk/buy/?page=1&edid=89426793-268A-C03E-4926-A9BF00570688&sortorder=desc&column=row HTTP/1.1" 404 -
66.249.76.193 - - [29/Jun/2024:01:06:38 +0200] "GET /ticket2/opencms/en/venue/?venueid=823F5427-3F19-16AC-CDB6-E04B20BCA5D8 HTTP/1.1" 200 71344
188.165.212.137 - - [29/Jun/2024:01:06:38 +0200] "GET /ticket2/opencms/de/sv/buy/?comcatid=97ECA65A-72DA-F9AF-9DBB-245D3CFED1BE&catid=8B6802AF-1ADE-4BE1-A1F7-7671190CFB4F HTTP/1.1" 404 -
37.187.94.3 - - [29/Jun/2024:01:06:46 +0200] "GET /ticket2/opencms/dk/dk/buy/?page=1&edid=89D89E9E-8D04-F641-B1B5-F18BACE2A9FB&sortorder=desc&column=price HTTP/1.1" 404 -
185.191.171.10 - - [29/Jun/2024:01:06:54 +0200] "GET /ticket2/opencms/en/sport/football-tickets/serie_a/monza/ HTTP/1.1" 200 73142
37.187.94.3 - - [29/Jun/2024:01:06:54 +0200] "GET /ticket2/opencms/dk/dk/buy/?page=1&edid=89F9F035-B6CB-0C00-8704-C90BE4768F36&sortorder=asc&column=price HTTP/1.1" 404 -
188.165.212.137 - - [29/Jun/2024:01:06:59 +0200] "GET /ticket2/opencms/de/sv/buy/?comcatid=97ECA65A-72DA-F9AF-9DBB-245D3CFED1BE&catid=9457695E-36ED-A63E-7A88-32963954E2C7 HTTP/1.1" 404 -
37.187.94.3 - - [29/Jun/2024:01:07:02 +0200] "GET /ticket2/opencms/dk/dk/buy/?page=1&edid=89F9F035-B6CB-0C00-8704-C90BE4768F36&sortorder=desc&column=section HTTP/1.1" 404 -
51.222.253.7 - - [29/Jun/2024:01:07:09 +0200] "GET /ticket2/opencms/nl/buy/?page=6&comcatid=97ECA65A-72DA-F9AF-9DBB-245D3CFED1BE&catid=DA31441B-C568-3C77-D08C-698809032494 HTTP/1.1" 200 76022
