62.78.143.67 - - [29/Jun/2024:04:48:56 +0200] "GET /ticket2/opencms/favicon.ico HTTP/1.1" 200 1406
62.78.143.67 - - [29/Jun/2024:04:48:57 +0200] "GET /ticket2/opencms/img/icons/it.png HTTP/1.1" 200 2040
62.78.143.67 - - [29/Jun/2024:04:48:57 +0200] "GET /ticket2/opencms/img/icons/es.png HTTP/1.1" 200 1005
95.217.109.26 - - [29/Jun/2024:04:48:57 +0200] "GET /ticket2/opencms/dk/ru/buy/?page=1&edid=57A92A98-F30F-B422-92C0-3AC6E86A8F6E&sortorder=desc&column=price HTTP/1.1" 404 -
62.78.143.67 - - [29/Jun/2024:04:48:58 +0200] "GET /ticket2/opencms/system/modules/com.gridnine.opencms.ticketbrokerage.site/resources/css/images/ui-bg_flat_75_ffffff_40x100.png HTTP/1.1" 404 -
95.217.109.26 - - [29/Jun/2024:04:49:00 +0200] "GET /ticket2/opencms/dk/ru/buy/?page=1&edid=57A92A98-F30F-B422-92C0-3AC6E86A8F6E&sortorder=desc&column=row HTTP/1.1" 404 -
188.165.212.137 - - [29/Jun/2024:04:49:01 +0200] "GET /ticket2/opencms/de/en/venue/?venueid=C7742FBF-52AC-AE6B-D02B-68464EB70BEB HTTP/1.1" 404 -
47.128.60.12 - - [29/Jun/2024:04:49:01 +0200] "GET /ticket2/opencms/fr/buy/?edid=9BFFFF0C-C809-CAED-9589-C9537A82DE22 HTTP/1.1" 200 72687
47.128.60.12 - - [29/Jun/2024:04:49:02 +0200] "GET /ticket2/opencms/system/modules/com.gridnine.opencms.ticketbrokerage.site/resources/pics/logo-new.png HTTP/1.1" 200 13541
47.128.60.12 - - [29/Jun/2024:04:49:02 +0200] "GET /ticket2/opencms/system/modules/com.gridnine.opencms.ticketbrokerage.site/resources/pics/bank_4_seb.png HTTP/1.1" 200 2487
47.128.60.12 - - [29/Jun/2024:04:49:02 +0200] "GET /ticket2/opencms/system/modules/com.gridnine.opencms.ticketbrokerage.site/resources/pics/bank_2_handelsbanken.png HTTP/1.1" 200 4509
47.128.60.12 - - [29/Jun/2024:04:49:03 +0200] "GET /ticket2/opencms/system/modules/com.gridnine.opencms.ticketbrokerage.site/resources/pics/bank_5_visa_mastercard.png HTTP/1.1" 200 8196
47.128.60.12 - - [29/Jun/2024:04:49:03 +0200] "GET /ticket2/opencms/system/modules/com.gridnine.opencms.ticketbrokerage.site/resources/pics/bank_1_nordea.png HTTP/1.1" 200 4807
47.128.60.12 - - [29/Jun/2024:04:49:03 +0200] "GET /ticket2/opencms/system/modules/com.gridnine.opencms.ticketbrokerage.site/resources/pics/bank_3_swedbank.png HTTP/1.1" 200 5740
47.128.60.12 - - [29/Jun/2024:04:49:03 +0200] "GET /ticket2/opencms/system/modules/com.gridnine.opencms.ticketbrokerage.site/resources/pics/bank_6_american_express.png HTTP/1.1" 200 5570
95.217.109.26 - - [29/Jun/2024:04:49:03 +0200] "GET /ticket2/opencms/dk/ru/buy/?page=1&edid=57A92A98-F30F-B422-92C0-3AC6E86A8F6E&sortorder=desc&column=section HTTP/1.1" 404 -
95.217.109.26 - - [29/Jun/2024:04:49:06 +0200] "GET /ticket2/opencms/dk/ru/buy/?page=1&edid=57E251AE-FC4B-7281-E6A3-A78FAA4C7878&sortorder=desc&column=price HTTP/1.1" 404 -
62.78.143.67 - - [29/Jun/2024:04:49:08 +0200] "GET /ticket2/opencms/system/modules/com.gridnine.opencms.ticketbrokerage.site/resources/css/images/ui-bg_glass_75_dadada_1x400.png HTTP/1.1" 404 -
37.60.238.15 - - [29/Jun/2024:04:49:09 +0200] "GET /ticket2/opencms/de/fi/venue/?venueid=8FC52839-6C95-36C9-E574-9555CE162701 HTTP/1.1" 404 -
95.217.109.26 - - [29/Jun/2024:04:49:09 +0200] "GET /ticket2/opencms/dk/ru/buy/?page=1&edid=58F4C4F8-EBCA-36EE-4A2F-E6FAAC376DF3&sortorder=desc&column=section HTTP/1.1" 404 -
188.165.212.137 - - [29/Jun/2024:04:49:09 +0200] "GET /ticket2/opencms/de/en/venue/?venueid=C78858BB-8329-647A-A73A-0B2A266EBDBF HTTP/1.1" 404 -
95.217.109.26 - - [29/Jun/2024:04:49:12 +0200] "GET /ticket2/opencms/dk/ru/buy/?page=1&edid=594672A3-89C3-110F-3D02-A7FC8F11BE3B&sortorder=asc&column=row HTTP/1.1" 404 -
62.78.143.67 - - [29/Jun/2024:04:49:14 +0200] "GET /ticket2/opencms/fi/search.html?searchQuery=uefa&submit= HTTP/1.1" 200 97041
62.78.143.67 - - [29/Jun/2024:04:49:14 +0200] "GET /ticket2/opencms/system/modules/com.gridnine.opencms.ticketbrokerage.site/resources/css/ticketbrokerage.css HTTP/1.1" 200 39339
62.78.143.67 - - [29/Jun/2024:04:49:14 +0200] "GET /ticket2/opencms/system/modules/com.gridnine.opencms.ticketbrokerage.site/resources/js/calendar-setup.js HTTP/1.1" 200 4923
62.78.143.67 - - [29/Jun/2024:04:49:14 +0200] "GET /ticket2/opencms/system/modules/com.gridnine.opencms.ticketbrokerage.site/resources/js/standard.js HTTP/1.1" 200 3978
62.78.143.67 - - [29/Jun/2024:04:49:14 +0200] "GET /ticket2/opencms/system/modules/com.gridnine.opencms.ticketbrokerage.site/resources/js/calendar-en.js HTTP/1.1" 200 3338
62.78.143.67 - - [29/Jun/2024:04:49:14 +0200] "GET /ticket2/opencms/system/modules/com.gridnine.opencms.ticketbrokerage.site/resources/css/standard.css HTTP/1.1" 200 71935
62.78.143.67 - - [29/Jun/2024:04:49:14 +0200] "GET /ticket2/opencms/system/modules/com.gridnine.opencms.ticketbrokerage.site/resources/js/functions.js HTTP/1.1" 200 1583
62.78.143.67 - - [29/Jun/2024:04:49:14 +0200] "GET /ticket2/opencms/system/modules/com.gridnine.opencms.ticketbrokerage.site/resources/css/calendar.css HTTP/1.1" 200 6871
62.78.143.67 - - [29/Jun/2024:04:49:14 +0200] "GET /ticket2/opencms/system/modules/com.gridnine.opencms.ticketbrokerage.site/resources/js/calendar.js HTTP/1.1" 200 49229
62.78.143.67 - - [29/Jun/2024:04:49:14 +0200] "GET /ticket2/opencms/system/modules/com.gridnine.opencms.ticketbrokerage.site/resources/pics/partners/fotboll_direkt.png HTTP/1.1" 200 14373
62.78.143.67 - - [29/Jun/2024:04:49:14 +0200] "GET /ticket2/opencms/system/modules/com.gridnine.opencms.ticketbrokerage.site/resources/pics/right_side_bar/fi/facebook.png HTTP/1.1" 200 2017
62.78.143.67 - - [29/Jun/2024:04:49:14 +0200] "GET /ticket2/opencms/system/modules/com.gridnine.opencms.ticketbrokerage.site/resources/pics/front_page/sv/Svenska_fans.jpg HTTP/1.1" 200 7096
62.78.143.67 - - [29/Jun/2024:04:49:14 +0200] "GET /ticket2/opencms/system/modules/com.gridnine.opencms.ticketbrokerage.site/resources/pics/front_page/sv/elite_prospects.png HTTP/1.1" 200 14543
62.78.143.67 - - [29/Jun/2024:04:49:14 +0200] "GET /ticket2/opencms/system/modules/com.gridnine.opencms.ticketbrokerage.site/resources/pics/partners/Hockeysverige.jpg HTTP/1.1" 200 8841
62.78.143.67 - - [29/Jun/2024:04:49:14 +0200] "GET /ticket2/opencms/system/modules/com.gridnine.opencms.ticketbrokerage.site/resources/pics/right_side_bar/fi/instagram.png HTTP/1.1" 200 2709
62.78.143.67 - - [29/Jun/2024:04:49:14 +0200] "GET /ticket2/opencms/fi/ask-form.html HTTP/1.1" 200 3012
62.78.143.67 - - [29/Jun/2024:04:49:14 +0200] "GET /ticket2/opencms/system/modules/com.gridnine.opencms.ticketbrokerage.site/resources/css/ticketbrokerage.css HTTP/1.1" 200 39339
62.78.143.67 - - [29/Jun/2024:04:49:14 +0200] "GET /ticket2/opencms/system/modules/com.gridnine.opencms.ticketbrokerage.site/resources/pics/arrow.gif HTTP/1.1" 200 344
62.78.143.67 - - [29/Jun/2024:04:49:14 +0200] "GET /ticket2/opencms/system/modules/com.gridnine.opencms.ticketbrokerage.site/resources/pics/form_marker.gif HTTP/1.1" 200 43
62.78.143.67 - - [29/Jun/2024:04:49:14 +0200] "GET /ticket2/opencms/system/modules/com.gridnine.opencms.ticketbrokerage.site/resources/pics/button1_left.gif HTTP/1.1" 200 232
62.78.143.67 - - [29/Jun/2024:04:49:14 +0200] "GET /ticket2/opencms/system/modules/com.gridnine.opencms.ticketbrokerage.site/resources/pics/button1_right.gif HTTP/1.1" 200 232
62.78.143.67 - - [29/Jun/2024:04:49:14 +0200] "GET /ticket2/opencms/system/modules/com.gridnine.opencms.ticketbrokerage.site/resources/pics/button1_center.gif HTTP/1.1" 200 66
95.217.109.26 - - [29/Jun/2024:04:49:17 +0200] "GET /ticket2/opencms/dk/ru/buy/?page=1&edid=59AB6E9D-6FC4-6EF5-CB9B-2ACFED9E25CF&sortorder=desc&column=section HTTP/1.1" 404 -
188.165.212.137 - - [29/Jun/2024:04:49:17 +0200] "GET /ticket2/opencms/de/en/venue/?venueid=C79DDB7B-2402-2CE0-0C28-4601203762A8 HTTP/1.1" 404 -
95.217.109.26 - - [29/Jun/2024:04:49:20 +0200] "GET /ticket2/opencms/dk/ru/buy/?page=1&edid=5A2DFBF4-8470-A6C2-2249-BF19FA14C619&sortorder=asc&column=section HTTP/1.1" 404 -
95.217.109.26 - - [29/Jun/2024:04:49:23 +0200] "GET /ticket2/opencms/dk/ru/buy/?page=1&edid=5D74E73C-0E56-C1EE-B9A0-852ACD0BE0AB&sortorder=desc&column=price HTTP/1.1" 404 -
188.165.212.137 - - [29/Jun/2024:04:49:26 +0200] "GET /ticket2/opencms/de/en/venue/?venueid=C7A7462C-2B0C-4E5D-7720-7F0308C8B04B HTTP/1.1" 404 -
95.217.109.26 - - [29/Jun/2024:04:49:27 +0200] "GET /ticket2/opencms/dk/ru/buy/?page=1&edid=5D74E73C-0E56-C1EE-B9A0-852ACD0BE0AB&sortorder=desc&column=section HTTP/1.1" 404 -
95.217.109.26 - - [29/Jun/2024:04:49:30 +0200] "GET /ticket2/opencms/dk/ru/buy/?page=1&edid=5FF30AB9-4C2B-5D59-31F0-3F0E1E70CA95 HTTP/1.1" 404 -
188.165.212.137 - - [29/Jun/2024:04:49:33 +0200] "GET /ticket2/opencms/de/en/venue/?venueid=C7AA5792-84B6-B218-74FE-1EF0121317B1 HTTP/1.1" 404 -
95.217.109.26 - - [29/Jun/2024:04:49:33 +0200] "GET /ticket2/opencms/dk/ru/buy/?page=1&edid=609CC660-5BC4-EC4B-367A-02613D797957 HTTP/1.1" 404 -
95.217.109.26 - - [29/Jun/2024:04:49:37 +0200] "GET /ticket2/opencms/dk/ru/buy/?page=1&edid=60B3CAFF-CEDA-8B02-D601-9C788B6A3E8A&sortorder=desc&column=price HTTP/1.1" 404 -
95.217.109.26 - - [29/Jun/2024:04:49:40 +0200] "GET /ticket2/opencms/dk/ru/buy/?page=1&edid=60B3CAFF-CEDA-8B02-D601-9C788B6A3E8A&sortorder=desc&column=row HTTP/1.1" 404 -
95.217.109.26 - - [29/Jun/2024:04:49:43 +0200] "GET /ticket2/opencms/dk/ru/buy/?page=1&edid=60B3CAFF-CEDA-8B02-D601-9C788B6A3E8A&sortorder=desc&column=section HTTP/1.1" 404 -
135.181.75.58 - - [29/Jun/2024:04:49:46 +0200] "GET /ticket2/opencms/de/fi/venue/?venueid=FF5203A7-122F-1365-4962-1F8CB4E034AD HTTP/1.1" 404 -
47.128.56.80 - - [29/Jun/2024:04:49:46 +0200] "GET /ticket2/opencms/fi/venue/?venueid=E1C1AF0B-A1AF-29FD-C99C-5BA6293FC199 HTTP/1.1" 200 72918
95.217.109.26 - - [29/Jun/2024:04:49:47 +0200] "GET /ticket2/opencms/dk/ru/buy/?page=1&edid=619E7243-1B23-CC7D-76EF-2E2E7EEEE439&sortorder=desc&column=price HTTP/1.1" 404 -
188.165.212.137 - - [29/Jun/2024:04:49:47 +0200] "GET /ticket2/opencms/de/en/venue/?venueid=C81AD7E5-8D0C-B7E1-63A6-C15C2A1202E2 HTTP/1.1" 404 -
47.128.56.80 - - [29/Jun/2024:04:49:47 +0200] "GET /ticket2/opencms/system/modules/com.gridnine.opencms.ticketbrokerage.site/resources/pics/logo-new.png HTTP/1.1" 200 13541
47.128.56.80 - - [29/Jun/2024:04:49:47 +0200] "GET /ticket2/opencms/system/modules/com.gridnine.opencms.ticketbrokerage.site/resources/pics/bank_1_nordea.png HTTP/1.1" 200 4807
47.128.56.80 - - [29/Jun/2024:04:49:48 +0200] "GET /ticket2/opencms/system/modules/com.gridnine.opencms.ticketbrokerage.site/resources/pics/bank_2_handelsbanken.png HTTP/1.1" 200 4509
47.128.56.80 - - [29/Jun/2024:04:49:48 +0200] "GET /ticket2/opencms/system/modules/com.gridnine.opencms.ticketbrokerage.site/resources/pics/bank_4_seb.png HTTP/1.1" 200 2487
47.128.56.80 - - [29/Jun/2024:04:49:48 +0200] "GET /ticket2/opencms/system/modules/com.gridnine.opencms.ticketbrokerage.site/resources/pics/bank_3_swedbank.png HTTP/1.1" 200 5740
47.128.56.80 - - [29/Jun/2024:04:49:48 +0200] "GET /ticket2/opencms/system/modules/com.gridnine.opencms.ticketbrokerage.site/resources/pics/bank_6_american_express.png HTTP/1.1" 200 5570
47.128.56.80 - - [29/Jun/2024:04:49:48 +0200] "GET /ticket2/opencms/system/modules/com.gridnine.opencms.ticketbrokerage.site/resources/pics/bank_5_visa_mastercard.png HTTP/1.1" 200 8196
95.217.109.26 - - [29/Jun/2024:04:49:50 +0200] "GET /ticket2/opencms/dk/ru/buy/?page=1&edid=619E7243-1B23-CC7D-76EF-2E2E7EEEE439&sortorder=desc&column=row HTTP/1.1" 404 -
95.217.109.26 - - [29/Jun/2024:04:49:53 +0200] "GET /ticket2/opencms/dk/ru/buy/?page=1&edid=619E7243-1B23-CC7D-76EF-2E2E7EEEE439&sortorder=desc&column=section HTTP/1.1" 404 -
95.217.109.26 - - [29/Jun/2024:04:49:57 +0200] "GET /ticket2/opencms/dk/ru/buy/?page=1&edid=62B68E56-055C-CB31-F20A-D011FF81E19C HTTP/1.1" 404 -
95.217.109.26 - - [29/Jun/2024:04:50:00 +0200] "GET /ticket2/opencms/dk/ru/buy/?page=1&edid=63E79B14-F1BE-6754-0C6E-3C2A84BDC10A HTTP/1.1" 404 -
52.167.144.203 - - [29/Jun/2024:04:50:00 +0200] "GET /ticket2/opencms/en/venue/?venueid=CA49AB1D-436E-22F2-9DD7-D243FFB8DE30 HTTP/1.1" 200 71356
95.217.109.26 - - [29/Jun/2024:04:50:03 +0200] "GET /ticket2/opencms/dk/ru/buy/?page=1&edid=63E79B14-F1BE-6754-0C6E-3C2A84BDC10A&sortorder=desc&column=price HTTP/1.1" 404 -
188.165.212.137 - - [29/Jun/2024:04:50:04 +0200] "GET /ticket2/opencms/de/en/venue/?venueid=C8425D67-5AD6-9381-B10D-8009E1B47C0D HTTP/1.1" 404 -
95.217.109.26 - - [29/Jun/2024:04:50:07 +0200] "GET /ticket2/opencms/dk/ru/buy/?page=1&edid=63E79B14-F1BE-6754-0C6E-3C2A84BDC10A&sortorder=desc&column=row HTTP/1.1" 404 -
95.217.109.26 - - [29/Jun/2024:04:50:10 +0200] "GET /ticket2/opencms/dk/ru/buy/?page=1&edid=63E79B14-F1BE-6754-0C6E-3C2A84BDC10A&sortorder=desc&column=section HTTP/1.1" 404 -
65.108.227.178 - - [29/Jun/2024:04:50:13 +0200] "GET /ticket2/opencms/de/fi/buy/?page=1&edid=6F957320-7F2D-3595-C3EF-63F4A1290CC1 HTTP/1.1" 404 -
95.217.109.26 - - [29/Jun/2024:04:50:13 +0200] "GET /ticket2/opencms/dk/ru/buy/?page=1&edid=655F7505-DD14-2E38-25CF-F901B58017C7&sortorder=desc&column=row HTTP/1.1" 404 -
95.217.109.26 - - [29/Jun/2024:04:50:16 +0200] "GET /ticket2/opencms/dk/ru/buy/?page=1&edid=65B0E712-1087-93C4-7766-DF9B3A9D4EAD HTTP/1.1" 404 -
37.60.238.15 - - [29/Jun/2024:04:50:18 +0200] "GET /ticket2/opencms/de/fi/venue/?venueid=90F56EC8-280A-E445-5613-32898972C4C3 HTTP/1.1" 404 -
95.217.109.26 - - [29/Jun/2024:04:50:20 +0200] "GET /ticket2/opencms/dk/ru/buy/?page=1&edid=65BC9943-2D4E-DF73-E652-378517773F8E HTTP/1.1" 404 -
188.165.212.137 - - [29/Jun/2024:04:50:21 +0200] "GET /ticket2/opencms/de/en/venue/?venueid=C87849FF-CA68-D7C1-1366-B45A4ECBC004 HTTP/1.1" 404 -
95.217.109.26 - - [29/Jun/2024:04:50:23 +0200] "GET /ticket2/opencms/dk/ru/buy/?page=1&edid=65BC9943-2D4E-DF73-E652-378517773F8E&sortorder=desc&column=price HTTP/1.1" 404 -
66.249.75.168 - - [29/Jun/2024:04:50:23 +0200] "GET /ticket2/opencms/sv/sport/fotbollsbiljetter/premier_league/?gclid=COHG6YnW_boCFc5a3godblQAFA HTTP/1.1" 200 80300
95.217.109.26 - - [29/Jun/2024:04:50:26 +0200] "GET /ticket2/opencms/dk/ru/buy/?page=1&edid=65BC9943-2D4E-DF73-E652-378517773F8E&sortorder=desc&column=row HTTP/1.1" 404 -
95.217.109.26 - - [29/Jun/2024:04:50:29 +0200] "GET /ticket2/opencms/dk/ru/buy/?page=1&edid=65BC9943-2D4E-DF73-E652-378517773F8E&sortorder=desc&column=section HTTP/1.1" 404 -
95.217.109.26 - - [29/Jun/2024:04:50:33 +0200] "GET /ticket2/opencms/dk/ru/buy/?page=1&edid=65E7106B-E648-8ADB-53BF-E2D7936DFB6B HTTP/1.1" 404 -
95.217.109.26 - - [29/Jun/2024:04:50:36 +0200] "GET /ticket2/opencms/dk/ru/buy/?page=1&edid=65E7106B-E648-8ADB-53BF-E2D7936DFB6B&sortorder=desc&column=price HTTP/1.1" 404 -
188.165.212.137 - - [29/Jun/2024:04:50:37 +0200] "GET /ticket2/opencms/de/en/venue/?venueid=C891F662-1AC1-E1A8-EC4F-A7FA9132E3C3 HTTP/1.1" 404 -
95.217.109.26 - - [29/Jun/2024:04:50:39 +0200] "GET /ticket2/opencms/dk/ru/buy/?page=1&edid=65E7106B-E648-8ADB-53BF-E2D7936DFB6B&sortorder=desc&column=section HTTP/1.1" 404 -
47.128.39.37 - - [29/Jun/2024:04:50:42 +0200] "GET /ticket2/opencms/nl/buy/?catid=7D3BEF66-5D88-3916-5B89-0E7B139E0169&comcatid=97ECA65A-72DA-F9AF-9DBB-245D3CFED1BE HTTP/1.1" 200 76188
47.128.39.37 - - [29/Jun/2024:04:50:42 +0200] "GET /ticket2/opencms/system/modules/com.gridnine.opencms.ticketbrokerage.site/resources/pics/logo-new.png HTTP/1.1" 200 13541
95.217.109.26 - - [29/Jun/2024:04:50:43 +0200] "GET /ticket2/opencms/dk/ru/buy/?page=1&edid=65E79C4B-76CF-110C-AA83-34508CC31D00 HTTP/1.1" 404 -
47.128.39.37 - - [29/Jun/2024:04:50:43 +0200] "GET /ticket2/opencms/system/modules/com.gridnine.opencms.ticketbrokerage.site/resources/pics/bank_3_swedbank.png HTTP/1.1" 200 5740
47.128.39.37 - - [29/Jun/2024:04:50:43 +0200] "GET /ticket2/opencms/system/modules/com.gridnine.opencms.ticketbrokerage.site/resources/pics/bank_4_seb.png HTTP/1.1" 200 2487
47.128.39.37 - - [29/Jun/2024:04:50:43 +0200] "GET /ticket2/opencms/system/modules/com.gridnine.opencms.ticketbrokerage.site/resources/pics/bank_1_nordea.png HTTP/1.1" 200 4807
47.128.39.37 - - [29/Jun/2024:04:50:43 +0200] "GET /ticket2/opencms/system/modules/com.gridnine.opencms.ticketbrokerage.site/resources/pics/bank_2_handelsbanken.png HTTP/1.1" 200 4509
47.128.39.37 - - [29/Jun/2024:04:50:43 +0200] "GET /ticket2/opencms/system/modules/com.gridnine.opencms.ticketbrokerage.site/resources/pics/bank_6_american_express.png HTTP/1.1" 200 5570
47.128.39.37 - - [29/Jun/2024:04:50:43 +0200] "GET /ticket2/opencms/system/modules/com.gridnine.opencms.ticketbrokerage.site/resources/pics/bank_5_visa_mastercard.png HTTP/1.1" 200 8196
95.217.109.26 - - [29/Jun/2024:04:50:46 +0200] "GET /ticket2/opencms/dk/ru/buy/?page=1&edid=65E79C4B-76CF-110C-AA83-34508CC31D00&sortorder=desc&column=price HTTP/1.1" 404 -
95.217.109.26 - - [29/Jun/2024:04:50:49 +0200] "GET /ticket2/opencms/dk/ru/buy/?page=1&edid=65E79C4B-76CF-110C-AA83-34508CC31D00&sortorder=desc&column=row HTTP/1.1" 404 -
95.217.109.26 - - [29/Jun/2024:04:50:52 +0200] "GET /ticket2/opencms/dk/ru/buy/?page=1&edid=65E79C4B-76CF-110C-AA83-34508CC31D00&sortorder=desc&column=section HTTP/1.1" 404 -
216.245.221.83 - - [29/Jun/2024:04:50:55 +0200] "HEAD /ticket2/opencms/ HTTP/1.1" 302 -
95.217.109.26 - - [29/Jun/2024:04:50:56 +0200] "GET /ticket2/opencms/dk/ru/buy/?page=1&edid=6622D482-9366-79F2-615D-5ED4BBEA7CC7&sortorder=desc&column=price HTTP/1.1" 404 -
188.165.212.137 - - [29/Jun/2024:04:50:56 +0200] "GET /ticket2/opencms/de/en/venue/?venueid=C895C98D-A877-A846-0D41-8B19B93F577D HTTP/1.1" 404 -
216.245.221.83 - - [29/Jun/2024:04:50:58 +0200] "HEAD /ticket2/opencms/en/ HTTP/1.1" 200 -
135.181.75.58 - - [29/Jun/2024:04:50:58 +0200] "GET /ticket2/opencms/de/fi/venue/?venueid=FF8D2B77-C235-F0A7-6D99-CAC26AC9D392 HTTP/1.1" 404 -
95.217.109.26 - - [29/Jun/2024:04:50:59 +0200] "GET /ticket2/opencms/dk/ru/buy/?page=1&edid=6622D482-9366-79F2-615D-5ED4BBEA7CC7&sortorder=desc&column=row HTTP/1.1" 404 -
95.217.109.26 - - [29/Jun/2024:04:51:02 +0200] "GET /ticket2/opencms/dk/ru/buy/?page=1&edid=66254B5E-34B3-A550-D82C-9267122200AD&sortorder=desc&column=price HTTP/1.1" 404 -
95.217.109.26 - - [29/Jun/2024:04:51:05 +0200] "GET /ticket2/opencms/dk/ru/buy/?page=1&edid=66254B5E-34B3-A550-D82C-9267122200AD&sortorder=desc&column=row HTTP/1.1" 404 -
95.217.109.26 - - [29/Jun/2024:04:51:09 +0200] "GET /ticket2/opencms/dk/ru/buy/?page=1&edid=66254B5E-34B3-A550-D82C-9267122200AD&sortorder=desc&column=section HTTP/1.1" 404 -
95.217.109.26 - - [29/Jun/2024:04:51:12 +0200] "GET /ticket2/opencms/dk/ru/buy/?page=1&edid=6633B040-1A54-9E6E-35AD-599CA5826FF4&sortorder=desc&column=row HTTP/1.1" 404 -
95.217.109.26 - - [29/Jun/2024:04:51:15 +0200] "GET /ticket2/opencms/dk/ru/buy/?page=1&edid=6633B040-1A54-9E6E-35AD-599CA5826FF4&sortorder=desc&column=section HTTP/1.1" 404 -
37.60.238.15 - - [29/Jun/2024:04:51:16 +0200] "GET /ticket2/opencms/de/fi/venue/?venueid=9105DCA9-DA89-4D98-8EC3-D0773C34A12F HTTP/1.1" 404 -
188.165.212.137 - - [29/Jun/2024:04:51:16 +0200] "GET /ticket2/opencms/de/en/venue/?venueid=C897D480-9FC2-C3FB-538C-8F78F6DAA600 HTTP/1.1" 404 -
47.128.117.109 - - [29/Jun/2024:04:51:19 +0200] "GET /ticket2/opencms/fi/sell/?edid=72113169-CE1D-B963-8867-381A95276A39 HTTP/1.1" 302 -
95.217.109.26 - - [29/Jun/2024:04:51:19 +0200] "GET /ticket2/opencms/dk/ru/buy/?page=1&edid=670DF4BD-8BFB-5FB3-6D8E-73E1D21832D7&sortorder=desc&column=price HTTP/1.1" 404 -
47.128.117.109 - - [29/Jun/2024:04:51:20 +0200] "GET /ticket2/opencms/fi/login/?url=/fi/sell/ HTTP/1.1" 200 75191
47.128.117.109 - - [29/Jun/2024:04:51:21 +0200] "GET /ticket2/opencms/system/modules/com.gridnine.opencms.ticketbrokerage.site/resources/pics/logo-new.png HTTP/1.1" 200 13541
47.128.117.109 - - [29/Jun/2024:04:51:21 +0200] "GET /ticket2/opencms/system/modules/com.gridnine.opencms.ticketbrokerage.site/resources/pics/bank_1_nordea.png HTTP/1.1" 200 4807
47.128.117.109 - - [29/Jun/2024:04:51:22 +0200] "GET /ticket2/opencms/system/modules/com.gridnine.opencms.ticketbrokerage.site/resources/pics/bank_5_visa_mastercard.png HTTP/1.1" 200 8196
47.128.117.109 - - [29/Jun/2024:04:51:22 +0200] "GET /ticket2/opencms/system/modules/com.gridnine.opencms.ticketbrokerage.site/resources/pics/bank_4_seb.png HTTP/1.1" 200 2487
47.128.117.109 - - [29/Jun/2024:04:51:22 +0200] "GET /ticket2/opencms/system/modules/com.gridnine.opencms.ticketbrokerage.site/resources/pics/bank_3_swedbank.png HTTP/1.1" 200 5740
47.128.117.109 - - [29/Jun/2024:04:51:22 +0200] "GET /ticket2/opencms/system/modules/com.gridnine.opencms.ticketbrokerage.site/resources/pics/bank_2_handelsbanken.png HTTP/1.1" 200 4509
47.128.117.109 - - [29/Jun/2024:04:51:22 +0200] "GET /ticket2/opencms/system/modules/com.gridnine.opencms.ticketbrokerage.site/resources/pics/bank_6_american_express.png HTTP/1.1" 200 5570
95.217.109.26 - - [29/Jun/2024:04:51:22 +0200] "GET /ticket2/opencms/dk/ru/buy/?page=1&edid=670DF4BD-8BFB-5FB3-6D8E-73E1D21832D7&sortorder=desc&column=row HTTP/1.1" 404 -
95.217.109.26 - - [29/Jun/2024:04:51:26 +0200] "GET /ticket2/opencms/dk/ru/buy/?page=1&edid=674BD1C0-8CCF-FAF6-8C5F-0BB09BB6852A HTTP/1.1" 404 -
95.217.109.26 - - [29/Jun/2024:04:51:29 +0200] "GET /ticket2/opencms/dk/ru/buy/?page=1&edid=6875AE46-58DA-9D07-CD12-63DF9AF5CB06&sortorder=desc&column=price HTTP/1.1" 404 -
188.165.212.137 - - [29/Jun/2024:04:51:31 +0200] "GET /ticket2/opencms/de/en/venue/?venueid=C948C20F-6B80-6163-4A1E-DA4F8CD35A04 HTTP/1.1" 404 -
65.108.227.178 - - [29/Jun/2024:04:51:32 +0200] "GET /ticket2/opencms/de/fi/buy/?page=1&edid=718C22C8-8C2E-B7BE-339A-55BF525019AD HTTP/1.1" 404 -
95.217.109.26 - - [29/Jun/2024:04:51:32 +0200] "GET /ticket2/opencms/dk/ru/buy/?page=1&edid=6875AE46-58DA-9D07-CD12-63DF9AF5CB06&sortorder=desc&column=row HTTP/1.1" 404 -
95.217.109.26 - - [29/Jun/2024:04:51:35 +0200] "GET /ticket2/opencms/dk/ru/buy/?page=1&edid=6875AE46-58DA-9D07-CD12-63DF9AF5CB06&sortorder=desc&column=section HTTP/1.1" 404 -
47.128.20.70 - - [29/Jun/2024:04:51:38 +0200] "GET /ticket2/opencms/fi/venue/?countryid=EBCAD492-44DD-BA3B-65FF-004FBE418FEE HTTP/1.1" 200 102292
47.128.20.70 - - [29/Jun/2024:04:51:38 +0200] "GET /ticket2/opencms/system/modules/com.gridnine.opencms.ticketbrokerage.site/resources/pics/logo-new.png HTTP/1.1" 200 13541
95.217.109.26 - - [29/Jun/2024:04:51:39 +0200] "GET /ticket2/opencms/dk/ru/buy/?page=1&edid=68AF64D9-DC10-F854-39FA-84D5E1F2F070&sortorder=desc&column=price HTTP/1.1" 404 -
47.128.20.70 - - [29/Jun/2024:04:51:39 +0200] "GET /ticket2/opencms/system/modules/com.gridnine.opencms.ticketbrokerage.site/resources/pics/bank_2_handelsbanken.png HTTP/1.1" 200 4509
47.128.20.70 - - [29/Jun/2024:04:51:39 +0200] "GET /ticket2/opencms/system/modules/com.gridnine.opencms.ticketbrokerage.site/resources/pics/bank_3_swedbank.png HTTP/1.1" 200 5740
85.208.96.207 - - [29/Jun/2024:04:51:40 +0200] "GET /ticket2/opencms/no/sport/fotballsbilletter/serie_a/torino/ HTTP/1.1" 200 73954
47.128.20.70 - - [29/Jun/2024:04:51:40 +0200] "GET /ticket2/opencms/system/modules/com.gridnine.opencms.ticketbrokerage.site/resources/pics/bank_4_seb.png HTTP/1.1" 200 2487
47.128.20.70 - - [29/Jun/2024:04:51:40 +0200] "GET /ticket2/opencms/system/modules/com.gridnine.opencms.ticketbrokerage.site/resources/pics/bank_1_nordea.png HTTP/1.1" 200 4807
47.128.20.70 - - [29/Jun/2024:04:51:40 +0200] "GET /ticket2/opencms/system/modules/com.gridnine.opencms.ticketbrokerage.site/resources/pics/bank_5_visa_mastercard.png HTTP/1.1" 200 8196
47.128.20.70 - - [29/Jun/2024:04:51:40 +0200] "GET /ticket2/opencms/system/modules/com.gridnine.opencms.ticketbrokerage.site/resources/pics/bank_6_american_express.png HTTP/1.1" 200 5570
185.169.252.159 - - [29/Jun/2024:04:51:40 +0200] "GET /ticket2/opencms/sv/login/?edid=3133B532-2EFF-BEFE-B349-470A22E52FED HTTP/1.1" 200 74250
95.217.109.26 - - [29/Jun/2024:04:51:42 +0200] "GET /ticket2/opencms/dk/ru/buy/?page=1&edid=68AF64D9-DC10-F854-39FA-84D5E1F2F070&sortorder=desc&column=section HTTP/1.1" 404 -
95.217.109.26 - - [29/Jun/2024:04:51:45 +0200] "GET /ticket2/opencms/dk/ru/buy/?page=1&edid=692B8492-DE39-CE0A-5DD9-8A50CFDEC51D HTTP/1.1" 404 -
95.217.109.26 - - [29/Jun/2024:04:51:49 +0200] "GET /ticket2/opencms/dk/ru/buy/?page=1&edid=69506FC1-DC51-E940-143C-703B80149366 HTTP/1.1" 404 -
188.165.212.137 - - [29/Jun/2024:04:51:49 +0200] "GET /ticket2/opencms/de/en/venue/?venueid=C9FA908E-844D-34B9-709F-9C6F649F6B00 HTTP/1.1" 404 -
95.217.109.26 - - [29/Jun/2024:04:51:52 +0200] "GET /ticket2/opencms/dk/ru/buy/?page=1&edid=724FE1B6-4193-89FA-1AFC-FD88F07C0653 HTTP/1.1" 404 -
95.217.109.26 - - [29/Jun/2024:04:51:55 +0200] "GET /ticket2/opencms/dk/ru/buy/?page=1&edid=7308B645-1C37-9E3C-E9DF-F4222D831A7B HTTP/1.1" 404 -
87.121.69.27 - - [29/Jun/2024:04:51:56 +0200] "CONNECT google.com:443 HTTP/1.1" 400 -
95.217.109.26 - - [29/Jun/2024:04:51:58 +0200] "GET /ticket2/opencms/dk/ru/buy/?page=1&edid=73A3A5F2-CAB0-2E2B-1A14-CDFFCD940FAA HTTP/1.1" 404 -
95.217.109.26 - - [29/Jun/2024:04:52:02 +0200] "GET /ticket2/opencms/dk/ru/buy/?page=1&edid=73A3A5F2-CAB0-2E2B-1A14-CDFFCD940FAA&sortorder=desc&column=price HTTP/1.1" 404 -
95.217.109.26 - - [29/Jun/2024:04:52:05 +0200] "GET /ticket2/opencms/dk/ru/buy/?page=1&edid=73A3A5F2-CAB0-2E2B-1A14-CDFFCD940FAA&sortorder=desc&column=row HTTP/1.1" 404 -
114.119.148.108 - - [29/Jun/2024:04:52:06 +0200] "GET /ticket2/opencms/en/buy/?page=1&edid=49D609BF-3EC8-D074-841F-D5E5548BA8B3 HTTP/1.1" 200 85203
188.165.212.137 - - [29/Jun/2024:04:52:07 +0200] "GET /ticket2/opencms/de/en/venue/?venueid=CA2773F8-740F-6352-4AEF-6499F28E0684 HTTP/1.1" 404 -
95.217.109.26 - - [29/Jun/2024:04:52:08 +0200] "GET /ticket2/opencms/dk/ru/buy/?page=1&edid=73A3A5F2-CAB0-2E2B-1A14-CDFFCD940FAA&sortorder=desc&column=section HTTP/1.1" 404 -
95.217.109.26 - - [29/Jun/2024:04:52:12 +0200] "GET /ticket2/opencms/dk/ru/buy/?page=1&edid=73AA76A9-CC6C-17F3-EDBF-4AA5949DD817 HTTP/1.1" 404 -
95.217.109.26 - - [29/Jun/2024:04:52:15 +0200] "GET /ticket2/opencms/dk/ru/buy/?page=1&edid=73AA76A9-CC6C-17F3-EDBF-4AA5949DD817&sortorder=desc&column=price HTTP/1.1" 404 -
216.245.221.83 - - [29/Jun/2024:04:52:15 +0200] "HEAD /ticket2/opencms/ HTTP/1.1" 302 -
216.245.221.83 - - [29/Jun/2024:04:52:16 +0200] "HEAD /ticket2/opencms/en/ HTTP/1.1" 200 -
95.217.109.26 - - [29/Jun/2024:04:52:18 +0200] "GET /ticket2/opencms/dk/ru/buy/?page=1&edid=73AA76A9-CC6C-17F3-EDBF-4AA5949DD817&sortorder=desc&column=row HTTP/1.1" 404 -
95.217.109.26 - - [29/Jun/2024:04:52:22 +0200] "GET /ticket2/opencms/dk/ru/buy/?page=1&edid=73AA76A9-CC6C-17F3-EDBF-4AA5949DD817&sortorder=desc&column=section HTTP/1.1" 404 -
114.119.131.42 - - [29/Jun/2024:04:52:22 +0200] "GET /ticket2/opencms/en/venue/?venueid=E649B15F-1340-1561-C110-0CA0784E39A8 HTTP/1.1" 200 71411
37.60.238.15 - - [29/Jun/2024:04:52:24 +0200] "GET /ticket2/opencms/de/fi/venue/?venueid=9106BE2A-595F-088E-C676-3C2DCBD74D16 HTTP/1.1" 404 -
95.217.109.26 - - [29/Jun/2024:04:52:25 +0200] "GET /ticket2/opencms/dk/ru/buy/?page=1&edid=73B597C3-05D3-5B11-4856-D8822E68A76F HTTP/1.1" 404 -
188.165.212.137 - - [29/Jun/2024:04:52:27 +0200] "GET /ticket2/opencms/de/en/venue/?venueid=CA49AB1D-436E-22F2-9DD7-D243FFB8DE30 HTTP/1.1" 404 -
95.217.109.26 - - [29/Jun/2024:04:52:29 +0200] "GET /ticket2/opencms/dk/ru/buy/?page=1&edid=764DF107-581D-BCA1-53D5-94329CB26BAD HTTP/1.1" 404 -
95.217.109.26 - - [29/Jun/2024:04:52:32 +0200] "GET /ticket2/opencms/dk/ru/buy/?page=1&edid=7878F0AE-C8FA-5432-FA7C-595B82DC3987 HTTP/1.1" 404 -
47.128.20.5 - - [29/Jun/2024:04:52:34 +0200] "GET /ticket2/opencms/fi/venue/?venueid=F7721241-E76C-92B6-9AE8-D3417BDAEEF1 HTTP/1.1" 200 73062
47.128.20.5 - - [29/Jun/2024:04:52:35 +0200] "GET /ticket2/opencms/system/modules/com.gridnine.opencms.ticketbrokerage.site/resources/pics/logo-new.png HTTP/1.1" 200 13541
47.128.20.5 - - [29/Jun/2024:04:52:35 +0200] "GET /ticket2/opencms/system/modules/com.gridnine.opencms.ticketbrokerage.site/resources/pics/bank_1_nordea.png HTTP/1.1" 200 4807
95.217.109.26 - - [29/Jun/2024:04:52:35 +0200] "GET /ticket2/opencms/dk/ru/buy/?page=1&edid=7878F0AE-C8FA-5432-FA7C-595B82DC3987&sortorder=desc&column=row HTTP/1.1" 404 -
47.128.20.5 - - [29/Jun/2024:04:52:35 +0200] "GET /ticket2/opencms/system/modules/com.gridnine.opencms.ticketbrokerage.site/resources/pics/bank_6_american_express.png HTTP/1.1" 200 5570
47.128.20.5 - - [29/Jun/2024:04:52:35 +0200] "GET /ticket2/opencms/system/modules/com.gridnine.opencms.ticketbrokerage.site/resources/pics/bank_3_swedbank.png HTTP/1.1" 200 5740
47.128.20.5 - - [29/Jun/2024:04:52:36 +0200] "GET /ticket2/opencms/system/modules/com.gridnine.opencms.ticketbrokerage.site/resources/pics/bank_4_seb.png HTTP/1.1" 200 2487
47.128.20.5 - - [29/Jun/2024:04:52:36 +0200] "GET /ticket2/opencms/system/modules/com.gridnine.opencms.ticketbrokerage.site/resources/pics/bank_2_handelsbanken.png HTTP/1.1" 200 4509
47.128.20.5 - - [29/Jun/2024:04:52:36 +0200] "GET /ticket2/opencms/system/modules/com.gridnine.opencms.ticketbrokerage.site/resources/pics/bank_5_visa_mastercard.png HTTP/1.1" 200 8196
47.128.20.5 - - [29/Jun/2024:04:52:38 +0200] "GET /ticket2/opencms/system/galleries/pics/educa.png HTTP/1.1" 200 233006
95.217.109.26 - - [29/Jun/2024:04:52:39 +0200] "GET /ticket2/opencms/dk/ru/buy/?page=1&edid=7878F0AE-C8FA-5432-FA7C-595B82DC3987&sortorder=desc&column=section HTTP/1.1" 404 -
188.165.212.137 - - [29/Jun/2024:04:52:40 +0200] "GET /ticket2/opencms/de/en/venue/?venueid=CA6B89CB-1236-585A-E228-07129994CD40 HTTP/1.1" 404 -
135.181.75.58 - - [29/Jun/2024:04:52:42 +0200] "GET /ticket2/opencms/de/fi/venue/?venueid=FF995A14-40EA-8EEB-6CB2-5F20B0A58DD9 HTTP/1.1" 404 -
95.217.109.26 - - [29/Jun/2024:04:52:42 +0200] "GET /ticket2/opencms/dk/ru/buy/?page=1&edid=7BA84921-7493-D469-9091-29990BCD69BA&sortorder=asc&column=section HTTP/1.1" 404 -
95.217.109.26 - - [29/Jun/2024:04:52:47 +0200] "GET /ticket2/opencms/dk/ru/buy/?page=1&edid=3073B46A-4E01-598E-3EDB-B08A261454C6 HTTP/1.1" 404 -
95.217.109.26 - - [29/Jun/2024:04:52:52 +0200] "GET /ticket2/opencms/dk/ru/buy/?page=1&edid=3122FC61-42C6-05E4-F860-066646CC846A&sortorder=desc&column=row HTTP/1.1" 404 -
95.217.109.26 - - [29/Jun/2024:04:52:57 +0200] "GET /ticket2/opencms/dk/ru/buy/?page=1&edid=31FC80C3-F408-0E0C-5F3A-C941F4BFE838 HTTP/1.1" 404 -
188.165.212.137 - - [29/Jun/2024:04:52:58 +0200] "GET /ticket2/opencms/de/en/venue/?venueid=CAA98BF5-BF8C-9F8D-456A-D5DB923FB95B HTTP/1.1" 404 -
37.60.238.15 - - [29/Jun/2024:04:53:02 +0200] "GET /ticket2/opencms/de/fi/venue/?venueid=9113985D-44E1-D6AA-8893-307E961DB223 HTTP/1.1" 404 -
95.217.109.26 - - [29/Jun/2024:04:53:02 +0200] "GET /ticket2/opencms/dk/ru/buy/?page=1&edid=31FC80C3-F408-0E0C-5F3A-C941F4BFE838&sortorder=desc&column=price HTTP/1.1" 404 -
95.217.109.26 - - [29/Jun/2024:04:53:07 +0200] "GET /ticket2/opencms/dk/ru/buy/?page=1&edid=31FC80C3-F408-0E0C-5F3A-C941F4BFE838&sortorder=desc&column=row HTTP/1.1" 404 -
185.169.252.159 - - [29/Jun/2024:04:53:10 +0200] "GET /ticket2/opencms/sv/login/?edid=31CECE39-C1FC-F090-49FC-B872E815E667 HTTP/1.1" 200 74250
95.217.109.26 - - [29/Jun/2024:04:53:12 +0200] "GET /ticket2/opencms/dk/ru/buy/?page=1&edid=31FC80C3-F408-0E0C-5F3A-C941F4BFE838&sortorder=desc&column=section HTTP/1.1" 404 -
188.165.212.137 - - [29/Jun/2024:04:53:15 +0200] "GET /ticket2/opencms/de/en/venue/?venueid=CAB4F4C7-6D45-C26D-C063-947E43EB66F6 HTTP/1.1" 404 -
95.217.109.26 - - [29/Jun/2024:04:53:17 +0200] "GET /ticket2/opencms/dk/ru/buy/?page=1&edid=32A94776-FE00-228B-7B34-31E5A640D10B HTTP/1.1" 404 -
95.217.109.26 - - [29/Jun/2024:04:53:21 +0200] "GET /ticket2/opencms/dk/ru/buy/?page=1&edid=32A94776-FE00-228B-7B34-31E5A640D10B&sortorder=desc&column=price HTTP/1.1" 404 -
66.249.75.106 - - [29/Jun/2024:04:53:25 +0200] "GET /ticket2/opencms/en/venue/?venueid=04A9823B-8F69-B2B4-6AE5-8FC04D38A9D5 HTTP/1.1" 200 71362
66.249.75.105 - - [29/Jun/2024:04:53:25 +0200] "GET /ticket2/opencms/en/venue/?venueid=81A44EEB-A7AF-B656-9823-252B9D5DFE29 HTTP/1.1" 200 71434
95.217.109.26 - - [29/Jun/2024:04:53:26 +0200] "GET /ticket2/opencms/dk/ru/buy/?page=1&edid=32A94776-FE00-228B-7B34-31E5A640D10B&sortorder=desc&column=row HTTP/1.1" 404 -
66.249.75.161 - - [29/Jun/2024:04:53:27 +0200] "GET /ticket2/opencms/dk/venue/?venueid=F01492AB-E24E-0642-65F1-7BCAAE719FAD HTTP/1.1" 200 71803
47.128.21.45 - - [29/Jun/2024:04:53:30 +0200] "GET /ticket2/opencms/en/buy/?eventid=98D6DBA4-9E5E-11DD-D46D-212796B99E3D&page=10&venueid=152137BD-51FA-C49F-6002-B503D5181B54 HTTP/1.1" 200 72680
47.128.21.45 - - [29/Jun/2024:04:53:31 +0200] "GET /ticket2/opencms/system/modules/com.gridnine.opencms.ticketbrokerage.site/resources/pics/logo-new.png HTTP/1.1" 200 13541
95.217.109.26 - - [29/Jun/2024:04:53:31 +0200] "GET /ticket2/opencms/dk/ru/buy/?page=1&edid=32A94776-FE00-228B-7B34-31E5A640D10B&sortorder=desc&column=section HTTP/1.1" 404 -
47.128.21.45 - - [29/Jun/2024:04:53:31 +0200] "GET /ticket2/opencms/system/modules/com.gridnine.opencms.ticketbrokerage.site/resources/pics/bank_1_nordea.png HTTP/1.1" 200 4807
47.128.21.45 - - [29/Jun/2024:04:53:32 +0200] "GET /ticket2/opencms/system/modules/com.gridnine.opencms.ticketbrokerage.site/resources/pics/bank_3_swedbank.png HTTP/1.1" 200 5740
47.128.21.45 - - [29/Jun/2024:04:53:32 +0200] "GET /ticket2/opencms/system/modules/com.gridnine.opencms.ticketbrokerage.site/resources/pics/bank_5_visa_mastercard.png HTTP/1.1" 200 8196
47.128.21.45 - - [29/Jun/2024:04:53:32 +0200] "GET /ticket2/opencms/system/modules/com.gridnine.opencms.ticketbrokerage.site/resources/pics/bank_2_handelsbanken.png HTTP/1.1" 200 4509
47.128.21.45 - - [29/Jun/2024:04:53:32 +0200] "GET /ticket2/opencms/system/modules/com.gridnine.opencms.ticketbrokerage.site/resources/pics/bank_4_seb.png HTTP/1.1" 200 2487
47.128.21.45 - - [29/Jun/2024:04:53:32 +0200] "GET /ticket2/opencms/system/modules/com.gridnine.opencms.ticketbrokerage.site/resources/pics/bank_6_american_express.png HTTP/1.1" 200 5570
188.165.212.137 - - [29/Jun/2024:04:53:33 +0200] "GET /ticket2/opencms/de/en/venue/?venueid=CB444C4A-4CCE-4670-714E-21D950F578CB HTTP/1.1" 404 -
95.217.109.26 - - [29/Jun/2024:04:53:36 +0200] "GET /ticket2/opencms/dk/ru/buy/?page=1&edid=32BF0609-F2DA-AC01-0A1E-DC0F351CAD89&sortorder=asc&column=row HTTP/1.1" 404 -
47.128.60.126 - - [29/Jun/2024:04:53:37 +0200] "GET /ticket2/opencms/dk/buy/?edid=D96122AD-C3AA-80F5-DDA8-935E03AE952D HTTP/1.1" 200 72066
65.108.227.178 - - [29/Jun/2024:04:53:37 +0200] "GET /ticket2/opencms/de/fi/buy/?page=1&edid=75DB9E0C-160D-3025-2938-CBFD4F5F1C36 HTTP/1.1" 404 -
47.128.60.126 - - [29/Jun/2024:04:53:37 +0200] "GET /ticket2/opencms/system/modules/com.gridnine.opencms.ticketbrokerage.site/resources/pics/logo-new.png HTTP/1.1" 200 13541
47.128.60.126 - - [29/Jun/2024:04:53:38 +0200] "GET /ticket2/opencms/system/modules/com.gridnine.opencms.ticketbrokerage.site/resources/pics/bank_5_visa_mastercard.png HTTP/1.1" 200 8196
47.128.60.126 - - [29/Jun/2024:04:53:38 +0200] "GET /ticket2/opencms/system/modules/com.gridnine.opencms.ticketbrokerage.site/resources/pics/bank_4_seb.png HTTP/1.1" 200 2487
47.128.60.126 - - [29/Jun/2024:04:53:38 +0200] "GET /ticket2/opencms/system/modules/com.gridnine.opencms.ticketbrokerage.site/resources/pics/bank_3_swedbank.png HTTP/1.1" 200 5740
47.128.60.126 - - [29/Jun/2024:04:53:38 +0200] "GET /ticket2/opencms/system/modules/com.gridnine.opencms.ticketbrokerage.site/resources/pics/bank_2_handelsbanken.png HTTP/1.1" 200 4509
47.128.60.126 - - [29/Jun/2024:04:53:38 +0200] "GET /ticket2/opencms/system/modules/com.gridnine.opencms.ticketbrokerage.site/resources/pics/bank_1_nordea.png HTTP/1.1" 200 4807
47.128.60.126 - - [29/Jun/2024:04:53:38 +0200] "GET /ticket2/opencms/system/modules/com.gridnine.opencms.ticketbrokerage.site/resources/pics/bank_6_american_express.png HTTP/1.1" 200 5570
95.217.109.26 - - [29/Jun/2024:04:53:41 +0200] "GET /ticket2/opencms/dk/ru/buy/?page=1&edid=339EDA10-B62A-1F35-FCC8-84A1C3C6A12F&sortorder=desc&column=section HTTP/1.1" 404 -
95.217.109.26 - - [29/Jun/2024:04:53:46 +0200] "GET /ticket2/opencms/dk/ru/buy/?page=1&edid=416AF55F-514F-2160-BC27-AA256BD3A8AE&sortorder=desc&column=row HTTP/1.1" 404 -
40.77.167.4 - - [29/Jun/2024:04:53:48 +0200] "GET /ticket2/opencms/sv/venue/?countryid=CEA98181-AF32-4AD7-7F85-B2BF5D143D52 HTTP/1.1" 200 101554
40.77.167.4 - - [29/Jun/2024:04:53:49 +0200] "GET /ticket2/opencms/en/venue/?venueid=7323AE7D-D178-B332-F0E5-FE2EC0804060 HTTP/1.1" 200 71365
188.165.212.137 - - [29/Jun/2024:04:53:50 +0200] "GET /ticket2/opencms/de/en/venue/?venueid=CBCA4CA4-CBC4-330E-5D1E-6AD93EA9F82A HTTP/1.1" 404 -
37.60.238.15 - - [29/Jun/2024:04:53:50 +0200] "GET /ticket2/opencms/de/fi/venue/?venueid=912F0069-B2C0-0AC0-F2EF-4265D10E9B2C HTTP/1.1" 404 -
95.217.109.26 - - [29/Jun/2024:04:53:51 +0200] "GET /ticket2/opencms/dk/ru/buy/?page=1&edid=4D4DE84F-22AD-3528-315F-CA4FF1AF4B0B HTTP/1.1" 404 -
95.217.109.26 - - [29/Jun/2024:04:53:56 +0200] "GET /ticket2/opencms/dk/ru/buy/?page=1&edid=4E224E70-D98F-49F7-93EA-A39EF22C3517 HTTP/1.1" 404 -
195.191.219.133 - - [29/Jun/2024:04:53:57 +0200] "GET /ticket2/opencms/de/robots.txt HTTP/1.1" 404 -
95.217.109.26 - - [29/Jun/2024:04:54:01 +0200] "GET /ticket2/opencms/dk/ru/buy/?page=1&edid=4FA35C52-FFF1-5176-02B2-76834248E00E HTTP/1.1" 404 -
51.222.253.2 - - [29/Jun/2024:04:54:01 +0200] "GET /ticket2/opencms/sv/buy/?comcatid=A17713B6-D984-201A-4143-ED4DB5ED5C2E&catid=&npage=1 HTTP/1.1" 200 241414
40.77.167.41 - - [29/Jun/2024:04:54:02 +0200] "GET /ticket2/opencms/en/venue/?venueid=0DA9220F-5BB2-461D-5A38-C07E9D74A1A9 HTTP/1.1" 200 71332
195.191.219.133 - - [29/Jun/2024:04:54:05 +0200] "GET /ticket2/opencms/de/ HTTP/1.1" 200 91946
95.217.109.26 - - [29/Jun/2024:04:54:06 +0200] "GET /ticket2/opencms/dk/ru/buy/?page=1&edid=4FDB7F94-F8AB-DA67-68DF-7DD5AAAA6868 HTTP/1.1" 404 -
185.191.171.11 - - [29/Jun/2024:04:54:07 +0200] "GET /ticket2/opencms/en/sport/football-tickets/serie_a/genoa/ HTTP/1.1" 200 73197
188.165.212.137 - - [29/Jun/2024:04:54:09 +0200] "GET /ticket2/opencms/de/en/venue/?venueid=CBFE8A4E-C585-9190-3329-E41131A827AB HTTP/1.1" 404 -
95.217.109.26 - - [29/Jun/2024:04:54:10 +0200] "GET /ticket2/opencms/dk/ru/buy/?page=1&edid=504DCAFD-590A-5865-0E7B-51575F78C6D6&sortorder=desc&column=section HTTP/1.1" 404 -
95.217.109.26 - - [29/Jun/2024:04:54:15 +0200] "GET /ticket2/opencms/dk/ru/buy/?page=1&edid=514BDBC8-4F19-F774-391B-6A80EC30812B HTTP/1.1" 404 -
95.217.109.26 - - [29/Jun/2024:04:54:21 +0200] "GET /ticket2/opencms/dk/ru/buy/?page=1&edid=514BDBC8-4F19-F774-391B-6A80EC30812B&sortorder=desc&column=price HTTP/1.1" 404 -
95.217.109.26 - - [29/Jun/2024:04:54:26 +0200] "GET /ticket2/opencms/dk/ru/buy/?page=1&edid=514BDBC8-4F19-F774-391B-6A80EC30812B&sortorder=desc&column=row HTTP/1.1" 404 -
4.246.170.250 - - [29/Jun/2024:04:54:26 +0200] "GET /ticket2/opencms/system/modules/com.gridnine.opencms.ticketbrokerage.site/resources/pics/front_page/sv/Svenska_fans.jpg HTTP/1.1" 200 7096
47.128.36.180 - - [29/Jun/2024:04:54:26 +0200] "GET /ticket2/opencms/fi/venue/?venueid=1331789E-22D7-FAB8-583C-218875CD19E1 HTTP/1.1" 200 72933
47.128.36.180 - - [29/Jun/2024:04:54:27 +0200] "GET /ticket2/opencms/system/modules/com.gridnine.opencms.ticketbrokerage.site/resources/pics/logo-new.png HTTP/1.1" 200 13541
47.128.36.180 - - [29/Jun/2024:04:54:27 +0200] "GET /ticket2/opencms/system/modules/com.gridnine.opencms.ticketbrokerage.site/resources/pics/bank_1_nordea.png HTTP/1.1" 200 4807
47.128.36.180 - - [29/Jun/2024:04:54:28 +0200] "GET /ticket2/opencms/system/modules/com.gridnine.opencms.ticketbrokerage.site/resources/pics/bank_5_visa_mastercard.png HTTP/1.1" 200 8196
47.128.36.180 - - [29/Jun/2024:04:54:28 +0200] "GET /ticket2/opencms/system/modules/com.gridnine.opencms.ticketbrokerage.site/resources/pics/bank_3_swedbank.png HTTP/1.1" 200 5740
47.128.36.180 - - [29/Jun/2024:04:54:28 +0200] "GET /ticket2/opencms/system/modules/com.gridnine.opencms.ticketbrokerage.site/resources/pics/bank_4_seb.png HTTP/1.1" 200 2487
47.128.36.180 - - [29/Jun/2024:04:54:28 +0200] "GET /ticket2/opencms/system/modules/com.gridnine.opencms.ticketbrokerage.site/resources/pics/bank_2_handelsbanken.png HTTP/1.1" 200 4509
47.128.36.180 - - [29/Jun/2024:04:54:28 +0200] "GET /ticket2/opencms/system/modules/com.gridnine.opencms.ticketbrokerage.site/resources/pics/bank_6_american_express.png HTTP/1.1" 200 5570
188.165.212.137 - - [29/Jun/2024:04:54:30 +0200] "GET /ticket2/opencms/de/en/venue/?venueid=CC4FD98A-C25D-6CAC-C1D7-2EA904ADF809 HTTP/1.1" 404 -
95.217.109.26 - - [29/Jun/2024:04:54:30 +0200] "GET /ticket2/opencms/dk/ru/buy/?page=1&edid=52B111F0-640E-2ACD-E064-19F4F4D5EF2A&sortorder=desc&column=price HTTP/1.1" 404 -
135.181.75.58 - - [29/Jun/2024:04:54:32 +0200] "GET /ticket2/opencms/de/fi/venue/?venueid=FFA115B2-38B9-DF68-21D2-8F2E64EF271D HTTP/1.1" 404 -
95.217.109.26 - - [29/Jun/2024:04:54:35 +0200] "GET /ticket2/opencms/dk/ru/buy/?page=1&edid=52B111F0-640E-2ACD-E064-19F4F4D5EF2A&sortorder=desc&column=row HTTP/1.1" 404 -
95.217.109.26 - - [29/Jun/2024:04:54:40 +0200] "GET /ticket2/opencms/dk/ru/buy/?page=1&edid=545E91DA-C582-272C-B8E6-2C5696387204 HTTP/1.1" 404 -
40.77.167.23 - - [29/Jun/2024:04:54:43 +0200] "GET /ticket2/opencms/en/venue/?venueid=4686023E-1A9C-D773-1EF5-78A9D0532992 HTTP/1.1" 200 71429
95.217.109.26 - - [29/Jun/2024:04:54:45 +0200] "GET /ticket2/opencms/dk/ru/buy/?page=1&edid=54FCA12C-C183-16CC-D976-1EFF0137430F HTTP/1.1" 404 -
188.165.212.137 - - [29/Jun/2024:04:54:48 +0200] "GET /ticket2/opencms/de/en/venue/?venueid=CC8EBEE0-20C4-450E-B0B6-DECB88FE890B HTTP/1.1" 404 -
95.217.109.26 - - [29/Jun/2024:04:54:50 +0200] "GET /ticket2/opencms/dk/ru/buy/?page=1&edid=5556BA40-54E1-CC2D-85F8-AEC34D9EFF95 HTTP/1.1" 404 -
37.60.238.15 - - [29/Jun/2024:04:54:51 +0200] "GET /ticket2/opencms/de/fi/venue/?venueid=91526645-E783-705C-B0EA-08AE718DF753 HTTP/1.1" 404 -
65.108.227.178 - - [29/Jun/2024:04:54:53 +0200] "GET /ticket2/opencms/de/fi/buy/?page=1&edid=78082CE8-FF07-6DCD-F684-97CDB9F54EAF HTTP/1.1" 404 -
95.217.109.26 - - [29/Jun/2024:04:54:55 +0200] "GET /ticket2/opencms/dk/ru/buy/?page=1&edid=56620ABF-F3DD-4A9B-E6C4-076728889E50&sortorder=desc&column=price HTTP/1.1" 404 -
66.249.72.35 - - [29/Jun/2024:04:54:59 +0200] "GET /ticket2/opencms/en/venue/?venueid=3EE4FE55-15E3-AF2C-FE6F-193C6997CCEA HTTP/1.1" 200 71345
51.222.253.13 - - [29/Jun/2024:04:54:59 +0200] "GET /ticket2/opencms/nl/buy/?page=6&comcatid=97ECA65A-72DA-F9AF-9DBB-245D3CFED1BE&catid=757E2DFB-33DA-9B34-8402-9F06B19D8409 HTTP/1.1" 200 76030
95.217.109.26 - - [29/Jun/2024:04:55:00 +0200] "GET /ticket2/opencms/dk/ru/buy/?page=1&edid=5685D4F1-DA1F-5275-BF3E-BE6818FDF10F&sortorder=desc&column=price HTTP/1.1" 404 -
85.208.96.207 - - [29/Jun/2024:04:55:00 +0200] "GET /ticket2/opencms/no/sport/ishockey/ HTTP/1.1" 200 71572
188.165.212.137 - - [29/Jun/2024:04:55:03 +0200] "GET /ticket2/opencms/de/en/venue/?venueid=CC9A440E-B464-CC4E-06EE-F66092FB8CD7 HTTP/1.1" 404 -
95.217.109.26 - - [29/Jun/2024:04:55:04 +0200] "GET /ticket2/opencms/dk/ru/buy/?page=1&edid=5685D4F1-DA1F-5275-BF3E-BE6818FDF10F&sortorder=desc&column=row HTTP/1.1" 404 -
95.217.109.26 - - [29/Jun/2024:04:55:09 +0200] "GET /ticket2/opencms/dk/ru/buy/?page=1&edid=5685D4F1-DA1F-5275-BF3E-BE6818FDF10F&sortorder=desc&column=section HTTP/1.1" 404 -
95.217.109.26 - - [29/Jun/2024:04:55:14 +0200] "GET /ticket2/opencms/dk/ru/buy/?page=1&edid=56EB48DE-C920-96AE-7A9D-852BD8A1A365 HTTP/1.1" 404 -
188.165.212.137 - - [29/Jun/2024:04:55:18 +0200] "GET /ticket2/opencms/de/en/venue/?venueid=CD1E4382-C9AC-7735-F8A6-8B8BE4233203 HTTP/1.1" 404 -
185.191.171.13 - - [29/Jun/2024:04:55:19 +0200] "GET /ticket2/opencms/sv/sport/fotbollsbiljetter/english-championship/leeds/ HTTP/1.1" 200 73636
95.217.109.26 - - [29/Jun/2024:04:55:19 +0200] "GET /ticket2/opencms/dk/ru/buy/?page=1&edid=56EB48DE-C920-96AE-7A9D-852BD8A1A365&sortorder=desc&column=price HTTP/1.1" 404 -
95.217.109.26 - - [29/Jun/2024:04:55:24 +0200] "GET /ticket2/opencms/dk/ru/buy/?page=1&edid=56EB48DE-C920-96AE-7A9D-852BD8A1A365&sortorder=desc&column=row HTTP/1.1" 404 -
47.128.121.66 - - [29/Jun/2024:04:55:24 +0200] "GET /ticket2/opencms/fi/venue/?venueid=83D2FCB9-12EF-B122-826C-DC04BB1922D3 HTTP/1.1" 200 72906
47.128.121.66 - - [29/Jun/2024:04:55:26 +0200] "GET /ticket2/opencms/system/modules/com.gridnine.opencms.ticketbrokerage.site/resources/pics/bank_2_handelsbanken.png HTTP/1.1" 200 4509
47.128.121.66 - - [29/Jun/2024:04:55:26 +0200] "GET /ticket2/opencms/system/modules/com.gridnine.opencms.ticketbrokerage.site/resources/pics/logo-new.png HTTP/1.1" 200 13541
47.128.121.66 - - [29/Jun/2024:04:55:26 +0200] "GET /ticket2/opencms/system/modules/com.gridnine.opencms.ticketbrokerage.site/resources/pics/bank_1_nordea.png HTTP/1.1" 200 4807
47.128.121.66 - - [29/Jun/2024:04:55:26 +0200] "GET /ticket2/opencms/system/modules/com.gridnine.opencms.ticketbrokerage.site/resources/pics/bank_4_seb.png HTTP/1.1" 200 2487
47.128.121.66 - - [29/Jun/2024:04:55:26 +0200] "GET /ticket2/opencms/system/modules/com.gridnine.opencms.ticketbrokerage.site/resources/pics/bank_3_swedbank.png HTTP/1.1" 200 5740
47.128.121.66 - - [29/Jun/2024:04:55:26 +0200] "GET /ticket2/opencms/system/modules/com.gridnine.opencms.ticketbrokerage.site/resources/pics/bank_5_visa_mastercard.png HTTP/1.1" 200 8196
47.128.121.66 - - [29/Jun/2024:04:55:26 +0200] "GET /ticket2/opencms/system/modules/com.gridnine.opencms.ticketbrokerage.site/resources/pics/bank_6_american_express.png HTTP/1.1" 200 5570
95.217.109.26 - - [29/Jun/2024:04:55:29 +0200] "GET /ticket2/opencms/dk/ru/buy/?page=1&edid=574A97A1-436C-7447-9CE6-CF4F5316C15F HTTP/1.1" 404 -
188.165.212.137 - - [29/Jun/2024:04:55:33 +0200] "GET /ticket2/opencms/de/en/venue/?venueid=CD2E8AAD-090E-40AF-0A43-ED1B150BDB6B HTTP/1.1" 404 -
95.217.109.26 - - [29/Jun/2024:04:55:34 +0200] "GET /ticket2/opencms/dk/ru/buy/?page=1&edid=57A92A98-F30F-B422-92C0-3AC6E86A8F6E&sortorder=desc&column=price HTTP/1.1" 404 -
95.217.109.26 - - [29/Jun/2024:04:55:39 +0200] "GET /ticket2/opencms/dk/ru/buy/?page=1&edid=57A92A98-F30F-B422-92C0-3AC6E86A8F6E&sortorder=desc&column=row HTTP/1.1" 404 -
188.165.212.137 - - [29/Jun/2024:04:55:40 +0200] "GET /ticket2/opencms/de/en/venue/?venueid=CD32B3F7-34D3-CF7E-6DBA-DDCFD6F1CB57 HTTP/1.1" 404 -
95.217.109.26 - - [29/Jun/2024:04:55:44 +0200] "GET /ticket2/opencms/dk/ru/buy/?page=1&edid=57A92A98-F30F-B422-92C0-3AC6E86A8F6E&sortorder=desc&column=section HTTP/1.1" 404 -
188.165.212.137 - - [29/Jun/2024:04:55:46 +0200] "GET /ticket2/opencms/de/en/venue/?venueid=CDC6FC77-3278-004D-0559-D29218CB1115 HTTP/1.1" 404 -
95.217.109.26 - - [29/Jun/2024:04:55:49 +0200] "GET /ticket2/opencms/dk/ru/buy/?page=1&edid=57E251AE-FC4B-7281-E6A3-A78FAA4C7878&sortorder=desc&column=price HTTP/1.1" 404 -
37.60.238.15 - - [29/Jun/2024:04:55:53 +0200] "GET /ticket2/opencms/de/fi/venue/?venueid=91672A3F-D5FF-A436-E120-7AA50E9CF3E6 HTTP/1.1" 404 -
188.165.212.137 - - [29/Jun/2024:04:55:53 +0200] "GET /ticket2/opencms/de/en/venue/?venueid=CE35E84A-E17B-81F5-B9A1-6D3C836F25BA HTTP/1.1" 404 -
95.217.109.26 - - [29/Jun/2024:04:55:54 +0200] "GET /ticket2/opencms/dk/ru/buy/?page=1&edid=58F4C4F8-EBCA-36EE-4A2F-E6FAAC376DF3&sortorder=desc&column=section HTTP/1.1" 404 -
47.128.123.151 - - [29/Jun/2024:04:55:54 +0200] "GET /ticket2/opencms/no/buy?edid=F78B03FA-4A60-BDC0-B4DA-96975C817683 HTTP/1.1" 200 72905
47.128.123.151 - - [29/Jun/2024:04:55:55 +0200] "GET /ticket2/opencms/system/modules/com.gridnine.opencms.ticketbrokerage.site/resources/pics/logo-new.png HTTP/1.1" 200 13541
47.128.123.151 - - [29/Jun/2024:04:55:55 +0200] "GET /ticket2/opencms/system/modules/com.gridnine.opencms.ticketbrokerage.site/resources/pics/bank_2_handelsbanken.png HTTP/1.1" 200 4509
216.245.221.83 - - [29/Jun/2024:04:55:55 +0200] "HEAD /ticket2/opencms/ HTTP/1.1" 302 -
47.128.123.151 - - [29/Jun/2024:04:55:56 +0200] "GET /ticket2/opencms/system/modules/com.gridnine.opencms.ticketbrokerage.site/resources/pics/bank_4_seb.png HTTP/1.1" 200 2487
47.128.123.151 - - [29/Jun/2024:04:55:56 +0200] "GET /ticket2/opencms/system/modules/com.gridnine.opencms.ticketbrokerage.site/resources/pics/bank_1_nordea.png HTTP/1.1" 200 4807
47.128.123.151 - - [29/Jun/2024:04:55:56 +0200] "GET /ticket2/opencms/system/modules/com.gridnine.opencms.ticketbrokerage.site/resources/pics/bank_3_swedbank.png HTTP/1.1" 200 5740
47.128.123.151 - - [29/Jun/2024:04:55:56 +0200] "GET /ticket2/opencms/system/modules/com.gridnine.opencms.ticketbrokerage.site/resources/pics/bank_5_visa_mastercard.png HTTP/1.1" 200 8196
47.128.123.151 - - [29/Jun/2024:04:55:56 +0200] "GET /ticket2/opencms/system/modules/com.gridnine.opencms.ticketbrokerage.site/resources/pics/bank_6_american_express.png HTTP/1.1" 200 5570
185.191.171.14 - - [29/Jun/2024:04:55:57 +0200] "GET /ticket2/opencms/sv/sport/fotbollsbiljetter/english-championship/west_bromwich/ HTTP/1.1" 200 73690
216.245.221.83 - - [29/Jun/2024:04:55:58 +0200] "HEAD /ticket2/opencms/en/ HTTP/1.1" 200 -
95.217.109.26 - - [29/Jun/2024:04:55:58 +0200] "GET /ticket2/opencms/dk/ru/buy/?page=1&edid=5A2DFBF4-8470-A6C2-2249-BF19FA14C619&sortorder=asc&column=section HTTP/1.1" 404 -
52.167.144.222 - - [29/Jun/2024:04:55:59 +0200] "GET /ticket2/opencms/en/venue/?venueid=308D5B12-D557-DF8F-3129-5C03B03BE75B HTTP/1.1" 200 71357
188.165.212.137 - - [29/Jun/2024:04:55:59 +0200] "GET /ticket2/opencms/de/en/venue/?venueid=CE4FED53-6E30-BE8F-19FA-6C86D6E41D34 HTTP/1.1" 404 -
65.108.227.178 - - [29/Jun/2024:04:56:00 +0200] "GET /ticket2/opencms/de/fi/buy/?page=1&edid=7E653C31-A788-6271-D9AA-FE8367BFE104 HTTP/1.1" 404 -
51.222.253.2 - - [29/Jun/2024:04:56:00 +0200] "GET /ticket2/opencms/en/venue/?venueid=D4F19FB0-0B28-632C-9086-124F525CC6BE HTTP/1.1" 200 71419
66.249.75.105 - - [29/Jun/2024:04:56:00 +0200] "GET /ticket2/opencms/en/venue/?venueid=853E22E8-AAA5-D638-4DB5-6F3AE80E94F8 HTTP/1.1" 200 71433
66.249.76.160 - - [29/Jun/2024:04:56:01 +0200] "GET /ticket2/opencms/fi/urheilu/jalkapallo/serie_a/ HTTP/1.1" 200 79063
66.249.72.33 - - [29/Jun/2024:04:56:02 +0200] "GET /ticket2/opencms/robots.txt HTTP/1.1" 200 773
185.191.171.9 - - [29/Jun/2024:04:56:02 +0200] "GET /ticket2/opencms/fi/urheilu/jalkapallo/la-liga/getafe/ HTTP/1.1" 200 75465
