47.128.110.12 - - [29/Jun/2024:02:29:36 +0200] "GET /ticket2/opencms/system/modules/com.gridnine.opencms.ticketbrokerage.site/resources/pics/bank_4_seb.png HTTP/1.1" 200 2487
47.128.110.12 - - [29/Jun/2024:02:29:36 +0200] "GET /ticket2/opencms/system/modules/com.gridnine.opencms.ticketbrokerage.site/resources/pics/bank_6_american_express.png HTTP/1.1" 200 5570
114.119.135.169 - - [29/Jun/2024:02:29:37 +0200] "GET /ticket2/opencms/en/buy/?page=1&edid=8A51E236-2369-FAE7-CC91-1740591B78C3 HTTP/1.1" 200 85188
192.99.14.159 - - [29/Jun/2024:02:29:39 +0200] "GET /ticket2/opencms/dk/dk/buy/?page=1&edid=CB6B67ED-718B-F4D1-295A-F40142E220E6&sortorder=asc&column=section HTTP/1.1" 404 -
216.244.66.238 - - [29/Jun/2024:02:29:39 +0200] "GET /ticket2/opencms/sv/konsertbiljetter/the-ark/ HTTP/1.1" 200 73526
51.222.253.1 - - [29/Jun/2024:02:29:47 +0200] "GET /ticket2/opencms/sv/buy/?page=1&edid=3DA4D4F8-D0E8-FA39-BB7D-9FB474CBAB05 HTTP/1.1" 200 87716
192.99.14.159 - - [29/Jun/2024:02:29:47 +0200] "GET /ticket2/opencms/dk/dk/buy/?page=1&edid=CBA01ADE-7DF6-4B0F-74F0-624423448404&sortorder=asc&column=section HTTP/1.1" 404 -
192.99.14.159 - - [29/Jun/2024:02:29:54 +0200] "GET /ticket2/opencms/dk/dk/buy/?page=1&edid=CBBA80A3-3DF7-282E-E161-69339BF660DB&sortorder=asc&column=row HTTP/1.1" 404 -
192.99.14.159 - - [29/Jun/2024:02:30:01 +0200] "GET /ticket2/opencms/dk/dk/buy/?page=1&edid=CBC4B392-FAC7-9455-029C-97AC33F5E66F&sortorder=asc&column=price HTTP/1.1" 404 -
192.99.14.159 - - [29/Jun/2024:02:30:10 +0200] "GET /ticket2/opencms/dk/dk/buy/?page=1&edid=CBC4B392-FAC7-9455-029C-97AC33F5E66F&sortorder=asc&column=row HTTP/1.1" 404 -
66.249.75.169 - - [29/Jun/2024:02:30:12 +0200] "GET /ticket2/opencms/de/ HTTP/1.1" 200 91946
66.249.76.194 - - [29/Jun/2024:02:30:13 +0200] "GET /ticket2/opencms/dk/buy/?page=1&edid=06839E1C-8CA0-2766-B39C-B161E06D9E51 HTTP/1.1" 200 111665
192.99.14.159 - - [29/Jun/2024:02:30:19 +0200] "GET /ticket2/opencms/dk/dk/buy/?page=1&edid=CBC4B392-FAC7-9455-029C-97AC33F5E66F&sortorder=desc&column=section HTTP/1.1" 404 -
192.99.14.159 - - [29/Jun/2024:02:30:25 +0200] "GET /ticket2/opencms/dk/dk/buy/?page=1&edid=CBEBD4F1-F80E-56D6-E5D6-1B32F628225F&sortorder=asc&column=row HTTP/1.1" 404 -
192.99.14.159 - - [29/Jun/2024:02:30:31 +0200] "GET /ticket2/opencms/dk/dk/buy/?page=1&edid=CC33A6F6-C64B-FC65-C420-F12FE93D0E9E&sortorder=desc&column=row HTTP/1.1" 404 -
47.128.33.103 - - [29/Jun/2024:02:30:32 +0200] "GET /ticket2/opencms/fi/venue/?venueid=D469B02A-A348-1879-8637-C23BC06689E4 HTTP/1.1" 200 72951
47.128.33.103 - - [29/Jun/2024:02:30:32 +0200] "GET /ticket2/opencms/system/modules/com.gridnine.opencms.ticketbrokerage.site/resources/pics/logo-new.png HTTP/1.1" 200 13541
47.128.33.103 - - [29/Jun/2024:02:30:33 +0200] "GET /ticket2/opencms/system/modules/com.gridnine.opencms.ticketbrokerage.site/resources/pics/bank_2_handelsbanken.png HTTP/1.1" 200 4509
47.128.33.103 - - [29/Jun/2024:02:30:33 +0200] "GET /ticket2/opencms/system/modules/com.gridnine.opencms.ticketbrokerage.site/resources/pics/bank_4_seb.png HTTP/1.1" 200 2487
47.128.33.103 - - [29/Jun/2024:02:30:33 +0200] "GET /ticket2/opencms/system/modules/com.gridnine.opencms.ticketbrokerage.site/resources/pics/bank_5_visa_mastercard.png HTTP/1.1" 200 8196
47.128.33.103 - - [29/Jun/2024:02:30:33 +0200] "GET /ticket2/opencms/system/modules/com.gridnine.opencms.ticketbrokerage.site/resources/pics/bank_3_swedbank.png HTTP/1.1" 200 5740
47.128.33.103 - - [29/Jun/2024:02:30:34 +0200] "GET /ticket2/opencms/system/modules/com.gridnine.opencms.ticketbrokerage.site/resources/pics/bank_1_nordea.png HTTP/1.1" 200 4807
47.128.33.103 - - [29/Jun/2024:02:30:34 +0200] "GET /ticket2/opencms/system/modules/com.gridnine.opencms.ticketbrokerage.site/resources/pics/bank_6_american_express.png HTTP/1.1" 200 5570
216.244.66.238 - - [29/Jun/2024:02:30:34 +0200] "GET /ticket2/opencms/dk/en/venue/?countryid=A95940B8-9D24-555E-8502-7702CF57B799 HTTP/1.1" 404 -
192.99.14.159 - - [29/Jun/2024:02:30:42 +0200] "GET /ticket2/opencms/dk/dk/buy/?page=1&edid=CC406F24-F0D4-1A0D-7C4A-0C89C209E0B9&sortorder=desc&column=section HTTP/1.1" 404 -
192.99.14.159 - - [29/Jun/2024:02:30:52 +0200] "GET /ticket2/opencms/dk/dk/buy/?page=1&edid=CC493316-20E6-70E0-9532-12DE2B12039C&sortorder=desc&column=section HTTP/1.1" 404 -
216.245.221.83 - - [29/Jun/2024:02:30:56 +0200] "HEAD /ticket2/opencms/ HTTP/1.1" 302 -
216.245.221.83 - - [29/Jun/2024:02:30:59 +0200] "HEAD /ticket2/opencms/en/ HTTP/1.1" 200 -
192.99.14.159 - - [29/Jun/2024:02:31:00 +0200] "GET /ticket2/opencms/dk/dk/buy/?page=1&edid=CC5BD22A-230E-F727-D9D1-20402FBC5319&sortorder=asc&column=price HTTP/1.1" 404 -
66.249.76.170 - - [29/Jun/2024:02:31:01 +0200] "GET /ticket2/opencms/sv/buy?page=1&edid=D312E8D2-05C6-A8E9-4D62-ADB02195720F HTTP/1.1" 200 88575
37.60.238.15 - - [29/Jun/2024:02:31:02 +0200] "GET /ticket2/opencms/de/robots.txt HTTP/1.1" 404 -
51.222.253.2 - - [29/Jun/2024:02:31:03 +0200] "GET /ticket2/opencms/sv/buy/?page=1&edid=35A2433F-5582-D69E-442B-B85F16AD5184 HTTP/1.1" 200 87717
192.99.14.159 - - [29/Jun/2024:02:31:11 +0200] "GET /ticket2/opencms/dk/dk/buy/?page=1&edid=CC5BD22A-230E-F727-D9D1-20402FBC5319&sortorder=desc&column=row HTTP/1.1" 404 -
66.249.75.167 - - [29/Jun/2024:02:31:13 +0200] "GET /ticket2/opencms/no/sport/fotballsbilletter/la_liga/celta_vigo/ HTTP/1.1" 200 73866
47.128.124.113 - - [29/Jun/2024:02:31:13 +0200] "GET /ticket2/opencms/de/buy/?edid=ABE0D196-5A84-0064-2AAA-8BE846913E3B HTTP/1.1" 200 72578
47.128.124.113 - - [29/Jun/2024:02:31:14 +0200] "GET /ticket2/opencms/system/modules/com.gridnine.opencms.ticketbrokerage.site/resources/pics/logo-new.png HTTP/1.1" 200 13541
47.128.124.113 - - [29/Jun/2024:02:31:14 +0200] "GET /ticket2/opencms/system/modules/com.gridnine.opencms.ticketbrokerage.site/resources/pics/bank_1_nordea.png HTTP/1.1" 200 4807
47.128.124.113 - - [29/Jun/2024:02:31:15 +0200] "GET /ticket2/opencms/system/modules/com.gridnine.opencms.ticketbrokerage.site/resources/pics/bank_4_seb.png HTTP/1.1" 200 2487
47.128.124.113 - - [29/Jun/2024:02:31:15 +0200] "GET /ticket2/opencms/system/modules/com.gridnine.opencms.ticketbrokerage.site/resources/pics/bank_2_handelsbanken.png HTTP/1.1" 200 4509
47.128.124.113 - - [29/Jun/2024:02:31:15 +0200] "GET /ticket2/opencms/system/modules/com.gridnine.opencms.ticketbrokerage.site/resources/pics/bank_5_visa_mastercard.png HTTP/1.1" 200 8196
47.128.124.113 - - [29/Jun/2024:02:31:15 +0200] "GET /ticket2/opencms/system/modules/com.gridnine.opencms.ticketbrokerage.site/resources/pics/bank_3_swedbank.png HTTP/1.1" 200 5740
47.128.124.113 - - [29/Jun/2024:02:31:15 +0200] "GET /ticket2/opencms/system/modules/com.gridnine.opencms.ticketbrokerage.site/resources/pics/bank_6_american_express.png HTTP/1.1" 200 5570
192.99.14.159 - - [29/Jun/2024:02:31:24 +0200] "GET /ticket2/opencms/dk/dk/buy/?page=1&edid=CD1115D3-BE54-2063-75D0-2971502660D4&sortorder=desc&column=row HTTP/1.1" 404 -
47.128.27.85 - - [29/Jun/2024:02:31:27 +0200] "GET /ticket2/opencms/fi/venue/?venueid=4A86096C-BDB9-466D-4A7C-CDB7210B5799 HTTP/1.1" 200 72939
47.128.27.85 - - [29/Jun/2024:02:31:28 +0200] "GET /ticket2/opencms/system/modules/com.gridnine.opencms.ticketbrokerage.site/resources/pics/logo-new.png HTTP/1.1" 200 13541
47.128.27.85 - - [29/Jun/2024:02:31:28 +0200] "GET /ticket2/opencms/system/modules/com.gridnine.opencms.ticketbrokerage.site/resources/pics/bank_1_nordea.png HTTP/1.1" 200 4807
47.128.27.85 - - [29/Jun/2024:02:31:29 +0200] "GET /ticket2/opencms/system/modules/com.gridnine.opencms.ticketbrokerage.site/resources/pics/bank_2_handelsbanken.png HTTP/1.1" 200 4509
47.128.27.85 - - [29/Jun/2024:02:31:29 +0200] "GET /ticket2/opencms/system/modules/com.gridnine.opencms.ticketbrokerage.site/resources/pics/bank_4_seb.png HTTP/1.1" 200 2487
47.128.27.85 - - [29/Jun/2024:02:31:29 +0200] "GET /ticket2/opencms/system/modules/com.gridnine.opencms.ticketbrokerage.site/resources/pics/bank_3_swedbank.png HTTP/1.1" 200 5740
47.128.27.85 - - [29/Jun/2024:02:31:29 +0200] "GET /ticket2/opencms/system/modules/com.gridnine.opencms.ticketbrokerage.site/resources/pics/bank_5_visa_mastercard.png HTTP/1.1" 200 8196
47.128.27.85 - - [29/Jun/2024:02:31:29 +0200] "GET /ticket2/opencms/system/modules/com.gridnine.opencms.ticketbrokerage.site/resources/pics/bank_6_american_express.png HTTP/1.1" 200 5570
192.99.14.159 - - [29/Jun/2024:02:31:33 +0200] "GET /ticket2/opencms/dk/dk/buy/?page=1&edid=CD1115D3-BE54-2063-75D0-2971502660D4&sortorder=desc&column=section HTTP/1.1" 404 -
192.99.14.159 - - [29/Jun/2024:02:31:43 +0200] "GET /ticket2/opencms/dk/dk/buy/?page=1&edid=CD66FFE5-8252-8D1C-BFE4-4A45484D692D&sortorder=asc&column=price HTTP/1.1" 404 -
192.99.14.159 - - [29/Jun/2024:02:31:51 +0200] "GET /ticket2/opencms/dk/dk/buy/?page=1&edid=CD66FFE5-8252-8D1C-BFE4-4A45484D692D&sortorder=asc&column=row HTTP/1.1" 404 -
37.60.238.15 - - [29/Jun/2024:02:31:58 +0200] "GET /ticket2/opencms/de/fi/venue/?venueid=206ACBCE-F23A-1697-D12B-15E9F015565F HTTP/1.1" 404 -
192.99.14.159 - - [29/Jun/2024:02:32:00 +0200] "GET /ticket2/opencms/dk/dk/buy/?page=1&edid=CD66FFE5-8252-8D1C-BFE4-4A45484D692D&sortorder=asc&column=section HTTP/1.1" 404 -
66.249.87.199 - - [29/Jun/2024:02:32:02 +0200] "GET /ticket2/opencms/sv/sport/fotbollsbiljetter/premier_league/chelsea/ HTTP/1.1" 200 87006
192.99.14.159 - - [29/Jun/2024:02:32:09 +0200] "GET /ticket2/opencms/dk/dk/buy/?page=1&edid=CD7DB093-60D9-BD12-A415-1D4CC21F76F9&sortorder=asc&column=price HTTP/1.1" 404 -
51.222.253.2 - - [29/Jun/2024:02:32:12 +0200] "GET /ticket2/opencms/sv/buy/?page=1&edid=26B5B341-FB40-FF92-A06B-966F91DC0894 HTTP/1.1" 200 85955
66.249.76.8 - - [29/Jun/2024:02:32:15 +0200] "GET /ticket2/opencms/fi/venue/?venueid=FF8D2B77-C235-F0A7-6D99-CAC26AC9D392 HTTP/1.1" 200 72950
66.249.75.168 - - [29/Jun/2024:02:32:16 +0200] "GET /ticket2/opencms/nl/buy/?page=1&edid=8E087689-30A7-E7AD-9853-CFBC4F6216DD HTTP/1.1" 200 109680
192.99.14.159 - - [29/Jun/2024:02:32:17 +0200] "GET /ticket2/opencms/dk/dk/buy/?page=1&edid=CD7DB093-60D9-BD12-A415-1D4CC21F76F9&sortorder=asc&column=row HTTP/1.1" 404 -
47.128.22.162 - - [29/Jun/2024:02:32:24 +0200] "GET /ticket2/opencms/fi/venue/?venueid=81A44EEB-A7AF-B656-9823-252B9D5DFE29 HTTP/1.1" 200 73010
192.99.14.159 - - [29/Jun/2024:02:32:26 +0200] "GET /ticket2/opencms/dk/dk/buy/?page=1&edid=CD7DB093-60D9-BD12-A415-1D4CC21F76F9&sortorder=asc&column=section HTTP/1.1" 404 -
47.128.22.162 - - [29/Jun/2024:02:32:26 +0200] "GET /ticket2/opencms/system/modules/com.gridnine.opencms.ticketbrokerage.site/resources/pics/logo-new.png HTTP/1.1" 200 13541
47.128.22.162 - - [29/Jun/2024:02:32:27 +0200] "GET /ticket2/opencms/system/modules/com.gridnine.opencms.ticketbrokerage.site/resources/pics/bank_2_handelsbanken.png HTTP/1.1" 200 4509
47.128.22.162 - - [29/Jun/2024:02:32:27 +0200] "GET /ticket2/opencms/system/modules/com.gridnine.opencms.ticketbrokerage.site/resources/pics/bank_3_swedbank.png HTTP/1.1" 200 5740
47.128.22.162 - - [29/Jun/2024:02:32:27 +0200] "GET /ticket2/opencms/system/modules/com.gridnine.opencms.ticketbrokerage.site/resources/pics/bank_4_seb.png HTTP/1.1" 200 2487
47.128.22.162 - - [29/Jun/2024:02:32:27 +0200] "GET /ticket2/opencms/system/modules/com.gridnine.opencms.ticketbrokerage.site/resources/pics/bank_5_visa_mastercard.png HTTP/1.1" 200 8196
47.128.22.162 - - [29/Jun/2024:02:32:27 +0200] "GET /ticket2/opencms/system/modules/com.gridnine.opencms.ticketbrokerage.site/resources/pics/bank_1_nordea.png HTTP/1.1" 200 4807
47.128.22.162 - - [29/Jun/2024:02:32:27 +0200] "GET /ticket2/opencms/system/modules/com.gridnine.opencms.ticketbrokerage.site/resources/pics/bank_6_american_express.png HTTP/1.1" 200 5570
192.99.14.159 - - [29/Jun/2024:02:32:34 +0200] "GET /ticket2/opencms/dk/dk/buy/?page=1&edid=CD843574-821F-BD11-D02D-75E35292AAE0&sortorder=asc&column=row HTTP/1.1" 404 -
216.245.221.83 - - [29/Jun/2024:02:32:39 +0200] "HEAD /ticket2/opencms/ HTTP/1.1" 302 -
216.245.221.83 - - [29/Jun/2024:02:32:39 +0200] "HEAD /ticket2/opencms/en/ HTTP/1.1" 200 -
192.99.14.159 - - [29/Jun/2024:02:32:40 +0200] "GET /ticket2/opencms/dk/dk/buy/?page=1&edid=CE0B1383-DB26-AB6F-DBFC-52D3C15E0FAA&sortorder=desc&column=price HTTP/1.1" 404 -
192.99.14.159 - - [29/Jun/2024:02:32:47 +0200] "GET /ticket2/opencms/dk/dk/buy/?page=1&edid=CE0B1383-DB26-AB6F-DBFC-52D3C15E0FAA&sortorder=desc&column=row HTTP/1.1" 404 -
37.60.238.15 - - [29/Jun/2024:02:32:48 +0200] "GET /ticket2/opencms/de/fi/venue/?venueid=2093F44A-5602-34FE-CA0A-0A611F93B4B6 HTTP/1.1" 404 -
192.99.14.159 - - [29/Jun/2024:02:32:55 +0200] "GET /ticket2/opencms/dk/dk/buy/?page=1&edid=CE621028-1A2D-9083-AA96-1570F3BDC434&sortorder=desc&column=row HTTP/1.1" 404 -
185.191.171.4 - - [29/Jun/2024:02:33:02 +0200] "GET /ticket2/opencms/en/sport/football-tickets/premier_league/burnley/ HTTP/1.1" 200 73430
192.99.14.159 - - [29/Jun/2024:02:33:06 +0200] "GET /ticket2/opencms/dk/dk/buy/?page=1&edid=CE621028-1A2D-9083-AA96-1570F3BDC434&sortorder=desc&column=section HTTP/1.1" 404 -
192.99.14.159 - - [29/Jun/2024:02:33:14 +0200] "GET /ticket2/opencms/dk/dk/buy/?page=1&edid=CE8C6969-D048-BE1F-DA99-2FC57AB8EF85&sortorder=desc&column=row HTTP/1.1" 404 -
47.128.22.173 - - [29/Jun/2024:02:33:19 +0200] "GET /ticket2/opencms/fi/venue/?venueid=A1666C8B-D5BA-A589-2015-C0D802A28414 HTTP/1.1" 200 72911
47.128.22.173 - - [29/Jun/2024:02:33:21 +0200] "GET /ticket2/opencms/system/modules/com.gridnine.opencms.ticketbrokerage.site/resources/pics/bank_4_seb.png HTTP/1.1" 200 2487
47.128.22.173 - - [29/Jun/2024:02:33:21 +0200] "GET /ticket2/opencms/system/modules/com.gridnine.opencms.ticketbrokerage.site/resources/pics/logo-new.png HTTP/1.1" 200 13541
47.128.22.173 - - [29/Jun/2024:02:33:21 +0200] "GET /ticket2/opencms/system/modules/com.gridnine.opencms.ticketbrokerage.site/resources/pics/bank_1_nordea.png HTTP/1.1" 200 4807
47.128.22.173 - - [29/Jun/2024:02:33:21 +0200] "GET /ticket2/opencms/system/modules/com.gridnine.opencms.ticketbrokerage.site/resources/pics/bank_3_swedbank.png HTTP/1.1" 200 5740
47.128.22.173 - - [29/Jun/2024:02:33:21 +0200] "GET /ticket2/opencms/system/modules/com.gridnine.opencms.ticketbrokerage.site/resources/pics/bank_5_visa_mastercard.png HTTP/1.1" 200 8196
47.128.22.173 - - [29/Jun/2024:02:33:21 +0200] "GET /ticket2/opencms/system/modules/com.gridnine.opencms.ticketbrokerage.site/resources/pics/bank_2_handelsbanken.png HTTP/1.1" 200 4509
47.128.22.173 - - [29/Jun/2024:02:33:22 +0200] "GET /ticket2/opencms/system/modules/com.gridnine.opencms.ticketbrokerage.site/resources/pics/bank_6_american_express.png HTTP/1.1" 200 5570
192.99.14.159 - - [29/Jun/2024:02:33:23 +0200] "GET /ticket2/opencms/dk/dk/buy/?page=1&edid=E71DFAD2-4674-EB79-CCBF-3AEF547F3E77&sortorder=asc&column=section HTTP/1.1" 404 -
51.222.253.18 - - [29/Jun/2024:02:33:24 +0200] "GET /ticket2/opencms/sv/buy/?page=1&edid=19EA038B-40C5-A758-4121-DC981BEF8929 HTTP/1.1" 200 85956
192.99.14.159 - - [29/Jun/2024:02:33:31 +0200] "GET /ticket2/opencms/dk/dk/buy/?page=1&edid=E7DE1929-A083-130D-64FE-3A7EA38FB2AF&sortorder=asc&column=price HTTP/1.1" 404 -
47.128.52.4 - - [29/Jun/2024:02:33:32 +0200] "GET /ticket2/opencms/fr/buy/?edid=9A56F165-F35D-9973-F50A-5FE9863E2B16 HTTP/1.1" 200 72687
47.128.52.4 - - [29/Jun/2024:02:33:33 +0200] "GET /ticket2/opencms/system/modules/com.gridnine.opencms.ticketbrokerage.site/resources/pics/logo-new.png HTTP/1.1" 200 13541
47.128.52.4 - - [29/Jun/2024:02:33:33 +0200] "GET /ticket2/opencms/system/modules/com.gridnine.opencms.ticketbrokerage.site/resources/pics/bank_1_nordea.png HTTP/1.1" 200 4807
47.128.52.4 - - [29/Jun/2024:02:33:34 +0200] "GET /ticket2/opencms/system/modules/com.gridnine.opencms.ticketbrokerage.site/resources/pics/bank_2_handelsbanken.png HTTP/1.1" 200 4509
47.128.52.4 - - [29/Jun/2024:02:33:34 +0200] "GET /ticket2/opencms/system/modules/com.gridnine.opencms.ticketbrokerage.site/resources/pics/bank_4_seb.png HTTP/1.1" 200 2487
47.128.52.4 - - [29/Jun/2024:02:33:34 +0200] "GET /ticket2/opencms/system/modules/com.gridnine.opencms.ticketbrokerage.site/resources/pics/bank_5_visa_mastercard.png HTTP/1.1" 200 8196
47.128.52.4 - - [29/Jun/2024:02:33:34 +0200] "GET /ticket2/opencms/system/modules/com.gridnine.opencms.ticketbrokerage.site/resources/pics/bank_3_swedbank.png HTTP/1.1" 200 5740
47.128.52.4 - - [29/Jun/2024:02:33:34 +0200] "GET /ticket2/opencms/system/modules/com.gridnine.opencms.ticketbrokerage.site/resources/pics/bank_6_american_express.png HTTP/1.1" 200 5570
37.60.238.15 - - [29/Jun/2024:02:33:35 +0200] "GET /ticket2/opencms/de/fi/venue/?venueid=209EC433-E0F9-AA7F-D92A-802704727288 HTTP/1.1" 404 -
192.99.14.159 - - [29/Jun/2024:02:33:39 +0200] "GET /ticket2/opencms/dk/dk/buy/?page=1&edid=E83099B1-485E-5C84-84B0-FD9FB227033F&sortorder=desc&column=price HTTP/1.1" 404 -
192.99.14.159 - - [29/Jun/2024:02:33:47 +0200] "GET /ticket2/opencms/dk/dk/buy/?page=1&edid=E8AA6C4B-74D0-A16F-3657-67F8229DFF4B&sortorder=asc&column=row HTTP/1.1" 404 -
114.119.140.79 - - [29/Jun/2024:02:33:49 +0200] "GET /ticket2/opencms/en/buy/?page=1&edid=62AF51D1-2518-721A-94C3-2C65FC5328DE HTTP/1.1" 200 87686
192.99.14.159 - - [29/Jun/2024:02:33:56 +0200] "GET /ticket2/opencms/dk/dk/buy/?page=1&edid=E99B3C54-F700-0126-628E-FF8EE40F5DE2&sortorder=asc&column=section HTTP/1.1" 404 -
66.249.87.199 - - [29/Jun/2024:02:34:06 +0200] "GET /ticket2/opencms/sv/sport/fotbollsbiljetter/premier_league/ HTTP/1.1" 200 80300
192.99.14.159 - - [29/Jun/2024:02:34:07 +0200] "GET /ticket2/opencms/dk/dk/buy/?page=1&edid=E9BA45F4-F721-E144-69B4-FC664078EBBF&sortorder=asc&column=section HTTP/1.1" 404 -
192.99.14.159 - - [29/Jun/2024:02:34:13 +0200] "GET /ticket2/opencms/dk/dk/buy/?page=1&edid=EA32B580-D146-0295-C525-A28B275AB4E5&sortorder=asc&column=price HTTP/1.1" 404 -
47.128.122.118 - - [29/Jun/2024:02:34:15 +0200] "GET /ticket2/opencms/nl/buy/?catid=739BFC5D-78FA-6834-D764-6CE64CA5F9EC&comcatid=A17713B6-D984-201A-4143-ED4DB5ED5C2E HTTP/1.1" 200 81244
47.128.122.118 - - [29/Jun/2024:02:34:17 +0200] "GET /ticket2/opencms/system/modules/com.gridnine.opencms.ticketbrokerage.site/resources/pics/logo-new.png HTTP/1.1" 200 13541
47.128.122.118 - - [29/Jun/2024:02:34:17 +0200] "GET /ticket2/opencms/system/modules/com.gridnine.opencms.ticketbrokerage.site/resources/pics/bank_1_nordea.png HTTP/1.1" 200 4807
47.128.122.118 - - [29/Jun/2024:02:34:18 +0200] "GET /ticket2/opencms/system/modules/com.gridnine.opencms.ticketbrokerage.site/resources/pics/bank_6_american_express.png HTTP/1.1" 200 5570
47.128.122.118 - - [29/Jun/2024:02:34:18 +0200] "GET /ticket2/opencms/system/modules/com.gridnine.opencms.ticketbrokerage.site/resources/pics/bank_2_handelsbanken.png HTTP/1.1" 200 4509
47.128.122.118 - - [29/Jun/2024:02:34:18 +0200] "GET /ticket2/opencms/system/modules/com.gridnine.opencms.ticketbrokerage.site/resources/pics/bank_5_visa_mastercard.png HTTP/1.1" 200 8196
47.128.122.118 - - [29/Jun/2024:02:34:18 +0200] "GET /ticket2/opencms/system/modules/com.gridnine.opencms.ticketbrokerage.site/resources/pics/bank_4_seb.png HTTP/1.1" 200 2487
66.249.76.194 - - [29/Jun/2024:02:34:18 +0200] "GET /ticket2/opencms/dk/buy/?page=1&edid=E9EECB41-491F-D5CF-82EE-6A187A0B45F5 HTTP/1.1" 200 87515
47.128.122.118 - - [29/Jun/2024:02:34:18 +0200] "GET /ticket2/opencms/system/modules/com.gridnine.opencms.ticketbrokerage.site/resources/pics/bank_3_swedbank.png HTTP/1.1" 200 5740
66.249.75.105 - - [29/Jun/2024:02:34:19 +0200] "GET /ticket2/opencms/nl/sport/voetbal-tickets/premier_league/chelsea/ HTTP/1.1" 200 84449
66.249.76.8 - - [29/Jun/2024:02:34:21 +0200] "GET /ticket2/opencms/en/venue/?venueid=A107EE08-ED64-E57F-E733-30B760B5B864 HTTP/1.1" 200 71357
66.249.75.163 - - [29/Jun/2024:02:34:22 +0200] "GET /ticket2/opencms/dk/venue/?venueid=EF31A462-4388-0119-B57C-552F86F22FFC HTTP/1.1" 200 71905
192.99.14.159 - - [29/Jun/2024:02:34:25 +0200] "GET /ticket2/opencms/dk/dk/buy/?page=1&edid=EEB4C277-42A6-C747-BCBB-599AAA94BEB2&sortorder=asc&column=row HTTP/1.1" 404 -
51.222.253.5 - - [29/Jun/2024:02:34:31 +0200] "GET /ticket2/opencms/sv/buy/?page=1&edid=087FB859-A113-50B8-0909-1F0712CC3EED HTTP/1.1" 200 85966
37.60.238.15 - - [29/Jun/2024:02:34:32 +0200] "GET /ticket2/opencms/de/fi/venue/?venueid=20FA0356-D2D0-49A9-1796-20DAE44C0F81 HTTP/1.1" 404 -
192.99.14.159 - - [29/Jun/2024:02:34:34 +0200] "GET /ticket2/opencms/dk/dk/buy/?page=1&edid=EEBEB1B7-124E-0978-2C17-3654DF15A113&sortorder=asc&column=section HTTP/1.1" 404 -
114.119.129.235 - - [29/Jun/2024:02:34:35 +0200] "GET /ticket2/opencms/en/buy/?page=1&edid=87DA739E-CCE4-5E9A-8632-3FF85ED04CE7 HTTP/1.1" 200 85212
192.99.14.159 - - [29/Jun/2024:02:34:44 +0200] "GET /ticket2/opencms/dk/dk/buy/?page=1&edid=EEC8ED58-5403-1691-691C-9352FE43DAC9&sortorder=asc&column=price HTTP/1.1" 404 -
85.208.96.197 - - [29/Jun/2024:02:34:46 +0200] "GET /ticket2/opencms/nl/sport/voetbal-tickets/la_liga/malaga/ HTTP/1.1" 200 73626
192.99.14.159 - - [29/Jun/2024:02:34:51 +0200] "GET /ticket2/opencms/dk/dk/buy/?page=1&edid=EEC8ED58-5403-1691-691C-9352FE43DAC9&sortorder=asc&column=row HTTP/1.1" 404 -
192.99.14.159 - - [29/Jun/2024:02:34:59 +0200] "GET /ticket2/opencms/dk/dk/buy/?page=1&edid=EEC8ED58-5403-1691-691C-9352FE43DAC9&sortorder=asc&column=section HTTP/1.1" 404 -
192.99.14.159 - - [29/Jun/2024:02:35:05 +0200] "GET /ticket2/opencms/dk/dk/buy/?page=1&edid=EEFC5493-2F13-5613-C951-17A4DBBECDD4&sortorder=desc&column=row HTTP/1.1" 404 -
195.191.219.131 - - [29/Jun/2024:02:35:09 +0200] "GET /ticket2/opencms/se/robots.txt HTTP/1.1" 404 -
47.128.22.16 - - [29/Jun/2024:02:35:11 +0200] "GET /ticket2/opencms/fi/venue/?venueid=03F062B9-ACA1-F236-0E66-5FB2E8B6786E HTTP/1.1" 200 72917
47.128.22.16 - - [29/Jun/2024:02:35:11 +0200] "GET /ticket2/opencms/system/modules/com.gridnine.opencms.ticketbrokerage.site/resources/pics/logo-new.png HTTP/1.1" 200 13541
47.128.22.16 - - [29/Jun/2024:02:35:12 +0200] "GET /ticket2/opencms/system/modules/com.gridnine.opencms.ticketbrokerage.site/resources/pics/bank_2_handelsbanken.png HTTP/1.1" 200 4509
47.128.22.16 - - [29/Jun/2024:02:35:12 +0200] "GET /ticket2/opencms/system/modules/com.gridnine.opencms.ticketbrokerage.site/resources/pics/bank_4_seb.png HTTP/1.1" 200 2487
47.128.22.16 - - [29/Jun/2024:02:35:12 +0200] "GET /ticket2/opencms/system/modules/com.gridnine.opencms.ticketbrokerage.site/resources/pics/bank_1_nordea.png HTTP/1.1" 200 4807
47.128.22.16 - - [29/Jun/2024:02:35:12 +0200] "GET /ticket2/opencms/system/modules/com.gridnine.opencms.ticketbrokerage.site/resources/pics/bank_5_visa_mastercard.png HTTP/1.1" 200 8196
47.128.22.16 - - [29/Jun/2024:02:35:12 +0200] "GET /ticket2/opencms/system/modules/com.gridnine.opencms.ticketbrokerage.site/resources/pics/bank_3_swedbank.png HTTP/1.1" 200 5740
47.128.22.16 - - [29/Jun/2024:02:35:13 +0200] "GET /ticket2/opencms/system/modules/com.gridnine.opencms.ticketbrokerage.site/resources/pics/bank_6_american_express.png HTTP/1.1" 200 5570
192.99.14.159 - - [29/Jun/2024:02:35:16 +0200] "GET /ticket2/opencms/dk/dk/buy/?page=1&edid=EF3D3437-C51D-CE9F-7FE1-478D64DCB3EA&sortorder=desc&column=row HTTP/1.1" 404 -
195.191.219.131 - - [29/Jun/2024:02:35:21 +0200] "GET /ticket2/opencms/sv/ HTTP/1.1" 200 91831
192.99.14.159 - - [29/Jun/2024:02:35:22 +0200] "GET /ticket2/opencms/dk/dk/buy/?page=1&edid=EF58E439-8141-CFA6-AE69-B9CE6C403284 HTTP/1.1" 404 -
216.244.66.238 - - [29/Jun/2024:02:35:23 +0200] "GET /ticket2/opencms/sv/konsertbiljetter/artister/konsertbiljetter/paul-potts.html HTTP/1.1" 200 74116
192.99.14.159 - - [29/Jun/2024:02:35:29 +0200] "GET /ticket2/opencms/dk/dk/buy/?page=1&edid=EF58E439-8141-CFA6-AE69-B9CE6C403284&sortorder=desc&column=price HTTP/1.1" 404 -
192.99.14.159 - - [29/Jun/2024:02:35:37 +0200] "GET /ticket2/opencms/dk/dk/buy/?page=1&edid=EF58E439-8141-CFA6-AE69-B9CE6C403284&sortorder=desc&column=row HTTP/1.1" 404 -
37.60.238.15 - - [29/Jun/2024:02:35:45 +0200] "GET /ticket2/opencms/de/fi/venue/?venueid=214162D4-F755-2444-761E-1B8A12025521 HTTP/1.1" 404 -
192.99.14.159 - - [29/Jun/2024:02:35:48 +0200] "GET /ticket2/opencms/dk/dk/buy/?page=1&edid=EF7F6923-D66C-BA3E-0796-4E0A5677BED4 HTTP/1.1" 404 -
47.128.53.109 - - [29/Jun/2024:02:35:51 +0200] "GET /ticket2/opencms/fr/buy/?edid=DBD7C3FF-3D2D-1BC9-F87B-06E7F5EA9FFB HTTP/1.1" 200 72687
47.128.53.109 - - [29/Jun/2024:02:35:53 +0200] "GET /ticket2/opencms/system/modules/com.gridnine.opencms.ticketbrokerage.site/resources/pics/logo-new.png HTTP/1.1" 200 13541
47.128.53.109 - - [29/Jun/2024:02:35:53 +0200] "GET /ticket2/opencms/system/modules/com.gridnine.opencms.ticketbrokerage.site/resources/pics/bank_5_visa_mastercard.png HTTP/1.1" 200 8196
47.128.53.109 - - [29/Jun/2024:02:35:53 +0200] "GET /ticket2/opencms/system/modules/com.gridnine.opencms.ticketbrokerage.site/resources/pics/bank_1_nordea.png HTTP/1.1" 200 4807
47.128.53.109 - - [29/Jun/2024:02:35:53 +0200] "GET /ticket2/opencms/system/modules/com.gridnine.opencms.ticketbrokerage.site/resources/pics/bank_4_seb.png HTTP/1.1" 200 2487
47.128.53.109 - - [29/Jun/2024:02:35:54 +0200] "GET /ticket2/opencms/system/modules/com.gridnine.opencms.ticketbrokerage.site/resources/pics/bank_2_handelsbanken.png HTTP/1.1" 200 4509
47.128.53.109 - - [29/Jun/2024:02:35:54 +0200] "GET /ticket2/opencms/system/modules/com.gridnine.opencms.ticketbrokerage.site/resources/pics/bank_3_swedbank.png HTTP/1.1" 200 5740
47.128.53.109 - - [29/Jun/2024:02:35:54 +0200] "GET /ticket2/opencms/system/modules/com.gridnine.opencms.ticketbrokerage.site/resources/pics/bank_6_american_express.png HTTP/1.1" 200 5570
51.222.253.9 - - [29/Jun/2024:02:35:55 +0200] "GET /ticket2/opencms/sv/buy/?page=1&edid=0448CA24-AB9E-35A8-E42C-9296A063E7D2 HTTP/1.1" 200 87715
192.99.14.159 - - [29/Jun/2024:02:35:55 +0200] "GET /ticket2/opencms/dk/dk/buy/?page=1&edid=EF7F6923-D66C-BA3E-0796-4E0A5677BED4&sortorder=asc&column=row HTTP/1.1" 404 -
216.245.221.83 - - [29/Jun/2024:02:35:56 +0200] "HEAD /ticket2/opencms/ HTTP/1.1" 302 -
185.191.171.8 - - [29/Jun/2024:02:35:58 +0200] "GET /ticket2/opencms/sv/sport/fotbollsbiljetter/premier_league/ipswich/ HTTP/1.1" 200 85534
216.245.221.83 - - [29/Jun/2024:02:35:59 +0200] "HEAD /ticket2/opencms/en/ HTTP/1.1" 200 -
192.99.14.159 - - [29/Jun/2024:02:36:05 +0200] "GET /ticket2/opencms/dk/dk/buy/?page=1&edid=EF7F6923-D66C-BA3E-0796-4E0A5677BED4&sortorder=desc&column=row HTTP/1.1" 404 -
47.128.45.177 - - [29/Jun/2024:02:36:07 +0200] "GET /ticket2/opencms/fi/venue/?venueid=FF8D2B77-C235-F0A7-6D99-CAC26AC9D392 HTTP/1.1" 200 72950
47.128.45.177 - - [29/Jun/2024:02:36:08 +0200] "GET /ticket2/opencms/system/modules/com.gridnine.opencms.ticketbrokerage.site/resources/pics/logo-new.png HTTP/1.1" 200 13541
47.128.45.177 - - [29/Jun/2024:02:36:08 +0200] "GET /ticket2/opencms/system/modules/com.gridnine.opencms.ticketbrokerage.site/resources/pics/bank_1_nordea.png HTTP/1.1" 200 4807
47.128.45.177 - - [29/Jun/2024:02:36:09 +0200] "GET /ticket2/opencms/system/modules/com.gridnine.opencms.ticketbrokerage.site/resources/pics/bank_4_seb.png HTTP/1.1" 200 2487
47.128.45.177 - - [29/Jun/2024:02:36:09 +0200] "GET /ticket2/opencms/system/modules/com.gridnine.opencms.ticketbrokerage.site/resources/pics/bank_3_swedbank.png HTTP/1.1" 200 5740
47.128.45.177 - - [29/Jun/2024:02:36:09 +0200] "GET /ticket2/opencms/system/modules/com.gridnine.opencms.ticketbrokerage.site/resources/pics/bank_6_american_express.png HTTP/1.1" 200 5570
47.128.45.177 - - [29/Jun/2024:02:36:09 +0200] "GET /ticket2/opencms/system/modules/com.gridnine.opencms.ticketbrokerage.site/resources/pics/bank_2_handelsbanken.png HTTP/1.1" 200 4509
47.128.45.177 - - [29/Jun/2024:02:36:09 +0200] "GET /ticket2/opencms/system/modules/com.gridnine.opencms.ticketbrokerage.site/resources/pics/bank_5_visa_mastercard.png HTTP/1.1" 200 8196
192.99.14.159 - - [29/Jun/2024:02:36:14 +0200] "GET /ticket2/opencms/dk/dk/buy/?page=1&edid=EF98F1F8-18FB-14FE-0FD5-18D0CF7A8566&sortorder=asc&column=section HTTP/1.1" 404 -
5.9.55.228 - - [29/Jun/2024:02:36:20 +0200] "GET /ticket2/opencms/admin/index.html HTTP/1.1" 401 -
192.99.14.159 - - [29/Jun/2024:02:36:22 +0200] "GET /ticket2/opencms/dk/dk/buy/?page=1&edid=EFA9579B-3165-04EE-5F0E-693D2BE9F86A&sortorder=asc&column=row HTTP/1.1" 404 -
66.249.76.44 - - [29/Jun/2024:02:36:23 +0200] "GET /ticket2/opencms/nl/sport/voetbal-tickets/bundesliga/union_berlin/ HTTP/1.1" 200 72778
66.249.75.169 - - [29/Jun/2024:02:36:26 +0200] "GET /ticket2/opencms/dk/sport/fodboldbilletter/premier-league/west_ham_united/ HTTP/1.1" 200 81584
192.99.14.159 - - [29/Jun/2024:02:36:32 +0200] "GET /ticket2/opencms/dk/dk/buy/?page=1&edid=EFA9579B-3165-04EE-5F0E-693D2BE9F86A&sortorder=desc&column=section HTTP/1.1" 404 -
192.99.14.159 - - [29/Jun/2024:02:36:38 +0200] "GET /ticket2/opencms/dk/dk/buy/?page=1&edid=EFE86C90-1F78-7ACD-9BE3-6153417E087A&sortorder=asc&column=price HTTP/1.1" 404 -
37.60.238.15 - - [29/Jun/2024:02:36:42 +0200] "GET /ticket2/opencms/de/fi/venue/?venueid=2186334F-407B-9BEF-03F0-A6F35003840C HTTP/1.1" 404 -
192.99.14.159 - - [29/Jun/2024:02:36:46 +0200] "GET /ticket2/opencms/dk/dk/buy/?page=1&edid=F00C209E-46D3-D229-286A-404180638BF4&sortorder=desc&column=price HTTP/1.1" 404 -
192.99.14.159 - - [29/Jun/2024:02:36:54 +0200] "GET /ticket2/opencms/dk/dk/buy/?page=1&edid=F813C320-7E28-922B-F48B-0923B80D3D26 HTTP/1.1" 404 -
185.169.252.159 - - [29/Jun/2024:02:36:58 +0200] "GET /ticket2/opencms/robots.txt HTTP/1.1" 200 773
192.99.14.159 - - [29/Jun/2024:02:37:01 +0200] "GET /ticket2/opencms/dk/dk/buy/?page=1&edid=F820A2EC-F927-925D-C4BE-7AC75C5AC250&sortorder=asc&column=price HTTP/1.1" 404 -
47.128.119.151 - - [29/Jun/2024:02:37:04 +0200] "GET /ticket2/opencms/fi/venue/?venueid=B9CBF21D-9B28-7AD2-F7DC-55BCA317CA29 HTTP/1.1" 200 72911
47.128.119.151 - - [29/Jun/2024:02:37:04 +0200] "GET /ticket2/opencms/system/modules/com.gridnine.opencms.ticketbrokerage.site/resources/pics/logo-new.png HTTP/1.1" 200 13541
47.128.119.151 - - [29/Jun/2024:02:37:05 +0200] "GET /ticket2/opencms/system/modules/com.gridnine.opencms.ticketbrokerage.site/resources/pics/bank_3_swedbank.png HTTP/1.1" 200 5740
47.128.119.151 - - [29/Jun/2024:02:37:06 +0200] "GET /ticket2/opencms/system/modules/com.gridnine.opencms.ticketbrokerage.site/resources/pics/bank_2_handelsbanken.png HTTP/1.1" 200 4509
47.128.119.151 - - [29/Jun/2024:02:37:06 +0200] "GET /ticket2/opencms/system/modules/com.gridnine.opencms.ticketbrokerage.site/resources/pics/bank_4_seb.png HTTP/1.1" 200 2487
47.128.119.151 - - [29/Jun/2024:02:37:06 +0200] "GET /ticket2/opencms/system/modules/com.gridnine.opencms.ticketbrokerage.site/resources/pics/bank_5_visa_mastercard.png HTTP/1.1" 200 8196
47.128.119.151 - - [29/Jun/2024:02:37:06 +0200] "GET /ticket2/opencms/system/modules/com.gridnine.opencms.ticketbrokerage.site/resources/pics/bank_6_american_express.png HTTP/1.1" 200 5570
47.128.119.151 - - [29/Jun/2024:02:37:06 +0200] "GET /ticket2/opencms/system/modules/com.gridnine.opencms.ticketbrokerage.site/resources/pics/bank_1_nordea.png HTTP/1.1" 200 4807
5.9.55.228 - - [29/Jun/2024:02:37:07 +0200] "GET /ticket2/opencms/fr/sport/billets-football/ HTTP/1.1" 500 -
192.99.14.159 - - [29/Jun/2024:02:37:09 +0200] "GET /ticket2/opencms/dk/dk/buy/?page=1&edid=F8640281-A10A-8FAC-4D72-6086A5F51411&sortorder=asc&column=section HTTP/1.1" 404 -
85.208.96.210 - - [29/Jun/2024:02:37:13 +0200] "GET /ticket2/opencms/nl/sport/ HTTP/1.1" 200 84524
192.99.14.159 - - [29/Jun/2024:02:37:16 +0200] "GET /ticket2/opencms/dk/dk/buy/?page=1&edid=F8640281-A10A-8FAC-4D72-6086A5F51411&sortorder=desc&column=price HTTP/1.1" 404 -
192.99.14.159 - - [29/Jun/2024:02:37:23 +0200] "GET /ticket2/opencms/dk/dk/buy/?page=1&edid=F89531C8-4A96-11DC-6D3B-F3218921184A&sortorder=asc&column=price HTTP/1.1" 404 -
66.249.76.160 - - [29/Jun/2024:02:37:27 +0200] "GET /ticket2/opencms/fi/buy/?page=1&edid=5FDB0F24-0C6F-483A-29C3-00DD28FFC972 HTTP/1.1" 200 112448
5.9.55.228 - - [29/Jun/2024:02:37:28 +0200] "GET /ticket2/opencms/fr/sport/billets-football/english-championship/ HTTP/1.1" 500 -
66.249.72.35 - - [29/Jun/2024:02:37:28 +0200] "GET /ticket2/opencms/en/venue/?venueid=6D8A0FE7-2FEF-4BDE-AC7E-1937EABDAEF4 HTTP/1.1" 200 71350
185.191.171.3 - - [29/Jun/2024:02:37:28 +0200] "GET /ticket2/opencms/en/sport/football-tickets/serie_a/inter/ HTTP/1.1" 200 73201
192.99.14.159 - - [29/Jun/2024:02:37:28 +0200] "GET /ticket2/opencms/dk/dk/buy/?page=1&edid=F89531C8-4A96-11DC-6D3B-F3218921184A&sortorder=asc&column=row HTTP/1.1" 404 -
185.157.223.150 - - [29/Jun/2024:02:37:30 +0200] "GET /ticket2/tickets_export/outgoing/export.txt HTTP/1.1" 200 24556651
192.99.14.159 - - [29/Jun/2024:02:37:35 +0200] "GET /ticket2/opencms/dk/dk/buy/?page=1&edid=F89531C8-4A96-11DC-6D3B-F3218921184A&sortorder=asc&column=section HTTP/1.1" 404 -
216.245.221.83 - - [29/Jun/2024:02:37:39 +0200] "HEAD /ticket2/opencms/ HTTP/1.1" 302 -
37.60.238.15 - - [29/Jun/2024:02:37:39 +0200] "GET /ticket2/opencms/de/fi/venue/?venueid=219A19CA-D032-AF7E-C5AA-5DAE1D07CFCF HTTP/1.1" 404 -
216.245.221.83 - - [29/Jun/2024:02:37:39 +0200] "HEAD /ticket2/opencms/en/ HTTP/1.1" 200 -
192.99.14.159 - - [29/Jun/2024:02:37:42 +0200] "GET /ticket2/opencms/dk/dk/buy/?page=1&edid=F8A58921-37D9-5DD3-7954-6ED3B358CB7A&sortorder=asc&column=price HTTP/1.1" 404 -
5.9.55.228 - - [29/Jun/2024:02:37:46 +0200] "GET /ticket2/opencms/fr/sport/billets-football/eredivisie/hollandska-ligan/ HTTP/1.1" 500 -
85.208.96.200 - - [29/Jun/2024:02:37:47 +0200] "GET /ticket2/opencms/sv/magazine/ HTTP/1.1" 200 103995
185.191.171.19 - - [29/Jun/2024:02:37:48 +0200] "GET /ticket2/opencms/sv/sport/fotbollsbiljetter/la_liga/sevilla/ HTTP/1.1" 200 73814
192.99.14.159 - - [29/Jun/2024:02:37:50 +0200] "GET /ticket2/opencms/dk/dk/buy/?page=1&edid=F8A58921-37D9-5DD3-7954-6ED3B358CB7A&sortorder=asc&column=section HTTP/1.1" 404 -
192.99.14.159 - - [29/Jun/2024:02:37:57 +0200] "GET /ticket2/opencms/dk/dk/buy/?page=1&edid=F8AAFDF6-A991-85C0-E076-43A31834F042&sortorder=asc&column=price HTTP/1.1" 404 -
47.128.40.224 - - [29/Jun/2024:02:37:59 +0200] "GET /ticket2/opencms/dk/buy/?catid=BE041FBE-C1A7-918C-EB61-99ED02D12F5B&comcatid=A17713B6-D984-201A-4143-ED4DB5ED5C2E HTTP/1.1" 200 82261
47.128.40.224 - - [29/Jun/2024:02:38:00 +0200] "GET /ticket2/opencms/system/modules/com.gridnine.opencms.ticketbrokerage.site/resources/pics/logo-new.png HTTP/1.1" 200 13541
47.128.40.224 - - [29/Jun/2024:02:38:00 +0200] "GET /ticket2/opencms/system/modules/com.gridnine.opencms.ticketbrokerage.site/resources/pics/bank_3_swedbank.png HTTP/1.1" 200 5740
47.128.40.224 - - [29/Jun/2024:02:38:01 +0200] "GET /ticket2/opencms/system/modules/com.gridnine.opencms.ticketbrokerage.site/resources/pics/bank_6_american_express.png HTTP/1.1" 200 5570
47.128.40.224 - - [29/Jun/2024:02:38:01 +0200] "GET /ticket2/opencms/system/modules/com.gridnine.opencms.ticketbrokerage.site/resources/pics/bank_2_handelsbanken.png HTTP/1.1" 200 4509
47.128.40.224 - - [29/Jun/2024:02:38:01 +0200] "GET /ticket2/opencms/system/modules/com.gridnine.opencms.ticketbrokerage.site/resources/pics/bank_4_seb.png HTTP/1.1" 200 2487
47.128.40.224 - - [29/Jun/2024:02:38:01 +0200] "GET /ticket2/opencms/system/modules/com.gridnine.opencms.ticketbrokerage.site/resources/pics/bank_5_visa_mastercard.png HTTP/1.1" 200 8196
47.128.40.224 - - [29/Jun/2024:02:38:01 +0200] "GET /ticket2/opencms/system/modules/com.gridnine.opencms.ticketbrokerage.site/resources/pics/bank_1_nordea.png HTTP/1.1" 200 4807
192.99.14.159 - - [29/Jun/2024:02:38:03 +0200] "GET /ticket2/opencms/dk/dk/buy/?page=1&edid=F8AAFDF6-A991-85C0-E076-43A31834F042&sortorder=asc&column=row HTTP/1.1" 404 -
5.9.55.228 - - [29/Jun/2024:02:38:05 +0200] "GET /ticket2/opencms/fr/sport/billets-football/fa_cup/ HTTP/1.1" 500 -
47.128.123.82 - - [29/Jun/2024:02:38:07 +0200] "GET /ticket2/opencms/fr/buy/?comcatid=A17713B6-D984-201A-4143-ED4DB5ED5C2E&npage=1 HTTP/1.1" 200 241832
47.128.123.82 - - [29/Jun/2024:02:38:07 +0200] "GET /ticket2/opencms/system/modules/com.gridnine.opencms.ticketbrokerage.site/resources/pics/logo-new.png HTTP/1.1" 200 13541
47.128.123.82 - - [29/Jun/2024:02:38:08 +0200] "GET /ticket2/opencms/system/modules/com.gridnine.opencms.ticketbrokerage.site/resources/pics/bank_3_swedbank.png HTTP/1.1" 200 5740
47.128.123.82 - - [29/Jun/2024:02:38:08 +0200] "GET /ticket2/opencms/system/modules/com.gridnine.opencms.ticketbrokerage.site/resources/pics/bank_5_visa_mastercard.png HTTP/1.1" 200 8196
47.128.123.82 - - [29/Jun/2024:02:38:09 +0200] "GET /ticket2/opencms/system/modules/com.gridnine.opencms.ticketbrokerage.site/resources/pics/bank_1_nordea.png HTTP/1.1" 200 4807
192.99.14.159 - - [29/Jun/2024:02:38:09 +0200] "GET /ticket2/opencms/dk/dk/buy/?page=1&edid=F8B6926A-3DA5-3449-0D9B-7E103703EFF6&sortorder=asc&column=section HTTP/1.1" 404 -
47.128.123.82 - - [29/Jun/2024:02:38:09 +0200] "GET /ticket2/opencms/system/modules/com.gridnine.opencms.ticketbrokerage.site/resources/pics/bank_2_handelsbanken.png HTTP/1.1" 200 4509
47.128.123.82 - - [29/Jun/2024:02:38:09 +0200] "GET /ticket2/opencms/system/modules/com.gridnine.opencms.ticketbrokerage.site/resources/pics/bank_4_seb.png HTTP/1.1" 200 2487
47.128.123.82 - - [29/Jun/2024:02:38:09 +0200] "GET /ticket2/opencms/system/modules/com.gridnine.opencms.ticketbrokerage.site/resources/pics/bank_6_american_express.png HTTP/1.1" 200 5570
192.99.14.159 - - [29/Jun/2024:02:38:16 +0200] "GET /ticket2/opencms/dk/dk/buy/?page=1&edid=F8D9106C-BA17-B476-4E1C-EC0D77A93AAE&sortorder=desc&column=price HTTP/1.1" 404 -
40.77.167.49 - - [29/Jun/2024:02:38:20 +0200] "GET /ticket2/opencms/de/sport/fussball-tickets/la_liga/real_madrid/ HTTP/1.1" 200 76220
40.77.167.121 - - [29/Jun/2024:02:38:20 +0200] "GET /ticket2/opencms/en/buy/?page=1&edid=A5392617-A8A6-5394-B72C-AA82A5C556B3 HTTP/1.1" 200 87590
5.9.55.228 - - [29/Jun/2024:02:38:22 +0200] "GET /ticket2/opencms/fr/sport/billets-football/la_liga/ HTTP/1.1" 500 -
192.99.14.159 - - [29/Jun/2024:02:38:26 +0200] "GET /ticket2/opencms/dk/dk/buy/?page=1&edid=F8D9106C-BA17-B476-4E1C-EC0D77A93AAE&sortorder=desc&column=section HTTP/1.1" 404 -
52.167.144.19 - - [29/Jun/2024:02:38:29 +0200] "GET /ticket2/opencms/se/sv/venue/?countryid=65CBF22C-E953-E822-8DA0-6226C52D7D6A HTTP/1.1" 404 -
192.99.14.159 - - [29/Jun/2024:02:38:34 +0200] "GET /ticket2/opencms/dk/dk/buy/?page=1&edid=F96E6CAA-6B2C-A272-DA82-260C5860E403&sortorder=asc&column=price HTTP/1.1" 404 -
5.9.55.228 - - [29/Jun/2024:02:38:39 +0200] "GET /ticket2/opencms/fr/sport/billets-football/ligue_1/ HTTP/1.1" 500 -
37.60.238.15 - - [29/Jun/2024:02:38:39 +0200] "GET /ticket2/opencms/de/fi/venue/?venueid=21E564E4-EE31-88E4-856D-538C001ECECA HTTP/1.1" 404 -
192.99.14.159 - - [29/Jun/2024:02:38:40 +0200] "GET /ticket2/opencms/dk/dk/buy/?page=1&edid=F971B504-A38E-CC54-3E94-36FD288179DE&sortorder=asc&column=section HTTP/1.1" 404 -
192.99.14.159 - - [29/Jun/2024:02:38:47 +0200] "GET /ticket2/opencms/dk/dk/buy/?page=1&edid=F97C1826-5392-3CE0-1ADA-E9A2A8C4A192&sortorder=asc&column=row HTTP/1.1" 404 -
114.119.145.239 - - [29/Jun/2024:02:38:49 +0200] "GET /ticket2/opencms/en/buy/?page=1&edid=6095204E-3063-4AAA-A930-C6F6FB6F7B39 HTTP/1.1" 200 88331
40.77.167.7 - - [29/Jun/2024:02:38:53 +0200] "GET /ticket2/opencms/partners/?page=1 HTTP/1.1" 200 14828
40.77.167.56 - - [29/Jun/2024:02:38:53 +0200] "GET /ticket2/opencms/en/buy?page=1&edid=F78B03FA-4A60-BDC0-B4DA-96975C817683 HTTP/1.1" 200 115322
192.99.14.159 - - [29/Jun/2024:02:38:54 +0200] "GET /ticket2/opencms/dk/dk/buy/?page=1&edid=F97C1826-5392-3CE0-1ADA-E9A2A8C4A192&sortorder=asc&column=section HTTP/1.1" 404 -
85.208.96.198 - - [29/Jun/2024:02:38:54 +0200] "GET /ticket2/opencms/no/sport/fotballsbilletter/bundesliga/hannover/ HTTP/1.1" 200 73518
5.9.55.228 - - [29/Jun/2024:02:38:55 +0200] "GET /ticket2/opencms/fr/sport/billets-football/premier_league/ HTTP/1.1" 500 -
47.128.51.109 - - [29/Jun/2024:02:38:55 +0200] "GET /ticket2/opencms/fi/venue/?venueid=6E74DDFB-B5A5-70DD-F587-B3566A502D6D HTTP/1.1" 200 72914
47.128.51.109 - - [29/Jun/2024:02:38:56 +0200] "GET /ticket2/opencms/system/modules/com.gridnine.opencms.ticketbrokerage.site/resources/pics/logo-new.png HTTP/1.1" 200 13541
47.128.51.109 - - [29/Jun/2024:02:38:56 +0200] "GET /ticket2/opencms/system/modules/com.gridnine.opencms.ticketbrokerage.site/resources/pics/bank_1_nordea.png HTTP/1.1" 200 4807
47.128.51.109 - - [29/Jun/2024:02:38:57 +0200] "GET /ticket2/opencms/system/modules/com.gridnine.opencms.ticketbrokerage.site/resources/pics/bank_5_visa_mastercard.png HTTP/1.1" 200 8196
47.128.51.109 - - [29/Jun/2024:02:38:57 +0200] "GET /ticket2/opencms/system/modules/com.gridnine.opencms.ticketbrokerage.site/resources/pics/bank_4_seb.png HTTP/1.1" 200 2487
47.128.51.109 - - [29/Jun/2024:02:38:57 +0200] "GET /ticket2/opencms/system/modules/com.gridnine.opencms.ticketbrokerage.site/resources/pics/bank_2_handelsbanken.png HTTP/1.1" 200 4509
47.128.51.109 - - [29/Jun/2024:02:38:57 +0200] "GET /ticket2/opencms/system/modules/com.gridnine.opencms.ticketbrokerage.site/resources/pics/bank_3_swedbank.png HTTP/1.1" 200 5740
47.128.51.109 - - [29/Jun/2024:02:38:57 +0200] "GET /ticket2/opencms/system/modules/com.gridnine.opencms.ticketbrokerage.site/resources/pics/bank_6_american_express.png HTTP/1.1" 200 5570
192.99.14.159 - - [29/Jun/2024:02:39:00 +0200] "GET /ticket2/opencms/dk/dk/buy/?page=1&edid=F9B4485F-57C3-0B03-3CB2-E38D7FA6CDBB&sortorder=desc&column=price HTTP/1.1" 404 -
192.99.14.159 - - [29/Jun/2024:02:39:07 +0200] "GET /ticket2/opencms/dk/dk/buy/?page=1&edid=FB863E77-1EDD-3C8E-5548-64C9D2398F99&sortorder=asc&column=price HTTP/1.1" 404 -
5.9.55.228 - - [29/Jun/2024:02:39:12 +0200] "GET /ticket2/opencms/fr/sport/billets-football/premier_league/london/ HTTP/1.1" 500 -
192.99.14.159 - - [29/Jun/2024:02:39:14 +0200] "GET /ticket2/opencms/dk/dk/buy/?page=1&edid=FB863E77-1EDD-3C8E-5548-64C9D2398F99&sortorder=asc&column=row HTTP/1.1" 404 -
185.191.171.2 - - [29/Jun/2024:02:39:18 +0200] "GET /ticket2/opencms/robots.txt HTTP/1.1" 200 773
52.167.144.19 - - [29/Jun/2024:02:39:19 +0200] "GET /ticket2/opencms/sv/search.html?searchQuery=2023 HTTP/1.1" 200 95525
85.208.96.208 - - [29/Jun/2024:02:39:19 +0200] "GET /ticket2/opencms/de/magazine/article?title=chelsea-gegen-tottenham-2-0 HTTP/1.1" 200 76369
192.99.14.159 - - [29/Jun/2024:02:39:20 +0200] "GET /ticket2/opencms/dk/dk/buy/?page=1&edid=FB863E77-1EDD-3C8E-5548-64C9D2398F99&sortorder=asc&column=section HTTP/1.1" 404 -
5.9.55.228 - - [29/Jun/2024:02:39:28 +0200] "GET /ticket2/opencms/fr/sport/billets-football/serie_a/ HTTP/1.1" 500 -
66.249.75.105 - - [29/Jun/2024:02:39:31 +0200] "GET /ticket2/opencms/fi/buy/?page=1&edid=F1463EBE-6C18-CF49-B2AE-F79868BCA4F5 HTTP/1.1" 200 117944
192.99.14.159 - - [29/Jun/2024:02:39:32 +0200] "GET /ticket2/opencms/dk/dk/buy/?page=1&edid=FBE996A6-C796-D456-AEF9-77A7DD0E617C&sortorder=asc&column=row HTTP/1.1" 404 -
112.86.225.54 - - [29/Jun/2024:02:39:33 +0200] "GET /ticket2/opencms/ HTTP/1.1" 302 -
66.249.75.106 - - [29/Jun/2024:02:39:34 +0200] "GET /ticket2/opencms/fi/ask-form.html HTTP/1.1" 200 3012
112.86.225.54 - - [29/Jun/2024:02:39:34 +0200] "GET /ticket2/opencms/en/ HTTP/1.1" 200 91208
37.60.238.15 - - [29/Jun/2024:02:39:35 +0200] "GET /ticket2/opencms/de/fi/venue/?venueid=2234B4AB-D18B-6264-2678-5219B17CC955 HTTP/1.1" 404 -
114.119.148.108 - - [29/Jun/2024:02:39:36 +0200] "GET /ticket2/opencms/en/buy/?page=1&edid=8513F5D8-0E84-0E70-F7A4-6AED575FDCDA HTTP/1.1" 200 87855
192.99.14.159 - - [29/Jun/2024:02:39:44 +0200] "GET /ticket2/opencms/dk/dk/buy/?page=1&edid=FD05ABF5-CDE6-7E14-6315-57144B5C58D0&sortorder=asc&column=price HTTP/1.1" 404 -
5.9.55.228 - - [29/Jun/2024:02:39:45 +0200] "GET /ticket2/opencms/fr/sport/billets-football/uefa-champions-league/ HTTP/1.1" 500 -
192.99.14.159 - - [29/Jun/2024:02:39:51 +0200] "GET /ticket2/opencms/dk/dk/buy/?page=1&edid=FD05ABF5-CDE6-7E14-6315-57144B5C58D0&sortorder=asc&column=row HTTP/1.1" 404 -
47.128.59.159 - - [29/Jun/2024:02:39:51 +0200] "GET /ticket2/opencms/fi/venue/?venueid=35DC5316-B52E-D8CB-55D2-7DC4685C4349 HTTP/1.1" 200 72917
47.128.59.159 - - [29/Jun/2024:02:39:52 +0200] "GET /ticket2/opencms/system/modules/com.gridnine.opencms.ticketbrokerage.site/resources/pics/logo-new.png HTTP/1.1" 200 13541
47.128.59.159 - - [29/Jun/2024:02:39:53 +0200] "GET /ticket2/opencms/system/modules/com.gridnine.opencms.ticketbrokerage.site/resources/pics/bank_1_nordea.png HTTP/1.1" 200 4807
47.128.59.159 - - [29/Jun/2024:02:39:53 +0200] "GET /ticket2/opencms/system/modules/com.gridnine.opencms.ticketbrokerage.site/resources/pics/bank_2_handelsbanken.png HTTP/1.1" 200 4509
47.128.59.159 - - [29/Jun/2024:02:39:53 +0200] "GET /ticket2/opencms/system/modules/com.gridnine.opencms.ticketbrokerage.site/resources/pics/bank_5_visa_mastercard.png HTTP/1.1" 200 8196
47.128.59.159 - - [29/Jun/2024:02:39:53 +0200] "GET /ticket2/opencms/system/modules/com.gridnine.opencms.ticketbrokerage.site/resources/pics/bank_4_seb.png HTTP/1.1" 200 2487
47.128.59.159 - - [29/Jun/2024:02:39:53 +0200] "GET /ticket2/opencms/system/modules/com.gridnine.opencms.ticketbrokerage.site/resources/pics/bank_3_swedbank.png HTTP/1.1" 200 5740
47.128.59.159 - - [29/Jun/2024:02:39:53 +0200] "GET /ticket2/opencms/system/modules/com.gridnine.opencms.ticketbrokerage.site/resources/pics/bank_6_american_express.png HTTP/1.1" 200 5570
192.99.14.159 - - [29/Jun/2024:02:39:57 +0200] "GET /ticket2/opencms/dk/dk/buy/?page=1&edid=FD407DA3-8950-C1E2-8DDF-F246896A36AF&sortorder=asc&column=price HTTP/1.1" 404 -
5.9.55.228 - - [29/Jun/2024:02:40:00 +0200] "GET /ticket2/opencms/pl/ HTTP/1.1" 404 -
185.169.252.159 - - [29/Jun/2024:02:40:05 +0200] "GET /ticket2/opencms/sv/buy/?page=1&edid=291216E9-A94A-205B-7C67-5C0727287644&sortorder=asc&column=section HTTP/1.1" 200 88498
192.99.14.159 - - [29/Jun/2024:02:40:10 +0200] "GET /ticket2/opencms/dk/dk/buy/?page=1&edid=FD5A4147-3064-3A22-5465-AF24C521B032&sortorder=asc&column=price HTTP/1.1" 404 -
5.9.55.228 - - [29/Jun/2024:02:40:15 +0200] "GET /ticket2/opencms/sites/ticketbrokerage/sv/sport/fotbollsbiljetter/la_liga/barcelona/camp_nou.html HTTP/1.1" 404 -
192.99.14.159 - - [29/Jun/2024:02:40:17 +0200] "GET /ticket2/opencms/dk/dk/buy/?page=1&edid=FE2D26DA-283C-AC2E-AF07-359BD019A1DD&sortorder=asc&column=price HTTP/1.1" 404 -
47.128.62.174 - - [29/Jun/2024:02:40:22 +0200] "GET /ticket2/opencms/fi/venue/?venueid=8D532909-C41C-2A7C-5336-DE83887C261B HTTP/1.1" 200 73005
47.128.62.174 - - [29/Jun/2024:02:40:22 +0200] "GET /ticket2/opencms/system/modules/com.gridnine.opencms.ticketbrokerage.site/resources/js/jquery/jquery-ui.js HTTP/1.1" 200 228088
47.128.62.174 - - [29/Jun/2024:02:40:23 +0200] "GET /ticket2/opencms/system/modules/com.gridnine.opencms.ticketbrokerage.site/resources/pics/logo-new.png HTTP/1.1" 200 13541
47.128.62.174 - - [29/Jun/2024:02:40:23 +0200] "GET /ticket2/opencms/venue/Euro2020.png HTTP/1.1" 200 22372
47.128.62.174 - - [29/Jun/2024:02:40:24 +0200] "GET /ticket2/opencms/system/modules/com.gridnine.opencms.ticketbrokerage.site/resources/pics/bank_4_seb.png HTTP/1.1" 200 2487
47.128.62.174 - - [29/Jun/2024:02:40:24 +0200] "GET /ticket2/opencms/system/modules/com.gridnine.opencms.ticketbrokerage.site/resources/pics/bank_3_swedbank.png HTTP/1.1" 200 5740
47.128.62.174 - - [29/Jun/2024:02:40:24 +0200] "GET /ticket2/opencms/system/modules/com.gridnine.opencms.ticketbrokerage.site/resources/pics/bank_2_handelsbanken.png HTTP/1.1" 200 4509
47.128.62.174 - - [29/Jun/2024:02:40:24 +0200] "GET /ticket2/opencms/system/modules/com.gridnine.opencms.ticketbrokerage.site/resources/pics/bank_1_nordea.png HTTP/1.1" 200 4807
47.128.62.174 - - [29/Jun/2024:02:40:24 +0200] "GET /ticket2/opencms/system/modules/com.gridnine.opencms.ticketbrokerage.site/resources/pics/bank_5_visa_mastercard.png HTTP/1.1" 200 8196
47.128.62.174 - - [29/Jun/2024:02:40:24 +0200] "GET /ticket2/opencms/system/modules/com.gridnine.opencms.ticketbrokerage.site/resources/pics/bank_6_american_express.png HTTP/1.1" 200 5570
47.128.27.39 - - [29/Jun/2024:02:40:25 +0200] "GET /ticket2/opencms/no/buy/?edid=55071255-F1B1-83D4-CE10-06DA54270E48 HTTP/1.1" 200 72905
192.99.14.159 - - [29/Jun/2024:02:40:25 +0200] "GET /ticket2/opencms/dk/dk/buy/?page=1&edid=FE2D26DA-283C-AC2E-AF07-359BD019A1DD&sortorder=asc&column=row HTTP/1.1" 404 -
47.128.27.39 - - [29/Jun/2024:02:40:25 +0200] "GET /ticket2/opencms/system/modules/com.gridnine.opencms.ticketbrokerage.site/resources/pics/logo-new.png HTTP/1.1" 200 13541
47.128.27.39 - - [29/Jun/2024:02:40:26 +0200] "GET /ticket2/opencms/system/modules/com.gridnine.opencms.ticketbrokerage.site/resources/pics/bank_5_visa_mastercard.png HTTP/1.1" 200 8196
47.128.27.39 - - [29/Jun/2024:02:40:26 +0200] "GET /ticket2/opencms/system/modules/com.gridnine.opencms.ticketbrokerage.site/resources/pics/bank_4_seb.png HTTP/1.1" 200 2487
47.128.27.39 - - [29/Jun/2024:02:40:26 +0200] "GET /ticket2/opencms/system/modules/com.gridnine.opencms.ticketbrokerage.site/resources/pics/bank_3_swedbank.png HTTP/1.1" 200 5740
47.128.27.39 - - [29/Jun/2024:02:40:26 +0200] "GET /ticket2/opencms/system/modules/com.gridnine.opencms.ticketbrokerage.site/resources/pics/bank_1_nordea.png HTTP/1.1" 200 4807
47.128.27.39 - - [29/Jun/2024:02:40:26 +0200] "GET /ticket2/opencms/system/modules/com.gridnine.opencms.ticketbrokerage.site/resources/pics/bank_2_handelsbanken.png HTTP/1.1" 200 4509
47.128.27.39 - - [29/Jun/2024:02:40:27 +0200] "GET /ticket2/opencms/system/modules/com.gridnine.opencms.ticketbrokerage.site/resources/pics/bank_6_american_express.png HTTP/1.1" 200 5570
192.99.14.159 - - [29/Jun/2024:02:40:32 +0200] "GET /ticket2/opencms/dk/dk/buy/?page=1&edid=FE84BAFC-CCB6-50CE-4161-D28C42F593C7 HTTP/1.1" 404 -
192.99.14.159 - - [29/Jun/2024:02:40:39 +0200] "GET /ticket2/opencms/dk/dk/buy/?page=1&edid=FEC9AA90-29F7-1503-8F87-89F5FA01BC28&sortorder=asc&column=price HTTP/1.1" 404 -
37.60.238.15 - - [29/Jun/2024:02:40:39 +0200] "GET /ticket2/opencms/de/fi/venue/?venueid=227CA6FE-2DA3-B1F8-C080-0BD749B9B40F HTTP/1.1" 404 -
47.128.127.199 - - [29/Jun/2024:02:40:46 +0200] "GET /ticket2/opencms/fi/venue/?venueid=D1B15D6A-DFE3-C6C9-6105-566E2A2AD03F HTTP/1.1" 200 72979
