37.60.238.15 - - [29/Jun/2024:05:21:48 +0200] "GET /ticket2/opencms/de/fi/venue/?venueid=A4B450CD-3BF7-4595-C93C-7068867671D3 HTTP/1.1" 404 -
47.128.19.182 - - [29/Jun/2024:05:21:48 +0200] "GET /ticket2/opencms/system/modules/com.gridnine.opencms.ticketbrokerage.site/resources/pics/bank_2_handelsbanken.png HTTP/1.1" 200 4509
47.128.19.182 - - [29/Jun/2024:05:21:48 +0200] "GET /ticket2/opencms/system/modules/com.gridnine.opencms.ticketbrokerage.site/resources/pics/bank_3_swedbank.png HTTP/1.1" 200 5740
47.128.19.182 - - [29/Jun/2024:05:21:48 +0200] "GET /ticket2/opencms/system/modules/com.gridnine.opencms.ticketbrokerage.site/resources/pics/bank_4_seb.png HTTP/1.1" 200 2487
47.128.19.182 - - [29/Jun/2024:05:21:48 +0200] "GET /ticket2/opencms/system/modules/com.gridnine.opencms.ticketbrokerage.site/resources/pics/bank_1_nordea.png HTTP/1.1" 200 4807
47.128.19.182 - - [29/Jun/2024:05:21:48 +0200] "GET /ticket2/opencms/system/modules/com.gridnine.opencms.ticketbrokerage.site/resources/pics/bank_6_american_express.png HTTP/1.1" 200 5570
135.181.75.58 - - [29/Jun/2024:05:22:00 +0200] "GET /ticket2/opencms/de/nl/buy/?comcatid=97ECA65A-72DA-F9AF-9DBB-245D3CFED1BE&catid=1656E964-1E02-9A38-D092-65384E60B6EA HTTP/1.1" 404 -
114.119.138.151 - - [29/Jun/2024:05:22:07 +0200] "GET /ticket2/opencms/en/buy/?page=1&edid=28C6B63C-B045-3C9E-7B07-68433D8A39F4 HTTP/1.1" 200 88290
37.60.238.15 - - [29/Jun/2024:05:22:13 +0200] "GET /ticket2/opencms/de/fi/venue/?venueid=A4FD97C9-3112-FD78-66F7-32D2DBBAA5F9 HTTP/1.1" 404 -
185.191.171.11 - - [29/Jun/2024:05:22:14 +0200] "GET /ticket2/opencms/robots.txt HTTP/1.1" 200 773
85.208.96.202 - - [29/Jun/2024:05:22:15 +0200] "GET /ticket2/opencms/es/magazine/article?title=sobre-el-tottenham-hotspur-stadium HTTP/1.1" 200 81957
216.245.221.83 - - [29/Jun/2024:05:22:15 +0200] "HEAD /ticket2/opencms/ HTTP/1.1" 302 -
216.245.221.83 - - [29/Jun/2024:05:22:16 +0200] "HEAD /ticket2/opencms/en/ HTTP/1.1" 200 -
114.119.153.220 - - [29/Jun/2024:05:22:22 +0200] "GET /ticket2/opencms/en/venue/?countryid=17043DCB-6068-95EE-BD77-FB6EADBB798A HTTP/1.1" 200 100730
65.108.227.178 - - [29/Jun/2024:05:22:34 +0200] "GET /ticket2/opencms/de/fi/venue/?countryid=8C4D64C3-0D1D-4A9C-0C13-7146340D3209 HTTP/1.1" 404 -
66.249.75.107 - - [29/Jun/2024:05:22:35 +0200] "GET /ticket2/opencms/en/venue/?countryid=FECEDBB4-CBB7-37BC-56A2-3BCE3EF7E1E8 HTTP/1.1" 200 103289
66.249.75.106 - - [29/Jun/2024:05:22:39 +0200] "GET /ticket2/opencms/system/modules/com.gridnine.opencms.ticketbrokerage.site/resources/js/stickyfill.min.js HTTP/1.1" 200 5672
37.60.238.15 - - [29/Jun/2024:05:22:41 +0200] "GET /ticket2/opencms/de/fi/venue/?venueid=A502B85D-FA3A-D3A7-5EFE-6BCDFD24AF78 HTTP/1.1" 404 -
47.128.49.69 - - [29/Jun/2024:05:22:42 +0200] "GET /ticket2/opencms/fi/venue/?countryid=AC4C45B6-62CE-9E4E-735C-3EDAF240E46F HTTP/1.1" 200 102292
47.128.49.69 - - [29/Jun/2024:05:22:43 +0200] "GET /ticket2/opencms/system/modules/com.gridnine.opencms.ticketbrokerage.site/resources/pics/logo-new.png HTTP/1.1" 200 13541
47.128.49.69 - - [29/Jun/2024:05:22:43 +0200] "GET /ticket2/opencms/system/modules/com.gridnine.opencms.ticketbrokerage.site/resources/pics/bank_1_nordea.png HTTP/1.1" 200 4807
47.128.49.69 - - [29/Jun/2024:05:22:43 +0200] "GET /ticket2/opencms/system/modules/com.gridnine.opencms.ticketbrokerage.site/resources/pics/bank_2_handelsbanken.png HTTP/1.1" 200 4509
47.128.49.69 - - [29/Jun/2024:05:22:44 +0200] "GET /ticket2/opencms/system/modules/com.gridnine.opencms.ticketbrokerage.site/resources/pics/bank_4_seb.png HTTP/1.1" 200 2487
47.128.49.69 - - [29/Jun/2024:05:22:44 +0200] "GET /ticket2/opencms/system/modules/com.gridnine.opencms.ticketbrokerage.site/resources/pics/bank_3_swedbank.png HTTP/1.1" 200 5740
47.128.49.69 - - [29/Jun/2024:05:22:44 +0200] "GET /ticket2/opencms/system/modules/com.gridnine.opencms.ticketbrokerage.site/resources/pics/bank_5_visa_mastercard.png HTTP/1.1" 200 8196
47.128.49.69 - - [29/Jun/2024:05:22:44 +0200] "GET /ticket2/opencms/system/modules/com.gridnine.opencms.ticketbrokerage.site/resources/pics/bank_6_american_express.png HTTP/1.1" 200 5570
37.60.238.15 - - [29/Jun/2024:05:23:05 +0200] "GET /ticket2/opencms/de/fi/venue/?venueid=A554AEB0-11D4-3E72-6DEE-23BC1DD374D4 HTTP/1.1" 404 -
66.249.75.167 - - [29/Jun/2024:05:23:07 +0200] "GET /ticket2/opencms/ HTTP/1.1" 302 -
66.249.75.169 - - [29/Jun/2024:05:23:09 +0200] "GET /ticket2/opencms/sv/ HTTP/1.1" 200 91831
66.249.75.167 - - [29/Jun/2024:05:23:11 +0200] "GET /ticket2/opencms/system/modules/com.gridnine.opencms.ticketbrokerage.site/resources/js/jquery/jquery.js HTTP/1.1" 200 93868
66.249.75.167 - - [29/Jun/2024:05:23:12 +0200] "GET /ticket2/opencms/system/modules/com.gridnine.opencms.ticketbrokerage.site/resources/css/jquery.fancybox.css HTTP/1.1" 200 4939
66.249.75.167 - - [29/Jun/2024:05:23:13 +0200] "GET /ticket2/opencms/system/modules/com.gridnine.opencms.ticketbrokerage.site/resources/css/jquery-ui.css HTTP/1.1" 200 33221
66.249.75.168 - - [29/Jun/2024:05:23:14 +0200] "GET /ticket2/opencms/system/modules/com.gridnine.opencms.ticketbrokerage.site/resources/js/stickyfill.min.js HTTP/1.1" 200 5672
66.249.75.167 - - [29/Jun/2024:05:23:14 +0200] "GET /ticket2/opencms/system/modules/com.gridnine.opencms.ticketbrokerage.site/resources/js/jquery/jquery-ui.js HTTP/1.1" 200 228088
66.249.75.168 - - [29/Jun/2024:05:23:15 +0200] "GET /ticket2/opencms/system/modules/com.gridnine.opencms.ticketbrokerage.site/resources/js/jquery.fancybox.pack.js HTTP/1.1" 200 23187
66.249.75.167 - - [29/Jun/2024:05:23:15 +0200] "GET /ticket2/opencms/system/modules/com.gridnine.opencms.ticketbrokerage.site/resources/js/jquery.placeholder.min.js HTTP/1.1" 200 1737
66.249.75.167 - - [29/Jun/2024:05:23:16 +0200] "GET /ticket2/opencms/system/modules/com.gridnine.opencms.ticketbrokerage.site/resources/js/common-ajax.js HTTP/1.1" 200 20175
47.128.97.213 - - [29/Jun/2024:05:23:29 +0200] "GET /ticket2/opencms/nl/buy/?edid=2C538FDD-3C52-6C4F-20BD-65D603C9DD1A HTTP/1.1" 200 71077
47.128.97.213 - - [29/Jun/2024:05:23:30 +0200] "GET /ticket2/opencms/system/modules/com.gridnine.opencms.ticketbrokerage.site/resources/pics/logo-new.png HTTP/1.1" 200 13541
47.128.97.213 - - [29/Jun/2024:05:23:30 +0200] "GET /ticket2/opencms/system/modules/com.gridnine.opencms.ticketbrokerage.site/resources/pics/bank_1_nordea.png HTTP/1.1" 200 4807
47.128.97.213 - - [29/Jun/2024:05:23:30 +0200] "GET /ticket2/opencms/system/modules/com.gridnine.opencms.ticketbrokerage.site/resources/pics/bank_5_visa_mastercard.png HTTP/1.1" 200 8196
47.128.97.213 - - [29/Jun/2024:05:23:31 +0200] "GET /ticket2/opencms/system/modules/com.gridnine.opencms.ticketbrokerage.site/resources/pics/bank_3_swedbank.png HTTP/1.1" 200 5740
47.128.97.213 - - [29/Jun/2024:05:23:31 +0200] "GET /ticket2/opencms/system/modules/com.gridnine.opencms.ticketbrokerage.site/resources/pics/bank_4_seb.png HTTP/1.1" 200 2487
47.128.97.213 - - [29/Jun/2024:05:23:31 +0200] "GET /ticket2/opencms/system/modules/com.gridnine.opencms.ticketbrokerage.site/resources/pics/bank_2_handelsbanken.png HTTP/1.1" 200 4509
47.128.97.213 - - [29/Jun/2024:05:23:31 +0200] "GET /ticket2/opencms/system/modules/com.gridnine.opencms.ticketbrokerage.site/resources/pics/bank_6_american_express.png HTTP/1.1" 200 5570
85.208.96.199 - - [29/Jun/2024:05:23:31 +0200] "GET /ticket2/opencms/sv/sport/fotbollsbiljetter/bundesliga/hertha/ HTTP/1.1" 200 73173
65.108.227.178 - - [29/Jun/2024:05:23:32 +0200] "GET /ticket2/opencms/de/fi/venue/?countryid=90EF2598-A82F-6143-0333-A0B49749F64C HTTP/1.1" 404 -
47.128.30.180 - - [29/Jun/2024:05:23:39 +0200] "GET /ticket2/opencms/fi/venue/?venueid=3DDFA073-4C38-5EE7-7723-B0FB0CD0E69B HTTP/1.1" 200 72930
47.128.30.180 - - [29/Jun/2024:05:23:40 +0200] "GET /ticket2/opencms/system/modules/com.gridnine.opencms.ticketbrokerage.site/resources/pics/logo-new.png HTTP/1.1" 200 13541
47.128.30.180 - - [29/Jun/2024:05:23:40 +0200] "GET /ticket2/opencms/system/modules/com.gridnine.opencms.ticketbrokerage.site/resources/pics/bank_2_handelsbanken.png HTTP/1.1" 200 4509
185.191.171.6 - - [29/Jun/2024:05:23:40 +0200] "GET /ticket2/opencms/de/faq HTTP/1.1" 200 74261
47.128.30.180 - - [29/Jun/2024:05:23:40 +0200] "GET /ticket2/opencms/system/modules/com.gridnine.opencms.ticketbrokerage.site/resources/pics/bank_5_visa_mastercard.png HTTP/1.1" 200 8196
47.128.30.180 - - [29/Jun/2024:05:23:41 +0200] "GET /ticket2/opencms/system/modules/com.gridnine.opencms.ticketbrokerage.site/resources/pics/bank_4_seb.png HTTP/1.1" 200 2487
47.128.30.180 - - [29/Jun/2024:05:23:41 +0200] "GET /ticket2/opencms/system/modules/com.gridnine.opencms.ticketbrokerage.site/resources/pics/bank_3_swedbank.png HTTP/1.1" 200 5740
47.128.30.180 - - [29/Jun/2024:05:23:41 +0200] "GET /ticket2/opencms/system/modules/com.gridnine.opencms.ticketbrokerage.site/resources/pics/bank_1_nordea.png HTTP/1.1" 200 4807
47.128.30.180 - - [29/Jun/2024:05:23:41 +0200] "GET /ticket2/opencms/system/modules/com.gridnine.opencms.ticketbrokerage.site/resources/pics/bank_6_american_express.png HTTP/1.1" 200 5570
185.191.171.18 - - [29/Jun/2024:05:23:49 +0200] "GET /ticket2/opencms/de/magazine/article?title=kylian-mbappe HTTP/1.1" 200 76287
37.60.238.15 - - [29/Jun/2024:05:23:52 +0200] "GET /ticket2/opencms/de/fi/venue/?venueid=A55A1297-1394-1530-C387-A901DC4F2499 HTTP/1.1" 404 -
185.169.252.159 - - [29/Jun/2024:05:24:04 +0200] "GET /ticket2/opencms/sv/login/?edid=4ED59769-62CD-4944-D65C-674ED335D7FB HTTP/1.1" 200 74250
185.191.171.3 - - [29/Jun/2024:05:24:06 +0200] "GET /ticket2/opencms/no/sport/fotballsbilletter/serie_a/genoa/ HTTP/1.1" 200 73861
158.220.119.91 - - [29/Jun/2024:05:24:08 +0200] "GET /ticket2/opencms/sv/login/?edid=D1EB4FF7-B528-2218-5F12-384C17BD723E HTTP/1.1" 200 74250
65.108.227.178 - - [29/Jun/2024:05:24:24 +0200] "GET /ticket2/opencms/de/fi/venue/?countryid=91AAC8CB-DC00-AD46-25B5-9E567AEBD805 HTTP/1.1" 404 -
47.128.37.247 - - [29/Jun/2024:05:24:34 +0200] "GET /ticket2/opencms/no/buy/?catid=2CCC191C-F37F-B9CA-D41C-1204E575B328&comcatid=97ECA65A-72DA-F9AF-9DBB-245D3CFED1BE&page=6 HTTP/1.1" 200 77857
47.128.37.247 - - [29/Jun/2024:05:24:35 +0200] "GET /ticket2/opencms/system/modules/com.gridnine.opencms.ticketbrokerage.site/resources/pics/logo-new.png HTTP/1.1" 200 13541
47.128.37.247 - - [29/Jun/2024:05:24:35 +0200] "GET /ticket2/opencms/system/modules/com.gridnine.opencms.ticketbrokerage.site/resources/pics/bank_4_seb.png HTTP/1.1" 200 2487
47.128.37.247 - - [29/Jun/2024:05:24:36 +0200] "GET /ticket2/opencms/system/modules/com.gridnine.opencms.ticketbrokerage.site/resources/pics/bank_3_swedbank.png HTTP/1.1" 200 5740
47.128.37.247 - - [29/Jun/2024:05:24:36 +0200] "GET /ticket2/opencms/system/modules/com.gridnine.opencms.ticketbrokerage.site/resources/pics/bank_2_handelsbanken.png HTTP/1.1" 200 4509
47.128.37.247 - - [29/Jun/2024:05:24:36 +0200] "GET /ticket2/opencms/system/modules/com.gridnine.opencms.ticketbrokerage.site/resources/pics/bank_1_nordea.png HTTP/1.1" 200 4807
47.128.37.247 - - [29/Jun/2024:05:24:36 +0200] "GET /ticket2/opencms/system/modules/com.gridnine.opencms.ticketbrokerage.site/resources/pics/bank_5_visa_mastercard.png HTTP/1.1" 200 8196
47.128.37.247 - - [29/Jun/2024:05:24:36 +0200] "GET /ticket2/opencms/system/modules/com.gridnine.opencms.ticketbrokerage.site/resources/pics/bank_6_american_express.png HTTP/1.1" 200 5570
66.249.75.105 - - [29/Jun/2024:05:24:37 +0200] "GET /ticket2/opencms/en/venue/?venueid=09020355-FC21-7B01-28CB-650A5D998DEC HTTP/1.1" 200 71350
66.249.76.170 - - [29/Jun/2024:05:24:39 +0200] "GET /ticket2/opencms/fi HTTP/1.1" 200 92805
37.60.238.15 - - [29/Jun/2024:05:24:44 +0200] "GET /ticket2/opencms/de/fi/venue/?venueid=A576183F-35AB-AD6B-E4D1-EB0643094801 HTTP/1.1" 404 -
85.208.96.210 - - [29/Jun/2024:05:24:44 +0200] "GET /ticket2/opencms/no/search.html?searchQuery=Sheffield%2BUnited&submit HTTP/1.1" 200 94172
114.119.155.232 - - [29/Jun/2024:05:24:58 +0200] "GET /ticket2/opencms/en/venue/?venueid=7AC70570-F2F1-BD18-D0E9-BC9514E6B8B3 HTTP/1.1" 200 71336
65.108.227.178 - - [29/Jun/2024:05:25:26 +0200] "GET /ticket2/opencms/de/fi/venue/?countryid=920F4A38-F30D-28B1-B7EB-976C72351F90 HTTP/1.1" 404 -
47.128.29.253 - - [29/Jun/2024:05:25:32 +0200] "GET /ticket2/opencms/fi/venue/?venueid=E8164C8A-8873-243D-7C2E-FF36822B4188 HTTP/1.1" 200 73049
47.128.29.253 - - [29/Jun/2024:05:25:33 +0200] "GET /ticket2/opencms/system/modules/com.gridnine.opencms.ticketbrokerage.site/resources/pics/logo-new.png HTTP/1.1" 200 13541
47.128.29.253 - - [29/Jun/2024:05:25:33 +0200] "GET /ticket2/opencms/system/modules/com.gridnine.opencms.ticketbrokerage.site/resources/pics/bank_1_nordea.png HTTP/1.1" 200 4807
47.128.29.253 - - [29/Jun/2024:05:25:34 +0200] "GET /ticket2/opencms/system/modules/com.gridnine.opencms.ticketbrokerage.site/resources/pics/bank_5_visa_mastercard.png HTTP/1.1" 200 8196
47.128.29.253 - - [29/Jun/2024:05:25:34 +0200] "GET /ticket2/opencms/system/modules/com.gridnine.opencms.ticketbrokerage.site/resources/pics/bank_3_swedbank.png HTTP/1.1" 200 5740
47.128.29.253 - - [29/Jun/2024:05:25:34 +0200] "GET /ticket2/opencms/system/modules/com.gridnine.opencms.ticketbrokerage.site/resources/pics/bank_4_seb.png HTTP/1.1" 200 2487
47.128.29.253 - - [29/Jun/2024:05:25:34 +0200] "GET /ticket2/opencms/system/modules/com.gridnine.opencms.ticketbrokerage.site/resources/pics/bank_2_handelsbanken.png HTTP/1.1" 200 4509
47.128.29.253 - - [29/Jun/2024:05:25:34 +0200] "GET /ticket2/opencms/system/modules/com.gridnine.opencms.ticketbrokerage.site/resources/pics/bank_6_american_express.png HTTP/1.1" 200 5570
47.128.29.253 - - [29/Jun/2024:05:25:36 +0200] "GET /ticket2/opencms/system/galleries/pics/falmer_stadium_ticket2.png HTTP/1.1" 200 36176
47.128.40.26 - - [29/Jun/2024:05:25:46 +0200] "GET /ticket2/opencms/nl/buy/?edid=2E10707D-C051-6138-1E62-3BA0A6C4D8EB HTTP/1.1" 200 71077
47.128.40.26 - - [29/Jun/2024:05:25:47 +0200] "GET /ticket2/opencms/system/modules/com.gridnine.opencms.ticketbrokerage.site/resources/pics/logo-new.png HTTP/1.1" 200 13541
47.128.40.26 - - [29/Jun/2024:05:25:47 +0200] "GET /ticket2/opencms/system/modules/com.gridnine.opencms.ticketbrokerage.site/resources/pics/bank_1_nordea.png HTTP/1.1" 200 4807
47.128.40.26 - - [29/Jun/2024:05:25:48 +0200] "GET /ticket2/opencms/system/modules/com.gridnine.opencms.ticketbrokerage.site/resources/pics/bank_4_seb.png HTTP/1.1" 200 2487
47.128.40.26 - - [29/Jun/2024:05:25:48 +0200] "GET /ticket2/opencms/system/modules/com.gridnine.opencms.ticketbrokerage.site/resources/pics/bank_5_visa_mastercard.png HTTP/1.1" 200 8196
47.128.40.26 - - [29/Jun/2024:05:25:48 +0200] "GET /ticket2/opencms/system/modules/com.gridnine.opencms.ticketbrokerage.site/resources/pics/bank_3_swedbank.png HTTP/1.1" 200 5740
47.128.40.26 - - [29/Jun/2024:05:25:48 +0200] "GET /ticket2/opencms/system/modules/com.gridnine.opencms.ticketbrokerage.site/resources/pics/bank_2_handelsbanken.png HTTP/1.1" 200 4509
47.128.40.26 - - [29/Jun/2024:05:25:48 +0200] "GET /ticket2/opencms/system/modules/com.gridnine.opencms.ticketbrokerage.site/resources/pics/bank_6_american_express.png HTTP/1.1" 200 5570
216.245.221.83 - - [29/Jun/2024:05:25:55 +0200] "HEAD /ticket2/opencms/ HTTP/1.1" 302 -
216.245.221.83 - - [29/Jun/2024:05:25:58 +0200] "HEAD /ticket2/opencms/en/ HTTP/1.1" 200 -
66.249.75.105 - - [29/Jun/2024:05:26:04 +0200] "GET /ticket2/opencms/en/venue/?venueid=D1E3D72D-8E07-9A29-868C-678E69048B2D HTTP/1.1" 200 71359
52.167.144.161 - - [29/Jun/2024:05:26:11 +0200] "GET /ticket2/opencms/sv/buy?page=1&edid=B7C31852-4938-05B8-A23C-0248E7A3D5BA HTTP/1.1" 200 107640
37.60.238.15 - - [29/Jun/2024:05:26:13 +0200] "GET /ticket2/opencms/de/fi/venue/?venueid=A58FBBD0-E5F6-D023-AA37-9672F1C99514 HTTP/1.1" 404 -
47.128.44.73 - - [29/Jun/2024:05:26:26 +0200] "GET /ticket2/opencms/no/buy/?catid=3B549160-8B9C-E872-44A9-20FEA86B30E8&comcatid=A17713B6-D984-201A-4143-ED4DB5ED5C2E&page=6 HTTP/1.1" 200 83606
47.128.44.73 - - [29/Jun/2024:05:26:27 +0200] "GET /ticket2/opencms/system/modules/com.gridnine.opencms.ticketbrokerage.site/resources/pics/logo-new.png HTTP/1.1" 200 13541
47.128.44.73 - - [29/Jun/2024:05:26:27 +0200] "GET /ticket2/opencms/system/modules/com.gridnine.opencms.ticketbrokerage.site/resources/pics/bank_3_swedbank.png HTTP/1.1" 200 5740
47.128.44.73 - - [29/Jun/2024:05:26:27 +0200] "GET /ticket2/opencms/system/modules/com.gridnine.opencms.ticketbrokerage.site/resources/pics/bank_1_nordea.png HTTP/1.1" 200 4807
65.108.227.178 - - [29/Jun/2024:05:26:28 +0200] "GET /ticket2/opencms/de/fi/venue/?countryid=925A6494-6F30-A898-105B-2B0AB62464E2 HTTP/1.1" 404 -
47.128.44.73 - - [29/Jun/2024:05:26:28 +0200] "GET /ticket2/opencms/system/modules/com.gridnine.opencms.ticketbrokerage.site/resources/pics/bank_2_handelsbanken.png HTTP/1.1" 200 4509
47.128.44.73 - - [29/Jun/2024:05:26:28 +0200] "GET /ticket2/opencms/system/modules/com.gridnine.opencms.ticketbrokerage.site/resources/pics/bank_4_seb.png HTTP/1.1" 200 2487
47.128.44.73 - - [29/Jun/2024:05:26:28 +0200] "GET /ticket2/opencms/system/modules/com.gridnine.opencms.ticketbrokerage.site/resources/pics/bank_5_visa_mastercard.png HTTP/1.1" 200 8196
47.128.44.73 - - [29/Jun/2024:05:26:28 +0200] "GET /ticket2/opencms/system/modules/com.gridnine.opencms.ticketbrokerage.site/resources/pics/bank_6_american_express.png HTTP/1.1" 200 5570
52.167.144.182 - - [29/Jun/2024:05:26:33 +0200] "GET /ticket2/opencms/sv/sport/fotbollsbiljetter/english-championship/sunderland/ HTTP/1.1" 200 73699
66.249.72.35 - - [29/Jun/2024:05:27:06 +0200] "GET /ticket2/opencms/en/venue/?countryid=FA8BEB57-7287-7F81-B4E1-A4D5981068EB HTTP/1.1" 200 100730
114.119.135.169 - - [29/Jun/2024:05:27:07 +0200] "GET /ticket2/opencms/en/buy/?page=1&edid=22E80CAF-6540-9358-37F7-FC8D8C998D5C HTTP/1.1" 200 87811
37.60.238.15 - - [29/Jun/2024:05:27:09 +0200] "GET /ticket2/opencms/de/fi/venue/?venueid=A5A743EB-AD74-4583-AFF2-141D1363F7B4 HTTP/1.1" 404 -
65.108.227.178 - - [29/Jun/2024:05:27:15 +0200] "GET /ticket2/opencms/de/fi/venue/?countryid=93055F81-99D6-0EE6-3CC8-FB4301992434 HTTP/1.1" 404 -
216.245.221.83 - - [29/Jun/2024:05:27:15 +0200] "HEAD /ticket2/opencms/ HTTP/1.1" 302 -
216.245.221.83 - - [29/Jun/2024:05:27:16 +0200] "HEAD /ticket2/opencms/en/ HTTP/1.1" 200 -
114.119.131.42 - - [29/Jun/2024:05:27:20 +0200] "GET /ticket2/opencms/en/venue/?venueid=E649B15F-1340-1561-C110-0CA0784E39A8 HTTP/1.1" 200 71411
47.128.29.27 - - [29/Jun/2024:05:27:23 +0200] "GET /ticket2/opencms/no/buy/?catid=82F804FA-9F69-CB6B-D41D-7BF7C716058B&comcatid=A17713B6-D984-201A-4143-ED4DB5ED5C2E&page=6 HTTP/1.1" 200 84471
47.128.29.27 - - [29/Jun/2024:05:27:24 +0200] "GET /ticket2/opencms/system/modules/com.gridnine.opencms.ticketbrokerage.site/resources/pics/logo-new.png HTTP/1.1" 200 13541
47.128.29.27 - - [29/Jun/2024:05:27:24 +0200] "GET /ticket2/opencms/system/modules/com.gridnine.opencms.ticketbrokerage.site/resources/pics/bank_2_handelsbanken.png HTTP/1.1" 200 4509
47.128.29.27 - - [29/Jun/2024:05:27:25 +0200] "GET /ticket2/opencms/system/modules/com.gridnine.opencms.ticketbrokerage.site/resources/pics/bank_3_swedbank.png HTTP/1.1" 200 5740
47.128.29.27 - - [29/Jun/2024:05:27:25 +0200] "GET /ticket2/opencms/system/modules/com.gridnine.opencms.ticketbrokerage.site/resources/pics/bank_5_visa_mastercard.png HTTP/1.1" 200 8196
47.128.29.27 - - [29/Jun/2024:05:27:25 +0200] "GET /ticket2/opencms/system/modules/com.gridnine.opencms.ticketbrokerage.site/resources/pics/bank_4_seb.png HTTP/1.1" 200 2487
47.128.29.27 - - [29/Jun/2024:05:27:25 +0200] "GET /ticket2/opencms/system/modules/com.gridnine.opencms.ticketbrokerage.site/resources/pics/bank_1_nordea.png HTTP/1.1" 200 4807
47.128.29.27 - - [29/Jun/2024:05:27:25 +0200] "GET /ticket2/opencms/system/modules/com.gridnine.opencms.ticketbrokerage.site/resources/pics/bank_6_american_express.png HTTP/1.1" 200 5570
185.169.252.159 - - [29/Jun/2024:05:27:25 +0200] "GET /ticket2/opencms/sv/login/?edid=4F864DED-3EA1-C4B1-B9E6-8775CC676432 HTTP/1.1" 200 74250
40.77.167.21 - - [29/Jun/2024:05:27:54 +0200] "GET /ticket2/opencms/en/venue/?venueid=FD6D24AC-994F-5C37-30F4-5F926A8E4486 HTTP/1.1" 200 71335
47.128.40.228 - - [29/Jun/2024:05:28:04 +0200] "GET /ticket2/opencms/nl/buy/?edid=5605B728-A815-14DD-9E19-09BABDE81131 HTTP/1.1" 200 71077
47.128.40.228 - - [29/Jun/2024:05:28:05 +0200] "GET /ticket2/opencms/system/modules/com.gridnine.opencms.ticketbrokerage.site/resources/pics/logo-new.png HTTP/1.1" 200 13541
47.128.40.228 - - [29/Jun/2024:05:28:05 +0200] "GET /ticket2/opencms/system/modules/com.gridnine.opencms.ticketbrokerage.site/resources/pics/bank_1_nordea.png HTTP/1.1" 200 4807
47.128.40.228 - - [29/Jun/2024:05:28:06 +0200] "GET /ticket2/opencms/system/modules/com.gridnine.opencms.ticketbrokerage.site/resources/pics/bank_4_seb.png HTTP/1.1" 200 2487
47.128.40.228 - - [29/Jun/2024:05:28:06 +0200] "GET /ticket2/opencms/system/modules/com.gridnine.opencms.ticketbrokerage.site/resources/pics/bank_5_visa_mastercard.png HTTP/1.1" 200 8196
47.128.40.228 - - [29/Jun/2024:05:28:06 +0200] "GET /ticket2/opencms/system/modules/com.gridnine.opencms.ticketbrokerage.site/resources/pics/bank_3_swedbank.png HTTP/1.1" 200 5740
47.128.40.228 - - [29/Jun/2024:05:28:06 +0200] "GET /ticket2/opencms/system/modules/com.gridnine.opencms.ticketbrokerage.site/resources/pics/bank_2_handelsbanken.png HTTP/1.1" 200 4509
47.128.40.228 - - [29/Jun/2024:05:28:06 +0200] "GET /ticket2/opencms/system/modules/com.gridnine.opencms.ticketbrokerage.site/resources/pics/bank_6_american_express.png HTTP/1.1" 200 5570
52.167.144.20 - - [29/Jun/2024:05:28:12 +0200] "GET /ticket2/opencms/en/sell/?edid=5F43A584-CA8F-967A-9B29-0DAB35CCD586 HTTP/1.1" 302 -
20.232.171.109 - - [29/Jun/2024:05:28:13 +0200] "GET /ticket2/opencms/system/modules/com.gridnine.opencms.ticketbrokerage.site/resources/pics/right_side_bar/fi/facebook.png HTTP/1.1" 200 2017
192.99.14.159 - - [29/Jun/2024:05:28:14 +0200] "GET /ticket2/opencms/dk/robots.txt HTTP/1.1" 404 -
52.167.144.20 - - [29/Jun/2024:05:28:15 +0200] "GET /ticket2/opencms/en/login/?url=/en/sell/ HTTP/1.1" 200 73431
135.181.75.58 - - [29/Jun/2024:05:28:18 +0200] "GET /ticket2/opencms/de/nl/buy/?comcatid=97ECA65A-72DA-F9AF-9DBB-245D3CFED1BE&catid=2CCC191C-F37F-B9CA-D41C-1204E575B328 HTTP/1.1" 404 -
192.99.14.159 - - [29/Jun/2024:05:28:18 +0200] "GET /ticket2/opencms/dk/dk/buy/?comcatid=66708183-7480-3365-06BF-DBF60280AB45&catid=30D5812D-0858-4843-8F45-C38AE504153C HTTP/1.1" 404 -
47.128.55.63 - - [29/Jun/2024:05:28:19 +0200] "GET /ticket2/opencms/it/buy/?catid=D414C6A5-7A03-3389-42A8-D7B7FE32BB37&comcatid=97ECA65A-72DA-F9AF-9DBB-245D3CFED1BE HTTP/1.1" 200 78374
47.128.55.63 - - [29/Jun/2024:05:28:20 +0200] "GET /ticket2/opencms/system/modules/com.gridnine.opencms.ticketbrokerage.site/resources/pics/logo-new.png HTTP/1.1" 200 13541
47.128.55.63 - - [29/Jun/2024:05:28:20 +0200] "GET /ticket2/opencms/system/modules/com.gridnine.opencms.ticketbrokerage.site/resources/pics/bank_1_nordea.png HTTP/1.1" 200 4807
47.128.55.63 - - [29/Jun/2024:05:28:21 +0200] "GET /ticket2/opencms/system/modules/com.gridnine.opencms.ticketbrokerage.site/resources/pics/bank_4_seb.png HTTP/1.1" 200 2487
47.128.55.63 - - [29/Jun/2024:05:28:21 +0200] "GET /ticket2/opencms/system/modules/com.gridnine.opencms.ticketbrokerage.site/resources/pics/bank_2_handelsbanken.png HTTP/1.1" 200 4509
47.128.55.63 - - [29/Jun/2024:05:28:21 +0200] "GET /ticket2/opencms/system/modules/com.gridnine.opencms.ticketbrokerage.site/resources/pics/bank_5_visa_mastercard.png HTTP/1.1" 200 8196
47.128.55.63 - - [29/Jun/2024:05:28:21 +0200] "GET /ticket2/opencms/system/modules/com.gridnine.opencms.ticketbrokerage.site/resources/pics/bank_3_swedbank.png HTTP/1.1" 200 5740
47.128.55.63 - - [29/Jun/2024:05:28:21 +0200] "GET /ticket2/opencms/system/modules/com.gridnine.opencms.ticketbrokerage.site/resources/pics/bank_6_american_express.png HTTP/1.1" 200 5570
192.99.14.159 - - [29/Jun/2024:05:28:21 +0200] "GET /ticket2/opencms/dk/no/buy/?page=1&edid=5694EC6E-8F45-E662-BB18-079F1DC3144E HTTP/1.1" 404 -
52.167.144.25 - - [29/Jun/2024:05:28:22 +0200] "GET /ticket2/opencms/nl/buy/?page=1&edid=FE1AC5B2-265B-BE7B-B671-09C67B8FEF68 HTTP/1.1" 200 87220
37.60.238.15 - - [29/Jun/2024:05:28:22 +0200] "GET /ticket2/opencms/de/fi/venue/?venueid=A60FB51F-D5E6-BD90-6801-0B7458E63156 HTTP/1.1" 404 -
192.99.14.159 - - [29/Jun/2024:05:28:25 +0200] "GET /ticket2/opencms/dk/no/buy/?page=1&edid=ED81349D-86B2-C0F6-EF58-DEEDD0455CAC HTTP/1.1" 404 -
65.108.227.178 - - [29/Jun/2024:05:28:28 +0200] "GET /ticket2/opencms/de/fi/venue/?countryid=947940C4-79F7-1AE9-A4BA-06096E0B9585 HTTP/1.1" 404 -
192.99.14.159 - - [29/Jun/2024:05:28:29 +0200] "GET /ticket2/opencms/dk/no/buy/?page=1&edid=ED81349D-86B2-C0F6-EF58-DEEDD0455CAC&sortorder=desc&column=price HTTP/1.1" 404 -
66.249.87.200 - - [29/Jun/2024:05:28:31 +0200] "GET /ticket2/opencms/no/sport/fotballsbilletter/premier_league/ HTTP/1.1" 200 80512
192.99.14.159 - - [29/Jun/2024:05:28:33 +0200] "GET /ticket2/opencms/dk/no/buy/?page=1&edid=ED81349D-86B2-C0F6-EF58-DEEDD0455CAC&sortorder=desc&column=row HTTP/1.1" 404 -
216.244.66.238 - - [29/Jun/2024:05:28:34 +0200] "GET /ticket2/opencms/dk/ru/buy/?page=10&eventid=CB858627-FD0B-7DB5-96E3-81B2EDFB367F HTTP/1.1" 404 -
216.244.66.238 - - [29/Jun/2024:05:28:35 +0200] "GET /ticket2/opencms/se/no/buy/?page=1&edid=95CACFD9-29C2-1708-57C5-046FA498506B HTTP/1.1" 404 -
135.181.75.58 - - [29/Jun/2024:05:28:38 +0200] "GET /ticket2/opencms/de/nl/buy/?comcatid=97ECA65A-72DA-F9AF-9DBB-245D3CFED1BE&catid=2E79AED8-FF58-B4E8-AFB0-43E7CEBE7864 HTTP/1.1" 404 -
192.99.14.159 - - [29/Jun/2024:05:28:41 +0200] "GET /ticket2/opencms/dk/no/buy/?page=1&edid=ED81349D-86B2-C0F6-EF58-DEEDD0455CAC&sortorder=desc&column=section HTTP/1.1" 404 -
192.99.14.159 - - [29/Jun/2024:05:28:46 +0200] "GET /ticket2/opencms/dk/no/buy/?page=1&edid=EDE40E3C-1BEA-97F4-2BA1-104758225B1E HTTP/1.1" 404 -
192.99.14.159 - - [29/Jun/2024:05:28:50 +0200] "GET /ticket2/opencms/dk/no/buy/?page=1&edid=EDE40E3C-1BEA-97F4-2BA1-104758225B1E&sortorder=asc&column=row HTTP/1.1" 404 -
192.99.14.159 - - [29/Jun/2024:05:28:54 +0200] "GET /ticket2/opencms/dk/no/buy/?page=1&edid=EDE40E3C-1BEA-97F4-2BA1-104758225B1E&sortorder=asc&column=section HTTP/1.1" 404 -
51.222.253.19 - - [29/Jun/2024:05:28:55 +0200] "GET /ticket2/opencms/nl/sport/voetbal-tickets/premier_league/brentford/ HTTP/1.1" 200 84071
135.181.75.58 - - [29/Jun/2024:05:29:00 +0200] "GET /ticket2/opencms/de/nl/buy/?comcatid=97ECA65A-72DA-F9AF-9DBB-245D3CFED1BE&catid=43171577-14C8-6B19-25D9-DF372BFFCBFA HTTP/1.1" 404 -
65.108.227.178 - - [29/Jun/2024:05:29:05 +0200] "GET /ticket2/opencms/de/fi/venue/?countryid=9554F04E-60EE-4D4B-3CE3-7EC55ADC4B4E HTTP/1.1" 404 -
185.191.171.4 - - [29/Jun/2024:05:29:06 +0200] "GET /ticket2/opencms/dk/sport/fodboldbilletter/bundesliga/frankfurt/ HTTP/1.1" 200 73147
37.60.238.15 - - [29/Jun/2024:05:29:06 +0200] "GET /ticket2/opencms/de/fi/venue/?venueid=A6CB083A-5A62-D00D-1160-926B40FC19E8 HTTP/1.1" 404 -
47.128.97.87 - - [29/Jun/2024:05:29:15 +0200] "GET /ticket2/opencms/fi/venue/?venueid=0C57D9A1-BFBB-6B50-BD26-F99F2EBC7C94 HTTP/1.1" 200 73005
47.128.97.87 - - [29/Jun/2024:05:29:15 +0200] "GET /ticket2/opencms/system/modules/com.gridnine.opencms.ticketbrokerage.site/resources/pics/logo-new.png HTTP/1.1" 200 13541
47.128.97.87 - - [29/Jun/2024:05:29:16 +0200] "GET /ticket2/opencms/venue/stade_de_toulouse.png HTTP/1.1" 200 170440
47.128.97.87 - - [29/Jun/2024:05:29:16 +0200] "GET /ticket2/opencms/system/modules/com.gridnine.opencms.ticketbrokerage.site/resources/pics/bank_1_nordea.png HTTP/1.1" 200 4807
47.128.97.87 - - [29/Jun/2024:05:29:17 +0200] "GET /ticket2/opencms/system/modules/com.gridnine.opencms.ticketbrokerage.site/resources/pics/bank_2_handelsbanken.png HTTP/1.1" 200 4509
47.128.97.87 - - [29/Jun/2024:05:29:17 +0200] "GET /ticket2/opencms/system/modules/com.gridnine.opencms.ticketbrokerage.site/resources/pics/bank_4_seb.png HTTP/1.1" 200 2487
47.128.97.87 - - [29/Jun/2024:05:29:17 +0200] "GET /ticket2/opencms/system/modules/com.gridnine.opencms.ticketbrokerage.site/resources/pics/bank_3_swedbank.png HTTP/1.1" 200 5740
47.128.97.87 - - [29/Jun/2024:05:29:17 +0200] "GET /ticket2/opencms/system/modules/com.gridnine.opencms.ticketbrokerage.site/resources/pics/bank_5_visa_mastercard.png HTTP/1.1" 200 8196
47.128.97.87 - - [29/Jun/2024:05:29:17 +0200] "GET /ticket2/opencms/system/modules/com.gridnine.opencms.ticketbrokerage.site/resources/pics/bank_6_american_express.png HTTP/1.1" 200 5570
135.181.75.58 - - [29/Jun/2024:05:29:25 +0200] "GET /ticket2/opencms/de/nl/buy/?comcatid=97ECA65A-72DA-F9AF-9DBB-245D3CFED1BE&catid=4C4DADF0-07CC-9B24-D2D9-940EF378BE99 HTTP/1.1" 404 -
37.60.238.15 - - [29/Jun/2024:05:29:30 +0200] "GET /ticket2/opencms/de/fi/venue/?venueid=A75E3180-F5B5-619F-EC2B-362299C2CBCC HTTP/1.1" 404 -
135.181.75.58 - - [29/Jun/2024:05:29:47 +0200] "GET /ticket2/opencms/de/nl/buy/?comcatid=97ECA65A-72DA-F9AF-9DBB-245D3CFED1BE&catid=55D1256D-BDD9-CBA3-47A3-0A252F702555 HTTP/1.1" 404 -
65.108.227.178 - - [29/Jun/2024:05:29:52 +0200] "GET /ticket2/opencms/de/fi/venue/?countryid=98E21F26-BA61-B037-B7B7-D6DBAF5824E4 HTTP/1.1" 404 -
37.60.238.15 - - [29/Jun/2024:05:30:04 +0200] "GET /ticket2/opencms/de/fi/venue/?venueid=A7B8A932-8DC8-FD95-3764-A37F6B05D789 HTTP/1.1" 404 -
66.249.72.35 - - [29/Jun/2024:05:30:08 +0200] "GET /ticket2/opencms/dk/buy/?page=1&edid=5ED2EB91-C7BF-DB4E-E8CC-C708B8706497 HTTP/1.1" 200 85734
135.181.75.58 - - [29/Jun/2024:05:30:08 +0200] "GET /ticket2/opencms/de/nl/buy/?comcatid=97ECA65A-72DA-F9AF-9DBB-245D3CFED1BE&catid=6CD184E8-C8D4-E1CC-33D0-6F47E3751240 HTTP/1.1" 404 -
66.249.76.1 - - [29/Jun/2024:05:30:08 +0200] "GET /ticket2/opencms/en/venue/?venueid=A1DCFF7A-004F-A254-D8BE-ACF650D39AEF HTTP/1.1" 200 71342
47.128.56.130 - - [29/Jun/2024:05:30:11 +0200] "GET /ticket2/opencms/fi/venue/?venueid=C5F64BBB-8A8A-B218-4636-88A4C2E914C4 HTTP/1.1" 200 72956
47.128.56.130 - - [29/Jun/2024:05:30:11 +0200] "GET /ticket2/opencms/system/modules/com.gridnine.opencms.ticketbrokerage.site/resources/pics/logo-new.png HTTP/1.1" 200 13541
47.128.56.130 - - [29/Jun/2024:05:30:12 +0200] "GET /ticket2/opencms/system/modules/com.gridnine.opencms.ticketbrokerage.site/resources/pics/bank_3_swedbank.png HTTP/1.1" 200 5740
47.128.56.130 - - [29/Jun/2024:05:30:12 +0200] "GET /ticket2/opencms/system/modules/com.gridnine.opencms.ticketbrokerage.site/resources/pics/bank_2_handelsbanken.png HTTP/1.1" 200 4509
47.128.56.130 - - [29/Jun/2024:05:30:12 +0200] "GET /ticket2/opencms/system/modules/com.gridnine.opencms.ticketbrokerage.site/resources/pics/bank_4_seb.png HTTP/1.1" 200 2487
47.128.56.130 - - [29/Jun/2024:05:30:12 +0200] "GET /ticket2/opencms/system/modules/com.gridnine.opencms.ticketbrokerage.site/resources/pics/bank_1_nordea.png HTTP/1.1" 200 4807
47.128.56.130 - - [29/Jun/2024:05:30:12 +0200] "GET /ticket2/opencms/system/modules/com.gridnine.opencms.ticketbrokerage.site/resources/pics/bank_5_visa_mastercard.png HTTP/1.1" 200 8196
47.128.56.130 - - [29/Jun/2024:05:30:12 +0200] "GET /ticket2/opencms/system/modules/com.gridnine.opencms.ticketbrokerage.site/resources/pics/bank_6_american_express.png HTTP/1.1" 200 5570
216.244.66.238 - - [29/Jun/2024:05:30:13 +0200] "GET /ticket2/opencms/en/buy/?page=1&edid=938ECB82-2408-02B3-A5B3-53D3737EA4C9 HTTP/1.1" 200 88020
216.244.66.238 - - [29/Jun/2024:05:30:19 +0200] "GET /ticket2/opencms/en/buy/?page=1&edid=EA6B7FBB-FA78-046C-4294-B3C3C2130B5E HTTP/1.1" 200 87998
47.128.40.86 - - [29/Jun/2024:05:30:21 +0200] "GET /ticket2/opencms/it/buy/?edid=95423F1B-D1AB-68DD-A58C-5DE97CA2D553 HTTP/1.1" 200 73253
47.128.40.86 - - [29/Jun/2024:05:30:22 +0200] "GET /ticket2/opencms/system/modules/com.gridnine.opencms.ticketbrokerage.site/resources/pics/logo-new.png HTTP/1.1" 200 13541
47.128.40.86 - - [29/Jun/2024:05:30:22 +0200] "GET /ticket2/opencms/system/modules/com.gridnine.opencms.ticketbrokerage.site/resources/pics/bank_1_nordea.png HTTP/1.1" 200 4807
47.128.40.86 - - [29/Jun/2024:05:30:23 +0200] "GET /ticket2/opencms/system/modules/com.gridnine.opencms.ticketbrokerage.site/resources/pics/bank_5_visa_mastercard.png HTTP/1.1" 200 8196
47.128.40.86 - - [29/Jun/2024:05:30:23 +0200] "GET /ticket2/opencms/system/modules/com.gridnine.opencms.ticketbrokerage.site/resources/pics/bank_4_seb.png HTTP/1.1" 200 2487
47.128.40.86 - - [29/Jun/2024:05:30:23 +0200] "GET /ticket2/opencms/system/modules/com.gridnine.opencms.ticketbrokerage.site/resources/pics/bank_3_swedbank.png HTTP/1.1" 200 5740
47.128.40.86 - - [29/Jun/2024:05:30:23 +0200] "GET /ticket2/opencms/system/modules/com.gridnine.opencms.ticketbrokerage.site/resources/pics/bank_2_handelsbanken.png HTTP/1.1" 200 4509
158.220.119.91 - - [29/Jun/2024:05:30:23 +0200] "GET /ticket2/opencms/robots.txt HTTP/1.1" 200 773
47.128.40.86 - - [29/Jun/2024:05:30:23 +0200] "GET /ticket2/opencms/system/modules/com.gridnine.opencms.ticketbrokerage.site/resources/pics/bank_6_american_express.png HTTP/1.1" 200 5570
135.181.75.58 - - [29/Jun/2024:05:30:29 +0200] "GET /ticket2/opencms/de/nl/buy/?comcatid=97ECA65A-72DA-F9AF-9DBB-245D3CFED1BE&catid=757E2DFB-33DA-9B34-8402-9F06B19D8409 HTTP/1.1" 404 -
65.108.227.178 - - [29/Jun/2024:05:30:29 +0200] "GET /ticket2/opencms/de/fi/venue/?countryid=994C90A3-4106-B64A-E9EB-11D9EC699E18 HTTP/1.1" 404 -
185.169.252.159 - - [29/Jun/2024:05:30:29 +0200] "GET /ticket2/opencms/sv/login/?edid=50B4BE82-3262-F014-61DB-5D5E6B9C8C97 HTTP/1.1" 200 74250
124.243.134.105 - - [29/Jun/2024:05:30:30 +0200] "GET /ticket2/opencms/sv/magazine/article?title=tottenham-hotspur-fc HTTP/1.1" 200 76942
37.60.238.15 - - [29/Jun/2024:05:30:32 +0200] "GET /ticket2/opencms/de/fi/venue/?venueid=A7C35E41-A8DE-46DC-9A98-EA794BBC27B7 HTTP/1.1" 404 -
66.249.87.201 - - [29/Jun/2024:05:30:34 +0200] "GET /ticket2/opencms/sv/sport/fotbollsbiljetter/la_liga/ HTTP/1.1" 200 79259
135.181.75.58 - - [29/Jun/2024:05:30:53 +0200] "GET /ticket2/opencms/de/nl/buy/?comcatid=97ECA65A-72DA-F9AF-9DBB-245D3CFED1BE&catid=7D3BEF66-5D88-3916-5B89-0E7B139E0169 HTTP/1.1" 404 -
216.245.221.83 - - [29/Jun/2024:05:30:55 +0200] "HEAD /ticket2/opencms/ HTTP/1.1" 302 -
216.245.221.83 - - [29/Jun/2024:05:30:58 +0200] "HEAD /ticket2/opencms/en/ HTTP/1.1" 200 -
37.60.238.15 - - [29/Jun/2024:05:31:04 +0200] "GET /ticket2/opencms/de/fi/venue/?venueid=A7F4FECE-4E17-B1DA-2900-3D2253A69294 HTTP/1.1" 404 -
47.128.34.82 - - [29/Jun/2024:05:31:07 +0200] "GET /ticket2/opencms/fi/venue/?venueid=B3BE141E-CF3F-F6A7-8B12-1986445931C5 HTTP/1.1" 200 72927
47.128.34.82 - - [29/Jun/2024:05:31:07 +0200] "GET /ticket2/opencms/system/modules/com.gridnine.opencms.ticketbrokerage.site/resources/pics/logo-new.png HTTP/1.1" 200 13541
47.128.34.82 - - [29/Jun/2024:05:31:08 +0200] "GET /ticket2/opencms/system/modules/com.gridnine.opencms.ticketbrokerage.site/resources/pics/bank_3_swedbank.png HTTP/1.1" 200 5740
47.128.34.82 - - [29/Jun/2024:05:31:08 +0200] "GET /ticket2/opencms/system/modules/com.gridnine.opencms.ticketbrokerage.site/resources/pics/bank_1_nordea.png HTTP/1.1" 200 4807
47.128.34.82 - - [29/Jun/2024:05:31:08 +0200] "GET /ticket2/opencms/system/modules/com.gridnine.opencms.ticketbrokerage.site/resources/pics/bank_2_handelsbanken.png HTTP/1.1" 200 4509
47.128.34.82 - - [29/Jun/2024:05:31:08 +0200] "GET /ticket2/opencms/system/modules/com.gridnine.opencms.ticketbrokerage.site/resources/pics/bank_5_visa_mastercard.png HTTP/1.1" 200 8196
47.128.34.82 - - [29/Jun/2024:05:31:08 +0200] "GET /ticket2/opencms/system/modules/com.gridnine.opencms.ticketbrokerage.site/resources/pics/bank_4_seb.png HTTP/1.1" 200 2487
47.128.34.82 - - [29/Jun/2024:05:31:08 +0200] "GET /ticket2/opencms/system/modules/com.gridnine.opencms.ticketbrokerage.site/resources/pics/bank_6_american_express.png HTTP/1.1" 200 5570
135.181.75.58 - - [29/Jun/2024:05:31:21 +0200] "GET /ticket2/opencms/de/nl/buy/?comcatid=97ECA65A-72DA-F9AF-9DBB-245D3CFED1BE&catid=81B744E7-1FEE-E757-C0AB-C7AF73CDE252 HTTP/1.1" 404 -
85.208.96.195 - - [29/Jun/2024:05:31:29 +0200] "GET /ticket2/opencms/sv/sport/fotbollsbiljetter/premier_league/fulham/tottenham.html HTTP/1.1" 200 85187
65.108.227.178 - - [29/Jun/2024:05:31:38 +0200] "GET /ticket2/opencms/de/fi/venue/?countryid=99879305-CFA6-190E-0159-90B37D9BF760 HTTP/1.1" 404 -
37.60.238.15 - - [29/Jun/2024:05:31:45 +0200] "GET /ticket2/opencms/de/fi/venue/?venueid=A7F9D635-55A8-4B42-BE83-EBBBC354D49F HTTP/1.1" 404 -
135.181.75.58 - - [29/Jun/2024:05:31:51 +0200] "GET /ticket2/opencms/de/nl/buy/?comcatid=97ECA65A-72DA-F9AF-9DBB-245D3CFED1BE&catid=8732E72C-A028-EA8C-4D4D-DEB44E2A28A8 HTTP/1.1" 404 -
52.167.144.25 - - [29/Jun/2024:05:31:53 +0200] "GET /ticket2/opencms/de/en/sport/football-tickets/premier_league/manchester_united/ HTTP/1.1" 404 -
47.128.62.82 - - [29/Jun/2024:05:32:03 +0200] "GET /ticket2/opencms/fi/venue/?venueid=40ADA438-5D69-32FD-AA2D-421A8A0BD7EA HTTP/1.1" 200 72914
47.128.62.82 - - [29/Jun/2024:05:32:04 +0200] "GET /ticket2/opencms/system/modules/com.gridnine.opencms.ticketbrokerage.site/resources/pics/logo-new.png HTTP/1.1" 200 13541
47.128.62.82 - - [29/Jun/2024:05:32:04 +0200] "GET /ticket2/opencms/system/modules/com.gridnine.opencms.ticketbrokerage.site/resources/pics/bank_5_visa_mastercard.png HTTP/1.1" 200 8196
47.128.62.82 - - [29/Jun/2024:05:32:04 +0200] "GET /ticket2/opencms/system/modules/com.gridnine.opencms.ticketbrokerage.site/resources/pics/bank_6_american_express.png HTTP/1.1" 200 5570
47.128.62.82 - - [29/Jun/2024:05:32:05 +0200] "GET /ticket2/opencms/system/modules/com.gridnine.opencms.ticketbrokerage.site/resources/pics/bank_3_swedbank.png HTTP/1.1" 200 5740
47.128.62.82 - - [29/Jun/2024:05:32:05 +0200] "GET /ticket2/opencms/system/modules/com.gridnine.opencms.ticketbrokerage.site/resources/pics/bank_4_seb.png HTTP/1.1" 200 2487
47.128.62.82 - - [29/Jun/2024:05:32:05 +0200] "GET /ticket2/opencms/system/modules/com.gridnine.opencms.ticketbrokerage.site/resources/pics/bank_2_handelsbanken.png HTTP/1.1" 200 4509
47.128.62.82 - - [29/Jun/2024:05:32:05 +0200] "GET /ticket2/opencms/system/modules/com.gridnine.opencms.ticketbrokerage.site/resources/pics/bank_1_nordea.png HTTP/1.1" 200 4807
114.119.129.235 - - [29/Jun/2024:05:32:08 +0200] "GET /ticket2/opencms/en/buy/?page=1&edid=1A3709D7-2775-D284-06C2-585FE5EFB134 HTTP/1.1" 200 85163
66.249.76.166 - - [29/Jun/2024:05:32:09 +0200] "GET /ticket2/opencms/robots.txt HTTP/1.1" 200 773
66.249.76.161 - - [29/Jun/2024:05:32:10 +0200] "GET /ticket2/opencms/dk/faq HTTP/1.1" 200 76326
66.249.76.166 - - [29/Jun/2024:05:32:11 +0200] "GET /ticket2/opencms/dk/venue/?venueid=1519CE72-0A25-6BA0-48DA-5661E0A521EF HTTP/1.1" 200 71858
37.60.238.15 - - [29/Jun/2024:05:32:11 +0200] "GET /ticket2/opencms/de/fi/venue/?venueid=A80A0A61-7C37-1A40-97CB-2266617DAAEF HTTP/1.1" 404 -
216.245.221.83 - - [29/Jun/2024:05:32:15 +0200] "HEAD /ticket2/opencms/ HTTP/1.1" 302 -
216.245.221.83 - - [29/Jun/2024:05:32:16 +0200] "HEAD /ticket2/opencms/en/ HTTP/1.1" 200 -
114.119.158.193 - - [29/Jun/2024:05:32:21 +0200] "GET /ticket2/opencms/en/sport/football-tickets/serie_a/ac_milan/ HTTP/1.1" 200 73550
135.181.75.58 - - [29/Jun/2024:05:32:21 +0200] "GET /ticket2/opencms/de/nl/buy/?comcatid=97ECA65A-72DA-F9AF-9DBB-245D3CFED1BE&catid=8B6802AF-1ADE-4BE1-A1F7-7671190CFB4F HTTP/1.1" 404 -
65.108.227.178 - - [29/Jun/2024:05:32:25 +0200] "GET /ticket2/opencms/de/fi/venue/?countryid=99B1C0F6-84FB-98CC-65FC-5142D0D877AC HTTP/1.1" 404 -
185.191.171.5 - - [29/Jun/2024:05:32:32 +0200] "GET /ticket2/opencms/es/magazine/article?title=tottenham-burnley-2024-05-11 HTTP/1.1" 200 74113
66.249.87.200 - - [29/Jun/2024:05:32:39 +0200] "GET /ticket2/opencms/dk/sport/fodboldbilletter/premier-league/arsenal/ HTTP/1.1" 200 84110
47.128.40.29 - - [29/Jun/2024:05:32:39 +0200] "GET /ticket2/opencms/it/buy/?edid=C8E47E46-ADCD-586A-7BE4-CF1C96256B2D HTTP/1.1" 200 73253
47.128.40.29 - - [29/Jun/2024:05:32:40 +0200] "GET /ticket2/opencms/system/modules/com.gridnine.opencms.ticketbrokerage.site/resources/pics/logo-new.png HTTP/1.1" 200 13541
47.128.40.29 - - [29/Jun/2024:05:32:40 +0200] "GET /ticket2/opencms/system/modules/com.gridnine.opencms.ticketbrokerage.site/resources/pics/bank_1_nordea.png HTTP/1.1" 200 4807
47.128.40.29 - - [29/Jun/2024:05:32:41 +0200] "GET /ticket2/opencms/system/modules/com.gridnine.opencms.ticketbrokerage.site/resources/pics/bank_6_american_express.png HTTP/1.1" 200 5570
47.128.40.29 - - [29/Jun/2024:05:32:41 +0200] "GET /ticket2/opencms/system/modules/com.gridnine.opencms.ticketbrokerage.site/resources/pics/bank_4_seb.png HTTP/1.1" 200 2487
47.128.40.29 - - [29/Jun/2024:05:32:41 +0200] "GET /ticket2/opencms/system/modules/com.gridnine.opencms.ticketbrokerage.site/resources/pics/bank_3_swedbank.png HTTP/1.1" 200 5740
47.128.40.29 - - [29/Jun/2024:05:32:41 +0200] "GET /ticket2/opencms/system/modules/com.gridnine.opencms.ticketbrokerage.site/resources/pics/bank_2_handelsbanken.png HTTP/1.1" 200 4509
47.128.40.29 - - [29/Jun/2024:05:32:41 +0200] "GET /ticket2/opencms/system/modules/com.gridnine.opencms.ticketbrokerage.site/resources/pics/bank_5_visa_mastercard.png HTTP/1.1" 200 8196
216.244.66.238 - - [29/Jun/2024:05:32:46 +0200] "GET /ticket2/opencms/dk/buy/?page=1&edid=DAD18921-7757-7B09-D8E3-909A6B1E7699 HTTP/1.1" 200 87352
37.60.238.15 - - [29/Jun/2024:05:32:53 +0200] "GET /ticket2/opencms/de/fi/venue/?venueid=A8296605-D785-16FA-4CCB-AC7210C36F8D HTTP/1.1" 404 -
135.181.75.58 - - [29/Jun/2024:05:32:53 +0200] "GET /ticket2/opencms/de/nl/buy/?comcatid=97ECA65A-72DA-F9AF-9DBB-245D3CFED1BE&catid=9457695E-36ED-A63E-7A88-32963954E2C7 HTTP/1.1" 404 -
216.244.66.238 - - [29/Jun/2024:05:32:56 +0200] "GET /ticket2/opencms/nl/buy/?page=1&edid=2425166B-F264-2CE2-38CC-807249162891 HTTP/1.1" 200 84810
185.169.252.159 - - [29/Jun/2024:05:32:57 +0200] "GET /ticket2/opencms/sv/login/?edid=527C93B0-9340-497B-8776-6EDF58916407 HTTP/1.1" 200 74250
47.128.30.47 - - [29/Jun/2024:05:32:59 +0200] "GET /ticket2/opencms/fi/buy/?catid=E961462E-5AC2-64D6-5850-A310C9DEAA06&comcatid=A17713B6-D984-201A-4143-ED4DB5ED5C2E&page=6 HTTP/1.1" 200 84027
47.128.30.47 - - [29/Jun/2024:05:32:59 +0200] "GET /ticket2/opencms/system/modules/com.gridnine.opencms.ticketbrokerage.site/resources/pics/logo-new.png HTTP/1.1" 200 13541
47.128.30.47 - - [29/Jun/2024:05:33:00 +0200] "GET /ticket2/opencms/system/modules/com.gridnine.opencms.ticketbrokerage.site/resources/pics/bank_3_swedbank.png HTTP/1.1" 200 5740
47.128.30.47 - - [29/Jun/2024:05:33:00 +0200] "GET /ticket2/opencms/system/modules/com.gridnine.opencms.ticketbrokerage.site/resources/pics/bank_5_visa_mastercard.png HTTP/1.1" 200 8196
52.167.144.25 - - [29/Jun/2024:05:33:00 +0200] "GET /ticket2/opencms/es/selling_tickets/ HTTP/1.1" 500 -
47.128.30.47 - - [29/Jun/2024:05:33:00 +0200] "GET /ticket2/opencms/system/modules/com.gridnine.opencms.ticketbrokerage.site/resources/pics/bank_1_nordea.png HTTP/1.1" 200 4807
47.128.30.47 - - [29/Jun/2024:05:33:00 +0200] "GET /ticket2/opencms/system/modules/com.gridnine.opencms.ticketbrokerage.site/resources/pics/bank_2_handelsbanken.png HTTP/1.1" 200 4509
47.128.30.47 - - [29/Jun/2024:05:33:00 +0200] "GET /ticket2/opencms/system/modules/com.gridnine.opencms.ticketbrokerage.site/resources/pics/bank_4_seb.png HTTP/1.1" 200 2487
47.128.30.47 - - [29/Jun/2024:05:33:00 +0200] "GET /ticket2/opencms/system/modules/com.gridnine.opencms.ticketbrokerage.site/resources/pics/bank_6_american_express.png HTTP/1.1" 200 5570
216.244.66.238 - - [29/Jun/2024:05:33:03 +0200] "GET /ticket2/opencms/nl/buy/?page=1&edid=32E81482-FD8F-2561-8A36-7326B8FDF5FD HTTP/1.1" 200 88113
66.249.75.167 - - [29/Jun/2024:05:33:07 +0200] "GET /ticket2/opencms/ HTTP/1.1" 302 -
66.249.75.167 - - [29/Jun/2024:05:33:10 +0200] "GET /ticket2/opencms/sv/ HTTP/1.1" 200 91831
216.244.66.238 - - [29/Jun/2024:05:33:11 +0200] "GET /ticket2/opencms/nl/buy/?page=1&edid=466096D7-B80C-1870-BCB8-B3C285E7220D HTTP/1.1" 200 84798
66.249.75.167 - - [29/Jun/2024:05:33:12 +0200] "GET /ticket2/opencms/system/modules/com.gridnine.opencms.ticketbrokerage.site/resources/js/jquery/jquery.js HTTP/1.1" 200 93868
37.60.238.15 - - [29/Jun/2024:05:33:18 +0200] "GET /ticket2/opencms/de/fi/venue/?venueid=A8858F1D-FB00-53F1-CA46-D029D84C4D0E HTTP/1.1" 404 -
185.191.171.10 - - [29/Jun/2024:05:33:19 +0200] "GET /ticket2/opencms/robots.txt HTTP/1.1" 200 773
135.181.75.58 - - [29/Jun/2024:05:33:19 +0200] "GET /ticket2/opencms/de/nl/buy/?comcatid=97ECA65A-72DA-F9AF-9DBB-245D3CFED1BE&catid=DA31441B-C568-3C77-D08C-698809032494 HTTP/1.1" 404 -
185.191.171.12 - - [29/Jun/2024:05:33:19 +0200] "GET /ticket2/opencms/sv/sport/fotbollsbiljetter/english-championship/charlton_athletic/ HTTP/1.1" 200 71927
85.208.96.196 - - [29/Jun/2024:05:33:26 +0200] "GET /ticket2/opencms/fi/urheilu/jalkapallo/serie_a/roma/ HTTP/1.1" 200 74332
65.108.227.178 - - [29/Jun/2024:05:33:26 +0200] "GET /ticket2/opencms/de/fi/venue/?countryid=99B8CCCF-76CE-5509-EB6E-95AE6D1E4C98 HTTP/1.1" 404 -
135.181.75.58 - - [29/Jun/2024:05:33:40 +0200] "GET /ticket2/opencms/de/nl/buy/?comcatid=97ECA65A-72DA-F9AF-9DBB-245D3CFED1BE&catid=E3105E1E-3982-291E-5523-1C1DF161E9B7 HTTP/1.1" 404 -
37.60.238.15 - - [29/Jun/2024:05:33:44 +0200] "GET /ticket2/opencms/de/fi/venue/?venueid=A8BF1563-78B5-8141-7CD3-5CAAEC11326C HTTP/1.1" 404 -
47.128.41.184 - - [29/Jun/2024:05:33:56 +0200] "GET /ticket2/opencms/fi/venue/?venueid=6FCDCCA7-47BD-CFE7-4CCC-4C7129F7CE52 HTTP/1.1" 200 72911
47.128.41.184 - - [29/Jun/2024:05:33:57 +0200] "GET /ticket2/opencms/system/modules/com.gridnine.opencms.ticketbrokerage.site/resources/pics/logo-new.png HTTP/1.1" 200 13541
47.128.41.184 - - [29/Jun/2024:05:33:57 +0200] "GET /ticket2/opencms/system/modules/com.gridnine.opencms.ticketbrokerage.site/resources/pics/bank_2_handelsbanken.png HTTP/1.1" 200 4509
47.128.41.184 - - [29/Jun/2024:05:33:58 +0200] "GET /ticket2/opencms/system/modules/com.gridnine.opencms.ticketbrokerage.site/resources/pics/bank_4_seb.png HTTP/1.1" 200 2487
47.128.41.184 - - [29/Jun/2024:05:33:58 +0200] "GET /ticket2/opencms/system/modules/com.gridnine.opencms.ticketbrokerage.site/resources/pics/bank_1_nordea.png HTTP/1.1" 200 4807
47.128.41.184 - - [29/Jun/2024:05:33:58 +0200] "GET /ticket2/opencms/system/modules/com.gridnine.opencms.ticketbrokerage.site/resources/pics/bank_3_swedbank.png HTTP/1.1" 200 5740
47.128.41.184 - - [29/Jun/2024:05:33:58 +0200] "GET /ticket2/opencms/system/modules/com.gridnine.opencms.ticketbrokerage.site/resources/pics/bank_5_visa_mastercard.png HTTP/1.1" 200 8196
47.128.41.184 - - [29/Jun/2024:05:33:58 +0200] "GET /ticket2/opencms/system/modules/com.gridnine.opencms.ticketbrokerage.site/resources/pics/bank_6_american_express.png HTTP/1.1" 200 5570
135.181.75.58 - - [29/Jun/2024:05:34:07 +0200] "GET /ticket2/opencms/de/nl/buy/?comcatid=97ECA65A-72DA-F9AF-9DBB-245D3CFED1BE&catid=F4D223A4-C027-46DC-3DE5-726A23E30A62 HTTP/1.1" 404 -
51.222.253.1 - - [29/Jun/2024:05:34:08 +0200] "GET /ticket2/opencms/nl/sport/voetbal-tickets/premier_league/burnley/ HTTP/1.1" 200 72828
37.60.238.15 - - [29/Jun/2024:05:34:11 +0200] "GET /ticket2/opencms/de/fi/venue/?venueid=A9729561-0F30-059F-16C0-B98F2DEFE27A HTTP/1.1" 404 -
135.181.75.58 - - [29/Jun/2024:05:34:33 +0200] "GET /ticket2/opencms/de/nl/buy/?comcatid=97ECA65A-72DA-F9AF-9DBB-245D3CFED1BE&catid=F7F89B9B-6697-7881-54AE-4C39276BF1B8 HTTP/1.1" 404 -
37.60.238.15 - - [29/Jun/2024:05:34:33 +0200] "GET /ticket2/opencms/de/fi/venue/?venueid=A9B88B80-1A43-E772-7C63-4544ED8DA305 HTTP/1.1" 404 -
66.249.87.199 - - [29/Jun/2024:05:34:35 +0200] "GET /ticket2/opencms/ HTTP/1.1" 302 -
66.249.87.199 - - [29/Jun/2024:05:34:35 +0200] "GET /ticket2/opencms/en/ HTTP/1.1" 200 91208
65.108.227.178 - - [29/Jun/2024:05:34:40 +0200] "GET /ticket2/opencms/de/fi/venue/?countryid=9ACB31BA-4730-8A49-6A26-C927F023CAB9 HTTP/1.1" 404 -
47.128.41.212 - - [29/Jun/2024:05:34:51 +0200] "GET /ticket2/opencms/fi/venue/?venueid=3982A8DF-0386-82E3-C996-B71876E1637D HTTP/1.1" 200 73032
47.128.41.212 - - [29/Jun/2024:05:34:52 +0200] "GET /ticket2/opencms/system/modules/com.gridnine.opencms.ticketbrokerage.site/resources/pics/logo-new.png HTTP/1.1" 200 13541
47.128.41.212 - - [29/Jun/2024:05:34:53 +0200] "GET /ticket2/opencms/venue/britannia_stadium.png HTTP/1.1" 200 32154
47.128.41.212 - - [29/Jun/2024:05:34:53 +0200] "GET /ticket2/opencms/system/modules/com.gridnine.opencms.ticketbrokerage.site/resources/pics/bank_3_swedbank.png HTTP/1.1" 200 5740
47.128.41.212 - - [29/Jun/2024:05:34:53 +0200] "GET /ticket2/opencms/system/modules/com.gridnine.opencms.ticketbrokerage.site/resources/pics/bank_6_american_express.png HTTP/1.1" 200 5570
47.128.41.212 - - [29/Jun/2024:05:34:53 +0200] "GET /ticket2/opencms/system/modules/com.gridnine.opencms.ticketbrokerage.site/resources/pics/bank_1_nordea.png HTTP/1.1" 200 4807
47.128.41.212 - - [29/Jun/2024:05:34:53 +0200] "GET /ticket2/opencms/system/modules/com.gridnine.opencms.ticketbrokerage.site/resources/pics/bank_4_seb.png HTTP/1.1" 200 2487
47.128.41.212 - - [29/Jun/2024:05:34:53 +0200] "GET /ticket2/opencms/system/modules/com.gridnine.opencms.ticketbrokerage.site/resources/pics/bank_2_handelsbanken.png HTTP/1.1" 200 4509
47.128.41.212 - - [29/Jun/2024:05:34:53 +0200] "GET /ticket2/opencms/system/modules/com.gridnine.opencms.ticketbrokerage.site/resources/pics/bank_5_visa_mastercard.png HTTP/1.1" 200 8196
47.128.99.231 - - [29/Jun/2024:05:34:59 +0200] "GET /ticket2/opencms/fr/buy/?edid=B6B8349F-A5AA-C742-11D5-2D7AB719C807 HTTP/1.1" 200 72687
47.128.99.231 - - [29/Jun/2024:05:35:02 +0200] "GET /ticket2/opencms/system/modules/com.gridnine.opencms.ticketbrokerage.site/resources/pics/bank_1_nordea.png HTTP/1.1" 200 4807
47.128.99.231 - - [29/Jun/2024:05:35:02 +0200] "GET /ticket2/opencms/system/modules/com.gridnine.opencms.ticketbrokerage.site/resources/pics/bank_5_visa_mastercard.png HTTP/1.1" 200 8196
47.128.99.231 - - [29/Jun/2024:05:35:02 +0200] "GET /ticket2/opencms/system/modules/com.gridnine.opencms.ticketbrokerage.site/resources/pics/logo-new.png HTTP/1.1" 200 13541
