192.99.37.124 - - [29/Jun/2024:00:14:36 +0200] "GET /ticket2/opencms/dk/sv/buy/?page=1&edid=04B33386-1D6A-271D-1E77-1D44685B200A&sortorder=desc&column=section HTTP/1.1" 404 -
192.99.37.124 - - [29/Jun/2024:00:14:41 +0200] "GET /ticket2/opencms/dk/sv/buy/?page=1&edid=04B38726-6042-FA9B-C517-A5FC914517A7 HTTP/1.1" 404 -
5.9.55.228 - - [29/Jun/2024:00:14:42 +0200] "GET /ticket2/opencms/fi/buy?edid=1AD4E11C-C792-1721-4D1A-2229101A30FD&page=1 HTTP/1.1" 200 122227
188.165.212.137 - - [29/Jun/2024:00:14:44 +0200] "GET /ticket2/opencms/de/fr/buy?page=1&edid=A32C2CDE-A2F2-054C-C7FE-30BF45814EDA HTTP/1.1" 404 -
192.99.37.124 - - [29/Jun/2024:00:14:46 +0200] "GET /ticket2/opencms/dk/sv/buy/?page=1&edid=0547F085-8C1B-46DF-AD9F-504A808516FF HTTP/1.1" 404 -
85.208.96.202 - - [29/Jun/2024:00:14:48 +0200] "GET /ticket2/opencms/no/sport/ishockey/nhl/Columbus_Blue_Jackets/ HTTP/1.1" 200 75303
5.9.55.228 - - [29/Jun/2024:00:14:50 +0200] "GET /ticket2/opencms/fi/buy?edid=1B66F7E9-6D68-7258-D0DB-383034F8302F&page=1 HTTP/1.1" 200 112981
192.99.37.124 - - [29/Jun/2024:00:14:51 +0200] "GET /ticket2/opencms/dk/sv/buy/?page=1&edid=0547F085-8C1B-46DF-AD9F-504A808516FF&sortorder=desc&column=price HTTP/1.1" 404 -
47.128.46.188 - - [29/Jun/2024:00:14:52 +0200] "GET /ticket2/opencms/fi/venue/?countryid=45F5A414-7E6A-581D-803C-BE75F86B0965 HTTP/1.1" 200 102292
47.128.46.188 - - [29/Jun/2024:00:14:53 +0200] "GET /ticket2/opencms/system/modules/com.gridnine.opencms.ticketbrokerage.site/resources/pics/logo-new.png HTTP/1.1" 200 13541
47.128.46.188 - - [29/Jun/2024:00:14:53 +0200] "GET /ticket2/opencms/system/modules/com.gridnine.opencms.ticketbrokerage.site/resources/pics/bank_2_handelsbanken.png HTTP/1.1" 200 4509
47.128.46.188 - - [29/Jun/2024:00:14:54 +0200] "GET /ticket2/opencms/system/modules/com.gridnine.opencms.ticketbrokerage.site/resources/pics/bank_6_american_express.png HTTP/1.1" 200 5570
47.128.46.188 - - [29/Jun/2024:00:14:54 +0200] "GET /ticket2/opencms/system/modules/com.gridnine.opencms.ticketbrokerage.site/resources/pics/bank_4_seb.png HTTP/1.1" 200 2487
47.128.46.188 - - [29/Jun/2024:00:14:54 +0200] "GET /ticket2/opencms/system/modules/com.gridnine.opencms.ticketbrokerage.site/resources/pics/bank_5_visa_mastercard.png HTTP/1.1" 200 8196
47.128.46.188 - - [29/Jun/2024:00:14:54 +0200] "GET /ticket2/opencms/system/modules/com.gridnine.opencms.ticketbrokerage.site/resources/pics/bank_1_nordea.png HTTP/1.1" 200 4807
47.128.46.188 - - [29/Jun/2024:00:14:54 +0200] "GET /ticket2/opencms/system/modules/com.gridnine.opencms.ticketbrokerage.site/resources/pics/bank_3_swedbank.png HTTP/1.1" 200 5740
192.99.37.124 - - [29/Jun/2024:00:14:57 +0200] "GET /ticket2/opencms/dk/sv/buy/?page=1&edid=0547F085-8C1B-46DF-AD9F-504A808516FF&sortorder=desc&column=row HTTP/1.1" 404 -
188.165.212.137 - - [29/Jun/2024:00:14:57 +0200] "GET /ticket2/opencms/de/fr/buy?page=1&edid=A45990B9-A12C-0577-BA2E-9F588E99A8DB HTTP/1.1" 404 -
188.165.241.181 - - [29/Jun/2024:00:14:58 +0200] "GET /ticket2/opencms/de/en/venue/?venueid=7AC70570-F2F1-BD18-D0E9-BC9514E6B8B3 HTTP/1.1" 404 -
51.222.253.7 - - [29/Jun/2024:00:15:00 +0200] "GET /ticket2/opencms/en/venue/?venueid=9DA8A4B3-4A97-FBB2-EFB7-185E7CEA4A49 HTTP/1.1" 200 71336
192.99.37.124 - - [29/Jun/2024:00:15:03 +0200] "GET /ticket2/opencms/dk/sv/buy/?page=1&edid=0547F085-8C1B-46DF-AD9F-504A808516FF&sortorder=desc&column=section HTTP/1.1" 404 -
5.9.55.228 - - [29/Jun/2024:00:15:06 +0200] "GET /ticket2/opencms/fi/buy?edid=1BDA6D08-38AF-6470-7423-555F9C3DEC73&page=1 HTTP/1.1" 200 119944
188.165.212.137 - - [29/Jun/2024:00:15:07 +0200] "GET /ticket2/opencms/de/fr/buy?page=1&edid=B5C39213-E135-81B2-3182-CF92D0BE5105 HTTP/1.1" 404 -
192.99.37.124 - - [29/Jun/2024:00:15:08 +0200] "GET /ticket2/opencms/dk/sv/buy/?page=1&edid=054983DD-B81A-7D3F-365C-83D4087186D5&sortorder=desc&column=price HTTP/1.1" 404 -
158.220.111.44 - - [29/Jun/2024:00:15:08 +0200] "GET /ticket2/opencms/sv/login/?edid=CEA5A2C6-1232-CC98-D878-1CA7BFA99E8A HTTP/1.1" 200 74250
66.249.75.98 - - [29/Jun/2024:00:15:13 +0200] "GET /ticket2/opencms/fi/buy/?page=10&eventid=FF812D0C-FCB2-7645-0CFD-1ACFB0013262 HTTP/1.1" 200 74415
66.249.75.163 - - [29/Jun/2024:00:15:13 +0200] "GET /ticket2/opencms/no/buy/?page=1&edid=86F30755-A390-D664-233C-5FD353846875 HTTP/1.1" 200 89812
192.99.37.124 - - [29/Jun/2024:00:15:13 +0200] "GET /ticket2/opencms/dk/sv/buy/?page=1&edid=05BDF663-CBF6-7C6A-275B-0A0C7AEDB74E&sortorder=asc&column=section HTTP/1.1" 404 -
52.167.144.235 - - [29/Jun/2024:00:15:16 +0200] "GET /ticket2/opencms/fi/sv/ HTTP/1.1" 404 -
188.165.212.137 - - [29/Jun/2024:00:15:17 +0200] "GET /ticket2/opencms/de/fr/buy?page=1&edid=CF871F32-58B9-936F-E54E-3AC3FCAE5989 HTTP/1.1" 404 -
216.244.66.238 - - [29/Jun/2024:00:15:17 +0200] "GET /ticket2/opencms/no/about/ HTTP/1.1" 200 73695
192.99.37.124 - - [29/Jun/2024:00:15:18 +0200] "GET /ticket2/opencms/dk/sv/buy/?page=1&edid=05F86DD4-CB96-77CC-A2C4-956B920EDAF0&sortorder=desc&column=price HTTP/1.1" 404 -
5.9.55.228 - - [29/Jun/2024:00:15:21 +0200] "GET /ticket2/opencms/fi/buy?edid=2197E523-8740-2A01-BD5D-12E3C3F2DBFE&page=1 HTTP/1.1" 200 122220
192.99.37.124 - - [29/Jun/2024:00:15:24 +0200] "GET /ticket2/opencms/dk/sv/buy/?page=1&edid=05F86DD4-CB96-77CC-A2C4-956B920EDAF0&sortorder=desc&column=row HTTP/1.1" 404 -
192.99.37.124 - - [29/Jun/2024:00:15:29 +0200] "GET /ticket2/opencms/dk/sv/buy/?page=1&edid=0E78FCAC-2C27-F7B4-A879-E4B000248D28&sortorder=desc&column=section HTTP/1.1" 404 -
188.165.212.137 - - [29/Jun/2024:00:15:29 +0200] "GET /ticket2/opencms/de/fr/buy?page=1&edid=EADB7F79-1BC4-53CA-844D-4F8EF9B8B120 HTTP/1.1" 404 -
188.165.241.181 - - [29/Jun/2024:00:15:34 +0200] "GET /ticket2/opencms/de/en/venue/?venueid=7BC1169D-C485-411D-5945-206D54A60C10 HTTP/1.1" 404 -
192.99.37.124 - - [29/Jun/2024:00:15:36 +0200] "GET /ticket2/opencms/dk/sv/buy/?page=1&edid=0ED421D5-7883-F3F6-6140-60A891D6FA14&sortorder=desc&column=section HTTP/1.1" 404 -
5.9.55.228 - - [29/Jun/2024:00:15:38 +0200] "GET /ticket2/opencms/fi/buy?edid=2684212B-FA50-DC4B-3CFA-1303E9638140&page=1 HTTP/1.1" 200 107722
188.165.212.137 - - [29/Jun/2024:00:15:40 +0200] "GET /ticket2/opencms/de/fr/buy?page=1&edid=EB937F59-78A8-4F54-1D8E-A6CD792386CC HTTP/1.1" 404 -
192.99.37.124 - - [29/Jun/2024:00:15:41 +0200] "GET /ticket2/opencms/dk/sv/buy/?page=1&edid=0F9CBCC9-4895-1878-4B6D-99BC3B1A1FA0&sortorder=asc&column=price HTTP/1.1" 404 -
47.128.57.145 - - [29/Jun/2024:00:15:48 +0200] "GET /ticket2/opencms/fi/buy/?eventid=4F6C281E-0307-3DEA-5C89-32A309F90298&page=10&venueid=C0F938D7-4DFA-1781-F9B4-CE387BBF9E3B HTTP/1.1" 200 87543
47.128.57.145 - - [29/Jun/2024:00:15:49 +0200] "GET /ticket2/opencms/system/modules/com.gridnine.opencms.ticketbrokerage.site/resources/pics/logo-new.png HTTP/1.1" 200 13541
47.128.124.74 - - [29/Jun/2024:00:15:49 +0200] "GET /ticket2/opencms/nl/buy/?edid=84ABEF98-5B99-FE9A-F3A3-E305A7E3217D HTTP/1.1" 200 71077
192.99.37.124 - - [29/Jun/2024:00:15:49 +0200] "GET /ticket2/opencms/dk/sv/buy/?page=1&edid=0FB0E314-7724-B9C7-6FA0-35E67023F72E&sortorder=desc&column=price HTTP/1.1" 404 -
188.165.212.137 - - [29/Jun/2024:00:15:49 +0200] "GET /ticket2/opencms/de/fr/buy?page=1&edid=ED12F6CE-A80E-35CB-38A4-6FFF7BEE81E3 HTTP/1.1" 404 -
47.128.57.145 - - [29/Jun/2024:00:15:49 +0200] "GET /ticket2/opencms/system/modules/com.gridnine.opencms.ticketbrokerage.site/resources/pics/buy_button_small_fi.png HTTP/1.1" 200 8700
47.128.57.145 - - [29/Jun/2024:00:15:50 +0200] "GET /ticket2/opencms/system/modules/com.gridnine.opencms.ticketbrokerage.site/resources/pics/bank_4_seb.png HTTP/1.1" 200 2487
47.128.124.74 - - [29/Jun/2024:00:15:50 +0200] "GET /ticket2/opencms/system/modules/com.gridnine.opencms.ticketbrokerage.site/resources/pics/logo-new.png HTTP/1.1" 200 13541
47.128.57.145 - - [29/Jun/2024:00:15:50 +0200] "GET /ticket2/opencms/system/modules/com.gridnine.opencms.ticketbrokerage.site/resources/pics/bank_2_handelsbanken.png HTTP/1.1" 200 4509
47.128.57.145 - - [29/Jun/2024:00:15:50 +0200] "GET /ticket2/opencms/system/modules/com.gridnine.opencms.ticketbrokerage.site/resources/pics/bank_5_visa_mastercard.png HTTP/1.1" 200 8196
47.128.57.145 - - [29/Jun/2024:00:15:50 +0200] "GET /ticket2/opencms/system/modules/com.gridnine.opencms.ticketbrokerage.site/resources/pics/bank_3_swedbank.png HTTP/1.1" 200 5740
47.128.57.145 - - [29/Jun/2024:00:15:50 +0200] "GET /ticket2/opencms/system/modules/com.gridnine.opencms.ticketbrokerage.site/resources/pics/bank_1_nordea.png HTTP/1.1" 200 4807
47.128.57.145 - - [29/Jun/2024:00:15:50 +0200] "GET /ticket2/opencms/system/modules/com.gridnine.opencms.ticketbrokerage.site/resources/pics/bank_6_american_express.png HTTP/1.1" 200 5570
47.128.124.74 - - [29/Jun/2024:00:15:50 +0200] "GET /ticket2/opencms/system/modules/com.gridnine.opencms.ticketbrokerage.site/resources/pics/bank_1_nordea.png HTTP/1.1" 200 4807
47.128.124.74 - - [29/Jun/2024:00:15:51 +0200] "GET /ticket2/opencms/system/modules/com.gridnine.opencms.ticketbrokerage.site/resources/pics/bank_4_seb.png HTTP/1.1" 200 2487
47.128.124.74 - - [29/Jun/2024:00:15:51 +0200] "GET /ticket2/opencms/system/modules/com.gridnine.opencms.ticketbrokerage.site/resources/pics/bank_2_handelsbanken.png HTTP/1.1" 200 4509
47.128.124.74 - - [29/Jun/2024:00:15:51 +0200] "GET /ticket2/opencms/system/modules/com.gridnine.opencms.ticketbrokerage.site/resources/pics/bank_5_visa_mastercard.png HTTP/1.1" 200 8196
47.128.124.74 - - [29/Jun/2024:00:15:51 +0200] "GET /ticket2/opencms/system/modules/com.gridnine.opencms.ticketbrokerage.site/resources/pics/bank_6_american_express.png HTTP/1.1" 200 5570
47.128.124.74 - - [29/Jun/2024:00:15:51 +0200] "GET /ticket2/opencms/system/modules/com.gridnine.opencms.ticketbrokerage.site/resources/pics/bank_3_swedbank.png HTTP/1.1" 200 5740
5.9.55.228 - - [29/Jun/2024:00:15:53 +0200] "GET /ticket2/opencms/fi/buy?edid=2B877732-5277-2CC6-D9D2-67E5CDEA4143&page=1 HTTP/1.1" 200 117948
192.99.37.124 - - [29/Jun/2024:00:15:56 +0200] "GET /ticket2/opencms/dk/sv/buy/?page=1&edid=0FB0E314-7724-B9C7-6FA0-35E67023F72E&sortorder=desc&column=row HTTP/1.1" 404 -
216.245.221.83 - - [29/Jun/2024:00:15:56 +0200] "HEAD /ticket2/opencms/ HTTP/1.1" 302 -
216.244.66.238 - - [29/Jun/2024:00:15:57 +0200] "GET /ticket2/opencms/dk/sv/sport/fotbollsbiljetter/ligue_1/ HTTP/1.1" 404 -
188.165.212.137 - - [29/Jun/2024:00:15:58 +0200] "GET /ticket2/opencms/de/fr/buy?page=1&edid=F5BFC35C-9252-8495-D0AB-4A5E2C07EBBC HTTP/1.1" 404 -
216.245.221.83 - - [29/Jun/2024:00:15:59 +0200] "HEAD /ticket2/opencms/en/ HTTP/1.1" 200 -
192.99.37.124 - - [29/Jun/2024:00:16:01 +0200] "GET /ticket2/opencms/dk/sv/buy/?page=1&edid=1010B797-FD07-A826-871C-B380D1F057A0 HTTP/1.1" 404 -
66.249.75.168 - - [29/Jun/2024:00:16:04 +0200] "GET /ticket2/opencms/sv/buy?page=1&edid=01D40D91-8133-CECB-632D-60D22F00A9AC HTTP/1.1" 200 85970
192.99.37.124 - - [29/Jun/2024:00:16:07 +0200] "GET /ticket2/opencms/dk/sv/buy/?page=1&edid=1010B797-FD07-A826-871C-B380D1F057A0&sortorder=desc&column=price HTTP/1.1" 404 -
188.165.212.137 - - [29/Jun/2024:00:16:08 +0200] "GET /ticket2/opencms/de/fr/buy?page=1&edid=FB919A6A-DE02-1353-FDB8-CEDFF340E9B7 HTTP/1.1" 404 -
188.165.241.181 - - [29/Jun/2024:00:16:08 +0200] "GET /ticket2/opencms/de/en/venue/?venueid=7BD510BA-66ED-BD81-C7E6-93151822D0BB HTTP/1.1" 404 -
5.9.55.228 - - [29/Jun/2024:00:16:10 +0200] "GET /ticket2/opencms/fi/buy?edid=3289C097-2261-9433-8644-DF033A9EE354&page=1 HTTP/1.1" 200 117945
51.222.253.17 - - [29/Jun/2024:00:16:14 +0200] "GET /ticket2/opencms/sv/buy/?page=10&eventid=265F6746-CFC4-3148-B232-5753484890DA&venueid=78D0C4A5-99DA-B045-D1D7-45F70CE9F600 HTTP/1.1" 200 73554
192.99.37.124 - - [29/Jun/2024:00:16:14 +0200] "GET /ticket2/opencms/dk/sv/buy/?page=1&edid=1010B797-FD07-A826-871C-B380D1F057A0&sortorder=desc&column=row HTTP/1.1" 404 -
66.249.76.2 - - [29/Jun/2024:00:16:15 +0200] "GET /ticket2/opencms/sv/buy/?page=1&edid=32C84788-8258-761B-31DE-9CBA78728125 HTTP/1.1" 200 87468
66.249.75.168 - - [29/Jun/2024:00:16:17 +0200] "GET /ticket2/opencms/sites/ticketbrokerage/sv/tickets/manchester_united/west_ham_united.html HTTP/1.1" 404 -
5.9.55.228 - - [29/Jun/2024:00:16:18 +0200] "GET /ticket2/opencms/fi/buy?edid=3583D5C7-607A-E528-A709-844E6A72DC1B&page=1 HTTP/1.1" 200 117954
192.99.37.124 - - [29/Jun/2024:00:16:19 +0200] "GET /ticket2/opencms/dk/sv/buy/?page=1&edid=1010B797-FD07-A826-871C-B380D1F057A0&sortorder=desc&column=section HTTP/1.1" 404 -
207.46.13.102 - - [29/Jun/2024:00:16:22 +0200] "GET /ticket2/opencms/system/modules/com.gridnine.opencms.ticketbrokerage.site/resources/pics/partners/Hockeysverige.jpg HTTP/1.1" 200 8841
188.165.212.137 - - [29/Jun/2024:00:16:22 +0200] "GET /ticket2/opencms/de/fr/buy_safety HTTP/1.1" 404 -
192.99.37.124 - - [29/Jun/2024:00:16:30 +0200] "GET /ticket2/opencms/dk/sv/buy/?page=1&edid=1015CA7B-62B8-A132-8649-0F3DC2687EF5&sortorder=desc&column=row HTTP/1.1" 404 -
158.220.111.44 - - [29/Jun/2024:00:16:33 +0200] "GET /ticket2/opencms/sv/login/?edid=D0713995-7A61-911E-7E61-253175699AC7 HTTP/1.1" 200 74250
188.165.212.137 - - [29/Jun/2024:00:16:33 +0200] "GET /ticket2/opencms/de/fr/buying_tickets HTTP/1.1" 404 -
5.9.55.228 - - [29/Jun/2024:00:16:34 +0200] "GET /ticket2/opencms/fi/buy?edid=3E8160AB-0FBD-70C5-9AD2-7741AA7C1F1A&page=1 HTTP/1.1" 200 112991
192.99.37.124 - - [29/Jun/2024:00:16:36 +0200] "GET /ticket2/opencms/dk/sv/buy/?page=1&edid=1015CA7B-62B8-A132-8649-0F3DC2687EF5&sortorder=desc&column=section HTTP/1.1" 404 -
90.224.86.221 - - [29/Jun/2024:00:16:37 +0200] "GET /ticket2/opencms/admin/index.html?page=7&st=com.gridnine.ticketbrokerage.PurchaseTransactionWorkflow$PayReserved&resc=false HTTP/1.1" 200 24727
90.224.86.221 - - [29/Jun/2024:00:16:37 +0200] "GET /ticket2/opencms/system/modules/com.gridnine.opencms.ticketbrokerage.site/resources/css/calendar.css HTTP/1.1" 200 6871
90.224.86.221 - - [29/Jun/2024:00:16:37 +0200] "GET /ticket2/opencms/system/modules/com.gridnine.opencms.ticketbrokerage.site/resources/js/calendar.js HTTP/1.1" 200 49229
90.224.86.221 - - [29/Jun/2024:00:16:37 +0200] "GET /ticket2/opencms/system/modules/com.gridnine.opencms.ticketbrokerage.site/resources/css/ticketbrokerage.css HTTP/1.1" 200 39339
90.224.86.221 - - [29/Jun/2024:00:16:37 +0200] "GET /ticket2/opencms/system/modules/com.gridnine.opencms.ticketbrokerage.site/resources/js/standard.js HTTP/1.1" 200 3978
90.224.86.221 - - [29/Jun/2024:00:16:37 +0200] "GET /ticket2/opencms/system/modules/com.gridnine.opencms.ticketbrokerage.site/resources/js/calendar-setup.js HTTP/1.1" 200 4923
90.224.86.221 - - [29/Jun/2024:00:16:37 +0200] "GET /ticket2/opencms/system/modules/com.gridnine.opencms.ticketbrokerage.site/resources/js/functions.js HTTP/1.1" 200 1583
90.224.86.221 - - [29/Jun/2024:00:16:37 +0200] "GET /ticket2/opencms/system/modules/com.gridnine.opencms.ticketbrokerage.site/resources/js/calendar-en.js HTTP/1.1" 200 3338
90.224.86.221 - - [29/Jun/2024:00:16:37 +0200] "GET /ticket2/opencms/system/modules/com.gridnine.opencms.ticketbrokerage.site/resources/css/standard.css HTTP/1.1" 200 71935
192.99.37.124 - - [29/Jun/2024:00:16:42 +0200] "GET /ticket2/opencms/dk/sv/buy/?page=1&edid=101C9D03-41F4-068B-AD6E-B79B3A86271B&sortorder=desc&column=price HTTP/1.1" 404 -
47.128.48.76 - - [29/Jun/2024:00:16:45 +0200] "GET /ticket2/opencms/fi/venue/?venueid=380DF522-3660-2BDE-D588-34065D0E5215 HTTP/1.1" 200 72962
40.77.167.41 - - [29/Jun/2024:00:16:45 +0200] "GET /ticket2/opencms/en/buy/?page=1&edid=4310A6B3-6F5F-B489-DE7B-50B50ED9DC25 HTTP/1.1" 200 88020
47.128.48.76 - - [29/Jun/2024:00:16:45 +0200] "GET /ticket2/opencms/system/modules/com.gridnine.opencms.ticketbrokerage.site/resources/pics/logo-new.png HTTP/1.1" 200 13541
188.165.212.137 - - [29/Jun/2024:00:16:46 +0200] "GET /ticket2/opencms/de/fr/login HTTP/1.1" 404 -
47.128.48.76 - - [29/Jun/2024:00:16:46 +0200] "GET /ticket2/opencms/system/modules/com.gridnine.opencms.ticketbrokerage.site/resources/pics/bank_3_swedbank.png HTTP/1.1" 200 5740
47.128.48.76 - - [29/Jun/2024:00:16:46 +0200] "GET /ticket2/opencms/system/modules/com.gridnine.opencms.ticketbrokerage.site/resources/pics/bank_5_visa_mastercard.png HTTP/1.1" 200 8196
47.128.48.76 - - [29/Jun/2024:00:16:46 +0200] "GET /ticket2/opencms/system/modules/com.gridnine.opencms.ticketbrokerage.site/resources/pics/bank_4_seb.png HTTP/1.1" 200 2487
47.128.48.76 - - [29/Jun/2024:00:16:46 +0200] "GET /ticket2/opencms/system/modules/com.gridnine.opencms.ticketbrokerage.site/resources/pics/bank_2_handelsbanken.png HTTP/1.1" 200 4509
47.128.48.76 - - [29/Jun/2024:00:16:46 +0200] "GET /ticket2/opencms/system/modules/com.gridnine.opencms.ticketbrokerage.site/resources/pics/bank_1_nordea.png HTTP/1.1" 200 4807
47.128.48.76 - - [29/Jun/2024:00:16:47 +0200] "GET /ticket2/opencms/system/modules/com.gridnine.opencms.ticketbrokerage.site/resources/pics/bank_6_american_express.png HTTP/1.1" 200 5570
188.165.241.181 - - [29/Jun/2024:00:16:48 +0200] "GET /ticket2/opencms/de/en/venue/?venueid=7BD77886-EABB-0102-DEA6-90F7064F9107 HTTP/1.1" 404 -
5.9.55.228 - - [29/Jun/2024:00:16:51 +0200] "GET /ticket2/opencms/fi/buy?edid=56F28A7B-F2BA-A987-F0EA-6526B22962C8&page=1 HTTP/1.1" 200 90126
40.77.167.28 - - [29/Jun/2024:00:16:53 +0200] "GET /ticket2/opencms/en/buy/?page=1&edid=A7FB67C5-516B-367A-E081-FDCB4ABAE929 HTTP/1.1" 200 88002
192.99.37.124 - - [29/Jun/2024:00:16:53 +0200] "GET /ticket2/opencms/dk/sv/buy/?page=1&edid=10460286-023B-DF27-E433-B371940C5050&sortorder=desc&column=row HTTP/1.1" 404 -
40.77.167.55 - - [29/Jun/2024:00:16:57 +0200] "GET /ticket2/opencms/en/venue/?countryid=99B1C0F6-84FB-98CC-65FC-5142D0D877AC HTTP/1.1" 200 100730
192.99.37.124 - - [29/Jun/2024:00:16:58 +0200] "GET /ticket2/opencms/dk/sv/buy/?page=1&edid=10BA5D39-7F27-45E8-D103-3E99604C4918 HTTP/1.1" 404 -
188.165.212.137 - - [29/Jun/2024:00:17:01 +0200] "GET /ticket2/opencms/de/fr/login/?url=/fr/sell/ HTTP/1.1" 404 -
192.99.37.124 - - [29/Jun/2024:00:17:02 +0200] "GET /ticket2/opencms/dk/sv/buy/?page=1&edid=10BA5D39-7F27-45E8-D103-3E99604C4918&sortorder=desc&column=price HTTP/1.1" 404 -
5.9.55.228 - - [29/Jun/2024:00:17:07 +0200] "GET /ticket2/opencms/fi/buy?edid=5BA11D18-AC24-6566-FBBA-BF6AFADFC113&page=1 HTTP/1.1" 200 112981
192.99.37.124 - - [29/Jun/2024:00:17:09 +0200] "GET /ticket2/opencms/dk/sv/buy/?page=1&edid=10BA5D39-7F27-45E8-D103-3E99604C4918&sortorder=desc&column=row HTTP/1.1" 404 -
188.165.212.137 - - [29/Jun/2024:00:17:12 +0200] "GET /ticket2/opencms/de/fr/sport/billets-football/bundesliga/ HTTP/1.1" 404 -
66.249.75.161 - - [29/Jun/2024:00:17:15 +0200] "GET /ticket2/opencms/de/sport/fussball-tickets/serie_a/fiorentina/ HTTP/1.1" 200 76445
188.165.241.181 - - [29/Jun/2024:00:17:16 +0200] "GET /ticket2/opencms/de/en/venue/?venueid=7BE3C2C4-D724-A14C-90CC-9D0A992F74AC HTTP/1.1" 404 -
192.99.37.124 - - [29/Jun/2024:00:17:16 +0200] "GET /ticket2/opencms/dk/sv/buy/?page=1&edid=10BA5D39-7F27-45E8-D103-3E99604C4918&sortorder=desc&column=section HTTP/1.1" 404 -
193.80.116.30 - - [29/Jun/2024:00:17:19 +0200] "GET /ticket2/opencms/en/buy/?page=1&edid=A77C62EE-3B29-E3B7-C0E0-E90F5DE24226&hlv=628dfa38-8390-4709-bc69-072b0a01000f HTTP/1.1" 200 88264
193.80.116.30 - - [29/Jun/2024:00:17:19 +0200] "GET /ticket2/opencms/apple-touch-icon-precomposed.png HTTP/1.1" 404 -
193.80.116.30 - - [29/Jun/2024:00:17:20 +0200] "GET /ticket2/opencms/apple-touch-icon.png HTTP/1.1" 404 -
193.80.116.30 - - [29/Jun/2024:00:17:20 +0200] "GET /ticket2/opencms/favicon.ico HTTP/1.1" 200 1406
193.80.116.30 - - [29/Jun/2024:00:17:20 +0200] "GET /ticket2/opencms/en/buy/?page=1&edid=A77C62EE-3B29-E3B7-C0E0-E90F5DE24226&hlv=628dfa38-8390-4709-bc69-072b0a01000f HTTP/1.1" 200 88264
193.80.116.30 - - [29/Jun/2024:00:17:20 +0200] "GET /ticket2/opencms/apple-touch-icon-precomposed.png HTTP/1.1" 404 -
193.80.116.30 - - [29/Jun/2024:00:17:20 +0200] "GET /ticket2/opencms/apple-touch-icon.png HTTP/1.1" 404 -
5.9.55.228 - - [29/Jun/2024:00:17:23 +0200] "GET /ticket2/opencms/fi/buy?edid=5C8841EF-C65C-22D8-40C3-FC05B2FF785E&page=1 HTTP/1.1" 200 122222
192.99.37.124 - - [29/Jun/2024:00:17:24 +0200] "GET /ticket2/opencms/dk/sv/buy/?page=1&edid=10D6239A-C87E-F4DB-2756-37EA531CCFE4 HTTP/1.1" 404 -
185.191.171.14 - - [29/Jun/2024:00:17:24 +0200] "GET /ticket2/opencms/sv/sport/fotbollsbiljetter/ligue_1/lille/ HTTP/1.1" 200 73432
188.165.212.137 - - [29/Jun/2024:00:17:24 +0200] "GET /ticket2/opencms/de/fr/sport/billets-football/premier_league/ HTTP/1.1" 404 -
85.208.96.211 - - [29/Jun/2024:00:17:24 +0200] "GET /ticket2/opencms/en/sport/football-tickets/la-liga/girona/ HTTP/1.1" 200 73280
51.222.253.9 - - [29/Jun/2024:00:17:25 +0200] "GET /ticket2/opencms/en/venue/?venueid=5E03C312-201F-EA86-FC06-30C04764E9A3 HTTP/1.1" 200 71348
192.99.37.124 - - [29/Jun/2024:00:17:30 +0200] "GET /ticket2/opencms/dk/sv/buy/?page=1&edid=10D6239A-C87E-F4DB-2756-37EA531CCFE4&sortorder=desc&column=row HTTP/1.1" 404 -
188.165.241.181 - - [29/Jun/2024:00:17:33 +0200] "GET /ticket2/opencms/de/en/venue/?venueid=7BE96A80-409A-37FB-9444-3580682D6340 HTTP/1.1" 404 -
188.165.212.137 - - [29/Jun/2024:00:17:38 +0200] "GET /ticket2/opencms/de/fr/sport/billets-football/serie_a/ HTTP/1.1" 404 -
216.245.221.83 - - [29/Jun/2024:00:17:39 +0200] "HEAD /ticket2/opencms/ HTTP/1.1" 302 -
216.245.221.83 - - [29/Jun/2024:00:17:40 +0200] "HEAD /ticket2/opencms/en/ HTTP/1.1" 200 -
5.9.55.228 - - [29/Jun/2024:00:17:40 +0200] "GET /ticket2/opencms/fi/buy?edid=5E608C7A-903B-E4BB-4868-5D83917347B8&page=1 HTTP/1.1" 200 122228
192.99.37.124 - - [29/Jun/2024:00:17:41 +0200] "GET /ticket2/opencms/dk/sv/buy/?page=1&edid=10FBE5D4-FAB6-B08C-61D0-4B7EDF5E3DDE HTTP/1.1" 404 -
47.128.18.26 - - [29/Jun/2024:00:17:45 +0200] "GET /ticket2/opencms/fi/venue/?venueid=D3139A8D-6B53-89E5-64EC-7E77C0A47043 HTTP/1.1" 200 72882
158.220.111.44 - - [29/Jun/2024:00:17:45 +0200] "GET /ticket2/opencms/sv/login/?edid=D0C32D2A-BB84-9343-3F31-5126409370C7 HTTP/1.1" 200 74250
79.160.194.227 - - [29/Jun/2024:00:17:45 +0200] "GET /ticket2/opencms/no?gad_source=1&gclid=CjwKCAjwvvmzBhA2EiwAtHVrb9i4SagTKokrhiyVT5ZwFKOhU1goB8dAYE69swGfE0Qn5tZ_vXiGYxoCawMQAvD_BwE HTTP/1.1" 200 92442
79.160.194.227 - - [29/Jun/2024:00:17:45 +0200] "GET /ticket2/opencms/system/modules/com.gridnine.opencms.ticketbrokerage.site/resources/css/ticketbrokerage.css HTTP/1.1" 200 39339
47.128.18.26 - - [29/Jun/2024:00:17:45 +0200] "GET /ticket2/opencms/system/modules/com.gridnine.opencms.ticketbrokerage.site/resources/pics/logo-new.png HTTP/1.1" 200 13541
79.160.194.227 - - [29/Jun/2024:00:17:45 +0200] "GET /ticket2/opencms/system/modules/com.gridnine.opencms.ticketbrokerage.site/resources/css/calendar.css HTTP/1.1" 200 6871
79.160.194.227 - - [29/Jun/2024:00:17:45 +0200] "GET /ticket2/opencms/system/modules/com.gridnine.opencms.ticketbrokerage.site/resources/css/standard.css HTTP/1.1" 200 71935
79.160.194.227 - - [29/Jun/2024:00:17:45 +0200] "GET /ticket2/opencms/system/modules/com.gridnine.opencms.ticketbrokerage.site/resources/js/functions.js HTTP/1.1" 200 1583
79.160.194.227 - - [29/Jun/2024:00:17:45 +0200] "GET /ticket2/opencms/system/modules/com.gridnine.opencms.ticketbrokerage.site/resources/js/calendar.js HTTP/1.1" 200 49229
79.160.194.227 - - [29/Jun/2024:00:17:45 +0200] "GET /ticket2/opencms/system/modules/com.gridnine.opencms.ticketbrokerage.site/resources/js/calendar-en.js HTTP/1.1" 200 3338
79.160.194.227 - - [29/Jun/2024:00:17:45 +0200] "GET /ticket2/opencms/system/modules/com.gridnine.opencms.ticketbrokerage.site/resources/js/calendar-setup.js HTTP/1.1" 200 4923
79.160.194.227 - - [29/Jun/2024:00:17:45 +0200] "GET /ticket2/opencms/system/modules/com.gridnine.opencms.ticketbrokerage.site/resources/js/standard.js HTTP/1.1" 200 3978
79.160.194.227 - - [29/Jun/2024:00:17:46 +0200] "GET /ticket2/opencms/system/modules/com.gridnine.opencms.ticketbrokerage.site/resources/css/images/ui-bg_flat_75_ffffff_40x100.png HTTP/1.1" 404 -
216.244.66.238 - - [29/Jun/2024:00:17:46 +0200] "GET /ticket2/opencms/dk/sv/venue/?countryid=947940C4-79F7-1AE9-A4BA-06096E0B9585 HTTP/1.1" 404 -
47.128.18.26 - - [29/Jun/2024:00:17:46 +0200] "GET /ticket2/opencms/system/modules/com.gridnine.opencms.ticketbrokerage.site/resources/pics/bank_1_nordea.png HTTP/1.1" 200 4807
47.128.18.26 - - [29/Jun/2024:00:17:46 +0200] "GET /ticket2/opencms/system/modules/com.gridnine.opencms.ticketbrokerage.site/resources/pics/bank_5_visa_mastercard.png HTTP/1.1" 200 8196
47.128.18.26 - - [29/Jun/2024:00:17:46 +0200] "GET /ticket2/opencms/system/modules/com.gridnine.opencms.ticketbrokerage.site/resources/pics/bank_2_handelsbanken.png HTTP/1.1" 200 4509
47.128.18.26 - - [29/Jun/2024:00:17:47 +0200] "GET /ticket2/opencms/system/modules/com.gridnine.opencms.ticketbrokerage.site/resources/pics/bank_3_swedbank.png HTTP/1.1" 200 5740
47.128.18.26 - - [29/Jun/2024:00:17:47 +0200] "GET /ticket2/opencms/system/modules/com.gridnine.opencms.ticketbrokerage.site/resources/pics/bank_6_american_express.png HTTP/1.1" 200 5570
47.128.18.26 - - [29/Jun/2024:00:17:47 +0200] "GET /ticket2/opencms/system/modules/com.gridnine.opencms.ticketbrokerage.site/resources/pics/bank_4_seb.png HTTP/1.1" 200 2487
5.9.55.228 - - [29/Jun/2024:00:17:48 +0200] "GET /ticket2/opencms/fi/buy?edid=6749402D-C332-2C4D-9191-3C983EDD528C&page=1 HTTP/1.1" 200 113334
192.99.37.124 - - [29/Jun/2024:00:17:48 +0200] "GET /ticket2/opencms/dk/sv/buy/?page=1&edid=10FBE5D4-FAB6-B08C-61D0-4B7EDF5E3DDE&sortorder=desc&column=price HTTP/1.1" 404 -
188.165.212.137 - - [29/Jun/2024:00:17:48 +0200] "GET /ticket2/opencms/de/nl/about/ HTTP/1.1" 404 -
216.244.66.238 - - [29/Jun/2024:00:17:50 +0200] "GET /ticket2/opencms/dk/sv/venue/?countryid=B756B65C-E014-24B5-95EC-187A417913E3 HTTP/1.1" 404 -
172.203.162.106 - - [29/Jun/2024:00:17:52 +0200] "GET /ticket2/opencms/system/modules/com.gridnine.opencms.ticketbrokerage.site/resources/pics/front_page/sv/elite_prospects.png HTTP/1.1" 200 14543
192.99.37.124 - - [29/Jun/2024:00:17:53 +0200] "GET /ticket2/opencms/dk/sv/buy/?page=1&edid=10FBE5D4-FAB6-B08C-61D0-4B7EDF5E3DDE&sortorder=desc&column=row HTTP/1.1" 404 -
192.99.37.124 - - [29/Jun/2024:00:17:58 +0200] "GET /ticket2/opencms/dk/sv/buy/?page=1&edid=10FBE5D4-FAB6-B08C-61D0-4B7EDF5E3DDE&sortorder=desc&column=section HTTP/1.1" 404 -
217.213.139.131 - - [29/Jun/2024:00:17:59 +0200] "GET /ticket2/opencms/sv/sport/fotbollsbiljetter/premier_league/manchester_united/?gad_source=1&gclid=CjwKCAjwvvmzBhA2EiwAtHVrb5k8Z4iesoQ8-qPs26Vaw6fu9y9H2LtGX-35yhuyH3OJ4Vw_UnBS3hoCpAgQAvD_BwE HTTP/1.1" 200 87231
217.213.139.131 - - [29/Jun/2024:00:18:00 +0200] "GET /ticket2/opencms/system/modules/com.gridnine.opencms.ticketbrokerage.site/resources/js/functions.js HTTP/1.1" 200 1583
217.213.139.131 - - [29/Jun/2024:00:18:00 +0200] "GET /ticket2/opencms/system/modules/com.gridnine.opencms.ticketbrokerage.site/resources/js/calendar.js HTTP/1.1" 200 49229
217.213.139.131 - - [29/Jun/2024:00:18:00 +0200] "GET /ticket2/opencms/system/modules/com.gridnine.opencms.ticketbrokerage.site/resources/css/jquery.fancybox.css HTTP/1.1" 200 4939
217.213.139.131 - - [29/Jun/2024:00:18:00 +0200] "GET /ticket2/opencms/system/modules/com.gridnine.opencms.ticketbrokerage.site/resources/js/calendar-en.js HTTP/1.1" 200 3338
217.213.139.131 - - [29/Jun/2024:00:18:00 +0200] "GET /ticket2/opencms/system/modules/com.gridnine.opencms.ticketbrokerage.site/resources/js/calendar-setup.js HTTP/1.1" 200 4923
217.213.139.131 - - [29/Jun/2024:00:18:00 +0200] "GET /ticket2/opencms/system/modules/com.gridnine.opencms.ticketbrokerage.site/resources/js/jquery/jquery-ui.js HTTP/1.1" 200 228088
217.213.139.131 - - [29/Jun/2024:00:18:00 +0200] "GET /ticket2/opencms/system/modules/com.gridnine.opencms.ticketbrokerage.site/resources/css/calendar.css HTTP/1.1" 200 6871
217.213.139.131 - - [29/Jun/2024:00:18:00 +0200] "GET /ticket2/opencms/system/modules/com.gridnine.opencms.ticketbrokerage.site/resources/css/ticketbrokerage.css HTTP/1.1" 200 39339
217.213.139.131 - - [29/Jun/2024:00:18:00 +0200] "GET /ticket2/opencms/system/modules/com.gridnine.opencms.ticketbrokerage.site/resources/css/standard.css HTTP/1.1" 200 71935
217.213.139.131 - - [29/Jun/2024:00:18:00 +0200] "GET /ticket2/opencms/system/modules/com.gridnine.opencms.ticketbrokerage.site/resources/js/standard.js HTTP/1.1" 200 3978
217.213.139.131 - - [29/Jun/2024:00:18:00 +0200] "GET /ticket2/opencms/system/modules/com.gridnine.opencms.ticketbrokerage.site/resources/css/images/ui-bg_flat_75_ffffff_40x100.png HTTP/1.1" 404 -
47.128.124.61 - - [29/Jun/2024:00:18:02 +0200] "GET /ticket2/opencms/nl/buy/?edid=DBD7C3FF-3D2D-1BC9-F87B-06E7F5EA9FFB HTTP/1.1" 200 71077
47.128.124.61 - - [29/Jun/2024:00:18:02 +0200] "GET /ticket2/opencms/system/modules/com.gridnine.opencms.ticketbrokerage.site/resources/pics/logo-new.png HTTP/1.1" 200 13541
188.165.241.181 - - [29/Jun/2024:00:18:03 +0200] "GET /ticket2/opencms/de/en/venue/?venueid=7C42DC86-0C04-6190-5F90-28A082BDF8C3 HTTP/1.1" 404 -
47.128.124.61 - - [29/Jun/2024:00:18:03 +0200] "GET /ticket2/opencms/system/modules/com.gridnine.opencms.ticketbrokerage.site/resources/pics/bank_1_nordea.png HTTP/1.1" 200 4807
47.128.124.61 - - [29/Jun/2024:00:18:03 +0200] "GET /ticket2/opencms/system/modules/com.gridnine.opencms.ticketbrokerage.site/resources/pics/bank_2_handelsbanken.png HTTP/1.1" 200 4509
47.128.124.61 - - [29/Jun/2024:00:18:03 +0200] "GET /ticket2/opencms/system/modules/com.gridnine.opencms.ticketbrokerage.site/resources/pics/bank_4_seb.png HTTP/1.1" 200 2487
47.128.124.61 - - [29/Jun/2024:00:18:03 +0200] "GET /ticket2/opencms/system/modules/com.gridnine.opencms.ticketbrokerage.site/resources/pics/bank_5_visa_mastercard.png HTTP/1.1" 200 8196
47.128.124.61 - - [29/Jun/2024:00:18:03 +0200] "GET /ticket2/opencms/system/modules/com.gridnine.opencms.ticketbrokerage.site/resources/pics/bank_3_swedbank.png HTTP/1.1" 200 5740
47.128.124.61 - - [29/Jun/2024:00:18:03 +0200] "GET /ticket2/opencms/system/modules/com.gridnine.opencms.ticketbrokerage.site/resources/pics/bank_6_american_express.png HTTP/1.1" 200 5570
192.99.37.124 - - [29/Jun/2024:00:18:04 +0200] "GET /ticket2/opencms/dk/sv/buy/?page=1&edid=114E8367-495D-2921-581D-A5757D17A2D8&sortorder=desc&column=row HTTP/1.1" 404 -
188.165.212.137 - - [29/Jun/2024:00:18:08 +0200] "GET /ticket2/opencms/de/nl/about/contact HTTP/1.1" 404 -
217.213.139.131 - - [29/Jun/2024:00:18:10 +0200] "GET /ticket2/opencms/system/modules/com.gridnine.opencms.ticketbrokerage.site/resources/css/images/ui-bg_glass_75_dadada_1x400.png HTTP/1.1" 404 -
192.99.37.124 - - [29/Jun/2024:00:18:11 +0200] "GET /ticket2/opencms/dk/sv/buy/?page=1&edid=114E8367-495D-2921-581D-A5757D17A2D8&sortorder=desc&column=section HTTP/1.1" 404 -
192.99.37.124 - - [29/Jun/2024:00:18:15 +0200] "GET /ticket2/opencms/dk/sv/buy/?page=1&edid=119D38B2-781A-9D91-BD0C-66BB4D932A19&sortorder=desc&column=price HTTP/1.1" 404 -
66.249.69.129 - - [29/Jun/2024:00:18:18 +0200] "GET /ticket2/opencms/fi/urheilu/jalkapallo/bundesliga/augsburg/ HTTP/1.1" 200 74738
66.249.76.3 - - [29/Jun/2024:00:18:18 +0200] "GET /ticket2/opencms/no/buy/?page=1&edid=47C0370F-9915-7673-E038-7AD65907592C HTTP/1.1" 200 111794
66.249.75.105 - - [29/Jun/2024:00:18:19 +0200] "GET /ticket2/opencms/en/venue/?venueid=18C713C2-5502-2721-4BDF-4CC89EA5797B HTTP/1.1" 200 71332
192.99.37.124 - - [29/Jun/2024:00:18:21 +0200] "GET /ticket2/opencms/dk/sv/buy/?page=1&edid=119D38B2-781A-9D91-BD0C-66BB4D932A19&sortorder=desc&column=row HTTP/1.1" 404 -
217.213.139.131 - - [29/Jun/2024:00:18:22 +0200] "GET /ticket2/opencms/sv/search.html?searchQuery=Tottenham&submit= HTTP/1.1" 200 119033
217.213.139.131 - - [29/Jun/2024:00:18:23 +0200] "GET /ticket2/opencms/system/modules/com.gridnine.opencms.ticketbrokerage.site/resources/js/calendar.js HTTP/1.1" 200 49229
217.213.139.131 - - [29/Jun/2024:00:18:23 +0200] "GET /ticket2/opencms/system/modules/com.gridnine.opencms.ticketbrokerage.site/resources/js/calendar-setup.js HTTP/1.1" 200 4923
217.213.139.131 - - [29/Jun/2024:00:18:23 +0200] "GET /ticket2/opencms/system/modules/com.gridnine.opencms.ticketbrokerage.site/resources/js/standard.js HTTP/1.1" 200 3978
217.213.139.131 - - [29/Jun/2024:00:18:23 +0200] "GET /ticket2/opencms/system/modules/com.gridnine.opencms.ticketbrokerage.site/resources/css/ticketbrokerage.css HTTP/1.1" 200 39339
217.213.139.131 - - [29/Jun/2024:00:18:23 +0200] "GET /ticket2/opencms/system/modules/com.gridnine.opencms.ticketbrokerage.site/resources/css/calendar.css HTTP/1.1" 200 6871
217.213.139.131 - - [29/Jun/2024:00:18:23 +0200] "GET /ticket2/opencms/system/modules/com.gridnine.opencms.ticketbrokerage.site/resources/js/functions.js HTTP/1.1" 200 1583
217.213.139.131 - - [29/Jun/2024:00:18:23 +0200] "GET /ticket2/opencms/system/modules/com.gridnine.opencms.ticketbrokerage.site/resources/js/calendar-en.js HTTP/1.1" 200 3338
217.213.139.131 - - [29/Jun/2024:00:18:23 +0200] "GET /ticket2/opencms/system/modules/com.gridnine.opencms.ticketbrokerage.site/resources/css/standard.css HTTP/1.1" 200 71935
217.213.139.131 - - [29/Jun/2024:00:18:23 +0200] "GET /ticket2/opencms/sv/ask-form.html HTTP/1.1" 200 2950
217.213.139.131 - - [29/Jun/2024:00:18:23 +0200] "GET /ticket2/opencms/system/modules/com.gridnine.opencms.ticketbrokerage.site/resources/css/images/ui-bg_flat_75_ffffff_40x100.png HTTP/1.1" 404 -
217.213.139.131 - - [29/Jun/2024:00:18:23 +0200] "GET /ticket2/opencms/system/modules/com.gridnine.opencms.ticketbrokerage.site/resources/css/ticketbrokerage.css HTTP/1.1" 200 39339
192.99.37.124 - - [29/Jun/2024:00:18:27 +0200] "GET /ticket2/opencms/dk/sv/buy/?page=1&edid=11A3DAC5-EFC7-A421-86C1-A49EFFF1D82E&sortorder=desc&column=row HTTP/1.1" 404 -
192.99.37.124 - - [29/Jun/2024:00:18:32 +0200] "GET /ticket2/opencms/dk/sv/buy/?page=1&edid=11A3DAC5-EFC7-A421-86C1-A49EFFF1D82E&sortorder=desc&column=section HTTP/1.1" 404 -
51.222.253.5 - - [29/Jun/2024:00:18:33 +0200] "GET /ticket2/opencms/dk/venue/?venueid=76E0809A-C474-0954-0DA0-B94A2D036A68 HTTP/1.1" 200 71911
47.128.126.82 - - [29/Jun/2024:00:18:36 +0200] "GET /ticket2/opencms/it/buy/?catid=FCA7FF95-260A-464B-B6FF-A820FCE7DFEF&comcatid=0A6B8208-FDA4-E929-9D72-5312FD481B76 HTTP/1.1" 200 77081
192.99.37.124 - - [29/Jun/2024:00:18:36 +0200] "GET /ticket2/opencms/dk/sv/buy/?page=1&edid=12200247-16D8-2856-A450-483F60D8BDB8&sortorder=desc&column=price HTTP/1.1" 404 -
47.128.126.82 - - [29/Jun/2024:00:18:37 +0200] "GET /ticket2/opencms/system/modules/com.gridnine.opencms.ticketbrokerage.site/resources/pics/logo-new.png HTTP/1.1" 200 13541
188.165.241.181 - - [29/Jun/2024:00:18:37 +0200] "GET /ticket2/opencms/de/en/venue/?venueid=7C4E533F-2F12-6B17-62E3-200FFD253387 HTTP/1.1" 404 -
47.128.126.82 - - [29/Jun/2024:00:18:38 +0200] "GET /ticket2/opencms/system/modules/com.gridnine.opencms.ticketbrokerage.site/resources/pics/bank_2_handelsbanken.png HTTP/1.1" 200 4509
47.128.126.82 - - [29/Jun/2024:00:18:38 +0200] "GET /ticket2/opencms/system/modules/com.gridnine.opencms.ticketbrokerage.site/resources/pics/bank_1_nordea.png HTTP/1.1" 200 4807
47.128.126.82 - - [29/Jun/2024:00:18:38 +0200] "GET /ticket2/opencms/system/modules/com.gridnine.opencms.ticketbrokerage.site/resources/pics/bank_3_swedbank.png HTTP/1.1" 200 5740
47.128.126.82 - - [29/Jun/2024:00:18:38 +0200] "GET /ticket2/opencms/system/modules/com.gridnine.opencms.ticketbrokerage.site/resources/pics/bank_5_visa_mastercard.png HTTP/1.1" 200 8196
47.128.126.82 - - [29/Jun/2024:00:18:38 +0200] "GET /ticket2/opencms/system/modules/com.gridnine.opencms.ticketbrokerage.site/resources/pics/bank_4_seb.png HTTP/1.1" 200 2487
47.128.126.82 - - [29/Jun/2024:00:18:38 +0200] "GET /ticket2/opencms/system/modules/com.gridnine.opencms.ticketbrokerage.site/resources/pics/bank_6_american_express.png HTTP/1.1" 200 5570
188.165.212.137 - - [29/Jun/2024:00:18:40 +0200] "GET /ticket2/opencms/de/nl/about/press HTTP/1.1" 404 -
192.99.37.124 - - [29/Jun/2024:00:18:41 +0200] "GET /ticket2/opencms/dk/sv/buy/?page=1&edid=160D29C9-4961-9915-718B-4EFD71C8D516&sortorder=asc&column=price HTTP/1.1" 404 -
192.99.37.124 - - [29/Jun/2024:00:18:45 +0200] "GET /ticket2/opencms/dk/sv/buy/?page=1&edid=19E38F9D-861E-8A2A-C1DB-C0C055563625&sortorder=asc&column=row HTTP/1.1" 404 -
114.119.140.79 - - [29/Jun/2024:00:18:46 +0200] "GET /ticket2/opencms/en/buy/?page=1&edid=9EA50B43-BE3A-7D33-F21C-F0B692D348C2 HTTP/1.1" 200 85184
192.99.37.124 - - [29/Jun/2024:00:18:50 +0200] "GET /ticket2/opencms/dk/sv/buy/?page=1&edid=19E38F9D-861E-8A2A-C1DB-C0C055563625&sortorder=asc&column=section HTTP/1.1" 404 -
192.99.37.124 - - [29/Jun/2024:00:18:56 +0200] "GET /ticket2/opencms/dk/sv/buy/?page=1&edid=1AD431B9-2E73-7238-3C33-3B96F0F94C80&sortorder=desc&column=price HTTP/1.1" 404 -
192.99.37.124 - - [29/Jun/2024:00:19:00 +0200] "GET /ticket2/opencms/dk/sv/buy/?page=1&edid=3372B92B-572F-9FDC-07C6-F0078ADCB821&sortorder=desc&column=price HTTP/1.1" 404 -
188.165.241.181 - - [29/Jun/2024:00:19:03 +0200] "GET /ticket2/opencms/de/en/venue/?venueid=7C7F73F8-7DD5-5AD2-5D98-6873788781BA HTTP/1.1" 404 -
188.165.212.137 - - [29/Jun/2024:00:19:04 +0200] "GET /ticket2/opencms/de/nl/affiliateprogram.html HTTP/1.1" 404 -
192.99.37.124 - - [29/Jun/2024:00:19:06 +0200] "GET /ticket2/opencms/dk/sv/buy/?page=1&edid=45AE7489-ACF2-4F75-B6C3-0726279668F0&sortorder=desc&column=row HTTP/1.1" 404 -
192.99.37.124 - - [29/Jun/2024:00:19:13 +0200] "GET /ticket2/opencms/dk/sv/buy/?page=1&edid=468658F9-0A5C-6FA3-C07A-5A8AED15559D&sortorder=asc&column=price HTTP/1.1" 404 -
66.249.77.35 - - [29/Jun/2024:00:19:21 +0200] "GET /ticket2/opencms/en/buy/?page=1&edid=6AEAF6C2-C57A-0447-5B0A-20959D8DCFDD HTTP/1.1" 200 115321
192.99.37.124 - - [29/Jun/2024:00:19:22 +0200] "GET /ticket2/opencms/dk/sv/buy/?page=1&edid=468658F9-0A5C-6FA3-C07A-5A8AED15559D&sortorder=asc&column=section HTTP/1.1" 404 -
85.208.96.210 - - [29/Jun/2024:00:19:24 +0200] "GET /ticket2/opencms/dk/buying_tickets HTTP/1.1" 200 73233
192.99.37.124 - - [29/Jun/2024:00:19:26 +0200] "GET /ticket2/opencms/dk/sv/buy/?page=1&edid=4740B27D-75C3-7A20-24AD-2F4570E850C2&sortorder=asc&column=price HTTP/1.1" 404 -
157.55.39.49 - - [29/Jun/2024:00:19:31 +0200] "GET /ticket2/opencms/nl/buy?page=1&edid=EB41B390-6AF7-F6BB-2724-9D4D4320B605 HTTP/1.1" 200 109594
192.99.37.124 - - [29/Jun/2024:00:19:31 +0200] "GET /ticket2/opencms/dk/sv/buy/?page=1&edid=4740B27D-75C3-7A20-24AD-2F4570E850C2&sortorder=asc&column=row HTTP/1.1" 404 -
47.128.39.249 - - [29/Jun/2024:00:19:32 +0200] "GET /ticket2/opencms/fi/buy/?catid=757E2DFB-33DA-9B34-8402-9F06B19D8409&comcatid=97ECA65A-72DA-F9AF-9DBB-245D3CFED1BE&page=6 HTTP/1.1" 200 78250
47.128.39.249 - - [29/Jun/2024:00:19:33 +0200] "GET /ticket2/opencms/system/modules/com.gridnine.opencms.ticketbrokerage.site/resources/pics/logo-new.png HTTP/1.1" 200 13541
47.128.39.249 - - [29/Jun/2024:00:19:34 +0200] "GET /ticket2/opencms/system/modules/com.gridnine.opencms.ticketbrokerage.site/resources/pics/bank_2_handelsbanken.png HTTP/1.1" 200 4509
47.128.39.249 - - [29/Jun/2024:00:19:34 +0200] "GET /ticket2/opencms/system/modules/com.gridnine.opencms.ticketbrokerage.site/resources/pics/bank_6_american_express.png HTTP/1.1" 200 5570
47.128.39.249 - - [29/Jun/2024:00:19:34 +0200] "GET /ticket2/opencms/system/modules/com.gridnine.opencms.ticketbrokerage.site/resources/pics/bank_3_swedbank.png HTTP/1.1" 200 5740
47.128.39.249 - - [29/Jun/2024:00:19:34 +0200] "GET /ticket2/opencms/system/modules/com.gridnine.opencms.ticketbrokerage.site/resources/pics/bank_1_nordea.png HTTP/1.1" 200 4807
47.128.39.249 - - [29/Jun/2024:00:19:34 +0200] "GET /ticket2/opencms/system/modules/com.gridnine.opencms.ticketbrokerage.site/resources/pics/bank_5_visa_mastercard.png HTTP/1.1" 200 8196
47.128.39.249 - - [29/Jun/2024:00:19:34 +0200] "GET /ticket2/opencms/system/modules/com.gridnine.opencms.ticketbrokerage.site/resources/pics/bank_4_seb.png HTTP/1.1" 200 2487
188.165.241.181 - - [29/Jun/2024:00:19:34 +0200] "GET /ticket2/opencms/de/en/venue/?venueid=7D020229-2D1C-A8BA-5380-67981FACE9A7 HTTP/1.1" 404 -
114.119.159.6 - - [29/Jun/2024:00:19:35 +0200] "GET /ticket2/opencms/en/buy/?page=1&edid=B2B54E41-0D06-08F6-BB3E-424FD3985B51 HTTP/1.1" 200 85166
66.249.76.161 - - [29/Jun/2024:00:19:35 +0200] "GET /ticket2/opencms/sv/buy?page=1&edid=64C4EDF8-DE58-46C5-FE28-ADDDDC51BA17 HTTP/1.1" 200 85948
188.165.212.137 - - [29/Jun/2024:00:19:36 +0200] "GET /ticket2/opencms/de/nl/buy/ HTTP/1.1" 404 -
192.99.37.124 - - [29/Jun/2024:00:19:37 +0200] "GET /ticket2/opencms/dk/sv/buy/?page=1&edid=4740B27D-75C3-7A20-24AD-2F4570E850C2&sortorder=asc&column=section HTTP/1.1" 404 -
192.99.37.124 - - [29/Jun/2024:00:19:42 +0200] "GET /ticket2/opencms/dk/sv/buy/?page=1&edid=47A04F1B-F127-382D-DF54-4D81669CB663&sortorder=asc&column=price HTTP/1.1" 404 -
51.222.253.12 - - [29/Jun/2024:00:19:42 +0200] "GET /ticket2/opencms/dk/venue/?venueid=E8164C8A-8873-243D-7C2E-FF36822B4188 HTTP/1.1" 200 71929
192.99.37.124 - - [29/Jun/2024:00:19:48 +0200] "GET /ticket2/opencms/dk/sv/buy/?page=1&edid=48A3A523-93C2-03B5-226A-1AFF2F8C5684 HTTP/1.1" 404 -
192.99.37.124 - - [29/Jun/2024:00:19:54 +0200] "GET /ticket2/opencms/dk/sv/buy/?page=1&edid=48DCCA9C-1FC0-CC61-C0DF-6A37F18AA258&sortorder=asc&column=price HTTP/1.1" 404 -
192.99.37.124 - - [29/Jun/2024:00:19:58 +0200] "GET /ticket2/opencms/dk/sv/buy/?page=1&edid=48DCCA9C-1FC0-CC61-C0DF-6A37F18AA258&sortorder=asc&column=row HTTP/1.1" 404 -
52.167.144.223 - - [29/Jun/2024:00:20:02 +0200] "GET /ticket2/opencms/en/buy?page=1&edid=1260ce5d-7be1-b121-0cbf-652705bd383d HTTP/1.1" 200 31
192.99.37.124 - - [29/Jun/2024:00:20:03 +0200] "GET /ticket2/opencms/dk/sv/buy/?page=1&edid=48DCCA9C-1FC0-CC61-C0DF-6A37F18AA258&sortorder=desc&column=price HTTP/1.1" 404 -
188.165.241.181 - - [29/Jun/2024:00:20:05 +0200] "GET /ticket2/opencms/de/en/venue/?venueid=7D0F0DC6-7ECD-E2A4-C5CD-DFF5AEF26B1F HTTP/1.1" 404 -
192.99.37.124 - - [29/Jun/2024:00:20:10 +0200] "GET /ticket2/opencms/dk/sv/buy/?page=1&edid=48DCCA9C-1FC0-CC61-C0DF-6A37F18AA258&sortorder=desc&column=row HTTP/1.1" 404 -
192.99.37.124 - - [29/Jun/2024:00:20:16 +0200] "GET /ticket2/opencms/dk/sv/buy/?page=1&edid=49131D36-554D-2A5D-24DA-472029203F75&sortorder=asc&column=price HTTP/1.1" 404 -
188.165.212.137 - - [29/Jun/2024:00:20:19 +0200] "GET /ticket2/opencms/de/nl/buy/?page=6&comcatid=A17713B6-D984-201A-4143-ED4DB5ED5C2E&catid=88C381AD-5D76-A34D-AC15-A7129F8EF5BE HTTP/1.1" 404 -
47.128.110.8 - - [29/Jun/2024:00:20:19 +0200] "GET /ticket2/opencms/nl/buy/?edid=2B44308E-1778-CFAE-7385-18758823F6EB HTTP/1.1" 200 71077
47.128.110.8 - - [29/Jun/2024:00:20:20 +0200] "GET /ticket2/opencms/system/modules/com.gridnine.opencms.ticketbrokerage.site/resources/pics/logo-new.png HTTP/1.1" 200 13541
47.128.110.8 - - [29/Jun/2024:00:20:20 +0200] "GET /ticket2/opencms/system/modules/com.gridnine.opencms.ticketbrokerage.site/resources/pics/bank_1_nordea.png HTTP/1.1" 200 4807
47.128.110.8 - - [29/Jun/2024:00:20:21 +0200] "GET /ticket2/opencms/system/modules/com.gridnine.opencms.ticketbrokerage.site/resources/pics/bank_2_handelsbanken.png HTTP/1.1" 200 4509
47.128.110.8 - - [29/Jun/2024:00:20:21 +0200] "GET /ticket2/opencms/system/modules/com.gridnine.opencms.ticketbrokerage.site/resources/pics/bank_3_swedbank.png HTTP/1.1" 200 5740
47.128.110.8 - - [29/Jun/2024:00:20:21 +0200] "GET /ticket2/opencms/system/modules/com.gridnine.opencms.ticketbrokerage.site/resources/pics/bank_5_visa_mastercard.png HTTP/1.1" 200 8196
47.128.110.8 - - [29/Jun/2024:00:20:21 +0200] "GET /ticket2/opencms/system/modules/com.gridnine.opencms.ticketbrokerage.site/resources/pics/bank_4_seb.png HTTP/1.1" 200 2487
47.128.110.8 - - [29/Jun/2024:00:20:21 +0200] "GET /ticket2/opencms/system/modules/com.gridnine.opencms.ticketbrokerage.site/resources/pics/bank_6_american_express.png HTTP/1.1" 200 5570
66.249.76.167 - - [29/Jun/2024:00:20:22 +0200] "GET /ticket2/opencms/dk/buy/?page=1&edid=48E72B51-00CE-CE36-D8BB-29D37358C55B HTTP/1.1" 200 110547
192.99.37.124 - - [29/Jun/2024:00:20:24 +0200] "GET /ticket2/opencms/dk/sv/buy/?page=1&edid=49131D36-554D-2A5D-24DA-472029203F75&sortorder=asc&column=row HTTP/1.1" 404 -
47.128.39.4 - - [29/Jun/2024:00:20:28 +0200] "GET /ticket2/opencms/it/buy/?catid=08F27F2A-1872-A39F-A97C-63093E77B18A&comcatid=A17713B6-D984-201A-4143-ED4DB5ED5C2E HTTP/1.1" 200 83413
47.128.39.4 - - [29/Jun/2024:00:20:29 +0200] "GET /ticket2/opencms/system/modules/com.gridnine.opencms.ticketbrokerage.site/resources/pics/logo-new.png HTTP/1.1" 200 13541
47.128.39.4 - - [29/Jun/2024:00:20:29 +0200] "GET /ticket2/opencms/system/modules/com.gridnine.opencms.ticketbrokerage.site/resources/pics/bank_3_swedbank.png HTTP/1.1" 200 5740
47.128.39.4 - - [29/Jun/2024:00:20:30 +0200] "GET /ticket2/opencms/system/modules/com.gridnine.opencms.ticketbrokerage.site/resources/pics/bank_5_visa_mastercard.png HTTP/1.1" 200 8196
47.128.39.4 - - [29/Jun/2024:00:20:30 +0200] "GET /ticket2/opencms/system/modules/com.gridnine.opencms.ticketbrokerage.site/resources/pics/bank_1_nordea.png HTTP/1.1" 200 4807
47.128.39.4 - - [29/Jun/2024:00:20:30 +0200] "GET /ticket2/opencms/system/modules/com.gridnine.opencms.ticketbrokerage.site/resources/pics/bank_2_handelsbanken.png HTTP/1.1" 200 4509
47.128.39.4 - - [29/Jun/2024:00:20:30 +0200] "GET /ticket2/opencms/system/modules/com.gridnine.opencms.ticketbrokerage.site/resources/pics/bank_4_seb.png HTTP/1.1" 200 2487
47.128.39.4 - - [29/Jun/2024:00:20:30 +0200] "GET /ticket2/opencms/system/modules/com.gridnine.opencms.ticketbrokerage.site/resources/pics/bank_6_american_express.png HTTP/1.1" 200 5570
192.99.37.124 - - [29/Jun/2024:00:20:32 +0200] "GET /ticket2/opencms/dk/sv/buy/?page=1&edid=49131D36-554D-2A5D-24DA-472029203F75&sortorder=asc&column=section HTTP/1.1" 404 -
188.165.241.181 - - [29/Jun/2024:00:20:33 +0200] "GET /ticket2/opencms/de/en/venue/?venueid=7D107DD7-9AAA-2AF1-0131-692BC3416280 HTTP/1.1" 404 -
192.99.37.124 - - [29/Jun/2024:00:20:45 +0200] "GET /ticket2/opencms/dk/sv/buy/?page=1&edid=4BA7B2F8-A96A-CBF2-384D-5B93955887C5&sortorder=asc&column=price HTTP/1.1" 404 -
188.165.212.137 - - [29/Jun/2024:00:20:49 +0200] "GET /ticket2/opencms/de/nl/buy?page=1&edid=02717DFD-516F-F288-43FD-93598E319E97 HTTP/1.1" 404 -
192.99.37.124 - - [29/Jun/2024:00:20:49 +0200] "GET /ticket2/opencms/dk/sv/buy/?page=1&edid=4BCBE7F2-6908-F260-D7C8-D92DE467FC09&sortorder=desc&column=row HTTP/1.1" 404 -
51.222.253.15 - - [29/Jun/2024:00:20:51 +0200] "GET /ticket2/opencms/no/buy/?comcatid=0A6B8208-FDA4-E929-9D72-5312FD481B76 HTTP/1.1" 200 76681
216.245.221.83 - - [29/Jun/2024:00:20:56 +0200] "HEAD /ticket2/opencms/ HTTP/1.1" 302 -
192.99.37.124 - - [29/Jun/2024:00:20:57 +0200] "GET /ticket2/opencms/dk/sv/buy/?page=1&edid=4C02011D-24C0-2535-1DBC-D54833672F3A&sortorder=asc&column=price HTTP/1.1" 404 -
216.245.221.83 - - [29/Jun/2024:00:20:59 +0200] "HEAD /ticket2/opencms/en/ HTTP/1.1" 200 -
192.99.37.124 - - [29/Jun/2024:00:21:04 +0200] "GET /ticket2/opencms/dk/sv/buy/?page=1&edid=4C057F1A-F8DE-8654-F39E-9DF6A45A6174&sortorder=asc&column=price HTTP/1.1" 404 -
188.165.241.181 - - [29/Jun/2024:00:21:05 +0200] "GET /ticket2/opencms/de/en/venue/?venueid=7D8DF134-6F27-D920-88FC-4F540A20C7A1 HTTP/1.1" 404 -
192.99.37.124 - - [29/Jun/2024:00:21:11 +0200] "GET /ticket2/opencms/dk/sv/buy/?page=1&edid=4C6E70D7-2967-0370-D34B-AFEF2F6B8113&sortorder=asc&column=price HTTP/1.1" 404 -
52.167.144.186 - - [29/Jun/2024:00:21:16 +0200] "GET /ticket2/opencms/sv/sport/fotbollsbiljetter/bundesliga/fortuna_dusseldorf/ HTTP/1.1" 200 72673
192.99.37.124 - - [29/Jun/2024:00:21:18 +0200] "GET /ticket2/opencms/dk/sv/buy/?page=1&edid=4C6E70D7-2967-0370-D34B-AFEF2F6B8113&sortorder=asc&column=row HTTP/1.1" 404 -
85.208.96.209 - - [29/Jun/2024:00:21:21 +0200] "GET /ticket2/opencms/fr/magazine/article?title=calendrier-des-matchs-de-premier-league-fixtures-de-la-premier-league-20242025 HTTP/1.1" 200 73178
66.249.76.167 - - [29/Jun/2024:00:21:24 +0200] "GET /ticket2/opencms/fi/buy/?page=1&edid=6E6805B6-3E5D-57A6-18C7-E0E71972186F HTTP/1.1" 200 88564
192.99.37.124 - - [29/Jun/2024:00:21:25 +0200] "GET /ticket2/opencms/dk/sv/buy/?page=1&edid=4C6E70D7-2967-0370-D34B-AFEF2F6B8113&sortorder=asc&column=section HTTP/1.1" 404 -
66.249.76.195 - - [29/Jun/2024:00:21:25 +0200] "GET /ticket2/opencms/dk/buy/?page=1&edid=D11D82D4-28DA-1768-D317-EF521A2F97E6 HTTP/1.1" 200 116677
188.165.212.137 - - [29/Jun/2024:00:21:26 +0200] "GET /ticket2/opencms/de/nl/buy?page=1&edid=1260CE5D-7BE1-B121-0CBF-652705BD383D HTTP/1.1" 404 -
47.128.127.208 - - [29/Jun/2024:00:21:26 +0200] "GET /ticket2/opencms/fi/buy/?catid=E03F2203-3943-A0F0-A47D-D9E7CDA79C6B&comcatid=B41CCF2B-5558-7AEE-3602-09BBDE417D65&page=6 HTTP/1.1" 200 75101
47.128.127.208 - - [29/Jun/2024:00:21:27 +0200] "GET /ticket2/opencms/system/modules/com.gridnine.opencms.ticketbrokerage.site/resources/pics/logo-new.png HTTP/1.1" 200 13541
47.128.127.208 - - [29/Jun/2024:00:21:27 +0200] "GET /ticket2/opencms/system/modules/com.gridnine.opencms.ticketbrokerage.site/resources/pics/bank_3_swedbank.png HTTP/1.1" 200 5740
47.128.127.208 - - [29/Jun/2024:00:21:28 +0200] "GET /ticket2/opencms/system/modules/com.gridnine.opencms.ticketbrokerage.site/resources/pics/bank_1_nordea.png HTTP/1.1" 200 4807
47.128.127.208 - - [29/Jun/2024:00:21:28 +0200] "GET /ticket2/opencms/system/modules/com.gridnine.opencms.ticketbrokerage.site/resources/pics/bank_2_handelsbanken.png HTTP/1.1" 200 4509
47.128.127.208 - - [29/Jun/2024:00:21:28 +0200] "GET /ticket2/opencms/system/modules/com.gridnine.opencms.ticketbrokerage.site/resources/pics/bank_4_seb.png HTTP/1.1" 200 2487
47.128.127.208 - - [29/Jun/2024:00:21:28 +0200] "GET /ticket2/opencms/system/modules/com.gridnine.opencms.ticketbrokerage.site/resources/pics/bank_5_visa_mastercard.png HTTP/1.1" 200 8196
47.128.127.208 - - [29/Jun/2024:00:21:28 +0200] "GET /ticket2/opencms/system/modules/com.gridnine.opencms.ticketbrokerage.site/resources/pics/bank_6_american_express.png HTTP/1.1" 200 5570
85.208.96.194 - - [29/Jun/2024:00:21:31 +0200] "GET /ticket2/opencms/sv/sport/fotbollsbiljetter/serie_a/fiorentina/ HTTP/1.1" 200 74061
