135.181.75.58 - - [29/Jun/2024:06:30:16 +0200] "GET /ticket2/opencms/de/nl/sport/voetbal-tickets/la_liga/rayo_vallecano/ HTTP/1.1" 404 -
37.60.238.15 - - [29/Jun/2024:06:30:20 +0200] "GET /ticket2/opencms/de/nl/buy/?comcatid=A17713B6-D984-201A-4143-ED4DB5ED5C2E&catid=82F804FA-9F69-CB6B-D41D-7BF7C716058B HTTP/1.1" 404 -
54.36.148.172 - - [29/Jun/2024:06:30:25 +0200] "GET /ticket2/opencms/robots.txt HTTP/1.1" 200 773
65.108.227.178 - - [29/Jun/2024:06:30:27 +0200] "GET /ticket2/opencms/de/fi/venue/?venueid=152137BD-51FA-C49F-6002-B503D5181B54 HTTP/1.1" 404 -
135.181.75.58 - - [29/Jun/2024:06:30:28 +0200] "GET /ticket2/opencms/de/nl/sport/voetbal-tickets/la_liga/real-sociedad/ HTTP/1.1" 404 -
185.169.252.159 - - [29/Jun/2024:06:30:32 +0200] "GET /ticket2/opencms/sv/login/?edid=95E4E2A2-4247-D538-792A-CB077C5BE454 HTTP/1.1" 200 74250
135.181.75.58 - - [29/Jun/2024:06:30:38 +0200] "GET /ticket2/opencms/de/nl/sport/voetbal-tickets/la_liga/real_madrid/ HTTP/1.1" 404 -
158.220.119.91 - - [29/Jun/2024:06:30:42 +0200] "GET /ticket2/opencms/sv/login/?edid=C6D1B00C-A933-1E50-C36D-5E32B9DCB7D1 HTTP/1.1" 200 74250
65.108.227.178 - - [29/Jun/2024:06:30:45 +0200] "GET /ticket2/opencms/de/fi/venue/?venueid=1535A920-4849-7208-022C-F1B3FD090F79 HTTP/1.1" 404 -
135.181.75.58 - - [29/Jun/2024:06:30:47 +0200] "GET /ticket2/opencms/de/nl/sport/voetbal-tickets/la_liga/sevilla/ HTTP/1.1" 404 -
216.245.221.83 - - [29/Jun/2024:06:30:55 +0200] "HEAD /ticket2/opencms/ HTTP/1.1" 302 -
47.128.23.14 - - [29/Jun/2024:06:30:57 +0200] "GET /ticket2/opencms/fi/venue/?countryid=DC26E1B3-EC21-D762-3AB1-2969BD57FF68 HTTP/1.1" 200 102292
135.181.75.58 - - [29/Jun/2024:06:30:58 +0200] "GET /ticket2/opencms/de/nl/sport/voetbal-tickets/la_liga/valencia/ HTTP/1.1" 404 -
47.128.23.14 - - [29/Jun/2024:06:30:58 +0200] "GET /ticket2/opencms/system/modules/com.gridnine.opencms.ticketbrokerage.site/resources/pics/logo-new.png HTTP/1.1" 200 13541
216.245.221.83 - - [29/Jun/2024:06:30:58 +0200] "HEAD /ticket2/opencms/en/ HTTP/1.1" 200 -
47.128.23.14 - - [29/Jun/2024:06:30:58 +0200] "GET /ticket2/opencms/system/modules/com.gridnine.opencms.ticketbrokerage.site/resources/pics/bank_2_handelsbanken.png HTTP/1.1" 200 4509
51.222.253.8 - - [29/Jun/2024:06:30:59 +0200] "GET /ticket2/opencms/sv/venue/?venueid=2C05FD8F-0F8B-4EB0-A1C9-4F2046334E3E HTTP/1.1" 200 72164
47.128.23.14 - - [29/Jun/2024:06:30:59 +0200] "GET /ticket2/opencms/system/modules/com.gridnine.opencms.ticketbrokerage.site/resources/pics/bank_3_swedbank.png HTTP/1.1" 200 5740
47.128.23.14 - - [29/Jun/2024:06:30:59 +0200] "GET /ticket2/opencms/system/modules/com.gridnine.opencms.ticketbrokerage.site/resources/pics/bank_4_seb.png HTTP/1.1" 200 2487
47.128.23.14 - - [29/Jun/2024:06:30:59 +0200] "GET /ticket2/opencms/system/modules/com.gridnine.opencms.ticketbrokerage.site/resources/pics/bank_5_visa_mastercard.png HTTP/1.1" 200 8196
47.128.23.14 - - [29/Jun/2024:06:30:59 +0200] "GET /ticket2/opencms/system/modules/com.gridnine.opencms.ticketbrokerage.site/resources/pics/bank_6_american_express.png HTTP/1.1" 200 5570
47.128.23.14 - - [29/Jun/2024:06:30:59 +0200] "GET /ticket2/opencms/system/modules/com.gridnine.opencms.ticketbrokerage.site/resources/pics/bank_1_nordea.png HTTP/1.1" 200 4807
65.108.227.178 - - [29/Jun/2024:06:31:04 +0200] "GET /ticket2/opencms/de/fi/venue/?venueid=157C41AC-9990-241E-A78B-828C374EF543 HTTP/1.1" 404 -
94.191.152.115 - - [29/Jun/2024:06:31:06 +0200] "GET /ticket2/opencms/sv/thank_you?ptid=20FE04A8-CB0C-85E4-46AF-31A2C356301C HTTP/1.1" 200 73084
94.191.152.115 - - [29/Jun/2024:06:31:06 +0200] "GET /ticket2/opencms/system/modules/com.gridnine.opencms.ticketbrokerage.site/resources/css/calendar.css HTTP/1.1" 200 6871
94.191.152.115 - - [29/Jun/2024:06:31:06 +0200] "GET /ticket2/opencms/system/modules/com.gridnine.opencms.ticketbrokerage.site/resources/css/ticketbrokerage.css HTTP/1.1" 200 39339
94.191.152.115 - - [29/Jun/2024:06:31:06 +0200] "GET /ticket2/opencms/system/modules/com.gridnine.opencms.ticketbrokerage.site/resources/css/standard.css HTTP/1.1" 200 71935
94.191.152.115 - - [29/Jun/2024:06:31:06 +0200] "GET /ticket2/opencms/system/modules/com.gridnine.opencms.ticketbrokerage.site/resources/js/functions.js HTTP/1.1" 200 1583
94.191.152.115 - - [29/Jun/2024:06:31:06 +0200] "GET /ticket2/opencms/system/modules/com.gridnine.opencms.ticketbrokerage.site/resources/js/calendar-setup.js HTTP/1.1" 200 4923
94.191.152.115 - - [29/Jun/2024:06:31:06 +0200] "GET /ticket2/opencms/system/modules/com.gridnine.opencms.ticketbrokerage.site/resources/js/calendar.js HTTP/1.1" 200 49229
94.191.152.115 - - [29/Jun/2024:06:31:06 +0200] "GET /ticket2/opencms/system/modules/com.gridnine.opencms.ticketbrokerage.site/resources/js/standard.js HTTP/1.1" 200 3978
94.191.152.115 - - [29/Jun/2024:06:31:06 +0200] "GET /ticket2/opencms/system/modules/com.gridnine.opencms.ticketbrokerage.site/resources/js/calendar-en.js HTTP/1.1" 200 3338
94.191.152.115 - - [29/Jun/2024:06:31:06 +0200] "GET /ticket2/opencms/system/modules/com.gridnine.opencms.ticketbrokerage.site/resources/css/images/ui-bg_flat_75_ffffff_40x100.png HTTP/1.1" 404 -
66.249.76.8 - - [29/Jun/2024:06:31:06 +0200] "GET /ticket2/opencms/dk/venue/?venueid=C73E0DCE-5592-ED9B-E2AF-FE9E3C67E821 HTTP/1.1" 200 71800
135.181.75.58 - - [29/Jun/2024:06:31:09 +0200] "GET /ticket2/opencms/de/nl/sport/voetbal-tickets/la_liga/villareal/ HTTP/1.1" 404 -
66.249.75.169 - - [29/Jun/2024:06:31:20 +0200] "GET /ticket2/opencms/ HTTP/1.1" 302 -
135.181.75.58 - - [29/Jun/2024:06:31:21 +0200] "GET /ticket2/opencms/de/nl/sport/voetbal-tickets/premier_league/arsenal/ HTTP/1.1" 404 -
66.249.76.170 - - [29/Jun/2024:06:31:23 +0200] "GET /ticket2/opencms/sv/ HTTP/1.1" 200 91831
65.108.227.178 - - [29/Jun/2024:06:31:24 +0200] "GET /ticket2/opencms/de/fi/venue/?venueid=15F8136B-CA21-08A9-E12F-B2DEA2740D74 HTTP/1.1" 404 -
85.208.96.211 - - [29/Jun/2024:06:31:25 +0200] "GET /ticket2/opencms/de/about/contact/ HTTP/1.1" 200 71730
37.60.238.15 - - [29/Jun/2024:06:31:29 +0200] "GET /ticket2/opencms/de/nl/buy/?comcatid=A17713B6-D984-201A-4143-ED4DB5ED5C2E&catid=88C381AD-5D76-A34D-AC15-A7129F8EF5BE HTTP/1.1" 404 -
135.181.75.58 - - [29/Jun/2024:06:31:33 +0200] "GET /ticket2/opencms/de/nl/sport/voetbal-tickets/premier_league/aston_villa/ HTTP/1.1" 404 -
135.181.75.58 - - [29/Jun/2024:06:31:43 +0200] "GET /ticket2/opencms/de/nl/sport/voetbal-tickets/premier_league/bournemouth/ HTTP/1.1" 404 -
65.108.227.178 - - [29/Jun/2024:06:31:47 +0200] "GET /ticket2/opencms/de/fi/venue/?venueid=16E0C8F7-C946-BD85-3408-7035EE064BCF HTTP/1.1" 404 -
51.222.253.9 - - [29/Jun/2024:06:31:52 +0200] "GET /ticket2/opencms/en/venue/?venueid=8A02FD62-AB7D-0F2A-98D0-1DF2D8566333 HTTP/1.1" 200 71368
47.128.127.49 - - [29/Jun/2024:06:31:53 +0200] "GET /ticket2/opencms/fi/venue/?venueid=F71B1DE7-11E1-4331-6276-7D92F25D2949 HTTP/1.1" 200 72982
85.208.96.206 - - [29/Jun/2024:06:31:53 +0200] "GET /ticket2/opencms/sv/magazine/article?title=nottingham-forest-premier-league-resan-fortsatter HTTP/1.1" 200 74400
47.128.127.49 - - [29/Jun/2024:06:31:53 +0200] "GET /ticket2/opencms/system/modules/com.gridnine.opencms.ticketbrokerage.site/resources/pics/logo-new.png HTTP/1.1" 200 13541
135.181.75.58 - - [29/Jun/2024:06:31:54 +0200] "GET /ticket2/opencms/de/nl/sport/voetbal-tickets/premier_league/brentford/ HTTP/1.1" 404 -
47.128.127.49 - - [29/Jun/2024:06:31:54 +0200] "GET /ticket2/opencms/venue/stade_de_france.png HTTP/1.1" 200 170440
47.128.127.49 - - [29/Jun/2024:06:31:54 +0200] "GET /ticket2/opencms/system/modules/com.gridnine.opencms.ticketbrokerage.site/resources/pics/bank_1_nordea.png HTTP/1.1" 200 4807
47.128.127.49 - - [29/Jun/2024:06:31:54 +0200] "GET /ticket2/opencms/system/modules/com.gridnine.opencms.ticketbrokerage.site/resources/pics/bank_3_swedbank.png HTTP/1.1" 200 5740
47.128.127.49 - - [29/Jun/2024:06:31:54 +0200] "GET /ticket2/opencms/system/modules/com.gridnine.opencms.ticketbrokerage.site/resources/pics/bank_2_handelsbanken.png HTTP/1.1" 200 4509
47.128.127.49 - - [29/Jun/2024:06:31:54 +0200] "GET /ticket2/opencms/system/modules/com.gridnine.opencms.ticketbrokerage.site/resources/pics/bank_4_seb.png HTTP/1.1" 200 2487
47.128.127.49 - - [29/Jun/2024:06:31:55 +0200] "GET /ticket2/opencms/system/modules/com.gridnine.opencms.ticketbrokerage.site/resources/pics/bank_5_visa_mastercard.png HTTP/1.1" 200 8196
47.128.127.49 - - [29/Jun/2024:06:31:55 +0200] "GET /ticket2/opencms/system/modules/com.gridnine.opencms.ticketbrokerage.site/resources/pics/bank_6_american_express.png HTTP/1.1" 200 5570
135.181.75.58 - - [29/Jun/2024:06:32:04 +0200] "GET /ticket2/opencms/de/nl/sport/voetbal-tickets/premier_league/brighton/ HTTP/1.1" 404 -
66.249.75.162 - - [29/Jun/2024:06:32:08 +0200] "GET /ticket2/opencms/dk/venue/?venueid=FF8D2B77-C235-F0A7-6D99-CAC26AC9D392 HTTP/1.1" 200 71830
65.108.227.178 - - [29/Jun/2024:06:32:11 +0200] "GET /ticket2/opencms/de/fi/venue/?venueid=17AD70CD-06E0-2606-B2B4-860C9CBEAC08 HTTP/1.1" 404 -
192.95.30.12 - - [29/Jun/2024:06:32:11 +0200] "GET /ticket2/opencms/dk/robots.txt HTTP/1.1" 404 -
114.119.138.151 - - [29/Jun/2024:06:32:11 +0200] "GET /ticket2/opencms/en/buy/?comcatid=A17713B6-D984-201A-4143-ED4DB5ED5C2E&catid=D8B345C9-F7A5-E620-4B43-C34EB0D6885B&npage=1 HTTP/1.1" 200 81683
192.95.30.12 - - [29/Jun/2024:06:32:14 +0200] "GET /ticket2/opencms/dk/sv/buy/?page=1&edid=DF0E45C7-237E-03AB-4ED3-CC8D84C0E2C6&sortorder=asc&column=price HTTP/1.1" 404 -
135.181.75.58 - - [29/Jun/2024:06:32:14 +0200] "GET /ticket2/opencms/de/nl/sport/voetbal-tickets/premier_league/burnley/ HTTP/1.1" 404 -
216.245.221.83 - - [29/Jun/2024:06:32:15 +0200] "HEAD /ticket2/opencms/ HTTP/1.1" 302 -
216.245.221.83 - - [29/Jun/2024:06:32:16 +0200] "HEAD /ticket2/opencms/en/ HTTP/1.1" 200 -
52.167.144.140 - - [29/Jun/2024:06:32:16 +0200] "GET /ticket2/opencms/sv/sport/fotbollsbiljetter/premier_league/blackburn_rovers/ HTTP/1.1" 200 74254
37.60.238.15 - - [29/Jun/2024:06:32:17 +0200] "GET /ticket2/opencms/de/nl/buy/?comcatid=A17713B6-D984-201A-4143-ED4DB5ED5C2E&catid=8AA488FA-6797-D710-8108-3088D6948FC1 HTTP/1.1" 404 -
192.95.30.12 - - [29/Jun/2024:06:32:18 +0200] "GET /ticket2/opencms/dk/sv/buy/?page=1&edid=DF0E45C7-237E-03AB-4ED3-CC8D84C0E2C6&sortorder=asc&column=row HTTP/1.1" 404 -
192.95.30.12 - - [29/Jun/2024:06:32:21 +0200] "GET /ticket2/opencms/dk/sv/buy/?page=1&edid=DF0E45C7-237E-03AB-4ED3-CC8D84C0E2C6&sortorder=desc&column=price HTTP/1.1" 404 -
135.181.75.58 - - [29/Jun/2024:06:32:23 +0200] "GET /ticket2/opencms/de/nl/sport/voetbal-tickets/premier_league/crystal_palace/ HTTP/1.1" 404 -
114.119.140.79 - - [29/Jun/2024:06:32:23 +0200] "GET /ticket2/opencms/en/venue/?venueid=555014B0-08D8-515D-B9A4-B900DC7639D7 HTTP/1.1" 200 71329
192.95.30.12 - - [29/Jun/2024:06:32:25 +0200] "GET /ticket2/opencms/dk/sv/buy/?page=1&edid=EFF29E2F-FA23-A8CC-3954-476F00AE385A&sortorder=desc&column=section HTTP/1.1" 404 -
192.95.30.12 - - [29/Jun/2024:06:32:28 +0200] "GET /ticket2/opencms/dk/sv/buy/?page=1&edid=F1A94DF6-0410-4651-F3FB-0AB19BC09731 HTTP/1.1" 404 -
192.95.30.12 - - [29/Jun/2024:06:32:32 +0200] "GET /ticket2/opencms/dk/sv/buy/?page=1&edid=F24F2583-2092-A5CA-4211-3A24230A3D5D HTTP/1.1" 404 -
65.108.227.178 - - [29/Jun/2024:06:32:34 +0200] "GET /ticket2/opencms/de/fi/venue/?venueid=17D0DFA9-77AB-EBCA-484F-CEB853AA41A8 HTTP/1.1" 404 -
135.181.75.58 - - [29/Jun/2024:06:32:34 +0200] "GET /ticket2/opencms/de/nl/sport/voetbal-tickets/premier_league/everton/ HTTP/1.1" 404 -
192.95.30.12 - - [29/Jun/2024:06:32:35 +0200] "GET /ticket2/opencms/dk/sv/buy/?page=1&edid=F32982F9-8DBA-9119-12C3-8C280A2BFA84&sortorder=asc&column=price HTTP/1.1" 404 -
192.95.30.12 - - [29/Jun/2024:06:32:39 +0200] "GET /ticket2/opencms/dk/sv/buy/?page=1&edid=F3AE83BE-C126-C63A-44BE-5000274FDF7A&sortorder=desc&column=price HTTP/1.1" 404 -
192.95.30.12 - - [29/Jun/2024:06:32:42 +0200] "GET /ticket2/opencms/dk/sv/buy/?page=1&edid=F3AE83BE-C126-C63A-44BE-5000274FDF7A&sortorder=desc&column=row HTTP/1.1" 404 -
135.181.75.58 - - [29/Jun/2024:06:32:44 +0200] "GET /ticket2/opencms/de/nl/sport/voetbal-tickets/premier_league/fulham/ HTTP/1.1" 404 -
192.95.30.12 - - [29/Jun/2024:06:32:46 +0200] "GET /ticket2/opencms/dk/sv/buy/?page=1&edid=F920C9EB-FBBB-08CB-045F-AA52A8ABB18F&sortorder=desc&column=section HTTP/1.1" 404 -
192.95.30.12 - - [29/Jun/2024:06:32:49 +0200] "GET /ticket2/opencms/dk/sv/buy/?page=1&edid=F96E6CAA-6B2C-A272-DA82-260C5860E403&sortorder=asc&column=section HTTP/1.1" 404 -
47.128.60.38 - - [29/Jun/2024:06:32:50 +0200] "GET /ticket2/opencms/fi/venue/?venueid=81575406-737A-D887-8BD9-C8B79507FB55 HTTP/1.1" 200 72899
47.128.60.38 - - [29/Jun/2024:06:32:50 +0200] "GET /ticket2/opencms/system/modules/com.gridnine.opencms.ticketbrokerage.site/resources/pics/logo-new.png HTTP/1.1" 200 13541
47.128.60.38 - - [29/Jun/2024:06:32:51 +0200] "GET /ticket2/opencms/system/modules/com.gridnine.opencms.ticketbrokerage.site/resources/pics/bank_5_visa_mastercard.png HTTP/1.1" 200 8196
47.128.60.38 - - [29/Jun/2024:06:32:51 +0200] "GET /ticket2/opencms/system/modules/com.gridnine.opencms.ticketbrokerage.site/resources/pics/bank_4_seb.png HTTP/1.1" 200 2487
47.128.60.38 - - [29/Jun/2024:06:32:51 +0200] "GET /ticket2/opencms/system/modules/com.gridnine.opencms.ticketbrokerage.site/resources/pics/bank_1_nordea.png HTTP/1.1" 200 4807
47.128.60.38 - - [29/Jun/2024:06:32:51 +0200] "GET /ticket2/opencms/system/modules/com.gridnine.opencms.ticketbrokerage.site/resources/pics/bank_3_swedbank.png HTTP/1.1" 200 5740
47.128.60.38 - - [29/Jun/2024:06:32:51 +0200] "GET /ticket2/opencms/system/modules/com.gridnine.opencms.ticketbrokerage.site/resources/pics/bank_2_handelsbanken.png HTTP/1.1" 200 4509
47.128.60.38 - - [29/Jun/2024:06:32:51 +0200] "GET /ticket2/opencms/system/modules/com.gridnine.opencms.ticketbrokerage.site/resources/pics/bank_6_american_express.png HTTP/1.1" 200 5570
40.77.167.184 - - [29/Jun/2024:06:32:53 +0200] "GET /ticket2/opencms/robots.txt HTTP/1.1" 200 773
65.108.227.178 - - [29/Jun/2024:06:32:53 +0200] "GET /ticket2/opencms/de/fi/venue/?venueid=17D6F983-3B1F-54BA-CC32-B050F0933AC3 HTTP/1.1" 404 -
192.95.30.12 - - [29/Jun/2024:06:32:53 +0200] "GET /ticket2/opencms/dk/sv/buy/?page=1&edid=F97C1826-5392-3CE0-1ADA-E9A2A8C4A192&sortorder=asc&column=price HTTP/1.1" 404 -
40.77.167.184 - - [29/Jun/2024:06:32:53 +0200] "GET /ticket2/opencms/robots.txt HTTP/1.1" 200 773
192.95.30.12 - - [29/Jun/2024:06:32:56 +0200] "GET /ticket2/opencms/dk/sv/buy/?page=1&edid=FC8166F8-5150-95FE-6FDF-33A45AACF965&sortorder=asc&column=section HTTP/1.1" 404 -
135.181.75.58 - - [29/Jun/2024:06:32:57 +0200] "GET /ticket2/opencms/de/nl/sport/voetbal-tickets/premier_league/luton/ HTTP/1.1" 404 -
192.95.30.12 - - [29/Jun/2024:06:33:00 +0200] "GET /ticket2/opencms/dk/sv/buy/?page=1&edid=FC8E19AE-C0B2-6E8A-15B8-33A65B1EFF7E&sortorder=asc&column=price HTTP/1.1" 404 -
192.95.30.12 - - [29/Jun/2024:06:33:03 +0200] "GET /ticket2/opencms/dk/sv/buy/?page=1&edid=FC8E19AE-C0B2-6E8A-15B8-33A65B1EFF7E&sortorder=asc&column=row HTTP/1.1" 404 -
51.222.253.7 - - [29/Jun/2024:06:33:06 +0200] "GET /ticket2/opencms/en/buy?page=1&edid=224E301E-62C2-7FAB-1E09-EB70E2A87B16 HTTP/1.1" 200 85171
192.95.30.12 - - [29/Jun/2024:06:33:07 +0200] "GET /ticket2/opencms/dk/sv/buy/?page=1&edid=FC8E19AE-C0B2-6E8A-15B8-33A65B1EFF7E&sortorder=asc&column=section HTTP/1.1" 404 -
65.108.227.178 - - [29/Jun/2024:06:33:08 +0200] "GET /ticket2/opencms/de/fi/venue/?venueid=17E7C622-E012-3663-44A8-95BA7DB84F40 HTTP/1.1" 404 -
135.181.75.58 - - [29/Jun/2024:06:33:08 +0200] "GET /ticket2/opencms/de/nl/sport/voetbal-tickets/premier_league/manchester_city/ HTTP/1.1" 404 -
66.249.69.142 - - [29/Jun/2024:06:33:09 +0200] "GET /ticket2/opencms/sv/buy/?page=10&eventid=B45AC244-DB10-0539-6625-12AA68C37378 HTTP/1.1" 200 73557
37.60.238.15 - - [29/Jun/2024:06:33:10 +0200] "GET /ticket2/opencms/de/nl/buy/?comcatid=A17713B6-D984-201A-4143-ED4DB5ED5C2E&catid=97608B80-50C4-18AE-7A82-0413C62E9243 HTTP/1.1" 404 -
66.249.75.98 - - [29/Jun/2024:06:33:10 +0200] "GET /ticket2/opencms/dk/venue/?venueid=FFD58926-E43E-9E2E-9DB6-3170AF0A87CC HTTP/1.1" 200 71815
192.95.30.12 - - [29/Jun/2024:06:33:10 +0200] "GET /ticket2/opencms/dk/sv/buy/?page=1&edid=FC8E19AE-C0B2-6E8A-15B8-33A65B1EFF7E&sortorder=desc&column=price HTTP/1.1" 404 -
192.95.30.12 - - [29/Jun/2024:06:33:14 +0200] "GET /ticket2/opencms/dk/sv/buy/?page=1&edid=FC8E19AE-C0B2-6E8A-15B8-33A65B1EFF7E&sortorder=desc&column=row HTTP/1.1" 404 -
192.95.30.12 - - [29/Jun/2024:06:33:17 +0200] "GET /ticket2/opencms/dk/sv/buy/?page=1&edid=FC8E19AE-C0B2-6E8A-15B8-33A65B1EFF7E&sortorder=desc&column=section HTTP/1.1" 404 -
135.181.75.58 - - [29/Jun/2024:06:33:19 +0200] "GET /ticket2/opencms/de/nl/sport/voetbal-tickets/premier_league/newcastle-united/ HTTP/1.1" 404 -
114.119.136.155 - - [29/Jun/2024:06:33:20 +0200] "GET /ticket2/opencms/en/sell/?edid=7E2D5EC6-9164-54E9-6E06-0987193E1AD1 HTTP/1.1" 302 -
192.95.30.12 - - [29/Jun/2024:06:33:21 +0200] "GET /ticket2/opencms/dk/sv/buy/?page=1&edid=FD9F7521-FAF6-CC18-E57A-C791478603D9&sortorder=asc&column=price HTTP/1.1" 404 -
65.108.227.178 - - [29/Jun/2024:06:33:23 +0200] "GET /ticket2/opencms/de/fi/venue/?venueid=1BE8EBD3-215D-BFA5-C42B-C7795436DBDE HTTP/1.1" 404 -
114.119.136.155 - - [29/Jun/2024:06:33:24 +0200] "GET /ticket2/opencms/en/login/?url=/en/sell/ HTTP/1.1" 200 73431
192.95.30.12 - - [29/Jun/2024:06:33:24 +0200] "GET /ticket2/opencms/dk/sv/buy/?page=1&edid=FD9F7521-FAF6-CC18-E57A-C791478603D9&sortorder=asc&column=row HTTP/1.1" 404 -
185.191.171.17 - - [29/Jun/2024:06:33:27 +0200] "GET /ticket2/opencms/no/about/contact HTTP/1.1" 200 72265
192.95.30.12 - - [29/Jun/2024:06:33:28 +0200] "GET /ticket2/opencms/dk/sv/buy/?page=1&edid=FD9F7521-FAF6-CC18-E57A-C791478603D9&sortorder=asc&column=section HTTP/1.1" 404 -
135.181.75.58 - - [29/Jun/2024:06:33:28 +0200] "GET /ticket2/opencms/de/nl/sport/voetbal-tickets/premier_league/nottingham/ HTTP/1.1" 404 -
185.169.252.159 - - [29/Jun/2024:06:33:29 +0200] "GET /ticket2/opencms/sv/login/?edid=96192C07-B2E4-3E51-358B-6BB951577ED3 HTTP/1.1" 200 74250
192.95.30.12 - - [29/Jun/2024:06:33:31 +0200] "GET /ticket2/opencms/dk/sv/buy/?page=1&edid=FE398368-2010-F35D-8A07-B0FC2E973E08&sortorder=desc&column=price HTTP/1.1" 404 -
192.95.30.12 - - [29/Jun/2024:06:33:35 +0200] "GET /ticket2/opencms/dk/sv/buy/?page=1&edid=FEC9AA90-29F7-1503-8F87-89F5FA01BC28&sortorder=desc&column=price HTTP/1.1" 404 -
135.181.75.58 - - [29/Jun/2024:06:33:38 +0200] "GET /ticket2/opencms/de/nl/sport/voetbal-tickets/premier_league/sheffield/ HTTP/1.1" 404 -
192.95.30.12 - - [29/Jun/2024:06:33:38 +0200] "GET /ticket2/opencms/dk/sv/buy/?page=1&edid=FF0D3809-EDF7-7D77-577F-435AF719EB43&sortorder=desc&column=price HTTP/1.1" 404 -
192.95.30.12 - - [29/Jun/2024:06:33:42 +0200] "GET /ticket2/opencms/dk/sv/buy/?page=1&edid=FF0D3809-EDF7-7D77-577F-435AF719EB43&sortorder=desc&column=section HTTP/1.1" 404 -
65.108.227.178 - - [29/Jun/2024:06:33:42 +0200] "GET /ticket2/opencms/de/fi/venue/?venueid=1C245787-B670-B45B-9FDB-63071D66AAAA HTTP/1.1" 404 -
192.95.30.12 - - [29/Jun/2024:06:33:45 +0200] "GET /ticket2/opencms/dk/sv/buy/?page=1&edid=FF69DC98-99E2-FC49-3EB6-F7154192E9EB&sortorder=asc&column=section HTTP/1.1" 404 -
135.181.75.58 - - [29/Jun/2024:06:33:46 +0200] "GET /ticket2/opencms/de/nl/sport/voetbal-tickets/premier_league/west_ham_united/ HTTP/1.1" 404 -
47.128.99.126 - - [29/Jun/2024:06:33:47 +0200] "GET /ticket2/opencms/fi/venue/?venueid=00752A38-52C0-4B10-A6B8-353C80635A91 HTTP/1.1" 200 72897
47.128.99.126 - - [29/Jun/2024:06:33:47 +0200] "GET /ticket2/opencms/system/modules/com.gridnine.opencms.ticketbrokerage.site/resources/pics/logo-new.png HTTP/1.1" 200 13541
47.128.99.126 - - [29/Jun/2024:06:33:48 +0200] "GET /ticket2/opencms/system/modules/com.gridnine.opencms.ticketbrokerage.site/resources/pics/bank_1_nordea.png HTTP/1.1" 200 4807
47.128.99.126 - - [29/Jun/2024:06:33:48 +0200] "GET /ticket2/opencms/system/modules/com.gridnine.opencms.ticketbrokerage.site/resources/pics/bank_2_handelsbanken.png HTTP/1.1" 200 4509
47.128.99.126 - - [29/Jun/2024:06:33:49 +0200] "GET /ticket2/opencms/system/modules/com.gridnine.opencms.ticketbrokerage.site/resources/pics/bank_3_swedbank.png HTTP/1.1" 200 5740
47.128.99.126 - - [29/Jun/2024:06:33:49 +0200] "GET /ticket2/opencms/system/modules/com.gridnine.opencms.ticketbrokerage.site/resources/pics/bank_4_seb.png HTTP/1.1" 200 2487
47.128.99.126 - - [29/Jun/2024:06:33:49 +0200] "GET /ticket2/opencms/system/modules/com.gridnine.opencms.ticketbrokerage.site/resources/pics/bank_5_visa_mastercard.png HTTP/1.1" 200 8196
47.128.99.126 - - [29/Jun/2024:06:33:49 +0200] "GET /ticket2/opencms/system/modules/com.gridnine.opencms.ticketbrokerage.site/resources/pics/bank_6_american_express.png HTTP/1.1" 200 5570
192.95.30.12 - - [29/Jun/2024:06:33:49 +0200] "GET /ticket2/opencms/dk/sv/buy/?page=1&edid=FFB17C01-ED75-27AF-8C5A-B4FCC8F6A8DC&sortorder=desc&column=row HTTP/1.1" 404 -
192.95.30.12 - - [29/Jun/2024:06:33:52 +0200] "GET /ticket2/opencms/dk/sv/buy/?page=1&edid=FFB17C01-ED75-27AF-8C5A-B4FCC8F6A8DC&sortorder=desc&column=section HTTP/1.1" 404 -
192.95.30.12 - - [29/Jun/2024:06:33:56 +0200] "GET /ticket2/opencms/dk/sv/buy/?page=1&edid=FFD295A3-4EEF-0AC4-F4B4-46E2317B286E&sortorder=asc&column=price HTTP/1.1" 404 -
135.181.75.58 - - [29/Jun/2024:06:33:57 +0200] "GET /ticket2/opencms/de/nl/sport/voetbal-tickets/premier_league/wolverhampton/ HTTP/1.1" 404 -
65.108.227.178 - - [29/Jun/2024:06:33:57 +0200] "GET /ticket2/opencms/de/fi/venue/?venueid=1CD780E5-F5E0-3E6E-0FBD-DA930D5E7A83 HTTP/1.1" 404 -
192.95.30.12 - - [29/Jun/2024:06:33:59 +0200] "GET /ticket2/opencms/dk/sv/buy/?page=1&edid=FFD295A3-4EEF-0AC4-F4B4-46E2317B286E&sortorder=asc&column=row HTTP/1.1" 404 -
51.222.253.4 - - [29/Jun/2024:06:34:01 +0200] "GET /ticket2/opencms/no/buy?page=1&edid=CF871F32-58B9-936F-E54E-3AC3FCAE5989 HTTP/1.1" 200 88050
192.95.30.12 - - [29/Jun/2024:06:34:03 +0200] "GET /ticket2/opencms/dk/sv/buy/?page=1&edid=FFD295A3-4EEF-0AC4-F4B4-46E2317B286E&sortorder=asc&column=section HTTP/1.1" 404 -
135.181.75.58 - - [29/Jun/2024:06:34:04 +0200] "GET /ticket2/opencms/de/nl/sport/voetbal-tickets/serie_a/atalanta/ HTTP/1.1" 404 -
192.95.30.12 - - [29/Jun/2024:06:34:06 +0200] "GET /ticket2/opencms/dk/sv/buy/?page=10&eventid=56CBA715-B928-D58F-6A08-8D95645745F0&venueid=9EB8E447-E55D-1868-BABC-F174667BAE9B HTTP/1.1" 404 -
192.95.30.12 - - [29/Jun/2024:06:34:10 +0200] "GET /ticket2/opencms/dk/sv/buy/?page=10&eventid=79608D61-AAF5-D175-02C0-7A0FB72F565C&venueid=99EB5D09-9A33-95A7-F158-1EC6D2BA2BAD HTTP/1.1" 404 -
135.181.75.58 - - [29/Jun/2024:06:34:12 +0200] "GET /ticket2/opencms/de/nl/sport/voetbal-tickets/serie_a/bologna/ HTTP/1.1" 404 -
192.95.30.12 - - [29/Jun/2024:06:34:13 +0200] "GET /ticket2/opencms/dk/sv/buy/?page=10&eventid=9F2135C0-926A-6F2D-349D-384B068ADC1C&venueid=66E1E988-5937-F001-455A-788C6919D4BB HTTP/1.1" 404 -
65.108.227.178 - - [29/Jun/2024:06:34:14 +0200] "GET /ticket2/opencms/de/fi/venue/?venueid=1CE151F4-2354-6307-B652-D020F81C0057 HTTP/1.1" 404 -
192.95.30.12 - - [29/Jun/2024:06:34:17 +0200] "GET /ticket2/opencms/dk/sv/buy/?page=10&eventid=A2BBF8F5-73FD-205D-F6D5-00395D8DDE9D&venueid=9282FAF9-0FAD-0AB6-46BD-CC9295464122 HTTP/1.1" 404 -
192.95.30.12 - - [29/Jun/2024:06:34:20 +0200] "GET /ticket2/opencms/dk/sv/buy/?page=6&comcatid=0A6B8208-FDA4-E929-9D72-5312FD481B76&catid=53E7B32E-5CAA-6CE7-D6AA-FFC41D70EE01&eventid=0D1BB4CD-5C11-02A5-CB8D-385683194F54 HTTP/1.1" 404 -
135.181.75.58 - - [29/Jun/2024:06:34:21 +0200] "GET /ticket2/opencms/de/nl/sport/voetbal-tickets/serie_a/cagliari/ HTTP/1.1" 404 -
192.95.30.12 - - [29/Jun/2024:06:34:24 +0200] "GET /ticket2/opencms/dk/sv/buy/?page=6&comcatid=0A6B8208-FDA4-E929-9D72-5312FD481B76&catid=FCA7FF95-260A-464B-B6FF-A820FCE7DFEF&eventid=095B970F-9FE1-10ED-29CF-74BEDE30AE80 HTTP/1.1" 404 -
192.95.30.12 - - [29/Jun/2024:06:34:27 +0200] "GET /ticket2/opencms/dk/sv/buy/?page=6&comcatid=0A6B8208-FDA4-E929-9D72-5312FD481B76&catid=FCA7FF95-260A-464B-B6FF-A820FCE7DFEF&eventid=57718119-1456-9AB7-A595-41E759123741 HTTP/1.1" 404 -
65.108.227.178 - - [29/Jun/2024:06:34:28 +0200] "GET /ticket2/opencms/de/fi/venue/?venueid=1D0702B1-352E-5FBA-3475-D4A6D59D40D0 HTTP/1.1" 404 -
135.181.75.58 - - [29/Jun/2024:06:34:29 +0200] "GET /ticket2/opencms/de/nl/sport/voetbal-tickets/serie_a/empoli/ HTTP/1.1" 404 -
139.5.200.202 - - [29/Jun/2024:06:34:30 +0200] "GET /ticket2/opencms/login.php?s=Admin/login HTTP/1.1" 404 -
192.95.30.12 - - [29/Jun/2024:06:34:31 +0200] "GET /ticket2/opencms/dk/sv/buy/?page=6&comcatid=0A6B8208-FDA4-E929-9D72-5312FD481B76&catid=FCA7FF95-260A-464B-B6FF-A820FCE7DFEF&eventid=879ECD51-76DD-8328-8C53-6E806035076A HTTP/1.1" 404 -
192.95.30.12 - - [29/Jun/2024:06:34:34 +0200] "GET /ticket2/opencms/dk/sv/buy/?page=6&comcatid=0A6B8208-FDA4-E929-9D72-5312FD481B76&catid=FCA7FF95-260A-464B-B6FF-A820FCE7DFEF&eventid=C2F650AC-0BAB-897D-3DA1-EFE7C9A8A838 HTTP/1.1" 404 -
135.181.75.58 - - [29/Jun/2024:06:34:37 +0200] "GET /ticket2/opencms/de/nl/sport/voetbal-tickets/serie_a/fiorentina/ HTTP/1.1" 404 -
37.60.238.15 - - [29/Jun/2024:06:34:37 +0200] "GET /ticket2/opencms/de/nl/buy/?comcatid=A17713B6-D984-201A-4143-ED4DB5ED5C2E&catid=A3372871-3019-08B8-80CE-74B78F441ACA HTTP/1.1" 404 -
192.95.30.12 - - [29/Jun/2024:06:34:38 +0200] "GET /ticket2/opencms/dk/sv/buy/?page=6&comcatid=0A6B8208-FDA4-E929-9D72-5312FD481B76&catid=FCA7FF95-260A-464B-B6FF-A820FCE7DFEF&eventid=C37DAC0D-675F-28CF-E760-348DECB1E0D9 HTTP/1.1" 404 -
192.95.30.12 - - [29/Jun/2024:06:34:41 +0200] "GET /ticket2/opencms/dk/sv/buy/?page=6&comcatid=0A6B8208-FDA4-E929-9D72-5312FD481B76&catid=FCA7FF95-260A-464B-B6FF-A820FCE7DFEF&eventid=E313ACE7-E9A7-78CF-DEBE-E9944695B5C3 HTTP/1.1" 404 -
47.128.115.69 - - [29/Jun/2024:06:34:41 +0200] "GET /ticket2/opencms/fi/venue/?venueid=EABAA74B-30A0-FACD-EE61-DD58CC090427 HTTP/1.1" 200 72900
47.128.115.69 - - [29/Jun/2024:06:34:42 +0200] "GET /ticket2/opencms/system/modules/com.gridnine.opencms.ticketbrokerage.site/resources/pics/logo-new.png HTTP/1.1" 200 13541
65.108.227.178 - - [29/Jun/2024:06:34:42 +0200] "GET /ticket2/opencms/de/fi/venue/?venueid=1D111B68-FF2E-F846-9D39-C347310597D3 HTTP/1.1" 404 -
47.128.115.69 - - [29/Jun/2024:06:34:42 +0200] "GET /ticket2/opencms/system/modules/com.gridnine.opencms.ticketbrokerage.site/resources/pics/bank_4_seb.png HTTP/1.1" 200 2487
47.128.115.69 - - [29/Jun/2024:06:34:43 +0200] "GET /ticket2/opencms/system/modules/com.gridnine.opencms.ticketbrokerage.site/resources/pics/bank_2_handelsbanken.png HTTP/1.1" 200 4509
47.128.115.69 - - [29/Jun/2024:06:34:43 +0200] "GET /ticket2/opencms/system/modules/com.gridnine.opencms.ticketbrokerage.site/resources/pics/bank_1_nordea.png HTTP/1.1" 200 4807
47.128.115.69 - - [29/Jun/2024:06:34:43 +0200] "GET /ticket2/opencms/system/modules/com.gridnine.opencms.ticketbrokerage.site/resources/pics/bank_5_visa_mastercard.png HTTP/1.1" 200 8196
47.128.115.69 - - [29/Jun/2024:06:34:43 +0200] "GET /ticket2/opencms/system/modules/com.gridnine.opencms.ticketbrokerage.site/resources/pics/bank_3_swedbank.png HTTP/1.1" 200 5740
47.128.115.69 - - [29/Jun/2024:06:34:43 +0200] "GET /ticket2/opencms/system/modules/com.gridnine.opencms.ticketbrokerage.site/resources/pics/bank_6_american_express.png HTTP/1.1" 200 5570
192.95.30.12 - - [29/Jun/2024:06:34:45 +0200] "GET /ticket2/opencms/dk/sv/buy/?page=6&comcatid=66708183-7480-3365-06BF-DBF60280AB45&catid=05A94519-01D1-C86F-9031-84936B0B9DAE HTTP/1.1" 404 -
135.181.75.58 - - [29/Jun/2024:06:34:46 +0200] "GET /ticket2/opencms/de/nl/sport/voetbal-tickets/serie_a/frosinone/ HTTP/1.1" 404 -
192.95.30.12 - - [29/Jun/2024:06:34:48 +0200] "GET /ticket2/opencms/dk/sv/buy/?page=6&comcatid=66708183-7480-3365-06BF-DBF60280AB45&catid=30D5812D-0858-4843-8F45-C38AE504153C HTTP/1.1" 404 -
192.95.30.12 - - [29/Jun/2024:06:34:52 +0200] "GET /ticket2/opencms/dk/sv/buy/?page=6&comcatid=66708183-7480-3365-06BF-DBF60280AB45&catid=8C381435-A1E8-94AF-2C58-D133FCA44A31 HTTP/1.1" 404 -
51.222.253.12 - - [29/Jun/2024:06:34:52 +0200] "GET /ticket2/opencms/fi/buy/?page=10&eventid=265F6746-CFC4-3148-B232-5753484890DA&venueid=78D0C4A5-99DA-B045-D1D7-45F70CE9F600 HTTP/1.1" 200 74403
158.220.119.91 - - [29/Jun/2024:06:34:55 +0200] "GET /ticket2/opencms/sv/login/?edid=D1EB4FF7-B528-2218-5F12-384C17BD723E HTTP/1.1" 200 74250
192.95.30.12 - - [29/Jun/2024:06:34:55 +0200] "GET /ticket2/opencms/dk/sv/buy/?page=6&comcatid=97ECA65A-72DA-F9AF-9DBB-245D3CFED1BE&catid=9457695E-36ED-A63E-7A88-32963954E2C7&eventid=7FE4BFF1-A487-4966-4C32-B89BB36F86ED HTTP/1.1" 404 -
135.181.75.58 - - [29/Jun/2024:06:34:56 +0200] "GET /ticket2/opencms/de/nl/sport/voetbal-tickets/serie_a/genoa/ HTTP/1.1" 404 -
192.95.30.12 - - [29/Jun/2024:06:34:59 +0200] "GET /ticket2/opencms/dk/sv/buy/?page=6&comcatid=97ECA65A-72DA-F9AF-9DBB-245D3CFED1BE&catid=E3105E1E-3982-291E-5523-1C1DF161E9B7&eventid=6CE976A6-C041-3D5C-6428-EBDF44629C04 HTTP/1.1" 404 -
192.95.30.12 - - [29/Jun/2024:06:35:02 +0200] "GET /ticket2/opencms/dk/sv/buy/?page=6&comcatid=97ECA65A-72DA-F9AF-9DBB-245D3CFED1BE&catid=E3105E1E-3982-291E-5523-1C1DF161E9B7&eventid=94765144-E16E-B54F-17F4-7A9627BE2E56 HTTP/1.1" 404 -
135.181.75.58 - - [29/Jun/2024:06:35:04 +0200] "GET /ticket2/opencms/de/nl/sport/voetbal-tickets/serie_a/hellas_verona/ HTTP/1.1" 404 -
192.95.30.12 - - [29/Jun/2024:06:35:06 +0200] "GET /ticket2/opencms/dk/sv/buy/?page=6&comcatid=97ECA65A-72DA-F9AF-9DBB-245D3CFED1BE&catid=F4D223A4-C027-46DC-3DE5-726A23E30A62&eventid=F584E898-D3C1-17BD-2ABC-841095795955 HTTP/1.1" 404 -
65.108.227.178 - - [29/Jun/2024:06:35:07 +0200] "GET /ticket2/opencms/de/fi/venue/?venueid=1D8D6A4F-9ED4-4698-838F-ADCA81DD135B HTTP/1.1" 404 -
192.95.30.12 - - [29/Jun/2024:06:35:09 +0200] "GET /ticket2/opencms/dk/sv/buy/?page=6&comcatid=97ECA65A-72DA-F9AF-9DBB-245D3CFED1BE&catid=F4D223A4-C027-46DC-3DE5-726A23E30A62&eventid=F9CF76E9-D162-4CF5-0C38-2B9316E92277 HTTP/1.1" 404 -
66.249.75.107 - - [29/Jun/2024:06:35:11 +0200] "GET /ticket2/opencms/en/venue/?venueid=51FC812B-C1B1-D7F6-AA86-5EF0B49A7C89 HTTP/1.1" 200 71368
192.95.30.12 - - [29/Jun/2024:06:35:12 +0200] "GET /ticket2/opencms/dk/sv/buy/?page=6&comcatid=97ECA65A-72DA-F9AF-9DBB-245D3CFED1BE&catid=F7F89B9B-6697-7881-54AE-4C39276BF1B8&eventid=BF230089-9FE6-110F-400A-417FC4872376 HTTP/1.1" 404 -
216.244.66.196 - - [29/Jun/2024:06:35:14 +0200] "GET /ticket2/opencms/robots.txt HTTP/1.1" 200 773
135.181.75.58 - - [29/Jun/2024:06:35:15 +0200] "GET /ticket2/opencms/de/nl/sport/voetbal-tickets/serie_a/inter/ HTTP/1.1" 404 -
192.95.30.12 - - [29/Jun/2024:06:35:16 +0200] "GET /ticket2/opencms/dk/sv/buy/?page=6&comcatid=A17713B6-D984-201A-4143-ED4DB5ED5C2E&catid=061607E6-22B7-6FFA-03FD-A4B8B13A943F&eventid=78DF38F0-8865-B955-DD23-5590E4FEF29C HTTP/1.1" 404 -
37.60.238.15 - - [29/Jun/2024:06:35:18 +0200] "GET /ticket2/opencms/de/nl/buy/?comcatid=A17713B6-D984-201A-4143-ED4DB5ED5C2E&catid=A4D9EA9A-192D-0274-BF26-9C98D8B902AB HTTP/1.1" 404 -
192.95.30.12 - - [29/Jun/2024:06:35:19 +0200] "GET /ticket2/opencms/dk/sv/buy/?page=6&comcatid=A17713B6-D984-201A-4143-ED4DB5ED5C2E&catid=061607E6-22B7-6FFA-03FD-A4B8B13A943F&eventid=B2CBADC0-7376-1469-83B0-8FC7D035A53C HTTP/1.1" 404 -
192.95.30.12 - - [29/Jun/2024:06:35:23 +0200] "GET /ticket2/opencms/dk/sv/buy/?page=6&comcatid=A17713B6-D984-201A-4143-ED4DB5ED5C2E&catid=0A6C99D2-F5BD-7A18-9A5F-5668827042E0&eventid=75909D3F-BBEC-FB0E-A0DA-1EE8E3634351 HTTP/1.1" 404 -
192.95.30.12 - - [29/Jun/2024:06:35:26 +0200] "GET /ticket2/opencms/dk/sv/buy/?page=6&comcatid=A17713B6-D984-201A-4143-ED4DB5ED5C2E&catid=0A6C99D2-F5BD-7A18-9A5F-5668827042E0&eventid=8C46E04D-D2E4-528C-55C8-60E38B0AA3ED HTTP/1.1" 404 -
84.208.178.38 - - [29/Jun/2024:06:35:27 +0200] "GET /ticket2/opencms/no/ HTTP/1.1" 200 92442
84.208.178.38 - - [29/Jun/2024:06:35:27 +0200] "GET /ticket2/opencms/system/modules/com.gridnine.opencms.ticketbrokerage.site/resources/css/ticketbrokerage.css HTTP/1.1" 200 39339
84.208.178.38 - - [29/Jun/2024:06:35:27 +0200] "GET /ticket2/opencms/system/modules/com.gridnine.opencms.ticketbrokerage.site/resources/css/calendar.css HTTP/1.1" 200 6871
84.208.178.38 - - [29/Jun/2024:06:35:27 +0200] "GET /ticket2/opencms/system/modules/com.gridnine.opencms.ticketbrokerage.site/resources/css/jquery-ui.css HTTP/1.1" 200 33221
84.208.178.38 - - [29/Jun/2024:06:35:27 +0200] "GET /ticket2/opencms/system/modules/com.gridnine.opencms.ticketbrokerage.site/resources/css/standard.css HTTP/1.1" 200 71935
84.208.178.38 - - [29/Jun/2024:06:35:27 +0200] "GET /ticket2/opencms/system/modules/com.gridnine.opencms.ticketbrokerage.site/resources/css/jquery.fancybox.css HTTP/1.1" 200 4939
84.208.178.38 - - [29/Jun/2024:06:35:27 +0200] "GET /ticket2/opencms/system/modules/com.gridnine.opencms.ticketbrokerage.site/resources/js/jquery/jquery.js HTTP/1.1" 200 93868
84.208.178.38 - - [29/Jun/2024:06:35:27 +0200] "GET /ticket2/opencms/system/modules/com.gridnine.opencms.ticketbrokerage.site/resources/js/functions.js HTTP/1.1" 200 1583
84.208.178.38 - - [29/Jun/2024:06:35:27 +0200] "GET /ticket2/opencms/system/modules/com.gridnine.opencms.ticketbrokerage.site/resources/js/calendar.js HTTP/1.1" 200 49229
84.208.178.38 - - [29/Jun/2024:06:35:27 +0200] "GET /ticket2/opencms/system/modules/com.gridnine.opencms.ticketbrokerage.site/resources/js/jquery/jquery-ui.js HTTP/1.1" 200 228088
84.208.178.38 - - [29/Jun/2024:06:35:27 +0200] "GET /ticket2/opencms/system/modules/com.gridnine.opencms.ticketbrokerage.site/resources/js/calendar-en.js HTTP/1.1" 200 3338
84.208.178.38 - - [29/Jun/2024:06:35:27 +0200] "GET /ticket2/opencms/system/modules/com.gridnine.opencms.ticketbrokerage.site/resources/js/calendar-setup.js HTTP/1.1" 200 4923
84.208.178.38 - - [29/Jun/2024:06:35:27 +0200] "GET /ticket2/opencms/system/modules/com.gridnine.opencms.ticketbrokerage.site/resources/js/jquery.fancybox.pack.js HTTP/1.1" 200 23187
84.208.178.38 - - [29/Jun/2024:06:35:27 +0200] "GET /ticket2/opencms/system/modules/com.gridnine.opencms.ticketbrokerage.site/resources/js/stickyfill.min.js HTTP/1.1" 200 5672
135.181.75.58 - - [29/Jun/2024:06:35:27 +0200] "GET /ticket2/opencms/de/nl/sport/voetbal-tickets/serie_a/juventus/ HTTP/1.1" 404 -
84.208.178.38 - - [29/Jun/2024:06:35:27 +0200] "GET /ticket2/opencms/img/icons/no.png HTTP/1.1" 200 1958
84.208.178.38 - - [29/Jun/2024:06:35:27 +0200] "GET /ticket2/opencms/img/icons/se.png HTTP/1.1" 200 1258
84.208.178.38 - - [29/Jun/2024:06:35:27 +0200] "GET /ticket2/opencms/system/modules/com.gridnine.opencms.ticketbrokerage.site/resources/js/jquery.placeholder.min.js HTTP/1.1" 200 1737
84.208.178.38 - - [29/Jun/2024:06:35:27 +0200] "GET /ticket2/opencms/system/modules/com.gridnine.opencms.ticketbrokerage.site/resources/js/common-ajax.js HTTP/1.1" 200 20175
84.208.178.38 - - [29/Jun/2024:06:35:27 +0200] "GET /ticket2/opencms/system/modules/com.gridnine.opencms.ticketbrokerage.site/resources/js/standard.js HTTP/1.1" 200 3978
84.208.178.38 - - [29/Jun/2024:06:35:27 +0200] "GET /ticket2/opencms/system/modules/com.gridnine.opencms.ticketbrokerage.site/resources/pics/logo-new.png HTTP/1.1" 200 13541
84.208.178.38 - - [29/Jun/2024:06:35:27 +0200] "GET /ticket2/opencms/img/insta.png HTTP/1.1" 200 3967
84.208.178.38 - - [29/Jun/2024:06:35:27 +0200] "GET /ticket2/opencms/system/modules/com.gridnine.opencms.ticketbrokerage.site/resources/pics/bank_1_nordea.png HTTP/1.1" 200 4807
84.208.178.38 - - [29/Jun/2024:06:35:27 +0200] "GET /ticket2/opencms/img/check.png HTTP/1.1" 200 548
84.208.178.38 - - [29/Jun/2024:06:35:27 +0200] "GET /ticket2/opencms/img/fb.png HTTP/1.1" 200 1269
84.208.178.38 - - [29/Jun/2024:06:35:27 +0200] "GET /ticket2/opencms/system/modules/com.gridnine.opencms.ticketbrokerage.site/resources/pics/bank_3_swedbank.png HTTP/1.1" 200 5740
84.208.178.38 - - [29/Jun/2024:06:35:27 +0200] "GET /ticket2/opencms/system/modules/com.gridnine.opencms.ticketbrokerage.site/resources/pics/bank_2_handelsbanken.png HTTP/1.1" 200 4509
84.208.178.38 - - [29/Jun/2024:06:35:27 +0200] "GET /ticket2/opencms/system/modules/com.gridnine.opencms.ticketbrokerage.site/resources/pics/bank_4_seb.png HTTP/1.1" 200 2487
84.208.178.38 - - [29/Jun/2024:06:35:27 +0200] "GET /ticket2/opencms/img/banner-ll.jpeg HTTP/1.1" 200 41825
84.208.178.38 - - [29/Jun/2024:06:35:27 +0200] "GET /ticket2/opencms/img/banner-pl.jpeg HTTP/1.1" 200 41818
84.208.178.38 - - [29/Jun/2024:06:35:27 +0200] "GET /ticket2/opencms/system/modules/com.gridnine.opencms.ticketbrokerage.site/resources/pics/bank_5_visa_mastercard.png HTTP/1.1" 200 8196
84.208.178.38 - - [29/Jun/2024:06:35:27 +0200] "GET /ticket2/opencms/system/modules/com.gridnine.opencms.ticketbrokerage.site/resources/pics/bank_6_american_express.png HTTP/1.1" 200 5570
84.208.178.38 - - [29/Jun/2024:06:35:27 +0200] "GET /ticket2/opencms/img/mail.png HTTP/1.1" 200 403
84.208.178.38 - - [29/Jun/2024:06:35:27 +0200] "GET /ticket2/opencms/img/chat.png HTTP/1.1" 200 416
84.208.178.38 - - [29/Jun/2024:06:35:27 +0200] "GET /ticket2/opencms/img/arrow.png HTTP/1.1" 200 753
84.208.178.38 - - [29/Jun/2024:06:35:27 +0200] "GET /ticket2/opencms/img/banner-sa.jpeg HTTP/1.1" 200 41270
84.208.178.38 - - [29/Jun/2024:06:35:27 +0200] "GET /ticket2/opencms/img/icons/dk.png HTTP/1.1" 200 1706
84.208.178.38 - - [29/Jun/2024:06:35:27 +0200] "GET /ticket2/opencms/img/icons/fr.png HTTP/1.1" 200 1764
84.208.178.38 - - [29/Jun/2024:06:35:27 +0200] "GET /ticket2/opencms/img/icons/nl.png HTTP/1.1" 200 1255
84.208.178.38 - - [29/Jun/2024:06:35:27 +0200] "GET /ticket2/opencms/img/icons/fi.png HTTP/1.1" 200 1785
84.208.178.38 - - [29/Jun/2024:06:35:27 +0200] "GET /ticket2/opencms/img/icons/globe-white.png HTTP/1.1" 200 947
84.208.178.38 - - [29/Jun/2024:06:35:27 +0200] "GET /ticket2/opencms/img/icons/de.png HTTP/1.1" 200 1124
84.208.178.38 - - [29/Jun/2024:06:35:27 +0200] "GET /ticket2/opencms/img/icons/es.png HTTP/1.1" 200 1005
84.208.178.38 - - [29/Jun/2024:06:35:27 +0200] "GET /ticket2/opencms/img/icons/it.png HTTP/1.1" 200 2040
84.208.178.38 - - [29/Jun/2024:06:35:27 +0200] "GET /ticket2/opencms/img/icons/en.png HTTP/1.1" 200 2415
84.208.178.38 - - [29/Jun/2024:06:35:28 +0200] "GET /ticket2/opencms/favicon.ico HTTP/1.1" 200 1406
84.208.178.38 - - [29/Jun/2024:06:35:29 +0200] "GET /ticket2/opencms/system/modules/com.gridnine.opencms.ticketbrokerage.site/resources/css/images/ui-bg_flat_75_ffffff_40x100.png HTTP/1.1" 404 -
192.95.30.12 - - [29/Jun/2024:06:35:30 +0200] "GET /ticket2/opencms/dk/sv/buy/?page=6&comcatid=A17713B6-D984-201A-4143-ED4DB5ED5C2E&catid=0A6C99D2-F5BD-7A18-9A5F-5668827042E0&eventid=986B34CC-4C2E-FC20-9D57-8B3D634750A8 HTTP/1.1" 404 -
65.108.227.178 - - [29/Jun/2024:06:35:30 +0200] "GET /ticket2/opencms/de/fi/venue/?venueid=1DF2853B-5766-9FAA-D7E4-AF2520BE73B0 HTTP/1.1" 404 -
192.95.30.12 - - [29/Jun/2024:06:35:33 +0200] "GET /ticket2/opencms/dk/sv/buy/?page=6&comcatid=A17713B6-D984-201A-4143-ED4DB5ED5C2E&catid=0A6C99D2-F5BD-7A18-9A5F-5668827042E0&eventid=9DA806B5-AE6F-E9AB-EB84-310D57096066 HTTP/1.1" 404 -
66.249.76.170 - - [29/Jun/2024:06:35:34 +0200] "GET /ticket2/opencms/sv/buy?page=1&edid=969E5AB7-D3B8-6C58-9920-98035C387D72 HTTP/1.1" 200 88108
192.95.30.12 - - [29/Jun/2024:06:35:37 +0200] "GET /ticket2/opencms/dk/sv/buy/?page=6&comcatid=A17713B6-D984-201A-4143-ED4DB5ED5C2E&catid=0A6C99D2-F5BD-7A18-9A5F-5668827042E0&eventid=AAAF9CBD-E20B-F830-6785-DFB285994112 HTTP/1.1" 404 -
135.181.75.58 - - [29/Jun/2024:06:35:38 +0200] "GET /ticket2/opencms/de/nl/sport/voetbal-tickets/serie_a/udinese/ HTTP/1.1" 404 -
47.128.20.176 - - [29/Jun/2024:06:35:38 +0200] "GET /ticket2/opencms/fi/venue/?venueid=A47741F4-A804-4C3E-9C11-32CCAFD2A999 HTTP/1.1" 200 72875
47.128.20.176 - - [29/Jun/2024:06:35:39 +0200] "GET /ticket2/opencms/system/modules/com.gridnine.opencms.ticketbrokerage.site/resources/pics/logo-new.png HTTP/1.1" 200 13541
47.128.20.176 - - [29/Jun/2024:06:35:39 +0200] "GET /ticket2/opencms/system/modules/com.gridnine.opencms.ticketbrokerage.site/resources/pics/bank_2_handelsbanken.png HTTP/1.1" 200 4509
47.128.20.176 - - [29/Jun/2024:06:35:39 +0200] "GET /ticket2/opencms/system/modules/com.gridnine.opencms.ticketbrokerage.site/resources/pics/bank_6_american_express.png HTTP/1.1" 200 5570
47.128.20.176 - - [29/Jun/2024:06:35:39 +0200] "GET /ticket2/opencms/system/modules/com.gridnine.opencms.ticketbrokerage.site/resources/pics/bank_5_visa_mastercard.png HTTP/1.1" 200 8196
47.128.20.176 - - [29/Jun/2024:06:35:40 +0200] "GET /ticket2/opencms/system/modules/com.gridnine.opencms.ticketbrokerage.site/resources/pics/bank_1_nordea.png HTTP/1.1" 200 4807
47.128.20.176 - - [29/Jun/2024:06:35:40 +0200] "GET /ticket2/opencms/system/modules/com.gridnine.opencms.ticketbrokerage.site/resources/pics/bank_3_swedbank.png HTTP/1.1" 200 5740
47.128.20.176 - - [29/Jun/2024:06:35:40 +0200] "GET /ticket2/opencms/system/modules/com.gridnine.opencms.ticketbrokerage.site/resources/pics/bank_4_seb.png HTTP/1.1" 200 2487
192.95.30.12 - - [29/Jun/2024:06:35:40 +0200] "GET /ticket2/opencms/dk/sv/buy/?page=6&comcatid=A17713B6-D984-201A-4143-ED4DB5ED5C2E&catid=0A9E385E-33D9-328E-DC79-CA2C7009C829&eventid=F2EBEE74-F753-D44A-FB65-0A2D3E3F4D37 HTTP/1.1" 404 -
51.222.253.5 - - [29/Jun/2024:06:35:42 +0200] "GET /ticket2/opencms/no/buy/?comcatid=97ECA65A-72DA-F9AF-9DBB-245D3CFED1BE&catid=43171577-14C8-6B19-25D9-DF372BFFCBFA HTTP/1.1" 200 78023
192.95.30.12 - - [29/Jun/2024:06:35:44 +0200] "GET /ticket2/opencms/dk/sv/buy/?page=6&comcatid=A17713B6-D984-201A-4143-ED4DB5ED5C2E&catid=21C3854B-901E-11F9-7B7D-6838CC6AFAA4&eventid=4BFE0049-E26D-F28C-59BF-33D4A5B123CD HTTP/1.1" 404 -
65.108.227.178 - - [29/Jun/2024:06:35:46 +0200] "GET /ticket2/opencms/de/fi/venue/?venueid=1DFE1CE1-FCC2-1D42-6070-375EAE5E1EC2 HTTP/1.1" 404 -
192.95.30.12 - - [29/Jun/2024:06:35:47 +0200] "GET /ticket2/opencms/dk/sv/buy/?page=6&comcatid=A17713B6-D984-201A-4143-ED4DB5ED5C2E&catid=21C3854B-901E-11F9-7B7D-6838CC6AFAA4&eventid=E8E26B91-D0BC-55EB-474F-FD4427E30C76 HTTP/1.1" 404 -
135.181.75.58 - - [29/Jun/2024:06:35:48 +0200] "GET /ticket2/opencms/de/no/buy/?comcatid=0A6B8208-FDA4-E929-9D72-5312FD481B76 HTTP/1.1" 404 -
192.95.30.12 - - [29/Jun/2024:06:35:51 +0200] "GET /ticket2/opencms/dk/sv/buy/?page=6&comcatid=A17713B6-D984-201A-4143-ED4DB5ED5C2E&catid=36394212-F82E-F845-399B-42BED55969CC&eventid=1C0FC89D-D539-28E4-3F58-11BCE29E4CA8 HTTP/1.1" 404 -
37.60.238.15 - - [29/Jun/2024:06:35:52 +0200] "GET /ticket2/opencms/de/nl/buy/?comcatid=A17713B6-D984-201A-4143-ED4DB5ED5C2E&catid=A7674DEA-B39E-502C-2F76-760AE08947E9 HTTP/1.1" 404 -
192.95.30.12 - - [29/Jun/2024:06:35:54 +0200] "GET /ticket2/opencms/dk/sv/buy/?page=6&comcatid=A17713B6-D984-201A-4143-ED4DB5ED5C2E&catid=36394212-F82E-F845-399B-42BED55969CC&eventid=1DE12B0C-480D-36C2-470E-09E495E7559A HTTP/1.1" 404 -
216.245.221.83 - - [29/Jun/2024:06:35:55 +0200] "HEAD /ticket2/opencms/ HTTP/1.1" 302 -
192.95.30.12 - - [29/Jun/2024:06:35:58 +0200] "GET /ticket2/opencms/dk/sv/buy/?page=6&comcatid=A17713B6-D984-201A-4143-ED4DB5ED5C2E&catid=36394212-F82E-F845-399B-42BED55969CC&eventid=20A69C7E-0BA1-61BE-E553-982148B48A51 HTTP/1.1" 404 -
216.245.221.83 - - [29/Jun/2024:06:35:58 +0200] "HEAD /ticket2/opencms/en/ HTTP/1.1" 200 -
135.181.75.58 - - [29/Jun/2024:06:35:58 +0200] "GET /ticket2/opencms/de/no/buy/?comcatid=0A6B8208-FDA4-E929-9D72-5312FD481B76&catid=1DB7F66B-473B-B427-F752-358FEEFE8EC0 HTTP/1.1" 404 -
192.95.30.12 - - [29/Jun/2024:06:36:01 +0200] "GET /ticket2/opencms/dk/sv/buy/?page=6&comcatid=A17713B6-D984-201A-4143-ED4DB5ED5C2E&catid=4B941E1B-E4E2-C53E-C693-9FA91BBA9AD5&eventid=9464EBD2-6392-C534-AC79-AC37A4AB6BC5 HTTP/1.1" 404 -
192.95.30.12 - - [29/Jun/2024:06:36:05 +0200] "GET /ticket2/opencms/dk/sv/buy/?page=6&comcatid=A17713B6-D984-201A-4143-ED4DB5ED5C2E&catid=6BD6E0B0-84AF-3A0D-3851-C1357CE9B771&eventid=F012B2D3-DCCC-44BD-8EBD-D7140285B7F8 HTTP/1.1" 404 -
65.108.227.178 - - [29/Jun/2024:06:36:06 +0200] "GET /ticket2/opencms/de/fi/venue/?venueid=1E1536E8-AE90-57CE-2DC3-A96AB80E9F2E HTTP/1.1" 404 -
192.95.30.12 - - [29/Jun/2024:06:36:08 +0200] "GET /ticket2/opencms/dk/sv/buy/?page=6&comcatid=A17713B6-D984-201A-4143-ED4DB5ED5C2E&catid=7CF2D645-F785-0CBB-1B7C-C4711617EAAD&eventid=98A172BE-77C2-F598-BEB3-A4F201F7A4A6 HTTP/1.1" 404 -
135.181.75.58 - - [29/Jun/2024:06:36:10 +0200] "GET /ticket2/opencms/de/no/buy/?comcatid=0A6B8208-FDA4-E929-9D72-5312FD481B76&catid=26594C33-56CE-F529-FAF3-61AB33F74A3B HTTP/1.1" 404 -
192.95.30.12 - - [29/Jun/2024:06:36:12 +0200] "GET /ticket2/opencms/dk/sv/buy/?page=6&comcatid=A17713B6-D984-201A-4143-ED4DB5ED5C2E&catid=7EF04817-972D-18B1-F941-DE800D088075&eventid=0273BB03-23F4-FF1F-8ED5-09150C503D8D HTTP/1.1" 404 -
185.169.252.159 - - [29/Jun/2024:06:36:15 +0200] "GET /ticket2/opencms/sv/login/?edid=97EFCA4B-1A89-461E-E754-546D561A9730 HTTP/1.1" 200 74250
192.95.30.12 - - [29/Jun/2024:06:36:15 +0200] "GET /ticket2/opencms/dk/sv/buy/?page=6&comcatid=A17713B6-D984-201A-4143-ED4DB5ED5C2E&catid=7EF04817-972D-18B1-F941-DE800D088075&eventid=60DD1888-A212-4A9C-E256-57FE4F2AC5DC HTTP/1.1" 404 -
135.181.75.58 - - [29/Jun/2024:06:36:16 +0200] "GET /ticket2/opencms/de/no/buy/?comcatid=0A6B8208-FDA4-E929-9D72-5312FD481B76&catid=3A56B1C2-6FFB-C8D1-B229-B3914D5FF8DF HTTP/1.1" 404 -
192.95.30.12 - - [29/Jun/2024:06:36:19 +0200] "GET /ticket2/opencms/dk/sv/buy/?page=6&comcatid=A17713B6-D984-201A-4143-ED4DB5ED5C2E&catid=7EF04817-972D-18B1-F941-DE800D088075&eventid=6E65C3C1-CC84-364A-88B0-949189AC9973 HTTP/1.1" 404 -
192.95.30.12 - - [29/Jun/2024:06:36:22 +0200] "GET /ticket2/opencms/dk/sv/buy/?page=6&comcatid=A17713B6-D984-201A-4143-ED4DB5ED5C2E&catid=88C381AD-5D76-A34D-AC15-A7129F8EF5BE&eventid=EE97075D-4741-29BC-A223-21F33338BCCB HTTP/1.1" 404 -
65.108.227.178 - - [29/Jun/2024:06:36:23 +0200] "GET /ticket2/opencms/de/fi/venue/?venueid=1E6F661B-8D12-844B-5F2D-01422A9038BD HTTP/1.1" 404 -
135.181.75.58 - - [29/Jun/2024:06:36:25 +0200] "GET /ticket2/opencms/de/no/buy/?comcatid=0A6B8208-FDA4-E929-9D72-5312FD481B76&catid=412DBCF4-025D-8ABC-7A40-D7C760E055FF HTTP/1.1" 404 -
192.95.30.12 - - [29/Jun/2024:06:36:26 +0200] "GET /ticket2/opencms/dk/sv/buy/?page=6&comcatid=A17713B6-D984-201A-4143-ED4DB5ED5C2E&catid=A3372871-3019-08B8-80CE-74B78F441ACA&eventid=DFDFE3CE-4FC8-F7B9-D656-A64359A3D356 HTTP/1.1" 404 -
124.243.133.64 - - [29/Jun/2024:06:36:26 +0200] "GET /ticket2/opencms/en/buy?edid=F9E0F31E-9C70-12ED-A009-FACDE1C2082E&page=1 HTTP/1.1" 200 87797
192.95.30.12 - - [29/Jun/2024:06:36:29 +0200] "GET /ticket2/opencms/dk/sv/buy/?page=6&comcatid=A17713B6-D984-201A-4143-ED4DB5ED5C2E&catid=D8B345C9-F7A5-E620-4B43-C34EB0D6885B&eventid=A5EFB4D1-0D4A-6233-581F-53A6B8881498 HTTP/1.1" 404 -
135.181.75.58 - - [29/Jun/2024:06:36:32 +0200] "GET /ticket2/opencms/de/no/buy/?comcatid=0A6B8208-FDA4-E929-9D72-5312FD481B76&catid=465306FD-802C-5175-10FF-40E426DD2769 HTTP/1.1" 404 -
192.95.30.12 - - [29/Jun/2024:06:36:32 +0200] "GET /ticket2/opencms/dk/sv/buy/?page=6&comcatid=A17713B6-D984-201A-4143-ED4DB5ED5C2E&catid=D8B345C9-F7A5-E620-4B43-C34EB0D6885B&eventid=C483161C-4419-F1CF-1E30-2319B48E0485 HTTP/1.1" 404 -
47.128.99.103 - - [29/Jun/2024:06:36:33 +0200] "GET /ticket2/opencms/fi/venue/?venueid=BA726E61-6088-DAC3-1BB7-35F85C751C16 HTTP/1.1" 200 72932
47.128.99.103 - - [29/Jun/2024:06:36:34 +0200] "GET /ticket2/opencms/system/modules/com.gridnine.opencms.ticketbrokerage.site/resources/pics/logo-new.png HTTP/1.1" 200 13541
47.128.99.103 - - [29/Jun/2024:06:36:34 +0200] "GET /ticket2/opencms/system/modules/com.gridnine.opencms.ticketbrokerage.site/resources/pics/bank_3_swedbank.png HTTP/1.1" 200 5740
47.128.99.103 - - [29/Jun/2024:06:36:35 +0200] "GET /ticket2/opencms/system/modules/com.gridnine.opencms.ticketbrokerage.site/resources/pics/bank_4_seb.png HTTP/1.1" 200 2487
47.128.99.103 - - [29/Jun/2024:06:36:35 +0200] "GET /ticket2/opencms/system/modules/com.gridnine.opencms.ticketbrokerage.site/resources/pics/bank_5_visa_mastercard.png HTTP/1.1" 200 8196
47.128.99.103 - - [29/Jun/2024:06:36:35 +0200] "GET /ticket2/opencms/system/modules/com.gridnine.opencms.ticketbrokerage.site/resources/pics/bank_2_handelsbanken.png HTTP/1.1" 200 4509
47.128.99.103 - - [29/Jun/2024:06:36:35 +0200] "GET /ticket2/opencms/system/modules/com.gridnine.opencms.ticketbrokerage.site/resources/pics/bank_1_nordea.png HTTP/1.1" 200 4807
47.128.99.103 - - [29/Jun/2024:06:36:35 +0200] "GET /ticket2/opencms/system/modules/com.gridnine.opencms.ticketbrokerage.site/resources/pics/bank_6_american_express.png HTTP/1.1" 200 5570
51.222.253.15 - - [29/Jun/2024:06:36:36 +0200] "GET /ticket2/opencms/en/buy?page=1&edid=A32C2CDE-A2F2-054C-C7FE-30BF45814EDA HTTP/1.1" 200 88285
192.95.30.12 - - [29/Jun/2024:06:36:36 +0200] "GET /ticket2/opencms/dk/sv/buy/?page=6&comcatid=A17713B6-D984-201A-4143-ED4DB5ED5C2E&catid=F03B8ADD-988E-AE6A-8DBA-AF502C691C60&eventid=3F6C318B-74A1-4601-148E-23C8B5D210F2 HTTP/1.1" 404 -
37.60.238.15 - - [29/Jun/2024:06:36:38 +0200] "GET /ticket2/opencms/de/nl/buy/?comcatid=A17713B6-D984-201A-4143-ED4DB5ED5C2E&catid=AE3FE643-AE41-BAA6-237D-5206D1B044A1 HTTP/1.1" 404 -
65.108.227.178 - - [29/Jun/2024:06:36:38 +0200] "GET /ticket2/opencms/de/fi/venue/?venueid=1E9F83B8-7F13-1E19-E5D4-CCC92DD5AE64 HTTP/1.1" 404 -
185.191.171.3 - - [29/Jun/2024:06:36:39 +0200] "GET /ticket2/opencms/robots.txt HTTP/1.1" 200 773
85.208.96.205 - - [29/Jun/2024:06:36:40 +0200] "GET /ticket2/opencms/sv/search.html?searchQuery=group%2Ba&submit HTTP/1.1" 200 92146
135.181.75.58 - - [29/Jun/2024:06:36:41 +0200] "GET /ticket2/opencms/de/no/buy/?page=6&comcatid=B41CCF2B-5558-7AEE-3602-09BBDE417D65&catid=BF886BAE-FC84-8CB3-A193-6DFA251F7985 HTTP/1.1" 404 -
95.193.107.80 - - [29/Jun/2024:06:36:41 +0200] "GET /ticket2/opencms/sv/buy/ HTTP/1.1" 200 72402
95.193.107.80 - - [29/Jun/2024:06:36:41 +0200] "GET /ticket2/opencms/system/modules/com.gridnine.opencms.ticketbrokerage.site/resources/css/ticketbrokerage.css HTTP/1.1" 200 39339
95.193.107.80 - - [29/Jun/2024:06:36:41 +0200] "GET /ticket2/opencms/system/modules/com.gridnine.opencms.ticketbrokerage.site/resources/js/jquery.fancybox.pack.js HTTP/1.1" 200 23187
