47.128.49.209 - - [29/Jun/2024:00:36:26 +0200] "GET /ticket2/opencms/system/modules/com.gridnine.opencms.ticketbrokerage.site/resources/pics/bank_2_handelsbanken.png HTTP/1.1" 200 4509
47.128.49.209 - - [29/Jun/2024:00:36:26 +0200] "GET /ticket2/opencms/system/modules/com.gridnine.opencms.ticketbrokerage.site/resources/pics/bank_3_swedbank.png HTTP/1.1" 200 5740
47.128.49.209 - - [29/Jun/2024:00:36:26 +0200] "GET /ticket2/opencms/system/modules/com.gridnine.opencms.ticketbrokerage.site/resources/pics/bank_6_american_express.png HTTP/1.1" 200 5570
188.165.241.181 - - [29/Jun/2024:00:36:27 +0200] "GET /ticket2/opencms/de/en/venue/?venueid=D609D4D6-C7F0-DA05-ADC1-92A771D52BE6 HTTP/1.1" 404 -
188.165.212.137 - - [29/Jun/2024:00:36:28 +0200] "GET /ticket2/opencms/de/no/buy?page=1&edid=CF871F32-58B9-936F-E54E-3AC3FCAE5989 HTTP/1.1" 404 -
192.99.37.124 - - [29/Jun/2024:00:36:31 +0200] "GET /ticket2/opencms/dk/sv/buy/?page=1&edid=71227958-FC7D-E3D2-E1A0-0662EBC6A8DF&sortorder=desc&column=section HTTP/1.1" 404 -
188.165.241.181 - - [29/Jun/2024:00:36:35 +0200] "GET /ticket2/opencms/de/en/venue/?venueid=D60D6CCF-C522-9251-DD37-F7D629607D55 HTTP/1.1" 404 -
37.187.94.3 - - [29/Jun/2024:00:36:37 +0200] "GET /ticket2/opencms/dk/dk/buy/?page=1&edid=63B3D2EE-B950-115E-194C-CCC7BBD6F3BB&sortorder=asc&column=section HTTP/1.1" 404 -
192.99.37.124 - - [29/Jun/2024:00:36:38 +0200] "GET /ticket2/opencms/dk/sv/buy/?page=1&edid=722DA956-8F42-A240-7CA3-BEA14EEA1B61 HTTP/1.1" 404 -
40.77.167.67 - - [29/Jun/2024:00:36:38 +0200] "GET /ticket2/opencms/dk/sport/fodboldbilletter/premier-league/arsenal/ HTTP/1.1" 200 84110
192.99.37.124 - - [29/Jun/2024:00:36:43 +0200] "GET /ticket2/opencms/dk/sv/buy/?page=1&edid=724A83C9-CDED-0E27-D4D6-2D13687BF857 HTTP/1.1" 404 -
188.165.212.137 - - [29/Jun/2024:00:36:43 +0200] "GET /ticket2/opencms/de/no/buy?page=1&edid=EADB7F79-1BC4-53CA-844D-4F8EF9B8B120 HTTP/1.1" 404 -
188.165.241.181 - - [29/Jun/2024:00:36:44 +0200] "GET /ticket2/opencms/de/en/venue/?venueid=D67BBEAA-85B5-D2EB-96E5-A5759AF56653 HTTP/1.1" 404 -
37.187.94.3 - - [29/Jun/2024:00:36:46 +0200] "GET /ticket2/opencms/dk/dk/buy/?page=1&edid=63B3D2EE-B950-115E-194C-CCC7BBD6F3BB&sortorder=desc&column=price HTTP/1.1" 404 -
192.99.37.124 - - [29/Jun/2024:00:36:48 +0200] "GET /ticket2/opencms/dk/sv/buy/?page=1&edid=72D5103D-5252-5D0E-5EEF-39FB0BB4BED9&sortorder=asc&column=section HTTP/1.1" 404 -
66.249.76.2 - - [29/Jun/2024:00:36:52 +0200] "GET /ticket2/opencms/en/venue/?venueid=9862A239-2434-5FBB-1EDA-06F1C924E08E HTTP/1.1" 200 71365
37.187.94.3 - - [29/Jun/2024:00:36:53 +0200] "GET /ticket2/opencms/dk/dk/buy/?page=1&edid=63CD2C93-E504-2AC8-B8EA-EDE1A007E281&sortorder=asc&column=price HTTP/1.1" 404 -
192.99.37.124 - - [29/Jun/2024:00:36:54 +0200] "GET /ticket2/opencms/dk/sv/buy/?page=1&edid=7301640B-042B-89BA-0D98-666EEE6D991E HTTP/1.1" 404 -
188.165.241.181 - - [29/Jun/2024:00:36:54 +0200] "GET /ticket2/opencms/de/en/venue/?venueid=D6ACC314-B92A-54C8-D6D6-0BCC0672FA5A HTTP/1.1" 404 -
188.165.212.137 - - [29/Jun/2024:00:36:56 +0200] "GET /ticket2/opencms/de/no/buy?page=1&edid=EB937F59-78A8-4F54-1D8E-A6CD792386CC HTTP/1.1" 404 -
192.99.37.124 - - [29/Jun/2024:00:36:59 +0200] "GET /ticket2/opencms/dk/sv/buy/?page=1&edid=7301640B-042B-89BA-0D98-666EEE6D991E&sortorder=desc&column=row HTTP/1.1" 404 -
37.187.94.3 - - [29/Jun/2024:00:36:59 +0200] "GET /ticket2/opencms/dk/dk/buy/?page=1&edid=63CD2C93-E504-2AC8-B8EA-EDE1A007E281&sortorder=asc&column=row HTTP/1.1" 404 -
188.165.241.181 - - [29/Jun/2024:00:37:02 +0200] "GET /ticket2/opencms/de/en/venue/?venueid=D6B932F5-AC31-3BF8-6049-E431104053F1 HTTP/1.1" 404 -
192.99.37.124 - - [29/Jun/2024:00:37:05 +0200] "GET /ticket2/opencms/dk/sv/buy/?page=1&edid=7308B645-1C37-9E3C-E9DF-F4222D831A7B&sortorder=desc&column=row HTTP/1.1" 404 -
188.165.212.137 - - [29/Jun/2024:00:37:06 +0200] "GET /ticket2/opencms/de/no/buy?page=1&edid=ED12F6CE-A80E-35CB-38A4-6FFF7BEE81E3 HTTP/1.1" 404 -
37.187.94.3 - - [29/Jun/2024:00:37:10 +0200] "GET /ticket2/opencms/dk/dk/buy/?page=1&edid=63CD2C93-E504-2AC8-B8EA-EDE1A007E281&sortorder=asc&column=section HTTP/1.1" 404 -
192.99.37.124 - - [29/Jun/2024:00:37:10 +0200] "GET /ticket2/opencms/dk/sv/buy/?page=1&edid=743EAABD-DD59-6451-B522-5F1C40FEEFFB&sortorder=asc&column=price HTTP/1.1" 404 -
188.165.241.181 - - [29/Jun/2024:00:37:11 +0200] "GET /ticket2/opencms/de/en/venue/?venueid=D6CBFB15-F83D-EDE7-EEFA-ADA2A784D368 HTTP/1.1" 404 -
192.99.37.124 - - [29/Jun/2024:00:37:16 +0200] "GET /ticket2/opencms/dk/sv/buy/?page=1&edid=743EAABD-DD59-6451-B522-5F1C40FEEFFB&sortorder=asc&column=row HTTP/1.1" 404 -
37.187.94.3 - - [29/Jun/2024:00:37:16 +0200] "GET /ticket2/opencms/dk/dk/buy/?page=1&edid=63CD2C93-E504-2AC8-B8EA-EDE1A007E281&sortorder=desc&column=section HTTP/1.1" 404 -
47.128.30.130 - - [29/Jun/2024:00:37:19 +0200] "GET /ticket2/opencms/fi/venue/?venueid=01A0ADB8-E909-7B52-7382-807C1E2FCC75 HTTP/1.1" 200 72902
188.165.241.181 - - [29/Jun/2024:00:37:19 +0200] "GET /ticket2/opencms/de/en/venue/?venueid=D6CC3155-CB84-ABB2-ABC8-9ACE6AA05853 HTTP/1.1" 404 -
188.165.212.137 - - [29/Jun/2024:00:37:20 +0200] "GET /ticket2/opencms/de/no/buy?page=1&edid=F5BFC35C-9252-8495-D0AB-4A5E2C07EBBC HTTP/1.1" 404 -
47.128.30.130 - - [29/Jun/2024:00:37:20 +0200] "GET /ticket2/opencms/system/modules/com.gridnine.opencms.ticketbrokerage.site/resources/pics/logo-new.png HTTP/1.1" 200 13541
47.128.30.130 - - [29/Jun/2024:00:37:20 +0200] "GET /ticket2/opencms/system/modules/com.gridnine.opencms.ticketbrokerage.site/resources/pics/bank_2_handelsbanken.png HTTP/1.1" 200 4509
47.128.30.130 - - [29/Jun/2024:00:37:21 +0200] "GET /ticket2/opencms/system/modules/com.gridnine.opencms.ticketbrokerage.site/resources/pics/bank_4_seb.png HTTP/1.1" 200 2487
192.99.37.124 - - [29/Jun/2024:00:37:21 +0200] "GET /ticket2/opencms/dk/sv/buy/?page=1&edid=743EAABD-DD59-6451-B522-5F1C40FEEFFB&sortorder=asc&column=section HTTP/1.1" 404 -
47.128.30.130 - - [29/Jun/2024:00:37:21 +0200] "GET /ticket2/opencms/system/modules/com.gridnine.opencms.ticketbrokerage.site/resources/pics/bank_3_swedbank.png HTTP/1.1" 200 5740
47.128.30.130 - - [29/Jun/2024:00:37:21 +0200] "GET /ticket2/opencms/system/modules/com.gridnine.opencms.ticketbrokerage.site/resources/pics/bank_1_nordea.png HTTP/1.1" 200 4807
47.128.30.130 - - [29/Jun/2024:00:37:21 +0200] "GET /ticket2/opencms/system/modules/com.gridnine.opencms.ticketbrokerage.site/resources/pics/bank_5_visa_mastercard.png HTTP/1.1" 200 8196
47.128.30.130 - - [29/Jun/2024:00:37:21 +0200] "GET /ticket2/opencms/system/modules/com.gridnine.opencms.ticketbrokerage.site/resources/pics/bank_6_american_express.png HTTP/1.1" 200 5570
47.128.30.130 - - [29/Jun/2024:00:37:25 +0200] "GET /ticket2/opencms/fi/venue/?venueid=01A0ADB8-E909-7B52-7382-807C1E2FCC75 HTTP/1.1" 200 72902
37.187.94.3 - - [29/Jun/2024:00:37:25 +0200] "GET /ticket2/opencms/dk/dk/buy/?page=1&edid=63E79B14-F1BE-6754-0C6E-3C2A84BDC10A&sortorder=asc&column=section HTTP/1.1" 404 -
192.99.37.124 - - [29/Jun/2024:00:37:26 +0200] "GET /ticket2/opencms/dk/sv/buy/?page=1&edid=74879902-3305-5658-7FBC-5B1AD375E2DC&sortorder=asc&column=row HTTP/1.1" 404 -
188.165.241.181 - - [29/Jun/2024:00:37:27 +0200] "GET /ticket2/opencms/de/en/venue/?venueid=D6DD72B9-DC7C-80AB-E2CD-63B7C55B012E HTTP/1.1" 404 -
66.249.75.167 - - [29/Jun/2024:00:37:31 +0200] "GET /ticket2/opencms/sites/ticketbrokerage/sv/tickets/blackburn_rovers/ HTTP/1.1" 404 -
192.99.37.124 - - [29/Jun/2024:00:37:32 +0200] "GET /ticket2/opencms/dk/sv/buy/?page=1&edid=74ADA417-D173-7B60-3C75-40D80E934690&sortorder=asc&column=row HTTP/1.1" 404 -
188.165.241.181 - - [29/Jun/2024:00:37:34 +0200] "GET /ticket2/opencms/de/en/venue/?venueid=D6F2B52F-C215-0A5B-8206-F685BCC6BD43 HTTP/1.1" 404 -
37.187.94.3 - - [29/Jun/2024:00:37:34 +0200] "GET /ticket2/opencms/dk/dk/buy/?page=1&edid=642E9578-D653-AE72-0BA4-FF639C3984BF&sortorder=asc&column=row HTTP/1.1" 404 -
192.99.37.124 - - [29/Jun/2024:00:37:37 +0200] "GET /ticket2/opencms/dk/sv/buy/?page=1&edid=74ADA417-D173-7B60-3C75-40D80E934690&sortorder=desc&column=price HTTP/1.1" 404 -
188.165.212.137 - - [29/Jun/2024:00:37:39 +0200] "GET /ticket2/opencms/de/no/buy?page=1&edid=FB919A6A-DE02-1353-FDB8-CEDFF340E9B7 HTTP/1.1" 404 -
216.245.221.83 - - [29/Jun/2024:00:37:39 +0200] "HEAD /ticket2/opencms/ HTTP/1.1" 302 -
216.245.221.83 - - [29/Jun/2024:00:37:39 +0200] "HEAD /ticket2/opencms/en/ HTTP/1.1" 200 -
188.165.241.181 - - [29/Jun/2024:00:37:41 +0200] "GET /ticket2/opencms/de/en/venue/?venueid=D7369F89-3C56-4AD6-BDF2-0EBEA5228F16 HTTP/1.1" 404 -
37.187.94.3 - - [29/Jun/2024:00:37:43 +0200] "GET /ticket2/opencms/dk/dk/buy/?page=1&edid=642E9578-D653-AE72-0BA4-FF639C3984BF&sortorder=asc&column=section HTTP/1.1" 404 -
192.99.37.124 - - [29/Jun/2024:00:37:43 +0200] "GET /ticket2/opencms/dk/sv/buy/?page=1&edid=74ADA417-D173-7B60-3C75-40D80E934690&sortorder=desc&column=section HTTP/1.1" 404 -
188.165.241.181 - - [29/Jun/2024:00:37:47 +0200] "GET /ticket2/opencms/de/en/venue/?venueid=D744A0E6-974D-7D9B-E6CA-EB969D419414 HTTP/1.1" 404 -
192.99.37.124 - - [29/Jun/2024:00:37:48 +0200] "GET /ticket2/opencms/dk/sv/buy/?page=1&edid=7620AC05-C07D-20B0-5C26-2BB0AB225757 HTTP/1.1" 404 -
37.187.94.3 - - [29/Jun/2024:00:37:49 +0200] "GET /ticket2/opencms/dk/dk/buy/?page=1&edid=6440E7CC-E56C-CD13-BB09-A84D83EDDD53&sortorder=asc&column=row HTTP/1.1" 404 -
188.165.212.137 - - [29/Jun/2024:00:37:52 +0200] "GET /ticket2/opencms/de/no/buy_safety HTTP/1.1" 404 -
66.249.76.44 - - [29/Jun/2024:00:37:53 +0200] "GET /ticket2/opencms/de/sport/fussball-tickets/la_liga/ HTTP/1.1" 500 -
192.99.37.124 - - [29/Jun/2024:00:37:54 +0200] "GET /ticket2/opencms/dk/sv/buy/?page=1&edid=7620AC05-C07D-20B0-5C26-2BB0AB225757&sortorder=desc&column=price HTTP/1.1" 404 -
66.249.75.105 - - [29/Jun/2024:00:37:54 +0200] "GET /ticket2/opencms/fi/buy/?page=1&edid=D11D82D4-28DA-1768-D317-EF521A2F97E6 HTTP/1.1" 200 117946
188.165.241.181 - - [29/Jun/2024:00:37:55 +0200] "GET /ticket2/opencms/de/en/venue/?venueid=D7CC1908-9B64-88E2-CBC1-94080245C38F HTTP/1.1" 404 -
66.249.76.2 - - [29/Jun/2024:00:37:55 +0200] "GET /ticket2/opencms/en/venue/?venueid=E4026088-40C0-F304-64D2-D270529B891B HTTP/1.1" 200 71350
37.187.94.3 - - [29/Jun/2024:00:37:56 +0200] "GET /ticket2/opencms/dk/dk/buy/?page=1&edid=64784D6B-8B67-3AC8-EF42-17E02029D94B&sortorder=asc&column=section HTTP/1.1" 404 -
51.222.253.3 - - [29/Jun/2024:00:37:57 +0200] "GET /ticket2/opencms/sv/sport/fotbollsbiljetter/premier_league/bolton_wanderers/west-bromwich-albion.html HTTP/1.1" 200 75528
66.249.75.106 - - [29/Jun/2024:00:37:58 +0200] "GET /ticket2/opencms/fi/ask-form.html HTTP/1.1" 200 3012
192.99.37.124 - - [29/Jun/2024:00:37:59 +0200] "GET /ticket2/opencms/dk/sv/buy/?page=1&edid=7620AC05-C07D-20B0-5C26-2BB0AB225757&sortorder=desc&column=row HTTP/1.1" 404 -
188.165.241.181 - - [29/Jun/2024:00:38:01 +0200] "GET /ticket2/opencms/de/en/venue/?venueid=D83A67D7-A141-9489-1425-0ABF7FD0961D HTTP/1.1" 404 -
37.187.94.3 - - [29/Jun/2024:00:38:04 +0200] "GET /ticket2/opencms/dk/dk/buy/?page=1&edid=649D46CC-01CF-83EF-27C5-336542CC7BE4&sortorder=asc&column=price HTTP/1.1" 404 -
192.99.37.124 - - [29/Jun/2024:00:38:05 +0200] "GET /ticket2/opencms/dk/sv/buy/?page=1&edid=7620AC05-C07D-20B0-5C26-2BB0AB225757&sortorder=desc&column=section HTTP/1.1" 404 -
185.191.171.17 - - [29/Jun/2024:00:38:07 +0200] "GET /ticket2/opencms/sv/magazine/article?title=brighton-and-hove-albion HTTP/1.1" 200 74699
188.165.212.137 - - [29/Jun/2024:00:38:09 +0200] "GET /ticket2/opencms/de/no/buying_tickets HTTP/1.1" 404 -
188.165.241.181 - - [29/Jun/2024:00:38:09 +0200] "GET /ticket2/opencms/de/en/venue/?venueid=D84BB896-7CA1-237F-E1E2-1FC8BB6303AD HTTP/1.1" 404 -
192.99.37.124 - - [29/Jun/2024:00:38:10 +0200] "GET /ticket2/opencms/dk/sv/buy/?page=1&edid=764DF107-581D-BCA1-53D5-94329CB26BAD&sortorder=desc&column=price HTTP/1.1" 404 -
37.187.94.3 - - [29/Jun/2024:00:38:11 +0200] "GET /ticket2/opencms/dk/dk/buy/?page=1&edid=649D46CC-01CF-83EF-27C5-336542CC7BE4&sortorder=asc&column=row HTTP/1.1" 404 -
47.128.97.237 - - [29/Jun/2024:00:38:14 +0200] "GET /ticket2/opencms/fi/venue/?countryid=8AB3059A-CDC7-3AC2-BF58-176BA47DA764 HTTP/1.1" 200 117721
47.128.97.237 - - [29/Jun/2024:00:38:15 +0200] "GET /ticket2/opencms/system/modules/com.gridnine.opencms.ticketbrokerage.site/resources/pics/logo-new.png HTTP/1.1" 200 13541
47.128.97.237 - - [29/Jun/2024:00:38:15 +0200] "GET /ticket2/opencms/system/modules/com.gridnine.opencms.ticketbrokerage.site/resources/pics/bank_1_nordea.png HTTP/1.1" 200 4807
47.128.97.237 - - [29/Jun/2024:00:38:16 +0200] "GET /ticket2/opencms/system/modules/com.gridnine.opencms.ticketbrokerage.site/resources/pics/bank_2_handelsbanken.png HTTP/1.1" 200 4509
192.99.37.124 - - [29/Jun/2024:00:38:16 +0200] "GET /ticket2/opencms/dk/sv/buy/?page=1&edid=764DF107-581D-BCA1-53D5-94329CB26BAD&sortorder=desc&column=section HTTP/1.1" 404 -
47.128.97.237 - - [29/Jun/2024:00:38:16 +0200] "GET /ticket2/opencms/system/modules/com.gridnine.opencms.ticketbrokerage.site/resources/pics/bank_3_swedbank.png HTTP/1.1" 200 5740
47.128.97.237 - - [29/Jun/2024:00:38:16 +0200] "GET /ticket2/opencms/system/modules/com.gridnine.opencms.ticketbrokerage.site/resources/pics/bank_4_seb.png HTTP/1.1" 200 2487
47.128.97.237 - - [29/Jun/2024:00:38:16 +0200] "GET /ticket2/opencms/system/modules/com.gridnine.opencms.ticketbrokerage.site/resources/pics/bank_5_visa_mastercard.png HTTP/1.1" 200 8196
47.128.97.237 - - [29/Jun/2024:00:38:16 +0200] "GET /ticket2/opencms/system/modules/com.gridnine.opencms.ticketbrokerage.site/resources/pics/bank_6_american_express.png HTTP/1.1" 200 5570
188.165.241.181 - - [29/Jun/2024:00:38:18 +0200] "GET /ticket2/opencms/de/en/venue/?venueid=D84CD4C3-A05B-FEF5-C01D-0CB2BF594265 HTTP/1.1" 404 -
85.208.96.210 - - [29/Jun/2024:00:38:20 +0200] "GET /ticket2/opencms/robots.txt HTTP/1.1" 200 773
188.165.212.137 - - [29/Jun/2024:00:38:20 +0200] "GET /ticket2/opencms/de/no/faq HTTP/1.1" 404 -
37.187.94.3 - - [29/Jun/2024:00:38:20 +0200] "GET /ticket2/opencms/dk/dk/buy/?page=1&edid=64E61E54-72E5-9B77-CC24-0F4A44843CC1&sortorder=asc&column=price HTTP/1.1" 404 -
85.208.96.201 - - [29/Jun/2024:00:38:20 +0200] "GET /ticket2/opencms/sv/sport/fotbollsbiljetter/premier_league/liverpool/restips_anfield/ HTTP/1.1" 200 76547
192.99.37.124 - - [29/Jun/2024:00:38:22 +0200] "GET /ticket2/opencms/dk/sv/buy/?page=1&edid=765F97BA-C920-639C-860F-B72DB0C768A6&sortorder=desc&column=price HTTP/1.1" 404 -
188.165.241.181 - - [29/Jun/2024:00:38:25 +0200] "GET /ticket2/opencms/de/en/venue/?venueid=D865EDC3-A8C8-8107-EEAE-35A140CA5350 HTTP/1.1" 404 -
90.224.86.221 - - [29/Jun/2024:00:38:26 +0200] "POST /ticket2/opencms/admin/index.html?page=19 HTTP/1.1" 200 58270
90.224.86.221 - - [29/Jun/2024:00:38:26 +0200] "GET /ticket2/opencms/system/modules/com.gridnine.opencms.ticketbrokerage.site/resources/css/jquery.fancybox.css HTTP/1.1" 200 4939
90.224.86.221 - - [29/Jun/2024:00:38:26 +0200] "GET /ticket2/opencms/system/modules/com.gridnine.opencms.ticketbrokerage.site/resources/css/standard.css HTTP/1.1" 200 71935
90.224.86.221 - - [29/Jun/2024:00:38:26 +0200] "GET /ticket2/opencms/system/modules/com.gridnine.opencms.ticketbrokerage.site/resources/js/stickyfill.min.js HTTP/1.1" 200 5672
90.224.86.221 - - [29/Jun/2024:00:38:26 +0200] "GET /ticket2/opencms/system/modules/com.gridnine.opencms.ticketbrokerage.site/resources/js/jquery/jquery-ui.js HTTP/1.1" 200 228088
90.224.86.221 - - [29/Jun/2024:00:38:26 +0200] "GET /ticket2/opencms/system/modules/com.gridnine.opencms.ticketbrokerage.site/resources/pics/partners/fotboll_direkt.png HTTP/1.1" 200 14373
90.224.86.221 - - [29/Jun/2024:00:38:26 +0200] "GET /ticket2/opencms/system/modules/com.gridnine.opencms.ticketbrokerage.site/resources/pics/partners/Hockeysverige.jpg HTTP/1.1" 200 8841
90.224.86.221 - - [29/Jun/2024:00:38:26 +0200] "GET /ticket2/opencms/system/modules/com.gridnine.opencms.ticketbrokerage.site/resources/pics/front_page/sv/elite_prospects.png HTTP/1.1" 200 14543
90.224.86.221 - - [29/Jun/2024:00:38:26 +0200] "GET /ticket2/opencms/system/modules/com.gridnine.opencms.ticketbrokerage.site/resources/pics/right_side_bar/fi/instagram.png HTTP/1.1" 200 2709
90.224.86.221 - - [29/Jun/2024:00:38:26 +0200] "GET /ticket2/opencms/system/modules/com.gridnine.opencms.ticketbrokerage.site/resources/pics/bank_4_seb.png HTTP/1.1" 200 2487
90.224.86.221 - - [29/Jun/2024:00:38:26 +0200] "GET /ticket2/opencms/system/modules/com.gridnine.opencms.ticketbrokerage.site/resources/pics/bank_1_nordea.png HTTP/1.1" 200 4807
90.224.86.221 - - [29/Jun/2024:00:38:26 +0200] "GET /ticket2/opencms/system/modules/com.gridnine.opencms.ticketbrokerage.site/resources/pics/bank_5_visa_mastercard.png HTTP/1.1" 200 8196
90.224.86.221 - - [29/Jun/2024:00:38:26 +0200] "GET /ticket2/opencms/system/modules/com.gridnine.opencms.ticketbrokerage.site/resources/pics/bank_6_american_express.png HTTP/1.1" 200 5570
90.224.86.221 - - [29/Jun/2024:00:38:26 +0200] "GET /ticket2/opencms/system/modules/com.gridnine.opencms.ticketbrokerage.site/resources/pics/button1_right.gif HTTP/1.1" 200 232
90.224.86.221 - - [29/Jun/2024:00:38:26 +0200] "GET /ticket2/opencms/system/modules/com.gridnine.opencms.ticketbrokerage.site/resources/pics/button1_left.gif HTTP/1.1" 200 232
192.99.37.124 - - [29/Jun/2024:00:38:27 +0200] "GET /ticket2/opencms/dk/sv/buy/?page=1&edid=765F97BA-C920-639C-860F-B72DB0C768A6&sortorder=desc&column=section HTTP/1.1" 404 -
188.165.212.137 - - [29/Jun/2024:00:38:28 +0200] "GET /ticket2/opencms/de/no/konsertbilletter/ HTTP/1.1" 404 -
37.187.94.3 - - [29/Jun/2024:00:38:29 +0200] "GET /ticket2/opencms/dk/dk/buy/?page=1&edid=64E61E54-72E5-9B77-CC24-0F4A44843CC1&sortorder=asc&column=row HTTP/1.1" 404 -
188.165.241.181 - - [29/Jun/2024:00:38:32 +0200] "GET /ticket2/opencms/de/en/venue/?venueid=D8748AFA-5CFF-8E2A-FC7D-F16F92ED4536 HTTP/1.1" 404 -
192.99.37.124 - - [29/Jun/2024:00:38:33 +0200] "GET /ticket2/opencms/dk/sv/buy/?page=1&edid=7666311D-381C-ABD3-33C1-1B874D640668&sortorder=asc&column=price HTTP/1.1" 404 -
188.165.212.137 - - [29/Jun/2024:00:38:37 +0200] "GET /ticket2/opencms/de/no/konsertbilletter/coldplay/ HTTP/1.1" 404 -
192.99.37.124 - - [29/Jun/2024:00:38:38 +0200] "GET /ticket2/opencms/dk/sv/buy/?page=1&edid=7666311D-381C-ABD3-33C1-1B874D640668&sortorder=desc&column=row HTTP/1.1" 404 -
188.165.241.181 - - [29/Jun/2024:00:38:39 +0200] "GET /ticket2/opencms/de/en/venue/?venueid=D88B1A2D-D4CE-4096-CB58-413C35009F84 HTTP/1.1" 404 -
37.187.94.3 - - [29/Jun/2024:00:38:40 +0200] "GET /ticket2/opencms/dk/dk/buy/?page=1&edid=6622D482-9366-79F2-615D-5ED4BBEA7CC7&sortorder=asc&column=price HTTP/1.1" 404 -
47.128.49.205 - - [29/Jun/2024:00:38:42 +0200] "GET /ticket2/opencms/nl/buy/?edid=DE88C997-F247-5EDB-AB8C-0BF21F57525F HTTP/1.1" 200 71077
192.99.37.124 - - [29/Jun/2024:00:38:44 +0200] "GET /ticket2/opencms/dk/sv/buy/?page=1&edid=7666311D-381C-ABD3-33C1-1B874D640668&sortorder=desc&column=section HTTP/1.1" 404 -
188.165.241.181 - - [29/Jun/2024:00:38:46 +0200] "GET /ticket2/opencms/de/en/venue/?venueid=D8B88429-6D57-5D8C-1F51-7CCD8B6C0D54 HTTP/1.1" 404 -
114.119.145.88 - - [29/Jun/2024:00:38:47 +0200] "GET /ticket2/opencms/en/buy/?page=1&edid=95B848AE-C0FB-E9EB-DC32-8BB9C413BF77 HTTP/1.1" 200 86709
188.165.212.137 - - [29/Jun/2024:00:38:47 +0200] "GET /ticket2/opencms/de/no/login HTTP/1.1" 404 -
47.128.49.205 - - [29/Jun/2024:00:38:49 +0200] "GET /ticket2/opencms/system/modules/com.gridnine.opencms.ticketbrokerage.site/resources/pics/logo-new.png HTTP/1.1" 200 13541
192.99.37.124 - - [29/Jun/2024:00:38:49 +0200] "GET /ticket2/opencms/dk/sv/buy/?page=1&edid=77A55021-AC21-CE20-ED42-0B1701BD5964 HTTP/1.1" 404 -
47.128.49.205 - - [29/Jun/2024:00:38:49 +0200] "GET /ticket2/opencms/system/modules/com.gridnine.opencms.ticketbrokerage.site/resources/pics/bank_5_visa_mastercard.png HTTP/1.1" 200 8196
47.128.49.205 - - [29/Jun/2024:00:38:50 +0200] "GET /ticket2/opencms/system/modules/com.gridnine.opencms.ticketbrokerage.site/resources/pics/bank_1_nordea.png HTTP/1.1" 200 4807
47.128.49.205 - - [29/Jun/2024:00:38:50 +0200] "GET /ticket2/opencms/system/modules/com.gridnine.opencms.ticketbrokerage.site/resources/pics/bank_2_handelsbanken.png HTTP/1.1" 200 4509
47.128.49.205 - - [29/Jun/2024:00:38:50 +0200] "GET /ticket2/opencms/system/modules/com.gridnine.opencms.ticketbrokerage.site/resources/pics/bank_3_swedbank.png HTTP/1.1" 200 5740
47.128.49.205 - - [29/Jun/2024:00:38:50 +0200] "GET /ticket2/opencms/system/modules/com.gridnine.opencms.ticketbrokerage.site/resources/pics/bank_4_seb.png HTTP/1.1" 200 2487
47.128.49.205 - - [29/Jun/2024:00:38:50 +0200] "GET /ticket2/opencms/system/modules/com.gridnine.opencms.ticketbrokerage.site/resources/pics/bank_6_american_express.png HTTP/1.1" 200 5570
37.187.94.3 - - [29/Jun/2024:00:38:50 +0200] "GET /ticket2/opencms/dk/dk/buy/?page=1&edid=6622D482-9366-79F2-615D-5ED4BBEA7CC7&sortorder=desc&column=price HTTP/1.1" 404 -
188.165.241.181 - - [29/Jun/2024:00:38:53 +0200] "GET /ticket2/opencms/de/en/venue/?venueid=D9365E4D-49BE-CD44-E4C9-734764289212 HTTP/1.1" 404 -
192.99.37.124 - - [29/Jun/2024:00:38:55 +0200] "GET /ticket2/opencms/dk/sv/buy/?page=1&edid=77A55021-AC21-CE20-ED42-0B1701BD5964&sortorder=desc&column=price HTTP/1.1" 404 -
66.249.75.167 - - [29/Jun/2024:00:38:56 +0200] "GET /ticket2/opencms/nl/buy/?page=1&edid=E86D89E6-4B76-0823-49E9-A4E0BE4014AF HTTP/1.1" 200 109678
188.165.212.137 - - [29/Jun/2024:00:38:56 +0200] "GET /ticket2/opencms/de/no/login/?url=/no/sell/ HTTP/1.1" 404 -
192.99.37.124 - - [29/Jun/2024:00:39:00 +0200] "GET /ticket2/opencms/dk/sv/buy/?page=1&edid=80520F94-CD09-8A47-6BD3-D846BA0F2595&sortorder=asc&column=row HTTP/1.1" 404 -
188.165.241.181 - - [29/Jun/2024:00:39:00 +0200] "GET /ticket2/opencms/de/en/venue/?venueid=D9D29041-8F09-AC24-29B9-BAE0DD9106BB HTTP/1.1" 404 -
37.187.94.3 - - [29/Jun/2024:00:39:01 +0200] "GET /ticket2/opencms/dk/dk/buy/?page=1&edid=66254B5E-34B3-A550-D82C-9267122200AD&sortorder=asc&column=price HTTP/1.1" 404 -
192.99.37.124 - - [29/Jun/2024:00:39:06 +0200] "GET /ticket2/opencms/dk/sv/buy/?page=1&edid=82937260-47EB-F88B-2B1C-A690B2A42395&sortorder=desc&column=price HTTP/1.1" 404 -
188.165.241.181 - - [29/Jun/2024:00:39:08 +0200] "GET /ticket2/opencms/de/en/venue/?venueid=DA22C9F4-20C4-6978-CFDD-A1728A4A23BC HTTP/1.1" 404 -
188.165.212.137 - - [29/Jun/2024:00:39:09 +0200] "GET /ticket2/opencms/de/no/selling_tickets/ HTTP/1.1" 404 -
37.187.94.3 - - [29/Jun/2024:00:39:09 +0200] "GET /ticket2/opencms/dk/dk/buy/?page=1&edid=66254B5E-34B3-A550-D82C-9267122200AD&sortorder=asc&column=row HTTP/1.1" 404 -
47.128.55.166 - - [29/Jun/2024:00:39:11 +0200] "GET /ticket2/opencms/no/buy/?catid=7CF2D645-F785-0CBB-1B7C-C4711617EAAD&comcatid=A17713B6-D984-201A-4143-ED4DB5ED5C2E&page=6 HTTP/1.1" 200 84963
192.99.37.124 - - [29/Jun/2024:00:39:11 +0200] "GET /ticket2/opencms/dk/sv/buy/?page=1&edid=82937260-47EB-F88B-2B1C-A690B2A42395&sortorder=desc&column=row HTTP/1.1" 404 -
47.128.55.166 - - [29/Jun/2024:00:39:12 +0200] "GET /ticket2/opencms/system/modules/com.gridnine.opencms.ticketbrokerage.site/resources/pics/logo-new.png HTTP/1.1" 200 13541
47.128.55.166 - - [29/Jun/2024:00:39:12 +0200] "GET /ticket2/opencms/system/modules/com.gridnine.opencms.ticketbrokerage.site/resources/pics/bank_2_handelsbanken.png HTTP/1.1" 200 4509
47.128.55.166 - - [29/Jun/2024:00:39:12 +0200] "GET /ticket2/opencms/system/modules/com.gridnine.opencms.ticketbrokerage.site/resources/pics/bank_1_nordea.png HTTP/1.1" 200 4807
47.128.55.166 - - [29/Jun/2024:00:39:13 +0200] "GET /ticket2/opencms/system/modules/com.gridnine.opencms.ticketbrokerage.site/resources/pics/bank_3_swedbank.png HTTP/1.1" 200 5740
47.128.55.166 - - [29/Jun/2024:00:39:13 +0200] "GET /ticket2/opencms/system/modules/com.gridnine.opencms.ticketbrokerage.site/resources/pics/bank_5_visa_mastercard.png HTTP/1.1" 200 8196
47.128.55.166 - - [29/Jun/2024:00:39:13 +0200] "GET /ticket2/opencms/system/modules/com.gridnine.opencms.ticketbrokerage.site/resources/pics/bank_4_seb.png HTTP/1.1" 200 2487
47.128.55.166 - - [29/Jun/2024:00:39:13 +0200] "GET /ticket2/opencms/system/modules/com.gridnine.opencms.ticketbrokerage.site/resources/pics/bank_6_american_express.png HTTP/1.1" 200 5570
37.187.94.3 - - [29/Jun/2024:00:39:15 +0200] "GET /ticket2/opencms/dk/dk/buy/?page=1&edid=66254B5E-34B3-A550-D82C-9267122200AD&sortorder=asc&column=section HTTP/1.1" 404 -
192.99.37.124 - - [29/Jun/2024:00:39:17 +0200] "GET /ticket2/opencms/dk/sv/buy/?page=1&edid=82937260-47EB-F88B-2B1C-A690B2A42395&sortorder=desc&column=section HTTP/1.1" 404 -
188.165.212.137 - - [29/Jun/2024:00:39:19 +0200] "GET /ticket2/opencms/de/no/sport/ HTTP/1.1" 404 -
188.165.241.181 - - [29/Jun/2024:00:39:20 +0200] "GET /ticket2/opencms/de/en/venue/?venueid=DABDC4D6-A186-DAE6-C644-5DB9CB011EEC HTTP/1.1" 404 -
37.187.94.3 - - [29/Jun/2024:00:39:22 +0200] "GET /ticket2/opencms/dk/dk/buy/?page=1&edid=6633B040-1A54-9E6E-35AD-599CA5826FF4&sortorder=asc&column=section HTTP/1.1" 404 -
192.99.37.124 - - [29/Jun/2024:00:39:22 +0200] "GET /ticket2/opencms/dk/sv/buy/?page=1&edid=82B136E6-285D-2514-CC84-CAC01A08B609&sortorder=desc&column=price HTTP/1.1" 404 -
188.165.241.181 - - [29/Jun/2024:00:39:27 +0200] "GET /ticket2/opencms/de/en/venue/?venueid=DB01BE0B-948C-68F3-8192-7006820D14E9 HTTP/1.1" 404 -
192.99.37.124 - - [29/Jun/2024:00:39:28 +0200] "GET /ticket2/opencms/dk/sv/buy/?page=1&edid=8588F039-0803-F98C-03A6-F1C16929D2E6&sortorder=asc&column=section HTTP/1.1" 404 -
188.165.212.137 - - [29/Jun/2024:00:39:29 +0200] "GET /ticket2/opencms/de/no/sport/fotballsbilletter/ HTTP/1.1" 404 -
37.187.94.3 - - [29/Jun/2024:00:39:31 +0200] "GET /ticket2/opencms/dk/dk/buy/?page=1&edid=66421F7F-588E-5C63-F6C6-DAD22E369929&sortorder=asc&column=row HTTP/1.1" 404 -
192.99.37.124 - - [29/Jun/2024:00:39:33 +0200] "GET /ticket2/opencms/dk/sv/buy/?page=1&edid=87764272-81EA-59CF-68F0-B30F32FF8826&sortorder=asc&column=price HTTP/1.1" 404 -
114.119.159.6 - - [29/Jun/2024:00:39:34 +0200] "GET /ticket2/opencms/en/buy/?page=1&edid=AE24AEB1-1B13-3324-4DF1-2648DAEC10CA HTTP/1.1" 200 85196
188.165.241.181 - - [29/Jun/2024:00:39:34 +0200] "GET /ticket2/opencms/de/en/venue/?venueid=DB39254B-3E28-48BE-15E1-03374B8325A4 HTTP/1.1" 404 -
37.187.94.3 - - [29/Jun/2024:00:39:37 +0200] "GET /ticket2/opencms/dk/dk/buy/?page=1&edid=669ED59F-F13A-7545-59AD-6A00839B9F0A&sortorder=asc&column=row HTTP/1.1" 404 -
51.222.253.6 - - [29/Jun/2024:00:39:38 +0200] "GET /ticket2/opencms/sv/sport/fotbollsbiljetter/premier_league/bolton_wanderers/west_ham_united.html HTTP/1.1" 200 75487
192.99.37.124 - - [29/Jun/2024:00:39:39 +0200] "GET /ticket2/opencms/dk/sv/buy/?page=1&edid=9A69C26B-D767-96B2-1BE8-FB9B1C38C21B&sortorder=desc&column=row HTTP/1.1" 404 -
188.165.241.181 - - [29/Jun/2024:00:39:42 +0200] "GET /ticket2/opencms/de/en/venue/?venueid=DBF173BB-97AB-4284-3FA4-D075B96368C3 HTTP/1.1" 404 -
188.165.212.137 - - [29/Jun/2024:00:39:42 +0200] "GET /ticket2/opencms/de/no/sport/fotballsbilletter/bundesliga/ HTTP/1.1" 404 -
192.99.37.124 - - [29/Jun/2024:00:39:44 +0200] "GET /ticket2/opencms/dk/sv/buy/?page=1&edid=9A9147E1-2B2F-02FC-9E7B-A166685D5872&sortorder=desc&column=price HTTP/1.1" 404 -
37.187.94.3 - - [29/Jun/2024:00:39:47 +0200] "GET /ticket2/opencms/dk/dk/buy/?page=1&edid=669ED59F-F13A-7545-59AD-6A00839B9F0A&sortorder=asc&column=section HTTP/1.1" 404 -
188.165.241.181 - - [29/Jun/2024:00:39:49 +0200] "GET /ticket2/opencms/de/en/venue/?venueid=DBF697FB-88C2-E56A-2177-E2C114E7E434 HTTP/1.1" 404 -
192.99.37.124 - - [29/Jun/2024:00:39:50 +0200] "GET /ticket2/opencms/dk/sv/buy/?page=1&edid=9A9147E1-2B2F-02FC-9E7B-A166685D5872&sortorder=desc&column=row HTTP/1.1" 404 -
188.165.212.137 - - [29/Jun/2024:00:39:52 +0200] "GET /ticket2/opencms/de/no/sport/fotballsbilletter/bundesliga/augsburg/ HTTP/1.1" 404 -
192.99.37.124 - - [29/Jun/2024:00:39:55 +0200] "GET /ticket2/opencms/dk/sv/buy/?page=1&edid=9A9147E1-2B2F-02FC-9E7B-A166685D5872&sortorder=desc&column=section HTTP/1.1" 404 -
37.187.94.3 - - [29/Jun/2024:00:39:56 +0200] "GET /ticket2/opencms/dk/dk/buy/?page=1&edid=672A3C6F-40D0-0A91-661F-3F64D5642035&sortorder=asc&column=price HTTP/1.1" 404 -
188.165.241.181 - - [29/Jun/2024:00:39:56 +0200] "GET /ticket2/opencms/de/en/venue/?venueid=DD1C51CF-8829-9FCD-25F4-AC82F4E66D67 HTTP/1.1" 404 -
66.249.75.107 - - [29/Jun/2024:00:39:58 +0200] "GET /ticket2/opencms/en/venue/?venueid=2A287657-A170-E643-8D17-78F1DB6C8F4A HTTP/1.1" 200 71333
66.249.72.35 - - [29/Jun/2024:00:39:59 +0200] "GET /ticket2/opencms/en/venue/?venueid=66B7684A-34D7-B171-288C-D950D3063FA0 HTTP/1.1" 200 71424
188.165.212.137 - - [29/Jun/2024:00:39:59 +0200] "GET /ticket2/opencms/de/no/sport/fotballsbilletter/bundesliga/bayer-leverkusen/ HTTP/1.1" 404 -
66.249.72.33 - - [29/Jun/2024:00:40:00 +0200] "GET /ticket2/opencms/dk/buy/?page=1&edid=076317A2-E374-F6BE-C2AE-88F75CAA72F3 HTTP/1.1" 200 85742
192.99.37.124 - - [29/Jun/2024:00:40:01 +0200] "GET /ticket2/opencms/dk/sv/buy/?page=1&edid=9ACE5E75-762E-167F-FFAE-C1F65B76EB37&sortorder=asc&column=price HTTP/1.1" 404 -
188.165.241.181 - - [29/Jun/2024:00:40:03 +0200] "GET /ticket2/opencms/de/en/venue/?venueid=DE3B95ED-C5EC-CEEF-043F-319530DFE066 HTTP/1.1" 404 -
37.187.94.3 - - [29/Jun/2024:00:40:04 +0200] "GET /ticket2/opencms/dk/dk/buy/?page=1&edid=674BD1C0-8CCF-FAF6-8C5F-0BB09BB6852A&sortorder=desc&column=price HTTP/1.1" 404 -
192.99.37.124 - - [29/Jun/2024:00:40:07 +0200] "GET /ticket2/opencms/dk/sv/buy/?page=1&edid=9ACE5E75-762E-167F-FFAE-C1F65B76EB37&sortorder=asc&column=row HTTP/1.1" 404 -
47.128.24.75 - - [29/Jun/2024:00:40:07 +0200] "GET /ticket2/opencms/fi/venue/?venueid=0EB0D100-3DC6-5264-8D3B-F5AE296F5DFE HTTP/1.1" 200 72998
188.165.241.181 - - [29/Jun/2024:00:40:09 +0200] "GET /ticket2/opencms/de/en/venue/?venueid=DE70BF4F-D924-8DCC-B4D2-0F84CAE9B9DB HTTP/1.1" 404 -
188.165.212.137 - - [29/Jun/2024:00:40:10 +0200] "GET /ticket2/opencms/de/no/sport/fotballsbilletter/bundesliga/bayern-munchen/ HTTP/1.1" 404 -
47.128.24.75 - - [29/Jun/2024:00:40:10 +0200] "GET /ticket2/opencms/system/modules/com.gridnine.opencms.ticketbrokerage.site/resources/pics/logo-new.png HTTP/1.1" 200 13541
47.128.24.75 - - [29/Jun/2024:00:40:10 +0200] "GET /ticket2/opencms/system/modules/com.gridnine.opencms.ticketbrokerage.site/resources/pics/bank_1_nordea.png HTTP/1.1" 200 4807
47.128.24.75 - - [29/Jun/2024:00:40:11 +0200] "GET /ticket2/opencms/system/modules/com.gridnine.opencms.ticketbrokerage.site/resources/pics/bank_2_handelsbanken.png HTTP/1.1" 200 4509
47.128.24.75 - - [29/Jun/2024:00:40:11 +0200] "GET /ticket2/opencms/system/modules/com.gridnine.opencms.ticketbrokerage.site/resources/pics/bank_3_swedbank.png HTTP/1.1" 200 5740
47.128.24.75 - - [29/Jun/2024:00:40:11 +0200] "GET /ticket2/opencms/system/modules/com.gridnine.opencms.ticketbrokerage.site/resources/pics/bank_4_seb.png HTTP/1.1" 200 2487
47.128.24.75 - - [29/Jun/2024:00:40:11 +0200] "GET /ticket2/opencms/system/modules/com.gridnine.opencms.ticketbrokerage.site/resources/pics/bank_5_visa_mastercard.png HTTP/1.1" 200 8196
47.128.24.75 - - [29/Jun/2024:00:40:11 +0200] "GET /ticket2/opencms/system/modules/com.gridnine.opencms.ticketbrokerage.site/resources/pics/bank_6_american_express.png HTTP/1.1" 200 5570
192.99.37.124 - - [29/Jun/2024:00:40:12 +0200] "GET /ticket2/opencms/dk/sv/buy/?page=1&edid=9ACE5E75-762E-167F-FFAE-C1F65B76EB37&sortorder=asc&column=section HTTP/1.1" 404 -
37.187.94.3 - - [29/Jun/2024:00:40:13 +0200] "GET /ticket2/opencms/dk/dk/buy/?page=1&edid=6772F97F-BF59-17AD-7C6A-B4CA2CE4AC38&sortorder=asc&column=row HTTP/1.1" 404 -
188.165.241.181 - - [29/Jun/2024:00:40:17 +0200] "GET /ticket2/opencms/de/en/venue/?venueid=DE7F1EC9-0D2B-44FE-8EF1-944663AE79B6 HTTP/1.1" 404 -
192.99.37.124 - - [29/Jun/2024:00:40:18 +0200] "GET /ticket2/opencms/dk/sv/buy/?page=1&edid=9ACE5E75-762E-167F-FFAE-C1F65B76EB37&sortorder=desc&column=section HTTP/1.1" 404 -
188.165.212.137 - - [29/Jun/2024:00:40:19 +0200] "GET /ticket2/opencms/de/no/sport/fotballsbilletter/bundesliga/bochum/ HTTP/1.1" 404 -
37.187.94.3 - - [29/Jun/2024:00:40:22 +0200] "GET /ticket2/opencms/dk/dk/buy/?page=1&edid=6772F97F-BF59-17AD-7C6A-B4CA2CE4AC38&sortorder=desc&column=row HTTP/1.1" 404 -
192.99.37.124 - - [29/Jun/2024:00:40:23 +0200] "GET /ticket2/opencms/dk/sv/buy/?page=1&edid=9B0F75E2-D4BD-18A5-2CC1-BAA14BAD93DB&sortorder=asc&column=price HTTP/1.1" 404 -
188.165.241.181 - - [29/Jun/2024:00:40:25 +0200] "GET /ticket2/opencms/de/en/venue/?venueid=DEE00DFC-893F-245B-8985-D3EB9461E0DA HTTP/1.1" 404 -
188.165.212.137 - - [29/Jun/2024:00:40:26 +0200] "GET /ticket2/opencms/de/no/sport/fotballsbilletter/bundesliga/borussia-dortmund/ HTTP/1.1" 404 -
192.99.37.124 - - [29/Jun/2024:00:40:29 +0200] "GET /ticket2/opencms/dk/sv/buy/?page=1&edid=9B0F75E2-D4BD-18A5-2CC1-BAA14BAD93DB&sortorder=asc&column=section HTTP/1.1" 404 -
37.187.94.3 - - [29/Jun/2024:00:40:30 +0200] "GET /ticket2/opencms/dk/dk/buy/?page=1&edid=67B3819E-C203-F7C9-1C5C-2A1AF592C733 HTTP/1.1" 404 -
188.165.241.181 - - [29/Jun/2024:00:40:31 +0200] "GET /ticket2/opencms/de/en/venue/?venueid=DEFE0925-F5A3-8A9D-0742-7ECD104E27FF HTTP/1.1" 404 -
192.99.37.124 - - [29/Jun/2024:00:40:34 +0200] "GET /ticket2/opencms/dk/sv/buy/?page=1&edid=A1F83476-1C78-DFB2-68BF-868EB5C3AAA6&sortorder=desc&column=section HTTP/1.1" 404 -
188.165.212.137 - - [29/Jun/2024:00:40:35 +0200] "GET /ticket2/opencms/de/no/sport/fotballsbilletter/bundesliga/borussia-monchengladbach/ HTTP/1.1" 404 -
188.165.241.181 - - [29/Jun/2024:00:40:38 +0200] "GET /ticket2/opencms/de/en/venue/?venueid=DF37D396-FA06-F473-CD27-6AD0A828AD06 HTTP/1.1" 404 -
37.187.94.3 - - [29/Jun/2024:00:40:39 +0200] "GET /ticket2/opencms/dk/dk/buy/?page=1&edid=68573C32-5F8D-AC1E-AD14-28E520160FCD&sortorder=asc&column=price HTTP/1.1" 404 -
192.99.37.124 - - [29/Jun/2024:00:40:40 +0200] "GET /ticket2/opencms/dk/sv/buy/?page=1&edid=A26332EB-8750-0A54-9325-77029D9AA1E3&sortorder=desc&column=price HTTP/1.1" 404 -
188.165.212.137 - - [29/Jun/2024:00:40:42 +0200] "GET /ticket2/opencms/de/no/sport/fotballsbilletter/bundesliga/darmstadt/ HTTP/1.1" 404 -
188.165.241.181 - - [29/Jun/2024:00:40:44 +0200] "GET /ticket2/opencms/de/en/venue/?venueid=E02EE1DB-608C-3324-5F88-FAD2EC8C29F9 HTTP/1.1" 404 -
192.99.37.124 - - [29/Jun/2024:00:40:45 +0200] "GET /ticket2/opencms/dk/sv/buy/?page=1&edid=A26332EB-8750-0A54-9325-77029D9AA1E3&sortorder=desc&column=row HTTP/1.1" 404 -
37.187.94.3 - - [29/Jun/2024:00:40:46 +0200] "GET /ticket2/opencms/dk/dk/buy/?page=1&edid=6869066C-20B9-BB4A-77E7-AD490FF5D90D&sortorder=asc&column=price HTTP/1.1" 404 -
188.165.241.181 - - [29/Jun/2024:00:40:51 +0200] "GET /ticket2/opencms/de/en/venue/?venueid=E03968A5-AE05-E1E5-3D28-6DE0A936F6E0 HTTP/1.1" 404 -
192.99.37.124 - - [29/Jun/2024:00:40:51 +0200] "GET /ticket2/opencms/dk/sv/buy/?page=1&edid=A26332EB-8750-0A54-9325-77029D9AA1E3&sortorder=desc&column=section HTTP/1.1" 404 -
188.165.212.137 - - [29/Jun/2024:00:40:53 +0200] "GET /ticket2/opencms/de/no/sport/fotballsbilletter/bundesliga/frankfurt/ HTTP/1.1" 404 -
37.187.94.3 - - [29/Jun/2024:00:40:55 +0200] "GET /ticket2/opencms/dk/dk/buy/?page=1&edid=69463D93-1B94-ECEF-559A-83CDF9B19DD4&sortorder=asc&column=row HTTP/1.1" 404 -
216.245.221.83 - - [29/Jun/2024:00:40:56 +0200] "HEAD /ticket2/opencms/ HTTP/1.1" 302 -
192.99.37.124 - - [29/Jun/2024:00:40:56 +0200] "GET /ticket2/opencms/dk/sv/buy/?page=1&edid=A2CCA38D-6150-551E-B9AC-21221F616F2D&sortorder=desc&column=row HTTP/1.1" 404 -
188.165.241.181 - - [29/Jun/2024:00:40:57 +0200] "GET /ticket2/opencms/de/en/venue/?venueid=E063D77E-F5E5-437C-9144-084D408D5EA1 HTTP/1.1" 404 -
216.245.221.83 - - [29/Jun/2024:00:40:59 +0200] "HEAD /ticket2/opencms/en/ HTTP/1.1" 200 -
47.128.49.171 - - [29/Jun/2024:00:40:59 +0200] "GET /ticket2/opencms/nl/buy/?edid=7F8DD7AE-C02D-DBD7-A437-1943525E7DF2 HTTP/1.1" 200 71077
47.128.49.171 - - [29/Jun/2024:00:41:00 +0200] "GET /ticket2/opencms/system/modules/com.gridnine.opencms.ticketbrokerage.site/resources/pics/logo-new.png HTTP/1.1" 200 13541
47.128.49.171 - - [29/Jun/2024:00:41:00 +0200] "GET /ticket2/opencms/system/modules/com.gridnine.opencms.ticketbrokerage.site/resources/pics/bank_4_seb.png HTTP/1.1" 200 2487
47.128.49.171 - - [29/Jun/2024:00:41:01 +0200] "GET /ticket2/opencms/system/modules/com.gridnine.opencms.ticketbrokerage.site/resources/pics/bank_2_handelsbanken.png HTTP/1.1" 200 4509
47.128.49.171 - - [29/Jun/2024:00:41:01 +0200] "GET /ticket2/opencms/system/modules/com.gridnine.opencms.ticketbrokerage.site/resources/pics/bank_1_nordea.png HTTP/1.1" 200 4807
47.128.49.171 - - [29/Jun/2024:00:41:01 +0200] "GET /ticket2/opencms/system/modules/com.gridnine.opencms.ticketbrokerage.site/resources/pics/bank_5_visa_mastercard.png HTTP/1.1" 200 8196
47.128.49.171 - - [29/Jun/2024:00:41:01 +0200] "GET /ticket2/opencms/system/modules/com.gridnine.opencms.ticketbrokerage.site/resources/pics/bank_3_swedbank.png HTTP/1.1" 200 5740
47.128.49.171 - - [29/Jun/2024:00:41:01 +0200] "GET /ticket2/opencms/system/modules/com.gridnine.opencms.ticketbrokerage.site/resources/pics/bank_6_american_express.png HTTP/1.1" 200 5570
192.99.37.124 - - [29/Jun/2024:00:41:02 +0200] "GET /ticket2/opencms/dk/sv/buy/?page=1&edid=A2CCA38D-6150-551E-B9AC-21221F616F2D&sortorder=desc&column=section HTTP/1.1" 404 -
37.187.94.3 - - [29/Jun/2024:00:41:02 +0200] "GET /ticket2/opencms/dk/dk/buy/?page=1&edid=69E0B732-CB5B-1B6A-C087-CBA2F63F2CD1&sortorder=asc&column=section HTTP/1.1" 404 -
47.128.56.246 - - [29/Jun/2024:00:41:03 +0200] "GET /ticket2/opencms/fi/venue/?venueid=17AD70CD-06E0-2606-B2B4-860C9CBEAC08 HTTP/1.1" 200 72991
47.128.56.246 - - [29/Jun/2024:00:41:03 +0200] "GET /ticket2/opencms/system/modules/com.gridnine.opencms.ticketbrokerage.site/resources/pics/logo-new.png HTTP/1.1" 200 13541
66.249.75.168 - - [29/Jun/2024:00:41:03 +0200] "GET /ticket2/opencms/dk/ HTTP/1.1" 200 91647
47.128.56.246 - - [29/Jun/2024:00:41:04 +0200] "GET /ticket2/opencms/venue/boleynground.gif HTTP/1.1" 200 54214
47.128.56.246 - - [29/Jun/2024:00:41:04 +0200] "GET /ticket2/opencms/system/modules/com.gridnine.opencms.ticketbrokerage.site/resources/pics/bank_2_handelsbanken.png HTTP/1.1" 200 4509
47.128.56.246 - - [29/Jun/2024:00:41:04 +0200] "GET /ticket2/opencms/system/modules/com.gridnine.opencms.ticketbrokerage.site/resources/pics/bank_1_nordea.png HTTP/1.1" 200 4807
47.128.56.246 - - [29/Jun/2024:00:41:04 +0200] "GET /ticket2/opencms/system/modules/com.gridnine.opencms.ticketbrokerage.site/resources/pics/bank_3_swedbank.png HTTP/1.1" 200 5740
47.128.56.246 - - [29/Jun/2024:00:41:04 +0200] "GET /ticket2/opencms/system/modules/com.gridnine.opencms.ticketbrokerage.site/resources/pics/bank_6_american_express.png HTTP/1.1" 200 5570
47.128.56.246 - - [29/Jun/2024:00:41:04 +0200] "GET /ticket2/opencms/system/modules/com.gridnine.opencms.ticketbrokerage.site/resources/pics/bank_4_seb.png HTTP/1.1" 200 2487
47.128.56.246 - - [29/Jun/2024:00:41:04 +0200] "GET /ticket2/opencms/system/modules/com.gridnine.opencms.ticketbrokerage.site/resources/pics/bank_5_visa_mastercard.png HTTP/1.1" 200 8196
188.165.241.181 - - [29/Jun/2024:00:41:05 +0200] "GET /ticket2/opencms/de/en/venue/?venueid=E07BF873-3E24-4ED0-36DB-A40D162DA6BE HTTP/1.1" 404 -
52.167.144.163 - - [29/Jun/2024:00:41:05 +0200] "GET /ticket2/opencms/dk/buy?page=1&edid=eb41b390-6af7-f6bb-2724-9d4d4320b605 HTTP/1.1" 200 31
192.99.37.124 - - [29/Jun/2024:00:41:07 +0200] "GET /ticket2/opencms/dk/sv/buy/?page=1&edid=A329EF74-82E6-3A32-ADFF-7AA919B1CA85&sortorder=desc&column=price HTTP/1.1" 404 -
188.165.212.137 - - [29/Jun/2024:00:41:08 +0200] "GET /ticket2/opencms/de/no/sport/fotballsbilletter/bundesliga/freiburg/ HTTP/1.1" 404 -
37.187.94.3 - - [29/Jun/2024:00:41:09 +0200] "GET /ticket2/opencms/dk/dk/buy/?page=1&edid=69E94548-BA2A-A7B0-2E68-692DBBE997E5 HTTP/1.1" 404 -
40.77.167.67 - - [29/Jun/2024:00:41:10 +0200] "GET /ticket2/opencms/dk/venue/?venueid=499F974B-9C10-9479-63CC-4EE8F0CFE55B HTTP/1.1" 200 71804
188.165.241.181 - - [29/Jun/2024:00:41:11 +0200] "GET /ticket2/opencms/de/en/venue/?venueid=E09AF89A-9020-53BC-50AF-C0382954AC29 HTTP/1.1" 404 -
51.222.253.7 - - [29/Jun/2024:00:41:13 +0200] "GET /ticket2/opencms/sv/sport/fotbollsbiljetter/premier_league/west_ham_united/blackburn_rovers.html HTTP/1.1" 200 72771
192.99.37.124 - - [29/Jun/2024:00:41:15 +0200] "GET /ticket2/opencms/dk/sv/buy/?page=1&edid=A329EF74-82E6-3A32-ADFF-7AA919B1CA85&sortorder=desc&column=section HTTP/1.1" 404 -
188.165.212.137 - - [29/Jun/2024:00:41:17 +0200] "GET /ticket2/opencms/de/no/sport/fotballsbilletter/bundesliga/heidenheim/ HTTP/1.1" 404 -
37.187.94.3 - - [29/Jun/2024:00:41:17 +0200] "GET /ticket2/opencms/dk/dk/buy/?page=1&edid=69ECA637-B1BC-8843-E3B6-6D2C7F410569 HTTP/1.1" 404 -
188.165.241.181 - - [29/Jun/2024:00:41:18 +0200] "GET /ticket2/opencms/de/en/venue/?venueid=E0AACC64-AFF5-5004-2F13-64A84D0E8D40 HTTP/1.1" 404 -
192.99.37.124 - - [29/Jun/2024:00:41:24 +0200] "GET /ticket2/opencms/dk/sv/buy/?page=1&edid=A33FAD60-408F-7429-CDAC-9C1828C05187&sortorder=desc&column=price HTTP/1.1" 404 -
188.165.241.181 - - [29/Jun/2024:00:41:24 +0200] "GET /ticket2/opencms/de/en/venue/?venueid=E0B5B71E-1525-E4B8-C2C9-E8B145968FBD HTTP/1.1" 404 -
37.187.94.3 - - [29/Jun/2024:00:41:26 +0200] "GET /ticket2/opencms/dk/dk/buy/?page=1&edid=6A066321-8561-A11B-AAA6-D4F9A8D6BE39&sortorder=asc&column=section HTTP/1.1" 404 -
188.165.212.137 - - [29/Jun/2024:00:41:28 +0200] "GET /ticket2/opencms/de/no/sport/fotballsbilletter/bundesliga/hoffenheim/ HTTP/1.1" 404 -
192.99.37.124 - - [29/Jun/2024:00:41:31 +0200] "GET /ticket2/opencms/dk/sv/buy/?page=1&edid=B583A336-FF8A-4A69-7F8D-3295D9EDD852&sortorder=asc&column=section HTTP/1.1" 404 -
188.165.241.181 - - [29/Jun/2024:00:41:31 +0200] "GET /ticket2/opencms/de/en/venue/?venueid=E0CC7055-3FC4-A5FC-6597-028072A69213 HTTP/1.1" 404 -
185.191.171.2 - - [29/Jun/2024:00:41:36 +0200] "GET /ticket2/opencms/sv/sport/fotbollsbiljetter/english-championship/ipswich-town/ HTTP/1.1" 200 73665
192.99.37.124 - - [29/Jun/2024:00:41:36 +0200] "GET /ticket2/opencms/dk/sv/buy/?page=1&edid=B6212AD0-3917-4B87-D77E-0A47DAD0A500&sortorder=desc&column=section HTTP/1.1" 404 -
85.208.96.203 - - [29/Jun/2024:00:41:37 +0200] "GET /ticket2/opencms/no HTTP/1.1" 200 92442
37.187.94.3 - - [29/Jun/2024:00:41:37 +0200] "GET /ticket2/opencms/dk/dk/buy/?page=1&edid=6A3C718B-AC4D-FF85-FA4B-4274829132AA&sortorder=asc&column=price HTTP/1.1" 404 -
188.165.241.181 - - [29/Jun/2024:00:41:38 +0200] "GET /ticket2/opencms/de/en/venue/?venueid=E10FCD58-11C5-3654-BCB2-8337AC23E995 HTTP/1.1" 404 -
188.165.212.137 - - [29/Jun/2024:00:41:39 +0200] "GET /ticket2/opencms/de/no/sport/fotballsbilletter/bundesliga/koln/ HTTP/1.1" 404 -
192.99.37.124 - - [29/Jun/2024:00:41:43 +0200] "GET /ticket2/opencms/dk/sv/buy/?page=1&edid=B6BE07C8-2C6A-5290-9EE9-E0B0DF45FC77&sortorder=asc&column=price HTTP/1.1" 404 -
188.165.241.181 - - [29/Jun/2024:00:41:44 +0200] "GET /ticket2/opencms/de/en/venue/?venueid=E14E113B-0F23-4425-AB89-F1003AE64F34 HTTP/1.1" 404 -
37.187.94.3 - - [29/Jun/2024:00:41:46 +0200] "GET /ticket2/opencms/dk/dk/buy/?page=1&edid=6A9CAEB5-A533-3B6D-F998-D9CD07CC58D3&sortorder=asc&column=row HTTP/1.1" 404 -
192.99.37.124 - - [29/Jun/2024:00:41:50 +0200] "GET /ticket2/opencms/dk/sv/buy/?page=1&edid=B6BE07C8-2C6A-5290-9EE9-E0B0DF45FC77&sortorder=asc&column=row HTTP/1.1" 404 -
188.165.241.181 - - [29/Jun/2024:00:41:51 +0200] "GET /ticket2/opencms/de/en/venue/?venueid=E15FBAA2-C0CD-9858-4523-F6A4C3FE1D03 HTTP/1.1" 404 -
188.165.212.137 - - [29/Jun/2024:00:41:51 +0200] "GET /ticket2/opencms/de/no/sport/fotballsbilletter/bundesliga/leipzig/ HTTP/1.1" 404 -
37.187.94.3 - - [29/Jun/2024:00:41:55 +0200] "GET /ticket2/opencms/dk/dk/buy/?page=1&edid=6A9CAEB5-A533-3B6D-F998-D9CD07CC58D3&sortorder=asc&column=section HTTP/1.1" 404 -
188.165.241.181 - - [29/Jun/2024:00:41:57 +0200] "GET /ticket2/opencms/de/en/venue/?venueid=E16419C0-E16D-8616-72CD-19175637FF0C HTTP/1.1" 404 -
192.99.37.124 - - [29/Jun/2024:00:41:58 +0200] "GET /ticket2/opencms/dk/sv/buy/?page=1&edid=B6BE07C8-2C6A-5290-9EE9-E0B0DF45FC77&sortorder=asc&column=section HTTP/1.1" 404 -
47.128.123.136 - - [29/Jun/2024:00:41:59 +0200] "GET /ticket2/opencms/fi/venue/?venueid=70DCED0C-DAFB-4CDB-B5CE-E31A25F4FE56 HTTP/1.1" 200 72885
47.128.123.136 - - [29/Jun/2024:00:42:00 +0200] "GET /ticket2/opencms/system/modules/com.gridnine.opencms.ticketbrokerage.site/resources/pics/logo-new.png HTTP/1.1" 200 13541
47.128.123.136 - - [29/Jun/2024:00:42:01 +0200] "GET /ticket2/opencms/system/modules/com.gridnine.opencms.ticketbrokerage.site/resources/pics/bank_1_nordea.png HTTP/1.1" 200 4807
47.128.123.136 - - [29/Jun/2024:00:42:01 +0200] "GET /ticket2/opencms/system/modules/com.gridnine.opencms.ticketbrokerage.site/resources/pics/bank_2_handelsbanken.png HTTP/1.1" 200 4509
47.128.123.136 - - [29/Jun/2024:00:42:01 +0200] "GET /ticket2/opencms/system/modules/com.gridnine.opencms.ticketbrokerage.site/resources/pics/bank_3_swedbank.png HTTP/1.1" 200 5740
47.128.123.136 - - [29/Jun/2024:00:42:01 +0200] "GET /ticket2/opencms/system/modules/com.gridnine.opencms.ticketbrokerage.site/resources/pics/bank_4_seb.png HTTP/1.1" 200 2487
47.128.123.136 - - [29/Jun/2024:00:42:01 +0200] "GET /ticket2/opencms/system/modules/com.gridnine.opencms.ticketbrokerage.site/resources/pics/bank_5_visa_mastercard.png HTTP/1.1" 200 8196
47.128.123.136 - - [29/Jun/2024:00:42:01 +0200] "GET /ticket2/opencms/system/modules/com.gridnine.opencms.ticketbrokerage.site/resources/pics/bank_6_american_express.png HTTP/1.1" 200 5570
37.187.94.3 - - [29/Jun/2024:00:42:02 +0200] "GET /ticket2/opencms/dk/dk/buy/?page=1&edid=6ABA4765-C049-91AE-C20A-276AC18EED3D HTTP/1.1" 404 -
188.165.212.137 - - [29/Jun/2024:00:42:03 +0200] "GET /ticket2/opencms/de/no/sport/fotballsbilletter/bundesliga/mainz/ HTTP/1.1" 404 -
188.165.241.181 - - [29/Jun/2024:00:42:03 +0200] "GET /ticket2/opencms/de/en/venue/?venueid=E182D4A0-2AF1-84A0-6F36-875410C652B9 HTTP/1.1" 404 -
192.99.37.124 - - [29/Jun/2024:00:42:05 +0200] "GET /ticket2/opencms/dk/sv/buy/?page=1&edid=B6BE07C8-2C6A-5290-9EE9-E0B0DF45FC77&sortorder=desc&column=section HTTP/1.1" 404 -
66.249.75.105 - - [29/Jun/2024:00:42:05 +0200] "GET /ticket2/opencms/fi/buy/?page=1&edid=2B877732-5277-2CC6-D9D2-67E5CDEA4143 HTTP/1.1" 200 117948
185.191.171.10 - - [29/Jun/2024:00:42:09 +0200] "GET /ticket2/opencms/sv/magazine/article?title=everton HTTP/1.1" 200 74458
37.187.94.3 - - [29/Jun/2024:00:42:10 +0200] "GET /ticket2/opencms/dk/dk/buy/?page=1&edid=6AE983A8-8157-E40C-3F32-902C2F55F7CC&sortorder=asc&column=price HTTP/1.1" 404 -
188.165.241.181 - - [29/Jun/2024:00:42:10 +0200] "GET /ticket2/opencms/de/en/venue/?venueid=E18D9E3C-49FF-D0D7-7808-6EA122B326E7 HTTP/1.1" 404 -
188.165.212.137 - - [29/Jun/2024:00:42:13 +0200] "GET /ticket2/opencms/de/no/sport/fotballsbilletter/bundesliga/stuttgart/ HTTP/1.1" 404 -
192.99.37.124 - - [29/Jun/2024:00:42:15 +0200] "GET /ticket2/opencms/dk/sv/buy/?page=1&edid=B7273C39-879C-F440-737F-E7FD86E31FD8&sortorder=asc&column=price HTTP/1.1" 404 -
188.165.241.181 - - [29/Jun/2024:00:42:16 +0200] "GET /ticket2/opencms/de/en/venue/?venueid=E1A95987-A971-1F0D-D591-61D0CF30E07F HTTP/1.1" 404 -
37.187.94.3 - - [29/Jun/2024:00:42:17 +0200] "GET /ticket2/opencms/dk/dk/buy/?page=1&edid=6AE983A8-8157-E40C-3F32-902C2F55F7CC&sortorder=asc&column=row HTTP/1.1" 404 -
188.165.212.137 - - [29/Jun/2024:00:42:21 +0200] "GET /ticket2/opencms/de/no/sport/fotballsbilletter/bundesliga/union_berlin/ HTTP/1.1" 404 -
188.165.241.181 - - [29/Jun/2024:00:42:23 +0200] "GET /ticket2/opencms/de/en/venue/?venueid=E1C1AF0B-A1AF-29FD-C99C-5BA6293FC199 HTTP/1.1" 404 -
37.187.94.3 - - [29/Jun/2024:00:42:25 +0200] "GET /ticket2/opencms/dk/dk/buy/?page=1&edid=6AEA7B0B-C565-4F77-5066-1C24C6353E29 HTTP/1.1" 404 -
40.77.167.121 - - [29/Jun/2024:00:42:26 +0200] "GET /ticket2/opencms/en/sell/?edid=66D7854C-CB77-BF50-08AD-031DC22392AB HTTP/1.1" 302 -
192.99.37.124 - - [29/Jun/2024:00:42:27 +0200] "GET /ticket2/opencms/dk/sv/buy/?page=1&edid=B803B6C1-9F6F-90E1-DF22-EB1F0BE495B7&sortorder=asc&column=price HTTP/1.1" 404 -
40.77.167.121 - - [29/Jun/2024:00:42:29 +0200] "GET /ticket2/opencms/en/login/?url=/en/sell/ HTTP/1.1" 200 73431
188.165.241.181 - - [29/Jun/2024:00:42:30 +0200] "GET /ticket2/opencms/de/en/venue/?venueid=E1FDA495-A4B3-5F1B-7AE5-E9A07438E5E1 HTTP/1.1" 404 -
188.165.212.137 - - [29/Jun/2024:00:42:32 +0200] "GET /ticket2/opencms/de/no/sport/fotballsbilletter/bundesliga/werder-bremen/ HTTP/1.1" 404 -
192.99.37.124 - - [29/Jun/2024:00:42:33 +0200] "GET /ticket2/opencms/dk/sv/buy/?page=1&edid=B803B6C1-9F6F-90E1-DF22-EB1F0BE495B7&sortorder=asc&column=row HTTP/1.1" 404 -
188.165.241.181 - - [29/Jun/2024:00:42:36 +0200] "GET /ticket2/opencms/de/en/venue/?venueid=E2096692-E58C-A2FC-0C2A-16356E3525BF HTTP/1.1" 404 -
37.187.94.3 - - [29/Jun/2024:00:42:37 +0200] "GET /ticket2/opencms/dk/dk/buy/?page=1&edid=6B13DB12-697F-ED15-97E7-605831F2F2D1&sortorder=asc&column=price HTTP/1.1" 404 -
216.245.221.83 - - [29/Jun/2024:00:42:39 +0200] "HEAD /ticket2/opencms/ HTTP/1.1" 302 -
192.99.37.124 - - [29/Jun/2024:00:42:39 +0200] "GET /ticket2/opencms/dk/sv/buy/?page=1&edid=B84EA943-9FA7-5E8F-B7C1-165A42AE3743&sortorder=desc&column=price HTTP/1.1" 404 -
216.245.221.83 - - [29/Jun/2024:00:42:39 +0200] "HEAD /ticket2/opencms/en/ HTTP/1.1" 200 -
188.165.212.137 - - [29/Jun/2024:00:42:41 +0200] "GET /ticket2/opencms/de/no/sport/fotballsbilletter/bundesliga/wolfsburg/ HTTP/1.1" 404 -
51.222.253.15 - - [29/Jun/2024:00:42:42 +0200] "GET /ticket2/opencms/sv/sport/fotbollsbiljetter/premier_league/west_ham_united/everton.html HTTP/1.1" 200 72723
188.165.241.181 - - [29/Jun/2024:00:42:43 +0200] "GET /ticket2/opencms/de/en/venue/?venueid=E27C37A8-B6C5-D44D-C533-C3BD6E0498F9 HTTP/1.1" 404 -
37.187.94.3 - - [29/Jun/2024:00:42:43 +0200] "GET /ticket2/opencms/dk/dk/buy/?page=1&edid=6B13DB12-697F-ED15-97E7-605831F2F2D1&sortorder=asc&column=row HTTP/1.1" 404 -
