47.128.116.11 - - [29/Jun/2024:00:29:32 +0200] "GET /ticket2/opencms/system/modules/com.gridnine.opencms.ticketbrokerage.site/resources/pics/bank_4_seb.png HTTP/1.1" 200 2487
47.128.116.11 - - [29/Jun/2024:00:29:32 +0200] "GET /ticket2/opencms/system/modules/com.gridnine.opencms.ticketbrokerage.site/resources/pics/bank_3_swedbank.png HTTP/1.1" 200 5740
47.128.116.11 - - [29/Jun/2024:00:29:32 +0200] "GET /ticket2/opencms/system/modules/com.gridnine.opencms.ticketbrokerage.site/resources/pics/bank_2_handelsbanken.png HTTP/1.1" 200 4509
47.128.116.11 - - [29/Jun/2024:00:29:32 +0200] "GET /ticket2/opencms/system/modules/com.gridnine.opencms.ticketbrokerage.site/resources/pics/bank_6_american_express.png HTTP/1.1" 200 5570
52.167.144.223 - - [29/Jun/2024:00:29:34 +0200] "GET /ticket2/opencms/no/buy/?comcatid=A17713B6-D984-201A-4143-ED4DB5ED5C2E&catid=&npage=4 HTTP/1.1" 200 200851
114.119.140.175 - - [29/Jun/2024:00:29:34 +0200] "GET /ticket2/opencms/en/buy/?page=1&edid=AF97ABE2-861D-FC72-98BD-465ED5205D7B HTTP/1.1" 200 88261
188.165.241.181 - - [29/Jun/2024:00:29:37 +0200] "GET /ticket2/opencms/de/en/venue/?venueid=84B906DE-B460-D444-68C7-D7444F9F1F9B HTTP/1.1" 404 -
65.108.227.178 - - [29/Jun/2024:00:29:39 +0200] "GET /ticket2/opencms/sv/login/?edid=D0FB5A4B-17C3-4A38-CEBF-71E2FC3FB981 HTTP/1.1" 200 74250
188.165.212.137 - - [29/Jun/2024:00:29:39 +0200] "GET /ticket2/opencms/de/nl/buy_safety/leverantie/ HTTP/1.1" 404 -
37.187.94.3 - - [29/Jun/2024:00:29:41 +0200] "GET /ticket2/opencms/dk/dk/buy/?page=1&edid=02A00A05-668A-B57A-1A9F-B82023F1983A&sortorder=asc&column=price HTTP/1.1" 404 -
192.99.37.124 - - [29/Jun/2024:00:29:42 +0200] "GET /ticket2/opencms/dk/sv/buy/?page=1&edid=5B004ED5-15FD-EC78-6553-2B09565E5F76&sortorder=desc&column=row HTTP/1.1" 404 -
40.77.167.20 - - [29/Jun/2024:00:29:46 +0200] "GET /ticket2/opencms/dk/buy?page=1&edid=6B1BC3D5-41D5-1130-8508-F118D3CA5AB9 HTTP/1.1" 200 113936
188.165.212.137 - - [29/Jun/2024:00:29:48 +0200] "GET /ticket2/opencms/de/nl/buying_tickets HTTP/1.1" 404 -
188.165.241.181 - - [29/Jun/2024:00:29:48 +0200] "GET /ticket2/opencms/de/en/venue/?venueid=84B93D8A-8F8E-8AD6-E15A-BD8F16B36685 HTTP/1.1" 404 -
65.108.227.178 - - [29/Jun/2024:00:29:49 +0200] "GET /ticket2/opencms/sv/login/?edid=D1CB1D45-20D9-EFBF-1A5B-85AA4B6CAFCF HTTP/1.1" 200 74250
47.128.40.91 - - [29/Jun/2024:00:29:49 +0200] "GET /ticket2/opencms/fi/buy/?catid=F7FF413B-5FDF-82CF-E5BB-CD4AB6027974&comcatid=97ECA65A-72DA-F9AF-9DBB-245D3CFED1BE&page=6 HTTP/1.1" 200 78241
47.128.40.91 - - [29/Jun/2024:00:29:50 +0200] "GET /ticket2/opencms/system/modules/com.gridnine.opencms.ticketbrokerage.site/resources/pics/logo-new.png HTTP/1.1" 200 13541
47.128.40.91 - - [29/Jun/2024:00:29:50 +0200] "GET /ticket2/opencms/system/modules/com.gridnine.opencms.ticketbrokerage.site/resources/pics/bank_1_nordea.png HTTP/1.1" 200 4807
47.128.40.91 - - [29/Jun/2024:00:29:51 +0200] "GET /ticket2/opencms/system/modules/com.gridnine.opencms.ticketbrokerage.site/resources/pics/bank_2_handelsbanken.png HTTP/1.1" 200 4509
51.222.253.4 - - [29/Jun/2024:00:29:51 +0200] "GET /ticket2/opencms/en/login/ HTTP/1.1" 200 73431
47.128.40.91 - - [29/Jun/2024:00:29:51 +0200] "GET /ticket2/opencms/system/modules/com.gridnine.opencms.ticketbrokerage.site/resources/pics/bank_4_seb.png HTTP/1.1" 200 2487
47.128.40.91 - - [29/Jun/2024:00:29:51 +0200] "GET /ticket2/opencms/system/modules/com.gridnine.opencms.ticketbrokerage.site/resources/pics/bank_3_swedbank.png HTTP/1.1" 200 5740
47.128.40.91 - - [29/Jun/2024:00:29:51 +0200] "GET /ticket2/opencms/system/modules/com.gridnine.opencms.ticketbrokerage.site/resources/pics/bank_5_visa_mastercard.png HTTP/1.1" 200 8196
47.128.40.91 - - [29/Jun/2024:00:29:51 +0200] "GET /ticket2/opencms/system/modules/com.gridnine.opencms.ticketbrokerage.site/resources/pics/bank_6_american_express.png HTTP/1.1" 200 5570
192.99.37.124 - - [29/Jun/2024:00:29:52 +0200] "GET /ticket2/opencms/dk/sv/buy/?page=1&edid=5B2E6B5B-74E9-CD30-D689-B625FF457737&sortorder=asc&column=section HTTP/1.1" 404 -
188.165.212.137 - - [29/Jun/2024:00:29:57 +0200] "GET /ticket2/opencms/de/nl/faq HTTP/1.1" 404 -
188.165.241.181 - - [29/Jun/2024:00:29:59 +0200] "GET /ticket2/opencms/de/en/venue/?venueid=84D3861B-4D20-42D1-DDF1-325CBB312A30 HTTP/1.1" 404 -
65.108.227.178 - - [29/Jun/2024:00:29:59 +0200] "GET /ticket2/opencms/sv/login/?edid=D21C145B-8567-0592-DD00-5CB43087855E HTTP/1.1" 200 74250
192.99.37.124 - - [29/Jun/2024:00:30:01 +0200] "GET /ticket2/opencms/dk/sv/buy/?page=1&edid=5B929FF8-01EF-8AE8-C797-B6F340B4040A&sortorder=desc&column=section HTTP/1.1" 404 -
37.187.94.3 - - [29/Jun/2024:00:30:03 +0200] "GET /ticket2/opencms/dk/dk/buy/?page=1&edid=6148A2B2-D232-D389-97F0-A33D279676EB&sortorder=asc&column=row HTTP/1.1" 404 -
188.165.212.137 - - [29/Jun/2024:00:30:05 +0200] "GET /ticket2/opencms/de/nl/login HTTP/1.1" 404 -
192.99.37.124 - - [29/Jun/2024:00:30:08 +0200] "GET /ticket2/opencms/dk/sv/buy/?page=1&edid=5BFC1C1E-ACCB-EE58-DD34-E65D2A3DFD07&sortorder=asc&column=section HTTP/1.1" 404 -
188.165.241.181 - - [29/Jun/2024:00:30:08 +0200] "GET /ticket2/opencms/de/en/venue/?venueid=84D7889A-E11A-AB47-B40A-66082298581A HTTP/1.1" 404 -
65.108.227.178 - - [29/Jun/2024:00:30:10 +0200] "GET /ticket2/opencms/sv/login/?edid=D26604D9-10EE-2303-F5CC-4DCCFA55FB7D HTTP/1.1" 200 74250
66.249.75.107 - - [29/Jun/2024:00:30:12 +0200] "GET /ticket2/opencms/en/venue/?venueid=00752A38-52C0-4B10-A6B8-353C80635A91 HTTP/1.1" 200 71321
66.249.75.161 - - [29/Jun/2024:00:30:12 +0200] "GET /ticket2/opencms/fi/buy/?page=1&edid=1325AB18-5D52-C38E-8C76-94F6BA2D1A8C HTTP/1.1" 200 86988
188.165.212.137 - - [29/Jun/2024:00:30:14 +0200] "GET /ticket2/opencms/de/nl/login/?url=/nl/sell/ HTTP/1.1" 404 -
65.108.227.178 - - [29/Jun/2024:00:30:18 +0200] "GET /ticket2/opencms/sv/login/?edid=D26F44BA-E875-F594-9FB4-CE27C12E1963 HTTP/1.1" 200 74250
192.99.37.124 - - [29/Jun/2024:00:30:19 +0200] "GET /ticket2/opencms/dk/sv/buy/?page=1&edid=5F550102-BD0D-9AD9-48FB-D8C4093D6711&sortorder=asc&column=row HTTP/1.1" 404 -
188.165.241.181 - - [29/Jun/2024:00:30:19 +0200] "GET /ticket2/opencms/de/en/venue/?venueid=8527116B-A185-5000-BC60-51916E69D597 HTTP/1.1" 404 -
66.249.75.167 - - [29/Jun/2024:00:30:23 +0200] "GET /ticket2/opencms/sites/ticketbrokerage/sv/tickets/everton/bolton_wanderers.html HTTP/1.1" 404 -
188.165.212.137 - - [29/Jun/2024:00:30:24 +0200] "GET /ticket2/opencms/de/nl/selling_tickets/ HTTP/1.1" 404 -
65.108.227.178 - - [29/Jun/2024:00:30:25 +0200] "GET /ticket2/opencms/sv/login/?edid=D2A45732-043F-9648-F6F1-0FB8A1C1603D HTTP/1.1" 200 74250
37.187.94.3 - - [29/Jun/2024:00:30:26 +0200] "GET /ticket2/opencms/dk/dk/buy/?page=1&edid=6148A2B2-D232-D389-97F0-A33D279676EB&sortorder=asc&column=section HTTP/1.1" 404 -
85.208.96.204 - - [29/Jun/2024:00:30:27 +0200] "GET /ticket2/opencms/fi/about/press HTTP/1.1" 200 73968
192.99.37.124 - - [29/Jun/2024:00:30:27 +0200] "GET /ticket2/opencms/dk/sv/buy/?page=1&edid=5FF30AB9-4C2B-5D59-31F0-3F0E1E70CA95&sortorder=asc&column=price HTTP/1.1" 404 -
188.165.241.181 - - [29/Jun/2024:00:30:28 +0200] "GET /ticket2/opencms/de/en/venue/?venueid=853E22E8-AAA5-D638-4DB5-6F3AE80E94F8 HTTP/1.1" 404 -
65.108.227.178 - - [29/Jun/2024:00:30:32 +0200] "GET /ticket2/opencms/sv/login/?edid=D312E8D2-05C6-A8E9-4D62-ADB02195720F HTTP/1.1" 200 74250
188.165.212.137 - - [29/Jun/2024:00:30:35 +0200] "GET /ticket2/opencms/de/nl/sport/ HTTP/1.1" 404 -
192.99.37.124 - - [29/Jun/2024:00:30:35 +0200] "GET /ticket2/opencms/dk/sv/buy/?page=1&edid=600E5724-46EB-08C5-B5E5-D7BD0E0C6B05&sortorder=asc&column=row HTTP/1.1" 404 -
188.165.241.181 - - [29/Jun/2024:00:30:38 +0200] "GET /ticket2/opencms/de/en/venue/?venueid=8682E816-1238-F4DA-A108-AC8CA9D6A4AD HTTP/1.1" 404 -
65.108.227.178 - - [29/Jun/2024:00:30:39 +0200] "GET /ticket2/opencms/sv/login/?edid=D3E6C2F9-4CAF-1B40-D36E-B189A0DFCA56 HTTP/1.1" 200 74250
185.191.171.8 - - [29/Jun/2024:00:30:44 +0200] "GET /ticket2/opencms/sv/sport/fotbollsbiljetter/la_liga/barcelona/ HTTP/1.1" 200 76564
188.165.212.137 - - [29/Jun/2024:00:30:45 +0200] "GET /ticket2/opencms/de/nl/sport/voetbal-tickets/ HTTP/1.1" 404 -
47.128.112.180 - - [29/Jun/2024:00:30:45 +0200] "GET /ticket2/opencms/dk/buy/?catid=8C381435-A1E8-94AF-2C58-D133FCA44A31&comcatid=66708183-7480-3365-06BF-DBF60280AB45 HTTP/1.1" 200 74273
185.191.171.18 - - [29/Jun/2024:00:30:46 +0200] "GET /ticket2/opencms/sv/sport/fotbollsbiljetter/uefa-europa-league/ HTTP/1.1" 200 73259
192.99.37.124 - - [29/Jun/2024:00:30:46 +0200] "GET /ticket2/opencms/dk/sv/buy/?page=1&edid=604ED02B-13F0-F32C-1AAA-D1E8D0471118&sortorder=asc&column=section HTTP/1.1" 404 -
65.108.227.178 - - [29/Jun/2024:00:30:46 +0200] "GET /ticket2/opencms/sv/login/?edid=D3F8E1A5-D4F3-D048-B768-6E518111605C HTTP/1.1" 200 74250
47.128.112.180 - - [29/Jun/2024:00:30:46 +0200] "GET /ticket2/opencms/system/modules/com.gridnine.opencms.ticketbrokerage.site/resources/js/jquery/jquery-ui.js HTTP/1.1" 200 228088
47.128.112.180 - - [29/Jun/2024:00:30:47 +0200] "GET /ticket2/opencms/system/modules/com.gridnine.opencms.ticketbrokerage.site/resources/pics/logo-new.png HTTP/1.1" 200 13541
47.128.112.180 - - [29/Jun/2024:00:30:47 +0200] "GET /ticket2/opencms/system/modules/com.gridnine.opencms.ticketbrokerage.site/resources/pics/bank_4_seb.png HTTP/1.1" 200 2487
47.128.112.180 - - [29/Jun/2024:00:30:47 +0200] "GET /ticket2/opencms/system/modules/com.gridnine.opencms.ticketbrokerage.site/resources/pics/bank_2_handelsbanken.png HTTP/1.1" 200 4509
47.128.112.180 - - [29/Jun/2024:00:30:47 +0200] "GET /ticket2/opencms/system/modules/com.gridnine.opencms.ticketbrokerage.site/resources/pics/bank_1_nordea.png HTTP/1.1" 200 4807
188.165.241.181 - - [29/Jun/2024:00:30:48 +0200] "GET /ticket2/opencms/de/en/venue/?venueid=86A94F85-9F2F-8D78-963D-5E90833F60CD HTTP/1.1" 404 -
47.128.112.180 - - [29/Jun/2024:00:30:48 +0200] "GET /ticket2/opencms/system/modules/com.gridnine.opencms.ticketbrokerage.site/resources/pics/bank_6_american_express.png HTTP/1.1" 200 5570
47.128.112.180 - - [29/Jun/2024:00:30:48 +0200] "GET /ticket2/opencms/system/modules/com.gridnine.opencms.ticketbrokerage.site/resources/pics/bank_3_swedbank.png HTTP/1.1" 200 5740
47.128.112.180 - - [29/Jun/2024:00:30:48 +0200] "GET /ticket2/opencms/system/modules/com.gridnine.opencms.ticketbrokerage.site/resources/pics/bank_5_visa_mastercard.png HTTP/1.1" 200 8196
188.165.212.137 - - [29/Jun/2024:00:30:51 +0200] "GET /ticket2/opencms/de/nl/sport/voetbal-tickets/bundesliga/ HTTP/1.1" 404 -
37.187.94.3 - - [29/Jun/2024:00:30:51 +0200] "GET /ticket2/opencms/dk/dk/buy/?page=1&edid=6148A2B2-D232-D389-97F0-A33D279676EB&sortorder=desc&column=section HTTP/1.1" 404 -
65.108.227.178 - - [29/Jun/2024:00:30:52 +0200] "GET /ticket2/opencms/sv/login/?edid=D421CF40-F847-B0E5-3935-A03A252A248C HTTP/1.1" 200 74250
216.245.221.83 - - [29/Jun/2024:00:30:56 +0200] "HEAD /ticket2/opencms/ HTTP/1.1" 302 -
192.99.37.124 - - [29/Jun/2024:00:30:57 +0200] "GET /ticket2/opencms/dk/sv/buy/?page=1&edid=5B929FF8-01EF-8AE8-C797-B6F340B4040A&sortorder=desc&column=section HTTP/1.1" 404 -
188.165.241.181 - - [29/Jun/2024:00:30:58 +0200] "GET /ticket2/opencms/de/en/venue/?venueid=924F6A71-B6FB-26C5-04CA-1B49F86B9FF1 HTTP/1.1" 404 -
216.245.221.83 - - [29/Jun/2024:00:30:59 +0200] "HEAD /ticket2/opencms/en/ HTTP/1.1" 200 -
188.165.212.137 - - [29/Jun/2024:00:30:59 +0200] "GET /ticket2/opencms/de/nl/sport/voetbal-tickets/bundesliga/bayern-munchen/ HTTP/1.1" 404 -
65.108.227.178 - - [29/Jun/2024:00:31:00 +0200] "GET /ticket2/opencms/sv/login/?edid=D474FB0B-C3F6-48EF-274D-DD0DE7C305C1 HTTP/1.1" 200 74250
51.222.253.5 - - [29/Jun/2024:00:31:06 +0200] "GET /ticket2/opencms/no/buy/?page=6&comcatid=A17713B6-D984-201A-4143-ED4DB5ED5C2E&catid=0A6C99D2-F5BD-7A18-9A5F-5668827042E0&eventid=894DC58A-C9B9-A619-22E1-739D490A607E HTTP/1.1" 200 101714
40.77.167.20 - - [29/Jun/2024:00:31:06 +0200] "GET /ticket2/opencms/no/magazine/article?title=chelsea HTTP/1.1" 200 77624
65.108.227.178 - - [29/Jun/2024:00:31:07 +0200] "GET /ticket2/opencms/sv/login/?edid=D4FCB89D-BA20-8350-F076-D7A9C70EA977 HTTP/1.1" 200 74250
188.165.212.137 - - [29/Jun/2024:00:31:08 +0200] "GET /ticket2/opencms/de/nl/sport/voetbal-tickets/la_liga/ HTTP/1.1" 404 -
188.165.241.181 - - [29/Jun/2024:00:31:09 +0200] "GET /ticket2/opencms/de/en/venue/?venueid=CEBAC815-5D1D-DBE9-245F-8746AEBA6E09 HTTP/1.1" 404 -
66.249.75.161 - - [29/Jun/2024:00:31:14 +0200] "GET /ticket2/opencms/no/buy/?page=1&edid=9CCA4649-2FF5-6A0F-596D-CB67A9F0D3DA HTTP/1.1" 200 89347
192.99.37.124 - - [29/Jun/2024:00:31:15 +0200] "GET /ticket2/opencms/dk/sv/buy/?page=1&edid=5BFC1C1E-ACCB-EE58-DD34-E65D2A3DFD07&sortorder=asc&column=section HTTP/1.1" 404 -
37.187.94.3 - - [29/Jun/2024:00:31:15 +0200] "GET /ticket2/opencms/dk/dk/buy/?page=1&edid=619E7243-1B23-CC7D-76EF-2E2E7EEEE439&sortorder=desc&column=price HTTP/1.1" 404 -
188.165.212.137 - - [29/Jun/2024:00:31:17 +0200] "GET /ticket2/opencms/de/nl/sport/voetbal-tickets/la_liga/barcelona/ HTTP/1.1" 404 -
65.108.227.178 - - [29/Jun/2024:00:31:17 +0200] "GET /ticket2/opencms/sv/login/?edid=D551DDB3-6529-CC93-8CA0-286E42BF5EA0 HTTP/1.1" 200 74250
188.165.241.181 - - [29/Jun/2024:00:31:20 +0200] "GET /ticket2/opencms/de/en/venue/?venueid=CECD7212-C0C4-A2C4-7CE4-4BCC2D51A2B1 HTTP/1.1" 404 -
65.108.227.178 - - [29/Jun/2024:00:31:25 +0200] "GET /ticket2/opencms/sv/login/?edid=D5742773-78DA-401C-AB02-281EE4F8A14C HTTP/1.1" 200 74250
188.165.212.137 - - [29/Jun/2024:00:31:27 +0200] "GET /ticket2/opencms/de/nl/sport/voetbal-tickets/premier_league/ HTTP/1.1" 404 -
192.99.37.124 - - [29/Jun/2024:00:31:28 +0200] "GET /ticket2/opencms/dk/sv/buy/?page=1&edid=5DCA05EE-2292-263B-DA62-C2F76FFEBD2E HTTP/1.1" 404 -
188.165.241.181 - - [29/Jun/2024:00:31:30 +0200] "GET /ticket2/opencms/de/en/venue/?venueid=CEECF1E7-5F75-125A-BBD9-315FE319D489 HTTP/1.1" 404 -
65.108.227.178 - - [29/Jun/2024:00:31:32 +0200] "GET /ticket2/opencms/sv/login/?edid=D588D64F-5A51-B39F-60C7-A9090D7C3320 HTTP/1.1" 200 74250
188.165.212.137 - - [29/Jun/2024:00:31:35 +0200] "GET /ticket2/opencms/de/nl/sport/voetbal-tickets/premier_league/chelsea/ HTTP/1.1" 404 -
192.99.37.124 - - [29/Jun/2024:00:31:39 +0200] "GET /ticket2/opencms/dk/sv/buy/?page=1&edid=5E44DF6E-CFFE-8776-1147-BEA03DBE86D3 HTTP/1.1" 404 -
65.108.227.178 - - [29/Jun/2024:00:31:39 +0200] "GET /ticket2/opencms/sv/login/?edid=D64B5630-A9DF-0854-05CF-2FC43E0CD4B2 HTTP/1.1" 200 74250
188.165.241.181 - - [29/Jun/2024:00:31:40 +0200] "GET /ticket2/opencms/de/en/venue/?venueid=CF199113-9939-2152-B2AE-8CCA2EF584FF HTTP/1.1" 404 -
47.128.118.117 - - [29/Jun/2024:00:31:42 +0200] "GET /ticket2/opencms/robots.txt HTTP/1.1" 200 773
188.165.212.137 - - [29/Jun/2024:00:31:44 +0200] "GET /ticket2/opencms/de/nl/sport/voetbal-tickets/premier_league/liverpool/ HTTP/1.1" 404 -
37.187.94.3 - - [29/Jun/2024:00:31:47 +0200] "GET /ticket2/opencms/dk/dk/buy/?page=1&edid=61A920BB-7501-6BA5-BF61-F395A116E7BC&sortorder=asc&column=section HTTP/1.1" 404 -
47.128.40.61 - - [29/Jun/2024:00:31:48 +0200] "GET /ticket2/opencms/nl/buy/?edid=6A920F16-DD42-2262-3AA2-B83D5743F13A HTTP/1.1" 200 71077
188.165.241.181 - - [29/Jun/2024:00:31:49 +0200] "GET /ticket2/opencms/de/en/venue/?venueid=CF4F6857-3656-68CA-213F-13DFDEA6A33E HTTP/1.1" 404 -
47.128.40.61 - - [29/Jun/2024:00:31:50 +0200] "GET /ticket2/opencms/system/modules/com.gridnine.opencms.ticketbrokerage.site/resources/pics/logo-new.png HTTP/1.1" 200 13541
188.165.212.137 - - [29/Jun/2024:00:31:50 +0200] "GET /ticket2/opencms/de/nl/sport/voetbal-tickets/premier_league/manchester_united/ HTTP/1.1" 404 -
47.128.40.61 - - [29/Jun/2024:00:31:50 +0200] "GET /ticket2/opencms/system/modules/com.gridnine.opencms.ticketbrokerage.site/resources/pics/bank_1_nordea.png HTTP/1.1" 200 4807
65.108.227.178 - - [29/Jun/2024:00:31:50 +0200] "GET /ticket2/opencms/sv/login/?edid=D674E225-32EA-F579-E85F-062083D198CF HTTP/1.1" 200 74250
47.128.40.61 - - [29/Jun/2024:00:31:50 +0200] "GET /ticket2/opencms/system/modules/com.gridnine.opencms.ticketbrokerage.site/resources/pics/bank_2_handelsbanken.png HTTP/1.1" 200 4509
192.99.37.124 - - [29/Jun/2024:00:31:50 +0200] "GET /ticket2/opencms/dk/sv/buy/?page=1&edid=60502773-C20A-1EE2-BF35-42077AC5911F&sortorder=desc&column=price HTTP/1.1" 404 -
47.128.40.61 - - [29/Jun/2024:00:31:51 +0200] "GET /ticket2/opencms/system/modules/com.gridnine.opencms.ticketbrokerage.site/resources/pics/bank_6_american_express.png HTTP/1.1" 200 5570
47.128.40.61 - - [29/Jun/2024:00:31:51 +0200] "GET /ticket2/opencms/system/modules/com.gridnine.opencms.ticketbrokerage.site/resources/pics/bank_5_visa_mastercard.png HTTP/1.1" 200 8196
47.128.40.61 - - [29/Jun/2024:00:31:51 +0200] "GET /ticket2/opencms/system/modules/com.gridnine.opencms.ticketbrokerage.site/resources/pics/bank_3_swedbank.png HTTP/1.1" 200 5740
47.128.40.61 - - [29/Jun/2024:00:31:51 +0200] "GET /ticket2/opencms/system/modules/com.gridnine.opencms.ticketbrokerage.site/resources/pics/bank_4_seb.png HTTP/1.1" 200 2487
65.108.227.178 - - [29/Jun/2024:00:31:58 +0200] "GET /ticket2/opencms/sv/login/?edid=D78F0C94-8501-C39F-E00E-C88362DE2B32 HTTP/1.1" 200 74250
188.165.241.181 - - [29/Jun/2024:00:31:58 +0200] "GET /ticket2/opencms/de/en/venue/?venueid=CF8BB779-4BC6-8B01-D4A8-0A2A545FA9DD HTTP/1.1" 404 -
188.165.212.137 - - [29/Jun/2024:00:31:58 +0200] "GET /ticket2/opencms/de/nl/sport/voetbal-tickets/premier_league/tottenham/ HTTP/1.1" 404 -
37.187.94.3 - - [29/Jun/2024:00:32:03 +0200] "GET /ticket2/opencms/dk/dk/buy/?page=1&edid=61E71578-689B-B247-38A0-8B93EBFFC4CC&sortorder=asc&column=section HTTP/1.1" 404 -
65.108.227.178 - - [29/Jun/2024:00:32:04 +0200] "GET /ticket2/opencms/sv/login/?edid=D794FAB8-B9EC-5EF3-86BF-E61555A7E1A8 HTTP/1.1" 200 74250
185.191.171.13 - - [29/Jun/2024:00:32:04 +0200] "GET /ticket2/opencms/sv/sport/fotbollsbiljetter/ligue_1/marseille/ HTTP/1.1" 200 73342
192.99.37.124 - - [29/Jun/2024:00:32:04 +0200] "GET /ticket2/opencms/dk/sv/buy/?page=1&edid=62BA155C-F29C-151E-4E65-60DE9487BEFC&sortorder=asc&column=price HTTP/1.1" 404 -
188.165.212.137 - - [29/Jun/2024:00:32:06 +0200] "GET /ticket2/opencms/de/nl/sport/voetbal-tickets/serie_a/ HTTP/1.1" 404 -
188.165.241.181 - - [29/Jun/2024:00:32:08 +0200] "GET /ticket2/opencms/de/en/venue/?venueid=CF91071C-3412-BA8E-033B-F6FD610B69D5 HTTP/1.1" 404 -
216.244.66.237 - - [29/Jun/2024:00:32:10 +0200] "GET /ticket2/opencms/dk/robots.txt HTTP/1.1" 404 -
216.244.66.237 - - [29/Jun/2024:00:32:10 +0200] "GET /ticket2/opencms/dk/robots.txt HTTP/1.1" 404 -
40.77.167.15 - - [29/Jun/2024:00:32:12 +0200] "GET /ticket2/opencms/en/affiliateprogram.html HTTP/1.1" 200 71589
188.165.212.137 - - [29/Jun/2024:00:32:12 +0200] "GET /ticket2/opencms/de/nl/sport/voetbal-tickets/uefa-champions-league/ HTTP/1.1" 404 -
51.222.253.2 - - [29/Jun/2024:00:32:13 +0200] "GET /ticket2/opencms/dk/venue/?venueid=926D0C4B-2C69-EBC6-792F-B301AF32C1A0 HTTP/1.1" 200 71903
65.108.227.178 - - [29/Jun/2024:00:32:14 +0200] "GET /ticket2/opencms/sv/login/?edid=D7E9CE50-42B5-5263-3DE7-3A8324966326 HTTP/1.1" 200 74250
66.249.75.162 - - [29/Jun/2024:00:32:15 +0200] "GET /ticket2/opencms/no/sport/fotballsbilletter/premier_league/aston_villa/ HTTP/1.1" 200 86021
188.165.241.181 - - [29/Jun/2024:00:32:18 +0200] "GET /ticket2/opencms/de/en/venue/?venueid=D04DA2B1-F40A-DB32-0B82-87293ED21BA3 HTTP/1.1" 404 -
188.165.212.137 - - [29/Jun/2024:00:32:19 +0200] "GET /ticket2/opencms/de/nl/standard/ HTTP/1.1" 404 -
192.99.37.124 - - [29/Jun/2024:00:32:20 +0200] "GET /ticket2/opencms/dk/sv/buy/?page=1&edid=64784D6B-8B67-3AC8-EF42-17E02029D94B&sortorder=desc&column=section HTTP/1.1" 404 -
65.108.227.178 - - [29/Jun/2024:00:32:21 +0200] "GET /ticket2/opencms/sv/login/?edid=D80743E0-8285-D4ED-834A-4A12B7A12415 HTTP/1.1" 200 74250
188.165.212.137 - - [29/Jun/2024:00:32:27 +0200] "GET /ticket2/opencms/de/nl/terms_of_service/ HTTP/1.1" 404 -
65.108.227.178 - - [29/Jun/2024:00:32:27 +0200] "GET /ticket2/opencms/sv/login/?edid=D9257C26-0B9E-2D6D-F356-D4A6183F3425 HTTP/1.1" 200 74250
188.165.241.181 - - [29/Jun/2024:00:32:27 +0200] "GET /ticket2/opencms/de/en/venue/?venueid=D0F17778-E0A6-1370-8553-524BD9DBB22F HTTP/1.1" 404 -
192.99.37.124 - - [29/Jun/2024:00:32:30 +0200] "GET /ticket2/opencms/dk/sv/buy/?page=1&edid=6622D482-9366-79F2-615D-5ED4BBEA7CC7&sortorder=desc&column=row HTTP/1.1" 404 -
65.108.227.178 - - [29/Jun/2024:00:32:31 +0200] "GET /ticket2/opencms/sv/login/?edid=D9D9A3C8-5FC6-C7A1-C780-991E9911A268 HTTP/1.1" 200 74250
37.187.94.3 - - [29/Jun/2024:00:32:32 +0200] "GET /ticket2/opencms/dk/dk/buy/?page=1&edid=626D6770-17E9-BC21-0111-AAFA15CA9F3B HTTP/1.1" 404 -
188.165.212.137 - - [29/Jun/2024:00:32:34 +0200] "GET /ticket2/opencms/de/no/about/ HTTP/1.1" 404 -
188.165.241.181 - - [29/Jun/2024:00:32:37 +0200] "GET /ticket2/opencms/de/en/venue/?venueid=D10220DB-AAF6-E84A-D2D4-5A9FE554E837 HTTP/1.1" 404 -
65.108.227.178 - - [29/Jun/2024:00:32:37 +0200] "GET /ticket2/opencms/sv/login/?edid=DA2C6148-8740-A29A-86BA-E1809618A0DC HTTP/1.1" 200 74250
47.128.25.4 - - [29/Jun/2024:00:32:38 +0200] "GET /ticket2/opencms/fi/venue/?countryid=93055F81-99D6-0EE6-3CC8-FB4301992434 HTTP/1.1" 200 102292
47.128.25.4 - - [29/Jun/2024:00:32:39 +0200] "GET /ticket2/opencms/system/modules/com.gridnine.opencms.ticketbrokerage.site/resources/pics/logo-new.png HTTP/1.1" 200 13541
216.245.221.83 - - [29/Jun/2024:00:32:39 +0200] "HEAD /ticket2/opencms/ HTTP/1.1" 302 -
47.128.25.4 - - [29/Jun/2024:00:32:39 +0200] "GET /ticket2/opencms/system/modules/com.gridnine.opencms.ticketbrokerage.site/resources/pics/bank_1_nordea.png HTTP/1.1" 200 4807
47.128.25.4 - - [29/Jun/2024:00:32:39 +0200] "GET /ticket2/opencms/system/modules/com.gridnine.opencms.ticketbrokerage.site/resources/pics/bank_6_american_express.png HTTP/1.1" 200 5570
47.128.25.4 - - [29/Jun/2024:00:32:40 +0200] "GET /ticket2/opencms/system/modules/com.gridnine.opencms.ticketbrokerage.site/resources/pics/bank_2_handelsbanken.png HTTP/1.1" 200 4509
216.245.221.83 - - [29/Jun/2024:00:32:40 +0200] "HEAD /ticket2/opencms/en/ HTTP/1.1" 200 -
47.128.25.4 - - [29/Jun/2024:00:32:40 +0200] "GET /ticket2/opencms/system/modules/com.gridnine.opencms.ticketbrokerage.site/resources/pics/bank_3_swedbank.png HTTP/1.1" 200 5740
47.128.25.4 - - [29/Jun/2024:00:32:40 +0200] "GET /ticket2/opencms/system/modules/com.gridnine.opencms.ticketbrokerage.site/resources/pics/bank_5_visa_mastercard.png HTTP/1.1" 200 8196
47.128.25.4 - - [29/Jun/2024:00:32:40 +0200] "GET /ticket2/opencms/system/modules/com.gridnine.opencms.ticketbrokerage.site/resources/pics/bank_4_seb.png HTTP/1.1" 200 2487
188.165.212.137 - - [29/Jun/2024:00:32:41 +0200] "GET /ticket2/opencms/de/no/about/contact HTTP/1.1" 404 -
65.108.227.178 - - [29/Jun/2024:00:32:44 +0200] "GET /ticket2/opencms/sv/login/?edid=DACC7237-3037-15C9-1730-2E38BAB3AE84 HTTP/1.1" 200 74250
188.165.241.181 - - [29/Jun/2024:00:32:45 +0200] "GET /ticket2/opencms/de/en/venue/?venueid=D178ABDF-6A2C-BDD5-DC03-AE8E4C0C9952 HTTP/1.1" 404 -
192.99.37.124 - - [29/Jun/2024:00:32:45 +0200] "GET /ticket2/opencms/dk/sv/buy/?page=1&edid=6622D482-9366-79F2-615D-5ED4BBEA7CC7&sortorder=desc&column=section HTTP/1.1" 404 -
188.165.212.137 - - [29/Jun/2024:00:32:47 +0200] "GET /ticket2/opencms/de/no/about/press HTTP/1.1" 404 -
85.208.96.198 - - [29/Jun/2024:00:32:53 +0200] "GET /ticket2/opencms/en/about/ HTTP/1.1" 200 70933
65.108.227.178 - - [29/Jun/2024:00:32:54 +0200] "GET /ticket2/opencms/sv/login/?edid=DAF758C3-0637-6928-453A-7E28B156FEBF HTTP/1.1" 200 74250
188.165.241.181 - - [29/Jun/2024:00:32:55 +0200] "GET /ticket2/opencms/de/en/venue/?venueid=D18D6787-79C9-168D-043E-699F3EFDABDE HTTP/1.1" 404 -
185.191.171.7 - - [29/Jun/2024:00:32:56 +0200] "GET /ticket2/opencms/sv/sport/hockeybiljetter/nhl/New_Jersey_Devils/ HTTP/1.1" 200 75069
188.165.212.137 - - [29/Jun/2024:00:32:56 +0200] "GET /ticket2/opencms/de/no/affiliateprogram.html HTTP/1.1" 404 -
192.99.37.124 - - [29/Jun/2024:00:32:57 +0200] "GET /ticket2/opencms/dk/sv/buy/?page=1&edid=67B3819E-C203-F7C9-1C5C-2A1AF592C733&sortorder=desc&column=row HTTP/1.1" 404 -
37.187.94.3 - - [29/Jun/2024:00:32:59 +0200] "GET /ticket2/opencms/dk/dk/buy/?page=1&edid=627BF5EC-6240-2A46-0193-C651C9FF6656&sortorder=asc&column=row HTTP/1.1" 404 -
65.108.227.178 - - [29/Jun/2024:00:33:00 +0200] "GET /ticket2/opencms/sv/login/?edid=DB72B9D9-5163-5865-DEBD-45A3373447C2 HTTP/1.1" 200 74250
188.165.241.181 - - [29/Jun/2024:00:33:05 +0200] "GET /ticket2/opencms/de/en/venue/?venueid=D198E605-58F6-945B-9B95-FBB903185288 HTTP/1.1" 404 -
188.165.212.137 - - [29/Jun/2024:00:33:05 +0200] "GET /ticket2/opencms/de/no/buy/ HTTP/1.1" 404 -
65.108.227.178 - - [29/Jun/2024:00:33:06 +0200] "GET /ticket2/opencms/sv/login/?edid=DBAFD05C-928A-8ED7-774B-7E320D4BC50F HTTP/1.1" 200 74250
192.99.37.124 - - [29/Jun/2024:00:33:07 +0200] "GET /ticket2/opencms/dk/sv/buy/?page=1&edid=68573C32-5F8D-AC1E-AD14-28E520160FCD HTTP/1.1" 404 -
188.165.212.137 - - [29/Jun/2024:00:33:13 +0200] "GET /ticket2/opencms/de/no/buy/?page=6&comcatid=97ECA65A-72DA-F9AF-9DBB-245D3CFED1BE&catid=F7F89B9B-6697-7881-54AE-4C39276BF1B8 HTTP/1.1" 404 -
188.165.241.181 - - [29/Jun/2024:00:33:14 +0200] "GET /ticket2/opencms/de/en/venue/?venueid=D19A982C-B1EB-8019-1FA9-9A600ECA6A35 HTTP/1.1" 404 -
65.108.227.178 - - [29/Jun/2024:00:33:14 +0200] "GET /ticket2/opencms/sv/login/?edid=DC4450D6-9DF5-C966-75BC-2DB9B2B69FF0 HTTP/1.1" 200 74250
66.249.72.103 - - [29/Jun/2024:00:33:19 +0200] "GET /ticket2/opencms/dk HTTP/1.1" 200 91647
66.249.75.162 - - [29/Jun/2024:00:33:20 +0200] "GET /ticket2/opencms/no/buy/?page=1&edid=0A6F6809-BCD9-C757-92AF-682C157889A7 HTTP/1.1" 200 88016
188.165.212.137 - - [29/Jun/2024:00:33:22 +0200] "GET /ticket2/opencms/de/no/buy/?page=6&id=F7F89B9B-6697-7881-54AE-4C39276BF1B8 HTTP/1.1" 404 -
188.165.241.181 - - [29/Jun/2024:00:33:23 +0200] "GET /ticket2/opencms/de/en/venue/?venueid=D1B15D6A-DFE3-C6C9-6105-566E2A2AD03F HTTP/1.1" 404 -
37.187.94.3 - - [29/Jun/2024:00:33:26 +0200] "GET /ticket2/opencms/dk/dk/buy/?page=1&edid=628F4DF2-B1DD-1FFD-DE4A-2FE8F126DCD2&sortorder=asc&column=section HTTP/1.1" 404 -
65.108.227.178 - - [29/Jun/2024:00:33:27 +0200] "GET /ticket2/opencms/sv/login/?edid=DC7DFF93-94C2-6C63-4640-F8E824EF374F HTTP/1.1" 200 74250
192.99.37.124 - - [29/Jun/2024:00:33:27 +0200] "GET /ticket2/opencms/dk/sv/buy/?page=1&edid=692B8492-DE39-CE0A-5DD9-8A50CFDEC51D&sortorder=desc&column=row HTTP/1.1" 404 -
51.222.253.15 - - [29/Jun/2024:00:33:28 +0200] "GET /ticket2/opencms/dk/venue/?venueid=AF7AB334-FB2A-404A-5CA9-FF51802C5A92 HTTP/1.1" 200 71870
188.165.212.137 - - [29/Jun/2024:00:33:32 +0200] "GET /ticket2/opencms/de/no/buy?page=1&edid=02717DFD-516F-F288-43FD-93598E319E97 HTTP/1.1" 404 -
188.165.241.181 - - [29/Jun/2024:00:33:33 +0200] "GET /ticket2/opencms/de/en/venue/?venueid=D1E3CA2F-D440-9494-7505-2287047FEB0E HTTP/1.1" 404 -
47.128.118.134 - - [29/Jun/2024:00:33:34 +0200] "GET /ticket2/opencms/fi/venue/?venueid=8F5E4425-8141-7E8A-A807-2D9CCA042D40 HTTP/1.1" 200 72929
47.128.118.134 - - [29/Jun/2024:00:33:35 +0200] "GET /ticket2/opencms/system/modules/com.gridnine.opencms.ticketbrokerage.site/resources/pics/logo-new.png HTTP/1.1" 200 13541
47.128.118.134 - - [29/Jun/2024:00:33:35 +0200] "GET /ticket2/opencms/system/modules/com.gridnine.opencms.ticketbrokerage.site/resources/pics/bank_1_nordea.png HTTP/1.1" 200 4807
47.128.118.134 - - [29/Jun/2024:00:33:35 +0200] "GET /ticket2/opencms/system/modules/com.gridnine.opencms.ticketbrokerage.site/resources/pics/bank_2_handelsbanken.png HTTP/1.1" 200 4509
47.128.118.134 - - [29/Jun/2024:00:33:36 +0200] "GET /ticket2/opencms/system/modules/com.gridnine.opencms.ticketbrokerage.site/resources/pics/bank_3_swedbank.png HTTP/1.1" 200 5740
47.128.118.134 - - [29/Jun/2024:00:33:36 +0200] "GET /ticket2/opencms/system/modules/com.gridnine.opencms.ticketbrokerage.site/resources/pics/bank_5_visa_mastercard.png HTTP/1.1" 200 8196
47.128.118.134 - - [29/Jun/2024:00:33:36 +0200] "GET /ticket2/opencms/system/modules/com.gridnine.opencms.ticketbrokerage.site/resources/pics/bank_4_seb.png HTTP/1.1" 200 2487
47.128.118.134 - - [29/Jun/2024:00:33:36 +0200] "GET /ticket2/opencms/system/modules/com.gridnine.opencms.ticketbrokerage.site/resources/pics/bank_6_american_express.png HTTP/1.1" 200 5570
192.99.37.124 - - [29/Jun/2024:00:33:38 +0200] "GET /ticket2/opencms/dk/sv/buy/?page=1&edid=692B8492-DE39-CE0A-5DD9-8A50CFDEC51D&sortorder=desc&column=section HTTP/1.1" 404 -
188.165.212.137 - - [29/Jun/2024:00:33:42 +0200] "GET /ticket2/opencms/de/no/buy?page=1&edid=1260CE5D-7BE1-B121-0CBF-652705BD383D HTTP/1.1" 404 -
188.165.241.181 - - [29/Jun/2024:00:33:43 +0200] "GET /ticket2/opencms/de/en/venue/?venueid=D1E3D72D-8E07-9A29-868C-678E69048B2D HTTP/1.1" 404 -
65.108.227.178 - - [29/Jun/2024:00:33:43 +0200] "GET /ticket2/opencms/sv/login/?edid=DCE3E4CD-1151-6C5F-682C-AD1387C261F1 HTTP/1.1" 200 74250
114.119.137.43 - - [29/Jun/2024:00:33:47 +0200] "GET /ticket2/opencms/en/buy/?page=1&edid=993092BB-8F44-ECBF-526F-3AFAC651B784 HTTP/1.1" 200 85171
188.165.241.181 - - [29/Jun/2024:00:33:49 +0200] "GET /ticket2/opencms/de/en/venue/?venueid=D26EFF68-2001-3A5E-1E6D-2A7DCC895275 HTTP/1.1" 404 -
37.187.94.3 - - [29/Jun/2024:00:33:49 +0200] "GET /ticket2/opencms/dk/dk/buy/?page=1&edid=62AFF885-1ED6-9E4D-919B-D2AE6BC8EB02&sortorder=asc&column=price HTTP/1.1" 404 -
192.99.37.124 - - [29/Jun/2024:00:33:50 +0200] "GET /ticket2/opencms/dk/sv/buy/?page=1&edid=6A9CAEB5-A533-3B6D-F998-D9CD07CC58D3&sortorder=asc&column=section HTTP/1.1" 404 -
188.165.212.137 - - [29/Jun/2024:00:33:52 +0200] "GET /ticket2/opencms/de/no/buy?page=1&edid=155A8AD9-1DB8-C195-1912-F1BA2EAEC8CF HTTP/1.1" 404 -
65.108.227.178 - - [29/Jun/2024:00:33:53 +0200] "GET /ticket2/opencms/sv/login/?edid=DCF54FA8-19CD-CA17-1D1B-578519A18647 HTTP/1.1" 200 74250
188.165.241.181 - - [29/Jun/2024:00:33:58 +0200] "GET /ticket2/opencms/de/en/venue/?venueid=D27631CC-9A79-6271-DD99-90FDCD0CA570 HTTP/1.1" 404 -
192.99.37.124 - - [29/Jun/2024:00:33:59 +0200] "GET /ticket2/opencms/dk/sv/buy/?page=1&edid=6ABA4765-C049-91AE-C20A-276AC18EED3D&sortorder=desc&column=price HTTP/1.1" 404 -
188.165.212.137 - - [29/Jun/2024:00:34:00 +0200] "GET /ticket2/opencms/de/no/buy?page=1&edid=19E84C52-A446-E058-5C60-ACFF6737EAAA HTTP/1.1" 404 -
65.108.227.178 - - [29/Jun/2024:00:34:04 +0200] "GET /ticket2/opencms/sv/login/?edid=DE4904C5-7D6D-0A94-9EF1-CEB0137BB8A5 HTTP/1.1" 200 74250
188.165.241.181 - - [29/Jun/2024:00:34:07 +0200] "GET /ticket2/opencms/de/en/venue/?venueid=D2A04531-4578-B370-DA30-4D01DE169890 HTTP/1.1" 404 -
47.128.112.120 - - [29/Jun/2024:00:34:08 +0200] "GET /ticket2/opencms/nl/buy/?edid=81CABF18-BA6D-C79B-B74D-94D66EB07C86 HTTP/1.1" 200 71077
47.128.112.120 - - [29/Jun/2024:00:34:08 +0200] "GET /ticket2/opencms/system/modules/com.gridnine.opencms.ticketbrokerage.site/resources/pics/logo-new.png HTTP/1.1" 200 13541
47.128.112.120 - - [29/Jun/2024:00:34:09 +0200] "GET /ticket2/opencms/system/modules/com.gridnine.opencms.ticketbrokerage.site/resources/pics/bank_1_nordea.png HTTP/1.1" 200 4807
47.128.112.120 - - [29/Jun/2024:00:34:09 +0200] "GET /ticket2/opencms/system/modules/com.gridnine.opencms.ticketbrokerage.site/resources/pics/bank_4_seb.png HTTP/1.1" 200 2487
47.128.112.120 - - [29/Jun/2024:00:34:09 +0200] "GET /ticket2/opencms/system/modules/com.gridnine.opencms.ticketbrokerage.site/resources/pics/bank_5_visa_mastercard.png HTTP/1.1" 200 8196
47.128.112.120 - - [29/Jun/2024:00:34:09 +0200] "GET /ticket2/opencms/system/modules/com.gridnine.opencms.ticketbrokerage.site/resources/pics/bank_3_swedbank.png HTTP/1.1" 200 5740
47.128.112.120 - - [29/Jun/2024:00:34:09 +0200] "GET /ticket2/opencms/system/modules/com.gridnine.opencms.ticketbrokerage.site/resources/pics/bank_2_handelsbanken.png HTTP/1.1" 200 4509
47.128.112.120 - - [29/Jun/2024:00:34:09 +0200] "GET /ticket2/opencms/system/modules/com.gridnine.opencms.ticketbrokerage.site/resources/pics/bank_6_american_express.png HTTP/1.1" 200 5570
37.187.94.3 - - [29/Jun/2024:00:34:09 +0200] "GET /ticket2/opencms/dk/dk/buy/?page=1&edid=62AFF885-1ED6-9E4D-919B-D2AE6BC8EB02&sortorder=asc&column=section HTTP/1.1" 404 -
188.165.212.137 - - [29/Jun/2024:00:34:10 +0200] "GET /ticket2/opencms/de/no/buy?page=1&edid=1D48D9F1-14CC-80C6-EB88-E10E851CDB7B HTTP/1.1" 404 -
192.99.37.124 - - [29/Jun/2024:00:34:11 +0200] "GET /ticket2/opencms/dk/sv/buy/?page=1&edid=6ABA4765-C049-91AE-C20A-276AC18EED3D&sortorder=desc&column=row HTTP/1.1" 404 -
188.165.241.181 - - [29/Jun/2024:00:34:15 +0200] "GET /ticket2/opencms/de/en/venue/?venueid=D2C0F5B4-1573-341C-5259-5AC0A43EDC76 HTTP/1.1" 404 -
65.108.227.178 - - [29/Jun/2024:00:34:17 +0200] "GET /ticket2/opencms/sv/login/?edid=DEB0AD3F-C885-34D9-04FD-B4B560D5B6DE HTTP/1.1" 200 74250
188.165.212.137 - - [29/Jun/2024:00:34:19 +0200] "GET /ticket2/opencms/de/no/buy?page=1&edid=224E301E-62C2-7FAB-1E09-EB70E2A87B16 HTTP/1.1" 404 -
66.249.76.166 - - [29/Jun/2024:00:34:23 +0200] "GET /ticket2/opencms/sv/venue/?venueid=774CE0C8-BD49-BECE-B867-F0D360E1A586 HTTP/1.1" 200 72151
192.99.37.124 - - [29/Jun/2024:00:34:23 +0200] "GET /ticket2/opencms/dk/sv/buy/?page=1&edid=6ABA4765-C049-91AE-C20A-276AC18EED3D&sortorder=desc&column=section HTTP/1.1" 404 -
66.249.75.97 - - [29/Jun/2024:00:34:23 +0200] "GET /ticket2/opencms/en/venue/?venueid=43CA93E8-7019-BD08-6A52-02613BB0F965 HTTP/1.1" 200 71317
188.165.241.181 - - [29/Jun/2024:00:34:24 +0200] "GET /ticket2/opencms/de/en/venue/?venueid=D2C20C7F-68AD-13DD-DE5C-40A1EAAE528A HTTP/1.1" 404 -
65.108.227.178 - - [29/Jun/2024:00:34:26 +0200] "GET /ticket2/opencms/sv/login/?edid=DF6704C5-3A03-EB73-67F1-C079AC83E6B0 HTTP/1.1" 200 74250
37.187.94.3 - - [29/Jun/2024:00:34:26 +0200] "GET /ticket2/opencms/dk/dk/buy/?page=1&edid=630F66AA-2555-9F07-EE99-2EFC18D9329C&sortorder=desc&column=price HTTP/1.1" 404 -
188.165.212.137 - - [29/Jun/2024:00:34:28 +0200] "GET /ticket2/opencms/de/no/buy?page=1&edid=2504116F-9B00-F8B9-A7E6-66686A6BE7BB HTTP/1.1" 404 -
47.128.52.155 - - [29/Jun/2024:00:34:31 +0200] "GET /ticket2/opencms/fi/venue/?venueid=B18A9751-F623-D6A1-1017-3C94514B7B65 HTTP/1.1" 200 72909
192.99.37.124 - - [29/Jun/2024:00:34:33 +0200] "GET /ticket2/opencms/dk/sv/buy/?page=1&edid=6AE983A8-8157-E40C-3F32-902C2F55F7CC&sortorder=desc&column=section HTTP/1.1" 404 -
188.165.241.181 - - [29/Jun/2024:00:34:34 +0200] "GET /ticket2/opencms/de/en/venue/?venueid=D2E7742E-B3AB-CC80-7552-271DAD847F3D HTTP/1.1" 404 -
47.128.52.155 - - [29/Jun/2024:00:34:35 +0200] "GET /ticket2/opencms/system/modules/com.gridnine.opencms.ticketbrokerage.site/resources/pics/logo-new.png HTTP/1.1" 200 13541
114.119.130.175 - - [29/Jun/2024:00:34:35 +0200] "GET /ticket2/opencms/en/buy/?page=1&edid=AF060661-9056-165F-A29B-9E0A6ECE5167 HTTP/1.1" 200 88363
188.165.212.137 - - [29/Jun/2024:00:34:36 +0200] "GET /ticket2/opencms/de/no/buy?page=1&edid=2C628F37-50C8-6D86-55F0-9E385D7A6FB4 HTTP/1.1" 404 -
65.108.227.178 - - [29/Jun/2024:00:34:36 +0200] "GET /ticket2/opencms/sv/login/?edid=DF831646-EB81-8030-C88A-E153CD46EDDF HTTP/1.1" 200 74250
47.128.52.155 - - [29/Jun/2024:00:34:37 +0200] "GET /ticket2/opencms/system/modules/com.gridnine.opencms.ticketbrokerage.site/resources/pics/bank_1_nordea.png HTTP/1.1" 200 4807
47.128.52.155 - - [29/Jun/2024:00:34:37 +0200] "GET /ticket2/opencms/system/modules/com.gridnine.opencms.ticketbrokerage.site/resources/pics/bank_2_handelsbanken.png HTTP/1.1" 200 4509
47.128.52.155 - - [29/Jun/2024:00:34:38 +0200] "GET /ticket2/opencms/system/modules/com.gridnine.opencms.ticketbrokerage.site/resources/pics/bank_3_swedbank.png HTTP/1.1" 200 5740
47.128.52.155 - - [29/Jun/2024:00:34:38 +0200] "GET /ticket2/opencms/system/modules/com.gridnine.opencms.ticketbrokerage.site/resources/pics/bank_4_seb.png HTTP/1.1" 200 2487
47.128.52.155 - - [29/Jun/2024:00:34:38 +0200] "GET /ticket2/opencms/system/modules/com.gridnine.opencms.ticketbrokerage.site/resources/pics/bank_5_visa_mastercard.png HTTP/1.1" 200 8196
47.128.52.155 - - [29/Jun/2024:00:34:38 +0200] "GET /ticket2/opencms/system/modules/com.gridnine.opencms.ticketbrokerage.site/resources/pics/bank_6_american_express.png HTTP/1.1" 200 5570
192.99.37.124 - - [29/Jun/2024:00:34:41 +0200] "GET /ticket2/opencms/dk/sv/buy/?page=1&edid=6AEA7B0B-C565-4F77-5066-1C24C6353E29&sortorder=asc&column=price HTTP/1.1" 404 -
188.165.212.137 - - [29/Jun/2024:00:34:43 +0200] "GET /ticket2/opencms/de/no/buy?page=1&edid=3A39BC8D-06F1-0E83-AC46-9CE7C43A9D91 HTTP/1.1" 404 -
188.165.241.181 - - [29/Jun/2024:00:34:43 +0200] "GET /ticket2/opencms/de/en/venue/?venueid=D3139A8D-6B53-89E5-64EC-7E77C0A47043 HTTP/1.1" 404 -
185.191.171.5 - - [29/Jun/2024:00:34:46 +0200] "GET /ticket2/opencms/nl/sport/voetbal-tickets/serie_a/inter/ HTTP/1.1" 200 74490
37.187.94.3 - - [29/Jun/2024:00:34:47 +0200] "GET /ticket2/opencms/dk/dk/buy/?page=1&edid=632D2008-1F0F-48BA-4958-478FF542A940&sortorder=asc&column=price HTTP/1.1" 404 -
188.165.212.137 - - [29/Jun/2024:00:34:49 +0200] "GET /ticket2/opencms/de/no/buy?page=1&edid=5213BBB3-67CD-163B-C256-72C4ACAB1B00 HTTP/1.1" 404 -
65.108.227.178 - - [29/Jun/2024:00:34:50 +0200] "GET /ticket2/opencms/sv/login/?edid=E002021C-E3C1-0283-3111-31CEFD0571C3 HTTP/1.1" 200 74250
192.99.37.124 - - [29/Jun/2024:00:34:51 +0200] "GET /ticket2/opencms/dk/sv/buy/?page=1&edid=6AEA7B0B-C565-4F77-5066-1C24C6353E29&sortorder=asc&column=row HTTP/1.1" 404 -
188.165.241.181 - - [29/Jun/2024:00:34:51 +0200] "GET /ticket2/opencms/de/en/venue/?venueid=D31B494E-29D2-BF7C-6AAE-E87A4373A889 HTTP/1.1" 404 -
188.165.212.137 - - [29/Jun/2024:00:34:55 +0200] "GET /ticket2/opencms/de/no/buy?page=1&edid=553ADDA1-E0D9-E3D6-EC5D-90A14C3A0FAF HTTP/1.1" 404 -
216.244.66.196 - - [29/Jun/2024:00:34:57 +0200] "GET /ticket2/opencms/nl/buy?page=1&edid=F503AB1D-5285-4EFD-342F-0CC2D9705E49 HTTP/1.1" 200 87221
188.165.241.181 - - [29/Jun/2024:00:34:59 +0200] "GET /ticket2/opencms/de/en/venue/?venueid=D32D7D15-39F6-AD54-233F-8A09600A4A49 HTTP/1.1" 404 -
192.99.37.124 - - [29/Jun/2024:00:35:00 +0200] "GET /ticket2/opencms/dk/sv/buy/?page=1&edid=6AEA7B0B-C565-4F77-5066-1C24C6353E29&sortorder=asc&column=section HTTP/1.1" 404 -
65.108.227.178 - - [29/Jun/2024:00:35:01 +0200] "GET /ticket2/opencms/sv/login/?edid=E00292B9-289F-EBF1-CED0-AB7E0F333572 HTTP/1.1" 200 74250
188.165.212.137 - - [29/Jun/2024:00:35:02 +0200] "GET /ticket2/opencms/de/no/buy?page=1&edid=5B5D74F0-DD4A-806F-220D-FF262FB88FFE HTTP/1.1" 404 -
185.191.171.2 - - [29/Jun/2024:00:35:02 +0200] "GET /ticket2/opencms/de/magazine/article?title=kylian-mbappe HTTP/1.1" 200 76287
188.165.241.181 - - [29/Jun/2024:00:35:08 +0200] "GET /ticket2/opencms/de/en/venue/?venueid=D434AE02-AB29-D177-2A2C-50E7109200D0 HTTP/1.1" 404 -
188.165.212.137 - - [29/Jun/2024:00:35:08 +0200] "GET /ticket2/opencms/de/no/buy?page=1&edid=63D01EA9-6118-F064-A9BE-98AD792F8DD1 HTTP/1.1" 404 -
65.108.227.178 - - [29/Jun/2024:00:35:08 +0200] "GET /ticket2/opencms/sv/login/?edid=E085F9FD-8197-A098-B130-78C63500F473 HTTP/1.1" 200 74250
192.99.37.124 - - [29/Jun/2024:00:35:14 +0200] "GET /ticket2/opencms/dk/sv/buy/?page=1&edid=6B33CB5E-7804-9797-9A98-09B579901714&sortorder=desc&column=row HTTP/1.1" 404 -
188.165.212.137 - - [29/Jun/2024:00:35:14 +0200] "GET /ticket2/opencms/de/no/buy?page=1&edid=6569E833-F58F-E565-7CC3-4E596C1015F9 HTTP/1.1" 404 -
65.108.227.178 - - [29/Jun/2024:00:35:15 +0200] "GET /ticket2/opencms/sv/login/?edid=E168FE0B-1F7E-AE1E-E452-2AB0F06CA20D HTTP/1.1" 200 74250
188.165.241.181 - - [29/Jun/2024:00:35:19 +0200] "GET /ticket2/opencms/de/en/venue/?venueid=D436D35C-B831-A55A-C197-F1CFCA7C670C HTTP/1.1" 404 -
188.165.212.137 - - [29/Jun/2024:00:35:21 +0200] "GET /ticket2/opencms/de/no/buy?page=1&edid=7E653C31-A788-6271-D9AA-FE8367BFE104 HTTP/1.1" 404 -
192.99.37.124 - - [29/Jun/2024:00:35:22 +0200] "GET /ticket2/opencms/dk/sv/buy/?page=1&edid=6CEF362E-F9D8-1D5D-2C03-086BCC410091&sortorder=asc&column=price HTTP/1.1" 404 -
37.187.94.3 - - [29/Jun/2024:00:35:23 +0200] "GET /ticket2/opencms/dk/dk/buy/?page=1&edid=638C0D1F-9A82-4A03-7D79-0E602D9C8DAA&sortorder=desc&column=row HTTP/1.1" 404 -
65.108.227.178 - - [29/Jun/2024:00:35:25 +0200] "GET /ticket2/opencms/sv/login/?edid=E2B87A9F-20A8-A105-0E95-1BBBA833D41E HTTP/1.1" 200 74250
185.191.171.1 - - [29/Jun/2024:00:35:25 +0200] "GET /ticket2/opencms/en/sport/football-tickets/serie_a/cagliari/ HTTP/1.1" 200 73282
66.249.75.168 - - [29/Jun/2024:00:35:25 +0200] "GET /ticket2/opencms/nl/buy/?page=1&edid=9239880C-C5C0-5076-4AD5-4881F5EBAC4A HTTP/1.1" 200 110107
47.128.97.20 - - [29/Jun/2024:00:35:26 +0200] "GET /ticket2/opencms/fi/venue/?venueid=5BFF5C52-97D6-EA32-5A1D-6326FDEEAF02 HTTP/1.1" 200 72974
185.191.171.2 - - [29/Jun/2024:00:35:26 +0200] "GET /ticket2/opencms/en/ HTTP/1.1" 200 91208
47.128.97.20 - - [29/Jun/2024:00:35:27 +0200] "GET /ticket2/opencms/system/modules/com.gridnine.opencms.ticketbrokerage.site/resources/pics/logo-new.png HTTP/1.1" 200 13541
66.249.75.105 - - [29/Jun/2024:00:35:27 +0200] "GET /ticket2/opencms/en/venue/?countryid=CEE00D6A-FB56-5500-E375-BA915009094D HTTP/1.1" 200 100730
47.128.97.20 - - [29/Jun/2024:00:35:27 +0200] "GET /ticket2/opencms/system/modules/com.gridnine.opencms.ticketbrokerage.site/resources/pics/bank_3_swedbank.png HTTP/1.1" 200 5740
188.165.212.137 - - [29/Jun/2024:00:35:27 +0200] "GET /ticket2/opencms/de/no/buy?page=1&edid=875E6B51-C91B-C46E-A4FB-B3662BA0A6E8 HTTP/1.1" 404 -
47.128.97.20 - - [29/Jun/2024:00:35:27 +0200] "GET /ticket2/opencms/system/modules/com.gridnine.opencms.ticketbrokerage.site/resources/pics/bank_5_visa_mastercard.png HTTP/1.1" 200 8196
47.128.97.20 - - [29/Jun/2024:00:35:28 +0200] "GET /ticket2/opencms/system/modules/com.gridnine.opencms.ticketbrokerage.site/resources/pics/bank_1_nordea.png HTTP/1.1" 200 4807
47.128.97.20 - - [29/Jun/2024:00:35:28 +0200] "GET /ticket2/opencms/system/modules/com.gridnine.opencms.ticketbrokerage.site/resources/pics/bank_2_handelsbanken.png HTTP/1.1" 200 4509
47.128.97.20 - - [29/Jun/2024:00:35:28 +0200] "GET /ticket2/opencms/system/modules/com.gridnine.opencms.ticketbrokerage.site/resources/pics/bank_4_seb.png HTTP/1.1" 200 2487
47.128.97.20 - - [29/Jun/2024:00:35:28 +0200] "GET /ticket2/opencms/system/modules/com.gridnine.opencms.ticketbrokerage.site/resources/pics/bank_6_american_express.png HTTP/1.1" 200 5570
192.99.37.124 - - [29/Jun/2024:00:35:29 +0200] "GET /ticket2/opencms/dk/sv/buy/?page=1&edid=6DB046DB-410B-73D4-9D8B-16FCC7635D61&sortorder=asc&column=price HTTP/1.1" 404 -
188.165.241.181 - - [29/Jun/2024:00:35:29 +0200] "GET /ticket2/opencms/de/en/venue/?venueid=D441DE26-A039-9DEB-7925-37728B4C8DF8 HTTP/1.1" 404 -
188.165.212.137 - - [29/Jun/2024:00:35:33 +0200] "GET /ticket2/opencms/de/no/buy?page=1&edid=8EE24D2F-4BF0-A103-6944-36103BCA6278 HTTP/1.1" 404 -
192.99.37.124 - - [29/Jun/2024:00:35:35 +0200] "GET /ticket2/opencms/dk/sv/buy/?page=1&edid=6DB046DB-410B-73D4-9D8B-16FCC7635D61&sortorder=asc&column=row HTTP/1.1" 404 -
188.165.241.181 - - [29/Jun/2024:00:35:39 +0200] "GET /ticket2/opencms/de/en/venue/?venueid=D445411B-08FC-6F4E-CAC0-2B74ADA8AFFF HTTP/1.1" 404 -
192.99.37.124 - - [29/Jun/2024:00:35:40 +0200] "GET /ticket2/opencms/dk/sv/buy/?page=1&edid=6DB046DB-410B-73D4-9D8B-16FCC7635D61&sortorder=asc&column=section HTTP/1.1" 404 -
65.108.227.178 - - [29/Jun/2024:00:35:41 +0200] "GET /ticket2/opencms/sv/login/?edid=E43B3411-281E-DC28-AE0F-B8BE4B0E1D49 HTTP/1.1" 200 74250
188.165.212.137 - - [29/Jun/2024:00:35:41 +0200] "GET /ticket2/opencms/de/no/buy?page=1&edid=8FFE0788-2709-C502-CA4D-587F95D9A794 HTTP/1.1" 404 -
124.243.135.236 - - [29/Jun/2024:00:35:43 +0200] "GET /ticket2/opencms/no/buy/?edid=F7A3CA0E-9752-41FA-BB70-B50F14771FC0&page=1 HTTP/1.1" 200 88051
192.99.37.124 - - [29/Jun/2024:00:35:46 +0200] "GET /ticket2/opencms/dk/sv/buy/?page=1&edid=6DCAB90D-3A3D-2AD8-B841-FCB9C117FC7B&sortorder=desc&column=section HTTP/1.1" 404 -
66.249.75.168 - - [29/Jun/2024:00:35:48 +0200] "GET /ticket2/opencms/nl/buy/?page=1&edid=71F3FE54-10D0-F1E8-DD77-D63D4BE2C9CF HTTP/1.1" 200 110101
188.165.241.181 - - [29/Jun/2024:00:35:48 +0200] "GET /ticket2/opencms/de/en/venue/?venueid=D469B02A-A348-1879-8637-C23BC06689E4 HTTP/1.1" 404 -
188.165.212.137 - - [29/Jun/2024:00:35:48 +0200] "GET /ticket2/opencms/de/no/buy?page=1&edid=993ECB6B-5437-7FFC-177B-D4101C1148EA HTTP/1.1" 404 -
192.99.37.124 - - [29/Jun/2024:00:35:52 +0200] "GET /ticket2/opencms/dk/sv/buy/?page=1&edid=6E4EE5BF-C4F7-D42E-007E-D018A532FB2B&sortorder=asc&column=price HTTP/1.1" 404 -
37.187.94.3 - - [29/Jun/2024:00:35:52 +0200] "GET /ticket2/opencms/dk/dk/buy/?page=1&edid=63B3D2EE-B950-115E-194C-CCC7BBD6F3BB&sortorder=asc&column=price HTTP/1.1" 404 -
65.108.227.178 - - [29/Jun/2024:00:35:54 +0200] "GET /ticket2/opencms/sv/login/?edid=E51B7583-7105-7C26-CFB5-91EBFE77E355 HTTP/1.1" 200 74250
188.165.212.137 - - [29/Jun/2024:00:35:55 +0200] "GET /ticket2/opencms/de/no/buy?page=1&edid=A32C2CDE-A2F2-054C-C7FE-30BF45814EDA HTTP/1.1" 404 -
216.245.221.83 - - [29/Jun/2024:00:35:56 +0200] "HEAD /ticket2/opencms/ HTTP/1.1" 302 -
216.245.221.83 - - [29/Jun/2024:00:35:56 +0200] "HEAD /ticket2/opencms/en/ HTTP/1.1" 200 -
192.99.37.124 - - [29/Jun/2024:00:35:58 +0200] "GET /ticket2/opencms/dk/sv/buy/?page=1&edid=6EF54CBA-5DCA-5833-4E9A-B83BE735B97A&sortorder=asc&column=price HTTP/1.1" 404 -
188.165.241.181 - - [29/Jun/2024:00:35:58 +0200] "GET /ticket2/opencms/de/en/venue/?venueid=D472C220-B929-5B16-8479-1E0BD6C92DF6 HTTP/1.1" 404 -
188.165.212.137 - - [29/Jun/2024:00:36:01 +0200] "GET /ticket2/opencms/de/no/buy?page=1&edid=A45990B9-A12C-0577-BA2E-9F588E99A8DB HTTP/1.1" 404 -
192.99.37.124 - - [29/Jun/2024:00:36:03 +0200] "GET /ticket2/opencms/dk/sv/buy/?page=1&edid=70EC2779-0BF1-665A-34D4-25009662DF84&sortorder=desc&column=price HTTP/1.1" 404 -
66.249.76.160 - - [29/Jun/2024:00:36:06 +0200] "GET /ticket2/opencms/sv/buy?page=1&edid=55F09E63-1021-B54D-20C9-3B1B1EF45D76 HTTP/1.1" 200 85980
65.108.227.178 - - [29/Jun/2024:00:36:06 +0200] "GET /ticket2/opencms/sv/login/?edid=E608E7E2-380E-8078-DBB8-D1BCCB2C343A HTTP/1.1" 200 74250
188.165.241.181 - - [29/Jun/2024:00:36:08 +0200] "GET /ticket2/opencms/de/en/venue/?venueid=D4784E51-1C45-CBDB-BB13-DEF8FB831FB5 HTTP/1.1" 404 -
192.99.37.124 - - [29/Jun/2024:00:36:08 +0200] "GET /ticket2/opencms/dk/sv/buy/?page=1&edid=70EC2779-0BF1-665A-34D4-25009662DF84&sortorder=desc&column=row HTTP/1.1" 404 -
188.165.212.137 - - [29/Jun/2024:00:36:16 +0200] "GET /ticket2/opencms/de/no/buy?page=1&edid=B5C39213-E135-81B2-3182-CF92D0BE5105 HTTP/1.1" 404 -
37.187.94.3 - - [29/Jun/2024:00:36:16 +0200] "GET /ticket2/opencms/dk/dk/buy/?page=1&edid=63B3D2EE-B950-115E-194C-CCC7BBD6F3BB&sortorder=asc&column=row HTTP/1.1" 404 -
188.165.241.181 - - [29/Jun/2024:00:36:17 +0200] "GET /ticket2/opencms/de/en/venue/?venueid=D4F19FB0-0B28-632C-9086-124F525CC6BE HTTP/1.1" 404 -
216.244.66.196 - - [29/Jun/2024:00:36:17 +0200] "GET /ticket2/opencms/nl/buy?page=1&edid=517A50ED-F64F-1CFB-FDC1-54D2A7704E06 HTTP/1.1" 200 87986
85.208.96.205 - - [29/Jun/2024:00:36:18 +0200] "GET /ticket2/opencms/no/sport/fotballsbilletter/bundesliga/union_berlin/ HTTP/1.1" 200 74458
192.99.37.124 - - [29/Jun/2024:00:36:19 +0200] "GET /ticket2/opencms/dk/sv/buy/?page=1&edid=71227958-FC7D-E3D2-E1A0-0662EBC6A8DF&sortorder=desc&column=price HTTP/1.1" 404 -
51.222.253.17 - - [29/Jun/2024:00:36:20 +0200] "GET /ticket2/opencms/sv/sport/fotbollsbiljetter/ligue_1/paris_saint_germain/ HTTP/1.1" 200 74429
20.112.84.215 - - [29/Jun/2024:00:36:21 +0200] "GET /ticket2/opencms/system/modules/com.gridnine.opencms.ticketbrokerage.site/resources/pics/partners/Hockeysverige.jpg HTTP/1.1" 200 8841
47.128.55.190 - - [29/Jun/2024:00:36:22 +0200] "GET /ticket2/opencms/fi/venue/?countryid=2193F5F2-8798-B3BE-FB16-3B568A67DED7 HTTP/1.1" 200 102292
47.128.55.190 - - [29/Jun/2024:00:36:23 +0200] "GET /ticket2/opencms/system/modules/com.gridnine.opencms.ticketbrokerage.site/resources/pics/logo-new.png HTTP/1.1" 200 13541
47.128.55.190 - - [29/Jun/2024:00:36:23 +0200] "GET /ticket2/opencms/system/modules/com.gridnine.opencms.ticketbrokerage.site/resources/pics/bank_3_swedbank.png HTTP/1.1" 200 5740
47.128.55.190 - - [29/Jun/2024:00:36:24 +0200] "GET /ticket2/opencms/system/modules/com.gridnine.opencms.ticketbrokerage.site/resources/pics/bank_1_nordea.png HTTP/1.1" 200 4807
47.128.49.209 - - [29/Jun/2024:00:36:24 +0200] "GET /ticket2/opencms/nl/buy/?edid=FDE2CB1B-737B-857F-7431-BD450E7D3BBB HTTP/1.1" 200 71077
47.128.55.190 - - [29/Jun/2024:00:36:24 +0200] "GET /ticket2/opencms/system/modules/com.gridnine.opencms.ticketbrokerage.site/resources/pics/bank_4_seb.png HTTP/1.1" 200 2487
47.128.55.190 - - [29/Jun/2024:00:36:24 +0200] "GET /ticket2/opencms/system/modules/com.gridnine.opencms.ticketbrokerage.site/resources/pics/bank_2_handelsbanken.png HTTP/1.1" 200 4509
47.128.55.190 - - [29/Jun/2024:00:36:24 +0200] "GET /ticket2/opencms/system/modules/com.gridnine.opencms.ticketbrokerage.site/resources/pics/bank_5_visa_mastercard.png HTTP/1.1" 200 8196
47.128.55.190 - - [29/Jun/2024:00:36:24 +0200] "GET /ticket2/opencms/system/modules/com.gridnine.opencms.ticketbrokerage.site/resources/pics/bank_6_american_express.png HTTP/1.1" 200 5570
47.128.49.209 - - [29/Jun/2024:00:36:25 +0200] "GET /ticket2/opencms/system/modules/com.gridnine.opencms.ticketbrokerage.site/resources/pics/logo-new.png HTTP/1.1" 200 13541
192.99.37.124 - - [29/Jun/2024:00:36:25 +0200] "GET /ticket2/opencms/dk/sv/buy/?page=1&edid=71227958-FC7D-E3D2-E1A0-0662EBC6A8DF&sortorder=desc&column=row HTTP/1.1" 404 -
47.128.49.209 - - [29/Jun/2024:00:36:25 +0200] "GET /ticket2/opencms/system/modules/com.gridnine.opencms.ticketbrokerage.site/resources/pics/bank_5_visa_mastercard.png HTTP/1.1" 200 8196
47.128.49.209 - - [29/Jun/2024:00:36:26 +0200] "GET /ticket2/opencms/system/modules/com.gridnine.opencms.ticketbrokerage.site/resources/pics/bank_1_nordea.png HTTP/1.1" 200 4807
47.128.49.209 - - [29/Jun/2024:00:36:26 +0200] "GET /ticket2/opencms/system/modules/com.gridnine.opencms.ticketbrokerage.site/resources/pics/bank_4_seb.png HTTP/1.1" 200 2487
