77.16.216.194 - - [30/Jun/2024:01:52:07 +0200] "GET /ticket2/opencms/system/modules/com.gridnine.opencms.ticketbrokerage.site/resources/css/images/ui-bg_flat_75_ffffff_40x100.png HTTP/1.1" 404 -
216.245.221.83 - - [30/Jun/2024:01:52:13 +0200] "HEAD /ticket2/opencms/ HTTP/1.1" 302 -
216.245.221.83 - - [30/Jun/2024:01:52:14 +0200] "HEAD /ticket2/opencms/en/ HTTP/1.1" 200 -
66.249.92.132 - - [30/Jun/2024:01:52:23 +0200] "GET /ticket2/opencms/sv/sport/fotbollsbiljetter/ HTTP/1.1" 200 77181
66.249.92.131 - - [30/Jun/2024:01:52:29 +0200] "GET /ticket2/opencms/system/modules/com.gridnine.opencms.ticketbrokerage.site/resources/css/jquery.fancybox.css HTTP/1.1" 200 4939
66.249.92.131 - - [30/Jun/2024:01:52:30 +0200] "GET /ticket2/opencms/system/modules/com.gridnine.opencms.ticketbrokerage.site/resources/js/calendar.js HTTP/1.1" 200 49229
66.249.92.131 - - [30/Jun/2024:01:52:30 +0200] "GET /ticket2/opencms/system/modules/com.gridnine.opencms.ticketbrokerage.site/resources/js/stickyfill.min.js HTTP/1.1" 200 5672
66.249.92.131 - - [30/Jun/2024:01:52:31 +0200] "GET /ticket2/opencms/system/modules/com.gridnine.opencms.ticketbrokerage.site/resources/js/calendar-setup.js HTTP/1.1" 200 4923
66.249.92.131 - - [30/Jun/2024:01:52:31 +0200] "GET /ticket2/opencms/system/modules/com.gridnine.opencms.ticketbrokerage.site/resources/css/standard.css HTTP/1.1" 200 71935
66.249.92.131 - - [30/Jun/2024:01:52:32 +0200] "GET /ticket2/opencms/system/modules/com.gridnine.opencms.ticketbrokerage.site/resources/js/calendar-en.js HTTP/1.1" 200 3338
66.249.92.131 - - [30/Jun/2024:01:52:32 +0200] "GET /ticket2/opencms/system/modules/com.gridnine.opencms.ticketbrokerage.site/resources/js/jquery.fancybox.pack.js HTTP/1.1" 200 23187
66.249.92.131 - - [30/Jun/2024:01:52:33 +0200] "GET /ticket2/opencms/system/modules/com.gridnine.opencms.ticketbrokerage.site/resources/js/functions.js HTTP/1.1" 200 1583
66.249.92.131 - - [30/Jun/2024:01:52:33 +0200] "GET /ticket2/opencms/system/modules/com.gridnine.opencms.ticketbrokerage.site/resources/js/jquery/jquery.js HTTP/1.1" 200 93868
66.249.92.131 - - [30/Jun/2024:01:52:33 +0200] "GET /ticket2/opencms/system/modules/com.gridnine.opencms.ticketbrokerage.site/resources/css/jquery-ui.css HTTP/1.1" 200 33221
66.249.92.131 - - [30/Jun/2024:01:52:34 +0200] "GET /ticket2/opencms/system/modules/com.gridnine.opencms.ticketbrokerage.site/resources/js/standard.js HTTP/1.1" 200 3978
66.249.92.131 - - [30/Jun/2024:01:52:34 +0200] "GET /ticket2/opencms/system/modules/com.gridnine.opencms.ticketbrokerage.site/resources/css/ticketbrokerage.css HTTP/1.1" 200 39339
66.249.92.131 - - [30/Jun/2024:01:52:35 +0200] "GET /ticket2/opencms/system/modules/com.gridnine.opencms.ticketbrokerage.site/resources/css/calendar.css HTTP/1.1" 200 6871
66.249.92.131 - - [30/Jun/2024:01:52:35 +0200] "GET /ticket2/opencms/system/modules/com.gridnine.opencms.ticketbrokerage.site/resources/js/jquery/jquery-ui.js HTTP/1.1" 200 228088
66.249.92.131 - - [30/Jun/2024:01:52:36 +0200] "GET /ticket2/opencms/system/modules/com.gridnine.opencms.ticketbrokerage.site/resources/js/jquery.placeholder.min.js HTTP/1.1" 200 1737
66.249.92.131 - - [30/Jun/2024:01:52:36 +0200] "GET /ticket2/opencms/system/modules/com.gridnine.opencms.ticketbrokerage.site/resources/js/common-ajax.js HTTP/1.1" 200 20175
114.119.145.88 - - [30/Jun/2024:01:52:46 +0200] "GET /ticket2/opencms/en/venue/?countryid=E1B3F038-2C75-F5F0-10E7-1C4055EF4908 HTTP/1.1" 200 100730
185.157.223.150 - - [30/Jun/2024:01:52:54 +0200] "GET /ticket2/tickets_export/outgoing/export.txt HTTP/1.1" 200 24553702
216.244.66.238 - - [30/Jun/2024:01:53:05 +0200] "GET /ticket2/opencms/dk/buy/?page=1&edid=924C603A-865F-0099-491B-3AA07E5FEB56 HTTP/1.1" 200 87726
66.249.66.88 - - [30/Jun/2024:01:53:05 +0200] "GET /ticket2/opencms/sv/sport/fotbollsbiljetter/la_liga/real_madrid/ HTTP/1.1" 200 75993
66.249.66.88 - - [30/Jun/2024:01:53:08 +0200] "GET /ticket2/opencms/system/modules/com.gridnine.opencms.ticketbrokerage.site/resources/js/jquery.fancybox.pack.js HTTP/1.1" 200 23187
216.244.66.238 - - [30/Jun/2024:01:53:13 +0200] "GET /ticket2/opencms/dk/dk/venue/?venueid=6F3CA280-5893-C28B-8C76-4FA561BAFBF2 HTTP/1.1" 404 -
40.77.167.28 - - [30/Jun/2024:01:53:17 +0200] "GET /ticket2/opencms/no/sport/fotballsbilletter/bundesliga/bayern-munchen/ HTTP/1.1" 200 73868
216.244.66.238 - - [30/Jun/2024:01:53:19 +0200] "GET /ticket2/opencms/dk/dk/venue/?venueid=8ACD55F8-F2F8-4EAD-B07C-625C1290622F HTTP/1.1" 404 -
216.244.66.238 - - [30/Jun/2024:01:53:25 +0200] "GET /ticket2/opencms/en/buy/?page=1&edid=494A3A9F-B36B-215D-43E8-EDF2201A6F39 HTTP/1.1" 200 86838
216.244.66.238 - - [30/Jun/2024:01:53:31 +0200] "GET /ticket2/opencms/en/buy/?page=1&edid=9ECCE84D-E8D2-2779-1ABF-7A130178E990 HTTP/1.1" 200 87796
216.244.66.238 - - [30/Jun/2024:01:53:37 +0200] "GET /ticket2/opencms/fi/buy/?page=1&edid=DBA24EC4-064E-38F3-96E4-34C95A0CD27F HTTP/1.1" 200 88591
216.244.66.238 - - [30/Jun/2024:01:53:42 +0200] "GET /ticket2/opencms/fi/buy/?page=6&comcatid=A17713B6-D984-201A-4143-ED4DB5ED5C2E&catid=D8B345C9-F7A5-E620-4B43-C34EB0D6885B HTTP/1.1" 200 84022
216.244.66.238 - - [30/Jun/2024:01:53:46 +0200] "GET /ticket2/opencms/nl/buy/?page=1&edid=C5BE8910-C31D-1B7A-D498-4C5862D3F5A8 HTTP/1.1" 200 87217
192.95.30.177 - - [30/Jun/2024:01:53:48 +0200] "GET /ticket2/opencms/de/robots.txt HTTP/1.1" 404 -
216.244.66.238 - - [30/Jun/2024:01:53:50 +0200] "GET /ticket2/opencms/no/buy/?page=1&edid=00BA3A64-EDC5-90ED-4A19-9BAB3786C088 HTTP/1.1" 200 88103
192.95.30.177 - - [30/Jun/2024:01:53:54 +0200] "GET /ticket2/opencms/de/fr/buy/?page=1&edid=02717DFD-516F-F288-43FD-93598E319E97 HTTP/1.1" 404 -
216.244.66.238 - - [30/Jun/2024:01:53:54 +0200] "GET /ticket2/opencms/no/buy/?page=1&edid=1C562745-1431-CFB1-8C43-89D2BFF085C5 HTTP/1.1" 200 88108
216.244.66.238 - - [30/Jun/2024:01:53:59 +0200] "GET /ticket2/opencms/no/buy/?page=1&edid=37A62C7A-4F64-DC1D-29D1-D3D9E8F83CB5 HTTP/1.1" 200 88111
192.95.30.177 - - [30/Jun/2024:01:54:00 +0200] "GET /ticket2/opencms/de/fr/buy/?page=1&edid=1260CE5D-7BE1-B121-0CBF-652705BD383D HTTP/1.1" 404 -
216.244.66.238 - - [30/Jun/2024:01:54:03 +0200] "GET /ticket2/opencms/no/buy/?page=1&edid=E1FBBD6F-BAD9-0886-B868-DED3D542F1AC HTTP/1.1" 200 88017
192.95.30.177 - - [30/Jun/2024:01:54:06 +0200] "GET /ticket2/opencms/de/fr/buy/?page=1&edid=155A8AD9-1DB8-C195-1912-F1BA2EAEC8CF HTTP/1.1" 404 -
66.249.66.89 - - [30/Jun/2024:01:54:06 +0200] "GET /ticket2/opencms/en/buy/?page=1&edid=2AC421C6-0DD9-73DD-0C29-416B5CC98DFF HTTP/1.1" 200 115322
216.244.66.238 - - [30/Jun/2024:01:54:08 +0200] "GET /ticket2/opencms/se/dk/affiliateprogram HTTP/1.1" 404 -
192.95.30.177 - - [30/Jun/2024:01:54:12 +0200] "GET /ticket2/opencms/de/fr/buy/?page=1&edid=162263A0-D664-5F8A-7607-5464EE50BAAE HTTP/1.1" 404 -
216.244.66.238 - - [30/Jun/2024:01:54:12 +0200] "GET /ticket2/opencms/set_aff_cookie.jsp?partner=53673ED6-1455-FA54-818F-B1F67121E37C&url=/no/buy/index.html%3Fpage%3D1%26edid%3DDC4450D6-9DF5-C966-75BC-2DB9B2B69FF0%26hlv%3D64a87f28-49ac-40f3-b3d1-61e70a01000f%23v_1654326973 HTTP/1.1" 200 226
216.244.66.238 - - [30/Jun/2024:01:54:15 +0200] "GET /ticket2/opencms/set_aff_cookie.jsp?partner=53673ED6-1455-FA54-818F-B1F67121E37C&url=/sv/buy/index.html%3Fpage%3D1%26edid%3D700C6A66-9C47-818C-453E-16ACCDD28C59%26hlv%3D60d0dbb4-1fa8-48e9-bd15-3ec90a01000f%23v_1178635124 HTTP/1.1" 200 226
66.249.66.88 - - [30/Jun/2024:01:54:15 +0200] "GET /ticket2/opencms/system/modules/com.gridnine.opencms.ticketbrokerage.site/resources/js/calendar-setup.js HTTP/1.1" 200 4923
66.249.66.88 - - [30/Jun/2024:01:54:16 +0200] "GET /ticket2/opencms/system/modules/com.gridnine.opencms.ticketbrokerage.site/resources/js/jquery.fancybox.pack.js HTTP/1.1" 200 23187
47.128.121.56 - - [30/Jun/2024:01:54:17 +0200] "GET /ticket2/opencms/no/buy/?catid=06324577-7173-BAB0-146D-E644C912F7C1&comcatid=A17713B6-D984-201A-4143-ED4DB5ED5C2E&page=7 HTTP/1.1" 200 83091
192.95.30.177 - - [30/Jun/2024:01:54:18 +0200] "GET /ticket2/opencms/de/fr/buy/?page=1&edid=194D64DE-E32A-EF63-082C-5D0B8F236DDA HTTP/1.1" 404 -
216.244.66.238 - - [30/Jun/2024:01:54:18 +0200] "GET /ticket2/opencms/set_aff_cookie.jsp?partner=6F250EA7-4505-FA01-D601-8847F2573405&url=/en/buy/index.html%3Fpage%3D1%26edid%3D3754A801-0360-9F1A-6DA4-BE3220BB9FC0%26hlv%3D6180570a-6b04-4c1a-ae68-402b0a01000f%23v1927610755 HTTP/1.1" 200 225
47.128.121.56 - - [30/Jun/2024:01:54:19 +0200] "GET /ticket2/opencms/system/modules/com.gridnine.opencms.ticketbrokerage.site/resources/pics/logo-new.png HTTP/1.1" 200 13541
47.128.121.56 - - [30/Jun/2024:01:54:19 +0200] "GET /ticket2/opencms/system/modules/com.gridnine.opencms.ticketbrokerage.site/resources/pics/bank_2_handelsbanken.png HTTP/1.1" 200 4509
47.128.121.56 - - [30/Jun/2024:01:54:20 +0200] "GET /ticket2/opencms/system/modules/com.gridnine.opencms.ticketbrokerage.site/resources/pics/bank_1_nordea.png HTTP/1.1" 200 4807
47.128.121.56 - - [30/Jun/2024:01:54:20 +0200] "GET /ticket2/opencms/system/modules/com.gridnine.opencms.ticketbrokerage.site/resources/pics/bank_5_visa_mastercard.png HTTP/1.1" 200 8196
47.128.121.56 - - [30/Jun/2024:01:54:20 +0200] "GET /ticket2/opencms/system/modules/com.gridnine.opencms.ticketbrokerage.site/resources/pics/bank_3_swedbank.png HTTP/1.1" 200 5740
47.128.121.56 - - [30/Jun/2024:01:54:20 +0200] "GET /ticket2/opencms/system/modules/com.gridnine.opencms.ticketbrokerage.site/resources/pics/bank_4_seb.png HTTP/1.1" 200 2487
47.128.121.56 - - [30/Jun/2024:01:54:20 +0200] "GET /ticket2/opencms/system/modules/com.gridnine.opencms.ticketbrokerage.site/resources/pics/bank_6_american_express.png HTTP/1.1" 200 5570
216.244.66.238 - - [30/Jun/2024:01:54:20 +0200] "GET /ticket2/opencms/set_aff_cookie.jsp?partner=6F250EA7-4505-FA01-D601-8847F2573405&url=/en/buy/index.html%3Fpage%3D1%26edid%3DDA9C4A89-BD59-5860-6E54-5F7B1109ABBF%26hlv%3D60caf51a-95a8-4f2d-91ec-15f40a01000f%23v714351244 HTTP/1.1" 200 224
185.191.171.3 - - [30/Jun/2024:01:54:23 +0200] "GET /ticket2/opencms/sv/magazine/article?title=champions-league-biljetter-pa-ticket2 HTTP/1.1" 200 79236
192.95.30.177 - - [30/Jun/2024:01:54:23 +0200] "GET /ticket2/opencms/de/fr/buy/?page=1&edid=19E84C52-A446-E058-5C60-ACFF6737EAAA HTTP/1.1" 404 -
192.95.30.177 - - [30/Jun/2024:01:54:29 +0200] "GET /ticket2/opencms/de/fr/buy/?page=1&edid=1D48D9F1-14CC-80C6-EB88-E10E851CDB7B HTTP/1.1" 404 -
192.95.30.177 - - [30/Jun/2024:01:54:35 +0200] "GET /ticket2/opencms/de/fr/buy/?page=1&edid=224E301E-62C2-7FAB-1E09-EB70E2A87B16 HTTP/1.1" 404 -
192.95.30.177 - - [30/Jun/2024:01:54:41 +0200] "GET /ticket2/opencms/de/fr/buy/?page=1&edid=2504116F-9B00-F8B9-A7E6-66686A6BE7BB HTTP/1.1" 404 -
192.95.30.177 - - [30/Jun/2024:01:54:47 +0200] "GET /ticket2/opencms/de/fr/buy/?page=1&edid=29B478B3-1B3A-E3C8-BB43-298745EBB50E HTTP/1.1" 404 -
192.95.30.177 - - [30/Jun/2024:01:54:52 +0200] "GET /ticket2/opencms/de/fr/buy/?page=1&edid=2C628F37-50C8-6D86-55F0-9E385D7A6FB4 HTTP/1.1" 404 -
192.95.30.177 - - [30/Jun/2024:01:54:58 +0200] "GET /ticket2/opencms/de/fr/buy/?page=1&edid=3A39BC8D-06F1-0E83-AC46-9CE7C43A9D91 HTTP/1.1" 404 -
192.95.30.177 - - [30/Jun/2024:01:55:04 +0200] "GET /ticket2/opencms/de/fr/buy/?page=1&edid=4F12EEF2-EEE1-6C0B-38B5-EE2BFB9F492A HTTP/1.1" 404 -
40.77.167.52 - - [30/Jun/2024:01:55:05 +0200] "GET /ticket2/opencms/dk/sport/fodboldbilletter/premier-league/arsenal/ HTTP/1.1" 200 84110
47.128.63.114 - - [30/Jun/2024:01:55:09 +0200] "GET /ticket2/opencms/no/buy/?catid=88C381AD-5D76-A34D-AC15-A7129F8EF5BE&comcatid=A17713B6-D984-201A-4143-ED4DB5ED5C2E&page=7 HTTP/1.1" 200 83081
47.128.63.114 - - [30/Jun/2024:01:55:10 +0200] "GET /ticket2/opencms/system/modules/com.gridnine.opencms.ticketbrokerage.site/resources/pics/logo-new.png HTTP/1.1" 200 13541
192.95.30.177 - - [30/Jun/2024:01:55:10 +0200] "GET /ticket2/opencms/de/fr/buy/?page=1&edid=4FB71778-35E5-0311-C96C-07D746A3C347 HTTP/1.1" 404 -
47.128.63.114 - - [30/Jun/2024:01:55:10 +0200] "GET /ticket2/opencms/system/modules/com.gridnine.opencms.ticketbrokerage.site/resources/pics/bank_2_handelsbanken.png HTTP/1.1" 200 4509
47.128.63.114 - - [30/Jun/2024:01:55:11 +0200] "GET /ticket2/opencms/system/modules/com.gridnine.opencms.ticketbrokerage.site/resources/pics/bank_3_swedbank.png HTTP/1.1" 200 5740
47.128.63.114 - - [30/Jun/2024:01:55:11 +0200] "GET /ticket2/opencms/system/modules/com.gridnine.opencms.ticketbrokerage.site/resources/pics/bank_4_seb.png HTTP/1.1" 200 2487
47.128.63.114 - - [30/Jun/2024:01:55:11 +0200] "GET /ticket2/opencms/system/modules/com.gridnine.opencms.ticketbrokerage.site/resources/pics/bank_1_nordea.png HTTP/1.1" 200 4807
47.128.63.114 - - [30/Jun/2024:01:55:11 +0200] "GET /ticket2/opencms/system/modules/com.gridnine.opencms.ticketbrokerage.site/resources/pics/bank_5_visa_mastercard.png HTTP/1.1" 200 8196
47.128.63.114 - - [30/Jun/2024:01:55:11 +0200] "GET /ticket2/opencms/system/modules/com.gridnine.opencms.ticketbrokerage.site/resources/pics/bank_6_american_express.png HTTP/1.1" 200 5570
66.249.76.2 - - [30/Jun/2024:01:55:13 +0200] "GET /ticket2/opencms/no/buy/?page=1&edid=32C765D3-F869-7E5E-98A4-5E68576F52A5 HTTP/1.1" 200 112414
66.249.66.36 - - [30/Jun/2024:01:55:15 +0200] "GET /ticket2/opencms/fr/buy/?page=1&edid=72113169-CE1D-B963-8867-381A95276A39 HTTP/1.1" 200 122092
192.95.30.177 - - [30/Jun/2024:01:55:16 +0200] "GET /ticket2/opencms/de/fr/buy/?page=1&edid=50974855-16B8-A11C-006C-26C8896CE55F HTTP/1.1" 404 -
192.95.30.177 - - [30/Jun/2024:01:55:22 +0200] "GET /ticket2/opencms/de/fr/buy/?page=1&edid=5213BBB3-67CD-163B-C256-72C4ACAB1B00 HTTP/1.1" 404 -
192.95.30.177 - - [30/Jun/2024:01:55:28 +0200] "GET /ticket2/opencms/de/fr/buy/?page=1&edid=553ADDA1-E0D9-E3D6-EC5D-90A14C3A0FAF HTTP/1.1" 404 -
192.95.30.177 - - [30/Jun/2024:01:55:34 +0200] "GET /ticket2/opencms/de/fr/buy/?page=1&edid=5B5D74F0-DD4A-806F-220D-FF262FB88FFE HTTP/1.1" 404 -
192.95.30.177 - - [30/Jun/2024:01:55:40 +0200] "GET /ticket2/opencms/de/fr/buy/?page=1&edid=63D01EA9-6118-F064-A9BE-98AD792F8DD1 HTTP/1.1" 404 -
192.95.30.177 - - [30/Jun/2024:01:55:46 +0200] "GET /ticket2/opencms/de/fr/buy/?page=1&edid=6569E833-F58F-E565-7CC3-4E596C1015F9 HTTP/1.1" 404 -
192.95.30.177 - - [30/Jun/2024:01:55:52 +0200] "GET /ticket2/opencms/de/fr/buy/?page=1&edid=6D3255A1-E682-32BF-031C-D984FAE9D38E HTTP/1.1" 404 -
216.245.221.83 - - [30/Jun/2024:01:55:53 +0200] "HEAD /ticket2/opencms/ HTTP/1.1" 302 -
216.245.221.83 - - [30/Jun/2024:01:55:56 +0200] "HEAD /ticket2/opencms/en/ HTTP/1.1" 200 -
192.95.30.177 - - [30/Jun/2024:01:55:58 +0200] "GET /ticket2/opencms/de/fr/buy/?page=1&edid=6F957320-7F2D-3595-C3EF-63F4A1290CC1 HTTP/1.1" 404 -
47.128.63.117 - - [30/Jun/2024:01:56:03 +0200] "GET /ticket2/opencms/fi/buy/?catid=F7FF413B-5FDF-82CF-E5BB-CD4AB6027974&comcatid=97ECA65A-72DA-F9AF-9DBB-245D3CFED1BE&page=7 HTTP/1.1" 200 78389
192.95.30.177 - - [30/Jun/2024:01:56:04 +0200] "GET /ticket2/opencms/de/fr/buy/?page=1&edid=718C22C8-8C2E-B7BE-339A-55BF525019AD HTTP/1.1" 404 -
47.128.63.117 - - [30/Jun/2024:01:56:04 +0200] "GET /ticket2/opencms/system/modules/com.gridnine.opencms.ticketbrokerage.site/resources/pics/logo-new.png HTTP/1.1" 200 13541
47.128.63.117 - - [30/Jun/2024:01:56:05 +0200] "GET /ticket2/opencms/system/modules/com.gridnine.opencms.ticketbrokerage.site/resources/pics/bank_2_handelsbanken.png HTTP/1.1" 200 4509
47.128.63.117 - - [30/Jun/2024:01:56:05 +0200] "GET /ticket2/opencms/system/modules/com.gridnine.opencms.ticketbrokerage.site/resources/pics/bank_1_nordea.png HTTP/1.1" 200 4807
47.128.63.117 - - [30/Jun/2024:01:56:05 +0200] "GET /ticket2/opencms/system/modules/com.gridnine.opencms.ticketbrokerage.site/resources/pics/bank_4_seb.png HTTP/1.1" 200 2487
47.128.63.117 - - [30/Jun/2024:01:56:05 +0200] "GET /ticket2/opencms/system/modules/com.gridnine.opencms.ticketbrokerage.site/resources/pics/bank_3_swedbank.png HTTP/1.1" 200 5740
47.128.63.117 - - [30/Jun/2024:01:56:05 +0200] "GET /ticket2/opencms/system/modules/com.gridnine.opencms.ticketbrokerage.site/resources/pics/bank_5_visa_mastercard.png HTTP/1.1" 200 8196
47.128.63.117 - - [30/Jun/2024:01:56:05 +0200] "GET /ticket2/opencms/system/modules/com.gridnine.opencms.ticketbrokerage.site/resources/pics/bank_6_american_express.png HTTP/1.1" 200 5570
192.95.30.177 - - [30/Jun/2024:01:56:09 +0200] "GET /ticket2/opencms/de/fr/buy/?page=1&edid=75DB9E0C-160D-3025-2938-CBFD4F5F1C36 HTTP/1.1" 404 -
192.95.30.177 - - [30/Jun/2024:01:56:15 +0200] "GET /ticket2/opencms/de/fr/buy/?page=1&edid=78082CE8-FF07-6DCD-F684-97CDB9F54EAF HTTP/1.1" 404 -
192.95.30.177 - - [30/Jun/2024:01:56:21 +0200] "GET /ticket2/opencms/de/fr/buy/?page=1&edid=7A4CE546-AC14-D210-0A29-FC904D915BD3 HTTP/1.1" 404 -
192.95.30.177 - - [30/Jun/2024:01:56:27 +0200] "GET /ticket2/opencms/de/fr/buy/?page=1&edid=7E653C31-A788-6271-D9AA-FE8367BFE104 HTTP/1.1" 404 -
192.95.30.177 - - [30/Jun/2024:01:56:33 +0200] "GET /ticket2/opencms/de/fr/buy/?page=1&edid=875E6B51-C91B-C46E-A4FB-B3662BA0A6E8 HTTP/1.1" 404 -
185.191.171.19 - - [30/Jun/2024:01:56:39 +0200] "GET /ticket2/opencms/partners/ HTTP/1.1" 200 14828
192.95.30.177 - - [30/Jun/2024:01:56:39 +0200] "GET /ticket2/opencms/de/fr/buy/?page=1&edid=8D7E4EA3-ED35-1CF7-A7BE-8DD27899E495 HTTP/1.1" 404 -
185.157.223.150 - - [30/Jun/2024:01:56:42 +0200] "GET /ticket2/tickets_export/outgoing/export.txt HTTP/1.1" 200 24553702
185.191.171.4 - - [30/Jun/2024:01:56:43 +0200] "GET /ticket2/opencms/sv/magazine/article?title=kop-biljetter-till-bundesliga-pa-ticket2com HTTP/1.1" 200 73884
52.167.144.176 - - [30/Jun/2024:01:56:44 +0200] "GET /ticket2/opencms/en/buy/?page=1&edid=0B47736A-FA84-71BA-CCD6-2E1CA4B784CF HTTP/1.1" 200 85172
192.95.30.177 - - [30/Jun/2024:01:56:45 +0200] "GET /ticket2/opencms/de/fr/buy/?page=1&edid=8EE24D2F-4BF0-A103-6944-36103BCA6278 HTTP/1.1" 404 -
192.95.30.177 - - [30/Jun/2024:01:56:51 +0200] "GET /ticket2/opencms/de/fr/buy/?page=1&edid=993ECB6B-5437-7FFC-177B-D4101C1148EA HTTP/1.1" 404 -
47.128.62.61 - - [30/Jun/2024:01:56:55 +0200] "GET /ticket2/opencms/fi/buy/?comcatid=97ECA65A-72DA-F9AF-9DBB-245D3CFED1BE&page=7 HTTP/1.1" 200 78346
47.128.62.61 - - [30/Jun/2024:01:56:55 +0200] "GET /ticket2/opencms/system/modules/com.gridnine.opencms.ticketbrokerage.site/resources/pics/logo-new.png HTTP/1.1" 200 13541
47.128.62.61 - - [30/Jun/2024:01:56:56 +0200] "GET /ticket2/opencms/system/modules/com.gridnine.opencms.ticketbrokerage.site/resources/pics/bank_2_handelsbanken.png HTTP/1.1" 200 4509
47.128.62.61 - - [30/Jun/2024:01:56:56 +0200] "GET /ticket2/opencms/system/modules/com.gridnine.opencms.ticketbrokerage.site/resources/pics/bank_1_nordea.png HTTP/1.1" 200 4807
47.128.62.61 - - [30/Jun/2024:01:56:56 +0200] "GET /ticket2/opencms/system/modules/com.gridnine.opencms.ticketbrokerage.site/resources/pics/bank_4_seb.png HTTP/1.1" 200 2487
47.128.62.61 - - [30/Jun/2024:01:56:56 +0200] "GET /ticket2/opencms/system/modules/com.gridnine.opencms.ticketbrokerage.site/resources/pics/bank_3_swedbank.png HTTP/1.1" 200 5740
47.128.62.61 - - [30/Jun/2024:01:56:56 +0200] "GET /ticket2/opencms/system/modules/com.gridnine.opencms.ticketbrokerage.site/resources/pics/bank_5_visa_mastercard.png HTTP/1.1" 200 8196
47.128.62.61 - - [30/Jun/2024:01:56:56 +0200] "GET /ticket2/opencms/system/modules/com.gridnine.opencms.ticketbrokerage.site/resources/pics/bank_6_american_express.png HTTP/1.1" 200 5570
192.95.30.177 - - [30/Jun/2024:01:56:57 +0200] "GET /ticket2/opencms/de/fr/buy/?page=1&edid=9D419DE2-433C-4623-52FC-52F2BDAC1689 HTTP/1.1" 404 -
192.95.30.177 - - [30/Jun/2024:01:57:03 +0200] "GET /ticket2/opencms/de/fr/buy/?page=1&edid=A32C2CDE-A2F2-054C-C7FE-30BF45814EDA HTTP/1.1" 404 -
192.95.30.177 - - [30/Jun/2024:01:57:08 +0200] "GET /ticket2/opencms/de/fr/buy/?page=1&edid=A45990B9-A12C-0577-BA2E-9F588E99A8DB HTTP/1.1" 404 -
216.245.221.83 - - [30/Jun/2024:01:57:13 +0200] "HEAD /ticket2/opencms/ HTTP/1.1" 302 -
216.245.221.83 - - [30/Jun/2024:01:57:14 +0200] "HEAD /ticket2/opencms/en/ HTTP/1.1" 200 -
192.95.30.177 - - [30/Jun/2024:01:57:14 +0200] "GET /ticket2/opencms/de/fr/buy/?page=1&edid=B5C39213-E135-81B2-3182-CF92D0BE5105 HTTP/1.1" 404 -
66.249.92.133 - - [30/Jun/2024:01:57:16 +0200] "GET /ticket2/opencms/sv/ HTTP/1.1" 200 91831
49.0.200.245 - - [30/Jun/2024:01:57:17 +0200] "GET /ticket2/opencms/sv/login/ HTTP/1.1" 200 74250
192.95.30.177 - - [30/Jun/2024:01:57:20 +0200] "GET /ticket2/opencms/de/fr/buy/?page=1&edid=C747B503-4F89-B90B-1E3B-B3B4D66B1FA0 HTTP/1.1" 404 -
185.191.171.8 - - [30/Jun/2024:01:57:24 +0200] "GET /ticket2/opencms/robots.txt HTTP/1.1" 200 773
85.208.96.200 - - [30/Jun/2024:01:57:25 +0200] "GET /ticket2/opencms/it/magazine/article?title=kylian-mbappe HTTP/1.1" 200 76850
192.95.30.177 - - [30/Jun/2024:01:57:26 +0200] "GET /ticket2/opencms/de/fr/buy/?page=1&edid=CF871F32-58B9-936F-E54E-3AC3FCAE5989 HTTP/1.1" 404 -
192.95.30.177 - - [30/Jun/2024:01:57:32 +0200] "GET /ticket2/opencms/de/fr/buy/?page=1&edid=D3D1A511-385D-0A89-1FCD-2C30ED5A7E8C HTTP/1.1" 404 -
192.95.30.177 - - [30/Jun/2024:01:57:38 +0200] "GET /ticket2/opencms/de/fr/buy/?page=1&edid=E2CB9A79-554E-1B99-8B4A-D94A96F8D826 HTTP/1.1" 404 -
192.95.30.177 - - [30/Jun/2024:01:57:44 +0200] "GET /ticket2/opencms/de/fr/buy/?page=1&edid=E44FCAD0-102B-CB4A-FD91-1FF3F945F0AB HTTP/1.1" 404 -
114.119.137.43 - - [30/Jun/2024:01:57:45 +0200] "GET /ticket2/opencms/en/venue/?countryid=B2685E9F-F5FB-C584-F982-0FC8E094C1AC HTTP/1.1" 200 100730
47.128.117.84 - - [30/Jun/2024:01:57:47 +0200] "GET /ticket2/opencms/no/buy/?catid=F03B8ADD-988E-AE6A-8DBA-AF502C691C60&comcatid=A17713B6-D984-201A-4143-ED4DB5ED5C2E&page=7 HTTP/1.1" 200 83087
47.128.117.84 - - [30/Jun/2024:01:57:48 +0200] "GET /ticket2/opencms/system/modules/com.gridnine.opencms.ticketbrokerage.site/resources/pics/logo-new.png HTTP/1.1" 200 13541
47.128.117.84 - - [30/Jun/2024:01:57:48 +0200] "GET /ticket2/opencms/system/modules/com.gridnine.opencms.ticketbrokerage.site/resources/pics/bank_1_nordea.png HTTP/1.1" 200 4807
47.128.117.84 - - [30/Jun/2024:01:57:49 +0200] "GET /ticket2/opencms/system/modules/com.gridnine.opencms.ticketbrokerage.site/resources/pics/bank_2_handelsbanken.png HTTP/1.1" 200 4509
47.128.117.84 - - [30/Jun/2024:01:57:49 +0200] "GET /ticket2/opencms/system/modules/com.gridnine.opencms.ticketbrokerage.site/resources/pics/bank_3_swedbank.png HTTP/1.1" 200 5740
47.128.117.84 - - [30/Jun/2024:01:57:49 +0200] "GET /ticket2/opencms/system/modules/com.gridnine.opencms.ticketbrokerage.site/resources/pics/bank_4_seb.png HTTP/1.1" 200 2487
47.128.117.84 - - [30/Jun/2024:01:57:49 +0200] "GET /ticket2/opencms/system/modules/com.gridnine.opencms.ticketbrokerage.site/resources/pics/bank_5_visa_mastercard.png HTTP/1.1" 200 8196
47.128.117.84 - - [30/Jun/2024:01:57:49 +0200] "GET /ticket2/opencms/system/modules/com.gridnine.opencms.ticketbrokerage.site/resources/pics/bank_6_american_express.png HTTP/1.1" 200 5570
192.95.30.177 - - [30/Jun/2024:01:57:50 +0200] "GET /ticket2/opencms/de/fr/buy/?page=1&edid=E9A5D231-5C52-F752-E3A2-DEF92167B2C3 HTTP/1.1" 404 -
192.95.30.177 - - [30/Jun/2024:01:57:56 +0200] "GET /ticket2/opencms/de/fr/buy/?page=1&edid=EADB7F79-1BC4-53CA-844D-4F8EF9B8B120 HTTP/1.1" 404 -
192.95.30.177 - - [30/Jun/2024:01:58:02 +0200] "GET /ticket2/opencms/de/fr/buy/?page=1&edid=EB937F59-78A8-4F54-1D8E-A6CD792386CC HTTP/1.1" 404 -
51.222.253.11 - - [30/Jun/2024:01:58:04 +0200] "GET /ticket2/opencms/dk/buy/?page=10&eventid=6BFEAC6D-603C-86F7-45AA-ABF1A48CE94F&venueid=7943BD7F-85DA-A73F-DD60-967562D19B0E HTTP/1.1" 200 86141
51.222.253.8 - - [30/Jun/2024:01:58:07 +0200] "GET /ticket2/opencms/system/modules/com.gridnine.opencms.ticketbrokerage.site/resources/pics/book_tickets_button_dk.png HTTP/1.1" 200 8700
192.95.30.177 - - [30/Jun/2024:01:58:07 +0200] "GET /ticket2/opencms/de/fr/buy/?page=1&edid=ED12F6CE-A80E-35CB-38A4-6FFF7BEE81E3 HTTP/1.1" 404 -
5.102.173.71 - - [30/Jun/2024:01:58:08 +0200] "GET /ticket2/opencms/robots.txt HTTP/1.1" 200 773
5.102.173.71 - - [30/Jun/2024:01:58:08 +0200] "GET /ticket2/opencms/dk/sport/fodboldbilletter/serie-a/ac-milan/ HTTP/1.1" 200 73764
47.128.96.211 - - [30/Jun/2024:01:58:09 +0200] "GET /ticket2/opencms/de/magazine/article/ HTTP/1.1" 200 72325
47.128.96.211 - - [30/Jun/2024:01:58:10 +0200] "GET /ticket2/opencms/system/modules/com.gridnine.opencms.ticketbrokerage.site/resources/pics/logo-new.png HTTP/1.1" 200 13541
47.128.96.211 - - [30/Jun/2024:01:58:10 +0200] "GET /ticket2/opencms/system/modules/com.gridnine.opencms.ticketbrokerage.site/resources/pics/bank_4_seb.png HTTP/1.1" 200 2487
47.128.96.211 - - [30/Jun/2024:01:58:11 +0200] "GET /ticket2/opencms/system/modules/com.gridnine.opencms.ticketbrokerage.site/resources/pics/bank_1_nordea.png HTTP/1.1" 200 4807
47.128.96.211 - - [30/Jun/2024:01:58:11 +0200] "GET /ticket2/opencms/system/modules/com.gridnine.opencms.ticketbrokerage.site/resources/pics/bank_5_visa_mastercard.png HTTP/1.1" 200 8196
47.128.96.211 - - [30/Jun/2024:01:58:11 +0200] "GET /ticket2/opencms/system/modules/com.gridnine.opencms.ticketbrokerage.site/resources/pics/bank_3_swedbank.png HTTP/1.1" 200 5740
47.128.96.211 - - [30/Jun/2024:01:58:11 +0200] "GET /ticket2/opencms/system/modules/com.gridnine.opencms.ticketbrokerage.site/resources/pics/bank_2_handelsbanken.png HTTP/1.1" 200 4509
47.128.96.211 - - [30/Jun/2024:01:58:11 +0200] "GET /ticket2/opencms/system/modules/com.gridnine.opencms.ticketbrokerage.site/resources/pics/bank_6_american_express.png HTTP/1.1" 200 5570
192.95.30.177 - - [30/Jun/2024:01:58:13 +0200] "GET /ticket2/opencms/de/fr/buy/?page=1&edid=F259E72F-02E4-015A-C01E-095BEE9EC30F HTTP/1.1" 404 -
192.95.30.177 - - [30/Jun/2024:01:58:19 +0200] "GET /ticket2/opencms/de/fr/buy/?page=1&edid=F5BFC35C-9252-8495-D0AB-4A5E2C07EBBC HTTP/1.1" 404 -
192.95.30.177 - - [30/Jun/2024:01:58:25 +0200] "GET /ticket2/opencms/de/fr/buy/?page=1&edid=F7A3CA0E-9752-41FA-BB70-B50F14771FC0 HTTP/1.1" 404 -
85.208.96.208 - - [30/Jun/2024:01:58:27 +0200] "GET /ticket2/opencms/sv/konsertbiljetter/coldplay/ HTTP/1.1" 200 73542
192.95.30.177 - - [30/Jun/2024:01:58:31 +0200] "GET /ticket2/opencms/de/fr/buy/?page=1&edid=FB919A6A-DE02-1353-FDB8-CEDFF340E9B7 HTTP/1.1" 404 -
47.128.28.88 - - [30/Jun/2024:01:58:35 +0200] "GET /ticket2/opencms/nl/buy/?catid=26594C33-56CE-F529-FAF3-61AB33F74A3B&comcatid=0A6B8208-FDA4-E929-9D72-5312FD481B76 HTTP/1.1" 200 74905
47.128.28.88 - - [30/Jun/2024:01:58:36 +0200] "GET /ticket2/opencms/system/modules/com.gridnine.opencms.ticketbrokerage.site/resources/pics/logo-new.png HTTP/1.1" 200 13541
66.249.76.170 - - [30/Jun/2024:01:58:36 +0200] "GET /ticket2/opencms/no/buy/?page=1&edid=713C8E2E-8856-812A-FD61-94B2B631F7A2 HTTP/1.1" 200 86535
47.128.28.88 - - [30/Jun/2024:01:58:36 +0200] "GET /ticket2/opencms/system/modules/com.gridnine.opencms.ticketbrokerage.site/resources/pics/bank_1_nordea.png HTTP/1.1" 200 4807
47.128.28.88 - - [30/Jun/2024:01:58:37 +0200] "GET /ticket2/opencms/system/modules/com.gridnine.opencms.ticketbrokerage.site/resources/pics/bank_6_american_express.png HTTP/1.1" 200 5570
47.128.28.88 - - [30/Jun/2024:01:58:37 +0200] "GET /ticket2/opencms/system/modules/com.gridnine.opencms.ticketbrokerage.site/resources/pics/bank_3_swedbank.png HTTP/1.1" 200 5740
47.128.28.88 - - [30/Jun/2024:01:58:37 +0200] "GET /ticket2/opencms/system/modules/com.gridnine.opencms.ticketbrokerage.site/resources/pics/bank_5_visa_mastercard.png HTTP/1.1" 200 8196
47.128.28.88 - - [30/Jun/2024:01:58:37 +0200] "GET /ticket2/opencms/system/modules/com.gridnine.opencms.ticketbrokerage.site/resources/pics/bank_4_seb.png HTTP/1.1" 200 2487
47.128.28.88 - - [30/Jun/2024:01:58:37 +0200] "GET /ticket2/opencms/system/modules/com.gridnine.opencms.ticketbrokerage.site/resources/pics/bank_2_handelsbanken.png HTTP/1.1" 200 4509
66.249.76.1 - - [30/Jun/2024:01:58:38 +0200] "GET /ticket2/opencms/en/buy/?comcatid=97ECA65A-72DA-F9AF-9DBB-245D3CFED1BE&catid=9457695E-36ED-A63E-7A88-32963954E2C7 HTTP/1.1" 200 76649
192.95.30.177 - - [30/Jun/2024:01:58:39 +0200] "GET /ticket2/opencms/de/fr/buy/?comcatid=0A6B8208-FDA4-E929-9D72-5312FD481B76 HTTP/1.1" 404 -
47.128.57.169 - - [30/Jun/2024:01:58:40 +0200] "GET /ticket2/opencms/no/buy/?catid=BF886BAE-FC84-8CB3-A193-6DFA251F7985&comcatid=B41CCF2B-5558-7AEE-3602-09BBDE417D65&page=7 HTTP/1.1" 200 75250
47.128.57.169 - - [30/Jun/2024:01:58:41 +0200] "GET /ticket2/opencms/system/modules/com.gridnine.opencms.ticketbrokerage.site/resources/pics/logo-new.png HTTP/1.1" 200 13541
47.128.57.169 - - [30/Jun/2024:01:58:41 +0200] "GET /ticket2/opencms/system/modules/com.gridnine.opencms.ticketbrokerage.site/resources/pics/bank_3_swedbank.png HTTP/1.1" 200 5740
47.128.57.169 - - [30/Jun/2024:01:58:41 +0200] "GET /ticket2/opencms/system/modules/com.gridnine.opencms.ticketbrokerage.site/resources/pics/bank_4_seb.png HTTP/1.1" 200 2487
47.128.57.169 - - [30/Jun/2024:01:58:42 +0200] "GET /ticket2/opencms/system/modules/com.gridnine.opencms.ticketbrokerage.site/resources/pics/bank_1_nordea.png HTTP/1.1" 200 4807
47.128.57.169 - - [30/Jun/2024:01:58:42 +0200] "GET /ticket2/opencms/system/modules/com.gridnine.opencms.ticketbrokerage.site/resources/pics/bank_2_handelsbanken.png HTTP/1.1" 200 4509
47.128.57.169 - - [30/Jun/2024:01:58:42 +0200] "GET /ticket2/opencms/system/modules/com.gridnine.opencms.ticketbrokerage.site/resources/pics/bank_5_visa_mastercard.png HTTP/1.1" 200 8196
47.128.57.169 - - [30/Jun/2024:01:58:42 +0200] "GET /ticket2/opencms/system/modules/com.gridnine.opencms.ticketbrokerage.site/resources/pics/bank_6_american_express.png HTTP/1.1" 200 5570
192.95.30.177 - - [30/Jun/2024:01:58:47 +0200] "GET /ticket2/opencms/de/fr/buy/?comcatid=0A6B8208-FDA4-E929-9D72-5312FD481B76&catid=1DB7F66B-473B-B427-F752-358FEEFE8EC0 HTTP/1.1" 404 -
51.222.253.20 - - [30/Jun/2024:01:58:53 +0200] "GET /ticket2/opencms/sv/buy/?comcatid=B41CCF2B-5558-7AEE-3602-09BBDE417D65&catid=A34BCF61-E19C-5C5C-445E-06F3749E1EF4 HTTP/1.1" 200 74749
192.95.30.177 - - [30/Jun/2024:01:58:54 +0200] "GET /ticket2/opencms/de/fr/buy/?comcatid=0A6B8208-FDA4-E929-9D72-5312FD481B76&catid=26594C33-56CE-F529-FAF3-61AB33F74A3B HTTP/1.1" 404 -
47.128.37.80 - - [30/Jun/2024:01:58:59 +0200] "GET /ticket2/opencms/en/buy/?eventid=6246A7B9-7760-A5B4-1D19-4DF416B28BC3&page=10&venueid=678131D6-267B-A67E-3FCF-710EEFB21484 HTTP/1.1" 200 72682
47.128.37.80 - - [30/Jun/2024:01:59:00 +0200] "GET /ticket2/opencms/system/modules/com.gridnine.opencms.ticketbrokerage.site/resources/pics/logo-new.png HTTP/1.1" 200 13541
47.128.37.80 - - [30/Jun/2024:01:59:01 +0200] "GET /ticket2/opencms/system/modules/com.gridnine.opencms.ticketbrokerage.site/resources/pics/bank_4_seb.png HTTP/1.1" 200 2487
47.128.37.80 - - [30/Jun/2024:01:59:01 +0200] "GET /ticket2/opencms/system/modules/com.gridnine.opencms.ticketbrokerage.site/resources/pics/bank_1_nordea.png HTTP/1.1" 200 4807
47.128.37.80 - - [30/Jun/2024:01:59:01 +0200] "GET /ticket2/opencms/system/modules/com.gridnine.opencms.ticketbrokerage.site/resources/pics/bank_5_visa_mastercard.png HTTP/1.1" 200 8196
47.128.37.80 - - [30/Jun/2024:01:59:01 +0200] "GET /ticket2/opencms/system/modules/com.gridnine.opencms.ticketbrokerage.site/resources/pics/bank_2_handelsbanken.png HTTP/1.1" 200 4509
47.128.37.80 - - [30/Jun/2024:01:59:01 +0200] "GET /ticket2/opencms/system/modules/com.gridnine.opencms.ticketbrokerage.site/resources/pics/bank_3_swedbank.png HTTP/1.1" 200 5740
47.128.37.80 - - [30/Jun/2024:01:59:02 +0200] "GET /ticket2/opencms/system/modules/com.gridnine.opencms.ticketbrokerage.site/resources/pics/bank_6_american_express.png HTTP/1.1" 200 5570
192.95.30.177 - - [30/Jun/2024:01:59:02 +0200] "GET /ticket2/opencms/de/fr/buy/?comcatid=0A6B8208-FDA4-E929-9D72-5312FD481B76&catid=3A56B1C2-6FFB-C8D1-B229-B3914D5FF8DF HTTP/1.1" 404 -
40.77.167.28 - - [30/Jun/2024:01:59:03 +0200] "GET /ticket2/opencms/se/sv/venue/?venueid=72A98177-8EC1-6A88-9C99-0807532C7C07 HTTP/1.1" 404 -
192.95.30.177 - - [30/Jun/2024:01:59:10 +0200] "GET /ticket2/opencms/de/fr/buy/?comcatid=0A6B8208-FDA4-E929-9D72-5312FD481B76&catid=465306FD-802C-5175-10FF-40E426DD2769 HTTP/1.1" 404 -
185.191.171.3 - - [30/Jun/2024:01:59:14 +0200] "GET /ticket2/opencms/sv/partners/fotbolldirekt/ HTTP/1.1" 200 71543
192.95.30.177 - - [30/Jun/2024:01:59:18 +0200] "GET /ticket2/opencms/de/fr/buy/?comcatid=0A6B8208-FDA4-E929-9D72-5312FD481B76&catid=53E7B32E-5CAA-6CE7-D6AA-FFC41D70EE01 HTTP/1.1" 404 -
207.46.13.92 - - [30/Jun/2024:01:59:19 +0200] "GET /ticket2/opencms/en/sport/football-tickets/la-liga/ HTTP/1.1" 200 78726
47.128.38.112 - - [30/Jun/2024:01:59:23 +0200] "GET /ticket2/opencms/fi/venue/?countryid=FF003B65-76E6-22ED-7100-B7664691B6BF HTTP/1.1" 200 102292
47.128.38.112 - - [30/Jun/2024:01:59:24 +0200] "GET /ticket2/opencms/system/modules/com.gridnine.opencms.ticketbrokerage.site/resources/pics/logo-new.png HTTP/1.1" 200 13541
47.128.38.112 - - [30/Jun/2024:01:59:25 +0200] "GET /ticket2/opencms/system/modules/com.gridnine.opencms.ticketbrokerage.site/resources/pics/bank_1_nordea.png HTTP/1.1" 200 4807
47.128.38.112 - - [30/Jun/2024:01:59:25 +0200] "GET /ticket2/opencms/system/modules/com.gridnine.opencms.ticketbrokerage.site/resources/pics/bank_5_visa_mastercard.png HTTP/1.1" 200 8196
47.128.38.112 - - [30/Jun/2024:01:59:25 +0200] "GET /ticket2/opencms/system/modules/com.gridnine.opencms.ticketbrokerage.site/resources/pics/bank_4_seb.png HTTP/1.1" 200 2487
47.128.38.112 - - [30/Jun/2024:01:59:25 +0200] "GET /ticket2/opencms/system/modules/com.gridnine.opencms.ticketbrokerage.site/resources/pics/bank_3_swedbank.png HTTP/1.1" 200 5740
47.128.38.112 - - [30/Jun/2024:01:59:25 +0200] "GET /ticket2/opencms/system/modules/com.gridnine.opencms.ticketbrokerage.site/resources/pics/bank_2_handelsbanken.png HTTP/1.1" 200 4509
47.128.38.112 - - [30/Jun/2024:01:59:26 +0200] "GET /ticket2/opencms/system/modules/com.gridnine.opencms.ticketbrokerage.site/resources/pics/bank_6_american_express.png HTTP/1.1" 200 5570
192.95.30.177 - - [30/Jun/2024:01:59:26 +0200] "GET /ticket2/opencms/de/fr/buy/?comcatid=0A6B8208-FDA4-E929-9D72-5312FD481B76&catid=5ED34547-492C-90DA-709D-448345844685 HTTP/1.1" 404 -
192.95.30.177 - - [30/Jun/2024:01:59:34 +0200] "GET /ticket2/opencms/de/fr/buy/?comcatid=0A6B8208-FDA4-E929-9D72-5312FD481B76&catid=8E4972FC-6E2C-77A4-BB9D-D67BD270A641 HTTP/1.1" 404 -
47.128.57.124 - - [30/Jun/2024:01:59:35 +0200] "GET /ticket2/opencms/fi/buy/?catid=4C4DADF0-07CC-9B24-D2D9-940EF378BE99&comcatid=97ECA65A-72DA-F9AF-9DBB-245D3CFED1BE&page=7 HTTP/1.1" 200 78391
47.128.57.124 - - [30/Jun/2024:01:59:36 +0200] "GET /ticket2/opencms/system/modules/com.gridnine.opencms.ticketbrokerage.site/resources/pics/logo-new.png HTTP/1.1" 200 13541
47.128.57.124 - - [30/Jun/2024:01:59:36 +0200] "GET /ticket2/opencms/system/modules/com.gridnine.opencms.ticketbrokerage.site/resources/pics/bank_4_seb.png HTTP/1.1" 200 2487
47.128.57.124 - - [30/Jun/2024:01:59:37 +0200] "GET /ticket2/opencms/system/modules/com.gridnine.opencms.ticketbrokerage.site/resources/pics/bank_3_swedbank.png HTTP/1.1" 200 5740
47.128.57.124 - - [30/Jun/2024:01:59:37 +0200] "GET /ticket2/opencms/system/modules/com.gridnine.opencms.ticketbrokerage.site/resources/pics/bank_1_nordea.png HTTP/1.1" 200 4807
47.128.57.124 - - [30/Jun/2024:01:59:37 +0200] "GET /ticket2/opencms/system/modules/com.gridnine.opencms.ticketbrokerage.site/resources/pics/bank_5_visa_mastercard.png HTTP/1.1" 200 8196
47.128.57.124 - - [30/Jun/2024:01:59:37 +0200] "GET /ticket2/opencms/system/modules/com.gridnine.opencms.ticketbrokerage.site/resources/pics/bank_2_handelsbanken.png HTTP/1.1" 200 4509
47.128.57.124 - - [30/Jun/2024:01:59:37 +0200] "GET /ticket2/opencms/system/modules/com.gridnine.opencms.ticketbrokerage.site/resources/pics/bank_6_american_express.png HTTP/1.1" 200 5570
40.77.167.21 - - [30/Jun/2024:01:59:39 +0200] "GET /ticket2/opencms/de/en/ HTTP/1.1" 404 -
114.119.128.162 - - [30/Jun/2024:01:59:41 +0200] "GET /ticket2/opencms/en/venue/?countryid=86F93FF6-B3C2-4693-7679-0BD214A3D804 HTTP/1.1" 200 100730
192.95.30.177 - - [30/Jun/2024:01:59:42 +0200] "GET /ticket2/opencms/de/fr/buy/?comcatid=0A6B8208-FDA4-E929-9D72-5312FD481B76&catid=A05A53F7-423D-23BE-575E-EA7B67DE22D9 HTTP/1.1" 404 -
51.222.253.1 - - [30/Jun/2024:01:59:46 +0200] "GET /ticket2/opencms/sv/buy/?comcatid=B41CCF2B-5558-7AEE-3602-09BBDE417D65&catid=BF886BAE-FC84-8CB3-A193-6DFA251F7985 HTTP/1.1" 200 74744
47.128.25.154 - - [30/Jun/2024:01:59:48 +0200] "GET /ticket2/opencms/fi/venue/?countryid=947940C4-79F7-1AE9-A4BA-06096E0B9585 HTTP/1.1" 200 102292
47.128.25.154 - - [30/Jun/2024:01:59:48 +0200] "GET /ticket2/opencms/system/modules/com.gridnine.opencms.ticketbrokerage.site/resources/pics/logo-new.png HTTP/1.1" 200 13541
47.128.25.154 - - [30/Jun/2024:01:59:49 +0200] "GET /ticket2/opencms/system/modules/com.gridnine.opencms.ticketbrokerage.site/resources/pics/bank_4_seb.png HTTP/1.1" 200 2487
47.128.25.154 - - [30/Jun/2024:01:59:49 +0200] "GET /ticket2/opencms/system/modules/com.gridnine.opencms.ticketbrokerage.site/resources/pics/bank_2_handelsbanken.png HTTP/1.1" 200 4509
47.128.25.154 - - [30/Jun/2024:01:59:49 +0200] "GET /ticket2/opencms/system/modules/com.gridnine.opencms.ticketbrokerage.site/resources/pics/bank_1_nordea.png HTTP/1.1" 200 4807
47.128.25.154 - - [30/Jun/2024:01:59:50 +0200] "GET /ticket2/opencms/system/modules/com.gridnine.opencms.ticketbrokerage.site/resources/pics/bank_3_swedbank.png HTTP/1.1" 200 5740
47.128.25.154 - - [30/Jun/2024:01:59:50 +0200] "GET /ticket2/opencms/system/modules/com.gridnine.opencms.ticketbrokerage.site/resources/pics/bank_5_visa_mastercard.png HTTP/1.1" 200 8196
47.128.25.154 - - [30/Jun/2024:01:59:50 +0200] "GET /ticket2/opencms/system/modules/com.gridnine.opencms.ticketbrokerage.site/resources/pics/bank_6_american_express.png HTTP/1.1" 200 5570
192.95.30.177 - - [30/Jun/2024:01:59:50 +0200] "GET /ticket2/opencms/de/fr/buy/?comcatid=0A6B8208-FDA4-E929-9D72-5312FD481B76&catid=AD8E612F-0F0B-03C9-5236-E4F8B6523945 HTTP/1.1" 404 -
192.95.30.177 - - [30/Jun/2024:01:59:58 +0200] "GET /ticket2/opencms/de/fr/buy/?comcatid=0A6B8208-FDA4-E929-9D72-5312FD481B76&catid=CB847559-7ECA-CC50-D7D2-064AF0C06FB1 HTTP/1.1" 404 -
85.208.96.196 - - [30/Jun/2024:02:00:02 +0200] "GET /ticket2/opencms/fi/urheilu/jalkapallo/bundesliga/werder_bremen/ HTTP/1.1" 200 74780
192.95.30.177 - - [30/Jun/2024:02:00:06 +0200] "GET /ticket2/opencms/de/fr/buy/?comcatid=0A6B8208-FDA4-E929-9D72-5312FD481B76&catid=FCA7FF95-260A-464B-B6FF-A820FCE7DFEF HTTP/1.1" 404 -
185.191.171.8 - - [30/Jun/2024:02:00:07 +0200] "GET /ticket2/opencms/fi/urheilu/jalkapallo/la-liga/barcelona/ HTTP/1.1" 200 75463
47.128.121.209 - - [30/Jun/2024:02:00:13 +0200] "GET /ticket2/opencms/fi/search.html?searchQuery=Washington HTTP/1.1" 200 93392
192.95.30.177 - - [30/Jun/2024:02:00:14 +0200] "GET /ticket2/opencms/de/fr/buy/?comcatid=66708183-7480-3365-06BF-DBF60280AB45 HTTP/1.1" 404 -
47.128.121.209 - - [30/Jun/2024:02:00:14 +0200] "GET /ticket2/opencms/system/modules/com.gridnine.opencms.ticketbrokerage.site/resources/pics/front_page/sv/Svenska_fans.jpg HTTP/1.1" 200 7096
47.128.121.209 - - [30/Jun/2024:02:00:14 +0200] "GET /ticket2/opencms/system/modules/com.gridnine.opencms.ticketbrokerage.site/resources/pics/logo-new.png HTTP/1.1" 200 13541
47.128.121.209 - - [30/Jun/2024:02:00:15 +0200] "GET /ticket2/opencms/system/modules/com.gridnine.opencms.ticketbrokerage.site/resources/pics/right_side_bar/fi/instagram.png HTTP/1.1" 200 2709
47.128.121.209 - - [30/Jun/2024:02:00:15 +0200] "GET /ticket2/opencms/system/modules/com.gridnine.opencms.ticketbrokerage.site/resources/pics/partners/Hockeysverige.jpg HTTP/1.1" 200 8841
47.128.121.209 - - [30/Jun/2024:02:00:15 +0200] "GET /ticket2/opencms/system/modules/com.gridnine.opencms.ticketbrokerage.site/resources/pics/front_page/sv/elite_prospects.png HTTP/1.1" 200 14543
47.128.121.209 - - [30/Jun/2024:02:00:15 +0200] "GET /ticket2/opencms/system/modules/com.gridnine.opencms.ticketbrokerage.site/resources/pics/partners/fotboll_direkt.png HTTP/1.1" 200 14373
47.128.121.209 - - [30/Jun/2024:02:00:15 +0200] "GET /ticket2/opencms/system/modules/com.gridnine.opencms.ticketbrokerage.site/resources/pics/right_side_bar/fi/facebook.png HTTP/1.1" 200 2017
47.128.121.209 - - [30/Jun/2024:02:00:15 +0200] "GET /ticket2/opencms/system/modules/com.gridnine.opencms.ticketbrokerage.site/resources/pics/bank_1_nordea.png HTTP/1.1" 200 4807
47.128.121.209 - - [30/Jun/2024:02:00:15 +0200] "GET /ticket2/opencms/system/modules/com.gridnine.opencms.ticketbrokerage.site/resources/pics/bank_2_handelsbanken.png HTTP/1.1" 200 4509
47.128.121.209 - - [30/Jun/2024:02:00:16 +0200] "GET /ticket2/opencms/system/modules/com.gridnine.opencms.ticketbrokerage.site/resources/pics/bank_3_swedbank.png HTTP/1.1" 200 5740
47.128.121.209 - - [30/Jun/2024:02:00:16 +0200] "GET /ticket2/opencms/system/modules/com.gridnine.opencms.ticketbrokerage.site/resources/pics/bank_4_seb.png HTTP/1.1" 200 2487
47.128.121.209 - - [30/Jun/2024:02:00:16 +0200] "GET /ticket2/opencms/system/modules/com.gridnine.opencms.ticketbrokerage.site/resources/pics/bank_5_visa_mastercard.png HTTP/1.1" 200 8196
47.128.121.209 - - [30/Jun/2024:02:00:16 +0200] "GET /ticket2/opencms/system/modules/com.gridnine.opencms.ticketbrokerage.site/resources/pics/bank_6_american_express.png HTTP/1.1" 200 5570
47.128.121.209 - - [30/Jun/2024:02:00:16 +0200] "GET /ticket2/opencms/fi/ask-form.html HTTP/1.1" 200 3012
192.95.30.177 - - [30/Jun/2024:02:00:21 +0200] "GET /ticket2/opencms/de/fr/buy/?comcatid=66708183-7480-3365-06BF-DBF60280AB45&catid=05A94519-01D1-C86F-9031-84936B0B9DAE HTTP/1.1" 404 -
47.128.29.31 - - [30/Jun/2024:02:00:26 +0200] "GET /ticket2/opencms/fi/buy/?catid=36394212-F82E-F845-399B-42BED55969CC&comcatid=A17713B6-D984-201A-4143-ED4DB5ED5C2E&page=7 HTTP/1.1" 200 83454
47.128.29.31 - - [30/Jun/2024:02:00:28 +0200] "GET /ticket2/opencms/system/modules/com.gridnine.opencms.ticketbrokerage.site/resources/pics/logo-new.png HTTP/1.1" 200 13541
47.128.29.31 - - [30/Jun/2024:02:00:28 +0200] "GET /ticket2/opencms/system/modules/com.gridnine.opencms.ticketbrokerage.site/resources/pics/bank_2_handelsbanken.png HTTP/1.1" 200 4509
47.128.29.31 - - [30/Jun/2024:02:00:29 +0200] "GET /ticket2/opencms/system/modules/com.gridnine.opencms.ticketbrokerage.site/resources/pics/bank_1_nordea.png HTTP/1.1" 200 4807
192.95.30.177 - - [30/Jun/2024:02:00:29 +0200] "GET /ticket2/opencms/de/fr/buy/?comcatid=66708183-7480-3365-06BF-DBF60280AB45&catid=30D5812D-0858-4843-8F45-C38AE504153C HTTP/1.1" 404 -
47.128.29.31 - - [30/Jun/2024:02:00:30 +0200] "GET /ticket2/opencms/system/modules/com.gridnine.opencms.ticketbrokerage.site/resources/pics/bank_4_seb.png HTTP/1.1" 200 2487
47.128.29.31 - - [30/Jun/2024:02:00:30 +0200] "GET /ticket2/opencms/system/modules/com.gridnine.opencms.ticketbrokerage.site/resources/pics/bank_3_swedbank.png HTTP/1.1" 200 5740
47.128.29.31 - - [30/Jun/2024:02:00:30 +0200] "GET /ticket2/opencms/system/modules/com.gridnine.opencms.ticketbrokerage.site/resources/pics/bank_6_american_express.png HTTP/1.1" 200 5570
47.128.29.31 - - [30/Jun/2024:02:00:30 +0200] "GET /ticket2/opencms/system/modules/com.gridnine.opencms.ticketbrokerage.site/resources/pics/bank_5_visa_mastercard.png HTTP/1.1" 200 8196
192.95.30.177 - - [30/Jun/2024:02:00:37 +0200] "GET /ticket2/opencms/de/fr/buy/?comcatid=66708183-7480-3365-06BF-DBF60280AB45&catid=8C381435-A1E8-94AF-2C58-D133FCA44A31 HTTP/1.1" 404 -
47.128.113.44 - - [30/Jun/2024:02:00:37 +0200] "GET /ticket2/opencms/fi/buy/?eventid=C7B8839D-D05D-58E7-D08F-88E8ADCFDD77&page=11 HTTP/1.1" 200 74780
47.128.113.44 - - [30/Jun/2024:02:00:38 +0200] "GET /ticket2/opencms/system/modules/com.gridnine.opencms.ticketbrokerage.site/resources/pics/logo-new.png HTTP/1.1" 200 13541
47.128.113.44 - - [30/Jun/2024:02:00:38 +0200] "GET /ticket2/opencms/system/modules/com.gridnine.opencms.ticketbrokerage.site/resources/pics/bank_5_visa_mastercard.png HTTP/1.1" 200 8196
47.128.113.44 - - [30/Jun/2024:02:00:39 +0200] "GET /ticket2/opencms/system/modules/com.gridnine.opencms.ticketbrokerage.site/resources/pics/bank_4_seb.png HTTP/1.1" 200 2487
51.222.253.12 - - [30/Jun/2024:02:00:39 +0200] "GET /ticket2/opencms/sv/buy/?comcatid=810BB404-4103-77F2-A6C2-12D5E6C338E2&catid=95AE85B5-8979-BB11-643C-430ACC6D50F9 HTTP/1.1" 200 74198
47.128.113.44 - - [30/Jun/2024:02:00:39 +0200] "GET /ticket2/opencms/system/modules/com.gridnine.opencms.ticketbrokerage.site/resources/pics/bank_1_nordea.png HTTP/1.1" 200 4807
66.249.66.74 - - [30/Jun/2024:02:00:39 +0200] "GET /ticket2/opencms/dk/about/ HTTP/1.1" 200 73085
47.128.113.44 - - [30/Jun/2024:02:00:39 +0200] "GET /ticket2/opencms/system/modules/com.gridnine.opencms.ticketbrokerage.site/resources/pics/bank_2_handelsbanken.png HTTP/1.1" 200 4509
47.128.113.44 - - [30/Jun/2024:02:00:39 +0200] "GET /ticket2/opencms/system/modules/com.gridnine.opencms.ticketbrokerage.site/resources/pics/bank_3_swedbank.png HTTP/1.1" 200 5740
47.128.113.44 - - [30/Jun/2024:02:00:39 +0200] "GET /ticket2/opencms/system/modules/com.gridnine.opencms.ticketbrokerage.site/resources/pics/bank_6_american_express.png HTTP/1.1" 200 5570
192.95.30.177 - - [30/Jun/2024:02:00:45 +0200] "GET /ticket2/opencms/de/fr/buy/?comcatid=810BB404-4103-77F2-A6C2-12D5E6C338E2 HTTP/1.1" 404 -
192.95.30.177 - - [30/Jun/2024:02:00:53 +0200] "GET /ticket2/opencms/de/fr/buy/?comcatid=810BB404-4103-77F2-A6C2-12D5E6C338E2&catid=95AE85B5-8979-BB11-643C-430ACC6D50F9 HTTP/1.1" 404 -
216.245.221.83 - - [30/Jun/2024:02:00:53 +0200] "HEAD /ticket2/opencms/ HTTP/1.1" 302 -
216.245.221.83 - - [30/Jun/2024:02:00:56 +0200] "HEAD /ticket2/opencms/en/ HTTP/1.1" 200 -
192.95.30.177 - - [30/Jun/2024:02:01:01 +0200] "GET /ticket2/opencms/de/fr/buy/?comcatid=97ECA65A-72DA-F9AF-9DBB-245D3CFED1BE HTTP/1.1" 404 -
47.128.59.42 - - [30/Jun/2024:02:01:03 +0200] "GET /ticket2/opencms/en/buy/?comcatid=A17713B6-D984-201A-4143-ED4DB5ED5C2E&catid=A4D9EA9A-192D-0274-BF26-9C98D8B902AB HTTP/1.1" 200 81675
47.128.59.42 - - [30/Jun/2024:02:01:04 +0200] "GET /ticket2/opencms/system/modules/com.gridnine.opencms.ticketbrokerage.site/resources/pics/logo-new.png HTTP/1.1" 200 13541
47.128.59.42 - - [30/Jun/2024:02:01:05 +0200] "GET /ticket2/opencms/system/modules/com.gridnine.opencms.ticketbrokerage.site/resources/pics/bank_1_nordea.png HTTP/1.1" 200 4807
47.128.59.42 - - [30/Jun/2024:02:01:05 +0200] "GET /ticket2/opencms/system/modules/com.gridnine.opencms.ticketbrokerage.site/resources/pics/bank_5_visa_mastercard.png HTTP/1.1" 200 8196
47.128.59.42 - - [30/Jun/2024:02:01:05 +0200] "GET /ticket2/opencms/system/modules/com.gridnine.opencms.ticketbrokerage.site/resources/pics/bank_4_seb.png HTTP/1.1" 200 2487
47.128.59.42 - - [30/Jun/2024:02:01:05 +0200] "GET /ticket2/opencms/system/modules/com.gridnine.opencms.ticketbrokerage.site/resources/pics/bank_3_swedbank.png HTTP/1.1" 200 5740
47.128.59.42 - - [30/Jun/2024:02:01:05 +0200] "GET /ticket2/opencms/system/modules/com.gridnine.opencms.ticketbrokerage.site/resources/pics/bank_2_handelsbanken.png HTTP/1.1" 200 4509
47.128.59.42 - - [30/Jun/2024:02:01:05 +0200] "GET /ticket2/opencms/system/modules/com.gridnine.opencms.ticketbrokerage.site/resources/pics/bank_6_american_express.png HTTP/1.1" 200 5570
192.95.30.177 - - [30/Jun/2024:02:01:09 +0200] "GET /ticket2/opencms/de/fr/buy/?comcatid=97ECA65A-72DA-F9AF-9DBB-245D3CFED1BE&catid=078F99D4-0B9E-E323-5A07-D7B70F6E8874 HTTP/1.1" 404 -
66.249.92.132 - - [30/Jun/2024:02:01:15 +0200] "GET /ticket2/opencms/dk/sport/fodboldbilletter/champions_league/malmo_ff/ HTTP/1.1" 200 73069
192.95.30.177 - - [30/Jun/2024:02:01:16 +0200] "GET /ticket2/opencms/de/fr/buy/?comcatid=97ECA65A-72DA-F9AF-9DBB-245D3CFED1BE&catid=1656E964-1E02-9A38-D092-65384E60B6EA HTTP/1.1" 404 -
47.128.57.107 - - [30/Jun/2024:02:01:19 +0200] "GET /ticket2/opencms/fi/buy/?catid=E3105E1E-3982-291E-5523-1C1DF161E9B7&comcatid=97ECA65A-72DA-F9AF-9DBB-245D3CFED1BE&page=7 HTTP/1.1" 200 78392
66.249.92.132 - - [30/Jun/2024:02:01:19 +0200] "GET /ticket2/opencms/dk/sport/fodboldbilletter/premier-league/west_ham_united/ HTTP/1.1" 200 81584
47.128.57.107 - - [30/Jun/2024:02:01:19 +0200] "GET /ticket2/opencms/system/modules/com.gridnine.opencms.ticketbrokerage.site/resources/pics/logo-new.png HTTP/1.1" 200 13541
47.128.57.107 - - [30/Jun/2024:02:01:20 +0200] "GET /ticket2/opencms/system/modules/com.gridnine.opencms.ticketbrokerage.site/resources/pics/bank_2_handelsbanken.png HTTP/1.1" 200 4509
47.128.57.107 - - [30/Jun/2024:02:01:20 +0200] "GET /ticket2/opencms/system/modules/com.gridnine.opencms.ticketbrokerage.site/resources/pics/bank_5_visa_mastercard.png HTTP/1.1" 200 8196
47.128.57.107 - - [30/Jun/2024:02:01:20 +0200] "GET /ticket2/opencms/system/modules/com.gridnine.opencms.ticketbrokerage.site/resources/pics/bank_6_american_express.png HTTP/1.1" 200 5570
47.128.57.107 - - [30/Jun/2024:02:01:20 +0200] "GET /ticket2/opencms/system/modules/com.gridnine.opencms.ticketbrokerage.site/resources/pics/bank_1_nordea.png HTTP/1.1" 200 4807
47.128.57.107 - - [30/Jun/2024:02:01:21 +0200] "GET /ticket2/opencms/system/modules/com.gridnine.opencms.ticketbrokerage.site/resources/pics/bank_4_seb.png HTTP/1.1" 200 2487
47.128.57.107 - - [30/Jun/2024:02:01:21 +0200] "GET /ticket2/opencms/system/modules/com.gridnine.opencms.ticketbrokerage.site/resources/pics/bank_3_swedbank.png HTTP/1.1" 200 5740
192.95.30.177 - - [30/Jun/2024:02:01:24 +0200] "GET /ticket2/opencms/de/fr/buy/?comcatid=97ECA65A-72DA-F9AF-9DBB-245D3CFED1BE&catid=2CCC191C-F37F-B9CA-D41C-1204E575B328 HTTP/1.1" 404 -
47.128.46.66 - - [30/Jun/2024:02:01:26 +0200] "GET /ticket2/opencms/fi/venue/?countryid=E0555A68-26A1-67E7-1128-6849A8576005 HTTP/1.1" 200 102292
47.128.46.66 - - [30/Jun/2024:02:01:27 +0200] "GET /ticket2/opencms/system/modules/com.gridnine.opencms.ticketbrokerage.site/resources/pics/logo-new.png HTTP/1.1" 200 13541
47.128.46.66 - - [30/Jun/2024:02:01:27 +0200] "GET /ticket2/opencms/system/modules/com.gridnine.opencms.ticketbrokerage.site/resources/pics/bank_1_nordea.png HTTP/1.1" 200 4807
