158.220.119.234 - - [30/Jun/2024:02:35:23 +0200] "GET /ticket2/opencms/se/ru/buy/?page=1&edid=21864DD1-06B6-914E-55C3-EE8A66B7F27C&sortorder=asc&column=row HTTP/1.1" 404 -
23.22.35.162 - - [30/Jun/2024:02:35:24 +0200] "GET /ticket2/opencms/no/sport/fotballsbilletter/bundesliga/frankfurt/ HTTP/1.1" 200 74316
47.128.25.116 - - [30/Jun/2024:02:35:24 +0200] "GET /ticket2/opencms/fi/buy/?catid=95AE85B5-8979-BB11-643C-430ACC6D50F9&comcatid=810BB404-4103-77F2-A6C2-12D5E6C338E2&page=7 HTTP/1.1" 200 75074
47.128.25.116 - - [30/Jun/2024:02:35:25 +0200] "GET /ticket2/opencms/system/modules/com.gridnine.opencms.ticketbrokerage.site/resources/pics/logo-new.png HTTP/1.1" 200 13541
47.128.25.116 - - [30/Jun/2024:02:35:25 +0200] "GET /ticket2/opencms/system/modules/com.gridnine.opencms.ticketbrokerage.site/resources/pics/bank_2_handelsbanken.png HTTP/1.1" 200 4509
192.99.3.137 - - [30/Jun/2024:02:35:25 +0200] "GET /ticket2/opencms/dk/fi/venue/?venueid=EA1AFB8D-F7C7-5DC6-A760-CAB159647828 HTTP/1.1" 404 -
47.128.25.116 - - [30/Jun/2024:02:35:26 +0200] "GET /ticket2/opencms/system/modules/com.gridnine.opencms.ticketbrokerage.site/resources/pics/bank_3_swedbank.png HTTP/1.1" 200 5740
47.128.25.116 - - [30/Jun/2024:02:35:26 +0200] "GET /ticket2/opencms/system/modules/com.gridnine.opencms.ticketbrokerage.site/resources/pics/bank_4_seb.png HTTP/1.1" 200 2487
47.128.25.116 - - [30/Jun/2024:02:35:26 +0200] "GET /ticket2/opencms/system/modules/com.gridnine.opencms.ticketbrokerage.site/resources/pics/bank_5_visa_mastercard.png HTTP/1.1" 200 8196
47.128.25.116 - - [30/Jun/2024:02:35:26 +0200] "GET /ticket2/opencms/system/modules/com.gridnine.opencms.ticketbrokerage.site/resources/pics/bank_1_nordea.png HTTP/1.1" 200 4807
47.128.25.116 - - [30/Jun/2024:02:35:26 +0200] "GET /ticket2/opencms/system/modules/com.gridnine.opencms.ticketbrokerage.site/resources/pics/bank_6_american_express.png HTTP/1.1" 200 5570
52.70.240.171 - - [30/Jun/2024:02:35:27 +0200] "GET /ticket2/opencms/system/modules/com.gridnine.opencms.ticketbrokerage.site/resources/pics/banners/sv/Eintracht_Frankfurt.jpg HTTP/1.1" 200 37795
158.220.124.16 - - [30/Jun/2024:02:35:31 +0200] "GET /ticket2/opencms/se/nl/buy/?page=1&edid=AB4FF136-CDCA-C52A-868D-DC896991B593&sortorder=asc&column=row HTTP/1.1" 404 -
158.220.119.234 - - [30/Jun/2024:02:35:31 +0200] "GET /ticket2/opencms/se/ru/buy/?page=1&edid=24D7A494-5A5B-281E-8E90-CBB6F4774B8F HTTP/1.1" 404 -
51.222.253.5 - - [30/Jun/2024:02:35:31 +0200] "GET /ticket2/opencms/sv/buy/?page=10&eventid=959EA1E3-E351-475E-F73F-8969C4E65582&venueid=E472D4FD-D5DF-5700-717C-3F4C29267654 HTTP/1.1" 200 73556
52.70.240.171 - - [30/Jun/2024:02:35:33 +0200] "GET /ticket2/opencms/en/sport/football-tickets/premier_league/fulham/ HTTP/1.1" 200 84134
3.224.220.101 - - [30/Jun/2024:02:35:36 +0200] "GET /ticket2/opencms/en/sport/football-tickets/la-liga/real_sociedad/ HTTP/1.1" 200 73393
47.128.17.204 - - [30/Jun/2024:02:35:36 +0200] "GET /ticket2/opencms/fi/buy/?comcatid=810BB404-4103-77F2-A6C2-12D5E6C338E2&page=6 HTTP/1.1" 200 74434
47.128.17.204 - - [30/Jun/2024:02:35:37 +0200] "GET /ticket2/opencms/system/modules/com.gridnine.opencms.ticketbrokerage.site/resources/pics/logo-new.png HTTP/1.1" 200 13541
47.128.17.204 - - [30/Jun/2024:02:35:37 +0200] "GET /ticket2/opencms/system/modules/com.gridnine.opencms.ticketbrokerage.site/resources/pics/bank_3_swedbank.png HTTP/1.1" 200 5740
47.128.17.204 - - [30/Jun/2024:02:35:38 +0200] "GET /ticket2/opencms/system/modules/com.gridnine.opencms.ticketbrokerage.site/resources/pics/bank_6_american_express.png HTTP/1.1" 200 5570
47.128.17.204 - - [30/Jun/2024:02:35:38 +0200] "GET /ticket2/opencms/system/modules/com.gridnine.opencms.ticketbrokerage.site/resources/pics/bank_1_nordea.png HTTP/1.1" 200 4807
47.128.17.204 - - [30/Jun/2024:02:35:38 +0200] "GET /ticket2/opencms/system/modules/com.gridnine.opencms.ticketbrokerage.site/resources/pics/bank_2_handelsbanken.png HTTP/1.1" 200 4509
47.128.17.204 - - [30/Jun/2024:02:35:38 +0200] "GET /ticket2/opencms/system/modules/com.gridnine.opencms.ticketbrokerage.site/resources/pics/bank_4_seb.png HTTP/1.1" 200 2487
47.128.17.204 - - [30/Jun/2024:02:35:38 +0200] "GET /ticket2/opencms/system/modules/com.gridnine.opencms.ticketbrokerage.site/resources/pics/bank_5_visa_mastercard.png HTTP/1.1" 200 8196
158.220.119.234 - - [30/Jun/2024:02:35:39 +0200] "GET /ticket2/opencms/se/ru/buy/?page=1&edid=25375E6B-1D70-2360-CE2B-4CBA83124EFC HTTP/1.1" 404 -
3.224.220.101 - - [30/Jun/2024:02:35:40 +0200] "GET /ticket2/opencms/en/sport/football-tickets/serie_a/hellas_verona/ HTTP/1.1" 200 73311
192.99.3.137 - - [30/Jun/2024:02:35:40 +0200] "GET /ticket2/opencms/dk/fi/venue/?venueid=F8EFDBCE-B1FF-C34F-BAE0-79E90F8EC2C1 HTTP/1.1" 404 -
23.22.35.162 - - [30/Jun/2024:02:35:44 +0200] "GET /ticket2/opencms/no/sport/fotballsbilletter/champions_league/psg/ HTTP/1.1" 200 74512
158.220.119.234 - - [30/Jun/2024:02:35:46 +0200] "GET /ticket2/opencms/se/ru/buy/?page=1&edid=25375E6B-1D70-2360-CE2B-4CBA83124EFC&sortorder=asc&column=section HTTP/1.1" 404 -
3.224.220.101 - - [30/Jun/2024:02:35:47 +0200] "GET /ticket2/opencms/no/sport/fotballsbilletter/la_liga/fc_barcelona/ HTTP/1.1" 200 76458
192.99.3.137 - - [30/Jun/2024:02:35:49 +0200] "GET /ticket2/opencms/dk/nl/buy/?page=1&edid=03208385-D01E-F3E2-867D-8006D926BFD1 HTTP/1.1" 404 -
114.119.143.145 - - [30/Jun/2024:02:35:50 +0200] "GET /ticket2/opencms/en/buy/?page=1&edid=B7610A39-4144-0BE0-019F-B5A48CCD6AC6 HTTP/1.1" 200 85190
52.70.240.171 - - [30/Jun/2024:02:35:52 +0200] "GET /ticket2/opencms/no/sport/fotballsbilletter/bundesliga/bayern-munchen/ HTTP/1.1" 200 73868
216.245.221.83 - - [30/Jun/2024:02:35:53 +0200] "HEAD /ticket2/opencms/ HTTP/1.1" 302 -
216.245.221.83 - - [30/Jun/2024:02:35:53 +0200] "HEAD /ticket2/opencms/en/ HTTP/1.1" 200 -
158.220.124.16 - - [30/Jun/2024:02:35:55 +0200] "GET /ticket2/opencms/se/nl/buy/?page=1&edid=AC8819A7-EE9F-4A10-55A9-EC0D01F8843F&sortorder=asc&column=price HTTP/1.1" 404 -
158.220.119.234 - - [30/Jun/2024:02:35:55 +0200] "GET /ticket2/opencms/se/ru/buy/?page=1&edid=25375E6B-1D70-2360-CE2B-4CBA83124EFC&sortorder=desc&column=price HTTP/1.1" 404 -
3.224.220.101 - - [30/Jun/2024:02:35:56 +0200] "GET /ticket2/opencms/system/modules/com.gridnine.opencms.ticketbrokerage.site/resources/pics/banners/sv/FC_Bayern_Muenchen.jpg HTTP/1.1" 200 38121
192.99.3.137 - - [30/Jun/2024:02:35:56 +0200] "GET /ticket2/opencms/dk/nl/buy/?page=1&edid=037F7D58-F025-6DA7-A67A-3BE5E3996F20&sortorder=desc&column=price HTTP/1.1" 404 -
23.22.35.162 - - [30/Jun/2024:02:36:00 +0200] "GET /ticket2/opencms/en/sport/football-tickets/premier_league/bournemouth/ HTTP/1.1" 200 84731
158.220.119.234 - - [30/Jun/2024:02:36:03 +0200] "GET /ticket2/opencms/se/ru/buy/?page=1&edid=25375E6B-1D70-2360-CE2B-4CBA83124EFC&sortorder=desc&column=row HTTP/1.1" 404 -
192.99.3.137 - - [30/Jun/2024:02:36:03 +0200] "GET /ticket2/opencms/dk/nl/buy/?page=1&edid=0C3824AA-A8DC-8601-308D-FCE0BC3A1BA7 HTTP/1.1" 404 -
23.22.35.162 - - [30/Jun/2024:02:36:04 +0200] "GET /ticket2/opencms/en/sport/football-tickets/premier_league/aston_villa/ HTTP/1.1" 200 84701
52.70.240.171 - - [30/Jun/2024:02:36:08 +0200] "GET /ticket2/opencms/no/sport/fotballsbilletter/premier_league/nottingham/ HTTP/1.1" 200 85117
158.220.119.234 - - [30/Jun/2024:02:36:10 +0200] "GET /ticket2/opencms/se/ru/buy/?page=1&edid=2580EFD9-5BA4-738B-D051-8FCD624442F6 HTTP/1.1" 404 -
3.224.220.101 - - [30/Jun/2024:02:36:11 +0200] "GET /ticket2/opencms/no/sport/fotballsbilletter/champions_league/dortmund/ HTTP/1.1" 200 74675
192.99.3.137 - - [30/Jun/2024:02:36:14 +0200] "GET /ticket2/opencms/dk/nl/buy/?page=1&edid=0EF8B22E-BE68-12EF-B463-EE507CBF5141&sortorder=desc&column=section HTTP/1.1" 404 -
87.241.91.227 - - [30/Jun/2024:02:36:15 +0200] "GET /ticket2/opencms/sv/buy/?page=1&edid=9F816199-B4A6-FFAD-81E4-AF2B5EAA24D6&hlv=64a87f67-34d4-44a5-80e2-60690a01000f HTTP/1.1" 200 87731
87.241.91.227 - - [30/Jun/2024:02:36:15 +0200] "GET /ticket2/opencms/system/modules/com.gridnine.opencms.ticketbrokerage.site/resources/js/jquery/jquery.js HTTP/1.1" 200 93868
87.241.91.227 - - [30/Jun/2024:02:36:15 +0200] "GET /ticket2/opencms/system/modules/com.gridnine.opencms.ticketbrokerage.site/resources/js/jquery/jquery-ui.js HTTP/1.1" 200 228088
87.241.91.227 - - [30/Jun/2024:02:36:15 +0200] "GET /ticket2/opencms/system/modules/com.gridnine.opencms.ticketbrokerage.site/resources/css/ticketbrokerage.css HTTP/1.1" 200 39339
87.241.91.227 - - [30/Jun/2024:02:36:15 +0200] "GET /ticket2/opencms/system/modules/com.gridnine.opencms.ticketbrokerage.site/resources/css/jquery-ui.css HTTP/1.1" 200 33221
87.241.91.227 - - [30/Jun/2024:02:36:15 +0200] "GET /ticket2/opencms/system/modules/com.gridnine.opencms.ticketbrokerage.site/resources/css/calendar.css HTTP/1.1" 200 6871
87.241.91.227 - - [30/Jun/2024:02:36:15 +0200] "GET /ticket2/opencms/system/modules/com.gridnine.opencms.ticketbrokerage.site/resources/css/standard.css HTTP/1.1" 200 71935
87.241.91.227 - - [30/Jun/2024:02:36:15 +0200] "GET /ticket2/opencms/system/modules/com.gridnine.opencms.ticketbrokerage.site/resources/css/jquery.fancybox.css HTTP/1.1" 200 4939
87.241.91.227 - - [30/Jun/2024:02:36:15 +0200] "GET /ticket2/opencms/system/modules/com.gridnine.opencms.ticketbrokerage.site/resources/js/functions.js HTTP/1.1" 200 1583
87.241.91.227 - - [30/Jun/2024:02:36:15 +0200] "GET /ticket2/opencms/system/modules/com.gridnine.opencms.ticketbrokerage.site/resources/js/calendar.js HTTP/1.1" 200 49229
87.241.91.227 - - [30/Jun/2024:02:36:15 +0200] "GET /ticket2/opencms/system/modules/com.gridnine.opencms.ticketbrokerage.site/resources/js/calendar-en.js HTTP/1.1" 200 3338
87.241.91.227 - - [30/Jun/2024:02:36:15 +0200] "GET /ticket2/opencms/system/modules/com.gridnine.opencms.ticketbrokerage.site/resources/js/calendar-setup.js HTTP/1.1" 200 4923
87.241.91.227 - - [30/Jun/2024:02:36:15 +0200] "GET /ticket2/opencms/system/modules/com.gridnine.opencms.ticketbrokerage.site/resources/js/jquery.fancybox.pack.js HTTP/1.1" 200 23187
87.241.91.227 - - [30/Jun/2024:02:36:15 +0200] "GET /ticket2/opencms/system/modules/com.gridnine.opencms.ticketbrokerage.site/resources/js/stickyfill.min.js HTTP/1.1" 200 5672
87.241.91.227 - - [30/Jun/2024:02:36:15 +0200] "GET /ticket2/opencms/system/modules/com.gridnine.opencms.ticketbrokerage.site/resources/js/standard.js HTTP/1.1" 200 3978
87.241.91.227 - - [30/Jun/2024:02:36:15 +0200] "GET /ticket2/opencms/system/modules/com.gridnine.opencms.ticketbrokerage.site/resources/js/jquery.placeholder.min.js HTTP/1.1" 200 1737
87.241.91.227 - - [30/Jun/2024:02:36:15 +0200] "GET /ticket2/opencms/system/modules/com.gridnine.opencms.ticketbrokerage.site/resources/js/common-ajax.js HTTP/1.1" 200 20175
87.241.91.227 - - [30/Jun/2024:02:36:15 +0200] "GET /ticket2/opencms/img/insta.png HTTP/1.1" 200 3967
87.241.91.227 - - [30/Jun/2024:02:36:15 +0200] "GET /ticket2/opencms/system/modules/com.gridnine.opencms.ticketbrokerage.site/resources/pics/logo-new.png HTTP/1.1" 200 13541
87.241.91.227 - - [30/Jun/2024:02:36:15 +0200] "GET /ticket2/opencms/img/fb.png HTTP/1.1" 200 1269
87.241.91.227 - - [30/Jun/2024:02:36:15 +0200] "GET /ticket2/opencms/venue/king_power_stadium.png HTTP/1.1" 200 60679
87.241.91.227 - - [30/Jun/2024:02:36:15 +0200] "GET /ticket2/opencms/system/modules/com.gridnine.opencms.ticketbrokerage.site/resources/pics/0.gif HTTP/1.1" 200 43
87.241.91.227 - - [30/Jun/2024:02:36:16 +0200] "GET /ticket2/opencms/img/icons/globe-white.png HTTP/1.1" 200 947
87.241.91.227 - - [30/Jun/2024:02:36:16 +0200] "GET /ticket2/opencms/system/modules/com.gridnine.opencms.ticketbrokerage.site/resources/pics/two_man.png HTTP/1.1" 200 3407
87.241.91.227 - - [30/Jun/2024:02:36:16 +0200] "GET /ticket2/opencms/sv/ask-form.html HTTP/1.1" 200 2950
87.241.91.227 - - [30/Jun/2024:02:36:16 +0200] "GET /ticket2/opencms/system/modules/com.gridnine.opencms.ticketbrokerage.site/resources/pics/bank_1_nordea.png HTTP/1.1" 200 4807
87.241.91.227 - - [30/Jun/2024:02:36:16 +0200] "GET /ticket2/opencms/img/icons/se.png HTTP/1.1" 200 1258
87.241.91.227 - - [30/Jun/2024:02:36:16 +0200] "GET /ticket2/opencms/system/modules/com.gridnine.opencms.ticketbrokerage.site/resources/pics/bank_2_handelsbanken.png HTTP/1.1" 200 4509
87.241.91.227 - - [30/Jun/2024:02:36:16 +0200] "GET /ticket2/opencms/system/modules/com.gridnine.opencms.ticketbrokerage.site/resources/pics/bank_3_swedbank.png HTTP/1.1" 200 5740
87.241.91.227 - - [30/Jun/2024:02:36:16 +0200] "GET /ticket2/opencms/img/icons/no.png HTTP/1.1" 200 1958
87.241.91.227 - - [30/Jun/2024:02:36:16 +0200] "GET /ticket2/opencms/system/modules/com.gridnine.opencms.ticketbrokerage.site/resources/pics/bank_4_seb.png HTTP/1.1" 200 2487
87.241.91.227 - - [30/Jun/2024:02:36:16 +0200] "GET /ticket2/opencms/system/modules/com.gridnine.opencms.ticketbrokerage.site/resources/pics/bank_5_visa_mastercard.png HTTP/1.1" 200 8196
87.241.91.227 - - [30/Jun/2024:02:36:16 +0200] "GET /ticket2/opencms/img/icons/dk.png HTTP/1.1" 200 1706
87.241.91.227 - - [30/Jun/2024:02:36:16 +0200] "GET /ticket2/opencms/system/modules/com.gridnine.opencms.ticketbrokerage.site/resources/pics/bank_6_american_express.png HTTP/1.1" 200 5570
87.241.91.227 - - [30/Jun/2024:02:36:16 +0200] "GET /ticket2/opencms/img/check.png HTTP/1.1" 200 548
87.241.91.227 - - [30/Jun/2024:02:36:16 +0200] "GET /ticket2/opencms/img/mail.png HTTP/1.1" 200 403
87.241.91.227 - - [30/Jun/2024:02:36:16 +0200] "GET /ticket2/opencms/img/chat.png HTTP/1.1" 200 416
87.241.91.227 - - [30/Jun/2024:02:36:16 +0200] "GET /ticket2/opencms/system/modules/com.gridnine.opencms.ticketbrokerage.site/resources/pics/arrow.gif HTTP/1.1" 200 344
87.241.91.227 - - [30/Jun/2024:02:36:16 +0200] "GET /ticket2/opencms/img/arrow.png HTTP/1.1" 200 753
87.241.91.227 - - [30/Jun/2024:02:36:16 +0200] "GET /ticket2/opencms/system/modules/com.gridnine.opencms.ticketbrokerage.site/resources/pics/form_marker.gif HTTP/1.1" 200 43
87.241.91.227 - - [30/Jun/2024:02:36:16 +0200] "GET /ticket2/opencms/system/modules/com.gridnine.opencms.ticketbrokerage.site/resources/pics/button1_left.gif HTTP/1.1" 200 232
87.241.91.227 - - [30/Jun/2024:02:36:16 +0200] "GET /ticket2/opencms/img/icons/fi.png HTTP/1.1" 200 1785
3.224.220.101 - - [30/Jun/2024:02:36:16 +0200] "GET /ticket2/opencms/no/sport/fotballsbilletter/champions_league/ac_milan/ HTTP/1.1" 200 74122
87.241.91.227 - - [30/Jun/2024:02:36:16 +0200] "GET /ticket2/opencms/system/modules/com.gridnine.opencms.ticketbrokerage.site/resources/pics/button1_right.gif HTTP/1.1" 200 232
87.241.91.227 - - [30/Jun/2024:02:36:16 +0200] "GET /ticket2/opencms/system/modules/com.gridnine.opencms.ticketbrokerage.site/resources/pics/button1_center.gif HTTP/1.1" 200 66
87.241.91.227 - - [30/Jun/2024:02:36:16 +0200] "GET /ticket2/opencms/sv/ask-form.html HTTP/1.1" 200 2950
87.241.91.227 - - [30/Jun/2024:02:36:16 +0200] "GET /ticket2/opencms/img/icons/de.png HTTP/1.1" 200 1124
87.241.91.227 - - [30/Jun/2024:02:36:16 +0200] "GET /ticket2/opencms/img/icons/nl.png HTTP/1.1" 200 1255
47.128.111.94 - - [30/Jun/2024:02:36:16 +0200] "GET /ticket2/opencms/no/buy/?catid=F7F89B9B-6697-7881-54AE-4C39276BF1B8&comcatid=97ECA65A-72DA-F9AF-9DBB-245D3CFED1BE&page=7 HTTP/1.1" 200 78024
87.241.91.227 - - [30/Jun/2024:02:36:16 +0200] "GET /ticket2/opencms/img/icons/fr.png HTTP/1.1" 200 1764
87.241.91.227 - - [30/Jun/2024:02:36:16 +0200] "GET /ticket2/opencms/img/icons/es.png HTTP/1.1" 200 1005
87.241.91.227 - - [30/Jun/2024:02:36:16 +0200] "GET /ticket2/opencms/img/icons/it.png HTTP/1.1" 200 2040
87.241.91.227 - - [30/Jun/2024:02:36:16 +0200] "GET /ticket2/opencms/img/icons/en.png HTTP/1.1" 200 2415
87.241.91.227 - - [30/Jun/2024:02:36:16 +0200] "GET /ticket2/opencms/system/modules/com.gridnine.opencms.ticketbrokerage.site/resources/pics/button1_center.gif HTTP/1.1" 200 66
87.241.91.227 - - [30/Jun/2024:02:36:16 +0200] "GET /ticket2/opencms/system/modules/com.gridnine.opencms.ticketbrokerage.site/resources/pics/button1_right.gif HTTP/1.1" 200 232
87.241.91.227 - - [30/Jun/2024:02:36:16 +0200] "GET /ticket2/opencms/img/arrow-down.png HTTP/1.1" 200 192
47.128.111.94 - - [30/Jun/2024:02:36:17 +0200] "GET /ticket2/opencms/system/modules/com.gridnine.opencms.ticketbrokerage.site/resources/pics/logo-new.png HTTP/1.1" 200 13541
87.241.91.227 - - [30/Jun/2024:02:36:17 +0200] "GET /ticket2/opencms/favicon.ico HTTP/1.1" 200 1406
87.241.91.227 - - [30/Jun/2024:02:36:17 +0200] "GET /ticket2/opencms/system/modules/com.gridnine.opencms.ticketbrokerage.site/resources/js/standard.js HTTP/1.1" 200 3978
47.128.111.94 - - [30/Jun/2024:02:36:17 +0200] "GET /ticket2/opencms/system/modules/com.gridnine.opencms.ticketbrokerage.site/resources/pics/bank_5_visa_mastercard.png HTTP/1.1" 200 8196
158.220.119.234 - - [30/Jun/2024:02:36:17 +0200] "GET /ticket2/opencms/se/ru/buy/?page=1&edid=25940A12-F866-A7C9-6C96-DEDE800C5703 HTTP/1.1" 404 -
47.128.111.94 - - [30/Jun/2024:02:36:17 +0200] "GET /ticket2/opencms/system/modules/com.gridnine.opencms.ticketbrokerage.site/resources/pics/bank_2_handelsbanken.png HTTP/1.1" 200 4509
47.128.111.94 - - [30/Jun/2024:02:36:18 +0200] "GET /ticket2/opencms/system/modules/com.gridnine.opencms.ticketbrokerage.site/resources/pics/bank_4_seb.png HTTP/1.1" 200 2487
87.241.91.227 - - [30/Jun/2024:02:36:18 +0200] "GET /ticket2/opencms/system/modules/com.gridnine.opencms.ticketbrokerage.site/resources/css/images/ui-bg_flat_75_ffffff_40x100.png HTTP/1.1" 404 -
47.128.111.94 - - [30/Jun/2024:02:36:18 +0200] "GET /ticket2/opencms/system/modules/com.gridnine.opencms.ticketbrokerage.site/resources/pics/bank_3_swedbank.png HTTP/1.1" 200 5740
47.128.111.94 - - [30/Jun/2024:02:36:18 +0200] "GET /ticket2/opencms/system/modules/com.gridnine.opencms.ticketbrokerage.site/resources/pics/bank_1_nordea.png HTTP/1.1" 200 4807
47.128.111.94 - - [30/Jun/2024:02:36:18 +0200] "GET /ticket2/opencms/system/modules/com.gridnine.opencms.ticketbrokerage.site/resources/pics/bank_6_american_express.png HTTP/1.1" 200 5570
158.220.124.16 - - [30/Jun/2024:02:36:18 +0200] "GET /ticket2/opencms/se/nl/buy/?page=1&edid=AED07394-C49C-5931-D2FB-64023659E932&sortorder=desc&column=row HTTP/1.1" 404 -
3.224.220.101 - - [30/Jun/2024:02:36:20 +0200] "GET /ticket2/opencms/no/sport/fotballsbilletter/ HTTP/1.1" 200 76369
185.191.171.13 - - [30/Jun/2024:02:36:21 +0200] "GET /ticket2/opencms/en/terms_of_service/ HTTP/1.1" 200 82219
192.99.3.137 - - [30/Jun/2024:02:36:22 +0200] "GET /ticket2/opencms/dk/nl/buy/?page=1&edid=0F8FC4F8-2FB4-7AC0-1C11-E3AC9DE072FF HTTP/1.1" 404 -
66.249.66.67 - - [30/Jun/2024:02:36:23 +0200] "GET /ticket2/opencms/dk/sport/fodboldbilletter/premier-league/arsenal/ HTTP/1.1" 200 84110
52.70.240.171 - - [30/Jun/2024:02:36:24 +0200] "GET /ticket2/opencms/system/modules/com.gridnine.opencms.ticketbrokerage.site/resources/pics/banners/no/football_no.png HTTP/1.1" 200 12887
158.220.119.234 - - [30/Jun/2024:02:36:24 +0200] "GET /ticket2/opencms/se/ru/buy/?page=1&edid=25A608F7-A719-8594-3C23-0F7C9F5238CA HTTP/1.1" 404 -
192.99.3.137 - - [30/Jun/2024:02:36:28 +0200] "GET /ticket2/opencms/dk/nl/buy/?page=1&edid=19E6AA26-8C71-91B2-57B1-FE9ADF08994E HTTP/1.1" 404 -
51.222.253.11 - - [30/Jun/2024:02:36:29 +0200] "GET /ticket2/opencms/en/venue/?venueid=B0D8B10A-00EA-BE9A-51A2-1497E435E691 HTTP/1.1" 200 71336
52.70.240.171 - - [30/Jun/2024:02:36:32 +0200] "GET /ticket2/opencms/no/sport/fotballsbilletter/carling_cup/ HTTP/1.1" 200 72875
52.70.240.171 - - [30/Jun/2024:02:36:36 +0200] "GET /ticket2/opencms/no/sport/fotballsbilletter/europa_league/ HTTP/1.1" 200 72766
158.220.119.234 - - [30/Jun/2024:02:36:37 +0200] "GET /ticket2/opencms/se/ru/buy/?page=1&edid=25DD01EA-0026-4809-6BB4-A026061F2057&sortorder=desc&column=row HTTP/1.1" 404 -
158.220.124.16 - - [30/Jun/2024:02:36:40 +0200] "GET /ticket2/opencms/se/nl/buy/?page=1&edid=B11B48BC-731F-C05C-549A-508403FC0DF6 HTTP/1.1" 404 -
192.99.3.137 - - [30/Jun/2024:02:36:40 +0200] "GET /ticket2/opencms/dk/nl/buy/?page=1&edid=1AD431B9-2E73-7238-3C33-3B96F0F94C80 HTTP/1.1" 404 -
52.70.240.171 - - [30/Jun/2024:02:36:41 +0200] "GET /ticket2/opencms/no/sport/fotballsbilletter/ligue_1/ HTTP/1.1" 200 75179
158.220.119.234 - - [30/Jun/2024:02:36:44 +0200] "GET /ticket2/opencms/se/ru/buy/?page=1&edid=261011FF-45AF-75C5-C26D-96B9611CF8B0&sortorder=asc&column=row HTTP/1.1" 404 -
52.167.144.184 - - [30/Jun/2024:02:36:44 +0200] "GET /ticket2/opencms/sv/sport/fotbollsbiljetter/bundesliga/wolfsburg/ HTTP/1.1" 200 72995
23.22.35.162 - - [30/Jun/2024:02:36:44 +0200] "GET /ticket2/opencms/no/sport/fotballsbilletter/fa_cup/ HTTP/1.1" 200 74847
192.99.3.137 - - [30/Jun/2024:02:36:48 +0200] "GET /ticket2/opencms/dk/nl/buy/?page=1&edid=1B897E9D-E533-44D1-184E-05DEA8EB4FEB HTTP/1.1" 404 -
158.220.119.234 - - [30/Jun/2024:02:36:51 +0200] "GET /ticket2/opencms/se/ru/buy/?page=1&edid=2616230B-0292-4166-A011-E68F0F142C6D HTTP/1.1" 404 -
3.224.220.101 - - [30/Jun/2024:02:36:53 +0200] "GET /ticket2/opencms/no/sport/fotballsbilletter/ligue_1/lyon/ HTTP/1.1" 200 73431
23.22.35.162 - - [30/Jun/2024:02:36:56 +0200] "GET /ticket2/opencms/no/sport/fotballsbilletter/ligue_1/bordeaux/ HTTP/1.1" 200 73502
158.220.119.234 - - [30/Jun/2024:02:37:00 +0200] "GET /ticket2/opencms/se/ru/buy/?page=1&edid=2616230B-0292-4166-A011-E68F0F142C6D&sortorder=desc&column=section HTTP/1.1" 404 -
23.22.35.162 - - [30/Jun/2024:02:37:00 +0200] "GET /ticket2/opencms/no/sport/fotballsbilletter/ligue_1/lille/ HTTP/1.1" 200 73358
192.99.3.137 - - [30/Jun/2024:02:37:01 +0200] "GET /ticket2/opencms/dk/nl/buy/?page=1&edid=1BC4CE70-7556-3284-DF2A-952AAB199E2A HTTP/1.1" 404 -
52.70.240.171 - - [30/Jun/2024:02:37:04 +0200] "GET /ticket2/opencms/no/about/contact/ HTTP/1.1" 200 72265
158.220.124.16 - - [30/Jun/2024:02:37:04 +0200] "GET /ticket2/opencms/se/nl/buy/?page=1&edid=B153A555-66C9-5299-4C66-C692523C0F97&sortorder=asc&column=section HTTP/1.1" 404 -
192.99.3.137 - - [30/Jun/2024:02:37:05 +0200] "GET /ticket2/opencms/dk/nl/buy/?page=1&edid=1C6CDB49-5D18-CE5A-A5D3-7B5069269A0D HTTP/1.1" 404 -
158.220.119.234 - - [30/Jun/2024:02:37:06 +0200] "GET /ticket2/opencms/se/ru/buy/?page=1&edid=26C06500-533F-55A4-A39D-3266B4B0A4E1 HTTP/1.1" 404 -
47.128.23.37 - - [30/Jun/2024:02:37:08 +0200] "GET /ticket2/opencms/sv/magazine/article?title=fotbolls-em-2024 HTTP/1.1" 200 73942
23.22.35.162 - - [30/Jun/2024:02:37:08 +0200] "GET /ticket2/opencms/system/modules/com.gridnine.opencms.ticketbrokerage.site/resources/pics/content/contact_no.png HTTP/1.1" 200 16297
47.128.23.37 - - [30/Jun/2024:02:37:08 +0200] "GET /ticket2/opencms/system/modules/com.gridnine.opencms.ticketbrokerage.site/resources/pics/logo-new.png HTTP/1.1" 200 13541
47.128.23.37 - - [30/Jun/2024:02:37:09 +0200] "GET /ticket2/opencms/system/modules/com.gridnine.opencms.ticketbrokerage.site/resources/pics/bank_5_visa_mastercard.png HTTP/1.1" 200 8196
47.128.23.37 - - [30/Jun/2024:02:37:09 +0200] "GET /ticket2/opencms/system/modules/com.gridnine.opencms.ticketbrokerage.site/resources/pics/bank_1_nordea.png HTTP/1.1" 200 4807
47.128.23.37 - - [30/Jun/2024:02:37:09 +0200] "GET /ticket2/opencms/system/modules/com.gridnine.opencms.ticketbrokerage.site/resources/pics/bank_4_seb.png HTTP/1.1" 200 2487
47.128.23.37 - - [30/Jun/2024:02:37:09 +0200] "GET /ticket2/opencms/system/modules/com.gridnine.opencms.ticketbrokerage.site/resources/pics/bank_3_swedbank.png HTTP/1.1" 200 5740
47.128.23.37 - - [30/Jun/2024:02:37:09 +0200] "GET /ticket2/opencms/system/modules/com.gridnine.opencms.ticketbrokerage.site/resources/pics/bank_2_handelsbanken.png HTTP/1.1" 200 4509
47.128.23.37 - - [30/Jun/2024:02:37:09 +0200] "GET /ticket2/opencms/system/modules/com.gridnine.opencms.ticketbrokerage.site/resources/pics/bank_6_american_express.png HTTP/1.1" 200 5570
192.99.3.137 - - [30/Jun/2024:02:37:12 +0200] "GET /ticket2/opencms/dk/nl/buy/?page=1&edid=1EF4E706-5097-0A86-8C15-17846FC7046D&sortorder=desc&column=price HTTP/1.1" 404 -
23.22.35.162 - - [30/Jun/2024:02:37:12 +0200] "GET /ticket2/opencms/en/about/contact/ HTTP/1.1" 200 70952
216.245.221.83 - - [30/Jun/2024:02:37:13 +0200] "HEAD /ticket2/opencms/ HTTP/1.1" 302 -
158.220.119.234 - - [30/Jun/2024:02:37:13 +0200] "GET /ticket2/opencms/se/ru/buy/?page=1&edid=2726D1A4-E82E-5B8F-1A2A-9D68D5495BFB HTTP/1.1" 404 -
216.245.221.83 - - [30/Jun/2024:02:37:14 +0200] "HEAD /ticket2/opencms/en/ HTTP/1.1" 200 -
192.99.3.137 - - [30/Jun/2024:02:37:19 +0200] "GET /ticket2/opencms/dk/nl/buy/?page=1&edid=1F12980C-EA68-2189-E47E-1C934F72C98A HTTP/1.1" 404 -
3.224.220.101 - - [30/Jun/2024:02:37:20 +0200] "GET /ticket2/opencms/no/sport/fotballsbilletter/bundesliga/bayer-leverkusen/ HTTP/1.1" 200 73513
52.70.240.171 - - [30/Jun/2024:02:37:22 +0200] "GET /ticket2/opencms/system/modules/com.gridnine.opencms.ticketbrokerage.site/resources/pics/content/contact_en.png HTTP/1.1" 200 16109
52.70.240.171 - - [30/Jun/2024:02:37:24 +0200] "GET /ticket2/opencms/system/modules/com.gridnine.opencms.ticketbrokerage.site/resources/pics/banners/sv/Bayern_04_Leverkusen.jpg HTTP/1.1" 200 39216
66.249.66.67 - - [30/Jun/2024:02:37:25 +0200] "GET /ticket2/opencms/de/nl/sport/voetbal-tickets/premier_league/liverpool/ HTTP/1.1" 404 -
158.220.124.16 - - [30/Jun/2024:02:37:26 +0200] "GET /ticket2/opencms/se/nl/buy/?page=1&edid=B1A91EDB-F255-C25B-6C02-C3BE04687ACE HTTP/1.1" 404 -
158.220.119.234 - - [30/Jun/2024:02:37:27 +0200] "GET /ticket2/opencms/se/ru/buy/?page=1&edid=27A7475E-067B-47F5-FC13-EBFAFFB17D2F&sortorder=desc&column=row HTTP/1.1" 404 -
192.99.3.137 - - [30/Jun/2024:02:37:27 +0200] "GET /ticket2/opencms/dk/nl/buy/?page=1&edid=1F639E94-CF6E-403B-2FCC-FBB087375287&sortorder=desc&column=row HTTP/1.1" 404 -
3.224.220.101 - - [30/Jun/2024:02:37:28 +0200] "GET /ticket2/opencms/en/sport/football-tickets/premier_league/wolverhampton/ HTTP/1.1" 200 84683
66.249.66.200 - - [30/Jun/2024:02:37:30 +0200] "GET /ticket2/opencms/venue/ewood_park.gif HTTP/1.1" 200 34696
52.70.240.171 - - [30/Jun/2024:02:37:32 +0200] "GET /ticket2/opencms/no/sport/fotballsbilletter/ligue_1/paris_saint_germain/ HTTP/1.1" 200 74566
158.220.119.234 - - [30/Jun/2024:02:37:34 +0200] "GET /ticket2/opencms/se/ru/buy/?page=1&edid=27E722B7-DF70-9526-36C2-D7354E0E8726 HTTP/1.1" 404 -
23.22.35.162 - - [30/Jun/2024:02:37:36 +0200] "GET /ticket2/opencms/no/sport/fotballsbilletter/ligue_1/monaco/ HTTP/1.1" 200 73544
23.22.35.162 - - [30/Jun/2024:02:37:40 +0200] "GET /ticket2/opencms/no/sport/fotballsbilletter/bundesliga/werder-bremen/ HTTP/1.1" 200 74362
192.99.3.137 - - [30/Jun/2024:02:37:41 +0200] "GET /ticket2/opencms/dk/nl/buy/?page=1&edid=1FD934D8-9A8F-2315-FD16-0884AFD61884 HTTP/1.1" 404 -
3.224.220.101 - - [30/Jun/2024:02:37:44 +0200] "GET /ticket2/opencms/system/modules/com.gridnine.opencms.ticketbrokerage.site/resources/pics/banners/sv/SV_Werder_Bremen.jpg HTTP/1.1" 200 37915
158.220.124.16 - - [30/Jun/2024:02:37:46 +0200] "GET /ticket2/opencms/se/nl/buy/?page=1&edid=B2142EA0-1E67-31F4-26C8-01E32839DC5F&sortorder=asc&column=price HTTP/1.1" 404 -
158.220.119.234 - - [30/Jun/2024:02:37:47 +0200] "GET /ticket2/opencms/se/ru/buy/?page=1&edid=2820E82E-1E9F-AF59-3116-80DB3C0051A4&sortorder=desc&column=price HTTP/1.1" 404 -
3.224.220.101 - - [30/Jun/2024:02:37:48 +0200] "GET /ticket2/opencms/en/sport/football-tickets/premier_league/nottingham/ HTTP/1.1" 200 84538
192.99.3.137 - - [30/Jun/2024:02:37:52 +0200] "GET /ticket2/opencms/dk/nl/buy/?page=1&edid=22918B13-E610-5B05-ADD9-C00BB91B72FA HTTP/1.1" 404 -
3.224.220.101 - - [30/Jun/2024:02:37:52 +0200] "GET /ticket2/opencms/no/sport/fotballsbilletter/premier_league/brentford/ HTTP/1.1" 200 85418
114.119.140.79 - - [30/Jun/2024:02:37:54 +0200] "GET /ticket2/opencms/en/sell/?edid=526E9B7B-D2CF-DFA7-BDD3-64E3D1623615 HTTP/1.1" 302 -
52.70.240.171 - - [30/Jun/2024:02:37:56 +0200] "GET /ticket2/opencms/no/sport/fotballsbilletter/premier_league/leicester/ HTTP/1.1" 200 85813
47.128.123.39 - - [30/Jun/2024:02:37:57 +0200] "GET /ticket2/opencms/no/buy/?comcatid=A17713B6-D984-201A-4143-ED4DB5ED5C2E&page=6 HTTP/1.1" 200 297015
47.128.123.39 - - [30/Jun/2024:02:37:57 +0200] "GET /ticket2/opencms/system/modules/com.gridnine.opencms.ticketbrokerage.site/resources/pics/logo-new.png HTTP/1.1" 200 13541
158.220.119.234 - - [30/Jun/2024:02:37:57 +0200] "GET /ticket2/opencms/se/ru/buy/?page=1&edid=28329314-3F60-44AA-17BA-552A83462666&sortorder=asc&column=section HTTP/1.1" 404 -
114.119.140.79 - - [30/Jun/2024:02:37:58 +0200] "GET /ticket2/opencms/en/login/?url=/en/sell/ HTTP/1.1" 200 73431
47.128.123.39 - - [30/Jun/2024:02:37:58 +0200] "GET /ticket2/opencms/system/modules/com.gridnine.opencms.ticketbrokerage.site/resources/pics/bank_1_nordea.png HTTP/1.1" 200 4807
47.128.123.39 - - [30/Jun/2024:02:37:58 +0200] "GET /ticket2/opencms/system/modules/com.gridnine.opencms.ticketbrokerage.site/resources/pics/bank_4_seb.png HTTP/1.1" 200 2487
47.128.123.39 - - [30/Jun/2024:02:37:58 +0200] "GET /ticket2/opencms/system/modules/com.gridnine.opencms.ticketbrokerage.site/resources/pics/bank_3_swedbank.png HTTP/1.1" 200 5740
47.128.123.39 - - [30/Jun/2024:02:37:59 +0200] "GET /ticket2/opencms/system/modules/com.gridnine.opencms.ticketbrokerage.site/resources/pics/bank_2_handelsbanken.png HTTP/1.1" 200 4509
47.128.123.39 - - [30/Jun/2024:02:37:59 +0200] "GET /ticket2/opencms/system/modules/com.gridnine.opencms.ticketbrokerage.site/resources/pics/bank_5_visa_mastercard.png HTTP/1.1" 200 8196
47.128.123.39 - - [30/Jun/2024:02:37:59 +0200] "GET /ticket2/opencms/system/modules/com.gridnine.opencms.ticketbrokerage.site/resources/pics/bank_6_american_express.png HTTP/1.1" 200 5570
152.32.128.85 - - [30/Jun/2024:02:38:00 +0200] "GET / HTTP/1.1" 404 -
192.99.3.137 - - [30/Jun/2024:02:38:00 +0200] "GET /ticket2/opencms/dk/nl/buy/?page=1&edid=2A0C1C92-085D-7C62-9F65-5DA5FF9BCE89&sortorder=desc&column=section HTTP/1.1" 404 -
152.32.128.85 - - [30/Jun/2024:02:38:00 +0200] "GET /favicon.ico HTTP/1.1" 404 -
152.32.128.85 - - [30/Jun/2024:02:38:01 +0200] "GET /robots.txt HTTP/1.1" 404 -
152.32.128.85 - - [30/Jun/2024:02:38:01 +0200] "GET /sitemap.xml HTTP/1.1" 404 -
23.22.35.162 - - [30/Jun/2024:02:38:01 +0200] "GET /ticket2/opencms/no/sport/fotballsbilletter/premier_league/tottenham/ HTTP/1.1" 200 86020
216.244.66.238 - - [30/Jun/2024:02:38:01 +0200] "GET /ticket2/opencms/robots.txt HTTP/1.1" 200 773
216.244.66.238 - - [30/Jun/2024:02:38:02 +0200] "GET /ticket2/opencms/robots.txt HTTP/1.1" 200 773
158.220.119.234 - - [30/Jun/2024:02:38:05 +0200] "GET /ticket2/opencms/se/ru/buy/?page=1&edid=28A78875-6E8A-83A1-C3FA-6534C0763257&sortorder=asc&column=price HTTP/1.1" 404 -
152.32.128.85 - - [30/Jun/2024:02:38:05 +0200] "GET /axis2-admin/ HTTP/1.1" 404 -
23.22.35.162 - - [30/Jun/2024:02:38:05 +0200] "GET /ticket2/opencms/no/sport/fotballsbilletter/premier_league/liverpool/ HTTP/1.1" 200 84978
152.32.128.85 - - [30/Jun/2024:02:38:05 +0200] "GET /axis2/ HTTP/1.1" 404 -
152.32.128.85 - - [30/Jun/2024:02:38:06 +0200] "GET /axis2/axis2-admin/ HTTP/1.1" 404 -
152.32.128.85 - - [30/Jun/2024:02:38:07 +0200] "GET /?id=%25{{{11}}*{{11}}} HTTP/1.1" 404 -
152.32.128.85 - - [30/Jun/2024:02:38:07 +0200] "GET /struts/webconsole.html HTTP/1.1" 404 -
152.32.128.85 - - [30/Jun/2024:02:38:08 +0200] "GET /?actionErrors=1111 HTTP/1.1" 404 -
192.99.3.137 - - [30/Jun/2024:02:38:08 +0200] "GET /ticket2/opencms/dk/nl/buy/?page=1&edid=2B0158DD-C9AE-5B4F-1162-68A0BF601349&sortorder=desc&column=price HTTP/1.1" 404 -
23.22.35.162 - - [30/Jun/2024:02:38:08 +0200] "GET /ticket2/opencms/no/sport/fotballsbilletter/champions_league/benfica/ HTTP/1.1" 200 74254
152.32.128.85 - - [30/Jun/2024:02:38:08 +0200] "GET /invoker/readonly HTTP/1.1" 404 -
158.220.124.16 - - [30/Jun/2024:02:38:12 +0200] "GET /ticket2/opencms/se/nl/buy/?page=1&edid=B2142EA0-1E67-31F4-26C8-01E32839DC5F&sortorder=asc&column=row HTTP/1.1" 404 -
23.22.35.162 - - [30/Jun/2024:02:38:12 +0200] "GET /ticket2/opencms/no/sport/fotballsbilletter/champions_league/leipzig/ HTTP/1.1" 200 74523
158.220.119.234 - - [30/Jun/2024:02:38:13 +0200] "GET /ticket2/opencms/se/ru/buy/?page=1&edid=28A78875-6E8A-83A1-C3FA-6534C0763257&sortorder=asc&column=row HTTP/1.1" 404 -
3.224.220.101 - - [30/Jun/2024:02:38:16 +0200] "GET /ticket2/opencms/no/sport/fotballsbilletter/champions_league/sevilla/ HTTP/1.1" 200 74492
192.99.3.137 - - [30/Jun/2024:02:38:16 +0200] "GET /ticket2/opencms/dk/nl/buy/?page=1&edid=36729583-809D-51BB-EF9C-11C34AC25793&sortorder=desc&column=row HTTP/1.1" 404 -
52.70.240.171 - - [30/Jun/2024:02:38:20 +0200] "GET /ticket2/opencms/no/sport/fotballsbilletter/champions_league/arsenal/ HTTP/1.1" 200 74162
158.220.119.234 - - [30/Jun/2024:02:38:22 +0200] "GET /ticket2/opencms/se/ru/buy/?page=1&edid=28A78875-6E8A-83A1-C3FA-6534C0763257&sortorder=asc&column=section HTTP/1.1" 404 -
192.99.3.137 - - [30/Jun/2024:02:38:23 +0200] "GET /ticket2/opencms/dk/nl/buy/?page=1&edid=372BCEBA-73D9-CD96-AB91-B58F0B5EBDCF HTTP/1.1" 404 -
23.22.35.162 - - [30/Jun/2024:02:38:24 +0200] "GET /ticket2/opencms/no/sport/fotballsbilletter/bundesliga/leipzig/ HTTP/1.1" 200 73489
158.220.124.16 - - [30/Jun/2024:02:38:27 +0200] "GET /ticket2/opencms/se/nl/buy/?page=1&edid=B83D7B74-C1D0-8F43-FADB-CF0FE69763C3&sortorder=desc&column=section HTTP/1.1" 404 -
185.191.171.7 - - [30/Jun/2024:02:38:27 +0200] "GET /ticket2/opencms/robots.txt HTTP/1.1" 200 773
3.224.220.101 - - [30/Jun/2024:02:38:28 +0200] "GET /ticket2/opencms/system/modules/com.gridnine.opencms.ticketbrokerage.site/resources/pics/banners/sv/RB_Leipzig.jpg HTTP/1.1" 200 33574
85.208.96.197 - - [30/Jun/2024:02:38:28 +0200] "GET /ticket2/opencms/de/sport/fussball-tickets/ HTTP/1.1" 500 -
51.222.253.12 - - [30/Jun/2024:02:38:31 +0200] "GET /ticket2/opencms/en/venue/?venueid=FBF908CA-E5E9-0B3B-ECCB-170450BBE3A3 HTTP/1.1" 200 71342
158.220.119.234 - - [30/Jun/2024:02:38:31 +0200] "GET /ticket2/opencms/se/ru/buy/?page=1&edid=28AB3879-8817-D9E2-3B6A-5B3CFBA47F2C&sortorder=desc&column=price HTTP/1.1" 404 -
52.70.240.171 - - [30/Jun/2024:02:38:32 +0200] "GET /ticket2/opencms/en/sport/football-tickets/la-liga/real_madrid/ HTTP/1.1" 200 72879
40.77.167.46 - - [30/Jun/2024:02:38:33 +0200] "GET /ticket2/opencms/fr/sport/billets-football/bundesliga/ HTTP/1.1" 200 80012
192.99.3.137 - - [30/Jun/2024:02:38:33 +0200] "GET /ticket2/opencms/dk/nl/buy/?page=1&edid=372E7867-C45E-A39F-8196-A57FD7336106 HTTP/1.1" 404 -
3.224.220.101 - - [30/Jun/2024:02:38:36 +0200] "GET /ticket2/opencms/en/sport/football-tickets/serie_a/salernitana/ HTTP/1.1" 200 73307
3.224.220.101 - - [30/Jun/2024:02:38:40 +0200] "GET /ticket2/opencms/no/sport/fotballsbilletter/la_liga/celta_vigo/ HTTP/1.1" 200 73866
158.220.119.234 - - [30/Jun/2024:02:38:40 +0200] "GET /ticket2/opencms/se/ru/buy/?page=1&edid=28F0825C-19F9-7A9A-47A6-29D256059C0C&sortorder=asc&column=price HTTP/1.1" 404 -
192.99.3.137 - - [30/Jun/2024:02:38:41 +0200] "GET /ticket2/opencms/dk/nl/buy/?page=1&edid=3738F2CC-D0C9-3638-FE16-E3CC3D548765 HTTP/1.1" 404 -
52.70.240.171 - - [30/Jun/2024:02:38:44 +0200] "GET /ticket2/opencms/no/sport/fotballsbilletter/la_liga/las_palmas/ HTTP/1.1" 200 73888
158.220.124.16 - - [30/Jun/2024:02:38:44 +0200] "GET /ticket2/opencms/se/nl/buy/?page=1&edid=B8736786-BDEB-839B-CA60-E0B1B63D3892&sortorder=desc&column=price HTTP/1.1" 404 -
158.220.119.234 - - [30/Jun/2024:02:38:47 +0200] "GET /ticket2/opencms/se/ru/buy/?page=1&edid=2B2BAFF9-7EEE-97F7-D5EF-F0478D6194BB&sortorder=asc&column=price HTTP/1.1" 404 -
52.70.240.171 - - [30/Jun/2024:02:38:48 +0200] "GET /ticket2/opencms/no/sport/fotballsbilletter/la_liga/real_betis/ HTTP/1.1" 200 73761
192.99.3.137 - - [30/Jun/2024:02:38:48 +0200] "GET /ticket2/opencms/dk/nl/buy/?page=1&edid=3769B053-8A7B-CB87-3871-6CED03532D9B HTTP/1.1" 404 -
52.70.240.171 - - [30/Jun/2024:02:38:52 +0200] "GET /ticket2/opencms/no/sport/fotballsbilletter/serie_a/fiorentina/ HTTP/1.1" 200 73919
158.220.119.234 - - [30/Jun/2024:02:38:55 +0200] "GET /ticket2/opencms/se/ru/buy/?page=1&edid=2B2BAFF9-7EEE-97F7-D5EF-F0478D6194BB&sortorder=asc&column=row HTTP/1.1" 404 -
3.224.220.101 - - [30/Jun/2024:02:38:56 +0200] "GET /ticket2/opencms/en/sport/football-tickets/ HTTP/1.1" 200 73316
192.99.3.137 - - [30/Jun/2024:02:38:58 +0200] "GET /ticket2/opencms/dk/nl/buy/?page=1&edid=37D48E1B-2752-5F8F-5AEB-0BF82E1637C1 HTTP/1.1" 404 -
3.224.220.101 - - [30/Jun/2024:02:39:00 +0200] "GET /ticket2/opencms/system/modules/com.gridnine.opencms.ticketbrokerage.site/resources/pics/banners/en/football_en.png HTTP/1.1" 200 71358
158.220.119.234 - - [30/Jun/2024:02:39:02 +0200] "GET /ticket2/opencms/se/ru/buy/?page=1&edid=2B2BAFF9-7EEE-97F7-D5EF-F0478D6194BB&sortorder=asc&column=section HTTP/1.1" 404 -
158.220.124.16 - - [30/Jun/2024:02:39:04 +0200] "GET /ticket2/opencms/se/nl/buy/?page=1&edid=B8736786-BDEB-839B-CA60-E0B1B63D3892&sortorder=desc&column=row HTTP/1.1" 404 -
158.220.119.234 - - [30/Jun/2024:02:39:09 +0200] "GET /ticket2/opencms/se/ru/buy/?page=1&edid=30F7BEC1-9734-371E-4424-30AD90B3FB90&sortorder=desc&column=row HTTP/1.1" 404 -
192.99.3.137 - - [30/Jun/2024:02:39:10 +0200] "GET /ticket2/opencms/dk/nl/buy/?page=1&edid=432E7910-BFD2-9BD8-B09F-2C70AF85F459&sortorder=desc&column=price HTTP/1.1" 404 -
23.22.35.162 - - [30/Jun/2024:02:39:12 +0200] "GET /ticket2/opencms/en/sport/football-tickets/bundesliga/ HTTP/1.1" 200 77651
52.167.144.212 - - [30/Jun/2024:02:39:12 +0200] "GET /ticket2/opencms/en/venue/?venueid=A5A743EB-AD74-4583-AFF2-141D1363F7B4 HTTP/1.1" 200 71345
52.70.240.171 - - [30/Jun/2024:02:39:16 +0200] "GET /ticket2/opencms/en/sport/football-tickets/bundesliga/borussia_monchengladbach/ HTTP/1.1" 200 73087
158.220.119.234 - - [30/Jun/2024:02:39:16 +0200] "GET /ticket2/opencms/se/ru/buy/?page=1&edid=30F7BEC1-9734-371E-4424-30AD90B3FB90&sortorder=desc&column=section HTTP/1.1" 404 -
192.99.3.137 - - [30/Jun/2024:02:39:19 +0200] "GET /ticket2/opencms/dk/nl/buy/?page=1&edid=5C70B1F0-4607-47F9-95A0-AADB29E20053 HTTP/1.1" 404 -
52.70.240.171 - - [30/Jun/2024:02:39:20 +0200] "GET /ticket2/opencms/en/sport/football-tickets/bundesliga/eintracht_frankfurt/ HTTP/1.1" 200 72992
158.220.119.234 - - [30/Jun/2024:02:39:23 +0200] "GET /ticket2/opencms/se/ru/buy/?page=1&edid=31D4F46A-F17C-48AF-3C4D-97EE1AFFD50F&sortorder=asc&column=price HTTP/1.1" 404 -
52.70.240.171 - - [30/Jun/2024:02:39:24 +0200] "GET /ticket2/opencms/en/sport/football-tickets/bundesliga/union_berlin/ HTTP/1.1" 200 73044
158.220.124.16 - - [30/Jun/2024:02:39:24 +0200] "GET /ticket2/opencms/se/nl/buy/?page=1&edid=BB394FD3-070C-1E2C-9920-F550F89B00A2&sortorder=asc&column=price HTTP/1.1" 404 -
51.222.253.19 - - [30/Jun/2024:02:39:26 +0200] "GET /ticket2/opencms/en/venue/?venueid=52388965-2AC8-8249-1E85-2C16DFEC77E8 HTTP/1.1" 200 71320
192.99.3.137 - - [30/Jun/2024:02:39:26 +0200] "GET /ticket2/opencms/dk/nl/buy/?page=1&edid=5D74E73C-0E56-C1EE-B9A0-852ACD0BE0AB&sortorder=desc&column=row HTTP/1.1" 404 -
66.249.66.198 - - [30/Jun/2024:02:39:27 +0200] "GET /ticket2/opencms/en/buy/?page=10&eventid=13E1C110-1E7D-C595-FE36-DCFCB7E73161&column= HTTP/1.1" 200 85944
52.70.240.171 - - [30/Jun/2024:02:39:27 +0200] "GET /ticket2/opencms/en/sport/football-tickets/bundesliga/bayer_leverkusen/ HTTP/1.1" 200 73238
158.220.119.234 - - [30/Jun/2024:02:39:31 +0200] "GET /ticket2/opencms/se/ru/buy/?page=1&edid=32637F7E-5386-460C-0778-0C964F83C8F9&sortorder=asc&column=price HTTP/1.1" 404 -
23.22.35.162 - - [30/Jun/2024:02:39:32 +0200] "GET /ticket2/opencms/en/sport/football-tickets/bundesliga/wolfsburg/ HTTP/1.1" 200 73068
85.208.96.208 - - [30/Jun/2024:02:39:35 +0200] "GET /ticket2/opencms/robots.txt HTTP/1.1" 200 773
52.70.240.171 - - [30/Jun/2024:02:39:35 +0200] "GET /ticket2/opencms/en/sport/football-tickets/bundesliga/stuttgart/ HTTP/1.1" 200 73054
85.208.96.199 - - [30/Jun/2024:02:39:36 +0200] "GET /ticket2/opencms/sv/sport/fotbollsbiljetter/serie_a/sampdoria/ HTTP/1.1" 200 74377
192.99.3.137 - - [30/Jun/2024:02:39:37 +0200] "GET /ticket2/opencms/dk/nl/buy/?page=1&edid=A829FE1F-6A28-AF43-85C9-A10373B8D0AC HTTP/1.1" 404 -
114.119.159.123 - - [30/Jun/2024:02:39:39 +0200] "GET /ticket2/opencms/en/buy/?page=1&edid=AD8A5A4E-6B3A-3890-00EE-D7AC64130823 HTTP/1.1" 200 86944
158.220.119.234 - - [30/Jun/2024:02:39:39 +0200] "GET /ticket2/opencms/se/ru/buy/?page=1&edid=3372B92B-572F-9FDC-07C6-F0078ADCB821&sortorder=desc&column=row HTTP/1.1" 404 -
52.70.240.171 - - [30/Jun/2024:02:39:39 +0200] "GET /ticket2/opencms/en/sport/football-tickets/bundesliga/darmstadt/ HTTP/1.1" 200 72982
3.224.220.101 - - [30/Jun/2024:02:39:44 +0200] "GET /ticket2/opencms/en/sport/football-tickets/bundesliga/werder_bremen/ HTTP/1.1" 200 73112
158.220.119.234 - - [30/Jun/2024:02:39:46 +0200] "GET /ticket2/opencms/se/ru/buy/?page=1&edid=34369143-EE09-7921-D46F-D306C56FD689&sortorder=asc&column=row HTTP/1.1" 404 -
192.99.3.137 - - [30/Jun/2024:02:39:47 +0200] "GET /ticket2/opencms/dk/nl/buy/?page=1&edid=A83A5ABF-2C57-0520-8010-5DCE561EE55B HTTP/1.1" 404 -
3.224.220.101 - - [30/Jun/2024:02:39:48 +0200] "GET /ticket2/opencms/en/sport/football-tickets/bundesliga/hoffenheim/ HTTP/1.1" 200 73163
3.224.220.101 - - [30/Jun/2024:02:39:52 +0200] "GET /ticket2/opencms/en/sport/football-tickets/bundesliga/heidenheim/ HTTP/1.1" 200 72965
192.99.3.137 - - [30/Jun/2024:02:39:52 +0200] "GET /ticket2/opencms/dk/nl/buy/?page=1&edid=A9F18DD6-949E-804B-CC3E-8A0C8C9B7053 HTTP/1.1" 404 -
158.220.119.234 - - [30/Jun/2024:02:39:53 +0200] "GET /ticket2/opencms/se/ru/buy/?page=1&edid=35DF44FF-E376-ED1F-F630-5EF685B32434&sortorder=asc&column=price HTTP/1.1" 404 -
52.70.240.171 - - [30/Jun/2024:02:39:56 +0200] "GET /ticket2/opencms/en/sport/football-tickets/bundesliga/borussia_dortmund/ HTTP/1.1" 200 73299
192.99.3.137 - - [30/Jun/2024:02:39:57 +0200] "GET /ticket2/opencms/dk/nl/buy/?page=1&edid=ABBE5FB1-E092-13A7-2DCD-DF0DD40D61EB HTTP/1.1" 404 -
3.224.220.101 - - [30/Jun/2024:02:40:00 +0200] "GET /ticket2/opencms/en/sport/football-tickets/bundesliga/bayern_munchen/ HTTP/1.1" 200 73732
158.220.119.234 - - [30/Jun/2024:02:40:00 +0200] "GET /ticket2/opencms/se/ru/buy/?page=1&edid=36219776-0671-A8AF-13A3-93392E89F6DD&sortorder=asc&column=row HTTP/1.1" 404 -
192.99.3.137 - - [30/Jun/2024:02:40:01 +0200] "GET /ticket2/opencms/dk/nl/buy/?page=1&edid=AD7CC956-29A2-9E10-9B81-D673B6C0E599 HTTP/1.1" 404 -
158.220.124.16 - - [30/Jun/2024:02:40:02 +0200] "GET /ticket2/opencms/se/nl/buy/?page=1&edid=BE20CC99-C05F-6779-D585-9D75E278233C&sortorder=desc&column=price HTTP/1.1" 404 -
3.224.220.101 - - [30/Jun/2024:02:40:04 +0200] "GET /ticket2/opencms/en/sport/football-tickets/bundesliga/freiburg/ HTTP/1.1" 200 72962
192.99.3.137 - - [30/Jun/2024:02:40:06 +0200] "GET /ticket2/opencms/dk/nl/buy/?page=1&edid=ADA34653-9780-92A0-F3E5-C81C9CAB0420 HTTP/1.1" 404 -
158.220.119.234 - - [30/Jun/2024:02:40:07 +0200] "GET /ticket2/opencms/se/ru/buy/?page=1&edid=385F4CA2-91C7-3B11-884B-1460E89060BE&sortorder=asc&column=price HTTP/1.1" 404 -
23.22.35.162 - - [30/Jun/2024:02:40:08 +0200] "GET /ticket2/opencms/en/sport/football-tickets/bundesliga/augsburg/ HTTP/1.1" 200 72936
47.128.35.75 - - [30/Jun/2024:02:40:09 +0200] "GET /ticket2/opencms/fr/magazine/article?title=calendrier-des-matchs-de-premier-league-fixtures-de-la-premier-league-20242025 HTTP/1.1" 200 73178
192.99.3.137 - - [30/Jun/2024:02:40:09 +0200] "GET /ticket2/opencms/dk/nl/buy/?page=1&edid=ADA34653-9780-92A0-F3E5-C81C9CAB0420&sortorder=desc&column=row HTTP/1.1" 404 -
47.128.35.75 - - [30/Jun/2024:02:40:10 +0200] "GET /ticket2/opencms/system/modules/com.gridnine.opencms.ticketbrokerage.site/resources/pics/logo-new.png HTTP/1.1" 200 13541
47.128.35.75 - - [30/Jun/2024:02:40:10 +0200] "GET /ticket2/opencms/system/modules/com.gridnine.opencms.ticketbrokerage.site/resources/pics/bank_4_seb.png HTTP/1.1" 200 2487
47.128.35.75 - - [30/Jun/2024:02:40:10 +0200] "GET /ticket2/opencms/system/modules/com.gridnine.opencms.ticketbrokerage.site/resources/pics/bank_2_handelsbanken.png HTTP/1.1" 200 4509
47.128.35.75 - - [30/Jun/2024:02:40:11 +0200] "GET /ticket2/opencms/system/modules/com.gridnine.opencms.ticketbrokerage.site/resources/pics/bank_5_visa_mastercard.png HTTP/1.1" 200 8196
47.128.35.75 - - [30/Jun/2024:02:40:11 +0200] "GET /ticket2/opencms/system/modules/com.gridnine.opencms.ticketbrokerage.site/resources/pics/bank_1_nordea.png HTTP/1.1" 200 4807
47.128.35.75 - - [30/Jun/2024:02:40:11 +0200] "GET /ticket2/opencms/system/modules/com.gridnine.opencms.ticketbrokerage.site/resources/pics/bank_3_swedbank.png HTTP/1.1" 200 5740
47.128.35.75 - - [30/Jun/2024:02:40:11 +0200] "GET /ticket2/opencms/system/modules/com.gridnine.opencms.ticketbrokerage.site/resources/pics/bank_6_american_express.png HTTP/1.1" 200 5570
52.70.240.171 - - [30/Jun/2024:02:40:12 +0200] "GET /ticket2/opencms/en/sport/football-tickets/bundesliga/leipzig/ HTTP/1.1" 200 73022
192.99.3.137 - - [30/Jun/2024:02:40:13 +0200] "GET /ticket2/opencms/dk/nl/buy/?page=1&edid=ADBA15E4-3F4A-A815-69DB-A98CDD1E67EB HTTP/1.1" 404 -
158.220.119.234 - - [30/Jun/2024:02:40:14 +0200] "GET /ticket2/opencms/se/ru/buy/?page=1&edid=3A18CFED-F363-A174-74EF-50BD0B95F1B2&sortorder=asc&column=section HTTP/1.1" 404 -
52.70.240.171 - - [30/Jun/2024:02:40:16 +0200] "GET /ticket2/opencms/no/sport/fotballsbilletter/bundesliga/bochum/ HTTP/1.1" 200 74372
192.99.3.137 - - [30/Jun/2024:02:40:16 +0200] "GET /ticket2/opencms/dk/nl/buy/?page=1&edid=AED07394-C49C-5931-D2FB-64023659E932 HTTP/1.1" 404 -
3.224.220.101 - - [30/Jun/2024:02:40:20 +0200] "GET /ticket2/opencms/en/sport/football-tickets/la-liga/celta_vigo/ HTTP/1.1" 200 73436
192.99.3.137 - - [30/Jun/2024:02:40:20 +0200] "GET /ticket2/opencms/dk/nl/buy/?page=1&edid=AF586143-17F7-B16E-465F-B1DAF39476EF HTTP/1.1" 404 -
51.222.253.20 - - [30/Jun/2024:02:40:21 +0200] "GET /ticket2/opencms/sv/buy/?page=1&edid=B5C39213-E135-81B2-3182-CF92D0BE5105 HTTP/1.1" 200 85938
158.220.119.234 - - [30/Jun/2024:02:40:21 +0200] "GET /ticket2/opencms/se/ru/buy/?page=1&edid=3B01DD5A-2D5E-89A2-F1C1-E7DA1975E3F0&sortorder=asc&column=price HTTP/1.1" 404 -
192.99.3.137 - - [30/Jun/2024:02:40:24 +0200] "GET /ticket2/opencms/dk/nl/buy/?page=1&edid=AF803F6A-0017-610F-0DC2-F7B24937C777 HTTP/1.1" 404 -
3.224.220.101 - - [30/Jun/2024:02:40:24 +0200] "GET /ticket2/opencms/en/sport/football-tickets/la-liga/villarreal/ HTTP/1.1" 200 73387
158.220.124.16 - - [30/Jun/2024:02:40:25 +0200] "GET /ticket2/opencms/se/nl/buy/?page=1&edid=BE20CC99-C05F-6779-D585-9D75E278233C&sortorder=desc&column=row HTTP/1.1" 404 -
192.99.3.137 - - [30/Jun/2024:02:40:28 +0200] "GET /ticket2/opencms/dk/nl/buy/?page=1&edid=D0C32D2A-BB84-9343-3F31-5126409370C7&sortorder=desc&column=section HTTP/1.1" 404 -
3.224.220.101 - - [30/Jun/2024:02:40:28 +0200] "GET /ticket2/opencms/en/sport/football-tickets/la-liga/las_palmas/ HTTP/1.1" 200 73388
158.220.119.234 - - [30/Jun/2024:02:40:28 +0200] "GET /ticket2/opencms/se/ru/buy/?page=1&edid=3C9AD879-960E-ACE5-C66E-FD35A4D61246&sortorder=desc&column=section HTTP/1.1" 404 -
66.249.66.37 - - [30/Jun/2024:02:40:29 +0200] "GET /ticket2/opencms/en/buy/?page=1&edid=84A5FE5E-FE66-D83A-8A7D-B9483A93F0F3 HTTP/1.1" 200 115332
3.224.220.101 - - [30/Jun/2024:02:40:32 +0200] "GET /ticket2/opencms/en/sport/football-tickets/la-liga/real_betis/ HTTP/1.1" 200 73318
192.99.3.137 - - [30/Jun/2024:02:40:32 +0200] "GET /ticket2/opencms/dk/nl/buy/?page=1&edid=D8EA692B-687F-02F3-F633-477D649035B5&sortorder=asc&column=row HTTP/1.1" 404 -
158.220.119.234 - - [30/Jun/2024:02:40:35 +0200] "GET /ticket2/opencms/se/ru/buy/?page=1&edid=3CC17989-3033-10BE-F5C3-D729834B05F5&sortorder=desc&column=price HTTP/1.1" 404 -
192.99.3.137 - - [30/Jun/2024:02:40:35 +0200] "GET /ticket2/opencms/dk/nl/buy/?page=1&edid=E688318C-8BD2-52B1-8214-3B9499EE0B50&sortorder=asc&column=price HTTP/1.1" 404 -
52.70.240.171 - - [30/Jun/2024:02:40:36 +0200] "GET /ticket2/opencms/en/sport/football-tickets/serie_a/fiorentina/ HTTP/1.1" 200 73263
192.99.3.137 - - [30/Jun/2024:02:40:39 +0200] "GET /ticket2/opencms/dk/nl/buy/?page=1&edid=E76DEF92-4D7F-51BD-041F-8B637EFB6F58&sortorder=desc&column=section HTTP/1.1" 404 -
40.77.167.4 - - [30/Jun/2024:02:40:39 +0200] "GET /ticket2/opencms/en/buy?page=1&edid=875E6B51-C91B-C46E-A4FB-B3662BA0A6E8 HTTP/1.1" 200 87351
185.191.171.11 - - [30/Jun/2024:02:40:39 +0200] "GET /ticket2/opencms/sv/magazine/article?title=eredivisie HTTP/1.1" 200 77473
52.70.240.171 - - [30/Jun/2024:02:40:40 +0200] "GET /ticket2/opencms/no/sport/fotballsbilletter/la_liga/villareal/ HTTP/1.1" 200 73804
158.220.119.234 - - [30/Jun/2024:02:40:42 +0200] "GET /ticket2/opencms/se/ru/buy/?page=1&edid=3D8D6197-4BB9-6979-B23A-82229C29818A&sortorder=asc&column=row HTTP/1.1" 404 -
192.99.3.137 - - [30/Jun/2024:02:40:43 +0200] "GET /ticket2/opencms/dk/nl/buy/?page=1&edid=EA94D3D4-FFFA-F63F-1970-2CE5FF8D4442&sortorder=desc&column=section HTTP/1.1" 404 -
23.22.35.162 - - [30/Jun/2024:02:40:44 +0200] "GET /ticket2/opencms/no/sport/fotballsbilletter/serie_a/frosinone/ HTTP/1.1" 200 73991
158.220.124.16 - - [30/Jun/2024:02:40:45 +0200] "GET /ticket2/opencms/se/nl/buy/?page=1&edid=BF4F4F88-9C17-C70F-0807-28AAB5899F63&sortorder=asc&column=section HTTP/1.1" 404 -
192.99.3.137 - - [30/Jun/2024:02:40:47 +0200] "GET /ticket2/opencms/dk/nl/buy/?page=1&edid=EC2EBB26-08CC-27AC-749B-D6061A772A42&sortorder=asc&column=row HTTP/1.1" 404 -
23.22.35.162 - - [30/Jun/2024:02:40:48 +0200] "GET /ticket2/opencms/en/about/contact HTTP/1.1" 200 70952
158.220.119.234 - - [30/Jun/2024:02:40:49 +0200] "GET /ticket2/opencms/se/ru/buy/?page=1&edid=3E844C64-2B32-A35E-237A-EDAC48338BDA HTTP/1.1" 404 -
52.70.240.171 - - [30/Jun/2024:02:40:52 +0200] "GET /ticket2/opencms/no/about/contact HTTP/1.1" 200 72265
216.245.221.83 - - [30/Jun/2024:02:40:53 +0200] "HEAD /ticket2/opencms/ HTTP/1.1" 302 -
3.224.220.101 - - [30/Jun/2024:02:40:56 +0200] "GET /ticket2/opencms/en/sport/football-tickets/bundesliga/bochum/ HTTP/1.1" 200 73139
158.220.119.234 - - [30/Jun/2024:02:40:56 +0200] "GET /ticket2/opencms/se/ru/buy/?page=1&edid=3E844C64-2B32-A35E-237A-EDAC48338BDA&sortorder=desc&column=price HTTP/1.1" 404 -
