135.181.213.220 - - [30/Jun/2024:00:00:00 +0200] "GET /ticket2/opencms/no/buy/?page=1&edid=0D33199C-853B-C4DC-F1E2-6CF75BE0B211&sortorder=desc&column=row HTTP/1.1" 200 89701
135.181.213.220 - - [30/Jun/2024:00:00:04 +0200] "GET /ticket2/opencms/no/buy/?page=1&edid=0D33199C-853B-C4DC-F1E2-6CF75BE0B211&sortorder=desc&column=section HTTP/1.1" 200 89701
135.181.213.220 - - [30/Jun/2024:00:00:07 +0200] "GET /ticket2/opencms/no/buy/?page=1&edid=0ECEC175-ADD8-B26B-0BD6-3DD4DE0DB9DC HTTP/1.1" 200 89642
94.23.203.202 - - [30/Jun/2024:00:00:09 +0200] "GET /ticket2/opencms/de/fi/buy/?comcatid=97ECA65A-72DA-F9AF-9DBB-245D3CFED1BE&catid=8732E72C-A028-EA8C-4D4D-DEB44E2A28A8 HTTP/1.1" 404 -
135.181.213.220 - - [30/Jun/2024:00:00:11 +0200] "GET /ticket2/opencms/no/buy/?page=1&edid=11E0F3F3-866B-8B11-2E4F-E306B11A08DD HTTP/1.1" 200 89580
135.181.213.220 - - [30/Jun/2024:00:00:14 +0200] "GET /ticket2/opencms/no/buy/?page=1&edid=1262C5E9-4459-6D63-F273-010CB7E37FF2&sortorder=desc&column=price HTTP/1.1" 200 89606
135.181.213.220 - - [30/Jun/2024:00:00:17 +0200] "GET /ticket2/opencms/no/buy/?page=1&edid=1262C5E9-4459-6D63-F273-010CB7E37FF2&sortorder=desc&column=row HTTP/1.1" 200 89606
135.181.213.220 - - [30/Jun/2024:00:00:21 +0200] "GET /ticket2/opencms/no/buy/?page=1&edid=1262C5E9-4459-6D63-F273-010CB7E37FF2&sortorder=desc&column=section HTTP/1.1" 200 89606
135.181.213.220 - - [30/Jun/2024:00:00:24 +0200] "GET /ticket2/opencms/no/buy/?page=1&edid=13874491-0CB4-B647-8E37-D839D7996CEB HTTP/1.1" 200 89574
94.23.203.202 - - [30/Jun/2024:00:00:26 +0200] "GET /ticket2/opencms/de/fi/buy/?comcatid=97ECA65A-72DA-F9AF-9DBB-245D3CFED1BE&catid=8B6802AF-1ADE-4BE1-A1F7-7671190CFB4F HTTP/1.1" 404 -
135.181.213.220 - - [30/Jun/2024:00:00:27 +0200] "GET /ticket2/opencms/no/buy/?page=1&edid=149E4898-886E-801A-DF9C-A6639D44D86F HTTP/1.1" 200 88505
135.181.213.220 - - [30/Jun/2024:00:00:31 +0200] "GET /ticket2/opencms/no/buy/?page=1&edid=151CC0D8-0351-C859-2F0C-08FDFAB76DE7&sortorder=desc&column=price HTTP/1.1" 200 88930
135.181.213.220 - - [30/Jun/2024:00:00:34 +0200] "GET /ticket2/opencms/no/buy/?page=1&edid=151CC0D8-0351-C859-2F0C-08FDFAB76DE7&sortorder=desc&column=row HTTP/1.1" 200 88930
135.181.213.220 - - [30/Jun/2024:00:00:38 +0200] "GET /ticket2/opencms/no/buy/?page=1&edid=151CC0D8-0351-C859-2F0C-08FDFAB76DE7&sortorder=desc&column=section HTTP/1.1" 200 88930
85.208.96.198 - - [30/Jun/2024:00:00:39 +0200] "GET /ticket2/opencms/de/sport/fussball-tickets/premier_league/brighton/ HTTP/1.1" 200 86304
135.181.213.220 - - [30/Jun/2024:00:00:41 +0200] "GET /ticket2/opencms/no/buy/?page=1&edid=156562D2-0263-CCAA-DF54-9314F5D26523&sortorder=desc&column=row HTTP/1.1" 200 89605
135.181.213.220 - - [30/Jun/2024:00:00:44 +0200] "GET /ticket2/opencms/no/buy/?page=1&edid=1964B21D-BF30-22BC-8931-DEC6C4EDF1DE&sortorder=asc&column=price HTTP/1.1" 200 89820
94.23.203.202 - - [30/Jun/2024:00:00:46 +0200] "GET /ticket2/opencms/de/fi/buy/?comcatid=97ECA65A-72DA-F9AF-9DBB-245D3CFED1BE&catid=9457695E-36ED-A63E-7A88-32963954E2C7 HTTP/1.1" 404 -
135.181.213.220 - - [30/Jun/2024:00:00:48 +0200] "GET /ticket2/opencms/no/buy/?page=1&edid=1964B21D-BF30-22BC-8931-DEC6C4EDF1DE&sortorder=asc&column=row HTTP/1.1" 200 89820
135.181.213.220 - - [30/Jun/2024:00:00:51 +0200] "GET /ticket2/opencms/no/buy/?page=1&edid=1964B21D-BF30-22BC-8931-DEC6C4EDF1DE&sortorder=asc&column=section HTTP/1.1" 200 89820
216.245.221.83 - - [30/Jun/2024:00:00:53 +0200] "HEAD /ticket2/opencms/ HTTP/1.1" 302 -
135.181.213.220 - - [30/Jun/2024:00:00:55 +0200] "GET /ticket2/opencms/no/buy/?page=1&edid=1964B21D-BF30-22BC-8931-DEC6C4EDF1DE&sortorder=desc&column=price HTTP/1.1" 200 89819
216.245.221.83 - - [30/Jun/2024:00:00:57 +0200] "HEAD /ticket2/opencms/en/ HTTP/1.1" 200 -
135.181.213.220 - - [30/Jun/2024:00:00:58 +0200] "GET /ticket2/opencms/no/buy/?page=1&edid=1964B21D-BF30-22BC-8931-DEC6C4EDF1DE&sortorder=desc&column=row HTTP/1.1" 200 89819
135.181.213.220 - - [30/Jun/2024:00:01:01 +0200] "GET /ticket2/opencms/no/buy/?page=1&edid=1964B21D-BF30-22BC-8931-DEC6C4EDF1DE&sortorder=desc&column=section HTTP/1.1" 200 89819
94.23.203.202 - - [30/Jun/2024:00:01:03 +0200] "GET /ticket2/opencms/de/fi/buy/?comcatid=97ECA65A-72DA-F9AF-9DBB-245D3CFED1BE&catid=D414C6A5-7A03-3389-42A8-D7B7FE32BB37 HTTP/1.1" 404 -
135.181.213.220 - - [30/Jun/2024:00:01:05 +0200] "GET /ticket2/opencms/no/buy/?page=1&edid=1B2497C9-50FD-C481-B810-5D82DC9B4FE5&sortorder=desc&column=price HTTP/1.1" 200 88930
135.181.213.220 - - [30/Jun/2024:00:01:08 +0200] "GET /ticket2/opencms/no/buy/?page=1&edid=20B8D1AD-64EC-73DF-B539-29EE3CA0D338&sortorder=desc&column=section HTTP/1.1" 200 88931
135.181.213.220 - - [30/Jun/2024:00:01:11 +0200] "GET /ticket2/opencms/no/buy/?page=1&edid=21A86BB8-64D8-CBA2-3B98-AF717437C3CC HTTP/1.1" 200 88900
135.181.213.220 - - [30/Jun/2024:00:01:14 +0200] "GET /ticket2/opencms/no/buy/?page=1&edid=21A86BB8-64D8-CBA2-3B98-AF717437C3CC&sortorder=desc&column=row HTTP/1.1" 200 88935
85.208.96.208 - - [30/Jun/2024:00:01:15 +0200] "GET /ticket2/opencms/fr/magazine/article?title=manchester-united-contre-arsenal HTTP/1.1" 200 77000
94.23.203.202 - - [30/Jun/2024:00:01:18 +0200] "GET /ticket2/opencms/de/fi/buy/?comcatid=97ECA65A-72DA-F9AF-9DBB-245D3CFED1BE&catid=DA31441B-C568-3C77-D08C-698809032494 HTTP/1.1" 404 -
135.181.213.220 - - [30/Jun/2024:00:01:18 +0200] "GET /ticket2/opencms/no/buy/?page=1&edid=21A86BB8-64D8-CBA2-3B98-AF717437C3CC&sortorder=desc&column=section HTTP/1.1" 200 88935
135.181.213.220 - - [30/Jun/2024:00:01:21 +0200] "GET /ticket2/opencms/no/buy/?page=1&edid=26FF4CAE-0AB1-26F3-524A-CA6FA2A5B775&sortorder=desc&column=row HTTP/1.1" 200 88530
135.181.213.220 - - [30/Jun/2024:00:01:25 +0200] "GET /ticket2/opencms/no/buy/?page=1&edid=26FF4CAE-0AB1-26F3-524A-CA6FA2A5B775&sortorder=desc&column=section HTTP/1.1" 200 88530
135.181.213.220 - - [30/Jun/2024:00:01:28 +0200] "GET /ticket2/opencms/no/buy/?page=1&edid=2946B44C-614C-B458-AD25-19BAB8520213 HTTP/1.1" 200 87209
135.181.213.220 - - [30/Jun/2024:00:01:31 +0200] "GET /ticket2/opencms/no/buy/?page=1&edid=2B069145-96C4-9DB2-7920-56A0B5CF95BF&sortorder=desc&column=price HTTP/1.1" 200 89228
94.23.203.202 - - [30/Jun/2024:00:01:32 +0200] "GET /ticket2/opencms/de/fi/buy/?comcatid=97ECA65A-72DA-F9AF-9DBB-245D3CFED1BE&catid=E3105E1E-3982-291E-5523-1C1DF161E9B7 HTTP/1.1" 404 -
185.191.171.16 - - [30/Jun/2024:00:01:35 +0200] "GET /ticket2/opencms/en/sport/football-tickets/la-liga/granada/ HTTP/1.1" 200 73323
135.181.213.220 - - [30/Jun/2024:00:01:35 +0200] "GET /ticket2/opencms/no/buy/?page=1&edid=2B069145-96C4-9DB2-7920-56A0B5CF95BF&sortorder=desc&column=row HTTP/1.1" 200 89228
135.181.213.220 - - [30/Jun/2024:00:01:38 +0200] "GET /ticket2/opencms/no/buy/?page=1&edid=2B069145-96C4-9DB2-7920-56A0B5CF95BF&sortorder=desc&column=section HTTP/1.1" 200 89228
135.181.213.220 - - [30/Jun/2024:00:01:41 +0200] "GET /ticket2/opencms/no/buy/?page=1&edid=3F6B6B17-F159-59CA-9275-25779C692B45 HTTP/1.1" 200 89192
47.128.118.94 - - [30/Jun/2024:00:01:43 +0200] "GET /ticket2/opencms/no/buy/?catid=D8B345C9-F7A5-E620-4B43-C34EB0D6885B&comcatid=A17713B6-D984-201A-4143-ED4DB5ED5C2E&page=7 HTTP/1.1" 200 83081
47.128.118.94 - - [30/Jun/2024:00:01:44 +0200] "GET /ticket2/opencms/system/modules/com.gridnine.opencms.ticketbrokerage.site/resources/pics/logo-new.png HTTP/1.1" 200 13541
47.128.118.94 - - [30/Jun/2024:00:01:44 +0200] "GET /ticket2/opencms/system/modules/com.gridnine.opencms.ticketbrokerage.site/resources/pics/bank_2_handelsbanken.png HTTP/1.1" 200 4509
47.128.118.94 - - [30/Jun/2024:00:01:44 +0200] "GET /ticket2/opencms/system/modules/com.gridnine.opencms.ticketbrokerage.site/resources/pics/bank_5_visa_mastercard.png HTTP/1.1" 200 8196
135.181.213.220 - - [30/Jun/2024:00:01:45 +0200] "GET /ticket2/opencms/no/buy/?page=1&edid=3F6B6B17-F159-59CA-9275-25779C692B45&sortorder=desc&column=row HTTP/1.1" 200 89227
47.128.118.94 - - [30/Jun/2024:00:01:45 +0200] "GET /ticket2/opencms/system/modules/com.gridnine.opencms.ticketbrokerage.site/resources/pics/bank_3_swedbank.png HTTP/1.1" 200 5740
47.128.118.94 - - [30/Jun/2024:00:01:45 +0200] "GET /ticket2/opencms/system/modules/com.gridnine.opencms.ticketbrokerage.site/resources/pics/bank_4_seb.png HTTP/1.1" 200 2487
47.128.118.94 - - [30/Jun/2024:00:01:45 +0200] "GET /ticket2/opencms/system/modules/com.gridnine.opencms.ticketbrokerage.site/resources/pics/bank_1_nordea.png HTTP/1.1" 200 4807
47.128.118.94 - - [30/Jun/2024:00:01:45 +0200] "GET /ticket2/opencms/system/modules/com.gridnine.opencms.ticketbrokerage.site/resources/pics/bank_6_american_express.png HTTP/1.1" 200 5570
135.181.213.220 - - [30/Jun/2024:00:01:48 +0200] "GET /ticket2/opencms/no/buy/?page=1&edid=3F6B6B17-F159-59CA-9275-25779C692B45&sortorder=desc&column=section HTTP/1.1" 200 89227
135.181.213.220 - - [30/Jun/2024:00:01:51 +0200] "GET /ticket2/opencms/no/buy/?page=1&edid=418F640D-FED9-8D6C-3AD1-01149267CC74 HTTP/1.1" 200 89192
94.23.203.202 - - [30/Jun/2024:00:01:52 +0200] "GET /ticket2/opencms/de/fi/buy/?comcatid=97ECA65A-72DA-F9AF-9DBB-245D3CFED1BE&catid=F4D223A4-C027-46DC-3DE5-726A23E30A62 HTTP/1.1" 404 -
135.181.213.220 - - [30/Jun/2024:00:01:54 +0200] "GET /ticket2/opencms/no/buy/?page=1&edid=418F640D-FED9-8D6C-3AD1-01149267CC74&sortorder=desc&column=price HTTP/1.1" 200 89227
135.181.213.220 - - [30/Jun/2024:00:01:58 +0200] "GET /ticket2/opencms/no/buy/?page=1&edid=418F640D-FED9-8D6C-3AD1-01149267CC74&sortorder=desc&column=row HTTP/1.1" 200 89227
135.181.213.220 - - [30/Jun/2024:00:02:01 +0200] "GET /ticket2/opencms/no/buy/?page=1&edid=418F640D-FED9-8D6C-3AD1-01149267CC74&sortorder=desc&column=section HTTP/1.1" 200 89227
135.181.213.220 - - [30/Jun/2024:00:02:04 +0200] "GET /ticket2/opencms/no/buy/?page=1&edid=443A5BE5-6E1B-92D8-CAE5-906AF16A59E7 HTTP/1.1" 200 88902
135.181.213.220 - - [30/Jun/2024:00:02:07 +0200] "GET /ticket2/opencms/no/buy/?page=1&edid=443A5BE5-6E1B-92D8-CAE5-906AF16A59E7&sortorder=desc&column=price HTTP/1.1" 200 88937
94.23.203.202 - - [30/Jun/2024:00:02:09 +0200] "GET /ticket2/opencms/de/fi/buy/?comcatid=97ECA65A-72DA-F9AF-9DBB-245D3CFED1BE&catid=F7F89B9B-6697-7881-54AE-4C39276BF1B8 HTTP/1.1" 404 -
135.181.213.220 - - [30/Jun/2024:00:02:11 +0200] "GET /ticket2/opencms/no/buy/?page=1&edid=443A5BE5-6E1B-92D8-CAE5-906AF16A59E7&sortorder=desc&column=row HTTP/1.1" 200 88937
216.245.221.83 - - [30/Jun/2024:00:02:13 +0200] "HEAD /ticket2/opencms/ HTTP/1.1" 302 -
216.245.221.83 - - [30/Jun/2024:00:02:14 +0200] "HEAD /ticket2/opencms/en/ HTTP/1.1" 200 -
135.181.213.220 - - [30/Jun/2024:00:02:14 +0200] "GET /ticket2/opencms/no/buy/?page=1&edid=443A5BE5-6E1B-92D8-CAE5-906AF16A59E7&sortorder=desc&column=section HTTP/1.1" 200 88937
135.181.213.220 - - [30/Jun/2024:00:02:17 +0200] "GET /ticket2/opencms/no/buy/?page=1&edid=457A4AFF-A6EF-C071-9DEF-1F13C05D6B21&sortorder=desc&column=section HTTP/1.1" 200 89820
135.181.213.220 - - [30/Jun/2024:00:02:21 +0200] "GET /ticket2/opencms/no/buy/?page=1&edid=482A3E6B-F6F4-FCF6-CF6F-F9FEE87AC240&sortorder=desc&column=price HTTP/1.1" 200 89683
135.181.213.220 - - [30/Jun/2024:00:02:24 +0200] "GET /ticket2/opencms/no/buy/?page=1&edid=482CBF6C-6FA4-A941-FEFF-A1A09587771F&sortorder=desc&column=price HTTP/1.1" 200 85908
94.23.203.202 - - [30/Jun/2024:00:02:26 +0200] "GET /ticket2/opencms/de/fi/buy/?comcatid=97ECA65A-72DA-F9AF-9DBB-245D3CFED1BE&catid=F7FF413B-5FDF-82CF-E5BB-CD4AB6027974 HTTP/1.1" 404 -
135.181.213.220 - - [30/Jun/2024:00:02:28 +0200] "GET /ticket2/opencms/no/buy/?page=1&edid=482CBF6C-6FA4-A941-FEFF-A1A09587771F&sortorder=desc&column=row HTTP/1.1" 200 85908
135.181.213.220 - - [30/Jun/2024:00:02:31 +0200] "GET /ticket2/opencms/no/buy/?page=1&edid=482CBF6C-6FA4-A941-FEFF-A1A09587771F&sortorder=desc&column=section HTTP/1.1" 200 85908
47.128.39.238 - - [30/Jun/2024:00:02:34 +0200] "GET /ticket2/opencms/no/buy/?catid=A3372871-3019-08B8-80CE-74B78F441ACA&comcatid=A17713B6-D984-201A-4143-ED4DB5ED5C2E&page=7 HTTP/1.1" 200 83737
135.181.213.220 - - [30/Jun/2024:00:02:34 +0200] "GET /ticket2/opencms/no/buy/?page=1&edid=4956AE31-3942-7A23-9572-C94FABDC2555&sortorder=asc&column=price HTTP/1.1" 200 86567
47.128.39.238 - - [30/Jun/2024:00:02:35 +0200] "GET /ticket2/opencms/system/modules/com.gridnine.opencms.ticketbrokerage.site/resources/pics/logo-new.png HTTP/1.1" 200 13541
47.128.39.238 - - [30/Jun/2024:00:02:35 +0200] "GET /ticket2/opencms/system/modules/com.gridnine.opencms.ticketbrokerage.site/resources/pics/bank_1_nordea.png HTTP/1.1" 200 4807
47.128.39.238 - - [30/Jun/2024:00:02:35 +0200] "GET /ticket2/opencms/system/modules/com.gridnine.opencms.ticketbrokerage.site/resources/pics/bank_2_handelsbanken.png HTTP/1.1" 200 4509
47.128.39.238 - - [30/Jun/2024:00:02:36 +0200] "GET /ticket2/opencms/system/modules/com.gridnine.opencms.ticketbrokerage.site/resources/pics/bank_5_visa_mastercard.png HTTP/1.1" 200 8196
47.128.39.238 - - [30/Jun/2024:00:02:36 +0200] "GET /ticket2/opencms/system/modules/com.gridnine.opencms.ticketbrokerage.site/resources/pics/bank_3_swedbank.png HTTP/1.1" 200 5740
47.128.39.238 - - [30/Jun/2024:00:02:36 +0200] "GET /ticket2/opencms/system/modules/com.gridnine.opencms.ticketbrokerage.site/resources/pics/bank_6_american_express.png HTTP/1.1" 200 5570
47.128.39.238 - - [30/Jun/2024:00:02:36 +0200] "GET /ticket2/opencms/system/modules/com.gridnine.opencms.ticketbrokerage.site/resources/pics/bank_4_seb.png HTTP/1.1" 200 2487
135.181.213.220 - - [30/Jun/2024:00:02:38 +0200] "GET /ticket2/opencms/no/buy/?page=1&edid=4956AE31-3942-7A23-9572-C94FABDC2555&sortorder=asc&column=row HTTP/1.1" 200 86567
185.191.171.19 - - [30/Jun/2024:00:02:39 +0200] "GET /ticket2/opencms/sv/sport/motor/ HTTP/1.1" 200 71245
135.181.213.220 - - [30/Jun/2024:00:02:41 +0200] "GET /ticket2/opencms/no/buy/?page=1&edid=4956AE31-3942-7A23-9572-C94FABDC2555&sortorder=asc&column=section HTTP/1.1" 200 86567
94.23.203.202 - - [30/Jun/2024:00:02:43 +0200] "GET /ticket2/opencms/de/fi/buy/?comcatid=A17713B6-D984-201A-4143-ED4DB5ED5C2E HTTP/1.1" 404 -
135.181.213.220 - - [30/Jun/2024:00:02:44 +0200] "GET /ticket2/opencms/no/buy/?page=1&edid=497CFADB-43B9-65B9-4674-F7F3D004A91F HTTP/1.1" 200 89665
135.181.213.220 - - [30/Jun/2024:00:02:48 +0200] "GET /ticket2/opencms/no/buy/?page=1&edid=497CFADB-43B9-65B9-4674-F7F3D004A91F&sortorder=desc&column=price HTTP/1.1" 200 89700
114.119.145.88 - - [30/Jun/2024:00:02:48 +0200] "GET /ticket2/opencms/en/sell/?edid=6619AF23-B82A-4933-7AAB-7FCD989DC8B0 HTTP/1.1" 302 -
135.181.213.220 - - [30/Jun/2024:00:02:51 +0200] "GET /ticket2/opencms/no/buy/?page=1&edid=497CFADB-43B9-65B9-4674-F7F3D004A91F&sortorder=desc&column=row HTTP/1.1" 200 89700
114.119.145.88 - - [30/Jun/2024:00:02:52 +0200] "GET /ticket2/opencms/en/login/?url=/en/sell/ HTTP/1.1" 200 73431
52.167.144.195 - - [30/Jun/2024:00:02:52 +0200] "GET /ticket2/opencms/no/venue/?venueid=66A22C85-2637-5B6C-2F7A-DE5700A1A711 HTTP/1.1" 200 72613
135.181.213.220 - - [30/Jun/2024:00:02:55 +0200] "GET /ticket2/opencms/no/buy/?page=1&edid=4AC95674-006C-9688-CED2-9C633AFAA259 HTTP/1.1" 200 88495
135.181.213.220 - - [30/Jun/2024:00:02:58 +0200] "GET /ticket2/opencms/no/buy/?page=1&edid=4BE59970-EC47-0861-6205-BA251FD6ECF0 HTTP/1.1" 200 89786
135.181.213.220 - - [30/Jun/2024:00:03:02 +0200] "GET /ticket2/opencms/no/buy/?page=1&edid=4BE59970-EC47-0861-6205-BA251FD6ECF0&sortorder=desc&column=price HTTP/1.1" 200 89821
114.119.136.185 - - [30/Jun/2024:00:03:02 +0200] "GET /ticket2/opencms/en/venue/?venueid=BE099EDC-92F5-295D-5F82-387E8463882F HTTP/1.1" 200 71363
94.23.203.202 - - [30/Jun/2024:00:03:03 +0200] "GET /ticket2/opencms/de/fi/buy/?comcatid=A17713B6-D984-201A-4143-ED4DB5ED5C2E&catid=061607E6-22B7-6FFA-03FD-A4B8B13A943F HTTP/1.1" 404 -
135.181.213.220 - - [30/Jun/2024:00:03:05 +0200] "GET /ticket2/opencms/no/buy/?page=1&edid=4D019A97-BFEB-445D-8A39-F3C482678D04 HTTP/1.1" 200 89574
135.181.213.220 - - [30/Jun/2024:00:03:08 +0200] "GET /ticket2/opencms/no/buy/?page=1&edid=4D019A97-BFEB-445D-8A39-F3C482678D04&sortorder=desc&column=row HTTP/1.1" 200 89609
135.181.213.220 - - [30/Jun/2024:00:03:12 +0200] "GET /ticket2/opencms/no/buy/?page=1&edid=4D019A97-BFEB-445D-8A39-F3C482678D04&sortorder=desc&column=section HTTP/1.1" 200 89609
135.181.213.220 - - [30/Jun/2024:00:03:15 +0200] "GET /ticket2/opencms/no/buy/?page=1&edid=4D091DAA-A6FD-9335-E2FA-E89697CE58C9 HTTP/1.1" 200 89657
135.181.213.220 - - [30/Jun/2024:00:03:18 +0200] "GET /ticket2/opencms/no/buy/?page=1&edid=4D091DAA-A6FD-9335-E2FA-E89697CE58C9&sortorder=desc&column=price HTTP/1.1" 200 89692
135.181.213.220 - - [30/Jun/2024:00:03:22 +0200] "GET /ticket2/opencms/no/buy/?page=1&edid=4D091DAA-A6FD-9335-E2FA-E89697CE58C9&sortorder=desc&column=section HTTP/1.1" 200 89692
94.23.203.202 - - [30/Jun/2024:00:03:23 +0200] "GET /ticket2/opencms/de/fi/buy/?comcatid=A17713B6-D984-201A-4143-ED4DB5ED5C2E&catid=06324577-7173-BAB0-146D-E644C912F7C1 HTTP/1.1" 404 -
135.181.213.220 - - [30/Jun/2024:00:03:25 +0200] "GET /ticket2/opencms/no/buy/?page=1&edid=4D9E9B53-D6C2-EBD3-ECBD-EC61B335C986 HTTP/1.1" 200 89572
135.181.213.220 - - [30/Jun/2024:00:03:29 +0200] "GET /ticket2/opencms/no/buy/?page=1&edid=52633380-3947-F30A-9F5B-0BD261EAE32D&sortorder=desc&column=row HTTP/1.1" 200 89822
66.249.76.43 - - [30/Jun/2024:00:03:31 +0200] "GET /ticket2/opencms/en/venue/?venueid=BBEC82D1-C9A9-40E1-98A5-6357ECE4EFA5 HTTP/1.1" 200 71357
135.181.213.220 - - [30/Jun/2024:00:03:32 +0200] "GET /ticket2/opencms/no/buy/?page=1&edid=6242B9B1-347B-163B-6812-33EAF7A31479&sortorder=desc&column=price HTTP/1.1" 200 89819
47.128.29.165 - - [30/Jun/2024:00:03:34 +0200] "GET /ticket2/opencms/no/sport/ HTTP/1.1" 200 71643
47.128.29.165 - - [30/Jun/2024:00:03:34 +0200] "GET /ticket2/opencms/system/modules/com.gridnine.opencms.ticketbrokerage.site/resources/pics/logo-new.png HTTP/1.1" 200 13541
47.128.29.165 - - [30/Jun/2024:00:03:35 +0200] "GET /ticket2/opencms/system/modules/com.gridnine.opencms.ticketbrokerage.site/resources/pics/banners/no/sports_no.png HTTP/1.1" 200 74949
47.128.29.165 - - [30/Jun/2024:00:03:35 +0200] "GET /ticket2/opencms/system/modules/com.gridnine.opencms.ticketbrokerage.site/resources/pics/bank_1_nordea.png HTTP/1.1" 200 4807
47.128.29.165 - - [30/Jun/2024:00:03:35 +0200] "GET /ticket2/opencms/system/modules/com.gridnine.opencms.ticketbrokerage.site/resources/pics/bank_2_handelsbanken.png HTTP/1.1" 200 4509
47.128.29.165 - - [30/Jun/2024:00:03:35 +0200] "GET /ticket2/opencms/system/modules/com.gridnine.opencms.ticketbrokerage.site/resources/pics/bank_3_swedbank.png HTTP/1.1" 200 5740
47.128.29.165 - - [30/Jun/2024:00:03:35 +0200] "GET /ticket2/opencms/system/modules/com.gridnine.opencms.ticketbrokerage.site/resources/pics/bank_4_seb.png HTTP/1.1" 200 2487
47.128.29.165 - - [30/Jun/2024:00:03:35 +0200] "GET /ticket2/opencms/system/modules/com.gridnine.opencms.ticketbrokerage.site/resources/pics/bank_5_visa_mastercard.png HTTP/1.1" 200 8196
135.181.213.220 - - [30/Jun/2024:00:03:35 +0200] "GET /ticket2/opencms/no/buy/?page=1&edid=6242B9B1-347B-163B-6812-33EAF7A31479&sortorder=desc&column=row HTTP/1.1" 200 89819
47.128.29.165 - - [30/Jun/2024:00:03:36 +0200] "GET /ticket2/opencms/system/modules/com.gridnine.opencms.ticketbrokerage.site/resources/pics/bank_6_american_express.png HTTP/1.1" 200 5570
135.181.213.220 - - [30/Jun/2024:00:03:39 +0200] "GET /ticket2/opencms/no/buy/?page=1&edid=6242B9B1-347B-163B-6812-33EAF7A31479&sortorder=desc&column=section HTTP/1.1" 200 89819
135.181.213.220 - - [30/Jun/2024:00:03:42 +0200] "GET /ticket2/opencms/no/buy/?page=1&edid=63801669-9764-13A7-B058-055F32A0BC14 HTTP/1.1" 200 89192
94.23.203.202 - - [30/Jun/2024:00:03:45 +0200] "GET /ticket2/opencms/de/fi/buy/?comcatid=A17713B6-D984-201A-4143-ED4DB5ED5C2E&catid=08F27F2A-1872-A39F-A97C-63093E77B18A HTTP/1.1" 404 -
135.181.213.220 - - [30/Jun/2024:00:03:45 +0200] "GET /ticket2/opencms/no/buy/?page=1&edid=63801669-9764-13A7-B058-055F32A0BC14&sortorder=desc&column=row HTTP/1.1" 200 89227
135.181.213.220 - - [30/Jun/2024:00:03:49 +0200] "GET /ticket2/opencms/no/buy/?page=1&edid=63801669-9764-13A7-B058-055F32A0BC14&sortorder=desc&column=section HTTP/1.1" 200 89227
135.181.213.220 - - [30/Jun/2024:00:03:52 +0200] "GET /ticket2/opencms/no/buy/?page=1&edid=6471BDCD-0B2F-C3B9-3026-367C586DCB12 HTTP/1.1" 200 89192
135.181.213.220 - - [30/Jun/2024:00:03:55 +0200] "GET /ticket2/opencms/no/buy/?page=1&edid=6619AF23-B82A-4933-7AAB-7FCD989DC8B0 HTTP/1.1" 200 88899
135.181.213.220 - - [30/Jun/2024:00:03:59 +0200] "GET /ticket2/opencms/no/buy/?page=1&edid=66EA5353-0EED-D56D-04FB-B3F43B6CCED9 HTTP/1.1" 200 89646
135.181.213.220 - - [30/Jun/2024:00:04:02 +0200] "GET /ticket2/opencms/no/buy/?page=1&edid=66EA5353-0EED-D56D-04FB-B3F43B6CCED9&sortorder=desc&column=row HTTP/1.1" 200 89681
85.208.96.197 - - [30/Jun/2024:00:04:04 +0200] "GET /ticket2/opencms/en/sport/football-tickets/serie_a/ac_milan/ HTTP/1.1" 200 73550
135.181.213.220 - - [30/Jun/2024:00:04:05 +0200] "GET /ticket2/opencms/no/buy/?page=1&edid=66EA5353-0EED-D56D-04FB-B3F43B6CCED9&sortorder=desc&column=section HTTP/1.1" 200 89681
135.181.213.220 - - [30/Jun/2024:00:04:09 +0200] "GET /ticket2/opencms/no/buy/?page=1&edid=674A96E1-4B9C-1EEC-4D35-A637DDEAF802 HTTP/1.1" 200 89664
94.23.203.202 - - [30/Jun/2024:00:04:12 +0200] "GET /ticket2/opencms/de/fi/buy/?comcatid=A17713B6-D984-201A-4143-ED4DB5ED5C2E&catid=0A6C99D2-F5BD-7A18-9A5F-5668827042E0 HTTP/1.1" 404 -
135.181.213.220 - - [30/Jun/2024:00:04:12 +0200] "GET /ticket2/opencms/no/buy/?page=1&edid=679592A4-F209-DF56-5774-383426253C85 HTTP/1.1" 200 88006
135.181.213.220 - - [30/Jun/2024:00:04:16 +0200] "GET /ticket2/opencms/no/buy/?page=1&edid=6BC21E34-D184-B05D-C9D3-CDE23D87DE22 HTTP/1.1" 200 85900
135.181.213.220 - - [30/Jun/2024:00:04:19 +0200] "GET /ticket2/opencms/no/buy/?page=1&edid=6F712A11-3182-D7CE-3351-1230EB25AAC4 HTTP/1.1" 200 88499
47.128.21.150 - - [30/Jun/2024:00:04:21 +0200] "GET /ticket2/opencms/fi/venue/?countryid=7EB583F0-D67D-8877-88CD-3F7B9DDEB361 HTTP/1.1" 200 102951
47.128.21.150 - - [30/Jun/2024:00:04:22 +0200] "GET /ticket2/opencms/system/modules/com.gridnine.opencms.ticketbrokerage.site/resources/pics/logo-new.png HTTP/1.1" 200 13541
47.128.21.150 - - [30/Jun/2024:00:04:22 +0200] "GET /ticket2/opencms/system/modules/com.gridnine.opencms.ticketbrokerage.site/resources/pics/bank_1_nordea.png HTTP/1.1" 200 4807
135.181.213.220 - - [30/Jun/2024:00:04:22 +0200] "GET /ticket2/opencms/no/buy/?page=1&edid=700C6A66-9C47-818C-453E-16ACCDD28C59 HTTP/1.1" 200 89192
47.128.21.150 - - [30/Jun/2024:00:04:23 +0200] "GET /ticket2/opencms/system/modules/com.gridnine.opencms.ticketbrokerage.site/resources/pics/bank_2_handelsbanken.png HTTP/1.1" 200 4509
47.128.21.150 - - [30/Jun/2024:00:04:23 +0200] "GET /ticket2/opencms/system/modules/com.gridnine.opencms.ticketbrokerage.site/resources/pics/bank_3_swedbank.png HTTP/1.1" 200 5740
47.128.21.150 - - [30/Jun/2024:00:04:23 +0200] "GET /ticket2/opencms/system/modules/com.gridnine.opencms.ticketbrokerage.site/resources/pics/bank_4_seb.png HTTP/1.1" 200 2487
47.128.21.150 - - [30/Jun/2024:00:04:23 +0200] "GET /ticket2/opencms/system/modules/com.gridnine.opencms.ticketbrokerage.site/resources/pics/bank_5_visa_mastercard.png HTTP/1.1" 200 8196
47.128.21.150 - - [30/Jun/2024:00:04:23 +0200] "GET /ticket2/opencms/system/modules/com.gridnine.opencms.ticketbrokerage.site/resources/pics/bank_6_american_express.png HTTP/1.1" 200 5570
135.181.213.220 - - [30/Jun/2024:00:04:26 +0200] "GET /ticket2/opencms/no/buy/?page=1&edid=700C6A66-9C47-818C-453E-16ACCDD28C59&sortorder=desc&column=price HTTP/1.1" 200 89227
94.23.203.202 - - [30/Jun/2024:00:04:29 +0200] "GET /ticket2/opencms/de/fi/buy/?comcatid=A17713B6-D984-201A-4143-ED4DB5ED5C2E&catid=0A9E385E-33D9-328E-DC79-CA2C7009C829 HTTP/1.1" 404 -
135.181.213.220 - - [30/Jun/2024:00:04:29 +0200] "GET /ticket2/opencms/no/buy/?page=1&edid=700C6A66-9C47-818C-453E-16ACCDD28C59&sortorder=desc&column=section HTTP/1.1" 200 89227
135.181.213.220 - - [30/Jun/2024:00:04:33 +0200] "GET /ticket2/opencms/no/buy/?page=1&edid=73C373AD-559D-3A84-A00F-BA6DC314DEF9 HTTP/1.1" 200 88915
135.181.213.220 - - [30/Jun/2024:00:04:36 +0200] "GET /ticket2/opencms/no/buy/?page=1&edid=73C373AD-559D-3A84-A00F-BA6DC314DEF9&sortorder=asc&column=price HTTP/1.1" 200 88951
135.181.213.220 - - [30/Jun/2024:00:04:39 +0200] "GET /ticket2/opencms/no/buy/?page=1&edid=73C373AD-559D-3A84-A00F-BA6DC314DEF9&sortorder=asc&column=row HTTP/1.1" 200 88951
47.128.21.12 - - [30/Jun/2024:00:04:42 +0200] "GET /ticket2/opencms/en/venue/?venueid=86C22CE0-18B6-865E-E69F-CE6725E2874B HTTP/1.1" 200 71874
135.181.213.220 - - [30/Jun/2024:00:04:43 +0200] "GET /ticket2/opencms/no/buy/?page=1&edid=73C373AD-559D-3A84-A00F-BA6DC314DEF9&sortorder=asc&column=section HTTP/1.1" 200 88951
47.128.21.12 - - [30/Jun/2024:00:04:43 +0200] "GET /ticket2/opencms/system/modules/com.gridnine.opencms.ticketbrokerage.site/resources/pics/logo-new.png HTTP/1.1" 200 13541
47.128.21.12 - - [30/Jun/2024:00:04:44 +0200] "GET /ticket2/opencms/venue/Presenkort.jpg HTTP/1.1" 200 106039
47.128.21.12 - - [30/Jun/2024:00:04:44 +0200] "GET /ticket2/opencms/system/modules/com.gridnine.opencms.ticketbrokerage.site/resources/pics/bank_2_handelsbanken.png HTTP/1.1" 200 4509
47.128.21.12 - - [30/Jun/2024:00:04:44 +0200] "GET /ticket2/opencms/system/modules/com.gridnine.opencms.ticketbrokerage.site/resources/pics/bank_3_swedbank.png HTTP/1.1" 200 5740
47.128.21.12 - - [30/Jun/2024:00:04:44 +0200] "GET /ticket2/opencms/system/modules/com.gridnine.opencms.ticketbrokerage.site/resources/pics/bank_1_nordea.png HTTP/1.1" 200 4807
47.128.21.12 - - [30/Jun/2024:00:04:44 +0200] "GET /ticket2/opencms/system/modules/com.gridnine.opencms.ticketbrokerage.site/resources/pics/bank_4_seb.png HTTP/1.1" 200 2487
47.128.21.12 - - [30/Jun/2024:00:04:44 +0200] "GET /ticket2/opencms/system/modules/com.gridnine.opencms.ticketbrokerage.site/resources/pics/bank_5_visa_mastercard.png HTTP/1.1" 200 8196
47.128.21.12 - - [30/Jun/2024:00:04:45 +0200] "GET /ticket2/opencms/system/modules/com.gridnine.opencms.ticketbrokerage.site/resources/pics/bank_6_american_express.png HTTP/1.1" 200 5570
135.181.213.220 - - [30/Jun/2024:00:04:46 +0200] "GET /ticket2/opencms/no/buy/?page=1&edid=73C373AD-559D-3A84-A00F-BA6DC314DEF9&sortorder=desc&column=price HTTP/1.1" 200 88950
94.23.203.202 - - [30/Jun/2024:00:04:48 +0200] "GET /ticket2/opencms/de/fi/buy/?comcatid=A17713B6-D984-201A-4143-ED4DB5ED5C2E&catid=21C3854B-901E-11F9-7B7D-6838CC6AFAA4 HTTP/1.1" 404 -
135.181.213.220 - - [30/Jun/2024:00:04:50 +0200] "GET /ticket2/opencms/no/buy/?page=1&edid=7401E449-5F42-A0A3-909B-A3DA89BF541A&sortorder=asc&column=section HTTP/1.1" 200 88531
135.181.213.220 - - [30/Jun/2024:00:04:53 +0200] "GET /ticket2/opencms/no/buy/?page=1&edid=7401E449-5F42-A0A3-909B-A3DA89BF541A&sortorder=desc&column=price HTTP/1.1" 200 88530
135.181.213.220 - - [30/Jun/2024:00:04:56 +0200] "GET /ticket2/opencms/no/buy/?page=1&edid=7401E449-5F42-A0A3-909B-A3DA89BF541A&sortorder=desc&column=section HTTP/1.1" 200 88530
135.181.213.220 - - [30/Jun/2024:00:04:59 +0200] "GET /ticket2/opencms/no/buy/?page=1&edid=74131A78-3ACC-99E6-1155-5093F043A0B8 HTTP/1.1" 200 89646
135.181.213.220 - - [30/Jun/2024:00:05:03 +0200] "GET /ticket2/opencms/no/buy/?page=1&edid=74131A78-3ACC-99E6-1155-5093F043A0B8&sortorder=desc&column=price HTTP/1.1" 200 89681
31.13.103.10 - - [30/Jun/2024:00:05:04 +0200] "GET /ticket2/opencms/system/modules/com.gridnine.opencms.ticketbrokerage.site/resources/pics/right_side_bar/nl/bank_logo_left_nl.png HTTP/1.1" 200 20193
94.23.203.202 - - [30/Jun/2024:00:05:06 +0200] "GET /ticket2/opencms/de/fi/buy/?comcatid=A17713B6-D984-201A-4143-ED4DB5ED5C2E&catid=24AC1CA6-1C09-0BE5-C04A-9DCCDB15D5E9 HTTP/1.1" 404 -
135.181.213.220 - - [30/Jun/2024:00:05:06 +0200] "GET /ticket2/opencms/no/buy/?page=1&edid=74131A78-3ACC-99E6-1155-5093F043A0B8&sortorder=desc&column=row HTTP/1.1" 200 89681
47.128.98.164 - - [30/Jun/2024:00:05:09 +0200] "GET /ticket2/opencms/fi/venue/?countryid=9DB285C0-D137-5036-05BF-ABB4B196F392 HTTP/1.1" 200 102969
135.181.213.220 - - [30/Jun/2024:00:05:09 +0200] "GET /ticket2/opencms/no/buy/?page=1&edid=74A57CFE-A85C-345D-E9F7-0AF79537083B HTTP/1.1" 200 88899
47.128.98.164 - - [30/Jun/2024:00:05:10 +0200] "GET /ticket2/opencms/system/modules/com.gridnine.opencms.ticketbrokerage.site/resources/pics/logo-new.png HTTP/1.1" 200 13541
47.128.98.164 - - [30/Jun/2024:00:05:10 +0200] "GET /ticket2/opencms/system/modules/com.gridnine.opencms.ticketbrokerage.site/resources/pics/bank_1_nordea.png HTTP/1.1" 200 4807
47.128.98.164 - - [30/Jun/2024:00:05:10 +0200] "GET /ticket2/opencms/system/modules/com.gridnine.opencms.ticketbrokerage.site/resources/pics/bank_3_swedbank.png HTTP/1.1" 200 5740
47.128.98.164 - - [30/Jun/2024:00:05:11 +0200] "GET /ticket2/opencms/system/modules/com.gridnine.opencms.ticketbrokerage.site/resources/pics/bank_2_handelsbanken.png HTTP/1.1" 200 4509
47.128.98.164 - - [30/Jun/2024:00:05:11 +0200] "GET /ticket2/opencms/system/modules/com.gridnine.opencms.ticketbrokerage.site/resources/pics/bank_4_seb.png HTTP/1.1" 200 2487
47.128.98.164 - - [30/Jun/2024:00:05:11 +0200] "GET /ticket2/opencms/system/modules/com.gridnine.opencms.ticketbrokerage.site/resources/pics/bank_5_visa_mastercard.png HTTP/1.1" 200 8196
47.128.98.164 - - [30/Jun/2024:00:05:11 +0200] "GET /ticket2/opencms/system/modules/com.gridnine.opencms.ticketbrokerage.site/resources/pics/bank_6_american_express.png HTTP/1.1" 200 5570
135.181.213.220 - - [30/Jun/2024:00:05:13 +0200] "GET /ticket2/opencms/no/buy/?page=1&edid=74A57CFE-A85C-345D-E9F7-0AF79537083B&sortorder=desc&column=price HTTP/1.1" 200 88934
135.181.213.220 - - [30/Jun/2024:00:05:16 +0200] "GET /ticket2/opencms/no/buy/?page=1&edid=74A57CFE-A85C-345D-E9F7-0AF79537083B&sortorder=desc&column=row HTTP/1.1" 200 88934
94.23.203.202 - - [30/Jun/2024:00:05:19 +0200] "GET /ticket2/opencms/de/fi/buy/?comcatid=A17713B6-D984-201A-4143-ED4DB5ED5C2E&catid=2DE12DDA-A5FB-C1C6-CB20-FBF873FB032B HTTP/1.1" 404 -
135.181.213.220 - - [30/Jun/2024:00:05:19 +0200] "GET /ticket2/opencms/no/buy/?page=1&edid=74A57CFE-A85C-345D-E9F7-0AF79537083B&sortorder=desc&column=section HTTP/1.1" 200 88934
135.181.213.220 - - [30/Jun/2024:00:05:23 +0200] "GET /ticket2/opencms/sv/buy/?page=1&edid=0E6A79B9-CFE2-795E-3105-46DDF635E5DC&sortorder=asc&column=price HTTP/1.1" 200 88380
135.181.213.220 - - [30/Jun/2024:00:05:26 +0200] "GET /ticket2/opencms/sv/buy/?page=1&edid=3B2EB834-74FD-F65E-9FB4-62BB32E5DD90&sortorder=asc&column=price HTTP/1.1" 200 87996
135.181.213.220 - - [30/Jun/2024:00:05:29 +0200] "GET /ticket2/opencms/sv/buy/?page=1&edid=3B7ABFED-CCD4-8F1F-8F8D-A476A0A381CC HTTP/1.1" 200 88584
47.128.21.140 - - [30/Jun/2024:00:05:31 +0200] "GET /ticket2/opencms/fi/venue/?countryid=9DB285C0-D137-5036-05BF-ABB4B196F392 HTTP/1.1" 200 102969
47.128.21.140 - - [30/Jun/2024:00:05:32 +0200] "GET /ticket2/opencms/system/modules/com.gridnine.opencms.ticketbrokerage.site/resources/pics/logo-new.png HTTP/1.1" 200 13541
47.128.21.140 - - [30/Jun/2024:00:05:32 +0200] "GET /ticket2/opencms/system/modules/com.gridnine.opencms.ticketbrokerage.site/resources/pics/bank_1_nordea.png HTTP/1.1" 200 4807
135.181.213.220 - - [30/Jun/2024:00:05:33 +0200] "GET /ticket2/opencms/sv/buy/?page=1&edid=3BF089D2-CA6A-D5BF-ED58-5522099ECEE1&sortorder=asc&column=price HTTP/1.1" 200 88185
47.128.21.140 - - [30/Jun/2024:00:05:33 +0200] "GET /ticket2/opencms/system/modules/com.gridnine.opencms.ticketbrokerage.site/resources/pics/bank_6_american_express.png HTTP/1.1" 200 5570
47.128.21.140 - - [30/Jun/2024:00:05:33 +0200] "GET /ticket2/opencms/system/modules/com.gridnine.opencms.ticketbrokerage.site/resources/pics/bank_2_handelsbanken.png HTTP/1.1" 200 4509
47.128.21.140 - - [30/Jun/2024:00:05:33 +0200] "GET /ticket2/opencms/system/modules/com.gridnine.opencms.ticketbrokerage.site/resources/pics/bank_3_swedbank.png HTTP/1.1" 200 5740
47.128.21.140 - - [30/Jun/2024:00:05:33 +0200] "GET /ticket2/opencms/system/modules/com.gridnine.opencms.ticketbrokerage.site/resources/pics/bank_4_seb.png HTTP/1.1" 200 2487
47.128.21.140 - - [30/Jun/2024:00:05:33 +0200] "GET /ticket2/opencms/system/modules/com.gridnine.opencms.ticketbrokerage.site/resources/pics/bank_5_visa_mastercard.png HTTP/1.1" 200 8196
66.249.66.69 - - [30/Jun/2024:00:05:35 +0200] "GET /ticket2/opencms/fi/ HTTP/1.1" 200 92805
94.23.203.202 - - [30/Jun/2024:00:05:36 +0200] "GET /ticket2/opencms/de/fi/buy/?comcatid=A17713B6-D984-201A-4143-ED4DB5ED5C2E&catid=2FC3D548-EAF9-1354-0CD2-7D7619DA2334 HTTP/1.1" 404 -
85.208.96.208 - - [30/Jun/2024:00:05:36 +0200] "GET /ticket2/opencms/nl/sport/voetbal-tickets/bundesliga/mainz/ HTTP/1.1" 200 72613
135.181.213.220 - - [30/Jun/2024:00:05:36 +0200] "GET /ticket2/opencms/sv/buy/?page=1&edid=3BF089D2-CA6A-D5BF-ED58-5522099ECEE1&sortorder=asc&column=row HTTP/1.1" 200 88185
52.167.144.195 - - [30/Jun/2024:00:05:38 +0200] "GET /ticket2/opencms/en/venue/?venueid=6C55D1E9-72F5-889C-F1F5-1AEF3FBCF763 HTTP/1.1" 200 71332
52.167.144.195 - - [30/Jun/2024:00:05:38 +0200] "GET /ticket2/opencms/sites/ticketbrokerage/sv/sport/fotbollsbiljetter/la_liga/real_madrid/ HTTP/1.1" 404 -
135.181.213.220 - - [30/Jun/2024:00:05:39 +0200] "GET /ticket2/opencms/sv/buy/?page=1&edid=3BF089D2-CA6A-D5BF-ED58-5522099ECEE1&sortorder=desc&column=price HTTP/1.1" 200 88184
135.181.213.220 - - [30/Jun/2024:00:05:43 +0200] "GET /ticket2/opencms/sv/buy/?page=1&edid=3BF089D2-CA6A-D5BF-ED58-5522099ECEE1&sortorder=desc&column=row HTTP/1.1" 200 88184
135.181.213.220 - - [30/Jun/2024:00:05:46 +0200] "GET /ticket2/opencms/sv/buy/?page=1&edid=3BF84162-7DAE-562C-A4D1-16310EB68CA0 HTTP/1.1" 200 89020
135.181.213.220 - - [30/Jun/2024:00:05:50 +0200] "GET /ticket2/opencms/sv/buy/?page=1&edid=3C13F1FD-29EE-4E4B-1DE9-B1BC691B594F HTTP/1.1" 200 87952
47.128.45.9 - - [30/Jun/2024:00:05:50 +0200] "GET /ticket2/opencms/no/buy/?catid=0A6C99D2-F5BD-7A18-9A5F-5668827042E0&comcatid=A17713B6-D984-201A-4143-ED4DB5ED5C2E&eventid=AE8A6CAA-9529-DB54-69E5-B3169B36CD6E&page=7 HTTP/1.1" 200 94907
47.128.45.9 - - [30/Jun/2024:00:05:51 +0200] "GET /ticket2/opencms/system/modules/com.gridnine.opencms.ticketbrokerage.site/resources/pics/logo-new.png HTTP/1.1" 200 13541
47.128.45.9 - - [30/Jun/2024:00:05:51 +0200] "GET /ticket2/opencms/system/modules/com.gridnine.opencms.ticketbrokerage.site/resources/pics/bank_5_visa_mastercard.png HTTP/1.1" 200 8196
47.128.45.9 - - [30/Jun/2024:00:05:52 +0200] "GET /ticket2/opencms/system/modules/com.gridnine.opencms.ticketbrokerage.site/resources/pics/bank_1_nordea.png HTTP/1.1" 200 4807
47.128.45.9 - - [30/Jun/2024:00:05:52 +0200] "GET /ticket2/opencms/system/modules/com.gridnine.opencms.ticketbrokerage.site/resources/pics/bank_4_seb.png HTTP/1.1" 200 2487
47.128.45.9 - - [30/Jun/2024:00:05:52 +0200] "GET /ticket2/opencms/system/modules/com.gridnine.opencms.ticketbrokerage.site/resources/pics/bank_2_handelsbanken.png HTTP/1.1" 200 4509
47.128.45.9 - - [30/Jun/2024:00:05:52 +0200] "GET /ticket2/opencms/system/modules/com.gridnine.opencms.ticketbrokerage.site/resources/pics/bank_3_swedbank.png HTTP/1.1" 200 5740
47.128.45.9 - - [30/Jun/2024:00:05:52 +0200] "GET /ticket2/opencms/system/modules/com.gridnine.opencms.ticketbrokerage.site/resources/pics/bank_6_american_express.png HTTP/1.1" 200 5570
135.181.213.220 - - [30/Jun/2024:00:05:53 +0200] "GET /ticket2/opencms/sv/buy/?page=1&edid=3EB861B6-E18E-9E71-7780-7E9C719C08F8&sortorder=asc&column=row HTTP/1.1" 200 87753
216.245.221.83 - - [30/Jun/2024:00:05:53 +0200] "HEAD /ticket2/opencms/ HTTP/1.1" 302 -
94.23.203.202 - - [30/Jun/2024:00:05:55 +0200] "GET /ticket2/opencms/de/fi/buy/?comcatid=A17713B6-D984-201A-4143-ED4DB5ED5C2E&catid=36394212-F82E-F845-399B-42BED55969CC HTTP/1.1" 404 -
47.128.21.124 - - [30/Jun/2024:00:05:56 +0200] "GET /ticket2/opencms/fi/venue/?countryid=FFFF1061-F0B1-C4E6-4E92-B35C1210D71D HTTP/1.1" 200 102292
135.181.213.220 - - [30/Jun/2024:00:05:56 +0200] "GET /ticket2/opencms/sv/buy/?page=1&edid=3EB861B6-E18E-9E71-7780-7E9C719C08F8&sortorder=asc&column=section HTTP/1.1" 200 87753
216.245.221.83 - - [30/Jun/2024:00:05:56 +0200] "HEAD /ticket2/opencms/en/ HTTP/1.1" 200 -
47.128.21.124 - - [30/Jun/2024:00:05:57 +0200] "GET /ticket2/opencms/system/modules/com.gridnine.opencms.ticketbrokerage.site/resources/pics/logo-new.png HTTP/1.1" 200 13541
47.128.21.124 - - [30/Jun/2024:00:05:57 +0200] "GET /ticket2/opencms/system/modules/com.gridnine.opencms.ticketbrokerage.site/resources/pics/bank_4_seb.png HTTP/1.1" 200 2487
47.128.21.124 - - [30/Jun/2024:00:05:58 +0200] "GET /ticket2/opencms/system/modules/com.gridnine.opencms.ticketbrokerage.site/resources/pics/bank_1_nordea.png HTTP/1.1" 200 4807
47.128.21.124 - - [30/Jun/2024:00:05:58 +0200] "GET /ticket2/opencms/system/modules/com.gridnine.opencms.ticketbrokerage.site/resources/pics/bank_3_swedbank.png HTTP/1.1" 200 5740
47.128.21.124 - - [30/Jun/2024:00:05:58 +0200] "GET /ticket2/opencms/system/modules/com.gridnine.opencms.ticketbrokerage.site/resources/pics/bank_5_visa_mastercard.png HTTP/1.1" 200 8196
47.128.21.124 - - [30/Jun/2024:00:05:58 +0200] "GET /ticket2/opencms/system/modules/com.gridnine.opencms.ticketbrokerage.site/resources/pics/bank_2_handelsbanken.png HTTP/1.1" 200 4509
47.128.21.124 - - [30/Jun/2024:00:05:58 +0200] "GET /ticket2/opencms/system/modules/com.gridnine.opencms.ticketbrokerage.site/resources/pics/bank_6_american_express.png HTTP/1.1" 200 5570
135.181.213.220 - - [30/Jun/2024:00:06:00 +0200] "GET /ticket2/opencms/sv/buy/?page=1&edid=3F2C8D5E-7438-2D70-0996-42F9CB6F4E20&sortorder=asc&column=price HTTP/1.1" 200 89149
135.181.213.220 - - [30/Jun/2024:00:06:03 +0200] "GET /ticket2/opencms/sv/buy/?page=1&edid=3F2C8D5E-7438-2D70-0996-42F9CB6F4E20&sortorder=asc&column=row HTTP/1.1" 200 89149
135.181.213.220 - - [30/Jun/2024:00:06:07 +0200] "GET /ticket2/opencms/sv/buy/?page=1&edid=3F2C8D5E-7438-2D70-0996-42F9CB6F4E20&sortorder=asc&column=section HTTP/1.1" 200 89149
135.181.213.220 - - [30/Jun/2024:00:06:10 +0200] "GET /ticket2/opencms/sv/buy/?page=1&edid=3F3A734D-4382-40A1-90C1-DDCABA9E878B&sortorder=asc&column=price HTTP/1.1" 200 88828
75.119.148.39 - - [30/Jun/2024:00:06:11 +0200] "GET /ticket2/opencms/robots.txt HTTP/1.1" 200 773
135.181.213.220 - - [30/Jun/2024:00:06:13 +0200] "GET /ticket2/opencms/sv/buy/?page=1&edid=3F3A734D-4382-40A1-90C1-DDCABA9E878B&sortorder=asc&column=row HTTP/1.1" 200 88828
135.181.213.220 - - [30/Jun/2024:00:06:16 +0200] "GET /ticket2/opencms/sv/buy/?page=1&edid=3F3A734D-4382-40A1-90C1-DDCABA9E878B&sortorder=asc&column=section HTTP/1.1" 200 88828
94.23.203.202 - - [30/Jun/2024:00:06:20 +0200] "GET /ticket2/opencms/de/fi/buy/?comcatid=A17713B6-D984-201A-4143-ED4DB5ED5C2E&catid=3A7AEA37-903D-9533-4B33-21B0001FF1D1 HTTP/1.1" 404 -
135.181.213.220 - - [30/Jun/2024:00:06:20 +0200] "GET /ticket2/opencms/sv/buy/?page=1&edid=3F822738-BD55-10B1-3185-42149CD278B9&sortorder=asc&column=price HTTP/1.1" 200 87553
47.128.27.16 - - [30/Jun/2024:00:06:22 +0200] "GET /ticket2/opencms/fi/venue/?countryid=86F93FF6-B3C2-4693-7679-0BD214A3D804 HTTP/1.1" 200 102292
47.128.27.16 - - [30/Jun/2024:00:06:23 +0200] "GET /ticket2/opencms/system/modules/com.gridnine.opencms.ticketbrokerage.site/resources/pics/logo-new.png HTTP/1.1" 200 13541
135.181.213.220 - - [30/Jun/2024:00:06:23 +0200] "GET /ticket2/opencms/sv/buy/?page=1&edid=3F822738-BD55-10B1-3185-42149CD278B9&sortorder=asc&column=row HTTP/1.1" 200 87553
47.128.27.16 - - [30/Jun/2024:00:06:23 +0200] "GET /ticket2/opencms/system/modules/com.gridnine.opencms.ticketbrokerage.site/resources/pics/bank_3_swedbank.png HTTP/1.1" 200 5740
47.128.27.16 - - [30/Jun/2024:00:06:23 +0200] "GET /ticket2/opencms/system/modules/com.gridnine.opencms.ticketbrokerage.site/resources/pics/bank_5_visa_mastercard.png HTTP/1.1" 200 8196
47.128.27.16 - - [30/Jun/2024:00:06:24 +0200] "GET /ticket2/opencms/system/modules/com.gridnine.opencms.ticketbrokerage.site/resources/pics/bank_1_nordea.png HTTP/1.1" 200 4807
47.128.27.16 - - [30/Jun/2024:00:06:24 +0200] "GET /ticket2/opencms/system/modules/com.gridnine.opencms.ticketbrokerage.site/resources/pics/bank_2_handelsbanken.png HTTP/1.1" 200 4509
47.128.27.16 - - [30/Jun/2024:00:06:24 +0200] "GET /ticket2/opencms/system/modules/com.gridnine.opencms.ticketbrokerage.site/resources/pics/bank_4_seb.png HTTP/1.1" 200 2487
47.128.27.16 - - [30/Jun/2024:00:06:24 +0200] "GET /ticket2/opencms/system/modules/com.gridnine.opencms.ticketbrokerage.site/resources/pics/bank_6_american_express.png HTTP/1.1" 200 5570
135.181.213.220 - - [30/Jun/2024:00:06:26 +0200] "GET /ticket2/opencms/sv/buy/?page=1&edid=3F822738-BD55-10B1-3185-42149CD278B9&sortorder=asc&column=section HTTP/1.1" 200 87553
135.181.213.220 - - [30/Jun/2024:00:06:30 +0200] "GET /ticket2/opencms/sv/buy/?page=1&edid=3F822738-BD55-10B1-3185-42149CD278B9&sortorder=desc&column=section HTTP/1.1" 200 87552
135.181.213.220 - - [30/Jun/2024:00:06:33 +0200] "GET /ticket2/opencms/sv/buy/?page=1&edid=3FBB7D7B-D75F-7C1C-78F5-08C145E9FDB1&sortorder=asc&column=row HTTP/1.1" 200 87505
62.242.173.100 - - [30/Jun/2024:00:06:36 +0200] "GET /ticket2/opencms/dk/buy/?page=1&edid=C4255DAE-8656-0515-8D62-126F9C05AB9D HTTP/1.1" 200 89036
66.249.76.170 - - [30/Jun/2024:00:06:36 +0200] "GET /ticket2/opencms/de/robots.txt HTTP/1.1" 404 -
66.249.66.67 - - [30/Jun/2024:00:06:36 +0200] "GET /ticket2/opencms/sv/sport/fotbollsbiljetter/premier_league/aston_villa/newcastle-united.html HTTP/1.1" 200 85170
135.181.213.220 - - [30/Jun/2024:00:06:36 +0200] "GET /ticket2/opencms/sv/buy/?page=1&edid=3FBB7D7B-D75F-7C1C-78F5-08C145E9FDB1&sortorder=asc&column=section HTTP/1.1" 200 87505
66.249.76.160 - - [30/Jun/2024:00:06:39 +0200] "GET /ticket2/opencms/de/sv/sport/fotbollsbiljetter/premier_league/west_ham_united/ HTTP/1.1" 404 -
135.181.213.220 - - [30/Jun/2024:00:06:40 +0200] "GET /ticket2/opencms/sv/buy/?page=1&edid=3FC2B591-D536-D1BB-E60B-6C053ECAFC38&sortorder=asc&column=row HTTP/1.1" 200 87758
94.23.203.202 - - [30/Jun/2024:00:06:43 +0200] "GET /ticket2/opencms/de/fi/buy/?comcatid=A17713B6-D984-201A-4143-ED4DB5ED5C2E&catid=3B549160-8B9C-E872-44A9-20FEA86B30E8 HTTP/1.1" 404 -
135.181.213.220 - - [30/Jun/2024:00:06:43 +0200] "GET /ticket2/opencms/sv/buy/?page=1&edid=3FC2B591-D536-D1BB-E60B-6C053ECAFC38&sortorder=asc&column=section HTTP/1.1" 200 87758
47.128.114.254 - - [30/Jun/2024:00:06:46 +0200] "GET /ticket2/opencms/fi/venue/?countryid=666C887D-F998-338F-2ABE-16022B884D9D HTTP/1.1" 200 102292
135.181.213.220 - - [30/Jun/2024:00:06:47 +0200] "GET /ticket2/opencms/sv/buy/?page=1&edid=3FC2B591-D536-D1BB-E60B-6C053ECAFC38&sortorder=desc&column=section HTTP/1.1" 200 87757
47.128.114.254 - - [30/Jun/2024:00:06:47 +0200] "GET /ticket2/opencms/system/modules/com.gridnine.opencms.ticketbrokerage.site/resources/pics/logo-new.png HTTP/1.1" 200 13541
47.128.114.254 - - [30/Jun/2024:00:06:47 +0200] "GET /ticket2/opencms/system/modules/com.gridnine.opencms.ticketbrokerage.site/resources/pics/bank_1_nordea.png HTTP/1.1" 200 4807
47.128.114.254 - - [30/Jun/2024:00:06:47 +0200] "GET /ticket2/opencms/system/modules/com.gridnine.opencms.ticketbrokerage.site/resources/pics/bank_3_swedbank.png HTTP/1.1" 200 5740
47.128.114.254 - - [30/Jun/2024:00:06:48 +0200] "GET /ticket2/opencms/system/modules/com.gridnine.opencms.ticketbrokerage.site/resources/pics/bank_2_handelsbanken.png HTTP/1.1" 200 4509
47.128.114.254 - - [30/Jun/2024:00:06:48 +0200] "GET /ticket2/opencms/system/modules/com.gridnine.opencms.ticketbrokerage.site/resources/pics/bank_5_visa_mastercard.png HTTP/1.1" 200 8196
47.128.114.254 - - [30/Jun/2024:00:06:48 +0200] "GET /ticket2/opencms/system/modules/com.gridnine.opencms.ticketbrokerage.site/resources/pics/bank_4_seb.png HTTP/1.1" 200 2487
47.128.114.254 - - [30/Jun/2024:00:06:48 +0200] "GET /ticket2/opencms/system/modules/com.gridnine.opencms.ticketbrokerage.site/resources/pics/bank_6_american_express.png HTTP/1.1" 200 5570
135.181.213.220 - - [30/Jun/2024:00:06:50 +0200] "GET /ticket2/opencms/sv/buy/?page=1&edid=3FF858CF-7356-7395-9E59-43541CB37D87&sortorder=asc&column=price HTTP/1.1" 200 88809
40.77.167.50 - - [30/Jun/2024:00:06:52 +0200] "GET /ticket2/opencms/sv/venue/?venueid=553A4378-FAB0-EA80-47F6-4E559997BA49 HTTP/1.1" 200 72191
135.181.213.220 - - [30/Jun/2024:00:06:53 +0200] "GET /ticket2/opencms/sv/buy/?page=1&edid=3FF858CF-7356-7395-9E59-43541CB37D87&sortorder=asc&column=row HTTP/1.1" 200 88809
135.181.213.220 - - [30/Jun/2024:00:06:57 +0200] "GET /ticket2/opencms/sv/buy/?page=1&edid=3FF858CF-7356-7395-9E59-43541CB37D87&sortorder=asc&column=section HTTP/1.1" 200 88809
135.181.213.220 - - [30/Jun/2024:00:07:00 +0200] "GET /ticket2/opencms/sv/buy/?page=1&edid=401CD235-D1EE-5A91-A749-CF58F670CF2A HTTP/1.1" 200 89100
94.23.203.202 - - [30/Jun/2024:00:07:01 +0200] "GET /ticket2/opencms/de/fi/buy/?comcatid=A17713B6-D984-201A-4143-ED4DB5ED5C2E&catid=42C82D82-D02A-8562-E55C-48ADB3771882 HTTP/1.1" 404 -
135.181.213.220 - - [30/Jun/2024:00:07:03 +0200] "GET /ticket2/opencms/sv/buy/?page=1&edid=40274787-4880-2FAF-9245-ACEA41C493B4&sortorder=asc&column=price HTTP/1.1" 200 87504
135.181.213.220 - - [30/Jun/2024:00:07:07 +0200] "GET /ticket2/opencms/sv/buy/?page=1&edid=40274787-4880-2FAF-9245-ACEA41C493B4&sortorder=asc&column=row HTTP/1.1" 200 87504
47.128.114.207 - - [30/Jun/2024:00:07:09 +0200] "GET /ticket2/opencms/no/buy/?catid=08F27F2A-1872-A39F-A97C-63093E77B18A&comcatid=A17713B6-D984-201A-4143-ED4DB5ED5C2E&page=6 HTTP/1.1" 200 83601
135.181.213.220 - - [30/Jun/2024:00:07:10 +0200] "GET /ticket2/opencms/sv/buy/?page=1&edid=40274787-4880-2FAF-9245-ACEA41C493B4&sortorder=asc&column=section HTTP/1.1" 200 87504
47.128.114.207 - - [30/Jun/2024:00:07:10 +0200] "GET /ticket2/opencms/system/modules/com.gridnine.opencms.ticketbrokerage.site/resources/pics/logo-new.png HTTP/1.1" 200 13541
47.128.114.207 - - [30/Jun/2024:00:07:10 +0200] "GET /ticket2/opencms/system/modules/com.gridnine.opencms.ticketbrokerage.site/resources/pics/bank_1_nordea.png HTTP/1.1" 200 4807
47.128.114.207 - - [30/Jun/2024:00:07:11 +0200] "GET /ticket2/opencms/system/modules/com.gridnine.opencms.ticketbrokerage.site/resources/pics/bank_4_seb.png HTTP/1.1" 200 2487
47.128.114.207 - - [30/Jun/2024:00:07:11 +0200] "GET /ticket2/opencms/system/modules/com.gridnine.opencms.ticketbrokerage.site/resources/pics/bank_6_american_express.png HTTP/1.1" 200 5570
47.128.114.207 - - [30/Jun/2024:00:07:11 +0200] "GET /ticket2/opencms/system/modules/com.gridnine.opencms.ticketbrokerage.site/resources/pics/bank_3_swedbank.png HTTP/1.1" 200 5740
47.128.114.207 - - [30/Jun/2024:00:07:11 +0200] "GET /ticket2/opencms/system/modules/com.gridnine.opencms.ticketbrokerage.site/resources/pics/bank_2_handelsbanken.png HTTP/1.1" 200 4509
47.128.114.207 - - [30/Jun/2024:00:07:11 +0200] "GET /ticket2/opencms/system/modules/com.gridnine.opencms.ticketbrokerage.site/resources/pics/bank_5_visa_mastercard.png HTTP/1.1" 200 8196
40.77.167.8 - - [30/Jun/2024:00:07:12 +0200] "GET /ticket2/opencms/en/venue/?venueid=D1E3D72D-8E07-9A29-868C-678E69048B2D HTTP/1.1" 200 71359
135.181.213.220 - - [30/Jun/2024:00:07:13 +0200] "GET /ticket2/opencms/sv/buy/?page=1&edid=40B70B22-910C-2CEB-BC32-2263AEA98A84&sortorder=asc&column=price HTTP/1.1" 200 89313
216.245.221.83 - - [30/Jun/2024:00:07:13 +0200] "HEAD /ticket2/opencms/ HTTP/1.1" 302 -
216.245.221.83 - - [30/Jun/2024:00:07:14 +0200] "HEAD /ticket2/opencms/en/ HTTP/1.1" 200 -
135.181.213.220 - - [30/Jun/2024:00:07:16 +0200] "GET /ticket2/opencms/sv/buy/?page=1&edid=40B70B22-910C-2CEB-BC32-2263AEA98A84&sortorder=asc&column=row HTTP/1.1" 200 89313
135.181.213.220 - - [30/Jun/2024:00:07:20 +0200] "GET /ticket2/opencms/sv/buy/?page=1&edid=40B70B22-910C-2CEB-BC32-2263AEA98A84&sortorder=asc&column=section HTTP/1.1" 200 89313
94.23.203.202 - - [30/Jun/2024:00:07:21 +0200] "GET /ticket2/opencms/de/fi/buy/?comcatid=A17713B6-D984-201A-4143-ED4DB5ED5C2E&catid=4B941E1B-E4E2-C53E-C693-9FA91BBA9AD5 HTTP/1.1" 404 -
135.181.213.220 - - [30/Jun/2024:00:07:23 +0200] "GET /ticket2/opencms/sv/buy/?page=1&edid=41044044-C5F8-F8C2-1991-FDE42C24C5E5&sortorder=asc&column=price HTTP/1.1" 200 89315
135.181.213.220 - - [30/Jun/2024:00:07:26 +0200] "GET /ticket2/opencms/sv/buy/?page=1&edid=4105D8CD-D088-4DA8-FE5F-C7AF0BF13DEB&sortorder=asc&column=price HTTP/1.1" 200 88079
135.181.213.220 - - [30/Jun/2024:00:07:29 +0200] "GET /ticket2/opencms/sv/buy/?page=1&edid=4105D8CD-D088-4DA8-FE5F-C7AF0BF13DEB&sortorder=asc&column=row HTTP/1.1" 200 88079
66.249.66.68 - - [30/Jun/2024:00:07:31 +0200] "GET /ticket2/opencms/venue/san_siro.jpg HTTP/1.1" 200 61662
135.181.213.220 - - [30/Jun/2024:00:07:33 +0200] "GET /ticket2/opencms/sv/buy/?page=1&edid=4105D8CD-D088-4DA8-FE5F-C7AF0BF13DEB&sortorder=asc&column=section HTTP/1.1" 200 88079
47.128.38.146 - - [30/Jun/2024:00:07:34 +0200] "GET /ticket2/opencms/fi/buy/?eventid=27C48719-FB8D-3D59-B591-23B80D444E25&page=10&venueid=678131D6-267B-A67E-3FCF-710EEFB21484 HTTP/1.1" 200 74404
47.128.38.146 - - [30/Jun/2024:00:07:35 +0200] "GET /ticket2/opencms/system/modules/com.gridnine.opencms.ticketbrokerage.site/resources/pics/logo-new.png HTTP/1.1" 200 13541
94.23.203.202 - - [30/Jun/2024:00:07:35 +0200] "GET /ticket2/opencms/de/fi/buy/?comcatid=A17713B6-D984-201A-4143-ED4DB5ED5C2E&catid=515A9A29-35A0-2DB8-262B-AEF122DB04F6 HTTP/1.1" 404 -
47.128.38.146 - - [30/Jun/2024:00:07:36 +0200] "GET /ticket2/opencms/system/modules/com.gridnine.opencms.ticketbrokerage.site/resources/pics/bank_3_swedbank.png HTTP/1.1" 200 5740
47.128.38.146 - - [30/Jun/2024:00:07:36 +0200] "GET /ticket2/opencms/system/modules/com.gridnine.opencms.ticketbrokerage.site/resources/pics/bank_5_visa_mastercard.png HTTP/1.1" 200 8196
47.128.38.146 - - [30/Jun/2024:00:07:36 +0200] "GET /ticket2/opencms/system/modules/com.gridnine.opencms.ticketbrokerage.site/resources/pics/bank_1_nordea.png HTTP/1.1" 200 4807
47.128.38.146 - - [30/Jun/2024:00:07:36 +0200] "GET /ticket2/opencms/system/modules/com.gridnine.opencms.ticketbrokerage.site/resources/pics/bank_4_seb.png HTTP/1.1" 200 2487
