192.95.30.177 - - [30/Jun/2024:02:13:40 +0200] "GET /ticket2/opencms/de/fr/buy/?page=1&edid=6569E833-F58F-E565-7CC3-4E596C1015F9 HTTP/1.1" 404 -
192.99.3.137 - - [30/Jun/2024:02:13:41 +0200] "GET /ticket2/opencms/dk/en/buy/?page=1&edid=52B111F0-640E-2ACD-E064-19F4F4D5EF2A&sortorder=desc&column=section HTTP/1.1" 404 -
192.99.7.70 - - [30/Jun/2024:02:13:43 +0200] "GET /ticket2/opencms/dk/dk/buy/?page=1&edid=19102562-E2A2-AF98-F707-B3F5DB2EE4C3&sortorder=desc&column=row HTTP/1.1" 404 -
37.57.218.243 - - [30/Jun/2024:02:13:44 +0200] "GET /ticket2/opencms/se/ru/buy/?page=1&edid=ED305914-B6BB-AB1C-137C-67B416FC2C70 HTTP/1.1" 404 -
158.220.119.234 - - [30/Jun/2024:02:13:45 +0200] "GET /ticket2/opencms/se/ru/buy/?page=1&edid=F541B1AC-9307-5EEA-C033-D65A6B5E9F5B HTTP/1.1" 404 -
192.99.7.70 - - [30/Jun/2024:02:13:46 +0200] "GET /ticket2/opencms/dk/dk/buy/?page=1&edid=1AE621AF-9BA7-1116-2628-94D24047719F&sortorder=asc&column=section HTTP/1.1" 404 -
158.220.124.16 - - [30/Jun/2024:02:13:50 +0200] "GET /ticket2/opencms/se/nl/buy/?page=1&edid=8BAD935F-F36B-61A4-DAE1-9EFCBD1D2742&sortorder=asc&column=price HTTP/1.1" 404 -
192.99.7.70 - - [30/Jun/2024:02:13:51 +0200] "GET /ticket2/opencms/dk/dk/buy/?page=1&edid=20599C7A-7B16-1AE0-93EB-CF44D71F2D6D&sortorder=asc&column=price HTTP/1.1" 404 -
192.95.30.177 - - [30/Jun/2024:02:13:52 +0200] "GET /ticket2/opencms/de/fr/buy/?page=1&edid=6D3255A1-E682-32BF-031C-D984FAE9D38E HTTP/1.1" 404 -
192.99.7.70 - - [30/Jun/2024:02:13:54 +0200] "GET /ticket2/opencms/dk/dk/buy/?page=1&edid=2B1AA646-ADF9-7B55-D435-A8E067CB534F&sortorder=asc&column=row HTTP/1.1" 404 -
66.249.76.1 - - [30/Jun/2024:02:13:56 +0200] "GET /ticket2/opencms/dk/about/press HTTP/1.1" 200 73136
158.220.119.234 - - [30/Jun/2024:02:13:58 +0200] "GET /ticket2/opencms/se/ru/buy/?page=1&edid=F541B1AC-9307-5EEA-C033-D65A6B5E9F5B&sortorder=desc&column=price HTTP/1.1" 404 -
192.99.7.70 - - [30/Jun/2024:02:13:58 +0200] "GET /ticket2/opencms/dk/dk/buy/?page=1&edid=2B2BAFF9-7EEE-97F7-D5EF-F0478D6194BB&sortorder=asc&column=row HTTP/1.1" 404 -
192.99.3.137 - - [30/Jun/2024:02:13:59 +0200] "GET /ticket2/opencms/dk/en/buy/?page=1&edid=53202693-7DA4-5446-E3D3-0719CDDBB705&sortorder=asc&column=section HTTP/1.1" 404 -
192.99.7.70 - - [30/Jun/2024:02:14:02 +0200] "GET /ticket2/opencms/dk/dk/buy/?page=1&edid=2B2BAFF9-7EEE-97F7-D5EF-F0478D6194BB&sortorder=asc&column=section HTTP/1.1" 404 -
192.95.30.177 - - [30/Jun/2024:02:14:02 +0200] "GET /ticket2/opencms/de/fr/buy/?page=1&edid=6F957320-7F2D-3595-C3EF-63F4A1290CC1 HTTP/1.1" 404 -
158.220.124.16 - - [30/Jun/2024:02:14:03 +0200] "GET /ticket2/opencms/se/nl/buy/?page=1&edid=8D0B917F-1714-CEE9-8306-2BA97791725F HTTP/1.1" 404 -
37.57.218.243 - - [30/Jun/2024:02:14:06 +0200] "GET /ticket2/opencms/se/ru/buy/?page=1&edid=ED33D597-6E3E-E2DD-8AD5-FCF9CF97289C HTTP/1.1" 404 -
192.99.7.70 - - [30/Jun/2024:02:14:06 +0200] "GET /ticket2/opencms/dk/dk/buy/?page=1&edid=2BD2D1CE-53E0-73E4-DC0C-ECBA56350583&sortorder=asc&column=price HTTP/1.1" 404 -
158.220.119.234 - - [30/Jun/2024:02:14:09 +0200] "GET /ticket2/opencms/se/ru/buy/?page=1&edid=F541B1AC-9307-5EEA-C033-D65A6B5E9F5B&sortorder=desc&column=section HTTP/1.1" 404 -
192.99.7.70 - - [30/Jun/2024:02:14:10 +0200] "GET /ticket2/opencms/dk/dk/buy/?page=1&edid=2BE97AF2-B777-858C-8CAE-909FD40EDFB3&sortorder=asc&column=section HTTP/1.1" 404 -
192.95.30.177 - - [30/Jun/2024:02:14:13 +0200] "GET /ticket2/opencms/de/fr/buy/?page=1&edid=718C22C8-8C2E-B7BE-339A-55BF525019AD HTTP/1.1" 404 -
192.99.7.70 - - [30/Jun/2024:02:14:14 +0200] "GET /ticket2/opencms/dk/dk/buy/?page=1&edid=2C38A8F3-3FDB-4275-5B70-01B082026DE0&sortorder=asc&column=price HTTP/1.1" 404 -
192.99.3.137 - - [30/Jun/2024:02:14:16 +0200] "GET /ticket2/opencms/dk/en/buy/?page=1&edid=55EEFA62-67EA-E95F-8964-BB35CEC0BB89&sortorder=asc&column=price HTTP/1.1" 404 -
158.220.119.234 - - [30/Jun/2024:02:14:17 +0200] "GET /ticket2/opencms/se/ru/buy/?page=1&edid=F5457626-650E-91F7-8E0A-573DA573BFB0 HTTP/1.1" 404 -
192.99.7.70 - - [30/Jun/2024:02:14:17 +0200] "GET /ticket2/opencms/dk/dk/buy/?page=1&edid=2C38A8F3-3FDB-4275-5B70-01B082026DE0&sortorder=asc&column=row HTTP/1.1" 404 -
20.232.171.173 - - [30/Jun/2024:02:14:17 +0200] "GET /ticket2/opencms/system/modules/com.gridnine.opencms.ticketbrokerage.site/resources/pics/bank_1_nordea.png HTTP/1.1" 200 4807
5.150.206.96 - - [30/Jun/2024:02:14:19 +0200] "GET /ticket2/opencms/sv/sport/fotbollsbiljetter/ HTTP/1.1" 200 77181
5.150.206.96 - - [30/Jun/2024:02:14:19 +0200] "GET /ticket2/opencms/system/modules/com.gridnine.opencms.ticketbrokerage.site/resources/js/jquery/jquery.js HTTP/1.1" 200 93868
5.150.206.96 - - [30/Jun/2024:02:14:19 +0200] "GET /ticket2/opencms/system/modules/com.gridnine.opencms.ticketbrokerage.site/resources/css/ticketbrokerage.css HTTP/1.1" 200 39339
5.150.206.96 - - [30/Jun/2024:02:14:19 +0200] "GET /ticket2/opencms/system/modules/com.gridnine.opencms.ticketbrokerage.site/resources/js/jquery/jquery-ui.js HTTP/1.1" 200 228088
5.150.206.96 - - [30/Jun/2024:02:14:19 +0200] "GET /ticket2/opencms/system/modules/com.gridnine.opencms.ticketbrokerage.site/resources/css/calendar.css HTTP/1.1" 200 6871
5.150.206.96 - - [30/Jun/2024:02:14:19 +0200] "GET /ticket2/opencms/system/modules/com.gridnine.opencms.ticketbrokerage.site/resources/css/jquery-ui.css HTTP/1.1" 200 33221
5.150.206.96 - - [30/Jun/2024:02:14:19 +0200] "GET /ticket2/opencms/system/modules/com.gridnine.opencms.ticketbrokerage.site/resources/css/standard.css HTTP/1.1" 200 71935
5.150.206.96 - - [30/Jun/2024:02:14:19 +0200] "GET /ticket2/opencms/system/modules/com.gridnine.opencms.ticketbrokerage.site/resources/css/jquery.fancybox.css HTTP/1.1" 200 4939
5.150.206.96 - - [30/Jun/2024:02:14:19 +0200] "GET /ticket2/opencms/system/modules/com.gridnine.opencms.ticketbrokerage.site/resources/js/functions.js HTTP/1.1" 200 1583
5.150.206.96 - - [30/Jun/2024:02:14:19 +0200] "GET /ticket2/opencms/system/modules/com.gridnine.opencms.ticketbrokerage.site/resources/js/calendar.js HTTP/1.1" 200 49229
5.150.206.96 - - [30/Jun/2024:02:14:19 +0200] "GET /ticket2/opencms/system/modules/com.gridnine.opencms.ticketbrokerage.site/resources/js/calendar-en.js HTTP/1.1" 200 3338
5.150.206.96 - - [30/Jun/2024:02:14:19 +0200] "GET /ticket2/opencms/system/modules/com.gridnine.opencms.ticketbrokerage.site/resources/js/jquery.fancybox.pack.js HTTP/1.1" 200 23187
5.150.206.96 - - [30/Jun/2024:02:14:19 +0200] "GET /ticket2/opencms/system/modules/com.gridnine.opencms.ticketbrokerage.site/resources/js/calendar-setup.js HTTP/1.1" 200 4923
5.150.206.96 - - [30/Jun/2024:02:14:19 +0200] "GET /ticket2/opencms/system/modules/com.gridnine.opencms.ticketbrokerage.site/resources/js/stickyfill.min.js HTTP/1.1" 200 5672
5.150.206.96 - - [30/Jun/2024:02:14:20 +0200] "GET /ticket2/opencms/system/modules/com.gridnine.opencms.ticketbrokerage.site/resources/js/jquery.placeholder.min.js HTTP/1.1" 200 1737
5.150.206.96 - - [30/Jun/2024:02:14:20 +0200] "GET /ticket2/opencms/system/modules/com.gridnine.opencms.ticketbrokerage.site/resources/js/standard.js HTTP/1.1" 200 3978
5.150.206.96 - - [30/Jun/2024:02:14:20 +0200] "GET /ticket2/opencms/system/modules/com.gridnine.opencms.ticketbrokerage.site/resources/js/common-ajax.js HTTP/1.1" 200 20175
5.150.206.96 - - [30/Jun/2024:02:14:20 +0200] "GET /ticket2/opencms/system/modules/com.gridnine.opencms.ticketbrokerage.site/resources/pics/logo-new.png HTTP/1.1" 200 13541
5.150.206.96 - - [30/Jun/2024:02:14:20 +0200] "GET /ticket2/opencms/img/insta.png HTTP/1.1" 200 3967
5.150.206.96 - - [30/Jun/2024:02:14:20 +0200] "GET /ticket2/opencms/system/modules/com.gridnine.opencms.ticketbrokerage.site/resources/pics/banners/sv/football_sv.png HTTP/1.1" 200 13104
5.150.206.96 - - [30/Jun/2024:02:14:20 +0200] "GET /ticket2/opencms/img/fb.png HTTP/1.1" 200 1269
5.150.206.96 - - [30/Jun/2024:02:14:20 +0200] "GET /ticket2/opencms/system/modules/com.gridnine.opencms.ticketbrokerage.site/resources/pics/bank_1_nordea.png HTTP/1.1" 200 4807
5.150.206.96 - - [30/Jun/2024:02:14:20 +0200] "GET /ticket2/opencms/system/modules/com.gridnine.opencms.ticketbrokerage.site/resources/pics/bank_2_handelsbanken.png HTTP/1.1" 200 4509
5.150.206.96 - - [30/Jun/2024:02:14:20 +0200] "GET /ticket2/opencms/system/modules/com.gridnine.opencms.ticketbrokerage.site/resources/pics/bank_3_swedbank.png HTTP/1.1" 200 5740
5.150.206.96 - - [30/Jun/2024:02:14:20 +0200] "GET /ticket2/opencms/system/modules/com.gridnine.opencms.ticketbrokerage.site/resources/pics/bank_4_seb.png HTTP/1.1" 200 2487
5.150.206.96 - - [30/Jun/2024:02:14:20 +0200] "GET /ticket2/opencms/system/modules/com.gridnine.opencms.ticketbrokerage.site/resources/pics/bank_6_american_express.png HTTP/1.1" 200 5570
5.150.206.96 - - [30/Jun/2024:02:14:20 +0200] "GET /ticket2/opencms/system/modules/com.gridnine.opencms.ticketbrokerage.site/resources/pics/bank_5_visa_mastercard.png HTTP/1.1" 200 8196
5.150.206.96 - - [30/Jun/2024:02:14:20 +0200] "GET /ticket2/opencms/img/mail.png HTTP/1.1" 200 403
5.150.206.96 - - [30/Jun/2024:02:14:20 +0200] "GET /ticket2/opencms/img/check.png HTTP/1.1" 200 548
5.150.206.96 - - [30/Jun/2024:02:14:20 +0200] "GET /ticket2/opencms/img/chat.png HTTP/1.1" 200 416
5.150.206.96 - - [30/Jun/2024:02:14:20 +0200] "GET /ticket2/opencms/img/arrow.png HTTP/1.1" 200 753
158.220.124.16 - - [30/Jun/2024:02:14:20 +0200] "GET /ticket2/opencms/se/nl/buy/?page=1&edid=8D0B917F-1714-CEE9-8306-2BA97791725F&sortorder=asc&column=section HTTP/1.1" 404 -
5.150.206.96 - - [30/Jun/2024:02:14:21 +0200] "GET /ticket2/opencms/img/icons/globe-white.png HTTP/1.1" 200 947
5.150.206.96 - - [30/Jun/2024:02:14:21 +0200] "GET /ticket2/opencms/img/icons/no.png HTTP/1.1" 200 1958
5.150.206.96 - - [30/Jun/2024:02:14:21 +0200] "GET /ticket2/opencms/img/icons/it.png HTTP/1.1" 200 2040
5.150.206.96 - - [30/Jun/2024:02:14:21 +0200] "GET /ticket2/opencms/img/icons/se.png HTTP/1.1" 200 1258
5.150.206.96 - - [30/Jun/2024:02:14:21 +0200] "GET /ticket2/opencms/img/icons/fi.png HTTP/1.1" 200 1785
5.150.206.96 - - [30/Jun/2024:02:14:21 +0200] "GET /ticket2/opencms/img/icons/es.png HTTP/1.1" 200 1005
5.150.206.96 - - [30/Jun/2024:02:14:21 +0200] "GET /ticket2/opencms/img/icons/dk.png HTTP/1.1" 200 1706
5.150.206.96 - - [30/Jun/2024:02:14:21 +0200] "GET /ticket2/opencms/img/icons/en.png HTTP/1.1" 200 2415
5.150.206.96 - - [30/Jun/2024:02:14:21 +0200] "GET /ticket2/opencms/img/icons/nl.png HTTP/1.1" 200 1255
5.150.206.96 - - [30/Jun/2024:02:14:21 +0200] "GET /ticket2/opencms/img/icons/fr.png HTTP/1.1" 200 1764
5.150.206.96 - - [30/Jun/2024:02:14:21 +0200] "GET /ticket2/opencms/img/icons/de.png HTTP/1.1" 200 1124
192.99.7.70 - - [30/Jun/2024:02:14:22 +0200] "GET /ticket2/opencms/dk/dk/buy/?page=1&edid=2C92A3B0-FEC1-5ECE-B821-5CAD902DA0E1&sortorder=asc&column=price HTTP/1.1" 404 -
5.150.206.96 - - [30/Jun/2024:02:14:22 +0200] "GET /ticket2/opencms/system/modules/com.gridnine.opencms.ticketbrokerage.site/resources/js/standard.js HTTP/1.1" 200 3978
5.150.206.96 - - [30/Jun/2024:02:14:22 +0200] "GET /ticket2/opencms/favicon.ico HTTP/1.1" 200 1406
5.150.206.96 - - [30/Jun/2024:02:14:23 +0200] "GET /ticket2/opencms/system/modules/com.gridnine.opencms.ticketbrokerage.site/resources/css/images/ui-bg_flat_75_ffffff_40x100.png HTTP/1.1" 404 -
192.95.30.177 - - [30/Jun/2024:02:14:26 +0200] "GET /ticket2/opencms/de/fr/buy/?page=1&edid=75DB9E0C-160D-3025-2938-CBFD4F5F1C36 HTTP/1.1" 404 -
51.222.253.4 - - [30/Jun/2024:02:14:26 +0200] "GET /ticket2/opencms/sv/buy/?page=10&eventid=51142925-34D0-DC94-FE4A-BE4925423608&venueid=6D8A0FE7-2FEF-4BDE-AC7E-1937EABDAEF4 HTTP/1.1" 200 73555
192.99.7.70 - - [30/Jun/2024:02:14:26 +0200] "GET /ticket2/opencms/dk/dk/buy/?page=1&edid=2E9730F3-6A0C-5494-B36A-EE152EB9F836&sortorder=desc&column=section HTTP/1.1" 404 -
85.208.96.193 - - [30/Jun/2024:02:14:29 +0200] "GET /ticket2/opencms/sv/sport/fotbollsbiljetter/bundesliga/borussia-dortmund/ HTTP/1.1" 200 73014
158.220.119.234 - - [30/Jun/2024:02:14:30 +0200] "GET /ticket2/opencms/se/ru/buy/?page=1&edid=F5457626-650E-91F7-8E0A-573DA573BFB0&sortorder=desc&column=price HTTP/1.1" 404 -
192.99.7.70 - - [30/Jun/2024:02:14:30 +0200] "GET /ticket2/opencms/dk/dk/buy/?page=1&edid=2F091351-AF20-DF8B-A6F9-E8968C10B28F&sortorder=desc&column=row HTTP/1.1" 404 -
37.57.218.243 - - [30/Jun/2024:02:14:32 +0200] "GET /ticket2/opencms/se/ru/buy/?page=1&edid=ED33D597-6E3E-E2DD-8AD5-FCF9CF97289C&sortorder=desc&column=row HTTP/1.1" 404 -
192.99.3.137 - - [30/Jun/2024:02:14:33 +0200] "GET /ticket2/opencms/dk/en/buy/?page=1&edid=55EEFA62-67EA-E95F-8964-BB35CEC0BB89&sortorder=asc&column=row HTTP/1.1" 404 -
5.150.206.96 - - [30/Jun/2024:02:14:34 +0200] "GET /ticket2/opencms/system/modules/com.gridnine.opencms.ticketbrokerage.site/resources/css/images/ui-bg_glass_75_dadada_1x400.png HTTP/1.1" 404 -
192.99.7.70 - - [30/Jun/2024:02:14:34 +0200] "GET /ticket2/opencms/dk/dk/buy/?page=1&edid=2F091351-AF20-DF8B-A6F9-E8968C10B28F&sortorder=desc&column=section HTTP/1.1" 404 -
5.150.206.96 - - [30/Jun/2024:02:14:35 +0200] "GET /ticket2/opencms/sv/search.html?searchQuery=Arsenal&submit= HTTP/1.1" 200 120896
5.150.206.96 - - [30/Jun/2024:02:14:36 +0200] "GET /ticket2/opencms/system/modules/com.gridnine.opencms.ticketbrokerage.site/resources/css/calendar.css HTTP/1.1" 200 6871
5.150.206.96 - - [30/Jun/2024:02:14:36 +0200] "GET /ticket2/opencms/system/modules/com.gridnine.opencms.ticketbrokerage.site/resources/js/standard.js HTTP/1.1" 200 3978
5.150.206.96 - - [30/Jun/2024:02:14:36 +0200] "GET /ticket2/opencms/system/modules/com.gridnine.opencms.ticketbrokerage.site/resources/js/calendar-en.js HTTP/1.1" 200 3338
5.150.206.96 - - [30/Jun/2024:02:14:36 +0200] "GET /ticket2/opencms/system/modules/com.gridnine.opencms.ticketbrokerage.site/resources/css/ticketbrokerage.css HTTP/1.1" 200 39339
5.150.206.96 - - [30/Jun/2024:02:14:36 +0200] "GET /ticket2/opencms/system/modules/com.gridnine.opencms.ticketbrokerage.site/resources/js/functions.js HTTP/1.1" 200 1583
5.150.206.96 - - [30/Jun/2024:02:14:36 +0200] "GET /ticket2/opencms/system/modules/com.gridnine.opencms.ticketbrokerage.site/resources/js/calendar-setup.js HTTP/1.1" 200 4923
5.150.206.96 - - [30/Jun/2024:02:14:36 +0200] "GET /ticket2/opencms/system/modules/com.gridnine.opencms.ticketbrokerage.site/resources/js/calendar.js HTTP/1.1" 200 49229
5.150.206.96 - - [30/Jun/2024:02:14:36 +0200] "GET /ticket2/opencms/system/modules/com.gridnine.opencms.ticketbrokerage.site/resources/css/standard.css HTTP/1.1" 200 71935
5.150.206.96 - - [30/Jun/2024:02:14:36 +0200] "GET /ticket2/opencms/system/modules/com.gridnine.opencms.ticketbrokerage.site/resources/pics/anniversary_logo_bl.png HTTP/1.1" 200 14743
5.150.206.96 - - [30/Jun/2024:02:14:36 +0200] "GET /ticket2/opencms/system/modules/com.gridnine.opencms.ticketbrokerage.site/resources/pics/right_side_bar/fi/facebook.png HTTP/1.1" 200 2017
5.150.206.96 - - [30/Jun/2024:02:14:36 +0200] "GET /ticket2/opencms/system/modules/com.gridnine.opencms.ticketbrokerage.site/resources/pics/right_side_bar/fi/instagram.png HTTP/1.1" 200 2709
5.150.206.96 - - [30/Jun/2024:02:14:36 +0200] "GET /ticket2/opencms/system/modules/com.gridnine.opencms.ticketbrokerage.site/resources/css/images/ui-bg_flat_75_ffffff_40x100.png HTTP/1.1" 404 -
5.150.206.96 - - [30/Jun/2024:02:14:36 +0200] "GET /ticket2/opencms/sv/ask-form.html HTTP/1.1" 200 2950
5.150.206.96 - - [30/Jun/2024:02:14:36 +0200] "GET /ticket2/opencms/system/modules/com.gridnine.opencms.ticketbrokerage.site/resources/pics/arrow.gif HTTP/1.1" 200 344
5.150.206.96 - - [30/Jun/2024:02:14:36 +0200] "GET /ticket2/opencms/system/modules/com.gridnine.opencms.ticketbrokerage.site/resources/pics/form_marker.gif HTTP/1.1" 200 43
5.150.206.96 - - [30/Jun/2024:02:14:36 +0200] "GET /ticket2/opencms/system/modules/com.gridnine.opencms.ticketbrokerage.site/resources/css/ticketbrokerage.css HTTP/1.1" 200 39339
5.150.206.96 - - [30/Jun/2024:02:14:36 +0200] "GET /ticket2/opencms/system/modules/com.gridnine.opencms.ticketbrokerage.site/resources/pics/button1_left.gif HTTP/1.1" 200 232
5.150.206.96 - - [30/Jun/2024:02:14:36 +0200] "GET /ticket2/opencms/system/modules/com.gridnine.opencms.ticketbrokerage.site/resources/pics/button1_center.gif HTTP/1.1" 200 66
5.150.206.96 - - [30/Jun/2024:02:14:36 +0200] "GET /ticket2/opencms/system/modules/com.gridnine.opencms.ticketbrokerage.site/resources/pics/button1_right.gif HTTP/1.1" 200 232
192.95.30.177 - - [30/Jun/2024:02:14:36 +0200] "GET /ticket2/opencms/de/fr/buy/?page=1&edid=78082CE8-FF07-6DCD-F684-97CDB9F54EAF HTTP/1.1" 404 -
192.99.7.70 - - [30/Jun/2024:02:14:37 +0200] "GET /ticket2/opencms/dk/dk/buy/?page=1&edid=301B6DE4-27D0-5449-2AEA-BDD081996845&sortorder=asc&column=row HTTP/1.1" 404 -
192.99.7.70 - - [30/Jun/2024:02:14:41 +0200] "GET /ticket2/opencms/dk/dk/buy/?page=1&edid=312D91B6-932A-A893-4AF7-A90079FB1635&sortorder=desc&column=row HTTP/1.1" 404 -
158.220.119.234 - - [30/Jun/2024:02:14:42 +0200] "GET /ticket2/opencms/se/ru/buy/?page=1&edid=F5457626-650E-91F7-8E0A-573DA573BFB0&sortorder=desc&column=row HTTP/1.1" 404 -
158.220.124.16 - - [30/Jun/2024:02:14:44 +0200] "GET /ticket2/opencms/se/nl/buy/?page=1&edid=8D10ED70-17CE-64D1-6B0A-A49372BFC93B&sortorder=asc&column=row HTTP/1.1" 404 -
192.99.7.70 - - [30/Jun/2024:02:14:45 +0200] "GET /ticket2/opencms/dk/dk/buy/?page=1&edid=312D91B6-932A-A893-4AF7-A90079FB1635&sortorder=desc&column=section HTTP/1.1" 404 -
192.99.7.70 - - [30/Jun/2024:02:14:49 +0200] "GET /ticket2/opencms/dk/dk/buy/?page=1&edid=3176E62D-2ABE-1AEC-AE78-5501F2AB2BE9&sortorder=asc&column=price HTTP/1.1" 404 -
158.220.119.234 - - [30/Jun/2024:02:14:49 +0200] "GET /ticket2/opencms/se/ru/buy/?page=1&edid=F5457626-650E-91F7-8E0A-573DA573BFB0&sortorder=desc&column=section HTTP/1.1" 404 -
192.95.30.177 - - [30/Jun/2024:02:14:50 +0200] "GET /ticket2/opencms/de/fr/buy/?page=1&edid=7A4CE546-AC14-D210-0A29-FC904D915BD3 HTTP/1.1" 404 -
192.99.7.70 - - [30/Jun/2024:02:14:53 +0200] "GET /ticket2/opencms/dk/dk/buy/?page=1&edid=3176E62D-2ABE-1AEC-AE78-5501F2AB2BE9&sortorder=asc&column=row HTTP/1.1" 404 -
192.99.7.70 - - [30/Jun/2024:02:14:56 +0200] "GET /ticket2/opencms/dk/dk/buy/?page=1&edid=3176E62D-2ABE-1AEC-AE78-5501F2AB2BE9&sortorder=desc&column=price HTTP/1.1" 404 -
37.57.218.243 - - [30/Jun/2024:02:14:57 +0200] "GET /ticket2/opencms/se/ru/buy/?page=1&edid=ED33D597-6E3E-E2DD-8AD5-FCF9CF97289C&sortorder=desc&column=section HTTP/1.1" 404 -
192.99.3.137 - - [30/Jun/2024:02:14:57 +0200] "GET /ticket2/opencms/dk/en/buy/?page=1&edid=55EEFA62-67EA-E95F-8964-BB35CEC0BB89&sortorder=asc&column=section HTTP/1.1" 404 -
47.128.18.82 - - [30/Jun/2024:02:14:58 +0200] "GET /ticket2/opencms/fi/venue/?countryid=B33351B8-DB63-1834-566A-CB44E5291395 HTTP/1.1" 200 102292
47.128.18.82 - - [30/Jun/2024:02:14:58 +0200] "GET /ticket2/opencms/system/modules/com.gridnine.opencms.ticketbrokerage.site/resources/pics/logo-new.png HTTP/1.1" 200 13541
47.128.18.82 - - [30/Jun/2024:02:14:59 +0200] "GET /ticket2/opencms/system/modules/com.gridnine.opencms.ticketbrokerage.site/resources/pics/bank_1_nordea.png HTTP/1.1" 200 4807
47.128.18.82 - - [30/Jun/2024:02:14:59 +0200] "GET /ticket2/opencms/system/modules/com.gridnine.opencms.ticketbrokerage.site/resources/pics/bank_5_visa_mastercard.png HTTP/1.1" 200 8196
192.95.30.177 - - [30/Jun/2024:02:14:59 +0200] "GET /ticket2/opencms/de/fr/buy/?page=1&edid=7E653C31-A788-6271-D9AA-FE8367BFE104 HTTP/1.1" 404 -
47.128.18.82 - - [30/Jun/2024:02:14:59 +0200] "GET /ticket2/opencms/system/modules/com.gridnine.opencms.ticketbrokerage.site/resources/pics/bank_4_seb.png HTTP/1.1" 200 2487
47.128.18.82 - - [30/Jun/2024:02:14:59 +0200] "GET /ticket2/opencms/system/modules/com.gridnine.opencms.ticketbrokerage.site/resources/pics/bank_3_swedbank.png HTTP/1.1" 200 5740
47.128.18.82 - - [30/Jun/2024:02:14:59 +0200] "GET /ticket2/opencms/system/modules/com.gridnine.opencms.ticketbrokerage.site/resources/pics/bank_2_handelsbanken.png HTTP/1.1" 200 4509
47.128.18.82 - - [30/Jun/2024:02:14:59 +0200] "GET /ticket2/opencms/system/modules/com.gridnine.opencms.ticketbrokerage.site/resources/pics/bank_6_american_express.png HTTP/1.1" 200 5570
192.99.7.70 - - [30/Jun/2024:02:15:00 +0200] "GET /ticket2/opencms/dk/dk/buy/?page=1&edid=31CFF865-AEBB-B4D0-C11D-57C54407DE09&sortorder=desc&column=section HTTP/1.1" 404 -
158.220.119.234 - - [30/Jun/2024:02:15:01 +0200] "GET /ticket2/opencms/se/ru/buy/?page=1&edid=F54D8C8D-5C06-7A10-2302-6EF73D28A9FF HTTP/1.1" 404 -
5.150.206.96 - - [30/Jun/2024:02:15:02 +0200] "GET /ticket2/opencms/sv/sport/fotbollsbiljetter/ HTTP/1.1" 200 77181
158.220.124.16 - - [30/Jun/2024:02:15:03 +0200] "GET /ticket2/opencms/se/nl/buy/?page=1&edid=8D9DBA83-8AAE-BAE2-32DA-76530C440127&sortorder=asc&column=section HTTP/1.1" 404 -
192.99.7.70 - - [30/Jun/2024:02:15:03 +0200] "GET /ticket2/opencms/dk/dk/buy/?page=1&edid=32A7E4DE-76FD-F0C4-CE3B-E700B895FC97&sortorder=asc&column=section HTTP/1.1" 404 -
192.99.7.70 - - [30/Jun/2024:02:15:07 +0200] "GET /ticket2/opencms/dk/dk/buy/?page=1&edid=357EB56C-51F3-653D-9E16-90C4F610D9D8&sortorder=asc&column=section HTTP/1.1" 404 -
192.95.30.177 - - [30/Jun/2024:02:15:09 +0200] "GET /ticket2/opencms/de/fr/buy/?page=1&edid=875E6B51-C91B-C46E-A4FB-B3662BA0A6E8 HTTP/1.1" 404 -
158.220.119.234 - - [30/Jun/2024:02:15:10 +0200] "GET /ticket2/opencms/se/ru/buy/?page=1&edid=F54D8C8D-5C06-7A10-2302-6EF73D28A9FF&sortorder=desc&column=price HTTP/1.1" 404 -
192.99.7.70 - - [30/Jun/2024:02:15:11 +0200] "GET /ticket2/opencms/dk/dk/buy/?page=1&edid=35DF44FF-E376-ED1F-F630-5EF685B32434&sortorder=asc&column=price HTTP/1.1" 404 -
192.99.7.70 - - [30/Jun/2024:02:15:15 +0200] "GET /ticket2/opencms/dk/dk/buy/?page=1&edid=35DF44FF-E376-ED1F-F630-5EF685B32434&sortorder=asc&column=row HTTP/1.1" 404 -
192.99.3.137 - - [30/Jun/2024:02:15:15 +0200] "GET /ticket2/opencms/dk/en/buy/?page=1&edid=57A92A98-F30F-B422-92C0-3AC6E86A8F6E&sortorder=desc&column=price HTTP/1.1" 404 -
37.57.218.243 - - [30/Jun/2024:02:15:15 +0200] "GET /ticket2/opencms/se/ru/buy/?page=1&edid=ED855D6B-673D-0A5B-8E81-DCE50EA1C4F5&sortorder=desc&column=price HTTP/1.1" 404 -
51.222.253.11 - - [30/Jun/2024:02:15:18 +0200] "GET /ticket2/opencms/en/venue/?venueid=CF91071C-3412-BA8E-033B-F6FD610B69D5 HTTP/1.1" 200 71366
192.99.7.70 - - [30/Jun/2024:02:15:18 +0200] "GET /ticket2/opencms/dk/dk/buy/?page=1&edid=35DF44FF-E376-ED1F-F630-5EF685B32434&sortorder=asc&column=section HTTP/1.1" 404 -
192.95.30.177 - - [30/Jun/2024:02:15:19 +0200] "GET /ticket2/opencms/de/fr/buy/?page=1&edid=8D7E4EA3-ED35-1CF7-A7BE-8DD27899E495 HTTP/1.1" 404 -
158.220.119.234 - - [30/Jun/2024:02:15:20 +0200] "GET /ticket2/opencms/se/ru/buy/?page=1&edid=F54D8C8D-5C06-7A10-2302-6EF73D28A9FF&sortorder=desc&column=section HTTP/1.1" 404 -
192.99.7.70 - - [30/Jun/2024:02:15:22 +0200] "GET /ticket2/opencms/dk/dk/buy/?page=1&edid=36219776-0671-A8AF-13A3-93392E89F6DD&sortorder=asc&column=row HTTP/1.1" 404 -
47.128.121.154 - - [30/Jun/2024:02:15:22 +0200] "GET /ticket2/opencms/fi/venue/?countryid=B20C8D7E-8670-29D2-39FF-631E784DF97A HTTP/1.1" 200 102292
158.220.124.16 - - [30/Jun/2024:02:15:23 +0200] "GET /ticket2/opencms/se/nl/buy/?page=1&edid=8DDDC430-644F-ABD0-F4B8-0F72C7101CD0&sortorder=desc&column=section HTTP/1.1" 404 -
47.128.121.154 - - [30/Jun/2024:02:15:24 +0200] "GET /ticket2/opencms/system/modules/com.gridnine.opencms.ticketbrokerage.site/resources/pics/logo-new.png HTTP/1.1" 200 13541
47.128.121.154 - - [30/Jun/2024:02:15:26 +0200] "GET /ticket2/opencms/system/modules/com.gridnine.opencms.ticketbrokerage.site/resources/pics/bank_6_american_express.png HTTP/1.1" 200 5570
47.128.121.154 - - [30/Jun/2024:02:15:26 +0200] "GET /ticket2/opencms/system/modules/com.gridnine.opencms.ticketbrokerage.site/resources/pics/bank_1_nordea.png HTTP/1.1" 200 4807
47.128.121.154 - - [30/Jun/2024:02:15:26 +0200] "GET /ticket2/opencms/system/modules/com.gridnine.opencms.ticketbrokerage.site/resources/pics/bank_2_handelsbanken.png HTTP/1.1" 200 4509
47.128.121.154 - - [30/Jun/2024:02:15:26 +0200] "GET /ticket2/opencms/system/modules/com.gridnine.opencms.ticketbrokerage.site/resources/pics/bank_4_seb.png HTTP/1.1" 200 2487
47.128.121.154 - - [30/Jun/2024:02:15:26 +0200] "GET /ticket2/opencms/system/modules/com.gridnine.opencms.ticketbrokerage.site/resources/pics/bank_3_swedbank.png HTTP/1.1" 200 5740
47.128.121.154 - - [30/Jun/2024:02:15:26 +0200] "GET /ticket2/opencms/system/modules/com.gridnine.opencms.ticketbrokerage.site/resources/pics/bank_5_visa_mastercard.png HTTP/1.1" 200 8196
192.99.7.70 - - [30/Jun/2024:02:15:26 +0200] "GET /ticket2/opencms/dk/dk/buy/?page=1&edid=363E9E9B-AD53-FBF5-F36A-1146A7420E97&sortorder=desc&column=section HTTP/1.1" 404 -
192.95.30.177 - - [30/Jun/2024:02:15:28 +0200] "GET /ticket2/opencms/de/fr/buy/?page=1&edid=8EE24D2F-4BF0-A103-6944-36103BCA6278 HTTP/1.1" 404 -
192.99.7.70 - - [30/Jun/2024:02:15:30 +0200] "GET /ticket2/opencms/dk/dk/buy/?page=1&edid=367B9EE6-B137-76C6-384E-9FCE8FDC07EF&sortorder=asc&column=price HTTP/1.1" 404 -
192.99.3.137 - - [30/Jun/2024:02:15:34 +0200] "GET /ticket2/opencms/dk/en/buy/?page=1&edid=57A92A98-F30F-B422-92C0-3AC6E86A8F6E&sortorder=desc&column=section HTTP/1.1" 404 -
192.99.7.70 - - [30/Jun/2024:02:15:35 +0200] "GET /ticket2/opencms/dk/dk/buy/?page=1&edid=367B9EE6-B137-76C6-384E-9FCE8FDC07EF&sortorder=asc&column=section HTTP/1.1" 404 -
37.57.218.243 - - [30/Jun/2024:02:15:36 +0200] "GET /ticket2/opencms/se/ru/buy/?page=1&edid=ED855D6B-673D-0A5B-8E81-DCE50EA1C4F5&sortorder=desc&column=row HTTP/1.1" 404 -
158.220.119.234 - - [30/Jun/2024:02:15:36 +0200] "GET /ticket2/opencms/se/ru/buy/?page=1&edid=F55FD46B-77AB-3FD2-8E77-5D8B9DF55395 HTTP/1.1" 404 -
192.95.30.177 - - [30/Jun/2024:02:15:37 +0200] "GET /ticket2/opencms/de/fr/buy/?page=1&edid=993ECB6B-5437-7FFC-177B-D4101C1148EA HTTP/1.1" 404 -
192.99.7.70 - - [30/Jun/2024:02:15:39 +0200] "GET /ticket2/opencms/dk/dk/buy/?page=1&edid=372E7867-C45E-A39F-8196-A57FD7336106&sortorder=asc&column=row HTTP/1.1" 404 -
192.99.7.70 - - [30/Jun/2024:02:15:43 +0200] "GET /ticket2/opencms/dk/dk/buy/?page=1&edid=372E7867-C45E-A39F-8196-A57FD7336106&sortorder=asc&column=section HTTP/1.1" 404 -
158.220.124.16 - - [30/Jun/2024:02:15:43 +0200] "GET /ticket2/opencms/se/nl/buy/?page=1&edid=8FFDF37D-6325-558E-3071-16365AF4C448 HTTP/1.1" 404 -
192.95.30.177 - - [30/Jun/2024:02:15:46 +0200] "GET /ticket2/opencms/de/fr/buy/?page=1&edid=9D419DE2-433C-4623-52FC-52F2BDAC1689 HTTP/1.1" 404 -
192.99.7.70 - - [30/Jun/2024:02:15:47 +0200] "GET /ticket2/opencms/dk/dk/buy/?page=1&edid=3738F2CC-D0C9-3638-FE16-E3CC3D548765&sortorder=asc&column=row HTTP/1.1" 404 -
158.220.119.234 - - [30/Jun/2024:02:15:47 +0200] "GET /ticket2/opencms/se/ru/buy/?page=1&edid=F55FD46B-77AB-3FD2-8E77-5D8B9DF55395&sortorder=desc&column=price HTTP/1.1" 404 -
47.128.21.167 - - [30/Jun/2024:02:15:47 +0200] "GET /ticket2/opencms/fi/venue/?countryid=B756B65C-E014-24B5-95EC-187A417913E3 HTTP/1.1" 200 102292
47.128.21.167 - - [30/Jun/2024:02:15:49 +0200] "GET /ticket2/opencms/system/modules/com.gridnine.opencms.ticketbrokerage.site/resources/pics/logo-new.png HTTP/1.1" 200 13541
192.99.3.137 - - [30/Jun/2024:02:15:50 +0200] "GET /ticket2/opencms/dk/en/buy/?page=1&edid=57EC83D4-AB41-896D-CDB2-8A50F8F4CAA0&sortorder=asc&column=price HTTP/1.1" 404 -
47.128.21.167 - - [30/Jun/2024:02:15:50 +0200] "GET /ticket2/opencms/system/modules/com.gridnine.opencms.ticketbrokerage.site/resources/pics/bank_1_nordea.png HTTP/1.1" 200 4807
47.128.21.167 - - [30/Jun/2024:02:15:50 +0200] "GET /ticket2/opencms/system/modules/com.gridnine.opencms.ticketbrokerage.site/resources/pics/bank_2_handelsbanken.png HTTP/1.1" 200 4509
192.99.7.70 - - [30/Jun/2024:02:15:50 +0200] "GET /ticket2/opencms/dk/dk/buy/?page=1&edid=37D48E1B-2752-5F8F-5AEB-0BF82E1637C1&sortorder=asc&column=row HTTP/1.1" 404 -
47.128.21.167 - - [30/Jun/2024:02:15:51 +0200] "GET /ticket2/opencms/system/modules/com.gridnine.opencms.ticketbrokerage.site/resources/pics/bank_3_swedbank.png HTTP/1.1" 200 5740
47.128.21.167 - - [30/Jun/2024:02:15:51 +0200] "GET /ticket2/opencms/system/modules/com.gridnine.opencms.ticketbrokerage.site/resources/pics/bank_4_seb.png HTTP/1.1" 200 2487
47.128.21.167 - - [30/Jun/2024:02:15:51 +0200] "GET /ticket2/opencms/system/modules/com.gridnine.opencms.ticketbrokerage.site/resources/pics/bank_5_visa_mastercard.png HTTP/1.1" 200 8196
47.128.21.167 - - [30/Jun/2024:02:15:51 +0200] "GET /ticket2/opencms/system/modules/com.gridnine.opencms.ticketbrokerage.site/resources/pics/bank_6_american_express.png HTTP/1.1" 200 5570
216.245.221.83 - - [30/Jun/2024:02:15:53 +0200] "HEAD /ticket2/opencms/ HTTP/1.1" 302 -
192.99.7.70 - - [30/Jun/2024:02:15:54 +0200] "GET /ticket2/opencms/dk/dk/buy/?page=1&edid=381DA836-7443-9903-5BA4-073DBD31F96D&sortorder=asc&column=row HTTP/1.1" 404 -
192.95.30.177 - - [30/Jun/2024:02:15:54 +0200] "GET /ticket2/opencms/de/fr/buy/?page=1&edid=A32C2CDE-A2F2-054C-C7FE-30BF45814EDA HTTP/1.1" 404 -
37.57.218.243 - - [30/Jun/2024:02:15:54 +0200] "GET /ticket2/opencms/se/ru/buy/?page=1&edid=ED855D6B-673D-0A5B-8E81-DCE50EA1C4F5&sortorder=desc&column=section HTTP/1.1" 404 -
216.245.221.83 - - [30/Jun/2024:02:15:56 +0200] "HEAD /ticket2/opencms/en/ HTTP/1.1" 200 -
158.220.124.16 - - [30/Jun/2024:02:15:57 +0200] "GET /ticket2/opencms/se/nl/buy/?page=1&edid=8FFDF37D-6325-558E-3071-16365AF4C448&sortorder=desc&column=price HTTP/1.1" 404 -
158.220.119.234 - - [30/Jun/2024:02:15:58 +0200] "GET /ticket2/opencms/se/ru/buy/?page=1&edid=F55FD46B-77AB-3FD2-8E77-5D8B9DF55395&sortorder=desc&column=section HTTP/1.1" 404 -
192.99.7.70 - - [30/Jun/2024:02:15:58 +0200] "GET /ticket2/opencms/dk/dk/buy/?page=1&edid=381DA836-7443-9903-5BA4-073DBD31F96D&sortorder=asc&column=section HTTP/1.1" 404 -
192.99.7.70 - - [30/Jun/2024:02:16:02 +0200] "GET /ticket2/opencms/dk/dk/buy/?page=1&edid=381EAD1A-035D-6D85-7293-91E69E6AF5D5&sortorder=asc&column=price HTTP/1.1" 404 -
192.95.30.177 - - [30/Jun/2024:02:16:03 +0200] "GET /ticket2/opencms/de/fr/buy/?page=1&edid=A45990B9-A12C-0577-BA2E-9F588E99A8DB HTTP/1.1" 404 -
51.222.253.16 - - [30/Jun/2024:02:16:05 +0200] "GET /ticket2/opencms/en/venue/?venueid=70CF0C71-242F-3CB8-3E8B-757E40B6417C HTTP/1.1" 200 71410
192.99.7.70 - - [30/Jun/2024:02:16:06 +0200] "GET /ticket2/opencms/dk/dk/buy/?page=1&edid=390DC139-684B-981D-FD40-65227EC6F86F&sortorder=desc&column=row HTTP/1.1" 404 -
158.220.119.234 - - [30/Jun/2024:02:16:09 +0200] "GET /ticket2/opencms/se/ru/buy/?page=1&edid=F5DB4B46-45B6-9A1B-2E14-108B2B95E084 HTTP/1.1" 404 -
37.57.218.243 - - [30/Jun/2024:02:16:09 +0200] "GET /ticket2/opencms/se/ru/buy/?page=1&edid=EEAED379-5C9D-7860-F8AC-37CED9043B07&sortorder=desc&column=price HTTP/1.1" 404 -
192.99.7.70 - - [30/Jun/2024:02:16:10 +0200] "GET /ticket2/opencms/dk/dk/buy/?page=1&edid=39F9FBE8-6696-4081-C0DB-24952831B995&sortorder=desc&column=price HTTP/1.1" 404 -
192.99.3.137 - - [30/Jun/2024:02:16:10 +0200] "GET /ticket2/opencms/dk/en/buy/?page=1&edid=57EC83D4-AB41-896D-CDB2-8A50F8F4CAA0&sortorder=asc&column=row HTTP/1.1" 404 -
192.95.30.177 - - [30/Jun/2024:02:16:11 +0200] "GET /ticket2/opencms/de/fr/buy/?page=1&edid=B5C39213-E135-81B2-3182-CF92D0BE5105 HTTP/1.1" 404 -
47.128.46.121 - - [30/Jun/2024:02:16:12 +0200] "GET /ticket2/opencms/fi/venue/?countryid=EBCAD492-44DD-BA3B-65FF-004FBE418FEE HTTP/1.1" 200 102292
158.220.124.16 - - [30/Jun/2024:02:16:12 +0200] "GET /ticket2/opencms/se/nl/buy/?page=1&edid=8FFDF37D-6325-558E-3071-16365AF4C448&sortorder=desc&column=row HTTP/1.1" 404 -
47.128.46.121 - - [30/Jun/2024:02:16:13 +0200] "GET /ticket2/opencms/system/modules/com.gridnine.opencms.ticketbrokerage.site/resources/pics/logo-new.png HTTP/1.1" 200 13541
192.99.7.70 - - [30/Jun/2024:02:16:13 +0200] "GET /ticket2/opencms/dk/dk/buy/?page=1&edid=3A036015-9DDE-A2CF-5D1C-A2730EE01769&sortorder=desc&column=price HTTP/1.1" 404 -
47.128.46.121 - - [30/Jun/2024:02:16:14 +0200] "GET /ticket2/opencms/system/modules/com.gridnine.opencms.ticketbrokerage.site/resources/pics/bank_5_visa_mastercard.png HTTP/1.1" 200 8196
47.128.46.121 - - [30/Jun/2024:02:16:14 +0200] "GET /ticket2/opencms/system/modules/com.gridnine.opencms.ticketbrokerage.site/resources/pics/bank_3_swedbank.png HTTP/1.1" 200 5740
47.128.46.121 - - [30/Jun/2024:02:16:14 +0200] "GET /ticket2/opencms/system/modules/com.gridnine.opencms.ticketbrokerage.site/resources/pics/bank_1_nordea.png HTTP/1.1" 200 4807
47.128.46.121 - - [30/Jun/2024:02:16:14 +0200] "GET /ticket2/opencms/system/modules/com.gridnine.opencms.ticketbrokerage.site/resources/pics/bank_2_handelsbanken.png HTTP/1.1" 200 4509
47.128.46.121 - - [30/Jun/2024:02:16:14 +0200] "GET /ticket2/opencms/system/modules/com.gridnine.opencms.ticketbrokerage.site/resources/pics/bank_4_seb.png HTTP/1.1" 200 2487
47.128.46.121 - - [30/Jun/2024:02:16:15 +0200] "GET /ticket2/opencms/system/modules/com.gridnine.opencms.ticketbrokerage.site/resources/pics/bank_6_american_express.png HTTP/1.1" 200 5570
185.191.171.15 - - [30/Jun/2024:02:16:17 +0200] "GET /ticket2/opencms/fi/search.html?searchQuery=St%2BLouis HTTP/1.1" 200 93683
192.99.7.70 - - [30/Jun/2024:02:16:17 +0200] "GET /ticket2/opencms/dk/dk/buy/?page=1&edid=3AE72A78-B706-3CB2-9472-6BFEE3BB1206&sortorder=asc&column=price HTTP/1.1" 404 -
158.220.119.234 - - [30/Jun/2024:02:16:18 +0200] "GET /ticket2/opencms/se/ru/buy/?page=1&edid=F5DB4B46-45B6-9A1B-2E14-108B2B95E084&sortorder=desc&column=price HTTP/1.1" 404 -
192.95.30.177 - - [30/Jun/2024:02:16:20 +0200] "GET /ticket2/opencms/de/fr/buy/?page=1&edid=C747B503-4F89-B90B-1E3B-B3B4D66B1FA0 HTTP/1.1" 404 -
192.99.7.70 - - [30/Jun/2024:02:16:21 +0200] "GET /ticket2/opencms/dk/dk/buy/?page=1&edid=3C4AC0DA-BC5E-B8E0-9AC1-A88B81742FE7&sortorder=asc&column=section HTTP/1.1" 404 -
192.99.7.70 - - [30/Jun/2024:02:16:25 +0200] "GET /ticket2/opencms/dk/dk/buy/?page=1&edid=3CC54759-E4D4-B86D-2F9D-F91CD91EA3B0&sortorder=asc&column=row HTTP/1.1" 404 -
192.99.7.70 - - [30/Jun/2024:02:16:29 +0200] "GET /ticket2/opencms/dk/dk/buy/?page=1&edid=3CC669F6-0C63-5743-F1E5-8F5E9C2AB45D&sortorder=desc&column=price HTTP/1.1" 404 -
158.220.119.234 - - [30/Jun/2024:02:16:29 +0200] "GET /ticket2/opencms/se/ru/buy/?page=1&edid=F6211F52-67B3-65D8-A11D-822849AB2187 HTTP/1.1" 404 -
192.95.30.177 - - [30/Jun/2024:02:16:29 +0200] "GET /ticket2/opencms/de/fr/buy/?page=1&edid=CF871F32-58B9-936F-E54E-3AC3FCAE5989 HTTP/1.1" 404 -
158.220.124.16 - - [30/Jun/2024:02:16:30 +0200] "GET /ticket2/opencms/se/nl/buy/?page=1&edid=8FFDF37D-6325-558E-3071-16365AF4C448&sortorder=desc&column=section HTTP/1.1" 404 -
192.99.3.137 - - [30/Jun/2024:02:16:30 +0200] "GET /ticket2/opencms/dk/en/buy/?page=1&edid=596C9962-08B1-F451-67A0-7F710776E88D&sortorder=asc&column=price HTTP/1.1" 404 -
37.57.218.243 - - [30/Jun/2024:02:16:32 +0200] "GET /ticket2/opencms/se/ru/buy/?page=1&edid=EEAED379-5C9D-7860-F8AC-37CED9043B07&sortorder=desc&column=row HTTP/1.1" 404 -
192.99.7.70 - - [30/Jun/2024:02:16:32 +0200] "GET /ticket2/opencms/dk/dk/buy/?page=1&edid=3CC669F6-0C63-5743-F1E5-8F5E9C2AB45D&sortorder=desc&column=row HTTP/1.1" 404 -
192.99.7.70 - - [30/Jun/2024:02:16:36 +0200] "GET /ticket2/opencms/dk/dk/buy/?page=1&edid=4057E8A8-6B66-DEE6-87A2-EA5D65CE2004&sortorder=asc&column=row HTTP/1.1" 404 -
47.128.54.11 - - [30/Jun/2024:02:16:37 +0200] "GET /ticket2/opencms/en/buy/?eventid=2E8FEED6-8FAD-B0D7-22BA-E6EFDA36827A&page=10&venueid=696CF794-7D31-9FC6-0B42-8ABB3E78F390 HTTP/1.1" 200 85842
158.220.119.234 - - [30/Jun/2024:02:16:37 +0200] "GET /ticket2/opencms/se/ru/buy/?page=1&edid=F62C9046-2D62-76EF-4940-6DE74F9C742F&sortorder=desc&column=price HTTP/1.1" 404 -
192.95.30.177 - - [30/Jun/2024:02:16:37 +0200] "GET /ticket2/opencms/de/fr/buy/?page=1&edid=D3D1A511-385D-0A89-1FCD-2C30ED5A7E8C HTTP/1.1" 404 -
47.128.54.11 - - [30/Jun/2024:02:16:38 +0200] "GET /ticket2/opencms/system/modules/com.gridnine.opencms.ticketbrokerage.site/resources/js/jquery/jquery.js HTTP/1.1" 200 93868
47.128.54.11 - - [30/Jun/2024:02:16:39 +0200] "GET /ticket2/opencms/system/modules/com.gridnine.opencms.ticketbrokerage.site/resources/pics/logo-new.png HTTP/1.1" 200 13541
47.128.54.11 - - [30/Jun/2024:02:16:39 +0200] "GET /ticket2/opencms/system/modules/com.gridnine.opencms.ticketbrokerage.site/resources/pics/bank_1_nordea.png HTTP/1.1" 200 4807
47.128.54.11 - - [30/Jun/2024:02:16:39 +0200] "GET /ticket2/opencms/system/modules/com.gridnine.opencms.ticketbrokerage.site/resources/pics/book_tickets_button_en.png HTTP/1.1" 200 8700
47.128.54.11 - - [30/Jun/2024:02:16:39 +0200] "GET /ticket2/opencms/system/modules/com.gridnine.opencms.ticketbrokerage.site/resources/pics/buy_button_small_en.png HTTP/1.1" 200 8700
192.99.7.70 - - [30/Jun/2024:02:16:39 +0200] "GET /ticket2/opencms/dk/dk/buy/?page=1&edid=40E208E9-E9D2-9A29-B20B-71CB88763633&sortorder=asc&column=row HTTP/1.1" 404 -
47.128.54.11 - - [30/Jun/2024:02:16:39 +0200] "GET /ticket2/opencms/system/modules/com.gridnine.opencms.ticketbrokerage.site/resources/pics/bank_5_visa_mastercard.png HTTP/1.1" 200 8196
47.128.54.11 - - [30/Jun/2024:02:16:40 +0200] "GET /ticket2/opencms/system/modules/com.gridnine.opencms.ticketbrokerage.site/resources/pics/bank_2_handelsbanken.png HTTP/1.1" 200 4509
47.128.54.11 - - [30/Jun/2024:02:16:40 +0200] "GET /ticket2/opencms/system/modules/com.gridnine.opencms.ticketbrokerage.site/resources/pics/bank_4_seb.png HTTP/1.1" 200 2487
47.128.54.11 - - [30/Jun/2024:02:16:40 +0200] "GET /ticket2/opencms/system/modules/com.gridnine.opencms.ticketbrokerage.site/resources/pics/bank_3_swedbank.png HTTP/1.1" 200 5740
47.128.54.11 - - [30/Jun/2024:02:16:40 +0200] "GET /ticket2/opencms/system/modules/com.gridnine.opencms.ticketbrokerage.site/resources/pics/bank_6_american_express.png HTTP/1.1" 200 5570
192.99.3.137 - - [30/Jun/2024:02:16:40 +0200] "GET /ticket2/opencms/dk/en/buy/?page=1&edid=596C9962-08B1-F451-67A0-7F710776E88D&sortorder=asc&column=row HTTP/1.1" 404 -
158.220.124.16 - - [30/Jun/2024:02:16:41 +0200] "GET /ticket2/opencms/se/nl/buy/?page=1&edid=901D9A4F-321D-5CA8-6E1F-1A6F2E210960&sortorder=asc&column=row HTTP/1.1" 404 -
192.99.7.70 - - [30/Jun/2024:02:16:43 +0200] "GET /ticket2/opencms/dk/dk/buy/?page=1&edid=41B0AD3F-D5B6-C8C5-9D9D-00306E5C1BE4&sortorder=asc&column=row HTTP/1.1" 404 -
192.95.30.177 - - [30/Jun/2024:02:16:45 +0200] "GET /ticket2/opencms/de/fr/buy/?page=1&edid=E2CB9A79-554E-1B99-8B4A-D94A96F8D826 HTTP/1.1" 404 -
192.99.7.70 - - [30/Jun/2024:02:16:47 +0200] "GET /ticket2/opencms/dk/dk/buy/?page=1&edid=41B0AD3F-D5B6-C8C5-9D9D-00306E5C1BE4&sortorder=asc&column=section HTTP/1.1" 404 -
51.222.253.12 - - [30/Jun/2024:02:16:47 +0200] "GET /ticket2/opencms/robots.txt HTTP/1.1" 200 773
158.220.119.234 - - [30/Jun/2024:02:16:48 +0200] "GET /ticket2/opencms/se/ru/buy/?page=1&edid=F62C9046-2D62-76EF-4940-6DE74F9C742F&sortorder=desc&column=row HTTP/1.1" 404 -
185.157.223.150 - - [30/Jun/2024:02:16:49 +0200] "GET /ticket2/tickets_export/outgoing/export.txt HTTP/1.1" 200 24553702
51.222.253.14 - - [30/Jun/2024:02:16:49 +0200] "GET /ticket2/opencms/en/venue/?venueid=7D8DF134-6F27-D920-88FC-4F540A20C7A1 HTTP/1.1" 200 71348
37.57.218.243 - - [30/Jun/2024:02:16:49 +0200] "GET /ticket2/opencms/se/ru/buy/?page=1&edid=EEAED379-5C9D-7860-F8AC-37CED9043B07&sortorder=desc&column=section HTTP/1.1" 404 -
192.99.7.70 - - [30/Jun/2024:02:16:51 +0200] "GET /ticket2/opencms/dk/dk/buy/?page=1&edid=46108B14-35CC-5C82-3570-2C0C468740A5&sortorder=asc&column=row HTTP/1.1" 404 -
192.95.30.177 - - [30/Jun/2024:02:16:54 +0200] "GET /ticket2/opencms/de/fr/buy/?page=1&edid=E44FCAD0-102B-CB4A-FD91-1FF3F945F0AB HTTP/1.1" 404 -
192.99.7.70 - - [30/Jun/2024:02:16:54 +0200] "GET /ticket2/opencms/dk/dk/buy/?page=1&edid=46108B14-35CC-5C82-3570-2C0C468740A5&sortorder=asc&column=section HTTP/1.1" 404 -
158.220.119.234 - - [30/Jun/2024:02:16:56 +0200] "GET /ticket2/opencms/se/ru/buy/?page=1&edid=F62C9046-2D62-76EF-4940-6DE74F9C742F&sortorder=desc&column=section HTTP/1.1" 404 -
192.99.3.137 - - [30/Jun/2024:02:16:57 +0200] "GET /ticket2/opencms/dk/en/buy/?page=1&edid=596C9962-08B1-F451-67A0-7F710776E88D&sortorder=asc&column=section HTTP/1.1" 404 -
158.220.124.16 - - [30/Jun/2024:02:16:58 +0200] "GET /ticket2/opencms/se/nl/buy/?page=1&edid=90F1A3F2-F366-E809-3655-FF4827B850E5&sortorder=desc&column=row HTTP/1.1" 404 -
192.99.7.70 - - [30/Jun/2024:02:16:58 +0200] "GET /ticket2/opencms/dk/dk/buy/?page=1&edid=4699FDB9-D109-DE13-86DD-600D2E00B3A4&sortorder=asc&column=row HTTP/1.1" 404 -
37.57.218.243 - - [30/Jun/2024:02:17:02 +0200] "GET /ticket2/opencms/se/ru/buy/?page=1&edid=EF26FDDE-8C99-4747-2A55-F2DBC8C242A7&sortorder=desc&column=row HTTP/1.1" 404 -
192.99.7.70 - - [30/Jun/2024:02:17:02 +0200] "GET /ticket2/opencms/dk/dk/buy/?page=1&edid=4699FDB9-D109-DE13-86DD-600D2E00B3A4&sortorder=asc&column=section HTTP/1.1" 404 -
192.95.30.177 - - [30/Jun/2024:02:17:03 +0200] "GET /ticket2/opencms/de/fr/buy/?page=1&edid=E9A5D231-5C52-F752-E3A2-DEF92167B2C3 HTTP/1.1" 404 -
47.128.50.200 - - [30/Jun/2024:02:17:04 +0200] "GET /ticket2/opencms/no/?comcatid=97ECA65A-72DA-F9AF-9DBB-245D3CFED1BE HTTP/1.1" 200 92442
47.128.50.200 - - [30/Jun/2024:02:17:04 +0200] "GET /ticket2/opencms/system/modules/com.gridnine.opencms.ticketbrokerage.site/resources/pics/logo-new.png HTTP/1.1" 200 13541
47.128.50.200 - - [30/Jun/2024:02:17:05 +0200] "GET /ticket2/opencms/system/modules/com.gridnine.opencms.ticketbrokerage.site/resources/pics/bank_4_seb.png HTTP/1.1" 200 2487
47.128.50.200 - - [30/Jun/2024:02:17:05 +0200] "GET /ticket2/opencms/system/modules/com.gridnine.opencms.ticketbrokerage.site/resources/pics/bank_1_nordea.png HTTP/1.1" 200 4807
158.220.119.234 - - [30/Jun/2024:02:17:05 +0200] "GET /ticket2/opencms/se/ru/buy/?page=1&edid=F665FA5E-3090-3685-E7D1-2314FE8306FE&sortorder=asc&column=section HTTP/1.1" 404 -
47.128.50.200 - - [30/Jun/2024:02:17:05 +0200] "GET /ticket2/opencms/system/modules/com.gridnine.opencms.ticketbrokerage.site/resources/pics/bank_2_handelsbanken.png HTTP/1.1" 200 4509
47.128.50.200 - - [30/Jun/2024:02:17:05 +0200] "GET /ticket2/opencms/system/modules/com.gridnine.opencms.ticketbrokerage.site/resources/pics/bank_5_visa_mastercard.png HTTP/1.1" 200 8196
47.128.50.200 - - [30/Jun/2024:02:17:05 +0200] "GET /ticket2/opencms/system/modules/com.gridnine.opencms.ticketbrokerage.site/resources/pics/bank_3_swedbank.png HTTP/1.1" 200 5740
47.128.50.200 - - [30/Jun/2024:02:17:05 +0200] "GET /ticket2/opencms/system/modules/com.gridnine.opencms.ticketbrokerage.site/resources/pics/bank_6_american_express.png HTTP/1.1" 200 5570
192.99.7.70 - - [30/Jun/2024:02:17:07 +0200] "GET /ticket2/opencms/dk/dk/buy/?page=1&edid=48E039F7-006E-1F50-BADB-DE9D9973E789&sortorder=asc&column=price HTTP/1.1" 404 -
192.99.7.70 - - [30/Jun/2024:02:17:11 +0200] "GET /ticket2/opencms/dk/dk/buy/?page=1&edid=48E039F7-006E-1F50-BADB-DE9D9973E789&sortorder=asc&column=row HTTP/1.1" 404 -
158.220.124.16 - - [30/Jun/2024:02:17:11 +0200] "GET /ticket2/opencms/se/nl/buy/?page=1&edid=914CDFA7-DAD5-A10C-AF33-7264B7C56378 HTTP/1.1" 404 -
192.95.30.177 - - [30/Jun/2024:02:17:12 +0200] "GET /ticket2/opencms/de/fr/buy/?page=1&edid=EADB7F79-1BC4-53CA-844D-4F8EF9B8B120 HTTP/1.1" 404 -
192.99.3.137 - - [30/Jun/2024:02:17:13 +0200] "GET /ticket2/opencms/dk/en/buy/?page=1&edid=59CB1481-AA3F-58DF-B45C-DCD431C2ECE1 HTTP/1.1" 404 -
216.245.221.83 - - [30/Jun/2024:02:17:13 +0200] "HEAD /ticket2/opencms/ HTTP/1.1" 302 -
216.245.221.83 - - [30/Jun/2024:02:17:14 +0200] "HEAD /ticket2/opencms/en/ HTTP/1.1" 200 -
192.99.7.70 - - [30/Jun/2024:02:17:14 +0200] "GET /ticket2/opencms/dk/dk/buy/?page=1&edid=493BFF9D-41BF-4273-9D96-F5B05DF9477B&sortorder=asc&column=section HTTP/1.1" 404 -
37.57.218.243 - - [30/Jun/2024:02:17:15 +0200] "GET /ticket2/opencms/se/sv/buy/?page=1&edid=722DA956-8F42-A240-7CA3-BEA14EEA1B61&sortorder=asc&column=price HTTP/1.1" 404 -
158.220.119.234 - - [30/Jun/2024:02:17:16 +0200] "GET /ticket2/opencms/se/ru/buy/?page=1&edid=F68975D8-2DB7-B52A-F7B9-092BBCD03C6B HTTP/1.1" 404 -
192.99.7.70 - - [30/Jun/2024:02:17:17 +0200] "GET /ticket2/opencms/dk/dk/buy/?page=1&edid=4A6D0EFC-9A2C-BA7B-0FCC-E77691D25C34&sortorder=asc&column=price HTTP/1.1" 404 -
192.95.30.177 - - [30/Jun/2024:02:17:22 +0200] "GET /ticket2/opencms/de/nl/buy/?page=6&comcatid=A17713B6-D984-201A-4143-ED4DB5ED5C2E&catid=06324577-7173-BAB0-146D-E644C912F7C1 HTTP/1.1" 404 -
192.99.7.70 - - [30/Jun/2024:02:17:22 +0200] "GET /ticket2/opencms/dk/dk/buy/?page=1&edid=4A6D0EFC-9A2C-BA7B-0FCC-E77691D25C34&sortorder=asc&column=row HTTP/1.1" 404 -
158.220.119.234 - - [30/Jun/2024:02:17:24 +0200] "GET /ticket2/opencms/se/ru/buy/?page=1&edid=F68975D8-2DB7-B52A-F7B9-092BBCD03C6B&sortorder=desc&column=price HTTP/1.1" 404 -
47.128.38.103 - - [30/Jun/2024:02:17:24 +0200] "GET /ticket2/opencms/fi/venue/?countryid=40378634-F839-FEF7-110F-40EAA530AB1D HTTP/1.1" 200 102292
47.128.38.103 - - [30/Jun/2024:02:17:25 +0200] "GET /ticket2/opencms/system/modules/com.gridnine.opencms.ticketbrokerage.site/resources/pics/logo-new.png HTTP/1.1" 200 13541
47.128.38.103 - - [30/Jun/2024:02:17:25 +0200] "GET /ticket2/opencms/system/modules/com.gridnine.opencms.ticketbrokerage.site/resources/pics/bank_1_nordea.png HTTP/1.1" 200 4807
192.99.3.137 - - [30/Jun/2024:02:17:26 +0200] "GET /ticket2/opencms/dk/en/buy/?page=1&edid=59CB1481-AA3F-58DF-B45C-DCD431C2ECE1&sortorder=desc&column=price HTTP/1.1" 404 -
192.99.7.70 - - [30/Jun/2024:02:17:26 +0200] "GET /ticket2/opencms/dk/dk/buy/?page=1&edid=4A821F38-50DC-2259-FA57-2665C1B72876&sortorder=desc&column=price HTTP/1.1" 404 -
47.128.38.103 - - [30/Jun/2024:02:17:26 +0200] "GET /ticket2/opencms/system/modules/com.gridnine.opencms.ticketbrokerage.site/resources/pics/bank_3_swedbank.png HTTP/1.1" 200 5740
158.220.124.16 - - [30/Jun/2024:02:17:26 +0200] "GET /ticket2/opencms/se/nl/buy/?page=1&edid=917143D1-6174-F38E-60BD-FAD3194E7E23&sortorder=desc&column=row HTTP/1.1" 404 -
47.128.38.103 - - [30/Jun/2024:02:17:26 +0200] "GET /ticket2/opencms/system/modules/com.gridnine.opencms.ticketbrokerage.site/resources/pics/bank_4_seb.png HTTP/1.1" 200 2487
47.128.38.103 - - [30/Jun/2024:02:17:26 +0200] "GET /ticket2/opencms/system/modules/com.gridnine.opencms.ticketbrokerage.site/resources/pics/bank_5_visa_mastercard.png HTTP/1.1" 200 8196
47.128.38.103 - - [30/Jun/2024:02:17:26 +0200] "GET /ticket2/opencms/system/modules/com.gridnine.opencms.ticketbrokerage.site/resources/pics/bank_2_handelsbanken.png HTTP/1.1" 200 4509
47.128.38.103 - - [30/Jun/2024:02:17:26 +0200] "GET /ticket2/opencms/system/modules/com.gridnine.opencms.ticketbrokerage.site/resources/pics/bank_6_american_express.png HTTP/1.1" 200 5570
37.57.218.243 - - [30/Jun/2024:02:17:27 +0200] "GET /ticket2/opencms/se/sv/buy/?page=1&edid=722DA956-8F42-A240-7CA3-BEA14EEA1B61&sortorder=asc&column=section HTTP/1.1" 404 -
192.95.30.177 - - [30/Jun/2024:02:17:30 +0200] "GET /ticket2/opencms/de/nl/buy/?page=6&comcatid=A17713B6-D984-201A-4143-ED4DB5ED5C2E&catid=0A6C99D2-F5BD-7A18-9A5F-5668827042E0 HTTP/1.1" 404 -
192.99.7.70 - - [30/Jun/2024:02:17:30 +0200] "GET /ticket2/opencms/dk/dk/buy/?page=1&edid=4A821F38-50DC-2259-FA57-2665C1B72876&sortorder=desc&column=row HTTP/1.1" 404 -
192.99.7.70 - - [30/Jun/2024:02:17:34 +0200] "GET /ticket2/opencms/dk/dk/buy/?page=1&edid=4ADE2B86-C5CA-F807-C88E-1807FF96945C&sortorder=desc&column=section HTTP/1.1" 404 -
158.220.119.234 - - [30/Jun/2024:02:17:35 +0200] "GET /ticket2/opencms/se/ru/buy/?page=1&edid=F68975D8-2DB7-B52A-F7B9-092BBCD03C6B&sortorder=desc&column=row HTTP/1.1" 404 -
185.191.171.12 - - [30/Jun/2024:02:17:36 +0200] "GET /ticket2/opencms/de/sport/fussball-tickets/serie_a/milan/ HTTP/1.1" 200 76001
51.222.253.12 - - [30/Jun/2024:02:17:36 +0200] "GET /ticket2/opencms/en/venue/?venueid=E16419C0-E16D-8616-72CD-19175637FF0C HTTP/1.1" 200 71353
192.99.7.70 - - [30/Jun/2024:02:17:38 +0200] "GET /ticket2/opencms/dk/dk/buy/?page=1&edid=4B8DF2AC-42E6-6C5D-F1CE-0DA3D8253356&sortorder=asc&column=price HTTP/1.1" 404 -
192.95.30.177 - - [30/Jun/2024:02:17:38 +0200] "GET /ticket2/opencms/de/nl/buy/?page=6&comcatid=A17713B6-D984-201A-4143-ED4DB5ED5C2E&catid=0A9E385E-33D9-328E-DC79-CA2C7009C829 HTTP/1.1" 404 -
158.220.124.16 - - [30/Jun/2024:02:17:38 +0200] "GET /ticket2/opencms/se/nl/buy/?page=1&edid=91A90965-919C-FABC-5A4B-CBD685A20054 HTTP/1.1" 404 -
192.99.3.137 - - [30/Jun/2024:02:17:39 +0200] "GET /ticket2/opencms/dk/en/buy/?page=1&edid=59CB1481-AA3F-58DF-B45C-DCD431C2ECE1&sortorder=desc&column=row HTTP/1.1" 404 -
37.57.218.243 - - [30/Jun/2024:02:17:40 +0200] "GET /ticket2/opencms/se/sv/buy/?page=1&edid=724A83C9-CDED-0E27-D4D6-2D13687BF857&sortorder=asc&column=price HTTP/1.1" 404 -
192.99.7.70 - - [30/Jun/2024:02:17:41 +0200] "GET /ticket2/opencms/dk/dk/buy/?page=1&edid=4BCBE7F2-6908-F260-D7C8-D92DE467FC09&sortorder=asc&column=price HTTP/1.1" 404 -
158.220.119.234 - - [30/Jun/2024:02:17:42 +0200] "GET /ticket2/opencms/se/ru/buy/?page=1&edid=F68975D8-2DB7-B52A-F7B9-092BBCD03C6B&sortorder=desc&column=section HTTP/1.1" 404 -
85.208.96.194 - - [30/Jun/2024:02:17:42 +0200] "GET /ticket2/opencms/fi/urheilu/hockey/nhl/florida-panthers/ HTTP/1.1" 200 76082
192.99.7.70 - - [30/Jun/2024:02:17:45 +0200] "GET /ticket2/opencms/dk/dk/buy/?page=1&edid=4C057F1A-F8DE-8654-F39E-9DF6A45A6174&sortorder=desc&column=section HTTP/1.1" 404 -
114.119.140.79 - - [30/Jun/2024:02:17:46 +0200] "GET /ticket2/opencms/en/sell/?edid=87B4AACF-CAE2-8F54-548F-79BBB43EDD42 HTTP/1.1" 302 -
192.95.30.177 - - [30/Jun/2024:02:17:46 +0200] "GET /ticket2/opencms/de/nl/buy/?page=6&comcatid=A17713B6-D984-201A-4143-ED4DB5ED5C2E&catid=21C3854B-901E-11F9-7B7D-6838CC6AFAA4 HTTP/1.1" 404 -
192.99.7.70 - - [30/Jun/2024:02:17:48 +0200] "GET /ticket2/opencms/dk/dk/buy/?page=1&edid=4C0E2D60-F642-3EA7-4AF8-4A6B372A6F1A&sortorder=asc&column=price HTTP/1.1" 404 -
47.128.109.30 - - [30/Jun/2024:02:17:49 +0200] "GET /ticket2/opencms/nl/buy/?comcatid=810BB404-4103-77F2-A6C2-12D5E6C338E2 HTTP/1.1" 200 72808
114.119.140.79 - - [30/Jun/2024:02:17:50 +0200] "GET /ticket2/opencms/en/login/?url=/en/sell/ HTTP/1.1" 200 73431
