47.128.46.66 - - [30/Jun/2024:02:01:27 +0200] "GET /ticket2/opencms/system/modules/com.gridnine.opencms.ticketbrokerage.site/resources/pics/bank_2_handelsbanken.png HTTP/1.1" 200 4509
47.128.46.66 - - [30/Jun/2024:02:01:28 +0200] "GET /ticket2/opencms/system/modules/com.gridnine.opencms.ticketbrokerage.site/resources/pics/bank_5_visa_mastercard.png HTTP/1.1" 200 8196
47.128.46.66 - - [30/Jun/2024:02:01:28 +0200] "GET /ticket2/opencms/system/modules/com.gridnine.opencms.ticketbrokerage.site/resources/pics/bank_3_swedbank.png HTTP/1.1" 200 5740
47.128.46.66 - - [30/Jun/2024:02:01:28 +0200] "GET /ticket2/opencms/system/modules/com.gridnine.opencms.ticketbrokerage.site/resources/pics/bank_4_seb.png HTTP/1.1" 200 2487
47.128.46.66 - - [30/Jun/2024:02:01:28 +0200] "GET /ticket2/opencms/system/modules/com.gridnine.opencms.ticketbrokerage.site/resources/pics/bank_6_american_express.png HTTP/1.1" 200 5570
51.222.253.7 - - [30/Jun/2024:02:01:30 +0200] "GET /ticket2/opencms/no/buy/?page=6&comcatid=A17713B6-D984-201A-4143-ED4DB5ED5C2E&catid=7ACC33AD-EE7E-AAA7-9050-0F4587759B87 HTTP/1.1" 200 83611
192.95.30.177 - - [30/Jun/2024:02:01:32 +0200] "GET /ticket2/opencms/de/fr/buy/?comcatid=97ECA65A-72DA-F9AF-9DBB-245D3CFED1BE&catid=2E79AED8-FF58-B4E8-AFB0-43E7CEBE7864 HTTP/1.1" 404 -
192.95.30.177 - - [30/Jun/2024:02:01:40 +0200] "GET /ticket2/opencms/de/fr/buy/?comcatid=97ECA65A-72DA-F9AF-9DBB-245D3CFED1BE&catid=43171577-14C8-6B19-25D9-DF372BFFCBFA HTTP/1.1" 404 -
192.95.30.177 - - [30/Jun/2024:02:01:48 +0200] "GET /ticket2/opencms/de/fr/buy/?comcatid=97ECA65A-72DA-F9AF-9DBB-245D3CFED1BE&catid=4C4DADF0-07CC-9B24-D2D9-940EF378BE99 HTTP/1.1" 404 -
47.128.59.7 - - [30/Jun/2024:02:01:53 +0200] "GET /ticket2/opencms/fi/venue/?countryid=9D09DC7F-C38B-5D28-4040-9F250F6A5B12 HTTP/1.1" 200 102515
47.128.59.7 - - [30/Jun/2024:02:01:54 +0200] "GET /ticket2/opencms/system/modules/com.gridnine.opencms.ticketbrokerage.site/resources/pics/logo-new.png HTTP/1.1" 200 13541
47.128.59.7 - - [30/Jun/2024:02:01:54 +0200] "GET /ticket2/opencms/system/modules/com.gridnine.opencms.ticketbrokerage.site/resources/pics/bank_1_nordea.png HTTP/1.1" 200 4807
47.128.59.7 - - [30/Jun/2024:02:01:55 +0200] "GET /ticket2/opencms/system/modules/com.gridnine.opencms.ticketbrokerage.site/resources/pics/bank_4_seb.png HTTP/1.1" 200 2487
47.128.59.7 - - [30/Jun/2024:02:01:55 +0200] "GET /ticket2/opencms/system/modules/com.gridnine.opencms.ticketbrokerage.site/resources/pics/bank_5_visa_mastercard.png HTTP/1.1" 200 8196
47.128.59.7 - - [30/Jun/2024:02:01:55 +0200] "GET /ticket2/opencms/system/modules/com.gridnine.opencms.ticketbrokerage.site/resources/pics/bank_3_swedbank.png HTTP/1.1" 200 5740
47.128.59.7 - - [30/Jun/2024:02:01:55 +0200] "GET /ticket2/opencms/system/modules/com.gridnine.opencms.ticketbrokerage.site/resources/pics/bank_2_handelsbanken.png HTTP/1.1" 200 4509
47.128.59.7 - - [30/Jun/2024:02:01:55 +0200] "GET /ticket2/opencms/system/modules/com.gridnine.opencms.ticketbrokerage.site/resources/pics/bank_6_american_express.png HTTP/1.1" 200 5570
192.95.30.177 - - [30/Jun/2024:02:01:56 +0200] "GET /ticket2/opencms/de/fr/buy/?comcatid=97ECA65A-72DA-F9AF-9DBB-245D3CFED1BE&catid=55D1256D-BDD9-CBA3-47A3-0A252F702555 HTTP/1.1" 404 -
192.95.30.177 - - [30/Jun/2024:02:02:04 +0200] "GET /ticket2/opencms/de/fr/buy/?comcatid=97ECA65A-72DA-F9AF-9DBB-245D3CFED1BE&catid=6CD184E8-C8D4-E1CC-33D0-6F47E3751240 HTTP/1.1" 404 -
47.128.57.114 - - [30/Jun/2024:02:02:11 +0200] "GET /ticket2/opencms/sv/magazine/article?title=neymar-en-av-varldens-dyraste-varvningar HTTP/1.1" 200 75274
192.95.30.177 - - [30/Jun/2024:02:02:11 +0200] "GET /ticket2/opencms/de/fr/buy/?comcatid=97ECA65A-72DA-F9AF-9DBB-245D3CFED1BE&catid=757E2DFB-33DA-9B34-8402-9F06B19D8409 HTTP/1.1" 404 -
47.128.57.114 - - [30/Jun/2024:02:02:12 +0200] "GET /ticket2/opencms/system/modules/com.gridnine.opencms.ticketbrokerage.site/resources/pics/logo-new.png HTTP/1.1" 200 13541
47.128.57.114 - - [30/Jun/2024:02:02:12 +0200] "GET /ticket2/opencms/system/modules/com.gridnine.opencms.ticketbrokerage.site/resources/pics/bank_1_nordea.png HTTP/1.1" 200 4807
47.128.57.114 - - [30/Jun/2024:02:02:13 +0200] "GET /ticket2/opencms/system/modules/com.gridnine.opencms.ticketbrokerage.site/resources/pics/bank_4_seb.png HTTP/1.1" 200 2487
47.128.57.114 - - [30/Jun/2024:02:02:13 +0200] "GET /ticket2/opencms/system/modules/com.gridnine.opencms.ticketbrokerage.site/resources/pics/bank_2_handelsbanken.png HTTP/1.1" 200 4509
47.128.57.114 - - [30/Jun/2024:02:02:13 +0200] "GET /ticket2/opencms/system/modules/com.gridnine.opencms.ticketbrokerage.site/resources/pics/bank_3_swedbank.png HTTP/1.1" 200 5740
47.128.57.114 - - [30/Jun/2024:02:02:13 +0200] "GET /ticket2/opencms/system/modules/com.gridnine.opencms.ticketbrokerage.site/resources/pics/bank_5_visa_mastercard.png HTTP/1.1" 200 8196
47.128.57.114 - - [30/Jun/2024:02:02:13 +0200] "GET /ticket2/opencms/system/modules/com.gridnine.opencms.ticketbrokerage.site/resources/pics/bank_6_american_express.png HTTP/1.1" 200 5570
216.245.221.83 - - [30/Jun/2024:02:02:13 +0200] "HEAD /ticket2/opencms/ HTTP/1.1" 302 -
216.245.221.83 - - [30/Jun/2024:02:02:14 +0200] "HEAD /ticket2/opencms/en/ HTTP/1.1" 200 -
52.167.144.184 - - [30/Jun/2024:02:02:18 +0200] "GET /ticket2/opencms/sv/buy/?page=1&edid=21CACDC7-0438-FD22-526F-6D42C4B91AF7 HTTP/1.1" 200 88568
192.95.30.177 - - [30/Jun/2024:02:02:19 +0200] "GET /ticket2/opencms/de/fr/buy/?comcatid=97ECA65A-72DA-F9AF-9DBB-245D3CFED1BE&catid=7D3BEF66-5D88-3916-5B89-0E7B139E0169 HTTP/1.1" 404 -
192.95.30.177 - - [30/Jun/2024:02:02:27 +0200] "GET /ticket2/opencms/de/fr/buy/?comcatid=97ECA65A-72DA-F9AF-9DBB-245D3CFED1BE&catid=81B744E7-1FEE-E757-C0AB-C7AF73CDE252 HTTP/1.1" 404 -
51.222.253.10 - - [30/Jun/2024:02:02:27 +0200] "GET /ticket2/opencms/fi/venue/?countryid=D1CF94F0-7D29-9934-B390-888966FEE978 HTTP/1.1" 200 102292
192.95.30.177 - - [30/Jun/2024:02:02:35 +0200] "GET /ticket2/opencms/de/fr/buy/?comcatid=97ECA65A-72DA-F9AF-9DBB-245D3CFED1BE&catid=8732E72C-A028-EA8C-4D4D-DEB44E2A28A8 HTTP/1.1" 404 -
45.156.130.4 - - [30/Jun/2024:02:02:40 +0200] "GET / HTTP/1.1" 404 -
45.156.130.4 - - [30/Jun/2024:02:02:41 +0200] "GET /wp-content/plugins/wp-central/readme.txt HTTP/1.1" 404 -
192.95.30.177 - - [30/Jun/2024:02:02:43 +0200] "GET /ticket2/opencms/de/fr/buy/?comcatid=97ECA65A-72DA-F9AF-9DBB-245D3CFED1BE&catid=8B6802AF-1ADE-4BE1-A1F7-7671190CFB4F HTTP/1.1" 404 -
66.249.66.44 - - [30/Jun/2024:02:02:43 +0200] "GET /ticket2/opencms/de/ HTTP/1.1" 200 91946
114.119.153.220 - - [30/Jun/2024:02:02:46 +0200] "GET /ticket2/opencms/en/sell/?edid=DEDE117D-E9DF-D09E-8C4D-6DC10C4163A7 HTTP/1.1" 302 -
114.119.153.220 - - [30/Jun/2024:02:02:50 +0200] "GET /ticket2/opencms/en/login/?url=/en/sell/ HTTP/1.1" 200 73431
192.95.30.177 - - [30/Jun/2024:02:02:51 +0200] "GET /ticket2/opencms/de/fr/buy/?comcatid=97ECA65A-72DA-F9AF-9DBB-245D3CFED1BE&catid=9457695E-36ED-A63E-7A88-32963954E2C7 HTTP/1.1" 404 -
192.95.30.177 - - [30/Jun/2024:02:02:59 +0200] "GET /ticket2/opencms/de/fr/buy/?comcatid=97ECA65A-72DA-F9AF-9DBB-245D3CFED1BE&catid=D414C6A5-7A03-3389-42A8-D7B7FE32BB37 HTTP/1.1" 404 -
52.167.144.24 - - [30/Jun/2024:02:03:05 +0200] "GET /ticket2/opencms/dk/sv/ HTTP/1.1" 404 -
192.95.30.177 - - [30/Jun/2024:02:03:07 +0200] "GET /ticket2/opencms/de/fr/buy/?comcatid=97ECA65A-72DA-F9AF-9DBB-245D3CFED1BE&catid=DA31441B-C568-3C77-D08C-698809032494 HTTP/1.1" 404 -
66.249.92.131 - - [30/Jun/2024:02:03:13 +0200] "GET /ticket2/opencms/dk/sport/fodboldbilletter/la-liga/valencia/ HTTP/1.1" 200 73426
192.95.30.177 - - [30/Jun/2024:02:03:14 +0200] "GET /ticket2/opencms/de/fr/buy/?comcatid=97ECA65A-72DA-F9AF-9DBB-245D3CFED1BE&catid=E3105E1E-3982-291E-5523-1C1DF161E9B7 HTTP/1.1" 404 -
70.121.84.124 - - [30/Jun/2024:02:03:15 +0200] "GET / HTTP/1.1" 404 -
66.249.92.131 - - [30/Jun/2024:02:03:17 +0200] "GET /ticket2/opencms/dk/sport/fodboldbilletter/premier-league/newcastle/ HTTP/1.1" 200 84274
51.222.253.14 - - [30/Jun/2024:02:03:19 +0200] "GET /ticket2/opencms/en/venue/?venueid=CAB4F4C7-6D45-C26D-C063-947E43EB66F6 HTTP/1.1" 200 71377
192.95.30.177 - - [30/Jun/2024:02:03:22 +0200] "GET /ticket2/opencms/de/fr/buy/?comcatid=97ECA65A-72DA-F9AF-9DBB-245D3CFED1BE&catid=F4D223A4-C027-46DC-3DE5-726A23E30A62 HTTP/1.1" 404 -
192.95.30.177 - - [30/Jun/2024:02:03:30 +0200] "GET /ticket2/opencms/de/fr/buy/?comcatid=97ECA65A-72DA-F9AF-9DBB-245D3CFED1BE&catid=F7F89B9B-6697-7881-54AE-4C39276BF1B8 HTTP/1.1" 404 -
192.95.30.177 - - [30/Jun/2024:02:03:38 +0200] "GET /ticket2/opencms/de/fr/buy/?comcatid=97ECA65A-72DA-F9AF-9DBB-245D3CFED1BE&catid=F7FF413B-5FDF-82CF-E5BB-CD4AB6027974 HTTP/1.1" 404 -
185.191.171.19 - - [30/Jun/2024:02:03:39 +0200] "GET /ticket2/opencms/sv/sport/fotbollsbiljetter/la_liga/barcelona/restips_camp_nou/ HTTP/1.1" 200 78137
66.249.76.166 - - [30/Jun/2024:02:03:45 +0200] "GET /ticket2/opencms/dk/about/ HTTP/1.1" 200 73085
192.95.30.177 - - [30/Jun/2024:02:03:46 +0200] "GET /ticket2/opencms/de/fr/buy/?comcatid=A17713B6-D984-201A-4143-ED4DB5ED5C2E HTTP/1.1" 404 -
192.95.30.177 - - [30/Jun/2024:02:03:54 +0200] "GET /ticket2/opencms/de/fr/buy/?comcatid=A17713B6-D984-201A-4143-ED4DB5ED5C2E&catid=061607E6-22B7-6FFA-03FD-A4B8B13A943F HTTP/1.1" 404 -
192.95.30.177 - - [30/Jun/2024:02:04:02 +0200] "GET /ticket2/opencms/de/fr/buy/?comcatid=A17713B6-D984-201A-4143-ED4DB5ED5C2E&catid=06324577-7173-BAB0-146D-E644C912F7C1 HTTP/1.1" 404 -
51.222.253.2 - - [30/Jun/2024:02:04:04 +0200] "GET /ticket2/opencms/en/venue/?venueid=6FCDCCA7-47BD-CFE7-4CCC-4C7129F7CE52 HTTP/1.1" 200 71335
114.119.133.87 - - [30/Jun/2024:02:04:09 +0200] "GET /ticket2/opencms/en/venue/?venueid=EA1AFB8D-F7C7-5DC6-A760-CAB159647828 HTTP/1.1" 200 71333
192.95.30.177 - - [30/Jun/2024:02:04:09 +0200] "GET /ticket2/opencms/de/fr/buy/?comcatid=A17713B6-D984-201A-4143-ED4DB5ED5C2E&catid=08F27F2A-1872-A39F-A97C-63093E77B18A HTTP/1.1" 404 -
192.95.30.177 - - [30/Jun/2024:02:04:17 +0200] "GET /ticket2/opencms/de/fr/buy/?comcatid=A17713B6-D984-201A-4143-ED4DB5ED5C2E&catid=0A6C99D2-F5BD-7A18-9A5F-5668827042E0 HTTP/1.1" 404 -
192.95.30.177 - - [30/Jun/2024:02:04:25 +0200] "GET /ticket2/opencms/de/fr/buy/?comcatid=A17713B6-D984-201A-4143-ED4DB5ED5C2E&catid=0A9E385E-33D9-328E-DC79-CA2C7009C829 HTTP/1.1" 404 -
192.95.30.177 - - [30/Jun/2024:02:04:33 +0200] "GET /ticket2/opencms/de/fr/buy/?comcatid=A17713B6-D984-201A-4143-ED4DB5ED5C2E&catid=21C3854B-901E-11F9-7B7D-6838CC6AFAA4 HTTP/1.1" 404 -
192.95.30.177 - - [30/Jun/2024:02:04:41 +0200] "GET /ticket2/opencms/de/fr/buy/?comcatid=A17713B6-D984-201A-4143-ED4DB5ED5C2E&catid=24AC1CA6-1C09-0BE5-C04A-9DCCDB15D5E9 HTTP/1.1" 404 -
192.95.30.177 - - [30/Jun/2024:02:04:49 +0200] "GET /ticket2/opencms/de/fr/buy/?comcatid=A17713B6-D984-201A-4143-ED4DB5ED5C2E&catid=2DE12DDA-A5FB-C1C6-CB20-FBF873FB032B HTTP/1.1" 404 -
51.222.253.5 - - [30/Jun/2024:02:04:55 +0200] "GET /ticket2/opencms/sv/buy/?page=1&edid=1D48D9F1-14CC-80C6-EB88-E10E851CDB7B HTTP/1.1" 200 88126
192.95.30.177 - - [30/Jun/2024:02:04:57 +0200] "GET /ticket2/opencms/de/fr/buy/?comcatid=A17713B6-D984-201A-4143-ED4DB5ED5C2E&catid=2FC3D548-EAF9-1354-0CD2-7D7619DA2334 HTTP/1.1" 404 -
40.77.167.54 - - [30/Jun/2024:02:05:01 +0200] "GET /ticket2/opencms/dk/magazine/ HTTP/1.1" 200 102257
192.95.30.177 - - [30/Jun/2024:02:05:04 +0200] "GET /ticket2/opencms/de/fr/buy/?comcatid=A17713B6-D984-201A-4143-ED4DB5ED5C2E&catid=36394212-F82E-F845-399B-42BED55969CC HTTP/1.1" 404 -
192.95.30.177 - - [30/Jun/2024:02:05:12 +0200] "GET /ticket2/opencms/de/fr/buy/?comcatid=A17713B6-D984-201A-4143-ED4DB5ED5C2E&catid=3A7AEA37-903D-9533-4B33-21B0001FF1D1 HTTP/1.1" 404 -
52.167.144.171 - - [30/Jun/2024:02:05:13 +0200] "GET /ticket2/opencms/fi/sell/?edid=1C57D46E-6939-E0A3-6942-91BB491B842E HTTP/1.1" 302 -
52.167.144.171 - - [30/Jun/2024:02:05:17 +0200] "GET /ticket2/opencms/fi/login/?url=/fi/sell/ HTTP/1.1" 200 75191
192.95.30.177 - - [30/Jun/2024:02:05:20 +0200] "GET /ticket2/opencms/de/fr/buy/?comcatid=A17713B6-D984-201A-4143-ED4DB5ED5C2E&catid=3B549160-8B9C-E872-44A9-20FEA86B30E8 HTTP/1.1" 404 -
192.95.30.177 - - [30/Jun/2024:02:05:28 +0200] "GET /ticket2/opencms/de/fr/buy/?comcatid=A17713B6-D984-201A-4143-ED4DB5ED5C2E&catid=42C82D82-D02A-8562-E55C-48ADB3771882 HTTP/1.1" 404 -
192.95.30.177 - - [30/Jun/2024:02:05:36 +0200] "GET /ticket2/opencms/de/fr/buy/?comcatid=A17713B6-D984-201A-4143-ED4DB5ED5C2E&catid=4B941E1B-E4E2-C53E-C693-9FA91BBA9AD5 HTTP/1.1" 404 -
192.95.30.177 - - [30/Jun/2024:02:05:43 +0200] "GET /ticket2/opencms/de/fr/buy/?comcatid=A17713B6-D984-201A-4143-ED4DB5ED5C2E&catid=515A9A29-35A0-2DB8-262B-AEF122DB04F6 HTTP/1.1" 404 -
66.249.76.2 - - [30/Jun/2024:02:05:47 +0200] "GET /ticket2/opencms/en/venue/?venueid=BB4F9455-CDA6-66FB-561C-A3A9BC4EB96F HTTP/1.1" 200 71354
51.222.253.5 - - [30/Jun/2024:02:05:49 +0200] "GET /ticket2/opencms/dk/venue/?venueid=EB773635-94F3-7E6F-AC1A-743B06E63C1C HTTP/1.1" 200 71827
216.244.66.196 - - [30/Jun/2024:02:05:51 +0200] "GET /ticket2/opencms/robots.txt HTTP/1.1" 200 773
192.95.30.177 - - [30/Jun/2024:02:05:51 +0200] "GET /ticket2/opencms/de/fr/buy/?comcatid=A17713B6-D984-201A-4143-ED4DB5ED5C2E&catid=573B7747-EE85-D769-C87D-F3F61FB64AA5 HTTP/1.1" 404 -
216.245.221.83 - - [30/Jun/2024:02:05:53 +0200] "HEAD /ticket2/opencms/ HTTP/1.1" 302 -
216.245.221.83 - - [30/Jun/2024:02:05:56 +0200] "HEAD /ticket2/opencms/en/ HTTP/1.1" 200 -
192.95.30.177 - - [30/Jun/2024:02:05:59 +0200] "GET /ticket2/opencms/de/fr/buy/?comcatid=A17713B6-D984-201A-4143-ED4DB5ED5C2E&catid=5A89E483-58AD-080E-F363-E16CE738916A HTTP/1.1" 404 -
192.95.30.177 - - [30/Jun/2024:02:06:07 +0200] "GET /ticket2/opencms/de/fr/buy/?comcatid=A17713B6-D984-201A-4143-ED4DB5ED5C2E&catid=64756941-02D2-3538-2077-8C2508F4A3A8 HTTP/1.1" 404 -
185.157.223.150 - - [30/Jun/2024:02:06:11 +0200] "GET /ticket2/tickets_export/outgoing/export.txt HTTP/1.1" 200 24553702
192.95.30.177 - - [30/Jun/2024:02:06:15 +0200] "GET /ticket2/opencms/de/fr/buy/?comcatid=A17713B6-D984-201A-4143-ED4DB5ED5C2E&catid=6BD6E0B0-84AF-3A0D-3851-C1357CE9B771 HTTP/1.1" 404 -
192.95.30.177 - - [30/Jun/2024:02:06:23 +0200] "GET /ticket2/opencms/de/fr/buy/?comcatid=A17713B6-D984-201A-4143-ED4DB5ED5C2E&catid=6E0E0CA4-3F14-9697-92B9-3687047BE453 HTTP/1.1" 404 -
192.95.30.177 - - [30/Jun/2024:02:06:31 +0200] "GET /ticket2/opencms/de/fr/buy/?comcatid=A17713B6-D984-201A-4143-ED4DB5ED5C2E&catid=70B37487-FE30-D476-CAE7-E6AFEA3153F2 HTTP/1.1" 404 -
51.222.253.13 - - [30/Jun/2024:02:06:34 +0200] "GET /ticket2/opencms/en/venue/?venueid=62E87565-D10E-37EE-660F-D1D9C793A251 HTTP/1.1" 200 71365
207.46.13.54 - - [30/Jun/2024:02:06:35 +0200] "GET /ticket2/opencms/en/buy?page=1&edid=2C628F37-50C8-6D86-55F0-9E385D7A6FB4 HTTP/1.1" 200 85181
192.95.30.177 - - [30/Jun/2024:02:06:38 +0200] "GET /ticket2/opencms/de/fr/buy/?comcatid=A17713B6-D984-201A-4143-ED4DB5ED5C2E&catid=739BFC5D-78FA-6834-D764-6CE64CA5F9EC HTTP/1.1" 404 -
192.95.30.177 - - [30/Jun/2024:02:06:46 +0200] "GET /ticket2/opencms/de/fr/buy/?comcatid=A17713B6-D984-201A-4143-ED4DB5ED5C2E&catid=7ACC33AD-EE7E-AAA7-9050-0F4587759B87 HTTP/1.1" 404 -
66.249.76.1 - - [30/Jun/2024:02:06:48 +0200] "GET /ticket2/opencms/en/sell/?edid=4D569333-A725-AF23-311D-520AB9757B29 HTTP/1.1" 302 -
66.249.66.198 - - [30/Jun/2024:02:06:49 +0200] "GET /ticket2/opencms/en/login/?url=/en/sell/ HTTP/1.1" 200 73431
192.95.30.177 - - [30/Jun/2024:02:06:54 +0200] "GET /ticket2/opencms/de/fr/buy/?comcatid=A17713B6-D984-201A-4143-ED4DB5ED5C2E&catid=7BADFFFB-57C5-5DBC-E7EB-B45075B3D8F9 HTTP/1.1" 404 -
192.95.30.177 - - [30/Jun/2024:02:07:02 +0200] "GET /ticket2/opencms/de/fr/buy/?comcatid=A17713B6-D984-201A-4143-ED4DB5ED5C2E&catid=7CF2D645-F785-0CBB-1B7C-C4711617EAAD HTTP/1.1" 404 -
192.95.30.177 - - [30/Jun/2024:02:07:10 +0200] "GET /ticket2/opencms/de/fr/buy/?comcatid=A17713B6-D984-201A-4143-ED4DB5ED5C2E&catid=7EF04817-972D-18B1-F941-DE800D088075 HTTP/1.1" 404 -
216.245.221.83 - - [30/Jun/2024:02:07:13 +0200] "HEAD /ticket2/opencms/ HTTP/1.1" 302 -
216.245.221.83 - - [30/Jun/2024:02:07:14 +0200] "HEAD /ticket2/opencms/en/ HTTP/1.1" 200 -
51.222.253.10 - - [30/Jun/2024:02:07:16 +0200] "GET /ticket2/opencms/en/venue/?venueid=18588407-AEA5-199B-F5F1-2A140DC5DCA8 HTTP/1.1" 200 71323
192.95.30.177 - - [30/Jun/2024:02:07:18 +0200] "GET /ticket2/opencms/de/fr/buy/?comcatid=A17713B6-D984-201A-4143-ED4DB5ED5C2E&catid=82F804FA-9F69-CB6B-D41D-7BF7C716058B HTTP/1.1" 404 -
85.208.96.207 - - [30/Jun/2024:02:07:18 +0200] "GET /ticket2/opencms/robots.txt HTTP/1.1" 200 773
85.208.96.203 - - [30/Jun/2024:02:07:19 +0200] "GET /ticket2/opencms/de/sport/fussball-tickets/bundesliga/augsburg/ HTTP/1.1" 200 76365
192.95.30.177 - - [30/Jun/2024:02:07:26 +0200] "GET /ticket2/opencms/de/fr/buy/?comcatid=A17713B6-D984-201A-4143-ED4DB5ED5C2E&catid=88C381AD-5D76-A34D-AC15-A7129F8EF5BE HTTP/1.1" 404 -
192.95.30.177 - - [30/Jun/2024:02:07:33 +0200] "GET /ticket2/opencms/de/fr/buy/?comcatid=A17713B6-D984-201A-4143-ED4DB5ED5C2E&catid=8AA488FA-6797-D710-8108-3088D6948FC1 HTTP/1.1" 404 -
40.77.167.23 - - [30/Jun/2024:02:07:40 +0200] "GET /ticket2/opencms/en/buy/?page=1&edid=C869636F-393E-95E4-05F7-8AC32A453284 HTTP/1.1" 200 85160
192.95.30.177 - - [30/Jun/2024:02:07:41 +0200] "GET /ticket2/opencms/de/fr/buy/?comcatid=A17713B6-D984-201A-4143-ED4DB5ED5C2E&catid=97608B80-50C4-18AE-7A82-0413C62E9243 HTTP/1.1" 404 -
114.119.153.220 - - [30/Jun/2024:02:07:47 +0200] "GET /ticket2/opencms/en/sell/?edid=AFF635D7-9C5A-0F80-618E-CCA16AF02ECF HTTP/1.1" 302 -
192.95.30.177 - - [30/Jun/2024:02:07:49 +0200] "GET /ticket2/opencms/de/fr/buy/?comcatid=A17713B6-D984-201A-4143-ED4DB5ED5C2E&catid=A3372871-3019-08B8-80CE-74B78F441ACA HTTP/1.1" 404 -
114.119.153.220 - - [30/Jun/2024:02:07:50 +0200] "GET /ticket2/opencms/en/login/?url=/en/sell/ HTTP/1.1" 200 73431
192.95.30.177 - - [30/Jun/2024:02:07:57 +0200] "GET /ticket2/opencms/de/fr/buy/?comcatid=A17713B6-D984-201A-4143-ED4DB5ED5C2E&catid=A4D9EA9A-192D-0274-BF26-9C98D8B902AB HTTP/1.1" 404 -
51.222.253.14 - - [30/Jun/2024:02:08:03 +0200] "GET /ticket2/opencms/en/venue/?venueid=FD8E2085-4C66-B96B-FE96-170F5D626150 HTTP/1.1" 200 71350
192.95.30.177 - - [30/Jun/2024:02:08:05 +0200] "GET /ticket2/opencms/de/fr/buy/?comcatid=A17713B6-D984-201A-4143-ED4DB5ED5C2E&catid=A7674DEA-B39E-502C-2F76-760AE08947E9 HTTP/1.1" 404 -
192.95.30.177 - - [30/Jun/2024:02:08:13 +0200] "GET /ticket2/opencms/de/fr/buy/?comcatid=A17713B6-D984-201A-4143-ED4DB5ED5C2E&catid=AE3FE643-AE41-BAA6-237D-5206D1B044A1 HTTP/1.1" 404 -
192.95.30.177 - - [30/Jun/2024:02:08:21 +0200] "GET /ticket2/opencms/de/fr/buy/?comcatid=A17713B6-D984-201A-4143-ED4DB5ED5C2E&catid=B0817F4C-4B6F-A68C-6229-209BB05F84D4 HTTP/1.1" 404 -
192.95.30.177 - - [30/Jun/2024:02:08:28 +0200] "GET /ticket2/opencms/de/fr/buy/?comcatid=A17713B6-D984-201A-4143-ED4DB5ED5C2E&catid=BDD8C04C-DD99-1C07-B5F3-F2AB98D157E8 HTTP/1.1" 404 -
87.250.224.10 - - [30/Jun/2024:02:08:34 +0200] "GET /ticket2/opencms/robots.txt HTTP/1.1" 200 773
95.108.213.108 - - [30/Jun/2024:02:08:34 +0200] "GET /ticket2/opencms/ru/login HTTP/1.1" 500 -
192.95.30.177 - - [30/Jun/2024:02:08:36 +0200] "GET /ticket2/opencms/de/fr/buy/?comcatid=A17713B6-D984-201A-4143-ED4DB5ED5C2E&catid=BE041FBE-C1A7-918C-EB61-99ED02D12F5B HTTP/1.1" 404 -
192.95.30.177 - - [30/Jun/2024:02:08:44 +0200] "GET /ticket2/opencms/de/fr/buy/?comcatid=A17713B6-D984-201A-4143-ED4DB5ED5C2E&catid=C0DF818C-DB21-6E2E-4056-DB751FFE0C41 HTTP/1.1" 404 -
51.222.253.17 - - [30/Jun/2024:02:08:47 +0200] "GET /ticket2/opencms/en/venue/?venueid=F71B1DE7-11E1-4331-6276-7D92F25D2949 HTTP/1.1" 200 71406
66.249.66.74 - - [30/Jun/2024:02:08:51 +0200] "GET /ticket2/opencms/dk/about/ HTTP/1.1" 200 73085
192.95.30.177 - - [30/Jun/2024:02:08:52 +0200] "GET /ticket2/opencms/de/fr/buy/?comcatid=A17713B6-D984-201A-4143-ED4DB5ED5C2E&catid=C48671DB-5AEB-8CE2-928E-38417FFBE085 HTTP/1.1" 404 -
66.249.66.45 - - [30/Jun/2024:02:08:53 +0200] "GET /ticket2/opencms/sv/buy/?page=1&edid=84ABEF98-5B99-FE9A-F3A3-E305A7E3217D HTTP/1.1" 200 110747
192.95.30.177 - - [30/Jun/2024:02:09:00 +0200] "GET /ticket2/opencms/de/fr/buy/?comcatid=A17713B6-D984-201A-4143-ED4DB5ED5C2E&catid=C871EAE3-C584-718A-9795-07CDEF43FA75 HTTP/1.1" 404 -
20.112.86.195 - - [30/Jun/2024:02:09:06 +0200] "GET /ticket2/opencms/system/modules/com.gridnine.opencms.ticketbrokerage.site/resources/pics/bank_5_visa_mastercard.png HTTP/1.1" 200 8196
192.95.30.177 - - [30/Jun/2024:02:09:08 +0200] "GET /ticket2/opencms/de/fr/buy/?comcatid=A17713B6-D984-201A-4143-ED4DB5ED5C2E&catid=D08E96E8-A514-9E09-4E22-63713911E0B8 HTTP/1.1" 404 -
192.99.3.137 - - [30/Jun/2024:02:09:10 +0200] "GET /ticket2/opencms/dk/robots.txt HTTP/1.1" 404 -
192.99.7.70 - - [30/Jun/2024:02:09:13 +0200] "GET /ticket2/opencms/dk/robots.txt HTTP/1.1" 404 -
192.99.3.137 - - [30/Jun/2024:02:09:14 +0200] "GET /ticket2/opencms/dk/en/buy/?page=1&edid=48EF2A5A-89BF-0729-2E7F-CB005311805C&sortorder=asc&column=price HTTP/1.1" 404 -
192.95.30.177 - - [30/Jun/2024:02:09:16 +0200] "GET /ticket2/opencms/de/fr/buy/?comcatid=A17713B6-D984-201A-4143-ED4DB5ED5C2E&catid=D8B345C9-F7A5-E620-4B43-C34EB0D6885B HTTP/1.1" 404 -
192.99.7.70 - - [30/Jun/2024:02:09:17 +0200] "GET /ticket2/opencms/dk/dk/buy/?comcatid=A17713B6-D984-201A-4143-ED4DB5ED5C2E&catid=D8B345C9-F7A5-E620-4B43-C34EB0D6885B HTTP/1.1" 404 -
192.99.3.137 - - [30/Jun/2024:02:09:17 +0200] "GET /ticket2/opencms/dk/en/buy/?page=1&edid=49F6B155-E41A-63AF-A867-E3E7D86F3439&sortorder=asc&column=section HTTP/1.1" 404 -
192.99.7.70 - - [30/Jun/2024:02:09:21 +0200] "GET /ticket2/opencms/dk/dk/buy/?comcatid=A17713B6-D984-201A-4143-ED4DB5ED5C2E&catid=E92E6B1B-7CD1-74B1-312C-265A7D8125D0 HTTP/1.1" 404 -
37.57.218.243 - - [30/Jun/2024:02:09:22 +0200] "GET /ticket2/opencms/se/robots.txt HTTP/1.1" 404 -
192.99.3.137 - - [30/Jun/2024:02:09:22 +0200] "GET /ticket2/opencms/dk/en/buy/?page=1&edid=4A1E541D-A2F7-F553-9244-C365DA9D6313&sortorder=asc&column=price HTTP/1.1" 404 -
192.95.30.177 - - [30/Jun/2024:02:09:24 +0200] "GET /ticket2/opencms/de/fr/buy/?comcatid=A17713B6-D984-201A-4143-ED4DB5ED5C2E&catid=E92E6B1B-7CD1-74B1-312C-265A7D8125D0 HTTP/1.1" 404 -
192.99.7.70 - - [30/Jun/2024:02:09:24 +0200] "GET /ticket2/opencms/dk/dk/buy/?page=1&edid=001A924D-51B3-F6EA-12AD-5B5FF406C83C&sortorder=asc&column=price HTTP/1.1" 404 -
192.99.7.70 - - [30/Jun/2024:02:09:28 +0200] "GET /ticket2/opencms/dk/dk/buy/?page=1&edid=001A924D-51B3-F6EA-12AD-5B5FF406C83C&sortorder=asc&column=row HTTP/1.1" 404 -
114.119.141.139 - - [30/Jun/2024:02:09:28 +0200] "GET /ticket2/opencms/en/buy/?page=1&edid=C19BDC6D-B9B2-2881-03CD-5E0FA6322EFC HTTP/1.1" 200 88328
37.57.218.243 - - [30/Jun/2024:02:09:30 +0200] "GET /ticket2/opencms/se/ru/buy/?page=1&edid=C07320BB-F54C-AAC6-833F-32CB39CA6CBF&sortorder=asc&column=section HTTP/1.1" 404 -
51.222.253.11 - - [30/Jun/2024:02:09:31 +0200] "GET /ticket2/opencms/en/venue/?venueid=24F72B39-B955-8335-9AE8-08FED3A112B7 HTTP/1.1" 200 71350
192.99.7.70 - - [30/Jun/2024:02:09:31 +0200] "GET /ticket2/opencms/dk/dk/buy/?page=1&edid=001A924D-51B3-F6EA-12AD-5B5FF406C83C&sortorder=asc&column=section HTTP/1.1" 404 -
192.95.30.177 - - [30/Jun/2024:02:09:32 +0200] "GET /ticket2/opencms/de/fr/buy/?comcatid=A17713B6-D984-201A-4143-ED4DB5ED5C2E&catid=E961462E-5AC2-64D6-5850-A310C9DEAA06 HTTP/1.1" 404 -
192.99.3.137 - - [30/Jun/2024:02:09:32 +0200] "GET /ticket2/opencms/dk/en/buy/?page=1&edid=4BCBE7F2-6908-F260-D7C8-D92DE467FC09&sortorder=asc&column=price HTTP/1.1" 404 -
192.99.7.70 - - [30/Jun/2024:02:09:35 +0200] "GET /ticket2/opencms/dk/dk/buy/?page=1&edid=008C81A9-188D-8C15-F03E-F7BB412D5D0F&sortorder=asc&column=price HTTP/1.1" 404 -
192.99.3.137 - - [30/Jun/2024:02:09:37 +0200] "GET /ticket2/opencms/dk/en/buy/?page=1&edid=4BCBE7F2-6908-F260-D7C8-D92DE467FC09&sortorder=asc&column=row HTTP/1.1" 404 -
37.57.218.243 - - [30/Jun/2024:02:09:38 +0200] "GET /ticket2/opencms/se/ru/buy/?page=1&edid=C255ADEF-7021-B11F-8DF7-85BD679EA134&sortorder=asc&column=row HTTP/1.1" 404 -
192.99.7.70 - - [30/Jun/2024:02:09:38 +0200] "GET /ticket2/opencms/dk/dk/buy/?page=1&edid=00E508FC-1033-094A-7EAC-AE9917DCD863&sortorder=asc&column=price HTTP/1.1" 404 -
192.95.30.177 - - [30/Jun/2024:02:09:41 +0200] "GET /ticket2/opencms/de/fr/buy/?comcatid=A17713B6-D984-201A-4143-ED4DB5ED5C2E&catid=F03B8ADD-988E-AE6A-8DBA-AF502C691C60 HTTP/1.1" 404 -
192.99.3.137 - - [30/Jun/2024:02:09:41 +0200] "GET /ticket2/opencms/dk/en/buy/?page=1&edid=4BCBE7F2-6908-F260-D7C8-D92DE467FC09&sortorder=asc&column=section HTTP/1.1" 404 -
192.99.7.70 - - [30/Jun/2024:02:09:42 +0200] "GET /ticket2/opencms/dk/dk/buy/?page=1&edid=00E508FC-1033-094A-7EAC-AE9917DCD863&sortorder=asc&column=section HTTP/1.1" 404 -
192.99.7.70 - - [30/Jun/2024:02:09:46 +0200] "GET /ticket2/opencms/dk/dk/buy/?page=1&edid=013A3620-61B8-4C37-EC2F-1743972D2160&sortorder=desc&column=price HTTP/1.1" 404 -
52.167.144.25 - - [30/Jun/2024:02:09:47 +0200] "GET /ticket2/opencms/no/buy/?page=1&edid=78082CE8-FF07-6DCD-F684-97CDB9F54EAF HTTP/1.1" 200 86558
192.99.7.70 - - [30/Jun/2024:02:09:49 +0200] "GET /ticket2/opencms/dk/dk/buy/?page=1&edid=017F4980-0FCF-01D9-9D73-71CCA5375935&sortorder=desc&column=price HTTP/1.1" 404 -
192.95.30.177 - - [30/Jun/2024:02:09:50 +0200] "GET /ticket2/opencms/de/fr/buy/?comcatid=A17713B6-D984-201A-4143-ED4DB5ED5C2E&catid=F2006A3D-5EE0-B40B-5749-60C15271538F HTTP/1.1" 404 -
37.57.218.243 - - [30/Jun/2024:02:09:50 +0200] "GET /ticket2/opencms/se/ru/buy/?page=1&edid=C4D150F7-E051-16FD-EDF0-67C520051F22&sortorder=desc&column=row HTTP/1.1" 404 -
192.99.7.70 - - [30/Jun/2024:02:09:53 +0200] "GET /ticket2/opencms/dk/dk/buy/?page=1&edid=017F4980-0FCF-01D9-9D73-71CCA5375935&sortorder=desc&column=row HTTP/1.1" 404 -
192.99.3.137 - - [30/Jun/2024:02:09:53 +0200] "GET /ticket2/opencms/dk/en/buy/?page=1&edid=4BCBE7F2-6908-F260-D7C8-D92DE467FC09&sortorder=desc&column=row HTTP/1.1" 404 -
158.220.124.16 - - [30/Jun/2024:02:09:53 +0200] "GET /ticket2/opencms/se/robots.txt HTTP/1.1" 404 -
192.99.7.70 - - [30/Jun/2024:02:09:56 +0200] "GET /ticket2/opencms/dk/dk/buy/?page=1&edid=017F4980-0FCF-01D9-9D73-71CCA5375935&sortorder=desc&column=section HTTP/1.1" 404 -
192.99.3.137 - - [30/Jun/2024:02:09:59 +0200] "GET /ticket2/opencms/dk/en/buy/?page=1&edid=4BE51C11-6242-0667-4C84-D3822EC503E1&sortorder=asc&column=row HTTP/1.1" 404 -
192.95.30.177 - - [30/Jun/2024:02:09:59 +0200] "GET /ticket2/opencms/de/fr/buy/?comcatid=A17713B6-D984-201A-4143-ED4DB5ED5C2E&catid=FF8D7FE7-4B09-7305-01C7-2D47F7913EB8 HTTP/1.1" 404 -
37.57.218.243 - - [30/Jun/2024:02:10:00 +0200] "GET /ticket2/opencms/se/ru/buy/?page=1&edid=C4D150F7-E051-16FD-EDF0-67C520051F22&sortorder=desc&column=section HTTP/1.1" 404 -
192.99.7.70 - - [30/Jun/2024:02:10:00 +0200] "GET /ticket2/opencms/dk/dk/buy/?page=1&edid=02013735-73ED-40FA-90F3-7305F7F53475&sortorder=asc&column=price HTTP/1.1" 404 -
192.99.7.70 - - [30/Jun/2024:02:10:04 +0200] "GET /ticket2/opencms/dk/dk/buy/?page=1&edid=02013735-73ED-40FA-90F3-7305F7F53475&sortorder=asc&column=row HTTP/1.1" 404 -
192.99.3.137 - - [30/Jun/2024:02:10:05 +0200] "GET /ticket2/opencms/dk/en/buy/?page=1&edid=4BE51C11-6242-0667-4C84-D3822EC503E1&sortorder=asc&column=section HTTP/1.1" 404 -
192.95.30.177 - - [30/Jun/2024:02:10:07 +0200] "GET /ticket2/opencms/de/fr/buy/?comcatid=B41CCF2B-5558-7AEE-3602-09BBDE417D65 HTTP/1.1" 404 -
52.167.144.24 - - [30/Jun/2024:02:10:07 +0200] "GET /ticket2/opencms/no/venue/?countryid=01A4931A-C165-4B79-C9B2-6B15C1A8EA58 HTTP/1.1" 200 164073
192.99.7.70 - - [30/Jun/2024:02:10:07 +0200] "GET /ticket2/opencms/dk/dk/buy/?page=1&edid=02013735-73ED-40FA-90F3-7305F7F53475&sortorder=asc&column=section HTTP/1.1" 404 -
158.220.124.16 - - [30/Jun/2024:02:10:09 +0200] "GET /ticket2/opencms/se/nl/buy/?page=1&edid=86D58C3C-F0C0-B63F-E2F8-CD47A83E5E88&sortorder=asc&column=price HTTP/1.1" 404 -
192.99.3.137 - - [30/Jun/2024:02:10:10 +0200] "GET /ticket2/opencms/dk/en/buy/?page=1&edid=4C0E2D60-F642-3EA7-4AF8-4A6B372A6F1A&sortorder=asc&column=section HTTP/1.1" 404 -
185.191.171.3 - - [30/Jun/2024:02:10:11 +0200] "GET /ticket2/opencms/fr/magazine/article?title=arsenal-et-tottenham-se-partagent-les-points-dans-un-match-epique-4-4-le-29-octobre-2008 HTTP/1.1" 200 75835
37.57.218.243 - - [30/Jun/2024:02:10:11 +0200] "GET /ticket2/opencms/se/ru/buy/?page=1&edid=C58087C9-0464-2443-9995-9C5C02D4C88F&sortorder=desc&column=price HTTP/1.1" 404 -
192.99.7.70 - - [30/Jun/2024:02:10:11 +0200] "GET /ticket2/opencms/dk/dk/buy/?page=1&edid=025FD187-2053-F99E-11DF-DFCE54A1DA14&sortorder=desc&column=section HTTP/1.1" 404 -
192.99.7.70 - - [30/Jun/2024:02:10:15 +0200] "GET /ticket2/opencms/dk/dk/buy/?page=1&edid=028BD9CD-FB54-2ACE-6838-AA954A93FDE4&sortorder=asc&column=price HTTP/1.1" 404 -
192.95.30.177 - - [30/Jun/2024:02:10:16 +0200] "GET /ticket2/opencms/de/fr/buy/?comcatid=B41CCF2B-5558-7AEE-3602-09BBDE417D65&catid=36DC4BE2-91A2-6146-2BE9-47B6F3C44EDB HTTP/1.1" 404 -
51.222.253.5 - - [30/Jun/2024:02:10:17 +0200] "GET /ticket2/opencms/fi/venue/?venueid=16CA27B2-E6FB-6299-A50A-93A7567AD2E3 HTTP/1.1" 200 73010
192.99.7.70 - - [30/Jun/2024:02:10:19 +0200] "GET /ticket2/opencms/dk/dk/buy/?page=1&edid=028BD9CD-FB54-2ACE-6838-AA954A93FDE4&sortorder=asc&column=section HTTP/1.1" 404 -
192.99.7.70 - - [30/Jun/2024:02:10:22 +0200] "GET /ticket2/opencms/dk/dk/buy/?page=1&edid=03730872-8F26-331F-0BF4-1EABF8F75FE0&sortorder=desc&column=section HTTP/1.1" 404 -
37.57.218.243 - - [30/Jun/2024:02:10:24 +0200] "GET /ticket2/opencms/se/ru/buy/?page=1&edid=C6F186F1-0683-4792-31D6-AEBEE7E4229B&sortorder=asc&column=price HTTP/1.1" 404 -
192.95.30.177 - - [30/Jun/2024:02:10:25 +0200] "GET /ticket2/opencms/de/fr/buy/?comcatid=B41CCF2B-5558-7AEE-3602-09BBDE417D65&catid=A34BCF61-E19C-5C5C-445E-06F3749E1EF4 HTTP/1.1" 404 -
192.99.7.70 - - [30/Jun/2024:02:10:26 +0200] "GET /ticket2/opencms/dk/dk/buy/?page=1&edid=037F7D58-F025-6DA7-A67A-3BE5E3996F20&sortorder=asc&column=price HTTP/1.1" 404 -
192.99.3.137 - - [30/Jun/2024:02:10:27 +0200] "GET /ticket2/opencms/dk/en/buy/?page=1&edid=4C7CD3B1-B7E1-89E2-C4E7-C4DED146D459&sortorder=asc&column=row HTTP/1.1" 404 -
158.220.124.16 - - [30/Jun/2024:02:10:29 +0200] "GET /ticket2/opencms/se/nl/buy/?page=1&edid=87497CA6-295B-D52F-8AEC-C521C7A29E6A&sortorder=desc&column=price HTTP/1.1" 404 -
192.99.7.70 - - [30/Jun/2024:02:10:30 +0200] "GET /ticket2/opencms/dk/dk/buy/?page=1&edid=037F7D58-F025-6DA7-A67A-3BE5E3996F20&sortorder=asc&column=section HTTP/1.1" 404 -
192.95.30.177 - - [30/Jun/2024:02:10:34 +0200] "GET /ticket2/opencms/de/fr/buy/?comcatid=B41CCF2B-5558-7AEE-3602-09BBDE417D65&catid=BF886BAE-FC84-8CB3-A193-6DFA251F7985 HTTP/1.1" 404 -
192.99.7.70 - - [30/Jun/2024:02:10:34 +0200] "GET /ticket2/opencms/dk/dk/buy/?page=1&edid=039E573D-CFC8-6916-76E2-12A531789055&sortorder=asc&column=price HTTP/1.1" 404 -
192.99.7.70 - - [30/Jun/2024:02:10:38 +0200] "GET /ticket2/opencms/dk/dk/buy/?page=1&edid=039E573D-CFC8-6916-76E2-12A531789055&sortorder=asc&column=section HTTP/1.1" 404 -
192.99.3.137 - - [30/Jun/2024:02:10:39 +0200] "GET /ticket2/opencms/dk/en/buy/?page=1&edid=4C7CD3B1-B7E1-89E2-C4E7-C4DED146D459&sortorder=asc&column=section HTTP/1.1" 404 -
192.99.7.70 - - [30/Jun/2024:02:10:42 +0200] "GET /ticket2/opencms/dk/dk/buy/?page=1&edid=039E573D-CFC8-6916-76E2-12A531789055&sortorder=desc&column=price HTTP/1.1" 404 -
37.57.218.243 - - [30/Jun/2024:02:10:42 +0200] "GET /ticket2/opencms/se/ru/buy/?page=1&edid=DF0E45C7-237E-03AB-4ED3-CC8D84C0E2C6&sortorder=asc&column=row HTTP/1.1" 404 -
192.95.30.177 - - [30/Jun/2024:02:10:42 +0200] "GET /ticket2/opencms/de/fr/buy/?comcatid=B41CCF2B-5558-7AEE-3602-09BBDE417D65&catid=E03F2203-3943-A0F0-A47D-D9E7CDA79C6B HTTP/1.1" 404 -
192.99.7.70 - - [30/Jun/2024:02:10:45 +0200] "GET /ticket2/opencms/dk/dk/buy/?page=1&edid=04B62BE8-DBA1-6837-BCBE-53D7E0288921&sortorder=desc&column=section HTTP/1.1" 404 -
192.99.7.70 - - [30/Jun/2024:02:10:49 +0200] "GET /ticket2/opencms/dk/dk/buy/?page=1&edid=059D0B9F-E09C-E206-AB1B-0C50CA0C4BFC&sortorder=asc&column=price HTTP/1.1" 404 -
192.95.30.177 - - [30/Jun/2024:02:10:51 +0200] "GET /ticket2/opencms/de/fr/buy/?page=1&edid=00D90EDA-80F2-743F-0F4B-D64BDD1F85D9 HTTP/1.1" 404 -
192.99.3.137 - - [30/Jun/2024:02:10:52 +0200] "GET /ticket2/opencms/dk/en/buy/?page=1&edid=4DD56908-EF50-BCCC-0CFD-53D399B44C58 HTTP/1.1" 404 -
158.220.124.16 - - [30/Jun/2024:02:10:52 +0200] "GET /ticket2/opencms/se/nl/buy/?page=1&edid=8836B58E-9B16-A810-8C3D-6638627D7926&sortorder=desc&column=price HTTP/1.1" 404 -
192.99.7.70 - - [30/Jun/2024:02:10:53 +0200] "GET /ticket2/opencms/dk/dk/buy/?page=1&edid=059D0B9F-E09C-E206-AB1B-0C50CA0C4BFC&sortorder=asc&column=row HTTP/1.1" 404 -
216.245.221.83 - - [30/Jun/2024:02:10:53 +0200] "HEAD /ticket2/opencms/ HTTP/1.1" 302 -
216.245.221.83 - - [30/Jun/2024:02:10:56 +0200] "HEAD /ticket2/opencms/en/ HTTP/1.1" 200 -
192.99.7.70 - - [30/Jun/2024:02:10:56 +0200] "GET /ticket2/opencms/dk/dk/buy/?page=1&edid=059D0B9F-E09C-E206-AB1B-0C50CA0C4BFC&sortorder=asc&column=section HTTP/1.1" 404 -
192.95.30.177 - - [30/Jun/2024:02:11:00 +0200] "GET /ticket2/opencms/de/fr/buy/?page=1&edid=02717DFD-516F-F288-43FD-93598E319E97 HTTP/1.1" 404 -
192.99.7.70 - - [30/Jun/2024:02:11:00 +0200] "GET /ticket2/opencms/dk/dk/buy/?page=1&edid=05D22DC2-C8CC-911A-5392-29A47CDB52B7&sortorder=asc&column=row HTTP/1.1" 404 -
192.99.7.70 - - [30/Jun/2024:02:11:04 +0200] "GET /ticket2/opencms/dk/dk/buy/?page=1&edid=07A7E335-3FDC-BDDD-22E9-0AFD93E44D18&sortorder=asc&column=row HTTP/1.1" 404 -
37.57.218.243 - - [30/Jun/2024:02:11:07 +0200] "GET /ticket2/opencms/se/ru/buy/?page=1&edid=E4CCAEED-8E81-175A-FC4E-82AB9259F7C3&sortorder=asc&column=price HTTP/1.1" 404 -
192.99.7.70 - - [30/Jun/2024:02:11:07 +0200] "GET /ticket2/opencms/dk/dk/buy/?page=1&edid=0879C6A9-F2B4-41BE-5ED4-4D5A6398957A&sortorder=desc&column=row HTTP/1.1" 404 -
192.99.3.137 - - [30/Jun/2024:02:11:09 +0200] "GET /ticket2/opencms/dk/en/buy/?page=1&edid=4E7F34FE-BC2D-0B9C-02D2-EBA83566303D&sortorder=asc&column=price HTTP/1.1" 404 -
192.95.30.177 - - [30/Jun/2024:02:11:09 +0200] "GET /ticket2/opencms/de/fr/buy/?page=1&edid=1260CE5D-7BE1-B121-0CBF-652705BD383D HTTP/1.1" 404 -
158.220.124.16 - - [30/Jun/2024:02:11:10 +0200] "GET /ticket2/opencms/se/nl/buy/?page=1&edid=883D5D36-7669-3BE5-E7C2-7115E038218A&sortorder=asc&column=section HTTP/1.1" 404 -
192.99.7.70 - - [30/Jun/2024:02:11:11 +0200] "GET /ticket2/opencms/dk/dk/buy/?page=1&edid=090A82EB-84B2-523A-4E3E-E0A1CC3737FC&sortorder=asc&column=row HTTP/1.1" 404 -
192.99.7.70 - - [30/Jun/2024:02:11:15 +0200] "GET /ticket2/opencms/dk/dk/buy/?page=1&edid=091ED28E-B448-A1BD-CAE0-E5D6D48D897A&sortorder=asc&column=price HTTP/1.1" 404 -
192.95.30.177 - - [30/Jun/2024:02:11:18 +0200] "GET /ticket2/opencms/de/fr/buy/?page=1&edid=155A8AD9-1DB8-C195-1912-F1BA2EAEC8CF HTTP/1.1" 404 -
192.99.7.70 - - [30/Jun/2024:02:11:18 +0200] "GET /ticket2/opencms/dk/dk/buy/?page=1&edid=091ED28E-B448-A1BD-CAE0-E5D6D48D897A&sortorder=asc&column=row HTTP/1.1" 404 -
158.220.124.16 - - [30/Jun/2024:02:11:21 +0200] "GET /ticket2/opencms/se/nl/buy/?page=1&edid=891EBBB1-0D90-0DF0-7A0B-80A270992560&sortorder=asc&column=row HTTP/1.1" 404 -
192.99.7.70 - - [30/Jun/2024:02:11:22 +0200] "GET /ticket2/opencms/dk/dk/buy/?page=1&edid=0993F451-2A27-B97B-1E8A-397D4C7362D6&sortorder=asc&column=price HTTP/1.1" 404 -
192.99.3.137 - - [30/Jun/2024:02:11:22 +0200] "GET /ticket2/opencms/dk/en/buy/?page=1&edid=4E7F34FE-BC2D-0B9C-02D2-EBA83566303D&sortorder=asc&column=row HTTP/1.1" 404 -
192.99.7.70 - - [30/Jun/2024:02:11:26 +0200] "GET /ticket2/opencms/dk/dk/buy/?page=1&edid=09A90364-D1AA-5EE7-C5DA-9F857331E906&sortorder=asc&column=price HTTP/1.1" 404 -
192.95.30.177 - - [30/Jun/2024:02:11:26 +0200] "GET /ticket2/opencms/de/fr/buy/?page=1&edid=162263A0-D664-5F8A-7607-5464EE50BAAE HTTP/1.1" 404 -
192.99.7.70 - - [30/Jun/2024:02:11:29 +0200] "GET /ticket2/opencms/dk/dk/buy/?page=1&edid=09A90364-D1AA-5EE7-C5DA-9F857331E906&sortorder=asc&column=row HTTP/1.1" 404 -
37.57.218.243 - - [30/Jun/2024:02:11:30 +0200] "GET /ticket2/opencms/se/ru/buy/?page=1&edid=E4CCAEED-8E81-175A-FC4E-82AB9259F7C3&sortorder=asc&column=row HTTP/1.1" 404 -
192.99.7.70 - - [30/Jun/2024:02:11:33 +0200] "GET /ticket2/opencms/dk/dk/buy/?page=1&edid=0A2F0C84-0D20-0B72-4FA3-C28501A72E23&sortorder=desc&column=price HTTP/1.1" 404 -
192.99.3.137 - - [30/Jun/2024:02:11:34 +0200] "GET /ticket2/opencms/dk/en/buy/?page=1&edid=4E7F34FE-BC2D-0B9C-02D2-EBA83566303D&sortorder=asc&column=section HTTP/1.1" 404 -
192.95.30.177 - - [30/Jun/2024:02:11:35 +0200] "GET /ticket2/opencms/de/fr/buy/?page=1&edid=194D64DE-E32A-EF63-082C-5D0B8F236DDA HTTP/1.1" 404 -
158.220.119.234 - - [30/Jun/2024:02:11:37 +0200] "GET /ticket2/opencms/se/robots.txt HTTP/1.1" 404 -
192.99.7.70 - - [30/Jun/2024:02:11:37 +0200] "GET /ticket2/opencms/dk/dk/buy/?page=1&edid=0A2F0C84-0D20-0B72-4FA3-C28501A72E23&sortorder=desc&column=row HTTP/1.1" 404 -
192.99.7.70 - - [30/Jun/2024:02:11:40 +0200] "GET /ticket2/opencms/dk/dk/buy/?page=1&edid=0A2F0C84-0D20-0B72-4FA3-C28501A72E23&sortorder=desc&column=section HTTP/1.1" 404 -
158.220.124.16 - - [30/Jun/2024:02:11:43 +0200] "GET /ticket2/opencms/se/nl/buy/?page=1&edid=891EBBB1-0D90-0DF0-7A0B-80A270992560&sortorder=desc&column=price HTTP/1.1" 404 -
192.95.30.177 - - [30/Jun/2024:02:11:43 +0200] "GET /ticket2/opencms/de/fr/buy/?page=1&edid=19E84C52-A446-E058-5C60-ACFF6737EAAA HTTP/1.1" 404 -
185.157.223.150 - - [30/Jun/2024:02:11:43 +0200] "GET /ticket2/tickets_export/outgoing/export.txt HTTP/1.1" 200 24553702
192.99.7.70 - - [30/Jun/2024:02:11:44 +0200] "GET /ticket2/opencms/dk/dk/buy/?page=1&edid=0AC91052-66F1-98AF-E562-D5B9EF6D6780&sortorder=asc&column=row HTTP/1.1" 404 -
192.99.7.70 - - [30/Jun/2024:02:11:48 +0200] "GET /ticket2/opencms/dk/dk/buy/?page=1&edid=0AC91052-66F1-98AF-E562-D5B9EF6D6780&sortorder=asc&column=section HTTP/1.1" 404 -
158.220.119.234 - - [30/Jun/2024:02:11:49 +0200] "GET /ticket2/opencms/se/ru/buy/?page=1&edid=F35228ED-6A1B-50CC-6944-073AE91D99B9 HTTP/1.1" 404 -
192.99.3.137 - - [30/Jun/2024:02:11:51 +0200] "GET /ticket2/opencms/dk/en/buy/?page=1&edid=4F167F2F-3903-119E-9013-CDAB4D304B05&sortorder=asc&column=price HTTP/1.1" 404 -
192.95.30.177 - - [30/Jun/2024:02:11:52 +0200] "GET /ticket2/opencms/de/fr/buy/?page=1&edid=1D48D9F1-14CC-80C6-EB88-E10E851CDB7B HTTP/1.1" 404 -
192.99.7.70 - - [30/Jun/2024:02:11:52 +0200] "GET /ticket2/opencms/dk/dk/buy/?page=1&edid=0E11DE36-D2C8-0BC0-B9F9-E9388C9EDF0E&sortorder=asc&column=row HTTP/1.1" 404 -
51.222.253.4 - - [30/Jun/2024:02:11:55 +0200] "GET /ticket2/opencms/en/venue/?venueid=18C713C2-5502-2721-4BDF-4CC89EA5797B HTTP/1.1" 200 71332
66.249.76.167 - - [30/Jun/2024:02:11:56 +0200] "GET /ticket2/opencms/dk/venue/?venueid=D32D7D15-39F6-AD54-233F-8A09600A4A49 HTTP/1.1" 200 71858
192.99.7.70 - - [30/Jun/2024:02:11:58 +0200] "GET /ticket2/opencms/dk/dk/buy/?page=1&edid=102514C2-4BB6-AD7D-D260-D9537E2D3DE4&sortorder=asc&column=row HTTP/1.1" 404 -
37.57.218.243 - - [30/Jun/2024:02:11:59 +0200] "GET /ticket2/opencms/se/ru/buy/?page=1&edid=E7C58B46-F248-A624-B7EB-F07435EA5EF7 HTTP/1.1" 404 -
158.220.124.16 - - [30/Jun/2024:02:11:59 +0200] "GET /ticket2/opencms/se/nl/buy/?page=1&edid=89426793-268A-C03E-4926-A9BF00570688 HTTP/1.1" 404 -
192.95.30.177 - - [30/Jun/2024:02:12:00 +0200] "GET /ticket2/opencms/de/fr/buy/?page=1&edid=224E301E-62C2-7FAB-1E09-EB70E2A87B16 HTTP/1.1" 404 -
192.99.7.70 - - [30/Jun/2024:02:12:02 +0200] "GET /ticket2/opencms/dk/dk/buy/?page=1&edid=103AD396-B055-A08A-E444-A3BE21AAD774&sortorder=asc&column=row HTTP/1.1" 404 -
192.99.7.70 - - [30/Jun/2024:02:12:05 +0200] "GET /ticket2/opencms/dk/dk/buy/?page=1&edid=10515F0B-6422-A692-0748-D7547F0F118B&sortorder=asc&column=price HTTP/1.1" 404 -
158.220.119.234 - - [30/Jun/2024:02:12:06 +0200] "GET /ticket2/opencms/se/ru/buy/?page=1&edid=F3EAB77E-5223-86F1-9947-9F306D6E6D43&sortorder=asc&column=row HTTP/1.1" 404 -
192.95.30.177 - - [30/Jun/2024:02:12:08 +0200] "GET /ticket2/opencms/de/fr/buy/?page=1&edid=2504116F-9B00-F8B9-A7E6-66686A6BE7BB HTTP/1.1" 404 -
192.99.7.70 - - [30/Jun/2024:02:12:09 +0200] "GET /ticket2/opencms/dk/dk/buy/?page=1&edid=11FD6A0D-DBDD-2EB1-4BAA-FE0CA8F88A9E&sortorder=desc&column=section HTTP/1.1" 404 -
192.99.3.137 - - [30/Jun/2024:02:12:10 +0200] "GET /ticket2/opencms/dk/en/buy/?page=1&edid=4F167F2F-3903-119E-9013-CDAB4D304B05&sortorder=asc&column=row HTTP/1.1" 404 -
192.99.7.70 - - [30/Jun/2024:02:12:12 +0200] "GET /ticket2/opencms/dk/dk/buy/?page=1&edid=14DC85A8-0F78-E63B-3823-C6D5EDB81837&sortorder=asc&column=section HTTP/1.1" 404 -
216.245.221.83 - - [30/Jun/2024:02:12:13 +0200] "HEAD /ticket2/opencms/ HTTP/1.1" 302 -
216.245.221.83 - - [30/Jun/2024:02:12:14 +0200] "HEAD /ticket2/opencms/en/ HTTP/1.1" 200 -
192.95.30.177 - - [30/Jun/2024:02:12:16 +0200] "GET /ticket2/opencms/de/fr/buy/?page=1&edid=29B478B3-1B3A-E3C8-BB43-298745EBB50E HTTP/1.1" 404 -
158.220.119.234 - - [30/Jun/2024:02:12:16 +0200] "GET /ticket2/opencms/se/ru/buy/?page=1&edid=F3EAB77E-5223-86F1-9947-9F306D6E6D43&sortorder=asc&column=section HTTP/1.1" 404 -
192.99.7.70 - - [30/Jun/2024:02:12:17 +0200] "GET /ticket2/opencms/dk/dk/buy/?page=1&edid=14EB85AA-52EB-DF14-EE86-8CD319126294&sortorder=asc&column=section HTTP/1.1" 404 -
192.99.7.70 - - [30/Jun/2024:02:12:21 +0200] "GET /ticket2/opencms/dk/dk/buy/?page=1&edid=14EB85AA-52EB-DF14-EE86-8CD319126294&sortorder=desc&column=price HTTP/1.1" 404 -
192.95.30.177 - - [30/Jun/2024:02:12:24 +0200] "GET /ticket2/opencms/de/fr/buy/?page=1&edid=2C628F37-50C8-6D86-55F0-9E385D7A6FB4 HTTP/1.1" 404 -
192.99.3.137 - - [30/Jun/2024:02:12:24 +0200] "GET /ticket2/opencms/dk/en/buy/?page=1&edid=4F167F2F-3903-119E-9013-CDAB4D304B05&sortorder=asc&column=section HTTP/1.1" 404 -
192.99.7.70 - - [30/Jun/2024:02:12:25 +0200] "GET /ticket2/opencms/dk/dk/buy/?page=1&edid=14EB85AA-52EB-DF14-EE86-8CD319126294&sortorder=desc&column=row HTTP/1.1" 404 -
158.220.119.234 - - [30/Jun/2024:02:12:28 +0200] "GET /ticket2/opencms/se/ru/buy/?page=1&edid=F426E249-0BD7-9921-4528-80FAF6CD9D9C&sortorder=desc&column=price HTTP/1.1" 404 -
192.99.7.70 - - [30/Jun/2024:02:12:29 +0200] "GET /ticket2/opencms/dk/dk/buy/?page=1&edid=14EB85AA-52EB-DF14-EE86-8CD319126294&sortorder=desc&column=section HTTP/1.1" 404 -
192.95.30.177 - - [30/Jun/2024:02:12:33 +0200] "GET /ticket2/opencms/de/fr/buy/?page=1&edid=3A39BC8D-06F1-0E83-AC46-9CE7C43A9D91 HTTP/1.1" 404 -
192.99.7.70 - - [30/Jun/2024:02:12:33 +0200] "GET /ticket2/opencms/dk/dk/buy/?page=1&edid=150E989B-796A-B52C-42BD-5722DC8BA47C&sortorder=asc&column=price HTTP/1.1" 404 -
158.220.124.16 - - [30/Jun/2024:02:12:35 +0200] "GET /ticket2/opencms/se/nl/buy/?page=1&edid=89F15995-C09B-456C-B709-E1A4C6C917F4&sortorder=asc&column=section HTTP/1.1" 404 -
37.57.218.243 - - [30/Jun/2024:02:12:35 +0200] "GET /ticket2/opencms/se/ru/buy/?page=1&edid=E7EB7CDA-94F2-CD95-5F5C-B0DC6B71C9CA&sortorder=asc&column=row HTTP/1.1" 404 -
192.99.7.70 - - [30/Jun/2024:02:12:37 +0200] "GET /ticket2/opencms/dk/dk/buy/?page=1&edid=150E989B-796A-B52C-42BD-5722DC8BA47C&sortorder=asc&column=row HTTP/1.1" 404 -
158.220.119.234 - - [30/Jun/2024:02:12:40 +0200] "GET /ticket2/opencms/se/ru/buy/?page=1&edid=F426E249-0BD7-9921-4528-80FAF6CD9D9C&sortorder=desc&column=row HTTP/1.1" 404 -
192.99.7.70 - - [30/Jun/2024:02:12:41 +0200] "GET /ticket2/opencms/dk/dk/buy/?page=1&edid=150E989B-796A-B52C-42BD-5722DC8BA47C&sortorder=asc&column=section HTTP/1.1" 404 -
192.95.30.177 - - [30/Jun/2024:02:12:42 +0200] "GET /ticket2/opencms/de/fr/buy/?page=1&edid=4F12EEF2-EEE1-6C0B-38B5-EE2BFB9F492A HTTP/1.1" 404 -
51.222.253.13 - - [30/Jun/2024:02:12:43 +0200] "GET /ticket2/opencms/en/venue/?venueid=B781A402-D863-1F75-F682-75473A301298 HTTP/1.1" 200 71309
192.99.3.137 - - [30/Jun/2024:02:12:45 +0200] "GET /ticket2/opencms/dk/en/buy/?page=1&edid=50B4BE82-3262-F014-61DB-5D5E6B9C8C97&sortorder=asc&column=row HTTP/1.1" 404 -
192.99.7.70 - - [30/Jun/2024:02:12:45 +0200] "GET /ticket2/opencms/dk/dk/buy/?page=1&edid=15F99D96-DF34-375F-79AB-093621F90FDA&sortorder=asc&column=price HTTP/1.1" 404 -
114.119.153.220 - - [30/Jun/2024:02:12:46 +0200] "GET /ticket2/opencms/en/sell/?edid=8C8EBE04-F632-74E3-7AE5-E0CE7434259E HTTP/1.1" 302 -
192.99.7.70 - - [30/Jun/2024:02:12:49 +0200] "GET /ticket2/opencms/dk/dk/buy/?page=1&edid=15F99D96-DF34-375F-79AB-093621F90FDA&sortorder=asc&column=row HTTP/1.1" 404 -
114.119.153.220 - - [30/Jun/2024:02:12:50 +0200] "GET /ticket2/opencms/en/login/?url=/en/sell/ HTTP/1.1" 200 73431
192.95.30.177 - - [30/Jun/2024:02:12:50 +0200] "GET /ticket2/opencms/de/fr/buy/?page=1&edid=4FB71778-35E5-0311-C96C-07D746A3C347 HTTP/1.1" 404 -
158.220.119.234 - - [30/Jun/2024:02:12:51 +0200] "GET /ticket2/opencms/se/ru/buy/?page=1&edid=F426E249-0BD7-9921-4528-80FAF6CD9D9C&sortorder=desc&column=section HTTP/1.1" 404 -
192.99.7.70 - - [30/Jun/2024:02:12:52 +0200] "GET /ticket2/opencms/dk/dk/buy/?page=1&edid=160D29C9-4961-9915-718B-4EFD71C8D516&sortorder=asc&column=row HTTP/1.1" 404 -
158.220.124.16 - - [30/Jun/2024:02:12:54 +0200] "GET /ticket2/opencms/se/nl/buy/?page=1&edid=8ACD1E09-FED8-351A-691B-56EF5D589CCC&sortorder=asc&column=section HTTP/1.1" 404 -
192.99.7.70 - - [30/Jun/2024:02:12:56 +0200] "GET /ticket2/opencms/dk/dk/buy/?page=1&edid=16380694-7D25-9BBB-F08A-D56FFE2F2B4C&sortorder=asc&column=price HTTP/1.1" 404 -
192.95.30.177 - - [30/Jun/2024:02:12:58 +0200] "GET /ticket2/opencms/de/fr/buy/?page=1&edid=50974855-16B8-A11C-006C-26C8896CE55F HTTP/1.1" 404 -
192.99.3.137 - - [30/Jun/2024:02:12:59 +0200] "GET /ticket2/opencms/dk/en/buy/?page=1&edid=52027545-9C2A-2375-C723-4D44DAF32FED&sortorder=asc&column=row HTTP/1.1" 404 -
192.99.7.70 - - [30/Jun/2024:02:13:00 +0200] "GET /ticket2/opencms/dk/dk/buy/?page=1&edid=16380694-7D25-9BBB-F08A-D56FFE2F2B4C&sortorder=asc&column=row HTTP/1.1" 404 -
158.220.119.234 - - [30/Jun/2024:02:13:02 +0200] "GET /ticket2/opencms/se/ru/buy/?page=1&edid=F4C706FF-B771-A36A-06BB-0F38191F7D62&sortorder=desc&column=section HTTP/1.1" 404 -
185.191.171.6 - - [30/Jun/2024:02:13:02 +0200] "GET /ticket2/opencms/en/sport/football-tickets/serie_a/genoa/ HTTP/1.1" 200 73197
158.220.124.16 - - [30/Jun/2024:02:13:03 +0200] "GET /ticket2/opencms/se/nl/buy/?page=1&edid=8AE5D156-FC63-438F-34F8-237E20433F6C&sortorder=asc&column=price HTTP/1.1" 404 -
192.99.7.70 - - [30/Jun/2024:02:13:04 +0200] "GET /ticket2/opencms/dk/dk/buy/?page=1&edid=16380694-7D25-9BBB-F08A-D56FFE2F2B4C&sortorder=asc&column=section HTTP/1.1" 404 -
37.57.218.243 - - [30/Jun/2024:02:13:04 +0200] "GET /ticket2/opencms/se/ru/buy/?page=1&edid=EB7505A6-E557-8D36-20EB-6A7F87EA40E2&sortorder=asc&column=row HTTP/1.1" 404 -
192.95.30.177 - - [30/Jun/2024:02:13:07 +0200] "GET /ticket2/opencms/de/fr/buy/?page=1&edid=5213BBB3-67CD-163B-C256-72C4ACAB1B00 HTTP/1.1" 404 -
192.99.7.70 - - [30/Jun/2024:02:13:08 +0200] "GET /ticket2/opencms/dk/dk/buy/?page=1&edid=16B1D3A1-F16E-54A2-63C4-43295D45DD77&sortorder=asc&column=price HTTP/1.1" 404 -
192.99.7.70 - - [30/Jun/2024:02:13:11 +0200] "GET /ticket2/opencms/dk/dk/buy/?page=1&edid=16B1D3A1-F16E-54A2-63C4-43295D45DD77&sortorder=asc&column=section HTTP/1.1" 404 -
158.220.119.234 - - [30/Jun/2024:02:13:13 +0200] "GET /ticket2/opencms/se/ru/buy/?page=1&edid=F4EDA942-5BFA-5F02-510A-C207D637F017 HTTP/1.1" 404 -
192.99.7.70 - - [30/Jun/2024:02:13:15 +0200] "GET /ticket2/opencms/dk/dk/buy/?page=1&edid=170B7C37-4D9B-E3BF-6BC3-C68341796D2F&sortorder=asc&column=price HTTP/1.1" 404 -
192.95.30.177 - - [30/Jun/2024:02:13:16 +0200] "GET /ticket2/opencms/de/fr/buy/?page=1&edid=553ADDA1-E0D9-E3D6-EC5D-90A14C3A0FAF HTTP/1.1" 404 -
192.99.7.70 - - [30/Jun/2024:02:13:18 +0200] "GET /ticket2/opencms/dk/dk/buy/?page=1&edid=170F0E9E-40BC-A898-35B2-3530EA3C6DB1&sortorder=asc&column=section HTTP/1.1" 404 -
158.220.119.234 - - [30/Jun/2024:02:13:20 +0200] "GET /ticket2/opencms/se/ru/buy/?page=1&edid=F4EDA942-5BFA-5F02-510A-C207D637F017&sortorder=asc&column=section HTTP/1.1" 404 -
192.99.3.137 - - [30/Jun/2024:02:13:21 +0200] "GET /ticket2/opencms/dk/en/buy/?page=1&edid=52B111F0-640E-2ACD-E064-19F4F4D5EF2A HTTP/1.1" 404 -
37.57.218.243 - - [30/Jun/2024:02:13:21 +0200] "GET /ticket2/opencms/se/ru/buy/?page=1&edid=ED12BD15-F1EE-A994-CF65-0C6715AA0F46 HTTP/1.1" 404 -
158.220.124.16 - - [30/Jun/2024:02:13:22 +0200] "GET /ticket2/opencms/se/nl/buy/?page=1&edid=8AE5D156-FC63-438F-34F8-237E20433F6C&sortorder=asc&column=row HTTP/1.1" 404 -
192.95.30.177 - - [30/Jun/2024:02:13:23 +0200] "GET /ticket2/opencms/de/fr/buy/?page=1&edid=5B5D74F0-DD4A-806F-220D-FF262FB88FFE HTTP/1.1" 404 -
192.99.7.70 - - [30/Jun/2024:02:13:24 +0200] "GET /ticket2/opencms/dk/dk/buy/?page=1&edid=17362151-FA4A-523D-48A8-CAEB83F89370&sortorder=asc&column=section HTTP/1.1" 404 -
192.99.7.70 - - [30/Jun/2024:02:13:28 +0200] "GET /ticket2/opencms/dk/dk/buy/?page=1&edid=1774DA90-1210-0FE4-2949-90A20E119D0F&sortorder=desc&column=section HTTP/1.1" 404 -
192.99.7.70 - - [30/Jun/2024:02:13:31 +0200] "GET /ticket2/opencms/dk/dk/buy/?page=1&edid=177D30A1-22EC-59EE-174D-0010F1CD08B4&sortorder=desc&column=price HTTP/1.1" 404 -
192.95.30.177 - - [30/Jun/2024:02:13:31 +0200] "GET /ticket2/opencms/de/fr/buy/?page=1&edid=63D01EA9-6118-F064-A9BE-98AD792F8DD1 HTTP/1.1" 404 -
158.220.119.234 - - [30/Jun/2024:02:13:34 +0200] "GET /ticket2/opencms/se/ru/buy/?page=1&edid=F50E99A8-AE8A-A436-09D8-96A1685B0F24 HTTP/1.1" 404 -
40.77.167.54 - - [30/Jun/2024:02:13:34 +0200] "GET /ticket2/opencms/no/sport/fotballsbilletter/la_liga/real_madrid HTTP/1.1" 200 74657
192.99.7.70 - - [30/Jun/2024:02:13:35 +0200] "GET /ticket2/opencms/dk/dk/buy/?page=1&edid=187E092C-960D-AC1C-5E02-4E2DE1D37346&sortorder=desc&column=row HTTP/1.1" 404 -
51.222.253.13 - - [30/Jun/2024:02:13:37 +0200] "GET /ticket2/opencms/fi/buy/?page=6&comcatid=A17713B6-D984-201A-4143-ED4DB5ED5C2E&catid=D08E96E8-A514-9E09-4E22-63713911E0B8 HTTP/1.1" 200 84030
192.99.7.70 - - [30/Jun/2024:02:13:39 +0200] "GET /ticket2/opencms/dk/dk/buy/?page=1&edid=19102562-E2A2-AF98-F707-B3F5DB2EE4C3&sortorder=desc&column=price HTTP/1.1" 404 -
158.220.124.16 - - [30/Jun/2024:02:13:39 +0200] "GET /ticket2/opencms/se/nl/buy/?page=1&edid=8B8D03CA-348F-34ED-7DD6-21F5A2F370C9&sortorder=asc&column=row HTTP/1.1" 404 -
