47.128.121.62 - - [30/Jun/2024:02:31:00 +0200] "GET /ticket2/opencms/system/modules/com.gridnine.opencms.ticketbrokerage.site/resources/pics/logo-new.png HTTP/1.1" 200 13541
47.128.119.122 - - [30/Jun/2024:02:31:00 +0200] "GET /ticket2/opencms/system/modules/com.gridnine.opencms.ticketbrokerage.site/resources/pics/logo-new.png HTTP/1.1" 200 13541
47.128.121.62 - - [30/Jun/2024:02:31:00 +0200] "GET /ticket2/opencms/system/modules/com.gridnine.opencms.ticketbrokerage.site/resources/pics/bank_1_nordea.png HTTP/1.1" 200 4807
192.95.30.177 - - [30/Jun/2024:02:31:00 +0200] "GET /ticket2/opencms/de/no/buy/?comcatid=0A6B8208-FDA4-E929-9D72-5312FD481B76&catid=A05A53F7-423D-23BE-575E-EA7B67DE22D9 HTTP/1.1" 404 -
47.128.119.122 - - [30/Jun/2024:02:31:00 +0200] "GET /ticket2/opencms/system/modules/com.gridnine.opencms.ticketbrokerage.site/resources/pics/bank_3_swedbank.png HTTP/1.1" 200 5740
47.128.121.62 - - [30/Jun/2024:02:31:00 +0200] "GET /ticket2/opencms/system/modules/com.gridnine.opencms.ticketbrokerage.site/resources/pics/bank_4_seb.png HTTP/1.1" 200 2487
47.128.121.62 - - [30/Jun/2024:02:31:01 +0200] "GET /ticket2/opencms/system/modules/com.gridnine.opencms.ticketbrokerage.site/resources/pics/bank_2_handelsbanken.png HTTP/1.1" 200 4509
47.128.119.122 - - [30/Jun/2024:02:31:01 +0200] "GET /ticket2/opencms/system/modules/com.gridnine.opencms.ticketbrokerage.site/resources/pics/bank_2_handelsbanken.png HTTP/1.1" 200 4509
47.128.121.62 - - [30/Jun/2024:02:31:01 +0200] "GET /ticket2/opencms/system/modules/com.gridnine.opencms.ticketbrokerage.site/resources/pics/bank_3_swedbank.png HTTP/1.1" 200 5740
47.128.121.62 - - [30/Jun/2024:02:31:01 +0200] "GET /ticket2/opencms/system/modules/com.gridnine.opencms.ticketbrokerage.site/resources/pics/bank_5_visa_mastercard.png HTTP/1.1" 200 8196
47.128.121.62 - - [30/Jun/2024:02:31:01 +0200] "GET /ticket2/opencms/system/modules/com.gridnine.opencms.ticketbrokerage.site/resources/pics/bank_6_american_express.png HTTP/1.1" 200 5570
23.22.35.162 - - [30/Jun/2024:02:31:01 +0200] "GET /ticket2/opencms/en/sport/football-tickets/premier_league/west-ham/ HTTP/1.1" 200 81742
47.128.119.122 - - [30/Jun/2024:02:31:01 +0200] "GET /ticket2/opencms/system/modules/com.gridnine.opencms.ticketbrokerage.site/resources/pics/bank_1_nordea.png HTTP/1.1" 200 4807
47.128.119.122 - - [30/Jun/2024:02:31:01 +0200] "GET /ticket2/opencms/system/modules/com.gridnine.opencms.ticketbrokerage.site/resources/pics/bank_4_seb.png HTTP/1.1" 200 2487
47.128.119.122 - - [30/Jun/2024:02:31:02 +0200] "GET /ticket2/opencms/system/modules/com.gridnine.opencms.ticketbrokerage.site/resources/pics/bank_5_visa_mastercard.png HTTP/1.1" 200 8196
47.128.119.122 - - [30/Jun/2024:02:31:02 +0200] "GET /ticket2/opencms/system/modules/com.gridnine.opencms.ticketbrokerage.site/resources/pics/bank_6_american_express.png HTTP/1.1" 200 5570
3.224.220.101 - - [30/Jun/2024:02:31:04 +0200] "GET /ticket2/opencms/en/sport/football-tickets/premier_league/brighton/ HTTP/1.1" 200 83571
158.220.119.234 - - [30/Jun/2024:02:31:04 +0200] "GET /ticket2/opencms/se/ru/buy/?page=1&edid=0F77EF88-FBE4-7F41-753F-17825C93DDD3&sortorder=desc&column=section HTTP/1.1" 404 -
185.191.171.15 - - [30/Jun/2024:02:31:08 +0200] "GET /ticket2/opencms/sv/magazine/Arsenal%20slutade%20p%C3%A5%20andra%20plats%20i%20Premier%20League%20f%C3%B6r%20andra%20%C3%A5ret%20i%20rad,%20och%20vill%20nu%20ta%20nya%20tag. HTTP/1.1" 404 -
192.95.30.177 - - [30/Jun/2024:02:31:08 +0200] "GET /ticket2/opencms/de/no/buy/?comcatid=0A6B8208-FDA4-E929-9D72-5312FD481B76&catid=AD8E612F-0F0B-03C9-5236-E4F8B6523945 HTTP/1.1" 404 -
3.224.220.101 - - [30/Jun/2024:02:31:08 +0200] "GET /ticket2/opencms/en/sport/football-tickets/la-liga/athletic_bilbao/ HTTP/1.1" 200 73411
23.22.35.162 - - [30/Jun/2024:02:31:12 +0200] "GET /ticket2/opencms/en/sport/football-tickets/la-liga/atletico_madrid/ HTTP/1.1" 200 73296
158.220.119.234 - - [30/Jun/2024:02:31:12 +0200] "GET /ticket2/opencms/se/ru/buy/?page=1&edid=0FB0E314-7724-B9C7-6FA0-35E67023F72E&sortorder=desc&column=price HTTP/1.1" 404 -
192.95.30.177 - - [30/Jun/2024:02:31:16 +0200] "GET /ticket2/opencms/de/no/buy/?comcatid=0A6B8208-FDA4-E929-9D72-5312FD481B76&catid=CB847559-7ECA-CC50-D7D2-064AF0C06FB1 HTTP/1.1" 404 -
52.70.240.171 - - [30/Jun/2024:02:31:16 +0200] "GET /ticket2/opencms/no/sport/fotballsbilletter/premier_league/ipswich/ HTTP/1.1" 200 85457
192.99.3.137 - - [30/Jun/2024:02:31:16 +0200] "GET /ticket2/opencms/dk/fi/venue/?venueid=6D360DF1-D10E-80D6-413A-8A8A7657A599 HTTP/1.1" 404 -
158.220.124.16 - - [30/Jun/2024:02:31:17 +0200] "GET /ticket2/opencms/se/nl/buy/?page=1&edid=9D7CE21E-D069-3E99-E347-A529C266C14C&sortorder=desc&column=row HTTP/1.1" 404 -
52.70.240.171 - - [30/Jun/2024:02:31:20 +0200] "GET /ticket2/opencms/no/sport/fotballsbilletter/premier_league/everton/ HTTP/1.1" 200 85278
66.249.76.8 - - [30/Jun/2024:02:31:21 +0200] "GET /ticket2/opencms/sv/standard/ HTTP/1.1" 200 85396
158.220.119.234 - - [30/Jun/2024:02:31:22 +0200] "GET /ticket2/opencms/se/ru/buy/?page=1&edid=0FB0E314-7724-B9C7-6FA0-35E67023F72E&sortorder=desc&column=row HTTP/1.1" 404 -
192.95.30.177 - - [30/Jun/2024:02:31:24 +0200] "GET /ticket2/opencms/de/no/buy/?comcatid=0A6B8208-FDA4-E929-9D72-5312FD481B76&catid=FCA7FF95-260A-464B-B6FF-A820FCE7DFEF HTTP/1.1" 404 -
3.224.220.101 - - [30/Jun/2024:02:31:25 +0200] "GET /ticket2/opencms/no/sport/fotballsbilletter/premier_league/chelsea/ HTTP/1.1" 200 86776
52.70.240.171 - - [30/Jun/2024:02:31:28 +0200] "GET /ticket2/opencms/system/modules/com.gridnine.opencms.ticketbrokerage.site/resources/pics/banners/Chelsea.jpg HTTP/1.1" 200 13056
158.220.119.234 - - [30/Jun/2024:02:31:29 +0200] "GET /ticket2/opencms/se/ru/buy/?page=1&edid=0FB0E314-7724-B9C7-6FA0-35E67023F72E&sortorder=desc&column=section HTTP/1.1" 404 -
192.95.30.177 - - [30/Jun/2024:02:31:32 +0200] "GET /ticket2/opencms/de/no/buy/?comcatid=66708183-7480-3365-06BF-DBF60280AB45 HTTP/1.1" 404 -
52.70.240.171 - - [30/Jun/2024:02:31:33 +0200] "GET /ticket2/opencms/no/sport/fotballsbilletter/premier_league/arsenal/ HTTP/1.1" 200 85155
23.22.35.162 - - [30/Jun/2024:02:31:36 +0200] "GET /ticket2/opencms/no/sport/fotballsbilletter/champions_league/final/ HTTP/1.1" 200 73879
158.220.119.234 - - [30/Jun/2024:02:31:37 +0200] "GET /ticket2/opencms/se/ru/buy/?page=1&edid=0FCCF9C5-3BD3-D317-E8F8-3BA4C8FD57CE&sortorder=asc&column=price HTTP/1.1" 404 -
192.95.30.177 - - [30/Jun/2024:02:31:40 +0200] "GET /ticket2/opencms/de/no/buy/?comcatid=66708183-7480-3365-06BF-DBF60280AB45&catid=05A94519-01D1-C86F-9031-84936B0B9DAE HTTP/1.1" 404 -
3.224.220.101 - - [30/Jun/2024:02:31:40 +0200] "GET /ticket2/opencms/system/modules/com.gridnine.opencms.ticketbrokerage.site/resources/pics/banners/sv/champions_league_sv.png HTTP/1.1" 200 72579
192.99.3.137 - - [30/Jun/2024:02:31:41 +0200] "GET /ticket2/opencms/dk/fi/venue/?venueid=352FCD84-5C31-C312-9F6E-54AF0CEAC27D HTTP/1.1" 404 -
23.22.35.162 - - [30/Jun/2024:02:31:44 +0200] "GET /ticket2/opencms/no/sport/fotballsbilletter/champions_league/lazio/ HTTP/1.1" 200 74471
158.220.124.16 - - [30/Jun/2024:02:31:44 +0200] "GET /ticket2/opencms/se/nl/buy/?page=1&edid=9E16BAB2-5459-1F26-305B-E067F0B8F6AD&sortorder=desc&column=price HTTP/1.1" 404 -
158.220.119.234 - - [30/Jun/2024:02:31:44 +0200] "GET /ticket2/opencms/se/ru/buy/?page=1&edid=1010B797-FD07-A826-871C-B380D1F057A0 HTTP/1.1" 404 -
51.222.253.11 - - [30/Jun/2024:02:31:47 +0200] "GET /ticket2/opencms/en/venue/?venueid=CA2773F8-740F-6352-4AEF-6499F28E0684 HTTP/1.1" 200 71336
192.95.30.177 - - [30/Jun/2024:02:31:47 +0200] "GET /ticket2/opencms/de/no/buy/?comcatid=66708183-7480-3365-06BF-DBF60280AB45&catid=30D5812D-0858-4843-8F45-C38AE504153C HTTP/1.1" 404 -
52.70.240.171 - - [30/Jun/2024:02:31:48 +0200] "GET /ticket2/opencms/no/sport/fotballsbilletter/champions_league/inter/ HTTP/1.1" 200 74429
158.220.119.234 - - [30/Jun/2024:02:31:51 +0200] "GET /ticket2/opencms/se/ru/buy/?page=1&edid=1010B797-FD07-A826-871C-B380D1F057A0&sortorder=desc&column=row HTTP/1.1" 404 -
23.22.35.162 - - [30/Jun/2024:02:31:52 +0200] "GET /ticket2/opencms/no/sport/fotballsbilletter/la_liga/rayo_vallecano/ HTTP/1.1" 200 73928
47.128.25.10 - - [30/Jun/2024:02:31:53 +0200] "GET /ticket2/opencms/fi/buy/?catid=D8B345C9-F7A5-E620-4B43-C34EB0D6885B&comcatid=A17713B6-D984-201A-4143-ED4DB5ED5C2E&page=7 HTTP/1.1" 200 83452
20.185.144.126 - - [30/Jun/2024:02:31:53 +0200] "GET /ticket2/opencms/system/modules/com.gridnine.opencms.ticketbrokerage.site/resources/pics/bank_6_american_express.png HTTP/1.1" 200 5570
47.128.25.10 - - [30/Jun/2024:02:31:54 +0200] "GET /ticket2/opencms/system/modules/com.gridnine.opencms.ticketbrokerage.site/resources/pics/logo-new.png HTTP/1.1" 200 13541
47.128.25.10 - - [30/Jun/2024:02:31:55 +0200] "GET /ticket2/opencms/system/modules/com.gridnine.opencms.ticketbrokerage.site/resources/pics/bank_1_nordea.png HTTP/1.1" 200 4807
192.95.30.177 - - [30/Jun/2024:02:31:55 +0200] "GET /ticket2/opencms/de/no/buy/?comcatid=66708183-7480-3365-06BF-DBF60280AB45&catid=8C381435-A1E8-94AF-2C58-D133FCA44A31 HTTP/1.1" 404 -
47.128.25.10 - - [30/Jun/2024:02:31:55 +0200] "GET /ticket2/opencms/system/modules/com.gridnine.opencms.ticketbrokerage.site/resources/pics/bank_4_seb.png HTTP/1.1" 200 2487
47.128.25.10 - - [30/Jun/2024:02:31:55 +0200] "GET /ticket2/opencms/system/modules/com.gridnine.opencms.ticketbrokerage.site/resources/pics/bank_3_swedbank.png HTTP/1.1" 200 5740
47.128.25.10 - - [30/Jun/2024:02:31:55 +0200] "GET /ticket2/opencms/system/modules/com.gridnine.opencms.ticketbrokerage.site/resources/pics/bank_2_handelsbanken.png HTTP/1.1" 200 4509
47.128.25.10 - - [30/Jun/2024:02:31:55 +0200] "GET /ticket2/opencms/system/modules/com.gridnine.opencms.ticketbrokerage.site/resources/pics/bank_5_visa_mastercard.png HTTP/1.1" 200 8196
47.128.25.10 - - [30/Jun/2024:02:31:55 +0200] "GET /ticket2/opencms/system/modules/com.gridnine.opencms.ticketbrokerage.site/resources/pics/bank_6_american_express.png HTTP/1.1" 200 5570
23.22.35.162 - - [30/Jun/2024:02:31:56 +0200] "GET /ticket2/opencms/no/sport/fotballsbilletter/premier_league/bournemouth/ HTTP/1.1" 200 85072
158.220.119.234 - - [30/Jun/2024:02:31:59 +0200] "GET /ticket2/opencms/se/ru/buy/?page=1&edid=102514C2-4BB6-AD7D-D260-D9537E2D3DE4&sortorder=asc&column=price HTTP/1.1" 404 -
3.224.220.101 - - [30/Jun/2024:02:32:00 +0200] "GET /ticket2/opencms/system/modules/com.gridnine.opencms.ticketbrokerage.site/resources/pics/banners/AFC_Bournemouth.jpg HTTP/1.1" 200 25523
158.220.124.16 - - [30/Jun/2024:02:32:01 +0200] "GET /ticket2/opencms/se/nl/buy/?page=1&edid=9E16BAB2-5459-1F26-305B-E067F0B8F6AD&sortorder=desc&column=row HTTP/1.1" 404 -
192.95.30.177 - - [30/Jun/2024:02:32:03 +0200] "GET /ticket2/opencms/de/no/buy/?comcatid=810BB404-4103-77F2-A6C2-12D5E6C338E2 HTTP/1.1" 404 -
3.224.220.101 - - [30/Jun/2024:02:32:04 +0200] "GET /ticket2/opencms/no/sport/fotballsbilletter/premier_league/southampton/ HTTP/1.1" 200 74757
192.99.3.137 - - [30/Jun/2024:02:32:05 +0200] "GET /ticket2/opencms/dk/fi/venue/?venueid=3982A8DF-0386-82E3-C996-B71876E1637D HTTP/1.1" 404 -
158.220.119.234 - - [30/Jun/2024:02:32:06 +0200] "GET /ticket2/opencms/se/ru/buy/?page=1&edid=102514C2-4BB6-AD7D-D260-D9537E2D3DE4&sortorder=asc&column=row HTTP/1.1" 404 -
52.70.240.171 - - [30/Jun/2024:02:32:09 +0200] "GET /ticket2/opencms/no/sport/fotballsbilletter/premier_league/aston_villa/ HTTP/1.1" 200 86021
192.95.30.177 - - [30/Jun/2024:02:32:11 +0200] "GET /ticket2/opencms/de/no/buy/?comcatid=810BB404-4103-77F2-A6C2-12D5E6C338E2&catid=95AE85B5-8979-BB11-643C-430ACC6D50F9 HTTP/1.1" 404 -
52.70.240.171 - - [30/Jun/2024:02:32:12 +0200] "GET /ticket2/opencms/no/sport/fotballsbilletter/champions_league/newcastle/ HTTP/1.1" 200 74588
216.245.221.83 - - [30/Jun/2024:02:32:13 +0200] "HEAD /ticket2/opencms/ HTTP/1.1" 302 -
216.245.221.83 - - [30/Jun/2024:02:32:14 +0200] "HEAD /ticket2/opencms/en/ HTTP/1.1" 200 -
185.157.223.150 - - [30/Jun/2024:02:32:16 +0200] "GET /ticket2/tickets_export/outgoing/export.txt HTTP/1.1" 200 24553702
192.95.30.177 - - [30/Jun/2024:02:32:18 +0200] "GET /ticket2/opencms/de/no/buy/?comcatid=97ECA65A-72DA-F9AF-9DBB-245D3CFED1BE HTTP/1.1" 404 -
158.220.124.16 - - [30/Jun/2024:02:32:19 +0200] "GET /ticket2/opencms/se/nl/buy/?page=1&edid=9E16BAB2-5459-1F26-305B-E067F0B8F6AD&sortorder=desc&column=section HTTP/1.1" 404 -
158.220.119.234 - - [30/Jun/2024:02:32:19 +0200] "GET /ticket2/opencms/se/ru/buy/?page=1&edid=10515F0B-6422-A692-0748-D7547F0F118B&sortorder=asc&column=price HTTP/1.1" 404 -
23.22.35.162 - - [30/Jun/2024:02:32:20 +0200] "GET /ticket2/opencms/no/sport/fotballsbilletter/bundesliga/freiburg/ HTTP/1.1" 200 74376
52.167.144.207 - - [30/Jun/2024:02:32:22 +0200] "GET /ticket2/opencms/sv/venue/?venueid=D18D6787-79C9-168D-043E-699F3EFDABDE HTTP/1.1" 200 72161
52.167.144.207 - - [30/Jun/2024:02:32:23 +0200] "GET /ticket2/opencms/no/sport/fotballsbilletter/premier_league/chelsea HTTP/1.1" 200 86776
52.70.240.171 - - [30/Jun/2024:02:32:24 +0200] "GET /ticket2/opencms/no/sport/fotballsbilletter/bundesliga/augsburg/ HTTP/1.1" 200 74391
192.95.30.177 - - [30/Jun/2024:02:32:26 +0200] "GET /ticket2/opencms/de/no/buy/?comcatid=97ECA65A-72DA-F9AF-9DBB-245D3CFED1BE&catid=078F99D4-0B9E-E323-5A07-D7B70F6E8874 HTTP/1.1" 404 -
52.70.240.171 - - [30/Jun/2024:02:32:28 +0200] "GET /ticket2/opencms/system/modules/com.gridnine.opencms.ticketbrokerage.site/resources/pics/banners/sv/FC_Augsburg.jpg HTTP/1.1" 200 34889
158.220.119.234 - - [30/Jun/2024:02:32:29 +0200] "GET /ticket2/opencms/se/ru/buy/?page=1&edid=10515F0B-6422-A692-0748-D7547F0F118B&sortorder=asc&column=row HTTP/1.1" 404 -
192.99.3.137 - - [30/Jun/2024:02:32:30 +0200] "GET /ticket2/opencms/dk/fi/venue/?venueid=40ADA438-5D69-32FD-AA2D-421A8A0BD7EA HTTP/1.1" 404 -
52.70.240.171 - - [30/Jun/2024:02:32:31 +0200] "GET /ticket2/opencms/en/sport/football-tickets/premier_league/luton/ HTTP/1.1" 200 73382
192.95.30.177 - - [30/Jun/2024:02:32:34 +0200] "GET /ticket2/opencms/de/no/buy/?comcatid=97ECA65A-72DA-F9AF-9DBB-245D3CFED1BE&catid=1656E964-1E02-9A38-D092-65384E60B6EA HTTP/1.1" 404 -
52.70.240.171 - - [30/Jun/2024:02:32:36 +0200] "GET /ticket2/opencms/no/sport/fotballsbilletter/la_liga/real_madrid/ HTTP/1.1" 200 74657
158.220.119.234 - - [30/Jun/2024:02:32:37 +0200] "GET /ticket2/opencms/se/ru/buy/?page=1&edid=10515F0B-6422-A692-0748-D7547F0F118B&sortorder=asc&column=section HTTP/1.1" 404 -
51.222.253.8 - - [30/Jun/2024:02:32:40 +0200] "GET /ticket2/opencms/nl/sport/voetbal-tickets/la_liga/real-sociedad/ HTTP/1.1" 200 72695
52.70.240.171 - - [30/Jun/2024:02:32:40 +0200] "GET /ticket2/opencms/no/sport/fotballsbilletter/serie_a/salernitana/ HTTP/1.1" 200 73906
192.95.30.177 - - [30/Jun/2024:02:32:42 +0200] "GET /ticket2/opencms/de/no/buy/?comcatid=97ECA65A-72DA-F9AF-9DBB-245D3CFED1BE&catid=2CCC191C-F37F-B9CA-D41C-1204E575B328 HTTP/1.1" 404 -
23.22.35.162 - - [30/Jun/2024:02:32:44 +0200] "GET /ticket2/opencms/no/sport/fotballsbilletter/bundesliga/hoffenheim/ HTTP/1.1" 200 74284
47.128.127.38 - - [30/Jun/2024:02:32:45 +0200] "GET /ticket2/opencms/fi/buy/?catid=43171577-14C8-6B19-25D9-DF372BFFCBFA&comcatid=97ECA65A-72DA-F9AF-9DBB-245D3CFED1BE&page=7 HTTP/1.1" 200 78393
158.220.119.234 - - [30/Jun/2024:02:32:45 +0200] "GET /ticket2/opencms/se/ru/buy/?page=1&edid=10515F0B-6422-A692-0748-D7547F0F118B&sortorder=desc&column=section HTTP/1.1" 404 -
47.128.127.38 - - [30/Jun/2024:02:32:46 +0200] "GET /ticket2/opencms/system/modules/com.gridnine.opencms.ticketbrokerage.site/resources/pics/logo-new.png HTTP/1.1" 200 13541
47.128.127.38 - - [30/Jun/2024:02:32:46 +0200] "GET /ticket2/opencms/system/modules/com.gridnine.opencms.ticketbrokerage.site/resources/pics/bank_2_handelsbanken.png HTTP/1.1" 200 4509
47.128.127.38 - - [30/Jun/2024:02:32:47 +0200] "GET /ticket2/opencms/system/modules/com.gridnine.opencms.ticketbrokerage.site/resources/pics/bank_1_nordea.png HTTP/1.1" 200 4807
47.128.127.38 - - [30/Jun/2024:02:32:47 +0200] "GET /ticket2/opencms/system/modules/com.gridnine.opencms.ticketbrokerage.site/resources/pics/bank_3_swedbank.png HTTP/1.1" 200 5740
47.128.127.38 - - [30/Jun/2024:02:32:47 +0200] "GET /ticket2/opencms/system/modules/com.gridnine.opencms.ticketbrokerage.site/resources/pics/bank_5_visa_mastercard.png HTTP/1.1" 200 8196
47.128.127.38 - - [30/Jun/2024:02:32:47 +0200] "GET /ticket2/opencms/system/modules/com.gridnine.opencms.ticketbrokerage.site/resources/pics/bank_4_seb.png HTTP/1.1" 200 2487
47.128.127.38 - - [30/Jun/2024:02:32:47 +0200] "GET /ticket2/opencms/system/modules/com.gridnine.opencms.ticketbrokerage.site/resources/pics/bank_6_american_express.png HTTP/1.1" 200 5570
158.220.124.16 - - [30/Jun/2024:02:32:48 +0200] "GET /ticket2/opencms/se/nl/buy/?page=1&edid=9E895286-4DF2-9E22-3127-0EDC3248C99D&sortorder=desc&column=row HTTP/1.1" 404 -
52.70.240.171 - - [30/Jun/2024:02:32:48 +0200] "GET /ticket2/opencms/system/modules/com.gridnine.opencms.ticketbrokerage.site/resources/pics/banners/sv/1899_Hoffenheim.jpg HTTP/1.1" 200 37103
192.95.30.177 - - [30/Jun/2024:02:32:50 +0200] "GET /ticket2/opencms/de/no/buy/?comcatid=97ECA65A-72DA-F9AF-9DBB-245D3CFED1BE&catid=2E79AED8-FF58-B4E8-AFB0-43E7CEBE7864 HTTP/1.1" 404 -
89.188.14.4 - - [30/Jun/2024:02:32:51 +0200] "GET /ticket2/opencms/robots.txt HTTP/1.1" 200 773
114.119.137.43 - - [30/Jun/2024:02:32:51 +0200] "GET /ticket2/opencms/en/sell/?edid=553ADDA1-E0D9-E3D6-EC5D-90A14C3A0FAF HTTP/1.1" 302 -
52.70.240.171 - - [30/Jun/2024:02:32:52 +0200] "GET /ticket2/opencms/no/sport/fotballsbilletter/bundesliga/heidenheim/ HTTP/1.1" 200 74411
158.220.119.234 - - [30/Jun/2024:02:32:53 +0200] "GET /ticket2/opencms/se/ru/buy/?page=1&edid=10AF4A44-F0BC-B332-8793-ED38C57FC28B&sortorder=desc&column=price HTTP/1.1" 404 -
192.99.3.137 - - [30/Jun/2024:02:32:53 +0200] "GET /ticket2/opencms/dk/fi/venue/?venueid=A38779A4-047C-EFB7-4E80-FADC80B2E4EA HTTP/1.1" 404 -
23.22.35.162 - - [30/Jun/2024:02:32:57 +0200] "GET /ticket2/opencms/en/sport/football-tickets/premier_league/everton/ HTTP/1.1" 200 85690
114.119.137.43 - - [30/Jun/2024:02:32:58 +0200] "GET /ticket2/opencms/en/login/?url=/en/sell/ HTTP/1.1" 200 73431
192.95.30.177 - - [30/Jun/2024:02:32:58 +0200] "GET /ticket2/opencms/de/no/buy/?comcatid=97ECA65A-72DA-F9AF-9DBB-245D3CFED1BE&catid=43171577-14C8-6B19-25D9-DF372BFFCBFA HTTP/1.1" 404 -
158.220.119.234 - - [30/Jun/2024:02:33:01 +0200] "GET /ticket2/opencms/se/ru/buy/?page=1&edid=10AF4A44-F0BC-B332-8793-ED38C57FC28B&sortorder=desc&column=row HTTP/1.1" 404 -
23.22.35.162 - - [30/Jun/2024:02:33:02 +0200] "GET /ticket2/opencms/en/sport/football-tickets/premier_league/chelsea/ HTTP/1.1" 200 84605
52.70.240.171 - - [30/Jun/2024:02:33:04 +0200] "GET /ticket2/opencms/en/sport/football-tickets/premier_league/burnley/ HTTP/1.1" 200 73430
192.95.30.177 - - [30/Jun/2024:02:33:06 +0200] "GET /ticket2/opencms/de/no/buy/?comcatid=97ECA65A-72DA-F9AF-9DBB-245D3CFED1BE&catid=4C4DADF0-07CC-9B24-D2D9-940EF378BE99 HTTP/1.1" 404 -
52.70.240.171 - - [30/Jun/2024:02:33:08 +0200] "GET /ticket2/opencms/en/sport/football-tickets/premier_league/arsenal/ HTTP/1.1" 200 82997
158.220.119.234 - - [30/Jun/2024:02:33:09 +0200] "GET /ticket2/opencms/se/ru/buy/?page=1&edid=10AF4A44-F0BC-B332-8793-ED38C57FC28B&sortorder=desc&column=section HTTP/1.1" 404 -
192.99.3.137 - - [30/Jun/2024:02:33:10 +0200] "GET /ticket2/opencms/dk/fi/venue/?venueid=A576183F-35AB-AD6B-E4D1-EB0643094801 HTTP/1.1" 404 -
158.220.124.16 - - [30/Jun/2024:02:33:11 +0200] "GET /ticket2/opencms/se/nl/buy/?page=1&edid=9F91F11B-386E-12F3-068E-E0525405BD77&sortorder=desc&column=row HTTP/1.1" 404 -
23.22.35.162 - - [30/Jun/2024:02:33:12 +0200] "GET /ticket2/opencms/sv/sport/fotbollsbiljetter/premier_league/london/ HTTP/1.1" 200 78096
192.95.30.177 - - [30/Jun/2024:02:33:14 +0200] "GET /ticket2/opencms/de/no/buy/?comcatid=97ECA65A-72DA-F9AF-9DBB-245D3CFED1BE&catid=55D1256D-BDD9-CBA3-47A3-0A252F702555 HTTP/1.1" 404 -
3.224.220.101 - - [30/Jun/2024:02:33:16 +0200] "GET /ticket2/opencms/system/modules/com.gridnine.opencms.ticketbrokerage.site/resources/pics/banners/Fotboll_i_London.jpg HTTP/1.1" 200 67529
47.128.34.27 - - [30/Jun/2024:02:33:18 +0200] "GET /ticket2/opencms/no/buy/?catid=0A6C99D2-F5BD-7A18-9A5F-5668827042E0&comcatid=A17713B6-D984-201A-4143-ED4DB5ED5C2E&eventid=95E8846F-148F-9D89-2E4D-7714EAEAF9EE&page=7 HTTP/1.1" 200 97249
47.128.34.27 - - [30/Jun/2024:02:33:18 +0200] "GET /ticket2/opencms/system/modules/com.gridnine.opencms.ticketbrokerage.site/resources/pics/logo-new.png HTTP/1.1" 200 13541
47.128.34.27 - - [30/Jun/2024:02:33:19 +0200] "GET /ticket2/opencms/system/modules/com.gridnine.opencms.ticketbrokerage.site/resources/pics/bank_5_visa_mastercard.png HTTP/1.1" 200 8196
47.128.34.27 - - [30/Jun/2024:02:33:19 +0200] "GET /ticket2/opencms/system/modules/com.gridnine.opencms.ticketbrokerage.site/resources/pics/bank_6_american_express.png HTTP/1.1" 200 5570
47.128.34.27 - - [30/Jun/2024:02:33:19 +0200] "GET /ticket2/opencms/system/modules/com.gridnine.opencms.ticketbrokerage.site/resources/pics/bank_4_seb.png HTTP/1.1" 200 2487
47.128.34.27 - - [30/Jun/2024:02:33:20 +0200] "GET /ticket2/opencms/system/modules/com.gridnine.opencms.ticketbrokerage.site/resources/pics/bank_1_nordea.png HTTP/1.1" 200 4807
47.128.34.27 - - [30/Jun/2024:02:33:20 +0200] "GET /ticket2/opencms/system/modules/com.gridnine.opencms.ticketbrokerage.site/resources/pics/bank_2_handelsbanken.png HTTP/1.1" 200 4509
47.128.34.27 - - [30/Jun/2024:02:33:20 +0200] "GET /ticket2/opencms/system/modules/com.gridnine.opencms.ticketbrokerage.site/resources/pics/bank_3_swedbank.png HTTP/1.1" 200 5740
52.70.240.171 - - [30/Jun/2024:02:33:20 +0200] "GET /ticket2/opencms/sv/musikal/ HTTP/1.1" 200 76286
158.220.119.234 - - [30/Jun/2024:02:33:21 +0200] "GET /ticket2/opencms/se/ru/buy/?page=1&edid=10BA5D39-7F27-45E8-D103-3E99604C4918&sortorder=desc&column=row HTTP/1.1" 404 -
66.249.66.87 - - [30/Jun/2024:02:33:21 +0200] "GET /ticket2/opencms/en/login/ HTTP/1.1" 200 73431
192.95.30.177 - - [30/Jun/2024:02:33:21 +0200] "GET /ticket2/opencms/de/no/buy/?comcatid=97ECA65A-72DA-F9AF-9DBB-245D3CFED1BE&catid=6CD184E8-C8D4-E1CC-33D0-6F47E3751240 HTTP/1.1" 404 -
52.70.240.171 - - [30/Jun/2024:02:33:24 +0200] "GET /ticket2/opencms/system/modules/com.gridnine.opencms.ticketbrokerage.site/resources/pics/banners/sv/musical_sv.png HTTP/1.1" 200 10163
192.99.3.137 - - [30/Jun/2024:02:33:28 +0200] "GET /ticket2/opencms/dk/fi/venue/?venueid=AC375263-7A55-216C-3DC8-A3A22B8C867F HTTP/1.1" 404 -
158.220.119.234 - - [30/Jun/2024:02:33:29 +0200] "GET /ticket2/opencms/se/ru/buy/?page=1&edid=10BA5D39-7F27-45E8-D103-3E99604C4918&sortorder=desc&column=section HTTP/1.1" 404 -
3.224.220.101 - - [30/Jun/2024:02:33:29 +0200] "GET /ticket2/opencms/sv/sport/fotbollsbiljetter/english-championship/fulham/ HTTP/1.1" 200 85255
192.95.30.177 - - [30/Jun/2024:02:33:29 +0200] "GET /ticket2/opencms/de/no/buy/?comcatid=97ECA65A-72DA-F9AF-9DBB-245D3CFED1BE&catid=757E2DFB-33DA-9B34-8402-9F06B19D8409 HTTP/1.1" 404 -
3.224.220.101 - - [30/Jun/2024:02:33:31 +0200] "GET /ticket2/opencms/system/modules/com.gridnine.opencms.ticketbrokerage.site/resources/pics/banners/sv/fulham_fc.jpg HTTP/1.1" 200 13157
51.222.253.13 - - [30/Jun/2024:02:33:35 +0200] "GET /ticket2/opencms/en/venue/?venueid=DE70BF4F-D924-8DCC-B4D2-0F84CAE9B9DB HTTP/1.1" 200 71363
3.224.220.101 - - [30/Jun/2024:02:33:36 +0200] "GET /ticket2/opencms/sv/sport/fotbollsbiljetter/english-championship/charlton_athletic/ HTTP/1.1" 200 71927
158.220.119.234 - - [30/Jun/2024:02:33:36 +0200] "GET /ticket2/opencms/se/ru/buy/?page=1&edid=10D6239A-C87E-F4DB-2756-37EA531CCFE4&sortorder=desc&column=row HTTP/1.1" 404 -
47.128.25.120 - - [30/Jun/2024:02:33:37 +0200] "GET /ticket2/opencms/fi/buy/?catid=A05A53F7-423D-23BE-575E-EA7B67DE22D9&comcatid=0A6B8208-FDA4-E929-9D72-5312FD481B76&page=7 HTTP/1.1" 200 77110
192.95.30.177 - - [30/Jun/2024:02:33:37 +0200] "GET /ticket2/opencms/de/no/buy/?comcatid=97ECA65A-72DA-F9AF-9DBB-245D3CFED1BE&catid=7D3BEF66-5D88-3916-5B89-0E7B139E0169 HTTP/1.1" 404 -
47.128.25.120 - - [30/Jun/2024:02:33:38 +0200] "GET /ticket2/opencms/system/modules/com.gridnine.opencms.ticketbrokerage.site/resources/pics/logo-new.png HTTP/1.1" 200 13541
158.220.124.16 - - [30/Jun/2024:02:33:38 +0200] "GET /ticket2/opencms/se/nl/buy/?page=1&edid=9F91F11B-386E-12F3-068E-E0525405BD77&sortorder=desc&column=section HTTP/1.1" 404 -
47.128.25.120 - - [30/Jun/2024:02:33:39 +0200] "GET /ticket2/opencms/system/modules/com.gridnine.opencms.ticketbrokerage.site/resources/pics/bank_3_swedbank.png HTTP/1.1" 200 5740
47.128.25.120 - - [30/Jun/2024:02:33:39 +0200] "GET /ticket2/opencms/system/modules/com.gridnine.opencms.ticketbrokerage.site/resources/pics/bank_2_handelsbanken.png HTTP/1.1" 200 4509
47.128.25.120 - - [30/Jun/2024:02:33:39 +0200] "GET /ticket2/opencms/system/modules/com.gridnine.opencms.ticketbrokerage.site/resources/pics/bank_5_visa_mastercard.png HTTP/1.1" 200 8196
47.128.25.120 - - [30/Jun/2024:02:33:39 +0200] "GET /ticket2/opencms/system/modules/com.gridnine.opencms.ticketbrokerage.site/resources/pics/bank_1_nordea.png HTTP/1.1" 200 4807
47.128.25.120 - - [30/Jun/2024:02:33:39 +0200] "GET /ticket2/opencms/system/modules/com.gridnine.opencms.ticketbrokerage.site/resources/pics/bank_4_seb.png HTTP/1.1" 200 2487
47.128.25.120 - - [30/Jun/2024:02:33:39 +0200] "GET /ticket2/opencms/system/modules/com.gridnine.opencms.ticketbrokerage.site/resources/pics/bank_6_american_express.png HTTP/1.1" 200 5570
192.99.3.137 - - [30/Jun/2024:02:33:40 +0200] "GET /ticket2/opencms/dk/fi/venue/?venueid=AE690E22-52A2-9D01-F177-04D7C65EB752 HTTP/1.1" 404 -
5.255.231.186 - - [30/Jun/2024:02:33:40 +0200] "GET /ticket2/opencms/de/robots.txt HTTP/1.1" 404 -
52.70.240.171 - - [30/Jun/2024:02:33:40 +0200] "GET /ticket2/opencms/sv/sport/fotbollsbiljetter/english-championship/brentford/ HTTP/1.1" 200 72694
213.180.203.143 - - [30/Jun/2024:02:33:41 +0200] "GET /ticket2/opencms/robots.txt HTTP/1.1" 200 773
158.220.119.234 - - [30/Jun/2024:02:33:43 +0200] "GET /ticket2/opencms/se/ru/buy/?page=1&edid=10D6239A-C87E-F4DB-2756-37EA531CCFE4&sortorder=desc&column=section HTTP/1.1" 404 -
95.108.213.112 - - [30/Jun/2024:02:33:45 +0200] "GET /ticket2/opencms/robots.txt HTTP/1.1" 200 773
192.95.30.177 - - [30/Jun/2024:02:33:45 +0200] "GET /ticket2/opencms/de/no/buy/?comcatid=97ECA65A-72DA-F9AF-9DBB-245D3CFED1BE&catid=81B744E7-1FEE-E757-C0AB-C7AF73CDE252 HTTP/1.1" 404 -
192.99.3.137 - - [30/Jun/2024:02:33:46 +0200] "GET /ticket2/opencms/dk/fi/venue/?venueid=AEBDE4BB-8DCC-3391-E627-DEA59986D788 HTTP/1.1" 404 -
5.255.231.193 - - [30/Jun/2024:02:33:47 +0200] "GET /ticket2/opencms/ HTTP/1.1" 302 -
213.180.203.194 - - [30/Jun/2024:02:33:48 +0200] "GET /ticket2/opencms/en/ HTTP/1.1" 200 91208
5.255.231.153 - - [30/Jun/2024:02:33:48 +0200] "GET /ticket2/opencms/de/ HTTP/1.1" 200 91946
158.220.119.234 - - [30/Jun/2024:02:33:50 +0200] "GET /ticket2/opencms/se/ru/buy/?page=1&edid=137C73C4-15F8-5AA6-3AB0-320D3A0CD2AD&sortorder=desc&column=price HTTP/1.1" 404 -
192.95.30.177 - - [30/Jun/2024:02:33:53 +0200] "GET /ticket2/opencms/de/no/buy/?comcatid=97ECA65A-72DA-F9AF-9DBB-245D3CFED1BE&catid=8732E72C-A028-EA8C-4D4D-DEB44E2A28A8 HTTP/1.1" 404 -
192.99.3.137 - - [30/Jun/2024:02:33:53 +0200] "GET /ticket2/opencms/dk/fi/venue/?venueid=AFBD78E8-9F9A-1F1F-0693-EFD155D85FB4 HTTP/1.1" 404 -
158.220.119.234 - - [30/Jun/2024:02:33:57 +0200] "GET /ticket2/opencms/se/ru/buy/?page=1&edid=137C73C4-15F8-5AA6-3AB0-320D3A0CD2AD&sortorder=desc&column=row HTTP/1.1" 404 -
192.95.30.177 - - [30/Jun/2024:02:34:01 +0200] "GET /ticket2/opencms/de/no/buy/?comcatid=97ECA65A-72DA-F9AF-9DBB-245D3CFED1BE&catid=8B6802AF-1ADE-4BE1-A1F7-7671190CFB4F HTTP/1.1" 404 -
192.99.3.137 - - [30/Jun/2024:02:34:02 +0200] "GET /ticket2/opencms/dk/fi/venue/?venueid=B9E1C2A0-0847-2537-2C1B-EF8F5DAD4EC7 HTTP/1.1" 404 -
158.220.124.16 - - [30/Jun/2024:02:34:05 +0200] "GET /ticket2/opencms/se/nl/buy/?page=1&edid=A082D9A0-E4D1-0360-423C-F14EC7DAC615&sortorder=desc&column=row HTTP/1.1" 404 -
158.220.119.234 - - [30/Jun/2024:02:34:05 +0200] "GET /ticket2/opencms/se/ru/buy/?page=1&edid=137C73C4-15F8-5AA6-3AB0-320D3A0CD2AD&sortorder=desc&column=section HTTP/1.1" 404 -
3.224.220.101 - - [30/Jun/2024:02:34:08 +0200] "GET /ticket2/opencms/en/sport/football-tickets/la-liga/rayo_vallecano/ HTTP/1.1" 200 73403
192.99.3.137 - - [30/Jun/2024:02:34:09 +0200] "GET /ticket2/opencms/dk/fi/venue/?venueid=CDC6FC77-3278-004D-0559-D29218CB1115 HTTP/1.1" 404 -
192.95.30.177 - - [30/Jun/2024:02:34:09 +0200] "GET /ticket2/opencms/de/no/buy/?comcatid=97ECA65A-72DA-F9AF-9DBB-245D3CFED1BE&catid=9457695E-36ED-A63E-7A88-32963954E2C7 HTTP/1.1" 404 -
3.224.220.101 - - [30/Jun/2024:02:34:12 +0200] "GET /ticket2/opencms/no/sport/fotballsbilletter/premier_league/fulham/ HTTP/1.1" 200 86857
158.220.119.234 - - [30/Jun/2024:02:34:14 +0200] "GET /ticket2/opencms/se/ru/buy/?page=1&edid=139817EF-970B-30CF-DFF4-4A24563A5DA4&sortorder=desc&column=price HTTP/1.1" 404 -
3.224.220.101 - - [30/Jun/2024:02:34:16 +0200] "GET /ticket2/opencms/no/sport/fotballsbilletter/la_liga/real-sociedad/ HTTP/1.1" 200 73820
192.95.30.177 - - [30/Jun/2024:02:34:17 +0200] "GET /ticket2/opencms/de/no/buy/?comcatid=97ECA65A-72DA-F9AF-9DBB-245D3CFED1BE&catid=D414C6A5-7A03-3389-42A8-D7B7FE32BB37 HTTP/1.1" 404 -
192.99.3.137 - - [30/Jun/2024:02:34:18 +0200] "GET /ticket2/opencms/dk/fi/venue/?venueid=CF199113-9939-2152-B2AE-8CCA2EF584FF HTTP/1.1" 404 -
52.70.240.171 - - [30/Jun/2024:02:34:20 +0200] "GET /ticket2/opencms/no/sport/fotballsbilletter/bundesliga/union_berlin/ HTTP/1.1" 200 74458
158.220.119.234 - - [30/Jun/2024:02:34:22 +0200] "GET /ticket2/opencms/se/ru/buy/?page=1&edid=139817EF-970B-30CF-DFF4-4A24563A5DA4&sortorder=desc&column=row HTTP/1.1" 404 -
3.224.220.101 - - [30/Jun/2024:02:34:24 +0200] "GET /ticket2/opencms/en/sport/football-tickets/premier_league/sheffield/ HTTP/1.1" 200 73494
192.95.30.177 - - [30/Jun/2024:02:34:25 +0200] "GET /ticket2/opencms/de/no/buy/?comcatid=97ECA65A-72DA-F9AF-9DBB-245D3CFED1BE&catid=DA31441B-C568-3C77-D08C-698809032494 HTTP/1.1" 404 -
192.99.3.137 - - [30/Jun/2024:02:34:25 +0200] "GET /ticket2/opencms/dk/fi/venue/?venueid=D04DA2B1-F40A-DB32-0B82-87293ED21BA3 HTTP/1.1" 404 -
3.224.220.101 - - [30/Jun/2024:02:34:28 +0200] "GET /ticket2/opencms/en/sport/football-tickets/premier_league/tottenham/ HTTP/1.1" 200 84134
46.242.38.196 - - [30/Jun/2024:02:34:30 +0200] "GET /ticket2/opencms/ HTTP/1.1" 302 -
46.242.38.196 - - [30/Jun/2024:02:34:30 +0200] "GET /ticket2/opencms/en/ HTTP/1.1" 200 91208
47.128.40.132 - - [30/Jun/2024:02:34:30 +0200] "GET /ticket2/opencms/fi/buy/?catid=42C82D82-D02A-8562-E55C-48ADB3771882&comcatid=A17713B6-D984-201A-4143-ED4DB5ED5C2E&page=7 HTTP/1.1" 200 83467
46.242.38.196 - - [30/Jun/2024:02:34:30 +0200] "GET /ticket2/opencms/system/modules/com.gridnine.opencms.ticketbrokerage.site/resources/css/jquery-ui.css HTTP/1.1" 200 33221
46.242.38.196 - - [30/Jun/2024:02:34:30 +0200] "GET /ticket2/opencms/system/modules/com.gridnine.opencms.ticketbrokerage.site/resources/css/calendar.css HTTP/1.1" 200 6871
46.242.38.196 - - [30/Jun/2024:02:34:30 +0200] "GET /ticket2/opencms/system/modules/com.gridnine.opencms.ticketbrokerage.site/resources/css/ticketbrokerage.css HTTP/1.1" 200 39339
46.242.38.196 - - [30/Jun/2024:02:34:30 +0200] "GET /ticket2/opencms/system/modules/com.gridnine.opencms.ticketbrokerage.site/resources/css/jquery.fancybox.css HTTP/1.1" 200 4939
46.242.38.196 - - [30/Jun/2024:02:34:30 +0200] "GET /ticket2/opencms/system/modules/com.gridnine.opencms.ticketbrokerage.site/resources/js/jquery/jquery.js HTTP/1.1" 200 93868
46.242.38.196 - - [30/Jun/2024:02:34:30 +0200] "GET /ticket2/opencms/system/modules/com.gridnine.opencms.ticketbrokerage.site/resources/css/standard.css HTTP/1.1" 200 71935
46.242.38.196 - - [30/Jun/2024:02:34:30 +0200] "GET /ticket2/opencms/system/modules/com.gridnine.opencms.ticketbrokerage.site/resources/js/jquery/jquery-ui.js HTTP/1.1" 200 228088
46.242.38.196 - - [30/Jun/2024:02:34:30 +0200] "GET /ticket2/opencms/system/modules/com.gridnine.opencms.ticketbrokerage.site/resources/js/functions.js HTTP/1.1" 200 1583
46.242.38.196 - - [30/Jun/2024:02:34:30 +0200] "GET /ticket2/opencms/system/modules/com.gridnine.opencms.ticketbrokerage.site/resources/js/calendar.js HTTP/1.1" 200 49229
158.220.119.234 - - [30/Jun/2024:02:34:31 +0200] "GET /ticket2/opencms/se/ru/buy/?page=1&edid=13B2F0A5-0DDE-A485-8416-D2BF596EBB21&sortorder=desc&column=row HTTP/1.1" 404 -
47.128.40.132 - - [30/Jun/2024:02:34:31 +0200] "GET /ticket2/opencms/system/modules/com.gridnine.opencms.ticketbrokerage.site/resources/pics/logo-new.png HTTP/1.1" 200 13541
46.242.38.196 - - [30/Jun/2024:02:34:31 +0200] "GET /ticket2/opencms/system/modules/com.gridnine.opencms.ticketbrokerage.site/resources/js/calendar-setup.js HTTP/1.1" 200 4923
46.242.38.196 - - [30/Jun/2024:02:34:31 +0200] "GET /ticket2/opencms/system/modules/com.gridnine.opencms.ticketbrokerage.site/resources/js/jquery.fancybox.pack.js HTTP/1.1" 200 23187
46.242.38.196 - - [30/Jun/2024:02:34:31 +0200] "GET /ticket2/opencms/system/modules/com.gridnine.opencms.ticketbrokerage.site/resources/js/calendar-en.js HTTP/1.1" 200 3338
46.242.38.196 - - [30/Jun/2024:02:34:31 +0200] "GET /ticket2/opencms/system/modules/com.gridnine.opencms.ticketbrokerage.site/resources/js/stickyfill.min.js HTTP/1.1" 200 5672
46.242.38.196 - - [30/Jun/2024:02:34:31 +0200] "GET /ticket2/opencms/img/icons/se.png HTTP/1.1" 200 1258
46.242.38.196 - - [30/Jun/2024:02:34:31 +0200] "GET /ticket2/opencms/img/icons/dk.png HTTP/1.1" 200 1706
47.128.40.132 - - [30/Jun/2024:02:34:31 +0200] "GET /ticket2/opencms/system/modules/com.gridnine.opencms.ticketbrokerage.site/resources/pics/bank_3_swedbank.png HTTP/1.1" 200 5740
46.242.38.196 - - [30/Jun/2024:02:34:31 +0200] "GET /ticket2/opencms/system/modules/com.gridnine.opencms.ticketbrokerage.site/resources/js/standard.js HTTP/1.1" 200 3978
46.242.38.196 - - [30/Jun/2024:02:34:31 +0200] "GET /ticket2/opencms/system/modules/com.gridnine.opencms.ticketbrokerage.site/resources/js/jquery.placeholder.min.js HTTP/1.1" 200 1737
46.242.38.196 - - [30/Jun/2024:02:34:31 +0200] "GET /ticket2/opencms/system/modules/com.gridnine.opencms.ticketbrokerage.site/resources/pics/logo-new.png HTTP/1.1" 200 13541
46.242.38.196 - - [30/Jun/2024:02:34:31 +0200] "GET /ticket2/opencms/img/fb.png HTTP/1.1" 200 1269
46.242.38.196 - - [30/Jun/2024:02:34:31 +0200] "GET /ticket2/opencms/system/modules/com.gridnine.opencms.ticketbrokerage.site/resources/pics/bank_1_nordea.png HTTP/1.1" 200 4807
46.242.38.196 - - [30/Jun/2024:02:34:31 +0200] "GET /ticket2/opencms/img/icons/no.png HTTP/1.1" 200 1958
46.242.38.196 - - [30/Jun/2024:02:34:31 +0200] "GET /ticket2/opencms/system/modules/com.gridnine.opencms.ticketbrokerage.site/resources/pics/bank_2_handelsbanken.png HTTP/1.1" 200 4509
46.242.38.196 - - [30/Jun/2024:02:34:31 +0200] "GET /ticket2/opencms/system/modules/com.gridnine.opencms.ticketbrokerage.site/resources/pics/bank_3_swedbank.png HTTP/1.1" 200 5740
46.242.38.196 - - [30/Jun/2024:02:34:31 +0200] "GET /ticket2/opencms/system/modules/com.gridnine.opencms.ticketbrokerage.site/resources/pics/bank_4_seb.png HTTP/1.1" 200 2487
46.242.38.196 - - [30/Jun/2024:02:34:31 +0200] "GET /ticket2/opencms/system/modules/com.gridnine.opencms.ticketbrokerage.site/resources/pics/bank_5_visa_mastercard.png HTTP/1.1" 200 8196
46.242.38.196 - - [30/Jun/2024:02:34:31 +0200] "GET /ticket2/opencms/img/check.png HTTP/1.1" 200 548
46.242.38.196 - - [30/Jun/2024:02:34:31 +0200] "GET /ticket2/opencms/img/mail.png HTTP/1.1" 200 403
46.242.38.196 - - [30/Jun/2024:02:34:31 +0200] "GET /ticket2/opencms/img/chat.png HTTP/1.1" 200 416
46.242.38.196 - - [30/Jun/2024:02:34:31 +0200] "GET /ticket2/opencms/system/modules/com.gridnine.opencms.ticketbrokerage.site/resources/js/common-ajax.js HTTP/1.1" 200 20175
46.242.38.196 - - [30/Jun/2024:02:34:31 +0200] "GET /ticket2/opencms/img/arrow.png HTTP/1.1" 200 753
47.128.40.132 - - [30/Jun/2024:02:34:31 +0200] "GET /ticket2/opencms/system/modules/com.gridnine.opencms.ticketbrokerage.site/resources/pics/bank_4_seb.png HTTP/1.1" 200 2487
47.128.40.132 - - [30/Jun/2024:02:34:31 +0200] "GET /ticket2/opencms/system/modules/com.gridnine.opencms.ticketbrokerage.site/resources/pics/bank_6_american_express.png HTTP/1.1" 200 5570
46.242.38.196 - - [30/Jun/2024:02:34:32 +0200] "GET /ticket2/opencms/system/modules/com.gridnine.opencms.ticketbrokerage.site/resources/pics/bank_6_american_express.png HTTP/1.1" 200 5570
47.128.40.132 - - [30/Jun/2024:02:34:32 +0200] "GET /ticket2/opencms/system/modules/com.gridnine.opencms.ticketbrokerage.site/resources/pics/bank_1_nordea.png HTTP/1.1" 200 4807
46.242.38.196 - - [30/Jun/2024:02:34:32 +0200] "GET /ticket2/opencms/img/banner-sa.jpeg HTTP/1.1" 200 41270
46.242.38.196 - - [30/Jun/2024:02:34:32 +0200] "GET /ticket2/opencms/img/banner-ll.jpeg HTTP/1.1" 200 41825
47.128.40.132 - - [30/Jun/2024:02:34:32 +0200] "GET /ticket2/opencms/system/modules/com.gridnine.opencms.ticketbrokerage.site/resources/pics/bank_2_handelsbanken.png HTTP/1.1" 200 4509
46.242.38.196 - - [30/Jun/2024:02:34:32 +0200] "GET /ticket2/opencms/img/insta.png HTTP/1.1" 200 3967
47.128.40.132 - - [30/Jun/2024:02:34:32 +0200] "GET /ticket2/opencms/system/modules/com.gridnine.opencms.ticketbrokerage.site/resources/pics/bank_5_visa_mastercard.png HTTP/1.1" 200 8196
46.242.38.196 - - [30/Jun/2024:02:34:32 +0200] "GET /ticket2/opencms/img/icons/fi.png HTTP/1.1" 200 1785
46.242.38.196 - - [30/Jun/2024:02:34:32 +0200] "GET /ticket2/opencms/img/icons/no.png HTTP/1.1" 200 1958
46.242.38.196 - - [30/Jun/2024:02:34:32 +0200] "GET /ticket2/opencms/img/banner-pl.jpeg HTTP/1.1" 200 41818
46.242.38.196 - - [30/Jun/2024:02:34:32 +0200] "GET /ticket2/opencms/img/icons/globe-white.png HTTP/1.1" 200 947
46.242.38.196 - - [30/Jun/2024:02:34:32 +0200] "GET /ticket2/opencms/img/icons/nl.png HTTP/1.1" 200 1255
46.242.38.196 - - [30/Jun/2024:02:34:32 +0200] "GET /ticket2/opencms/img/icons/de.png HTTP/1.1" 200 1124
46.242.38.196 - - [30/Jun/2024:02:34:32 +0200] "GET /ticket2/opencms/img/icons/fr.png HTTP/1.1" 200 1764
46.242.38.196 - - [30/Jun/2024:02:34:32 +0200] "GET /ticket2/opencms/img/icons/it.png HTTP/1.1" 200 2040
46.242.38.196 - - [30/Jun/2024:02:34:32 +0200] "GET /ticket2/opencms/img/icons/es.png HTTP/1.1" 200 1005
46.242.38.196 - - [30/Jun/2024:02:34:32 +0200] "GET /ticket2/opencms/img/icons/en.png HTTP/1.1" 200 2415
46.242.38.196 - - [30/Jun/2024:02:34:32 +0200] "GET /ticket2/opencms/system/modules/com.gridnine.opencms.ticketbrokerage.site/resources/js/standard.js HTTP/1.1" 200 3978
192.99.3.137 - - [30/Jun/2024:02:34:34 +0200] "GET /ticket2/opencms/dk/fi/venue/?venueid=D198E605-58F6-945B-9B95-FBB903185288 HTTP/1.1" 404 -
52.70.240.171 - - [30/Jun/2024:02:34:35 +0200] "GET /ticket2/opencms/en/sport/football-tickets/premier_league/liverpool/ HTTP/1.1" 200 82791
158.220.124.16 - - [30/Jun/2024:02:34:35 +0200] "GET /ticket2/opencms/se/nl/buy/?page=1&edid=A2CCA38D-6150-551E-B9AC-21221F616F2D&sortorder=desc&column=section HTTP/1.1" 404 -
52.70.240.171 - - [30/Jun/2024:02:34:36 +0200] "GET /ticket2/opencms/en/sport/football-tickets/premier_league/brentford/ HTTP/1.1" 200 84522
52.70.240.171 - - [30/Jun/2024:02:34:40 +0200] "GET /ticket2/opencms/no/sport/fotballsbilletter/premier_league/brighton/ HTTP/1.1" 200 84151
158.220.119.234 - - [30/Jun/2024:02:34:40 +0200] "GET /ticket2/opencms/se/ru/buy/?page=1&edid=13D502DD-33E9-EF45-57A7-AA1E3263AA97&sortorder=desc&column=price HTTP/1.1" 404 -
192.99.3.137 - - [30/Jun/2024:02:34:41 +0200] "GET /ticket2/opencms/dk/fi/venue/?venueid=D2A04531-4578-B370-DA30-4D01DE169890 HTTP/1.1" 404 -
10.132.0.241 - - [30/Jun/2024:02:34:42 +0200] "GET / HTTP/1.1" 404 -
52.70.240.171 - - [30/Jun/2024:02:34:44 +0200] "GET /ticket2/opencms/system/modules/com.gridnine.opencms.ticketbrokerage.site/resources/pics/banners/sv/brighton.jpg HTTP/1.1" 200 32759
158.220.119.234 - - [30/Jun/2024:02:34:48 +0200] "GET /ticket2/opencms/se/ru/buy/?page=1&edid=19E1E130-239D-825F-A5F3-74E3C641B339&sortorder=asc&column=section HTTP/1.1" 404 -
192.99.3.137 - - [30/Jun/2024:02:34:48 +0200] "GET /ticket2/opencms/dk/fi/venue/?venueid=D9D29041-8F09-AC24-29B9-BAE0DD9106BB HTTP/1.1" 404 -
3.224.220.101 - - [30/Jun/2024:02:34:48 +0200] "GET /ticket2/opencms/no/sport/fotballsbilletter/champions_league/napoli/ HTTP/1.1" 200 74471
52.70.240.171 - - [30/Jun/2024:02:34:52 +0200] "GET /ticket2/opencms/no/sport/fotballsbilletter/champions_league/celtic/ HTTP/1.1" 200 74217
158.220.124.16 - - [30/Jun/2024:02:34:52 +0200] "GET /ticket2/opencms/se/nl/buy/?page=1&edid=AAF81B4A-182C-A2CA-B6C2-D65EF5C78DAB&sortorder=desc&column=row HTTP/1.1" 404 -
192.99.3.137 - - [30/Jun/2024:02:34:53 +0200] "GET /ticket2/opencms/dk/fi/venue/?venueid=E14E113B-0F23-4425-AB89-F1003AE64F34 HTTP/1.1" 404 -
158.220.119.234 - - [30/Jun/2024:02:34:55 +0200] "GET /ticket2/opencms/se/ru/buy/?page=1&edid=1EF4E706-5097-0A86-8C15-17846FC7046D&sortorder=asc&column=row HTTP/1.1" 404 -
23.22.35.162 - - [30/Jun/2024:02:34:56 +0200] "GET /ticket2/opencms/no/sport/fotballsbilletter/la_liga/athletic-bilbao/ HTTP/1.1" 200 73597
192.99.3.137 - - [30/Jun/2024:02:34:59 +0200] "GET /ticket2/opencms/dk/fi/venue/?venueid=E18D9E3C-49FF-D0D7-7808-6EA122B326E7 HTTP/1.1" 404 -
23.22.35.162 - - [30/Jun/2024:02:35:00 +0200] "GET /ticket2/opencms/no/sport/fotballsbilletter/la_liga/atletico_madrid/ HTTP/1.1" 200 73565
3.224.220.101 - - [30/Jun/2024:02:35:04 +0200] "GET /ticket2/opencms/no/sport/fotballsbilletter/bundesliga/wolfsburg/ HTTP/1.1" 200 74323
192.99.3.137 - - [30/Jun/2024:02:35:05 +0200] "GET /ticket2/opencms/dk/fi/venue/?venueid=E55C8CCF-764B-AF44-280A-0CE7B8680CA3 HTTP/1.1" 404 -
154.205.148.198 - - [30/Jun/2024:02:35:07 +0200] "GET /ticket2/opencms/ HTTP/1.1" 302 -
52.70.240.171 - - [30/Jun/2024:02:35:08 +0200] "GET /ticket2/opencms/system/modules/com.gridnine.opencms.ticketbrokerage.site/resources/pics/banners/sv/VfL_Wolfsburg.jpg HTTP/1.1" 200 35883
158.220.119.234 - - [30/Jun/2024:02:35:08 +0200] "GET /ticket2/opencms/se/ru/buy/?page=1&edid=20224A2C-37EC-9C96-4512-8470DDD66BF1&sortorder=asc&column=row HTTP/1.1" 404 -
154.205.148.198 - - [30/Jun/2024:02:35:10 +0200] "GET /ticket2/opencms/en/ HTTP/1.1" 200 91208
154.205.148.198 - - [30/Jun/2024:02:35:10 +0200] "GET /ticket2/opencms/system/modules/com.gridnine.opencms.ticketbrokerage.site/resources/css/ticketbrokerage.css HTTP/1.1" 200 39339
154.205.148.198 - - [30/Jun/2024:02:35:10 +0200] "GET /ticket2/opencms/system/modules/com.gridnine.opencms.ticketbrokerage.site/resources/css/calendar.css HTTP/1.1" 200 6871
154.205.148.198 - - [30/Jun/2024:02:35:10 +0200] "GET /ticket2/opencms/system/modules/com.gridnine.opencms.ticketbrokerage.site/resources/css/standard.css HTTP/1.1" 200 71935
154.205.148.198 - - [30/Jun/2024:02:35:10 +0200] "GET /ticket2/opencms/system/modules/com.gridnine.opencms.ticketbrokerage.site/resources/css/jquery-ui.css HTTP/1.1" 200 33221
154.205.148.198 - - [30/Jun/2024:02:35:10 +0200] "GET /ticket2/opencms/system/modules/com.gridnine.opencms.ticketbrokerage.site/resources/css/jquery.fancybox.css HTTP/1.1" 200 4939
154.205.148.198 - - [30/Jun/2024:02:35:10 +0200] "GET /ticket2/opencms/system/modules/com.gridnine.opencms.ticketbrokerage.site/resources/js/jquery/jquery-ui.js HTTP/1.1" 200 228088
154.205.148.198 - - [30/Jun/2024:02:35:10 +0200] "GET /ticket2/opencms/system/modules/com.gridnine.opencms.ticketbrokerage.site/resources/js/jquery/jquery.js HTTP/1.1" 200 93868
154.205.148.198 - - [30/Jun/2024:02:35:10 +0200] "GET /ticket2/opencms/system/modules/com.gridnine.opencms.ticketbrokerage.site/resources/js/functions.js HTTP/1.1" 200 1583
154.205.148.198 - - [30/Jun/2024:02:35:10 +0200] "GET /ticket2/opencms/system/modules/com.gridnine.opencms.ticketbrokerage.site/resources/js/calendar.js HTTP/1.1" 200 49229
154.205.148.198 - - [30/Jun/2024:02:35:10 +0200] "GET /ticket2/opencms/system/modules/com.gridnine.opencms.ticketbrokerage.site/resources/js/calendar-en.js HTTP/1.1" 200 3338
154.205.148.198 - - [30/Jun/2024:02:35:11 +0200] "GET /ticket2/opencms/system/modules/com.gridnine.opencms.ticketbrokerage.site/resources/js/calendar-setup.js HTTP/1.1" 200 4923
154.205.148.198 - - [30/Jun/2024:02:35:11 +0200] "GET /ticket2/opencms/system/modules/com.gridnine.opencms.ticketbrokerage.site/resources/js/jquery.fancybox.pack.js HTTP/1.1" 200 23187
154.205.148.198 - - [30/Jun/2024:02:35:11 +0200] "GET /ticket2/opencms/system/modules/com.gridnine.opencms.ticketbrokerage.site/resources/js/stickyfill.min.js HTTP/1.1" 200 5672
154.205.148.198 - - [30/Jun/2024:02:35:11 +0200] "GET /ticket2/opencms/img/icons/no.png HTTP/1.1" 200 1958
154.205.148.198 - - [30/Jun/2024:02:35:11 +0200] "GET /ticket2/opencms/img/icons/se.png HTTP/1.1" 200 1258
154.205.148.198 - - [30/Jun/2024:02:35:11 +0200] "GET /ticket2/opencms/system/modules/com.gridnine.opencms.ticketbrokerage.site/resources/js/standard.js HTTP/1.1" 200 3978
154.205.148.198 - - [30/Jun/2024:02:35:11 +0200] "GET /ticket2/opencms/system/modules/com.gridnine.opencms.ticketbrokerage.site/resources/js/jquery.placeholder.min.js HTTP/1.1" 200 1737
154.205.148.198 - - [30/Jun/2024:02:35:11 +0200] "GET /ticket2/opencms/system/modules/com.gridnine.opencms.ticketbrokerage.site/resources/js/common-ajax.js HTTP/1.1" 200 20175
154.205.148.198 - - [30/Jun/2024:02:35:11 +0200] "GET /ticket2/opencms/system/modules/com.gridnine.opencms.ticketbrokerage.site/resources/pics/logo-new.png HTTP/1.1" 200 13541
154.205.148.198 - - [30/Jun/2024:02:35:11 +0200] "GET /ticket2/opencms/img/fb.png HTTP/1.1" 200 1269
154.205.148.198 - - [30/Jun/2024:02:35:11 +0200] "GET /ticket2/opencms/img/insta.png HTTP/1.1" 200 3967
154.205.148.198 - - [30/Jun/2024:02:35:11 +0200] "GET /ticket2/opencms/img/check.png HTTP/1.1" 200 548
154.205.148.198 - - [30/Jun/2024:02:35:11 +0200] "GET /ticket2/opencms/system/modules/com.gridnine.opencms.ticketbrokerage.site/resources/pics/bank_1_nordea.png HTTP/1.1" 200 4807
154.205.148.198 - - [30/Jun/2024:02:35:11 +0200] "GET /ticket2/opencms/system/modules/com.gridnine.opencms.ticketbrokerage.site/resources/pics/bank_2_handelsbanken.png HTTP/1.1" 200 4509
154.205.148.198 - - [30/Jun/2024:02:35:11 +0200] "GET /ticket2/opencms/system/modules/com.gridnine.opencms.ticketbrokerage.site/resources/pics/bank_4_seb.png HTTP/1.1" 200 2487
154.205.148.198 - - [30/Jun/2024:02:35:11 +0200] "GET /ticket2/opencms/system/modules/com.gridnine.opencms.ticketbrokerage.site/resources/pics/bank_3_swedbank.png HTTP/1.1" 200 5740
154.205.148.198 - - [30/Jun/2024:02:35:11 +0200] "GET /ticket2/opencms/system/modules/com.gridnine.opencms.ticketbrokerage.site/resources/pics/bank_5_visa_mastercard.png HTTP/1.1" 200 8196
154.205.148.198 - - [30/Jun/2024:02:35:11 +0200] "GET /ticket2/opencms/system/modules/com.gridnine.opencms.ticketbrokerage.site/resources/pics/bank_6_american_express.png HTTP/1.1" 200 5570
154.205.148.198 - - [30/Jun/2024:02:35:11 +0200] "GET /ticket2/opencms/img/mail.png HTTP/1.1" 200 403
154.205.148.198 - - [30/Jun/2024:02:35:11 +0200] "GET /ticket2/opencms/img/chat.png HTTP/1.1" 200 416
154.205.148.198 - - [30/Jun/2024:02:35:11 +0200] "GET /ticket2/opencms/img/arrow.png HTTP/1.1" 200 753
154.205.148.198 - - [30/Jun/2024:02:35:11 +0200] "GET /ticket2/opencms/img/banner-ll.jpeg HTTP/1.1" 200 41825
154.205.148.198 - - [30/Jun/2024:02:35:11 +0200] "GET /ticket2/opencms/img/banner-pl.jpeg HTTP/1.1" 200 41818
154.205.148.198 - - [30/Jun/2024:02:35:11 +0200] "GET /ticket2/opencms/img/banner-sa.jpeg HTTP/1.1" 200 41270
23.22.35.162 - - [30/Jun/2024:02:35:12 +0200] "GET /ticket2/opencms/no/sport/fotballsbilletter/bundesliga/stuttgart/ HTTP/1.1" 200 74293
192.99.3.137 - - [30/Jun/2024:02:35:12 +0200] "GET /ticket2/opencms/dk/fi/venue/?venueid=E687CB5D-1F58-A3FC-2BFA-4F29DD5C8850 HTTP/1.1" 404 -
154.205.148.198 - - [30/Jun/2024:02:35:12 +0200] "GET /ticket2/opencms/img/icons/globe-white.png HTTP/1.1" 200 947
154.205.148.198 - - [30/Jun/2024:02:35:12 +0200] "GET /ticket2/opencms/img/icons/dk.png HTTP/1.1" 200 1706
154.205.148.198 - - [30/Jun/2024:02:35:12 +0200] "GET /ticket2/opencms/img/icons/nl.png HTTP/1.1" 200 1255
154.205.148.198 - - [30/Jun/2024:02:35:12 +0200] "GET /ticket2/opencms/img/icons/de.png HTTP/1.1" 200 1124
154.205.148.198 - - [30/Jun/2024:02:35:12 +0200] "GET /ticket2/opencms/img/icons/fi.png HTTP/1.1" 200 1785
154.205.148.198 - - [30/Jun/2024:02:35:12 +0200] "GET /ticket2/opencms/img/icons/fr.png HTTP/1.1" 200 1764
154.205.148.198 - - [30/Jun/2024:02:35:12 +0200] "GET /ticket2/opencms/img/icons/es.png HTTP/1.1" 200 1005
154.205.148.198 - - [30/Jun/2024:02:35:12 +0200] "GET /ticket2/opencms/img/icons/it.png HTTP/1.1" 200 2040
154.205.148.198 - - [30/Jun/2024:02:35:12 +0200] "GET /ticket2/opencms/img/icons/en.png HTTP/1.1" 200 2415
154.205.148.198 - - [30/Jun/2024:02:35:12 +0200] "GET /ticket2/opencms/system/modules/com.gridnine.opencms.ticketbrokerage.site/resources/js/standard.js HTTP/1.1" 200 3978
154.205.148.198 - - [30/Jun/2024:02:35:14 +0200] "GET /ticket2/opencms/system/modules/com.gridnine.opencms.ticketbrokerage.site/resources/css/images/ui-bg_flat_75_ffffff_40x100.png HTTP/1.1" 404 -
158.220.119.234 - - [30/Jun/2024:02:35:15 +0200] "GET /ticket2/opencms/se/ru/buy/?page=1&edid=211909F1-B26B-74AD-3CC9-2A46B04760BB&sortorder=asc&column=price HTTP/1.1" 404 -
3.224.220.101 - - [30/Jun/2024:02:35:15 +0200] "GET /ticket2/opencms/system/modules/com.gridnine.opencms.ticketbrokerage.site/resources/pics/banners/sv/VfB_Stuttgart_.jpg HTTP/1.1" 200 35289
192.99.3.137 - - [30/Jun/2024:02:35:19 +0200] "GET /ticket2/opencms/dk/fi/venue/?venueid=E6FE59B7-6C05-A916-C36D-3FBE31FFEED3 HTTP/1.1" 404 -
3.224.220.101 - - [30/Jun/2024:02:35:20 +0200] "GET /ticket2/opencms/no/sport/fotballsbilletter/bundesliga/darmstadt/ HTTP/1.1" 200 74473
66.249.76.168 - - [30/Jun/2024:02:35:22 +0200] "GET /ticket2/opencms/no/sport/fotballsbilletter/serie_a/napoli/ HTTP/1.1" 200 74826
