82.58.24.246 - - [30/Jun/2024:02:47:47 +0200] "GET /ticket2/opencms/system/modules/com.gridnine.opencms.ticketbrokerage.site/resources/pics/logo-new.png HTTP/1.1" 200 13541
82.58.24.246 - - [30/Jun/2024:02:47:47 +0200] "GET /ticket2/opencms/img/insta.png HTTP/1.1" 200 3967
82.58.24.246 - - [30/Jun/2024:02:47:47 +0200] "GET /ticket2/opencms/system/modules/com.gridnine.opencms.ticketbrokerage.site/resources/pics/bank_1_nordea.png HTTP/1.1" 200 4807
82.58.24.246 - - [30/Jun/2024:02:47:47 +0200] "GET /ticket2/opencms/system/modules/com.gridnine.opencms.ticketbrokerage.site/resources/pics/bank_2_handelsbanken.png HTTP/1.1" 200 4509
82.58.24.246 - - [30/Jun/2024:02:47:47 +0200] "GET /ticket2/opencms/system/modules/com.gridnine.opencms.ticketbrokerage.site/resources/pics/bank_3_swedbank.png HTTP/1.1" 200 5740
82.58.24.246 - - [30/Jun/2024:02:47:47 +0200] "GET /ticket2/opencms/system/modules/com.gridnine.opencms.ticketbrokerage.site/resources/pics/bank_4_seb.png HTTP/1.1" 200 2487
82.58.24.246 - - [30/Jun/2024:02:47:47 +0200] "GET /ticket2/opencms/system/modules/com.gridnine.opencms.ticketbrokerage.site/resources/pics/bank_5_visa_mastercard.png HTTP/1.1" 200 8196
82.58.24.246 - - [30/Jun/2024:02:47:47 +0200] "GET /ticket2/opencms/system/modules/com.gridnine.opencms.ticketbrokerage.site/resources/pics/bank_6_american_express.png HTTP/1.1" 200 5570
82.58.24.246 - - [30/Jun/2024:02:47:47 +0200] "GET /ticket2/opencms/img/check.png HTTP/1.1" 200 548
82.58.24.246 - - [30/Jun/2024:02:47:47 +0200] "GET /ticket2/opencms/img/mail.png HTTP/1.1" 200 403
82.58.24.246 - - [30/Jun/2024:02:47:47 +0200] "GET /ticket2/opencms/img/chat.png HTTP/1.1" 200 416
82.58.24.246 - - [30/Jun/2024:02:47:47 +0200] "GET /ticket2/opencms/img/arrow.png HTTP/1.1" 200 753
82.58.24.246 - - [30/Jun/2024:02:47:47 +0200] "GET /ticket2/opencms/img/banner-ll.jpeg HTTP/1.1" 200 41825
82.58.24.246 - - [30/Jun/2024:02:47:47 +0200] "GET /ticket2/opencms/img/banner-pl.jpeg HTTP/1.1" 200 41818
82.58.24.246 - - [30/Jun/2024:02:47:47 +0200] "GET /ticket2/opencms/img/banner-sa.jpeg HTTP/1.1" 200 41270
82.58.24.246 - - [30/Jun/2024:02:47:47 +0200] "GET /ticket2/opencms/img/icons/globe-white.png HTTP/1.1" 200 947
82.58.24.246 - - [30/Jun/2024:02:47:47 +0200] "GET /ticket2/opencms/img/icons/dk.png HTTP/1.1" 200 1706
82.58.24.246 - - [30/Jun/2024:02:47:47 +0200] "GET /ticket2/opencms/img/icons/fi.png HTTP/1.1" 200 1785
82.58.24.246 - - [30/Jun/2024:02:47:48 +0200] "GET /ticket2/opencms/img/icons/nl.png HTTP/1.1" 200 1255
82.58.24.246 - - [30/Jun/2024:02:47:48 +0200] "GET /ticket2/opencms/img/icons/de.png HTTP/1.1" 200 1124
82.58.24.246 - - [30/Jun/2024:02:47:48 +0200] "GET /ticket2/opencms/img/icons/fr.png HTTP/1.1" 200 1764
82.58.24.246 - - [30/Jun/2024:02:47:48 +0200] "GET /ticket2/opencms/img/icons/es.png HTTP/1.1" 200 1005
82.58.24.246 - - [30/Jun/2024:02:47:48 +0200] "GET /ticket2/opencms/img/icons/en.png HTTP/1.1" 200 2415
82.58.24.246 - - [30/Jun/2024:02:47:48 +0200] "GET /ticket2/opencms/img/icons/it.png HTTP/1.1" 200 2040
192.99.3.137 - - [30/Jun/2024:02:47:49 +0200] "GET /ticket2/opencms/dk/ru/buy/?page=1&edid=60B3CAFF-CEDA-8B02-D601-9C788B6A3E8A&sortorder=desc&column=price HTTP/1.1" 404 -
82.58.24.246 - - [30/Jun/2024:02:47:49 +0200] "GET /ticket2/opencms/system/modules/com.gridnine.opencms.ticketbrokerage.site/resources/css/images/ui-bg_flat_75_ffffff_40x100.png HTTP/1.1" 404 -
158.220.119.234 - - [30/Jun/2024:02:47:49 +0200] "GET /ticket2/opencms/se/ru/buy/?page=1&edid=AA9A8326-629A-D733-663A-5FA5E38D3919 HTTP/1.1" 404 -
114.119.158.193 - - [30/Jun/2024:02:47:50 +0200] "GET /ticket2/opencms/en/sell/?edid=4E722101-4569-5A8B-D55C-A65AFE7C34A8 HTTP/1.1" 302 -
52.70.240.171 - - [30/Jun/2024:02:47:50 +0200] "GET /ticket2/opencms/en/venue/?venueid=ABC0464F-8805-FF17-3379-7EF70B4189E3 HTTP/1.1" 200 71342
52.167.144.182 - - [30/Jun/2024:02:47:50 +0200] "GET /ticket2/opencms/dk/venue/?venueid=70DCD869-5BA7-F3C6-AAAA-0FB61E169734 HTTP/1.1" 200 71773
114.119.155.205 - - [30/Jun/2024:02:47:51 +0200] "GET /ticket2/opencms/en/buy/?comcatid=0A6B8208-FDA4-E929-9D72-5312FD481B76&catid=A05A53F7-423D-23BE-575E-EA7B67DE22D9 HTTP/1.1" 200 75342
52.70.240.171 - - [30/Jun/2024:02:47:53 +0200] "GET /ticket2/opencms/en/venue/?venueid=EC472EA6-DB5A-9847-3498-3E97CC377FD4 HTTP/1.1" 200 71344
114.119.158.193 - - [30/Jun/2024:02:47:53 +0200] "GET /ticket2/opencms/en/login/?url=/en/sell/ HTTP/1.1" 200 73431
158.220.119.234 - - [30/Jun/2024:02:47:55 +0200] "GET /ticket2/opencms/se/ru/buy/?page=1&edid=AA9A8326-629A-D733-663A-5FA5E38D3919&sortorder=asc&column=price HTTP/1.1" 404 -
192.99.3.137 - - [30/Jun/2024:02:47:56 +0200] "GET /ticket2/opencms/dk/ru/buy/?page=1&edid=60B3CAFF-CEDA-8B02-D601-9C788B6A3E8A&sortorder=desc&column=row HTTP/1.1" 404 -
3.224.220.101 - - [30/Jun/2024:02:47:56 +0200] "GET /ticket2/opencms/en/venue/?venueid=0F4E0BCC-3EEC-C6F5-61BA-D1A20321E8C9 HTTP/1.1" 200 71347
158.220.124.16 - - [30/Jun/2024:02:47:59 +0200] "GET /ticket2/opencms/se/nl/buy/?page=1&edid=D38A75EF-0F2E-99D7-BE2D-1257A3573610&sortorder=desc&column=row HTTP/1.1" 404 -
23.22.35.162 - - [30/Jun/2024:02:48:00 +0200] "GET /ticket2/opencms/en/venue/?venueid=D472C220-B929-5B16-8479-1E0BD6C92DF6 HTTP/1.1" 200 71341
158.220.119.234 - - [30/Jun/2024:02:48:01 +0200] "GET /ticket2/opencms/se/ru/buy/?page=1&edid=AA9A8326-629A-D733-663A-5FA5E38D3919&sortorder=desc&column=row HTTP/1.1" 404 -
192.99.3.137 - - [30/Jun/2024:02:48:02 +0200] "GET /ticket2/opencms/dk/ru/buy/?page=1&edid=60B3CAFF-CEDA-8B02-D601-9C788B6A3E8A&sortorder=desc&column=section HTTP/1.1" 404 -
52.167.144.20 - - [30/Jun/2024:02:48:03 +0200] "GET /ticket2/opencms/en/venue/?venueid=C895C98D-A877-A846-0D41-8B19B93F577D HTTP/1.1" 200 71353
3.224.220.101 - - [30/Jun/2024:02:48:05 +0200] "GET /ticket2/opencms/en/venue/?venueid=4B0D88EB-7E2A-A891-8EAD-E0241631A72F HTTP/1.1" 200 71335
158.220.119.234 - - [30/Jun/2024:02:48:06 +0200] "GET /ticket2/opencms/se/ru/buy/?page=1&edid=AAA7E280-21B8-F2DF-6BE8-2C941214F0BA HTTP/1.1" 404 -
158.220.124.16 - - [30/Jun/2024:02:48:07 +0200] "GET /ticket2/opencms/se/nl/buy/?page=1&edid=D38A75EF-0F2E-99D7-BE2D-1257A3573610&sortorder=desc&column=section HTTP/1.1" 404 -
52.70.240.171 - - [30/Jun/2024:02:48:08 +0200] "GET /ticket2/opencms/en/venue/?venueid=2CC647F7-59C6-AB1D-2A61-6BBFF2FA93FE HTTP/1.1" 200 71338
192.99.3.137 - - [30/Jun/2024:02:48:09 +0200] "GET /ticket2/opencms/dk/ru/buy/?page=1&edid=619E7243-1B23-CC7D-76EF-2E2E7EEEE439&sortorder=desc&column=price HTTP/1.1" 404 -
158.220.119.234 - - [30/Jun/2024:02:48:11 +0200] "GET /ticket2/opencms/se/ru/buy/?page=1&edid=AAA7E280-21B8-F2DF-6BE8-2C941214F0BA&sortorder=desc&column=row HTTP/1.1" 404 -
52.70.240.171 - - [30/Jun/2024:02:48:12 +0200] "GET /ticket2/opencms/en/venue/?venueid=F6F762B7-B573-80DB-59E3-860FE5BEB66D HTTP/1.1" 200 71329
192.99.3.137 - - [30/Jun/2024:02:48:15 +0200] "GET /ticket2/opencms/dk/ru/buy/?page=1&edid=619E7243-1B23-CC7D-76EF-2E2E7EEEE439&sortorder=desc&column=row HTTP/1.1" 404 -
52.70.240.171 - - [30/Jun/2024:02:48:16 +0200] "GET /ticket2/opencms/en/venue/?venueid=8CD131ED-0F8F-D369-706B-E5EC13ED9308 HTTP/1.1" 200 71347
158.220.119.234 - - [30/Jun/2024:02:48:17 +0200] "GET /ticket2/opencms/se/ru/buy/?page=1&edid=AB846FE3-D252-0F8D-9888-1616F9907D4C HTTP/1.1" 404 -
52.70.240.171 - - [30/Jun/2024:02:48:20 +0200] "GET /ticket2/opencms/en/venue/?venueid=88FA5ED7-F5AA-6C61-A45E-2A93337B7DAA HTTP/1.1" 200 71308
192.99.3.137 - - [30/Jun/2024:02:48:21 +0200] "GET /ticket2/opencms/dk/ru/buy/?page=1&edid=63E79B14-F1BE-6754-0C6E-3C2A84BDC10A&sortorder=desc&column=row HTTP/1.1" 404 -
158.220.124.16 - - [30/Jun/2024:02:48:21 +0200] "GET /ticket2/opencms/se/nl/buy/?page=1&edid=D43BFFD3-0461-0CBA-4DE5-DD2922B6A5EE&sortorder=asc&column=section HTTP/1.1" 404 -
158.220.119.234 - - [30/Jun/2024:02:48:23 +0200] "GET /ticket2/opencms/se/ru/buy/?page=1&edid=AC293095-F943-6E2E-6AFF-DB98FBD22E45&sortorder=asc&column=section HTTP/1.1" 404 -
51.222.253.17 - - [30/Jun/2024:02:48:24 +0200] "GET /ticket2/opencms/nl/sport/voetbal-tickets/la_liga/girona/ HTTP/1.1" 200 72738
23.22.35.162 - - [30/Jun/2024:02:48:25 +0200] "GET /ticket2/opencms/en/venue/?venueid=B9A3249B-A407-83D8-700C-4E1EE9D257A8 HTTP/1.1" 200 71365
66.249.76.1 - - [30/Jun/2024:02:48:25 +0200] "GET /ticket2/opencms/system/modules/com.gridnine.opencms.ticketbrokerage.site/resources/css/calendar.css HTTP/1.1" 200 6871
192.99.3.137 - - [30/Jun/2024:02:48:27 +0200] "GET /ticket2/opencms/dk/ru/buy/?page=1&edid=655F7505-DD14-2E38-25CF-F901B58017C7&sortorder=desc&column=row HTTP/1.1" 404 -
158.220.119.234 - - [30/Jun/2024:02:48:29 +0200] "GET /ticket2/opencms/se/ru/buy/?page=1&edid=AD5DB98E-0383-82ED-D9EA-4EF4C6517FB7&sortorder=desc&column=price HTTP/1.1" 404 -
52.70.240.171 - - [30/Jun/2024:02:48:29 +0200] "GET /ticket2/opencms/en/venue/?venueid=D7CC1908-9B64-88E2-CBC1-94080245C38F HTTP/1.1" 200 71329
3.224.220.101 - - [30/Jun/2024:02:48:32 +0200] "GET /ticket2/opencms/en/venue/?venueid=2B29C6EC-89D0-6E9C-BAE4-2D03D28807C6 HTTP/1.1" 200 71369
192.99.3.137 - - [30/Jun/2024:02:48:33 +0200] "GET /ticket2/opencms/dk/ru/buy/?page=1&edid=65BC9943-2D4E-DF73-E652-378517773F8E&sortorder=desc&column=section HTTP/1.1" 404 -
158.220.119.234 - - [30/Jun/2024:02:48:35 +0200] "GET /ticket2/opencms/se/ru/buy/?page=1&edid=AD5DB98E-0383-82ED-D9EA-4EF4C6517FB7&sortorder=desc&column=section HTTP/1.1" 404 -
158.220.124.16 - - [30/Jun/2024:02:48:36 +0200] "GET /ticket2/opencms/se/nl/buy/?page=1&edid=D44C1EAC-032A-C470-5ABD-2C1702AAE63F HTTP/1.1" 404 -
3.224.220.101 - - [30/Jun/2024:02:48:37 +0200] "GET /ticket2/opencms/en/venue/?venueid=D2C0F5B4-1573-341C-5259-5AC0A43EDC76 HTTP/1.1" 200 71305
192.99.3.137 - - [30/Jun/2024:02:48:39 +0200] "GET /ticket2/opencms/dk/ru/buy/?page=1&edid=65E7106B-E648-8ADB-53BF-E2D7936DFB6B&sortorder=desc&column=price HTTP/1.1" 404 -
158.220.119.234 - - [30/Jun/2024:02:48:40 +0200] "GET /ticket2/opencms/se/ru/buy/?page=1&edid=AD78D3D8-F7F4-B16B-F669-28BF69A2214D&sortorder=asc&column=row HTTP/1.1" 404 -
23.22.35.162 - - [30/Jun/2024:02:48:41 +0200] "GET /ticket2/opencms/en/venue/?venueid=0EB0D100-3DC6-5264-8D3B-F5AE296F5DFE HTTP/1.1" 200 71422
23.22.35.162 - - [30/Jun/2024:02:48:45 +0200] "GET /ticket2/opencms/en/venue/?venueid=CC9A440E-B464-CC4E-06EE-F66092FB8CD7 HTTP/1.1" 200 71327
158.220.119.234 - - [30/Jun/2024:02:48:45 +0200] "GET /ticket2/opencms/se/ru/buy/?page=1&edid=AD8B286C-A601-B37E-CF61-F8810D020A2B HTTP/1.1" 404 -
192.99.3.137 - - [30/Jun/2024:02:48:45 +0200] "GET /ticket2/opencms/dk/ru/buy/?page=1&edid=65E7106B-E648-8ADB-53BF-E2D7936DFB6B&sortorder=desc&column=section HTTP/1.1" 404 -
158.220.124.16 - - [30/Jun/2024:02:48:47 +0200] "GET /ticket2/opencms/se/nl/buy/?page=1&edid=D54647C8-B205-BD5F-2C2C-2FE17A087C43&sortorder=desc&column=price HTTP/1.1" 404 -
3.224.220.101 - - [30/Jun/2024:02:48:49 +0200] "GET /ticket2/opencms/en/venue/?venueid=301158BF-3944-5CEC-1D81-3761E7E1A258 HTTP/1.1" 200 71380
158.220.119.234 - - [30/Jun/2024:02:48:50 +0200] "GET /ticket2/opencms/se/ru/buy/?page=1&edid=AD8B286C-A601-B37E-CF61-F8810D020A2B&sortorder=desc&column=price HTTP/1.1" 404 -
192.99.3.137 - - [30/Jun/2024:02:48:51 +0200] "GET /ticket2/opencms/dk/ru/buy/?page=1&edid=7D115C59-5F9A-933D-B470-01676B7FE6A6&sortorder=desc&column=row HTTP/1.1" 404 -
3.224.220.101 - - [30/Jun/2024:02:48:52 +0200] "GET /ticket2/opencms/en/venue/?venueid=E4026088-40C0-F304-64D2-D270529B891B HTTP/1.1" 200 71350
158.220.119.234 - - [30/Jun/2024:02:48:55 +0200] "GET /ticket2/opencms/se/ru/buy/?page=1&edid=AD8B286C-A601-B37E-CF61-F8810D020A2B&sortorder=desc&column=row HTTP/1.1" 404 -
52.70.240.171 - - [30/Jun/2024:02:48:57 +0200] "GET /ticket2/opencms/en/venue/?venueid=41147811-3555-116B-80FF-96EECC95BFDA HTTP/1.1" 200 71368
192.99.3.137 - - [30/Jun/2024:02:48:58 +0200] "GET /ticket2/opencms/dk/ru/buy/?page=1&edid=7D115C59-5F9A-933D-B470-01676B7FE6A6&sortorder=desc&column=section HTTP/1.1" 404 -
158.220.124.16 - - [30/Jun/2024:02:48:58 +0200] "GET /ticket2/opencms/se/nl/buy/?page=1&edid=D54647C8-B205-BD5F-2C2C-2FE17A087C43&sortorder=desc&column=section HTTP/1.1" 404 -
158.220.119.234 - - [30/Jun/2024:02:49:00 +0200] "GET /ticket2/opencms/se/ru/buy/?page=1&edid=AD8B286C-A601-B37E-CF61-F8810D020A2B&sortorder=desc&column=section HTTP/1.1" 404 -
23.22.35.162 - - [30/Jun/2024:02:49:00 +0200] "GET /ticket2/opencms/en/venue/?venueid=549D1F21-57F6-6965-4AE0-C027D23DF3A5 HTTP/1.1" 200 71444
23.22.35.162 - - [30/Jun/2024:02:49:01 +0200] "GET /ticket2/opencms/robots.txt HTTP/1.1" 200 773
192.99.3.137 - - [30/Jun/2024:02:49:04 +0200] "GET /ticket2/opencms/dk/ru/buy/?page=1&edid=7DF77E99-8194-C3D0-5A00-8A12D492E581&sortorder=desc&column=price HTTP/1.1" 404 -
52.70.240.171 - - [30/Jun/2024:02:49:04 +0200] "GET /ticket2/opencms/venue/whitehartlane.png HTTP/1.1" 200 42307
158.220.119.234 - - [30/Jun/2024:02:49:05 +0200] "GET /ticket2/opencms/se/ru/buy/?page=1&edid=AD9481A5-A300-A43A-AA29-A475A26DF184&sortorder=desc&column=price HTTP/1.1" 404 -
20.231.228.20 - - [30/Jun/2024:02:49:05 +0200] "GET /ticket2/opencms/system/modules/com.gridnine.opencms.ticketbrokerage.site/resources/pics/logo-new.png HTTP/1.1" 200 13541
3.224.220.101 - - [30/Jun/2024:02:49:08 +0200] "GET /ticket2/opencms/en/venue/?venueid=F3839010-FA04-80EF-00C0-301AFB1437AD HTTP/1.1" 200 71416
192.99.3.137 - - [30/Jun/2024:02:49:09 +0200] "GET /ticket2/opencms/dk/ru/buy/?page=1&edid=7DF77E99-8194-C3D0-5A00-8A12D492E581&sortorder=desc&column=row HTTP/1.1" 404 -
158.220.119.234 - - [30/Jun/2024:02:49:09 +0200] "GET /ticket2/opencms/se/ru/buy/?page=1&edid=AD9481A5-A300-A43A-AA29-A475A26DF184&sortorder=desc&column=row HTTP/1.1" 404 -
158.220.124.16 - - [30/Jun/2024:02:49:11 +0200] "GET /ticket2/opencms/se/nl/buy/?page=1&edid=D5ECBB60-B9DE-C9C5-5B4C-845CEC40C77F&sortorder=asc&column=price HTTP/1.1" 404 -
23.22.35.162 - - [30/Jun/2024:02:49:13 +0200] "GET /ticket2/opencms/en/venue/?venueid=00355748-2F14-5C42-41A1-1802A30CF178 HTTP/1.1" 200 71404
158.220.119.234 - - [30/Jun/2024:02:49:15 +0200] "GET /ticket2/opencms/se/ru/buy/?page=1&edid=AD9481A5-A300-A43A-AA29-A475A26DF184&sortorder=desc&column=section HTTP/1.1" 404 -
192.99.3.137 - - [30/Jun/2024:02:49:15 +0200] "GET /ticket2/opencms/dk/ru/buy/?page=1&edid=CEE54570-4667-7A33-F8E6-E66FA64FE27D&sortorder=desc&column=row HTTP/1.1" 404 -
23.22.35.162 - - [30/Jun/2024:02:49:17 +0200] "GET /ticket2/opencms/en/venue/?venueid=E6204074-AB92-38FC-E60D-184F55E9757A HTTP/1.1" 200 71365
158.220.119.234 - - [30/Jun/2024:02:49:19 +0200] "GET /ticket2/opencms/se/ru/buy/?page=1&edid=ADE3597D-A6E8-88A2-2D38-4DA59DAE8129 HTTP/1.1" 404 -
3.224.220.101 - - [30/Jun/2024:02:49:20 +0200] "GET /ticket2/opencms/en/venue/?venueid=D436D35C-B831-A55A-C197-F1CFCA7C670C HTTP/1.1" 200 71396
192.99.3.137 - - [30/Jun/2024:02:49:21 +0200] "GET /ticket2/opencms/dk/ru/buy/?page=1&edid=DF40F930-4066-72CA-ACF2-508720C87130&sortorder=desc&column=price HTTP/1.1" 404 -
158.220.124.16 - - [30/Jun/2024:02:49:22 +0200] "GET /ticket2/opencms/se/nl/buy/?page=1&edid=D5ECBB60-B9DE-C9C5-5B4C-845CEC40C77F&sortorder=asc&column=row HTTP/1.1" 404 -
158.220.119.234 - - [30/Jun/2024:02:49:24 +0200] "GET /ticket2/opencms/se/ru/buy/?page=1&edid=ADE7AA6B-58B7-7155-682C-C32943F9CDAC&sortorder=desc&column=price HTTP/1.1" 404 -
3.224.220.101 - - [30/Jun/2024:02:49:24 +0200] "GET /ticket2/opencms/en/venue/?venueid=D18D6787-79C9-168D-043E-699F3EFDABDE HTTP/1.1" 200 71333
51.222.253.17 - - [30/Jun/2024:02:49:26 +0200] "GET /ticket2/opencms/en/venue/?venueid=D18D6787-79C9-168D-043E-699F3EFDABDE HTTP/1.1" 200 71333
192.99.3.137 - - [30/Jun/2024:02:49:26 +0200] "GET /ticket2/opencms/dk/ru/buy/?page=1&edid=DF73B840-FD1F-33E1-0F15-67C495C62B65 HTTP/1.1" 404 -
52.70.240.171 - - [30/Jun/2024:02:49:29 +0200] "GET /ticket2/opencms/en/venue/?venueid=4EB732D1-1652-2B2A-5343-888F777F34B4 HTTP/1.1" 200 71350
158.220.119.234 - - [30/Jun/2024:02:49:29 +0200] "GET /ticket2/opencms/se/ru/buy/?page=1&edid=ADE7AA6B-58B7-7155-682C-C32943F9CDAC&sortorder=desc&column=row HTTP/1.1" 404 -
158.220.124.16 - - [30/Jun/2024:02:49:30 +0200] "GET /ticket2/opencms/se/nl/buy/?page=1&edid=D5ECBB60-B9DE-C9C5-5B4C-845CEC40C77F&sortorder=asc&column=section HTTP/1.1" 404 -
185.157.223.150 - - [30/Jun/2024:02:49:30 +0200] "GET /ticket2/tickets_export/outgoing/export.txt HTTP/1.1" 200 24553702
192.99.3.137 - - [30/Jun/2024:02:49:32 +0200] "GET /ticket2/opencms/dk/ru/buy/?page=1&edid=E195347C-2F61-DC12-B555-E80AECD24DE5 HTTP/1.1" 404 -
3.224.220.101 - - [30/Jun/2024:02:49:32 +0200] "GET /ticket2/opencms/en/venue/?venueid=52FEA340-600C-C2A6-D05C-0B94F2E2DFB9 HTTP/1.1" 200 71332
158.220.119.234 - - [30/Jun/2024:02:49:34 +0200] "GET /ticket2/opencms/se/ru/buy/?page=1&edid=ADE7AA6B-58B7-7155-682C-C32943F9CDAC&sortorder=desc&column=section HTTP/1.1" 404 -
3.224.220.101 - - [30/Jun/2024:02:49:36 +0200] "GET /ticket2/opencms/en/venue/?venueid=5825560D-8AFF-5FEB-2C32-D0E0D585D6B3 HTTP/1.1" 200 71348
192.99.3.137 - - [30/Jun/2024:02:49:37 +0200] "GET /ticket2/opencms/dk/ru/buy/?page=1&edid=E94EB3D4-47F8-5B4B-AFCC-5DA76D6F5A89&sortorder=desc&column=section HTTP/1.1" 404 -
158.220.119.234 - - [30/Jun/2024:02:49:39 +0200] "GET /ticket2/opencms/se/ru/buy/?page=1&edid=AE0B1CB0-C071-E4CC-A5D8-E94E57C9DEB0&sortorder=asc&column=section HTTP/1.1" 404 -
40.77.167.53 - - [30/Jun/2024:02:49:40 +0200] "GET /ticket2/opencms/de/affiliateprogram.html HTTP/1.1" 200 73057
3.224.220.101 - - [30/Jun/2024:02:49:40 +0200] "GET /ticket2/opencms/en/venue/?venueid=66B7684A-34D7-B171-288C-D950D3063FA0 HTTP/1.1" 200 71424
158.220.124.16 - - [30/Jun/2024:02:49:42 +0200] "GET /ticket2/opencms/se/nl/buy/?page=1&edid=D6CEF78B-A02A-B7EC-6D6B-D4925E4ADC02&sortorder=desc&column=row HTTP/1.1" 404 -
192.99.3.137 - - [30/Jun/2024:02:49:42 +0200] "GET /ticket2/opencms/dk/ru/buy/?page=10&eventid=44A1774B-7690-4041-831D-F16B9B8104AB&venueid=FF995A14-40EA-8EEB-6CB2-5F20B0A58DD9 HTTP/1.1" 404 -
158.220.119.234 - - [30/Jun/2024:02:49:44 +0200] "GET /ticket2/opencms/se/ru/buy/?page=1&edid=AE782AB5-7A41-EF35-A705-1424A1D319D7 HTTP/1.1" 404 -
3.224.220.101 - - [30/Jun/2024:02:49:44 +0200] "GET /ticket2/opencms/en/venue/?venueid=9A3D2E7F-BC68-0BF9-8767-55D1E5B17ADE HTTP/1.1" 200 71423
192.99.3.137 - - [30/Jun/2024:02:49:48 +0200] "GET /ticket2/opencms/dk/ru/sell/?edid=F1F901AD-46B4-2ABB-9F44-8F814117B930 HTTP/1.1" 404 -
52.70.240.171 - - [30/Jun/2024:02:49:48 +0200] "GET /ticket2/opencms/en/venue/?venueid=8297690D-E4E6-1024-2FFF-C5755F6E0B09 HTTP/1.1" 200 71416
158.220.119.234 - - [30/Jun/2024:02:49:49 +0200] "GET /ticket2/opencms/se/ru/buy/?page=1&edid=AE7AFEEB-34F7-6C11-5867-600D4D52A2A5&sortorder=asc&column=section HTTP/1.1" 404 -
158.220.124.16 - - [30/Jun/2024:02:49:53 +0200] "GET /ticket2/opencms/se/nl/buy/?page=1&edid=D70A41B1-6D3D-85F0-D287-441C9260855D&sortorder=desc&column=price HTTP/1.1" 404 -
3.224.220.101 - - [30/Jun/2024:02:49:53 +0200] "GET /ticket2/opencms/en/venue/?venueid=593AF726-0A01-6DBE-E6B0-2BCB42342E04 HTTP/1.1" 200 71353
192.99.3.137 - - [30/Jun/2024:02:49:53 +0200] "GET /ticket2/opencms/dk/ru/sport/football/serie_a/ HTTP/1.1" 404 -
158.220.119.234 - - [30/Jun/2024:02:49:55 +0200] "GET /ticket2/opencms/se/ru/buy/?page=1&edid=AEAF5AF4-E00D-AFA0-01F0-9CA5F3BC692F&sortorder=asc&column=price HTTP/1.1" 404 -
3.224.220.101 - - [30/Jun/2024:02:49:56 +0200] "GET /ticket2/opencms/en/venue/?venueid=0DA9220F-5BB2-461D-5A38-C07E9D74A1A9 HTTP/1.1" 200 71332
192.99.3.137 - - [30/Jun/2024:02:49:57 +0200] "GET /ticket2/opencms/dk/sv/buy/?page=1&edid=016EEFE0-BEFC-66E2-7958-7FFA479AAFD5&sortorder=asc&column=price HTTP/1.1" 404 -
158.220.119.234 - - [30/Jun/2024:02:50:00 +0200] "GET /ticket2/opencms/se/ru/buy/?page=1&edid=AEAF5AF4-E00D-AFA0-01F0-9CA5F3BC692F&sortorder=asc&column=section HTTP/1.1" 404 -
3.224.220.101 - - [30/Jun/2024:02:50:00 +0200] "GET /ticket2/opencms/en/venue/?venueid=DABDC4D6-A186-DAE6-C644-5DB9CB011EEC HTTP/1.1" 200 71465
192.99.3.137 - - [30/Jun/2024:02:50:00 +0200] "GET /ticket2/opencms/dk/sv/buy/?page=1&edid=07A33A19-3A86-A256-E698-74944137E871 HTTP/1.1" 404 -
158.220.124.16 - - [30/Jun/2024:02:50:04 +0200] "GET /ticket2/opencms/se/nl/buy/?page=1&edid=D7193451-9A3A-74F4-A8C7-6E587A08462E&sortorder=desc&column=row HTTP/1.1" 404 -
192.99.3.137 - - [30/Jun/2024:02:50:04 +0200] "GET /ticket2/opencms/dk/sv/buy/?page=1&edid=07A7E335-3FDC-BDDD-22E9-0AFD93E44D18&sortorder=desc&column=price HTTP/1.1" 404 -
3.224.220.101 - - [30/Jun/2024:02:50:04 +0200] "GET /ticket2/opencms/en/venue/?venueid=E182D4A0-2AF1-84A0-6F36-875410C652B9 HTTP/1.1" 200 71348
158.220.119.234 - - [30/Jun/2024:02:50:06 +0200] "GET /ticket2/opencms/se/ru/buy/?page=1&edid=AEE0E38F-0CA3-53E5-BE24-D612BD968C58&sortorder=desc&column=price HTTP/1.1" 404 -
192.99.3.137 - - [30/Jun/2024:02:50:07 +0200] "GET /ticket2/opencms/dk/sv/buy/?page=1&edid=07A7E335-3FDC-BDDD-22E9-0AFD93E44D18&sortorder=desc&column=row HTTP/1.1" 404 -
3.224.220.101 - - [30/Jun/2024:02:50:08 +0200] "GET /ticket2/opencms/en/venue/?venueid=51FC812B-C1B1-D7F6-AA86-5EF0B49A7C89 HTTP/1.1" 200 71368
192.99.3.137 - - [30/Jun/2024:02:50:11 +0200] "GET /ticket2/opencms/dk/sv/buy/?page=1&edid=08E81FC5-D320-68EA-EE85-15968176C948&sortorder=desc&column=price HTTP/1.1" 404 -
158.220.119.234 - - [30/Jun/2024:02:50:11 +0200] "GET /ticket2/opencms/se/ru/buy/?page=1&edid=AEE0E38F-0CA3-53E5-BE24-D612BD968C58&sortorder=desc&column=section HTTP/1.1" 404 -
23.22.35.162 - - [30/Jun/2024:02:50:12 +0200] "GET /ticket2/opencms/en/venue/?venueid=2093F44A-5602-34FE-CA0A-0A611F93B4B6 HTTP/1.1" 200 71294
192.99.3.137 - - [30/Jun/2024:02:50:14 +0200] "GET /ticket2/opencms/dk/sv/buy/?page=1&edid=08E81FC5-D320-68EA-EE85-15968176C948&sortorder=desc&column=row HTTP/1.1" 404 -
3.224.220.101 - - [30/Jun/2024:02:50:16 +0200] "GET /ticket2/opencms/en/venue/?venueid=50DAC20F-40DE-CF88-E5C9-6C2C12662F21 HTTP/1.1" 200 71386
158.220.119.234 - - [30/Jun/2024:02:50:17 +0200] "GET /ticket2/opencms/se/ru/buy/?page=1&edid=AFA3EF8F-030A-999D-4E9D-D4614B40CD4F&sortorder=asc&column=section HTTP/1.1" 404 -
192.99.3.137 - - [30/Jun/2024:02:50:18 +0200] "GET /ticket2/opencms/dk/sv/buy/?page=1&edid=08E81FC5-D320-68EA-EE85-15968176C948&sortorder=desc&column=section HTTP/1.1" 404 -
51.222.253.11 - - [30/Jun/2024:02:50:19 +0200] "GET /ticket2/opencms/en/venue/?venueid=931B960B-87A9-7EDC-AD2E-1CCD2CDDC26D HTTP/1.1" 200 71363
158.220.124.16 - - [30/Jun/2024:02:50:20 +0200] "GET /ticket2/opencms/se/nl/buy/?page=1&edid=D7193451-9A3A-74F4-A8C7-6E587A08462E&sortorder=desc&column=section HTTP/1.1" 404 -
3.224.220.101 - - [30/Jun/2024:02:50:21 +0200] "GET /ticket2/opencms/en/venue/?venueid=40BC3D00-46E6-20A0-5D8C-1C84088AAF36 HTTP/1.1" 200 71312
192.99.3.137 - - [30/Jun/2024:02:50:21 +0200] "GET /ticket2/opencms/dk/sv/buy/?page=1&edid=091ED28E-B448-A1BD-CAE0-E5D6D48D897A&sortorder=desc&column=price HTTP/1.1" 404 -
158.220.119.234 - - [30/Jun/2024:02:50:23 +0200] "GET /ticket2/opencms/se/ru/buy/?page=1&edid=B0039853-0FD8-C84B-1730-6B53C69DB496&sortorder=asc&column=row HTTP/1.1" 404 -
3.224.220.101 - - [30/Jun/2024:02:50:24 +0200] "GET /ticket2/opencms/en/venue/?venueid=08007F9C-6923-D8D9-D5B3-14DE4E4F8940 HTTP/1.1" 200 71353
192.99.3.137 - - [30/Jun/2024:02:50:25 +0200] "GET /ticket2/opencms/dk/sv/buy/?page=1&edid=09E571EC-120C-E8EB-472E-6080192EF884 HTTP/1.1" 404 -
158.220.119.234 - - [30/Jun/2024:02:50:27 +0200] "GET /ticket2/opencms/se/ru/buy/?page=1&edid=B007039E-4545-37ED-654E-25C2BDE7C03C&sortorder=desc&column=price HTTP/1.1" 404 -
192.99.3.137 - - [30/Jun/2024:02:50:28 +0200] "GET /ticket2/opencms/dk/sv/buy/?page=1&edid=0AB20BDC-9FF9-D7F9-B52D-D99550E68013&sortorder=desc&column=row HTTP/1.1" 404 -
23.22.35.162 - - [30/Jun/2024:02:50:28 +0200] "GET /ticket2/opencms/en/venue/?venueid=0D8FB175-8FD4-BBC9-1FBC-8F0EBFF5E13C HTTP/1.1" 200 71333
192.99.3.137 - - [30/Jun/2024:02:50:32 +0200] "GET /ticket2/opencms/dk/sv/buy/?page=1&edid=0AE7C32B-B1C7-7742-D249-80E6AE5C0B1C&sortorder=desc&column=section HTTP/1.1" 404 -
158.220.119.234 - - [30/Jun/2024:02:50:32 +0200] "GET /ticket2/opencms/se/ru/buy/?page=1&edid=B014DF0F-F266-3D9C-BBBB-BAE7F5E631AD&sortorder=desc&column=price HTTP/1.1" 404 -
23.22.35.162 - - [30/Jun/2024:02:50:33 +0200] "GET /ticket2/opencms/en/venue/?venueid=279B18FD-4210-8852-93EB-A84B5C61044A HTTP/1.1" 200 71353
185.191.171.1 - - [30/Jun/2024:02:50:34 +0200] "GET /ticket2/opencms/no/sport/fotballsbilletter/premier_league/leicester/ HTTP/1.1" 200 85813
192.99.3.137 - - [30/Jun/2024:02:50:35 +0200] "GET /ticket2/opencms/dk/sv/buy/?page=1&edid=0B2E7232-4981-2C27-48CE-2ABF0C22D703 HTTP/1.1" 404 -
3.224.220.101 - - [30/Jun/2024:02:50:37 +0200] "GET /ticket2/opencms/en/venue/?venueid=A35B1156-C0A4-574B-42E0-C7D72E4651E0 HTTP/1.1" 200 71417
158.220.124.16 - - [30/Jun/2024:02:50:37 +0200] "GET /ticket2/opencms/se/nl/buy/?page=1&edid=D75F5B78-CF76-E262-F5EA-44CE272C5367&sortorder=desc&column=section HTTP/1.1" 404 -
158.220.119.234 - - [30/Jun/2024:02:50:38 +0200] "GET /ticket2/opencms/se/ru/buy/?page=1&edid=B0327BA1-3277-D05F-6143-E026DFCBF7B3&sortorder=desc&column=row HTTP/1.1" 404 -
66.249.76.170 - - [30/Jun/2024:02:50:38 +0200] "GET /ticket2/opencms/dk/sport/fodboldbilletter/premier-league/liverpool/ HTTP/1.1" 200 84506
192.99.3.137 - - [30/Jun/2024:02:50:39 +0200] "GET /ticket2/opencms/dk/sv/buy/?page=1&edid=0B96E2DD-25FC-BCDF-58F0-8F3CC908DB91&sortorder=asc&column=row HTTP/1.1" 404 -
66.249.66.89 - - [30/Jun/2024:02:50:39 +0200] "GET /ticket2/opencms/dk/venue/?venueid=D2C0F5B4-1573-341C-5259-5AC0A43EDC76 HTTP/1.1" 200 71761
66.249.76.43 - - [30/Jun/2024:02:50:39 +0200] "GET /ticket2/opencms/sv/sport/fotbollsbiljetter/premier_league/manchester_city/restips_etihad_stadium/ HTTP/1.1" 200 76533
52.70.240.171 - - [30/Jun/2024:02:50:40 +0200] "GET /ticket2/opencms/en/venue/?venueid=DEE00DFC-893F-245B-8985-D3EB9461E0DA HTTP/1.1" 200 71341
66.249.76.44 - - [30/Jun/2024:02:50:41 +0200] "GET /ticket2/opencms/system/modules/com.gridnine.opencms.ticketbrokerage.site/resources/js/calendar.js HTTP/1.1" 200 49229
192.99.3.137 - - [30/Jun/2024:02:50:42 +0200] "GET /ticket2/opencms/dk/sv/buy/?page=1&edid=0B96E2DD-25FC-BCDF-58F0-8F3CC908DB91&sortorder=desc&column=price HTTP/1.1" 404 -
158.220.119.234 - - [30/Jun/2024:02:50:43 +0200] "GET /ticket2/opencms/se/ru/buy/?page=1&edid=B0327BA1-3277-D05F-6143-E026DFCBF7B3&sortorder=desc&column=section HTTP/1.1" 404 -
3.224.220.101 - - [30/Jun/2024:02:50:44 +0200] "GET /ticket2/opencms/en/venue/?venueid=445A2A9B-2310-DAA8-7B45-AD2D4189EE3D HTTP/1.1" 200 71338
192.99.3.137 - - [30/Jun/2024:02:50:46 +0200] "GET /ticket2/opencms/dk/sv/buy/?page=1&edid=0BDDE4B9-AAB0-03E7-CA27-8EE4DAC570B1&sortorder=desc&column=price HTTP/1.1" 404 -
158.220.119.234 - - [30/Jun/2024:02:50:48 +0200] "GET /ticket2/opencms/se/ru/buy/?page=1&edid=B04F9C9F-0B5E-1B41-4BEE-8594CB1D3CAC&sortorder=asc&column=row HTTP/1.1" 404 -
52.70.240.171 - - [30/Jun/2024:02:50:48 +0200] "GET /ticket2/opencms/en/venue/?venueid=EF6FD3C5-92B8-0848-2522-37DD22A0F2CC HTTP/1.1" 200 71356
192.99.3.137 - - [30/Jun/2024:02:50:49 +0200] "GET /ticket2/opencms/dk/sv/venue/?venueid=96825B33-1E92-88A1-6D91-B347D9BE81FE HTTP/1.1" 404 -
158.220.124.16 - - [30/Jun/2024:02:50:50 +0200] "GET /ticket2/opencms/se/nl/buy/?page=1&edid=D7C3AD84-A63D-4BF3-F25A-FE60AC4BA077&sortorder=desc&column=row HTTP/1.1" 404 -
23.22.35.162 - - [30/Jun/2024:02:50:52 +0200] "GET /ticket2/opencms/en/venue/?venueid=CAB4F4C7-6D45-C26D-C063-947E43EB66F6 HTTP/1.1" 200 71377
216.245.221.83 - - [30/Jun/2024:02:50:53 +0200] "HEAD /ticket2/opencms/ HTTP/1.1" 302 -
158.220.119.234 - - [30/Jun/2024:02:50:53 +0200] "GET /ticket2/opencms/se/ru/buy/?page=1&edid=B04F9C9F-0B5E-1B41-4BEE-8594CB1D3CAC&sortorder=desc&column=price HTTP/1.1" 404 -
216.245.221.83 - - [30/Jun/2024:02:50:56 +0200] "HEAD /ticket2/opencms/en/ HTTP/1.1" 200 -
3.224.220.101 - - [30/Jun/2024:02:50:57 +0200] "GET /ticket2/opencms/en/venue/?venueid=66310A18-45F7-A89D-BD9F-A3196DFA666D HTTP/1.1" 200 71341
158.220.119.234 - - [30/Jun/2024:02:50:58 +0200] "GET /ticket2/opencms/se/ru/buy/?page=1&edid=B04F9C9F-0B5E-1B41-4BEE-8594CB1D3CAC&sortorder=desc&column=row HTTP/1.1" 404 -
3.224.220.101 - - [30/Jun/2024:02:51:01 +0200] "GET /ticket2/opencms/en/venue/?venueid=1CE151F4-2354-6307-B652-D020F81C0057 HTTP/1.1" 200 71321
158.220.119.234 - - [30/Jun/2024:02:51:03 +0200] "GET /ticket2/opencms/se/ru/buy/?page=1&edid=B0B70E5A-B67E-70BD-7774-60314068D0D1&sortorder=desc&column=price HTTP/1.1" 404 -
158.220.124.16 - - [30/Jun/2024:02:51:04 +0200] "GET /ticket2/opencms/se/nl/buy/?page=1&edid=D8C7B7F8-B92D-B924-97EB-2437BB276AEB&sortorder=desc&column=row HTTP/1.1" 404 -
52.70.240.171 - - [30/Jun/2024:02:51:05 +0200] "GET /ticket2/opencms/en/venue/?venueid=C0F938D7-4DFA-1781-F9B4-CE387BBF9E3B HTTP/1.1" 200 74206
52.167.144.238 - - [30/Jun/2024:02:51:08 +0200] "GET /ticket2/opencms/en/venue/?venueid=AA97C43B-979C-E0CB-5A0F-B163CD407AA1 HTTP/1.1" 200 71366
158.220.119.234 - - [30/Jun/2024:02:51:08 +0200] "GET /ticket2/opencms/se/ru/buy/?page=1&edid=B0B70E5A-B67E-70BD-7774-60314068D0D1&sortorder=desc&column=row HTTP/1.1" 404 -
52.70.240.171 - - [30/Jun/2024:02:51:10 +0200] "GET /ticket2/opencms/en/sell/?edid=FDE2CB1B-737B-857F-7431-BD450E7D3BBB HTTP/1.1" 302 -
3.224.220.101 - - [30/Jun/2024:02:51:12 +0200] "GET /ticket2/opencms/en/sell/?edid=096598FE-DA35-4351-DFEE-DC9ACA0F0EF9 HTTP/1.1" 302 -
158.220.119.234 - - [30/Jun/2024:02:51:13 +0200] "GET /ticket2/opencms/se/ru/buy/?page=1&edid=B0B70E5A-B67E-70BD-7774-60314068D0D1&sortorder=desc&column=section HTTP/1.1" 404 -
158.220.124.16 - - [30/Jun/2024:02:51:14 +0200] "GET /ticket2/opencms/se/nl/buy/?page=1&edid=DAFDD77A-6D0A-08E5-2794-012E560891FE&sortorder=desc&column=row HTTP/1.1" 404 -
23.22.35.162 - - [30/Jun/2024:02:51:16 +0200] "GET /ticket2/opencms/en/sell/?edid=1B66F7E9-6D68-7258-D0DB-383034F8302F HTTP/1.1" 302 -
52.167.144.20 - - [30/Jun/2024:02:51:18 +0200] "GET /ticket2/opencms/no/sport/fotballsbilletter/premier_league/manchester_city/ HTTP/1.1" 200 85412
158.220.119.234 - - [30/Jun/2024:02:51:19 +0200] "GET /ticket2/opencms/se/ru/buy/?page=1&edid=B0EDF21C-B11B-1DBA-B0B7-7DBFFC32E260&sortorder=desc&column=section HTTP/1.1" 404 -
23.22.35.162 - - [30/Jun/2024:02:51:20 +0200] "GET /ticket2/opencms/en/sell/?edid=06839E1C-8CA0-2766-B39C-B161E06D9E51 HTTP/1.1" 302 -
158.220.119.234 - - [30/Jun/2024:02:51:23 +0200] "GET /ticket2/opencms/se/ru/buy/?page=1&edid=B10AF00E-0324-7445-7D15-B9217548CB2C&sortorder=asc&column=price HTTP/1.1" 404 -
158.220.124.16 - - [30/Jun/2024:02:51:24 +0200] "GET /ticket2/opencms/se/nl/buy/?page=1&edid=DAFDD77A-6D0A-08E5-2794-012E560891FE&sortorder=desc&column=section HTTP/1.1" 404 -
23.22.35.162 - - [30/Jun/2024:02:51:24 +0200] "GET /ticket2/opencms/en/sell/?edid=3E8160AB-0FBD-70C5-9AD2-7741AA7C1F1A HTTP/1.1" 302 -
3.224.220.101 - - [30/Jun/2024:02:51:28 +0200] "GET /ticket2/opencms/en/sell/?edid=5BA11D18-AC24-6566-FBBA-BF6AFADFC113 HTTP/1.1" 302 -
158.220.119.234 - - [30/Jun/2024:02:51:28 +0200] "GET /ticket2/opencms/se/ru/buy/?page=1&edid=B153A555-66C9-5299-4C66-C692523C0F97&sortorder=asc&column=price HTTP/1.1" 404 -
51.222.253.11 - - [30/Jun/2024:02:51:29 +0200] "GET /ticket2/opencms/nl/sport/voetbal-tickets/la_liga/valencia/ HTTP/1.1" 200 72599
23.22.35.162 - - [30/Jun/2024:02:51:33 +0200] "GET /ticket2/opencms/en/venue/?venueid=4B40329E-FBD6-180B-EEB9-51E65024538E HTTP/1.1" 200 71318
158.220.119.234 - - [30/Jun/2024:02:51:34 +0200] "GET /ticket2/opencms/se/ru/buy/?page=1&edid=B670EE12-CCE7-D74A-6EC5-57D00F2AD108&sortorder=asc&column=price HTTP/1.1" 404 -
23.22.35.162 - - [30/Jun/2024:02:51:36 +0200] "GET /ticket2/opencms/en/venue/?venueid=E8185E56-FFAF-A64F-92CD-A3B859A1CE98 HTTP/1.1" 200 71341
158.220.124.16 - - [30/Jun/2024:02:51:37 +0200] "GET /ticket2/opencms/se/nl/buy/?page=1&edid=DBC2FDA7-391E-9027-A160-9B0C7C1D5DD1 HTTP/1.1" 404 -
66.249.66.68 - - [30/Jun/2024:02:51:39 +0200] "GET /ticket2/opencms/es/robots.txt HTTP/1.1" 404 -
3.224.220.101 - - [30/Jun/2024:02:51:41 +0200] "GET /ticket2/opencms/en/venue/?venueid=A55A1297-1394-1530-C387-A901DC4F2499 HTTP/1.1" 200 71326
52.70.240.171 - - [30/Jun/2024:02:51:45 +0200] "GET /ticket2/opencms/en/venue/?venueid=A60FB51F-D5E6-BD90-6801-0B7458E63156 HTTP/1.1" 200 71326
158.220.124.16 - - [30/Jun/2024:02:51:47 +0200] "GET /ticket2/opencms/se/nl/buy/?page=1&edid=DBD2F27E-21DC-3107-D380-75B8CAFA6CB5&sortorder=desc&column=price HTTP/1.1" 404 -
52.70.240.171 - - [30/Jun/2024:02:51:48 +0200] "GET /ticket2/opencms/en/venue/?venueid=A9729561-0F30-059F-16C0-B98F2DEFE27A HTTP/1.1" 200 71381
52.70.240.171 - - [30/Jun/2024:02:51:53 +0200] "GET /ticket2/opencms/en/venue/?venueid=2F862179-0B10-FC34-DC0F-3A7D917FB335 HTTP/1.1" 200 71344
52.70.240.171 - - [30/Jun/2024:02:51:57 +0200] "GET /ticket2/opencms/en/venue/?venueid=D4F19FB0-0B28-632C-9086-124F525CC6BE HTTP/1.1" 200 71419
158.220.124.16 - - [30/Jun/2024:02:51:57 +0200] "GET /ticket2/opencms/se/nl/buy/?page=1&edid=DBD2F27E-21DC-3107-D380-75B8CAFA6CB5&sortorder=desc&column=section HTTP/1.1" 404 -
167.94.138.123 - - [30/Jun/2024:02:52:00 +0200] "GET /ticket2/opencms/de/ HTTP/1.1" 200 91946
52.70.240.171 - - [30/Jun/2024:02:52:00 +0200] "GET /ticket2/opencms/en/venue/?venueid=22A5BACF-2C57-D14B-B1F7-406A4B5B80A3 HTTP/1.1" 200 71362
52.70.240.171 - - [30/Jun/2024:02:52:04 +0200] "GET /ticket2/opencms/en/venue/?venueid=C453511B-2F35-C695-62F9-B0A9CA8C57AD HTTP/1.1" 200 71330
52.70.240.171 - - [30/Jun/2024:02:52:09 +0200] "GET /ticket2/opencms/en/venue/?venueid=41B62F3E-7DE4-EA7C-9C65-EF5D363871DC HTTP/1.1" 200 71318
167.94.138.123 - - [30/Jun/2024:02:52:10 +0200] "GET /ticket2/opencms/favicon.ico HTTP/1.1" 200 1406
158.220.124.16 - - [30/Jun/2024:02:52:11 +0200] "GET /ticket2/opencms/se/nl/buy/?page=1&edid=DCA9216D-FB8E-C2CB-19F8-79E5FD21BD6D&sortorder=desc&column=price HTTP/1.1" 404 -
52.70.240.171 - - [30/Jun/2024:02:52:12 +0200] "GET /ticket2/opencms/en/venue/?venueid=F7C7B813-65CC-75A1-88FA-A5B025A08445 HTTP/1.1" 200 71341
216.245.221.83 - - [30/Jun/2024:02:52:13 +0200] "HEAD /ticket2/opencms/ HTTP/1.1" 302 -
216.245.221.83 - - [30/Jun/2024:02:52:14 +0200] "HEAD /ticket2/opencms/en/ HTTP/1.1" 200 -
23.22.35.162 - - [30/Jun/2024:02:52:17 +0200] "GET /ticket2/opencms/en/venue/?venueid=AF7AB334-FB2A-404A-5CA9-FF51802C5A92 HTTP/1.1" 200 71414
52.70.240.171 - - [30/Jun/2024:02:52:21 +0200] "GET /ticket2/opencms/en/venue/?venueid=D88B1A2D-D4CE-4096-CB58-413C35009F84 HTTP/1.1" 200 71362
158.220.124.16 - - [30/Jun/2024:02:52:21 +0200] "GET /ticket2/opencms/se/nl/buy/?page=1&edid=DCA9216D-FB8E-C2CB-19F8-79E5FD21BD6D&sortorder=desc&column=row HTTP/1.1" 404 -
52.70.240.171 - - [30/Jun/2024:02:52:24 +0200] "GET /ticket2/opencms/en/venue/?venueid=6D90FD34-5DE4-4A2F-652B-58B5AB67413E HTTP/1.1" 200 71356
51.222.253.1 - - [30/Jun/2024:02:52:25 +0200] "GET /ticket2/opencms/nl/sport/voetbal-tickets/la_liga/sevilla/ HTTP/1.1" 200 72476
158.220.124.16 - - [30/Jun/2024:02:52:28 +0200] "GET /ticket2/opencms/se/nl/buy/?page=1&edid=DCA9216D-FB8E-C2CB-19F8-79E5FD21BD6D&sortorder=desc&column=section HTTP/1.1" 404 -
52.70.240.171 - - [30/Jun/2024:02:52:28 +0200] "GET /ticket2/opencms/en/venue/?venueid=FF995A14-40EA-8EEB-6CB2-5F20B0A58DD9 HTTP/1.1" 200 71356
52.70.240.171 - - [30/Jun/2024:02:52:32 +0200] "GET /ticket2/opencms/en/venue/?venueid=F3A5C9EC-4CEF-B563-FECD-1A9EEC18334F HTTP/1.1" 200 71348
23.22.35.162 - - [30/Jun/2024:02:52:36 +0200] "GET /ticket2/opencms/en/venue/?venueid=C517FF86-D6DC-504E-2694-757DC653B6AB HTTP/1.1" 200 71369
158.220.124.16 - - [30/Jun/2024:02:52:38 +0200] "GET /ticket2/opencms/se/nl/buy/?page=1&edid=DD05C9DE-F15C-D08D-1A14-2EB94D8B2931 HTTP/1.1" 404 -
52.70.240.171 - - [30/Jun/2024:02:52:40 +0200] "GET /ticket2/opencms/en/venue/?venueid=91CC5869-2AA5-E430-A488-769315842D86 HTTP/1.1" 200 71351
66.249.76.167 - - [30/Jun/2024:02:52:41 +0200] "GET /ticket2/opencms/sv/venue/?venueid=CEECF1E7-5F75-125A-BBD9-315FE319D489 HTTP/1.1" 200 72178
66.249.66.67 - - [30/Jun/2024:02:52:44 +0200] "GET /ticket2/opencms/no/sport/fotballsbilletter/premier_league/chelsea/ HTTP/1.1" 200 86776
52.70.240.171 - - [30/Jun/2024:02:52:44 +0200] "GET /ticket2/opencms/en/venue/?venueid=2A1F7458-E62C-56A4-0001-4FFC2E2DB7CB HTTP/1.1" 200 71315
158.220.124.16 - - [30/Jun/2024:02:52:48 +0200] "GET /ticket2/opencms/se/nl/buy/?page=1&edid=DDC42BBE-1C44-916C-70B3-5C60597CD058 HTTP/1.1" 404 -
23.22.35.162 - - [30/Jun/2024:02:52:49 +0200] "GET /ticket2/opencms/en/venue/?venueid=FD61FD0F-7893-095D-0FF7-17503C5C1517 HTTP/1.1" 200 71348
114.119.141.53 - - [30/Jun/2024:02:52:49 +0200] "GET /ticket2/opencms/en/sell/?edid=4E106B5B-D146-527B-52D2-7FE76AA90207 HTTP/1.1" 302 -
52.70.240.171 - - [30/Jun/2024:02:52:53 +0200] "GET /ticket2/opencms/en/venue/?venueid=145405E9-8D90-931A-2006-E498723CA09B HTTP/1.1" 200 71330
114.119.141.53 - - [30/Jun/2024:02:52:53 +0200] "GET /ticket2/opencms/en/login/?url=/en/sell/ HTTP/1.1" 200 73431
3.224.220.101 - - [30/Jun/2024:02:52:57 +0200] "GET /ticket2/opencms/en/venue/?venueid=BDC122B7-07E3-B2DA-27F2-6C9BA9CA15EB HTTP/1.1" 200 71425
158.220.124.16 - - [30/Jun/2024:02:52:59 +0200] "GET /ticket2/opencms/se/nl/buy/?page=1&edid=DE57F8FA-9219-7B6F-C52C-4E26A1185AB4&sortorder=asc&column=section HTTP/1.1" 404 -
3.224.220.101 - - [30/Jun/2024:02:53:01 +0200] "GET /ticket2/opencms/en/venue/?venueid=2D159EC0-7C39-A337-F7BF-550728BB7B9B HTTP/1.1" 200 71312
23.22.35.162 - - [30/Jun/2024:02:53:04 +0200] "GET /ticket2/opencms/en/venue/?venueid=47C3688D-5FD9-F68A-3F31-2E2C94F37DE5 HTTP/1.1" 200 71339
158.220.124.16 - - [30/Jun/2024:02:53:05 +0200] "GET /ticket2/opencms/se/nl/buy/?page=1&edid=DF8D3220-6BB8-8F87-FA6F-93027F212888&sortorder=desc&column=row HTTP/1.1" 404 -
23.22.35.162 - - [30/Jun/2024:02:53:09 +0200] "GET /ticket2/opencms/en/venue/?venueid=BB7269F8-B61E-FA7E-A9DA-3606646F64C6 HTTP/1.1" 200 71300
3.224.220.101 - - [30/Jun/2024:02:53:12 +0200] "GET /ticket2/opencms/en/venue/?venueid=F99CBBAF-7922-5F3D-94E5-84437A50F751 HTTP/1.1" 200 71315
47.128.26.87 - - [30/Jun/2024:02:53:13 +0200] "GET /ticket2/opencms/nl/sport/voetbal-tickets/premier_league/arsenal/ HTTP/1.1" 200 82459
47.128.26.87 - - [30/Jun/2024:02:53:13 +0200] "GET /ticket2/opencms/system/modules/com.gridnine.opencms.ticketbrokerage.site/resources/pics/logo-new.png HTTP/1.1" 200 13541
47.128.26.87 - - [30/Jun/2024:02:53:14 +0200] "GET /ticket2/opencms/system/modules/com.gridnine.opencms.ticketbrokerage.site/resources/pics/banners/arsenal.png HTTP/1.1" 200 13545
47.128.26.87 - - [30/Jun/2024:02:53:14 +0200] "GET /ticket2/opencms/system/modules/com.gridnine.opencms.ticketbrokerage.site/resources/pics/bank_5_visa_mastercard.png HTTP/1.1" 200 8196
47.128.26.87 - - [30/Jun/2024:02:53:14 +0200] "GET /ticket2/opencms/system/modules/com.gridnine.opencms.ticketbrokerage.site/resources/pics/bank_1_nordea.png HTTP/1.1" 200 4807
47.128.26.87 - - [30/Jun/2024:02:53:14 +0200] "GET /ticket2/opencms/system/modules/com.gridnine.opencms.ticketbrokerage.site/resources/pics/bank_2_handelsbanken.png HTTP/1.1" 200 4509
47.128.26.87 - - [30/Jun/2024:02:53:14 +0200] "GET /ticket2/opencms/system/modules/com.gridnine.opencms.ticketbrokerage.site/resources/pics/bank_3_swedbank.png HTTP/1.1" 200 5740
47.128.26.87 - - [30/Jun/2024:02:53:15 +0200] "GET /ticket2/opencms/system/modules/com.gridnine.opencms.ticketbrokerage.site/resources/pics/bank_4_seb.png HTTP/1.1" 200 2487
47.128.26.87 - - [30/Jun/2024:02:53:15 +0200] "GET /ticket2/opencms/system/modules/com.gridnine.opencms.ticketbrokerage.site/resources/pics/bank_6_american_express.png HTTP/1.1" 200 5570
47.128.35.125 - - [30/Jun/2024:02:53:16 +0200] "GET /ticket2/opencms/es/deporte/entradas-futbol/ligue-1 HTTP/1.1" 500 -
158.220.124.16 - - [30/Jun/2024:02:53:17 +0200] "GET /ticket2/opencms/se/nl/buy/?page=1&edid=DF8D3220-6BB8-8F87-FA6F-93027F212888&sortorder=desc&column=section HTTP/1.1" 404 -
23.22.35.162 - - [30/Jun/2024:02:53:17 +0200] "GET /ticket2/opencms/en/venue/?venueid=2F58F2AB-0424-685C-B2ED-AB5E0C783A33 HTTP/1.1" 200 71366
3.224.220.101 - - [30/Jun/2024:02:53:20 +0200] "GET /ticket2/opencms/en/venue/?venueid=F1836AAE-08A8-903F-113A-E4F97A9329CF HTTP/1.1" 200 71345
185.157.223.150 - - [30/Jun/2024:02:53:22 +0200] "GET /ticket2/tickets_export/outgoing/export.txt HTTP/1.1" 200 24553702
158.220.124.16 - - [30/Jun/2024:02:53:24 +0200] "GET /ticket2/opencms/se/nl/buy/?page=1&edid=DFE27CE8-FF1B-552E-B635-E2F5731B2B49&sortorder=desc&column=section HTTP/1.1" 404 -
51.222.253.15 - - [30/Jun/2024:02:53:25 +0200] "GET /ticket2/opencms/en/venue/?venueid=523ADEA7-7A32-98AD-8406-4BAD485766BF HTTP/1.1" 200 71356
52.70.240.171 - - [30/Jun/2024:02:53:25 +0200] "GET /ticket2/opencms/en/venue/?venueid=F7FD6FDC-72F2-5418-A11B-4CEA23D9F9E7 HTTP/1.1" 200 71419
52.70.240.171 - - [30/Jun/2024:02:53:28 +0200] "GET /ticket2/opencms/en/venue/?venueid=8CFC3D89-30A6-4F45-212C-6A9F575010B5 HTTP/1.1" 200 71353
158.220.124.16 - - [30/Jun/2024:02:53:30 +0200] "GET /ticket2/opencms/se/nl/buy/?page=1&edid=DFFF3F7B-826C-1C0C-972C-8A839BCE5D67&sortorder=desc&column=section HTTP/1.1" 404 -
52.70.240.171 - - [30/Jun/2024:02:53:33 +0200] "GET /ticket2/opencms/en/venue/?venueid=39B3A61A-44BF-44D0-2A9A-4F22CB9C7DF2 HTTP/1.1" 200 71372
3.224.220.101 - - [30/Jun/2024:02:53:37 +0200] "GET /ticket2/opencms/en/venue/?venueid=780F530C-1E5B-A040-B582-92C140F93856 HTTP/1.1" 200 71372
158.220.124.16 - - [30/Jun/2024:02:53:40 +0200] "GET /ticket2/opencms/se/nl/buy/?page=1&edid=E040E264-7E8E-AEF9-BAA1-D19970F65C5B&sortorder=asc&column=row HTTP/1.1" 404 -
23.22.35.162 - - [30/Jun/2024:02:53:40 +0200] "GET /ticket2/opencms/en/venue/?venueid=D6F2B52F-C215-0A5B-8206-F685BCC6BD43 HTTP/1.1" 200 71384
3.224.220.101 - - [30/Jun/2024:02:53:44 +0200] "GET /ticket2/opencms/en/venue/?venueid=D83A67D7-A141-9489-1425-0ABF7FD0961D HTTP/1.1" 200 71333
23.22.35.162 - - [30/Jun/2024:02:53:48 +0200] "GET /ticket2/opencms/en/venue/?venueid=8873E817-852C-7B3A-DC3B-7014498C6FBC HTTP/1.1" 200 71348
158.220.124.16 - - [30/Jun/2024:02:53:50 +0200] "GET /ticket2/opencms/se/nl/buy/?page=1&edid=E04EA37D-AE6B-863F-8A29-2B7C165C0B9C&sortorder=desc&column=section HTTP/1.1" 404 -
85.208.96.199 - - [30/Jun/2024:02:53:50 +0200] "GET /ticket2/opencms/dk/buy/?page=6 HTTP/1.1" 200 72159
23.22.35.162 - - [30/Jun/2024:02:53:52 +0200] "GET /ticket2/opencms/en/venue/?venueid=737F9F7B-5133-4683-A21D-F97D14F13C48 HTTP/1.1" 200 71352
52.70.240.171 - - [30/Jun/2024:02:53:57 +0200] "GET /ticket2/opencms/en/venue/?venueid=0A5827CF-E7EA-E40C-108E-9376F19C9B55 HTTP/1.1" 200 71415
158.220.124.16 - - [30/Jun/2024:02:53:58 +0200] "GET /ticket2/opencms/se/nl/buy/?page=1&edid=E06EFED9-CC5A-5F98-262D-6C2F7A4149DA&sortorder=desc&column=price HTTP/1.1" 404 -
52.70.240.171 - - [30/Jun/2024:02:54:00 +0200] "GET /ticket2/opencms/en/venue/?venueid=F02E173E-B6D1-5F01-3792-4FB1E4AC7E1E HTTP/1.1" 200 71342
47.128.27.121 - - [30/Jun/2024:02:54:04 +0200] "GET /ticket2/opencms/dk/sport/fodboldbilletter/bundesliga/ HTTP/1.1" 200 77418
52.70.240.171 - - [30/Jun/2024:02:54:05 +0200] "GET /ticket2/opencms/en/venue/?venueid=8C3A154B-2F7E-FD19-F863-0D39CE53C467 HTTP/1.1" 200 71365
47.128.27.121 - - [30/Jun/2024:02:54:05 +0200] "GET /ticket2/opencms/system/modules/com.gridnine.opencms.ticketbrokerage.site/resources/pics/logo-new.png HTTP/1.1" 200 13541
47.128.27.121 - - [30/Jun/2024:02:54:05 +0200] "GET /ticket2/opencms/system/modules/com.gridnine.opencms.ticketbrokerage.site/resources/pics/banners/sv/Bundesliga.jpg HTTP/1.1" 200 13421
158.220.124.16 - - [30/Jun/2024:02:54:05 +0200] "GET /ticket2/opencms/se/nl/buy/?page=1&edid=E06EFED9-CC5A-5F98-262D-6C2F7A4149DA&sortorder=desc&column=row HTTP/1.1" 404 -
47.128.27.121 - - [30/Jun/2024:02:54:06 +0200] "GET /ticket2/opencms/system/modules/com.gridnine.opencms.ticketbrokerage.site/resources/pics/bank_5_visa_mastercard.png HTTP/1.1" 200 8196
47.128.27.121 - - [30/Jun/2024:02:54:06 +0200] "GET /ticket2/opencms/system/modules/com.gridnine.opencms.ticketbrokerage.site/resources/pics/bank_6_american_express.png HTTP/1.1" 200 5570
47.128.27.121 - - [30/Jun/2024:02:54:06 +0200] "GET /ticket2/opencms/system/modules/com.gridnine.opencms.ticketbrokerage.site/resources/pics/bank_3_swedbank.png HTTP/1.1" 200 5740
47.128.27.121 - - [30/Jun/2024:02:54:06 +0200] "GET /ticket2/opencms/system/modules/com.gridnine.opencms.ticketbrokerage.site/resources/pics/bank_4_seb.png HTTP/1.1" 200 2487
47.128.27.121 - - [30/Jun/2024:02:54:06 +0200] "GET /ticket2/opencms/system/modules/com.gridnine.opencms.ticketbrokerage.site/resources/pics/bank_1_nordea.png HTTP/1.1" 200 4807
47.128.27.121 - - [30/Jun/2024:02:54:06 +0200] "GET /ticket2/opencms/system/modules/com.gridnine.opencms.ticketbrokerage.site/resources/pics/bank_2_handelsbanken.png HTTP/1.1" 200 4509
52.70.240.171 - - [30/Jun/2024:02:54:08 +0200] "GET /ticket2/opencms/en/venue/?venueid=ADC2EAE7-F3B9-5998-1901-D9DA30ACB19A HTTP/1.1" 200 71317
158.220.124.16 - - [30/Jun/2024:02:54:12 +0200] "GET /ticket2/opencms/se/nl/buy/?page=1&edid=E105CC99-C590-CA5D-D12C-4CC2C60C2228&sortorder=desc&column=price HTTP/1.1" 404 -
52.70.240.171 - - [30/Jun/2024:02:54:15 +0200] "GET /ticket2/opencms/en/venue/?venueid=E0CC7055-3FC4-A5FC-6597-028072A69213 HTTP/1.1" 200 71366
47.128.18.109 - - [30/Jun/2024:02:54:15 +0200] "GET /ticket2/opencms/sv/about/press HTTP/1.1" 200 73779
47.128.18.109 - - [30/Jun/2024:02:54:16 +0200] "GET /ticket2/opencms/system/modules/com.gridnine.opencms.ticketbrokerage.site/resources/pics/logo-new.png HTTP/1.1" 200 13541
47.128.18.109 - - [30/Jun/2024:02:54:16 +0200] "GET /ticket2/opencms/system/modules/com.gridnine.opencms.ticketbrokerage.site/resources/pics/banners/Om_Ticket2.jpg HTTP/1.1" 200 22578
47.128.18.109 - - [30/Jun/2024:02:54:16 +0200] "GET /ticket2/opencms/system/modules/com.gridnine.opencms.ticketbrokerage.site/resources/pics/bank_2_handelsbanken.png HTTP/1.1" 200 4509
23.22.35.162 - - [30/Jun/2024:02:54:17 +0200] "GET /ticket2/opencms/en/venue/?venueid=7E97277D-1DCB-20AA-8AE9-51535192889A HTTP/1.1" 200 71336
47.128.18.109 - - [30/Jun/2024:02:54:17 +0200] "GET /ticket2/opencms/system/modules/com.gridnine.opencms.ticketbrokerage.site/resources/pics/bank_4_seb.png HTTP/1.1" 200 2487
47.128.18.109 - - [30/Jun/2024:02:54:17 +0200] "GET /ticket2/opencms/system/modules/com.gridnine.opencms.ticketbrokerage.site/resources/pics/bank_1_nordea.png HTTP/1.1" 200 4807
47.128.18.109 - - [30/Jun/2024:02:54:17 +0200] "GET /ticket2/opencms/system/modules/com.gridnine.opencms.ticketbrokerage.site/resources/pics/bank_5_visa_mastercard.png HTTP/1.1" 200 8196
47.128.18.109 - - [30/Jun/2024:02:54:17 +0200] "GET /ticket2/opencms/system/modules/com.gridnine.opencms.ticketbrokerage.site/resources/pics/bank_3_swedbank.png HTTP/1.1" 200 5740
47.128.18.109 - - [30/Jun/2024:02:54:17 +0200] "GET /ticket2/opencms/system/modules/com.gridnine.opencms.ticketbrokerage.site/resources/pics/bank_6_american_express.png HTTP/1.1" 200 5570
158.220.124.16 - - [30/Jun/2024:02:54:19 +0200] "GET /ticket2/opencms/se/nl/buy/?page=1&edid=E105CC99-C590-CA5D-D12C-4CC2C60C2228&sortorder=desc&column=row HTTP/1.1" 404 -
52.70.240.171 - - [30/Jun/2024:02:54:20 +0200] "GET /ticket2/opencms/en/venue/?venueid=BEE8945B-B778-8574-F935-6E77E100F04E HTTP/1.1" 200 71324
23.22.35.162 - - [30/Jun/2024:02:54:25 +0200] "GET /ticket2/opencms/en/venue/?venueid=BC292235-0368-F4B6-A5B1-8737AD416345 HTTP/1.1" 200 71318
51.222.253.15 - - [30/Jun/2024:02:54:26 +0200] "GET /ticket2/opencms/en/venue/?venueid=167BF5C0-6635-8C74-B6D3-DD0AC3DE5519 HTTP/1.1" 200 71389
158.220.124.16 - - [30/Jun/2024:02:54:27 +0200] "GET /ticket2/opencms/se/nl/buy/?page=1&edid=E105CC99-C590-CA5D-D12C-4CC2C60C2228&sortorder=desc&column=section HTTP/1.1" 404 -
23.22.35.162 - - [30/Jun/2024:02:54:29 +0200] "GET /ticket2/opencms/en/venue/?venueid=65ED2D8A-C56D-F2C5-27DA-120D16E2A9AE HTTP/1.1" 200 71441
3.224.220.101 - - [30/Jun/2024:02:54:32 +0200] "GET /ticket2/opencms/en/venue/?venueid=D26EFF68-2001-3A5E-1E6D-2A7DCC895275 HTTP/1.1" 200 71327
216.244.66.196 - - [30/Jun/2024:02:54:33 +0200] "GET /ticket2/opencms/robots.txt HTTP/1.1" 200 773
158.220.124.16 - - [30/Jun/2024:02:54:33 +0200] "GET /ticket2/opencms/se/nl/buy/?page=1&edid=E12EF2C7-C7E2-3F6D-53F6-A402FB7D72A7&sortorder=desc&column=price HTTP/1.1" 404 -
3.224.220.101 - - [30/Jun/2024:02:54:36 +0200] "GET /ticket2/opencms/en/venue/?venueid=FAA326B5-8F35-0D52-6643-3316F08C9C34 HTTP/1.1" 200 71336
158.220.124.16 - - [30/Jun/2024:02:54:40 +0200] "GET /ticket2/opencms/se/nl/buy/?page=1&edid=E12EF2C7-C7E2-3F6D-53F6-A402FB7D72A7&sortorder=desc&column=row HTTP/1.1" 404 -
47.128.34.105 - - [30/Jun/2024:02:54:40 +0200] "GET /ticket2/opencms/en/buy/?catid=82F804FA-9F69-CB6B-D41D-7BF7C716058B&comcatid=A17713B6-D984-201A-4143-ED4DB5ED5C2E&eventid=6246A7B9-7760-A5B4-1D19-4DF416B28BC3&page=6 HTTP/1.1" 200 82206
23.22.35.162 - - [30/Jun/2024:02:54:40 +0200] "GET /ticket2/opencms/en/venue/?venueid=4349F65D-FB27-47E2-0CED-5F47C9BE484E HTTP/1.1" 200 71326
47.128.34.105 - - [30/Jun/2024:02:54:41 +0200] "GET /ticket2/opencms/system/modules/com.gridnine.opencms.ticketbrokerage.site/resources/pics/logo-new.png HTTP/1.1" 200 13541
47.128.34.105 - - [30/Jun/2024:02:54:42 +0200] "GET /ticket2/opencms/system/modules/com.gridnine.opencms.ticketbrokerage.site/resources/pics/bank_4_seb.png HTTP/1.1" 200 2487
47.128.34.105 - - [30/Jun/2024:02:54:42 +0200] "GET /ticket2/opencms/system/modules/com.gridnine.opencms.ticketbrokerage.site/resources/pics/bank_5_visa_mastercard.png HTTP/1.1" 200 8196
47.128.34.105 - - [30/Jun/2024:02:54:42 +0200] "GET /ticket2/opencms/system/modules/com.gridnine.opencms.ticketbrokerage.site/resources/pics/bank_1_nordea.png HTTP/1.1" 200 4807
47.128.34.105 - - [30/Jun/2024:02:54:42 +0200] "GET /ticket2/opencms/system/modules/com.gridnine.opencms.ticketbrokerage.site/resources/pics/bank_2_handelsbanken.png HTTP/1.1" 200 4509
47.128.34.105 - - [30/Jun/2024:02:54:42 +0200] "GET /ticket2/opencms/system/modules/com.gridnine.opencms.ticketbrokerage.site/resources/pics/bank_6_american_express.png HTTP/1.1" 200 5570
