192.99.3.137 - - [30/Jun/2024:02:21:48 +0200] "GET /ticket2/opencms/dk/en/buy/?page=1&edid=88AE85E3-914C-45FF-C0A8-644BDD25A487&sortorder=asc&column=section HTTP/1.1" 404 -
47.128.61.58 - - [30/Jun/2024:02:21:48 +0200] "GET /ticket2/opencms/system/modules/com.gridnine.opencms.ticketbrokerage.site/resources/pics/bank_3_swedbank.png HTTP/1.1" 200 5740
158.220.119.234 - - [30/Jun/2024:02:21:48 +0200] "GET /ticket2/opencms/se/ru/buy/?page=6&comcatid=A17713B6-D984-201A-4143-ED4DB5ED5C2E&catid=7EF04817-972D-18B1-F941-DE800D088075&eventid=60DD1888-A212-4A9C-E256-57FE4F2AC5DC HTTP/1.1" 404 -
47.128.61.58 - - [30/Jun/2024:02:21:49 +0200] "GET /ticket2/opencms/system/modules/com.gridnine.opencms.ticketbrokerage.site/resources/pics/bank_4_seb.png HTTP/1.1" 200 2487
47.128.61.58 - - [30/Jun/2024:02:21:49 +0200] "GET /ticket2/opencms/system/modules/com.gridnine.opencms.ticketbrokerage.site/resources/pics/bank_5_visa_mastercard.png HTTP/1.1" 200 8196
47.128.61.58 - - [30/Jun/2024:02:21:49 +0200] "GET /ticket2/opencms/system/modules/com.gridnine.opencms.ticketbrokerage.site/resources/pics/bank_1_nordea.png HTTP/1.1" 200 4807
47.128.61.58 - - [30/Jun/2024:02:21:49 +0200] "GET /ticket2/opencms/system/modules/com.gridnine.opencms.ticketbrokerage.site/resources/pics/bank_6_american_express.png HTTP/1.1" 200 5570
158.220.124.16 - - [30/Jun/2024:02:21:49 +0200] "GET /ticket2/opencms/se/nl/buy/?page=1&edid=9AD955F2-0626-D0EF-28B3-9C212453D63F&sortorder=desc&column=row HTTP/1.1" 404 -
192.99.7.70 - - [30/Jun/2024:02:21:50 +0200] "GET /ticket2/opencms/dk/en/buy/?comcatid=A17713B6-D984-201A-4143-ED4DB5ED5C2E&catid=061607E6-22B7-6FFA-03FD-A4B8B13A943F HTTP/1.1" 404 -
192.99.3.137 - - [30/Jun/2024:02:21:53 +0200] "GET /ticket2/opencms/dk/en/buy/?page=1&edid=8D6CB2E5-17F5-541B-ED1D-516FC39C57B8&sortorder=desc&column=row HTTP/1.1" 404 -
192.99.7.70 - - [30/Jun/2024:02:21:53 +0200] "GET /ticket2/opencms/dk/en/buy/?comcatid=A17713B6-D984-201A-4143-ED4DB5ED5C2E&catid=06324577-7173-BAB0-146D-E644C912F7C1 HTTP/1.1" 404 -
37.57.218.243 - - [30/Jun/2024:02:21:53 +0200] "GET /ticket2/opencms/se/sv/buy/?page=1&edid=56690E31-92DB-F50A-1224-7BFB3405B80D HTTP/1.1" 404 -
158.220.119.234 - - [30/Jun/2024:02:21:55 +0200] "GET /ticket2/opencms/se/ru/buy/?page=6&comcatid=A17713B6-D984-201A-4143-ED4DB5ED5C2E&catid=7EF04817-972D-18B1-F941-DE800D088075&eventid=86B25116-267D-92B8-7591-5D89BB600744 HTTP/1.1" 404 -
192.99.7.70 - - [30/Jun/2024:02:21:57 +0200] "GET /ticket2/opencms/dk/en/buy/?comcatid=A17713B6-D984-201A-4143-ED4DB5ED5C2E&catid=08F27F2A-1872-A39F-A97C-63093E77B18A HTTP/1.1" 404 -
192.99.7.70 - - [30/Jun/2024:02:22:00 +0200] "GET /ticket2/opencms/dk/en/buy/?comcatid=A17713B6-D984-201A-4143-ED4DB5ED5C2E&catid=0A6C99D2-F5BD-7A18-9A5F-5668827042E0 HTTP/1.1" 404 -
192.99.3.137 - - [30/Jun/2024:02:22:01 +0200] "GET /ticket2/opencms/dk/en/buy/?page=1&edid=961EE537-EAD8-AD97-34EE-1F2B026BB178&sortorder=asc&column=row HTTP/1.1" 404 -
192.95.30.177 - - [30/Jun/2024:02:22:02 +0200] "GET /ticket2/opencms/de/nl/buy/?page=6&comcatid=A17713B6-D984-201A-4143-ED4DB5ED5C2E&catid=82F804FA-9F69-CB6B-D41D-7BF7C716058B&eventid=48D6B1DB-2A85-BC0E-E3C3-43F84241A55B HTTP/1.1" 404 -
158.220.119.234 - - [30/Jun/2024:02:22:02 +0200] "GET /ticket2/opencms/se/ru/buy/?page=6&comcatid=A17713B6-D984-201A-4143-ED4DB5ED5C2E&catid=7EF04817-972D-18B1-F941-DE800D088075&eventid=BDF427BA-D305-D3BD-5CA1-13CA0FF92DCD HTTP/1.1" 404 -
192.99.7.70 - - [30/Jun/2024:02:22:04 +0200] "GET /ticket2/opencms/dk/en/buy/?comcatid=A17713B6-D984-201A-4143-ED4DB5ED5C2E&catid=0A9E385E-33D9-328E-DC79-CA2C7009C829 HTTP/1.1" 404 -
185.191.171.11 - - [30/Jun/2024:02:22:06 +0200] "GET /ticket2/opencms/fr/sport/billets-football/premier_league/manchester_city/ HTTP/1.1" 200 87939
192.99.7.70 - - [30/Jun/2024:02:22:07 +0200] "GET /ticket2/opencms/dk/en/buy/?comcatid=A17713B6-D984-201A-4143-ED4DB5ED5C2E&catid=21C3854B-901E-11F9-7B7D-6838CC6AFAA4 HTTP/1.1" 404 -
158.220.119.234 - - [30/Jun/2024:02:22:10 +0200] "GET /ticket2/opencms/se/ru/buy/?page=6&comcatid=A17713B6-D984-201A-4143-ED4DB5ED5C2E&catid=7EF04817-972D-18B1-F941-DE800D088075&eventid=F2BC003F-6BD3-B59A-E963-3F179C308086 HTTP/1.1" 404 -
192.99.7.70 - - [30/Jun/2024:02:22:11 +0200] "GET /ticket2/opencms/dk/en/buy/?comcatid=A17713B6-D984-201A-4143-ED4DB5ED5C2E&catid=24AC1CA6-1C09-0BE5-C04A-9DCCDB15D5E9 HTTP/1.1" 404 -
37.57.218.243 - - [30/Jun/2024:02:22:11 +0200] "GET /ticket2/opencms/se/sv/buy/?page=1&edid=5A69C5E3-CC1D-5F2C-EACC-B90ABA0A0D22 HTTP/1.1" 404 -
192.99.3.137 - - [30/Jun/2024:02:22:12 +0200] "GET /ticket2/opencms/dk/en/buy/?page=1&edid=961EE537-EAD8-AD97-34EE-1F2B026BB178&sortorder=asc&column=section HTTP/1.1" 404 -
216.245.221.83 - - [30/Jun/2024:02:22:13 +0200] "HEAD /ticket2/opencms/ HTTP/1.1" 302 -
40.77.167.43 - - [30/Jun/2024:02:22:14 +0200] "GET /ticket2/opencms/sites/ticketbrokerage/sv/tickets/fulham/ HTTP/1.1" 404 -
216.245.221.83 - - [30/Jun/2024:02:22:14 +0200] "HEAD /ticket2/opencms/en/ HTTP/1.1" 200 -
192.99.7.70 - - [30/Jun/2024:02:22:14 +0200] "GET /ticket2/opencms/dk/en/buy/?comcatid=A17713B6-D984-201A-4143-ED4DB5ED5C2E&catid=2DE12DDA-A5FB-C1C6-CB20-FBF873FB032B HTTP/1.1" 404 -
158.220.119.234 - - [30/Jun/2024:02:22:15 +0200] "GET /ticket2/opencms/se/ru/buy/?page=6&comcatid=A17713B6-D984-201A-4143-ED4DB5ED5C2E&catid=D8B345C9-F7A5-E620-4B43-C34EB0D6885B&eventid=589A0630-BED4-8DE4-8554-8784B6A665D8 HTTP/1.1" 404 -
51.222.253.7 - - [30/Jun/2024:02:22:17 +0200] "GET /ticket2/opencms/fi/buy/?page=1&edid=3A39BC8D-06F1-0E83-AC46-9CE7C43A9D91 HTTP/1.1" 200 86981
158.220.124.16 - - [30/Jun/2024:02:22:17 +0200] "GET /ticket2/opencms/se/nl/buy/?page=1&edid=9B063FAC-18A1-0083-3F00-C83D29618E99&sortorder=desc&column=price HTTP/1.1" 404 -
192.95.30.177 - - [30/Jun/2024:02:22:17 +0200] "GET /ticket2/opencms/de/nl/buy/?page=6&comcatid=A17713B6-D984-201A-4143-ED4DB5ED5C2E&catid=82F804FA-9F69-CB6B-D41D-7BF7C716058B&eventid=51142925-34D0-DC94-FE4A-BE4925423608 HTTP/1.1" 404 -
192.99.7.70 - - [30/Jun/2024:02:22:18 +0200] "GET /ticket2/opencms/dk/en/buy/?comcatid=A17713B6-D984-201A-4143-ED4DB5ED5C2E&catid=2FC3D548-EAF9-1354-0CD2-7D7619DA2334 HTTP/1.1" 404 -
47.128.61.134 - - [30/Jun/2024:02:22:21 +0200] "GET /ticket2/opencms/fi/venue/?countryid=6E625517-1E9A-024B-7EBB-F569FEDEE88E HTTP/1.1" 200 102292
192.99.7.70 - - [30/Jun/2024:02:22:21 +0200] "GET /ticket2/opencms/dk/en/buy/?comcatid=A17713B6-D984-201A-4143-ED4DB5ED5C2E&catid=36394212-F82E-F845-399B-42BED55969CC HTTP/1.1" 404 -
158.220.119.234 - - [30/Jun/2024:02:22:21 +0200] "GET /ticket2/opencms/se/ru/buy/?page=6&comcatid=A17713B6-D984-201A-4143-ED4DB5ED5C2E&catid=D8B345C9-F7A5-E620-4B43-C34EB0D6885B&eventid=C483161C-4419-F1CF-1E30-2319B48E0485 HTTP/1.1" 404 -
47.128.61.134 - - [30/Jun/2024:02:22:22 +0200] "GET /ticket2/opencms/system/modules/com.gridnine.opencms.ticketbrokerage.site/resources/pics/logo-new.png HTTP/1.1" 200 13541
47.128.61.134 - - [30/Jun/2024:02:22:22 +0200] "GET /ticket2/opencms/system/modules/com.gridnine.opencms.ticketbrokerage.site/resources/pics/bank_1_nordea.png HTTP/1.1" 200 4807
47.128.61.134 - - [30/Jun/2024:02:22:23 +0200] "GET /ticket2/opencms/system/modules/com.gridnine.opencms.ticketbrokerage.site/resources/pics/bank_6_american_express.png HTTP/1.1" 200 5570
47.128.61.134 - - [30/Jun/2024:02:22:23 +0200] "GET /ticket2/opencms/system/modules/com.gridnine.opencms.ticketbrokerage.site/resources/pics/bank_5_visa_mastercard.png HTTP/1.1" 200 8196
47.128.61.134 - - [30/Jun/2024:02:22:23 +0200] "GET /ticket2/opencms/system/modules/com.gridnine.opencms.ticketbrokerage.site/resources/pics/bank_2_handelsbanken.png HTTP/1.1" 200 4509
47.128.61.134 - - [30/Jun/2024:02:22:23 +0200] "GET /ticket2/opencms/system/modules/com.gridnine.opencms.ticketbrokerage.site/resources/pics/bank_4_seb.png HTTP/1.1" 200 2487
47.128.61.134 - - [30/Jun/2024:02:22:23 +0200] "GET /ticket2/opencms/system/modules/com.gridnine.opencms.ticketbrokerage.site/resources/pics/bank_3_swedbank.png HTTP/1.1" 200 5740
192.99.3.137 - - [30/Jun/2024:02:22:25 +0200] "GET /ticket2/opencms/dk/en/buy/?page=1&edid=9A9147E1-2B2F-02FC-9E7B-A166685D5872&sortorder=asc&column=section HTTP/1.1" 404 -
192.99.7.70 - - [30/Jun/2024:02:22:25 +0200] "GET /ticket2/opencms/dk/en/buy/?comcatid=A17713B6-D984-201A-4143-ED4DB5ED5C2E&catid=3A7AEA37-903D-9533-4B33-21B0001FF1D1 HTTP/1.1" 404 -
37.57.218.243 - - [30/Jun/2024:02:22:27 +0200] "GET /ticket2/opencms/se/sv/buy/?page=1&edid=AF3A3A75-5315-FE9D-022C-FD3048857E51&sortorder=asc&column=price HTTP/1.1" 404 -
192.99.7.70 - - [30/Jun/2024:02:22:28 +0200] "GET /ticket2/opencms/dk/en/buy/?comcatid=A17713B6-D984-201A-4143-ED4DB5ED5C2E&catid=3B549160-8B9C-E872-44A9-20FEA86B30E8 HTTP/1.1" 404 -
87.0.79.172 - - [30/Jun/2024:02:22:28 +0200] "GET / HTTP/1.1" 404 -
192.95.30.177 - - [30/Jun/2024:02:22:31 +0200] "GET /ticket2/opencms/de/nl/buy/?page=6&comcatid=A17713B6-D984-201A-4143-ED4DB5ED5C2E&catid=82F804FA-9F69-CB6B-D41D-7BF7C716058B&eventid=52936B83-375A-A2F0-9D1E-378B47CF585E HTTP/1.1" 404 -
192.99.3.137 - - [30/Jun/2024:02:22:31 +0200] "GET /ticket2/opencms/dk/en/buy/?page=1&edid=9D28F9B9-6904-1ABE-2B7B-B5AAE0BDC058&sortorder=asc&column=section HTTP/1.1" 404 -
192.99.7.70 - - [30/Jun/2024:02:22:32 +0200] "GET /ticket2/opencms/dk/en/buy/?comcatid=A17713B6-D984-201A-4143-ED4DB5ED5C2E&catid=42C82D82-D02A-8562-E55C-48ADB3771882 HTTP/1.1" 404 -
158.220.119.234 - - [30/Jun/2024:02:22:32 +0200] "GET /ticket2/opencms/se/ru/buy/?page=1&edid=00D840A6-5C32-FD15-931E-9A005230C9CF&sortorder=asc&column=row HTTP/1.1" 404 -
192.99.7.70 - - [30/Jun/2024:02:22:35 +0200] "GET /ticket2/opencms/dk/en/buy/?comcatid=A17713B6-D984-201A-4143-ED4DB5ED5C2E&catid=515A9A29-35A0-2DB8-262B-AEF122DB04F6 HTTP/1.1" 404 -
192.99.3.137 - - [30/Jun/2024:02:22:36 +0200] "GET /ticket2/opencms/dk/en/buy/?page=1&edid=A020F676-2C0B-0D31-6DCA-C1C1F2BD9ACC&sortorder=asc&column=price HTTP/1.1" 404 -
37.57.218.243 - - [30/Jun/2024:02:22:37 +0200] "GET /ticket2/opencms/se/sv/buy/?page=1&edid=AF3A3A75-5315-FE9D-022C-FD3048857E51&sortorder=asc&column=section HTTP/1.1" 404 -
192.99.7.70 - - [30/Jun/2024:02:22:39 +0200] "GET /ticket2/opencms/dk/en/buy/?comcatid=A17713B6-D984-201A-4143-ED4DB5ED5C2E&catid=573B7747-EE85-D769-C87D-F3F61FB64AA5 HTTP/1.1" 404 -
192.99.3.137 - - [30/Jun/2024:02:22:40 +0200] "GET /ticket2/opencms/dk/en/buy/?page=1&edid=A020F676-2C0B-0D31-6DCA-C1C1F2BD9ACC&sortorder=asc&column=section HTTP/1.1" 404 -
158.220.119.234 - - [30/Jun/2024:02:22:40 +0200] "GET /ticket2/opencms/se/ru/buy/?page=1&edid=00D840A6-5C32-FD15-931E-9A005230C9CF&sortorder=desc&column=section HTTP/1.1" 404 -
192.99.7.70 - - [30/Jun/2024:02:22:42 +0200] "GET /ticket2/opencms/dk/en/buy/?comcatid=A17713B6-D984-201A-4143-ED4DB5ED5C2E&catid=5A89E483-58AD-080E-F363-E16CE738916A HTTP/1.1" 404 -
158.220.124.16 - - [30/Jun/2024:02:22:43 +0200] "GET /ticket2/opencms/se/nl/buy/?page=1&edid=9B063FAC-18A1-0083-3F00-C83D29618E99&sortorder=desc&column=row HTTP/1.1" 404 -
192.99.3.137 - - [30/Jun/2024:02:22:44 +0200] "GET /ticket2/opencms/dk/en/buy/?page=1&edid=A45321DF-A6CE-CF78-FF7A-EF32B49E5D06&sortorder=asc&column=price HTTP/1.1" 404 -
47.128.111.241 - - [30/Jun/2024:02:22:45 +0200] "GET /ticket2/opencms/fi/venue/?countryid=B5C0CC6D-2D05-4091-BA03-82DFEB13498E HTTP/1.1" 200 102292
192.99.7.70 - - [30/Jun/2024:02:22:46 +0200] "GET /ticket2/opencms/dk/en/buy/?comcatid=A17713B6-D984-201A-4143-ED4DB5ED5C2E&catid=64756941-02D2-3538-2077-8C2508F4A3A8 HTTP/1.1" 404 -
192.95.30.177 - - [30/Jun/2024:02:22:46 +0200] "GET /ticket2/opencms/de/nl/buy/?page=6&comcatid=A17713B6-D984-201A-4143-ED4DB5ED5C2E&catid=82F804FA-9F69-CB6B-D41D-7BF7C716058B&eventid=55413BC2-71A3-4E36-FCD4-7D7F87A1C19E HTTP/1.1" 404 -
47.128.111.241 - - [30/Jun/2024:02:22:47 +0200] "GET /ticket2/opencms/system/modules/com.gridnine.opencms.ticketbrokerage.site/resources/pics/logo-new.png HTTP/1.1" 200 13541
47.128.111.241 - - [30/Jun/2024:02:22:48 +0200] "GET /ticket2/opencms/system/modules/com.gridnine.opencms.ticketbrokerage.site/resources/pics/bank_5_visa_mastercard.png HTTP/1.1" 200 8196
47.128.111.241 - - [30/Jun/2024:02:22:48 +0200] "GET /ticket2/opencms/system/modules/com.gridnine.opencms.ticketbrokerage.site/resources/pics/bank_2_handelsbanken.png HTTP/1.1" 200 4509
47.128.111.241 - - [30/Jun/2024:02:22:48 +0200] "GET /ticket2/opencms/system/modules/com.gridnine.opencms.ticketbrokerage.site/resources/pics/bank_1_nordea.png HTTP/1.1" 200 4807
47.128.111.241 - - [30/Jun/2024:02:22:48 +0200] "GET /ticket2/opencms/system/modules/com.gridnine.opencms.ticketbrokerage.site/resources/pics/bank_3_swedbank.png HTTP/1.1" 200 5740
47.128.111.241 - - [30/Jun/2024:02:22:48 +0200] "GET /ticket2/opencms/system/modules/com.gridnine.opencms.ticketbrokerage.site/resources/pics/bank_4_seb.png HTTP/1.1" 200 2487
192.99.3.137 - - [30/Jun/2024:02:22:48 +0200] "GET /ticket2/opencms/dk/en/buy/?page=1&edid=A45321DF-A6CE-CF78-FF7A-EF32B49E5D06&sortorder=asc&column=row HTTP/1.1" 404 -
47.128.111.241 - - [30/Jun/2024:02:22:48 +0200] "GET /ticket2/opencms/system/modules/com.gridnine.opencms.ticketbrokerage.site/resources/pics/bank_6_american_express.png HTTP/1.1" 200 5570
192.99.7.70 - - [30/Jun/2024:02:22:49 +0200] "GET /ticket2/opencms/dk/en/buy/?comcatid=A17713B6-D984-201A-4143-ED4DB5ED5C2E&catid=6BD6E0B0-84AF-3A0D-3851-C1357CE9B771 HTTP/1.1" 404 -
37.57.218.243 - - [30/Jun/2024:02:22:49 +0200] "GET /ticket2/opencms/se/sv/buy/?page=1&edid=B6E3C425-FB2A-FD4B-B6C3-0A511B8AB798&sortorder=asc&column=price HTTP/1.1" 404 -
114.119.158.193 - - [30/Jun/2024:02:22:50 +0200] "GET /ticket2/opencms/en/sell/?edid=77C399FE-C123-10DD-718F-4871CF021D13 HTTP/1.1" 302 -
158.220.119.234 - - [30/Jun/2024:02:22:50 +0200] "GET /ticket2/opencms/se/ru/buy/?page=1&edid=01148208-C5C5-644D-6BB7-97FA6BDD0B48&sortorder=desc&column=row HTTP/1.1" 404 -
185.157.223.150 - - [30/Jun/2024:02:22:51 +0200] "GET /ticket2/tickets_export/outgoing/export.txt HTTP/1.1" 200 24553702
192.99.7.70 - - [30/Jun/2024:02:22:53 +0200] "GET /ticket2/opencms/dk/en/buy/?comcatid=A17713B6-D984-201A-4143-ED4DB5ED5C2E&catid=70B37487-FE30-D476-CAE7-E6AFEA3153F2 HTTP/1.1" 404 -
114.119.158.193 - - [30/Jun/2024:02:22:54 +0200] "GET /ticket2/opencms/en/login/?url=/en/sell/ HTTP/1.1" 200 73431
192.99.3.137 - - [30/Jun/2024:02:22:56 +0200] "GET /ticket2/opencms/dk/en/buy/?page=1&edid=A45321DF-A6CE-CF78-FF7A-EF32B49E5D06&sortorder=asc&column=section HTTP/1.1" 404 -
192.99.7.70 - - [30/Jun/2024:02:22:57 +0200] "GET /ticket2/opencms/dk/en/buy/?comcatid=A17713B6-D984-201A-4143-ED4DB5ED5C2E&catid=739BFC5D-78FA-6834-D764-6CE64CA5F9EC HTTP/1.1" 404 -
192.99.7.70 - - [30/Jun/2024:02:23:00 +0200] "GET /ticket2/opencms/dk/en/buy/?comcatid=A17713B6-D984-201A-4143-ED4DB5ED5C2E&catid=7ACC33AD-EE7E-AAA7-9050-0F4587759B87 HTTP/1.1" 404 -
192.95.30.177 - - [30/Jun/2024:02:23:00 +0200] "GET /ticket2/opencms/de/nl/buy/?page=6&comcatid=A17713B6-D984-201A-4143-ED4DB5ED5C2E&catid=82F804FA-9F69-CB6B-D41D-7BF7C716058B&eventid=5FE11B6B-3BD3-B863-7DB1-220FF758D026 HTTP/1.1" 404 -
158.220.119.234 - - [30/Jun/2024:02:23:00 +0200] "GET /ticket2/opencms/se/ru/buy/?page=1&edid=01148208-C5C5-644D-6BB7-97FA6BDD0B48&sortorder=desc&column=section HTTP/1.1" 404 -
37.57.218.243 - - [30/Jun/2024:02:23:02 +0200] "GET /ticket2/opencms/se/sv/buy/?page=1&edid=B6E3C425-FB2A-FD4B-B6C3-0A511B8AB798&sortorder=asc&column=row HTTP/1.1" 404 -
192.99.3.137 - - [30/Jun/2024:02:23:02 +0200] "GET /ticket2/opencms/dk/en/buy/?page=1&edid=B9E5BD6D-3ABF-56B5-87B7-9A11338BB2EF&sortorder=asc&column=section HTTP/1.1" 404 -
192.99.7.70 - - [30/Jun/2024:02:23:04 +0200] "GET /ticket2/opencms/dk/en/buy/?comcatid=A17713B6-D984-201A-4143-ED4DB5ED5C2E&catid=7BADFFFB-57C5-5DBC-E7EB-B45075B3D8F9 HTTP/1.1" 404 -
192.99.7.70 - - [30/Jun/2024:02:23:07 +0200] "GET /ticket2/opencms/dk/en/buy/?comcatid=A17713B6-D984-201A-4143-ED4DB5ED5C2E&catid=7CF2D645-F785-0CBB-1B7C-C4711617EAAD HTTP/1.1" 404 -
51.222.253.14 - - [30/Jun/2024:02:23:08 +0200] "GET /ticket2/opencms/en/venue/?venueid=5E4247B1-038D-69C7-681E-59A3027FAB84 HTTP/1.1" 200 71368
47.128.96.0 - - [30/Jun/2024:02:23:10 +0200] "GET /ticket2/opencms/fi/venue/?countryid=F444CA42-FE5C-C76F-1CFD-E45E1073B063 HTTP/1.1" 200 102292
192.99.3.137 - - [30/Jun/2024:02:23:10 +0200] "GET /ticket2/opencms/dk/en/buy/?page=1&edid=BD11E61F-ECF5-D022-0EFE-67BCB464768C&sortorder=asc&column=row HTTP/1.1" 404 -
47.128.96.0 - - [30/Jun/2024:02:23:10 +0200] "GET /ticket2/opencms/system/modules/com.gridnine.opencms.ticketbrokerage.site/resources/pics/logo-new.png HTTP/1.1" 200 13541
192.99.7.70 - - [30/Jun/2024:02:23:11 +0200] "GET /ticket2/opencms/dk/en/buy/?comcatid=A17713B6-D984-201A-4143-ED4DB5ED5C2E&catid=7EF04817-972D-18B1-F941-DE800D088075 HTTP/1.1" 404 -
47.128.96.0 - - [30/Jun/2024:02:23:11 +0200] "GET /ticket2/opencms/system/modules/com.gridnine.opencms.ticketbrokerage.site/resources/pics/bank_3_swedbank.png HTTP/1.1" 200 5740
47.128.96.0 - - [30/Jun/2024:02:23:11 +0200] "GET /ticket2/opencms/system/modules/com.gridnine.opencms.ticketbrokerage.site/resources/pics/bank_5_visa_mastercard.png HTTP/1.1" 200 8196
158.220.119.234 - - [30/Jun/2024:02:23:12 +0200] "GET /ticket2/opencms/se/ru/buy/?page=1&edid=037933B2-BE61-53EE-FA20-8AEB3C558A32&sortorder=asc&column=price HTTP/1.1" 404 -
47.128.96.0 - - [30/Jun/2024:02:23:12 +0200] "GET /ticket2/opencms/system/modules/com.gridnine.opencms.ticketbrokerage.site/resources/pics/bank_2_handelsbanken.png HTTP/1.1" 200 4509
47.128.96.0 - - [30/Jun/2024:02:23:12 +0200] "GET /ticket2/opencms/system/modules/com.gridnine.opencms.ticketbrokerage.site/resources/pics/bank_4_seb.png HTTP/1.1" 200 2487
47.128.96.0 - - [30/Jun/2024:02:23:12 +0200] "GET /ticket2/opencms/system/modules/com.gridnine.opencms.ticketbrokerage.site/resources/pics/bank_1_nordea.png HTTP/1.1" 200 4807
47.128.96.0 - - [30/Jun/2024:02:23:12 +0200] "GET /ticket2/opencms/system/modules/com.gridnine.opencms.ticketbrokerage.site/resources/pics/bank_6_american_express.png HTTP/1.1" 200 5570
192.95.30.177 - - [30/Jun/2024:02:23:13 +0200] "GET /ticket2/opencms/de/nl/buy/?page=6&comcatid=A17713B6-D984-201A-4143-ED4DB5ED5C2E&catid=82F804FA-9F69-CB6B-D41D-7BF7C716058B&eventid=6246A7B9-7760-A5B4-1D19-4DF416B28BC3 HTTP/1.1" 404 -
158.220.124.16 - - [30/Jun/2024:02:23:13 +0200] "GET /ticket2/opencms/se/nl/buy/?page=1&edid=9B063FAC-18A1-0083-3F00-C83D29618E99&sortorder=desc&column=section HTTP/1.1" 404 -
192.99.7.70 - - [30/Jun/2024:02:23:14 +0200] "GET /ticket2/opencms/dk/en/buy/?comcatid=A17713B6-D984-201A-4143-ED4DB5ED5C2E&catid=88C381AD-5D76-A34D-AC15-A7129F8EF5BE HTTP/1.1" 404 -
192.99.3.137 - - [30/Jun/2024:02:23:15 +0200] "GET /ticket2/opencms/dk/en/buy/?page=1&edid=BDDF3C4C-88DE-2A9C-2A9D-37F204352574&sortorder=desc&column=section HTTP/1.1" 404 -
192.99.7.70 - - [30/Jun/2024:02:23:18 +0200] "GET /ticket2/opencms/dk/en/buy/?comcatid=A17713B6-D984-201A-4143-ED4DB5ED5C2E&catid=8AA488FA-6797-D710-8108-3088D6948FC1 HTTP/1.1" 404 -
37.57.218.243 - - [30/Jun/2024:02:23:19 +0200] "GET /ticket2/opencms/se/sv/buy/?page=1&edid=B6E3C425-FB2A-FD4B-B6C3-0A511B8AB798&sortorder=asc&column=section HTTP/1.1" 404 -
192.99.3.137 - - [30/Jun/2024:02:23:19 +0200] "GET /ticket2/opencms/dk/en/buy/?page=1&edid=BDF1DAFB-76AF-8DA9-E3E2-6F2E34C6878A HTTP/1.1" 404 -
192.99.7.70 - - [30/Jun/2024:02:23:21 +0200] "GET /ticket2/opencms/dk/en/buy/?comcatid=A17713B6-D984-201A-4143-ED4DB5ED5C2E&catid=BDD8C04C-DD99-1C07-B5F3-F2AB98D157E8 HTTP/1.1" 404 -
158.220.119.234 - - [30/Jun/2024:02:23:23 +0200] "GET /ticket2/opencms/se/ru/buy/?page=1&edid=037933B2-BE61-53EE-FA20-8AEB3C558A32&sortorder=asc&column=row HTTP/1.1" 404 -
192.95.30.177 - - [30/Jun/2024:02:23:24 +0200] "GET /ticket2/opencms/de/nl/buy/?page=6&comcatid=A17713B6-D984-201A-4143-ED4DB5ED5C2E&catid=82F804FA-9F69-CB6B-D41D-7BF7C716058B&eventid=8B7AE4BC-5292-0AFF-E9A1-04E26981F419 HTTP/1.1" 404 -
192.99.7.70 - - [30/Jun/2024:02:23:25 +0200] "GET /ticket2/opencms/dk/en/buy/?comcatid=A17713B6-D984-201A-4143-ED4DB5ED5C2E&catid=BE041FBE-C1A7-918C-EB61-99ED02D12F5B HTTP/1.1" 404 -
192.99.3.137 - - [30/Jun/2024:02:23:26 +0200] "GET /ticket2/opencms/dk/en/buy/?page=1&edid=BF990419-E317-46FC-F88A-E6023A3E4305 HTTP/1.1" 404 -
192.99.7.70 - - [30/Jun/2024:02:23:29 +0200] "GET /ticket2/opencms/dk/en/buy/?comcatid=A17713B6-D984-201A-4143-ED4DB5ED5C2E&catid=C0DF818C-DB21-6E2E-4056-DB751FFE0C41 HTTP/1.1" 404 -
192.99.7.70 - - [30/Jun/2024:02:23:32 +0200] "GET /ticket2/opencms/dk/en/buy/?comcatid=A17713B6-D984-201A-4143-ED4DB5ED5C2E&catid=C48671DB-5AEB-8CE2-928E-38417FFBE085 HTTP/1.1" 404 -
37.57.218.243 - - [30/Jun/2024:02:23:33 +0200] "GET /ticket2/opencms/se/sv/buy/?page=10&eventid=2A88ACA5-F2CC-5A54-E5C1-288C49B66BCA HTTP/1.1" 404 -
158.220.119.234 - - [30/Jun/2024:02:23:34 +0200] "GET /ticket2/opencms/se/ru/buy/?page=1&edid=037933B2-BE61-53EE-FA20-8AEB3C558A32&sortorder=asc&column=section HTTP/1.1" 404 -
192.99.3.137 - - [30/Jun/2024:02:23:34 +0200] "GET /ticket2/opencms/dk/en/buy/?page=1&edid=D2859788-1C1C-03A4-4D76-15912E297AD9&sortorder=asc&column=price HTTP/1.1" 404 -
47.128.44.241 - - [30/Jun/2024:02:23:35 +0200] "GET /ticket2/opencms/en/buy/?catid=D8B345C9-F7A5-E620-4B43-C34EB0D6885B&comcatid=A17713B6-D984-201A-4143-ED4DB5ED5C2E&eventid=C7133DB2-11AE-0675-7328-58F27D8E8199&page=6 HTTP/1.1" 200 82212
47.128.44.241 - - [30/Jun/2024:02:23:35 +0200] "GET /ticket2/opencms/system/modules/com.gridnine.opencms.ticketbrokerage.site/resources/pics/logo-new.png HTTP/1.1" 200 13541
192.99.7.70 - - [30/Jun/2024:02:23:35 +0200] "GET /ticket2/opencms/dk/en/buy/?comcatid=A17713B6-D984-201A-4143-ED4DB5ED5C2E&catid=C871EAE3-C584-718A-9795-07CDEF43FA75 HTTP/1.1" 404 -
192.95.30.177 - - [30/Jun/2024:02:23:35 +0200] "GET /ticket2/opencms/de/nl/buy/?page=6&comcatid=A17713B6-D984-201A-4143-ED4DB5ED5C2E&catid=82F804FA-9F69-CB6B-D41D-7BF7C716058B&eventid=959EA1E3-E351-475E-F73F-8969C4E65582 HTTP/1.1" 404 -
47.128.44.241 - - [30/Jun/2024:02:23:36 +0200] "GET /ticket2/opencms/system/modules/com.gridnine.opencms.ticketbrokerage.site/resources/pics/bank_4_seb.png HTTP/1.1" 200 2487
47.128.44.241 - - [30/Jun/2024:02:23:36 +0200] "GET /ticket2/opencms/system/modules/com.gridnine.opencms.ticketbrokerage.site/resources/pics/bank_1_nordea.png HTTP/1.1" 200 4807
47.128.44.241 - - [30/Jun/2024:02:23:37 +0200] "GET /ticket2/opencms/system/modules/com.gridnine.opencms.ticketbrokerage.site/resources/pics/bank_3_swedbank.png HTTP/1.1" 200 5740
47.128.44.241 - - [30/Jun/2024:02:23:37 +0200] "GET /ticket2/opencms/system/modules/com.gridnine.opencms.ticketbrokerage.site/resources/pics/bank_6_american_express.png HTTP/1.1" 200 5570
47.128.44.241 - - [30/Jun/2024:02:23:37 +0200] "GET /ticket2/opencms/system/modules/com.gridnine.opencms.ticketbrokerage.site/resources/pics/bank_5_visa_mastercard.png HTTP/1.1" 200 8196
47.128.44.241 - - [30/Jun/2024:02:23:37 +0200] "GET /ticket2/opencms/system/modules/com.gridnine.opencms.ticketbrokerage.site/resources/pics/bank_2_handelsbanken.png HTTP/1.1" 200 4509
192.99.7.70 - - [30/Jun/2024:02:23:39 +0200] "GET /ticket2/opencms/dk/en/buy/?comcatid=A17713B6-D984-201A-4143-ED4DB5ED5C2E&catid=D8B345C9-F7A5-E620-4B43-C34EB0D6885B HTTP/1.1" 404 -
158.220.124.16 - - [30/Jun/2024:02:23:41 +0200] "GET /ticket2/opencms/se/nl/buy/?page=1&edid=9B375AEE-764B-503F-3F66-4B53C8619B09&sortorder=desc&column=price HTTP/1.1" 404 -
192.99.3.137 - - [30/Jun/2024:02:23:42 +0200] "GET /ticket2/opencms/dk/en/buy/?page=1&edid=D28D3824-9820-76C4-21D7-4144BF3DCE08&sortorder=asc&column=price HTTP/1.1" 404 -
192.99.7.70 - - [30/Jun/2024:02:23:42 +0200] "GET /ticket2/opencms/dk/en/buy/?comcatid=A17713B6-D984-201A-4143-ED4DB5ED5C2E&catid=E961462E-5AC2-64D6-5850-A310C9DEAA06 HTTP/1.1" 404 -
192.95.30.177 - - [30/Jun/2024:02:23:46 +0200] "GET /ticket2/opencms/de/nl/buy/?page=6&comcatid=A17713B6-D984-201A-4143-ED4DB5ED5C2E&catid=82F804FA-9F69-CB6B-D41D-7BF7C716058B&eventid=98D6DBA4-9E5E-11DD-D46D-212796B99E3D HTTP/1.1" 404 -
158.220.119.234 - - [30/Jun/2024:02:23:46 +0200] "GET /ticket2/opencms/se/ru/buy/?page=1&edid=0423F886-7646-C776-7223-998CA06B03B8&sortorder=asc&column=price HTTP/1.1" 404 -
192.99.7.70 - - [30/Jun/2024:02:23:46 +0200] "GET /ticket2/opencms/dk/en/buy/?page=1&edid=1B4B2DAC-1EF9-0CB4-F9AB-13380E309401&sortorder=asc&column=row HTTP/1.1" 404 -
192.99.3.137 - - [30/Jun/2024:02:23:46 +0200] "GET /ticket2/opencms/dk/en/buy/?page=1&edid=D28D3824-9820-76C4-21D7-4144BF3DCE08&sortorder=asc&column=row HTTP/1.1" 404 -
37.57.218.243 - - [30/Jun/2024:02:23:49 +0200] "GET /ticket2/opencms/se/sv/buy/?page=10&eventid=2B327689-A22C-6177-1C09-32DFF682D81C HTTP/1.1" 404 -
192.99.7.70 - - [30/Jun/2024:02:23:50 +0200] "GET /ticket2/opencms/dk/en/buy/?page=1&edid=1B4B2DAC-1EF9-0CB4-F9AB-13380E309401&sortorder=asc&column=section HTTP/1.1" 404 -
192.99.3.137 - - [30/Jun/2024:02:23:53 +0200] "GET /ticket2/opencms/dk/en/buy/?page=1&edid=D28D3824-9820-76C4-21D7-4144BF3DCE08&sortorder=asc&column=section HTTP/1.1" 404 -
192.99.7.70 - - [30/Jun/2024:02:23:53 +0200] "GET /ticket2/opencms/dk/en/buy/?page=1&edid=1B7F1FCD-F1D1-57D9-ED65-AFC2400FAEC4&sortorder=desc&column=section HTTP/1.1" 404 -
192.95.30.177 - - [30/Jun/2024:02:23:56 +0200] "GET /ticket2/opencms/de/nl/buy/?page=6&comcatid=A17713B6-D984-201A-4143-ED4DB5ED5C2E&catid=82F804FA-9F69-CB6B-D41D-7BF7C716058B&eventid=A5513A3C-4AED-7F56-6F1B-EEFC3BE5A59D HTTP/1.1" 404 -
192.99.7.70 - - [30/Jun/2024:02:23:57 +0200] "GET /ticket2/opencms/dk/en/buy/?page=1&edid=1B85E671-6747-EEED-C5AD-3D35965D294E&sortorder=asc&column=section HTTP/1.1" 404 -
158.220.119.234 - - [30/Jun/2024:02:23:57 +0200] "GET /ticket2/opencms/se/ru/buy/?page=1&edid=0423F886-7646-C776-7223-998CA06B03B8&sortorder=asc&column=row HTTP/1.1" 404 -
47.128.127.201 - - [30/Jun/2024:02:24:00 +0200] "GET /ticket2/opencms/en/buy/?catid=36394212-F82E-F845-399B-42BED55969CC&comcatid=A17713B6-D984-201A-4143-ED4DB5ED5C2E&eventid=FB78739C-28A3-143B-0EB1-9AD7A5F28F83&page=6 HTTP/1.1" 200 82217
192.99.7.70 - - [30/Jun/2024:02:24:00 +0200] "GET /ticket2/opencms/dk/en/buy/?page=1&edid=1B897E9D-E533-44D1-184E-05DEA8EB4FEB&sortorder=asc&column=row HTTP/1.1" 404 -
192.99.3.137 - - [30/Jun/2024:02:24:00 +0200] "GET /ticket2/opencms/dk/en/buy/?page=1&edid=D30E26A4-7AE5-40F3-5965-2D237F7CEA41&sortorder=asc&column=price HTTP/1.1" 404 -
47.128.127.201 - - [30/Jun/2024:02:24:00 +0200] "GET /ticket2/opencms/system/modules/com.gridnine.opencms.ticketbrokerage.site/resources/pics/logo-new.png HTTP/1.1" 200 13541
47.128.127.201 - - [30/Jun/2024:02:24:01 +0200] "GET /ticket2/opencms/system/modules/com.gridnine.opencms.ticketbrokerage.site/resources/pics/bank_4_seb.png HTTP/1.1" 200 2487
47.128.127.201 - - [30/Jun/2024:02:24:01 +0200] "GET /ticket2/opencms/system/modules/com.gridnine.opencms.ticketbrokerage.site/resources/pics/bank_2_handelsbanken.png HTTP/1.1" 200 4509
47.128.127.201 - - [30/Jun/2024:02:24:01 +0200] "GET /ticket2/opencms/system/modules/com.gridnine.opencms.ticketbrokerage.site/resources/pics/bank_3_swedbank.png HTTP/1.1" 200 5740
47.128.127.201 - - [30/Jun/2024:02:24:01 +0200] "GET /ticket2/opencms/system/modules/com.gridnine.opencms.ticketbrokerage.site/resources/pics/bank_1_nordea.png HTTP/1.1" 200 4807
47.128.127.201 - - [30/Jun/2024:02:24:01 +0200] "GET /ticket2/opencms/system/modules/com.gridnine.opencms.ticketbrokerage.site/resources/pics/bank_5_visa_mastercard.png HTTP/1.1" 200 8196
47.128.127.201 - - [30/Jun/2024:02:24:01 +0200] "GET /ticket2/opencms/system/modules/com.gridnine.opencms.ticketbrokerage.site/resources/pics/bank_6_american_express.png HTTP/1.1" 200 5570
192.99.7.70 - - [30/Jun/2024:02:24:03 +0200] "GET /ticket2/opencms/dk/en/buy/?page=1&edid=1B897E9D-E533-44D1-184E-05DEA8EB4FEB&sortorder=asc&column=section HTTP/1.1" 404 -
51.222.253.13 - - [30/Jun/2024:02:24:04 +0200] "GET /ticket2/opencms/sv/buy/?page=1&edid=5213BBB3-67CD-163B-C256-72C4ACAB1B00 HTTP/1.1" 200 85944
20.232.121.110 - - [30/Jun/2024:02:24:05 +0200] "GET /ticket2/opencms/system/modules/com.gridnine.opencms.ticketbrokerage.site/resources/pics/logo-new.png HTTP/1.1" 200 13541
47.128.122.12 - - [30/Jun/2024:02:24:06 +0200] "GET /ticket2/opencms/no/buy/?catid=0A6C99D2-F5BD-7A18-9A5F-5668827042E0&comcatid=A17713B6-D984-201A-4143-ED4DB5ED5C2E&eventid=4F6C281E-0307-3DEA-5C89-32A309F90298&page=7 HTTP/1.1" 200 98005
192.99.3.137 - - [30/Jun/2024:02:24:07 +0200] "GET /ticket2/opencms/dk/en/buy/?page=1&edid=D30E26A4-7AE5-40F3-5965-2D237F7CEA41&sortorder=asc&column=row HTTP/1.1" 404 -
192.99.7.70 - - [30/Jun/2024:02:24:07 +0200] "GET /ticket2/opencms/dk/en/buy/?page=1&edid=1B9244E9-8C0B-2DA1-E79A-E8F28C679EE1&sortorder=asc&column=price HTTP/1.1" 404 -
192.95.30.177 - - [30/Jun/2024:02:24:07 +0200] "GET /ticket2/opencms/de/nl/buy/?page=6&comcatid=A17713B6-D984-201A-4143-ED4DB5ED5C2E&catid=82F804FA-9F69-CB6B-D41D-7BF7C716058B&eventid=ACB0BEF1-6CB8-5B86-2337-E2F38B94B10D HTTP/1.1" 404 -
47.128.122.12 - - [30/Jun/2024:02:24:08 +0200] "GET /ticket2/opencms/system/modules/com.gridnine.opencms.ticketbrokerage.site/resources/pics/logo-new.png HTTP/1.1" 200 13541
47.128.122.12 - - [30/Jun/2024:02:24:08 +0200] "GET /ticket2/opencms/system/modules/com.gridnine.opencms.ticketbrokerage.site/resources/pics/bank_1_nordea.png HTTP/1.1" 200 4807
47.128.122.12 - - [30/Jun/2024:02:24:08 +0200] "GET /ticket2/opencms/system/modules/com.gridnine.opencms.ticketbrokerage.site/resources/pics/bank_3_swedbank.png HTTP/1.1" 200 5740
47.128.122.12 - - [30/Jun/2024:02:24:08 +0200] "GET /ticket2/opencms/system/modules/com.gridnine.opencms.ticketbrokerage.site/resources/pics/bank_4_seb.png HTTP/1.1" 200 2487
47.128.122.12 - - [30/Jun/2024:02:24:08 +0200] "GET /ticket2/opencms/system/modules/com.gridnine.opencms.ticketbrokerage.site/resources/pics/bank_2_handelsbanken.png HTTP/1.1" 200 4509
47.128.122.12 - - [30/Jun/2024:02:24:08 +0200] "GET /ticket2/opencms/system/modules/com.gridnine.opencms.ticketbrokerage.site/resources/pics/bank_5_visa_mastercard.png HTTP/1.1" 200 8196
47.128.122.12 - - [30/Jun/2024:02:24:08 +0200] "GET /ticket2/opencms/system/modules/com.gridnine.opencms.ticketbrokerage.site/resources/pics/bank_6_american_express.png HTTP/1.1" 200 5570
158.220.119.234 - - [30/Jun/2024:02:24:09 +0200] "GET /ticket2/opencms/se/ru/buy/?page=1&edid=0423F886-7646-C776-7223-998CA06B03B8&sortorder=asc&column=section HTTP/1.1" 404 -
158.220.124.16 - - [30/Jun/2024:02:24:09 +0200] "GET /ticket2/opencms/se/nl/buy/?page=1&edid=9B84351F-ABA3-9F62-84F0-EF7B427CF4F3&sortorder=asc&column=price HTTP/1.1" 404 -
192.99.7.70 - - [30/Jun/2024:02:24:10 +0200] "GET /ticket2/opencms/dk/en/buy/?page=1&edid=1C562745-1431-CFB1-8C43-89D2BFF085C5&sortorder=asc&column=price HTTP/1.1" 404 -
37.57.218.243 - - [30/Jun/2024:02:24:12 +0200] "GET /ticket2/opencms/se/sv/buy/?page=10&eventid=2B327689-A22C-6177-1C09-32DFF682D81C&venueid=40DC78A8-E12D-6808-C138-74AD7C1598C8 HTTP/1.1" 404 -
192.99.7.70 - - [30/Jun/2024:02:24:14 +0200] "GET /ticket2/opencms/dk/en/buy/?page=1&edid=1CB0579F-1D7F-7A19-BD4F-0612A3C3F1F9&sortorder=asc&column=section HTTP/1.1" 404 -
192.99.3.137 - - [30/Jun/2024:02:24:14 +0200] "GET /ticket2/opencms/dk/en/buy/?page=1&edid=D30E26A4-7AE5-40F3-5965-2D237F7CEA41&sortorder=asc&column=section HTTP/1.1" 404 -
192.99.7.70 - - [30/Jun/2024:02:24:17 +0200] "GET /ticket2/opencms/dk/en/buy/?page=1&edid=1D56D579-7D45-9D7E-0DE1-5FABAACBC574&sortorder=desc&column=section HTTP/1.1" 404 -
158.220.119.234 - - [30/Jun/2024:02:24:18 +0200] "GET /ticket2/opencms/se/ru/buy/?page=1&edid=0435AA01-DEED-F5D9-39FC-322BF9B9D7E3&sortorder=asc&column=price HTTP/1.1" 404 -
192.95.30.177 - - [30/Jun/2024:02:24:18 +0200] "GET /ticket2/opencms/de/nl/buy/?page=6&comcatid=A17713B6-D984-201A-4143-ED4DB5ED5C2E&catid=82F804FA-9F69-CB6B-D41D-7BF7C716058B&eventid=AD8806A3-78A3-C85C-FD76-9A847D684299 HTTP/1.1" 404 -
192.99.7.70 - - [30/Jun/2024:02:24:21 +0200] "GET /ticket2/opencms/dk/en/buy/?page=1&edid=1DFA0E22-C962-FF1B-3BAF-2883C20EA7B5&sortorder=asc&column=price HTTP/1.1" 404 -
47.128.50.83 - - [30/Jun/2024:02:24:24 +0200] "GET /ticket2/opencms/fi/venue/?countryid=1D2AF5BD-A881-D22D-AE7C-E22D0AA83910 HTTP/1.1" 200 102292
192.99.7.70 - - [30/Jun/2024:02:24:24 +0200] "GET /ticket2/opencms/dk/en/buy/?page=1&edid=1DFA0E22-C962-FF1B-3BAF-2883C20EA7B5&sortorder=asc&column=section HTTP/1.1" 404 -
47.128.50.83 - - [30/Jun/2024:02:24:25 +0200] "GET /ticket2/opencms/system/modules/com.gridnine.opencms.ticketbrokerage.site/resources/pics/logo-new.png HTTP/1.1" 200 13541
114.119.130.29 - - [30/Jun/2024:02:24:25 +0200] "GET /ticket2/opencms/en/venue/?countryid=93055F81-99D6-0EE6-3CC8-FB4301992434 HTTP/1.1" 200 100730
47.128.50.83 - - [30/Jun/2024:02:24:25 +0200] "GET /ticket2/opencms/system/modules/com.gridnine.opencms.ticketbrokerage.site/resources/pics/bank_1_nordea.png HTTP/1.1" 200 4807
47.128.50.83 - - [30/Jun/2024:02:24:25 +0200] "GET /ticket2/opencms/system/modules/com.gridnine.opencms.ticketbrokerage.site/resources/pics/bank_4_seb.png HTTP/1.1" 200 2487
47.128.50.83 - - [30/Jun/2024:02:24:26 +0200] "GET /ticket2/opencms/system/modules/com.gridnine.opencms.ticketbrokerage.site/resources/pics/bank_3_swedbank.png HTTP/1.1" 200 5740
47.128.50.83 - - [30/Jun/2024:02:24:26 +0200] "GET /ticket2/opencms/system/modules/com.gridnine.opencms.ticketbrokerage.site/resources/pics/bank_2_handelsbanken.png HTTP/1.1" 200 4509
47.128.50.83 - - [30/Jun/2024:02:24:26 +0200] "GET /ticket2/opencms/system/modules/com.gridnine.opencms.ticketbrokerage.site/resources/pics/bank_5_visa_mastercard.png HTTP/1.1" 200 8196
47.128.50.83 - - [30/Jun/2024:02:24:26 +0200] "GET /ticket2/opencms/system/modules/com.gridnine.opencms.ticketbrokerage.site/resources/pics/bank_6_american_express.png HTTP/1.1" 200 5570
37.57.218.243 - - [30/Jun/2024:02:24:27 +0200] "GET /ticket2/opencms/se/sv/buy/?page=10&eventid=2C81267C-475C-B8E8-F3C8-18E35345D958 HTTP/1.1" 404 -
192.99.7.70 - - [30/Jun/2024:02:24:28 +0200] "GET /ticket2/opencms/dk/en/buy/?page=1&edid=1E4491F9-AF0C-74BE-85D7-1954F8C349B8&sortorder=asc&column=price HTTP/1.1" 404 -
192.95.30.177 - - [30/Jun/2024:02:24:29 +0200] "GET /ticket2/opencms/de/nl/buy/?page=6&comcatid=A17713B6-D984-201A-4143-ED4DB5ED5C2E&catid=82F804FA-9F69-CB6B-D41D-7BF7C716058B&eventid=AFE3AB46-F6A8-DDB1-12A4-90AC014FE0AF HTTP/1.1" 404 -
158.220.119.234 - - [30/Jun/2024:02:24:29 +0200] "GET /ticket2/opencms/se/ru/buy/?page=1&edid=050CB67E-35BA-437D-E1E2-B5E18B72F0DE&sortorder=asc&column=row HTTP/1.1" 404 -
192.99.3.137 - - [30/Jun/2024:02:24:31 +0200] "GET /ticket2/opencms/dk/en/buy/?page=1&edid=E0E4CC6D-24E3-040F-1B69-4E1F3E08A0A3&sortorder=asc&column=price HTTP/1.1" 404 -
192.99.7.70 - - [30/Jun/2024:02:24:31 +0200] "GET /ticket2/opencms/dk/en/buy/?page=1&edid=1E4491F9-AF0C-74BE-85D7-1954F8C349B8&sortorder=asc&column=section HTTP/1.1" 404 -
192.99.7.70 - - [30/Jun/2024:02:24:35 +0200] "GET /ticket2/opencms/dk/en/buy/?page=1&edid=1E806DCB-0F0A-8692-4A09-857D14295AF5&sortorder=asc&column=section HTTP/1.1" 404 -
158.220.124.16 - - [30/Jun/2024:02:24:35 +0200] "GET /ticket2/opencms/se/nl/buy/?page=1&edid=9B865313-C891-00A2-99F6-E0769E647484&sortorder=desc&column=price HTTP/1.1" 404 -
3.224.220.101 - - [30/Jun/2024:02:24:36 +0200] "GET /ticket2/opencms/se/robots.txt HTTP/1.1" 404 -
3.224.220.101 - - [30/Jun/2024:02:24:37 +0200] "GET /ticket2/opencms/robots.txt HTTP/1.1" 200 773
192.99.7.70 - - [30/Jun/2024:02:24:38 +0200] "GET /ticket2/opencms/dk/en/buy/?page=1&edid=1EF4E706-5097-0A86-8C15-17846FC7046D&sortorder=asc&column=row HTTP/1.1" 404 -
158.220.119.234 - - [30/Jun/2024:02:24:39 +0200] "GET /ticket2/opencms/se/ru/buy/?page=1&edid=051CC5A6-4F43-B108-1719-5B0E1658C6C2&sortorder=desc&column=row HTTP/1.1" 404 -
37.57.218.243 - - [30/Jun/2024:02:24:41 +0200] "GET /ticket2/opencms/se/sv/sell/?amp;edid=054E78A2-4B46-80DE-D7D7-926BD10A9250 HTTP/1.1" 404 -
3.224.220.101 - - [30/Jun/2024:02:24:41 +0200] "GET /ticket2/opencms/no/buy/?edid=F248D95B-7943-C4CD-F1D3-40C4BA62B663&page=1 HTTP/1.1" 200 88897
192.99.7.70 - - [30/Jun/2024:02:24:42 +0200] "GET /ticket2/opencms/dk/en/buy/?page=1&edid=1F023B56-84BD-26B8-8FE2-E1B3179F3E69&sortorder=asc&column=row HTTP/1.1" 404 -
192.95.30.177 - - [30/Jun/2024:02:24:42 +0200] "GET /ticket2/opencms/de/nl/buy/?page=6&comcatid=A17713B6-D984-201A-4143-ED4DB5ED5C2E&catid=82F804FA-9F69-CB6B-D41D-7BF7C716058B&eventid=D1150681-AEDA-FD90-10B4-D077F7FAD37D HTTP/1.1" 404 -
192.99.7.70 - - [30/Jun/2024:02:24:45 +0200] "GET /ticket2/opencms/dk/en/buy/?page=1&edid=1F12980C-EA68-2189-E47E-1C934F72C98A HTTP/1.1" 404 -
114.119.141.139 - - [30/Jun/2024:02:24:45 +0200] "GET /ticket2/opencms/se/ticket2/system/modules/com.gridnine.opencms.ticketbrokerage.site/resources/pics/content/affiliate_fi.png HTTP/1.1" 404 -
3.224.220.101 - - [30/Jun/2024:02:24:46 +0200] "GET /ticket2/opencms/no HTTP/1.1" 200 92442
52.70.240.171 - - [30/Jun/2024:02:24:48 +0200] "GET /ticket2/opencms/no/affiliateprogram.html HTTP/1.1" 200 72990
158.220.119.234 - - [30/Jun/2024:02:24:48 +0200] "GET /ticket2/opencms/se/ru/buy/?page=1&edid=0547F085-8C1B-46DF-AD9F-504A808516FF HTTP/1.1" 404 -
192.99.7.70 - - [30/Jun/2024:02:24:49 +0200] "GET /ticket2/opencms/dk/en/buy/?page=1&edid=1F12980C-EA68-2189-E47E-1C934F72C98A&sortorder=desc&column=price HTTP/1.1" 404 -
40.77.167.254 - - [30/Jun/2024:02:24:49 +0200] "GET /ticket2/opencms/se/en/buy/?page=6&comcatid=A17713B6-D984-201A-4143-ED4DB5ED5C2E&catid=D8B345C9-F7A5-E620-4B43-C34EB0D6885B HTTP/1.1" 404 -
47.128.16.29 - - [30/Jun/2024:02:24:49 +0200] "GET /ticket2/opencms/dk/sport/fodboldbilletter/bundesliga/wolfsburg/ HTTP/1.1" 200 73069
192.99.3.137 - - [30/Jun/2024:02:24:50 +0200] "GET /ticket2/opencms/dk/en/buy/?page=1&edid=E0E4CC6D-24E3-040F-1B69-4E1F3E08A0A3&sortorder=asc&column=row HTTP/1.1" 404 -
47.128.16.29 - - [30/Jun/2024:02:24:50 +0200] "GET /ticket2/opencms/system/modules/com.gridnine.opencms.ticketbrokerage.site/resources/pics/logo-new.png HTTP/1.1" 200 13541
47.128.16.29 - - [30/Jun/2024:02:24:51 +0200] "GET /ticket2/opencms/system/modules/com.gridnine.opencms.ticketbrokerage.site/resources/pics/banners/sv/VfL_Wolfsburg.jpg HTTP/1.1" 200 35883
47.128.16.29 - - [30/Jun/2024:02:24:51 +0200] "GET /ticket2/opencms/system/modules/com.gridnine.opencms.ticketbrokerage.site/resources/pics/bank_1_nordea.png HTTP/1.1" 200 4807
47.128.16.29 - - [30/Jun/2024:02:24:51 +0200] "GET /ticket2/opencms/system/modules/com.gridnine.opencms.ticketbrokerage.site/resources/pics/bank_2_handelsbanken.png HTTP/1.1" 200 4509
47.128.16.29 - - [30/Jun/2024:02:24:51 +0200] "GET /ticket2/opencms/system/modules/com.gridnine.opencms.ticketbrokerage.site/resources/pics/bank_3_swedbank.png HTTP/1.1" 200 5740
47.128.16.29 - - [30/Jun/2024:02:24:51 +0200] "GET /ticket2/opencms/system/modules/com.gridnine.opencms.ticketbrokerage.site/resources/pics/bank_4_seb.png HTTP/1.1" 200 2487
47.128.16.29 - - [30/Jun/2024:02:24:52 +0200] "GET /ticket2/opencms/system/modules/com.gridnine.opencms.ticketbrokerage.site/resources/pics/bank_5_visa_mastercard.png HTTP/1.1" 200 8196
47.128.16.29 - - [30/Jun/2024:02:24:52 +0200] "GET /ticket2/opencms/system/modules/com.gridnine.opencms.ticketbrokerage.site/resources/pics/bank_6_american_express.png HTTP/1.1" 200 5570
51.222.253.14 - - [30/Jun/2024:02:24:52 +0200] "GET /ticket2/opencms/en/login/?url=/en/sell/ HTTP/1.1" 200 73431
192.99.7.70 - - [30/Jun/2024:02:24:52 +0200] "GET /ticket2/opencms/dk/en/buy/?page=1&edid=1FBD0D42-F92D-1C33-560A-76C0AFEC58E1&sortorder=asc&column=price HTTP/1.1" 404 -
3.224.220.101 - - [30/Jun/2024:02:24:52 +0200] "GET /ticket2/opencms/system/modules/com.gridnine.opencms.ticketbrokerage.site/resources/pics/content/affiliate_no.png HTTP/1.1" 200 17326
192.95.30.177 - - [30/Jun/2024:02:24:55 +0200] "GET /ticket2/opencms/de/nl/buy/?page=6&comcatid=A17713B6-D984-201A-4143-ED4DB5ED5C2E&catid=82F804FA-9F69-CB6B-D41D-7BF7C716058B&eventid=D707AC08-0150-71A1-15CE-72D181DDFCB2 HTTP/1.1" 404 -
192.99.7.70 - - [30/Jun/2024:02:24:56 +0200] "GET /ticket2/opencms/dk/en/buy/?page=1&edid=1FBD0D42-F92D-1C33-560A-76C0AFEC58E1&sortorder=asc&column=row HTTP/1.1" 404 -
52.70.240.171 - - [30/Jun/2024:02:24:56 +0200] "GET /ticket2/opencms/partners/ HTTP/1.1" 200 14828
158.220.124.16 - - [30/Jun/2024:02:24:58 +0200] "GET /ticket2/opencms/se/nl/buy/?page=1&edid=9B865313-C891-00A2-99F6-E0769E647484&sortorder=desc&column=row HTTP/1.1" 404 -
158.220.119.234 - - [30/Jun/2024:02:24:58 +0200] "GET /ticket2/opencms/se/ru/buy/?page=1&edid=06E063D7-AE27-0DA0-0E8E-0E82EFDCE11C HTTP/1.1" 404 -
192.99.7.70 - - [30/Jun/2024:02:24:59 +0200] "GET /ticket2/opencms/dk/en/buy/?page=1&edid=1FD934D8-9A8F-2315-FD16-0884AFD61884&sortorder=asc&column=section HTTP/1.1" 404 -
37.57.218.243 - - [30/Jun/2024:02:25:00 +0200] "GET /ticket2/opencms/se/sv/sell/?amp;edid=091EE192-E54E-C1E0-BAB3-D672F44D80BD HTTP/1.1" 404 -
3.224.220.101 - - [30/Jun/2024:02:25:00 +0200] "GET /ticket2/opencms/system/modules/com.gridnine.opencms.ticketbrokerage.site/resources/pics/anniversary_logo.png HTTP/1.1" 200 14743
192.99.7.70 - - [30/Jun/2024:02:25:03 +0200] "GET /ticket2/opencms/dk/en/buy/?page=1&edid=1FEF4FEF-CF0C-92BC-775F-94603805D578&sortorder=desc&column=price HTTP/1.1" 404 -
52.70.240.171 - - [30/Jun/2024:02:25:04 +0200] "GET /ticket2/opencms/en/affiliateprogram.html HTTP/1.1" 200 71589
192.99.3.137 - - [30/Jun/2024:02:25:04 +0200] "GET /ticket2/opencms/dk/en/buy/?page=1&edid=E0E4CC6D-24E3-040F-1B69-4E1F3E08A0A3&sortorder=asc&column=section HTTP/1.1" 404 -
192.95.30.177 - - [30/Jun/2024:02:25:05 +0200] "GET /ticket2/opencms/de/nl/buy/?page=6&comcatid=A17713B6-D984-201A-4143-ED4DB5ED5C2E&catid=88C381AD-5D76-A34D-AC15-A7129F8EF5BE&eventid=5DA5DC18-0429-6963-A61D-B44FBFE19212 HTTP/1.1" 404 -
52.167.144.18 - - [30/Jun/2024:02:25:05 +0200] "GET /ticket2/opencms/sv/buy/?page=1&edid=3B59287C-FC8E-8AC6-A203-D44566BFF3DE HTTP/1.1" 200 87946
192.99.7.70 - - [30/Jun/2024:02:25:06 +0200] "GET /ticket2/opencms/dk/en/buy/?page=1&edid=2010B02A-619C-28FB-4748-B67FEC7AD95F&sortorder=desc&column=section HTTP/1.1" 404 -
52.70.240.171 - - [30/Jun/2024:02:25:07 +0200] "GET /ticket2/opencms/system/modules/com.gridnine.opencms.ticketbrokerage.site/resources/pics/content/affiliate_en.png HTTP/1.1" 200 17504
66.249.66.75 - - [30/Jun/2024:02:25:08 +0200] "GET /ticket2/opencms/fi HTTP/1.1" 200 92805
66.249.76.170 - - [30/Jun/2024:02:25:08 +0200] "GET /ticket2/opencms/sv/sport/fotbollsbiljetter/premier_league/manchester_united/restips_old_trafford/ HTTP/1.1" 200 77940
158.220.119.234 - - [30/Jun/2024:02:25:09 +0200] "GET /ticket2/opencms/se/ru/buy/?page=1&edid=086493B2-4FAE-720B-9DC9-31BDBD7FEDFB&sortorder=desc&column=row HTTP/1.1" 404 -
192.99.7.70 - - [30/Jun/2024:02:25:10 +0200] "GET /ticket2/opencms/dk/en/buy/?page=1&edid=20D271D1-397A-F3BD-4FB4-19AF419865FC&sortorder=asc&column=price HTTP/1.1" 404 -
47.128.35.38 - - [30/Jun/2024:02:25:13 +0200] "GET /ticket2/opencms/fi/venue/?countryid=F73B31CF-DEFB-FC53-7E40-B21973CC0497 HTTP/1.1" 200 102292
192.99.7.70 - - [30/Jun/2024:02:25:13 +0200] "GET /ticket2/opencms/dk/en/buy/?page=1&edid=213E02E6-E9D7-F532-F27B-F580A315069B&sortorder=asc&column=price HTTP/1.1" 404 -
47.128.35.38 - - [30/Jun/2024:02:25:13 +0200] "GET /ticket2/opencms/system/modules/com.gridnine.opencms.ticketbrokerage.site/resources/pics/logo-new.png HTTP/1.1" 200 13541
47.128.35.38 - - [30/Jun/2024:02:25:14 +0200] "GET /ticket2/opencms/system/modules/com.gridnine.opencms.ticketbrokerage.site/resources/pics/bank_1_nordea.png HTTP/1.1" 200 4807
192.95.30.177 - - [30/Jun/2024:02:25:14 +0200] "GET /ticket2/opencms/de/nl/buy/?page=6&comcatid=A17713B6-D984-201A-4143-ED4DB5ED5C2E&catid=8AA488FA-6797-D710-8108-3088D6948FC1 HTTP/1.1" 404 -
3.224.220.101 - - [30/Jun/2024:02:25:14 +0200] "GET /ticket2/opencms/en HTTP/1.1" 200 91208
47.128.35.38 - - [30/Jun/2024:02:25:14 +0200] "GET /ticket2/opencms/system/modules/com.gridnine.opencms.ticketbrokerage.site/resources/pics/bank_5_visa_mastercard.png HTTP/1.1" 200 8196
47.128.35.38 - - [30/Jun/2024:02:25:15 +0200] "GET /ticket2/opencms/system/modules/com.gridnine.opencms.ticketbrokerage.site/resources/pics/bank_4_seb.png HTTP/1.1" 200 2487
47.128.35.38 - - [30/Jun/2024:02:25:15 +0200] "GET /ticket2/opencms/system/modules/com.gridnine.opencms.ticketbrokerage.site/resources/pics/bank_2_handelsbanken.png HTTP/1.1" 200 4509
47.128.35.38 - - [30/Jun/2024:02:25:15 +0200] "GET /ticket2/opencms/system/modules/com.gridnine.opencms.ticketbrokerage.site/resources/pics/bank_3_swedbank.png HTTP/1.1" 200 5740
47.128.35.38 - - [30/Jun/2024:02:25:15 +0200] "GET /ticket2/opencms/system/modules/com.gridnine.opencms.ticketbrokerage.site/resources/pics/bank_6_american_express.png HTTP/1.1" 200 5570
3.224.220.101 - - [30/Jun/2024:02:25:16 +0200] "GET /ticket2/opencms/en/buying_tickets HTTP/1.1" 200 73161
114.119.128.23 - - [30/Jun/2024:02:25:16 +0200] "GET /ticket2/opencms/en/sell/?edid=3CCBCD1A-AF19-2EC7-51AF-1D6AF3F1217A HTTP/1.1" 302 -
192.99.7.70 - - [30/Jun/2024:02:25:17 +0200] "GET /ticket2/opencms/dk/en/buy/?page=1&edid=213E02E6-E9D7-F532-F27B-F580A315069B&sortorder=asc&column=row HTTP/1.1" 404 -
192.99.3.137 - - [30/Jun/2024:02:25:17 +0200] "GET /ticket2/opencms/dk/en/buy/?page=1&edid=EBF65105-8705-5548-45E5-1C731A311B76&sortorder=asc&column=price HTTP/1.1" 404 -
158.220.124.16 - - [30/Jun/2024:02:25:17 +0200] "GET /ticket2/opencms/se/nl/buy/?page=1&edid=9B865313-C891-00A2-99F6-E0769E647484&sortorder=desc&column=section HTTP/1.1" 404 -
37.57.218.243 - - [30/Jun/2024:02:25:18 +0200] "GET /ticket2/opencms/se/sv/sell/?amp;edid=0E079C84-3FFA-AFF6-B4F2-3E7F6552D376 HTTP/1.1" 404 -
158.220.119.234 - - [30/Jun/2024:02:25:19 +0200] "GET /ticket2/opencms/se/ru/buy/?page=1&edid=099FDC21-9563-60C3-D538-CF137C642027&sortorder=desc&column=row HTTP/1.1" 404 -
114.119.128.23 - - [30/Jun/2024:02:25:20 +0200] "GET /ticket2/opencms/en/login/?url=/en/sell/ HTTP/1.1" 200 73431
52.70.240.171 - - [30/Jun/2024:02:25:20 +0200] "GET /ticket2/opencms/system/modules/com.gridnine.opencms.ticketbrokerage.site/resources/pics/content/buy_tickets_en.png HTTP/1.1" 200 16085
192.99.7.70 - - [30/Jun/2024:02:25:20 +0200] "GET /ticket2/opencms/dk/en/buy/?page=1&edid=21864DD1-06B6-914E-55C3-EE8A66B7F27C&sortorder=asc&column=price HTTP/1.1" 404 -
192.99.7.70 - - [30/Jun/2024:02:25:24 +0200] "GET /ticket2/opencms/dk/en/buy/?page=1&edid=22B145C5-BEDA-4A6D-0FAA-1632BB3EC997&sortorder=asc&column=price HTTP/1.1" 404 -
3.224.220.101 - - [30/Jun/2024:02:25:24 +0200] "GET /ticket2/opencms/no/buying_tickets HTTP/1.1" 200 74025
192.95.30.177 - - [30/Jun/2024:02:25:25 +0200] "GET /ticket2/opencms/de/nl/buy/?page=6&comcatid=A17713B6-D984-201A-4143-ED4DB5ED5C2E&catid=97608B80-50C4-18AE-7A82-0413C62E9243 HTTP/1.1" 404 -
192.99.7.70 - - [30/Jun/2024:02:25:27 +0200] "GET /ticket2/opencms/dk/en/buy/?page=1&edid=22C30B52-7C01-7FB2-5A8B-C131C4581B2E&sortorder=asc&column=price HTTP/1.1" 404 -
23.22.35.162 - - [30/Jun/2024:02:25:28 +0200] "GET /ticket2/opencms/system/modules/com.gridnine.opencms.ticketbrokerage.site/resources/pics/content/buy_tickets_no.png HTTP/1.1" 200 16655
158.220.119.234 - - [30/Jun/2024:02:25:28 +0200] "GET /ticket2/opencms/se/ru/buy/?page=1&edid=099FDC21-9563-60C3-D538-CF137C642027&sortorder=desc&column=section HTTP/1.1" 404 -
192.99.7.70 - - [30/Jun/2024:02:25:31 +0200] "GET /ticket2/opencms/dk/en/buy/?page=1&edid=238FA49B-72B2-BE0E-F204-90EDB39CCE4C&sortorder=asc&column=price HTTP/1.1" 404 -
23.22.35.162 - - [30/Jun/2024:02:25:32 +0200] "GET /ticket2/opencms/admin/index.html HTTP/1.1" 401 -
37.57.218.243 - - [30/Jun/2024:02:25:33 +0200] "GET /ticket2/opencms/se/sv/sell/?amp;edid=0E54FBE2-8C1E-CF20-DC98-DB9D13F319BE HTTP/1.1" 404 -
192.99.3.137 - - [30/Jun/2024:02:25:34 +0200] "GET /ticket2/opencms/dk/en/buy/?page=1&edid=EBF65105-8705-5548-45E5-1C731A311B76&sortorder=asc&column=row HTTP/1.1" 404 -
192.95.30.177 - - [30/Jun/2024:02:25:34 +0200] "GET /ticket2/opencms/de/nl/buy/?page=6&comcatid=A17713B6-D984-201A-4143-ED4DB5ED5C2E&catid=A3372871-3019-08B8-80CE-74B78F441ACA HTTP/1.1" 404 -
192.99.7.70 - - [30/Jun/2024:02:25:34 +0200] "GET /ticket2/opencms/dk/en/buy/?page=1&edid=238FA49B-72B2-BE0E-F204-90EDB39CCE4C&sortorder=asc&column=row HTTP/1.1" 404 -
23.22.35.162 - - [30/Jun/2024:02:25:36 +0200] "GET /ticket2/opencms/en/buy_safety HTTP/1.1" 200 71954
158.220.119.234 - - [30/Jun/2024:02:25:36 +0200] "GET /ticket2/opencms/se/ru/buy/?page=1&edid=09B756CA-6975-6B23-36EC-46D44034B07E&sortorder=asc&column=price HTTP/1.1" 404 -
185.157.223.150 - - [30/Jun/2024:02:25:37 +0200] "GET /ticket2/tickets_export/outgoing/export.txt HTTP/1.1" 200 24553702
192.99.7.70 - - [30/Jun/2024:02:25:37 +0200] "GET /ticket2/opencms/dk/en/buy/?page=1&edid=23B8F2BB-E1B5-3E6E-15C8-38C0795BC2EC&sortorder=asc&column=row HTTP/1.1" 404 -
47.128.50.176 - - [30/Jun/2024:02:25:39 +0200] "GET /ticket2/opencms/fi/urheilu/jalkapallo/serie_a/bologna/ HTTP/1.1" 200 74037
47.128.50.176 - - [30/Jun/2024:02:25:39 +0200] "GET /ticket2/opencms/system/modules/com.gridnine.opencms.ticketbrokerage.site/resources/pics/logo-new.png HTTP/1.1" 200 13541
52.70.240.171 - - [30/Jun/2024:02:25:40 +0200] "GET /ticket2/opencms/system/modules/com.gridnine.opencms.ticketbrokerage.site/resources/pics/content/buy_safety_en.png HTTP/1.1" 200 16059
47.128.50.176 - - [30/Jun/2024:02:25:40 +0200] "GET /ticket2/opencms/system/modules/com.gridnine.opencms.ticketbrokerage.site/resources/pics/banners/team/serie_a/bologna.png HTTP/1.1" 200 72967
47.128.50.176 - - [30/Jun/2024:02:25:41 +0200] "GET /ticket2/opencms/system/modules/com.gridnine.opencms.ticketbrokerage.site/resources/pics/bank_1_nordea.png HTTP/1.1" 200 4807
47.128.50.176 - - [30/Jun/2024:02:25:41 +0200] "GET /ticket2/opencms/system/modules/com.gridnine.opencms.ticketbrokerage.site/resources/pics/bank_2_handelsbanken.png HTTP/1.1" 200 4509
47.128.50.176 - - [30/Jun/2024:02:25:41 +0200] "GET /ticket2/opencms/system/modules/com.gridnine.opencms.ticketbrokerage.site/resources/pics/bank_3_swedbank.png HTTP/1.1" 200 5740
47.128.50.176 - - [30/Jun/2024:02:25:41 +0200] "GET /ticket2/opencms/system/modules/com.gridnine.opencms.ticketbrokerage.site/resources/pics/bank_6_american_express.png HTTP/1.1" 200 5570
