47.128.34.105 - - [30/Jun/2024:02:54:42 +0200] "GET /ticket2/opencms/system/modules/com.gridnine.opencms.ticketbrokerage.site/resources/pics/bank_3_swedbank.png HTTP/1.1" 200 5740
3.224.220.101 - - [30/Jun/2024:02:54:44 +0200] "GET /ticket2/opencms/en/venue/?venueid=EF3DDBD0-8AD7-39F7-94D9-5BDDBB2A78DA HTTP/1.1" 200 71330
158.220.124.16 - - [30/Jun/2024:02:54:45 +0200] "GET /ticket2/opencms/se/nl/buy/?page=1&edid=E15668F5-4E3A-1346-EBDC-91E9E224E763 HTTP/1.1" 404 -
23.22.35.162 - - [30/Jun/2024:02:54:48 +0200] "GET /ticket2/opencms/en/venue/?venueid=A003754C-3E1C-9E13-64E9-6F827A08D00B HTTP/1.1" 200 71323
3.224.220.101 - - [30/Jun/2024:02:54:52 +0200] "GET /ticket2/opencms/en/venue/?venueid=0DAE72BE-DDB2-1AEE-67A0-D0641E7711CD HTTP/1.1" 200 71360
158.220.124.16 - - [30/Jun/2024:02:54:55 +0200] "GET /ticket2/opencms/se/nl/buy/?page=1&edid=E1DCB673-61B1-1871-C111-11C372A6E675&sortorder=desc&column=row HTTP/1.1" 404 -
23.22.35.162 - - [30/Jun/2024:02:54:57 +0200] "GET /ticket2/opencms/en/venue/?venueid=84D7889A-E11A-AB47-B40A-66082298581A HTTP/1.1" 200 71327
47.128.35.28 - - [30/Jun/2024:02:54:57 +0200] "GET /ticket2/opencms/fi/urheilu/jalkapallo/premier_league/nottingham/ HTTP/1.1" 200 85570
47.128.35.28 - - [30/Jun/2024:02:54:57 +0200] "GET /ticket2/opencms/system/modules/com.gridnine.opencms.ticketbrokerage.site/resources/pics/logo-new.png HTTP/1.1" 200 13541
47.128.35.28 - - [30/Jun/2024:02:54:58 +0200] "GET /ticket2/opencms/system/modules/com.gridnine.opencms.ticketbrokerage.site/resources/pics/banners/sv/premier_league_sv.png HTTP/1.1" 200 13518
47.128.35.28 - - [30/Jun/2024:02:54:58 +0200] "GET /ticket2/opencms/system/modules/com.gridnine.opencms.ticketbrokerage.site/resources/pics/bank_6_american_express.png HTTP/1.1" 200 5570
47.128.35.28 - - [30/Jun/2024:02:54:58 +0200] "GET /ticket2/opencms/system/modules/com.gridnine.opencms.ticketbrokerage.site/resources/pics/bank_3_swedbank.png HTTP/1.1" 200 5740
47.128.35.28 - - [30/Jun/2024:02:54:58 +0200] "GET /ticket2/opencms/system/modules/com.gridnine.opencms.ticketbrokerage.site/resources/pics/bank_2_handelsbanken.png HTTP/1.1" 200 4509
47.128.35.28 - - [30/Jun/2024:02:54:58 +0200] "GET /ticket2/opencms/system/modules/com.gridnine.opencms.ticketbrokerage.site/resources/pics/bank_4_seb.png HTTP/1.1" 200 2487
47.128.35.28 - - [30/Jun/2024:02:54:58 +0200] "GET /ticket2/opencms/system/modules/com.gridnine.opencms.ticketbrokerage.site/resources/pics/bank_1_nordea.png HTTP/1.1" 200 4807
47.128.35.28 - - [30/Jun/2024:02:54:58 +0200] "GET /ticket2/opencms/system/modules/com.gridnine.opencms.ticketbrokerage.site/resources/pics/bank_5_visa_mastercard.png HTTP/1.1" 200 8196
52.70.240.171 - - [30/Jun/2024:02:55:00 +0200] "GET /ticket2/opencms/en/venue/?venueid=F046937B-FFC0-00AC-D134-B33C39D677F6 HTTP/1.1" 200 71366
52.230.152.136 - - [30/Jun/2024:02:55:01 +0200] "GET /ticket2/opencms/robots.txt HTTP/1.1" 200 773
52.230.152.136 - - [30/Jun/2024:02:55:01 +0200] "GET /ticket2/opencms/robots.txt HTTP/1.1" 200 773
158.220.124.16 - - [30/Jun/2024:02:55:04 +0200] "GET /ticket2/opencms/se/nl/buy/?page=1&edid=E1FC6F96-DADD-1E67-9966-A5FADC6CF01F&sortorder=desc&column=price HTTP/1.1" 404 -
3.224.220.101 - - [30/Jun/2024:02:55:04 +0200] "GET /ticket2/opencms/en/venue/?venueid=3E052964-D5DB-7727-FFA4-1BA16C172E21 HTTP/1.1" 200 71321
47.128.34.129 - - [30/Jun/2024:02:55:05 +0200] "GET /ticket2/opencms/fi/urheilu/jalkapallo/serie_a/roma/ HTTP/1.1" 200 74332
47.128.34.129 - - [30/Jun/2024:02:55:05 +0200] "GET /ticket2/opencms/system/modules/com.gridnine.opencms.ticketbrokerage.site/resources/pics/logo-new.png HTTP/1.1" 200 13541
47.128.34.129 - - [30/Jun/2024:02:55:06 +0200] "GET /ticket2/opencms/system/modules/com.gridnine.opencms.ticketbrokerage.site/resources/pics/banners/team/serie_a/roma.png HTTP/1.1" 200 66310
47.128.34.129 - - [30/Jun/2024:02:55:06 +0200] "GET /ticket2/opencms/system/modules/com.gridnine.opencms.ticketbrokerage.site/resources/pics/bank_1_nordea.png HTTP/1.1" 200 4807
47.128.34.129 - - [30/Jun/2024:02:55:06 +0200] "GET /ticket2/opencms/system/modules/com.gridnine.opencms.ticketbrokerage.site/resources/pics/bank_2_handelsbanken.png HTTP/1.1" 200 4509
47.128.34.129 - - [30/Jun/2024:02:55:06 +0200] "GET /ticket2/opencms/system/modules/com.gridnine.opencms.ticketbrokerage.site/resources/pics/bank_3_swedbank.png HTTP/1.1" 200 5740
47.128.34.129 - - [30/Jun/2024:02:55:06 +0200] "GET /ticket2/opencms/system/modules/com.gridnine.opencms.ticketbrokerage.site/resources/pics/bank_6_american_express.png HTTP/1.1" 200 5570
47.128.34.129 - - [30/Jun/2024:02:55:06 +0200] "GET /ticket2/opencms/system/modules/com.gridnine.opencms.ticketbrokerage.site/resources/pics/bank_4_seb.png HTTP/1.1" 200 2487
47.128.34.129 - - [30/Jun/2024:02:55:06 +0200] "GET /ticket2/opencms/system/modules/com.gridnine.opencms.ticketbrokerage.site/resources/pics/bank_5_visa_mastercard.png HTTP/1.1" 200 8196
52.70.240.171 - - [30/Jun/2024:02:55:08 +0200] "GET /ticket2/opencms/en/venue/?venueid=17D6F983-3B1F-54BA-CC32-B050F0933AC3 HTTP/1.1" 200 71327
52.230.152.211 - - [30/Jun/2024:02:55:11 +0200] "GET /ticket2/opencms/robots.txt HTTP/1.1" 200 773
158.220.124.16 - - [30/Jun/2024:02:55:11 +0200] "GET /ticket2/opencms/se/nl/buy/?page=1&edid=E1FC6F96-DADD-1E67-9966-A5FADC6CF01F&sortorder=desc&column=section HTTP/1.1" 404 -
52.70.240.171 - - [30/Jun/2024:02:55:12 +0200] "GET /ticket2/opencms/en/venue/?venueid=5DEA585A-08E2-B30D-154E-200E44426012 HTTP/1.1" 200 71363
52.70.240.171 - - [30/Jun/2024:02:55:17 +0200] "GET /ticket2/opencms/en/venue/?venueid=B38AC25C-ED80-9C1B-B9E0-273CE56340CA HTTP/1.1" 200 71434
3.224.220.101 - - [30/Jun/2024:02:55:20 +0200] "GET /ticket2/opencms/en/venue/?venueid=5CD064CB-C924-A9AA-0D43-3118B7F7A349 HTTP/1.1" 200 71380
66.249.66.89 - - [30/Jun/2024:02:55:21 +0200] "GET /ticket2/opencms/dk/faq/ HTTP/1.1" 200 76326
158.220.124.16 - - [30/Jun/2024:02:55:21 +0200] "GET /ticket2/opencms/se/nl/buy/?page=1&edid=E2111368-0A40-2CCB-2BED-6EDF87CADCB9&sortorder=desc&column=price HTTP/1.1" 404 -
3.224.220.101 - - [30/Jun/2024:02:55:24 +0200] "GET /ticket2/opencms/en/venue/?venueid=206ACBCE-F23A-1697-D12B-15E9F015565F HTTP/1.1" 200 71378
51.222.253.9 - - [30/Jun/2024:02:55:25 +0200] "GET /ticket2/opencms/nl/sport/voetbal-tickets/la_liga/getafe/ HTTP/1.1" 200 72708
158.220.124.16 - - [30/Jun/2024:02:55:28 +0200] "GET /ticket2/opencms/se/nl/buy/?page=1&edid=E2111368-0A40-2CCB-2BED-6EDF87CADCB9&sortorder=desc&column=row HTTP/1.1" 404 -
23.22.35.162 - - [30/Jun/2024:02:55:28 +0200] "GET /ticket2/opencms/en/venue/?venueid=5617B36E-C6BD-D620-FA1A-AD9A087FEA8E HTTP/1.1" 200 71446
47.128.34.162 - - [30/Jun/2024:02:55:29 +0200] "GET /ticket2/opencms/fi/venue/?countryid=A9198A40-C385-3F3F-F1E3-C36DF8CBA8BE HTTP/1.1" 200 102292
47.128.34.162 - - [30/Jun/2024:02:55:30 +0200] "GET /ticket2/opencms/system/modules/com.gridnine.opencms.ticketbrokerage.site/resources/pics/logo-new.png HTTP/1.1" 200 13541
47.128.34.162 - - [30/Jun/2024:02:55:30 +0200] "GET /ticket2/opencms/system/modules/com.gridnine.opencms.ticketbrokerage.site/resources/pics/bank_1_nordea.png HTTP/1.1" 200 4807
47.128.34.162 - - [30/Jun/2024:02:55:30 +0200] "GET /ticket2/opencms/system/modules/com.gridnine.opencms.ticketbrokerage.site/resources/pics/bank_4_seb.png HTTP/1.1" 200 2487
47.128.34.162 - - [30/Jun/2024:02:55:31 +0200] "GET /ticket2/opencms/system/modules/com.gridnine.opencms.ticketbrokerage.site/resources/pics/bank_3_swedbank.png HTTP/1.1" 200 5740
47.128.34.162 - - [30/Jun/2024:02:55:31 +0200] "GET /ticket2/opencms/system/modules/com.gridnine.opencms.ticketbrokerage.site/resources/pics/bank_5_visa_mastercard.png HTTP/1.1" 200 8196
47.128.34.162 - - [30/Jun/2024:02:55:31 +0200] "GET /ticket2/opencms/system/modules/com.gridnine.opencms.ticketbrokerage.site/resources/pics/bank_2_handelsbanken.png HTTP/1.1" 200 4509
47.128.34.162 - - [30/Jun/2024:02:55:31 +0200] "GET /ticket2/opencms/system/modules/com.gridnine.opencms.ticketbrokerage.site/resources/pics/bank_6_american_express.png HTTP/1.1" 200 5570
52.70.240.171 - - [30/Jun/2024:02:55:32 +0200] "GET /ticket2/opencms/system/galleries/pics/vallycharlton.png HTTP/1.1" 200 454184
3.224.220.101 - - [30/Jun/2024:02:55:37 +0200] "GET /ticket2/opencms/en/venue/?venueid=1F8D49CC-7498-4343-28B8-20782AAFFD1F HTTP/1.1" 200 71392
158.220.124.16 - - [30/Jun/2024:02:55:37 +0200] "GET /ticket2/opencms/se/nl/buy/?page=1&edid=E2111368-0A40-2CCB-2BED-6EDF87CADCB9&sortorder=desc&column=section HTTP/1.1" 404 -
23.22.35.162 - - [30/Jun/2024:02:55:41 +0200] "GET /ticket2/opencms/en/venue/?venueid=5BFF5C52-97D6-EA32-5A1D-6326FDEEAF02 HTTP/1.1" 200 71398
158.220.124.16 - - [30/Jun/2024:02:55:42 +0200] "GET /ticket2/opencms/se/nl/buy/?page=1&edid=E260A5D7-000F-CE9A-EE2B-5F1F316CE743&sortorder=asc&column=price HTTP/1.1" 404 -
185.157.223.150 - - [30/Jun/2024:02:55:44 +0200] "GET /ticket2/tickets_export/outgoing/export.txt HTTP/1.1" 200 24553702
3.224.220.101 - - [30/Jun/2024:02:55:44 +0200] "GET /ticket2/opencms/en/venue/?venueid=95424B46-EE34-8F04-CEF2-7CD33319ABE8 HTTP/1.1" 200 71360
158.220.124.16 - - [30/Jun/2024:02:55:48 +0200] "GET /ticket2/opencms/se/nl/buy/?page=1&edid=E3118800-A96C-AB59-99C3-1CFA30B79001&sortorder=desc&column=row HTTP/1.1" 404 -
23.22.35.162 - - [30/Jun/2024:02:55:51 +0200] "GET /ticket2/opencms/en/venue/?venueid=4940DD91-F1E0-5184-44D4-933CD337492E HTTP/1.1" 200 71438
23.22.35.162 - - [30/Jun/2024:02:55:52 +0200] "GET /ticket2/opencms/en/venue/?venueid=50859568-726C-2D0D-904C-FF60FB4804EC HTTP/1.1" 200 71429
47.128.26.9 - - [30/Jun/2024:02:55:53 +0200] "GET /ticket2/opencms/fi/?comcatid=0A6B8208-FDA4-E929-9D72-5312FD481B76 HTTP/1.1" 200 92805
216.245.221.83 - - [30/Jun/2024:02:55:53 +0200] "HEAD /ticket2/opencms/ HTTP/1.1" 302 -
47.128.26.9 - - [30/Jun/2024:02:55:53 +0200] "GET /ticket2/opencms/system/modules/com.gridnine.opencms.ticketbrokerage.site/resources/pics/logo-new.png HTTP/1.1" 200 13541
47.128.25.180 - - [30/Jun/2024:02:55:54 +0200] "GET /ticket2/opencms/sv/buy/?catid=0A6C99D2-F5BD-7A18-9A5F-5668827042E0&comcatid=A17713B6-D984-201A-4143-ED4DB5ED5C2E HTTP/1.1" 200 241520
47.128.26.9 - - [30/Jun/2024:02:55:54 +0200] "GET /ticket2/opencms/system/modules/com.gridnine.opencms.ticketbrokerage.site/resources/pics/bank_1_nordea.png HTTP/1.1" 200 4807
47.128.26.9 - - [30/Jun/2024:02:55:54 +0200] "GET /ticket2/opencms/system/modules/com.gridnine.opencms.ticketbrokerage.site/resources/pics/bank_4_seb.png HTTP/1.1" 200 2487
47.128.25.180 - - [30/Jun/2024:02:55:54 +0200] "GET /ticket2/opencms/system/modules/com.gridnine.opencms.ticketbrokerage.site/resources/pics/logo-new.png HTTP/1.1" 200 13541
47.128.26.9 - - [30/Jun/2024:02:55:54 +0200] "GET /ticket2/opencms/system/modules/com.gridnine.opencms.ticketbrokerage.site/resources/pics/bank_2_handelsbanken.png HTTP/1.1" 200 4509
47.128.26.9 - - [30/Jun/2024:02:55:55 +0200] "GET /ticket2/opencms/system/modules/com.gridnine.opencms.ticketbrokerage.site/resources/pics/bank_3_swedbank.png HTTP/1.1" 200 5740
47.128.26.9 - - [30/Jun/2024:02:55:55 +0200] "GET /ticket2/opencms/system/modules/com.gridnine.opencms.ticketbrokerage.site/resources/pics/bank_5_visa_mastercard.png HTTP/1.1" 200 8196
47.128.26.9 - - [30/Jun/2024:02:55:55 +0200] "GET /ticket2/opencms/system/modules/com.gridnine.opencms.ticketbrokerage.site/resources/pics/bank_6_american_express.png HTTP/1.1" 200 5570
47.128.25.180 - - [30/Jun/2024:02:55:55 +0200] "GET /ticket2/opencms/system/modules/com.gridnine.opencms.ticketbrokerage.site/resources/pics/bank_5_visa_mastercard.png HTTP/1.1" 200 8196
47.128.25.180 - - [30/Jun/2024:02:55:55 +0200] "GET /ticket2/opencms/system/modules/com.gridnine.opencms.ticketbrokerage.site/resources/pics/bank_1_nordea.png HTTP/1.1" 200 4807
47.128.25.180 - - [30/Jun/2024:02:55:55 +0200] "GET /ticket2/opencms/system/modules/com.gridnine.opencms.ticketbrokerage.site/resources/pics/bank_4_seb.png HTTP/1.1" 200 2487
47.128.25.180 - - [30/Jun/2024:02:55:56 +0200] "GET /ticket2/opencms/system/modules/com.gridnine.opencms.ticketbrokerage.site/resources/pics/bank_6_american_express.png HTTP/1.1" 200 5570
47.128.25.180 - - [30/Jun/2024:02:55:56 +0200] "GET /ticket2/opencms/system/modules/com.gridnine.opencms.ticketbrokerage.site/resources/pics/bank_2_handelsbanken.png HTTP/1.1" 200 4509
47.128.25.180 - - [30/Jun/2024:02:55:56 +0200] "GET /ticket2/opencms/system/modules/com.gridnine.opencms.ticketbrokerage.site/resources/pics/bank_3_swedbank.png HTTP/1.1" 200 5740
216.245.221.83 - - [30/Jun/2024:02:55:56 +0200] "HEAD /ticket2/opencms/en/ HTTP/1.1" 200 -
23.22.35.162 - - [30/Jun/2024:02:55:56 +0200] "GET /ticket2/opencms/venue/den.png HTTP/1.1" 200 209166
158.220.124.16 - - [30/Jun/2024:02:55:58 +0200] "GET /ticket2/opencms/se/nl/buy/?page=1&edid=E3118800-A96C-AB59-99C3-1CFA30B79001&sortorder=desc&column=section HTTP/1.1" 404 -
52.70.240.171 - - [30/Jun/2024:02:56:00 +0200] "GET /ticket2/opencms/en/venue/?venueid=219A19CA-D032-AF7E-C5AA-5DAE1D07CFCF HTTP/1.1" 200 71366
3.224.220.101 - - [30/Jun/2024:02:56:05 +0200] "GET /ticket2/opencms/en/venue/?venueid=8016D2EB-5A30-A503-2E51-C1845CAF0467 HTTP/1.1" 200 71416
158.220.124.16 - - [30/Jun/2024:02:56:06 +0200] "GET /ticket2/opencms/se/nl/buy/?page=1&edid=E32F1BE4-70C4-798C-8AC0-002C9EC3013C&sortorder=desc&column=section HTTP/1.1" 404 -
3.224.220.101 - - [30/Jun/2024:02:56:08 +0200] "GET /ticket2/opencms/en/venue/?venueid=555C346E-314C-BAB1-EEE9-34C0C53F233E HTTP/1.1" 200 71368
52.70.240.171 - - [30/Jun/2024:02:56:13 +0200] "GET /ticket2/opencms/en/venue/?venueid=92752EF9-40B1-8A14-C655-150B49BABB41 HTTP/1.1" 200 71371
52.70.240.171 - - [30/Jun/2024:02:56:16 +0200] "GET /ticket2/opencms/en/venue/?venueid=44FEF35E-84F0-1C09-675A-B5A8DF72F159 HTTP/1.1" 200 71401
47.128.19.55 - - [30/Jun/2024:02:56:18 +0200] "GET /ticket2/opencms/nl/buy/?catid=82F804FA-9F69-CB6B-D41D-7BF7C716058B&comcatid=A17713B6-D984-201A-4143-ED4DB5ED5C2E&eventid=27C48719-FB8D-3D59-B591-23B80D444E25&page=6 HTTP/1.1" 200 81827
47.128.19.55 - - [30/Jun/2024:02:56:19 +0200] "GET /ticket2/opencms/system/modules/com.gridnine.opencms.ticketbrokerage.site/resources/css/jquery-ui.css HTTP/1.1" 200 33221
158.220.124.16 - - [30/Jun/2024:02:56:19 +0200] "GET /ticket2/opencms/se/nl/buy/?page=1&edid=E3B11CF1-FF18-4988-8A73-D260C31213AE HTTP/1.1" 404 -
47.128.19.55 - - [30/Jun/2024:02:56:19 +0200] "GET /ticket2/opencms/system/modules/com.gridnine.opencms.ticketbrokerage.site/resources/pics/logo-new.png HTTP/1.1" 200 13541
47.128.19.55 - - [30/Jun/2024:02:56:20 +0200] "GET /ticket2/opencms/system/modules/com.gridnine.opencms.ticketbrokerage.site/resources/pics/bank_1_nordea.png HTTP/1.1" 200 4807
47.128.19.55 - - [30/Jun/2024:02:56:20 +0200] "GET /ticket2/opencms/system/modules/com.gridnine.opencms.ticketbrokerage.site/resources/pics/bank_3_swedbank.png HTTP/1.1" 200 5740
47.128.19.55 - - [30/Jun/2024:02:56:20 +0200] "GET /ticket2/opencms/system/modules/com.gridnine.opencms.ticketbrokerage.site/resources/pics/bank_2_handelsbanken.png HTTP/1.1" 200 4509
47.128.19.55 - - [30/Jun/2024:02:56:20 +0200] "GET /ticket2/opencms/system/modules/com.gridnine.opencms.ticketbrokerage.site/resources/pics/bank_4_seb.png HTTP/1.1" 200 2487
52.70.240.171 - - [30/Jun/2024:02:56:20 +0200] "GET /ticket2/opencms/en/venue/?venueid=F8EFDBCE-B1FF-C34F-BAE0-79E90F8EC2C1 HTTP/1.1" 200 71386
52.230.152.75 - - [30/Jun/2024:02:56:20 +0200] "GET /ticket2/opencms/robots.txt HTTP/1.1" 200 773
47.128.19.55 - - [30/Jun/2024:02:56:20 +0200] "GET /ticket2/opencms/system/modules/com.gridnine.opencms.ticketbrokerage.site/resources/pics/bank_5_visa_mastercard.png HTTP/1.1" 200 8196
47.128.19.55 - - [30/Jun/2024:02:56:20 +0200] "GET /ticket2/opencms/system/modules/com.gridnine.opencms.ticketbrokerage.site/resources/pics/bank_6_american_express.png HTTP/1.1" 200 5570
66.249.66.38 - - [30/Jun/2024:02:56:22 +0200] "GET /ticket2/opencms/dk/venue/?countryid=EFE62657-ED88-7045-031D-E16EFB5F4910 HTTP/1.1" 200 101181
216.244.66.238 - - [30/Jun/2024:02:56:24 +0200] "GET /ticket2/opencms/no/buy/?page=1&edid=991EE3EE-9FE4-931B-8259-A8D6A6891C68 HTTP/1.1" 200 86521
23.22.35.162 - - [30/Jun/2024:02:56:25 +0200] "GET /ticket2/opencms/en/venue/?venueid=4455CA08-4C9A-150A-70CE-D4B8FC02B91F HTTP/1.1" 200 71386
51.222.253.19 - - [30/Jun/2024:02:56:25 +0200] "GET /ticket2/opencms/en/venue/?venueid=DE3B95ED-C5EC-CEEF-043F-319530DFE066 HTTP/1.1" 200 71336
3.224.220.101 - - [30/Jun/2024:02:56:29 +0200] "GET /ticket2/opencms/en/venue/?venueid=7017A2F5-FDAD-0EE7-3D35-B52980248ADD HTTP/1.1" 200 71389
158.220.124.16 - - [30/Jun/2024:02:56:29 +0200] "GET /ticket2/opencms/se/nl/buy/?page=1&edid=E3B11CF1-FF18-4988-8A73-D260C31213AE&sortorder=desc&column=row HTTP/1.1" 404 -
52.70.240.171 - - [30/Jun/2024:02:56:32 +0200] "GET /ticket2/opencms/en/venue/?venueid=FD96E284-2B2D-3C17-09D0-D66476535FBF HTTP/1.1" 200 71383
52.70.240.171 - - [30/Jun/2024:02:56:36 +0200] "GET /ticket2/opencms/en/venue/?venueid=601A7ABD-551E-8CCC-08ED-4CC1D1D88166 HTTP/1.1" 200 71317
23.22.35.162 - - [30/Jun/2024:02:56:40 +0200] "GET /ticket2/opencms/en/venue/?venueid=9DA8A4B3-4A97-FBB2-EFB7-185E7CEA4A49 HTTP/1.1" 200 71336
23.22.35.162 - - [30/Jun/2024:02:56:44 +0200] "GET /ticket2/opencms/en/venue/?venueid=C81AD7E5-8D0C-B7E1-63A6-C15C2A1202E2 HTTP/1.1" 200 71333
47.128.27.125 - - [30/Jun/2024:02:56:46 +0200] "GET /ticket2/opencms/de/?comcatid=97ECA65A-72DA-F9AF-9DBB-245D3CFED1BE HTTP/1.1" 200 91946
47.128.27.125 - - [30/Jun/2024:02:56:46 +0200] "GET /ticket2/opencms/system/modules/com.gridnine.opencms.ticketbrokerage.site/resources/pics/logo-new.png HTTP/1.1" 200 13541
47.128.27.125 - - [30/Jun/2024:02:56:47 +0200] "GET /ticket2/opencms/system/modules/com.gridnine.opencms.ticketbrokerage.site/resources/pics/bank_2_handelsbanken.png HTTP/1.1" 200 4509
47.128.27.125 - - [30/Jun/2024:02:56:47 +0200] "GET /ticket2/opencms/system/modules/com.gridnine.opencms.ticketbrokerage.site/resources/pics/bank_3_swedbank.png HTTP/1.1" 200 5740
47.128.27.125 - - [30/Jun/2024:02:56:47 +0200] "GET /ticket2/opencms/system/modules/com.gridnine.opencms.ticketbrokerage.site/resources/pics/bank_1_nordea.png HTTP/1.1" 200 4807
47.128.27.125 - - [30/Jun/2024:02:56:47 +0200] "GET /ticket2/opencms/system/modules/com.gridnine.opencms.ticketbrokerage.site/resources/pics/bank_4_seb.png HTTP/1.1" 200 2487
47.128.27.125 - - [30/Jun/2024:02:56:47 +0200] "GET /ticket2/opencms/system/modules/com.gridnine.opencms.ticketbrokerage.site/resources/pics/bank_5_visa_mastercard.png HTTP/1.1" 200 8196
47.128.27.125 - - [30/Jun/2024:02:56:47 +0200] "GET /ticket2/opencms/system/modules/com.gridnine.opencms.ticketbrokerage.site/resources/pics/bank_6_american_express.png HTTP/1.1" 200 5570
52.70.240.171 - - [30/Jun/2024:02:56:48 +0200] "GET /ticket2/opencms/en/venue/?venueid=E55C8CCF-764B-AF44-280A-0CE7B8680CA3 HTTP/1.1" 200 71338
158.220.124.16 - - [30/Jun/2024:02:56:49 +0200] "GET /ticket2/opencms/se/nl/buy/?page=1&edid=E3B11CF1-FF18-4988-8A73-D260C31213AE&sortorder=desc&column=section HTTP/1.1" 404 -
23.22.35.162 - - [30/Jun/2024:02:56:52 +0200] "GET /ticket2/opencms/en/venue/?venueid=FEFFA494-F540-CC06-6252-E0665BBF6766 HTTP/1.1" 200 71320
23.22.35.162 - - [30/Jun/2024:02:56:56 +0200] "GET /ticket2/opencms/en/venue/?venueid=CA6B89CB-1236-585A-E228-07129994CD40 HTTP/1.1" 200 71342
158.220.124.16 - - [30/Jun/2024:02:56:58 +0200] "GET /ticket2/opencms/se/nl/buy/?page=1&edid=E3FBDA6C-664F-E626-DA08-2F08834DE954&sortorder=desc&column=section HTTP/1.1" 404 -
3.224.220.101 - - [30/Jun/2024:02:57:01 +0200] "GET /ticket2/opencms/en/venue/?venueid=879967C0-57AE-A0D6-80DD-31C312C0E736 HTTP/1.1" 200 71335
216.244.66.238 - - [30/Jun/2024:02:57:04 +0200] "GET /ticket2/opencms/sv/buy/?page=1&edid=394955EB-67DE-1F21-D60F-76346B858D9B HTTP/1.1" 200 87516
52.70.240.171 - - [30/Jun/2024:02:57:04 +0200] "GET /ticket2/opencms/en/venue/?venueid=A554AEB0-11D4-3E72-6DEE-23BC1DD374D4 HTTP/1.1" 200 71335
158.220.124.16 - - [30/Jun/2024:02:57:05 +0200] "GET /ticket2/opencms/se/nl/buy/?page=1&edid=E4CCAEED-8E81-175A-FC4E-82AB9259F7C3&sortorder=desc&column=section HTTP/1.1" 404 -
52.70.240.171 - - [30/Jun/2024:02:57:08 +0200] "GET /ticket2/opencms/en/venue/?venueid=E3ABC6CE-4A60-827E-3753-FDF36F1A3D41 HTTP/1.1" 200 71332
23.22.35.162 - - [30/Jun/2024:02:57:12 +0200] "GET /ticket2/opencms/en/venue/?venueid=5A7F3216-3247-9899-48F9-7CCF4571FF29 HTTP/1.1" 200 71347
158.220.124.16 - - [30/Jun/2024:02:57:14 +0200] "GET /ticket2/opencms/se/nl/buy/?page=1&edid=E65F9DE8-9B28-C875-6E9C-91C3EF0CFE0A&sortorder=asc&column=price HTTP/1.1" 404 -
3.224.220.101 - - [30/Jun/2024:02:57:16 +0200] "GET /ticket2/opencms/en/venue/?venueid=B5895B7A-5394-F998-65EB-0C4A85F1034A HTTP/1.1" 200 71357
3.224.220.101 - - [30/Jun/2024:02:57:20 +0200] "GET /ticket2/opencms/en/venue/?venueid=91735E97-CBE8-0381-C0A7-AFDBBB70E5D4 HTTP/1.1" 200 71411
158.220.124.16 - - [30/Jun/2024:02:57:20 +0200] "GET /ticket2/opencms/se/nl/buy/?page=1&edid=E985A176-1832-1AAF-F607-88AFA6E6A83A&sortorder=asc&column=price HTTP/1.1" 404 -
3.224.220.101 - - [30/Jun/2024:02:57:24 +0200] "GET /ticket2/opencms/en/venue/?venueid=254D08F2-7222-550E-8C53-A2FD4DEBCCE9 HTTP/1.1" 200 71353
51.222.253.11 - - [30/Jun/2024:02:57:25 +0200] "GET /ticket2/opencms/nl/sport/voetbal-tickets/la_liga/mallorca/ HTTP/1.1" 200 72656
3.224.220.101 - - [30/Jun/2024:02:57:28 +0200] "GET /ticket2/opencms/en/venue/?venueid=7A93BED8-ECFC-8BF7-F201-A6433D9EB679 HTTP/1.1" 200 71308
158.220.124.16 - - [30/Jun/2024:02:57:29 +0200] "GET /ticket2/opencms/se/nl/buy/?page=1&edid=E99B3C54-F700-0126-628E-FF8EE40F5DE2&sortorder=desc&column=row HTTP/1.1" 404 -
52.70.240.171 - - [30/Jun/2024:02:57:33 +0200] "GET /ticket2/opencms/en/venue/?venueid=76FCBE46-42F0-E663-FE66-290861A11BAC HTTP/1.1" 200 71341
47.128.16.238 - - [30/Jun/2024:02:57:35 +0200] "GET /ticket2/opencms/nl/sport/voetbal-tickets/serie_a/napoli/ HTTP/1.1" 200 73172
47.128.16.238 - - [30/Jun/2024:02:57:35 +0200] "GET /ticket2/opencms/system/modules/com.gridnine.opencms.ticketbrokerage.site/resources/pics/logo-new.png HTTP/1.1" 200 13541
47.128.16.238 - - [30/Jun/2024:02:57:36 +0200] "GET /ticket2/opencms/system/modules/com.gridnine.opencms.ticketbrokerage.site/resources/pics/banners/team/serie_a/napoli.png HTTP/1.1" 200 70538
47.128.16.238 - - [30/Jun/2024:02:57:36 +0200] "GET /ticket2/opencms/system/modules/com.gridnine.opencms.ticketbrokerage.site/resources/pics/bank_1_nordea.png HTTP/1.1" 200 4807
47.128.16.238 - - [30/Jun/2024:02:57:36 +0200] "GET /ticket2/opencms/system/modules/com.gridnine.opencms.ticketbrokerage.site/resources/pics/bank_3_swedbank.png HTTP/1.1" 200 5740
47.128.16.238 - - [30/Jun/2024:02:57:37 +0200] "GET /ticket2/opencms/system/modules/com.gridnine.opencms.ticketbrokerage.site/resources/pics/bank_2_handelsbanken.png HTTP/1.1" 200 4509
47.128.16.238 - - [30/Jun/2024:02:57:37 +0200] "GET /ticket2/opencms/system/modules/com.gridnine.opencms.ticketbrokerage.site/resources/pics/bank_4_seb.png HTTP/1.1" 200 2487
47.128.16.238 - - [30/Jun/2024:02:57:37 +0200] "GET /ticket2/opencms/system/modules/com.gridnine.opencms.ticketbrokerage.site/resources/pics/bank_5_visa_mastercard.png HTTP/1.1" 200 8196
47.128.16.238 - - [30/Jun/2024:02:57:37 +0200] "GET /ticket2/opencms/system/modules/com.gridnine.opencms.ticketbrokerage.site/resources/pics/bank_6_american_express.png HTTP/1.1" 200 5570
23.22.35.162 - - [30/Jun/2024:02:57:37 +0200] "GET /ticket2/opencms/en/venue/?venueid=500BC477-83DB-4098-EE3E-1AC6E6FE1016 HTTP/1.1" 200 71317
85.208.96.209 - - [30/Jun/2024:02:57:40 +0200] "GET /ticket2/opencms/fi/about/contact HTTP/1.1" 200 72438
52.70.240.171 - - [30/Jun/2024:02:57:40 +0200] "GET /ticket2/opencms/en/venue/?venueid=D178ABDF-6A2C-BDD5-DC03-AE8E4C0C9952 HTTP/1.1" 200 71336
52.70.240.171 - - [30/Jun/2024:02:57:44 +0200] "GET /ticket2/opencms/en/venue/?venueid=C458B6B1-F3BA-F452-1EA5-B4B6AF5E0413 HTTP/1.1" 200 71457
114.119.137.43 - - [30/Jun/2024:02:57:47 +0200] "GET /ticket2/opencms/en/sell/?edid=4CA3C770-448D-E6F6-9DC5-DB30BA5A9D54 HTTP/1.1" 302 -
52.70.240.171 - - [30/Jun/2024:02:57:48 +0200] "GET /ticket2/opencms/system/galleries/pics/tampere_deck_arena.png HTTP/1.1" 200 1117586
114.119.137.43 - - [30/Jun/2024:02:57:51 +0200] "GET /ticket2/opencms/en/login/?url=/en/sell/ HTTP/1.1" 200 73431
23.22.35.162 - - [30/Jun/2024:02:57:53 +0200] "GET /ticket2/opencms/en/venue/?venueid=FE687578-641E-3F09-3462-AE6F5429E92A HTTP/1.1" 200 71341
23.22.35.162 - - [30/Jun/2024:02:57:56 +0200] "GET /ticket2/opencms/en/venue/?venueid=78FDA09C-41E1-3EB5-FA25-29EBD1B668CE HTTP/1.1" 200 71383
3.224.220.101 - - [30/Jun/2024:02:58:00 +0200] "GET /ticket2/opencms/en/venue/?venueid=458A6284-D8D4-7921-D2F2-F8FD9B51F9EB HTTP/1.1" 200 71375
23.22.35.162 - - [30/Jun/2024:02:58:04 +0200] "GET /ticket2/opencms/en/venue/?venueid=80B2E1FA-5C12-5CA8-5156-ED69E629CB1C HTTP/1.1" 200 71381
3.224.220.101 - - [30/Jun/2024:02:58:08 +0200] "GET /ticket2/opencms/en/venue/?venueid=920488DA-5A31-2C02-38B5-7EC9E48B6D06 HTTP/1.1" 200 71341
23.22.35.162 - - [30/Jun/2024:02:58:13 +0200] "GET /ticket2/opencms/en/venue/?venueid=849CB8D2-585E-A2B3-5FDB-72B7613BA7D9 HTTP/1.1" 200 71341
3.224.220.101 - - [30/Jun/2024:02:58:17 +0200] "GET /ticket2/opencms/en/venue/?venueid=004352C5-E3C9-4789-9D05-F691F3C15650 HTTP/1.1" 200 71357
52.70.240.171 - - [30/Jun/2024:02:58:21 +0200] "GET /ticket2/opencms/en/venue/?venueid=823F5427-3F19-16AC-CDB6-E04B20BCA5D8 HTTP/1.1" 200 71344
3.224.220.101 - - [30/Jun/2024:02:58:24 +0200] "GET /ticket2/opencms/en/venue/?venueid=84B0B9F0-1596-0D9B-686E-511407E2C0AA HTTP/1.1" 200 71359
66.249.76.161 - - [30/Jun/2024:02:58:26 +0200] "GET /ticket2/opencms/es/ HTTP/1.1" 200 93065
47.128.16.248 - - [30/Jun/2024:02:58:28 +0200] "GET /ticket2/opencms/fi/urheilu/jalkapallo/premier_league/arsenal/ HTTP/1.1" 200 83961
3.224.220.101 - - [30/Jun/2024:02:58:28 +0200] "GET /ticket2/opencms/en/venue/?venueid=AA054FD7-E1A7-E4C2-A0A0-56E471DEEFA7 HTTP/1.1" 200 71347
47.128.16.248 - - [30/Jun/2024:02:58:28 +0200] "GET /ticket2/opencms/system/modules/com.gridnine.opencms.ticketbrokerage.site/resources/pics/logo-new.png HTTP/1.1" 200 13541
51.222.253.20 - - [30/Jun/2024:02:58:29 +0200] "GET /ticket2/opencms/en/venue/?venueid=200540AD-0DBC-7808-2DE9-510FC2510D5E HTTP/1.1" 200 71293
47.128.16.248 - - [30/Jun/2024:02:58:29 +0200] "GET /ticket2/opencms/system/modules/com.gridnine.opencms.ticketbrokerage.site/resources/pics/banners/arsenal.png HTTP/1.1" 200 13545
47.128.16.248 - - [30/Jun/2024:02:58:29 +0200] "GET /ticket2/opencms/system/modules/com.gridnine.opencms.ticketbrokerage.site/resources/pics/bank_2_handelsbanken.png HTTP/1.1" 200 4509
47.128.16.248 - - [30/Jun/2024:02:58:30 +0200] "GET /ticket2/opencms/system/modules/com.gridnine.opencms.ticketbrokerage.site/resources/pics/bank_4_seb.png HTTP/1.1" 200 2487
47.128.16.248 - - [30/Jun/2024:02:58:30 +0200] "GET /ticket2/opencms/system/modules/com.gridnine.opencms.ticketbrokerage.site/resources/pics/bank_3_swedbank.png HTTP/1.1" 200 5740
47.128.16.248 - - [30/Jun/2024:02:58:30 +0200] "GET /ticket2/opencms/system/modules/com.gridnine.opencms.ticketbrokerage.site/resources/pics/bank_1_nordea.png HTTP/1.1" 200 4807
47.128.16.248 - - [30/Jun/2024:02:58:30 +0200] "GET /ticket2/opencms/system/modules/com.gridnine.opencms.ticketbrokerage.site/resources/pics/bank_5_visa_mastercard.png HTTP/1.1" 200 8196
47.128.16.248 - - [30/Jun/2024:02:58:30 +0200] "GET /ticket2/opencms/system/modules/com.gridnine.opencms.ticketbrokerage.site/resources/pics/bank_6_american_express.png HTTP/1.1" 200 5570
52.70.240.171 - - [30/Jun/2024:02:58:33 +0200] "GET /ticket2/opencms/en/venue/?venueid=C739F0C3-3AC2-C330-A99C-F40369E33E70 HTTP/1.1" 200 71342
52.70.240.171 - - [30/Jun/2024:02:58:36 +0200] "GET /ticket2/opencms/en/venue/?venueid=8EA26496-DB80-A5FF-39BD-F3714E2293E3 HTTP/1.1" 200 71351
23.22.35.162 - - [30/Jun/2024:02:58:40 +0200] "GET /ticket2/opencms/en/venue/?venueid=7D8DF134-6F27-D920-88FC-4F540A20C7A1 HTTP/1.1" 200 71348
3.224.220.101 - - [30/Jun/2024:02:58:44 +0200] "GET /ticket2/opencms/en/venue/?venueid=52A33FB5-B804-E5DD-350D-2FC7FDA72BA2 HTTP/1.1" 200 71365
52.70.240.171 - - [30/Jun/2024:02:58:49 +0200] "GET /ticket2/opencms/en/venue/?venueid=D67BBEAA-85B5-D2EB-96E5-A5759AF56653 HTTP/1.1" 200 71342
3.224.220.101 - - [30/Jun/2024:02:58:52 +0200] "GET /ticket2/opencms/en/venue/?venueid=6215BF0C-EB8F-CBD7-E039-846055B527B8 HTTP/1.1" 200 71354
23.22.35.162 - - [30/Jun/2024:02:58:57 +0200] "GET /ticket2/opencms/en/venue/?venueid=CC4FD98A-C25D-6CAC-C1D7-2EA904ADF809 HTTP/1.1" 200 71354
3.224.220.101 - - [30/Jun/2024:02:59:00 +0200] "GET /ticket2/opencms/en/venue/?venueid=8A3E15E6-9EA2-1FB9-3117-432C267C960A HTTP/1.1" 200 71338
3.224.220.101 - - [30/Jun/2024:02:59:05 +0200] "GET /ticket2/opencms/en/venue/?venueid=FA666C19-3DA3-0D92-7BB2-08926CE77F9C HTTP/1.1" 200 71315
23.22.35.162 - - [30/Jun/2024:02:59:08 +0200] "GET /ticket2/opencms/en/venue/?venueid=895DAA27-0D01-3F9A-C82D-1FA2A5BCB45B HTTP/1.1" 200 71333
52.70.240.171 - - [30/Jun/2024:02:59:12 +0200] "GET /ticket2/opencms/en/venue/?venueid=680079F6-3D84-3124-6D4E-6A5AE95CB384 HTTP/1.1" 200 71381
23.22.35.162 - - [30/Jun/2024:02:59:16 +0200] "GET /ticket2/opencms/en/venue/?venueid=2F4B9D73-9089-26F5-4E9E-2CBD328F67B2 HTTP/1.1" 200 71341
52.70.240.171 - - [30/Jun/2024:02:59:20 +0200] "GET /ticket2/opencms/en/venue/?venueid=47A1CD2B-AE67-8CFB-F337-7EA1F023BC45 HTTP/1.1" 200 71351
47.128.16.243 - - [30/Jun/2024:02:59:24 +0200] "GET /ticket2/opencms/es/buy/?comcatid=810BB404-4103-77F2-A6C2-12D5E6C338E2 HTTP/1.1" 200 75070
52.70.240.171 - - [30/Jun/2024:02:59:24 +0200] "GET /ticket2/opencms/en/venue/?venueid=30E59E70-2AD5-DB3F-8F99-0F76DBFE059E HTTP/1.1" 200 71362
47.128.16.243 - - [30/Jun/2024:02:59:24 +0200] "GET /ticket2/opencms/system/modules/com.gridnine.opencms.ticketbrokerage.site/resources/pics/logo-new.png HTTP/1.1" 200 13541
47.128.16.243 - - [30/Jun/2024:02:59:25 +0200] "GET /ticket2/opencms/system/modules/com.gridnine.opencms.ticketbrokerage.site/resources/pics/bank_1_nordea.png HTTP/1.1" 200 4807
47.128.16.243 - - [30/Jun/2024:02:59:25 +0200] "GET /ticket2/opencms/system/modules/com.gridnine.opencms.ticketbrokerage.site/resources/pics/bank_2_handelsbanken.png HTTP/1.1" 200 4509
47.128.16.243 - - [30/Jun/2024:02:59:26 +0200] "GET /ticket2/opencms/system/modules/com.gridnine.opencms.ticketbrokerage.site/resources/pics/bank_5_visa_mastercard.png HTTP/1.1" 200 8196
47.128.16.243 - - [30/Jun/2024:02:59:26 +0200] "GET /ticket2/opencms/system/modules/com.gridnine.opencms.ticketbrokerage.site/resources/pics/bank_4_seb.png HTTP/1.1" 200 2487
47.128.16.243 - - [30/Jun/2024:02:59:26 +0200] "GET /ticket2/opencms/system/modules/com.gridnine.opencms.ticketbrokerage.site/resources/pics/bank_3_swedbank.png HTTP/1.1" 200 5740
47.128.16.243 - - [30/Jun/2024:02:59:26 +0200] "GET /ticket2/opencms/system/modules/com.gridnine.opencms.ticketbrokerage.site/resources/pics/bank_6_american_express.png HTTP/1.1" 200 5570
54.78.219.83 - - [30/Jun/2024:02:59:27 +0200] "GET /ticket2/opencms/ HTTP/1.1" 302 -
54.78.219.83 - - [30/Jun/2024:02:59:27 +0200] "GET /ticket2/opencms/en/ HTTP/1.1" 200 91208
66.249.66.87 - - [30/Jun/2024:02:59:28 +0200] "GET /ticket2/opencms/no/sport/fotballsbilletter/premier_league/manchester_city/ HTTP/1.1" 200 85412
3.224.220.101 - - [30/Jun/2024:02:59:28 +0200] "GET /ticket2/opencms/en/venue/?venueid=81135D5C-2720-4F9C-A299-6D2AF82D185D HTTP/1.1" 200 71424
3.224.220.101 - - [30/Jun/2024:02:59:32 +0200] "GET /ticket2/opencms/en/venue/?venueid=D6CC3155-CB84-ABB2-ABC8-9ACE6AA05853 HTTP/1.1" 200 71327
51.222.253.6 - - [30/Jun/2024:02:59:35 +0200] "GET /ticket2/opencms/en/venue/?venueid=66A22C85-2637-5B6C-2F7A-DE5700A1A711 HTTP/1.1" 200 71332
52.70.240.171 - - [30/Jun/2024:02:59:36 +0200] "GET /ticket2/opencms/en/venue/?venueid=EF31A462-4388-0119-B57C-552F86F22FFC HTTP/1.1" 200 71449
52.167.144.176 - - [30/Jun/2024:02:59:40 +0200] "GET /ticket2/opencms/sv/buy?page=1&edid=983940D7-A886-9864-BF70-6F5D578B4A87 HTTP/1.1" 200 110747
52.70.240.171 - - [30/Jun/2024:02:59:41 +0200] "GET /ticket2/opencms/en/venue/?venueid=161A08B3-6577-E39F-77EB-E23A8297DE1F HTTP/1.1" 200 71366
3.224.220.101 - - [30/Jun/2024:02:59:44 +0200] "GET /ticket2/opencms/en/venue/?venueid=161A25A1-F416-8A38-C48B-CA3253B2326B HTTP/1.1" 200 71431
158.220.124.16 - - [30/Jun/2024:02:59:48 +0200] "GET /ticket2/opencms/se/nl/buy/?page=1&edid=E9E2EF64-D379-DD67-D513-D0AD1E29ED2D&sortorder=asc&column=price HTTP/1.1" 404 -
23.22.35.162 - - [30/Jun/2024:02:59:48 +0200] "GET /ticket2/opencms/en/venue/?venueid=C38732EA-BD5E-1623-DC42-554FD22C8388 HTTP/1.1" 200 71327
23.22.35.162 - - [30/Jun/2024:02:59:52 +0200] "GET /ticket2/opencms/en/venue/?venueid=A1DCFF7A-004F-A254-D8BE-ACF650D39AEF HTTP/1.1" 200 71342
158.220.124.16 - - [30/Jun/2024:02:59:55 +0200] "GET /ticket2/opencms/se/nl/buy/?page=1&edid=EB9B2650-FD8D-90CB-E889-0D0B52112AB1&sortorder=asc&column=section HTTP/1.1" 404 -
85.208.96.207 - - [30/Jun/2024:02:59:56 +0200] "GET /ticket2/opencms/fi/urheilu/jalkapallo/serie_a/milan/ HTTP/1.1" 200 74406
52.70.240.171 - - [30/Jun/2024:02:59:56 +0200] "GET /ticket2/opencms/en/venue/?venueid=2AFE6989-583A-A72A-83F2-90DEF8445DB9 HTTP/1.1" 200 71329
3.224.220.101 - - [30/Jun/2024:03:00:00 +0200] "GET /ticket2/opencms/en/venue/?venueid=89495595-3833-25EC-3C64-30EAE6238716 HTTP/1.1" 200 71402
52.70.240.171 - - [30/Jun/2024:03:00:04 +0200] "GET /ticket2/opencms/en/venue/?venueid=6FA55CAA-E7CD-0645-363F-8301E170D823 HTTP/1.1" 200 71398
158.220.124.16 - - [30/Jun/2024:03:00:04 +0200] "GET /ticket2/opencms/se/nl/buy/?page=1&edid=AAF81B4A-182C-A2CA-B6C2-D65EF5C78DAB&sortorder=desc&column=row HTTP/1.1" 404 -
216.244.66.238 - - [30/Jun/2024:03:00:05 +0200] "GET /ticket2/opencms/dk/buy/?page=1&edid=4B9546FF-39BA-AA7B-BC1B-3F03EDF76625 HTTP/1.1" 200 87405
23.22.35.162 - - [30/Jun/2024:03:00:08 +0200] "GET /ticket2/opencms/en/venue/?venueid=F547B08D-C839-63CC-DDB8-9139B0448DEC HTTP/1.1" 200 71333
23.22.35.162 - - [30/Jun/2024:03:00:12 +0200] "GET /ticket2/opencms/en/venue/?venueid=7719E5D9-AEE7-7FC5-A9DB-E1C60C1C5852 HTTP/1.1" 200 71384
47.128.16.36 - - [30/Jun/2024:03:00:13 +0200] "GET /ticket2/opencms/nl/sport/voetbal-tickets/serie_a/ HTTP/1.1" 200 77077
47.128.16.36 - - [30/Jun/2024:03:00:14 +0200] "GET /ticket2/opencms/system/modules/com.gridnine.opencms.ticketbrokerage.site/resources/pics/logo-new.png HTTP/1.1" 200 13541
47.128.16.36 - - [30/Jun/2024:03:00:14 +0200] "GET /ticket2/opencms/system/modules/com.gridnine.opencms.ticketbrokerage.site/resources/pics/banners/sv/serie_a_sv.png HTTP/1.1" 200 13270
47.128.16.36 - - [30/Jun/2024:03:00:15 +0200] "GET /ticket2/opencms/system/modules/com.gridnine.opencms.ticketbrokerage.site/resources/pics/bank_3_swedbank.png HTTP/1.1" 200 5740
47.128.16.36 - - [30/Jun/2024:03:00:15 +0200] "GET /ticket2/opencms/system/modules/com.gridnine.opencms.ticketbrokerage.site/resources/pics/bank_2_handelsbanken.png HTTP/1.1" 200 4509
47.128.16.36 - - [30/Jun/2024:03:00:15 +0200] "GET /ticket2/opencms/system/modules/com.gridnine.opencms.ticketbrokerage.site/resources/pics/bank_1_nordea.png HTTP/1.1" 200 4807
47.128.16.36 - - [30/Jun/2024:03:00:15 +0200] "GET /ticket2/opencms/system/modules/com.gridnine.opencms.ticketbrokerage.site/resources/pics/bank_4_seb.png HTTP/1.1" 200 2487
47.128.16.36 - - [30/Jun/2024:03:00:15 +0200] "GET /ticket2/opencms/system/modules/com.gridnine.opencms.ticketbrokerage.site/resources/pics/bank_5_visa_mastercard.png HTTP/1.1" 200 8196
47.128.16.36 - - [30/Jun/2024:03:00:15 +0200] "GET /ticket2/opencms/system/modules/com.gridnine.opencms.ticketbrokerage.site/resources/pics/bank_6_american_express.png HTTP/1.1" 200 5570
52.70.240.171 - - [30/Jun/2024:03:00:17 +0200] "GET /ticket2/opencms/en/venue/?venueid=CE950E29-A25C-9C04-155F-BFEE5FA8962A HTTP/1.1" 200 71359
185.191.171.2 - - [30/Jun/2024:03:00:18 +0200] "GET /ticket2/opencms/sv/sport/fotbollsbiljetter/serie_a/empoli/ HTTP/1.1" 200 73367
158.220.124.16 - - [30/Jun/2024:03:00:19 +0200] "GET /ticket2/opencms/se/nl/buy/?page=1&edid=AB4FF136-CDCA-C52A-868D-DC896991B593 HTTP/1.1" 404 -
85.208.96.193 - - [30/Jun/2024:03:00:20 +0200] "GET /ticket2/opencms/es/buy_safety HTTP/1.1" 200 75649
23.22.35.162 - - [30/Jun/2024:03:00:21 +0200] "GET /ticket2/opencms/en/venue/?venueid=66E1E988-5937-F001-455A-788C6919D4BB HTTP/1.1" 200 73280
23.22.35.162 - - [30/Jun/2024:03:00:24 +0200] "GET /ticket2/opencms/en/sell/?edid=DD14CC82-883B-BD06-4306-EBD494AA1804 HTTP/1.1" 302 -
3.224.220.101 - - [30/Jun/2024:03:00:28 +0200] "GET /ticket2/opencms/en/sell/?edid=68B485F7-9483-6E4F-656D-602EE2AC621D HTTP/1.1" 302 -
158.220.124.16 - - [30/Jun/2024:03:00:30 +0200] "GET /ticket2/opencms/se/nl/buy/?page=1&edid=CA409743-DF2F-20FC-E9D1-CB516B6C7577&sortorder=desc&column=section HTTP/1.1" 404 -
3.224.220.101 - - [30/Jun/2024:03:00:32 +0200] "GET /ticket2/opencms/en/sell/?edid=C8E47E46-ADCD-586A-7BE4-CF1C96256B2D HTTP/1.1" 302 -
23.22.35.162 - - [30/Jun/2024:03:00:36 +0200] "GET /ticket2/opencms/en/sell/?edid=6749402D-C332-2C4D-9191-3C983EDD528C HTTP/1.1" 302 -
51.222.253.19 - - [30/Jun/2024:03:00:36 +0200] "GET /ticket2/opencms/en/venue/?venueid=02790E61-358C-4C3C-F7D9-2783FAF32DD5 HTTP/1.1" 200 71344
52.70.240.171 - - [30/Jun/2024:03:00:40 +0200] "GET /ticket2/opencms/en/venue/?venueid=A18E6B9F-ABE7-577B-3CDD-CFF0ABF1460E HTTP/1.1" 200 71338
52.70.240.171 - - [30/Jun/2024:03:00:44 +0200] "GET /ticket2/opencms/en/venue/?venueid=8F69F39C-B5DA-1E67-5E28-A694F58730E7 HTTP/1.1" 200 71348
158.220.124.16 - - [30/Jun/2024:03:00:47 +0200] "GET /ticket2/opencms/se/nl/buy/?page=1&edid=CA5B3DDE-EB0E-1F86-9348-5A2547011BCE&sortorder=asc&column=price HTTP/1.1" 404 -
52.70.240.171 - - [30/Jun/2024:03:00:48 +0200] "GET /ticket2/opencms/en/venue/?venueid=113AF72F-E90C-75C9-E54B-8B60836FA7C3 HTTP/1.1" 200 71452
3.224.220.101 - - [30/Jun/2024:03:00:52 +0200] "GET /ticket2/opencms/en/venue/?venueid=4D35EB7E-E563-1237-7F9D-A84755493D6D HTTP/1.1" 200 71330
216.245.221.83 - - [30/Jun/2024:03:00:53 +0200] "HEAD /ticket2/opencms/ HTTP/1.1" 302 -
216.245.221.83 - - [30/Jun/2024:03:00:53 +0200] "HEAD /ticket2/opencms/ HTTP/1.1" 302 -
52.70.240.171 - - [30/Jun/2024:03:00:56 +0200] "GET /ticket2/opencms/en/venue/?venueid=E15FBAA2-C0CD-9858-4523-F6A4C3FE1D03 HTTP/1.1" 200 71392
216.245.221.83 - - [30/Jun/2024:03:00:57 +0200] "HEAD /ticket2/opencms/en/ HTTP/1.1" 200 -
216.245.221.83 - - [30/Jun/2024:03:00:57 +0200] "HEAD /ticket2/opencms/en/ HTTP/1.1" 200 -
158.220.124.16 - - [30/Jun/2024:03:00:58 +0200] "GET /ticket2/opencms/se/nl/buy/?page=1&edid=CAC8203B-A7CB-D983-BA35-4898C9BB630C&sortorder=asc&column=price HTTP/1.1" 404 -
52.70.240.171 - - [30/Jun/2024:03:01:00 +0200] "GET /ticket2/opencms/en/venue/?venueid=8B6B2DCD-4A3D-A699-2105-31175C2D2D0A HTTP/1.1" 200 71365
3.224.220.101 - - [30/Jun/2024:03:01:04 +0200] "GET /ticket2/opencms/en/venue/?venueid=0C57D9A1-BFBB-6B50-BD26-F99F2EBC7C94 HTTP/1.1" 200 71429
47.128.16.218 - - [30/Jun/2024:03:01:08 +0200] "GET /ticket2/opencms/es/?comcatid=A17713B6-D984-201A-4143-ED4DB5ED5C2E HTTP/1.1" 200 93065
52.70.240.171 - - [30/Jun/2024:03:01:08 +0200] "GET /ticket2/opencms/en/venue/?venueid=A8296605-D785-16FA-4CCB-AC7210C36F8D HTTP/1.1" 200 71347
47.128.16.218 - - [30/Jun/2024:03:01:08 +0200] "GET /ticket2/opencms/system/modules/com.gridnine.opencms.ticketbrokerage.site/resources/pics/logo-new.png HTTP/1.1" 200 13541
47.128.16.218 - - [30/Jun/2024:03:01:09 +0200] "GET /ticket2/opencms/system/modules/com.gridnine.opencms.ticketbrokerage.site/resources/pics/bank_1_nordea.png HTTP/1.1" 200 4807
47.128.16.218 - - [30/Jun/2024:03:01:09 +0200] "GET /ticket2/opencms/system/modules/com.gridnine.opencms.ticketbrokerage.site/resources/pics/bank_3_swedbank.png HTTP/1.1" 200 5740
47.128.16.218 - - [30/Jun/2024:03:01:10 +0200] "GET /ticket2/opencms/system/modules/com.gridnine.opencms.ticketbrokerage.site/resources/pics/bank_2_handelsbanken.png HTTP/1.1" 200 4509
47.128.16.218 - - [30/Jun/2024:03:01:10 +0200] "GET /ticket2/opencms/system/modules/com.gridnine.opencms.ticketbrokerage.site/resources/pics/bank_4_seb.png HTTP/1.1" 200 2487
47.128.16.218 - - [30/Jun/2024:03:01:10 +0200] "GET /ticket2/opencms/system/modules/com.gridnine.opencms.ticketbrokerage.site/resources/pics/bank_5_visa_mastercard.png HTTP/1.1" 200 8196
47.128.16.218 - - [30/Jun/2024:03:01:10 +0200] "GET /ticket2/opencms/system/modules/com.gridnine.opencms.ticketbrokerage.site/resources/pics/bank_6_american_express.png HTTP/1.1" 200 5570
158.220.124.16 - - [30/Jun/2024:03:01:10 +0200] "GET /ticket2/opencms/se/nl/buy/?page=1&edid=CAC8203B-A7CB-D983-BA35-4898C9BB630C&sortorder=asc&column=row HTTP/1.1" 404 -
3.224.220.101 - - [30/Jun/2024:03:01:12 +0200] "GET /ticket2/opencms/en/venue/?venueid=E18D9E3C-49FF-D0D7-7808-6EA122B326E7 HTTP/1.1" 200 71416
52.70.240.171 - - [30/Jun/2024:03:01:16 +0200] "GET /ticket2/opencms/en/venue/?venueid=FD8E2085-4C66-B96B-FE96-170F5D626150 HTTP/1.1" 200 71350
3.224.220.101 - - [30/Jun/2024:03:01:20 +0200] "GET /ticket2/opencms/en/venue/?venueid=90F56EC8-280A-E445-5613-32898972C4C3 HTTP/1.1" 200 71347
52.70.240.171 - - [30/Jun/2024:03:01:24 +0200] "GET /ticket2/opencms/en/venue/?venueid=5656BFDD-7249-1ADA-776A-F31C05AE5BA2 HTTP/1.1" 200 71407
158.220.124.16 - - [30/Jun/2024:03:01:28 +0200] "GET /ticket2/opencms/se/nl/buy/?page=1&edid=CAC8203B-A7CB-D983-BA35-4898C9BB630C&sortorder=asc&column=section HTTP/1.1" 404 -
23.22.35.162 - - [30/Jun/2024:03:01:28 +0200] "GET /ticket2/opencms/en/venue/?venueid=86A94F85-9F2F-8D78-963D-5E90833F60CD HTTP/1.1" 200 71338
66.249.66.37 - - [30/Jun/2024:03:01:29 +0200] "GET /ticket2/opencms/sv/standard/ HTTP/1.1" 200 85396
51.222.253.14 - - [30/Jun/2024:03:01:30 +0200] "GET /ticket2/opencms/en/venue/?venueid=EA1AFB8D-F7C7-5DC6-A760-CAB159647828 HTTP/1.1" 200 71333
52.70.240.171 - - [30/Jun/2024:03:01:32 +0200] "GET /ticket2/opencms/en/venue/?venueid=84B93D8A-8F8E-8AD6-E15A-BD8F16B36685 HTTP/1.1" 200 71356
52.70.240.171 - - [30/Jun/2024:03:01:36 +0200] "GET /ticket2/opencms/en/venue/?venueid=9C7E5E60-E5C4-2B9C-9F16-945F0107847B HTTP/1.1" 200 71466
158.220.124.16 - - [30/Jun/2024:03:01:38 +0200] "GET /ticket2/opencms/se/nl/buy/?page=1&edid=CADFC425-50A8-87AD-969A-CE4EDB1D09FF&sortorder=asc&column=price HTTP/1.1" 404 -
3.224.220.101 - - [30/Jun/2024:03:01:40 +0200] "GET /ticket2/opencms/system/galleries/pics/stadiorenato.png HTTP/1.1" 200 242860
23.22.35.162 - - [30/Jun/2024:03:01:44 +0200] "GET /ticket2/opencms/en/venue/?venueid=A1666C8B-D5BA-A589-2015-C0D802A28414 HTTP/1.1" 200 71335
85.208.96.199 - - [30/Jun/2024:03:01:44 +0200] "GET /ticket2/opencms/nl/sport/voetbal-tickets/la_liga/barcelona/ HTTP/1.1" 200 74170
23.22.35.162 - - [30/Jun/2024:03:01:48 +0200] "GET /ticket2/opencms/en/venue/?venueid=A4544F22-1405-47A7-F95C-5F7B102A464E HTTP/1.1" 200 71386
52.167.144.176 - - [30/Jun/2024:03:01:48 +0200] "GET /ticket2/opencms/de/en/faq/ HTTP/1.1" 404 -
158.220.124.16 - - [30/Jun/2024:03:01:50 +0200] "GET /ticket2/opencms/se/nl/buy/?page=1&edid=CADFC425-50A8-87AD-969A-CE4EDB1D09FF&sortorder=asc&column=row HTTP/1.1" 404 -
52.70.240.171 - - [30/Jun/2024:03:01:53 +0200] "GET /ticket2/opencms/en/venue/?venueid=6DAF98CB-316C-E77B-9468-88A71EEBC830 HTTP/1.1" 200 71363
23.22.35.162 - - [30/Jun/2024:03:01:56 +0200] "GET /ticket2/opencms/en/venue/?venueid=4B317737-92C6-4AC7-0E37-4DCE8050F073 HTTP/1.1" 200 71402
216.244.66.238 - - [30/Jun/2024:03:01:57 +0200] "GET /ticket2/opencms/sv/buy/?page=1&edid=8B12E743-5B51-9812-01B9-07AFBC7A1AEC HTTP/1.1" 200 88625
158.220.124.16 - - [30/Jun/2024:03:02:00 +0200] "GET /ticket2/opencms/se/nl/buy/?page=1&edid=CADFC425-50A8-87AD-969A-CE4EDB1D09FF&sortorder=asc&column=section HTTP/1.1" 404 -
52.70.240.171 - - [30/Jun/2024:03:02:00 +0200] "GET /ticket2/opencms/en/venue/?venueid=6D739AF3-56B6-A0C9-D24A-CE9707D9D60C HTTP/1.1" 200 71341
52.70.240.171 - - [30/Jun/2024:03:02:05 +0200] "GET /ticket2/opencms/en/venue/?venueid=C3D39467-A630-2C6E-5B84-720FB12B944B HTTP/1.1" 200 71344
95.108.213.159 - - [30/Jun/2024:03:02:05 +0200] "GET /ticket2/opencms/robots.txt HTTP/1.1" 200 773
5.255.231.80 - - [30/Jun/2024:03:02:06 +0200] "GET /ticket2/opencms/en/venue/?countryid=E687CC57-02FA-AF76-268E-C1A53D569993 HTTP/1.1" 200 100730
52.70.240.171 - - [30/Jun/2024:03:02:08 +0200] "GET /ticket2/opencms/en/venue/?venueid=F72D7D8A-21AA-398A-828C-542FA85266B4 HTTP/1.1" 200 71467
213.180.203.173 - - [30/Jun/2024:03:02:09 +0200] "GET /ticket2/opencms/en/venue/?venueid=77047E47-2FF4-16B0-5A77-56A30F69DDD8 HTTP/1.1" 200 71357
95.108.213.238 - - [30/Jun/2024:03:02:09 +0200] "GET /ticket2/opencms/en/venue/?venueid=6AEAE4F9-6A8D-25BD-489B-DC7310A7EAF9 HTTP/1.1" 200 71342
95.108.213.212 - - [30/Jun/2024:03:02:09 +0200] "GET /ticket2/opencms/en/venue/?venueid=EABAA74B-30A0-FACD-EE61-DD58CC090427 HTTP/1.1" 200 71324
95.108.213.240 - - [30/Jun/2024:03:02:10 +0200] "GET /ticket2/opencms/en/venue/?venueid=C38732EA-BD5E-1623-DC42-554FD22C8388 HTTP/1.1" 200 71327
23.22.35.162 - - [30/Jun/2024:03:02:12 +0200] "GET /ticket2/opencms/en/venue/?venueid=58BFEA7F-E81E-F4F6-A7F8-D202735B77F7 HTTP/1.1" 200 71391
158.220.124.16 - - [30/Jun/2024:03:02:13 +0200] "GET /ticket2/opencms/se/nl/buy/?page=1&edid=CB97ACC5-8C2F-6123-F2BA-E3A04382FA1E&sortorder=asc&column=price HTTP/1.1" 404 -
52.70.240.171 - - [30/Jun/2024:03:02:16 +0200] "GET /ticket2/opencms/en/venue/?venueid=54DB6E7A-71B2-2EC1-0CC1-E45341E4F9EF HTTP/1.1" 200 71362
52.70.240.171 - - [30/Jun/2024:03:02:21 +0200] "GET /ticket2/opencms/en/venue/?venueid=54CFF33C-FC92-3694-4B5D-667C721FDE9D HTTP/1.1" 200 71380
216.244.66.238 - - [30/Jun/2024:03:02:23 +0200] "GET /ticket2/opencms/sv/sport/fotbollsbiljetter/serie_a/napoli/brescia.html HTTP/1.1" 200 74492
158.220.124.16 - - [30/Jun/2024:03:02:23 +0200] "GET /ticket2/opencms/se/nl/buy/?page=1&edid=CB97ACC5-8C2F-6123-F2BA-E3A04382FA1E&sortorder=asc&column=row HTTP/1.1" 404 -
52.70.240.171 - - [30/Jun/2024:03:02:24 +0200] "GET /ticket2/opencms/en/venue/?venueid=2461643D-69F1-C18F-F693-9168E791270F HTTP/1.1" 200 71380
3.224.220.101 - - [30/Jun/2024:03:02:28 +0200] "GET /ticket2/opencms/en/venue/?venueid=1781EF85-5958-DE3C-8638-41C4B27C134F HTTP/1.1" 200 71353
85.208.96.193 - - [30/Jun/2024:03:02:28 +0200] "GET /ticket2/opencms/de/sport/fussball-tickets/la_liga/villareal/ HTTP/1.1" 200 76571
158.220.124.16 - - [30/Jun/2024:03:02:32 +0200] "GET /ticket2/opencms/se/nl/buy/?page=1&edid=CD8C65AB-F506-0A9E-001A-2A1B6DBD3092&sortorder=desc&column=section HTTP/1.1" 404 -
3.224.220.101 - - [30/Jun/2024:03:02:32 +0200] "GET /ticket2/opencms/en/venue/?venueid=84B906DE-B460-D444-68C7-D7444F9F1F9B HTTP/1.1" 200 71368
51.222.253.9 - - [30/Jun/2024:03:02:36 +0200] "GET /ticket2/opencms/en/venue/?venueid=AAC9A474-6F1C-8E49-0F79-0EFC179B3230 HTTP/1.1" 200 71371
3.224.220.101 - - [30/Jun/2024:03:02:36 +0200] "GET /ticket2/opencms/en/venue/?venueid=FBAFDD4B-DAD3-1027-F610-2E658B7C0EA4 HTTP/1.1" 200 71417
185.191.171.1 - - [30/Jun/2024:03:02:37 +0200] "GET /ticket2/opencms/de/sport/fussball-tickets/bundesliga/bayer-leverkusen/ HTTP/1.1" 200 76288
158.220.124.16 - - [30/Jun/2024:03:02:40 +0200] "GET /ticket2/opencms/se/nl/buy/?page=1&edid=CD97B46D-31B3-D365-9D7B-CFA9CBECBD48&sortorder=desc&column=price HTTP/1.1" 404 -
23.22.35.162 - - [30/Jun/2024:03:02:41 +0200] "GET /ticket2/opencms/en/venue/?venueid=37CBE37C-7D6F-4665-1B80-1F6AC01C8EBD HTTP/1.1" 200 71329
213.180.203.224 - - [30/Jun/2024:03:02:44 +0200] "GET /ticket2/opencms/es/ HTTP/1.1" 200 93065
3.224.220.101 - - [30/Jun/2024:03:02:44 +0200] "GET /ticket2/opencms/en/venue/?venueid=ABB5C55A-BFE4-73F4-5E75-29A7F89A5077 HTTP/1.1" 200 71350
158.220.124.16 - - [30/Jun/2024:03:02:47 +0200] "GET /ticket2/opencms/se/nl/buy/?page=1&edid=CFB75162-A11D-70BF-58DA-F01E13735B85&sortorder=asc&column=price HTTP/1.1" 404 -
52.70.240.171 - - [30/Jun/2024:03:02:48 +0200] "GET /ticket2/opencms/en/venue/?venueid=CEECF1E7-5F75-125A-BBD9-315FE319D489 HTTP/1.1" 200 71350
3.224.220.101 - - [30/Jun/2024:03:02:52 +0200] "GET /ticket2/opencms/en/venue/?venueid=FF5203A7-122F-1365-4962-1F8CB4E034AD HTTP/1.1" 200 71368
114.119.140.79 - - [30/Jun/2024:03:02:54 +0200] "GET /ticket2/opencms/en/venue/?venueid=66B7684A-34D7-B171-288C-D950D3063FA0 HTTP/1.1" 200 71424
158.220.124.16 - - [30/Jun/2024:03:02:56 +0200] "GET /ticket2/opencms/se/nl/buy/?page=1&edid=CFB75162-A11D-70BF-58DA-F01E13735B85&sortorder=asc&column=section HTTP/1.1" 404 -
3.224.220.101 - - [30/Jun/2024:03:02:56 +0200] "GET /ticket2/opencms/en/venue/?venueid=50B47957-F9F6-9292-CAD2-22ADFDFA8DE2 HTTP/1.1" 200 71333
185.157.223.150 - - [30/Jun/2024:03:02:59 +0200] "GET /ticket2/tickets_export/outgoing/export.txt HTTP/1.1" 200 24553702
52.70.240.171 - - [30/Jun/2024:03:03:01 +0200] "GET /ticket2/opencms/en/venue/?venueid=A2143F04-641C-B311-284A-E01DFC7E06B3 HTTP/1.1" 200 71347
158.220.124.16 - - [30/Jun/2024:03:03:03 +0200] "GET /ticket2/opencms/se/nl/buy/?page=1&edid=D025BDD3-C290-2C6E-629F-91AA9AC9D0D7&sortorder=desc&column=price HTTP/1.1" 404 -
23.22.35.162 - - [30/Jun/2024:03:03:04 +0200] "GET /ticket2/opencms/en/venue/?venueid=5E4247B1-038D-69C7-681E-59A3027FAB84 HTTP/1.1" 200 71368
3.224.220.101 - - [30/Jun/2024:03:03:08 +0200] "GET /ticket2/opencms/en/venue/?venueid=52D19513-CB12-0EF5-BEF7-06DCF33018BA HTTP/1.1" 200 71462
158.220.124.16 - - [30/Jun/2024:03:03:11 +0200] "GET /ticket2/opencms/se/nl/buy/?page=1&edid=D0713995-7A61-911E-7E61-253175699AC7&sortorder=desc&column=row HTTP/1.1" 404 -
23.22.35.162 - - [30/Jun/2024:03:03:13 +0200] "GET /ticket2/opencms/en/venue/?venueid=22D725DE-51C6-0A7B-C9AD-59BC777D6F28 HTTP/1.1" 200 71356
52.70.240.171 - - [30/Jun/2024:03:03:16 +0200] "GET /ticket2/opencms/en/venue/?venueid=20612A91-4DAD-D682-3443-BFA1071CDA0A HTTP/1.1" 200 71362
158.220.124.16 - - [30/Jun/2024:03:03:20 +0200] "GET /ticket2/opencms/se/nl/buy/?page=1&edid=D0713995-7A61-911E-7E61-253175699AC7&sortorder=desc&column=section HTTP/1.1" 404 -
52.70.240.171 - - [30/Jun/2024:03:03:21 +0200] "GET /ticket2/opencms/en/venue/?venueid=EF9A381D-E146-D5CF-CC6A-B0B8DD77CAB7 HTTP/1.1" 200 71368
