47.128.50.176 - - [30/Jun/2024:02:25:41 +0200] "GET /ticket2/opencms/system/modules/com.gridnine.opencms.ticketbrokerage.site/resources/pics/bank_4_seb.png HTTP/1.1" 200 2487
47.128.50.176 - - [30/Jun/2024:02:25:41 +0200] "GET /ticket2/opencms/system/modules/com.gridnine.opencms.ticketbrokerage.site/resources/pics/bank_5_visa_mastercard.png HTTP/1.1" 200 8196
192.99.7.70 - - [30/Jun/2024:02:25:41 +0200] "GET /ticket2/opencms/dk/en/buy/?page=1&edid=24A282BA-CC6E-1C13-AE23-912C708E8D54&sortorder=asc&column=row HTTP/1.1" 404 -
3.224.220.101 - - [30/Jun/2024:02:25:44 +0200] "GET /ticket2/opencms/no/buy_safety HTTP/1.1" 200 74128
37.57.218.243 - - [30/Jun/2024:02:25:44 +0200] "GET /ticket2/opencms/se/sv/sport/fotbollsbiljetter/em_2020/gruppspel.html HTTP/1.1" 404 -
192.99.7.70 - - [30/Jun/2024:02:25:44 +0200] "GET /ticket2/opencms/dk/en/buy/?page=1&edid=265739E8-98B0-BF90-E2FA-F880C59D272B&sortorder=asc&column=row HTTP/1.1" 404 -
192.95.30.177 - - [30/Jun/2024:02:25:45 +0200] "GET /ticket2/opencms/de/nl/buy/?page=6&comcatid=A17713B6-D984-201A-4143-ED4DB5ED5C2E&catid=A3372871-3019-08B8-80CE-74B78F441ACA&eventid=DFDFE3CE-4FC8-F7B9-D656-A64359A3D356 HTTP/1.1" 404 -
185.191.171.14 - - [30/Jun/2024:02:25:45 +0200] "GET /ticket2/opencms/nl/sport/voetbal-tickets/serie_a/fiorentina/ HTTP/1.1" 200 72860
158.220.119.234 - - [30/Jun/2024:02:25:46 +0200] "GET /ticket2/opencms/se/ru/buy/?page=1&edid=0AB3DF35-C143-1804-D7B0-4D3E0C806A26&sortorder=asc&column=row HTTP/1.1" 404 -
52.70.240.171 - - [30/Jun/2024:02:25:48 +0200] "GET /ticket2/opencms/system/modules/com.gridnine.opencms.ticketbrokerage.site/resources/pics/content/buy_safety_no.png HTTP/1.1" 200 17678
192.99.7.70 - - [30/Jun/2024:02:25:48 +0200] "GET /ticket2/opencms/dk/en/buy/?page=1&edid=265739E8-98B0-BF90-E2FA-F880C59D272B&sortorder=asc&column=section HTTP/1.1" 404 -
192.99.3.137 - - [30/Jun/2024:02:25:49 +0200] "GET /ticket2/opencms/dk/en/buy/?page=1&edid=EBF65105-8705-5548-45E5-1C731A311B76&sortorder=asc&column=section HTTP/1.1" 404 -
158.220.124.16 - - [30/Jun/2024:02:25:51 +0200] "GET /ticket2/opencms/se/nl/buy/?page=1&edid=9B9311EB-B4D2-9499-BE79-EAD276FCD2D7 HTTP/1.1" 404 -
192.99.7.70 - - [30/Jun/2024:02:25:52 +0200] "GET /ticket2/opencms/dk/en/buy/?page=1&edid=2660205E-3046-2335-41BF-48416E2E0F4C&sortorder=asc&column=price HTTP/1.1" 404 -
52.70.240.171 - - [30/Jun/2024:02:25:52 +0200] "GET /ticket2/opencms/no/terms_of_service/ HTTP/1.1" 200 83715
216.245.221.83 - - [30/Jun/2024:02:25:53 +0200] "HEAD /ticket2/opencms/ HTTP/1.1" 302 -
216.245.221.83 - - [30/Jun/2024:02:25:54 +0200] "HEAD /ticket2/opencms/en/ HTTP/1.1" 200 -
192.95.30.177 - - [30/Jun/2024:02:25:55 +0200] "GET /ticket2/opencms/de/nl/buy/?page=6&comcatid=A17713B6-D984-201A-4143-ED4DB5ED5C2E&catid=A4D9EA9A-192D-0274-BF26-9C98D8B902AB HTTP/1.1" 404 -
192.99.7.70 - - [30/Jun/2024:02:25:55 +0200] "GET /ticket2/opencms/dk/en/buy/?page=1&edid=2660205E-3046-2335-41BF-48416E2E0F4C&sortorder=asc&column=row HTTP/1.1" 404 -
52.70.240.171 - - [30/Jun/2024:02:25:56 +0200] "GET /ticket2/opencms/en/terms_of_service/ HTTP/1.1" 200 82219
158.220.119.234 - - [30/Jun/2024:02:25:56 +0200] "GET /ticket2/opencms/se/ru/buy/?page=1&edid=0C964CA7-3C45-535D-15FE-520A14005C78&sortorder=asc&column=row HTTP/1.1" 404 -
192.99.7.70 - - [30/Jun/2024:02:25:58 +0200] "GET /ticket2/opencms/dk/en/buy/?page=1&edid=26C06500-533F-55A4-A39D-3266B4B0A4E1&sortorder=asc&column=price HTTP/1.1" 404 -
51.222.253.2 - - [30/Jun/2024:02:25:58 +0200] "GET /ticket2/opencms/en/venue/?venueid=E687CB5D-1F58-A3FC-2BFA-4F29DD5C8850 HTTP/1.1" 200 71324
23.22.35.162 - - [30/Jun/2024:02:26:00 +0200] "GET /ticket2/opencms/no/handbook_seller/ HTTP/1.1" 200 80174
47.128.50.54 - - [30/Jun/2024:02:26:02 +0200] "GET /ticket2/opencms/fi/buy/?eventid=51142925-34D0-DC94-FE4A-BE4925423608&page=10&venueid=6D8A0FE7-2FEF-4BDE-AC7E-1937EABDAEF4 HTTP/1.1" 200 74404
192.99.7.70 - - [30/Jun/2024:02:26:02 +0200] "GET /ticket2/opencms/dk/en/buy/?page=1&edid=26C06500-533F-55A4-A39D-3266B4B0A4E1&sortorder=asc&column=row HTTP/1.1" 404 -
47.128.50.54 - - [30/Jun/2024:02:26:02 +0200] "GET /ticket2/opencms/system/modules/com.gridnine.opencms.ticketbrokerage.site/resources/js/functions.js HTTP/1.1" 200 1583
47.128.50.54 - - [30/Jun/2024:02:26:03 +0200] "GET /ticket2/opencms/system/modules/com.gridnine.opencms.ticketbrokerage.site/resources/pics/logo-new.png HTTP/1.1" 200 13541
47.128.50.54 - - [30/Jun/2024:02:26:03 +0200] "GET /ticket2/opencms/system/modules/com.gridnine.opencms.ticketbrokerage.site/resources/pics/bank_1_nordea.png HTTP/1.1" 200 4807
47.128.50.54 - - [30/Jun/2024:02:26:03 +0200] "GET /ticket2/opencms/system/modules/com.gridnine.opencms.ticketbrokerage.site/resources/pics/bank_4_seb.png HTTP/1.1" 200 2487
47.128.50.54 - - [30/Jun/2024:02:26:04 +0200] "GET /ticket2/opencms/system/modules/com.gridnine.opencms.ticketbrokerage.site/resources/pics/bank_2_handelsbanken.png HTTP/1.1" 200 4509
47.128.50.54 - - [30/Jun/2024:02:26:04 +0200] "GET /ticket2/opencms/system/modules/com.gridnine.opencms.ticketbrokerage.site/resources/pics/bank_5_visa_mastercard.png HTTP/1.1" 200 8196
47.128.50.54 - - [30/Jun/2024:02:26:04 +0200] "GET /ticket2/opencms/system/modules/com.gridnine.opencms.ticketbrokerage.site/resources/pics/bank_3_swedbank.png HTTP/1.1" 200 5740
47.128.50.54 - - [30/Jun/2024:02:26:04 +0200] "GET /ticket2/opencms/system/modules/com.gridnine.opencms.ticketbrokerage.site/resources/pics/bank_6_american_express.png HTTP/1.1" 200 5570
52.70.240.171 - - [30/Jun/2024:02:26:04 +0200] "GET /ticket2/opencms/en/selling_tickets/ HTTP/1.1" 200 71948
192.99.7.70 - - [30/Jun/2024:02:26:05 +0200] "GET /ticket2/opencms/dk/en/buy/?page=1&edid=26C06500-533F-55A4-A39D-3266B4B0A4E1&sortorder=asc&column=section HTTP/1.1" 404 -
158.220.119.234 - - [30/Jun/2024:02:26:06 +0200] "GET /ticket2/opencms/se/ru/buy/?page=1&edid=0CBB46CA-9AD5-9B88-BA0F-7754E32E2606&sortorder=desc&column=price HTTP/1.1" 404 -
192.95.30.177 - - [30/Jun/2024:02:26:08 +0200] "GET /ticket2/opencms/de/nl/buy/?page=6&comcatid=A17713B6-D984-201A-4143-ED4DB5ED5C2E&catid=A7674DEA-B39E-502C-2F76-760AE08947E9 HTTP/1.1" 404 -
3.224.220.101 - - [30/Jun/2024:02:26:08 +0200] "GET /ticket2/opencms/system/modules/com.gridnine.opencms.ticketbrokerage.site/resources/pics/content/sell_tickets_en.png HTTP/1.1" 200 16127
192.99.7.70 - - [30/Jun/2024:02:26:09 +0200] "GET /ticket2/opencms/dk/en/buy/?page=1&edid=270F38E4-5FB7-37F7-3E47-4F8D59240B68&sortorder=asc&column=price HTTP/1.1" 404 -
192.99.3.137 - - [30/Jun/2024:02:26:10 +0200] "GET /ticket2/opencms/dk/en/buy/?page=1&edid=EC40BF80-F7FC-3506-8E81-D12F1DBA4B04&sortorder=asc&column=price HTTP/1.1" 404 -
216.244.66.196 - - [30/Jun/2024:02:26:12 +0200] "GET /ticket2/opencms/sv/buy?page=1&edid=155A8AD9-1DB8-C195-1912-F1BA2EAEC8CF HTTP/1.1" 200 87502
192.99.7.70 - - [30/Jun/2024:02:26:12 +0200] "GET /ticket2/opencms/dk/en/buy/?page=1&edid=270F38E4-5FB7-37F7-3E47-4F8D59240B68&sortorder=asc&column=row HTTP/1.1" 404 -
23.22.35.162 - - [30/Jun/2024:02:26:13 +0200] "GET /ticket2/opencms/no/selling_tickets/ HTTP/1.1" 200 73045
52.70.240.171 - - [30/Jun/2024:02:26:16 +0200] "GET /ticket2/opencms/system/modules/com.gridnine.opencms.ticketbrokerage.site/resources/pics/content/sell_tickets_no.png HTTP/1.1" 200 16581
192.99.7.70 - - [30/Jun/2024:02:26:16 +0200] "GET /ticket2/opencms/dk/en/buy/?page=1&edid=270F38E4-5FB7-37F7-3E47-4F8D59240B68&sortorder=asc&column=section HTTP/1.1" 404 -
158.220.119.234 - - [30/Jun/2024:02:26:16 +0200] "GET /ticket2/opencms/se/ru/buy/?page=1&edid=0CC82007-46C5-0DC1-C8E4-00D5696ECF20&sortorder=asc&column=row HTTP/1.1" 404 -
66.249.76.168 - - [30/Jun/2024:02:26:18 +0200] "GET /ticket2/opencms/sv/sport/fotbollsbiljetter/bundesliga/ HTTP/1.1" 200 80473
66.249.76.161 - - [30/Jun/2024:02:26:18 +0200] "GET /ticket2/opencms/sv/faq HTTP/1.1" 200 75985
192.95.30.177 - - [30/Jun/2024:02:26:19 +0200] "GET /ticket2/opencms/de/nl/buy/?page=6&comcatid=A17713B6-D984-201A-4143-ED4DB5ED5C2E&catid=AE3FE643-AE41-BAA6-237D-5206D1B044A1 HTTP/1.1" 404 -
85.208.96.201 - - [30/Jun/2024:02:26:19 +0200] "GET /ticket2/opencms/sv/sport/fotbollsbiljetter/english-championship/sunderland/ HTTP/1.1" 200 73699
192.99.7.70 - - [30/Jun/2024:02:26:19 +0200] "GET /ticket2/opencms/dk/en/buy/?page=1&edid=282735E1-4F75-14CE-2593-57DD0FA672D1&sortorder=asc&column=price HTTP/1.1" 404 -
52.70.240.171 - - [30/Jun/2024:02:26:20 +0200] "GET /ticket2/opencms/en/handbook_buyer/ HTTP/1.1" 200 78823
192.99.7.70 - - [30/Jun/2024:02:26:23 +0200] "GET /ticket2/opencms/dk/en/buy/?page=1&edid=28C66934-8816-E693-E8DA-B35164D8DE57&sortorder=asc&column=price HTTP/1.1" 404 -
47.128.29.27 - - [30/Jun/2024:02:26:24 +0200] "GET /ticket2/opencms/fi/venue/?venueid=66E1E988-5937-F001-455A-788C6919D4BB HTTP/1.1" 200 74884
23.22.35.162 - - [30/Jun/2024:02:26:24 +0200] "GET /ticket2/opencms/no/handbook_buyer/ HTTP/1.1" 200 79402
47.128.29.27 - - [30/Jun/2024:02:26:24 +0200] "GET /ticket2/opencms/system/modules/com.gridnine.opencms.ticketbrokerage.site/resources/pics/logo-new.png HTTP/1.1" 200 13541
47.128.29.27 - - [30/Jun/2024:02:26:25 +0200] "GET /ticket2/opencms/venue/stamford_bridge.png HTTP/1.1" 200 51972
158.220.119.234 - - [30/Jun/2024:02:26:25 +0200] "GET /ticket2/opencms/se/ru/buy/?page=1&edid=0CC82007-46C5-0DC1-C8E4-00D5696ECF20&sortorder=desc&column=price HTTP/1.1" 404 -
47.128.29.27 - - [30/Jun/2024:02:26:26 +0200] "GET /ticket2/opencms/system/modules/com.gridnine.opencms.ticketbrokerage.site/resources/pics/bank_1_nordea.png HTTP/1.1" 200 4807
47.128.29.27 - - [30/Jun/2024:02:26:26 +0200] "GET /ticket2/opencms/system/modules/com.gridnine.opencms.ticketbrokerage.site/resources/pics/bank_6_american_express.png HTTP/1.1" 200 5570
47.128.29.27 - - [30/Jun/2024:02:26:26 +0200] "GET /ticket2/opencms/system/modules/com.gridnine.opencms.ticketbrokerage.site/resources/pics/bank_2_handelsbanken.png HTTP/1.1" 200 4509
47.128.29.27 - - [30/Jun/2024:02:26:26 +0200] "GET /ticket2/opencms/system/modules/com.gridnine.opencms.ticketbrokerage.site/resources/pics/bank_4_seb.png HTTP/1.1" 200 2487
47.128.29.27 - - [30/Jun/2024:02:26:26 +0200] "GET /ticket2/opencms/system/modules/com.gridnine.opencms.ticketbrokerage.site/resources/pics/bank_3_swedbank.png HTTP/1.1" 200 5740
47.128.29.27 - - [30/Jun/2024:02:26:26 +0200] "GET /ticket2/opencms/system/modules/com.gridnine.opencms.ticketbrokerage.site/resources/pics/bank_5_visa_mastercard.png HTTP/1.1" 200 8196
192.99.7.70 - - [30/Jun/2024:02:26:26 +0200] "GET /ticket2/opencms/dk/en/buy/?page=1&edid=28FE0D80-AF6C-4AA1-8D78-65E3D3DBF7A3&sortorder=asc&column=row HTTP/1.1" 404 -
158.220.124.16 - - [30/Jun/2024:02:26:26 +0200] "GET /ticket2/opencms/se/nl/buy/?page=1&edid=9B9311EB-B4D2-9499-BE79-EAD276FCD2D7&sortorder=desc&column=row HTTP/1.1" 404 -
192.99.3.137 - - [30/Jun/2024:02:26:29 +0200] "GET /ticket2/opencms/dk/en/buy/?page=1&edid=EC40BF80-F7FC-3506-8E81-D12F1DBA4B04&sortorder=asc&column=row HTTP/1.1" 404 -
192.95.30.177 - - [30/Jun/2024:02:26:29 +0200] "GET /ticket2/opencms/de/nl/buy/?page=6&comcatid=A17713B6-D984-201A-4143-ED4DB5ED5C2E&catid=B0817F4C-4B6F-A68C-6229-209BB05F84D4 HTTP/1.1" 404 -
192.99.7.70 - - [30/Jun/2024:02:26:30 +0200] "GET /ticket2/opencms/dk/en/buy/?page=1&edid=28FE0D80-AF6C-4AA1-8D78-65E3D3DBF7A3&sortorder=asc&column=section HTTP/1.1" 404 -
3.224.220.101 - - [30/Jun/2024:02:26:32 +0200] "GET /ticket2/opencms/en/login HTTP/1.1" 200 73431
192.99.7.70 - - [30/Jun/2024:02:26:33 +0200] "GET /ticket2/opencms/dk/en/buy/?page=1&edid=2AF69BD4-F184-D39C-9003-BFC19DC4F8FB&sortorder=asc&column=row HTTP/1.1" 404 -
23.22.35.162 - - [30/Jun/2024:02:26:36 +0200] "GET /ticket2/opencms/no/login HTTP/1.1" 200 74756
158.220.119.234 - - [30/Jun/2024:02:26:36 +0200] "GET /ticket2/opencms/se/ru/buy/?page=1&edid=0CC82007-46C5-0DC1-C8E4-00D5696ECF20&sortorder=desc&column=row HTTP/1.1" 404 -
192.99.7.70 - - [30/Jun/2024:02:26:37 +0200] "GET /ticket2/opencms/dk/en/buy/?page=1&edid=2BCF554F-F8EF-4953-B86E-72FD3395B753&sortorder=asc&column=row HTTP/1.1" 404 -
192.95.30.177 - - [30/Jun/2024:02:26:38 +0200] "GET /ticket2/opencms/de/nl/buy/?page=6&comcatid=A17713B6-D984-201A-4143-ED4DB5ED5C2E&catid=BDD8C04C-DD99-1C07-B5F3-F2AB98D157E8 HTTP/1.1" 404 -
23.22.35.162 - - [30/Jun/2024:02:26:40 +0200] "GET /ticket2/opencms/en/legal_info/ HTTP/1.1" 200 72316
192.99.7.70 - - [30/Jun/2024:02:26:40 +0200] "GET /ticket2/opencms/dk/en/buy/?page=1&edid=2C223FC3-44F4-8846-CCA3-0CD3173CFC72&sortorder=asc&column=section HTTP/1.1" 404 -
192.99.3.137 - - [30/Jun/2024:02:26:42 +0200] "GET /ticket2/opencms/dk/en/buy/?page=1&edid=ED12BD15-F1EE-A994-CF65-0C6715AA0F46&sortorder=asc&column=price HTTP/1.1" 404 -
51.222.253.3 - - [30/Jun/2024:02:26:43 +0200] "GET /ticket2/opencms/en/venue/?venueid=668FA348-5F37-61C1-5A07-66229040EC65 HTTP/1.1" 200 71393
192.99.7.70 - - [30/Jun/2024:02:26:44 +0200] "GET /ticket2/opencms/dk/en/buy/?page=1&edid=2C38A8F3-3FDB-4275-5B70-01B082026DE0&sortorder=asc&column=price HTTP/1.1" 404 -
52.70.240.171 - - [30/Jun/2024:02:26:44 +0200] "GET /ticket2/opencms/no/legal_info/ HTTP/1.1" 200 73925
158.220.119.234 - - [30/Jun/2024:02:26:45 +0200] "GET /ticket2/opencms/se/ru/buy/?page=1&edid=0CE3D1ED-F140-A773-89C8-A7BE93A5CFA7&sortorder=asc&column=price HTTP/1.1" 404 -
192.99.7.70 - - [30/Jun/2024:02:26:47 +0200] "GET /ticket2/opencms/dk/en/buy/?page=1&edid=2C9301FE-8B6D-05AF-6878-55535F4B8D48 HTTP/1.1" 404 -
23.22.35.162 - - [30/Jun/2024:02:26:48 +0200] "GET /ticket2/opencms/en/newsletter/ HTTP/1.1" 200 75022
192.95.30.177 - - [30/Jun/2024:02:26:48 +0200] "GET /ticket2/opencms/de/nl/buy/?page=6&comcatid=A17713B6-D984-201A-4143-ED4DB5ED5C2E&catid=BE041FBE-C1A7-918C-EB61-99ED02D12F5B HTTP/1.1" 404 -
192.99.7.70 - - [30/Jun/2024:02:26:51 +0200] "GET /ticket2/opencms/dk/en/buy/?page=1&edid=2CAB5555-278E-85B1-698D-866B9B29BE8E&sortorder=asc&column=row HTTP/1.1" 404 -
192.99.3.137 - - [30/Jun/2024:02:26:53 +0200] "GET /ticket2/opencms/dk/en/buy/?page=1&edid=ED12BD15-F1EE-A994-CF65-0C6715AA0F46&sortorder=asc&column=section HTTP/1.1" 404 -
192.99.7.70 - - [30/Jun/2024:02:26:54 +0200] "GET /ticket2/opencms/dk/en/buy/?page=1&edid=2CAB5555-278E-85B1-698D-866B9B29BE8E&sortorder=asc&column=section HTTP/1.1" 404 -
158.220.119.234 - - [30/Jun/2024:02:26:55 +0200] "GET /ticket2/opencms/se/ru/buy/?page=1&edid=0CE3D1ED-F140-A773-89C8-A7BE93A5CFA7&sortorder=asc&column=row HTTP/1.1" 404 -
3.224.220.101 - - [30/Jun/2024:02:26:56 +0200] "GET /ticket2/opencms/en/faq HTTP/1.1" 200 73988
40.77.167.55 - - [30/Jun/2024:02:26:57 +0200] "GET /ticket2/opencms/en/buy/?page=1&edid=D043CDD5-19AD-6C61-D1D2-61E77E8E5D54 HTTP/1.1" 200 85194
192.95.30.177 - - [30/Jun/2024:02:26:58 +0200] "GET /ticket2/opencms/de/nl/buy/?page=6&comcatid=A17713B6-D984-201A-4143-ED4DB5ED5C2E&catid=C0DF818C-DB21-6E2E-4056-DB751FFE0C41 HTTP/1.1" 404 -
192.99.7.70 - - [30/Jun/2024:02:26:58 +0200] "GET /ticket2/opencms/dk/en/buy/?page=1&edid=2D38B293-6E7E-C864-3493-2CA274C1E20F&sortorder=desc&column=price HTTP/1.1" 404 -
158.220.124.16 - - [30/Jun/2024:02:26:58 +0200] "GET /ticket2/opencms/se/nl/buy/?page=1&edid=9B9311EB-B4D2-9499-BE79-EAD276FCD2D7&sortorder=desc&column=section HTTP/1.1" 404 -
23.22.35.162 - - [30/Jun/2024:02:26:59 +0200] "GET /ticket2/opencms/system/modules/com.gridnine.opencms.ticketbrokerage.site/resources/pics/content/faq_en.png HTTP/1.1" 200 14226
192.99.7.70 - - [30/Jun/2024:02:27:02 +0200] "GET /ticket2/opencms/dk/en/buy/?page=1&edid=2DED7F6B-68C5-9FFA-DD15-822B450F9317&sortorder=asc&column=price HTTP/1.1" 404 -
3.224.220.101 - - [30/Jun/2024:02:27:04 +0200] "GET /ticket2/opencms/no/faq HTTP/1.1" 200 76723
192.99.7.70 - - [30/Jun/2024:02:27:05 +0200] "GET /ticket2/opencms/dk/en/buy/?page=1&edid=2DED7F6B-68C5-9FFA-DD15-822B450F9317&sortorder=asc&column=row HTTP/1.1" 404 -
158.220.119.234 - - [30/Jun/2024:02:27:05 +0200] "GET /ticket2/opencms/se/ru/buy/?page=1&edid=0CE3D1ED-F140-A773-89C8-A7BE93A5CFA7&sortorder=asc&column=section HTTP/1.1" 404 -
192.95.30.177 - - [30/Jun/2024:02:27:07 +0200] "GET /ticket2/opencms/de/nl/buy/?page=6&comcatid=A17713B6-D984-201A-4143-ED4DB5ED5C2E&catid=C48671DB-5AEB-8CE2-928E-38417FFBE085 HTTP/1.1" 404 -
23.22.35.162 - - [30/Jun/2024:02:27:08 +0200] "GET /ticket2/opencms/system/modules/com.gridnine.opencms.ticketbrokerage.site/resources/pics/content/faq_no.png HTTP/1.1" 200 18082
192.99.3.137 - - [30/Jun/2024:02:27:08 +0200] "GET /ticket2/opencms/dk/fi/venue/?countryid=ACBCEDDC-478F-6F5C-046F-A1A55C83F98D HTTP/1.1" 404 -
192.99.7.70 - - [30/Jun/2024:02:27:08 +0200] "GET /ticket2/opencms/dk/en/buy/?page=1&edid=2E4F8B90-0A99-D872-0996-CB4BBB296F52&sortorder=asc&column=price HTTP/1.1" 404 -
192.99.7.70 - - [30/Jun/2024:02:27:12 +0200] "GET /ticket2/opencms/dk/en/buy/?page=1&edid=2FD48537-60A4-0DC2-BE15-66B133E49E64&sortorder=asc&column=row HTTP/1.1" 404 -
3.224.220.101 - - [30/Jun/2024:02:27:12 +0200] "GET /ticket2/opencms/no/sport/fotballsbilletter/serie_a/ HTTP/1.1" 200 78559
216.245.221.83 - - [30/Jun/2024:02:27:13 +0200] "HEAD /ticket2/opencms/ HTTP/1.1" 302 -
216.245.221.83 - - [30/Jun/2024:02:27:14 +0200] "HEAD /ticket2/opencms/en/ HTTP/1.1" 200 -
158.220.119.234 - - [30/Jun/2024:02:27:14 +0200] "GET /ticket2/opencms/se/ru/buy/?page=1&edid=0CE3D1ED-F140-A773-89C8-A7BE93A5CFA7&sortorder=desc&column=price HTTP/1.1" 404 -
192.99.7.70 - - [30/Jun/2024:02:27:15 +0200] "GET /ticket2/opencms/dk/en/buy/?page=1&edid=30200B49-0C6A-0FD5-A135-5DDF21126FD7&sortorder=asc&column=price HTTP/1.1" 404 -
23.22.35.162 - - [30/Jun/2024:02:27:16 +0200] "GET /ticket2/opencms/no/sport/fotballsbilletter/la_liga/ HTTP/1.1" 200 78687
192.95.30.177 - - [30/Jun/2024:02:27:16 +0200] "GET /ticket2/opencms/de/nl/buy/?page=6&comcatid=A17713B6-D984-201A-4143-ED4DB5ED5C2E&catid=C871EAE3-C584-718A-9795-07CDEF43FA75 HTTP/1.1" 404 -
66.249.66.67 - - [30/Jun/2024:02:27:19 +0200] "GET /ticket2/opencms/sv/sport/fotbollsbiljetter/premier_league/ HTTP/1.1" 200 80300
192.99.7.70 - - [30/Jun/2024:02:27:19 +0200] "GET /ticket2/opencms/dk/en/buy/?page=1&edid=34369143-EE09-7921-D46F-D306C56FD689&sortorder=asc&column=row HTTP/1.1" 404 -
3.224.220.101 - - [30/Jun/2024:02:27:20 +0200] "GET /ticket2/opencms/system/modules/com.gridnine.opencms.ticketbrokerage.site/resources/pics/banners/sv/la_liga_sv.png HTTP/1.1" 200 13455
158.220.124.16 - - [30/Jun/2024:02:27:22 +0200] "GET /ticket2/opencms/se/nl/buy/?page=1&edid=9C91C697-B406-6838-E8EE-67CCBD777A69&sortorder=desc&column=row HTTP/1.1" 404 -
192.99.7.70 - - [30/Jun/2024:02:27:22 +0200] "GET /ticket2/opencms/dk/en/buy/?page=1&edid=3F03396F-3992-F037-AAF5-4DAE8D2B17F4&sortorder=asc&column=section HTTP/1.1" 404 -
158.220.119.234 - - [30/Jun/2024:02:27:23 +0200] "GET /ticket2/opencms/se/ru/buy/?page=1&edid=0CE3D1ED-F140-A773-89C8-A7BE93A5CFA7&sortorder=desc&column=row HTTP/1.1" 404 -
23.22.35.162 - - [30/Jun/2024:02:27:24 +0200] "GET /ticket2/opencms/no/sport/fotballsbilletter/champions_league/ HTTP/1.1" 200 79034
192.99.3.137 - - [30/Jun/2024:02:27:25 +0200] "GET /ticket2/opencms/dk/fi/venue/?countryid=BA1BF93B-47B3-318B-02DF-4D6F84D30854 HTTP/1.1" 404 -
192.95.30.177 - - [30/Jun/2024:02:27:25 +0200] "GET /ticket2/opencms/de/nl/buy/?page=6&comcatid=A17713B6-D984-201A-4143-ED4DB5ED5C2E&catid=D08E96E8-A514-9E09-4E22-63713911E0B8 HTTP/1.1" 404 -
192.99.7.70 - - [30/Jun/2024:02:27:26 +0200] "GET /ticket2/opencms/dk/en/buy/?page=1&edid=3F87137A-1EEA-8B97-ED7A-AF9E348CC6BD&sortorder=asc&column=section HTTP/1.1" 404 -
3.224.220.101 - - [30/Jun/2024:02:27:28 +0200] "GET /ticket2/opencms/no/sport/fotballsbilletter/premier_league/ HTTP/1.1" 200 80512
192.99.7.70 - - [30/Jun/2024:02:27:29 +0200] "GET /ticket2/opencms/dk/en/buy/?page=1&edid=405C0F58-088A-B30D-4CF5-534348FD33D1&sortorder=asc&column=row HTTP/1.1" 404 -
47.128.46.80 - - [30/Jun/2024:02:27:30 +0200] "GET /ticket2/opencms/no/buy/?catid=3A7AEA37-903D-9533-4B33-21B0001FF1D1&comcatid=A17713B6-D984-201A-4143-ED4DB5ED5C2E&page=7 HTTP/1.1" 200 83081
47.128.46.80 - - [30/Jun/2024:02:27:31 +0200] "GET /ticket2/opencms/system/modules/com.gridnine.opencms.ticketbrokerage.site/resources/pics/logo-new.png HTTP/1.1" 200 13541
51.222.253.10 - - [30/Jun/2024:02:27:31 +0200] "GET /ticket2/opencms/en/venue/?venueid=CEBAC815-5D1D-DBE9-245F-8746AEBA6E09 HTTP/1.1" 200 71372
47.128.46.80 - - [30/Jun/2024:02:27:31 +0200] "GET /ticket2/opencms/system/modules/com.gridnine.opencms.ticketbrokerage.site/resources/pics/bank_3_swedbank.png HTTP/1.1" 200 5740
47.128.46.80 - - [30/Jun/2024:02:27:32 +0200] "GET /ticket2/opencms/system/modules/com.gridnine.opencms.ticketbrokerage.site/resources/pics/bank_2_handelsbanken.png HTTP/1.1" 200 4509
23.22.35.162 - - [30/Jun/2024:02:27:32 +0200] "GET /ticket2/opencms/en/sport/football-tickets/serie_a/ HTTP/1.1" 200 77907
47.128.46.80 - - [30/Jun/2024:02:27:32 +0200] "GET /ticket2/opencms/system/modules/com.gridnine.opencms.ticketbrokerage.site/resources/pics/bank_1_nordea.png HTTP/1.1" 200 4807
47.128.46.80 - - [30/Jun/2024:02:27:32 +0200] "GET /ticket2/opencms/system/modules/com.gridnine.opencms.ticketbrokerage.site/resources/pics/bank_5_visa_mastercard.png HTTP/1.1" 200 8196
47.128.46.80 - - [30/Jun/2024:02:27:32 +0200] "GET /ticket2/opencms/system/modules/com.gridnine.opencms.ticketbrokerage.site/resources/pics/bank_4_seb.png HTTP/1.1" 200 2487
47.128.46.80 - - [30/Jun/2024:02:27:32 +0200] "GET /ticket2/opencms/system/modules/com.gridnine.opencms.ticketbrokerage.site/resources/pics/bank_6_american_express.png HTTP/1.1" 200 5570
192.99.7.70 - - [30/Jun/2024:02:27:33 +0200] "GET /ticket2/opencms/dk/en/buy/?page=1&edid=405C0F58-088A-B30D-4CF5-534348FD33D1&sortorder=asc&column=section HTTP/1.1" 404 -
158.220.119.234 - - [30/Jun/2024:02:27:34 +0200] "GET /ticket2/opencms/se/ru/buy/?page=1&edid=0CE3D1ED-F140-A773-89C8-A7BE93A5CFA7&sortorder=desc&column=section HTTP/1.1" 404 -
192.95.30.177 - - [30/Jun/2024:02:27:36 +0200] "GET /ticket2/opencms/de/nl/buy/?page=6&comcatid=A17713B6-D984-201A-4143-ED4DB5ED5C2E&catid=D8B345C9-F7A5-E620-4B43-C34EB0D6885B HTTP/1.1" 404 -
52.70.240.171 - - [30/Jun/2024:02:27:37 +0200] "GET /ticket2/opencms/en/sport/football-tickets/la-liga/ HTTP/1.1" 200 78726
192.99.7.70 - - [30/Jun/2024:02:27:37 +0200] "GET /ticket2/opencms/dk/en/buy/?page=1&edid=40B479D3-21EE-894D-F38D-1B68A6108A49&sortorder=asc&column=row HTTP/1.1" 404 -
3.224.220.101 - - [30/Jun/2024:02:27:40 +0200] "GET /ticket2/opencms/no/sport/fotballsbilletter/champions_league/real_madrid.html HTTP/1.1" 200 74651
192.99.7.70 - - [30/Jun/2024:02:27:40 +0200] "GET /ticket2/opencms/dk/en/buy/?page=1&edid=45C163E6-DE3F-1027-9D58-1BEEA8CF129B HTTP/1.1" 404 -
192.99.7.70 - - [30/Jun/2024:02:27:44 +0200] "GET /ticket2/opencms/dk/en/buy/?page=1&edid=45C163E6-DE3F-1027-9D58-1BEEA8CF129B&sortorder=desc&column=row HTTP/1.1" 404 -
158.220.119.234 - - [30/Jun/2024:02:27:44 +0200] "GET /ticket2/opencms/se/ru/buy/?page=1&edid=0D0ADBCB-6EBA-B656-73A6-7D7B7FC3C3FA&sortorder=desc&column=row HTTP/1.1" 404 -
192.95.30.177 - - [30/Jun/2024:02:27:44 +0200] "GET /ticket2/opencms/de/nl/buy/?page=6&comcatid=A17713B6-D984-201A-4143-ED4DB5ED5C2E&catid=D8B345C9-F7A5-E620-4B43-C34EB0D6885B&eventid=473D0D80-318B-9AEF-7923-42B4F01AAAE6 HTTP/1.1" 404 -
192.99.7.70 - - [30/Jun/2024:02:27:47 +0200] "GET /ticket2/opencms/dk/en/buy/?page=1&edid=45C163E6-DE3F-1027-9D58-1BEEA8CF129B&sortorder=desc&column=section HTTP/1.1" 404 -
23.22.35.162 - - [30/Jun/2024:02:27:48 +0200] "GET /ticket2/opencms/sv/partners/fotbolldirekt/ HTTP/1.1" 200 71543
192.99.3.137 - - [30/Jun/2024:02:27:49 +0200] "GET /ticket2/opencms/dk/fi/venue/?countryid=C02FA7EF-C506-8CCA-9C06-722A0E6233D0 HTTP/1.1" 404 -
192.99.7.70 - - [30/Jun/2024:02:27:51 +0200] "GET /ticket2/opencms/dk/en/buy/?page=1&edid=46108B14-35CC-5C82-3570-2C0C468740A5&sortorder=asc&column=price HTTP/1.1" 404 -
52.70.240.171 - - [30/Jun/2024:02:27:52 +0200] "GET /ticket2/opencms/system/modules/com.gridnine.opencms.ticketbrokerage.site/resources/pics/banners/sv/officiella_partners.png HTTP/1.1" 200 12585
192.95.30.177 - - [30/Jun/2024:02:27:52 +0200] "GET /ticket2/opencms/de/nl/buy/?page=6&comcatid=A17713B6-D984-201A-4143-ED4DB5ED5C2E&catid=D8B345C9-F7A5-E620-4B43-C34EB0D6885B&eventid=78296403-093D-5D8F-011A-DB87D87C6529 HTTP/1.1" 404 -
114.119.137.43 - - [30/Jun/2024:02:27:54 +0200] "GET /ticket2/opencms/en/sell/?edid=5CBE1444-05D3-F207-3749-8D0A631D5B7F HTTP/1.1" 302 -
192.99.7.70 - - [30/Jun/2024:02:27:54 +0200] "GET /ticket2/opencms/dk/en/buy/?page=1&edid=480EA493-0E5F-7F69-07F4-58B5BF351D39&sortorder=asc&column=price HTTP/1.1" 404 -
158.220.119.234 - - [30/Jun/2024:02:27:54 +0200] "GET /ticket2/opencms/se/ru/buy/?page=1&edid=0D0ADBCB-6EBA-B656-73A6-7D7B7FC3C3FA&sortorder=desc&column=section HTTP/1.1" 404 -
114.119.137.43 - - [30/Jun/2024:02:27:58 +0200] "GET /ticket2/opencms/en/login/?url=/en/sell/ HTTP/1.1" 200 73431
192.99.7.70 - - [30/Jun/2024:02:27:58 +0200] "GET /ticket2/opencms/dk/en/buy/?page=1&edid=480EA493-0E5F-7F69-07F4-58B5BF351D39&sortorder=asc&column=section HTTP/1.1" 404 -
192.95.30.177 - - [30/Jun/2024:02:28:00 +0200] "GET /ticket2/opencms/de/nl/buy/?page=6&comcatid=A17713B6-D984-201A-4143-ED4DB5ED5C2E&catid=D8B345C9-F7A5-E620-4B43-C34EB0D6885B&eventid=C7133DB2-11AE-0675-7328-58F27D8E8199 HTTP/1.1" 404 -
52.70.240.171 - - [30/Jun/2024:02:28:00 +0200] "GET /ticket2/opencms/partners/?page=2 HTTP/1.1" 200 14828
158.220.124.16 - - [30/Jun/2024:02:28:01 +0200] "GET /ticket2/opencms/se/nl/buy/?page=1&edid=9C91C697-B406-6838-E8EE-67CCBD777A69&sortorder=desc&column=section HTTP/1.1" 404 -
192.99.7.70 - - [30/Jun/2024:02:28:01 +0200] "GET /ticket2/opencms/dk/en/buy/?page=1&edid=48E039F7-006E-1F50-BADB-DE9D9973E789&sortorder=asc&column=price HTTP/1.1" 404 -
158.220.119.234 - - [30/Jun/2024:02:28:04 +0200] "GET /ticket2/opencms/se/ru/buy/?page=1&edid=0D2EC695-B2F9-EA80-FC12-287C32ED8810 HTTP/1.1" 404 -
23.22.35.162 - - [30/Jun/2024:02:28:04 +0200] "GET /ticket2/opencms/partners/?page=1 HTTP/1.1" 200 14828
192.99.7.70 - - [30/Jun/2024:02:28:05 +0200] "GET /ticket2/opencms/dk/en/buy/?page=1&edid=48E039F7-006E-1F50-BADB-DE9D9973E789&sortorder=asc&column=row HTTP/1.1" 404 -
192.95.30.177 - - [30/Jun/2024:02:28:07 +0200] "GET /ticket2/opencms/de/nl/buy/?page=6&comcatid=A17713B6-D984-201A-4143-ED4DB5ED5C2E&catid=E92E6B1B-7CD1-74B1-312C-265A7D8125D0 HTTP/1.1" 404 -
23.22.35.162 - - [30/Jun/2024:02:28:08 +0200] "GET /ticket2/opencms/en/sport/football-tickets/premier_league/ HTTP/1.1" 200 78517
192.99.7.70 - - [30/Jun/2024:02:28:08 +0200] "GET /ticket2/opencms/dk/en/buy/?page=1&edid=48E039F7-006E-1F50-BADB-DE9D9973E789&sortorder=asc&column=section HTTP/1.1" 404 -
192.99.3.137 - - [30/Jun/2024:02:28:09 +0200] "GET /ticket2/opencms/dk/fi/venue/?countryid=D9C90621-DB02-1B5C-863E-8CD5BDDB79A3 HTTP/1.1" 404 -
158.220.119.234 - - [30/Jun/2024:02:28:12 +0200] "GET /ticket2/opencms/se/ru/buy/?page=1&edid=0D2EC695-B2F9-EA80-FC12-287C32ED8810&sortorder=desc&column=price HTTP/1.1" 404 -
23.22.35.162 - - [30/Jun/2024:02:28:12 +0200] "GET /ticket2/opencms/en/standard/ HTTP/1.1" 200 84557
192.95.30.177 - - [30/Jun/2024:02:28:15 +0200] "GET /ticket2/opencms/de/nl/buy/?page=6&comcatid=A17713B6-D984-201A-4143-ED4DB5ED5C2E&catid=E961462E-5AC2-64D6-5850-A310C9DEAA06 HTTP/1.1" 404 -
52.70.240.171 - - [30/Jun/2024:02:28:16 +0200] "GET /ticket2/opencms/no/standard/ HTTP/1.1" 200 85963
23.22.35.162 - - [30/Jun/2024:02:28:19 +0200] "GET /ticket2/opencms/no/sport/fotballsbilletter/bundesliga/ HTTP/1.1" 200 78715
158.220.119.234 - - [30/Jun/2024:02:28:20 +0200] "GET /ticket2/opencms/se/ru/buy/?page=1&edid=0D2EC695-B2F9-EA80-FC12-287C32ED8810&sortorder=desc&column=row HTTP/1.1" 404 -
66.249.66.65 - - [30/Jun/2024:02:28:20 +0200] "GET /ticket2/opencms/dk/venue/?venueid=FC8DDB09-F14A-5C0D-F847-DA242DC6B194 HTTP/1.1" 200 71812
51.222.253.10 - - [30/Jun/2024:02:28:20 +0200] "GET /ticket2/opencms/en/venue/?venueid=9BA11813-1BA7-6819-B15A-123C5E3D834D HTTP/1.1" 200 71326
47.128.33.158 - - [30/Jun/2024:02:28:22 +0200] "GET /ticket2/opencms/fi/buy/?catid=53E7B32E-5CAA-6CE7-D6AA-FFC41D70EE01&comcatid=0A6B8208-FDA4-E929-9D72-5312FD481B76&page=7 HTTP/1.1" 200 77113
47.128.33.158 - - [30/Jun/2024:02:28:22 +0200] "GET /ticket2/opencms/system/modules/com.gridnine.opencms.ticketbrokerage.site/resources/pics/logo-new.png HTTP/1.1" 200 13541
47.128.33.158 - - [30/Jun/2024:02:28:23 +0200] "GET /ticket2/opencms/system/modules/com.gridnine.opencms.ticketbrokerage.site/resources/pics/bank_1_nordea.png HTTP/1.1" 200 4807
192.95.30.177 - - [30/Jun/2024:02:28:23 +0200] "GET /ticket2/opencms/de/nl/buy/?page=6&comcatid=A17713B6-D984-201A-4143-ED4DB5ED5C2E&catid=F03B8ADD-988E-AE6A-8DBA-AF502C691C60 HTTP/1.1" 404 -
47.128.33.158 - - [30/Jun/2024:02:28:23 +0200] "GET /ticket2/opencms/system/modules/com.gridnine.opencms.ticketbrokerage.site/resources/pics/bank_5_visa_mastercard.png HTTP/1.1" 200 8196
47.128.33.158 - - [30/Jun/2024:02:28:23 +0200] "GET /ticket2/opencms/system/modules/com.gridnine.opencms.ticketbrokerage.site/resources/pics/bank_3_swedbank.png HTTP/1.1" 200 5740
47.128.33.158 - - [30/Jun/2024:02:28:23 +0200] "GET /ticket2/opencms/system/modules/com.gridnine.opencms.ticketbrokerage.site/resources/pics/bank_4_seb.png HTTP/1.1" 200 2487
47.128.33.158 - - [30/Jun/2024:02:28:23 +0200] "GET /ticket2/opencms/system/modules/com.gridnine.opencms.ticketbrokerage.site/resources/pics/bank_2_handelsbanken.png HTTP/1.1" 200 4509
47.128.33.158 - - [30/Jun/2024:02:28:23 +0200] "GET /ticket2/opencms/system/modules/com.gridnine.opencms.ticketbrokerage.site/resources/pics/bank_6_american_express.png HTTP/1.1" 200 5570
192.99.3.137 - - [30/Jun/2024:02:28:25 +0200] "GET /ticket2/opencms/dk/fi/venue/?countryid=D9E13DB9-8338-AA2E-D2F0-97CDF9CA1F76 HTTP/1.1" 404 -
158.220.119.234 - - [30/Jun/2024:02:28:28 +0200] "GET /ticket2/opencms/se/ru/buy/?page=1&edid=0D2EC695-B2F9-EA80-FC12-287C32ED8810&sortorder=desc&column=section HTTP/1.1" 404 -
158.220.124.16 - - [30/Jun/2024:02:28:31 +0200] "GET /ticket2/opencms/se/nl/buy/?page=1&edid=9D00920C-2E3F-5BEF-6B01-689827B960FF&sortorder=desc&column=price HTTP/1.1" 404 -
192.95.30.177 - - [30/Jun/2024:02:28:31 +0200] "GET /ticket2/opencms/de/nl/buy/?page=6&comcatid=A17713B6-D984-201A-4143-ED4DB5ED5C2E&catid=F2006A3D-5EE0-B40B-5749-60C15271538F HTTP/1.1" 404 -
52.70.240.171 - - [30/Jun/2024:02:28:32 +0200] "GET /ticket2/opencms/no/konsertbilletter/coldplay/ HTTP/1.1" 200 74071
158.220.119.234 - - [30/Jun/2024:02:28:35 +0200] "GET /ticket2/opencms/se/ru/buy/?page=1&edid=0D4DB71A-4664-D34E-661B-2C2F571A6F09&sortorder=desc&column=price HTTP/1.1" 404 -
3.224.220.101 - - [30/Jun/2024:02:28:36 +0200] "GET /ticket2/opencms/system/modules/com.gridnine.opencms.ticketbrokerage.site/resources/pics/banners/sv/concert_sv.png HTTP/1.1" 200 10077
192.95.30.177 - - [30/Jun/2024:02:28:39 +0200] "GET /ticket2/opencms/de/nl/buy/?page=6&comcatid=A17713B6-D984-201A-4143-ED4DB5ED5C2E&catid=FF8D7FE7-4B09-7305-01C7-2D47F7913EB8 HTTP/1.1" 404 -
52.70.240.171 - - [30/Jun/2024:02:28:40 +0200] "GET /ticket2/opencms/no/konsertbilletter/ HTTP/1.1" 200 74298
47.128.61.87 - - [30/Jun/2024:02:28:40 +0200] "GET /ticket2/opencms/nl/buy/?catid=7CF2D645-F785-0CBB-1B7C-C4711617EAAD&comcatid=A17713B6-D984-201A-4143-ED4DB5ED5C2E&page=6 HTTP/1.1" 200 83191
192.99.3.137 - - [30/Jun/2024:02:28:41 +0200] "GET /ticket2/opencms/dk/fi/venue/?countryid=DB82417F-35E8-BF3C-287A-21ECAFBB9DD1 HTTP/1.1" 404 -
47.128.61.87 - - [30/Jun/2024:02:28:41 +0200] "GET /ticket2/opencms/system/modules/com.gridnine.opencms.ticketbrokerage.site/resources/pics/logo-new.png HTTP/1.1" 200 13541
47.128.61.87 - - [30/Jun/2024:02:28:41 +0200] "GET /ticket2/opencms/system/modules/com.gridnine.opencms.ticketbrokerage.site/resources/pics/bank_4_seb.png HTTP/1.1" 200 2487
47.128.61.87 - - [30/Jun/2024:02:28:42 +0200] "GET /ticket2/opencms/system/modules/com.gridnine.opencms.ticketbrokerage.site/resources/pics/bank_2_handelsbanken.png HTTP/1.1" 200 4509
47.128.61.87 - - [30/Jun/2024:02:28:42 +0200] "GET /ticket2/opencms/system/modules/com.gridnine.opencms.ticketbrokerage.site/resources/pics/bank_3_swedbank.png HTTP/1.1" 200 5740
47.128.61.87 - - [30/Jun/2024:02:28:42 +0200] "GET /ticket2/opencms/system/modules/com.gridnine.opencms.ticketbrokerage.site/resources/pics/bank_1_nordea.png HTTP/1.1" 200 4807
47.128.61.87 - - [30/Jun/2024:02:28:42 +0200] "GET /ticket2/opencms/system/modules/com.gridnine.opencms.ticketbrokerage.site/resources/pics/bank_5_visa_mastercard.png HTTP/1.1" 200 8196
47.128.61.87 - - [30/Jun/2024:02:28:42 +0200] "GET /ticket2/opencms/system/modules/com.gridnine.opencms.ticketbrokerage.site/resources/pics/bank_6_american_express.png HTTP/1.1" 200 5570
158.220.119.234 - - [30/Jun/2024:02:28:43 +0200] "GET /ticket2/opencms/se/ru/buy/?page=1&edid=0D4DB71A-4664-D34E-661B-2C2F571A6F09&sortorder=desc&column=row HTTP/1.1" 404 -
52.70.240.171 - - [30/Jun/2024:02:28:44 +0200] "GET /ticket2/opencms/system/modules/com.gridnine.opencms.ticketbrokerage.site/resources/pics/banners/no/concert_no.png HTTP/1.1" 200 60518
192.95.30.177 - - [30/Jun/2024:02:28:47 +0200] "GET /ticket2/opencms/de/nl/buy/?page=6&comcatid=B41CCF2B-5558-7AEE-3602-09BBDE417D65 HTTP/1.1" 404 -
52.70.240.171 - - [30/Jun/2024:02:28:48 +0200] "GET /ticket2/opencms/no/buying_tickets/ HTTP/1.1" 200 74025
158.220.119.234 - - [30/Jun/2024:02:28:50 +0200] "GET /ticket2/opencms/se/ru/buy/?page=1&edid=0D4DB71A-4664-D34E-661B-2C2F571A6F09&sortorder=desc&column=section HTTP/1.1" 404 -
192.99.3.137 - - [30/Jun/2024:02:28:51 +0200] "GET /ticket2/opencms/dk/fi/venue/?countryid=DBAF1CDD-BB02-B386-3F1A-E606C2F733BC HTTP/1.1" 404 -
23.22.35.162 - - [30/Jun/2024:02:28:52 +0200] "GET /ticket2/opencms/en/buying_tickets/ HTTP/1.1" 200 73161
207.46.13.14 - - [30/Jun/2024:02:28:54 +0200] "GET /ticket2/opencms/sv/login/?url=/sv/sell/ HTTP/1.1" 200 74250
192.95.30.177 - - [30/Jun/2024:02:28:55 +0200] "GET /ticket2/opencms/de/nl/buy/?page=6&comcatid=B41CCF2B-5558-7AEE-3602-09BBDE417D65&catid=36DC4BE2-91A2-6146-2BE9-47B6F3C44EDB HTTP/1.1" 404 -
23.22.35.162 - - [30/Jun/2024:02:28:56 +0200] "GET /ticket2/opencms/en/sell/ HTTP/1.1" 302 -
23.22.35.162 - - [30/Jun/2024:02:28:58 +0200] "GET /ticket2/opencms/en/login/?url=/en/sell/ HTTP/1.1" 200 73431
158.220.119.234 - - [30/Jun/2024:02:28:59 +0200] "GET /ticket2/opencms/se/ru/buy/?page=1&edid=0D4F19E9-533A-C630-8100-6EEE837B625E HTTP/1.1" 404 -
3.224.220.101 - - [30/Jun/2024:02:29:00 +0200] "GET /ticket2/opencms/no/sell/ HTTP/1.1" 302 -
3.224.220.101 - - [30/Jun/2024:02:29:02 +0200] "GET /ticket2/opencms/no/login/?url=/no/sell/ HTTP/1.1" 200 74756
192.95.30.177 - - [30/Jun/2024:02:29:03 +0200] "GET /ticket2/opencms/de/nl/buy/?page=6&comcatid=B41CCF2B-5558-7AEE-3602-09BBDE417D65&catid=A34BCF61-E19C-5C5C-445E-06F3749E1EF4 HTTP/1.1" 404 -
192.99.3.137 - - [30/Jun/2024:02:29:05 +0200] "GET /ticket2/opencms/dk/fi/venue/?countryid=E3A24EE3-33A9-9FC0-BC5A-AFB379A75340 HTTP/1.1" 404 -
158.220.119.234 - - [30/Jun/2024:02:29:07 +0200] "GET /ticket2/opencms/se/ru/buy/?page=1&edid=0D4F19E9-533A-C630-8100-6EEE837B625E&sortorder=asc&column=price HTTP/1.1" 404 -
51.222.253.7 - - [30/Jun/2024:02:29:09 +0200] "GET /ticket2/opencms/dk/buy/?comcatid=A17713B6-D984-201A-4143-ED4DB5ED5C2E&catid=061607E6-22B7-6FFA-03FD-A4B8B13A943F HTTP/1.1" 200 82260
52.167.144.67 - - [30/Jun/2024:02:29:09 +0200] "GET /ticket2/opencms/robots.txt HTTP/1.1" 200 773
158.220.124.16 - - [30/Jun/2024:02:29:09 +0200] "GET /ticket2/opencms/se/nl/buy/?page=1&edid=9D00920C-2E3F-5BEF-6B01-689827B960FF&sortorder=desc&column=row HTTP/1.1" 404 -
52.167.144.67 - - [30/Jun/2024:02:29:10 +0200] "GET /ticket2/opencms/robots.txt HTTP/1.1" 200 773
192.95.30.177 - - [30/Jun/2024:02:29:11 +0200] "GET /ticket2/opencms/de/nl/buy/?page=6&comcatid=B41CCF2B-5558-7AEE-3602-09BBDE417D65&catid=BF886BAE-FC84-8CB3-A193-6DFA251F7985 HTTP/1.1" 404 -
52.70.240.171 - - [30/Jun/2024:02:29:11 +0200] "GET /ticket2/opencms/no/sport/fotballsbilletter/champions_league/manchester_united/ HTTP/1.1" 200 74545
158.220.119.234 - - [30/Jun/2024:02:29:15 +0200] "GET /ticket2/opencms/se/ru/buy/?page=1&edid=0D4F19E9-533A-C630-8100-6EEE837B625E&sortorder=desc&column=price HTTP/1.1" 404 -
47.128.119.12 - - [30/Jun/2024:02:29:15 +0200] "GET /ticket2/opencms/no/buy/?catid=5A89E483-58AD-080E-F363-E16CE738916A&comcatid=A17713B6-D984-201A-4143-ED4DB5ED5C2E&page=7 HTTP/1.1" 200 83083
47.128.119.12 - - [30/Jun/2024:02:29:16 +0200] "GET /ticket2/opencms/system/modules/com.gridnine.opencms.ticketbrokerage.site/resources/pics/logo-new.png HTTP/1.1" 200 13541
47.128.119.12 - - [30/Jun/2024:02:29:16 +0200] "GET /ticket2/opencms/system/modules/com.gridnine.opencms.ticketbrokerage.site/resources/pics/bank_4_seb.png HTTP/1.1" 200 2487
47.128.119.12 - - [30/Jun/2024:02:29:17 +0200] "GET /ticket2/opencms/system/modules/com.gridnine.opencms.ticketbrokerage.site/resources/pics/bank_1_nordea.png HTTP/1.1" 200 4807
47.128.119.12 - - [30/Jun/2024:02:29:17 +0200] "GET /ticket2/opencms/system/modules/com.gridnine.opencms.ticketbrokerage.site/resources/pics/bank_2_handelsbanken.png HTTP/1.1" 200 4509
47.128.119.12 - - [30/Jun/2024:02:29:17 +0200] "GET /ticket2/opencms/system/modules/com.gridnine.opencms.ticketbrokerage.site/resources/pics/bank_5_visa_mastercard.png HTTP/1.1" 200 8196
47.128.119.12 - - [30/Jun/2024:02:29:17 +0200] "GET /ticket2/opencms/system/modules/com.gridnine.opencms.ticketbrokerage.site/resources/pics/bank_3_swedbank.png HTTP/1.1" 200 5740
47.128.119.12 - - [30/Jun/2024:02:29:17 +0200] "GET /ticket2/opencms/system/modules/com.gridnine.opencms.ticketbrokerage.site/resources/pics/bank_6_american_express.png HTTP/1.1" 200 5570
40.77.167.9 - - [30/Jun/2024:02:29:18 +0200] "GET /ticket2/opencms/de/ HTTP/1.1" 200 91946
192.95.30.177 - - [30/Jun/2024:02:29:19 +0200] "GET /ticket2/opencms/de/nl/buy/?page=6&comcatid=B41CCF2B-5558-7AEE-3602-09BBDE417D65&catid=E03F2203-3943-A0F0-A47D-D9E7CDA79C6B HTTP/1.1" 404 -
158.220.119.234 - - [30/Jun/2024:02:29:22 +0200] "GET /ticket2/opencms/se/ru/buy/?page=1&edid=0D4F19E9-533A-C630-8100-6EEE837B625E&sortorder=desc&column=row HTTP/1.1" 404 -
192.99.3.137 - - [30/Jun/2024:02:29:22 +0200] "GET /ticket2/opencms/dk/fi/venue/?venueid=02AFC272-1907-E3AB-F16C-DCE72603B25E HTTP/1.1" 404 -
52.70.240.171 - - [30/Jun/2024:02:29:24 +0200] "GET /ticket2/opencms/no/sport/fotballsbilletter/bundesliga/borussia-monchengladbach/ HTTP/1.1" 200 73584
85.208.96.200 - - [30/Jun/2024:02:29:26 +0200] "GET /ticket2/opencms/fr/magazine/article?title=la-liga-le-real-madrid-a-remporte-le-plus-de-titres HTTP/1.1" 200 76629
192.95.30.177 - - [30/Jun/2024:02:29:26 +0200] "GET /ticket2/opencms/de/nl/legal_info/ HTTP/1.1" 404 -
3.224.220.101 - - [30/Jun/2024:02:29:28 +0200] "GET /ticket2/opencms/system/modules/com.gridnine.opencms.ticketbrokerage.site/resources/pics/banners/sv/Borussia_Moenchengladbach.jpg HTTP/1.1" 200 42450
192.95.30.177 - - [30/Jun/2024:02:29:34 +0200] "GET /ticket2/opencms/de/nl/sport/voetbal-tickets/premier_league/arsenal/ HTTP/1.1" 404 -
158.220.119.234 - - [30/Jun/2024:02:29:35 +0200] "GET /ticket2/opencms/se/ru/buy/?page=1&edid=0D94D087-3A1B-6894-B476-4BF664218857&sortorder=desc&column=price HTTP/1.1" 404 -
192.99.3.137 - - [30/Jun/2024:02:29:35 +0200] "GET /ticket2/opencms/dk/fi/venue/?venueid=02C2C7C6-9BB6-F13B-26C3-941A9A3FEDB3 HTTP/1.1" 404 -
40.77.167.9 - - [30/Jun/2024:02:29:35 +0200] "GET /ticket2/opencms/system/modules/com.gridnine.opencms.ticketbrokerage.site/resources/css/jquery.fancybox.css HTTP/1.1" 200 4939
40.77.167.9 - - [30/Jun/2024:02:29:35 +0200] "GET /ticket2/opencms/system/modules/com.gridnine.opencms.ticketbrokerage.site/resources/css/ticketbrokerage.css HTTP/1.1" 200 39339
23.22.35.162 - - [30/Jun/2024:02:29:37 +0200] "GET /ticket2/opencms/no/sport/fotballsbilletter/premier_league/manchester_united/ HTTP/1.1" 200 86991
52.167.144.23 - - [30/Jun/2024:02:29:39 +0200] "GET /ticket2/opencms/system/modules/com.gridnine.opencms.ticketbrokerage.site/resources/css/jquery-ui.css HTTP/1.1" 200 33221
52.70.240.171 - - [30/Jun/2024:02:29:40 +0200] "GET /ticket2/opencms/no/sport/fotballsbilletter/champions_league/atletico_madrid/ HTTP/1.1" 200 74479
158.220.124.16 - - [30/Jun/2024:02:29:41 +0200] "GET /ticket2/opencms/se/nl/buy/?page=1&edid=9D00920C-2E3F-5BEF-6B01-689827B960FF&sortorder=desc&column=section HTTP/1.1" 404 -
192.95.30.177 - - [30/Jun/2024:02:29:42 +0200] "GET /ticket2/opencms/de/nl/sport/voetbal-tickets/premier_league/wolverhampton/ HTTP/1.1" 404 -
158.220.119.234 - - [30/Jun/2024:02:29:42 +0200] "GET /ticket2/opencms/se/ru/buy/?page=1&edid=0D94D087-3A1B-6894-B476-4BF664218857&sortorder=desc&column=section HTTP/1.1" 404 -
52.70.240.171 - - [30/Jun/2024:02:29:44 +0200] "GET /ticket2/opencms/no/sport/fotballsbilletter/champions_league/manchester_city/ HTTP/1.1" 200 74649
40.77.167.1 - - [30/Jun/2024:02:29:44 +0200] "GET /ticket2/opencms/system/modules/com.gridnine.opencms.ticketbrokerage.site/resources/css/calendar.css HTTP/1.1" 200 6871
40.77.167.1 - - [30/Jun/2024:02:29:45 +0200] "GET /ticket2/opencms/system/modules/com.gridnine.opencms.ticketbrokerage.site/resources/css/standard.css HTTP/1.1" 200 71935
192.95.30.177 - - [30/Jun/2024:02:29:50 +0200] "GET /ticket2/opencms/de/no/buy/?comcatid=0A6B8208-FDA4-E929-9D72-5312FD481B76 HTTP/1.1" 404 -
158.220.119.234 - - [30/Jun/2024:02:29:51 +0200] "GET /ticket2/opencms/se/ru/buy/?page=1&edid=0E235ACA-1CAC-E7C2-BDAF-D07674AD58A3&sortorder=asc&column=row HTTP/1.1" 404 -
185.191.171.6 - - [30/Jun/2024:02:29:51 +0200] "GET /ticket2/opencms/sv/sport/fotbollsbiljetter/la_liga/real-sociedad/ HTTP/1.1" 200 73662
192.99.3.137 - - [30/Jun/2024:02:29:52 +0200] "GET /ticket2/opencms/dk/fi/venue/?venueid=11F3A3F2-5F7A-8DF0-9A91-D0D485D2E890 HTTP/1.1" 404 -
52.70.240.171 - - [30/Jun/2024:02:29:56 +0200] "GET /ticket2/opencms/en/sport/football-tickets/premier_league/manchester_city/ HTTP/1.1" 200 84429
158.220.124.16 - - [30/Jun/2024:02:29:57 +0200] "GET /ticket2/opencms/se/nl/buy/?page=1&edid=9D57977A-C6E0-190A-9C6F-59CDEB875974 HTTP/1.1" 404 -
192.95.30.177 - - [30/Jun/2024:02:29:57 +0200] "GET /ticket2/opencms/de/no/buy/?comcatid=0A6B8208-FDA4-E929-9D72-5312FD481B76&catid=1DB7F66B-473B-B427-F752-358FEEFE8EC0 HTTP/1.1" 404 -
158.220.119.234 - - [30/Jun/2024:02:29:58 +0200] "GET /ticket2/opencms/se/ru/buy/?page=1&edid=0E235ACA-1CAC-E7C2-BDAF-D07674AD58A3&sortorder=asc&column=section HTTP/1.1" 404 -
51.222.253.6 - - [30/Jun/2024:02:29:58 +0200] "GET /ticket2/opencms/en/venue/?venueid=C3D39467-A630-2C6E-5B84-720FB12B944B HTTP/1.1" 200 71344
52.70.240.171 - - [30/Jun/2024:02:30:00 +0200] "GET /ticket2/opencms/no/sport/fotballsbilletter/premier_league/crystal_palace/ HTTP/1.1" 200 86384
192.99.3.137 - - [30/Jun/2024:02:30:02 +0200] "GET /ticket2/opencms/dk/fi/venue/?venueid=16474DED-C73B-9225-4DF6-CFFA47228848 HTTP/1.1" 404 -
23.22.35.162 - - [30/Jun/2024:02:30:04 +0200] "GET /ticket2/opencms/system/modules/com.gridnine.opencms.ticketbrokerage.site/resources/pics/banners/Crystal_Palace.jpg HTTP/1.1" 200 13915
158.220.119.234 - - [30/Jun/2024:02:30:05 +0200] "GET /ticket2/opencms/se/ru/buy/?page=1&edid=0E64AEEE-C256-384A-95C3-A01C20EF3A5D&sortorder=desc&column=price HTTP/1.1" 404 -
192.95.30.177 - - [30/Jun/2024:02:30:05 +0200] "GET /ticket2/opencms/de/no/buy/?comcatid=0A6B8208-FDA4-E929-9D72-5312FD481B76&catid=26594C33-56CE-F529-FAF3-61AB33F74A3B HTTP/1.1" 404 -
47.128.111.133 - - [30/Jun/2024:02:30:07 +0200] "GET /ticket2/opencms/no/buy/?catid=BDD8C04C-DD99-1C07-B5F3-F2AB98D157E8&comcatid=A17713B6-D984-201A-4143-ED4DB5ED5C2E&page=7 HTTP/1.1" 200 83079
23.22.35.162 - - [30/Jun/2024:02:30:08 +0200] "GET /ticket2/opencms/no/sport/fotballsbilletter/champions_league/fc_barcelona/ HTTP/1.1" 200 74613
47.128.111.133 - - [30/Jun/2024:02:30:10 +0200] "GET /ticket2/opencms/system/modules/com.gridnine.opencms.ticketbrokerage.site/resources/pics/logo-new.png HTTP/1.1" 200 13541
47.128.111.133 - - [30/Jun/2024:02:30:10 +0200] "GET /ticket2/opencms/system/modules/com.gridnine.opencms.ticketbrokerage.site/resources/pics/bank_1_nordea.png HTTP/1.1" 200 4807
47.128.111.133 - - [30/Jun/2024:02:30:10 +0200] "GET /ticket2/opencms/system/modules/com.gridnine.opencms.ticketbrokerage.site/resources/pics/bank_4_seb.png HTTP/1.1" 200 2487
47.128.111.133 - - [30/Jun/2024:02:30:11 +0200] "GET /ticket2/opencms/system/modules/com.gridnine.opencms.ticketbrokerage.site/resources/pics/bank_6_american_express.png HTTP/1.1" 200 5570
47.128.111.133 - - [30/Jun/2024:02:30:11 +0200] "GET /ticket2/opencms/system/modules/com.gridnine.opencms.ticketbrokerage.site/resources/pics/bank_2_handelsbanken.png HTTP/1.1" 200 4509
47.128.111.133 - - [30/Jun/2024:02:30:11 +0200] "GET /ticket2/opencms/system/modules/com.gridnine.opencms.ticketbrokerage.site/resources/pics/bank_3_swedbank.png HTTP/1.1" 200 5740
47.128.111.133 - - [30/Jun/2024:02:30:11 +0200] "GET /ticket2/opencms/system/modules/com.gridnine.opencms.ticketbrokerage.site/resources/pics/bank_5_visa_mastercard.png HTTP/1.1" 200 8196
23.22.35.162 - - [30/Jun/2024:02:30:11 +0200] "GET /ticket2/opencms/no/sport/fotballsbilletter/bundesliga/borussia-dortmund/ HTTP/1.1" 200 73506
158.220.124.16 - - [30/Jun/2024:02:30:13 +0200] "GET /ticket2/opencms/se/nl/buy/?page=1&edid=9D57977A-C6E0-190A-9C6F-59CDEB875974&sortorder=desc&column=price HTTP/1.1" 404 -
192.95.30.177 - - [30/Jun/2024:02:30:13 +0200] "GET /ticket2/opencms/de/no/buy/?comcatid=0A6B8208-FDA4-E929-9D72-5312FD481B76&catid=3A56B1C2-6FFB-C8D1-B229-B3914D5FF8DF HTTP/1.1" 404 -
158.220.119.234 - - [30/Jun/2024:02:30:14 +0200] "GET /ticket2/opencms/se/ru/buy/?page=1&edid=0EF78342-8C56-3514-0BF6-C63FDFC043C0&sortorder=desc&column=row HTTP/1.1" 404 -
3.224.220.101 - - [30/Jun/2024:02:30:16 +0200] "GET /ticket2/opencms/system/modules/com.gridnine.opencms.ticketbrokerage.site/resources/pics/banners/sv/Borussia_09_Dortmund.jpg HTTP/1.1" 200 39371
3.224.220.101 - - [30/Jun/2024:02:30:20 +0200] "GET /ticket2/opencms/en/sport/football-tickets/premier_league/crystal-palace/ HTTP/1.1" 200 84547
192.99.3.137 - - [30/Jun/2024:02:30:20 +0200] "GET /ticket2/opencms/dk/fi/venue/?venueid=18FD821D-6DDA-C3F8-586C-11DB373981E5 HTTP/1.1" 404 -
192.95.30.177 - - [30/Jun/2024:02:30:21 +0200] "GET /ticket2/opencms/de/no/buy/?comcatid=0A6B8208-FDA4-E929-9D72-5312FD481B76&catid=412DBCF4-025D-8ABC-7A40-D7C760E055FF HTTP/1.1" 404 -
158.220.119.234 - - [30/Jun/2024:02:30:21 +0200] "GET /ticket2/opencms/se/ru/buy/?page=1&edid=0EF78342-8C56-3514-0BF6-C63FDFC043C0&sortorder=desc&column=section HTTP/1.1" 404 -
23.22.35.162 - - [30/Jun/2024:02:30:25 +0200] "GET /ticket2/opencms/en/sport/football-tickets/premier_league/manchester_united/ HTTP/1.1" 200 84944
158.220.119.234 - - [30/Jun/2024:02:30:29 +0200] "GET /ticket2/opencms/se/ru/buy/?page=1&edid=0EF8B22E-BE68-12EF-B463-EE507CBF5141 HTTP/1.1" 404 -
52.70.240.171 - - [30/Jun/2024:02:30:29 +0200] "GET /ticket2/opencms/no/sport/fotballsbilletter/premier_league/wolverhampton/ HTTP/1.1" 200 85447
192.95.30.177 - - [30/Jun/2024:02:30:29 +0200] "GET /ticket2/opencms/de/no/buy/?comcatid=0A6B8208-FDA4-E929-9D72-5312FD481B76&catid=465306FD-802C-5175-10FF-40E426DD2769 HTTP/1.1" 404 -
52.70.240.171 - - [30/Jun/2024:02:30:33 +0200] "GET /ticket2/opencms/no/sport/fotballsbilletter/premier_league/newcastle_united/ HTTP/1.1" 200 86041
3.224.220.101 - - [30/Jun/2024:02:30:36 +0200] "GET /ticket2/opencms/no/sport/fotballsbilletter/champions_league/bayern_munchen/ HTTP/1.1" 200 74395
192.95.30.177 - - [30/Jun/2024:02:30:37 +0200] "GET /ticket2/opencms/de/no/buy/?comcatid=0A6B8208-FDA4-E929-9D72-5312FD481B76&catid=53E7B32E-5CAA-6CE7-D6AA-FFC41D70EE01 HTTP/1.1" 404 -
192.99.3.137 - - [30/Jun/2024:02:30:37 +0200] "GET /ticket2/opencms/dk/fi/venue/?venueid=2F6DFDC1-F019-8112-F2A0-0983384F59FC HTTP/1.1" 404 -
158.220.119.234 - - [30/Jun/2024:02:30:38 +0200] "GET /ticket2/opencms/se/ru/buy/?page=1&edid=0F695EC3-6F93-0672-2AA7-1B781C50C903&sortorder=desc&column=section HTTP/1.1" 404 -
52.70.240.171 - - [30/Jun/2024:02:30:44 +0200] "GET /ticket2/opencms/en/sport/football-tickets/premier_league/newcastle_united/ HTTP/1.1" 200 85867
192.95.30.177 - - [30/Jun/2024:02:30:45 +0200] "GET /ticket2/opencms/de/no/buy/?comcatid=0A6B8208-FDA4-E929-9D72-5312FD481B76&catid=5ED34547-492C-90DA-709D-448345844685 HTTP/1.1" 404 -
158.220.119.234 - - [30/Jun/2024:02:30:46 +0200] "GET /ticket2/opencms/se/ru/buy/?page=1&edid=0F77EF88-FBE4-7F41-753F-17825C93DDD3 HTTP/1.1" 404 -
51.222.253.12 - - [30/Jun/2024:02:30:47 +0200] "GET /ticket2/opencms/en/venue/?venueid=7BD77886-EABB-0102-DEA6-90F7064F9107 HTTP/1.1" 200 71321
192.95.30.177 - - [30/Jun/2024:02:30:52 +0200] "GET /ticket2/opencms/de/no/buy/?comcatid=0A6B8208-FDA4-E929-9D72-5312FD481B76&catid=8E4972FC-6E2C-77A4-BB9D-D67BD270A641 HTTP/1.1" 404 -
3.224.220.101 - - [30/Jun/2024:02:30:53 +0200] "GET /ticket2/opencms/no/sport/fotballsbilletter/premier_league/west_ham_united/ HTTP/1.1" 200 83472
216.245.221.83 - - [30/Jun/2024:02:30:53 +0200] "HEAD /ticket2/opencms/ HTTP/1.1" 302 -
158.220.124.16 - - [30/Jun/2024:02:30:53 +0200] "GET /ticket2/opencms/se/nl/buy/?page=1&edid=9D57977A-C6E0-190A-9C6F-59CDEB875974&sortorder=desc&column=section HTTP/1.1" 404 -
3.224.220.101 - - [30/Jun/2024:02:30:54 +0200] "GET /ticket2/opencms/no/sport/fotballsbilletter/premier_league/manchester_city/ HTTP/1.1" 200 85412
192.99.3.137 - - [30/Jun/2024:02:30:55 +0200] "GET /ticket2/opencms/dk/fi/venue/?venueid=63DFE8AB-8CE7-10BB-E6C2-33D548A14746 HTTP/1.1" 404 -
158.220.119.234 - - [30/Jun/2024:02:30:56 +0200] "GET /ticket2/opencms/se/ru/buy/?page=1&edid=0F77EF88-FBE4-7F41-753F-17825C93DDD3&sortorder=desc&column=row HTTP/1.1" 404 -
47.128.121.62 - - [30/Jun/2024:02:30:59 +0200] "GET /ticket2/opencms/fi/buy/?comcatid=A17713B6-D984-201A-4143-ED4DB5ED5C2E HTTP/1.1" 200 244217
47.128.119.122 - - [30/Jun/2024:02:30:59 +0200] "GET /ticket2/opencms/fi/buy/?eventid=4F6C281E-0307-3DEA-5C89-32A309F90298&page=11&venueid=C0F938D7-4DFA-1781-F9B4-CE387BBF9E3B HTTP/1.1" 200 89850
216.245.221.83 - - [30/Jun/2024:02:30:59 +0200] "HEAD /ticket2/opencms/en/ HTTP/1.1" 200 -
