47.128.109.30 - - [30/Jun/2024:02:17:52 +0200] "GET /ticket2/opencms/system/modules/com.gridnine.opencms.ticketbrokerage.site/resources/pics/logo-new.png HTTP/1.1" 200 13541
47.128.109.30 - - [30/Jun/2024:02:17:52 +0200] "GET /ticket2/opencms/system/modules/com.gridnine.opencms.ticketbrokerage.site/resources/pics/bank_1_nordea.png HTTP/1.1" 200 4807
47.128.109.30 - - [30/Jun/2024:02:17:52 +0200] "GET /ticket2/opencms/system/modules/com.gridnine.opencms.ticketbrokerage.site/resources/pics/bank_5_visa_mastercard.png HTTP/1.1" 200 8196
47.128.109.30 - - [30/Jun/2024:02:17:52 +0200] "GET /ticket2/opencms/system/modules/com.gridnine.opencms.ticketbrokerage.site/resources/pics/bank_2_handelsbanken.png HTTP/1.1" 200 4509
47.128.109.30 - - [30/Jun/2024:02:17:52 +0200] "GET /ticket2/opencms/system/modules/com.gridnine.opencms.ticketbrokerage.site/resources/pics/bank_4_seb.png HTTP/1.1" 200 2487
47.128.109.30 - - [30/Jun/2024:02:17:52 +0200] "GET /ticket2/opencms/system/modules/com.gridnine.opencms.ticketbrokerage.site/resources/pics/bank_3_swedbank.png HTTP/1.1" 200 5740
192.99.7.70 - - [30/Jun/2024:02:17:52 +0200] "GET /ticket2/opencms/dk/dk/buy/?page=1&edid=4C79C702-F201-24E3-E256-9C6145D94338&sortorder=asc&column=row HTTP/1.1" 404 -
37.57.218.243 - - [30/Jun/2024:02:17:52 +0200] "GET /ticket2/opencms/se/sv/buy/?page=1&edid=724A83C9-CDED-0E27-D4D6-2D13687BF857&sortorder=asc&column=row HTTP/1.1" 404 -
47.128.109.30 - - [30/Jun/2024:02:17:52 +0200] "GET /ticket2/opencms/system/modules/com.gridnine.opencms.ticketbrokerage.site/resources/pics/bank_6_american_express.png HTTP/1.1" 200 5570
158.220.119.234 - - [30/Jun/2024:02:17:52 +0200] "GET /ticket2/opencms/se/ru/buy/?page=1&edid=F7BC7CFE-230C-3CFF-5454-428BE07CEFC4&sortorder=desc&column=price HTTP/1.1" 404 -
192.95.30.177 - - [30/Jun/2024:02:17:55 +0200] "GET /ticket2/opencms/de/nl/buy/?page=6&comcatid=A17713B6-D984-201A-4143-ED4DB5ED5C2E&catid=21C3854B-901E-11F9-7B7D-6838CC6AFAA4&eventid=2D54F0A4-B7E5-1986-E461-A23A05E27C76 HTTP/1.1" 404 -
192.99.7.70 - - [30/Jun/2024:02:17:56 +0200] "GET /ticket2/opencms/dk/dk/buy/?page=1&edid=4C79C702-F201-24E3-E256-9C6145D94338&sortorder=asc&column=section HTTP/1.1" 404 -
158.220.124.16 - - [30/Jun/2024:02:17:57 +0200] "GET /ticket2/opencms/se/nl/buy/?page=1&edid=91A90965-919C-FABC-5A4B-CBD685A20054&sortorder=desc&column=price HTTP/1.1" 404 -
192.99.3.137 - - [30/Jun/2024:02:17:58 +0200] "GET /ticket2/opencms/dk/en/buy/?page=1&edid=5AF0C2F9-FCF1-BB9C-5B74-9352324B61E3 HTTP/1.1" 404 -
66.249.66.67 - - [30/Jun/2024:02:18:00 +0200] "GET /ticket2/opencms/de/dk/sport/fodboldbilletter/la-liga/fc_barcelona/ HTTP/1.1" 404 -
192.99.7.70 - - [30/Jun/2024:02:18:00 +0200] "GET /ticket2/opencms/dk/dk/buy/?page=1&edid=4D4DE84F-22AD-3528-315F-CA4FF1AF4B0B&sortorder=asc&column=row HTTP/1.1" 404 -
158.220.119.234 - - [30/Jun/2024:02:18:01 +0200] "GET /ticket2/opencms/se/ru/buy/?page=1&edid=F7BC7CFE-230C-3CFF-5454-428BE07CEFC4&sortorder=desc&column=row HTTP/1.1" 404 -
192.95.30.177 - - [30/Jun/2024:02:18:03 +0200] "GET /ticket2/opencms/de/nl/buy/?page=6&comcatid=A17713B6-D984-201A-4143-ED4DB5ED5C2E&catid=21C3854B-901E-11F9-7B7D-6838CC6AFAA4&eventid=7016CF1B-CC52-94F9-4136-362E6D3CC9D6 HTTP/1.1" 404 -
37.57.218.243 - - [30/Jun/2024:02:18:03 +0200] "GET /ticket2/opencms/se/sv/buy/?page=1&edid=724A83C9-CDED-0E27-D4D6-2D13687BF857&sortorder=asc&column=section HTTP/1.1" 404 -
192.99.7.70 - - [30/Jun/2024:02:18:04 +0200] "GET /ticket2/opencms/dk/dk/buy/?page=1&edid=4D4DE84F-22AD-3528-315F-CA4FF1AF4B0B&sortorder=asc&column=section HTTP/1.1" 404 -
158.220.119.234 - - [30/Jun/2024:02:18:06 +0200] "GET /ticket2/opencms/se/ru/buy/?page=1&edid=F813C320-7E28-922B-F48B-0923B80D3D26&sortorder=desc&column=price HTTP/1.1" 404 -
192.99.7.70 - - [30/Jun/2024:02:18:08 +0200] "GET /ticket2/opencms/dk/dk/buy/?page=1&edid=4ED59769-62CD-4944-D65C-674ED335D7FB&sortorder=asc&column=row HTTP/1.1" 404 -
158.220.124.16 - - [30/Jun/2024:02:18:10 +0200] "GET /ticket2/opencms/se/nl/buy/?page=1&edid=91A90965-919C-FABC-5A4B-CBD685A20054&sortorder=desc&column=row HTTP/1.1" 404 -
192.95.30.177 - - [30/Jun/2024:02:18:11 +0200] "GET /ticket2/opencms/de/nl/buy/?page=6&comcatid=A17713B6-D984-201A-4143-ED4DB5ED5C2E&catid=21C3854B-901E-11F9-7B7D-6838CC6AFAA4&eventid=B0072956-84A9-06A5-3C2B-4D5A36DEF172 HTTP/1.1" 404 -
192.99.7.70 - - [30/Jun/2024:02:18:12 +0200] "GET /ticket2/opencms/dk/dk/buy/?page=1&edid=4F2A6EFC-5A42-DA27-F945-B53203FE129B&sortorder=asc&column=row HTTP/1.1" 404 -
192.99.3.137 - - [30/Jun/2024:02:18:14 +0200] "GET /ticket2/opencms/dk/en/buy/?page=1&edid=5AF0C2F9-FCF1-BB9C-5B74-9352324B61E3&sortorder=desc&column=row HTTP/1.1" 404 -
37.57.218.243 - - [30/Jun/2024:02:18:14 +0200] "GET /ticket2/opencms/se/sv/buy/?page=1&edid=AEAF5AF4-E00D-AFA0-01F0-9CA5F3BC692F&sortorder=asc&column=price HTTP/1.1" 404 -
192.99.7.70 - - [30/Jun/2024:02:18:15 +0200] "GET /ticket2/opencms/dk/dk/buy/?page=1&edid=4F2A6EFC-5A42-DA27-F945-B53203FE129B&sortorder=asc&column=section HTTP/1.1" 404 -
47.128.98.112 - - [30/Jun/2024:02:18:16 +0200] "GET /ticket2/opencms/en/buy/?edid=09770EB0-07AD-2C98-0806-35997BA6526F HTTP/1.1" 200 71532
158.220.119.234 - - [30/Jun/2024:02:18:16 +0200] "GET /ticket2/opencms/se/ru/buy/?page=1&edid=F813C320-7E28-922B-F48B-0923B80D3D26&sortorder=desc&column=row HTTP/1.1" 404 -
47.128.98.112 - - [30/Jun/2024:02:18:17 +0200] "GET /ticket2/opencms/system/modules/com.gridnine.opencms.ticketbrokerage.site/resources/pics/logo-new.png HTTP/1.1" 200 13541
47.128.98.112 - - [30/Jun/2024:02:18:17 +0200] "GET /ticket2/opencms/system/modules/com.gridnine.opencms.ticketbrokerage.site/resources/pics/bank_4_seb.png HTTP/1.1" 200 2487
47.128.98.112 - - [30/Jun/2024:02:18:18 +0200] "GET /ticket2/opencms/system/modules/com.gridnine.opencms.ticketbrokerage.site/resources/pics/bank_2_handelsbanken.png HTTP/1.1" 200 4509
47.128.98.112 - - [30/Jun/2024:02:18:18 +0200] "GET /ticket2/opencms/system/modules/com.gridnine.opencms.ticketbrokerage.site/resources/pics/bank_1_nordea.png HTTP/1.1" 200 4807
47.128.98.112 - - [30/Jun/2024:02:18:18 +0200] "GET /ticket2/opencms/system/modules/com.gridnine.opencms.ticketbrokerage.site/resources/pics/bank_3_swedbank.png HTTP/1.1" 200 5740
47.128.98.112 - - [30/Jun/2024:02:18:18 +0200] "GET /ticket2/opencms/system/modules/com.gridnine.opencms.ticketbrokerage.site/resources/pics/bank_6_american_express.png HTTP/1.1" 200 5570
47.128.98.112 - - [30/Jun/2024:02:18:18 +0200] "GET /ticket2/opencms/system/modules/com.gridnine.opencms.ticketbrokerage.site/resources/pics/bank_5_visa_mastercard.png HTTP/1.1" 200 8196
192.95.30.177 - - [30/Jun/2024:02:18:19 +0200] "GET /ticket2/opencms/de/nl/buy/?page=6&comcatid=A17713B6-D984-201A-4143-ED4DB5ED5C2E&catid=24AC1CA6-1C09-0BE5-C04A-9DCCDB15D5E9 HTTP/1.1" 404 -
192.99.7.70 - - [30/Jun/2024:02:18:20 +0200] "GET /ticket2/opencms/dk/dk/buy/?page=1&edid=4F6C5186-5A04-C7DA-43D4-22E25E850382&sortorder=desc&column=price HTTP/1.1" 404 -
158.220.124.16 - - [30/Jun/2024:02:18:22 +0200] "GET /ticket2/opencms/se/nl/buy/?page=1&edid=91A90965-919C-FABC-5A4B-CBD685A20054&sortorder=desc&column=section HTTP/1.1" 404 -
51.222.253.2 - - [30/Jun/2024:02:18:23 +0200] "GET /ticket2/opencms/en/venue/?venueid=986C5FEB-2D10-01B8-2D92-96427E4A1223 HTTP/1.1" 200 71442
192.99.7.70 - - [30/Jun/2024:02:18:23 +0200] "GET /ticket2/opencms/dk/dk/buy/?page=1&edid=4FA8A0BD-463F-FD8C-DD4D-F7BEE8052E70&sortorder=asc&column=row HTTP/1.1" 404 -
158.220.119.234 - - [30/Jun/2024:02:18:24 +0200] "GET /ticket2/opencms/se/ru/buy/?page=1&edid=F8D1A5B8-3519-5486-4D31-1BE0B83E0B85&sortorder=asc&column=row HTTP/1.1" 404 -
37.57.218.243 - - [30/Jun/2024:02:18:25 +0200] "GET /ticket2/opencms/se/sv/buy/?page=1&edid=AEAF5AF4-E00D-AFA0-01F0-9CA5F3BC692F&sortorder=asc&column=row HTTP/1.1" 404 -
192.99.7.70 - - [30/Jun/2024:02:18:27 +0200] "GET /ticket2/opencms/dk/dk/buy/?page=1&edid=502B279C-6865-DB3B-CD31-9F7C2CB9AA15&sortorder=asc&column=price HTTP/1.1" 404 -
192.95.30.177 - - [30/Jun/2024:02:18:27 +0200] "GET /ticket2/opencms/de/nl/buy/?page=6&comcatid=A17713B6-D984-201A-4143-ED4DB5ED5C2E&catid=2DE12DDA-A5FB-C1C6-CB20-FBF873FB032B HTTP/1.1" 404 -
192.99.7.70 - - [30/Jun/2024:02:18:31 +0200] "GET /ticket2/opencms/dk/dk/buy/?page=1&edid=502B279C-6865-DB3B-CD31-9F7C2CB9AA15&sortorder=asc&column=row HTTP/1.1" 404 -
158.220.124.16 - - [30/Jun/2024:02:18:31 +0200] "GET /ticket2/opencms/se/nl/buy/?page=1&edid=93A8E489-AE58-726C-E39F-173A5C4AC3E8&sortorder=desc&column=price HTTP/1.1" 404 -
158.220.119.234 - - [30/Jun/2024:02:18:34 +0200] "GET /ticket2/opencms/se/ru/buy/?page=1&edid=F8D1A5B8-3519-5486-4D31-1BE0B83E0B85&sortorder=desc&column=price HTTP/1.1" 404 -
192.99.7.70 - - [30/Jun/2024:02:18:35 +0200] "GET /ticket2/opencms/dk/dk/buy/?page=1&edid=502B279C-6865-DB3B-CD31-9F7C2CB9AA15&sortorder=asc&column=section HTTP/1.1" 404 -
192.99.3.137 - - [30/Jun/2024:02:18:35 +0200] "GET /ticket2/opencms/dk/en/buy/?page=1&edid=5B2E6B5B-74E9-CD30-D689-B625FF457737 HTTP/1.1" 404 -
192.95.30.177 - - [30/Jun/2024:02:18:35 +0200] "GET /ticket2/opencms/de/nl/buy/?page=6&comcatid=A17713B6-D984-201A-4143-ED4DB5ED5C2E&catid=2FC3D548-EAF9-1354-0CD2-7D7619DA2334 HTTP/1.1" 404 -
192.99.7.70 - - [30/Jun/2024:02:18:38 +0200] "GET /ticket2/opencms/dk/dk/buy/?page=1&edid=5049F443-2967-4BC4-9DF8-22395FCF3C8C&sortorder=asc&column=price HTTP/1.1" 404 -
47.128.123.80 - - [30/Jun/2024:02:18:40 +0200] "GET /ticket2/opencms/fi/venue/?venueid=03CDE5C1-6C85-4333-AD6E-F14ADEB9C5AB HTTP/1.1" 200 72909
47.128.123.80 - - [30/Jun/2024:02:18:40 +0200] "GET /ticket2/opencms/system/modules/com.gridnine.opencms.ticketbrokerage.site/resources/pics/logo-new.png HTTP/1.1" 200 13541
37.57.218.243 - - [30/Jun/2024:02:18:40 +0200] "GET /ticket2/opencms/se/sv/buy/?page=1&edid=AEAF5AF4-E00D-AFA0-01F0-9CA5F3BC692F&sortorder=asc&column=section HTTP/1.1" 404 -
47.128.123.80 - - [30/Jun/2024:02:18:41 +0200] "GET /ticket2/opencms/system/modules/com.gridnine.opencms.ticketbrokerage.site/resources/pics/bank_3_swedbank.png HTTP/1.1" 200 5740
158.220.119.234 - - [30/Jun/2024:02:18:41 +0200] "GET /ticket2/opencms/se/ru/buy/?page=1&edid=F8D1A5B8-3519-5486-4D31-1BE0B83E0B85&sortorder=desc&column=row HTTP/1.1" 404 -
47.128.123.80 - - [30/Jun/2024:02:18:41 +0200] "GET /ticket2/opencms/system/modules/com.gridnine.opencms.ticketbrokerage.site/resources/pics/bank_5_visa_mastercard.png HTTP/1.1" 200 8196
47.128.123.80 - - [30/Jun/2024:02:18:41 +0200] "GET /ticket2/opencms/system/modules/com.gridnine.opencms.ticketbrokerage.site/resources/pics/bank_2_handelsbanken.png HTTP/1.1" 200 4509
47.128.123.80 - - [30/Jun/2024:02:18:41 +0200] "GET /ticket2/opencms/system/modules/com.gridnine.opencms.ticketbrokerage.site/resources/pics/bank_4_seb.png HTTP/1.1" 200 2487
47.128.123.80 - - [30/Jun/2024:02:18:41 +0200] "GET /ticket2/opencms/system/modules/com.gridnine.opencms.ticketbrokerage.site/resources/pics/bank_6_american_express.png HTTP/1.1" 200 5570
47.128.123.80 - - [30/Jun/2024:02:18:41 +0200] "GET /ticket2/opencms/system/modules/com.gridnine.opencms.ticketbrokerage.site/resources/pics/bank_1_nordea.png HTTP/1.1" 200 4807
192.99.7.70 - - [30/Jun/2024:02:18:42 +0200] "GET /ticket2/opencms/dk/dk/buy/?page=1&edid=5049F443-2967-4BC4-9DF8-22395FCF3C8C&sortorder=asc&column=row HTTP/1.1" 404 -
192.95.30.177 - - [30/Jun/2024:02:18:43 +0200] "GET /ticket2/opencms/de/nl/buy/?page=6&comcatid=A17713B6-D984-201A-4143-ED4DB5ED5C2E&catid=36394212-F82E-F845-399B-42BED55969CC HTTP/1.1" 404 -
158.220.124.16 - - [30/Jun/2024:02:18:45 +0200] "GET /ticket2/opencms/se/nl/buy/?page=1&edid=93A8E489-AE58-726C-E39F-173A5C4AC3E8&sortorder=desc&column=section HTTP/1.1" 404 -
192.99.7.70 - - [30/Jun/2024:02:18:46 +0200] "GET /ticket2/opencms/dk/dk/buy/?page=1&edid=5049F443-2967-4BC4-9DF8-22395FCF3C8C&sortorder=asc&column=section HTTP/1.1" 404 -
37.57.218.243 - - [30/Jun/2024:02:18:49 +0200] "GET /ticket2/opencms/se/sv/buy/?page=1&edid=AF3A3A75-5315-FE9D-022C-FD3048857E51&sortorder=asc&column=price HTTP/1.1" 404 -
192.99.3.137 - - [30/Jun/2024:02:18:49 +0200] "GET /ticket2/opencms/dk/en/buy/?page=1&edid=5C0E0796-42C1-07D1-3A30-7285C6D833B0 HTTP/1.1" 404 -
192.99.7.70 - - [30/Jun/2024:02:18:50 +0200] "GET /ticket2/opencms/dk/dk/buy/?page=1&edid=513CAA1B-8782-C80A-AAD9-6D33D6C20BD3&sortorder=asc&column=price HTTP/1.1" 404 -
192.95.30.177 - - [30/Jun/2024:02:18:51 +0200] "GET /ticket2/opencms/de/nl/buy/?page=6&comcatid=A17713B6-D984-201A-4143-ED4DB5ED5C2E&catid=3A7AEA37-903D-9533-4B33-21B0001FF1D1 HTTP/1.1" 404 -
158.220.119.234 - - [30/Jun/2024:02:18:51 +0200] "GET /ticket2/opencms/se/ru/buy/?page=1&edid=F971B504-A38E-CC54-3E94-36FD288179DE&sortorder=desc&column=section HTTP/1.1" 404 -
158.220.124.16 - - [30/Jun/2024:02:18:53 +0200] "GET /ticket2/opencms/se/nl/buy/?page=1&edid=93D16233-A2B3-F73E-A92E-3387C202F68F HTTP/1.1" 404 -
192.99.7.70 - - [30/Jun/2024:02:18:54 +0200] "GET /ticket2/opencms/dk/dk/buy/?page=1&edid=513CAA1B-8782-C80A-AAD9-6D33D6C20BD3&sortorder=asc&column=section HTTP/1.1" 404 -
158.220.119.234 - - [30/Jun/2024:02:18:58 +0200] "GET /ticket2/opencms/se/ru/buy/?page=1&edid=FA0513B6-C062-D552-5C10-F2BE1953376E&sortorder=asc&column=section HTTP/1.1" 404 -
192.99.7.70 - - [30/Jun/2024:02:18:58 +0200] "GET /ticket2/opencms/dk/dk/buy/?page=1&edid=5178626A-34D0-B2BB-F4B7-DD1DCA937081&sortorder=asc&column=section HTTP/1.1" 404 -
192.95.30.177 - - [30/Jun/2024:02:18:59 +0200] "GET /ticket2/opencms/de/nl/buy/?page=6&comcatid=A17713B6-D984-201A-4143-ED4DB5ED5C2E&catid=3B549160-8B9C-E872-44A9-20FEA86B30E8 HTTP/1.1" 404 -
66.249.76.167 - - [30/Jun/2024:02:19:01 +0200] "GET /ticket2/opencms/dk/venue/?venueid=EF9A381D-E146-D5CF-CC6A-B0B8DD77CAB7 HTTP/1.1" 200 71824
192.99.7.70 - - [30/Jun/2024:02:19:01 +0200] "GET /ticket2/opencms/dk/dk/buy/?page=1&edid=51B34877-7C9F-78FD-7C5F-EE108BC846BA HTTP/1.1" 404 -
158.220.124.16 - - [30/Jun/2024:02:19:02 +0200] "GET /ticket2/opencms/se/nl/buy/?page=1&edid=9494FC4F-F552-A105-03DC-9240AF0DDC45&sortorder=desc&column=section HTTP/1.1" 404 -
37.57.218.243 - - [30/Jun/2024:02:19:03 +0200] "GET /ticket2/opencms/se/sv/buy/?page=1&edid=AF3A3A75-5315-FE9D-022C-FD3048857E51&sortorder=asc&column=section HTTP/1.1" 404 -
47.128.28.225 - - [30/Jun/2024:02:19:03 +0200] "GET /ticket2/opencms/fi/venue/?countryid=281637B5-EBD8-5B84-5601-31AFF5C65765 HTTP/1.1" 200 102292
47.128.28.225 - - [30/Jun/2024:02:19:04 +0200] "GET /ticket2/opencms/system/modules/com.gridnine.opencms.ticketbrokerage.site/resources/pics/logo-new.png HTTP/1.1" 200 13541
47.128.28.225 - - [30/Jun/2024:02:19:04 +0200] "GET /ticket2/opencms/system/modules/com.gridnine.opencms.ticketbrokerage.site/resources/pics/bank_3_swedbank.png HTTP/1.1" 200 5740
47.128.28.225 - - [30/Jun/2024:02:19:05 +0200] "GET /ticket2/opencms/system/modules/com.gridnine.opencms.ticketbrokerage.site/resources/pics/bank_6_american_express.png HTTP/1.1" 200 5570
47.128.28.225 - - [30/Jun/2024:02:19:05 +0200] "GET /ticket2/opencms/system/modules/com.gridnine.opencms.ticketbrokerage.site/resources/pics/bank_4_seb.png HTTP/1.1" 200 2487
47.128.28.225 - - [30/Jun/2024:02:19:05 +0200] "GET /ticket2/opencms/system/modules/com.gridnine.opencms.ticketbrokerage.site/resources/pics/bank_1_nordea.png HTTP/1.1" 200 4807
47.128.28.225 - - [30/Jun/2024:02:19:05 +0200] "GET /ticket2/opencms/system/modules/com.gridnine.opencms.ticketbrokerage.site/resources/pics/bank_2_handelsbanken.png HTTP/1.1" 200 4509
47.128.28.225 - - [30/Jun/2024:02:19:05 +0200] "GET /ticket2/opencms/system/modules/com.gridnine.opencms.ticketbrokerage.site/resources/pics/bank_5_visa_mastercard.png HTTP/1.1" 200 8196
192.99.7.70 - - [30/Jun/2024:02:19:05 +0200] "GET /ticket2/opencms/dk/dk/buy/?page=1&edid=51B34877-7C9F-78FD-7C5F-EE108BC846BA&sortorder=desc&column=price HTTP/1.1" 404 -
192.99.3.137 - - [30/Jun/2024:02:19:06 +0200] "GET /ticket2/opencms/dk/en/buy/?page=1&edid=5C0E0796-42C1-07D1-3A30-7285C6D833B0&sortorder=desc&column=price HTTP/1.1" 404 -
158.220.119.234 - - [30/Jun/2024:02:19:06 +0200] "GET /ticket2/opencms/se/ru/buy/?page=1&edid=FAC9FF2C-BDFB-9630-300A-95FC3BA9095B&sortorder=desc&column=section HTTP/1.1" 404 -
192.95.30.177 - - [30/Jun/2024:02:19:07 +0200] "GET /ticket2/opencms/de/nl/buy/?page=6&comcatid=A17713B6-D984-201A-4143-ED4DB5ED5C2E&catid=42C82D82-D02A-8562-E55C-48ADB3771882 HTTP/1.1" 404 -
192.99.7.70 - - [30/Jun/2024:02:19:09 +0200] "GET /ticket2/opencms/dk/dk/buy/?page=1&edid=51B34877-7C9F-78FD-7C5F-EE108BC846BA&sortorder=desc&column=row HTTP/1.1" 404 -
192.99.3.137 - - [30/Jun/2024:02:19:12 +0200] "GET /ticket2/opencms/dk/en/buy/?page=1&edid=5C0E0796-42C1-07D1-3A30-7285C6D833B0&sortorder=desc&column=section HTTP/1.1" 404 -
192.99.7.70 - - [30/Jun/2024:02:19:13 +0200] "GET /ticket2/opencms/dk/dk/buy/?page=1&edid=51B34877-7C9F-78FD-7C5F-EE108BC846BA&sortorder=desc&column=section HTTP/1.1" 404 -
51.222.253.1 - - [30/Jun/2024:02:19:14 +0200] "GET /ticket2/opencms/no/sport/motor/ HTTP/1.1" 200 71452
158.220.124.16 - - [30/Jun/2024:02:19:14 +0200] "GET /ticket2/opencms/se/nl/buy/?page=1&edid=958AB6CE-C703-9A46-1021-58F958A23D2F&sortorder=asc&column=price HTTP/1.1" 404 -
192.95.30.177 - - [30/Jun/2024:02:19:14 +0200] "GET /ticket2/opencms/de/nl/buy/?page=6&comcatid=A17713B6-D984-201A-4143-ED4DB5ED5C2E&catid=4B941E1B-E4E2-C53E-C693-9FA91BBA9AD5 HTTP/1.1" 404 -
185.157.223.150 - - [30/Jun/2024:02:19:15 +0200] "GET /ticket2/tickets_export/outgoing/export.txt HTTP/1.1" 200 24553702
158.220.119.234 - - [30/Jun/2024:02:19:15 +0200] "GET /ticket2/opencms/se/ru/buy/?page=1&edid=FBDF2F5C-22EC-57CA-6C70-110C2200E452 HTTP/1.1" 404 -
66.249.92.163 - - [30/Jun/2024:02:19:15 +0200] "GET /ticket2/opencms/apple-app-site-association HTTP/1.1" 404 -
192.99.7.70 - - [30/Jun/2024:02:19:16 +0200] "GET /ticket2/opencms/dk/dk/buy/?page=1&edid=51C8DADA-3389-0DD8-E4E9-A827BBFED126 HTTP/1.1" 404 -
37.57.218.243 - - [30/Jun/2024:02:19:17 +0200] "GET /ticket2/opencms/se/sv/buy/?page=1&edid=B6E3C425-FB2A-FD4B-B6C3-0A511B8AB798&sortorder=asc&column=price HTTP/1.1" 404 -
192.99.3.137 - - [30/Jun/2024:02:19:19 +0200] "GET /ticket2/opencms/dk/en/buy/?page=1&edid=5D083840-1E35-771C-89E3-FB7788923EF6&sortorder=asc&column=row HTTP/1.1" 404 -
192.99.7.70 - - [30/Jun/2024:02:19:20 +0200] "GET /ticket2/opencms/dk/dk/buy/?page=1&edid=51C8DADA-3389-0DD8-E4E9-A827BBFED126&sortorder=desc&column=price HTTP/1.1" 404 -
192.95.30.177 - - [30/Jun/2024:02:19:22 +0200] "GET /ticket2/opencms/de/nl/buy/?page=6&comcatid=A17713B6-D984-201A-4143-ED4DB5ED5C2E&catid=515A9A29-35A0-2DB8-262B-AEF122DB04F6 HTTP/1.1" 404 -
192.99.7.70 - - [30/Jun/2024:02:19:24 +0200] "GET /ticket2/opencms/dk/dk/buy/?page=1&edid=52027545-9C2A-2375-C723-4D44DAF32FED&sortorder=desc&column=price HTTP/1.1" 404 -
158.220.124.16 - - [30/Jun/2024:02:19:25 +0200] "GET /ticket2/opencms/se/nl/buy/?page=1&edid=95ABEEA7-578D-3788-87FE-97E37F7989AE&sortorder=asc&column=section HTTP/1.1" 404 -
192.99.3.137 - - [30/Jun/2024:02:19:26 +0200] "GET /ticket2/opencms/dk/en/buy/?page=1&edid=5D083840-1E35-771C-89E3-FB7788923EF6&sortorder=asc&column=section HTTP/1.1" 404 -
40.77.167.43 - - [30/Jun/2024:02:19:27 +0200] "GET /ticket2/opencms/fi/venue/?venueid=43E46141-15E1-3762-0B24-518B95D780B0 HTTP/1.1" 200 72929
192.99.7.70 - - [30/Jun/2024:02:19:28 +0200] "GET /ticket2/opencms/dk/dk/buy/?page=1&edid=52027545-9C2A-2375-C723-4D44DAF32FED&sortorder=desc&column=row HTTP/1.1" 404 -
158.220.119.234 - - [30/Jun/2024:02:19:28 +0200] "GET /ticket2/opencms/se/ru/buy/?page=1&edid=FBE996A6-C796-D456-AEF9-77A7DD0E617C&sortorder=asc&column=row HTTP/1.1" 404 -
47.128.28.63 - - [30/Jun/2024:02:19:28 +0200] "GET /ticket2/opencms/fi/venue/?countryid=A9198A40-C385-3F3F-F1E3-C36DF8CBA8BE HTTP/1.1" 200 102292
37.57.218.243 - - [30/Jun/2024:02:19:28 +0200] "GET /ticket2/opencms/se/sv/buy/?page=1&edid=B6E3C425-FB2A-FD4B-B6C3-0A511B8AB798&sortorder=asc&column=row HTTP/1.1" 404 -
47.128.28.63 - - [30/Jun/2024:02:19:29 +0200] "GET /ticket2/opencms/system/modules/com.gridnine.opencms.ticketbrokerage.site/resources/pics/logo-new.png HTTP/1.1" 200 13541
47.128.28.63 - - [30/Jun/2024:02:19:29 +0200] "GET /ticket2/opencms/system/modules/com.gridnine.opencms.ticketbrokerage.site/resources/pics/bank_4_seb.png HTTP/1.1" 200 2487
47.128.28.63 - - [30/Jun/2024:02:19:29 +0200] "GET /ticket2/opencms/system/modules/com.gridnine.opencms.ticketbrokerage.site/resources/pics/bank_2_handelsbanken.png HTTP/1.1" 200 4509
47.128.28.63 - - [30/Jun/2024:02:19:30 +0200] "GET /ticket2/opencms/system/modules/com.gridnine.opencms.ticketbrokerage.site/resources/pics/bank_1_nordea.png HTTP/1.1" 200 4807
47.128.28.63 - - [30/Jun/2024:02:19:30 +0200] "GET /ticket2/opencms/system/modules/com.gridnine.opencms.ticketbrokerage.site/resources/pics/bank_3_swedbank.png HTTP/1.1" 200 5740
47.128.28.63 - - [30/Jun/2024:02:19:30 +0200] "GET /ticket2/opencms/system/modules/com.gridnine.opencms.ticketbrokerage.site/resources/pics/bank_5_visa_mastercard.png HTTP/1.1" 200 8196
47.128.28.63 - - [30/Jun/2024:02:19:30 +0200] "GET /ticket2/opencms/system/modules/com.gridnine.opencms.ticketbrokerage.site/resources/pics/bank_6_american_express.png HTTP/1.1" 200 5570
192.95.30.177 - - [30/Jun/2024:02:19:30 +0200] "GET /ticket2/opencms/de/nl/buy/?page=6&comcatid=A17713B6-D984-201A-4143-ED4DB5ED5C2E&catid=573B7747-EE85-D769-C87D-F3F61FB64AA5 HTTP/1.1" 404 -
192.99.3.137 - - [30/Jun/2024:02:19:30 +0200] "GET /ticket2/opencms/dk/en/buy/?page=1&edid=5D316A17-67AE-AB26-3845-7466FBF7E082&sortorder=asc&column=row HTTP/1.1" 404 -
192.99.7.70 - - [30/Jun/2024:02:19:31 +0200] "GET /ticket2/opencms/dk/dk/buy/?page=1&edid=52027545-9C2A-2375-C723-4D44DAF32FED&sortorder=desc&column=section HTTP/1.1" 404 -
216.244.66.196 - - [30/Jun/2024:02:19:33 +0200] "GET /ticket2/opencms/sv/buy/?page=1&edid=00BA3A64-EDC5-90ED-4A19-9BAB3786C088 HTTP/1.1" 200 87552
192.99.7.70 - - [30/Jun/2024:02:19:35 +0200] "GET /ticket2/opencms/dk/dk/buy/?page=1&edid=523501E5-3030-71B1-ED39-97EA81BD353D&sortorder=desc&column=price HTTP/1.1" 404 -
158.220.119.234 - - [30/Jun/2024:02:19:35 +0200] "GET /ticket2/opencms/se/ru/buy/?page=1&edid=FC8166F8-5150-95FE-6FDF-33A45AACF965 HTTP/1.1" 404 -
192.99.3.137 - - [30/Jun/2024:02:19:36 +0200] "GET /ticket2/opencms/dk/en/buy/?page=1&edid=5D5A9ACE-4EDC-A590-3590-39AF7C33AC8D HTTP/1.1" 404 -
158.220.124.16 - - [30/Jun/2024:02:19:37 +0200] "GET /ticket2/opencms/se/nl/buy/?page=1&edid=95D0E7AF-AB99-8B0B-DDC4-15D0DE60DC11 HTTP/1.1" 404 -
192.95.30.177 - - [30/Jun/2024:02:19:38 +0200] "GET /ticket2/opencms/de/nl/buy/?page=6&comcatid=A17713B6-D984-201A-4143-ED4DB5ED5C2E&catid=5A89E483-58AD-080E-F363-E16CE738916A HTTP/1.1" 404 -
192.99.7.70 - - [30/Jun/2024:02:19:39 +0200] "GET /ticket2/opencms/dk/dk/buy/?page=1&edid=52580361-D19E-1BDB-B314-E400BA105BF6&sortorder=asc&column=price HTTP/1.1" 404 -
37.57.218.243 - - [30/Jun/2024:02:19:40 +0200] "GET /ticket2/opencms/se/sv/buy/?page=1&edid=B6E3C425-FB2A-FD4B-B6C3-0A511B8AB798&sortorder=asc&column=section HTTP/1.1" 404 -
216.244.66.196 - - [30/Jun/2024:02:19:40 +0200] "GET /ticket2/opencms/sv/buy/?page=1&edid=867E5C69-A11C-A0A4-176A-7AA1621CA972 HTTP/1.1" 200 87616
192.99.3.137 - - [30/Jun/2024:02:19:41 +0200] "GET /ticket2/opencms/dk/en/buy/?page=1&edid=5D5A9ACE-4EDC-A590-3590-39AF7C33AC8D&sortorder=desc&column=row HTTP/1.1" 404 -
192.99.7.70 - - [30/Jun/2024:02:19:42 +0200] "GET /ticket2/opencms/dk/dk/buy/?page=1&edid=527C93B0-9340-497B-8776-6EDF58916407&sortorder=desc&column=section HTTP/1.1" 404 -
158.220.119.234 - - [30/Jun/2024:02:19:42 +0200] "GET /ticket2/opencms/se/ru/buy/?page=1&edid=FC8166F8-5150-95FE-6FDF-33A45AACF965&sortorder=desc&column=row HTTP/1.1" 404 -
192.99.3.137 - - [30/Jun/2024:02:19:46 +0200] "GET /ticket2/opencms/dk/en/buy/?page=1&edid=5D5A9ACE-4EDC-A590-3590-39AF7C33AC8D&sortorder=desc&column=section HTTP/1.1" 404 -
192.99.7.70 - - [30/Jun/2024:02:19:46 +0200] "GET /ticket2/opencms/dk/dk/buy/?page=1&edid=52D78D1F-00E1-58D3-5B65-29C4005FB34E&sortorder=desc&column=price HTTP/1.1" 404 -
192.95.30.177 - - [30/Jun/2024:02:19:46 +0200] "GET /ticket2/opencms/de/nl/buy/?page=6&comcatid=A17713B6-D984-201A-4143-ED4DB5ED5C2E&catid=64756941-02D2-3538-2077-8C2508F4A3A8 HTTP/1.1" 404 -
37.57.218.243 - - [30/Jun/2024:02:19:48 +0200] "GET /ticket2/opencms/se/sv/buy/?page=1&edid=D2D736A8-1D98-4EFF-4F4C-B01FC94BF6B7 HTTP/1.1" 404 -
158.220.124.16 - - [30/Jun/2024:02:19:49 +0200] "GET /ticket2/opencms/se/nl/buy/?page=1&edid=95D0E7AF-AB99-8B0B-DDC4-15D0DE60DC11&sortorder=desc&column=price HTTP/1.1" 404 -
192.99.7.70 - - [30/Jun/2024:02:19:50 +0200] "GET /ticket2/opencms/dk/dk/buy/?page=1&edid=53202693-7DA4-5446-E3D3-0719CDDBB705 HTTP/1.1" 404 -
158.220.119.234 - - [30/Jun/2024:02:19:51 +0200] "GET /ticket2/opencms/se/ru/buy/?page=1&edid=FC8166F8-5150-95FE-6FDF-33A45AACF965&sortorder=desc&column=section HTTP/1.1" 404 -
192.99.3.137 - - [30/Jun/2024:02:19:51 +0200] "GET /ticket2/opencms/dk/en/buy/?page=1&edid=5FB42A24-9598-632B-4AE7-41A2A99513C3 HTTP/1.1" 404 -
47.128.39.110 - - [30/Jun/2024:02:19:52 +0200] "GET /ticket2/opencms/no/buy/?catid=2DE12DDA-A5FB-C1C6-CB20-FBF873FB032B&comcatid=A17713B6-D984-201A-4143-ED4DB5ED5C2E HTTP/1.1" 200 83092
47.128.39.110 - - [30/Jun/2024:02:19:53 +0200] "GET /ticket2/opencms/system/modules/com.gridnine.opencms.ticketbrokerage.site/resources/pics/logo-new.png HTTP/1.1" 200 13541
192.99.7.70 - - [30/Jun/2024:02:19:53 +0200] "GET /ticket2/opencms/dk/dk/buy/?page=1&edid=5419EEB9-7CF3-F00C-1255-FC5A4AAC90B0 HTTP/1.1" 404 -
47.128.39.110 - - [30/Jun/2024:02:19:54 +0200] "GET /ticket2/opencms/system/modules/com.gridnine.opencms.ticketbrokerage.site/resources/pics/bank_4_seb.png HTTP/1.1" 200 2487
47.128.39.110 - - [30/Jun/2024:02:19:54 +0200] "GET /ticket2/opencms/system/modules/com.gridnine.opencms.ticketbrokerage.site/resources/pics/bank_2_handelsbanken.png HTTP/1.1" 200 4509
47.128.39.110 - - [30/Jun/2024:02:19:54 +0200] "GET /ticket2/opencms/system/modules/com.gridnine.opencms.ticketbrokerage.site/resources/pics/bank_1_nordea.png HTTP/1.1" 200 4807
192.95.30.177 - - [30/Jun/2024:02:19:54 +0200] "GET /ticket2/opencms/de/nl/buy/?page=6&comcatid=A17713B6-D984-201A-4143-ED4DB5ED5C2E&catid=6BD6E0B0-84AF-3A0D-3851-C1357CE9B771 HTTP/1.1" 404 -
47.128.39.110 - - [30/Jun/2024:02:19:54 +0200] "GET /ticket2/opencms/system/modules/com.gridnine.opencms.ticketbrokerage.site/resources/pics/bank_5_visa_mastercard.png HTTP/1.1" 200 8196
47.128.39.110 - - [30/Jun/2024:02:19:54 +0200] "GET /ticket2/opencms/system/modules/com.gridnine.opencms.ticketbrokerage.site/resources/pics/bank_3_swedbank.png HTTP/1.1" 200 5740
47.128.39.110 - - [30/Jun/2024:02:19:54 +0200] "GET /ticket2/opencms/system/modules/com.gridnine.opencms.ticketbrokerage.site/resources/pics/bank_6_american_express.png HTTP/1.1" 200 5570
205.210.31.15 - - [30/Jun/2024:02:19:55 +0200] "GET /ticket2/opencms/ HTTP/1.1" 500 -
37.57.218.243 - - [30/Jun/2024:02:19:56 +0200] "GET /ticket2/opencms/se/robots.txt HTTP/1.1" 404 -
192.99.7.70 - - [30/Jun/2024:02:19:57 +0200] "GET /ticket2/opencms/dk/dk/buy/?page=1&edid=5419EEB9-7CF3-F00C-1255-FC5A4AAC90B0&sortorder=asc&column=price HTTP/1.1" 404 -
158.220.119.234 - - [30/Jun/2024:02:19:58 +0200] "GET /ticket2/opencms/se/ru/buy/?page=1&edid=FCCEA0AD-179D-2AD4-9A08-938973A163A5&sortorder=asc&column=price HTTP/1.1" 404 -
192.99.3.137 - - [30/Jun/2024:02:19:59 +0200] "GET /ticket2/opencms/dk/en/buy/?page=1&edid=5FB42A24-9598-632B-4AE7-41A2A99513C3&sortorder=desc&column=price HTTP/1.1" 404 -
192.99.7.70 - - [30/Jun/2024:02:20:01 +0200] "GET /ticket2/opencms/dk/dk/buy/?page=1&edid=5419EEB9-7CF3-F00C-1255-FC5A4AAC90B0&sortorder=desc&column=row HTTP/1.1" 404 -
158.220.124.16 - - [30/Jun/2024:02:20:01 +0200] "GET /ticket2/opencms/se/nl/buy/?page=1&edid=95D0E7AF-AB99-8B0B-DDC4-15D0DE60DC11&sortorder=desc&column=row HTTP/1.1" 404 -
192.95.30.177 - - [30/Jun/2024:02:20:02 +0200] "GET /ticket2/opencms/de/nl/buy/?page=6&comcatid=A17713B6-D984-201A-4143-ED4DB5ED5C2E&catid=6E0E0CA4-3F14-9697-92B9-3687047BE453 HTTP/1.1" 404 -
66.249.66.38 - - [30/Jun/2024:02:20:02 +0200] "GET /ticket2/opencms/sv/venue/?countryid=86D8F5F1-1C66-F61F-D1EA-1BF1C36E41D6 HTTP/1.1" 200 101554
192.99.7.70 - - [30/Jun/2024:02:20:04 +0200] "GET /ticket2/opencms/dk/dk/buy/?page=1&edid=5432ED02-FAD8-0258-AF31-52B1290A487D&sortorder=desc&column=section HTTP/1.1" 404 -
158.220.119.234 - - [30/Jun/2024:02:20:05 +0200] "GET /ticket2/opencms/se/ru/buy/?page=1&edid=FCFF64F4-8470-ED2D-AA1E-ED0A7C017F3F&sortorder=desc&column=price HTTP/1.1" 404 -
192.99.3.137 - - [30/Jun/2024:02:20:05 +0200] "GET /ticket2/opencms/dk/en/buy/?page=1&edid=69C810A5-B9DA-98B4-5968-251ABDED40E1&sortorder=asc&column=section HTTP/1.1" 404 -
51.222.253.19 - - [30/Jun/2024:02:20:05 +0200] "GET /ticket2/opencms/sv/sport/fotbollsbiljetter/serie_a/sassuolo/ HTTP/1.1" 200 73405
192.99.7.70 - - [30/Jun/2024:02:20:08 +0200] "GET /ticket2/opencms/dk/dk/buy/?page=1&edid=5504F1CD-C73C-44E7-7966-D8170D887DB7&sortorder=asc&column=price HTTP/1.1" 404 -
192.95.30.177 - - [30/Jun/2024:02:20:10 +0200] "GET /ticket2/opencms/de/nl/buy/?page=6&comcatid=A17713B6-D984-201A-4143-ED4DB5ED5C2E&catid=70B37487-FE30-D476-CAE7-E6AFEA3153F2 HTTP/1.1" 404 -
192.99.7.70 - - [30/Jun/2024:02:20:11 +0200] "GET /ticket2/opencms/dk/dk/buy/?page=1&edid=552978CA-0B74-6ABC-8BC8-CC841112A7AE HTTP/1.1" 404 -
158.220.119.234 - - [30/Jun/2024:02:20:11 +0200] "GET /ticket2/opencms/se/ru/buy/?page=1&edid=FCFF64F4-8470-ED2D-AA1E-ED0A7C017F3F&sortorder=desc&column=row HTTP/1.1" 404 -
192.99.3.137 - - [30/Jun/2024:02:20:12 +0200] "GET /ticket2/opencms/dk/en/buy/?page=1&edid=69D2DD02-D621-FB86-F500-CC13D121EA62&sortorder=asc&column=section HTTP/1.1" 404 -
192.99.7.70 - - [30/Jun/2024:02:20:16 +0200] "GET /ticket2/opencms/dk/dk/buy/?page=1&edid=AFBC7C6C-0902-9DFD-66C8-0C8691268512&sortorder=asc&column=row HTTP/1.1" 404 -
37.57.218.243 - - [30/Jun/2024:02:20:17 +0200] "GET /ticket2/opencms/se/sv/buy/?page=1&edid=1BA60D37-BAF8-2819-F469-C6D557F7E33B HTTP/1.1" 404 -
192.99.3.137 - - [30/Jun/2024:02:20:17 +0200] "GET /ticket2/opencms/dk/en/buy/?page=1&edid=703B9188-07D2-D0DA-558A-C19524FFF0C0&sortorder=asc&column=row HTTP/1.1" 404 -
47.128.39.169 - - [30/Jun/2024:02:20:17 +0200] "GET /ticket2/opencms/fi/urheilu/hockey/nhl/florida-panthers/ HTTP/1.1" 200 76082
192.95.30.177 - - [30/Jun/2024:02:20:18 +0200] "GET /ticket2/opencms/de/nl/buy/?page=6&comcatid=A17713B6-D984-201A-4143-ED4DB5ED5C2E&catid=739BFC5D-78FA-6834-D764-6CE64CA5F9EC HTTP/1.1" 404 -
47.128.39.169 - - [30/Jun/2024:02:20:18 +0200] "GET /ticket2/opencms/system/modules/com.gridnine.opencms.ticketbrokerage.site/resources/pics/logo-new.png HTTP/1.1" 200 13541
47.128.39.169 - - [30/Jun/2024:02:20:18 +0200] "GET /ticket2/opencms/system/modules/com.gridnine.opencms.ticketbrokerage.site/resources/pics/banners/team/nhl/florida_panthers.png HTTP/1.1" 200 202828
158.220.119.234 - - [30/Jun/2024:02:20:18 +0200] "GET /ticket2/opencms/se/ru/buy/?page=1&edid=FCFF64F4-8470-ED2D-AA1E-ED0A7C017F3F&sortorder=desc&column=section HTTP/1.1" 404 -
47.128.39.169 - - [30/Jun/2024:02:20:19 +0200] "GET /ticket2/opencms/system/modules/com.gridnine.opencms.ticketbrokerage.site/resources/pics/bank_4_seb.png HTTP/1.1" 200 2487
47.128.39.169 - - [30/Jun/2024:02:20:19 +0200] "GET /ticket2/opencms/system/modules/com.gridnine.opencms.ticketbrokerage.site/resources/pics/bank_1_nordea.png HTTP/1.1" 200 4807
47.128.39.169 - - [30/Jun/2024:02:20:19 +0200] "GET /ticket2/opencms/system/modules/com.gridnine.opencms.ticketbrokerage.site/resources/pics/bank_2_handelsbanken.png HTTP/1.1" 200 4509
47.128.39.169 - - [30/Jun/2024:02:20:19 +0200] "GET /ticket2/opencms/system/modules/com.gridnine.opencms.ticketbrokerage.site/resources/pics/bank_3_swedbank.png HTTP/1.1" 200 5740
47.128.39.169 - - [30/Jun/2024:02:20:19 +0200] "GET /ticket2/opencms/system/modules/com.gridnine.opencms.ticketbrokerage.site/resources/pics/bank_5_visa_mastercard.png HTTP/1.1" 200 8196
47.128.39.169 - - [30/Jun/2024:02:20:19 +0200] "GET /ticket2/opencms/system/modules/com.gridnine.opencms.ticketbrokerage.site/resources/pics/bank_6_american_express.png HTTP/1.1" 200 5570
66.249.92.162 - - [30/Jun/2024:02:20:19 +0200] "GET /ticket2/opencms/.well-known/apple-app-site-association HTTP/1.1" 404 -
192.99.7.70 - - [30/Jun/2024:02:20:22 +0200] "GET /ticket2/opencms/dk/dk/buy/?page=1&edid=AFBC7C6C-0902-9DFD-66C8-0C8691268512&sortorder=asc&column=section HTTP/1.1" 404 -
158.220.124.16 - - [30/Jun/2024:02:20:24 +0200] "GET /ticket2/opencms/se/nl/buy/?page=1&edid=95E6E611-0374-63DE-1FB9-733C295CC9A7&sortorder=asc&column=section HTTP/1.1" 404 -
192.99.3.137 - - [30/Jun/2024:02:20:24 +0200] "GET /ticket2/opencms/dk/en/buy/?page=1&edid=72EFF4C3-F2CF-1B27-5F03-64D46F8CDC4B&sortorder=asc&column=row HTTP/1.1" 404 -
192.95.30.177 - - [30/Jun/2024:02:20:26 +0200] "GET /ticket2/opencms/de/nl/buy/?page=6&comcatid=A17713B6-D984-201A-4143-ED4DB5ED5C2E&catid=7ACC33AD-EE7E-AAA7-9050-0F4587759B87 HTTP/1.1" 404 -
158.220.119.234 - - [30/Jun/2024:02:20:26 +0200] "GET /ticket2/opencms/se/ru/buy/?page=1&edid=FD05ABF5-CDE6-7E14-6315-57144B5C58D0 HTTP/1.1" 404 -
192.99.7.70 - - [30/Jun/2024:02:20:27 +0200] "GET /ticket2/opencms/dk/dk/buy/?page=1&edid=B0039853-0FD8-C84B-1730-6B53C69DB496&sortorder=asc&column=section HTTP/1.1" 404 -
52.167.144.231 - - [30/Jun/2024:02:20:29 +0200] "GET /ticket2/opencms/en/buy?page=1&edid=8789D5A7-0EC8-9EA7-BCBD-B85BE46629A5 HTTP/1.1" 200 86843
52.167.144.20 - - [30/Jun/2024:02:20:30 +0200] "GET /ticket2/opencms/en/buy/?page=1&edid=FD871DA9-D2A2-B070-D114-4ADDF80ECF0E HTTP/1.1" 200 87689
192.99.3.137 - - [30/Jun/2024:02:20:30 +0200] "GET /ticket2/opencms/dk/en/buy/?page=1&edid=72EFF4C3-F2CF-1B27-5F03-64D46F8CDC4B&sortorder=asc&column=section HTTP/1.1" 404 -
192.99.7.70 - - [30/Jun/2024:02:20:33 +0200] "GET /ticket2/opencms/dk/dk/buy/?page=1&edid=B03E07E3-7AEB-A13D-3217-AD4A7760899B&sortorder=asc&column=price HTTP/1.1" 404 -
37.57.218.243 - - [30/Jun/2024:02:20:33 +0200] "GET /ticket2/opencms/se/sv/buy/?page=1&edid=47132D85-6386-619E-8F0A-163E57D20153&sortorder=desc&column=section HTTP/1.1" 404 -
114.119.128.162 - - [30/Jun/2024:02:20:34 +0200] "GET /ticket2/opencms/en/buy/?page=1&edid=C43AF7C0-26BE-B2AE-78CB-C76D3232FCED HTTP/1.1" 200 86926
158.220.119.234 - - [30/Jun/2024:02:20:34 +0200] "GET /ticket2/opencms/se/ru/buy/?page=1&edid=FD40A981-6092-7EFC-5D69-1BF486842E80&sortorder=desc&column=price HTTP/1.1" 404 -
192.99.3.137 - - [30/Jun/2024:02:20:34 +0200] "GET /ticket2/opencms/dk/en/buy/?page=1&edid=737F88F7-7F18-93CC-306A-5F33631B3F9F&sortorder=asc&column=price HTTP/1.1" 404 -
192.95.30.177 - - [30/Jun/2024:02:20:35 +0200] "GET /ticket2/opencms/de/nl/buy/?page=6&comcatid=A17713B6-D984-201A-4143-ED4DB5ED5C2E&catid=7BADFFFB-57C5-5DBC-E7EB-B45075B3D8F9 HTTP/1.1" 404 -
192.99.7.70 - - [30/Jun/2024:02:20:38 +0200] "GET /ticket2/opencms/dk/dk/buy/?page=1&edid=B03E07E3-7AEB-A13D-3217-AD4A7760899B&sortorder=asc&column=row HTTP/1.1" 404 -
192.99.3.137 - - [30/Jun/2024:02:20:39 +0200] "GET /ticket2/opencms/dk/en/buy/?page=1&edid=737F88F7-7F18-93CC-306A-5F33631B3F9F&sortorder=asc&column=section HTTP/1.1" 404 -
158.220.124.16 - - [30/Jun/2024:02:20:41 +0200] "GET /ticket2/opencms/se/nl/buy/?page=1&edid=971049D5-C79B-BCDF-7226-868A850B80AA&sortorder=asc&column=price HTTP/1.1" 404 -
158.220.119.234 - - [30/Jun/2024:02:20:41 +0200] "GET /ticket2/opencms/se/ru/buy/?page=1&edid=FDF79470-7ABA-EC81-F653-55487B859239&sortorder=desc&column=price HTTP/1.1" 404 -
47.128.126.184 - - [30/Jun/2024:02:20:42 +0200] "GET /ticket2/opencms/fi/buy/?eventid=D707AC08-0150-71A1-15CE-72D181DDFCB2&page=10&venueid=64823F37-C894-99FC-7FB9-1CA1007A4F17 HTTP/1.1" 200 74403
47.128.126.184 - - [30/Jun/2024:02:20:42 +0200] "GET /ticket2/opencms/system/modules/com.gridnine.opencms.ticketbrokerage.site/resources/pics/logo-new.png HTTP/1.1" 200 13541
47.128.126.184 - - [30/Jun/2024:02:20:43 +0200] "GET /ticket2/opencms/system/modules/com.gridnine.opencms.ticketbrokerage.site/resources/pics/bank_1_nordea.png HTTP/1.1" 200 4807
47.128.126.184 - - [30/Jun/2024:02:20:43 +0200] "GET /ticket2/opencms/system/modules/com.gridnine.opencms.ticketbrokerage.site/resources/pics/bank_3_swedbank.png HTTP/1.1" 200 5740
192.95.30.177 - - [30/Jun/2024:02:20:43 +0200] "GET /ticket2/opencms/de/nl/buy/?page=6&comcatid=A17713B6-D984-201A-4143-ED4DB5ED5C2E&catid=7CF2D645-F785-0CBB-1B7C-C4711617EAAD HTTP/1.1" 404 -
47.128.126.184 - - [30/Jun/2024:02:20:43 +0200] "GET /ticket2/opencms/system/modules/com.gridnine.opencms.ticketbrokerage.site/resources/pics/bank_2_handelsbanken.png HTTP/1.1" 200 4509
47.128.126.184 - - [30/Jun/2024:02:20:43 +0200] "GET /ticket2/opencms/system/modules/com.gridnine.opencms.ticketbrokerage.site/resources/pics/bank_4_seb.png HTTP/1.1" 200 2487
47.128.126.184 - - [30/Jun/2024:02:20:44 +0200] "GET /ticket2/opencms/system/modules/com.gridnine.opencms.ticketbrokerage.site/resources/pics/bank_5_visa_mastercard.png HTTP/1.1" 200 8196
47.128.126.184 - - [30/Jun/2024:02:20:44 +0200] "GET /ticket2/opencms/system/modules/com.gridnine.opencms.ticketbrokerage.site/resources/pics/bank_6_american_express.png HTTP/1.1" 200 5570
192.99.7.70 - - [30/Jun/2024:02:20:44 +0200] "GET /ticket2/opencms/dk/dk/buy/?page=1&edid=B03E07E3-7AEB-A13D-3217-AD4A7760899B&sortorder=asc&column=section HTTP/1.1" 404 -
192.99.3.137 - - [30/Jun/2024:02:20:44 +0200] "GET /ticket2/opencms/dk/en/buy/?page=1&edid=77D073DA-E868-7067-9130-ABC8EB8612AA&sortorder=asc&column=section HTTP/1.1" 404 -
207.46.13.14 - - [30/Jun/2024:02:20:46 +0200] "GET /ticket2/opencms/dk/sport/fodboldbilletter/champions_league/ HTTP/1.1" 200 78181
158.220.119.234 - - [30/Jun/2024:02:20:47 +0200] "GET /ticket2/opencms/se/ru/buy/?page=1&edid=FDF79470-7ABA-EC81-F653-55487B859239&sortorder=desc&column=row HTTP/1.1" 404 -
192.99.7.70 - - [30/Jun/2024:02:20:50 +0200] "GET /ticket2/opencms/dk/dk/buy/?page=1&edid=B0A7B93D-B4B8-4787-14E2-3435BF39BB42&sortorder=asc&column=row HTTP/1.1" 404 -
192.95.30.177 - - [30/Jun/2024:02:20:51 +0200] "GET /ticket2/opencms/de/nl/buy/?page=6&comcatid=A17713B6-D984-201A-4143-ED4DB5ED5C2E&catid=7CF2D645-F785-0CBB-1B7C-C4711617EAAD&eventid=98A172BE-77C2-F598-BEB3-A4F201F7A4A6 HTTP/1.1" 404 -
192.99.3.137 - - [30/Jun/2024:02:20:52 +0200] "GET /ticket2/opencms/dk/en/buy/?page=1&edid=77E96875-4D8B-3D4E-D441-77B59C16273C&sortorder=asc&column=row HTTP/1.1" 404 -
216.245.221.83 - - [30/Jun/2024:02:20:53 +0200] "HEAD /ticket2/opencms/ HTTP/1.1" 302 -
158.220.119.234 - - [30/Jun/2024:02:20:54 +0200] "GET /ticket2/opencms/se/ru/buy/?page=1&edid=FDF79470-7ABA-EC81-F653-55487B859239&sortorder=desc&column=section HTTP/1.1" 404 -
192.99.7.70 - - [30/Jun/2024:02:20:55 +0200] "GET /ticket2/opencms/dk/dk/buy/?page=1&edid=B0A7B93D-B4B8-4787-14E2-3435BF39BB42&sortorder=asc&column=section HTTP/1.1" 404 -
216.245.221.83 - - [30/Jun/2024:02:20:56 +0200] "HEAD /ticket2/opencms/en/ HTTP/1.1" 200 -
51.222.253.16 - - [30/Jun/2024:02:20:57 +0200] "GET /ticket2/opencms/en/venue/?venueid=D178ABDF-6A2C-BDD5-DC03-AE8E4C0C9952 HTTP/1.1" 200 71336
192.99.3.137 - - [30/Jun/2024:02:20:57 +0200] "GET /ticket2/opencms/dk/en/buy/?page=1&edid=77E96875-4D8B-3D4E-D441-77B59C16273C&sortorder=asc&column=section HTTP/1.1" 404 -
37.57.218.243 - - [30/Jun/2024:02:20:58 +0200] "GET /ticket2/opencms/se/sv/buy/?page=1&edid=471C489F-37FF-5134-5E8B-21731684ACAF HTTP/1.1" 404 -
192.95.30.177 - - [30/Jun/2024:02:20:59 +0200] "GET /ticket2/opencms/de/nl/buy/?page=6&comcatid=A17713B6-D984-201A-4143-ED4DB5ED5C2E&catid=7EF04817-972D-18B1-F941-DE800D088075 HTTP/1.1" 404 -
158.220.119.234 - - [30/Jun/2024:02:21:00 +0200] "GET /ticket2/opencms/se/ru/buy/?page=1&edid=FE84BAFC-CCB6-50CE-4161-D28C42F593C7&sortorder=desc&column=row HTTP/1.1" 404 -
192.99.7.70 - - [30/Jun/2024:02:21:01 +0200] "GET /ticket2/opencms/dk/dk/buy/?page=1&edid=B0B70E5A-B67E-70BD-7774-60314068D0D1&sortorder=asc&column=section HTTP/1.1" 404 -
192.99.3.137 - - [30/Jun/2024:02:21:05 +0200] "GET /ticket2/opencms/dk/en/buy/?page=1&edid=7821A60F-0A4F-8978-889F-2A006C733B51&sortorder=asc&column=section HTTP/1.1" 404 -
47.128.32.99 - - [30/Jun/2024:02:21:06 +0200] "GET /ticket2/opencms/no/buy/?catid=F03B8ADD-988E-AE6A-8DBA-AF502C691C60&comcatid=A17713B6-D984-201A-4143-ED4DB5ED5C2E HTTP/1.1" 200 83087
192.99.7.70 - - [30/Jun/2024:02:21:06 +0200] "GET /ticket2/opencms/dk/dk/buy/?page=6&comcatid=A17713B6-D984-201A-4143-ED4DB5ED5C2E&catid=061607E6-22B7-6FFA-03FD-A4B8B13A943F&eventid=B2CBADC0-7376-1469-83B0-8FC7D035A53C HTTP/1.1" 404 -
158.220.119.234 - - [30/Jun/2024:02:21:06 +0200] "GET /ticket2/opencms/se/ru/buy/?page=1&edid=FE84BAFC-CCB6-50CE-4161-D28C42F593C7&sortorder=desc&column=section HTTP/1.1" 404 -
192.95.30.177 - - [30/Jun/2024:02:21:07 +0200] "GET /ticket2/opencms/de/nl/buy/?page=6&comcatid=A17713B6-D984-201A-4143-ED4DB5ED5C2E&catid=7EF04817-972D-18B1-F941-DE800D088075&eventid=0E2FBBAA-9DFD-37E8-1D28-E85F522880D0 HTTP/1.1" 404 -
47.128.32.99 - - [30/Jun/2024:02:21:07 +0200] "GET /ticket2/opencms/system/modules/com.gridnine.opencms.ticketbrokerage.site/resources/pics/logo-new.png HTTP/1.1" 200 13541
47.128.32.99 - - [30/Jun/2024:02:21:08 +0200] "GET /ticket2/opencms/system/modules/com.gridnine.opencms.ticketbrokerage.site/resources/pics/bank_2_handelsbanken.png HTTP/1.1" 200 4509
158.220.124.16 - - [30/Jun/2024:02:21:08 +0200] "GET /ticket2/opencms/se/nl/buy/?page=1&edid=9855A2C3-650C-23D8-F314-126B4A227928&sortorder=desc&column=price HTTP/1.1" 404 -
47.128.32.99 - - [30/Jun/2024:02:21:08 +0200] "GET /ticket2/opencms/system/modules/com.gridnine.opencms.ticketbrokerage.site/resources/pics/bank_1_nordea.png HTTP/1.1" 200 4807
47.128.32.99 - - [30/Jun/2024:02:21:09 +0200] "GET /ticket2/opencms/system/modules/com.gridnine.opencms.ticketbrokerage.site/resources/pics/bank_3_swedbank.png HTTP/1.1" 200 5740
47.128.32.99 - - [30/Jun/2024:02:21:09 +0200] "GET /ticket2/opencms/system/modules/com.gridnine.opencms.ticketbrokerage.site/resources/pics/bank_4_seb.png HTTP/1.1" 200 2487
47.128.32.99 - - [30/Jun/2024:02:21:09 +0200] "GET /ticket2/opencms/system/modules/com.gridnine.opencms.ticketbrokerage.site/resources/pics/bank_5_visa_mastercard.png HTTP/1.1" 200 8196
47.128.32.99 - - [30/Jun/2024:02:21:09 +0200] "GET /ticket2/opencms/system/modules/com.gridnine.opencms.ticketbrokerage.site/resources/pics/bank_6_american_express.png HTTP/1.1" 200 5570
192.99.3.137 - - [30/Jun/2024:02:21:10 +0200] "GET /ticket2/opencms/dk/en/buy/?page=1&edid=7921910F-74F6-EA36-BF50-52319F322FAA&sortorder=asc&column=price HTTP/1.1" 404 -
192.99.7.70 - - [30/Jun/2024:02:21:12 +0200] "GET /ticket2/opencms/dk/dk/buy/?page=6&comcatid=A17713B6-D984-201A-4143-ED4DB5ED5C2E&catid=0A6C99D2-F5BD-7A18-9A5F-5668827042E0&eventid=04745230-C0F0-DC87-23F9-862A2DFE2F25 HTTP/1.1" 404 -
158.220.119.234 - - [30/Jun/2024:02:21:14 +0200] "GET /ticket2/opencms/se/ru/buy/?page=1&edid=FF18A9C9-331A-E2D9-B8C7-EBC4245F1EB2&sortorder=desc&column=price HTTP/1.1" 404 -
192.95.30.177 - - [30/Jun/2024:02:21:15 +0200] "GET /ticket2/opencms/de/nl/buy/?page=6&comcatid=A17713B6-D984-201A-4143-ED4DB5ED5C2E&catid=82F804FA-9F69-CB6B-D41D-7BF7C716058B HTTP/1.1" 404 -
192.99.3.137 - - [30/Jun/2024:02:21:16 +0200] "GET /ticket2/opencms/dk/en/buy/?page=1&edid=7B81DA8C-BC62-30BF-75BA-614CF7ADBC43 HTTP/1.1" 404 -
37.57.218.243 - - [30/Jun/2024:02:21:17 +0200] "GET /ticket2/opencms/se/sv/buy/?page=1&edid=484A4FF5-F553-483E-F347-859EAA578718 HTTP/1.1" 404 -
66.249.92.133 - - [30/Jun/2024:02:21:17 +0200] "GET /ticket2/opencms/apple-app-site-association HTTP/1.1" 404 -
192.99.7.70 - - [30/Jun/2024:02:21:17 +0200] "GET /ticket2/opencms/dk/dk/buy/?page=6&comcatid=A17713B6-D984-201A-4143-ED4DB5ED5C2E&catid=0A6C99D2-F5BD-7A18-9A5F-5668827042E0&eventid=4F6C281E-0307-3DEA-5C89-32A309F90298 HTTP/1.1" 404 -
158.220.119.234 - - [30/Jun/2024:02:21:20 +0200] "GET /ticket2/opencms/se/ru/buy/?page=1&edid=FFD295A3-4EEF-0AC4-F4B4-46E2317B286E&sortorder=asc&column=section HTTP/1.1" 404 -
66.249.92.131 - - [30/Jun/2024:02:21:22 +0200] "GET /ticket2/opencms/.well-known/apple-app-site-association HTTP/1.1" 404 -
192.99.7.70 - - [30/Jun/2024:02:21:23 +0200] "GET /ticket2/opencms/dk/dk/buy/?page=6&comcatid=A17713B6-D984-201A-4143-ED4DB5ED5C2E&catid=21C3854B-901E-11F9-7B7D-6838CC6AFAA4&eventid=640CF2ED-27A4-1382-9B72-5A93B1F49565 HTTP/1.1" 404 -
192.95.30.177 - - [30/Jun/2024:02:21:23 +0200] "GET /ticket2/opencms/de/nl/buy/?page=6&comcatid=A17713B6-D984-201A-4143-ED4DB5ED5C2E&catid=82F804FA-9F69-CB6B-D41D-7BF7C716058B&eventid=07D2637C-044E-5F25-07FB-E22D167F8404 HTTP/1.1" 404 -
192.99.3.137 - - [30/Jun/2024:02:21:23 +0200] "GET /ticket2/opencms/dk/en/buy/?page=1&edid=7D0648F8-3AD0-8F78-E994-E700AC212971&sortorder=asc&column=row HTTP/1.1" 404 -
52.167.144.238 - - [30/Jun/2024:02:21:25 +0200] "GET /ticket2/opencms/en/buy?page=1&edid=8DD5F074-9C3D-F268-0681-07FE736DEB63 HTTP/1.1" 200 115323
158.220.119.234 - - [30/Jun/2024:02:21:26 +0200] "GET /ticket2/opencms/se/ru/buy/?page=6&comcatid=A17713B6-D984-201A-4143-ED4DB5ED5C2E&catid=21C3854B-901E-11F9-7B7D-6838CC6AFAA4&eventid=ADB4BA94-4A6D-0826-5992-F7DEA47BAAA3 HTTP/1.1" 404 -
158.220.124.16 - - [30/Jun/2024:02:21:27 +0200] "GET /ticket2/opencms/se/nl/buy/?page=1&edid=9855A2C3-650C-23D8-F314-126B4A227928&sortorder=desc&column=section HTTP/1.1" 404 -
192.99.3.137 - - [30/Jun/2024:02:21:27 +0200] "GET /ticket2/opencms/dk/en/buy/?page=1&edid=82CE7DE4-6A70-EA4E-8F52-DA16DF3A5E77&sortorder=asc&column=row HTTP/1.1" 404 -
192.99.7.70 - - [30/Jun/2024:02:21:28 +0200] "GET /ticket2/opencms/dk/dk/buy/?page=6&comcatid=A17713B6-D984-201A-4143-ED4DB5ED5C2E&catid=21C3854B-901E-11F9-7B7D-6838CC6AFAA4&eventid=E8E26B91-D0BC-55EB-474F-FD4427E30C76 HTTP/1.1" 404 -
47.128.43.92 - - [30/Jun/2024:02:21:31 +0200] "GET /ticket2/opencms/dk/handbook_buyer/ HTTP/1.1" 200 78978
47.128.43.92 - - [30/Jun/2024:02:21:31 +0200] "GET /ticket2/opencms/system/modules/com.gridnine.opencms.ticketbrokerage.site/resources/pics/logo-new.png HTTP/1.1" 200 13541
192.95.30.177 - - [30/Jun/2024:02:21:31 +0200] "GET /ticket2/opencms/de/nl/buy/?page=6&comcatid=A17713B6-D984-201A-4143-ED4DB5ED5C2E&catid=82F804FA-9F69-CB6B-D41D-7BF7C716058B&eventid=0AB9ED07-4372-B1CD-6D1D-CE254F1D7262 HTTP/1.1" 404 -
47.128.43.92 - - [30/Jun/2024:02:21:32 +0200] "GET /ticket2/opencms/system/modules/com.gridnine.opencms.ticketbrokerage.site/resources/pics/bank_1_nordea.png HTTP/1.1" 200 4807
158.220.119.234 - - [30/Jun/2024:02:21:32 +0200] "GET /ticket2/opencms/se/ru/buy/?page=6&comcatid=A17713B6-D984-201A-4143-ED4DB5ED5C2E&catid=7EF04817-972D-18B1-F941-DE800D088075&eventid=2F6F3A0E-ADAA-6F6E-AB7E-B1D0C599DCF3 HTTP/1.1" 404 -
47.128.43.92 - - [30/Jun/2024:02:21:32 +0200] "GET /ticket2/opencms/system/modules/com.gridnine.opencms.ticketbrokerage.site/resources/pics/bank_5_visa_mastercard.png HTTP/1.1" 200 8196
47.128.43.92 - - [30/Jun/2024:02:21:32 +0200] "GET /ticket2/opencms/system/modules/com.gridnine.opencms.ticketbrokerage.site/resources/pics/bank_2_handelsbanken.png HTTP/1.1" 200 4509
47.128.43.92 - - [30/Jun/2024:02:21:33 +0200] "GET /ticket2/opencms/system/modules/com.gridnine.opencms.ticketbrokerage.site/resources/pics/bank_4_seb.png HTTP/1.1" 200 2487
47.128.43.92 - - [30/Jun/2024:02:21:33 +0200] "GET /ticket2/opencms/system/modules/com.gridnine.opencms.ticketbrokerage.site/resources/pics/bank_3_swedbank.png HTTP/1.1" 200 5740
47.128.43.92 - - [30/Jun/2024:02:21:33 +0200] "GET /ticket2/opencms/system/modules/com.gridnine.opencms.ticketbrokerage.site/resources/pics/bank_6_american_express.png HTTP/1.1" 200 5570
192.99.3.137 - - [30/Jun/2024:02:21:33 +0200] "GET /ticket2/opencms/dk/en/buy/?page=1&edid=82CE7DE4-6A70-EA4E-8F52-DA16DF3A5E77&sortorder=asc&column=section HTTP/1.1" 404 -
192.99.7.70 - - [30/Jun/2024:02:21:34 +0200] "GET /ticket2/opencms/dk/dk/buy/?page=6&comcatid=A17713B6-D984-201A-4143-ED4DB5ED5C2E&catid=7EF04817-972D-18B1-F941-DE800D088075&eventid=18B8DA5D-B558-D3C3-D79D-F2764A2E5EB8 HTTP/1.1" 404 -
37.57.218.243 - - [30/Jun/2024:02:21:34 +0200] "GET /ticket2/opencms/se/sv/buy/?page=1&edid=484CED13-4F13-378A-08A4-4020721012C1 HTTP/1.1" 404 -
192.99.3.137 - - [30/Jun/2024:02:21:39 +0200] "GET /ticket2/opencms/dk/en/buy/?page=1&edid=877F69A3-9CA4-792C-9F41-F6BFBD6ECFDE&sortorder=asc&column=price HTTP/1.1" 404 -
192.99.7.70 - - [30/Jun/2024:02:21:39 +0200] "GET /ticket2/opencms/dk/dk/buy/?page=6&comcatid=A17713B6-D984-201A-4143-ED4DB5ED5C2E&catid=7EF04817-972D-18B1-F941-DE800D088075&eventid=1C6FE071-A7CF-3CA2-9402-E797C29F5F3B HTTP/1.1" 404 -
192.95.30.177 - - [30/Jun/2024:02:21:40 +0200] "GET /ticket2/opencms/de/nl/buy/?page=6&comcatid=A17713B6-D984-201A-4143-ED4DB5ED5C2E&catid=82F804FA-9F69-CB6B-D41D-7BF7C716058B&eventid=265F6746-CFC4-3148-B232-5753484890DA HTTP/1.1" 404 -
158.220.119.234 - - [30/Jun/2024:02:21:41 +0200] "GET /ticket2/opencms/se/ru/buy/?page=6&comcatid=A17713B6-D984-201A-4143-ED4DB5ED5C2E&catid=7EF04817-972D-18B1-F941-DE800D088075&eventid=3DD9106E-0F19-50A8-43DC-07B3EDBB2A7F HTTP/1.1" 404 -
192.99.7.70 - - [30/Jun/2024:02:21:43 +0200] "GET /ticket2/opencms/dk/en/buy/?comcatid=97ECA65A-72DA-F9AF-9DBB-245D3CFED1BE HTTP/1.1" 404 -
192.99.3.137 - - [30/Jun/2024:02:21:44 +0200] "GET /ticket2/opencms/dk/en/buy/?page=1&edid=88AE85E3-914C-45FF-C0A8-644BDD25A487&sortorder=asc&column=price HTTP/1.1" 404 -
192.99.7.70 - - [30/Jun/2024:02:21:46 +0200] "GET /ticket2/opencms/dk/en/buy/?comcatid=A17713B6-D984-201A-4143-ED4DB5ED5C2E HTTP/1.1" 404 -
47.128.61.58 - - [30/Jun/2024:02:21:47 +0200] "GET /ticket2/opencms/de/sport/fussball-tickets/bundesliga/augsburg/ HTTP/1.1" 200 76365
47.128.61.58 - - [30/Jun/2024:02:21:47 +0200] "GET /ticket2/opencms/system/modules/com.gridnine.opencms.ticketbrokerage.site/resources/pics/logo-new.png HTTP/1.1" 200 13541
47.128.61.58 - - [30/Jun/2024:02:21:48 +0200] "GET /ticket2/opencms/system/modules/com.gridnine.opencms.ticketbrokerage.site/resources/pics/bank_2_handelsbanken.png HTTP/1.1" 200 4509
192.95.30.177 - - [30/Jun/2024:02:21:48 +0200] "GET /ticket2/opencms/de/nl/buy/?page=6&comcatid=A17713B6-D984-201A-4143-ED4DB5ED5C2E&catid=82F804FA-9F69-CB6B-D41D-7BF7C716058B&eventid=27C48719-FB8D-3D59-B591-23B80D444E25 HTTP/1.1" 404 -
