216.244.66.245 - - [07/Jul/2024:01:55:39 +0200] "GET /ticket2/opencms/se/robots.txt HTTP/1.1" 404 -
216.245.221.83 - - [07/Jul/2024:01:55:43 +0200] "HEAD /ticket2/opencms/ HTTP/1.1" 302 -
216.245.221.83 - - [07/Jul/2024:01:55:48 +0200] "HEAD /ticket2/opencms/ HTTP/1.1" 302 -
216.245.221.83 - - [07/Jul/2024:01:55:48 +0200] "HEAD /ticket2/opencms/en/ HTTP/1.1" 200 -
216.245.221.83 - - [07/Jul/2024:01:55:48 +0200] "HEAD /ticket2/opencms/en/ HTTP/1.1" 200 -
85.208.96.204 - - [07/Jul/2024:01:56:06 +0200] "GET /ticket2/opencms/sv/sport/fotbollsbiljetter/uefa-champions-league/porto/ HTTP/1.1" 200 73806
185.217.125.68 - - [07/Jul/2024:01:56:43 +0200] "GET /ticket2/opencms/dk/nl/buy/?page=1&edid=642E9578-D653-AE72-0BA4-FF639C3984BF&sortorder=desc&column=price HTTP/1.1" 404 -
47.128.59.58 - - [07/Jul/2024:01:56:47 +0200] "GET /ticket2/opencms/dk/buy/?edid=9CF0F0F7-E52F-C803-4AE8-4F1A3B811071 HTTP/1.1" 200 72346
47.128.59.58 - - [07/Jul/2024:01:56:48 +0200] "GET /ticket2/opencms/system/modules/com.gridnine.opencms.ticketbrokerage.site/resources/pics/logo-new.png HTTP/1.1" 200 13541
47.128.59.58 - - [07/Jul/2024:01:56:48 +0200] "GET /ticket2/opencms/system/modules/com.gridnine.opencms.ticketbrokerage.site/resources/pics/bank_1_nordea.png HTTP/1.1" 200 4807
47.128.59.58 - - [07/Jul/2024:01:56:48 +0200] "GET /ticket2/opencms/system/modules/com.gridnine.opencms.ticketbrokerage.site/resources/pics/bank_5_visa_mastercard.png HTTP/1.1" 200 8196
47.128.59.58 - - [07/Jul/2024:01:56:49 +0200] "GET /ticket2/opencms/system/modules/com.gridnine.opencms.ticketbrokerage.site/resources/pics/bank_3_swedbank.png HTTP/1.1" 200 5740
47.128.59.58 - - [07/Jul/2024:01:56:49 +0200] "GET /ticket2/opencms/system/modules/com.gridnine.opencms.ticketbrokerage.site/resources/pics/bank_2_handelsbanken.png HTTP/1.1" 200 4509
47.128.59.58 - - [07/Jul/2024:01:56:49 +0200] "GET /ticket2/opencms/system/modules/com.gridnine.opencms.ticketbrokerage.site/resources/pics/bank_4_seb.png HTTP/1.1" 200 2487
47.128.59.58 - - [07/Jul/2024:01:56:49 +0200] "GET /ticket2/opencms/system/modules/com.gridnine.opencms.ticketbrokerage.site/resources/pics/bank_6_american_express.png HTTP/1.1" 200 5570
54.36.149.42 - - [07/Jul/2024:01:57:07 +0200] "GET /ticket2/opencms/fi/buy/?page=6&comcatid=97ECA65A-72DA-F9AF-9DBB-245D3CFED1BE&catid=E3105E1E-3982-291E-5523-1C1DF161E9B7 HTTP/1.1" 200 78524
72.14.199.233 - - [07/Jul/2024:01:57:14 +0200] "GET /ticket2/opencms/system/modules/com.gridnine.opencms.ticketbrokerage.site/resources/js/jquery/jquery.js HTTP/1.1" 200 93868
72.14.199.233 - - [07/Jul/2024:01:57:15 +0200] "GET /ticket2/opencms/system/modules/com.gridnine.opencms.ticketbrokerage.site/resources/js/jquery/jquery-ui.js HTTP/1.1" 200 228088
72.14.199.231 - - [07/Jul/2024:01:57:16 +0200] "GET /ticket2/opencms/system/modules/com.gridnine.opencms.ticketbrokerage.site/resources/js/calendar-setup.js HTTP/1.1" 200 4923
72.14.199.232 - - [07/Jul/2024:01:57:17 +0200] "GET /ticket2/opencms/system/modules/com.gridnine.opencms.ticketbrokerage.site/resources/js/standard.js HTTP/1.1" 200 3978
72.14.199.231 - - [07/Jul/2024:01:57:17 +0200] "GET /ticket2/opencms/system/modules/com.gridnine.opencms.ticketbrokerage.site/resources/js/functions.js HTTP/1.1" 200 1583
72.14.199.232 - - [07/Jul/2024:01:57:18 +0200] "GET /ticket2/opencms/system/modules/com.gridnine.opencms.ticketbrokerage.site/resources/js/stickyfill.min.js HTTP/1.1" 200 5672
72.14.199.231 - - [07/Jul/2024:01:57:18 +0200] "GET /ticket2/opencms/system/modules/com.gridnine.opencms.ticketbrokerage.site/resources/css/jquery.fancybox.css HTTP/1.1" 200 4939
114.119.153.220 - - [07/Jul/2024:01:57:18 +0200] "GET /ticket2/opencms/en/sell/?edid=9D419DE2-433C-4623-52FC-52F2BDAC1689 HTTP/1.1" 302 -
72.14.199.232 - - [07/Jul/2024:01:57:19 +0200] "GET /ticket2/opencms/system/modules/com.gridnine.opencms.ticketbrokerage.site/resources/css/standard.css HTTP/1.1" 200 71935
72.14.199.232 - - [07/Jul/2024:01:57:20 +0200] "GET /ticket2/opencms/system/modules/com.gridnine.opencms.ticketbrokerage.site/resources/css/jquery-ui.css HTTP/1.1" 200 33221
72.14.199.232 - - [07/Jul/2024:01:57:21 +0200] "GET /ticket2/opencms/system/modules/com.gridnine.opencms.ticketbrokerage.site/resources/js/calendar.js HTTP/1.1" 200 49229
72.14.199.232 - - [07/Jul/2024:01:57:21 +0200] "GET /ticket2/opencms/system/modules/com.gridnine.opencms.ticketbrokerage.site/resources/css/ticketbrokerage.css HTTP/1.1" 200 39339
114.119.153.220 - - [07/Jul/2024:01:57:22 +0200] "GET /ticket2/opencms/en/login/?url=/en/sell/ HTTP/1.1" 200 73711
72.14.199.231 - - [07/Jul/2024:01:57:22 +0200] "GET /ticket2/opencms/system/modules/com.gridnine.opencms.ticketbrokerage.site/resources/css/calendar.css HTTP/1.1" 200 6871
72.14.199.231 - - [07/Jul/2024:01:57:23 +0200] "GET /ticket2/opencms/system/modules/com.gridnine.opencms.ticketbrokerage.site/resources/js/jquery.fancybox.pack.js HTTP/1.1" 200 23187
72.14.199.231 - - [07/Jul/2024:01:57:24 +0200] "GET /ticket2/opencms/system/modules/com.gridnine.opencms.ticketbrokerage.site/resources/js/calendar-en.js HTTP/1.1" 200 3338
72.14.199.231 - - [07/Jul/2024:01:57:25 +0200] "GET /ticket2/opencms/system/modules/com.gridnine.opencms.ticketbrokerage.site/resources/js/jquery.placeholder.min.js HTTP/1.1" 200 1737
72.14.199.231 - - [07/Jul/2024:01:57:26 +0200] "GET /ticket2/opencms/system/modules/com.gridnine.opencms.ticketbrokerage.site/resources/js/common-ajax.js HTTP/1.1" 200 20175
185.191.171.13 - - [07/Jul/2024:01:57:37 +0200] "GET /ticket2/opencms/fi/urheilu/jalkapallo/serie_a/carpi/ HTTP/1.1" 200 74011
213.180.203.86 - - [07/Jul/2024:01:57:52 +0200] "GET /ticket2/opencms/robots.txt HTTP/1.1" 200 773
52.167.144.16 - - [07/Jul/2024:01:57:52 +0200] "GET /ticket2/opencms/de/magazine/article?title=deutsche-spieler-in-der-premier-league HTTP/1.1" 200 73049
213.180.203.22 - - [07/Jul/2024:01:57:57 +0200] "GET /ticket2/opencms/fi/urheilu/jalkapallo/premier_league/arsenal/ HTTP/1.1" 200 84241
185.157.223.150 - - [07/Jul/2024:01:58:00 +0200] "GET /ticket2/tickets_export/outgoing/export.txt HTTP/1.1" 200 29288397
149.202.86.56 - - [07/Jul/2024:01:58:03 +0200] "GET /ticket2/opencms/en/login/?edid=2D77D5E8-F469-AAA2-8433-36A939B8305F HTTP/1.1" 200 73711
149.202.86.56 - - [07/Jul/2024:01:58:07 +0200] "GET /ticket2/opencms/en/login/?edid=312F925C-21EC-506E-3F79-878DE79022A7 HTTP/1.1" 200 73711
66.249.76.170 - - [07/Jul/2024:01:58:09 +0200] "GET /ticket2/opencms/fi/urheilu/jalkapallo/premier_league/liverpool/?gclid=CK7MjZfkw7QCFc2R3godflwA4w HTTP/1.1" 200 84284
149.202.86.56 - - [07/Jul/2024:01:58:10 +0200] "GET /ticket2/opencms/en/login/?edid=325B1ED6-7B15-4D0E-D8E7-20609740D0F8 HTTP/1.1" 200 73711
149.202.86.56 - - [07/Jul/2024:01:58:14 +0200] "GET /ticket2/opencms/en/login/?edid=33F56A09-80B7-AAA0-3CD6-4B4F5E173409 HTTP/1.1" 200 73711
149.202.86.56 - - [07/Jul/2024:01:58:19 +0200] "GET /ticket2/opencms/en/login/?edid=37A62C7A-4F64-DC1D-29D1-D3D9E8F83CB5 HTTP/1.1" 200 73711
149.202.86.56 - - [07/Jul/2024:01:58:22 +0200] "GET /ticket2/opencms/en/login/?edid=399D5857-E3F3-B9C2-E01C-0D17705EC245 HTTP/1.1" 200 73711
47.128.24.118 - - [07/Jul/2024:01:58:23 +0200] "GET /ticket2/opencms/nl/sport/voetbal-tickets/premier_league/liverpool/ HTTP/1.1" 200 82096
47.128.24.118 - - [07/Jul/2024:01:58:24 +0200] "GET /ticket2/opencms/system/modules/com.gridnine.opencms.ticketbrokerage.site/resources/pics/logo-new.png HTTP/1.1" 200 13541
47.128.24.118 - - [07/Jul/2024:01:58:24 +0200] "GET /ticket2/opencms/system/modules/com.gridnine.opencms.ticketbrokerage.site/resources/pics/banners/team/premier_league/liverpool.png HTTP/1.1" 200 73956
47.128.24.118 - - [07/Jul/2024:01:58:25 +0200] "GET /ticket2/opencms/system/modules/com.gridnine.opencms.ticketbrokerage.site/resources/pics/bank_4_seb.png HTTP/1.1" 200 2487
47.128.24.118 - - [07/Jul/2024:01:58:25 +0200] "GET /ticket2/opencms/system/modules/com.gridnine.opencms.ticketbrokerage.site/resources/pics/bank_1_nordea.png HTTP/1.1" 200 4807
47.128.24.118 - - [07/Jul/2024:01:58:25 +0200] "GET /ticket2/opencms/system/modules/com.gridnine.opencms.ticketbrokerage.site/resources/pics/bank_2_handelsbanken.png HTTP/1.1" 200 4509
47.128.24.118 - - [07/Jul/2024:01:58:25 +0200] "GET /ticket2/opencms/system/modules/com.gridnine.opencms.ticketbrokerage.site/resources/pics/bank_3_swedbank.png HTTP/1.1" 200 5740
47.128.24.118 - - [07/Jul/2024:01:58:25 +0200] "GET /ticket2/opencms/system/modules/com.gridnine.opencms.ticketbrokerage.site/resources/pics/bank_5_visa_mastercard.png HTTP/1.1" 200 8196
47.128.24.118 - - [07/Jul/2024:01:58:25 +0200] "GET /ticket2/opencms/system/modules/com.gridnine.opencms.ticketbrokerage.site/resources/pics/bank_6_american_express.png HTTP/1.1" 200 5570
66.249.79.74 - - [07/Jul/2024:01:58:25 +0200] "GET /ticket2/opencms/nl/standard/ HTTP/1.1" 200 84545
66.249.76.194 - - [07/Jul/2024:01:58:26 +0200] "GET /ticket2/opencms/en/sport/football-tickets/premier_league/liverpool/ HTTP/1.1" 200 83071
149.202.86.56 - - [07/Jul/2024:01:58:27 +0200] "GET /ticket2/opencms/en/login/?edid=4A821F38-50DC-2259-FA57-2665C1B72876 HTTP/1.1" 200 73711
66.249.79.5 - - [07/Jul/2024:01:58:29 +0200] "GET /ticket2/opencms/fr/buy/?page=1&edid=FB201BEF-97AC-F5AA-1C79-FCD23FE64214 HTTP/1.1" 200 118319
149.202.86.56 - - [07/Jul/2024:01:58:31 +0200] "GET /ticket2/opencms/en/login/?edid=4C057F1A-F8DE-8654-F39E-9DF6A45A6174 HTTP/1.1" 200 73711
149.202.86.56 - - [07/Jul/2024:01:58:35 +0200] "GET /ticket2/opencms/en/login/?edid=4C0DA220-1779-502C-4D80-034CC2AA90C5 HTTP/1.1" 200 73711
85.208.96.193 - - [07/Jul/2024:01:58:38 +0200] "GET /ticket2/opencms/sv/magazine/pa_fotbollsplanen HTTP/1.1" 200 74788
149.202.86.56 - - [07/Jul/2024:01:58:39 +0200] "GET /ticket2/opencms/en/login/?edid=4F679D59-A856-14F0-ECEF-29CBD5EE9427 HTTP/1.1" 200 73711
149.202.86.56 - - [07/Jul/2024:01:58:43 +0200] "GET /ticket2/opencms/en/login/?edid=51B884F9-DF7A-286D-15A9-2FC5FF326C60 HTTP/1.1" 200 73711
47.128.111.137 - - [07/Jul/2024:01:58:48 +0200] "GET /ticket2/opencms/fi/buy/?eventid=6246A7B9-7760-A5B4-1D19-4DF416B28BC3&page=10&venueid=678131D6-267B-A67E-3FCF-710EEFB21484 HTTP/1.1" 200 74686
149.202.86.56 - - [07/Jul/2024:01:58:48 +0200] "GET /ticket2/opencms/en/login/?edid=56EA9D72-898E-A001-2C5E-AE2D848D383C HTTP/1.1" 200 73711
47.128.111.137 - - [07/Jul/2024:01:58:48 +0200] "GET /ticket2/opencms/system/modules/com.gridnine.opencms.ticketbrokerage.site/resources/css/jquery.fancybox.css HTTP/1.1" 200 4939
47.128.111.137 - - [07/Jul/2024:01:58:49 +0200] "GET /ticket2/opencms/system/modules/com.gridnine.opencms.ticketbrokerage.site/resources/pics/logo-new.png HTTP/1.1" 200 13541
47.128.111.137 - - [07/Jul/2024:01:58:49 +0200] "GET /ticket2/opencms/system/modules/com.gridnine.opencms.ticketbrokerage.site/resources/pics/bank_1_nordea.png HTTP/1.1" 200 4807
47.128.111.137 - - [07/Jul/2024:01:58:49 +0200] "GET /ticket2/opencms/system/modules/com.gridnine.opencms.ticketbrokerage.site/resources/pics/bank_3_swedbank.png HTTP/1.1" 200 5740
47.128.111.137 - - [07/Jul/2024:01:58:50 +0200] "GET /ticket2/opencms/system/modules/com.gridnine.opencms.ticketbrokerage.site/resources/pics/bank_5_visa_mastercard.png HTTP/1.1" 200 8196
47.128.111.137 - - [07/Jul/2024:01:58:50 +0200] "GET /ticket2/opencms/system/modules/com.gridnine.opencms.ticketbrokerage.site/resources/pics/bank_6_american_express.png HTTP/1.1" 200 5570
47.128.111.137 - - [07/Jul/2024:01:58:50 +0200] "GET /ticket2/opencms/system/modules/com.gridnine.opencms.ticketbrokerage.site/resources/pics/bank_2_handelsbanken.png HTTP/1.1" 200 4509
47.128.111.137 - - [07/Jul/2024:01:58:50 +0200] "GET /ticket2/opencms/system/modules/com.gridnine.opencms.ticketbrokerage.site/resources/pics/bank_4_seb.png HTTP/1.1" 200 2487
149.202.86.56 - - [07/Jul/2024:01:58:51 +0200] "GET /ticket2/opencms/en/login/?edid=5B6DD187-7D46-54EC-4674-B827A9787928 HTTP/1.1" 200 73711
185.217.125.68 - - [07/Jul/2024:01:58:54 +0200] "GET /ticket2/opencms/dk/nl/buy/?page=1&edid=64E61E54-72E5-9B77-CC24-0F4A44843CC1 HTTP/1.1" 404 -
149.202.86.56 - - [07/Jul/2024:01:58:56 +0200] "GET /ticket2/opencms/en/login/?edid=601ACF38-5C31-FBA9-552E-BFECCB7BA32F HTTP/1.1" 200 73711
213.180.203.67 - - [07/Jul/2024:01:58:57 +0200] "GET /ticket2/opencms/en/venue/?countryid=920F4A38-F30D-28B1-B7EB-976C72351F90 HTTP/1.1" 200 101010
5.255.231.111 - - [07/Jul/2024:01:58:59 +0200] "GET /ticket2/opencms/sv/sport/fotbollsbiljetter/premier_league/chelsea/ HTTP/1.1" 200 87286
149.202.86.56 - - [07/Jul/2024:01:59:02 +0200] "GET /ticket2/opencms/en/login/?edid=61644994-7205-3A56-DFEA-D9B2F07D2210 HTTP/1.1" 200 73711
47.128.115.10 - - [07/Jul/2024:01:59:03 +0200] "GET /ticket2/opencms/sv/buy/?edid=B2241087-D185-A728-3E5D-9CBE0FCA5BA2 HTTP/1.1" 200 72682
47.128.115.10 - - [07/Jul/2024:01:59:04 +0200] "GET /ticket2/opencms/system/modules/com.gridnine.opencms.ticketbrokerage.site/resources/js/functions.js HTTP/1.1" 200 1583
47.128.115.10 - - [07/Jul/2024:01:59:05 +0200] "GET /ticket2/opencms/system/modules/com.gridnine.opencms.ticketbrokerage.site/resources/pics/logo-new.png HTTP/1.1" 200 13541
47.128.115.10 - - [07/Jul/2024:01:59:05 +0200] "GET /ticket2/opencms/system/modules/com.gridnine.opencms.ticketbrokerage.site/resources/pics/bank_1_nordea.png HTTP/1.1" 200 4807
47.128.115.10 - - [07/Jul/2024:01:59:05 +0200] "GET /ticket2/opencms/system/modules/com.gridnine.opencms.ticketbrokerage.site/resources/pics/bank_4_seb.png HTTP/1.1" 200 2487
47.128.115.10 - - [07/Jul/2024:01:59:05 +0200] "GET /ticket2/opencms/system/modules/com.gridnine.opencms.ticketbrokerage.site/resources/pics/bank_3_swedbank.png HTTP/1.1" 200 5740
47.128.115.10 - - [07/Jul/2024:01:59:05 +0200] "GET /ticket2/opencms/system/modules/com.gridnine.opencms.ticketbrokerage.site/resources/pics/bank_2_handelsbanken.png HTTP/1.1" 200 4509
47.128.115.10 - - [07/Jul/2024:01:59:06 +0200] "GET /ticket2/opencms/system/modules/com.gridnine.opencms.ticketbrokerage.site/resources/pics/bank_5_visa_mastercard.png HTTP/1.1" 200 8196
47.128.115.10 - - [07/Jul/2024:01:59:06 +0200] "GET /ticket2/opencms/system/modules/com.gridnine.opencms.ticketbrokerage.site/resources/pics/bank_6_american_express.png HTTP/1.1" 200 5570
149.202.86.56 - - [07/Jul/2024:01:59:07 +0200] "GET /ticket2/opencms/en/login/?edid=618DD4DE-F10C-A653-6BC2-3BC36DA0148A HTTP/1.1" 200 73711
47.128.111.109 - - [07/Jul/2024:01:59:11 +0200] "GET /ticket2/opencms/fi/buy/?catid=82F804FA-9F69-CB6B-D41D-7BF7C716058B&comcatid=A17713B6-D984-201A-4143-ED4DB5ED5C2E&eventid=D707AC08-0150-71A1-15CE-72D181DDFCB2&page=6 HTTP/1.1" 200 84294
47.128.111.109 - - [07/Jul/2024:01:59:12 +0200] "GET /ticket2/opencms/system/modules/com.gridnine.opencms.ticketbrokerage.site/resources/pics/logo-new.png HTTP/1.1" 200 13541
47.128.111.109 - - [07/Jul/2024:01:59:13 +0200] "GET /ticket2/opencms/system/modules/com.gridnine.opencms.ticketbrokerage.site/resources/pics/bank_5_visa_mastercard.png HTTP/1.1" 200 8196
47.128.111.109 - - [07/Jul/2024:01:59:13 +0200] "GET /ticket2/opencms/system/modules/com.gridnine.opencms.ticketbrokerage.site/resources/pics/bank_3_swedbank.png HTTP/1.1" 200 5740
47.128.111.109 - - [07/Jul/2024:01:59:13 +0200] "GET /ticket2/opencms/system/modules/com.gridnine.opencms.ticketbrokerage.site/resources/pics/bank_4_seb.png HTTP/1.1" 200 2487
47.128.111.109 - - [07/Jul/2024:01:59:13 +0200] "GET /ticket2/opencms/system/modules/com.gridnine.opencms.ticketbrokerage.site/resources/pics/bank_1_nordea.png HTTP/1.1" 200 4807
47.128.111.109 - - [07/Jul/2024:01:59:13 +0200] "GET /ticket2/opencms/system/modules/com.gridnine.opencms.ticketbrokerage.site/resources/pics/bank_6_american_express.png HTTP/1.1" 200 5570
47.128.111.109 - - [07/Jul/2024:01:59:13 +0200] "GET /ticket2/opencms/system/modules/com.gridnine.opencms.ticketbrokerage.site/resources/pics/bank_2_handelsbanken.png HTTP/1.1" 200 4509
149.202.86.56 - - [07/Jul/2024:01:59:14 +0200] "GET /ticket2/opencms/en/login/?edid=64554C44-9C37-5251-0A79-57D66D6EA4A7 HTTP/1.1" 200 73711
72.14.199.231 - - [07/Jul/2024:01:59:18 +0200] "GET /ticket2/opencms/no HTTP/1.1" 200 102973
114.119.140.175 - - [07/Jul/2024:01:59:19 +0200] "GET /ticket2/opencms/en/venue/?venueid=A8858F1D-FB00-53F1-CA46-D029D84C4D0E HTTP/1.1" 200 71609
185.191.171.1 - - [07/Jul/2024:01:59:19 +0200] "GET /ticket2/opencms/sv/login/?url=%25252Fno%25252Fsell%25252F HTTP/1.1" 200 74530
54.36.148.184 - - [07/Jul/2024:01:59:19 +0200] "GET /ticket2/opencms/sv/venue/?venueid=8A164F69-C3AD-8904-FC05-FBEE26604F9B HTTP/1.1" 200 72444
149.202.86.56 - - [07/Jul/2024:01:59:19 +0200] "GET /ticket2/opencms/en/login/?edid=656D1E5F-BBFD-CE9F-502A-B223CEB15E2A HTTP/1.1" 200 73711
213.180.203.200 - - [07/Jul/2024:01:59:24 +0200] "GET /ticket2/opencms/en/venue/?venueid=93DAAAF3-1B74-84EC-84B9-59E298EE51A3 HTTP/1.1" 200 71631
149.202.86.56 - - [07/Jul/2024:01:59:26 +0200] "GET /ticket2/opencms/en/login/?edid=6A9B8AE9-F064-A767-F60E-24CE5FF7ED58 HTTP/1.1" 200 73711
85.208.96.203 - - [07/Jul/2024:01:59:28 +0200] "GET /ticket2/opencms/robots.txt HTTP/1.1" 200 773
85.208.96.205 - - [07/Jul/2024:01:59:29 +0200] "GET /ticket2/opencms/fr/sport/billets-football/serie_a/ HTTP/1.1" 500 -
114.119.136.120 - - [07/Jul/2024:01:59:30 +0200] "GET /ticket2/opencms/en/venue/?countryid=2F10777F-9907-2201-7AD1-ACB3606C47A4 HTTP/1.1" 200 101010
149.202.86.56 - - [07/Jul/2024:01:59:31 +0200] "GET /ticket2/opencms/en/login/?edid=6D30E340-56B1-01B8-DD3B-154093610B8B HTTP/1.1" 200 73711
47.128.16.53 - - [07/Jul/2024:01:59:36 +0200] "GET /ticket2/opencms/en/venue/?venueid=86AE90BC-D8AF-A4B6-5DCE-73A3626C185F HTTP/1.1" 200 71666
149.202.86.56 - - [07/Jul/2024:01:59:36 +0200] "GET /ticket2/opencms/en/login/?edid=6DAF9AA5-10E5-2BC4-F656-329799DE3F62 HTTP/1.1" 200 73711
47.128.16.53 - - [07/Jul/2024:01:59:37 +0200] "GET /ticket2/opencms/system/modules/com.gridnine.opencms.ticketbrokerage.site/resources/pics/logo-new.png HTTP/1.1" 200 13541
47.128.16.53 - - [07/Jul/2024:01:59:37 +0200] "GET /ticket2/opencms/venue/spacircuit.gif HTTP/1.1" 200 22287
47.128.16.53 - - [07/Jul/2024:01:59:38 +0200] "GET /ticket2/opencms/system/modules/com.gridnine.opencms.ticketbrokerage.site/resources/pics/bank_6_american_express.png HTTP/1.1" 200 5570
47.128.16.53 - - [07/Jul/2024:01:59:38 +0200] "GET /ticket2/opencms/system/modules/com.gridnine.opencms.ticketbrokerage.site/resources/pics/bank_3_swedbank.png HTTP/1.1" 200 5740
47.128.16.53 - - [07/Jul/2024:01:59:38 +0200] "GET /ticket2/opencms/system/modules/com.gridnine.opencms.ticketbrokerage.site/resources/pics/bank_2_handelsbanken.png HTTP/1.1" 200 4509
47.128.16.53 - - [07/Jul/2024:01:59:38 +0200] "GET /ticket2/opencms/system/modules/com.gridnine.opencms.ticketbrokerage.site/resources/pics/bank_1_nordea.png HTTP/1.1" 200 4807
47.128.16.53 - - [07/Jul/2024:01:59:38 +0200] "GET /ticket2/opencms/system/modules/com.gridnine.opencms.ticketbrokerage.site/resources/pics/bank_4_seb.png HTTP/1.1" 200 2487
47.128.16.53 - - [07/Jul/2024:01:59:38 +0200] "GET /ticket2/opencms/system/modules/com.gridnine.opencms.ticketbrokerage.site/resources/pics/bank_5_visa_mastercard.png HTTP/1.1" 200 8196
149.202.86.56 - - [07/Jul/2024:01:59:42 +0200] "GET /ticket2/opencms/en/login/?edid=71FDFE2C-EBDE-49DC-BC24-06DFE2ABAC3A HTTP/1.1" 200 73711
149.202.86.56 - - [07/Jul/2024:01:59:48 +0200] "GET /ticket2/opencms/en/login/?edid=77BFBE11-29E1-6121-FF86-C08356B30E50 HTTP/1.1" 200 73711
149.202.86.56 - - [07/Jul/2024:01:59:54 +0200] "GET /ticket2/opencms/en/login/?edid=7932123F-AB9B-78FD-D639-07759BD87A59 HTTP/1.1" 200 73711
37.123.143.245 - - [07/Jul/2024:02:00:02 +0200] "GET /ticket2/opencms/system/workplace/views/top_foot.jsp?wpFrame=foot HTTP/1.1" 200 1210
37.123.143.245 - - [07/Jul/2024:02:00:02 +0200] "GET /ticket2/opencms/system/workplace/commons/style/workplace.css HTTP/1.1" 200 14209
185.191.171.18 - - [07/Jul/2024:02:00:06 +0200] "GET /ticket2/opencms/sv/sport/fotbollsbiljetter/uefa-champions-league/losc/ HTTP/1.1" 200 72726
85.208.96.206 - - [07/Jul/2024:02:00:29 +0200] "GET /ticket2/opencms/fi/urheilu/jalkapallo/serie_a/inter/ HTTP/1.1" 200 74673
66.249.76.161 - - [07/Jul/2024:02:00:32 +0200] "GET /ticket2/opencms/no/venue/?venueid=B5425E3E-A83E-2358-1060-BB53AC7EEFC3 HTTP/1.1" 200 72936
51.222.253.18 - - [07/Jul/2024:02:00:37 +0200] "GET /ticket2/opencms/robots.txt HTTP/1.1" 200 773
216.245.221.83 - - [07/Jul/2024:02:00:44 +0200] "HEAD /ticket2/opencms/ HTTP/1.1" 302 -
216.245.221.83 - - [07/Jul/2024:02:00:47 +0200] "HEAD /ticket2/opencms/ HTTP/1.1" 302 -
216.245.221.83 - - [07/Jul/2024:02:00:49 +0200] "HEAD /ticket2/opencms/en/ HTTP/1.1" 200 -
54.36.148.49 - - [07/Jul/2024:02:00:50 +0200] "GET /ticket2/opencms/sv/venue/?venueid=BDC9D29C-8F6E-EC95-33C8-597D26A28E7C HTTP/1.1" 200 72453
185.191.171.8 - - [07/Jul/2024:02:00:51 +0200] "GET /ticket2/opencms/de/sport/fussball-tickets/premier_league/luton/ HTTP/1.1" 200 73227
216.245.221.83 - - [07/Jul/2024:02:00:52 +0200] "HEAD /ticket2/opencms/en/ HTTP/1.1" 200 -
185.217.125.68 - - [07/Jul/2024:02:01:10 +0200] "GET /ticket2/opencms/dk/nl/buy/?page=1&edid=65BC9943-2D4E-DF73-E652-378517773F8E&sortorder=asc&column=row HTTP/1.1" 404 -
66.249.79.231 - - [07/Jul/2024:02:01:18 +0200] "GET /ticket2/opencms/dk HTTP/1.1" 200 102145
47.128.31.17 - - [07/Jul/2024:02:01:21 +0200] "GET /ticket2/opencms/sv/buy/?edid=EE5FBB3F-5DE5-7AF4-5DB6-F4D1706153C7 HTTP/1.1" 200 72682
47.128.31.17 - - [07/Jul/2024:02:01:22 +0200] "GET /ticket2/opencms/system/modules/com.gridnine.opencms.ticketbrokerage.site/resources/pics/logo-new.png HTTP/1.1" 200 13541
47.128.31.17 - - [07/Jul/2024:02:01:22 +0200] "GET /ticket2/opencms/system/modules/com.gridnine.opencms.ticketbrokerage.site/resources/pics/bank_3_swedbank.png HTTP/1.1" 200 5740
47.128.31.17 - - [07/Jul/2024:02:01:22 +0200] "GET /ticket2/opencms/system/modules/com.gridnine.opencms.ticketbrokerage.site/resources/pics/bank_2_handelsbanken.png HTTP/1.1" 200 4509
47.128.31.17 - - [07/Jul/2024:02:01:23 +0200] "GET /ticket2/opencms/system/modules/com.gridnine.opencms.ticketbrokerage.site/resources/pics/bank_1_nordea.png HTTP/1.1" 200 4807
47.128.31.17 - - [07/Jul/2024:02:01:23 +0200] "GET /ticket2/opencms/system/modules/com.gridnine.opencms.ticketbrokerage.site/resources/pics/bank_4_seb.png HTTP/1.1" 200 2487
47.128.31.17 - - [07/Jul/2024:02:01:23 +0200] "GET /ticket2/opencms/system/modules/com.gridnine.opencms.ticketbrokerage.site/resources/pics/bank_5_visa_mastercard.png HTTP/1.1" 200 8196
47.128.31.17 - - [07/Jul/2024:02:01:23 +0200] "GET /ticket2/opencms/system/modules/com.gridnine.opencms.ticketbrokerage.site/resources/pics/bank_6_american_express.png HTTP/1.1" 200 5570
185.191.171.9 - - [07/Jul/2024:02:01:24 +0200] "GET /ticket2/opencms/de/sport/fussball-tickets/serie_a/juventus/ HTTP/1.1" 200 76110
72.14.199.231 - - [07/Jul/2024:02:02:00 +0200] "GET /ticket2/opencms/dk/sport/fodboldbilletter/premier-league/liverpool/ HTTP/1.1" 200 84786
72.14.199.231 - - [07/Jul/2024:02:02:03 +0200] "GET /ticket2/opencms/sv/sport/fotbollsbiljetter/ HTTP/1.1" 200 77461
72.14.199.231 - - [07/Jul/2024:02:02:07 +0200] "GET /ticket2/opencms/dk/sport/fodboldbilletter/premier-league/ HTTP/1.1" 200 80048
72.14.199.233 - - [07/Jul/2024:02:02:13 +0200] "GET /ticket2/opencms/no/sport/fotballsbilletter/premier_league/chelsea/ HTTP/1.1" 200 87056
114.119.131.42 - - [07/Jul/2024:02:02:19 +0200] "GET /ticket2/opencms/en/venue/?venueid=F1735286-7AD2-7B98-D4E5-03066C2CD758 HTTP/1.1" 200 71664
54.36.149.40 - - [07/Jul/2024:02:02:20 +0200] "GET /ticket2/opencms/sv/venue/?venueid=553A4378-FAB0-EA80-47F6-4E559997BA49 HTTP/1.1" 200 72471
52.167.144.206 - - [07/Jul/2024:02:02:25 +0200] "GET /ticket2/opencms/sv/magazine/article?title=em-stjarnorna-som-googlas-mest-och-storst-pa-instagram HTTP/1.1" 200 93901
52.167.144.206 - - [07/Jul/2024:02:02:28 +0200] "GET /ticket2/opencms/fi/search.html?searchQuery= HTTP/1.1" 200 92178
114.119.134.146 - - [07/Jul/2024:02:02:46 +0200] "GET /ticket2/opencms/en/buy?page=1&edid=B5C39213-E135-81B2-3182-CF92D0BE5105 HTTP/1.1" 200 85452
85.208.96.194 - - [07/Jul/2024:02:02:46 +0200] "GET /ticket2/opencms/nl/sport/voetbal-tickets/premier_league/fulham/ HTTP/1.1" 200 83857
172.121.218.51 - - [07/Jul/2024:02:02:50 +0200] "HEAD /ticket2/opencms/ HTTP/1.1" 302 -
172.121.218.51 - - [07/Jul/2024:02:02:50 +0200] "HEAD /ticket2/opencms/en/ HTTP/1.1" 200 -
185.217.125.68 - - [07/Jul/2024:02:02:56 +0200] "GET /ticket2/opencms/dk/nl/buy/?page=1&edid=65BC9943-2D4E-DF73-E652-378517773F8E&sortorder=asc&column=section HTTP/1.1" 404 -
149.202.86.56 - - [07/Jul/2024:02:03:09 +0200] "GET /ticket2/opencms/en/login/?edid=8002875D-E399-25EC-C7DC-8B3FB3E1B048 HTTP/1.1" 200 73711
149.202.86.56 - - [07/Jul/2024:02:03:12 +0200] "GET /ticket2/opencms/en/login/?edid=8513F5D8-0E84-0E70-F7A4-6AED575FDCDA HTTP/1.1" 200 73711
149.202.86.56 - - [07/Jul/2024:02:03:16 +0200] "GET /ticket2/opencms/en/login/?edid=CFA7B791-9078-B078-FFE1-6B59C4CC5805 HTTP/1.1" 200 73711
35.95.84.203 - - [07/Jul/2024:02:03:18 +0200] "GET /ticket2/opencms/ HTTP/1.1" 302 -
35.95.84.203 - - [07/Jul/2024:02:03:18 +0200] "GET /ticket2/opencms/en/ HTTP/1.1" 200 101776
35.95.84.203 - - [07/Jul/2024:02:03:19 +0200] "GET /ticket2/opencms/system/modules/com.gridnine.opencms.ticketbrokerage.site/resources/css/ticketbrokerage.css HTTP/1.1" 200 39339
35.95.84.203 - - [07/Jul/2024:02:03:19 +0200] "GET /ticket2/opencms/system/modules/com.gridnine.opencms.ticketbrokerage.site/resources/css/calendar.css HTTP/1.1" 200 6871
35.95.84.203 - - [07/Jul/2024:02:03:19 +0200] "GET /ticket2/opencms/system/modules/com.gridnine.opencms.ticketbrokerage.site/resources/css/jquery-ui.css HTTP/1.1" 200 33221
35.95.84.203 - - [07/Jul/2024:02:03:19 +0200] "GET /ticket2/opencms/system/modules/com.gridnine.opencms.ticketbrokerage.site/resources/css/jquery.fancybox.css HTTP/1.1" 200 4939
35.95.84.203 - - [07/Jul/2024:02:03:19 +0200] "GET /ticket2/opencms/system/modules/com.gridnine.opencms.ticketbrokerage.site/resources/js/jquery/jquery.js HTTP/1.1" 200 93868
35.95.84.203 - - [07/Jul/2024:02:03:19 +0200] "GET /ticket2/opencms/system/modules/com.gridnine.opencms.ticketbrokerage.site/resources/css/standard.css HTTP/1.1" 200 71935
35.95.84.203 - - [07/Jul/2024:02:03:19 +0200] "GET /ticket2/opencms/system/modules/com.gridnine.opencms.ticketbrokerage.site/resources/js/jquery/jquery-ui.js HTTP/1.1" 200 228088
35.95.84.203 - - [07/Jul/2024:02:03:19 +0200] "GET /ticket2/opencms/system/modules/com.gridnine.opencms.ticketbrokerage.site/resources/js/functions.js HTTP/1.1" 200 1583
35.95.84.203 - - [07/Jul/2024:02:03:19 +0200] "GET /ticket2/opencms/system/modules/com.gridnine.opencms.ticketbrokerage.site/resources/js/calendar.js HTTP/1.1" 200 49229
35.95.84.203 - - [07/Jul/2024:02:03:19 +0200] "GET /ticket2/opencms/system/modules/com.gridnine.opencms.ticketbrokerage.site/resources/js/calendar-en.js HTTP/1.1" 200 3338
35.95.84.203 - - [07/Jul/2024:02:03:19 +0200] "GET /ticket2/opencms/system/modules/com.gridnine.opencms.ticketbrokerage.site/resources/js/calendar-setup.js HTTP/1.1" 200 4923
35.95.84.203 - - [07/Jul/2024:02:03:19 +0200] "GET /ticket2/opencms/system/modules/com.gridnine.opencms.ticketbrokerage.site/resources/js/jquery.fancybox.pack.js HTTP/1.1" 200 23187
35.95.84.203 - - [07/Jul/2024:02:03:19 +0200] "GET /ticket2/opencms/system/modules/com.gridnine.opencms.ticketbrokerage.site/resources/js/stickyfill.min.js HTTP/1.1" 200 5672
35.95.84.203 - - [07/Jul/2024:02:03:20 +0200] "GET /ticket2/opencms/system/modules/com.gridnine.opencms.ticketbrokerage.site/resources/js/jquery.placeholder.min.js HTTP/1.1" 200 1737
35.95.84.203 - - [07/Jul/2024:02:03:20 +0200] "GET /ticket2/opencms/system/modules/com.gridnine.opencms.ticketbrokerage.site/resources/js/common-ajax.js HTTP/1.1" 200 20175
35.95.84.203 - - [07/Jul/2024:02:03:20 +0200] "GET /ticket2/opencms/system/modules/com.gridnine.opencms.ticketbrokerage.site/resources/js/standard.js HTTP/1.1" 200 3978
35.95.84.203 - - [07/Jul/2024:02:03:20 +0200] "GET /ticket2/opencms/system/modules/com.gridnine.opencms.ticketbrokerage.site/resources/pics/logo-new.png HTTP/1.1" 200 13541
35.95.84.203 - - [07/Jul/2024:02:03:20 +0200] "GET /ticket2/opencms/img/insta.png HTTP/1.1" 200 3967
35.95.84.203 - - [07/Jul/2024:02:03:20 +0200] "GET /ticket2/opencms/img/fb.png HTTP/1.1" 200 1269
35.95.84.203 - - [07/Jul/2024:02:03:20 +0200] "GET /ticket2/opencms/system/modules/com.gridnine.opencms.ticketbrokerage.site/resources/pics/bank_1_nordea.png HTTP/1.1" 200 4807
35.95.84.203 - - [07/Jul/2024:02:03:20 +0200] "GET /ticket2/opencms/system/modules/com.gridnine.opencms.ticketbrokerage.site/resources/pics/bank_3_swedbank.png HTTP/1.1" 200 5740
35.95.84.203 - - [07/Jul/2024:02:03:20 +0200] "GET /ticket2/opencms/system/modules/com.gridnine.opencms.ticketbrokerage.site/resources/pics/bank_2_handelsbanken.png HTTP/1.1" 200 4509
35.95.84.203 - - [07/Jul/2024:02:03:20 +0200] "GET /ticket2/opencms/system/modules/com.gridnine.opencms.ticketbrokerage.site/resources/pics/bank_4_seb.png HTTP/1.1" 200 2487
149.202.86.56 - - [07/Jul/2024:02:03:20 +0200] "GET /ticket2/opencms/en/login/?edid=EC417F9B-DD7F-7773-590C-8D387053773F HTTP/1.1" 200 73711
35.95.84.203 - - [07/Jul/2024:02:03:20 +0200] "GET /ticket2/opencms/system/modules/com.gridnine.opencms.ticketbrokerage.site/resources/pics/bank_5_visa_mastercard.png HTTP/1.1" 200 8196
35.95.84.203 - - [07/Jul/2024:02:03:20 +0200] "GET /ticket2/opencms/system/modules/com.gridnine.opencms.ticketbrokerage.site/resources/pics/bank_6_american_express.png HTTP/1.1" 200 5570
35.95.84.203 - - [07/Jul/2024:02:03:20 +0200] "GET /ticket2/opencms/img/check.png HTTP/1.1" 200 548
35.95.84.203 - - [07/Jul/2024:02:03:20 +0200] "GET /ticket2/opencms/img/mail.png HTTP/1.1" 200 403
35.95.84.203 - - [07/Jul/2024:02:03:20 +0200] "GET /ticket2/opencms/img/chat.png HTTP/1.1" 200 416
35.95.84.203 - - [07/Jul/2024:02:03:20 +0200] "GET /ticket2/opencms/img/arrow.png HTTP/1.1" 200 753
35.95.84.203 - - [07/Jul/2024:02:03:20 +0200] "GET /ticket2/opencms/img/banner-pl.jpeg HTTP/1.1" 200 41818
35.95.84.203 - - [07/Jul/2024:02:03:20 +0200] "GET /ticket2/opencms/img/banner-ll.jpeg HTTP/1.1" 200 41825
35.95.84.203 - - [07/Jul/2024:02:03:21 +0200] "GET /ticket2/opencms/img/banner-sa.jpeg HTTP/1.1" 200 41270
35.95.84.203 - - [07/Jul/2024:02:03:21 +0200] "GET /ticket2/opencms/img/icons/globe-white.png HTTP/1.1" 200 947
35.95.84.203 - - [07/Jul/2024:02:03:21 +0200] "GET /ticket2/opencms/img/icons/se.png HTTP/1.1" 200 1258
35.95.84.203 - - [07/Jul/2024:02:03:21 +0200] "GET /ticket2/opencms/img/icons/no.png HTTP/1.1" 200 1958
35.95.84.203 - - [07/Jul/2024:02:03:21 +0200] "GET /ticket2/opencms/img/icons/dk.png HTTP/1.1" 200 1706
35.95.84.203 - - [07/Jul/2024:02:03:21 +0200] "GET /ticket2/opencms/img/icons/fi.png HTTP/1.1" 200 1785
35.95.84.203 - - [07/Jul/2024:02:03:21 +0200] "GET /ticket2/opencms/img/icons/nl.png HTTP/1.1" 200 1255
35.95.84.203 - - [07/Jul/2024:02:03:21 +0200] "GET /ticket2/opencms/img/icons/de.png HTTP/1.1" 200 1124
35.95.84.203 - - [07/Jul/2024:02:03:21 +0200] "GET /ticket2/opencms/img/icons/fr.png HTTP/1.1" 200 1764
35.95.84.203 - - [07/Jul/2024:02:03:21 +0200] "GET /ticket2/opencms/img/icons/es.png HTTP/1.1" 200 1005
35.95.84.203 - - [07/Jul/2024:02:03:22 +0200] "GET /ticket2/opencms/img/icons/it.png HTTP/1.1" 200 2040
35.95.84.203 - - [07/Jul/2024:02:03:22 +0200] "GET /ticket2/opencms/img/icons/en.png HTTP/1.1" 200 2415
35.95.84.203 - - [07/Jul/2024:02:03:22 +0200] "GET /ticket2/opencms/favicon.ico HTTP/1.1" 200 1406
35.95.84.203 - - [07/Jul/2024:02:03:22 +0200] "GET /ticket2/opencms/system/modules/com.gridnine.opencms.ticketbrokerage.site/resources/js/standard.js HTTP/1.1" 200 3978
149.202.86.56 - - [07/Jul/2024:02:03:22 +0200] "GET /ticket2/opencms/fi/buy/?page=1&edid=DD99BFEC-4846-922C-64A2-1661CA2CB452&sortorder=asc&column=price HTTP/1.1" 200 90412
35.95.84.203 - - [07/Jul/2024:02:03:23 +0200] "GET /ticket2/opencms/system/modules/com.gridnine.opencms.ticketbrokerage.site/resources/css/images/ui-bg_flat_75_ffffff_40x100.png HTTP/1.1" 404 -
149.202.86.56 - - [07/Jul/2024:02:03:24 +0200] "GET /ticket2/opencms/fi/buy/?page=1&edid=DD99BFEC-4846-922C-64A2-1661CA2CB452&sortorder=asc&column=section HTTP/1.1" 200 90412
149.202.86.56 - - [07/Jul/2024:02:03:26 +0200] "GET /ticket2/opencms/fi/buy/?page=1&edid=DD99BFEC-4846-922C-64A2-1661CA2CB452&sortorder=desc&column=price HTTP/1.1" 200 90411
149.202.86.56 - - [07/Jul/2024:02:03:28 +0200] "GET /ticket2/opencms/fi/buy/?page=1&edid=DD99BFEC-4846-922C-64A2-1661CA2CB452&sortorder=desc&column=row HTTP/1.1" 200 90411
149.202.86.56 - - [07/Jul/2024:02:03:29 +0200] "GET /ticket2/opencms/fi/buy/?page=1&edid=DD99BFEC-4846-922C-64A2-1661CA2CB452&sortorder=desc&column=section HTTP/1.1" 200 90411
149.202.86.56 - - [07/Jul/2024:02:03:31 +0200] "GET /ticket2/opencms/fi/buy/?page=1&edid=DDC4F101-7A24-C9CE-194A-9345F8ED8B64&sortorder=asc&column=price HTTP/1.1" 200 87975
149.202.86.56 - - [07/Jul/2024:02:03:33 +0200] "GET /ticket2/opencms/fi/buy/?page=1&edid=DDC4F101-7A24-C9CE-194A-9345F8ED8B64&sortorder=desc&column=price HTTP/1.1" 200 87974
149.202.86.56 - - [07/Jul/2024:02:03:35 +0200] "GET /ticket2/opencms/fi/buy/?page=1&edid=DDC4F101-7A24-C9CE-194A-9345F8ED8B64&sortorder=desc&column=row HTTP/1.1" 200 87974
149.202.86.56 - - [07/Jul/2024:02:03:37 +0200] "GET /ticket2/opencms/fi/buy/?page=1&edid=DEBB69BB-3BAB-F0BE-B5F2-8B7120D1A9CB&sortorder=asc&column=price HTTP/1.1" 200 89746
47.128.45.178 - - [07/Jul/2024:02:03:39 +0200] "GET /ticket2/opencms/dk/buy/?edid=492C270D-AAEA-3890-F385-951BFDA8F433 HTTP/1.1" 200 72346
149.202.86.56 - - [07/Jul/2024:02:03:39 +0200] "GET /ticket2/opencms/fi/buy/?page=1&edid=DEBB69BB-3BAB-F0BE-B5F2-8B7120D1A9CB&sortorder=asc&column=section HTTP/1.1" 200 89746
47.128.45.178 - - [07/Jul/2024:02:03:39 +0200] "GET /ticket2/opencms/system/modules/com.gridnine.opencms.ticketbrokerage.site/resources/pics/logo-new.png HTTP/1.1" 200 13541
47.128.45.178 - - [07/Jul/2024:02:03:40 +0200] "GET /ticket2/opencms/system/modules/com.gridnine.opencms.ticketbrokerage.site/resources/pics/bank_1_nordea.png HTTP/1.1" 200 4807
47.128.45.178 - - [07/Jul/2024:02:03:40 +0200] "GET /ticket2/opencms/system/modules/com.gridnine.opencms.ticketbrokerage.site/resources/pics/bank_4_seb.png HTTP/1.1" 200 2487
47.128.45.178 - - [07/Jul/2024:02:03:40 +0200] "GET /ticket2/opencms/system/modules/com.gridnine.opencms.ticketbrokerage.site/resources/pics/bank_3_swedbank.png HTTP/1.1" 200 5740
47.128.45.178 - - [07/Jul/2024:02:03:40 +0200] "GET /ticket2/opencms/system/modules/com.gridnine.opencms.ticketbrokerage.site/resources/pics/bank_5_visa_mastercard.png HTTP/1.1" 200 8196
47.128.45.178 - - [07/Jul/2024:02:03:40 +0200] "GET /ticket2/opencms/system/modules/com.gridnine.opencms.ticketbrokerage.site/resources/pics/bank_2_handelsbanken.png HTTP/1.1" 200 4509
47.128.45.178 - - [07/Jul/2024:02:03:41 +0200] "GET /ticket2/opencms/system/modules/com.gridnine.opencms.ticketbrokerage.site/resources/pics/bank_6_american_express.png HTTP/1.1" 200 5570
149.202.86.56 - - [07/Jul/2024:02:03:41 +0200] "GET /ticket2/opencms/fi/buy/?page=1&edid=DED8B8D3-5A2A-3FF7-3F3B-8C7FAC67E2E1&sortorder=asc&column=price HTTP/1.1" 200 88858
149.202.86.56 - - [07/Jul/2024:02:03:43 +0200] "GET /ticket2/opencms/fi/buy/?page=1&edid=DEDD4EB7-1358-2E27-5CFE-6E94FA76853A&sortorder=asc&column=price HTTP/1.1" 200 88829
149.202.86.56 - - [07/Jul/2024:02:03:45 +0200] "GET /ticket2/opencms/fi/buy/?page=1&edid=EC1CEE7F-0D0E-364E-1B36-05B890BB56A8&sortorder=asc&column=row HTTP/1.1" 200 89947
149.202.86.56 - - [07/Jul/2024:02:03:47 +0200] "GET /ticket2/opencms/fi/buy/?page=1&edid=EC1CEE7F-0D0E-364E-1B36-05B890BB56A8&sortorder=desc&column=price HTTP/1.1" 200 89946
149.202.86.56 - - [07/Jul/2024:02:03:49 +0200] "GET /ticket2/opencms/fi/buy/?page=1&edid=EFDB06D7-2C74-FECB-EDDF-C256DF642DF7 HTTP/1.1" 200 89707
149.202.86.56 - - [07/Jul/2024:02:03:51 +0200] "GET /ticket2/opencms/fi/buy/?page=1&edid=EFDB06D7-2C74-FECB-EDDF-C256DF642DF7&sortorder=asc&column=price HTTP/1.1" 200 89743
149.202.86.56 - - [07/Jul/2024:02:03:53 +0200] "GET /ticket2/opencms/fi/buy/?page=1&edid=EFDB06D7-2C74-FECB-EDDF-C256DF642DF7&sortorder=asc&column=row HTTP/1.1" 200 89743
149.202.86.56 - - [07/Jul/2024:02:03:55 +0200] "GET /ticket2/opencms/fi/buy/?page=1&edid=EFDB06D7-2C74-FECB-EDDF-C256DF642DF7&sortorder=asc&column=section HTTP/1.1" 200 89743
149.202.86.56 - - [07/Jul/2024:02:03:57 +0200] "GET /ticket2/opencms/fi/buy/?page=1&edid=EFDB06D7-2C74-FECB-EDDF-C256DF642DF7&sortorder=desc&column=price HTTP/1.1" 200 89742
54.36.148.16 - - [07/Jul/2024:02:03:58 +0200] "GET /ticket2/opencms/sv/venue/?venueid=03F51804-8CDE-802D-E000-0AE79CB6ED35 HTTP/1.1" 200 72432
149.202.86.56 - - [07/Jul/2024:02:03:59 +0200] "GET /ticket2/opencms/fi/buy/?page=1&edid=EFDB06D7-2C74-FECB-EDDF-C256DF642DF7&sortorder=desc&column=section HTTP/1.1" 200 89742
149.202.86.56 - - [07/Jul/2024:02:04:01 +0200] "GET /ticket2/opencms/fi/buy/?page=1&edid=EFE86C90-1F78-7ACD-9BE3-6153417E087A&sortorder=asc&column=price HTTP/1.1" 200 89909
149.202.86.56 - - [07/Jul/2024:02:04:04 +0200] "GET /ticket2/opencms/fi/buy/?page=1&edid=EFE86C90-1F78-7ACD-9BE3-6153417E087A&sortorder=asc&column=section HTTP/1.1" 200 89909
149.202.86.56 - - [07/Jul/2024:02:04:06 +0200] "GET /ticket2/opencms/fi/buy/?page=1&edid=F304E181-E936-71FB-E213-CFCB44032C9B&sortorder=desc&column=price HTTP/1.1" 200 89331
117.50.46.19 - - [07/Jul/2024:02:04:06 +0200] "GET /ticket2/opencms/sv/partners/fotbolldirekt/ HTTP/1.1" 200 71823
149.202.86.56 - - [07/Jul/2024:02:04:08 +0200] "GET /ticket2/opencms/fi/buy/?page=1&edid=F304E181-E936-71FB-E213-CFCB44032C9B&sortorder=desc&column=row HTTP/1.1" 200 89331
149.202.86.56 - - [07/Jul/2024:02:04:11 +0200] "GET /ticket2/opencms/fi/buy/?page=1&edid=F3C590BC-8B85-5255-AEB2-2BDF70BA064F HTTP/1.1" 200 89702
149.202.86.56 - - [07/Jul/2024:02:04:14 +0200] "GET /ticket2/opencms/fi/buy/?page=1&edid=F3C590BC-8B85-5255-AEB2-2BDF70BA064F&sortorder=asc&column=price HTTP/1.1" 200 89738
114.119.130.175 - - [07/Jul/2024:02:04:19 +0200] "GET /ticket2/opencms/en/venue/?venueid=9DA8A4B3-4A97-FBB2-EFB7-185E7CEA4A49 HTTP/1.1" 200 71616
216.244.66.238 - - [07/Jul/2024:02:04:25 +0200] "GET /ticket2/opencms/no/sport/fotballsbilletter/serie_a/juventus/ HTTP/1.1" 200 74539
114.119.154.181 - - [07/Jul/2024:02:04:29 +0200] "GET /ticket2/opencms/en/sport/football-tickets/serie_a/inter/ HTTP/1.1" 200 73481
37.123.143.245 - - [07/Jul/2024:02:05:02 +0200] "GET /ticket2/opencms/system/workplace/views/top_foot.jsp?wpFrame=foot HTTP/1.1" 200 1210
37.123.143.245 - - [07/Jul/2024:02:05:02 +0200] "GET /ticket2/opencms/system/workplace/commons/style/workplace.css HTTP/1.1" 200 14209
216.244.66.238 - - [07/Jul/2024:02:05:08 +0200] "GET /ticket2/opencms/se/sv/login/?url=/dk/sell/ HTTP/1.1" 404 -
216.245.221.83 - - [07/Jul/2024:02:05:43 +0200] "HEAD /ticket2/opencms/ HTTP/1.1" 302 -
54.36.148.85 - - [07/Jul/2024:02:05:45 +0200] "GET /ticket2/opencms/sv/venue/?venueid=C45DD2E8-ABDE-6F3B-951D-04563CE4C5B2 HTTP/1.1" 200 72438
216.245.221.83 - - [07/Jul/2024:02:05:48 +0200] "HEAD /ticket2/opencms/ HTTP/1.1" 302 -
216.245.221.83 - - [07/Jul/2024:02:05:48 +0200] "HEAD /ticket2/opencms/en/ HTTP/1.1" 200 -
94.74.86.73 - - [07/Jul/2024:02:05:48 +0200] "GET /ticket2/opencms/fi/urheilu/hockey/nhl/chicago_blackhawks/ HTTP/1.1" 200 76500
216.245.221.83 - - [07/Jul/2024:02:05:48 +0200] "HEAD /ticket2/opencms/en/ HTTP/1.1" 200 -
47.128.34.205 - - [07/Jul/2024:02:05:56 +0200] "GET /ticket2/opencms/dk/buy?edid=0E9E6355-4451-3402-6E1E-9044B4B2E5C3 HTTP/1.1" 200 72346
47.128.34.205 - - [07/Jul/2024:02:05:57 +0200] "GET /ticket2/opencms/system/modules/com.gridnine.opencms.ticketbrokerage.site/resources/pics/logo-new.png HTTP/1.1" 200 13541
47.128.34.205 - - [07/Jul/2024:02:05:57 +0200] "GET /ticket2/opencms/system/modules/com.gridnine.opencms.ticketbrokerage.site/resources/pics/bank_4_seb.png HTTP/1.1" 200 2487
47.128.34.205 - - [07/Jul/2024:02:05:58 +0200] "GET /ticket2/opencms/system/modules/com.gridnine.opencms.ticketbrokerage.site/resources/pics/bank_1_nordea.png HTTP/1.1" 200 4807
47.128.34.205 - - [07/Jul/2024:02:05:58 +0200] "GET /ticket2/opencms/system/modules/com.gridnine.opencms.ticketbrokerage.site/resources/pics/bank_3_swedbank.png HTTP/1.1" 200 5740
47.128.34.205 - - [07/Jul/2024:02:05:58 +0200] "GET /ticket2/opencms/system/modules/com.gridnine.opencms.ticketbrokerage.site/resources/pics/bank_2_handelsbanken.png HTTP/1.1" 200 4509
47.128.34.205 - - [07/Jul/2024:02:05:58 +0200] "GET /ticket2/opencms/system/modules/com.gridnine.opencms.ticketbrokerage.site/resources/pics/bank_5_visa_mastercard.png HTTP/1.1" 200 8196
47.128.34.205 - - [07/Jul/2024:02:05:58 +0200] "GET /ticket2/opencms/system/modules/com.gridnine.opencms.ticketbrokerage.site/resources/pics/bank_6_american_express.png HTTP/1.1" 200 5570
114.119.150.190 - - [07/Jul/2024:02:06:35 +0200] "GET /ticket2/opencms/en/buy/?page=10&eventid=2D882524-F20E-911C-330E-DB5F72C129F5&venueid=1F514823-A8B2-64F2-1969-4417BA1D08C9 HTTP/1.1" 200 83765
185.191.171.8 - - [07/Jul/2024:02:06:42 +0200] "GET /ticket2/opencms/sv/sport/fotbollsbiljetter/premier_league/manchester_united/restips_old_trafford/ HTTP/1.1" 200 78220
149.202.86.56 - - [07/Jul/2024:02:06:51 +0200] "GET /ticket2/opencms/fi/buy/?page=1&edid=F3C590BC-8B85-5255-AEB2-2BDF70BA064F&sortorder=asc&column=section HTTP/1.1" 200 89738
149.202.86.56 - - [07/Jul/2024:02:06:53 +0200] "GET /ticket2/opencms/fi/buy/?page=1&edid=F3C590BC-8B85-5255-AEB2-2BDF70BA064F&sortorder=desc&column=section HTTP/1.1" 200 89737
149.202.86.56 - - [07/Jul/2024:02:06:55 +0200] "GET /ticket2/opencms/fi/buy/?page=1&edid=FB258716-98B5-9120-93E8-787488A6CE47&sortorder=asc&column=row HTTP/1.1" 200 90020
149.202.86.56 - - [07/Jul/2024:02:06:58 +0200] "GET /ticket2/opencms/fi/login/?edid=363E9E9B-AD53-FBF5-F36A-1146A7420E97 HTTP/1.1" 200 75471
149.202.86.56 - - [07/Jul/2024:02:07:02 +0200] "GET /ticket2/opencms/fi/login/?edid=39168B9C-E36E-857F-42A1-E431E428BADA HTTP/1.1" 200 75471
149.202.86.56 - - [07/Jul/2024:02:07:06 +0200] "GET /ticket2/opencms/fi/login/?edid=3930902F-44C9-0DA4-854E-41262D5A61CF HTTP/1.1" 200 75471
149.202.86.56 - - [07/Jul/2024:02:07:09 +0200] "GET /ticket2/opencms/fi/login/?edid=396DAA54-A8C7-72F9-2DCB-28AD37165658 HTTP/1.1" 200 75471
149.202.86.56 - - [07/Jul/2024:02:07:13 +0200] "GET /ticket2/opencms/fi/login/?edid=399E20D2-D6C6-17F4-9377-4D7D8F4272F3 HTTP/1.1" 200 75471
149.202.86.56 - - [07/Jul/2024:02:07:16 +0200] "GET /ticket2/opencms/fi/login/?edid=3B2B632D-2D9E-A780-282C-D4563639E830 HTTP/1.1" 200 75471
114.119.145.239 - - [07/Jul/2024:02:07:20 +0200] "GET /ticket2/opencms/en/venue/?venueid=F07570AB-6180-6ECF-7A44-E3C64FEDE92E HTTP/1.1" 200 71668
149.202.86.56 - - [07/Jul/2024:02:07:20 +0200] "GET /ticket2/opencms/fi/login/?edid=43667867-3935-092D-B992-38E905DC29DA HTTP/1.1" 200 75471
149.202.86.56 - - [07/Jul/2024:02:07:24 +0200] "GET /ticket2/opencms/fi/login/?edid=554473A5-DEC1-AC03-42D7-8CF0530B3AB1 HTTP/1.1" 200 75471
54.36.148.153 - - [07/Jul/2024:02:07:27 +0200] "GET /ticket2/opencms/sv/venue/?venueid=601A7ABD-551E-8CCC-08ED-4CC1D1D88166 HTTP/1.1" 200 72425
149.202.86.56 - - [07/Jul/2024:02:07:28 +0200] "GET /ticket2/opencms/fi/login/?edid=77108354-7E24-A866-7C4A-6FA47CD8880C HTTP/1.1" 200 75471
149.202.86.56 - - [07/Jul/2024:02:07:32 +0200] "GET /ticket2/opencms/fi/login/?edid=8BD60387-4E3F-89EB-86CE-11AA91ED3E74 HTTP/1.1" 200 75471
149.202.86.56 - - [07/Jul/2024:02:07:36 +0200] "GET /ticket2/opencms/fi/login/?edid=9359554A-FD13-97BA-FBF7-F727D9759D7C HTTP/1.1" 200 75471
47.128.35.241 - - [07/Jul/2024:02:07:38 +0200] "GET /ticket2/opencms/fi/venue/?venueid=AAA2050F-EB9C-D448-55D3-9C97F26928FB HTTP/1.1" 200 73248
47.128.35.241 - - [07/Jul/2024:02:07:39 +0200] "GET /ticket2/opencms/system/modules/com.gridnine.opencms.ticketbrokerage.site/resources/pics/logo-new.png HTTP/1.1" 200 13541
47.128.35.241 - - [07/Jul/2024:02:07:39 +0200] "GET /ticket2/opencms/system/modules/com.gridnine.opencms.ticketbrokerage.site/resources/pics/bank_2_handelsbanken.png HTTP/1.1" 200 4509
47.128.35.241 - - [07/Jul/2024:02:07:40 +0200] "GET /ticket2/opencms/system/modules/com.gridnine.opencms.ticketbrokerage.site/resources/pics/bank_1_nordea.png HTTP/1.1" 200 4807
47.128.35.241 - - [07/Jul/2024:02:07:40 +0200] "GET /ticket2/opencms/system/modules/com.gridnine.opencms.ticketbrokerage.site/resources/pics/bank_3_swedbank.png HTTP/1.1" 200 5740
47.128.35.241 - - [07/Jul/2024:02:07:40 +0200] "GET /ticket2/opencms/system/modules/com.gridnine.opencms.ticketbrokerage.site/resources/pics/bank_4_seb.png HTTP/1.1" 200 2487
47.128.35.241 - - [07/Jul/2024:02:07:40 +0200] "GET /ticket2/opencms/system/modules/com.gridnine.opencms.ticketbrokerage.site/resources/pics/bank_5_visa_mastercard.png HTTP/1.1" 200 8196
47.128.35.241 - - [07/Jul/2024:02:07:40 +0200] "GET /ticket2/opencms/system/modules/com.gridnine.opencms.ticketbrokerage.site/resources/pics/bank_6_american_express.png HTTP/1.1" 200 5570
149.202.86.56 - - [07/Jul/2024:02:07:40 +0200] "GET /ticket2/opencms/fi/login/?edid=9F2F893C-41B8-EE82-58E9-72FCFCC9FE15 HTTP/1.1" 200 75471
149.202.86.56 - - [07/Jul/2024:02:07:44 +0200] "GET /ticket2/opencms/fi/login/?edid=9FDDAE6E-2099-CA20-8A5D-FB81C4E4FF2C HTTP/1.1" 200 75471
149.202.86.56 - - [07/Jul/2024:02:07:48 +0200] "GET /ticket2/opencms/fi/login/?edid=A2DDA4E4-44CC-604A-D0E5-6CFEACA7D15C HTTP/1.1" 200 75471
149.202.86.56 - - [07/Jul/2024:02:07:52 +0200] "GET /ticket2/opencms/fi/login/?edid=A45094A6-B77C-C4A8-7783-12098643BADC HTTP/1.1" 200 75471
216.244.66.238 - - [07/Jul/2024:02:07:56 +0200] "GET /ticket2/opencms/dk/sv/buy/?page=10&eventid=778D2ADC-00BD-A430-C53C-4D777B0BAF0F HTTP/1.1" 404 -
149.202.86.56 - - [07/Jul/2024:02:07:56 +0200] "GET /ticket2/opencms/fi/login/?edid=A45321DF-A6CE-CF78-FF7A-EF32B49E5D06 HTTP/1.1" 200 75471
149.202.86.56 - - [07/Jul/2024:02:08:01 +0200] "GET /ticket2/opencms/fi/login/?edid=A5A7051D-8776-CDCC-F30E-FC88ECBAF73F HTTP/1.1" 200 75471
149.202.86.56 - - [07/Jul/2024:02:08:05 +0200] "GET /ticket2/opencms/fi/login/?edid=A5DECF1D-B871-B379-E9B8-29F84053C587 HTTP/1.1" 200 75471
149.202.86.56 - - [07/Jul/2024:02:08:11 +0200] "GET /ticket2/opencms/fi/login/?edid=A628DE2E-E8BC-4979-1454-875CE45B7B93 HTTP/1.1" 200 75471
47.128.34.80 - - [07/Jul/2024:02:08:14 +0200] "GET /ticket2/opencms/dk/buy/?edid=28778BA3-9F9A-CFF0-ACA3-13CC71675A86 HTTP/1.1" 200 72346
149.202.86.56 - - [07/Jul/2024:02:08:15 +0200] "GET /ticket2/opencms/fi/login/?edid=A63B1890-86E1-9F60-54D7-09AEE785F38E HTTP/1.1" 200 75471
47.128.34.80 - - [07/Jul/2024:02:08:15 +0200] "GET /ticket2/opencms/system/modules/com.gridnine.opencms.ticketbrokerage.site/resources/pics/logo-new.png HTTP/1.1" 200 13541
47.128.34.80 - - [07/Jul/2024:02:08:15 +0200] "GET /ticket2/opencms/system/modules/com.gridnine.opencms.ticketbrokerage.site/resources/pics/bank_1_nordea.png HTTP/1.1" 200 4807
47.128.34.80 - - [07/Jul/2024:02:08:16 +0200] "GET /ticket2/opencms/system/modules/com.gridnine.opencms.ticketbrokerage.site/resources/pics/bank_2_handelsbanken.png HTTP/1.1" 200 4509
47.128.34.80 - - [07/Jul/2024:02:08:16 +0200] "GET /ticket2/opencms/system/modules/com.gridnine.opencms.ticketbrokerage.site/resources/pics/bank_3_swedbank.png HTTP/1.1" 200 5740
47.128.34.80 - - [07/Jul/2024:02:08:16 +0200] "GET /ticket2/opencms/system/modules/com.gridnine.opencms.ticketbrokerage.site/resources/pics/bank_4_seb.png HTTP/1.1" 200 2487
47.128.34.80 - - [07/Jul/2024:02:08:16 +0200] "GET /ticket2/opencms/system/modules/com.gridnine.opencms.ticketbrokerage.site/resources/pics/bank_5_visa_mastercard.png HTTP/1.1" 200 8196
85.208.96.198 - - [07/Jul/2024:02:08:16 +0200] "GET /ticket2/opencms/nl/sport/voetbal-tickets/serie_a/empoli/ HTTP/1.1" 200 72926
47.128.34.80 - - [07/Jul/2024:02:08:16 +0200] "GET /ticket2/opencms/system/modules/com.gridnine.opencms.ticketbrokerage.site/resources/pics/bank_6_american_express.png HTTP/1.1" 200 5570
216.244.66.238 - - [07/Jul/2024:02:08:17 +0200] "GET /ticket2/opencms/no/buy?page=1&edid=DD282B35-B6B7-ECA0-02E0-90864F5E2B50 HTTP/1.1" 200 107422
149.202.86.56 - - [07/Jul/2024:02:08:19 +0200] "GET /ticket2/opencms/fi/login/?edid=A66DD741-1307-2752-B483-B25D748C7344 HTTP/1.1" 200 75471
149.202.86.56 - - [07/Jul/2024:02:08:23 +0200] "GET /ticket2/opencms/fi/login/?edid=A83A5ABF-2C57-0520-8010-5DCE561EE55B HTTP/1.1" 200 75471
114.119.146.55 - - [07/Jul/2024:02:08:23 +0200] "GET /ticket2/opencms/en/venue/?countryid=AD4C6C1F-4EA2-1827-F34A-F0A47DB58003 HTTP/1.1" 200 101010
149.202.86.56 - - [07/Jul/2024:02:08:27 +0200] "GET /ticket2/opencms/fi/login/?edid=AB9E7BF0-7DD3-2623-3B2D-74224FE2F71E HTTP/1.1" 200 75471
47.128.35.229 - - [07/Jul/2024:02:08:30 +0200] "GET /ticket2/opencms/fi/venue/?venueid=EBEEFBDF-BE46-CDA7-09F6-23C46162BE1D HTTP/1.1" 200 73200
47.128.35.229 - - [07/Jul/2024:02:08:31 +0200] "GET /ticket2/opencms/system/modules/com.gridnine.opencms.ticketbrokerage.site/resources/pics/logo-new.png HTTP/1.1" 200 13541
47.128.35.229 - - [07/Jul/2024:02:08:32 +0200] "GET /ticket2/opencms/system/modules/com.gridnine.opencms.ticketbrokerage.site/resources/pics/bank_2_handelsbanken.png HTTP/1.1" 200 4509
47.128.35.229 - - [07/Jul/2024:02:08:32 +0200] "GET /ticket2/opencms/system/modules/com.gridnine.opencms.ticketbrokerage.site/resources/pics/bank_3_swedbank.png HTTP/1.1" 200 5740
149.202.86.56 - - [07/Jul/2024:02:08:32 +0200] "GET /ticket2/opencms/fi/login/?edid=AED07394-C49C-5931-D2FB-64023659E932 HTTP/1.1" 200 75471
47.128.35.229 - - [07/Jul/2024:02:08:32 +0200] "GET /ticket2/opencms/system/modules/com.gridnine.opencms.ticketbrokerage.site/resources/pics/bank_4_seb.png HTTP/1.1" 200 2487
47.128.35.229 - - [07/Jul/2024:02:08:32 +0200] "GET /ticket2/opencms/system/modules/com.gridnine.opencms.ticketbrokerage.site/resources/pics/bank_5_visa_mastercard.png HTTP/1.1" 200 8196
47.128.35.229 - - [07/Jul/2024:02:08:32 +0200] "GET /ticket2/opencms/system/modules/com.gridnine.opencms.ticketbrokerage.site/resources/pics/bank_1_nordea.png HTTP/1.1" 200 4807
