47.128.43.41 - - [07/Jul/2024:01:25:09 +0200] "GET /ticket2/opencms/fi/venue/?venueid=227CA6FE-2DA3-B1F8-C080-0BD749B9B40F HTTP/1.1" 200 73149
47.128.43.41 - - [07/Jul/2024:01:25:11 +0200] "GET /ticket2/opencms/system/modules/com.gridnine.opencms.ticketbrokerage.site/resources/pics/logo-new.png HTTP/1.1" 200 13541
63.35.169.26 - - [07/Jul/2024:01:25:11 +0200] "GET /ticket2/opencms/en/ HTTP/1.1" 200 101776
47.128.43.41 - - [07/Jul/2024:01:25:11 +0200] "GET /ticket2/opencms/system/modules/com.gridnine.opencms.ticketbrokerage.site/resources/pics/bank_1_nordea.png HTTP/1.1" 200 4807
149.202.86.56 - - [07/Jul/2024:01:25:11 +0200] "GET /ticket2/opencms/dk/login/?edid=6D9D3E47-1EA9-9DFE-4A3E-6030D3106E91 HTTP/1.1" 200 74255
47.128.43.41 - - [07/Jul/2024:01:25:11 +0200] "GET /ticket2/opencms/system/modules/com.gridnine.opencms.ticketbrokerage.site/resources/pics/bank_2_handelsbanken.png HTTP/1.1" 200 4509
47.128.43.41 - - [07/Jul/2024:01:25:12 +0200] "GET /ticket2/opencms/system/modules/com.gridnine.opencms.ticketbrokerage.site/resources/pics/bank_4_seb.png HTTP/1.1" 200 2487
47.128.43.41 - - [07/Jul/2024:01:25:12 +0200] "GET /ticket2/opencms/system/modules/com.gridnine.opencms.ticketbrokerage.site/resources/pics/bank_5_visa_mastercard.png HTTP/1.1" 200 8196
47.128.43.41 - - [07/Jul/2024:01:25:12 +0200] "GET /ticket2/opencms/system/modules/com.gridnine.opencms.ticketbrokerage.site/resources/pics/bank_3_swedbank.png HTTP/1.1" 200 5740
47.128.43.41 - - [07/Jul/2024:01:25:12 +0200] "GET /ticket2/opencms/system/modules/com.gridnine.opencms.ticketbrokerage.site/resources/pics/bank_6_american_express.png HTTP/1.1" 200 5570
149.202.86.56 - - [07/Jul/2024:01:25:20 +0200] "GET /ticket2/opencms/dk/login/?edid=99523186-4BD8-BF28-0D02-3020D55214AE HTTP/1.1" 200 74255
149.202.86.56 - - [07/Jul/2024:01:25:31 +0200] "GET /ticket2/opencms/dk/login/?edid=9CCC60F1-4795-760A-258E-C29F7C9B1FCF HTTP/1.1" 200 74255
47.128.124.138 - - [07/Jul/2024:01:25:31 +0200] "GET /ticket2/opencms/fi/venue/?venueid=47A584F0-253C-EAFC-960C-A197E0BFF841 HTTP/1.1" 200 73188
47.128.124.138 - - [07/Jul/2024:01:25:32 +0200] "GET /ticket2/opencms/system/modules/com.gridnine.opencms.ticketbrokerage.site/resources/pics/logo-new.png HTTP/1.1" 200 13541
40.77.167.56 - - [07/Jul/2024:01:25:32 +0200] "GET /ticket2/opencms/en/sell/?edid=7F7DD8C0-7B0C-AC46-739A-766B605AE20B HTTP/1.1" 302 -
47.128.124.138 - - [07/Jul/2024:01:25:32 +0200] "GET /ticket2/opencms/system/modules/com.gridnine.opencms.ticketbrokerage.site/resources/pics/bank_3_swedbank.png HTTP/1.1" 200 5740
47.128.124.138 - - [07/Jul/2024:01:25:32 +0200] "GET /ticket2/opencms/system/modules/com.gridnine.opencms.ticketbrokerage.site/resources/pics/bank_4_seb.png HTTP/1.1" 200 2487
47.128.124.138 - - [07/Jul/2024:01:25:33 +0200] "GET /ticket2/opencms/system/modules/com.gridnine.opencms.ticketbrokerage.site/resources/pics/bank_2_handelsbanken.png HTTP/1.1" 200 4509
47.128.124.138 - - [07/Jul/2024:01:25:33 +0200] "GET /ticket2/opencms/system/modules/com.gridnine.opencms.ticketbrokerage.site/resources/pics/bank_1_nordea.png HTTP/1.1" 200 4807
47.128.124.138 - - [07/Jul/2024:01:25:33 +0200] "GET /ticket2/opencms/system/modules/com.gridnine.opencms.ticketbrokerage.site/resources/pics/bank_5_visa_mastercard.png HTTP/1.1" 200 8196
47.128.124.138 - - [07/Jul/2024:01:25:33 +0200] "GET /ticket2/opencms/system/modules/com.gridnine.opencms.ticketbrokerage.site/resources/pics/bank_6_american_express.png HTTP/1.1" 200 5570
40.77.167.56 - - [07/Jul/2024:01:25:35 +0200] "GET /ticket2/opencms/en/login/?url=/en/sell/ HTTP/1.1" 200 73711
149.202.86.56 - - [07/Jul/2024:01:25:40 +0200] "GET /ticket2/opencms/dk/login/?edid=9D66FD67-419E-CC30-8F44-B7D097CB8073 HTTP/1.1" 200 74255
40.77.167.61 - - [07/Jul/2024:01:25:43 +0200] "GET /ticket2/opencms/se/en/buy/?page=1&edid=494A3A9F-B36B-215D-43E8-EDF2201A6F39 HTTP/1.1" 404 -
216.245.221.83 - - [07/Jul/2024:01:25:43 +0200] "HEAD /ticket2/opencms/ HTTP/1.1" 302 -
216.245.221.83 - - [07/Jul/2024:01:25:44 +0200] "HEAD /ticket2/opencms/en/ HTTP/1.1" 200 -
216.245.221.83 - - [07/Jul/2024:01:25:48 +0200] "HEAD /ticket2/opencms/ HTTP/1.1" 302 -
216.245.221.83 - - [07/Jul/2024:01:25:48 +0200] "HEAD /ticket2/opencms/en/ HTTP/1.1" 200 -
149.202.86.56 - - [07/Jul/2024:01:25:51 +0200] "GET /ticket2/opencms/dk/login/?edid=B4EC0635-7D95-B22D-B192-3848478AFE4A HTTP/1.1" 200 74255
47.128.47.169 - - [07/Jul/2024:01:25:57 +0200] "GET /ticket2/opencms/fi/venue/?countryid=397EE7D1-C7FC-902D-F9A7-02173E5367FD HTTP/1.1" 200 102572
47.128.47.169 - - [07/Jul/2024:01:25:58 +0200] "GET /ticket2/opencms/system/modules/com.gridnine.opencms.ticketbrokerage.site/resources/pics/logo-new.png HTTP/1.1" 200 13541
47.128.47.169 - - [07/Jul/2024:01:25:58 +0200] "GET /ticket2/opencms/system/modules/com.gridnine.opencms.ticketbrokerage.site/resources/pics/bank_1_nordea.png HTTP/1.1" 200 4807
47.128.47.169 - - [07/Jul/2024:01:25:58 +0200] "GET /ticket2/opencms/system/modules/com.gridnine.opencms.ticketbrokerage.site/resources/pics/bank_4_seb.png HTTP/1.1" 200 2487
47.128.47.169 - - [07/Jul/2024:01:25:59 +0200] "GET /ticket2/opencms/system/modules/com.gridnine.opencms.ticketbrokerage.site/resources/pics/bank_2_handelsbanken.png HTTP/1.1" 200 4509
47.128.47.169 - - [07/Jul/2024:01:25:59 +0200] "GET /ticket2/opencms/system/modules/com.gridnine.opencms.ticketbrokerage.site/resources/pics/bank_3_swedbank.png HTTP/1.1" 200 5740
47.128.47.169 - - [07/Jul/2024:01:25:59 +0200] "GET /ticket2/opencms/system/modules/com.gridnine.opencms.ticketbrokerage.site/resources/pics/bank_5_visa_mastercard.png HTTP/1.1" 200 8196
47.128.47.169 - - [07/Jul/2024:01:25:59 +0200] "GET /ticket2/opencms/system/modules/com.gridnine.opencms.ticketbrokerage.site/resources/pics/bank_6_american_express.png HTTP/1.1" 200 5570
149.202.86.56 - - [07/Jul/2024:01:26:01 +0200] "GET /ticket2/opencms/dk/login/?edid=B776DA7C-BB43-92BB-597E-685DFC5D934F HTTP/1.1" 200 74255
114.119.128.162 - - [07/Jul/2024:01:26:04 +0200] "GET /ticket2/opencms/en/venue/?venueid=EBFB4757-1947-9B19-888A-253E3264D06D HTTP/1.1" 200 71681
87.250.224.5 - - [07/Jul/2024:01:26:09 +0200] "GET /ticket2/opencms/ru/buy/?page=1&edid=431AC084-08F6-FDFC-321B-AFA4301539CF HTTP/1.1" 200 8183
85.208.96.203 - - [07/Jul/2024:01:26:13 +0200] "GET /ticket2/opencms/sv/sport/fotbollsbiljetter/uefa-champions-league/bate/ HTTP/1.1" 200 73861
149.202.86.56 - - [07/Jul/2024:01:26:14 +0200] "GET /ticket2/opencms/dk/login/?edid=BAB6F3FC-ACBF-25D4-C354-1BB75EC7FF7F HTTP/1.1" 200 74255
47.128.48.178 - - [07/Jul/2024:01:26:21 +0200] "GET /ticket2/opencms/fi/search.html?searchQuery=Minnesota+Wilds HTTP/1.1" 200 93480
47.128.48.178 - - [07/Jul/2024:01:26:22 +0200] "GET /ticket2/opencms/fi/ask-form.html HTTP/1.1" 200 3012
47.128.48.178 - - [07/Jul/2024:01:26:23 +0200] "GET /ticket2/opencms/system/modules/com.gridnine.opencms.ticketbrokerage.site/resources/pics/logo-new.png HTTP/1.1" 200 13541
47.128.48.178 - - [07/Jul/2024:01:26:23 +0200] "GET /ticket2/opencms/system/modules/com.gridnine.opencms.ticketbrokerage.site/resources/pics/partners/Hockeysverige.jpg HTTP/1.1" 200 8841
47.128.48.178 - - [07/Jul/2024:01:26:23 +0200] "GET /ticket2/opencms/system/modules/com.gridnine.opencms.ticketbrokerage.site/resources/pics/front_page/sv/elite_prospects.png HTTP/1.1" 200 14543
47.128.48.178 - - [07/Jul/2024:01:26:23 +0200] "GET /ticket2/opencms/system/modules/com.gridnine.opencms.ticketbrokerage.site/resources/pics/front_page/sv/Svenska_fans.jpg HTTP/1.1" 200 7096
47.128.48.178 - - [07/Jul/2024:01:26:23 +0200] "GET /ticket2/opencms/system/modules/com.gridnine.opencms.ticketbrokerage.site/resources/pics/partners/fotboll_direkt.png HTTP/1.1" 200 14373
47.128.48.178 - - [07/Jul/2024:01:26:23 +0200] "GET /ticket2/opencms/system/modules/com.gridnine.opencms.ticketbrokerage.site/resources/pics/right_side_bar/fi/facebook.png HTTP/1.1" 200 2017
47.128.48.178 - - [07/Jul/2024:01:26:23 +0200] "GET /ticket2/opencms/system/modules/com.gridnine.opencms.ticketbrokerage.site/resources/pics/right_side_bar/fi/instagram.png HTTP/1.1" 200 2709
47.128.48.178 - - [07/Jul/2024:01:26:23 +0200] "GET /ticket2/opencms/system/modules/com.gridnine.opencms.ticketbrokerage.site/resources/pics/bank_1_nordea.png HTTP/1.1" 200 4807
47.128.48.178 - - [07/Jul/2024:01:26:23 +0200] "GET /ticket2/opencms/system/modules/com.gridnine.opencms.ticketbrokerage.site/resources/pics/bank_2_handelsbanken.png HTTP/1.1" 200 4509
47.128.48.178 - - [07/Jul/2024:01:26:23 +0200] "GET /ticket2/opencms/system/modules/com.gridnine.opencms.ticketbrokerage.site/resources/pics/bank_3_swedbank.png HTTP/1.1" 200 5740
47.128.48.178 - - [07/Jul/2024:01:26:23 +0200] "GET /ticket2/opencms/system/modules/com.gridnine.opencms.ticketbrokerage.site/resources/pics/bank_4_seb.png HTTP/1.1" 200 2487
47.128.48.178 - - [07/Jul/2024:01:26:23 +0200] "GET /ticket2/opencms/system/modules/com.gridnine.opencms.ticketbrokerage.site/resources/pics/bank_5_visa_mastercard.png HTTP/1.1" 200 8196
47.128.48.178 - - [07/Jul/2024:01:26:23 +0200] "GET /ticket2/opencms/system/modules/com.gridnine.opencms.ticketbrokerage.site/resources/pics/bank_6_american_express.png HTTP/1.1" 200 5570
47.128.48.178 - - [07/Jul/2024:01:26:24 +0200] "GET /ticket2/opencms/fi/ask-form.html HTTP/1.1" 200 3012
149.202.86.56 - - [07/Jul/2024:01:26:27 +0200] "GET /ticket2/opencms/dk/login/?edid=D54647C8-B205-BD5F-2C2C-2FE17A087C43 HTTP/1.1" 200 74255
185.217.125.68 - - [07/Jul/2024:01:26:40 +0200] "GET /ticket2/opencms/dk/nl/buy/?page=1&edid=5AE328E9-BC28-8356-003B-BE36705920C7&sortorder=asc&column=section HTTP/1.0" 404 -
185.191.171.10 - - [07/Jul/2024:01:26:40 +0200] "GET /ticket2/opencms/no/sport/fotballsbilletter/serie_a/verona/ HTTP/1.1" 200 74339
149.202.86.56 - - [07/Jul/2024:01:26:41 +0200] "GET /ticket2/opencms/dk/login/?edid=D8EA692B-687F-02F3-F633-477D649035B5 HTTP/1.1" 200 74255
47.128.52.217 - - [07/Jul/2024:01:26:46 +0200] "GET /ticket2/opencms/fi/venue/?venueid=03F51804-8CDE-802D-E000-0AE79CB6ED35 HTTP/1.1" 200 73180
47.128.52.217 - - [07/Jul/2024:01:26:47 +0200] "GET /ticket2/opencms/system/modules/com.gridnine.opencms.ticketbrokerage.site/resources/pics/logo-new.png HTTP/1.1" 200 13541
47.128.52.217 - - [07/Jul/2024:01:26:47 +0200] "GET /ticket2/opencms/system/modules/com.gridnine.opencms.ticketbrokerage.site/resources/pics/bank_5_visa_mastercard.png HTTP/1.1" 200 8196
47.128.52.217 - - [07/Jul/2024:01:26:48 +0200] "GET /ticket2/opencms/system/modules/com.gridnine.opencms.ticketbrokerage.site/resources/pics/bank_1_nordea.png HTTP/1.1" 200 4807
47.128.52.217 - - [07/Jul/2024:01:26:48 +0200] "GET /ticket2/opencms/system/modules/com.gridnine.opencms.ticketbrokerage.site/resources/pics/bank_2_handelsbanken.png HTTP/1.1" 200 4509
47.128.52.217 - - [07/Jul/2024:01:26:48 +0200] "GET /ticket2/opencms/system/modules/com.gridnine.opencms.ticketbrokerage.site/resources/pics/bank_4_seb.png HTTP/1.1" 200 2487
47.128.52.217 - - [07/Jul/2024:01:26:48 +0200] "GET /ticket2/opencms/system/modules/com.gridnine.opencms.ticketbrokerage.site/resources/pics/bank_3_swedbank.png HTTP/1.1" 200 5740
47.128.52.217 - - [07/Jul/2024:01:26:48 +0200] "GET /ticket2/opencms/system/modules/com.gridnine.opencms.ticketbrokerage.site/resources/pics/bank_6_american_express.png HTTP/1.1" 200 5570
149.202.86.56 - - [07/Jul/2024:01:26:54 +0200] "GET /ticket2/opencms/dk/login/?edid=DA092D51-9FFC-84BE-97A0-4DF0E8B1E89B HTTP/1.1" 200 74255
52.167.144.137 - - [07/Jul/2024:01:27:04 +0200] "GET /ticket2/opencms/en/buy/?page=6&comcatid=97ECA65A-72DA-F9AF-9DBB-245D3CFED1BE&catid=F7F89B9B-6697-7881-54AE-4C39276BF1B8 HTTP/1.1" 200 76772
216.244.66.238 - - [07/Jul/2024:01:27:05 +0200] "GET /ticket2/opencms/nl/buy/?page=1&edid=ED57BEDE-AC99-0658-577F-2C431201D740 HTTP/1.1" 200 84409
149.202.86.56 - - [07/Jul/2024:01:27:07 +0200] "GET /ticket2/opencms/dk/login/?edid=DE0A9995-56A6-04E8-985B-0AA01BAE89DA HTTP/1.1" 200 74255
47.128.63.118 - - [07/Jul/2024:01:27:09 +0200] "GET /ticket2/opencms/nl/sport/voetbal-tickets/la_liga/athletic-bilbao/ HTTP/1.1" 200 72641
47.128.63.118 - - [07/Jul/2024:01:27:10 +0200] "GET /ticket2/opencms/system/modules/com.gridnine.opencms.ticketbrokerage.site/resources/pics/logo-new.png HTTP/1.1" 200 13541
47.128.63.118 - - [07/Jul/2024:01:27:10 +0200] "GET /ticket2/opencms/system/modules/com.gridnine.opencms.ticketbrokerage.site/resources/pics/banners/sv/la_liga_sv.png HTTP/1.1" 200 13455
47.128.63.118 - - [07/Jul/2024:01:27:11 +0200] "GET /ticket2/opencms/system/modules/com.gridnine.opencms.ticketbrokerage.site/resources/pics/bank_6_american_express.png HTTP/1.1" 200 5570
47.128.63.118 - - [07/Jul/2024:01:27:11 +0200] "GET /ticket2/opencms/system/modules/com.gridnine.opencms.ticketbrokerage.site/resources/pics/bank_1_nordea.png HTTP/1.1" 200 4807
47.128.63.118 - - [07/Jul/2024:01:27:11 +0200] "GET /ticket2/opencms/system/modules/com.gridnine.opencms.ticketbrokerage.site/resources/pics/bank_4_seb.png HTTP/1.1" 200 2487
47.128.63.118 - - [07/Jul/2024:01:27:11 +0200] "GET /ticket2/opencms/system/modules/com.gridnine.opencms.ticketbrokerage.site/resources/pics/bank_2_handelsbanken.png HTTP/1.1" 200 4509
47.128.63.118 - - [07/Jul/2024:01:27:11 +0200] "GET /ticket2/opencms/system/modules/com.gridnine.opencms.ticketbrokerage.site/resources/pics/bank_5_visa_mastercard.png HTTP/1.1" 200 8196
47.128.63.118 - - [07/Jul/2024:01:27:11 +0200] "GET /ticket2/opencms/system/modules/com.gridnine.opencms.ticketbrokerage.site/resources/pics/bank_3_swedbank.png HTTP/1.1" 200 5740
114.119.141.53 - - [07/Jul/2024:01:27:17 +0200] "GET /ticket2/opencms/en/sell/?edid=DEBB69BB-3BAB-F0BE-B5F2-8B7120D1A9CB HTTP/1.1" 302 -
149.202.86.56 - - [07/Jul/2024:01:27:18 +0200] "GET /ticket2/opencms/dk/login/?edid=E3B46C02-527F-BFED-1199-3D6C38556545 HTTP/1.1" 200 74255
114.119.141.53 - - [07/Jul/2024:01:27:21 +0200] "GET /ticket2/opencms/en/login/?url=/en/sell/ HTTP/1.1" 200 73711
185.191.171.8 - - [07/Jul/2024:01:27:23 +0200] "GET /ticket2/opencms/sv/magazine/article?title=om-tottenham-hotspur-stadium HTTP/1.1" 200 82272
149.202.86.56 - - [07/Jul/2024:01:27:29 +0200] "GET /ticket2/opencms/dk/login/?edid=EBF0F3D2-0899-5044-6E4B-7CEB8830B7C7 HTTP/1.1" 200 74255
47.128.55.17 - - [07/Jul/2024:01:27:35 +0200] "GET /ticket2/opencms/de/buy/?catid=A3372871-3019-08B8-80CE-74B78F441ACA&comcatid=A17713B6-D984-201A-4143-ED4DB5ED5C2E HTTP/1.1" 200 83693
185.191.171.11 - - [07/Jul/2024:01:27:37 +0200] "GET /ticket2/opencms/no/sport/ HTTP/1.1" 200 71923
47.128.55.17 - - [07/Jul/2024:01:27:37 +0200] "GET /ticket2/opencms/system/modules/com.gridnine.opencms.ticketbrokerage.site/resources/pics/logo-new.png HTTP/1.1" 200 13541
47.128.55.17 - - [07/Jul/2024:01:27:38 +0200] "GET /ticket2/opencms/system/modules/com.gridnine.opencms.ticketbrokerage.site/resources/pics/bank_3_swedbank.png HTTP/1.1" 200 5740
47.128.55.17 - - [07/Jul/2024:01:27:38 +0200] "GET /ticket2/opencms/system/modules/com.gridnine.opencms.ticketbrokerage.site/resources/pics/bank_4_seb.png HTTP/1.1" 200 2487
47.128.55.17 - - [07/Jul/2024:01:27:39 +0200] "GET /ticket2/opencms/system/modules/com.gridnine.opencms.ticketbrokerage.site/resources/pics/bank_2_handelsbanken.png HTTP/1.1" 200 4509
47.128.55.17 - - [07/Jul/2024:01:27:39 +0200] "GET /ticket2/opencms/system/modules/com.gridnine.opencms.ticketbrokerage.site/resources/pics/bank_5_visa_mastercard.png HTTP/1.1" 200 8196
47.128.55.17 - - [07/Jul/2024:01:27:39 +0200] "GET /ticket2/opencms/system/modules/com.gridnine.opencms.ticketbrokerage.site/resources/pics/bank_1_nordea.png HTTP/1.1" 200 4807
47.128.55.17 - - [07/Jul/2024:01:27:39 +0200] "GET /ticket2/opencms/system/modules/com.gridnine.opencms.ticketbrokerage.site/resources/pics/bank_6_american_express.png HTTP/1.1" 200 5570
149.202.86.56 - - [07/Jul/2024:01:27:40 +0200] "GET /ticket2/opencms/dk/login/?edid=ED58C87A-DACC-536D-405C-4E12BB2B9BDC HTTP/1.1" 200 74255
149.202.86.56 - - [07/Jul/2024:01:27:51 +0200] "GET /ticket2/opencms/dk/login/?edid=F3251279-5CA1-2E3D-DFD8-8321544A1F81 HTTP/1.1" 200 74255
114.119.155.232 - - [07/Jul/2024:01:27:51 +0200] "GET /ticket2/opencms/en/buy/?page=6&comcatid=A17713B6-D984-201A-4143-ED4DB5ED5C2E&catid=5A89E483-58AD-080E-F363-E16CE738916A HTTP/1.1" 200 82495
66.249.79.231 - - [07/Jul/2024:01:27:56 +0200] "GET /ticket2/opencms/no/venue/?venueid=F559DC88-543C-9BE7-D4C6-F477D1C58CD9 HTTP/1.1" 200 72885
47.128.41.225 - - [07/Jul/2024:01:28:00 +0200] "GET /ticket2/opencms/fi/venue/?countryid=4EEBA21C-1425-8784-6DA1-449CA0D3E5D8 HTTP/1.1" 200 102572
149.202.86.56 - - [07/Jul/2024:01:28:01 +0200] "GET /ticket2/opencms/dk/login/?edid=F55FD46B-77AB-3FD2-8E77-5D8B9DF55395 HTTP/1.1" 200 74255
47.128.41.225 - - [07/Jul/2024:01:28:02 +0200] "GET /ticket2/opencms/system/modules/com.gridnine.opencms.ticketbrokerage.site/resources/pics/logo-new.png HTTP/1.1" 200 13541
47.128.41.225 - - [07/Jul/2024:01:28:03 +0200] "GET /ticket2/opencms/system/modules/com.gridnine.opencms.ticketbrokerage.site/resources/pics/bank_1_nordea.png HTTP/1.1" 200 4807
47.128.41.225 - - [07/Jul/2024:01:28:03 +0200] "GET /ticket2/opencms/system/modules/com.gridnine.opencms.ticketbrokerage.site/resources/pics/bank_4_seb.png HTTP/1.1" 200 2487
47.128.41.225 - - [07/Jul/2024:01:28:03 +0200] "GET /ticket2/opencms/system/modules/com.gridnine.opencms.ticketbrokerage.site/resources/pics/bank_5_visa_mastercard.png HTTP/1.1" 200 8196
47.128.41.225 - - [07/Jul/2024:01:28:03 +0200] "GET /ticket2/opencms/system/modules/com.gridnine.opencms.ticketbrokerage.site/resources/pics/bank_2_handelsbanken.png HTTP/1.1" 200 4509
47.128.41.225 - - [07/Jul/2024:01:28:03 +0200] "GET /ticket2/opencms/system/modules/com.gridnine.opencms.ticketbrokerage.site/resources/pics/bank_3_swedbank.png HTTP/1.1" 200 5740
47.128.41.225 - - [07/Jul/2024:01:28:03 +0200] "GET /ticket2/opencms/system/modules/com.gridnine.opencms.ticketbrokerage.site/resources/pics/bank_6_american_express.png HTTP/1.1" 200 5570
149.202.86.56 - - [07/Jul/2024:01:28:11 +0200] "GET /ticket2/opencms/dk/login/?edid=FB730AA6-A470-8EFB-27FE-924D530AC7B8 HTTP/1.1" 200 74255
95.108.213.80 - - [07/Jul/2024:01:28:16 +0200] "GET /ticket2/opencms/sv/sport/fotbollsbiljetter/premier_league/arsenal/?partner=9A493E49-BC2B-5A14-BAAE-3BDF2D8DBB91 HTTP/1.1" 302 -
149.202.86.56 - - [07/Jul/2024:01:28:19 +0200] "GET /ticket2/opencms/dk/login/?edid=FC0C5A3D-89D5-4CCC-0C13-E556ACA3DDE8 HTTP/1.1" 200 74255
47.128.55.142 - - [07/Jul/2024:01:28:23 +0200] "GET /ticket2/opencms/fi/venue/?venueid=05361057-EBBB-11B2-D22F-B07AF39AA1F0 HTTP/1.1" 200 73189
54.36.149.8 - - [07/Jul/2024:01:28:24 +0200] "GET /ticket2/opencms/en/buy/?page=10&eventid=13E1C110-1E7D-C595-FE36-DCFCB7E73161&venueid=37FDBD7B-74BE-8950-65E3-B6CF46D7D303 HTTP/1.1" 200 86199
47.128.55.142 - - [07/Jul/2024:01:28:24 +0200] "GET /ticket2/opencms/system/modules/com.gridnine.opencms.ticketbrokerage.site/resources/pics/logo-new.png HTTP/1.1" 200 13541
47.128.55.142 - - [07/Jul/2024:01:28:24 +0200] "GET /ticket2/opencms/system/modules/com.gridnine.opencms.ticketbrokerage.site/resources/pics/bank_1_nordea.png HTTP/1.1" 200 4807
47.128.55.142 - - [07/Jul/2024:01:28:25 +0200] "GET /ticket2/opencms/system/modules/com.gridnine.opencms.ticketbrokerage.site/resources/pics/bank_4_seb.png HTTP/1.1" 200 2487
47.128.55.142 - - [07/Jul/2024:01:28:25 +0200] "GET /ticket2/opencms/system/modules/com.gridnine.opencms.ticketbrokerage.site/resources/pics/bank_2_handelsbanken.png HTTP/1.1" 200 4509
47.128.55.142 - - [07/Jul/2024:01:28:25 +0200] "GET /ticket2/opencms/system/modules/com.gridnine.opencms.ticketbrokerage.site/resources/pics/bank_3_swedbank.png HTTP/1.1" 200 5740
47.128.55.142 - - [07/Jul/2024:01:28:25 +0200] "GET /ticket2/opencms/system/modules/com.gridnine.opencms.ticketbrokerage.site/resources/pics/bank_5_visa_mastercard.png HTTP/1.1" 200 8196
47.128.55.142 - - [07/Jul/2024:01:28:25 +0200] "GET /ticket2/opencms/system/modules/com.gridnine.opencms.ticketbrokerage.site/resources/pics/bank_6_american_express.png HTTP/1.1" 200 5570
149.202.86.56 - - [07/Jul/2024:01:28:29 +0200] "GET /ticket2/opencms/dk/login/?edid=FC0D5D89-4B43-9EC1-BD89-FA48C772FEDC HTTP/1.1" 200 74255
149.202.86.56 - - [07/Jul/2024:01:28:35 +0200] "GET /ticket2/opencms/en/buy/?page=1&edid=926BFD29-18E3-952E-0BD4-BEAEB20DA20D&sortorder=asc&column=section HTTP/1.1" 200 88814
149.202.86.56 - - [07/Jul/2024:01:28:39 +0200] "GET /ticket2/opencms/en/buy/?page=1&edid=CCDA7D5E-042D-01E6-E2B9-B6DF8173F8EF&sortorder=asc&column=price HTTP/1.1" 200 87889
149.202.86.56 - - [07/Jul/2024:01:28:43 +0200] "GET /ticket2/opencms/en/buy/?page=1&edid=CFA7B791-9078-B078-FFE1-6B59C4CC5805&sortorder=desc&column=row HTTP/1.1" 200 88814
149.202.86.56 - - [07/Jul/2024:01:28:48 +0200] "GET /ticket2/opencms/en/buy/?page=1&edid=CFA7B791-9078-B078-FFE1-6B59C4CC5805&sortorder=desc&column=section HTTP/1.1" 200 88814
85.208.96.206 - - [07/Jul/2024:01:28:50 +0200] "GET /ticket2/opencms/no/sport/fotballsbilletter/la_liga/villareal/ HTTP/1.1" 200 74084
47.128.34.162 - - [07/Jul/2024:01:28:51 +0200] "GET /ticket2/opencms/dk/buy/?edid=678EC144-6017-5CDC-9245-1F7DDAFF75F2 HTTP/1.1" 200 72346
47.128.34.162 - - [07/Jul/2024:01:28:51 +0200] "GET /ticket2/opencms/system/modules/com.gridnine.opencms.ticketbrokerage.site/resources/pics/logo-new.png HTTP/1.1" 200 13541
47.128.34.162 - - [07/Jul/2024:01:28:52 +0200] "GET /ticket2/opencms/system/modules/com.gridnine.opencms.ticketbrokerage.site/resources/pics/bank_3_swedbank.png HTTP/1.1" 200 5740
149.202.86.56 - - [07/Jul/2024:01:28:52 +0200] "GET /ticket2/opencms/en/buy/?page=1&edid=D365270F-785D-2C1A-552E-4C45198D1C5B&sortorder=asc&column=row HTTP/1.1" 200 85507
47.128.34.162 - - [07/Jul/2024:01:28:52 +0200] "GET /ticket2/opencms/system/modules/com.gridnine.opencms.ticketbrokerage.site/resources/pics/bank_1_nordea.png HTTP/1.1" 200 4807
47.128.34.162 - - [07/Jul/2024:01:28:53 +0200] "GET /ticket2/opencms/system/modules/com.gridnine.opencms.ticketbrokerage.site/resources/pics/bank_4_seb.png HTTP/1.1" 200 2487
47.128.34.162 - - [07/Jul/2024:01:28:53 +0200] "GET /ticket2/opencms/system/modules/com.gridnine.opencms.ticketbrokerage.site/resources/pics/bank_5_visa_mastercard.png HTTP/1.1" 200 8196
47.128.34.162 - - [07/Jul/2024:01:28:53 +0200] "GET /ticket2/opencms/system/modules/com.gridnine.opencms.ticketbrokerage.site/resources/pics/bank_6_american_express.png HTTP/1.1" 200 5570
47.128.34.162 - - [07/Jul/2024:01:28:53 +0200] "GET /ticket2/opencms/system/modules/com.gridnine.opencms.ticketbrokerage.site/resources/pics/bank_2_handelsbanken.png HTTP/1.1" 200 4509
149.202.86.56 - - [07/Jul/2024:01:28:56 +0200] "GET /ticket2/opencms/en/buy/?page=1&edid=E250529A-1DDD-AE95-4941-50FB7D17DDA1&sortorder=asc&column=section HTTP/1.1" 200 88114
66.249.76.160 - - [07/Jul/2024:01:28:56 +0200] "GET /ticket2/opencms/no/buy?page=1&edid=F70FF3E6-2D68-06C1-2E1B-CFF8AEEA395A HTTP/1.1" 200 101508
66.249.76.1 - - [07/Jul/2024:01:28:57 +0200] "GET /ticket2/opencms/sv/sport/fotbollsbiljetter/premier_league/chelsea/ HTTP/1.1" 200 87286
149.202.86.56 - - [07/Jul/2024:01:29:00 +0200] "GET /ticket2/opencms/en/buy/?page=1&edid=E2BDA610-8226-5686-55EA-5BC353F98FE1&sortorder=asc&column=price HTTP/1.1" 200 85501
149.202.86.56 - - [07/Jul/2024:01:29:04 +0200] "GET /ticket2/opencms/en/buy/?page=1&edid=E2BDA610-8226-5686-55EA-5BC353F98FE1&sortorder=asc&column=row HTTP/1.1" 200 85501
149.202.86.56 - - [07/Jul/2024:01:29:08 +0200] "GET /ticket2/opencms/en/buy/?page=1&edid=E2BDA610-8226-5686-55EA-5BC353F98FE1&sortorder=asc&column=section HTTP/1.1" 200 85501
149.202.86.56 - - [07/Jul/2024:01:29:12 +0200] "GET /ticket2/opencms/en/buy/?page=1&edid=E32CB158-4010-F4CB-7CEA-BC61CA678038&sortorder=asc&column=row HTTP/1.1" 200 88316
149.202.86.56 - - [07/Jul/2024:01:29:15 +0200] "GET /ticket2/opencms/en/buy/?page=1&edid=E3E4D411-7B1C-2989-5DA3-2E53F85811AA&sortorder=asc&column=price HTTP/1.1" 200 88114
114.119.135.169 - - [07/Jul/2024:01:29:18 +0200] "GET /ticket2/opencms/en/sell/?edid=DCF54FA8-19CD-CA17-1D1B-578519A18647 HTTP/1.1" 302 -
149.202.86.56 - - [07/Jul/2024:01:29:19 +0200] "GET /ticket2/opencms/en/buy/?page=1&edid=E469B9C9-243B-1B75-04D1-50A5987FFFC3&sortorder=desc&column=price HTTP/1.1" 200 88809
149.202.86.56 - - [07/Jul/2024:01:29:22 +0200] "GET /ticket2/opencms/en/buy/?page=1&edid=E4CDE56A-63B5-1BDC-27AA-9FAB868BC5A1 HTTP/1.1" 200 86972
114.119.135.169 - - [07/Jul/2024:01:29:23 +0200] "GET /ticket2/opencms/en/login/?url=/en/sell/ HTTP/1.1" 200 73711
149.202.86.56 - - [07/Jul/2024:01:29:26 +0200] "GET /ticket2/opencms/en/buy/?page=1&edid=E9273ADB-397B-8C66-EF24-3A92BD3295EC&sortorder=asc&column=row HTTP/1.1" 200 88608
114.119.136.120 - - [07/Jul/2024:01:29:30 +0200] "GET /ticket2/opencms/en/venue/?venueid=18FB7AFC-7A38-5857-B215-E761F79A5CBE HTTP/1.1" 200 71637
149.202.86.56 - - [07/Jul/2024:01:29:32 +0200] "GET /ticket2/opencms/en/buy/?page=1&edid=E9B8E3DF-D984-9A04-D264-9559A2E7A839&sortorder=desc&column=price HTTP/1.1" 200 87007
149.202.86.56 - - [07/Jul/2024:01:29:35 +0200] "GET /ticket2/opencms/en/buy/?page=1&edid=E9E2594D-B469-C9DF-4A89-8D0A7C0E1ED3 HTTP/1.1" 200 88279
149.202.86.56 - - [07/Jul/2024:01:29:39 +0200] "GET /ticket2/opencms/en/buy/?page=1&edid=E9E2594D-B469-C9DF-4A89-8D0A7C0E1ED3&sortorder=desc&column=row HTTP/1.1" 200 88314
54.36.148.245 - - [07/Jul/2024:01:29:41 +0200] "GET /ticket2/opencms/sv/buy?page=1&edid=A492339E-0658-D77B-570A-6146F24F8C0A HTTP/1.1" 200 97327
40.77.167.63 - - [07/Jul/2024:01:29:42 +0200] "GET /ticket2/opencms/en/venue/?countryid=947940C4-79F7-1AE9-A4BA-06096E0B9585 HTTP/1.1" 200 101010
149.202.86.56 - - [07/Jul/2024:01:29:43 +0200] "GET /ticket2/opencms/en/buy/?page=1&edid=E9E2594D-B469-C9DF-4A89-8D0A7C0E1ED3&sortorder=desc&column=section HTTP/1.1" 200 88314
149.202.86.56 - - [07/Jul/2024:01:29:46 +0200] "GET /ticket2/opencms/en/buy/?page=1&edid=EA1E6ECE-423D-F005-AB70-0EA4DE8B6848&sortorder=asc&column=price HTTP/1.1" 200 88812
114.119.136.66 - - [07/Jul/2024:01:29:50 +0200] "GET /ticket2/opencms/en/buy/?page=6&comcatid=A17713B6-D984-201A-4143-ED4DB5ED5C2E&catid=06324577-7173-BAB0-146D-E644C912F7C1&eventid=35A0C9BF-EC06-DE5F-22DE-E131A0832C91 HTTP/1.1" 200 82503
149.202.86.56 - - [07/Jul/2024:01:29:51 +0200] "GET /ticket2/opencms/en/buy/?page=1&edid=EA1E6ECE-423D-F005-AB70-0EA4DE8B6848&sortorder=asc&column=section HTTP/1.1" 200 88812
149.202.86.56 - - [07/Jul/2024:01:29:54 +0200] "GET /ticket2/opencms/en/buy/?page=1&edid=EA6B7FBB-FA78-046C-4294-B3C3C2130B5E&sortorder=asc&column=price HTTP/1.1" 200 88314
37.123.143.245 - - [07/Jul/2024:01:29:56 +0200] "GET /ticket2/opencms/system/workplace/views/top_foot.jsp?wpFrame=foot HTTP/1.1" 200 1210
37.123.143.245 - - [07/Jul/2024:01:29:56 +0200] "GET /ticket2/opencms/system/workplace/commons/style/workplace.css HTTP/1.1" 200 14209
149.202.86.56 - - [07/Jul/2024:01:29:58 +0200] "GET /ticket2/opencms/en/buy/?page=1&edid=EA6B7FBB-FA78-046C-4294-B3C3C2130B5E&sortorder=asc&column=row HTTP/1.1" 200 88314
47.128.111.137 - - [07/Jul/2024:01:29:59 +0200] "GET /ticket2/opencms/fi/venue/?countryid=656DB01E-8560-3560-F23F-27BC90E7C03C HTTP/1.1" 200 102572
47.128.111.137 - - [07/Jul/2024:01:30:01 +0200] "GET /ticket2/opencms/system/modules/com.gridnine.opencms.ticketbrokerage.site/resources/pics/logo-new.png HTTP/1.1" 200 13541
47.128.111.137 - - [07/Jul/2024:01:30:01 +0200] "GET /ticket2/opencms/system/modules/com.gridnine.opencms.ticketbrokerage.site/resources/pics/bank_1_nordea.png HTTP/1.1" 200 4807
47.128.111.137 - - [07/Jul/2024:01:30:02 +0200] "GET /ticket2/opencms/system/modules/com.gridnine.opencms.ticketbrokerage.site/resources/pics/bank_6_american_express.png HTTP/1.1" 200 5570
47.128.111.137 - - [07/Jul/2024:01:30:02 +0200] "GET /ticket2/opencms/system/modules/com.gridnine.opencms.ticketbrokerage.site/resources/pics/bank_4_seb.png HTTP/1.1" 200 2487
47.128.111.137 - - [07/Jul/2024:01:30:02 +0200] "GET /ticket2/opencms/system/modules/com.gridnine.opencms.ticketbrokerage.site/resources/pics/bank_2_handelsbanken.png HTTP/1.1" 200 4509
47.128.111.137 - - [07/Jul/2024:01:30:02 +0200] "GET /ticket2/opencms/system/modules/com.gridnine.opencms.ticketbrokerage.site/resources/pics/bank_5_visa_mastercard.png HTTP/1.1" 200 8196
47.128.111.137 - - [07/Jul/2024:01:30:02 +0200] "GET /ticket2/opencms/system/modules/com.gridnine.opencms.ticketbrokerage.site/resources/pics/bank_3_swedbank.png HTTP/1.1" 200 5740
149.202.86.56 - - [07/Jul/2024:01:30:02 +0200] "GET /ticket2/opencms/en/buy/?page=1&edid=EA6B7FBB-FA78-046C-4294-B3C3C2130B5E&sortorder=asc&column=section HTTP/1.1" 200 88314
185.217.125.68 - - [07/Jul/2024:01:30:03 +0200] "GET /ticket2/opencms/dk/nl/buy/?page=1&edid=5B929FF8-01EF-8AE8-C797-B6F340B4040A&sortorder=asc&column=row HTTP/1.1" 404 -
149.202.86.56 - - [07/Jul/2024:01:30:05 +0200] "GET /ticket2/opencms/en/buy/?page=1&edid=EA6B7FBB-FA78-046C-4294-B3C3C2130B5E&sortorder=desc&column=price HTTP/1.1" 200 88313
149.202.86.56 - - [07/Jul/2024:01:30:09 +0200] "GET /ticket2/opencms/en/buy/?page=1&edid=EA6B7FBB-FA78-046C-4294-B3C3C2130B5E&sortorder=desc&column=section HTTP/1.1" 200 88313
149.202.86.56 - - [07/Jul/2024:01:30:15 +0200] "GET /ticket2/opencms/en/buy/?page=1&edid=EB16CA43-9613-F03C-652F-C6E29207D6EB&sortorder=asc&column=price HTTP/1.1" 200 88339
149.202.86.56 - - [07/Jul/2024:01:30:18 +0200] "GET /ticket2/opencms/en/buy/?page=1&edid=EB16CA43-9613-F03C-652F-C6E29207D6EB&sortorder=asc&column=row HTTP/1.1" 200 88339
85.208.96.208 - - [07/Jul/2024:01:30:19 +0200] "GET /ticket2/opencms/robots.txt HTTP/1.1" 200 773
185.191.171.12 - - [07/Jul/2024:01:30:19 +0200] "GET /ticket2/opencms/de/sport/fussball-tickets/ligue_1/paris_saint_germain/ HTTP/1.1" 200 76576
149.202.86.56 - - [07/Jul/2024:01:30:22 +0200] "GET /ticket2/opencms/en/buy/?page=1&edid=ED2A68D6-7E95-4C65-943E-3E074BF2268A&sortorder=asc&column=section HTTP/1.1" 200 85515
149.202.86.56 - - [07/Jul/2024:01:30:28 +0200] "GET /ticket2/opencms/en/buy/?page=1&edid=ED327E33-FE74-1FCE-5E3B-538993D6B5E2&sortorder=asc&column=price HTTP/1.1" 200 87716
149.202.86.56 - - [07/Jul/2024:01:30:31 +0200] "GET /ticket2/opencms/en/buy/?page=1&edid=ED327E33-FE74-1FCE-5E3B-538993D6B5E2&sortorder=asc&column=row HTTP/1.1" 200 87716
149.202.86.56 - - [07/Jul/2024:01:30:35 +0200] "GET /ticket2/opencms/en/buy/?page=1&edid=ED327E33-FE74-1FCE-5E3B-538993D6B5E2&sortorder=asc&column=section HTTP/1.1" 200 87716
149.202.86.56 - - [07/Jul/2024:01:30:39 +0200] "GET /ticket2/opencms/en/buy/?page=1&edid=ED327E33-FE74-1FCE-5E3B-538993D6B5E2&sortorder=desc&column=price HTTP/1.1" 200 87715
149.202.86.56 - - [07/Jul/2024:01:30:41 +0200] "GET /ticket2/opencms/en/buy/?page=1&edid=ED327E33-FE74-1FCE-5E3B-538993D6B5E2&sortorder=desc&column=row HTTP/1.1" 200 87715
216.245.221.83 - - [07/Jul/2024:01:30:44 +0200] "HEAD /ticket2/opencms/ HTTP/1.1" 302 -
149.202.86.56 - - [07/Jul/2024:01:30:45 +0200] "GET /ticket2/opencms/en/buy/?page=1&edid=ED327E33-FE74-1FCE-5E3B-538993D6B5E2&sortorder=desc&column=section HTTP/1.1" 200 87715
216.245.221.83 - - [07/Jul/2024:01:30:48 +0200] "HEAD /ticket2/opencms/ HTTP/1.1" 302 -
216.245.221.83 - - [07/Jul/2024:01:30:48 +0200] "HEAD /ticket2/opencms/en/ HTTP/1.1" 200 -
216.245.221.83 - - [07/Jul/2024:01:30:48 +0200] "HEAD /ticket2/opencms/en/ HTTP/1.1" 200 -
149.202.86.56 - - [07/Jul/2024:01:30:48 +0200] "GET /ticket2/opencms/en/buy/?page=1&edid=EDC99971-1287-8E39-A087-C285465A4368&sortorder=asc&column=price HTTP/1.1" 200 85515
47.128.96.99 - - [07/Jul/2024:01:30:52 +0200] "GET /ticket2/opencms/fr/magazine/article?title=ligue-des-champions-billets-sur-ticket2 HTTP/1.1" 200 80925
47.128.96.99 - - [07/Jul/2024:01:30:52 +0200] "GET /ticket2/opencms/system/modules/com.gridnine.opencms.ticketbrokerage.site/resources/pics/logo-new.png HTTP/1.1" 200 13541
47.128.96.99 - - [07/Jul/2024:01:30:53 +0200] "GET /ticket2/opencms/system/modules/com.gridnine.opencms.ticketbrokerage.site/resources/pics/bank_2_handelsbanken.png HTTP/1.1" 200 4509
47.128.96.99 - - [07/Jul/2024:01:30:53 +0200] "GET /ticket2/opencms/system/modules/com.gridnine.opencms.ticketbrokerage.site/resources/pics/bank_4_seb.png HTTP/1.1" 200 2487
149.202.86.56 - - [07/Jul/2024:01:30:53 +0200] "GET /ticket2/opencms/en/buy/?page=1&edid=EDC99971-1287-8E39-A087-C285465A4368&sortorder=asc&column=row HTTP/1.1" 200 85515
47.128.96.99 - - [07/Jul/2024:01:30:53 +0200] "GET /ticket2/opencms/system/modules/com.gridnine.opencms.ticketbrokerage.site/resources/pics/bank_3_swedbank.png HTTP/1.1" 200 5740
47.128.96.99 - - [07/Jul/2024:01:30:53 +0200] "GET /ticket2/opencms/system/modules/com.gridnine.opencms.ticketbrokerage.site/resources/pics/bank_1_nordea.png HTTP/1.1" 200 4807
47.128.96.99 - - [07/Jul/2024:01:30:54 +0200] "GET /ticket2/opencms/system/modules/com.gridnine.opencms.ticketbrokerage.site/resources/pics/bank_5_visa_mastercard.png HTTP/1.1" 200 8196
47.128.96.99 - - [07/Jul/2024:01:30:54 +0200] "GET /ticket2/opencms/system/modules/com.gridnine.opencms.ticketbrokerage.site/resources/pics/bank_6_american_express.png HTTP/1.1" 200 5570
149.202.86.56 - - [07/Jul/2024:01:30:56 +0200] "GET /ticket2/opencms/en/buy/?page=1&edid=EDC99971-1287-8E39-A087-C285465A4368&sortorder=desc&column=price HTTP/1.1" 200 85514
54.36.149.47 - - [07/Jul/2024:01:31:00 +0200] "GET /ticket2/opencms/sv/sport/fotbollsbiljetter/english-championship/fulham/ HTTP/1.1" 200 85535
149.202.86.56 - - [07/Jul/2024:01:31:01 +0200] "GET /ticket2/opencms/en/buy/?page=1&edid=EDC99971-1287-8E39-A087-C285465A4368&sortorder=desc&column=row HTTP/1.1" 200 85514
149.202.86.56 - - [07/Jul/2024:01:31:04 +0200] "GET /ticket2/opencms/en/buy/?page=1&edid=EE72AC60-CA9C-96B1-E30F-3118332B8F09&sortorder=asc&column=price HTTP/1.1" 200 87685
47.128.121.63 - - [07/Jul/2024:01:31:06 +0200] "GET /ticket2/opencms/sv/buy/?edid=2D66E153-7DA0-9C9B-3BBB-E00F30BBA98C HTTP/1.1" 200 72682
47.128.121.63 - - [07/Jul/2024:01:31:07 +0200] "GET /ticket2/opencms/system/modules/com.gridnine.opencms.ticketbrokerage.site/resources/pics/logo-new.png HTTP/1.1" 200 13541
47.128.121.63 - - [07/Jul/2024:01:31:07 +0200] "GET /ticket2/opencms/system/modules/com.gridnine.opencms.ticketbrokerage.site/resources/pics/bank_3_swedbank.png HTTP/1.1" 200 5740
47.128.121.63 - - [07/Jul/2024:01:31:08 +0200] "GET /ticket2/opencms/system/modules/com.gridnine.opencms.ticketbrokerage.site/resources/pics/bank_4_seb.png HTTP/1.1" 200 2487
47.128.121.63 - - [07/Jul/2024:01:31:08 +0200] "GET /ticket2/opencms/system/modules/com.gridnine.opencms.ticketbrokerage.site/resources/pics/bank_1_nordea.png HTTP/1.1" 200 4807
47.128.121.63 - - [07/Jul/2024:01:31:08 +0200] "GET /ticket2/opencms/system/modules/com.gridnine.opencms.ticketbrokerage.site/resources/pics/bank_5_visa_mastercard.png HTTP/1.1" 200 8196
47.128.121.63 - - [07/Jul/2024:01:31:08 +0200] "GET /ticket2/opencms/system/modules/com.gridnine.opencms.ticketbrokerage.site/resources/pics/bank_6_american_express.png HTTP/1.1" 200 5570
47.128.121.63 - - [07/Jul/2024:01:31:08 +0200] "GET /ticket2/opencms/system/modules/com.gridnine.opencms.ticketbrokerage.site/resources/pics/bank_2_handelsbanken.png HTTP/1.1" 200 4509
157.55.39.204 - - [07/Jul/2024:01:31:20 +0200] "GET /ticket2/opencms/en/sell/?edid=BC14E0DD-4105-77CA-40F8-E89B6DF65876 HTTP/1.1" 302 -
157.55.39.204 - - [07/Jul/2024:01:31:24 +0200] "GET /ticket2/opencms/en/login/?url=/en/sell/ HTTP/1.1" 200 73711
185.191.171.4 - - [07/Jul/2024:01:31:38 +0200] "GET /ticket2/opencms/fi/urheilu/jalkapallo/premier_league/wolverhampton/ HTTP/1.1" 200 85521
85.208.96.210 - - [07/Jul/2024:01:31:40 +0200] "GET /ticket2/opencms/robots.txt HTTP/1.1" 200 773
114.119.153.114 - - [07/Jul/2024:01:31:40 +0200] "GET /ticket2/opencms/en/buy/?page=1&edid=51B2CB32-7951-739E-6893-05415B594B46 HTTP/1.1" 200 88743
85.208.96.211 - - [07/Jul/2024:01:31:40 +0200] "GET /ticket2/opencms/fi/urheilu/jalkapallo/premier_league/sheffield/ HTTP/1.1" 200 74845
198.235.24.172 - - [07/Jul/2024:01:31:41 +0200] "GET /ticket2/opencms/ HTTP/1.1" 500 -
47.128.26.68 - - [07/Jul/2024:01:31:45 +0200] "GET /ticket2/opencms/no/sport/fotballsbilletter/bundesliga/bayern-munchen/ HTTP/1.1" 200 74148
47.128.26.68 - - [07/Jul/2024:01:31:46 +0200] "GET /ticket2/opencms/system/modules/com.gridnine.opencms.ticketbrokerage.site/resources/pics/logo-new.png HTTP/1.1" 200 13541
47.128.26.68 - - [07/Jul/2024:01:31:47 +0200] "GET /ticket2/opencms/system/modules/com.gridnine.opencms.ticketbrokerage.site/resources/pics/banners/sv/FC_Bayern_Muenchen.jpg HTTP/1.1" 200 38121
47.128.26.68 - - [07/Jul/2024:01:31:47 +0200] "GET /ticket2/opencms/system/modules/com.gridnine.opencms.ticketbrokerage.site/resources/pics/bank_1_nordea.png HTTP/1.1" 200 4807
47.128.26.68 - - [07/Jul/2024:01:31:47 +0200] "GET /ticket2/opencms/system/modules/com.gridnine.opencms.ticketbrokerage.site/resources/pics/bank_3_swedbank.png HTTP/1.1" 200 5740
47.128.26.68 - - [07/Jul/2024:01:31:47 +0200] "GET /ticket2/opencms/system/modules/com.gridnine.opencms.ticketbrokerage.site/resources/pics/bank_4_seb.png HTTP/1.1" 200 2487
47.128.26.68 - - [07/Jul/2024:01:31:47 +0200] "GET /ticket2/opencms/system/modules/com.gridnine.opencms.ticketbrokerage.site/resources/pics/bank_5_visa_mastercard.png HTTP/1.1" 200 8196
47.128.26.68 - - [07/Jul/2024:01:31:47 +0200] "GET /ticket2/opencms/system/modules/com.gridnine.opencms.ticketbrokerage.site/resources/pics/bank_2_handelsbanken.png HTTP/1.1" 200 4509
47.128.26.68 - - [07/Jul/2024:01:31:48 +0200] "GET /ticket2/opencms/system/modules/com.gridnine.opencms.ticketbrokerage.site/resources/pics/bank_6_american_express.png HTTP/1.1" 200 5570
114.119.153.220 - - [07/Jul/2024:01:32:20 +0200] "GET /ticket2/opencms/en/sell/?edid=DEACFAB8-52B7-0ED7-C8A1-CE3BDA23BC3C HTTP/1.1" 302 -
114.119.153.220 - - [07/Jul/2024:01:32:25 +0200] "GET /ticket2/opencms/en/login/?url=/en/sell/ HTTP/1.1" 200 73711
85.208.96.193 - - [07/Jul/2024:01:32:30 +0200] "GET /ticket2/opencms/robots.txt HTTP/1.1" 200 773
54.36.148.158 - - [07/Jul/2024:01:32:30 +0200] "GET /ticket2/opencms/de/buy?page=1&edid=5C3AFB2F-2529-59CA-3E55-76B2E3B91E86 HTTP/1.1" 200 104629
85.208.96.202 - - [07/Jul/2024:01:32:30 +0200] "GET /ticket2/opencms/sv/sport/fotbollsbiljetter/serie_a/monza/ HTTP/1.1" 200 73657
185.217.125.68 - - [07/Jul/2024:01:32:31 +0200] "GET /ticket2/opencms/dk/nl/buy/?page=1&edid=5B929FF8-01EF-8AE8-C797-B6F340B4040A&sortorder=desc&column=section HTTP/1.1" 404 -
47.128.26.232 - - [07/Jul/2024:01:32:37 +0200] "GET /ticket2/opencms/sv/magazine/article?title=villa-park-med-en-kapacitet-pa-over-42000-askadare HTTP/1.1" 200 77488
47.128.26.232 - - [07/Jul/2024:01:32:37 +0200] "GET /ticket2/opencms/system/modules/com.gridnine.opencms.ticketbrokerage.site/resources/pics/logo-new.png HTTP/1.1" 200 13541
47.128.26.232 - - [07/Jul/2024:01:32:38 +0200] "GET /ticket2/opencms/system/modules/com.gridnine.opencms.ticketbrokerage.site/resources/pics/bank_5_visa_mastercard.png HTTP/1.1" 200 8196
47.128.26.232 - - [07/Jul/2024:01:32:38 +0200] "GET /ticket2/opencms/system/modules/com.gridnine.opencms.ticketbrokerage.site/resources/pics/bank_1_nordea.png HTTP/1.1" 200 4807
47.128.26.232 - - [07/Jul/2024:01:32:38 +0200] "GET /ticket2/opencms/system/modules/com.gridnine.opencms.ticketbrokerage.site/resources/pics/bank_2_handelsbanken.png HTTP/1.1" 200 4509
47.128.26.232 - - [07/Jul/2024:01:32:39 +0200] "GET /ticket2/opencms/system/modules/com.gridnine.opencms.ticketbrokerage.site/resources/pics/bank_3_swedbank.png HTTP/1.1" 200 5740
47.128.26.232 - - [07/Jul/2024:01:32:39 +0200] "GET /ticket2/opencms/system/modules/com.gridnine.opencms.ticketbrokerage.site/resources/pics/bank_4_seb.png HTTP/1.1" 200 2487
47.128.26.232 - - [07/Jul/2024:01:32:39 +0200] "GET /ticket2/opencms/system/modules/com.gridnine.opencms.ticketbrokerage.site/resources/pics/bank_6_american_express.png HTTP/1.1" 200 5570
47.128.115.196 - - [07/Jul/2024:01:33:24 +0200] "GET /ticket2/opencms/dk/buy/?edid=D3B1181A-0A20-1DFD-9F8D-0AB7F8C5799A HTTP/1.1" 200 72346
47.128.115.196 - - [07/Jul/2024:01:33:25 +0200] "GET /ticket2/opencms/system/modules/com.gridnine.opencms.ticketbrokerage.site/resources/pics/logo-new.png HTTP/1.1" 200 13541
47.128.115.196 - - [07/Jul/2024:01:33:26 +0200] "GET /ticket2/opencms/system/modules/com.gridnine.opencms.ticketbrokerage.site/resources/pics/bank_1_nordea.png HTTP/1.1" 200 4807
47.128.115.196 - - [07/Jul/2024:01:33:26 +0200] "GET /ticket2/opencms/system/modules/com.gridnine.opencms.ticketbrokerage.site/resources/pics/bank_2_handelsbanken.png HTTP/1.1" 200 4509
47.128.115.196 - - [07/Jul/2024:01:33:26 +0200] "GET /ticket2/opencms/system/modules/com.gridnine.opencms.ticketbrokerage.site/resources/pics/bank_5_visa_mastercard.png HTTP/1.1" 200 8196
47.128.115.196 - - [07/Jul/2024:01:33:26 +0200] "GET /ticket2/opencms/system/modules/com.gridnine.opencms.ticketbrokerage.site/resources/pics/bank_4_seb.png HTTP/1.1" 200 2487
47.128.115.196 - - [07/Jul/2024:01:33:26 +0200] "GET /ticket2/opencms/system/modules/com.gridnine.opencms.ticketbrokerage.site/resources/pics/bank_3_swedbank.png HTTP/1.1" 200 5740
47.128.115.196 - - [07/Jul/2024:01:33:26 +0200] "GET /ticket2/opencms/system/modules/com.gridnine.opencms.ticketbrokerage.site/resources/pics/bank_6_american_express.png HTTP/1.1" 200 5570
114.119.136.155 - - [07/Jul/2024:01:33:36 +0200] "GET /ticket2/opencms/en/buy/?page=1&edid=A482738B-4248-0F52-EE76-07E0DD9B1748 HTTP/1.1" 200 87024
78.67.202.134 - - [07/Jul/2024:01:33:58 +0200] "GET /ticket2/opencms/set_aff_cookie.jsp?partner=53673ED6-1455-FA54-818F-B1F67121E37C&url=/sv/buy/index.html%3Fpage%3D1%26edid%3D848957BE-8671-4A4D-3A5C-F9117B76047A%26hlv%3D666dbba4-ce7c-4fdb-bc5f-4e550a01000f%23v1494675786 HTTP/1.1" 200 225
78.67.202.134 - - [07/Jul/2024:01:33:58 +0200] "GET /ticket2/opencms/sv/buy/?page=1&edid=848957BE-8671-4A4D-3A5C-F9117B76047A&hlv=666dbba4-ce7c-4fdb-bc5f-4e550a01000f HTTP/1.1" 200 111708
78.67.202.134 - - [07/Jul/2024:01:33:58 +0200] "GET /ticket2/opencms/system/modules/com.gridnine.opencms.ticketbrokerage.site/resources/css/ticketbrokerage.css HTTP/1.1" 200 39339
78.67.202.134 - - [07/Jul/2024:01:33:58 +0200] "GET /ticket2/opencms/system/modules/com.gridnine.opencms.ticketbrokerage.site/resources/css/calendar.css HTTP/1.1" 200 6871
78.67.202.134 - - [07/Jul/2024:01:33:58 +0200] "GET /ticket2/opencms/system/modules/com.gridnine.opencms.ticketbrokerage.site/resources/css/jquery-ui.css HTTP/1.1" 200 33221
78.67.202.134 - - [07/Jul/2024:01:33:58 +0200] "GET /ticket2/opencms/system/modules/com.gridnine.opencms.ticketbrokerage.site/resources/css/jquery.fancybox.css HTTP/1.1" 200 4939
78.67.202.134 - - [07/Jul/2024:01:33:58 +0200] "GET /ticket2/opencms/system/modules/com.gridnine.opencms.ticketbrokerage.site/resources/css/standard.css HTTP/1.1" 200 71935
78.67.202.134 - - [07/Jul/2024:01:33:58 +0200] "GET /ticket2/opencms/system/modules/com.gridnine.opencms.ticketbrokerage.site/resources/js/jquery/jquery.js HTTP/1.1" 200 93868
78.67.202.134 - - [07/Jul/2024:01:33:58 +0200] "GET /ticket2/opencms/system/modules/com.gridnine.opencms.ticketbrokerage.site/resources/js/jquery/jquery-ui.js HTTP/1.1" 200 228088
78.67.202.134 - - [07/Jul/2024:01:33:58 +0200] "GET /ticket2/opencms/system/modules/com.gridnine.opencms.ticketbrokerage.site/resources/js/functions.js HTTP/1.1" 200 1583
78.67.202.134 - - [07/Jul/2024:01:33:58 +0200] "GET /ticket2/opencms/system/modules/com.gridnine.opencms.ticketbrokerage.site/resources/js/calendar.js HTTP/1.1" 200 49229
78.67.202.134 - - [07/Jul/2024:01:33:58 +0200] "GET /ticket2/opencms/system/modules/com.gridnine.opencms.ticketbrokerage.site/resources/js/calendar-en.js HTTP/1.1" 200 3338
78.67.202.134 - - [07/Jul/2024:01:33:59 +0200] "GET /ticket2/opencms/system/modules/com.gridnine.opencms.ticketbrokerage.site/resources/js/calendar-setup.js HTTP/1.1" 200 4923
78.67.202.134 - - [07/Jul/2024:01:33:59 +0200] "GET /ticket2/opencms/system/modules/com.gridnine.opencms.ticketbrokerage.site/resources/js/jquery.fancybox.pack.js HTTP/1.1" 200 23187
78.67.202.134 - - [07/Jul/2024:01:33:59 +0200] "GET /ticket2/opencms/system/modules/com.gridnine.opencms.ticketbrokerage.site/resources/js/stickyfill.min.js HTTP/1.1" 200 5672
78.67.202.134 - - [07/Jul/2024:01:33:59 +0200] "GET /ticket2/opencms/img/icons/no.png HTTP/1.1" 200 1958
78.67.202.134 - - [07/Jul/2024:01:33:59 +0200] "GET /ticket2/opencms/img/icons/se.png HTTP/1.1" 200 1258
78.67.202.134 - - [07/Jul/2024:01:33:59 +0200] "GET /ticket2/opencms/img/icons/dk.png HTTP/1.1" 200 1706
78.67.202.134 - - [07/Jul/2024:01:33:59 +0200] "GET /ticket2/opencms/img/icons/fi.png HTTP/1.1" 200 1785
78.67.202.134 - - [07/Jul/2024:01:33:59 +0200] "GET /ticket2/opencms/system/modules/com.gridnine.opencms.ticketbrokerage.site/resources/js/standard.js HTTP/1.1" 200 3978
78.67.202.134 - - [07/Jul/2024:01:33:59 +0200] "GET /ticket2/opencms/img/icons/nl.png HTTP/1.1" 200 1255
78.67.202.134 - - [07/Jul/2024:01:34:05 +0200] "GET /ticket2/opencms/system/modules/com.gridnine.opencms.ticketbrokerage.site/resources/pics/two_man.png HTTP/1.1" 200 3407
78.67.202.134 - - [07/Jul/2024:01:34:05 +0200] "GET /ticket2/opencms/venue/goodison_park.png HTTP/1.1" 200 179209
78.67.202.134 - - [07/Jul/2024:01:34:05 +0200] "GET /ticket2/opencms/sv/ask-form.html HTTP/1.1" 200 2950
78.67.202.134 - - [07/Jul/2024:01:34:05 +0200] "GET /ticket2/opencms/img/mail.png HTTP/1.1" 200 403
78.67.202.134 - - [07/Jul/2024:01:34:05 +0200] "GET /ticket2/opencms/img/fb.png HTTP/1.1" 200 1269
78.67.202.134 - - [07/Jul/2024:01:34:05 +0200] "GET /ticket2/opencms/system/modules/com.gridnine.opencms.ticketbrokerage.site/resources/pics/ticket_info_button.png HTTP/1.1" 200 3820
78.67.202.134 - - [07/Jul/2024:01:34:05 +0200] "GET /ticket2/opencms/img/check.png HTTP/1.1" 200 548
78.67.202.134 - - [07/Jul/2024:01:34:05 +0200] "GET /ticket2/opencms/img/chat.png HTTP/1.1" 200 416
78.67.202.134 - - [07/Jul/2024:01:34:05 +0200] "GET /ticket2/opencms/system/modules/com.gridnine.opencms.ticketbrokerage.site/resources/pics/0.gif HTTP/1.1" 200 43
78.67.202.134 - - [07/Jul/2024:01:34:05 +0200] "GET /ticket2/opencms/system/modules/com.gridnine.opencms.ticketbrokerage.site/resources/css/ticketbrokerage.css HTTP/1.1" 200 39339
78.67.202.134 - - [07/Jul/2024:01:34:05 +0200] "GET /ticket2/opencms/img/arrow.png HTTP/1.1" 200 753
78.67.202.134 - - [07/Jul/2024:01:34:05 +0200] "GET /ticket2/opencms/img/icons/globe-white.png HTTP/1.1" 200 947
78.67.202.134 - - [07/Jul/2024:01:34:05 +0200] "GET /ticket2/opencms/system/modules/com.gridnine.opencms.ticketbrokerage.site/resources/js/jquery.placeholder.min.js HTTP/1.1" 200 1737
78.67.202.134 - - [07/Jul/2024:01:34:05 +0200] "GET /ticket2/opencms/system/modules/com.gridnine.opencms.ticketbrokerage.site/resources/js/common-ajax.js HTTP/1.1" 200 20175
78.67.202.134 - - [07/Jul/2024:01:34:05 +0200] "GET /ticket2/opencms/system/modules/com.gridnine.opencms.ticketbrokerage.site/resources/pics/logo-new.png HTTP/1.1" 200 13541
78.67.202.134 - - [07/Jul/2024:01:34:05 +0200] "GET /ticket2/opencms/img/insta.png HTTP/1.1" 200 3967
78.67.202.134 - - [07/Jul/2024:01:34:05 +0200] "GET /ticket2/opencms/img/icons/fr.png HTTP/1.1" 200 1764
78.67.202.134 - - [07/Jul/2024:01:34:05 +0200] "GET /ticket2/opencms/img/icons/es.png HTTP/1.1" 200 1005
78.67.202.134 - - [07/Jul/2024:01:34:05 +0200] "GET /ticket2/opencms/img/icons/de.png HTTP/1.1" 200 1124
78.67.202.134 - - [07/Jul/2024:01:34:05 +0200] "GET /ticket2/opencms/system/modules/com.gridnine.opencms.ticketbrokerage.site/resources/pics/arrow.gif HTTP/1.1" 200 344
78.67.202.134 - - [07/Jul/2024:01:34:05 +0200] "GET /ticket2/opencms/img/icons/it.png HTTP/1.1" 200 2040
78.67.202.134 - - [07/Jul/2024:01:34:05 +0200] "GET /ticket2/opencms/img/icons/en.png HTTP/1.1" 200 2415
78.67.202.134 - - [07/Jul/2024:01:34:05 +0200] "GET /ticket2/opencms/system/modules/com.gridnine.opencms.ticketbrokerage.site/resources/pics/form_marker.gif HTTP/1.1" 200 43
78.67.202.134 - - [07/Jul/2024:01:34:05 +0200] "GET /ticket2/opencms/system/modules/com.gridnine.opencms.ticketbrokerage.site/resources/pics/bank_1_nordea.png HTTP/1.1" 200 4807
78.67.202.134 - - [07/Jul/2024:01:34:05 +0200] "GET /ticket2/opencms/system/modules/com.gridnine.opencms.ticketbrokerage.site/resources/pics/bank_2_handelsbanken.png HTTP/1.1" 200 4509
78.67.202.134 - - [07/Jul/2024:01:34:05 +0200] "GET /ticket2/opencms/system/modules/com.gridnine.opencms.ticketbrokerage.site/resources/pics/bank_3_swedbank.png HTTP/1.1" 200 5740
78.67.202.134 - - [07/Jul/2024:01:34:05 +0200] "GET /ticket2/opencms/system/modules/com.gridnine.opencms.ticketbrokerage.site/resources/pics/bank_4_seb.png HTTP/1.1" 200 2487
78.67.202.134 - - [07/Jul/2024:01:34:05 +0200] "GET /ticket2/opencms/system/modules/com.gridnine.opencms.ticketbrokerage.site/resources/pics/bank_5_visa_mastercard.png HTTP/1.1" 200 8196
78.67.202.134 - - [07/Jul/2024:01:34:05 +0200] "GET /ticket2/opencms/img/arrow-down.png HTTP/1.1" 200 192
78.67.202.134 - - [07/Jul/2024:01:34:05 +0200] "GET /ticket2/opencms/system/modules/com.gridnine.opencms.ticketbrokerage.site/resources/pics/bank_6_american_express.png HTTP/1.1" 200 5570
78.67.202.134 - - [07/Jul/2024:01:34:05 +0200] "GET /ticket2/opencms/system/modules/com.gridnine.opencms.ticketbrokerage.site/resources/css/images/ui-bg_flat_75_ffffff_40x100.png HTTP/1.1" 404 -
78.67.202.134 - - [07/Jul/2024:01:34:05 +0200] "GET /ticket2/opencms/favicon.ico HTTP/1.1" 200 1406
85.208.96.201 - - [07/Jul/2024:01:34:16 +0200] "GET /ticket2/opencms/en/sport/football-tickets/la-liga/cadiz/ HTTP/1.1" 200 73588
114.119.132.248 - - [07/Jul/2024:01:34:19 +0200] "GET /ticket2/opencms/en/sell/?edid=C2F9F2B7-32AF-63DA-7A2B-782790433798 HTTP/1.1" 302 -
114.119.132.248 - - [07/Jul/2024:01:34:22 +0200] "GET /ticket2/opencms/en/login/?url=/en/sell/ HTTP/1.1" 200 73711
5.255.231.175 - - [07/Jul/2024:01:34:26 +0200] "GET /ticket2/opencms/en/venue/?countryid=C83BD7D3-147E-EEE7-3AB4-19E8D9E56196 HTTP/1.1" 200 101010
114.119.133.35 - - [07/Jul/2024:01:34:31 +0200] "GET /ticket2/opencms/en/venue/?countryid=EBCAD492-44DD-BA3B-65FF-004FBE418FEE HTTP/1.1" 200 101010
