195.191.219.130 - - [07/Jul/2024:03:43:21 +0200] "GET /ticket2/opencms/se/robots.txt HTTP/1.1" 404 -
40.77.167.13 - - [07/Jul/2024:03:43:40 +0200] "GET /ticket2/opencms/en/buy?page=1&edid=BC87A59C-CB14-AF59-6452-4201B2FD2159 HTTP/1.1" 200 85467
66.249.79.233 - - [07/Jul/2024:03:43:51 +0200] "GET /ticket2/opencms/dk/buy/?page=1&edid=2C538FDD-3C52-6C4F-20BD-65D603C9DD1A HTTP/1.1" 200 87793
66.249.76.43 - - [07/Jul/2024:03:43:52 +0200] "GET /ticket2/opencms/no/buy/?page=1&edid=9298EE47-1A7F-20BC-182D-AD5062126FDE HTTP/1.1" 200 112481
85.208.96.206 - - [07/Jul/2024:03:43:52 +0200] "GET /ticket2/opencms/nl/sport/voetbal-tickets/la_liga/valencia/ HTTP/1.1" 200 83335
216.245.221.83 - - [07/Jul/2024:03:44:15 +0200] "HEAD /ticket2/opencms/ HTTP/1.1" 302 -
216.245.221.83 - - [07/Jul/2024:03:44:16 +0200] "HEAD /ticket2/opencms/en/ HTTP/1.1" 200 -
85.208.96.193 - - [07/Jul/2024:03:44:19 +0200] "GET /ticket2/opencms/nl/sport/voetbal-tickets/la_liga/granada/ HTTP/1.1" 200 72919
114.119.140.175 - - [07/Jul/2024:03:44:22 +0200] "GET /ticket2/opencms/en/venue/?countryid=A2F220AE-4AF1-2377-6B91-A90A18E35FA2 HTTP/1.1" 200 101010
185.217.125.68 - - [07/Jul/2024:03:44:25 +0200] "GET /ticket2/opencms/dk/nl/buy/?page=1&edid=6C567D8A-C492-71F4-196B-3BFD68400AE7&sortorder=desc&column=price HTTP/1.1" 404 -
114.119.154.181 - - [07/Jul/2024:03:44:36 +0200] "GET /ticket2/opencms/en/venue/?venueid=7AC4544E-68B6-072F-C815-86F75E4EE456 HTTP/1.1" 200 71715
89.246.241.14 - - [07/Jul/2024:03:44:39 +0200] "GET /ticket2/opencms/en/sport/football-tickets/serie_a/ HTTP/1.1" 200 78187
66.249.76.160 - - [07/Jul/2024:03:44:53 +0200] "GET /ticket2/opencms/es/sport/fotbollsbiljetter/premier_league/ HTTP/1.1" 404 -
66.249.76.1 - - [07/Jul/2024:03:44:54 +0200] "GET /ticket2/opencms/sv/sport/fotbollsbiljetter/serie_a/ HTTP/1.1" 200 79212
66.249.76.1 - - [07/Jul/2024:03:44:57 +0200] "GET /ticket2/opencms/system/modules/com.gridnine.opencms.ticketbrokerage.site/resources/js/jquery/jquery.js HTTP/1.1" 200 93868
37.123.143.245 - - [07/Jul/2024:03:45:06 +0200] "GET /ticket2/opencms/system/workplace/views/top_foot.jsp?wpFrame=foot HTTP/1.1" 200 1210
37.123.143.245 - - [07/Jul/2024:03:45:06 +0200] "GET /ticket2/opencms/system/workplace/commons/style/workplace.css HTTP/1.1" 200 14209
114.119.138.235 - - [07/Jul/2024:03:45:22 +0200] "GET /ticket2/opencms/en/buy/?page=1&edid=1B0DA330-38AA-5CD6-6C89-F2963014EF68 HTTP/1.1" 200 88095
185.217.125.68 - - [07/Jul/2024:03:45:30 +0200] "GET /ticket2/opencms/dk/nl/buy/?page=1&edid=6C66269F-1C8A-026B-D7A5-A693D7B74066 HTTP/1.1" 404 -
216.245.221.83 - - [07/Jul/2024:03:45:43 +0200] "HEAD /ticket2/opencms/ HTTP/1.1" 302 -
40.77.167.65 - - [07/Jul/2024:03:45:45 +0200] "GET /ticket2/opencms/fi/urheilu/hockey/nhl/toronto-maple-leafs/ HTTP/1.1" 200 76021
216.245.221.83 - - [07/Jul/2024:03:45:47 +0200] "HEAD /ticket2/opencms/en/ HTTP/1.1" 200 -
85.208.96.205 - - [07/Jul/2024:03:46:38 +0200] "GET /ticket2/opencms/fi/search.html?searchQuery=Nashville HTTP/1.1" 200 93385
114.119.130.29 - - [07/Jul/2024:03:46:54 +0200] "GET /ticket2/opencms/en/sell/?edid=DBFF19E6-F550-AD1B-65E4-173DAC6AC10C HTTP/1.1" 302 -
114.119.130.29 - - [07/Jul/2024:03:46:58 +0200] "GET /ticket2/opencms/en/login/?url=/en/sell/ HTTP/1.1" 200 73711
114.119.152.195 - - [07/Jul/2024:03:47:14 +0200] "GET /ticket2/opencms/en/venue/?venueid=CB444C4A-4CCE-4670-714E-21D950F578CB HTTP/1.1" 200 71643
40.77.167.76 - - [07/Jul/2024:03:47:15 +0200] "GET /ticket2/opencms/sv/sport/fotbollsbiljetter/uefa-champions-league/final/ HTTP/1.1" 200 73687
185.217.125.68 - - [07/Jul/2024:03:47:16 +0200] "GET /ticket2/opencms/dk/nl/buy/?page=1&edid=6CEF362E-F9D8-1D5D-2C03-086BCC410091 HTTP/1.1" 404 -
85.208.96.193 - - [07/Jul/2024:03:47:18 +0200] "GET /ticket2/opencms/en/terms_of_service/ HTTP/1.1" 200 82499
114.119.137.43 - - [07/Jul/2024:03:47:23 +0200] "GET /ticket2/opencms/en/venue/?venueid=1D8D6A4F-9ED4-4698-838F-ADCA81DD135B HTTP/1.1" 200 71642
40.77.167.23 - - [07/Jul/2024:03:47:30 +0200] "GET /ticket2/opencms/en/buy/?page=1&edid=4D364E03-A097-4713-8FB5-7221C5177BA1 HTTP/1.1" 200 88075
40.77.167.28 - - [07/Jul/2024:03:48:15 +0200] "GET /ticket2/opencms/en/buy?page=1&edid=59FF6FC0-0E24-887E-599D-D93F8931961C HTTP/1.1" 200 110241
185.191.171.1 - - [07/Jul/2024:03:48:23 +0200] "GET /ticket2/opencms/fi/urheilu/jalkapallo/la-liga/girona/ HTTP/1.1" 200 75008
40.77.167.65 - - [07/Jul/2024:03:48:33 +0200] "GET /ticket2/opencms/nl/sport/voetbal-tickets/premier_league/manchester_united/ HTTP/1.1" 200 84638
185.217.125.68 - - [07/Jul/2024:03:48:36 +0200] "GET /ticket2/opencms/dk/nl/buy/?page=1&edid=6CF59A44-C817-F554-FFD2-03AD6BC48C9A HTTP/1.1" 404 -
216.245.221.83 - - [07/Jul/2024:03:49:15 +0200] "HEAD /ticket2/opencms/ HTTP/1.1" 302 -
216.245.221.83 - - [07/Jul/2024:03:49:16 +0200] "HEAD /ticket2/opencms/en/ HTTP/1.1" 200 -
85.208.96.202 - - [07/Jul/2024:03:49:24 +0200] "GET /ticket2/opencms/nl/sport/voetbal-tickets/serie_a/lecce/ HTTP/1.1" 200 72787
114.119.130.175 - - [07/Jul/2024:03:49:26 +0200] "GET /ticket2/opencms/en/venue/?countryid=7181F1B1-BB62-9D43-5EFA-B07E8505C9FD HTTP/1.1" 200 101010
185.217.125.68 - - [07/Jul/2024:03:49:33 +0200] "GET /ticket2/opencms/dk/nl/buy/?page=1&edid=6CF59A44-C817-F554-FFD2-03AD6BC48C9A&sortorder=desc&column=price HTTP/1.1" 404 -
114.119.132.104 - - [07/Jul/2024:03:49:37 +0200] "GET /ticket2/opencms/en/venue/?venueid=7459A29D-3F4C-884C-C85C-9368023CDEDD HTTP/1.1" 200 71634
40.77.167.70 - - [07/Jul/2024:03:49:52 +0200] "GET /ticket2/opencms/en/buy/?page=6&comcatid=A17713B6-D984-201A-4143-ED4DB5ED5C2E&catid=7EF04817-972D-18B1-F941-DE800D088075&eventid=0E2FBBAA-9DFD-37E8-1D28-E85F522880D0 HTTP/1.1" 200 82498
37.123.143.245 - - [07/Jul/2024:03:50:06 +0200] "GET /ticket2/opencms/system/workplace/views/top_foot.jsp?wpFrame=foot HTTP/1.1" 200 1210
37.123.143.245 - - [07/Jul/2024:03:50:06 +0200] "GET /ticket2/opencms/system/workplace/commons/style/workplace.css HTTP/1.1" 200 14209
185.217.125.68 - - [07/Jul/2024:03:50:40 +0200] "GET /ticket2/opencms/dk/nl/buy/?page=1&edid=6CF59A44-C817-F554-FFD2-03AD6BC48C9A&sortorder=desc&column=row HTTP/1.1" 404 -
114.119.143.145 - - [07/Jul/2024:03:50:41 +0200] "GET /ticket2/opencms/en/buy?page=1&edid=9281054C-8970-84EC-4079-0C8BCDDBCAD4 HTTP/1.1" 200 88640
216.245.221.83 - - [07/Jul/2024:03:50:43 +0200] "HEAD /ticket2/opencms/ HTTP/1.1" 302 -
40.77.167.28 - - [07/Jul/2024:03:50:44 +0200] "GET /ticket2/opencms/fi/buy/?page=1&edid=2C81F7FB-5C92-E271-C03D-9F768923CF00 HTTP/1.1" 200 89695
47.128.39.107 - - [07/Jul/2024:03:50:45 +0200] "GET /ticket2/opencms/no/?comcatid=0A6B8208-FDA4-E929-9D72-5312FD481B76 HTTP/1.1" 200 102973
47.128.39.107 - - [07/Jul/2024:03:50:46 +0200] "GET /ticket2/opencms/system/modules/com.gridnine.opencms.ticketbrokerage.site/resources/pics/logo-new.png HTTP/1.1" 200 13541
47.128.39.107 - - [07/Jul/2024:03:50:46 +0200] "GET /ticket2/opencms/system/modules/com.gridnine.opencms.ticketbrokerage.site/resources/pics/bank_5_visa_mastercard.png HTTP/1.1" 200 8196
47.128.39.107 - - [07/Jul/2024:03:50:46 +0200] "GET /ticket2/opencms/system/modules/com.gridnine.opencms.ticketbrokerage.site/resources/pics/bank_6_american_express.png HTTP/1.1" 200 5570
47.128.39.107 - - [07/Jul/2024:03:50:47 +0200] "GET /ticket2/opencms/system/modules/com.gridnine.opencms.ticketbrokerage.site/resources/pics/bank_1_nordea.png HTTP/1.1" 200 4807
47.128.39.107 - - [07/Jul/2024:03:50:47 +0200] "GET /ticket2/opencms/system/modules/com.gridnine.opencms.ticketbrokerage.site/resources/pics/bank_4_seb.png HTTP/1.1" 200 2487
47.128.39.107 - - [07/Jul/2024:03:50:47 +0200] "GET /ticket2/opencms/system/modules/com.gridnine.opencms.ticketbrokerage.site/resources/pics/bank_2_handelsbanken.png HTTP/1.1" 200 4509
47.128.39.107 - - [07/Jul/2024:03:50:47 +0200] "GET /ticket2/opencms/system/modules/com.gridnine.opencms.ticketbrokerage.site/resources/pics/bank_3_swedbank.png HTTP/1.1" 200 5740
216.245.221.83 - - [07/Jul/2024:03:50:48 +0200] "HEAD /ticket2/opencms/en/ HTTP/1.1" 200 -
85.208.96.198 - - [07/Jul/2024:03:50:59 +0200] "GET /ticket2/opencms/de/sport/fussball-tickets/bundesliga/borussia-dortmund/ HTTP/1.1" 200 76641
114.119.138.202 - - [07/Jul/2024:03:51:01 +0200] "GET /ticket2/opencms/en/buy/?page=1&edid=B0B9EEF7-BE5C-51BB-B8C6-90A0B7172389 HTTP/1.1" 200 85477
47.128.109.57 - - [07/Jul/2024:03:51:06 +0200] "GET /ticket2/opencms/fi/venue/?countryid=08DE8999-72B5-1ADD-5E76-2A7D1399FECF HTTP/1.1" 200 102572
47.128.109.57 - - [07/Jul/2024:03:51:08 +0200] "GET /ticket2/opencms/system/modules/com.gridnine.opencms.ticketbrokerage.site/resources/pics/logo-new.png HTTP/1.1" 200 13541
47.128.109.57 - - [07/Jul/2024:03:51:08 +0200] "GET /ticket2/opencms/system/modules/com.gridnine.opencms.ticketbrokerage.site/resources/pics/bank_1_nordea.png HTTP/1.1" 200 4807
47.128.109.57 - - [07/Jul/2024:03:51:08 +0200] "GET /ticket2/opencms/system/modules/com.gridnine.opencms.ticketbrokerage.site/resources/pics/bank_2_handelsbanken.png HTTP/1.1" 200 4509
47.128.109.57 - - [07/Jul/2024:03:51:09 +0200] "GET /ticket2/opencms/system/modules/com.gridnine.opencms.ticketbrokerage.site/resources/pics/bank_3_swedbank.png HTTP/1.1" 200 5740
47.128.109.57 - - [07/Jul/2024:03:51:09 +0200] "GET /ticket2/opencms/system/modules/com.gridnine.opencms.ticketbrokerage.site/resources/pics/bank_5_visa_mastercard.png HTTP/1.1" 200 8196
47.128.109.57 - - [07/Jul/2024:03:51:09 +0200] "GET /ticket2/opencms/system/modules/com.gridnine.opencms.ticketbrokerage.site/resources/pics/bank_4_seb.png HTTP/1.1" 200 2487
47.128.109.57 - - [07/Jul/2024:03:51:09 +0200] "GET /ticket2/opencms/system/modules/com.gridnine.opencms.ticketbrokerage.site/resources/pics/bank_6_american_express.png HTTP/1.1" 200 5570
185.191.171.15 - - [07/Jul/2024:03:51:10 +0200] "GET /ticket2/opencms/fi/urheilu/jalkapallo/bundesliga/freiburg/ HTTP/1.1" 200 74996
54.36.148.152 - - [07/Jul/2024:03:51:10 +0200] "GET /ticket2/opencms/sv/venue/?venueid=5FE37D7C-8CDB-E2A6-C954-AEAA09190FF8 HTTP/1.1" 200 72518
47.128.124.24 - - [07/Jul/2024:03:51:29 +0200] "GET /ticket2/opencms/sv/newsletter/ HTTP/1.1" 200 76170
47.128.124.24 - - [07/Jul/2024:03:51:30 +0200] "GET /ticket2/opencms/system/modules/com.gridnine.opencms.ticketbrokerage.site/resources/pics/logo-new.png HTTP/1.1" 200 13541
47.128.124.24 - - [07/Jul/2024:03:51:30 +0200] "GET /ticket2/opencms/system/modules/com.gridnine.opencms.ticketbrokerage.site/resources/pics/bank_4_seb.png HTTP/1.1" 200 2487
47.128.124.24 - - [07/Jul/2024:03:51:31 +0200] "GET /ticket2/opencms/system/modules/com.gridnine.opencms.ticketbrokerage.site/resources/pics/bank_3_swedbank.png HTTP/1.1" 200 5740
47.128.124.24 - - [07/Jul/2024:03:51:31 +0200] "GET /ticket2/opencms/system/modules/com.gridnine.opencms.ticketbrokerage.site/resources/pics/bank_2_handelsbanken.png HTTP/1.1" 200 4509
47.128.124.24 - - [07/Jul/2024:03:51:31 +0200] "GET /ticket2/opencms/system/modules/com.gridnine.opencms.ticketbrokerage.site/resources/pics/bank_1_nordea.png HTTP/1.1" 200 4807
47.128.124.24 - - [07/Jul/2024:03:51:31 +0200] "GET /ticket2/opencms/system/modules/com.gridnine.opencms.ticketbrokerage.site/resources/pics/bank_5_visa_mastercard.png HTTP/1.1" 200 8196
47.128.124.24 - - [07/Jul/2024:03:51:31 +0200] "GET /ticket2/opencms/system/modules/com.gridnine.opencms.ticketbrokerage.site/resources/pics/bank_6_american_express.png HTTP/1.1" 200 5570
185.217.125.68 - - [07/Jul/2024:03:51:35 +0200] "GET /ticket2/opencms/dk/nl/buy/?page=1&edid=6CF59A44-C817-F554-FFD2-03AD6BC48C9A&sortorder=desc&column=section HTTP/1.1" 404 -
47.128.53.101 - - [07/Jul/2024:03:51:58 +0200] "GET /ticket2/opencms/nl/?comcatid=B41CCF2B-5558-7AEE-3602-09BBDE417D65 HTTP/1.1" 200 101039
47.128.53.101 - - [07/Jul/2024:03:51:59 +0200] "GET /ticket2/opencms/system/modules/com.gridnine.opencms.ticketbrokerage.site/resources/pics/logo-new.png HTTP/1.1" 200 13541
47.128.53.101 - - [07/Jul/2024:03:51:59 +0200] "GET /ticket2/opencms/system/modules/com.gridnine.opencms.ticketbrokerage.site/resources/pics/bank_4_seb.png HTTP/1.1" 200 2487
47.128.53.101 - - [07/Jul/2024:03:52:00 +0200] "GET /ticket2/opencms/system/modules/com.gridnine.opencms.ticketbrokerage.site/resources/pics/bank_1_nordea.png HTTP/1.1" 200 4807
47.128.53.101 - - [07/Jul/2024:03:52:00 +0200] "GET /ticket2/opencms/system/modules/com.gridnine.opencms.ticketbrokerage.site/resources/pics/bank_2_handelsbanken.png HTTP/1.1" 200 4509
47.128.53.101 - - [07/Jul/2024:03:52:00 +0200] "GET /ticket2/opencms/system/modules/com.gridnine.opencms.ticketbrokerage.site/resources/pics/bank_3_swedbank.png HTTP/1.1" 200 5740
47.128.53.101 - - [07/Jul/2024:03:52:00 +0200] "GET /ticket2/opencms/system/modules/com.gridnine.opencms.ticketbrokerage.site/resources/pics/bank_5_visa_mastercard.png HTTP/1.1" 200 8196
47.128.53.101 - - [07/Jul/2024:03:52:00 +0200] "GET /ticket2/opencms/system/modules/com.gridnine.opencms.ticketbrokerage.site/resources/pics/bank_6_american_express.png HTTP/1.1" 200 5570
213.180.203.221 - - [07/Jul/2024:03:52:04 +0200] "GET /ticket2/opencms/robots.txt HTTP/1.1" 200 773
213.180.203.41 - - [07/Jul/2024:03:52:05 +0200] "GET /ticket2/opencms/en/venue/?countryid=44A94E16-590A-CB98-37E9-7B0A55C9B453 HTTP/1.1" 200 101010
87.250.224.206 - - [07/Jul/2024:03:52:14 +0200] "GET /ticket2/opencms/en/venue/?venueid=DBF173BB-97AB-4284-3FA4-D075B96368C3 HTTP/1.1" 200 71616
47.128.99.152 - - [07/Jul/2024:03:52:19 +0200] "GET /ticket2/opencms/de/magazine/article?title=luton HTTP/1.1" 200 75640
47.128.99.152 - - [07/Jul/2024:03:52:19 +0200] "GET /ticket2/opencms/system/modules/com.gridnine.opencms.ticketbrokerage.site/resources/css/ticketbrokerage.css HTTP/1.1" 200 39339
47.128.99.152 - - [07/Jul/2024:03:52:20 +0200] "GET /ticket2/opencms/system/modules/com.gridnine.opencms.ticketbrokerage.site/resources/pics/logo-new.png HTTP/1.1" 200 13541
47.128.99.152 - - [07/Jul/2024:03:52:20 +0200] "GET /ticket2/opencms/system/modules/com.gridnine.opencms.ticketbrokerage.site/resources/pics/bank_1_nordea.png HTTP/1.1" 200 4807
47.128.99.152 - - [07/Jul/2024:03:52:20 +0200] "GET /ticket2/opencms/system/modules/com.gridnine.opencms.ticketbrokerage.site/resources/pics/bank_3_swedbank.png HTTP/1.1" 200 5740
47.128.99.152 - - [07/Jul/2024:03:52:20 +0200] "GET /ticket2/opencms/system/modules/com.gridnine.opencms.ticketbrokerage.site/resources/pics/bank_4_seb.png HTTP/1.1" 200 2487
47.128.99.152 - - [07/Jul/2024:03:52:21 +0200] "GET /ticket2/opencms/system/modules/com.gridnine.opencms.ticketbrokerage.site/resources/pics/bank_5_visa_mastercard.png HTTP/1.1" 200 8196
47.128.99.152 - - [07/Jul/2024:03:52:21 +0200] "GET /ticket2/opencms/system/modules/com.gridnine.opencms.ticketbrokerage.site/resources/pics/bank_6_american_express.png HTTP/1.1" 200 5570
47.128.99.152 - - [07/Jul/2024:03:52:21 +0200] "GET /ticket2/opencms/system/modules/com.gridnine.opencms.ticketbrokerage.site/resources/pics/bank_2_handelsbanken.png HTTP/1.1" 200 4509
114.119.141.53 - - [07/Jul/2024:03:52:24 +0200] "GET /ticket2/opencms/en/venue/?countryid=846E9CDC-CA28-ECDF-BD87-BAB8F25C08E3 HTTP/1.1" 200 101010
188.166.148.159 - - [01/Jan/1970:00:59:59 +0100] "-" 400 -
47.128.30.221 - - [07/Jul/2024:03:52:43 +0200] "GET /ticket2/opencms/fi/venue/?countryid=99B1C0F6-84FB-98CC-65FC-5142D0D877AC HTTP/1.1" 200 102572
47.128.30.221 - - [07/Jul/2024:03:52:44 +0200] "GET /ticket2/opencms/system/modules/com.gridnine.opencms.ticketbrokerage.site/resources/pics/logo-new.png HTTP/1.1" 200 13541
47.128.30.221 - - [07/Jul/2024:03:52:44 +0200] "GET /ticket2/opencms/system/modules/com.gridnine.opencms.ticketbrokerage.site/resources/pics/bank_4_seb.png HTTP/1.1" 200 2487
47.128.30.221 - - [07/Jul/2024:03:52:45 +0200] "GET /ticket2/opencms/system/modules/com.gridnine.opencms.ticketbrokerage.site/resources/pics/bank_6_american_express.png HTTP/1.1" 200 5570
47.128.30.221 - - [07/Jul/2024:03:52:45 +0200] "GET /ticket2/opencms/system/modules/com.gridnine.opencms.ticketbrokerage.site/resources/pics/bank_1_nordea.png HTTP/1.1" 200 4807
47.128.30.221 - - [07/Jul/2024:03:52:45 +0200] "GET /ticket2/opencms/system/modules/com.gridnine.opencms.ticketbrokerage.site/resources/pics/bank_3_swedbank.png HTTP/1.1" 200 5740
47.128.30.221 - - [07/Jul/2024:03:52:45 +0200] "GET /ticket2/opencms/system/modules/com.gridnine.opencms.ticketbrokerage.site/resources/pics/bank_5_visa_mastercard.png HTTP/1.1" 200 8196
47.128.30.221 - - [07/Jul/2024:03:52:45 +0200] "GET /ticket2/opencms/system/modules/com.gridnine.opencms.ticketbrokerage.site/resources/pics/bank_2_handelsbanken.png HTTP/1.1" 200 4509
185.217.125.68 - - [07/Jul/2024:03:52:53 +0200] "GET /ticket2/opencms/dk/nl/buy/?page=1&edid=15EB8492-E613-A503-0EBC-61EBB18066B8&sortorder=desc&column=price HTTP/1.1" 404 -
34.243.147.19 - - [07/Jul/2024:03:53:08 +0200] "GET /ticket2/opencms/sv/sport/fotbollsbiljetter/em_kval/ HTTP/1.1" 200 73433
157.55.39.204 - - [07/Jul/2024:03:53:09 +0200] "GET /ticket2/opencms/en/venue/?venueid=C79DDB7B-2402-2CE0-0C28-4601203762A8 HTTP/1.1" 200 71640
47.128.30.213 - - [07/Jul/2024:03:53:09 +0200] "GET /ticket2/opencms/fi/buy/?catid=A3372871-3019-08B8-80CE-74B78F441ACA&comcatid=A17713B6-D984-201A-4143-ED4DB5ED5C2E HTTP/1.1" 200 84402
47.128.30.213 - - [07/Jul/2024:03:53:10 +0200] "GET /ticket2/opencms/system/modules/com.gridnine.opencms.ticketbrokerage.site/resources/pics/logo-new.png HTTP/1.1" 200 13541
47.128.30.213 - - [07/Jul/2024:03:53:11 +0200] "GET /ticket2/opencms/system/modules/com.gridnine.opencms.ticketbrokerage.site/resources/pics/bank_1_nordea.png HTTP/1.1" 200 4807
47.128.30.213 - - [07/Jul/2024:03:53:11 +0200] "GET /ticket2/opencms/system/modules/com.gridnine.opencms.ticketbrokerage.site/resources/pics/bank_3_swedbank.png HTTP/1.1" 200 5740
47.128.30.213 - - [07/Jul/2024:03:53:11 +0200] "GET /ticket2/opencms/system/modules/com.gridnine.opencms.ticketbrokerage.site/resources/pics/bank_2_handelsbanken.png HTTP/1.1" 200 4509
47.128.30.213 - - [07/Jul/2024:03:53:11 +0200] "GET /ticket2/opencms/system/modules/com.gridnine.opencms.ticketbrokerage.site/resources/pics/bank_5_visa_mastercard.png HTTP/1.1" 200 8196
47.128.30.213 - - [07/Jul/2024:03:53:11 +0200] "GET /ticket2/opencms/system/modules/com.gridnine.opencms.ticketbrokerage.site/resources/pics/bank_4_seb.png HTTP/1.1" 200 2487
47.128.30.213 - - [07/Jul/2024:03:53:11 +0200] "GET /ticket2/opencms/system/modules/com.gridnine.opencms.ticketbrokerage.site/resources/pics/bank_6_american_express.png HTTP/1.1" 200 5570
47.128.28.84 - - [07/Jul/2024:03:53:32 +0200] "GET /ticket2/opencms/fi/venue/?countryid=9D09DC7F-C38B-5D28-4040-9F250F6A5B12 HTTP/1.1" 200 102795
47.128.28.84 - - [07/Jul/2024:03:53:33 +0200] "GET /ticket2/opencms/system/modules/com.gridnine.opencms.ticketbrokerage.site/resources/pics/logo-new.png HTTP/1.1" 200 13541
47.128.28.84 - - [07/Jul/2024:03:53:33 +0200] "GET /ticket2/opencms/system/modules/com.gridnine.opencms.ticketbrokerage.site/resources/pics/bank_1_nordea.png HTTP/1.1" 200 4807
47.128.28.84 - - [07/Jul/2024:03:53:34 +0200] "GET /ticket2/opencms/system/modules/com.gridnine.opencms.ticketbrokerage.site/resources/pics/bank_3_swedbank.png HTTP/1.1" 200 5740
47.128.28.84 - - [07/Jul/2024:03:53:34 +0200] "GET /ticket2/opencms/system/modules/com.gridnine.opencms.ticketbrokerage.site/resources/pics/bank_4_seb.png HTTP/1.1" 200 2487
47.128.28.84 - - [07/Jul/2024:03:53:34 +0200] "GET /ticket2/opencms/system/modules/com.gridnine.opencms.ticketbrokerage.site/resources/pics/bank_5_visa_mastercard.png HTTP/1.1" 200 8196
47.128.28.84 - - [07/Jul/2024:03:53:34 +0200] "GET /ticket2/opencms/system/modules/com.gridnine.opencms.ticketbrokerage.site/resources/pics/bank_2_handelsbanken.png HTTP/1.1" 200 4509
47.128.28.84 - - [07/Jul/2024:03:53:34 +0200] "GET /ticket2/opencms/system/modules/com.gridnine.opencms.ticketbrokerage.site/resources/pics/bank_6_american_express.png HTTP/1.1" 200 5570
52.167.144.231 - - [07/Jul/2024:03:53:57 +0200] "GET /ticket2/opencms/en/buy/?page=1&edid=CC8DED61-0C66-0B3A-4D0C-E79A7C7B9D4F HTTP/1.1" 200 87861
47.128.112.241 - - [07/Jul/2024:03:53:57 +0200] "GET /ticket2/opencms/fi/venue/?countryid=40378634-F839-FEF7-110F-40EAA530AB1D HTTP/1.1" 200 102572
47.128.112.241 - - [07/Jul/2024:03:53:58 +0200] "GET /ticket2/opencms/system/modules/com.gridnine.opencms.ticketbrokerage.site/resources/pics/logo-new.png HTTP/1.1" 200 13541
47.128.112.241 - - [07/Jul/2024:03:53:59 +0200] "GET /ticket2/opencms/system/modules/com.gridnine.opencms.ticketbrokerage.site/resources/pics/bank_1_nordea.png HTTP/1.1" 200 4807
47.128.112.241 - - [07/Jul/2024:03:53:59 +0200] "GET /ticket2/opencms/system/modules/com.gridnine.opencms.ticketbrokerage.site/resources/pics/bank_5_visa_mastercard.png HTTP/1.1" 200 8196
47.128.112.241 - - [07/Jul/2024:03:53:59 +0200] "GET /ticket2/opencms/system/modules/com.gridnine.opencms.ticketbrokerage.site/resources/pics/bank_3_swedbank.png HTTP/1.1" 200 5740
47.128.112.241 - - [07/Jul/2024:03:53:59 +0200] "GET /ticket2/opencms/system/modules/com.gridnine.opencms.ticketbrokerage.site/resources/pics/bank_4_seb.png HTTP/1.1" 200 2487
47.128.112.241 - - [07/Jul/2024:03:53:59 +0200] "GET /ticket2/opencms/system/modules/com.gridnine.opencms.ticketbrokerage.site/resources/pics/bank_2_handelsbanken.png HTTP/1.1" 200 4509
47.128.112.241 - - [07/Jul/2024:03:53:59 +0200] "GET /ticket2/opencms/system/modules/com.gridnine.opencms.ticketbrokerage.site/resources/pics/bank_6_american_express.png HTTP/1.1" 200 5570
81.167.26.57 - - [07/Jul/2024:03:54:00 +0200] "GET /ticket2/opencms/se/robots.txt HTTP/1.1" 404 -
81.167.26.57 - - [07/Jul/2024:03:54:05 +0200] "GET /ticket2/opencms/se/nl/buy/?page=1&edid=3D8D6197-4BB9-6979-B23A-82229C29818A&sortorder=asc&column=row HTTP/1.1" 404 -
81.167.26.57 - - [07/Jul/2024:03:54:09 +0200] "GET /ticket2/opencms/se/nl/buy/?page=1&edid=3D8D6197-4BB9-6979-B23A-82229C29818A&sortorder=asc&column=section HTTP/1.1" 404 -
81.167.26.57 - - [07/Jul/2024:03:54:14 +0200] "GET /ticket2/opencms/se/nl/buy/?page=1&edid=3E20A61C-CB72-59DD-3B89-2D3668109906&sortorder=desc&column=row HTTP/1.1" 404 -
185.191.171.5 - - [07/Jul/2024:03:54:14 +0200] "GET /ticket2/opencms/nl/sport/voetbal-tickets/bundesliga/borussia-monchengladbach/ HTTP/1.1" 200 73185
216.245.221.83 - - [07/Jul/2024:03:54:15 +0200] "HEAD /ticket2/opencms/ HTTP/1.1" 302 -
216.245.221.83 - - [07/Jul/2024:03:54:16 +0200] "HEAD /ticket2/opencms/en/ HTTP/1.1" 200 -
81.167.26.57 - - [07/Jul/2024:03:54:19 +0200] "GET /ticket2/opencms/se/nl/buy/?page=1&edid=3E20A61C-CB72-59DD-3B89-2D3668109906&sortorder=desc&column=section HTTP/1.1" 404 -
47.128.36.136 - - [07/Jul/2024:03:54:22 +0200] "GET /ticket2/opencms/fi/venue/?countryid=AD4C6C1F-4EA2-1827-F34A-F0A47DB58003 HTTP/1.1" 200 102572
47.128.36.136 - - [07/Jul/2024:03:54:22 +0200] "GET /ticket2/opencms/system/modules/com.gridnine.opencms.ticketbrokerage.site/resources/pics/logo-new.png HTTP/1.1" 200 13541
114.119.135.169 - - [07/Jul/2024:03:54:23 +0200] "GET /ticket2/opencms/en/venue/?countryid=63BA787B-924D-97B6-EDC4-126C78A77B7D HTTP/1.1" 200 103885
47.128.36.136 - - [07/Jul/2024:03:54:23 +0200] "GET /ticket2/opencms/system/modules/com.gridnine.opencms.ticketbrokerage.site/resources/pics/bank_1_nordea.png HTTP/1.1" 200 4807
47.128.36.136 - - [07/Jul/2024:03:54:23 +0200] "GET /ticket2/opencms/system/modules/com.gridnine.opencms.ticketbrokerage.site/resources/pics/bank_3_swedbank.png HTTP/1.1" 200 5740
47.128.36.136 - - [07/Jul/2024:03:54:23 +0200] "GET /ticket2/opencms/system/modules/com.gridnine.opencms.ticketbrokerage.site/resources/pics/bank_5_visa_mastercard.png HTTP/1.1" 200 8196
47.128.36.136 - - [07/Jul/2024:03:54:23 +0200] "GET /ticket2/opencms/system/modules/com.gridnine.opencms.ticketbrokerage.site/resources/pics/bank_2_handelsbanken.png HTTP/1.1" 200 4509
47.128.36.136 - - [07/Jul/2024:03:54:23 +0200] "GET /ticket2/opencms/system/modules/com.gridnine.opencms.ticketbrokerage.site/resources/pics/bank_4_seb.png HTTP/1.1" 200 2487
81.167.26.57 - - [07/Jul/2024:03:54:24 +0200] "GET /ticket2/opencms/se/nl/buy/?page=1&edid=3ED842FC-FF3B-D3BC-69A3-8AB7FF361EA5&sortorder=asc&column=price HTTP/1.1" 404 -
47.128.36.136 - - [07/Jul/2024:03:54:24 +0200] "GET /ticket2/opencms/system/modules/com.gridnine.opencms.ticketbrokerage.site/resources/pics/bank_6_american_express.png HTTP/1.1" 200 5570
81.167.26.57 - - [07/Jul/2024:03:54:28 +0200] "GET /ticket2/opencms/se/nl/buy/?page=1&edid=3ED842FC-FF3B-D3BC-69A3-8AB7FF361EA5&sortorder=asc&column=row HTTP/1.1" 404 -
114.119.143.145 - - [07/Jul/2024:03:54:29 +0200] "GET /ticket2/opencms/en/buy/?page=1&edid=9576732A-F5D5-F141-9D9C-CCA5D74DCCC4 HTTP/1.1" 200 87470
81.167.26.57 - - [07/Jul/2024:03:54:33 +0200] "GET /ticket2/opencms/se/nl/buy/?page=1&edid=3ED842FC-FF3B-D3BC-69A3-8AB7FF361EA5&sortorder=asc&column=section HTTP/1.1" 404 -
114.119.133.35 - - [07/Jul/2024:03:54:35 +0200] "GET /ticket2/opencms/en/venue/?venueid=4B59E4CA-1599-6119-1C68-7B9E529278FF HTTP/1.1" 200 71658
81.167.26.57 - - [07/Jul/2024:03:54:37 +0200] "GET /ticket2/opencms/se/nl/buy/?page=1&edid=3F6B6B17-F159-59CA-9275-25779C692B45 HTTP/1.1" 404 -
81.167.26.57 - - [07/Jul/2024:03:54:42 +0200] "GET /ticket2/opencms/se/nl/buy/?page=1&edid=3F6B6B17-F159-59CA-9275-25779C692B45&sortorder=asc&column=price HTTP/1.1" 404 -
81.167.26.57 - - [07/Jul/2024:03:54:46 +0200] "GET /ticket2/opencms/se/nl/buy/?page=1&edid=3F6B6B17-F159-59CA-9275-25779C692B45&sortorder=desc&column=price HTTP/1.1" 404 -
81.167.26.57 - - [07/Jul/2024:03:54:51 +0200] "GET /ticket2/opencms/se/nl/buy/?page=1&edid=3FF54EFF-D69B-4E34-5BB8-054563E7D776&sortorder=desc&column=price HTTP/1.1" 404 -
85.208.96.206 - - [07/Jul/2024:03:54:59 +0200] "GET /ticket2/opencms/en/sport/football-tickets/premier_league/arsenal HTTP/1.1" 200 83277
81.167.26.57 - - [07/Jul/2024:03:54:59 +0200] "GET /ticket2/opencms/se/nl/buy/?page=1&edid=3FF54EFF-D69B-4E34-5BB8-054563E7D776&sortorder=desc&column=row HTTP/1.1" 404 -
81.167.26.57 - - [07/Jul/2024:03:55:04 +0200] "GET /ticket2/opencms/se/nl/buy/?page=1&edid=4018F88A-4AA6-E738-1F44-74C10A1CA3AA&sortorder=asc&column=price HTTP/1.1" 404 -
81.167.26.57 - - [07/Jul/2024:03:55:08 +0200] "GET /ticket2/opencms/se/nl/buy/?page=1&edid=4018F88A-4AA6-E738-1F44-74C10A1CA3AA&sortorder=asc&column=row HTTP/1.1" 404 -
81.167.26.57 - - [07/Jul/2024:03:55:13 +0200] "GET /ticket2/opencms/se/nl/buy/?page=1&edid=4018F88A-4AA6-E738-1F44-74C10A1CA3AA&sortorder=asc&column=section HTTP/1.1" 404 -
185.217.125.68 - - [07/Jul/2024:03:55:14 +0200] "GET /ticket2/opencms/dk/nl/buy/?page=1&edid=15EB8492-E613-A503-0EBC-61EBB18066B8&sortorder=desc&column=row HTTP/1.1" 404 -
65.108.203.133 - - [07/Jul/2024:03:55:14 +0200] "GET /ticket2/opencms/dk/robots.txt HTTP/1.1" 404 -
81.167.26.57 - - [07/Jul/2024:03:55:17 +0200] "GET /ticket2/opencms/se/nl/buy/?page=1&edid=40B479D3-21EE-894D-F38D-1B68A6108A49&sortorder=asc&column=price HTTP/1.1" 404 -
65.108.203.133 - - [07/Jul/2024:03:55:21 +0200] "GET /ticket2/opencms/dk/no/buy/?page=1&edid=3073B46A-4E01-598E-3EDB-B08A261454C6&sortorder=asc&column=section HTTP/1.1" 404 -
81.167.26.57 - - [07/Jul/2024:03:55:22 +0200] "GET /ticket2/opencms/se/nl/buy/?page=1&edid=40B479D3-21EE-894D-F38D-1B68A6108A49&sortorder=asc&column=row HTTP/1.1" 404 -
185.191.171.15 - - [07/Jul/2024:03:55:23 +0200] "GET /ticket2/opencms/dk/sport/fodboldbilletter/serie-a/empoli/ HTTP/1.1" 200 73422
65.108.203.133 - - [07/Jul/2024:03:55:28 +0200] "GET /ticket2/opencms/dk/no/buy/?page=1&edid=3073B46A-4E01-598E-3EDB-B08A261454C6&sortorder=desc&column=price HTTP/1.1" 404 -
65.108.203.133 - - [07/Jul/2024:03:55:37 +0200] "GET /ticket2/opencms/dk/no/buy/?page=1&edid=3073B46A-4E01-598E-3EDB-B08A261454C6&sortorder=desc&column=section HTTP/1.1" 404 -
216.245.221.83 - - [07/Jul/2024:03:55:43 +0200] "HEAD /ticket2/opencms/ HTTP/1.1" 302 -
65.108.203.133 - - [07/Jul/2024:03:55:44 +0200] "GET /ticket2/opencms/dk/no/buy/?page=1&edid=30C6C158-73AF-282E-DED7-4B91F167688B&sortorder=desc&column=row HTTP/1.1" 404 -
216.245.221.83 - - [07/Jul/2024:03:55:48 +0200] "HEAD /ticket2/opencms/en/ HTTP/1.1" 200 -
65.108.203.133 - - [07/Jul/2024:03:55:52 +0200] "GET /ticket2/opencms/dk/no/buy/?page=1&edid=30C89ECD-9C00-576C-AA0D-236F4C1FBD43&sortorder=asc&column=row HTTP/1.1" 404 -
81.167.26.57 - - [07/Jul/2024:03:55:55 +0200] "GET /ticket2/opencms/se/nl/buy/?page=1&edid=40B479D3-21EE-894D-F38D-1B68A6108A49&sortorder=asc&column=section HTTP/1.1" 404 -
66.249.79.232 - - [07/Jul/2024:03:55:55 +0200] "GET /ticket2/opencms/sv/faq/ HTTP/1.1" 200 76265
66.249.79.231 - - [07/Jul/2024:03:55:59 +0200] "GET /ticket2/opencms/system/modules/com.gridnine.opencms.ticketbrokerage.site/resources/js/jquery/jquery.js HTTP/1.1" 200 93868
81.167.26.57 - - [07/Jul/2024:03:55:59 +0200] "GET /ticket2/opencms/se/nl/buy/?page=1&edid=418F640D-FED9-8D6C-3AD1-01149267CC74&sortorder=asc&column=price HTTP/1.1" 404 -
65.108.203.133 - - [07/Jul/2024:03:56:01 +0200] "GET /ticket2/opencms/dk/no/buy/?page=1&edid=30C89ECD-9C00-576C-AA0D-236F4C1FBD43&sortorder=asc&column=section HTTP/1.1" 404 -
81.167.26.57 - - [07/Jul/2024:03:56:04 +0200] "GET /ticket2/opencms/se/nl/buy/?page=1&edid=418F640D-FED9-8D6C-3AD1-01149267CC74&sortorder=asc&column=row HTTP/1.1" 404 -
81.167.26.57 - - [07/Jul/2024:03:56:10 +0200] "GET /ticket2/opencms/se/nl/buy/?page=1&edid=418F640D-FED9-8D6C-3AD1-01149267CC74&sortorder=asc&column=section HTTP/1.1" 404 -
65.108.203.133 - - [07/Jul/2024:03:56:14 +0200] "GET /ticket2/opencms/dk/no/buy/?page=1&edid=3150A50C-406C-2280-37B6-F35D6C5A214C&sortorder=asc&column=price HTTP/1.1" 404 -
81.167.26.57 - - [07/Jul/2024:03:56:15 +0200] "GET /ticket2/opencms/se/nl/buy/?page=1&edid=418F640D-FED9-8D6C-3AD1-01149267CC74&sortorder=desc&column=price HTTP/1.1" 404 -
51.38.181.206 - - [07/Jul/2024:03:56:19 +0200] "GET /ticket2/opencms/robots.txt HTTP/1.1" 200 773
81.167.26.57 - - [07/Jul/2024:03:56:19 +0200] "GET /ticket2/opencms/se/nl/buy/?page=1&edid=418F640D-FED9-8D6C-3AD1-01149267CC74&sortorder=desc&column=section HTTP/1.1" 404 -
65.108.203.133 - - [07/Jul/2024:03:56:23 +0200] "GET /ticket2/opencms/dk/no/buy/?page=1&edid=32BA6030-A67A-1835-C2E2-950898229860&sortorder=desc&column=price HTTP/1.1" 404 -
81.167.26.57 - - [07/Jul/2024:03:56:24 +0200] "GET /ticket2/opencms/se/nl/buy/?page=1&edid=424EF7C2-EA43-6C2B-5DFC-FDAAF8467F7B&sortorder=asc&column=price HTTP/1.1" 404 -
81.167.26.57 - - [07/Jul/2024:03:56:28 +0200] "GET /ticket2/opencms/se/nl/buy/?page=1&edid=42B4FA5E-16E8-1BBB-7074-4F94B4A8F703&sortorder=asc&column=section HTTP/1.1" 404 -
54.38.85.21 - - [07/Jul/2024:03:56:30 +0200] "GET /ticket2/opencms/dk/robots.txt HTTP/1.1" 404 -
81.167.26.57 - - [07/Jul/2024:03:56:33 +0200] "GET /ticket2/opencms/se/nl/buy/?page=1&edid=437F7F57-119B-3C88-4AE1-DB313FC6EF55&sortorder=asc&column=price HTTP/1.1" 404 -
65.108.203.133 - - [07/Jul/2024:03:56:35 +0200] "GET /ticket2/opencms/dk/no/buy/?page=1&edid=32BA6030-A67A-1835-C2E2-950898229860&sortorder=desc&column=row HTTP/1.1" 404 -
81.167.26.57 - - [07/Jul/2024:03:56:37 +0200] "GET /ticket2/opencms/se/nl/buy/?page=1&edid=437F7F57-119B-3C88-4AE1-DB313FC6EF55&sortorder=asc&column=row HTTP/1.1" 404 -
81.167.26.57 - - [07/Jul/2024:03:56:42 +0200] "GET /ticket2/opencms/se/nl/buy/?page=1&edid=437F7F57-119B-3C88-4AE1-DB313FC6EF55&sortorder=asc&column=section HTTP/1.1" 404 -
51.38.181.206 - - [07/Jul/2024:03:56:44 +0200] "GET /ticket2/opencms/dk/buy/?page=1&edid=22067566-643A-AA4F-0095-4F8E05FA13EC&sortorder=asc&column=row HTTP/1.1" 200 89385
81.167.26.57 - - [07/Jul/2024:03:56:46 +0200] "GET /ticket2/opencms/se/nl/buy/?page=1&edid=4453C14F-FA3F-6A89-FB6F-D0C9D2CCD928&sortorder=desc&column=row HTTP/1.1" 404 -
65.108.203.133 - - [07/Jul/2024:03:56:48 +0200] "GET /ticket2/opencms/dk/no/buy/?page=1&edid=3365A2FF-D272-1DCA-3F68-9640C946FBC1 HTTP/1.1" 404 -
54.38.85.21 - - [07/Jul/2024:03:56:51 +0200] "GET /ticket2/opencms/dk/fi/buy/?page=1&edid=E0E0A92E-E970-D7B2-B5EB-9799FE58777D&sortorder=desc&column=row HTTP/1.1" 404 -
81.167.26.57 - - [07/Jul/2024:03:56:51 +0200] "GET /ticket2/opencms/se/nl/buy/?page=1&edid=467C66D6-CDB7-D867-1FE7-8347968DFEDD&sortorder=desc&column=price HTTP/1.1" 404 -
81.167.26.57 - - [07/Jul/2024:03:56:55 +0200] "GET /ticket2/opencms/se/nl/buy/?page=1&edid=467C66D6-CDB7-D867-1FE7-8347968DFEDD&sortorder=desc&column=row HTTP/1.1" 404 -
66.249.79.36 - - [07/Jul/2024:03:56:57 +0200] "GET /ticket2/opencms/dk/venue/?venueid=F8A78116-13FC-A58C-1378-740C94006FEA HTTP/1.1" 200 72089
65.108.203.133 - - [07/Jul/2024:03:56:59 +0200] "GET /ticket2/opencms/dk/no/buy/?page=1&edid=3365A2FF-D272-1DCA-3F68-9640C946FBC1&sortorder=desc&column=price HTTP/1.1" 404 -
81.167.26.57 - - [07/Jul/2024:03:57:00 +0200] "GET /ticket2/opencms/se/nl/buy/?page=1&edid=467C66D6-CDB7-D867-1FE7-8347968DFEDD&sortorder=desc&column=section HTTP/1.1" 404 -
81.167.26.57 - - [07/Jul/2024:03:57:05 +0200] "GET /ticket2/opencms/se/nl/buy/?page=1&edid=474F8C01-7120-DA67-D128-761352136E20&sortorder=asc&column=row HTTP/1.1" 404 -
81.167.26.57 - - [07/Jul/2024:03:57:09 +0200] "GET /ticket2/opencms/se/nl/buy/?page=1&edid=474F8C01-7120-DA67-D128-761352136E20&sortorder=asc&column=section HTTP/1.1" 404 -
81.167.26.57 - - [07/Jul/2024:03:57:14 +0200] "GET /ticket2/opencms/se/nl/buy/?page=1&edid=497CFADB-43B9-65B9-4674-F7F3D004A91F HTTP/1.1" 404 -
65.108.203.133 - - [07/Jul/2024:03:57:16 +0200] "GET /ticket2/opencms/dk/no/buy/?page=1&edid=3365A2FF-D272-1DCA-3F68-9640C946FBC1&sortorder=desc&column=section HTTP/1.1" 404 -
114.119.153.220 - - [07/Jul/2024:03:57:22 +0200] "GET /ticket2/opencms/en/venue/?countryid=219973C9-2DDA-2E70-1B9F-7B4A1AF9BB6C HTTP/1.1" 200 101010
54.38.85.21 - - [07/Jul/2024:03:57:23 +0200] "GET /ticket2/opencms/dk/fi/buy/?page=1&edid=E0E0A92E-E970-D7B2-B5EB-9799FE58777D&sortorder=desc&column=section HTTP/1.1" 404 -
66.249.79.32 - - [07/Jul/2024:03:57:27 +0200] "GET /ticket2/opencms/system/modules/com.gridnine.opencms.ticketbrokerage.site/resources/css/ticketbrokerage.css HTTP/1.1" 200 39339
66.249.79.37 - - [07/Jul/2024:03:57:27 +0200] "GET /ticket2/opencms/system/modules/com.gridnine.opencms.ticketbrokerage.site/resources/js/jquery/jquery.js HTTP/1.1" 200 93868
65.108.203.133 - - [07/Jul/2024:03:57:32 +0200] "GET /ticket2/opencms/dk/no/buy/?page=1&edid=337EFC79-C101-BF9B-6A25-21FEB51EA500&sortorder=asc&column=section HTTP/1.1" 404 -
81.167.26.57 - - [07/Jul/2024:03:57:35 +0200] "GET /ticket2/opencms/se/nl/buy/?page=1&edid=498207D5-8BE5-9D2E-9FF0-3383CEB347D8&sortorder=asc&column=section HTTP/1.1" 404 -
81.167.26.57 - - [07/Jul/2024:03:57:40 +0200] "GET /ticket2/opencms/se/nl/buy/?page=1&edid=4A1D70D3-E87D-9CAD-A3CA-0F1A9CD4D29D&sortorder=desc&column=row HTTP/1.1" 404 -
81.167.26.57 - - [07/Jul/2024:03:57:44 +0200] "GET /ticket2/opencms/se/nl/buy/?page=1&edid=4A1D70D3-E87D-9CAD-A3CA-0F1A9CD4D29D&sortorder=desc&column=section HTTP/1.1" 404 -
52.167.144.188 - - [07/Jul/2024:03:57:44 +0200] "GET /ticket2/opencms/sv/sport/motor/formel_1/monaco-gp.html HTTP/1.1" 200 73103
65.108.203.133 - - [07/Jul/2024:03:57:46 +0200] "GET /ticket2/opencms/dk/no/buy/?page=1&edid=36289134-0DCD-BEA0-FF0F-0714C683763A&sortorder=desc&column=section HTTP/1.1" 404 -
149.202.86.190 - - [07/Jul/2024:03:57:48 +0200] "GET /ticket2/opencms/dk/robots.txt HTTP/1.1" 404 -
81.167.26.57 - - [07/Jul/2024:03:57:49 +0200] "GET /ticket2/opencms/se/nl/buy/?page=1&edid=4A55A354-41C0-5A73-F976-7E7AA65D054F&sortorder=asc&column=row HTTP/1.1" 404 -
81.167.26.57 - - [07/Jul/2024:03:57:53 +0200] "GET /ticket2/opencms/se/nl/buy/?page=1&edid=4A55A354-41C0-5A73-F976-7E7AA65D054F&sortorder=desc&column=row HTTP/1.1" 404 -
81.167.26.57 - - [07/Jul/2024:03:57:58 +0200] "GET /ticket2/opencms/se/nl/buy/?page=1&edid=4AD5C3E0-1F1E-7CDC-C480-B4A9EACDF791&sortorder=desc&column=section HTTP/1.1" 404 -
54.38.85.21 - - [07/Jul/2024:03:57:58 +0200] "GET /ticket2/opencms/dk/fi/buy/?page=1&edid=E1AE95BB-08BF-529C-6F48-0C3BBAC9ACB0 HTTP/1.1" 404 -
185.191.171.6 - - [07/Jul/2024:03:57:59 +0200] "GET /ticket2/opencms/no/sport/fotballsbilletter/la_liga/mallorca/ HTTP/1.1" 200 74503
81.167.26.57 - - [07/Jul/2024:03:58:02 +0200] "GET /ticket2/opencms/se/nl/buy/?page=1&edid=4D0AE9B7-3FC7-8828-8150-08AA80E3B754&sortorder=desc&column=row HTTP/1.1" 404 -
65.108.203.133 - - [07/Jul/2024:03:58:05 +0200] "GET /ticket2/opencms/dk/no/buy/?page=1&edid=372BCEBA-73D9-CD96-AB91-B58F0B5EBDCF&sortorder=desc&column=row HTTP/1.1" 404 -
81.167.26.57 - - [07/Jul/2024:03:58:07 +0200] "GET /ticket2/opencms/se/nl/buy/?page=1&edid=4FA830E2-C33E-85F2-48C9-4764419401D5&sortorder=asc&column=price HTTP/1.1" 404 -
52.167.144.161 - - [07/Jul/2024:03:58:07 +0200] "GET /ticket2/opencms/no/sell/?edid=8003422E-102C-10A4-E113-90FEB2D86A47 HTTP/1.1" 302 -
52.167.144.161 - - [07/Jul/2024:03:58:11 +0200] "GET /ticket2/opencms/no/login/?url=/no/sell/ HTTP/1.1" 200 75036
81.167.26.57 - - [07/Jul/2024:03:58:11 +0200] "GET /ticket2/opencms/se/nl/buy/?page=1&edid=4FA830E2-C33E-85F2-48C9-4764419401D5&sortorder=asc&column=row HTTP/1.1" 404 -
81.167.26.57 - - [07/Jul/2024:03:58:16 +0200] "GET /ticket2/opencms/se/nl/buy/?page=1&edid=4FA830E2-C33E-85F2-48C9-4764419401D5&sortorder=asc&column=section HTTP/1.1" 404 -
114.119.130.29 - - [07/Jul/2024:03:58:16 +0200] "GET /ticket2/opencms/en/buy/?page=1&edid=789B0C2E-7EE9-275D-500F-4FA5025F2F5B HTTP/1.1" 200 88528
149.202.86.190 - - [07/Jul/2024:03:58:17 +0200] "GET /ticket2/opencms/dk/ru/buy/?page=1&edid=D6A1B130-9B06-3599-EB71-2853514A277E&sortorder=asc&column=section HTTP/1.1" 404 -
81.167.26.57 - - [07/Jul/2024:03:58:20 +0200] "GET /ticket2/opencms/se/nl/buy/?page=1&edid=4FE48696-3B70-377B-6913-F71F54555C01&sortorder=asc&column=row HTTP/1.1" 404 -
81.167.26.57 - - [07/Jul/2024:03:58:25 +0200] "GET /ticket2/opencms/se/nl/buy/?page=1&edid=50C0FE40-B971-378E-B393-EFCC781A0E84&sortorder=asc&column=section HTTP/1.1" 404 -
54.38.85.21 - - [07/Jul/2024:03:58:28 +0200] "GET /ticket2/opencms/dk/fi/buy/?page=1&edid=E210EA08-C305-62F6-445A-64FC62365EF4&sortorder=asc&column=price HTTP/1.1" 404 -
81.167.26.57 - - [07/Jul/2024:03:58:29 +0200] "GET /ticket2/opencms/se/nl/buy/?page=1&edid=50F18BFF-700E-1E6F-C17F-C358E206F903&sortorder=desc&column=price HTTP/1.1" 404 -
65.108.203.133 - - [07/Jul/2024:03:58:30 +0200] "GET /ticket2/opencms/dk/no/buy/?page=1&edid=3738F2CC-D0C9-3638-FE16-E3CC3D548765&sortorder=asc&column=section HTTP/1.1" 404 -
81.167.26.57 - - [07/Jul/2024:03:58:34 +0200] "GET /ticket2/opencms/se/nl/buy/?page=1&edid=50F18BFF-700E-1E6F-C17F-C358E206F903&sortorder=desc&column=row HTTP/1.1" 404 -
81.167.26.57 - - [07/Jul/2024:03:58:39 +0200] "GET /ticket2/opencms/se/nl/buy/?page=1&edid=50F18BFF-700E-1E6F-C17F-C358E206F903&sortorder=desc&column=section HTTP/1.1" 404 -
47.252.21.165 - - [07/Jul/2024:03:58:42 +0200] "GET / HTTP/1.0" 404 -
81.167.26.57 - - [07/Jul/2024:03:58:43 +0200] "GET /ticket2/opencms/se/nl/buy/?page=1&edid=51B34877-7C9F-78FD-7C5F-EE108BC846BA&sortorder=asc&column=price HTTP/1.1" 404 -
149.202.86.190 - - [07/Jul/2024:03:58:45 +0200] "GET /ticket2/opencms/dk/ru/buy/?page=1&edid=D6A1B130-9B06-3599-EB71-2853514A277E&sortorder=desc&column=price HTTP/1.1" 404 -
51.38.181.206 - - [07/Jul/2024:03:58:47 +0200] "GET /ticket2/opencms/dk/buy/?page=1&edid=340E5BC0-0678-0F69-8AB7-C49A393DA512&sortorder=asc&column=price HTTP/1.1" 200 87602
81.167.26.57 - - [07/Jul/2024:03:58:48 +0200] "GET /ticket2/opencms/se/nl/buy/?page=1&edid=51B34877-7C9F-78FD-7C5F-EE108BC846BA&sortorder=asc&column=row HTTP/1.1" 404 -
65.108.203.133 - - [07/Jul/2024:03:58:50 +0200] "GET /ticket2/opencms/dk/no/buy/?page=1&edid=62A92563-39B8-3109-2117-18D000C2EB87&sortorder=asc&column=price HTTP/1.1" 404 -
81.167.26.57 - - [07/Jul/2024:03:58:52 +0200] "GET /ticket2/opencms/se/nl/buy/?page=1&edid=51B34877-7C9F-78FD-7C5F-EE108BC846BA&sortorder=desc&column=price HTTP/1.1" 404 -
3.253.64.221 - - [07/Jul/2024:03:58:56 +0200] "GET /ticket2/opencms/sv/sport/fotbollsbiljetter/em_kval/ HTTP/1.1" 200 73433
81.167.26.57 - - [07/Jul/2024:03:58:57 +0200] "GET /ticket2/opencms/se/nl/buy/?page=1&edid=51B34877-7C9F-78FD-7C5F-EE108BC846BA&sortorder=desc&column=row HTTP/1.1" 404 -
54.38.85.21 - - [07/Jul/2024:03:58:59 +0200] "GET /ticket2/opencms/dk/fi/buy/?page=1&edid=E210EA08-C305-62F6-445A-64FC62365EF4&sortorder=asc&column=row HTTP/1.1" 404 -
81.167.26.57 - - [07/Jul/2024:03:59:01 +0200] "GET /ticket2/opencms/se/nl/buy/?page=1&edid=51B97722-D202-5F9B-2404-47133D11E51D&sortorder=asc&column=row HTTP/1.1" 404 -
81.167.26.57 - - [07/Jul/2024:03:59:06 +0200] "GET /ticket2/opencms/se/nl/buy/?page=1&edid=52EE3F5E-EA77-DDFB-0D6F-384FAF780AAF&sortorder=desc&column=row HTTP/1.1" 404 -
81.167.26.57 - - [07/Jul/2024:03:59:10 +0200] "GET /ticket2/opencms/se/nl/buy/?page=1&edid=532372F3-CD24-8B47-ABFE-5DFDFC4BEFF5&sortorder=asc&column=price HTTP/1.1" 404 -
65.108.203.133 - - [07/Jul/2024:03:59:12 +0200] "GET /ticket2/opencms/dk/no/buy/?page=1&edid=649D46CC-01CF-83EF-27C5-336542CC7BE4&sortorder=asc&column=row HTTP/1.1" 404 -
51.38.181.206 - - [07/Jul/2024:03:59:13 +0200] "GET /ticket2/opencms/dk/buy/?page=1&edid=3EB861B6-E18E-9E71-7780-7E9C719C08F8&sortorder=asc&column=row HTTP/1.1" 200 87829
81.167.26.57 - - [07/Jul/2024:03:59:15 +0200] "GET /ticket2/opencms/se/nl/buy/?page=1&edid=5392E939-2913-1A6E-CFC5-064780F64648&sortorder=asc&column=section HTTP/1.1" 404 -
216.245.221.83 - - [07/Jul/2024:03:59:15 +0200] "HEAD /ticket2/opencms/ HTTP/1.1" 302 -
216.245.221.83 - - [07/Jul/2024:03:59:16 +0200] "HEAD /ticket2/opencms/en/ HTTP/1.1" 200 -
81.167.26.57 - - [07/Jul/2024:03:59:19 +0200] "GET /ticket2/opencms/se/nl/buy/?page=1&edid=554473A5-DEC1-AC03-42D7-8CF0530B3AB1&sortorder=desc&column=price HTTP/1.1" 404 -
216.244.66.238 - - [07/Jul/2024:03:59:22 +0200] "GET /ticket2/opencms/robots.txt HTTP/1.1" 200 773
149.202.86.190 - - [07/Jul/2024:03:59:22 +0200] "GET /ticket2/opencms/dk/ru/buy/?page=1&edid=D6A1B130-9B06-3599-EB71-2853514A277E&sortorder=desc&column=row HTTP/1.1" 404 -
216.244.66.238 - - [07/Jul/2024:03:59:23 +0200] "GET /ticket2/opencms/robots.txt HTTP/1.1" 200 773
81.167.26.57 - - [07/Jul/2024:03:59:24 +0200] "GET /ticket2/opencms/se/nl/buy/?page=1&edid=554473A5-DEC1-AC03-42D7-8CF0530B3AB1&sortorder=desc&column=row HTTP/1.1" 404 -
114.119.135.169 - - [07/Jul/2024:03:59:28 +0200] "GET /ticket2/opencms/en/venue/?countryid=577F4BE1-D660-BA06-FD83-D505059D70AB HTTP/1.1" 200 101010
81.167.26.57 - - [07/Jul/2024:03:59:28 +0200] "GET /ticket2/opencms/se/nl/buy/?page=1&edid=554473A5-DEC1-AC03-42D7-8CF0530B3AB1&sortorder=desc&column=section HTTP/1.1" 404 -
81.167.26.57 - - [07/Jul/2024:03:59:33 +0200] "GET /ticket2/opencms/se/nl/buy/?page=1&edid=5685D4F1-DA1F-5275-BF3E-BE6818FDF10F&sortorder=asc&column=price HTTP/1.1" 404 -
89.246.241.14 - - [07/Jul/2024:03:59:33 +0200] "GET /ticket2/opencms/sv/sport/fotbollsbiljetter/premier_league/arsenal/ HTTP/1.1" 200 86760
198.235.24.120 - - [07/Jul/2024:03:59:35 +0200] "??v?[??? ?NoC?