114.119.159.6 - - [19/Jul/2024:07:02:57 +0200] "GET /ticket2/opencms/en/sell?edid=266863E9-0D4A-8983-3D6E-89AEC4F0BA41 HTTP/1.1" 302 -
192.95.30.21 - - [19/Jul/2024:07:02:58 +0200] "GET /ticket2/opencms/se/no/buy/?page=1&edid=054983DD-B81A-7D3F-365C-83D4087186D5&sortorder=desc&column=row HTTP/1.1" 404 -
114.119.159.6 - - [19/Jul/2024:07:03:00 +0200] "GET /ticket2/opencms/en/login/?url=/en/sell/ HTTP/1.1" 200 72802
40.77.167.63 - - [19/Jul/2024:07:03:00 +0200] "GET /ticket2/opencms/dk/en/buy/?page=1&edid=0B5745BA-B7A8-B4EB-CD0C-AFC19ED3EC86 HTTP/1.1" 404 -
192.95.30.21 - - [19/Jul/2024:07:03:02 +0200] "GET /ticket2/opencms/se/no/buy/?page=1&edid=05D22DC2-C8CC-911A-5392-29A47CDB52B7 HTTP/1.1" 404 -
194.163.141.13 - - [19/Jul/2024:07:03:05 +0200] "GET /ticket2/opencms/sv/buy/?page=1&edid=F54D8C8D-5C06-7A10-2302-6EF73D28A9FF&sortorder=asc&column=price HTTP/1.1" 200 86867
192.95.30.21 - - [19/Jul/2024:07:03:05 +0200] "GET /ticket2/opencms/se/no/buy/?page=1&edid=0750C6FE-B11D-02C8-6F08-958B2A2EF455 HTTP/1.1" 404 -
192.95.30.21 - - [19/Jul/2024:07:03:09 +0200] "GET /ticket2/opencms/se/no/buy/?page=1&edid=07D24578-F577-FB97-B11A-7D3A32948F2C&sortorder=desc&column=row HTTP/1.1" 404 -
192.95.30.21 - - [19/Jul/2024:07:03:12 +0200] "GET /ticket2/opencms/se/no/buy/?page=1&edid=07D24578-F577-FB97-B11A-7D3A32948F2C&sortorder=desc&column=section HTTP/1.1" 404 -
192.95.30.21 - - [19/Jul/2024:07:03:16 +0200] "GET /ticket2/opencms/se/no/buy/?page=1&edid=07EA412C-3486-2D43-F1B9-FDEC67DDE38E HTTP/1.1" 404 -
192.95.30.21 - - [19/Jul/2024:07:03:19 +0200] "GET /ticket2/opencms/se/no/buy/?page=1&edid=09BCEBCD-087A-9ADA-95C7-1647396B134E HTTP/1.1" 404 -
114.119.141.139 - - [19/Jul/2024:07:03:21 +0200] "GET /ticket2/opencms/dk/dk/venue/?venueid=77047E47-2FF4-16B0-5A77-56A30F69DDD8 HTTP/1.1" 404 -
194.163.141.13 - - [19/Jul/2024:07:03:22 +0200] "GET /ticket2/opencms/sv/buy/?page=1&edid=F54D8C8D-5C06-7A10-2302-6EF73D28A9FF&sortorder=asc&column=section HTTP/1.1" 200 86867
192.95.30.21 - - [19/Jul/2024:07:03:23 +0200] "GET /ticket2/opencms/se/no/buy/?page=1&edid=0AB20BDC-9FF9-D7F9-B52D-D99550E68013 HTTP/1.1" 404 -
192.95.30.21 - - [19/Jul/2024:07:03:26 +0200] "GET /ticket2/opencms/se/no/buy/?page=1&edid=0AC91052-66F1-98AF-E562-D5B9EF6D6780&sortorder=asc&column=price HTTP/1.1" 404 -
216.244.66.238 - - [19/Jul/2024:07:03:29 +0200] "GET /ticket2/opencms/se/fi/urheilu/jalkapallo/la-liga/las_palmas/ HTTP/1.1" 404 -
158.220.123.226 - - [19/Jul/2024:07:03:29 +0200] "GET /ticket2/opencms/se/sv/buy/?page=1&edid=10515F0B-6422-A692-0748-D7547F0F118B HTTP/1.1" 404 -
192.95.30.21 - - [19/Jul/2024:07:03:30 +0200] "GET /ticket2/opencms/se/no/buy/?page=1&edid=0B99F264-DDE8-4DC8-6523-EAB707062740 HTTP/1.1" 404 -
216.244.66.238 - - [19/Jul/2024:07:03:30 +0200] "GET /ticket2/opencms/se/sv/sport/fotbollsbiljetter/serie_a/empoli/ HTTP/1.1" 404 -
194.163.141.13 - - [19/Jul/2024:07:03:32 +0200] "GET /ticket2/opencms/sv/buy/?page=1&edid=FA10A89B-3CF9-4702-0AC0-BE7FB07004BD&sortorder=desc&column=section HTTP/1.1" 200 88198
192.95.30.21 - - [19/Jul/2024:07:03:35 +0200] "GET /ticket2/opencms/se/no/buy/?comcatid=A17713B6-D984-201A-4143-ED4DB5ED5C2E&catid=42C82D82-D02A-8562-E55C-48ADB3771882 HTTP/1.1" 404 -
192.95.30.21 - - [19/Jul/2024:07:03:41 +0200] "GET /ticket2/opencms/se/no/buy/?comcatid=A17713B6-D984-201A-4143-ED4DB5ED5C2E&catid=4B941E1B-E4E2-C53E-C693-9FA91BBA9AD5 HTTP/1.1" 404 -
114.119.132.202 - - [19/Jul/2024:07:03:43 +0200] "GET /ticket2/opencms/en/venue/?venueid=F07570AB-6180-6ECF-7A44-E3C64FEDE92E HTTP/1.1" 200 70759
194.163.141.13 - - [19/Jul/2024:07:03:44 +0200] "GET /ticket2/opencms/sv/buy/?page=1&edid=FAA7165D-A922-1603-AEA2-82846AE794CA&sortorder=desc&column=row HTTP/1.1" 200 88670
66.249.79.233 - - [19/Jul/2024:07:03:46 +0200] "GET /ticket2/opencms/sv/magazine HTTP/1.1" 200 112544
192.95.30.21 - - [19/Jul/2024:07:03:46 +0200] "GET /ticket2/opencms/se/no/buy/?comcatid=A17713B6-D984-201A-4143-ED4DB5ED5C2E&catid=515A9A29-35A0-2DB8-262B-AEF122DB04F6 HTTP/1.1" 404 -
66.249.79.171 - - [19/Jul/2024:07:03:50 +0200] "GET /ticket2/opencms/en/buy?page=1&edid=0F9D6B87-FBA2-98F6-6A11-CBBA4D2A86C1 HTTP/1.1" 200 115458
40.77.167.23 - - [19/Jul/2024:07:03:50 +0200] "GET /ticket2/opencms/en/buy?page=1&edid=F6EA85FF-0C92-4E0B-8BE3-1EAE8EB00385 HTTP/1.1" 200 84562
66.249.79.74 - - [19/Jul/2024:07:03:51 +0200] "GET /ticket2/opencms/sv/buy/?page=1&edid=91822FE2-DE87-A84A-2822-E8AA69FE74C1 HTTP/1.1" 200 91352
192.95.30.21 - - [19/Jul/2024:07:03:52 +0200] "GET /ticket2/opencms/se/no/buy/?comcatid=A17713B6-D984-201A-4143-ED4DB5ED5C2E&catid=573B7747-EE85-D769-C87D-F3F61FB64AA5 HTTP/1.1" 404 -
66.249.76.132 - - [19/Jul/2024:07:03:53 +0200] "GET /ticket2/opencms/en/venue/?venueid=A3BB5C5F-AE9B-C3F6-5C60-F2B46B94318E HTTP/1.1" 200 70730
194.163.141.13 - - [19/Jul/2024:07:03:53 +0200] "GET /ticket2/opencms/sv/buy/?page=1&edid=FAA7165D-A922-1603-AEA2-82846AE794CA&sortorder=desc&column=section HTTP/1.1" 200 88670
66.249.79.171 - - [19/Jul/2024:07:03:54 +0200] "GET /ticket2/opencms/fi/buy/?page=1&edid=38A9CF02-8181-1667-78E4-4388829901BC HTTP/1.1" 200 112698
66.249.76.2 - - [19/Jul/2024:07:03:54 +0200] "GET /ticket2/opencms/en/help/ HTTP/1.1" 200 71647
192.95.30.21 - - [19/Jul/2024:07:03:57 +0200] "GET /ticket2/opencms/se/no/buy/?comcatid=A17713B6-D984-201A-4143-ED4DB5ED5C2E&catid=64756941-02D2-3538-2077-8C2508F4A3A8 HTTP/1.1" 404 -
66.249.76.132 - - [19/Jul/2024:07:03:58 +0200] "GET /ticket2/opencms/system/modules/com.gridnine.opencms.ticketbrokerage.site/resources/js/calendar-setup.js HTTP/1.1" 200 4923
192.95.30.21 - - [19/Jul/2024:07:04:03 +0200] "GET /ticket2/opencms/se/no/buy/?comcatid=A17713B6-D984-201A-4143-ED4DB5ED5C2E&catid=6BD6E0B0-84AF-3A0D-3851-C1357CE9B771 HTTP/1.1" 404 -
194.163.141.13 - - [19/Jul/2024:07:04:08 +0200] "GET /ticket2/opencms/sv/buy/?page=1&edid=FB730AA6-A470-8EFB-27FE-924D530AC7B8&sortorder=asc&column=price HTTP/1.1" 200 87755
192.95.30.21 - - [19/Jul/2024:07:04:08 +0200] "GET /ticket2/opencms/se/no/buy/?comcatid=A17713B6-D984-201A-4143-ED4DB5ED5C2E&catid=70B37487-FE30-D476-CAE7-E6AFEA3153F2 HTTP/1.1" 404 -
192.95.30.21 - - [19/Jul/2024:07:04:14 +0200] "GET /ticket2/opencms/se/no/buy/?comcatid=A17713B6-D984-201A-4143-ED4DB5ED5C2E&catid=739BFC5D-78FA-6834-D764-6CE64CA5F9EC HTTP/1.1" 404 -
192.95.30.21 - - [19/Jul/2024:07:04:19 +0200] "GET /ticket2/opencms/se/no/buy/?comcatid=A17713B6-D984-201A-4143-ED4DB5ED5C2E&catid=7ACC33AD-EE7E-AAA7-9050-0F4587759B87 HTTP/1.1" 404 -
158.220.123.226 - - [19/Jul/2024:07:04:20 +0200] "GET /ticket2/opencms/se/sv/buy/?page=1&edid=1055D4C3-6294-B312-F201-0E11C346F796 HTTP/1.1" 404 -
194.163.141.13 - - [19/Jul/2024:07:04:20 +0200] "GET /ticket2/opencms/sv/buy/?page=1&edid=FB863E77-1EDD-3C8E-5548-64C9D2398F99 HTTP/1.1" 200 88463
192.95.30.21 - - [19/Jul/2024:07:04:25 +0200] "GET /ticket2/opencms/se/no/buy/?comcatid=A17713B6-D984-201A-4143-ED4DB5ED5C2E&catid=7CF2D645-F785-0CBB-1B7C-C4711617EAAD HTTP/1.1" 404 -
141.98.11.15 - - [19/Jul/2024:07:04:27 +0200] "CONNECT google.com:443 HTTP/1.1" 400 -
194.163.141.13 - - [19/Jul/2024:07:04:27 +0200] "GET /ticket2/opencms/sv/buy/?page=1&edid=FCE28E82-BE89-23B6-8BEA-3B839D938E7F&sortorder=desc&column=row HTTP/1.1" 200 88191
192.95.30.21 - - [19/Jul/2024:07:04:30 +0200] "GET /ticket2/opencms/se/no/buy/?comcatid=A17713B6-D984-201A-4143-ED4DB5ED5C2E&catid=7EF04817-972D-18B1-F941-DE800D088075 HTTP/1.1" 404 -
192.95.30.21 - - [19/Jul/2024:07:04:36 +0200] "GET /ticket2/opencms/se/no/buy/?comcatid=A17713B6-D984-201A-4143-ED4DB5ED5C2E&catid=88C381AD-5D76-A34D-AC15-A7129F8EF5BE HTTP/1.1" 404 -
194.163.141.13 - - [19/Jul/2024:07:04:37 +0200] "GET /ticket2/opencms/sv/buy/?page=1&edid=FD5EADA1-883B-A62D-8C8E-F8542B264BD2&sortorder=asc&column=section HTTP/1.1" 200 85341
192.95.30.21 - - [19/Jul/2024:07:04:41 +0200] "GET /ticket2/opencms/se/no/buy/?comcatid=A17713B6-D984-201A-4143-ED4DB5ED5C2E&catid=8AA488FA-6797-D710-8108-3088D6948FC1 HTTP/1.1" 404 -
194.163.141.13 - - [19/Jul/2024:07:04:44 +0200] "GET /ticket2/opencms/sv/buy/?page=1&edid=FE84BAFC-CCB6-50CE-4161-D28C42F593C7&sortorder=desc&column=row HTTP/1.1" 200 85371
192.95.30.21 - - [19/Jul/2024:07:04:47 +0200] "GET /ticket2/opencms/se/no/buy/?comcatid=A17713B6-D984-201A-4143-ED4DB5ED5C2E&catid=A3372871-3019-08B8-80CE-74B78F441ACA HTTP/1.1" 404 -
47.128.17.108 - - [19/Jul/2024:07:04:49 +0200] "GET /ticket2/opencms/nl/buy/?edid=AAD8B8EA-9AED-21A9-2967-40D5EB8A5581 HTTP/1.1" 200 70448
47.128.17.108 - - [19/Jul/2024:07:04:49 +0200] "GET /ticket2/opencms/system/modules/com.gridnine.opencms.ticketbrokerage.site/resources/js/calendar-en.js HTTP/1.1" 200 3338
47.128.17.108 - - [19/Jul/2024:07:04:50 +0200] "GET /ticket2/opencms/system/modules/com.gridnine.opencms.ticketbrokerage.site/resources/pics/logo-new.png HTTP/1.1" 200 13541
47.128.17.108 - - [19/Jul/2024:07:04:50 +0200] "GET /ticket2/opencms/system/modules/com.gridnine.opencms.ticketbrokerage.site/resources/pics/footer-img.png HTTP/1.1" 200 10350
37.123.143.245 - - [19/Jul/2024:07:04:51 +0200] "GET /ticket2/opencms/system/workplace/views/top_foot.jsp?wpFrame=foot HTTP/1.1" 200 1211
37.123.143.245 - - [19/Jul/2024:07:04:52 +0200] "GET /ticket2/opencms/system/workplace/commons/style/workplace.css HTTP/1.1" 200 14209
192.95.30.21 - - [19/Jul/2024:07:04:53 +0200] "GET /ticket2/opencms/se/no/buy/?comcatid=A17713B6-D984-201A-4143-ED4DB5ED5C2E&catid=AE3FE643-AE41-BAA6-237D-5206D1B044A1 HTTP/1.1" 404 -
194.163.141.13 - - [19/Jul/2024:07:04:57 +0200] "GET /ticket2/opencms/sv/buy/?page=1&edid=FE84BAFC-CCB6-50CE-4161-D28C42F593C7&sortorder=desc&column=section HTTP/1.1" 200 85371
192.95.30.21 - - [19/Jul/2024:07:04:58 +0200] "GET /ticket2/opencms/se/no/buy/?page=1&edid=028BD9CD-FB54-2ACE-6838-AA954A93FDE4&sortorder=asc&column=row HTTP/1.1" 404 -
192.95.30.21 - - [19/Jul/2024:07:05:03 +0200] "GET /ticket2/opencms/se/no/buy/?page=1&edid=028BD9CD-FB54-2ACE-6838-AA954A93FDE4&sortorder=asc&column=section HTTP/1.1" 404 -
194.163.141.13 - - [19/Jul/2024:07:05:05 +0200] "GET /ticket2/opencms/sv/buy/?page=1&edid=FE9A8ACB-C8DC-2145-7856-06F77AC0FB07&sortorder=desc&column=price HTTP/1.1" 200 87131
192.95.30.21 - - [19/Jul/2024:07:05:09 +0200] "GET /ticket2/opencms/se/no/buy/?page=1&edid=03337102-274E-EF7A-5BBB-8B18B768E4C2&sortorder=asc&column=price HTTP/1.1" 404 -
194.38.23.16 - - [19/Jul/2024:07:05:10 +0200] "GET /ticket2/opencms/modules/mod_impact/elements/upload_file.php HTTP/1.1" 404 -
158.220.123.226 - - [19/Jul/2024:07:05:10 +0200] "GET /ticket2/opencms/se/sv/buy/?page=1&edid=106FABEB-1625-76C0-96E9-569261E1AC5D HTTP/1.1" 404 -
192.95.30.21 - - [19/Jul/2024:07:05:14 +0200] "GET /ticket2/opencms/se/no/buy/?page=1&edid=03337102-274E-EF7A-5BBB-8B18B768E4C2&sortorder=asc&column=section HTTP/1.1" 404 -
194.163.141.13 - - [19/Jul/2024:07:05:20 +0200] "GET /ticket2/opencms/sv/buy/?page=1&edid=FE9A8ACB-C8DC-2145-7856-06F77AC0FB07&sortorder=desc&column=row HTTP/1.1" 200 87131
192.95.30.21 - - [19/Jul/2024:07:05:20 +0200] "GET /ticket2/opencms/se/no/buy/?page=1&edid=0341AF20-4F3F-63CA-C1A9-8C1AA13C52B1&sortorder=asc&column=row HTTP/1.1" 404 -
192.95.30.21 - - [19/Jul/2024:07:05:25 +0200] "GET /ticket2/opencms/se/no/buy/?page=1&edid=035EA6C4-0B9C-9EE2-0E21-91544FF197C8&sortorder=asc&column=price HTTP/1.1" 404 -
194.163.141.13 - - [19/Jul/2024:07:05:29 +0200] "GET /ticket2/opencms/sv/buy/?page=1&edid=FE9A8ACB-C8DC-2145-7856-06F77AC0FB07&sortorder=desc&column=section HTTP/1.1" 200 87131
192.95.30.21 - - [19/Jul/2024:07:05:31 +0200] "GET /ticket2/opencms/se/no/buy/?page=1&edid=035EA6C4-0B9C-9EE2-0E21-91544FF197C8&sortorder=asc&column=row HTTP/1.1" 404 -
52.167.144.234 - - [19/Jul/2024:07:05:33 +0200] "GET /ticket2/opencms/dk/buy/?page=1&edid=5CA6204E-B944-1C9C-2A91-E87C8D0203BC HTTP/1.1" 200 109929
40.77.167.62 - - [19/Jul/2024:07:05:34 +0200] "GET /ticket2/opencms/sv/buy/?page=1&edid=E561DB0E-D1A5-DAD8-3EB4-1648A983060B HTTP/1.1" 200 87931
192.95.30.21 - - [19/Jul/2024:07:05:36 +0200] "GET /ticket2/opencms/se/no/buy/?page=1&edid=035EA6C4-0B9C-9EE2-0E21-91544FF197C8&sortorder=asc&column=section HTTP/1.1" 404 -
194.163.141.13 - - [19/Jul/2024:07:05:38 +0200] "GET /ticket2/opencms/sv/buy/?page=1&edid=FF0D3809-EDF7-7D77-577F-435AF719EB43&sortorder=desc&column=price HTTP/1.1" 200 86048
119.8.191.57 - - [19/Jul/2024:07:05:40 +0200] "GET /ticket2/opencms/sv/tickets/west_ham_united/swansea.html HTTP/1.1" 200 71920
192.95.30.21 - - [19/Jul/2024:07:05:42 +0200] "GET /ticket2/opencms/se/no/buy/?page=1&edid=04B62BE8-DBA1-6837-BCBE-53D7E0288921&sortorder=asc&column=price HTTP/1.1" 404 -
194.163.141.13 - - [19/Jul/2024:07:05:45 +0200] "GET /ticket2/opencms/sv/buy/?page=1&edid=FF0D3809-EDF7-7D77-577F-435AF719EB43&sortorder=desc&column=section HTTP/1.1" 200 86048
192.95.30.21 - - [19/Jul/2024:07:05:47 +0200] "GET /ticket2/opencms/se/no/buy/?page=1&edid=04B62BE8-DBA1-6837-BCBE-53D7E0288921&sortorder=asc&column=row HTTP/1.1" 404 -
192.95.30.21 - - [19/Jul/2024:07:05:53 +0200] "GET /ticket2/opencms/se/no/buy/?page=1&edid=04B62BE8-DBA1-6837-BCBE-53D7E0288921&sortorder=asc&column=section HTTP/1.1" 404 -
194.163.141.13 - - [19/Jul/2024:07:05:55 +0200] "GET /ticket2/opencms/sv/buy/?page=10&eventid=6CE976A6-C041-3D5C-6428-EBDF44629C04&venueid=25D22905-BFD1-9557-88F6-23DC20EBCEDD HTTP/1.1" 200 72955
66.249.79.232 - - [19/Jul/2024:07:05:56 +0200] "GET /ticket2/opencms/fi/buy?page=1&edid=86A7D428-8E42-C0D0-846E-90C83426D4AE HTTP/1.1" 200 101091
66.249.76.168 - - [19/Jul/2024:07:05:57 +0200] "GET /ticket2/opencms/fi/venue/?venueid=D441DE26-A039-9DEB-7925-37728B4C8DF8 HTTP/1.1" 200 72297
192.95.30.21 - - [19/Jul/2024:07:05:58 +0200] "GET /ticket2/opencms/se/no/buy/?page=1&edid=0530B04D-A7D8-F1B4-7BA2-ACEFA0B23712&sortorder=asc&column=price HTTP/1.1" 404 -
158.220.123.226 - - [19/Jul/2024:07:06:02 +0200] "GET /ticket2/opencms/se/sv/buy/?page=1&edid=10A62337-6080-4764-6B3B-E77181019E55 HTTP/1.1" 404 -
194.163.141.13 - - [19/Jul/2024:07:06:03 +0200] "GET /ticket2/opencms/sv/buy/?page=10&eventid=8EAFADEE-99BA-58E9-38CE-236509AF7EF0&venueid=66E1E988-5937-F001-455A-788C6919D4BB HTTP/1.1" 200 72925
192.95.30.21 - - [19/Jul/2024:07:06:04 +0200] "GET /ticket2/opencms/se/no/buy/?page=1&edid=0530B04D-A7D8-F1B4-7BA2-ACEFA0B23712&sortorder=asc&column=row HTTP/1.1" 404 -
192.95.30.21 - - [19/Jul/2024:07:06:09 +0200] "GET /ticket2/opencms/se/no/buy/?page=1&edid=0530B04D-A7D8-F1B4-7BA2-ACEFA0B23712&sortorder=asc&column=section HTTP/1.1" 404 -
46.133.49.236 - - [19/Jul/2024:07:06:11 +0200] "GET /ticket2/opencms/sv/sport/fotbollsbiljetter/premier_league/?gad_source=1&gclid=EAIaIQobChMI-Na9pqyyhwMV2mBIAB1-ygvBEAAYAyACEgLmqPD_BwE HTTP/1.1" 200 79671
192.95.30.21 - - [19/Jul/2024:07:06:15 +0200] "GET /ticket2/opencms/se/no/buy/?page=1&edid=0530B04D-A7D8-F1B4-7BA2-ACEFA0B23712&sortorder=desc&column=price HTTP/1.1" 404 -
194.163.141.13 - - [19/Jul/2024:07:06:19 +0200] "GET /ticket2/opencms/sv/buy/?page=10&eventid=932F9475-6FAB-B413-BBDD-1A4B4F0C8526&venueid=BBFDFA62-30E5-0CF7-5C31-22BFF847E1A4 HTTP/1.1" 200 72925
192.95.30.21 - - [19/Jul/2024:07:06:20 +0200] "GET /ticket2/opencms/se/no/buy/?page=1&edid=0530B04D-A7D8-F1B4-7BA2-ACEFA0B23712&sortorder=desc&column=row HTTP/1.1" 404 -
192.95.30.21 - - [19/Jul/2024:07:06:26 +0200] "GET /ticket2/opencms/se/no/buy/?page=1&edid=0530B04D-A7D8-F1B4-7BA2-ACEFA0B23712&sortorder=desc&column=section HTTP/1.1" 404 -
40.77.167.7 - - [19/Jul/2024:07:06:27 +0200] "GET /ticket2/opencms/sv/buy/?page=6&comcatid=A17713B6-D984-201A-4143-ED4DB5ED5C2E&catid=E961462E-5AC2-64D6-5850-A310C9DEAA06 HTTP/1.1" 200 82378
194.163.141.13 - - [19/Jul/2024:07:06:27 +0200] "GET /ticket2/opencms/sv/buy/?page=10&eventid=A3FDC806-06FF-C511-3EF9-F36CC2FF375F HTTP/1.1" 200 72928
114.119.155.23 - - [19/Jul/2024:07:06:31 +0200] "GET /ticket2/opencms/en/buy/?page=1&edid=A4C26F4F-71A9-352B-54F5-F6F1C67259BB HTTP/1.1" 200 84548
192.95.30.21 - - [19/Jul/2024:07:06:31 +0200] "GET /ticket2/opencms/se/no/buy/?page=1&edid=0547F085-8C1B-46DF-AD9F-504A808516FF&sortorder=asc&column=row HTTP/1.1" 404 -
194.163.141.13 - - [19/Jul/2024:07:06:36 +0200] "GET /ticket2/opencms/sv/buy/?page=10&eventid=A3FDC806-06FF-C511-3EF9-F36CC2FF375F&venueid=4C9467B2-6A62-2081-D8AE-397B47B3C12E HTTP/1.1" 200 72928
192.95.30.21 - - [19/Jul/2024:07:06:37 +0200] "GET /ticket2/opencms/se/no/buy/?page=1&edid=0547F085-8C1B-46DF-AD9F-504A808516FF&sortorder=asc&column=section HTTP/1.1" 404 -
192.95.30.21 - - [19/Jul/2024:07:06:42 +0200] "GET /ticket2/opencms/se/no/buy/?page=1&edid=060B85D1-BB32-0F4F-14CC-425372D96ED2&sortorder=asc&column=price HTTP/1.1" 404 -
77.241.128.201 - - [19/Jul/2024:07:06:43 +0200] "GET /ticket2/opencms/dk/buy/?page=1&edid=8D7E4EA3-ED35-1CF7-A7BE-8DD27899E495&hlv=65ba1071-f1f0-4e3a-9a61-118f0a01000f HTTP/1.1" 200 87290
77.241.128.201 - - [19/Jul/2024:07:06:43 +0200] "GET /ticket2/opencms/system/modules/com.gridnine.opencms.ticketbrokerage.site/resources/js/jquery/jquery-ui.js HTTP/1.1" 200 228088
194.163.141.13 - - [19/Jul/2024:07:06:45 +0200] "GET /ticket2/opencms/sv/buy/?page=10&eventid=B3A3B08E-142B-E60E-E795-A7D987C2A152 HTTP/1.1" 200 72937
192.95.30.21 - - [19/Jul/2024:07:06:48 +0200] "GET /ticket2/opencms/se/no/buy/?page=1&edid=060C0EE9-3660-B6E5-7141-2D93961E8D86&sortorder=asc&column=price HTTP/1.1" 404 -
216.244.66.196 - - [19/Jul/2024:07:06:48 +0200] "GET /ticket2/opencms/robots.txt HTTP/1.1" 200 773
194.163.141.13 - - [19/Jul/2024:07:06:49 +0200] "GET /ticket2/opencms/sv/buy/?page=10&eventid=B3A3B08E-142B-E60E-E795-A7D987C2A152&venueid=0244E869-E2F3-A6E3-662F-EE6F7C68AB65 HTTP/1.1" 200 72937
192.95.30.21 - - [19/Jul/2024:07:06:53 +0200] "GET /ticket2/opencms/se/no/buy/?page=1&edid=060C0EE9-3660-B6E5-7141-2D93961E8D86&sortorder=asc&column=row HTTP/1.1" 404 -
194.163.141.13 - - [19/Jul/2024:07:06:57 +0200] "GET /ticket2/opencms/sv/login/?edid=D671AA4B-F4FE-4377-0CEE-00CC26515A20 HTTP/1.1" 200 73621
66.249.76.2 - - [19/Jul/2024:07:06:58 +0200] "GET /ticket2/opencms/es/buy?page=1&edid=32359E59-20A4-8706-5D64-A284D441A719 HTTP/1.1" 200 101239
192.95.30.21 - - [19/Jul/2024:07:06:59 +0200] "GET /ticket2/opencms/se/no/buy/?page=1&edid=060C0EE9-3660-B6E5-7141-2D93961E8D86&sortorder=asc&column=section HTTP/1.1" 404 -
158.220.123.226 - - [19/Jul/2024:07:07:00 +0200] "GET /ticket2/opencms/se/sv/buy/?page=1&edid=10FBE5D4-FAB6-B08C-61D0-4B7EDF5E3DDE HTTP/1.1" 404 -
194.163.141.13 - - [19/Jul/2024:07:07:04 +0200] "GET /ticket2/opencms/sv/login/?edid=E8B96A61-AE91-9A43-C22E-F62B2B03FCE0 HTTP/1.1" 200 73621
192.95.30.21 - - [19/Jul/2024:07:07:04 +0200] "GET /ticket2/opencms/se/no/buy/?page=1&edid=075E3C70-69A2-5F4E-D9C5-90A6A85ED3CA&sortorder=asc&column=price HTTP/1.1" 404 -
47.128.123.42 - - [19/Jul/2024:07:07:05 +0200] "GET /ticket2/opencms/nl/buy/?edid=BE86B5EF-5564-EB49-7409-BA54955A78A8 HTTP/1.1" 200 70448
47.128.123.42 - - [19/Jul/2024:07:07:05 +0200] "GET /ticket2/opencms/system/modules/com.gridnine.opencms.ticketbrokerage.site/resources/pics/logo-new.png HTTP/1.1" 200 13541
47.128.123.42 - - [19/Jul/2024:07:07:06 +0200] "GET /ticket2/opencms/system/modules/com.gridnine.opencms.ticketbrokerage.site/resources/pics/footer-img.png HTTP/1.1" 200 10350
192.95.30.21 - - [19/Jul/2024:07:07:10 +0200] "GET /ticket2/opencms/se/no/buy/?page=1&edid=075E3C70-69A2-5F4E-D9C5-90A6A85ED3CA&sortorder=asc&column=row HTTP/1.1" 404 -
194.163.141.13 - - [19/Jul/2024:07:07:15 +0200] "GET /ticket2/opencms/sv/login/?edid=EC74E210-A5EE-51AE-1B8A-E040E50F22D8 HTTP/1.1" 200 73621
192.95.30.21 - - [19/Jul/2024:07:07:16 +0200] "GET /ticket2/opencms/se/no/buy/?page=1&edid=075E3C70-69A2-5F4E-D9C5-90A6A85ED3CA&sortorder=asc&column=section HTTP/1.1" 404 -
194.163.141.13 - - [19/Jul/2024:07:07:18 +0200] "GET /ticket2/opencms/sv/sell/?edid=B93B0FFA-1133-B639-A688-B05549F4B695 HTTP/1.1" 302 -
114.119.158.193 - - [19/Jul/2024:07:07:19 +0200] "GET /ticket2/opencms/en/venue/?venueid=AAC9A474-6F1C-8E49-0F79-0EFC179B3230 HTTP/1.1" 200 70742
192.95.30.21 - - [19/Jul/2024:07:07:21 +0200] "GET /ticket2/opencms/se/no/buy/?page=1&edid=07E994FA-5ABF-79E5-A7D3-0B7E2EE6286D&sortorder=asc&column=row HTTP/1.1" 404 -
192.95.30.21 - - [19/Jul/2024:07:07:26 +0200] "GET /ticket2/opencms/se/no/buy/?page=1&edid=07E994FA-5ABF-79E5-A7D3-0B7E2EE6286D&sortorder=asc&column=section HTTP/1.1" 404 -
194.163.141.13 - - [19/Jul/2024:07:07:28 +0200] "GET /ticket2/opencms/sv/login/?edid=B93B0FFA-1133-B639-A688-B05549F4B695 HTTP/1.1" 200 73621
192.95.30.21 - - [19/Jul/2024:07:07:32 +0200] "GET /ticket2/opencms/se/no/buy/?page=1&edid=080DEC25-34C8-7AA7-E30D-904E332D4A16&sortorder=asc&column=price HTTP/1.1" 404 -
194.163.141.13 - - [19/Jul/2024:07:07:32 +0200] "GET /ticket2/opencms/sv/sell/?edid=C1AA3CD8-9B92-9EEB-74B5-3A5D9E84C8B5 HTTP/1.1" 302 -
192.95.30.21 - - [19/Jul/2024:07:07:37 +0200] "GET /ticket2/opencms/se/no/buy/?page=1&edid=080DEC25-34C8-7AA7-E30D-904E332D4A16&sortorder=asc&column=row HTTP/1.1" 404 -
216.244.66.238 - - [19/Jul/2024:07:07:38 +0200] "GET /ticket2/opencms/no/buy/?page=1&edid=6C967880-E08B-3121-25D0-F145A5542A49 HTTP/1.1" 200 103670
194.163.141.13 - - [19/Jul/2024:07:07:40 +0200] "GET /ticket2/opencms/sv/login/?edid=C1AA3CD8-9B92-9EEB-74B5-3A5D9E84C8B5 HTTP/1.1" 200 73621
63.143.42.252 - - [19/Jul/2024:07:07:41 +0200] "HEAD /ticket2/opencms/ HTTP/1.1" 302 -
192.95.30.21 - - [19/Jul/2024:07:07:43 +0200] "GET /ticket2/opencms/se/no/buy/?page=1&edid=080DEC25-34C8-7AA7-E30D-904E332D4A16&sortorder=asc&column=section HTTP/1.1" 404 -
194.163.141.13 - - [19/Jul/2024:07:07:44 +0200] "GET /ticket2/opencms/sv/sell/?edid=D210E338-439A-D82B-80DD-B03F52201487 HTTP/1.1" 302 -
63.143.42.252 - - [19/Jul/2024:07:07:44 +0200] "HEAD /ticket2/opencms/en/ HTTP/1.1" 200 -
192.95.30.21 - - [19/Jul/2024:07:07:48 +0200] "GET /ticket2/opencms/se/no/buy/?page=1&edid=086493B2-4FAE-720B-9DC9-31BDBD7FEDFB&sortorder=asc&column=price HTTP/1.1" 404 -
194.163.141.13 - - [19/Jul/2024:07:07:51 +0200] "GET /ticket2/opencms/sv/login/?edid=D210E338-439A-D82B-80DD-B03F52201487 HTTP/1.1" 200 73621
216.244.66.238 - - [19/Jul/2024:07:07:52 +0200] "GET /ticket2/opencms/dk/sv/sport/fotbollsbiljetter/eredivisie/ HTTP/1.1" 404 -
192.95.30.21 - - [19/Jul/2024:07:07:54 +0200] "GET /ticket2/opencms/se/no/buy/?page=1&edid=086493B2-4FAE-720B-9DC9-31BDBD7FEDFB&sortorder=asc&column=row HTTP/1.1" 404 -
114.119.138.151 - - [19/Jul/2024:07:07:56 +0200] "GET /ticket2/opencms/en/sell/?edid=CD3AD857-8EEC-6EA5-99A5-A50D6E3B925C HTTP/1.1" 302 -
216.244.66.238 - - [19/Jul/2024:07:07:57 +0200] "GET /ticket2/opencms/en/magazine/article?title=what-is-football HTTP/1.1" 200 75461
194.163.141.13 - - [19/Jul/2024:07:07:58 +0200] "GET /ticket2/opencms/sv/sell/?edid=D5D92891-B389-AB4D-D0C3-85E1E758B18E HTTP/1.1" 302 -
66.249.76.8 - - [19/Jul/2024:07:07:58 +0200] "GET /ticket2/opencms/dk/buy?page=1&edid=92DC823E-E3EC-5F8E-9A75-457391D3E143 HTTP/1.1" 200 110993
192.95.30.21 - - [19/Jul/2024:07:07:59 +0200] "GET /ticket2/opencms/se/no/buy/?page=1&edid=086493B2-4FAE-720B-9DC9-31BDBD7FEDFB&sortorder=asc&column=section HTTP/1.1" 404 -
114.119.138.151 - - [19/Jul/2024:07:07:59 +0200] "GET /ticket2/opencms/en/login/?url=/en/sell/ HTTP/1.1" 200 72802
66.249.76.1 - - [19/Jul/2024:07:08:00 +0200] "GET /ticket2/opencms/sv/buy/?page=1&edid=C5541103-512C-D651-87BB-185D7BE93A66 HTTP/1.1" 200 110604
66.249.79.172 - - [19/Jul/2024:07:08:01 +0200] "GET /ticket2/opencms/es/buy?page=1&edid=DEAFC2C2-F426-D691-6E5C-FCBBF4DFF1AF HTTP/1.1" 200 112436
216.244.66.238 - - [19/Jul/2024:07:08:04 +0200] "GET /ticket2/opencms/set_aff_cookie.jsp?partner=6F250EA7-4505-FA01-D601-8847F2573405&url=%2Fsv%2Fbuy%2Findex.html%3Fpage%3D1%26edid%3DF7801CE7-9FF0-69CD-B06C-034EEC3D691D HTTP/1.1" 200 172
192.95.30.21 - - [19/Jul/2024:07:08:05 +0200] "GET /ticket2/opencms/se/no/buy/?page=1&edid=086493B2-4FAE-720B-9DC9-31BDBD7FEDFB&sortorder=desc&column=price HTTP/1.1" 404 -
158.220.123.226 - - [19/Jul/2024:07:08:07 +0200] "GET /ticket2/opencms/se/sv/buy/?page=1&edid=149E4898-886E-801A-DF9C-A6639D44D86F HTTP/1.1" 404 -
194.163.141.13 - - [19/Jul/2024:07:08:07 +0200] "GET /ticket2/opencms/sv/login/?edid=D5D92891-B389-AB4D-D0C3-85E1E758B18E HTTP/1.1" 200 73621
192.95.30.21 - - [19/Jul/2024:07:08:10 +0200] "GET /ticket2/opencms/se/no/buy/?page=1&edid=086493B2-4FAE-720B-9DC9-31BDBD7FEDFB&sortorder=desc&column=section HTTP/1.1" 404 -
194.163.141.13 - - [19/Jul/2024:07:08:11 +0200] "GET /ticket2/opencms/sv/sell/?edid=D671AA4B-F4FE-4377-0CEE-00CC26515A20 HTTP/1.1" 302 -
66.249.79.233 - - [19/Jul/2024:07:08:13 +0200] "GET /ticket2/opencms/ HTTP/1.1" 302 -
66.249.76.160 - - [19/Jul/2024:07:08:13 +0200] "GET /ticket2/opencms/ HTTP/1.1" 302 -
192.95.30.21 - - [19/Jul/2024:07:08:15 +0200] "GET /ticket2/opencms/se/no/buy/?page=1&edid=0879C6A9-F2B4-41BE-5ED4-4D5A6398957A&sortorder=asc&column=price HTTP/1.1" 404 -
66.249.79.233 - - [19/Jul/2024:07:08:16 +0200] "GET /ticket2/opencms/sv/ HTTP/1.1" 200 94655
66.249.76.160 - - [19/Jul/2024:07:08:17 +0200] "GET /ticket2/opencms/sv/ HTTP/1.1" 200 94655
66.249.79.231 - - [19/Jul/2024:07:08:19 +0200] "GET /ticket2/opencms/favicon.ico HTTP/1.1" 200 1406
194.163.141.13 - - [19/Jul/2024:07:08:21 +0200] "GET /ticket2/opencms/sv/login/?edid=D671AA4B-F4FE-4377-0CEE-00CC26515A20 HTTP/1.1" 200 73621
192.95.30.21 - - [19/Jul/2024:07:08:21 +0200] "GET /ticket2/opencms/se/no/buy/?page=1&edid=09E39E18-DB9D-9181-82D5-02F92B498E01&sortorder=asc&column=price HTTP/1.1" 404 -
194.163.141.13 - - [19/Jul/2024:07:08:23 +0200] "GET /ticket2/opencms/sv/sell/?edid=E8B96A61-AE91-9A43-C22E-F62B2B03FCE0 HTTP/1.1" 302 -
192.95.30.21 - - [19/Jul/2024:07:08:26 +0200] "GET /ticket2/opencms/se/no/buy/?page=1&edid=09E39E18-DB9D-9181-82D5-02F92B498E01&sortorder=asc&column=row HTTP/1.1" 404 -
192.95.30.21 - - [19/Jul/2024:07:08:32 +0200] "GET /ticket2/opencms/se/no/buy/?page=1&edid=09E39E18-DB9D-9181-82D5-02F92B498E01&sortorder=asc&column=section HTTP/1.1" 404 -
194.163.141.13 - - [19/Jul/2024:07:08:32 +0200] "GET /ticket2/opencms/sv/login/?edid=E8B96A61-AE91-9A43-C22E-F62B2B03FCE0 HTTP/1.1" 200 73621
158.220.123.226 - - [19/Jul/2024:07:08:37 +0200] "GET /ticket2/opencms/se/sv/buy/?page=1&edid=14DC85A8-0F78-E63B-3823-C6D5EDB81837 HTTP/1.1" 404 -
192.95.30.21 - - [19/Jul/2024:07:08:37 +0200] "GET /ticket2/opencms/se/no/buy/?page=1&edid=0A2F0C84-0D20-0B72-4FA3-C28501A72E23&sortorder=asc&column=price HTTP/1.1" 404 -
194.163.141.13 - - [19/Jul/2024:07:08:40 +0200] "GET /ticket2/opencms/sv/sell/?edid=EC74E210-A5EE-51AE-1B8A-E040E50F22D8 HTTP/1.1" 302 -
192.95.30.21 - - [19/Jul/2024:07:08:43 +0200] "GET /ticket2/opencms/se/no/buy/?page=1&edid=0A2F0C84-0D20-0B72-4FA3-C28501A72E23&sortorder=asc&column=row HTTP/1.1" 404 -
114.119.140.113 - - [19/Jul/2024:07:08:45 +0200] "GET /ticket2/opencms/en/venue/?venueid=B13B57EE-97C9-4B30-06E7-6D52ED8D601C HTTP/1.1" 200 70698
194.163.141.13 - - [19/Jul/2024:07:08:47 +0200] "GET /ticket2/opencms/sv/login/?edid=EC74E210-A5EE-51AE-1B8A-E040E50F22D8 HTTP/1.1" 200 73621
192.95.30.21 - - [19/Jul/2024:07:08:48 +0200] "GET /ticket2/opencms/se/no/buy/?page=1&edid=0B511AFA-224D-2D0F-2F26-118D559D782A&sortorder=asc&column=price HTTP/1.1" 404 -
194.163.141.13 - - [19/Jul/2024:07:08:50 +0200] "GET /ticket2/opencms/sv/sell/?edid=F079AC7E-D221-F1E2-410C-375B35987091 HTTP/1.1" 302 -
192.95.30.21 - - [19/Jul/2024:07:08:54 +0200] "GET /ticket2/opencms/se/no/buy/?page=1&edid=10BA5D39-7F27-45E8-D103-3E99604C4918&sortorder=asc&column=price HTTP/1.1" 404 -
194.163.141.13 - - [19/Jul/2024:07:08:57 +0200] "GET /ticket2/opencms/sv/login/?edid=F079AC7E-D221-F1E2-410C-375B35987091 HTTP/1.1" 200 73621
192.95.30.21 - - [19/Jul/2024:07:08:59 +0200] "GET /ticket2/opencms/se/no/buy/?page=1&edid=10BA5D39-7F27-45E8-D103-3E99604C4918&sortorder=asc&column=row HTTP/1.1" 404 -
194.163.141.13 - - [19/Jul/2024:07:09:03 +0200] "GET /ticket2/opencms/sv/sell/?edid=F3EAB77E-5223-86F1-9947-9F306D6E6D43 HTTP/1.1" 302 -
192.95.30.21 - - [19/Jul/2024:07:09:05 +0200] "GET /ticket2/opencms/se/no/buy/?page=1&edid=11A3DAC5-EFC7-A421-86C1-A49EFFF1D82E&sortorder=asc&column=row HTTP/1.1" 404 -
192.95.30.21 - - [19/Jul/2024:07:09:10 +0200] "GET /ticket2/opencms/se/no/buy/?page=1&edid=11A3DAC5-EFC7-A421-86C1-A49EFFF1D82E&sortorder=asc&column=section HTTP/1.1" 404 -
94.231.109.98 - - [19/Jul/2024:07:09:11 +0200] "GET /ticket2/tickets_export/outgoing/export.txt HTTP/1.0" 200 48300767
194.163.141.13 - - [19/Jul/2024:07:09:14 +0200] "GET /ticket2/opencms/sv/login/?edid=F3EAB77E-5223-86F1-9947-9F306D6E6D43 HTTP/1.1" 200 73621
192.95.30.21 - - [19/Jul/2024:07:09:16 +0200] "GET /ticket2/opencms/se/no/buy/?page=1&edid=2387A9F6-2893-0EA8-6B0C-F585494E177E&sortorder=asc&column=price HTTP/1.1" 404 -
158.220.123.226 - - [19/Jul/2024:07:09:18 +0200] "GET /ticket2/opencms/se/sv/buy/?page=1&edid=170B7C37-4D9B-E3BF-6BC3-C68341796D2F HTTP/1.1" 404 -
40.77.167.7 - - [19/Jul/2024:07:09:20 +0200] "GET /ticket2/opencms/dk/en/ HTTP/1.1" 404 -
66.249.79.231 - - [19/Jul/2024:07:09:20 +0200] "GET /ticket2/opencms/dk/system/modules/com.gridnine.opencms.ticketbrokerage.site/resources/pics/logo-new.png HTTP/1.1" 404 -
194.163.141.13 - - [19/Jul/2024:07:09:21 +0200] "GET /ticket2/opencms/sv/sell/?edid=F4F9CF15-E46F-6692-1384-B244A9E1955F HTTP/1.1" 302 -
192.95.30.21 - - [19/Jul/2024:07:09:22 +0200] "GET /ticket2/opencms/se/no/buy/?page=1&edid=28C66934-8816-E693-E8DA-B35164D8DE57&sortorder=asc&column=row HTTP/1.1" 404 -
47.128.19.202 - - [19/Jul/2024:07:09:25 +0200] "GET /ticket2/opencms/fi/buy/?edid=98E89286-AD3E-3470-6C68-64A56A1CECBA HTTP/1.1" 200 72632
47.128.19.202 - - [19/Jul/2024:07:09:26 +0200] "GET /ticket2/opencms/system/modules/com.gridnine.opencms.ticketbrokerage.site/resources/pics/logo-new.png HTTP/1.1" 200 13541
47.128.19.202 - - [19/Jul/2024:07:09:26 +0200] "GET /ticket2/opencms/system/modules/com.gridnine.opencms.ticketbrokerage.site/resources/pics/footer-img.png HTTP/1.1" 200 10350
192.95.30.21 - - [19/Jul/2024:07:09:28 +0200] "GET /ticket2/opencms/se/no/buy/?page=1&edid=28C66934-8816-E693-E8DA-B35164D8DE57&sortorder=asc&column=section HTTP/1.1" 404 -
194.163.141.13 - - [19/Jul/2024:07:09:28 +0200] "GET /ticket2/opencms/sv/login/?edid=F4F9CF15-E46F-6692-1384-B244A9E1955F HTTP/1.1" 200 73621
40.77.167.73 - - [19/Jul/2024:07:09:29 +0200] "GET /ticket2/opencms/nl/buy/?page=1&edid=1B8F518C-70C1-6862-0544-4A1418DD424D HTTP/1.1" 200 95243
194.163.141.13 - - [19/Jul/2024:07:09:31 +0200] "GET /ticket2/opencms/sv/sell/?edid=F675517E-77A1-26BF-A8E7-E48FFFB49370 HTTP/1.1" 302 -
192.95.30.21 - - [19/Jul/2024:07:09:34 +0200] "GET /ticket2/opencms/se/no/buy/?page=1&edid=28C947AC-84E0-6193-CC42-DA6E43AFA5BA&sortorder=desc&column=price HTTP/1.1" 404 -
37.60.249.191 - - [19/Jul/2024:07:09:38 +0200] "GET /ticket2/opencms/dk/nl/buy/?page=1&edid=D54EDA96-F67D-2426-66BF-D765D5E1AF7A&sortorder=asc&column=price HTTP/1.1" 404 -
192.95.30.21 - - [19/Jul/2024:07:09:39 +0200] "GET /ticket2/opencms/se/no/buy/?page=1&edid=89D89E9E-8D04-F641-B1B5-F18BACE2A9FB&sortorder=asc&column=section HTTP/1.1" 404 -
95.163.255.159 - - [19/Jul/2024:07:09:40 +0200] "GET /ticket2/opencms/robots.txt HTTP/1.0" 200 773
194.163.141.13 - - [19/Jul/2024:07:09:41 +0200] "GET /ticket2/opencms/sv/login/?edid=F675517E-77A1-26BF-A8E7-E48FFFB49370 HTTP/1.1" 200 73621
192.95.30.21 - - [19/Jul/2024:07:09:45 +0200] "GET /ticket2/opencms/se/no/buy/?page=1&edid=90F1A3F2-F366-E809-3655-FF4827B850E5&sortorder=asc&column=section HTTP/1.1" 404 -
194.163.141.13 - - [19/Jul/2024:07:09:49 +0200] "GET /ticket2/opencms/sv/sell/?edid=F820A2EC-F927-925D-C4BE-7AC75C5AC250 HTTP/1.1" 302 -
40.77.167.36 - - [19/Jul/2024:07:09:51 +0200] "GET /ticket2/opencms/sv/venue/?venueid=1DF2853B-5766-9FAA-D7E4-AF2520BE73B0 HTTP/1.1" 200 71507
192.95.30.21 - - [19/Jul/2024:07:09:51 +0200] "GET /ticket2/opencms/se/no/buy/?page=1&edid=C7DF64BC-E72C-BF39-4E14-CC88E6DB4005&sortorder=asc&column=price HTTP/1.1" 404 -
37.123.143.245 - - [19/Jul/2024:07:09:52 +0200] "GET /ticket2/opencms/system/workplace/views/top_foot.jsp?wpFrame=foot HTTP/1.1" 200 1211
37.123.143.245 - - [19/Jul/2024:07:09:52 +0200] "GET /ticket2/opencms/system/workplace/commons/style/workplace.css HTTP/1.1" 200 14209
192.95.30.21 - - [19/Jul/2024:07:09:56 +0200] "GET /ticket2/opencms/se/no/buy/?page=1&edid=C7DF64BC-E72C-BF39-4E14-CC88E6DB4005&sortorder=asc&column=row HTTP/1.1" 404 -
194.163.141.13 - - [19/Jul/2024:07:09:56 +0200] "GET /ticket2/opencms/sv/login/?edid=F820A2EC-F927-925D-C4BE-7AC75C5AC250 HTTP/1.1" 200 73621
158.220.123.226 - - [19/Jul/2024:07:10:01 +0200] "GET /ticket2/opencms/se/sv/buy/?page=1&edid=17644B1D-96B7-5921-016D-CFFC93315595&sortorder=desc&column=row HTTP/1.1" 404 -
192.95.30.21 - - [19/Jul/2024:07:10:02 +0200] "GET /ticket2/opencms/se/no/buy/?page=1&edid=C7DF64BC-E72C-BF39-4E14-CC88E6DB4005&sortorder=asc&column=section HTTP/1.1" 404 -
66.249.76.161 - - [19/Jul/2024:07:10:03 +0200] "GET /ticket2/opencms/it/buy?page=1&edid=92A56E78-70A5-4E7F-4A0E-86D90A27FA9E HTTP/1.1" 200 97916
66.249.76.170 - - [19/Jul/2024:07:10:04 +0200] "GET /ticket2/opencms/set_aff_cookie.jsp?partner=53673ED6-1455-FA54-818F-B1F67121E37C&url=/dk/buy/index.html%3Fpage%3D1%26edid%3D1624E6A5-E8F5-99E1-0C6F-842C444FABBE%26hlv%3D666ddf33-548c-4755-a2a7-6c7e0a01000f%23v1802902597 HTTP/1.1" 200 225
194.163.141.13 - - [19/Jul/2024:07:10:04 +0200] "GET /ticket2/opencms/sv/sell/?edid=0154E95E-0A44-1BF2-0329-4E27FA15E52D HTTP/1.1" 302 -
66.249.76.8 - - [19/Jul/2024:07:10:05 +0200] "GET /ticket2/opencms/no/buy?page=1&edid=78AF1C5E-F8EA-2E8D-DBE6-BF38D5E9E2D9 HTTP/1.1" 200 111756
66.249.76.170 - - [19/Jul/2024:07:10:06 +0200] "GET /ticket2/opencms/set_aff_cookie.jsp?partner=53673ED6-1455-FA54-818F-B1F67121E37C&url=%2Fsv%2Fbuy%2Findex.html%3Fpage%3D1%26edid%3D89AC8C22-922C-5C69-19DD-247D667ABB39%26hlv%3D666d6e80-c850-4b9d-ad66-0c140a01000f%23v1118891449 HTTP/1.1" 200 225
142.4.218.114 - - [19/Jul/2024:07:10:06 +0200] "GET / HTTP/1.1" 404 -
192.95.30.21 - - [19/Jul/2024:07:10:07 +0200] "GET /ticket2/opencms/se/no/buy/?page=1&edid=C87D073B-AE67-CB2F-38A2-458D7BBFFECB&sortorder=asc&column=price HTTP/1.1" 404 -
66.249.79.171 - - [19/Jul/2024:07:10:10 +0200] "GET /ticket2/opencms/no/ask-form.html HTTP/1.1" 200 2919
40.77.167.36 - - [19/Jul/2024:07:10:10 +0200] "GET /ticket2/opencms/fi/buy/?page=1&edid=82DAFB8C-2930-7F9D-08E3-A892E55FAAA5&sortorder=asc&column=section HTTP/1.1" 200 89035
194.163.141.13 - - [19/Jul/2024:07:10:12 +0200] "GET /ticket2/opencms/sv/login/?edid=0154E95E-0A44-1BF2-0329-4E27FA15E52D HTTP/1.1" 200 73621
192.95.30.21 - - [19/Jul/2024:07:10:13 +0200] "GET /ticket2/opencms/se/no/buy/?page=1&edid=C8BE8B3C-DCF5-5A10-3072-9A1A6B964BF1&sortorder=asc&column=price HTTP/1.1" 404 -
66.249.76.170 - - [19/Jul/2024:07:10:14 +0200] "GET /ticket2/opencms/dk/buy/?page=1&edid=1624E6A5-E8F5-99E1-0C6F-842C444FABBE&hlv=666ddf33-548c-4755-a2a7-6c7e0a01000f HTTP/1.1" 200 110061
66.249.79.231 - - [19/Jul/2024:07:10:17 +0200] "GET /ticket2/opencms/sv/buy/?page=1&edid=89AC8C22-922C-5C69-19DD-247D667ABB39&hlv=666d6e80-c850-4b9d-ad66-0c140a01000f HTTP/1.1" 200 111220
194.163.141.13 - - [19/Jul/2024:07:10:18 +0200] "GET /ticket2/opencms/sv/sell/?edid=124E8283-E5DC-7FAE-437D-48A8B5EF948C HTTP/1.1" 302 -
192.95.30.21 - - [19/Jul/2024:07:10:19 +0200] "GET /ticket2/opencms/se/no/buy/?page=1&edid=C8BE8B3C-DCF5-5A10-3072-9A1A6B964BF1&sortorder=asc&column=row HTTP/1.1" 404 -
114.119.136.155 - - [19/Jul/2024:07:10:22 +0200] "GET /ticket2/opencms/en/venue/?venueid=9EFDE8EF-581C-D81F-842B-7194E2AD230B HTTP/1.1" 200 70737
37.60.249.191 - - [19/Jul/2024:07:10:23 +0200] "GET /ticket2/opencms/dk/nl/buy/?page=1&edid=D54EDA96-F67D-2426-66BF-D765D5E1AF7A&sortorder=asc&column=section HTTP/1.1" 404 -
192.95.30.21 - - [19/Jul/2024:07:10:24 +0200] "GET /ticket2/opencms/se/no/buy/?page=1&edid=C8D63FA1-D934-6C9A-336A-FBF0CF40EFA3&sortorder=asc&column=price HTTP/1.1" 404 -
194.163.141.13 - - [19/Jul/2024:07:10:28 +0200] "GET /ticket2/opencms/sv/login/?edid=124E8283-E5DC-7FAE-437D-48A8B5EF948C HTTP/1.1" 200 73621
192.95.30.21 - - [19/Jul/2024:07:10:30 +0200] "GET /ticket2/opencms/se/no/buy/?page=1&edid=C8D63FA1-D934-6C9A-336A-FBF0CF40EFA3&sortorder=asc&column=row HTTP/1.1" 404 -
192.95.30.21 - - [19/Jul/2024:07:10:35 +0200] "GET /ticket2/opencms/se/no/buy/?page=1&edid=C8D63FA1-D934-6C9A-336A-FBF0CF40EFA3&sortorder=asc&column=section HTTP/1.1" 404 -
192.176.60.25 - - [19/Jul/2024:07:10:38 +0200] "GET /ticket2/opencms/sv/sport/fotbollsbiljetter/premier_league/?gad_source=1&gclid=EAIaIQobChMI1ta_pa2yhwMV7pGDBx1N5RqCEAAYAiAAEgJde_D_BwE HTTP/1.1" 200 79671
192.176.60.25 - - [19/Jul/2024:07:10:38 +0200] "GET /ticket2/opencms/system/modules/com.gridnine.opencms.ticketbrokerage.site/resources/css/ticketbrokerage.css HTTP/1.1" 200 39339
192.176.60.25 - - [19/Jul/2024:07:10:38 +0200] "GET /ticket2/opencms/system/modules/com.gridnine.opencms.ticketbrokerage.site/resources/css/calendar.css HTTP/1.1" 200 6871
192.176.60.25 - - [19/Jul/2024:07:10:38 +0200] "GET /ticket2/opencms/system/modules/com.gridnine.opencms.ticketbrokerage.site/resources/css/jquery-ui.css HTTP/1.1" 200 33221
192.176.60.25 - - [19/Jul/2024:07:10:38 +0200] "GET /ticket2/opencms/system/modules/com.gridnine.opencms.ticketbrokerage.site/resources/css/standard.css HTTP/1.1" 200 72814
192.176.60.25 - - [19/Jul/2024:07:10:38 +0200] "GET /ticket2/opencms/system/modules/com.gridnine.opencms.ticketbrokerage.site/resources/css/jquery.fancybox.css HTTP/1.1" 200 4939
192.176.60.25 - - [19/Jul/2024:07:10:38 +0200] "GET /ticket2/opencms/system/modules/com.gridnine.opencms.ticketbrokerage.site/resources/js/jquery/jquery.js HTTP/1.1" 200 93868
192.176.60.25 - - [19/Jul/2024:07:10:38 +0200] "GET /ticket2/opencms/system/modules/com.gridnine.opencms.ticketbrokerage.site/resources/js/jquery/jquery-ui.js HTTP/1.1" 200 228088
192.176.60.25 - - [19/Jul/2024:07:10:38 +0200] "GET /ticket2/opencms/system/modules/com.gridnine.opencms.ticketbrokerage.site/resources/js/calendar.js HTTP/1.1" 200 49229
192.176.60.25 - - [19/Jul/2024:07:10:38 +0200] "GET /ticket2/opencms/system/modules/com.gridnine.opencms.ticketbrokerage.site/resources/js/functions.js HTTP/1.1" 200 1583
192.176.60.25 - - [19/Jul/2024:07:10:38 +0200] "GET /ticket2/opencms/system/modules/com.gridnine.opencms.ticketbrokerage.site/resources/js/calendar-en.js HTTP/1.1" 200 3338
192.176.60.25 - - [19/Jul/2024:07:10:38 +0200] "GET /ticket2/opencms/system/modules/com.gridnine.opencms.ticketbrokerage.site/resources/js/jquery.fancybox.pack.js HTTP/1.1" 200 23187
192.176.60.25 - - [19/Jul/2024:07:10:38 +0200] "GET /ticket2/opencms/system/modules/com.gridnine.opencms.ticketbrokerage.site/resources/js/stickyfill.min.js HTTP/1.1" 200 5672
192.176.60.25 - - [19/Jul/2024:07:10:38 +0200] "GET /ticket2/opencms/system/modules/com.gridnine.opencms.ticketbrokerage.site/resources/js/calendar-setup.js HTTP/1.1" 200 4923
192.176.60.25 - - [19/Jul/2024:07:10:38 +0200] "GET /ticket2/opencms/system/modules/com.gridnine.opencms.ticketbrokerage.site/resources/js/standard.js HTTP/1.1" 200 3978
192.176.60.25 - - [19/Jul/2024:07:10:38 +0200] "GET /ticket2/opencms/system/modules/com.gridnine.opencms.ticketbrokerage.site/resources/js/jquery.placeholder.min.js HTTP/1.1" 200 1737
192.176.60.25 - - [19/Jul/2024:07:10:38 +0200] "GET /ticket2/opencms/img/icons/se.png HTTP/1.1" 200 1258
192.176.60.25 - - [19/Jul/2024:07:10:38 +0200] "GET /ticket2/opencms/img/icons/no.png HTTP/1.1" 200 1958
192.176.60.25 - - [19/Jul/2024:07:10:38 +0200] "GET /ticket2/opencms/system/modules/com.gridnine.opencms.ticketbrokerage.site/resources/js/common-ajax.js HTTP/1.1" 200 20175
192.176.60.25 - - [19/Jul/2024:07:10:38 +0200] "GET /ticket2/opencms/system/modules/com.gridnine.opencms.ticketbrokerage.site/resources/pics/logo-new.png HTTP/1.1" 200 13541
192.176.60.25 - - [19/Jul/2024:07:10:38 +0200] "GET /ticket2/opencms/img/fb.png HTTP/1.1" 200 1269
192.176.60.25 - - [19/Jul/2024:07:10:38 +0200] "GET /ticket2/opencms/img/insta.png HTTP/1.1" 200 3967
192.176.60.25 - - [19/Jul/2024:07:10:38 +0200] "GET /ticket2/opencms/system/modules/com.gridnine.opencms.ticketbrokerage.site/resources/pics/banners/sv/premier_league_sv.png HTTP/1.1" 200 13518
192.176.60.25 - - [19/Jul/2024:07:10:38 +0200] "GET /ticket2/opencms/system/modules/com.gridnine.opencms.ticketbrokerage.site/resources/pics/footer-img.png HTTP/1.1" 200 10350
192.176.60.25 - - [19/Jul/2024:07:10:38 +0200] "GET /ticket2/opencms/img/mail.png HTTP/1.1" 200 403
192.176.60.25 - - [19/Jul/2024:07:10:38 +0200] "GET /ticket2/opencms/img/check.png HTTP/1.1" 200 548
192.176.60.25 - - [19/Jul/2024:07:10:38 +0200] "GET /ticket2/opencms/img/chat.png HTTP/1.1" 200 416
192.176.60.25 - - [19/Jul/2024:07:10:38 +0200] "GET /ticket2/opencms/img/arrow.png HTTP/1.1" 200 753
192.176.60.25 - - [19/Jul/2024:07:10:39 +0200] "GET /ticket2/opencms/img/icons/no.png HTTP/1.1" 200 1958
192.176.60.25 - - [19/Jul/2024:07:10:39 +0200] "GET /ticket2/opencms/img/icons/dk.png HTTP/1.1" 200 1706
192.176.60.25 - - [19/Jul/2024:07:10:39 +0200] "GET /ticket2/opencms/img/icons/se.png HTTP/1.1" 200 1258
192.176.60.25 - - [19/Jul/2024:07:10:39 +0200] "GET /ticket2/opencms/img/icons/fi.png HTTP/1.1" 200 1785
192.176.60.25 - - [19/Jul/2024:07:10:39 +0200] "GET /ticket2/opencms/img/icons/nl.png HTTP/1.1" 200 1255
192.176.60.25 - - [19/Jul/2024:07:10:39 +0200] "GET /ticket2/opencms/img/icons/globe-white.png HTTP/1.1" 200 947
192.176.60.25 - - [19/Jul/2024:07:10:39 +0200] "GET /ticket2/opencms/img/icons/de.png HTTP/1.1" 200 1124
192.176.60.25 - - [19/Jul/2024:07:10:39 +0200] "GET /ticket2/opencms/img/icons/fr.png HTTP/1.1" 200 1764
192.176.60.25 - - [19/Jul/2024:07:10:39 +0200] "GET /ticket2/opencms/img/icons/es.png HTTP/1.1" 200 1005
192.176.60.25 - - [19/Jul/2024:07:10:39 +0200] "GET /ticket2/opencms/img/icons/it.png HTTP/1.1" 200 2040
192.176.60.25 - - [19/Jul/2024:07:10:39 +0200] "GET /ticket2/opencms/img/icons/en.png HTTP/1.1" 200 2415
192.176.60.25 - - [19/Jul/2024:07:10:40 +0200] "GET /ticket2/opencms/favicon.ico HTTP/1.1" 200 1406
192.176.60.25 - - [19/Jul/2024:07:10:40 +0200] "GET /ticket2/opencms/system/modules/com.gridnine.opencms.ticketbrokerage.site/resources/js/standard.js HTTP/1.1" 200 3978
194.163.141.13 - - [19/Jul/2024:07:10:41 +0200] "GET /ticket2/opencms/sv/sell/?edid=1D16690E-29B1-A5C0-6F37-F627AE404F8F HTTP/1.1" 302 -
192.95.30.21 - - [19/Jul/2024:07:10:41 +0200] "GET /ticket2/opencms/se/no/buy/?page=1&edid=C95A4E23-D889-BB67-D76E-78077A10F0E1&sortorder=asc&column=price HTTP/1.1" 404 -
192.176.60.25 - - [19/Jul/2024:07:10:41 +0200] "GET /ticket2/opencms/system/modules/com.gridnine.opencms.ticketbrokerage.site/resources/css/images/ui-bg_flat_75_ffffff_40x100.png HTTP/1.1" 404 -
158.220.123.226 - - [19/Jul/2024:07:10:43 +0200] "GET /ticket2/opencms/se/sv/buy/?page=1&edid=17691BA0-3B62-7E67-D3D1-B182892E58DB HTTP/1.1" 404 -
192.95.30.21 - - [19/Jul/2024:07:10:46 +0200] "GET /ticket2/opencms/se/no/buy/?page=1&edid=D1B6D814-A677-3D90-03BA-1F7CF35352A4&sortorder=desc&column=section HTTP/1.1" 404 -
194.163.141.13 - - [19/Jul/2024:07:10:50 +0200] "GET /ticket2/opencms/sv/login/?edid=1D16690E-29B1-A5C0-6F37-F627AE404F8F HTTP/1.1" 200 73621
192.95.30.21 - - [19/Jul/2024:07:10:51 +0200] "GET /ticket2/opencms/se/no/buy/?page=1&edid=D1C32852-40D6-B52C-0891-6D86D646E29B&sortorder=asc&column=price HTTP/1.1" 404 -
54.36.148.148 - - [19/Jul/2024:07:10:54 +0200] "GET /ticket2/opencms/sv/buy/?comcatid=A17713B6-D984-201A-4143-ED4DB5ED5C2E&catid=06324577-7173-BAB0-146D-E644C912F7C1&npage=1 HTTP/1.1" 200 240565
192.95.30.21 - - [19/Jul/2024:07:10:57 +0200] "GET /ticket2/opencms/se/no/buy/?page=1&edid=D1C32852-40D6-B52C-0891-6D86D646E29B&sortorder=asc&column=row HTTP/1.1" 404 -
194.163.141.13 - - [19/Jul/2024:07:10:58 +0200] "GET /ticket2/opencms/sv/sell/?edid=28497D8F-4767-7A9A-4DD0-10FEA1E4E740 HTTP/1.1" 302 -
192.95.30.21 - - [19/Jul/2024:07:11:02 +0200] "GET /ticket2/opencms/se/no/buy/?page=1&edid=D2281AF2-0CAB-347E-485A-AF9E4C00F32A&sortorder=desc&column=price HTTP/1.1" 404 -
192.176.60.25 - - [19/Jul/2024:07:11:05 +0200] "GET /ticket2/opencms/sv/sport/fotbollsbiljetter/premier_league/manchester_city/ HTTP/1.1" 200 87121
192.176.60.25 - - [19/Jul/2024:07:11:05 +0200] "GET /ticket2/opencms/system/modules/com.gridnine.opencms.ticketbrokerage.site/resources/css/ticketbrokerage.css HTTP/1.1" 200 39339
192.176.60.25 - - [19/Jul/2024:07:11:05 +0200] "GET /ticket2/opencms/system/modules/com.gridnine.opencms.ticketbrokerage.site/resources/css/calendar.css HTTP/1.1" 200 6871
192.176.60.25 - - [19/Jul/2024:07:11:05 +0200] "GET /ticket2/opencms/system/modules/com.gridnine.opencms.ticketbrokerage.site/resources/js/functions.js HTTP/1.1" 200 1583
192.176.60.25 - - [19/Jul/2024:07:11:05 +0200] "GET /ticket2/opencms/system/modules/com.gridnine.opencms.ticketbrokerage.site/resources/css/standard.css HTTP/1.1" 200 72814
192.176.60.25 - - [19/Jul/2024:07:11:05 +0200] "GET /ticket2/opencms/system/modules/com.gridnine.opencms.ticketbrokerage.site/resources/js/calendar.js HTTP/1.1" 200 49229
192.176.60.25 - - [19/Jul/2024:07:11:05 +0200] "GET /ticket2/opencms/system/modules/com.gridnine.opencms.ticketbrokerage.site/resources/js/calendar-setup.js HTTP/1.1" 200 4923
192.176.60.25 - - [19/Jul/2024:07:11:05 +0200] "GET /ticket2/opencms/system/modules/com.gridnine.opencms.ticketbrokerage.site/resources/js/standard.js HTTP/1.1" 200 3978
192.176.60.25 - - [19/Jul/2024:07:11:05 +0200] "GET /ticket2/opencms/system/modules/com.gridnine.opencms.ticketbrokerage.site/resources/js/calendar-en.js HTTP/1.1" 200 3338
192.176.60.25 - - [19/Jul/2024:07:11:05 +0200] "GET /ticket2/opencms/system/modules/com.gridnine.opencms.ticketbrokerage.site/resources/pics/banners/Manchester_City.jpg HTTP/1.1" 200 25043
192.176.60.25 - - [19/Jul/2024:07:11:05 +0200] "GET /ticket2/opencms/system/modules/com.gridnine.opencms.ticketbrokerage.site/resources/css/images/ui-bg_flat_75_ffffff_40x100.png HTTP/1.1" 404 -
37.60.249.191 - - [19/Jul/2024:07:11:07 +0200] "GET /ticket2/opencms/dk/nl/buy/?page=1&edid=D5A1FEF8-3732-15EB-3A1F-F2042068C7C5&sortorder=asc&column=price HTTP/1.1" 404 -
192.95.30.21 - - [19/Jul/2024:07:11:08 +0200] "GET /ticket2/opencms/se/no/buy/?page=1&edid=D2281AF2-0CAB-347E-485A-AF9E4C00F32A&sortorder=desc&column=row HTTP/1.1" 404 -
194.163.141.13 - - [19/Jul/2024:07:11:09 +0200] "GET /ticket2/opencms/sv/login/?edid=28497D8F-4767-7A9A-4DD0-10FEA1E4E740 HTTP/1.1" 200 73621
192.95.30.21 - - [19/Jul/2024:07:11:13 +0200] "GET /ticket2/opencms/se/no/buy/?page=1&edid=D2281AF2-0CAB-347E-485A-AF9E4C00F32A&sortorder=desc&column=section HTTP/1.1" 404 -
66.220.149.113 - - [19/Jul/2024:07:11:15 +0200] "GET /ticket2/opencms/system/modules/com.gridnine.opencms.ticketbrokerage.site/resources/pics/banners/team/la_liga/valencia.png HTTP/1.1" 200 72257
192.95.30.21 - - [19/Jul/2024:07:11:19 +0200] "GET /ticket2/opencms/se/no/buy/?page=1&edid=D280A599-2D4A-0E12-6081-4777391BE566&sortorder=desc&column=section HTTP/1.1" 404 -
54.36.148.89 - - [19/Jul/2024:07:11:20 +0200] "GET /ticket2/opencms/fi/buy/?page=6&comcatid=A17713B6-D984-201A-4143-ED4DB5ED5C2E&catid=21C3854B-901E-11F9-7B7D-6838CC6AFAA4&eventid=D0B62F92-773A-01D8-AF39-BADE4098B080 HTTP/1.1" 200 99719
194.163.141.13 - - [19/Jul/2024:07:11:24 +0200] "GET /ticket2/opencms/sv/sell/?edid=45F55A9B-C56E-3C99-BE60-88DE2E329DDD HTTP/1.1" 302 -
192.176.60.25 - - [19/Jul/2024:07:11:24 +0200] "GET /ticket2/opencms/sv/buy/?page=1&edid=55D1893A-18D7-BF3D-C95C-B7BB78833B39 HTTP/1.1" 200 110594
192.95.30.21 - - [19/Jul/2024:07:11:24 +0200] "GET /ticket2/opencms/se/no/buy/?page=1&edid=D2F9046D-F61D-A0A1-F5E5-D5A3394BD6FD HTTP/1.1" 404 -
192.176.60.25 - - [19/Jul/2024:07:11:24 +0200] "GET /ticket2/opencms/system/modules/com.gridnine.opencms.ticketbrokerage.site/resources/css/ticketbrokerage.css HTTP/1.1" 200 39339
192.176.60.25 - - [19/Jul/2024:07:11:24 +0200] "GET /ticket2/opencms/system/modules/com.gridnine.opencms.ticketbrokerage.site/resources/css/calendar.css HTTP/1.1" 200 6871
192.176.60.25 - - [19/Jul/2024:07:11:24 +0200] "GET /ticket2/opencms/system/modules/com.gridnine.opencms.ticketbrokerage.site/resources/js/functions.js HTTP/1.1" 200 1583
192.176.60.25 - - [19/Jul/2024:07:11:24 +0200] "GET /ticket2/opencms/system/modules/com.gridnine.opencms.ticketbrokerage.site/resources/css/standard.css HTTP/1.1" 200 72814
192.176.60.25 - - [19/Jul/2024:07:11:24 +0200] "GET /ticket2/opencms/system/modules/com.gridnine.opencms.ticketbrokerage.site/resources/js/calendar.js HTTP/1.1" 200 49229
192.176.60.25 - - [19/Jul/2024:07:11:24 +0200] "GET /ticket2/opencms/system/modules/com.gridnine.opencms.ticketbrokerage.site/resources/js/standard.js HTTP/1.1" 200 3978
192.176.60.25 - - [19/Jul/2024:07:11:24 +0200] "GET /ticket2/opencms/system/modules/com.gridnine.opencms.ticketbrokerage.site/resources/js/calendar-en.js HTTP/1.1" 200 3338
192.176.60.25 - - [19/Jul/2024:07:11:24 +0200] "GET /ticket2/opencms/system/modules/com.gridnine.opencms.ticketbrokerage.site/resources/js/calendar-setup.js HTTP/1.1" 200 4923
192.176.60.25 - - [19/Jul/2024:07:11:24 +0200] "GET /ticket2/opencms/system/modules/com.gridnine.opencms.ticketbrokerage.site/resources/pics/0.gif HTTP/1.1" 200 43
192.176.60.25 - - [19/Jul/2024:07:11:24 +0200] "GET /ticket2/opencms/system/modules/com.gridnine.opencms.ticketbrokerage.site/resources/pics/two_man.png HTTP/1.1" 200 3407
192.176.60.25 - - [19/Jul/2024:07:11:24 +0200] "GET /ticket2/opencms/venue/etihad_stadium.png HTTP/1.1" 200 50176
192.176.60.25 - - [19/Jul/2024:07:11:24 +0200] "GET /ticket2/opencms/system/modules/com.gridnine.opencms.ticketbrokerage.site/resources/pics/ticket_info_button.png HTTP/1.1" 200 3820
192.176.60.25 - - [19/Jul/2024:07:11:24 +0200] "GET /ticket2/opencms/sv/ask-form.html HTTP/1.1" 200 2950
192.176.60.25 - - [19/Jul/2024:07:11:24 +0200] "GET /ticket2/opencms/system/modules/com.gridnine.opencms.ticketbrokerage.site/resources/css/images/ui-bg_flat_75_ffffff_40x100.png HTTP/1.1" 404 -
192.176.60.25 - - [19/Jul/2024:07:11:24 +0200] "GET /ticket2/opencms/system/modules/com.gridnine.opencms.ticketbrokerage.site/resources/css/ticketbrokerage.css HTTP/1.1" 200 39339
192.176.60.25 - - [19/Jul/2024:07:11:24 +0200] "GET /ticket2/opencms/system/modules/com.gridnine.opencms.ticketbrokerage.site/resources/pics/arrow.gif HTTP/1.1" 200 344
