193.70.81.99 - - [19/Jul/2024:03:27:32 +0200] "GET /ticket2/opencms/sv/login/?edid=B93B0FFA-1133-B639-A688-B05549F4B695 HTTP/1.1" 200 73621
37.57.218.243 - - [19/Jul/2024:03:27:32 +0200] "GET /ticket2/opencms/en/buy/?page=1&edid=3F6A8792-7548-F993-C348-52429B326F12 HTTP/1.1" 200 86558
217.113.194.215 - - [19/Jul/2024:03:27:35 +0200] "GET /ticket2/opencms/no/buy/?page=1&edid=AF47BCD1-EACD-B30B-9732-05CEA97B737E HTTP/1.1" 200 88280
193.70.81.99 - - [19/Jul/2024:03:27:35 +0200] "GET /ticket2/opencms/sv/login/?edid=C1AA3CD8-9B92-9EEB-74B5-3A5D9E84C8B5 HTTP/1.1" 200 73621
193.70.81.99 - - [19/Jul/2024:03:27:39 +0200] "GET /ticket2/opencms/sv/login/?edid=D5D92891-B389-AB4D-D0C3-85E1E758B18E HTTP/1.1" 200 73621
63.143.42.252 - - [19/Jul/2024:03:27:41 +0200] "HEAD /ticket2/opencms/ HTTP/1.1" 302 -
193.70.81.99 - - [19/Jul/2024:03:27:43 +0200] "GET /ticket2/opencms/sv/login/?edid=D671AA4B-F4FE-4377-0CEE-00CC26515A20 HTTP/1.1" 200 73621
217.113.194.218 - - [19/Jul/2024:03:27:43 +0200] "GET /ticket2/opencms/no/buy/?page=1&edid=A3BB5EE7-242B-8471-BA5F-84C702B85063 HTTP/1.1" 200 87636
63.143.42.252 - - [19/Jul/2024:03:27:44 +0200] "HEAD /ticket2/opencms/en/ HTTP/1.1" 200 -
193.70.81.99 - - [19/Jul/2024:03:27:47 +0200] "GET /ticket2/opencms/sv/login/?edid=EC74E210-A5EE-51AE-1B8A-E040E50F22D8 HTTP/1.1" 200 73621
114.119.148.108 - - [19/Jul/2024:03:27:48 +0200] "GET /ticket2/opencms/en/sell/?edid=A5F48A53-AA8A-5B10-CC83-A4845C620376 HTTP/1.1" 302 -
193.70.81.99 - - [19/Jul/2024:03:27:50 +0200] "GET /ticket2/opencms/sv/login/?edid=F079AC7E-D221-F1E2-410C-375B35987091 HTTP/1.1" 200 73621
114.119.148.108 - - [19/Jul/2024:03:27:51 +0200] "GET /ticket2/opencms/en/login/?url=/en/sell/ HTTP/1.1" 200 72802
217.113.194.212 - - [19/Jul/2024:03:27:51 +0200] "GET /ticket2/opencms/no/buy/?page=1&edid=A8ADE551-82F8-198D-3193-D20EF9E05499 HTTP/1.1" 200 88499
37.57.218.243 - - [19/Jul/2024:03:27:53 +0200] "GET /ticket2/opencms/en/buy/?page=1&edid=3F6A8792-7548-F993-C348-52429B326F12&sortorder=asc&column=price HTTP/1.1" 200 86594
193.70.81.99 - - [19/Jul/2024:03:27:54 +0200] "GET /ticket2/opencms/sv/login/?edid=F3EAB77E-5223-86F1-9947-9F306D6E6D43 HTTP/1.1" 200 73621
193.70.81.99 - - [19/Jul/2024:03:27:57 +0200] "GET /ticket2/opencms/sv/login/?edid=F4F9CF15-E46F-6692-1384-B244A9E1955F HTTP/1.1" 200 73621
217.113.194.216 - - [19/Jul/2024:03:28:00 +0200] "GET /ticket2/opencms/no/buy/?page=1&edid=A6B0AAE3-6AD5-0CB5-930C-823AC0AFA905 HTTP/1.1" 200 88511
193.70.81.99 - - [19/Jul/2024:03:28:01 +0200] "GET /ticket2/opencms/sv/login/?edid=F675517E-77A1-26BF-A8E7-E48FFFB49370 HTTP/1.1" 200 73621
193.70.81.99 - - [19/Jul/2024:03:28:04 +0200] "GET /ticket2/opencms/sv/login/?edid=F820A2EC-F927-925D-C4BE-7AC75C5AC250 HTTP/1.1" 200 73621
37.57.218.243 - - [19/Jul/2024:03:28:06 +0200] "GET /ticket2/opencms/en/buy/?page=1&edid=3F6A8792-7548-F993-C348-52429B326F12&sortorder=asc&column=row HTTP/1.1" 200 86594
136.243.59.237 - - [19/Jul/2024:03:28:06 +0200] "GET /ticket2/opencms/en/login HTTP/1.1" 200 72802
193.70.81.99 - - [19/Jul/2024:03:28:08 +0200] "GET /ticket2/opencms/sv/sell/?edid=6ABA4765-C049-91AE-C20A-276AC18EED3D HTTP/1.1" 302 -
217.113.194.219 - - [19/Jul/2024:03:28:08 +0200] "GET /ticket2/opencms/no/buy/?page=1&edid=A6D20830-BAE8-6734-AED4-3AE36A06D466 HTTP/1.1" 200 85890
193.70.81.99 - - [19/Jul/2024:03:28:11 +0200] "GET /ticket2/opencms/sv/login/?edid=6ABA4765-C049-91AE-C20A-276AC18EED3D HTTP/1.1" 200 73621
193.70.81.99 - - [19/Jul/2024:03:28:14 +0200] "GET /ticket2/opencms/sv/sell/?edid=6C8914BF-377D-3452-0F17-49D4496BD1E8 HTTP/1.1" 302 -
37.60.249.191 - - [19/Jul/2024:03:28:16 +0200] "GET /ticket2/opencms/dk/en/buy/?page=1&edid=3F3A734D-4382-40A1-90C1-DDCABA9E878B&sortorder=desc&column=price HTTP/1.1" 404 -
217.113.194.220 - - [19/Jul/2024:03:28:16 +0200] "GET /ticket2/opencms/no/buy/?page=1&edid=A5B5B2CD-655A-1CA5-B849-920F087D0B0E HTTP/1.1" 200 88539
40.77.167.76 - - [19/Jul/2024:03:28:17 +0200] "GET /ticket2/opencms/nl/buy/?page=1&edid=139F3535-86E9-B228-454D-FE0034AF61D0 HTTP/1.1" 200 95240
193.70.81.99 - - [19/Jul/2024:03:28:18 +0200] "GET /ticket2/opencms/sv/login/?edid=6C8914BF-377D-3452-0F17-49D4496BD1E8 HTTP/1.1" 200 73621
193.70.81.99 - - [19/Jul/2024:03:28:21 +0200] "GET /ticket2/opencms/sv/sell/?edid=71F8EE29-FA8F-FD46-7D27-26F4014317BC HTTP/1.1" 302 -
37.57.218.243 - - [19/Jul/2024:03:28:23 +0200] "GET /ticket2/opencms/en/buy/?page=1&edid=3F6A8792-7548-F993-C348-52429B326F12&sortorder=asc&column=section HTTP/1.1" 200 86594
193.70.81.99 - - [19/Jul/2024:03:28:24 +0200] "GET /ticket2/opencms/sv/login/?edid=71F8EE29-FA8F-FD46-7D27-26F4014317BC HTTP/1.1" 200 73621
217.113.194.217 - - [19/Jul/2024:03:28:25 +0200] "GET /ticket2/opencms/no/buy/?page=1&edid=B2A6CB79-DF6D-7005-7252-128EED759603 HTTP/1.1" 200 87389
185.157.223.150 - - [19/Jul/2024:03:28:26 +0200] "GET /ticket2/tickets_export/outgoing/export.txt HTTP/1.1" 200 48019142
193.70.81.99 - - [19/Jul/2024:03:28:27 +0200] "GET /ticket2/opencms/sv/sell/?edid=7CED7E0F-6B54-D4FC-72EC-13278592A560 HTTP/1.1" 302 -
114.119.132.202 - - [19/Jul/2024:03:28:27 +0200] "GET /ticket2/opencms/system/modules/com.gridnine.opencms.ticketbrokerage.site/resources/pics/banners/team/serie_a/inter.png HTTP/1.1" 200 74920
193.70.81.99 - - [19/Jul/2024:03:28:30 +0200] "GET /ticket2/opencms/sv/login/?edid=7CED7E0F-6B54-D4FC-72EC-13278592A560 HTTP/1.1" 200 73621
154.54.249.216 - - [19/Jul/2024:03:28:33 +0200] "GET /ticket2/opencms/no/buy/?page=1&edid=B2A6884B-7040-F0D4-C082-130742E6E216 HTTP/1.1" 200 85896
193.70.81.99 - - [19/Jul/2024:03:28:34 +0200] "GET /ticket2/opencms/sv/sell/?edid=82A37505-231E-F9C1-D725-CF8D739AAF42 HTTP/1.1" 302 -
193.70.81.99 - - [19/Jul/2024:03:28:37 +0200] "GET /ticket2/opencms/sv/login/?edid=82A37505-231E-F9C1-D725-CF8D739AAF42 HTTP/1.1" 200 73621
193.70.81.99 - - [19/Jul/2024:03:28:40 +0200] "GET /ticket2/opencms/sv/sell/?edid=9D00920C-2E3F-5BEF-6B01-689827B960FF HTTP/1.1" 302 -
217.113.194.219 - - [19/Jul/2024:03:28:41 +0200] "GET /ticket2/opencms/no/buy/?page=1&edid=B6792C71-3777-835A-6A12-E2C6ABE580AB HTTP/1.1" 200 88517
193.70.81.99 - - [19/Jul/2024:03:28:44 +0200] "GET /ticket2/opencms/sv/login/?edid=9D00920C-2E3F-5BEF-6B01-689827B960FF HTTP/1.1" 200 73621
40.77.167.241 - - [19/Jul/2024:03:28:45 +0200] "GET /ticket2/opencms/nl/buy/?page=1&edid=2E10707D-C051-6138-1E62-3BA0A6C4D8EB HTTP/1.1" 200 109651
37.57.218.243 - - [19/Jul/2024:03:28:47 +0200] "GET /ticket2/opencms/en/buy/?page=1&edid=3F6A8792-7548-F993-C348-52429B326F12&sortorder=desc&column=price HTTP/1.1" 200 86593
193.70.81.99 - - [19/Jul/2024:03:28:47 +0200] "GET /ticket2/opencms/sv/sell/?edid=B93B0FFA-1133-B639-A688-B05549F4B695 HTTP/1.1" 302 -
217.113.194.212 - - [19/Jul/2024:03:28:50 +0200] "GET /ticket2/opencms/no/buy/?page=1&edid=B7610A39-4144-0BE0-019F-B5A48CCD6AC6 HTTP/1.1" 200 85899
193.70.81.99 - - [19/Jul/2024:03:28:51 +0200] "GET /ticket2/opencms/sv/login/?edid=B93B0FFA-1133-B639-A688-B05549F4B695 HTTP/1.1" 200 73621
66.249.79.231 - - [19/Jul/2024:03:28:52 +0200] "GET /ticket2/opencms/de/robots.txt HTTP/1.1" 404 -
47.128.20.43 - - [19/Jul/2024:03:28:54 +0200] "GET /ticket2/opencms/fr/buy/?edid=20F87A8A-06D8-8F92-A22B-FA3C785DF454 HTTP/1.1" 200 72058
193.70.81.99 - - [19/Jul/2024:03:28:54 +0200] "GET /ticket2/opencms/sv/sell/?edid=C1AA3CD8-9B92-9EEB-74B5-3A5D9E84C8B5 HTTP/1.1" 302 -
47.128.20.43 - - [19/Jul/2024:03:28:54 +0200] "GET /ticket2/opencms/system/modules/com.gridnine.opencms.ticketbrokerage.site/resources/pics/logo-new.png HTTP/1.1" 200 13541
47.128.20.43 - - [19/Jul/2024:03:28:55 +0200] "GET /ticket2/opencms/system/modules/com.gridnine.opencms.ticketbrokerage.site/resources/pics/footer-img.png HTTP/1.1" 200 10350
66.249.76.170 - - [19/Jul/2024:03:28:56 +0200] "GET /ticket2/opencms/de/ HTTP/1.1" 200 94735
193.70.81.99 - - [19/Jul/2024:03:28:58 +0200] "GET /ticket2/opencms/sv/login/?edid=C1AA3CD8-9B92-9EEB-74B5-3A5D9E84C8B5 HTTP/1.1" 200 73621
217.113.194.216 - - [19/Jul/2024:03:28:58 +0200] "GET /ticket2/opencms/no/buy/?page=1&edid=A1049839-1D18-B22B-1DCB-326394C27B2D HTTP/1.1" 200 88282
216.244.66.238 - - [19/Jul/2024:03:28:59 +0200] "GET /ticket2/opencms/no/buy/?page=1&edid=E9A36455-AEA7-B86C-20AA-DBAA963F875E HTTP/1.1" 200 103665
193.70.81.99 - - [19/Jul/2024:03:29:01 +0200] "GET /ticket2/opencms/sv/sell/?edid=D5D92891-B389-AB4D-D0C3-85E1E758B18E HTTP/1.1" 302 -
37.57.218.243 - - [19/Jul/2024:03:29:02 +0200] "GET /ticket2/opencms/en/buy/?page=1&edid=3F6A8792-7548-F993-C348-52429B326F12&sortorder=desc&column=row HTTP/1.1" 200 86593
193.70.81.99 - - [19/Jul/2024:03:29:05 +0200] "GET /ticket2/opencms/sv/login/?edid=D5D92891-B389-AB4D-D0C3-85E1E758B18E HTTP/1.1" 200 73621
217.113.194.215 - - [19/Jul/2024:03:29:06 +0200] "GET /ticket2/opencms/no/buy/?page=1&edid=BD57B92F-719F-8721-993E-18658CF49B0B HTTP/1.1" 200 85904
193.70.81.99 - - [19/Jul/2024:03:29:08 +0200] "GET /ticket2/opencms/sv/sell/?edid=D671AA4B-F4FE-4377-0CEE-00CC26515A20 HTTP/1.1" 302 -
216.244.66.238 - - [19/Jul/2024:03:29:09 +0200] "GET /ticket2/opencms/set_aff_cookie.jsp?partner=6F250EA7-4505-FA01-D601-8847F2573405&url=%2Fen%2Fbuy%2Findex.html%3Fpage%3D1%26edid%3D6A7055DD-425B-E453-50E7-55E260012ED5 HTTP/1.1" 200 172
193.70.81.99 - - [19/Jul/2024:03:29:11 +0200] "GET /ticket2/opencms/sv/login/?edid=D671AA4B-F4FE-4377-0CEE-00CC26515A20 HTTP/1.1" 200 73621
193.70.81.99 - - [19/Jul/2024:03:29:15 +0200] "GET /ticket2/opencms/sv/sell/?edid=E8B96A61-AE91-9A43-C22E-F62B2B03FCE0 HTTP/1.1" 302 -
217.113.194.220 - - [19/Jul/2024:03:29:15 +0200] "GET /ticket2/opencms/no/buy/?page=1&edid=AD367739-9B97-22E1-AB45-C515C55EA5C1 HTTP/1.1" 200 88697
193.70.81.99 - - [19/Jul/2024:03:29:18 +0200] "GET /ticket2/opencms/sv/login/?edid=E8B96A61-AE91-9A43-C22E-F62B2B03FCE0 HTTP/1.1" 200 73621
66.249.79.102 - - [19/Jul/2024:03:29:20 +0200] "GET /ticket2/opencms/fr/sport/billets-football/ HTTP/1.1" 500 -
193.70.81.99 - - [19/Jul/2024:03:29:21 +0200] "GET /ticket2/opencms/sv/sell/?edid=EC74E210-A5EE-51AE-1B8A-E040E50F22D8 HTTP/1.1" 302 -
217.113.194.216 - - [19/Jul/2024:03:29:23 +0200] "GET /ticket2/opencms/no/buy/?page=1&edid=FABA34FC-258F-77CD-B268-4357BE2E36D9 HTTP/1.1" 200 87446
37.57.218.243 - - [19/Jul/2024:03:29:24 +0200] "GET /ticket2/opencms/en/buy/?page=1&edid=3F6A8792-7548-F993-C348-52429B326F12&sortorder=desc&column=section HTTP/1.1" 200 86593
37.60.249.191 - - [19/Jul/2024:03:29:24 +0200] "GET /ticket2/opencms/dk/en/buy/?page=1&edid=3F3A734D-4382-40A1-90C1-DDCABA9E878B&sortorder=desc&column=row HTTP/1.1" 404 -
193.70.81.99 - - [19/Jul/2024:03:29:25 +0200] "GET /ticket2/opencms/sv/login/?edid=EC74E210-A5EE-51AE-1B8A-E040E50F22D8 HTTP/1.1" 200 73621
37.123.143.245 - - [19/Jul/2024:03:29:26 +0200] "GET /ticket2/opencms/system/workplace/views/top_foot.jsp?wpFrame=foot HTTP/1.1" 200 1211
37.123.143.245 - - [19/Jul/2024:03:29:26 +0200] "GET /ticket2/opencms/system/workplace/commons/style/workplace.css HTTP/1.1" 200 14209
193.70.81.99 - - [19/Jul/2024:03:29:28 +0200] "GET /ticket2/opencms/sv/sell/?edid=F079AC7E-D221-F1E2-410C-375B35987091 HTTP/1.1" 302 -
193.70.81.99 - - [19/Jul/2024:03:29:31 +0200] "GET /ticket2/opencms/sv/login/?edid=F079AC7E-D221-F1E2-410C-375B35987091 HTTP/1.1" 200 73621
154.54.249.216 - - [19/Jul/2024:03:29:32 +0200] "GET /ticket2/opencms/no/buy/?page=1&edid=A32C2CDE-A2F2-054C-C7FE-30BF45814EDA HTTP/1.1" 200 88984
193.70.81.99 - - [19/Jul/2024:03:29:35 +0200] "GET /ticket2/opencms/sv/sell/?edid=F3EAB77E-5223-86F1-9947-9F306D6E6D43 HTTP/1.1" 302 -
193.70.81.99 - - [19/Jul/2024:03:29:38 +0200] "GET /ticket2/opencms/sv/login/?edid=F3EAB77E-5223-86F1-9947-9F306D6E6D43 HTTP/1.1" 200 73621
217.113.194.213 - - [19/Jul/2024:03:29:40 +0200] "GET /ticket2/opencms/no/buy/?page=1&edid=C844DE58-F0CA-2564-7F6D-C9762E669426 HTTP/1.1" 200 88284
193.70.81.99 - - [19/Jul/2024:03:29:41 +0200] "GET /ticket2/opencms/sv/sell/?edid=F675517E-77A1-26BF-A8E7-E48FFFB49370 HTTP/1.1" 302 -
37.57.218.243 - - [19/Jul/2024:03:29:42 +0200] "GET /ticket2/opencms/en/buy/?page=1&edid=4E227D03-1EED-6C6C-1F6B-38D6AE5ACB28&sortorder=desc&column=price HTTP/1.1" 200 86608
193.70.81.99 - - [19/Jul/2024:03:29:44 +0200] "GET /ticket2/opencms/sv/login/?edid=F675517E-77A1-26BF-A8E7-E48FFFB49370 HTTP/1.1" 200 73621
193.70.81.99 - - [19/Jul/2024:03:29:48 +0200] "GET /ticket2/opencms/sv/sell/?edid=F820A2EC-F927-925D-C4BE-7AC75C5AC250 HTTP/1.1" 302 -
217.113.194.221 - - [19/Jul/2024:03:29:48 +0200] "GET /ticket2/opencms/no/buy/?page=1&edid=C842B42D-EC0C-337E-839C-F94D0BEF3026 HTTP/1.1" 200 85901
52.167.144.219 - - [19/Jul/2024:03:29:51 +0200] "GET /ticket2/opencms/nl/buy?page=1&edid=BA98F497-79D9-0BA1-3E19-B45BB0763E07 HTTP/1.1" 200 115100
193.70.81.99 - - [19/Jul/2024:03:29:51 +0200] "GET /ticket2/opencms/sv/login/?edid=F820A2EC-F927-925D-C4BE-7AC75C5AC250 HTTP/1.1" 200 73621
193.70.81.99 - - [19/Jul/2024:03:29:55 +0200] "GET /ticket2/opencms/sv/sport/fotbollsbiljetter/bundesliga/fortuna_dusseldorf/ HTTP/1.1" 200 72044
217.113.194.215 - - [19/Jul/2024:03:29:57 +0200] "GET /ticket2/opencms/no/buy/?page=1&edid=B4AC4F8E-B457-6CFB-D422-57B9B6443109 HTTP/1.1" 200 88499
193.70.81.99 - - [19/Jul/2024:03:29:58 +0200] "GET /ticket2/opencms/sv/sport/fotbollsbiljetter/bundesliga/freiburg/ HTTP/1.1" 200 72429
193.70.81.99 - - [19/Jul/2024:03:30:02 +0200] "GET /ticket2/opencms/sv/sport/fotbollsbiljetter/bundesliga/hamburger/ HTTP/1.1" 200 72422
37.57.218.243 - - [19/Jul/2024:03:30:05 +0200] "GET /ticket2/opencms/en/buy/?page=1&edid=590EDDB9-B981-09D2-E0FC-F6E1B491368A&sortorder=desc&column=price HTTP/1.1" 200 87736
217.113.194.214 - - [19/Jul/2024:03:30:05 +0200] "GET /ticket2/opencms/no/buy/?page=1&edid=ABE0D196-5A84-0064-2AAA-8BE846913E3B HTTP/1.1" 200 111161
193.70.81.99 - - [19/Jul/2024:03:30:05 +0200] "GET /ticket2/opencms/sv/sport/fotbollsbiljetter/bundesliga/ingolstadt/ HTTP/1.1" 200 71884
193.70.81.99 - - [19/Jul/2024:03:30:09 +0200] "GET /ticket2/opencms/sv/sport/fotbollsbiljetter/bundesliga/koln/ HTTP/1.1" 200 72623
193.70.81.99 - - [19/Jul/2024:03:30:12 +0200] "GET /ticket2/opencms/sv/sport/fotbollsbiljetter/bundesliga/rb_leipzig/ HTTP/1.1" 200 71980
217.113.194.212 - - [19/Jul/2024:03:30:13 +0200] "GET /ticket2/opencms/no/buy/?page=1&edid=FEC55A08-67DE-52B7-7760-E96A945C9969 HTTP/1.1" 200 87866
193.70.81.99 - - [19/Jul/2024:03:30:16 +0200] "GET /ticket2/opencms/sv/sport/fotbollsbiljetter/community_shield/ HTTP/1.1" 200 73969
114.119.148.132 - - [19/Jul/2024:03:30:18 +0200] "GET /ticket2/opencms/robots.txt HTTP/1.1" 200 773
193.70.81.99 - - [19/Jul/2024:03:30:19 +0200] "GET /ticket2/opencms/sv/sport/fotbollsbiljetter/em_kval/ HTTP/1.1" 200 72524
66.249.76.160 - - [19/Jul/2024:03:30:21 +0200] "GET /ticket2/opencms/de/magazine/article?title=everton HTTP/1.1" 200 74530
217.113.194.217 - - [19/Jul/2024:03:30:22 +0200] "GET /ticket2/opencms/no/buy/?page=1&edid=C5825769-AAE5-D64C-4386-3719AC8F2463 HTTP/1.1" 200 85900
37.57.218.243 - - [19/Jul/2024:03:30:22 +0200] "GET /ticket2/opencms/en/buy/?page=1&edid=616E0307-EF5A-C0BC-E2E4-858595D5400D&sortorder=desc&column=price HTTP/1.1" 200 87773
66.249.76.160 - - [19/Jul/2024:03:30:22 +0200] "GET /ticket2/opencms/dk/buy/?page=1&edid=C9919F63-312E-C4DF-29D6-DA1CE80EC9A2 HTTP/1.1" 200 102896
193.70.81.99 - - [19/Jul/2024:03:30:23 +0200] "GET /ticket2/opencms/sv/sport/fotbollsbiljetter/english-championship/barnsley/ HTTP/1.1" 200 71378
193.70.81.99 - - [19/Jul/2024:03:30:27 +0200] "GET /ticket2/opencms/sv/sport/fotbollsbiljetter/english-championship/hull/ HTTP/1.1" 200 86470
154.54.249.216 - - [19/Jul/2024:03:30:30 +0200] "GET /ticket2/opencms/no/buy/?page=1&edid=C580BF0C-0450-5572-ED27-577DCC9CA75F HTTP/1.1" 200 87864
193.70.81.99 - - [19/Jul/2024:03:30:31 +0200] "GET /ticket2/opencms/sv/sport/fotbollsbiljetter/english-championship/leeds/ HTTP/1.1" 200 86673
66.249.79.171 - - [19/Jul/2024:03:30:33 +0200] "GET /ticket2/opencms/en/buy/?page=1&edid=E0A8CE5D-A2DA-F5EB-6814-85F787FE51D7 HTTP/1.1" 200 96128
193.70.81.99 - - [19/Jul/2024:03:30:34 +0200] "GET /ticket2/opencms/sv/sport/fotbollsbiljetter/english-championship/leicester-city/ HTTP/1.1" 200 73440
37.57.218.243 - - [19/Jul/2024:03:30:35 +0200] "GET /ticket2/opencms/en/buy/?page=1&edid=616E0307-EF5A-C0BC-E2E4-858595D5400D&sortorder=desc&column=row HTTP/1.1" 200 87773
114.119.152.195 - - [19/Jul/2024:03:30:35 +0200] "GET /ticket2/opencms/en/venue/?venueid=C5443748-FE6D-78AE-9835-D6BA076EAF8D HTTP/1.1" 200 70772
193.70.81.99 - - [19/Jul/2024:03:30:38 +0200] "GET /ticket2/opencms/sv/sport/fotbollsbiljetter/premier_league/crystal_palace/ HTTP/1.1" 200 85616
217.113.194.216 - - [19/Jul/2024:03:30:38 +0200] "GET /ticket2/opencms/no/buy/?page=1&edid=CFE360AF-C3A3-E65E-3123-D315A12D77A9 HTTP/1.1" 200 88480
193.70.81.99 - - [19/Jul/2024:03:30:42 +0200] "GET /ticket2/opencms/sv/sport/hockeybiljetter/nhl/montreal-canadiens/ HTTP/1.1" 200 73838
136.243.222.140 - - [19/Jul/2024:03:30:44 +0200] "GET /ticket2/opencms/en/buy?page=1&edid=F78B03FA-4A60-BDC0-B4DA-96975C817683 HTTP/1.1" 200 114693
217.113.194.215 - - [19/Jul/2024:03:30:47 +0200] "GET /ticket2/opencms/no/buy/?page=1&edid=A6028745-225D-F3D7-C4B7-DB2F515FCF06 HTTP/1.1" 200 87867
217.113.194.213 - - [19/Jul/2024:03:30:55 +0200] "GET /ticket2/opencms/no/buy/?page=1&edid=DAF758C3-0637-6928-453A-7E28B156FEBF HTTP/1.1" 200 88512
37.57.218.243 - - [19/Jul/2024:03:30:56 +0200] "GET /ticket2/opencms/en/buy/?page=1&edid=616E0307-EF5A-C0BC-E2E4-858595D5400D&sortorder=desc&column=section HTTP/1.1" 200 87773
37.60.249.191 - - [19/Jul/2024:03:30:57 +0200] "GET /ticket2/opencms/dk/en/buy/?page=1&edid=428E58E3-B3C1-2F0F-E2C9-023C8EA16898 HTTP/1.1" 404 -
110.238.105.64 - - [19/Jul/2024:03:30:58 +0200] "GET /ticket2/opencms/sv/sport/fotbollsbiljetter/uefa-champions-league/fc_spartak_moscow/ HTTP/1.1" 200 73263
217.113.194.215 - - [19/Jul/2024:03:31:04 +0200] "GET /ticket2/opencms/no/buy/?page=1&edid=50BF9479-3052-C824-E43D-F65FCD0D5F09 HTTP/1.1" 200 85878
66.249.79.231 - - [19/Jul/2024:03:31:11 +0200] "GET /ticket2/opencms/venue/eur.png HTTP/1.1" 200 167373
217.113.194.212 - - [19/Jul/2024:03:31:12 +0200] "GET /ticket2/opencms/no/buy/?page=1&edid=601ACF38-5C31-FBA9-552E-BFECCB7BA32F HTTP/1.1" 200 87623
47.128.58.213 - - [19/Jul/2024:03:31:12 +0200] "GET /ticket2/opencms/sv/buy/?edid=31B9C446-A8DC-95DD-A849-35A34B746A74 HTTP/1.1" 200 71773
47.128.58.213 - - [19/Jul/2024:03:31:13 +0200] "GET /ticket2/opencms/system/modules/com.gridnine.opencms.ticketbrokerage.site/resources/pics/logo-new.png HTTP/1.1" 200 13541
47.128.58.213 - - [19/Jul/2024:03:31:13 +0200] "GET /ticket2/opencms/system/modules/com.gridnine.opencms.ticketbrokerage.site/resources/pics/footer-img.png HTTP/1.1" 200 10350
37.57.218.243 - - [19/Jul/2024:03:31:14 +0200] "GET /ticket2/opencms/en/buy/?page=1&edid=63801669-9764-13A7-B058-055F32A0BC14&sortorder=desc&column=price HTTP/1.1" 200 87286
216.244.66.196 - - [19/Jul/2024:03:31:16 +0200] "GET /ticket2/opencms/robots.txt HTTP/1.1" 200 773
217.113.194.221 - - [19/Jul/2024:03:31:20 +0200] "GET /ticket2/opencms/no/buy/?page=1&edid=6018B583-E8C8-6E96-F165-DFDD897381E6 HTTP/1.1" 200 85897
66.249.79.173 - - [19/Jul/2024:03:31:23 +0200] "GET /ticket2/opencms/fi/buy?page=1&edid=E289F96B-BF69-A88E-30C1-E3CA6BC29D6C HTTP/1.1" 200 101086
66.249.79.171 - - [19/Jul/2024:03:31:28 +0200] "GET /ticket2/opencms/fi/ask-form.html HTTP/1.1" 200 3012
154.54.249.216 - - [19/Jul/2024:03:31:29 +0200] "GET /ticket2/opencms/no/buy/?page=1&edid=216EB801-F082-5A27-3CD0-67FAD2886DB7 HTTP/1.1" 200 87410
217.113.194.219 - - [19/Jul/2024:03:31:37 +0200] "GET /ticket2/opencms/no/buy/?page=1&edid=718C22C8-8C2E-B7BE-339A-55BF525019AD HTTP/1.1" 200 85888
37.57.218.243 - - [19/Jul/2024:03:31:37 +0200] "GET /ticket2/opencms/en/buy/?page=1&edid=63801669-9764-13A7-B058-055F32A0BC14&sortorder=desc&column=row HTTP/1.1" 200 87286
217.113.194.212 - - [19/Jul/2024:03:31:45 +0200] "GET /ticket2/opencms/no/buy/?page=1&edid=5B8EFCD9-D0AF-F459-7139-1497871AF5D7 HTTP/1.1" 200 85901
217.113.194.221 - - [19/Jul/2024:03:31:54 +0200] "GET /ticket2/opencms/no/buy/?page=1&edid=5BBE11E9-221E-0388-81D1-7607B43518F1 HTTP/1.1" 200 87850
37.57.218.243 - - [19/Jul/2024:03:31:56 +0200] "GET /ticket2/opencms/en/buy/?page=1&edid=63801669-9764-13A7-B058-055F32A0BC14&sortorder=desc&column=section HTTP/1.1" 200 87286
37.60.249.191 - - [19/Jul/2024:03:32:00 +0200] "GET /ticket2/opencms/dk/en/buy/?page=1&edid=46108B14-35CC-5C82-3570-2C0C468740A5&sortorder=asc&column=row HTTP/1.1" 404 -
154.54.249.216 - - [19/Jul/2024:03:32:02 +0200] "GET /ticket2/opencms/no/buy/?page=1&edid=5F9726B9-5C92-1C2C-8ACF-AB923040A39F HTTP/1.1" 200 87644
217.113.194.217 - - [19/Jul/2024:03:32:10 +0200] "GET /ticket2/opencms/no/buy/?page=1&edid=519623A0-6FE8-1256-AA1E-EE105D1706CF HTTP/1.1" 200 87643
114.119.131.42 - - [19/Jul/2024:03:32:13 +0200] "GET /ticket2/opencms/en/venue/?venueid=7DE2C374-815B-4259-16EB-46FF20885F41 HTTP/1.1" 200 70814
37.57.218.243 - - [19/Jul/2024:03:32:14 +0200] "GET /ticket2/opencms/en/buy/?page=1&edid=6471BDCD-0B2F-C3B9-3026-367C586DCB12&sortorder=desc&column=price HTTP/1.1" 200 87286
217.113.194.213 - - [19/Jul/2024:03:32:19 +0200] "GET /ticket2/opencms/no/buy/?page=1&edid=19E84C52-A446-E058-5C60-ACFF6737EAAA HTTP/1.1" 200 85894
66.249.79.172 - - [19/Jul/2024:03:32:24 +0200] "GET /ticket2/opencms/es/buy?page=1&edid=03C08C39-501F-FF78-A958-5E62ADCE683F HTTP/1.1" 200 101231
217.113.194.217 - - [19/Jul/2024:03:32:27 +0200] "GET /ticket2/opencms/no/buy/?page=1&edid=374A2A73-5047-F779-C8C9-36E25A66B890 HTTP/1.1" 200 85933
37.57.218.243 - - [19/Jul/2024:03:32:28 +0200] "GET /ticket2/opencms/en/buy/?page=1&edid=6471BDCD-0B2F-C3B9-3026-367C586DCB12&sortorder=desc&column=row HTTP/1.1" 200 87286
217.113.194.220 - - [19/Jul/2024:03:32:36 +0200] "GET /ticket2/opencms/no/buy/?page=1&edid=9444713B-A9BE-A3F5-4A66-33B8EFDAEFB0 HTTP/1.1" 200 88276
66.249.76.160 - - [19/Jul/2024:03:32:40 +0200] "GET /ticket2/opencms/sv/magazine/Arsenal%20slutade%20p%C3%A5%20andra%20plats%20i%20Premier%20League%20f%C3%B6r%20andra%20%C3%A5ret%20i%20rad,%20och%20vill%20nu%20ta%20nya%20tag. HTTP/1.1" 404 -
63.143.42.252 - - [19/Jul/2024:03:32:41 +0200] "HEAD /ticket2/opencms/ HTTP/1.1" 302 -
217.113.194.215 - - [19/Jul/2024:03:32:44 +0200] "GET /ticket2/opencms/no/buy/?page=1&edid=766B922A-8645-D92B-B32D-7F11F65CE952 HTTP/1.1" 200 85883
63.143.42.252 - - [19/Jul/2024:03:32:45 +0200] "HEAD /ticket2/opencms/en/ HTTP/1.1" 200 -
37.57.218.243 - - [19/Jul/2024:03:32:45 +0200] "GET /ticket2/opencms/en/buy/?page=1&edid=6471BDCD-0B2F-C3B9-3026-367C586DCB12&sortorder=desc&column=section HTTP/1.1" 200 87286
114.119.130.175 - - [19/Jul/2024:03:32:50 +0200] "GET /ticket2/opencms/en/sell/?edid=A34637F6-A2D0-912E-26B6-F992C4C5FF72 HTTP/1.1" 302 -
217.113.194.221 - - [19/Jul/2024:03:32:52 +0200] "GET /ticket2/opencms/no/buy/?page=1&edid=89B9E8FB-02AC-B2B1-4633-6562ED36330C HTTP/1.1" 200 85927
114.119.130.175 - - [19/Jul/2024:03:32:54 +0200] "GET /ticket2/opencms/en/login/?url=/en/sell/ HTTP/1.1" 200 72802
112.86.225.16 - - [19/Jul/2024:03:32:56 +0200] "GET /ticket2/opencms/ HTTP/1.1" 302 -
112.86.225.16 - - [19/Jul/2024:03:32:57 +0200] "GET /ticket2/opencms/en/ HTTP/1.1" 200 94039
37.57.218.243 - - [19/Jul/2024:03:32:59 +0200] "GET /ticket2/opencms/en/buy/?page=1&edid=74131A78-3ACC-99E6-1155-5093F043A0B8&sortorder=desc&column=price HTTP/1.1" 200 87734
217.113.194.212 - - [19/Jul/2024:03:33:01 +0200] "GET /ticket2/opencms/no/buy/?page=1&edid=0D5116BF-5A00-7CB9-E70D-1494FA14036A HTTP/1.1" 200 85901
37.60.249.191 - - [19/Jul/2024:03:33:07 +0200] "GET /ticket2/opencms/dk/en/buy/?page=1&edid=46108B14-35CC-5C82-3570-2C0C468740A5&sortorder=asc&column=section HTTP/1.1" 404 -
217.113.194.220 - - [19/Jul/2024:03:33:09 +0200] "GET /ticket2/opencms/no/buy/?page=1&edid=01B70E9B-C185-115A-C9AE-37A5EA8A5347 HTTP/1.1" 200 88515
217.113.194.215 - - [19/Jul/2024:03:33:17 +0200] "GET /ticket2/opencms/no/buy/?page=1&edid=0332602C-2AFB-9A5D-7606-3103AF894B35 HTTP/1.1" 200 85900
37.57.218.243 - - [19/Jul/2024:03:33:17 +0200] "GET /ticket2/opencms/en/buy/?page=1&edid=74131A78-3ACC-99E6-1155-5093F043A0B8&sortorder=desc&column=row HTTP/1.1" 200 87734
217.113.194.220 - - [19/Jul/2024:03:33:26 +0200] "GET /ticket2/opencms/no/buy/?page=1&edid=05EDBB0A-27C1-B942-380A-AB20B03538AA HTTP/1.1" 200 88533
114.119.134.51 - - [19/Jul/2024:03:33:29 +0200] "GET /ticket2/opencms/en/venue/?venueid=D744A0E6-974D-7D9B-E6CA-EB969D419414 HTTP/1.1" 200 70713
47.128.118.85 - - [19/Jul/2024:03:33:29 +0200] "GET /ticket2/opencms/it/buy/?edid=17260F4F-A849-5FCD-F08C-3E4A05EF4080 HTTP/1.1" 200 72624
47.128.118.85 - - [19/Jul/2024:03:33:30 +0200] "GET /ticket2/opencms/system/modules/com.gridnine.opencms.ticketbrokerage.site/resources/pics/logo-new.png HTTP/1.1" 200 13541
47.128.118.85 - - [19/Jul/2024:03:33:30 +0200] "GET /ticket2/opencms/system/modules/com.gridnine.opencms.ticketbrokerage.site/resources/pics/footer-img.png HTTP/1.1" 200 10350
154.54.249.216 - - [19/Jul/2024:03:33:34 +0200] "GET /ticket2/opencms/no/buy/?page=1&edid=19550F07-9055-3B6B-7785-B446F6EEEC6C HTTP/1.1" 200 87845
37.57.218.243 - - [19/Jul/2024:03:33:41 +0200] "GET /ticket2/opencms/en/buy/?page=1&edid=74131A78-3ACC-99E6-1155-5093F043A0B8&sortorder=desc&column=section HTTP/1.1" 200 87734
217.113.194.216 - - [19/Jul/2024:03:33:42 +0200] "GET /ticket2/opencms/no/buy/?page=1&edid=8D277887-D2AB-63E9-7974-608EA419222C HTTP/1.1" 200 88988
40.77.167.52 - - [19/Jul/2024:03:33:50 +0200] "GET /ticket2/opencms/dk/buy?page=1&edid=8D916C6C-0A69-41F7-4678-427710F013C6 HTTP/1.1" 200 88280
217.113.194.215 - - [19/Jul/2024:03:33:51 +0200] "GET /ticket2/opencms/no/buy/?page=1&edid=59D42A1C-AFAE-24DE-F75C-DAEFEADF3021 HTTP/1.1" 200 88691
37.57.218.243 - - [19/Jul/2024:03:33:56 +0200] "GET /ticket2/opencms/en/buy/?page=1&edid=74C0EB6F-C623-E56C-BF84-0930C3C6CCAE&sortorder=desc&column=price HTTP/1.1" 200 87739
217.113.194.220 - - [19/Jul/2024:03:33:59 +0200] "GET /ticket2/opencms/no/buy/?page=1&edid=4AFAA978-B4ED-A501-2785-C6140A740C38 HTTP/1.1" 200 87436
37.60.249.191 - - [19/Jul/2024:03:34:03 +0200] "GET /ticket2/opencms/dk/en/buy/?page=1&edid=4DD56908-EF50-BCCC-0CFD-53D399B44C58&sortorder=asc&column=row HTTP/1.1" 404 -
217.113.194.212 - - [19/Jul/2024:03:34:07 +0200] "GET /ticket2/opencms/no/buy/?page=1&edid=4FB71778-35E5-0311-C96C-07D746A3C347 HTTP/1.1" 200 88548
37.57.218.243 - - [19/Jul/2024:03:34:11 +0200] "GET /ticket2/opencms/en/buy/?page=1&edid=74C0EB6F-C623-E56C-BF84-0930C3C6CCAE&sortorder=desc&column=row HTTP/1.1" 200 87739
217.113.194.212 - - [19/Jul/2024:03:34:16 +0200] "GET /ticket2/opencms/no/buy/?page=1&edid=3DF4291F-04C2-AD3A-CB04-5D1401F45049 HTTP/1.1" 200 88460
217.113.194.221 - - [19/Jul/2024:03:34:24 +0200] "GET /ticket2/opencms/no/buy/?page=1&edid=3C7EBEA7-7266-C804-23AD-B0064BA349FA HTTP/1.1" 200 85907
114.119.144.51 - - [19/Jul/2024:03:34:24 +0200] "GET /ticket2/opencms/en/sell/?edid=D0B4A0B2-753A-E734-88B4-0E8CC9DC25BF HTTP/1.1" 302 -
37.123.143.245 - - [19/Jul/2024:03:34:26 +0200] "GET /ticket2/opencms/system/workplace/views/top_foot.jsp?wpFrame=foot HTTP/1.1" 200 1211
37.123.143.245 - - [19/Jul/2024:03:34:26 +0200] "GET /ticket2/opencms/system/workplace/commons/style/workplace.css HTTP/1.1" 200 14209
114.119.144.51 - - [19/Jul/2024:03:34:28 +0200] "GET /ticket2/opencms/en/login/?url=/en/sell/ HTTP/1.1" 200 72802
217.113.194.215 - - [19/Jul/2024:03:34:32 +0200] "GET /ticket2/opencms/no/buy/?page=1&edid=3A9CDF38-2542-70DF-4CDC-557E51A66CF4 HTTP/1.1" 200 88514
37.57.218.243 - - [19/Jul/2024:03:34:34 +0200] "GET /ticket2/opencms/en/buy/?page=1&edid=74C0EB6F-C623-E56C-BF84-0930C3C6CCAE&sortorder=desc&column=section HTTP/1.1" 200 87739
119.8.169.21 - - [19/Jul/2024:03:34:34 +0200] "GET /ticket2/opencms/nl/magazine/article?title=jurgen-klopp-verlaat-liverpool-een-succesverhaal-op-anfield HTTP/1.1" 200 74958
154.54.249.216 - - [19/Jul/2024:03:34:41 +0200] "GET /ticket2/opencms/no/buy/?page=1&edid=516D2084-D01E-11D1-0C8F-230D7B392DCC HTTP/1.1" 200 88943
37.57.218.243 - - [19/Jul/2024:03:34:48 +0200] "GET /ticket2/opencms/en/buy/?page=1&edid=7CBC2073-43B3-6AB9-9406-E231332EAC38&sortorder=desc&column=price HTTP/1.1" 200 87776
217.113.194.218 - - [19/Jul/2024:03:34:49 +0200] "GET /ticket2/opencms/no/buy/?page=1&edid=4617CD2B-7E67-6DAD-11BD-51C4ACE66266 HTTP/1.1" 200 88508
217.113.194.212 - - [19/Jul/2024:03:34:57 +0200] "GET /ticket2/opencms/no/buy/?page=1&edid=18A2457D-174A-1761-F7F1-79CD1A73BA2E HTTP/1.1" 200 88695
37.57.218.243 - - [19/Jul/2024:03:35:02 +0200] "GET /ticket2/opencms/en/buy/?page=1&edid=7CBC2073-43B3-6AB9-9406-E231332EAC38&sortorder=desc&column=row HTTP/1.1" 200 87776
217.113.194.220 - - [19/Jul/2024:03:35:06 +0200] "GET /ticket2/opencms/no/buy/?page=1&edid=741828EB-502C-A4B8-6CCE-FED87EC0EA21 HTTP/1.1" 200 85924
37.60.249.191 - - [19/Jul/2024:03:35:11 +0200] "GET /ticket2/opencms/dk/en/buy/?page=1&edid=4DD56908-EF50-BCCC-0CFD-53D399B44C58&sortorder=asc&column=section HTTP/1.1" 404 -
217.113.194.220 - - [19/Jul/2024:03:35:14 +0200] "GET /ticket2/opencms/no/buy/?page=1&edid=590AE662-1DF0-31E3-5A57-EC29ECE077A3 HTTP/1.1" 200 88465
37.57.218.243 - - [19/Jul/2024:03:35:18 +0200] "GET /ticket2/opencms/en/buy/?page=1&edid=7CBC2073-43B3-6AB9-9406-E231332EAC38&sortorder=desc&column=section HTTP/1.1" 200 87776
217.113.194.213 - - [19/Jul/2024:03:35:23 +0200] "GET /ticket2/opencms/no/buy/?page=1&edid=5186F801-1E66-F9C1-891D-066ECAEFD23A HTTP/1.1" 200 85930
66.249.76.8 - - [19/Jul/2024:03:35:29 +0200] "GET /ticket2/opencms/dk/buy?page=1&edid=C3F8785D-23A5-4B26-442F-40215DF06D66 HTTP/1.1" 200 111001
66.249.79.171 - - [19/Jul/2024:03:35:29 +0200] "GET /ticket2/opencms/en/buy?page=1&edid=1BDA6D08-38AF-6470-7423-555F9C3DEC73 HTTP/1.1" 200 117335
66.249.79.171 - - [19/Jul/2024:03:35:30 +0200] "GET /ticket2/opencms/fi/venue/?countryid=BD065C1D-5EB9-6471-371C-1A2F19BD7F92 HTTP/1.1" 200 110526
66.249.76.8 - - [19/Jul/2024:03:35:31 +0200] "GET /ticket2/opencms/de/magazine/article?title=newcastle HTTP/1.1" 200 75525
66.249.76.8 - - [19/Jul/2024:03:35:31 +0200] "GET /ticket2/opencms/de/magazine/article?title=fulham-fc HTTP/1.1" 200 74784
217.113.194.221 - - [19/Jul/2024:03:35:32 +0200] "GET /ticket2/opencms/no/buy/?page=1&edid=7A279ED2-B88D-B09E-D787-514A150B8688 HTTP/1.1" 200 88525
37.57.218.243 - - [19/Jul/2024:03:35:34 +0200] "GET /ticket2/opencms/en/buy/?page=1&edid=88846CDD-90BD-3C14-8B7F-E56B7CEB33C4&sortorder=desc&column=price HTTP/1.1" 200 87288
217.113.194.216 - - [19/Jul/2024:03:35:40 +0200] "GET /ticket2/opencms/no/buy/?page=1&edid=7DDBC8D9-3767-F609-E341-87094F419EE9 HTTP/1.1" 200 88542
47.128.113.54 - - [19/Jul/2024:03:35:47 +0200] "GET /ticket2/opencms/de/buy/?edid=DEEA9118-E3F6-3082-4A28-2EFD15B3E13F HTTP/1.1" 200 71949
47.128.113.54 - - [19/Jul/2024:03:35:48 +0200] "GET /ticket2/opencms/system/modules/com.gridnine.opencms.ticketbrokerage.site/resources/pics/logo-new.png HTTP/1.1" 200 13541
47.128.113.54 - - [19/Jul/2024:03:35:48 +0200] "GET /ticket2/opencms/system/modules/com.gridnine.opencms.ticketbrokerage.site/resources/pics/footer-img.png HTTP/1.1" 200 10350
217.113.194.218 - - [19/Jul/2024:03:35:48 +0200] "GET /ticket2/opencms/no/buy/?page=1&edid=7E18FA70-A311-3D45-AFA1-C2DFF226D565 HTTP/1.1" 200 85884
37.57.218.243 - - [19/Jul/2024:03:35:51 +0200] "GET /ticket2/opencms/en/buy/?page=1&edid=88846CDD-90BD-3C14-8B7F-E56B7CEB33C4&sortorder=desc&column=row HTTP/1.1" 200 87288
217.113.194.217 - - [19/Jul/2024:03:35:57 +0200] "GET /ticket2/opencms/no/buy/?page=1&edid=6CBE2591-0C21-C59A-952D-56E2316290E2 HTTP/1.1" 200 87868
158.220.123.226 - - [19/Jul/2024:03:36:00 +0200] "GET /ticket2/opencms/se/robots.txt HTTP/1.1" 404 -
217.113.194.216 - - [19/Jul/2024:03:36:05 +0200] "GET /ticket2/opencms/no/buy/?page=1&edid=6FA96B28-D739-97C7-35E5-810A1E2013BA HTTP/1.1" 200 87865
37.57.218.243 - - [19/Jul/2024:03:36:08 +0200] "GET /ticket2/opencms/en/buy/?page=1&edid=88846CDD-90BD-3C14-8B7F-E56B7CEB33C4&sortorder=desc&column=section HTTP/1.1" 200 87288
37.60.249.191 - - [19/Jul/2024:03:36:10 +0200] "GET /ticket2/opencms/dk/en/buy/?page=1&edid=4DD56908-EF50-BCCC-0CFD-53D399B44C58&sortorder=desc&column=row HTTP/1.1" 404 -
217.113.194.217 - - [19/Jul/2024:03:36:13 +0200] "GET /ticket2/opencms/no/buy/?page=1&edid=6C5E9109-90F1-2C18-8C1F-221C65D99148 HTTP/1.1" 200 88491
217.113.194.221 - - [19/Jul/2024:03:36:22 +0200] "GET /ticket2/opencms/no/buy/?page=1&edid=6A97846C-6C85-821E-A23E-B1A09E022AC1 HTTP/1.1" 200 87639
37.57.218.243 - - [19/Jul/2024:03:36:26 +0200] "GET /ticket2/opencms/en/buy/?page=1&edid=8970AC92-C5AA-B7C6-D963-8BFE17682D77&sortorder=desc&column=price HTTP/1.1" 200 87664
217.113.194.217 - - [19/Jul/2024:03:36:30 +0200] "GET /ticket2/opencms/no/buy/?page=1&edid=6D3255A1-E682-32BF-031C-D984FAE9D38E HTTP/1.1" 200 85870
217.113.194.212 - - [19/Jul/2024:03:36:38 +0200] "GET /ticket2/opencms/no/buy/?page=1&edid=2A512963-8C1F-996A-5AF5-8CF5359AC1EF HTTP/1.1" 200 88065
37.57.218.243 - - [19/Jul/2024:03:36:45 +0200] "GET /ticket2/opencms/en/buy/?page=1&edid=8970AC92-C5AA-B7C6-D963-8BFE17682D77&sortorder=desc&column=row HTTP/1.1" 200 87664
217.113.194.219 - - [19/Jul/2024:03:36:47 +0200] "GET /ticket2/opencms/no/buy/?page=1&edid=2C9BA7A6-8675-78E4-6894-D591F957E2E0 HTTP/1.1" 200 88737
217.113.194.214 - - [19/Jul/2024:03:36:55 +0200] "GET /ticket2/opencms/no/buy/?page=1&edid=77BFBE11-29E1-6121-FF86-C08356B30E50 HTTP/1.1" 200 89023
37.60.249.191 - - [19/Jul/2024:03:36:58 +0200] "GET /ticket2/opencms/dk/en/buy/?page=1&edid=4DD56908-EF50-BCCC-0CFD-53D399B44C58&sortorder=desc&column=section HTTP/1.1" 404 -
37.57.218.243 - - [19/Jul/2024:03:37:00 +0200] "GET /ticket2/opencms/en/buy/?page=1&edid=8970AC92-C5AA-B7C6-D963-8BFE17682D77&sortorder=desc&column=section HTTP/1.1" 200 87664
217.113.194.221 - - [19/Jul/2024:03:37:04 +0200] "GET /ticket2/opencms/no/buy/?page=1&edid=77C399FE-C123-10DD-718F-4871CF021D13 HTTP/1.1" 200 88549
114.119.137.43 - - [19/Jul/2024:03:37:11 +0200] "GET /ticket2/opencms/en/venue/?venueid=2EFE9339-3EE6-E1A3-A76E-4A84BA1E2E4F HTTP/1.1" 200 70745
154.54.249.216 - - [19/Jul/2024:03:37:12 +0200] "GET /ticket2/opencms/no/buy/?page=1&edid=86917495-454F-F8D8-29B1-D5B1E65C7C19 HTTP/1.1" 200 88270
37.57.218.243 - - [19/Jul/2024:03:37:20 +0200] "GET /ticket2/opencms/en/buy/?page=1&edid=89FE7505-90F7-E10A-4E29-615C9B572E94&sortorder=desc&column=price HTTP/1.1" 200 87284
217.113.194.215 - - [19/Jul/2024:03:37:21 +0200] "GET /ticket2/opencms/no/buy/?page=1&edid=52612AAC-D79F-FEFF-D99A-B9E2F3A50697 HTTP/1.1" 200 85898
217.113.194.221 - - [19/Jul/2024:03:37:29 +0200] "GET /ticket2/opencms/no/buy/?page=1&edid=6478F781-65DA-7AAE-BAEE-90B7FCDC7B60 HTTP/1.1" 200 88062
66.249.79.172 - - [19/Jul/2024:03:37:30 +0200] "GET /ticket2/opencms/es/buy?page=1&edid=06839E1C-8CA0-2766-B39C-B161E06D9E51 HTTP/1.1" 200 112395
37.57.218.243 - - [19/Jul/2024:03:37:37 +0200] "GET /ticket2/opencms/en/buy/?page=1&edid=89FE7505-90F7-E10A-4E29-615C9B572E94&sortorder=desc&column=section HTTP/1.1" 200 87284
217.113.194.215 - - [19/Jul/2024:03:37:37 +0200] "GET /ticket2/opencms/no/buy/?page=1&edid=25D1E1A5-48CB-BCBE-9193-C6660AC8A78B HTTP/1.1" 200 88460
63.143.42.252 - - [19/Jul/2024:03:37:41 +0200] "HEAD /ticket2/opencms/ HTTP/1.1" 302 -
158.220.123.226 - - [19/Jul/2024:03:37:44 +0200] "GET /ticket2/opencms/se/ru/login/?edid=80F09B1E-DC1C-9CB6-D434-EBABD5638BB6 HTTP/1.1" 404 -
63.143.42.252 - - [19/Jul/2024:03:37:45 +0200] "HEAD /ticket2/opencms/en/ HTTP/1.1" 200 -
154.54.249.216 - - [19/Jul/2024:03:37:46 +0200] "GET /ticket2/opencms/no/buy/?page=1&edid=61644994-7205-3A56-DFEA-D9B2F07D2210 HTTP/1.1" 200 88489
37.57.218.243 - - [19/Jul/2024:03:37:50 +0200] "GET /ticket2/opencms/en/buy/?page=1&edid=8C84F5E0-FA25-C5E3-D5D6-2695128F01FC&sortorder=desc&column=price HTTP/1.1" 200 87769
114.119.148.108 - - [19/Jul/2024:03:37:52 +0200] "GET /ticket2/opencms/en/sell/?edid=A13AB09A-1792-3DB1-0E6D-51C1B56068D2 HTTP/1.1" 302 -
66.249.76.162 - - [19/Jul/2024:03:37:52 +0200] "GET /ticket2/opencms/es/buy/?page=1&edid=53C1FCAB-7989-5EF8-3F19-6DBACF1FA24F HTTP/1.1" 200 109855
114.119.148.108 - - [19/Jul/2024:03:37:56 +0200] "GET /ticket2/opencms/en/login/?url=/en/sell/ HTTP/1.1" 200 72802
37.60.249.191 - - [19/Jul/2024:03:37:57 +0200] "GET /ticket2/opencms/dk/en/buy/?page=1&edid=514D9E06-6DCD-2E0A-8EDA-3DF6B976FF35 HTTP/1.1" 404 -
217.113.194.220 - - [19/Jul/2024:03:38:02 +0200] "GET /ticket2/opencms/sv/buy/?page=1&edid=2F5348E0-6AE0-6733-E598-CC28820DA6F7 HTTP/1.1" 200 86892
47.128.127.173 - - [19/Jul/2024:03:38:05 +0200] "GET /ticket2/opencms/de/buy/?edid=66A41D1B-B106-948F-4ECF-7F8A993B5B86 HTTP/1.1" 200 71949
47.128.127.173 - - [19/Jul/2024:03:38:05 +0200] "GET /ticket2/opencms/system/modules/com.gridnine.opencms.ticketbrokerage.site/resources/js/jquery/jquery-ui.js HTTP/1.1" 200 228088
78.153.140.177 - - [19/Jul/2024:03:38:06 +0200] "GET /ticket2/opencms/de/.env HTTP/1.1" 404 -
47.128.127.173 - - [19/Jul/2024:03:38:06 +0200] "GET /ticket2/opencms/system/modules/com.gridnine.opencms.ticketbrokerage.site/resources/pics/logo-new.png HTTP/1.1" 200 13541
47.128.127.173 - - [19/Jul/2024:03:38:06 +0200] "GET /ticket2/opencms/system/modules/com.gridnine.opencms.ticketbrokerage.site/resources/pics/footer-img.png HTTP/1.1" 200 10350
217.113.194.215 - - [19/Jul/2024:03:38:11 +0200] "GET /ticket2/opencms/sv/buy/?page=1&edid=9C142AB0-2A14-1DDC-4371-7642BF95E277 HTTP/1.1" 200 87944
37.57.218.243 - - [19/Jul/2024:03:38:11 +0200] "GET /ticket2/opencms/en/buy/?page=1&edid=8C84F5E0-FA25-C5E3-D5D6-2695128F01FC&sortorder=desc&column=row HTTP/1.1" 200 87769
217.113.194.218 - - [19/Jul/2024:03:38:19 +0200] "GET /ticket2/opencms/sv/buy/?page=1&edid=94CE4845-FE59-6155-B0B6-D2662A75E0A6 HTTP/1.1" 200 85333
37.57.218.243 - - [19/Jul/2024:03:38:23 +0200] "GET /ticket2/opencms/en/buy/?page=1&edid=8C84F5E0-FA25-C5E3-D5D6-2695128F01FC&sortorder=desc&column=section HTTP/1.1" 200 87769
217.113.194.220 - - [19/Jul/2024:03:38:27 +0200] "GET /ticket2/opencms/sv/buy/?page=1&edid=82524E40-55AE-10F3-4A2A-EECF70573402 HTTP/1.1" 200 31
114.119.132.104 - - [19/Jul/2024:03:38:30 +0200] "GET /ticket2/opencms/en/venue/?venueid=C9FA908E-844D-34B9-709F-9C6F649F6B00 HTTP/1.1" 200 70810
217.113.194.217 - - [19/Jul/2024:03:38:36 +0200] "GET /ticket2/opencms/sv/buy/?page=1&edid=B0142474-0B1A-D82C-133C-EAC3AFC71562 HTTP/1.1" 200 85307
37.57.218.243 - - [19/Jul/2024:03:38:40 +0200] "GET /ticket2/opencms/en/buy/?page=1&edid=9247E57F-45C6-02AB-BF4B-104F5210D220 HTTP/1.1" 200 87618
217.113.194.214 - - [19/Jul/2024:03:38:44 +0200] "GET /ticket2/opencms/sv/buy/?page=1&edid=FF382314-BB66-CA82-6925-E34CB18D5219 HTTP/1.1" 200 85314
37.60.249.191 - - [19/Jul/2024:03:38:46 +0200] "GET /ticket2/opencms/dk/en/buy/?page=1&edid=5D6BAFEE-C7E8-3FFE-C335-869AB5ECAAC9 HTTP/1.1" 404 -
217.113.194.216 - - [19/Jul/2024:03:38:53 +0200] "GET /ticket2/opencms/sv/buy/?page=1&edid=C3DD4BE3-4935-9001-265A-52FCF341DCDC HTTP/1.1" 200 87313
37.57.218.243 - - [19/Jul/2024:03:38:53 +0200] "GET /ticket2/opencms/en/buy/?page=1&edid=9247E57F-45C6-02AB-BF4B-104F5210D220&sortorder=asc&column=price HTTP/1.1" 200 87654
217.113.194.218 - - [19/Jul/2024:03:39:02 +0200] "GET /ticket2/opencms/sv/buy/?page=1&edid=5B8EFCD9-D0AF-F459-7139-1497871AF5D7 HTTP/1.1" 200 85323
217.113.194.212 - - [19/Jul/2024:03:39:10 +0200] "GET /ticket2/opencms/sv/buy/?page=1&edid=5186F801-1E66-F9C1-891D-066ECAEFD23A HTTP/1.1" 200 85352
37.57.218.243 - - [19/Jul/2024:03:39:11 +0200] "GET /ticket2/opencms/en/buy/?page=1&edid=9247E57F-45C6-02AB-BF4B-104F5210D220&sortorder=asc&column=row HTTP/1.1" 200 87654
158.220.123.226 - - [19/Jul/2024:03:39:17 +0200] "GET /ticket2/opencms/se/ru/login/?edid=A345B1C7-2ECE-CCA4-505F-B8BAF9A34AE9 HTTP/1.1" 404 -
217.113.194.213 - - [19/Jul/2024:03:39:18 +0200] "GET /ticket2/opencms/sv/buy/?page=1&edid=0332602C-2AFB-9A5D-7606-3103AF894B35 HTTP/1.1" 200 85322
37.57.218.243 - - [19/Jul/2024:03:39:24 +0200] "GET /ticket2/opencms/en/buy/?page=1&edid=9247E57F-45C6-02AB-BF4B-104F5210D220&sortorder=asc&column=section HTTP/1.1" 200 87654
37.123.143.245 - - [19/Jul/2024:03:39:26 +0200] "GET /ticket2/opencms/system/workplace/views/top_foot.jsp?wpFrame=foot HTTP/1.1" 200 1211
37.123.143.245 - - [19/Jul/2024:03:39:27 +0200] "GET /ticket2/opencms/system/workplace/commons/style/workplace.css HTTP/1.1" 200 14209
217.113.194.219 - - [19/Jul/2024:03:39:27 +0200] "GET /ticket2/opencms/sv/buy/?page=1&edid=7E18FA70-A311-3D45-AFA1-C2DFF226D565 HTTP/1.1" 200 85306
154.54.249.216 - - [19/Jul/2024:03:39:35 +0200] "GET /ticket2/opencms/sv/buy/?page=1&edid=61644994-7205-3A56-DFEA-D9B2F07D2210 HTTP/1.1" 200 87931
37.57.218.243 - - [19/Jul/2024:03:39:38 +0200] "GET /ticket2/opencms/en/buy/?page=1&edid=9247E57F-45C6-02AB-BF4B-104F5210D220&sortorder=desc&column=price HTTP/1.1" 200 87653
66.249.79.231 - - [19/Jul/2024:03:39:40 +0200] "GET /ticket2/opencms/fr/buy?page=1&edid=E46B7BC6-4C27-35AD-CA54-AE12489EE42A HTTP/1.1" 200 97878
217.113.194.212 - - [19/Jul/2024:03:39:43 +0200] "GET /ticket2/opencms/sv/buy/?page=1&edid=8EE24D2F-4BF0-A103-6944-36103BCA6278 HTTP/1.1" 200 98534
217.113.194.218 - - [19/Jul/2024:03:39:52 +0200] "GET /ticket2/opencms/sv/buy?page=1&edid=E561DB0E-D1A5-DAD8-3EB4-1648A983060B HTTP/1.1" 200 87931
37.57.218.243 - - [19/Jul/2024:03:39:57 +0200] "GET /ticket2/opencms/en/buy/?page=1&edid=9247E57F-45C6-02AB-BF4B-104F5210D220&sortorder=desc&column=row HTTP/1.1" 200 87653
217.113.194.221 - - [19/Jul/2024:03:40:00 +0200] "GET /ticket2/opencms/sv/buy?page=1&edid=F78B03FA-4A60-BDC0-B4DA-96975C817683 HTTP/1.1" 200 115467
37.60.249.191 - - [19/Jul/2024:03:40:09 +0200] "GET /ticket2/opencms/dk/en/buy/?page=1&edid=5EBE19BA-6757-CAB7-B477-496B303A9553 HTTP/1.1" 404 -
217.113.194.218 - - [19/Jul/2024:03:40:09 +0200] "GET /ticket2/opencms/sv/buy?page=1&edid=68B485F7-9483-6E4F-656D-602EE2AC621D HTTP/1.1" 200 111529
37.57.218.243 - - [19/Jul/2024:03:40:16 +0200] "GET /ticket2/opencms/en/buy/?page=1&edid=9247E57F-45C6-02AB-BF4B-104F5210D220&sortorder=desc&column=section HTTP/1.1" 200 87653
154.54.249.216 - - [19/Jul/2024:03:40:18 +0200] "GET /ticket2/opencms/sv/buy?page=1&edid=2B877732-5277-2CC6-D9D2-67E5CDEA4143 HTTP/1.1" 200 116259
66.249.79.231 - - [19/Jul/2024:03:40:22 +0200] "GET /ticket2/opencms/dk/buy?page=1&edid=E9A36455-AEA7-B86C-20AA-DBAA963F875E HTTP/1.1" 200 102898
47.128.59.72 - - [19/Jul/2024:03:40:23 +0200] "GET /ticket2/opencms/fr/buy/?edid=A587FC63-4A93-6097-3B29-C1C51786267C HTTP/1.1" 200 72058
47.128.59.72 - - [19/Jul/2024:03:40:24 +0200] "GET /ticket2/opencms/system/modules/com.gridnine.opencms.ticketbrokerage.site/resources/pics/logo-new.png HTTP/1.1" 200 13541
47.128.59.72 - - [19/Jul/2024:03:40:24 +0200] "GET /ticket2/opencms/system/modules/com.gridnine.opencms.ticketbrokerage.site/resources/pics/footer-img.png HTTP/1.1" 200 10350
217.113.194.218 - - [19/Jul/2024:03:40:26 +0200] "GET /ticket2/opencms/sv/sell/?edid=FA9417D2-391C-5792-C32C-BCB655298120 HTTP/1.1" 302 -
37.57.218.243 - - [19/Jul/2024:03:40:31 +0200] "GET /ticket2/opencms/en/buy/?page=1&edid=9C266137-BC2E-54EC-A8AA-96FC26D8A137&sortorder=desc&column=price HTTP/1.1" 200 87667
217.113.194.220 - - [19/Jul/2024:03:40:34 +0200] "GET /ticket2/opencms/fi/sell/?edid=9576732A-F5D5-F141-9D9C-CCA5D74DCCC4 HTTP/1.1" 302 -
217.113.194.219 - - [19/Jul/2024:03:40:42 +0200] "GET /ticket2/opencms/fi/buy/?page=1&edid=FAC8E03E-C6DD-C931-8681-E968DABB0592 HTTP/1.1" 200 88130
37.57.218.243 - - [19/Jul/2024:03:40:47 +0200] "GET /ticket2/opencms/en/buy/?page=1&edid=9C266137-BC2E-54EC-A8AA-96FC26D8A137&sortorder=desc&column=row HTTP/1.1" 200 87667
217.113.194.212 - - [19/Jul/2024:03:40:51 +0200] "GET /ticket2/opencms/fi/buy/?page=1&edid=DC151704-7086-0C8A-F9DB-B79F4FC96894 HTTP/1.1" 200 89035
158.220.123.226 - - [19/Jul/2024:03:40:54 +0200] "GET /ticket2/opencms/se/ru/login/?edid=A9EB69E3-F598-8818-4039-B7E9BE6FE589 HTTP/1.1" 404 -
217.113.194.212 - - [19/Jul/2024:03:40:59 +0200] "GET /ticket2/opencms/fi/buy/?page=1&edid=D80743E0-8285-D4ED-834A-4A12B7A12415 HTTP/1.1" 200 86378
37.57.218.243 - - [19/Jul/2024:03:41:04 +0200] "GET /ticket2/opencms/en/buy/?page=1&edid=9C266137-BC2E-54EC-A8AA-96FC26D8A137&sortorder=desc&column=section HTTP/1.1" 200 87667
217.113.194.221 - - [19/Jul/2024:03:41:07 +0200] "GET /ticket2/opencms/fi/buy/?page=1&edid=147B292D-D8FA-E66E-22AD-A19FE353BC57 HTTP/1.1" 200 86369
37.60.249.191 - - [19/Jul/2024:03:41:14 +0200] "GET /ticket2/opencms/dk/en/buy/?page=1&edid=616E0307-EF5A-C0BC-E2E4-858595D5400D HTTP/1.1" 404 -
217.113.194.216 - - [19/Jul/2024:03:41:16 +0200] "GET /ticket2/opencms/fi/buy/?page=1&edid=4DB4901A-D038-60CD-29D1-2B7AE4A09DA5 HTTP/1.1" 200 86381
37.57.218.243 - - [19/Jul/2024:03:41:17 +0200] "GET /ticket2/opencms/en/buy/?page=1&edid=9F34FF64-8435-0668-CDDD-40FBDE58F48E&sortorder=desc&column=price HTTP/1.1" 200 87660
217.113.194.220 - - [19/Jul/2024:03:41:24 +0200] "GET /ticket2/opencms/fi/buy/?page=1&edid=6D3BDE61-EBAA-9455-C4A5-13D3EF777ABE HTTP/1.1" 200 86398
217.113.194.218 - - [19/Jul/2024:03:41:32 +0200] "GET /ticket2/opencms/fi/buy/?page=1&edid=6A97846C-6C85-821E-A23E-B1A09E022AC1 HTTP/1.1" 200 88142
37.57.218.243 - - [19/Jul/2024:03:41:36 +0200] "GET /ticket2/opencms/en/buy/?page=1&edid=9F34FF64-8435-0668-CDDD-40FBDE58F48E&sortorder=desc&column=row HTTP/1.1" 200 87660
217.113.194.215 - - [19/Jul/2024:03:41:41 +0200] "GET /ticket2/opencms/fi/buy/?page=1&edid=2E310422-3CE4-C28F-340E-18597DC7EFE5 HTTP/1.1" 200 86360
217.113.194.220 - - [19/Jul/2024:03:41:49 +0200] "GET /ticket2/opencms/fi/buy/?page=1&edid=94CE4845-FE59-6155-B0B6-D2662A75E0A6 HTTP/1.1" 200 86379
37.57.218.243 - - [19/Jul/2024:03:41:51 +0200] "GET /ticket2/opencms/en/buy/?page=1&edid=9F34FF64-8435-0668-CDDD-40FBDE58F48E&sortorder=desc&column=section HTTP/1.1" 200 87660
190.92.210.55 - - [19/Jul/2024:03:41:54 +0200] "GET /ticket2/opencms/en/magazine/article?title=brighton-and-hove-albion HTTP/1.1" 200 72994
217.113.194.216 - - [19/Jul/2024:03:41:57 +0200] "GET /ticket2/opencms/fi/buy/?page=1&edid=3DF4291F-04C2-AD3A-CB04-5D1401F45049 HTTP/1.1" 200 88957
37.57.218.243 - - [19/Jul/2024:03:42:05 +0200] "GET /ticket2/opencms/en/buy/?page=1&edid=A858554C-F78F-7E97-68A1-73B374CB569E&sortorder=desc&column=price HTTP/1.1" 200 87290
217.113.194.216 - - [19/Jul/2024:03:42:06 +0200] "GET /ticket2/opencms/fi/buy/?page=1&edid=3A889874-090A-FF2B-684E-ED91393F1D37 HTTP/1.1" 200 86401
114.119.140.79 - - [19/Jul/2024:03:42:12 +0200] "GET /ticket2/opencms/en/venue/?venueid=2B29C6EC-89D0-6E9C-BAE4-2D03D28807C6 HTTP/1.1" 200 70740
37.57.218.243 - - [19/Jul/2024:03:42:14 +0200] "GET /ticket2/opencms/en/buy/?page=1&edid=A858554C-F78F-7E97-68A1-73B374CB569E&sortorder=desc&column=row HTTP/1.1" 200 87290
217.113.194.213 - - [19/Jul/2024:03:42:14 +0200] "GET /ticket2/opencms/fi/buy/?page=1&edid=8EE24D2F-4BF0-A103-6944-36103BCA6278 HTTP/1.1" 200 99604
136.243.59.237 - - [19/Jul/2024:03:42:15 +0200] "GET /ticket2/opencms/en/search.html?searchQuery=barcelona&submit= HTTP/1.1" 200 105870
37.60.249.191 - - [19/Jul/2024:03:42:16 +0200] "GET /ticket2/opencms/dk/en/buy/?page=1&edid=63A8A6EF-214B-02FC-498E-67A296EE3821&sortorder=desc&column=row HTTP/1.1" 404 -
217.113.194.217 - - [19/Jul/2024:03:42:22 +0200] "GET /ticket2/opencms/fi/buy/?page=1&edid=89808DE4-033D-BF0D-68FD-BF489CEC9907 HTTP/1.1" 200 86385
37.57.218.243 - - [19/Jul/2024:03:42:25 +0200] "GET /ticket2/opencms/en/buy/?page=1&edid=A858554C-F78F-7E97-68A1-73B374CB569E&sortorder=desc&column=section HTTP/1.1" 200 87290
66.249.76.160 - - [19/Jul/2024:03:42:26 +0200] "GET /ticket2/opencms/set_aff_cookie.jsp?partner=53673ED6-1455-FA54-818F-B1F67121E37C&url=%2Fsv%2Fbuy%2Findex.html%3Fpage%3D1%26edid%3D47F5B60C-8368-4B7A-53D3-C8F8857816DC%26hlv%3D6693aaca-18c4-4001-a2a2-052e0a01000f%23v1997941819 HTTP/1.1" 200 225
66.249.79.7 - - [19/Jul/2024:03:42:30 +0200] "GET /ticket2/opencms/fi/buy/?page=1&edid=65C03F06-B4E6-0D65-D535-E007A0321D02 HTTP/1.1" 200 101095
217.113.194.219 - - [19/Jul/2024:03:42:31 +0200] "GET /ticket2/opencms/fi/venue/?countryid=A120839E-3691-C1CC-A7E6-AFA581C3B971 HTTP/1.1" 200 101663
66.249.76.160 - - [19/Jul/2024:03:42:32 +0200] "GET /ticket2/opencms/sv/buy/?page=1&edid=47F5B60C-8368-4B7A-53D3-C8F8857816DC&hlv=6693aaca-18c4-4001-a2a2-052e0a01000f HTTP/1.1" 200 108603
37.57.218.243 - - [19/Jul/2024:03:42:39 +0200] "GET /ticket2/opencms/en/buy/?page=1&edid=B0E4D276-C8CE-F4B4-2DC5-6BEA44E190B2&sortorder=desc&column=price HTTP/1.1" 200 86603
217.113.194.220 - - [19/Jul/2024:03:42:39 +0200] "GET /ticket2/opencms/fi/venue/?countryid=7B8EA247-B72D-57A1-F5B5-112514CAAC1F HTTP/1.1" 200 101663
47.128.110.141 - - [19/Jul/2024:03:42:40 +0200] "GET /ticket2/opencms/de/buy?edid=620EBF00-ABE0-9BB5-0F04-F120B08CF11C HTTP/1.1" 200 71949
47.128.110.141 - - [19/Jul/2024:03:42:41 +0200] "GET /ticket2/opencms/system/modules/com.gridnine.opencms.ticketbrokerage.site/resources/pics/logo-new.png HTTP/1.1" 200 13541
63.143.42.252 - - [19/Jul/2024:03:42:41 +0200] "HEAD /ticket2/opencms/ HTTP/1.1" 302 -
47.128.110.141 - - [19/Jul/2024:03:42:41 +0200] "GET /ticket2/opencms/system/modules/com.gridnine.opencms.ticketbrokerage.site/resources/pics/footer-img.png HTTP/1.1" 200 10350
158.220.123.226 - - [19/Jul/2024:03:42:43 +0200] "GET /ticket2/opencms/se/ru/login/?edid=B48DB9DE-88DE-8188-5DC7-3BEC81F3F53F HTTP/1.1" 404 -
63.143.42.252 - - [19/Jul/2024:03:42:45 +0200] "HEAD /ticket2/opencms/en/ HTTP/1.1" 200 -
154.54.249.216 - - [19/Jul/2024:03:42:47 +0200] "GET /ticket2/opencms/fi/venue/?countryid=44E342A3-ABB4-8C4C-D9AB-B83FB043D424 HTTP/1.1" 200 101663
114.119.148.108 - - [19/Jul/2024:03:42:49 +0200] "GET /ticket2/opencms/en/sell/?edid=9F816199-B4A6-FFAD-81E4-AF2B5EAA24D6 HTTP/1.1" 302 -
47.128.47.218 - - [19/Jul/2024:03:42:51 +0200] "GET /ticket2/opencms/nl/buy/?catid=6E0E0CA4-3F14-9697-92B9-3687047BE453&comcatid=A17713B6-D984-201A-4143-ED4DB5ED5C2E HTTP/1.1" 200 80616
47.128.47.218 - - [19/Jul/2024:03:42:51 +0200] "GET /ticket2/opencms/system/modules/com.gridnine.opencms.ticketbrokerage.site/resources/pics/logo-new.png HTTP/1.1" 200 13541
47.128.47.218 - - [19/Jul/2024:03:42:52 +0200] "GET /ticket2/opencms/system/modules/com.gridnine.opencms.ticketbrokerage.site/resources/pics/footer-img.png HTTP/1.1" 200 10350
