114.119.131.42 - - [19/Jul/2024:06:32:16 +0200] "GET /ticket2/opencms/en/sell/?edid=4F51A878-6583-C718-EC77-EB725AAE2442 HTTP/1.1" 302 -
194.163.141.13 - - [19/Jul/2024:06:32:18 +0200] "GET /ticket2/opencms/no/buy/?page=1&edid=ADE7AA6B-58B7-7155-682C-C32943F9CDAC&sortorder=asc&column=price HTTP/1.1" 200 89218
37.60.249.191 - - [19/Jul/2024:06:32:19 +0200] "GET /ticket2/opencms/dk/fi/buy/?page=1&edid=3A07E5A5-3743-E1F7-98D4-69CCB7817E15&sortorder=asc&column=section HTTP/1.1" 404 -
114.119.131.42 - - [19/Jul/2024:06:32:20 +0200] "GET /ticket2/opencms/en/login/?url=/en/sell/ HTTP/1.1" 200 72802
52.167.144.181 - - [19/Jul/2024:06:32:33 +0200] "GET /ticket2/opencms/nl/buy/?page=1&edid=F03BC80C-51C9-D5C8-6DEC-FA800785943C HTTP/1.1" 200 109831
47.128.21.41 - - [19/Jul/2024:06:32:38 +0200] "GET /ticket2/opencms/dk/buy/?edid=F8F37030-8B84-C4F6-82B3-8003A46F30AE HTTP/1.1" 200 71437
47.128.21.41 - - [19/Jul/2024:06:32:38 +0200] "GET /ticket2/opencms/system/modules/com.gridnine.opencms.ticketbrokerage.site/resources/pics/logo-new.png HTTP/1.1" 200 13541
47.128.21.41 - - [19/Jul/2024:06:32:39 +0200] "GET /ticket2/opencms/system/modules/com.gridnine.opencms.ticketbrokerage.site/resources/pics/footer-img.png HTTP/1.1" 200 10350
194.163.141.13 - - [19/Jul/2024:06:32:40 +0200] "GET /ticket2/opencms/no/buy/?page=1&edid=ADE7AA6B-58B7-7155-682C-C32943F9CDAC&sortorder=desc&column=price HTTP/1.1" 200 89217
63.143.42.252 - - [19/Jul/2024:06:32:41 +0200] "HEAD /ticket2/opencms/ HTTP/1.1" 302 -
52.167.144.212 - - [19/Jul/2024:06:32:42 +0200] "GET /ticket2/opencms/fi/buy?page=1&edid=EB41B390-6AF7-F6BB-2724-9D4D4320B605 HTTP/1.1" 200 111273
63.143.42.252 - - [19/Jul/2024:06:32:44 +0200] "HEAD /ticket2/opencms/en/ HTTP/1.1" 200 -
40.77.167.181 - - [19/Jul/2024:06:32:47 +0200] "GET /ticket2/opencms/robots.txt HTTP/1.1" 200 773
40.77.167.181 - - [19/Jul/2024:06:32:47 +0200] "GET /ticket2/opencms/robots.txt HTTP/1.1" 200 773
47.128.43.246 - - [19/Jul/2024:06:32:50 +0200] "GET /ticket2/opencms/de/?comcatid=97ECA65A-72DA-F9AF-9DBB-245D3CFED1BE HTTP/1.1" 200 94735
47.128.43.246 - - [19/Jul/2024:06:32:50 +0200] "GET /ticket2/opencms/system/modules/com.gridnine.opencms.ticketbrokerage.site/resources/pics/logo-new.png HTTP/1.1" 200 13541
47.128.43.246 - - [19/Jul/2024:06:32:51 +0200] "GET /ticket2/opencms/system/modules/com.gridnine.opencms.ticketbrokerage.site/resources/pics/footer-img.png HTTP/1.1" 200 10350
72.14.199.232 - - [19/Jul/2024:06:32:53 +0200] "GET /ticket2/opencms/dk/sport/fodboldbilletter/premier-league/west_ham_united/ HTTP/1.1" 200 80955
194.163.141.13 - - [19/Jul/2024:06:32:55 +0200] "GET /ticket2/opencms/no/buy/?page=1&edid=ADF33047-9869-F489-1AEC-39DBF7C4889A&sortorder=asc&column=row HTTP/1.1" 200 87508
114.119.135.169 - - [19/Jul/2024:06:32:56 +0200] "GET /ticket2/opencms/en/venue/?venueid=7F535AB1-F888-ED6B-B55A-1270FA6C3498 HTTP/1.1" 200 70712
72.14.199.231 - - [19/Jul/2024:06:32:57 +0200] "GET /ticket2/opencms/system/modules/com.gridnine.opencms.ticketbrokerage.site/resources/js/calendar.js HTTP/1.1" 200 49229
40.77.167.70 - - [19/Jul/2024:06:32:58 +0200] "GET /ticket2/opencms/system/modules/com.gridnine.opencms.ticketbrokerage.site/resources/pics/partners/fotboll_direkt.png HTTP/1.1" 200 14373
52.167.144.161 - - [19/Jul/2024:06:33:02 +0200] "GET /ticket2/opencms/en/buy?page=1&edid=03C08C39-501F-FF78-A958-5E62ADCE683F HTTP/1.1" 200 99231
66.249.76.2 - - [19/Jul/2024:06:33:04 +0200] "GET /ticket2/opencms/dk/buy?page=1&edid=1862566B-2998-338F-A641-7BC143FBEEE7 HTTP/1.1" 200 110998
66.249.76.170 - - [19/Jul/2024:06:33:05 +0200] "GET /ticket2/opencms/no/buy?page=1&edid=70AC7CD2-6A04-600B-76E3-4480C83DF4B6 HTTP/1.1" 200 88939
194.163.141.13 - - [19/Jul/2024:06:33:14 +0200] "GET /ticket2/opencms/no/buy/?page=1&edid=ADF33047-9869-F489-1AEC-39DBF7C4889A&sortorder=asc&column=section HTTP/1.1" 200 87508
194.163.141.13 - - [19/Jul/2024:06:33:33 +0200] "GET /ticket2/opencms/no/buy/?page=1&edid=AE07727B-E4B5-4837-EECB-5BB0C9EE24CD&sortorder=desc&column=price HTTP/1.1" 200 88508
47.128.28.48 - - [19/Jul/2024:06:33:40 +0200] "GET /ticket2/opencms/nl/buy/?comcatid=A17713B6-D984-201A-4143-ED4DB5ED5C2E&catid=3A7AEA37-903D-9533-4B33-21B0001FF1D1 HTTP/1.1" 200 80615
47.128.28.48 - - [19/Jul/2024:06:33:40 +0200] "GET /ticket2/opencms/system/modules/com.gridnine.opencms.ticketbrokerage.site/resources/pics/logo-new.png HTTP/1.1" 200 13541
47.128.28.48 - - [19/Jul/2024:06:33:41 +0200] "GET /ticket2/opencms/system/modules/com.gridnine.opencms.ticketbrokerage.site/resources/pics/footer-img.png HTTP/1.1" 200 10350
114.119.132.104 - - [19/Jul/2024:06:33:44 +0200] "GET /ticket2/opencms/en/sell/?edid=9ADD6348-BDC2-17B1-D675-135C7F3F55B2 HTTP/1.1" 302 -
114.119.132.104 - - [19/Jul/2024:06:33:47 +0200] "GET /ticket2/opencms/en/login/?url=/en/sell/ HTTP/1.1" 200 72802
37.60.249.191 - - [19/Jul/2024:06:33:48 +0200] "GET /ticket2/opencms/dk/fi/buy/?page=1&edid=3E2F6837-CCFC-9284-0235-725D2AA31D66&sortorder=desc&column=section HTTP/1.1" 404 -
194.163.141.13 - - [19/Jul/2024:06:34:00 +0200] "GET /ticket2/opencms/no/buy/?page=1&edid=AE07727B-E4B5-4837-EECB-5BB0C9EE24CD&sortorder=desc&column=section HTTP/1.1" 200 88508
66.249.79.232 - - [19/Jul/2024:06:34:06 +0200] "GET /ticket2/opencms/set_aff_cookie.jsp?partner=2E02071B-A8C3-4CBA-3097-C27D61C02ED8&url=/dk/buy/index.html%3Fpage%3D1%26edid%3DC78E4619-1E46-CB27-6BCC-007429A12C31%26hlv%3D666c8a64-f52c-4ffc-83fd-7cdc0a01000f%23v_4569251 HTTP/1.1" 200 223
114.119.130.248 - - [19/Jul/2024:06:34:08 +0200] "GET /ticket2/opencms/dk/dk/venue/?venueid=09E03E16-187C-4DF2-8E48-7E3967D626E7 HTTP/1.1" 404 -
66.249.76.160 - - [19/Jul/2024:06:34:11 +0200] "GET /ticket2/opencms/dk/buy/?page=1&edid=C78E4619-1E46-CB27-6BCC-007429A12C31&hlv=666c8a64-f52c-4ffc-83fd-7cdc0a01000f HTTP/1.1" 200 120254
194.163.141.13 - - [19/Jul/2024:06:34:19 +0200] "GET /ticket2/opencms/sv/buy/?page=1&edid=330D096A-AFB0-E946-100B-A9E0B03D6ED4&sortorder=asc&column=row HTTP/1.1" 200 87128
193.165.96.161 - - [19/Jul/2024:06:34:32 +0200] "GET /ticket2/opencms/set_aff_cookie.jsp?partner=53673ED6-1455-FA54-818F-B1F67121E37C&url=/en/buy/index.html%3Fpage%3D1%26edid%3DFE2C3AD3-C9D9-1D67-BCBA-0F56418B4D62%26hlv%3D652d52de-308c-4313-87ff-265c0a01000f%23v1978276739 HTTP/1.1" 200 225
193.165.96.161 - - [19/Jul/2024:06:34:32 +0200] "GET /ticket2/opencms/en/buy/?page=1&edid=FE2C3AD3-C9D9-1D67-BCBA-0F56418B4D62&hlv=652d52de-308c-4313-87ff-265c0a01000f HTTP/1.1" 200 87632
193.165.96.161 - - [19/Jul/2024:06:34:32 +0200] "GET /ticket2/opencms/system/modules/com.gridnine.opencms.ticketbrokerage.site/resources/js/jquery/jquery.js HTTP/1.1" 200 93868
193.165.96.161 - - [19/Jul/2024:06:34:32 +0200] "GET /ticket2/opencms/system/modules/com.gridnine.opencms.ticketbrokerage.site/resources/js/jquery/jquery-ui.js HTTP/1.1" 200 228088
193.165.96.161 - - [19/Jul/2024:06:34:32 +0200] "GET /ticket2/opencms/system/modules/com.gridnine.opencms.ticketbrokerage.site/resources/css/calendar.css HTTP/1.1" 200 6871
193.165.96.161 - - [19/Jul/2024:06:34:32 +0200] "GET /ticket2/opencms/system/modules/com.gridnine.opencms.ticketbrokerage.site/resources/css/jquery-ui.css HTTP/1.1" 200 33221
193.165.96.161 - - [19/Jul/2024:06:34:32 +0200] "GET /ticket2/opencms/system/modules/com.gridnine.opencms.ticketbrokerage.site/resources/css/standard.css HTTP/1.1" 200 72814
193.165.96.161 - - [19/Jul/2024:06:34:32 +0200] "GET /ticket2/opencms/system/modules/com.gridnine.opencms.ticketbrokerage.site/resources/css/ticketbrokerage.css HTTP/1.1" 200 39339
114.119.133.87 - - [19/Jul/2024:06:34:32 +0200] "GET /ticket2/opencms/en/venue/?venueid=F7B4C813-BC84-3E2A-D908-96D8A8EC8EC1 HTTP/1.1" 200 70751
193.165.96.161 - - [19/Jul/2024:06:34:32 +0200] "GET /ticket2/opencms/system/modules/com.gridnine.opencms.ticketbrokerage.site/resources/css/jquery.fancybox.css HTTP/1.1" 200 4939
193.165.96.161 - - [19/Jul/2024:06:34:33 +0200] "GET /ticket2/opencms/system/modules/com.gridnine.opencms.ticketbrokerage.site/resources/js/functions.js HTTP/1.1" 200 1583
193.165.96.161 - - [19/Jul/2024:06:34:33 +0200] "GET /ticket2/opencms/system/modules/com.gridnine.opencms.ticketbrokerage.site/resources/js/calendar.js HTTP/1.1" 200 49229
193.165.96.161 - - [19/Jul/2024:06:34:33 +0200] "GET /ticket2/opencms/system/modules/com.gridnine.opencms.ticketbrokerage.site/resources/js/calendar-en.js HTTP/1.1" 200 3338
193.165.96.161 - - [19/Jul/2024:06:34:33 +0200] "GET /ticket2/opencms/system/modules/com.gridnine.opencms.ticketbrokerage.site/resources/js/calendar-setup.js HTTP/1.1" 200 4923
193.165.96.161 - - [19/Jul/2024:06:34:33 +0200] "GET /ticket2/opencms/system/modules/com.gridnine.opencms.ticketbrokerage.site/resources/js/jquery.fancybox.pack.js HTTP/1.1" 200 23187
193.165.96.161 - - [19/Jul/2024:06:34:33 +0200] "GET /ticket2/opencms/system/modules/com.gridnine.opencms.ticketbrokerage.site/resources/js/stickyfill.min.js HTTP/1.1" 200 5672
193.165.96.161 - - [19/Jul/2024:06:34:33 +0200] "GET /ticket2/opencms/system/modules/com.gridnine.opencms.ticketbrokerage.site/resources/js/standard.js HTTP/1.1" 200 3978
193.165.96.161 - - [19/Jul/2024:06:34:33 +0200] "GET /ticket2/opencms/system/modules/com.gridnine.opencms.ticketbrokerage.site/resources/js/jquery.placeholder.min.js HTTP/1.1" 200 1737
193.165.96.161 - - [19/Jul/2024:06:34:33 +0200] "GET /ticket2/opencms/system/modules/com.gridnine.opencms.ticketbrokerage.site/resources/js/common-ajax.js HTTP/1.1" 200 20175
193.165.96.161 - - [19/Jul/2024:06:34:33 +0200] "GET /ticket2/opencms/system/modules/com.gridnine.opencms.ticketbrokerage.site/resources/pics/logo-new.png HTTP/1.1" 200 13541
193.165.96.161 - - [19/Jul/2024:06:34:33 +0200] "GET /ticket2/opencms/img/insta.png HTTP/1.1" 200 3967
47.128.41.158 - - [19/Jul/2024:06:34:33 +0200] "GET /ticket2/opencms/nl/buy/?catid=D8B345C9-F7A5-E620-4B43-C34EB0D6885B&comcatid=A17713B6-D984-201A-4143-ED4DB5ED5C2E&eventid=7C5A7BA8-D519-1CFD-C238-670704EE7DF9&page=6 HTTP/1.1" 200 99535
47.128.41.158 - - [19/Jul/2024:06:34:34 +0200] "GET /ticket2/opencms/system/modules/com.gridnine.opencms.ticketbrokerage.site/resources/pics/logo-new.png HTTP/1.1" 200 13541
47.128.41.158 - - [19/Jul/2024:06:34:34 +0200] "GET /ticket2/opencms/system/modules/com.gridnine.opencms.ticketbrokerage.site/resources/pics/footer-img.png HTTP/1.1" 200 10350
194.163.141.13 - - [19/Jul/2024:06:34:35 +0200] "GET /ticket2/opencms/sv/buy/?page=1&edid=330D096A-AFB0-E946-100B-A9E0B03D6ED4&sortorder=asc&column=section HTTP/1.1" 200 87128
37.123.143.245 - - [19/Jul/2024:06:34:46 +0200] "GET /ticket2/opencms/system/workplace/views/top_foot.jsp?wpFrame=foot HTTP/1.1" 200 1211
37.123.143.245 - - [19/Jul/2024:06:34:46 +0200] "GET /ticket2/opencms/system/workplace/commons/style/workplace.css HTTP/1.1" 200 14209
195.191.219.132 - - [19/Jul/2024:06:34:53 +0200] "GET /ticket2/opencms/es/robots.txt HTTP/1.1" 404 -
194.163.141.13 - - [19/Jul/2024:06:34:55 +0200] "GET /ticket2/opencms/sv/buy/?page=1&edid=355BE085-5F69-D61E-06BF-2AC78E568086&sortorder=asc&column=price HTTP/1.1" 200 87129
47.128.42.240 - - [19/Jul/2024:06:34:56 +0200] "GET /ticket2/opencms/es/buy/?edid=157437D9-3645-4E55-4CCB-67CAF0815146 HTTP/1.1" 200 72706
47.128.42.240 - - [19/Jul/2024:06:34:57 +0200] "GET /ticket2/opencms/system/modules/com.gridnine.opencms.ticketbrokerage.site/resources/pics/logo-new.png HTTP/1.1" 200 13541
47.128.42.240 - - [19/Jul/2024:06:34:58 +0200] "GET /ticket2/opencms/system/modules/com.gridnine.opencms.ticketbrokerage.site/resources/pics/footer-img.png HTTP/1.1" 200 10350
37.60.249.191 - - [19/Jul/2024:06:34:58 +0200] "GET /ticket2/opencms/dk/fi/buy/?page=1&edid=4D2A2724-7797-6EBF-BAB8-69176E21CA79&sortorder=desc&column=section HTTP/1.1" 404 -
195.191.219.132 - - [19/Jul/2024:06:35:01 +0200] "GET /ticket2/opencms/es/ HTTP/1.1" 200 95938
66.249.76.160 - - [19/Jul/2024:06:35:06 +0200] "GET /ticket2/opencms/set_aff_cookie.jsp?partner=2E02071B-A8C3-4CBA-3097-C27D61C02ED8&url=/dk/buy/index.html%3Fpage%3D1%26edid%3DDD282B35-B6B7-ECA0-02E0-90864F5E2B50%26hlv%3D666d3e38-006c-47f7-867d-5bab0a01000f%23v579663831 HTTP/1.1" 200 224
66.249.76.160 - - [19/Jul/2024:06:35:07 +0200] "GET /ticket2/opencms/en/magazine/article?title=cristiano-ronaldo HTTP/1.1" 200 74513
194.163.141.13 - - [19/Jul/2024:06:35:22 +0200] "GET /ticket2/opencms/sv/buy/?page=1&edid=355BE085-5F69-D61E-06BF-2AC78E568086&sortorder=asc&column=row HTTP/1.1" 200 87129
66.249.79.231 - - [19/Jul/2024:06:35:22 +0200] "GET /ticket2/opencms/dk/buy/?page=1&edid=DD282B35-B6B7-ECA0-02E0-90864F5E2B50&hlv=666d3e38-006c-47f7-867d-5bab0a01000f HTTP/1.1" 200 105757
66.249.79.231 - - [19/Jul/2024:06:35:22 +0200] "GET /ticket2/opencms/system/modules/com.gridnine.opencms.ticketbrokerage.site/resources/css/ticketbrokerage.css HTTP/1.1" 200 39339
66.249.79.231 - - [19/Jul/2024:06:35:23 +0200] "GET /ticket2/opencms/system/modules/com.gridnine.opencms.ticketbrokerage.site/resources/css/ticketbrokerage.css HTTP/1.1" 200 39339
47.128.28.244 - - [19/Jul/2024:06:35:25 +0200] "GET /ticket2/opencms/nl/buy/?comcatid=A17713B6-D984-201A-4143-ED4DB5ED5C2E&catid=C48671DB-5AEB-8CE2-928E-38417FFBE085 HTTP/1.1" 200 80611
47.128.28.244 - - [19/Jul/2024:06:35:25 +0200] "GET /ticket2/opencms/system/modules/com.gridnine.opencms.ticketbrokerage.site/resources/pics/logo-new.png HTTP/1.1" 200 13541
47.128.28.244 - - [19/Jul/2024:06:35:26 +0200] "GET /ticket2/opencms/system/modules/com.gridnine.opencms.ticketbrokerage.site/resources/pics/footer-img.png HTTP/1.1" 200 10350
194.163.141.13 - - [19/Jul/2024:06:35:45 +0200] "GET /ticket2/opencms/sv/buy/?page=1&edid=3C190050-2199-C27C-460E-D6B96E817500&sortorder=asc&column=price HTTP/1.1" 200 88503
194.163.141.13 - - [19/Jul/2024:06:36:02 +0200] "GET /ticket2/opencms/sv/buy/?page=1&edid=3C190050-2199-C27C-460E-D6B96E817500&sortorder=asc&column=section HTTP/1.1" 200 88503
37.60.249.191 - - [19/Jul/2024:06:36:15 +0200] "GET /ticket2/opencms/dk/fi/buy/?page=1&edid=53202693-7DA4-5446-E3D3-0719CDDBB705&sortorder=asc&column=price HTTP/1.1" 404 -
47.128.47.118 - - [19/Jul/2024:06:36:17 +0200] "GET /ticket2/opencms/es/?comcatid=B41CCF2B-5558-7AEE-3602-09BBDE417D65 HTTP/1.1" 200 95938
47.128.47.118 - - [19/Jul/2024:06:36:18 +0200] "GET /ticket2/opencms/system/modules/com.gridnine.opencms.ticketbrokerage.site/resources/pics/logo-new.png HTTP/1.1" 200 13541
47.128.47.118 - - [19/Jul/2024:06:36:18 +0200] "GET /ticket2/opencms/system/modules/com.gridnine.opencms.ticketbrokerage.site/resources/pics/footer-img.png HTTP/1.1" 200 10350
194.163.141.13 - - [19/Jul/2024:06:36:31 +0200] "GET /ticket2/opencms/sv/buy/?page=1&edid=3C401EE2-0221-FC2B-B3C7-067DD6B2E9FD&sortorder=desc&column=row HTTP/1.1" 200 88171
194.163.141.13 - - [19/Jul/2024:06:36:50 +0200] "GET /ticket2/opencms/sv/buy/?page=1&edid=3C401EE2-0221-FC2B-B3C7-067DD6B2E9FD&sortorder=desc&column=section HTTP/1.1" 200 88171
124.236.100.56 - - [19/Jul/2024:06:37:07 +0200] "GET /ticket2/opencms/ HTTP/1.1" 302 -
66.249.79.171 - - [19/Jul/2024:06:37:09 +0200] "GET /ticket2/opencms/de/buy/?page=1&edid=F4C7EFF8-C5DC-C540-AEBA-14F365BADAA9 HTTP/1.1" 200 109174
66.249.76.170 - - [19/Jul/2024:06:37:10 +0200] "GET /ticket2/opencms/dk/buy/?page=1&edid=F55A08A7-B72D-F211-F9ED-66B1E09B6882 HTTP/1.1" 200 88191
47.128.49.144 - - [19/Jul/2024:06:37:10 +0200] "GET /ticket2/opencms/fi/buy/?catid=1DB7F66B-473B-B427-F752-358FEEFE8EC0&comcatid=0A6B8208-FDA4-E929-9D72-5312FD481B76 HTTP/1.1" 200 76487
194.163.141.13 - - [19/Jul/2024:06:37:10 +0200] "GET /ticket2/opencms/sv/buy/?page=1&edid=3C4AC0DA-BC5E-B8E0-9AC1-A88B81742FE7 HTTP/1.1" 200 85318
47.128.49.144 - - [19/Jul/2024:06:37:11 +0200] "GET /ticket2/opencms/system/modules/com.gridnine.opencms.ticketbrokerage.site/resources/pics/logo-new.png HTTP/1.1" 200 13541
47.128.49.144 - - [19/Jul/2024:06:37:11 +0200] "GET /ticket2/opencms/system/modules/com.gridnine.opencms.ticketbrokerage.site/resources/pics/footer-img.png HTTP/1.1" 200 10350
47.128.61.8 - - [19/Jul/2024:06:37:13 +0200] "GET /ticket2/opencms/sv/buy/?edid=7B7E167E-93EF-43D8-C91C-9CC46677C829 HTTP/1.1" 200 71773
37.60.249.191 - - [19/Jul/2024:06:37:14 +0200] "GET /ticket2/opencms/dk/fi/buy/?page=1&edid=552978CA-0B74-6ABC-8BC8-CC841112A7AE&sortorder=desc&column=row HTTP/1.1" 404 -
47.128.61.8 - - [19/Jul/2024:06:37:14 +0200] "GET /ticket2/opencms/system/modules/com.gridnine.opencms.ticketbrokerage.site/resources/pics/logo-new.png HTTP/1.1" 200 13541
47.128.61.8 - - [19/Jul/2024:06:37:14 +0200] "GET /ticket2/opencms/system/modules/com.gridnine.opencms.ticketbrokerage.site/resources/pics/footer-img.png HTTP/1.1" 200 10350
114.119.158.193 - - [19/Jul/2024:06:37:19 +0200] "GET /ticket2/opencms/en/sell/?edid=4D2A6E73-B1E3-4E8F-7D52-05DDD1F74442 HTTP/1.1" 302 -
40.77.167.25 - - [19/Jul/2024:06:37:21 +0200] "GET /ticket2/opencms/en/buy/?page=1&edid=95B848AE-C0FB-E9EB-DC32-8BB9C413BF77 HTTP/1.1" 200 86080
114.119.158.193 - - [19/Jul/2024:06:37:23 +0200] "GET /ticket2/opencms/en/login/?url=/en/sell/ HTTP/1.1" 200 72802
40.77.167.25 - - [19/Jul/2024:06:37:23 +0200] "GET /ticket2/opencms/en/buy?page=1&edid=0E9E6355-4451-3402-6E1E-9044B4B2E5C3 HTTP/1.1" 200 99229
119.13.100.136 - - [19/Jul/2024:06:37:28 +0200] "GET /ticket2/opencms/nl/magazine/article?title=zweedse-talent-lucas-bergvall-klaar-voor-tottenham-hotspur HTTP/1.1" 200 74211
194.163.141.13 - - [19/Jul/2024:06:37:36 +0200] "GET /ticket2/opencms/sv/buy/?page=1&edid=3CDF5C47-F119-044A-E023-A8203DA7A174&sortorder=desc&column=row HTTP/1.1" 200 87992
63.143.42.252 - - [19/Jul/2024:06:37:41 +0200] "HEAD /ticket2/opencms/ HTTP/1.1" 302 -
63.143.42.252 - - [19/Jul/2024:06:37:44 +0200] "HEAD /ticket2/opencms/en/ HTTP/1.1" 200 -
124.236.100.56 - - [19/Jul/2024:06:37:45 +0200] "GET /ticket2/opencms/en/ HTTP/1.1" 200 94039
194.163.141.13 - - [19/Jul/2024:06:37:51 +0200] "GET /ticket2/opencms/sv/buy/?page=1&edid=3D63CCAF-3F90-AC37-40FF-8478AE9C951E HTTP/1.1" 200 87904
114.119.159.6 - - [19/Jul/2024:06:37:54 +0200] "GET /ticket2/opencms/en/venue/?venueid=5A418B6B-801E-D3D5-FCE2-DE803F28D272 HTTP/1.1" 200 70700
47.128.116.218 - - [19/Jul/2024:06:38:03 +0200] "GET /ticket2/opencms/fi/buy/?page=1&edid=BC781D5C-058D-8CA8-2F4E-240C11D0769A HTTP/1.1" 200 95076
47.128.116.218 - - [19/Jul/2024:06:38:03 +0200] "GET /ticket2/opencms/system/modules/com.gridnine.opencms.ticketbrokerage.site/resources/pics/logo-new.png HTTP/1.1" 200 13541
47.128.116.218 - - [19/Jul/2024:06:38:04 +0200] "GET /ticket2/opencms/venue/ramon_sanchez_pizjuan_stadi.png HTTP/1.1" 200 23778
47.128.116.218 - - [19/Jul/2024:06:38:04 +0200] "GET /ticket2/opencms/system/modules/com.gridnine.opencms.ticketbrokerage.site/resources/pics/two_man.png HTTP/1.1" 200 3407
47.128.116.218 - - [19/Jul/2024:06:38:05 +0200] "GET /ticket2/opencms/system/modules/com.gridnine.opencms.ticketbrokerage.site/resources/pics/footer-img.png HTTP/1.1" 200 10350
47.128.116.218 - - [19/Jul/2024:06:38:05 +0200] "GET /ticket2/opencms/system/modules/com.gridnine.opencms.ticketbrokerage.site/resources/pics/ticket_info_button.png HTTP/1.1" 200 3820
47.128.116.218 - - [19/Jul/2024:06:38:05 +0200] "GET /ticket2/opencms/fi/ask-form.html HTTP/1.1" 200 3012
194.163.141.13 - - [19/Jul/2024:06:38:09 +0200] "GET /ticket2/opencms/sv/buy/?page=1&edid=3D8D6197-4BB9-6979-B23A-82229C29818A&sortorder=desc&column=row HTTP/1.1" 200 86959
66.249.79.173 - - [19/Jul/2024:06:38:11 +0200] "GET /ticket2/opencms/es/buy?page=1&edid=C38C9EAF-E0B0-6534-4013-4D91325C6AD1 HTTP/1.1" 200 109843
66.249.79.172 - - [19/Jul/2024:06:38:15 +0200] "GET /ticket2/opencms/es/ask-form.html HTTP/1.1" 200 3156
114.119.137.145 - - [19/Jul/2024:06:38:22 +0200] "GET /ticket2/opencms/en/venue/?venueid=B0F87075-ACFA-3C5F-D431-FC592DAB148B HTTP/1.1" 200 70727
194.163.141.13 - - [19/Jul/2024:06:38:27 +0200] "GET /ticket2/opencms/sv/buy/?page=1&edid=3D8D6197-4BB9-6979-B23A-82229C29818A&sortorder=desc&column=section HTTP/1.1" 200 86959
37.60.249.191 - - [19/Jul/2024:06:38:37 +0200] "GET /ticket2/opencms/dk/fi/buy/?page=1&edid=5570BE8B-F706-8367-B456-1833A283D402&sortorder=desc&column=price HTTP/1.1" 404 -
114.119.134.51 - - [19/Jul/2024:06:38:43 +0200] "GET /ticket2/opencms/en/sell/?edid=9667EB6B-D73B-BD07-1E55-EFA6F23D8FD6 HTTP/1.1" 302 -
194.163.141.13 - - [19/Jul/2024:06:38:46 +0200] "GET /ticket2/opencms/sv/buy/?page=1&edid=3DD93626-388E-B658-D6F1-23C401A796FB HTTP/1.1" 200 88602
114.119.134.51 - - [19/Jul/2024:06:38:50 +0200] "GET /ticket2/opencms/en/login/?url=/en/sell/ HTTP/1.1" 200 72802
47.128.19.126 - - [19/Jul/2024:06:38:55 +0200] "GET /ticket2/opencms/fr/magazine/article?title=la-revolution-footballistique-de-pep-guardiola-linfluence-dun-maitre-tactique HTTP/1.1" 200 74922
47.128.19.126 - - [19/Jul/2024:06:38:56 +0200] "GET /ticket2/opencms/system/modules/com.gridnine.opencms.ticketbrokerage.site/resources/pics/logo-new.png HTTP/1.1" 200 13541
47.128.19.126 - - [19/Jul/2024:06:38:56 +0200] "GET /ticket2/opencms/system/modules/com.gridnine.opencms.ticketbrokerage.site/resources/pics/footer-img.png HTTP/1.1" 200 10350
216.244.66.196 - - [19/Jul/2024:06:38:57 +0200] "GET /ticket2/opencms/en/sell?edid=26318D33-76A2-8F06-B34D-C783FFEA2844 HTTP/1.1" 302 -
194.163.141.13 - - [19/Jul/2024:06:39:02 +0200] "GET /ticket2/opencms/sv/buy/?page=1&edid=3EEC3BD7-DB52-FDE5-158D-0E304A99A6B2&sortorder=desc&column=price HTTP/1.1" 200 86867
66.249.76.1 - - [19/Jul/2024:06:39:13 +0200] "GET /ticket2/opencms/fi/buy/?page=1&edid=CA58C888-F6D9-C60F-ADB8-6143B0EE43C9 HTTP/1.1" 200 87908
66.249.79.7 - - [19/Jul/2024:06:39:13 +0200] "GET /ticket2/opencms/en/venue/?venueid=B9E1C2A0-0847-2537-2C1B-EF8F5DAD4EC7 HTTP/1.1" 200 70724
194.163.141.13 - - [19/Jul/2024:06:39:22 +0200] "GET /ticket2/opencms/sv/buy/?page=1&edid=3EEC3BD7-DB52-FDE5-158D-0E304A99A6B2&sortorder=desc&column=row HTTP/1.1" 200 86867
47.128.99.54 - - [19/Jul/2024:06:39:32 +0200] "GET /ticket2/opencms/fi/buy/?edid=34E37520-B5D0-D686-2AA1-0B05FDB62B20 HTTP/1.1" 200 72632
47.128.99.54 - - [19/Jul/2024:06:39:32 +0200] "GET /ticket2/opencms/system/modules/com.gridnine.opencms.ticketbrokerage.site/resources/pics/logo-new.png HTTP/1.1" 200 13541
47.128.99.54 - - [19/Jul/2024:06:39:33 +0200] "GET /ticket2/opencms/system/modules/com.gridnine.opencms.ticketbrokerage.site/resources/pics/footer-img.png HTTP/1.1" 200 10350
194.163.141.13 - - [19/Jul/2024:06:39:35 +0200] "GET /ticket2/opencms/sv/buy/?page=1&edid=3F110F0C-E1EC-6A54-956B-ED3BBFFE0B12 HTTP/1.1" 200 85303
37.123.143.245 - - [19/Jul/2024:06:39:46 +0200] "GET /ticket2/opencms/system/workplace/views/top_foot.jsp?wpFrame=foot HTTP/1.1" 200 1211
37.123.143.245 - - [19/Jul/2024:06:39:47 +0200] "GET /ticket2/opencms/system/workplace/commons/style/workplace.css HTTP/1.1" 200 14209
37.60.249.191 - - [19/Jul/2024:06:39:47 +0200] "GET /ticket2/opencms/dk/fi/buy/?page=1&edid=57072AE9-079B-ACB3-B3CD-D3AC948AC064&sortorder=asc&column=row HTTP/1.1" 404 -
47.128.22.252 - - [19/Jul/2024:06:39:48 +0200] "GET /ticket2/opencms/nl/buy/?comcatid=A17713B6-D984-201A-4143-ED4DB5ED5C2E&catid=7EF04817-972D-18B1-F941-DE800D088075 HTTP/1.1" 200 80620
194.163.141.13 - - [19/Jul/2024:06:39:49 +0200] "GET /ticket2/opencms/sv/buy/?page=1&edid=3F110F0C-E1EC-6A54-956B-ED3BBFFE0B12&sortorder=desc&column=section HTTP/1.1" 200 85338
47.128.22.252 - - [19/Jul/2024:06:39:49 +0200] "GET /ticket2/opencms/system/modules/com.gridnine.opencms.ticketbrokerage.site/resources/pics/logo-new.png HTTP/1.1" 200 13541
47.128.22.252 - - [19/Jul/2024:06:39:49 +0200] "GET /ticket2/opencms/system/modules/com.gridnine.opencms.ticketbrokerage.site/resources/pics/footer-img.png HTTP/1.1" 200 10350
194.163.141.13 - - [19/Jul/2024:06:40:04 +0200] "GET /ticket2/opencms/sv/buy/?page=1&edid=3F81A579-C5D8-A8AE-791F-F6F1E7AD279B&sortorder=asc&column=section HTTP/1.1" 200 87355
66.249.79.173 - - [19/Jul/2024:06:40:15 +0200] "GET /ticket2/opencms/sv/buy?page=1&edid=57449F59-3EAF-BBAB-4AC9-B7A456A32485 HTTP/1.1" 200 100032
194.163.141.13 - - [19/Jul/2024:06:40:22 +0200] "GET /ticket2/opencms/sv/buy/?page=1&edid=3F81A579-C5D8-A8AE-791F-F6F1E7AD279B&sortorder=desc&column=price HTTP/1.1" 200 87354
40.77.167.75 - - [19/Jul/2024:06:40:23 +0200] "GET /ticket2/opencms/nl/buy/?page=1&edid=659056BB-BE87-24B6-C829-F3AEABED7D72 HTTP/1.1" 200 104422
37.60.249.191 - - [19/Jul/2024:06:40:28 +0200] "GET /ticket2/opencms/dk/fi/buy/?page=1&edid=62771AC5-B6A4-CA99-7698-E23F6FB31315&sortorder=asc&column=row HTTP/1.1" 404 -
194.163.141.13 - - [19/Jul/2024:06:40:42 +0200] "GET /ticket2/opencms/sv/buy/?page=1&edid=45883756-A055-B005-E8F8-4D10036933AD&sortorder=desc&column=section HTTP/1.1" 200 85381
47.128.96.43 - - [19/Jul/2024:06:40:42 +0200] "GET /ticket2/opencms/no/buy/?catid=0A6C99D2-F5BD-7A18-9A5F-5668827042E0&comcatid=A17713B6-D984-201A-4143-ED4DB5ED5C2E&page=6 HTTP/1.1" 200 303794
47.128.96.43 - - [19/Jul/2024:06:40:43 +0200] "GET /ticket2/opencms/system/modules/com.gridnine.opencms.ticketbrokerage.site/resources/pics/logo-new.png HTTP/1.1" 200 13541
47.128.96.43 - - [19/Jul/2024:06:40:43 +0200] "GET /ticket2/opencms/system/modules/com.gridnine.opencms.ticketbrokerage.site/resources/pics/footer-img.png HTTP/1.1" 200 10350
194.163.141.13 - - [19/Jul/2024:06:41:00 +0200] "GET /ticket2/opencms/sv/buy/?page=1&edid=45C163E6-DE3F-1027-9D58-1BEEA8CF129B&sortorder=desc&column=price HTTP/1.1" 200 88008
216.244.66.238 - - [19/Jul/2024:06:41:11 +0200] "GET /ticket2/opencms/robots.txt HTTP/1.1" 200 773
216.244.66.238 - - [19/Jul/2024:06:41:11 +0200] "GET /ticket2/opencms/robots.txt HTTP/1.1" 200 773
194.163.141.13 - - [19/Jul/2024:06:41:13 +0200] "GET /ticket2/opencms/sv/buy/?page=1&edid=4651B641-1BF4-5B93-B666-F19E86CE32C8&sortorder=desc&column=price HTTP/1.1" 200 87763
66.249.76.2 - - [19/Jul/2024:06:41:17 +0200] "GET /ticket2/opencms/de/buy/?page=1&edid=F057D3FD-1A5A-352D-1941-A98E52C4BA86 HTTP/1.1" 200 111816
66.249.79.32 - - [19/Jul/2024:06:41:18 +0200] "GET /ticket2/opencms/fi/venue/?venueid=3CE0E128-5996-3CEF-9D6D-3E9490863BCD HTTP/1.1" 200 72307
64.233.173.14 - - [19/Jul/2024:06:41:30 +0200] "GET /ticket2/export/pics/sport/premier_league_sub.gif HTTP/1.1" 200 17611
194.163.141.13 - - [19/Jul/2024:06:41:35 +0200] "GET /ticket2/opencms/sv/buy/?page=1&edid=4651B641-1BF4-5B93-B666-F19E86CE32C8&sortorder=desc&column=row HTTP/1.1" 200 87763
47.128.20.148 - - [19/Jul/2024:06:41:49 +0200] "GET /ticket2/opencms/no/buy/?edid=7BD09287-6936-CE68-B356-5961050B6456 HTTP/1.1" 200 72276
47.128.20.148 - - [19/Jul/2024:06:41:50 +0200] "GET /ticket2/opencms/system/modules/com.gridnine.opencms.ticketbrokerage.site/resources/pics/logo-new.png HTTP/1.1" 200 13541
47.128.20.148 - - [19/Jul/2024:06:41:50 +0200] "GET /ticket2/opencms/system/modules/com.gridnine.opencms.ticketbrokerage.site/resources/pics/footer-img.png HTTP/1.1" 200 10350
37.60.249.191 - - [19/Jul/2024:06:41:51 +0200] "GET /ticket2/opencms/dk/fi/buy/?page=1&edid=62771AC5-B6A4-CA99-7698-E23F6FB31315&sortorder=desc&column=row HTTP/1.1" 404 -
194.163.141.13 - - [19/Jul/2024:06:41:52 +0200] "GET /ticket2/opencms/sv/buy/?page=1&edid=4651B641-1BF4-5B93-B666-F19E86CE32C8&sortorder=desc&column=section HTTP/1.1" 200 87763
149.102.232.112 - - [19/Jul/2024:06:41:53 +0200] "GET /ticket2/opencms/ HTTP/1.1" 302 -
149.102.232.112 - - [19/Jul/2024:06:41:56 +0200] "GET /ticket2/opencms/en/ HTTP/1.1" 200 94039
149.102.232.112 - - [19/Jul/2024:06:41:58 +0200] "GET /ticket2/opencms/en/sport/football-tickets/la-liga/barcelona/ HTTP/1.1" 200 83090
194.163.141.13 - - [19/Jul/2024:06:42:16 +0200] "GET /ticket2/opencms/sv/buy/?page=1&edid=46734271-901E-98C7-732C-5B62B085A633&sortorder=asc&column=price HTTP/1.1" 200 88473
114.119.153.220 - - [19/Jul/2024:06:42:17 +0200] "GET /ticket2/opencms/en/sell/?edid=4B09E820-5794-7A82-6B53-CFC85457C260 HTTP/1.1" 302 -
40.77.167.68 - - [19/Jul/2024:06:42:18 +0200] "GET /ticket2/opencms/fi/buy/?page=6&comcatid=A17713B6-D984-201A-4143-ED4DB5ED5C2E&catid=82F804FA-9F69-CB6B-D41D-7BF7C716058B HTTP/1.1" 200 83385
94.74.84.44 - - [19/Jul/2024:06:42:19 +0200] "GET /ticket2/opencms/en/magazine/article?title=manchester-city-vs-queens-park-rangers HTTP/1.1" 200 74675
114.119.153.220 - - [19/Jul/2024:06:42:20 +0200] "GET /ticket2/opencms/en/login/?url=/en/sell/ HTTP/1.1" 200 72802
20.15.133.169 - - [19/Jul/2024:06:42:21 +0200] "GET /ticket2/opencms/sv/venue/?venueid=C193D8AF-9A65-C470-2EE4-1ED9D3240C58 HTTP/1.1" 200 71594
63.143.42.252 - - [19/Jul/2024:06:42:41 +0200] "HEAD /ticket2/opencms/ HTTP/1.1" 302 -
63.143.42.252 - - [19/Jul/2024:06:42:41 +0200] "HEAD /ticket2/opencms/en/ HTTP/1.1" 200 -
194.163.141.13 - - [19/Jul/2024:06:42:45 +0200] "GET /ticket2/opencms/sv/buy/?page=1&edid=46734271-901E-98C7-732C-5B62B085A633&sortorder=asc&column=row HTTP/1.1" 200 88473
194.163.141.13 - - [19/Jul/2024:06:42:55 +0200] "GET /ticket2/opencms/sv/buy/?page=1&edid=46734271-901E-98C7-732C-5B62B085A633&sortorder=asc&column=section HTTP/1.1" 200 88473
114.119.138.151 - - [19/Jul/2024:06:42:59 +0200] "GET /ticket2/opencms/en/venue/?venueid=498C90F3-607E-EF53-F9E3-58E2CED85E08 HTTP/1.1" 200 70691
192.36.109.118 - - [19/Jul/2024:06:43:09 +0200] "GET /ticket2/opencms/robots.txt HTTP/1.1" 200 773
194.163.141.13 - - [19/Jul/2024:06:43:09 +0200] "GET /ticket2/opencms/sv/buy/?page=1&edid=4699FDB9-D109-DE13-86DD-600D2E00B3A4&sortorder=asc&column=price HTTP/1.1" 200 85367
192.36.109.104 - - [19/Jul/2024:06:43:09 +0200] "GET /ticket2/opencms/ HTTP/1.1" 302 -
192.36.109.89 - - [19/Jul/2024:06:43:12 +0200] "GET /ticket2/opencms/sv/ HTTP/1.1" 200 94655
37.60.249.191 - - [19/Jul/2024:06:43:15 +0200] "GET /ticket2/opencms/dk/fi/buy/?page=1&edid=68F6DF5F-225F-6870-1D3C-2C713E27C2C8&sortorder=asc&column=price HTTP/1.1" 404 -
98.16.134.223 - - [19/Jul/2024:06:43:17 +0200] "GET /ticket2/opencms/sv/sport/fotbollsbiljetter/premier_league/?gad_source=1&gclid=EAIaIQobChMIk9WlmKeyhwMVYAuDAx2bCgeREAAYAiAEEgLU4fD_BwE HTTP/1.1" 200 79671
66.249.79.173 - - [19/Jul/2024:06:43:20 +0200] "GET /ticket2/opencms/fi/venue/?venueid=5216E917-1606-FFAB-0933-662F7037E961 HTTP/1.1" 200 72268
114.119.159.123 - - [19/Jul/2024:06:43:22 +0200] "GET /ticket2/opencms/en/sell/?edid=1225FE11-2668-52FD-3819-4A1F490A9FFE HTTP/1.1" 302 -
114.119.159.123 - - [19/Jul/2024:06:43:26 +0200] "GET /ticket2/opencms/en/login/?url=/en/sell/ HTTP/1.1" 200 72802
194.163.141.13 - - [19/Jul/2024:06:43:32 +0200] "GET /ticket2/opencms/sv/buy/?page=1&edid=7281C2E7-E4D7-23F7-1971-03EC28244FFF&sortorder=desc&column=section HTTP/1.1" 200 87942
114.119.154.89 - - [19/Jul/2024:06:43:40 +0200] "GET /ticket2/opencms/en/sell/?edid=889DA93B-6CCB-4785-D7E5-2D4770A5C1EC HTTP/1.1" 302 -
114.119.154.89 - - [19/Jul/2024:06:43:44 +0200] "GET /ticket2/opencms/en/login/?url=/en/sell/ HTTP/1.1" 200 72802
194.163.141.13 - - [19/Jul/2024:06:43:47 +0200] "GET /ticket2/opencms/sv/buy/?page=1&edid=7299D7C8-4B31-7044-9874-03CCEE394EC0 HTTP/1.1" 200 87082
194.163.141.13 - - [19/Jul/2024:06:43:57 +0200] "GET /ticket2/opencms/sv/buy/?page=1&edid=7299D7C8-4B31-7044-9874-03CCEE394EC0&sortorder=desc&column=row HTTP/1.1" 200 87117
143.0.186.151 - - [19/Jul/2024:06:44:00 +0200] "GET /ticket2/opencms/sv/sport/fotbollsbiljetter/?gad_source=1&gclid=EAIaIQobChMIv8Wvo6eyhwMVcVlIAB0QJRTwEAAYAiABEgJBG_D_BwE HTTP/1.1" 200 76552
47.128.30.16 - - [19/Jul/2024:06:44:07 +0200] "GET /ticket2/opencms/fr/buy/?edid=14427B33-9BB8-BBB7-1EBA-73EE86A692A4 HTTP/1.1" 200 72058
157.55.39.55 - - [19/Jul/2024:06:44:08 +0200] "GET /ticket2/opencms/en/buy/?page=6&comcatid=0A6B8208-FDA4-E929-9D72-5312FD481B76&catid=AD8E612F-0F0B-03C9-5236-E4F8B6523945 HTTP/1.1" 200 74364
47.128.30.16 - - [19/Jul/2024:06:44:08 +0200] "GET /ticket2/opencms/system/modules/com.gridnine.opencms.ticketbrokerage.site/resources/pics/logo-new.png HTTP/1.1" 200 13541
47.128.30.16 - - [19/Jul/2024:06:44:09 +0200] "GET /ticket2/opencms/system/modules/com.gridnine.opencms.ticketbrokerage.site/resources/pics/footer-img.png HTTP/1.1" 200 10350
186.216.129.199 - - [19/Jul/2024:06:44:15 +0200] "GET /ticket2/opencms/sv/sport/fotbollsbiljetter/premier_league/liverpool/?gad_source=1&gclid=EAIaIQobChMIhs_5saeyhwMVRFVIAB1EAgGIEAAYASABEgLxEvD_BwE HTTP/1.1" 200 84961
194.163.141.13 - - [19/Jul/2024:06:44:19 +0200] "GET /ticket2/opencms/sv/buy/?page=1&edid=7336D913-08E6-2684-3416-39DC03B1DB86 HTTP/1.1" 200 87322
66.249.79.172 - - [19/Jul/2024:06:44:21 +0200] "GET /ticket2/opencms/es/buy?page=1&edid=070182EB-30EF-F34B-AE41-C4B61E82D2C9 HTTP/1.1" 200 101233
66.249.79.232 - - [19/Jul/2024:06:44:23 +0200] "GET /ticket2/opencms/set_aff_cookie.jsp?partner=2E02071B-A8C3-4CBA-3097-C27D61C02ED8&url=/dk/buy/index.html%3Fpage%3D1%26edid%3DEDCAEF56-BB28-CA21-E73A-84906B6960A7%26hlv%3D666cbc2c-993c-4e4c-842e-51ba0a01000f%23v_1874622269 HTTP/1.1" 200 226
66.249.79.233 - - [19/Jul/2024:06:44:23 +0200] "GET /ticket2/opencms/sv/buy/?page=1&edid=594176A0-0E99-D793-4664-FFEB5569D607 HTTP/1.1" 200 87947
66.249.79.231 - - [19/Jul/2024:06:44:27 +0200] "GET /ticket2/opencms/dk/buy/?page=1&edid=EDCAEF56-BB28-CA21-E73A-84906B6960A7&hlv=666cbc2c-993c-4e4c-842e-51ba0a01000f HTTP/1.1" 200 110409
194.163.141.13 - - [19/Jul/2024:06:44:37 +0200] "GET /ticket2/opencms/sv/buy/?page=1&edid=736BD66B-437C-04AF-E221-4773B900AE5E HTTP/1.1" 200 87318
37.123.143.245 - - [19/Jul/2024:06:44:47 +0200] "GET /ticket2/opencms/system/workplace/views/top_foot.jsp?wpFrame=foot HTTP/1.1" 200 1211
37.60.249.191 - - [19/Jul/2024:06:44:48 +0200] "GET /ticket2/opencms/dk/fi/buy/?page=1&edid=6DCAB90D-3A3D-2AD8-B841-FCB9C117FC7B&sortorder=asc&column=price HTTP/1.1" 404 -
37.123.143.245 - - [19/Jul/2024:06:44:48 +0200] "GET /ticket2/opencms/system/workplace/commons/style/workplace.css HTTP/1.1" 200 14209
194.163.141.13 - - [19/Jul/2024:06:44:53 +0200] "GET /ticket2/opencms/sv/buy/?page=1&edid=737F88F7-7F18-93CC-306A-5F33631B3F9F HTTP/1.1" 200 87958
194.163.141.13 - - [19/Jul/2024:06:45:15 +0200] "GET /ticket2/opencms/sv/buy/?page=1&edid=741BB88E-73FD-9CE1-B9A3-27B0B855281D HTTP/1.1" 200 85299
194.163.141.13 - - [19/Jul/2024:06:45:33 +0200] "GET /ticket2/opencms/sv/buy/?page=1&edid=741BB88E-73FD-9CE1-B9A3-27B0B855281D&sortorder=desc&column=price HTTP/1.1" 200 85334
194.163.141.13 - - [19/Jul/2024:06:45:46 +0200] "GET /ticket2/opencms/sv/buy/?page=1&edid=741BB88E-73FD-9CE1-B9A3-27B0B855281D&sortorder=desc&column=row HTTP/1.1" 200 85334
37.60.249.191 - - [19/Jul/2024:06:45:49 +0200] "GET /ticket2/opencms/dk/fi/buy/?page=1&edid=AC87DEB6-E1D4-389C-9FC5-DD0A851AE2E5&sortorder=desc&column=row HTTP/1.1" 404 -
194.163.141.13 - - [19/Jul/2024:06:45:59 +0200] "GET /ticket2/opencms/sv/buy/?page=1&edid=74AB5A47-FA53-0B09-3D6B-CA67984DC604 HTTP/1.1" 200 86857
194.163.141.13 - - [19/Jul/2024:06:46:16 +0200] "GET /ticket2/opencms/sv/buy/?page=1&edid=74AFB488-3C09-C655-FDE8-D701D9A35954 HTTP/1.1" 200 87724
47.128.122.107 - - [19/Jul/2024:06:46:24 +0200] "GET /ticket2/opencms/fr/buy/?edid=78152FF4-AB9B-7692-C7C0-273AF3BC66BC HTTP/1.1" 200 72058
66.249.79.173 - - [19/Jul/2024:06:46:25 +0200] "GET /ticket2/opencms/es/buy?page=1&edid=FDC70D4B-A88B-5334-5A88-AC1F94FAEBF8 HTTP/1.1" 200 111363
47.128.122.107 - - [19/Jul/2024:06:46:25 +0200] "GET /ticket2/opencms/system/modules/com.gridnine.opencms.ticketbrokerage.site/resources/pics/logo-new.png HTTP/1.1" 200 13541
66.249.76.161 - - [19/Jul/2024:06:46:25 +0200] "GET /ticket2/opencms/es/buy?page=1&edid=F70FF3E6-2D68-06C1-2E1B-CFF8AEEA395A HTTP/1.1" 200 101233
47.128.122.107 - - [19/Jul/2024:06:46:26 +0200] "GET /ticket2/opencms/system/modules/com.gridnine.opencms.ticketbrokerage.site/resources/pics/footer-img.png HTTP/1.1" 200 10350
66.249.79.171 - - [19/Jul/2024:06:46:28 +0200] "GET /ticket2/opencms/sv/about/contact HTTP/1.1" 200 70922
66.249.76.161 - - [19/Jul/2024:06:46:29 +0200] "GET /ticket2/opencms/sv/buy/?page=1&edid=6690BAE2-0BB2-2F72-0EFC-ADA3FDF70123 HTTP/1.1" 200 108599
66.249.79.74 - - [19/Jul/2024:06:46:31 +0200] "GET /ticket2/opencms/dk/buy/?page=1&edid=10D806F6-C295-A319-9924-D65E65A91DF4 HTTP/1.1" 200 85135
194.163.141.13 - - [19/Jul/2024:06:46:35 +0200] "GET /ticket2/opencms/sv/buy/?page=1&edid=74EFCA32-6815-FF4B-4089-5178E45F69AE HTTP/1.1" 200 87720
194.163.141.13 - - [19/Jul/2024:06:46:51 +0200] "GET /ticket2/opencms/sv/buy/?page=1&edid=7500278A-975C-78FE-B873-3CC47ECEB6E7 HTTP/1.1" 200 88157
194.163.141.13 - - [19/Jul/2024:06:47:01 +0200] "GET /ticket2/opencms/sv/buy/?page=1&edid=7584F820-CD7D-628C-D907-63A2068AD86B HTTP/1.1" 200 87277
52.167.144.200 - - [19/Jul/2024:06:47:03 +0200] "GET /ticket2/opencms/en/venue/?countryid=D12DC4A4-98E1-D0B7-783E-AE51CC52E5AE HTTP/1.1" 200 100101
114.119.128.162 - - [19/Jul/2024:06:47:09 +0200] "GET /ticket2/opencms/en/buy/?comcatid=A17713B6-D984-201A-4143-ED4DB5ED5C2E&catid=7CF2D645-F785-0CBB-1B7C-C4711617EAAD HTTP/1.1" 200 81735
194.163.141.13 - - [19/Jul/2024:06:47:15 +0200] "GET /ticket2/opencms/sv/buy/?page=1&edid=7584F820-CD7D-628C-D907-63A2068AD86B&sortorder=asc&column=row HTTP/1.1" 200 87313
114.119.153.220 - - [19/Jul/2024:06:47:17 +0200] "GET /ticket2/opencms/en/sell/?edid=46484497-40E3-24DA-1A4A-CD115F7A9621 HTTP/1.1" 302 -
114.119.153.220 - - [19/Jul/2024:06:47:21 +0200] "GET /ticket2/opencms/en/login/?url=/en/sell/ HTTP/1.1" 200 72802
216.244.66.238 - - [19/Jul/2024:06:47:27 +0200] "GET /ticket2/opencms/venue/king_power_stadium.png HTTP/1.1" 200 60679
194.163.141.13 - - [19/Jul/2024:06:47:29 +0200] "GET /ticket2/opencms/sv/buy/?page=1&edid=75B1AAC4-1735-8EB6-727D-C58CD7B8C873 HTTP/1.1" 200 87959
37.60.249.191 - - [19/Jul/2024:06:47:32 +0200] "GET /ticket2/opencms/dk/fi/buy/?page=1&edid=6AEA7B0B-C565-4F77-5066-1C24C6353E29&sortorder=asc&column=row HTTP/1.1" 404 -
63.143.42.252 - - [19/Jul/2024:06:47:41 +0200] "HEAD /ticket2/opencms/ HTTP/1.1" 302 -
63.143.42.252 - - [19/Jul/2024:06:47:44 +0200] "HEAD /ticket2/opencms/en/ HTTP/1.1" 200 -
194.163.141.13 - - [19/Jul/2024:06:47:50 +0200] "GET /ticket2/opencms/sv/buy/?page=1&edid=75CCA6C1-F7A9-38DC-1F87-42C0B04DBDA0&sortorder=desc&column=row HTTP/1.1" 200 86863
114.119.129.235 - - [19/Jul/2024:06:47:55 +0200] "GET /ticket2/opencms/en/venue/?venueid=1E6F661B-8D12-844B-5F2D-01422A9038BD HTTP/1.1" 200 70745
194.163.141.13 - - [19/Jul/2024:06:48:03 +0200] "GET /ticket2/opencms/sv/buy/?page=1&edid=75CCA6C1-F7A9-38DC-1F87-42C0B04DBDA0&sortorder=desc&column=section HTTP/1.1" 200 86863
194.163.141.13 - - [19/Jul/2024:06:48:21 +0200] "GET /ticket2/opencms/sv/buy/?page=1&edid=75CD70E1-6A6A-D58B-3753-A6F093B3BD54 HTTP/1.1" 200 87910
66.249.79.172 - - [19/Jul/2024:06:48:33 +0200] "GET /ticket2/opencms/de/buy/?page=1&edid=E3166D36-0533-1C67-661A-CD0D8BD7BA8C HTTP/1.1" 200 111811
194.163.141.13 - - [19/Jul/2024:06:48:39 +0200] "GET /ticket2/opencms/sv/buy/?page=1&edid=76854C9C-B592-CA0A-F67C-231FB6E47209 HTTP/1.1" 200 87716
114.119.134.51 - - [19/Jul/2024:06:48:42 +0200] "GET /ticket2/opencms/en/sell/?edid=867E5C69-A11C-A0A4-176A-7AA1621CA972 HTTP/1.1" 302 -
47.128.122.1 - - [19/Jul/2024:06:48:43 +0200] "GET /ticket2/opencms/no/buy/?edid=D3BB5206-D09C-E9EC-0247-A3E56EA24028 HTTP/1.1" 200 72276
47.128.122.1 - - [19/Jul/2024:06:48:44 +0200] "GET /ticket2/opencms/system/modules/com.gridnine.opencms.ticketbrokerage.site/resources/pics/logo-new.png HTTP/1.1" 200 13541
47.128.122.1 - - [19/Jul/2024:06:48:44 +0200] "GET /ticket2/opencms/system/modules/com.gridnine.opencms.ticketbrokerage.site/resources/pics/footer-img.png HTTP/1.1" 200 10350
114.119.134.51 - - [19/Jul/2024:06:48:46 +0200] "GET /ticket2/opencms/en/login/?url=/en/sell/ HTTP/1.1" 200 72802
190.92.208.229 - - [19/Jul/2024:06:48:49 +0200] "GET /ticket2/opencms/en/sport/football-tickets/la-liga/ HTTP/1.1" 200 78097
194.163.141.13 - - [19/Jul/2024:06:48:52 +0200] "GET /ticket2/opencms/sv/buy/?page=1&edid=774A7EEA-D1B2-9FDE-0959-EF9630E0C317 HTTP/1.1" 200 87955
37.60.249.191 - - [19/Jul/2024:06:48:58 +0200] "GET /ticket2/opencms/dk/fi/buy/?page=1&edid=7921910F-74F6-EA36-BF50-52319F322FAA&sortorder=asc&column=row HTTP/1.1" 404 -
194.163.141.13 - - [19/Jul/2024:06:49:10 +0200] "GET /ticket2/opencms/sv/buy/?page=1&edid=7995046D-A59F-7828-F1D9-FFAF911D7812&sortorder=desc&column=row HTTP/1.1" 200 87747
194.163.141.13 - - [19/Jul/2024:06:49:19 +0200] "GET /ticket2/opencms/sv/buy/?page=1&edid=7995046D-A59F-7828-F1D9-FFAF911D7812&sortorder=desc&column=section HTTP/1.1" 200 87747
194.163.141.13 - - [19/Jul/2024:06:49:28 +0200] "GET /ticket2/opencms/sv/buy/?page=1&edid=79CCFD61-A014-AE43-C5ED-F574B4885086 HTTP/1.1" 200 88137
66.249.79.171 - - [19/Jul/2024:06:49:35 +0200] "GET /ticket2/opencms/fi/venue/?countryid=A6670E01-CE49-A608-C597-250C3D48D088 HTTP/1.1" 200 101663
194.163.141.13 - - [19/Jul/2024:06:49:40 +0200] "GET /ticket2/opencms/sv/buy/?page=1&edid=79F0DF9A-E59A-A8F7-04A7-97B5561CB701 HTTP/1.1" 200 85794
37.123.143.245 - - [19/Jul/2024:06:49:48 +0200] "GET /ticket2/opencms/system/workplace/views/top_foot.jsp?wpFrame=foot HTTP/1.1" 200 1211
37.123.143.245 - - [19/Jul/2024:06:49:49 +0200] "GET /ticket2/opencms/system/workplace/commons/style/workplace.css HTTP/1.1" 200 14209
194.163.141.13 - - [19/Jul/2024:06:49:51 +0200] "GET /ticket2/opencms/sv/buy/?page=1&edid=79F0DF9A-E59A-A8F7-04A7-97B5561CB701&sortorder=desc&column=price HTTP/1.1" 200 85829
194.163.141.13 - - [19/Jul/2024:06:50:04 +0200] "GET /ticket2/opencms/sv/buy/?page=1&edid=79F0DF9A-E59A-A8F7-04A7-97B5561CB701&sortorder=desc&column=row HTTP/1.1" 200 85829
37.60.249.191 - - [19/Jul/2024:06:50:12 +0200] "GET /ticket2/opencms/dk/nl/buy/?page=1&edid=1B897E9D-E533-44D1-184E-05DEA8EB4FEB&sortorder=asc&column=price HTTP/1.1" 404 -
41.216.188.113 - - [19/Jul/2024:06:50:18 +0200] "GET /ticket2/opencms/sv/magazine/article?title=vad-ar-fotboll HTTP/1.1" 200 77566
41.216.188.113 - - [19/Jul/2024:06:50:18 +0200] "GET /ticket2/opencms/sv/magazine/article?title=vad-ar-fotboll&title=%2527 HTTP/1.1" 200 77566
194.163.141.13 - - [19/Jul/2024:06:50:18 +0200] "GET /ticket2/opencms/sv/buy/?page=1&edid=79F0DF9A-E59A-A8F7-04A7-97B5561CB701&sortorder=desc&column=section HTTP/1.1" 200 85829
194.163.141.13 - - [19/Jul/2024:06:50:32 +0200] "GET /ticket2/opencms/sv/buy/?page=1&edid=7AC6ABB3-09AC-6373-722A-4325330B2FBA HTTP/1.1" 200 87726
66.249.76.2 - - [19/Jul/2024:06:50:36 +0200] "GET /ticket2/opencms/sv/buy?page=1&edid=E0A8CE5D-A2DA-F5EB-6814-85F787FE51D7 HTTP/1.1" 200 96924
194.163.141.13 - - [19/Jul/2024:06:50:47 +0200] "GET /ticket2/opencms/sv/buy/?page=1&edid=7B03E341-9509-3F55-E619-C4D4BE40A63F HTTP/1.1" 200 85787
194.163.141.13 - - [19/Jul/2024:06:51:00 +0200] "GET /ticket2/opencms/sv/buy/?page=1&edid=7B13364F-9EE2-FFC9-44E1-6055539DCB61 HTTP/1.1" 200 85335
47.128.29.157 - - [19/Jul/2024:06:51:00 +0200] "GET /ticket2/opencms/de/buy/?edid=D67B497F-CF10-C7AE-77D9-D57AFD6ED0DB HTTP/1.1" 200 71949
47.128.29.157 - - [19/Jul/2024:06:51:01 +0200] "GET /ticket2/opencms/system/modules/com.gridnine.opencms.ticketbrokerage.site/resources/pics/logo-new.png HTTP/1.1" 200 13541
47.128.29.157 - - [19/Jul/2024:06:51:01 +0200] "GET /ticket2/opencms/system/modules/com.gridnine.opencms.ticketbrokerage.site/resources/pics/footer-img.png HTTP/1.1" 200 10350
194.163.141.13 - - [19/Jul/2024:06:51:08 +0200] "GET /ticket2/opencms/sv/buy/?page=1&edid=C624B2E6-D832-C748-3C71-308D0CDEE890&sortorder=asc&column=price HTTP/1.1" 200 86872
37.60.249.191 - - [19/Jul/2024:06:51:17 +0200] "GET /ticket2/opencms/dk/nl/buy/?page=1&edid=834142AB-3163-DB9B-0B08-B99C16F02C56&sortorder=desc&column=row HTTP/1.1" 404 -
194.163.141.13 - - [19/Jul/2024:06:51:19 +0200] "GET /ticket2/opencms/sv/buy/?page=1&edid=C624B2E6-D832-C748-3C71-308D0CDEE890&sortorder=asc&column=section HTTP/1.1" 200 86872
40.77.167.23 - - [19/Jul/2024:06:51:21 +0200] "GET /ticket2/opencms/sv/sport/fotbollsbiljetter/la_liga/girona/ HTTP/1.1" 200 72465
47.128.21.139 - - [19/Jul/2024:06:51:30 +0200] "GET /ticket2/opencms/fi/buy HTTP/1.1" 200 72632
47.128.21.139 - - [19/Jul/2024:06:51:31 +0200] "GET /ticket2/opencms/system/modules/com.gridnine.opencms.ticketbrokerage.site/resources/pics/logo-new.png HTTP/1.1" 200 13541
47.128.21.139 - - [19/Jul/2024:06:51:31 +0200] "GET /ticket2/opencms/system/modules/com.gridnine.opencms.ticketbrokerage.site/resources/pics/footer-img.png HTTP/1.1" 200 10350
194.163.141.13 - - [19/Jul/2024:06:51:34 +0200] "GET /ticket2/opencms/sv/buy/?page=1&edid=C624B2E6-D832-C748-3C71-308D0CDEE890&sortorder=desc&column=price HTTP/1.1" 200 86871
66.249.79.231 - - [19/Jul/2024:06:51:37 +0200] "GET /ticket2/opencms/en/buy?page=1&edid=A2FB430D-90F2-3AA3-358A-C75DE55ABB21 HTTP/1.1" 200 87222
194.163.141.13 - - [19/Jul/2024:06:51:49 +0200] "GET /ticket2/opencms/sv/buy/?page=1&edid=C624B2E6-D832-C748-3C71-308D0CDEE890&sortorder=desc&column=row HTTP/1.1" 200 86871
194.163.141.13 - - [19/Jul/2024:06:51:59 +0200] "GET /ticket2/opencms/sv/buy/?page=1&edid=CF34C21E-BBA3-E16B-343E-05A4D0C0A522&sortorder=asc&column=section HTTP/1.1" 200 87366
194.163.141.13 - - [19/Jul/2024:06:52:10 +0200] "GET /ticket2/opencms/sv/buy/?page=1&edid=CF8182D8-B9D0-5E9A-7104-23E69EAA2FEA&sortorder=asc&column=price HTTP/1.1" 200 86898
114.119.141.53 - - [19/Jul/2024:06:52:16 +0200] "GET /ticket2/opencms/en/sell/?edid=3738A0D3-C079-14B1-4C9B-A3A8C17E2833 HTTP/1.1" 302 -
52.167.144.228 - - [19/Jul/2024:06:52:19 +0200] "GET /ticket2/opencms/en/buy?page=1&edid=E289F96B-BF69-A88E-30C1-E3CA6BC29D6C HTTP/1.1" 200 99231
114.119.141.53 - - [19/Jul/2024:06:52:20 +0200] "GET /ticket2/opencms/en/login/?url=/en/sell/ HTTP/1.1" 200 72802
47.128.21.169 - - [19/Jul/2024:06:52:22 +0200] "GET /ticket2/opencms/de/sport/fussball-tickets/bundesliga/ HTTP/1.1" 200 74886
47.128.21.169 - - [19/Jul/2024:06:52:23 +0200] "GET /ticket2/opencms/system/modules/com.gridnine.opencms.ticketbrokerage.site/resources/pics/logo-new.png HTTP/1.1" 200 13541
47.128.21.169 - - [19/Jul/2024:06:52:23 +0200] "GET /ticket2/opencms/system/modules/com.gridnine.opencms.ticketbrokerage.site/resources/pics/footer-img.png HTTP/1.1" 200 10350
40.77.167.23 - - [19/Jul/2024:06:52:25 +0200] "GET /ticket2/opencms/nl/buy?page=1&edid=9CF0F0F7-E52F-C803-4AE8-4F1A3B811071 HTTP/1.1" 200 90219
66.249.79.231 - - [19/Jul/2024:06:52:30 +0200] "GET /ticket2/opencms/sv/magazine HTTP/1.1" 200 112544
194.163.141.13 - - [19/Jul/2024:06:52:31 +0200] "GET /ticket2/opencms/sv/buy/?page=1&edid=CF8182D8-B9D0-5E9A-7104-23E69EAA2FEA&sortorder=asc&column=section HTTP/1.1" 200 86898
66.249.79.231 - - [19/Jul/2024:06:52:38 +0200] "GET /ticket2/opencms/dk/buy?page=1&edid=D318DF84-DE52-191F-E568-28FCD260221B HTTP/1.1" 200 96715
216.244.66.238 - - [19/Jul/2024:06:52:40 +0200] "GET /ticket2/opencms/dk/en/venue/?venueid=03F51804-8CDE-802D-E000-0AE79CB6ED35 HTTP/1.1" 404 -
66.249.79.37 - - [19/Jul/2024:06:52:40 +0200] "GET /ticket2/opencms/fi/venue/?venueid=30E59E70-2AD5-DB3F-8F99-0F76DBFE059E HTTP/1.1" 200 72309
63.143.42.252 - - [19/Jul/2024:06:52:41 +0200] "HEAD /ticket2/opencms/ HTTP/1.1" 302 -
63.143.42.252 - - [19/Jul/2024:06:52:44 +0200] "HEAD /ticket2/opencms/en/ HTTP/1.1" 200 -
194.163.141.13 - - [19/Jul/2024:06:52:49 +0200] "GET /ticket2/opencms/sv/buy/?page=1&edid=CF8182D8-B9D0-5E9A-7104-23E69EAA2FEA&sortorder=desc&column=row HTTP/1.1" 200 86897
198.235.24.26 - - [19/Jul/2024:06:52:52 +0200] "GET / HTTP/1.0" 404 -
114.119.148.108 - - [19/Jul/2024:06:52:57 +0200] "GET /ticket2/opencms/en/venue/?countryid=7181F1B1-BB62-9D43-5EFA-B07E8505C9FD HTTP/1.1" 200 100101
194.163.141.13 - - [19/Jul/2024:06:52:58 +0200] "GET /ticket2/opencms/sv/buy/?page=1&edid=CFB3C173-B4FB-B01A-31DC-68FDFD5FA2B7&sortorder=desc&column=price HTTP/1.1" 200 85358
37.60.249.191 - - [19/Jul/2024:06:53:06 +0200] "GET /ticket2/opencms/dk/nl/buy/?page=1&edid=841F01BE-9A3A-AE33-4004-B13EAF3CAACE HTTP/1.1" 404 -
124.156.207.67 - - [19/Jul/2024:06:53:09 +0200] "GET /ticket2/opencms/system/modules/com.gridnine.opencms.ticketbrokerage.site/resources/pics/banners/en/la_liga_en.png HTTP/1.1" 200 70476
194.163.141.13 - - [19/Jul/2024:06:53:10 +0200] "GET /ticket2/opencms/sv/buy/?page=1&edid=CFB3C173-B4FB-B01A-31DC-68FDFD5FA2B7&sortorder=desc&column=row HTTP/1.1" 200 85358
177.137.109.118 - - [19/Jul/2024:06:53:15 +0200] "GET /ticket2/opencms/sv/sport/fotbollsbiljetter/premier_league/london/?gad_source=1&gclid=EAIaIQobChMIk_z2sKmyhwMVDmJIAB0hHA8rEAAYAiAFEgIRBvD_BwE HTTP/1.1" 200 77467
47.128.22.211 - - [19/Jul/2024:06:53:16 +0200] "GET /ticket2/opencms/dk/sport/fodboldbilletter/premier-league/liverpool/ HTTP/1.1" 200 83877
47.128.22.211 - - [19/Jul/2024:06:53:17 +0200] "GET /ticket2/opencms/system/modules/com.gridnine.opencms.ticketbrokerage.site/resources/pics/logo-new.png HTTP/1.1" 200 13541
47.128.22.211 - - [19/Jul/2024:06:53:18 +0200] "GET /ticket2/opencms/system/modules/com.gridnine.opencms.ticketbrokerage.site/resources/pics/banners/Liverpool.jpg HTTP/1.1" 200 13360
47.128.22.211 - - [19/Jul/2024:06:53:18 +0200] "GET /ticket2/opencms/system/modules/com.gridnine.opencms.ticketbrokerage.site/resources/pics/footer-img.png HTTP/1.1" 200 10350
52.167.144.215 - - [19/Jul/2024:06:53:19 +0200] "GET /ticket2/opencms/nl/sport/voetbal-tickets/serie_a/roma/ HTTP/1.1" 200 83689
47.128.122.112 - - [19/Jul/2024:06:53:19 +0200] "GET /ticket2/opencms/dk/buy/?edid=E8492630-5817-95C8-DBCF-47EFEEBEB25B HTTP/1.1" 200 71437
51.222.253.4 - - [19/Jul/2024:06:53:19 +0200] "GET /ticket2/opencms/robots.txt HTTP/1.1" 200 773
47.128.122.112 - - [19/Jul/2024:06:53:20 +0200] "GET /ticket2/opencms/system/modules/com.gridnine.opencms.ticketbrokerage.site/resources/pics/logo-new.png HTTP/1.1" 200 13541
47.128.122.112 - - [19/Jul/2024:06:53:20 +0200] "GET /ticket2/opencms/system/modules/com.gridnine.opencms.ticketbrokerage.site/resources/pics/footer-img.png HTTP/1.1" 200 10350
40.77.167.32 - - [19/Jul/2024:06:53:22 +0200] "GET /ticket2/opencms/sv/sport/fotbollsbiljetter/la_liga/las_palmas/ HTTP/1.1" 200 83733
52.167.144.207 - - [19/Jul/2024:06:53:26 +0200] "GET /ticket2/opencms/en/buy?page=1&edid=78AF1C5E-F8EA-2E8D-DBE6-BF38D5E9E2D9 HTTP/1.1" 200 110410
194.163.141.13 - - [19/Jul/2024:06:53:27 +0200] "GET /ticket2/opencms/sv/buy/?page=1&edid=CFE6EC3A-3188-38D8-C8A4-9712A26A5661&sortorder=desc&column=price HTTP/1.1" 200 85357
158.220.123.226 - - [19/Jul/2024:06:53:32 +0200] "GET /ticket2/opencms/se/robots.txt HTTP/1.1" 404 -
