47.128.125.35 - - [19/Jul/2024:05:46:43 +0200] "GET /ticket2/opencms/system/modules/com.gridnine.opencms.ticketbrokerage.site/resources/pics/footer-img.png HTTP/1.1" 200 10350
114.119.141.139 - - [19/Jul/2024:05:46:43 +0200] "GET /ticket2/opencms/en/venue/?venueid=EB77ABB2-7681-5353-78ED-A3ADEC5FE4B1 HTTP/1.1" 200 70724
54.38.85.37 - - [19/Jul/2024:05:46:50 +0200] "GET /ticket2/opencms/se/en/buy/?page=1&edid=7753EA52-7985-00A7-A9DB-D81E6156C674&sortorder=asc&column=price HTTP/1.1" 404 -
47.128.47.253 - - [19/Jul/2024:05:46:50 +0200] "GET /ticket2/opencms/nl/ HTTP/1.1" 200 93351
47.128.47.253 - - [19/Jul/2024:05:46:51 +0200] "GET /ticket2/opencms/system/modules/com.gridnine.opencms.ticketbrokerage.site/resources/pics/logo-new.png HTTP/1.1" 200 13541
47.128.47.253 - - [19/Jul/2024:05:46:51 +0200] "GET /ticket2/opencms/system/modules/com.gridnine.opencms.ticketbrokerage.site/resources/pics/footer-img.png HTTP/1.1" 200 10350
54.38.85.37 - - [19/Jul/2024:05:47:01 +0200] "GET /ticket2/opencms/se/en/buy/?page=1&edid=7753EA52-7985-00A7-A9DB-D81E6156C674&sortorder=asc&column=section HTTP/1.1" 404 -
114.119.157.3 - - [19/Jul/2024:05:47:02 +0200] "GET /ticket2/opencms/robots.txt HTTP/1.1" 200 773
54.38.85.37 - - [19/Jul/2024:05:47:13 +0200] "GET /ticket2/opencms/se/en/buy/?page=1&edid=77D073DA-E868-7067-9130-ABC8EB8612AA&sortorder=asc&column=price HTTP/1.1" 404 -
194.163.141.13 - - [19/Jul/2024:05:47:15 +0200] "GET /ticket2/opencms/en/buy/?page=1&edid=AC289A33-6057-2E6A-4FF7-76294D3A4351&sortorder=desc&column=price HTTP/1.1" 200 83927
114.119.140.79 - - [19/Jul/2024:05:47:20 +0200] "GET /ticket2/opencms/en/venue/?venueid=EF46960E-40F0-93E3-4C59-3165FC2C860D HTTP/1.1" 200 70718
52.167.144.198 - - [19/Jul/2024:05:47:22 +0200] "GET /ticket2/opencms/en/buy/?page=6&comcatid=A17713B6-D984-201A-4143-ED4DB5ED5C2E&catid=A3372871-3019-08B8-80CE-74B78F441ACA HTTP/1.1" 200 82948
54.38.85.37 - - [19/Jul/2024:05:47:23 +0200] "GET /ticket2/opencms/se/en/buy/?page=1&edid=77D073DA-E868-7067-9130-ABC8EB8612AA&sortorder=asc&column=section HTTP/1.1" 404 -
54.38.85.37 - - [19/Jul/2024:05:47:35 +0200] "GET /ticket2/opencms/se/en/buy/?page=1&edid=799ACF4F-2B79-BB10-1892-2DEED462CB91&sortorder=asc&column=row HTTP/1.1" 404 -
47.128.113.2 - - [19/Jul/2024:05:47:39 +0200] "GET /ticket2/opencms/fi/venue/?countryid=9554F04E-60EE-4D4B-3CE3-7EC55ADC4B4E HTTP/1.1" 200 101663
47.128.113.2 - - [19/Jul/2024:05:47:40 +0200] "GET /ticket2/opencms/system/modules/com.gridnine.opencms.ticketbrokerage.site/resources/css/ticketbrokerage.css HTTP/1.1" 200 39339
47.128.113.2 - - [19/Jul/2024:05:47:41 +0200] "GET /ticket2/opencms/system/modules/com.gridnine.opencms.ticketbrokerage.site/resources/pics/logo-new.png HTTP/1.1" 200 13541
47.128.113.2 - - [19/Jul/2024:05:47:41 +0200] "GET /ticket2/opencms/system/modules/com.gridnine.opencms.ticketbrokerage.site/resources/pics/footer-img.png HTTP/1.1" 200 10350
63.143.42.252 - - [19/Jul/2024:05:47:41 +0200] "HEAD /ticket2/opencms/ HTTP/1.1" 302 -
63.143.42.252 - - [19/Jul/2024:05:47:44 +0200] "HEAD /ticket2/opencms/en/ HTTP/1.1" 200 -
54.38.85.37 - - [19/Jul/2024:05:47:46 +0200] "GET /ticket2/opencms/se/en/buy/?page=1&edid=79B1C579-9EED-0F82-FA86-4C612C45B721 HTTP/1.1" 404 -
172.168.40.176 - - [19/Jul/2024:05:47:49 +0200] "GET /actuator/health HTTP/1.1" 404 -
47.128.60.79 - - [19/Jul/2024:05:47:52 +0200] "GET /ticket2/opencms/sv/magazine/article?title=svenska-talangen-lucas-bergvall-klar-for-tottenham-hotspur HTTP/1.1" 200 75934
47.128.60.79 - - [19/Jul/2024:05:47:52 +0200] "GET /ticket2/opencms/system/modules/com.gridnine.opencms.ticketbrokerage.site/resources/pics/logo-new.png HTTP/1.1" 200 13541
114.119.135.169 - - [19/Jul/2024:05:47:53 +0200] "GET /ticket2/opencms/en/sell/?edid=9299132E-90F0-56A5-D529-43F63700D464 HTTP/1.1" 302 -
47.128.60.79 - - [19/Jul/2024:05:47:53 +0200] "GET /ticket2/opencms/system/modules/com.gridnine.opencms.ticketbrokerage.site/resources/pics/footer-img.png HTTP/1.1" 200 10350
66.249.76.161 - - [19/Jul/2024:05:47:55 +0200] "GET /ticket2/opencms/de/magazine/article?title=uber-den-fussballverein-liverpool-fc HTTP/1.1" 200 76252
114.119.135.169 - - [19/Jul/2024:05:47:56 +0200] "GET /ticket2/opencms/en/login/?url=/en/sell/ HTTP/1.1" 200 72802
54.38.85.37 - - [19/Jul/2024:05:47:58 +0200] "GET /ticket2/opencms/se/en/buy/?page=1&edid=7AC6ABB3-09AC-6373-722A-4325330B2FBA&sortorder=asc&column=price HTTP/1.1" 404 -
216.244.66.238 - - [19/Jul/2024:05:47:59 +0200] "GET /ticket2/opencms/robots.txt HTTP/1.1" 200 773
216.244.66.238 - - [19/Jul/2024:05:48:00 +0200] "GET /ticket2/opencms/robots.txt HTTP/1.1" 200 773
52.167.144.212 - - [19/Jul/2024:05:48:04 +0200] "GET /ticket2/opencms/en/venue/?countryid=13702050-2F05-4DBF-E863-0547221CB311 HTTP/1.1" 200 100101
54.38.85.37 - - [19/Jul/2024:05:48:08 +0200] "GET /ticket2/opencms/se/en/buy/?page=1&edid=7AC6ABB3-09AC-6373-722A-4325330B2FBA&sortorder=asc&column=row HTTP/1.1" 404 -
194.163.141.13 - - [19/Jul/2024:05:48:08 +0200] "GET /ticket2/opencms/en/buy/?page=1&edid=AC289A33-6057-2E6A-4FF7-76294D3A4351&sortorder=desc&column=section HTTP/1.1" 200 83927
47.128.51.209 - - [19/Jul/2024:05:48:18 +0200] "GET /ticket2/opencms/fi/venue/?countryid=12E3BEDF-CE35-CC7F-2705-A98A37B9636B HTTP/1.1" 200 101663
54.38.85.37 - - [19/Jul/2024:05:48:19 +0200] "GET /ticket2/opencms/se/en/buy/?page=1&edid=7AC6ABB3-09AC-6373-722A-4325330B2FBA&sortorder=asc&column=section HTTP/1.1" 404 -
47.128.51.209 - - [19/Jul/2024:05:48:19 +0200] "GET /ticket2/opencms/system/modules/com.gridnine.opencms.ticketbrokerage.site/resources/pics/logo-new.png HTTP/1.1" 200 13541
47.128.51.209 - - [19/Jul/2024:05:48:19 +0200] "GET /ticket2/opencms/system/modules/com.gridnine.opencms.ticketbrokerage.site/resources/pics/footer-img.png HTTP/1.1" 200 10350
54.38.85.37 - - [19/Jul/2024:05:48:29 +0200] "GET /ticket2/opencms/se/en/buy/?page=1&edid=7B795253-FDA4-1C82-06CC-21D0CE336896&sortorder=asc&column=section HTTP/1.1" 404 -
47.128.47.67 - - [19/Jul/2024:05:48:33 +0200] "GET /ticket2/opencms/nl/buy/?catid=7ACC33AD-EE7E-AAA7-9050-0F4587759B87&comcatid=A17713B6-D984-201A-4143-ED4DB5ED5C2E&page=7 HTTP/1.1" 200 80616
47.128.47.67 - - [19/Jul/2024:05:48:33 +0200] "GET /ticket2/opencms/system/modules/com.gridnine.opencms.ticketbrokerage.site/resources/pics/logo-new.png HTTP/1.1" 200 13541
114.119.132.104 - - [19/Jul/2024:05:48:34 +0200] "GET /ticket2/opencms/en/venue/?venueid=CC8EBEE0-20C4-450E-B0B6-DECB88FE890B HTTP/1.1" 200 70740
47.128.47.67 - - [19/Jul/2024:05:48:34 +0200] "GET /ticket2/opencms/system/modules/com.gridnine.opencms.ticketbrokerage.site/resources/pics/footer-img.png HTTP/1.1" 200 10350
37.60.249.191 - - [19/Jul/2024:05:48:37 +0200] "GET /ticket2/opencms/dk/en/sell/?edid=95536865-B766-6057-C123-70A3D5AA17E0 HTTP/1.1" 404 -
54.38.85.37 - - [19/Jul/2024:05:48:39 +0200] "GET /ticket2/opencms/se/en/buy/?page=1&edid=7B81DA8C-BC62-30BF-75BA-614CF7ADBC43&sortorder=asc&column=section HTTP/1.1" 404 -
194.163.141.13 - - [19/Jul/2024:05:48:41 +0200] "GET /ticket2/opencms/en/buy/?page=1&edid=B0194465-9BE5-70DD-1723-870417EF0F45&sortorder=desc&column=section HTTP/1.1" 200 87428
47.128.20.64 - - [19/Jul/2024:05:48:42 +0200] "GET /ticket2/opencms/fr/magazine/article?title=anfield-le-stade-domicile-de-liverpool HTTP/1.1" 200 76454
47.128.20.64 - - [19/Jul/2024:05:48:43 +0200] "GET /ticket2/opencms/system/modules/com.gridnine.opencms.ticketbrokerage.site/resources/pics/logo-new.png HTTP/1.1" 200 13541
47.128.20.64 - - [19/Jul/2024:05:48:43 +0200] "GET /ticket2/opencms/system/modules/com.gridnine.opencms.ticketbrokerage.site/resources/pics/footer-img.png HTTP/1.1" 200 10350
54.38.85.37 - - [19/Jul/2024:05:48:50 +0200] "GET /ticket2/opencms/se/en/buy/?page=1&edid=7BB8570A-17B7-95EF-E8A6-380751584F03 HTTP/1.1" 404 -
54.38.85.37 - - [19/Jul/2024:05:48:57 +0200] "GET /ticket2/opencms/se/en/buy/?page=1&edid=7BBCA819-F42E-0079-8C80-51174B40B9F6&sortorder=desc&column=price HTTP/1.1" 404 -
47.128.51.22 - - [19/Jul/2024:05:49:01 +0200] "GET /ticket2/opencms/es/buy/?edid=14427B33-9BB8-BBB7-1EBA-73EE86A692A4 HTTP/1.1" 200 72706
173.252.107.113 - - [19/Jul/2024:05:49:02 +0200] "GET /ticket2/opencms/sites/ticketbrokerage/sv/sport/fotbollsbiljetter/premier_league/swansea/everton.html HTTP/1.1" 404 -
47.128.51.22 - - [19/Jul/2024:05:49:02 +0200] "GET /ticket2/opencms/system/modules/com.gridnine.opencms.ticketbrokerage.site/resources/js/jquery/jquery-ui.js HTTP/1.1" 200 228088
47.128.51.22 - - [19/Jul/2024:05:49:03 +0200] "GET /ticket2/opencms/system/modules/com.gridnine.opencms.ticketbrokerage.site/resources/pics/logo-new.png HTTP/1.1" 200 13541
47.128.51.22 - - [19/Jul/2024:05:49:03 +0200] "GET /ticket2/opencms/system/modules/com.gridnine.opencms.ticketbrokerage.site/resources/pics/footer-img.png HTTP/1.1" 200 10350
47.128.39.7 - - [19/Jul/2024:05:49:06 +0200] "GET /ticket2/opencms/dk/buy/?catid=A3372871-3019-08B8-80CE-74B78F441ACA&comcatid=A17713B6-D984-201A-4143-ED4DB5ED5C2E HTTP/1.1" 200 82269
47.128.39.7 - - [19/Jul/2024:05:49:07 +0200] "GET /ticket2/opencms/system/modules/com.gridnine.opencms.ticketbrokerage.site/resources/pics/logo-new.png HTTP/1.1" 200 13541
47.128.39.7 - - [19/Jul/2024:05:49:07 +0200] "GET /ticket2/opencms/system/modules/com.gridnine.opencms.ticketbrokerage.site/resources/pics/footer-img.png HTTP/1.1" 200 10350
54.38.85.37 - - [19/Jul/2024:05:49:07 +0200] "GET /ticket2/opencms/se/en/buy/?page=1&edid=7C856DBA-4F48-B4D9-82D1-DF373F59E83D&sortorder=asc&column=section HTTP/1.1" 404 -
54.38.85.37 - - [19/Jul/2024:05:49:16 +0200] "GET /ticket2/opencms/se/en/buy/?page=1&edid=7C856DBA-4F48-B4D9-82D1-DF373F59E83D&sortorder=desc&column=section HTTP/1.1" 404 -
194.163.141.13 - - [19/Jul/2024:05:49:22 +0200] "GET /ticket2/opencms/en/buy/?page=1&edid=B04F9C9F-0B5E-1B41-4BEE-8594CB1D3CAC&sortorder=desc&column=section HTTP/1.1" 200 87093
52.167.144.173 - - [19/Jul/2024:05:49:24 +0200] "GET /ticket2/opencms/nl/buy?page=1&edid=FDE2CB1B-737B-857F-7431-BD450E7D3BBB HTTP/1.1" 200 110076
47.128.33.39 - - [19/Jul/2024:05:49:25 +0200] "GET /ticket2/opencms/de/magazine/article?title=em-finale-2024 HTTP/1.1" 200 76570
54.38.85.37 - - [19/Jul/2024:05:49:25 +0200] "GET /ticket2/opencms/se/en/buy/?page=1&edid=7C9D1D8F-C2A8-5273-4C6A-8733A1E01057&sortorder=asc&column=price HTTP/1.1" 404 -
47.128.33.39 - - [19/Jul/2024:05:49:25 +0200] "GET /ticket2/opencms/system/modules/com.gridnine.opencms.ticketbrokerage.site/resources/js/jquery/jquery-ui.js HTTP/1.1" 200 228088
47.128.33.39 - - [19/Jul/2024:05:49:26 +0200] "GET /ticket2/opencms/system/modules/com.gridnine.opencms.ticketbrokerage.site/resources/js/calendar.js HTTP/1.1" 200 49229
47.128.33.39 - - [19/Jul/2024:05:49:27 +0200] "GET /ticket2/opencms/system/modules/com.gridnine.opencms.ticketbrokerage.site/resources/pics/logo-new.png HTTP/1.1" 200 13541
47.128.33.39 - - [19/Jul/2024:05:49:27 +0200] "GET /ticket2/opencms/system/modules/com.gridnine.opencms.ticketbrokerage.site/resources/pics/footer-img.png HTTP/1.1" 200 10350
216.218.206.117 - - [19/Jul/2024:05:49:30 +0200] "GET / HTTP/1.1" 404 -
47.128.99.135 - - [19/Jul/2024:05:49:31 +0200] "GET /ticket2/opencms/no/buy/?catid=BDD8C04C-DD99-1C07-B5F3-F2AB98D157E8&comcatid=A17713B6-D984-201A-4143-ED4DB5ED5C2E&page=6 HTTP/1.1" 200 82979
47.128.99.135 - - [19/Jul/2024:05:49:32 +0200] "GET /ticket2/opencms/system/modules/com.gridnine.opencms.ticketbrokerage.site/resources/pics/logo-new.png HTTP/1.1" 200 13541
47.128.99.135 - - [19/Jul/2024:05:49:32 +0200] "GET /ticket2/opencms/system/modules/com.gridnine.opencms.ticketbrokerage.site/resources/pics/footer-img.png HTTP/1.1" 200 10350
54.38.85.37 - - [19/Jul/2024:05:49:34 +0200] "GET /ticket2/opencms/se/en/buy/?page=1&edid=7C9D1D8F-C2A8-5273-4C6A-8733A1E01057&sortorder=asc&column=section HTTP/1.1" 404 -
37.123.143.245 - - [19/Jul/2024:05:49:37 +0200] "GET /ticket2/opencms/system/workplace/views/top_foot.jsp?wpFrame=foot HTTP/1.1" 200 1211
37.123.143.245 - - [19/Jul/2024:05:49:37 +0200] "GET /ticket2/opencms/system/workplace/commons/style/workplace.css HTTP/1.1" 200 14209
54.38.85.37 - - [19/Jul/2024:05:49:42 +0200] "GET /ticket2/opencms/se/en/buy/?page=1&edid=7C9D1D8F-C2A8-5273-4C6A-8733A1E01057&sortorder=desc&column=price HTTP/1.1" 404 -
213.199.41.116 - - [19/Jul/2024:05:49:44 +0200] "GET /ticket2/opencms/robots.txt HTTP/1.1" 200 773
54.38.85.37 - - [19/Jul/2024:05:49:49 +0200] "GET /ticket2/opencms/se/en/buy/?page=1&edid=7DFA9706-6B2A-B4CC-5A39-A5C330CC4190&sortorder=asc&column=price HTTP/1.1" 404 -
47.128.34.16 - - [19/Jul/2024:05:49:56 +0200] "GET /ticket2/opencms/nl/buy/?catid=06324577-7173-BAB0-146D-E644C912F7C1&comcatid=A17713B6-D984-201A-4143-ED4DB5ED5C2E&page=6 HTTP/1.1" 200 230998
47.128.34.16 - - [19/Jul/2024:05:49:56 +0200] "GET /ticket2/opencms/system/modules/com.gridnine.opencms.ticketbrokerage.site/resources/pics/logo-new.png HTTP/1.1" 200 13541
47.128.34.16 - - [19/Jul/2024:05:49:57 +0200] "GET /ticket2/opencms/system/modules/com.gridnine.opencms.ticketbrokerage.site/resources/pics/footer-img.png HTTP/1.1" 200 10350
54.38.85.37 - - [19/Jul/2024:05:49:58 +0200] "GET /ticket2/opencms/se/en/buy/?page=1&edid=7DFA9706-6B2A-B4CC-5A39-A5C330CC4190&sortorder=asc&column=row HTTP/1.1" 404 -
194.163.141.13 - - [19/Jul/2024:05:49:58 +0200] "GET /ticket2/opencms/en/buy/?page=1&edid=B3FFE65A-30FC-32DE-3E3C-769263593BC1&sortorder=asc&column=section HTTP/1.1" 200 86352
66.249.76.1 - - [19/Jul/2024:05:50:01 +0200] "GET /ticket2/opencms/de/magazine/article?title=emirates-stadium-eine-ikonische-arena HTTP/1.1" 200 77199
66.249.79.75 - - [19/Jul/2024:05:50:03 +0200] "GET /ticket2/opencms/sv/buy/?page=1&edid=E9B7DED4-B9B3-1D5B-302C-EBD67027CF78 HTTP/1.1" 200 111214
66.249.76.1 - - [19/Jul/2024:05:50:05 +0200] "GET /ticket2/opencms/fi/venue/?venueid=77047E47-2FF4-16B0-5A77-56A30F69DDD8 HTTP/1.1" 200 72304
54.38.85.37 - - [19/Jul/2024:05:50:07 +0200] "GET /ticket2/opencms/se/en/buy/?page=1&edid=801CF113-A3FC-13DC-B3AC-DEF94DA97078&sortorder=asc&column=price HTTP/1.1" 404 -
66.249.76.3 - - [19/Jul/2024:05:50:09 +0200] "GET /ticket2/opencms/system/modules/com.gridnine.opencms.ticketbrokerage.site/resources/js/jquery.placeholder.min.js HTTP/1.1" 200 1737
216.218.206.77 - - [19/Jul/2024:05:50:12 +0200] "GET /favicon.ico HTTP/1.1" 404 -
54.38.85.37 - - [19/Jul/2024:05:50:16 +0200] "GET /ticket2/opencms/se/en/buy/?page=1&edid=80CD54A8-8D66-74B3-86DD-1F8C811A44BC&sortorder=asc&column=price HTTP/1.1" 404 -
47.128.27.49 - - [19/Jul/2024:05:50:18 +0200] "GET /ticket2/opencms/nl/buy/?comcatid=A17713B6-D984-201A-4143-ED4DB5ED5C2E&catid=7BADFFFB-57C5-5DBC-E7EB-B45075B3D8F9 HTTP/1.1" 200 80628
47.128.27.49 - - [19/Jul/2024:05:50:18 +0200] "GET /ticket2/opencms/system/modules/com.gridnine.opencms.ticketbrokerage.site/resources/pics/logo-new.png HTTP/1.1" 200 13541
47.128.27.49 - - [19/Jul/2024:05:50:19 +0200] "GET /ticket2/opencms/system/modules/com.gridnine.opencms.ticketbrokerage.site/resources/pics/footer-img.png HTTP/1.1" 200 10350
47.128.17.208 - - [19/Jul/2024:05:50:20 +0200] "GET /ticket2/opencms/en/buy/?edid=CCEFC4C2-ED9A-19C6-C9B8-FD929DA2F74D HTTP/1.1" 200 70903
47.128.17.208 - - [19/Jul/2024:05:50:20 +0200] "GET /ticket2/opencms/system/modules/com.gridnine.opencms.ticketbrokerage.site/resources/pics/logo-new.png HTTP/1.1" 200 13541
47.128.17.208 - - [19/Jul/2024:05:50:21 +0200] "GET /ticket2/opencms/system/modules/com.gridnine.opencms.ticketbrokerage.site/resources/pics/footer-img.png HTTP/1.1" 200 10350
213.199.41.116 - - [19/Jul/2024:05:50:23 +0200] "GET /ticket2/opencms/en/login/?edid=827A5570-CFC8-F898-8F2F-EDB01BF89EB0 HTTP/1.1" 200 72802
54.38.85.37 - - [19/Jul/2024:05:50:24 +0200] "GET /ticket2/opencms/se/en/buy/?page=1&edid=80CD54A8-8D66-74B3-86DD-1F8C811A44BC&sortorder=asc&column=row HTTP/1.1" 404 -
194.163.141.13 - - [19/Jul/2024:05:50:25 +0200] "GET /ticket2/opencms/en/buy/?page=1&edid=BE9CA68E-D1F6-580A-8D99-091E3AAAFFEC&sortorder=asc&column=price HTTP/1.1" 200 86356
94.74.82.224 - - [19/Jul/2024:05:50:30 +0200] "GET /ticket2/opencms/en/sport/football-tickets/serie_a/monza/ HTTP/1.1" 200 72513
54.38.85.37 - - [19/Jul/2024:05:50:33 +0200] "GET /ticket2/opencms/se/en/buy/?page=1&edid=80CD54A8-8D66-74B3-86DD-1F8C811A44BC&sortorder=asc&column=section HTTP/1.1" 404 -
54.38.85.37 - - [19/Jul/2024:05:50:41 +0200] "GET /ticket2/opencms/se/en/buy/?page=1&edid=80EE9861-CE07-B7DE-A3DB-A6E5C8995BA8&sortorder=asc&column=price HTTP/1.1" 404 -
47.128.55.55 - - [19/Jul/2024:05:50:44 +0200] "GET /ticket2/opencms/nl/buy/?catid=D8B345C9-F7A5-E620-4B43-C34EB0D6885B&comcatid=A17713B6-D984-201A-4143-ED4DB5ED5C2E HTTP/1.1" 200 214346
216.218.206.69 - - [19/Jul/2024:05:50:45 +0200] "GET /?format=json HTTP/1.1" 404 -
47.128.55.55 - - [19/Jul/2024:05:50:45 +0200] "GET /ticket2/opencms/system/modules/com.gridnine.opencms.ticketbrokerage.site/resources/pics/logo-new.png HTTP/1.1" 200 13541
47.128.55.55 - - [19/Jul/2024:05:50:45 +0200] "GET /ticket2/opencms/system/modules/com.gridnine.opencms.ticketbrokerage.site/resources/pics/footer-img.png HTTP/1.1" 200 10350
66.249.79.233 - - [19/Jul/2024:05:50:50 +0200] "GET /ticket2/opencms/de/buy?page=1&edid=070182EB-30EF-F34B-AE41-C4B61E82D2C9 HTTP/1.1" 200 100618
114.119.136.185 - - [19/Jul/2024:05:50:54 +0200] "GET /ticket2/opencms/en/buy/?page=6&comcatid=A17713B6-D984-201A-4143-ED4DB5ED5C2E&catid=7EF04817-972D-18B1-F941-DE800D088075&eventid=18B8DA5D-B558-D3C3-D79D-F2764A2E5EB8 HTTP/1.1" 200 81589
54.38.85.37 - - [19/Jul/2024:05:50:56 +0200] "GET /ticket2/opencms/se/en/buy/?page=1&edid=80EE9861-CE07-B7DE-A3DB-A6E5C8995BA8&sortorder=asc&column=section HTTP/1.1" 404 -
52.167.144.173 - - [19/Jul/2024:05:50:59 +0200] "GET /ticket2/opencms/tb/opencms/en/archive/events/mamma_mia_/2007_05_24_19_30/ HTTP/1.1" 404 -
213.199.41.116 - - [19/Jul/2024:05:51:01 +0200] "GET /ticket2/opencms/en/login/?edid=85266D8D-1EC2-A49C-0CF0-9DD81BE5F4FA HTTP/1.1" 200 72802
54.38.85.37 - - [19/Jul/2024:05:51:04 +0200] "GET /ticket2/opencms/se/en/buy/?page=1&edid=80EE9861-CE07-B7DE-A3DB-A6E5C8995BA8&sortorder=desc&column=row HTTP/1.1" 404 -
47.128.126.80 - - [19/Jul/2024:05:51:10 +0200] "GET /ticket2/opencms/fi/buy/?page=1&edid=7E0CE59A-F22E-9FBB-1FD3-8B411A5307E8 HTTP/1.1" 200 86365
216.218.206.105 - - [19/Jul/2024:05:51:10 +0200] "CONNECT www.shadowserver.org:443 HTTP/1.1" 400 -
47.128.27.85 - - [19/Jul/2024:05:51:10 +0200] "GET /ticket2/opencms/sv/buy/?catid=D8B345C9-F7A5-E620-4B43-C34EB0D6885B&comcatid=A17713B6-D984-201A-4143-ED4DB5ED5C2E&eventid=473D0D80-318B-9AEF-7923-42B4F01AAAE6&page=6 HTTP/1.1" 200 100678
47.128.126.80 - - [19/Jul/2024:05:51:10 +0200] "GET /ticket2/opencms/system/modules/com.gridnine.opencms.ticketbrokerage.site/resources/pics/logo-new.png HTTP/1.1" 200 13541
47.128.126.80 - - [19/Jul/2024:05:51:11 +0200] "GET /ticket2/opencms/system/modules/com.gridnine.opencms.ticketbrokerage.site/resources/pics/default-stadium.png HTTP/1.1" 200 47580
47.128.27.85 - - [19/Jul/2024:05:51:11 +0200] "GET /ticket2/opencms/system/modules/com.gridnine.opencms.ticketbrokerage.site/resources/pics/logo-new.png HTTP/1.1" 200 13541
114.119.155.23 - - [19/Jul/2024:05:51:11 +0200] "GET /ticket2/opencms/en/sport/football-tickets/bundesliga/ HTTP/1.1" 200 77022
47.128.126.80 - - [19/Jul/2024:05:51:11 +0200] "GET /ticket2/opencms/system/modules/com.gridnine.opencms.ticketbrokerage.site/resources/pics/footer-img.png HTTP/1.1" 200 10350
47.128.126.80 - - [19/Jul/2024:05:51:11 +0200] "GET /ticket2/opencms/system/modules/com.gridnine.opencms.ticketbrokerage.site/resources/pics/two_man.png HTTP/1.1" 200 3407
47.128.27.85 - - [19/Jul/2024:05:51:11 +0200] "GET /ticket2/opencms/system/modules/com.gridnine.opencms.ticketbrokerage.site/resources/pics/footer-img.png HTTP/1.1" 200 10350
47.128.126.80 - - [19/Jul/2024:05:51:12 +0200] "GET /ticket2/opencms/fi/ask-form.html HTTP/1.1" 200 3012
27.125.250.89 - - [19/Jul/2024:05:51:12 +0200] "GET /ticket2/opencms/ HTTP/1.1" 302 -
54.38.85.37 - - [19/Jul/2024:05:51:13 +0200] "GET /ticket2/opencms/se/en/buy/?page=1&edid=80EE9861-CE07-B7DE-A3DB-A6E5C8995BA8&sortorder=desc&column=section HTTP/1.1" 404 -
27.125.250.89 - - [19/Jul/2024:05:51:15 +0200] "GET /ticket2/opencms/en/ HTTP/1.1" 200 94039
194.163.141.13 - - [19/Jul/2024:05:51:15 +0200] "GET /ticket2/opencms/en/buy/?page=1&edid=C76A9772-92FF-7A40-AA24-5508D12B7DDD&sortorder=desc&column=section HTTP/1.1" 200 87245
27.125.250.89 - - [19/Jul/2024:05:51:16 +0200] "GET /ticket2/opencms/system/modules/com.gridnine.opencms.ticketbrokerage.site/resources/js/jquery/jquery.js HTTP/1.1" 200 93868
27.125.250.89 - - [19/Jul/2024:05:51:16 +0200] "GET /ticket2/opencms/system/modules/com.gridnine.opencms.ticketbrokerage.site/resources/css/calendar.css HTTP/1.1" 200 6871
27.125.250.89 - - [19/Jul/2024:05:51:16 +0200] "GET /ticket2/opencms/system/modules/com.gridnine.opencms.ticketbrokerage.site/resources/js/jquery/jquery-ui.js HTTP/1.1" 200 228088
27.125.250.89 - - [19/Jul/2024:05:51:16 +0200] "GET /ticket2/opencms/system/modules/com.gridnine.opencms.ticketbrokerage.site/resources/css/jquery.fancybox.css HTTP/1.1" 200 4939
27.125.250.89 - - [19/Jul/2024:05:51:16 +0200] "GET /ticket2/opencms/system/modules/com.gridnine.opencms.ticketbrokerage.site/resources/css/ticketbrokerage.css HTTP/1.1" 200 39339
27.125.250.89 - - [19/Jul/2024:05:51:16 +0200] "GET /ticket2/opencms/system/modules/com.gridnine.opencms.ticketbrokerage.site/resources/css/jquery-ui.css HTTP/1.1" 200 33221
27.125.250.89 - - [19/Jul/2024:05:51:16 +0200] "GET /ticket2/opencms/system/modules/com.gridnine.opencms.ticketbrokerage.site/resources/js/functions.js HTTP/1.1" 200 1583
27.125.250.89 - - [19/Jul/2024:05:51:17 +0200] "GET /ticket2/opencms/system/modules/com.gridnine.opencms.ticketbrokerage.site/resources/js/calendar.js HTTP/1.1" 200 49229
27.125.250.89 - - [19/Jul/2024:05:51:17 +0200] "GET /ticket2/opencms/system/modules/com.gridnine.opencms.ticketbrokerage.site/resources/js/calendar-en.js HTTP/1.1" 200 3338
27.125.250.89 - - [19/Jul/2024:05:51:17 +0200] "GET /ticket2/opencms/system/modules/com.gridnine.opencms.ticketbrokerage.site/resources/js/calendar-setup.js HTTP/1.1" 200 4923
27.125.250.89 - - [19/Jul/2024:05:51:17 +0200] "GET /ticket2/opencms/system/modules/com.gridnine.opencms.ticketbrokerage.site/resources/js/jquery.fancybox.pack.js HTTP/1.1" 200 23187
27.125.250.89 - - [19/Jul/2024:05:51:17 +0200] "GET /ticket2/opencms/system/modules/com.gridnine.opencms.ticketbrokerage.site/resources/js/stickyfill.min.js HTTP/1.1" 200 5672
27.125.250.89 - - [19/Jul/2024:05:51:17 +0200] "GET /ticket2/opencms/system/modules/com.gridnine.opencms.ticketbrokerage.site/resources/js/standard.js HTTP/1.1" 200 3978
27.125.250.89 - - [19/Jul/2024:05:51:17 +0200] "GET /ticket2/opencms/system/modules/com.gridnine.opencms.ticketbrokerage.site/resources/css/standard.css HTTP/1.1" 200 72814
27.125.250.89 - - [19/Jul/2024:05:51:17 +0200] "GET /ticket2/opencms/system/modules/com.gridnine.opencms.ticketbrokerage.site/resources/js/jquery.placeholder.min.js HTTP/1.1" 200 1737
27.125.250.89 - - [19/Jul/2024:05:51:17 +0200] "GET /ticket2/opencms/system/modules/com.gridnine.opencms.ticketbrokerage.site/resources/js/common-ajax.js HTTP/1.1" 200 20175
27.125.250.89 - - [19/Jul/2024:05:51:17 +0200] "GET /ticket2/opencms/system/modules/com.gridnine.opencms.ticketbrokerage.site/resources/pics/logo-new.png HTTP/1.1" 200 13541
27.125.250.89 - - [19/Jul/2024:05:51:17 +0200] "GET /ticket2/opencms/img/icons/globe-white.png HTTP/1.1" 200 947
27.125.250.89 - - [19/Jul/2024:05:51:17 +0200] "GET /ticket2/opencms/img/insta.png HTTP/1.1" 200 3967
27.125.250.89 - - [19/Jul/2024:05:51:17 +0200] "GET /ticket2/opencms/img/fb.png HTTP/1.1" 200 1269
27.125.250.89 - - [19/Jul/2024:05:51:18 +0200] "GET /ticket2/opencms/system/modules/com.gridnine.opencms.ticketbrokerage.site/resources/pics/footer-img.png HTTP/1.1" 200 10350
27.125.250.89 - - [19/Jul/2024:05:51:18 +0200] "GET /ticket2/opencms/img/banner-pl.jpeg HTTP/1.1" 200 41818
27.125.250.89 - - [19/Jul/2024:05:51:18 +0200] "GET /ticket2/opencms/img/check.png HTTP/1.1" 200 548
47.128.96.0 - - [19/Jul/2024:05:51:18 +0200] "GET /ticket2/opencms/dk/buy/?edid=8302A2CB-D3FF-EC40-FAFE-E99E29DF82E1 HTTP/1.1" 200 71437
27.125.250.89 - - [19/Jul/2024:05:51:18 +0200] "GET /ticket2/opencms/img/mail.png HTTP/1.1" 200 403
27.125.250.89 - - [19/Jul/2024:05:51:18 +0200] "GET /ticket2/opencms/img/icons/se.png HTTP/1.1" 200 1258
27.125.250.89 - - [19/Jul/2024:05:51:18 +0200] "GET /ticket2/opencms/img/chat.png HTTP/1.1" 200 416
27.125.250.89 - - [19/Jul/2024:05:51:18 +0200] "GET /ticket2/opencms/img/arrow.png HTTP/1.1" 200 753
47.128.96.0 - - [19/Jul/2024:05:51:18 +0200] "GET /ticket2/opencms/system/modules/com.gridnine.opencms.ticketbrokerage.site/resources/pics/logo-new.png HTTP/1.1" 200 13541
27.125.250.89 - - [19/Jul/2024:05:51:18 +0200] "GET /ticket2/opencms/img/icons/no.png HTTP/1.1" 200 1958
27.125.250.89 - - [19/Jul/2024:05:51:19 +0200] "GET /ticket2/opencms/img/icons/dk.png HTTP/1.1" 200 1706
27.125.250.89 - - [19/Jul/2024:05:51:19 +0200] "GET /ticket2/opencms/img/icons/es.png HTTP/1.1" 200 1005
27.125.250.89 - - [19/Jul/2024:05:51:19 +0200] "GET /ticket2/opencms/img/icons/it.png HTTP/1.1" 200 2040
47.128.96.0 - - [19/Jul/2024:05:51:19 +0200] "GET /ticket2/opencms/system/modules/com.gridnine.opencms.ticketbrokerage.site/resources/pics/footer-img.png HTTP/1.1" 200 10350
27.125.250.89 - - [19/Jul/2024:05:51:19 +0200] "GET /ticket2/opencms/img/icons/en.png HTTP/1.1" 200 2415
27.125.250.89 - - [19/Jul/2024:05:51:19 +0200] "GET /ticket2/opencms/img/banner-ll.jpeg HTTP/1.1" 200 41825
27.125.250.89 - - [19/Jul/2024:05:51:19 +0200] "GET /ticket2/opencms/img/banner-sa.jpeg HTTP/1.1" 200 41270
27.125.250.89 - - [19/Jul/2024:05:51:19 +0200] "GET /ticket2/opencms/img/icons/fi.png HTTP/1.1" 200 1785
27.125.250.89 - - [19/Jul/2024:05:51:20 +0200] "GET /ticket2/opencms/img/icons/nl.png HTTP/1.1" 200 1255
27.125.250.89 - - [19/Jul/2024:05:51:20 +0200] "GET /ticket2/opencms/img/icons/fr.png HTTP/1.1" 200 1764
27.125.250.89 - - [19/Jul/2024:05:51:20 +0200] "GET /ticket2/opencms/img/icons/de.png HTTP/1.1" 200 1124
27.125.250.89 - - [19/Jul/2024:05:51:21 +0200] "GET /ticket2/opencms/system/modules/com.gridnine.opencms.ticketbrokerage.site/resources/js/standard.js HTTP/1.1" 200 3978
27.125.250.89 - - [19/Jul/2024:05:51:21 +0200] "GET /ticket2/opencms/favicon.ico HTTP/1.1" 200 1406
27.125.250.89 - - [19/Jul/2024:05:51:22 +0200] "GET /ticket2/opencms/system/modules/com.gridnine.opencms.ticketbrokerage.site/resources/css/images/ui-bg_flat_75_ffffff_40x100.png HTTP/1.1" 404 -
54.38.85.37 - - [19/Jul/2024:05:51:22 +0200] "GET /ticket2/opencms/se/en/buy/?page=1&edid=80F72DA3-C236-6F07-B2C3-94AC6FDC141B&sortorder=asc&column=row HTTP/1.1" 404 -
37.60.249.191 - - [19/Jul/2024:05:51:30 +0200] "GET /ticket2/opencms/dk/en/sell/?edid=C0DADECE-3739-FBB2-2554-F9E21C47A21A HTTP/1.1" 404 -
27.125.250.89 - - [19/Jul/2024:05:51:32 +0200] "GET /ticket2/opencms/en/ HTTP/1.1" 200 94039
27.125.250.89 - - [19/Jul/2024:05:51:32 +0200] "GET /ticket2/opencms/system/modules/com.gridnine.opencms.ticketbrokerage.site/resources/css/ticketbrokerage.css HTTP/1.1" 200 39339
54.38.85.37 - - [19/Jul/2024:05:51:32 +0200] "GET /ticket2/opencms/se/en/buy/?page=1&edid=82126C57-17A8-5DFA-CA0B-F524096F6163&sortorder=asc&column=row HTTP/1.1" 404 -
27.125.250.89 - - [19/Jul/2024:05:51:32 +0200] "GET /ticket2/opencms/system/modules/com.gridnine.opencms.ticketbrokerage.site/resources/js/calendar.js HTTP/1.1" 200 49229
27.125.250.89 - - [19/Jul/2024:05:51:32 +0200] "GET /ticket2/opencms/system/modules/com.gridnine.opencms.ticketbrokerage.site/resources/js/calendar-setup.js HTTP/1.1" 200 4923
27.125.250.89 - - [19/Jul/2024:05:51:32 +0200] "GET /ticket2/opencms/system/modules/com.gridnine.opencms.ticketbrokerage.site/resources/css/standard.css HTTP/1.1" 200 72814
27.125.250.89 - - [19/Jul/2024:05:51:32 +0200] "GET /ticket2/opencms/system/modules/com.gridnine.opencms.ticketbrokerage.site/resources/js/standard.js HTTP/1.1" 200 3978
27.125.250.89 - - [19/Jul/2024:05:51:33 +0200] "GET /ticket2/opencms/system/modules/com.gridnine.opencms.ticketbrokerage.site/resources/js/calendar-en.js HTTP/1.1" 200 3338
27.125.250.89 - - [19/Jul/2024:05:51:33 +0200] "GET /ticket2/opencms/system/modules/com.gridnine.opencms.ticketbrokerage.site/resources/js/functions.js HTTP/1.1" 200 1583
27.125.250.89 - - [19/Jul/2024:05:51:33 +0200] "GET /ticket2/opencms/system/modules/com.gridnine.opencms.ticketbrokerage.site/resources/css/calendar.css HTTP/1.1" 200 6871
27.125.250.89 - - [19/Jul/2024:05:51:33 +0200] "GET /ticket2/opencms/system/modules/com.gridnine.opencms.ticketbrokerage.site/resources/js/standard.js HTTP/1.1" 200 3978
27.125.250.89 - - [19/Jul/2024:05:51:34 +0200] "GET /ticket2/opencms/system/modules/com.gridnine.opencms.ticketbrokerage.site/resources/css/images/ui-bg_flat_75_ffffff_40x100.png HTTP/1.1" 404 -
47.128.17.197 - - [19/Jul/2024:05:51:36 +0200] "GET /ticket2/opencms/fi/ HTTP/1.1" 200 95653
47.128.17.197 - - [19/Jul/2024:05:51:36 +0200] "GET /ticket2/opencms/system/modules/com.gridnine.opencms.ticketbrokerage.site/resources/pics/logo-new.png HTTP/1.1" 200 13541
47.128.17.197 - - [19/Jul/2024:05:51:37 +0200] "GET /ticket2/opencms/system/modules/com.gridnine.opencms.ticketbrokerage.site/resources/pics/footer-img.png HTTP/1.1" 200 10350
54.38.85.37 - - [19/Jul/2024:05:51:41 +0200] "GET /ticket2/opencms/se/en/buy/?page=1&edid=82126C57-17A8-5DFA-CA0B-F524096F6163&sortorder=asc&column=section HTTP/1.1" 404 -
216.218.206.105 - - [19/Jul/2024:05:51:42 +0200] "GET /geoserver/web/ HTTP/1.1" 404 -
54.38.85.37 - - [19/Jul/2024:05:51:49 +0200] "GET /ticket2/opencms/se/en/buy/?page=1&edid=822B676A-490F-AE0C-4C60-AE451F58A5CC HTTP/1.1" 404 -
194.163.141.13 - - [19/Jul/2024:05:51:51 +0200] "GET /ticket2/opencms/en/buy/?page=1&edid=C7A908BA-52B4-55D7-51BC-ECC23C953FBD&sortorder=desc&column=row HTTP/1.1" 200 87897
27.125.250.89 - - [19/Jul/2024:05:51:54 +0200] "GET /ticket2/opencms/en HTTP/1.1" 200 94039
27.125.250.89 - - [19/Jul/2024:05:51:54 +0200] "GET /ticket2/opencms/system/modules/com.gridnine.opencms.ticketbrokerage.site/resources/css/ticketbrokerage.css HTTP/1.1" 200 39339
27.125.250.89 - - [19/Jul/2024:05:51:55 +0200] "GET /ticket2/opencms/system/modules/com.gridnine.opencms.ticketbrokerage.site/resources/js/functions.js HTTP/1.1" 200 1583
27.125.250.89 - - [19/Jul/2024:05:51:55 +0200] "GET /ticket2/opencms/system/modules/com.gridnine.opencms.ticketbrokerage.site/resources/js/calendar-en.js HTTP/1.1" 200 3338
27.125.250.89 - - [19/Jul/2024:05:51:55 +0200] "GET /ticket2/opencms/system/modules/com.gridnine.opencms.ticketbrokerage.site/resources/js/calendar-setup.js HTTP/1.1" 200 4923
27.125.250.89 - - [19/Jul/2024:05:51:55 +0200] "GET /ticket2/opencms/system/modules/com.gridnine.opencms.ticketbrokerage.site/resources/js/standard.js HTTP/1.1" 200 3978
27.125.250.89 - - [19/Jul/2024:05:51:55 +0200] "GET /ticket2/opencms/system/modules/com.gridnine.opencms.ticketbrokerage.site/resources/css/calendar.css HTTP/1.1" 200 6871
27.125.250.89 - - [19/Jul/2024:05:51:55 +0200] "GET /ticket2/opencms/system/modules/com.gridnine.opencms.ticketbrokerage.site/resources/css/standard.css HTTP/1.1" 200 72814
27.125.250.89 - - [19/Jul/2024:05:51:55 +0200] "GET /ticket2/opencms/system/modules/com.gridnine.opencms.ticketbrokerage.site/resources/js/calendar.js HTTP/1.1" 200 49229
27.125.250.89 - - [19/Jul/2024:05:51:56 +0200] "GET /ticket2/opencms/system/modules/com.gridnine.opencms.ticketbrokerage.site/resources/js/standard.js HTTP/1.1" 200 3978
216.244.66.196 - - [19/Jul/2024:05:51:57 +0200] "GET /ticket2/opencms/en/sell?edid=54FC36CF-650E-0DD5-1BB3-E49EF32EDF7E HTTP/1.1" 302 -
54.38.85.37 - - [19/Jul/2024:05:51:58 +0200] "GET /ticket2/opencms/se/en/buy/?page=1&edid=8273D7DB-9E15-41C7-63BD-862F12528A78 HTTP/1.1" 404 -
47.128.31.220 - - [19/Jul/2024:05:52:03 +0200] "GET /ticket2/opencms/fr/sport/billets-football/la_liga/barcelona/ HTTP/1.1" 200 86406
47.128.31.220 - - [19/Jul/2024:05:52:03 +0200] "GET /ticket2/opencms/system/modules/com.gridnine.opencms.ticketbrokerage.site/resources/pics/logo-new.png HTTP/1.1" 200 13541
47.128.31.220 - - [19/Jul/2024:05:52:04 +0200] "GET /ticket2/opencms/system/modules/com.gridnine.opencms.ticketbrokerage.site/resources/pics/footer-img.png HTTP/1.1" 200 10350
54.38.85.37 - - [19/Jul/2024:05:52:07 +0200] "GET /ticket2/opencms/se/en/buy/?page=1&edid=8273D7DB-9E15-41C7-63BD-862F12528A78&sortorder=asc&column=row HTTP/1.1" 404 -
54.38.85.37 - - [19/Jul/2024:05:52:15 +0200] "GET /ticket2/opencms/se/en/buy/?page=1&edid=82937260-47EB-F88B-2B1C-A690B2A42395 HTTP/1.1" 404 -
114.119.145.88 - - [19/Jul/2024:05:52:19 +0200] "GET /ticket2/opencms/en/venue/?venueid=9E11657F-4DEC-23FB-7EA0-FBC7E33C2918 HTTP/1.1" 200 70697
194.163.141.13 - - [19/Jul/2024:05:52:19 +0200] "GET /ticket2/opencms/en/buy/?page=1&edid=CEA5A2C6-1232-CC98-D878-1CA7BFA99E8A&sortorder=asc&column=row HTTP/1.1" 200 85067
66.249.76.168 - - [19/Jul/2024:05:52:21 +0200] "GET /ticket2/opencms/fi/venue/?venueid=D60D6CCF-C522-9251-DD37-F7D629607D55 HTTP/1.1" 200 72301
27.125.250.89 - - [19/Jul/2024:05:52:22 +0200] "GET /ticket2/opencms/ HTTP/1.1" 302 -
27.125.250.89 - - [19/Jul/2024:05:52:22 +0200] "GET /ticket2/opencms/en/ HTTP/1.1" 200 94039
27.125.250.89 - - [19/Jul/2024:05:52:23 +0200] "GET /ticket2/opencms/system/modules/com.gridnine.opencms.ticketbrokerage.site/resources/js/calendar-setup.js HTTP/1.1" 200 4923
54.38.85.37 - - [19/Jul/2024:05:52:23 +0200] "GET /ticket2/opencms/se/en/buy/?page=1&edid=82937260-47EB-F88B-2B1C-A690B2A42395&sortorder=asc&column=price HTTP/1.1" 404 -
27.125.250.89 - - [19/Jul/2024:05:52:23 +0200] "GET /ticket2/opencms/system/modules/com.gridnine.opencms.ticketbrokerage.site/resources/js/calendar-en.js HTTP/1.1" 200 3338
27.125.250.89 - - [19/Jul/2024:05:52:23 +0200] "GET /ticket2/opencms/system/modules/com.gridnine.opencms.ticketbrokerage.site/resources/js/standard.js HTTP/1.1" 200 3978
27.125.250.89 - - [19/Jul/2024:05:52:23 +0200] "GET /ticket2/opencms/system/modules/com.gridnine.opencms.ticketbrokerage.site/resources/css/standard.css HTTP/1.1" 200 72814
27.125.250.89 - - [19/Jul/2024:05:52:23 +0200] "GET /ticket2/opencms/system/modules/com.gridnine.opencms.ticketbrokerage.site/resources/js/calendar.js HTTP/1.1" 200 49229
27.125.250.89 - - [19/Jul/2024:05:52:23 +0200] "GET /ticket2/opencms/system/modules/com.gridnine.opencms.ticketbrokerage.site/resources/css/ticketbrokerage.css HTTP/1.1" 200 39339
27.125.250.89 - - [19/Jul/2024:05:52:23 +0200] "GET /ticket2/opencms/system/modules/com.gridnine.opencms.ticketbrokerage.site/resources/js/functions.js HTTP/1.1" 200 1583
27.125.250.89 - - [19/Jul/2024:05:52:23 +0200] "GET /ticket2/opencms/system/modules/com.gridnine.opencms.ticketbrokerage.site/resources/css/calendar.css HTTP/1.1" 200 6871
27.125.250.89 - - [19/Jul/2024:05:52:25 +0200] "GET /ticket2/opencms/system/modules/com.gridnine.opencms.ticketbrokerage.site/resources/js/standard.js HTTP/1.1" 200 3978
27.125.250.89 - - [19/Jul/2024:05:52:27 +0200] "GET /ticket2/opencms/system/modules/com.gridnine.opencms.ticketbrokerage.site/resources/css/images/ui-bg_flat_75_ffffff_40x100.png HTTP/1.1" 404 -
66.249.79.36 - - [19/Jul/2024:05:52:28 +0200] "GET /ticket2/opencms/system/modules/com.gridnine.opencms.ticketbrokerage.site/resources/js/standard.js HTTP/1.1" 200 3978
54.38.85.37 - - [19/Jul/2024:05:52:32 +0200] "GET /ticket2/opencms/se/en/buy/?page=1&edid=832E26C7-58DC-797E-B152-D41480D9FAEE&sortorder=desc&column=section HTTP/1.1" 404 -
54.38.85.37 - - [19/Jul/2024:05:52:40 +0200] "GET /ticket2/opencms/se/en/buy/?page=1&edid=834142AB-3163-DB9B-0B08-B99C16F02C56 HTTP/1.1" 404 -
63.143.42.252 - - [19/Jul/2024:05:52:41 +0200] "HEAD /ticket2/opencms/ HTTP/1.1" 302 -
63.143.42.252 - - [19/Jul/2024:05:52:42 +0200] "HEAD /ticket2/opencms/en/ HTTP/1.1" 200 -
194.163.141.13 - - [19/Jul/2024:05:52:49 +0200] "GET /ticket2/opencms/en/buy/?page=1&edid=CF602CBD-B9B1-E192-55D1-59F7026D6155&sortorder=asc&column=price HTTP/1.1" 200 86332
54.38.85.37 - - [19/Jul/2024:05:52:50 +0200] "GET /ticket2/opencms/se/en/buy/?page=1&edid=853A72CA-C5B1-27AC-5EAD-D5AC437BBAA9&sortorder=asc&column=price HTTP/1.1" 404 -
72.14.199.231 - - [19/Jul/2024:05:52:52 +0200] "GET /ticket2/opencms/system/modules/com.gridnine.opencms.ticketbrokerage.site/resources/pics/banners/sv/premier_league_sv.png HTTP/1.1" 200 13518
114.119.159.6 - - [19/Jul/2024:05:52:53 +0200] "GET /ticket2/opencms/en/sell/?edid=8839DE43-02D6-1964-9569-34CA7978C5BC HTTP/1.1" 302 -
114.119.159.6 - - [19/Jul/2024:05:52:57 +0200] "GET /ticket2/opencms/en/login/?url=/en/sell/ HTTP/1.1" 200 72802
54.38.85.37 - - [19/Jul/2024:05:53:01 +0200] "GET /ticket2/opencms/se/en/buy/?page=1&edid=853A72CA-C5B1-27AC-5EAD-D5AC437BBAA9&sortorder=asc&column=row HTTP/1.1" 404 -
66.249.79.74 - - [19/Jul/2024:05:53:05 +0200] "GET /ticket2/opencms/sv/buy/?page=1&edid=A63CB229-A1A5-6049-4462-09D8A2D4CF7F HTTP/1.1" 200 93964
54.38.85.37 - - [19/Jul/2024:05:53:10 +0200] "GET /ticket2/opencms/se/en/buy/?page=1&edid=853A72CA-C5B1-27AC-5EAD-D5AC437BBAA9&sortorder=asc&column=section HTTP/1.1" 404 -
54.38.85.37 - - [19/Jul/2024:05:53:18 +0200] "GET /ticket2/opencms/se/en/buy/?page=1&edid=87497CA6-295B-D52F-8AEC-C521C7A29E6A HTTP/1.1" 404 -
194.163.141.13 - - [19/Jul/2024:05:53:23 +0200] "GET /ticket2/opencms/en/buy/?page=1&edid=D1432DC5-8C12-57F3-7E74-A2642DC12ED3&sortorder=desc&column=price HTTP/1.1" 200 87427
54.38.85.37 - - [19/Jul/2024:05:53:32 +0200] "GET /ticket2/opencms/se/en/buy/?page=1&edid=883D5D36-7669-3BE5-E7C2-7115E038218A&sortorder=asc&column=row HTTP/1.1" 404 -
114.119.133.35 - - [19/Jul/2024:05:53:33 +0200] "GET /ticket2/opencms/en/venue/?venueid=74E93720-C3FA-2F30-0F46-87134F9A6B90 HTTP/1.1" 200 70700
72.14.199.231 - - [19/Jul/2024:05:53:35 +0200] "GET /ticket2/opencms/system/modules/com.gridnine.opencms.ticketbrokerage.site/resources/css/images/ui-bg_flat_75_ffffff_40x100.png HTTP/1.1" 404 -
47.128.45.33 - - [19/Jul/2024:05:53:35 +0200] "GET /ticket2/opencms/es/buy/?edid=16F89E14-C93B-5426-9D05-8B8B52774D6F HTTP/1.1" 200 72706
47.128.45.33 - - [19/Jul/2024:05:53:36 +0200] "GET /ticket2/opencms/system/modules/com.gridnine.opencms.ticketbrokerage.site/resources/js/calendar-en.js HTTP/1.1" 200 3338
47.128.45.33 - - [19/Jul/2024:05:53:36 +0200] "GET /ticket2/opencms/system/modules/com.gridnine.opencms.ticketbrokerage.site/resources/pics/logo-new.png HTTP/1.1" 200 13541
47.128.45.33 - - [19/Jul/2024:05:53:37 +0200] "GET /ticket2/opencms/system/modules/com.gridnine.opencms.ticketbrokerage.site/resources/pics/footer-img.png HTTP/1.1" 200 10350
54.38.85.37 - - [19/Jul/2024:05:53:40 +0200] "GET /ticket2/opencms/se/en/buy/?page=1&edid=883D5D36-7669-3BE5-E7C2-7115E038218A&sortorder=asc&column=section HTTP/1.1" 404 -
54.38.85.37 - - [19/Jul/2024:05:53:49 +0200] "GET /ticket2/opencms/se/en/buy/?page=1&edid=88846CDD-90BD-3C14-8B7F-E56B7CEB33C4&sortorder=desc&column=section HTTP/1.1" 404 -
194.163.141.13 - - [19/Jul/2024:05:53:54 +0200] "GET /ticket2/opencms/en/buy/?page=1&edid=D1EF0F6B-A1D9-3144-2C8D-BD026F6FEB3F&sortorder=desc&column=price HTTP/1.1" 200 87893
37.60.249.191 - - [19/Jul/2024:05:53:56 +0200] "GET /ticket2/opencms/dk/en/sell/?edid=C41D0CB8-78F6-C32D-38E3-A50BAF37514F HTTP/1.1" 404 -
54.38.85.37 - - [19/Jul/2024:05:53:57 +0200] "GET /ticket2/opencms/se/en/buy/?page=1&edid=892356ED-55B7-785D-1333-2729A9F26EDA HTTP/1.1" 404 -
66.249.79.233 - - [19/Jul/2024:05:53:59 +0200] "GET /ticket2/opencms/fr/ HTTP/1.1" 200 95131
54.38.85.37 - - [19/Jul/2024:05:54:05 +0200] "GET /ticket2/opencms/se/en/buy/?page=1&edid=8966FE65-DD89-AF49-60AF-333D24F62C80 HTTP/1.1" 404 -
54.38.85.37 - - [19/Jul/2024:05:54:13 +0200] "GET /ticket2/opencms/se/en/buy/?page=1&edid=8ABC9B5C-8205-5074-5868-5C5E5D741195 HTTP/1.1" 404 -
77.75.78.170 - - [19/Jul/2024:05:54:22 +0200] "GET /ticket2/opencms/en/ HTTP/1.1" 200 94039
54.38.85.37 - - [19/Jul/2024:05:54:22 +0200] "GET /ticket2/opencms/se/en/buy/?page=1&edid=8AFE55BD-7AA2-1574-35EE-EA6F1BC5B990&sortorder=asc&column=price HTTP/1.1" 404 -
194.163.141.13 - - [19/Jul/2024:05:54:24 +0200] "GET /ticket2/opencms/en/buy/?page=1&edid=D482A30D-49FE-CE6C-C3B6-FEA26F20C8BD&sortorder=desc&column=price HTTP/1.1" 200 87735
54.38.85.37 - - [19/Jul/2024:05:54:31 +0200] "GET /ticket2/opencms/se/en/buy/?page=1&edid=8AFE55BD-7AA2-1574-35EE-EA6F1BC5B990&sortorder=asc&column=row HTTP/1.1" 404 -
66.249.79.173 - - [19/Jul/2024:05:54:34 +0200] "GET /ticket2/opencms/sv/buy_safety/ HTTP/1.1" 200 73725
37.123.143.245 - - [19/Jul/2024:05:54:38 +0200] "GET /ticket2/opencms/system/workplace/views/top_foot.jsp?wpFrame=foot HTTP/1.1" 200 1211
37.123.143.245 - - [19/Jul/2024:05:54:38 +0200] "GET /ticket2/opencms/system/workplace/commons/style/workplace.css HTTP/1.1" 200 14209
54.38.85.37 - - [19/Jul/2024:05:54:39 +0200] "GET /ticket2/opencms/se/en/buy/?page=1&edid=8AFE55BD-7AA2-1574-35EE-EA6F1BC5B990&sortorder=asc&column=section HTTP/1.1" 404 -
66.249.79.233 - - [19/Jul/2024:05:54:43 +0200] "GET /ticket2/opencms/sv/magazine HTTP/1.1" 200 112544
72.14.199.232 - - [19/Jul/2024:05:54:47 +0200] "GET /ticket2/opencms/fi/urheilu/jalkapallo/premier_league/ HTTP/1.1" 200 79323
54.38.85.37 - - [19/Jul/2024:05:54:48 +0200] "GET /ticket2/opencms/se/en/buy/?page=1&edid=8B2FCF6C-8D1F-84BF-9D31-AF31288B9A8B HTTP/1.1" 404 -
194.163.141.13 - - [19/Jul/2024:05:54:51 +0200] "GET /ticket2/opencms/en/buy/?page=1&edid=D482A30D-49FE-CE6C-C3B6-FEA26F20C8BD&sortorder=desc&column=row HTTP/1.1" 200 87735
72.14.199.231 - - [19/Jul/2024:05:54:52 +0200] "GET /ticket2/opencms/sv/sport/fotbollsbiljetter/premier_league/ HTTP/1.1" 200 79671
54.38.85.37 - - [19/Jul/2024:05:54:57 +0200] "GET /ticket2/opencms/se/en/buy/?page=1&edid=8BA86FA9-C734-4E24-6C8F-AD29372A2A6B&sortorder=asc&column=row HTTP/1.1" 404 -
37.60.249.191 - - [19/Jul/2024:05:55:00 +0200] "GET /ticket2/opencms/dk/robots.txt HTTP/1.1" 404 -
54.38.85.37 - - [19/Jul/2024:05:55:05 +0200] "GET /ticket2/opencms/se/en/buy/?page=1&edid=8DDA9AB9-8E42-6DCF-067E-CFD465659FAC&sortorder=asc&column=price HTTP/1.1" 404 -
54.38.85.37 - - [19/Jul/2024:05:55:16 +0200] "GET /ticket2/opencms/se/en/buy/?page=1&edid=8DDA9AB9-8E42-6DCF-067E-CFD465659FAC&sortorder=asc&column=row HTTP/1.1" 404 -
194.163.141.13 - - [19/Jul/2024:05:55:19 +0200] "GET /ticket2/opencms/en/buy/?page=1&edid=D482A30D-49FE-CE6C-C3B6-FEA26F20C8BD&sortorder=desc&column=section HTTP/1.1" 200 87735
54.38.85.37 - - [19/Jul/2024:05:55:24 +0200] "GET /ticket2/opencms/se/en/buy/?page=1&edid=8DDA9AB9-8E42-6DCF-067E-CFD465659FAC&sortorder=desc&column=row HTTP/1.1" 404 -
54.38.85.37 - - [19/Jul/2024:05:55:32 +0200] "GET /ticket2/opencms/se/en/buy/?page=1&edid=8E45741C-09A3-AB0F-A8CB-7272720DD591&sortorder=asc&column=price HTTP/1.1" 404 -
66.249.76.1 - - [19/Jul/2024:05:55:38 +0200] "GET /ticket2/opencms/fi/venue/?venueid=C38732EA-BD5E-1623-DC42-554FD22C8388 HTTP/1.1" 200 72274
40.77.167.55 - - [19/Jul/2024:05:55:39 +0200] "GET /ticket2/opencms/fr/magazine/article?title=pays-bas-vs-angleterre-en-demi-finale HTTP/1.1" 200 78098
54.38.85.37 - - [19/Jul/2024:05:55:40 +0200] "GET /ticket2/opencms/se/en/buy/?page=1&edid=8E45741C-09A3-AB0F-A8CB-7272720DD591&sortorder=asc&column=section HTTP/1.1" 404 -
20.240.18.33 - - [19/Jul/2024:05:55:47 +0200] "GET /ticket2/opencms/es/about/ HTTP/1.1" 500 -
54.38.85.37 - - [19/Jul/2024:05:55:48 +0200] "GET /ticket2/opencms/se/en/buy/?page=1&edid=8E45741C-09A3-AB0F-A8CB-7272720DD591&sortorder=desc&column=price HTTP/1.1" 404 -
47.128.111.241 - - [19/Jul/2024:05:55:53 +0200] "GET /ticket2/opencms/fi/buy/?edid=1086B72F-DBD6-9692-F63A-F48C5075D0F2 HTTP/1.1" 200 72632
47.128.111.241 - - [19/Jul/2024:05:55:54 +0200] "GET /ticket2/opencms/system/modules/com.gridnine.opencms.ticketbrokerage.site/resources/pics/logo-new.png HTTP/1.1" 200 13541
47.128.111.241 - - [19/Jul/2024:05:55:55 +0200] "GET /ticket2/opencms/system/modules/com.gridnine.opencms.ticketbrokerage.site/resources/pics/footer-img.png HTTP/1.1" 200 10350
54.38.85.37 - - [19/Jul/2024:05:55:56 +0200] "GET /ticket2/opencms/se/en/buy/?page=1&edid=8EE24D2F-4BF0-A103-6944-36103BCA6278&sortorder=desc&column=section HTTP/1.1" 404 -
194.163.141.13 - - [19/Jul/2024:05:55:59 +0200] "GET /ticket2/opencms/en/buy/?page=1&edid=D5E9A801-4597-FB68-95D5-A4CE1BC9C0D9&sortorder=desc&column=row HTTP/1.1" 200 87211
66.249.79.173 - - [19/Jul/2024:05:56:00 +0200] "GET /ticket2/opencms/fi/venue/?venueid=6AEAE4F9-6A8D-25BD-489B-DC7310A7EAF9 HTTP/1.1" 200 72289
185.191.171.13 - - [19/Jul/2024:05:56:02 +0200] "GET /ticket2/opencms/robots.txt HTTP/1.1" 200 773
185.191.171.10 - - [19/Jul/2024:05:56:02 +0200] "GET /ticket2/opencms/sv/sport/hockeybiljetter/nhl/Winnipeg_Jets/ HTTP/1.1" 200 74036
54.38.85.37 - - [19/Jul/2024:05:56:03 +0200] "GET /ticket2/opencms/se/en/buy/?page=1&edid=8F4DD3FF-FC88-98BC-E54A-1542B36AD424&sortorder=asc&column=price HTTP/1.1" 404 -
54.38.85.37 - - [19/Jul/2024:05:56:16 +0200] "GET /ticket2/opencms/se/en/buy/?page=1&edid=912B3FC9-0EC2-60E5-B474-C1C5F229ED3D&sortorder=asc&column=price HTTP/1.1" 404 -
54.38.85.37 - - [19/Jul/2024:05:56:20 +0200] "GET /ticket2/opencms/se/fi/buy/?page=1&edid=708135B7-2865-EC75-9F9F-ABBDF40E8A70&sortorder=asc&column=section HTTP/1.1" 404 -
54.38.85.37 - - [19/Jul/2024:05:56:25 +0200] "GET /ticket2/opencms/se/fi/buy/?page=1&edid=708135B7-2865-EC75-9F9F-ABBDF40E8A70&sortorder=desc&column=price HTTP/1.1" 404 -
54.38.85.37 - - [19/Jul/2024:05:56:30 +0200] "GET /ticket2/opencms/se/fi/buy/?page=1&edid=70EC2779-0BF1-665A-34D4-25009662DF84&sortorder=asc&column=price HTTP/1.1" 404 -
159.138.100.196 - - [19/Jul/2024:05:56:31 +0200] "GET /ticket2/opencms/en/magazine/article?title=cristiano-ronaldo HTTP/1.1" 200 74513
54.38.85.37 - - [19/Jul/2024:05:56:35 +0200] "GET /ticket2/opencms/se/fi/buy/?page=1&edid=70EC2779-0BF1-665A-34D4-25009662DF84&sortorder=asc&column=row HTTP/1.1" 404 -
194.163.141.13 - - [19/Jul/2024:05:56:36 +0200] "GET /ticket2/opencms/en/buy/?page=1&edid=D5E9A801-4597-FB68-95D5-A4CE1BC9C0D9&sortorder=desc&column=section HTTP/1.1" 200 87211
54.38.85.37 - - [19/Jul/2024:05:56:40 +0200] "GET /ticket2/opencms/se/fi/buy/?page=1&edid=75FF6D71-09F5-D46B-0F5F-60B05A57DEC1&sortorder=asc&column=row HTTP/1.1" 404 -
66.249.79.232 - - [19/Jul/2024:05:56:48 +0200] "GET /ticket2/opencms/dk/standard/ HTTP/1.1" 200 84382
72.14.199.232 - - [19/Jul/2024:05:56:49 +0200] "GET /ticket2/opencms/no/sport/fotballsbilletter/premier_league/chelsea/ HTTP/1.1" 200 86147
72.14.199.232 - - [19/Jul/2024:05:56:52 +0200] "GET /ticket2/opencms/system/modules/com.gridnine.opencms.ticketbrokerage.site/resources/css/calendar.css HTTP/1.1" 200 6871
114.119.145.239 - - [19/Jul/2024:05:57:17 +0200] "GET /ticket2/opencms/en/venue/?countryid=AAA022C2-26E4-B95A-575B-2EC278F7A0C0 HTTP/1.1" 200 100101
194.163.141.13 - - [19/Jul/2024:05:57:31 +0200] "GET /ticket2/opencms/en/buy/?page=1&edid=D5F77514-6365-CD51-9AFB-D0DD3E873E69&sortorder=asc&column=price HTTP/1.1" 200 86782
41.216.188.113 - - [19/Jul/2024:05:57:34 +0200] "GET /ticket2/opencms/sv/magazine/article?title=vad-ar-fotboll HTTP/1.1" 200 77566
41.216.188.113 - - [19/Jul/2024:05:57:34 +0200] "GET /ticket2/opencms/sv/magazine/article?title=vad-ar-fotboll&title=%2527 HTTP/1.1" 200 77566
63.143.42.252 - - [19/Jul/2024:05:57:41 +0200] "HEAD /ticket2/opencms/ HTTP/1.1" 302 -
63.143.42.252 - - [19/Jul/2024:05:57:45 +0200] "HEAD /ticket2/opencms/en/ HTTP/1.1" 200 -
114.119.140.175 - - [19/Jul/2024:05:57:55 +0200] "GET /ticket2/opencms/en/venue/?venueid=FFD58926-E43E-9E2E-9DB6-3170AF0A87CC HTTP/1.1" 200 70730
66.249.79.75 - - [19/Jul/2024:05:58:02 +0200] "GET /ticket2/opencms/sv/buy/?page=1&edid=C68D3A19-7AB1-B0F6-2F8E-E937CB754241 HTTP/1.1" 200 108598
190.92.204.35 - - [19/Jul/2024:05:58:11 +0200] "GET /ticket2/opencms/nl/magazine/article?title=ek-finale-2024 HTTP/1.1" 200 74610
194.163.141.13 - - [19/Jul/2024:05:58:12 +0200] "GET /ticket2/opencms/en/buy/?page=1&edid=D5F77514-6365-CD51-9AFB-D0DD3E873E69&sortorder=asc&column=row HTTP/1.1" 200 86782
47.128.25.153 - - [19/Jul/2024:05:58:12 +0200] "GET /ticket2/opencms/es/buy/?edid=1F2F884A-E0AC-4C3D-F294-0BE2EBB6E0EA HTTP/1.1" 200 72706
47.128.25.153 - - [19/Jul/2024:05:58:12 +0200] "GET /ticket2/opencms/system/modules/com.gridnine.opencms.ticketbrokerage.site/resources/pics/logo-new.png HTTP/1.1" 200 13541
47.128.25.153 - - [19/Jul/2024:05:58:13 +0200] "GET /ticket2/opencms/system/modules/com.gridnine.opencms.ticketbrokerage.site/resources/pics/footer-img.png HTTP/1.1" 200 10350
185.189.50.46 - - [19/Jul/2024:05:58:31 +0200] "GET /ticket2/tickets_export/outgoing/export.txt HTTP/1.1" 200 48300767
114.119.134.51 - - [19/Jul/2024:05:58:36 +0200] "GET /ticket2/opencms/en/venue/?venueid=64779FD9-2136-580E-BBD9-F422639CB144 HTTP/1.1" 200 70677
81.197.172.105 - - [19/Jul/2024:05:58:42 +0200] "GET /ticket2/opencms/fi/urheilu/jalkapallo/premier_league/?gad_source=1 HTTP/1.1" 200 79323
81.197.172.105 - - [19/Jul/2024:05:58:42 +0200] "GET /ticket2/opencms/system/modules/com.gridnine.opencms.ticketbrokerage.site/resources/css/calendar.css HTTP/1.1" 200 6871
81.197.172.105 - - [19/Jul/2024:05:58:42 +0200] "GET /ticket2/opencms/system/modules/com.gridnine.opencms.ticketbrokerage.site/resources/js/calendar-setup.js HTTP/1.1" 200 4923
81.197.172.105 - - [19/Jul/2024:05:58:42 +0200] "GET /ticket2/opencms/system/modules/com.gridnine.opencms.ticketbrokerage.site/resources/js/jquery.fancybox.pack.js HTTP/1.1" 200 23187
81.197.172.105 - - [19/Jul/2024:05:58:42 +0200] "GET /ticket2/opencms/system/modules/com.gridnine.opencms.ticketbrokerage.site/resources/css/jquery-ui.css HTTP/1.1" 200 33221
81.197.172.105 - - [19/Jul/2024:05:58:42 +0200] "GET /ticket2/opencms/system/modules/com.gridnine.opencms.ticketbrokerage.site/resources/js/functions.js HTTP/1.1" 200 1583
81.197.172.105 - - [19/Jul/2024:05:58:42 +0200] "GET /ticket2/opencms/system/modules/com.gridnine.opencms.ticketbrokerage.site/resources/css/ticketbrokerage.css HTTP/1.1" 200 39339
