83.226.254.152 - - [19/Jul/2024:01:04:02 +0200] "GET /ticket2/opencms/sv/ask-form.html HTTP/1.1" 200 2950
83.226.254.152 - - [19/Jul/2024:01:04:02 +0200] "GET /ticket2/opencms/system/modules/com.gridnine.opencms.ticketbrokerage.site/resources/pics/arrow.gif HTTP/1.1" 200 344
83.226.254.152 - - [19/Jul/2024:01:04:02 +0200] "GET /ticket2/opencms/system/modules/com.gridnine.opencms.ticketbrokerage.site/resources/css/ticketbrokerage.css HTTP/1.1" 200 39339
83.226.254.152 - - [19/Jul/2024:01:04:02 +0200] "GET /ticket2/opencms/system/modules/com.gridnine.opencms.ticketbrokerage.site/resources/pics/form_marker.gif HTTP/1.1" 200 43
83.226.254.152 - - [19/Jul/2024:01:04:02 +0200] "GET /ticket2/opencms/img/arrow-down.png HTTP/1.1" 200 192
65.108.0.71 - - [19/Jul/2024:01:04:02 +0200] "GET /ticket2/opencms/sv/buy/?page=1&edid=3EEE97AA-1D53-9CE7-099B-9DC82B5512F1 HTTP/1.1" 200 87719
217.113.194.215 - - [19/Jul/2024:01:04:02 +0200] "GET /ticket2/opencms/fi/sell/?edid=9281054C-8970-84EC-4079-0C8BCDDBCAD4 HTTP/1.1" 302 -
65.108.0.71 - - [19/Jul/2024:01:04:05 +0200] "GET /ticket2/opencms/sv/buy/?page=1&edid=3F110F0C-E1EC-6A54-956B-ED3BBFFE0B12&sortorder=desc&column=price HTTP/1.1" 200 85338
65.108.0.71 - - [19/Jul/2024:01:04:08 +0200] "GET /ticket2/opencms/sv/buy/?page=1&edid=46F5EC85-5B62-6DBE-6122-EC5082A83D53 HTTP/1.1" 200 87908
54.36.148.177 - - [19/Jul/2024:01:04:08 +0200] "GET /ticket2/opencms/it/standard/ HTTP/1.1" 500 -
217.113.194.219 - - [19/Jul/2024:01:04:10 +0200] "GET /ticket2/opencms/fi/sell/?edid=9C142AB0-2A14-1DDC-4371-7642BF95E277 HTTP/1.1" 302 -
65.108.0.71 - - [19/Jul/2024:01:04:12 +0200] "GET /ticket2/opencms/sv/buy/?page=1&edid=476991E3-90E8-4131-2EC2-B8E28BB43BFC&sortorder=desc&column=price HTTP/1.1" 200 87442
47.128.62.239 - - [19/Jul/2024:01:04:13 +0200] "GET /ticket2/opencms/it/buy/?edid=E8492630-5817-95C8-DBCF-47EFEEBEB25B HTTP/1.1" 200 72624
47.128.62.239 - - [19/Jul/2024:01:04:14 +0200] "GET /ticket2/opencms/system/modules/com.gridnine.opencms.ticketbrokerage.site/resources/pics/logo-new.png HTTP/1.1" 200 13541
47.128.62.239 - - [19/Jul/2024:01:04:14 +0200] "GET /ticket2/opencms/system/modules/com.gridnine.opencms.ticketbrokerage.site/resources/pics/footer-img.png HTTP/1.1" 200 10350
65.108.0.71 - - [19/Jul/2024:01:04:15 +0200] "GET /ticket2/opencms/sv/buy/?page=1&edid=4D2A2724-7797-6EBF-BAB8-69176E21CA79&sortorder=desc&column=section HTTP/1.1" 200 87100
47.128.44.20 - - [19/Jul/2024:01:04:16 +0200] "GET /ticket2/opencms/no/buy/?page=6&comcatid=0A6B8208-FDA4-E929-9D72-5312FD481B76&catid=1DB7F66B-473B-B427-F752-358FEEFE8EC0 HTTP/1.1" 200 75769
47.128.44.20 - - [19/Jul/2024:01:04:16 +0200] "GET /ticket2/opencms/system/modules/com.gridnine.opencms.ticketbrokerage.site/resources/pics/logo-new.png HTTP/1.1" 200 13541
47.128.44.20 - - [19/Jul/2024:01:04:17 +0200] "GET /ticket2/opencms/system/modules/com.gridnine.opencms.ticketbrokerage.site/resources/pics/footer-img.png HTTP/1.1" 200 10350
65.108.0.71 - - [19/Jul/2024:01:04:18 +0200] "GET /ticket2/opencms/sv/buy/?page=1&edid=4D49F944-4302-4557-8809-6693BD3139C9&sortorder=desc&column=price HTTP/1.1" 200 87300
217.113.194.221 - - [19/Jul/2024:01:04:18 +0200] "GET /ticket2/opencms/fi/sell/?edid=9219490E-57C2-9B65-4F03-B2B5521A5479 HTTP/1.1" 302 -
37.123.143.245 - - [19/Jul/2024:01:04:21 +0200] "GET /ticket2/opencms/system/workplace/views/top_foot.jsp?wpFrame=foot HTTP/1.1" 200 1211
37.123.143.245 - - [19/Jul/2024:01:04:21 +0200] "GET /ticket2/opencms/system/workplace/commons/style/workplace.css HTTP/1.1" 200 14209
65.108.0.71 - - [19/Jul/2024:01:04:21 +0200] "GET /ticket2/opencms/sv/buy/?page=1&edid=4D49F944-4302-4557-8809-6693BD3139C9&sortorder=desc&column=row HTTP/1.1" 200 87300
65.108.0.71 - - [19/Jul/2024:01:04:25 +0200] "GET /ticket2/opencms/sv/buy/?page=1&edid=4D5A6B7D-0DD5-3376-6674-50F62F149FE4&sortorder=desc&column=price HTTP/1.1" 200 87862
217.113.194.220 - - [19/Jul/2024:01:04:27 +0200] "GET /ticket2/opencms/fi/sell/?edid=D6F50889-41BE-EC07-45B4-F708B8ACA166 HTTP/1.1" 302 -
65.108.0.71 - - [19/Jul/2024:01:04:28 +0200] "GET /ticket2/opencms/sv/buy/?page=1&edid=7281C2E7-E4D7-23F7-1971-03EC28244FFF&sortorder=desc&column=row HTTP/1.1" 200 87942
54.36.148.220 - - [19/Jul/2024:01:04:30 +0200] "GET /ticket2/opencms/no/buy/?page=1&edid=ABE0D196-5A84-0064-2AAA-8BE846913E3B HTTP/1.1" 200 111161
65.108.0.71 - - [19/Jul/2024:01:04:31 +0200] "GET /ticket2/opencms/sv/buy/?page=1&edid=7B13364F-9EE2-FFC9-44E1-6055539DCB61&sortorder=desc&column=price HTTP/1.1" 200 85370
65.108.0.71 - - [19/Jul/2024:01:04:35 +0200] "GET /ticket2/opencms/sv/buy/?page=1&edid=C5FE50BA-F977-0185-6EA7-61E0AB05FEF6&sortorder=desc&column=section HTTP/1.1" 200 85379
217.113.194.221 - - [19/Jul/2024:01:04:35 +0200] "GET /ticket2/opencms/fi/sell/?edid=FF7A30DE-E7E5-5102-32AA-0D3737589347 HTTP/1.1" 302 -
65.108.0.71 - - [19/Jul/2024:01:04:38 +0200] "GET /ticket2/opencms/sv/buy/?page=1&edid=C624B2E6-D832-C748-3C71-308D0CDEE890&sortorder=asc&column=row HTTP/1.1" 200 86872
65.108.0.71 - - [19/Jul/2024:01:04:40 +0200] "GET /ticket2/opencms/sv/buy_safety/leverans/ HTTP/1.1" 200 72557
47.128.63.72 - - [19/Jul/2024:01:04:40 +0200] "GET /ticket2/opencms/nl/buy/?catid=C871EAE3-C584-718A-9795-07CDEF43FA75&comcatid=A17713B6-D984-201A-4143-ED4DB5ED5C2E HTTP/1.1" 200 80608
47.128.63.72 - - [19/Jul/2024:01:04:41 +0200] "GET /ticket2/opencms/system/modules/com.gridnine.opencms.ticketbrokerage.site/resources/pics/logo-new.png HTTP/1.1" 200 13541
47.128.63.72 - - [19/Jul/2024:01:04:42 +0200] "GET /ticket2/opencms/system/modules/com.gridnine.opencms.ticketbrokerage.site/resources/pics/footer-img.png HTTP/1.1" 200 10350
65.108.0.71 - - [19/Jul/2024:01:04:43 +0200] "GET /ticket2/opencms/sv/login/?edid=E8B96A61-AE91-9A43-C22E-F62B2B03FCE0 HTTP/1.1" 200 73621
154.54.249.216 - - [19/Jul/2024:01:04:43 +0200] "GET /ticket2/opencms/fi/sell/?edid=C490C3F8-A066-4B69-2FBB-6512C409277B HTTP/1.1" 302 -
66.249.76.1 - - [19/Jul/2024:01:04:44 +0200] "GET /ticket2/opencms/en/buy/?page=1&edid=C6B2AEFA-E477-178C-988F-0045C87D182A HTTP/1.1" 200 107827
65.108.0.71 - - [19/Jul/2024:01:04:45 +0200] "GET /ticket2/opencms/sv/login/?edid=28497D8F-4767-7A9A-4DD0-10FEA1E4E740 HTTP/1.1" 200 73621
52.167.144.184 - - [19/Jul/2024:01:04:48 +0200] "GET /ticket2/opencms/system/modules/com.gridnine.opencms.ticketbrokerage.site/resources/pics/bank_4_seb.png HTTP/1.1" 200 2487
65.108.0.71 - - [19/Jul/2024:01:04:49 +0200] "GET /ticket2/opencms/sv/login/?edid=28C6B63C-B045-3C9E-7B07-68433D8A39F4 HTTP/1.1" 200 73621
217.113.194.214 - - [19/Jul/2024:01:04:51 +0200] "GET /ticket2/opencms/fi/sell/?edid=87B4AACF-CAE2-8F54-548F-79BBB43EDD42 HTTP/1.1" 302 -
65.108.0.71 - - [19/Jul/2024:01:04:52 +0200] "GET /ticket2/opencms/sv/login/?edid=32761879-506B-0718-462F-1A1F8B946759 HTTP/1.1" 200 73621
65.108.0.71 - - [19/Jul/2024:01:04:55 +0200] "GET /ticket2/opencms/sv/login/?edid=3C190050-2199-C27C-460E-D6B96E817500 HTTP/1.1" 200 73621
65.108.0.71 - - [19/Jul/2024:01:04:58 +0200] "GET /ticket2/opencms/sv/login/?edid=45F55A9B-C56E-3C99-BE60-88DE2E329DDD HTTP/1.1" 200 73621
217.113.194.221 - - [19/Jul/2024:01:05:00 +0200] "GET /ticket2/opencms/fi/sell/?edid=6569E833-F58F-E565-7CC3-4E596C1015F9 HTTP/1.1" 302 -
65.108.0.71 - - [19/Jul/2024:01:05:01 +0200] "GET /ticket2/opencms/sv/login/?edid=5DD7BC42-DB22-EC66-CE5D-0464D20DDDB4 HTTP/1.1" 200 73621
65.108.0.71 - - [19/Jul/2024:01:05:04 +0200] "GET /ticket2/opencms/sv/login/?edid=5F1F86AC-2D0F-448B-1D5B-5FDE7EBC259B HTTP/1.1" 200 73621
47.128.49.48 - - [19/Jul/2024:01:05:05 +0200] "GET /ticket2/opencms/fi/buy/?catid=0A6C99D2-F5BD-7A18-9A5F-5668827042E0&comcatid=A17713B6-D984-201A-4143-ED4DB5ED5C2E&eventid=56CBA715-B928-D58F-6A08-8D95645745F0&page=6 HTTP/1.1" 200 98966
47.128.49.48 - - [19/Jul/2024:01:05:06 +0200] "GET /ticket2/opencms/system/modules/com.gridnine.opencms.ticketbrokerage.site/resources/pics/logo-new.png HTTP/1.1" 200 13541
47.128.49.48 - - [19/Jul/2024:01:05:06 +0200] "GET /ticket2/opencms/system/modules/com.gridnine.opencms.ticketbrokerage.site/resources/pics/footer-img.png HTTP/1.1" 200 10350
65.108.0.71 - - [19/Jul/2024:01:05:07 +0200] "GET /ticket2/opencms/sv/login/?edid=604ED02B-13F0-F32C-1AAA-D1E8D0471118 HTTP/1.1" 200 73621
217.113.194.219 - - [19/Jul/2024:01:05:08 +0200] "GET /ticket2/opencms/fi/sell/?edid=86620D96-B3F6-1C8A-460F-CA4D22908DD2 HTTP/1.1" 302 -
54.36.148.194 - - [19/Jul/2024:01:05:10 +0200] "GET /ticket2/opencms/no/buy/?page=1&edid=8E8E9404-172C-6C57-7F68-EAFC3F95D1AC HTTP/1.1" 200 112092
65.108.0.71 - - [19/Jul/2024:01:05:11 +0200] "GET /ticket2/opencms/sv/login/?edid=F079AC7E-D221-F1E2-410C-375B35987091 HTTP/1.1" 200 73621
65.108.0.71 - - [19/Jul/2024:01:05:14 +0200] "GET /ticket2/opencms/sv/login/?edid=F3EAB77E-5223-86F1-9947-9F306D6E6D43 HTTP/1.1" 200 73621
65.108.0.71 - - [19/Jul/2024:01:05:17 +0200] "GET /ticket2/opencms/sv/login/?edid=F4F9CF15-E46F-6692-1384-B244A9E1955F HTTP/1.1" 200 73621
65.108.0.71 - - [19/Jul/2024:01:05:20 +0200] "GET /ticket2/opencms/sv/login/?edid=F675517E-77A1-26BF-A8E7-E48FFFB49370 HTTP/1.1" 200 73621
65.108.0.71 - - [19/Jul/2024:01:05:23 +0200] "GET /ticket2/opencms/sv/login/?edid=F820A2EC-F927-925D-C4BE-7AC75C5AC250 HTTP/1.1" 200 73621
65.108.0.71 - - [19/Jul/2024:01:05:24 +0200] "GET /ticket2/opencms/sv/sell/?edid=0154E95E-0A44-1BF2-0329-4E27FA15E52D HTTP/1.1" 302 -
217.113.194.218 - - [19/Jul/2024:01:05:24 +0200] "GET /ticket2/opencms/fi/buy/?page=1&edid=A8AB0035-CD21-594E-C773-477179350E94 HTTP/1.1" 200 88354
65.108.0.71 - - [19/Jul/2024:01:05:28 +0200] "GET /ticket2/opencms/sv/login/?edid=0154E95E-0A44-1BF2-0329-4E27FA15E52D HTTP/1.1" 200 73621
47.128.37.246 - - [19/Jul/2024:01:05:28 +0200] "GET /ticket2/opencms/dk/buy/?comcatid=A17713B6-D984-201A-4143-ED4DB5ED5C2E&npage=4 HTTP/1.1" 200 240718
47.128.37.246 - - [19/Jul/2024:01:05:29 +0200] "GET /ticket2/opencms/system/modules/com.gridnine.opencms.ticketbrokerage.site/resources/pics/logo-new.png HTTP/1.1" 200 13541
65.108.0.71 - - [19/Jul/2024:01:05:29 +0200] "GET /ticket2/opencms/sv/sell/?edid=08A1CD09-2A6C-B849-30C9-2FC7EEBC7B3F HTTP/1.1" 302 -
47.128.37.246 - - [19/Jul/2024:01:05:29 +0200] "GET /ticket2/opencms/system/modules/com.gridnine.opencms.ticketbrokerage.site/resources/pics/footer-img.png HTTP/1.1" 200 10350
65.108.0.71 - - [19/Jul/2024:01:05:32 +0200] "GET /ticket2/opencms/sv/login/?edid=08A1CD09-2A6C-B849-30C9-2FC7EEBC7B3F HTTP/1.1" 200 73621
217.113.194.213 - - [19/Jul/2024:01:05:33 +0200] "GET /ticket2/opencms/fi/buy/?page=1&edid=AE39759B-BCBA-E08C-6ABB-107530259B20 HTTP/1.1" 200 86351
65.108.0.71 - - [19/Jul/2024:01:05:34 +0200] "GET /ticket2/opencms/sv/sell/?edid=124E8283-E5DC-7FAE-437D-48A8B5EF948C HTTP/1.1" 302 -
65.108.0.71 - - [19/Jul/2024:01:05:37 +0200] "GET /ticket2/opencms/sv/login/?edid=124E8283-E5DC-7FAE-437D-48A8B5EF948C HTTP/1.1" 200 73621
65.108.0.71 - - [19/Jul/2024:01:05:39 +0200] "GET /ticket2/opencms/sv/sell/?edid=1D16690E-29B1-A5C0-6F37-F627AE404F8F HTTP/1.1" 302 -
65.108.0.71 - - [19/Jul/2024:01:05:42 +0200] "GET /ticket2/opencms/sv/login/?edid=1D16690E-29B1-A5C0-6F37-F627AE404F8F HTTP/1.1" 200 73621
217.113.194.215 - - [19/Jul/2024:01:05:42 +0200] "GET /ticket2/opencms/fi/buy/?page=1&edid=E81C7558-893E-CB93-7500-00B0602E7698 HTTP/1.1" 200 89001
65.108.0.71 - - [19/Jul/2024:01:05:44 +0200] "GET /ticket2/opencms/sv/sell/?edid=28497D8F-4767-7A9A-4DD0-10FEA1E4E740 HTTP/1.1" 302 -
65.108.0.71 - - [19/Jul/2024:01:05:47 +0200] "GET /ticket2/opencms/sv/login/?edid=28497D8F-4767-7A9A-4DD0-10FEA1E4E740 HTTP/1.1" 200 73621
65.108.0.71 - - [19/Jul/2024:01:05:49 +0200] "GET /ticket2/opencms/sv/sell/?edid=28C6B63C-B045-3C9E-7B07-68433D8A39F4 HTTP/1.1" 302 -
217.113.194.220 - - [19/Jul/2024:01:05:51 +0200] "GET /ticket2/opencms/fi/buy/?page=1&edid=EC685237-9496-05D1-5CE5-C33133A00CAB HTTP/1.1" 200 89203
65.108.0.71 - - [19/Jul/2024:01:05:52 +0200] "GET /ticket2/opencms/sv/login/?edid=28C6B63C-B045-3C9E-7B07-68433D8A39F4 HTTP/1.1" 200 73621
54.36.148.200 - - [19/Jul/2024:01:05:52 +0200] "GET /ticket2/opencms/no/buy/?page=1&edid=A9C35541-ABB7-0662-52F4-8AD61BAC9B1C HTTP/1.1" 200 111163
65.108.0.71 - - [19/Jul/2024:01:05:53 +0200] "GET /ticket2/opencms/sv/sell/?edid=32761879-506B-0718-462F-1A1F8B946759 HTTP/1.1" 302 -
47.128.63.252 - - [19/Jul/2024:01:05:53 +0200] "GET /ticket2/opencms/fi/buy/?page=1&edid=17FCF75B-5941-6553-7E99-DDA280BBDB43 HTTP/1.1" 200 111324
47.128.63.252 - - [19/Jul/2024:01:05:54 +0200] "GET /ticket2/opencms/system/modules/com.gridnine.opencms.ticketbrokerage.site/resources/pics/logo-new.png HTTP/1.1" 200 13541
47.128.63.252 - - [19/Jul/2024:01:05:54 +0200] "GET /ticket2/opencms/system/modules/com.gridnine.opencms.ticketbrokerage.site/resources/pics/two_man.png HTTP/1.1" 200 3407
47.128.63.252 - - [19/Jul/2024:01:05:55 +0200] "GET /ticket2/opencms/system/modules/com.gridnine.opencms.ticketbrokerage.site/resources/pics/ticket_info_button.png HTTP/1.1" 200 3820
47.128.63.252 - - [19/Jul/2024:01:05:55 +0200] "GET /ticket2/opencms/system/modules/com.gridnine.opencms.ticketbrokerage.site/resources/js/standard.js HTTP/1.1" 200 3978
47.128.63.252 - - [19/Jul/2024:01:05:55 +0200] "GET /ticket2/opencms/system/modules/com.gridnine.opencms.ticketbrokerage.site/resources/pics/footer-img.png HTTP/1.1" 200 10350
47.128.63.252 - - [19/Jul/2024:01:05:56 +0200] "GET /ticket2/opencms/fi/ask-form.html HTTP/1.1" 200 3012
114.119.159.123 - - [19/Jul/2024:01:05:56 +0200] "GET /ticket2/opencms/en/buy/?page=1&edid=3D04CA40-DFC2-CAD0-691F-59BC78A9B973 HTTP/1.1" 200 87841
65.108.0.71 - - [19/Jul/2024:01:05:56 +0200] "GET /ticket2/opencms/sv/login/?edid=32761879-506B-0718-462F-1A1F8B946759 HTTP/1.1" 200 73621
47.128.63.252 - - [19/Jul/2024:01:05:57 +0200] "GET /ticket2/opencms/system/galleries/pics/wolves.png HTTP/1.1" 200 305638
65.108.0.71 - - [19/Jul/2024:01:05:58 +0200] "GET /ticket2/opencms/sv/sell/?edid=3C190050-2199-C27C-460E-D6B96E817500 HTTP/1.1" 302 -
217.113.194.215 - - [19/Jul/2024:01:05:59 +0200] "GET /ticket2/opencms/fi/buy/?page=1&edid=C9574975-D17E-5798-7000-0666D2A53D54 HTTP/1.1" 200 86341
65.108.0.71 - - [19/Jul/2024:01:06:01 +0200] "GET /ticket2/opencms/sv/login/?edid=3C190050-2199-C27C-460E-D6B96E817500 HTTP/1.1" 200 73621
217.113.194.221 - - [19/Jul/2024:01:06:07 +0200] "GET /ticket2/opencms/fi/buy/?page=1&edid=AFA92C29-0D07-FE50-1688-03452AC68813 HTTP/1.1" 200 87935
72.14.199.233 - - [19/Jul/2024:01:06:07 +0200] "GET /ticket2/opencms/dk/sport/fodboldbilletter/premier-league/manchester-united/ HTTP/1.1" 200 86128
217.113.194.219 - - [19/Jul/2024:01:06:16 +0200] "GET /ticket2/opencms/fi/buy/?page=1&edid=24D5596E-163C-F037-2F20-A2FBE136183D HTTP/1.1" 200 86349
47.128.55.176 - - [19/Jul/2024:01:06:17 +0200] "GET /ticket2/opencms/fr/magazine/article?title=chelsea-fc-et-leur-combat-pour-la-stabilite HTTP/1.1" 200 75628
47.128.55.176 - - [19/Jul/2024:01:06:19 +0200] "GET /ticket2/opencms/system/modules/com.gridnine.opencms.ticketbrokerage.site/resources/pics/logo-new.png HTTP/1.1" 200 13541
47.128.55.176 - - [19/Jul/2024:01:06:19 +0200] "GET /ticket2/opencms/system/modules/com.gridnine.opencms.ticketbrokerage.site/resources/pics/footer-img.png HTTP/1.1" 200 10350
217.113.194.212 - - [19/Jul/2024:01:06:24 +0200] "GET /ticket2/opencms/fi/buy/?page=1&edid=5EB94300-43AB-F98B-AEC3-50D493888325 HTTP/1.1" 200 88469
87.61.102.161 - - [19/Jul/2024:01:06:29 +0200] "GET /ticket2/opencms/set_aff_cookie.jsp?partner=53673ED6-1455-FA54-818F-B1F67121E37C&url=/dk/buy/index.html%3Fpage%3D1%26edid%3D620EBF00-ABE0-9BB5-0F04-F120B08CF11C%26hlv%3D6696759d-806c-40da-b09a-39ee0a01000f%23v_1751826926 HTTP/1.1" 200 226
47.128.17.90 - - [19/Jul/2024:01:06:30 +0200] "GET /ticket2/opencms/it/buy/?edid=5A1AA50E-FB02-4BE6-58BC-EF15D7C57463 HTTP/1.1" 200 72624
87.61.102.161 - - [19/Jul/2024:01:06:30 +0200] "GET /ticket2/opencms/dk/buy/?page=1&edid=620EBF00-ABE0-9BB5-0F04-F120B08CF11C&hlv=6696759d-806c-40da-b09a-39ee0a01000f HTTP/1.1" 200 113477
87.61.102.161 - - [19/Jul/2024:01:06:30 +0200] "GET /ticket2/opencms/system/modules/com.gridnine.opencms.ticketbrokerage.site/resources/css/ticketbrokerage.css HTTP/1.1" 200 39339
87.61.102.161 - - [19/Jul/2024:01:06:30 +0200] "GET /ticket2/opencms/system/modules/com.gridnine.opencms.ticketbrokerage.site/resources/css/calendar.css HTTP/1.1" 200 6871
87.61.102.161 - - [19/Jul/2024:01:06:30 +0200] "GET /ticket2/opencms/system/modules/com.gridnine.opencms.ticketbrokerage.site/resources/css/jquery-ui.css HTTP/1.1" 200 33221
87.61.102.161 - - [19/Jul/2024:01:06:30 +0200] "GET /ticket2/opencms/system/modules/com.gridnine.opencms.ticketbrokerage.site/resources/js/functions.js HTTP/1.1" 200 1583
87.61.102.161 - - [19/Jul/2024:01:06:30 +0200] "GET /ticket2/opencms/system/modules/com.gridnine.opencms.ticketbrokerage.site/resources/js/calendar.js HTTP/1.1" 200 49229
87.61.102.161 - - [19/Jul/2024:01:06:30 +0200] "GET /ticket2/opencms/system/modules/com.gridnine.opencms.ticketbrokerage.site/resources/css/jquery.fancybox.css HTTP/1.1" 200 4939
87.61.102.161 - - [19/Jul/2024:01:06:30 +0200] "GET /ticket2/opencms/system/modules/com.gridnine.opencms.ticketbrokerage.site/resources/js/jquery/jquery.js HTTP/1.1" 200 93868
87.61.102.161 - - [19/Jul/2024:01:06:30 +0200] "GET /ticket2/opencms/system/modules/com.gridnine.opencms.ticketbrokerage.site/resources/js/jquery/jquery-ui.js HTTP/1.1" 200 228088
87.61.102.161 - - [19/Jul/2024:01:06:30 +0200] "GET /ticket2/opencms/system/modules/com.gridnine.opencms.ticketbrokerage.site/resources/css/standard.css HTTP/1.1" 200 72814
87.61.102.161 - - [19/Jul/2024:01:06:30 +0200] "GET /ticket2/opencms/system/modules/com.gridnine.opencms.ticketbrokerage.site/resources/js/stickyfill.min.js HTTP/1.1" 200 5672
87.61.102.161 - - [19/Jul/2024:01:06:30 +0200] "GET /ticket2/opencms/system/modules/com.gridnine.opencms.ticketbrokerage.site/resources/js/jquery.fancybox.pack.js HTTP/1.1" 200 23187
87.61.102.161 - - [19/Jul/2024:01:06:30 +0200] "GET /ticket2/opencms/system/modules/com.gridnine.opencms.ticketbrokerage.site/resources/js/calendar-en.js HTTP/1.1" 200 3338
87.61.102.161 - - [19/Jul/2024:01:06:30 +0200] "GET /ticket2/opencms/system/modules/com.gridnine.opencms.ticketbrokerage.site/resources/js/calendar-setup.js HTTP/1.1" 200 4923
87.61.102.161 - - [19/Jul/2024:01:06:31 +0200] "GET /ticket2/opencms/img/icons/no.png HTTP/1.1" 200 1958
87.61.102.161 - - [19/Jul/2024:01:06:31 +0200] "GET /ticket2/opencms/img/icons/se.png HTTP/1.1" 200 1258
87.61.102.161 - - [19/Jul/2024:01:06:31 +0200] "GET /ticket2/opencms/system/modules/com.gridnine.opencms.ticketbrokerage.site/resources/js/jquery.placeholder.min.js HTTP/1.1" 200 1737
87.61.102.161 - - [19/Jul/2024:01:06:31 +0200] "GET /ticket2/opencms/system/modules/com.gridnine.opencms.ticketbrokerage.site/resources/js/standard.js HTTP/1.1" 200 3978
87.61.102.161 - - [19/Jul/2024:01:06:31 +0200] "GET /ticket2/opencms/system/modules/com.gridnine.opencms.ticketbrokerage.site/resources/js/common-ajax.js HTTP/1.1" 200 20175
87.61.102.161 - - [19/Jul/2024:01:06:31 +0200] "GET /ticket2/opencms/dk/ask-form.html HTTP/1.1" 200 2971
47.128.17.90 - - [19/Jul/2024:01:06:31 +0200] "GET /ticket2/opencms/system/modules/com.gridnine.opencms.ticketbrokerage.site/resources/pics/logo-new.png HTTP/1.1" 200 13541
47.128.17.90 - - [19/Jul/2024:01:06:31 +0200] "GET /ticket2/opencms/system/modules/com.gridnine.opencms.ticketbrokerage.site/resources/pics/footer-img.png HTTP/1.1" 200 10350
54.36.148.45 - - [19/Jul/2024:01:06:32 +0200] "GET /ticket2/opencms/fi/buy/?page=1&edid=5605B728-A815-14DD-9E19-09BABDE81131 HTTP/1.1" 200 112178
217.113.194.219 - - [19/Jul/2024:01:06:32 +0200] "GET /ticket2/opencms/fi/buy/?page=1&edid=39083131-8632-F8DF-B271-1D574322B64F HTTP/1.1" 200 86358
217.113.194.213 - - [19/Jul/2024:01:06:41 +0200] "GET /ticket2/opencms/fi/buy/?page=1&edid=49370274-9F81-C046-30B4-13C7AA6023A6 HTTP/1.1" 200 86366
47.128.22.172 - - [19/Jul/2024:01:06:44 +0200] "GET /ticket2/opencms/fi/buy/?catid=0A6C99D2-F5BD-7A18-9A5F-5668827042E0&comcatid=A17713B6-D984-201A-4143-ED4DB5ED5C2E&eventid=9F2135C0-926A-6F2D-349D-384B068ADC1C&page=6 HTTP/1.1" 200 102974
47.128.22.172 - - [19/Jul/2024:01:06:45 +0200] "GET /ticket2/opencms/system/modules/com.gridnine.opencms.ticketbrokerage.site/resources/pics/logo-new.png HTTP/1.1" 200 13541
47.128.22.172 - - [19/Jul/2024:01:06:46 +0200] "GET /ticket2/opencms/system/modules/com.gridnine.opencms.ticketbrokerage.site/resources/pics/footer-img.png HTTP/1.1" 200 10350
217.113.194.220 - - [19/Jul/2024:01:06:49 +0200] "GET /ticket2/opencms/fi/buy/?page=1&edid=1C2F60F9-81F4-AA62-7B86-999715633926 HTTP/1.1" 200 88784
217.113.194.214 - - [19/Jul/2024:01:06:57 +0200] "GET /ticket2/opencms/fi/buy/?page=1&edid=1C478580-39F3-86DC-8E36-CAB56950620B HTTP/1.1" 200 86382
217.113.194.221 - - [19/Jul/2024:01:07:06 +0200] "GET /ticket2/opencms/fi/buy/?page=1&edid=13F09667-A203-F96E-8423-6F6F46097234 HTTP/1.1" 200 89027
47.128.56.28 - - [19/Jul/2024:01:07:06 +0200] "GET /ticket2/opencms/no/buy/?catid=36DC4BE2-91A2-6146-2BE9-47B6F3C44EDB&comcatid=B41CCF2B-5558-7AEE-3602-09BBDE417D65&page=6 HTTP/1.1" 200 74094
114.119.145.88 - - [19/Jul/2024:01:07:07 +0200] "GET /ticket2/opencms/en/sell/?edid=25D981B5-EF34-A032-B06C-2EE918ED8D2D HTTP/1.1" 302 -
47.128.56.28 - - [19/Jul/2024:01:07:08 +0200] "GET /ticket2/opencms/system/modules/com.gridnine.opencms.ticketbrokerage.site/resources/pics/logo-new.png HTTP/1.1" 200 13541
47.128.56.28 - - [19/Jul/2024:01:07:08 +0200] "GET /ticket2/opencms/system/modules/com.gridnine.opencms.ticketbrokerage.site/resources/pics/footer-img.png HTTP/1.1" 200 10350
114.119.145.88 - - [19/Jul/2024:01:07:10 +0200] "GET /ticket2/opencms/en/login/?url=/en/sell/ HTTP/1.1" 200 72802
217.113.194.215 - - [19/Jul/2024:01:07:14 +0200] "GET /ticket2/opencms/fi/buy/?page=1&edid=1170986B-784A-C39E-AE5B-580157E24885 HTTP/1.1" 200 86372
54.36.148.28 - - [19/Jul/2024:01:07:15 +0200] "GET /ticket2/opencms/sv/buy/?page=1&edid=72E82760-BEC3-3CF9-6E90-2FDD50852364 HTTP/1.1" 200 111533
217.113.194.220 - - [19/Jul/2024:01:07:22 +0200] "GET /ticket2/opencms/fi/buy/?page=1&edid=118E47BF-C955-525A-E288-4BE392C3F248 HTTP/1.1" 200 86360
66.249.76.168 - - [19/Jul/2024:01:07:26 +0200] "GET /ticket2/opencms/fi/venue/?venueid=7A51379D-1CA0-D73B-5888-0B55E190FE2B HTTP/1.1" 200 72277
66.249.79.171 - - [19/Jul/2024:01:07:27 +0200] "GET /ticket2/opencms/de/magazine/article?title=chelsea-fcs-und-ihr-kampf-um-stabilitat HTTP/1.1" 200 75163
217.113.194.220 - - [19/Jul/2024:01:07:31 +0200] "GET /ticket2/opencms/fi/buy/?page=1&edid=9F4397D9-97EA-0396-17D7-2949B5312002 HTTP/1.1" 200 86351
47.128.55.157 - - [19/Jul/2024:01:07:33 +0200] "GET /ticket2/opencms/no/buy/?catid=0A6C99D2-F5BD-7A18-9A5F-5668827042E0&comcatid=A17713B6-D984-201A-4143-ED4DB5ED5C2E&eventid=4F6C281E-0307-3DEA-5C89-32A309F90298&page=7 HTTP/1.1" 200 97376
65.108.0.71 - - [19/Jul/2024:01:07:33 +0200] "GET /ticket2/opencms/sv/sell/?edid=45F55A9B-C56E-3C99-BE60-88DE2E329DDD HTTP/1.1" 302 -
47.128.55.157 - - [19/Jul/2024:01:07:33 +0200] "GET /ticket2/opencms/system/modules/com.gridnine.opencms.ticketbrokerage.site/resources/pics/logo-new.png HTTP/1.1" 200 13541
47.128.55.157 - - [19/Jul/2024:01:07:34 +0200] "GET /ticket2/opencms/system/modules/com.gridnine.opencms.ticketbrokerage.site/resources/pics/footer-img.png HTTP/1.1" 200 10350
65.108.0.71 - - [19/Jul/2024:01:07:36 +0200] "GET /ticket2/opencms/sv/login/?edid=45F55A9B-C56E-3C99-BE60-88DE2E329DDD HTTP/1.1" 200 73621
65.108.0.71 - - [19/Jul/2024:01:07:38 +0200] "GET /ticket2/opencms/sv/sell/?edid=5DD7BC42-DB22-EC66-CE5D-0464D20DDDB4 HTTP/1.1" 302 -
217.113.194.221 - - [19/Jul/2024:01:07:39 +0200] "GET /ticket2/opencms/fi/buy/?page=1&edid=97449F5A-B517-11C8-8651-D35167D87B92 HTTP/1.1" 200 86386
40.77.167.23 - - [19/Jul/2024:01:07:41 +0200] "GET /ticket2/opencms/nl/buy/?page=1&edid=5E44C1F4-DA4D-2081-989B-7D53B477027B HTTP/1.1" 200 92867
65.108.0.71 - - [19/Jul/2024:01:07:41 +0200] "GET /ticket2/opencms/sv/login/?edid=5DD7BC42-DB22-EC66-CE5D-0464D20DDDB4 HTTP/1.1" 200 73621
65.108.0.71 - - [19/Jul/2024:01:07:42 +0200] "GET /ticket2/opencms/sv/sell/?edid=5F1F86AC-2D0F-448B-1D5B-5FDE7EBC259B HTTP/1.1" 302 -
65.108.0.71 - - [19/Jul/2024:01:07:45 +0200] "GET /ticket2/opencms/sv/login/?edid=5F1F86AC-2D0F-448B-1D5B-5FDE7EBC259B HTTP/1.1" 200 73621
114.119.140.175 - - [19/Jul/2024:01:07:45 +0200] "GET /ticket2/opencms/en/sell/?edid=007DD58E-9F47-4404-AD36-B42DD6D220DB HTTP/1.1" 302 -
65.108.0.71 - - [19/Jul/2024:01:07:47 +0200] "GET /ticket2/opencms/sv/sell/?edid=604ED02B-13F0-F32C-1AAA-D1E8D0471118 HTTP/1.1" 302 -
217.113.194.219 - - [19/Jul/2024:01:07:48 +0200] "GET /ticket2/opencms/fi/buy/?page=1&edid=77108354-7E24-A866-7C4A-6FA47CD8880C HTTP/1.1" 200 89525
114.119.140.175 - - [19/Jul/2024:01:07:49 +0200] "GET /ticket2/opencms/en/login/?url=/en/sell/ HTTP/1.1" 200 72802
65.108.0.71 - - [19/Jul/2024:01:07:50 +0200] "GET /ticket2/opencms/sv/login/?edid=604ED02B-13F0-F32C-1AAA-D1E8D0471118 HTTP/1.1" 200 73621
65.108.0.71 - - [19/Jul/2024:01:07:51 +0200] "GET /ticket2/opencms/sv/sell/?edid=6148A2B2-D232-D389-97F0-A33D279676EB HTTP/1.1" 302 -
65.108.0.71 - - [19/Jul/2024:01:07:54 +0200] "GET /ticket2/opencms/sv/login/?edid=6148A2B2-D232-D389-97F0-A33D279676EB HTTP/1.1" 200 73621
65.108.0.71 - - [19/Jul/2024:01:07:56 +0200] "GET /ticket2/opencms/sv/sell/?edid=62771AC5-B6A4-CA99-7698-E23F6FB31315 HTTP/1.1" 302 -
47.128.19.73 - - [19/Jul/2024:01:07:57 +0200] "GET /ticket2/opencms/nl/buy/?catid=5A89E483-58AD-080E-F363-E16CE738916A&comcatid=A17713B6-D984-201A-4143-ED4DB5ED5C2E HTTP/1.1" 200 81269
217.113.194.218 - - [19/Jul/2024:01:07:57 +0200] "GET /ticket2/opencms/fi/buy/?page=1&edid=8003422E-102C-10A4-E113-90FEB2D86A47 HTTP/1.1" 200 88030
47.128.51.244 - - [19/Jul/2024:01:07:57 +0200] "GET /ticket2/opencms/fi/buy/?catid=C0DF818C-DB21-6E2E-4056-DB751FFE0C41&comcatid=A17713B6-D984-201A-4143-ED4DB5ED5C2E&page=6 HTTP/1.1" 200 83384
47.128.19.73 - - [19/Jul/2024:01:07:57 +0200] "GET /ticket2/opencms/system/modules/com.gridnine.opencms.ticketbrokerage.site/resources/pics/logo-new.png HTTP/1.1" 200 13541
47.128.19.73 - - [19/Jul/2024:01:07:58 +0200] "GET /ticket2/opencms/system/modules/com.gridnine.opencms.ticketbrokerage.site/resources/pics/footer-img.png HTTP/1.1" 200 10350
47.128.51.244 - - [19/Jul/2024:01:07:58 +0200] "GET /ticket2/opencms/system/modules/com.gridnine.opencms.ticketbrokerage.site/resources/js/stickyfill.min.js HTTP/1.1" 200 5672
54.36.148.197 - - [19/Jul/2024:01:07:58 +0200] "GET /ticket2/opencms/sv/buy/?page=1&edid=983940D7-A886-9864-BF70-6F5D578B4A87 HTTP/1.1" 200 110112
47.128.51.244 - - [19/Jul/2024:01:07:58 +0200] "GET /ticket2/opencms/system/modules/com.gridnine.opencms.ticketbrokerage.site/resources/pics/logo-new.png HTTP/1.1" 200 13541
190.92.214.107 - - [19/Jul/2024:01:07:59 +0200] "GET /ticket2/opencms/sv/venue/?venueid=CB444C4A-4CCE-4670-714E-21D950F578CB HTTP/1.1" 200 71562
47.128.51.244 - - [19/Jul/2024:01:07:59 +0200] "GET /ticket2/opencms/system/modules/com.gridnine.opencms.ticketbrokerage.site/resources/pics/footer-img.png HTTP/1.1" 200 10350
65.108.0.71 - - [19/Jul/2024:01:07:59 +0200] "GET /ticket2/opencms/sv/login/?edid=62771AC5-B6A4-CA99-7698-E23F6FB31315 HTTP/1.1" 200 73621
65.108.0.71 - - [19/Jul/2024:01:08:00 +0200] "GET /ticket2/opencms/sv/sell/?edid=63084C78-5263-1A7A-C66E-4C63F55B8243 HTTP/1.1" 302 -
77.75.78.170 - - [19/Jul/2024:01:08:03 +0200] "GET /ticket2/opencms/robots.txt HTTP/1.1" 200 773
77.75.78.170 - - [19/Jul/2024:01:08:03 +0200] "GET /ticket2/opencms/nl/legal_info/ HTTP/1.1" 200 71037
65.108.0.71 - - [19/Jul/2024:01:08:03 +0200] "GET /ticket2/opencms/sv/login/?edid=63084C78-5263-1A7A-C66E-4C63F55B8243 HTTP/1.1" 200 73621
2.248.45.112 - - [19/Jul/2024:01:08:04 +0200] "GET /ticket2/opencms/ HTTP/1.1" 302 -
217.113.194.213 - - [19/Jul/2024:01:08:05 +0200] "GET /ticket2/opencms/fi/buy/?page=1&edid=635A3FA7-2377-794B-FEA3-C8C301094FAC HTTP/1.1" 200 89048
65.108.0.71 - - [19/Jul/2024:01:08:05 +0200] "GET /ticket2/opencms/sv/sell/?edid=6440E7CC-E56C-CD13-BB09-A84D83EDDD53 HTTP/1.1" 302 -
72.14.199.233 - - [19/Jul/2024:01:08:07 +0200] "GET /ticket2/opencms/dk/sport/fodboldbilletter/la-liga/fc_barcelona/ HTTP/1.1" 200 84537
2.248.45.112 - - [19/Jul/2024:01:08:08 +0200] "GET /ticket2/opencms/sv/ HTTP/1.1" 200 94655
2.248.45.112 - - [19/Jul/2024:01:08:08 +0200] "GET /ticket2/opencms/system/modules/com.gridnine.opencms.ticketbrokerage.site/resources/css/jquery-ui.css HTTP/1.1" 304 -
2.248.45.112 - - [19/Jul/2024:01:08:08 +0200] "GET /ticket2/opencms/system/modules/com.gridnine.opencms.ticketbrokerage.site/resources/css/jquery.fancybox.css HTTP/1.1" 304 -
2.248.45.112 - - [19/Jul/2024:01:08:08 +0200] "GET /ticket2/opencms/system/modules/com.gridnine.opencms.ticketbrokerage.site/resources/css/calendar.css HTTP/1.1" 200 6871
2.248.45.112 - - [19/Jul/2024:01:08:08 +0200] "GET /ticket2/opencms/system/modules/com.gridnine.opencms.ticketbrokerage.site/resources/css/ticketbrokerage.css HTTP/1.1" 200 39339
2.248.45.112 - - [19/Jul/2024:01:08:08 +0200] "GET /ticket2/opencms/system/modules/com.gridnine.opencms.ticketbrokerage.site/resources/css/standard.css HTTP/1.1" 200 72814
2.248.45.112 - - [19/Jul/2024:01:08:08 +0200] "GET /ticket2/opencms/system/modules/com.gridnine.opencms.ticketbrokerage.site/resources/js/functions.js HTTP/1.1" 200 1583
2.248.45.112 - - [19/Jul/2024:01:08:08 +0200] "GET /ticket2/opencms/system/modules/com.gridnine.opencms.ticketbrokerage.site/resources/js/jquery/jquery.js HTTP/1.1" 304 -
2.248.45.112 - - [19/Jul/2024:01:08:08 +0200] "GET /ticket2/opencms/system/modules/com.gridnine.opencms.ticketbrokerage.site/resources/js/calendar-en.js HTTP/1.1" 200 3338
2.248.45.112 - - [19/Jul/2024:01:08:08 +0200] "GET /ticket2/opencms/system/modules/com.gridnine.opencms.ticketbrokerage.site/resources/js/jquery.fancybox.pack.js HTTP/1.1" 304 -
2.248.45.112 - - [19/Jul/2024:01:08:08 +0200] "GET /ticket2/opencms/system/modules/com.gridnine.opencms.ticketbrokerage.site/resources/js/calendar-setup.js HTTP/1.1" 200 4923
2.248.45.112 - - [19/Jul/2024:01:08:08 +0200] "GET /ticket2/opencms/system/modules/com.gridnine.opencms.ticketbrokerage.site/resources/js/calendar.js HTTP/1.1" 200 49229
2.248.45.112 - - [19/Jul/2024:01:08:08 +0200] "GET /ticket2/opencms/system/modules/com.gridnine.opencms.ticketbrokerage.site/resources/js/stickyfill.min.js HTTP/1.1" 304 -
2.248.45.112 - - [19/Jul/2024:01:08:08 +0200] "GET /ticket2/opencms/system/modules/com.gridnine.opencms.ticketbrokerage.site/resources/js/jquery/jquery-ui.js HTTP/1.1" 304 -
2.248.45.112 - - [19/Jul/2024:01:08:08 +0200] "GET /ticket2/opencms/system/modules/com.gridnine.opencms.ticketbrokerage.site/resources/js/common-ajax.js HTTP/1.1" 200 20175
2.248.45.112 - - [19/Jul/2024:01:08:08 +0200] "GET /ticket2/opencms/system/modules/com.gridnine.opencms.ticketbrokerage.site/resources/pics/logo-new.png HTTP/1.1" 304 -
2.248.45.112 - - [19/Jul/2024:01:08:08 +0200] "GET /ticket2/opencms/system/modules/com.gridnine.opencms.ticketbrokerage.site/resources/js/standard.js HTTP/1.1" 200 3978
2.248.45.112 - - [19/Jul/2024:01:08:08 +0200] "GET /ticket2/opencms/system/modules/com.gridnine.opencms.ticketbrokerage.site/resources/js/jquery.placeholder.min.js HTTP/1.1" 200 1737
2.248.45.112 - - [19/Jul/2024:01:08:08 +0200] "GET /ticket2/opencms/img/icons/se.png HTTP/1.1" 304 -
2.248.45.112 - - [19/Jul/2024:01:08:08 +0200] "GET /ticket2/opencms/img/icons/dk.png HTTP/1.1" 304 -
2.248.45.112 - - [19/Jul/2024:01:08:08 +0200] "GET /ticket2/opencms/img/icons/nl.png HTTP/1.1" 304 -
2.248.45.112 - - [19/Jul/2024:01:08:08 +0200] "GET /ticket2/opencms/img/icons/fi.png HTTP/1.1" 304 -
2.248.45.112 - - [19/Jul/2024:01:08:08 +0200] "GET /ticket2/opencms/img/icons/es.png HTTP/1.1" 304 -
2.248.45.112 - - [19/Jul/2024:01:08:08 +0200] "GET /ticket2/opencms/system/modules/com.gridnine.opencms.ticketbrokerage.site/resources/pics/footer-img.png HTTP/1.1" 304 -
2.248.45.112 - - [19/Jul/2024:01:08:08 +0200] "GET /ticket2/opencms/img/icons/fr.png HTTP/1.1" 304 -
2.248.45.112 - - [19/Jul/2024:01:08:08 +0200] "GET /ticket2/opencms/img/mail.png HTTP/1.1" 304 -
2.248.45.112 - - [19/Jul/2024:01:08:08 +0200] "GET /ticket2/opencms/img/check.png HTTP/1.1" 304 -
2.248.45.112 - - [19/Jul/2024:01:08:08 +0200] "GET /ticket2/opencms/img/icons/it.png HTTP/1.1" 304 -
65.108.0.71 - - [19/Jul/2024:01:08:08 +0200] "GET /ticket2/opencms/sv/login/?edid=6440E7CC-E56C-CD13-BB09-A84D83EDDD53 HTTP/1.1" 200 73621
2.248.45.112 - - [19/Jul/2024:01:08:08 +0200] "GET /ticket2/opencms/img/insta.png HTTP/1.1" 200 3967
2.248.45.112 - - [19/Jul/2024:01:08:08 +0200] "GET /ticket2/opencms/img/fb.png HTTP/1.1" 200 1269
2.248.45.112 - - [19/Jul/2024:01:08:08 +0200] "GET /ticket2/opencms/img/icons/de.png HTTP/1.1" 200 1124
2.248.45.112 - - [19/Jul/2024:01:08:08 +0200] "GET /ticket2/opencms/img/chat.png HTTP/1.1" 200 416
2.248.45.112 - - [19/Jul/2024:01:08:08 +0200] "GET /ticket2/opencms/img/arrow.png HTTP/1.1" 200 753
2.248.45.112 - - [19/Jul/2024:01:08:08 +0200] "GET /ticket2/opencms/system/modules/com.gridnine.opencms.ticketbrokerage.site/resources/css/images/ui-bg_flat_75_ffffff_40x100.png HTTP/1.1" 404 -
2.248.45.112 - - [19/Jul/2024:01:08:08 +0200] "GET /ticket2/opencms/img/icons/globe-white.png HTTP/1.1" 304 -
2.248.45.112 - - [19/Jul/2024:01:08:08 +0200] "GET /ticket2/opencms/img/banner-pl.jpeg HTTP/1.1" 200 41818
2.248.45.112 - - [19/Jul/2024:01:08:08 +0200] "GET /ticket2/opencms/img/banner-sa.jpeg HTTP/1.1" 304 -
2.248.45.112 - - [19/Jul/2024:01:08:08 +0200] "GET /ticket2/opencms/img/icons/no.png HTTP/1.1" 304 -
2.248.45.112 - - [19/Jul/2024:01:08:08 +0200] "GET /ticket2/opencms/img/icons/en.png HTTP/1.1" 304 -
2.248.45.112 - - [19/Jul/2024:01:08:08 +0200] "GET /ticket2/opencms/img/banner-ll.jpeg HTTP/1.1" 200 41825
65.108.0.71 - - [19/Jul/2024:01:08:09 +0200] "GET /ticket2/opencms/sv/sell/?edid=66676B62-84F7-4D9F-0824-24106B9528AA HTTP/1.1" 302 -
72.14.199.232 - - [19/Jul/2024:01:08:10 +0200] "GET /ticket2/opencms/system/modules/com.gridnine.opencms.ticketbrokerage.site/resources/css/calendar.css HTTP/1.1" 200 6871
72.14.199.232 - - [19/Jul/2024:01:08:10 +0200] "GET /ticket2/opencms/system/modules/com.gridnine.opencms.ticketbrokerage.site/resources/js/functions.js HTTP/1.1" 200 1583
72.14.199.231 - - [19/Jul/2024:01:08:12 +0200] "GET /ticket2/opencms/system/modules/com.gridnine.opencms.ticketbrokerage.site/resources/js/calendar-en.js HTTP/1.1" 200 3338
72.14.199.232 - - [19/Jul/2024:01:08:12 +0200] "GET /ticket2/opencms/system/modules/com.gridnine.opencms.ticketbrokerage.site/resources/js/calendar-setup.js HTTP/1.1" 200 4923
65.108.0.71 - - [19/Jul/2024:01:08:12 +0200] "GET /ticket2/opencms/sv/login/?edid=66676B62-84F7-4D9F-0824-24106B9528AA HTTP/1.1" 200 73621
72.14.199.231 - - [19/Jul/2024:01:08:12 +0200] "GET /ticket2/opencms/system/modules/com.gridnine.opencms.ticketbrokerage.site/resources/js/jquery/jquery-ui.js HTTP/1.1" 200 228088
72.14.199.231 - - [19/Jul/2024:01:08:13 +0200] "GET /ticket2/opencms/system/modules/com.gridnine.opencms.ticketbrokerage.site/resources/js/calendar.js HTTP/1.1" 200 49229
217.113.194.218 - - [19/Jul/2024:01:08:13 +0200] "GET /ticket2/opencms/fi/buy/?page=1&edid=68CCDEFF-00D3-DCA5-A574-257BE749A161 HTTP/1.1" 200 86346
2.248.45.112 - - [19/Jul/2024:01:08:14 +0200] "GET /ticket2/opencms/system/modules/com.gridnine.opencms.ticketbrokerage.site/resources/css/images/ui-bg_glass_75_dadada_1x400.png HTTP/1.1" 404 -
65.108.0.71 - - [19/Jul/2024:01:08:14 +0200] "GET /ticket2/opencms/sv/sell/?edid=692981A3-D906-C27E-30CD-4EA42C92A2A7 HTTP/1.1" 302 -
72.14.199.232 - - [19/Jul/2024:01:08:14 +0200] "GET /ticket2/opencms/system/modules/com.gridnine.opencms.ticketbrokerage.site/resources/css/ticketbrokerage.css HTTP/1.1" 200 39339
72.14.199.231 - - [19/Jul/2024:01:08:15 +0200] "GET /ticket2/opencms/system/modules/com.gridnine.opencms.ticketbrokerage.site/resources/js/stickyfill.min.js HTTP/1.1" 200 5672
2.248.45.112 - - [19/Jul/2024:01:08:16 +0200] "GET /ticket2/opencms/sv/search.html?searchQuery=Chelsea+FC&submit= HTTP/1.1" 200 109174
2.248.45.112 - - [19/Jul/2024:01:08:16 +0200] "GET /ticket2/opencms/system/modules/com.gridnine.opencms.ticketbrokerage.site/resources/js/functions.js HTTP/1.1" 200 1583
2.248.45.112 - - [19/Jul/2024:01:08:16 +0200] "GET /ticket2/opencms/system/modules/com.gridnine.opencms.ticketbrokerage.site/resources/js/calendar-setup.js HTTP/1.1" 200 4923
72.14.199.231 - - [19/Jul/2024:01:08:16 +0200] "GET /ticket2/opencms/system/modules/com.gridnine.opencms.ticketbrokerage.site/resources/css/jquery-ui.css HTTP/1.1" 200 33221
2.248.45.112 - - [19/Jul/2024:01:08:16 +0200] "GET /ticket2/opencms/system/modules/com.gridnine.opencms.ticketbrokerage.site/resources/css/ticketbrokerage.css HTTP/1.1" 200 39339
2.248.45.112 - - [19/Jul/2024:01:08:16 +0200] "GET /ticket2/opencms/system/modules/com.gridnine.opencms.ticketbrokerage.site/resources/js/calendar-en.js HTTP/1.1" 200 3338
2.248.45.112 - - [19/Jul/2024:01:08:16 +0200] "GET /ticket2/opencms/system/modules/com.gridnine.opencms.ticketbrokerage.site/resources/css/calendar.css HTTP/1.1" 200 6871
2.248.45.112 - - [19/Jul/2024:01:08:16 +0200] "GET /ticket2/opencms/system/modules/com.gridnine.opencms.ticketbrokerage.site/resources/js/standard.js HTTP/1.1" 200 3978
2.248.45.112 - - [19/Jul/2024:01:08:16 +0200] "GET /ticket2/opencms/system/modules/com.gridnine.opencms.ticketbrokerage.site/resources/css/standard.css HTTP/1.1" 200 72814
2.248.45.112 - - [19/Jul/2024:01:08:16 +0200] "GET /ticket2/opencms/system/modules/com.gridnine.opencms.ticketbrokerage.site/resources/js/calendar.js HTTP/1.1" 200 49229
2.248.45.112 - - [19/Jul/2024:01:08:16 +0200] "GET /ticket2/opencms/img/icons/it.png HTTP/1.1" 304 -
2.248.45.112 - - [19/Jul/2024:01:08:16 +0200] "GET /ticket2/opencms/system/modules/com.gridnine.opencms.ticketbrokerage.site/resources/pics/bank_2_handelsbanken.png HTTP/1.1" 304 -
2.248.45.112 - - [19/Jul/2024:01:08:16 +0200] "GET /ticket2/opencms/system/modules/com.gridnine.opencms.ticketbrokerage.site/resources/pics/bank_1_nordea.png HTTP/1.1" 304 -
2.248.45.112 - - [19/Jul/2024:01:08:16 +0200] "GET /ticket2/opencms/system/modules/com.gridnine.opencms.ticketbrokerage.site/resources/pics/bank_3_swedbank.png HTTP/1.1" 304 -
2.248.45.112 - - [19/Jul/2024:01:08:16 +0200] "GET /ticket2/opencms/system/modules/com.gridnine.opencms.ticketbrokerage.site/resources/pics/bank_4_seb.png HTTP/1.1" 304 -
2.248.45.112 - - [19/Jul/2024:01:08:16 +0200] "GET /ticket2/opencms/system/modules/com.gridnine.opencms.ticketbrokerage.site/resources/pics/bank_5_visa_mastercard.png HTTP/1.1" 304 -
2.248.45.112 - - [19/Jul/2024:01:08:16 +0200] "GET /ticket2/opencms/system/modules/com.gridnine.opencms.ticketbrokerage.site/resources/pics/bank_6_american_express.png HTTP/1.1" 304 -
2.248.45.112 - - [19/Jul/2024:01:08:16 +0200] "GET /ticket2/opencms/img/icons/it.png HTTP/1.1" 304 -
2.248.45.112 - - [19/Jul/2024:01:08:16 +0200] "GET /ticket2/opencms/sv/ask-form.html HTTP/1.1" 200 2950
2.248.45.112 - - [19/Jul/2024:01:08:16 +0200] "GET /ticket2/opencms/system/modules/com.gridnine.opencms.ticketbrokerage.site/resources/css/images/ui-bg_flat_75_ffffff_40x100.png HTTP/1.1" 404 -
2.248.45.112 - - [19/Jul/2024:01:08:16 +0200] "GET /ticket2/opencms/system/modules/com.gridnine.opencms.ticketbrokerage.site/resources/pics/arrow.gif HTTP/1.1" 304 -
2.248.45.112 - - [19/Jul/2024:01:08:16 +0200] "GET /ticket2/opencms/system/modules/com.gridnine.opencms.ticketbrokerage.site/resources/pics/form_marker.gif HTTP/1.1" 304 -
2.248.45.112 - - [19/Jul/2024:01:08:16 +0200] "GET /ticket2/opencms/system/modules/com.gridnine.opencms.ticketbrokerage.site/resources/css/ticketbrokerage.css HTTP/1.1" 200 39339
2.248.45.112 - - [19/Jul/2024:01:08:16 +0200] "GET /ticket2/opencms/system/modules/com.gridnine.opencms.ticketbrokerage.site/resources/pics/button1_right.gif HTTP/1.1" 304 -
2.248.45.112 - - [19/Jul/2024:01:08:16 +0200] "GET /ticket2/opencms/system/modules/com.gridnine.opencms.ticketbrokerage.site/resources/pics/button1_left.gif HTTP/1.1" 304 -
2.248.45.112 - - [19/Jul/2024:01:08:16 +0200] "GET /ticket2/opencms/system/modules/com.gridnine.opencms.ticketbrokerage.site/resources/pics/button1_center.gif HTTP/1.1" 304 -
72.14.199.231 - - [19/Jul/2024:01:08:17 +0200] "GET /ticket2/opencms/system/modules/com.gridnine.opencms.ticketbrokerage.site/resources/js/jquery/jquery.js HTTP/1.1" 200 93868
65.108.0.71 - - [19/Jul/2024:01:08:17 +0200] "GET /ticket2/opencms/sv/login/?edid=692981A3-D906-C27E-30CD-4EA42C92A2A7 HTTP/1.1" 200 73621
72.14.199.231 - - [19/Jul/2024:01:08:18 +0200] "GET /ticket2/opencms/system/modules/com.gridnine.opencms.ticketbrokerage.site/resources/css/standard.css HTTP/1.1" 200 72814
72.14.199.231 - - [19/Jul/2024:01:08:18 +0200] "GET /ticket2/opencms/system/modules/com.gridnine.opencms.ticketbrokerage.site/resources/js/jquery.fancybox.pack.js HTTP/1.1" 200 23187
65.108.0.71 - - [19/Jul/2024:01:08:19 +0200] "GET /ticket2/opencms/sv/sell/?edid=69E94548-BA2A-A7B0-2E68-692DBBE997E5 HTTP/1.1" 302 -
72.14.199.231 - - [19/Jul/2024:01:08:19 +0200] "GET /ticket2/opencms/system/modules/com.gridnine.opencms.ticketbrokerage.site/resources/css/jquery.fancybox.css HTTP/1.1" 200 4939
72.14.199.231 - - [19/Jul/2024:01:08:20 +0200] "GET /ticket2/opencms/system/modules/com.gridnine.opencms.ticketbrokerage.site/resources/js/standard.js HTTP/1.1" 200 3978
72.14.199.231 - - [19/Jul/2024:01:08:21 +0200] "GET /ticket2/opencms/system/modules/com.gridnine.opencms.ticketbrokerage.site/resources/js/jquery.placeholder.min.js HTTP/1.1" 200 1737
154.54.249.216 - - [19/Jul/2024:01:08:22 +0200] "GET /ticket2/opencms/fi/buy/?page=1&edid=088A691D-7690-4573-C5FC-C5459481917B HTTP/1.1" 200 89227
65.108.0.71 - - [19/Jul/2024:01:08:22 +0200] "GET /ticket2/opencms/sv/login/?edid=69E94548-BA2A-A7B0-2E68-692DBBE997E5 HTTP/1.1" 200 73621
47.128.96.60 - - [19/Jul/2024:01:08:22 +0200] "GET /ticket2/opencms/no/buy/?catid=0A6C99D2-F5BD-7A18-9A5F-5668827042E0&comcatid=A17713B6-D984-201A-4143-ED4DB5ED5C2E&eventid=4F6C281E-0307-3DEA-5C89-32A309F90298&page=6 HTTP/1.1" 200 102422
72.14.199.231 - - [19/Jul/2024:01:08:22 +0200] "GET /ticket2/opencms/system/modules/com.gridnine.opencms.ticketbrokerage.site/resources/js/common-ajax.js HTTP/1.1" 200 20175
47.128.96.60 - - [19/Jul/2024:01:08:22 +0200] "GET /ticket2/opencms/system/modules/com.gridnine.opencms.ticketbrokerage.site/resources/pics/logo-new.png HTTP/1.1" 200 13541
47.128.96.60 - - [19/Jul/2024:01:08:23 +0200] "GET /ticket2/opencms/system/modules/com.gridnine.opencms.ticketbrokerage.site/resources/pics/footer-img.png HTTP/1.1" 200 10350
65.108.0.71 - - [19/Jul/2024:01:08:23 +0200] "GET /ticket2/opencms/sv/sell/?edid=6A7CCC37-5F63-D2E0-8750-C9D98381AE77 HTTP/1.1" 302 -
66.249.79.231 - - [19/Jul/2024:01:08:25 +0200] "GET /ticket2/opencms/es/buy/?page=1&edid=08E96509-F113-0E6A-21FE-AD8C7D1444D0 HTTP/1.1" 200 104495
114.119.154.181 - - [19/Jul/2024:01:08:25 +0200] "GET /ticket2/opencms/en/venue/?countryid=C0984F56-34B3-2410-35BD-6A54606EFEFB HTTP/1.1" 200 100101
65.108.0.71 - - [19/Jul/2024:01:08:26 +0200] "GET /ticket2/opencms/sv/login/?edid=6A7CCC37-5F63-D2E0-8750-C9D98381AE77 HTTP/1.1" 200 73621
65.108.0.71 - - [19/Jul/2024:01:08:28 +0200] "GET /ticket2/opencms/sv/sell/?edid=6ABA4765-C049-91AE-C20A-276AC18EED3D HTTP/1.1" 302 -
154.54.249.216 - - [19/Jul/2024:01:08:30 +0200] "GET /ticket2/opencms/fi/buy/?page=1&edid=169646EF-328C-A061-44FB-9BE358298CEE HTTP/1.1" 200 86388
65.108.0.71 - - [19/Jul/2024:01:08:31 +0200] "GET /ticket2/opencms/sv/login/?edid=6ABA4765-C049-91AE-C20A-276AC18EED3D HTTP/1.1" 200 73621
65.108.0.71 - - [19/Jul/2024:01:08:32 +0200] "GET /ticket2/opencms/sv/sell/?edid=6AC71D0E-ACE1-2E54-B5F7-7CE9303FBB11 HTTP/1.1" 302 -
65.108.0.71 - - [19/Jul/2024:01:08:35 +0200] "GET /ticket2/opencms/sv/login/?edid=6AC71D0E-ACE1-2E54-B5F7-7CE9303FBB11 HTTP/1.1" 200 73621
54.36.148.65 - - [19/Jul/2024:01:08:36 +0200] "GET /ticket2/opencms/sv/buy/?page=1&edid=F0845893-AB25-79ED-E273-8681A31846EB HTTP/1.1" 200 113328
65.108.0.71 - - [19/Jul/2024:01:08:36 +0200] "GET /ticket2/opencms/sv/sell/?edid=6C8914BF-377D-3452-0F17-49D4496BD1E8 HTTP/1.1" 302 -
66.249.79.173 - - [19/Jul/2024:01:08:38 +0200] "GET /ticket2/opencms/sv/buy?page=1&edid=492C270D-AAEA-3890-F385-951BFDA8F433 HTTP/1.1" 200 100033
217.113.194.220 - - [19/Jul/2024:01:08:38 +0200] "GET /ticket2/opencms/fi/buy/?page=1&edid=153CDF31-7109-769E-E691-AF8D84C04188 HTTP/1.1" 200 89206
65.108.0.71 - - [19/Jul/2024:01:08:39 +0200] "GET /ticket2/opencms/sv/login/?edid=6C8914BF-377D-3452-0F17-49D4496BD1E8 HTTP/1.1" 200 73621
65.108.0.71 - - [19/Jul/2024:01:08:41 +0200] "GET /ticket2/opencms/sv/sell/?edid=71F8EE29-FA8F-FD46-7D27-26F4014317BC HTTP/1.1" 302 -
2.248.45.112 - - [19/Jul/2024:01:08:42 +0200] "GET /ticket2/opencms/sv/search.html?searchQuery=Chelsea&submit= HTTP/1.1" 200 118430
2.248.45.112 - - [19/Jul/2024:01:08:42 +0200] "GET /ticket2/opencms/system/modules/com.gridnine.opencms.ticketbrokerage.site/resources/css/calendar.css HTTP/1.1" 200 6871
2.248.45.112 - - [19/Jul/2024:01:08:42 +0200] "GET /ticket2/opencms/system/modules/com.gridnine.opencms.ticketbrokerage.site/resources/js/calendar-setup.js HTTP/1.1" 200 4923
2.248.45.112 - - [19/Jul/2024:01:08:42 +0200] "GET /ticket2/opencms/system/modules/com.gridnine.opencms.ticketbrokerage.site/resources/js/calendar-en.js HTTP/1.1" 200 3338
2.248.45.112 - - [19/Jul/2024:01:08:42 +0200] "GET /ticket2/opencms/system/modules/com.gridnine.opencms.ticketbrokerage.site/resources/css/standard.css HTTP/1.1" 200 72814
2.248.45.112 - - [19/Jul/2024:01:08:42 +0200] "GET /ticket2/opencms/system/modules/com.gridnine.opencms.ticketbrokerage.site/resources/css/ticketbrokerage.css HTTP/1.1" 200 39339
2.248.45.112 - - [19/Jul/2024:01:08:42 +0200] "GET /ticket2/opencms/system/modules/com.gridnine.opencms.ticketbrokerage.site/resources/js/functions.js HTTP/1.1" 200 1583
2.248.45.112 - - [19/Jul/2024:01:08:42 +0200] "GET /ticket2/opencms/system/modules/com.gridnine.opencms.ticketbrokerage.site/resources/js/calendar.js HTTP/1.1" 200 49229
2.248.45.112 - - [19/Jul/2024:01:08:42 +0200] "GET /ticket2/opencms/system/modules/com.gridnine.opencms.ticketbrokerage.site/resources/js/standard.js HTTP/1.1" 200 3978
2.248.45.112 - - [19/Jul/2024:01:08:42 +0200] "GET /ticket2/opencms/img/icons/it.png HTTP/1.1" 304 -
2.248.45.112 - - [19/Jul/2024:01:08:42 +0200] "GET /ticket2/opencms/img/icons/it.png HTTP/1.1" 304 -
2.248.45.112 - - [19/Jul/2024:01:08:42 +0200] "GET /ticket2/opencms/system/modules/com.gridnine.opencms.ticketbrokerage.site/resources/css/images/ui-bg_flat_75_ffffff_40x100.png HTTP/1.1" 404 -
2.248.45.112 - - [19/Jul/2024:01:08:42 +0200] "GET /ticket2/opencms/sv/ask-form.html HTTP/1.1" 200 2950
2.248.45.112 - - [19/Jul/2024:01:08:42 +0200] "GET /ticket2/opencms/system/modules/com.gridnine.opencms.ticketbrokerage.site/resources/css/ticketbrokerage.css HTTP/1.1" 200 39339
2.248.45.112 - - [19/Jul/2024:01:08:43 +0200] "GET /ticket2/opencms/sv/ HTTP/1.1" 200 94655
2.248.45.112 - - [19/Jul/2024:01:08:43 +0200] "GET /ticket2/opencms/system/modules/com.gridnine.opencms.ticketbrokerage.site/resources/css/ticketbrokerage.css HTTP/1.1" 200 39339
2.248.45.112 - - [19/Jul/2024:01:08:43 +0200] "GET /ticket2/opencms/system/modules/com.gridnine.opencms.ticketbrokerage.site/resources/css/standard.css HTTP/1.1" 200 72814
2.248.45.112 - - [19/Jul/2024:01:08:43 +0200] "GET /ticket2/opencms/system/modules/com.gridnine.opencms.ticketbrokerage.site/resources/js/functions.js HTTP/1.1" 200 1583
2.248.45.112 - - [19/Jul/2024:01:08:43 +0200] "GET /ticket2/opencms/system/modules/com.gridnine.opencms.ticketbrokerage.site/resources/js/calendar.js HTTP/1.1" 200 49229
2.248.45.112 - - [19/Jul/2024:01:08:43 +0200] "GET /ticket2/opencms/system/modules/com.gridnine.opencms.ticketbrokerage.site/resources/css/calendar.css HTTP/1.1" 200 6871
2.248.45.112 - - [19/Jul/2024:01:08:43 +0200] "GET /ticket2/opencms/system/modules/com.gridnine.opencms.ticketbrokerage.site/resources/js/calendar-en.js HTTP/1.1" 200 3338
2.248.45.112 - - [19/Jul/2024:01:08:43 +0200] "GET /ticket2/opencms/system/modules/com.gridnine.opencms.ticketbrokerage.site/resources/js/calendar-setup.js HTTP/1.1" 200 4923
2.248.45.112 - - [19/Jul/2024:01:08:43 +0200] "GET /ticket2/opencms/system/modules/com.gridnine.opencms.ticketbrokerage.site/resources/js/standard.js HTTP/1.1" 200 3978
2.248.45.112 - - [19/Jul/2024:01:08:43 +0200] "GET /ticket2/opencms/img/icons/it.png HTTP/1.1" 304 -
2.248.45.112 - - [19/Jul/2024:01:08:43 +0200] "GET /ticket2/opencms/system/modules/com.gridnine.opencms.ticketbrokerage.site/resources/css/images/ui-bg_flat_75_ffffff_40x100.png HTTP/1.1" 404 -
65.108.0.71 - - [19/Jul/2024:01:08:44 +0200] "GET /ticket2/opencms/sv/login/?edid=71F8EE29-FA8F-FD46-7D27-26F4014317BC HTTP/1.1" 200 73621
65.108.0.71 - - [19/Jul/2024:01:08:45 +0200] "GET /ticket2/opencms/sv/sell/?edid=7CED7E0F-6B54-D4FC-72EC-13278592A560 HTTP/1.1" 302 -
2.248.45.112 - - [19/Jul/2024:01:08:46 +0200] "GET /ticket2/opencms/sv/search.html?searchQuery=Chelsea&submit= HTTP/1.1" 200 118430
2.248.45.112 - - [19/Jul/2024:01:08:46 +0200] "GET /ticket2/opencms/img/icons/it.png HTTP/1.1" 304 -
2.248.45.112 - - [19/Jul/2024:01:08:46 +0200] "GET /ticket2/opencms/sv/ask-form.html HTTP/1.1" 200 2950
47.128.48.111 - - [19/Jul/2024:01:08:46 +0200] "GET /ticket2/opencms/fi/buy/?page=1&edid=F75A8704-39CC-1233-9E9B-2121B4DFC51E HTTP/1.1" 200 114657
217.113.194.215 - - [19/Jul/2024:01:08:47 +0200] "GET /ticket2/opencms/fi/buy/?page=1&edid=162263A0-D664-5F8A-7607-5464EE50BAAE HTTP/1.1" 200 86346
47.128.48.111 - - [19/Jul/2024:01:08:47 +0200] "GET /ticket2/opencms/system/modules/com.gridnine.opencms.ticketbrokerage.site/resources/pics/logo-new.png HTTP/1.1" 200 13541
47.128.48.111 - - [19/Jul/2024:01:08:47 +0200] "GET /ticket2/opencms/system/modules/com.gridnine.opencms.ticketbrokerage.site/resources/pics/two_man.png HTTP/1.1" 200 3407
47.128.48.111 - - [19/Jul/2024:01:08:48 +0200] "GET /ticket2/opencms/system/modules/com.gridnine.opencms.ticketbrokerage.site/resources/pics/footer-img.png HTTP/1.1" 200 10350
