192.176.60.25 - - [19/Jul/2024:07:11:24 +0200] "GET /ticket2/opencms/system/modules/com.gridnine.opencms.ticketbrokerage.site/resources/pics/form_marker.gif HTTP/1.1" 200 43
192.176.60.25 - - [19/Jul/2024:07:11:24 +0200] "GET /ticket2/opencms/img/arrow-down.png HTTP/1.1" 200 192
192.95.30.21 - - [19/Jul/2024:07:11:29 +0200] "GET /ticket2/opencms/se/no/buy/?page=1&edid=D3AC8ED2-9B15-6187-BB41-9830D862CD00&sortorder=desc&column=price HTTP/1.1" 404 -
158.220.123.226 - - [19/Jul/2024:07:11:32 +0200] "GET /ticket2/opencms/se/sv/buy/?page=1&edid=18867CA9-F302-883E-4054-B8E0E1ADD001 HTTP/1.1" 404 -
194.163.141.13 - - [19/Jul/2024:07:11:32 +0200] "GET /ticket2/opencms/sv/login/?edid=45F55A9B-C56E-3C99-BE60-88DE2E329DDD HTTP/1.1" 200 73621
192.95.30.21 - - [19/Jul/2024:07:11:35 +0200] "GET /ticket2/opencms/se/no/buy/?page=1&edid=D3AC8ED2-9B15-6187-BB41-9830D862CD00&sortorder=desc&column=row HTTP/1.1" 404 -
95.163.255.178 - - [19/Jul/2024:07:11:37 +0200] "GET /ticket2/opencms/ru/sport/football/la_liga/barcelona/ HTTP/1.1" 500 -
194.163.141.13 - - [19/Jul/2024:07:11:40 +0200] "GET /ticket2/opencms/sv/sell/?edid=5DD7BC42-DB22-EC66-CE5D-0464D20DDDB4 HTTP/1.1" 302 -
192.95.30.21 - - [19/Jul/2024:07:11:40 +0200] "GET /ticket2/opencms/se/no/buy/?page=1&edid=D46F6BE8-BC8A-8DDC-1025-98720CF7125C HTTP/1.1" 404 -
47.128.29.3 - - [19/Jul/2024:07:11:40 +0200] "GET /ticket2/opencms/fi/buy/?edid=2342A962-CD9D-E804-5B79-A5F34D32403B HTTP/1.1" 200 72632
47.128.29.3 - - [19/Jul/2024:07:11:41 +0200] "GET /ticket2/opencms/system/modules/com.gridnine.opencms.ticketbrokerage.site/resources/pics/logo-new.png HTTP/1.1" 200 13541
47.128.29.3 - - [19/Jul/2024:07:11:41 +0200] "GET /ticket2/opencms/system/modules/com.gridnine.opencms.ticketbrokerage.site/resources/pics/footer-img.png HTTP/1.1" 200 10350
192.95.30.21 - - [19/Jul/2024:07:11:46 +0200] "GET /ticket2/opencms/se/no/buy/?page=1&edid=D58773AD-87B0-4499-CB80-8C22201C9598 HTTP/1.1" 404 -
54.36.148.61 - - [19/Jul/2024:07:11:48 +0200] "GET /ticket2/opencms/fi/buy/?page=6&comcatid=A17713B6-D984-201A-4143-ED4DB5ED5C2E&catid=21C3854B-901E-11F9-7B7D-6838CC6AFAA4&eventid=6FF9EBE1-05EE-AA1E-A54F-A9D14CF13922 HTTP/1.1" 200 100744
192.95.30.21 - - [19/Jul/2024:07:11:51 +0200] "GET /ticket2/opencms/se/no/buy/?page=1&edid=D5CEC1AF-7456-A530-2177-1F59A4D45052 HTTP/1.1" 404 -
192.95.30.21 - - [19/Jul/2024:07:11:57 +0200] "GET /ticket2/opencms/se/no/buy/?page=1&edid=D5E74C45-3F08-B240-C54C-249FC09ABDCA&sortorder=desc&column=price HTTP/1.1" 404 -
194.163.141.13 - - [19/Jul/2024:07:11:59 +0200] "GET /ticket2/opencms/sv/login/?edid=5DD7BC42-DB22-EC66-CE5D-0464D20DDDB4 HTTP/1.1" 200 73621
192.95.30.21 - - [19/Jul/2024:07:12:02 +0200] "GET /ticket2/opencms/se/no/buy/?page=1&edid=D5E74C45-3F08-B240-C54C-249FC09ABDCA&sortorder=desc&column=row HTTP/1.1" 404 -
95.163.255.178 - - [19/Jul/2024:07:12:03 +0200] "GET /ticket2/opencms/ru/sport/football/premier_league/ HTTP/1.1" 500 -
192.95.30.21 - - [19/Jul/2024:07:12:08 +0200] "GET /ticket2/opencms/se/no/buy/?page=1&edid=D671AA4B-F4FE-4377-0CEE-00CC26515A20 HTTP/1.1" 404 -
194.163.141.13 - - [19/Jul/2024:07:12:09 +0200] "GET /ticket2/opencms/sv/sell/?edid=5F1F86AC-2D0F-448B-1D5B-5FDE7EBC259B HTTP/1.1" 302 -
114.119.130.248 - - [19/Jul/2024:07:12:11 +0200] "GET /ticket2/opencms/en/venue/?venueid=2C05FD8F-0F8B-4EB0-A1C9-4F2046334E3E HTTP/1.1" 200 70707
37.60.249.191 - - [19/Jul/2024:07:12:12 +0200] "GET /ticket2/opencms/dk/nl/buy/?page=1&edid=D5A1FEF8-3732-15EB-3A1F-F2042068C7C5&sortorder=asc&column=section HTTP/1.1" 404 -
192.95.30.21 - - [19/Jul/2024:07:12:13 +0200] "GET /ticket2/opencms/se/no/buy/?page=1&edid=DC17638A-A464-04D3-43D9-DBC50F531118&sortorder=asc&column=price HTTP/1.1" 404 -
54.36.148.97 - - [19/Jul/2024:07:12:14 +0200] "GET /ticket2/opencms/fi/buy/?page=6&comcatid=A17713B6-D984-201A-4143-ED4DB5ED5C2E&catid=21C3854B-901E-11F9-7B7D-6838CC6AFAA4&eventid=0DB6A7C3-0396-810D-FC19-B3411E77B645 HTTP/1.1" 200 101010
192.176.60.25 - - [19/Jul/2024:07:12:16 +0200] "GET /ticket2/opencms/sv/buy?page=2&sodvid=666cbcf1-fe94-4fe4-9e5d-539f0a01000f HTTP/1.1" 200 95150
192.176.60.25 - - [19/Jul/2024:07:12:16 +0200] "GET /ticket2/opencms/system/modules/com.gridnine.opencms.ticketbrokerage.site/resources/css/calendar.css HTTP/1.1" 200 6871
192.176.60.25 - - [19/Jul/2024:07:12:16 +0200] "GET /ticket2/opencms/system/modules/com.gridnine.opencms.ticketbrokerage.site/resources/css/ticketbrokerage.css HTTP/1.1" 200 39339
192.176.60.25 - - [19/Jul/2024:07:12:16 +0200] "GET /ticket2/opencms/system/modules/com.gridnine.opencms.ticketbrokerage.site/resources/js/functions.js HTTP/1.1" 200 1583
192.176.60.25 - - [19/Jul/2024:07:12:16 +0200] "GET /ticket2/opencms/system/modules/com.gridnine.opencms.ticketbrokerage.site/resources/css/standard.css HTTP/1.1" 200 72814
192.176.60.25 - - [19/Jul/2024:07:12:16 +0200] "GET /ticket2/opencms/system/modules/com.gridnine.opencms.ticketbrokerage.site/resources/js/calendar.js HTTP/1.1" 200 49229
192.176.60.25 - - [19/Jul/2024:07:12:16 +0200] "GET /ticket2/opencms/system/modules/com.gridnine.opencms.ticketbrokerage.site/resources/js/calendar-en.js HTTP/1.1" 200 3338
192.176.60.25 - - [19/Jul/2024:07:12:16 +0200] "GET /ticket2/opencms/system/modules/com.gridnine.opencms.ticketbrokerage.site/resources/js/standard.js HTTP/1.1" 200 3978
192.176.60.25 - - [19/Jul/2024:07:12:16 +0200] "GET /ticket2/opencms/system/modules/com.gridnine.opencms.ticketbrokerage.site/resources/js/calendar-setup.js HTTP/1.1" 200 4923
192.176.60.25 - - [19/Jul/2024:07:12:17 +0200] "GET /ticket2/opencms/system/modules/com.gridnine.opencms.ticketbrokerage.site/resources/css/images/ui-bg_flat_75_ffffff_40x100.png HTTP/1.1" 404 -
194.163.141.13 - - [19/Jul/2024:07:12:18 +0200] "GET /ticket2/opencms/sv/login/?edid=5F1F86AC-2D0F-448B-1D5B-5FDE7EBC259B HTTP/1.1" 200 73621
192.95.30.21 - - [19/Jul/2024:07:12:19 +0200] "GET /ticket2/opencms/se/no/buy/?page=1&edid=DEB9D183-E9D1-B6AD-28F4-03F3EA049231 HTTP/1.1" 404 -
114.119.131.42 - - [19/Jul/2024:07:12:22 +0200] "GET /ticket2/opencms/en/venue/?venueid=A47741F4-A804-4C3E-9C11-32CCAFD2A999 HTTP/1.1" 200 70670
192.95.30.21 - - [19/Jul/2024:07:12:25 +0200] "GET /ticket2/opencms/se/no/buy/?page=1&edid=DEBB69BB-3BAB-F0BE-B5F2-8B7120D1A9CB&sortorder=desc&column=price HTTP/1.1" 404 -
194.163.141.13 - - [19/Jul/2024:07:12:27 +0200] "GET /ticket2/opencms/sv/sell/?edid=604ED02B-13F0-F32C-1AAA-D1E8D0471118 HTTP/1.1" 302 -
192.95.30.21 - - [19/Jul/2024:07:12:30 +0200] "GET /ticket2/opencms/se/no/buy/?page=1&edid=DEBB69BB-3BAB-F0BE-B5F2-8B7120D1A9CB&sortorder=desc&column=section HTTP/1.1" 404 -
158.220.123.226 - - [19/Jul/2024:07:12:33 +0200] "GET /ticket2/opencms/se/sv/buy/?page=1&edid=18B9826D-BF4F-EA00-8C87-B4D46442558C HTTP/1.1" 404 -
194.163.141.13 - - [19/Jul/2024:07:12:34 +0200] "GET /ticket2/opencms/sv/login/?edid=604ED02B-13F0-F32C-1AAA-D1E8D0471118 HTTP/1.1" 200 73621
192.176.60.25 - - [19/Jul/2024:07:12:35 +0200] "GET /ticket2/opencms/sv/buy/?page=1&edid=55D1893A-18D7-BF3D-C95C-B7BB78833B39 HTTP/1.1" 200 110594
192.176.60.25 - - [19/Jul/2024:07:12:35 +0200] "GET /ticket2/opencms/sv/ask-form.html HTTP/1.1" 200 2950
192.95.30.21 - - [19/Jul/2024:07:12:36 +0200] "GET /ticket2/opencms/se/no/buy/?page=1&edid=DEC25760-0789-4D20-D1DC-0FD688090800&sortorder=desc&column=price HTTP/1.1" 404 -
37.60.249.191 - - [19/Jul/2024:07:12:38 +0200] "GET /ticket2/opencms/dk/nl/buy/?page=1&edid=D5ECBB60-B9DE-C9C5-5B4C-845CEC40C77F HTTP/1.1" 404 -
54.36.148.240 - - [19/Jul/2024:07:12:41 +0200] "GET /ticket2/opencms/fi/buy/?page=6&comcatid=A17713B6-D984-201A-4143-ED4DB5ED5C2E&catid=21C3854B-901E-11F9-7B7D-6838CC6AFAA4&eventid=B1E27EAD-2DAB-B132-68A0-815602472CC3 HTTP/1.1" 200 99734
63.143.42.252 - - [19/Jul/2024:07:12:41 +0200] "HEAD /ticket2/opencms/ HTTP/1.1" 302 -
192.95.30.21 - - [19/Jul/2024:07:12:41 +0200] "GET /ticket2/opencms/se/no/buy/?page=1&edid=DEC25760-0789-4D20-D1DC-0FD688090800&sortorder=desc&column=row HTTP/1.1" 404 -
194.163.141.13 - - [19/Jul/2024:07:12:43 +0200] "GET /ticket2/opencms/sv/sell/?edid=6148A2B2-D232-D389-97F0-A33D279676EB HTTP/1.1" 302 -
192.176.60.25 - - [19/Jul/2024:07:12:44 +0200] "GET /ticket2/opencms/sv/sport/fotbollsbiljetter/premier_league/?gad_source=1&gclid=EAIaIQobChMI1ta_pa2yhwMV7pGDBx1N5RqCEAAYAiAAEgJde_D_BwE HTTP/1.1" 200 79671
63.143.42.252 - - [19/Jul/2024:07:12:44 +0200] "HEAD /ticket2/opencms/en/ HTTP/1.1" 200 -
192.95.30.21 - - [19/Jul/2024:07:12:47 +0200] "GET /ticket2/opencms/se/no/buy/?page=1&edid=DEC25760-0789-4D20-D1DC-0FD688090800&sortorder=desc&column=section HTTP/1.1" 404 -
192.95.30.21 - - [19/Jul/2024:07:12:52 +0200] "GET /ticket2/opencms/se/no/buy/?page=1&edid=E0E0A92E-E970-D7B2-B5EB-9799FE58777D&sortorder=desc&column=section HTTP/1.1" 404 -
114.119.132.248 - - [19/Jul/2024:07:12:55 +0200] "GET /ticket2/opencms/en/sell/?edid=C7EAFC7A-4FA5-549F-452A-F63D18057AFE HTTP/1.1" 302 -
194.163.141.13 - - [19/Jul/2024:07:12:57 +0200] "GET /ticket2/opencms/sv/login/?edid=6148A2B2-D232-D389-97F0-A33D279676EB HTTP/1.1" 200 73621
192.95.30.21 - - [19/Jul/2024:07:12:58 +0200] "GET /ticket2/opencms/se/no/buy/?page=1&edid=E2BA566F-7943-8BEC-96B9-9CC0C50C3F94&sortorder=asc&column=price HTTP/1.1" 404 -
114.119.132.248 - - [19/Jul/2024:07:12:59 +0200] "GET /ticket2/opencms/en/login/?url=/en/sell/ HTTP/1.1" 200 72802
40.77.167.36 - - [19/Jul/2024:07:13:00 +0200] "GET /ticket2/opencms/sv/buy?page=1&edid=65C03F06-B4E6-0D65-D535-E007A0321D02 HTTP/1.1" 200 100042
192.95.30.21 - - [19/Jul/2024:07:13:03 +0200] "GET /ticket2/opencms/se/no/buy/?page=1&edid=E2BA566F-7943-8BEC-96B9-9CC0C50C3F94&sortorder=asc&column=row HTTP/1.1" 404 -
216.244.66.245 - - [19/Jul/2024:07:13:05 +0200] "GET /ticket2/opencms/se/robots.txt HTTP/1.1" 404 -
114.119.158.193 - - [19/Jul/2024:07:13:07 +0200] "GET /ticket2/opencms/sv/login/?url=/sv/sell/ HTTP/1.1" 200 73621
158.220.123.226 - - [19/Jul/2024:07:13:08 +0200] "GET /ticket2/opencms/se/sv/buy/?page=1&edid=19E6AA26-8C71-91B2-57B1-FE9ADF08994E HTTP/1.1" 404 -
192.95.30.21 - - [19/Jul/2024:07:13:09 +0200] "GET /ticket2/opencms/se/no/buy/?page=1&edid=E2BA566F-7943-8BEC-96B9-9CC0C50C3F94&sortorder=asc&column=section HTTP/1.1" 404 -
54.36.148.99 - - [19/Jul/2024:07:13:09 +0200] "GET /ticket2/opencms/fi/buy/?page=6&comcatid=A17713B6-D984-201A-4143-ED4DB5ED5C2E&catid=21C3854B-901E-11F9-7B7D-6838CC6AFAA4&eventid=ADB4BA94-4A6D-0826-5992-F7DEA47BAAA3 HTTP/1.1" 200 99736
37.60.249.191 - - [19/Jul/2024:07:13:12 +0200] "GET /ticket2/opencms/dk/nl/buy/?page=1&edid=DEA4A591-9EE5-BF64-43D1-08A1DEA4CC02&sortorder=asc&column=price HTTP/1.1" 404 -
192.95.30.21 - - [19/Jul/2024:07:13:14 +0200] "GET /ticket2/opencms/se/no/buy/?page=1&edid=E37D9788-59C6-DADE-FC63-F7F06CE589EF HTTP/1.1" 404 -
66.249.79.173 - - [19/Jul/2024:07:13:16 +0200] "GET /ticket2/opencms/fi/venue/?venueid=B949E0D0-6478-1385-BB77-53DBB861A93A HTTP/1.1" 200 72292
66.249.79.173 - - [19/Jul/2024:07:13:16 +0200] "GET /ticket2/opencms/en/buy/?page=1&edid=F0845893-AB25-79ED-E273-8681A31846EB HTTP/1.1" 200 112480
192.95.30.21 - - [19/Jul/2024:07:13:20 +0200] "GET /ticket2/opencms/se/ru/buy/?page=1&edid=30B90E18-08FF-50F0-57E7-09B58974F8E4&sortorder=desc&column=section HTTP/1.1" 404 -
192.95.30.21 - - [19/Jul/2024:07:13:25 +0200] "GET /ticket2/opencms/se/ru/buy/?page=1&edid=33CC4948-6558-3EC2-FACA-6AF19D354AA8&sortorder=asc&column=section HTTP/1.1" 404 -
192.95.30.21 - - [19/Jul/2024:07:13:30 +0200] "GET /ticket2/opencms/se/ru/buy/?page=1&edid=33CEB7C6-AA6B-44C3-19A1-6AFED525113B HTTP/1.1" 404 -
54.36.148.252 - - [19/Jul/2024:07:13:35 +0200] "GET /ticket2/opencms/fi/buy/?page=6&comcatid=A17713B6-D984-201A-4143-ED4DB5ED5C2E&catid=21C3854B-901E-11F9-7B7D-6838CC6AFAA4&eventid=2D54F0A4-B7E5-1986-E461-A23A05E27C76 HTTP/1.1" 200 100591
192.95.30.21 - - [19/Jul/2024:07:13:36 +0200] "GET /ticket2/opencms/se/ru/buy/?page=1&edid=367B9EE6-B137-76C6-384E-9FCE8FDC07EF&sortorder=asc&column=price HTTP/1.1" 404 -
192.95.30.21 - - [19/Jul/2024:07:13:41 +0200] "GET /ticket2/opencms/se/ru/buy/?page=1&edid=371F6801-0748-6950-3EE6-EBCD0BD873DE&sortorder=asc&column=price HTTP/1.1" 404 -
114.119.132.202 - - [19/Jul/2024:07:13:43 +0200] "GET /ticket2/opencms/en/venue/?venueid=75885D15-264E-60FB-5DAC-D1D386082DD7 HTTP/1.1" 200 70719
192.95.30.21 - - [19/Jul/2024:07:13:47 +0200] "GET /ticket2/opencms/se/ru/buy/?page=1&edid=371F6801-0748-6950-3EE6-EBCD0BD873DE&sortorder=asc&column=row HTTP/1.1" 404 -
37.60.249.191 - - [19/Jul/2024:07:13:51 +0200] "GET /ticket2/opencms/dk/nl/buy/?page=1&edid=E58AAC5D-846B-EA7D-01BD-6FBB3D78E282&sortorder=desc&column=section HTTP/1.1" 404 -
192.95.30.21 - - [19/Jul/2024:07:13:52 +0200] "GET /ticket2/opencms/se/ru/buy/?page=1&edid=4339DD41-EA63-9D26-7344-E8BE74B0C15A&sortorder=asc&column=price HTTP/1.1" 404 -
17.241.219.140 - - [19/Jul/2024:07:13:52 +0200] "GET /ticket2/opencms/ HTTP/1.1" 302 -
17.241.219.140 - - [19/Jul/2024:07:13:52 +0200] "GET /ticket2/opencms/en/ HTTP/1.1" 200 94039
47.128.49.92 - - [19/Jul/2024:07:13:55 +0200] "GET /ticket2/opencms/no/buy/?comcatid=0A6B8208-FDA4-E929-9D72-5312FD481B76&page=6 HTTP/1.1" 200 75708
47.128.49.92 - - [19/Jul/2024:07:13:56 +0200] "GET /ticket2/opencms/system/modules/com.gridnine.opencms.ticketbrokerage.site/resources/pics/logo-new.png HTTP/1.1" 200 13541
47.128.49.92 - - [19/Jul/2024:07:13:56 +0200] "GET /ticket2/opencms/system/modules/com.gridnine.opencms.ticketbrokerage.site/resources/pics/footer-img.png HTTP/1.1" 200 10350
192.95.30.21 - - [19/Jul/2024:07:13:58 +0200] "GET /ticket2/opencms/se/ru/buy/?page=1&edid=4339DD41-EA63-9D26-7344-E8BE74B0C15A&sortorder=asc&column=section HTTP/1.1" 404 -
47.128.57.109 - - [19/Jul/2024:07:13:59 +0200] "GET /ticket2/opencms/no/buy/?edid=2342A962-CD9D-E804-5B79-A5F34D32403B HTTP/1.1" 200 72276
47.128.57.109 - - [19/Jul/2024:07:14:00 +0200] "GET /ticket2/opencms/system/modules/com.gridnine.opencms.ticketbrokerage.site/resources/pics/logo-new.png HTTP/1.1" 200 13541
47.128.57.109 - - [19/Jul/2024:07:14:00 +0200] "GET /ticket2/opencms/system/modules/com.gridnine.opencms.ticketbrokerage.site/resources/pics/footer-img.png HTTP/1.1" 200 10350
192.95.30.21 - - [19/Jul/2024:07:14:03 +0200] "GET /ticket2/opencms/se/ru/buy/?page=1&edid=44264AD6-AE6F-DE08-2352-8E049AC8C6F2&sortorder=asc&column=price HTTP/1.1" 404 -
114.119.130.29 - - [19/Jul/2024:07:14:07 +0200] "GET /ticket2/opencms/en/buy/?comcatid=A17713B6-D984-201A-4143-ED4DB5ED5C2E&catid=C48671DB-5AEB-8CE2-928E-38417FFBE085 HTTP/1.1" 200 81051
192.95.30.21 - - [19/Jul/2024:07:14:08 +0200] "GET /ticket2/opencms/se/ru/buy/?page=1&edid=44264AD6-AE6F-DE08-2352-8E049AC8C6F2&sortorder=asc&column=row HTTP/1.1" 404 -
47.128.36.240 - - [19/Jul/2024:07:14:10 +0200] "GET /ticket2/opencms/de/faq/ HTTP/1.1" 200 73632
47.128.36.240 - - [19/Jul/2024:07:14:10 +0200] "GET /ticket2/opencms/system/modules/com.gridnine.opencms.ticketbrokerage.site/resources/pics/logo-new.png HTTP/1.1" 200 13541
47.128.36.240 - - [19/Jul/2024:07:14:11 +0200] "GET /ticket2/opencms/system/modules/com.gridnine.opencms.ticketbrokerage.site/resources/pics/footer-img.png HTTP/1.1" 200 10350
192.95.30.21 - - [19/Jul/2024:07:14:14 +0200] "GET /ticket2/opencms/se/ru/buy/?page=1&edid=44264AD6-AE6F-DE08-2352-8E049AC8C6F2&sortorder=asc&column=section HTTP/1.1" 404 -
192.95.30.21 - - [19/Jul/2024:07:14:19 +0200] "GET /ticket2/opencms/se/ru/buy/?page=1&edid=443A5BE5-6E1B-92D8-CAE5-906AF16A59E7&sortorder=asc&column=row HTTP/1.1" 404 -
95.163.255.167 - - [19/Jul/2024:07:14:22 +0200] "GET /ticket2/opencms/ru/sport/football/serie_a/roma/ HTTP/1.1" 500 -
47.128.120.114 - - [19/Jul/2024:07:14:22 +0200] "GET /ticket2/opencms/no/ HTTP/1.1" 200 95258
47.128.120.114 - - [19/Jul/2024:07:14:23 +0200] "GET /ticket2/opencms/system/modules/com.gridnine.opencms.ticketbrokerage.site/resources/pics/logo-new.png HTTP/1.1" 200 13541
47.128.120.114 - - [19/Jul/2024:07:14:23 +0200] "GET /ticket2/opencms/system/modules/com.gridnine.opencms.ticketbrokerage.site/resources/pics/footer-img.png HTTP/1.1" 200 10350
192.95.30.21 - - [19/Jul/2024:07:14:25 +0200] "GET /ticket2/opencms/se/ru/buy/?page=1&edid=4457AAA5-B79C-4CFF-795B-48A1890E4376&sortorder=asc&column=row HTTP/1.1" 404 -
212.226.146.102 - - [19/Jul/2024:07:14:29 +0200] "GET /ticket2/opencms/fi/urheilu/jalkapallo/premier_league/?gad_source=1&gclid=EAIaIQobChMIm7TDlq6yhwMVCxiiAx3O8wX9EAAYASAAEgLP9vD_BwE HTTP/1.1" 200 79323
212.226.146.102 - - [19/Jul/2024:07:14:29 +0200] "GET /ticket2/opencms/system/modules/com.gridnine.opencms.ticketbrokerage.site/resources/css/ticketbrokerage.css HTTP/1.1" 200 39339
212.226.146.102 - - [19/Jul/2024:07:14:29 +0200] "GET /ticket2/opencms/system/modules/com.gridnine.opencms.ticketbrokerage.site/resources/css/calendar.css HTTP/1.1" 200 6871
212.226.146.102 - - [19/Jul/2024:07:14:29 +0200] "GET /ticket2/opencms/system/modules/com.gridnine.opencms.ticketbrokerage.site/resources/css/jquery.fancybox.css HTTP/1.1" 200 4939
212.226.146.102 - - [19/Jul/2024:07:14:29 +0200] "GET /ticket2/opencms/system/modules/com.gridnine.opencms.ticketbrokerage.site/resources/js/jquery/jquery.js HTTP/1.1" 200 93868
212.226.146.102 - - [19/Jul/2024:07:14:29 +0200] "GET /ticket2/opencms/system/modules/com.gridnine.opencms.ticketbrokerage.site/resources/css/standard.css HTTP/1.1" 200 72814
212.226.146.102 - - [19/Jul/2024:07:14:29 +0200] "GET /ticket2/opencms/system/modules/com.gridnine.opencms.ticketbrokerage.site/resources/js/jquery/jquery-ui.js HTTP/1.1" 200 228088
212.226.146.102 - - [19/Jul/2024:07:14:29 +0200] "GET /ticket2/opencms/system/modules/com.gridnine.opencms.ticketbrokerage.site/resources/css/jquery-ui.css HTTP/1.1" 200 33221
212.226.146.102 - - [19/Jul/2024:07:14:29 +0200] "GET /ticket2/opencms/system/modules/com.gridnine.opencms.ticketbrokerage.site/resources/js/functions.js HTTP/1.1" 200 1583
212.226.146.102 - - [19/Jul/2024:07:14:29 +0200] "GET /ticket2/opencms/system/modules/com.gridnine.opencms.ticketbrokerage.site/resources/js/calendar.js HTTP/1.1" 200 49229
212.226.146.102 - - [19/Jul/2024:07:14:29 +0200] "GET /ticket2/opencms/system/modules/com.gridnine.opencms.ticketbrokerage.site/resources/js/calendar-en.js HTTP/1.1" 200 3338
212.226.146.102 - - [19/Jul/2024:07:14:29 +0200] "GET /ticket2/opencms/system/modules/com.gridnine.opencms.ticketbrokerage.site/resources/js/calendar-setup.js HTTP/1.1" 200 4923
212.226.146.102 - - [19/Jul/2024:07:14:29 +0200] "GET /ticket2/opencms/system/modules/com.gridnine.opencms.ticketbrokerage.site/resources/js/jquery.fancybox.pack.js HTTP/1.1" 200 23187
212.226.146.102 - - [19/Jul/2024:07:14:29 +0200] "GET /ticket2/opencms/system/modules/com.gridnine.opencms.ticketbrokerage.site/resources/js/stickyfill.min.js HTTP/1.1" 200 5672
212.226.146.102 - - [19/Jul/2024:07:14:29 +0200] "GET /ticket2/opencms/system/modules/com.gridnine.opencms.ticketbrokerage.site/resources/js/standard.js HTTP/1.1" 200 3978
212.226.146.102 - - [19/Jul/2024:07:14:29 +0200] "GET /ticket2/opencms/system/modules/com.gridnine.opencms.ticketbrokerage.site/resources/js/jquery.placeholder.min.js HTTP/1.1" 200 1737
212.226.146.102 - - [19/Jul/2024:07:14:29 +0200] "GET /ticket2/opencms/system/modules/com.gridnine.opencms.ticketbrokerage.site/resources/js/common-ajax.js HTTP/1.1" 200 20175
212.226.146.102 - - [19/Jul/2024:07:14:29 +0200] "GET /ticket2/opencms/img/icons/se.png HTTP/1.1" 200 1258
212.226.146.102 - - [19/Jul/2024:07:14:29 +0200] "GET /ticket2/opencms/system/modules/com.gridnine.opencms.ticketbrokerage.site/resources/pics/logo-new.png HTTP/1.1" 200 13541
212.226.146.102 - - [19/Jul/2024:07:14:29 +0200] "GET /ticket2/opencms/img/insta.png HTTP/1.1" 200 3967
212.226.146.102 - - [19/Jul/2024:07:14:29 +0200] "GET /ticket2/opencms/system/modules/com.gridnine.opencms.ticketbrokerage.site/resources/pics/banners/sv/premier_league_sv.png HTTP/1.1" 200 13518
212.226.146.102 - - [19/Jul/2024:07:14:29 +0200] "GET /ticket2/opencms/system/modules/com.gridnine.opencms.ticketbrokerage.site/resources/pics/footer-img.png HTTP/1.1" 200 10350
212.226.146.102 - - [19/Jul/2024:07:14:29 +0200] "GET /ticket2/opencms/img/fb.png HTTP/1.1" 200 1269
212.226.146.102 - - [19/Jul/2024:07:14:29 +0200] "GET /ticket2/opencms/img/check.png HTTP/1.1" 200 548
212.226.146.102 - - [19/Jul/2024:07:14:29 +0200] "GET /ticket2/opencms/img/chat.png HTTP/1.1" 200 416
212.226.146.102 - - [19/Jul/2024:07:14:29 +0200] "GET /ticket2/opencms/img/arrow.png HTTP/1.1" 200 753
212.226.146.102 - - [19/Jul/2024:07:14:29 +0200] "GET /ticket2/opencms/img/mail.png HTTP/1.1" 200 403
212.226.146.102 - - [19/Jul/2024:07:14:29 +0200] "GET /ticket2/opencms/img/icons/no.png HTTP/1.1" 200 1958
212.226.146.102 - - [19/Jul/2024:07:14:29 +0200] "GET /ticket2/opencms/img/icons/globe-white.png HTTP/1.1" 200 947
212.226.146.102 - - [19/Jul/2024:07:14:29 +0200] "GET /ticket2/opencms/img/icons/dk.png HTTP/1.1" 200 1706
212.226.146.102 - - [19/Jul/2024:07:14:29 +0200] "GET /ticket2/opencms/img/icons/fi.png HTTP/1.1" 200 1785
212.226.146.102 - - [19/Jul/2024:07:14:29 +0200] "GET /ticket2/opencms/img/icons/nl.png HTTP/1.1" 200 1255
212.226.146.102 - - [19/Jul/2024:07:14:29 +0200] "GET /ticket2/opencms/img/icons/de.png HTTP/1.1" 200 1124
212.226.146.102 - - [19/Jul/2024:07:14:29 +0200] "GET /ticket2/opencms/img/icons/fr.png HTTP/1.1" 200 1764
212.226.146.102 - - [19/Jul/2024:07:14:29 +0200] "GET /ticket2/opencms/img/icons/es.png HTTP/1.1" 200 1005
212.226.146.102 - - [19/Jul/2024:07:14:30 +0200] "GET /ticket2/opencms/img/icons/it.png HTTP/1.1" 200 2040
212.226.146.102 - - [19/Jul/2024:07:14:30 +0200] "GET /ticket2/opencms/img/icons/en.png HTTP/1.1" 200 2415
212.226.146.102 - - [19/Jul/2024:07:14:30 +0200] "GET /ticket2/opencms/favicon.ico HTTP/1.1" 200 1406
212.226.146.102 - - [19/Jul/2024:07:14:30 +0200] "GET /ticket2/opencms/system/modules/com.gridnine.opencms.ticketbrokerage.site/resources/js/standard.js HTTP/1.1" 200 3978
212.226.146.102 - - [19/Jul/2024:07:14:31 +0200] "GET /ticket2/opencms/system/modules/com.gridnine.opencms.ticketbrokerage.site/resources/css/images/ui-bg_flat_75_ffffff_40x100.png HTTP/1.1" 404 -
192.95.30.21 - - [19/Jul/2024:07:14:32 +0200] "GET /ticket2/opencms/se/ru/buy/?page=1&edid=47A04F1B-F127-382D-DF54-4D81669CB663&sortorder=asc&column=row HTTP/1.1" 404 -
37.60.249.191 - - [19/Jul/2024:07:14:35 +0200] "GET /ticket2/opencms/dk/nl/buy/?page=1&edid=EC1CEE7F-0D0E-364E-1B36-05B890BB56A8&sortorder=asc&column=price HTTP/1.1" 404 -
192.95.30.21 - - [19/Jul/2024:07:14:37 +0200] "GET /ticket2/opencms/se/ru/buy/?page=1&edid=47A673BE-C245-9F8B-C91F-05F588A16FEE&sortorder=asc&column=price HTTP/1.1" 404 -
192.95.30.21 - - [19/Jul/2024:07:14:43 +0200] "GET /ticket2/opencms/se/ru/buy/?page=1&edid=47A673BE-C245-9F8B-C91F-05F588A16FEE&sortorder=asc&column=section HTTP/1.1" 404 -
47.128.25.166 - - [19/Jul/2024:07:14:45 +0200] "GET /ticket2/opencms/fr/buy/?comcatid=A17713B6-D984-201A-4143-ED4DB5ED5C2E&catid=A7674DEA-B39E-502C-2F76-760AE08947E9 HTTP/1.1" 200 82219
212.226.146.102 - - [19/Jul/2024:07:14:45 +0200] "GET /ticket2/opencms/fi/urheilu/jalkapallo/premier_league/arsenal/ HTTP/1.1" 200 83332
212.226.146.102 - - [19/Jul/2024:07:14:46 +0200] "GET /ticket2/opencms/system/modules/com.gridnine.opencms.ticketbrokerage.site/resources/css/ticketbrokerage.css HTTP/1.1" 200 39339
212.226.146.102 - - [19/Jul/2024:07:14:46 +0200] "GET /ticket2/opencms/system/modules/com.gridnine.opencms.ticketbrokerage.site/resources/css/calendar.css HTTP/1.1" 200 6871
212.226.146.102 - - [19/Jul/2024:07:14:46 +0200] "GET /ticket2/opencms/system/modules/com.gridnine.opencms.ticketbrokerage.site/resources/css/standard.css HTTP/1.1" 200 72814
212.226.146.102 - - [19/Jul/2024:07:14:46 +0200] "GET /ticket2/opencms/system/modules/com.gridnine.opencms.ticketbrokerage.site/resources/js/functions.js HTTP/1.1" 200 1583
212.226.146.102 - - [19/Jul/2024:07:14:46 +0200] "GET /ticket2/opencms/system/modules/com.gridnine.opencms.ticketbrokerage.site/resources/js/calendar.js HTTP/1.1" 200 49229
212.226.146.102 - - [19/Jul/2024:07:14:46 +0200] "GET /ticket2/opencms/system/modules/com.gridnine.opencms.ticketbrokerage.site/resources/js/calendar-en.js HTTP/1.1" 200 3338
212.226.146.102 - - [19/Jul/2024:07:14:46 +0200] "GET /ticket2/opencms/system/modules/com.gridnine.opencms.ticketbrokerage.site/resources/js/calendar-setup.js HTTP/1.1" 200 4923
212.226.146.102 - - [19/Jul/2024:07:14:46 +0200] "GET /ticket2/opencms/system/modules/com.gridnine.opencms.ticketbrokerage.site/resources/js/standard.js HTTP/1.1" 200 3978
212.226.146.102 - - [19/Jul/2024:07:14:46 +0200] "GET /ticket2/opencms/system/modules/com.gridnine.opencms.ticketbrokerage.site/resources/pics/banners/arsenal.png HTTP/1.1" 200 13545
47.128.25.166 - - [19/Jul/2024:07:14:46 +0200] "GET /ticket2/opencms/system/modules/com.gridnine.opencms.ticketbrokerage.site/resources/pics/logo-new.png HTTP/1.1" 200 13541
47.128.25.166 - - [19/Jul/2024:07:14:46 +0200] "GET /ticket2/opencms/system/modules/com.gridnine.opencms.ticketbrokerage.site/resources/pics/footer-img.png HTTP/1.1" 200 10350
192.95.30.21 - - [19/Jul/2024:07:14:48 +0200] "GET /ticket2/opencms/se/ru/buy/?page=1&edid=47EAF487-CAC8-F299-35A2-B620095260CC&sortorder=asc&column=price HTTP/1.1" 404 -
52.167.144.184 - - [19/Jul/2024:07:14:49 +0200] "GET /ticket2/opencms/en/buy?page=1&edid=63D01EA9-6118-F064-A9BE-98AD792F8DD1 HTTP/1.1" 200 84549
37.123.143.245 - - [19/Jul/2024:07:14:53 +0200] "GET /ticket2/opencms/system/workplace/views/top_foot.jsp?wpFrame=foot HTTP/1.1" 200 1211
37.123.143.245 - - [19/Jul/2024:07:14:53 +0200] "GET /ticket2/opencms/system/workplace/commons/style/workplace.css HTTP/1.1" 200 14209
192.95.30.21 - - [19/Jul/2024:07:14:54 +0200] "GET /ticket2/opencms/se/ru/buy/?page=1&edid=47EAF487-CAC8-F299-35A2-B620095260CC&sortorder=asc&column=section HTTP/1.1" 404 -
192.95.30.21 - - [19/Jul/2024:07:14:59 +0200] "GET /ticket2/opencms/se/ru/buy/?page=1&edid=48EF2A5A-89BF-0729-2E7F-CB005311805C&sortorder=asc&column=price HTTP/1.1" 404 -
72.14.199.232 - - [19/Jul/2024:07:15:00 +0200] "GET /ticket2/opencms/dk/sport/fodboldbilletter/serie-a/ HTTP/1.1" 200 76937
212.226.146.102 - - [19/Jul/2024:07:15:04 +0200] "GET /ticket2/opencms/fi/buy/?page=1&edid=1BDA6D08-38AF-6470-7423-555F9C3DEC73 HTTP/1.1" 200 119315
212.226.146.102 - - [19/Jul/2024:07:15:04 +0200] "GET /ticket2/opencms/system/modules/com.gridnine.opencms.ticketbrokerage.site/resources/css/calendar.css HTTP/1.1" 200 6871
212.226.146.102 - - [19/Jul/2024:07:15:04 +0200] "GET /ticket2/opencms/system/modules/com.gridnine.opencms.ticketbrokerage.site/resources/css/ticketbrokerage.css HTTP/1.1" 200 39339
212.226.146.102 - - [19/Jul/2024:07:15:04 +0200] "GET /ticket2/opencms/system/modules/com.gridnine.opencms.ticketbrokerage.site/resources/js/functions.js HTTP/1.1" 200 1583
212.226.146.102 - - [19/Jul/2024:07:15:04 +0200] "GET /ticket2/opencms/system/modules/com.gridnine.opencms.ticketbrokerage.site/resources/css/standard.css HTTP/1.1" 200 72814
212.226.146.102 - - [19/Jul/2024:07:15:04 +0200] "GET /ticket2/opencms/system/modules/com.gridnine.opencms.ticketbrokerage.site/resources/js/calendar-en.js HTTP/1.1" 200 3338
212.226.146.102 - - [19/Jul/2024:07:15:04 +0200] "GET /ticket2/opencms/system/modules/com.gridnine.opencms.ticketbrokerage.site/resources/js/calendar.js HTTP/1.1" 200 49229
212.226.146.102 - - [19/Jul/2024:07:15:04 +0200] "GET /ticket2/opencms/system/modules/com.gridnine.opencms.ticketbrokerage.site/resources/js/calendar-setup.js HTTP/1.1" 200 4923
212.226.146.102 - - [19/Jul/2024:07:15:04 +0200] "GET /ticket2/opencms/system/modules/com.gridnine.opencms.ticketbrokerage.site/resources/js/standard.js HTTP/1.1" 200 3978
212.226.146.102 - - [19/Jul/2024:07:15:04 +0200] "GET /ticket2/opencms/venue/emirates_stadium.png HTTP/1.1" 200 53537
212.226.146.102 - - [19/Jul/2024:07:15:04 +0200] "GET /ticket2/opencms/system/modules/com.gridnine.opencms.ticketbrokerage.site/resources/pics/0.gif HTTP/1.1" 200 43
212.226.146.102 - - [19/Jul/2024:07:15:04 +0200] "GET /ticket2/opencms/system/modules/com.gridnine.opencms.ticketbrokerage.site/resources/pics/two_man.png HTTP/1.1" 200 3407
212.226.146.102 - - [19/Jul/2024:07:15:04 +0200] "GET /ticket2/opencms/system/modules/com.gridnine.opencms.ticketbrokerage.site/resources/pics/ticket_info_button.png HTTP/1.1" 200 3820
212.226.146.102 - - [19/Jul/2024:07:15:04 +0200] "GET /ticket2/opencms/fi/ask-form.html HTTP/1.1" 200 3012
212.226.146.102 - - [19/Jul/2024:07:15:04 +0200] "GET /ticket2/opencms/img/arrow-down.png HTTP/1.1" 200 192
212.226.146.102 - - [19/Jul/2024:07:15:04 +0200] "GET /ticket2/opencms/system/modules/com.gridnine.opencms.ticketbrokerage.site/resources/css/ticketbrokerage.css HTTP/1.1" 200 39339
212.226.146.102 - - [19/Jul/2024:07:15:04 +0200] "GET /ticket2/opencms/system/modules/com.gridnine.opencms.ticketbrokerage.site/resources/pics/arrow.gif HTTP/1.1" 200 344
212.226.146.102 - - [19/Jul/2024:07:15:04 +0200] "GET /ticket2/opencms/system/modules/com.gridnine.opencms.ticketbrokerage.site/resources/pics/form_marker.gif HTTP/1.1" 200 43
192.95.30.21 - - [19/Jul/2024:07:15:05 +0200] "GET /ticket2/opencms/se/ru/buy/?page=1&edid=48EF2A5A-89BF-0729-2E7F-CB005311805C&sortorder=asc&column=row HTTP/1.1" 404 -
47.128.43.33 - - [19/Jul/2024:07:15:05 +0200] "GET /ticket2/opencms/it/?comcatid=810BB404-4103-77F2-A6C2-12D5E6C338E2 HTTP/1.1" 200 95797
47.128.43.33 - - [19/Jul/2024:07:15:06 +0200] "GET /ticket2/opencms/system/modules/com.gridnine.opencms.ticketbrokerage.site/resources/pics/logo-new.png HTTP/1.1" 200 13541
37.60.249.191 - - [19/Jul/2024:07:15:06 +0200] "GET /ticket2/opencms/dk/nl/buy/?page=1&edid=EC1CEE7F-0D0E-364E-1B36-05B890BB56A8&sortorder=asc&column=section HTTP/1.1" 404 -
47.128.43.33 - - [19/Jul/2024:07:15:06 +0200] "GET /ticket2/opencms/system/modules/com.gridnine.opencms.ticketbrokerage.site/resources/pics/footer-img.png HTTP/1.1" 200 10350
47.128.50.125 - - [19/Jul/2024:07:15:10 +0200] "GET /ticket2/opencms/dk/buy/?catid=E92E6B1B-7CD1-74B1-312C-265A7D8125D0&comcatid=A17713B6-D984-201A-4143-ED4DB5ED5C2E HTTP/1.1" 200 81630
192.95.30.21 - - [19/Jul/2024:07:15:10 +0200] "GET /ticket2/opencms/se/ru/buy/?page=1&edid=48EF2A5A-89BF-0729-2E7F-CB005311805C&sortorder=asc&column=section HTTP/1.1" 404 -
47.128.50.125 - - [19/Jul/2024:07:15:11 +0200] "GET /ticket2/opencms/system/modules/com.gridnine.opencms.ticketbrokerage.site/resources/pics/logo-new.png HTTP/1.1" 200 13541
51.222.253.13 - - [19/Jul/2024:07:15:11 +0200] "GET /ticket2/opencms/se/robots.txt HTTP/1.1" 404 -
47.128.50.125 - - [19/Jul/2024:07:15:11 +0200] "GET /ticket2/opencms/system/modules/com.gridnine.opencms.ticketbrokerage.site/resources/pics/footer-img.png HTTP/1.1" 200 10350
194.163.141.13 - - [19/Jul/2024:07:15:12 +0200] "GET /ticket2/opencms/sv/sell/?edid=62771AC5-B6A4-CA99-7698-E23F6FB31315 HTTP/1.1" 302 -
192.95.30.21 - - [19/Jul/2024:07:15:16 +0200] "GET /ticket2/opencms/se/ru/buy/?page=1&edid=4912F0FE-7064-B89A-517A-21A27C476D76&sortorder=asc&column=price HTTP/1.1" 404 -
66.249.79.231 - - [19/Jul/2024:07:15:17 +0200] "GET /ticket2/opencms/set_aff_cookie.jsp?partner=53673ED6-1455-FA54-818F-B1F67121E37C&url=/dk/buy/index.html%3Fpage%3D1%26edid%3D128622B7-EDDD-3A5E-9897-BCB852F1E8F1%26hlv%3D666ddf78-78b0-4d5f-bb50-6d8b0a01000f%23v_1871036216 HTTP/1.1" 200 226
66.249.79.231 - - [19/Jul/2024:07:15:20 +0200] "GET /ticket2/opencms/no HTTP/1.1" 200 95258
54.36.148.65 - - [19/Jul/2024:07:15:20 +0200] "GET /ticket2/opencms/nl/buy/?page=6&comcatid=0A6B8208-FDA4-E929-9D72-5312FD481B76&catid=FCA7FF95-260A-464B-B6FF-A820FCE7DFEF HTTP/1.1" 200 73947
192.95.30.21 - - [19/Jul/2024:07:15:21 +0200] "GET /ticket2/opencms/se/ru/buy/?page=1&edid=4912F0FE-7064-B89A-517A-21A27C476D76&sortorder=asc&column=row HTTP/1.1" 404 -
66.249.76.168 - - [19/Jul/2024:07:15:22 +0200] "GET /ticket2/opencms/sv/magazine/article?title=kylian-mbappe-till-real-madrid HTTP/1.1" 200 74364
194.163.141.13 - - [19/Jul/2024:07:15:23 +0200] "GET /ticket2/opencms/sv/login/?edid=62771AC5-B6A4-CA99-7698-E23F6FB31315 HTTP/1.1" 200 73621
66.249.68.68 - - [19/Jul/2024:07:15:24 +0200] "GET /ticket2/opencms/es/buy/?page=1&edid=39CE598D-FC19-9CD8-F22D-3F7964FACAB9 HTTP/1.1" 200 102096
192.95.30.21 - - [19/Jul/2024:07:15:27 +0200] "GET /ticket2/opencms/se/ru/buy/?page=1&edid=4912F0FE-7064-B89A-517A-21A27C476D76&sortorder=asc&column=section HTTP/1.1" 404 -
66.249.79.231 - - [19/Jul/2024:07:15:29 +0200] "GET /ticket2/opencms/dk/buy/?page=1&edid=128622B7-EDDD-3A5E-9897-BCB852F1E8F1&hlv=666ddf78-78b0-4d5f-bb50-6d8b0a01000f HTTP/1.1" 200 110063
192.95.30.21 - - [19/Jul/2024:07:15:32 +0200] "GET /ticket2/opencms/se/ru/buy/?page=1&edid=4961B68B-E2F1-61D5-B295-903400F60330&sortorder=asc&column=price HTTP/1.1" 404 -
47.128.24.98 - - [19/Jul/2024:07:15:33 +0200] "GET /ticket2/opencms/en/buy/?page=1&edid=D7FE07F1-D4FC-0C39-061A-DD5EA0B3D8F5 HTTP/1.1" 200 109359
47.128.24.98 - - [19/Jul/2024:07:15:34 +0200] "GET /ticket2/opencms/system/modules/com.gridnine.opencms.ticketbrokerage.site/resources/pics/logo-new.png HTTP/1.1" 200 13541
47.128.24.98 - - [19/Jul/2024:07:15:35 +0200] "GET /ticket2/opencms/venue/saint_james_park.gif HTTP/1.1" 200 18299
47.128.24.98 - - [19/Jul/2024:07:15:35 +0200] "GET /ticket2/opencms/system/modules/com.gridnine.opencms.ticketbrokerage.site/resources/pics/two_man.png HTTP/1.1" 200 3407
47.128.24.98 - - [19/Jul/2024:07:15:35 +0200] "GET /ticket2/opencms/system/modules/com.gridnine.opencms.ticketbrokerage.site/resources/pics/ticket_info_button.png HTTP/1.1" 200 3820
47.128.24.98 - - [19/Jul/2024:07:15:35 +0200] "GET /ticket2/opencms/system/modules/com.gridnine.opencms.ticketbrokerage.site/resources/pics/footer-img.png HTTP/1.1" 200 10350
47.128.24.98 - - [19/Jul/2024:07:15:36 +0200] "GET /ticket2/opencms/en/ask-form.html HTTP/1.1" 200 3146
192.95.30.21 - - [19/Jul/2024:07:15:38 +0200] "GET /ticket2/opencms/se/ru/buy/?page=1&edid=4961B68B-E2F1-61D5-B295-903400F60330&sortorder=asc&column=row HTTP/1.1" 404 -
192.95.30.21 - - [19/Jul/2024:07:15:43 +0200] "GET /ticket2/opencms/se/ru/buy/?page=1&edid=49C08FA0-ED06-3265-70AE-3BEE76F3DD9E&sortorder=asc&column=price HTTP/1.1" 404 -
212.226.146.102 - - [19/Jul/2024:07:15:44 +0200] "GET /ticket2/opencms/fi/buy?page=2&sodvid=66733fa8-edcc-41d7-bf09-696b0a01000f HTTP/1.1" 200 96074
212.226.146.102 - - [19/Jul/2024:07:15:44 +0200] "GET /ticket2/opencms/system/modules/com.gridnine.opencms.ticketbrokerage.site/resources/css/ticketbrokerage.css HTTP/1.1" 200 39339
212.226.146.102 - - [19/Jul/2024:07:15:44 +0200] "GET /ticket2/opencms/system/modules/com.gridnine.opencms.ticketbrokerage.site/resources/css/calendar.css HTTP/1.1" 200 6871
212.226.146.102 - - [19/Jul/2024:07:15:44 +0200] "GET /ticket2/opencms/system/modules/com.gridnine.opencms.ticketbrokerage.site/resources/css/standard.css HTTP/1.1" 200 72814
212.226.146.102 - - [19/Jul/2024:07:15:44 +0200] "GET /ticket2/opencms/system/modules/com.gridnine.opencms.ticketbrokerage.site/resources/js/functions.js HTTP/1.1" 200 1583
212.226.146.102 - - [19/Jul/2024:07:15:44 +0200] "GET /ticket2/opencms/system/modules/com.gridnine.opencms.ticketbrokerage.site/resources/js/calendar.js HTTP/1.1" 200 49229
212.226.146.102 - - [19/Jul/2024:07:15:44 +0200] "GET /ticket2/opencms/system/modules/com.gridnine.opencms.ticketbrokerage.site/resources/js/calendar-en.js HTTP/1.1" 200 3338
212.226.146.102 - - [19/Jul/2024:07:15:44 +0200] "GET /ticket2/opencms/system/modules/com.gridnine.opencms.ticketbrokerage.site/resources/js/calendar-setup.js HTTP/1.1" 200 4923
212.226.146.102 - - [19/Jul/2024:07:15:44 +0200] "GET /ticket2/opencms/system/modules/com.gridnine.opencms.ticketbrokerage.site/resources/js/standard.js HTTP/1.1" 200 3978
54.36.148.232 - - [19/Jul/2024:07:15:46 +0200] "GET /ticket2/opencms/nl/buy/?page=6&comcatid=0A6B8208-FDA4-E929-9D72-5312FD481B76&catid=53E7B32E-5CAA-6CE7-D6AA-FFC41D70EE01 HTTP/1.1" 200 73949
192.95.30.21 - - [19/Jul/2024:07:15:48 +0200] "GET /ticket2/opencms/se/ru/buy/?page=1&edid=4E7F34FE-BC2D-0B9C-02D2-EBA83566303D&sortorder=asc&column=row HTTP/1.1" 404 -
37.60.249.191 - - [19/Jul/2024:07:15:53 +0200] "GET /ticket2/opencms/dk/nl/buy/?page=1&edid=EC1CEE7F-0D0E-364E-1B36-05B890BB56A8&sortorder=desc&column=price HTTP/1.1" 404 -
192.95.30.21 - - [19/Jul/2024:07:15:54 +0200] "GET /ticket2/opencms/se/ru/buy/?page=1&edid=4E7F34FE-BC2D-0B9C-02D2-EBA83566303D&sortorder=asc&column=section HTTP/1.1" 404 -
47.128.31.134 - - [19/Jul/2024:07:15:55 +0200] "GET /ticket2/opencms/fr/magazine/article?title=la-derniere-saison-de-lionel-messi HTTP/1.1" 200 76283
47.128.31.134 - - [19/Jul/2024:07:15:56 +0200] "GET /ticket2/opencms/system/modules/com.gridnine.opencms.ticketbrokerage.site/resources/pics/logo-new.png HTTP/1.1" 200 13541
47.128.31.134 - - [19/Jul/2024:07:15:56 +0200] "GET /ticket2/opencms/system/modules/com.gridnine.opencms.ticketbrokerage.site/resources/pics/footer-img.png HTTP/1.1" 200 10350
212.226.146.102 - - [19/Jul/2024:07:15:56 +0200] "GET /ticket2/opencms/fi/buy/?page=1&edid=1BDA6D08-38AF-6470-7423-555F9C3DEC73 HTTP/1.1" 200 119315
212.226.146.102 - - [19/Jul/2024:07:15:56 +0200] "GET /ticket2/opencms/fi/ask-form.html HTTP/1.1" 200 3012
41.216.188.113 - - [19/Jul/2024:07:15:57 +0200] "GET /ticket2/opencms/sv/magazine/article?title=vad-ar-fotboll HTTP/1.1" 200 77566
47.128.33.40 - - [19/Jul/2024:07:15:58 +0200] "GET /ticket2/opencms/fi/venue/?countryid=6F3B2F32-4F0D-5515-B82B-E3D86CD1E73F HTTP/1.1" 200 101663
41.216.188.113 - - [19/Jul/2024:07:15:58 +0200] "GET /ticket2/opencms/sv/magazine/article?title=vad-ar-fotboll&title=%2527 HTTP/1.1" 200 77566
47.128.33.40 - - [19/Jul/2024:07:15:58 +0200] "GET /ticket2/opencms/system/modules/com.gridnine.opencms.ticketbrokerage.site/resources/pics/logo-new.png HTTP/1.1" 200 13541
47.128.33.40 - - [19/Jul/2024:07:15:59 +0200] "GET /ticket2/opencms/system/modules/com.gridnine.opencms.ticketbrokerage.site/resources/pics/footer-img.png HTTP/1.1" 200 10350
192.95.30.21 - - [19/Jul/2024:07:15:59 +0200] "GET /ticket2/opencms/se/ru/buy/?page=1&edid=4EE5407B-B5D1-0B72-3560-DA0EF5C77DF0&sortorder=asc&column=price HTTP/1.1" 404 -
192.95.30.21 - - [19/Jul/2024:07:16:05 +0200] "GET /ticket2/opencms/se/ru/buy/?page=1&edid=4F19228F-1A25-8882-BBD6-E8279B72A577&sortorder=asc&column=section HTTP/1.1" 404 -
54.36.149.88 - - [19/Jul/2024:07:16:09 +0200] "GET /ticket2/opencms/nl/buy/?page=6&comcatid=0A6B8208-FDA4-E929-9D72-5312FD481B76&catid=8E4972FC-6E2C-77A4-BB9D-D67BD270A641 HTTP/1.1" 200 73939
192.95.30.21 - - [19/Jul/2024:07:16:11 +0200] "GET /ticket2/opencms/se/ru/buy/?page=1&edid=55CC2792-4CF0-B26E-1719-512C0ABE2886&sortorder=asc&column=price HTTP/1.1" 404 -
192.95.30.21 - - [19/Jul/2024:07:16:16 +0200] "GET /ticket2/opencms/se/ru/buy/?page=1&edid=55CC2792-4CF0-B26E-1719-512C0ABE2886&sortorder=asc&column=row HTTP/1.1" 404 -
47.128.37.165 - - [19/Jul/2024:07:16:16 +0200] "GET /ticket2/opencms/no/buy/?edid=9FC1378F-E622-E68B-4235-292F649392E8 HTTP/1.1" 200 72276
212.226.146.102 - - [19/Jul/2024:07:16:16 +0200] "GET /ticket2/opencms/fi/buy/?page=1&edid=CCC52869-7D07-37D3-E716-0EF1AC21BCE4 HTTP/1.1" 200 111643
212.226.146.102 - - [19/Jul/2024:07:16:17 +0200] "GET /ticket2/opencms/system/modules/com.gridnine.opencms.ticketbrokerage.site/resources/css/calendar.css HTTP/1.1" 200 6871
212.226.146.102 - - [19/Jul/2024:07:16:17 +0200] "GET /ticket2/opencms/system/modules/com.gridnine.opencms.ticketbrokerage.site/resources/css/ticketbrokerage.css HTTP/1.1" 200 39339
212.226.146.102 - - [19/Jul/2024:07:16:17 +0200] "GET /ticket2/opencms/system/modules/com.gridnine.opencms.ticketbrokerage.site/resources/js/functions.js HTTP/1.1" 200 1583
212.226.146.102 - - [19/Jul/2024:07:16:17 +0200] "GET /ticket2/opencms/system/modules/com.gridnine.opencms.ticketbrokerage.site/resources/css/standard.css HTTP/1.1" 200 72814
212.226.146.102 - - [19/Jul/2024:07:16:17 +0200] "GET /ticket2/opencms/system/modules/com.gridnine.opencms.ticketbrokerage.site/resources/js/calendar.js HTTP/1.1" 200 49229
212.226.146.102 - - [19/Jul/2024:07:16:17 +0200] "GET /ticket2/opencms/system/modules/com.gridnine.opencms.ticketbrokerage.site/resources/js/calendar-en.js HTTP/1.1" 200 3338
212.226.146.102 - - [19/Jul/2024:07:16:17 +0200] "GET /ticket2/opencms/system/modules/com.gridnine.opencms.ticketbrokerage.site/resources/js/calendar-setup.js HTTP/1.1" 200 4923
212.226.146.102 - - [19/Jul/2024:07:16:17 +0200] "GET /ticket2/opencms/system/modules/com.gridnine.opencms.ticketbrokerage.site/resources/js/standard.js HTTP/1.1" 200 3978
212.226.146.102 - - [19/Jul/2024:07:16:17 +0200] "GET /ticket2/opencms/fi/ask-form.html HTTP/1.1" 200 3012
212.226.146.102 - - [19/Jul/2024:07:16:17 +0200] "GET /ticket2/opencms/system/modules/com.gridnine.opencms.ticketbrokerage.site/resources/css/ticketbrokerage.css HTTP/1.1" 200 39339
47.128.37.165 - - [19/Jul/2024:07:16:17 +0200] "GET /ticket2/opencms/system/modules/com.gridnine.opencms.ticketbrokerage.site/resources/pics/logo-new.png HTTP/1.1" 200 13541
47.128.37.165 - - [19/Jul/2024:07:16:18 +0200] "GET /ticket2/opencms/system/modules/com.gridnine.opencms.ticketbrokerage.site/resources/pics/footer-img.png HTTP/1.1" 200 10350
192.95.30.21 - - [19/Jul/2024:07:16:22 +0200] "GET /ticket2/opencms/se/ru/buy/?page=1&edid=55CC2792-4CF0-B26E-1719-512C0ABE2886&sortorder=asc&column=section HTTP/1.1" 404 -
47.128.40.195 - - [19/Jul/2024:07:16:23 +0200] "GET /ticket2/opencms/en/buy/?eventid=1D4D6C4E-FAB4-14C9-DCD9-6C2A3F35B1FB&page=10&venueid=AAA2050F-EB9C-D448-55D3-9C97F26928FB HTTP/1.1" 200 72060
47.128.40.195 - - [19/Jul/2024:07:16:23 +0200] "GET /ticket2/opencms/system/modules/com.gridnine.opencms.ticketbrokerage.site/resources/pics/logo-new.png HTTP/1.1" 200 13541
47.128.40.195 - - [19/Jul/2024:07:16:24 +0200] "GET /ticket2/opencms/system/modules/com.gridnine.opencms.ticketbrokerage.site/resources/pics/footer-img.png HTTP/1.1" 200 10350
37.60.249.191 - - [19/Jul/2024:07:16:25 +0200] "GET /ticket2/opencms/dk/nl/buy/?page=1&edid=EC1CEE7F-0D0E-364E-1B36-05B890BB56A8&sortorder=desc&column=section HTTP/1.1" 404 -
66.249.79.171 - - [19/Jul/2024:07:16:26 +0200] "GET /ticket2/opencms/sv/buy/?page=1&edid=6AEAF6C2-C57A-0447-5B0A-20959D8DCFDD HTTP/1.1" 200 115466
192.95.30.21 - - [19/Jul/2024:07:16:27 +0200] "GET /ticket2/opencms/se/ru/buy/?page=1&edid=5704F8FD-9CBB-9159-7288-CA17B9D0D4E2&sortorder=asc&column=price HTTP/1.1" 404 -
212.226.146.102 - - [19/Jul/2024:07:16:32 +0200] "GET /ticket2/opencms/fi/buy?page=2&sodvid=666c4dbc-933c-41d4-9fae-40be0a01000f HTTP/1.1" 200 96082
212.226.146.102 - - [19/Jul/2024:07:16:32 +0200] "GET /ticket2/opencms/system/modules/com.gridnine.opencms.ticketbrokerage.site/resources/css/ticketbrokerage.css HTTP/1.1" 200 39339
212.226.146.102 - - [19/Jul/2024:07:16:32 +0200] "GET /ticket2/opencms/system/modules/com.gridnine.opencms.ticketbrokerage.site/resources/css/calendar.css HTTP/1.1" 200 6871
212.226.146.102 - - [19/Jul/2024:07:16:32 +0200] "GET /ticket2/opencms/system/modules/com.gridnine.opencms.ticketbrokerage.site/resources/js/functions.js HTTP/1.1" 200 1583
212.226.146.102 - - [19/Jul/2024:07:16:32 +0200] "GET /ticket2/opencms/system/modules/com.gridnine.opencms.ticketbrokerage.site/resources/css/standard.css HTTP/1.1" 200 72814
212.226.146.102 - - [19/Jul/2024:07:16:32 +0200] "GET /ticket2/opencms/system/modules/com.gridnine.opencms.ticketbrokerage.site/resources/js/calendar.js HTTP/1.1" 200 49229
212.226.146.102 - - [19/Jul/2024:07:16:32 +0200] "GET /ticket2/opencms/system/modules/com.gridnine.opencms.ticketbrokerage.site/resources/js/calendar-en.js HTTP/1.1" 200 3338
212.226.146.102 - - [19/Jul/2024:07:16:32 +0200] "GET /ticket2/opencms/system/modules/com.gridnine.opencms.ticketbrokerage.site/resources/js/calendar-setup.js HTTP/1.1" 200 4923
212.226.146.102 - - [19/Jul/2024:07:16:32 +0200] "GET /ticket2/opencms/system/modules/com.gridnine.opencms.ticketbrokerage.site/resources/js/standard.js HTTP/1.1" 200 3978
192.95.30.21 - - [19/Jul/2024:07:16:33 +0200] "GET /ticket2/opencms/se/ru/buy/?page=1&edid=5704F8FD-9CBB-9159-7288-CA17B9D0D4E2&sortorder=asc&column=row HTTP/1.1" 404 -
54.36.148.146 - - [19/Jul/2024:07:16:34 +0200] "GET /ticket2/opencms/en/ HTTP/1.1" 200 94039
195.154.123.89 - - [19/Jul/2024:07:16:34 +0200] "GET /ticket2/opencms/system/modules/com.gridnine.opencms.ticketbrokerage.site/resources/css/jquery.fancybox.css HTTP/1.1" 200 4939
195.154.123.89 - - [19/Jul/2024:07:16:34 +0200] "GET /ticket2/opencms/system/modules/com.gridnine.opencms.ticketbrokerage.site/resources/css/ticketbrokerage.css HTTP/1.1" 200 39339
195.154.123.89 - - [19/Jul/2024:07:16:34 +0200] "GET /ticket2/opencms/system/modules/com.gridnine.opencms.ticketbrokerage.site/resources/css/standard.css HTTP/1.1" 200 72814
195.154.123.89 - - [19/Jul/2024:07:16:34 +0200] "GET /ticket2/opencms/system/modules/com.gridnine.opencms.ticketbrokerage.site/resources/css/calendar.css HTTP/1.1" 200 6871
195.154.123.89 - - [19/Jul/2024:07:16:34 +0200] "GET /ticket2/opencms/system/modules/com.gridnine.opencms.ticketbrokerage.site/resources/css/jquery-ui.css HTTP/1.1" 200 33221
195.154.123.89 - - [19/Jul/2024:07:16:34 +0200] "GET /ticket2/opencms/system/modules/com.gridnine.opencms.ticketbrokerage.site/resources/js/calendar.js HTTP/1.1" 200 49229
195.154.123.89 - - [19/Jul/2024:07:16:34 +0200] "GET /ticket2/opencms/system/modules/com.gridnine.opencms.ticketbrokerage.site/resources/js/functions.js HTTP/1.1" 200 1583
195.154.123.89 - - [19/Jul/2024:07:16:34 +0200] "GET /ticket2/opencms/system/modules/com.gridnine.opencms.ticketbrokerage.site/resources/js/jquery/jquery-ui.js HTTP/1.1" 200 228088
195.154.123.89 - - [19/Jul/2024:07:16:34 +0200] "GET /ticket2/opencms/system/modules/com.gridnine.opencms.ticketbrokerage.site/resources/js/calendar-en.js HTTP/1.1" 200 3338
195.154.123.89 - - [19/Jul/2024:07:16:34 +0200] "GET /ticket2/opencms/system/modules/com.gridnine.opencms.ticketbrokerage.site/resources/js/calendar-setup.js HTTP/1.1" 200 4923
195.154.123.89 - - [19/Jul/2024:07:16:34 +0200] "GET /ticket2/opencms/system/modules/com.gridnine.opencms.ticketbrokerage.site/resources/js/jquery/jquery.js HTTP/1.1" 200 93868
195.154.123.89 - - [19/Jul/2024:07:16:34 +0200] "GET /ticket2/opencms/system/modules/com.gridnine.opencms.ticketbrokerage.site/resources/js/jquery.fancybox.pack.js HTTP/1.1" 200 23187
195.154.123.89 - - [19/Jul/2024:07:16:34 +0200] "GET /ticket2/opencms/system/modules/com.gridnine.opencms.ticketbrokerage.site/resources/js/stickyfill.min.js HTTP/1.1" 200 5672
195.154.123.89 - - [19/Jul/2024:07:16:34 +0200] "GET /ticket2/opencms/system/modules/com.gridnine.opencms.ticketbrokerage.site/resources/js/standard.js HTTP/1.1" 200 3978
195.154.123.89 - - [19/Jul/2024:07:16:34 +0200] "GET /ticket2/opencms/system/modules/com.gridnine.opencms.ticketbrokerage.site/resources/js/jquery.placeholder.min.js HTTP/1.1" 200 1737
195.154.123.89 - - [19/Jul/2024:07:16:34 +0200] "GET /ticket2/opencms/system/modules/com.gridnine.opencms.ticketbrokerage.site/resources/js/common-ajax.js HTTP/1.1" 200 20175
195.154.123.89 - - [19/Jul/2024:07:16:35 +0200] "GET /ticket2/opencms/system/modules/com.gridnine.opencms.ticketbrokerage.site/resources/js/standard.js HTTP/1.1" 200 3978
192.95.30.21 - - [19/Jul/2024:07:16:38 +0200] "GET /ticket2/opencms/se/ru/buy/?page=1&edid=5704F8FD-9CBB-9159-7288-CA17B9D0D4E2&sortorder=asc&column=section HTTP/1.1" 404 -
192.95.30.21 - - [19/Jul/2024:07:16:44 +0200] "GET /ticket2/opencms/se/ru/buy/?page=1&edid=58A46E7C-4ABE-8271-D92C-868C096B62C8&sortorder=asc&column=price HTTP/1.1" 404 -
111.119.211.96 - - [19/Jul/2024:07:16:46 +0200] "GET /ticket2/opencms/en/selling_tickets/ HTTP/1.1" 200 71319
47.128.120.26 - - [19/Jul/2024:07:16:48 +0200] "GET /ticket2/opencms/dk/buy/?catid=08F27F2A-1872-A39F-A97C-63093E77B18A&comcatid=A17713B6-D984-201A-4143-ED4DB5ED5C2E HTTP/1.1" 200 81624
47.128.120.26 - - [19/Jul/2024:07:16:49 +0200] "GET /ticket2/opencms/system/modules/com.gridnine.opencms.ticketbrokerage.site/resources/pics/logo-new.png HTTP/1.1" 200 13541
47.128.120.26 - - [19/Jul/2024:07:16:49 +0200] "GET /ticket2/opencms/system/modules/com.gridnine.opencms.ticketbrokerage.site/resources/pics/footer-img.png HTTP/1.1" 200 10350
192.95.30.21 - - [19/Jul/2024:07:16:49 +0200] "GET /ticket2/opencms/se/ru/buy/?page=1&edid=58A46E7C-4ABE-8271-D92C-868C096B62C8&sortorder=asc&column=row HTTP/1.1" 404 -
54.36.148.218 - - [19/Jul/2024:07:16:53 +0200] "GET /ticket2/opencms/dk/buy/?page=6&comcatid=0A6B8208-FDA4-E929-9D72-5312FD481B76&catid=26594C33-56CE-F529-FAF3-61AB33F74A3B HTTP/1.1" 200 74936
192.95.30.21 - - [19/Jul/2024:07:16:55 +0200] "GET /ticket2/opencms/se/ru/buy/?page=1&edid=58A46E7C-4ABE-8271-D92C-868C096B62C8&sortorder=asc&column=section HTTP/1.1" 404 -
192.95.30.21 - - [19/Jul/2024:07:17:00 +0200] "GET /ticket2/opencms/se/ru/buy/?page=1&edid=58B537D2-7EDD-B82C-2631-2D9BB6C7315B HTTP/1.1" 404 -
192.95.30.21 - - [19/Jul/2024:07:17:04 +0200] "GET /ticket2/opencms/se/sv/buy/?page=1&edid=5BB2CDD4-9898-4E12-65F3-4ADBD5A99EE7&sortorder=asc&column=section HTTP/1.1" 404 -
192.95.30.21 - - [19/Jul/2024:07:17:07 +0200] "GET /ticket2/opencms/se/sv/buy/?page=1&edid=5D74E73C-0E56-C1EE-B9A0-852ACD0BE0AB HTTP/1.1" 404 -
192.95.30.21 - - [19/Jul/2024:07:17:11 +0200] "GET /ticket2/opencms/se/sv/buy/?page=1&edid=5F3D0AE0-EFCD-2439-F9BD-E71CF7C32617&sortorder=desc&column=price HTTP/1.1" 404 -
47.128.35.135 - - [19/Jul/2024:07:17:12 +0200] "GET /ticket2/opencms/fi/buy/?comcatid=A17713B6-D984-201A-4143-ED4DB5ED5C2E&catid=A7674DEA-B39E-502C-2F76-760AE08947E9 HTTP/1.1" 200 82827
47.128.35.135 - - [19/Jul/2024:07:17:13 +0200] "GET /ticket2/opencms/system/modules/com.gridnine.opencms.ticketbrokerage.site/resources/pics/logo-new.png HTTP/1.1" 200 13541
37.60.249.191 - - [19/Jul/2024:07:17:13 +0200] "GET /ticket2/opencms/dk/nl/buy/?page=1&edid=EC69EA6C-C3B0-8D83-259D-18CE53C6C52E HTTP/1.1" 404 -
47.128.35.135 - - [19/Jul/2024:07:17:14 +0200] "GET /ticket2/opencms/system/modules/com.gridnine.opencms.ticketbrokerage.site/resources/pics/footer-img.png HTTP/1.1" 200 10350
192.95.30.21 - - [19/Jul/2024:07:17:14 +0200] "GET /ticket2/opencms/se/sv/buy/?page=1&edid=D156CAE1-A0B1-59DD-D44A-719128E6266A HTTP/1.1" 404 -
