114.119.153.220 - - [19/Jul/2024:07:37:28 +0200] "GET /ticket2/opencms/en/login/?url=/en/sell/ HTTP/1.1" 200 72802
135.181.75.58 - - [19/Jul/2024:07:37:39 +0200] "GET /ticket2/opencms/dk/robots.txt HTTP/1.1" 404 -
63.143.42.252 - - [19/Jul/2024:07:37:41 +0200] "HEAD /ticket2/opencms/ HTTP/1.1" 302 -
63.143.42.252 - - [19/Jul/2024:07:37:44 +0200] "HEAD /ticket2/opencms/en/ HTTP/1.1" 200 -
54.36.148.196 - - [19/Jul/2024:07:37:47 +0200] "GET /ticket2/opencms/sv/buy/?page=1&edid=94D791E2-A2F6-C0D4-E68D-72D6DE252AC9 HTTP/1.1" 200 100790
37.60.249.191 - - [19/Jul/2024:07:37:49 +0200] "GET /ticket2/opencms/dk/nl/buy/?page=1&edid=1B897E9D-E533-44D1-184E-05DEA8EB4FEB&sortorder=desc&column=row HTTP/1.1" 404 -
135.181.75.58 - - [19/Jul/2024:07:37:55 +0200] "GET /ticket2/opencms/dk/fi/buy/?page=1&edid=396DAA54-A8C7-72F9-2DCB-28AD37165658&sortorder=asc&column=price HTTP/1.1" 404 -
114.119.132.248 - - [19/Jul/2024:07:38:00 +0200] "GET /ticket2/opencms/en/venue/?countryid=90EF2598-A82F-6143-0333-A0B49749F64C HTTP/1.1" 200 100101
51.38.181.206 - - [19/Jul/2024:07:38:07 +0200] "GET /ticket2/opencms/robots.txt HTTP/1.1" 200 773
51.38.181.206 - - [19/Jul/2024:07:38:12 +0200] "GET /ticket2/opencms/sv/buy/?page=6&comcatid=A17713B6-D984-201A-4143-ED4DB5ED5C2E&catid=D8B345C9-F7A5-E620-4B43-C34EB0D6885B&eventid=473D0D80-318B-9AEF-7923-42B4F01AAAE6 HTTP/1.1" 200 100678
135.181.75.58 - - [19/Jul/2024:07:38:16 +0200] "GET /ticket2/opencms/dk/fi/buy/?page=1&edid=3CC17989-3033-10BE-F5C3-D729834B05F5&sortorder=asc&column=row HTTP/1.1" 404 -
51.38.181.206 - - [19/Jul/2024:07:38:17 +0200] "GET /ticket2/opencms/sv/buy/?page=6&comcatid=A17713B6-D984-201A-4143-ED4DB5ED5C2E&catid=D8B345C9-F7A5-E620-4B43-C34EB0D6885B&eventid=78C3F1E5-57D5-CC4D-BCB3-A455C72D9505 HTTP/1.1" 200 100755
51.38.181.206 - - [19/Jul/2024:07:38:20 +0200] "GET /ticket2/opencms/sv/buy/?page=6&comcatid=A17713B6-D984-201A-4143-ED4DB5ED5C2E&catid=D8B345C9-F7A5-E620-4B43-C34EB0D6885B&eventid=9C5E6DD4-F64D-20CA-9106-5C6F22EC8E88 HTTP/1.1" 200 85164
51.38.181.206 - - [19/Jul/2024:07:38:29 +0200] "GET /ticket2/opencms/sv/buy/?page=6&comcatid=A17713B6-D984-201A-4143-ED4DB5ED5C2E&catid=06324577-7173-BAB0-146D-E644C912F7C1&eventid=98E4EE5B-2FEF-B0A7-2AB8-16B16B7EEE99 HTTP/1.1" 200 84689
135.181.75.58 - - [19/Jul/2024:07:38:36 +0200] "GET /ticket2/opencms/dk/fi/buy/?page=1&edid=3CC17989-3033-10BE-F5C3-D729834B05F5&sortorder=asc&column=section HTTP/1.1" 404 -
54.36.149.8 - - [19/Jul/2024:07:38:38 +0200] "GET /ticket2/opencms/sv/buy/?page=1&edid=72113169-CE1D-B963-8867-381A95276A39 HTTP/1.1" 200 120441
51.38.181.206 - - [19/Jul/2024:07:38:41 +0200] "GET /ticket2/opencms/sv/buy/?page=6&comcatid=A17713B6-D984-201A-4143-ED4DB5ED5C2E&catid=06324577-7173-BAB0-146D-E644C912F7C1&eventid=AA3AA531-CDE0-9A41-486F-7136A1269962 HTTP/1.1" 200 84689
114.119.154.89 - - [19/Jul/2024:07:38:44 +0200] "GET /ticket2/opencms/en/venue/?countryid=6D97DD41-58F8-E86C-8D49-519899AAF206 HTTP/1.1" 200 100101
66.249.79.231 - - [19/Jul/2024:07:38:49 +0200] "GET /ticket2/opencms/no/buy/?page=1&edid=3B157B14-2ACC-30A7-0D5C-8313AB0A1A32 HTTP/1.1" 200 111157
66.249.79.232 - - [19/Jul/2024:07:38:50 +0200] "GET /ticket2/opencms/es/buy?page=1&edid=A492339E-0658-D77B-570A-6146F24F8C0A HTTP/1.1" 200 97690
66.249.79.66 - - [19/Jul/2024:07:38:52 +0200] "GET /ticket2/opencms/en/buy/?page=1&edid=E66B1558-C5A6-CDDD-B7DD-6060381B0F38 HTTP/1.1" 200 97062
66.249.79.67 - - [19/Jul/2024:07:38:54 +0200] "GET /ticket2/opencms/system/modules/com.gridnine.opencms.ticketbrokerage.site/resources/css/jquery.fancybox.css HTTP/1.1" 200 4939
135.181.75.58 - - [19/Jul/2024:07:38:58 +0200] "GET /ticket2/opencms/dk/fi/buy/?page=1&edid=3CC17989-3033-10BE-F5C3-D729834B05F5&sortorder=desc&column=row HTTP/1.1" 404 -
51.38.181.206 - - [19/Jul/2024:07:38:58 +0200] "GET /ticket2/opencms/sv/buy/?page=6&comcatid=A17713B6-D984-201A-4143-ED4DB5ED5C2E&catid=06324577-7173-BAB0-146D-E644C912F7C1&eventid=B8A3E03C-4072-EA35-8FE5-F78A4DE2FCD2 HTTP/1.1" 200 84689
54.36.149.37 - - [19/Jul/2024:07:39:04 +0200] "GET /ticket2/opencms/es/buy?page=1&edid=069EC406-6DFD-08ED-B6CC-A7E203415919 HTTP/1.1" 200 116741
47.128.34.175 - - [19/Jul/2024:07:39:14 +0200] "GET /ticket2/opencms/es/buy/?edid=EEE973BA-8DC4-78CF-0AA2-8C97FEFEA03F HTTP/1.1" 200 72706
47.128.34.175 - - [19/Jul/2024:07:39:14 +0200] "GET /ticket2/opencms/system/modules/com.gridnine.opencms.ticketbrokerage.site/resources/pics/logo-new.png HTTP/1.1" 200 13541
47.128.34.175 - - [19/Jul/2024:07:39:15 +0200] "GET /ticket2/opencms/system/modules/com.gridnine.opencms.ticketbrokerage.site/resources/pics/footer-img.png HTTP/1.1" 200 10350
66.249.79.171 - - [19/Jul/2024:07:39:16 +0200] "GET /ticket2/opencms/fi/venue/?venueid=FAA326B5-8F35-0D52-6643-3316F08C9C34 HTTP/1.1" 200 72283
37.60.249.191 - - [19/Jul/2024:07:39:17 +0200] "GET /ticket2/opencms/dk/nl/buy/?page=1&edid=1B897E9D-E533-44D1-184E-05DEA8EB4FEB&sortorder=desc&column=section HTTP/1.1" 404 -
51.38.181.206 - - [19/Jul/2024:07:39:21 +0200] "GET /ticket2/opencms/sv/buy/?page=6&comcatid=A17713B6-D984-201A-4143-ED4DB5ED5C2E&catid=06324577-7173-BAB0-146D-E644C912F7C1&eventid=BC561376-B4E8-33D4-7E7F-03D25A501B64 HTTP/1.1" 200 84689
66.249.79.231 - - [19/Jul/2024:07:39:24 +0200] "GET /ticket2/opencms/sv/buy/?page=1&edid=F77680AD-0075-8012-5E4A-7E44C5EB683C HTTP/1.1" 200 87085
135.181.75.58 - - [19/Jul/2024:07:39:31 +0200] "GET /ticket2/opencms/dk/fi/buy/?page=1&edid=3CC17989-3033-10BE-F5C3-D729834B05F5&sortorder=desc&column=section HTTP/1.1" 404 -
54.36.148.91 - - [19/Jul/2024:07:39:33 +0200] "GET /ticket2/opencms/sv/buy/?page=1&edid=8A4BD3C0-720E-C7F3-26B8-C1C8D72D0618 HTTP/1.1" 200 105441
37.238.197.58 - - [19/Jul/2024:07:39:42 +0200] "GET /ticket2/opencms/sv/sport/fotbollsbiljetter/premier_league/?gad_source=1&gclid=EAIaIQobChMIgqjo5rOyhwMVHZpoCR0YqQoKEAAYASADEgIsTPD_BwE HTTP/1.1" 200 79671
109.74.10.48 - - [19/Jul/2024:07:39:54 +0200] "GET /ticket2/opencms/ HTTP/1.1" 302 -
109.74.10.48 - - [19/Jul/2024:07:39:57 +0200] "GET /ticket2/opencms/sv/ HTTP/1.1" 200 94655
54.36.149.65 - - [19/Jul/2024:07:39:58 +0200] "GET /ticket2/opencms/fi/buy/?page=6&comcatid=A17713B6-D984-201A-4143-ED4DB5ED5C2E&catid=2FC3D548-EAF9-1354-0CD2-7D7619DA2334 HTTP/1.1" 200 83391
37.123.143.245 - - [19/Jul/2024:07:39:58 +0200] "GET /ticket2/opencms/system/workplace/views/top_foot.jsp?wpFrame=foot HTTP/1.1" 200 1211
37.123.143.245 - - [19/Jul/2024:07:39:58 +0200] "GET /ticket2/opencms/system/workplace/commons/style/workplace.css HTTP/1.1" 200 14209
52.167.144.24 - - [19/Jul/2024:07:39:59 +0200] "GET /ticket2/opencms/no/magazine/article?title=manchester-united HTTP/1.1" 200 76302
135.181.75.58 - - [19/Jul/2024:07:40:20 +0200] "GET /ticket2/opencms/dk/fi/buy/?page=1&edid=3DD93626-388E-B658-D6F1-23C401A796FB&sortorder=asc&column=row HTTP/1.1" 404 -
40.77.167.44 - - [19/Jul/2024:07:40:22 +0200] "GET /ticket2/opencms/en/buy?page=1&edid=3DE00F0C-D064-F580-0B18-1943C6741906 HTTP/1.1" 200 93419
54.36.148.12 - - [19/Jul/2024:07:40:26 +0200] "GET /ticket2/opencms/es/buy?page=1&edid=1C663B38-AAE8-15E5-78AB-F7247D2C67D4 HTTP/1.1" 200 111362
47.128.17.157 - - [19/Jul/2024:07:40:28 +0200] "GET /ticket2/opencms/dk/handbook_buyer/ HTTP/1.1" 200 78349
47.128.17.157 - - [19/Jul/2024:07:40:29 +0200] "GET /ticket2/opencms/system/modules/com.gridnine.opencms.ticketbrokerage.site/resources/pics/logo-new.png HTTP/1.1" 200 13541
47.128.17.157 - - [19/Jul/2024:07:40:30 +0200] "GET /ticket2/opencms/system/modules/com.gridnine.opencms.ticketbrokerage.site/resources/pics/footer-img.png HTTP/1.1" 200 10350
145.239.10.137 - - [19/Jul/2024:07:40:49 +0200] "GET /ticket2/opencms/no/py.php HTTP/1.1" 404 -
41.216.188.113 - - [19/Jul/2024:07:40:49 +0200] "GET /ticket2/opencms/sv/magazine/article?title=vad-ar-fotboll HTTP/1.1" 200 77566
145.239.10.137 - - [19/Jul/2024:07:40:49 +0200] "GET /ticket2/opencms/no/z.php HTTP/1.1" 404 -
41.216.188.113 - - [19/Jul/2024:07:40:49 +0200] "GET /ticket2/opencms/sv/magazine/article?title=vad-ar-fotboll&title=%2527 HTTP/1.1" 200 77566
54.36.149.107 - - [19/Jul/2024:07:40:51 +0200] "GET /ticket2/opencms/fi/venue/?venueid=AF7F2E28-677E-9782-2141-5DA64832B7AA HTTP/1.1" 200 72403
135.181.75.58 - - [19/Jul/2024:07:41:07 +0200] "GET /ticket2/opencms/dk/fi/buy/?page=1&edid=3DD93626-388E-B658-D6F1-23C401A796FB&sortorder=desc&column=row HTTP/1.1" 404 -
37.60.249.191 - - [19/Jul/2024:07:41:07 +0200] "GET /ticket2/opencms/dk/nl/buy/?page=1&edid=1C69DA4F-7050-50D8-FA95-BC2C5CCA0334&sortorder=desc&column=section HTTP/1.1" 404 -
54.36.149.91 - - [19/Jul/2024:07:41:18 +0200] "GET /ticket2/opencms/es/buy?page=1&edid=2C2E9185-38A8-EBBD-403B-609372D69EE0 HTTP/1.1" 200 111266
47.128.121.143 - - [19/Jul/2024:07:41:21 +0200] "GET /ticket2/opencms/fi/buy/?page=1&edid=7F8DD7AE-C02D-DBD7-A437-1943525E7DF2 HTTP/1.1" 200 112179
47.128.121.143 - - [19/Jul/2024:07:41:22 +0200] "GET /ticket2/opencms/system/modules/com.gridnine.opencms.ticketbrokerage.site/resources/pics/logo-new.png HTTP/1.1" 200 13541
47.128.121.143 - - [19/Jul/2024:07:41:22 +0200] "GET /ticket2/opencms/venue/selhurst_park.png HTTP/1.1" 200 26892
47.128.121.143 - - [19/Jul/2024:07:41:23 +0200] "GET /ticket2/opencms/system/modules/com.gridnine.opencms.ticketbrokerage.site/resources/pics/two_man.png HTTP/1.1" 200 3407
47.128.121.143 - - [19/Jul/2024:07:41:23 +0200] "GET /ticket2/opencms/system/modules/com.gridnine.opencms.ticketbrokerage.site/resources/pics/ticket_info_button.png HTTP/1.1" 200 3820
47.128.121.143 - - [19/Jul/2024:07:41:23 +0200] "GET /ticket2/opencms/system/modules/com.gridnine.opencms.ticketbrokerage.site/resources/pics/footer-img.png HTTP/1.1" 200 10350
47.128.121.143 - - [19/Jul/2024:07:41:23 +0200] "GET /ticket2/opencms/fi/ask-form.html HTTP/1.1" 200 3012
47.128.55.197 - - [19/Jul/2024:07:41:32 +0200] "GET /ticket2/opencms/it/buy/?edid=47F5B60C-8368-4B7A-53D3-C8F8857816DC HTTP/1.1" 200 72624
47.128.55.197 - - [19/Jul/2024:07:41:32 +0200] "GET /ticket2/opencms/system/modules/com.gridnine.opencms.ticketbrokerage.site/resources/pics/logo-new.png HTTP/1.1" 200 13541
47.128.55.197 - - [19/Jul/2024:07:41:33 +0200] "GET /ticket2/opencms/system/modules/com.gridnine.opencms.ticketbrokerage.site/resources/pics/footer-img.png HTTP/1.1" 200 10350
150.107.106.3 - - [19/Jul/2024:07:41:37 +0200] "GET /ticket2/opencms/sv/sport/fotbollsbiljetter/fa_cup/?gad_source=1&gclid=EAIaIQobChMIwPH1lLSyhwMVZ4BaBR0_Qw66EAMYASAAEgJisPD_BwE HTTP/1.1" 200 74358
54.36.148.76 - - [19/Jul/2024:07:41:46 +0200] "GET /ticket2/opencms/sv/buy/?page=1&edid=8A15C340-B6C2-2F43-473C-6069B2AC1544 HTTP/1.1" 200 110138
135.181.75.58 - - [19/Jul/2024:07:41:51 +0200] "GET /ticket2/opencms/dk/fi/buy/?page=1&edid=3DD93626-388E-B658-D6F1-23C401A796FB&sortorder=desc&column=section HTTP/1.1" 404 -
66.249.79.172 - - [19/Jul/2024:07:41:55 +0200] "GET /ticket2/opencms/es/buy?page=1&edid=FDE2CB1B-737B-857F-7431-BD450E7D3BBB HTTP/1.1" 200 112493
66.249.76.166 - - [19/Jul/2024:07:41:57 +0200] "GET /ticket2/opencms/fi/venue/?venueid=C7742FBF-52AC-AE6B-D02B-68464EB70BEB HTTP/1.1" 200 72291
66.249.79.172 - - [19/Jul/2024:07:42:12 +0200] "GET /ticket2/opencms/sv/venue/ HTTP/1.1" 200 342856
47.128.56.51 - - [19/Jul/2024:07:42:13 +0200] "GET /ticket2/opencms/fi/buy/?catid=0A6C99D2-F5BD-7A18-9A5F-5668827042E0&comcatid=A17713B6-D984-201A-4143-ED4DB5ED5C2E&eventid=6F6C209F-41CD-D584-D276-D5324683B59C&page=7 HTTP/1.1" 200 97994
47.128.56.51 - - [19/Jul/2024:07:42:14 +0200] "GET /ticket2/opencms/system/modules/com.gridnine.opencms.ticketbrokerage.site/resources/pics/logo-new.png HTTP/1.1" 200 13541
47.128.56.51 - - [19/Jul/2024:07:42:14 +0200] "GET /ticket2/opencms/system/modules/com.gridnine.opencms.ticketbrokerage.site/resources/pics/footer-img.png HTTP/1.1" 200 10350
54.36.148.159 - - [19/Jul/2024:07:42:17 +0200] "GET /ticket2/opencms/fi/venue/?venueid=C5ECFCEA-0E2D-B1CB-394F-86A70BD3B6F9 HTTP/1.1" 200 72341
114.119.145.88 - - [19/Jul/2024:07:42:18 +0200] "GET /ticket2/opencms/en/sell/?edid=E75F519F-3FCF-E7A1-39FC-E5EA40E785C7 HTTP/1.1" 302 -
213.180.203.37 - - [19/Jul/2024:07:42:20 +0200] "GET /ticket2/opencms/robots.txt HTTP/1.1" 200 773
114.119.145.88 - - [19/Jul/2024:07:42:22 +0200] "GET /ticket2/opencms/en/login/?url=/en/sell/ HTTP/1.1" 200 72802
213.180.203.40 - - [19/Jul/2024:07:42:27 +0200] "GET /ticket2/opencms/dk/sv/partners/fotbolldirekt/ HTTP/1.1" 404 -
135.181.75.58 - - [19/Jul/2024:07:42:37 +0200] "GET /ticket2/opencms/dk/fi/buy/?page=1&edid=3E2F6837-CCFC-9284-0235-725D2AA31D66&sortorder=asc&column=price HTTP/1.1" 404 -
63.143.42.252 - - [19/Jul/2024:07:42:41 +0200] "HEAD /ticket2/opencms/ HTTP/1.1" 302 -
63.143.42.252 - - [19/Jul/2024:07:42:44 +0200] "HEAD /ticket2/opencms/en/ HTTP/1.1" 200 -
54.36.148.235 - - [19/Jul/2024:07:42:46 +0200] "GET /ticket2/opencms/es/buy?page=1&edid=42C5D83C-45F5-510D-23C9-7B4CE8796C8F HTTP/1.1" 200 114787
114.119.129.235 - - [19/Jul/2024:07:42:57 +0200] "GET /ticket2/opencms/en/venue/?countryid=40378634-F839-FEF7-110F-40EAA530AB1D HTTP/1.1" 200 100101
66.249.79.233 - - [19/Jul/2024:07:43:01 +0200] "GET /ticket2/opencms/set_aff_cookie.jsp?partner=53673ED6-1455-FA54-818F-B1F67121E37C&url=/dk/buy/index.html%3Fpage%3D1%26edid%3DE1CACBEB-5FB5-F359-D95F-1110648BB53A%26hlv%3D666c4b43-e754-45c5-8c69-3b6e0a01000f%23v_659024236 HTTP/1.1" 200 225
37.60.249.191 - - [19/Jul/2024:07:43:04 +0200] "GET /ticket2/opencms/dk/nl/buy/?page=1&edid=1C6CDB49-5D18-CE5A-A5D3-7B5069269A0D&sortorder=desc&column=section HTTP/1.1" 404 -
47.128.37.232 - - [19/Jul/2024:07:43:06 +0200] "GET /ticket2/opencms/de/magazine/article?title=emirates-stadium-eine-ikonische-arena HTTP/1.1" 200 77199
47.128.37.232 - - [19/Jul/2024:07:43:07 +0200] "GET /ticket2/opencms/system/modules/com.gridnine.opencms.ticketbrokerage.site/resources/pics/logo-new.png HTTP/1.1" 200 13541
47.128.37.232 - - [19/Jul/2024:07:43:07 +0200] "GET /ticket2/opencms/system/modules/com.gridnine.opencms.ticketbrokerage.site/resources/pics/footer-img.png HTTP/1.1" 200 10350
66.249.79.231 - - [19/Jul/2024:07:43:08 +0200] "GET /ticket2/opencms/dk/buy/?page=1&edid=E1CACBEB-5FB5-F359-D95F-1110648BB53A&hlv=666c4b43-e754-45c5-8c69-3b6e0a01000f HTTP/1.1" 200 111426
114.119.153.211 - - [19/Jul/2024:07:43:10 +0200] "GET /ticket2/opencms/en/sell/?edid=47B01215-3C98-898D-7204-E5C307F94209 HTTP/1.1" 302 -
66.249.79.232 - - [19/Jul/2024:07:43:11 +0200] "GET /ticket2/opencms/no/konsertbilletter/coldplay/ HTTP/1.1" 200 73442
66.249.76.160 - - [19/Jul/2024:07:43:11 +0200] "GET /ticket2/opencms/no/konsertbilletter/coldplay/ HTTP/1.1" 200 73442
135.181.75.58 - - [19/Jul/2024:07:43:11 +0200] "GET /ticket2/opencms/dk/fi/buy/?page=1&edid=3E2F6837-CCFC-9284-0235-725D2AA31D66&sortorder=asc&column=row HTTP/1.1" 404 -
66.249.79.231 - - [19/Jul/2024:07:43:13 +0200] "GET /ticket2/opencms/sv/buy?page=1&edid=BA98F497-79D9-0BA1-3E19-B45BB0763E07 HTTP/1.1" 200 116259
114.119.153.211 - - [19/Jul/2024:07:43:13 +0200] "GET /ticket2/opencms/en/login/?url=/en/sell/ HTTP/1.1" 200 72802
54.36.148.146 - - [19/Jul/2024:07:43:14 +0200] "GET /ticket2/opencms/es/buy?page=1&edid=48E72B51-00CE-CE36-D8BB-29D37358C55B HTTP/1.1" 200 111258
40.77.167.15 - - [19/Jul/2024:07:43:27 +0200] "GET /ticket2/opencms/nl/buy?page=1&edid=FDC70D4B-A88B-5334-5A88-AC1F94FAEBF8 HTTP/1.1" 200 108964
66.249.79.173 - - [19/Jul/2024:07:43:38 +0200] "GET /ticket2/opencms/dk/buy/?page=1&edid=10597F35-2AC7-31D2-FB61-15A36BB6D73B HTTP/1.1" 200 111329
54.36.148.134 - - [19/Jul/2024:07:43:46 +0200] "GET /ticket2/opencms/es/buy?page=1&edid=57C8D150-DCBD-4911-196A-160A37952FA8 HTTP/1.1" 200 116739
114.119.140.113 - - [19/Jul/2024:07:43:46 +0200] "GET /ticket2/opencms/en/venue/?countryid=2E49BBE4-C681-08D6-D216-0893A1269431 HTTP/1.1" 200 100101
135.181.75.58 - - [19/Jul/2024:07:43:48 +0200] "GET /ticket2/opencms/dk/fi/buy/?page=1&edid=3E2F6837-CCFC-9284-0235-725D2AA31D66&sortorder=desc&column=row HTTP/1.1" 404 -
47.128.19.90 - - [19/Jul/2024:07:43:50 +0200] "GET /ticket2/opencms/dk/buy/?edid=98E89286-AD3E-3470-6C68-64A56A1CECBA HTTP/1.1" 200 71437
47.128.19.90 - - [19/Jul/2024:07:43:51 +0200] "GET /ticket2/opencms/system/modules/com.gridnine.opencms.ticketbrokerage.site/resources/pics/logo-new.png HTTP/1.1" 200 13541
47.128.19.90 - - [19/Jul/2024:07:43:51 +0200] "GET /ticket2/opencms/system/modules/com.gridnine.opencms.ticketbrokerage.site/resources/pics/footer-img.png HTTP/1.1" 200 10350
51.38.181.206 - - [19/Jul/2024:07:43:55 +0200] "GET /ticket2/opencms/sv/buy/?page=6&comcatid=A17713B6-D984-201A-4143-ED4DB5ED5C2E&catid=36394212-F82E-F845-399B-42BED55969CC&eventid=FB78739C-28A3-143B-0EB1-9AD7A5F28F83 HTTP/1.1" 200 82369
47.128.37.213 - - [19/Jul/2024:07:44:01 +0200] "GET /ticket2/opencms/fi/buy/?page=6&comcatid=A17713B6-D984-201A-4143-ED4DB5ED5C2E&catid=0A6C99D2-F5BD-7A18-9A5F-5668827042E0 HTTP/1.1" 200 304785
47.128.37.213 - - [19/Jul/2024:07:44:01 +0200] "GET /ticket2/opencms/system/modules/com.gridnine.opencms.ticketbrokerage.site/resources/pics/logo-new.png HTTP/1.1" 200 13541
47.128.37.213 - - [19/Jul/2024:07:44:02 +0200] "GET /ticket2/opencms/system/modules/com.gridnine.opencms.ticketbrokerage.site/resources/pics/footer-img.png HTTP/1.1" 200 10350
51.38.181.206 - - [19/Jul/2024:07:44:05 +0200] "GET /ticket2/opencms/sv/buy/?page=6&comcatid=A17713B6-D984-201A-4143-ED4DB5ED5C2E&catid=D8B345C9-F7A5-E620-4B43-C34EB0D6885B&eventid=2A33B146-61D4-9234-966A-699DDE62E68F HTTP/1.1" 200 85164
66.249.79.171 - - [19/Jul/2024:07:44:09 +0200] "GET /ticket2/opencms/es/buy?page=1&edid=2197E523-8740-2A01-BD5D-12E3C3F2DBFE HTTP/1.1" 200 121592
54.36.149.90 - - [19/Jul/2024:07:44:12 +0200] "GET /ticket2/opencms/es/buy?page=1&edid=59FF6FC0-0E24-887E-599D-D93F8931961C HTTP/1.1" 200 111258
135.181.75.58 - - [19/Jul/2024:07:44:12 +0200] "GET /ticket2/opencms/dk/fi/buy/?page=1&edid=43FBDCC0-1021-1A5F-6A9F-86C612FC472E&sortorder=asc&column=price HTTP/1.1" 404 -
51.38.181.206 - - [19/Jul/2024:07:44:18 +0200] "GET /ticket2/opencms/sv/buy/?page=6&comcatid=A17713B6-D984-201A-4143-ED4DB5ED5C2E&catid=D8B345C9-F7A5-E620-4B43-C34EB0D6885B&eventid=3C8FC20E-F77F-D125-95CD-00FDC708A341 HTTP/1.1" 200 85164
51.38.181.206 - - [19/Jul/2024:07:44:32 +0200] "GET /ticket2/opencms/sv/buy/?page=6&comcatid=A17713B6-D984-201A-4143-ED4DB5ED5C2E&catid=D8B345C9-F7A5-E620-4B43-C34EB0D6885B&eventid=9C5E6DD4-F64D-20CA-9106-5C6F22EC8E88 HTTP/1.1" 200 85164
135.181.75.58 - - [19/Jul/2024:07:44:36 +0200] "GET /ticket2/opencms/dk/fi/buy/?page=1&edid=43FBDCC0-1021-1A5F-6A9F-86C612FC472E&sortorder=asc&column=row HTTP/1.1" 404 -
54.36.148.17 - - [19/Jul/2024:07:44:38 +0200] "GET /ticket2/opencms/es/buy?page=1&edid=5CA6204E-B944-1C9C-2A91-E87C8D0203BC HTTP/1.1" 200 111369
51.38.181.206 - - [19/Jul/2024:07:44:51 +0200] "GET /ticket2/opencms/sv/sell/?edid=28C6B63C-B045-3C9E-7B07-68433D8A39F4 HTTP/1.1" 302 -
135.181.75.58 - - [19/Jul/2024:07:44:56 +0200] "GET /ticket2/opencms/dk/fi/buy/?page=1&edid=43FBDCC0-1021-1A5F-6A9F-86C612FC472E&sortorder=asc&column=section HTTP/1.1" 404 -
37.123.143.245 - - [19/Jul/2024:07:44:59 +0200] "GET /ticket2/opencms/system/workplace/views/top_foot.jsp?wpFrame=foot HTTP/1.1" 200 1211
37.123.143.245 - - [19/Jul/2024:07:44:59 +0200] "GET /ticket2/opencms/system/workplace/commons/style/workplace.css HTTP/1.1" 200 14209
54.36.148.51 - - [19/Jul/2024:07:45:04 +0200] "GET /ticket2/opencms/es/buy?page=1&edid=6312D7C5-4BBF-A97E-B93A-47328366BE18 HTTP/1.1" 200 111363
51.38.181.206 - - [19/Jul/2024:07:45:05 +0200] "GET /ticket2/opencms/sv/login/?edid=28C6B63C-B045-3C9E-7B07-68433D8A39F4 HTTP/1.1" 200 73621
52.167.144.214 - - [19/Jul/2024:07:45:07 +0200] "GET /ticket2/opencms/fr/sport/billets-football/ligue_1/paris_saint_germain/ HTTP/1.1" 200 76098
66.249.79.233 - - [19/Jul/2024:07:45:10 +0200] "GET /ticket2/opencms/en/buy?page=1&edid=C2E0FED9-872C-CDB5-EA69-F93F12F9C91F HTTP/1.1" 200 99237
135.181.75.58 - - [19/Jul/2024:07:45:21 +0200] "GET /ticket2/opencms/dk/fi/buy/?page=1&edid=43FBDCC0-1021-1A5F-6A9F-86C612FC472E&sortorder=desc&column=price HTTP/1.1" 404 -
51.38.181.206 - - [19/Jul/2024:07:45:28 +0200] "GET /ticket2/opencms/sv/sell/?edid=32761879-506B-0718-462F-1A1F8B946759 HTTP/1.1" 302 -
94.156.10.163 - - [19/Jul/2024:07:45:29 +0200] "POST /goform/set_LimitClient_cfg HTTP/1.1" 404 -
54.36.148.172 - - [19/Jul/2024:07:45:41 +0200] "GET /ticket2/opencms/es/buy?page=1&edid=65E7B63A-82AD-5350-7913-2D26A32C5940 HTTP/1.1" 200 111368
135.181.75.58 - - [19/Jul/2024:07:45:42 +0200] "GET /ticket2/opencms/dk/fi/buy/?page=1&edid=43FBDCC0-1021-1A5F-6A9F-86C612FC472E&sortorder=desc&column=row HTTP/1.1" 404 -
37.60.249.191 - - [19/Jul/2024:07:45:48 +0200] "GET /ticket2/opencms/dk/nl/buy/?page=1&edid=1CC13C34-74D6-88D1-EBB8-E9618A558CB4&sortorder=desc&column=price HTTP/1.1" 404 -
51.38.181.206 - - [19/Jul/2024:07:45:56 +0200] "GET /ticket2/opencms/sv/login/?edid=32761879-506B-0718-462F-1A1F8B946759 HTTP/1.1" 200 73621
135.181.75.58 - - [19/Jul/2024:07:46:01 +0200] "GET /ticket2/opencms/dk/fi/buy/?page=1&edid=4617C55B-06DD-D946-806A-F2B594F64A95&sortorder=asc&column=price HTTP/1.1" 404 -
51.38.181.206 - - [19/Jul/2024:07:46:03 +0200] "GET /ticket2/opencms/sv/sport/fotbollsbiljetter/landskampen/ HTTP/1.1" 302 -
47.128.29.134 - - [19/Jul/2024:07:46:08 +0200] "GET /ticket2/opencms/sv/buy/?edid=77EEF94B-7B3D-9F35-9811-078E0E2474CF HTTP/1.1" 200 71773
47.128.29.134 - - [19/Jul/2024:07:46:08 +0200] "GET /ticket2/opencms/system/modules/com.gridnine.opencms.ticketbrokerage.site/resources/pics/logo-new.png HTTP/1.1" 200 13541
47.128.29.134 - - [19/Jul/2024:07:46:09 +0200] "GET /ticket2/opencms/system/modules/com.gridnine.opencms.ticketbrokerage.site/resources/pics/footer-img.png HTTP/1.1" 200 10350
54.36.148.230 - - [19/Jul/2024:07:46:10 +0200] "GET /ticket2/opencms/es/buy?page=1&edid=69C4AD8E-60B2-A255-9B8E-BD4F83D22F14 HTTP/1.1" 200 111366
52.167.144.24 - - [19/Jul/2024:07:46:11 +0200] "GET /ticket2/opencms/es/magazine/article?title=las-estrellas-de-la-eurocopa-que-mas-se-buscan-en-google-y-son-mas-grandes-en-instagram HTTP/1.1" 200 80234
135.181.75.58 - - [19/Jul/2024:07:46:24 +0200] "GET /ticket2/opencms/dk/fi/buy/?page=1&edid=4617C55B-06DD-D946-806A-F2B594F64A95&sortorder=asc&column=row HTTP/1.1" 404 -
51.38.181.206 - - [19/Jul/2024:07:46:27 +0200] "GET /ticket2/opencms/sv/buy/ HTTP/1.1" 200 71773
87.52.97.17 - - [19/Jul/2024:07:46:30 +0200] "GET /ticket2/opencms/dk/sport/fodboldbilletter/premier-league/tottenham/?gad_source=1&gbraid=0AAAAADlS-t-QltX6Z0X_YnyTbitNi7UbV&gclid=EAIaIQobChMI0IvL7rSyhwMVFZKDBx0flxf_EAMYASAAEgKmv_D_BwE HTTP/1.1" 200 85252
87.52.97.17 - - [19/Jul/2024:07:46:30 +0200] "GET /ticket2/opencms/system/modules/com.gridnine.opencms.ticketbrokerage.site/resources/css/ticketbrokerage.css HTTP/1.1" 200 39339
87.52.97.17 - - [19/Jul/2024:07:46:30 +0200] "GET /ticket2/opencms/system/modules/com.gridnine.opencms.ticketbrokerage.site/resources/js/jquery/jquery-ui.js HTTP/1.1" 200 228088
87.52.97.17 - - [19/Jul/2024:07:46:30 +0200] "GET /ticket2/opencms/system/modules/com.gridnine.opencms.ticketbrokerage.site/resources/css/standard.css HTTP/1.1" 200 72814
87.52.97.17 - - [19/Jul/2024:07:46:30 +0200] "GET /ticket2/opencms/system/modules/com.gridnine.opencms.ticketbrokerage.site/resources/js/functions.js HTTP/1.1" 200 1583
87.52.97.17 - - [19/Jul/2024:07:46:30 +0200] "GET /ticket2/opencms/system/modules/com.gridnine.opencms.ticketbrokerage.site/resources/css/calendar.css HTTP/1.1" 200 6871
87.52.97.17 - - [19/Jul/2024:07:46:30 +0200] "GET /ticket2/opencms/system/modules/com.gridnine.opencms.ticketbrokerage.site/resources/css/jquery-ui.css HTTP/1.1" 200 33221
87.52.97.17 - - [19/Jul/2024:07:46:30 +0200] "GET /ticket2/opencms/system/modules/com.gridnine.opencms.ticketbrokerage.site/resources/js/calendar.js HTTP/1.1" 200 49229
87.52.97.17 - - [19/Jul/2024:07:46:30 +0200] "GET /ticket2/opencms/system/modules/com.gridnine.opencms.ticketbrokerage.site/resources/css/jquery.fancybox.css HTTP/1.1" 200 4939
87.52.97.17 - - [19/Jul/2024:07:46:30 +0200] "GET /ticket2/opencms/system/modules/com.gridnine.opencms.ticketbrokerage.site/resources/js/jquery/jquery.js HTTP/1.1" 200 93868
87.52.97.17 - - [19/Jul/2024:07:46:30 +0200] "GET /ticket2/opencms/system/modules/com.gridnine.opencms.ticketbrokerage.site/resources/js/calendar-en.js HTTP/1.1" 200 3338
87.52.97.17 - - [19/Jul/2024:07:46:30 +0200] "GET /ticket2/opencms/system/modules/com.gridnine.opencms.ticketbrokerage.site/resources/js/calendar-setup.js HTTP/1.1" 200 4923
87.52.97.17 - - [19/Jul/2024:07:46:30 +0200] "GET /ticket2/opencms/system/modules/com.gridnine.opencms.ticketbrokerage.site/resources/js/jquery.fancybox.pack.js HTTP/1.1" 200 23187
87.52.97.17 - - [19/Jul/2024:07:46:30 +0200] "GET /ticket2/opencms/system/modules/com.gridnine.opencms.ticketbrokerage.site/resources/js/stickyfill.min.js HTTP/1.1" 200 5672
87.52.97.17 - - [19/Jul/2024:07:46:30 +0200] "GET /ticket2/opencms/system/modules/com.gridnine.opencms.ticketbrokerage.site/resources/js/standard.js HTTP/1.1" 200 3978
87.52.97.17 - - [19/Jul/2024:07:46:30 +0200] "GET /ticket2/opencms/system/modules/com.gridnine.opencms.ticketbrokerage.site/resources/js/jquery.placeholder.min.js HTTP/1.1" 200 1737
87.52.97.17 - - [19/Jul/2024:07:46:31 +0200] "GET /ticket2/opencms/system/modules/com.gridnine.opencms.ticketbrokerage.site/resources/js/common-ajax.js HTTP/1.1" 200 20175
87.52.97.17 - - [19/Jul/2024:07:46:31 +0200] "GET /ticket2/opencms/system/modules/com.gridnine.opencms.ticketbrokerage.site/resources/pics/logo-new.png HTTP/1.1" 200 13541
87.52.97.17 - - [19/Jul/2024:07:46:31 +0200] "GET /ticket2/opencms/img/insta.png HTTP/1.1" 200 3967
87.52.97.17 - - [19/Jul/2024:07:46:31 +0200] "GET /ticket2/opencms/img/icons/globe-white.png HTTP/1.1" 200 947
87.52.97.17 - - [19/Jul/2024:07:46:31 +0200] "GET /ticket2/opencms/img/fb.png HTTP/1.1" 200 1269
87.52.97.17 - - [19/Jul/2024:07:46:31 +0200] "GET /ticket2/opencms/system/modules/com.gridnine.opencms.ticketbrokerage.site/resources/pics/banners/Tottenham.jpg HTTP/1.1" 200 13797
87.52.97.17 - - [19/Jul/2024:07:46:31 +0200] "GET /ticket2/opencms/system/modules/com.gridnine.opencms.ticketbrokerage.site/resources/pics/footer-img.png HTTP/1.1" 200 10350
87.52.97.17 - - [19/Jul/2024:07:46:31 +0200] "GET /ticket2/opencms/img/check.png HTTP/1.1" 200 548
87.52.97.17 - - [19/Jul/2024:07:46:31 +0200] "GET /ticket2/opencms/img/icons/no.png HTTP/1.1" 200 1958
87.52.97.17 - - [19/Jul/2024:07:46:31 +0200] "GET /ticket2/opencms/img/chat.png HTTP/1.1" 200 416
87.52.97.17 - - [19/Jul/2024:07:46:31 +0200] "GET /ticket2/opencms/img/mail.png HTTP/1.1" 200 403
87.52.97.17 - - [19/Jul/2024:07:46:31 +0200] "GET /ticket2/opencms/img/arrow.png HTTP/1.1" 200 753
87.52.97.17 - - [19/Jul/2024:07:46:31 +0200] "GET /ticket2/opencms/img/icons/se.png HTTP/1.1" 200 1258
87.52.97.17 - - [19/Jul/2024:07:46:31 +0200] "GET /ticket2/opencms/img/icons/dk.png HTTP/1.1" 200 1706
87.52.97.17 - - [19/Jul/2024:07:46:31 +0200] "GET /ticket2/opencms/img/icons/nl.png HTTP/1.1" 200 1255
87.52.97.17 - - [19/Jul/2024:07:46:31 +0200] "GET /ticket2/opencms/img/icons/fi.png HTTP/1.1" 200 1785
87.52.97.17 - - [19/Jul/2024:07:46:31 +0200] "GET /ticket2/opencms/img/icons/fr.png HTTP/1.1" 200 1764
87.52.97.17 - - [19/Jul/2024:07:46:31 +0200] "GET /ticket2/opencms/img/icons/de.png HTTP/1.1" 200 1124
87.52.97.17 - - [19/Jul/2024:07:46:31 +0200] "GET /ticket2/opencms/img/icons/es.png HTTP/1.1" 200 1005
87.52.97.17 - - [19/Jul/2024:07:46:31 +0200] "GET /ticket2/opencms/img/icons/it.png HTTP/1.1" 200 2040
87.52.97.17 - - [19/Jul/2024:07:46:31 +0200] "GET /ticket2/opencms/img/icons/en.png HTTP/1.1" 200 2415
87.52.97.17 - - [19/Jul/2024:07:46:32 +0200] "GET /ticket2/opencms/system/modules/com.gridnine.opencms.ticketbrokerage.site/resources/js/standard.js HTTP/1.1" 200 3978
87.52.97.17 - - [19/Jul/2024:07:46:32 +0200] "GET /ticket2/opencms/favicon.ico HTTP/1.1" 200 1406
87.52.97.17 - - [19/Jul/2024:07:46:33 +0200] "GET /ticket2/opencms/system/modules/com.gridnine.opencms.ticketbrokerage.site/resources/css/images/ui-bg_flat_75_ffffff_40x100.png HTTP/1.1" 404 -
44.214.187.82 - - [19/Jul/2024:07:46:36 +0200] "GET /ticket2/opencms/robots.txt HTTP/1.1" 200 773
44.214.187.82 - - [19/Jul/2024:07:46:36 +0200] "GET /ticket2/opencms/sv/sport/fotbollsbiljetter/landskampen/ HTTP/1.1" 200 -
54.36.148.42 - - [19/Jul/2024:07:46:37 +0200] "GET /ticket2/opencms/es/buy?page=1&edid=6A920F16-DD42-2262-3AA2-B83D5743F13A HTTP/1.1" 200 116741
66.249.79.232 - - [19/Jul/2024:07:46:40 +0200] "GET /ticket2/opencms/en/buy?page=1&edid=ADD1F57C-36B4-39D2-9578-BA2614FAFC35 HTTP/1.1" 200 112733
66.249.76.132 - - [19/Jul/2024:07:46:41 +0200] "GET /ticket2/opencms/fi/buy?page=1&edid=5CA6204E-B944-1C9C-2A91-E87C8D0203BC HTTP/1.1" 200 111278
135.181.75.58 - - [19/Jul/2024:07:46:45 +0200] "GET /ticket2/opencms/dk/fi/buy/?page=1&edid=4617C55B-06DD-D946-806A-F2B594F64A95&sortorder=asc&column=section HTTP/1.1" 404 -
66.249.76.133 - - [19/Jul/2024:07:46:46 +0200] "GET /ticket2/opencms/system/modules/com.gridnine.opencms.ticketbrokerage.site/resources/js/calendar-setup.js HTTP/1.1" 200 4923
54.36.148.23 - - [19/Jul/2024:07:47:01 +0200] "GET /ticket2/opencms/es/buy?page=1&edid=71FF0DDB-994C-2EA5-7C18-3DECE9AE5101 HTTP/1.1" 200 114783
135.181.75.58 - - [19/Jul/2024:07:47:02 +0200] "GET /ticket2/opencms/dk/fi/buy/?page=1&edid=4617C55B-06DD-D946-806A-F2B594F64A95&sortorder=desc&column=price HTTP/1.1" 404 -
114.119.145.88 - - [19/Jul/2024:07:47:19 +0200] "GET /ticket2/opencms/en/sell/?edid=CA077AEC-EA2A-DC5F-1E89-C73E447318A2 HTTP/1.1" 302 -
87.52.97.17 - - [19/Jul/2024:07:47:21 +0200] "GET /ticket2/opencms/dk/sport/fodboldbilletter/premier-league/ HTTP/1.1" 200 79139
135.181.75.58 - - [19/Jul/2024:07:47:21 +0200] "GET /ticket2/opencms/dk/fi/buy/?page=1&edid=4617C55B-06DD-D946-806A-F2B594F64A95&sortorder=desc&column=row HTTP/1.1" 404 -
87.52.97.17 - - [19/Jul/2024:07:47:21 +0200] "GET /ticket2/opencms/system/modules/com.gridnine.opencms.ticketbrokerage.site/resources/css/ticketbrokerage.css HTTP/1.1" 200 39339
87.52.97.17 - - [19/Jul/2024:07:47:21 +0200] "GET /ticket2/opencms/system/modules/com.gridnine.opencms.ticketbrokerage.site/resources/js/calendar-en.js HTTP/1.1" 200 3338
87.52.97.17 - - [19/Jul/2024:07:47:21 +0200] "GET /ticket2/opencms/system/modules/com.gridnine.opencms.ticketbrokerage.site/resources/js/calendar-setup.js HTTP/1.1" 200 4923
87.52.97.17 - - [19/Jul/2024:07:47:21 +0200] "GET /ticket2/opencms/system/modules/com.gridnine.opencms.ticketbrokerage.site/resources/js/standard.js HTTP/1.1" 200 3978
87.52.97.17 - - [19/Jul/2024:07:47:21 +0200] "GET /ticket2/opencms/system/modules/com.gridnine.opencms.ticketbrokerage.site/resources/css/calendar.css HTTP/1.1" 200 6871
87.52.97.17 - - [19/Jul/2024:07:47:21 +0200] "GET /ticket2/opencms/system/modules/com.gridnine.opencms.ticketbrokerage.site/resources/css/standard.css HTTP/1.1" 200 72814
87.52.97.17 - - [19/Jul/2024:07:47:21 +0200] "GET /ticket2/opencms/system/modules/com.gridnine.opencms.ticketbrokerage.site/resources/js/calendar.js HTTP/1.1" 200 49229
87.52.97.17 - - [19/Jul/2024:07:47:21 +0200] "GET /ticket2/opencms/system/modules/com.gridnine.opencms.ticketbrokerage.site/resources/js/functions.js HTTP/1.1" 200 1583
87.52.97.17 - - [19/Jul/2024:07:47:21 +0200] "GET /ticket2/opencms/system/modules/com.gridnine.opencms.ticketbrokerage.site/resources/pics/banners/sv/premier_league_sv.png HTTP/1.1" 200 13518
87.52.97.17 - - [19/Jul/2024:07:47:22 +0200] "GET /ticket2/opencms/system/modules/com.gridnine.opencms.ticketbrokerage.site/resources/css/images/ui-bg_flat_75_ffffff_40x100.png HTTP/1.1" 404 -
114.119.145.88 - - [19/Jul/2024:07:47:23 +0200] "GET /ticket2/opencms/en/login/?url=/en/sell/ HTTP/1.1" 200 72802
54.36.148.214 - - [19/Jul/2024:07:47:24 +0200] "GET /ticket2/opencms/es/buy?page=1&edid=750C6040-29F7-425D-A24F-51B977F415A3 HTTP/1.1" 200 112906
37.60.249.191 - - [19/Jul/2024:07:47:27 +0200] "GET /ticket2/opencms/dk/nl/buy/?page=1&edid=291216E9-A94A-205B-7C67-5C0727287644&sortorder=asc&column=price HTTP/1.1" 404 -
87.52.97.17 - - [19/Jul/2024:07:47:28 +0200] "GET /ticket2/opencms/dk/sport/fodboldbilletter/premier-league/arsenal/ HTTP/1.1" 200 83481
87.52.97.17 - - [19/Jul/2024:07:47:28 +0200] "GET /ticket2/opencms/system/modules/com.gridnine.opencms.ticketbrokerage.site/resources/js/functions.js HTTP/1.1" 200 1583
87.52.97.17 - - [19/Jul/2024:07:47:28 +0200] "GET /ticket2/opencms/system/modules/com.gridnine.opencms.ticketbrokerage.site/resources/js/calendar-setup.js HTTP/1.1" 200 4923
87.52.97.17 - - [19/Jul/2024:07:47:28 +0200] "GET /ticket2/opencms/system/modules/com.gridnine.opencms.ticketbrokerage.site/resources/css/calendar.css HTTP/1.1" 200 6871
87.52.97.17 - - [19/Jul/2024:07:47:28 +0200] "GET /ticket2/opencms/system/modules/com.gridnine.opencms.ticketbrokerage.site/resources/js/calendar.js HTTP/1.1" 200 49229
87.52.97.17 - - [19/Jul/2024:07:47:28 +0200] "GET /ticket2/opencms/system/modules/com.gridnine.opencms.ticketbrokerage.site/resources/css/ticketbrokerage.css HTTP/1.1" 200 39339
87.52.97.17 - - [19/Jul/2024:07:47:28 +0200] "GET /ticket2/opencms/system/modules/com.gridnine.opencms.ticketbrokerage.site/resources/js/calendar-en.js HTTP/1.1" 200 3338
87.52.97.17 - - [19/Jul/2024:07:47:28 +0200] "GET /ticket2/opencms/system/modules/com.gridnine.opencms.ticketbrokerage.site/resources/css/standard.css HTTP/1.1" 200 72814
87.52.97.17 - - [19/Jul/2024:07:47:28 +0200] "GET /ticket2/opencms/system/modules/com.gridnine.opencms.ticketbrokerage.site/resources/pics/banners/arsenal.png HTTP/1.1" 200 13545
190.92.208.129 - - [19/Jul/2024:07:47:29 +0200] "GET /ticket2/opencms/en/magazine/article?title=allsvenskan-the-swedish-footballs-premier-league HTTP/1.1" 200 73176
87.52.97.17 - - [19/Jul/2024:07:47:29 +0200] "GET /ticket2/opencms/system/modules/com.gridnine.opencms.ticketbrokerage.site/resources/css/images/ui-bg_flat_75_ffffff_40x100.png HTTP/1.1" 404 -
63.143.42.252 - - [19/Jul/2024:07:47:41 +0200] "HEAD /ticket2/opencms/ HTTP/1.1" 302 -
135.181.75.58 - - [19/Jul/2024:07:47:41 +0200] "GET /ticket2/opencms/dk/fi/buy/?page=1&edid=4617C55B-06DD-D946-806A-F2B594F64A95&sortorder=desc&column=section HTTP/1.1" 404 -
63.143.42.252 - - [19/Jul/2024:07:47:44 +0200] "HEAD /ticket2/opencms/en/ HTTP/1.1" 200 -
54.36.149.50 - - [19/Jul/2024:07:47:53 +0200] "GET /ticket2/opencms/es/buy?page=1&edid=79716713-A068-E79D-953B-9FF4A2B80AAB HTTP/1.1" 200 111365
114.119.140.175 - - [19/Jul/2024:07:47:56 +0200] "GET /ticket2/opencms/en/sell/?edid=FF382314-BB66-CA82-6925-E34CB18D5219 HTTP/1.1" 302 -
135.181.75.58 - - [19/Jul/2024:07:47:56 +0200] "GET /ticket2/opencms/dk/fi/buy/?page=1&edid=46734271-901E-98C7-732C-5B62B085A633&sortorder=asc&column=price HTTP/1.1" 404 -
114.119.140.175 - - [19/Jul/2024:07:48:00 +0200] "GET /ticket2/opencms/en/login/?url=/en/sell/ HTTP/1.1" 200 72802
191.179.69.114 - - [19/Jul/2024:07:48:13 +0200] "GET /ticket2/opencms/sv/sport/fotbollsbiljetter/premier_league/london/?gad_source=1&gclid=EAIaIQobChMIk-TF2bWyhwMV_lNIAB2SxhWdEAAYASABEgKfNvD_BwE HTTP/1.1" 200 77467
135.181.75.58 - - [19/Jul/2024:07:48:15 +0200] "GET /ticket2/opencms/dk/fi/buy/?page=1&edid=46734271-901E-98C7-732C-5B62B085A633&sortorder=asc&column=row HTTP/1.1" 404 -
54.36.149.11 - - [19/Jul/2024:07:48:21 +0200] "GET /ticket2/opencms/es/buy?page=1&edid=7C16C78F-F9EE-B2A9-0C9E-990B916B48DD HTTP/1.1" 200 112905
47.128.29.151 - - [19/Jul/2024:07:48:26 +0200] "GET /ticket2/opencms/no/buy/?edid=9CB422E7-7809-8163-0C70-A6355650353B HTTP/1.1" 200 72276
47.128.29.151 - - [19/Jul/2024:07:48:27 +0200] "GET /ticket2/opencms/system/modules/com.gridnine.opencms.ticketbrokerage.site/resources/pics/logo-new.png HTTP/1.1" 200 13541
47.128.29.151 - - [19/Jul/2024:07:48:28 +0200] "GET /ticket2/opencms/system/modules/com.gridnine.opencms.ticketbrokerage.site/resources/pics/footer-img.png HTTP/1.1" 200 10350
135.181.75.58 - - [19/Jul/2024:07:48:34 +0200] "GET /ticket2/opencms/dk/fi/buy/?page=1&edid=46734271-901E-98C7-732C-5B62B085A633&sortorder=desc&column=row HTTP/1.1" 404 -
66.249.79.171 - - [19/Jul/2024:07:48:44 +0200] "GET /ticket2/opencms/fr/buy/?page=1&edid=905D3BE1-46C8-EA4E-1BA4-270BE7100ACF HTTP/1.1" 200 117409
66.249.76.2 - - [19/Jul/2024:07:48:44 +0200] "GET /ticket2/opencms/sv/venue/?countryid=5F186EB9-FC66-3D17-58C4-6A160CA3B9D1 HTTP/1.1" 200 100925
114.119.132.202 - - [19/Jul/2024:07:48:45 +0200] "GET /ticket2/opencms/en/venue/?venueid=AA97C43B-979C-E0CB-5A0F-B163CD407AA1 HTTP/1.1" 200 70737
87.52.97.17 - - [19/Jul/2024:07:48:47 +0200] "GET /ticket2/opencms/dk/buy/?page=1&edid=CCC52869-7D07-37D3-E716-0EF1AC21BCE4 HTTP/1.1" 200 110297
87.52.97.17 - - [19/Jul/2024:07:48:47 +0200] "GET /ticket2/opencms/system/modules/com.gridnine.opencms.ticketbrokerage.site/resources/pics/0.gif HTTP/1.1" 200 43
87.52.97.17 - - [19/Jul/2024:07:48:47 +0200] "GET /ticket2/opencms/system/modules/com.gridnine.opencms.ticketbrokerage.site/resources/js/calendar.js HTTP/1.1" 200 49229
87.52.97.17 - - [19/Jul/2024:07:48:47 +0200] "GET /ticket2/opencms/system/modules/com.gridnine.opencms.ticketbrokerage.site/resources/js/calendar-setup.js HTTP/1.1" 200 4923
87.52.97.17 - - [19/Jul/2024:07:48:47 +0200] "GET /ticket2/opencms/system/modules/com.gridnine.opencms.ticketbrokerage.site/resources/css/ticketbrokerage.css HTTP/1.1" 200 39339
87.52.97.17 - - [19/Jul/2024:07:48:47 +0200] "GET /ticket2/opencms/system/modules/com.gridnine.opencms.ticketbrokerage.site/resources/css/calendar.css HTTP/1.1" 200 6871
87.52.97.17 - - [19/Jul/2024:07:48:47 +0200] "GET /ticket2/opencms/venue/emirates_stadium.png HTTP/1.1" 200 53537
87.52.97.17 - - [19/Jul/2024:07:48:47 +0200] "GET /ticket2/opencms/system/modules/com.gridnine.opencms.ticketbrokerage.site/resources/css/standard.css HTTP/1.1" 200 72814
66.249.79.231 - - [19/Jul/2024:07:48:48 +0200] "GET /ticket2/opencms/en/buy/?page=1&edid=10597F35-2AC7-31D2-FB61-15A36BB6D73B HTTP/1.1" 200 110746
37.60.249.191 - - [19/Jul/2024:07:48:48 +0200] "GET /ticket2/opencms/dk/nl/buy/?page=1&edid=2D6008FC-74D0-B42D-D394-6581AA02F839&sortorder=desc&column=row HTTP/1.1" 404 -
87.52.97.17 - - [19/Jul/2024:07:48:48 +0200] "GET /ticket2/opencms/system/modules/com.gridnine.opencms.ticketbrokerage.site/resources/js/functions.js HTTP/1.1" 200 1583
87.52.97.17 - - [19/Jul/2024:07:48:48 +0200] "GET /ticket2/opencms/system/modules/com.gridnine.opencms.ticketbrokerage.site/resources/pics/two_man.png HTTP/1.1" 200 3407
87.52.97.17 - - [19/Jul/2024:07:48:48 +0200] "GET /ticket2/opencms/system/modules/com.gridnine.opencms.ticketbrokerage.site/resources/pics/ticket_info_button.png HTTP/1.1" 200 3820
87.52.97.17 - - [19/Jul/2024:07:48:49 +0200] "GET /ticket2/opencms/system/modules/com.gridnine.opencms.ticketbrokerage.site/resources/js/calendar-en.js HTTP/1.1" 200 3338
87.52.97.17 - - [19/Jul/2024:07:48:49 +0200] "GET /ticket2/opencms/dk/ask-form.html HTTP/1.1" 200 2971
87.52.97.17 - - [19/Jul/2024:07:48:49 +0200] "GET /ticket2/opencms/system/modules/com.gridnine.opencms.ticketbrokerage.site/resources/pics/arrow.gif HTTP/1.1" 200 344
87.52.97.17 - - [19/Jul/2024:07:48:49 +0200] "GET /ticket2/opencms/system/modules/com.gridnine.opencms.ticketbrokerage.site/resources/pics/form_marker.gif HTTP/1.1" 200 43
87.52.97.17 - - [19/Jul/2024:07:48:49 +0200] "GET /ticket2/opencms/system/modules/com.gridnine.opencms.ticketbrokerage.site/resources/css/ticketbrokerage.css HTTP/1.1" 200 39339
87.52.97.17 - - [19/Jul/2024:07:48:49 +0200] "GET /ticket2/opencms/system/modules/com.gridnine.opencms.ticketbrokerage.site/resources/pics/button1_left.gif HTTP/1.1" 200 232
87.52.97.17 - - [19/Jul/2024:07:48:49 +0200] "GET /ticket2/opencms/system/modules/com.gridnine.opencms.ticketbrokerage.site/resources/pics/button1_center.gif HTTP/1.1" 200 66
87.52.97.17 - - [19/Jul/2024:07:48:49 +0200] "GET /ticket2/opencms/system/modules/com.gridnine.opencms.ticketbrokerage.site/resources/pics/button1_right.gif HTTP/1.1" 200 232
54.36.149.106 - - [19/Jul/2024:07:48:49 +0200] "GET /ticket2/opencms/es/buy?page=1&edid=8085E80D-BC8F-CDCF-7CC8-2F497FE082D3 HTTP/1.1" 200 112904
87.52.97.17 - - [19/Jul/2024:07:48:50 +0200] "GET /ticket2/opencms/img/arrow-down.png HTTP/1.1" 200 192
87.52.97.17 - - [19/Jul/2024:07:48:51 +0200] "GET /ticket2/opencms/system/modules/com.gridnine.opencms.ticketbrokerage.site/resources/css/images/ui-bg_flat_75_ffffff_40x100.png HTTP/1.1" 404 -
135.181.75.58 - - [19/Jul/2024:07:48:55 +0200] "GET /ticket2/opencms/dk/fi/buy/?page=1&edid=46734271-901E-98C7-732C-5B62B085A633&sortorder=desc&column=section HTTP/1.1" 404 -
54.36.148.59 - - [19/Jul/2024:07:49:12 +0200] "GET /ticket2/opencms/fi/venue/?venueid=7D8DF134-6F27-D920-88FC-4F540A20C7A1 HTTP/1.1" 200 72295
135.181.75.58 - - [19/Jul/2024:07:49:13 +0200] "GET /ticket2/opencms/dk/fi/buy/?page=1&edid=48414BA9-E544-DC52-97CF-84428B5A59B3&sortorder=desc&column=row HTTP/1.1" 404 -
40.77.167.1 - - [19/Jul/2024:07:49:15 +0200] "GET /ticket2/opencms/sv/sport/fotbollsbiljetter/premier_league/chelsea/restips_stamford_bridge/ HTTP/1.1" 200 77237
135.181.75.58 - - [19/Jul/2024:07:49:33 +0200] "GET /ticket2/opencms/dk/fi/buy/?page=1&edid=4ADE2B86-C5CA-F807-C88E-1807FF96945C&sortorder=asc&column=price HTTP/1.1" 404 -
54.36.148.17 - - [19/Jul/2024:07:49:33 +0200] "GET /ticket2/opencms/es/buy?page=1&edid=84A5FE5E-FE66-D83A-8A7D-B9483A93F0F3 HTTP/1.1" 200 116749
87.52.97.17 - - [19/Jul/2024:07:49:38 +0200] "GET /ticket2/opencms/dk/buy?page=2&sodvid=666c4dc5-04ac-4652-8ae1-40be0a01000f HTTP/1.1" 200 94943
87.52.97.17 - - [19/Jul/2024:07:49:38 +0200] "GET /ticket2/opencms/system/modules/com.gridnine.opencms.ticketbrokerage.site/resources/js/calendar-en.js HTTP/1.1" 200 3338
87.52.97.17 - - [19/Jul/2024:07:49:38 +0200] "GET /ticket2/opencms/system/modules/com.gridnine.opencms.ticketbrokerage.site/resources/js/calendar-setup.js HTTP/1.1" 200 4923
87.52.97.17 - - [19/Jul/2024:07:49:38 +0200] "GET /ticket2/opencms/system/modules/com.gridnine.opencms.ticketbrokerage.site/resources/css/ticketbrokerage.css HTTP/1.1" 200 39339
87.52.97.17 - - [19/Jul/2024:07:49:38 +0200] "GET /ticket2/opencms/system/modules/com.gridnine.opencms.ticketbrokerage.site/resources/css/calendar.css HTTP/1.1" 200 6871
87.52.97.17 - - [19/Jul/2024:07:49:38 +0200] "GET /ticket2/opencms/system/modules/com.gridnine.opencms.ticketbrokerage.site/resources/css/standard.css HTTP/1.1" 200 72814
87.52.97.17 - - [19/Jul/2024:07:49:38 +0200] "GET /ticket2/opencms/system/modules/com.gridnine.opencms.ticketbrokerage.site/resources/js/functions.js HTTP/1.1" 200 1583
87.52.97.17 - - [19/Jul/2024:07:49:38 +0200] "GET /ticket2/opencms/system/modules/com.gridnine.opencms.ticketbrokerage.site/resources/js/calendar.js HTTP/1.1" 200 49229
87.52.97.17 - - [19/Jul/2024:07:49:40 +0200] "GET /ticket2/opencms/system/modules/com.gridnine.opencms.ticketbrokerage.site/resources/css/images/ui-bg_flat_75_ffffff_40x100.png HTTP/1.1" 404 -
135.181.75.58 - - [19/Jul/2024:07:49:49 +0200] "GET /ticket2/opencms/dk/fi/buy/?page=1&edid=4ADE2B86-C5CA-F807-C88E-1807FF96945C&sortorder=asc&column=row HTTP/1.1" 404 -
172.245.210.14 - - [19/Jul/2024:07:49:53 +0200] "GET /ticket2/opencms/V/lib/webuploader/0.1.5/server/preview.php HTTP/1.1" 404 -
172.245.210.14 - - [19/Jul/2024:07:49:54 +0200] "GET /ticket2/opencms/adx/lib/webuploader/0.1.5/server/preview.php HTTP/1.1" 404 -
54.36.148.209 - - [19/Jul/2024:07:49:57 +0200] "GET /ticket2/opencms/es/buy?page=1&edid=84ABEF98-5B99-FE9A-F3A3-E305A7E3217D HTTP/1.1" 200 111268
37.123.143.245 - - [19/Jul/2024:07:50:00 +0200] "GET /ticket2/opencms/system/workplace/views/top_foot.jsp?wpFrame=foot HTTP/1.1" 200 1211
37.123.143.245 - - [19/Jul/2024:07:50:00 +0200] "GET /ticket2/opencms/system/workplace/commons/style/workplace.css HTTP/1.1" 200 14209
135.181.75.58 - - [19/Jul/2024:07:50:03 +0200] "GET /ticket2/opencms/dk/fi/buy/?page=1&edid=4BC975E3-859D-D81F-E825-955CB09477D2&sortorder=asc&column=price HTTP/1.1" 404 -
216.244.66.238 - - [19/Jul/2024:07:50:05 +0200] "GET /ticket2/opencms/dk/en/venue/?venueid=3CE0E128-5996-3CEF-9D6D-3E9490863BCD HTTP/1.1" 404 -
66.249.79.232 - - [19/Jul/2024:07:50:13 +0200] "GET /ticket2/opencms/sv/buy?page=1&edid=D11D82D4-28DA-1768-D317-EF521A2F97E6 HTTP/1.1" 200 116258
37.60.249.191 - - [19/Jul/2024:07:50:17 +0200] "GET /ticket2/opencms/dk/nl/buy/?page=1&edid=2D77D5E8-F469-AAA2-8433-36A939B8305F&sortorder=desc&column=section HTTP/1.1" 404 -
135.181.75.58 - - [19/Jul/2024:07:50:20 +0200] "GET /ticket2/opencms/dk/fi/buy/?page=1&edid=4BC975E3-859D-D81F-E825-955CB09477D2&sortorder=asc&column=row HTTP/1.1" 404 -
87.52.97.17 - - [19/Jul/2024:07:50:20 +0200] "GET /ticket2/opencms/ HTTP/1.1" 302 -
200.24.146.141 - - [19/Jul/2024:07:50:22 +0200] "GET /ticket2/opencms/sv/sport/fotbollsbiljetter/premier_league/arsenal/?gad_source=1&gclid=EAIaIQobChMI1_q2lrayhwMVB19IAB16kQGKEAAYASABEgI1VfD_BwE HTTP/1.1" 200 85851
54.36.148.112 - - [19/Jul/2024:07:50:23 +0200] "GET /ticket2/opencms/es/buy?page=1&edid=86B4B2B3-495F-6DCC-061F-2AA67B1599F7 HTTP/1.1" 200 111366
87.52.97.17 - - [19/Jul/2024:07:50:23 +0200] "GET /ticket2/opencms/dk/ HTTP/1.1" 200 94454
87.52.97.17 - - [19/Jul/2024:07:50:29 +0200] "GET /ticket2/opencms/ HTTP/1.1" 302 -
87.52.97.17 - - [19/Jul/2024:07:50:29 +0200] "GET /ticket2/opencms/dk/ HTTP/1.1" 200 94454
87.52.97.17 - - [19/Jul/2024:07:50:29 +0200] "GET /ticket2/opencms/system/modules/com.gridnine.opencms.ticketbrokerage.site/resources/css/ticketbrokerage.css HTTP/1.1" 200 39339
87.52.97.17 - - [19/Jul/2024:07:50:29 +0200] "GET /ticket2/opencms/system/modules/com.gridnine.opencms.ticketbrokerage.site/resources/js/calendar-setup.js HTTP/1.1" 200 4923
87.52.97.17 - - [19/Jul/2024:07:50:29 +0200] "GET /ticket2/opencms/system/modules/com.gridnine.opencms.ticketbrokerage.site/resources/js/standard.js HTTP/1.1" 200 3978
87.52.97.17 - - [19/Jul/2024:07:50:29 +0200] "GET /ticket2/opencms/system/modules/com.gridnine.opencms.ticketbrokerage.site/resources/css/standard.css HTTP/1.1" 200 72814
87.52.97.17 - - [19/Jul/2024:07:50:29 +0200] "GET /ticket2/opencms/system/modules/com.gridnine.opencms.ticketbrokerage.site/resources/js/calendar.js HTTP/1.1" 200 49229
87.52.97.17 - - [19/Jul/2024:07:50:29 +0200] "GET /ticket2/opencms/system/modules/com.gridnine.opencms.ticketbrokerage.site/resources/css/calendar.css HTTP/1.1" 200 6871
87.52.97.17 - - [19/Jul/2024:07:50:29 +0200] "GET /ticket2/opencms/system/modules/com.gridnine.opencms.ticketbrokerage.site/resources/js/calendar-en.js HTTP/1.1" 200 3338
87.52.97.17 - - [19/Jul/2024:07:50:29 +0200] "GET /ticket2/opencms/system/modules/com.gridnine.opencms.ticketbrokerage.site/resources/js/functions.js HTTP/1.1" 200 1583
87.52.97.17 - - [19/Jul/2024:07:50:29 +0200] "GET /ticket2/opencms/img/banner-ll.jpeg HTTP/1.1" 200 41825
87.52.97.17 - - [19/Jul/2024:07:50:29 +0200] "GET /ticket2/opencms/img/banner-pl.jpeg HTTP/1.1" 200 41818
87.52.97.17 - - [19/Jul/2024:07:50:30 +0200] "GET /ticket2/opencms/img/banner-sa.jpeg HTTP/1.1" 200 41270
87.52.97.17 - - [19/Jul/2024:07:50:31 +0200] "GET /ticket2/opencms/system/modules/com.gridnine.opencms.ticketbrokerage.site/resources/css/images/ui-bg_flat_75_ffffff_40x100.png HTTP/1.1" 404 -
135.181.75.58 - - [19/Jul/2024:07:50:34 +0200] "GET /ticket2/opencms/dk/fi/buy/?page=1&edid=4BC975E3-859D-D81F-E825-955CB09477D2&sortorder=asc&column=section HTTP/1.1" 404 -
47.128.59.98 - - [19/Jul/2024:07:50:43 +0200] "GET /ticket2/opencms/es/buy/?edid=34E37520-B5D0-D686-2AA1-0B05FDB62B20 HTTP/1.1" 200 72706
47.128.59.98 - - [19/Jul/2024:07:50:44 +0200] "GET /ticket2/opencms/system/modules/com.gridnine.opencms.ticketbrokerage.site/resources/pics/logo-new.png HTTP/1.1" 200 13541
47.128.59.98 - - [19/Jul/2024:07:50:45 +0200] "GET /ticket2/opencms/system/modules/com.gridnine.opencms.ticketbrokerage.site/resources/pics/footer-img.png HTTP/1.1" 200 10350
66.249.76.168 - - [19/Jul/2024:07:50:49 +0200] "GET /ticket2/opencms/fi/venue/?venueid=F3A5C9EC-4CEF-B563-FECD-1A9EEC18334F HTTP/1.1" 200 72295
66.249.79.173 - - [19/Jul/2024:07:50:51 +0200] "GET /ticket2/opencms/fr/buy/?page=1&edid=729B4624-40AD-E7A7-F9BA-94230F6FDC91 HTTP/1.1" 200 117410
54.36.148.221 - - [19/Jul/2024:07:50:53 +0200] "GET /ticket2/opencms/es/buy?page=1&edid=8D916C6C-0A69-41F7-4678-427710F013C6 HTTP/1.1" 200 89713
47.128.32.159 - - [19/Jul/2024:07:50:53 +0200] "GET /ticket2/opencms/fi/buy/?page=6&comcatid=A17713B6-D984-201A-4143-ED4DB5ED5C2E&catid=2FC3D548-EAF9-1354-0CD2-7D7619DA2334 HTTP/1.1" 200 83391
47.128.32.159 - - [19/Jul/2024:07:50:54 +0200] "GET /ticket2/opencms/system/modules/com.gridnine.opencms.ticketbrokerage.site/resources/pics/logo-new.png HTTP/1.1" 200 13541
47.128.32.159 - - [19/Jul/2024:07:50:55 +0200] "GET /ticket2/opencms/system/modules/com.gridnine.opencms.ticketbrokerage.site/resources/pics/footer-img.png HTTP/1.1" 200 10350
135.181.75.58 - - [19/Jul/2024:07:50:55 +0200] "GET /ticket2/opencms/dk/fi/buy/?page=1&edid=4D2A2724-7797-6EBF-BAB8-69176E21CA79&sortorder=asc&column=row HTTP/1.1" 404 -
37.60.249.191 - - [19/Jul/2024:07:50:55 +0200] "GET /ticket2/opencms/dk/nl/buy/?page=1&edid=52E48250-C92A-48C2-45BB-C1536603E8B5&sortorder=asc&column=row HTTP/1.1" 404 -
135.181.75.58 - - [19/Jul/2024:07:51:09 +0200] "GET /ticket2/opencms/dk/fi/buy/?page=1&edid=4D2A2724-7797-6EBF-BAB8-69176E21CA79&sortorder=asc&column=section HTTP/1.1" 404 -
54.36.148.213 - - [19/Jul/2024:07:51:16 +0200] "GET /ticket2/opencms/es/buy?page=1&edid=983940D7-A886-9864-BF70-6F5D578B4A87 HTTP/1.1" 200 111362
147.185.132.45 - - [19/Jul/2024:07:51:22 +0200] "GET / HTTP/1.1" 404 -
135.181.75.58 - - [19/Jul/2024:07:51:24 +0200] "GET /ticket2/opencms/dk/fi/buy/?page=1&edid=4D2A2724-7797-6EBF-BAB8-69176E21CA79&sortorder=desc&column=price HTTP/1.1" 404 -
37.60.249.191 - - [19/Jul/2024:07:51:24 +0200] "GET /ticket2/opencms/dk/nl/buy/?page=1&edid=52E48250-C92A-48C2-45BB-C1536603E8B5&sortorder=asc&column=section HTTP/1.1" 404 -
54.36.149.105 - - [19/Jul/2024:07:51:37 +0200] "GET /ticket2/opencms/es/buy?page=1&edid=99C77A16-8AF9-4675-97DE-42A41C4ECB4F HTTP/1.1" 200 116745
52.167.144.180 - - [19/Jul/2024:07:51:40 +0200] "GET /ticket2/opencms/nl/buy?page=1&edid=E9A36455-AEA7-B86C-20AA-DBAA963F875E HTTP/1.1" 200 101924
