114.119.148.108 - - [19/Jul/2024:03:42:53 +0200] "GET /ticket2/opencms/en/login/?url=/en/sell/ HTTP/1.1" 200 72802
37.57.218.243 - - [19/Jul/2024:03:42:54 +0200] "GET /ticket2/opencms/en/buy/?page=1&edid=B0E4D276-C8CE-F4B4-2DC5-6BEA44E190B2&sortorder=desc&column=row HTTP/1.1" 200 86603
217.113.194.213 - - [19/Jul/2024:03:42:56 +0200] "GET /ticket2/opencms/fi/venue/?venueid=8A17268F-190C-08C5-2317-BAB591EDC85C HTTP/1.1" 200 72343
37.57.218.243 - - [19/Jul/2024:03:43:04 +0200] "GET /ticket2/opencms/en/buy/?page=1&edid=B0E4D276-C8CE-F4B4-2DC5-6BEA44E190B2&sortorder=desc&column=section HTTP/1.1" 200 86603
154.54.249.216 - - [19/Jul/2024:03:43:05 +0200] "GET /ticket2/opencms/fi/venue/?venueid=725EAA96-3504-C885-60D8-51C3C379F292 HTTP/1.1" 200 72351
217.113.194.221 - - [19/Jul/2024:03:43:13 +0200] "GET /ticket2/opencms/fi/venue/?venueid=36573C6C-47C8-2165-EDCA-81C43CECFB43 HTTP/1.1" 200 72249
66.249.76.1 - - [19/Jul/2024:03:43:13 +0200] "GET /ticket2/opencms/sv/sell/?edid=C9919F63-312E-C4DF-29D6-DA1CE80EC9A2 HTTP/1.1" 302 -
66.249.76.2 - - [19/Jul/2024:03:43:14 +0200] "GET /ticket2/opencms/sv/login/?url=/sv/sell/ HTTP/1.1" 200 73621
37.60.249.191 - - [19/Jul/2024:03:43:20 +0200] "GET /ticket2/opencms/dk/en/buy/?page=1&edid=63A8A6EF-214B-02FC-498E-67A296EE3821&sortorder=desc&column=section HTTP/1.1" 404 -
37.57.218.243 - - [19/Jul/2024:03:43:20 +0200] "GET /ticket2/opencms/en/buy/?page=1&edid=C2910EC2-9592-90B0-A42D-A344DFC6DED1 HTTP/1.1" 200 87253
217.113.194.220 - - [19/Jul/2024:03:43:22 +0200] "GET /ticket2/opencms/dk/buy?page=1&edid=2B877732-5277-2CC6-D9D2-67E5CDEA4143 HTTP/1.1" 200 116048
154.54.249.216 - - [19/Jul/2024:03:43:30 +0200] "GET /ticket2/opencms/dk/buy?page=1&edid=68B485F7-9483-6E4F-656D-602EE2AC621D HTTP/1.1" 200 111332
114.119.134.51 - - [19/Jul/2024:03:43:31 +0200] "GET /ticket2/opencms/en/venue/?venueid=A60FB51F-D5E6-BD90-6801-0B7458E63156 HTTP/1.1" 200 70697
37.57.218.243 - - [19/Jul/2024:03:43:32 +0200] "GET /ticket2/opencms/en/buy/?page=1&edid=C2910EC2-9592-90B0-A42D-A344DFC6DED1&sortorder=asc&column=price HTTP/1.1" 200 87289
217.113.194.216 - - [19/Jul/2024:03:43:39 +0200] "GET /ticket2/opencms/dk/buy?page=1&edid=2197E523-8740-2A01-BD5D-12E3C3F2DBFE HTTP/1.1" 200 120248
47.128.25.117 - - [19/Jul/2024:03:43:43 +0200] "GET /ticket2/opencms/nl/buy/?catid=21C3854B-901E-11F9-7B7D-6838CC6AFAA4&comcatid=A17713B6-D984-201A-4143-ED4DB5ED5C2E HTTP/1.1" 200 169957
47.128.25.117 - - [19/Jul/2024:03:43:43 +0200] "GET /ticket2/opencms/system/modules/com.gridnine.opencms.ticketbrokerage.site/resources/pics/logo-new.png HTTP/1.1" 200 13541
47.128.25.117 - - [19/Jul/2024:03:43:44 +0200] "GET /ticket2/opencms/system/modules/com.gridnine.opencms.ticketbrokerage.site/resources/pics/footer-img.png HTTP/1.1" 200 10350
217.113.194.215 - - [19/Jul/2024:03:43:47 +0200] "GET /ticket2/opencms/dk/buy/?page=1&edid=02D28468-4D7A-7D03-08EA-E937B040CBA6 HTTP/1.1" 200 85102
37.57.218.243 - - [19/Jul/2024:03:43:50 +0200] "GET /ticket2/opencms/en/buy/?page=1&edid=C2910EC2-9592-90B0-A42D-A344DFC6DED1&sortorder=asc&column=row HTTP/1.1" 200 87289
217.113.194.216 - - [19/Jul/2024:03:43:55 +0200] "GET /ticket2/opencms/dk/buy/?page=1&edid=B5C39213-E135-81B2-3182-CF92D0BE5105 HTTP/1.1" 200 85093
37.57.218.243 - - [19/Jul/2024:03:44:02 +0200] "GET /ticket2/opencms/en/buy/?page=1&edid=C2910EC2-9592-90B0-A42D-A344DFC6DED1&sortorder=asc&column=section HTTP/1.1" 200 87289
158.220.123.226 - - [19/Jul/2024:03:44:03 +0200] "GET /ticket2/opencms/se/ru/login/?edid=D43BFFD3-0461-0CBA-4DE5-DD2922B6A5EE HTTP/1.1" 404 -
217.113.194.214 - - [19/Jul/2024:03:44:04 +0200] "GET /ticket2/opencms/dk/buy/?page=1&edid=5B084124-1B39-B0D9-A070-4BAE77607F30 HTTP/1.1" 200 87712
154.54.249.216 - - [19/Jul/2024:03:44:12 +0200] "GET /ticket2/opencms/dk/buy/?page=1&edid=76188F31-DA50-9E9E-2592-B6BD7645BA48 HTTP/1.1" 200 85118
37.57.218.243 - - [19/Jul/2024:03:44:15 +0200] "GET /ticket2/opencms/en/buy/?page=1&edid=C2910EC2-9592-90B0-A42D-A344DFC6DED1&sortorder=desc&column=price HTTP/1.1" 200 87288
66.249.76.8 - - [19/Jul/2024:03:44:17 +0200] "GET /ticket2/opencms/no/buy/?page=1&edid=1AD4E11C-C792-1721-4D1A-2229101A30FD HTTP/1.1" 200 121029
37.60.249.191 - - [19/Jul/2024:03:44:20 +0200] "GET /ticket2/opencms/dk/en/buy/?page=1&edid=6427555C-22EF-2D04-D688-E6F77E21861C&sortorder=asc&column=price HTTP/1.1" 404 -
217.113.194.215 - - [19/Jul/2024:03:44:20 +0200] "GET /ticket2/opencms/dk/venue/?countryid=3074CB3F-D378-D1B1-5E17-3ED6547AC5E1 HTTP/1.1" 200 100552
37.123.143.245 - - [19/Jul/2024:03:44:27 +0200] "GET /ticket2/opencms/system/workplace/views/top_foot.jsp?wpFrame=foot HTTP/1.1" 200 1211
37.123.143.245 - - [19/Jul/2024:03:44:27 +0200] "GET /ticket2/opencms/system/workplace/commons/style/workplace.css HTTP/1.1" 200 14209
37.57.218.243 - - [19/Jul/2024:03:44:30 +0200] "GET /ticket2/opencms/en/buy/?page=1&edid=C2910EC2-9592-90B0-A42D-A344DFC6DED1&sortorder=desc&column=row HTTP/1.1" 200 87288
47.128.25.126 - - [19/Jul/2024:03:44:35 +0200] "GET /ticket2/opencms/no/buying_tickets HTTP/1.1" 200 73396
47.128.25.126 - - [19/Jul/2024:03:44:36 +0200] "GET /ticket2/opencms/system/modules/com.gridnine.opencms.ticketbrokerage.site/resources/js/jquery.fancybox.pack.js HTTP/1.1" 200 23187
47.128.25.126 - - [19/Jul/2024:03:44:36 +0200] "GET /ticket2/opencms/system/modules/com.gridnine.opencms.ticketbrokerage.site/resources/pics/logo-new.png HTTP/1.1" 200 13541
47.128.25.126 - - [19/Jul/2024:03:44:37 +0200] "GET /ticket2/opencms/system/modules/com.gridnine.opencms.ticketbrokerage.site/resources/pics/footer-img.png HTTP/1.1" 200 10350
47.128.25.126 - - [19/Jul/2024:03:44:37 +0200] "GET /ticket2/opencms/system/modules/com.gridnine.opencms.ticketbrokerage.site/resources/pics/content/buy_tickets_no.png HTTP/1.1" 200 16655
37.57.218.243 - - [19/Jul/2024:03:44:43 +0200] "GET /ticket2/opencms/en/buy/?page=1&edid=C2910EC2-9592-90B0-A42D-A344DFC6DED1&sortorder=desc&column=section HTTP/1.1" 200 87288
37.57.218.243 - - [19/Jul/2024:03:44:56 +0200] "GET /ticket2/opencms/en/buy/?page=1&edid=CA3FABDD-43B5-8DDC-6DAC-2917B68B145E HTTP/1.1" 200 87259
47.128.124.99 - - [19/Jul/2024:03:44:59 +0200] "GET /ticket2/opencms/fi/buy/?edid=5F04C818-E9D3-C056-DDC0-4A26FCD3FD63 HTTP/1.1" 200 72632
47.128.124.99 - - [19/Jul/2024:03:44:59 +0200] "GET /ticket2/opencms/system/modules/com.gridnine.opencms.ticketbrokerage.site/resources/pics/logo-new.png HTTP/1.1" 200 13541
47.128.124.99 - - [19/Jul/2024:03:45:00 +0200] "GET /ticket2/opencms/system/modules/com.gridnine.opencms.ticketbrokerage.site/resources/pics/footer-img.png HTTP/1.1" 200 10350
37.57.218.243 - - [19/Jul/2024:03:45:14 +0200] "GET /ticket2/opencms/en/buy/?page=1&edid=CA3FABDD-43B5-8DDC-6DAC-2917B68B145E&sortorder=asc&column=row HTTP/1.1" 200 87295
37.60.249.191 - - [19/Jul/2024:03:45:15 +0200] "GET /ticket2/opencms/dk/en/buy/?page=1&edid=6427555C-22EF-2D04-D688-E6F77E21861C&sortorder=asc&column=section HTTP/1.1" 404 -
37.57.218.243 - - [19/Jul/2024:03:45:24 +0200] "GET /ticket2/opencms/en/buy/?page=1&edid=CA3FABDD-43B5-8DDC-6DAC-2917B68B145E&sortorder=asc&column=section HTTP/1.1" 200 87295
217.113.194.218 - - [19/Jul/2024:03:45:26 +0200] "GET /ticket2/opencms/en/venue/?venueid=205AE9EF-F1A4-58AB-6496-028A3EA231DB HTTP/1.1" 200 70824
47.128.116.109 - - [19/Jul/2024:03:45:28 +0200] "GET /ticket2/opencms/dk/buy/?comcatid=A17713B6-D984-201A-4143-ED4DB5ED5C2E HTTP/1.1" 200 240748
47.128.116.109 - - [19/Jul/2024:03:45:29 +0200] "GET /ticket2/opencms/system/modules/com.gridnine.opencms.ticketbrokerage.site/resources/pics/logo-new.png HTTP/1.1" 200 13541
47.128.116.109 - - [19/Jul/2024:03:45:29 +0200] "GET /ticket2/opencms/system/modules/com.gridnine.opencms.ticketbrokerage.site/resources/pics/footer-img.png HTTP/1.1" 200 10350
217.113.194.214 - - [19/Jul/2024:03:45:35 +0200] "GET /ticket2/opencms/en/buy?page=1&edid=0E9E6355-4451-3402-6E1E-9044B4B2E5C3 HTTP/1.1" 200 99229
217.113.194.215 - - [19/Jul/2024:03:45:43 +0200] "GET /ticket2/opencms/en/buy?page=1&edid=BA98F497-79D9-0BA1-3E19-B45BB0763E07 HTTP/1.1" 200 115458
37.57.218.243 - - [19/Jul/2024:03:45:44 +0200] "GET /ticket2/opencms/en/buy/?page=1&edid=CA3FABDD-43B5-8DDC-6DAC-2917B68B145E&sortorder=desc&column=price HTTP/1.1" 200 87294
158.220.123.226 - - [19/Jul/2024:03:45:48 +0200] "GET /ticket2/opencms/se/sv/buy/?page=1&edid=0129609A-3018-8F44-D6E1-E02EE1FA3514 HTTP/1.1" 404 -
217.113.194.219 - - [19/Jul/2024:03:45:52 +0200] "GET /ticket2/opencms/en/buy?page=1&edid=E9A36455-AEA7-B86C-20AA-DBAA963F875E HTTP/1.1" 200 102290
37.60.249.191 - - [19/Jul/2024:03:45:54 +0200] "GET /ticket2/opencms/dk/en/buy/?page=1&edid=66B6FB17-4C70-8B35-3D9C-B87B9C32022F HTTP/1.1" 404 -
37.57.218.243 - - [19/Jul/2024:03:45:55 +0200] "GET /ticket2/opencms/en/buy/?page=1&edid=CA3FABDD-43B5-8DDC-6DAC-2917B68B145E&sortorder=desc&column=row HTTP/1.1" 200 87294
217.113.194.220 - - [19/Jul/2024:03:46:00 +0200] "GET /ticket2/opencms/en/buy?page=1&edid=CCC52869-7D07-37D3-E716-0EF1AC21BCE4 HTTP/1.1" 200 109715
66.249.76.170 - - [19/Jul/2024:03:46:04 +0200] "GET /ticket2/opencms/en/buy?page=1&edid=D814CF62-738F-086E-5F89-CA83500DBA7B HTTP/1.1" 200 96130
66.249.76.161 - - [19/Jul/2024:03:46:08 +0200] "GET /ticket2/opencms/system/modules/com.gridnine.opencms.ticketbrokerage.site/resources/js/jquery/jquery-ui.js HTTP/1.1" 200 228088
154.54.249.216 - - [19/Jul/2024:03:46:09 +0200] "GET /ticket2/opencms/en/buy?page=1&edid=6B1BC3D5-41D5-1130-8508-F118D3CA5AB9 HTTP/1.1" 200 112598
37.57.218.243 - - [19/Jul/2024:03:46:09 +0200] "GET /ticket2/opencms/en/buy/?page=1&edid=CA3FABDD-43B5-8DDC-6DAC-2917B68B145E&sortorder=desc&column=section HTTP/1.1" 200 87294
154.54.249.216 - - [19/Jul/2024:03:46:17 +0200] "GET /ticket2/opencms/en/buy?page=1&edid=620EBF00-ABE0-9BB5-0F04-F120B08CF11C HTTP/1.1" 200 112939
37.57.218.243 - - [19/Jul/2024:03:46:21 +0200] "GET /ticket2/opencms/en/buy/?page=1&edid=CD6EABFF-F2F6-FE26-CC78-420DEA1CEE33&sortorder=asc&column=price HTTP/1.1" 200 86997
114.119.133.87 - - [19/Jul/2024:03:46:25 +0200] "GET /ticket2/opencms/en/sell/?edid=90ECD66C-C911-E023-FDD4-A285886FB22C HTTP/1.1" 302 -
217.113.194.216 - - [19/Jul/2024:03:46:26 +0200] "GET /ticket2/opencms/en/buy/?page=1&edid=1C4D0063-1C0C-2AAD-17F9-0EF25E36554C HTTP/1.1" 200 87182
114.119.133.87 - - [19/Jul/2024:03:46:29 +0200] "GET /ticket2/opencms/en/login/?url=/en/sell/ HTTP/1.1" 200 72802
217.113.194.215 - - [19/Jul/2024:03:46:34 +0200] "GET /ticket2/opencms/en/buy/?page=1&edid=C7960F2A-CA8B-3E2B-B6ED-76225840381B HTTP/1.1" 200 87704
37.57.218.243 - - [19/Jul/2024:03:46:35 +0200] "GET /ticket2/opencms/en/buy/?page=1&edid=CD6EABFF-F2F6-FE26-CC78-420DEA1CEE33&sortorder=asc&column=row HTTP/1.1" 200 86997
154.54.249.216 - - [19/Jul/2024:03:46:42 +0200] "GET /ticket2/opencms/en/buy/?page=1&edid=3A85009F-4B19-76F7-2AAC-B26C4616B175 HTTP/1.1" 200 84573
37.57.218.243 - - [19/Jul/2024:03:46:44 +0200] "GET /ticket2/opencms/en/buy/?page=1&edid=CD6EABFF-F2F6-FE26-CC78-420DEA1CEE33&sortorder=asc&column=section HTTP/1.1" 200 86997
37.60.249.191 - - [19/Jul/2024:03:46:49 +0200] "GET /ticket2/opencms/dk/en/buy/?page=1&edid=66B6FB17-4C70-8B35-3D9C-B87B9C32022F&sortorder=asc&column=price HTTP/1.1" 404 -
217.113.194.213 - - [19/Jul/2024:03:46:51 +0200] "GET /ticket2/opencms/no/buy/?page=1&edid=3ED65AD6-1279-C02D-A742-75E583A6E3FA HTTP/1.1" 200 88483
37.57.218.243 - - [19/Jul/2024:03:46:54 +0200] "GET /ticket2/opencms/en/buy/?page=1&edid=CD6EABFF-F2F6-FE26-CC78-420DEA1CEE33&sortorder=desc&column=price HTTP/1.1" 200 86996
37.57.218.243 - - [19/Jul/2024:03:47:05 +0200] "GET /ticket2/opencms/en/buy/?page=1&edid=CD6EABFF-F2F6-FE26-CC78-420DEA1CEE33&sortorder=desc&column=row HTTP/1.1" 200 86996
66.249.79.32 - - [19/Jul/2024:03:47:06 +0200] "GET /ticket2/opencms/fi/venue/?venueid=EA20BC3C-5A99-C24A-7F8E-B17F2D2D6A56 HTTP/1.1" 200 72301
217.113.194.221 - - [19/Jul/2024:03:47:07 +0200] "GET /ticket2/opencms/sv/buy/?page=1&edid=4C8B7443-E2C5-8844-C14E-75C45B179DA9 HTTP/1.1" 200 87399
114.119.137.43 - - [19/Jul/2024:03:47:11 +0200] "GET /ticket2/opencms/en/venue/?venueid=0DAE72BE-DDB2-1AEE-67A0-D0641E7711CD HTTP/1.1" 200 70731
217.113.194.214 - - [19/Jul/2024:03:47:16 +0200] "GET /ticket2/opencms/sv/buy/?page=1&edid=0AEEFE50-FC73-A88B-AC3C-C8652212473F HTTP/1.1" 200 87087
47.128.96.220 - - [19/Jul/2024:03:47:17 +0200] "GET /ticket2/opencms/es/buy/?edid=26D75FC9-685E-F97A-1BAD-C5A5C23D1E62 HTTP/1.1" 200 72706
47.128.96.220 - - [19/Jul/2024:03:47:17 +0200] "GET /ticket2/opencms/system/modules/com.gridnine.opencms.ticketbrokerage.site/resources/pics/logo-new.png HTTP/1.1" 200 13541
47.128.96.220 - - [19/Jul/2024:03:47:18 +0200] "GET /ticket2/opencms/system/modules/com.gridnine.opencms.ticketbrokerage.site/resources/pics/footer-img.png HTTP/1.1" 200 10350
37.57.218.243 - - [19/Jul/2024:03:47:20 +0200] "GET /ticket2/opencms/en/buy/?page=1&edid=CD6EABFF-F2F6-FE26-CC78-420DEA1CEE33&sortorder=desc&column=section HTTP/1.1" 200 86996
154.54.249.216 - - [19/Jul/2024:03:47:24 +0200] "GET /ticket2/opencms/sv/buy/?page=1&edid=7E653C31-A788-6271-D9AA-FE8367BFE104 HTTP/1.1" 200 87936
37.57.218.243 - - [19/Jul/2024:03:47:32 +0200] "GET /ticket2/opencms/en/buy/?page=1&edid=D5C4F50D-2A92-D0EC-6476-87E00BCDB682 HTTP/1.1" 200 87626
217.113.194.219 - - [19/Jul/2024:03:47:33 +0200] "GET /ticket2/opencms/sv/buy?page=1&edid=6AEAF6C2-C57A-0447-5B0A-20959D8DCFDD HTTP/1.1" 200 115466
37.57.218.243 - - [19/Jul/2024:03:47:39 +0200] "GET /ticket2/opencms/en/buy/?page=1&edid=D5C4F50D-2A92-D0EC-6476-87E00BCDB682&sortorder=asc&column=price HTTP/1.1" 200 87662
217.113.194.219 - - [19/Jul/2024:03:47:41 +0200] "GET /ticket2/opencms/fi/buy/?page=1&edid=F689CB56-9071-FE7C-055A-10AD3E1E390D HTTP/1.1" 200 86368
63.143.42.252 - - [19/Jul/2024:03:47:41 +0200] "HEAD /ticket2/opencms/ HTTP/1.1" 302 -
83.97.73.245 - - [19/Jul/2024:03:47:42 +0200] "GET /?XDEBUG_SESSION_START=phpstorm HTTP/1.1" 404 -
63.143.42.252 - - [19/Jul/2024:03:47:45 +0200] "HEAD /ticket2/opencms/en/ HTTP/1.1" 200 -
114.119.138.151 - - [19/Jul/2024:03:47:52 +0200] "GET /ticket2/opencms/en/sell/?edid=7096723F-3AA2-C6C7-432B-FA3E62922FD4 HTTP/1.1" 302 -
37.57.218.243 - - [19/Jul/2024:03:47:52 +0200] "GET /ticket2/opencms/en/buy/?page=1&edid=D5C4F50D-2A92-D0EC-6476-87E00BCDB682&sortorder=asc&column=row HTTP/1.1" 200 87662
114.119.138.151 - - [19/Jul/2024:03:47:55 +0200] "GET /ticket2/opencms/en/login/?url=/en/sell/ HTTP/1.1" 200 72802
37.60.249.191 - - [19/Jul/2024:03:47:59 +0200] "GET /ticket2/opencms/dk/en/buy/?page=1&edid=66B6FB17-4C70-8B35-3D9C-B87B9C32022F&sortorder=asc&column=section HTTP/1.1" 404 -
37.57.218.243 - - [19/Jul/2024:03:48:03 +0200] "GET /ticket2/opencms/en/buy/?page=1&edid=D5C4F50D-2A92-D0EC-6476-87E00BCDB682&sortorder=asc&column=section HTTP/1.1" 200 87662
217.113.194.217 - - [19/Jul/2024:03:48:06 +0200] "GET /ticket2/opencms/dk/buy/?page=1&edid=243EB3E1-5742-2E61-6FE1-9C31B1193B60 HTTP/1.1" 200 85105
136.243.222.140 - - [19/Jul/2024:03:48:06 +0200] "GET /ticket2/opencms/en/buy?page=1&edid=16436A63-E7D4-DEDF-5835-AB72708D4247 HTTP/1.1" 200 109339
37.57.218.243 - - [19/Jul/2024:03:48:11 +0200] "GET /ticket2/opencms/en/buy/?page=1&edid=D5C4F50D-2A92-D0EC-6476-87E00BCDB682&sortorder=desc&column=price HTTP/1.1" 200 87661
217.113.194.212 - - [19/Jul/2024:03:48:14 +0200] "GET /ticket2/opencms/dk/buy/?page=1&edid=DB4A6171-375A-7EBD-95AE-E937E7B36DB7 HTTP/1.1" 200 87092
37.57.218.243 - - [19/Jul/2024:03:48:20 +0200] "GET /ticket2/opencms/en/buy/?page=1&edid=D5C4F50D-2A92-D0EC-6476-87E00BCDB682&sortorder=desc&column=row HTTP/1.1" 200 87661
217.113.194.221 - - [19/Jul/2024:03:48:22 +0200] "GET /ticket2/opencms/dk/buy/?page=1&edid=4FB71778-35E5-0311-C96C-07D746A3C347 HTTP/1.1" 200 87793
37.57.218.243 - - [19/Jul/2024:03:48:31 +0200] "GET /ticket2/opencms/en/buy/?page=1&edid=D5C4F50D-2A92-D0EC-6476-87E00BCDB682&sortorder=desc&column=section HTTP/1.1" 200 87661
217.113.194.215 - - [19/Jul/2024:03:48:31 +0200] "GET /ticket2/opencms/dk/buy/?page=1&edid=899A0944-C92B-15E4-0D55-C912BCD7E17D HTTP/1.1" 200 85104
114.119.136.120 - - [19/Jul/2024:03:48:33 +0200] "GET /ticket2/opencms/en/venue/?venueid=8BDEA22F-AEEB-2CF5-B679-E036CF5C4797 HTTP/1.1" 200 70703
154.54.249.216 - - [19/Jul/2024:03:48:40 +0200] "GET /ticket2/opencms/dk/buy/?page=1&edid=3500324C-4D6A-19B7-964B-816D2FCB76D2 HTTP/1.1" 200 87107
37.57.218.243 - - [19/Jul/2024:03:48:40 +0200] "GET /ticket2/opencms/en/buy/?page=1&edid=DA544182-AA79-F548-64ED-2C067A356729 HTTP/1.1" 200 86961
66.249.79.75 - - [19/Jul/2024:03:48:46 +0200] "GET /ticket2/opencms/system/modules/com.gridnine.opencms.ticketbrokerage.site/resources/js/calendar-setup.js HTTP/1.1" 200 4923
37.57.218.243 - - [19/Jul/2024:03:48:49 +0200] "GET /ticket2/opencms/en/buy/?page=1&edid=DA544182-AA79-F548-64ED-2C067A356729&sortorder=asc&column=price HTTP/1.1" 200 86997
66.249.79.231 - - [19/Jul/2024:03:48:53 +0200] "GET /ticket2/opencms/en/buy?page=1&edid=1AD4E11C-C792-1721-4D1A-2229101A30FD HTTP/1.1" 200 119653
66.249.79.172 - - [19/Jul/2024:03:48:56 +0200] "GET /ticket2/opencms/it/buy/?comcatid=0A6B8208-FDA4-E929-9D72-5312FD481B76&catid=465306FD-802C-5175-10FF-40E426DD2769 HTTP/1.1" 200 76447
37.57.218.243 - - [19/Jul/2024:03:48:56 +0200] "GET /ticket2/opencms/en/buy/?page=1&edid=DA544182-AA79-F548-64ED-2C067A356729&sortorder=asc&column=row HTTP/1.1" 200 86997
66.249.79.233 - - [19/Jul/2024:03:48:57 +0200] "GET /ticket2/opencms/system/modules/com.gridnine.opencms.ticketbrokerage.site/resources/js/functions.js HTTP/1.1" 200 1583
37.57.218.243 - - [19/Jul/2024:03:49:04 +0200] "GET /ticket2/opencms/en/buy/?page=1&edid=DA544182-AA79-F548-64ED-2C067A356729&sortorder=asc&column=section HTTP/1.1" 200 86997
37.57.218.243 - - [19/Jul/2024:03:49:17 +0200] "GET /ticket2/opencms/en/buy/?page=1&edid=DA544182-AA79-F548-64ED-2C067A356729&sortorder=desc&column=price HTTP/1.1" 200 86996
10.140.0.101 - - [19/Jul/2024:03:49:18 +0200] "GET / HTTP/1.1" 404 -
37.57.218.243 - - [19/Jul/2024:03:49:26 +0200] "GET /ticket2/opencms/en/buy/?page=1&edid=DA544182-AA79-F548-64ED-2C067A356729&sortorder=desc&column=row HTTP/1.1" 200 86996
37.123.143.245 - - [19/Jul/2024:03:49:27 +0200] "GET /ticket2/opencms/system/workplace/views/top_foot.jsp?wpFrame=foot HTTP/1.1" 200 1211
37.123.143.245 - - [19/Jul/2024:03:49:27 +0200] "GET /ticket2/opencms/system/workplace/commons/style/workplace.css HTTP/1.1" 200 14209
47.128.115.19 - - [19/Jul/2024:03:49:35 +0200] "GET /ticket2/opencms/es/buy/?edid=61DA5187-3BC1-5070-CDA4-ED6A8BAEEBFE HTTP/1.1" 200 72706
47.128.115.19 - - [19/Jul/2024:03:49:36 +0200] "GET /ticket2/opencms/system/modules/com.gridnine.opencms.ticketbrokerage.site/resources/pics/logo-new.png HTTP/1.1" 200 13541
47.128.115.19 - - [19/Jul/2024:03:49:36 +0200] "GET /ticket2/opencms/system/modules/com.gridnine.opencms.ticketbrokerage.site/resources/pics/footer-img.png HTTP/1.1" 200 10350
37.57.218.243 - - [19/Jul/2024:03:49:37 +0200] "GET /ticket2/opencms/en/buy/?page=1&edid=DA544182-AA79-F548-64ED-2C067A356729&sortorder=desc&column=section HTTP/1.1" 200 86996
217.113.194.219 - - [19/Jul/2024:03:49:38 +0200] "GET /ticket2/opencms/en/venue/?venueid=17D6F983-3B1F-54BA-CC32-B050F0933AC3 HTTP/1.1" 200 70698
37.60.249.191 - - [19/Jul/2024:03:49:39 +0200] "GET /ticket2/opencms/dk/en/buy/?page=1&edid=75FF687A-3DBB-F476-3881-CF5D7FFEBAC0 HTTP/1.1" 404 -
121.229.156.11 - - [19/Jul/2024:03:49:44 +0200] "GET /ticket2/opencms/ HTTP/1.1" 302 -
121.229.156.11 - - [19/Jul/2024:03:49:46 +0200] "GET /ticket2/opencms/en/ HTTP/1.1" 200 94039
37.57.218.243 - - [19/Jul/2024:03:49:47 +0200] "GET /ticket2/opencms/en/buy/?page=1&edid=DD7009E0-BEDD-5FDF-FBEC-9803C9276491 HTTP/1.1" 200 87699
217.113.194.221 - - [19/Jul/2024:03:49:48 +0200] "GET /ticket2/opencms/en/venue/?venueid=A8858F1D-FB00-53F1-CA46-D029D84C4D0E HTTP/1.1" 200 70700
217.113.194.212 - - [19/Jul/2024:03:49:56 +0200] "GET /ticket2/opencms/en/buy?page=1&edid=06839E1C-8CA0-2766-B39C-B161E06D9E51 HTTP/1.1" 200 110462
37.57.218.243 - - [19/Jul/2024:03:49:58 +0200] "GET /ticket2/opencms/en/buy/?page=1&edid=DD7009E0-BEDD-5FDF-FBEC-9803C9276491&sortorder=asc&column=price HTTP/1.1" 200 87735
217.113.194.219 - - [19/Jul/2024:03:50:05 +0200] "GET /ticket2/opencms/en/buy?page=1&edid=E9DB3A42-82BF-9B65-3ED4-EE5A32871388 HTTP/1.1" 200 106244
37.57.218.243 - - [19/Jul/2024:03:50:07 +0200] "GET /ticket2/opencms/en/buy/?page=1&edid=DD7009E0-BEDD-5FDF-FBEC-9803C9276491&sortorder=asc&column=row HTTP/1.1" 200 87735
114.119.144.51 - - [19/Jul/2024:03:50:11 +0200] "GET /ticket2/opencms/en/buy?page=1&edid=F0FD144D-EDD8-45A2-3DD8-E1C7A55E1A39 HTTP/1.1" 200 86564
136.243.59.237 - - [19/Jul/2024:03:50:11 +0200] "GET /ticket2/opencms/en/affiliateprogram.html HTTP/1.1" 200 70960
217.113.194.214 - - [19/Jul/2024:03:50:14 +0200] "GET /ticket2/opencms/en/buy?page=1&edid=5BA11D18-AC24-6566-FBBA-BF6AFADFC113 HTTP/1.1" 200 110454
37.57.218.243 - - [19/Jul/2024:03:50:17 +0200] "GET /ticket2/opencms/en/buy/?page=1&edid=DD7009E0-BEDD-5FDF-FBEC-9803C9276491&sortorder=asc&column=section HTTP/1.1" 200 87735
217.113.194.213 - - [19/Jul/2024:03:50:22 +0200] "GET /ticket2/opencms/en/buy?page=1&edid=5C3AFB2F-2529-59CA-3E55-76B2E3B91E86 HTTP/1.1" 200 102297
217.113.194.213 - - [19/Jul/2024:03:50:30 +0200] "GET /ticket2/opencms/sv/buy/?page=1&edid=2516628B-A0F3-06FF-1C7B-E8EBE435FD19 HTTP/1.1" 200 87095
37.57.218.243 - - [19/Jul/2024:03:50:31 +0200] "GET /ticket2/opencms/en/buy/?page=1&edid=DD7009E0-BEDD-5FDF-FBEC-9803C9276491&sortorder=desc&column=price HTTP/1.1" 200 87734
217.113.194.218 - - [19/Jul/2024:03:50:39 +0200] "GET /ticket2/opencms/fi/buy/?page=1&edid=55B71E74-70BF-BDCB-5C46-16288AA0B61A HTTP/1.1" 200 86370
37.57.218.243 - - [19/Jul/2024:03:50:39 +0200] "GET /ticket2/opencms/en/buy/?page=1&edid=DD7009E0-BEDD-5FDF-FBEC-9803C9276491&sortorder=desc&column=row HTTP/1.1" 200 87734
37.57.218.243 - - [19/Jul/2024:03:50:53 +0200] "GET /ticket2/opencms/en/buy/?page=1&edid=DD7009E0-BEDD-5FDF-FBEC-9803C9276491&sortorder=desc&column=section HTTP/1.1" 200 87734
37.57.218.243 - - [19/Jul/2024:03:51:01 +0200] "GET /ticket2/opencms/en/buy/?page=1&edid=E2BA566F-7943-8BEC-96B9-9CC0C50C3F94 HTTP/1.1" 200 87697
217.113.194.219 - - [19/Jul/2024:03:51:04 +0200] "GET /ticket2/opencms/fi/venue/?venueid=22FBA63B-CC18-3864-F1A1-268F2EA93F27 HTTP/1.1" 200 72297
217.113.194.219 - - [19/Jul/2024:03:51:12 +0200] "GET /ticket2/opencms/fi/venue/?venueid=31BBAF6D-4071-7BB6-60A3-8F76D4F1958F HTTP/1.1" 200 72306
37.57.218.243 - - [19/Jul/2024:03:51:17 +0200] "GET /ticket2/opencms/en/buy/?page=1&edid=E2BA566F-7943-8BEC-96B9-9CC0C50C3F94&sortorder=asc&column=row HTTP/1.1" 200 87733
217.113.194.214 - - [19/Jul/2024:03:51:20 +0200] "GET /ticket2/opencms/dk/buy/?page=1&edid=1BE465F1-8E39-0195-B4CD-EB26D33F87C5 HTTP/1.1" 200 87094
37.57.218.243 - - [19/Jul/2024:03:51:27 +0200] "GET /ticket2/opencms/en/buy/?page=1&edid=E2BA566F-7943-8BEC-96B9-9CC0C50C3F94&sortorder=asc&column=section HTTP/1.1" 200 87733
217.113.194.219 - - [19/Jul/2024:03:51:29 +0200] "GET /ticket2/opencms/dk/buy/?page=1&edid=44FA1F14-EB7D-12C7-39F6-256763F07FCD HTTP/1.1" 200 85085
37.57.218.243 - - [19/Jul/2024:03:51:33 +0200] "GET /ticket2/opencms/en/buy/?page=1&edid=E2BA566F-7943-8BEC-96B9-9CC0C50C3F94&sortorder=desc&column=price HTTP/1.1" 200 87732
154.54.249.216 - - [19/Jul/2024:03:51:37 +0200] "GET /ticket2/opencms/dk/buy/?page=1&edid=1687DDD4-26CB-90E9-4D60-00481CF45F0E HTTP/1.1" 200 85140
37.57.218.243 - - [19/Jul/2024:03:51:45 +0200] "GET /ticket2/opencms/en/buy/?page=1&edid=E2BA566F-7943-8BEC-96B9-9CC0C50C3F94&sortorder=desc&column=row HTTP/1.1" 200 87732
217.113.194.220 - - [19/Jul/2024:03:51:45 +0200] "GET /ticket2/opencms/dk/buy/?page=1&edid=9C56B2C4-74E1-1075-9958-D428CD1E85C8 HTTP/1.1" 200 85102
47.128.125.141 - - [19/Jul/2024:03:51:52 +0200] "GET /ticket2/opencms/es/buy/?edid=E3166D36-0533-1C67-661A-CD0D8BD7BA8C HTTP/1.1" 200 72706
47.128.125.141 - - [19/Jul/2024:03:51:53 +0200] "GET /ticket2/opencms/system/modules/com.gridnine.opencms.ticketbrokerage.site/resources/pics/logo-new.png HTTP/1.1" 200 13541
47.128.125.141 - - [19/Jul/2024:03:51:53 +0200] "GET /ticket2/opencms/system/modules/com.gridnine.opencms.ticketbrokerage.site/resources/pics/footer-img.png HTTP/1.1" 200 10350
217.113.194.217 - - [19/Jul/2024:03:51:54 +0200] "GET /ticket2/opencms/dk/buy/?page=1&edid=456ECABC-9BC7-FA80-A302-4E57CB832A9A HTTP/1.1" 200 86637
37.57.218.243 - - [19/Jul/2024:03:51:55 +0200] "GET /ticket2/opencms/en/buy/?page=1&edid=E2BA566F-7943-8BEC-96B9-9CC0C50C3F94&sortorder=desc&column=section HTTP/1.1" 200 87732
217.113.194.212 - - [19/Jul/2024:03:52:02 +0200] "GET /ticket2/opencms/dk/venue/?countryid=FECEDBB4-CBB7-37BC-56A2-3BCE3EF7E1E8 HTTP/1.1" 200 103111
37.57.218.243 - - [19/Jul/2024:03:52:03 +0200] "GET /ticket2/opencms/en/buy/?page=1&edid=E3B46C02-527F-BFED-1199-3D6C38556545 HTTP/1.1" 200 87729
136.243.222.140 - - [19/Jul/2024:03:52:06 +0200] "GET /ticket2/opencms/en/search.html?searchQuery=chelsea&submit= HTTP/1.1" 200 112619
37.57.218.243 - - [19/Jul/2024:03:52:11 +0200] "GET /ticket2/opencms/en/buy/?page=1&edid=E3B46C02-527F-BFED-1199-3D6C38556545&sortorder=asc&column=price HTTP/1.1" 200 87765
114.119.141.53 - - [19/Jul/2024:03:52:13 +0200] "GET /ticket2/opencms/en/venue/?countryid=EF3F1C0A-ABF4-7226-18E0-4339A3934525 HTTP/1.1" 200 100101
37.57.218.243 - - [19/Jul/2024:03:52:20 +0200] "GET /ticket2/opencms/en/buy/?page=1&edid=E3B46C02-527F-BFED-1199-3D6C38556545&sortorder=asc&column=row HTTP/1.1" 200 87765
185.157.223.150 - - [19/Jul/2024:03:52:25 +0200] "GET /ticket2/tickets_export/outgoing/export.txt HTTP/1.1" 200 48019142
37.57.218.243 - - [19/Jul/2024:03:52:26 +0200] "GET /ticket2/opencms/en/buy/?page=1&edid=E3B46C02-527F-BFED-1199-3D6C38556545&sortorder=asc&column=section HTTP/1.1" 200 87765
37.57.218.243 - - [19/Jul/2024:03:52:34 +0200] "GET /ticket2/opencms/en/buy/?page=1&edid=E3B46C02-527F-BFED-1199-3D6C38556545&sortorder=desc&column=price HTTP/1.1" 200 87764
217.113.194.212 - - [19/Jul/2024:03:52:35 +0200] "GET /ticket2/opencms/dk/venue/?venueid=31BBAF6D-4071-7BB6-60A3-8F76D4F1958F HTTP/1.1" 200 71186
63.143.42.252 - - [19/Jul/2024:03:52:41 +0200] "HEAD /ticket2/opencms/ HTTP/1.1" 302 -
66.249.76.168 - - [19/Jul/2024:03:52:42 +0200] "GET /ticket2/opencms/fr/magazine/article?title=aston-villa-lun-des-clubs-les-plus-anciens-de-la-premier-league HTTP/1.1" 200 75183
37.57.218.243 - - [19/Jul/2024:03:52:43 +0200] "GET /ticket2/opencms/en/buy/?page=1&edid=E3B46C02-527F-BFED-1199-3D6C38556545&sortorder=desc&column=row HTTP/1.1" 200 87764
63.143.42.252 - - [19/Jul/2024:03:52:44 +0200] "HEAD /ticket2/opencms/en/ HTTP/1.1" 200 -
66.249.79.231 - - [19/Jul/2024:03:52:44 +0200] "GET /ticket2/opencms/sv/buy/?page=1&edid=7C16C78F-F9EE-B2A9-0C9E-990B916B48DD HTTP/1.1" 200 111622
114.119.129.235 - - [19/Jul/2024:03:52:52 +0200] "GET /ticket2/opencms/en/venue/?venueid=F95CCA03-8412-EF00-BE73-83772A0CB743 HTTP/1.1" 200 70688
37.57.218.243 - - [19/Jul/2024:03:52:54 +0200] "GET /ticket2/opencms/en/buy/?page=1&edid=E3B46C02-527F-BFED-1199-3D6C38556545&sortorder=desc&column=section HTTP/1.1" 200 87764
37.57.218.243 - - [19/Jul/2024:03:53:06 +0200] "GET /ticket2/opencms/en/buy/?page=1&edid=E7C2827B-AB04-D914-A6A6-2F87797DD7EE HTTP/1.1" 200 86568
37.57.218.243 - - [19/Jul/2024:03:53:16 +0200] "GET /ticket2/opencms/en/buy/?page=1&edid=E7C2827B-AB04-D914-A6A6-2F87797DD7EE&sortorder=asc&column=price HTTP/1.1" 200 86604
217.113.194.220 - - [19/Jul/2024:03:53:16 +0200] "GET /ticket2/opencms/en/venue/?venueid=9105DCA9-DA89-4D98-8EC3-D0773C34A12F HTTP/1.1" 200 70703
37.60.249.191 - - [19/Jul/2024:03:53:21 +0200] "GET /ticket2/opencms/dk/en/buy/?page=1&edid=76BB87DF-2D93-1559-E6EE-BF08999C089F&sortorder=asc&column=price HTTP/1.1" 404 -
114.119.135.232 - - [19/Jul/2024:03:53:22 +0200] "GET /ticket2/opencms/en/buy/?page=1&edid=50EC56B8-A233-6379-A556-B722E4B1EB39 HTTP/1.1" 200 84571
37.57.218.243 - - [19/Jul/2024:03:53:25 +0200] "GET /ticket2/opencms/en/buy/?page=1&edid=E7C2827B-AB04-D914-A6A6-2F87797DD7EE&sortorder=asc&column=section HTTP/1.1" 200 86604
217.113.194.220 - - [19/Jul/2024:03:53:25 +0200] "GET /ticket2/opencms/en/venue/?venueid=E5062924-B4F3-0DE7-D5ED-74F1F93777E1 HTTP/1.1" 200 70692
66.249.76.1 - - [19/Jul/2024:03:53:31 +0200] "GET /ticket2/opencms/no/buy/?page=1&edid=A9C35541-ABB7-0662-52F4-8AD61BAC9B1C HTTP/1.1" 200 111163
114.119.134.51 - - [19/Jul/2024:03:53:31 +0200] "GET /ticket2/opencms/en/venue/?venueid=86B389D1-7013-BAF6-CA43-7EB6782B91E5 HTTP/1.1" 200 70800
37.57.218.243 - - [19/Jul/2024:03:53:32 +0200] "GET /ticket2/opencms/en/buy/?page=1&edid=E7C2827B-AB04-D914-A6A6-2F87797DD7EE&sortorder=desc&column=price HTTP/1.1" 200 86603
217.113.194.213 - - [19/Jul/2024:03:53:34 +0200] "GET /ticket2/opencms/en/venue/?venueid=E5B48125-3172-6FE0-AE97-FD5E9EC5BAFA HTTP/1.1" 200 70716
37.60.249.191 - - [19/Jul/2024:03:53:39 +0200] "GET /ticket2/opencms/dk/en/buy/?page=1&edid=76BB87DF-2D93-1559-E6EE-BF08999C089F&sortorder=asc&column=row HTTP/1.1" 404 -
37.57.218.243 - - [19/Jul/2024:03:53:42 +0200] "GET /ticket2/opencms/en/buy/?page=1&edid=E7C2827B-AB04-D914-A6A6-2F87797DD7EE&sortorder=desc&column=row HTTP/1.1" 200 86603
217.113.194.216 - - [19/Jul/2024:03:53:42 +0200] "GET /ticket2/opencms/en/venue/?venueid=EB1108B8-23F0-F2F3-59CD-61ADBB1E21B7 HTTP/1.1" 200 70715
37.57.218.243 - - [19/Jul/2024:03:53:48 +0200] "GET /ticket2/opencms/en/buy/?page=1&edid=E7C2827B-AB04-D914-A6A6-2F87797DD7EE&sortorder=desc&column=section HTTP/1.1" 200 86603
217.113.194.213 - - [19/Jul/2024:03:53:51 +0200] "GET /ticket2/opencms/en/venue/?venueid=A10EDB7A-AE65-48DB-7BBA-11F942FFE69D HTTP/1.1" 200 70704
37.57.218.243 - - [19/Jul/2024:03:53:58 +0200] "GET /ticket2/opencms/en/buy/?page=1&edid=E8847AD1-35CC-3C72-3A90-470EF1CAF178 HTTP/1.1" 200 87735
114.119.155.232 - - [19/Jul/2024:03:53:59 +0200] "GET /ticket2/opencms/en/buy/?page=1&edid=042B1AE0-B676-9EDF-9B0C-DC5976C2588C HTTP/1.1" 200 87176
217.113.194.218 - - [19/Jul/2024:03:53:59 +0200] "GET /ticket2/opencms/en/venue/?venueid=CECD7212-C0C4-A2C4-7CE4-4BCC2D51A2B1 HTTP/1.1" 200 70767
37.57.218.243 - - [19/Jul/2024:03:54:04 +0200] "GET /ticket2/opencms/en/buy/?page=1&edid=E8847AD1-35CC-3C72-3A90-470EF1CAF178&sortorder=asc&column=price HTTP/1.1" 200 87771
95.163.255.181 - - [19/Jul/2024:03:54:08 +0200] "GET /ticket2/opencms/robots.txt HTTP/1.0" 200 773
217.113.194.220 - - [19/Jul/2024:03:54:08 +0200] "GET /ticket2/opencms/en/buy?page=1&edid=D11D82D4-28DA-1768-D317-EF521A2F97E6 HTTP/1.1" 200 115457
47.128.114.54 - - [19/Jul/2024:03:54:11 +0200] "GET /ticket2/opencms/sv/buy/?edid=8E565EE5-A6F4-D9ED-994A-676DC5E87EA7 HTTP/1.1" 200 71773
47.128.114.54 - - [19/Jul/2024:03:54:12 +0200] "GET /ticket2/opencms/system/modules/com.gridnine.opencms.ticketbrokerage.site/resources/pics/logo-new.png HTTP/1.1" 200 13541
47.128.114.54 - - [19/Jul/2024:03:54:12 +0200] "GET /ticket2/opencms/system/modules/com.gridnine.opencms.ticketbrokerage.site/resources/pics/footer-img.png HTTP/1.1" 200 10350
37.57.218.243 - - [19/Jul/2024:03:54:14 +0200] "GET /ticket2/opencms/en/buy/?page=1&edid=E8847AD1-35CC-3C72-3A90-470EF1CAF178&sortorder=asc&column=row HTTP/1.1" 200 87771
217.113.194.219 - - [19/Jul/2024:03:54:16 +0200] "GET /ticket2/opencms/en/buy?page=1&edid=E0A8CE5D-A2DA-F5EB-6814-85F787FE51D7 HTTP/1.1" 200 96128
95.163.255.185 - - [19/Jul/2024:03:54:19 +0200] "GET /ticket2/opencms/ru/sport/football/premier_league/liverpool/ HTTP/1.1" 500 -
37.57.218.243 - - [19/Jul/2024:03:54:23 +0200] "GET /ticket2/opencms/en/buy/?page=1&edid=E8847AD1-35CC-3C72-3A90-470EF1CAF178&sortorder=asc&column=section HTTP/1.1" 200 87771
37.60.249.191 - - [19/Jul/2024:03:54:24 +0200] "GET /ticket2/opencms/dk/en/buy/?page=1&edid=76BB87DF-2D93-1559-E6EE-BF08999C089F&sortorder=asc&column=section HTTP/1.1" 404 -
217.113.194.215 - - [19/Jul/2024:03:54:25 +0200] "GET /ticket2/opencms/en/buy?page=1&edid=67D9BDEC-57DC-5BC5-B6FB-C7074FDCD450 HTTP/1.1" 200 96131
37.123.143.245 - - [19/Jul/2024:03:54:27 +0200] "GET /ticket2/opencms/system/workplace/views/top_foot.jsp?wpFrame=foot HTTP/1.1" 200 1211
37.123.143.245 - - [19/Jul/2024:03:54:27 +0200] "GET /ticket2/opencms/system/workplace/commons/style/workplace.css HTTP/1.1" 200 14209
136.243.59.237 - - [19/Jul/2024:03:54:27 +0200] "GET /ticket2/opencms/en/buy?page=1&edid=BE6ABBE8-6DAC-6741-AA1A-CEB7A9B0DCF0 HTTP/1.1" 200 112726
112.86.225.207 - - [19/Jul/2024:03:54:31 +0200] "GET /ticket2/opencms/ HTTP/1.1" 302 -
37.57.218.243 - - [19/Jul/2024:03:54:31 +0200] "GET /ticket2/opencms/en/buy/?page=1&edid=E8847AD1-35CC-3C72-3A90-470EF1CAF178&sortorder=desc&column=price HTTP/1.1" 200 87770
112.86.225.207 - - [19/Jul/2024:03:54:32 +0200] "GET /ticket2/opencms/en/ HTTP/1.1" 200 94039
217.113.194.221 - - [19/Jul/2024:03:54:33 +0200] "GET /ticket2/opencms/no/buy/?page=1&edid=B06AF4F4-E0B4-9C7E-FDA1-698E9F88DF19 HTTP/1.1" 200 85903
37.57.218.243 - - [19/Jul/2024:03:54:39 +0200] "GET /ticket2/opencms/en/buy/?page=1&edid=E8847AD1-35CC-3C72-3A90-470EF1CAF178&sortorder=desc&column=row HTTP/1.1" 200 87770
66.249.79.171 - - [19/Jul/2024:03:54:40 +0200] "GET /ticket2/opencms/sv/buy/?page=1&edid=92EC8EA9-435D-E1EB-71C7-ABC74E697DDF HTTP/1.1" 200 110251
217.113.194.221 - - [19/Jul/2024:03:54:41 +0200] "GET /ticket2/opencms/no/buy/?page=1&edid=85A46D4A-3BBA-FABF-1612-5AD8302CC5AE HTTP/1.1" 200 87409
37.57.218.243 - - [19/Jul/2024:03:54:43 +0200] "GET /ticket2/opencms/en/buy/?page=1&edid=E8847AD1-35CC-3C72-3A90-470EF1CAF178&sortorder=desc&column=section HTTP/1.1" 200 87770
217.113.194.217 - - [19/Jul/2024:03:54:50 +0200] "GET /ticket2/opencms/no/buy/?page=1&edid=2C628F37-50C8-6D86-55F0-9E385D7A6FB4 HTTP/1.1" 200 85890
37.57.218.243 - - [19/Jul/2024:03:54:50 +0200] "GET /ticket2/opencms/en/buy/?page=1&edid=F9D480C8-CC9A-5C4B-D090-F29D97AF622B HTTP/1.1" 200 87730
37.57.218.243 - - [19/Jul/2024:03:54:55 +0200] "GET /ticket2/opencms/en/buy/?page=1&edid=F9D480C8-CC9A-5C4B-D090-F29D97AF622B&sortorder=asc&column=price HTTP/1.1" 200 87766
217.113.194.221 - - [19/Jul/2024:03:54:58 +0200] "GET /ticket2/opencms/sv/buy/?page=1&edid=5F78C39B-4186-FE18-0E0D-7E9A9CDFF515 HTTP/1.1" 200 87732
37.57.218.243 - - [19/Jul/2024:03:55:04 +0200] "GET /ticket2/opencms/en/buy/?page=1&edid=F9D480C8-CC9A-5C4B-D090-F29D97AF622B&sortorder=asc&column=row HTTP/1.1" 200 87766
217.113.194.217 - - [19/Jul/2024:03:55:06 +0200] "GET /ticket2/opencms/fi/buy/?page=1&edid=EB937F59-78A8-4F54-1D8E-A6CD792386CC HTTP/1.1" 200 89496
37.57.218.243 - - [19/Jul/2024:03:55:13 +0200] "GET /ticket2/opencms/en/buy/?page=1&edid=F9D480C8-CC9A-5C4B-D090-F29D97AF622B&sortorder=asc&column=section HTTP/1.1" 200 87766
217.113.194.217 - - [19/Jul/2024:03:55:15 +0200] "GET /ticket2/opencms/fi/buy/?page=1&edid=A0D151F7-FFFC-6ED6-C929-78600C8052DB HTTP/1.1" 200 89056
47.128.111.160 - - [19/Jul/2024:03:55:21 +0200] "GET /ticket2/opencms/dk/buy/?catid=88C381AD-5D76-A34D-AC15-A7129F8EF5BE&comcatid=A17713B6-D984-201A-4143-ED4DB5ED5C2E HTTP/1.1" 200 81633
37.57.218.243 - - [19/Jul/2024:03:55:21 +0200] "GET /ticket2/opencms/en/buy/?page=1&edid=F9D480C8-CC9A-5C4B-D090-F29D97AF622B&sortorder=desc&column=price HTTP/1.1" 200 87765
47.128.111.160 - - [19/Jul/2024:03:55:21 +0200] "GET /ticket2/opencms/system/modules/com.gridnine.opencms.ticketbrokerage.site/resources/pics/logo-new.png HTTP/1.1" 200 13541
47.128.111.160 - - [19/Jul/2024:03:55:22 +0200] "GET /ticket2/opencms/system/modules/com.gridnine.opencms.ticketbrokerage.site/resources/pics/footer-img.png HTTP/1.1" 200 10350
95.163.255.162 - - [19/Jul/2024:03:55:22 +0200] "GET /ticket2/opencms/ru/sport/football/premier_league/arsenal/ HTTP/1.1" 500 -
37.60.249.191 - - [19/Jul/2024:03:55:23 +0200] "GET /ticket2/opencms/robots.txt HTTP/1.1" 200 773
217.113.194.213 - - [19/Jul/2024:03:55:23 +0200] "GET /ticket2/opencms/fi/buy/?page=1&edid=5D90F1BB-FDA0-E705-6448-4D677B2D6B3E HTTP/1.1" 200 89547
37.57.218.243 - - [19/Jul/2024:03:55:27 +0200] "GET /ticket2/opencms/en/buy/?page=1&edid=F9D480C8-CC9A-5C4B-D090-F29D97AF622B&sortorder=desc&column=row HTTP/1.1" 200 87765
217.113.194.218 - - [19/Jul/2024:03:55:32 +0200] "GET /ticket2/opencms/fi/buy/?page=1&edid=8B0071A4-A4EC-E1F3-D002-1B401FF711AE HTTP/1.1" 200 88999
37.57.218.243 - - [19/Jul/2024:03:55:35 +0200] "GET /ticket2/opencms/en/buy/?page=1&edid=F9D480C8-CC9A-5C4B-D090-F29D97AF622B&sortorder=desc&column=section HTTP/1.1" 200 87765
37.57.218.243 - - [19/Jul/2024:03:55:39 +0200] "GET /ticket2/opencms/en/login/?edid=0D8D57D3-D8D3-170A-1C7B-4989EC7A66A6 HTTP/1.1" 200 72802
217.113.194.216 - - [19/Jul/2024:03:55:40 +0200] "GET /ticket2/opencms/fi/venue/?countryid=FA8BEB57-7287-7F81-B4E1-A4D5981068EB HTTP/1.1" 200 101663
37.57.218.243 - - [19/Jul/2024:03:55:45 +0200] "GET /ticket2/opencms/en/login/?edid=0D8D57D3-D8D3-170A-1C7B-4989EC7A66A6 HTTP/1.1" 200 72802
47.128.113.197 - - [19/Jul/2024:03:55:45 +0200] "GET /ticket2/opencms/fi/buy/?page=1&edid=F74997E7-1F81-8144-BC19-7CD40E7B47F7 HTTP/1.1" 200 112392
47.128.113.197 - - [19/Jul/2024:03:55:46 +0200] "GET /ticket2/opencms/system/modules/com.gridnine.opencms.ticketbrokerage.site/resources/pics/logo-new.png HTTP/1.1" 200 13541
47.128.113.197 - - [19/Jul/2024:03:55:47 +0200] "GET /ticket2/opencms/system/modules/com.gridnine.opencms.ticketbrokerage.site/resources/pics/two_man.png HTTP/1.1" 200 3407
47.128.113.197 - - [19/Jul/2024:03:55:47 +0200] "GET /ticket2/opencms/venue/villa_park.png HTTP/1.1" 200 73376
47.128.113.197 - - [19/Jul/2024:03:55:47 +0200] "GET /ticket2/opencms/system/modules/com.gridnine.opencms.ticketbrokerage.site/resources/pics/ticket_info_button.png HTTP/1.1" 200 3820
47.128.113.197 - - [19/Jul/2024:03:55:47 +0200] "GET /ticket2/opencms/system/modules/com.gridnine.opencms.ticketbrokerage.site/resources/pics/footer-img.png HTTP/1.1" 200 10350
47.128.113.197 - - [19/Jul/2024:03:55:48 +0200] "GET /ticket2/opencms/fi/ask-form.html HTTP/1.1" 200 3012
37.60.249.191 - - [19/Jul/2024:03:55:50 +0200] "GET /ticket2/opencms/dk/en/buy/?page=1&edid=76BB87DF-2D93-1559-E6EE-BF08999C089F&sortorder=desc&column=price HTTP/1.1" 404 -
37.57.218.243 - - [19/Jul/2024:03:55:52 +0200] "GET /ticket2/opencms/en/login/?edid=DF622D6B-F61F-C0B6-3394-EF6B20076C33 HTTP/1.1" 200 72802
37.57.218.243 - - [19/Jul/2024:03:56:03 +0200] "GET /ticket2/opencms/en/login/?edid=DF97ECA4-1113-3B69-FF5A-21F981747AAD HTTP/1.1" 200 72802
47.128.111.230 - - [19/Jul/2024:03:56:10 +0200] "GET /ticket2/opencms/fi/venue/?venueid=66E1E988-5937-F001-455A-788C6919D4BB HTTP/1.1" 200 74255
47.128.111.230 - - [19/Jul/2024:03:56:10 +0200] "GET /ticket2/opencms/system/modules/com.gridnine.opencms.ticketbrokerage.site/resources/pics/logo-new.png HTTP/1.1" 200 13541
37.57.218.243 - - [19/Jul/2024:03:56:11 +0200] "GET /ticket2/opencms/en/login/?edid=E0522035-0BAF-AE6A-5BD8-7838D11C6194 HTTP/1.1" 200 72802
47.128.111.230 - - [19/Jul/2024:03:56:11 +0200] "GET /ticket2/opencms/venue/stamford_bridge.png HTTP/1.1" 200 51972
47.128.111.230 - - [19/Jul/2024:03:56:11 +0200] "GET /ticket2/opencms/system/modules/com.gridnine.opencms.ticketbrokerage.site/resources/pics/footer-img.png HTTP/1.1" 200 10350
37.60.249.191 - - [19/Jul/2024:03:56:12 +0200] "GET /ticket2/opencms/dk/robots.txt HTTP/1.1" 404 -
136.243.222.140 - - [19/Jul/2024:03:56:13 +0200] "GET /ticket2/opencms/en/buy?page=1&edid=DD282B35-B6B7-ECA0-02E0-90864F5E2B50 HTTP/1.1" 200 105178
217.113.194.218 - - [19/Jul/2024:03:56:13 +0200] "GET /ticket2/opencms/fi/venue/?venueid=AF6FD165-4F1A-7FA7-C62D-5E8440EB560A HTTP/1.1" 200 72286
37.57.218.243 - - [19/Jul/2024:03:56:19 +0200] "GET /ticket2/opencms/en/login/?edid=E299A264-623B-31F5-6B20-87BBA4545091 HTTP/1.1" 200 72802
66.249.79.173 - - [19/Jul/2024:03:56:20 +0200] "GET /ticket2/opencms/es/buy?page=1&edid=19422468-9239-E426-DB02-7FA0504E2BEC HTTP/1.1" 200 116741
217.113.194.221 - - [19/Jul/2024:03:56:23 +0200] "GET /ticket2/opencms/fi/venue/?venueid=FA666C19-3DA3-0D92-7BB2-08926CE77F9C HTTP/1.1" 200 72262
37.57.218.243 - - [19/Jul/2024:03:56:26 +0200] "GET /ticket2/opencms/en/login/?edid=E3B46C02-527F-BFED-1199-3D6C38556545 HTTP/1.1" 200 72802
47.128.122.38 - - [19/Jul/2024:03:56:28 +0200] "GET /ticket2/opencms/de/buy/?edid=B938704A-C364-E3C3-6D83-C5254E1A3103 HTTP/1.1" 200 71949
47.128.122.38 - - [19/Jul/2024:03:56:28 +0200] "GET /ticket2/opencms/system/modules/com.gridnine.opencms.ticketbrokerage.site/resources/pics/logo-new.png HTTP/1.1" 200 13541
47.128.122.38 - - [19/Jul/2024:03:56:29 +0200] "GET /ticket2/opencms/system/modules/com.gridnine.opencms.ticketbrokerage.site/resources/pics/footer-img.png HTTP/1.1" 200 10350
154.54.249.216 - - [19/Jul/2024:03:56:32 +0200] "GET /ticket2/opencms/fi/venue/?venueid=A2304C12-61B2-7435-B7FE-9A2EC7393267 HTTP/1.1" 200 72304
47.128.50.223 - - [19/Jul/2024:03:56:34 +0200] "GET /ticket2/opencms/de/buy/?catid=7BADFFFB-57C5-5DBC-E7EB-B45075B3D8F9&comcatid=A17713B6-D984-201A-4143-ED4DB5ED5C2E HTTP/1.1" 200 82144
47.128.50.223 - - [19/Jul/2024:03:56:34 +0200] "GET /ticket2/opencms/system/modules/com.gridnine.opencms.ticketbrokerage.site/resources/pics/logo-new.png HTTP/1.1" 200 13541
47.128.50.223 - - [19/Jul/2024:03:56:35 +0200] "GET /ticket2/opencms/system/modules/com.gridnine.opencms.ticketbrokerage.site/resources/pics/footer-img.png HTTP/1.1" 200 10350
217.113.194.217 - - [19/Jul/2024:03:56:40 +0200] "GET /ticket2/opencms/fi/venue/?venueid=842722E9-5FE1-5D36-B4BC-7C6A76B1894C HTTP/1.1" 200 72316
217.113.194.212 - - [19/Jul/2024:03:56:49 +0200] "GET /ticket2/opencms/fi/venue/?venueid=57D0E584-1B4F-48E5-84BA-640FB823E78C HTTP/1.1" 200 72265
37.60.249.191 - - [19/Jul/2024:03:56:49 +0200] "GET /ticket2/opencms/dk/en/buy/?page=1&edid=76BB87DF-2D93-1559-E6EE-BF08999C089F&sortorder=desc&column=row HTTP/1.1" 404 -
217.113.194.221 - - [19/Jul/2024:03:56:57 +0200] "GET /ticket2/opencms/fi/venue/?venueid=30E59E70-2AD5-DB3F-8F99-0F76DBFE059E HTTP/1.1" 200 72309
47.128.115.113 - - [19/Jul/2024:03:57:00 +0200] "GET /ticket2/opencms/fi/buy/?page=6&comcatid=A17713B6-D984-201A-4143-ED4DB5ED5C2E&catid=3B549160-8B9C-E872-44A9-20FEA86B30E8 HTTP/1.1" 200 83398
47.128.115.113 - - [19/Jul/2024:03:57:00 +0200] "GET /ticket2/opencms/system/modules/com.gridnine.opencms.ticketbrokerage.site/resources/pics/logo-new.png HTTP/1.1" 200 13541
47.128.115.113 - - [19/Jul/2024:03:57:01 +0200] "GET /ticket2/opencms/system/modules/com.gridnine.opencms.ticketbrokerage.site/resources/pics/footer-img.png HTTP/1.1" 200 10350
217.113.194.217 - - [19/Jul/2024:03:57:06 +0200] "GET /ticket2/opencms/fi/venue/?venueid=5083F3B6-5540-C301-C1BD-F0A316E5C281 HTTP/1.1" 200 72307
114.119.158.193 - - [19/Jul/2024:03:57:11 +0200] "GET /ticket2/opencms/en/sell/?edid=ED58C87A-DACC-536D-405C-4E12BB2B9BDC HTTP/1.1" 302 -
217.113.194.220 - - [19/Jul/2024:03:57:14 +0200] "GET /ticket2/opencms/fi/venue/?venueid=94C483B9-56F5-43F8-EB23-31CA57E16549 HTTP/1.1" 200 72285
114.119.158.193 - - [19/Jul/2024:03:57:14 +0200] "GET /ticket2/opencms/en/login/?url=/en/sell/ HTTP/1.1" 200 72802
217.113.194.215 - - [19/Jul/2024:03:57:22 +0200] "GET /ticket2/opencms/dk/buy/?page=1&edid=1C6C7307-F0C0-8D62-48A5-E1BE315A876A HTTP/1.1" 200 87108
47.128.52.121 - - [19/Jul/2024:03:57:23 +0200] "GET /ticket2/opencms/no/buy/?page=6&comcatid=A17713B6-D984-201A-4143-ED4DB5ED5C2E&catid=4B941E1B-E4E2-C53E-C693-9FA91BBA9AD5 HTTP/1.1" 200 84342
47.128.52.121 - - [19/Jul/2024:03:57:24 +0200] "GET /ticket2/opencms/system/modules/com.gridnine.opencms.ticketbrokerage.site/resources/pics/logo-new.png HTTP/1.1" 200 13541
47.128.52.121 - - [19/Jul/2024:03:57:24 +0200] "GET /ticket2/opencms/system/modules/com.gridnine.opencms.ticketbrokerage.site/resources/pics/footer-img.png HTTP/1.1" 200 10350
37.60.249.191 - - [19/Jul/2024:03:57:26 +0200] "GET /ticket2/opencms/dk/en/buy/?page=1&edid=76BB87DF-2D93-1559-E6EE-BF08999C089F&sortorder=desc&column=section HTTP/1.1" 404 -
154.54.249.216 - - [19/Jul/2024:03:57:31 +0200] "GET /ticket2/opencms/dk/buy/?page=1&edid=C8F9C93A-AB7D-8220-8C68-4335B633FCE4 HTTP/1.1" 200 86636
66.249.79.232 - - [19/Jul/2024:03:57:34 +0200] "GET /ticket2/opencms/de/ HTTP/1.1" 200 94735
52.167.144.189 - - [19/Jul/2024:03:57:37 +0200] "GET /ticket2/opencms/de/search.html?searchQuery=2024 HTTP/1.1" 500 -
217.113.194.217 - - [19/Jul/2024:03:57:39 +0200] "GET /ticket2/opencms/dk/buy/?page=1&edid=AC98235E-E472-1A3B-C9D5-A98B0757CE0B HTTP/1.1" 200 85109
63.143.42.252 - - [19/Jul/2024:03:57:41 +0200] "HEAD /ticket2/opencms/ HTTP/1.1" 302 -
63.143.42.252 - - [19/Jul/2024:03:57:45 +0200] "HEAD /ticket2/opencms/en/ HTTP/1.1" 200 -
40.77.167.7 - - [19/Jul/2024:03:57:45 +0200] "GET /ticket2/opencms/sv/buy?page=1&edid=0F9D6B87-FBA2-98F6-6A11-CBBA4D2A86C1 HTTP/1.1" 200 116259
217.113.194.219 - - [19/Jul/2024:03:57:47 +0200] "GET /ticket2/opencms/dk/buy/?page=1&edid=C51FF3C4-B668-1779-1F16-5F90B14976F1 HTTP/1.1" 200 85122
47.128.114.213 - - [19/Jul/2024:03:57:49 +0200] "GET /ticket2/opencms/dk/buy/?catid=D8B345C9-F7A5-E620-4B43-C34EB0D6885B&comcatid=A17713B6-D984-201A-4143-ED4DB5ED5C2E HTTP/1.1" 200 216011
47.128.114.213 - - [19/Jul/2024:03:57:49 +0200] "GET /ticket2/opencms/system/modules/com.gridnine.opencms.ticketbrokerage.site/resources/pics/logo-new.png HTTP/1.1" 200 13541
47.128.114.213 - - [19/Jul/2024:03:57:50 +0200] "GET /ticket2/opencms/system/modules/com.gridnine.opencms.ticketbrokerage.site/resources/pics/footer-img.png HTTP/1.1" 200 10350
114.119.132.248 - - [19/Jul/2024:03:57:51 +0200] "GET /ticket2/opencms/en/venue/?venueid=F3839010-FA04-80EF-00C0-301AFB1437AD HTTP/1.1" 200 70787
217.113.194.213 - - [19/Jul/2024:03:57:56 +0200] "GET /ticket2/opencms/dk/buy/?page=1&edid=8F8AFDA3-3C8B-D87D-FFA3-870721625DCF HTTP/1.1" 200 85120
217.113.194.221 - - [19/Jul/2024:03:58:04 +0200] "GET /ticket2/opencms/dk/buy/?page=1&edid=7DFDD2EB-78C3-EED7-060E-8EFD03FAA118 HTTP/1.1" 200 87725
66.249.79.37 - - [19/Jul/2024:03:58:07 +0200] "GET /ticket2/opencms/nl/sport/voetbal-tickets/premier_league/arsenal/ HTTP/1.1" 200 81830
37.60.249.191 - - [19/Jul/2024:03:58:10 +0200] "GET /ticket2/opencms/dk/en/buy/?page=1&edid=81817D53-8529-171B-1834-A4DFAF1D5D05 HTTP/1.1" 404 -
216.244.66.237 - - [19/Jul/2024:03:58:11 +0200] "GET /ticket2/opencms/dk/robots.txt HTTP/1.1" 404 -
47.128.127.172 - - [19/Jul/2024:03:58:15 +0200] "GET /ticket2/opencms/en/buy/?page=1&edid=9AF29D4D-BF71-6182-1EBD-FF49E6DA3ECE HTTP/1.1" 200 86304
47.128.127.172 - - [19/Jul/2024:03:58:16 +0200] "GET /ticket2/opencms/system/modules/com.gridnine.opencms.ticketbrokerage.site/resources/pics/logo-new.png HTTP/1.1" 200 13541
47.128.127.172 - - [19/Jul/2024:03:58:16 +0200] "GET /ticket2/opencms/system/modules/com.gridnine.opencms.ticketbrokerage.site/resources/pics/two_man.png HTTP/1.1" 200 3407
47.128.127.172 - - [19/Jul/2024:03:58:16 +0200] "GET /ticket2/opencms/system/modules/com.gridnine.opencms.ticketbrokerage.site/resources/pics/footer-img.png HTTP/1.1" 200 10350
47.128.127.172 - - [19/Jul/2024:03:58:17 +0200] "GET /ticket2/opencms/venue/king_power_stadium.png HTTP/1.1" 200 60679
47.128.127.172 - - [19/Jul/2024:03:58:18 +0200] "GET /ticket2/opencms/en/ask-form.html HTTP/1.1" 200 3146
114.119.134.51 - - [19/Jul/2024:03:58:32 +0200] "GET /ticket2/opencms/en/venue/?venueid=785962EB-8414-D059-305F-74BBF3E070CF HTTP/1.1" 200 70712
114.119.155.23 - - [19/Jul/2024:03:58:35 +0200] "GET /ticket2/opencms/en/sell/?edid=9219490E-57C2-9B65-4F03-B2B5521A5479 HTTP/1.1" 302 -
47.128.62.253 - - [19/Jul/2024:03:58:37 +0200] "GET /ticket2/opencms/dk/buy/?catid=97608B80-50C4-18AE-7A82-0413C62E9243&comcatid=A17713B6-D984-201A-4143-ED4DB5ED5C2E HTTP/1.1" 200 81628
47.128.62.253 - - [19/Jul/2024:03:58:37 +0200] "GET /ticket2/opencms/system/modules/com.gridnine.opencms.ticketbrokerage.site/resources/pics/logo-new.png HTTP/1.1" 200 13541
47.128.62.253 - - [19/Jul/2024:03:58:38 +0200] "GET /ticket2/opencms/system/modules/com.gridnine.opencms.ticketbrokerage.site/resources/pics/footer-img.png HTTP/1.1" 200 10350
114.119.155.23 - - [19/Jul/2024:03:58:39 +0200] "GET /ticket2/opencms/en/login/?url=/en/sell/ HTTP/1.1" 200 72802
136.243.222.140 - - [19/Jul/2024:03:58:39 +0200] "GET /ticket2/opencms/en/sport/football-tickets/premier_league/ HTTP/1.1" 200 77888
47.128.28.216 - - [19/Jul/2024:03:58:45 +0200] "GET /ticket2/opencms/dk/buy/?edid=118A3802-D725-F51C-C728-F00DE572E0E3 HTTP/1.1" 200 71437
47.128.28.216 - - [19/Jul/2024:03:58:46 +0200] "GET /ticket2/opencms/system/modules/com.gridnine.opencms.ticketbrokerage.site/resources/pics/logo-new.png HTTP/1.1" 200 13541
47.128.28.216 - - [19/Jul/2024:03:58:46 +0200] "GET /ticket2/opencms/system/modules/com.gridnine.opencms.ticketbrokerage.site/resources/pics/footer-img.png HTTP/1.1" 200 10350
37.60.249.191 - - [19/Jul/2024:03:58:50 +0200] "GET /ticket2/opencms/dk/en/buy/?page=1&edid=827A5570-CFC8-F898-8F2F-EDB01BF89EB0 HTTP/1.1" 404 -
87.121.69.27 - - [19/Jul/2024:03:58:52 +0200] "CONNECT google.com:443 HTTP/1.1" 400 -
47.128.57.225 - - [19/Jul/2024:03:59:01 +0200] "GET /ticket2/opencms/de/buy/?catid=36394212-F82E-F845-399B-42BED55969CC&comcatid=A17713B6-D984-201A-4143-ED4DB5ED5C2E HTTP/1.1" 200 82134
47.128.57.225 - - [19/Jul/2024:03:59:02 +0200] "GET /ticket2/opencms/system/modules/com.gridnine.opencms.ticketbrokerage.site/resources/pics/logo-new.png HTTP/1.1" 200 13541
47.128.57.225 - - [19/Jul/2024:03:59:03 +0200] "GET /ticket2/opencms/system/modules/com.gridnine.opencms.ticketbrokerage.site/resources/pics/footer-img.png HTTP/1.1" 200 10350
66.249.79.233 - - [19/Jul/2024:03:59:11 +0200] "GET /ticket2/opencms/sv/sport/fotbollsbiljetter/la_liga/barcelona/ HTTP/1.1" 200 86525
71.18.255.176 - - [19/Jul/2024:03:59:19 +0200] "GET /ticket2/opencms/venue/emirates_stadium.png HTTP/1.1" 200 53537
37.123.143.245 - - [19/Jul/2024:03:59:27 +0200] "GET /ticket2/opencms/system/workplace/views/top_foot.jsp?wpFrame=foot HTTP/1.1" 200 1211
37.123.143.245 - - [19/Jul/2024:03:59:27 +0200] "GET /ticket2/opencms/system/workplace/commons/style/workplace.css HTTP/1.1" 200 14209
37.60.249.191 - - [19/Jul/2024:03:59:28 +0200] "GET /ticket2/opencms/dk/en/buy/?page=1&edid=866FFC50-DF27-5378-DBAB-F17893C3BF22 HTTP/1.1" 404 -
216.244.66.238 - - [19/Jul/2024:03:59:33 +0200] "GET /ticket2/opencms/robots.txt HTTP/1.1" 200 773
