65.108.78.33 - - [19/Jul/2024:05:09:34 +0200] "GET /ticket2/opencms/en/buy/?page=1&edid=8970AC92-C5AA-B7C6-D963-8BFE17682D77&sortorder=desc&column=section HTTP/1.1" 200 87664
65.108.78.33 - - [19/Jul/2024:05:09:37 +0200] "GET /ticket2/opencms/en/buy/?page=1&edid=89FE7505-90F7-E10A-4E29-615C9B572E94&sortorder=desc&column=price HTTP/1.1" 200 87284
194.163.141.13 - - [19/Jul/2024:05:09:39 +0200] "GET /ticket2/opencms/dk/login/?edid=E736C9F8-9994-137E-6A67-CF3119BB4296 HTTP/1.1" 200 73346
65.108.78.33 - - [19/Jul/2024:05:09:41 +0200] "GET /ticket2/opencms/en/buy/?page=1&edid=89FE7505-90F7-E10A-4E29-615C9B572E94&sortorder=desc&column=section HTTP/1.1" 200 87284
65.108.78.33 - - [19/Jul/2024:05:09:44 +0200] "GET /ticket2/opencms/en/buy/?page=1&edid=8C84F5E0-FA25-C5E3-D5D6-2695128F01FC&sortorder=desc&column=price HTTP/1.1" 200 87769
217.182.175.146 - - [19/Jul/2024:05:09:46 +0200] "GET /ticket2/opencms/dk/no/buy/?page=1&edid=E3BEA940-315E-854C-DCC6-4B8BC05F038A&sortorder=asc&column=row HTTP/1.1" 404 -
65.108.78.33 - - [19/Jul/2024:05:09:48 +0200] "GET /ticket2/opencms/en/buy/?page=1&edid=8C84F5E0-FA25-C5E3-D5D6-2695128F01FC&sortorder=desc&column=row HTTP/1.1" 200 87769
147.185.132.186 - - [19/Jul/2024:05:09:50 +0200] "GET / HTTP/1.1" 404 -
65.108.78.33 - - [19/Jul/2024:05:09:52 +0200] "GET /ticket2/opencms/en/buy/?page=1&edid=8C84F5E0-FA25-C5E3-D5D6-2695128F01FC&sortorder=desc&column=section HTTP/1.1" 200 87769
194.163.141.13 - - [19/Jul/2024:05:09:54 +0200] "GET /ticket2/opencms/en/buy/?page=1&edid=091ED28E-B448-A1BD-CAE0-E5D6D48D897A&sortorder=desc&column=section HTTP/1.1" 200 87427
65.108.78.33 - - [19/Jul/2024:05:09:55 +0200] "GET /ticket2/opencms/en/buy/?page=1&edid=9247E57F-45C6-02AB-BF4B-104F5210D220 HTTP/1.1" 200 87618
47.128.99.134 - - [19/Jul/2024:05:09:57 +0200] "GET /ticket2/opencms/fr/buy/?edid=734C6A51-079B-DC49-D097-AED66CC22C3C HTTP/1.1" 200 72058
65.108.78.33 - - [19/Jul/2024:05:09:58 +0200] "GET /ticket2/opencms/en/buy/?page=1&edid=9247E57F-45C6-02AB-BF4B-104F5210D220&sortorder=asc&column=price HTTP/1.1" 200 87654
47.128.99.134 - - [19/Jul/2024:05:09:59 +0200] "GET /ticket2/opencms/system/modules/com.gridnine.opencms.ticketbrokerage.site/resources/pics/logo-new.png HTTP/1.1" 200 13541
47.128.99.134 - - [19/Jul/2024:05:09:59 +0200] "GET /ticket2/opencms/system/modules/com.gridnine.opencms.ticketbrokerage.site/resources/pics/footer-img.png HTTP/1.1" 200 10350
217.182.175.146 - - [19/Jul/2024:05:10:00 +0200] "GET /ticket2/opencms/dk/no/buy/?page=1&edid=E480B0BC-F7D6-75D1-B9CA-FC9DE5820A19&sortorder=asc&column=price HTTP/1.1" 404 -
216.244.66.238 - - [19/Jul/2024:05:10:00 +0200] "GET /ticket2/opencms/dk/en/venue/?venueid=2B8D0888-5DB2-65B4-1080-38E069157030 HTTP/1.1" 404 -
65.108.78.33 - - [19/Jul/2024:05:10:01 +0200] "GET /ticket2/opencms/en/buy/?page=1&edid=9247E57F-45C6-02AB-BF4B-104F5210D220&sortorder=asc&column=row HTTP/1.1" 200 87654
119.13.103.133 - - [19/Jul/2024:05:10:02 +0200] "GET /ticket2/opencms/en/magazine/article?title=about-arsenal-fc HTTP/1.1" 200 74352
65.108.78.33 - - [19/Jul/2024:05:10:04 +0200] "GET /ticket2/opencms/en/buy/?page=1&edid=9247E57F-45C6-02AB-BF4B-104F5210D220&sortorder=asc&column=section HTTP/1.1" 200 87654
65.108.78.33 - - [19/Jul/2024:05:10:07 +0200] "GET /ticket2/opencms/en/buy/?page=1&edid=9247E57F-45C6-02AB-BF4B-104F5210D220&sortorder=desc&column=price HTTP/1.1" 200 87653
65.108.78.33 - - [19/Jul/2024:05:10:11 +0200] "GET /ticket2/opencms/en/buy/?page=1&edid=9247E57F-45C6-02AB-BF4B-104F5210D220&sortorder=desc&column=row HTTP/1.1" 200 87653
37.60.249.191 - - [19/Jul/2024:05:10:12 +0200] "GET /ticket2/opencms/dk/en/sell/?edid=7096723F-3AA2-C6C7-432B-FA3E62922FD4 HTTP/1.1" 404 -
194.163.141.13 - - [19/Jul/2024:05:10:13 +0200] "GET /ticket2/opencms/en/buy/?page=1&edid=0B96E2DD-25FC-BCDF-58F0-8F3CC908DB91&sortorder=asc&column=row HTTP/1.1" 200 84581
65.108.78.33 - - [19/Jul/2024:05:10:14 +0200] "GET /ticket2/opencms/en/buy/?page=1&edid=9247E57F-45C6-02AB-BF4B-104F5210D220&sortorder=desc&column=section HTTP/1.1" 200 87653
65.108.78.33 - - [19/Jul/2024:05:10:18 +0200] "GET /ticket2/opencms/en/buy/?page=1&edid=9C266137-BC2E-54EC-A8AA-96FC26D8A137&sortorder=desc&column=price HTTP/1.1" 200 87667
65.108.78.33 - - [19/Jul/2024:05:10:21 +0200] "GET /ticket2/opencms/en/buy/?page=1&edid=9C266137-BC2E-54EC-A8AA-96FC26D8A137&sortorder=desc&column=row HTTP/1.1" 200 87667
114.119.130.248 - - [19/Jul/2024:05:10:21 +0200] "GET /ticket2/opencms/en/buy/?page=1&edid=CAA16AF5-7196-82CF-FA96-3D6794FAD090 HTTP/1.1" 200 86206
65.108.78.33 - - [19/Jul/2024:05:10:24 +0200] "GET /ticket2/opencms/en/buy/?page=1&edid=9C266137-BC2E-54EC-A8AA-96FC26D8A137&sortorder=desc&column=section HTTP/1.1" 200 87667
217.182.175.146 - - [19/Jul/2024:05:10:24 +0200] "GET /ticket2/opencms/dk/no/buy/?page=1&edid=E480B0BC-F7D6-75D1-B9CA-FC9DE5820A19&sortorder=asc&column=row HTTP/1.1" 404 -
65.108.78.33 - - [19/Jul/2024:05:10:27 +0200] "GET /ticket2/opencms/en/buy/?page=1&edid=9F34FF64-8435-0668-CDDD-40FBDE58F48E&sortorder=desc&column=price HTTP/1.1" 200 87660
216.244.66.238 - - [19/Jul/2024:05:10:27 +0200] "GET /ticket2/opencms/no/sport/fotballsbilletter/bundesliga/freiburg/ HTTP/1.1" 200 73747
65.108.78.33 - - [19/Jul/2024:05:10:30 +0200] "GET /ticket2/opencms/en/buy/?page=1&edid=9F34FF64-8435-0668-CDDD-40FBDE58F48E&sortorder=desc&column=row HTTP/1.1" 200 87660
65.108.78.33 - - [19/Jul/2024:05:10:33 +0200] "GET /ticket2/opencms/en/buy/?page=1&edid=9F34FF64-8435-0668-CDDD-40FBDE58F48E&sortorder=desc&column=section HTTP/1.1" 200 87660
65.108.78.33 - - [19/Jul/2024:05:10:37 +0200] "GET /ticket2/opencms/en/buy/?page=1&edid=A858554C-F78F-7E97-68A1-73B374CB569E&sortorder=desc&column=price HTTP/1.1" 200 87290
65.108.78.33 - - [19/Jul/2024:05:10:40 +0200] "GET /ticket2/opencms/en/buy/?page=1&edid=A858554C-F78F-7E97-68A1-73B374CB569E&sortorder=desc&column=row HTTP/1.1" 200 87290
194.163.141.13 - - [19/Jul/2024:05:10:42 +0200] "GET /ticket2/opencms/en/buy/?page=1&edid=0F161A11-2642-F333-3FC6-13CFF89303D2&sortorder=asc&column=price HTTP/1.1" 200 86095
65.108.78.33 - - [19/Jul/2024:05:10:43 +0200] "GET /ticket2/opencms/en/buy/?page=1&edid=A858554C-F78F-7E97-68A1-73B374CB569E&sortorder=desc&column=section HTTP/1.1" 200 87290
217.182.175.146 - - [19/Jul/2024:05:10:44 +0200] "GET /ticket2/opencms/dk/no/buy/?page=1&edid=E4CCAEED-8E81-175A-FC4E-82AB9259F7C3&sortorder=asc&column=price HTTP/1.1" 404 -
65.108.78.33 - - [19/Jul/2024:05:10:47 +0200] "GET /ticket2/opencms/en/buy/?page=1&edid=B0E4D276-C8CE-F4B4-2DC5-6BEA44E190B2&sortorder=desc&column=price HTTP/1.1" 200 86603
65.108.78.33 - - [19/Jul/2024:05:10:50 +0200] "GET /ticket2/opencms/en/buy/?page=1&edid=B0E4D276-C8CE-F4B4-2DC5-6BEA44E190B2&sortorder=desc&column=row HTTP/1.1" 200 86603
65.108.78.33 - - [19/Jul/2024:05:10:53 +0200] "GET /ticket2/opencms/en/buy/?page=1&edid=B0E4D276-C8CE-F4B4-2DC5-6BEA44E190B2&sortorder=desc&column=section HTTP/1.1" 200 86603
65.108.78.33 - - [19/Jul/2024:05:10:56 +0200] "GET /ticket2/opencms/en/buy/?page=1&edid=C2910EC2-9592-90B0-A42D-A344DFC6DED1 HTTP/1.1" 200 87253
65.108.78.33 - - [19/Jul/2024:05:10:59 +0200] "GET /ticket2/opencms/en/buy/?page=1&edid=C2910EC2-9592-90B0-A42D-A344DFC6DED1&sortorder=asc&column=price HTTP/1.1" 200 87289
65.108.78.33 - - [19/Jul/2024:05:11:03 +0200] "GET /ticket2/opencms/en/buy/?page=1&edid=C2910EC2-9592-90B0-A42D-A344DFC6DED1&sortorder=asc&column=row HTTP/1.1" 200 87289
217.182.175.146 - - [19/Jul/2024:05:11:03 +0200] "GET /ticket2/opencms/dk/no/buy/?page=1&edid=E4CCAEED-8E81-175A-FC4E-82AB9259F7C3&sortorder=asc&column=row HTTP/1.1" 404 -
194.163.141.13 - - [19/Jul/2024:05:11:05 +0200] "GET /ticket2/opencms/en/buy/?page=1&edid=23D7FD2C-27AD-2624-2564-DE4AA8FD53DE&sortorder=desc&column=price HTTP/1.1" 200 87652
65.108.78.33 - - [19/Jul/2024:05:11:06 +0200] "GET /ticket2/opencms/en/buy/?page=1&edid=C2910EC2-9592-90B0-A42D-A344DFC6DED1&sortorder=asc&column=section HTTP/1.1" 200 87289
66.249.79.172 - - [19/Jul/2024:05:11:06 +0200] "GET /ticket2/opencms/dk/buy?page=1&edid=CAE031B3-066B-F3D7-C90E-C2E0816F3C8C HTTP/1.1" 200 110997
65.108.78.33 - - [19/Jul/2024:05:11:09 +0200] "GET /ticket2/opencms/en/buy/?page=1&edid=C2910EC2-9592-90B0-A42D-A344DFC6DED1&sortorder=desc&column=price HTTP/1.1" 200 87288
65.108.78.33 - - [19/Jul/2024:05:11:12 +0200] "GET /ticket2/opencms/en/buy/?page=1&edid=C2910EC2-9592-90B0-A42D-A344DFC6DED1&sortorder=desc&column=row HTTP/1.1" 200 87288
66.249.79.233 - - [19/Jul/2024:05:11:15 +0200] "GET /ticket2/opencms/sv/sport/fotbollsbiljetter/la_liga/barcelona/ HTTP/1.1" 200 86525
65.108.78.33 - - [19/Jul/2024:05:11:16 +0200] "GET /ticket2/opencms/en/buy/?page=1&edid=C2910EC2-9592-90B0-A42D-A344DFC6DED1&sortorder=desc&column=section HTTP/1.1" 200 87288
65.108.78.33 - - [19/Jul/2024:05:11:19 +0200] "GET /ticket2/opencms/en/buy/?page=1&edid=CA3FABDD-43B5-8DDC-6DAC-2917B68B145E HTTP/1.1" 200 87259
65.108.78.33 - - [19/Jul/2024:05:11:22 +0200] "GET /ticket2/opencms/en/buy/?page=1&edid=CA3FABDD-43B5-8DDC-6DAC-2917B68B145E&sortorder=asc&column=row HTTP/1.1" 200 87295
37.60.249.191 - - [19/Jul/2024:05:11:22 +0200] "GET /ticket2/opencms/dk/en/sell/?edid=983F1E93-C933-1496-A170-52B6E59EB310 HTTP/1.1" 404 -
217.182.175.146 - - [19/Jul/2024:05:11:23 +0200] "GET /ticket2/opencms/dk/no/buy/?page=1&edid=E71DFAD2-4674-EB79-CCBF-3AEF547F3E77&sortorder=asc&column=row HTTP/1.1" 404 -
65.108.78.33 - - [19/Jul/2024:05:11:25 +0200] "GET /ticket2/opencms/en/buy/?page=1&edid=CA3FABDD-43B5-8DDC-6DAC-2917B68B145E&sortorder=asc&column=section HTTP/1.1" 200 87295
65.108.78.33 - - [19/Jul/2024:05:11:29 +0200] "GET /ticket2/opencms/en/buy/?page=1&edid=CA3FABDD-43B5-8DDC-6DAC-2917B68B145E&sortorder=desc&column=price HTTP/1.1" 200 87294
65.108.78.33 - - [19/Jul/2024:05:11:32 +0200] "GET /ticket2/opencms/en/buy/?page=1&edid=CA3FABDD-43B5-8DDC-6DAC-2917B68B145E&sortorder=desc&column=row HTTP/1.1" 200 87294
65.108.78.33 - - [19/Jul/2024:05:11:35 +0200] "GET /ticket2/opencms/en/buy/?page=1&edid=CA3FABDD-43B5-8DDC-6DAC-2917B68B145E&sortorder=desc&column=section HTTP/1.1" 200 87294
65.108.78.33 - - [19/Jul/2024:05:11:38 +0200] "GET /ticket2/opencms/en/buy/?page=1&edid=CD6EABFF-F2F6-FE26-CC78-420DEA1CEE33&sortorder=asc&column=price HTTP/1.1" 200 86997
217.182.175.146 - - [19/Jul/2024:05:11:41 +0200] "GET /ticket2/opencms/dk/no/buy/?page=1&edid=F2DF3B4F-CEC8-231B-1AD3-28E4066A7ADE&sortorder=asc&column=section HTTP/1.1" 404 -
65.108.78.33 - - [19/Jul/2024:05:11:41 +0200] "GET /ticket2/opencms/en/buy/?page=1&edid=CD6EABFF-F2F6-FE26-CC78-420DEA1CEE33&sortorder=asc&column=row HTTP/1.1" 200 86997
194.163.141.13 - - [19/Jul/2024:05:11:41 +0200] "GET /ticket2/opencms/en/buy/?page=1&edid=25DD01EA-0026-4809-6BB4-A026061F2057&sortorder=desc&column=price HTTP/1.1" 200 87402
65.108.78.33 - - [19/Jul/2024:05:11:44 +0200] "GET /ticket2/opencms/en/buy/?page=1&edid=CD6EABFF-F2F6-FE26-CC78-420DEA1CEE33&sortorder=asc&column=section HTTP/1.1" 200 86997
65.108.78.33 - - [19/Jul/2024:05:11:48 +0200] "GET /ticket2/opencms/en/buy/?page=1&edid=CD6EABFF-F2F6-FE26-CC78-420DEA1CEE33&sortorder=desc&column=price HTTP/1.1" 200 86996
65.108.78.33 - - [19/Jul/2024:05:11:51 +0200] "GET /ticket2/opencms/en/buy/?page=1&edid=CD6EABFF-F2F6-FE26-CC78-420DEA1CEE33&sortorder=desc&column=row HTTP/1.1" 200 86996
65.108.78.33 - - [19/Jul/2024:05:11:54 +0200] "GET /ticket2/opencms/en/buy/?page=1&edid=CD6EABFF-F2F6-FE26-CC78-420DEA1CEE33&sortorder=desc&column=section HTTP/1.1" 200 86996
65.108.78.33 - - [19/Jul/2024:05:11:57 +0200] "GET /ticket2/opencms/en/buy/?page=1&edid=D5C4F50D-2A92-D0EC-6476-87E00BCDB682 HTTP/1.1" 200 87626
65.108.78.33 - - [19/Jul/2024:05:12:00 +0200] "GET /ticket2/opencms/en/buy/?page=1&edid=D5C4F50D-2A92-D0EC-6476-87E00BCDB682&sortorder=asc&column=price HTTP/1.1" 200 87662
65.108.78.33 - - [19/Jul/2024:05:12:03 +0200] "GET /ticket2/opencms/en/buy/?page=1&edid=D5C4F50D-2A92-D0EC-6476-87E00BCDB682&sortorder=asc&column=row HTTP/1.1" 200 87662
65.108.78.33 - - [19/Jul/2024:05:12:07 +0200] "GET /ticket2/opencms/en/buy/?page=1&edid=D5C4F50D-2A92-D0EC-6476-87E00BCDB682&sortorder=asc&column=section HTTP/1.1" 200 87662
66.249.76.160 - - [19/Jul/2024:05:12:08 +0200] "GET /ticket2/opencms/set_aff_cookie.jsp?partner=2E02071B-A8C3-4CBA-3097-C27D61C02ED8&url=/dk/buy/index.html%3Fpage%3D1%26edid%3DD96122AD-C3AA-80F5-DDA8-935E03AE952D%26hlv%3D666ddc56-5194-472c-a073-6ab50a01000f%23v724920358 HTTP/1.1" 200 224
114.119.150.190 - - [19/Jul/2024:05:12:08 +0200] "GET /ticket2/opencms/en/buy/?comcatid=0A6B8208-FDA4-E929-9D72-5312FD481B76&catid=FCA7FF95-260A-464B-B6FF-A820FCE7DFEF HTTP/1.1" 200 74712
66.249.76.2 - - [19/Jul/2024:05:12:08 +0200] "GET /ticket2/opencms/de/buy/?page=1&edid=27BD86C3-7872-0F2C-F4EA-C29B4E4DC0EF HTTP/1.1" 200 97524
65.108.78.33 - - [19/Jul/2024:05:12:10 +0200] "GET /ticket2/opencms/en/buy/?page=1&edid=D5C4F50D-2A92-D0EC-6476-87E00BCDB682&sortorder=desc&column=price HTTP/1.1" 200 87661
65.108.78.33 - - [19/Jul/2024:05:12:13 +0200] "GET /ticket2/opencms/en/buy/?page=1&edid=D5C4F50D-2A92-D0EC-6476-87E00BCDB682&sortorder=desc&column=row HTTP/1.1" 200 87661
114.119.137.43 - - [19/Jul/2024:05:12:14 +0200] "GET /ticket2/opencms/en/sell/?edid=ACE60170-3B81-6901-5B58-6E9A7D7EDB8D HTTP/1.1" 302 -
47.128.113.121 - - [19/Jul/2024:05:12:15 +0200] "GET /ticket2/opencms/no/buy/?edid=2293AEFD-AAFD-FAAC-12C4-CEBEFA65FFBF HTTP/1.1" 200 72276
65.108.78.33 - - [19/Jul/2024:05:12:16 +0200] "GET /ticket2/opencms/en/buy/?page=1&edid=D5C4F50D-2A92-D0EC-6476-87E00BCDB682&sortorder=desc&column=section HTTP/1.1" 200 87661
114.119.137.43 - - [19/Jul/2024:05:12:18 +0200] "GET /ticket2/opencms/en/login/?url=/en/sell/ HTTP/1.1" 200 72802
47.128.113.121 - - [19/Jul/2024:05:12:18 +0200] "GET /ticket2/opencms/system/modules/com.gridnine.opencms.ticketbrokerage.site/resources/pics/logo-new.png HTTP/1.1" 200 13541
47.128.113.121 - - [19/Jul/2024:05:12:18 +0200] "GET /ticket2/opencms/system/modules/com.gridnine.opencms.ticketbrokerage.site/resources/pics/footer-img.png HTTP/1.1" 200 10350
65.108.78.33 - - [19/Jul/2024:05:12:20 +0200] "GET /ticket2/opencms/en/buy/?page=1&edid=DA544182-AA79-F548-64ED-2C067A356729 HTTP/1.1" 200 86961
40.77.167.235 - - [19/Jul/2024:05:12:20 +0200] "GET /ticket2/opencms/nl/search.html?searchQuery=2024 HTTP/1.1" 200 89210
65.108.78.33 - - [19/Jul/2024:05:12:23 +0200] "GET /ticket2/opencms/en/buy/?page=1&edid=DA544182-AA79-F548-64ED-2C067A356729&sortorder=asc&column=price HTTP/1.1" 200 86997
114.119.136.185 - - [19/Jul/2024:05:12:24 +0200] "GET /ticket2/opencms/dk/sv/venue/?venueid=F2980A6F-B64F-4B0C-6D38-4E1B59B5AA8D HTTP/1.1" 404 -
136.243.222.140 - - [19/Jul/2024:05:12:25 +0200] "GET /ticket2/opencms/en/buy?page=1&edid=BA98F497-79D9-0BA1-3E19-B45BB0763E07 HTTP/1.1" 200 115458
65.108.78.33 - - [19/Jul/2024:05:12:26 +0200] "GET /ticket2/opencms/en/buy/?page=1&edid=DA544182-AA79-F548-64ED-2C067A356729&sortorder=asc&column=row HTTP/1.1" 200 86997
65.108.78.33 - - [19/Jul/2024:05:12:29 +0200] "GET /ticket2/opencms/en/buy/?page=1&edid=DA544182-AA79-F548-64ED-2C067A356729&sortorder=asc&column=section HTTP/1.1" 200 86997
65.108.78.33 - - [19/Jul/2024:05:12:32 +0200] "GET /ticket2/opencms/en/buy/?page=1&edid=DA544182-AA79-F548-64ED-2C067A356729&sortorder=desc&column=price HTTP/1.1" 200 86996
66.249.79.231 - - [19/Jul/2024:05:12:35 +0200] "GET /ticket2/opencms/dk/buy/?page=1&edid=D96122AD-C3AA-80F5-DDA8-935E03AE952D&hlv=666ddc56-5194-472c-a073-6ab50a01000f HTTP/1.1" 200 110616
65.108.78.33 - - [19/Jul/2024:05:12:35 +0200] "GET /ticket2/opencms/en/buy/?page=1&edid=DA544182-AA79-F548-64ED-2C067A356729&sortorder=desc&column=row HTTP/1.1" 200 86996
65.108.78.33 - - [19/Jul/2024:05:12:39 +0200] "GET /ticket2/opencms/en/buy/?page=1&edid=DA544182-AA79-F548-64ED-2C067A356729&sortorder=desc&column=section HTTP/1.1" 200 86996
63.143.42.252 - - [19/Jul/2024:05:12:41 +0200] "HEAD /ticket2/opencms/ HTTP/1.1" 302 -
103.75.49.112 - - [19/Jul/2024:05:12:41 +0200] "GET /ticket2/opencms/sv/sport/fotbollsbiljetter/premier_league/tottenham/?gad_source=1&gclid=EAIaIQobChMIkI608ZKyhwMV56VmAh2Smh-lEAAYAyAGEgImovD_BwE HTTP/1.1" 200 87613
65.108.78.33 - - [19/Jul/2024:05:12:42 +0200] "GET /ticket2/opencms/en/buy/?page=1&edid=DD7009E0-BEDD-5FDF-FBEC-9803C9276491 HTTP/1.1" 200 87699
65.108.78.33 - - [19/Jul/2024:05:12:45 +0200] "GET /ticket2/opencms/en/buy/?page=1&edid=DD7009E0-BEDD-5FDF-FBEC-9803C9276491&sortorder=asc&column=price HTTP/1.1" 200 87735
63.143.42.252 - - [19/Jul/2024:05:12:45 +0200] "HEAD /ticket2/opencms/en/ HTTP/1.1" 200 -
194.163.141.13 - - [19/Jul/2024:05:12:46 +0200] "GET /ticket2/opencms/en/buy/?page=1&edid=2805E9FE-13AF-6EBE-1FDF-59005002ACB2 HTTP/1.1" 200 84543
65.108.78.33 - - [19/Jul/2024:05:12:48 +0200] "GET /ticket2/opencms/en/buy/?page=1&edid=DD7009E0-BEDD-5FDF-FBEC-9803C9276491&sortorder=asc&column=row HTTP/1.1" 200 87735
114.119.159.6 - - [19/Jul/2024:05:12:51 +0200] "GET /ticket2/opencms/en/sell?edid=0704BD6D-31E9-BB79-1A42-1B64AF5D31BB HTTP/1.1" 302 -
65.108.78.33 - - [19/Jul/2024:05:12:51 +0200] "GET /ticket2/opencms/en/buy/?page=1&edid=DD7009E0-BEDD-5FDF-FBEC-9803C9276491&sortorder=asc&column=section HTTP/1.1" 200 87735
65.108.78.33 - - [19/Jul/2024:05:12:54 +0200] "GET /ticket2/opencms/en/buy/?page=1&edid=DD7009E0-BEDD-5FDF-FBEC-9803C9276491&sortorder=desc&column=price HTTP/1.1" 200 87734
114.119.159.6 - - [19/Jul/2024:05:12:55 +0200] "GET /ticket2/opencms/en/login/?url=/en/sell/ HTTP/1.1" 200 72802
65.108.78.33 - - [19/Jul/2024:05:12:57 +0200] "GET /ticket2/opencms/en/buy/?page=1&edid=DD7009E0-BEDD-5FDF-FBEC-9803C9276491&sortorder=desc&column=row HTTP/1.1" 200 87734
65.108.78.33 - - [19/Jul/2024:05:13:01 +0200] "GET /ticket2/opencms/en/buy/?page=1&edid=DD7009E0-BEDD-5FDF-FBEC-9803C9276491&sortorder=desc&column=section HTTP/1.1" 200 87734
65.108.78.33 - - [19/Jul/2024:05:13:04 +0200] "GET /ticket2/opencms/en/buy/?page=1&edid=E2BA566F-7943-8BEC-96B9-9CC0C50C3F94 HTTP/1.1" 200 87697
65.108.78.33 - - [19/Jul/2024:05:13:07 +0200] "GET /ticket2/opencms/en/buy/?page=1&edid=E2BA566F-7943-8BEC-96B9-9CC0C50C3F94&sortorder=asc&column=price HTTP/1.1" 200 87733
65.108.78.33 - - [19/Jul/2024:05:13:10 +0200] "GET /ticket2/opencms/en/buy/?page=1&edid=E2BA566F-7943-8BEC-96B9-9CC0C50C3F94&sortorder=asc&column=row HTTP/1.1" 200 87733
65.108.78.33 - - [19/Jul/2024:05:13:13 +0200] "GET /ticket2/opencms/en/buy/?page=1&edid=E2BA566F-7943-8BEC-96B9-9CC0C50C3F94&sortorder=asc&column=section HTTP/1.1" 200 87733
65.108.78.33 - - [19/Jul/2024:05:13:17 +0200] "GET /ticket2/opencms/en/buy/?page=1&edid=E2BA566F-7943-8BEC-96B9-9CC0C50C3F94&sortorder=desc&column=price HTTP/1.1" 200 87732
65.108.78.33 - - [19/Jul/2024:05:13:20 +0200] "GET /ticket2/opencms/en/buy/?page=1&edid=E2BA566F-7943-8BEC-96B9-9CC0C50C3F94&sortorder=desc&column=row HTTP/1.1" 200 87732
37.60.249.191 - - [19/Jul/2024:05:13:21 +0200] "GET /ticket2/opencms/dk/en/sell/?edid=C0DADECE-3739-FBB2-2554-F9E21C47A21A HTTP/1.1" 404 -
65.108.78.33 - - [19/Jul/2024:05:13:23 +0200] "GET /ticket2/opencms/en/buy/?page=1&edid=E2BA566F-7943-8BEC-96B9-9CC0C50C3F94&sortorder=desc&column=section HTTP/1.1" 200 87732
65.108.78.33 - - [19/Jul/2024:05:13:26 +0200] "GET /ticket2/opencms/en/buy/?page=1&edid=E3B46C02-527F-BFED-1199-3D6C38556545 HTTP/1.1" 200 87729
65.108.78.33 - - [19/Jul/2024:05:13:29 +0200] "GET /ticket2/opencms/en/buy/?page=1&edid=E3B46C02-527F-BFED-1199-3D6C38556545&sortorder=asc&column=price HTTP/1.1" 200 87765
114.119.133.35 - - [19/Jul/2024:05:13:31 +0200] "GET /ticket2/opencms/en/venue/?venueid=1296F5D3-4505-F292-99A1-ABFE76F323BD HTTP/1.1" 200 70816
65.108.78.33 - - [19/Jul/2024:05:13:33 +0200] "GET /ticket2/opencms/en/buy/?page=1&edid=E3B46C02-527F-BFED-1199-3D6C38556545&sortorder=asc&column=row HTTP/1.1" 200 87765
65.108.78.33 - - [19/Jul/2024:05:13:36 +0200] "GET /ticket2/opencms/en/buy/?page=1&edid=E3B46C02-527F-BFED-1199-3D6C38556545&sortorder=asc&column=section HTTP/1.1" 200 87765
66.249.79.231 - - [19/Jul/2024:05:13:36 +0200] "GET /ticket2/opencms/set_aff_cookie.jsp?partner=53673ED6-1455-FA54-818F-B1F67121E37C&url=%2Fsv%2Fbuy%2Findex.html%3Fpage%3D1%26edid%3D7EE6FDFE-D5C7-871C-1D44-A83A22170314%26hlv%3D6693ab3a-9ff0-40fe-ac75-052e0a01000f%23v_553426707 HTTP/1.1" 200 225
65.108.78.33 - - [19/Jul/2024:05:13:39 +0200] "GET /ticket2/opencms/en/buy/?page=1&edid=E3B46C02-527F-BFED-1199-3D6C38556545&sortorder=desc&column=price HTTP/1.1" 200 87764
66.249.79.232 - - [19/Jul/2024:05:13:41 +0200] "GET /ticket2/opencms/sv/buy/?page=1&edid=7EE6FDFE-D5C7-871C-1D44-A83A22170314&hlv=6693ab3a-9ff0-40fe-ac75-052e0a01000f HTTP/1.1" 200 108612
65.108.78.33 - - [19/Jul/2024:05:13:42 +0200] "GET /ticket2/opencms/en/buy/?page=1&edid=E3B46C02-527F-BFED-1199-3D6C38556545&sortorder=desc&column=row HTTP/1.1" 200 87764
65.108.78.33 - - [19/Jul/2024:05:13:45 +0200] "GET /ticket2/opencms/en/buy/?page=1&edid=E3B46C02-527F-BFED-1199-3D6C38556545&sortorder=desc&column=section HTTP/1.1" 200 87764
65.108.78.33 - - [19/Jul/2024:05:13:49 +0200] "GET /ticket2/opencms/en/buy/?page=1&edid=E7C2827B-AB04-D914-A6A6-2F87797DD7EE HTTP/1.1" 200 86568
65.108.78.33 - - [19/Jul/2024:05:13:52 +0200] "GET /ticket2/opencms/en/buy/?page=1&edid=E7C2827B-AB04-D914-A6A6-2F87797DD7EE&sortorder=asc&column=price HTTP/1.1" 200 86604
65.108.78.33 - - [19/Jul/2024:05:13:55 +0200] "GET /ticket2/opencms/en/buy/?page=1&edid=E7C2827B-AB04-D914-A6A6-2F87797DD7EE&sortorder=asc&column=section HTTP/1.1" 200 86604
65.108.78.33 - - [19/Jul/2024:05:13:58 +0200] "GET /ticket2/opencms/en/buy/?page=1&edid=E7C2827B-AB04-D914-A6A6-2F87797DD7EE&sortorder=desc&column=price HTTP/1.1" 200 86603
54.38.85.37 - - [19/Jul/2024:05:14:00 +0200] "GET /ticket2/opencms/se/robots.txt HTTP/1.1" 404 -
65.108.78.33 - - [19/Jul/2024:05:14:02 +0200] "GET /ticket2/opencms/en/buy/?page=1&edid=E7C2827B-AB04-D914-A6A6-2F87797DD7EE&sortorder=desc&column=row HTTP/1.1" 200 86603
194.163.141.13 - - [19/Jul/2024:05:14:04 +0200] "GET /ticket2/opencms/en/buy/?page=1&edid=2929B360-7FDF-5441-9AF2-D5504494FBD2 HTTP/1.1" 200 86531
65.108.78.33 - - [19/Jul/2024:05:14:05 +0200] "GET /ticket2/opencms/en/buy/?page=1&edid=E7C2827B-AB04-D914-A6A6-2F87797DD7EE&sortorder=desc&column=section HTTP/1.1" 200 86603
65.108.78.33 - - [19/Jul/2024:05:14:08 +0200] "GET /ticket2/opencms/en/buy/?page=1&edid=E8847AD1-35CC-3C72-3A90-470EF1CAF178 HTTP/1.1" 200 87735
65.108.78.33 - - [19/Jul/2024:05:14:11 +0200] "GET /ticket2/opencms/en/buy/?page=1&edid=E8847AD1-35CC-3C72-3A90-470EF1CAF178&sortorder=asc&column=price HTTP/1.1" 200 87771
54.38.85.37 - - [19/Jul/2024:05:14:15 +0200] "GET /ticket2/opencms/se/dk/buy/?page=1&edid=3FC2B591-D536-D1BB-E60B-6C053ECAFC38&sortorder=desc&column=row HTTP/1.1" 404 -
65.108.78.33 - - [19/Jul/2024:05:14:15 +0200] "GET /ticket2/opencms/en/buy/?page=1&edid=E8847AD1-35CC-3C72-3A90-470EF1CAF178&sortorder=asc&column=row HTTP/1.1" 200 87771
65.108.78.33 - - [19/Jul/2024:05:14:18 +0200] "GET /ticket2/opencms/en/buy/?page=1&edid=E8847AD1-35CC-3C72-3A90-470EF1CAF178&sortorder=asc&column=section HTTP/1.1" 200 87771
65.108.78.33 - - [19/Jul/2024:05:14:21 +0200] "GET /ticket2/opencms/en/buy/?page=1&edid=E8847AD1-35CC-3C72-3A90-470EF1CAF178&sortorder=desc&column=price HTTP/1.1" 200 87770
65.108.78.33 - - [19/Jul/2024:05:14:24 +0200] "GET /ticket2/opencms/en/buy/?page=1&edid=E8847AD1-35CC-3C72-3A90-470EF1CAF178&sortorder=desc&column=row HTTP/1.1" 200 87770
65.108.78.33 - - [19/Jul/2024:05:14:28 +0200] "GET /ticket2/opencms/en/buy/?page=1&edid=E8847AD1-35CC-3C72-3A90-470EF1CAF178&sortorder=desc&column=section HTTP/1.1" 200 87770
37.123.143.245 - - [19/Jul/2024:05:14:30 +0200] "GET /ticket2/opencms/system/workplace/views/top_foot.jsp?wpFrame=foot HTTP/1.1" 200 1211
37.123.143.245 - - [19/Jul/2024:05:14:30 +0200] "GET /ticket2/opencms/system/workplace/commons/style/workplace.css HTTP/1.1" 200 14209
65.108.78.33 - - [19/Jul/2024:05:14:31 +0200] "GET /ticket2/opencms/en/buy/?page=1&edid=F9D480C8-CC9A-5C4B-D090-F29D97AF622B HTTP/1.1" 200 87730
47.128.28.140 - - [19/Jul/2024:05:14:32 +0200] "GET /ticket2/opencms/sv/buy/?edid=70EF0ABB-9A80-4CE0-EE48-CC9265C1B361 HTTP/1.1" 200 71773
47.128.28.140 - - [19/Jul/2024:05:14:33 +0200] "GET /ticket2/opencms/system/modules/com.gridnine.opencms.ticketbrokerage.site/resources/pics/logo-new.png HTTP/1.1" 200 13541
47.128.28.140 - - [19/Jul/2024:05:14:33 +0200] "GET /ticket2/opencms/system/modules/com.gridnine.opencms.ticketbrokerage.site/resources/pics/footer-img.png HTTP/1.1" 200 10350
65.108.78.33 - - [19/Jul/2024:05:14:34 +0200] "GET /ticket2/opencms/en/buy/?page=1&edid=F9D480C8-CC9A-5C4B-D090-F29D97AF622B&sortorder=asc&column=price HTTP/1.1" 200 87766
65.108.78.33 - - [19/Jul/2024:05:14:37 +0200] "GET /ticket2/opencms/en/buy/?page=1&edid=F9D480C8-CC9A-5C4B-D090-F29D97AF622B&sortorder=asc&column=row HTTP/1.1" 200 87766
54.38.85.37 - - [19/Jul/2024:05:14:38 +0200] "GET /ticket2/opencms/se/dk/buy/?page=1&edid=41E9C3A6-1ED0-8493-C595-0C2D48714D8A&sortorder=asc&column=section HTTP/1.1" 404 -
65.108.78.33 - - [19/Jul/2024:05:14:40 +0200] "GET /ticket2/opencms/en/buy/?page=1&edid=F9D480C8-CC9A-5C4B-D090-F29D97AF622B&sortorder=asc&column=section HTTP/1.1" 200 87766
65.108.78.33 - - [19/Jul/2024:05:14:43 +0200] "GET /ticket2/opencms/en/buy/?page=1&edid=F9D480C8-CC9A-5C4B-D090-F29D97AF622B&sortorder=desc&column=price HTTP/1.1" 200 87765
65.108.78.33 - - [19/Jul/2024:05:14:46 +0200] "GET /ticket2/opencms/en/buy/?page=1&edid=F9D480C8-CC9A-5C4B-D090-F29D97AF622B&sortorder=desc&column=row HTTP/1.1" 200 87765
65.108.78.33 - - [19/Jul/2024:05:14:50 +0200] "GET /ticket2/opencms/en/buy/?page=1&edid=F9D480C8-CC9A-5C4B-D090-F29D97AF622B&sortorder=desc&column=section HTTP/1.1" 200 87765
54.38.85.37 - - [19/Jul/2024:05:14:53 +0200] "GET /ticket2/opencms/se/dk/buy/?page=1&edid=4F10F0FD-0073-B564-973B-CB2F36E999C3&sortorder=desc&column=row HTTP/1.1" 404 -
65.108.78.33 - - [19/Jul/2024:05:14:54 +0200] "GET /ticket2/opencms/en/buy/?page=1&edid=3F6A8792-7548-F993-C348-52429B326F12 HTTP/1.1" 200 86558
65.108.78.33 - - [19/Jul/2024:05:14:59 +0200] "GET /ticket2/opencms/en/buy/?page=1&edid=3F6A8792-7548-F993-C348-52429B326F12&sortorder=asc&column=price HTTP/1.1" 200 86594
65.108.78.33 - - [19/Jul/2024:05:15:04 +0200] "GET /ticket2/opencms/en/buy/?page=1&edid=3F6A8792-7548-F993-C348-52429B326F12&sortorder=asc&column=row HTTP/1.1" 200 86594
65.108.78.33 - - [19/Jul/2024:05:15:09 +0200] "GET /ticket2/opencms/en/buy/?page=1&edid=3F6A8792-7548-F993-C348-52429B326F12&sortorder=asc&column=section HTTP/1.1" 200 86594
65.108.78.33 - - [19/Jul/2024:05:15:14 +0200] "GET /ticket2/opencms/en/buy/?page=1&edid=3F6A8792-7548-F993-C348-52429B326F12&sortorder=desc&column=price HTTP/1.1" 200 86593
194.163.141.13 - - [19/Jul/2024:05:15:15 +0200] "GET /ticket2/opencms/en/buy/?page=1&edid=2968CECB-C5E6-B033-A667-BDE7141C9B5E HTTP/1.1" 200 87177
54.38.85.37 - - [19/Jul/2024:05:15:17 +0200] "GET /ticket2/opencms/se/dk/buy/?page=1&edid=4F167F2F-3903-119E-9013-CDAB4D304B05 HTTP/1.1" 404 -
65.108.78.33 - - [19/Jul/2024:05:15:18 +0200] "GET /ticket2/opencms/en/buy/?page=1&edid=3F6A8792-7548-F993-C348-52429B326F12&sortorder=desc&column=row HTTP/1.1" 200 86593
66.249.76.2 - - [19/Jul/2024:05:15:23 +0200] "GET /ticket2/opencms/es/buy?page=1&edid=E0A8CE5D-A2DA-F5EB-6814-85F787FE51D7 HTTP/1.1" 200 98249
65.108.78.33 - - [19/Jul/2024:05:15:23 +0200] "GET /ticket2/opencms/en/buy/?page=1&edid=3F6A8792-7548-F993-C348-52429B326F12&sortorder=desc&column=section HTTP/1.1" 200 86593
66.249.76.8 - - [19/Jul/2024:05:15:24 +0200] "GET /ticket2/opencms/de/buy/?page=1&edid=944D50EF-A6E5-938D-A527-EB974E9A6081 HTTP/1.1" 200 109172
65.108.78.33 - - [19/Jul/2024:05:15:28 +0200] "GET /ticket2/opencms/en/buy/?page=1&edid=4E227D03-1EED-6C6C-1F6B-38D6AE5ACB28&sortorder=desc&column=price HTTP/1.1" 200 86608
65.108.78.33 - - [19/Jul/2024:05:15:32 +0200] "GET /ticket2/opencms/en/buy/?page=1&edid=590EDDB9-B981-09D2-E0FC-F6E1B491368A&sortorder=desc&column=price HTTP/1.1" 200 87736
65.108.78.33 - - [19/Jul/2024:05:15:37 +0200] "GET /ticket2/opencms/en/buy/?page=1&edid=616E0307-EF5A-C0BC-E2E4-858595D5400D&sortorder=desc&column=price HTTP/1.1" 200 87773
65.108.78.33 - - [19/Jul/2024:05:15:41 +0200] "GET /ticket2/opencms/en/buy/?page=1&edid=616E0307-EF5A-C0BC-E2E4-858595D5400D&sortorder=desc&column=row HTTP/1.1" 200 87773
65.108.78.33 - - [19/Jul/2024:05:15:46 +0200] "GET /ticket2/opencms/en/buy/?page=1&edid=616E0307-EF5A-C0BC-E2E4-858595D5400D&sortorder=desc&column=section HTTP/1.1" 200 87773
54.38.85.37 - - [19/Jul/2024:05:15:51 +0200] "GET /ticket2/opencms/se/dk/buy/?page=1&edid=4FA830E2-C33E-85F2-48C9-4764419401D5&sortorder=desc&column=price HTTP/1.1" 404 -
65.108.78.33 - - [19/Jul/2024:05:15:51 +0200] "GET /ticket2/opencms/en/buy/?page=1&edid=63801669-9764-13A7-B058-055F32A0BC14&sortorder=desc&column=price HTTP/1.1" 200 87286
65.108.78.33 - - [19/Jul/2024:05:15:55 +0200] "GET /ticket2/opencms/en/buy/?page=1&edid=63801669-9764-13A7-B058-055F32A0BC14&sortorder=desc&column=row HTTP/1.1" 200 87286
216.244.66.238 - - [19/Jul/2024:05:15:59 +0200] "GET /ticket2/opencms/dk/nl/sport/voetbal-tickets/la_liga/ HTTP/1.1" 404 -
65.108.78.33 - - [19/Jul/2024:05:16:00 +0200] "GET /ticket2/opencms/en/buy/?page=1&edid=63801669-9764-13A7-B058-055F32A0BC14&sortorder=desc&column=section HTTP/1.1" 200 87286
216.244.66.238 - - [19/Jul/2024:05:16:03 +0200] "GET /ticket2/opencms/dk/sv/venue/?venueid=17D0DFA9-77AB-EBCA-484F-CEB853AA41A8 HTTP/1.1" 404 -
65.108.78.33 - - [19/Jul/2024:05:16:05 +0200] "GET /ticket2/opencms/en/buy/?page=1&edid=6471BDCD-0B2F-C3B9-3026-367C586DCB12&sortorder=desc&column=price HTTP/1.1" 200 87286
216.244.66.238 - - [19/Jul/2024:05:16:07 +0200] "GET /ticket2/opencms/dk/sv/venue/?venueid=364B4CF5-A40E-22B8-2221-EA8BDED4766A HTTP/1.1" 404 -
65.108.78.33 - - [19/Jul/2024:05:16:09 +0200] "GET /ticket2/opencms/en/buy/?page=1&edid=6471BDCD-0B2F-C3B9-3026-367C586DCB12&sortorder=desc&column=row HTTP/1.1" 200 87286
216.244.66.238 - - [19/Jul/2024:05:16:10 +0200] "GET /ticket2/opencms/dk/sv/venue/?venueid=50DAC20F-40DE-CF88-E5C9-6C2C12662F21 HTTP/1.1" 404 -
66.249.76.170 - - [19/Jul/2024:05:16:11 +0200] "GET /ticket2/opencms/sv/buy?page=1&edid=750C6040-29F7-425D-A24F-51B977F415A3 HTTP/1.1" 200 111623
216.244.66.238 - - [19/Jul/2024:05:16:13 +0200] "GET /ticket2/opencms/dk/sv/venue/?venueid=78753FB6-3A87-49B0-BB46-30CC2526D91F HTTP/1.1" 404 -
65.108.78.33 - - [19/Jul/2024:05:16:14 +0200] "GET /ticket2/opencms/en/buy/?page=1&edid=6471BDCD-0B2F-C3B9-3026-367C586DCB12&sortorder=desc&column=section HTTP/1.1" 200 87286
216.244.66.238 - - [19/Jul/2024:05:16:15 +0200] "GET /ticket2/opencms/dk/sv/venue/?venueid=D32D7D15-39F6-AD54-233F-8A09600A4A49 HTTP/1.1" 404 -
194.163.141.13 - - [19/Jul/2024:05:16:18 +0200] "GET /ticket2/opencms/en/buy/?page=1&edid=3C190050-2199-C27C-460E-D6B96E817500&sortorder=asc&column=section HTTP/1.1" 200 87739
216.244.66.238 - - [19/Jul/2024:05:16:18 +0200] "GET /ticket2/opencms/dk/sv/venue/?venueid=EF9A381D-E146-D5CF-CC6A-B0B8DD77CAB7 HTTP/1.1" 404 -
65.108.78.33 - - [19/Jul/2024:05:16:19 +0200] "GET /ticket2/opencms/en/buy/?page=1&edid=74131A78-3ACC-99E6-1155-5093F043A0B8&sortorder=desc&column=price HTTP/1.1" 200 87734
216.244.66.238 - - [19/Jul/2024:05:16:20 +0200] "GET /ticket2/opencms/se/en/venue/?countryid=8C4D64C3-0D1D-4A9C-0C13-7146340D3209 HTTP/1.1" 404 -
216.244.66.238 - - [19/Jul/2024:05:16:22 +0200] "GET /ticket2/opencms/se/en/venue/?countryid=D1CF94F0-7D29-9934-B390-888966FEE978 HTTP/1.1" 404 -
65.108.78.33 - - [19/Jul/2024:05:16:24 +0200] "GET /ticket2/opencms/en/buy/?page=1&edid=74131A78-3ACC-99E6-1155-5093F043A0B8&sortorder=desc&column=row HTTP/1.1" 200 87734
37.60.249.191 - - [19/Jul/2024:05:16:24 +0200] "GET /ticket2/opencms/dk/en/sell/?edid=C41D0CB8-78F6-C32D-38E3-A50BAF37514F HTTP/1.1" 404 -
65.108.78.33 - - [19/Jul/2024:05:16:28 +0200] "GET /ticket2/opencms/en/buy/?page=1&edid=74131A78-3ACC-99E6-1155-5093F043A0B8&sortorder=desc&column=section HTTP/1.1" 200 87734
65.108.78.33 - - [19/Jul/2024:05:16:33 +0200] "GET /ticket2/opencms/en/buy/?page=1&edid=74C0EB6F-C623-E56C-BF84-0930C3C6CCAE&sortorder=desc&column=price HTTP/1.1" 200 87739
114.119.144.51 - - [19/Jul/2024:05:16:35 +0200] "GET /ticket2/opencms/en/venue/?venueid=23DADC67-2F89-C2AE-F234-7909D8077B49 HTTP/1.1" 200 70730
65.108.78.33 - - [19/Jul/2024:05:16:38 +0200] "GET /ticket2/opencms/en/buy/?page=1&edid=74C0EB6F-C623-E56C-BF84-0930C3C6CCAE&sortorder=desc&column=row HTTP/1.1" 200 87739
54.38.85.37 - - [19/Jul/2024:05:16:38 +0200] "GET /ticket2/opencms/se/dk/buy/?page=1&edid=4FA830E2-C33E-85F2-48C9-4764419401D5&sortorder=desc&column=row HTTP/1.1" 404 -
147.185.132.22 - - [19/Jul/2024:05:16:39 +0200] "GET / HTTP/1.1" 404 -
65.108.78.33 - - [19/Jul/2024:05:16:42 +0200] "GET /ticket2/opencms/en/buy/?page=1&edid=74C0EB6F-C623-E56C-BF84-0930C3C6CCAE&sortorder=desc&column=section HTTP/1.1" 200 87739
65.108.78.33 - - [19/Jul/2024:05:16:47 +0200] "GET /ticket2/opencms/en/buy/?page=1&edid=7CBC2073-43B3-6AB9-9406-E231332EAC38&sortorder=desc&column=price HTTP/1.1" 200 87776
47.128.39.225 - - [19/Jul/2024:05:16:50 +0200] "GET /ticket2/opencms/de/buy/?edid=1C8D471F-21ED-D5C9-7736-BE6D50F9BA85 HTTP/1.1" 200 71949
47.128.39.225 - - [19/Jul/2024:05:16:51 +0200] "GET /ticket2/opencms/system/modules/com.gridnine.opencms.ticketbrokerage.site/resources/pics/logo-new.png HTTP/1.1" 200 13541
47.128.39.225 - - [19/Jul/2024:05:16:52 +0200] "GET /ticket2/opencms/system/modules/com.gridnine.opencms.ticketbrokerage.site/resources/pics/footer-img.png HTTP/1.1" 200 10350
65.108.78.33 - - [19/Jul/2024:05:16:52 +0200] "GET /ticket2/opencms/en/buy/?page=1&edid=7CBC2073-43B3-6AB9-9406-E231332EAC38&sortorder=desc&column=row HTTP/1.1" 200 87776
65.108.78.33 - - [19/Jul/2024:05:16:57 +0200] "GET /ticket2/opencms/en/buy/?page=1&edid=7CBC2073-43B3-6AB9-9406-E231332EAC38&sortorder=desc&column=section HTTP/1.1" 200 87776
65.108.78.33 - - [19/Jul/2024:05:17:02 +0200] "GET /ticket2/opencms/en/buy/?page=1&edid=88846CDD-90BD-3C14-8B7F-E56B7CEB33C4&sortorder=desc&column=price HTTP/1.1" 200 87288
65.108.78.33 - - [19/Jul/2024:05:17:06 +0200] "GET /ticket2/opencms/en/buy/?page=1&edid=88846CDD-90BD-3C14-8B7F-E56B7CEB33C4&sortorder=desc&column=row HTTP/1.1" 200 87288
65.108.78.33 - - [19/Jul/2024:05:17:11 +0200] "GET /ticket2/opencms/en/buy/?page=1&edid=88846CDD-90BD-3C14-8B7F-E56B7CEB33C4&sortorder=desc&column=section HTTP/1.1" 200 87288
114.119.131.42 - - [19/Jul/2024:05:17:14 +0200] "GET /ticket2/opencms/en/sell/?edid=AB2F1C58-6A5B-E2CD-095A-4BF1DF689D46 HTTP/1.1" 302 -
65.108.78.33 - - [19/Jul/2024:05:17:16 +0200] "GET /ticket2/opencms/en/buy/?page=1&edid=8970AC92-C5AA-B7C6-D963-8BFE17682D77&sortorder=desc&column=price HTTP/1.1" 200 87664
114.119.131.42 - - [19/Jul/2024:05:17:18 +0200] "GET /ticket2/opencms/en/login/?url=/en/sell/ HTTP/1.1" 200 72802
65.108.78.33 - - [19/Jul/2024:05:17:20 +0200] "GET /ticket2/opencms/en/buy/?page=1&edid=8970AC92-C5AA-B7C6-D963-8BFE17682D77&sortorder=desc&column=row HTTP/1.1" 200 87664
54.38.85.37 - - [19/Jul/2024:05:17:21 +0200] "GET /ticket2/opencms/se/dk/buy/?page=1&edid=50F18BFF-700E-1E6F-C17F-C358E206F903 HTTP/1.1" 404 -
136.243.222.140 - - [19/Jul/2024:05:17:25 +0200] "GET /ticket2/opencms/en/buy?page=1&edid=8DD5F074-9C3D-F268-0681-07FE736DEB63 HTTP/1.1" 200 114694
65.108.78.33 - - [19/Jul/2024:05:17:25 +0200] "GET /ticket2/opencms/en/buy/?page=1&edid=8970AC92-C5AA-B7C6-D963-8BFE17682D77&sortorder=desc&column=section HTTP/1.1" 200 87664
66.249.79.172 - - [19/Jul/2024:05:17:26 +0200] "GET /ticket2/opencms/fi/venue/?countryid=8F4397BE-7412-47F2-178D-719E5255923A HTTP/1.1" 200 101663
65.108.78.33 - - [19/Jul/2024:05:17:30 +0200] "GET /ticket2/opencms/en/buy/?page=1&edid=89FE7505-90F7-E10A-4E29-615C9B572E94&sortorder=desc&column=price HTTP/1.1" 200 87284
65.108.78.33 - - [19/Jul/2024:05:17:34 +0200] "GET /ticket2/opencms/en/buy/?page=1&edid=89FE7505-90F7-E10A-4E29-615C9B572E94&sortorder=desc&column=section HTTP/1.1" 200 87284
65.108.78.33 - - [19/Jul/2024:05:17:39 +0200] "GET /ticket2/opencms/en/buy/?page=1&edid=8C84F5E0-FA25-C5E3-D5D6-2695128F01FC&sortorder=desc&column=price HTTP/1.1" 200 87769
63.143.42.252 - - [19/Jul/2024:05:17:41 +0200] "HEAD /ticket2/opencms/ HTTP/1.1" 302 -
65.108.78.33 - - [19/Jul/2024:05:17:44 +0200] "GET /ticket2/opencms/en/buy/?page=1&edid=8C84F5E0-FA25-C5E3-D5D6-2695128F01FC&sortorder=desc&column=row HTTP/1.1" 200 87769
63.143.42.252 - - [19/Jul/2024:05:17:44 +0200] "HEAD /ticket2/opencms/en/ HTTP/1.1" 200 -
216.244.66.238 - - [19/Jul/2024:05:17:45 +0200] "GET /ticket2/opencms/se/nl/sport/voetbal-tickets/la_liga/barcelona/ HTTP/1.1" 404 -
216.244.66.238 - - [19/Jul/2024:05:17:47 +0200] "GET /ticket2/opencms/se/sv/sport/fotbollsbiljetter/uefa-champions-league/cfr_cluj/ HTTP/1.1" 404 -
65.108.78.33 - - [19/Jul/2024:05:17:48 +0200] "GET /ticket2/opencms/en/buy/?page=1&edid=8C84F5E0-FA25-C5E3-D5D6-2695128F01FC&sortorder=desc&column=section HTTP/1.1" 200 87769
194.163.141.13 - - [19/Jul/2024:05:17:51 +0200] "GET /ticket2/opencms/en/buy/?page=1&edid=514BDBC8-4F19-F774-391B-6A80EC30812B HTTP/1.1" 200 87730
114.119.140.175 - - [19/Jul/2024:05:17:52 +0200] "GET /ticket2/opencms/en/sell/?edid=FDE29521-3045-A77D-76E2-3AD78B370696 HTTP/1.1" 302 -
65.108.78.33 - - [19/Jul/2024:05:17:53 +0200] "GET /ticket2/opencms/en/buy/?page=1&edid=9247E57F-45C6-02AB-BF4B-104F5210D220 HTTP/1.1" 200 87618
54.38.85.37 - - [19/Jul/2024:05:17:53 +0200] "GET /ticket2/opencms/se/dk/buy/?page=1&edid=50F18BFF-700E-1E6F-C17F-C358E206F903&sortorder=desc&column=price HTTP/1.1" 404 -
114.119.140.175 - - [19/Jul/2024:05:17:56 +0200] "GET /ticket2/opencms/en/login/?url=/en/sell/ HTTP/1.1" 200 72802
65.108.78.33 - - [19/Jul/2024:05:17:58 +0200] "GET /ticket2/opencms/en/buy/?page=1&edid=9247E57F-45C6-02AB-BF4B-104F5210D220&sortorder=asc&column=price HTTP/1.1" 200 87654
65.108.78.33 - - [19/Jul/2024:05:18:03 +0200] "GET /ticket2/opencms/en/buy/?page=1&edid=9247E57F-45C6-02AB-BF4B-104F5210D220&sortorder=asc&column=row HTTP/1.1" 200 87654
87.121.69.27 - - [19/Jul/2024:05:18:06 +0200] "CONNECT google.com:443 HTTP/1.1" 400 -
65.108.78.33 - - [19/Jul/2024:05:18:07 +0200] "GET /ticket2/opencms/en/buy/?page=1&edid=9247E57F-45C6-02AB-BF4B-104F5210D220&sortorder=asc&column=section HTTP/1.1" 200 87654
65.108.78.33 - - [19/Jul/2024:05:18:12 +0200] "GET /ticket2/opencms/en/buy/?page=1&edid=9247E57F-45C6-02AB-BF4B-104F5210D220&sortorder=desc&column=price HTTP/1.1" 200 87653
65.108.78.33 - - [19/Jul/2024:05:18:17 +0200] "GET /ticket2/opencms/en/buy/?page=1&edid=9247E57F-45C6-02AB-BF4B-104F5210D220&sortorder=desc&column=row HTTP/1.1" 200 87653
65.108.78.33 - - [19/Jul/2024:05:18:22 +0200] "GET /ticket2/opencms/en/buy/?page=1&edid=9247E57F-45C6-02AB-BF4B-104F5210D220&sortorder=desc&column=section HTTP/1.1" 200 87653
54.38.85.37 - - [19/Jul/2024:05:18:25 +0200] "GET /ticket2/opencms/se/dk/buy/?page=1&edid=50F18BFF-700E-1E6F-C17F-C358E206F903&sortorder=desc&column=row HTTP/1.1" 404 -
65.108.78.33 - - [19/Jul/2024:05:18:26 +0200] "GET /ticket2/opencms/en/buy/?page=1&edid=9C266137-BC2E-54EC-A8AA-96FC26D8A137&sortorder=desc&column=price HTTP/1.1" 200 87667
216.244.66.196 - - [19/Jul/2024:05:18:26 +0200] "GET /ticket2/opencms/robots.txt HTTP/1.1" 200 773
66.249.79.232 - - [19/Jul/2024:05:18:27 +0200] "GET /ticket2/opencms/set_aff_cookie.jsp?partner=2E02071B-A8C3-4CBA-3097-C27D61C02ED8&url=/dk/buy/index.html%3Fpage%3D1%26edid%3D39289D35-63FA-63A2-5B00-1BD8BF9346B7%26hlv%3D666cbc98-b064-4e46-9057-539a0a01000f%23v794675881 HTTP/1.1" 200 224
65.108.78.33 - - [19/Jul/2024:05:18:31 +0200] "GET /ticket2/opencms/en/buy/?page=1&edid=9C266137-BC2E-54EC-A8AA-96FC26D8A137&sortorder=desc&column=row HTTP/1.1" 200 87667
114.119.136.120 - - [19/Jul/2024:05:18:34 +0200] "GET /ticket2/opencms/en/sell/?edid=EA6B7FBB-FA78-046C-4294-B3C3C2130B5E HTTP/1.1" 302 -
65.108.78.33 - - [19/Jul/2024:05:18:36 +0200] "GET /ticket2/opencms/en/buy/?page=1&edid=9C266137-BC2E-54EC-A8AA-96FC26D8A137&sortorder=desc&column=section HTTP/1.1" 200 87667
159.138.100.151 - - [19/Jul/2024:05:18:36 +0200] "GET /ticket2/opencms/nl/affiliateprogram.html HTTP/1.1" 200 70855
114.119.136.120 - - [19/Jul/2024:05:18:38 +0200] "GET /ticket2/opencms/en/login/?url=/en/sell/ HTTP/1.1" 200 72802
65.108.78.33 - - [19/Jul/2024:05:18:41 +0200] "GET /ticket2/opencms/en/buy/?page=1&edid=9F34FF64-8435-0668-CDDD-40FBDE58F48E&sortorder=desc&column=price HTTP/1.1" 200 87660
65.108.78.33 - - [19/Jul/2024:05:18:45 +0200] "GET /ticket2/opencms/en/buy/?page=1&edid=9F34FF64-8435-0668-CDDD-40FBDE58F48E&sortorder=desc&column=row HTTP/1.1" 200 87660
66.249.79.231 - - [19/Jul/2024:05:18:49 +0200] "GET /ticket2/opencms/dk/buy/?page=1&edid=39289D35-63FA-63A2-5B00-1BD8BF9346B7&hlv=666cbc98-b064-4e46-9057-539a0a01000f HTTP/1.1" 200 110410
65.108.78.33 - - [19/Jul/2024:05:18:50 +0200] "GET /ticket2/opencms/en/buy/?page=1&edid=9F34FF64-8435-0668-CDDD-40FBDE58F48E&sortorder=desc&column=section HTTP/1.1" 200 87660
65.108.78.33 - - [19/Jul/2024:05:18:55 +0200] "GET /ticket2/opencms/en/buy/?page=1&edid=A858554C-F78F-7E97-68A1-73B374CB569E&sortorder=desc&column=price HTTP/1.1" 200 87290
194.163.141.13 - - [19/Jul/2024:05:18:57 +0200] "GET /ticket2/opencms/en/buy/?page=1&edid=514BDBC8-4F19-F774-391B-6A80EC30812B&sortorder=desc&column=row HTTP/1.1" 200 87765
54.38.85.37 - - [19/Jul/2024:05:18:57 +0200] "GET /ticket2/opencms/se/dk/buy/?page=1&edid=52E48250-C92A-48C2-45BB-C1536603E8B5 HTTP/1.1" 404 -
65.108.78.33 - - [19/Jul/2024:05:18:59 +0200] "GET /ticket2/opencms/en/buy/?page=1&edid=A858554C-F78F-7E97-68A1-73B374CB569E&sortorder=desc&column=row HTTP/1.1" 200 87290
37.60.249.191 - - [19/Jul/2024:05:19:01 +0200] "GET /ticket2/opencms/dk/en/sell/?edid=C68169A2-BAF4-9EC4-4384-5798AFBF1409 HTTP/1.1" 404 -
65.108.78.33 - - [19/Jul/2024:05:19:04 +0200] "GET /ticket2/opencms/en/buy/?page=1&edid=A858554C-F78F-7E97-68A1-73B374CB569E&sortorder=desc&column=section HTTP/1.1" 200 87290
47.128.30.56 - - [19/Jul/2024:05:19:08 +0200] "GET /ticket2/opencms/fr/buy/?edid=7B7E167E-93EF-43D8-C91C-9CC46677C829 HTTP/1.1" 200 72058
47.128.30.56 - - [19/Jul/2024:05:19:09 +0200] "GET /ticket2/opencms/system/modules/com.gridnine.opencms.ticketbrokerage.site/resources/pics/logo-new.png HTTP/1.1" 200 13541
65.108.78.33 - - [19/Jul/2024:05:19:09 +0200] "GET /ticket2/opencms/en/buy/?page=1&edid=B0E4D276-C8CE-F4B4-2DC5-6BEA44E190B2&sortorder=desc&column=price HTTP/1.1" 200 86603
47.128.30.56 - - [19/Jul/2024:05:19:09 +0200] "GET /ticket2/opencms/system/modules/com.gridnine.opencms.ticketbrokerage.site/resources/pics/footer-img.png HTTP/1.1" 200 10350
65.108.78.33 - - [19/Jul/2024:05:19:14 +0200] "GET /ticket2/opencms/en/buy/?page=1&edid=B0E4D276-C8CE-F4B4-2DC5-6BEA44E190B2&sortorder=desc&column=row HTTP/1.1" 200 86603
65.108.78.33 - - [19/Jul/2024:05:19:18 +0200] "GET /ticket2/opencms/en/buy/?page=1&edid=B0E4D276-C8CE-F4B4-2DC5-6BEA44E190B2&sortorder=desc&column=section HTTP/1.1" 200 86603
65.108.78.33 - - [19/Jul/2024:05:19:23 +0200] "GET /ticket2/opencms/en/buy/?page=1&edid=C2910EC2-9592-90B0-A42D-A344DFC6DED1 HTTP/1.1" 200 87253
65.108.78.33 - - [19/Jul/2024:05:19:27 +0200] "GET /ticket2/opencms/en/buy/?page=1&edid=C2910EC2-9592-90B0-A42D-A344DFC6DED1&sortorder=asc&column=price HTTP/1.1" 200 87289
66.249.76.166 - - [19/Jul/2024:05:19:29 +0200] "GET /ticket2/opencms/fi/venue/?venueid=B89238A7-33DE-D8CE-390C-74DE6BAEC919 HTTP/1.1" 200 72283
37.123.143.245 - - [19/Jul/2024:05:19:31 +0200] "GET /ticket2/opencms/system/workplace/views/top_foot.jsp?wpFrame=foot HTTP/1.1" 200 1211
37.123.143.245 - - [19/Jul/2024:05:19:31 +0200] "GET /ticket2/opencms/system/workplace/commons/style/workplace.css HTTP/1.1" 200 14209
65.108.78.33 - - [19/Jul/2024:05:19:32 +0200] "GET /ticket2/opencms/en/buy/?page=1&edid=C2910EC2-9592-90B0-A42D-A344DFC6DED1&sortorder=asc&column=row HTTP/1.1" 200 87289
54.38.85.37 - - [19/Jul/2024:05:19:35 +0200] "GET /ticket2/opencms/se/dk/buy/?page=1&edid=52F868F1-7749-7E6C-5905-3BA969A6104A&sortorder=desc&column=section HTTP/1.1" 404 -
65.108.78.33 - - [19/Jul/2024:05:19:37 +0200] "GET /ticket2/opencms/en/buy/?page=1&edid=C2910EC2-9592-90B0-A42D-A344DFC6DED1&sortorder=asc&column=section HTTP/1.1" 200 87289
65.108.78.33 - - [19/Jul/2024:05:19:42 +0200] "GET /ticket2/opencms/en/buy/?page=1&edid=C2910EC2-9592-90B0-A42D-A344DFC6DED1&sortorder=desc&column=price HTTP/1.1" 200 87288
65.108.78.33 - - [19/Jul/2024:05:19:46 +0200] "GET /ticket2/opencms/en/buy/?page=1&edid=C2910EC2-9592-90B0-A42D-A344DFC6DED1&sortorder=desc&column=row HTTP/1.1" 200 87288
65.108.78.33 - - [19/Jul/2024:05:19:51 +0200] "GET /ticket2/opencms/en/buy/?page=1&edid=C2910EC2-9592-90B0-A42D-A344DFC6DED1&sortorder=desc&column=section HTTP/1.1" 200 87288
65.108.78.33 - - [19/Jul/2024:05:19:56 +0200] "GET /ticket2/opencms/en/buy/?page=1&edid=CA3FABDD-43B5-8DDC-6DAC-2917B68B145E HTTP/1.1" 200 87259
65.108.78.33 - - [19/Jul/2024:05:20:00 +0200] "GET /ticket2/opencms/en/buy/?page=1&edid=CA3FABDD-43B5-8DDC-6DAC-2917B68B145E&sortorder=asc&column=row HTTP/1.1" 200 87295
194.163.141.13 - - [19/Jul/2024:05:20:01 +0200] "GET /ticket2/opencms/en/buy/?page=1&edid=55AE14A0-00CF-8E29-D1CC-F8CDD1E23137&sortorder=asc&column=row HTTP/1.1" 200 87226
54.38.85.37 - - [19/Jul/2024:05:20:05 +0200] "GET /ticket2/opencms/se/dk/buy/?page=1&edid=58849721-189F-D09B-851E-CCAD1153A6C9&sortorder=desc&column=price HTTP/1.1" 404 -
65.108.78.33 - - [19/Jul/2024:05:20:05 +0200] "GET /ticket2/opencms/en/buy/?page=1&edid=CA3FABDD-43B5-8DDC-6DAC-2917B68B145E&sortorder=asc&column=section HTTP/1.1" 200 87295
65.108.78.33 - - [19/Jul/2024:05:20:10 +0200] "GET /ticket2/opencms/en/buy/?page=1&edid=CA3FABDD-43B5-8DDC-6DAC-2917B68B145E&sortorder=desc&column=price HTTP/1.1" 200 87294
65.108.78.33 - - [19/Jul/2024:05:20:15 +0200] "GET /ticket2/opencms/en/buy/?page=1&edid=CA3FABDD-43B5-8DDC-6DAC-2917B68B145E&sortorder=desc&column=row HTTP/1.1" 200 87294
65.108.78.33 - - [19/Jul/2024:05:20:20 +0200] "GET /ticket2/opencms/en/buy/?page=1&edid=CA3FABDD-43B5-8DDC-6DAC-2917B68B145E&sortorder=desc&column=section HTTP/1.1" 200 87294
47.128.56.74 - - [19/Jul/2024:05:20:24 +0200] "GET /ticket2/opencms/no/buy/?catid=B0817F4C-4B6F-A68C-6229-209BB05F84D4&comcatid=A17713B6-D984-201A-4143-ED4DB5ED5C2E&page=6 HTTP/1.1" 200 82971
65.108.78.33 - - [19/Jul/2024:05:20:24 +0200] "GET /ticket2/opencms/en/buy/?page=1&edid=CD6EABFF-F2F6-FE26-CC78-420DEA1CEE33&sortorder=asc&column=price HTTP/1.1" 200 86997
47.128.56.74 - - [19/Jul/2024:05:20:24 +0200] "GET /ticket2/opencms/system/modules/com.gridnine.opencms.ticketbrokerage.site/resources/pics/logo-new.png HTTP/1.1" 200 13541
47.128.56.74 - - [19/Jul/2024:05:20:25 +0200] "GET /ticket2/opencms/system/modules/com.gridnine.opencms.ticketbrokerage.site/resources/pics/footer-img.png HTTP/1.1" 200 10350
65.108.78.33 - - [19/Jul/2024:05:20:29 +0200] "GET /ticket2/opencms/en/buy/?page=1&edid=CD6EABFF-F2F6-FE26-CC78-420DEA1CEE33&sortorder=asc&column=row HTTP/1.1" 200 86997
66.249.79.171 - - [19/Jul/2024:05:20:31 +0200] "GET /ticket2/opencms/de/buy/?page=1&edid=511F4D14-32A6-951A-CF83-6CDB1707BEA4 HTTP/1.1" 200 109176
65.108.78.33 - - [19/Jul/2024:05:20:34 +0200] "GET /ticket2/opencms/en/buy/?page=1&edid=CD6EABFF-F2F6-FE26-CC78-420DEA1CEE33&sortorder=asc&column=section HTTP/1.1" 200 86997
54.38.85.37 - - [19/Jul/2024:05:20:35 +0200] "GET /ticket2/opencms/se/dk/buy/?page=1&edid=593507C1-1A99-FF80-5E07-098D778AB1E4&sortorder=asc&column=section HTTP/1.1" 404 -
65.108.78.33 - - [19/Jul/2024:05:20:39 +0200] "GET /ticket2/opencms/en/buy/?page=1&edid=CD6EABFF-F2F6-FE26-CC78-420DEA1CEE33&sortorder=desc&column=price HTTP/1.1" 200 86996
65.108.78.33 - - [19/Jul/2024:05:20:43 +0200] "GET /ticket2/opencms/en/buy/?page=1&edid=CD6EABFF-F2F6-FE26-CC78-420DEA1CEE33&sortorder=desc&column=row HTTP/1.1" 200 86996
47.128.127.78 - - [19/Jul/2024:05:20:48 +0200] "GET /ticket2/opencms/fi/buy/?catid=412DBCF4-025D-8ABC-7A40-D7C760E055FF&comcatid=0A6B8208-FDA4-E929-9D72-5312FD481B76 HTTP/1.1" 200 76483
65.108.78.33 - - [19/Jul/2024:05:20:48 +0200] "GET /ticket2/opencms/en/buy/?page=1&edid=CD6EABFF-F2F6-FE26-CC78-420DEA1CEE33&sortorder=desc&column=section HTTP/1.1" 200 86996
47.128.127.78 - - [19/Jul/2024:05:20:50 +0200] "GET /ticket2/opencms/system/modules/com.gridnine.opencms.ticketbrokerage.site/resources/pics/logo-new.png HTTP/1.1" 200 13541
47.128.127.78 - - [19/Jul/2024:05:20:50 +0200] "GET /ticket2/opencms/system/modules/com.gridnine.opencms.ticketbrokerage.site/resources/pics/footer-img.png HTTP/1.1" 200 10350
65.108.78.33 - - [19/Jul/2024:05:20:53 +0200] "GET /ticket2/opencms/en/buy/?page=1&edid=D5C4F50D-2A92-D0EC-6476-87E00BCDB682 HTTP/1.1" 200 87626
65.108.78.33 - - [19/Jul/2024:05:20:58 +0200] "GET /ticket2/opencms/en/buy/?page=1&edid=D5C4F50D-2A92-D0EC-6476-87E00BCDB682&sortorder=asc&column=price HTTP/1.1" 200 87662
65.108.78.33 - - [19/Jul/2024:05:21:03 +0200] "GET /ticket2/opencms/en/buy/?page=1&edid=D5C4F50D-2A92-D0EC-6476-87E00BCDB682&sortorder=asc&column=row HTTP/1.1" 200 87662
54.38.85.37 - - [19/Jul/2024:05:21:04 +0200] "GET /ticket2/opencms/se/dk/buy/?page=1&edid=595A5267-76E6-43B6-97D1-91251A31FEA6&sortorder=desc&column=price HTTP/1.1" 404 -
65.108.78.33 - - [19/Jul/2024:05:21:07 +0200] "GET /ticket2/opencms/en/buy/?page=1&edid=D5C4F50D-2A92-D0EC-6476-87E00BCDB682&sortorder=asc&column=section HTTP/1.1" 200 87662
37.60.249.191 - - [19/Jul/2024:05:21:10 +0200] "GET /ticket2/opencms/dk/en/sell/?edid=CC036900-8DEF-7B81-D589-ACA332BF39B1 HTTP/1.1" 404 -
65.108.78.33 - - [19/Jul/2024:05:21:12 +0200] "GET /ticket2/opencms/en/buy/?page=1&edid=D5C4F50D-2A92-D0EC-6476-87E00BCDB682&sortorder=desc&column=price HTTP/1.1" 200 87661
47.128.36.98 - - [19/Jul/2024:05:21:14 +0200] "GET /ticket2/opencms/fi/buy/?catid=A3372871-3019-08B8-80CE-74B78F441ACA&comcatid=A17713B6-D984-201A-4143-ED4DB5ED5C2E&page=6 HTTP/1.1" 200 84760
47.128.36.98 - - [19/Jul/2024:05:21:15 +0200] "GET /ticket2/opencms/system/modules/com.gridnine.opencms.ticketbrokerage.site/resources/pics/logo-new.png HTTP/1.1" 200 13541
47.128.36.98 - - [19/Jul/2024:05:21:16 +0200] "GET /ticket2/opencms/system/modules/com.gridnine.opencms.ticketbrokerage.site/resources/pics/footer-img.png HTTP/1.1" 200 10350
