135.181.74.243 - - [19/Jul/2024:00:33:48 +0200] "GET /ticket2/opencms/se/nl/buy/?page=1&edid=2B244978-CDF4-B7C4-66FD-1551A26618A8 HTTP/1.1" 404 -
37.187.89.104 - - [19/Jul/2024:00:33:49 +0200] "GET /ticket2/opencms/no/buy/?page=1&edid=8315527E-802D-80DC-B98F-A4B19419163D&sortorder=desc&column=row HTTP/1.1" 200 88420
149.202.65.189 - - [19/Jul/2024:00:33:50 +0200] "GET /ticket2/opencms/en/buy/?page=1&edid=58E3E177-9309-B5D9-8336-F7BD3BF87B4F&sortorder=desc&column=section HTTP/1.1" 200 87873
217.113.194.220 - - [19/Jul/2024:00:33:53 +0200] "GET /ticket2/opencms/sv/buy/?page=1&edid=2225EBCD-1136-49A2-E4B5-6454984B0A64 HTTP/1.1" 200 85302
149.202.65.189 - - [19/Jul/2024:00:33:54 +0200] "GET /ticket2/opencms/en/buy/?page=1&edid=594D1460-F338-C3DC-268B-862093EA57FF&sortorder=asc&column=price HTTP/1.1" 200 84613
135.181.74.243 - - [19/Jul/2024:00:33:54 +0200] "GET /ticket2/opencms/se/nl/buy/?page=1&edid=2B244978-CDF4-B7C4-66FD-1551A26618A8&sortorder=desc&column=row HTTP/1.1" 404 -
63.143.42.252 - - [19/Jul/2024:00:33:57 +0200] "HEAD /ticket2/opencms/ HTTP/1.1" 302 -
63.143.42.252 - - [19/Jul/2024:00:33:57 +0200] "HEAD /ticket2/opencms/en/ HTTP/1.1" 200 -
149.202.65.189 - - [19/Jul/2024:00:33:57 +0200] "GET /ticket2/opencms/en/buy/?page=1&edid=5D6BAFEE-C7E8-3FFE-C335-869AB5ECAAC9&sortorder=desc&column=section HTTP/1.1" 200 87103
217.113.194.214 - - [19/Jul/2024:00:34:01 +0200] "GET /ticket2/opencms/sv/buy/?page=1&edid=4AA6517A-20F8-FABD-7232-64064D349205 HTTP/1.1" 200 87950
37.187.89.104 - - [19/Jul/2024:00:34:01 +0200] "GET /ticket2/opencms/no/buy/?page=1&edid=866FFC50-DF27-5378-DBAB-F17893C3BF22&sortorder=desc&column=price HTTP/1.1" 200 88316
149.202.65.189 - - [19/Jul/2024:00:34:01 +0200] "GET /ticket2/opencms/en/buy/?page=1&edid=5DC5F4BB-E0CD-B313-C354-E3A2601E78F2&sortorder=asc&column=section HTTP/1.1" 200 87247
135.181.74.243 - - [19/Jul/2024:00:34:02 +0200] "GET /ticket2/opencms/se/no/buy/?page=1&edid=199EDE4E-5A92-8B6F-9481-A1A89D98DFB8&sortorder=desc&column=price HTTP/1.1" 404 -
158.220.123.226 - - [19/Jul/2024:00:34:02 +0200] "GET /ticket2/opencms/se/ru/login/?edid=099FDC21-9563-60C3-D538-CF137C642027 HTTP/1.1" 404 -
47.128.33.216 - - [19/Jul/2024:00:34:05 +0200] "GET /ticket2/opencms/fi/venue/?countryid=D3DB55BA-ABAE-0702-A973-202744AB3BB9 HTTP/1.1" 200 101663
47.128.33.216 - - [19/Jul/2024:00:34:05 +0200] "GET /ticket2/opencms/system/modules/com.gridnine.opencms.ticketbrokerage.site/resources/pics/logo-new.png HTTP/1.1" 200 13541
149.202.65.189 - - [19/Jul/2024:00:34:06 +0200] "GET /ticket2/opencms/en/buy/?page=1&edid=5EACAE7F-3F8F-8931-8C87-D9FB6D5E9E34&sortorder=asc&column=section HTTP/1.1" 200 87264
47.128.33.216 - - [19/Jul/2024:00:34:06 +0200] "GET /ticket2/opencms/system/modules/com.gridnine.opencms.ticketbrokerage.site/resources/pics/footer-img.png HTTP/1.1" 200 10350
54.36.148.32 - - [19/Jul/2024:00:34:06 +0200] "GET /ticket2/opencms/sv/buy/?page=1&edid=42C5D83C-45F5-510D-23C9-7B4CE8796C8F HTTP/1.1" 200 113501
37.187.89.104 - - [19/Jul/2024:00:34:07 +0200] "GET /ticket2/opencms/no/buy/?page=1&edid=869B1F17-4BE4-AC5C-FE3A-AEBC86488B85&sortorder=desc&column=price HTTP/1.1" 200 85947
135.181.74.243 - - [19/Jul/2024:00:34:08 +0200] "GET /ticket2/opencms/se/no/buy/?page=1&edid=1B4F6C5B-BAFB-1ABF-BC73-B86FEBD8CF90&sortorder=asc&column=section HTTP/1.1" 404 -
217.113.194.217 - - [19/Jul/2024:00:34:09 +0200] "GET /ticket2/opencms/sv/buy/?page=1&edid=9D419DE2-433C-4623-52FC-52F2BDAC1689 HTTP/1.1" 200 88136
149.202.65.189 - - [19/Jul/2024:00:34:09 +0200] "GET /ticket2/opencms/en/buy/?page=1&edid=615C56F3-C0DF-3EAA-3F5D-6B586A7FBFB9&sortorder=desc&column=price HTTP/1.1" 200 86091
149.202.65.189 - - [19/Jul/2024:00:34:13 +0200] "GET /ticket2/opencms/en/buy/?page=1&edid=6440E7CC-E56C-CD13-BB09-A84D83EDDD53 HTTP/1.1" 200 86737
135.181.74.243 - - [19/Jul/2024:00:34:14 +0200] "GET /ticket2/opencms/se/no/buy/?page=1&edid=1B5229A1-3642-B3BE-C5FD-E41CB0238BCE&sortorder=asc&column=price HTTP/1.1" 404 -
198.100.136.54 - - [19/Jul/2024:00:34:18 +0200] "HEAD /ticket2/opencms/ HTTP/1.1" 302 -
149.202.65.189 - - [19/Jul/2024:00:34:18 +0200] "GET /ticket2/opencms/en/buy/?page=1&edid=6875AE46-58DA-9D07-CD12-63DF9AF5CB06 HTTP/1.1" 200 86566
154.54.249.216 - - [19/Jul/2024:00:34:18 +0200] "GET /ticket2/opencms/sv/buy/?page=1&edid=558890EA-92F2-CB20-A214-1F4D92150944 HTTP/1.1" 200 87319
37.187.89.104 - - [19/Jul/2024:00:34:18 +0200] "GET /ticket2/opencms/no/buy/?page=1&edid=869B1F17-4BE4-AC5C-FE3A-AEBC86488B85&sortorder=desc&column=row HTTP/1.1" 200 85947
198.100.136.54 - - [19/Jul/2024:00:34:19 +0200] "HEAD /ticket2/opencms/en/ HTTP/1.1" 200 -
37.123.143.245 - - [19/Jul/2024:00:34:20 +0200] "GET /ticket2/opencms/system/workplace/views/top_foot.jsp?wpFrame=foot HTTP/1.1" 200 1211
37.123.143.245 - - [19/Jul/2024:00:34:20 +0200] "GET /ticket2/opencms/system/workplace/commons/style/workplace.css HTTP/1.1" 200 14209
135.181.74.243 - - [19/Jul/2024:00:34:20 +0200] "GET /ticket2/opencms/se/no/buy/?page=1&edid=1B781AFE-A8BF-ECCF-D803-349449868C96&sortorder=asc&column=section HTTP/1.1" 404 -
47.128.33.0 - - [19/Jul/2024:00:34:21 +0200] "GET /ticket2/opencms/de/buy/?edid=28316DAE-CC28-C8B1-804B-7C9DA717030D HTTP/1.1" 200 71949
149.202.65.189 - - [19/Jul/2024:00:34:22 +0200] "GET /ticket2/opencms/en/buy/?page=1&edid=6DA75030-6EA2-83E3-DB99-AFEEFF38FF71&sortorder=desc&column=row HTTP/1.1" 200 87425
47.128.33.0 - - [19/Jul/2024:00:34:22 +0200] "GET /ticket2/opencms/system/modules/com.gridnine.opencms.ticketbrokerage.site/resources/pics/logo-new.png HTTP/1.1" 200 13541
47.128.33.0 - - [19/Jul/2024:00:34:22 +0200] "GET /ticket2/opencms/system/modules/com.gridnine.opencms.ticketbrokerage.site/resources/pics/footer-img.png HTTP/1.1" 200 10350
54.36.149.89 - - [19/Jul/2024:00:34:25 +0200] "GET /ticket2/opencms/dk/venue/?venueid=FACE899F-59EF-482C-BA13-20EDA4B8894D HTTP/1.1" 200 71172
149.202.65.189 - - [19/Jul/2024:00:34:26 +0200] "GET /ticket2/opencms/en/buy/?page=1&edid=6DCAB90D-3A3D-2AD8-B841-FCB9C117FC7B&sortorder=desc&column=section HTTP/1.1" 200 86774
217.113.194.217 - - [19/Jul/2024:00:34:26 +0200] "GET /ticket2/opencms/sv/buy/?page=1&edid=26128587-E741-EC80-2371-BDADD3568348 HTTP/1.1" 200 85333
135.181.74.243 - - [19/Jul/2024:00:34:27 +0200] "GET /ticket2/opencms/se/no/buy/?page=1&edid=1C58C470-D3F9-186C-B32F-4F4A4C479079&sortorder=asc&column=price HTTP/1.1" 404 -
37.187.89.104 - - [19/Jul/2024:00:34:27 +0200] "GET /ticket2/opencms/no/buy/?page=1&edid=869B1F17-4BE4-AC5C-FE3A-AEBC86488B85&sortorder=desc&column=section HTTP/1.1" 200 85947
149.202.65.189 - - [19/Jul/2024:00:34:30 +0200] "GET /ticket2/opencms/en/buy/?page=1&edid=6E26101E-BD16-558E-CCE3-40BB9417A742&sortorder=desc&column=row HTTP/1.1" 200 87096
149.202.65.189 - - [19/Jul/2024:00:34:34 +0200] "GET /ticket2/opencms/en/buy/?page=1&edid=6E26101E-BD16-558E-CCE3-40BB9417A742&sortorder=desc&column=section HTTP/1.1" 200 87096
135.181.74.243 - - [19/Jul/2024:00:34:34 +0200] "GET /ticket2/opencms/se/no/buy/?page=1&edid=1C58C470-D3F9-186C-B32F-4F4A4C479079&sortorder=asc&column=row HTTP/1.1" 404 -
37.187.89.104 - - [19/Jul/2024:00:34:34 +0200] "GET /ticket2/opencms/no/buy/?page=1&edid=874D99C7-3DDA-AA32-0A78-CF9AB6A7DB66&sortorder=desc&column=price HTTP/1.1" 200 87417
217.113.194.221 - - [19/Jul/2024:00:34:34 +0200] "GET /ticket2/opencms/sv/buy/?page=1&edid=182BA01E-B352-B234-D653-B191D7623F29 HTTP/1.1" 200 85345
149.202.65.189 - - [19/Jul/2024:00:34:38 +0200] "GET /ticket2/opencms/en/buy/?page=1&edid=6F24A253-3956-04ED-15B8-80704EC94F79 HTTP/1.1" 200 84559
135.181.74.243 - - [19/Jul/2024:00:34:39 +0200] "GET /ticket2/opencms/se/no/buy/?page=1&edid=1C58C470-D3F9-186C-B32F-4F4A4C479079&sortorder=asc&column=section HTTP/1.1" 404 -
149.202.65.189 - - [19/Jul/2024:00:34:41 +0200] "GET /ticket2/opencms/en/buy/?page=1&edid=6F24A253-3956-04ED-15B8-80704EC94F79&sortorder=desc&column=price HTTP/1.1" 200 84594
217.113.194.218 - - [19/Jul/2024:00:34:43 +0200] "GET /ticket2/opencms/sv/buy/?page=1&edid=461BF5DE-D197-0535-AD1D-670247DE9844 HTTP/1.1" 200 85311
54.36.148.204 - - [19/Jul/2024:00:34:44 +0200] "GET /ticket2/opencms/no/buy/?page=1&edid=BF02E8D3-250D-1BB9-F307-8D142E1902AE HTTP/1.1" 200 85905
149.202.65.189 - - [19/Jul/2024:00:34:46 +0200] "GET /ticket2/opencms/en/buy/?page=1&edid=6F24A253-3956-04ED-15B8-80704EC94F79&sortorder=desc&column=section HTTP/1.1" 200 84594
135.181.74.243 - - [19/Jul/2024:00:34:46 +0200] "GET /ticket2/opencms/se/no/buy/?page=1&edid=1EBC220F-DC4B-8D2C-D8E4-51D66799F0B5&sortorder=asc&column=price HTTP/1.1" 404 -
37.187.89.104 - - [19/Jul/2024:00:34:47 +0200] "GET /ticket2/opencms/no/buy/?page=1&edid=8D6BBF58-4A1D-C78C-86AB-E14E9CE11055&sortorder=desc&column=row HTTP/1.1" 200 89224
149.202.65.189 - - [19/Jul/2024:00:34:50 +0200] "GET /ticket2/opencms/en/buy/?page=1&edid=6F78F5BA-89FB-5B06-1C2C-8FCC6B5F632B&sortorder=desc&column=price HTTP/1.1" 200 87424
217.113.194.218 - - [19/Jul/2024:00:34:51 +0200] "GET /ticket2/opencms/sv/buy/?page=1&edid=B21620F0-268B-7708-49EB-0AD4408810AF HTTP/1.1" 200 85293
135.181.74.243 - - [19/Jul/2024:00:34:52 +0200] "GET /ticket2/opencms/se/no/buy/?page=1&edid=1EBC220F-DC4B-8D2C-D8E4-51D66799F0B5&sortorder=asc&column=row HTTP/1.1" 404 -
149.202.65.189 - - [19/Jul/2024:00:34:54 +0200] "GET /ticket2/opencms/en/buy/?page=1&edid=79B1C579-9EED-0F82-FA86-4C612C45B721 HTTP/1.1" 200 83887
66.249.79.232 - - [19/Jul/2024:00:34:55 +0200] "GET /ticket2/opencms/es/deporte/entradas-futbol/serie-a/ac-monza HTTP/1.1" 404 -
37.187.89.104 - - [19/Jul/2024:00:34:57 +0200] "GET /ticket2/opencms/no/buy/?page=1&edid=8D6BBF58-4A1D-C78C-86AB-E14E9CE11055&sortorder=desc&column=section HTTP/1.1" 200 89224
66.249.76.163 - - [19/Jul/2024:00:34:57 +0200] "GET /ticket2/opencms/es/buy/?page=1&edid=78AF1C5E-F8EA-2E8D-DBE6-BF38D5E9E2D9 HTTP/1.1" 200 112440
149.202.65.189 - - [19/Jul/2024:00:34:58 +0200] "GET /ticket2/opencms/en/buy/?page=1&edid=79B1C579-9EED-0F82-FA86-4C612C45B721&sortorder=desc&column=price HTTP/1.1" 200 83922
217.113.194.220 - - [19/Jul/2024:00:34:59 +0200] "GET /ticket2/opencms/sv/buy/?page=1&edid=76B6762F-4B46-119D-2582-3611BC3599E7 HTTP/1.1" 200 88471
135.181.74.243 - - [19/Jul/2024:00:35:01 +0200] "GET /ticket2/opencms/se/no/buy/?page=1&edid=1EBC220F-DC4B-8D2C-D8E4-51D66799F0B5&sortorder=asc&column=section HTTP/1.1" 404 -
149.202.65.189 - - [19/Jul/2024:00:35:02 +0200] "GET /ticket2/opencms/en/buy/?page=1&edid=79CCFD61-A014-AE43-C5ED-F574B4885086&sortorder=asc&column=price HTTP/1.1" 200 87404
54.36.148.74 - - [19/Jul/2024:00:35:03 +0200] "GET /ticket2/opencms/dk/venue/?venueid=931B960B-87A9-7EDC-AD2E-1CCD2CDDC26D HTTP/1.1" 200 71190
149.202.65.189 - - [19/Jul/2024:00:35:05 +0200] "GET /ticket2/opencms/en/buy/?page=1&edid=79CCFD61-A014-AE43-C5ED-F574B4885086&sortorder=asc&column=row HTTP/1.1" 200 87404
217.113.194.216 - - [19/Jul/2024:00:35:08 +0200] "GET /ticket2/opencms/sv/buy/?page=1&edid=667B40D0-B0B8-2439-1720-60C4CBE93003 HTTP/1.1" 200 85330
66.249.79.171 - - [19/Jul/2024:00:35:08 +0200] "GET /ticket2/opencms/sv/sport/fotbollsbiljetter/premier_league/brentford/ HTTP/1.1" 200 84525
135.181.74.243 - - [19/Jul/2024:00:35:08 +0200] "GET /ticket2/opencms/se/no/buy/?page=1&edid=1EBC220F-DC4B-8D2C-D8E4-51D66799F0B5&sortorder=desc&column=price HTTP/1.1" 404 -
149.202.65.189 - - [19/Jul/2024:00:35:09 +0200] "GET /ticket2/opencms/en/buy/?page=1&edid=79CCFD61-A014-AE43-C5ED-F574B4885086&sortorder=asc&column=section HTTP/1.1" 200 87404
37.187.89.104 - - [19/Jul/2024:00:35:10 +0200] "GET /ticket2/opencms/no/buy/?page=1&edid=8D6CB2E5-17F5-541B-ED1D-516FC39C57B8 HTTP/1.1" 200 88481
149.202.65.189 - - [19/Jul/2024:00:35:13 +0200] "GET /ticket2/opencms/en/buy/?page=1&edid=79CCFD61-A014-AE43-C5ED-F574B4885086&sortorder=desc&column=price HTTP/1.1" 200 87403
135.181.74.243 - - [19/Jul/2024:00:35:15 +0200] "GET /ticket2/opencms/se/no/buy/?page=1&edid=1F013ACC-BF70-0C32-B400-7D3374312DFC&sortorder=asc&column=price HTTP/1.1" 404 -
217.113.194.212 - - [19/Jul/2024:00:35:16 +0200] "GET /ticket2/opencms/sv/buy/?page=1&edid=0A397FB1-78AC-3087-2410-984905364A81 HTTP/1.1" 200 87726
149.202.65.189 - - [19/Jul/2024:00:35:16 +0200] "GET /ticket2/opencms/en/buy/?page=1&edid=79CCFD61-A014-AE43-C5ED-F574B4885086&sortorder=desc&column=section HTTP/1.1" 200 87403
158.220.123.226 - - [19/Jul/2024:00:35:18 +0200] "GET /ticket2/opencms/se/ru/login/?edid=0D94D087-3A1B-6894-B476-4BF664218857 HTTP/1.1" 404 -
149.202.65.189 - - [19/Jul/2024:00:35:20 +0200] "GET /ticket2/opencms/en/buy/?page=1&edid=79FF727E-612E-3C04-A008-7FA1968B75C1 HTTP/1.1" 200 87653
135.181.74.243 - - [19/Jul/2024:00:35:22 +0200] "GET /ticket2/opencms/se/no/buy/?page=1&edid=1F013ACC-BF70-0C32-B400-7D3374312DFC&sortorder=asc&column=row HTTP/1.1" 404 -
54.36.148.180 - - [19/Jul/2024:00:35:23 +0200] "GET /ticket2/opencms/sv/buy/?page=1&edid=16436A63-E7D4-DEDF-5835-AB72708D4247 HTTP/1.1" 200 110119
149.202.65.189 - - [19/Jul/2024:00:35:24 +0200] "GET /ticket2/opencms/en/buy/?page=1&edid=79FF727E-612E-3C04-A008-7FA1968B75C1&sortorder=desc&column=price HTTP/1.1" 200 87688
217.113.194.217 - - [19/Jul/2024:00:35:25 +0200] "GET /ticket2/opencms/sv/buy/?page=1&edid=7B24FC98-AB82-0903-9118-8DD2238591FC HTTP/1.1" 200 85293
37.187.89.104 - - [19/Jul/2024:00:35:25 +0200] "GET /ticket2/opencms/no/buy/?page=1&edid=8DA352BB-DB51-9EC0-B0E1-B948448A62C6&sortorder=desc&column=section HTTP/1.1" 200 87673
149.202.65.189 - - [19/Jul/2024:00:35:28 +0200] "GET /ticket2/opencms/en/buy/?page=1&edid=79FF727E-612E-3C04-A008-7FA1968B75C1&sortorder=desc&column=row HTTP/1.1" 200 87688
135.181.74.243 - - [19/Jul/2024:00:35:29 +0200] "GET /ticket2/opencms/se/no/buy/?page=1&edid=1F013ACC-BF70-0C32-B400-7D3374312DFC&sortorder=asc&column=section HTTP/1.1" 404 -
149.202.65.189 - - [19/Jul/2024:00:35:32 +0200] "GET /ticket2/opencms/en/buy/?page=1&edid=7B14CF76-71A6-C2E3-60CB-8C556CB920FD&sortorder=asc&column=price HTTP/1.1" 200 87866
217.113.194.218 - - [19/Jul/2024:00:35:33 +0200] "GET /ticket2/opencms/sv/buy/?page=1&edid=425CEE29-53C8-5B74-DDE6-989775A62843 HTTP/1.1" 200 87314
37.187.89.104 - - [19/Jul/2024:00:35:33 +0200] "GET /ticket2/opencms/no/buy/?page=1&edid=91246C97-CA83-470A-EC88-8754CCCCF460 HTTP/1.1" 200 87395
135.181.74.243 - - [19/Jul/2024:00:35:35 +0200] "GET /ticket2/opencms/se/no/buy/?page=1&edid=1F54B902-CCE3-2C1F-2260-BC32A49842C2&sortorder=asc&column=price HTTP/1.1" 404 -
149.202.65.189 - - [19/Jul/2024:00:35:36 +0200] "GET /ticket2/opencms/en/buy/?page=1&edid=7B14CF76-71A6-C2E3-60CB-8C556CB920FD&sortorder=desc&column=price HTTP/1.1" 200 87865
149.202.65.189 - - [19/Jul/2024:00:35:40 +0200] "GET /ticket2/opencms/en/buy/?page=1&edid=7B45DE91-84F9-B98F-EB69-4E264B587ED4 HTTP/1.1" 200 87184
37.187.89.104 - - [19/Jul/2024:00:35:41 +0200] "GET /ticket2/opencms/no/buy/?page=1&edid=9436F676-D007-3EC8-B7AD-41F5E4AABF15&sortorder=desc&column=price HTTP/1.1" 200 88585
154.54.249.216 - - [19/Jul/2024:00:35:41 +0200] "GET /ticket2/opencms/sv/buy/?page=1&edid=50974855-16B8-A11C-006C-26C8896CE55F HTTP/1.1" 200 85351
135.181.74.243 - - [19/Jul/2024:00:35:42 +0200] "GET /ticket2/opencms/se/no/buy/?page=1&edid=1F54B902-CCE3-2C1F-2260-BC32A49842C2&sortorder=asc&column=section HTTP/1.1" 404 -
149.202.65.189 - - [19/Jul/2024:00:35:44 +0200] "GET /ticket2/opencms/en/buy/?page=1&edid=7B45DE91-84F9-B98F-EB69-4E264B587ED4&sortorder=desc&column=row HTTP/1.1" 200 87219
54.36.149.81 - - [19/Jul/2024:00:35:45 +0200] "GET /ticket2/opencms/dk/venue/?venueid=7099633B-1F6B-63DD-621F-E75AD7E075E8 HTTP/1.1" 200 71207
37.187.89.104 - - [19/Jul/2024:00:35:47 +0200] "GET /ticket2/opencms/no/buy/?page=1&edid=96F304D6-C838-6229-9C32-849BCF1D1447&sortorder=asc&column=price HTTP/1.1" 200 88526
149.202.65.189 - - [19/Jul/2024:00:35:47 +0200] "GET /ticket2/opencms/en/buy/?page=1&edid=7B45DE91-84F9-B98F-EB69-4E264B587ED4&sortorder=desc&column=section HTTP/1.1" 200 87219
135.181.74.243 - - [19/Jul/2024:00:35:48 +0200] "GET /ticket2/opencms/se/no/buy/?page=1&edid=1F639E94-CF6E-403B-2FCC-FBB087375287&sortorder=asc&column=price HTTP/1.1" 404 -
217.113.194.217 - - [19/Jul/2024:00:35:49 +0200] "GET /ticket2/opencms/sv/buy/?page=1&edid=219AE79C-6EBE-5673-1927-EBB79F47B995 HTTP/1.1" 200 85299
149.202.65.189 - - [19/Jul/2024:00:35:50 +0200] "GET /ticket2/opencms/en/buy/?page=1&edid=7B8AD10F-EB43-2C82-3ED2-D9CE1A88EAEC HTTP/1.1" 200 86763
135.181.74.243 - - [19/Jul/2024:00:35:54 +0200] "GET /ticket2/opencms/se/no/buy/?page=1&edid=1F639E94-CF6E-403B-2FCC-FBB087375287&sortorder=asc&column=row HTTP/1.1" 404 -
149.202.65.189 - - [19/Jul/2024:00:35:54 +0200] "GET /ticket2/opencms/en/buy/?page=1&edid=7B8AD10F-EB43-2C82-3ED2-D9CE1A88EAEC&sortorder=desc&column=price HTTP/1.1" 200 86798
149.202.65.189 - - [19/Jul/2024:00:35:58 +0200] "GET /ticket2/opencms/en/buy/?page=1&edid=7EC60143-B2D7-5A98-9FC2-8F446D229A88 HTTP/1.1" 200 84568
217.113.194.219 - - [19/Jul/2024:00:35:58 +0200] "GET /ticket2/opencms/sv/buy/?page=1&edid=1395BA3A-4256-B43E-2915-8AACFB881D86 HTTP/1.1" 200 85316
37.187.89.104 - - [19/Jul/2024:00:35:58 +0200] "GET /ticket2/opencms/no/buy/?page=1&edid=96F304D6-C838-6229-9C32-849BCF1D1447&sortorder=asc&column=row HTTP/1.1" 200 88526
135.181.74.243 - - [19/Jul/2024:00:36:01 +0200] "GET /ticket2/opencms/se/no/buy/?page=1&edid=1F639E94-CF6E-403B-2FCC-FBB087375287&sortorder=asc&column=section HTTP/1.1" 404 -
149.202.65.189 - - [19/Jul/2024:00:36:01 +0200] "GET /ticket2/opencms/en/buy/?page=1&edid=7EC60143-B2D7-5A98-9FC2-8F446D229A88&sortorder=desc&column=row HTTP/1.1" 200 84603
54.36.148.83 - - [19/Jul/2024:00:36:03 +0200] "GET /ticket2/opencms/dk/venue/?venueid=40DC78A8-E12D-6808-C138-74AD7C1598C8 HTTP/1.1" 200 71270
149.202.65.189 - - [19/Jul/2024:00:36:05 +0200] "GET /ticket2/opencms/en/buy/?page=1&edid=BA044386-3282-24C7-A8E5-A1A931199A15&sortorder=desc&column=row HTTP/1.1" 200 86795
217.113.194.212 - - [19/Jul/2024:00:36:06 +0200] "GET /ticket2/opencms/sites/ticketbrokerage/sv/tickets/west-bromwich-albion/west_ham_united.html HTTP/1.1" 404 -
135.181.74.243 - - [19/Jul/2024:00:36:07 +0200] "GET /ticket2/opencms/se/no/buy/?page=1&edid=1FD00E9B-3A03-E379-9B08-FF7D16F1A6A6&sortorder=asc&column=row HTTP/1.1" 404 -
149.202.65.189 - - [19/Jul/2024:00:36:08 +0200] "GET /ticket2/opencms/en/buy/?page=1&edid=D6E70B72-39E0-1850-AB2F-AE94BBCCC29C&sortorder=desc&column=price HTTP/1.1" 200 87248
66.249.76.8 - - [19/Jul/2024:00:36:10 +0200] "GET /ticket2/opencms/sv/venue/?venueid=17E7C622-E012-3663-44A8-95BA7DB84F40 HTTP/1.1" 200 71535
37.187.89.104 - - [19/Jul/2024:00:36:10 +0200] "GET /ticket2/opencms/no/buy/?page=1&edid=97A6F983-CE12-526E-2DF4-50C758C31A49&sortorder=desc&column=section HTTP/1.1" 200 88978
149.202.65.189 - - [19/Jul/2024:00:36:11 +0200] "GET /ticket2/opencms/en/buy/?page=1&edid=D6E70B72-39E0-1850-AB2F-AE94BBCCC29C&sortorder=desc&column=row HTTP/1.1" 200 87248
135.181.74.243 - - [19/Jul/2024:00:36:13 +0200] "GET /ticket2/opencms/se/no/buy/?page=1&edid=1FD00E9B-3A03-E379-9B08-FF7D16F1A6A6&sortorder=asc&column=section HTTP/1.1" 404 -
217.113.194.215 - - [19/Jul/2024:00:36:14 +0200] "GET /ticket2/opencms/fi/buy/?page=1&edid=76B6762F-4B46-119D-2582-3611BC3599E7 HTTP/1.1" 200 89549
149.202.65.189 - - [19/Jul/2024:00:36:14 +0200] "GET /ticket2/opencms/en/buy/?page=1&edid=DB844E51-4AEA-1DB6-3740-0D7CB9A74E07&sortorder=desc&column=price HTTP/1.1" 200 83920
37.187.89.104 - - [19/Jul/2024:00:36:16 +0200] "GET /ticket2/opencms/no/buy/?page=1&edid=97BBEAE3-84A6-961D-E0ED-041396994F7B&sortorder=desc&column=price HTTP/1.1" 200 88727
149.202.65.189 - - [19/Jul/2024:00:36:18 +0200] "GET /ticket2/opencms/en/buy/?page=1&edid=DEC25760-0789-4D20-D1DC-0FD688090800 HTTP/1.1" 200 83892
135.181.74.243 - - [19/Jul/2024:00:36:20 +0200] "GET /ticket2/opencms/se/no/buy/?page=1&edid=206313F9-F1C3-43C5-E48A-FCCE37D5461A&sortorder=asc&column=price HTTP/1.1" 404 -
178.174.136.118 - - [19/Jul/2024:00:36:20 +0200] "GET /ticket2/opencms/sv/sport/fotbollsbiljetter/?wbraid=CloKCQjw1920BhDPARJJAHLBw5T5FARfrqJS08fCMzclnW20upWmjhY8N3ZlXjHJ1oWAj_r1_LUZlGSPeYj6aHVCJw_iqP3ZKADpy9xQBaLHBO5xbRrcrhoCwOw HTTP/1.1" 200 76552
149.202.65.189 - - [19/Jul/2024:00:36:22 +0200] "GET /ticket2/opencms/en/buy/?page=1&edid=E3349052-4C67-E849-5DAA-CE8C09FE4A65&sortorder=asc&column=price HTTP/1.1" 200 86775
178.174.136.118 - - [19/Jul/2024:00:36:22 +0200] "GET /ticket2/opencms/system/modules/com.gridnine.opencms.ticketbrokerage.site/resources/css/images/ui-bg_flat_75_ffffff_40x100.png HTTP/1.1" 404 -
217.113.194.218 - - [19/Jul/2024:00:36:23 +0200] "GET /ticket2/opencms/fi/buy/?page=1&edid=15705079-07A0-9EB8-AFC6-C542FA813545 HTTP/1.1" 200 87944
37.187.89.104 - - [19/Jul/2024:00:36:24 +0200] "GET /ticket2/opencms/no/buy/?page=1&edid=983F1E93-C933-1496-A170-52B6E59EB310&sortorder=asc&column=section HTTP/1.1" 200 89230
149.202.65.189 - - [19/Jul/2024:00:36:25 +0200] "GET /ticket2/opencms/en/buy/?page=1&edid=E3349052-4C67-E849-5DAA-CE8C09FE4A65&sortorder=asc&column=row HTTP/1.1" 200 86775
135.181.74.243 - - [19/Jul/2024:00:36:25 +0200] "GET /ticket2/opencms/se/no/buy/?page=1&edid=206313F9-F1C3-43C5-E48A-FCCE37D5461A&sortorder=desc&column=section HTTP/1.1" 404 -
149.202.65.189 - - [19/Jul/2024:00:36:28 +0200] "GET /ticket2/opencms/en/buy/?page=1&edid=ED19B4A4-0607-6479-D5B9-048B1EA6100D&sortorder=asc&column=section HTTP/1.1" 200 87897
54.36.149.104 - - [19/Jul/2024:00:36:29 +0200] "GET /ticket2/opencms/no/buy/?page=1&edid=9D7ABF2F-B431-422E-3673-716FB77076E6 HTTP/1.1" 200 85908
135.181.74.243 - - [19/Jul/2024:00:36:31 +0200] "GET /ticket2/opencms/se/no/buy/?page=1&edid=206ED6C7-3CE7-5CA0-4BB3-B7330F14E50F&sortorder=asc&column=price HTTP/1.1" 404 -
217.113.194.215 - - [19/Jul/2024:00:36:31 +0200] "GET /ticket2/opencms/fi/buy/?page=1&edid=4753BC1A-7D66-1222-628B-80D696548188 HTTP/1.1" 200 88163
149.202.65.189 - - [19/Jul/2024:00:36:32 +0200] "GET /ticket2/opencms/en/buy/?page=1&edid=F079AC7E-D221-F1E2-410C-375B35987091&sortorder=asc&column=price HTTP/1.1" 200 87265
149.202.65.189 - - [19/Jul/2024:00:36:36 +0200] "GET /ticket2/opencms/en/buy/?page=1&edid=F079AC7E-D221-F1E2-410C-375B35987091&sortorder=asc&column=section HTTP/1.1" 200 87265
135.181.74.243 - - [19/Jul/2024:00:36:37 +0200] "GET /ticket2/opencms/se/no/buy/?page=1&edid=206ED6C7-3CE7-5CA0-4BB3-B7330F14E50F&sortorder=asc&column=row HTTP/1.1" 404 -
47.128.119.237 - - [19/Jul/2024:00:36:39 +0200] "GET /ticket2/opencms/de/buy/?edid=F267BE64-0678-3C51-6F26-6987170C70AB HTTP/1.1" 200 71949
149.202.65.189 - - [19/Jul/2024:00:36:39 +0200] "GET /ticket2/opencms/en/buy/?page=1&edid=F0F9C9AB-5D0C-1BC5-675A-E09F5A000936&sortorder=asc&column=price HTTP/1.1" 200 85296
47.128.119.237 - - [19/Jul/2024:00:36:39 +0200] "GET /ticket2/opencms/system/modules/com.gridnine.opencms.ticketbrokerage.site/resources/pics/logo-new.png HTTP/1.1" 200 13541
154.54.249.216 - - [19/Jul/2024:00:36:40 +0200] "GET /ticket2/opencms/fi/buy/?page=1&edid=91FAE701-E944-1968-F53E-1E91CED66301 HTTP/1.1" 200 86375
47.128.119.237 - - [19/Jul/2024:00:36:40 +0200] "GET /ticket2/opencms/system/modules/com.gridnine.opencms.ticketbrokerage.site/resources/pics/footer-img.png HTTP/1.1" 200 10350
37.187.89.104 - - [19/Jul/2024:00:36:43 +0200] "GET /ticket2/opencms/no/buy/?page=1&edid=99648415-648F-DB49-A6FC-5B7B0B13A0E2&sortorder=desc&column=section HTTP/1.1" 200 87417
149.202.65.189 - - [19/Jul/2024:00:36:43 +0200] "GET /ticket2/opencms/en/buy/?page=1&edid=F1DE550F-5851-DDD6-104F-2B3BF3D31247&sortorder=asc&column=row HTTP/1.1" 200 85055
135.181.74.243 - - [19/Jul/2024:00:36:44 +0200] "GET /ticket2/opencms/se/no/buy/?page=1&edid=206ED6C7-3CE7-5CA0-4BB3-B7330F14E50F&sortorder=asc&column=section HTTP/1.1" 404 -
149.202.65.189 - - [19/Jul/2024:00:36:46 +0200] "GET /ticket2/opencms/en/buy/?page=1&edid=F200B65F-8C67-A9E3-E084-BE71F9119C17 HTTP/1.1" 200 86959
54.36.148.74 - - [19/Jul/2024:00:36:47 +0200] "GET /ticket2/opencms/sv/buy/?page=1&edid=B7C31852-4938-05B8-A23C-0248E7A3D5BA HTTP/1.1" 200 107005
217.113.194.216 - - [19/Jul/2024:00:36:48 +0200] "GET /ticket2/opencms/fi/buy/?page=1&edid=9C14EF84-079A-4773-8105-DA00B5765C23 HTTP/1.1" 200 86369
135.181.74.243 - - [19/Jul/2024:00:36:50 +0200] "GET /ticket2/opencms/se/no/buy/?page=1&edid=21A86BB8-64D8-CBA2-3B98-AF717437C3CC&sortorder=asc&column=price HTTP/1.1" 404 -
149.202.65.189 - - [19/Jul/2024:00:36:50 +0200] "GET /ticket2/opencms/en/buy/?page=1&edid=F2F3AE5E-128D-9129-11A8-A2B68C402830&sortorder=desc&column=section HTTP/1.1" 200 86598
149.202.65.189 - - [19/Jul/2024:00:36:54 +0200] "GET /ticket2/opencms/en/buy/?page=1&edid=F4C706FF-B771-A36A-06BB-0F38191F7D62&sortorder=asc&column=price HTTP/1.1" 200 87427
135.181.74.243 - - [19/Jul/2024:00:36:55 +0200] "GET /ticket2/opencms/se/no/buy/?page=1&edid=21A86BB8-64D8-CBA2-3B98-AF717437C3CC&sortorder=asc&column=section HTTP/1.1" 404 -
217.113.194.212 - - [19/Jul/2024:00:36:56 +0200] "GET /ticket2/opencms/fi/buy/?page=1&edid=992DCFB8-EAEC-4861-0046-8724F548A945 HTTP/1.1" 200 89207
149.202.65.189 - - [19/Jul/2024:00:36:57 +0200] "GET /ticket2/opencms/en/buy/?page=1&edid=F4D78D53-5514-188C-B61F-73CDE03BF980 HTTP/1.1" 200 87632
135.181.74.243 - - [19/Jul/2024:00:37:00 +0200] "GET /ticket2/opencms/se/no/buy/?page=1&edid=2220CB80-B64C-3BDC-0712-55A886835053&sortorder=asc&column=price HTTP/1.1" 404 -
149.202.65.189 - - [19/Jul/2024:00:37:01 +0200] "GET /ticket2/opencms/en/buy/?page=1&edid=FEDF232A-760C-B359-320A-5BD79D713F09&sortorder=asc&column=price HTTP/1.1" 200 87193
37.187.89.104 - - [19/Jul/2024:00:37:03 +0200] "GET /ticket2/opencms/no/buy/?page=1&edid=997D1A24-03AF-7EA1-343A-6B028BBCA519&sortorder=asc&column=section HTTP/1.1" 200 88987
114.119.140.79 - - [19/Jul/2024:00:37:04 +0200] "GET /ticket2/opencms/en/sell/?edid=F6846B21-DFB1-3342-F8E4-3CC69EE92178 HTTP/1.1" 302 -
154.54.249.216 - - [19/Jul/2024:00:37:04 +0200] "GET /ticket2/opencms/fi/buy/?page=1&edid=0A397FB1-78AC-3087-2410-984905364A81 HTTP/1.1" 200 88793
149.202.65.189 - - [19/Jul/2024:00:37:05 +0200] "GET /ticket2/opencms/en/buy/?page=1&edid=FEDF232A-760C-B359-320A-5BD79D713F09&sortorder=asc&column=row HTTP/1.1" 200 87193
135.181.74.243 - - [19/Jul/2024:00:37:06 +0200] "GET /ticket2/opencms/se/no/buy/?page=1&edid=2220CB80-B64C-3BDC-0712-55A886835053&sortorder=asc&column=row HTTP/1.1" 404 -
54.36.149.80 - - [19/Jul/2024:00:37:07 +0200] "GET /ticket2/opencms/fi/venue/?venueid=C81AD7E5-8D0C-B7E1-63A6-C15C2A1202E2 HTTP/1.1" 200 72280
149.202.65.189 - - [19/Jul/2024:00:37:08 +0200] "GET /ticket2/opencms/en/buy/?page=1&edid=FFD295A3-4EEF-0AC4-F4B4-46E2317B286E&sortorder=asc&column=section HTTP/1.1" 200 87277
114.119.140.79 - - [19/Jul/2024:00:37:09 +0200] "GET /ticket2/opencms/en/login/?url=/en/sell/ HTTP/1.1" 200 72802
135.181.74.243 - - [19/Jul/2024:00:37:11 +0200] "GET /ticket2/opencms/se/no/buy/?page=1&edid=2220CB80-B64C-3BDC-0712-55A886835053&sortorder=asc&column=section HTTP/1.1" 404 -
66.249.76.2 - - [19/Jul/2024:00:37:12 +0200] "GET /ticket2/opencms/dk/buy/?page=1&edid=59FF6FC0-0E24-887E-599D-D93F8931961C HTTP/1.1" 200 109918
149.202.65.189 - - [19/Jul/2024:00:37:12 +0200] "GET /ticket2/opencms/en/buy/?page=6&comcatid=A17713B6-D984-201A-4143-ED4DB5ED5C2E&catid=06324577-7173-BAB0-146D-E644C912F7C1&eventid=FE86C89A-78F7-42C7-714F-130E9D281FBD HTTP/1.1" 200 83908
66.249.76.168 - - [19/Jul/2024:00:37:12 +0200] "GET /ticket2/opencms/fi/buy/?page=1&edid=B221A7A0-0672-9C92-94FE-8BC4C1F907CD HTTP/1.1" 200 95065
217.113.194.220 - - [19/Jul/2024:00:37:13 +0200] "GET /ticket2/opencms/fi/buy/?page=1&edid=425CEE29-53C8-5B74-DDE6-989775A62843 HTTP/1.1" 200 88382
149.202.65.189 - - [19/Jul/2024:00:37:16 +0200] "GET /ticket2/opencms/en/buy/?page=6&comcatid=A17713B6-D984-201A-4143-ED4DB5ED5C2E&catid=21C3854B-901E-11F9-7B7D-6838CC6AFAA4&eventid=A35797FF-A4BC-AB99-D33C-64BB74A72C1A HTTP/1.1" 200 83452
149.202.65.189 - - [19/Jul/2024:00:37:18 +0200] "GET /ticket2/opencms/en/legal_info/ HTTP/1.1" 200 71687
135.181.74.243 - - [19/Jul/2024:00:37:19 +0200] "GET /ticket2/opencms/se/no/buy/?page=1&edid=22EC4137-73E0-6CCE-0699-2175D4DB160A&sortorder=desc&column=row HTTP/1.1" 404 -
37.187.89.104 - - [19/Jul/2024:00:37:21 +0200] "GET /ticket2/opencms/no/buy/?page=1&edid=997D1A24-03AF-7EA1-343A-6B028BBCA519&sortorder=desc&column=price HTTP/1.1" 200 88986
149.202.65.189 - - [19/Jul/2024:00:37:21 +0200] "GET /ticket2/opencms/fi/buy/?page=1&edid=47C5221C-D928-A354-3BAB-DBCEA1F436C4&sortorder=asc&column=row HTTP/1.1" 200 89689
217.113.194.215 - - [19/Jul/2024:00:37:22 +0200] "GET /ticket2/opencms/fi/buy/?page=1&edid=50974855-16B8-A11C-006C-26C8896CE55F HTTP/1.1" 200 86397
149.202.65.189 - - [19/Jul/2024:00:37:25 +0200] "GET /ticket2/opencms/fi/buy/?page=1&edid=D4D8D33D-C874-8F3F-7C90-91B543531027&sortorder=asc&column=section HTTP/1.1" 200 89684
135.181.74.243 - - [19/Jul/2024:00:37:25 +0200] "GET /ticket2/opencms/se/no/buy/?page=1&edid=238BA976-8A36-F331-49F3-2B6F70416A65&sortorder=asc&column=price HTTP/1.1" 404 -
149.202.65.189 - - [19/Jul/2024:00:37:26 +0200] "GET /ticket2/opencms/no/buy/?page=1&edid=0435AA01-DEED-F5D9-39FC-322BF9B9D7E3 HTTP/1.1" 200 85906
54.36.149.12 - - [19/Jul/2024:00:37:28 +0200] "GET /ticket2/opencms/dk/venue/?venueid=9B137520-72B4-1150-AC79-9BCA4FCF5EB1 HTTP/1.1" 200 71184
149.202.65.189 - - [19/Jul/2024:00:37:28 +0200] "GET /ticket2/opencms/no/buy/?page=1&edid=04645337-150A-D677-8193-863115283FA6&sortorder=desc&column=price HTTP/1.1" 200 88750
149.202.65.189 - - [19/Jul/2024:00:37:30 +0200] "GET /ticket2/opencms/no/buy/?page=1&edid=04645337-150A-D677-8193-863115283FA6&sortorder=desc&column=row HTTP/1.1" 200 88750
217.113.194.215 - - [19/Jul/2024:00:37:30 +0200] "GET /ticket2/opencms/fi/venue/?countryid=107D8800-8603-0BDA-4FD0-61E1109B7E82 HTTP/1.1" 200 101663
135.181.74.243 - - [19/Jul/2024:00:37:30 +0200] "GET /ticket2/opencms/se/no/buy/?page=1&edid=2477EF41-D9AC-4723-41A2-913000400903&sortorder=asc&column=row HTTP/1.1" 404 -
149.202.65.189 - - [19/Jul/2024:00:37:32 +0200] "GET /ticket2/opencms/no/buy/?page=1&edid=04645337-150A-D677-8193-863115283FA6&sortorder=desc&column=section HTTP/1.1" 200 88750
149.202.65.189 - - [19/Jul/2024:00:37:33 +0200] "GET /ticket2/opencms/no/buy/?page=1&edid=05198BB9-FC34-0FEB-F0BA-F2DEC7F22AF1&sortorder=desc&column=price HTTP/1.1" 200 88303
149.202.65.189 - - [19/Jul/2024:00:37:35 +0200] "GET /ticket2/opencms/no/buy/?page=1&edid=15AF8D2B-EC86-F832-6A25-EDE861BB730F&sortorder=desc&column=row HTTP/1.1" 200 88501
135.181.74.243 - - [19/Jul/2024:00:37:37 +0200] "GET /ticket2/opencms/se/no/buy/?page=1&edid=26E1A9E2-98B6-A6E5-096E-D18D1A038FCE&sortorder=desc&column=price HTTP/1.1" 404 -
149.202.65.189 - - [19/Jul/2024:00:37:37 +0200] "GET /ticket2/opencms/no/buy/?page=1&edid=3FF858CF-7356-7395-9E59-43541CB37D87&sortorder=desc&column=section HTTP/1.1" 200 88729
154.54.249.216 - - [19/Jul/2024:00:37:38 +0200] "GET /ticket2/opencms/fi/venue/?countryid=19657A1A-D641-70BC-9F36-F54EFCC4AC04 HTTP/1.1" 200 101663
149.202.65.189 - - [19/Jul/2024:00:37:39 +0200] "GET /ticket2/opencms/no/buy/?page=1&edid=45670560-DB28-BA77-4D60-8A7FA32D7E1B&sortorder=desc&column=section HTTP/1.1" 200 87419
37.187.89.104 - - [19/Jul/2024:00:37:40 +0200] "GET /ticket2/opencms/no/buy/?page=1&edid=99E4E057-784A-91C1-7B12-45802B1F86CF&sortorder=asc&column=price HTTP/1.1" 200 88573
149.202.65.189 - - [19/Jul/2024:00:37:40 +0200] "GET /ticket2/opencms/no/buy/?page=1&edid=45CC6BB1-4A0B-C243-C5EE-01457B55C324&sortorder=desc&column=price HTTP/1.1" 200 87905
149.202.65.189 - - [19/Jul/2024:00:37:42 +0200] "GET /ticket2/opencms/no/buy/?page=1&edid=45CC6BB1-4A0B-C243-C5EE-01457B55C324&sortorder=desc&column=row HTTP/1.1" 200 87905
135.181.74.243 - - [19/Jul/2024:00:37:42 +0200] "GET /ticket2/opencms/se/no/buy/?page=1&edid=46D76B29-FAEB-68DD-CFAD-97926EF88CBB HTTP/1.1" 404 -
114.119.138.151 - - [19/Jul/2024:00:37:43 +0200] "GET /ticket2/opencms/en/sell/?edid=02717DFD-516F-F288-43FD-93598E319E97 HTTP/1.1" 302 -
149.202.65.189 - - [19/Jul/2024:00:37:44 +0200] "GET /ticket2/opencms/no/buy/?page=1&edid=4912F0FE-7064-B89A-517A-21A27C476D76&sortorder=desc&column=price HTTP/1.1" 200 85936
149.202.65.189 - - [19/Jul/2024:00:37:46 +0200] "GET /ticket2/opencms/no/buy/?page=1&edid=77D073DA-E868-7067-9130-ABC8EB8612AA&sortorder=asc&column=price HTTP/1.1" 200 88522
54.36.148.72 - - [19/Jul/2024:00:37:47 +0200] "GET /ticket2/opencms/no/buy/?page=1&edid=DD14CC82-883B-BD06-4306-EBD494AA1804 HTTP/1.1" 200 112089
217.113.194.214 - - [19/Jul/2024:00:37:47 +0200] "GET /ticket2/opencms/fi/venue/?countryid=01966824-53B3-F640-5B46-BD1F79FADDA9 HTTP/1.1" 200 101663
114.119.138.151 - - [19/Jul/2024:00:37:47 +0200] "GET /ticket2/opencms/en/login/?url=/en/sell/ HTTP/1.1" 200 72802
149.202.65.189 - - [19/Jul/2024:00:37:47 +0200] "GET /ticket2/opencms/no/buy/?page=1&edid=782DA820-81A9-DE17-547C-521616A84CAF&sortorder=desc&column=section HTTP/1.1" 200 89219
135.181.74.243 - - [19/Jul/2024:00:37:48 +0200] "GET /ticket2/opencms/se/no/buy/?page=1&edid=A7964606-3716-F06E-EF15-764C00180BAB HTTP/1.1" 404 -
149.202.65.189 - - [19/Jul/2024:00:37:49 +0200] "GET /ticket2/opencms/no/buy/?page=1&edid=7911312C-1225-8A9E-7A3D-35D79ED30B2F&sortorder=desc&column=price HTTP/1.1" 200 87425
149.202.65.189 - - [19/Jul/2024:00:37:51 +0200] "GET /ticket2/opencms/no/buy/?page=1&edid=7EB7BD2E-35BC-AFEE-4299-6D56D0CD8BF2&sortorder=desc&column=price HTTP/1.1" 200 89033
185.77.217.174 - - [19/Jul/2024:00:37:51 +0200] "GET /ticket2/opencms/fi/?gad_source=5&gclid=EAIaIQobChMI5--Iv9WxhwMVQRiiAx1w-w1XEAAYAiAAEgLcd_D_BwE HTTP/1.1" 200 95653
185.77.217.174 - - [19/Jul/2024:00:37:52 +0200] "GET /ticket2/opencms/system/modules/com.gridnine.opencms.ticketbrokerage.site/resources/css/ticketbrokerage.css HTTP/1.1" 200 39339
185.77.217.174 - - [19/Jul/2024:00:37:52 +0200] "GET /ticket2/opencms/system/modules/com.gridnine.opencms.ticketbrokerage.site/resources/css/calendar.css HTTP/1.1" 200 6871
185.77.217.174 - - [19/Jul/2024:00:37:52 +0200] "GET /ticket2/opencms/system/modules/com.gridnine.opencms.ticketbrokerage.site/resources/css/jquery-ui.css HTTP/1.1" 200 33221
185.77.217.174 - - [19/Jul/2024:00:37:52 +0200] "GET /ticket2/opencms/system/modules/com.gridnine.opencms.ticketbrokerage.site/resources/css/standard.css HTTP/1.1" 200 72814
185.77.217.174 - - [19/Jul/2024:00:37:52 +0200] "GET /ticket2/opencms/system/modules/com.gridnine.opencms.ticketbrokerage.site/resources/css/jquery.fancybox.css HTTP/1.1" 200 4939
185.77.217.174 - - [19/Jul/2024:00:37:52 +0200] "GET /ticket2/opencms/system/modules/com.gridnine.opencms.ticketbrokerage.site/resources/js/jquery/jquery.js HTTP/1.1" 200 93868
185.77.217.174 - - [19/Jul/2024:00:37:52 +0200] "GET /ticket2/opencms/system/modules/com.gridnine.opencms.ticketbrokerage.site/resources/js/jquery/jquery-ui.js HTTP/1.1" 200 228088
185.77.217.174 - - [19/Jul/2024:00:37:52 +0200] "GET /ticket2/opencms/system/modules/com.gridnine.opencms.ticketbrokerage.site/resources/js/functions.js HTTP/1.1" 200 1583
149.202.65.189 - - [19/Jul/2024:00:37:53 +0200] "GET /ticket2/opencms/no/buy/?page=1&edid=7EC60143-B2D7-5A98-9FC2-8F446D229A88&sortorder=desc&column=row HTTP/1.1" 200 85941
185.77.217.174 - - [19/Jul/2024:00:37:53 +0200] "GET /ticket2/opencms/system/modules/com.gridnine.opencms.ticketbrokerage.site/resources/js/calendar.js HTTP/1.1" 200 49229
185.77.217.174 - - [19/Jul/2024:00:37:53 +0200] "GET /ticket2/opencms/system/modules/com.gridnine.opencms.ticketbrokerage.site/resources/js/calendar-en.js HTTP/1.1" 200 3338
185.77.217.174 - - [19/Jul/2024:00:37:53 +0200] "GET /ticket2/opencms/system/modules/com.gridnine.opencms.ticketbrokerage.site/resources/js/calendar-setup.js HTTP/1.1" 200 4923
135.181.74.243 - - [19/Jul/2024:00:37:53 +0200] "GET /ticket2/opencms/se/no/buy/?page=1&edid=A9986142-D8AC-2A6B-A4FC-5134AB8F57B1&sortorder=asc&column=price HTTP/1.1" 404 -
185.77.217.174 - - [19/Jul/2024:00:37:53 +0200] "GET /ticket2/opencms/system/modules/com.gridnine.opencms.ticketbrokerage.site/resources/js/jquery.fancybox.pack.js HTTP/1.1" 200 23187
185.77.217.174 - - [19/Jul/2024:00:37:53 +0200] "GET /ticket2/opencms/system/modules/com.gridnine.opencms.ticketbrokerage.site/resources/js/stickyfill.min.js HTTP/1.1" 200 5672
149.202.65.189 - - [19/Jul/2024:00:37:54 +0200] "GET /ticket2/opencms/no/buy/?page=1&edid=87963EDF-09A2-A6CA-2338-2C9DD726B815&sortorder=desc&column=row HTTP/1.1" 200 88730
185.77.217.174 - - [19/Jul/2024:00:37:54 +0200] "GET /ticket2/opencms/img/icons/no.png HTTP/1.1" 200 1958
185.77.217.174 - - [19/Jul/2024:00:37:54 +0200] "GET /ticket2/opencms/img/icons/se.png HTTP/1.1" 200 1258
185.77.217.174 - - [19/Jul/2024:00:37:55 +0200] "GET /ticket2/opencms/img/icons/fi.png HTTP/1.1" 200 1785
185.77.217.174 - - [19/Jul/2024:00:37:55 +0200] "GET /ticket2/opencms/img/icons/dk.png HTTP/1.1" 200 1706
217.113.194.217 - - [19/Jul/2024:00:37:55 +0200] "GET /ticket2/opencms/fi/venue/?countryid=EFE62657-ED88-7045-031D-E16EFB5F4910 HTTP/1.1" 200 101663
185.77.217.174 - - [19/Jul/2024:00:37:55 +0200] "GET /ticket2/opencms/system/modules/com.gridnine.opencms.ticketbrokerage.site/resources/js/standard.js HTTP/1.1" 200 3978
185.77.217.174 - - [19/Jul/2024:00:37:55 +0200] "GET /ticket2/opencms/img/icons/nl.png HTTP/1.1" 200 1255
185.77.217.174 - - [19/Jul/2024:00:37:55 +0200] "GET /ticket2/opencms/system/modules/com.gridnine.opencms.ticketbrokerage.site/resources/js/jquery.placeholder.min.js HTTP/1.1" 200 1737
149.202.65.189 - - [19/Jul/2024:00:37:56 +0200] "GET /ticket2/opencms/no/buy/?page=1&edid=8E0AECA0-821A-C202-C7FE-13DCCA0FF2EF&sortorder=desc&column=row HTTP/1.1" 200 88550
158.220.123.226 - - [19/Jul/2024:00:37:57 +0200] "GET /ticket2/opencms/se/ru/login/?edid=5264929B-CFC6-6130-39CF-A9B1A1C1211D HTTP/1.1" 404 -
185.77.217.174 - - [19/Jul/2024:00:37:57 +0200] "GET /ticket2/opencms/img/banner-pl.jpeg HTTP/1.1" 200 41818
185.77.217.174 - - [19/Jul/2024:00:37:57 +0200] "GET /ticket2/opencms/img/banner-ll.jpeg HTTP/1.1" 200 41825
149.202.65.189 - - [19/Jul/2024:00:37:57 +0200] "GET /ticket2/opencms/no/buy/?page=1&edid=91851CE1-DEEA-F6FA-15A7-E92688F40B77&sortorder=desc&column=price HTTP/1.1" 200 89225
185.77.217.174 - - [19/Jul/2024:00:37:58 +0200] "GET /ticket2/opencms/system/modules/com.gridnine.opencms.ticketbrokerage.site/resources/pics/logo-new.png HTTP/1.1" 200 13541
185.77.217.174 - - [19/Jul/2024:00:37:58 +0200] "GET /ticket2/opencms/system/modules/com.gridnine.opencms.ticketbrokerage.site/resources/js/common-ajax.js HTTP/1.1" 200 20175
185.77.217.174 - - [19/Jul/2024:00:37:59 +0200] "GET /ticket2/opencms/img/insta.png HTTP/1.1" 200 3967
149.202.65.189 - - [19/Jul/2024:00:37:59 +0200] "GET /ticket2/opencms/no/buy/?page=1&edid=91AE26B3-2C40-9494-FDC1-D5A84F5FD6FD HTTP/1.1" 200 88508
185.77.217.174 - - [19/Jul/2024:00:37:59 +0200] "GET /ticket2/opencms/img/fb.png HTTP/1.1" 200 1269
185.77.217.174 - - [19/Jul/2024:00:37:59 +0200] "GET /ticket2/opencms/system/modules/com.gridnine.opencms.ticketbrokerage.site/resources/pics/footer-img.png HTTP/1.1" 200 10350
216.244.66.238 - - [19/Jul/2024:00:38:00 +0200] "GET /ticket2/opencms/nl/sport/voetbal-tickets/premier_league/crystal_palace/ HTTP/1.1" 200 83286
135.181.74.243 - - [19/Jul/2024:00:38:00 +0200] "GET /ticket2/opencms/se/no/buy/?page=1&edid=A9986142-D8AC-2A6B-A4FC-5134AB8F57B1&sortorder=asc&column=section HTTP/1.1" 404 -
37.187.89.104 - - [19/Jul/2024:00:38:00 +0200] "GET /ticket2/opencms/no/buy/?page=1&edid=99E4E057-784A-91C1-7B12-45802B1F86CF&sortorder=desc&column=price HTTP/1.1" 200 88572
185.77.217.174 - - [19/Jul/2024:00:38:01 +0200] "GET /ticket2/opencms/img/check.png HTTP/1.1" 200 548
185.77.217.174 - - [19/Jul/2024:00:38:01 +0200] "GET /ticket2/opencms/img/banner-sa.jpeg HTTP/1.1" 200 41270
149.202.65.189 - - [19/Jul/2024:00:38:01 +0200] "GET /ticket2/opencms/no/buy/?page=1&edid=91B54E6E-0900-756C-0831-B2A406984595&sortorder=desc&column=price HTTP/1.1" 200 85955
185.77.217.174 - - [19/Jul/2024:00:38:01 +0200] "GET /ticket2/opencms/img/mail.png HTTP/1.1" 200 403
185.77.217.174 - - [19/Jul/2024:00:38:01 +0200] "GET /ticket2/opencms/img/chat.png HTTP/1.1" 200 416
185.77.217.174 - - [19/Jul/2024:00:38:02 +0200] "GET /ticket2/opencms/img/arrow.png HTTP/1.1" 200 753
185.77.217.174 - - [19/Jul/2024:00:38:02 +0200] "GET /ticket2/opencms/img/icons/globe-white.png HTTP/1.1" 200 947
149.202.65.189 - - [19/Jul/2024:00:38:03 +0200] "GET /ticket2/opencms/no/buy/?page=1&edid=91B54E6E-0900-756C-0831-B2A406984595&sortorder=desc&column=section HTTP/1.1" 200 85955
185.77.217.174 - - [19/Jul/2024:00:38:03 +0200] "GET /ticket2/opencms/img/icons/nl.png HTTP/1.1" 200 1255
154.54.249.216 - - [19/Jul/2024:00:38:03 +0200] "GET /ticket2/opencms/fi/venue/?countryid=431EFD4E-08D9-96D2-1220-D823702A8178 HTTP/1.1" 200 101663
185.77.217.174 - - [19/Jul/2024:00:38:04 +0200] "GET /ticket2/opencms/img/icons/de.png HTTP/1.1" 200 1124
185.77.217.174 - - [19/Jul/2024:00:38:04 +0200] "GET /ticket2/opencms/img/icons/fr.png HTTP/1.1" 200 1764
185.77.217.174 - - [19/Jul/2024:00:38:04 +0200] "GET /ticket2/opencms/img/icons/es.png HTTP/1.1" 200 1005
149.202.65.189 - - [19/Jul/2024:00:38:04 +0200] "GET /ticket2/opencms/no/buy/?page=1&edid=92345A32-026D-C8EF-B39E-A12A13FE7F80&sortorder=desc&column=price HTTP/1.1" 200 88507
185.77.217.174 - - [19/Jul/2024:00:38:04 +0200] "GET /ticket2/opencms/img/icons/it.png HTTP/1.1" 200 2040
185.77.217.174 - - [19/Jul/2024:00:38:05 +0200] "GET /ticket2/opencms/img/icons/en.png HTTP/1.1" 200 2415
135.181.74.243 - - [19/Jul/2024:00:38:05 +0200] "GET /ticket2/opencms/se/no/buy/?page=1&edid=AC289A33-6057-2E6A-4FF7-76294D3A4351&sortorder=desc&column=row HTTP/1.1" 404 -
149.202.65.189 - - [19/Jul/2024:00:38:06 +0200] "GET /ticket2/opencms/no/buy/?page=1&edid=92345A32-026D-C8EF-B39E-A12A13FE7F80&sortorder=desc&column=row HTTP/1.1" 200 88507
185.77.217.174 - - [19/Jul/2024:00:38:06 +0200] "GET /ticket2/opencms/favicon.ico HTTP/1.1" 200 1406
185.77.217.174 - - [19/Jul/2024:00:38:07 +0200] "GET /ticket2/opencms/system/modules/com.gridnine.opencms.ticketbrokerage.site/resources/js/standard.js HTTP/1.1" 200 3978
149.202.65.189 - - [19/Jul/2024:00:38:08 +0200] "GET /ticket2/opencms/no/buy/?page=1&edid=92345A32-026D-C8EF-B39E-A12A13FE7F80&sortorder=desc&column=section HTTP/1.1" 200 88507
185.77.217.174 - - [19/Jul/2024:00:38:09 +0200] "GET /ticket2/opencms/system/modules/com.gridnine.opencms.ticketbrokerage.site/resources/css/images/ui-bg_flat_75_ffffff_40x100.png HTTP/1.1" 404 -
54.36.148.27 - - [19/Jul/2024:00:38:09 +0200] "GET /ticket2/opencms/no/buy/?page=1&edid=91E06EB3-29BE-78F9-C5D9-F08587328467 HTTP/1.1" 200 85903
149.202.65.189 - - [19/Jul/2024:00:38:10 +0200] "GET /ticket2/opencms/no/buy/?page=1&edid=9263EAC5-5427-208C-7E6A-45CCA8FF03D4&sortorder=desc&column=price HTTP/1.1" 200 85951
135.181.74.243 - - [19/Jul/2024:00:38:10 +0200] "GET /ticket2/opencms/se/no/buy/?page=1&edid=AC289A33-6057-2E6A-4FF7-76294D3A4351&sortorder=desc&column=section HTTP/1.1" 404 -
149.202.65.189 - - [19/Jul/2024:00:38:12 +0200] "GET /ticket2/opencms/no/buy/?page=1&edid=92D7B757-A51C-01B4-DEF0-576B5ED68075&sortorder=asc&column=price HTTP/1.1" 200 85940
217.113.194.220 - - [19/Jul/2024:00:38:12 +0200] "GET /ticket2/opencms/fi/venue/?countryid=2F10777F-9907-2201-7AD1-ACB3606C47A4 HTTP/1.1" 200 101663
149.202.65.189 - - [19/Jul/2024:00:38:13 +0200] "GET /ticket2/opencms/no/buy/?page=1&edid=92D7B757-A51C-01B4-DEF0-576B5ED68075&sortorder=asc&column=section HTTP/1.1" 200 85940
149.202.65.189 - - [19/Jul/2024:00:38:15 +0200] "GET /ticket2/opencms/no/buy/?page=1&edid=93EAB1FB-E361-1C6A-65E8-48D7E58E8464 HTTP/1.1" 200 85897
135.181.74.243 - - [19/Jul/2024:00:38:15 +0200] "GET /ticket2/opencms/se/no/buy/?page=1&edid=B0E4D276-C8CE-F4B4-2DC5-6BEA44E190B2&sortorder=desc&column=row HTTP/1.1" 404 -
149.202.65.189 - - [19/Jul/2024:00:38:17 +0200] "GET /ticket2/opencms/no/buy/?page=1&edid=93F8B587-3AFC-6422-AD9B-B31F0210CA17&sortorder=desc&column=row HTTP/1.1" 200 87901
37.187.89.104 - - [19/Jul/2024:00:38:18 +0200] "GET /ticket2/opencms/no/buy/?page=1&edid=9ECCE84D-E8D2-2779-1ABF-7A130178E990&sortorder=asc&column=price HTTP/1.1" 200 88522
149.202.65.189 - - [19/Jul/2024:00:38:18 +0200] "GET /ticket2/opencms/no/buy/?page=1&edid=94CAB6A6-0761-13F6-82AF-E72FFDAD5715&sortorder=desc&column=price HTTP/1.1" 200 88527
154.54.249.216 - - [19/Jul/2024:00:38:20 +0200] "GET /ticket2/opencms/fi/venue/?countryid=46D1BD56-50EF-279E-34BE-11A1EF985421 HTTP/1.1" 200 101663
149.202.65.189 - - [19/Jul/2024:00:38:20 +0200] "GET /ticket2/opencms/no/buy/?page=1&edid=94CAB6A6-0761-13F6-82AF-E72FFDAD5715&sortorder=desc&column=row HTTP/1.1" 200 88527
149.202.65.189 - - [19/Jul/2024:00:38:22 +0200] "GET /ticket2/opencms/no/buy/?page=1&edid=94CAB6A6-0761-13F6-82AF-E72FFDAD5715&sortorder=desc&column=section HTTP/1.1" 200 88527
135.181.74.243 - - [19/Jul/2024:00:38:22 +0200] "GET /ticket2/opencms/se/no/buy/?page=1&edid=B7653BD0-33A8-8039-42B6-78FA5A3DEC82&sortorder=asc&column=section HTTP/1.1" 404 -
149.202.65.189 - - [19/Jul/2024:00:38:24 +0200] "GET /ticket2/opencms/no/buy/?page=1&edid=9526AF0D-0D8C-34BF-A3E7-A80C1F296237 HTTP/1.1" 200 86384
114.119.132.202 - - [19/Jul/2024:00:38:25 +0200] "GET /ticket2/opencms/en/sell/?edid=75EFD84D-4865-1C12-9995-610F41A1BAD6 HTTP/1.1" 302 -
149.202.65.189 - - [19/Jul/2024:00:38:25 +0200] "GET /ticket2/opencms/no/buy/?page=1&edid=95E4E2A2-4247-D538-792A-CB077C5BE454 HTTP/1.1" 200 88999
149.202.65.189 - - [19/Jul/2024:00:38:27 +0200] "GET /ticket2/opencms/no/buy/?page=1&edid=95E6E611-0374-63DE-1FB9-733C295CC9A7&sortorder=asc&column=section HTTP/1.1" 200 88306
135.181.74.243 - - [19/Jul/2024:00:38:28 +0200] "GET /ticket2/opencms/se/no/buy/?page=1&edid=B8736786-BDEB-839B-CA60-E0B1B63D3892&sortorder=asc&column=price HTTP/1.1" 404 -
217.113.194.218 - - [19/Jul/2024:00:38:28 +0200] "GET /ticket2/opencms/fi/venue/?countryid=36C09A59-C496-27BE-0FFA-E2D18F46452F HTTP/1.1" 200 101663
114.119.132.202 - - [19/Jul/2024:00:38:29 +0200] "GET /ticket2/opencms/en/login/?url=/en/sell/ HTTP/1.1" 200 72802
149.202.65.189 - - [19/Jul/2024:00:38:29 +0200] "GET /ticket2/opencms/no/buy/?page=1&edid=96F30A5D-14BE-BD60-0E2F-BB513D88813E&sortorder=desc&column=price HTTP/1.1" 200 85937
54.36.148.176 - - [19/Jul/2024:00:38:29 +0200] "GET /ticket2/opencms/dk/venue/?venueid=8A164F69-C3AD-8904-FC05-FBEE26604F9B HTTP/1.1" 200 71163
37.187.89.104 - - [19/Jul/2024:00:38:30 +0200] "GET /ticket2/opencms/no/buy/?page=1&edid=9ECCE84D-E8D2-2779-1ABF-7A130178E990&sortorder=asc&column=row HTTP/1.1" 200 88522
149.202.65.189 - - [19/Jul/2024:00:38:31 +0200] "GET /ticket2/opencms/no/buy/?page=1&edid=99523186-4BD8-BF28-0D02-3020D55214AE&sortorder=asc&column=row HTTP/1.1" 200 89209
149.202.65.189 - - [19/Jul/2024:00:38:32 +0200] "GET /ticket2/opencms/no/buy/?page=1&edid=995E8319-8CA0-AEF0-978E-B5B02C331A0E&sortorder=desc&column=price HTTP/1.1" 200 88096
135.181.74.243 - - [19/Jul/2024:00:38:33 +0200] "GET /ticket2/opencms/se/no/buy/?page=1&edid=B8736786-BDEB-839B-CA60-E0B1B63D3892&sortorder=asc&column=row HTTP/1.1" 404 -
149.202.65.189 - - [19/Jul/2024:00:38:34 +0200] "GET /ticket2/opencms/no/buy/?page=1&edid=997D1A24-03AF-7EA1-343A-6B028BBCA519&sortorder=asc&column=price HTTP/1.1" 200 88987
149.202.65.189 - - [19/Jul/2024:00:38:36 +0200] "GET /ticket2/opencms/no/buy/?page=1&edid=997D1A24-03AF-7EA1-343A-6B028BBCA519&sortorder=asc&column=row HTTP/1.1" 200 88987
217.113.194.212 - - [19/Jul/2024:00:38:37 +0200] "GET /ticket2/opencms/fi/venue/?countryid=6941D863-6987-AFB6-0EB8-DD9A02005855 HTTP/1.1" 200 101663
149.202.65.189 - - [19/Jul/2024:00:38:38 +0200] "GET /ticket2/opencms/no/buy/?page=1&edid=997D1A24-03AF-7EA1-343A-6B028BBCA519&sortorder=desc&column=section HTTP/1.1" 200 88986
149.202.65.189 - - [19/Jul/2024:00:38:39 +0200] "GET /ticket2/opencms/no/buy/?page=1&edid=99D4B172-B76D-E7FE-A3D7-CF4303CA6648&sortorder=asc&column=row HTTP/1.1" 200 87424
135.181.74.243 - - [19/Jul/2024:00:38:40 +0200] "GET /ticket2/opencms/se/no/buy/?page=1&edid=BDEB9EF3-3BF1-B07B-8A1C-C78F2EDCBC2D&sortorder=desc&column=row HTTP/1.1" 404 -
149.202.65.189 - - [19/Jul/2024:00:38:41 +0200] "GET /ticket2/opencms/no/buy/?page=1&edid=99D4B172-B76D-E7FE-A3D7-CF4303CA6648&sortorder=asc&column=section HTTP/1.1" 200 87424
149.202.65.189 - - [19/Jul/2024:00:38:43 +0200] "GET /ticket2/opencms/no/buy/?page=1&edid=99D4B172-B76D-E7FE-A3D7-CF4303CA6648&sortorder=desc&column=price HTTP/1.1" 200 87423
149.202.65.189 - - [19/Jul/2024:00:38:45 +0200] "GET /ticket2/opencms/no/buy/?page=1&edid=99F7ABD7-33D3-C6C6-59B7-CD5930C8A10B&sortorder=desc&column=row HTTP/1.1" 200 85936
217.113.194.213 - - [19/Jul/2024:00:38:45 +0200] "GET /ticket2/opencms/fi/venue/?venueid=AB927E22-66D3-728A-AD7D-149130013681 HTTP/1.1" 200 72352
135.181.74.243 - - [19/Jul/2024:00:38:45 +0200] "GET /ticket2/opencms/se/no/buy/?page=1&edid=BF4F4F88-9C17-C70F-0807-28AAB5899F63&sortorder=asc&column=price HTTP/1.1" 404 -
149.202.65.189 - - [19/Jul/2024:00:38:47 +0200] "GET /ticket2/opencms/no/buy/?page=1&edid=9A519B52-57C0-3D7D-0745-09A3763A01B1 HTTP/1.1" 200 88505
149.202.65.189 - - [19/Jul/2024:00:38:48 +0200] "GET /ticket2/opencms/no/buy/?page=1&edid=9B375AEE-764B-503F-3F66-4B53C8619B09&sortorder=desc&column=price HTTP/1.1" 200 87915
54.36.148.66 - - [19/Jul/2024:00:38:48 +0200] "GET /ticket2/opencms/no/buy/?page=1&edid=66C22035-E7EA-E10A-4BFC-2C30733037DC HTTP/1.1" 200 112097
149.202.65.189 - - [19/Jul/2024:00:38:50 +0200] "GET /ticket2/opencms/no/buy/?page=1&edid=9B375AEE-764B-503F-3F66-4B53C8619B09&sortorder=desc&column=row HTTP/1.1" 200 87915
135.181.74.243 - - [19/Jul/2024:00:38:51 +0200] "GET /ticket2/opencms/se/no/buy/?page=1&edid=BF4F4F88-9C17-C70F-0807-28AAB5899F63&sortorder=asc&column=section HTTP/1.1" 404 -
149.202.65.189 - - [19/Jul/2024:00:38:52 +0200] "GET /ticket2/opencms/no/buy/?page=1&edid=9B375AEE-764B-503F-3F66-4B53C8619B09&sortorder=desc&column=section HTTP/1.1" 200 87915
149.202.65.189 - - [19/Jul/2024:00:38:53 +0200] "GET /ticket2/opencms/no/buy/?page=1&edid=9B464F09-6CBD-99BE-C066-554D62F82648 HTTP/1.1" 200 85899
149.202.65.189 - - [19/Jul/2024:00:38:55 +0200] "GET /ticket2/opencms/no/buy/?page=1&edid=9B5FF650-6073-5E8D-792C-56A70F14541A&sortorder=desc&column=price HTTP/1.1" 200 88607
