37.123.143.245 - - [19/Jul/2024:03:04:25 +0200] "GET /ticket2/opencms/system/workplace/commons/style/workplace.css HTTP/1.1" 200 14209
209.97.168.21 - - [19/Jul/2024:03:04:26 +0200] "GET /ticket2/opencms/users/5ff20c30e17491001abd019d HTTP/1.1" 404 -
192.99.13.69 - - [19/Jul/2024:03:04:26 +0200] "GET /ticket2/opencms/se/sv/buy/?page=1&edid=F98A7298-B6AE-74CA-1979-60ECE40631DA&sortorder=desc&column=row HTTP/1.1" 404 -
209.97.168.21 - - [19/Jul/2024:03:04:27 +0200] "GET /ticket2/opencms/reviews/66463ca083c1f198e45e1aed HTTP/1.1" 404 -
209.97.168.21 - - [19/Jul/2024:03:04:29 +0200] "GET /ticket2/opencms/blog?utm_medium=consumer&utm_source=blog_header&utm_campaign=consumer_cta HTTP/1.1" 404 -
209.97.168.21 - - [19/Jul/2024:03:04:30 +0200] "GET /ticket2/opencms/review/www.ticket2.com?page=3 HTTP/1.1" 404 -
66.249.68.39 - - [19/Jul/2024:03:04:33 +0200] "GET /ticket2/opencms/dk/buy/?page=1&edid=59EE7C1E-928C-0B67-F8CD-0935739262E0 HTTP/1.1" 200 96208
217.113.194.214 - - [19/Jul/2024:03:04:34 +0200] "GET /ticket2/opencms/en/venue/?venueid=50ADE794-FDC0-9A3D-A90D-B6243D82F793 HTTP/1.1" 200 70736
66.249.76.8 - - [19/Jul/2024:03:04:34 +0200] "GET /ticket2/opencms/de/buy/?page=1&edid=C29FD4D7-C114-3152-7015-AC9740876339 HTTP/1.1" 200 110817
66.249.79.171 - - [19/Jul/2024:03:04:35 +0200] "GET /ticket2/opencms/nl/buy/?page=1&edid=82BD6FF9-3156-636F-72F0-08C841337175 HTTP/1.1" 200 114330
209.97.168.21 - - [19/Jul/2024:03:04:36 +0200] "GET /ticket2/opencms/review/www.ticket2.com?page=6 HTTP/1.1" 404 -
192.99.13.69 - - [19/Jul/2024:03:04:37 +0200] "GET /ticket2/opencms/se/sv/buy/?page=1&edid=F9C28169-9DB0-FD34-41D7-E143F8F4A5B7&sortorder=desc&column=section HTTP/1.1" 404 -
37.60.249.191 - - [19/Jul/2024:03:04:38 +0200] "GET /ticket2/opencms/dk/en/buy/?page=1&edid=30CB7959-9308-5BEA-03F2-ADAC2FC91A64&sortorder=desc&column=section HTTP/1.1" 404 -
209.97.168.21 - - [19/Jul/2024:03:04:38 +0200] "GET /ticket2/opencms/users/5719154c0000ff000a197f07 HTTP/1.1" 404 -
216.244.66.238 - - [19/Jul/2024:03:04:39 +0200] "GET /ticket2/opencms/robots.txt HTTP/1.1" 200 773
209.97.168.21 - - [19/Jul/2024:03:04:40 +0200] "GET /ticket2/opencms/reviews/5f34eda61a5a690788a7fe37 HTTP/1.1" 404 -
216.244.66.238 - - [19/Jul/2024:03:04:40 +0200] "GET /ticket2/opencms/robots.txt HTTP/1.1" 200 773
217.113.194.220 - - [19/Jul/2024:03:04:42 +0200] "GET /ticket2/opencms/en/buy?page=1&edid=68B485F7-9483-6E4F-656D-602EE2AC621D HTTP/1.1" 200 110749
37.57.218.243 - - [19/Jul/2024:03:04:43 +0200] "GET /ticket2/opencms/en/buy/?page=1&edid=63801669-9764-13A7-B058-055F32A0BC14&sortorder=desc&column=section HTTP/1.1" 200 87286
209.97.168.21 - - [19/Jul/2024:03:04:43 +0200] "GET /ticket2/opencms/en/login/ HTTP/1.1" 200 72802
209.97.168.21 - - [19/Jul/2024:03:04:45 +0200] "GET /ticket2/opencms/en/login/ HTTP/1.1" 200 72802
209.97.168.21 - - [19/Jul/2024:03:04:47 +0200] "GET /ticket2/opencms/en/login HTTP/1.1" 200 72802
217.182.175.146 - - [19/Jul/2024:03:04:47 +0200] "GET /ticket2/opencms/en/buy/?page=1&edid=07A33A19-3A86-A256-E698-74944137E871&sortorder=asc&column=row HTTP/1.1" 200 87237
209.97.168.21 - - [19/Jul/2024:03:04:49 +0200] "GET /ticket2/opencms/en/about/contact HTTP/1.1" 200 70323
85.215.185.153 - - [19/Jul/2024:03:04:49 +0200] "GET /ticket2/opencms/en/search.html?searchQuery=liverpool&submit= HTTP/1.1" 200 110071
85.215.185.153 - - [19/Jul/2024:03:04:50 +0200] "GET /ticket2/opencms/en/search.html?searchQuery=liverpool&searchQuery=%2527&submit= HTTP/1.1" 200 110071
192.99.13.69 - - [19/Jul/2024:03:04:50 +0200] "GET /ticket2/opencms/se/sv/buy/?page=1&edid=FAA7165D-A922-1603-AEA2-82846AE794CA&sortorder=desc&column=section HTTP/1.1" 404 -
209.97.168.21 - - [19/Jul/2024:03:04:51 +0200] "GET /ticket2/opencms/en/about/contact/ HTTP/1.1" 200 70323
217.113.194.218 - - [19/Jul/2024:03:04:51 +0200] "GET /ticket2/opencms/en/buy?page=1&edid=A32C2CDE-A2F2-054C-C7FE-30BF45814EDA HTTP/1.1" 200 87656
85.215.185.153 - - [19/Jul/2024:03:04:51 +0200] "GET /ticket2/opencms/en/search.html?searchQuery=liverpool&submit=&submit=%2527 HTTP/1.1" 200 110071
54.36.148.172 - - [19/Jul/2024:03:04:54 +0200] "GET /ticket2/opencms/sv/buy/?page=1&edid=23EAA0FB-D53B-B405-9176-C7B4F068B16E HTTP/1.1" 200 111183
217.113.194.217 - - [19/Jul/2024:03:04:59 +0200] "GET /ticket2/opencms/en/buy?page=1&edid=DD14CC82-883B-BD06-4306-EBD494AA1804 HTTP/1.1" 200 110750
192.99.13.69 - - [19/Jul/2024:03:05:05 +0200] "GET /ticket2/opencms/se/sv/buy/?page=1&edid=FAED712B-522B-34FA-DE6B-5495BF7FC4C3&sortorder=desc&column=price HTTP/1.1" 404 -
47.128.52.127 - - [19/Jul/2024:03:05:06 +0200] "GET /ticket2/opencms/nl/buy/?comcatid=A17713B6-D984-201A-4143-ED4DB5ED5C2E&catid=6E0E0CA4-3F14-9697-92B9-3687047BE453 HTTP/1.1" 200 80616
47.128.52.127 - - [19/Jul/2024:03:05:06 +0200] "GET /ticket2/opencms/system/modules/com.gridnine.opencms.ticketbrokerage.site/resources/js/jquery/jquery-ui.js HTTP/1.1" 200 228088
47.128.52.127 - - [19/Jul/2024:03:05:07 +0200] "GET /ticket2/opencms/system/modules/com.gridnine.opencms.ticketbrokerage.site/resources/pics/logo-new.png HTTP/1.1" 200 13541
47.128.52.127 - - [19/Jul/2024:03:05:08 +0200] "GET /ticket2/opencms/system/modules/com.gridnine.opencms.ticketbrokerage.site/resources/pics/footer-img.png HTTP/1.1" 200 10350
37.57.218.243 - - [19/Jul/2024:03:05:08 +0200] "GET /ticket2/opencms/en/buy/?page=1&edid=6471BDCD-0B2F-C3B9-3026-367C586DCB12&sortorder=desc&column=price HTTP/1.1" 200 87286
217.113.194.215 - - [19/Jul/2024:03:05:08 +0200] "GET /ticket2/opencms/en/buy?page=1&edid=DD282B35-B6B7-ECA0-02E0-90864F5E2B50 HTTP/1.1" 200 105178
192.99.13.69 - - [19/Jul/2024:03:05:15 +0200] "GET /ticket2/opencms/se/sv/buy/?page=1&edid=FBAFC8C9-2F07-B1EF-CF64-939CD8CFFE64&sortorder=desc&column=row HTTP/1.1" 404 -
217.113.194.212 - - [19/Jul/2024:03:05:16 +0200] "GET /ticket2/opencms/en/buy?page=1&edid=D96122AD-C3AA-80F5-DDA8-935E03AE952D HTTP/1.1" 200 110030
37.57.218.243 - - [19/Jul/2024:03:05:17 +0200] "GET /ticket2/opencms/en/buy/?page=1&edid=6471BDCD-0B2F-C3B9-3026-367C586DCB12&sortorder=desc&column=row HTTP/1.1" 200 87286
54.36.148.153 - - [19/Jul/2024:03:05:18 +0200] "GET /ticket2/opencms/sv/buy/?page=1&edid=238B7849-3F69-4F74-DAE2-878F69503982 HTTP/1.1" 200 93958
217.113.194.212 - - [19/Jul/2024:03:05:25 +0200] "GET /ticket2/opencms/en/buy?page=1&edid=F78B03FA-4A60-BDC0-B4DA-96975C817683 HTTP/1.1" 200 114693
217.182.175.146 - - [19/Jul/2024:03:05:25 +0200] "GET /ticket2/opencms/en/buy/?page=1&edid=07A33A19-3A86-A256-E698-74944137E871&sortorder=asc&column=section HTTP/1.1" 200 87237
192.99.13.69 - - [19/Jul/2024:03:05:27 +0200] "GET /ticket2/opencms/se/sv/buy/?page=1&edid=FBB50624-B32A-B7F0-C315-0584FA25CBE8&sortorder=desc&column=price HTTP/1.1" 404 -
111.180.202.157 - - [19/Jul/2024:03:05:27 +0200] "GET /ticket2/opencms/ HTTP/1.1" 302 -
37.57.218.243 - - [19/Jul/2024:03:05:28 +0200] "GET /ticket2/opencms/en/buy/?page=1&edid=6471BDCD-0B2F-C3B9-3026-367C586DCB12&sortorder=desc&column=section HTTP/1.1" 200 87286
111.180.202.157 - - [19/Jul/2024:03:05:30 +0200] "GET /ticket2/opencms/en/ HTTP/1.1" 200 94039
217.113.194.213 - - [19/Jul/2024:03:05:33 +0200] "GET /ticket2/opencms/en/buy?page=1&edid=100B7BEC-24E7-7E43-4295-F9FDC77048A6 HTTP/1.1" 200 87167
192.99.13.69 - - [19/Jul/2024:03:05:37 +0200] "GET /ticket2/opencms/se/sv/buy/?page=1&edid=FBB50624-B32A-B7F0-C315-0584FA25CBE8&sortorder=desc&column=row HTTP/1.1" 404 -
54.36.149.71 - - [19/Jul/2024:03:05:37 +0200] "GET /ticket2/opencms/sv/buy/?page=1&edid=2320C2D3-9D35-20EF-A582-07094703BF31 HTTP/1.1" 200 108604
114.119.135.232 - - [19/Jul/2024:03:05:39 +0200] "GET /ticket2/opencms/en/venue/?venueid=ECFCC413-6F93-5879-2B81-325F8445CB65 HTTP/1.1" 200 70736
37.57.218.243 - - [19/Jul/2024:03:05:41 +0200] "GET /ticket2/opencms/en/buy/?page=1&edid=74131A78-3ACC-99E6-1155-5093F043A0B8&sortorder=desc&column=price HTTP/1.1" 200 87734
217.113.194.212 - - [19/Jul/2024:03:05:42 +0200] "GET /ticket2/opencms/en/buy?page=1&edid=7E653C31-A788-6271-D9AA-FE8367BFE104 HTTP/1.1" 200 87167
192.99.13.69 - - [19/Jul/2024:03:05:48 +0200] "GET /ticket2/opencms/se/sv/buy/?page=1&edid=FBB50624-B32A-B7F0-C315-0584FA25CBE8&sortorder=desc&column=section HTTP/1.1" 404 -
217.113.194.212 - - [19/Jul/2024:03:05:50 +0200] "GET /ticket2/opencms/en/buy?page=1&edid=3E8160AB-0FBD-70C5-9AD2-7741AA7C1F1A HTTP/1.1" 200 110464
114.119.136.66 - - [19/Jul/2024:03:05:53 +0200] "GET /ticket2/opencms/en/venue/?venueid=DABDC4D6-A186-DAE6-C644-5DB9CB011EEC HTTP/1.1" 200 71772
37.57.218.243 - - [19/Jul/2024:03:05:55 +0200] "GET /ticket2/opencms/en/buy/?page=1&edid=74131A78-3ACC-99E6-1155-5093F043A0B8&sortorder=desc&column=row HTTP/1.1" 200 87734
47.128.42.10 - - [19/Jul/2024:03:05:55 +0200] "GET /ticket2/opencms/es/buy/?edid=6035F022-2AFB-0DF4-0C8B-8C092D9D990D HTTP/1.1" 200 72706
47.128.42.10 - - [19/Jul/2024:03:05:56 +0200] "GET /ticket2/opencms/system/modules/com.gridnine.opencms.ticketbrokerage.site/resources/pics/logo-new.png HTTP/1.1" 200 13541
47.128.42.10 - - [19/Jul/2024:03:05:57 +0200] "GET /ticket2/opencms/system/modules/com.gridnine.opencms.ticketbrokerage.site/resources/pics/footer-img.png HTTP/1.1" 200 10350
47.128.43.174 - - [19/Jul/2024:03:05:58 +0200] "GET /ticket2/opencms/fi/buy/?page=1&edid=0CBED0CE-AD48-5853-8CA7-767C378C5971 HTTP/1.1" 200 95244
154.54.249.216 - - [19/Jul/2024:03:05:59 +0200] "GET /ticket2/opencms/en/buy/?page=1&edid=1A3709D7-2775-D284-06C2-585FE5EFB134 HTTP/1.1" 200 84534
47.128.43.174 - - [19/Jul/2024:03:05:59 +0200] "GET /ticket2/opencms/system/modules/com.gridnine.opencms.ticketbrokerage.site/resources/pics/logo-new.png HTTP/1.1" 200 13541
47.128.43.174 - - [19/Jul/2024:03:06:00 +0200] "GET /ticket2/opencms/system/modules/com.gridnine.opencms.ticketbrokerage.site/resources/pics/two_man.png HTTP/1.1" 200 3407
47.128.43.174 - - [19/Jul/2024:03:06:00 +0200] "GET /ticket2/opencms/venue/juventus_stadium.png HTTP/1.1" 200 31832
47.128.43.174 - - [19/Jul/2024:03:06:00 +0200] "GET /ticket2/opencms/system/modules/com.gridnine.opencms.ticketbrokerage.site/resources/pics/ticket_info_button.png HTTP/1.1" 200 3820
54.36.148.192 - - [19/Jul/2024:03:06:00 +0200] "GET /ticket2/opencms/sv/buy/?page=1&edid=1E797748-9B66-BEC3-D169-107F37EB584B HTTP/1.1" 200 93964
47.128.43.174 - - [19/Jul/2024:03:06:00 +0200] "GET /ticket2/opencms/system/modules/com.gridnine.opencms.ticketbrokerage.site/resources/pics/footer-img.png HTTP/1.1" 200 10350
47.128.43.174 - - [19/Jul/2024:03:06:01 +0200] "GET /ticket2/opencms/fi/ask-form.html HTTP/1.1" 200 3012
192.99.13.69 - - [19/Jul/2024:03:06:01 +0200] "GET /ticket2/opencms/se/sv/buy/?page=1&edid=FC8E19AE-C0B2-6E8A-15B8-33A65B1EFF7E HTTP/1.1" 404 -
217.182.175.146 - - [19/Jul/2024:03:06:01 +0200] "GET /ticket2/opencms/en/buy/?page=1&edid=083412B6-9EF2-E01A-24FB-4AAAB2DEF1B1&sortorder=asc&column=row HTTP/1.1" 200 87261
217.113.194.217 - - [19/Jul/2024:03:06:07 +0200] "GET /ticket2/opencms/en/buy/?page=1&edid=1BD8B203-11BA-99DE-00D2-8B7A6D295627 HTTP/1.1" 200 84571
192.99.13.69 - - [19/Jul/2024:03:06:14 +0200] "GET /ticket2/opencms/se/sv/buy/?page=1&edid=FC8E19AE-C0B2-6E8A-15B8-33A65B1EFF7E&sortorder=desc&column=price HTTP/1.1" 404 -
37.57.218.243 - - [19/Jul/2024:03:06:15 +0200] "GET /ticket2/opencms/en/buy/?page=1&edid=74131A78-3ACC-99E6-1155-5093F043A0B8&sortorder=desc&column=section HTTP/1.1" 200 87734
217.113.194.219 - - [19/Jul/2024:03:06:16 +0200] "GET /ticket2/opencms/en/buy/?page=1&edid=036A96F6-8747-6233-3717-C295A61E4FFD HTTP/1.1" 200 87250
54.36.149.38 - - [19/Jul/2024:03:06:21 +0200] "GET /ticket2/opencms/sv/buy/?page=1&edid=1E4DB27F-7FD7-03C4-297C-DDDD353B0D49 HTTP/1.1" 200 108601
192.99.13.69 - - [19/Jul/2024:03:06:24 +0200] "GET /ticket2/opencms/se/sv/buy/?page=1&edid=FC8E19AE-C0B2-6E8A-15B8-33A65B1EFF7E&sortorder=desc&column=row HTTP/1.1" 404 -
217.113.194.212 - - [19/Jul/2024:03:06:24 +0200] "GET /ticket2/opencms/en/buy/?page=1&edid=02717DFD-516F-F288-43FD-93598E319E97 HTTP/1.1" 200 84558
66.249.76.170 - - [19/Jul/2024:03:06:25 +0200] "GET /ticket2/opencms/it/magazine/article?title=paesi-bassi-vs-inghilterra-in-semifinale HTTP/1.1" 200 77909
37.57.218.243 - - [19/Jul/2024:03:06:27 +0200] "GET /ticket2/opencms/en/buy/?page=1&edid=74C0EB6F-C623-E56C-BF84-0930C3C6CCAE&sortorder=desc&column=price HTTP/1.1" 200 87739
217.182.175.146 - - [19/Jul/2024:03:06:28 +0200] "GET /ticket2/opencms/en/buy/?page=1&edid=08E81FC5-D320-68EA-EE85-15968176C948&sortorder=asc&column=price HTTP/1.1" 200 86333
136.243.59.237 - - [19/Jul/2024:03:06:31 +0200] "GET /ticket2/opencms/en/buy?page=1&edid=CB90B18C-10D2-A7D7-34F0-9F8E61AEE4C6 HTTP/1.1" 200 102288
154.54.249.216 - - [19/Jul/2024:03:06:32 +0200] "GET /ticket2/opencms/en/buy/?page=1&edid=0D5116BF-5A00-7CB9-E70D-1494FA14036A HTTP/1.1" 200 84563
92.115.206.79 - - [19/Jul/2024:03:06:36 +0200] "GET /ticket2/opencms/de/ HTTP/1.1" 200 94735
192.99.13.69 - - [19/Jul/2024:03:06:37 +0200] "GET /ticket2/opencms/se/sv/buy/?page=1&edid=FC8E19AE-C0B2-6E8A-15B8-33A65B1EFF7E&sortorder=desc&column=section HTTP/1.1" 404 -
92.115.206.79 - - [19/Jul/2024:03:06:38 +0200] "GET /ticket2/opencms/review/www.ticket2.com?languages=all HTTP/1.1" 404 -
92.115.206.79 - - [19/Jul/2024:03:06:39 +0200] "GET /ticket2/opencms/review/www.livefootballtickets.com HTTP/1.1" 404 -
92.115.206.79 - - [19/Jul/2024:03:06:40 +0200] "GET /ticket2/opencms/reviews/65cb5a9cb3da853c09b2b3a9 HTTP/1.1" 404 -
37.57.218.243 - - [19/Jul/2024:03:06:40 +0200] "GET /ticket2/opencms/en/buy/?page=1&edid=74C0EB6F-C623-E56C-BF84-0930C3C6CCAE&sortorder=desc&column=row HTTP/1.1" 200 87739
217.113.194.215 - - [19/Jul/2024:03:06:41 +0200] "GET /ticket2/opencms/en/buy/?page=1&edid=0921968B-5C38-209B-467C-E28FB1884E06 HTTP/1.1" 200 86958
92.115.206.79 - - [19/Jul/2024:03:06:41 +0200] "GET /ticket2/opencms/?utm_medium=company_profile&utm_source=trustpilot&utm_campaign=domain_click HTTP/1.1" 302 -
92.115.206.79 - - [19/Jul/2024:03:06:42 +0200] "GET /ticket2/opencms/en/ HTTP/1.1" 200 94039
92.115.206.79 - - [19/Jul/2024:03:06:44 +0200] "GET /ticket2/opencms/users/63df92ca620112001230c8c1 HTTP/1.1" 404 -
54.36.148.175 - - [19/Jul/2024:03:06:44 +0200] "GET /ticket2/opencms/sv/buy/?page=1&edid=1D97A6C5-B565-99A4-C85C-5A13E05496B9 HTTP/1.1" 200 108601
92.115.206.79 - - [19/Jul/2024:03:06:45 +0200] "GET /ticket2/opencms/users/51a51fbc00006400013d88ec HTTP/1.1" 404 -
37.57.218.243 - - [19/Jul/2024:03:06:49 +0200] "GET /ticket2/opencms/en/buy/?page=1&edid=74C0EB6F-C623-E56C-BF84-0930C3C6CCAE&sortorder=desc&column=section HTTP/1.1" 200 87739
217.113.194.220 - - [19/Jul/2024:03:06:49 +0200] "GET /ticket2/opencms/en/buy/?page=1&edid=2EF450B0-DF91-3D32-83BE-3864AECD3DBC HTTP/1.1" 200 87183
37.60.249.191 - - [19/Jul/2024:03:06:51 +0200] "GET /ticket2/opencms/dk/en/buy/?page=1&edid=32733024-1A70-1A8E-A3DD-B8EE80D33C10 HTTP/1.1" 404 -
47.128.119.146 - - [19/Jul/2024:03:06:51 +0200] "GET /ticket2/opencms/fi/buy/?eventid=79608D61-AAF5-D175-02C0-7A0FB72F565C&page=11&venueid=4686023E-1A9C-D773-1EF5-78A9D0532992 HTTP/1.1" 200 88516
192.99.13.69 - - [19/Jul/2024:03:06:52 +0200] "GET /ticket2/opencms/se/sv/buy/?page=1&edid=FCBD6E3D-863A-5B3A-5EE9-2A6644C9666A HTTP/1.1" 404 -
92.115.206.79 - - [19/Jul/2024:03:06:52 +0200] "GET /ticket2/opencms/review/olkaexpress.se HTTP/1.1" 404 -
47.128.119.146 - - [19/Jul/2024:03:06:52 +0200] "GET /ticket2/opencms/system/modules/com.gridnine.opencms.ticketbrokerage.site/resources/pics/logo-new.png HTTP/1.1" 200 13541
47.128.119.146 - - [19/Jul/2024:03:06:53 +0200] "GET /ticket2/opencms/system/modules/com.gridnine.opencms.ticketbrokerage.site/resources/pics/footer-img.png HTTP/1.1" 200 10350
92.115.206.79 - - [19/Jul/2024:03:06:55 +0200] "GET /ticket2/opencms/trust/how-reviews-work HTTP/1.1" 404 -
92.115.206.79 - - [19/Jul/2024:03:06:57 +0200] "GET /ticket2/opencms/de/login HTTP/1.1" 200 73832
217.113.194.218 - - [19/Jul/2024:03:06:57 +0200] "GET /ticket2/opencms/en/buy/?page=1&edid=2E3A9666-3510-0E81-4BD6-E0C24467BF7D HTTP/1.1" 200 84540
92.115.206.79 - - [19/Jul/2024:03:06:58 +0200] "GET /ticket2/opencms/de/login/ HTTP/1.1" 200 73832
217.182.175.146 - - [19/Jul/2024:03:06:58 +0200] "GET /ticket2/opencms/en/buy/?page=1&edid=0993F451-2A27-B97B-1E8A-397D4C7362D6&sortorder=desc&column=price HTTP/1.1" 200 87249
92.115.206.79 - - [19/Jul/2024:03:06:59 +0200] "GET /ticket2/opencms/de/login/ HTTP/1.1" 200 73832
37.57.218.243 - - [19/Jul/2024:03:07:00 +0200] "GET /ticket2/opencms/en/buy/?page=1&edid=7CBC2073-43B3-6AB9-9406-E231332EAC38&sortorder=desc&column=price HTTP/1.1" 200 87776
92.115.206.79 - - [19/Jul/2024:03:07:00 +0200] "GET /ticket2/opencms/de/about/contact HTTP/1.1" 200 71101
92.115.206.79 - - [19/Jul/2024:03:07:01 +0200] "GET /ticket2/opencms/de/about/contact/ HTTP/1.1" 200 71101
192.99.13.69 - - [19/Jul/2024:03:07:04 +0200] "GET /ticket2/opencms/se/sv/buy/?page=1&edid=FD09C638-AEC7-D35A-9E6E-3AEC8C9AE08F&sortorder=desc&column=price HTTP/1.1" 404 -
154.54.249.216 - - [19/Jul/2024:03:07:05 +0200] "GET /ticket2/opencms/en/buy/?page=1&edid=D64B5630-A9DF-0854-05CF-2FC43E0CD4B2 HTTP/1.1" 200 84555
54.36.149.47 - - [19/Jul/2024:03:07:07 +0200] "GET /ticket2/opencms/sv/buy/?page=1&edid=1C109B19-215B-025B-D9B8-6D4E44843BBC HTTP/1.1" 200 108596
37.57.218.243 - - [19/Jul/2024:03:07:09 +0200] "GET /ticket2/opencms/en/buy/?page=1&edid=7CBC2073-43B3-6AB9-9406-E231332EAC38&sortorder=desc&column=row HTTP/1.1" 200 87776
114.119.140.79 - - [19/Jul/2024:03:07:10 +0200] "GET /ticket2/opencms/en/venue/?venueid=C87849FF-CA68-D7C1-1366-B45A4ECBC004 HTTP/1.1" 200 70686
217.113.194.219 - - [19/Jul/2024:03:07:14 +0200] "GET /ticket2/opencms/en/buy/?page=1&edid=EBE2E095-EDE2-C88D-EC51-00B2E16EC697 HTTP/1.1" 200 84533
192.99.13.69 - - [19/Jul/2024:03:07:17 +0200] "GET /ticket2/opencms/se/sv/buy/?page=1&edid=FD09C638-AEC7-D35A-9E6E-3AEC8C9AE08F&sortorder=desc&column=row HTTP/1.1" 404 -
37.57.218.243 - - [19/Jul/2024:03:07:22 +0200] "GET /ticket2/opencms/en/buy/?page=1&edid=7CBC2073-43B3-6AB9-9406-E231332EAC38&sortorder=desc&column=section HTTP/1.1" 200 87776
154.54.249.216 - - [19/Jul/2024:03:07:22 +0200] "GET /ticket2/opencms/en/buy/?page=1&edid=EBD76EAC-AEC0-E785-3251-70BCD173D524 HTTP/1.1" 200 86645
217.182.175.146 - - [19/Jul/2024:03:07:28 +0200] "GET /ticket2/opencms/en/buy/?page=1&edid=09E571EC-120C-E8EB-472E-6080192EF884&sortorder=desc&column=price HTTP/1.1" 200 87864
217.113.194.219 - - [19/Jul/2024:03:07:30 +0200] "GET /ticket2/opencms/en/buy/?page=1&edid=E6C20453-41F1-5DB1-0EB6-15C811585D02 HTTP/1.1" 200 84566
54.36.148.127 - - [19/Jul/2024:03:07:31 +0200] "GET /ticket2/opencms/sv/buy/?page=1&edid=1BA9B6DE-06FA-AA46-3146-23F15C17019E HTTP/1.1" 200 108599
37.57.218.243 - - [19/Jul/2024:03:07:33 +0200] "GET /ticket2/opencms/en/buy/?page=1&edid=88846CDD-90BD-3C14-8B7F-E56B7CEB33C4&sortorder=desc&column=price HTTP/1.1" 200 87288
192.99.13.69 - - [19/Jul/2024:03:07:33 +0200] "GET /ticket2/opencms/se/sv/buy/?page=1&edid=FD09C638-AEC7-D35A-9E6E-3AEC8C9AE08F&sortorder=desc&column=section HTTP/1.1" 404 -
66.249.76.1 - - [19/Jul/2024:03:07:37 +0200] "GET /ticket2/opencms/de/buy/?comcatid=A17713B6-D984-201A-4143-ED4DB5ED5C2E&catid=06324577-7173-BAB0-146D-E644C912F7C1 HTTP/1.1" 200 240347
66.249.76.8 - - [19/Jul/2024:03:07:38 +0200] "GET /ticket2/opencms/dk/buy/?page=1&edid=159AEE85-969E-7453-4999-69FCFD2915E6 HTTP/1.1" 200 115948
154.54.249.216 - - [19/Jul/2024:03:07:39 +0200] "GET /ticket2/opencms/en/buy/?page=1&edid=E70D67FE-C8B5-2123-4AC5-0E70898241FA HTTP/1.1" 200 84560
63.143.42.252 - - [19/Jul/2024:03:07:41 +0200] "HEAD /ticket2/opencms/ HTTP/1.1" 302 -
63.143.42.252 - - [19/Jul/2024:03:07:42 +0200] "HEAD /ticket2/opencms/en/ HTTP/1.1" 200 -
47.128.46.84 - - [19/Jul/2024:03:07:43 +0200] "GET /ticket2/opencms/de/magazine/article?title=niederlande-vs-england-im-halbfinale HTTP/1.1" 200 77285
47.128.46.84 - - [19/Jul/2024:03:07:44 +0200] "GET /ticket2/opencms/system/modules/com.gridnine.opencms.ticketbrokerage.site/resources/pics/logo-new.png HTTP/1.1" 200 13541
47.128.46.84 - - [19/Jul/2024:03:07:44 +0200] "GET /ticket2/opencms/system/modules/com.gridnine.opencms.ticketbrokerage.site/resources/pics/footer-img.png HTTP/1.1" 200 10350
192.99.13.69 - - [19/Jul/2024:03:07:45 +0200] "GET /ticket2/opencms/se/sv/buy/?page=1&edid=FDEB7C2D-C2DD-0C61-E47E-B640A2277142&sortorder=desc&column=row HTTP/1.1" 404 -
154.54.249.216 - - [19/Jul/2024:03:07:47 +0200] "GET /ticket2/opencms/en/buy/?page=1&edid=E9EEEB5F-3AF9-AFC9-059F-DE4201638813 HTTP/1.1" 200 84591
185.157.223.150 - - [19/Jul/2024:03:07:49 +0200] "GET /ticket2/tickets_export/outgoing/export.txt HTTP/1.1" 200 48019142
114.119.135.169 - - [19/Jul/2024:03:07:50 +0200] "GET /ticket2/opencms/en/sell/?edid=D474FB0B-C3F6-48EF-274D-DD0DE7C305C1 HTTP/1.1" 302 -
37.57.218.243 - - [19/Jul/2024:03:07:50 +0200] "GET /ticket2/opencms/en/buy/?page=1&edid=88846CDD-90BD-3C14-8B7F-E56B7CEB33C4&sortorder=desc&column=row HTTP/1.1" 200 87288
54.36.148.195 - - [19/Jul/2024:03:07:50 +0200] "GET /ticket2/opencms/sv/buy/?page=1&edid=1B758EC3-A0AE-5D81-985E-920903B76379 HTTP/1.1" 200 111222
114.119.135.169 - - [19/Jul/2024:03:07:53 +0200] "GET /ticket2/opencms/en/login/?url=/en/sell/ HTTP/1.1" 200 72802
217.113.194.217 - - [19/Jul/2024:03:07:56 +0200] "GET /ticket2/opencms/en/buy/?page=1&edid=DFCBC00B-DE31-D09D-809D-2362D4F51504 HTTP/1.1" 200 84599
217.182.175.146 - - [19/Jul/2024:03:07:56 +0200] "GET /ticket2/opencms/en/buy/?page=1&edid=09E571EC-120C-E8EB-472E-6080192EF884&sortorder=desc&column=row HTTP/1.1" 200 87864
192.99.13.69 - - [19/Jul/2024:03:07:56 +0200] "GET /ticket2/opencms/se/sv/buy/?page=1&edid=FDEB7C2D-C2DD-0C61-E47E-B640A2277142&sortorder=desc&column=section HTTP/1.1" 404 -
47.128.40.173 - - [19/Jul/2024:03:07:58 +0200] "GET /ticket2/opencms/fi/buy/?catid=D8B345C9-F7A5-E620-4B43-C34EB0D6885B&comcatid=A17713B6-D984-201A-4143-ED4DB5ED5C2E&eventid=473D0D80-318B-9AEF-7923-42B4F01AAAE6&page=7 HTTP/1.1" 200 98081
47.128.40.173 - - [19/Jul/2024:03:07:58 +0200] "GET /ticket2/opencms/system/modules/com.gridnine.opencms.ticketbrokerage.site/resources/pics/logo-new.png HTTP/1.1" 200 13541
47.128.40.173 - - [19/Jul/2024:03:07:59 +0200] "GET /ticket2/opencms/system/modules/com.gridnine.opencms.ticketbrokerage.site/resources/pics/footer-img.png HTTP/1.1" 200 10350
217.113.194.214 - - [19/Jul/2024:03:08:04 +0200] "GET /ticket2/opencms/en/buy/?page=1&edid=DCF26A96-21C1-4B1A-0BC5-B98292623601 HTTP/1.1" 200 86550
37.57.218.243 - - [19/Jul/2024:03:08:04 +0200] "GET /ticket2/opencms/en/buy/?page=1&edid=88846CDD-90BD-3C14-8B7F-E56B7CEB33C4&sortorder=desc&column=section HTTP/1.1" 200 87288
192.99.13.69 - - [19/Jul/2024:03:08:09 +0200] "GET /ticket2/opencms/se/sv/buy/?page=1&edid=FDF4D335-951F-B198-7BFE-F927A989E5D5&sortorder=desc&column=price HTTP/1.1" 404 -
37.57.218.243 - - [19/Jul/2024:03:08:11 +0200] "GET /ticket2/opencms/en/buy/?page=1&edid=8970AC92-C5AA-B7C6-D963-8BFE17682D77&sortorder=desc&column=price HTTP/1.1" 200 87664
54.36.148.237 - - [19/Jul/2024:03:08:11 +0200] "GET /ticket2/opencms/sv/buy/?page=1&edid=19A761E2-EB58-E3A3-8138-A7C6E39C2D3E HTTP/1.1" 200 108607
217.113.194.220 - - [19/Jul/2024:03:08:12 +0200] "GET /ticket2/opencms/en/buy/?page=1&edid=DCF54FA8-19CD-CA17-1D1B-578519A18647 HTTP/1.1" 200 87222
47.128.99.94 - - [19/Jul/2024:03:08:13 +0200] "GET /ticket2/opencms/de/buy/?edid=AAD8B8EA-9AED-21A9-2967-40D5EB8A5581 HTTP/1.1" 200 71949
47.128.99.94 - - [19/Jul/2024:03:08:14 +0200] "GET /ticket2/opencms/system/modules/com.gridnine.opencms.ticketbrokerage.site/resources/pics/logo-new.png HTTP/1.1" 200 13541
47.128.99.94 - - [19/Jul/2024:03:08:14 +0200] "GET /ticket2/opencms/system/modules/com.gridnine.opencms.ticketbrokerage.site/resources/pics/footer-img.png HTTP/1.1" 200 10350
192.99.13.69 - - [19/Jul/2024:03:08:17 +0200] "GET /ticket2/opencms/se/sv/buy/?page=1&edid=FDF4D335-951F-B198-7BFE-F927A989E5D5&sortorder=desc&column=row HTTP/1.1" 404 -
217.113.194.221 - - [19/Jul/2024:03:08:21 +0200] "GET /ticket2/opencms/en/buy/?page=1&edid=C6F5B913-3DE0-812F-EA44-7453C3106069 HTTP/1.1" 200 84530
64.233.173.15 - - [19/Jul/2024:03:08:22 +0200] "GET /ticket2/opencms/.well-known/traffic-advice HTTP/1.1" 404 -
193.186.4.162 - - [19/Jul/2024:03:08:22 +0200] "GET /ticket2/opencms/en HTTP/1.1" 200 94039
47.128.48.62 - - [19/Jul/2024:03:08:22 +0200] "GET /ticket2/opencms/fi/buy/?catid=53E7B32E-5CAA-6CE7-D6AA-FFC41D70EE01&comcatid=0A6B8208-FDA4-E929-9D72-5312FD481B76 HTTP/1.1" 200 76484
47.128.48.62 - - [19/Jul/2024:03:08:23 +0200] "GET /ticket2/opencms/system/modules/com.gridnine.opencms.ticketbrokerage.site/resources/pics/logo-new.png HTTP/1.1" 200 13541
47.128.48.62 - - [19/Jul/2024:03:08:24 +0200] "GET /ticket2/opencms/system/modules/com.gridnine.opencms.ticketbrokerage.site/resources/pics/footer-img.png HTTP/1.1" 200 10350
217.182.175.146 - - [19/Jul/2024:03:08:25 +0200] "GET /ticket2/opencms/en/buy/?page=1&edid=0A0433F4-F687-A1E5-59C6-9848148A91CB HTTP/1.1" 200 87136
37.57.218.243 - - [19/Jul/2024:03:08:26 +0200] "GET /ticket2/opencms/en/buy/?page=1&edid=8970AC92-C5AA-B7C6-D963-8BFE17682D77&sortorder=desc&column=row HTTP/1.1" 200 87664
37.60.249.191 - - [19/Jul/2024:03:08:28 +0200] "GET /ticket2/opencms/dk/en/buy/?page=1&edid=32733024-1A70-1A8E-A3DD-B8EE80D33C10&sortorder=desc&column=section HTTP/1.1" 404 -
217.113.194.220 - - [19/Jul/2024:03:08:29 +0200] "GET /ticket2/opencms/en/buy/?page=1&edid=C2F9F2B7-32AF-63DA-7A2B-782790433798 HTTP/1.1" 200 84556
40.77.167.49 - - [19/Jul/2024:03:08:29 +0200] "GET /ticket2/opencms/en/sport/football-tickets/serie_a/genoa/ HTTP/1.1" 200 72568
114.119.132.104 - - [19/Jul/2024:03:08:30 +0200] "GET /ticket2/opencms/en/sell/?edid=8A139653-3F2A-117F-5226-9B729662EFF1 HTTP/1.1" 302 -
192.99.13.69 - - [19/Jul/2024:03:08:31 +0200] "GET /ticket2/opencms/se/sv/buy/?page=1&edid=5F550102-BD0D-9AD9-48FB-D8C4093D6711 HTTP/1.1" 404 -
114.119.132.104 - - [19/Jul/2024:03:08:33 +0200] "GET /ticket2/opencms/en/login/?url=/en/sell/ HTTP/1.1" 200 72802
217.113.194.219 - - [19/Jul/2024:03:08:37 +0200] "GET /ticket2/opencms/en/buy/?page=1&edid=C59CBB87-6401-4299-B6EB-49559C22AF29 HTTP/1.1" 200 84544
66.249.76.160 - - [19/Jul/2024:03:08:38 +0200] "GET /ticket2/opencms/sv/sport/fotbollsbiljetter/fotbolls_vm/ HTTP/1.1" 200 71207
37.57.218.243 - - [19/Jul/2024:03:08:44 +0200] "GET /ticket2/opencms/en/buy/?page=1&edid=8970AC92-C5AA-B7C6-D963-8BFE17682D77&sortorder=desc&column=section HTTP/1.1" 200 87664
217.113.194.212 - - [19/Jul/2024:03:08:46 +0200] "GET /ticket2/opencms/en/buy/?page=1&edid=A5D57E5E-D60D-A559-457A-531C536472B8 HTTP/1.1" 200 86565
54.36.149.75 - - [19/Jul/2024:03:08:48 +0200] "GET /ticket2/opencms/sv/buy/?page=1&edid=1862566B-2998-338F-A641-7BC143FBEEE7 HTTP/1.1" 200 111188
47.128.98.0 - - [19/Jul/2024:03:08:50 +0200] "GET /ticket2/opencms/fi/buy/?page=6&comcatid=A17713B6-D984-201A-4143-ED4DB5ED5C2E&catid=24AC1CA6-1C09-0BE5-C04A-9DCCDB15D5E9 HTTP/1.1" 200 83391
47.128.98.0 - - [19/Jul/2024:03:08:51 +0200] "GET /ticket2/opencms/system/modules/com.gridnine.opencms.ticketbrokerage.site/resources/pics/logo-new.png HTTP/1.1" 200 13541
192.99.13.69 - - [19/Jul/2024:03:08:51 +0200] "GET /ticket2/opencms/se/sv/buy/?page=1&edid=5F579D46-41AA-50D0-CB53-48A39589CA74 HTTP/1.1" 404 -
47.128.98.0 - - [19/Jul/2024:03:08:51 +0200] "GET /ticket2/opencms/system/modules/com.gridnine.opencms.ticketbrokerage.site/resources/pics/footer-img.png HTTP/1.1" 200 10350
217.113.194.218 - - [19/Jul/2024:03:08:54 +0200] "GET /ticket2/opencms/en/buy/?page=1&edid=A6D20830-BAE8-6734-AED4-3AE36A06D466 HTTP/1.1" 200 84552
217.182.175.146 - - [19/Jul/2024:03:08:57 +0200] "GET /ticket2/opencms/en/buy/?page=1&edid=0A3542C4-2C38-210A-C335-CD494E25E6D2 HTTP/1.1" 200 87251
37.57.218.243 - - [19/Jul/2024:03:09:01 +0200] "GET /ticket2/opencms/en/buy/?page=1&edid=89FE7505-90F7-E10A-4E29-615C9B572E94&sortorder=desc&column=price HTTP/1.1" 200 87284
192.99.13.69 - - [19/Jul/2024:03:09:02 +0200] "GET /ticket2/opencms/se/sv/buy/?page=1&edid=9A917E53-F34C-80DD-5962-E89F4C4D92BC&sortorder=asc&column=section HTTP/1.1" 404 -
217.113.194.213 - - [19/Jul/2024:03:09:02 +0200] "GET /ticket2/opencms/en/buy/?page=1&edid=A6B0AAE3-6AD5-0CB5-930C-823AC0AFA905 HTTP/1.1" 200 87185
54.36.149.31 - - [19/Jul/2024:03:09:06 +0200] "GET /ticket2/opencms/sv/buy/?page=1&edid=17C93539-DAE9-7AD8-0195-8468AFF11DBB HTTP/1.1" 200 93961
192.99.13.69 - - [19/Jul/2024:03:09:08 +0200] "GET /ticket2/opencms/se/sv/buy/?page=1&edid=9FA189A8-6D06-3B5F-B1E8-7FAA262CA5F8&sortorder=desc&column=section HTTP/1.1" 404 -
217.113.194.213 - - [19/Jul/2024:03:09:11 +0200] "GET /ticket2/opencms/en/buy/?page=1&edid=BC1AC5C2-6726-A2A1-40BE-457E680F6800 HTTP/1.1" 200 86564
47.128.116.47 - - [19/Jul/2024:03:09:12 +0200] "GET /ticket2/opencms/no/buy/?comcatid=A17713B6-D984-201A-4143-ED4DB5ED5C2E&catid=E961462E-5AC2-64D6-5850-A310C9DEAA06 HTTP/1.1" 200 82455
47.128.116.47 - - [19/Jul/2024:03:09:13 +0200] "GET /ticket2/opencms/system/modules/com.gridnine.opencms.ticketbrokerage.site/resources/pics/logo-new.png HTTP/1.1" 200 13541
47.128.116.47 - - [19/Jul/2024:03:09:13 +0200] "GET /ticket2/opencms/system/modules/com.gridnine.opencms.ticketbrokerage.site/resources/pics/footer-img.png HTTP/1.1" 200 10350
192.99.13.69 - - [19/Jul/2024:03:09:14 +0200] "GET /ticket2/opencms/se/sv/buy/?page=1&edid=9FDDAE6E-2099-CA20-8A5D-FB81C4E4FF2C HTTP/1.1" 404 -
54.36.148.78 - - [19/Jul/2024:03:09:16 +0200] "GET /ticket2/opencms/sv/buy/?page=1&edid=17C60B20-E0E7-E85A-0B9A-F8B1FEF30825 HTTP/1.1" 200 111218
37.57.218.243 - - [19/Jul/2024:03:09:17 +0200] "GET /ticket2/opencms/en/buy/?page=1&edid=89FE7505-90F7-E10A-4E29-615C9B572E94&sortorder=desc&column=section HTTP/1.1" 200 87284
217.113.194.215 - - [19/Jul/2024:03:09:19 +0200] "GET /ticket2/opencms/en/buy/?page=1&edid=B2A6CB79-DF6D-7005-7252-128EED759603 HTTP/1.1" 200 86063
192.99.13.69 - - [19/Jul/2024:03:09:22 +0200] "GET /ticket2/opencms/se/sv/buy/?page=1&edid=A04A8B2E-0BE0-48FB-BBE8-7FD01334D08A&sortorder=asc&column=price HTTP/1.1" 404 -
217.182.175.146 - - [19/Jul/2024:03:09:25 +0200] "GET /ticket2/opencms/en/buy/?page=1&edid=0AB20BDC-9FF9-D7F9-B52D-D99550E68013&sortorder=asc&column=row HTTP/1.1" 200 87220
37.123.143.245 - - [19/Jul/2024:03:09:26 +0200] "GET /ticket2/opencms/system/workplace/views/top_foot.jsp?wpFrame=foot HTTP/1.1" 200 1211
37.123.143.245 - - [19/Jul/2024:03:09:26 +0200] "GET /ticket2/opencms/system/workplace/commons/style/workplace.css HTTP/1.1" 200 14209
54.36.148.175 - - [19/Jul/2024:03:09:26 +0200] "GET /ticket2/opencms/sv/buy/?page=1&edid=16F89E14-C93B-5426-9D05-8B8B52774D6F HTTP/1.1" 200 108608
114.119.138.235 - - [19/Jul/2024:03:09:27 +0200] "GET /ticket2/opencms/en/venue/?venueid=5A418B6B-801E-D3D5-FCE2-DE803F28D272 HTTP/1.1" 200 70700
192.99.13.69 - - [19/Jul/2024:03:09:28 +0200] "GET /ticket2/opencms/se/sv/buy/?page=1&edid=A0F8530C-88CE-F45C-5515-DD5BC52A4F5F HTTP/1.1" 404 -
217.113.194.213 - - [19/Jul/2024:03:09:29 +0200] "GET /ticket2/opencms/en/buy/?page=1&edid=E736C9F8-9994-137E-6A67-CF3119BB4296 HTTP/1.1" 200 86085
37.57.218.243 - - [19/Jul/2024:03:09:34 +0200] "GET /ticket2/opencms/en/buy/?page=1&edid=8C84F5E0-FA25-C5E3-D5D6-2695128F01FC&sortorder=desc&column=price HTTP/1.1" 200 87769
192.99.13.69 - - [19/Jul/2024:03:09:34 +0200] "GET /ticket2/opencms/se/sv/buy/?page=1&edid=A0F8530C-88CE-F45C-5515-DD5BC52A4F5F&sortorder=desc&column=price HTTP/1.1" 404 -
54.36.148.58 - - [19/Jul/2024:03:09:35 +0200] "GET /ticket2/opencms/sv/buy/?page=1&edid=14F062D9-308D-D622-3756-E9E403421B8F HTTP/1.1" 200 111183
47.128.59.81 - - [19/Jul/2024:03:09:37 +0200] "GET /ticket2/opencms/fi/buy/?catid=6E0E0CA4-3F14-9697-92B9-3687047BE453&comcatid=A17713B6-D984-201A-4143-ED4DB5ED5C2E&page=6 HTTP/1.1" 200 83393
217.113.194.213 - - [19/Jul/2024:03:09:37 +0200] "GET /ticket2/opencms/en/buy/?page=1&edid=FF4505C2-FFFA-5DE4-837C-ABEF90F4517A HTTP/1.1" 200 87865
47.128.59.81 - - [19/Jul/2024:03:09:38 +0200] "GET /ticket2/opencms/system/modules/com.gridnine.opencms.ticketbrokerage.site/resources/pics/logo-new.png HTTP/1.1" 200 13541
47.128.59.81 - - [19/Jul/2024:03:09:38 +0200] "GET /ticket2/opencms/system/modules/com.gridnine.opencms.ticketbrokerage.site/resources/pics/footer-img.png HTTP/1.1" 200 10350
192.99.13.69 - - [19/Jul/2024:03:09:40 +0200] "GET /ticket2/opencms/se/sv/buy/?page=1&edid=A0F8530C-88CE-F45C-5515-DD5BC52A4F5F&sortorder=desc&column=row HTTP/1.1" 404 -
37.57.218.243 - - [19/Jul/2024:03:09:45 +0200] "GET /ticket2/opencms/en/buy/?page=1&edid=8C84F5E0-FA25-C5E3-D5D6-2695128F01FC&sortorder=desc&column=row HTTP/1.1" 200 87769
217.113.194.217 - - [19/Jul/2024:03:09:45 +0200] "GET /ticket2/opencms/en/buy/?page=1&edid=CB12BDBD-EFE7-4E10-04F8-63E8110315D9 HTTP/1.1" 200 84599
54.36.148.211 - - [19/Jul/2024:03:09:46 +0200] "GET /ticket2/opencms/sv/buy/?page=1&edid=146B8DF6-C3A8-4789-7152-7C0ED25F8861 HTTP/1.1" 200 108599
192.99.13.69 - - [19/Jul/2024:03:09:46 +0200] "GET /ticket2/opencms/se/sv/buy/?page=1&edid=A0F8530C-88CE-F45C-5515-DD5BC52A4F5F&sortorder=desc&column=section HTTP/1.1" 404 -
192.99.13.69 - - [19/Jul/2024:03:09:52 +0200] "GET /ticket2/opencms/se/sv/buy/?page=1&edid=A195A8FE-B2EE-BA5B-F976-198FF4DA9CB4&sortorder=desc&column=section HTTP/1.1" 404 -
217.113.194.219 - - [19/Jul/2024:03:09:54 +0200] "GET /ticket2/opencms/en/buy/?page=1&edid=A5F48A53-AA8A-5B10-CC83-A4845C620376 HTTP/1.1" 200 84540
217.182.175.146 - - [19/Jul/2024:03:09:56 +0200] "GET /ticket2/opencms/en/buy/?page=1&edid=0B1DFE74-E96C-992F-F64C-5709A1D86A1D HTTP/1.1" 200 87184
37.57.218.243 - - [19/Jul/2024:03:09:57 +0200] "GET /ticket2/opencms/en/buy/?page=1&edid=8C84F5E0-FA25-C5E3-D5D6-2695128F01FC&sortorder=desc&column=section HTTP/1.1" 200 87769
192.99.13.69 - - [19/Jul/2024:03:09:57 +0200] "GET /ticket2/opencms/se/sv/buy/?page=1&edid=A1B541ED-E844-879B-8E30-DCE11620E20A HTTP/1.1" 404 -
47.128.39.157 - - [19/Jul/2024:03:10:02 +0200] "GET /ticket2/opencms/no/buy/?page=6&comcatid=A17713B6-D984-201A-4143-ED4DB5ED5C2E&catid=6BD6E0B0-84AF-3A0D-3851-C1357CE9B771 HTTP/1.1" 200 82982
217.113.194.213 - - [19/Jul/2024:03:10:02 +0200] "GET /ticket2/opencms/en/buy/?page=1&edid=A3BB5EE7-242B-8471-BA5F-84C702B85063 HTTP/1.1" 200 86314
47.128.39.157 - - [19/Jul/2024:03:10:02 +0200] "GET /ticket2/opencms/system/modules/com.gridnine.opencms.ticketbrokerage.site/resources/pics/logo-new.png HTTP/1.1" 200 13541
47.128.39.157 - - [19/Jul/2024:03:10:03 +0200] "GET /ticket2/opencms/system/modules/com.gridnine.opencms.ticketbrokerage.site/resources/pics/footer-img.png HTTP/1.1" 200 10350
54.36.149.2 - - [19/Jul/2024:03:10:03 +0200] "GET /ticket2/opencms/sv/buy/?page=1&edid=1405C6F6-8A57-7B27-F4AD-AC07240D90C6 HTTP/1.1" 200 108598
192.99.13.69 - - [19/Jul/2024:03:10:03 +0200] "GET /ticket2/opencms/se/sv/buy/?page=1&edid=A1B541ED-E844-879B-8E30-DCE11620E20A&sortorder=desc&column=price HTTP/1.1" 404 -
37.57.218.243 - - [19/Jul/2024:03:10:09 +0200] "GET /ticket2/opencms/en/buy/?page=1&edid=9247E57F-45C6-02AB-BF4B-104F5210D220 HTTP/1.1" 200 87618
192.99.13.69 - - [19/Jul/2024:03:10:10 +0200] "GET /ticket2/opencms/se/sv/buy/?page=1&edid=A1B541ED-E844-879B-8E30-DCE11620E20A&sortorder=desc&column=row HTTP/1.1" 404 -
217.113.194.221 - - [19/Jul/2024:03:10:10 +0200] "GET /ticket2/opencms/en/buy/?page=1&edid=AF02C319-B532-4F64-9DCF-3BBAABF04F0D HTTP/1.1" 200 87058
54.36.148.212 - - [19/Jul/2024:03:10:12 +0200] "GET /ticket2/opencms/sv/buy/?page=1&edid=118A3802-D725-F51C-C728-F00DE572E0E3 HTTP/1.1" 200 111218
192.99.13.69 - - [19/Jul/2024:03:10:16 +0200] "GET /ticket2/opencms/se/sv/buy/?page=1&edid=A1B541ED-E844-879B-8E30-DCE11620E20A&sortorder=desc&column=section HTTP/1.1" 404 -
37.60.249.191 - - [19/Jul/2024:03:10:17 +0200] "GET /ticket2/opencms/dk/en/buy/?page=1&edid=3389708C-18F0-B6AB-9F44-A1534328131C HTTP/1.1" 404 -
136.243.222.140 - - [19/Jul/2024:03:10:18 +0200] "GET /ticket2/opencms/en/buy?page=1&edid=5BA11D18-AC24-6566-FBBA-BF6AFADFC113 HTTP/1.1" 200 110454
217.113.194.218 - - [19/Jul/2024:03:10:19 +0200] "GET /ticket2/opencms/en/buy/?page=1&edid=BF405205-807F-3537-86FF-7A87332D9EF9 HTTP/1.1" 200 86552
192.99.13.69 - - [19/Jul/2024:03:10:22 +0200] "GET /ticket2/opencms/se/sv/buy/?page=1&edid=A1E9D50D-4D06-341C-1DC4-C8F797C50290 HTTP/1.1" 404 -
54.36.149.43 - - [19/Jul/2024:03:10:24 +0200] "GET /ticket2/opencms/sv/buy/?page=1&edid=0FF73EB9-058E-81D2-6F94-3496AE1BE402 HTTP/1.1" 200 111221
217.182.175.146 - - [19/Jul/2024:03:10:24 +0200] "GET /ticket2/opencms/en/buy/?page=1&edid=0B1DFE74-E96C-992F-F64C-5709A1D86A1D&sortorder=desc&column=row HTTP/1.1" 200 87219
47.128.44.0 - - [19/Jul/2024:03:10:25 +0200] "GET /ticket2/opencms/nl/buy/?catid=D8B345C9-F7A5-E620-4B43-C34EB0D6885B&comcatid=A17713B6-D984-201A-4143-ED4DB5ED5C2E&page=6 HTTP/1.1" 200 219083
47.128.44.0 - - [19/Jul/2024:03:10:26 +0200] "GET /ticket2/opencms/system/modules/com.gridnine.opencms.ticketbrokerage.site/resources/js/jquery.fancybox.pack.js HTTP/1.1" 200 23187
47.128.44.0 - - [19/Jul/2024:03:10:26 +0200] "GET /ticket2/opencms/system/modules/com.gridnine.opencms.ticketbrokerage.site/resources/js/stickyfill.min.js HTTP/1.1" 200 5672
37.57.218.243 - - [19/Jul/2024:03:10:27 +0200] "GET /ticket2/opencms/en/buy/?page=1&edid=9247E57F-45C6-02AB-BF4B-104F5210D220&sortorder=asc&column=price HTTP/1.1" 200 87654
47.128.44.0 - - [19/Jul/2024:03:10:27 +0200] "GET /ticket2/opencms/system/modules/com.gridnine.opencms.ticketbrokerage.site/resources/js/standard.js HTTP/1.1" 200 3978
217.113.194.215 - - [19/Jul/2024:03:10:27 +0200] "GET /ticket2/opencms/en/buy/?page=1&edid=B7610A39-4144-0BE0-019F-B5A48CCD6AC6 HTTP/1.1" 200 84561
47.128.44.0 - - [19/Jul/2024:03:10:27 +0200] "GET /ticket2/opencms/system/modules/com.gridnine.opencms.ticketbrokerage.site/resources/pics/logo-new.png HTTP/1.1" 200 13541
47.128.44.0 - - [19/Jul/2024:03:10:28 +0200] "GET /ticket2/opencms/system/modules/com.gridnine.opencms.ticketbrokerage.site/resources/pics/footer-img.png HTTP/1.1" 200 10350
192.99.13.69 - - [19/Jul/2024:03:10:30 +0200] "GET /ticket2/opencms/se/sv/buy/?page=1&edid=ADA3FA8E-E451-2930-DBC9-79D7BE9FD2EE&sortorder=desc&column=row HTTP/1.1" 404 -
47.128.23.132 - - [19/Jul/2024:03:10:31 +0200] "GET /ticket2/opencms/nl/buy/?edid=F267BE64-0678-3C51-6F26-6987170C70AB HTTP/1.1" 200 70448
47.128.23.132 - - [19/Jul/2024:03:10:32 +0200] "GET /ticket2/opencms/system/modules/com.gridnine.opencms.ticketbrokerage.site/resources/pics/logo-new.png HTTP/1.1" 200 13541
47.128.23.132 - - [19/Jul/2024:03:10:32 +0200] "GET /ticket2/opencms/system/modules/com.gridnine.opencms.ticketbrokerage.site/resources/pics/footer-img.png HTTP/1.1" 200 10350
54.36.148.63 - - [19/Jul/2024:03:10:34 +0200] "GET /ticket2/opencms/sv/buy/?page=1&edid=0950ADDE-6680-6D64-5596-5EB56BF2857E HTTP/1.1" 200 111219
217.113.194.219 - - [19/Jul/2024:03:10:35 +0200] "GET /ticket2/opencms/en/buy/?page=1&edid=BC732852-A264-0335-262D-3F9D3BB27D3A HTTP/1.1" 200 84535
192.99.13.69 - - [19/Jul/2024:03:10:37 +0200] "GET /ticket2/opencms/se/sv/buy/?page=1&edid=ADBA15E4-3F4A-A815-69DB-A98CDD1E67EB HTTP/1.1" 404 -
37.57.218.243 - - [19/Jul/2024:03:10:40 +0200] "GET /ticket2/opencms/en/buy/?page=1&edid=9247E57F-45C6-02AB-BF4B-104F5210D220&sortorder=asc&column=row HTTP/1.1" 200 87654
66.249.76.8 - - [19/Jul/2024:03:10:41 +0200] "GET /ticket2/opencms/no/buy?page=1&edid=EE1094B0-5F8D-7F5A-3592-6F4F9BDBF532 HTTP/1.1" 200 116037
66.249.79.173 - - [19/Jul/2024:03:10:42 +0200] "GET /ticket2/opencms/no/buy/?page=1&edid=299450E2-FDAD-4E2B-0058-6290A7A2B57D HTTP/1.1" 200 121033
192.99.13.69 - - [19/Jul/2024:03:10:43 +0200] "GET /ticket2/opencms/se/sv/buy/?page=1&edid=ADBA15E4-3F4A-A815-69DB-A98CDD1E67EB&sortorder=desc&column=price HTTP/1.1" 404 -
217.113.194.212 - - [19/Jul/2024:03:10:44 +0200] "GET /ticket2/opencms/en/buy/?page=1&edid=D08931AA-445E-BC00-3BB5-1EF2DCED50E2 HTTP/1.1" 200 84547
66.249.79.172 - - [19/Jul/2024:03:10:44 +0200] "GET /ticket2/opencms/sv/venue/?venueid=7DFFA88D-A72E-EF83-E1F4-D4C0A7C75BDB HTTP/1.1" 200 71543
54.36.148.41 - - [19/Jul/2024:03:10:46 +0200] "GET /ticket2/opencms/sv/buy/?page=1&edid=0485AAE1-8FAD-C552-CCB4-7F08984D949F HTTP/1.1" 200 108620
192.99.13.69 - - [19/Jul/2024:03:10:49 +0200] "GET /ticket2/opencms/se/sv/buy/?page=1&edid=ADBA15E4-3F4A-A815-69DB-A98CDD1E67EB&sortorder=desc&column=row HTTP/1.1" 404 -
176.72.97.249 - - [19/Jul/2024:03:10:50 +0200] "GET /ticket2/opencms/fi/urheilu/jalkapallo/premier_league/?gad_source=1&gclid=EAIaIQobChMI0L75y_exhwMVjhmiAx0KSw6xEAAYBCAAEgKfu_D_BwE HTTP/1.1" 200 79323
37.57.218.243 - - [19/Jul/2024:03:10:50 +0200] "GET /ticket2/opencms/en/buy/?page=1&edid=9247E57F-45C6-02AB-BF4B-104F5210D220&sortorder=asc&column=section HTTP/1.1" 200 87654
176.72.97.249 - - [19/Jul/2024:03:10:50 +0200] "GET /ticket2/opencms/system/modules/com.gridnine.opencms.ticketbrokerage.site/resources/css/ticketbrokerage.css HTTP/1.1" 200 39339
176.72.97.249 - - [19/Jul/2024:03:10:50 +0200] "GET /ticket2/opencms/system/modules/com.gridnine.opencms.ticketbrokerage.site/resources/css/calendar.css HTTP/1.1" 200 6871
176.72.97.249 - - [19/Jul/2024:03:10:50 +0200] "GET /ticket2/opencms/system/modules/com.gridnine.opencms.ticketbrokerage.site/resources/css/jquery-ui.css HTTP/1.1" 200 33221
176.72.97.249 - - [19/Jul/2024:03:10:50 +0200] "GET /ticket2/opencms/system/modules/com.gridnine.opencms.ticketbrokerage.site/resources/css/standard.css HTTP/1.1" 200 72814
47.128.28.128 - - [19/Jul/2024:03:10:50 +0200] "GET /ticket2/opencms/no/buy/?catid=6BD6E0B0-84AF-3A0D-3851-C1357CE9B771&comcatid=A17713B6-D984-201A-4143-ED4DB5ED5C2E HTTP/1.1" 200 82453
176.72.97.249 - - [19/Jul/2024:03:10:50 +0200] "GET /ticket2/opencms/system/modules/com.gridnine.opencms.ticketbrokerage.site/resources/css/jquery.fancybox.css HTTP/1.1" 200 4939
176.72.97.249 - - [19/Jul/2024:03:10:50 +0200] "GET /ticket2/opencms/system/modules/com.gridnine.opencms.ticketbrokerage.site/resources/js/jquery/jquery.js HTTP/1.1" 200 93868
176.72.97.249 - - [19/Jul/2024:03:10:50 +0200] "GET /ticket2/opencms/system/modules/com.gridnine.opencms.ticketbrokerage.site/resources/js/functions.js HTTP/1.1" 200 1583
176.72.97.249 - - [19/Jul/2024:03:10:50 +0200] "GET /ticket2/opencms/system/modules/com.gridnine.opencms.ticketbrokerage.site/resources/js/jquery/jquery-ui.js HTTP/1.1" 200 228088
176.72.97.249 - - [19/Jul/2024:03:10:50 +0200] "GET /ticket2/opencms/system/modules/com.gridnine.opencms.ticketbrokerage.site/resources/js/calendar.js HTTP/1.1" 200 49229
176.72.97.249 - - [19/Jul/2024:03:10:50 +0200] "GET /ticket2/opencms/system/modules/com.gridnine.opencms.ticketbrokerage.site/resources/js/calendar-en.js HTTP/1.1" 200 3338
176.72.97.249 - - [19/Jul/2024:03:10:50 +0200] "GET /ticket2/opencms/system/modules/com.gridnine.opencms.ticketbrokerage.site/resources/js/calendar-setup.js HTTP/1.1" 200 4923
176.72.97.249 - - [19/Jul/2024:03:10:50 +0200] "GET /ticket2/opencms/system/modules/com.gridnine.opencms.ticketbrokerage.site/resources/js/jquery.fancybox.pack.js HTTP/1.1" 200 23187
176.72.97.249 - - [19/Jul/2024:03:10:50 +0200] "GET /ticket2/opencms/system/modules/com.gridnine.opencms.ticketbrokerage.site/resources/js/stickyfill.min.js HTTP/1.1" 200 5672
176.72.97.249 - - [19/Jul/2024:03:10:50 +0200] "GET /ticket2/opencms/img/icons/no.png HTTP/1.1" 200 1958
176.72.97.249 - - [19/Jul/2024:03:10:50 +0200] "GET /ticket2/opencms/img/icons/se.png HTTP/1.1" 200 1258
176.72.97.249 - - [19/Jul/2024:03:10:50 +0200] "GET /ticket2/opencms/system/modules/com.gridnine.opencms.ticketbrokerage.site/resources/js/jquery.placeholder.min.js HTTP/1.1" 200 1737
176.72.97.249 - - [19/Jul/2024:03:10:50 +0200] "GET /ticket2/opencms/system/modules/com.gridnine.opencms.ticketbrokerage.site/resources/js/common-ajax.js HTTP/1.1" 200 20175
176.72.97.249 - - [19/Jul/2024:03:10:50 +0200] "GET /ticket2/opencms/system/modules/com.gridnine.opencms.ticketbrokerage.site/resources/pics/logo-new.png HTTP/1.1" 200 13541
176.72.97.249 - - [19/Jul/2024:03:10:50 +0200] "GET /ticket2/opencms/system/modules/com.gridnine.opencms.ticketbrokerage.site/resources/js/standard.js HTTP/1.1" 200 3978
176.72.97.249 - - [19/Jul/2024:03:10:50 +0200] "GET /ticket2/opencms/img/icons/dk.png HTTP/1.1" 200 1706
176.72.97.249 - - [19/Jul/2024:03:10:50 +0200] "GET /ticket2/opencms/img/icons/fi.png HTTP/1.1" 200 1785
176.72.97.249 - - [19/Jul/2024:03:10:50 +0200] "GET /ticket2/opencms/img/insta.png HTTP/1.1" 200 3967
176.72.97.249 - - [19/Jul/2024:03:10:50 +0200] "GET /ticket2/opencms/system/modules/com.gridnine.opencms.ticketbrokerage.site/resources/pics/footer-img.png HTTP/1.1" 200 10350
176.72.97.249 - - [19/Jul/2024:03:10:50 +0200] "GET /ticket2/opencms/img/fb.png HTTP/1.1" 200 1269
176.72.97.249 - - [19/Jul/2024:03:10:50 +0200] "GET /ticket2/opencms/system/modules/com.gridnine.opencms.ticketbrokerage.site/resources/pics/banners/sv/premier_league_sv.png HTTP/1.1" 200 13518
176.72.97.249 - - [19/Jul/2024:03:10:50 +0200] "GET /ticket2/opencms/img/check.png HTTP/1.1" 200 548
176.72.97.249 - - [19/Jul/2024:03:10:50 +0200] "GET /ticket2/opencms/img/mail.png HTTP/1.1" 200 403
176.72.97.249 - - [19/Jul/2024:03:10:50 +0200] "GET /ticket2/opencms/img/arrow.png HTTP/1.1" 200 753
176.72.97.249 - - [19/Jul/2024:03:10:50 +0200] "GET /ticket2/opencms/img/chat.png HTTP/1.1" 200 416
47.128.28.128 - - [19/Jul/2024:03:10:51 +0200] "GET /ticket2/opencms/system/modules/com.gridnine.opencms.ticketbrokerage.site/resources/pics/logo-new.png HTTP/1.1" 200 13541
176.72.97.249 - - [19/Jul/2024:03:10:51 +0200] "GET /ticket2/opencms/img/icons/dk.png HTTP/1.1" 200 1706
176.72.97.249 - - [19/Jul/2024:03:10:51 +0200] "GET /ticket2/opencms/img/icons/nl.png HTTP/1.1" 200 1255
176.72.97.249 - - [19/Jul/2024:03:10:51 +0200] "GET /ticket2/opencms/img/icons/de.png HTTP/1.1" 200 1124
176.72.97.249 - - [19/Jul/2024:03:10:51 +0200] "GET /ticket2/opencms/img/icons/fi.png HTTP/1.1" 200 1785
176.72.97.249 - - [19/Jul/2024:03:10:51 +0200] "GET /ticket2/opencms/img/icons/globe-white.png HTTP/1.1" 200 947
176.72.97.249 - - [19/Jul/2024:03:10:51 +0200] "GET /ticket2/opencms/img/icons/fr.png HTTP/1.1" 200 1764
176.72.97.249 - - [19/Jul/2024:03:10:51 +0200] "GET /ticket2/opencms/img/icons/es.png HTTP/1.1" 200 1005
176.72.97.249 - - [19/Jul/2024:03:10:51 +0200] "GET /ticket2/opencms/img/icons/en.png HTTP/1.1" 200 2415
176.72.97.249 - - [19/Jul/2024:03:10:51 +0200] "GET /ticket2/opencms/img/icons/it.png HTTP/1.1" 200 2040
47.128.28.128 - - [19/Jul/2024:03:10:51 +0200] "GET /ticket2/opencms/system/modules/com.gridnine.opencms.ticketbrokerage.site/resources/pics/footer-img.png HTTP/1.1" 200 10350
176.72.97.249 - - [19/Jul/2024:03:10:52 +0200] "GET /ticket2/opencms/favicon.ico HTTP/1.1" 200 1406
176.72.97.249 - - [19/Jul/2024:03:10:53 +0200] "GET /ticket2/opencms/system/modules/com.gridnine.opencms.ticketbrokerage.site/resources/js/standard.js HTTP/1.1" 200 3978
217.182.175.146 - - [19/Jul/2024:03:10:53 +0200] "GET /ticket2/opencms/en/buy/?page=1&edid=0B5441DB-65AE-25E2-D66F-B709450A0E12&sortorder=desc&column=price HTTP/1.1" 200 86787
217.113.194.214 - - [19/Jul/2024:03:10:54 +0200] "GET /ticket2/opencms/en/buy/?page=1&edid=D752AF69-B9F7-C8CF-3673-91922714AC7B HTTP/1.1" 200 87156
176.72.97.249 - - [19/Jul/2024:03:10:54 +0200] "GET /ticket2/opencms/system/modules/com.gridnine.opencms.ticketbrokerage.site/resources/css/images/ui-bg_flat_75_ffffff_40x100.png HTTP/1.1" 404 -
54.36.148.176 - - [19/Jul/2024:03:10:57 +0200] "GET /ticket2/opencms/sv/buy/?page=1&edid=02A96DEA-D3ED-1404-8606-3CAABA78A871 HTTP/1.1" 200 108614
192.99.13.69 - - [19/Jul/2024:03:10:57 +0200] "GET /ticket2/opencms/se/sv/buy/?page=1&edid=ADE7AA6B-58B7-7155-682C-C32943F9CDAC HTTP/1.1" 404 -
37.57.218.243 - - [19/Jul/2024:03:11:01 +0200] "GET /ticket2/opencms/en/buy/?page=1&edid=9247E57F-45C6-02AB-BF4B-104F5210D220&sortorder=desc&column=price HTTP/1.1" 200 87653
154.54.249.216 - - [19/Jul/2024:03:11:02 +0200] "GET /ticket2/opencms/en/buy/?page=1&edid=F92F82BB-2239-D9B1-F257-4858176C8B64 HTTP/1.1" 200 84566
192.99.13.69 - - [19/Jul/2024:03:11:05 +0200] "GET /ticket2/opencms/se/sv/buy/?page=1&edid=ADE7AA6B-58B7-7155-682C-C32943F9CDAC&sortorder=desc&column=price HTTP/1.1" 404 -
217.113.194.218 - - [19/Jul/2024:03:11:10 +0200] "GET /ticket2/opencms/en/buy/?page=1&edid=FEC55A08-67DE-52B7-7760-E96A945C9969 HTTP/1.1" 200 86562
192.99.13.69 - - [19/Jul/2024:03:11:11 +0200] "GET /ticket2/opencms/se/sv/buy/?page=1&edid=ADE7AA6B-58B7-7155-682C-C32943F9CDAC&sortorder=desc&column=row HTTP/1.1" 404 -
54.36.148.160 - - [19/Jul/2024:03:11:12 +0200] "GET /ticket2/opencms/fi/buy/?page=1&edid=61903C96-F8B6-482A-0523-00721D5B62AF HTTP/1.1" 200 109768
47.128.28.248 - - [19/Jul/2024:03:11:15 +0200] "GET /ticket2/opencms/fi/buy/?comcatid=A17713B6-D984-201A-4143-ED4DB5ED5C2E&catid=E92E6B1B-7CD1-74B1-312C-265A7D8125D0 HTTP/1.1" 200 82819
47.128.28.248 - - [19/Jul/2024:03:11:15 +0200] "GET /ticket2/opencms/system/modules/com.gridnine.opencms.ticketbrokerage.site/resources/pics/logo-new.png HTTP/1.1" 200 13541
47.128.28.248 - - [19/Jul/2024:03:11:16 +0200] "GET /ticket2/opencms/system/modules/com.gridnine.opencms.ticketbrokerage.site/resources/pics/footer-img.png HTTP/1.1" 200 10350
114.119.155.232 - - [19/Jul/2024:03:11:18 +0200] "GET /ticket2/opencms/en/buy/?page=1&edid=C6066F25-BD4D-21BB-6647-DA388B114B52 HTTP/1.1" 200 87372
192.99.13.69 - - [19/Jul/2024:03:11:18 +0200] "GET /ticket2/opencms/se/sv/buy/?page=1&edid=ADE7AA6B-58B7-7155-682C-C32943F9CDAC&sortorder=desc&column=section HTTP/1.1" 404 -
37.57.218.243 - - [19/Jul/2024:03:11:18 +0200] "GET /ticket2/opencms/en/buy/?page=1&edid=9247E57F-45C6-02AB-BF4B-104F5210D220&sortorder=desc&column=row HTTP/1.1" 200 87653
217.113.194.215 - - [19/Jul/2024:03:11:19 +0200] "GET /ticket2/opencms/en/buy/?page=1&edid=C5825769-AAE5-D64C-4386-3719AC8F2463 HTTP/1.1" 200 84562
66.249.76.170 - - [19/Jul/2024:03:11:19 +0200] "GET /ticket2/opencms/ HTTP/1.1" 302 -
217.182.175.146 - - [19/Jul/2024:03:11:21 +0200] "GET /ticket2/opencms/en/buy/?page=1&edid=0B5441DB-65AE-25E2-D66F-B709450A0E12&sortorder=desc&column=row HTTP/1.1" 200 86787
54.36.149.63 - - [19/Jul/2024:03:11:21 +0200] "GET /ticket2/opencms/sv/sell/?edid=DD282B35-B6B7-ECA0-02E0-90864F5E2B50 HTTP/1.1" 302 -
