114.119.159.123 - - [19/Jul/2024:02:10:03 +0200] "GET /ticket2/opencms/en/venue/?venueid=FA666C19-3DA3-0D92-7BB2-08926CE77F9C HTTP/1.1" 200 70686
192.99.15.185 - - [19/Jul/2024:02:10:08 +0200] "GET /ticket2/opencms/dk/fi/login/?edid=FF0FFBB7-01D1-CC6B-4FB6-722B87EE8E38 HTTP/1.1" 404 -
217.113.194.219 - - [19/Jul/2024:02:10:09 +0200] "GET /ticket2/opencms/fi/buy/?page=1&edid=D4B0BDE4-09A9-989C-DC99-86EBA1479A75 HTTP/1.1" 200 86392
192.99.15.185 - - [19/Jul/2024:02:10:14 +0200] "GET /ticket2/opencms/dk/fi/login/?edid=FF3DA28B-4575-B41C-4A40-DA5E05530770 HTTP/1.1" 404 -
217.113.194.220 - - [19/Jul/2024:02:10:17 +0200] "GET /ticket2/opencms/fi/buy/?page=1&edid=BC87A59C-CB14-AF59-6452-4201B2FD2159 HTTP/1.1" 200 86364
192.99.15.185 - - [19/Jul/2024:02:10:17 +0200] "GET /ticket2/opencms/dk/fi/sell/?edid=7620AC05-C07D-20B0-5C26-2BB0AB225757 HTTP/1.1" 404 -
192.99.15.185 - - [19/Jul/2024:02:10:21 +0200] "GET /ticket2/opencms/dk/fi/sell/?edid=AD7CC956-29A2-9E10-9B81-D673B6C0E599 HTTP/1.1" 404 -
192.99.15.185 - - [19/Jul/2024:02:10:24 +0200] "GET /ticket2/opencms/dk/fi/sell/?edid=CE46419D-8212-4E80-4D96-946A95260D8F HTTP/1.1" 404 -
154.54.249.216 - - [19/Jul/2024:02:10:25 +0200] "GET /ticket2/opencms/fi/buy/?page=1&edid=F8674EAE-B194-78D5-4663-F442D624367B HTTP/1.1" 200 86355
192.99.15.185 - - [19/Jul/2024:02:10:28 +0200] "GET /ticket2/opencms/dk/fi/sell/?edid=DAFDD77A-6D0A-08E5-2794-012E560891FE HTTP/1.1" 404 -
192.99.15.185 - - [19/Jul/2024:02:10:31 +0200] "GET /ticket2/opencms/dk/fi/sell/?edid=FFD295A3-4EEF-0AC4-F4B4-46E2317B286E HTTP/1.1" 404 -
66.249.79.231 - - [19/Jul/2024:02:10:32 +0200] "GET /ticket2/opencms/fi/venue/?venueid=C5476B3C-0464-46FE-ABA4-218B7E7B42C3 HTTP/1.1" 200 72280
66.249.79.233 - - [19/Jul/2024:02:10:34 +0200] "GET /ticket2/opencms/fi/venue/?venueid=3ED5EA9D-5706-84F2-16D2-FC98CC15FF4D HTTP/1.1" 200 72298
217.113.194.218 - - [19/Jul/2024:02:10:34 +0200] "GET /ticket2/opencms/fi/buy/?page=1&edid=D5B81160-5A22-90F4-4C7D-41FAC7585E96 HTTP/1.1" 200 86384
192.99.15.185 - - [19/Jul/2024:02:10:36 +0200] "GET /ticket2/opencms/dk/fi/sell/?edid=0226A6B7-0BBD-40A6-8BD9-9B12CF3E86ED HTTP/1.1" 404 -
47.128.122.147 - - [19/Jul/2024:02:10:38 +0200] "GET /ticket2/opencms/fr/magazine/article?title=chelsea-contre-tottenham-2-0 HTTP/1.1" 200 76625
47.128.122.147 - - [19/Jul/2024:02:10:38 +0200] "GET /ticket2/opencms/system/modules/com.gridnine.opencms.ticketbrokerage.site/resources/pics/logo-new.png HTTP/1.1" 200 13541
47.128.122.147 - - [19/Jul/2024:02:10:39 +0200] "GET /ticket2/opencms/system/modules/com.gridnine.opencms.ticketbrokerage.site/resources/pics/footer-img.png HTTP/1.1" 200 10350
192.99.15.185 - - [19/Jul/2024:02:10:42 +0200] "GET /ticket2/opencms/dk/fi/sell/?edid=7620AC05-C07D-20B0-5C26-2BB0AB225757 HTTP/1.1" 404 -
217.113.194.220 - - [19/Jul/2024:02:10:42 +0200] "GET /ticket2/opencms/fi/buy/?page=1&edid=59ABDBF1-4813-8995-77C0-8EA92472A9DB HTTP/1.1" 200 86370
192.99.15.185 - - [19/Jul/2024:02:10:47 +0200] "GET /ticket2/opencms/dk/fi/sell/?edid=7CED7E0F-6B54-D4FC-72EC-13278592A560 HTTP/1.1" 404 -
47.128.17.107 - - [19/Jul/2024:02:10:48 +0200] "GET /ticket2/opencms/dk/buy/?edid=44D167E7-554F-DC29-C45D-3596737FE6BB HTTP/1.1" 200 71437
47.128.17.107 - - [19/Jul/2024:02:10:49 +0200] "GET /ticket2/opencms/system/modules/com.gridnine.opencms.ticketbrokerage.site/resources/js/standard.js HTTP/1.1" 200 3978
217.113.194.216 - - [19/Jul/2024:02:10:50 +0200] "GET /ticket2/opencms/fi/buy/?page=1&edid=59A4120C-C5C5-609E-90A3-E9562D59225B HTTP/1.1" 200 86369
192.99.15.185 - - [19/Jul/2024:02:10:52 +0200] "GET /ticket2/opencms/dk/fi/sell/?edid=98C1240D-E032-0B95-7573-C567C14D7D16 HTTP/1.1" 404 -
47.128.17.107 - - [19/Jul/2024:02:10:56 +0200] "GET /ticket2/opencms/system/modules/com.gridnine.opencms.ticketbrokerage.site/resources/pics/logo-new.png HTTP/1.1" 200 13541
47.128.17.107 - - [19/Jul/2024:02:10:56 +0200] "GET /ticket2/opencms/system/modules/com.gridnine.opencms.ticketbrokerage.site/resources/pics/footer-img.png HTTP/1.1" 200 10350
192.99.15.185 - - [19/Jul/2024:02:10:58 +0200] "GET /ticket2/opencms/dk/fi/sell/?edid=AD7CC956-29A2-9E10-9B81-D673B6C0E599 HTTP/1.1" 404 -
217.113.194.214 - - [19/Jul/2024:02:10:59 +0200] "GET /ticket2/opencms/fi/buy/?page=1&edid=4C435068-2914-927E-8327-2B61F6CCAD69 HTTP/1.1" 200 86399
192.99.15.185 - - [19/Jul/2024:02:11:03 +0200] "GET /ticket2/opencms/dk/fi/sell/?edid=CE46419D-8212-4E80-4D96-946A95260D8F HTTP/1.1" 404 -
217.113.194.217 - - [19/Jul/2024:02:11:07 +0200] "GET /ticket2/opencms/fi/buy/?page=1&edid=4C0DA220-1779-502C-4D80-034CC2AA90C5 HTTP/1.1" 200 88127
192.99.15.185 - - [19/Jul/2024:02:11:09 +0200] "GET /ticket2/opencms/dk/fi/sell/?edid=DAFDD77A-6D0A-08E5-2794-012E560891FE HTTP/1.1" 404 -
192.99.15.185 - - [19/Jul/2024:02:11:14 +0200] "GET /ticket2/opencms/dk/fi/sell/?edid=FFD295A3-4EEF-0AC4-F4B4-46E2317B286E HTTP/1.1" 404 -
217.113.194.221 - - [19/Jul/2024:02:11:15 +0200] "GET /ticket2/opencms/fi/buy/?page=1&edid=5FC6C488-1341-5813-CDAE-BEB94454A083 HTTP/1.1" 200 86392
192.99.15.185 - - [19/Jul/2024:02:11:18 +0200] "GET /ticket2/opencms/dk/fi/venue/?countryid=08DE8999-72B5-1ADD-5E76-2A7D1399FECF HTTP/1.1" 404 -
192.99.15.185 - - [19/Jul/2024:02:11:21 +0200] "GET /ticket2/opencms/dk/fi/venue/?countryid=0B8FEDC3-C68A-3535-943E-BD0B117D00A8 HTTP/1.1" 404 -
154.54.249.216 - - [19/Jul/2024:02:11:24 +0200] "GET /ticket2/opencms/fi/buy/?page=1&edid=1A21C4F3-D025-5050-32F3-6849296A0A49 HTTP/1.1" 200 86380
192.99.15.185 - - [19/Jul/2024:02:11:25 +0200] "GET /ticket2/opencms/dk/fi/venue/?countryid=3074CB3F-D378-D1B1-5E17-3ED6547AC5E1 HTTP/1.1" 404 -
192.99.15.185 - - [19/Jul/2024:02:11:28 +0200] "GET /ticket2/opencms/dk/fi/venue/?countryid=656DB01E-8560-3560-F23F-27BC90E7C03C HTTP/1.1" 404 -
34.230.83.64 - - [19/Jul/2024:02:11:30 +0200] "GET /ticket2/opencms/robots.txt HTTP/1.1" 200 773
47.128.42.216 - - [19/Jul/2024:02:11:31 +0200] "GET /ticket2/opencms/fi/venue/?venueid=91526645-E783-705C-B0EA-08AE718DF753 HTTP/1.1" 200 72261
47.128.42.216 - - [19/Jul/2024:02:11:31 +0200] "GET /ticket2/opencms/system/modules/com.gridnine.opencms.ticketbrokerage.site/resources/pics/logo-new.png HTTP/1.1" 200 13541
192.99.15.185 - - [19/Jul/2024:02:11:32 +0200] "GET /ticket2/opencms/dk/fi/venue/?countryid=6DB0834B-E25F-449A-5515-025982E4CF10 HTTP/1.1" 404 -
47.128.42.216 - - [19/Jul/2024:02:11:32 +0200] "GET /ticket2/opencms/system/modules/com.gridnine.opencms.ticketbrokerage.site/resources/pics/footer-img.png HTTP/1.1" 200 10350
79.110.187.217 - - [19/Jul/2024:02:11:32 +0200] "GET /ticket2/opencms/ HTTP/1.1" 302 -
217.113.194.221 - - [19/Jul/2024:02:11:32 +0200] "GET /ticket2/opencms/fi/buy/?page=1&edid=2FEC6466-2972-B3E3-5EB3-4D7B08898B31 HTTP/1.1" 200 88559
192.99.15.185 - - [19/Jul/2024:02:11:35 +0200] "GET /ticket2/opencms/dk/fi/venue/?countryid=87A625FD-F8B4-E412-121A-2F51AA59B0DD HTTP/1.1" 404 -
79.110.187.217 - - [19/Jul/2024:02:11:35 +0200] "GET /ticket2/opencms/en/ HTTP/1.1" 200 94039
192.99.15.185 - - [19/Jul/2024:02:11:39 +0200] "GET /ticket2/opencms/dk/fi/venue/?countryid=925A6494-6F30-A898-105B-2B0AB62464E2 HTTP/1.1" 404 -
217.113.194.218 - - [19/Jul/2024:02:11:40 +0200] "GET /ticket2/opencms/fi/buy/?page=1&edid=2BD79B71-800A-C357-916D-556B8E35E774 HTTP/1.1" 200 86340
192.99.15.185 - - [19/Jul/2024:02:11:42 +0200] "GET /ticket2/opencms/dk/nl/buy/?page=1&edid=02FBDBA4-255B-DEF6-A49F-43465A79064D&sortorder=asc&column=row HTTP/1.1" 404 -
192.99.15.185 - - [19/Jul/2024:02:11:45 +0200] "GET /ticket2/opencms/dk/nl/buy/?page=1&edid=02FBDBA4-255B-DEF6-A49F-43465A79064D&sortorder=asc&column=section HTTP/1.1" 404 -
154.54.249.216 - - [19/Jul/2024:02:11:49 +0200] "GET /ticket2/opencms/fi/buy/?page=1&edid=1260CE5D-7BE1-B121-0CBF-652705BD383D HTTP/1.1" 200 86351
192.99.15.185 - - [19/Jul/2024:02:11:49 +0200] "GET /ticket2/opencms/dk/nl/buy/?page=1&edid=03208385-D01E-F3E2-867D-8006D926BFD1&sortorder=asc&column=row HTTP/1.1" 404 -
192.99.15.185 - - [19/Jul/2024:02:11:52 +0200] "GET /ticket2/opencms/dk/nl/buy/?page=1&edid=0477FD06-96DA-B114-0215-1A5B86788F96&sortorder=asc&column=price HTTP/1.1" 404 -
192.99.15.185 - - [19/Jul/2024:02:11:56 +0200] "GET /ticket2/opencms/dk/nl/buy/?page=1&edid=0477FD06-96DA-B114-0215-1A5B86788F96&sortorder=desc&column=price HTTP/1.1" 404 -
66.249.76.8 - - [19/Jul/2024:02:11:56 +0200] "GET /ticket2/opencms/dk/buy/?page=1&edid=8EF7EC9D-9BC8-1DEC-C27C-0541D5C5F471 HTTP/1.1" 200 102896
217.113.194.215 - - [19/Jul/2024:02:11:57 +0200] "GET /ticket2/opencms/fi/buy/?page=1&edid=62C82733-60F1-03A2-E835-341F90725E7D HTTP/1.1" 200 89040
192.99.15.185 - - [19/Jul/2024:02:11:59 +0200] "GET /ticket2/opencms/dk/nl/buy/?page=1&edid=05DADE7F-00AF-E143-A0BB-169BC09ACB7E&sortorder=asc&column=row HTTP/1.1" 404 -
192.99.15.185 - - [19/Jul/2024:02:12:03 +0200] "GET /ticket2/opencms/dk/nl/buy/?page=1&edid=0750C6FE-B11D-02C8-6F08-958B2A2EF455&sortorder=asc&column=price HTTP/1.1" 404 -
217.113.194.214 - - [19/Jul/2024:02:12:05 +0200] "GET /ticket2/opencms/fi/buy/?page=1&edid=62AD3E5F-AD17-1F17-3C96-3792C957510A HTTP/1.1" 200 88027
192.99.15.185 - - [19/Jul/2024:02:12:06 +0200] "GET /ticket2/opencms/dk/nl/buy/?page=1&edid=0750C6FE-B11D-02C8-6F08-958B2A2EF455&sortorder=asc&column=row HTTP/1.1" 404 -
114.119.137.43 - - [19/Jul/2024:02:12:07 +0200] "GET /ticket2/opencms/en/sell/?edid=18B0B583-A470-76E9-9DCA-AF15E53284F6 HTTP/1.1" 302 -
192.99.15.185 - - [19/Jul/2024:02:12:10 +0200] "GET /ticket2/opencms/dk/nl/buy/?page=1&edid=0750C6FE-B11D-02C8-6F08-958B2A2EF455&sortorder=asc&column=section HTTP/1.1" 404 -
114.119.137.43 - - [19/Jul/2024:02:12:10 +0200] "GET /ticket2/opencms/en/login/?url=/en/sell/ HTTP/1.1" 200 72802
192.99.15.185 - - [19/Jul/2024:02:12:13 +0200] "GET /ticket2/opencms/dk/nl/buy/?page=1&edid=0750C6FE-B11D-02C8-6F08-958B2A2EF455&sortorder=desc&column=row HTTP/1.1" 404 -
154.54.249.216 - - [19/Jul/2024:02:12:14 +0200] "GET /ticket2/opencms/fi/buy/?page=1&edid=62CBCFCE-73FC-4032-B8DE-55B860E31698 HTTP/1.1" 200 86363
192.99.15.185 - - [19/Jul/2024:02:12:17 +0200] "GET /ticket2/opencms/dk/nl/buy/?page=1&edid=075E9D69-E3B7-A8A2-8C46-F8FA3B9B7184&sortorder=asc&column=price HTTP/1.1" 404 -
192.99.15.185 - - [19/Jul/2024:02:12:20 +0200] "GET /ticket2/opencms/dk/nl/buy/?page=1&edid=075E9D69-E3B7-A8A2-8C46-F8FA3B9B7184&sortorder=asc&column=row HTTP/1.1" 404 -
217.113.194.217 - - [19/Jul/2024:02:12:22 +0200] "GET /ticket2/opencms/fi/buy/?page=1&edid=56EA9D72-898E-A001-2C5E-AE2D848D383C HTTP/1.1" 200 88123
47.128.63.19 - - [19/Jul/2024:02:12:23 +0200] "GET /ticket2/opencms/fi/buy/?catid=F03B8ADD-988E-AE6A-8DBA-AF502C691C60&comcatid=A17713B6-D984-201A-4143-ED4DB5ED5C2E&page=6 HTTP/1.1" 200 83398
47.128.63.19 - - [19/Jul/2024:02:12:24 +0200] "GET /ticket2/opencms/system/modules/com.gridnine.opencms.ticketbrokerage.site/resources/pics/logo-new.png HTTP/1.1" 200 13541
192.99.15.185 - - [19/Jul/2024:02:12:24 +0200] "GET /ticket2/opencms/dk/nl/buy/?page=1&edid=0905017B-5DF1-4D6D-4C83-EAD39CD6BCA4&sortorder=asc&column=price HTTP/1.1" 404 -
47.128.63.19 - - [19/Jul/2024:02:12:24 +0200] "GET /ticket2/opencms/system/modules/com.gridnine.opencms.ticketbrokerage.site/resources/pics/footer-img.png HTTP/1.1" 200 10350
192.99.15.185 - - [19/Jul/2024:02:12:27 +0200] "GET /ticket2/opencms/dk/nl/buy/?page=1&edid=0905017B-5DF1-4D6D-4C83-EAD39CD6BCA4&sortorder=asc&column=row HTTP/1.1" 404 -
217.113.194.212 - - [19/Jul/2024:02:12:30 +0200] "GET /ticket2/opencms/fi/buy/?page=1&edid=91E37245-9400-B91A-9976-78B31AE925FA HTTP/1.1" 200 88988
192.99.15.185 - - [19/Jul/2024:02:12:31 +0200] "GET /ticket2/opencms/dk/nl/buy/?page=1&edid=0905017B-5DF1-4D6D-4C83-EAD39CD6BCA4&sortorder=asc&column=section HTTP/1.1" 404 -
192.99.15.185 - - [19/Jul/2024:02:12:34 +0200] "GET /ticket2/opencms/dk/nl/buy/?page=1&edid=09DE46D7-1C1F-33BE-37FA-869EBDC3AD7C&sortorder=desc&column=price HTTP/1.1" 404 -
66.249.79.173 - - [19/Jul/2024:02:12:35 +0200] "GET /ticket2/opencms/sv/buy?page=1&edid=3DE00F0C-D064-F580-0B18-1943C6741906 HTTP/1.1" 200 94209
66.249.76.170 - - [19/Jul/2024:02:12:36 +0200] "GET /ticket2/opencms/fi/venue/?venueid=8C459824-0791-C4B3-96A5-E2175298EB51 HTTP/1.1" 200 72277
192.99.15.185 - - [19/Jul/2024:02:12:38 +0200] "GET /ticket2/opencms/dk/nl/buy/?page=1&edid=0AB20BDC-9FF9-D7F9-B52D-D99550E68013&sortorder=desc&column=price HTTP/1.1" 404 -
217.113.194.219 - - [19/Jul/2024:02:12:39 +0200] "GET /ticket2/opencms/fi/buy/?page=1&edid=9F33474D-DF83-84A4-B633-66E3518BBC4B HTTP/1.1" 200 86362
192.99.15.185 - - [19/Jul/2024:02:12:41 +0200] "GET /ticket2/opencms/dk/nl/buy/?page=1&edid=0AB20BDC-9FF9-D7F9-B52D-D99550E68013&sortorder=desc&column=row HTTP/1.1" 404 -
114.119.140.175 - - [19/Jul/2024:02:12:44 +0200] "GET /ticket2/opencms/en/sell?edid=2B4B21AC-3A39-C63E-397C-084E798BD2FE HTTP/1.1" 302 -
192.99.15.185 - - [19/Jul/2024:02:12:44 +0200] "GET /ticket2/opencms/dk/nl/buy/?page=1&edid=0AB20BDC-9FF9-D7F9-B52D-D99550E68013&sortorder=desc&column=section HTTP/1.1" 404 -
217.113.194.220 - - [19/Jul/2024:02:12:47 +0200] "GET /ticket2/opencms/fi/buy/?page=1&edid=90ECD66C-C911-E023-FDD4-A285886FB22C HTTP/1.1" 200 86365
114.119.140.175 - - [19/Jul/2024:02:12:48 +0200] "GET /ticket2/opencms/en/login/?url=/en/sell/ HTTP/1.1" 200 72802
192.99.15.185 - - [19/Jul/2024:02:12:48 +0200] "GET /ticket2/opencms/dk/nl/buy/?page=1&edid=0B9C9611-7234-C267-7CAE-EF320FD80690&sortorder=asc&column=price HTTP/1.1" 404 -
192.99.15.185 - - [19/Jul/2024:02:12:51 +0200] "GET /ticket2/opencms/dk/nl/buy/?page=1&edid=0B9C9611-7234-C267-7CAE-EF320FD80690&sortorder=asc&column=section HTTP/1.1" 404 -
192.99.15.185 - - [19/Jul/2024:02:12:55 +0200] "GET /ticket2/opencms/dk/nl/buy/?page=1&edid=0D33199C-853B-C4DC-F1E2-6CF75BE0B211&sortorder=asc&column=price HTTP/1.1" 404 -
154.54.249.216 - - [19/Jul/2024:02:12:55 +0200] "GET /ticket2/opencms/fi/buy/?page=1&edid=9219490E-57C2-9B65-4F03-B2B5521A5479 HTTP/1.1" 200 86372
192.99.15.185 - - [19/Jul/2024:02:12:58 +0200] "GET /ticket2/opencms/dk/nl/buy/?page=1&edid=0D33199C-853B-C4DC-F1E2-6CF75BE0B211&sortorder=asc&column=row HTTP/1.1" 404 -
192.99.15.185 - - [19/Jul/2024:02:13:02 +0200] "GET /ticket2/opencms/dk/nl/buy/?page=1&edid=0D33199C-853B-C4DC-F1E2-6CF75BE0B211&sortorder=asc&column=section HTTP/1.1" 404 -
217.113.194.215 - - [19/Jul/2024:02:13:04 +0200] "GET /ticket2/opencms/fi/buy/?page=1&edid=5956B73A-B807-7C9A-2F14-46BF41A9289C HTTP/1.1" 200 86355
192.99.15.185 - - [19/Jul/2024:02:13:05 +0200] "GET /ticket2/opencms/dk/nl/buy/?page=1&edid=0F8744B2-A108-647C-1F63-181C4766CA41&sortorder=asc&column=section HTTP/1.1" 404 -
47.128.60.254 - - [19/Jul/2024:02:13:06 +0200] "GET /ticket2/opencms/dk/buy/?edid=8E565EE5-A6F4-D9ED-994A-676DC5E87EA7 HTTP/1.1" 200 71437
47.128.60.254 - - [19/Jul/2024:02:13:07 +0200] "GET /ticket2/opencms/system/modules/com.gridnine.opencms.ticketbrokerage.site/resources/pics/logo-new.png HTTP/1.1" 200 13541
47.128.60.254 - - [19/Jul/2024:02:13:07 +0200] "GET /ticket2/opencms/system/modules/com.gridnine.opencms.ticketbrokerage.site/resources/pics/footer-img.png HTTP/1.1" 200 10350
192.99.15.185 - - [19/Jul/2024:02:13:09 +0200] "GET /ticket2/opencms/dk/nl/buy/?page=1&edid=1668013F-3B82-FE85-2AEC-4B43F85BF774&sortorder=asc&column=row HTTP/1.1" 404 -
217.113.194.213 - - [19/Jul/2024:02:13:12 +0200] "GET /ticket2/opencms/fi/buy/?page=1&edid=764956C3-CEDA-A514-1224-5FE89F02C437 HTTP/1.1" 200 87954
47.128.21.176 - - [19/Jul/2024:02:13:16 +0200] "GET /ticket2/opencms/no/buying_tickets/ HTTP/1.1" 200 73396
47.128.21.176 - - [19/Jul/2024:02:13:16 +0200] "GET /ticket2/opencms/system/modules/com.gridnine.opencms.ticketbrokerage.site/resources/pics/logo-new.png HTTP/1.1" 200 13541
47.128.21.176 - - [19/Jul/2024:02:13:17 +0200] "GET /ticket2/opencms/system/modules/com.gridnine.opencms.ticketbrokerage.site/resources/pics/content/buy_tickets_no.png HTTP/1.1" 200 16655
47.128.21.176 - - [19/Jul/2024:02:13:17 +0200] "GET /ticket2/opencms/system/modules/com.gridnine.opencms.ticketbrokerage.site/resources/pics/footer-img.png HTTP/1.1" 200 10350
154.54.249.216 - - [19/Jul/2024:02:13:20 +0200] "GET /ticket2/opencms/fi/buy/?page=1&edid=62297C92-DF24-1157-B0CF-AB658559F83F HTTP/1.1" 200 88353
114.119.154.89 - - [19/Jul/2024:02:13:28 +0200] "GET /ticket2/opencms/en/venue/?venueid=BEE8945B-B778-8574-F935-6E77E100F04E HTTP/1.1" 200 70695
217.113.194.218 - - [19/Jul/2024:02:13:29 +0200] "GET /ticket2/opencms/fi/buy/?page=1&edid=564342A0-A794-16C8-70A7-FFBC18216DAE HTTP/1.1" 200 86352
66.249.76.8 - - [19/Jul/2024:02:13:34 +0200] "GET /ticket2/opencms/en/buy/?page=1&edid=10D9C6ED-4239-939C-EE12-6D152DF1B2D3 HTTP/1.1" 200 96133
217.113.194.220 - - [19/Jul/2024:02:13:37 +0200] "GET /ticket2/opencms/fi/buy/?page=1&edid=68FD78FD-1607-F599-BDF1-7766DDC095C5 HTTP/1.1" 200 86350
217.113.194.221 - - [19/Jul/2024:02:13:45 +0200] "GET /ticket2/opencms/fi/buy/?page=1&edid=2640C63A-3359-F9E2-379A-4901241498AA HTTP/1.1" 200 89023
217.113.194.216 - - [19/Jul/2024:02:13:54 +0200] "GET /ticket2/opencms/fi/buy/?page=1&edid=0AAE8E6C-1DFD-C224-2012-57D81AADBDD7 HTTP/1.1" 200 88881
63.143.42.252 - - [19/Jul/2024:02:13:56 +0200] "HEAD /ticket2/opencms/ HTTP/1.1" 302 -
63.143.42.252 - - [19/Jul/2024:02:13:57 +0200] "HEAD /ticket2/opencms/en/ HTTP/1.1" 200 -
217.113.194.213 - - [19/Jul/2024:02:14:02 +0200] "GET /ticket2/opencms/fi/buy/?page=1&edid=0D331935-EF80-0088-085C-E939FFFC7B08 HTTP/1.1" 200 86358
47.128.98.180 - - [19/Jul/2024:02:14:08 +0200] "GET /ticket2/opencms/fr/magazine/article?title=quest-ce-que-le-football HTTP/1.1" 200 77611
47.128.98.180 - - [19/Jul/2024:02:14:09 +0200] "GET /ticket2/opencms/system/modules/com.gridnine.opencms.ticketbrokerage.site/resources/pics/logo-new.png HTTP/1.1" 200 13541
47.128.98.180 - - [19/Jul/2024:02:14:10 +0200] "GET /ticket2/opencms/system/modules/com.gridnine.opencms.ticketbrokerage.site/resources/pics/footer-img.png HTTP/1.1" 200 10350
217.113.194.212 - - [19/Jul/2024:02:14:10 +0200] "GET /ticket2/opencms/fi/buy/?page=1&edid=3A112EC8-7546-89A9-6CF8-1988F07DBDBE HTTP/1.1" 200 89014
217.113.194.215 - - [19/Jul/2024:02:14:19 +0200] "GET /ticket2/opencms/fi/buy/?page=1&edid=459BE882-0565-B24D-DB56-F6A166521FB6 HTTP/1.1" 200 88381
112.86.225.17 - - [19/Jul/2024:02:14:23 +0200] "GET /ticket2/opencms/ HTTP/1.1" 302 -
37.123.143.245 - - [19/Jul/2024:02:14:24 +0200] "GET /ticket2/opencms/system/workplace/views/top_foot.jsp?wpFrame=foot HTTP/1.1" 200 1211
37.123.143.245 - - [19/Jul/2024:02:14:24 +0200] "GET /ticket2/opencms/system/workplace/commons/style/workplace.css HTTP/1.1" 200 14209
112.86.225.17 - - [19/Jul/2024:02:14:24 +0200] "GET /ticket2/opencms/en/ HTTP/1.1" 200 94039
217.113.194.221 - - [19/Jul/2024:02:14:27 +0200] "GET /ticket2/opencms/fi/buy/?page=1&edid=471F7B26-2787-07B7-9DFE-765A4796E549 HTTP/1.1" 200 86376
217.113.194.214 - - [19/Jul/2024:02:14:35 +0200] "GET /ticket2/opencms/fi/buy/?page=1&edid=29D41DD3-146F-D048-03AB-36168552443B HTTP/1.1" 200 89048
66.249.76.1 - - [19/Jul/2024:02:14:38 +0200] "GET /ticket2/opencms/sv/venue/?venueid=5CD064CB-C924-A9AA-0D43-3118B7F7A349 HTTP/1.1" 200 71579
217.113.194.215 - - [19/Jul/2024:02:14:44 +0200] "GET /ticket2/opencms/fi/buy/?page=1&edid=38106311-64E3-F718-626F-858554A26EE3 HTTP/1.1" 200 86344
217.113.194.219 - - [19/Jul/2024:02:14:52 +0200] "GET /ticket2/opencms/fi/buy/?page=1&edid=3057AE90-BB1D-FEC9-121D-20C3678F7EBA HTTP/1.1" 200 86374
217.113.194.219 - - [19/Jul/2024:02:15:00 +0200] "GET /ticket2/opencms/fi/buy/?page=1&edid=8F8733BC-C28B-043B-2DC6-01908247C52A HTTP/1.1" 200 86369
47.128.109.66 - - [19/Jul/2024:02:15:01 +0200] "GET /ticket2/opencms/nl/buy/?catid=BE041FBE-C1A7-918C-EB61-99ED02D12F5B&comcatid=A17713B6-D984-201A-4143-ED4DB5ED5C2E HTTP/1.1" 200 80614
47.128.109.66 - - [19/Jul/2024:02:15:01 +0200] "GET /ticket2/opencms/system/modules/com.gridnine.opencms.ticketbrokerage.site/resources/css/standard.css HTTP/1.1" 200 72814
47.128.109.66 - - [19/Jul/2024:02:15:02 +0200] "GET /ticket2/opencms/system/modules/com.gridnine.opencms.ticketbrokerage.site/resources/pics/logo-new.png HTTP/1.1" 200 13541
47.128.109.66 - - [19/Jul/2024:02:15:02 +0200] "GET /ticket2/opencms/system/modules/com.gridnine.opencms.ticketbrokerage.site/resources/pics/footer-img.png HTTP/1.1" 200 10350
217.113.194.218 - - [19/Jul/2024:02:15:09 +0200] "GET /ticket2/opencms/fi/buy/?page=1&edid=8A51E236-2369-FAE7-CC91-1740591B78C3 HTTP/1.1" 200 86365
66.249.79.232 - - [19/Jul/2024:02:15:16 +0200] "GET /ticket2/opencms/es/buy?page=1&edid=59FF6FC0-0E24-887E-599D-D93F8931961C HTTP/1.1" 200 111258
217.113.194.212 - - [19/Jul/2024:02:15:17 +0200] "GET /ticket2/opencms/fi/buy/?page=1&edid=98590BE8-CC50-3F60-1240-A7A779DCE2F2 HTTP/1.1" 200 87887
217.113.194.215 - - [19/Jul/2024:02:15:25 +0200] "GET /ticket2/opencms/fi/buy/?page=1&edid=85385779-A173-A8ED-3AF9-E6282849FAD5 HTTP/1.1" 200 86342
47.128.40.50 - - [19/Jul/2024:02:15:26 +0200] "GET /ticket2/opencms/dk/buy/?edid=4AD725E8-32BF-557B-C84C-ACBE0C56CBE4 HTTP/1.1" 200 71437
47.128.40.50 - - [19/Jul/2024:02:15:27 +0200] "GET /ticket2/opencms/system/modules/com.gridnine.opencms.ticketbrokerage.site/resources/pics/logo-new.png HTTP/1.1" 200 13541
47.128.40.50 - - [19/Jul/2024:02:15:27 +0200] "GET /ticket2/opencms/system/modules/com.gridnine.opencms.ticketbrokerage.site/resources/pics/footer-img.png HTTP/1.1" 200 10350
217.113.194.215 - - [19/Jul/2024:02:15:34 +0200] "GET /ticket2/opencms/fi/buy/?page=1&edid=801D8A2F-0B17-6784-F773-9588AB1168F4 HTTP/1.1" 200 89002
66.249.79.171 - - [19/Jul/2024:02:15:39 +0200] "GET /ticket2/opencms/de/magazine/article?title=kaufe-bundesliga-tickets-auf-ticket2com HTTP/1.1" 200 73824
217.113.194.220 - - [19/Jul/2024:02:15:42 +0200] "GET /ticket2/opencms/fi/buy/?page=1&edid=76188F31-DA50-9E9E-2592-B6BD7645BA48 HTTP/1.1" 200 86374
47.128.32.123 - - [19/Jul/2024:02:15:49 +0200] "GET /ticket2/opencms/fr/buy/?catid=F03B8ADD-988E-AE6A-8DBA-AF502C691C60&comcatid=A17713B6-D984-201A-4143-ED4DB5ED5C2E HTTP/1.1" 200 82231
47.128.32.123 - - [19/Jul/2024:02:15:49 +0200] "GET /ticket2/opencms/system/modules/com.gridnine.opencms.ticketbrokerage.site/resources/pics/logo-new.png HTTP/1.1" 200 13541
47.128.32.123 - - [19/Jul/2024:02:15:50 +0200] "GET /ticket2/opencms/system/modules/com.gridnine.opencms.ticketbrokerage.site/resources/pics/footer-img.png HTTP/1.1" 200 10350
217.113.194.215 - - [19/Jul/2024:02:15:51 +0200] "GET /ticket2/opencms/fi/buy/?page=1&edid=7611CF3E-3333-25ED-A846-596E922794E6 HTTP/1.1" 200 89548
47.128.35.50 - - [19/Jul/2024:02:15:54 +0200] "GET /ticket2/opencms/fr/magazine/article?title=diffusions-de-leuro HTTP/1.1" 200 76487
47.128.35.50 - - [19/Jul/2024:02:15:54 +0200] "GET /ticket2/opencms/system/modules/com.gridnine.opencms.ticketbrokerage.site/resources/pics/logo-new.png HTTP/1.1" 200 13541
47.128.35.50 - - [19/Jul/2024:02:15:55 +0200] "GET /ticket2/opencms/system/modules/com.gridnine.opencms.ticketbrokerage.site/resources/pics/footer-img.png HTTP/1.1" 200 10350
47.128.35.50 - - [19/Jul/2024:02:15:58 +0200] "GET /ticket2/opencms/img/football-g90d8ed18f_1920.jpg HTTP/1.1" 200 624836
66.249.79.36 - - [19/Jul/2024:02:16:03 +0200] "GET /ticket2/opencms/fi/venue/?venueid=10FED53D-1B45-AB30-C853-C4BE292CA7FA HTTP/1.1" 200 72262
47.128.53.83 - - [19/Jul/2024:02:16:13 +0200] "GET /ticket2/opencms/nl/buy/?catid=A7674DEA-B39E-502C-2F76-760AE08947E9&comcatid=A17713B6-D984-201A-4143-ED4DB5ED5C2E&page=7 HTTP/1.1" 200 80621
47.128.53.83 - - [19/Jul/2024:02:16:14 +0200] "GET /ticket2/opencms/system/modules/com.gridnine.opencms.ticketbrokerage.site/resources/pics/logo-new.png HTTP/1.1" 200 13541
47.128.53.83 - - [19/Jul/2024:02:16:14 +0200] "GET /ticket2/opencms/system/modules/com.gridnine.opencms.ticketbrokerage.site/resources/pics/footer-img.png HTTP/1.1" 200 10350
217.113.194.216 - - [19/Jul/2024:02:16:23 +0200] "GET /ticket2/opencms/fi/venue/?countryid=63BA787B-924D-97B6-EDC4-126C78A77B7D HTTP/1.1" 200 104538
217.113.194.217 - - [19/Jul/2024:02:16:32 +0200] "GET /ticket2/opencms/fi/venue/?countryid=56FE8DB8-0A46-00E3-175D-347FD72BDA70 HTTP/1.1" 200 102353
47.128.36.159 - - [19/Jul/2024:02:16:37 +0200] "GET /ticket2/opencms/fr/buy/?catid=B0817F4C-4B6F-A68C-6229-209BB05F84D4&comcatid=A17713B6-D984-201A-4143-ED4DB5ED5C2E HTTP/1.1" 200 82215
47.128.36.159 - - [19/Jul/2024:02:16:37 +0200] "GET /ticket2/opencms/system/modules/com.gridnine.opencms.ticketbrokerage.site/resources/pics/logo-new.png HTTP/1.1" 200 13541
66.249.79.171 - - [19/Jul/2024:02:16:38 +0200] "GET /ticket2/opencms/en/buy/?page=1&edid=DE6EAF1E-F0E3-BCEF-6FE9-789554B2D96C HTTP/1.1" 200 99249
47.128.36.159 - - [19/Jul/2024:02:16:38 +0200] "GET /ticket2/opencms/system/modules/com.gridnine.opencms.ticketbrokerage.site/resources/pics/footer-img.png HTTP/1.1" 200 10350
217.113.194.213 - - [19/Jul/2024:02:16:40 +0200] "GET /ticket2/opencms/fi/venue/?countryid=154B818B-780A-C47E-AFFC-04B53C9B2BA9 HTTP/1.1" 200 101663
217.113.194.219 - - [19/Jul/2024:02:16:48 +0200] "GET /ticket2/opencms/fi/venue/?countryid=62204D9B-992F-EFF6-482A-943BBD9879C3 HTTP/1.1" 200 101663
217.113.194.214 - - [19/Jul/2024:02:16:57 +0200] "GET /ticket2/opencms/fi/venue/?countryid=9F359E38-9140-4AB1-4689-B4648FEDC1F9 HTTP/1.1" 200 101663
47.128.120.132 - - [19/Jul/2024:02:17:02 +0200] "GET /ticket2/opencms/no/buy/?comcatid=A17713B6-D984-201A-4143-ED4DB5ED5C2E&catid=AE3FE643-AE41-BAA6-237D-5206D1B044A1 HTTP/1.1" 200 82458
47.128.120.132 - - [19/Jul/2024:02:17:03 +0200] "GET /ticket2/opencms/system/modules/com.gridnine.opencms.ticketbrokerage.site/resources/pics/logo-new.png HTTP/1.1" 200 13541
47.128.120.132 - - [19/Jul/2024:02:17:03 +0200] "GET /ticket2/opencms/system/modules/com.gridnine.opencms.ticketbrokerage.site/resources/pics/footer-img.png HTTP/1.1" 200 10350
217.113.194.212 - - [19/Jul/2024:02:17:05 +0200] "GET /ticket2/opencms/fi/venue/?countryid=947940C4-79F7-1AE9-A4BA-06096E0B9585 HTTP/1.1" 200 101663
114.119.141.53 - - [19/Jul/2024:02:17:07 +0200] "GET /ticket2/opencms/en/sell/?edid=1851EA6A-7866-6C52-4263-96E93DBF3701 HTTP/1.1" 302 -
114.119.141.53 - - [19/Jul/2024:02:17:10 +0200] "GET /ticket2/opencms/en/login/?url=/en/sell/ HTTP/1.1" 200 72802
217.113.194.213 - - [19/Jul/2024:02:17:13 +0200] "GET /ticket2/opencms/fi/venue/?countryid=FE820485-92B2-CBF2-B829-80FB72DDC46F HTTP/1.1" 200 101663
217.113.194.213 - - [19/Jul/2024:02:17:22 +0200] "GET /ticket2/opencms/fi/venue/?countryid=D2CF2CB4-9396-305E-92AF-B785C8723E40 HTTP/1.1" 200 101663
47.128.32.161 - - [19/Jul/2024:02:17:26 +0200] "GET /ticket2/opencms/nl/buy/?catid=08F27F2A-1872-A39F-A97C-63093E77B18A&comcatid=A17713B6-D984-201A-4143-ED4DB5ED5C2E&page=6 HTTP/1.1" 200 81206
47.128.32.161 - - [19/Jul/2024:02:17:27 +0200] "GET /ticket2/opencms/system/modules/com.gridnine.opencms.ticketbrokerage.site/resources/pics/logo-new.png HTTP/1.1" 200 13541
47.128.32.161 - - [19/Jul/2024:02:17:27 +0200] "GET /ticket2/opencms/system/modules/com.gridnine.opencms.ticketbrokerage.site/resources/pics/footer-img.png HTTP/1.1" 200 10350
154.54.249.216 - - [19/Jul/2024:02:17:30 +0200] "GET /ticket2/opencms/fi/venue/?countryid=8C4D64C3-0D1D-4A9C-0C13-7146340D3209 HTTP/1.1" 200 101663
217.113.194.218 - - [19/Jul/2024:02:17:38 +0200] "GET /ticket2/opencms/fi/venue/?countryid=D3DB55BA-ABAE-0702-A973-202744AB3BB9 HTTP/1.1" 200 101663
66.249.76.170 - - [19/Jul/2024:02:17:41 +0200] "GET /ticket2/opencms/fi/venue/?venueid=A5A743EB-AD74-4583-AFF2-141D1363F7B4 HTTP/1.1" 200 72292
47.128.20.177 - - [19/Jul/2024:02:17:42 +0200] "GET /ticket2/opencms/nl/buy/?edid=627DD27E-C54C-E728-A0EA-5E098C44319A HTTP/1.1" 200 70448
47.128.20.177 - - [19/Jul/2024:02:17:44 +0200] "GET /ticket2/opencms/system/modules/com.gridnine.opencms.ticketbrokerage.site/resources/pics/logo-new.png HTTP/1.1" 200 13541
47.128.20.177 - - [19/Jul/2024:02:17:44 +0200] "GET /ticket2/opencms/system/modules/com.gridnine.opencms.ticketbrokerage.site/resources/pics/footer-img.png HTTP/1.1" 200 10350
217.113.194.216 - - [19/Jul/2024:02:17:46 +0200] "GET /ticket2/opencms/fi/venue/?countryid=BA1BF93B-47B3-318B-02DF-4D6F84D30854 HTTP/1.1" 200 101663
114.119.129.235 - - [19/Jul/2024:02:17:51 +0200] "GET /ticket2/opencms/en/sell/?edid=FC42D4C8-0E07-33A6-2E14-A7E19406B9C2 HTTP/1.1" 302 -
114.119.129.235 - - [19/Jul/2024:02:17:55 +0200] "GET /ticket2/opencms/en/login/?url=/en/sell/ HTTP/1.1" 200 72802
217.113.194.215 - - [19/Jul/2024:02:17:55 +0200] "GET /ticket2/opencms/fi/venue/?countryid=4F919533-4A01-8CFD-B333-C95FA433589C HTTP/1.1" 200 101663
217.113.194.214 - - [19/Jul/2024:02:18:03 +0200] "GET /ticket2/opencms/fi/venue/?countryid=EBEF9B75-B33B-BBAE-FE14-1F037092B34B HTTP/1.1" 200 111568
217.113.194.217 - - [19/Jul/2024:02:18:12 +0200] "GET /ticket2/opencms/fi/venue/?countryid=FF003B65-76E6-22ED-7100-B7664691B6BF HTTP/1.1" 200 101663
217.113.194.219 - - [19/Jul/2024:02:18:20 +0200] "GET /ticket2/opencms/fi/venue/?countryid=CEA98181-AF32-4AD7-7F85-B2BF5D143D52 HTTP/1.1" 200 101663
114.119.134.51 - - [19/Jul/2024:02:18:28 +0200] "GET /ticket2/opencms/en/venue/?venueid=AA93324D-5E2C-E5D6-2E44-3DC2580D008C HTTP/1.1" 200 70724
217.113.194.219 - - [19/Jul/2024:02:18:28 +0200] "GET /ticket2/opencms/fi/venue/?countryid=8858D171-8914-8DFD-A2E4-50FE56A44627 HTTP/1.1" 200 101663
52.167.144.54 - - [19/Jul/2024:02:18:29 +0200] "GET /ticket2/opencms/de/robots.txt HTTP/1.1" 404 -
52.167.144.54 - - [19/Jul/2024:02:18:30 +0200] "GET /ticket2/opencms/de/robots.txt HTTP/1.1" 404 -
217.113.194.217 - - [19/Jul/2024:02:18:37 +0200] "GET /ticket2/opencms/fi/venue/?countryid=C7880A4A-050D-8AB8-4FEC-8062D983D070 HTTP/1.1" 200 101663
66.249.79.171 - - [19/Jul/2024:02:18:37 +0200] "GET /ticket2/opencms/en/buy/?page=1&edid=67D9BDEC-57DC-5BC5-B6FB-C7074FDCD450 HTTP/1.1" 200 96131
66.249.79.233 - - [19/Jul/2024:02:18:43 +0200] "GET /ticket2/opencms/fi/venue/?venueid=842722E9-5FE1-5D36-B4BC-7C6A76B1894C HTTP/1.1" 200 72316
217.113.194.219 - - [19/Jul/2024:02:18:45 +0200] "GET /ticket2/opencms/fi/venue/?countryid=577F4BE1-D660-BA06-FD83-D505059D70AB HTTP/1.1" 200 101663
217.113.194.213 - - [19/Jul/2024:02:18:53 +0200] "GET /ticket2/opencms/fi/venue/?countryid=44A94E16-590A-CB98-37E9-7B0A55C9B453 HTTP/1.1" 200 101663
52.167.144.234 - - [19/Jul/2024:02:18:53 +0200] "GET /ticket2/opencms/de/sitemap.xml HTTP/1.1" 200 97354
63.143.42.252 - - [19/Jul/2024:02:18:56 +0200] "HEAD /ticket2/opencms/ HTTP/1.1" 302 -
63.143.42.252 - - [19/Jul/2024:02:19:00 +0200] "HEAD /ticket2/opencms/en/ HTTP/1.1" 200 -
37.123.143.245 - - [19/Jul/2024:02:19:24 +0200] "GET /ticket2/opencms/system/workplace/views/top_foot.jsp?wpFrame=foot HTTP/1.1" 200 1211
37.123.143.245 - - [19/Jul/2024:02:19:24 +0200] "GET /ticket2/opencms/system/workplace/commons/style/workplace.css HTTP/1.1" 200 14209
52.167.144.210 - - [19/Jul/2024:02:19:28 +0200] "GET /ticket2/opencms/no/sport/fotballsbilletter/premier_league/bournemouth/ HTTP/1.1" 200 84443
114.119.130.248 - - [19/Jul/2024:02:19:34 +0200] "GET /ticket2/opencms/en/sell/?edid=B855F550-9DEC-7B03-FDEF-C6C504BB20AE HTTP/1.1" 302 -
114.119.130.248 - - [19/Jul/2024:02:19:38 +0200] "GET /ticket2/opencms/en/login/?url=/en/sell/ HTTP/1.1" 200 72802
66.249.79.172 - - [19/Jul/2024:02:19:41 +0200] "GET /ticket2/opencms/fi/venue/?venueid=FF21FF50-A37F-0165-85A9-80D1D5F77A6E HTTP/1.1" 200 72267
66.249.76.162 - - [19/Jul/2024:02:19:45 +0200] "GET /ticket2/opencms/es/buy/?page=1&edid=0ACD3DA0-0246-72C3-45DE-9A8C028BBCA2 HTTP/1.1" 200 89167
217.113.194.218 - - [19/Jul/2024:02:19:51 +0200] "GET /ticket2/opencms/fi/venue/?venueid=F8A78116-13FC-A58C-1378-740C94006FEA HTTP/1.1" 200 72300
47.128.121.137 - - [19/Jul/2024:02:19:59 +0200] "GET /ticket2/opencms/no/buy/?edid=8302A2CB-D3FF-EC40-FAFE-E99E29DF82E1 HTTP/1.1" 200 72276
217.113.194.221 - - [19/Jul/2024:02:19:59 +0200] "GET /ticket2/opencms/fi/venue/?venueid=B781A402-D863-1F75-F682-75473A301298 HTTP/1.1" 200 72256
47.128.121.137 - - [19/Jul/2024:02:20:00 +0200] "GET /ticket2/opencms/system/modules/com.gridnine.opencms.ticketbrokerage.site/resources/pics/logo-new.png HTTP/1.1" 200 13541
47.128.121.137 - - [19/Jul/2024:02:20:01 +0200] "GET /ticket2/opencms/system/modules/com.gridnine.opencms.ticketbrokerage.site/resources/pics/footer-img.png HTTP/1.1" 200 10350
217.113.194.212 - - [19/Jul/2024:02:20:08 +0200] "GET /ticket2/opencms/fi/venue/?venueid=E09AF89A-9020-53BC-50AF-C0382954AC29 HTTP/1.1" 200 72277
217.113.194.215 - - [19/Jul/2024:02:20:16 +0200] "GET /ticket2/opencms/fi/venue/?venueid=E377668B-464D-C748-144D-209F1470B0EF HTTP/1.1" 200 72312
217.113.194.216 - - [19/Jul/2024:02:20:25 +0200] "GET /ticket2/opencms/fi/venue/?venueid=E0CC7055-3FC4-A5FC-6597-028072A69213 HTTP/1.1" 200 72313
217.113.194.214 - - [19/Jul/2024:02:20:33 +0200] "GET /ticket2/opencms/fi/venue/?venueid=5DA3516A-811E-075A-C6ED-904902662B17 HTTP/1.1" 200 72280
217.113.194.220 - - [19/Jul/2024:02:20:42 +0200] "GET /ticket2/opencms/fi/venue/?venueid=0A39CE99-4F26-18C0-6480-39447ABAF827 HTTP/1.1" 200 72277
66.249.79.171 - - [19/Jul/2024:02:20:46 +0200] "GET /ticket2/opencms/sv/venue/?venueid=A8858F1D-FB00-53F1-CA46-D029D84C4D0E HTTP/1.1" 200 71528
154.54.249.216 - - [19/Jul/2024:02:20:50 +0200] "GET /ticket2/opencms/fi/venue/?venueid=D2C0F5B4-1573-341C-5259-5AC0A43EDC76 HTTP/1.1" 200 72252
217.113.194.221 - - [19/Jul/2024:02:20:59 +0200] "GET /ticket2/opencms/fi/venue/?venueid=8D532909-C41C-2A7C-5336-DE83887C261B HTTP/1.1" 200 72376
40.77.167.67 - - [19/Jul/2024:02:21:04 +0200] "GET /ticket2/opencms/dk/buy/?page=1&edid=98D2BB25-0CA0-E006-57C3-1B229658311A HTTP/1.1" 200 93769
217.113.194.215 - - [19/Jul/2024:02:21:07 +0200] "GET /ticket2/opencms/fi/venue/?venueid=879B0F51-C151-32AF-3491-072EFA33AFCB HTTP/1.1" 200 72256
114.119.144.51 - - [19/Jul/2024:02:21:09 +0200] "GET /ticket2/opencms/en/venue/?venueid=740F9C5B-5442-516C-81CE-2AED7B56EF35 HTTP/1.1" 200 70664
154.54.249.216 - - [19/Jul/2024:02:21:16 +0200] "GET /ticket2/opencms/fi/venue/?venueid=C38732EA-BD5E-1623-DC42-554FD22C8388 HTTP/1.1" 200 72274
217.113.194.218 - - [19/Jul/2024:02:21:25 +0200] "GET /ticket2/opencms/fi/venue/?venueid=E0AACC64-AFF5-5004-2F13-64A84D0E8D40 HTTP/1.1" 200 72346
217.113.194.221 - - [19/Jul/2024:02:21:33 +0200] "GET /ticket2/opencms/fi/venue/?venueid=AEBDE4BB-8DCC-3391-E627-DEA59986D788 HTTP/1.1" 200 72318
217.113.194.212 - - [19/Jul/2024:02:21:42 +0200] "GET /ticket2/opencms/fi/venue/?venueid=E649B15F-1340-1561-C110-0CA0784E39A8 HTTP/1.1" 200 73771
66.249.79.172 - - [19/Jul/2024:02:21:47 +0200] "GET /ticket2/opencms/de/magazine/article?title=niederlande-vs-england-im-halbfinale HTTP/1.1" 200 77285
217.113.194.214 - - [19/Jul/2024:02:21:50 +0200] "GET /ticket2/opencms/fi/venue/?venueid=BD822697-3740-82B9-1A6D-F3495CC47DAB HTTP/1.1" 200 72265
217.113.194.221 - - [19/Jul/2024:02:21:58 +0200] "GET /ticket2/opencms/fi/venue/?venueid=3A1A4017-0912-DFB6-AB49-9C3A5263C695 HTTP/1.1" 200 72249
66.249.79.171 - - [19/Jul/2024:02:21:59 +0200] "GET /ticket2/opencms/en/buy/?page=1&edid=58BBF638-5A76-A8D6-7263-FAE40850FA7F HTTP/1.1" 200 96135
198.235.24.206 - - [19/Jul/2024:02:22:00 +0200] "GET / HTTP/1.1" 404 -
114.119.145.88 - - [19/Jul/2024:02:22:07 +0200] "GET /ticket2/opencms/en/sell/?edid=17229D35-3D33-BA4B-D9CE-ADD5520AE6FB HTTP/1.1" 302 -
154.54.249.216 - - [19/Jul/2024:02:22:07 +0200] "GET /ticket2/opencms/fi/venue/?venueid=788D8A95-9784-C0AC-7C72-145DA63A5615 HTTP/1.1" 200 72356
114.119.145.88 - - [19/Jul/2024:02:22:11 +0200] "GET /ticket2/opencms/en/login/?url=/en/sell/ HTTP/1.1" 200 72802
217.113.194.218 - - [19/Jul/2024:02:22:15 +0200] "GET /ticket2/opencms/fi/venue/?venueid=84D7889A-E11A-AB47-B40A-66082298581A HTTP/1.1" 200 72274
47.128.34.58 - - [19/Jul/2024:02:22:17 +0200] "GET /ticket2/opencms/fr/buy/?edid=72150D07-CC34-2767-CCE3-D5CBAEB5F5C9 HTTP/1.1" 200 72058
72.14.199.232 - - [19/Jul/2024:02:22:19 +0200] "GET /ticket2/opencms/no/tilbud-til-naeringslivet/ HTTP/1.1" 200 75936
47.128.34.58 - - [19/Jul/2024:02:22:20 +0200] "GET /ticket2/opencms/system/modules/com.gridnine.opencms.ticketbrokerage.site/resources/pics/logo-new.png HTTP/1.1" 200 13541
47.128.34.58 - - [19/Jul/2024:02:22:21 +0200] "GET /ticket2/opencms/system/modules/com.gridnine.opencms.ticketbrokerage.site/resources/pics/footer-img.png HTTP/1.1" 200 10350
217.113.194.216 - - [19/Jul/2024:02:22:24 +0200] "GET /ticket2/opencms/fi/venue/?venueid=D434AE02-AB29-D177-2A2C-50E7109200D0 HTTP/1.1" 200 72249
217.113.194.215 - - [19/Jul/2024:02:22:32 +0200] "GET /ticket2/opencms/fi/venue/?venueid=F547B08D-C839-63CC-DDB8-9139B0448DEC HTTP/1.1" 200 72280
217.113.194.220 - - [19/Jul/2024:02:22:41 +0200] "GET /ticket2/opencms/fi/venue/?venueid=8B510977-1E58-CA35-22CC-AAAB5ABA441D HTTP/1.1" 200 72349
185.157.223.150 - - [19/Jul/2024:02:22:46 +0200] "GET /ticket2/tickets_export/outgoing/export.txt HTTP/1.1" 200 48019142
114.119.159.6 - - [19/Jul/2024:02:22:47 +0200] "GET /ticket2/opencms/en/sell/?edid=F37055A0-5AEF-F369-8190-70050C1CE511 HTTP/1.1" 302 -
207.46.13.111 - - [19/Jul/2024:02:22:49 +0200] "GET /ticket2/opencms/en/buy?page=1&edid=48F110A0-CF55-13C3-BFB3-A057F2A6E27A HTTP/1.1" 200 110410
217.113.194.217 - - [19/Jul/2024:02:22:49 +0200] "GET /ticket2/opencms/fi/venue/?venueid=47A584F0-253C-EAFC-960C-A197E0BFF841 HTTP/1.1" 200 72279
114.119.159.6 - - [19/Jul/2024:02:22:51 +0200] "GET /ticket2/opencms/en/login/?url=/en/sell/ HTTP/1.1" 200 72802
217.113.194.214 - - [19/Jul/2024:02:22:58 +0200] "GET /ticket2/opencms/fi/venue/?venueid=58522292-9FB1-E2A9-71BC-483A012096C6 HTTP/1.1" 200 72309
66.249.79.232 - - [19/Jul/2024:02:23:01 +0200] "GET /ticket2/opencms/no/konsertbilletter/acdc HTTP/1.1" 200 75036
66.249.79.231 - - [19/Jul/2024:02:23:02 +0200] "GET /ticket2/opencms/fi/venue/?venueid=161A25A1-F416-8A38-C48B-CA3253B2326B HTTP/1.1" 200 72378
217.113.194.212 - - [19/Jul/2024:02:23:06 +0200] "GET /ticket2/opencms/fi/venue/?venueid=57C4265D-1F48-7073-0A99-FC101DE89128 HTTP/1.1" 200 72297
217.113.194.213 - - [19/Jul/2024:02:23:15 +0200] "GET /ticket2/opencms/fi/venue/?venueid=40DC78A8-E12D-6808-C138-74AD7C1598C8 HTTP/1.1" 200 72390
217.113.194.218 - - [19/Jul/2024:02:23:23 +0200] "GET /ticket2/opencms/fi/venue/?venueid=25D22905-BFD1-9557-88F6-23DC20EBCEDD HTTP/1.1" 200 72328
114.119.140.113 - - [19/Jul/2024:02:23:29 +0200] "GET /ticket2/opencms/en/venue/?venueid=7D107DD7-9AAA-2AF1-0131-692BC3416280 HTTP/1.1" 200 70745
217.113.194.220 - - [19/Jul/2024:02:23:32 +0200] "GET /ticket2/opencms/fi/venue/?venueid=305DAD5C-FF35-7284-E470-947548E280ED HTTP/1.1" 200 72301
217.113.194.215 - - [19/Jul/2024:02:23:40 +0200] "GET /ticket2/opencms/fi/venue/?venueid=553A4378-FAB0-EA80-47F6-4E559997BA49 HTTP/1.1" 200 72310
114.119.136.185 - - [19/Jul/2024:02:23:46 +0200] "GET /ticket2/opencms/en/venue/?venueid=C5F64BBB-8A8A-B218-4636-88A4C2E914C4 HTTP/1.1" 200 70751
217.113.194.220 - - [19/Jul/2024:02:23:50 +0200] "GET /ticket2/opencms/fi/venue/?venueid=4686023E-1A9C-D773-1EF5-78A9D0532992 HTTP/1.1" 200 73799
66.249.68.69 - - [19/Jul/2024:02:23:50 +0200] "GET /ticket2/opencms/en/buy/?page=1&edid=DD282B35-B6B7-ECA0-02E0-90864F5E2B50 HTTP/1.1" 200 105178
66.249.76.170 - - [19/Jul/2024:02:23:51 +0200] "GET /ticket2/opencms/fi/venue/?venueid=A80A0A61-7C37-1A40-97CB-2266617DAAEF HTTP/1.1" 200 72268
66.249.79.171 - - [19/Jul/2024:02:23:52 +0200] "GET /ticket2/opencms/de/buy/?page=1&edid=3624BB9D-BDA3-C6BF-E8FF-2DF1F5C3F73A HTTP/1.1" 200 85919
66.249.68.32 - - [19/Jul/2024:02:23:54 +0200] "GET /ticket2/opencms/sv/buy/?page=10&eventid=0E534F2C-E817-A1D8-5F97-3F85053AADAE HTTP/1.1" 200 72936
63.143.42.252 - - [19/Jul/2024:02:23:57 +0200] "HEAD /ticket2/opencms/ HTTP/1.1" 302 -
217.113.194.219 - - [19/Jul/2024:02:23:58 +0200] "GET /ticket2/opencms/fi/venue/?venueid=2AFE6989-583A-A72A-83F2-90DEF8445DB9 HTTP/1.1" 200 72276
63.143.42.252 - - [19/Jul/2024:02:24:00 +0200] "HEAD /ticket2/opencms/en/ HTTP/1.1" 200 -
217.113.194.216 - - [19/Jul/2024:02:24:07 +0200] "GET /ticket2/opencms/fi/venue/?venueid=152137BD-51FA-C49F-6002-B503D5181B54 HTTP/1.1" 200 72367
217.113.194.217 - - [19/Jul/2024:02:24:15 +0200] "GET /ticket2/opencms/fi/venue/?venueid=1F10712B-209B-D24A-FBB0-CC1E73285961 HTTP/1.1" 200 72285
37.123.143.245 - - [19/Jul/2024:02:24:24 +0200] "GET /ticket2/opencms/system/workplace/views/top_foot.jsp?wpFrame=foot HTTP/1.1" 200 1211
37.123.143.245 - - [19/Jul/2024:02:24:24 +0200] "GET /ticket2/opencms/system/workplace/commons/style/workplace.css HTTP/1.1" 200 14209
217.113.194.220 - - [19/Jul/2024:02:24:24 +0200] "GET /ticket2/opencms/fi/venue/?venueid=1F514823-A8B2-64F2-1969-4417BA1D08C9 HTTP/1.1" 200 75638
124.243.144.138 - - [19/Jul/2024:02:24:31 +0200] "GET /ticket2/opencms/nl/magazine/article?title=villa-park-met-een-capaciteit-van-meer-dan-42000-toeschouwers HTTP/1.1" 200 74959
154.54.249.216 - - [19/Jul/2024:02:24:33 +0200] "GET /ticket2/opencms/fi/venue/?venueid=91526645-E783-705C-B0EA-08AE718DF753 HTTP/1.1" 200 72261
47.128.110.15 - - [19/Jul/2024:02:24:35 +0200] "GET /ticket2/opencms/sv/buy/?edid=28316DAE-CC28-C8B1-804B-7C9DA717030D HTTP/1.1" 200 71773
216.244.66.238 - - [19/Jul/2024:02:24:36 +0200] "GET /ticket2/opencms/dk/en/venue/?venueid=E9F5770B-3667-B4E4-5868-1FB30676C8DC HTTP/1.1" 404 -
47.128.110.15 - - [19/Jul/2024:02:24:36 +0200] "GET /ticket2/opencms/system/modules/com.gridnine.opencms.ticketbrokerage.site/resources/pics/logo-new.png HTTP/1.1" 200 13541
47.128.110.15 - - [19/Jul/2024:02:24:36 +0200] "GET /ticket2/opencms/system/modules/com.gridnine.opencms.ticketbrokerage.site/resources/pics/footer-img.png HTTP/1.1" 200 10350
217.113.194.213 - - [19/Jul/2024:02:24:41 +0200] "GET /ticket2/opencms/fi/venue/?venueid=950EE001-B436-52E3-8102-457AB519569A HTTP/1.1" 200 72307
217.113.194.219 - - [19/Jul/2024:02:24:50 +0200] "GET /ticket2/opencms/fi/venue/?venueid=98226D61-D1B4-45EA-9760-5E041D360824 HTTP/1.1" 200 72292
66.249.76.1 - - [19/Jul/2024:02:24:56 +0200] "GET /ticket2/opencms/sv/buy/?page=6&comcatid=0A6B8208-FDA4-E929-9D72-5312FD481B76&catid=53E7B32E-5CAA-6CE7-D6AA-FFC41D70EE01 HTTP/1.1" 200 75264
107.178.235.234 - - [19/Jul/2024:02:24:57 +0200] "HEAD /ticket2/opencms/dk/ HTTP/1.1" 200 -
66.249.79.233 - - [19/Jul/2024:02:24:58 +0200] "GET /ticket2/opencms/fi/venue/?venueid=E3DC73F5-1126-38FA-E59B-75AB73443F20 HTTP/1.1" 200 72286
217.113.194.213 - - [19/Jul/2024:02:24:58 +0200] "GET /ticket2/opencms/fi/venue/?venueid=4640DAEA-8174-AC11-F7AA-B7BB125A39E8 HTTP/1.1" 200 72271
217.113.194.217 - - [19/Jul/2024:02:25:07 +0200] "GET /ticket2/opencms/fi/venue/?venueid=69923349-A528-C93F-2999-4DA35CF7FB58 HTTP/1.1" 200 72312
217.113.194.213 - - [19/Jul/2024:02:25:15 +0200] "GET /ticket2/opencms/fi/venue/?venueid=73886E8B-D0CE-D693-4D83-304172C400FE HTTP/1.1" 200 72288
130.255.166.97 - - [19/Jul/2024:02:25:23 +0200] "GET /ticket2/opencms/dk/robots.txt HTTP/1.1" 404 -
217.113.194.217 - - [19/Jul/2024:02:25:24 +0200] "GET /ticket2/opencms/fi/venue/?venueid=206ACBCE-F23A-1697-D12B-15E9F015565F HTTP/1.1" 200 72325
130.255.166.115 - - [19/Jul/2024:02:25:26 +0200] "GET /ticket2/opencms/dk/ HTTP/1.1" 200 94454
217.113.194.221 - - [19/Jul/2024:02:25:33 +0200] "GET /ticket2/opencms/fi/venue/?venueid=6715D129-7F99-046D-7040-DEB649AA3A0C HTTP/1.1" 200 72307
217.113.194.217 - - [19/Jul/2024:02:25:41 +0200] "GET /ticket2/opencms/fi/venue/?venueid=31714C71-62AB-341F-02CF-2D7553D967CB HTTP/1.1" 200 72310
217.113.194.213 - - [19/Jul/2024:02:25:50 +0200] "GET /ticket2/opencms/fi/venue/?venueid=3982A8DF-0386-82E3-C996-B71876E1637D HTTP/1.1" 200 72403
66.249.76.8 - - [19/Jul/2024:02:26:03 +0200] "GET /ticket2/opencms/de/magazine/article?title=schwedische-fussballspieler-in-der-premier-league HTTP/1.1" 200 80150
66.249.76.170 - - [19/Jul/2024:02:26:03 +0200] "GET /ticket2/opencms/no/buy?page=1&edid=8EE24D2F-4BF0-A103-6944-36103BCA6278 HTTP/1.1" 200 99102
217.113.194.213 - - [19/Jul/2024:02:26:06 +0200] "GET /ticket2/opencms/dk/sell/?edid=516D2084-D01E-11D1-0C8F-230D7B392DCC HTTP/1.1" 302 -
114.119.136.66 - - [19/Jul/2024:02:26:07 +0200] "GET /ticket2/opencms/en/handbook_buyer/ HTTP/1.1" 200 78194
217.113.194.218 - - [19/Jul/2024:02:26:15 +0200] "GET /ticket2/opencms/dk/sell/?edid=B5C39213-E135-81B2-3182-CF92D0BE5105 HTTP/1.1" 302 -
47.128.30.104 - - [19/Jul/2024:02:26:20 +0200] "GET /ticket2/opencms/fr/magazine/article?title=calendrier-des-matchs-de-premier-league-fixtures-de-la-premier-league-20242025 HTTP/1.1" 200 73037
47.128.30.104 - - [19/Jul/2024:02:26:21 +0200] "GET /ticket2/opencms/system/modules/com.gridnine.opencms.ticketbrokerage.site/resources/pics/logo-new.png HTTP/1.1" 200 13541
47.128.30.104 - - [19/Jul/2024:02:26:21 +0200] "GET /ticket2/opencms/system/modules/com.gridnine.opencms.ticketbrokerage.site/resources/pics/footer-img.png HTTP/1.1" 200 10350
217.113.194.221 - - [19/Jul/2024:02:26:23 +0200] "GET /ticket2/opencms/dk/sell/?edid=AF47BCD1-EACD-B30B-9732-05CEA97B737E HTTP/1.1" 302 -
217.113.194.212 - - [19/Jul/2024:02:26:31 +0200] "GET /ticket2/opencms/dk/sell/?edid=F647FC6E-D958-1B03-2E43-11A793695703 HTTP/1.1" 302 -
217.113.194.214 - - [19/Jul/2024:02:26:40 +0200] "GET /ticket2/opencms/dk/buy?page=1&edid=B7C31852-4938-05B8-A23C-0248E7A3D5BA HTTP/1.1" 200 106806
217.113.194.213 - - [19/Jul/2024:02:26:48 +0200] "GET /ticket2/opencms/dk/buy?page=1&edid=1BFB08A7-6566-B113-E321-5228D23CB18B HTTP/1.1" 200 87752
47.128.20.246 - - [19/Jul/2024:02:26:53 +0200] "GET /ticket2/opencms/de/buy/?edid=9CB422E7-7809-8163-0C70-A6355650353B HTTP/1.1" 200 71949
47.128.20.246 - - [19/Jul/2024:02:26:54 +0200] "GET /ticket2/opencms/system/modules/com.gridnine.opencms.ticketbrokerage.site/resources/pics/logo-new.png HTTP/1.1" 200 13541
47.128.20.246 - - [19/Jul/2024:02:26:54 +0200] "GET /ticket2/opencms/system/modules/com.gridnine.opencms.ticketbrokerage.site/resources/pics/footer-img.png HTTP/1.1" 200 10350
216.244.66.238 - - [19/Jul/2024:02:26:56 +0200] "GET /ticket2/opencms/sv/tickets/west_ham_united/wolverhampton.html HTTP/1.1" 200 71914
217.113.194.214 - - [19/Jul/2024:02:26:56 +0200] "GET /ticket2/opencms/dk/buy?page=1&edid=1BDA6D08-38AF-6470-7423-555F9C3DEC73 HTTP/1.1" 200 117925
66.249.79.232 - - [19/Jul/2024:02:26:58 +0200] "GET /ticket2/opencms/sv/sport/fotbollsbiljetter/serie_a/inter/juventus.html HTTP/1.1" 200 84143
66.249.68.67 - - [19/Jul/2024:02:27:00 +0200] "GET /ticket2/opencms/en/venue/?venueid=630E70AB-B3E3-ED18-A61B-E2859D17F940 HTTP/1.1" 200 70721
217.113.194.216 - - [19/Jul/2024:02:27:05 +0200] "GET /ticket2/opencms/dk/buy/?comcatid=B41CCF2B-5558-7AEE-3602-09BBDE417D65 HTTP/1.1" 200 73748
114.119.131.42 - - [19/Jul/2024:02:27:07 +0200] "GET /ticket2/opencms/en/sell/?edid=1634BCBF-AA11-8172-081F-BB741D819BCB HTTP/1.1" 302 -
114.119.131.42 - - [19/Jul/2024:02:27:11 +0200] "GET /ticket2/opencms/en/login/?url=/en/sell/ HTTP/1.1" 200 72802
154.54.249.216 - - [19/Jul/2024:02:27:13 +0200] "GET /ticket2/opencms/dk/buy/?page=1&edid=2FEC6466-2972-B3E3-5EB3-4D7B08898B31 HTTP/1.1" 200 87316
217.113.194.220 - - [19/Jul/2024:02:27:21 +0200] "GET /ticket2/opencms/dk/buy/?page=1&edid=2A800D18-C477-EFB8-C0EB-31126609BB08 HTTP/1.1" 200 85136
154.54.249.216 - - [19/Jul/2024:02:27:30 +0200] "GET /ticket2/opencms/dk/buy/?page=1&edid=16EAA913-BDD7-71B4-3AB2-82DBC76964E3 HTTP/1.1" 200 86867
216.244.66.238 - - [19/Jul/2024:02:27:30 +0200] "GET /ticket2/opencms/dk/sv/buy/?page=10&eventid=94765144-E16E-B54F-17F4-7A9627BE2E56 HTTP/1.1" 404 -
217.113.194.215 - - [19/Jul/2024:02:27:38 +0200] "GET /ticket2/opencms/dk/buy/?page=1&edid=1260CE5D-7BE1-B121-0CBF-652705BD383D HTTP/1.1" 200 85095
217.113.194.218 - - [19/Jul/2024:02:27:47 +0200] "GET /ticket2/opencms/dk/buy/?page=1&edid=119B0787-94D6-421F-C1DF-2820FC4870DF HTTP/1.1" 200 85104
114.119.159.6 - - [19/Jul/2024:02:27:47 +0200] "GET /ticket2/opencms/en/sell/?edid=EFDB06D7-2C74-FECB-EDDF-C256DF642DF7 HTTP/1.1" 302 -
114.119.159.6 - - [19/Jul/2024:02:27:51 +0200] "GET /ticket2/opencms/en/login/?url=/en/sell/ HTTP/1.1" 200 72802
114.119.149.199 - - [19/Jul/2024:02:27:53 +0200] "GET /ticket2/opencms/en/sell/?edid=F7C28787-C79E-A778-7717-A28F67DFBF72 HTTP/1.1" 302 -
217.113.194.220 - - [19/Jul/2024:02:27:55 +0200] "GET /ticket2/opencms/dk/buy/?page=1&edid=29D41DD3-146F-D048-03AB-36168552443B HTTP/1.1" 200 87796
17.241.227.58 - - [19/Jul/2024:02:27:56 +0200] "GET /ticket2/opencms/robots.txt HTTP/1.1" 200 773
17.241.227.58 - - [19/Jul/2024:02:27:57 +0200] "GET /ticket2/opencms/en/buy/?edid=12968C36-EF0E-52F6-FF93-EF3AF0F97431&page=1 HTTP/1.1" 200 87740
114.119.149.199 - - [19/Jul/2024:02:27:58 +0200] "GET /ticket2/opencms/en/login/?url=/en/sell/ HTTP/1.1" 200 72802
66.249.68.68 - - [19/Jul/2024:02:28:03 +0200] "GET /ticket2/opencms/it/buy/?comcatid=A17713B6-D984-201A-4143-ED4DB5ED5C2E&catid=515A9A29-35A0-2DB8-262B-AEF122DB04F6 HTTP/1.1" 200 82789
217.113.194.212 - - [19/Jul/2024:02:28:03 +0200] "GET /ticket2/opencms/dk/buy/?page=1&edid=1376AEC9-0709-1A7E-51D7-A32A604094A0 HTTP/1.1" 200 87109
66.249.79.231 - - [19/Jul/2024:02:28:04 +0200] "GET /ticket2/opencms/sv/buy/?page=1&edid=FA9417D2-391C-5792-C32C-BCB655298120 HTTP/1.1" 200 87992
66.249.76.160 - - [19/Jul/2024:02:28:05 +0200] "GET /ticket2/opencms/fr/sport/billets-football/serie_a/ HTTP/1.1" 200 84135
217.113.194.220 - - [19/Jul/2024:02:28:11 +0200] "GET /ticket2/opencms/dk/buy/?page=1&edid=18B0B583-A470-76E9-9DCA-AF15E53284F6 HTTP/1.1" 200 88436
217.113.194.218 - - [19/Jul/2024:02:28:20 +0200] "GET /ticket2/opencms/dk/buy/?page=1&edid=10652319-4B1F-8BD2-C569-7F71AA448F03 HTTP/1.1" 200 87752
72.14.199.231 - - [19/Jul/2024:02:28:21 +0200] "GET /ticket2/opencms/dk/sport/fodboldbilletter/premier-league/chelsea/ HTTP/1.1" 200 85706
205.210.31.216 - - [19/Jul/2024:02:28:23 +0200] "GET / HTTP/1.1" 404 -
114.119.136.120 - - [19/Jul/2024:02:28:27 +0200] "GET /ticket2/opencms/en/venue/?venueid=753FF712-B99D-3B71-760E-1B27349FD0F1 HTTP/1.1" 200 70742
217.113.194.215 - - [19/Jul/2024:02:28:28 +0200] "GET /ticket2/opencms/dk/buy/?page=1&edid=38840956-EFC1-54B2-1AFC-CD9DE095FCE8 HTTP/1.1" 200 85122
124.243.185.12 - - [19/Jul/2024:02:28:30 +0200] "GET /ticket2/opencms/fr/sport/billets-football/la_liga/barcelona/ HTTP/1.1" 200 86406
217.113.194.219 - - [19/Jul/2024:02:28:36 +0200] "GET /ticket2/opencms/dk/buy/?page=1&edid=255A6DB1-25EB-A976-CB0F-29029289A9F7 HTTP/1.1" 200 85111
