95.203.41.108 - - [19/Jul/2024:01:59:11 +0200] "GET /ticket2/opencms/system/modules/com.gridnine.opencms.ticketbrokerage.site/resources/js/standard.js HTTP/1.1" 200 3978
95.203.41.108 - - [19/Jul/2024:01:59:11 +0200] "GET /ticket2/opencms/system/modules/com.gridnine.opencms.ticketbrokerage.site/resources/js/common-ajax.js HTTP/1.1" 200 20175
95.203.41.108 - - [19/Jul/2024:01:59:11 +0200] "GET /ticket2/opencms/system/modules/com.gridnine.opencms.ticketbrokerage.site/resources/pics/logo-new.png HTTP/1.1" 200 13541
95.203.41.108 - - [19/Jul/2024:01:59:11 +0200] "GET /ticket2/opencms/img/insta.png HTTP/1.1" 200 3967
95.203.41.108 - - [19/Jul/2024:01:59:11 +0200] "GET /ticket2/opencms/img/fb.png HTTP/1.1" 200 1269
95.203.41.108 - - [19/Jul/2024:01:59:11 +0200] "GET /ticket2/opencms/system/modules/com.gridnine.opencms.ticketbrokerage.site/resources/pics/banners/arsenal.png HTTP/1.1" 200 13545
95.203.41.108 - - [19/Jul/2024:01:59:11 +0200] "GET /ticket2/opencms/system/modules/com.gridnine.opencms.ticketbrokerage.site/resources/pics/footer-img.png HTTP/1.1" 200 10350
95.203.41.108 - - [19/Jul/2024:01:59:11 +0200] "GET /ticket2/opencms/img/check.png HTTP/1.1" 200 548
95.203.41.108 - - [19/Jul/2024:01:59:11 +0200] "GET /ticket2/opencms/img/mail.png HTTP/1.1" 200 403
95.203.41.108 - - [19/Jul/2024:01:59:11 +0200] "GET /ticket2/opencms/img/chat.png HTTP/1.1" 200 416
95.203.41.108 - - [19/Jul/2024:01:59:11 +0200] "GET /ticket2/opencms/img/arrow.png HTTP/1.1" 200 753
192.99.15.185 - - [19/Jul/2024:01:59:11 +0200] "GET /ticket2/opencms/dk/en/buy/?page=1&edid=7289F2D1-8B79-467B-FDCD-62F6982659A6&sortorder=desc&column=row HTTP/1.1" 404 -
95.203.41.108 - - [19/Jul/2024:01:59:12 +0200] "GET /ticket2/opencms/img/icons/globe-white.png HTTP/1.1" 200 947
95.203.41.108 - - [19/Jul/2024:01:59:12 +0200] "GET /ticket2/opencms/img/icons/en.png HTTP/1.1" 200 2415
95.203.41.108 - - [19/Jul/2024:01:59:12 +0200] "GET /ticket2/opencms/img/icons/fi.png HTTP/1.1" 200 1785
95.203.41.108 - - [19/Jul/2024:01:59:12 +0200] "GET /ticket2/opencms/img/icons/se.png HTTP/1.1" 200 1258
95.203.41.108 - - [19/Jul/2024:01:59:12 +0200] "GET /ticket2/opencms/img/icons/fr.png HTTP/1.1" 200 1764
95.203.41.108 - - [19/Jul/2024:01:59:12 +0200] "GET /ticket2/opencms/img/icons/nl.png HTTP/1.1" 200 1255
95.203.41.108 - - [19/Jul/2024:01:59:12 +0200] "GET /ticket2/opencms/img/icons/de.png HTTP/1.1" 200 1124
95.203.41.108 - - [19/Jul/2024:01:59:13 +0200] "GET /ticket2/opencms/img/icons/dk.png HTTP/1.1" 200 1706
95.203.41.108 - - [19/Jul/2024:01:59:13 +0200] "GET /ticket2/opencms/img/icons/no.png HTTP/1.1" 200 1958
95.203.41.108 - - [19/Jul/2024:01:59:13 +0200] "GET /ticket2/opencms/img/icons/es.png HTTP/1.1" 200 1005
95.203.41.108 - - [19/Jul/2024:01:59:13 +0200] "GET /ticket2/opencms/img/icons/it.png HTTP/1.1" 200 2040
95.203.41.108 - - [19/Jul/2024:01:59:13 +0200] "GET /ticket2/opencms/favicon.ico HTTP/1.1" 200 1406
95.203.41.108 - - [19/Jul/2024:01:59:13 +0200] "GET /ticket2/opencms/system/modules/com.gridnine.opencms.ticketbrokerage.site/resources/js/standard.js HTTP/1.1" 200 3978
95.203.41.108 - - [19/Jul/2024:01:59:15 +0200] "GET /ticket2/opencms/system/modules/com.gridnine.opencms.ticketbrokerage.site/resources/css/images/ui-bg_flat_75_ffffff_40x100.png HTTP/1.1" 404 -
192.99.15.185 - - [19/Jul/2024:01:59:15 +0200] "GET /ticket2/opencms/dk/en/buy/?page=1&edid=7289F2D1-8B79-467B-FDCD-62F6982659A6&sortorder=desc&column=section HTTP/1.1" 404 -
217.113.194.214 - - [19/Jul/2024:01:59:17 +0200] "GET /ticket2/opencms/sv/buy/?page=1&edid=D6F50889-41BE-EC07-45B4-F708B8ACA166 HTTP/1.1" 200 88434
192.99.15.185 - - [19/Jul/2024:01:59:18 +0200] "GET /ticket2/opencms/dk/en/buy/?page=1&edid=76BCEBC6-C91E-E768-F618-A1104A58DDCD HTTP/1.1" 404 -
47.128.50.250 - - [19/Jul/2024:01:59:19 +0200] "GET /ticket2/opencms/no/buy/?edid=6ED08D04-7263-AC79-DA04-AFB97DC97A00 HTTP/1.1" 200 72276
47.128.50.250 - - [19/Jul/2024:01:59:20 +0200] "GET /ticket2/opencms/system/modules/com.gridnine.opencms.ticketbrokerage.site/resources/pics/logo-new.png HTTP/1.1" 200 13541
47.128.50.250 - - [19/Jul/2024:01:59:20 +0200] "GET /ticket2/opencms/system/modules/com.gridnine.opencms.ticketbrokerage.site/resources/pics/footer-img.png HTTP/1.1" 200 10350
192.99.15.185 - - [19/Jul/2024:01:59:22 +0200] "GET /ticket2/opencms/dk/en/buy/?page=1&edid=76BCEBC6-C91E-E768-F618-A1104A58DDCD&sortorder=asc&column=price HTTP/1.1" 404 -
37.123.143.245 - - [19/Jul/2024:01:59:23 +0200] "GET /ticket2/opencms/system/workplace/views/top_foot.jsp?wpFrame=foot HTTP/1.1" 200 1211
37.123.143.245 - - [19/Jul/2024:01:59:23 +0200] "GET /ticket2/opencms/system/workplace/commons/style/workplace.css HTTP/1.1" 200 14209
217.113.194.221 - - [19/Jul/2024:01:59:25 +0200] "GET /ticket2/opencms/sv/buy/?page=1&edid=AC1661A0-161A-9305-A599-577FA82A1421 HTTP/1.1" 200 85326
192.99.15.185 - - [19/Jul/2024:01:59:26 +0200] "GET /ticket2/opencms/dk/en/buy/?page=1&edid=76BCEBC6-C91E-E768-F618-A1104A58DDCD&sortorder=asc&column=row HTTP/1.1" 404 -
192.99.15.185 - - [19/Jul/2024:01:59:29 +0200] "GET /ticket2/opencms/dk/en/buy/?page=1&edid=782DA820-81A9-DE17-547C-521616A84CAF&sortorder=desc&column=row HTTP/1.1" 404 -
192.99.15.185 - - [19/Jul/2024:01:59:33 +0200] "GET /ticket2/opencms/dk/en/buy/?page=1&edid=782DA820-81A9-DE17-547C-521616A84CAF&sortorder=desc&column=section HTTP/1.1" 404 -
217.113.194.216 - - [19/Jul/2024:01:59:34 +0200] "GET /ticket2/opencms/sv/buy/?page=1&edid=B3914235-8617-6D62-F606-B1A464D24932 HTTP/1.1" 200 85290
192.99.15.185 - - [19/Jul/2024:01:59:36 +0200] "GET /ticket2/opencms/dk/en/buy/?page=1&edid=8777FDBE-F882-CD90-91A2-64E3F1706E23 HTTP/1.1" 404 -
192.99.15.185 - - [19/Jul/2024:01:59:39 +0200] "GET /ticket2/opencms/dk/en/buy/?page=1&edid=8777FDBE-F882-CD90-91A2-64E3F1706E23&sortorder=desc&column=row HTTP/1.1" 404 -
154.54.249.216 - - [19/Jul/2024:01:59:42 +0200] "GET /ticket2/opencms/sv/buy/?page=1&edid=FD6E8518-2A79-98CA-DCA7-35679521856E HTTP/1.1" 200 87910
192.99.15.185 - - [19/Jul/2024:01:59:43 +0200] "GET /ticket2/opencms/dk/en/buy/?page=1&edid=897A4092-F118-F8F6-2F09-41780CC3D6D2&sortorder=asc&column=price HTTP/1.1" 404 -
192.99.15.185 - - [19/Jul/2024:01:59:46 +0200] "GET /ticket2/opencms/dk/en/buy/?page=1&edid=8D0773D0-8F58-CB0B-B324-C0FC86F85CA2&sortorder=asc&column=price HTTP/1.1" 404 -
192.99.15.185 - - [19/Jul/2024:01:59:50 +0200] "GET /ticket2/opencms/dk/en/buy/?page=1&edid=8D0773D0-8F58-CB0B-B324-C0FC86F85CA2&sortorder=asc&column=row HTTP/1.1" 404 -
217.113.194.214 - - [19/Jul/2024:01:59:51 +0200] "GET /ticket2/opencms/sv/buy/?page=1&edid=FC4F6BC6-B271-2793-34D0-127936415395 HTTP/1.1" 200 85314
192.99.15.185 - - [19/Jul/2024:01:59:53 +0200] "GET /ticket2/opencms/dk/en/buy/?page=1&edid=8D0773D0-8F58-CB0B-B324-C0FC86F85CA2&sortorder=asc&column=section HTTP/1.1" 404 -
192.99.15.185 - - [19/Jul/2024:01:59:57 +0200] "GET /ticket2/opencms/dk/en/buy/?page=1&edid=938ECB82-2408-02B3-A5B3-53D3737EA4C9&sortorder=desc&column=row HTTP/1.1" 404 -
217.113.194.218 - - [19/Jul/2024:01:59:59 +0200] "GET /ticket2/opencms/sv/buy/?page=1&edid=BC87A59C-CB14-AF59-6452-4201B2FD2159 HTTP/1.1" 200 85318
192.99.15.185 - - [19/Jul/2024:02:00:00 +0200] "GET /ticket2/opencms/dk/en/buy/?page=1&edid=94F1C05A-507B-A4EE-6E97-E2D23CF823B1&sortorder=asc&column=price HTTP/1.1" 404 -
192.99.15.185 - - [19/Jul/2024:02:00:04 +0200] "GET /ticket2/opencms/dk/en/buy/?page=1&edid=94F1C05A-507B-A4EE-6E97-E2D23CF823B1&sortorder=asc&column=row HTTP/1.1" 404 -
217.113.194.221 - - [19/Jul/2024:02:00:07 +0200] "GET /ticket2/opencms/sv/buy/?page=1&edid=B4BFA7BE-C26D-960C-E8A1-32764080F58D HTTP/1.1" 200 85323
192.99.15.185 - - [19/Jul/2024:02:00:07 +0200] "GET /ticket2/opencms/dk/en/buy/?page=1&edid=94F1C05A-507B-A4EE-6E97-E2D23CF823B1&sortorder=asc&column=section HTTP/1.1" 404 -
192.99.15.185 - - [19/Jul/2024:02:00:11 +0200] "GET /ticket2/opencms/dk/en/buy/?page=1&edid=94F1C05A-507B-A4EE-6E97-E2D23CF823B1&sortorder=desc&column=price HTTP/1.1" 404 -
192.99.15.185 - - [19/Jul/2024:02:00:14 +0200] "GET /ticket2/opencms/dk/en/buy/?page=1&edid=94F1C05A-507B-A4EE-6E97-E2D23CF823B1&sortorder=desc&column=row HTTP/1.1" 404 -
217.113.194.220 - - [19/Jul/2024:02:00:16 +0200] "GET /ticket2/opencms/sv/buy/?page=1&edid=F37055A0-5AEF-F369-8190-70050C1CE511 HTTP/1.1" 200 85298
192.99.15.185 - - [19/Jul/2024:02:00:18 +0200] "GET /ticket2/opencms/dk/en/buy/?page=1&edid=94F1C05A-507B-A4EE-6E97-E2D23CF823B1&sortorder=desc&column=section HTTP/1.1" 404 -
192.99.15.185 - - [19/Jul/2024:02:00:21 +0200] "GET /ticket2/opencms/dk/en/buy/?page=1&edid=95536865-B766-6057-C123-70A3D5AA17E0&sortorder=desc&column=row HTTP/1.1" 404 -
217.113.194.221 - - [19/Jul/2024:02:00:24 +0200] "GET /ticket2/opencms/sv/buy/?page=1&edid=BFD56701-007C-8427-3AA5-4312E5CDD3E7 HTTP/1.1" 200 87320
192.99.15.185 - - [19/Jul/2024:02:00:25 +0200] "GET /ticket2/opencms/dk/en/buy/?page=1&edid=95536865-B766-6057-C123-70A3D5AA17E0&sortorder=desc&column=section HTTP/1.1" 404 -
192.99.15.185 - - [19/Jul/2024:02:00:28 +0200] "GET /ticket2/opencms/dk/en/buy/?page=1&edid=9D986399-10A2-0D59-246B-E08A259F01A0&sortorder=asc&column=price HTTP/1.1" 404 -
192.99.15.185 - - [19/Jul/2024:02:00:32 +0200] "GET /ticket2/opencms/dk/en/buy/?page=1&edid=9D986399-10A2-0D59-246B-E08A259F01A0&sortorder=asc&column=section HTTP/1.1" 404 -
217.113.194.213 - - [19/Jul/2024:02:00:32 +0200] "GET /ticket2/opencms/sv/buy/?page=1&edid=DDC32B99-12E2-87F4-D177-D3E6341B5ABE HTTP/1.1" 200 87084
192.99.15.185 - - [19/Jul/2024:02:00:35 +0200] "GET /ticket2/opencms/dk/en/buy/?page=1&edid=A443FF53-1C00-C4E0-1D4A-9FD8734D5FCD&sortorder=asc&column=price HTTP/1.1" 404 -
192.99.15.185 - - [19/Jul/2024:02:00:39 +0200] "GET /ticket2/opencms/dk/en/buy/?page=1&edid=A443FF53-1C00-C4E0-1D4A-9FD8734D5FCD&sortorder=asc&column=row HTTP/1.1" 404 -
217.113.194.212 - - [19/Jul/2024:02:00:41 +0200] "GET /ticket2/opencms/sv/buy/?page=1&edid=C7BF2F27-25CE-6988-2BAE-106FF090AB2B HTTP/1.1" 200 87934
192.99.15.185 - - [19/Jul/2024:02:00:42 +0200] "GET /ticket2/opencms/dk/en/buy/?page=1&edid=A443FF53-1C00-C4E0-1D4A-9FD8734D5FCD&sortorder=asc&column=section HTTP/1.1" 404 -
192.99.15.185 - - [19/Jul/2024:02:00:46 +0200] "GET /ticket2/opencms/dk/en/buy/?page=1&edid=A443FF53-1C00-C4E0-1D4A-9FD8734D5FCD&sortorder=desc&column=price HTTP/1.1" 404 -
192.99.15.185 - - [19/Jul/2024:02:00:49 +0200] "GET /ticket2/opencms/dk/en/buy/?page=1&edid=A443FF53-1C00-C4E0-1D4A-9FD8734D5FCD&sortorder=desc&column=row HTTP/1.1" 404 -
217.113.194.215 - - [19/Jul/2024:02:00:50 +0200] "GET /ticket2/opencms/sv/buy/?page=1&edid=A80022C8-3541-FA3A-867C-156C8341938D HTTP/1.1" 200 86839
192.99.15.185 - - [19/Jul/2024:02:00:53 +0200] "GET /ticket2/opencms/dk/en/buy/?page=1&edid=A443FF53-1C00-C4E0-1D4A-9FD8734D5FCD&sortorder=desc&column=section HTTP/1.1" 404 -
192.99.15.185 - - [19/Jul/2024:02:00:56 +0200] "GET /ticket2/opencms/dk/en/buy/?page=1&edid=A65D1F86-F820-E22C-3DFA-BB6173044DC2&sortorder=asc&column=price HTTP/1.1" 404 -
217.113.194.212 - - [19/Jul/2024:02:00:58 +0200] "GET /ticket2/opencms/sv/buy/?page=1&edid=E1824435-89BB-E519-1CC6-17B84B09D744 HTTP/1.1" 200 85319
192.99.15.185 - - [19/Jul/2024:02:01:00 +0200] "GET /ticket2/opencms/dk/en/buy/?page=1&edid=A6856250-01E2-4A1B-464C-68CA574A3D4C&sortorder=asc&column=price HTTP/1.1" 404 -
192.99.15.185 - - [19/Jul/2024:02:01:03 +0200] "GET /ticket2/opencms/dk/en/buy/?page=1&edid=A6856250-01E2-4A1B-464C-68CA574A3D4C&sortorder=asc&column=section HTTP/1.1" 404 -
192.99.15.185 - - [19/Jul/2024:02:01:06 +0200] "GET /ticket2/opencms/dk/en/buy/?page=1&edid=A6856250-01E2-4A1B-464C-68CA574A3D4C&sortorder=desc&column=section HTTP/1.1" 404 -
217.113.194.220 - - [19/Jul/2024:02:01:07 +0200] "GET /ticket2/opencms/sv/buy/?page=1&edid=BE987DAA-D470-52CE-C991-AEB9974BD5BE HTTP/1.1" 200 88137
192.99.15.185 - - [19/Jul/2024:02:01:10 +0200] "GET /ticket2/opencms/dk/en/buy/?page=1&edid=AEA7539C-CDCF-5E07-37D0-A655181FBABC HTTP/1.1" 404 -
192.99.15.185 - - [19/Jul/2024:02:01:13 +0200] "GET /ticket2/opencms/dk/en/buy/?page=1&edid=AEA7539C-CDCF-5E07-37D0-A655181FBABC&sortorder=desc&column=price HTTP/1.1" 404 -
66.249.79.172 - - [19/Jul/2024:02:01:14 +0200] "GET /ticket2/opencms/de/magazine/article?title=brighton-and-hove-albion HTTP/1.1" 200 74215
217.113.194.212 - - [19/Jul/2024:02:01:15 +0200] "GET /ticket2/opencms/sv/buy/?page=1&edid=D21C145B-8567-0592-DD00-5CB43087855E HTTP/1.1" 200 85336
66.249.79.172 - - [19/Jul/2024:02:01:16 +0200] "GET /ticket2/opencms/sv/venue/?venueid=DBF697FB-88C2-E56A-2177-E2C114E7E434 HTTP/1.1" 200 71514
192.99.15.185 - - [19/Jul/2024:02:01:17 +0200] "GET /ticket2/opencms/dk/en/buy/?page=1&edid=AEA7539C-CDCF-5E07-37D0-A655181FBABC&sortorder=desc&column=row HTTP/1.1" 404 -
192.99.15.185 - - [19/Jul/2024:02:01:20 +0200] "GET /ticket2/opencms/dk/en/buy/?page=1&edid=B6519826-8267-EC30-B1D9-4C457BE51657&sortorder=asc&column=price HTTP/1.1" 404 -
66.249.76.1 - - [19/Jul/2024:02:01:23 +0200] "GET /ticket2/opencms/no/buy/?page=1&edid=EB41B390-6AF7-F6BB-2724-9D4D4320B605 HTTP/1.1" 200 110680
217.113.194.220 - - [19/Jul/2024:02:01:23 +0200] "GET /ticket2/opencms/sv/buy/?page=1&edid=5EE0D386-F861-75BA-14A4-13769997B248 HTTP/1.1" 200 85320
192.99.15.185 - - [19/Jul/2024:02:01:24 +0200] "GET /ticket2/opencms/dk/en/buy/?page=1&edid=B6519826-8267-EC30-B1D9-4C457BE51657&sortorder=asc&column=row HTTP/1.1" 404 -
192.99.15.185 - - [19/Jul/2024:02:01:27 +0200] "GET /ticket2/opencms/dk/en/buy/?page=1&edid=BCC7AB07-6188-52F3-EF1C-AE99BA796177&sortorder=asc&column=price HTTP/1.1" 404 -
192.99.15.185 - - [19/Jul/2024:02:01:31 +0200] "GET /ticket2/opencms/dk/en/buy/?page=1&edid=BCC7AB07-6188-52F3-EF1C-AE99BA796177&sortorder=asc&column=section HTTP/1.1" 404 -
217.113.194.217 - - [19/Jul/2024:02:01:32 +0200] "GET /ticket2/opencms/sv/buy/?page=1&edid=5FC6C488-1341-5813-CDAE-BEB94454A083 HTTP/1.1" 200 85346
192.99.15.185 - - [19/Jul/2024:02:01:34 +0200] "GET /ticket2/opencms/dk/en/buy/?page=1&edid=BD6F7BC1-237E-9E9B-0DFF-4AC91197CDED&sortorder=asc&column=price HTTP/1.1" 404 -
47.128.23.200 - - [19/Jul/2024:02:01:37 +0200] "GET /ticket2/opencms/de/buy/?edid=2873D448-9456-C769-305A-D313D730E942 HTTP/1.1" 200 71949
192.99.15.185 - - [19/Jul/2024:02:01:37 +0200] "GET /ticket2/opencms/dk/en/buy/?page=1&edid=BD6F7BC1-237E-9E9B-0DFF-4AC91197CDED&sortorder=asc&column=row HTTP/1.1" 404 -
47.128.23.200 - - [19/Jul/2024:02:01:39 +0200] "GET /ticket2/opencms/system/modules/com.gridnine.opencms.ticketbrokerage.site/resources/pics/logo-new.png HTTP/1.1" 200 13541
47.128.23.200 - - [19/Jul/2024:02:01:39 +0200] "GET /ticket2/opencms/system/modules/com.gridnine.opencms.ticketbrokerage.site/resources/pics/footer-img.png HTTP/1.1" 200 10350
217.113.194.219 - - [19/Jul/2024:02:01:40 +0200] "GET /ticket2/opencms/sv/buy/?page=1&edid=5B3D3A78-79A7-E780-4AE0-8925109DFF98 HTTP/1.1" 200 85315
192.99.15.185 - - [19/Jul/2024:02:01:41 +0200] "GET /ticket2/opencms/dk/en/buy/?page=1&edid=BD6F7BC1-237E-9E9B-0DFF-4AC91197CDED&sortorder=asc&column=section HTTP/1.1" 404 -
192.99.15.185 - - [19/Jul/2024:02:01:44 +0200] "GET /ticket2/opencms/dk/en/buy/?page=1&edid=C0041A02-725B-3012-77A5-FEBF23601EFD&sortorder=desc&column=row HTTP/1.1" 404 -
23.230.235.80 - - [19/Jul/2024:02:01:46 +0200] "GET /ticket2/opencms/ HTTP/1.1" 302 -
192.99.15.185 - - [19/Jul/2024:02:01:48 +0200] "GET /ticket2/opencms/dk/en/buy/?page=1&edid=C2CD3885-D663-89B2-61C9-751DA9A6EAB2&sortorder=desc&column=section HTTP/1.1" 404 -
217.113.194.214 - - [19/Jul/2024:02:01:48 +0200] "GET /ticket2/opencms/sv/buy/?page=1&edid=526ADC24-90ED-21FF-9078-6B594C87F20D HTTP/1.1" 200 85319
23.230.235.80 - - [19/Jul/2024:02:01:50 +0200] "GET /ticket2/opencms/en/ HTTP/1.1" 200 94039
192.99.15.185 - - [19/Jul/2024:02:01:51 +0200] "GET /ticket2/opencms/dk/en/buy/?page=1&edid=D4B34039-2E18-B793-82DD-B729B5FBACD2 HTTP/1.1" 404 -
66.249.76.161 - - [19/Jul/2024:02:01:54 +0200] "GET /ticket2/opencms/sv/buy/?page=1&edid=47F5B60C-8368-4B7A-53D3-C8F8857816DC&hlv=6693aaca-18c4-4001-a2a2-052e0a01000f HTTP/1.1" 200 108603
192.99.15.185 - - [19/Jul/2024:02:01:55 +0200] "GET /ticket2/opencms/dk/en/buy/?page=1&edid=DEA4A591-9EE5-BF64-43D1-08A1DEA4CC02&sortorder=asc&column=section HTTP/1.1" 404 -
66.249.76.161 - - [19/Jul/2024:02:01:55 +0200] "GET /ticket2/opencms/set_aff_cookie.jsp?partner=2E02071B-A8C3-4CBA-3097-C27D61C02ED8&url=/dk/buy/index.html%3Fpage%3D1%26edid%3DBE8C7FA0-9E48-EAB3-3A70-9E9F9EA30F95%26hlv%3D666c8cd0-fea4-4b0a-8835-02c30a01000f%23v_445189815 HTTP/1.1" 200 225
217.113.194.218 - - [19/Jul/2024:02:01:57 +0200] "GET /ticket2/opencms/sv/buy/?page=1&edid=1BFB08A7-6566-B113-E321-5228D23CB18B HTTP/1.1" 200 87950
192.99.15.185 - - [19/Jul/2024:02:01:58 +0200] "GET /ticket2/opencms/dk/en/buy/?page=1&edid=DEC25760-0789-4D20-D1DC-0FD688090800&sortorder=asc&column=price HTTP/1.1" 404 -
192.99.15.185 - - [19/Jul/2024:02:02:02 +0200] "GET /ticket2/opencms/dk/en/buy/?page=1&edid=DEC25760-0789-4D20-D1DC-0FD688090800&sortorder=asc&column=row HTTP/1.1" 404 -
66.249.76.160 - - [19/Jul/2024:02:02:03 +0200] "GET /ticket2/opencms/dk/buy/?page=1&edid=BE8C7FA0-9E48-EAB3-3A70-9E9F9EA30F95&hlv=666c8cd0-fea4-4b0a-8835-02c30a01000f HTTP/1.1" 200 120250
217.113.194.221 - - [19/Jul/2024:02:02:05 +0200] "GET /ticket2/opencms/sv/buy/?page=1&edid=62C82733-60F1-03A2-E835-341F90725E7D HTTP/1.1" 200 87986
192.99.15.185 - - [19/Jul/2024:02:02:06 +0200] "GET /ticket2/opencms/dk/en/buy/?page=1&edid=DEC25760-0789-4D20-D1DC-0FD688090800&sortorder=asc&column=section HTTP/1.1" 404 -
114.119.153.220 - - [19/Jul/2024:02:02:07 +0200] "GET /ticket2/opencms/en/sell/?edid=19227EA6-CC82-2DE2-5E66-C87B7D570690 HTTP/1.1" 302 -
192.99.15.185 - - [19/Jul/2024:02:02:09 +0200] "GET /ticket2/opencms/dk/en/buy/?page=1&edid=E3B128F0-A528-70CF-8C87-E24A1C323D9D&sortorder=desc&column=row HTTP/1.1" 404 -
114.119.153.220 - - [19/Jul/2024:02:02:11 +0200] "GET /ticket2/opencms/en/login/?url=/en/sell/ HTTP/1.1" 200 72802
66.249.79.171 - - [19/Jul/2024:02:02:12 +0200] "GET /ticket2/opencms/en/venue/?countryid=E687CC57-02FA-AF76-268E-C1A53D569993 HTTP/1.1" 200 100101
192.99.15.185 - - [19/Jul/2024:02:02:13 +0200] "GET /ticket2/opencms/dk/en/buy/?page=1&edid=E3B128F0-A528-70CF-8C87-E24A1C323D9D&sortorder=desc&column=section HTTP/1.1" 404 -
217.113.194.215 - - [19/Jul/2024:02:02:14 +0200] "GET /ticket2/opencms/sv/buy/?page=1&edid=62AD3E5F-AD17-1F17-3C96-3792C957510A HTTP/1.1" 200 86973
192.99.15.185 - - [19/Jul/2024:02:02:16 +0200] "GET /ticket2/opencms/dk/en/buy/?page=1&edid=E633D85E-2631-44B3-2B1B-38B280DE86F7&sortorder=desc&column=row HTTP/1.1" 404 -
192.99.15.185 - - [19/Jul/2024:02:02:20 +0200] "GET /ticket2/opencms/dk/en/buy/?page=1&edid=EA4DD9AE-DDBE-78E3-22DF-EC27364AEC73&sortorder=asc&column=price HTTP/1.1" 404 -
185.157.223.150 - - [19/Jul/2024:02:02:22 +0200] "GET /ticket2/tickets_export/outgoing/export.txt HTTP/1.1" 200 48019142
217.113.194.219 - - [19/Jul/2024:02:02:22 +0200] "GET /ticket2/opencms/sv/buy/?page=1&edid=62297C92-DF24-1157-B0CF-AB658559F83F HTTP/1.1" 200 87290
192.99.15.185 - - [19/Jul/2024:02:02:23 +0200] "GET /ticket2/opencms/dk/en/buy/?page=1&edid=EA6B7FBB-FA78-046C-4294-B3C3C2130B5E&sortorder=asc&column=row HTTP/1.1" 404 -
192.99.15.185 - - [19/Jul/2024:02:02:29 +0200] "GET /ticket2/opencms/dk/en/buy/?page=1&edid=DEC25760-0789-4D20-D1DC-0FD688090800&sortorder=desc&column=price HTTP/1.1" 404 -
217.113.194.220 - - [19/Jul/2024:02:02:31 +0200] "GET /ticket2/opencms/sv/buy/?page=1&edid=2640C63A-3359-F9E2-379A-4901241498AA HTTP/1.1" 200 87969
192.99.15.185 - - [19/Jul/2024:02:02:34 +0200] "GET /ticket2/opencms/dk/en/buy/?page=1&edid=DEC25760-0789-4D20-D1DC-0FD688090800&sortorder=desc&column=row HTTP/1.1" 404 -
217.113.194.215 - - [19/Jul/2024:02:02:39 +0200] "GET /ticket2/opencms/sv/buy/?page=1&edid=06603117-2C22-3913-C308-C9E7E6CCA657 HTTP/1.1" 200 87965
192.99.15.185 - - [19/Jul/2024:02:02:40 +0200] "GET /ticket2/opencms/dk/en/buy/?page=1&edid=DEC25760-0789-4D20-D1DC-0FD688090800&sortorder=desc&column=section HTTP/1.1" 404 -
192.99.15.185 - - [19/Jul/2024:02:02:45 +0200] "GET /ticket2/opencms/dk/en/buy/?page=1&edid=E0A53669-91D6-866E-C069-2204E55E6CA3&sortorder=asc&column=row HTTP/1.1" 404 -
114.119.132.248 - - [19/Jul/2024:02:02:46 +0200] "GET /ticket2/opencms/en/sport/football-tickets/bundesliga/leipzig/ HTTP/1.1" 200 72393
217.113.194.214 - - [19/Jul/2024:02:02:47 +0200] "GET /ticket2/opencms/sv/buy/?page=1&edid=0C26A99F-574E-F1FE-F521-1942AB0F573A HTTP/1.1" 200 85350
192.99.15.185 - - [19/Jul/2024:02:02:50 +0200] "GET /ticket2/opencms/dk/en/buy/?page=1&edid=E0A53669-91D6-866E-C069-2204E55E6CA3&sortorder=asc&column=section HTTP/1.1" 404 -
192.99.15.185 - - [19/Jul/2024:02:02:55 +0200] "GET /ticket2/opencms/dk/en/buy/?page=1&edid=EA6B7FBB-FA78-046C-4294-B3C3C2130B5E HTTP/1.1" 404 -
217.113.194.220 - - [19/Jul/2024:02:02:56 +0200] "GET /ticket2/opencms/sv/buy/?page=1&edid=02D28468-4D7A-7D03-08EA-E937B040CBA6 HTTP/1.1" 200 85312
192.99.15.185 - - [19/Jul/2024:02:03:01 +0200] "GET /ticket2/opencms/dk/en/buy/?page=1&edid=F9957417-808C-BFE8-DAF7-21430BD5D954&sortorder=asc&column=price HTTP/1.1" 404 -
217.113.194.215 - - [19/Jul/2024:02:03:04 +0200] "GET /ticket2/opencms/sv/buy/?page=1&edid=0AAE8E6C-1DFD-C224-2012-57D81AADBDD7 HTTP/1.1" 200 87827
192.99.15.185 - - [19/Jul/2024:02:03:06 +0200] "GET /ticket2/opencms/dk/en/buy/?page=1&edid=F9957417-808C-BFE8-DAF7-21430BD5D954&sortorder=asc&column=row HTTP/1.1" 404 -
192.99.15.185 - - [19/Jul/2024:02:03:12 +0200] "GET /ticket2/opencms/dk/en/buy/?page=1&edid=FD4ACCCD-8EC0-7937-C261-4FA11897D797 HTTP/1.1" 404 -
217.113.194.220 - - [19/Jul/2024:02:03:12 +0200] "GET /ticket2/opencms/sv/buy/?page=1&edid=06935929-6426-9C8A-3A2C-57388E9BD103 HTTP/1.1" 200 85356
192.99.15.185 - - [19/Jul/2024:02:03:17 +0200] "GET /ticket2/opencms/dk/en/buy/?page=1&edid=FD59DED4-6E14-E085-382D-C3619CCA9FA8&sortorder=asc&column=price HTTP/1.1" 404 -
217.113.194.213 - - [19/Jul/2024:02:03:21 +0200] "GET /ticket2/opencms/sv/buy/?page=1&edid=26CAA958-B6BA-D23A-1B8B-37DC92B2B0BD HTTP/1.1" 200 87959
192.99.15.185 - - [19/Jul/2024:02:03:22 +0200] "GET /ticket2/opencms/dk/en/buy/?page=1&edid=FD59DED4-6E14-E085-382D-C3619CCA9FA8&sortorder=asc&column=row HTTP/1.1" 404 -
114.119.133.35 - - [19/Jul/2024:02:03:27 +0200] "GET /ticket2/opencms/en/sell/?edid=582B4C32-021A-3562-822B-1F0518653978 HTTP/1.1" 302 -
192.99.15.185 - - [19/Jul/2024:02:03:28 +0200] "GET /ticket2/opencms/dk/en/buy/?page=1&edid=FD59DED4-6E14-E085-382D-C3619CCA9FA8&sortorder=asc&column=section HTTP/1.1" 404 -
217.113.194.213 - - [19/Jul/2024:02:03:29 +0200] "GET /ticket2/opencms/sv/buy/?page=1&edid=7B4AAFF6-FCC5-BA55-F4C3-83AD22BA7715 HTTP/1.1" 200 85319
114.119.133.35 - - [19/Jul/2024:02:03:31 +0200] "GET /ticket2/opencms/en/login/?url=/en/sell/ HTTP/1.1" 200 72802
192.99.15.185 - - [19/Jul/2024:02:03:33 +0200] "GET /ticket2/opencms/dk/en/buy/?page=6&comcatid=0A6B8208-FDA4-E929-9D72-5312FD481B76&catid=CB847559-7ECA-CC50-D7D2-064AF0C06FB1 HTTP/1.1" 404 -
217.113.194.218 - - [19/Jul/2024:02:03:37 +0200] "GET /ticket2/opencms/sv/buy/?page=1&edid=341717E0-F486-82E0-0608-F32ECE95BFBA HTTP/1.1" 200 85322
192.99.15.185 - - [19/Jul/2024:02:03:39 +0200] "GET /ticket2/opencms/dk/en/buy/?page=6&comcatid=66708183-7480-3365-06BF-DBF60280AB45 HTTP/1.1" 404 -
192.99.15.185 - - [19/Jul/2024:02:03:44 +0200] "GET /ticket2/opencms/dk/en/buy/?page=6&comcatid=810BB404-4103-77F2-A6C2-12D5E6C338E2 HTTP/1.1" 404 -
217.113.194.217 - - [19/Jul/2024:02:03:46 +0200] "GET /ticket2/opencms/sv/buy?page=1&edid=F86A3572-4FC7-083F-0C05-72515D18170D HTTP/1.1" 200 88169
192.99.15.185 - - [19/Jul/2024:02:03:48 +0200] "GET /ticket2/opencms/dk/en/login/?edid=02057AB5-02FC-6F90-9153-B3AF0AF861F1 HTTP/1.1" 404 -
192.99.15.185 - - [19/Jul/2024:02:03:51 +0200] "GET /ticket2/opencms/dk/en/login/?edid=30EE0FC7-4330-7251-77A0-0EEC2CF05AF0 HTTP/1.1" 404 -
217.113.194.214 - - [19/Jul/2024:02:03:54 +0200] "GET /ticket2/opencms/sv/buy?page=1&edid=B7C31852-4938-05B8-A23C-0248E7A3D5BA HTTP/1.1" 200 107005
192.99.15.185 - - [19/Jul/2024:02:03:55 +0200] "GET /ticket2/opencms/dk/en/login/?edid=3BBD975B-CD80-19CD-39B3-6B02A79DC4AD HTTP/1.1" 404 -
47.128.27.131 - - [19/Jul/2024:02:03:56 +0200] "GET /ticket2/opencms/es/buy/?edid=2A94D260-B353-E604-8B7A-7304DE73276A HTTP/1.1" 200 72706
47.128.27.131 - - [19/Jul/2024:02:03:56 +0200] "GET /ticket2/opencms/system/modules/com.gridnine.opencms.ticketbrokerage.site/resources/pics/logo-new.png HTTP/1.1" 200 13541
63.143.42.252 - - [19/Jul/2024:02:03:56 +0200] "HEAD /ticket2/opencms/ HTTP/1.1" 302 -
47.128.27.131 - - [19/Jul/2024:02:03:57 +0200] "GET /ticket2/opencms/system/modules/com.gridnine.opencms.ticketbrokerage.site/resources/pics/footer-img.png HTTP/1.1" 200 10350
63.143.42.252 - - [19/Jul/2024:02:03:57 +0200] "HEAD /ticket2/opencms/en/ HTTP/1.1" 200 -
192.99.15.185 - - [19/Jul/2024:02:03:58 +0200] "GET /ticket2/opencms/dk/en/login/?edid=3FF858CF-7356-7395-9E59-43541CB37D87 HTTP/1.1" 404 -
192.99.15.185 - - [19/Jul/2024:02:04:02 +0200] "GET /ticket2/opencms/dk/fi/buy/?page=1&edid=9BC0336E-4C60-B65A-A40E-F93EF23EB5B8&sortorder=desc&column=section HTTP/1.1" 404 -
217.113.194.219 - - [19/Jul/2024:02:04:03 +0200] "GET /ticket2/opencms/sv/buy?page=1&edid=B5C39213-E135-81B2-3182-CF92D0BE5105 HTTP/1.1" 200 85303
192.99.15.185 - - [19/Jul/2024:02:04:05 +0200] "GET /ticket2/opencms/dk/fi/buy/?page=1&edid=9F204847-C811-936E-4B8D-981865300B46&sortorder=asc&column=price HTTP/1.1" 404 -
192.99.15.185 - - [19/Jul/2024:02:04:11 +0200] "GET /ticket2/opencms/dk/fi/buy/?page=1&edid=46734271-901E-98C7-732C-5B62B085A633&sortorder=asc&column=section HTTP/1.1" 404 -
217.113.194.219 - - [19/Jul/2024:02:04:11 +0200] "GET /ticket2/opencms/sv/buy?page=1&edid=16436A63-E7D4-DEDF-5835-AB72708D4247 HTTP/1.1" 200 110119
192.99.15.185 - - [19/Jul/2024:02:04:16 +0200] "GET /ticket2/opencms/dk/fi/buy/?page=1&edid=C585BD1B-7334-51AA-91F2-A36533EF6912&sortorder=desc&column=price HTTP/1.1" 404 -
66.249.79.233 - - [19/Jul/2024:02:04:17 +0200] "GET /ticket2/opencms/no/magazine/article?title=nottingham-forest HTTP/1.1" 200 73918
66.249.76.8 - - [19/Jul/2024:02:04:17 +0200] "GET /ticket2/opencms/de/magazine/article?title=fussball-em-2024 HTTP/1.1" 200 74002
217.113.194.214 - - [19/Jul/2024:02:04:20 +0200] "GET /ticket2/opencms/sv/buy?page=1&edid=53295BAC-18AC-7C4A-B0D4-A319E386EA83 HTTP/1.1" 200 88467
192.99.15.185 - - [19/Jul/2024:02:04:22 +0200] "GET /ticket2/opencms/dk/fi/buy/?page=1&edid=C585BD1B-7334-51AA-91F2-A36533EF6912&sortorder=desc&column=row HTTP/1.1" 404 -
37.123.143.245 - - [19/Jul/2024:02:04:23 +0200] "GET /ticket2/opencms/system/workplace/views/top_foot.jsp?wpFrame=foot HTTP/1.1" 200 1211
37.123.143.245 - - [19/Jul/2024:02:04:23 +0200] "GET /ticket2/opencms/system/workplace/commons/style/workplace.css HTTP/1.1" 200 14209
66.249.76.8 - - [19/Jul/2024:02:04:25 +0200] "GET /ticket2/opencms/es/buying_tickets HTTP/1.1" 200 74678
192.99.15.185 - - [19/Jul/2024:02:04:27 +0200] "GET /ticket2/opencms/dk/fi/buy/?page=1&edid=C585BD1B-7334-51AA-91F2-A36533EF6912&sortorder=desc&column=section HTTP/1.1" 404 -
217.113.194.220 - - [19/Jul/2024:02:04:28 +0200] "GET /ticket2/opencms/sv/buy?page=1&edid=8DD5F074-9C3D-F268-0681-07FE736DEB63 HTTP/1.1" 200 115468
192.99.15.185 - - [19/Jul/2024:02:04:32 +0200] "GET /ticket2/opencms/dk/fi/buy/?page=1&edid=C601E922-6CF2-8C03-3687-E9E1DBD1FC31&sortorder=asc&column=row HTTP/1.1" 404 -
154.54.249.216 - - [19/Jul/2024:02:04:37 +0200] "GET /ticket2/opencms/sv/sell/?edid=036A96F6-8747-6233-3717-C295A61E4FFD HTTP/1.1" 302 -
192.99.15.185 - - [19/Jul/2024:02:04:38 +0200] "GET /ticket2/opencms/dk/fi/buy/?page=1&edid=C601E922-6CF2-8C03-3687-E9E1DBD1FC31&sortorder=desc&column=row HTTP/1.1" 404 -
192.99.15.185 - - [19/Jul/2024:02:04:43 +0200] "GET /ticket2/opencms/dk/fi/buy/?page=1&edid=CAE92924-3FB7-0134-A118-0CF45131D58E&sortorder=asc&column=price HTTP/1.1" 404 -
217.113.194.217 - - [19/Jul/2024:02:04:45 +0200] "GET /ticket2/opencms/sv/sell/?edid=C2F9F2B7-32AF-63DA-7A2B-782790433798 HTTP/1.1" 302 -
192.99.15.185 - - [19/Jul/2024:02:04:49 +0200] "GET /ticket2/opencms/dk/fi/buy/?page=1&edid=CAE92924-3FB7-0134-A118-0CF45131D58E&sortorder=asc&column=row HTTP/1.1" 404 -
217.113.194.215 - - [19/Jul/2024:02:04:53 +0200] "GET /ticket2/opencms/sv/sell/?edid=135C00F3-51AC-7ED3-EBD8-841665CFC0A8 HTTP/1.1" 302 -
192.99.15.185 - - [19/Jul/2024:02:04:54 +0200] "GET /ticket2/opencms/dk/fi/buy/?page=1&edid=CAE92924-3FB7-0134-A118-0CF45131D58E&sortorder=asc&column=section HTTP/1.1" 404 -
192.99.15.185 - - [19/Jul/2024:02:05:00 +0200] "GET /ticket2/opencms/dk/fi/buy/?page=1&edid=CAE92924-3FB7-0134-A118-0CF45131D58E&sortorder=desc&column=price HTTP/1.1" 404 -
217.113.194.220 - - [19/Jul/2024:02:05:01 +0200] "GET /ticket2/opencms/sv/sell/?edid=8D277887-D2AB-63E9-7974-608EA419222C HTTP/1.1" 302 -
40.77.167.44 - - [19/Jul/2024:02:05:03 +0200] "GET /ticket2/opencms/nl/buy/?page=1&edid=78BBCB10-20F4-C70D-65CE-81910185FD82 HTTP/1.1" 200 109465
192.99.15.185 - - [19/Jul/2024:02:05:05 +0200] "GET /ticket2/opencms/dk/fi/buy/?page=1&edid=CAE92924-3FB7-0134-A118-0CF45131D58E&sortorder=desc&column=row HTTP/1.1" 404 -
154.54.249.216 - - [19/Jul/2024:02:05:09 +0200] "GET /ticket2/opencms/sv/sell/?edid=929DD0B9-EAC1-71B0-BD49-B1F82734E49C HTTP/1.1" 302 -
192.99.15.185 - - [19/Jul/2024:02:05:11 +0200] "GET /ticket2/opencms/dk/fi/buy/?page=1&edid=CAE92924-3FB7-0134-A118-0CF45131D58E&sortorder=desc&column=section HTTP/1.1" 404 -
192.99.15.185 - - [19/Jul/2024:02:05:16 +0200] "GET /ticket2/opencms/dk/fi/buy/?page=1&edid=CC5DF088-62DD-1368-F42E-D266F3812B5F&sortorder=asc&column=price HTTP/1.1" 404 -
66.249.79.172 - - [19/Jul/2024:02:05:16 +0200] "GET /ticket2/opencms/fr/buy?page=1&edid=1AD4E11C-C792-1721-4D1A-2229101A30FD HTTP/1.1" 200 121468
217.113.194.214 - - [19/Jul/2024:02:05:18 +0200] "GET /ticket2/opencms/sv/sell/?edid=6478F781-65DA-7AAE-BAEE-90B7FCDC7B60 HTTP/1.1" 302 -
192.99.15.185 - - [19/Jul/2024:02:05:21 +0200] "GET /ticket2/opencms/dk/fi/buy/?page=1&edid=CC5DF088-62DD-1368-F42E-D266F3812B5F&sortorder=asc&column=section HTTP/1.1" 404 -
217.113.194.214 - - [19/Jul/2024:02:05:26 +0200] "GET /ticket2/opencms/sites/ticketbrokerage/sv/tickets/west-bromwich-albion/bolton_wanderers.html HTTP/1.1" 404 -
192.99.15.185 - - [19/Jul/2024:02:05:27 +0200] "GET /ticket2/opencms/dk/fi/buy/?page=1&edid=CC5DF088-62DD-1368-F42E-D266F3812B5F&sortorder=desc&column=price HTTP/1.1" 404 -
192.99.15.185 - - [19/Jul/2024:02:05:32 +0200] "GET /ticket2/opencms/dk/fi/buy/?page=1&edid=CC5DF088-62DD-1368-F42E-D266F3812B5F&sortorder=desc&column=section HTTP/1.1" 404 -
217.113.194.216 - - [19/Jul/2024:02:05:34 +0200] "GET /ticket2/opencms/fi/buy?page=1&edid=1260CE5D-7BE1-B121-0CBF-652705BD383D HTTP/1.1" 200 86351
192.99.15.185 - - [19/Jul/2024:02:05:38 +0200] "GET /ticket2/opencms/dk/fi/buy/?page=1&edid=CD9CCE5B-E45C-7CA4-806C-47052D704B01&sortorder=asc&column=price HTTP/1.1" 404 -
217.113.194.212 - - [19/Jul/2024:02:05:42 +0200] "GET /ticket2/opencms/fi/buy?page=1&edid=F86A3572-4FC7-083F-0C05-72515D18170D HTTP/1.1" 200 89237
192.99.15.185 - - [19/Jul/2024:02:05:43 +0200] "GET /ticket2/opencms/dk/fi/buy/?page=1&edid=CD9CCE5B-E45C-7CA4-806C-47052D704B01&sortorder=asc&column=row HTTP/1.1" 404 -
192.99.15.185 - - [19/Jul/2024:02:05:49 +0200] "GET /ticket2/opencms/dk/fi/buy/?page=1&edid=CD9CCE5B-E45C-7CA4-806C-47052D704B01&sortorder=asc&column=section HTTP/1.1" 404 -
217.113.194.217 - - [19/Jul/2024:02:05:51 +0200] "GET /ticket2/opencms/fi/buy?page=1&edid=1BFB08A7-6566-B113-E321-5228D23CB18B HTTP/1.1" 200 89004
192.99.15.185 - - [19/Jul/2024:02:05:54 +0200] "GET /ticket2/opencms/dk/fi/buy/?page=1&edid=D08A9B60-3429-ACA1-D8CD-E29D3C6E537F&sortorder=asc&column=section HTTP/1.1" 404 -
217.113.194.221 - - [19/Jul/2024:02:05:59 +0200] "GET /ticket2/opencms/fi/sell/?edid=A32C2CDE-A2F2-054C-C7FE-30BF45814EDA HTTP/1.1" 302 -
192.99.15.185 - - [19/Jul/2024:02:05:59 +0200] "GET /ticket2/opencms/dk/fi/buy/?page=1&edid=D08A9B60-3429-ACA1-D8CD-E29D3C6E537F&sortorder=desc&column=section HTTP/1.1" 404 -
192.99.15.185 - - [19/Jul/2024:02:06:05 +0200] "GET /ticket2/opencms/dk/fi/buy/?page=1&edid=D0922091-3F02-A1A0-C882-D45382E227D8&sortorder=asc&column=section HTTP/1.1" 404 -
217.113.194.217 - - [19/Jul/2024:02:06:07 +0200] "GET /ticket2/opencms/fi/sell/?edid=E561DB0E-D1A5-DAD8-3EB4-1648A983060B HTTP/1.1" 302 -
54.36.148.228 - - [19/Jul/2024:02:06:08 +0200] "GET /ticket2/opencms/sv/buy/?page=1&edid=F7607B70-C7D1-859A-AF1D-90ACBF6F99CC HTTP/1.1" 200 94031
192.99.15.185 - - [19/Jul/2024:02:06:10 +0200] "GET /ticket2/opencms/dk/fi/buy/?page=1&edid=D0922091-3F02-A1A0-C882-D45382E227D8&sortorder=desc&column=section HTTP/1.1" 404 -
47.128.98.234 - - [19/Jul/2024:02:06:13 +0200] "GET /ticket2/opencms/es/buy/?edid=E9ADDD4B-2D5C-5990-7858-03EAA4240B08 HTTP/1.1" 200 72706
47.128.98.234 - - [19/Jul/2024:02:06:13 +0200] "GET /ticket2/opencms/system/modules/com.gridnine.opencms.ticketbrokerage.site/resources/pics/logo-new.png HTTP/1.1" 200 13541
47.128.98.234 - - [19/Jul/2024:02:06:14 +0200] "GET /ticket2/opencms/system/modules/com.gridnine.opencms.ticketbrokerage.site/resources/pics/footer-img.png HTTP/1.1" 200 10350
114.119.143.145 - - [19/Jul/2024:02:06:15 +0200] "GET /ticket2/opencms/en/venue/?venueid=E27C37A8-B6C5-D44D-C533-C3BD6E0498F9 HTTP/1.1" 200 70739
217.113.194.218 - - [19/Jul/2024:02:06:15 +0200] "GET /ticket2/opencms/fi/sell/?edid=B6792C71-3777-835A-6A12-E2C6ABE580AB HTTP/1.1" 302 -
192.99.15.185 - - [19/Jul/2024:02:06:16 +0200] "GET /ticket2/opencms/dk/fi/buy/?page=1&edid=D1232EB3-9D48-1326-7254-05C79A197FDE&sortorder=asc&column=price HTTP/1.1" 404 -
192.99.15.185 - - [19/Jul/2024:02:06:21 +0200] "GET /ticket2/opencms/dk/fi/buy/?page=1&edid=D1232EB3-9D48-1326-7254-05C79A197FDE&sortorder=desc&column=price HTTP/1.1" 404 -
217.113.194.215 - - [19/Jul/2024:02:06:24 +0200] "GET /ticket2/opencms/fi/sell/?edid=FEC55A08-67DE-52B7-7760-E96A945C9969 HTTP/1.1" 302 -
192.99.15.185 - - [19/Jul/2024:02:06:27 +0200] "GET /ticket2/opencms/dk/fi/buy/?page=1&edid=D4E63332-9FAC-DBFC-3219-0B8144B70879&sortorder=asc&column=price HTTP/1.1" 404 -
66.249.79.232 - - [19/Jul/2024:02:06:27 +0200] "GET /ticket2/opencms/fi/venue/?venueid=F8EFDBCE-B1FF-C34F-BAE0-79E90F8EC2C1 HTTP/1.1" 200 72333
54.36.149.48 - - [19/Jul/2024:02:06:29 +0200] "GET /ticket2/opencms/sv/buy/?page=1&edid=DDC014E0-57FD-0978-5C99-38BF9021FA56 HTTP/1.1" 200 94026
66.249.79.32 - - [19/Jul/2024:02:06:29 +0200] "GET /ticket2/opencms/fi/venue/?venueid=F88F99DB-CCD0-4577-59AA-A36930D419E1 HTTP/1.1" 200 72283
154.54.249.216 - - [19/Jul/2024:02:06:32 +0200] "GET /ticket2/opencms/fi/sell/?edid=8446D200-DB98-4867-98B9-94B9AACDFC92 HTTP/1.1" 302 -
192.99.15.185 - - [19/Jul/2024:02:06:32 +0200] "GET /ticket2/opencms/dk/fi/buy/?page=1&edid=D4E63332-9FAC-DBFC-3219-0B8144B70879&sortorder=asc&column=section HTTP/1.1" 404 -
192.99.15.185 - - [19/Jul/2024:02:06:37 +0200] "GET /ticket2/opencms/dk/fi/buy/?page=1&edid=D4E63332-9FAC-DBFC-3219-0B8144B70879&sortorder=desc&column=price HTTP/1.1" 404 -
217.113.194.219 - - [19/Jul/2024:02:06:40 +0200] "GET /ticket2/opencms/fi/sell/?edid=601ACF38-5C31-FBA9-552E-BFECCB7BA32F HTTP/1.1" 302 -
192.99.15.185 - - [19/Jul/2024:02:06:43 +0200] "GET /ticket2/opencms/dk/fi/buy/?page=1&edid=D4E63332-9FAC-DBFC-3219-0B8144B70879&sortorder=desc&column=row HTTP/1.1" 404 -
192.99.15.185 - - [19/Jul/2024:02:06:48 +0200] "GET /ticket2/opencms/dk/fi/buy/?page=1&edid=D4E63332-9FAC-DBFC-3219-0B8144B70879&sortorder=desc&column=section HTTP/1.1" 404 -
217.113.194.213 - - [19/Jul/2024:02:06:48 +0200] "GET /ticket2/opencms/fi/sell/?edid=54139C07-8587-1A1B-3365-D199BB9B1708 HTTP/1.1" 302 -
54.36.148.179 - - [19/Jul/2024:02:06:53 +0200] "GET /ticket2/opencms/sv/buy/?page=1&edid=B64E0F34-8F38-7972-6429-A3CAB0BC032F HTTP/1.1" 200 94026
192.99.15.185 - - [19/Jul/2024:02:06:53 +0200] "GET /ticket2/opencms/dk/fi/buy/?page=1&edid=D737459F-8C33-1A07-DB7F-17A3C6E8F82A&sortorder=asc&column=row HTTP/1.1" 404 -
217.113.194.221 - - [19/Jul/2024:02:06:57 +0200] "GET /ticket2/opencms/fi/sell/?edid=228E1167-BCFC-2F99-51D7-E88C552694FD HTTP/1.1" 302 -
192.99.15.185 - - [19/Jul/2024:02:06:59 +0200] "GET /ticket2/opencms/dk/fi/buy/?page=1&edid=E67DD6CD-AF7F-D6DE-87EF-529B2AEFCE16&sortorder=asc&column=row HTTP/1.1" 404 -
192.99.15.185 - - [19/Jul/2024:02:07:04 +0200] "GET /ticket2/opencms/dk/fi/buy/?page=1&edid=E67DD6CD-AF7F-D6DE-87EF-529B2AEFCE16&sortorder=asc&column=section HTTP/1.1" 404 -
114.119.153.220 - - [19/Jul/2024:02:07:07 +0200] "GET /ticket2/opencms/en/sell/?edid=19048647-BC61-4BDE-02CA-8930BEE56FCB HTTP/1.1" 302 -
192.99.15.185 - - [19/Jul/2024:02:07:10 +0200] "GET /ticket2/opencms/dk/fi/buy/?page=1&edid=E8031708-E41C-1608-FAE1-137C89B30DDC&sortorder=asc&column=price HTTP/1.1" 404 -
114.119.153.220 - - [19/Jul/2024:02:07:10 +0200] "GET /ticket2/opencms/en/login/?url=/en/sell/ HTTP/1.1" 200 72802
54.36.148.15 - - [19/Jul/2024:02:07:13 +0200] "GET /ticket2/opencms/sv/buy/?page=1&edid=4100BC31-B21E-692B-10F2-5632E9B20F37 HTTP/1.1" 200 94031
192.99.15.185 - - [19/Jul/2024:02:07:15 +0200] "GET /ticket2/opencms/dk/fi/buy/?page=1&edid=E8031708-E41C-1608-FAE1-137C89B30DDC&sortorder=asc&column=row HTTP/1.1" 404 -
192.99.15.185 - - [19/Jul/2024:02:07:20 +0200] "GET /ticket2/opencms/dk/fi/buy/?page=1&edid=E8031708-E41C-1608-FAE1-137C89B30DDC&sortorder=asc&column=section HTTP/1.1" 404 -
217.113.194.213 - - [19/Jul/2024:02:07:22 +0200] "GET /ticket2/opencms/fi/buy/?comcatid=A17713B6-D984-201A-4143-ED4DB5ED5C2E HTTP/1.1" 200 243693
192.99.15.185 - - [19/Jul/2024:02:07:26 +0200] "GET /ticket2/opencms/dk/fi/buy/?page=1&edid=E8D37283-D56B-FD6C-F174-24BB3094D0C7&sortorder=asc&column=price HTTP/1.1" 404 -
66.249.76.1 - - [19/Jul/2024:02:07:28 +0200] "GET /ticket2/opencms/sv/buy_safety HTTP/1.1" 200 73725
217.113.194.218 - - [19/Jul/2024:02:07:30 +0200] "GET /ticket2/opencms/fi/buy/?page=1&edid=ACE0111C-6B99-CC8A-A851-A31348B3D091 HTTP/1.1" 200 89535
66.249.76.8 - - [19/Jul/2024:02:07:31 +0200] "GET /ticket2/opencms/sv/venue/?venueid=5825560D-8AFF-5FEB-2C32-D0E0D585D6B3 HTTP/1.1" 200 71547
192.99.15.185 - - [19/Jul/2024:02:07:31 +0200] "GET /ticket2/opencms/dk/fi/buy/?page=1&edid=E8D37283-D56B-FD6C-F174-24BB3094D0C7&sortorder=desc&column=price HTTP/1.1" 404 -
54.36.148.128 - - [19/Jul/2024:02:07:35 +0200] "GET /ticket2/opencms/sv/buy/?page=1&edid=3F245B75-1DCF-320F-93F3-D63AC2E239C1 HTTP/1.1" 200 94026
192.99.15.185 - - [19/Jul/2024:02:07:36 +0200] "GET /ticket2/opencms/dk/fi/buy/?page=1&edid=E94EB3D4-47F8-5B4B-AFCC-5DA76D6F5A89&sortorder=desc&column=price HTTP/1.1" 404 -
217.113.194.220 - - [19/Jul/2024:02:07:38 +0200] "GET /ticket2/opencms/fi/buy/?page=1&edid=C7BF2F27-25CE-6988-2BAE-106FF090AB2B HTTP/1.1" 200 88988
192.99.15.185 - - [19/Jul/2024:02:07:42 +0200] "GET /ticket2/opencms/dk/fi/buy/?page=1&edid=FD5A4147-3064-3A22-5465-AF24C521B032&sortorder=asc&column=price HTTP/1.1" 404 -
114.119.135.169 - - [19/Jul/2024:02:07:45 +0200] "GET /ticket2/opencms/en/sell?edid=6750BD34-C29C-E045-3680-25A7647342F8 HTTP/1.1" 302 -
217.113.194.215 - - [19/Jul/2024:02:07:47 +0200] "GET /ticket2/opencms/fi/buy/?page=1&edid=E8A24DCC-BBA8-9609-547E-0972DB3DFF34 HTTP/1.1" 200 88888
192.99.15.185 - - [19/Jul/2024:02:07:47 +0200] "GET /ticket2/opencms/dk/fi/buy/?page=1&edid=FD9F7521-FAF6-CC18-E57A-C791478603D9&sortorder=asc&column=price HTTP/1.1" 404 -
114.119.135.169 - - [19/Jul/2024:02:07:49 +0200] "GET /ticket2/opencms/en/login/?url=/en/sell/ HTTP/1.1" 200 72802
192.99.15.185 - - [19/Jul/2024:02:07:52 +0200] "GET /ticket2/opencms/dk/fi/buy/?page=1&edid=FD9F7521-FAF6-CC18-E57A-C791478603D9&sortorder=asc&column=row HTTP/1.1" 404 -
154.54.249.216 - - [19/Jul/2024:02:07:55 +0200] "GET /ticket2/opencms/fi/buy/?page=1&edid=AE24AEB1-1B13-3324-4DF1-2648DAEC10CA HTTP/1.1" 200 86373
192.99.15.185 - - [19/Jul/2024:02:07:58 +0200] "GET /ticket2/opencms/dk/fi/buy/?page=1&edid=FD9F7521-FAF6-CC18-E57A-C791478603D9&sortorder=asc&column=section HTTP/1.1" 404 -
54.36.148.134 - - [19/Jul/2024:02:07:58 +0200] "GET /ticket2/opencms/sv/buy/?page=1&edid=03ACD253-26FD-D5DA-1042-959F5F219816 HTTP/1.1" 200 94027
47.128.39.1 - - [19/Jul/2024:02:08:03 +0200] "GET /ticket2/opencms/de/ HTTP/1.1" 200 94735
192.99.15.185 - - [19/Jul/2024:02:08:03 +0200] "GET /ticket2/opencms/dk/fi/buy/?page=1&edid=FD9F7521-FAF6-CC18-E57A-C791478603D9&sortorder=desc&column=price HTTP/1.1" 404 -
217.113.194.212 - - [19/Jul/2024:02:08:03 +0200] "GET /ticket2/opencms/fi/buy/?page=1&edid=E627A49C-D050-A909-0252-56E229E20AB0 HTTP/1.1" 200 86405
47.128.39.1 - - [19/Jul/2024:02:08:04 +0200] "GET /ticket2/opencms/system/modules/com.gridnine.opencms.ticketbrokerage.site/resources/pics/logo-new.png HTTP/1.1" 200 13541
47.128.39.1 - - [19/Jul/2024:02:08:04 +0200] "GET /ticket2/opencms/system/modules/com.gridnine.opencms.ticketbrokerage.site/resources/pics/footer-img.png HTTP/1.1" 200 10350
66.249.68.33 - - [19/Jul/2024:02:08:05 +0200] "GET /ticket2/opencms/system/modules/com.gridnine.opencms.ticketbrokerage.site/resources/js/jquery/jquery.js HTTP/1.1" 200 93868
192.99.15.185 - - [19/Jul/2024:02:08:09 +0200] "GET /ticket2/opencms/dk/fi/buy/?page=1&edid=FD9F7521-FAF6-CC18-E57A-C791478603D9&sortorder=desc&column=row HTTP/1.1" 404 -
217.113.194.217 - - [19/Jul/2024:02:08:12 +0200] "GET /ticket2/opencms/fi/buy/?page=1&edid=E9468063-48C4-654A-CE7F-634AFC524443 HTTP/1.1" 200 89071
192.99.15.185 - - [19/Jul/2024:02:08:14 +0200] "GET /ticket2/opencms/dk/fi/buy/?page=1&edid=FD9F7521-FAF6-CC18-E57A-C791478603D9&sortorder=desc&column=section HTTP/1.1" 404 -
54.36.148.203 - - [19/Jul/2024:02:08:18 +0200] "GET /ticket2/opencms/sv/buy/?page=1&edid=1125FC06-6A3C-872B-D830-B5A68C80CEE6 HTTP/1.1" 200 85320
192.99.15.185 - - [19/Jul/2024:02:08:20 +0200] "GET /ticket2/opencms/dk/fi/buy/?page=1&edid=FF3DA28B-4575-B41C-4A40-DA5E05530770&sortorder=asc&column=price HTTP/1.1" 404 -
217.113.194.215 - - [19/Jul/2024:02:08:20 +0200] "GET /ticket2/opencms/fi/buy/?page=1&edid=A7536942-4293-E64E-8292-C391BBCDB198 HTTP/1.1" 200 86350
192.99.15.185 - - [19/Jul/2024:02:08:25 +0200] "GET /ticket2/opencms/dk/fi/buy/?page=1&edid=FF3DA28B-4575-B41C-4A40-DA5E05530770&sortorder=asc&column=row HTTP/1.1" 404 -
217.113.194.215 - - [19/Jul/2024:02:08:28 +0200] "GET /ticket2/opencms/fi/buy/?page=1&edid=D09C9861-7426-A328-53B1-A881873601B3 HTTP/1.1" 200 86351
114.119.154.89 - - [19/Jul/2024:02:08:29 +0200] "GET /ticket2/opencms/en/venue/?venueid=D472C220-B929-5B16-8479-1E0BD6C92DF6 HTTP/1.1" 200 70712
192.99.15.185 - - [19/Jul/2024:02:08:30 +0200] "GET /ticket2/opencms/dk/fi/buy/?page=1&edid=FF3DA28B-4575-B41C-4A40-DA5E05530770&sortorder=asc&column=section HTTP/1.1" 404 -
47.128.29.110 - - [19/Jul/2024:02:08:30 +0200] "GET /ticket2/opencms/dk/buy/?edid=5F15F12F-96FE-A0D6-26C4-28716D38AA1C HTTP/1.1" 200 71437
47.128.29.110 - - [19/Jul/2024:02:08:31 +0200] "GET /ticket2/opencms/system/modules/com.gridnine.opencms.ticketbrokerage.site/resources/pics/logo-new.png HTTP/1.1" 200 13541
47.128.29.110 - - [19/Jul/2024:02:08:32 +0200] "GET /ticket2/opencms/system/modules/com.gridnine.opencms.ticketbrokerage.site/resources/pics/footer-img.png HTTP/1.1" 200 10350
52.167.144.184 - - [19/Jul/2024:02:08:32 +0200] "GET /ticket2/opencms/de/search.html?searchQuery= HTTP/1.1" 200 89487
192.99.15.185 - - [19/Jul/2024:02:08:36 +0200] "GET /ticket2/opencms/dk/fi/buy/?page=1&edid=FF69DC98-99E2-FC49-3EB6-F7154192E9EB&sortorder=asc&column=price HTTP/1.1" 404 -
66.249.79.37 - - [19/Jul/2024:02:08:36 +0200] "GET /ticket2/opencms/robots.txt HTTP/1.1" 200 773
217.113.194.219 - - [19/Jul/2024:02:08:37 +0200] "GET /ticket2/opencms/fi/buy/?page=1&edid=A80022C8-3541-FA3A-867C-156C8341938D HTTP/1.1" 200 87893
40.77.167.230 - - [19/Jul/2024:02:08:37 +0200] "GET /ticket2/opencms/sv/ HTTP/1.1" 200 94655
66.249.79.36 - - [19/Jul/2024:02:08:38 +0200] "GET /ticket2/opencms/fi/urheilu/jalkapallo/serie_a/ HTTP/1.1" 200 78434
192.99.15.185 - - [19/Jul/2024:02:08:39 +0200] "GET /ticket2/opencms/dk/fi/login/?edid=0226A6B7-0BBD-40A6-8BD9-9B12CF3E86ED HTTP/1.1" 404 -
192.99.15.185 - - [19/Jul/2024:02:08:43 +0200] "GET /ticket2/opencms/dk/fi/login/?edid=7620AC05-C07D-20B0-5C26-2BB0AB225757 HTTP/1.1" 404 -
217.113.194.216 - - [19/Jul/2024:02:08:45 +0200] "GET /ticket2/opencms/fi/buy/?page=1&edid=CE3BDDC1-7BB7-25A0-70B4-42663B970188 HTTP/1.1" 200 86366
192.99.15.185 - - [19/Jul/2024:02:08:46 +0200] "GET /ticket2/opencms/dk/fi/login/?edid=7CED7E0F-6B54-D4FC-72EC-13278592A560 HTTP/1.1" 404 -
192.99.15.185 - - [19/Jul/2024:02:08:50 +0200] "GET /ticket2/opencms/dk/fi/login/?edid=98C1240D-E032-0B95-7573-C567C14D7D16 HTTP/1.1" 404 -
47.128.123.44 - - [19/Jul/2024:02:08:52 +0200] "GET /ticket2/opencms/fi/venue/?venueid=CA6B89CB-1236-585A-E228-07129994CD40 HTTP/1.1" 200 72289
47.128.123.44 - - [19/Jul/2024:02:08:53 +0200] "GET /ticket2/opencms/system/modules/com.gridnine.opencms.ticketbrokerage.site/resources/pics/logo-new.png HTTP/1.1" 200 13541
192.99.15.185 - - [19/Jul/2024:02:08:53 +0200] "GET /ticket2/opencms/dk/fi/login/?edid=AD7CC956-29A2-9E10-9B81-D673B6C0E599 HTTP/1.1" 404 -
217.113.194.213 - - [19/Jul/2024:02:08:53 +0200] "GET /ticket2/opencms/fi/buy/?page=1&edid=AED19AE5-15C6-7340-D50D-690173EBEF60 HTTP/1.1" 200 86381
47.128.123.44 - - [19/Jul/2024:02:08:53 +0200] "GET /ticket2/opencms/system/modules/com.gridnine.opencms.ticketbrokerage.site/resources/pics/footer-img.png HTTP/1.1" 200 10350
63.143.42.252 - - [19/Jul/2024:02:08:56 +0200] "HEAD /ticket2/opencms/ HTTP/1.1" 302 -
192.99.15.185 - - [19/Jul/2024:02:08:56 +0200] "GET /ticket2/opencms/dk/fi/login/?edid=CE46419D-8212-4E80-4D96-946A95260D8F HTTP/1.1" 404 -
63.143.42.252 - - [19/Jul/2024:02:09:00 +0200] "HEAD /ticket2/opencms/en/ HTTP/1.1" 200 -
192.99.15.185 - - [19/Jul/2024:02:09:00 +0200] "GET /ticket2/opencms/dk/fi/login/?edid=DAFDD77A-6D0A-08E5-2794-012E560891FE HTTP/1.1" 404 -
217.113.194.214 - - [19/Jul/2024:02:09:02 +0200] "GET /ticket2/opencms/fi/buy/?page=1&edid=E1161ACD-4A90-09BE-AF37-F0031486434D HTTP/1.1" 200 86361
192.99.15.185 - - [19/Jul/2024:02:09:03 +0200] "GET /ticket2/opencms/dk/fi/login/?edid=FFD295A3-4EEF-0AC4-F4B4-46E2317B286E HTTP/1.1" 404 -
66.249.79.173 - - [19/Jul/2024:02:09:07 +0200] "GET /ticket2/opencms/sv/buy?page=1&edid=C2E0FED9-872C-CDB5-EA69-F93F12F9C91F HTTP/1.1" 200 100039
192.99.15.185 - - [19/Jul/2024:02:09:09 +0200] "GET /ticket2/opencms/dk/fi/login/?edid=3549536B-5431-B4B9-9C70-24B661A63E68 HTTP/1.1" 404 -
217.113.194.221 - - [19/Jul/2024:02:09:10 +0200] "GET /ticket2/opencms/fi/buy/?page=1&edid=A1379091-8019-BE88-B137-A1F1344CB8F9 HTTP/1.1" 200 89010
192.99.15.185 - - [19/Jul/2024:02:09:14 +0200] "GET /ticket2/opencms/dk/fi/login/?edid=3830122A-8C0B-09CA-A7F9-62032F84F3E5 HTTP/1.1" 404 -
217.113.194.215 - - [19/Jul/2024:02:09:18 +0200] "GET /ticket2/opencms/fi/buy/?page=1&edid=D6F50889-41BE-EC07-45B4-F708B8ACA166 HTTP/1.1" 200 89503
192.99.15.185 - - [19/Jul/2024:02:09:20 +0200] "GET /ticket2/opencms/dk/fi/login/?edid=39168B9C-E36E-857F-42A1-E431E428BADA HTTP/1.1" 404 -
37.123.143.245 - - [19/Jul/2024:02:09:23 +0200] "GET /ticket2/opencms/system/workplace/views/top_foot.jsp?wpFrame=foot HTTP/1.1" 200 1211
37.123.143.245 - - [19/Jul/2024:02:09:24 +0200] "GET /ticket2/opencms/system/workplace/commons/style/workplace.css HTTP/1.1" 200 14209
192.99.15.185 - - [19/Jul/2024:02:09:25 +0200] "GET /ticket2/opencms/dk/fi/login/?edid=7E17F6C1-856B-78BE-EE22-EF6E2CE39DF7 HTTP/1.1" 404 -
119.13.108.132 - - [19/Jul/2024:02:09:26 +0200] "GET /ticket2/opencms/de/magazine/article?title=chelsea HTTP/1.1" 200 77745
217.113.194.214 - - [19/Jul/2024:02:09:27 +0200] "GET /ticket2/opencms/fi/buy/?page=1&edid=BE987DAA-D470-52CE-C991-AEB9974BD5BE HTTP/1.1" 200 89183
192.99.15.185 - - [19/Jul/2024:02:09:30 +0200] "GET /ticket2/opencms/dk/fi/login/?edid=7EF10304-98E0-2B58-2938-76F08ACE3694 HTTP/1.1" 404 -
66.249.76.8 - - [19/Jul/2024:02:09:32 +0200] "GET /ticket2/opencms/de/magazine/article?title=emirates-stadion HTTP/1.1" 200 77598
217.113.194.221 - - [19/Jul/2024:02:09:35 +0200] "GET /ticket2/opencms/fi/buy/?page=1&edid=D27C0576-937D-075A-E920-DCB47456396D HTTP/1.1" 200 88962
192.99.15.185 - - [19/Jul/2024:02:09:36 +0200] "GET /ticket2/opencms/dk/fi/login/?edid=7F453E70-42C2-9829-6707-8F3A9E689502 HTTP/1.1" 404 -
192.99.15.185 - - [19/Jul/2024:02:09:41 +0200] "GET /ticket2/opencms/dk/fi/login/?edid=ABD71631-87BB-6A7C-FC5E-66817F361F35 HTTP/1.1" 404 -
217.113.194.216 - - [19/Jul/2024:02:09:43 +0200] "GET /ticket2/opencms/fi/buy/?page=1&edid=E45302BD-B155-B6BD-3553-033974A859B0 HTTP/1.1" 200 86394
47.128.32.180 - - [19/Jul/2024:02:09:45 +0200] "GET /ticket2/opencms/es/buy/?comcatid=A17713B6-D984-201A-4143-ED4DB5ED5C2E&npage=2 HTTP/1.1" 200 241764
47.128.32.180 - - [19/Jul/2024:02:09:46 +0200] "GET /ticket2/opencms/system/modules/com.gridnine.opencms.ticketbrokerage.site/resources/pics/logo-new.png HTTP/1.1" 200 13541
47.128.32.180 - - [19/Jul/2024:02:09:47 +0200] "GET /ticket2/opencms/system/modules/com.gridnine.opencms.ticketbrokerage.site/resources/pics/footer-img.png HTTP/1.1" 200 10350
192.99.15.185 - - [19/Jul/2024:02:09:47 +0200] "GET /ticket2/opencms/dk/fi/login/?edid=AD1489BC-D85F-F906-30B7-DAF56FC0FE6B HTTP/1.1" 404 -
216.244.66.237 - - [19/Jul/2024:02:09:51 +0200] "GET /ticket2/opencms/dk/robots.txt HTTP/1.1" 404 -
217.113.194.219 - - [19/Jul/2024:02:09:52 +0200] "GET /ticket2/opencms/fi/buy/?page=1&edid=FD6E8518-2A79-98CA-DCA7-35679521856E HTTP/1.1" 200 88964
192.99.15.185 - - [19/Jul/2024:02:09:52 +0200] "GET /ticket2/opencms/dk/fi/login/?edid=B6D0A9AB-69A7-9419-F7A9-AFE901370F8E HTTP/1.1" 404 -
192.99.15.185 - - [19/Jul/2024:02:09:58 +0200] "GET /ticket2/opencms/dk/fi/login/?edid=F9BBE6C5-FC76-172B-1A0C-2F0C14E7CDB9 HTTP/1.1" 404 -
154.54.249.216 - - [19/Jul/2024:02:10:00 +0200] "GET /ticket2/opencms/fi/buy/?page=1&edid=FB467396-DB12-B100-0119-92461E5CAEE3 HTTP/1.1" 200 86348
216.244.66.238 - - [19/Jul/2024:02:10:00 +0200] "GET /ticket2/opencms/robots.txt HTTP/1.1" 200 773
216.244.66.238 - - [19/Jul/2024:02:10:01 +0200] "GET /ticket2/opencms/robots.txt HTTP/1.1" 200 773
192.99.15.185 - - [19/Jul/2024:02:10:03 +0200] "GET /ticket2/opencms/dk/fi/login/?edid=FEB03BB6-02B5-C800-F6B0-987523006767 HTTP/1.1" 404 -
