217.113.194.213 - - [19/Jul/2024:03:18:32 +0200] "GET /ticket2/opencms/en/buy/?page=1&edid=459074B7-A4B9-918E-314F-2E4787A6A9A2 HTTP/1.1" 200 87398
192.99.13.69 - - [19/Jul/2024:03:18:33 +0200] "GET /ticket2/opencms/se/sv/login/?edid=12968C36-EF0E-52F6-FF93-EF3AF0F97431 HTTP/1.1" 404 -
114.119.154.181 - - [19/Jul/2024:03:18:34 +0200] "GET /ticket2/opencms/en/login/?url=/en/sell/ HTTP/1.1" 200 72802
192.99.13.69 - - [19/Jul/2024:03:18:37 +0200] "GET /ticket2/opencms/se/sv/login/?edid=149E4898-886E-801A-DF9C-A6639D44D86F HTTP/1.1" 404 -
47.128.55.112 - - [19/Jul/2024:03:18:39 +0200] "GET /ticket2/opencms/no/buy/?comcatid=A17713B6-D984-201A-4143-ED4DB5ED5C2E&catid=7EF04817-972D-18B1-F941-DE800D088075 HTTP/1.1" 200 82457
47.128.55.112 - - [19/Jul/2024:03:18:40 +0200] "GET /ticket2/opencms/system/modules/com.gridnine.opencms.ticketbrokerage.site/resources/pics/logo-new.png HTTP/1.1" 200 13541
47.128.55.112 - - [19/Jul/2024:03:18:40 +0200] "GET /ticket2/opencms/system/modules/com.gridnine.opencms.ticketbrokerage.site/resources/pics/footer-img.png HTTP/1.1" 200 10350
192.99.13.69 - - [19/Jul/2024:03:18:41 +0200] "GET /ticket2/opencms/se/sv/login/?edid=1BF80C33-B195-62CF-DC0D-7E03BCB8BD2C HTTP/1.1" 404 -
217.113.194.212 - - [19/Jul/2024:03:18:41 +0200] "GET /ticket2/opencms/en/buy/?page=1&edid=590AE662-1DF0-31E3-5A57-EC29ECE077A3 HTTP/1.1" 200 87139
37.57.218.243 - - [19/Jul/2024:03:18:42 +0200] "GET /ticket2/opencms/en/buy/?page=1&edid=D5C4F50D-2A92-D0EC-6476-87E00BCDB682&sortorder=asc&column=section HTTP/1.1" 200 87662
192.99.13.69 - - [19/Jul/2024:03:18:44 +0200] "GET /ticket2/opencms/se/sv/login/?edid=22918B13-E610-5B05-ADD9-C00BB91B72FA HTTP/1.1" 404 -
192.99.13.69 - - [19/Jul/2024:03:18:47 +0200] "GET /ticket2/opencms/se/sv/login/?edid=26FF79E8-79DC-19D0-F2F0-480181E2B435 HTTP/1.1" 404 -
217.113.194.218 - - [19/Jul/2024:03:18:49 +0200] "GET /ticket2/opencms/en/buy/?page=1&edid=50BF9479-3052-C824-E43D-F65FCD0D5F09 HTTP/1.1" 200 84540
192.99.13.69 - - [19/Jul/2024:03:18:51 +0200] "GET /ticket2/opencms/se/sv/login/?edid=2946B44C-614C-B458-AD25-19BAB8520213 HTTP/1.1" 404 -
37.57.218.243 - - [19/Jul/2024:03:18:51 +0200] "GET /ticket2/opencms/en/buy/?page=1&edid=D5C4F50D-2A92-D0EC-6476-87E00BCDB682&sortorder=desc&column=price HTTP/1.1" 200 87661
47.128.20.149 - - [19/Jul/2024:03:18:53 +0200] "GET /ticket2/opencms/es/?comcatid=810BB404-4103-77F2-A6C2-12D5E6C338E2 HTTP/1.1" 200 95938
47.128.20.149 - - [19/Jul/2024:03:18:54 +0200] "GET /ticket2/opencms/system/modules/com.gridnine.opencms.ticketbrokerage.site/resources/pics/logo-new.png HTTP/1.1" 200 13541
192.99.13.69 - - [19/Jul/2024:03:18:54 +0200] "GET /ticket2/opencms/se/sv/login/?edid=29BA797B-C154-F348-7C3D-76E606A128C4 HTTP/1.1" 404 -
47.128.20.149 - - [19/Jul/2024:03:18:54 +0200] "GET /ticket2/opencms/system/modules/com.gridnine.opencms.ticketbrokerage.site/resources/pics/footer-img.png HTTP/1.1" 200 10350
192.99.13.69 - - [19/Jul/2024:03:18:58 +0200] "GET /ticket2/opencms/se/sv/login/?edid=2B9A522C-A5D9-DDA1-01B0-9BDDA268C9B6 HTTP/1.1" 404 -
154.54.249.216 - - [19/Jul/2024:03:18:59 +0200] "GET /ticket2/opencms/en/buy/?page=1&edid=5757BC30-FC6C-F9EE-4447-A553F56168B5 HTTP/1.1" 200 84548
192.99.13.69 - - [19/Jul/2024:03:19:01 +0200] "GET /ticket2/opencms/se/sv/login/?edid=2DED7F6B-68C5-9FFA-DD15-822B450F9317 HTTP/1.1" 404 -
40.77.167.50 - - [19/Jul/2024:03:19:02 +0200] "GET /ticket2/opencms/en/buy?page=1&edid=1046C14E-D95C-B350-CBCD-2ECE5F3DCC46 HTTP/1.1" 200 99231
202.62.62.166 - - [19/Jul/2024:03:19:04 +0200] "GET /ticket2/opencms/sv/ HTTP/1.1" 200 94655
192.99.13.69 - - [19/Jul/2024:03:19:05 +0200] "GET /ticket2/opencms/se/sv/login/?edid=2E2F6617-971E-9668-69DD-8AB75B7DA125 HTTP/1.1" 404 -
217.113.194.220 - - [19/Jul/2024:03:19:07 +0200] "GET /ticket2/opencms/en/buy/?page=1&edid=718C22C8-8C2E-B7BE-339A-55BF525019AD HTTP/1.1" 200 84550
192.99.13.69 - - [19/Jul/2024:03:19:08 +0200] "GET /ticket2/opencms/se/sv/login/?edid=2E507560-4116-98C2-2DA7-8FBA6FB533EE HTTP/1.1" 404 -
37.57.218.243 - - [19/Jul/2024:03:19:08 +0200] "GET /ticket2/opencms/en/buy/?page=1&edid=D5C4F50D-2A92-D0EC-6476-87E00BCDB682&sortorder=desc&column=row HTTP/1.1" 200 87661
192.99.13.69 - - [19/Jul/2024:03:19:12 +0200] "GET /ticket2/opencms/se/sv/login/?edid=2F880491-42B3-B2CF-F49A-9DDCD43581D2 HTTP/1.1" 404 -
202.62.62.166 - - [19/Jul/2024:03:19:13 +0200] "GET /ticket2/opencms/?utm_medium=company_profile&utm_source=trustpilot&utm_campaign=domain_click HTTP/1.1" 302 -
192.99.13.69 - - [19/Jul/2024:03:19:15 +0200] "GET /ticket2/opencms/se/sv/login/?edid=3122FC61-42C6-05E4-F860-066646CC846A HTTP/1.1" 404 -
217.113.194.214 - - [19/Jul/2024:03:19:15 +0200] "GET /ticket2/opencms/en/buy/?page=1&edid=929DD0B9-EAC1-71B0-BD49-B1F82734E49C HTTP/1.1" 200 87663
202.62.62.166 - - [19/Jul/2024:03:19:15 +0200] "GET /ticket2/opencms/en/ HTTP/1.1" 200 94039
37.57.218.243 - - [19/Jul/2024:03:19:17 +0200] "GET /ticket2/opencms/en/buy/?page=1&edid=D5C4F50D-2A92-D0EC-6476-87E00BCDB682&sortorder=desc&column=section HTTP/1.1" 200 87661
192.99.13.69 - - [19/Jul/2024:03:19:19 +0200] "GET /ticket2/opencms/se/sv/login/?edid=31A00BC6-9742-3DA5-82ED-B62782C882F9 HTTP/1.1" 404 -
202.62.62.166 - - [19/Jul/2024:03:19:20 +0200] "GET /ticket2/opencms/users/646cfb8bb11d3b001339783a HTTP/1.1" 404 -
202.62.62.166 - - [19/Jul/2024:03:19:22 +0200] "GET /ticket2/opencms/reviews/661ce6cbce304977e6f38fa0 HTTP/1.1" 404 -
192.99.13.69 - - [19/Jul/2024:03:19:22 +0200] "GET /ticket2/opencms/se/sv/login/?edid=32EF9398-FD82-4289-611A-D935E123059B HTTP/1.1" 404 -
217.113.194.221 - - [19/Jul/2024:03:19:24 +0200] "GET /ticket2/opencms/en/buy/?page=1&edid=830EDC92-4B16-CDC6-6C3E-65134AF2D57E HTTP/1.1" 200 87186
202.62.62.166 - - [19/Jul/2024:03:19:25 +0200] "GET /ticket2/opencms/users/637d0fa95bc6060011296d57 HTTP/1.1" 404 -
37.123.143.245 - - [19/Jul/2024:03:19:26 +0200] "GET /ticket2/opencms/system/workplace/views/top_foot.jsp?wpFrame=foot HTTP/1.1" 200 1211
37.123.143.245 - - [19/Jul/2024:03:19:26 +0200] "GET /ticket2/opencms/system/workplace/commons/style/workplace.css HTTP/1.1" 200 14209
192.99.13.69 - - [19/Jul/2024:03:19:26 +0200] "GET /ticket2/opencms/se/sv/login/?edid=330E12B0-F43E-1AEC-88CF-425D7658F5E7 HTTP/1.1" 404 -
202.62.62.166 - - [19/Jul/2024:03:19:27 +0200] "GET /ticket2/opencms/trust/how-reviews-work HTTP/1.1" 404 -
37.57.218.243 - - [19/Jul/2024:03:19:28 +0200] "GET /ticket2/opencms/en/buy/?page=1&edid=DA544182-AA79-F548-64ED-2C067A356729 HTTP/1.1" 200 86961
202.62.62.166 - - [19/Jul/2024:03:19:29 +0200] "GET /ticket2/opencms/users/65a69cc36338d10012bba01e HTTP/1.1" 404 -
192.99.13.69 - - [19/Jul/2024:03:19:30 +0200] "GET /ticket2/opencms/se/sv/login/?edid=33F56A09-80B7-AAA0-3CD6-4B4F5E173409 HTTP/1.1" 404 -
202.62.62.166 - - [19/Jul/2024:03:19:32 +0200] "GET /ticket2/opencms/users/65dcdb5f7215c50012b6f3a3 HTTP/1.1" 404 -
217.113.194.213 - - [19/Jul/2024:03:19:32 +0200] "GET /ticket2/opencms/en/buy/?page=1&edid=766B922A-8645-D92B-B32D-7F11F65CE952 HTTP/1.1" 200 84545
192.99.13.69 - - [19/Jul/2024:03:19:33 +0200] "GET /ticket2/opencms/se/sv/login/?edid=350D7DFE-46E3-89E4-6B4F-DB0FA61BCA3E HTTP/1.1" 404 -
37.57.218.243 - - [19/Jul/2024:03:19:34 +0200] "GET /ticket2/opencms/en/buy/?page=1&edid=DA544182-AA79-F548-64ED-2C067A356729&sortorder=asc&column=price HTTP/1.1" 200 86997
202.62.62.166 - - [19/Jul/2024:03:19:34 +0200] "GET /ticket2/opencms/review/www.footballticketnet.com HTTP/1.1" 404 -
192.99.13.69 - - [19/Jul/2024:03:19:37 +0200] "GET /ticket2/opencms/se/sv/login/?edid=38471BC2-DC35-5637-FC07-B139F30174B0 HTTP/1.1" 404 -
202.62.62.166 - - [19/Jul/2024:03:19:39 +0200] "GET /ticket2/opencms/review/www.ticket2.com?page=2 HTTP/1.1" 404 -
192.99.13.69 - - [19/Jul/2024:03:19:40 +0200] "GET /ticket2/opencms/se/sv/login/?edid=384F3237-D2B6-BEF2-34F0-9A31FA51988F HTTP/1.1" 404 -
154.54.249.216 - - [19/Jul/2024:03:19:40 +0200] "GET /ticket2/opencms/en/buy/?page=1&edid=4610EA55-7476-6CBC-A47D-8EF333C01165 HTTP/1.1" 200 87170
37.60.249.191 - - [19/Jul/2024:03:19:41 +0200] "GET /ticket2/opencms/dk/en/buy/?page=1&edid=386D4B58-BBFD-0F68-7D7C-80B251A6EF10&sortorder=asc&column=section HTTP/1.1" 404 -
202.62.62.166 - - [19/Jul/2024:03:19:41 +0200] "GET /ticket2/opencms/reviews/65c0d0faab3410003a2225ff HTTP/1.1" 404 -
47.128.61.59 - - [19/Jul/2024:03:19:42 +0200] "GET /ticket2/opencms/dk/buy/?edid=1F2F884A-E0AC-4C3D-F294-0BE2EBB6E0EA HTTP/1.1" 200 71437
47.128.61.59 - - [19/Jul/2024:03:19:43 +0200] "GET /ticket2/opencms/system/modules/com.gridnine.opencms.ticketbrokerage.site/resources/pics/logo-new.png HTTP/1.1" 200 13541
192.99.13.69 - - [19/Jul/2024:03:19:43 +0200] "GET /ticket2/opencms/se/sv/login/?edid=396DAA54-A8C7-72F9-2DCB-28AD37165658 HTTP/1.1" 404 -
47.128.61.59 - - [19/Jul/2024:03:19:44 +0200] "GET /ticket2/opencms/system/modules/com.gridnine.opencms.ticketbrokerage.site/resources/pics/footer-img.png HTTP/1.1" 200 10350
37.57.218.243 - - [19/Jul/2024:03:19:46 +0200] "GET /ticket2/opencms/en/buy/?page=1&edid=DA544182-AA79-F548-64ED-2C067A356729&sortorder=asc&column=row HTTP/1.1" 200 86997
192.99.13.69 - - [19/Jul/2024:03:19:47 +0200] "GET /ticket2/opencms/se/sv/login/?edid=39947EE1-5244-7BF5-DC67-7D9149B9EB15 HTTP/1.1" 404 -
202.62.62.166 - - [19/Jul/2024:03:19:48 +0200] "GET /ticket2/opencms/users/6555baee66cc9800111e7a5a HTTP/1.1" 404 -
154.54.249.216 - - [19/Jul/2024:03:19:49 +0200] "GET /ticket2/opencms/en/buy/?page=1&edid=741828EB-502C-A4B8-6CCE-FED87EC0EA21 HTTP/1.1" 200 84586
192.99.13.69 - - [19/Jul/2024:03:19:50 +0200] "GET /ticket2/opencms/se/sv/login/?edid=3C082A1A-EAF2-A234-1E4D-88C1BD6EAA3B HTTP/1.1" 404 -
192.99.13.69 - - [19/Jul/2024:03:19:54 +0200] "GET /ticket2/opencms/se/sv/login/?edid=3F230B6C-1156-63A7-CD56-84FFF19FC0D1 HTTP/1.1" 404 -
202.62.62.166 - - [19/Jul/2024:03:19:55 +0200] "GET /ticket2/opencms/reviews/6460b27980a9a7178fd88c79 HTTP/1.1" 404 -
217.113.194.213 - - [19/Jul/2024:03:19:57 +0200] "GET /ticket2/opencms/en/buy/?page=1&edid=5240EE91-735F-AD6C-953B-C050D3D394D4 HTTP/1.1" 200 84543
192.99.13.69 - - [19/Jul/2024:03:19:57 +0200] "GET /ticket2/opencms/se/sv/login/?edid=3FC2B591-D536-D1BB-E60B-6C053ECAFC38 HTTP/1.1" 404 -
202.62.62.166 - - [19/Jul/2024:03:19:58 +0200] "GET /ticket2/opencms/users/5d3783f1fdf85f51a8a8e985 HTTP/1.1" 404 -
66.249.79.233 - - [19/Jul/2024:03:20:00 +0200] "GET /ticket2/opencms/set_aff_cookie.jsp?partner=53673ED6-1455-FA54-818F-B1F67121E37C&url=%2Fsv%2Fbuy%2Findex.html%3Fpage%3D1%26edid%3D56062CAE-66F5-81C7-DD42-F372CD5AE180%26hlv%3D666d44e5-70f8-46d3-9820-5bd20a01000f%23v_990606102 HTTP/1.1" 200 225
192.99.13.69 - - [19/Jul/2024:03:20:01 +0200] "GET /ticket2/opencms/se/sv/login/?edid=43C8C89A-EBA2-AC5D-8C6D-E2CF3D4F2F4A HTTP/1.1" 404 -
37.57.218.243 - - [19/Jul/2024:03:20:02 +0200] "GET /ticket2/opencms/en/buy/?page=1&edid=DA544182-AA79-F548-64ED-2C067A356729&sortorder=asc&column=section HTTP/1.1" 200 86997
202.62.62.166 - - [19/Jul/2024:03:20:02 +0200] "GET /ticket2/opencms/sv/login/ HTTP/1.1" 200 73621
66.249.79.231 - - [19/Jul/2024:03:20:03 +0200] "GET /ticket2/opencms/sv/buy/?page=1&edid=56062CAE-66F5-81C7-DD42-F372CD5AE180&hlv=666d44e5-70f8-46d3-9820-5bd20a01000f HTTP/1.1" 200 111525
192.99.13.69 - - [19/Jul/2024:03:20:04 +0200] "GET /ticket2/opencms/se/sv/login/?edid=47A04F1B-F127-382D-DF54-4D81669CB663 HTTP/1.1" 404 -
114.119.159.6 - - [19/Jul/2024:03:20:05 +0200] "GET /ticket2/opencms/sites/ticketbrokerage/export/pics/sport/championship.gif HTTP/1.1" 404 -
202.62.62.166 - - [19/Jul/2024:03:20:05 +0200] "GET /ticket2/opencms/sv/login/ HTTP/1.1" 200 73621
202.62.62.166 - - [19/Jul/2024:03:20:08 +0200] "GET /ticket2/opencms/sv/login HTTP/1.1" 200 73621
192.99.13.69 - - [19/Jul/2024:03:20:08 +0200] "GET /ticket2/opencms/se/sv/login/?edid=4B8DF2AC-42E6-6C5D-F1CE-0DA3D8253356 HTTP/1.1" 404 -
202.62.62.166 - - [19/Jul/2024:03:20:10 +0200] "GET /ticket2/opencms/sv/about/contact HTTP/1.1" 200 70922
192.99.13.69 - - [19/Jul/2024:03:20:11 +0200] "GET /ticket2/opencms/se/sv/login/?edid=4D9E9B53-D6C2-EBD3-ECBD-EC61B335C986 HTTP/1.1" 404 -
37.57.218.243 - - [19/Jul/2024:03:20:11 +0200] "GET /ticket2/opencms/en/buy/?page=1&edid=DA544182-AA79-F548-64ED-2C067A356729&sortorder=desc&column=price HTTP/1.1" 200 86996
202.62.62.166 - - [19/Jul/2024:03:20:13 +0200] "GET /ticket2/opencms/sv/about/contact/ HTTP/1.1" 200 70922
192.99.13.69 - - [19/Jul/2024:03:20:15 +0200] "GET /ticket2/opencms/se/sv/login/?edid=5131D260-B1D3-49FA-7E88-CA34DC215EA7 HTTP/1.1" 404 -
37.57.218.243 - - [19/Jul/2024:03:20:18 +0200] "GET /ticket2/opencms/en/buy/?page=1&edid=DA544182-AA79-F548-64ED-2C067A356729&sortorder=desc&column=row HTTP/1.1" 200 86996
192.99.13.69 - - [19/Jul/2024:03:20:18 +0200] "GET /ticket2/opencms/se/sv/login/?edid=514BDBC8-4F19-F774-391B-6A80EC30812B HTTP/1.1" 404 -
192.99.13.69 - - [19/Jul/2024:03:20:22 +0200] "GET /ticket2/opencms/se/sv/login/?edid=51C8DADA-3389-0DD8-E4E9-A827BBFED126 HTTP/1.1" 404 -
192.99.13.69 - - [19/Jul/2024:03:20:25 +0200] "GET /ticket2/opencms/se/sv/login/?edid=523501E5-3030-71B1-ED39-97EA81BD353D HTTP/1.1" 404 -
37.57.218.243 - - [19/Jul/2024:03:20:27 +0200] "GET /ticket2/opencms/en/buy/?page=1&edid=DA544182-AA79-F548-64ED-2C067A356729&sortorder=desc&column=section HTTP/1.1" 200 86996
192.99.13.69 - - [19/Jul/2024:03:20:29 +0200] "GET /ticket2/opencms/se/sv/login/?edid=52827494-239B-83D7-4791-E7789689FAB8 HTTP/1.1" 404 -
192.99.13.69 - - [19/Jul/2024:03:20:32 +0200] "GET /ticket2/opencms/se/sv/login/?edid=548026E2-BF8F-C035-BA3B-7427C4B9DF73 HTTP/1.1" 404 -
192.99.13.69 - - [19/Jul/2024:03:20:36 +0200] "GET /ticket2/opencms/se/sv/login/?edid=564F374B-9ECE-71C3-6C81-9C34CCA4AEEC HTTP/1.1" 404 -
192.99.13.69 - - [19/Jul/2024:03:20:39 +0200] "GET /ticket2/opencms/se/sv/login/?edid=56F7A79F-ED6D-503D-46E5-CD44AF89319D HTTP/1.1" 404 -
37.57.218.243 - - [19/Jul/2024:03:20:42 +0200] "GET /ticket2/opencms/en/buy/?page=1&edid=DD7009E0-BEDD-5FDF-FBEC-9803C9276491 HTTP/1.1" 200 87699
192.99.13.69 - - [19/Jul/2024:03:20:43 +0200] "GET /ticket2/opencms/se/sv/login/?edid=5A9B32FB-C20E-2874-9C42-0B1D1553465A HTTP/1.1" 404 -
216.244.66.238 - - [19/Jul/2024:03:20:45 +0200] "GET /ticket2/opencms/se/en/login/ HTTP/1.1" 404 -
192.99.13.69 - - [19/Jul/2024:03:20:46 +0200] "GET /ticket2/opencms/se/sv/login/?edid=5AB08E75-7029-A48B-FC01-E1DA6953C20F HTTP/1.1" 404 -
37.60.249.191 - - [19/Jul/2024:03:20:48 +0200] "GET /ticket2/opencms/dk/en/buy/?page=1&edid=386D4B58-BBFD-0F68-7D7C-80B251A6EF10&sortorder=desc&column=row HTTP/1.1" 404 -
216.244.66.238 - - [19/Jul/2024:03:20:50 +0200] "GET /ticket2/opencms/se/nl/standard/ HTTP/1.1" 404 -
192.99.13.69 - - [19/Jul/2024:03:20:50 +0200] "GET /ticket2/opencms/se/sv/login/?edid=5B22F83A-2ADE-82C8-21F3-C11998BADC97 HTTP/1.1" 404 -
192.99.13.69 - - [19/Jul/2024:03:20:54 +0200] "GET /ticket2/opencms/se/sv/login/?edid=5E100F11-07B4-ABAF-8BB0-5EC601120162 HTTP/1.1" 404 -
37.57.218.243 - - [19/Jul/2024:03:20:55 +0200] "GET /ticket2/opencms/en/buy/?page=1&edid=DD7009E0-BEDD-5FDF-FBEC-9803C9276491&sortorder=asc&column=price HTTP/1.1" 200 87735
192.99.13.69 - - [19/Jul/2024:03:20:57 +0200] "GET /ticket2/opencms/se/sv/login/?edid=61C23625-4DC8-71C0-2E4C-7B57A56D449E HTTP/1.1" 404 -
192.99.13.69 - - [19/Jul/2024:03:21:01 +0200] "GET /ticket2/opencms/se/sv/login/?edid=61F708E5-249B-D69C-5776-D45514C81E1B HTTP/1.1" 404 -
66.249.79.232 - - [19/Jul/2024:03:21:01 +0200] "GET /ticket2/opencms/dk/buy?page=1&edid=49D8C017-6E14-30F3-126A-0488D76DB7BC HTTP/1.1" 200 96714
37.57.218.243 - - [19/Jul/2024:03:21:04 +0200] "GET /ticket2/opencms/en/buy/?page=1&edid=DD7009E0-BEDD-5FDF-FBEC-9803C9276491&sortorder=asc&column=row HTTP/1.1" 200 87735
192.99.13.69 - - [19/Jul/2024:03:21:04 +0200] "GET /ticket2/opencms/se/sv/login/?edid=642E9578-D653-AE72-0BA4-FF639C3984BF HTTP/1.1" 404 -
192.99.13.69 - - [19/Jul/2024:03:21:08 +0200] "GET /ticket2/opencms/se/sv/login/?edid=64E61E54-72E5-9B77-CC24-0F4A44843CC1 HTTP/1.1" 404 -
104.168.215.254 - - [19/Jul/2024:03:21:10 +0200] "GET /ticket2/opencms/sv/ HTTP/1.1" 200 94655
192.99.13.69 - - [19/Jul/2024:03:21:12 +0200] "GET /ticket2/opencms/se/sv/login/?edid=6622D482-9366-79F2-615D-5ED4BBEA7CC7 HTTP/1.1" 404 -
37.57.218.243 - - [19/Jul/2024:03:21:14 +0200] "GET /ticket2/opencms/en/buy/?page=1&edid=DD7009E0-BEDD-5FDF-FBEC-9803C9276491&sortorder=asc&column=section HTTP/1.1" 200 87735
192.99.13.69 - - [19/Jul/2024:03:21:15 +0200] "GET /ticket2/opencms/se/sv/login/?edid=6633B040-1A54-9E6E-35AD-599CA5826FF4 HTTP/1.1" 404 -
192.99.13.69 - - [19/Jul/2024:03:21:18 +0200] "GET /ticket2/opencms/se/sv/login/?edid=68AF64D9-DC10-F854-39FA-84D5E1F2F070 HTTP/1.1" 404 -
192.99.13.69 - - [19/Jul/2024:03:21:22 +0200] "GET /ticket2/opencms/se/sv/login/?edid=69E94548-BA2A-A7B0-2E68-692DBBE997E5 HTTP/1.1" 404 -
192.99.13.69 - - [19/Jul/2024:03:21:25 +0200] "GET /ticket2/opencms/se/sv/login/?edid=69ECA637-B1BC-8843-E3B6-6D2C7F410569 HTTP/1.1" 404 -
37.57.218.243 - - [19/Jul/2024:03:21:28 +0200] "GET /ticket2/opencms/en/buy/?page=1&edid=DD7009E0-BEDD-5FDF-FBEC-9803C9276491&sortorder=desc&column=price HTTP/1.1" 200 87734
192.99.13.69 - - [19/Jul/2024:03:21:29 +0200] "GET /ticket2/opencms/se/sv/login/?edid=6A066321-8561-A11B-AAA6-D4F9A8D6BE39 HTTP/1.1" 404 -
192.99.13.69 - - [19/Jul/2024:03:21:32 +0200] "GET /ticket2/opencms/se/sv/login/?edid=6A43F8D3-6C08-1A6B-295A-4C0DB5B83462 HTTP/1.1" 404 -
37.57.218.243 - - [19/Jul/2024:03:21:36 +0200] "GET /ticket2/opencms/en/buy/?page=1&edid=DD7009E0-BEDD-5FDF-FBEC-9803C9276491&sortorder=desc&column=row HTTP/1.1" 200 87734
192.99.13.69 - - [19/Jul/2024:03:21:36 +0200] "GET /ticket2/opencms/se/sv/login/?edid=6A7CCC37-5F63-D2E0-8750-C9D98381AE77 HTTP/1.1" 404 -
192.99.13.69 - - [19/Jul/2024:03:21:39 +0200] "GET /ticket2/opencms/se/sv/login/?edid=6ABA4765-C049-91AE-C20A-276AC18EED3D HTTP/1.1" 404 -
40.77.167.59 - - [19/Jul/2024:03:21:40 +0200] "GET /ticket2/opencms/en/search.html?searchQuery=2024 HTTP/1.1" 200 89997
192.99.13.69 - - [19/Jul/2024:03:21:43 +0200] "GET /ticket2/opencms/se/sv/login/?edid=6AC71D0E-ACE1-2E54-B5F7-7CE9303FBB11 HTTP/1.1" 404 -
37.57.218.243 - - [19/Jul/2024:03:21:45 +0200] "GET /ticket2/opencms/en/buy/?page=1&edid=DD7009E0-BEDD-5FDF-FBEC-9803C9276491&sortorder=desc&column=section HTTP/1.1" 200 87734
192.99.13.69 - - [19/Jul/2024:03:21:46 +0200] "GET /ticket2/opencms/se/sv/login/?edid=6B2EA6CD-7553-8F73-30CB-5A807E0727F2 HTTP/1.1" 404 -
37.57.218.243 - - [19/Jul/2024:03:21:50 +0200] "GET /ticket2/opencms/en/buy/?page=1&edid=E2BA566F-7943-8BEC-96B9-9CC0C50C3F94 HTTP/1.1" 200 87697
192.99.13.69 - - [19/Jul/2024:03:21:50 +0200] "GET /ticket2/opencms/se/sv/login/?edid=6F1254ED-AA70-3C5E-BDAB-F2033DFDDDB9 HTTP/1.1" 404 -
192.99.13.69 - - [19/Jul/2024:03:21:53 +0200] "GET /ticket2/opencms/se/sv/login/?edid=71F8EE29-FA8F-FD46-7D27-26F4014317BC HTTP/1.1" 404 -
192.99.13.69 - - [19/Jul/2024:03:21:57 +0200] "GET /ticket2/opencms/se/sv/login/?edid=73B597C3-05D3-5B11-4856-D8822E68A76F HTTP/1.1" 404 -
47.128.18.133 - - [19/Jul/2024:03:22:00 +0200] "GET /ticket2/opencms/nl/buy/?catid=F2006A3D-5EE0-B40B-5749-60C15271538F&comcatid=A17713B6-D984-201A-4143-ED4DB5ED5C2E&page=6 HTTP/1.1" 200 81200
192.99.13.69 - - [19/Jul/2024:03:22:00 +0200] "GET /ticket2/opencms/se/sv/login/?edid=73D8189D-DEDA-4F8B-BA1C-9AC984A743C2 HTTP/1.1" 404 -
47.128.18.133 - - [19/Jul/2024:03:22:00 +0200] "GET /ticket2/opencms/system/modules/com.gridnine.opencms.ticketbrokerage.site/resources/pics/logo-new.png HTTP/1.1" 200 13541
47.128.21.111 - - [19/Jul/2024:03:22:01 +0200] "GET /ticket2/opencms/fi/buy/?edid=2A37DE46-FFAE-D698-F339-A3B401DDEB66 HTTP/1.1" 200 72632
47.128.18.133 - - [19/Jul/2024:03:22:01 +0200] "GET /ticket2/opencms/system/modules/com.gridnine.opencms.ticketbrokerage.site/resources/pics/footer-img.png HTTP/1.1" 200 10350
47.128.21.111 - - [19/Jul/2024:03:22:01 +0200] "GET /ticket2/opencms/system/modules/com.gridnine.opencms.ticketbrokerage.site/resources/js/jquery/jquery.js HTTP/1.1" 200 93868
66.249.79.37 - - [19/Jul/2024:03:22:02 +0200] "GET /ticket2/opencms/fi/venue/?venueid=B5F8506A-F94F-2596-19B1-8EAC93A69524 HTTP/1.1" 200 72264
47.128.21.111 - - [19/Jul/2024:03:22:03 +0200] "GET /ticket2/opencms/system/modules/com.gridnine.opencms.ticketbrokerage.site/resources/pics/logo-new.png HTTP/1.1" 200 13541
192.99.13.69 - - [19/Jul/2024:03:22:03 +0200] "GET /ticket2/opencms/se/sv/login/?edid=755165F9-F3B4-BD59-B480-9B7496F46E12 HTTP/1.1" 404 -
47.128.21.111 - - [19/Jul/2024:03:22:04 +0200] "GET /ticket2/opencms/system/modules/com.gridnine.opencms.ticketbrokerage.site/resources/pics/footer-img.png HTTP/1.1" 200 10350
66.249.79.36 - - [19/Jul/2024:03:22:06 +0200] "GET /ticket2/opencms/system/modules/com.gridnine.opencms.ticketbrokerage.site/resources/css/ticketbrokerage.css HTTP/1.1" 200 39339
192.99.13.69 - - [19/Jul/2024:03:22:07 +0200] "GET /ticket2/opencms/se/sv/login/?edid=76854C9C-B592-CA0A-F67C-231FB6E47209 HTTP/1.1" 404 -
37.57.218.243 - - [19/Jul/2024:03:22:09 +0200] "GET /ticket2/opencms/en/buy/?page=1&edid=E2BA566F-7943-8BEC-96B9-9CC0C50C3F94&sortorder=asc&column=price HTTP/1.1" 200 87733
114.119.140.79 - - [19/Jul/2024:03:22:10 +0200] "GET /ticket2/opencms/en/venue/?venueid=9BA11813-1BA7-6819-B15A-123C5E3D834D HTTP/1.1" 200 70697
217.113.194.218 - - [19/Jul/2024:03:22:10 +0200] "GET /ticket2/opencms/en/buy/?comcatid=810BB404-4103-77F2-A6C2-12D5E6C338E2 HTTP/1.1" 200 72619
192.99.13.69 - - [19/Jul/2024:03:22:11 +0200] "GET /ticket2/opencms/se/sv/login/?edid=79F0DF9A-E59A-A8F7-04A7-97B5561CB701 HTTP/1.1" 404 -
192.99.13.69 - - [19/Jul/2024:03:22:14 +0200] "GET /ticket2/opencms/se/sv/login/?edid=7B03E341-9509-3F55-E619-C4D4BE40A63F HTTP/1.1" 404 -
192.99.13.69 - - [19/Jul/2024:03:22:18 +0200] "GET /ticket2/opencms/se/sv/login/?edid=7CE5DED6-BFF5-4BF4-3E6E-E97EEDD796E2 HTTP/1.1" 404 -
217.113.194.217 - - [19/Jul/2024:03:22:19 +0200] "GET /ticket2/opencms/de/buy?page=1&edid=096598FE-DA35-4351-DFEE-DC9ACA0F0EF9 HTTP/1.1" 200 111816
37.57.218.243 - - [19/Jul/2024:03:22:21 +0200] "GET /ticket2/opencms/en/buy/?page=1&edid=E2BA566F-7943-8BEC-96B9-9CC0C50C3F94&sortorder=asc&column=row HTTP/1.1" 200 87733
192.99.13.69 - - [19/Jul/2024:03:22:21 +0200] "GET /ticket2/opencms/se/sv/login/?edid=7CED7E0F-6B54-D4FC-72EC-13278592A560 HTTP/1.1" 404 -
192.99.13.69 - - [19/Jul/2024:03:22:25 +0200] "GET /ticket2/opencms/se/sv/login/?edid=7D0CD565-A51C-3B57-C547-06C53308F8CE HTTP/1.1" 404 -
47.128.99.12 - - [19/Jul/2024:03:22:25 +0200] "GET /ticket2/opencms/fi/buy/?catid=0A6C99D2-F5BD-7A18-9A5F-5668827042E0&comcatid=A17713B6-D984-201A-4143-ED4DB5ED5C2E&eventid=95E8846F-148F-9D89-2E4D-7714EAEAF9EE&page=6 HTTP/1.1" 200 102917
47.128.99.12 - - [19/Jul/2024:03:22:26 +0200] "GET /ticket2/opencms/system/modules/com.gridnine.opencms.ticketbrokerage.site/resources/pics/logo-new.png HTTP/1.1" 200 13541
47.128.99.12 - - [19/Jul/2024:03:22:26 +0200] "GET /ticket2/opencms/system/modules/com.gridnine.opencms.ticketbrokerage.site/resources/pics/footer-img.png HTTP/1.1" 200 10350
136.243.222.140 - - [19/Jul/2024:03:22:27 +0200] "GET /ticket2/opencms/en/buy?page=1&edid=620EBF00-ABE0-9BB5-0F04-F120B08CF11C HTTP/1.1" 200 112939
217.113.194.219 - - [19/Jul/2024:03:22:28 +0200] "GET /ticket2/opencms/de/buy?page=1&edid=B5C7399B-C087-FF38-4294-BB861C1DB4F9 HTTP/1.1" 200 111185
192.99.13.69 - - [19/Jul/2024:03:22:28 +0200] "GET /ticket2/opencms/se/sv/login/?edid=7DFA9706-6B2A-B4CC-5A39-A5C330CC4190 HTTP/1.1" 404 -
66.249.76.170 - - [19/Jul/2024:03:22:31 +0200] "GET /ticket2/opencms/nl/buy/?page=1&edid=EEFAB7C0-3C91-2ED8-FD3D-A04D1C19AF16 HTTP/1.1" 200 109473
192.99.13.69 - - [19/Jul/2024:03:22:32 +0200] "GET /ticket2/opencms/se/sv/login/?edid=7EB7BD2E-35BC-AFEE-4299-6D56D0CD8BF2 HTTP/1.1" 404 -
37.57.218.243 - - [19/Jul/2024:03:22:32 +0200] "GET /ticket2/opencms/en/buy/?page=1&edid=E2BA566F-7943-8BEC-96B9-9CC0C50C3F94&sortorder=asc&column=section HTTP/1.1" 200 87733
192.99.13.69 - - [19/Jul/2024:03:22:35 +0200] "GET /ticket2/opencms/se/sv/login/?edid=8058FDE5-4461-375B-C015-38BD2918BE83 HTTP/1.1" 404 -
217.113.194.220 - - [19/Jul/2024:03:22:36 +0200] "GET /ticket2/opencms/de/buy?page=1&edid=3E8160AB-0FBD-70C5-9AD2-7741AA7C1F1A HTTP/1.1" 200 111824
37.57.218.243 - - [19/Jul/2024:03:22:37 +0200] "GET /ticket2/opencms/en/buy/?page=1&edid=E2BA566F-7943-8BEC-96B9-9CC0C50C3F94&sortorder=desc&column=price HTTP/1.1" 200 87732
192.99.13.69 - - [19/Jul/2024:03:22:39 +0200] "GET /ticket2/opencms/se/sv/login/?edid=8273D7DB-9E15-41C7-63BD-862F12528A78 HTTP/1.1" 404 -
63.143.42.252 - - [19/Jul/2024:03:22:41 +0200] "HEAD /ticket2/opencms/ HTTP/1.1" 302 -
192.99.13.69 - - [19/Jul/2024:03:22:42 +0200] "GET /ticket2/opencms/se/sv/login/?edid=834142AB-3163-DB9B-0B08-B99C16F02C56 HTTP/1.1" 404 -
37.57.218.243 - - [19/Jul/2024:03:22:43 +0200] "GET /ticket2/opencms/en/buy/?page=1&edid=E2BA566F-7943-8BEC-96B9-9CC0C50C3F94&sortorder=desc&column=row HTTP/1.1" 200 87732
37.60.249.191 - - [19/Jul/2024:03:22:44 +0200] "GET /ticket2/opencms/dk/en/buy/?page=1&edid=386D4B58-BBFD-0F68-7D7C-80B251A6EF10&sortorder=desc&column=section HTTP/1.1" 404 -
217.113.194.220 - - [19/Jul/2024:03:22:44 +0200] "GET /ticket2/opencms/no/buy?page=1&edid=601ACF38-5C31-FBA9-552E-BFECCB7BA32F HTTP/1.1" 200 87623
62.101.145.176 - - [19/Jul/2024:03:22:45 +0200] "GET /ticket2/opencms/dk/ HTTP/1.1" 200 94454
63.143.42.252 - - [19/Jul/2024:03:22:45 +0200] "HEAD /ticket2/opencms/en/ HTTP/1.1" 200 -
192.99.13.69 - - [19/Jul/2024:03:22:46 +0200] "GET /ticket2/opencms/se/sv/login/?edid=846929C4-FDD7-0473-C7C0-A9B2AA08A260 HTTP/1.1" 404 -
62.101.145.176 - - [19/Jul/2024:03:22:47 +0200] "GET /ticket2/opencms/dk/login/ HTTP/1.1" 200 73346
62.101.145.176 - - [19/Jul/2024:03:22:48 +0200] "GET /ticket2/opencms/dk/login/ HTTP/1.1" 200 73346
47.128.44.255 - - [19/Jul/2024:03:22:48 +0200] "GET /ticket2/opencms/en/venue/?countryid=2193F5F2-8798-B3BE-FB16-3B568A67DED7 HTTP/1.1" 200 100101
114.119.132.248 - - [19/Jul/2024:03:22:48 +0200] "GET /ticket2/opencms/en/sell/?edid=A65D1F86-F820-E22C-3DFA-BB6173044DC2 HTTP/1.1" 302 -
62.101.145.176 - - [19/Jul/2024:03:22:48 +0200] "GET /ticket2/opencms/dk/about/contact HTTP/1.1" 200 70551
47.128.44.255 - - [19/Jul/2024:03:22:49 +0200] "GET /ticket2/opencms/system/modules/com.gridnine.opencms.ticketbrokerage.site/resources/js/calendar-en.js HTTP/1.1" 200 3338
192.99.13.69 - - [19/Jul/2024:03:22:49 +0200] "GET /ticket2/opencms/se/sv/login/?edid=867AF045-0903-5E43-508B-BE166694EC03 HTTP/1.1" 404 -
47.128.44.255 - - [19/Jul/2024:03:22:49 +0200] "GET /ticket2/opencms/system/modules/com.gridnine.opencms.ticketbrokerage.site/resources/pics/logo-new.png HTTP/1.1" 200 13541
47.128.44.255 - - [19/Jul/2024:03:22:49 +0200] "GET /ticket2/opencms/system/modules/com.gridnine.opencms.ticketbrokerage.site/resources/pics/footer-img.png HTTP/1.1" 200 10350
62.101.145.176 - - [19/Jul/2024:03:22:50 +0200] "GET /ticket2/opencms/dk/about/contact/ HTTP/1.1" 200 70551
192.99.13.69 - - [19/Jul/2024:03:22:53 +0200] "GET /ticket2/opencms/se/sv/login/?edid=87924899-C834-C93B-A613-7A89D34B2768 HTTP/1.1" 404 -
217.113.194.213 - - [19/Jul/2024:03:22:53 +0200] "GET /ticket2/opencms/no/buy?page=1&edid=E561DB0E-D1A5-DAD8-3EB4-1648A983060B HTTP/1.1" 200 88489
114.119.132.248 - - [19/Jul/2024:03:22:53 +0200] "GET /ticket2/opencms/en/login/?url=/en/sell/ HTTP/1.1" 200 72802
37.57.218.243 - - [19/Jul/2024:03:22:56 +0200] "GET /ticket2/opencms/en/buy/?page=1&edid=E2BA566F-7943-8BEC-96B9-9CC0C50C3F94&sortorder=desc&column=section HTTP/1.1" 200 87732
192.99.13.69 - - [19/Jul/2024:03:22:56 +0200] "GET /ticket2/opencms/se/sv/login/?edid=87A51714-96A1-04FD-E0F4-DE0FAA1F8DB7 HTTP/1.1" 404 -
192.99.13.69 - - [19/Jul/2024:03:23:00 +0200] "GET /ticket2/opencms/se/sv/login/?edid=8ABC9B5C-8205-5074-5868-5C5E5D741195 HTTP/1.1" 404 -
217.113.194.216 - - [19/Jul/2024:03:23:01 +0200] "GET /ticket2/opencms/no/buy?page=1&edid=B5C39213-E135-81B2-3182-CF92D0BE5105 HTTP/1.1" 200 85881
37.57.218.243 - - [19/Jul/2024:03:23:02 +0200] "GET /ticket2/opencms/en/buy/?page=1&edid=E3B46C02-527F-BFED-1199-3D6C38556545 HTTP/1.1" 200 87729
192.99.13.69 - - [19/Jul/2024:03:23:03 +0200] "GET /ticket2/opencms/se/sv/login/?edid=8D19E26A-355C-311F-0622-0C6578AF9C01 HTTP/1.1" 404 -
66.249.76.2 - - [19/Jul/2024:03:23:06 +0200] "GET /ticket2/opencms/sv/buy/?page=1&edid=979A80EE-C0D2-57E0-C882-1064B868BC30 HTTP/1.1" 200 103104
192.99.13.69 - - [19/Jul/2024:03:23:07 +0200] "GET /ticket2/opencms/se/sv/login/?edid=8F7823D2-B9EB-63E8-130E-FAE7E65B9CE5 HTTP/1.1" 404 -
217.113.194.215 - - [19/Jul/2024:03:23:10 +0200] "GET /ticket2/opencms/no/buy?page=1&edid=A627E744-AEB0-227A-7D42-A124CBAA10AA HTTP/1.1" 200 88573
192.99.13.69 - - [19/Jul/2024:03:23:10 +0200] "GET /ticket2/opencms/se/sv/login/?edid=9494FC4F-F552-A105-03DC-9240AF0DDC45 HTTP/1.1" 404 -
192.99.13.69 - - [19/Jul/2024:03:23:14 +0200] "GET /ticket2/opencms/se/sv/login/?edid=9526AF0D-0D8C-34BF-A3E7-A80C1F296237 HTTP/1.1" 404 -
47.128.18.183 - - [19/Jul/2024:03:23:14 +0200] "GET /ticket2/opencms/no/buy/?page=6&comcatid=B41CCF2B-5558-7AEE-3602-09BBDE417D65&catid=E03F2203-3943-A0F0-A47D-D9E7CDA79C6B HTTP/1.1" 200 74116
47.128.18.183 - - [19/Jul/2024:03:23:14 +0200] "GET /ticket2/opencms/system/modules/com.gridnine.opencms.ticketbrokerage.site/resources/pics/logo-new.png HTTP/1.1" 200 13541
47.128.18.183 - - [19/Jul/2024:03:23:15 +0200] "GET /ticket2/opencms/system/modules/com.gridnine.opencms.ticketbrokerage.site/resources/pics/footer-img.png HTTP/1.1" 200 10350
192.99.13.69 - - [19/Jul/2024:03:23:17 +0200] "GET /ticket2/opencms/se/sv/login/?edid=95ABEEA7-578D-3788-87FE-97E37F7989AE HTTP/1.1" 404 -
217.113.194.219 - - [19/Jul/2024:03:23:18 +0200] "GET /ticket2/opencms/no/buy?page=1&edid=2197E523-8740-2A01-BD5D-12E3C3F2DBFE HTTP/1.1" 200 121022
37.57.218.243 - - [19/Jul/2024:03:23:19 +0200] "GET /ticket2/opencms/en/buy/?page=1&edid=E3B46C02-527F-BFED-1199-3D6C38556545&sortorder=asc&column=price HTTP/1.1" 200 87765
192.99.13.69 - - [19/Jul/2024:03:23:21 +0200] "GET /ticket2/opencms/se/sv/login/?edid=963219A7-E7A4-B62C-96E6-73E898823459 HTTP/1.1" 404 -
192.99.13.69 - - [19/Jul/2024:03:23:24 +0200] "GET /ticket2/opencms/se/sv/login/?edid=9855A2C3-650C-23D8-F314-126B4A227928 HTTP/1.1" 404 -
37.57.218.243 - - [19/Jul/2024:03:23:27 +0200] "GET /ticket2/opencms/en/buy/?page=1&edid=E3B46C02-527F-BFED-1199-3D6C38556545&sortorder=asc&column=row HTTP/1.1" 200 87765
192.99.13.69 - - [19/Jul/2024:03:23:28 +0200] "GET /ticket2/opencms/se/sv/login/?edid=9B865313-C891-00A2-99F6-E0769E647484 HTTP/1.1" 404 -
114.119.134.51 - - [19/Jul/2024:03:23:30 +0200] "GET /ticket2/opencms/en/sell/?edid=56EA9D72-898E-A001-2C5E-AE2D848D383C HTTP/1.1" 302 -
192.99.13.69 - - [19/Jul/2024:03:23:31 +0200] "GET /ticket2/opencms/se/sv/login/?edid=9BC0336E-4C60-B65A-A40E-F93EF23EB5B8 HTTP/1.1" 404 -
114.119.134.51 - - [19/Jul/2024:03:23:34 +0200] "GET /ticket2/opencms/en/login/?url=/en/sell/ HTTP/1.1" 200 72802
192.99.13.69 - - [19/Jul/2024:03:23:35 +0200] "GET /ticket2/opencms/se/sv/login/?edid=9CB88255-C1D7-A550-4F71-3BA9C5085A0C HTTP/1.1" 404 -
37.57.218.243 - - [19/Jul/2024:03:23:35 +0200] "GET /ticket2/opencms/en/buy/?page=1&edid=E3B46C02-527F-BFED-1199-3D6C38556545&sortorder=asc&column=section HTTP/1.1" 200 87765
47.128.25.160 - - [19/Jul/2024:03:23:37 +0200] "GET /ticket2/opencms/fi/venue/?countryid=219973C9-2DDA-2E70-1B9F-7B4A1AF9BB6C HTTP/1.1" 200 101663
192.99.13.69 - - [19/Jul/2024:03:23:39 +0200] "GET /ticket2/opencms/se/sv/login/?edid=9CCDF930-C794-85DD-1AB3-1CC78DD5D464 HTTP/1.1" 404 -
37.57.218.243 - - [19/Jul/2024:03:23:41 +0200] "GET /ticket2/opencms/en/buy/?page=1&edid=E3B46C02-527F-BFED-1199-3D6C38556545&sortorder=desc&column=price HTTP/1.1" 200 87764
192.99.13.69 - - [19/Jul/2024:03:23:42 +0200] "GET /ticket2/opencms/se/sv/login/?edid=9DBCFB0A-88F2-D9C0-1621-EFE7FF11A5D1 HTTP/1.1" 404 -
47.128.25.160 - - [19/Jul/2024:03:23:45 +0200] "GET /ticket2/opencms/system/modules/com.gridnine.opencms.ticketbrokerage.site/resources/pics/logo-new.png HTTP/1.1" 200 13541
47.128.25.160 - - [19/Jul/2024:03:23:45 +0200] "GET /ticket2/opencms/system/modules/com.gridnine.opencms.ticketbrokerage.site/resources/pics/footer-img.png HTTP/1.1" 200 10350
192.99.13.69 - - [19/Jul/2024:03:23:46 +0200] "GET /ticket2/opencms/se/sv/login/?edid=9DCFF3E8-96DD-194C-63B9-A56EB650EB3D HTTP/1.1" 404 -
192.99.13.69 - - [19/Jul/2024:03:23:49 +0200] "GET /ticket2/opencms/se/sv/login/?edid=A009B866-7BEE-4963-BBDC-2C8442B36819 HTTP/1.1" 404 -
192.99.13.69 - - [19/Jul/2024:03:23:53 +0200] "GET /ticket2/opencms/se/sv/login/?edid=A020F676-2C0B-0D31-6DCA-C1C1F2BD9ACC HTTP/1.1" 404 -
192.99.13.69 - - [19/Jul/2024:03:23:56 +0200] "GET /ticket2/opencms/se/sv/login/?edid=A098D6B2-660B-4A91-CD88-E211CF0A7F9F HTTP/1.1" 404 -
192.99.13.69 - - [19/Jul/2024:03:24:00 +0200] "GET /ticket2/opencms/se/sv/login/?edid=A0FF03C8-8420-0877-2FE6-0C9E8902BC6D HTTP/1.1" 404 -
37.57.218.243 - - [19/Jul/2024:03:24:00 +0200] "GET /ticket2/opencms/en/buy/?page=1&edid=E3B46C02-527F-BFED-1199-3D6C38556545&sortorder=desc&column=row HTTP/1.1" 200 87764
47.128.25.129 - - [19/Jul/2024:03:24:02 +0200] "GET /ticket2/opencms/dk/buy/?catid=BE041FBE-C1A7-918C-EB61-99ED02D12F5B&comcatid=A17713B6-D984-201A-4143-ED4DB5ED5C2E HTTP/1.1" 200 81632
47.128.25.129 - - [19/Jul/2024:03:24:03 +0200] "GET /ticket2/opencms/system/modules/com.gridnine.opencms.ticketbrokerage.site/resources/pics/logo-new.png HTTP/1.1" 200 13541
47.128.25.129 - - [19/Jul/2024:03:24:03 +0200] "GET /ticket2/opencms/system/modules/com.gridnine.opencms.ticketbrokerage.site/resources/pics/footer-img.png HTTP/1.1" 200 10350
192.99.13.69 - - [19/Jul/2024:03:24:05 +0200] "GET /ticket2/opencms/se/sv/login/?edid=A45321DF-A6CE-CF78-FF7A-EF32B49E5D06 HTTP/1.1" 404 -
37.57.218.243 - - [19/Jul/2024:03:24:06 +0200] "GET /ticket2/opencms/en/buy/?page=1&edid=E3B46C02-527F-BFED-1199-3D6C38556545&sortorder=desc&column=section HTTP/1.1" 200 87764
66.249.79.171 - - [19/Jul/2024:03:24:07 +0200] "GET /ticket2/opencms/dk/buy/?page=1&edid=20599C7A-7B16-1AE0-93EB-CF44D71F2D6D HTTP/1.1" 200 87992
192.99.13.69 - - [19/Jul/2024:03:24:10 +0200] "GET /ticket2/opencms/se/sv/login/?edid=BC81A9B9-DAA0-AAD8-65DE-038B140B862E HTTP/1.1" 404 -
192.99.13.69 - - [19/Jul/2024:03:24:16 +0200] "GET /ticket2/opencms/se/sv/login/?edid=BDEB9EF3-3BF1-B07B-8A1C-C78F2EDCBC2D HTTP/1.1" 404 -
37.57.218.243 - - [19/Jul/2024:03:24:16 +0200] "GET /ticket2/opencms/en/buy/?page=1&edid=E7C2827B-AB04-D914-A6A6-2F87797DD7EE HTTP/1.1" 200 86568
47.128.98.147 - - [19/Jul/2024:03:24:20 +0200] "GET /ticket2/opencms/fr/buy/?edid=779DCE22-7865-5C8E-54FB-44794C9B955F HTTP/1.1" 200 72058
192.99.13.69 - - [19/Jul/2024:03:24:21 +0200] "GET /ticket2/opencms/se/sv/login/?edid=BE677498-647D-741B-F50C-DF4074C4FF3A HTTP/1.1" 404 -
47.128.98.147 - - [19/Jul/2024:03:24:24 +0200] "GET /ticket2/opencms/system/modules/com.gridnine.opencms.ticketbrokerage.site/resources/pics/logo-new.png HTTP/1.1" 200 13541
47.128.98.147 - - [19/Jul/2024:03:24:24 +0200] "GET /ticket2/opencms/system/modules/com.gridnine.opencms.ticketbrokerage.site/resources/pics/footer-img.png HTTP/1.1" 200 10350
37.123.143.245 - - [19/Jul/2024:03:24:26 +0200] "GET /ticket2/opencms/system/workplace/views/top_foot.jsp?wpFrame=foot HTTP/1.1" 200 1211
37.123.143.245 - - [19/Jul/2024:03:24:26 +0200] "GET /ticket2/opencms/system/workplace/commons/style/workplace.css HTTP/1.1" 200 14209
47.128.23.238 - - [19/Jul/2024:03:24:27 +0200] "GET /ticket2/opencms/no/buy/?catid=64756941-02D2-3538-2077-8C2508F4A3A8&comcatid=A17713B6-D984-201A-4143-ED4DB5ED5C2E HTTP/1.1" 200 82461
47.128.23.238 - - [19/Jul/2024:03:24:27 +0200] "GET /ticket2/opencms/system/modules/com.gridnine.opencms.ticketbrokerage.site/resources/pics/logo-new.png HTTP/1.1" 200 13541
47.128.23.238 - - [19/Jul/2024:03:24:28 +0200] "GET /ticket2/opencms/system/modules/com.gridnine.opencms.ticketbrokerage.site/resources/pics/footer-img.png HTTP/1.1" 200 10350
37.57.218.243 - - [19/Jul/2024:03:24:28 +0200] "GET /ticket2/opencms/en/buy/?page=1&edid=E7C2827B-AB04-D914-A6A6-2F87797DD7EE&sortorder=asc&column=price HTTP/1.1" 200 86604
66.249.76.170 - - [19/Jul/2024:03:24:31 +0200] "GET /ticket2/opencms/sv/magazine/article?title=manchester-united-vs-arsenal HTTP/1.1" 200 75983
37.57.218.243 - - [19/Jul/2024:03:24:34 +0200] "GET /ticket2/opencms/en/buy/?page=1&edid=E7C2827B-AB04-D914-A6A6-2F87797DD7EE&sortorder=asc&column=section HTTP/1.1" 200 86604
40.77.167.70 - - [19/Jul/2024:03:24:34 +0200] "GET /ticket2/opencms/nl/buy?page=1&edid=EC2BC309-3510-AA04-CA0C-F3088D5C1D31 HTTP/1.1" 200 98862
216.244.66.238 - - [19/Jul/2024:03:24:40 +0200] "GET /ticket2/opencms/dk/dk/sport/fodboldbilletter/premier-league/watford/ HTTP/1.1" 404 -
37.60.249.191 - - [19/Jul/2024:03:24:44 +0200] "GET /ticket2/opencms/dk/en/buy/?page=1&edid=3BBD975B-CD80-19CD-39B3-6B02A79DC4AD&sortorder=asc&column=row HTTP/1.1" 404 -
37.57.218.243 - - [19/Jul/2024:03:24:47 +0200] "GET /ticket2/opencms/en/buy/?page=1&edid=E7C2827B-AB04-D914-A6A6-2F87797DD7EE&sortorder=desc&column=price HTTP/1.1" 200 86603
47.128.23.246 - - [19/Jul/2024:03:24:52 +0200] "GET /ticket2/opencms/no/buy/?page=6&comcatid=A17713B6-D984-201A-4143-ED4DB5ED5C2E&catid=A7674DEA-B39E-502C-2F76-760AE08947E9 HTTP/1.1" 200 82987
47.128.23.246 - - [19/Jul/2024:03:24:52 +0200] "GET /ticket2/opencms/system/modules/com.gridnine.opencms.ticketbrokerage.site/resources/pics/logo-new.png HTTP/1.1" 200 13541
47.128.23.246 - - [19/Jul/2024:03:24:53 +0200] "GET /ticket2/opencms/system/modules/com.gridnine.opencms.ticketbrokerage.site/resources/pics/footer-img.png HTTP/1.1" 200 10350
193.70.81.99 - - [19/Jul/2024:03:24:59 +0200] "GET /ticket2/opencms/sv/buy/?page=1&edid=132E1C90-D249-C604-F7C9-DD9DF976596B&sortorder=asc&column=section HTTP/1.1" 200 87989
193.70.81.99 - - [19/Jul/2024:03:25:02 +0200] "GET /ticket2/opencms/sv/buy/?page=1&edid=1A0F9343-6154-1DA9-CEE8-3CEC5610C673 HTTP/1.1" 200 85302
37.57.218.243 - - [19/Jul/2024:03:25:05 +0200] "GET /ticket2/opencms/en/buy/?page=1&edid=E7C2827B-AB04-D914-A6A6-2F87797DD7EE&sortorder=desc&column=section HTTP/1.1" 200 86603
193.70.81.99 - - [19/Jul/2024:03:25:05 +0200] "GET /ticket2/opencms/sv/buy/?page=1&edid=1B60BEE4-B5C3-315B-4A97-0C0CA8AE813C&sortorder=asc&column=price HTTP/1.1" 200 85363
193.70.81.99 - - [19/Jul/2024:03:25:09 +0200] "GET /ticket2/opencms/sv/buy/?page=1&edid=267D7E7E-2B4B-B70E-FD3F-7E62B307BD16&sortorder=asc&column=section HTTP/1.1" 200 85330
193.70.81.99 - - [19/Jul/2024:03:25:12 +0200] "GET /ticket2/opencms/sv/buy/?page=10&eventid=B7F83CF2-A306-A849-C1D3-DB6343BA4B4A HTTP/1.1" 200 72928
193.70.81.99 - - [19/Jul/2024:03:25:16 +0200] "GET /ticket2/opencms/sv/buy/?page=10&eventid=B7F83CF2-A306-A849-C1D3-DB6343BA4B4A&venueid=E07BF873-3E24-4ED0-36DB-A40D162DA6BE HTTP/1.1" 200 72928
37.57.218.243 - - [19/Jul/2024:03:25:18 +0200] "GET /ticket2/opencms/en/buy/?page=1&edid=E8847AD1-35CC-3C72-3A90-470EF1CAF178 HTTP/1.1" 200 87735
193.70.81.99 - - [19/Jul/2024:03:25:19 +0200] "GET /ticket2/opencms/sv/buy/?page=10&eventid=E905DA2C-5D8D-BA69-DE15-192CCE2B6813 HTTP/1.1" 200 72935
193.70.81.99 - - [19/Jul/2024:03:25:23 +0200] "GET /ticket2/opencms/sv/buy/?page=10&eventid=E905DA2C-5D8D-BA69-DE15-192CCE2B6813&venueid=6F35A585-C7A7-198F-956D-F8F0D81EEC09 HTTP/1.1" 200 72935
37.57.218.243 - - [19/Jul/2024:03:25:23 +0200] "GET /ticket2/opencms/en/buy/?page=1&edid=E8847AD1-35CC-3C72-3A90-470EF1CAF178&sortorder=asc&column=price HTTP/1.1" 200 87771
193.70.81.99 - - [19/Jul/2024:03:25:26 +0200] "GET /ticket2/opencms/sv/buy/?page=10&eventid=FF812D0C-FCB2-7645-0CFD-1ACFB0013262 HTTP/1.1" 200 72937
216.244.66.238 - - [19/Jul/2024:03:25:27 +0200] "GET /ticket2/opencms/en/magazine/article?title=football HTTP/1.1" 200 74840
193.70.81.99 - - [19/Jul/2024:03:25:30 +0200] "GET /ticket2/opencms/sv/buy/?page=6&comcatid=A17713B6-D984-201A-4143-ED4DB5ED5C2E&catid=0A6C99D2-F5BD-7A18-9A5F-5668827042E0&eventid=15525EDD-AEE9-78C7-EBA6-14642C48D144 HTTP/1.1" 200 86443
37.57.218.243 - - [19/Jul/2024:03:25:33 +0200] "GET /ticket2/opencms/en/buy/?page=1&edid=E8847AD1-35CC-3C72-3A90-470EF1CAF178&sortorder=asc&column=row HTTP/1.1" 200 87771
193.70.81.99 - - [19/Jul/2024:03:25:33 +0200] "GET /ticket2/opencms/sv/buy/?page=6&comcatid=A17713B6-D984-201A-4143-ED4DB5ED5C2E&catid=7EF04817-972D-18B1-F941-DE800D088075&eventid=0E2FBBAA-9DFD-37E8-1D28-E85F522880D0 HTTP/1.1" 200 82380
193.70.81.99 - - [19/Jul/2024:03:25:37 +0200] "GET /ticket2/opencms/sv/buy/?page=6&comcatid=A17713B6-D984-201A-4143-ED4DB5ED5C2E&catid=7EF04817-972D-18B1-F941-DE800D088075&eventid=1C6FE071-A7CF-3CA2-9402-E797C29F5F3B HTTP/1.1" 200 82380
37.57.218.243 - - [19/Jul/2024:03:25:37 +0200] "GET /ticket2/opencms/en/buy/?page=1&edid=E8847AD1-35CC-3C72-3A90-470EF1CAF178&sortorder=asc&column=section HTTP/1.1" 200 87771
37.60.249.191 - - [19/Jul/2024:03:25:39 +0200] "GET /ticket2/opencms/dk/en/buy/?page=1&edid=3F3A734D-4382-40A1-90C1-DDCABA9E878B&sortorder=asc&column=price HTTP/1.1" 404 -
193.70.81.99 - - [19/Jul/2024:03:25:41 +0200] "GET /ticket2/opencms/sv/buy/?page=6&comcatid=A17713B6-D984-201A-4143-ED4DB5ED5C2E&catid=D08E96E8-A514-9E09-4E22-63713911E0B8&eventid=7D1BF548-C830-4E96-322D-D945EE08AD88 HTTP/1.1" 200 82382
193.70.81.99 - - [19/Jul/2024:03:25:45 +0200] "GET /ticket2/opencms/sv/buy_safety/leverans/ HTTP/1.1" 200 72557
37.57.218.243 - - [19/Jul/2024:03:25:45 +0200] "GET /ticket2/opencms/en/buy/?page=1&edid=E8847AD1-35CC-3C72-3A90-470EF1CAF178&sortorder=desc&column=price HTTP/1.1" 200 87770
193.70.81.99 - - [19/Jul/2024:03:25:48 +0200] "GET /ticket2/opencms/sv/login/?edid=0154E95E-0A44-1BF2-0329-4E27FA15E52D HTTP/1.1" 200 73621
37.57.218.243 - - [19/Jul/2024:03:25:51 +0200] "GET /ticket2/opencms/en/buy/?page=1&edid=E8847AD1-35CC-3C72-3A90-470EF1CAF178&sortorder=desc&column=row HTTP/1.1" 200 87770
193.70.81.99 - - [19/Jul/2024:03:25:51 +0200] "GET /ticket2/opencms/sv/login/?edid=08A1CD09-2A6C-B849-30C9-2FC7EEBC7B3F HTTP/1.1" 200 73621
217.113.194.216 - - [19/Jul/2024:03:25:54 +0200] "GET /ticket2/opencms/no/buy/?page=1&edid=920C28C2-0673-D94D-F164-8E2A4F301B72 HTTP/1.1" 200 88463
193.70.81.99 - - [19/Jul/2024:03:25:55 +0200] "GET /ticket2/opencms/sv/login/?edid=124E8283-E5DC-7FAE-437D-48A8B5EF948C HTTP/1.1" 200 73621
193.70.81.99 - - [19/Jul/2024:03:25:59 +0200] "GET /ticket2/opencms/sv/login/?edid=1D16690E-29B1-A5C0-6F37-F627AE404F8F HTTP/1.1" 200 73621
193.70.81.99 - - [19/Jul/2024:03:26:02 +0200] "GET /ticket2/opencms/sv/login/?edid=28497D8F-4767-7A9A-4DD0-10FEA1E4E740 HTTP/1.1" 200 73621
154.54.249.216 - - [19/Jul/2024:03:26:03 +0200] "GET /ticket2/opencms/no/buy/?page=1&edid=94CE4845-FE59-6155-B0B6-D2662A75E0A6 HTTP/1.1" 200 85911
37.57.218.243 - - [19/Jul/2024:03:26:03 +0200] "GET /ticket2/opencms/en/buy/?page=1&edid=E8847AD1-35CC-3C72-3A90-470EF1CAF178&sortorder=desc&column=section HTTP/1.1" 200 87770
193.70.81.99 - - [19/Jul/2024:03:26:06 +0200] "GET /ticket2/opencms/sv/login/?edid=28C6B63C-B045-3C9E-7B07-68433D8A39F4 HTTP/1.1" 200 73621
66.249.79.231 - - [19/Jul/2024:03:26:10 +0200] "GET /ticket2/opencms/sv/buy/?page=1&edid=FCEB71A3-C27D-C49F-469F-2CB5939452EE HTTP/1.1" 200 110201
193.70.81.99 - - [19/Jul/2024:03:26:10 +0200] "GET /ticket2/opencms/sv/login/?edid=32761879-506B-0718-462F-1A1F8B946759 HTTP/1.1" 200 73621
217.113.194.215 - - [19/Jul/2024:03:26:11 +0200] "GET /ticket2/opencms/no/buy/?page=1&edid=9736BC78-EE45-C04A-9E90-03DE4F387842 HTTP/1.1" 200 88387
66.249.76.160 - - [19/Jul/2024:03:26:13 +0200] "GET /ticket2/opencms/sv/buy/?page=1&edid=9ACCA59E-E458-FD29-63EB-B5BB3CFD89B6 HTTP/1.1" 200 108613
193.70.81.99 - - [19/Jul/2024:03:26:13 +0200] "GET /ticket2/opencms/sv/login/?edid=3C190050-2199-C27C-460E-D6B96E817500 HTTP/1.1" 200 73621
66.249.68.33 - - [19/Jul/2024:03:26:15 +0200] "GET /ticket2/opencms/sv/buy/?page=1&edid=0F36F351-33FA-AEA8-541F-08941A3557C8 HTTP/1.1" 200 96408
37.57.218.243 - - [19/Jul/2024:03:26:16 +0200] "GET /ticket2/opencms/en/buy/?page=1&edid=F9D480C8-CC9A-5C4B-D090-F29D97AF622B HTTP/1.1" 200 87730
193.70.81.99 - - [19/Jul/2024:03:26:18 +0200] "GET /ticket2/opencms/sv/login/?edid=45F55A9B-C56E-3C99-BE60-88DE2E329DDD HTTP/1.1" 200 73621
217.113.194.215 - - [19/Jul/2024:03:26:19 +0200] "GET /ticket2/opencms/no/buy/?page=1&edid=9C19696E-AC92-85B8-FCE3-E87F0988DECA HTTP/1.1" 200 87960
193.70.81.99 - - [19/Jul/2024:03:26:21 +0200] "GET /ticket2/opencms/sv/login/?edid=5DD7BC42-DB22-EC66-CE5D-0464D20DDDB4 HTTP/1.1" 200 73621
37.57.218.243 - - [19/Jul/2024:03:26:23 +0200] "GET /ticket2/opencms/en/buy/?page=1&edid=F9D480C8-CC9A-5C4B-D090-F29D97AF622B&sortorder=asc&column=price HTTP/1.1" 200 87766
193.70.81.99 - - [19/Jul/2024:03:26:25 +0200] "GET /ticket2/opencms/sv/login/?edid=5F1F86AC-2D0F-448B-1D5B-5FDE7EBC259B HTTP/1.1" 200 73621
217.113.194.212 - - [19/Jul/2024:03:26:28 +0200] "GET /ticket2/opencms/no/buy/?page=1&edid=EBD76EAC-AEC0-E785-3251-70BCD173D524 HTTP/1.1" 200 87965
193.70.81.99 - - [19/Jul/2024:03:26:29 +0200] "GET /ticket2/opencms/sv/login/?edid=604ED02B-13F0-F32C-1AAA-D1E8D0471118 HTTP/1.1" 200 73621
193.70.81.99 - - [19/Jul/2024:03:26:33 +0200] "GET /ticket2/opencms/sv/login/?edid=6148A2B2-D232-D389-97F0-A33D279676EB HTTP/1.1" 200 73621
37.57.218.243 - - [19/Jul/2024:03:26:33 +0200] "GET /ticket2/opencms/en/buy/?page=1&edid=F9D480C8-CC9A-5C4B-D090-F29D97AF622B&sortorder=asc&column=row HTTP/1.1" 200 87766
217.113.194.220 - - [19/Jul/2024:03:26:36 +0200] "GET /ticket2/opencms/no/buy/?page=1&edid=E561DB0E-D1A5-DAD8-3EB4-1648A983060B HTTP/1.1" 200 88489
193.70.81.99 - - [19/Jul/2024:03:26:37 +0200] "GET /ticket2/opencms/sv/login/?edid=62771AC5-B6A4-CA99-7698-E23F6FB31315 HTTP/1.1" 200 73621
47.128.61.95 - - [19/Jul/2024:03:26:38 +0200] "GET /ticket2/opencms/it/buy/?edid=1CC0D9C1-2148-F78D-4F9B-D68A95263358 HTTP/1.1" 200 72624
47.128.61.95 - - [19/Jul/2024:03:26:39 +0200] "GET /ticket2/opencms/system/modules/com.gridnine.opencms.ticketbrokerage.site/resources/pics/logo-new.png HTTP/1.1" 200 13541
47.128.61.95 - - [19/Jul/2024:03:26:39 +0200] "GET /ticket2/opencms/system/modules/com.gridnine.opencms.ticketbrokerage.site/resources/pics/footer-img.png HTTP/1.1" 200 10350
193.70.81.99 - - [19/Jul/2024:03:26:41 +0200] "GET /ticket2/opencms/sv/login/?edid=63084C78-5263-1A7A-C66E-4C63F55B8243 HTTP/1.1" 200 73621
193.70.81.99 - - [19/Jul/2024:03:26:44 +0200] "GET /ticket2/opencms/sv/login/?edid=6440E7CC-E56C-CD13-BB09-A84D83EDDD53 HTTP/1.1" 200 73621
37.57.218.243 - - [19/Jul/2024:03:26:45 +0200] "GET /ticket2/opencms/en/buy/?page=1&edid=F9D480C8-CC9A-5C4B-D090-F29D97AF622B&sortorder=asc&column=section HTTP/1.1" 200 87766
217.113.194.216 - - [19/Jul/2024:03:26:45 +0200] "GET /ticket2/opencms/no/buy/?page=1&edid=E70D67FE-C8B5-2123-4AC5-0E70898241FA HTTP/1.1" 200 85898
193.70.81.99 - - [19/Jul/2024:03:26:48 +0200] "GET /ticket2/opencms/sv/login/?edid=66676B62-84F7-4D9F-0824-24106B9528AA HTTP/1.1" 200 73621
193.70.81.99 - - [19/Jul/2024:03:26:53 +0200] "GET /ticket2/opencms/sv/login/?edid=692981A3-D906-C27E-30CD-4EA42C92A2A7 HTTP/1.1" 200 73621
37.57.218.243 - - [19/Jul/2024:03:26:53 +0200] "GET /ticket2/opencms/en/buy/?page=1&edid=F9D480C8-CC9A-5C4B-D090-F29D97AF622B&sortorder=desc&column=price HTTP/1.1" 200 87765
217.113.194.216 - - [19/Jul/2024:03:26:53 +0200] "GET /ticket2/opencms/no/buy/?page=1&edid=DCF26A96-21C1-4B1A-0BC5-B98292623601 HTTP/1.1" 200 87864
193.70.81.99 - - [19/Jul/2024:03:26:56 +0200] "GET /ticket2/opencms/sv/login/?edid=69E94548-BA2A-A7B0-2E68-692DBBE997E5 HTTP/1.1" 200 73621
193.70.81.99 - - [19/Jul/2024:03:27:00 +0200] "GET /ticket2/opencms/sv/login/?edid=6A7CCC37-5F63-D2E0-8750-C9D98381AE77 HTTP/1.1" 200 73621
217.113.194.217 - - [19/Jul/2024:03:27:01 +0200] "GET /ticket2/opencms/no/buy/?page=1&edid=FBD02C6F-1190-4777-93D3-FFE554C15DCE HTTP/1.1" 200 85892
37.57.218.243 - - [19/Jul/2024:03:27:02 +0200] "GET /ticket2/opencms/en/buy/?page=1&edid=F9D480C8-CC9A-5C4B-D090-F29D97AF622B&sortorder=desc&column=row HTTP/1.1" 200 87765
193.70.81.99 - - [19/Jul/2024:03:27:04 +0200] "GET /ticket2/opencms/sv/login/?edid=6ABA4765-C049-91AE-C20A-276AC18EED3D HTTP/1.1" 200 73621
37.57.218.243 - - [19/Jul/2024:03:27:06 +0200] "GET /ticket2/opencms/en/buy/?page=1&edid=F9D480C8-CC9A-5C4B-D090-F29D97AF622B&sortorder=desc&column=section HTTP/1.1" 200 87765
193.70.81.99 - - [19/Jul/2024:03:27:08 +0200] "GET /ticket2/opencms/sv/login/?edid=6AC71D0E-ACE1-2E54-B5F7-7CE9303FBB11 HTTP/1.1" 200 73621
217.113.194.221 - - [19/Jul/2024:03:27:10 +0200] "GET /ticket2/opencms/no/buy/?page=1&edid=FF6930DF-3497-767B-9FFA-2906DD469574 HTTP/1.1" 200 88496
37.60.249.191 - - [19/Jul/2024:03:27:11 +0200] "GET /ticket2/opencms/dk/en/buy/?page=1&edid=3F3A734D-4382-40A1-90C1-DDCABA9E878B&sortorder=asc&column=section HTTP/1.1" 404 -
77.75.78.170 - - [19/Jul/2024:03:27:11 +0200] "GET /ticket2/opencms/nl/ HTTP/1.1" 200 93351
193.70.81.99 - - [19/Jul/2024:03:27:12 +0200] "GET /ticket2/opencms/sv/login/?edid=6C8914BF-377D-3452-0F17-49D4496BD1E8 HTTP/1.1" 200 73621
114.119.141.53 - - [19/Jul/2024:03:27:13 +0200] "GET /ticket2/opencms/en/venue/?venueid=8CFC3D89-30A6-4F45-212C-6A9F575010B5 HTTP/1.1" 200 70724
193.70.81.99 - - [19/Jul/2024:03:27:16 +0200] "GET /ticket2/opencms/sv/login/?edid=71F8EE29-FA8F-FD46-7D27-26F4014317BC HTTP/1.1" 200 73621
66.249.76.1 - - [19/Jul/2024:03:27:17 +0200] "GET /ticket2/opencms/fi/buy?page=1&edid=5C3AFB2F-2529-59CA-3E55-76B2E3B91E86 HTTP/1.1" 200 104160
217.113.194.212 - - [19/Jul/2024:03:27:18 +0200] "GET /ticket2/opencms/no/buy/?page=1&edid=C2F9F2B7-32AF-63DA-7A2B-782790433798 HTTP/1.1" 200 85894
66.249.79.171 - - [19/Jul/2024:03:27:18 +0200] "GET /ticket2/opencms/sv/venue/?venueid=77422572-4F48-F10C-1394-DA0E03E07BDC HTTP/1.1" 200 71550
193.70.81.99 - - [19/Jul/2024:03:27:20 +0200] "GET /ticket2/opencms/sv/login/?edid=7CED7E0F-6B54-D4FC-72EC-13278592A560 HTTP/1.1" 200 73621
193.70.81.99 - - [19/Jul/2024:03:27:24 +0200] "GET /ticket2/opencms/sv/login/?edid=82A37505-231E-F9C1-D725-CF8D739AAF42 HTTP/1.1" 200 73621
154.54.249.216 - - [19/Jul/2024:03:27:26 +0200] "GET /ticket2/opencms/no/buy/?page=1&edid=C1D0812E-1703-067D-2D9C-BFDC80B28816 HTTP/1.1" 200 85875
193.70.81.99 - - [19/Jul/2024:03:27:28 +0200] "GET /ticket2/opencms/sv/login/?edid=9D00920C-2E3F-5BEF-6B01-689827B960FF HTTP/1.1" 200 73621
