114.119.158.193 - - [19/Jul/2024:02:57:12 +0200] "GET /ticket2/opencms/en/login/?url=/en/sell/ HTTP/1.1" 200 72802
217.182.175.146 - - [19/Jul/2024:02:57:17 +0200] "GET /ticket2/opencms/en/buy/?page=1&edid=01A733B6-382E-048A-BD81-D5CAC59B6BBB&sortorder=desc&column=section HTTP/1.1" 200 86979
217.113.194.218 - - [19/Jul/2024:02:57:18 +0200] "GET /ticket2/opencms/en/venue/?venueid=ABC7629B-B021-7AD9-E5DF-AEB2627ACD68 HTTP/1.1" 200 70721
217.113.194.213 - - [19/Jul/2024:02:57:27 +0200] "GET /ticket2/opencms/en/venue/?venueid=780F530C-1E5B-A040-B582-92C140F93856 HTTP/1.1" 200 70743
173.252.83.2 - - [19/Jul/2024:02:57:29 +0200] "GET /ticket2/opencms/dk/buy/?page=1&edid=D771BB60-0217-E0E2-A4A8-756428AAA5D6 HTTP/1.1" 200 110813
37.60.249.191 - - [19/Jul/2024:02:57:32 +0200] "GET /ticket2/opencms/dk/en/buy/?page=1&edid=2EE5FE6D-D48C-F366-EBEF-C207DB7D5BC0&sortorder=desc&column=row HTTP/1.1" 404 -
54.36.149.8 - - [19/Jul/2024:02:57:35 +0200] "GET /ticket2/opencms/sv/buy/?page=1&edid=6035F022-2AFB-0DF4-0C8B-8C092D9D990D HTTP/1.1" 200 111180
217.113.194.217 - - [19/Jul/2024:02:57:36 +0200] "GET /ticket2/opencms/en/venue/?venueid=D04DA2B1-F40A-DB32-0B82-87293ED21BA3 HTTP/1.1" 200 70725
63.143.42.252 - - [19/Jul/2024:02:57:42 +0200] "HEAD /ticket2/opencms/ HTTP/1.1" 302 -
217.113.194.214 - - [19/Jul/2024:02:57:44 +0200] "GET /ticket2/opencms/en/venue/?venueid=04A82A7F-3526-7853-AB0E-3B58A65053A2 HTTP/1.1" 200 70710
63.143.42.252 - - [19/Jul/2024:02:57:45 +0200] "HEAD /ticket2/opencms/en/ HTTP/1.1" 200 -
193.70.81.99 - - [19/Jul/2024:02:57:46 +0200] "GET /ticket2/opencms/dk/nl/buy/?page=1&edid=C2230841-0CF8-C133-1EF6-FA21C3B60704&sortorder=desc&column=row HTTP/1.1" 404 -
114.119.129.235 - - [19/Jul/2024:02:57:47 +0200] "GET /ticket2/opencms/en/sell/?edid=DAF758C3-0637-6928-453A-7E28B156FEBF HTTP/1.1" 302 -
114.119.129.235 - - [19/Jul/2024:02:57:50 +0200] "GET /ticket2/opencms/en/login/?url=/en/sell/ HTTP/1.1" 200 72802
66.220.149.9 - - [19/Jul/2024:02:57:52 +0200] "GET /ticket2/opencms/meta.json HTTP/1.1" 404 -
217.113.194.214 - - [19/Jul/2024:02:57:53 +0200] "GET /ticket2/opencms/en/venue/?venueid=B5AB0082-304E-AEDF-6DBC-B2853688CE9B HTTP/1.1" 200 70722
192.99.13.69 - - [19/Jul/2024:02:57:57 +0200] "GET /ticket2/opencms/se/robots.txt HTTP/1.1" 404 -
217.182.175.146 - - [19/Jul/2024:02:58:00 +0200] "GET /ticket2/opencms/en/buy/?page=1&edid=024C1745-A6E3-2C43-3C92-9BC8C83C13FC&sortorder=asc&column=price HTTP/1.1" 200 86094
217.113.194.213 - - [19/Jul/2024:02:58:01 +0200] "GET /ticket2/opencms/en/venue/?venueid=B5425E3E-A83E-2358-1060-BB53AC7EEFC3 HTTP/1.1" 200 70746
192.99.13.69 - - [19/Jul/2024:02:58:01 +0200] "GET /ticket2/opencms/se/sv/buy/?page=1&edid=9B6C7A6D-9617-9B22-4988-8D29FAC16B71&sortorder=desc&column=section HTTP/1.1" 404 -
54.36.148.43 - - [19/Jul/2024:02:58:03 +0200] "GET /ticket2/opencms/sv/buy/?page=1&edid=5F4B97F6-9B8A-0848-D630-5BFFEEB61AF7 HTTP/1.1" 200 93961
192.99.13.69 - - [19/Jul/2024:02:58:06 +0200] "GET /ticket2/opencms/se/sv/buy/?page=1&edid=9B865313-C891-00A2-99F6-E0769E647484 HTTP/1.1" 404 -
217.113.194.216 - - [19/Jul/2024:02:58:09 +0200] "GET /ticket2/opencms/en/venue/?venueid=D1E3CA2F-D440-9494-7505-2287047FEB0E HTTP/1.1" 200 70777
66.249.79.64 - - [19/Jul/2024:02:58:13 +0200] "GET /ticket2/opencms/robots.txt HTTP/1.1" 200 773
66.249.79.64 - - [19/Jul/2024:02:58:13 +0200] "GET /ticket2/opencms/nl/buy/?page=1&edid=3F80EEF6-13FB-8F2D-B087-5BBAE74B636E HTTP/1.1" 200 107449
66.249.68.69 - - [19/Jul/2024:02:58:15 +0200] "GET /ticket2/opencms/fr/buying_tickets/ HTTP/1.1" 200 74482
192.99.13.69 - - [19/Jul/2024:02:58:18 +0200] "GET /ticket2/opencms/se/sv/buy/?page=1&edid=9BF622D0-346F-7329-11E1-DA3663315EAC HTTP/1.1" 404 -
154.54.249.216 - - [19/Jul/2024:02:58:18 +0200] "GET /ticket2/opencms/en/venue/?venueid=CEBAC815-5D1D-DBE9-245F-8746AEBA6E09 HTTP/1.1" 200 70743
193.70.81.99 - - [19/Jul/2024:02:58:18 +0200] "GET /ticket2/opencms/dk/nl/buy/?page=1&edid=C31EB894-C700-DF4A-F882-C4D20878235C&sortorder=asc&column=row HTTP/1.1" 404 -
168.119.152.130 - - [19/Jul/2024:02:58:21 +0200] "GET /ticket2/opencms/ HTTP/1.1" 302 -
168.119.152.130 - - [19/Jul/2024:02:58:21 +0200] "GET /ticket2/opencms/en/ HTTP/1.1" 200 94039
192.99.13.69 - - [19/Jul/2024:02:58:22 +0200] "GET /ticket2/opencms/se/sv/buy/?page=1&edid=9BF626A2-EF2F-BFD7-1B53-34BFAE4B155A HTTP/1.1" 404 -
168.119.152.130 - - [19/Jul/2024:02:58:23 +0200] "GET /ticket2/opencms/en/login HTTP/1.1" 200 72802
168.119.152.130 - - [19/Jul/2024:02:58:25 +0200] "GET /ticket2/opencms/en/login HTTP/1.1" 200 72802
168.119.152.130 - - [19/Jul/2024:02:58:26 +0200] "GET /ticket2/opencms/en/search.html?searchQuery=%252527 HTTP/1.1" 200 89999
217.113.194.217 - - [19/Jul/2024:02:58:27 +0200] "GET /ticket2/opencms/en/venue/?venueid=3AE26EE0-A3E4-AABA-2528-19D13CD1D081 HTTP/1.1" 200 70754
192.99.13.69 - - [19/Jul/2024:02:58:27 +0200] "GET /ticket2/opencms/se/sv/buy/?page=1&edid=9BFD33FB-B8A2-EC01-EA11-796DE788898D HTTP/1.1" 404 -
136.243.222.140 - - [19/Jul/2024:02:58:29 +0200] "GET /ticket2/opencms/en/about/press HTTP/1.1" 200 71297
114.119.132.202 - - [19/Jul/2024:02:58:29 +0200] "GET /ticket2/opencms/en/sell/?edid=F37F27EF-B877-D2DD-F026-A7C11540EC54 HTTP/1.1" 302 -
192.99.13.69 - - [19/Jul/2024:02:58:32 +0200] "GET /ticket2/opencms/se/sv/buy/?page=1&edid=9C073CFC-6935-5922-ABDE-E3035523D5D3 HTTP/1.1" 404 -
114.119.132.202 - - [19/Jul/2024:02:58:32 +0200] "GET /ticket2/opencms/en/login/?url=/en/sell/ HTTP/1.1" 200 72802
205.210.31.151 - - [19/Jul/2024:02:58:33 +0200] "GET / HTTP/1.1" 404 -
54.36.149.26 - - [19/Jul/2024:02:58:34 +0200] "GET /ticket2/opencms/sv/buy/?page=1&edid=5CE9CEEF-ECE2-CA9C-B2BA-DBD8C8168020 HTTP/1.1" 200 108595
217.113.194.215 - - [19/Jul/2024:02:58:35 +0200] "GET /ticket2/opencms/en/venue/?venueid=76FCBE46-42F0-E663-FE66-290861A11BAC HTTP/1.1" 200 70712
192.99.13.69 - - [19/Jul/2024:02:58:37 +0200] "GET /ticket2/opencms/se/sv/buy/?page=1&edid=9C0D0C60-3B30-A8CB-F04F-8F7739681D1C&sortorder=asc&column=price HTTP/1.1" 404 -
217.182.175.146 - - [19/Jul/2024:02:58:43 +0200] "GET /ticket2/opencms/en/buy/?page=1&edid=03592C63-9128-79FD-E5DD-BFEDFD9A8F6F&sortorder=asc&column=row HTTP/1.1" 200 86098
192.99.13.69 - - [19/Jul/2024:02:58:43 +0200] "GET /ticket2/opencms/se/sv/buy/?page=1&edid=9C0D0C60-3B30-A8CB-F04F-8F7739681D1C&sortorder=asc&column=row HTTP/1.1" 404 -
217.113.194.219 - - [19/Jul/2024:02:58:44 +0200] "GET /ticket2/opencms/en/venue/?venueid=8297690D-E4E6-1024-2FFF-C5755F6E0B09 HTTP/1.1" 200 70787
192.165.56.234 - - [19/Jul/2024:02:58:44 +0200] "GET /ticket2/opencms/sv/sport/fotbollsbiljetter/premier_league/liverpool/?gad_source=1&gclid=EAIaIQobChMItduMuPSxhwMVW5KDBx0DvQStEAAYAiAAEgI3fPD_BwE HTTP/1.1" 200 84961
192.165.56.234 - - [19/Jul/2024:02:58:44 +0200] "GET /ticket2/opencms/system/modules/com.gridnine.opencms.ticketbrokerage.site/resources/css/ticketbrokerage.css HTTP/1.1" 200 39339
192.165.56.234 - - [19/Jul/2024:02:58:44 +0200] "GET /ticket2/opencms/system/modules/com.gridnine.opencms.ticketbrokerage.site/resources/css/calendar.css HTTP/1.1" 200 6871
192.165.56.234 - - [19/Jul/2024:02:58:44 +0200] "GET /ticket2/opencms/system/modules/com.gridnine.opencms.ticketbrokerage.site/resources/css/jquery.fancybox.css HTTP/1.1" 200 4939
192.165.56.234 - - [19/Jul/2024:02:58:44 +0200] "GET /ticket2/opencms/system/modules/com.gridnine.opencms.ticketbrokerage.site/resources/js/jquery/jquery.js HTTP/1.1" 200 93868
192.165.56.234 - - [19/Jul/2024:02:58:44 +0200] "GET /ticket2/opencms/system/modules/com.gridnine.opencms.ticketbrokerage.site/resources/css/jquery-ui.css HTTP/1.1" 200 33221
192.165.56.234 - - [19/Jul/2024:02:58:44 +0200] "GET /ticket2/opencms/system/modules/com.gridnine.opencms.ticketbrokerage.site/resources/css/standard.css HTTP/1.1" 200 72814
192.165.56.234 - - [19/Jul/2024:02:58:44 +0200] "GET /ticket2/opencms/system/modules/com.gridnine.opencms.ticketbrokerage.site/resources/js/jquery/jquery-ui.js HTTP/1.1" 200 228088
192.165.56.234 - - [19/Jul/2024:02:58:44 +0200] "GET /ticket2/opencms/system/modules/com.gridnine.opencms.ticketbrokerage.site/resources/js/functions.js HTTP/1.1" 200 1583
192.165.56.234 - - [19/Jul/2024:02:58:44 +0200] "GET /ticket2/opencms/system/modules/com.gridnine.opencms.ticketbrokerage.site/resources/js/calendar-en.js HTTP/1.1" 200 3338
192.165.56.234 - - [19/Jul/2024:02:58:44 +0200] "GET /ticket2/opencms/system/modules/com.gridnine.opencms.ticketbrokerage.site/resources/js/calendar.js HTTP/1.1" 200 49229
192.165.56.234 - - [19/Jul/2024:02:58:44 +0200] "GET /ticket2/opencms/system/modules/com.gridnine.opencms.ticketbrokerage.site/resources/js/calendar-setup.js HTTP/1.1" 200 4923
192.165.56.234 - - [19/Jul/2024:02:58:44 +0200] "GET /ticket2/opencms/system/modules/com.gridnine.opencms.ticketbrokerage.site/resources/js/jquery.fancybox.pack.js HTTP/1.1" 200 23187
192.165.56.234 - - [19/Jul/2024:02:58:44 +0200] "GET /ticket2/opencms/system/modules/com.gridnine.opencms.ticketbrokerage.site/resources/js/stickyfill.min.js HTTP/1.1" 200 5672
37.60.249.191 - - [19/Jul/2024:02:58:44 +0200] "GET /ticket2/opencms/dk/en/buy/?page=1&edid=2EE5FE6D-D48C-F366-EBEF-C207DB7D5BC0&sortorder=desc&column=section HTTP/1.1" 404 -
192.165.56.234 - - [19/Jul/2024:02:58:44 +0200] "GET /ticket2/opencms/system/modules/com.gridnine.opencms.ticketbrokerage.site/resources/js/jquery.placeholder.min.js HTTP/1.1" 200 1737
192.165.56.234 - - [19/Jul/2024:02:58:44 +0200] "GET /ticket2/opencms/system/modules/com.gridnine.opencms.ticketbrokerage.site/resources/js/common-ajax.js HTTP/1.1" 200 20175
192.165.56.234 - - [19/Jul/2024:02:58:44 +0200] "GET /ticket2/opencms/system/modules/com.gridnine.opencms.ticketbrokerage.site/resources/js/standard.js HTTP/1.1" 200 3978
192.165.56.234 - - [19/Jul/2024:02:58:44 +0200] "GET /ticket2/opencms/img/arrow.png HTTP/1.1" 200 753
192.165.56.234 - - [19/Jul/2024:02:58:44 +0200] "GET /ticket2/opencms/img/mail.png HTTP/1.1" 200 403
192.165.56.234 - - [19/Jul/2024:02:58:44 +0200] "GET /ticket2/opencms/img/insta.png HTTP/1.1" 200 3967
192.165.56.234 - - [19/Jul/2024:02:58:44 +0200] "GET /ticket2/opencms/img/fb.png HTTP/1.1" 200 1269
192.165.56.234 - - [19/Jul/2024:02:58:44 +0200] "GET /ticket2/opencms/img/check.png HTTP/1.1" 200 548
192.165.56.234 - - [19/Jul/2024:02:58:44 +0200] "GET /ticket2/opencms/img/chat.png HTTP/1.1" 200 416
192.165.56.234 - - [19/Jul/2024:02:58:44 +0200] "GET /ticket2/opencms/system/modules/com.gridnine.opencms.ticketbrokerage.site/resources/pics/logo-new.png HTTP/1.1" 200 13541
192.165.56.234 - - [19/Jul/2024:02:58:44 +0200] "GET /ticket2/opencms/system/modules/com.gridnine.opencms.ticketbrokerage.site/resources/pics/footer-img.png HTTP/1.1" 200 10350
192.165.56.234 - - [19/Jul/2024:02:58:44 +0200] "GET /ticket2/opencms/system/modules/com.gridnine.opencms.ticketbrokerage.site/resources/pics/banners/Liverpool.jpg HTTP/1.1" 200 13360
192.165.56.234 - - [19/Jul/2024:02:58:44 +0200] "GET /ticket2/opencms/img/icons/no.png HTTP/1.1" 200 1958
192.165.56.234 - - [19/Jul/2024:02:58:45 +0200] "GET /ticket2/opencms/img/icons/globe-white.png HTTP/1.1" 200 947
192.165.56.234 - - [19/Jul/2024:02:58:45 +0200] "GET /ticket2/opencms/img/icons/se.png HTTP/1.1" 200 1258
192.165.56.234 - - [19/Jul/2024:02:58:45 +0200] "GET /ticket2/opencms/img/icons/nl.png HTTP/1.1" 200 1255
192.165.56.234 - - [19/Jul/2024:02:58:45 +0200] "GET /ticket2/opencms/img/icons/fi.png HTTP/1.1" 200 1785
192.165.56.234 - - [19/Jul/2024:02:58:45 +0200] "GET /ticket2/opencms/img/icons/dk.png HTTP/1.1" 200 1706
192.165.56.234 - - [19/Jul/2024:02:58:45 +0200] "GET /ticket2/opencms/img/icons/de.png HTTP/1.1" 200 1124
192.165.56.234 - - [19/Jul/2024:02:58:45 +0200] "GET /ticket2/opencms/img/icons/fr.png HTTP/1.1" 200 1764
192.165.56.234 - - [19/Jul/2024:02:58:45 +0200] "GET /ticket2/opencms/img/icons/es.png HTTP/1.1" 200 1005
192.165.56.234 - - [19/Jul/2024:02:58:45 +0200] "GET /ticket2/opencms/img/icons/en.png HTTP/1.1" 200 2415
192.165.56.234 - - [19/Jul/2024:02:58:45 +0200] "GET /ticket2/opencms/img/icons/it.png HTTP/1.1" 200 2040
192.165.56.234 - - [19/Jul/2024:02:58:46 +0200] "GET /ticket2/opencms/favicon.ico HTTP/1.1" 200 1406
192.165.56.234 - - [19/Jul/2024:02:58:46 +0200] "GET /ticket2/opencms/system/modules/com.gridnine.opencms.ticketbrokerage.site/resources/js/standard.js HTTP/1.1" 200 3978
192.165.56.234 - - [19/Jul/2024:02:58:48 +0200] "GET /ticket2/opencms/system/modules/com.gridnine.opencms.ticketbrokerage.site/resources/css/images/ui-bg_flat_75_ffffff_40x100.png HTTP/1.1" 404 -
192.99.13.69 - - [19/Jul/2024:02:58:49 +0200] "GET /ticket2/opencms/se/sv/buy/?page=1&edid=9C0D0C60-3B30-A8CB-F04F-8F7739681D1C&sortorder=asc&column=section HTTP/1.1" 404 -
217.113.194.213 - - [19/Jul/2024:02:58:52 +0200] "GET /ticket2/opencms/en/venue/?venueid=D32D7D15-39F6-AD54-233F-8A09600A4A49 HTTP/1.1" 200 70773
192.99.13.69 - - [19/Jul/2024:02:58:53 +0200] "GET /ticket2/opencms/se/sv/buy/?page=1&edid=9C0D0C60-3B30-A8CB-F04F-8F7739681D1C&sortorder=desc&column=price HTTP/1.1" 404 -
193.70.81.99 - - [19/Jul/2024:02:58:55 +0200] "GET /ticket2/opencms/dk/nl/buy/?page=1&edid=C41C22F3-5460-B81F-E039-B18C2C81F32A&sortorder=desc&column=section HTTP/1.1" 404 -
192.165.56.234 - - [19/Jul/2024:02:58:56 +0200] "GET /ticket2/opencms/sv/buy/?page=1&edid=2AC421C6-0DD9-73DD-0C29-416B5CC98DFF HTTP/1.1" 200 115467
192.165.56.234 - - [19/Jul/2024:02:58:56 +0200] "GET /ticket2/opencms/system/modules/com.gridnine.opencms.ticketbrokerage.site/resources/css/ticketbrokerage.css HTTP/1.1" 200 39339
192.165.56.234 - - [19/Jul/2024:02:58:56 +0200] "GET /ticket2/opencms/system/modules/com.gridnine.opencms.ticketbrokerage.site/resources/css/calendar.css HTTP/1.1" 200 6871
192.165.56.234 - - [19/Jul/2024:02:58:56 +0200] "GET /ticket2/opencms/system/modules/com.gridnine.opencms.ticketbrokerage.site/resources/css/standard.css HTTP/1.1" 200 72814
192.165.56.234 - - [19/Jul/2024:02:58:56 +0200] "GET /ticket2/opencms/system/modules/com.gridnine.opencms.ticketbrokerage.site/resources/js/functions.js HTTP/1.1" 200 1583
192.165.56.234 - - [19/Jul/2024:02:58:56 +0200] "GET /ticket2/opencms/system/modules/com.gridnine.opencms.ticketbrokerage.site/resources/js/calendar.js HTTP/1.1" 200 49229
192.165.56.234 - - [19/Jul/2024:02:58:56 +0200] "GET /ticket2/opencms/system/modules/com.gridnine.opencms.ticketbrokerage.site/resources/js/calendar-en.js HTTP/1.1" 200 3338
192.165.56.234 - - [19/Jul/2024:02:58:56 +0200] "GET /ticket2/opencms/system/modules/com.gridnine.opencms.ticketbrokerage.site/resources/js/calendar-setup.js HTTP/1.1" 200 4923
192.165.56.234 - - [19/Jul/2024:02:58:56 +0200] "GET /ticket2/opencms/system/modules/com.gridnine.opencms.ticketbrokerage.site/resources/js/standard.js HTTP/1.1" 200 3978
192.165.56.234 - - [19/Jul/2024:02:58:56 +0200] "GET /ticket2/opencms/venue/anfield.png HTTP/1.1" 200 21218
192.165.56.234 - - [19/Jul/2024:02:58:56 +0200] "GET /ticket2/opencms/system/modules/com.gridnine.opencms.ticketbrokerage.site/resources/pics/0.gif HTTP/1.1" 200 43
192.165.56.234 - - [19/Jul/2024:02:58:56 +0200] "GET /ticket2/opencms/system/modules/com.gridnine.opencms.ticketbrokerage.site/resources/pics/ticket_info_button.png HTTP/1.1" 200 3820
192.165.56.234 - - [19/Jul/2024:02:58:56 +0200] "GET /ticket2/opencms/system/modules/com.gridnine.opencms.ticketbrokerage.site/resources/pics/two_man.png HTTP/1.1" 200 3407
192.165.56.234 - - [19/Jul/2024:02:58:56 +0200] "GET /ticket2/opencms/sv/ask-form.html HTTP/1.1" 200 2950
192.165.56.234 - - [19/Jul/2024:02:58:56 +0200] "GET /ticket2/opencms/sv/ask-form.html HTTP/1.1" 200 2950
192.165.56.234 - - [19/Jul/2024:02:58:56 +0200] "GET /ticket2/opencms/img/arrow-down.png HTTP/1.1" 200 192
192.165.56.234 - - [19/Jul/2024:02:58:56 +0200] "GET /ticket2/opencms/system/modules/com.gridnine.opencms.ticketbrokerage.site/resources/pics/form_marker.gif HTTP/1.1" 200 43
192.165.56.234 - - [19/Jul/2024:02:58:56 +0200] "GET /ticket2/opencms/system/modules/com.gridnine.opencms.ticketbrokerage.site/resources/pics/arrow.gif HTTP/1.1" 200 344
192.165.56.234 - - [19/Jul/2024:02:58:56 +0200] "GET /ticket2/opencms/system/modules/com.gridnine.opencms.ticketbrokerage.site/resources/css/ticketbrokerage.css HTTP/1.1" 200 39339
192.165.56.234 - - [19/Jul/2024:02:58:56 +0200] "GET /ticket2/opencms/system/modules/com.gridnine.opencms.ticketbrokerage.site/resources/pics/button1_right.gif HTTP/1.1" 200 232
192.165.56.234 - - [19/Jul/2024:02:58:56 +0200] "GET /ticket2/opencms/system/modules/com.gridnine.opencms.ticketbrokerage.site/resources/pics/button1_center.gif HTTP/1.1" 200 66
192.165.56.234 - - [19/Jul/2024:02:58:56 +0200] "GET /ticket2/opencms/system/modules/com.gridnine.opencms.ticketbrokerage.site/resources/pics/button1_left.gif HTTP/1.1" 200 232
192.165.56.234 - - [19/Jul/2024:02:58:56 +0200] "GET /ticket2/opencms/system/modules/com.gridnine.opencms.ticketbrokerage.site/resources/js/standard.js HTTP/1.1" 200 3978
192.99.13.69 - - [19/Jul/2024:02:58:58 +0200] "GET /ticket2/opencms/se/sv/buy/?page=1&edid=9C0D0C60-3B30-A8CB-F04F-8F7739681D1C&sortorder=desc&column=row HTTP/1.1" 404 -
54.36.148.99 - - [19/Jul/2024:02:58:58 +0200] "GET /ticket2/opencms/sv/buy/?page=1&edid=5B76833E-2E71-FA6D-0004-1CC4E0B9EF88 HTTP/1.1" 200 93967
85.208.96.200 - - [19/Jul/2024:02:58:58 +0200] "GET /ticket2/opencms/de/robots.txt HTTP/1.1" 404 -
85.208.96.205 - - [19/Jul/2024:02:59:00 +0200] "GET /ticket2/opencms/robots.txt HTTP/1.1" 200 773
217.113.194.219 - - [19/Jul/2024:02:59:01 +0200] "GET /ticket2/opencms/en/venue/?venueid=6AE8BBF6-5066-8662-47DB-0BB15CB09362 HTTP/1.1" 200 70706
85.208.96.202 - - [19/Jul/2024:02:59:01 +0200] "GET /ticket2/opencms/de/en/faq/ HTTP/1.1" 404 -
192.99.13.69 - - [19/Jul/2024:02:59:02 +0200] "GET /ticket2/opencms/se/sv/buy/?page=1&edid=9C0D0C60-3B30-A8CB-F04F-8F7739681D1C&sortorder=desc&column=section HTTP/1.1" 404 -
47.128.25.221 - - [19/Jul/2024:02:59:02 +0200] "GET /ticket2/opencms/de/buy/?edid=48F26EF6-82A1-E8D4-CC6F-2F1AD5851418 HTTP/1.1" 200 71949
47.128.25.221 - - [19/Jul/2024:02:59:03 +0200] "GET /ticket2/opencms/system/modules/com.gridnine.opencms.ticketbrokerage.site/resources/pics/logo-new.png HTTP/1.1" 200 13541
47.128.25.221 - - [19/Jul/2024:02:59:03 +0200] "GET /ticket2/opencms/system/modules/com.gridnine.opencms.ticketbrokerage.site/resources/pics/footer-img.png HTTP/1.1" 200 10350
192.99.13.69 - - [19/Jul/2024:02:59:06 +0200] "GET /ticket2/opencms/se/sv/buy/?page=1&edid=9C1927F1-0493-9161-E8B9-9543848BF89E HTTP/1.1" 404 -
217.113.194.217 - - [19/Jul/2024:02:59:09 +0200] "GET /ticket2/opencms/en/venue/?venueid=8034B51E-43F2-D862-3B50-4F1B67991063 HTTP/1.1" 200 70766
192.165.56.234 - - [19/Jul/2024:02:59:11 +0200] "GET /ticket2/opencms/img/arrow-up.png HTTP/1.1" 200 193
192.99.13.69 - - [19/Jul/2024:02:59:13 +0200] "GET /ticket2/opencms/se/sv/buy/?page=1&edid=9C1927F1-0493-9161-E8B9-9543848BF89E&sortorder=asc&column=row HTTP/1.1" 404 -
217.113.194.215 - - [19/Jul/2024:02:59:18 +0200] "GET /ticket2/opencms/en/venue/?venueid=3D8F7866-F9CF-5659-0A24-4F37104A9E38 HTTP/1.1" 200 70688
192.99.13.69 - - [19/Jul/2024:02:59:18 +0200] "GET /ticket2/opencms/se/sv/buy/?page=1&edid=9C1927F1-0493-9161-E8B9-9543848BF89E&sortorder=asc&column=section HTTP/1.1" 404 -
54.36.148.100 - - [19/Jul/2024:02:59:21 +0200] "GET /ticket2/opencms/sv/buy/?page=1&edid=5AE1E1C5-B07B-6D50-8513-BCAC624C78CE HTTP/1.1" 200 108620
192.99.13.69 - - [19/Jul/2024:02:59:22 +0200] "GET /ticket2/opencms/se/sv/buy/?page=1&edid=9C60BBFE-9C73-46AB-B7BB-B6C2E686F1CD HTTP/1.1" 404 -
37.123.143.245 - - [19/Jul/2024:02:59:25 +0200] "GET /ticket2/opencms/system/workplace/views/top_foot.jsp?wpFrame=foot HTTP/1.1" 200 1211
37.123.143.245 - - [19/Jul/2024:02:59:25 +0200] "GET /ticket2/opencms/system/workplace/commons/style/workplace.css HTTP/1.1" 200 14209
217.113.194.220 - - [19/Jul/2024:02:59:26 +0200] "GET /ticket2/opencms/en/venue/?venueid=7C7F73F8-7DD5-5AD2-5D98-6873788781BA HTTP/1.1" 200 70763
217.182.175.146 - - [19/Jul/2024:02:59:27 +0200] "GET /ticket2/opencms/en/buy/?page=1&edid=04B62BE8-DBA1-6837-BCBE-53D7E0288921&sortorder=asc&column=section HTTP/1.1" 200 86370
192.99.13.69 - - [19/Jul/2024:02:59:28 +0200] "GET /ticket2/opencms/se/sv/buy/?page=1&edid=9C81EF50-3F71-F6A7-E285-CA1E8F83C215 HTTP/1.1" 404 -
192.99.13.69 - - [19/Jul/2024:02:59:32 +0200] "GET /ticket2/opencms/se/sv/buy/?page=1&edid=9DD4F3F0-2B3C-2E8D-D066-7DC7DDA8AEEF HTTP/1.1" 404 -
217.113.194.215 - - [19/Jul/2024:02:59:35 +0200] "GET /ticket2/opencms/en/venue/?venueid=78753FB6-3A87-49B0-BB46-30CC2526D91F HTTP/1.1" 200 70692
192.99.13.69 - - [19/Jul/2024:02:59:36 +0200] "GET /ticket2/opencms/se/sv/buy/?page=1&edid=9DD4F3F0-2B3C-2E8D-D066-7DC7DDA8AEEF&sortorder=desc&column=price HTTP/1.1" 404 -
136.243.59.237 - - [19/Jul/2024:02:59:37 +0200] "GET /ticket2/opencms/en/about/contact HTTP/1.1" 200 70323
192.99.13.69 - - [19/Jul/2024:02:59:42 +0200] "GET /ticket2/opencms/se/sv/buy/?page=1&edid=9DEC56CB-6C0C-3C2C-EE29-5D6C44538F9A&sortorder=desc&column=row HTTP/1.1" 404 -
217.113.194.217 - - [19/Jul/2024:02:59:43 +0200] "GET /ticket2/opencms/en/venue/?venueid=D67BBEAA-85B5-D2EB-96E5-A5759AF56653 HTTP/1.1" 200 70713
54.36.148.128 - - [19/Jul/2024:02:59:46 +0200] "GET /ticket2/opencms/sv/buy/?page=1&edid=573FB22B-2B7E-CE20-BB1B-B3AE15AF0D11 HTTP/1.1" 200 93970
193.70.81.99 - - [19/Jul/2024:02:59:47 +0200] "GET /ticket2/opencms/dk/nl/buy/?page=1&edid=C439FA23-3FE7-CDC9-A39E-4CD3D19ACA8D&sortorder=desc&column=row HTTP/1.1" 404 -
192.99.13.69 - - [19/Jul/2024:02:59:50 +0200] "GET /ticket2/opencms/se/sv/buy/?page=1&edid=9E2C94FE-5D34-AB50-68DA-3224561463E2 HTTP/1.1" 404 -
47.128.97.11 - - [19/Jul/2024:02:59:50 +0200] "GET /ticket2/opencms/sv/buy/?catid=0A6C99D2-F5BD-7A18-9A5F-5668827042E0&comcatid=A17713B6-D984-201A-4143-ED4DB5ED5C2E&eventid=A2BBF8F5-73FD-205D-F6D5-00395D8DDE9D&page=6 HTTP/1.1" 200 101015
47.128.97.11 - - [19/Jul/2024:02:59:51 +0200] "GET /ticket2/opencms/system/modules/com.gridnine.opencms.ticketbrokerage.site/resources/pics/logo-new.png HTTP/1.1" 200 13541
47.128.97.11 - - [19/Jul/2024:02:59:51 +0200] "GET /ticket2/opencms/system/modules/com.gridnine.opencms.ticketbrokerage.site/resources/pics/footer-img.png HTTP/1.1" 200 10350
217.113.194.215 - - [19/Jul/2024:02:59:52 +0200] "GET /ticket2/opencms/en/venue/?venueid=E2096692-E58C-A2FC-0C2A-16356E3525BF HTTP/1.1" 200 70700
136.243.222.140 - - [19/Jul/2024:02:59:52 +0200] "GET /ticket2/opencms/en/search.html?searchQuery=tottenham&submit= HTTP/1.1" 200 111590
192.99.13.69 - - [19/Jul/2024:02:59:54 +0200] "GET /ticket2/opencms/se/sv/buy/?page=1&edid=9FA189A8-6D06-3B5F-B1E8-7FAA262CA5F8&sortorder=asc&column=price HTTP/1.1" 404 -
192.99.13.69 - - [19/Jul/2024:03:00:00 +0200] "GET /ticket2/opencms/se/sv/buy/?page=1&edid=9FA189A8-6D06-3B5F-B1E8-7FAA262CA5F8&sortorder=asc&column=row HTTP/1.1" 404 -
217.113.194.214 - - [19/Jul/2024:03:00:00 +0200] "GET /ticket2/opencms/en/venue/?venueid=A35B1156-C0A4-574B-42E0-C7D72E4651E0 HTTP/1.1" 200 70788
65.21.113.194 - - [19/Jul/2024:03:00:03 +0200] "GET /ticket2/opencms/robots.txt HTTP/1.1" 200 773
65.21.113.194 - - [19/Jul/2024:03:00:03 +0200] "GET /ticket2/opencms/robots.txt HTTP/1.1" 200 773
65.21.113.194 - - [19/Jul/2024:03:00:03 +0200] "GET /ticket2/opencms/ HTTP/1.1" 302 -
217.182.175.146 - - [19/Jul/2024:03:00:06 +0200] "GET /ticket2/opencms/en/buy/?page=1&edid=06541B01-9413-917E-91B4-20FD84AFFCAC&sortorder=desc&column=row HTTP/1.1" 200 87228
65.21.113.194 - - [19/Jul/2024:03:00:06 +0200] "GET /ticket2/opencms/en/ HTTP/1.1" 200 94039
217.113.194.213 - - [19/Jul/2024:03:00:09 +0200] "GET /ticket2/opencms/en/venue/?venueid=FECA8F49-02CA-5614-CDE6-83282EC6D5D0 HTTP/1.1" 200 70706
54.36.149.16 - - [19/Jul/2024:03:00:09 +0200] "GET /ticket2/opencms/sv/buy/?page=1&edid=53C1FCAB-7989-5EF8-3F19-6DBACF1FA24F HTTP/1.1" 200 108621
192.99.13.69 - - [19/Jul/2024:03:00:14 +0200] "GET /ticket2/opencms/se/sv/buy/?page=1&edid=9FA189A8-6D06-3B5F-B1E8-7FAA262CA5F8&sortorder=asc&column=section HTTP/1.1" 404 -
217.113.194.212 - - [19/Jul/2024:03:00:17 +0200] "GET /ticket2/opencms/en/venue/?venueid=B18A9751-F623-D6A1-1017-3C94514B7B65 HTTP/1.1" 200 70704
192.99.13.69 - - [19/Jul/2024:03:00:17 +0200] "GET /ticket2/opencms/se/sv/buy/?page=1&edid=9FA189A8-6D06-3B5F-B1E8-7FAA262CA5F8&sortorder=desc&column=price HTTP/1.1" 404 -
192.99.13.69 - - [19/Jul/2024:03:00:21 +0200] "GET /ticket2/opencms/se/sv/buy/?page=1&edid=9FA189A8-6D06-3B5F-B1E8-7FAA262CA5F8&sortorder=desc&column=row HTTP/1.1" 404 -
217.113.194.215 - - [19/Jul/2024:03:00:26 +0200] "GET /ticket2/opencms/en/venue/?venueid=C45DD2E8-ABDE-6F3B-951D-04563CE4C5B2 HTTP/1.1" 200 70701
192.99.13.69 - - [19/Jul/2024:03:00:26 +0200] "GET /ticket2/opencms/se/sv/buy/?page=1&edid=9FA189A8-6D06-3B5F-B1E8-7FAA262CA5F8&sortorder=desc&column=section HTTP/1.1" 404 -
192.99.13.69 - - [19/Jul/2024:03:00:30 +0200] "GET /ticket2/opencms/se/sv/buy/?page=1&edid=9FDDAE6E-2099-CA20-8A5D-FB81C4E4FF2C HTTP/1.1" 404 -
52.167.144.161 - - [19/Jul/2024:03:00:33 +0200] "GET /ticket2/opencms/fi/buy?page=1&edid=492C270D-AAEA-3890-F385-951BFDA8F433 HTTP/1.1" 200 101086
154.54.249.216 - - [19/Jul/2024:03:00:34 +0200] "GET /ticket2/opencms/en/venue/?venueid=6D0642BB-05FC-BA80-36B9-6F63B86457CB HTTP/1.1" 200 70785
192.99.13.69 - - [19/Jul/2024:03:00:35 +0200] "GET /ticket2/opencms/se/sv/buy/?page=1&edid=A04A8B2E-0BE0-48FB-BBE8-7FD01334D08A&sortorder=asc&column=price HTTP/1.1" 404 -
54.36.148.55 - - [19/Jul/2024:03:00:39 +0200] "GET /ticket2/opencms/sv/buy/?page=1&edid=511F4D14-32A6-951A-CF83-6CDB1707BEA4 HTTP/1.1" 200 108608
192.99.13.69 - - [19/Jul/2024:03:00:40 +0200] "GET /ticket2/opencms/se/sv/buy/?page=1&edid=E83099B1-485E-5C84-84B0-FD9FB227033F&sortorder=asc&column=section HTTP/1.1" 404 -
217.113.194.221 - - [19/Jul/2024:03:00:43 +0200] "GET /ticket2/opencms/en/venue/?venueid=DB39254B-3E28-48BE-15E1-03374B8325A4 HTTP/1.1" 200 70736
47.128.25.128 - - [19/Jul/2024:03:00:43 +0200] "GET /ticket2/opencms/fi/legal_info/ HTTP/1.1" 200 73337
47.128.25.128 - - [19/Jul/2024:03:00:44 +0200] "GET /ticket2/opencms/system/modules/com.gridnine.opencms.ticketbrokerage.site/resources/pics/logo-new.png HTTP/1.1" 200 13541
47.128.25.128 - - [19/Jul/2024:03:00:44 +0200] "GET /ticket2/opencms/system/modules/com.gridnine.opencms.ticketbrokerage.site/resources/pics/footer-img.png HTTP/1.1" 200 10350
193.70.81.99 - - [19/Jul/2024:03:00:45 +0200] "GET /ticket2/opencms/dk/nl/buy/?page=1&edid=C439FA23-3FE7-CDC9-A39E-4CD3D19ACA8D&sortorder=desc&column=section HTTP/1.1" 404 -
192.99.13.69 - - [19/Jul/2024:03:00:45 +0200] "GET /ticket2/opencms/se/sv/buy/?page=1&edid=E927BEFD-9C6C-9D6C-18AA-81A3176DBF51&sortorder=asc&column=price HTTP/1.1" 404 -
37.60.249.191 - - [19/Jul/2024:03:00:46 +0200] "GET /ticket2/opencms/dk/en/buy/?page=1&edid=30CB7959-9308-5BEA-03F2-ADAC2FC91A64 HTTP/1.1" 404 -
185.174.101.126 - - [19/Jul/2024:03:00:47 +0200] "GET / HTTP/1.1" 404 -
185.174.101.126 - - [01/Jan/1970:00:59:59 +0100] "-" 400 -
192.99.13.69 - - [19/Jul/2024:03:00:49 +0200] "GET /ticket2/opencms/se/sv/buy/?page=1&edid=E927BEFD-9C6C-9D6C-18AA-81A3176DBF51&sortorder=asc&column=row HTTP/1.1" 404 -
154.54.249.216 - - [19/Jul/2024:03:00:51 +0200] "GET /ticket2/opencms/en/venue/?venueid=BF7CF0C6-184F-C149-0464-300615C1A80F HTTP/1.1" 200 70709
217.182.175.146 - - [19/Jul/2024:03:00:54 +0200] "GET /ticket2/opencms/en/buy/?page=1&edid=07032C66-ECCC-8B3A-18FE-F2D4E467100E HTTP/1.1" 200 87390
185.157.223.150 - - [19/Jul/2024:03:00:55 +0200] "GET /ticket2/tickets_export/outgoing/export.txt HTTP/1.1" 200 48019142
192.99.13.69 - - [19/Jul/2024:03:00:55 +0200] "GET /ticket2/opencms/se/sv/buy/?page=1&edid=E927BEFD-9C6C-9D6C-18AA-81A3176DBF51&sortorder=asc&column=section HTTP/1.1" 404 -
192.99.13.69 - - [19/Jul/2024:03:00:59 +0200] "GET /ticket2/opencms/se/sv/buy/?page=1&edid=EA94D3D4-FFFA-F63F-1970-2CE5FF8D4442 HTTP/1.1" 404 -
217.113.194.213 - - [19/Jul/2024:03:01:00 +0200] "GET /ticket2/opencms/en/venue/?venueid=8873E817-852C-7B3A-DC3B-7014498C6FBC HTTP/1.1" 200 70719
54.36.149.20 - - [19/Jul/2024:03:01:04 +0200] "GET /ticket2/opencms/sv/buy/?page=1&edid=4EEBDF1A-3C1D-BDB9-B11A-8D66ED171C2B HTTP/1.1" 200 108616
192.99.13.69 - - [19/Jul/2024:03:01:04 +0200] "GET /ticket2/opencms/se/sv/buy/?page=1&edid=EAA98A6E-20F3-6D01-3D0B-DC007380F0E3&sortorder=asc&column=price HTTP/1.1" 404 -
136.243.222.140 - - [19/Jul/2024:03:01:07 +0200] "GET /ticket2/opencms/en/buy?page=1&edid=6B1BC3D5-41D5-1130-8508-F118D3CA5AB9 HTTP/1.1" 200 112598
192.99.13.69 - - [19/Jul/2024:03:01:08 +0200] "GET /ticket2/opencms/se/sv/buy/?page=1&edid=EAC4C962-551C-BF6F-C642-D440AD7943F5&sortorder=desc&column=section HTTP/1.1" 404 -
217.113.194.212 - - [19/Jul/2024:03:01:08 +0200] "GET /ticket2/opencms/en/venue/?venueid=6FCDCCA7-47BD-CFE7-4CCC-4C7129F7CE52 HTTP/1.1" 200 70706
192.99.13.69 - - [19/Jul/2024:03:01:12 +0200] "GET /ticket2/opencms/se/sv/buy/?page=1&edid=EB4914C5-00D4-AD74-5CF9-2868F9C2D86F HTTP/1.1" 404 -
217.113.194.221 - - [19/Jul/2024:03:01:17 +0200] "GET /ticket2/opencms/en/venue/?venueid=C78858BB-8329-647A-A73A-0B2A266EBDBF HTTP/1.1" 200 70686
192.99.13.69 - - [19/Jul/2024:03:01:17 +0200] "GET /ticket2/opencms/se/sv/buy/?page=1&edid=EBDCEC51-E03B-2248-9BCD-1064C94BFE84 HTTP/1.1" 404 -
66.249.76.1 - - [19/Jul/2024:03:01:17 +0200] "GET /ticket2/opencms/de/buy/?page=1&edid=C3C88BDA-1CC3-8611-4BC9-911B22C7161C HTTP/1.1" 200 87721
66.249.79.102 - - [19/Jul/2024:03:01:18 +0200] "GET /ticket2/opencms/fr/sport/billets-football/serie_a/ HTTP/1.1" 200 84135
47.128.126.252 - - [19/Jul/2024:03:01:20 +0200] "GET /ticket2/opencms/fr/buy/?edid=BE86B5EF-5564-EB49-7409-BA54955A78A8 HTTP/1.1" 200 72058
47.128.126.252 - - [19/Jul/2024:03:01:20 +0200] "GET /ticket2/opencms/system/modules/com.gridnine.opencms.ticketbrokerage.site/resources/pics/logo-new.png HTTP/1.1" 200 13541
47.128.126.252 - - [19/Jul/2024:03:01:21 +0200] "GET /ticket2/opencms/system/modules/com.gridnine.opencms.ticketbrokerage.site/resources/pics/footer-img.png HTTP/1.1" 200 10350
192.99.13.69 - - [19/Jul/2024:03:01:21 +0200] "GET /ticket2/opencms/se/sv/buy/?page=1&edid=EBDCEC51-E03B-2248-9BCD-1064C94BFE84&sortorder=asc&column=price HTTP/1.1" 404 -
66.249.76.160 - - [19/Jul/2024:03:01:21 +0200] "GET /ticket2/opencms/en/buy/?page=1&edid=82BD6FF9-3156-636F-72F0-08C841337175 HTTP/1.1" 200 114695
66.249.79.232 - - [19/Jul/2024:03:01:22 +0200] "GET /ticket2/opencms/ HTTP/1.1" 302 -
66.249.76.194 - - [19/Jul/2024:03:01:23 +0200] "GET /ticket2/opencms/en/venue/?venueid=E0B5B71E-1525-E4B8-C2C9-E8B145968FBD HTTP/1.1" 200 70715
192.99.13.69 - - [19/Jul/2024:03:01:24 +0200] "GET /ticket2/opencms/se/sv/buy/?page=1&edid=EBDCEC51-E03B-2248-9BCD-1064C94BFE84&sortorder=asc&column=row HTTP/1.1" 404 -
217.113.194.214 - - [19/Jul/2024:03:01:25 +0200] "GET /ticket2/opencms/en/venue/?venueid=8016D2EB-5A30-A503-2E51-C1845CAF0467 HTTP/1.1" 200 70787
54.36.148.82 - - [19/Jul/2024:03:01:27 +0200] "GET /ticket2/opencms/sv/buy/?page=1&edid=4DAA35EF-C139-DEFB-5916-EBE779C23EE3 HTTP/1.1" 200 108611
66.249.76.170 - - [19/Jul/2024:03:01:27 +0200] "GET /ticket2/opencms/sv/ HTTP/1.1" 200 94655
66.249.79.101 - - [19/Jul/2024:03:01:28 +0200] "GET /ticket2/opencms/system/modules/com.gridnine.opencms.ticketbrokerage.site/resources/css/jquery-ui.css HTTP/1.1" 200 33221
192.99.13.69 - - [19/Jul/2024:03:01:29 +0200] "GET /ticket2/opencms/se/sv/buy/?page=1&edid=EBDCEC51-E03B-2248-9BCD-1064C94BFE84&sortorder=asc&column=section HTTP/1.1" 404 -
66.249.76.8 - - [19/Jul/2024:03:01:29 +0200] "GET /ticket2/opencms/sv/venue/?venueid=37FDBD7B-74BE-8950-65E3-B6CF46D7D303 HTTP/1.1" 200 74042
66.249.68.39 - - [19/Jul/2024:03:01:30 +0200] "GET /ticket2/opencms/sv/buy/?page=1&edid=34E20B61-76E4-1B1F-1E0B-8486E60BBF5B HTTP/1.1" 200 91392
66.249.79.101 - - [19/Jul/2024:03:01:30 +0200] "GET /ticket2/opencms/system/modules/com.gridnine.opencms.ticketbrokerage.site/resources/css/jquery.fancybox.css HTTP/1.1" 200 4939
192.99.13.69 - - [19/Jul/2024:03:01:33 +0200] "GET /ticket2/opencms/se/sv/buy/?page=1&edid=EBDCEC51-E03B-2248-9BCD-1064C94BFE84&sortorder=desc&column=price HTTP/1.1" 404 -
66.249.76.170 - - [19/Jul/2024:03:01:33 +0200] "GET /ticket2/opencms/system/modules/com.gridnine.opencms.ticketbrokerage.site/resources/css/calendar.css HTTP/1.1" 200 6871
217.113.194.219 - - [19/Jul/2024:03:01:34 +0200] "GET /ticket2/opencms/en/venue/?venueid=D9365E4D-49BE-CD44-E4C9-734764289212 HTTP/1.1" 200 70680
66.249.79.231 - - [19/Jul/2024:03:01:34 +0200] "GET /ticket2/opencms/system/modules/com.gridnine.opencms.ticketbrokerage.site/resources/js/standard.js HTTP/1.1" 200 3978
66.249.76.170 - - [19/Jul/2024:03:01:34 +0200] "GET /ticket2/opencms/system/modules/com.gridnine.opencms.ticketbrokerage.site/resources/js/jquery/jquery.js HTTP/1.1" 200 93868
193.70.81.99 - - [19/Jul/2024:03:01:34 +0200] "GET /ticket2/opencms/dk/nl/buy/?page=1&edid=C45D31CB-E6BD-151C-FD78-14565DAD8ACA&sortorder=desc&column=price HTTP/1.1" 404 -
66.249.76.170 - - [19/Jul/2024:03:01:34 +0200] "GET /ticket2/opencms/system/modules/com.gridnine.opencms.ticketbrokerage.site/resources/js/stickyfill.min.js HTTP/1.1" 200 5672
66.249.79.231 - - [19/Jul/2024:03:01:35 +0200] "GET /ticket2/opencms/system/modules/com.gridnine.opencms.ticketbrokerage.site/resources/js/calendar-setup.js HTTP/1.1" 200 4923
66.249.79.231 - - [19/Jul/2024:03:01:36 +0200] "GET /ticket2/opencms/system/modules/com.gridnine.opencms.ticketbrokerage.site/resources/js/jquery/jquery-ui.js HTTP/1.1" 200 228088
66.249.79.231 - - [19/Jul/2024:03:01:36 +0200] "GET /ticket2/opencms/system/modules/com.gridnine.opencms.ticketbrokerage.site/resources/js/calendar-en.js HTTP/1.1" 200 3338
47.128.54.176 - - [19/Jul/2024:03:01:36 +0200] "GET /ticket2/opencms/fi/venue/?venueid=A60FB51F-D5E6-BD90-6801-0B7458E63156 HTTP/1.1" 200 72273
66.249.79.231 - - [19/Jul/2024:03:01:37 +0200] "GET /ticket2/opencms/system/modules/com.gridnine.opencms.ticketbrokerage.site/resources/js/jquery.fancybox.pack.js HTTP/1.1" 200 23187
192.99.13.69 - - [19/Jul/2024:03:01:37 +0200] "GET /ticket2/opencms/se/sv/buy/?page=1&edid=EBDCEC51-E03B-2248-9BCD-1064C94BFE84&sortorder=desc&column=row HTTP/1.1" 404 -
47.128.54.176 - - [19/Jul/2024:03:01:37 +0200] "GET /ticket2/opencms/system/modules/com.gridnine.opencms.ticketbrokerage.site/resources/pics/logo-new.png HTTP/1.1" 200 13541
47.128.54.176 - - [19/Jul/2024:03:01:37 +0200] "GET /ticket2/opencms/system/modules/com.gridnine.opencms.ticketbrokerage.site/resources/pics/footer-img.png HTTP/1.1" 200 10350
66.249.76.170 - - [19/Jul/2024:03:01:37 +0200] "GET /ticket2/opencms/system/modules/com.gridnine.opencms.ticketbrokerage.site/resources/js/functions.js HTTP/1.1" 200 1583
66.249.79.231 - - [19/Jul/2024:03:01:38 +0200] "GET /ticket2/opencms/system/modules/com.gridnine.opencms.ticketbrokerage.site/resources/js/calendar.js HTTP/1.1" 200 49229
66.249.76.170 - - [19/Jul/2024:03:01:39 +0200] "GET /ticket2/opencms/system/modules/com.gridnine.opencms.ticketbrokerage.site/resources/css/ticketbrokerage.css HTTP/1.1" 200 39339
66.249.79.231 - - [19/Jul/2024:03:01:40 +0200] "GET /ticket2/opencms/system/modules/com.gridnine.opencms.ticketbrokerage.site/resources/css/jquery.fancybox.css HTTP/1.1" 200 4939
66.249.79.231 - - [19/Jul/2024:03:01:40 +0200] "GET /ticket2/opencms/system/modules/com.gridnine.opencms.ticketbrokerage.site/resources/css/jquery-ui.css HTTP/1.1" 200 33221
66.249.79.231 - - [19/Jul/2024:03:01:41 +0200] "GET /ticket2/opencms/system/modules/com.gridnine.opencms.ticketbrokerage.site/resources/css/standard.css HTTP/1.1" 200 72814
192.99.13.69 - - [19/Jul/2024:03:01:41 +0200] "GET /ticket2/opencms/se/sv/buy/?page=1&edid=EBDCEC51-E03B-2248-9BCD-1064C94BFE84&sortorder=desc&column=section HTTP/1.1" 404 -
66.249.79.231 - - [19/Jul/2024:03:01:41 +0200] "GET /ticket2/opencms/system/modules/com.gridnine.opencms.ticketbrokerage.site/resources/js/jquery.placeholder.min.js HTTP/1.1" 200 1737
66.249.76.170 - - [19/Jul/2024:03:01:42 +0200] "GET /ticket2/opencms/system/modules/com.gridnine.opencms.ticketbrokerage.site/resources/js/common-ajax.js HTTP/1.1" 200 20175
217.113.194.215 - - [19/Jul/2024:03:01:42 +0200] "GET /ticket2/opencms/en/venue/?venueid=55299A70-277E-39AD-746B-1A3BED684DD4 HTTP/1.1" 200 70715
192.99.13.69 - - [19/Jul/2024:03:01:46 +0200] "GET /ticket2/opencms/se/sv/buy/?page=1&edid=EE100356-73D8-2A77-06DC-261D059AD495 HTTP/1.1" 404 -
54.36.148.8 - - [19/Jul/2024:03:01:48 +0200] "GET /ticket2/opencms/sv/buy/?page=1&edid=44D167E7-554F-DC29-C45D-3596737FE6BB HTTP/1.1" 200 111181
154.54.249.216 - - [19/Jul/2024:03:01:51 +0200] "GET /ticket2/opencms/en/venue/?venueid=555014B0-08D8-515D-B9A4-B900DC7639D7 HTTP/1.1" 200 70700
217.182.175.146 - - [19/Jul/2024:03:01:51 +0200] "GET /ticket2/opencms/en/buy/?page=1&edid=07032C66-ECCC-8B3A-18FE-F2D4E467100E&sortorder=desc&column=row HTTP/1.1" 200 87425
192.99.13.69 - - [19/Jul/2024:03:01:52 +0200] "GET /ticket2/opencms/se/sv/buy/?page=1&edid=EE24B254-1FB8-6601-5783-BFE404E37C0C HTTP/1.1" 404 -
192.99.13.69 - - [19/Jul/2024:03:01:56 +0200] "GET /ticket2/opencms/se/sv/buy/?page=1&edid=EEBEB1B7-124E-0978-2C17-3654DF15A113 HTTP/1.1" 404 -
217.113.194.219 - - [19/Jul/2024:03:01:59 +0200] "GET /ticket2/opencms/en/venue/?venueid=23DADC67-2F89-C2AE-F234-7909D8077B49 HTTP/1.1" 200 70730
192.99.13.69 - - [19/Jul/2024:03:02:00 +0200] "GET /ticket2/opencms/se/sv/buy/?page=1&edid=EEC5300E-BB94-42CA-1E8E-EBCDC578E81E HTTP/1.1" 404 -
173.252.83.28 - - [19/Jul/2024:03:02:01 +0200] "GET /ticket2/opencms/ HTTP/1.1" 302 -
192.99.13.69 - - [19/Jul/2024:03:02:04 +0200] "GET /ticket2/opencms/se/sv/buy/?page=1&edid=EEFC1BEF-3684-4C35-A311-E5C6220A9067 HTTP/1.1" 404 -
217.113.194.216 - - [19/Jul/2024:03:02:08 +0200] "GET /ticket2/opencms/en/venue/?venueid=46A76095-C8CC-46CE-5C46-97C8D40D2C4B HTTP/1.1" 200 70751
114.119.145.239 - - [19/Jul/2024:03:02:08 +0200] "GET /ticket2/opencms/en/sell/?edid=1376AEC9-0709-1A7E-51D7-A32A604094A0 HTTP/1.1" 302 -
192.99.13.69 - - [19/Jul/2024:03:02:08 +0200] "GET /ticket2/opencms/se/sv/buy/?page=1&edid=F7216009-A72E-CB31-39C7-D48D80BB2FC8&sortorder=desc&column=price HTTP/1.1" 404 -
114.119.145.239 - - [19/Jul/2024:03:02:12 +0200] "GET /ticket2/opencms/en/login/?url=/en/sell/ HTTP/1.1" 200 72802
192.99.13.69 - - [19/Jul/2024:03:02:12 +0200] "GET /ticket2/opencms/se/sv/buy/?page=1&edid=F7216009-A72E-CB31-39C7-D48D80BB2FC8&sortorder=desc&column=row HTTP/1.1" 404 -
54.36.149.53 - - [19/Jul/2024:03:02:14 +0200] "GET /ticket2/opencms/sv/buy/?page=1&edid=3AEE71D4-9186-E070-414D-987C08623A74 HTTP/1.1" 200 111184
217.113.194.216 - - [19/Jul/2024:03:02:16 +0200] "GET /ticket2/opencms/en/venue/?venueid=4694F5B1-69FE-B60F-48EF-EC52575888CD HTTP/1.1" 200 70676
192.99.13.69 - - [19/Jul/2024:03:02:17 +0200] "GET /ticket2/opencms/se/sv/buy/?page=1&edid=F7216009-A72E-CB31-39C7-D48D80BB2FC8&sortorder=desc&column=section HTTP/1.1" 404 -
193.70.81.99 - - [19/Jul/2024:03:02:19 +0200] "GET /ticket2/opencms/dk/nl/buy/?page=1&edid=C45D31CB-E6BD-151C-FD78-14565DAD8ACA&sortorder=desc&column=row HTTP/1.1" 404 -
192.99.13.69 - - [19/Jul/2024:03:02:22 +0200] "GET /ticket2/opencms/se/sv/buy/?page=1&edid=F813C320-7E28-922B-F48B-0923B80D3D26&sortorder=desc&column=section HTTP/1.1" 404 -
217.113.194.218 - - [19/Jul/2024:03:02:26 +0200] "GET /ticket2/opencms/en/venue/?venueid=203858E0-C44D-022D-2E8D-D6D130DE030F HTTP/1.1" 200 70760
47.128.42.0 - - [19/Jul/2024:03:02:28 +0200] "GET /ticket2/opencms/fi/buy/?catid=D8B345C9-F7A5-E620-4B43-C34EB0D6885B&comcatid=A17713B6-D984-201A-4143-ED4DB5ED5C2E&eventid=88125886-B9B5-9F59-AF43-51EE7A6E60C4&page=6 HTTP/1.1" 200 101751
47.128.42.0 - - [19/Jul/2024:03:02:29 +0200] "GET /ticket2/opencms/system/modules/com.gridnine.opencms.ticketbrokerage.site/resources/pics/logo-new.png HTTP/1.1" 200 13541
192.99.13.69 - - [19/Jul/2024:03:02:29 +0200] "GET /ticket2/opencms/se/sv/buy/?page=1&edid=F820E6E8-08EB-7308-36DD-F8C38F8FB7F4 HTTP/1.1" 404 -
47.128.42.0 - - [19/Jul/2024:03:02:29 +0200] "GET /ticket2/opencms/system/modules/com.gridnine.opencms.ticketbrokerage.site/resources/pics/footer-img.png HTTP/1.1" 200 10350
54.36.148.187 - - [19/Jul/2024:03:02:32 +0200] "GET /ticket2/opencms/sv/buy/?page=1&edid=3554D6C4-2FFC-457C-507A-C2BD7C1E41FE HTTP/1.1" 200 111246
217.113.194.218 - - [19/Jul/2024:03:02:34 +0200] "GET /ticket2/opencms/en/venue/?venueid=665605D3-62A4-ADC3-6DF2-C7BBE2C5024A HTTP/1.1" 200 70712
192.99.13.69 - - [19/Jul/2024:03:02:36 +0200] "GET /ticket2/opencms/se/sv/buy/?page=1&edid=F8640281-A10A-8FAC-4D72-6086A5F51411 HTTP/1.1" 404 -
37.60.249.191 - - [19/Jul/2024:03:02:41 +0200] "GET /ticket2/opencms/dk/en/buy/?page=1&edid=30CB7959-9308-5BEA-03F2-ADAC2FC91A64&sortorder=desc&column=price HTTP/1.1" 404 -
63.143.42.252 - - [19/Jul/2024:03:02:42 +0200] "HEAD /ticket2/opencms/ HTTP/1.1" 302 -
63.143.42.252 - - [19/Jul/2024:03:02:42 +0200] "HEAD /ticket2/opencms/en/ HTTP/1.1" 200 -
217.113.194.217 - - [19/Jul/2024:03:02:43 +0200] "GET /ticket2/opencms/en/venue/?venueid=680079F6-3D84-3124-6D4E-6A5AE95CB384 HTTP/1.1" 200 70752
217.182.175.146 - - [19/Jul/2024:03:02:43 +0200] "GET /ticket2/opencms/en/buy/?page=1&edid=07032C66-ECCC-8B3A-18FE-F2D4E467100E&sortorder=desc&column=section HTTP/1.1" 200 87425
114.119.138.151 - - [19/Jul/2024:03:02:47 +0200] "GET /ticket2/opencms/en/sell/?edid=DA07BA52-26E1-791C-9836-DF5E238F2D5B HTTP/1.1" 302 -
192.99.13.69 - - [19/Jul/2024:03:02:50 +0200] "GET /ticket2/opencms/se/sv/buy/?page=1&edid=F8640281-A10A-8FAC-4D72-6086A5F51411&sortorder=desc&column=price HTTP/1.1" 404 -
114.119.138.151 - - [19/Jul/2024:03:02:51 +0200] "GET /ticket2/opencms/en/login/?url=/en/sell/ HTTP/1.1" 200 72802
217.113.194.219 - - [19/Jul/2024:03:02:51 +0200] "GET /ticket2/opencms/en/venue/?venueid=823F5427-3F19-16AC-CDB6-E04B20BCA5D8 HTTP/1.1" 200 70715
54.36.148.158 - - [19/Jul/2024:03:02:54 +0200] "GET /ticket2/opencms/sv/buy/?page=1&edid=34D2BBB8-FB45-0D0E-564E-E2214021F35A HTTP/1.1" 200 111221
217.113.194.217 - - [19/Jul/2024:03:03:00 +0200] "GET /ticket2/opencms/en/venue/?venueid=255EC0A2-CFF1-A438-835D-B03A710178CE HTTP/1.1" 200 70688
193.70.81.99 - - [19/Jul/2024:03:03:02 +0200] "GET /ticket2/opencms/dk/nl/buy/?page=1&edid=C45D31CB-E6BD-151C-FD78-14565DAD8ACA&sortorder=desc&column=section HTTP/1.1" 404 -
136.243.222.140 - - [19/Jul/2024:03:03:03 +0200] "GET /ticket2/opencms/en/faq HTTP/1.1" 200 73359
192.99.13.69 - - [19/Jul/2024:03:03:04 +0200] "GET /ticket2/opencms/se/sv/buy/?page=1&edid=F8640281-A10A-8FAC-4D72-6086A5F51411&sortorder=desc&column=row HTTP/1.1" 404 -
217.113.194.218 - - [19/Jul/2024:03:03:09 +0200] "GET /ticket2/opencms/en/venue/?venueid=2570AE05-A997-F9B1-2575-52FDC964674A HTTP/1.1" 200 70703
54.36.148.36 - - [19/Jul/2024:03:03:15 +0200] "GET /ticket2/opencms/sv/buy/?page=1&edid=2BCFF4EF-6BDF-430E-65C2-6E90270A0C8C HTTP/1.1" 200 108605
192.99.13.69 - - [19/Jul/2024:03:03:16 +0200] "GET /ticket2/opencms/se/sv/buy/?page=1&edid=F8C63DF8-590C-CC78-749C-C6B01C8C3C13&sortorder=desc&column=row HTTP/1.1" 404 -
217.113.194.221 - - [19/Jul/2024:03:03:17 +0200] "GET /ticket2/opencms/en/venue/?venueid=52FEA340-600C-C2A6-D05C-0B94F2E2DFB9 HTTP/1.1" 200 70703
47.128.20.9 - - [19/Jul/2024:03:03:20 +0200] "GET /ticket2/opencms/en/buy/?comcatid=A17713B6-D984-201A-4143-ED4DB5ED5C2E&npage=1 HTTP/1.1" 200 239209
47.128.20.9 - - [19/Jul/2024:03:03:21 +0200] "GET /ticket2/opencms/system/modules/com.gridnine.opencms.ticketbrokerage.site/resources/pics/logo-new.png HTTP/1.1" 200 13541
47.128.20.9 - - [19/Jul/2024:03:03:21 +0200] "GET /ticket2/opencms/system/modules/com.gridnine.opencms.ticketbrokerage.site/resources/pics/footer-img.png HTTP/1.1" 200 10350
154.54.249.216 - - [19/Jul/2024:03:03:26 +0200] "GET /ticket2/opencms/en/venue/?venueid=70BCEFF3-3FFD-32AD-3733-0F6287343BFC HTTP/1.1" 200 70704
217.182.175.146 - - [19/Jul/2024:03:03:28 +0200] "GET /ticket2/opencms/en/buy/?page=1&edid=07158DDF-DB8B-B72D-992D-3FB73091060A&sortorder=desc&column=price HTTP/1.1" 200 86090
192.99.13.69 - - [19/Jul/2024:03:03:30 +0200] "GET /ticket2/opencms/se/sv/buy/?page=1&edid=F8C63DF8-590C-CC78-749C-C6B01C8C3C13&sortorder=desc&column=section HTTP/1.1" 404 -
114.119.133.35 - - [19/Jul/2024:03:03:30 +0200] "GET /ticket2/opencms/en/sell/?edid=A67CD16D-86EF-1EFD-DE48-4ECA9B18A538 HTTP/1.1" 302 -
52.167.144.189 - - [19/Jul/2024:03:03:30 +0200] "GET /ticket2/opencms/nl/buy/?page=1&edid=5BBBCCB4-879F-7BEA-76C4-C9A82E9FE36D HTTP/1.1" 200 90225
114.119.133.35 - - [19/Jul/2024:03:03:34 +0200] "GET /ticket2/opencms/en/login/?url=/en/sell/ HTTP/1.1" 200 72802
217.113.194.219 - - [19/Jul/2024:03:03:34 +0200] "GET /ticket2/opencms/en/venue/?venueid=37536D78-51ED-E1B7-F2B0-3074119C5B6B HTTP/1.1" 200 70746
193.70.81.99 - - [19/Jul/2024:03:03:35 +0200] "GET /ticket2/opencms/dk/nl/buy/?page=1&edid=C4BA00AB-BDFC-3A0A-FE36-2E6A52B5950E&sortorder=asc&column=row HTTP/1.1" 404 -
207.46.13.107 - - [19/Jul/2024:03:03:36 +0200] "GET /ticket2/opencms/en/buy?page=1&edid=DD282B35-B6B7-ECA0-02E0-90864F5E2B50 HTTP/1.1" 200 105178
54.36.148.109 - - [19/Jul/2024:03:03:36 +0200] "GET /ticket2/opencms/sv/buy/?page=1&edid=2873D448-9456-C769-305A-D313D730E942 HTTP/1.1" 200 108602
47.128.30.196 - - [19/Jul/2024:03:03:38 +0200] "GET /ticket2/opencms/de/buy/?edid=6ED08D04-7263-AC79-DA04-AFB97DC97A00 HTTP/1.1" 200 71949
47.128.30.196 - - [19/Jul/2024:03:03:38 +0200] "GET /ticket2/opencms/system/modules/com.gridnine.opencms.ticketbrokerage.site/resources/pics/logo-new.png HTTP/1.1" 200 13541
47.128.30.196 - - [19/Jul/2024:03:03:39 +0200] "GET /ticket2/opencms/system/modules/com.gridnine.opencms.ticketbrokerage.site/resources/pics/footer-img.png HTTP/1.1" 200 10350
217.113.194.218 - - [19/Jul/2024:03:03:43 +0200] "GET /ticket2/opencms/en/venue/?venueid=299B0156-25AA-7D0B-824A-E86C2DB19BF9 HTTP/1.1" 200 70667
192.99.13.69 - - [19/Jul/2024:03:03:43 +0200] "GET /ticket2/opencms/se/sv/buy/?page=1&edid=F8D2FCD9-F8B1-6F20-A4A7-009D6D5FC21C HTTP/1.1" 404 -
217.113.194.212 - - [19/Jul/2024:03:03:51 +0200] "GET /ticket2/opencms/en/venue/?venueid=39C43282-985C-5277-31A7-ADF50A8ACB3F HTTP/1.1" 200 70766
192.99.13.69 - - [19/Jul/2024:03:03:58 +0200] "GET /ticket2/opencms/se/sv/buy/?page=1&edid=F8D2FCD9-F8B1-6F20-A4A7-009D6D5FC21C&sortorder=desc&column=row HTTP/1.1" 404 -
54.36.148.219 - - [19/Jul/2024:03:03:58 +0200] "GET /ticket2/opencms/sv/buy/?page=1&edid=26D75FC9-685E-F97A-1BAD-C5A5C23D1E62 HTTP/1.1" 200 93966
217.113.194.214 - - [19/Jul/2024:03:04:00 +0200] "GET /ticket2/opencms/en/venue/?venueid=99C7EEC7-7361-4062-BBA0-33757DC608E1 HTTP/1.1" 200 70692
37.57.218.243 - - [19/Jul/2024:03:04:01 +0200] "GET /ticket2/opencms/robots.txt HTTP/1.1" 200 773
209.97.168.21 - - [19/Jul/2024:03:04:02 +0200] "GET /ticket2/opencms/ HTTP/1.1" 302 -
216.244.66.237 - - [19/Jul/2024:03:04:02 +0200] "GET /ticket2/opencms/dk/robots.txt HTTP/1.1" 404 -
209.97.168.21 - - [19/Jul/2024:03:04:03 +0200] "GET /ticket2/opencms/en/ HTTP/1.1" 200 94039
217.182.175.146 - - [19/Jul/2024:03:04:06 +0200] "GET /ticket2/opencms/en/buy/?page=1&edid=07A33A19-3A86-A256-E698-74944137E871&sortorder=asc&column=price HTTP/1.1" 200 87237
209.97.168.21 - - [19/Jul/2024:03:04:07 +0200] "GET /ticket2/opencms/reviews/6434125059870f165fbf8d9e HTTP/1.1" 404 -
217.113.194.214 - - [19/Jul/2024:03:04:08 +0200] "GET /ticket2/opencms/en/venue/?venueid=99BBDD03-B532-23A3-9D30-60E65F950CC5 HTTP/1.1" 200 70707
209.97.168.21 - - [19/Jul/2024:03:04:08 +0200] "GET /ticket2/opencms/reviews/64576f8af7abaab29862661a HTTP/1.1" 404 -
209.97.168.21 - - [19/Jul/2024:03:04:10 +0200] "GET /ticket2/opencms/users/connect?redirect=&source_cta=header HTTP/1.1" 404 -
192.99.13.69 - - [19/Jul/2024:03:04:11 +0200] "GET /ticket2/opencms/se/sv/buy/?page=1&edid=F8D9106C-BA17-B476-4E1C-EC0D77A93AAE HTTP/1.1" 404 -
209.97.168.21 - - [19/Jul/2024:03:04:12 +0200] "GET /ticket2/opencms/reviews/646b208ef5c4c5d975c205f2 HTTP/1.1" 404 -
47.128.33.145 - - [19/Jul/2024:03:04:12 +0200] "GET /ticket2/opencms/nl/sport/voetbal-tickets/bundesliga/mainz/ HTTP/1.1" 200 71984
37.57.218.243 - - [19/Jul/2024:03:04:12 +0200] "GET /ticket2/opencms/en/buy/?page=1&edid=63801669-9764-13A7-B058-055F32A0BC14&sortorder=desc&column=price HTTP/1.1" 200 87286
209.97.168.21 - - [19/Jul/2024:03:04:13 +0200] "GET /ticket2/opencms/trust/combating-fake-reviews HTTP/1.1" 404 -
47.128.33.145 - - [19/Jul/2024:03:04:13 +0200] "GET /ticket2/opencms/system/modules/com.gridnine.opencms.ticketbrokerage.site/resources/pics/logo-new.png HTTP/1.1" 200 13541
47.128.33.145 - - [19/Jul/2024:03:04:14 +0200] "GET /ticket2/opencms/system/modules/com.gridnine.opencms.ticketbrokerage.site/resources/pics/banners/sv/Bundesliga.jpg HTTP/1.1" 200 13421
47.128.33.145 - - [19/Jul/2024:03:04:14 +0200] "GET /ticket2/opencms/system/modules/com.gridnine.opencms.ticketbrokerage.site/resources/pics/footer-img.png HTTP/1.1" 200 10350
209.97.168.21 - - [19/Jul/2024:03:04:15 +0200] "GET /ticket2/opencms/users/631840ad9c69470012da78b0 HTTP/1.1" 404 -
217.113.194.213 - - [19/Jul/2024:03:04:17 +0200] "GET /ticket2/opencms/en/venue/?venueid=99F349EB-97D3-4327-F972-D173DD5F2DAA HTTP/1.1" 200 70661
209.97.168.21 - - [19/Jul/2024:03:04:17 +0200] "GET /ticket2/opencms/?utm_medium=company_profile&utm_source=trustpilot&utm_campaign=domain_click HTTP/1.1" 302 -
209.97.168.21 - - [19/Jul/2024:03:04:19 +0200] "GET /ticket2/opencms/en/ HTTP/1.1" 200 94039
54.36.148.83 - - [19/Jul/2024:03:04:21 +0200] "GET /ticket2/opencms/sv/buy/?page=1&edid=26CFADD1-A0DC-1F95-EC1A-E3CF6C837B2E HTTP/1.1" 200 108597
209.97.168.21 - - [19/Jul/2024:03:04:22 +0200] "GET /ticket2/opencms/users/63f147ba19bcd900139b6437 HTTP/1.1" 404 -
37.57.218.243 - - [19/Jul/2024:03:04:24 +0200] "GET /ticket2/opencms/en/buy/?page=1&edid=63801669-9764-13A7-B058-055F32A0BC14&sortorder=desc&column=row HTTP/1.1" 200 87286
217.113.194.213 - - [19/Jul/2024:03:04:25 +0200] "GET /ticket2/opencms/en/venue/?venueid=36573C6C-47C8-2165-EDCA-81C43CECFB43 HTTP/1.1" 200 70673
37.123.143.245 - - [19/Jul/2024:03:04:25 +0200] "GET /ticket2/opencms/system/workplace/views/top_foot.jsp?wpFrame=foot HTTP/1.1" 200 1211
