66.249.79.172 - - [19/Jul/2024:00:28:30 +0200] "GET /ticket2/opencms/en/buy?page=1&edid=A492339E-0658-D77B-570A-6146F24F8C0A HTTP/1.1" 200 95610
217.113.194.213 - - [19/Jul/2024:00:28:31 +0200] "GET /ticket2/opencms/en/venue/?venueid=0B0800E6-0A14-5429-9458-0718F854B0B8 HTTP/1.1" 200 70688
135.181.74.243 - - [19/Jul/2024:00:28:35 +0200] "GET /ticket2/opencms/se/fi/buy/?page=1&edid=616E0307-EF5A-C0BC-E2E4-858595D5400D&sortorder=asc&column=row HTTP/1.1" 404 -
54.36.148.80 - - [19/Jul/2024:00:28:37 +0200] "GET /ticket2/opencms/fi/buy/?page=1&edid=AD14D102-9A59-3E48-721F-B8412449464B HTTP/1.1" 200 86372
154.54.249.216 - - [19/Jul/2024:00:28:39 +0200] "GET /ticket2/opencms/en/venue/?venueid=41147811-3555-116B-80FF-96EECC95BFDA HTTP/1.1" 200 70739
66.249.76.161 - - [19/Jul/2024:00:28:40 +0200] "GET /ticket2/opencms/de/de/ HTTP/1.1" 404 -
66.249.76.8 - - [19/Jul/2024:00:28:44 +0200] "GET /ticket2/opencms/en/buy?page=1&edid=EC2BC309-3510-AA04-CA0C-F3088D5C1D31 HTTP/1.1" 200 99229
37.187.89.104 - - [19/Jul/2024:00:28:44 +0200] "GET /ticket2/opencms/no/buy/?page=1&edid=67274A6A-EF2F-BED4-EBFE-1879E59118C9&sortorder=desc&column=row HTTP/1.1" 200 88552
47.128.23.250 - - [19/Jul/2024:00:28:47 +0200] "GET /ticket2/opencms/fi/buy/?page=1&edid=6CF16ABF-31A5-8D51-A63B-3077208955EB HTTP/1.1" 200 106567
47.128.23.250 - - [19/Jul/2024:00:28:47 +0200] "GET /ticket2/opencms/system/modules/com.gridnine.opencms.ticketbrokerage.site/resources/pics/logo-new.png HTTP/1.1" 200 13541
217.113.194.220 - - [19/Jul/2024:00:28:48 +0200] "GET /ticket2/opencms/en/venue/?venueid=8243A401-23BF-39C5-8D76-982AC5019BE4 HTTP/1.1" 200 70697
47.128.23.250 - - [19/Jul/2024:00:28:48 +0200] "GET /ticket2/opencms/system/modules/com.gridnine.opencms.ticketbrokerage.site/resources/pics/two_man.png HTTP/1.1" 200 3407
47.128.23.250 - - [19/Jul/2024:00:28:48 +0200] "GET /ticket2/opencms/system/modules/com.gridnine.opencms.ticketbrokerage.site/resources/pics/footer-img.png HTTP/1.1" 200 10350
47.128.23.250 - - [19/Jul/2024:00:28:49 +0200] "GET /ticket2/opencms/venue/saint_james_park.gif HTTP/1.1" 200 18299
47.128.23.250 - - [19/Jul/2024:00:28:49 +0200] "GET /ticket2/opencms/system/modules/com.gridnine.opencms.ticketbrokerage.site/resources/pics/ticket_info_button.png HTTP/1.1" 200 3820
47.128.23.250 - - [19/Jul/2024:00:28:49 +0200] "GET /ticket2/opencms/fi/ask-form.html HTTP/1.1" 200 3012
135.181.74.243 - - [19/Jul/2024:00:28:49 +0200] "GET /ticket2/opencms/se/fi/buy/?page=1&edid=63CD2C93-E504-2AC8-B8EA-EDE1A007E281&sortorder=asc&column=section HTTP/1.1" 404 -
158.220.123.226 - - [19/Jul/2024:00:28:54 +0200] "GET /ticket2/opencms/se/ru/buy/?page=1&edid=F2FE555C-AC27-5AA8-8120-C9C64D18709B&sortorder=asc&column=price HTTP/1.1" 404 -
217.113.194.219 - - [19/Jul/2024:00:28:56 +0200] "GET /ticket2/opencms/en/venue/?venueid=2518510D-FB74-EF77-3887-A2E874444251 HTTP/1.1" 200 70728
63.143.42.252 - - [19/Jul/2024:00:28:57 +0200] "HEAD /ticket2/opencms/ HTTP/1.1" 302 -
216.244.66.238 - - [19/Jul/2024:00:28:57 +0200] "GET /ticket2/opencms/dk/sv/venue/?venueid=BE099EDC-92F5-295D-5F82-387E8463882F HTTP/1.1" 404 -
63.143.42.252 - - [19/Jul/2024:00:29:00 +0200] "HEAD /ticket2/opencms/en/ HTTP/1.1" 200 -
37.187.89.104 - - [19/Jul/2024:00:29:00 +0200] "GET /ticket2/opencms/no/buy/?page=1&edid=6746D547-58E0-E059-5EA6-B180F3DC37DC&sortorder=asc&column=price HTTP/1.1" 200 88528
216.244.66.238 - - [19/Jul/2024:00:29:01 +0200] "GET /ticket2/opencms/se/en/venue/?venueid=D4784E51-1C45-CBDB-BB13-DEF8FB831FB5 HTTP/1.1" 404 -
135.181.74.243 - - [19/Jul/2024:00:29:01 +0200] "GET /ticket2/opencms/se/fi/buy/?page=1&edid=64C4C9E2-D5F8-CBA8-9830-8CC9B5C5071B&sortorder=asc&column=section HTTP/1.1" 404 -
217.113.194.214 - - [19/Jul/2024:00:29:05 +0200] "GET /ticket2/opencms/en/venue/?venueid=523ADEA7-7A32-98AD-8406-4BAD485766BF HTTP/1.1" 200 70727
54.36.148.218 - - [19/Jul/2024:00:29:06 +0200] "GET /ticket2/opencms/no/buy/?page=1&edid=10C00DD9-2619-A832-C970-E24EDAAD57C7 HTTP/1.1" 200 110769
37.187.89.104 - - [19/Jul/2024:00:29:11 +0200] "GET /ticket2/opencms/no/buy/?page=1&edid=7DAE74E8-C4A2-8C27-1B6F-A1C7846A527A&sortorder=desc&column=row HTTP/1.1" 200 88583
217.113.194.218 - - [19/Jul/2024:00:29:13 +0200] "GET /ticket2/opencms/en/buy?page=1&edid=7B3F7649-A433-87A5-0017-3BE35209D234 HTTP/1.1" 200 84563
135.181.74.243 - - [19/Jul/2024:00:29:13 +0200] "GET /ticket2/opencms/se/fi/buy/?page=1&edid=65E16DAE-FB3A-0D73-DEF4-C746943F02B1&sortorder=asc&column=price HTTP/1.1" 404 -
37.123.143.245 - - [19/Jul/2024:00:29:20 +0200] "GET /ticket2/opencms/system/workplace/views/top_foot.jsp?wpFrame=foot HTTP/1.1" 200 1211
37.123.143.245 - - [19/Jul/2024:00:29:20 +0200] "GET /ticket2/opencms/system/workplace/commons/style/workplace.css HTTP/1.1" 200 14209
217.113.194.219 - - [19/Jul/2024:00:29:21 +0200] "GET /ticket2/opencms/en/buy/?page=1&edid=1C2F60F9-81F4-AA62-7B86-999715633926 HTTP/1.1" 200 86964
135.181.74.243 - - [19/Jul/2024:00:29:23 +0200] "GET /ticket2/opencms/se/fi/buy/?page=1&edid=65E16DAE-FB3A-0D73-DEF4-C746943F02B1&sortorder=asc&column=section HTTP/1.1" 404 -
37.187.89.104 - - [19/Jul/2024:00:29:24 +0200] "GET /ticket2/opencms/no/buy/?page=1&edid=7E2D5EC6-9164-54E9-6E06-0987193E1AD1 HTTP/1.1" 200 87623
109.117.219.13 - - [19/Jul/2024:00:29:27 +0200] "GET /ticket2/opencms/it/buy?page=2&sodvid=66868da9-c63c-4496-816f-270b0a01000f HTTP/1.1" 200 100089
109.117.219.13 - - [19/Jul/2024:00:29:27 +0200] "GET /ticket2/opencms/system/modules/com.gridnine.opencms.ticketbrokerage.site/resources/css/ticketbrokerage.css HTTP/1.1" 200 39339
109.117.219.13 - - [19/Jul/2024:00:29:27 +0200] "GET /ticket2/opencms/system/modules/com.gridnine.opencms.ticketbrokerage.site/resources/css/calendar.css HTTP/1.1" 200 6871
109.117.219.13 - - [19/Jul/2024:00:29:27 +0200] "GET /ticket2/opencms/system/modules/com.gridnine.opencms.ticketbrokerage.site/resources/js/functions.js HTTP/1.1" 200 1583
109.117.219.13 - - [19/Jul/2024:00:29:27 +0200] "GET /ticket2/opencms/system/modules/com.gridnine.opencms.ticketbrokerage.site/resources/css/standard.css HTTP/1.1" 200 72814
109.117.219.13 - - [19/Jul/2024:00:29:27 +0200] "GET /ticket2/opencms/system/modules/com.gridnine.opencms.ticketbrokerage.site/resources/js/calendar-setup.js HTTP/1.1" 200 4923
109.117.219.13 - - [19/Jul/2024:00:29:27 +0200] "GET /ticket2/opencms/system/modules/com.gridnine.opencms.ticketbrokerage.site/resources/js/calendar-en.js HTTP/1.1" 200 3338
109.117.219.13 - - [19/Jul/2024:00:29:27 +0200] "GET /ticket2/opencms/system/modules/com.gridnine.opencms.ticketbrokerage.site/resources/js/calendar.js HTTP/1.1" 200 49229
109.117.219.13 - - [19/Jul/2024:00:29:27 +0200] "GET /ticket2/opencms/system/modules/com.gridnine.opencms.ticketbrokerage.site/resources/js/standard.js HTTP/1.1" 200 3978
54.36.149.20 - - [19/Jul/2024:00:29:28 +0200] "GET /ticket2/opencms/fi/venue/?venueid=8C3A154B-2F7E-FD19-F863-0D39CE53C467 HTTP/1.1" 200 72312
109.117.219.13 - - [19/Jul/2024:00:29:28 +0200] "GET /ticket2/opencms/system/modules/com.gridnine.opencms.ticketbrokerage.site/resources/css/images/ui-bg_flat_75_ffffff_40x100.png HTTP/1.1" 404 -
52.167.144.199 - - [19/Jul/2024:00:29:29 +0200] "GET /ticket2/opencms/fi/urheilu/jalkapallo/premier_league/newcastle-united/ HTTP/1.1" 200 85047
217.113.194.213 - - [19/Jul/2024:00:29:30 +0200] "GET /ticket2/opencms/en/buy/?page=1&edid=1C478580-39F3-86DC-8E36-CAB56950620B HTTP/1.1" 200 84576
40.77.167.67 - - [19/Jul/2024:00:29:31 +0200] "GET /ticket2/opencms/en/venue/?venueid=B8FCE929-249C-C67B-84CE-487EF2E25D2B HTTP/1.1" 200 70706
135.181.74.243 - - [19/Jul/2024:00:29:32 +0200] "GET /ticket2/opencms/se/fi/buy/?page=1&edid=661E24D1-5D15-51D2-AF68-58DA584DA6E1&sortorder=asc&column=price HTTP/1.1" 404 -
37.187.89.104 - - [19/Jul/2024:00:29:33 +0200] "GET /ticket2/opencms/no/buy/?page=1&edid=7E56DA23-44A2-FB1F-17B3-AA02DF3AF2E7 HTTP/1.1" 200 88695
217.113.194.217 - - [19/Jul/2024:00:29:38 +0200] "GET /ticket2/opencms/en/buy/?page=1&edid=C9574975-D17E-5798-7000-0666D2A53D54 HTTP/1.1" 200 84535
37.187.89.104 - - [19/Jul/2024:00:29:42 +0200] "GET /ticket2/opencms/no/buy/?page=1&edid=7E9AB165-1BAA-5369-C1B0-32A4E5979FAC&sortorder=desc&column=row HTTP/1.1" 200 87986
47.128.98.148 - - [19/Jul/2024:00:29:42 +0200] "GET /ticket2/opencms/no/ HTTP/1.1" 200 95258
216.244.66.238 - - [19/Jul/2024:00:29:42 +0200] "GET /ticket2/opencms/se/sv/sport/fotbollsbiljetter/english-championship/ HTTP/1.1" 404 -
135.181.74.243 - - [19/Jul/2024:00:29:43 +0200] "GET /ticket2/opencms/se/fi/buy/?page=1&edid=66421F7F-588E-5C63-F6C6-DAD22E369929&sortorder=asc&column=price HTTP/1.1" 404 -
47.128.98.148 - - [19/Jul/2024:00:29:43 +0200] "GET /ticket2/opencms/system/modules/com.gridnine.opencms.ticketbrokerage.site/resources/pics/logo-new.png HTTP/1.1" 200 13541
47.128.98.148 - - [19/Jul/2024:00:29:44 +0200] "GET /ticket2/opencms/system/modules/com.gridnine.opencms.ticketbrokerage.site/resources/pics/footer-img.png HTTP/1.1" 200 10350
47.128.97.0 - - [19/Jul/2024:00:29:45 +0200] "GET /ticket2/opencms/fi/buy/?edid=124AB9EA-9725-B2E8-695D-AFCA1BEC6302 HTTP/1.1" 200 72632
47.128.97.0 - - [19/Jul/2024:00:29:46 +0200] "GET /ticket2/opencms/system/modules/com.gridnine.opencms.ticketbrokerage.site/resources/pics/logo-new.png HTTP/1.1" 200 13541
217.113.194.212 - - [19/Jul/2024:00:29:47 +0200] "GET /ticket2/opencms/en/buy/?page=1&edid=39EC317C-A758-08A2-FD64-377524F36C54 HTTP/1.1" 200 87864
47.128.97.0 - - [19/Jul/2024:00:29:47 +0200] "GET /ticket2/opencms/system/modules/com.gridnine.opencms.ticketbrokerage.site/resources/pics/footer-img.png HTTP/1.1" 200 10350
66.249.79.7 - - [19/Jul/2024:00:29:48 +0200] "GET /ticket2/opencms/nl/buy/?page=1&edid=063774E2-DE1A-6A46-E97B-D379290B879E HTTP/1.1" 200 110385
37.187.89.104 - - [19/Jul/2024:00:29:51 +0200] "GET /ticket2/opencms/no/buy/?page=1&edid=7EB74AA3-3780-53BE-BD65-9E9E0BF77A26&sortorder=asc&column=row HTTP/1.1" 200 88543
54.36.148.215 - - [19/Jul/2024:00:29:51 +0200] "GET /ticket2/opencms/fi/buy/?page=1&edid=46ED3103-DE6B-A6DD-76D4-FB2A3432E453 HTTP/1.1" 200 111817
135.181.74.243 - - [19/Jul/2024:00:29:52 +0200] "GET /ticket2/opencms/se/fi/buy/?page=1&edid=66EA5353-0EED-D56D-04FB-B3F43B6CCED9&sortorder=asc&column=price HTTP/1.1" 404 -
109.117.219.13 - - [19/Jul/2024:00:29:52 +0200] "GET /ticket2/opencms/it/buy/?page=1&edid=BE9D8283-8353-3049-DA1C-50EC3CD6221D&hlv=66868df7-7f90-4649-9799-29320a01000f HTTP/1.1" 200 104113
109.117.219.13 - - [19/Jul/2024:00:29:53 +0200] "GET /ticket2/opencms/it/ask-form.html HTTP/1.1" 200 3156
217.113.194.221 - - [19/Jul/2024:00:29:55 +0200] "GET /ticket2/opencms/en/buy/?page=1&edid=39C47692-7D2B-10E6-B65D-6418919C1391 HTTP/1.1" 200 86105
217.113.194.217 - - [19/Jul/2024:00:30:03 +0200] "GET /ticket2/opencms/en/buy/?page=1&edid=699E3B74-E84A-34B1-07F3-15583241586E HTTP/1.1" 200 87185
37.187.89.104 - - [19/Jul/2024:00:30:05 +0200] "GET /ticket2/opencms/no/buy/?page=1&edid=7EC60143-B2D7-5A98-9FC2-8F446D229A88&sortorder=asc&column=row HTTP/1.1" 200 85942
135.181.74.243 - - [19/Jul/2024:00:30:05 +0200] "GET /ticket2/opencms/se/fi/buy/?page=1&edid=66EA5353-0EED-D56D-04FB-B3F43B6CCED9&sortorder=asc&column=row HTTP/1.1" 404 -
54.36.148.122 - - [19/Jul/2024:00:30:10 +0200] "GET /ticket2/opencms/fi/venue/?venueid=99F349EB-97D3-4327-F972-D173DD5F2DAA HTTP/1.1" 200 72237
154.54.249.216 - - [19/Jul/2024:00:30:12 +0200] "GET /ticket2/opencms/en/buy/?page=1&edid=1809FB9A-6B2D-D037-0281-0E8481114152 HTTP/1.1" 200 84568
135.181.74.243 - - [19/Jul/2024:00:30:12 +0200] "GET /ticket2/opencms/se/nl/buy/?page=1&edid=BF4F4F88-9C17-C70F-0807-28AAB5899F63&sortorder=asc&column=row HTTP/1.1" 404 -
109.117.219.13 - - [19/Jul/2024:00:30:14 +0200] "GET /ticket2/opencms/it/buy?page=2&sodvid=66868da9-2f04-4c38-95d9-270b0a01000f HTTP/1.1" 200 100089
109.117.219.13 - - [19/Jul/2024:00:30:15 +0200] "GET /ticket2/opencms/system/modules/com.gridnine.opencms.ticketbrokerage.site/resources/css/ticketbrokerage.css HTTP/1.1" 200 39339
109.117.219.13 - - [19/Jul/2024:00:30:15 +0200] "GET /ticket2/opencms/system/modules/com.gridnine.opencms.ticketbrokerage.site/resources/css/calendar.css HTTP/1.1" 200 6871
109.117.219.13 - - [19/Jul/2024:00:30:15 +0200] "GET /ticket2/opencms/system/modules/com.gridnine.opencms.ticketbrokerage.site/resources/css/standard.css HTTP/1.1" 200 72814
109.117.219.13 - - [19/Jul/2024:00:30:15 +0200] "GET /ticket2/opencms/system/modules/com.gridnine.opencms.ticketbrokerage.site/resources/js/functions.js HTTP/1.1" 200 1583
109.117.219.13 - - [19/Jul/2024:00:30:15 +0200] "GET /ticket2/opencms/system/modules/com.gridnine.opencms.ticketbrokerage.site/resources/js/calendar-en.js HTTP/1.1" 200 3338
109.117.219.13 - - [19/Jul/2024:00:30:15 +0200] "GET /ticket2/opencms/system/modules/com.gridnine.opencms.ticketbrokerage.site/resources/js/calendar.js HTTP/1.1" 200 49229
109.117.219.13 - - [19/Jul/2024:00:30:15 +0200] "GET /ticket2/opencms/system/modules/com.gridnine.opencms.ticketbrokerage.site/resources/js/calendar-setup.js HTTP/1.1" 200 4923
109.117.219.13 - - [19/Jul/2024:00:30:15 +0200] "GET /ticket2/opencms/system/modules/com.gridnine.opencms.ticketbrokerage.site/resources/js/standard.js HTTP/1.1" 200 3978
109.117.219.13 - - [19/Jul/2024:00:30:16 +0200] "GET /ticket2/opencms/system/modules/com.gridnine.opencms.ticketbrokerage.site/resources/css/images/ui-bg_flat_75_ffffff_40x100.png HTTP/1.1" 404 -
135.181.74.243 - - [19/Jul/2024:00:30:19 +0200] "GET /ticket2/opencms/se/nl/buy/?page=1&edid=C07320BB-F54C-AAC6-833F-32CB39CA6CBF&sortorder=desc&column=price HTTP/1.1" 404 -
217.113.194.213 - - [19/Jul/2024:00:30:20 +0200] "GET /ticket2/opencms/en/buy/?page=1&edid=47F8CDD4-9C92-945D-2179-85E755939116 HTTP/1.1" 200 86122
37.187.89.104 - - [19/Jul/2024:00:30:23 +0200] "GET /ticket2/opencms/no/buy/?page=1&edid=7EDF1BEF-5D50-8727-2707-09268639FF35&sortorder=asc&column=price HTTP/1.1" 200 85937
135.181.74.243 - - [19/Jul/2024:00:30:23 +0200] "GET /ticket2/opencms/se/nl/buy/?page=1&edid=C0D82C9A-4CD9-2338-40C4-AB887D06BE6F&sortorder=desc&column=row HTTP/1.1" 404 -
47.128.60.222 - - [19/Jul/2024:00:30:23 +0200] "GET /ticket2/opencms/no/buy/?catid=AE3FE643-AE41-BAA6-237D-5206D1B044A1&comcatid=A17713B6-D984-201A-4143-ED4DB5ED5C2E&page=6 HTTP/1.1" 200 82987
47.128.60.222 - - [19/Jul/2024:00:30:24 +0200] "GET /ticket2/opencms/system/modules/com.gridnine.opencms.ticketbrokerage.site/resources/pics/logo-new.png HTTP/1.1" 200 13541
47.128.60.222 - - [19/Jul/2024:00:30:25 +0200] "GET /ticket2/opencms/system/modules/com.gridnine.opencms.ticketbrokerage.site/resources/pics/footer-img.png HTTP/1.1" 200 10350
217.113.194.214 - - [19/Jul/2024:00:30:28 +0200] "GET /ticket2/opencms/en/buy/?page=1&edid=219AE79C-6EBE-5673-1927-EBB79F47B995 HTTP/1.1" 200 84539
207.46.13.54 - - [19/Jul/2024:00:30:29 +0200] "GET /ticket2/opencms/en/venue/?countryid=52C47DB4-FAB4-2851-C1B4-C8688282983C HTTP/1.1" 200 100101
54.36.148.242 - - [19/Jul/2024:00:30:30 +0200] "GET /ticket2/opencms/fi/buy/?page=1&edid=A2A8955F-0E7C-C876-91D5-2F1597674CD1 HTTP/1.1" 200 86371
135.181.74.243 - - [19/Jul/2024:00:30:31 +0200] "GET /ticket2/opencms/se/nl/buy/?page=1&edid=C0D82C9A-4CD9-2338-40C4-AB887D06BE6F&sortorder=desc&column=section HTTP/1.1" 404 -
47.128.16.9 - - [19/Jul/2024:00:30:31 +0200] "GET /ticket2/opencms/sv/about/press HTTP/1.1" 200 73150
47.128.16.9 - - [19/Jul/2024:00:30:32 +0200] "GET /ticket2/opencms/system/modules/com.gridnine.opencms.ticketbrokerage.site/resources/pics/logo-new.png HTTP/1.1" 200 13541
52.167.144.176 - - [19/Jul/2024:00:30:32 +0200] "GET /ticket2/opencms/en/venue/?venueid=9E6547A9-8704-3972-CB65-0FC9EBB9343F HTTP/1.1" 200 70739
47.128.16.9 - - [19/Jul/2024:00:30:33 +0200] "GET /ticket2/opencms/system/modules/com.gridnine.opencms.ticketbrokerage.site/resources/pics/banners/Om_Ticket2.jpg HTTP/1.1" 200 22578
47.128.16.9 - - [19/Jul/2024:00:30:33 +0200] "GET /ticket2/opencms/system/modules/com.gridnine.opencms.ticketbrokerage.site/resources/pics/footer-img.png HTTP/1.1" 200 10350
109.117.219.13 - - [19/Jul/2024:00:30:33 +0200] "GET /ticket2/opencms/it/buy/?page=1&edid=BE9D8283-8353-3049-DA1C-50EC3CD6221D&hlv=66868df7-7f90-4649-9799-29320a01000f HTTP/1.1" 200 104113
109.117.219.13 - - [19/Jul/2024:00:30:34 +0200] "GET /ticket2/opencms/it/ask-form.html HTTP/1.1" 200 3156
40.77.167.43 - - [19/Jul/2024:00:30:35 +0200] "GET /ticket2/opencms/sv/venue/?venueid=E52A829F-C2AE-A6F9-C68D-2247D565A11F HTTP/1.1" 200 71636
37.187.89.104 - - [19/Jul/2024:00:30:36 +0200] "GET /ticket2/opencms/no/buy/?page=1&edid=7EDF1BEF-5D50-8727-2707-09268639FF35&sortorder=asc&column=section HTTP/1.1" 200 85937
217.113.194.218 - - [19/Jul/2024:00:30:37 +0200] "GET /ticket2/opencms/en/buy/?page=1&edid=1225FE11-2668-52FD-3819-4A1F490A9FFE HTTP/1.1" 200 87739
135.181.74.243 - - [19/Jul/2024:00:30:39 +0200] "GET /ticket2/opencms/se/nl/buy/?page=1&edid=C0FFA6FD-32FA-9A10-CB6E-3A2F4E87A6FA&sortorder=asc&column=row HTTP/1.1" 404 -
216.244.66.238 - - [19/Jul/2024:00:30:44 +0200] "GET /ticket2/opencms/dk/no/sport/fotballsbilletter/la_liga/girona/ HTTP/1.1" 404 -
37.187.89.104 - - [19/Jul/2024:00:30:45 +0200] "GET /ticket2/opencms/no/buy/?page=1&edid=7EFDE0C1-F2B0-9ADE-B929-783FCCAA4D1D&sortorder=asc&column=row HTTP/1.1" 200 88523
154.54.249.216 - - [19/Jul/2024:00:30:45 +0200] "GET /ticket2/opencms/en/buy/?page=1&edid=5E01559A-B770-7724-E607-614A97AA8216 HTTP/1.1" 200 86940
216.244.66.238 - - [19/Jul/2024:00:30:47 +0200] "GET /ticket2/opencms/se/dk/sport/fodboldbilletter/bundesliga/bayern_munchen/ HTTP/1.1" 404 -
135.181.74.243 - - [19/Jul/2024:00:30:47 +0200] "GET /ticket2/opencms/se/nl/buy/?page=1&edid=C11DE3CA-0E71-859F-288C-EDF79380210E&sortorder=asc&column=row HTTP/1.1" 404 -
47.128.22.164 - - [19/Jul/2024:00:30:49 +0200] "GET /ticket2/opencms/fr/magazine/article?title=joueurs-de-football-suedois-en-premier-league HTTP/1.1" 200 81274
216.244.66.238 - - [19/Jul/2024:00:30:50 +0200] "GET /ticket2/opencms/se/nl/sport/voetbal-tickets/la_liga/racing-santander/ HTTP/1.1" 404 -
47.128.22.164 - - [19/Jul/2024:00:30:50 +0200] "GET /ticket2/opencms/system/modules/com.gridnine.opencms.ticketbrokerage.site/resources/pics/logo-new.png HTTP/1.1" 200 13541
47.128.22.164 - - [19/Jul/2024:00:30:50 +0200] "GET /ticket2/opencms/system/modules/com.gridnine.opencms.ticketbrokerage.site/resources/pics/footer-img.png HTTP/1.1" 200 10350
54.36.148.176 - - [19/Jul/2024:00:30:54 +0200] "GET /ticket2/opencms/fi/venue/?venueid=20FA0356-D2D0-49A9-1796-20DAE44C0F81 HTTP/1.1" 200 72270
217.113.194.214 - - [19/Jul/2024:00:30:54 +0200] "GET /ticket2/opencms/en/buy/?page=1&edid=7908768E-BD78-FEAD-BA10-21915FE3AEEC HTTP/1.1" 200 84550
37.187.89.104 - - [19/Jul/2024:00:30:55 +0200] "GET /ticket2/opencms/no/buy/?page=1&edid=7EFDE0C1-F2B0-9ADE-B929-783FCCAA4D1D&sortorder=asc&column=section HTTP/1.1" 200 88523
135.181.74.243 - - [19/Jul/2024:00:30:56 +0200] "GET /ticket2/opencms/se/nl/buy/?page=1&edid=C11DE3CA-0E71-859F-288C-EDF79380210E&sortorder=asc&column=section HTTP/1.1" 404 -
37.187.89.104 - - [19/Jul/2024:00:31:02 +0200] "GET /ticket2/opencms/no/buy/?page=1&edid=7F28348B-69FB-2132-341A-600FD197AF0A&sortorder=asc&column=row HTTP/1.1" 200 87493
217.113.194.213 - - [19/Jul/2024:00:31:03 +0200] "GET /ticket2/opencms/en/buy/?page=1&edid=926A6196-1B0E-3EB3-4076-F89D6522A501 HTTP/1.1" 200 87624
135.181.74.243 - - [19/Jul/2024:00:31:04 +0200] "GET /ticket2/opencms/se/nl/buy/?page=1&edid=1702263D-D572-F8BF-DE0E-23917DE6133F&sortorder=asc&column=price HTTP/1.1" 404 -
37.187.89.104 - - [19/Jul/2024:00:31:11 +0200] "GET /ticket2/opencms/no/buy/?page=1&edid=7F3E99B9-F971-F458-62C7-3FE184FDC47B&sortorder=desc&column=row HTTP/1.1" 200 89190
217.113.194.213 - - [19/Jul/2024:00:31:11 +0200] "GET /ticket2/opencms/en/buy/?page=1&edid=26128587-E741-EC80-2371-BDADD3568348 HTTP/1.1" 200 84573
149.202.65.189 - - [19/Jul/2024:00:31:13 +0200] "GET /ticket2/opencms/dk/buy/?page=1&edid=B7653BD0-33A8-8039-42B6-78FA5A3DEC82&sortorder=asc&column=price HTTP/1.1" 200 88235
135.181.74.243 - - [19/Jul/2024:00:31:13 +0200] "GET /ticket2/opencms/se/nl/buy/?page=1&edid=1702263D-D572-F8BF-DE0E-23917DE6133F&sortorder=asc&column=row HTTP/1.1" 404 -
47.128.21.209 - - [19/Jul/2024:00:31:15 +0200] "GET /ticket2/opencms/no/buy/?catid=AE3FE643-AE41-BAA6-237D-5206D1B044A1&comcatid=A17713B6-D984-201A-4143-ED4DB5ED5C2E HTTP/1.1" 200 82458
47.128.21.209 - - [19/Jul/2024:00:31:16 +0200] "GET /ticket2/opencms/system/modules/com.gridnine.opencms.ticketbrokerage.site/resources/pics/logo-new.png HTTP/1.1" 200 13541
47.128.21.209 - - [19/Jul/2024:00:31:17 +0200] "GET /ticket2/opencms/system/modules/com.gridnine.opencms.ticketbrokerage.site/resources/pics/footer-img.png HTTP/1.1" 200 10350
54.36.148.91 - - [19/Jul/2024:00:31:17 +0200] "GET /ticket2/opencms/fi/venue/?venueid=F7FD6FDC-72F2-5418-A11B-4CEA23D9F9E7 HTTP/1.1" 200 72366
149.202.65.189 - - [19/Jul/2024:00:31:17 +0200] "GET /ticket2/opencms/dk/buy/?page=1&edid=F200B65F-8C67-A9E3-E084-BE71F9119C17&sortorder=asc&column=price HTTP/1.1" 200 87549
217.113.194.213 - - [19/Jul/2024:00:31:20 +0200] "GET /ticket2/opencms/en/buy/?page=1&edid=39083131-8632-F8DF-B271-1D574322B64F HTTP/1.1" 200 84552
149.202.65.189 - - [19/Jul/2024:00:31:21 +0200] "GET /ticket2/opencms/dk/login/?edid=7B816A97-DFDD-2578-676B-C4ACFBE4425C HTTP/1.1" 200 73346
114.119.130.248 - - [19/Jul/2024:00:31:21 +0200] "GET /ticket2/opencms/en/buy/?page=1&edid=2EE507F3-808B-9FC3-0AF8-CB6905B06BBA HTTP/1.1" 200 86941
37.187.89.104 - - [19/Jul/2024:00:31:22 +0200] "GET /ticket2/opencms/no/buy/?page=1&edid=80921F64-47FC-3ACE-1B5F-30A7D074EB2E&sortorder=asc&column=price HTTP/1.1" 200 87428
135.181.74.243 - - [19/Jul/2024:00:31:23 +0200] "GET /ticket2/opencms/se/nl/buy/?page=1&edid=1702263D-D572-F8BF-DE0E-23917DE6133F&sortorder=asc&column=section HTTP/1.1" 404 -
149.202.65.189 - - [19/Jul/2024:00:31:25 +0200] "GET /ticket2/opencms/dk/login/?edid=80EE9861-CE07-B7DE-A3DB-A6E5C8995BA8 HTTP/1.1" 200 73346
47.128.122.85 - - [19/Jul/2024:00:31:25 +0200] "GET /ticket2/opencms/sv/magazine/article?title=villa-park-med-en-kapacitet-pa-over-42000-askadare HTTP/1.1" 200 76629
47.128.122.85 - - [19/Jul/2024:00:31:26 +0200] "GET /ticket2/opencms/system/modules/com.gridnine.opencms.ticketbrokerage.site/resources/css/standard.css HTTP/1.1" 200 72814
47.128.122.85 - - [19/Jul/2024:00:31:26 +0200] "GET /ticket2/opencms/system/modules/com.gridnine.opencms.ticketbrokerage.site/resources/js/jquery/jquery.js HTTP/1.1" 200 93868
47.128.122.85 - - [19/Jul/2024:00:31:27 +0200] "GET /ticket2/opencms/system/modules/com.gridnine.opencms.ticketbrokerage.site/resources/pics/logo-new.png HTTP/1.1" 200 13541
47.128.122.85 - - [19/Jul/2024:00:31:27 +0200] "GET /ticket2/opencms/system/modules/com.gridnine.opencms.ticketbrokerage.site/resources/pics/footer-img.png HTTP/1.1" 200 10350
217.113.194.213 - - [19/Jul/2024:00:31:28 +0200] "GET /ticket2/opencms/en/buy/?page=1&edid=73051667-E602-2484-4334-CACF11D5B0AA HTTP/1.1" 200 84554
149.202.65.189 - - [19/Jul/2024:00:31:28 +0200] "GET /ticket2/opencms/dk/login/?edid=8E57ADB5-FD60-6D77-3B65-4D1A45F76D57 HTTP/1.1" 200 73346
37.187.89.104 - - [19/Jul/2024:00:31:31 +0200] "GET /ticket2/opencms/no/buy/?page=1&edid=80921F64-47FC-3ACE-1B5F-30A7D074EB2E&sortorder=asc&column=section HTTP/1.1" 200 87428
149.202.65.189 - - [19/Jul/2024:00:31:32 +0200] "GET /ticket2/opencms/dk/login/?edid=F304E181-E936-71FB-E213-CFCB44032C9B HTTP/1.1" 200 73346
135.181.74.243 - - [19/Jul/2024:00:31:33 +0200] "GET /ticket2/opencms/se/nl/buy/?page=1&edid=197FC2D3-DD51-5963-00AB-841E5325644D&sortorder=asc&column=row HTTP/1.1" 404 -
40.77.167.43 - - [19/Jul/2024:00:31:33 +0200] "GET /ticket2/opencms/dk/buy/?page=1&edid=26B5B341-FB40-FF92-A06B-966F91DC0894 HTTP/1.1" 200 85110
149.202.65.189 - - [19/Jul/2024:00:31:34 +0200] "GET /ticket2/opencms/en/buy/?page=1&edid=0B1DFE74-E96C-992F-F64C-5709A1D86A1D HTTP/1.1" 200 87184
149.202.65.189 - - [19/Jul/2024:00:31:36 +0200] "GET /ticket2/opencms/en/buy/?page=1&edid=0C1D84D7-FCB4-0CDE-C644-8BE1761108BF&sortorder=asc&column=section HTTP/1.1" 200 87214
217.113.194.218 - - [19/Jul/2024:00:31:36 +0200] "GET /ticket2/opencms/en/buy/?page=1&edid=50974855-16B8-A11C-006C-26C8896CE55F HTTP/1.1" 200 84591
47.128.43.186 - - [19/Jul/2024:00:31:37 +0200] "GET /ticket2/opencms/fi/buy/?catid=D8B345C9-F7A5-E620-4B43-C34EB0D6885B&comcatid=A17713B6-D984-201A-4143-ED4DB5ED5C2E&eventid=78C3F1E5-57D5-CC4D-BCB3-A455C72D9505&page=7 HTTP/1.1" 200 98160
47.128.43.186 - - [19/Jul/2024:00:31:38 +0200] "GET /ticket2/opencms/system/modules/com.gridnine.opencms.ticketbrokerage.site/resources/pics/logo-new.png HTTP/1.1" 200 13541
47.128.43.186 - - [19/Jul/2024:00:31:38 +0200] "GET /ticket2/opencms/system/modules/com.gridnine.opencms.ticketbrokerage.site/resources/pics/footer-img.png HTTP/1.1" 200 10350
149.202.65.189 - - [19/Jul/2024:00:31:39 +0200] "GET /ticket2/opencms/en/buy/?page=1&edid=7F0ECB6A-15F2-EC93-88B3-6C4F49E44CFE&sortorder=desc&column=price HTTP/1.1" 200 87403
37.187.89.104 - - [19/Jul/2024:00:31:41 +0200] "GET /ticket2/opencms/no/buy/?page=1&edid=80921F64-47FC-3ACE-1B5F-30A7D074EB2E&sortorder=desc&column=price HTTP/1.1" 200 87427
54.36.148.146 - - [19/Jul/2024:00:31:42 +0200] "GET /ticket2/opencms/dk/venue/?venueid=C79DDB7B-2402-2CE0-0C28-4601203762A8 HTTP/1.1" 200 71187
135.181.74.243 - - [19/Jul/2024:00:31:42 +0200] "GET /ticket2/opencms/se/nl/buy/?page=1&edid=197FC2D3-DD51-5963-00AB-841E5325644D&sortorder=asc&column=section HTTP/1.1" 404 -
149.202.65.189 - - [19/Jul/2024:00:31:42 +0200] "GET /ticket2/opencms/en/buy/?page=1&edid=7FC2BA4A-B0EC-4788-E7A6-5EF2C3316160&sortorder=desc&column=price HTTP/1.1" 200 86797
217.113.194.220 - - [19/Jul/2024:00:31:45 +0200] "GET /ticket2/opencms/en/buy/?page=1&edid=4753BC1A-7D66-1222-628B-80D696548188 HTTP/1.1" 200 86323
149.202.65.189 - - [19/Jul/2024:00:31:47 +0200] "GET /ticket2/opencms/en/buy/?page=1&edid=06C670DB-A8D1-B9FA-3FE6-95D8F01937B4 HTTP/1.1" 200 87184
109.117.219.13 - - [19/Jul/2024:00:31:47 +0200] "GET /ticket2/opencms/it/buy/?page=1&edid=BE9D8283-8353-3049-DA1C-50EC3CD6221D&hlv=66868df7-7f90-4649-9799-29320a01000f HTTP/1.1" 200 104113
37.187.89.104 - - [19/Jul/2024:00:31:50 +0200] "GET /ticket2/opencms/no/buy/?page=1&edid=80921F64-47FC-3ACE-1B5F-30A7D074EB2E&sortorder=desc&column=row HTTP/1.1" 200 87427
149.202.65.189 - - [19/Jul/2024:00:31:51 +0200] "GET /ticket2/opencms/en/buy/?page=1&edid=06C670DB-A8D1-B9FA-3FE6-95D8F01937B4&sortorder=desc&column=row HTTP/1.1" 200 87219
135.181.74.243 - - [19/Jul/2024:00:31:51 +0200] "GET /ticket2/opencms/se/nl/buy/?page=1&edid=1E335627-D7FD-734F-B689-58C4BF9CE161&sortorder=asc&column=section HTTP/1.1" 404 -
217.113.194.216 - - [19/Jul/2024:00:31:53 +0200] "GET /ticket2/opencms/en/buy/?page=1&edid=30818A5F-1681-939E-0B10-926ABBA13517 HTTP/1.1" 200 87194
66.249.79.232 - - [19/Jul/2024:00:31:54 +0200] "GET /ticket2/opencms/no/venue/?venueid=16474DED-C73B-9225-4DF6-CFFA47228848 HTTP/1.1" 200 71967
40.77.167.52 - - [19/Jul/2024:00:31:55 +0200] "GET /ticket2/opencms/en/buy/?page=1&edid=2320C2D3-9D35-20EF-A582-07094703BF31 HTTP/1.1" 200 107833
149.202.65.189 - - [19/Jul/2024:00:31:55 +0200] "GET /ticket2/opencms/en/buy/?page=1&edid=06C670DB-A8D1-B9FA-3FE6-95D8F01937B4&sortorder=desc&column=section HTTP/1.1" 200 87219
66.249.76.2 - - [19/Jul/2024:00:31:56 +0200] "GET /ticket2/opencms/de/magazine/ HTTP/1.1" 200 112911
40.77.167.235 - - [19/Jul/2024:00:31:57 +0200] "GET /ticket2/opencms/nl/buy/?page=1&edid=34E20B61-76E4-1B1F-1E0B-8486E60BBF5B HTTP/1.1" 200 90228
135.181.74.243 - - [19/Jul/2024:00:31:58 +0200] "GET /ticket2/opencms/se/nl/buy/?page=1&edid=23D7FD2C-27AD-2624-2564-DE4AA8FD53DE&sortorder=asc&column=row HTTP/1.1" 404 -
149.202.65.189 - - [19/Jul/2024:00:31:59 +0200] "GET /ticket2/opencms/en/buy/?page=1&edid=09E571EC-120C-E8EB-472E-6080192EF884&sortorder=asc&column=row HTTP/1.1" 200 87865
217.113.194.221 - - [19/Jul/2024:00:32:01 +0200] "GET /ticket2/opencms/en/buy/?page=1&edid=461BF5DE-D197-0535-AD1D-670247DE9844 HTTP/1.1" 200 84551
37.187.89.104 - - [19/Jul/2024:00:32:02 +0200] "GET /ticket2/opencms/no/buy/?page=1&edid=80921F64-47FC-3ACE-1B5F-30A7D074EB2E&sortorder=desc&column=section HTTP/1.1" 200 87427
149.202.65.189 - - [19/Jul/2024:00:32:03 +0200] "GET /ticket2/opencms/en/buy/?page=1&edid=0B96E2DD-25FC-BCDF-58F0-8F3CC908DB91&sortorder=desc&column=row HTTP/1.1" 200 84580
47.128.98.122 - - [19/Jul/2024:00:32:03 +0200] "GET /ticket2/opencms/fi/buy/?comcatid=A17713B6-D984-201A-4143-ED4DB5ED5C2E&catid=D8B345C9-F7A5-E620-4B43-C34EB0D6885B HTTP/1.1" 200 218881
47.128.31.83 - - [19/Jul/2024:00:32:03 +0200] "GET /ticket2/opencms/no/buy/?edid=78152FF4-AB9B-7692-C7C0-273AF3BC66BC HTTP/1.1" 200 72276
54.36.148.229 - - [19/Jul/2024:00:32:04 +0200] "GET /ticket2/opencms/fi/buy/?page=1&edid=4E3FD371-418F-2707-0FE4-F6E7006C81F9 HTTP/1.1" 200 86373
47.128.98.122 - - [19/Jul/2024:00:32:04 +0200] "GET /ticket2/opencms/system/modules/com.gridnine.opencms.ticketbrokerage.site/resources/pics/logo-new.png HTTP/1.1" 200 13541
47.128.31.83 - - [19/Jul/2024:00:32:04 +0200] "GET /ticket2/opencms/system/modules/com.gridnine.opencms.ticketbrokerage.site/resources/pics/logo-new.png HTTP/1.1" 200 13541
47.128.98.122 - - [19/Jul/2024:00:32:04 +0200] "GET /ticket2/opencms/system/modules/com.gridnine.opencms.ticketbrokerage.site/resources/pics/footer-img.png HTTP/1.1" 200 10350
47.128.31.83 - - [19/Jul/2024:00:32:04 +0200] "GET /ticket2/opencms/system/modules/com.gridnine.opencms.ticketbrokerage.site/resources/pics/footer-img.png HTTP/1.1" 200 10350
114.119.137.43 - - [19/Jul/2024:00:32:05 +0200] "GET /ticket2/opencms/en/venue/?countryid=8AB3059A-CDC7-3AC2-BF58-176BA47DA764 HTTP/1.1" 200 115530
135.181.74.243 - - [19/Jul/2024:00:32:06 +0200] "GET /ticket2/opencms/se/nl/buy/?page=1&edid=23F0F026-6FB2-933B-FBB7-AB314482896C&sortorder=desc&column=row HTTP/1.1" 404 -
149.202.65.189 - - [19/Jul/2024:00:32:07 +0200] "GET /ticket2/opencms/en/buy/?page=1&edid=0B9C9611-7234-C267-7CAE-EF320FD80690&sortorder=desc&column=row HTTP/1.1" 200 86102
217.113.194.213 - - [19/Jul/2024:00:32:10 +0200] "GET /ticket2/opencms/en/buy/?page=1&edid=40205822-1196-F3B5-422C-BF24DA11B75E HTTP/1.1" 200 86125
149.202.65.189 - - [19/Jul/2024:00:32:10 +0200] "GET /ticket2/opencms/en/buy/?page=1&edid=0B9C9611-7234-C267-7CAE-EF320FD80690&sortorder=desc&column=section HTTP/1.1" 200 86102
149.202.65.189 - - [19/Jul/2024:00:32:15 +0200] "GET /ticket2/opencms/en/buy/?page=1&edid=0BDDE4B9-AAB0-03E7-CA27-8EE4DAC570B1 HTTP/1.1" 200 84579
135.181.74.243 - - [19/Jul/2024:00:32:15 +0200] "GET /ticket2/opencms/se/nl/buy/?page=1&edid=23F0F026-6FB2-933B-FBB7-AB314482896C&sortorder=desc&column=section HTTP/1.1" 404 -
52.214.184.97 - - [19/Jul/2024:00:32:15 +0200] "GET /ticket2/opencms/ HTTP/1.1" 302 -
158.220.123.226 - - [19/Jul/2024:00:32:16 +0200] "GET /ticket2/opencms/se/ru/buy/?page=1&edid=F2FE555C-AC27-5AA8-8120-C9C64D18709B&sortorder=asc&column=row HTTP/1.1" 404 -
47.128.39.228 - - [19/Jul/2024:00:32:17 +0200] "GET /ticket2/opencms/de/magazine/article?title=die-zukunft-der-technologie-im-fussball HTTP/1.1" 200 76745
37.187.89.104 - - [19/Jul/2024:00:32:17 +0200] "GET /ticket2/opencms/no/buy/?page=1&edid=810B6533-981A-01A9-9FFA-4E176258122F&sortorder=asc&column=price HTTP/1.1" 200 88309
47.128.39.228 - - [19/Jul/2024:00:32:18 +0200] "GET /ticket2/opencms/system/modules/com.gridnine.opencms.ticketbrokerage.site/resources/pics/logo-new.png HTTP/1.1" 200 13541
47.128.39.228 - - [19/Jul/2024:00:32:18 +0200] "GET /ticket2/opencms/system/modules/com.gridnine.opencms.ticketbrokerage.site/resources/pics/footer-img.png HTTP/1.1" 200 10350
52.214.184.97 - - [19/Jul/2024:00:32:18 +0200] "GET /ticket2/opencms/en/ HTTP/1.1" 200 94039
149.202.65.189 - - [19/Jul/2024:00:32:19 +0200] "GET /ticket2/opencms/en/buy/?page=1&edid=0BDDE4B9-AAB0-03E7-CA27-8EE4DAC570B1&sortorder=asc&column=section HTTP/1.1" 200 84615
135.181.74.243 - - [19/Jul/2024:00:32:22 +0200] "GET /ticket2/opencms/se/nl/buy/?page=1&edid=2575916B-6579-ECDB-CD33-6F8E4E970260&sortorder=asc&column=price HTTP/1.1" 404 -
149.202.65.189 - - [19/Jul/2024:00:32:23 +0200] "GET /ticket2/opencms/en/buy/?page=1&edid=0C1D84D7-FCB4-0CDE-C644-8BE1761108BF&sortorder=asc&column=price HTTP/1.1" 200 87214
54.36.148.200 - - [19/Jul/2024:00:32:26 +0200] "GET /ticket2/opencms/sv/venue/?venueid=8A3E15E6-9EA2-1FB9-3117-432C267C960A HTTP/1.1" 200 71537
149.202.65.189 - - [19/Jul/2024:00:32:27 +0200] "GET /ticket2/opencms/en/buy/?page=1&edid=0C1D84D7-FCB4-0CDE-C644-8BE1761108BF&sortorder=asc&column=row HTTP/1.1" 200 87214
217.113.194.215 - - [19/Jul/2024:00:32:27 +0200] "GET /ticket2/opencms/no/buy/?page=6&comcatid=66708183-7480-3365-06BF-DBF60280AB45 HTTP/1.1" 200 73859
37.187.89.104 - - [19/Jul/2024:00:32:28 +0200] "GET /ticket2/opencms/no/buy/?page=1&edid=810B6533-981A-01A9-9FFA-4E176258122F&sortorder=asc&column=section HTTP/1.1" 200 88309
47.128.49.232 - - [19/Jul/2024:00:32:30 +0200] "GET /ticket2/opencms/fi/buy/?comcatid=A17713B6-D984-201A-4143-ED4DB5ED5C2E&catid=7ACC33AD-EE7E-AAA7-9050-0F4587759B87 HTTP/1.1" 200 82823
47.128.49.232 - - [19/Jul/2024:00:32:31 +0200] "GET /ticket2/opencms/system/modules/com.gridnine.opencms.ticketbrokerage.site/resources/pics/logo-new.png HTTP/1.1" 200 13541
47.128.49.232 - - [19/Jul/2024:00:32:31 +0200] "GET /ticket2/opencms/system/modules/com.gridnine.opencms.ticketbrokerage.site/resources/pics/footer-img.png HTTP/1.1" 200 10350
135.181.74.243 - - [19/Jul/2024:00:32:31 +0200] "GET /ticket2/opencms/se/nl/buy/?page=1&edid=2575916B-6579-ECDB-CD33-6F8E4E970260&sortorder=asc&column=row HTTP/1.1" 404 -
149.202.65.189 - - [19/Jul/2024:00:32:31 +0200] "GET /ticket2/opencms/en/buy/?page=1&edid=0C1D84D7-FCB4-0CDE-C644-8BE1761108BF&sortorder=asc&column=section HTTP/1.1" 200 87214
149.202.65.189 - - [19/Jul/2024:00:32:36 +0200] "GET /ticket2/opencms/en/buy/?page=1&edid=0C28B946-89B1-3A13-3265-4F6F9906ECC1&sortorder=asc&column=price HTTP/1.1" 200 87686
154.54.249.216 - - [19/Jul/2024:00:32:36 +0200] "GET /ticket2/opencms/no/buy/?page=1&edid=9C14EF84-079A-4773-8105-DA00B5765C23 HTTP/1.1" 200 85901
37.187.89.104 - - [19/Jul/2024:00:32:39 +0200] "GET /ticket2/opencms/no/buy/?page=1&edid=81817D53-8529-171B-1834-A4DFAF1D5D05 HTTP/1.1" 200 88512
135.181.74.243 - - [19/Jul/2024:00:32:39 +0200] "GET /ticket2/opencms/se/nl/buy/?page=1&edid=29CAFDEB-DE6B-CF88-55F0-07F3EC9F3E8C&sortorder=asc&column=price HTTP/1.1" 404 -
149.202.65.189 - - [19/Jul/2024:00:32:40 +0200] "GET /ticket2/opencms/en/buy/?page=1&edid=0C28B946-89B1-3A13-3265-4F6F9906ECC1&sortorder=asc&column=section HTTP/1.1" 200 87686
85.230.100.42 - - [19/Jul/2024:00:32:42 +0200] "GET /ticket2/opencms/sv/sport/fotbollsbiljetter/premier_league/manchester_united/?gad_source=1&gclid=CjwKCAjwtNi0BhA1EiwAWZaANCh6vlPbXZaz7yppzjLIbol-WrPehFoqkselpC9wiP59OeBchhTeMxoCSR4QAvD_BwE HTTP/1.1" 200 87190
85.230.100.42 - - [19/Jul/2024:00:32:42 +0200] "GET /ticket2/opencms/system/modules/com.gridnine.opencms.ticketbrokerage.site/resources/css/ticketbrokerage.css HTTP/1.1" 200 39339
85.230.100.42 - - [19/Jul/2024:00:32:42 +0200] "GET /ticket2/opencms/system/modules/com.gridnine.opencms.ticketbrokerage.site/resources/js/jquery/jquery-ui.js HTTP/1.1" 200 228088
85.230.100.42 - - [19/Jul/2024:00:32:42 +0200] "GET /ticket2/opencms/system/modules/com.gridnine.opencms.ticketbrokerage.site/resources/js/functions.js HTTP/1.1" 200 1583
85.230.100.42 - - [19/Jul/2024:00:32:42 +0200] "GET /ticket2/opencms/system/modules/com.gridnine.opencms.ticketbrokerage.site/resources/css/calendar.css HTTP/1.1" 200 6871
85.230.100.42 - - [19/Jul/2024:00:32:42 +0200] "GET /ticket2/opencms/system/modules/com.gridnine.opencms.ticketbrokerage.site/resources/js/jquery/jquery.js HTTP/1.1" 200 93868
85.230.100.42 - - [19/Jul/2024:00:32:42 +0200] "GET /ticket2/opencms/system/modules/com.gridnine.opencms.ticketbrokerage.site/resources/css/jquery-ui.css HTTP/1.1" 200 33221
85.230.100.42 - - [19/Jul/2024:00:32:42 +0200] "GET /ticket2/opencms/system/modules/com.gridnine.opencms.ticketbrokerage.site/resources/css/standard.css HTTP/1.1" 200 72814
85.230.100.42 - - [19/Jul/2024:00:32:42 +0200] "GET /ticket2/opencms/system/modules/com.gridnine.opencms.ticketbrokerage.site/resources/css/jquery.fancybox.css HTTP/1.1" 200 4939
85.230.100.42 - - [19/Jul/2024:00:32:42 +0200] "GET /ticket2/opencms/system/modules/com.gridnine.opencms.ticketbrokerage.site/resources/js/calendar.js HTTP/1.1" 200 49229
85.230.100.42 - - [19/Jul/2024:00:32:42 +0200] "GET /ticket2/opencms/system/modules/com.gridnine.opencms.ticketbrokerage.site/resources/js/calendar-en.js HTTP/1.1" 200 3338
85.230.100.42 - - [19/Jul/2024:00:32:42 +0200] "GET /ticket2/opencms/system/modules/com.gridnine.opencms.ticketbrokerage.site/resources/js/stickyfill.min.js HTTP/1.1" 200 5672
85.230.100.42 - - [19/Jul/2024:00:32:42 +0200] "GET /ticket2/opencms/system/modules/com.gridnine.opencms.ticketbrokerage.site/resources/js/jquery.fancybox.pack.js HTTP/1.1" 200 23187
85.230.100.42 - - [19/Jul/2024:00:32:42 +0200] "GET /ticket2/opencms/system/modules/com.gridnine.opencms.ticketbrokerage.site/resources/js/calendar-setup.js HTTP/1.1" 200 4923
85.230.100.42 - - [19/Jul/2024:00:32:42 +0200] "GET /ticket2/opencms/system/modules/com.gridnine.opencms.ticketbrokerage.site/resources/js/standard.js HTTP/1.1" 200 3978
85.230.100.42 - - [19/Jul/2024:00:32:42 +0200] "GET /ticket2/opencms/system/modules/com.gridnine.opencms.ticketbrokerage.site/resources/js/common-ajax.js HTTP/1.1" 200 20175
85.230.100.42 - - [19/Jul/2024:00:32:42 +0200] "GET /ticket2/opencms/system/modules/com.gridnine.opencms.ticketbrokerage.site/resources/js/jquery.placeholder.min.js HTTP/1.1" 200 1737
85.230.100.42 - - [19/Jul/2024:00:32:42 +0200] "GET /ticket2/opencms/system/modules/com.gridnine.opencms.ticketbrokerage.site/resources/pics/logo-new.png HTTP/1.1" 200 13541
85.230.100.42 - - [19/Jul/2024:00:32:42 +0200] "GET /ticket2/opencms/img/insta.png HTTP/1.1" 200 3967
85.230.100.42 - - [19/Jul/2024:00:32:42 +0200] "GET /ticket2/opencms/system/modules/com.gridnine.opencms.ticketbrokerage.site/resources/pics/banners/team/premier_league/manchester_united.png HTTP/1.1" 200 13884
85.230.100.42 - - [19/Jul/2024:00:32:42 +0200] "GET /ticket2/opencms/img/fb.png HTTP/1.1" 200 1269
85.230.100.42 - - [19/Jul/2024:00:32:42 +0200] "GET /ticket2/opencms/system/modules/com.gridnine.opencms.ticketbrokerage.site/resources/pics/footer-img.png HTTP/1.1" 200 10350
85.230.100.42 - - [19/Jul/2024:00:32:42 +0200] "GET /ticket2/opencms/img/check.png HTTP/1.1" 200 548
85.230.100.42 - - [19/Jul/2024:00:32:42 +0200] "GET /ticket2/opencms/img/mail.png HTTP/1.1" 200 403
85.230.100.42 - - [19/Jul/2024:00:32:42 +0200] "GET /ticket2/opencms/img/chat.png HTTP/1.1" 200 416
85.230.100.42 - - [19/Jul/2024:00:32:42 +0200] "GET /ticket2/opencms/img/arrow.png HTTP/1.1" 200 753
85.230.100.42 - - [19/Jul/2024:00:32:42 +0200] "GET /ticket2/opencms/img/icons/globe-white.png HTTP/1.1" 200 947
85.230.100.42 - - [19/Jul/2024:00:32:43 +0200] "GET /ticket2/opencms/img/icons/no.png HTTP/1.1" 200 1958
85.230.100.42 - - [19/Jul/2024:00:32:43 +0200] "GET /ticket2/opencms/img/icons/es.png HTTP/1.1" 200 1005
85.230.100.42 - - [19/Jul/2024:00:32:43 +0200] "GET /ticket2/opencms/img/icons/en.png HTTP/1.1" 200 2415
85.230.100.42 - - [19/Jul/2024:00:32:43 +0200] "GET /ticket2/opencms/favicon.ico HTTP/1.1" 200 1406
85.230.100.42 - - [19/Jul/2024:00:32:43 +0200] "GET /ticket2/opencms/img/icons/dk.png HTTP/1.1" 200 1706
85.230.100.42 - - [19/Jul/2024:00:32:45 +0200] "GET /ticket2/opencms/img/icons/se.png HTTP/1.1" 200 1258
85.230.100.42 - - [19/Jul/2024:00:32:45 +0200] "GET /ticket2/opencms/img/icons/fi.png HTTP/1.1" 200 1785
85.230.100.42 - - [19/Jul/2024:00:32:45 +0200] "GET /ticket2/opencms/img/icons/de.png HTTP/1.1" 200 1124
85.230.100.42 - - [19/Jul/2024:00:32:46 +0200] "GET /ticket2/opencms/img/icons/fr.png HTTP/1.1" 200 1764
85.230.100.42 - - [19/Jul/2024:00:32:46 +0200] "GET /ticket2/opencms/img/icons/it.png HTTP/1.1" 200 2040
85.230.100.42 - - [19/Jul/2024:00:32:46 +0200] "GET /ticket2/opencms/img/icons/nl.png HTTP/1.1" 200 1255
85.230.100.42 - - [19/Jul/2024:00:32:46 +0200] "GET /ticket2/opencms/system/modules/com.gridnine.opencms.ticketbrokerage.site/resources/js/standard.js HTTP/1.1" 200 3978
217.113.194.215 - - [19/Jul/2024:00:32:46 +0200] "GET /ticket2/opencms/no/buy/?page=1&edid=E81C7558-893E-CB93-7500-00B0602E7698 HTTP/1.1" 200 88487
149.202.65.189 - - [19/Jul/2024:00:32:46 +0200] "GET /ticket2/opencms/en/buy/?page=1&edid=0C5C9043-4446-42CC-4F8E-C746AC0B1F53&sortorder=desc&column=price HTTP/1.1" 200 87765
37.187.89.104 - - [19/Jul/2024:00:32:46 +0200] "GET /ticket2/opencms/no/buy/?page=1&edid=82126C57-17A8-5DFA-CA0B-F524096F6163 HTTP/1.1" 200 88500
114.119.132.248 - - [19/Jul/2024:00:32:46 +0200] "GET /ticket2/opencms/en/sell/?edid=04BE87C5-7405-7294-4998-FD975DA4EDB5 HTTP/1.1" 302 -
85.230.100.42 - - [19/Jul/2024:00:32:47 +0200] "GET /ticket2/opencms/system/modules/com.gridnine.opencms.ticketbrokerage.site/resources/css/images/ui-bg_flat_75_ffffff_40x100.png HTTP/1.1" 404 -
54.36.148.62 - - [19/Jul/2024:00:32:49 +0200] "GET /ticket2/opencms/sv/buy/?page=1&edid=F75A8704-39CC-1233-9E9B-2121B4DFC51E HTTP/1.1" 200 113500
114.119.132.248 - - [19/Jul/2024:00:32:50 +0200] "GET /ticket2/opencms/en/login/?url=/en/sell/ HTTP/1.1" 200 72802
149.202.65.189 - - [19/Jul/2024:00:32:50 +0200] "GET /ticket2/opencms/en/buy/?page=1&edid=0C964CA7-3C45-535D-15FE-520A14005C78&sortorder=asc&column=price HTTP/1.1" 200 87259
135.181.74.243 - - [19/Jul/2024:00:32:50 +0200] "GET /ticket2/opencms/se/nl/buy/?page=1&edid=29CAFDEB-DE6B-CF88-55F0-07F3EC9F3E8C&sortorder=asc&column=section HTTP/1.1" 404 -
47.128.97.240 - - [19/Jul/2024:00:32:52 +0200] "GET /ticket2/opencms/fi/buy/?comcatid=A17713B6-D984-201A-4143-ED4DB5ED5C2E&catid=2FC3D548-EAF9-1354-0CD2-7D7619DA2334 HTTP/1.1" 200 82821
47.128.97.240 - - [19/Jul/2024:00:32:53 +0200] "GET /ticket2/opencms/system/modules/com.gridnine.opencms.ticketbrokerage.site/resources/pics/logo-new.png HTTP/1.1" 200 13541
47.128.97.240 - - [19/Jul/2024:00:32:53 +0200] "GET /ticket2/opencms/system/modules/com.gridnine.opencms.ticketbrokerage.site/resources/pics/footer-img.png HTTP/1.1" 200 10350
37.187.89.104 - - [19/Jul/2024:00:32:53 +0200] "GET /ticket2/opencms/no/buy/?page=1&edid=827A5570-CFC8-F898-8F2F-EDB01BF89EB0 HTTP/1.1" 200 87867
149.202.65.189 - - [19/Jul/2024:00:32:54 +0200] "GET /ticket2/opencms/en/buy/?page=1&edid=0C964CA7-3C45-535D-15FE-520A14005C78&sortorder=asc&column=row HTTP/1.1" 200 87259
217.113.194.213 - - [19/Jul/2024:00:32:54 +0200] "GET /ticket2/opencms/no/buy/?page=1&edid=B7E87373-4E91-4192-46CD-A0665726782B HTTP/1.1" 200 111373
135.181.74.243 - - [19/Jul/2024:00:32:56 +0200] "GET /ticket2/opencms/se/nl/buy/?page=1&edid=2A1BFAB3-CE0E-48DF-1EF7-515480863C5F&sortorder=desc&column=row HTTP/1.1" 404 -
149.202.65.189 - - [19/Jul/2024:00:32:57 +0200] "GET /ticket2/opencms/en/buy/?page=1&edid=0CFE35DB-0A40-B031-16BB-DD282DD52F7C&sortorder=desc&column=row HTTP/1.1" 200 86359
149.202.65.189 - - [19/Jul/2024:00:33:01 +0200] "GET /ticket2/opencms/en/buy/?page=1&edid=0CFE35DB-0A40-B031-16BB-DD282DD52F7C&sortorder=desc&column=section HTTP/1.1" 200 86359
37.187.89.104 - - [19/Jul/2024:00:33:01 +0200] "GET /ticket2/opencms/no/buy/?page=1&edid=82C986F9-0D6E-C921-C10B-10465651AE1E&sortorder=asc&column=price HTTP/1.1" 200 87489
217.113.194.213 - - [19/Jul/2024:00:33:03 +0200] "GET /ticket2/opencms/no/buy/?page=1&edid=BB57F35E-6478-14BB-4275-250EF35D5370 HTTP/1.1" 200 88693
135.181.74.243 - - [19/Jul/2024:00:33:04 +0200] "GET /ticket2/opencms/se/nl/buy/?page=1&edid=2AA1FF96-18BA-5A96-CBE6-7F35F0406D7B&sortorder=asc&column=price HTTP/1.1" 404 -
149.202.65.189 - - [19/Jul/2024:00:33:05 +0200] "GET /ticket2/opencms/en/buy/?page=1&edid=0D262F5F-0D87-ACD9-5E95-25F64894D8E7&sortorder=asc&column=row HTTP/1.1" 200 87870
54.36.148.254 - - [19/Jul/2024:00:33:07 +0200] "GET /ticket2/opencms/dk/venue/?venueid=8A02FD62-AB7D-0F2A-98D0-1DF2D8566333 HTTP/1.1" 200 71195
149.202.65.189 - - [19/Jul/2024:00:33:09 +0200] "GET /ticket2/opencms/en/buy/?page=1&edid=0E6A79B9-CFE2-795E-3105-46DDF635E5DC&sortorder=asc&column=price HTTP/1.1" 200 86996
47.128.98.170 - - [19/Jul/2024:00:33:09 +0200] "GET /ticket2/opencms/dk/sport/ HTTP/1.1" 200 69993
47.128.98.170 - - [19/Jul/2024:00:33:10 +0200] "GET /ticket2/opencms/system/modules/com.gridnine.opencms.ticketbrokerage.site/resources/pics/logo-new.png HTTP/1.1" 200 13541
37.187.89.104 - - [19/Jul/2024:00:33:10 +0200] "GET /ticket2/opencms/no/buy/?page=1&edid=82C986F9-0D6E-C921-C10B-10465651AE1E&sortorder=asc&column=row HTTP/1.1" 200 87489
47.128.98.170 - - [19/Jul/2024:00:33:10 +0200] "GET /ticket2/opencms/system/modules/com.gridnine.opencms.ticketbrokerage.site/resources/pics/footer-img.png HTTP/1.1" 200 10350
217.113.194.215 - - [19/Jul/2024:00:33:11 +0200] "GET /ticket2/opencms/no/buy/?page=1&edid=2225EBCD-1136-49A2-E4B5-6454984B0A64 HTTP/1.1" 200 85880
135.181.74.243 - - [19/Jul/2024:00:33:11 +0200] "GET /ticket2/opencms/se/nl/buy/?page=1&edid=2AA1FF96-18BA-5A96-CBE6-7F35F0406D7B&sortorder=asc&column=row HTTP/1.1" 404 -
149.202.65.189 - - [19/Jul/2024:00:33:13 +0200] "GET /ticket2/opencms/en/buy/?page=1&edid=0E6A79B9-CFE2-795E-3105-46DDF635E5DC&sortorder=asc&column=row HTTP/1.1" 200 86996
47.128.63.149 - - [19/Jul/2024:00:33:17 +0200] "GET /ticket2/opencms/no/buy/?comcatid=A17713B6-D984-201A-4143-ED4DB5ED5C2E&catid=C48671DB-5AEB-8CE2-928E-38417FFBE085 HTTP/1.1" 200 82448
149.202.65.189 - - [19/Jul/2024:00:33:17 +0200] "GET /ticket2/opencms/en/buy/?page=1&edid=0E78FCAC-2C27-F7B4-A879-E4B000248D28&sortorder=desc&column=section HTTP/1.1" 200 87449
47.128.63.149 - - [19/Jul/2024:00:33:18 +0200] "GET /ticket2/opencms/system/modules/com.gridnine.opencms.ticketbrokerage.site/resources/css/ticketbrokerage.css HTTP/1.1" 200 39339
47.128.63.149 - - [19/Jul/2024:00:33:18 +0200] "GET /ticket2/opencms/system/modules/com.gridnine.opencms.ticketbrokerage.site/resources/pics/logo-new.png HTTP/1.1" 200 13541
135.181.74.243 - - [19/Jul/2024:00:33:18 +0200] "GET /ticket2/opencms/se/nl/buy/?page=1&edid=2AA1FF96-18BA-5A96-CBE6-7F35F0406D7B&sortorder=asc&column=section HTTP/1.1" 404 -
47.128.63.149 - - [19/Jul/2024:00:33:18 +0200] "GET /ticket2/opencms/system/modules/com.gridnine.opencms.ticketbrokerage.site/resources/pics/footer-img.png HTTP/1.1" 200 10350
37.187.89.104 - - [19/Jul/2024:00:33:19 +0200] "GET /ticket2/opencms/no/buy/?page=1&edid=82C986F9-0D6E-C921-C10B-10465651AE1E&sortorder=desc&column=price HTTP/1.1" 200 87488
217.113.194.221 - - [19/Jul/2024:00:33:19 +0200] "GET /ticket2/opencms/no/buy/?page=1&edid=5EB94300-43AB-F98B-AEC3-50D493888325 HTTP/1.1" 200 87967
149.202.65.189 - - [19/Jul/2024:00:33:21 +0200] "GET /ticket2/opencms/en/buy/?page=1&edid=0ED1EF7C-0A26-4874-75D0-5C707B461913 HTTP/1.1" 200 87370
54.36.148.74 - - [19/Jul/2024:00:33:24 +0200] "GET /ticket2/opencms/sv/buy/?page=1&edid=ADD1F57C-36B4-39D2-9578-BA2614FAFC35 HTTP/1.1" 200 113504
149.202.65.189 - - [19/Jul/2024:00:33:25 +0200] "GET /ticket2/opencms/en/buy/?page=1&edid=1C58C470-D3F9-186C-B32F-4F4A4C479079&sortorder=desc&column=section HTTP/1.1" 200 84587
114.119.132.202 - - [19/Jul/2024:00:33:25 +0200] "GET /ticket2/opencms/en/sell/?edid=8C8EBE04-F632-74E3-7AE5-E0CE7434259E HTTP/1.1" 302 -
135.181.74.243 - - [19/Jul/2024:00:33:26 +0200] "GET /ticket2/opencms/se/nl/buy/?page=1&edid=2AA1FF96-18BA-5A96-CBE6-7F35F0406D7B&sortorder=desc&column=price HTTP/1.1" 404 -
217.113.194.218 - - [19/Jul/2024:00:33:28 +0200] "GET /ticket2/opencms/no/buy/?page=1&edid=219AE79C-6EBE-5673-1927-EBB79F47B995 HTTP/1.1" 200 85877
114.119.132.202 - - [19/Jul/2024:00:33:29 +0200] "GET /ticket2/opencms/en/login/?url=/en/sell/ HTTP/1.1" 200 72802
149.202.65.189 - - [19/Jul/2024:00:33:29 +0200] "GET /ticket2/opencms/en/buy/?page=1&edid=1FD934D8-9A8F-2315-FD16-0884AFD61884 HTTP/1.1" 200 85259
135.181.74.243 - - [19/Jul/2024:00:33:33 +0200] "GET /ticket2/opencms/se/nl/buy/?page=1&edid=2AA1FF96-18BA-5A96-CBE6-7F35F0406D7B&sortorder=desc&column=row HTTP/1.1" 404 -
149.202.65.189 - - [19/Jul/2024:00:33:34 +0200] "GET /ticket2/opencms/en/buy/?page=1&edid=23D7FD2C-27AD-2624-2564-DE4AA8FD53DE&sortorder=asc&column=row HTTP/1.1" 200 87653
217.113.194.216 - - [19/Jul/2024:00:33:36 +0200] "GET /ticket2/opencms/no/buy/?page=1&edid=594BB2EC-0131-3CF2-28F5-D32596AEC319 HTTP/1.1" 200 89019
149.202.65.189 - - [19/Jul/2024:00:33:38 +0200] "GET /ticket2/opencms/en/buy/?page=1&edid=2C9301FE-8B6D-05AF-6878-55535F4B8D48&sortorder=desc&column=section HTTP/1.1" 200 86803
37.187.89.104 - - [19/Jul/2024:00:33:38 +0200] "GET /ticket2/opencms/no/buy/?page=1&edid=82C986F9-0D6E-C921-C10B-10465651AE1E&sortorder=desc&column=row HTTP/1.1" 200 87488
135.181.74.243 - - [19/Jul/2024:00:33:40 +0200] "GET /ticket2/opencms/se/nl/buy/?page=1&edid=2AA1FF96-18BA-5A96-CBE6-7F35F0406D7B&sortorder=desc&column=section HTTP/1.1" 404 -
47.128.43.174 - - [19/Jul/2024:00:33:41 +0200] "GET /ticket2/opencms/no/buy/?catid=A4D9EA9A-192D-0274-BF26-9C98D8B902AB&comcatid=A17713B6-D984-201A-4143-ED4DB5ED5C2E&page=6 HTTP/1.1" 200 82972
47.128.43.174 - - [19/Jul/2024:00:33:41 +0200] "GET /ticket2/opencms/system/modules/com.gridnine.opencms.ticketbrokerage.site/resources/js/calendar.js HTTP/1.1" 200 49229
149.202.65.189 - - [19/Jul/2024:00:33:42 +0200] "GET /ticket2/opencms/en/buy/?page=1&edid=2D38B293-6E7E-C864-3493-2CA274C1E20F&sortorder=asc&column=price HTTP/1.1" 200 87258
47.128.43.174 - - [19/Jul/2024:00:33:42 +0200] "GET /ticket2/opencms/system/modules/com.gridnine.opencms.ticketbrokerage.site/resources/pics/logo-new.png HTTP/1.1" 200 13541
47.128.43.174 - - [19/Jul/2024:00:33:42 +0200] "GET /ticket2/opencms/system/modules/com.gridnine.opencms.ticketbrokerage.site/resources/pics/footer-img.png HTTP/1.1" 200 10350
54.36.148.23 - - [19/Jul/2024:00:33:44 +0200] "GET /ticket2/opencms/dk/venue/?venueid=D1B15D6A-DFE3-C6C9-6105-566E2A2AD03F HTTP/1.1" 200 71230
149.202.65.189 - - [19/Jul/2024:00:33:46 +0200] "GET /ticket2/opencms/en/buy/?page=1&edid=34D7EC04-C112-178F-F96C-27507B72A319&sortorder=desc&column=row HTTP/1.1" 200 87900
