66.249.79.233 - - [19/Jul/2024:03:11:23 +0200] "GET /ticket2/opencms/sv/ HTTP/1.1" 200 94655
192.99.13.69 - - [19/Jul/2024:03:11:25 +0200] "GET /ticket2/opencms/se/sv/buy/?page=1&edid=AE07727B-E4B5-4837-EECB-5BB0C9EE24CD HTTP/1.1" 404 -
66.249.79.232 - - [19/Jul/2024:03:11:25 +0200] "GET /ticket2/opencms/system/modules/com.gridnine.opencms.ticketbrokerage.site/resources/css/standard.css HTTP/1.1" 200 72814
217.113.194.213 - - [19/Jul/2024:03:11:27 +0200] "GET /ticket2/opencms/en/buy/?page=1&edid=A627E744-AEB0-227A-7D42-A124CBAA10AA HTTP/1.1" 200 87261
192.99.13.69 - - [19/Jul/2024:03:11:30 +0200] "GET /ticket2/opencms/se/sv/buy/?page=1&edid=AE700341-92EF-84D8-A172-59721F36A768 HTTP/1.1" 404 -
37.57.218.243 - - [19/Jul/2024:03:11:34 +0200] "GET /ticket2/opencms/en/buy/?page=1&edid=9247E57F-45C6-02AB-BF4B-104F5210D220&sortorder=desc&column=section HTTP/1.1" 200 87653
217.113.194.214 - - [19/Jul/2024:03:11:35 +0200] "GET /ticket2/opencms/en/buy/?page=1&edid=F55A08A7-B72D-F211-F9ED-66B1E09B6882 HTTP/1.1" 200 87627
54.36.149.58 - - [19/Jul/2024:03:11:37 +0200] "GET /ticket2/opencms/sv/sell/?edid=B5C7399B-C087-FF38-4294-BB861C1DB4F9 HTTP/1.1" 302 -
47.128.44.100 - - [19/Jul/2024:03:11:39 +0200] "GET /ticket2/opencms/sv/magazine/article?title=kylian-mbappe-till-real-madrid HTTP/1.1" 200 74364
192.99.13.69 - - [19/Jul/2024:03:11:39 +0200] "GET /ticket2/opencms/se/sv/buy/?page=1&edid=AE7AFEEB-34F7-6C11-5867-600D4D52A2A5 HTTP/1.1" 404 -
47.128.44.100 - - [19/Jul/2024:03:11:39 +0200] "GET /ticket2/opencms/system/modules/com.gridnine.opencms.ticketbrokerage.site/resources/pics/logo-new.png HTTP/1.1" 200 13541
47.128.44.100 - - [19/Jul/2024:03:11:40 +0200] "GET /ticket2/opencms/system/modules/com.gridnine.opencms.ticketbrokerage.site/resources/pics/footer-img.png HTTP/1.1" 200 10350
37.60.249.191 - - [19/Jul/2024:03:11:41 +0200] "GET /ticket2/opencms/dk/en/buy/?page=1&edid=3724421D-8712-70E6-408D-D3669BC23C72&sortorder=desc&column=row HTTP/1.1" 404 -
217.113.194.219 - - [19/Jul/2024:03:11:44 +0200] "GET /ticket2/opencms/en/buy/?page=1&edid=A6028745-225D-F3D7-C4B7-DB2F515FCF06 HTTP/1.1" 200 86553
192.99.13.69 - - [19/Jul/2024:03:11:47 +0200] "GET /ticket2/opencms/se/sv/buy/?page=1&edid=AEEDBD7A-961C-0FB9-092F-CBFB7B36B978 HTTP/1.1" 404 -
54.36.148.13 - - [19/Jul/2024:03:11:47 +0200] "GET /ticket2/opencms/sv/sell/?edid=830F2AEC-7FB6-11C1-AD11-54BD6744D648 HTTP/1.1" 302 -
37.57.218.243 - - [19/Jul/2024:03:11:50 +0200] "GET /ticket2/opencms/en/buy/?page=1&edid=9C266137-BC2E-54EC-A8AA-96FC26D8A137&sortorder=desc&column=price HTTP/1.1" 200 87667
217.113.194.217 - - [19/Jul/2024:03:11:52 +0200] "GET /ticket2/opencms/en/buy/?page=1&edid=FABA34FC-258F-77CD-B268-4357BE2E36D9 HTTP/1.1" 200 86120
192.99.13.69 - - [19/Jul/2024:03:11:56 +0200] "GET /ticket2/opencms/se/sv/buy/?page=1&edid=AEEDBD7A-961C-0FB9-092F-CBFB7B36B978&sortorder=desc&column=price HTTP/1.1" 404 -
37.57.218.243 - - [19/Jul/2024:03:11:57 +0200] "GET /ticket2/opencms/en/buy/?page=1&edid=9C266137-BC2E-54EC-A8AA-96FC26D8A137&sortorder=desc&column=row HTTP/1.1" 200 87667
217.113.194.217 - - [19/Jul/2024:03:12:00 +0200] "GET /ticket2/opencms/en/buy/?page=1&edid=A32C2CDE-A2F2-054C-C7FE-30BF45814EDA HTTP/1.1" 200 87656
54.36.148.125 - - [19/Jul/2024:03:12:01 +0200] "GET /ticket2/opencms/sv/sell/?edid=2684212B-FA50-DC4B-3CFA-1303E9638140 HTTP/1.1" 302 -
192.99.13.69 - - [19/Jul/2024:03:12:02 +0200] "GET /ticket2/opencms/se/sv/buy/?page=1&edid=AEEDBD7A-961C-0FB9-092F-CBFB7B36B978&sortorder=desc&column=section HTTP/1.1" 404 -
47.128.52.248 - - [19/Jul/2024:03:12:04 +0200] "GET /ticket2/opencms/en/buy/?page=1&edid=7B357C96-D15A-7330-3CD7-9115EBD86CB2 HTTP/1.1" 200 109422
47.128.52.248 - - [19/Jul/2024:03:12:05 +0200] "GET /ticket2/opencms/system/modules/com.gridnine.opencms.ticketbrokerage.site/resources/pics/logo-new.png HTTP/1.1" 200 13541
47.128.52.248 - - [19/Jul/2024:03:12:05 +0200] "GET /ticket2/opencms/system/modules/com.gridnine.opencms.ticketbrokerage.site/resources/pics/two_man.png HTTP/1.1" 200 3407
47.128.52.248 - - [19/Jul/2024:03:12:06 +0200] "GET /ticket2/opencms/system/modules/com.gridnine.opencms.ticketbrokerage.site/resources/pics/ticket_info_button.png HTTP/1.1" 200 3820
47.128.52.248 - - [19/Jul/2024:03:12:06 +0200] "GET /ticket2/opencms/system/modules/com.gridnine.opencms.ticketbrokerage.site/resources/pics/footer-img.png HTTP/1.1" 200 10350
47.128.52.248 - - [19/Jul/2024:03:12:06 +0200] "GET /ticket2/opencms/en/ask-form.html HTTP/1.1" 200 3146
49.0.206.227 - - [19/Jul/2024:03:12:07 +0200] "GET /ticket2/opencms/nl/magazine/article?title=over-de-voetbalclub-liverpool-fc HTTP/1.1" 200 74323
47.128.52.248 - - [19/Jul/2024:03:12:08 +0200] "GET /ticket2/opencms/system/galleries/pics/wolves.png HTTP/1.1" 200 305638
192.99.13.69 - - [19/Jul/2024:03:12:08 +0200] "GET /ticket2/opencms/se/sv/buy/?page=1&edid=AF80C818-FF75-5C12-C3B5-5267B16E3FE6 HTTP/1.1" 404 -
114.119.141.53 - - [19/Jul/2024:03:12:09 +0200] "GET /ticket2/opencms/en/venue/?venueid=AF7F2E28-677E-9782-2141-5DA64832B7AA HTTP/1.1" 200 70827
217.113.194.215 - - [19/Jul/2024:03:12:09 +0200] "GET /ticket2/opencms/en/buy/?page=1&edid=C422BC27-6F14-B415-A16C-0DD738E4FAA5 HTTP/1.1" 200 87703
37.57.218.243 - - [19/Jul/2024:03:12:11 +0200] "GET /ticket2/opencms/en/buy/?page=1&edid=9C266137-BC2E-54EC-A8AA-96FC26D8A137&sortorder=desc&column=section HTTP/1.1" 200 87667
54.36.148.97 - - [19/Jul/2024:03:12:14 +0200] "GET /ticket2/opencms/fi/buy/?page=1&edid=047E0311-281A-A7AE-E87D-50033F4F70CA HTTP/1.1" 200 117314
192.99.13.69 - - [19/Jul/2024:03:12:14 +0200] "GET /ticket2/opencms/se/sv/buy/?page=1&edid=AF80C818-FF75-5C12-C3B5-5267B16E3FE6&sortorder=desc&column=row HTTP/1.1" 404 -
217.113.194.216 - - [19/Jul/2024:03:12:17 +0200] "GET /ticket2/opencms/en/buy/?page=1&edid=C842B42D-EC0C-337E-839C-F94D0BEF3026 HTTP/1.1" 200 84563
192.99.13.69 - - [19/Jul/2024:03:12:20 +0200] "GET /ticket2/opencms/se/sv/buy/?page=1&edid=AFA3EF8F-030A-999D-4E9D-D4614B40CD4F HTTP/1.1" 404 -
154.54.249.216 - - [19/Jul/2024:03:12:25 +0200] "GET /ticket2/opencms/en/buy/?page=1&edid=CFE360AF-C3A3-E65E-3123-D315A12D77A9 HTTP/1.1" 200 87154
192.99.13.69 - - [19/Jul/2024:03:12:26 +0200] "GET /ticket2/opencms/se/sv/buy/?page=1&edid=AFDF9063-C0FF-597F-DC9B-84BBE5A9A009&sortorder=desc&column=price HTTP/1.1" 404 -
37.57.218.243 - - [19/Jul/2024:03:12:27 +0200] "GET /ticket2/opencms/en/buy/?page=1&edid=9F34FF64-8435-0668-CDDD-40FBDE58F48E&sortorder=desc&column=price HTTP/1.1" 200 87660
47.128.43.32 - - [19/Jul/2024:03:12:29 +0200] "GET /ticket2/opencms/sv/buy/?catid=6E0E0CA4-3F14-9697-92B9-3687047BE453&comcatid=A17713B6-D984-201A-4143-ED4DB5ED5C2E&page=6 HTTP/1.1" 200 82376
47.128.43.32 - - [19/Jul/2024:03:12:29 +0200] "GET /ticket2/opencms/system/modules/com.gridnine.opencms.ticketbrokerage.site/resources/pics/logo-new.png HTTP/1.1" 200 13541
47.128.43.32 - - [19/Jul/2024:03:12:30 +0200] "GET /ticket2/opencms/system/modules/com.gridnine.opencms.ticketbrokerage.site/resources/pics/footer-img.png HTTP/1.1" 200 10350
192.99.13.69 - - [19/Jul/2024:03:12:32 +0200] "GET /ticket2/opencms/se/sv/buy/?page=1&edid=AFDF9063-C0FF-597F-DC9B-84BBE5A9A009&sortorder=desc&column=row HTTP/1.1" 404 -
217.113.194.214 - - [19/Jul/2024:03:12:34 +0200] "GET /ticket2/opencms/en/buy/?page=1&edid=F5486E82-8FFC-51F8-1713-68EFD4775D84 HTTP/1.1" 200 87390
37.57.218.243 - - [19/Jul/2024:03:12:37 +0200] "GET /ticket2/opencms/en/buy/?page=1&edid=9F34FF64-8435-0668-CDDD-40FBDE58F48E&sortorder=desc&column=row HTTP/1.1" 200 87660
192.99.13.69 - - [19/Jul/2024:03:12:37 +0200] "GET /ticket2/opencms/se/sv/buy/?page=1&edid=AFE208A3-9A11-83AE-53EB-2D8CD1F6352B&sortorder=desc&column=price HTTP/1.1" 404 -
63.143.42.252 - - [19/Jul/2024:03:12:41 +0200] "HEAD /ticket2/opencms/ HTTP/1.1" 302 -
217.113.194.217 - - [19/Jul/2024:03:12:42 +0200] "GET /ticket2/opencms/en/buy/?page=1&edid=CFC8339A-2390-6FEF-4DCF-FB8FFEFB28D1 HTTP/1.1" 200 84570
192.99.13.69 - - [19/Jul/2024:03:12:43 +0200] "GET /ticket2/opencms/se/sv/buy/?page=1&edid=AFE208A3-9A11-83AE-53EB-2D8CD1F6352B&sortorder=desc&column=row HTTP/1.1" 404 -
63.143.42.252 - - [19/Jul/2024:03:12:45 +0200] "HEAD /ticket2/opencms/en/ HTTP/1.1" 200 -
114.119.148.108 - - [19/Jul/2024:03:12:48 +0200] "GET /ticket2/opencms/en/sell/?edid=B29B936B-3404-7054-ED6C-E0C25FA0A569 HTTP/1.1" 302 -
192.99.13.69 - - [19/Jul/2024:03:12:49 +0200] "GET /ticket2/opencms/se/sv/buy/?page=1&edid=AFE208A3-9A11-83AE-53EB-2D8CD1F6352B&sortorder=desc&column=section HTTP/1.1" 404 -
47.128.20.106 - - [19/Jul/2024:03:12:49 +0200] "GET /ticket2/opencms/de/buy/?edid=CE3DD33A-7186-3BFF-79C5-A0B5274832DB HTTP/1.1" 200 71949
47.128.20.106 - - [19/Jul/2024:03:12:49 +0200] "GET /ticket2/opencms/system/modules/com.gridnine.opencms.ticketbrokerage.site/resources/pics/logo-new.png HTTP/1.1" 200 13541
47.128.20.106 - - [19/Jul/2024:03:12:50 +0200] "GET /ticket2/opencms/system/modules/com.gridnine.opencms.ticketbrokerage.site/resources/pics/footer-img.png HTTP/1.1" 200 10350
217.113.194.213 - - [19/Jul/2024:03:12:50 +0200] "GET /ticket2/opencms/en/buy/?page=1&edid=A2FB430D-90F2-3AA3-358A-C75DE55ABB21 HTTP/1.1" 200 87222
114.119.148.108 - - [19/Jul/2024:03:12:52 +0200] "GET /ticket2/opencms/en/login/?url=/en/sell/ HTTP/1.1" 200 72802
37.57.218.243 - - [19/Jul/2024:03:12:53 +0200] "GET /ticket2/opencms/en/buy/?page=1&edid=9F34FF64-8435-0668-CDDD-40FBDE58F48E&sortorder=desc&column=section HTTP/1.1" 200 87660
47.128.97.44 - - [19/Jul/2024:03:12:54 +0200] "GET /ticket2/opencms/dk/buy/?catid=C48671DB-5AEB-8CE2-928E-38417FFBE085&comcatid=A17713B6-D984-201A-4143-ED4DB5ED5C2E HTTP/1.1" 200 81629
192.99.13.69 - - [19/Jul/2024:03:12:54 +0200] "GET /ticket2/opencms/se/sv/buy/?page=1&edid=B0039853-0FD8-C84B-1730-6B53C69DB496 HTTP/1.1" 404 -
47.128.97.44 - - [19/Jul/2024:03:12:55 +0200] "GET /ticket2/opencms/system/modules/com.gridnine.opencms.ticketbrokerage.site/resources/pics/logo-new.png HTTP/1.1" 200 13541
47.128.97.44 - - [19/Jul/2024:03:12:55 +0200] "GET /ticket2/opencms/system/modules/com.gridnine.opencms.ticketbrokerage.site/resources/pics/footer-img.png HTTP/1.1" 200 10350
154.54.249.216 - - [19/Jul/2024:03:12:59 +0200] "GET /ticket2/opencms/en/buy/?page=1&edid=1432157A-B263-4513-C3E0-79C3B9ACB4CD HTTP/1.1" 200 86319
192.99.13.69 - - [19/Jul/2024:03:13:01 +0200] "GET /ticket2/opencms/se/sv/buy/?page=1&edid=B0194465-9BE5-70DD-1723-870417EF0F45 HTTP/1.1" 404 -
37.57.218.243 - - [19/Jul/2024:03:13:05 +0200] "GET /ticket2/opencms/en/buy/?page=1&edid=A858554C-F78F-7E97-68A1-73B374CB569E&sortorder=desc&column=price HTTP/1.1" 200 87290
154.54.249.216 - - [19/Jul/2024:03:13:07 +0200] "GET /ticket2/opencms/en/buy/?page=1&edid=158E9EFC-96A0-FA70-0728-0C4C5382F12E HTTP/1.1" 200 84559
192.99.13.69 - - [19/Jul/2024:03:13:07 +0200] "GET /ticket2/opencms/se/sv/buy/?page=1&edid=C9B94784-6221-79D1-BA21-8163A63BEC0D HTTP/1.1" 404 -
37.57.218.243 - - [19/Jul/2024:03:13:10 +0200] "GET /ticket2/opencms/en/buy/?page=1&edid=A858554C-F78F-7E97-68A1-73B374CB569E&sortorder=desc&column=row HTTP/1.1" 200 87290
192.99.13.69 - - [19/Jul/2024:03:13:13 +0200] "GET /ticket2/opencms/se/sv/buy/?page=1&edid=CB08D244-226B-E17B-E01C-E6B1033552AB HTTP/1.1" 404 -
114.119.148.160 - - [19/Jul/2024:03:13:14 +0200] "GET /ticket2/opencms/en/sell/?edid=185EB1E8-EE1C-3323-A11B-C27B97AF5EDC HTTP/1.1" 302 -
154.54.249.216 - - [19/Jul/2024:03:13:15 +0200] "GET /ticket2/opencms/en/buy/?page=1&edid=25D1E1A5-48CB-BCBE-9193-C6660AC8A78B HTTP/1.1" 200 87134
47.128.39.7 - - [19/Jul/2024:03:13:18 +0200] "GET /ticket2/opencms/nl/buy/?catid=F2006A3D-5EE0-B40B-5749-60C15271538F&comcatid=A17713B6-D984-201A-4143-ED4DB5ED5C2E HTTP/1.1" 200 80610
114.119.148.160 - - [19/Jul/2024:03:13:18 +0200] "GET /ticket2/opencms/en/login/?url=/en/sell/ HTTP/1.1" 200 72802
192.99.13.69 - - [19/Jul/2024:03:13:19 +0200] "GET /ticket2/opencms/se/sv/buy/?page=1&edid=CFDC499D-9CE6-7B02-64A4-5F779841DFDC&sortorder=asc&column=row HTTP/1.1" 404 -
47.128.39.7 - - [19/Jul/2024:03:13:19 +0200] "GET /ticket2/opencms/system/modules/com.gridnine.opencms.ticketbrokerage.site/resources/pics/logo-new.png HTTP/1.1" 200 13541
47.128.39.7 - - [19/Jul/2024:03:13:19 +0200] "GET /ticket2/opencms/system/modules/com.gridnine.opencms.ticketbrokerage.site/resources/pics/footer-img.png HTTP/1.1" 200 10350
37.57.218.243 - - [19/Jul/2024:03:13:20 +0200] "GET /ticket2/opencms/en/buy/?page=1&edid=A858554C-F78F-7E97-68A1-73B374CB569E&sortorder=desc&column=section HTTP/1.1" 200 87290
37.60.249.191 - - [19/Jul/2024:03:13:21 +0200] "GET /ticket2/opencms/dk/en/buy/?page=1&edid=3724421D-8712-70E6-408D-D3669BC23C72&sortorder=desc&column=section HTTP/1.1" 404 -
217.113.194.212 - - [19/Jul/2024:03:13:24 +0200] "GET /ticket2/opencms/en/buy/?page=1&edid=1634BCBF-AA11-8172-081F-BB741D819BCB HTTP/1.1" 200 84533
192.99.13.69 - - [19/Jul/2024:03:13:25 +0200] "GET /ticket2/opencms/se/sv/buy/?page=1&edid=CFDC499D-9CE6-7B02-64A4-5F779841DFDC&sortorder=asc&column=section HTTP/1.1" 404 -
114.119.154.89 - - [19/Jul/2024:03:13:29 +0200] "GET /ticket2/opencms/en/sell/?edid=714A5D21-4203-9BE8-9416-D26E075C1ECD HTTP/1.1" 302 -
192.99.13.69 - - [19/Jul/2024:03:13:31 +0200] "GET /ticket2/opencms/se/sv/buy/?page=1&edid=D00B11B8-090A-50DF-6F8C-A2F9E4856CE4 HTTP/1.1" 404 -
37.57.218.243 - - [19/Jul/2024:03:13:32 +0200] "GET /ticket2/opencms/en/buy/?page=1&edid=B0E4D276-C8CE-F4B4-2DC5-6BEA44E190B2&sortorder=desc&column=price HTTP/1.1" 200 86603
217.113.194.221 - - [19/Jul/2024:03:13:32 +0200] "GET /ticket2/opencms/en/buy/?page=1&edid=72D9BE8A-41DB-B99C-DC82-0993FCCA7116 HTTP/1.1" 200 84565
114.119.154.89 - - [19/Jul/2024:03:13:32 +0200] "GET /ticket2/opencms/en/login/?url=/en/sell/ HTTP/1.1" 200 72802
192.99.13.69 - - [19/Jul/2024:03:13:36 +0200] "GET /ticket2/opencms/se/sv/buy/?page=1&edid=D14E786C-C869-8112-70DA-17875583047D HTTP/1.1" 404 -
154.54.249.216 - - [19/Jul/2024:03:13:40 +0200] "GET /ticket2/opencms/en/buy/?page=1&edid=1214CA71-E133-56C2-269E-84A390D77B18 HTTP/1.1" 200 84540
47.128.97.235 - - [19/Jul/2024:03:13:42 +0200] "GET /ticket2/opencms/fi/buy/?comcatid=A17713B6-D984-201A-4143-ED4DB5ED5C2E&catid=515A9A29-35A0-2DB8-262B-AEF122DB04F6 HTTP/1.1" 200 82818
192.99.13.69 - - [19/Jul/2024:03:13:43 +0200] "GET /ticket2/opencms/se/sv/buy/?page=1&edid=D14E786C-C869-8112-70DA-17875583047D&sortorder=desc&column=price HTTP/1.1" 404 -
37.57.218.243 - - [19/Jul/2024:03:13:44 +0200] "GET /ticket2/opencms/en/buy/?page=1&edid=B0E4D276-C8CE-F4B4-2DC5-6BEA44E190B2&sortorder=desc&column=row HTTP/1.1" 200 86603
47.128.97.235 - - [19/Jul/2024:03:13:44 +0200] "GET /ticket2/opencms/system/modules/com.gridnine.opencms.ticketbrokerage.site/resources/pics/logo-new.png HTTP/1.1" 200 13541
47.128.97.235 - - [19/Jul/2024:03:13:45 +0200] "GET /ticket2/opencms/system/modules/com.gridnine.opencms.ticketbrokerage.site/resources/pics/footer-img.png HTTP/1.1" 200 10350
66.249.79.232 - - [19/Jul/2024:03:13:45 +0200] "GET /ticket2/opencms/set_aff_cookie.jsp?partner=53673ED6-1455-FA54-818F-B1F67121E37C&url=%2Fsv%2Fbuy%2Findex.html%3Fpage%3D1%26edid%3D096598FE-DA35-4351-DFEE-DC9ACA0F0EF9%26hlv%3D666ddb9c-50c4-4576-ae12-6a320a01000f%23v1879667799 HTTP/1.1" 200 225
66.249.79.232 - - [19/Jul/2024:03:13:47 +0200] "GET /ticket2/opencms/de/buy?page=1&edid=CB90B18C-10D2-A7D7-34F0-9F8E61AEE4C6 HTTP/1.1" 200 103711
192.99.13.69 - - [19/Jul/2024:03:13:49 +0200] "GET /ticket2/opencms/se/sv/buy/?page=1&edid=D14E786C-C869-8112-70DA-17875583047D&sortorder=desc&column=row HTTP/1.1" 404 -
217.113.194.213 - - [19/Jul/2024:03:13:49 +0200] "GET /ticket2/opencms/en/buy/?page=1&edid=11AE5F06-0995-C934-824A-87A15003DF90 HTTP/1.1" 200 84560
66.249.79.36 - - [19/Jul/2024:03:13:49 +0200] "GET /ticket2/opencms/dk/buy/?page=1&edid=F25FBBE3-B880-5730-A316-AE0E479B4D0A HTTP/1.1" 200 108422
66.249.79.232 - - [19/Jul/2024:03:13:49 +0200] "GET /ticket2/opencms/sv/buy/?page=1&edid=047E0311-281A-A7AE-E87D-50033F4F70CA HTTP/1.1" 200 116255
66.249.76.170 - - [19/Jul/2024:03:13:52 +0200] "GET /ticket2/opencms/sv/buy/?page=1&edid=096598FE-DA35-4351-DFEE-DC9ACA0F0EF9&hlv=666ddb9c-50c4-4576-ae12-6a320a01000f HTTP/1.1" 200 111212
192.99.13.69 - - [19/Jul/2024:03:13:54 +0200] "GET /ticket2/opencms/se/sv/buy/?page=1&edid=D14E786C-C869-8112-70DA-17875583047D&sortorder=desc&column=section HTTP/1.1" 404 -
217.113.194.213 - - [19/Jul/2024:03:13:57 +0200] "GET /ticket2/opencms/en/buy/?page=1&edid=5795C1CB-1C86-E585-4410-AABE971EE20A HTTP/1.1" 200 87173
192.99.13.69 - - [19/Jul/2024:03:14:00 +0200] "GET /ticket2/opencms/se/sv/buy/?page=1&edid=D156CAE1-A0B1-59DD-D44A-719128E6266A HTTP/1.1" 404 -
37.57.218.243 - - [19/Jul/2024:03:14:01 +0200] "GET /ticket2/opencms/en/buy/?page=1&edid=B0E4D276-C8CE-F4B4-2DC5-6BEA44E190B2&sortorder=desc&column=section HTTP/1.1" 200 86603
192.99.13.69 - - [19/Jul/2024:03:14:05 +0200] "GET /ticket2/opencms/se/sv/buy/?page=1&edid=D16B0ADA-1A36-C9C7-25BB-1FC6E0AF953A HTTP/1.1" 404 -
217.113.194.218 - - [19/Jul/2024:03:14:05 +0200] "GET /ticket2/opencms/en/buy/?page=1&edid=2023F726-4311-DF16-2C0C-AE4A78BC8014 HTTP/1.1" 200 84546
47.128.51.252 - - [19/Jul/2024:03:14:07 +0200] "GET /ticket2/opencms/no/buy/?page=6&comcatid=A17713B6-D984-201A-4143-ED4DB5ED5C2E&catid=21C3854B-901E-11F9-7B7D-6838CC6AFAA4 HTTP/1.1" 200 174600
47.128.51.252 - - [19/Jul/2024:03:14:08 +0200] "GET /ticket2/opencms/system/modules/com.gridnine.opencms.ticketbrokerage.site/resources/pics/logo-new.png HTTP/1.1" 200 13541
37.57.218.243 - - [19/Jul/2024:03:14:08 +0200] "GET /ticket2/opencms/en/buy/?page=1&edid=C2910EC2-9592-90B0-A42D-A344DFC6DED1 HTTP/1.1" 200 87253
47.128.51.252 - - [19/Jul/2024:03:14:08 +0200] "GET /ticket2/opencms/system/modules/com.gridnine.opencms.ticketbrokerage.site/resources/pics/footer-img.png HTTP/1.1" 200 10350
192.99.13.69 - - [19/Jul/2024:03:14:11 +0200] "GET /ticket2/opencms/se/sv/buy/?page=1&edid=F3C59FE8-84DA-4168-9DD0-7FF9F22B1ED6&sortorder=desc&column=section HTTP/1.1" 404 -
217.113.194.212 - - [19/Jul/2024:03:14:14 +0200] "GET /ticket2/opencms/en/buy/?page=1&edid=19550F07-9055-3B6B-7785-B446F6EEEC6C HTTP/1.1" 200 86518
192.99.13.69 - - [19/Jul/2024:03:14:17 +0200] "GET /ticket2/opencms/se/sv/buy/?page=1&edid=F3C916A5-266C-CF5A-524D-FDD95A915D8E HTTP/1.1" 404 -
37.57.218.243 - - [19/Jul/2024:03:14:19 +0200] "GET /ticket2/opencms/en/buy/?page=1&edid=C2910EC2-9592-90B0-A42D-A344DFC6DED1&sortorder=asc&column=price HTTP/1.1" 200 87289
217.113.194.218 - - [19/Jul/2024:03:14:22 +0200] "GET /ticket2/opencms/en/buy/?page=1&edid=8FB6112E-F06D-78CE-BB4D-A45CE00034F9 HTTP/1.1" 200 87138
192.99.13.69 - - [19/Jul/2024:03:14:22 +0200] "GET /ticket2/opencms/se/sv/buy/?page=1&edid=F3EAB77E-5223-86F1-9947-9F306D6E6D43 HTTP/1.1" 404 -
37.123.143.245 - - [19/Jul/2024:03:14:26 +0200] "GET /ticket2/opencms/system/workplace/views/top_foot.jsp?wpFrame=foot HTTP/1.1" 200 1211
37.123.143.245 - - [19/Jul/2024:03:14:26 +0200] "GET /ticket2/opencms/system/workplace/commons/style/workplace.css HTTP/1.1" 200 14209
192.99.13.69 - - [19/Jul/2024:03:14:28 +0200] "GET /ticket2/opencms/se/sv/buy/?page=1&edid=F485EB7B-C630-E8AD-EB3A-E6E869188296 HTTP/1.1" 404 -
217.113.194.214 - - [19/Jul/2024:03:14:30 +0200] "GET /ticket2/opencms/en/buy/?page=1&edid=8BCDA413-0A18-59D2-A3FB-49537454FAB9 HTTP/1.1" 200 87835
47.128.117.199 - - [19/Jul/2024:03:14:31 +0200] "GET /ticket2/opencms/no/buy/?catid=515A9A29-35A0-2DB8-262B-AEF122DB04F6&comcatid=A17713B6-D984-201A-4143-ED4DB5ED5C2E&page=6 HTTP/1.1" 200 82977
37.60.249.191 - - [19/Jul/2024:03:14:31 +0200] "GET /ticket2/opencms/dk/en/buy/?page=1&edid=37CCBCCA-CDAD-6DBB-02E4-092F4F3842E9&sortorder=asc&column=price HTTP/1.1" 404 -
47.128.117.199 - - [19/Jul/2024:03:14:31 +0200] "GET /ticket2/opencms/system/modules/com.gridnine.opencms.ticketbrokerage.site/resources/pics/logo-new.png HTTP/1.1" 200 13541
47.128.117.199 - - [19/Jul/2024:03:14:32 +0200] "GET /ticket2/opencms/system/modules/com.gridnine.opencms.ticketbrokerage.site/resources/pics/footer-img.png HTTP/1.1" 200 10350
37.57.218.243 - - [19/Jul/2024:03:14:33 +0200] "GET /ticket2/opencms/en/buy/?page=1&edid=C2910EC2-9592-90B0-A42D-A344DFC6DED1&sortorder=asc&column=row HTTP/1.1" 200 87289
192.99.13.69 - - [19/Jul/2024:03:14:34 +0200] "GET /ticket2/opencms/se/sv/buy/?page=1&edid=F5E693E5-1194-FF5C-C7A1-6811FC741CA2&sortorder=desc&column=price HTTP/1.1" 404 -
217.113.194.214 - - [19/Jul/2024:03:14:39 +0200] "GET /ticket2/opencms/en/buy/?page=1&edid=8D1D6CEE-AFE2-1FB4-E378-1C71A0852032 HTTP/1.1" 200 84560
192.99.13.69 - - [19/Jul/2024:03:14:39 +0200] "GET /ticket2/opencms/se/sv/buy/?page=1&edid=F5E693E5-1194-FF5C-C7A1-6811FC741CA2&sortorder=desc&column=section HTTP/1.1" 404 -
37.57.218.243 - - [19/Jul/2024:03:14:43 +0200] "GET /ticket2/opencms/en/buy/?page=1&edid=C2910EC2-9592-90B0-A42D-A344DFC6DED1&sortorder=asc&column=section HTTP/1.1" 200 87289
192.99.13.69 - - [19/Jul/2024:03:14:44 +0200] "GET /ticket2/opencms/se/sv/buy/?page=1&edid=F65DD1A0-A0E9-09FB-3F5D-33F639C42265 HTTP/1.1" 404 -
154.54.249.216 - - [19/Jul/2024:03:14:47 +0200] "GET /ticket2/opencms/en/buy/?page=1&edid=6CBE2591-0C21-C59A-952D-56E2316290E2 HTTP/1.1" 200 86564
66.249.76.8 - - [19/Jul/2024:03:14:50 +0200] "GET /ticket2/opencms/no/buy?page=1&edid=E289F96B-BF69-A88E-30C1-E3CA6BC29D6C HTTP/1.1" 200 100597
192.99.13.69 - - [19/Jul/2024:03:14:51 +0200] "GET /ticket2/opencms/se/sv/buy/?page=1&edid=F675517E-77A1-26BF-A8E7-E48FFFB49370 HTTP/1.1" 404 -
66.249.76.132 - - [19/Jul/2024:03:14:52 +0200] "GET /ticket2/opencms/sv/buy/?page=1&edid=7BAEEA3D-18C2-CB24-B052-7EDDE423375B HTTP/1.1" 200 111181
66.249.79.231 - - [19/Jul/2024:03:14:54 +0200] "GET /ticket2/opencms/fi/venue/?venueid=FD6D24AC-994F-5C37-30F4-5F926A8E4486 HTTP/1.1" 200 72282
66.249.76.1 - - [19/Jul/2024:03:14:55 +0200] "GET /ticket2/opencms/sv/buy/?page=1&edid=24A843F5-AE99-1BDD-5A34-93381BE14187 HTTP/1.1" 200 91337
37.57.218.243 - - [19/Jul/2024:03:14:55 +0200] "GET /ticket2/opencms/en/buy/?page=1&edid=C2910EC2-9592-90B0-A42D-A344DFC6DED1&sortorder=desc&column=price HTTP/1.1" 200 87288
217.113.194.213 - - [19/Jul/2024:03:14:55 +0200] "GET /ticket2/opencms/en/buy/?page=1&edid=3C740BD7-5418-89D5-329F-E2AA5410EB01 HTTP/1.1" 200 84553
47.128.27.133 - - [19/Jul/2024:03:14:56 +0200] "GET /ticket2/opencms/no/buy/?catid=0A6C99D2-F5BD-7A18-9A5F-5668827042E0&comcatid=A17713B6-D984-201A-4143-ED4DB5ED5C2E&eventid=56CBA715-B928-D58F-6A08-8D95645745F0&page=6 HTTP/1.1" 200 98528
192.99.13.69 - - [19/Jul/2024:03:14:57 +0200] "GET /ticket2/opencms/se/sv/buy/?page=1&edid=F7216009-A72E-CB31-39C7-D48D80BB2FC8 HTTP/1.1" 404 -
47.128.27.133 - - [19/Jul/2024:03:14:57 +0200] "GET /ticket2/opencms/system/modules/com.gridnine.opencms.ticketbrokerage.site/resources/pics/logo-new.png HTTP/1.1" 200 13541
47.128.27.133 - - [19/Jul/2024:03:14:57 +0200] "GET /ticket2/opencms/system/modules/com.gridnine.opencms.ticketbrokerage.site/resources/pics/footer-img.png HTTP/1.1" 200 10350
192.99.13.69 - - [19/Jul/2024:03:15:02 +0200] "GET /ticket2/opencms/se/sv/buy/?page=1&edid=F7216009-A72E-CB31-39C7-D48D80BB2FC8&sortorder=desc&column=row HTTP/1.1" 404 -
217.113.194.220 - - [19/Jul/2024:03:15:04 +0200] "GET /ticket2/opencms/en/buy/?page=1&edid=3D92AFF0-38EA-1559-8B9F-79AE1B251927 HTTP/1.1" 200 86958
47.128.44.0 - - [19/Jul/2024:03:15:07 +0200] "GET /ticket2/opencms/es/buy/?edid=E20DC4B2-605C-6B27-A096-414FF2522D6E HTTP/1.1" 200 72706
47.128.44.0 - - [19/Jul/2024:03:15:08 +0200] "GET /ticket2/opencms/system/modules/com.gridnine.opencms.ticketbrokerage.site/resources/pics/logo-new.png HTTP/1.1" 200 13541
47.128.44.0 - - [19/Jul/2024:03:15:08 +0200] "GET /ticket2/opencms/system/modules/com.gridnine.opencms.ticketbrokerage.site/resources/pics/footer-img.png HTTP/1.1" 200 10350
192.99.13.69 - - [19/Jul/2024:03:15:09 +0200] "GET /ticket2/opencms/se/sv/buy/?page=1&edid=F7216009-A72E-CB31-39C7-D48D80BB2FC8&sortorder=desc&column=section HTTP/1.1" 404 -
217.113.194.213 - - [19/Jul/2024:03:15:12 +0200] "GET /ticket2/opencms/en/buy/?page=1&edid=3DF88A1E-038D-13CF-39DA-8009DDD0C165 HTTP/1.1" 200 86959
37.57.218.243 - - [19/Jul/2024:03:15:14 +0200] "GET /ticket2/opencms/en/buy/?page=1&edid=C2910EC2-9592-90B0-A42D-A344DFC6DED1&sortorder=desc&column=row HTTP/1.1" 200 87288
192.99.13.69 - - [19/Jul/2024:03:15:15 +0200] "GET /ticket2/opencms/se/sv/buy/?page=1&edid=F7ADBC49-B3F9-5F47-5079-2A05B4076CA2 HTTP/1.1" 404 -
47.128.121.45 - - [19/Jul/2024:03:15:20 +0200] "GET /ticket2/opencms/dk/sport/fodboldbilletter/premier-league/wolverhampton/ HTTP/1.1" 200 83978
114.119.153.220 - - [19/Jul/2024:03:15:20 +0200] "GET /ticket2/opencms/admin/index.html HTTP/1.1" 401 -
47.128.121.45 - - [19/Jul/2024:03:15:20 +0200] "GET /ticket2/opencms/system/modules/com.gridnine.opencms.ticketbrokerage.site/resources/pics/logo-new.png HTTP/1.1" 200 13541
192.99.13.69 - - [19/Jul/2024:03:15:20 +0200] "GET /ticket2/opencms/se/sv/buy/?page=1&edid=F7E5ECA4-CD9F-EC14-7129-FB35DEE2617A HTTP/1.1" 404 -
217.113.194.214 - - [19/Jul/2024:03:15:20 +0200] "GET /ticket2/opencms/en/buy/?page=1&edid=4E722101-4569-5A8B-D55C-A65AFE7C34A8 HTTP/1.1" 200 86059
47.128.121.45 - - [19/Jul/2024:03:15:21 +0200] "GET /ticket2/opencms/system/modules/com.gridnine.opencms.ticketbrokerage.site/resources/pics/banners/sv/wolverhampton_fc.jpg HTTP/1.1" 200 37594
47.128.121.45 - - [19/Jul/2024:03:15:21 +0200] "GET /ticket2/opencms/system/modules/com.gridnine.opencms.ticketbrokerage.site/resources/pics/footer-img.png HTTP/1.1" 200 10350
47.128.31.9 - - [19/Jul/2024:03:15:22 +0200] "GET /ticket2/opencms/fi/buy/?comcatid=A17713B6-D984-201A-4143-ED4DB5ED5C2E&catid=F03B8ADD-988E-AE6A-8DBA-AF502C691C60 HTTP/1.1" 200 82828
47.128.31.9 - - [19/Jul/2024:03:15:22 +0200] "GET /ticket2/opencms/system/modules/com.gridnine.opencms.ticketbrokerage.site/resources/pics/logo-new.png HTTP/1.1" 200 13541
37.57.218.243 - - [19/Jul/2024:03:15:22 +0200] "GET /ticket2/opencms/en/buy/?page=1&edid=C2910EC2-9592-90B0-A42D-A344DFC6DED1&sortorder=desc&column=section HTTP/1.1" 200 87288
47.128.31.9 - - [19/Jul/2024:03:15:23 +0200] "GET /ticket2/opencms/system/modules/com.gridnine.opencms.ticketbrokerage.site/resources/pics/footer-img.png HTTP/1.1" 200 10350
192.99.13.69 - - [19/Jul/2024:03:15:26 +0200] "GET /ticket2/opencms/se/sv/buy/?page=1&edid=F7E5ECA4-CD9F-EC14-7129-FB35DEE2617A&sortorder=desc&column=price HTTP/1.1" 404 -
217.113.194.219 - - [19/Jul/2024:03:15:29 +0200] "GET /ticket2/opencms/en/buy/?page=1&edid=4ADF930A-7A46-B485-98C4-0AA4CEB52311 HTTP/1.1" 200 84597
37.57.218.243 - - [19/Jul/2024:03:15:30 +0200] "GET /ticket2/opencms/en/buy/?page=1&edid=CA3FABDD-43B5-8DDC-6DAC-2917B68B145E HTTP/1.1" 200 87259
192.99.13.69 - - [19/Jul/2024:03:15:32 +0200] "GET /ticket2/opencms/se/sv/buy/?page=1&edid=F971B504-A38E-CC54-3E94-36FD288179DE&sortorder=desc&column=section HTTP/1.1" 404 -
217.113.194.214 - - [19/Jul/2024:03:15:37 +0200] "GET /ticket2/opencms/en/buy/?page=1&edid=4AC95674-006C-9688-CED2-9C633AFAA259 HTTP/1.1" 200 86562
192.99.13.69 - - [19/Jul/2024:03:15:38 +0200] "GET /ticket2/opencms/se/sv/buy/?page=1&edid=F98A7298-B6AE-74CA-1979-60ECE40631DA HTTP/1.1" 404 -
37.57.218.243 - - [19/Jul/2024:03:15:42 +0200] "GET /ticket2/opencms/en/buy/?page=1&edid=CA3FABDD-43B5-8DDC-6DAC-2917B68B145E&sortorder=asc&column=row HTTP/1.1" 200 87295
192.99.13.69 - - [19/Jul/2024:03:15:44 +0200] "GET /ticket2/opencms/se/sv/buy/?page=1&edid=F98A7298-B6AE-74CA-1979-60ECE40631DA&sortorder=desc&column=row HTTP/1.1" 404 -
136.243.222.140 - - [19/Jul/2024:03:15:45 +0200] "GET /ticket2/opencms/en/buy?page=1&edid=0E9E6355-4451-3402-6E1E-9044B4B2E5C3 HTTP/1.1" 200 99229
217.113.194.220 - - [19/Jul/2024:03:15:46 +0200] "GET /ticket2/opencms/en/buy/?page=1&edid=4E39D866-D403-44B4-3545-0EE64D7FE386 HTTP/1.1" 200 87144
47.128.38.79 - - [19/Jul/2024:03:15:47 +0200] "GET /ticket2/opencms/en/buy/?eventid=D0B62F92-773A-01D8-AF39-BADE4098B080&page=11&venueid=00240B1E-8538-03A9-D9EC-46848A34DA12 HTTP/1.1" 200 87805
47.128.38.79 - - [19/Jul/2024:03:15:47 +0200] "GET /ticket2/opencms/system/modules/com.gridnine.opencms.ticketbrokerage.site/resources/pics/logo-new.png HTTP/1.1" 200 13541
47.128.38.79 - - [19/Jul/2024:03:15:48 +0200] "GET /ticket2/opencms/system/modules/com.gridnine.opencms.ticketbrokerage.site/resources/pics/footer-img.png HTTP/1.1" 200 10350
192.99.13.69 - - [19/Jul/2024:03:15:49 +0200] "GET /ticket2/opencms/se/sv/buy/?page=1&edid=F98A7298-B6AE-74CA-1979-60ECE40631DA&sortorder=desc&column=section HTTP/1.1" 404 -
37.60.249.191 - - [19/Jul/2024:03:15:51 +0200] "GET /ticket2/opencms/dk/en/buy/?page=1&edid=37CCBCCA-CDAD-6DBB-02E4-092F4F3842E9&sortorder=asc&column=row HTTP/1.1" 404 -
217.113.194.221 - - [19/Jul/2024:03:15:54 +0200] "GET /ticket2/opencms/en/buy/?page=1&edid=4DB4901A-D038-60CD-29D1-2B7AE4A09DA5 HTTP/1.1" 200 84575
192.99.13.69 - - [19/Jul/2024:03:15:55 +0200] "GET /ticket2/opencms/se/sv/buy/?page=1&edid=F9C28169-9DB0-FD34-41D7-E143F8F4A5B7 HTTP/1.1" 404 -
192.99.13.69 - - [19/Jul/2024:03:16:00 +0200] "GET /ticket2/opencms/se/sv/buy/?page=1&edid=F9C28169-9DB0-FD34-41D7-E143F8F4A5B7&sortorder=desc&column=price HTTP/1.1" 404 -
37.57.218.243 - - [19/Jul/2024:03:16:02 +0200] "GET /ticket2/opencms/en/buy/?page=1&edid=CA3FABDD-43B5-8DDC-6DAC-2917B68B145E&sortorder=asc&column=section HTTP/1.1" 200 87295
217.113.194.218 - - [19/Jul/2024:03:16:02 +0200] "GET /ticket2/opencms/en/buy/?page=1&edid=7E18FA70-A311-3D45-AFA1-C2DFF226D565 HTTP/1.1" 200 84546
192.99.13.69 - - [19/Jul/2024:03:16:06 +0200] "GET /ticket2/opencms/se/sv/buy/?page=1&edid=FAED712B-522B-34FA-DE6B-5495BF7FC4C3&sortorder=desc&column=price HTTP/1.1" 404 -
47.128.60.73 - - [19/Jul/2024:03:16:09 +0200] "GET /ticket2/opencms/nl/buy/?catid=E92E6B1B-7CD1-74B1-312C-265A7D8125D0&comcatid=A17713B6-D984-201A-4143-ED4DB5ED5C2E&page=6 HTTP/1.1" 200 81202
37.57.218.243 - - [19/Jul/2024:03:16:09 +0200] "GET /ticket2/opencms/en/buy/?page=1&edid=CA3FABDD-43B5-8DDC-6DAC-2917B68B145E&sortorder=desc&column=price HTTP/1.1" 200 87294
47.128.60.73 - - [19/Jul/2024:03:16:10 +0200] "GET /ticket2/opencms/system/modules/com.gridnine.opencms.ticketbrokerage.site/resources/pics/logo-new.png HTTP/1.1" 200 13541
217.113.194.219 - - [19/Jul/2024:03:16:11 +0200] "GET /ticket2/opencms/en/buy/?page=1&edid=5F7D26EB-71DB-0961-E784-027E5778CBCB HTTP/1.1" 200 87183
47.128.60.73 - - [19/Jul/2024:03:16:11 +0200] "GET /ticket2/opencms/system/modules/com.gridnine.opencms.ticketbrokerage.site/resources/pics/footer-img.png HTTP/1.1" 200 10350
192.99.13.69 - - [19/Jul/2024:03:16:12 +0200] "GET /ticket2/opencms/se/sv/buy/?page=1&edid=FBAFC8C9-2F07-B1EF-CF64-939CD8CFFE64&sortorder=desc&column=row HTTP/1.1" 404 -
47.128.121.36 - - [19/Jul/2024:03:16:12 +0200] "GET /ticket2/opencms/nl/buy/?comcatid=A17713B6-D984-201A-4143-ED4DB5ED5C2E&catid=88C381AD-5D76-A34D-AC15-A7129F8EF5BE HTTP/1.1" 200 80616
47.128.121.36 - - [19/Jul/2024:03:16:13 +0200] "GET /ticket2/opencms/system/modules/com.gridnine.opencms.ticketbrokerage.site/resources/pics/logo-new.png HTTP/1.1" 200 13541
47.128.121.36 - - [19/Jul/2024:03:16:13 +0200] "GET /ticket2/opencms/system/modules/com.gridnine.opencms.ticketbrokerage.site/resources/pics/footer-img.png HTTP/1.1" 200 10350
192.99.13.69 - - [19/Jul/2024:03:16:18 +0200] "GET /ticket2/opencms/se/sv/buy/?page=1&edid=FBB50624-B32A-B7F0-C315-0584FA25CBE8&sortorder=desc&column=price HTTP/1.1" 404 -
217.113.194.218 - - [19/Jul/2024:03:16:19 +0200] "GET /ticket2/opencms/en/buy/?page=1&edid=5EDB8C59-6AB1-6033-53F3-C3947E065C16 HTTP/1.1" 200 86527
37.57.218.243 - - [19/Jul/2024:03:16:23 +0200] "GET /ticket2/opencms/en/buy/?page=1&edid=CA3FABDD-43B5-8DDC-6DAC-2917B68B145E&sortorder=desc&column=row HTTP/1.1" 200 87294
192.99.13.69 - - [19/Jul/2024:03:16:24 +0200] "GET /ticket2/opencms/se/sv/buy/?page=1&edid=FBB50624-B32A-B7F0-C315-0584FA25CBE8&sortorder=desc&column=row HTTP/1.1" 404 -
217.113.194.214 - - [19/Jul/2024:03:16:27 +0200] "GET /ticket2/opencms/en/buy/?page=1&edid=5BBE11E9-221E-0388-81D1-7607B43518F1 HTTP/1.1" 200 86523
192.99.13.69 - - [19/Jul/2024:03:16:29 +0200] "GET /ticket2/opencms/se/sv/buy/?page=1&edid=FBB50624-B32A-B7F0-C315-0584FA25CBE8&sortorder=desc&column=section HTTP/1.1" 404 -
37.57.218.243 - - [19/Jul/2024:03:16:30 +0200] "GET /ticket2/opencms/en/buy/?page=1&edid=CA3FABDD-43B5-8DDC-6DAC-2917B68B145E&sortorder=desc&column=section HTTP/1.1" 200 87294
47.128.40.68 - - [19/Jul/2024:03:16:34 +0200] "GET /ticket2/opencms/no/buy/?page=6&comcatid=A17713B6-D984-201A-4143-ED4DB5ED5C2E&catid=A4D9EA9A-192D-0274-BF26-9C98D8B902AB HTTP/1.1" 200 82972
192.99.13.69 - - [19/Jul/2024:03:16:35 +0200] "GET /ticket2/opencms/se/sv/buy/?page=1&edid=FC8E19AE-C0B2-6E8A-15B8-33A65B1EFF7E HTTP/1.1" 404 -
47.128.40.68 - - [19/Jul/2024:03:16:35 +0200] "GET /ticket2/opencms/system/modules/com.gridnine.opencms.ticketbrokerage.site/resources/pics/logo-new.png HTTP/1.1" 200 13541
47.128.40.68 - - [19/Jul/2024:03:16:35 +0200] "GET /ticket2/opencms/system/modules/com.gridnine.opencms.ticketbrokerage.site/resources/pics/footer-img.png HTTP/1.1" 200 10350
217.113.194.220 - - [19/Jul/2024:03:16:35 +0200] "GET /ticket2/opencms/en/buy/?page=1&edid=5F9726B9-5C92-1C2C-8ACF-AB923040A39F HTTP/1.1" 200 86307
192.99.13.69 - - [19/Jul/2024:03:16:40 +0200] "GET /ticket2/opencms/se/sv/buy/?page=1&edid=FC8E19AE-C0B2-6E8A-15B8-33A65B1EFF7E&sortorder=desc&column=price HTTP/1.1" 404 -
217.113.194.217 - - [19/Jul/2024:03:16:44 +0200] "GET /ticket2/opencms/en/buy/?page=1&edid=9736BC78-EE45-C04A-9E90-03DE4F387842 HTTP/1.1" 200 87061
37.57.218.243 - - [19/Jul/2024:03:16:44 +0200] "GET /ticket2/opencms/en/buy/?page=1&edid=CD6EABFF-F2F6-FE26-CC78-420DEA1CEE33&sortorder=asc&column=price HTTP/1.1" 200 86997
192.99.13.69 - - [19/Jul/2024:03:16:46 +0200] "GET /ticket2/opencms/se/sv/buy/?page=1&edid=FC8E19AE-C0B2-6E8A-15B8-33A65B1EFF7E&sortorder=desc&column=row HTTP/1.1" 404 -
192.99.13.69 - - [19/Jul/2024:03:16:51 +0200] "GET /ticket2/opencms/se/sv/buy/?page=1&edid=FC8E19AE-C0B2-6E8A-15B8-33A65B1EFF7E&sortorder=desc&column=section HTTP/1.1" 404 -
217.113.194.219 - - [19/Jul/2024:03:16:52 +0200] "GET /ticket2/opencms/en/buy/?page=1&edid=243EB3E1-5742-2E61-6FE1-9C31B1193B60 HTTP/1.1" 200 84555
37.57.218.243 - - [19/Jul/2024:03:16:53 +0200] "GET /ticket2/opencms/en/buy/?page=1&edid=CD6EABFF-F2F6-FE26-CC78-420DEA1CEE33&sortorder=asc&column=row HTTP/1.1" 200 86997
192.99.13.69 - - [19/Jul/2024:03:16:57 +0200] "GET /ticket2/opencms/se/sv/buy/?page=1&edid=FD09C638-AEC7-D35A-9E6E-3AEC8C9AE08F&sortorder=desc&column=price HTTP/1.1" 404 -
66.249.79.171 - - [19/Jul/2024:03:16:57 +0200] "GET /ticket2/opencms/sv/buy/?page=1&edid=D4F26649-49E7-D9AD-008F-6A1EF16B5F3C HTTP/1.1" 200 103108
47.128.21.0 - - [19/Jul/2024:03:17:00 +0200] "GET /ticket2/opencms/en/venue/?countryid=E51F1885-F514-FB3D-D1AC-60D5859EEBD8 HTTP/1.1" 200 100101
47.128.21.0 - - [19/Jul/2024:03:17:00 +0200] "GET /ticket2/opencms/system/modules/com.gridnine.opencms.ticketbrokerage.site/resources/pics/logo-new.png HTTP/1.1" 200 13541
47.128.21.0 - - [19/Jul/2024:03:17:01 +0200] "GET /ticket2/opencms/system/modules/com.gridnine.opencms.ticketbrokerage.site/resources/pics/footer-img.png HTTP/1.1" 200 10350
217.113.194.221 - - [19/Jul/2024:03:17:01 +0200] "GET /ticket2/opencms/en/buy/?page=1&edid=5186F801-1E66-F9C1-891D-066ECAEFD23A HTTP/1.1" 200 84592
114.119.135.232 - - [19/Jul/2024:03:17:02 +0200] "GET /ticket2/opencms/en/buy/?page=1&edid=739E0803-1C1B-F2C0-1BBA-C74FC56F4279 HTTP/1.1" 200 86521
192.99.13.69 - - [19/Jul/2024:03:17:03 +0200] "GET /ticket2/opencms/se/sv/buy/?page=1&edid=FD09C638-AEC7-D35A-9E6E-3AEC8C9AE08F&sortorder=desc&column=row HTTP/1.1" 404 -
47.128.19.185 - - [19/Jul/2024:03:17:06 +0200] "GET /ticket2/opencms/fi/buy/?page=1&edid=C8463748-B145-33AD-CEE6-A9DF95CEBC4A HTTP/1.1" 200 98906
47.128.19.185 - - [19/Jul/2024:03:17:07 +0200] "GET /ticket2/opencms/system/modules/com.gridnine.opencms.ticketbrokerage.site/resources/pics/logo-new.png HTTP/1.1" 200 13541
47.128.19.185 - - [19/Jul/2024:03:17:07 +0200] "GET /ticket2/opencms/system/modules/com.gridnine.opencms.ticketbrokerage.site/resources/pics/two_man.png HTTP/1.1" 200 3407
47.128.19.185 - - [19/Jul/2024:03:17:07 +0200] "GET /ticket2/opencms/system/modules/com.gridnine.opencms.ticketbrokerage.site/resources/pics/ticket_info_button.png HTTP/1.1" 200 3820
47.128.19.185 - - [19/Jul/2024:03:17:08 +0200] "GET /ticket2/opencms/venue/san_siro.jpg HTTP/1.1" 200 61662
47.128.19.185 - - [19/Jul/2024:03:17:08 +0200] "GET /ticket2/opencms/system/modules/com.gridnine.opencms.ticketbrokerage.site/resources/pics/footer-img.png HTTP/1.1" 200 10350
192.99.13.69 - - [19/Jul/2024:03:17:08 +0200] "GET /ticket2/opencms/se/sv/buy/?page=1&edid=FD09C638-AEC7-D35A-9E6E-3AEC8C9AE08F&sortorder=desc&column=section HTTP/1.1" 404 -
47.128.19.185 - - [19/Jul/2024:03:17:09 +0200] "GET /ticket2/opencms/fi/ask-form.html HTTP/1.1" 200 3012
114.119.145.88 - - [19/Jul/2024:03:17:09 +0200] "GET /ticket2/opencms/en/venue/?venueid=A58FBBD0-E5F6-D023-AA37-9672F1C99514 HTTP/1.1" 200 70730
217.113.194.213 - - [19/Jul/2024:03:17:09 +0200] "GET /ticket2/opencms/en/buy/?page=1&edid=62370AB9-0CBA-CC14-E7E4-93595D77D918 HTTP/1.1" 200 84542
138.128.174.26 - - [19/Jul/2024:03:17:10 +0200] "GET /ticket2/opencms/de/wp-login.php HTTP/1.1" 404 -
103.82.240.139 - - [19/Jul/2024:03:17:11 +0200] "GET /ticket2/opencms/wp-includes/id3/license.txt/feed/ HTTP/1.1" 404 -
103.82.240.139 - - [19/Jul/2024:03:17:11 +0200] "GET /ticket2/opencms/wp-includes/id3/license.txt/xmlrpc.php?rsd HTTP/1.1" 404 -
103.82.240.139 - - [19/Jul/2024:03:17:11 +0200] "GET /ticket2/opencms/wp-includes/id3/license.txt/blog/wp-includes/wlwmanifest.xml HTTP/1.1" 404 -
103.82.240.139 - - [19/Jul/2024:03:17:11 +0200] "GET /ticket2/opencms/wp-includes/id3/license.txt/web/wp-includes/wlwmanifest.xml HTTP/1.1" 404 -
103.82.240.139 - - [19/Jul/2024:03:17:12 +0200] "GET /ticket2/opencms/wp-includes/id3/license.txt/wordpress/wp-includes/wlwmanifest.xml HTTP/1.1" 404 -
103.82.240.139 - - [19/Jul/2024:03:17:12 +0200] "GET /ticket2/opencms/wp-includes/id3/license.txt/wp/wp-includes/wlwmanifest.xml HTTP/1.1" 404 -
103.82.240.139 - - [19/Jul/2024:03:17:12 +0200] "GET /ticket2/opencms/wp-includes/id3/license.txt/2020/wp-includes/wlwmanifest.xml HTTP/1.1" 404 -
103.82.240.139 - - [19/Jul/2024:03:17:12 +0200] "GET /ticket2/opencms/wp-includes/id3/license.txt/2019/wp-includes/wlwmanifest.xml HTTP/1.1" 404 -
103.82.240.139 - - [19/Jul/2024:03:17:13 +0200] "GET /ticket2/opencms/wp-includes/id3/license.txt/2021/wp-includes/wlwmanifest.xml HTTP/1.1" 404 -
103.82.240.139 - - [19/Jul/2024:03:17:13 +0200] "GET /ticket2/opencms/wp-includes/id3/license.txt/shop/wp-includes/wlwmanifest.xml HTTP/1.1" 404 -
37.60.249.191 - - [19/Jul/2024:03:17:13 +0200] "GET /ticket2/opencms/dk/en/buy/?page=1&edid=386D4B58-BBFD-0F68-7D7C-80B251A6EF10&sortorder=asc&column=price HTTP/1.1" 404 -
103.82.240.139 - - [19/Jul/2024:03:17:13 +0200] "GET /ticket2/opencms/wp-includes/id3/license.txt/wp1/wp-includes/wlwmanifest.xml HTTP/1.1" 404 -
37.57.218.243 - - [19/Jul/2024:03:17:13 +0200] "GET /ticket2/opencms/en/buy/?page=1&edid=CD6EABFF-F2F6-FE26-CC78-420DEA1CEE33&sortorder=asc&column=section HTTP/1.1" 200 86997
103.82.240.139 - - [19/Jul/2024:03:17:13 +0200] "GET /ticket2/opencms/wp-includes/id3/license.txt/test/wp-includes/wlwmanifest.xml HTTP/1.1" 404 -
103.82.240.139 - - [19/Jul/2024:03:17:13 +0200] "GET /ticket2/opencms/wp-includes/id3/license.txt/site/wp-includes/wlwmanifest.xml HTTP/1.1" 404 -
192.99.13.69 - - [19/Jul/2024:03:17:13 +0200] "GET /ticket2/opencms/se/sv/buy/?page=1&edid=FDEB7C2D-C2DD-0C61-E47E-B640A2277142&sortorder=desc&column=row HTTP/1.1" 404 -
103.82.240.139 - - [19/Jul/2024:03:17:14 +0200] "GET /ticket2/opencms/wp-includes/id3/license.txt/cms/wp-includes/wlwmanifest.xml HTTP/1.1" 404 -
217.113.194.214 - - [19/Jul/2024:03:17:17 +0200] "GET /ticket2/opencms/en/buy/?page=1&edid=601ACF38-5C31-FBA9-552E-BFECCB7BA32F HTTP/1.1" 200 86296
185.165.46.37 - - [19/Jul/2024:03:17:18 +0200] "GET /ticket2/opencms/de/wp-login.php HTTP/1.1" 404 -
185.165.46.37 - - [19/Jul/2024:03:17:18 +0200] "GET /ticket2/opencms/dk/wp-login.php HTTP/1.1" 404 -
185.165.46.37 - - [19/Jul/2024:03:17:18 +0200] "GET /ticket2/opencms/de/wp-login.php HTTP/1.1" 404 -
192.99.13.69 - - [19/Jul/2024:03:17:19 +0200] "GET /ticket2/opencms/se/sv/buy/?page=1&edid=FDEB7C2D-C2DD-0C61-E47E-B640A2277142&sortorder=desc&column=section HTTP/1.1" 404 -
47.128.42.154 - - [19/Jul/2024:03:17:24 +0200] "GET /ticket2/opencms/en/buy/?edid=13B08012-5959-046E-FD97-DEC8822E8106 HTTP/1.1" 200 70903
47.128.42.154 - - [19/Jul/2024:03:17:25 +0200] "GET /ticket2/opencms/system/modules/com.gridnine.opencms.ticketbrokerage.site/resources/pics/logo-new.png HTTP/1.1" 200 13541
37.57.218.243 - - [19/Jul/2024:03:17:25 +0200] "GET /ticket2/opencms/en/buy/?page=1&edid=CD6EABFF-F2F6-FE26-CC78-420DEA1CEE33&sortorder=desc&column=price HTTP/1.1" 200 86996
47.128.111.188 - - [19/Jul/2024:03:17:25 +0200] "GET /ticket2/opencms/de/buy/?edid=BBD878B9-BE73-D542-F1BC-32A8FBDE1770 HTTP/1.1" 200 71949
47.128.42.154 - - [19/Jul/2024:03:17:25 +0200] "GET /ticket2/opencms/system/modules/com.gridnine.opencms.ticketbrokerage.site/resources/pics/footer-img.png HTTP/1.1" 200 10350
192.99.13.69 - - [19/Jul/2024:03:17:25 +0200] "GET /ticket2/opencms/se/sv/buy/?page=1&edid=FDF4D335-951F-B198-7BFE-F927A989E5D5&sortorder=desc&column=price HTTP/1.1" 404 -
47.128.111.188 - - [19/Jul/2024:03:17:26 +0200] "GET /ticket2/opencms/system/modules/com.gridnine.opencms.ticketbrokerage.site/resources/pics/logo-new.png HTTP/1.1" 200 13541
217.113.194.221 - - [19/Jul/2024:03:17:26 +0200] "GET /ticket2/opencms/en/buy/?page=1&edid=6018B583-E8C8-6E96-F165-DFDD897381E6 HTTP/1.1" 200 84559
47.128.111.188 - - [19/Jul/2024:03:17:26 +0200] "GET /ticket2/opencms/system/modules/com.gridnine.opencms.ticketbrokerage.site/resources/pics/footer-img.png HTTP/1.1" 200 10350
192.99.13.69 - - [19/Jul/2024:03:17:31 +0200] "GET /ticket2/opencms/se/sv/buy/?page=1&edid=FDF4D335-951F-B198-7BFE-F927A989E5D5&sortorder=desc&column=row HTTP/1.1" 404 -
154.54.249.216 - - [19/Jul/2024:03:17:34 +0200] "GET /ticket2/opencms/en/buy/?page=1&edid=394955EB-67DE-1F21-D60F-76346B858D9B HTTP/1.1" 200 87185
192.99.13.69 - - [19/Jul/2024:03:17:37 +0200] "GET /ticket2/opencms/se/sv/buy/?page=1&edid=FE851C0F-8BE6-7C2D-6D94-6FDB8CB7C40B HTTP/1.1" 404 -
37.57.218.243 - - [19/Jul/2024:03:17:37 +0200] "GET /ticket2/opencms/en/buy/?page=1&edid=CD6EABFF-F2F6-FE26-CC78-420DEA1CEE33&sortorder=desc&column=row HTTP/1.1" 200 86996
63.143.42.252 - - [19/Jul/2024:03:17:41 +0200] "HEAD /ticket2/opencms/ HTTP/1.1" 302 -
192.99.13.69 - - [19/Jul/2024:03:17:42 +0200] "GET /ticket2/opencms/se/sv/buy/?page=1&edid=FEB1B9BE-146E-31E1-1D63-926AAF0E355A&sortorder=desc&column=section HTTP/1.1" 404 -
217.113.194.219 - - [19/Jul/2024:03:17:43 +0200] "GET /ticket2/opencms/en/buy/?page=1&edid=8133C942-66F5-124A-FBC6-6DFF6D7DA76C HTTP/1.1" 200 84541
63.143.42.252 - - [19/Jul/2024:03:17:45 +0200] "HEAD /ticket2/opencms/en/ HTTP/1.1" 200 -
136.243.59.237 - - [19/Jul/2024:03:17:45 +0200] "GET /ticket2/opencms/en/buy?page=1&edid=EE5FBB3F-5DE5-7AF4-5DB6-F4D1706153C7 HTTP/1.1" 200 99238
114.119.159.6 - - [19/Jul/2024:03:17:47 +0200] "GET /ticket2/opencms/en/sell/?edid=AB2F1C58-6A5B-E2CD-095A-4BF1DF689D46 HTTP/1.1" 302 -
47.128.20.46 - - [19/Jul/2024:03:17:48 +0200] "GET /ticket2/opencms/de/buy/?catid=5ED34547-492C-90DA-709D-448345844685&comcatid=0A6B8208-FDA4-E929-9D72-5312FD481B76 HTTP/1.1" 200 75799
192.99.13.69 - - [19/Jul/2024:03:17:48 +0200] "GET /ticket2/opencms/se/sv/buy/?page=1&edid=FEB4F54E-22CA-FAFF-43DE-5DFA194E61AA&sortorder=desc&column=row HTTP/1.1" 404 -
47.128.20.46 - - [19/Jul/2024:03:17:48 +0200] "GET /ticket2/opencms/system/modules/com.gridnine.opencms.ticketbrokerage.site/resources/pics/logo-new.png HTTP/1.1" 200 13541
47.128.20.46 - - [19/Jul/2024:03:17:49 +0200] "GET /ticket2/opencms/system/modules/com.gridnine.opencms.ticketbrokerage.site/resources/pics/footer-img.png HTTP/1.1" 200 10350
217.113.194.221 - - [19/Jul/2024:03:17:51 +0200] "GET /ticket2/opencms/en/buy/?page=1&edid=516D2084-D01E-11D1-0C8F-230D7B392DCC HTTP/1.1" 200 87627
114.119.159.6 - - [19/Jul/2024:03:17:51 +0200] "GET /ticket2/opencms/en/login/?url=/en/sell/ HTTP/1.1" 200 72802
176.53.223.16 - - [19/Jul/2024:03:17:51 +0200] "GET /ticket2/opencms/ HTTP/1.1" 302 -
176.53.223.16 - - [19/Jul/2024:03:17:52 +0200] "GET /ticket2/opencms/en/ HTTP/1.1" 200 94039
192.99.13.69 - - [19/Jul/2024:03:17:53 +0200] "GET /ticket2/opencms/se/sv/buy/?page=1&edid=FFD295A3-4EEF-0AC4-F4B4-46E2317B286E&sortorder=desc&column=price HTTP/1.1" 404 -
47.128.20.117 - - [19/Jul/2024:03:17:58 +0200] "GET /ticket2/opencms/fi/venue/?venueid=1331789E-22D7-FAB8-583C-218875CD19E1 HTTP/1.1" 200 72304
37.57.218.243 - - [19/Jul/2024:03:17:59 +0200] "GET /ticket2/opencms/en/buy/?page=1&edid=CD6EABFF-F2F6-FE26-CC78-420DEA1CEE33&sortorder=desc&column=section HTTP/1.1" 200 86996
66.249.79.74 - - [19/Jul/2024:03:17:59 +0200] "GET /ticket2/opencms/fi/urheilu/jalkapallo/premier_league/manchester_united/ HTTP/1.1" 200 85434
192.99.13.69 - - [19/Jul/2024:03:17:59 +0200] "GET /ticket2/opencms/se/sv/buy/?page=1&edid=FFD295A3-4EEF-0AC4-F4B4-46E2317B286E&sortorder=desc&column=row HTTP/1.1" 404 -
66.249.79.172 - - [19/Jul/2024:03:17:59 +0200] "GET /ticket2/opencms/fi/venue/?venueid=986C5FEB-2D10-01B8-2D92-96427E4A1223 HTTP/1.1" 200 72389
217.113.194.216 - - [19/Jul/2024:03:17:59 +0200] "GET /ticket2/opencms/en/buy/?page=1&edid=3511A6BD-2BA2-1F59-6DF1-4766F0AF728B HTTP/1.1" 200 84565
47.128.20.117 - - [19/Jul/2024:03:17:59 +0200] "GET /ticket2/opencms/system/modules/com.gridnine.opencms.ticketbrokerage.site/resources/pics/logo-new.png HTTP/1.1" 200 13541
47.128.20.117 - - [19/Jul/2024:03:18:00 +0200] "GET /ticket2/opencms/system/modules/com.gridnine.opencms.ticketbrokerage.site/resources/pics/footer-img.png HTTP/1.1" 200 10350
190.92.208.148 - - [19/Jul/2024:03:18:04 +0200] "GET /ticket2/opencms/de/magazine/article?title=fussball-em-2024 HTTP/1.1" 200 74002
192.99.13.69 - - [19/Jul/2024:03:18:05 +0200] "GET /ticket2/opencms/se/sv/buy/?page=1&edid=FFD295A3-4EEF-0AC4-F4B4-46E2317B286E&sortorder=desc&column=section HTTP/1.1" 404 -
136.243.222.140 - - [19/Jul/2024:03:18:05 +0200] "GET /ticket2/opencms/en/buy?page=1&edid=2B877732-5277-2CC6-D9D2-67E5CDEA4143 HTTP/1.1" 200 115457
176.53.221.98 - - [19/Jul/2024:03:18:05 +0200] "GET /ticket2/opencms/favicon.ico HTTP/1.1" 200 1406
217.113.194.215 - - [19/Jul/2024:03:18:07 +0200] "GET /ticket2/opencms/en/buy/?page=1&edid=82524E40-55AE-10F3-4A2A-EECF70573402 HTTP/1.1" 200 31
192.99.13.69 - - [19/Jul/2024:03:18:10 +0200] "GET /ticket2/opencms/se/sv/buy/?page=1&edid=FFE7AC64-DCEA-90F2-F563-995D821F5866&sortorder=desc&column=row HTTP/1.1" 404 -
37.57.218.243 - - [19/Jul/2024:03:18:10 +0200] "GET /ticket2/opencms/en/buy/?page=1&edid=D5C4F50D-2A92-D0EC-6476-87E00BCDB682 HTTP/1.1" 200 87626
47.128.44.29 - - [19/Jul/2024:03:18:13 +0200] "GET /ticket2/opencms/fi/buy/?page=1&edid=78077671-6D1C-6384-F4E3-25AAC0A5B810 HTTP/1.1" 200 112162
89.104.110.1 - - [19/Jul/2024:03:18:13 +0200] "GET /ticket2/opencms/ HTTP/1.1" 302 -
47.128.44.29 - - [19/Jul/2024:03:18:14 +0200] "GET /ticket2/opencms/system/modules/com.gridnine.opencms.ticketbrokerage.site/resources/pics/logo-new.png HTTP/1.1" 200 13541
47.128.44.29 - - [19/Jul/2024:03:18:14 +0200] "GET /ticket2/opencms/system/modules/com.gridnine.opencms.ticketbrokerage.site/resources/pics/two_man.png HTTP/1.1" 200 3407
47.128.44.29 - - [19/Jul/2024:03:18:15 +0200] "GET /ticket2/opencms/venue/selhurst_park.png HTTP/1.1" 200 26892
47.128.44.29 - - [19/Jul/2024:03:18:15 +0200] "GET /ticket2/opencms/system/modules/com.gridnine.opencms.ticketbrokerage.site/resources/pics/ticket_info_button.png HTTP/1.1" 200 3820
47.128.44.29 - - [19/Jul/2024:03:18:15 +0200] "GET /ticket2/opencms/system/modules/com.gridnine.opencms.ticketbrokerage.site/resources/pics/footer-img.png HTTP/1.1" 200 10350
47.128.44.29 - - [19/Jul/2024:03:18:15 +0200] "GET /ticket2/opencms/fi/ask-form.html HTTP/1.1" 200 3012
192.99.13.69 - - [19/Jul/2024:03:18:15 +0200] "GET /ticket2/opencms/se/sv/buy/?page=1&edid=FFE7AC64-DCEA-90F2-F563-995D821F5866&sortorder=desc&column=section HTTP/1.1" 404 -
154.54.249.216 - - [19/Jul/2024:03:18:16 +0200] "GET /ticket2/opencms/en/buy/?page=1&edid=264DB923-06FA-D8A7-A197-91C5C88301EB HTTP/1.1" 200 87183
37.60.249.191 - - [19/Jul/2024:03:18:18 +0200] "GET /ticket2/opencms/dk/en/buy/?page=1&edid=386D4B58-BBFD-0F68-7D7C-80B251A6EF10&sortorder=asc&column=row HTTP/1.1" 404 -
37.57.218.243 - - [19/Jul/2024:03:18:19 +0200] "GET /ticket2/opencms/en/buy/?page=1&edid=D5C4F50D-2A92-D0EC-6476-87E00BCDB682&sortorder=asc&column=price HTTP/1.1" 200 87662
192.99.13.69 - - [19/Jul/2024:03:18:19 +0200] "GET /ticket2/opencms/se/sv/login/?edid=037F7D58-F025-6DA7-A67A-3BE5E3996F20 HTTP/1.1" 404 -
192.99.13.69 - - [19/Jul/2024:03:18:23 +0200] "GET /ticket2/opencms/se/sv/login/?edid=0A3542C4-2C38-210A-C335-CD494E25E6D2 HTTP/1.1" 404 -
40.77.167.76 - - [19/Jul/2024:03:18:24 +0200] "GET /ticket2/opencms/nl/buy/?page=1&edid=C3C2958F-64DF-91F9-F3D9-8F3CEBC7A797 HTTP/1.1" 200 92808
154.54.249.216 - - [19/Jul/2024:03:18:24 +0200] "GET /ticket2/opencms/en/buy/?page=1&edid=CADE7D67-5381-2FA1-8307-17A68D9AA917 HTTP/1.1" 200 86302
216.244.66.238 - - [19/Jul/2024:03:18:25 +0200] "GET /ticket2/opencms/dk/en/venue/?venueid=7DE2C374-815B-4259-16EB-46FF20885F41 HTTP/1.1" 404 -
192.99.13.69 - - [19/Jul/2024:03:18:26 +0200] "GET /ticket2/opencms/se/sv/login/?edid=0CBB46CA-9AD5-9B88-BA0F-7754E32E2606 HTTP/1.1" 404 -
89.104.101.220 - - [19/Jul/2024:03:18:28 +0200] "GET /ticket2/opencms/favicon.ico HTTP/1.1" 200 1406
192.99.13.69 - - [19/Jul/2024:03:18:30 +0200] "GET /ticket2/opencms/se/sv/login/?edid=0F8744B2-A108-647C-1F63-181C4766CA41 HTTP/1.1" 404 -
114.119.154.181 - - [19/Jul/2024:03:18:30 +0200] "GET /ticket2/opencms/en/sell/?edid=57459A80-66BC-2154-84E8-27032EAB09A5 HTTP/1.1" 302 -
37.57.218.243 - - [19/Jul/2024:03:18:30 +0200] "GET /ticket2/opencms/en/buy/?page=1&edid=D5C4F50D-2A92-D0EC-6476-87E00BCDB682&sortorder=asc&column=row HTTP/1.1" 200 87662
