185.217.125.68 - - [03/Sep/2024:00:00:02 +0200] "GET /ticket2/opencms/dk/en/buy/?page=1&edid=5D1E6341-9E15-1B70-94F1-6D5375385314&sortorder=asc&column=section HTTP/1.1" 404 -
94.23.7.187 - - [03/Sep/2024:00:00:02 +0200] "GET /ticket2/opencms/fi/buy/?page=1&edid=650FDD1F-5A1C-AEA4-D5C4-D336D1D7E3C6 HTTP/1.1" 200 91989
52.167.144.20 - - [03/Sep/2024:00:00:04 +0200] "GET /ticket2/opencms/en/ HTTP/1.1" 200 108882
185.217.125.68 - - [03/Sep/2024:00:00:06 +0200] "GET /ticket2/opencms/dk/en/buy/?page=1&edid=5D316A17-67AE-AB26-3845-7466FBF7E082&sortorder=desc&column=price HTTP/1.1" 404 -
185.217.125.68 - - [03/Sep/2024:00:00:11 +0200] "GET /ticket2/opencms/dk/en/buy/?page=1&edid=5D316A17-67AE-AB26-3845-7466FBF7E082&sortorder=desc&column=row HTTP/1.1" 404 -
94.23.7.187 - - [03/Sep/2024:00:00:12 +0200] "GET /ticket2/opencms/fi/buy/?page=1&edid=66421F7F-588E-5C63-F6C6-DAD22E369929 HTTP/1.1" 200 92447
185.217.125.68 - - [03/Sep/2024:00:00:15 +0200] "GET /ticket2/opencms/dk/en/buy/?page=1&edid=5D316A17-67AE-AB26-3845-7466FBF7E082&sortorder=desc&column=section HTTP/1.1" 404 -
185.217.125.68 - - [03/Sep/2024:00:00:19 +0200] "GET /ticket2/opencms/dk/en/buy/?page=1&edid=5D493DC0-3521-1F48-FB59-88048F0708BF&sortorder=desc&column=row HTTP/1.1" 404 -
185.217.125.68 - - [03/Sep/2024:00:00:23 +0200] "GET /ticket2/opencms/dk/en/buy/?page=1&edid=5D9F4E02-B2F1-ABA6-EDB5-F9404644FB92&sortorder=asc&column=section HTTP/1.1" 404 -
94.23.7.187 - - [03/Sep/2024:00:00:24 +0200] "GET /ticket2/opencms/fi/buy/?page=1&edid=66421F7F-588E-5C63-F6C6-DAD22E369929&sortorder=asc&column=price HTTP/1.1" 200 92483
85.208.96.202 - - [03/Sep/2024:00:00:26 +0200] "GET /ticket2/opencms/nl/sport/voetbal-tickets/serie_a/inter/ HTTP/1.1" 200 82986
185.217.125.68 - - [03/Sep/2024:00:00:28 +0200] "GET /ticket2/opencms/dk/en/buy/?page=1&edid=5E2833BD-759D-DAB8-6122-CED71566E7F9&sortorder=desc&column=price HTTP/1.1" 404 -
185.217.125.68 - - [03/Sep/2024:00:00:32 +0200] "GET /ticket2/opencms/dk/en/buy/?page=1&edid=5E60F796-6D53-8AB5-090D-781711DA58D6&sortorder=asc&column=section HTTP/1.1" 404 -
81.57.9.14 - - [03/Sep/2024:00:00:33 +0200] "GET /ticket2/opencms/set_aff_cookie.jsp?partner=53673ED6-1455-FA54-818F-B1F67121E37C&url=/it/buy/index.html%3Fpage%3D1%26edid%3D78DAC12B-37C2-8767-69E1-3ACF75009F29%26hlv%3D668689f2-ad60-4f35-8d07-142b0a01000f%23v_1791383222 HTTP/1.1" 200 226
81.57.9.14 - - [03/Sep/2024:00:00:34 +0200] "GET /ticket2/opencms/it/buy/?page=1&edid=78DAC12B-37C2-8767-69E1-3ACF75009F29&hlv=668689f2-ad60-4f35-8d07-142b0a01000f HTTP/1.1" 200 107563
81.57.9.14 - - [03/Sep/2024:00:00:34 +0200] "GET /ticket2/opencms/system/modules/com.gridnine.opencms.ticketbrokerage.site/resources/js/jquery/jquery.js HTTP/1.1" 200 93868
81.57.9.14 - - [03/Sep/2024:00:00:34 +0200] "GET /ticket2/opencms/system/modules/com.gridnine.opencms.ticketbrokerage.site/resources/js/jquery/jquery-ui.js HTTP/1.1" 200 228088
81.57.9.14 - - [03/Sep/2024:00:00:34 +0200] "GET /ticket2/opencms/system/modules/com.gridnine.opencms.ticketbrokerage.site/resources/css/standard.css HTTP/1.1" 200 73054
81.57.9.14 - - [03/Sep/2024:00:00:34 +0200] "GET /ticket2/opencms/system/modules/com.gridnine.opencms.ticketbrokerage.site/resources/css/calendar.css HTTP/1.1" 200 6871
81.57.9.14 - - [03/Sep/2024:00:00:34 +0200] "GET /ticket2/opencms/system/modules/com.gridnine.opencms.ticketbrokerage.site/resources/css/ticketbrokerage.css HTTP/1.1" 200 39339
81.57.9.14 - - [03/Sep/2024:00:00:34 +0200] "GET /ticket2/opencms/system/modules/com.gridnine.opencms.ticketbrokerage.site/resources/css/jquery-ui.css HTTP/1.1" 200 33221
81.57.9.14 - - [03/Sep/2024:00:00:34 +0200] "GET /ticket2/opencms/system/modules/com.gridnine.opencms.ticketbrokerage.site/resources/css/jquery.fancybox.css HTTP/1.1" 200 4939
81.57.9.14 - - [03/Sep/2024:00:00:34 +0200] "GET /ticket2/opencms/system/modules/com.gridnine.opencms.ticketbrokerage.site/resources/js/functions.js HTTP/1.1" 200 1583
81.57.9.14 - - [03/Sep/2024:00:00:34 +0200] "GET /ticket2/opencms/system/modules/com.gridnine.opencms.ticketbrokerage.site/resources/js/calendar-en.js HTTP/1.1" 200 3338
81.57.9.14 - - [03/Sep/2024:00:00:34 +0200] "GET /ticket2/opencms/system/modules/com.gridnine.opencms.ticketbrokerage.site/resources/js/calendar.js HTTP/1.1" 200 49229
81.57.9.14 - - [03/Sep/2024:00:00:34 +0200] "GET /ticket2/opencms/system/modules/com.gridnine.opencms.ticketbrokerage.site/resources/js/calendar-setup.js HTTP/1.1" 200 4923
81.57.9.14 - - [03/Sep/2024:00:00:34 +0200] "GET /ticket2/opencms/system/modules/com.gridnine.opencms.ticketbrokerage.site/resources/js/jquery.fancybox.pack.js HTTP/1.1" 200 23187
81.57.9.14 - - [03/Sep/2024:00:00:34 +0200] "GET /ticket2/opencms/system/modules/com.gridnine.opencms.ticketbrokerage.site/resources/js/stickyfill.min.js HTTP/1.1" 200 5672
81.57.9.14 - - [03/Sep/2024:00:00:34 +0200] "GET /ticket2/opencms/system/modules/com.gridnine.opencms.ticketbrokerage.site/resources/js/standard.js HTTP/1.1" 200 3978
81.57.9.14 - - [03/Sep/2024:00:00:34 +0200] "GET /ticket2/opencms/system/modules/com.gridnine.opencms.ticketbrokerage.site/resources/js/jquery.placeholder.min.js HTTP/1.1" 200 1737
81.57.9.14 - - [03/Sep/2024:00:00:34 +0200] "GET /ticket2/opencms/system/modules/com.gridnine.opencms.ticketbrokerage.site/resources/js/common-ajax.js HTTP/1.1" 200 20175
81.57.9.14 - - [03/Sep/2024:00:00:34 +0200] "GET /ticket2/opencms/system/modules/com.gridnine.opencms.ticketbrokerage.site/resources/pics/logo-new.png HTTP/1.1" 200 13541
81.57.9.14 - - [03/Sep/2024:00:00:34 +0200] "GET /ticket2/opencms/img/insta.png HTTP/1.1" 200 3967
81.57.9.14 - - [03/Sep/2024:00:00:34 +0200] "GET /ticket2/opencms/system/modules/com.gridnine.opencms.ticketbrokerage.site/resources/pics/0.gif HTTP/1.1" 200 43
81.57.9.14 - - [03/Sep/2024:00:00:34 +0200] "GET /ticket2/opencms/venue/santiago-bernabeu.jpg HTTP/1.1" 200 223960
81.57.9.14 - - [03/Sep/2024:00:00:34 +0200] "GET /ticket2/opencms/img/fb.png HTTP/1.1" 200 1269
81.57.9.14 - - [03/Sep/2024:00:00:34 +0200] "GET /ticket2/opencms/system/modules/com.gridnine.opencms.ticketbrokerage.site/resources/pics/two_man.png HTTP/1.1" 200 3407
81.57.9.14 - - [03/Sep/2024:00:00:34 +0200] "GET /ticket2/opencms/system/modules/com.gridnine.opencms.ticketbrokerage.site/resources/pics/ticket_info_button.png HTTP/1.1" 200 3820
81.57.9.14 - - [03/Sep/2024:00:00:34 +0200] "GET /ticket2/opencms/system/modules/com.gridnine.opencms.ticketbrokerage.site/resources/pics/footer-img.jpg HTTP/1.1" 200 67642
81.57.9.14 - - [03/Sep/2024:00:00:34 +0200] "GET /ticket2/opencms/img/check.png HTTP/1.1" 200 548
81.57.9.14 - - [03/Sep/2024:00:00:34 +0200] "GET /ticket2/opencms/img/icons/globe-white.png HTTP/1.1" 200 947
81.57.9.14 - - [03/Sep/2024:00:00:35 +0200] "GET /ticket2/opencms/img/mail.png HTTP/1.1" 200 403
81.57.9.14 - - [03/Sep/2024:00:00:35 +0200] "GET /ticket2/opencms/img/chat.png HTTP/1.1" 200 416
81.57.9.14 - - [03/Sep/2024:00:00:35 +0200] "GET /ticket2/opencms/img/arrow.png HTTP/1.1" 200 753
81.57.9.14 - - [03/Sep/2024:00:00:35 +0200] "GET /ticket2/opencms/img/icons/se.png HTTP/1.1" 200 1258
81.57.9.14 - - [03/Sep/2024:00:00:35 +0200] "GET /ticket2/opencms/it/ask-form.html HTTP/1.1" 200 3156
81.57.9.14 - - [03/Sep/2024:00:00:35 +0200] "GET /ticket2/opencms/img/icons/it.png HTTP/1.1" 200 2040
81.57.9.14 - - [03/Sep/2024:00:00:35 +0200] "GET /ticket2/opencms/system/modules/com.gridnine.opencms.ticketbrokerage.site/resources/pics/arrow.gif HTTP/1.1" 200 344
81.57.9.14 - - [03/Sep/2024:00:00:35 +0200] "GET /ticket2/opencms/system/modules/com.gridnine.opencms.ticketbrokerage.site/resources/css/ticketbrokerage.css HTTP/1.1" 200 39339
85.208.96.203 - - [03/Sep/2024:00:00:35 +0200] "GET /ticket2/opencms/dk/sport/fodboldbilletter/champions_league/ac_milan/ HTTP/1.1" 200 75350
81.57.9.14 - - [03/Sep/2024:00:00:35 +0200] "GET /ticket2/opencms/system/modules/com.gridnine.opencms.ticketbrokerage.site/resources/pics/button1_center.gif HTTP/1.1" 200 66
81.57.9.14 - - [03/Sep/2024:00:00:35 +0200] "GET /ticket2/opencms/system/modules/com.gridnine.opencms.ticketbrokerage.site/resources/pics/button1_right.gif HTTP/1.1" 200 232
81.57.9.14 - - [03/Sep/2024:00:00:35 +0200] "GET /ticket2/opencms/system/modules/com.gridnine.opencms.ticketbrokerage.site/resources/pics/button1_left.gif HTTP/1.1" 200 232
81.57.9.14 - - [03/Sep/2024:00:00:35 +0200] "GET /ticket2/opencms/img/icons/dk.png HTTP/1.1" 200 1706
81.57.9.14 - - [03/Sep/2024:00:00:36 +0200] "GET /ticket2/opencms/img/icons/de.png HTTP/1.1" 200 1124
81.57.9.14 - - [03/Sep/2024:00:00:36 +0200] "GET /ticket2/opencms/img/icons/nl.png HTTP/1.1" 200 1255
185.217.125.68 - - [03/Sep/2024:00:00:36 +0200] "GET /ticket2/opencms/dk/en/buy/?page=1&edid=5E81605B-F9CB-7DC0-8289-8F2317082EE7 HTTP/1.1" 404 -
81.57.9.14 - - [03/Sep/2024:00:00:36 +0200] "GET /ticket2/opencms/img/icons/no.png HTTP/1.1" 200 1958
81.57.9.14 - - [03/Sep/2024:00:00:37 +0200] "GET /ticket2/opencms/img/icons/fr.png HTTP/1.1" 200 1764
81.57.9.14 - - [03/Sep/2024:00:00:37 +0200] "GET /ticket2/opencms/img/icons/en.png HTTP/1.1" 200 2415
81.57.9.14 - - [03/Sep/2024:00:00:37 +0200] "GET /ticket2/opencms/img/icons/es.png HTTP/1.1" 200 1005
81.57.9.14 - - [03/Sep/2024:00:00:37 +0200] "GET /ticket2/opencms/img/icons/fi.png HTTP/1.1" 200 1785
81.57.9.14 - - [03/Sep/2024:00:00:38 +0200] "GET /ticket2/opencms/img/arrow-down.png HTTP/1.1" 200 192
81.57.9.14 - - [03/Sep/2024:00:00:38 +0200] "GET /ticket2/opencms/system/modules/com.gridnine.opencms.ticketbrokerage.site/resources/js/standard.js HTTP/1.1" 200 3978
81.57.9.14 - - [03/Sep/2024:00:00:38 +0200] "GET /ticket2/opencms/img/icons/ticket2.thumbnail.png HTTP/1.1" 200 21519
94.23.7.187 - - [03/Sep/2024:00:00:38 +0200] "GET /ticket2/opencms/fi/buy/?page=1&edid=66870AC2-190A-A6B7-504A-473B5293D621 HTTP/1.1" 200 92390
81.57.9.14 - - [03/Sep/2024:00:00:39 +0200] "GET /ticket2/opencms/system/modules/com.gridnine.opencms.ticketbrokerage.site/resources/css/images/ui-bg_flat_75_ffffff_40x100.png HTTP/1.1" 404 -
114.119.132.104 - - [03/Sep/2024:00:00:39 +0200] "GET /ticket2/opencms/en/venue/?venueid=BB7269F8-B61E-FA7E-A9DA-3606646F64C6 HTTP/1.1" 200 70790
185.217.125.68 - - [03/Sep/2024:00:00:41 +0200] "GET /ticket2/opencms/dk/en/buy/?page=1&edid=5E81605B-F9CB-7DC0-8289-8F2317082EE7&sortorder=desc&column=row HTTP/1.1" 404 -
66.249.79.233 - - [03/Sep/2024:00:00:43 +0200] "GET /ticket2/opencms/venue/liberty_stadium.png HTTP/1.1" 200 250802
185.217.125.68 - - [03/Sep/2024:00:00:44 +0200] "GET /ticket2/opencms/dk/en/buy/?page=1&edid=5E81605B-F9CB-7DC0-8289-8F2317082EE7&sortorder=desc&column=section HTTP/1.1" 404 -
66.249.76.161 - - [03/Sep/2024:00:00:46 +0200] "GET /ticket2/opencms/it/buy?page=1&edid=8DE7A210-45E0-8C09-63EA-28CBA5412C0E HTTP/1.1" 200 116132
185.217.125.68 - - [03/Sep/2024:00:00:48 +0200] "GET /ticket2/opencms/dk/en/buy/?page=1&edid=5EC52470-E937-6D51-5DDF-4616EED64101&sortorder=desc&column=section HTTP/1.1" 404 -
66.249.79.231 - - [03/Sep/2024:00:00:48 +0200] "GET /ticket2/opencms/system/modules/com.gridnine.opencms.ticketbrokerage.site/resources/js/jquery/jquery-ui.js HTTP/1.1" 200 228088
94.23.7.187 - - [03/Sep/2024:00:00:51 +0200] "GET /ticket2/opencms/fi/buy/?page=1&edid=66D7854C-CB77-BF50-08AD-031DC22392AB&sortorder=asc&column=section HTTP/1.1" 200 93121
185.217.125.68 - - [03/Sep/2024:00:00:51 +0200] "GET /ticket2/opencms/dk/en/buy/?page=1&edid=5F1C22FA-8A11-87C4-4A0E-B6903CEB2A35&sortorder=asc&column=section HTTP/1.1" 404 -
185.217.125.68 - - [03/Sep/2024:00:00:55 +0200] "GET /ticket2/opencms/dk/en/buy/?page=1&edid=5F1F86AC-2D0F-448B-1D5B-5FDE7EBC259B&sortorder=asc&column=row HTTP/1.1" 404 -
185.217.125.68 - - [03/Sep/2024:00:00:58 +0200] "GET /ticket2/opencms/dk/en/buy/?page=1&edid=5F1F86AC-2D0F-448B-1D5B-5FDE7EBC259B&sortorder=asc&column=section HTTP/1.1" 404 -
94.23.7.187 - - [03/Sep/2024:00:00:59 +0200] "GET /ticket2/opencms/fi/buy/?page=1&edid=66D7854C-CB77-BF50-08AD-031DC22392AB&sortorder=desc&column=section HTTP/1.1" 200 93120
185.217.125.68 - - [03/Sep/2024:00:01:01 +0200] "GET /ticket2/opencms/dk/en/buy/?page=1&edid=5F3D0AE0-EFCD-2439-F9BD-E71CF7C32617&sortorder=asc&column=section HTTP/1.1" 404 -
185.217.125.68 - - [03/Sep/2024:00:01:05 +0200] "GET /ticket2/opencms/dk/en/buy/?page=1&edid=5F9CBC91-A30C-7040-A069-3D1F7045684F HTTP/1.1" 404 -
94.23.7.187 - - [03/Sep/2024:00:01:06 +0200] "GET /ticket2/opencms/fi/buy/?page=1&edid=672A3C6F-40D0-0A91-661F-3F64D5642035&sortorder=desc&column=row HTTP/1.1" 200 91384
185.217.125.68 - - [03/Sep/2024:00:01:08 +0200] "GET /ticket2/opencms/dk/en/buy/?page=1&edid=5F9CBC91-A30C-7040-A069-3D1F7045684F&sortorder=desc&column=section HTTP/1.1" 404 -
216.244.66.238 - - [03/Sep/2024:00:01:10 +0200] "GET /ticket2/opencms/dk/buy/?comcatid=66708183-7480-3365-06BF-DBF60280AB45 HTTP/1.1" 200 73701
185.217.125.68 - - [03/Sep/2024:00:01:12 +0200] "GET /ticket2/opencms/dk/en/buy/?page=1&edid=5FF30AB9-4C2B-5D59-31F0-3F0E1E70CA95&sortorder=asc&column=row HTTP/1.1" 404 -
185.217.125.68 - - [03/Sep/2024:00:01:15 +0200] "GET /ticket2/opencms/dk/en/buy/?page=1&edid=600E5724-46EB-08C5-B5E5-D7BD0E0C6B05&sortorder=desc&column=price HTTP/1.1" 404 -
185.217.125.68 - - [03/Sep/2024:00:01:19 +0200] "GET /ticket2/opencms/dk/en/buy/?page=1&edid=600E5724-46EB-08C5-B5E5-D7BD0E0C6B05&sortorder=desc&column=row HTTP/1.1" 404 -
94.23.7.187 - - [03/Sep/2024:00:01:19 +0200] "GET /ticket2/opencms/fi/buy/?page=1&edid=672A3C6F-40D0-0A91-661F-3F64D5642035&sortorder=desc&column=section HTTP/1.1" 200 91384
185.217.125.68 - - [03/Sep/2024:00:01:22 +0200] "GET /ticket2/opencms/dk/en/buy/?page=1&edid=600E5724-46EB-08C5-B5E5-D7BD0E0C6B05&sortorder=desc&column=section HTTP/1.1" 404 -
185.217.125.68 - - [03/Sep/2024:00:01:27 +0200] "GET /ticket2/opencms/dk/en/buy/?page=1&edid=6013960B-6822-2E35-1FA5-E8D66CD59F68&sortorder=asc&column=price HTTP/1.1" 404 -
216.244.66.238 - - [03/Sep/2024:00:01:29 +0200] "GET /ticket2/opencms/dk/buy/?page=1&edid=00059B5F-DE26-4FE8-9C34-25454FE29501 HTTP/1.1" 200 90935
185.217.125.68 - - [03/Sep/2024:00:01:31 +0200] "GET /ticket2/opencms/dk/en/buy/?page=1&edid=6013960B-6822-2E35-1FA5-E8D66CD59F68&sortorder=asc&column=row HTTP/1.1" 404 -
94.23.7.187 - - [03/Sep/2024:00:01:31 +0200] "GET /ticket2/opencms/fi/buy/?page=1&edid=674E44F7-8D0C-6D16-3C00-6B88D439BF8F&sortorder=asc&column=row HTTP/1.1" 200 92436
185.217.125.68 - - [03/Sep/2024:00:01:36 +0200] "GET /ticket2/opencms/dk/en/buy/?page=1&edid=60532372-36DE-90FC-6B04-5789BEA27CC4&sortorder=desc&column=section HTTP/1.1" 404 -
85.208.96.206 - - [03/Sep/2024:00:01:36 +0200] "GET /ticket2/opencms/nl/buy_safety/ HTTP/1.1" 200 71708
185.217.125.68 - - [03/Sep/2024:00:01:40 +0200] "GET /ticket2/opencms/dk/en/buy/?page=1&edid=606531C5-CF71-89DE-0E4C-EEBAF097DA09&sortorder=desc&column=price HTTP/1.1" 404 -
94.23.7.187 - - [03/Sep/2024:00:01:43 +0200] "GET /ticket2/opencms/fi/buy/?page=1&edid=684D905A-2199-2913-490D-5F8C5B97B520 HTTP/1.1" 200 92453
81.57.9.14 - - [03/Sep/2024:00:01:44 +0200] "GET /ticket2/opencms/it/buy?page=2&sodvid=668689f3-565c-4095-be39-142b0a01000f HTTP/1.1" 200 100620
81.57.9.14 - - [03/Sep/2024:00:01:44 +0200] "GET /ticket2/opencms/system/modules/com.gridnine.opencms.ticketbrokerage.site/resources/js/calendar-en.js HTTP/1.1" 200 3338
81.57.9.14 - - [03/Sep/2024:00:01:44 +0200] "GET /ticket2/opencms/system/modules/com.gridnine.opencms.ticketbrokerage.site/resources/js/calendar-setup.js HTTP/1.1" 200 4923
81.57.9.14 - - [03/Sep/2024:00:01:44 +0200] "GET /ticket2/opencms/system/modules/com.gridnine.opencms.ticketbrokerage.site/resources/js/standard.js HTTP/1.1" 200 3978
81.57.9.14 - - [03/Sep/2024:00:01:44 +0200] "GET /ticket2/opencms/system/modules/com.gridnine.opencms.ticketbrokerage.site/resources/css/calendar.css HTTP/1.1" 200 6871
81.57.9.14 - - [03/Sep/2024:00:01:44 +0200] "GET /ticket2/opencms/system/modules/com.gridnine.opencms.ticketbrokerage.site/resources/css/standard.css HTTP/1.1" 200 73054
81.57.9.14 - - [03/Sep/2024:00:01:44 +0200] "GET /ticket2/opencms/system/modules/com.gridnine.opencms.ticketbrokerage.site/resources/js/calendar.js HTTP/1.1" 200 49229
81.57.9.14 - - [03/Sep/2024:00:01:44 +0200] "GET /ticket2/opencms/system/modules/com.gridnine.opencms.ticketbrokerage.site/resources/js/functions.js HTTP/1.1" 200 1583
81.57.9.14 - - [03/Sep/2024:00:01:44 +0200] "GET /ticket2/opencms/system/modules/com.gridnine.opencms.ticketbrokerage.site/resources/css/ticketbrokerage.css HTTP/1.1" 200 39339
185.217.125.68 - - [03/Sep/2024:00:01:44 +0200] "GET /ticket2/opencms/dk/en/buy/?page=1&edid=606531C5-CF71-89DE-0E4C-EEBAF097DA09&sortorder=desc&column=row HTTP/1.1" 404 -
81.57.9.14 - - [03/Sep/2024:00:01:45 +0200] "GET /ticket2/opencms/system/modules/com.gridnine.opencms.ticketbrokerage.site/resources/css/images/ui-bg_flat_75_ffffff_40x100.png HTTP/1.1" 404 -
216.244.66.238 - - [03/Sep/2024:00:01:46 +0200] "GET /ticket2/opencms/dk/buy/?page=1&edid=07D063F2-E88B-66B3-2176-A8CD7061F92B HTTP/1.1" 200 87785
185.217.125.68 - - [03/Sep/2024:00:01:48 +0200] "GET /ticket2/opencms/dk/en/buy/?page=1&edid=606531C5-CF71-89DE-0E4C-EEBAF097DA09&sortorder=desc&column=section HTTP/1.1" 404 -
81.57.9.14 - - [03/Sep/2024:00:01:52 +0200] "GET /ticket2/opencms/set_aff_cookie.jsp?partner=53673ED6-1455-FA54-818F-B1F67121E37C&url=/it/buy/index.html%3Fpage%3D1%26edid%3D78DAC12B-37C2-8767-69E1-3ACF75009F29%26hlv%3D668689f2-ad60-4f35-8d07-142b0a01000f%23v_1791383222 HTTP/1.1" 200 226
185.217.125.68 - - [03/Sep/2024:00:01:52 +0200] "GET /ticket2/opencms/dk/en/buy/?page=1&edid=60CC2C09-82B0-47D4-2A40-416D054D80D9&sortorder=asc&column=price HTTP/1.1" 404 -
81.57.9.14 - - [03/Sep/2024:00:01:52 +0200] "GET /ticket2/opencms/it/buy/?page=1&edid=78DAC12B-37C2-8767-69E1-3ACF75009F29&hlv=668689f2-ad60-4f35-8d07-142b0a01000f HTTP/1.1" 200 107563
81.57.9.14 - - [03/Sep/2024:00:01:53 +0200] "GET /ticket2/opencms/system/modules/com.gridnine.opencms.ticketbrokerage.site/resources/js/calendar-en.js HTTP/1.1" 200 3338
185.217.125.68 - - [03/Sep/2024:00:01:56 +0200] "GET /ticket2/opencms/dk/en/buy/?page=1&edid=6107D58F-F85C-BA86-16B2-9BB9429A0FCE HTTP/1.1" 404 -
81.57.9.14 - - [03/Sep/2024:00:01:56 +0200] "GET /ticket2/opencms/set_aff_cookie.jsp?partner=53673ED6-1455-FA54-818F-B1F67121E37C&url=/it/buy/index.html%3Fpage%3D1%26edid%3D78DAC12B-37C2-8767-69E1-3ACF75009F29%26hlv%3D668689f2-ad60-4f35-8d07-142b0a01000f%23v_1791383222 HTTP/1.1" 200 226
94.23.7.187 - - [03/Sep/2024:00:01:56 +0200] "GET /ticket2/opencms/fi/buy/?page=1&edid=68CBD72A-BA20-7850-7C5D-7A4CBB551B2F&sortorder=asc&column=price HTTP/1.1" 200 92621
81.57.9.14 - - [03/Sep/2024:00:01:56 +0200] "GET /ticket2/opencms/it/buy/?page=1&edid=78DAC12B-37C2-8767-69E1-3ACF75009F29&hlv=668689f2-ad60-4f35-8d07-142b0a01000f HTTP/1.1" 200 107563
81.57.9.14 - - [03/Sep/2024:00:01:57 +0200] "GET /ticket2/opencms/system/modules/com.gridnine.opencms.ticketbrokerage.site/resources/js/calendar-en.js HTTP/1.1" 200 3338
81.47.23.145 - - [03/Sep/2024:00:01:59 +0200] "GET /ticket2/opencms/system/modules/com.gridnine.opencms.ticketbrokerage.site/resources/css/ticketbrokerage.css HTTP/1.1" 200 39339
81.47.23.145 - - [03/Sep/2024:00:01:59 +0200] "GET /ticket2/opencms/es/deporte/entradas-futbol/serie-a/ HTTP/1.1" 200 84903
81.47.23.145 - - [03/Sep/2024:00:01:59 +0200] "GET /ticket2/opencms/system/modules/com.gridnine.opencms.ticketbrokerage.site/resources/css/calendar.css HTTP/1.1" 200 6871
81.47.23.145 - - [03/Sep/2024:00:01:59 +0200] "GET /ticket2/opencms/system/modules/com.gridnine.opencms.ticketbrokerage.site/resources/css/jquery-ui.css HTTP/1.1" 200 33221
81.47.23.145 - - [03/Sep/2024:00:01:59 +0200] "GET /ticket2/opencms/system/modules/com.gridnine.opencms.ticketbrokerage.site/resources/css/standard.css HTTP/1.1" 200 73054
81.47.23.145 - - [03/Sep/2024:00:02:00 +0200] "GET /ticket2/opencms/system/modules/com.gridnine.opencms.ticketbrokerage.site/resources/js/jquery/jquery.js HTTP/1.1" 200 93868
81.47.23.145 - - [03/Sep/2024:00:02:00 +0200] "GET /ticket2/opencms/system/modules/com.gridnine.opencms.ticketbrokerage.site/resources/css/jquery.fancybox.css HTTP/1.1" 200 4939
81.47.23.145 - - [03/Sep/2024:00:02:00 +0200] "GET /ticket2/opencms/system/modules/com.gridnine.opencms.ticketbrokerage.site/resources/js/jquery/jquery-ui.js HTTP/1.1" 200 228088
81.47.23.145 - - [03/Sep/2024:00:02:00 +0200] "GET /ticket2/opencms/system/modules/com.gridnine.opencms.ticketbrokerage.site/resources/js/functions.js HTTP/1.1" 200 1583
81.47.23.145 - - [03/Sep/2024:00:02:00 +0200] "GET /ticket2/opencms/system/modules/com.gridnine.opencms.ticketbrokerage.site/resources/js/calendar.js HTTP/1.1" 200 49229
81.47.23.145 - - [03/Sep/2024:00:02:00 +0200] "GET /ticket2/opencms/system/modules/com.gridnine.opencms.ticketbrokerage.site/resources/js/calendar-en.js HTTP/1.1" 200 3338
81.47.23.145 - - [03/Sep/2024:00:02:00 +0200] "GET /ticket2/opencms/system/modules/com.gridnine.opencms.ticketbrokerage.site/resources/js/calendar-setup.js HTTP/1.1" 200 4923
81.47.23.145 - - [03/Sep/2024:00:02:00 +0200] "GET /ticket2/opencms/system/modules/com.gridnine.opencms.ticketbrokerage.site/resources/js/jquery.fancybox.pack.js HTTP/1.1" 200 23187
81.47.23.145 - - [03/Sep/2024:00:02:00 +0200] "GET /ticket2/opencms/system/modules/com.gridnine.opencms.ticketbrokerage.site/resources/js/stickyfill.min.js HTTP/1.1" 200 5672
81.47.23.145 - - [03/Sep/2024:00:02:00 +0200] "GET /ticket2/opencms/system/modules/com.gridnine.opencms.ticketbrokerage.site/resources/js/jquery.placeholder.min.js HTTP/1.1" 200 1737
81.47.23.145 - - [03/Sep/2024:00:02:00 +0200] "GET /ticket2/opencms/system/modules/com.gridnine.opencms.ticketbrokerage.site/resources/js/standard.js HTTP/1.1" 200 3978
81.47.23.145 - - [03/Sep/2024:00:02:00 +0200] "GET /ticket2/opencms/system/modules/com.gridnine.opencms.ticketbrokerage.site/resources/js/common-ajax.js HTTP/1.1" 200 20175
81.47.23.145 - - [03/Sep/2024:00:02:00 +0200] "GET /ticket2/opencms/system/modules/com.gridnine.opencms.ticketbrokerage.site/resources/pics/logo-new.png HTTP/1.1" 200 13541
81.47.23.145 - - [03/Sep/2024:00:02:00 +0200] "GET /ticket2/opencms/img/fb.png HTTP/1.1" 200 1269
81.47.23.145 - - [03/Sep/2024:00:02:00 +0200] "GET /ticket2/opencms/img/insta.png HTTP/1.1" 200 3967
81.47.23.145 - - [03/Sep/2024:00:02:00 +0200] "GET /ticket2/opencms/img/check.png HTTP/1.1" 200 548
81.47.23.145 - - [03/Sep/2024:00:02:00 +0200] "GET /ticket2/opencms/system/modules/com.gridnine.opencms.ticketbrokerage.site/resources/pics/footer-img.jpg HTTP/1.1" 200 67642
81.47.23.145 - - [03/Sep/2024:00:02:00 +0200] "GET /ticket2/opencms/img/mail.png HTTP/1.1" 200 403
81.47.23.145 - - [03/Sep/2024:00:02:00 +0200] "GET /ticket2/opencms/img/chat.png HTTP/1.1" 200 416
81.47.23.145 - - [03/Sep/2024:00:02:00 +0200] "GET /ticket2/opencms/img/arrow.png HTTP/1.1" 200 753
81.47.23.145 - - [03/Sep/2024:00:02:00 +0200] "GET /ticket2/opencms/img/hero-team.jpeg HTTP/1.1" 200 73065
185.217.125.68 - - [03/Sep/2024:00:02:00 +0200] "GET /ticket2/opencms/dk/en/buy/?page=1&edid=6109DB42-8448-AF8C-0413-27987C97E070&sortorder=asc&column=section HTTP/1.1" 404 -
81.47.23.145 - - [03/Sep/2024:00:02:01 +0200] "GET /ticket2/opencms/img/icons/globe-white.png HTTP/1.1" 200 947
81.47.23.145 - - [03/Sep/2024:00:02:01 +0200] "GET /ticket2/opencms/img/icons/no.png HTTP/1.1" 200 1958
81.47.23.145 - - [03/Sep/2024:00:02:01 +0200] "GET /ticket2/opencms/img/icons/se.png HTTP/1.1" 200 1258
81.47.23.145 - - [03/Sep/2024:00:02:01 +0200] "GET /ticket2/opencms/img/icons/dk.png HTTP/1.1" 200 1706
81.47.23.145 - - [03/Sep/2024:00:02:01 +0200] "GET /ticket2/opencms/img/icons/fi.png HTTP/1.1" 200 1785
81.47.23.145 - - [03/Sep/2024:00:02:01 +0200] "GET /ticket2/opencms/img/icons/nl.png HTTP/1.1" 200 1255
81.47.23.145 - - [03/Sep/2024:00:02:01 +0200] "GET /ticket2/opencms/img/icons/de.png HTTP/1.1" 200 1124
81.47.23.145 - - [03/Sep/2024:00:02:01 +0200] "GET /ticket2/opencms/img/icons/fr.png HTTP/1.1" 200 1764
81.47.23.145 - - [03/Sep/2024:00:02:01 +0200] "GET /ticket2/opencms/img/icons/es.png HTTP/1.1" 200 1005
81.47.23.145 - - [03/Sep/2024:00:02:01 +0200] "GET /ticket2/opencms/img/icons/it.png HTTP/1.1" 200 2040
81.47.23.145 - - [03/Sep/2024:00:02:01 +0200] "GET /ticket2/opencms/img/icons/en.png HTTP/1.1" 200 2415
114.119.153.211 - - [03/Sep/2024:00:02:01 +0200] "GET /ticket2/opencms/en/buy/?page=1&edid=0D331935-EF80-0088-085C-E939FFFC7B08 HTTP/1.1" 200 87926
81.47.23.145 - - [03/Sep/2024:00:02:02 +0200] "GET /ticket2/opencms/system/modules/com.gridnine.opencms.ticketbrokerage.site/resources/js/standard.js HTTP/1.1" 200 3978
81.47.23.145 - - [03/Sep/2024:00:02:02 +0200] "GET /ticket2/opencms/img/icons/ticket2.thumbnail.png HTTP/1.1" 200 21519
216.244.66.238 - - [03/Sep/2024:00:02:02 +0200] "GET /ticket2/opencms/dk/buy/?page=1&edid=56B6B6E6-C7E2-379B-D9F5-F289D890A616 HTTP/1.1" 200 88430
81.47.23.145 - - [03/Sep/2024:00:02:04 +0200] "GET /ticket2/opencms/system/modules/com.gridnine.opencms.ticketbrokerage.site/resources/css/images/ui-bg_flat_75_ffffff_40x100.png HTTP/1.1" 404 -
185.217.125.68 - - [03/Sep/2024:00:02:04 +0200] "GET /ticket2/opencms/dk/en/buy/?page=1&edid=615C56F3-C0DF-3EAA-3F5D-6B586A7FBFB9&sortorder=desc&column=price HTTP/1.1" 404 -
81.47.23.145 - - [03/Sep/2024:00:02:08 +0200] "GET /ticket2/opencms/es/deporte/entradas-futbol/serie-a/napoli HTTP/1.1" 200 76467
185.217.125.68 - - [03/Sep/2024:00:02:08 +0200] "GET /ticket2/opencms/dk/en/buy/?page=1&edid=615C56F3-C0DF-3EAA-3F5D-6B586A7FBFB9&sortorder=desc&column=row HTTP/1.1" 404 -
85.208.96.209 - - [03/Sep/2024:00:02:08 +0200] "GET /ticket2/opencms/de/sport/fussball-tickets/english-championship/ HTTP/1.1" 200 86359
81.47.23.145 - - [03/Sep/2024:00:02:08 +0200] "GET /ticket2/opencms/system/modules/com.gridnine.opencms.ticketbrokerage.site/resources/css/ticketbrokerage.css HTTP/1.1" 200 39339
81.47.23.145 - - [03/Sep/2024:00:02:08 +0200] "GET /ticket2/opencms/system/modules/com.gridnine.opencms.ticketbrokerage.site/resources/css/calendar.css HTTP/1.1" 200 6871
81.47.23.145 - - [03/Sep/2024:00:02:08 +0200] "GET /ticket2/opencms/system/modules/com.gridnine.opencms.ticketbrokerage.site/resources/css/standard.css HTTP/1.1" 200 73054
81.47.23.145 - - [03/Sep/2024:00:02:08 +0200] "GET /ticket2/opencms/system/modules/com.gridnine.opencms.ticketbrokerage.site/resources/js/functions.js HTTP/1.1" 200 1583
81.47.23.145 - - [03/Sep/2024:00:02:08 +0200] "GET /ticket2/opencms/system/modules/com.gridnine.opencms.ticketbrokerage.site/resources/js/calendar-en.js HTTP/1.1" 200 3338
81.47.23.145 - - [03/Sep/2024:00:02:08 +0200] "GET /ticket2/opencms/system/modules/com.gridnine.opencms.ticketbrokerage.site/resources/js/calendar.js HTTP/1.1" 200 49229
81.47.23.145 - - [03/Sep/2024:00:02:08 +0200] "GET /ticket2/opencms/system/modules/com.gridnine.opencms.ticketbrokerage.site/resources/js/calendar-setup.js HTTP/1.1" 200 4923
81.47.23.145 - - [03/Sep/2024:00:02:08 +0200] "GET /ticket2/opencms/system/modules/com.gridnine.opencms.ticketbrokerage.site/resources/js/standard.js HTTP/1.1" 200 3978
81.47.23.145 - - [03/Sep/2024:00:02:08 +0200] "GET /ticket2/opencms/system/modules/com.gridnine.opencms.ticketbrokerage.site/resources/css/images/ui-bg_flat_75_ffffff_40x100.png HTTP/1.1" 404 -
94.23.7.187 - - [03/Sep/2024:00:02:09 +0200] "GET /ticket2/opencms/fi/buy/?page=1&edid=68CBD72A-BA20-7850-7C5D-7A4CBB551B2F&sortorder=asc&column=row HTTP/1.1" 200 92621
207.46.13.78 - - [03/Sep/2024:00:02:12 +0200] "GET /ticket2/opencms/sv/sport/fotbollsbiljetter/premier_league/liverpool/arsenal.html HTTP/1.1" 200 84072
185.217.125.68 - - [03/Sep/2024:00:02:12 +0200] "GET /ticket2/opencms/dk/en/buy/?page=1&edid=615C56F3-C0DF-3EAA-3F5D-6B586A7FBFB9&sortorder=desc&column=section HTTP/1.1" 404 -
185.217.125.68 - - [03/Sep/2024:00:02:16 +0200] "GET /ticket2/opencms/dk/en/buy/?page=1&edid=61A920BB-7501-6BA5-BF61-F395A116E7BC HTTP/1.1" 404 -
216.244.66.238 - - [03/Sep/2024:00:02:17 +0200] "GET /ticket2/opencms/dk/buy/?page=1&edid=B801EBB3-0D7A-1D46-716A-CBC1332789A4 HTTP/1.1" 200 91827
114.119.153.220 - - [03/Sep/2024:00:02:18 +0200] "GET /ticket2/opencms/en/sell/?edid=FC0C5A3D-89D5-4CCC-0C13-E556ACA3DDE8 HTTP/1.1" 302 -
94.23.7.187 - - [03/Sep/2024:00:02:19 +0200] "GET /ticket2/opencms/fi/buy/?page=1&edid=68CBD72A-BA20-7850-7C5D-7A4CBB551B2F&sortorder=asc&column=section HTTP/1.1" 200 92621
185.217.125.68 - - [03/Sep/2024:00:02:20 +0200] "GET /ticket2/opencms/dk/en/buy/?page=1&edid=620907EC-3A39-4A79-FEFF-F2397A9221F9 HTTP/1.1" 404 -
114.119.153.220 - - [03/Sep/2024:00:02:22 +0200] "GET /ticket2/opencms/en/login/?url=/en/sell/ HTTP/1.1" 200 72921
185.217.125.68 - - [03/Sep/2024:00:02:25 +0200] "GET /ticket2/opencms/dk/en/buy/?page=1&edid=620FB84E-EC65-2AF9-5BE5-018CEFF1DFAC&sortorder=asc&column=row HTTP/1.1" 404 -
81.47.23.145 - - [03/Sep/2024:00:02:27 +0200] "GET /ticket2/opencms/es/deporte/entradas-futbol/serie-a/ HTTP/1.1" 200 84903
185.217.125.68 - - [03/Sep/2024:00:02:30 +0200] "GET /ticket2/opencms/dk/en/buy/?page=1&edid=620FB84E-EC65-2AF9-5BE5-018CEFF1DFAC&sortorder=asc&column=section HTTP/1.1" 404 -
216.244.66.238 - - [03/Sep/2024:00:02:30 +0200] "GET /ticket2/opencms/dk/buy/?page=1&edid=C5A1A03B-96D4-6596-0A10-BBFFF2557083 HTTP/1.1" 200 91830
114.119.130.175 - - [03/Sep/2024:00:02:33 +0200] "GET /ticket2/opencms/en/venue/?venueid=498C90F3-607E-EF53-F9E3-58E2CED85E08 HTTP/1.1" 200 70810
185.217.125.68 - - [03/Sep/2024:00:02:34 +0200] "GET /ticket2/opencms/dk/en/buy/?page=1&edid=626D6770-17E9-BC21-0111-AAFA15CA9F3B&sortorder=asc&column=price HTTP/1.1" 404 -
94.23.7.187 - - [03/Sep/2024:00:02:35 +0200] "GET /ticket2/opencms/fi/buy/?page=1&edid=68CBD72A-BA20-7850-7C5D-7A4CBB551B2F&sortorder=desc&column=price HTTP/1.1" 200 92620
66.249.79.7 - - [03/Sep/2024:00:02:38 +0200] "GET /ticket2/opencms/sv/venue/?venueid=C193D8AF-9A65-C470-2EE4-1ED9D3240C58 HTTP/1.1" 200 71717
185.217.125.68 - - [03/Sep/2024:00:02:38 +0200] "GET /ticket2/opencms/dk/en/buy/?page=1&edid=626D6770-17E9-BC21-0111-AAFA15CA9F3B&sortorder=asc&column=row HTTP/1.1" 404 -
185.217.125.68 - - [03/Sep/2024:00:02:42 +0200] "GET /ticket2/opencms/dk/en/buy/?page=1&edid=62771AC5-B6A4-CA99-7698-E23F6FB31315 HTTP/1.1" 404 -
216.244.66.238 - - [03/Sep/2024:00:02:43 +0200] "GET /ticket2/opencms/en/buy/?page=1&edid=1F639E94-CF6E-403B-2FCC-FBB087375287 HTTP/1.1" 200 91091
94.23.7.187 - - [03/Sep/2024:00:02:43 +0200] "GET /ticket2/opencms/fi/buy/?page=1&edid=68CBD72A-BA20-7850-7C5D-7A4CBB551B2F&sortorder=desc&column=row HTTP/1.1" 200 92620
185.217.125.68 - - [03/Sep/2024:00:02:46 +0200] "GET /ticket2/opencms/dk/en/buy/?page=1&edid=62771AC5-B6A4-CA99-7698-E23F6FB31315&sortorder=desc&column=price HTTP/1.1" 404 -
207.46.13.78 - - [03/Sep/2024:00:02:50 +0200] "GET /ticket2/opencms/sv/sport/fotbollsbiljetter/premier_league/west_ham_united/manchester_united.html HTTP/1.1" 200 72267
185.217.125.68 - - [03/Sep/2024:00:02:51 +0200] "GET /ticket2/opencms/dk/en/buy/?page=1&edid=62771AC5-B6A4-CA99-7698-E23F6FB31315&sortorder=desc&column=row HTTP/1.1" 404 -
94.23.7.187 - - [03/Sep/2024:00:02:52 +0200] "GET /ticket2/opencms/fi/buy/?page=1&edid=69463D93-1B94-ECEF-559A-83CDF9B19DD4&sortorder=desc&column=price HTTP/1.1" 200 92447
216.244.66.238 - - [03/Sep/2024:00:02:55 +0200] "GET /ticket2/opencms/en/buy/?page=1&edid=33DFE045-D5B7-2100-8386-0E155E26F731 HTTP/1.1" 200 90643
52.167.144.228 - - [03/Sep/2024:00:02:55 +0200] "GET /ticket2/opencms/en/buy/?page=1&edid=44CD154D-D83E-03F8-519C-AFF6B2AD9729 HTTP/1.1" 200 90523
40.77.167.5 - - [03/Sep/2024:00:02:55 +0200] "GET /ticket2/opencms/en/venue/?venueid=BCA44AE3-0AA2-97FD-825B-60825F01067E HTTP/1.1" 200 70876
185.217.125.68 - - [03/Sep/2024:00:02:56 +0200] "GET /ticket2/opencms/dk/en/buy/?page=1&edid=62771AC5-B6A4-CA99-7698-E23F6FB31315&sortorder=desc&column=section HTTP/1.1" 404 -
40.77.167.5 - - [03/Sep/2024:00:02:57 +0200] "GET /ticket2/opencms/sv/sport/fotbollsbiljetter/premier_league/manchester_city/ HTTP/1.1" 200 86661
94.23.7.187 - - [03/Sep/2024:00:03:00 +0200] "GET /ticket2/opencms/fi/buy/?page=1&edid=69506FC1-DC51-E940-143C-703B80149366&sortorder=desc&column=price HTTP/1.1" 200 91872
185.217.125.68 - - [03/Sep/2024:00:03:00 +0200] "GET /ticket2/opencms/dk/en/buy/?page=1&edid=627BF5EC-6240-2A46-0193-C651C9FF6656 HTTP/1.1" 404 -
185.217.125.68 - - [03/Sep/2024:00:03:05 +0200] "GET /ticket2/opencms/dk/en/buy/?page=1&edid=627BF5EC-6240-2A46-0193-C651C9FF6656&sortorder=desc&column=price HTTP/1.1" 404 -
216.244.66.238 - - [03/Sep/2024:00:03:06 +0200] "GET /ticket2/opencms/en/buy/?page=1&edid=867E5C69-A11C-A0A4-176A-7AA1621CA972 HTTP/1.1" 200 89669
185.217.125.68 - - [03/Sep/2024:00:03:09 +0200] "GET /ticket2/opencms/dk/en/buy/?page=1&edid=627BF5EC-6240-2A46-0193-C651C9FF6656&sortorder=desc&column=section HTTP/1.1" 404 -
94.23.7.187 - - [03/Sep/2024:00:03:13 +0200] "GET /ticket2/opencms/fi/buy/?page=1&edid=69506FC1-DC51-E940-143C-703B80149366&sortorder=desc&column=section HTTP/1.1" 200 91872
66.249.76.161 - - [03/Sep/2024:00:03:14 +0200] "GET /ticket2/opencms/fi/urheilu/hockey/nhl/ny-rangers/ HTTP/1.1" 200 74909
185.217.125.68 - - [03/Sep/2024:00:03:14 +0200] "GET /ticket2/opencms/dk/en/buy/?page=1&edid=62A92563-39B8-3109-2117-18D000C2EB87&sortorder=desc&column=section HTTP/1.1" 404 -
216.244.66.238 - - [03/Sep/2024:00:03:17 +0200] "GET /ticket2/opencms/en/buy/?page=1&edid=9B9311EB-B4D2-9499-BE79-EAD276FCD2D7 HTTP/1.1" 200 90103
185.217.125.68 - - [03/Sep/2024:00:03:18 +0200] "GET /ticket2/opencms/dk/en/buy/?page=1&edid=62AFF885-1ED6-9E4D-919B-D2AE6BC8EB02 HTTP/1.1" 404 -
185.217.125.68 - - [03/Sep/2024:00:03:22 +0200] "GET /ticket2/opencms/dk/en/buy/?page=1&edid=62AFF885-1ED6-9E4D-919B-D2AE6BC8EB02&sortorder=desc&column=row HTTP/1.1" 404 -
94.23.7.187 - - [03/Sep/2024:00:03:24 +0200] "GET /ticket2/opencms/fi/buy/?page=1&edid=69571FE3-BCCB-6B4D-10DE-A0CAF566AE90 HTTP/1.1" 200 93078
216.244.66.238 - - [03/Sep/2024:00:03:26 +0200] "GET /ticket2/opencms/en/buy/?page=1&edid=A03EAA2C-2EFF-45A8-B381-DF86A299AA05 HTTP/1.1" 200 90021
185.217.125.68 - - [03/Sep/2024:00:03:27 +0200] "GET /ticket2/opencms/dk/en/buy/?page=1&edid=62AFF885-1ED6-9E4D-919B-D2AE6BC8EB02&sortorder=desc&column=section HTTP/1.1" 404 -
185.217.125.68 - - [03/Sep/2024:00:03:31 +0200] "GET /ticket2/opencms/dk/en/buy/?page=1&edid=62B68E56-055C-CB31-F20A-D011FF81E19C HTTP/1.1" 404 -
94.23.7.187 - - [03/Sep/2024:00:03:33 +0200] "GET /ticket2/opencms/fi/buy/?page=1&edid=69571FE3-BCCB-6B4D-10DE-A0CAF566AE90&sortorder=desc&column=price HTTP/1.1" 200 93113
216.244.66.238 - - [03/Sep/2024:00:03:33 +0200] "GET /ticket2/opencms/en/buy/?page=1&edid=AD7CC956-29A2-9E10-9B81-D673B6C0E599 HTTP/1.1" 200 90684
185.217.125.68 - - [03/Sep/2024:00:03:36 +0200] "GET /ticket2/opencms/dk/en/buy/?page=1&edid=62B68E56-055C-CB31-F20A-D011FF81E19C&sortorder=desc&column=price HTTP/1.1" 404 -
216.244.66.238 - - [03/Sep/2024:00:03:40 +0200] "GET /ticket2/opencms/en/buy/?page=1&edid=CA586440-2614-3334-BC2E-BE71BA9F9152 HTTP/1.1" 200 90686
185.217.125.68 - - [03/Sep/2024:00:03:40 +0200] "GET /ticket2/opencms/dk/en/buy/?page=1&edid=62B68E56-055C-CB31-F20A-D011FF81E19C&sortorder=desc&column=row HTTP/1.1" 404 -
185.217.125.68 - - [03/Sep/2024:00:03:44 +0200] "GET /ticket2/opencms/dk/en/buy/?page=1&edid=62B68E56-055C-CB31-F20A-D011FF81E19C&sortorder=desc&column=section HTTP/1.1" 404 -
94.23.7.187 - - [03/Sep/2024:00:03:45 +0200] "GET /ticket2/opencms/fi/buy/?page=1&edid=6CE73640-861F-E63B-F569-7CD77E2D3806&sortorder=desc&column=section HTTP/1.1" 200 92393
185.217.125.68 - - [03/Sep/2024:00:03:49 +0200] "GET /ticket2/opencms/dk/en/buy/?page=1&edid=62CB2DA8-A51C-2DD3-0924-FD12E707B427&sortorder=asc&column=price HTTP/1.1" 404 -
216.244.66.238 - - [03/Sep/2024:00:03:50 +0200] "GET /ticket2/opencms/en/buy/?page=1&edid=CA6EF36A-6385-DFBE-FFD1-54DF296DF33B HTTP/1.1" 200 90671
94.23.7.187 - - [03/Sep/2024:00:03:53 +0200] "GET /ticket2/opencms/fi/buy/?page=1&edid=7FB0F437-7C59-E915-B16B-7B2C5BCEFA77 HTTP/1.1" 200 92401
185.217.125.68 - - [03/Sep/2024:00:03:54 +0200] "GET /ticket2/opencms/dk/en/buy/?page=1&edid=631B7B95-4A80-92E3-56CC-8C92B2697E4D&sortorder=asc&column=row HTTP/1.1" 404 -
207.46.13.78 - - [03/Sep/2024:00:03:56 +0200] "GET /ticket2/opencms/dk/buy?page=1&edid=8EE24D2F-4BF0-A103-6944-36103BCA6278 HTTP/1.1" 200 101753
185.217.125.68 - - [03/Sep/2024:00:03:58 +0200] "GET /ticket2/opencms/dk/en/buy/?page=1&edid=635AA585-25E7-8B92-FFF5-B98A8D491D6C&sortorder=desc&column=price HTTP/1.1" 404 -
216.244.66.238 - - [03/Sep/2024:00:03:59 +0200] "GET /ticket2/opencms/en/venue/?venueid=0725E5C4-26A9-F67A-29C9-2E7909757F42 HTTP/1.1" 200 70861
185.217.125.68 - - [03/Sep/2024:00:04:02 +0200] "GET /ticket2/opencms/dk/en/buy/?page=1&edid=63896850-13C8-8957-A8F3-B8A345840B32&sortorder=desc&column=price HTTP/1.1" 404 -
94.23.7.187 - - [03/Sep/2024:00:04:03 +0200] "GET /ticket2/opencms/fi/buy/?page=1&edid=7FB0F437-7C59-E915-B16B-7B2C5BCEFA77&sortorder=desc&column=price HTTP/1.1" 200 92436
216.244.66.238 - - [03/Sep/2024:00:04:06 +0200] "GET /ticket2/opencms/en/venue/?venueid=7017A2F5-FDAD-0EE7-3D35-B52980248ADD HTTP/1.1" 200 70879
185.217.125.68 - - [03/Sep/2024:00:04:07 +0200] "GET /ticket2/opencms/dk/en/buy/?page=1&edid=6391B8D2-4805-E3DF-858D-572DEDE95203&sortorder=asc&column=price HTTP/1.1" 404 -
185.217.125.68 - - [03/Sep/2024:00:04:11 +0200] "GET /ticket2/opencms/dk/en/buy/?page=1&edid=7EDF1BEF-5D50-8727-2707-09268639FF35&sortorder=desc&column=price HTTP/1.1" 404 -
216.244.66.238 - - [03/Sep/2024:00:04:11 +0200] "GET /ticket2/opencms/en/venue/?venueid=A2304C12-61B2-7435-B7FE-9A2EC7393267 HTTP/1.1" 200 70847
52.167.144.195 - - [03/Sep/2024:00:04:12 +0200] "GET /ticket2/opencms/de/magazine/article?title=london-eine-fussballstadt-von-weltklasse HTTP/1.1" 200 77450
94.23.7.187 - - [03/Sep/2024:00:04:14 +0200] "GET /ticket2/opencms/fi/login/?edid=001A924D-51B3-F6EA-12AD-5B5FF406C83C HTTP/1.1" 200 74685
185.217.125.68 - - [03/Sep/2024:00:04:16 +0200] "GET /ticket2/opencms/dk/en/buy/?page=1&edid=7EDF1BEF-5D50-8727-2707-09268639FF35&sortorder=desc&column=row HTTP/1.1" 404 -
216.244.66.238 - - [03/Sep/2024:00:04:17 +0200] "GET /ticket2/opencms/fi/buy/?page=1&edid=07F43CF2-2AE8-D1DB-0128-AE77107A7EF9 HTTP/1.1" 200 91286
40.77.167.33 - - [03/Sep/2024:00:04:19 +0200] "GET /ticket2/opencms/en/buy/?page=1&edid=DB8C4F18-75B7-A38E-DC7A-9A06D521BF7E HTTP/1.1" 200 90399
185.217.125.68 - - [03/Sep/2024:00:04:21 +0200] "GET /ticket2/opencms/dk/en/buy/?page=1&edid=7EDF1BEF-5D50-8727-2707-09268639FF35&sortorder=desc&column=section HTTP/1.1" 404 -
94.23.7.187 - - [03/Sep/2024:00:04:22 +0200] "GET /ticket2/opencms/fi/login/?edid=0AB3DF35-C143-1804-D7B0-4D3E0C806A26 HTTP/1.1" 200 74685
216.244.66.238 - - [03/Sep/2024:00:04:23 +0200] "GET /ticket2/opencms/fi/buy/?page=1&edid=088A691D-7690-4573-C5FC-C5459481917B HTTP/1.1" 200 93061
185.191.171.17 - - [03/Sep/2024:00:04:24 +0200] "GET /ticket2/opencms/sv/sport/fotbollsbiljetter/bundesliga/koln/ HTTP/1.1" 200 72995
114.119.136.185 - - [03/Sep/2024:00:04:26 +0200] "GET /ticket2/opencms/en/sport/football-tickets/la-liga/ HTTP/1.1" 200 78216
85.208.96.194 - - [03/Sep/2024:00:04:26 +0200] "GET /ticket2/opencms/robots.txt HTTP/1.1" 200 773
185.217.125.68 - - [03/Sep/2024:00:04:27 +0200] "GET /ticket2/opencms/dk/en/buy/?page=1&edid=7EF7D37C-07FE-3083-E852-5E98E846AE0C&sortorder=desc&column=price HTTP/1.1" 404 -
185.191.171.8 - - [03/Sep/2024:00:04:27 +0200] "GET /ticket2/opencms/dk/sport/fodboldbilletter/la-liga/real_betis/ HTTP/1.1" 200 82671
185.191.171.9 - - [03/Sep/2024:00:04:29 +0200] "GET /ticket2/opencms/es/ HTTP/1.1" 200 110907
216.244.66.238 - - [03/Sep/2024:00:04:30 +0200] "GET /ticket2/opencms/fi/buy/?page=1&edid=482A3E6B-F6F4-FCF6-CF6F-F9FEE87AC240 HTTP/1.1" 200 92937
185.217.125.68 - - [03/Sep/2024:00:04:31 +0200] "GET /ticket2/opencms/dk/en/buy/?page=1&edid=7EF7D37C-07FE-3083-E852-5E98E846AE0C&sortorder=desc&column=row HTTP/1.1" 404 -
94.23.7.187 - - [03/Sep/2024:00:04:32 +0200] "GET /ticket2/opencms/fi/login/?edid=16DC67F5-9434-FD84-70BE-618276292715 HTTP/1.1" 200 74685
185.217.125.68 - - [03/Sep/2024:00:04:36 +0200] "GET /ticket2/opencms/dk/en/buy/?page=1&edid=7F2A9500-C316-2D20-DE9E-0CFC1602588E&sortorder=asc&column=section HTTP/1.1" 404 -
216.244.66.238 - - [03/Sep/2024:00:04:39 +0200] "GET /ticket2/opencms/fi/buy/?page=1&edid=50C0FE40-B971-378E-B393-EFCC781A0E84 HTTP/1.1" 200 92949
185.217.125.68 - - [03/Sep/2024:00:04:42 +0200] "GET /ticket2/opencms/dk/en/buy/?page=1&edid=7F2A9500-C316-2D20-DE9E-0CFC1602588E&sortorder=desc&column=price HTTP/1.1" 404 -
94.23.7.187 - - [03/Sep/2024:00:04:46 +0200] "GET /ticket2/opencms/fi/login/?edid=17644B1D-96B7-5921-016D-CFFC93315595 HTTP/1.1" 200 74685
216.244.66.238 - - [03/Sep/2024:00:04:46 +0200] "GET /ticket2/opencms/fi/buy/?page=1&edid=87924899-C834-C93B-A613-7A89D34B2768 HTTP/1.1" 200 92625
185.217.125.68 - - [03/Sep/2024:00:04:46 +0200] "GET /ticket2/opencms/dk/en/buy/?page=1&edid=7FEF6961-5BF1-9DFB-5660-72619EFFF882 HTTP/1.1" 404 -
185.191.171.5 - - [03/Sep/2024:00:04:50 +0200] "GET /ticket2/opencms/sv/sport/fotbollsbiljetter/bundesliga/union_berlin/ HTTP/1.1" 200 83120
185.217.125.68 - - [03/Sep/2024:00:04:51 +0200] "GET /ticket2/opencms/dk/en/buy/?page=1&edid=7FEF6961-5BF1-9DFB-5660-72619EFFF882&sortorder=asc&column=price HTTP/1.1" 404 -
216.244.66.238 - - [03/Sep/2024:00:04:52 +0200] "GET /ticket2/opencms/fi/buy/?page=1&edid=A24D0DA7-71BD-F9A1-6BB3-71061AAB8BC1 HTTP/1.1" 200 92444
185.217.125.68 - - [03/Sep/2024:00:04:55 +0200] "GET /ticket2/opencms/dk/en/buy/?page=1&edid=8008C0A3-368A-13DB-CCF0-905427F90D34 HTTP/1.1" 404 -
216.244.66.238 - - [03/Sep/2024:00:04:57 +0200] "GET /ticket2/opencms/fi/buy/?page=1&edid=F3EAB77E-5223-86F1-9947-9F306D6E6D43 HTTP/1.1" 200 89685
185.217.125.68 - - [03/Sep/2024:00:05:00 +0200] "GET /ticket2/opencms/dk/en/buy/?page=1&edid=80CD54A8-8D66-74B3-86DD-1F8C811A44BC&sortorder=desc&column=section HTTP/1.1" 404 -
94.23.7.187 - - [03/Sep/2024:00:05:01 +0200] "GET /ticket2/opencms/fi/login/?edid=192CD3C2-714D-3D17-EB72-20264FE62CF8 HTTP/1.1" 200 74685
216.244.66.238 - - [03/Sep/2024:00:05:02 +0200] "GET /ticket2/opencms/no/buy/?page=1&edid=1FCA645A-DEE0-EC18-0DE3-82C0541BBA3A HTTP/1.1" 200 91397
185.217.125.68 - - [03/Sep/2024:00:05:05 +0200] "GET /ticket2/opencms/dk/en/buy/?page=1&edid=80F72DA3-C236-6F07-B2C3-94AC6FDC141B HTTP/1.1" 404 -
185.217.125.68 - - [03/Sep/2024:00:05:09 +0200] "GET /ticket2/opencms/dk/en/buy/?page=1&edid=80F72DA3-C236-6F07-B2C3-94AC6FDC141B&sortorder=desc&column=price HTTP/1.1" 404 -
216.244.66.238 - - [03/Sep/2024:00:05:10 +0200] "GET /ticket2/opencms/no/buy/?page=1&edid=5041CDE3-2272-6A36-53C0-61757073FB1A HTTP/1.1" 200 89277
185.217.125.68 - - [03/Sep/2024:00:05:14 +0200] "GET /ticket2/opencms/dk/en/buy/?page=1&edid=81835015-44C7-785A-BD80-0CC9998C9BA8&sortorder=desc&column=price HTTP/1.1" 404 -
94.23.7.187 - - [03/Sep/2024:00:05:15 +0200] "GET /ticket2/opencms/fi/login/?edid=2B4B21AC-3A39-C63E-397C-084E798BD2FE HTTP/1.1" 200 74685
216.244.66.238 - - [03/Sep/2024:00:05:16 +0200] "GET /ticket2/opencms/sv/sport/fotbollsbiljetter/premier_league/swansea/blackpool.html HTTP/1.1" 200 73548
185.217.125.68 - - [03/Sep/2024:00:05:18 +0200] "GET /ticket2/opencms/dk/en/buy/?page=1&edid=81879857-4F25-1D91-01EE-91203C205E54 HTTP/1.1" 404 -
185.217.125.68 - - [03/Sep/2024:00:05:23 +0200] "GET /ticket2/opencms/dk/en/buy/?page=1&edid=819F688B-6630-99B4-7BE0-6ABB70238C0B&sortorder=desc&column=section HTTP/1.1" 404 -
94.23.7.187 - - [03/Sep/2024:00:05:27 +0200] "GET /ticket2/opencms/fi/login/?edid=7E2D5EC6-9164-54E9-6E06-0987193E1AD1 HTTP/1.1" 200 74685
185.217.125.68 - - [03/Sep/2024:00:05:28 +0200] "GET /ticket2/opencms/dk/en/buy/?page=1&edid=896CE763-19C6-A2A3-16C4-CE85174C951F&sortorder=asc&column=section HTTP/1.1" 404 -
185.217.125.68 - - [03/Sep/2024:00:05:33 +0200] "GET /ticket2/opencms/dk/en/buy/?page=1&edid=89F7AC70-7CFC-014F-98AE-25A9130B08C2&sortorder=asc&column=price HTTP/1.1" 404 -
185.191.171.10 - - [03/Sep/2024:00:05:35 +0200] "GET /ticket2/opencms/robots.txt HTTP/1.1" 200 773
85.208.96.196 - - [03/Sep/2024:00:05:35 +0200] "GET /ticket2/opencms/fi/urheilu/jalkapallo/bundesliga/bochum/ HTTP/1.1" 200 82858
185.217.125.68 - - [03/Sep/2024:00:05:37 +0200] "GET /ticket2/opencms/dk/en/buy/?page=1&edid=89F7AC70-7CFC-014F-98AE-25A9130B08C2&sortorder=asc&column=row HTTP/1.1" 404 -
114.119.133.35 - - [03/Sep/2024:00:05:38 +0200] "GET /ticket2/opencms/en/venue/?venueid=9D40C9A3-8CFF-BA15-AD1A-88E3EA85E042 HTTP/1.1" 200 70817
185.217.125.68 - - [03/Sep/2024:00:05:41 +0200] "GET /ticket2/opencms/dk/en/buy/?page=1&edid=89F7AC70-7CFC-014F-98AE-25A9130B08C2&sortorder=asc&column=section HTTP/1.1" 404 -
94.23.7.187 - - [03/Sep/2024:00:05:42 +0200] "GET /ticket2/opencms/fi/login/?edid=82759CDC-75B2-B268-0F0C-B20335C8B93E HTTP/1.1" 200 74685
40.77.167.132 - - [03/Sep/2024:00:05:46 +0200] "GET /ticket2/opencms/nl/buy/?page=1&edid=551618B5-3860-8837-909D-AC46BA2A0628 HTTP/1.1" 200 114195
185.217.125.68 - - [03/Sep/2024:00:05:46 +0200] "GET /ticket2/opencms/dk/en/buy/?page=1&edid=8A0C6B9F-EF47-16F9-43A5-817E5FE8B5FC&sortorder=asc&column=price HTTP/1.1" 404 -
185.217.125.68 - - [03/Sep/2024:00:05:50 +0200] "GET /ticket2/opencms/dk/en/buy/?page=1&edid=8A0C6B9F-EF47-16F9-43A5-817E5FE8B5FC&sortorder=asc&column=section HTTP/1.1" 404 -
94.23.7.187 - - [03/Sep/2024:00:05:50 +0200] "GET /ticket2/opencms/fi/login/?edid=A7291106-D2BD-1B2A-209E-6B36AE5851F2 HTTP/1.1" 200 74685
185.217.125.68 - - [03/Sep/2024:00:05:54 +0200] "GET /ticket2/opencms/dk/en/buy/?page=1&edid=8B8FE200-1EB3-4842-98C1-9402EB17DE7C&sortorder=asc&column=price HTTP/1.1" 404 -
94.23.7.187 - - [03/Sep/2024:00:05:58 +0200] "GET /ticket2/opencms/fi/login/?edid=B37AC691-C9A4-C565-F39D-9F0E1B23ADC0 HTTP/1.1" 200 74685
185.217.125.68 - - [03/Sep/2024:00:05:59 +0200] "GET /ticket2/opencms/dk/en/buy/?page=1&edid=8B8FE200-1EB3-4842-98C1-9402EB17DE7C&sortorder=asc&column=row HTTP/1.1" 404 -
216.244.66.238 - - [03/Sep/2024:00:06:00 +0200] "GET /ticket2/opencms/dk/buy/?page=1&edid=5C5B2324-3A81-C8F3-3A76-CB1A98669E4C HTTP/1.1" 200 91144
185.217.125.68 - - [03/Sep/2024:00:06:04 +0200] "GET /ticket2/opencms/dk/en/buy/?page=1&edid=8BDAEF0F-0FDD-3D44-0B5D-F3EDFC2B9142&sortorder=asc&column=price HTTP/1.1" 404 -
216.244.66.238 - - [03/Sep/2024:00:06:05 +0200] "GET /ticket2/opencms/dk/buy/?page=1&edid=9DA75145-87AB-8840-2DDC-302F503821EB HTTP/1.1" 200 91661
185.217.125.68 - - [03/Sep/2024:00:06:08 +0200] "GET /ticket2/opencms/dk/en/buy/?page=1&edid=8BDAEF0F-0FDD-3D44-0B5D-F3EDFC2B9142&sortorder=asc&column=row HTTP/1.1" 404 -
216.244.66.238 - - [03/Sep/2024:00:06:10 +0200] "GET /ticket2/opencms/fi/buy/?page=1&edid=28F0825C-19F9-7A9A-47A6-29D256059C0C HTTP/1.1" 200 91373
94.23.7.187 - - [03/Sep/2024:00:06:11 +0200] "GET /ticket2/opencms/fi/login/?edid=CDA2B9F1-99FC-C167-0FB1-C1A9A32C9160 HTTP/1.1" 200 74685
185.217.125.68 - - [03/Sep/2024:00:06:13 +0200] "GET /ticket2/opencms/dk/en/buy/?page=1&edid=8BDAEF0F-0FDD-3D44-0B5D-F3EDFC2B9142&sortorder=asc&column=section HTTP/1.1" 404 -
216.244.66.238 - - [03/Sep/2024:00:06:15 +0200] "GET /ticket2/opencms/no/buy/?page=1&edid=11CA2095-DE4E-F08C-CA73-D1F7DF0C2455 HTTP/1.1" 200 91309
185.217.125.68 - - [03/Sep/2024:00:06:17 +0200] "GET /ticket2/opencms/dk/en/buy/?page=1&edid=8D3880DE-E9CE-DBDA-5536-59AC73E154D9&sortorder=asc&column=price HTTP/1.1" 404 -
216.244.66.238 - - [03/Sep/2024:00:06:20 +0200] "GET /ticket2/opencms/no/buy/?page=1&edid=E14441EB-3CDD-99C8-7F69-50F45A8DA6D5 HTTP/1.1" 200 91504
185.217.125.68 - - [03/Sep/2024:00:06:23 +0200] "GET /ticket2/opencms/dk/en/buy/?page=1&edid=8D3880DE-E9CE-DBDA-5536-59AC73E154D9&sortorder=asc&column=row HTTP/1.1" 404 -
216.244.66.238 - - [03/Sep/2024:00:06:25 +0200] "GET /ticket2/opencms/se/en/venue/?venueid=03CDE5C1-6C85-4333-AD6E-F14ADEB9C5AB HTTP/1.1" 404 -
94.23.7.187 - - [03/Sep/2024:00:06:26 +0200] "GET /ticket2/opencms/fi/login/?edid=D3AC8ED2-9B15-6187-BB41-9830D862CD00 HTTP/1.1" 200 74685
185.217.125.68 - - [03/Sep/2024:00:06:28 +0200] "GET /ticket2/opencms/dk/en/buy/?page=1&edid=8D3880DE-E9CE-DBDA-5536-59AC73E154D9&sortorder=asc&column=section HTTP/1.1" 404 -
216.244.66.238 - - [03/Sep/2024:00:06:28 +0200] "GET /ticket2/opencms/sv/sport/fotbollsbiljetter/premier_league/west-bromwich-albion/stoke.html HTTP/1.1" 200 73661
185.217.125.68 - - [03/Sep/2024:00:06:32 +0200] "GET /ticket2/opencms/dk/en/buy/?page=1&edid=92345A32-026D-C8EF-B39E-A12A13FE7F80&sortorder=asc&column=price HTTP/1.1" 404 -
185.217.125.68 - - [03/Sep/2024:00:06:36 +0200] "GET /ticket2/opencms/dk/en/buy/?page=1&edid=92345A32-026D-C8EF-B39E-A12A13FE7F80&sortorder=asc&column=row HTTP/1.1" 404 -
94.23.7.187 - - [03/Sep/2024:00:06:37 +0200] "GET /ticket2/opencms/fi/login/?edid=D476BBBD-CF0B-7C17-55DD-EB91C312DE17 HTTP/1.1" 200 74685
66.249.79.231 - - [03/Sep/2024:00:06:38 +0200] "GET /ticket2/opencms/it/buy?page=1&edid=6491C4B6-5C45-20F3-BDEC-54EE4BA903D5 HTTP/1.1" 200 116127
66.249.79.6 - - [03/Sep/2024:00:06:38 +0200] "GET /ticket2/opencms/en/venue/?countryid=08DE8999-72B5-1ADD-5E76-2A7D1399FECF HTTP/1.1" 200 100220
185.217.125.68 - - [03/Sep/2024:00:06:40 +0200] "GET /ticket2/opencms/dk/en/buy/?page=1&edid=92345A32-026D-C8EF-B39E-A12A13FE7F80&sortorder=asc&column=section HTTP/1.1" 404 -
40.77.167.247 - - [03/Sep/2024:00:06:42 +0200] "GET /ticket2/opencms/fr/magazine/article?title=arsenal-fc-reflexion HTTP/1.1" 200 75506
66.249.79.36 - - [03/Sep/2024:00:06:44 +0200] "GET /ticket2/opencms/sv/venue/?venueid=11F3A3F2-5F7A-8DF0-9A91-D0D485D2E890 HTTP/1.1" 200 71678
66.249.76.2 - - [03/Sep/2024:00:06:45 +0200] "GET /ticket2/opencms/dk/buy/?page=1&edid=D9D05721-8C0C-4CB5-6005-A4BE25E9F94F HTTP/1.1" 200 88446
185.217.125.68 - - [03/Sep/2024:00:06:45 +0200] "GET /ticket2/opencms/dk/en/buy/?page=1&edid=95F898A8-CDF6-5465-7516-1F612FFE5C92 HTTP/1.1" 404 -
94.23.7.187 - - [03/Sep/2024:00:06:46 +0200] "GET /ticket2/opencms/fi/login/?edid=DF97ECA4-1113-3B69-FF5A-21F981747AAD HTTP/1.1" 200 74685
185.217.125.68 - - [03/Sep/2024:00:06:50 +0200] "GET /ticket2/opencms/dk/en/buy/?page=1&edid=96CFE589-81C3-7666-ACE1-6B7AA155DF9D&sortorder=asc&column=row HTTP/1.1" 404 -
