20.171.206.92 - - [02/Oct/2024:02:01:17 +0200] "GET /ticket2/opencms/set_aff_cookie.jsp?partner=53673ED6-1455-FA54-818F-B1F67121E37C&url=/de/buy/index.html%3Fpage%3D1%26edid%3D4A8989F3-1686-5872-E1B8-5372AB312373%26hlv%3D668ee12d-c7dc-40d6-8f81-1a6c0a01000f%23v1338527844 HTTP/1.1" 200 225
20.171.206.92 - - [02/Oct/2024:02:01:20 +0200] "GET /ticket2/opencms/set_aff_cookie.jsp?partner=53673ED6-1455-FA54-818F-B1F67121E37C&url=/de/buy/index.html%3Fpage%3D1%26edid%3DE123F66C-0D4C-91CD-D0A4-BF13FE729FE0%26hlv%3D668ee15f-5c74-4cdb-bc15-1afe0a01000f%23v_1541375554 HTTP/1.1" 200 226
54.36.148.147 - - [02/Oct/2024:02:01:22 +0200] "GET /ticket2/opencms/fi/buy/?page=1&edid=7624E370-717C-E67C-7863-0581645F3814 HTTP/1.1" 200 101525
52.167.144.145 - - [02/Oct/2024:02:01:26 +0200] "GET /ticket2/opencms/fi/buy?page=1&edid=3583D5C7-607A-E528-A709-844E6A72DC1B HTTP/1.1" 200 127215
54.36.148.241 - - [02/Oct/2024:02:01:36 +0200] "GET /ticket2/opencms/fi/buy/?page=1&edid=AA500953-8492-D532-F825-CF6C26938A56 HTTP/1.1" 200 98207
184.105.247.227 - - [02/Oct/2024:02:01:42 +0200] "GET / HTTP/1.1" 404 -
66.249.66.67 - - [02/Oct/2024:02:01:44 +0200] "GET /ticket2/opencms/be HTTP/1.1" 200 99385
66.249.76.232 - - [02/Oct/2024:02:01:45 +0200] "GET /ticket2/opencms/no/venue/?countryid=17043DCB-6068-95EE-BD77-FB6EADBB798A HTTP/1.1" 200 105813
20.171.206.155 - - [02/Oct/2024:02:01:50 +0200] "GET /ticket2/opencms/set_aff_cookie.jsp?partner=53673ED6-1455-FA54-818F-B1F67121E37C&url=/de/buy/index.html%3Fpage%3D1%26edid%3D79B5950A-8F2F-84F8-FCAC-0BA8722B353B%26hlv%3D66900a6b-0f18-4bb2-9b1f-15190a01000f%23v52350347 HTTP/1.1" 200 223
20.171.206.155 - - [02/Oct/2024:02:01:55 +0200] "GET /ticket2/opencms/set_aff_cookie.jsp?partner=53673ED6-1455-FA54-818F-B1F67121E37C&url=/de/buy/index.html%3Fpage%3D1%26edid%3D9FCD2C43-2244-3625-94C8-510BD6902DE9%26hlv%3D669024a9-c4cc-4766-b0c1-24d20a01000f%23v428710175 HTTP/1.1" 200 224
104.28.31.64 - - [02/Oct/2024:02:01:55 +0200] "GET /ticket2/opencms/sv/sport/fotbollsbiljetter/premier_league/manchester_united/?gad_source=1&gbraid=0AAAAADlS-t_feDrAVeVDzLlYdHMqmhabX HTTP/1.1" 200 89896
104.28.31.64 - - [02/Oct/2024:02:01:55 +0200] "GET /ticket2/opencms/system/modules/com.gridnine.opencms.ticketbrokerage.site/resources/css/ticketbrokerage.css HTTP/1.1" 200 39339
104.28.31.64 - - [02/Oct/2024:02:01:55 +0200] "GET /ticket2/opencms/system/modules/com.gridnine.opencms.ticketbrokerage.site/resources/js/jquery/jquery-ui.js HTTP/1.1" 200 228088
104.28.31.64 - - [02/Oct/2024:02:01:55 +0200] "GET /ticket2/opencms/system/modules/com.gridnine.opencms.ticketbrokerage.site/resources/css/standard.css HTTP/1.1" 200 73073
104.28.31.64 - - [02/Oct/2024:02:01:55 +0200] "GET /ticket2/opencms/system/modules/com.gridnine.opencms.ticketbrokerage.site/resources/js/functions.js HTTP/1.1" 200 1583
104.28.31.64 - - [02/Oct/2024:02:01:55 +0200] "GET /ticket2/opencms/system/modules/com.gridnine.opencms.ticketbrokerage.site/resources/css/jquery-ui.css HTTP/1.1" 200 33221
104.28.31.64 - - [02/Oct/2024:02:01:55 +0200] "GET /ticket2/opencms/system/modules/com.gridnine.opencms.ticketbrokerage.site/resources/css/calendar.css HTTP/1.1" 200 6871
104.28.31.64 - - [02/Oct/2024:02:01:55 +0200] "GET /ticket2/opencms/system/modules/com.gridnine.opencms.ticketbrokerage.site/resources/js/jquery/jquery.js HTTP/1.1" 200 93868
104.28.31.64 - - [02/Oct/2024:02:01:55 +0200] "GET /ticket2/opencms/system/modules/com.gridnine.opencms.ticketbrokerage.site/resources/css/jquery.fancybox.css HTTP/1.1" 200 4939
54.36.148.129 - - [02/Oct/2024:02:01:55 +0200] "GET /ticket2/opencms/de/buy/?page=1&edid=A63CB229-A1A5-6049-4462-09D8A2D4CF7F HTTP/1.1" 200 97553
104.28.31.64 - - [02/Oct/2024:02:01:55 +0200] "GET /ticket2/opencms/system/modules/com.gridnine.opencms.ticketbrokerage.site/resources/js/calendar.js HTTP/1.1" 200 49229
104.28.31.64 - - [02/Oct/2024:02:01:55 +0200] "GET /ticket2/opencms/system/modules/com.gridnine.opencms.ticketbrokerage.site/resources/js/jquery.fancybox.pack.js HTTP/1.1" 200 23187
104.28.31.64 - - [02/Oct/2024:02:01:55 +0200] "GET /ticket2/opencms/system/modules/com.gridnine.opencms.ticketbrokerage.site/resources/js/calendar-setup.js HTTP/1.1" 200 4923
104.28.31.64 - - [02/Oct/2024:02:01:55 +0200] "GET /ticket2/opencms/system/modules/com.gridnine.opencms.ticketbrokerage.site/resources/js/calendar-en.js HTTP/1.1" 200 3338
104.28.31.64 - - [02/Oct/2024:02:01:55 +0200] "GET /ticket2/opencms/system/modules/com.gridnine.opencms.ticketbrokerage.site/resources/js/stickyfill.min.js HTTP/1.1" 200 5672
104.28.31.64 - - [02/Oct/2024:02:01:55 +0200] "GET /ticket2/opencms/system/modules/com.gridnine.opencms.ticketbrokerage.site/resources/js/standard.js HTTP/1.1" 200 3978
104.28.31.64 - - [02/Oct/2024:02:01:55 +0200] "GET /ticket2/opencms/system/modules/com.gridnine.opencms.ticketbrokerage.site/resources/js/common-ajax.js HTTP/1.1" 200 20175
104.28.31.64 - - [02/Oct/2024:02:01:55 +0200] "GET /ticket2/opencms/system/modules/com.gridnine.opencms.ticketbrokerage.site/resources/js/jquery.placeholder.min.js HTTP/1.1" 200 1737
104.28.31.64 - - [02/Oct/2024:02:01:55 +0200] "GET /ticket2/opencms/img/insta.png HTTP/1.1" 200 3967
104.28.31.64 - - [02/Oct/2024:02:01:55 +0200] "GET /ticket2/opencms/system/modules/com.gridnine.opencms.ticketbrokerage.site/resources/pics/logo-new.png HTTP/1.1" 200 13541
104.28.31.64 - - [02/Oct/2024:02:01:56 +0200] "GET /ticket2/opencms/img/fb.png HTTP/1.1" 200 1269
104.28.31.64 - - [02/Oct/2024:02:01:56 +0200] "GET /ticket2/opencms/system/modules/com.gridnine.opencms.ticketbrokerage.site/resources/pics/banners/team/premier_league/manchester_united.png HTTP/1.1" 200 13884
104.28.31.64 - - [02/Oct/2024:02:01:56 +0200] "GET /ticket2/opencms/img/icons/globe-white.png HTTP/1.1" 200 947
104.28.31.64 - - [02/Oct/2024:02:01:56 +0200] "GET /ticket2/opencms/system/modules/com.gridnine.opencms.ticketbrokerage.site/resources/pics/footer-img.jpg HTTP/1.1" 200 67642
104.28.31.64 - - [02/Oct/2024:02:01:56 +0200] "GET /ticket2/opencms/img/check.png HTTP/1.1" 200 548
104.28.31.64 - - [02/Oct/2024:02:01:56 +0200] "GET /ticket2/opencms/img/mail.png HTTP/1.1" 200 403
104.28.31.64 - - [02/Oct/2024:02:01:56 +0200] "GET /ticket2/opencms/img/icons/no.png HTTP/1.1" 200 1958
104.28.31.64 - - [02/Oct/2024:02:01:56 +0200] "GET /ticket2/opencms/img/chat.png HTTP/1.1" 200 416
104.28.31.64 - - [02/Oct/2024:02:01:56 +0200] "GET /ticket2/opencms/img/arrow.png HTTP/1.1" 200 753
104.28.31.64 - - [02/Oct/2024:02:01:56 +0200] "GET /ticket2/opencms/img/icons/dk.png HTTP/1.1" 200 1706
104.28.31.64 - - [02/Oct/2024:02:01:56 +0200] "GET /ticket2/opencms/img/icons/pl.png HTTP/1.1" 200 1578
104.28.31.64 - - [02/Oct/2024:02:01:56 +0200] "GET /ticket2/opencms/img/icons/el.png HTTP/1.1" 200 1637
104.28.31.64 - - [02/Oct/2024:02:01:56 +0200] "GET /ticket2/opencms/img/icons/et.png HTTP/1.1" 200 754
104.28.31.64 - - [02/Oct/2024:02:01:56 +0200] "GET /ticket2/opencms/img/icons/hr.png HTTP/1.1" 200 2024
104.28.31.64 - - [02/Oct/2024:02:01:56 +0200] "GET /ticket2/opencms/img/icons/se.png HTTP/1.1" 200 1258
104.28.31.64 - - [02/Oct/2024:02:01:56 +0200] "GET /ticket2/opencms/img/icons/ga.png HTTP/1.1" 200 1759
104.28.31.64 - - [02/Oct/2024:02:01:56 +0200] "GET /ticket2/opencms/img/icons/az.png HTTP/1.1" 200 1445
104.28.31.64 - - [02/Oct/2024:02:01:56 +0200] "GET /ticket2/opencms/img/icons/be.png HTTP/1.1" 200 1663
104.28.31.64 - - [02/Oct/2024:02:01:56 +0200] "GET /ticket2/opencms/img/icons/bg.png HTTP/1.1" 200 788
104.28.31.64 - - [02/Oct/2024:02:01:56 +0200] "GET /ticket2/opencms/img/icons/ka.png HTTP/1.1" 200 860
104.28.31.64 - - [02/Oct/2024:02:01:56 +0200] "GET /ticket2/opencms/img/icons/hu.png HTTP/1.1" 200 733
104.28.31.64 - - [02/Oct/2024:02:01:56 +0200] "GET /ticket2/opencms/img/icons/lt.png HTTP/1.1" 200 733
104.28.31.64 - - [02/Oct/2024:02:01:56 +0200] "GET /ticket2/opencms/img/icons/lv.png HTTP/1.1" 200 716
104.28.31.64 - - [02/Oct/2024:02:01:56 +0200] "GET /ticket2/opencms/img/icons/mo.png HTTP/1.1" 200 1468
104.28.31.64 - - [02/Oct/2024:02:01:56 +0200] "GET /ticket2/opencms/img/icons/ro.png HTTP/1.1" 200 1393
104.28.31.64 - - [02/Oct/2024:02:01:56 +0200] "GET /ticket2/opencms/img/icons/mt.png HTTP/1.1" 200 920
104.28.31.64 - - [02/Oct/2024:02:01:56 +0200] "GET /ticket2/opencms/img/icons/sk.png HTTP/1.1" 200 1283
104.28.31.64 - - [02/Oct/2024:02:01:56 +0200] "GET /ticket2/opencms/img/icons/sl.png HTTP/1.1" 200 966
104.28.31.64 - - [02/Oct/2024:02:01:56 +0200] "GET /ticket2/opencms/img/icons/sr.png HTTP/1.1" 200 1602
104.28.31.64 - - [02/Oct/2024:02:01:57 +0200] "GET /ticket2/opencms/img/icons/de.png HTTP/1.1" 200 1124
104.28.31.64 - - [02/Oct/2024:02:01:57 +0200] "GET /ticket2/opencms/img/icons/es.png HTTP/1.1" 200 1005
104.28.31.64 - - [02/Oct/2024:02:01:57 +0200] "GET /ticket2/opencms/img/icons/it.png HTTP/1.1" 200 2040
104.28.31.64 - - [02/Oct/2024:02:01:57 +0200] "GET /ticket2/opencms/img/icons/fr.png HTTP/1.1" 200 1764
104.28.31.64 - - [02/Oct/2024:02:01:57 +0200] "GET /ticket2/opencms/img/icons/nl.png HTTP/1.1" 200 1255
104.28.31.64 - - [02/Oct/2024:02:01:57 +0200] "GET /ticket2/opencms/img/icons/fi.png HTTP/1.1" 200 1785
104.28.31.64 - - [02/Oct/2024:02:01:58 +0200] "GET /ticket2/opencms/img/icons/is.png HTTP/1.1" 200 1884
104.28.31.64 - - [02/Oct/2024:02:01:58 +0200] "GET /ticket2/opencms/img/icons/en.png HTTP/1.1" 200 2415
104.28.31.64 - - [02/Oct/2024:02:01:58 +0200] "GET /ticket2/opencms/system/modules/com.gridnine.opencms.ticketbrokerage.site/resources/js/standard.js HTTP/1.1" 200 3978
104.28.31.64 - - [02/Oct/2024:02:01:58 +0200] "GET /ticket2/opencms/img/icons/ticket2.thumbnail.png HTTP/1.1" 200 21519
66.249.66.79 - - [02/Oct/2024:02:01:58 +0200] "GET /ticket2/opencms/fr/magazine/article?title=fc-liverpool-reflexion-de-la-saison HTTP/1.1" 200 81259
104.28.31.64 - - [02/Oct/2024:02:01:59 +0200] "GET /ticket2/opencms/system/modules/com.gridnine.opencms.ticketbrokerage.site/resources/css/images/ui-bg_flat_75_ffffff_40x100.png HTTP/1.1" 404 -
20.171.206.155 - - [02/Oct/2024:02:02:03 +0200] "GET /ticket2/opencms/set_aff_cookie.jsp?partner=53673ED6-1455-FA54-818F-B1F67121E37C&url=/de/buy/index.html%3Fpage%3D1%26edid%3D5053E429-37C6-6922-FE45-2F7B4E327AEF%26hlv%3D669024b4-2188-420d-b011-24d20a01000f%23v_2143965304 HTTP/1.1" 200 226
20.171.206.155 - - [02/Oct/2024:02:02:07 +0200] "GET /ticket2/opencms/set_aff_cookie.jsp?partner=53673ED6-1455-FA54-818F-B1F67121E37C&url=/de/buy/index.html%3Fpage%3D1%26edid%3D3DE00F0C-D064-F580-0B18-1943C6741906%26hlv%3D668d49f6-93d8-4be4-85ab-291b0a01000f%23v_86467822 HTTP/1.1" 200 224
54.36.148.128 - - [02/Oct/2024:02:02:17 +0200] "GET /ticket2/opencms/fi/buy/?page=1&edid=DDC014E0-57FD-0978-5C99-38BF9021FA56 HTTP/1.1" 200 104293
184.105.247.211 - - [02/Oct/2024:02:02:23 +0200] "GET /favicon.ico HTTP/1.1" 404 -
54.36.149.1 - - [02/Oct/2024:02:02:42 +0200] "GET /ticket2/opencms/dk/buy/?page=1&edid=AC8F7448-8C97-BB58-DCF6-B6425E43C512 HTTP/1.1" 200 94194
66.249.66.67 - - [02/Oct/2024:02:02:43 +0200] "GET /ticket2/opencms/en/buy/?comcatid=A17713B6-D984-201A-4143-ED4DB5ED5C2E&catid=7EF04817-972D-18B1-F941-DE800D088075 HTTP/1.1" 200 100724
157.55.39.11 - - [02/Oct/2024:02:02:47 +0200] "GET /ticket2/opencms/en/venue/?venueid=6715D129-7F99-046D-7040-DEB649AA3A0C HTTP/1.1" 200 75196
52.167.144.166 - - [02/Oct/2024:02:02:47 +0200] "GET /ticket2/opencms/en/buy/?comcatid=A17713B6-D984-201A-4143-ED4DB5ED5C2E HTTP/1.1" 200 245357
134.122.30.186 - - [02/Oct/2024:02:02:58 +0200] "GET /ticket2/opencms/ HTTP/1.1" 302 -
184.105.247.203 - - [02/Oct/2024:02:03:00 +0200] "GET /?format=json HTTP/1.1" 404 -
134.122.30.186 - - [02/Oct/2024:02:03:00 +0200] "GET /ticket2/opencms/en/ HTTP/1.1" 200 96442
134.122.30.186 - - [02/Oct/2024:02:03:00 +0200] "GET /ticket2/opencms/en/about/contact HTTP/1.1" 200 74788
34.34.240.86 - - [02/Oct/2024:02:03:01 +0200] "HEAD /ticket2/opencms/sv/ HTTP/1.1" 200 -
54.36.148.205 - - [02/Oct/2024:02:03:06 +0200] "GET /ticket2/opencms/fi/buy/?page=1&edid=59FF6FC0-0E24-887E-599D-D93F8931961C HTTP/1.1" 200 120455
52.167.144.190 - - [02/Oct/2024:02:03:17 +0200] "GET /ticket2/opencms/en/buy/?page=1&edid=9F4E76C0-DBAA-9A23-5CD9-D0F07665CCAA HTTP/1.1" 200 93745
66.249.76.233 - - [02/Oct/2024:02:03:20 +0200] "GET /ticket2/opencms/de/about/press/ HTTP/1.1" 200 77427
184.105.247.203 - - [02/Oct/2024:02:03:24 +0200] "CONNECT www.shadowserver.org:443 HTTP/1.1" 400 -
37.123.143.202 - - [02/Oct/2024:02:03:29 +0200] "GET /ticket2/opencms/system/workplace/views/top_foot.jsp?wpFrame=foot HTTP/1.1" 200 1211
37.123.143.202 - - [02/Oct/2024:02:03:29 +0200] "GET /ticket2/opencms/system/workplace/commons/style/workplace.css HTTP/1.1" 200 14209
47.128.41.188 - - [02/Oct/2024:02:03:32 +0200] "GET /ticket2/opencms/no/buy/?comcatid=810BB404-4103-77F2-A6C2-12D5E6C338E2 HTTP/1.1" 200 79962
47.128.35.137 - - [02/Oct/2024:02:03:33 +0200] "GET /ticket2/opencms/dk/buy/?edid=AA408C72-2073-316B-FBC7-E94200A17373 HTTP/1.1" 200 77356
47.128.41.188 - - [02/Oct/2024:02:03:33 +0200] "GET /ticket2/opencms/system/modules/com.gridnine.opencms.ticketbrokerage.site/resources/css/ticketbrokerage.css HTTP/1.1" 200 39339
47.128.41.188 - - [02/Oct/2024:02:03:33 +0200] "GET /ticket2/opencms/system/modules/com.gridnine.opencms.ticketbrokerage.site/resources/css/jquery.fancybox.css HTTP/1.1" 200 4939
47.128.41.188 - - [02/Oct/2024:02:03:34 +0200] "GET /ticket2/opencms/img/insta.png HTTP/1.1" 200 3967
47.128.41.188 - - [02/Oct/2024:02:03:34 +0200] "GET /ticket2/opencms/img/fb.png HTTP/1.1" 200 1269
47.128.41.188 - - [02/Oct/2024:02:03:37 +0200] "GET /ticket2/opencms/system/modules/com.gridnine.opencms.ticketbrokerage.site/resources/pics/footer-img.jpg HTTP/1.1" 200 67642
114.119.154.207 - - [02/Oct/2024:02:03:45 +0200] "GET /ticket2/opencms/en/buy?page=1&edid=96BE3B07-CE75-27D2-A725-0EC31EB711C6 HTTP/1.1" 200 96511
184.105.247.219 - - [02/Oct/2024:02:03:48 +0200] "GET /geoserver/web/ HTTP/1.1" 404 -
66.249.76.196 - - [02/Oct/2024:02:03:49 +0200] "GET /ticket2/opencms/sv/sport/fotbollsbiljetter/premier_league/chelsea/ HTTP/1.1" 200 89079
54.36.148.225 - - [02/Oct/2024:02:03:53 +0200] "GET /ticket2/opencms/sv/buy/?page=6&comcatid=A17713B6-D984-201A-4143-ED4DB5ED5C2E&catid=0A6C99D2-F5BD-7A18-9A5F-5668827042E0&eventid=A2BBF8F5-73FD-205D-F6D5-00395D8DDE9D HTTP/1.1" 200 106040
47.128.29.126 - - [02/Oct/2024:02:03:56 +0200] "GET /ticket2/opencms/fi/buy/?catid=D8B345C9-F7A5-E620-4B43-C34EB0D6885B&comcatid=A17713B6-D984-201A-4143-ED4DB5ED5C2E&npage=2 HTTP/1.1" 200 145967
47.128.29.126 - - [02/Oct/2024:02:03:57 +0200] "GET /ticket2/opencms/system/modules/com.gridnine.opencms.ticketbrokerage.site/resources/css/jquery.fancybox.css HTTP/1.1" 200 4939
47.128.29.126 - - [02/Oct/2024:02:03:58 +0200] "GET /ticket2/opencms/img/fb.png HTTP/1.1" 200 1269
40.77.167.235 - - [02/Oct/2024:02:04:00 +0200] "GET /ticket2/opencms/en/venue/?venueid=92B1EF2C-B01A-5498-4DA0-D832A3A798A5 HTTP/1.1" 200 75192
114.119.141.206 - - [02/Oct/2024:02:04:11 +0200] "GET /ticket2/opencms/en/sell/?edid=1A7F10A1-8FF6-5B9D-1FDC-2244002370D9 HTTP/1.1" 302 -
114.119.141.206 - - [02/Oct/2024:02:04:14 +0200] "GET /ticket2/opencms/en/login/?url=/en/sell/ HTTP/1.1" 200 77267
54.36.148.195 - - [02/Oct/2024:02:04:15 +0200] "GET /ticket2/opencms/en/venue/?venueid=D2A04531-4578-B370-DA30-4D01DE169890 HTTP/1.1" 200 75151
47.128.97.139 - - [02/Oct/2024:02:04:20 +0200] "GET /ticket2/opencms/no/selling_tickets/ HTTP/1.1" 200 76850
47.128.97.139 - - [02/Oct/2024:02:04:21 +0200] "GET /ticket2/opencms/system/modules/com.gridnine.opencms.ticketbrokerage.site/resources/css/images/event-banner.png HTTP/1.1" 404 -
47.128.97.139 - - [02/Oct/2024:02:04:22 +0200] "GET /ticket2/opencms/system/modules/com.gridnine.opencms.ticketbrokerage.site/resources/pics/content/sell_tickets_no.png HTTP/1.1" 200 16581
54.36.148.58 - - [02/Oct/2024:02:04:36 +0200] "GET /ticket2/opencms/en/venue/?venueid=81135D5C-2720-4F9C-A299-6D2AF82D185D HTTP/1.1" 200 75260
66.249.66.77 - - [02/Oct/2024:02:04:43 +0200] "GET /ticket2/opencms/es/buy/?page=1&edid=855AA881-22DD-B532-D219-E200D0C8F678 HTTP/1.1" 200 95155
47.128.125.108 - - [02/Oct/2024:02:04:44 +0200] "GET /ticket2/opencms/no/sell/ HTTP/1.1" 302 -
47.128.125.108 - - [02/Oct/2024:02:04:46 +0200] "GET /ticket2/opencms/no/login/?url=/no/sell/ HTTP/1.1" 200 78561
77.75.78.162 - - [02/Oct/2024:02:04:53 +0200] "GET /ticket2/opencms/nl/ HTTP/1.1" 200 95783
17.241.75.79 - - [02/Oct/2024:02:04:54 +0200] "GET /ticket2/opencms/sv/sport/ HTTP/1.1" 200 81742
54.36.148.7 - - [02/Oct/2024:02:05:06 +0200] "GET /ticket2/opencms/fi/buy/?page=1&edid=C019DBB8-FF11-8C7C-90B0-E1EB2510B252 HTTP/1.1" 200 104299
47.128.29.135 - - [02/Oct/2024:02:05:09 +0200] "GET /ticket2/opencms/no/sport/fotballsbilletter/premier_league/arsenal/ HTTP/1.1" 200 89545
47.128.29.135 - - [02/Oct/2024:02:05:10 +0200] "GET /ticket2/opencms/system/modules/com.gridnine.opencms.ticketbrokerage.site/resources/pics/banners/arsenal.png HTTP/1.1" 200 13545
52.167.144.22 - - [02/Oct/2024:02:05:17 +0200] "GET /ticket2/opencms/dk/sport/fodboldbilletter/serie-a/salernitana/ HTTP/1.1" 200 77053
40.77.167.230 - - [02/Oct/2024:02:05:39 +0200] "GET /ticket2/opencms/nl/sport/voetbal-tickets/ HTTP/1.1" 200 77845
54.36.148.91 - - [02/Oct/2024:02:05:41 +0200] "GET /ticket2/opencms/es/magazine/article?title=brentford-fc HTTP/1.1" 200 78950
114.119.140.85 - - [02/Oct/2024:02:05:43 +0200] "GET /ticket2/opencms/en/sell/?edid=1B9C0D34-7976-21B9-13FE-38E6ABBAFED6 HTTP/1.1" 302 -
114.119.140.85 - - [02/Oct/2024:02:05:46 +0200] "GET /ticket2/opencms/en/login/?url=/en/sell/ HTTP/1.1" 200 77267
216.244.66.238 - - [02/Oct/2024:02:05:50 +0200] "GET /ticket2/opencms/sv/buy/?page=1&edid=4A8989F3-1686-5872-E1B8-5372AB312373 HTTP/1.1" 200 104008
47.128.36.230 - - [02/Oct/2024:02:05:51 +0200] "GET /ticket2/opencms/es/buy/?comcatid=A17713B6-D984-201A-4143-ED4DB5ED5C2E&catid=D08E96E8-A514-9E09-4E22-63713911E0B8 HTTP/1.1" 200 88904
54.36.148.48 - - [02/Oct/2024:02:05:54 +0200] "GET /ticket2/opencms/en/sport/football-tickets/la-liga/atletico_madrid/ HTTP/1.1" 200 85997
54.36.148.63 - - [02/Oct/2024:02:06:07 +0200] "GET /ticket2/opencms/fi/venue/?venueid=0C57D9A1-BFBB-6B50-BD26-F99F2EBC7C94 HTTP/1.1" 200 76809
66.249.66.78 - - [02/Oct/2024:02:06:27 +0200] "GET /ticket2/opencms/fr/buy/?page=1&edid=8EE24D2F-4BF0-A103-6944-36103BCA6278 HTTP/1.1" 200 108306
66.249.78.6 - - [02/Oct/2024:02:06:28 +0200] "GET /ticket2/opencms/fi/urheilu/tennis/ HTTP/1.1" 200 79225
54.36.149.76 - - [02/Oct/2024:02:06:33 +0200] "GET /ticket2/opencms/en/venue/?venueid=A46FBE97-325C-428D-AF20-65AFC077E24B HTTP/1.1" 200 75177
52.167.144.184 - - [02/Oct/2024:02:06:51 +0200] "GET /ticket2/opencms/sv/ HTTP/1.1" 200 97242
85.208.96.205 - - [02/Oct/2024:02:06:52 +0200] "GET /ticket2/opencms/sv/sport/fotbollsbiljetter/serie_a/napoli/ HTTP/1.1" 200 87191
54.36.148.84 - - [02/Oct/2024:02:06:54 +0200] "GET /ticket2/opencms/sv/buy/?page=1&edid=31032CFA-9DB7-AFEB-3095-C18129EF0D6C HTTP/1.1" 200 96383
54.36.148.117 - - [02/Oct/2024:02:07:17 +0200] "GET /ticket2/opencms/en/venue/?venueid=4E39CE7D-BC63-4F01-AE7F-1A3BEBF78AB4 HTTP/1.1" 200 75184
40.77.167.65 - - [02/Oct/2024:02:07:25 +0200] "GET /ticket2/opencms/en/buy?page=1&edid=BE8C7FA0-9E48-EAB3-3A70-9E9F9EA30F95 HTTP/1.1" 200 130786
66.249.76.195 - - [02/Oct/2024:02:07:29 +0200] "GET /ticket2/opencms/en/venue/?venueid=F670BB4E-C7FE-DBAC-B41D-241CF96C0068 HTTP/1.1" 200 75186
54.36.149.10 - - [02/Oct/2024:02:07:44 +0200] "GET /ticket2/opencms/sv/buy/?page=1&edid=37459553-F765-6A83-58BB-25CA313B1325 HTTP/1.1" 200 96386
52.167.144.166 - - [02/Oct/2024:02:07:56 +0200] "GET /ticket2/opencms/dk/search.html?searchQuery= HTTP/1.1" 200 93652
40.77.167.10 - - [02/Oct/2024:02:07:57 +0200] "GET /ticket2/opencms/de/buy/?page=1&edid=46F37BE7-B2F6-BEA5-12C9-E1FFD36B0DD0 HTTP/1.1" 200 103526
52.167.144.184 - - [02/Oct/2024:02:07:58 +0200] "GET /ticket2/opencms/system/modules/com.gridnine.opencms.ticketbrokerage.site/resources/js/standard.js HTTP/1.1" 200 3978
47.128.112.215 - - [02/Oct/2024:02:08:08 +0200] "GET /ticket2/opencms/es/buy/?edid=8E087689-30A7-E7AD-9853-CFBC4F6216DD&page=2 HTTP/1.1" 200 84317
216.244.66.196 - - [02/Oct/2024:02:08:22 +0200] "GET /ticket2/opencms/nl/buy?page=1&edid=29EFBFCC-B83C-5AD9-CA78-B89CD9BC3287 HTTP/1.1" 200 96509
216.244.66.196 - - [02/Oct/2024:02:08:29 +0200] "GET /ticket2/opencms/sv/buy?page=1&edid=01D40D91-8133-CECB-632D-60D22F00A9AC HTTP/1.1" 200 94550
37.123.143.202 - - [02/Oct/2024:02:08:30 +0200] "GET /ticket2/opencms/system/workplace/views/top_foot.jsp?wpFrame=foot HTTP/1.1" 200 1211
37.123.143.202 - - [02/Oct/2024:02:08:30 +0200] "GET /ticket2/opencms/system/workplace/commons/style/workplace.css HTTP/1.1" 200 14209
114.119.152.134 - - [02/Oct/2024:02:08:45 +0200] "GET /ticket2/opencms/en/buy?page=1&edid=91E37245-9400-B91A-9976-78B31AE925FA HTTP/1.1" 200 96441
52.167.144.145 - - [02/Oct/2024:02:08:56 +0200] "GET /ticket2/opencms/nl/buy/?page=1&edid=C3C2958F-64DF-91F9-F3D9-8F3CEBC7A797 HTTP/1.1" 200 101988
114.119.154.81 - - [02/Oct/2024:02:09:11 +0200] "GET /ticket2/opencms/en/sell/?edid=0E5CFE5B-9883-17F0-A4D7-33AFCC0366D8 HTTP/1.1" 302 -
114.119.154.81 - - [02/Oct/2024:02:09:15 +0200] "GET /ticket2/opencms/en/login/?url=/en/sell/ HTTP/1.1" 200 77267
66.249.66.87 - - [02/Oct/2024:02:09:30 +0200] "GET /ticket2/opencms/sv/sport/fotbollsbiljetter/premier_league/west_ham_united/ HTTP/1.1" 200 88353
40.77.167.235 - - [02/Oct/2024:02:09:49 +0200] "GET /ticket2/opencms/dk/sport/fodboldbilletter/la-liga/real_madrid/ HTTP/1.1" 200 86194
47.128.46.74 - - [02/Oct/2024:02:10:27 +0200] "GET /ticket2/opencms/de/buy/?page=1&edid=8E43ECF6-11B9-CAF2-A331-C77F36107AD0 HTTP/1.1" 200 107096
47.128.46.74 - - [02/Oct/2024:02:10:28 +0200] "GET /ticket2/opencms/de/ask-form.html HTTP/1.1" 200 3156
47.128.46.74 - - [02/Oct/2024:02:10:30 +0200] "GET /ticket2/opencms/img/sals.jpg HTTP/1.1" 200 83908
66.249.66.77 - - [02/Oct/2024:02:10:32 +0200] "GET /ticket2/opencms/fi/buy/?comcatid=A17713B6-D984-201A-4143-ED4DB5ED5C2E&catid=4B941E1B-E4E2-C53E-C693-9FA91BBA9AD5 HTTP/1.1" 200 89254
40.77.167.13 - - [02/Oct/2024:02:10:38 +0200] "GET /ticket2/opencms/dk/buy?page=1&edid=718A7A5B-0864-7BB0-17EA-7D1DFF1DCA73 HTTP/1.1" 200 106468
114.119.140.85 - - [02/Oct/2024:02:10:41 +0200] "GET /ticket2/opencms/en/buy?page=1&edid=E9468063-48C4-654A-CE7F-634AFC524443 HTTP/1.1" 200 96522
52.167.144.234 - - [02/Oct/2024:02:10:42 +0200] "GET /ticket2/opencms/en/buy/?page=1&edid=DA44C698-ABEB-9A16-9832-94CF743E9864 HTTP/1.1" 200 95424
216.244.66.238 - - [02/Oct/2024:02:11:08 +0200] "GET /ticket2/opencms/nl/magazine/article?title=emirates-stadion HTTP/1.1" 200 79970
52.167.144.190 - - [02/Oct/2024:02:11:26 +0200] "GET /ticket2/opencms/sv/venue/?venueid=811C0359-3C33-A4FE-B62F-0F71E1D5271C HTTP/1.1" 200 76048
121.229.156.74 - - [02/Oct/2024:02:11:26 +0200] "GET /ticket2/opencms/ HTTP/1.1" 302 -
121.229.156.74 - - [02/Oct/2024:02:11:29 +0200] "GET /ticket2/opencms/en/ HTTP/1.1" 200 96442
66.249.78.6 - - [02/Oct/2024:02:11:33 +0200] "GET /ticket2/opencms/fi/urheilu/hockey/nhl/ny-rangers/ HTTP/1.1" 200 79219
54.36.148.151 - - [02/Oct/2024:02:12:05 +0200] "GET /ticket2/opencms/en/sport/football-tickets/la-liga/rayo_vallecano/ HTTP/1.1" 200 86234
54.36.148.32 - - [02/Oct/2024:02:12:26 +0200] "GET /ticket2/opencms/en/venue/?venueid=A6CB083A-5A62-D00D-1160-926B40FC19E8 HTTP/1.1" 200 75163
40.77.167.64 - - [02/Oct/2024:02:12:30 +0200] "GET /ticket2/opencms/es/deporte/entradas-futbol/la-liga/real-madrid HTTP/1.1" 200 89976
95.217.109.26 - - [02/Oct/2024:02:12:35 +0200] "GET /ticket2/opencms/robots.txt HTTP/1.1" 200 773
69.63.184.115 - - [02/Oct/2024:02:12:35 +0200] "GET /ticket2/opencms/no/sport/fotballsbilletter/premier_league/everton/?fbclid=IwZXh0bgNhZW0CMTEAAR2BlBRGT7nCMGoUNdHcd7NQsCezdv37f5T_v_OJFVLPxoFbXiqxXIk2Bx0_aem_r2OCL2ebbWv0tK8OyjV_RQ HTTP/1.1" 200 87340
69.63.184.1 - - [02/Oct/2024:02:12:36 +0200] "GET /ticket2/opencms/system/modules/com.gridnine.opencms.ticketbrokerage.site/resources/css/ticketbrokerage.css HTTP/1.1" 200 39339
69.63.184.115 - - [02/Oct/2024:02:12:36 +0200] "GET /ticket2/opencms/system/modules/com.gridnine.opencms.ticketbrokerage.site/resources/css/calendar.css HTTP/1.1" 200 6871
69.63.184.1 - - [02/Oct/2024:02:12:36 +0200] "GET /ticket2/opencms/system/modules/com.gridnine.opencms.ticketbrokerage.site/resources/css/jquery-ui.css HTTP/1.1" 200 33221
69.63.184.115 - - [02/Oct/2024:02:12:36 +0200] "GET /ticket2/opencms/system/modules/com.gridnine.opencms.ticketbrokerage.site/resources/css/standard.css HTTP/1.1" 200 73073
69.63.184.1 - - [02/Oct/2024:02:12:36 +0200] "GET /ticket2/opencms/system/modules/com.gridnine.opencms.ticketbrokerage.site/resources/css/jquery.fancybox.css HTTP/1.1" 200 4939
69.63.184.115 - - [02/Oct/2024:02:12:36 +0200] "GET /ticket2/opencms/system/modules/com.gridnine.opencms.ticketbrokerage.site/resources/js/jquery/jquery.js HTTP/1.1" 200 93868
69.63.184.1 - - [02/Oct/2024:02:12:36 +0200] "GET /ticket2/opencms/system/modules/com.gridnine.opencms.ticketbrokerage.site/resources/js/jquery/jquery-ui.js HTTP/1.1" 200 228088
69.63.184.116 - - [02/Oct/2024:02:12:36 +0200] "GET /ticket2/opencms/system/modules/com.gridnine.opencms.ticketbrokerage.site/resources/js/functions.js HTTP/1.1" 200 1583
69.63.184.116 - - [02/Oct/2024:02:12:36 +0200] "GET /ticket2/opencms/system/modules/com.gridnine.opencms.ticketbrokerage.site/resources/js/calendar.js HTTP/1.1" 200 49229
69.63.184.115 - - [02/Oct/2024:02:12:36 +0200] "GET /ticket2/opencms/system/modules/com.gridnine.opencms.ticketbrokerage.site/resources/js/calendar-en.js HTTP/1.1" 200 3338
69.63.184.1 - - [02/Oct/2024:02:12:36 +0200] "GET /ticket2/opencms/system/modules/com.gridnine.opencms.ticketbrokerage.site/resources/js/calendar-setup.js HTTP/1.1" 200 4923
69.63.184.115 - - [02/Oct/2024:02:12:36 +0200] "GET /ticket2/opencms/system/modules/com.gridnine.opencms.ticketbrokerage.site/resources/js/jquery.fancybox.pack.js HTTP/1.1" 200 23187
69.63.184.1 - - [02/Oct/2024:02:12:36 +0200] "GET /ticket2/opencms/system/modules/com.gridnine.opencms.ticketbrokerage.site/resources/js/stickyfill.min.js HTTP/1.1" 200 5672
95.217.109.26 - - [02/Oct/2024:02:12:37 +0200] "GET /ticket2/opencms/dk/buy/?page=1&edid=035EA6C4-0B9C-9EE2-0E21-91544FF197C8&sortorder=desc&column=section HTTP/1.1" 200 97483
69.63.184.1 - - [02/Oct/2024:02:12:37 +0200] "GET /ticket2/opencms/system/modules/com.gridnine.opencms.ticketbrokerage.site/resources/js/standard.js HTTP/1.1" 200 3978
69.63.184.1 - - [02/Oct/2024:02:12:37 +0200] "GET /ticket2/opencms/img/arrow.png HTTP/1.1" 200 753
69.63.184.1 - - [02/Oct/2024:02:12:37 +0200] "GET /ticket2/opencms/img/check.png HTTP/1.1" 200 548
69.63.184.1 - - [02/Oct/2024:02:12:37 +0200] "GET /ticket2/opencms/img/mail.png HTTP/1.1" 200 403
69.63.184.2 - - [02/Oct/2024:02:12:37 +0200] "GET /ticket2/opencms/img/chat.png HTTP/1.1" 200 416
69.63.184.1 - - [02/Oct/2024:02:12:37 +0200] "GET /ticket2/opencms/img/insta.png HTTP/1.1" 200 3967
69.63.184.2 - - [02/Oct/2024:02:12:37 +0200] "GET /ticket2/opencms/system/modules/com.gridnine.opencms.ticketbrokerage.site/resources/pics/logo-new.png HTTP/1.1" 200 13541
69.63.184.9 - - [02/Oct/2024:02:12:37 +0200] "GET /ticket2/opencms/img/fb.png HTTP/1.1" 200 1269
69.63.184.1 - - [02/Oct/2024:02:12:38 +0200] "GET /ticket2/opencms/system/modules/com.gridnine.opencms.ticketbrokerage.site/resources/pics/banners/Everton.jpg HTTP/1.1" 200 22089
69.63.184.2 - - [02/Oct/2024:02:12:38 +0200] "GET /ticket2/opencms/system/modules/com.gridnine.opencms.ticketbrokerage.site/resources/pics/footer-img.jpg HTTP/1.1" 200 67642
69.63.184.9 - - [02/Oct/2024:02:12:38 +0200] "GET /ticket2/opencms/system/modules/com.gridnine.opencms.ticketbrokerage.site/resources/js/jquery.placeholder.min.js HTTP/1.1" 200 1737
69.63.184.1 - - [02/Oct/2024:02:12:38 +0200] "GET /ticket2/opencms/system/modules/com.gridnine.opencms.ticketbrokerage.site/resources/js/common-ajax.js HTTP/1.1" 200 20175
95.217.109.26 - - [02/Oct/2024:02:12:38 +0200] "GET /ticket2/opencms/dk/buy/?page=1&edid=1C2F60F9-81F4-AA62-7B86-999715633926 HTTP/1.1" 200 96694
52.167.144.185 - - [02/Oct/2024:02:12:38 +0200] "GET /ticket2/opencms/en/venue/?countryid=8F4397BE-7412-47F2-178D-719E5255923A HTTP/1.1" 200 104566
69.63.184.9 - - [02/Oct/2024:02:12:39 +0200] "GET /ticket2/opencms/img/icons/no.png HTTP/1.1" 200 1958
69.63.184.1 - - [02/Oct/2024:02:12:39 +0200] "GET /ticket2/opencms/img/icons/se.png HTTP/1.1" 200 1258
69.63.184.2 - - [02/Oct/2024:02:12:39 +0200] "GET /ticket2/opencms/img/icons/globe-white.png HTTP/1.1" 200 947
69.63.184.2 - - [02/Oct/2024:02:12:39 +0200] "GET /ticket2/opencms/img/icons/dk.png HTTP/1.1" 200 1706
69.63.184.1 - - [02/Oct/2024:02:12:39 +0200] "GET /ticket2/opencms/img/icons/fi.png HTTP/1.1" 200 1785
69.63.184.9 - - [02/Oct/2024:02:12:39 +0200] "GET /ticket2/opencms/img/icons/nl.png HTTP/1.1" 200 1255
69.63.184.1 - - [02/Oct/2024:02:12:40 +0200] "GET /ticket2/opencms/img/icons/es.png HTTP/1.1" 200 1005
69.63.184.9 - - [02/Oct/2024:02:12:40 +0200] "GET /ticket2/opencms/img/icons/de.png HTTP/1.1" 200 1124
69.63.184.2 - - [02/Oct/2024:02:12:40 +0200] "GET /ticket2/opencms/img/icons/fr.png HTTP/1.1" 200 1764
69.63.184.9 - - [02/Oct/2024:02:12:40 +0200] "GET /ticket2/opencms/img/icons/it.png HTTP/1.1" 200 2040
69.63.184.2 - - [02/Oct/2024:02:12:40 +0200] "GET /ticket2/opencms/img/icons/en.png HTTP/1.1" 200 2415
69.63.184.1 - - [02/Oct/2024:02:12:40 +0200] "GET /ticket2/opencms/img/icons/pl.png HTTP/1.1" 200 1578
95.217.109.26 - - [02/Oct/2024:02:12:40 +0200] "GET /ticket2/opencms/dk/buy/?page=1&edid=33CC4948-6558-3EC2-FACA-6AF19D354AA8&sortorder=desc&column=row HTTP/1.1" 200 96615
69.63.184.1 - - [02/Oct/2024:02:12:40 +0200] "GET /ticket2/opencms/img/icons/is.png HTTP/1.1" 200 1884
69.63.184.2 - - [02/Oct/2024:02:12:40 +0200] "GET /ticket2/opencms/img/icons/el.png HTTP/1.1" 200 1637
69.63.184.9 - - [02/Oct/2024:02:12:40 +0200] "GET /ticket2/opencms/img/icons/et.png HTTP/1.1" 200 754
69.63.184.2 - - [02/Oct/2024:02:12:41 +0200] "GET /ticket2/opencms/img/icons/hr.png HTTP/1.1" 200 2024
69.63.184.1 - - [02/Oct/2024:02:12:41 +0200] "GET /ticket2/opencms/img/icons/ga.png HTTP/1.1" 200 1759
69.63.184.9 - - [02/Oct/2024:02:12:41 +0200] "GET /ticket2/opencms/img/icons/az.png HTTP/1.1" 200 1445
69.63.184.9 - - [02/Oct/2024:02:12:41 +0200] "GET /ticket2/opencms/img/icons/bg.png HTTP/1.1" 200 788
69.63.184.1 - - [02/Oct/2024:02:12:41 +0200] "GET /ticket2/opencms/img/icons/hu.png HTTP/1.1" 200 733
69.63.184.2 - - [02/Oct/2024:02:12:41 +0200] "GET /ticket2/opencms/img/icons/be.png HTTP/1.1" 200 1663
69.63.184.2 - - [02/Oct/2024:02:12:41 +0200] "GET /ticket2/opencms/img/icons/ka.png HTTP/1.1" 200 860
69.63.184.1 - - [02/Oct/2024:02:12:41 +0200] "GET /ticket2/opencms/img/icons/lv.png HTTP/1.1" 200 716
69.63.184.9 - - [02/Oct/2024:02:12:41 +0200] "GET /ticket2/opencms/img/icons/lt.png HTTP/1.1" 200 733
69.63.184.9 - - [02/Oct/2024:02:12:41 +0200] "GET /ticket2/opencms/img/icons/ro.png HTTP/1.1" 200 1393
69.63.184.1 - - [02/Oct/2024:02:12:41 +0200] "GET /ticket2/opencms/img/icons/mo.png HTTP/1.1" 200 1468
69.63.184.2 - - [02/Oct/2024:02:12:41 +0200] "GET /ticket2/opencms/img/icons/mt.png HTTP/1.1" 200 920
95.217.109.26 - - [02/Oct/2024:02:12:42 +0200] "GET /ticket2/opencms/dk/buy/?page=1&edid=8A1D7FDE-61D9-CA78-3F14-088E085C1428&sortorder=asc&column=section HTTP/1.1" 200 97266
69.63.184.2 - - [02/Oct/2024:02:12:42 +0200] "GET /ticket2/opencms/img/icons/sk.png HTTP/1.1" 200 1283
69.63.184.1 - - [02/Oct/2024:02:12:42 +0200] "GET /ticket2/opencms/img/icons/sl.png HTTP/1.1" 200 966
69.63.184.9 - - [02/Oct/2024:02:12:42 +0200] "GET /ticket2/opencms/img/icons/sr.png HTTP/1.1" 200 1602
69.63.184.1 - - [02/Oct/2024:02:12:42 +0200] "GET /ticket2/opencms/system/modules/com.gridnine.opencms.ticketbrokerage.site/resources/js/standard.js HTTP/1.1" 200 3978
69.63.184.1 - - [02/Oct/2024:02:12:42 +0200] "GET /ticket2/opencms/img/icons/ticket2.thumbnail.png HTTP/1.1" 200 21519
95.217.109.26 - - [02/Oct/2024:02:12:44 +0200] "GET /ticket2/opencms/dk/buy/?page=1&edid=9A05EF4D-4376-E584-2657-07D966D7B743&sortorder=desc&column=price HTTP/1.1" 200 97035
69.63.184.1 - - [02/Oct/2024:02:12:44 +0200] "GET /ticket2/opencms/system/modules/com.gridnine.opencms.ticketbrokerage.site/resources/css/images/ui-bg_flat_75_ffffff_40x100.png HTTP/1.1" 404 -
47.128.112.206 - - [02/Oct/2024:02:12:45 +0200] "GET /ticket2/opencms/dk/buy/?edid=A250B4B1-8EE0-FF45-8CB6-582F5F739AF9 HTTP/1.1" 200 77356
95.217.109.26 - - [02/Oct/2024:02:12:45 +0200] "GET /ticket2/opencms/dk/buy/?page=1&edid=9AE493CE-16E5-66DA-B419-2CD7D152F786&sortorder=desc&column=price HTTP/1.1" 200 96643
40.77.167.67 - - [02/Oct/2024:02:12:46 +0200] "GET /ticket2/opencms/en/venue/?venueid=17AD70CD-06E0-2606-B2B4-860C9CBEAC08 HTTP/1.1" 200 75251
95.217.109.26 - - [02/Oct/2024:02:12:47 +0200] "GET /ticket2/opencms/dk/buy/?page=1&edid=D2D736A8-1D98-4EFF-4F4C-B01FC94BF6B7&sortorder=asc&column=row HTTP/1.1" 200 96389
95.217.109.26 - - [02/Oct/2024:02:12:49 +0200] "GET /ticket2/opencms/dk/buy/?page=10&eventid=99C8A1F1-1A73-8044-DC13-80659AD8BB41&venueid=99EB5D09-9A33-95A7-F158-1EC6D2BA2BAD HTTP/1.1" 200 79126
40.77.167.64 - - [02/Oct/2024:02:12:51 +0200] "GET /ticket2/opencms/ru/buy/?page=1&edid=F5CAAED6-1EE5-8B36-79D5-0A4834BED97E HTTP/1.1" 200 99383
95.217.109.26 - - [02/Oct/2024:02:12:52 +0200] "GET /ticket2/opencms/dk/buy/?page=1&edid=1B0DA330-38AA-5CD6-6C89-F2963014EF68&sortorder=asc&column=row HTTP/1.1" 200 97244
95.217.109.26 - - [02/Oct/2024:02:12:55 +0200] "GET /ticket2/opencms/dk/buy/?page=1&edid=399D5857-E3F3-B9C2-E01C-0D17705EC245 HTTP/1.1" 200 96291
101.44.161.30 - - [02/Oct/2024:02:12:56 +0200] "GET /ticket2/opencms/no/sport/fotballsbilletter/la_liga/ HTTP/1.1" 200 82492
95.217.109.26 - - [02/Oct/2024:02:12:59 +0200] "GET /ticket2/opencms/dk/buy/?page=1&edid=3BC77E2F-6D26-3F5D-044C-7B0FB014699E&sortorder=asc&column=price HTTP/1.1" 200 96202
95.217.109.26 - - [02/Oct/2024:02:13:02 +0200] "GET /ticket2/opencms/dk/buy/?page=1&edid=3BC77E2F-6D26-3F5D-044C-7B0FB014699E&sortorder=asc&column=section HTTP/1.1" 200 96224
69.171.231.6 - - [02/Oct/2024:02:13:03 +0200] "GET /ticket2/opencms/system/modules/com.gridnine.opencms.ticketbrokerage.site/resources/pics/banners/Everton.jpg HTTP/1.1" 200 22089
69.171.231.8 - - [02/Oct/2024:02:13:03 +0200] "GET /ticket2/opencms/img/icons/et.png HTTP/1.1" 200 754
69.171.231.8 - - [02/Oct/2024:02:13:03 +0200] "GET /ticket2/opencms/img/icons/lv.png HTTP/1.1" 200 716
69.171.231.10 - - [02/Oct/2024:02:13:03 +0200] "GET /ticket2/opencms/img/icons/az.png HTTP/1.1" 200 1445
69.171.231.2 - - [02/Oct/2024:02:13:04 +0200] "GET /ticket2/opencms/img/icons/mt.png HTTP/1.1" 200 920
69.171.231.2 - - [02/Oct/2024:02:13:04 +0200] "GET /ticket2/opencms/img/icons/sl.png HTTP/1.1" 200 966
69.171.231.112 - - [02/Oct/2024:02:13:04 +0200] "GET /ticket2/opencms/img/icons/mo.png HTTP/1.1" 200 1468
69.171.231.113 - - [02/Oct/2024:02:13:04 +0200] "GET /ticket2/opencms/img/icons/hu.png HTTP/1.1" 200 733
69.171.231.3 - - [02/Oct/2024:02:13:04 +0200] "GET /ticket2/opencms/img/icons/sk.png HTTP/1.1" 200 1283
69.171.231.112 - - [02/Oct/2024:02:13:04 +0200] "GET /ticket2/opencms/img/icons/sr.png HTTP/1.1" 200 1602
69.171.231.6 - - [02/Oct/2024:02:13:04 +0200] "GET /ticket2/opencms/img/icons/ga.png HTTP/1.1" 200 1759
69.171.231.7 - - [02/Oct/2024:02:13:04 +0200] "GET /ticket2/opencms/img/icons/be.png HTTP/1.1" 200 1663
69.171.231.113 - - [02/Oct/2024:02:13:04 +0200] "GET /ticket2/opencms/img/icons/el.png HTTP/1.1" 200 1637
69.171.231.7 - - [02/Oct/2024:02:13:04 +0200] "GET /ticket2/opencms/img/icons/pl.png HTTP/1.1" 200 1578
69.171.231.10 - - [02/Oct/2024:02:13:04 +0200] "GET /ticket2/opencms/img/icons/ro.png HTTP/1.1" 200 1393
69.171.231.7 - - [02/Oct/2024:02:13:04 +0200] "GET /ticket2/opencms/img/icons/bg.png HTTP/1.1" 200 788
69.171.231.9 - - [02/Oct/2024:02:13:04 +0200] "GET /ticket2/opencms/img/icons/hr.png HTTP/1.1" 200 2024
69.171.231.9 - - [02/Oct/2024:02:13:04 +0200] "GET /ticket2/opencms/img/icons/is.png HTTP/1.1" 200 1884
69.171.231.115 - - [02/Oct/2024:02:13:04 +0200] "GET /ticket2/opencms/img/icons/lt.png HTTP/1.1" 200 733
69.171.231.9 - - [02/Oct/2024:02:13:04 +0200] "GET /ticket2/opencms/img/icons/ka.png HTTP/1.1" 200 860
95.217.109.26 - - [02/Oct/2024:02:13:06 +0200] "GET /ticket2/opencms/dk/buy/?page=1&edid=3D7F27A3-7CEB-322E-05F6-AF6624B81BC2&sortorder=desc&column=row HTTP/1.1" 200 97899
69.171.231.115 - - [02/Oct/2024:02:13:08 +0200] "GET /ticket2/opencms/system/modules/com.gridnine.opencms.ticketbrokerage.site/resources/pics/logo-new.png HTTP/1.1" 200 13541
95.217.109.26 - - [02/Oct/2024:02:13:10 +0200] "GET /ticket2/opencms/dk/buy/?page=1&edid=3F822738-BD55-10B1-3185-42149CD278B9&sortorder=asc&column=section HTTP/1.1" 200 97288
69.171.231.7 - - [02/Oct/2024:02:13:11 +0200] "GET /ticket2/opencms/system/modules/com.gridnine.opencms.ticketbrokerage.site/resources/pics/banners/Everton.jpg HTTP/1.1" 200 22089
95.217.109.26 - - [02/Oct/2024:02:13:13 +0200] "GET /ticket2/opencms/dk/buy/?page=1&edid=40274787-4880-2FAF-9245-ACEA41C493B4&sortorder=asc&column=price HTTP/1.1" 200 97217
95.217.109.26 - - [02/Oct/2024:02:13:16 +0200] "GET /ticket2/opencms/dk/buy/?page=1&edid=411CF077-8416-B09B-2921-C517AE71239C&sortorder=asc&column=row HTTP/1.1" 200 97010
95.217.109.26 - - [02/Oct/2024:02:13:19 +0200] "GET /ticket2/opencms/dk/buy/?page=1&edid=411DE37B-A492-42F8-E70C-4ADCF9F6F76B&sortorder=asc&column=row HTTP/1.1" 200 97754
95.217.109.26 - - [02/Oct/2024:02:13:22 +0200] "GET /ticket2/opencms/dk/buy/?page=1&edid=411DE37B-A492-42F8-E70C-4ADCF9F6F76B&sortorder=asc&column=section HTTP/1.1" 200 97798
17.241.227.94 - - [02/Oct/2024:02:13:23 +0200] "GET /ticket2/opencms/sv/musikal/the_lion_king/ HTTP/1.1" 200 77614
95.217.109.26 - - [02/Oct/2024:02:13:26 +0200] "GET /ticket2/opencms/dk/buy/?page=1&edid=412FDB60-9870-0CA3-D6DE-428EE343A262&sortorder=asc&column=row HTTP/1.1" 200 96142
95.217.109.26 - - [02/Oct/2024:02:13:29 +0200] "GET /ticket2/opencms/dk/buy/?page=1&edid=418F640D-FED9-8D6C-3AD1-01149267CC74 HTTP/1.1" 200 96986
37.123.143.202 - - [02/Oct/2024:02:13:31 +0200] "GET /ticket2/opencms/system/workplace/views/top_foot.jsp?wpFrame=foot HTTP/1.1" 200 1211
37.123.143.202 - - [02/Oct/2024:02:13:31 +0200] "GET /ticket2/opencms/system/workplace/commons/style/workplace.css HTTP/1.1" 200 14209
95.217.109.26 - - [02/Oct/2024:02:13:32 +0200] "GET /ticket2/opencms/dk/buy/?page=1&edid=432E7910-BFD2-9BD8-B09F-2C70AF85F459&sortorder=asc&column=price HTTP/1.1" 200 97783
66.249.78.7 - - [02/Oct/2024:02:13:35 +0200] "GET /ticket2/opencms/nl/ HTTP/1.1" 200 95783
95.217.109.26 - - [02/Oct/2024:02:13:35 +0200] "GET /ticket2/opencms/dk/buy/?page=1&edid=443A5BE5-6E1B-92D8-CAE5-906AF16A59E7 HTTP/1.1" 200 96698
217.182.175.146 - - [02/Oct/2024:02:13:36 +0200] "GET /ticket2/opencms/robots.txt HTTP/1.1" 200 773
217.182.175.146 - - [02/Oct/2024:02:13:38 +0200] "GET /ticket2/opencms/fi/buy/?page=1&edid=30B90E18-08FF-50F0-57E7-09B58974F8E4&sortorder=asc&column=section HTTP/1.1" 200 99109
95.217.109.26 - - [02/Oct/2024:02:13:39 +0200] "GET /ticket2/opencms/dk/buy/?page=1&edid=4457AAA5-B79C-4CFF-795B-48A1890E4376&sortorder=asc&column=price HTTP/1.1" 200 97787
217.182.175.146 - - [02/Oct/2024:02:13:40 +0200] "GET /ticket2/opencms/fi/buy/?page=1&edid=312D91B6-932A-A893-4AF7-A90079FB1635&sortorder=asc&column=section HTTP/1.1" 200 98590
217.182.175.146 - - [02/Oct/2024:02:13:42 +0200] "GET /ticket2/opencms/fi/buy/?page=1&edid=3162CA97-90A3-818D-CF45-2A7A973595B1&sortorder=asc&column=row HTTP/1.1" 200 98533
95.217.109.26 - - [02/Oct/2024:02:13:42 +0200] "GET /ticket2/opencms/dk/buy/?page=1&edid=4457AAA5-B79C-4CFF-795B-48A1890E4376&sortorder=desc&column=row HTTP/1.1" 200 97775
217.182.175.146 - - [02/Oct/2024:02:13:44 +0200] "GET /ticket2/opencms/fi/buy/?page=1&edid=3403A3AF-D8A2-2601-F446-9CED67F7B893&sortorder=asc&column=section HTTP/1.1" 200 98757
95.217.109.26 - - [02/Oct/2024:02:13:45 +0200] "GET /ticket2/opencms/dk/buy/?page=1&edid=45AE7489-ACF2-4F75-B6C3-0726279668F0&sortorder=asc&column=row HTTP/1.1" 200 96379
114.119.135.251 - - [02/Oct/2024:02:13:46 +0200] "GET /ticket2/opencms/en/buy?page=1&edid=8DBFDF20-E0D3-9EDA-2DCD-9D4BB99FB99F HTTP/1.1" 200 96518
217.182.175.146 - - [02/Oct/2024:02:13:46 +0200] "GET /ticket2/opencms/fi/buy/?page=1&edid=35A5C9DD-5FF8-7901-5D59-489265F65CB3 HTTP/1.1" 200 97370
217.182.175.146 - - [02/Oct/2024:02:13:48 +0200] "GET /ticket2/opencms/fi/buy/?page=1&edid=372E2EFE-457C-DF4D-FC89-808FA8424DAF&sortorder=asc&column=price HTTP/1.1" 200 98557
95.217.109.26 - - [02/Oct/2024:02:13:49 +0200] "GET /ticket2/opencms/dk/buy/?page=1&edid=45AE7489-ACF2-4F75-B6C3-0726279668F0&sortorder=asc&column=section HTTP/1.1" 200 96423
217.182.175.146 - - [02/Oct/2024:02:13:51 +0200] "GET /ticket2/opencms/fi/buy/?page=1&edid=399D5857-E3F3-B9C2-E01C-0D17705EC245&sortorder=desc&column=section HTTP/1.1" 200 97963
95.217.109.26 - - [02/Oct/2024:02:13:52 +0200] "GET /ticket2/opencms/dk/buy/?page=1&edid=45CC6BB1-4A0B-C243-C5EE-01457B55C324&sortorder=asc&column=price HTTP/1.1" 200 96629
217.182.175.146 - - [02/Oct/2024:02:13:53 +0200] "GET /ticket2/opencms/fi/buy/?page=1&edid=517CB8F1-1013-72C0-7B50-AF0B26D8A5BE&sortorder=desc&column=price HTTP/1.1" 200 97929
95.217.109.26 - - [02/Oct/2024:02:13:55 +0200] "GET /ticket2/opencms/dk/buy/?page=1&edid=45CC6BB1-4A0B-C243-C5EE-01457B55C324&sortorder=asc&column=row HTTP/1.1" 200 96607
217.182.175.146 - - [02/Oct/2024:02:13:56 +0200] "GET /ticket2/opencms/fi/buy/?page=1&edid=5AF0C2F9-FCF1-BB9C-5B74-9352324B61E3&sortorder=asc&column=section HTTP/1.1" 200 97464
217.182.175.146 - - [02/Oct/2024:02:13:57 +0200] "GET /ticket2/opencms/fi/buy/?page=1&edid=7422BB76-D50D-112B-59E4-17DC58B2A2B5 HTTP/1.1" 200 98232
95.217.109.26 - - [02/Oct/2024:02:13:59 +0200] "GET /ticket2/opencms/dk/buy/?page=1&edid=45CC6BB1-4A0B-C243-C5EE-01457B55C324&sortorder=asc&column=section HTTP/1.1" 200 96651
217.182.175.146 - - [02/Oct/2024:02:14:00 +0200] "GET /ticket2/opencms/fi/buy/?page=1&edid=7B46862D-316F-0187-3F98-B05908C5748C&sortorder=asc&column=row HTTP/1.1" 200 99065
95.217.109.26 - - [02/Oct/2024:02:14:02 +0200] "GET /ticket2/opencms/dk/buy/?page=1&edid=461F069E-E3EB-24CF-0D50-67F3F8E1F0F6&sortorder=asc&column=price HTTP/1.1" 200 97945
217.182.175.146 - - [02/Oct/2024:02:14:02 +0200] "GET /ticket2/opencms/fi/buy/?page=1&edid=912B3FC9-0EC2-60E5-B474-C1C5F229ED3D&sortorder=desc&column=price HTTP/1.1" 200 98628
217.182.175.146 - - [02/Oct/2024:02:14:04 +0200] "GET /ticket2/opencms/fi/buy/?page=1&edid=912B3FC9-0EC2-60E5-B474-C1C5F229ED3D&sortorder=desc&column=row HTTP/1.1" 200 98606
95.217.109.26 - - [02/Oct/2024:02:14:05 +0200] "GET /ticket2/opencms/dk/buy/?page=1&edid=461F069E-E3EB-24CF-0D50-67F3F8E1F0F6&sortorder=asc&column=row HTTP/1.1" 200 97923
95.217.109.26 - - [02/Oct/2024:02:14:08 +0200] "GET /ticket2/opencms/dk/buy/?page=1&edid=4724E241-4EDF-6BA5-B9E1-0A7235D75886&sortorder=asc&column=row HTTP/1.1" 200 94521
217.182.175.146 - - [02/Oct/2024:02:14:09 +0200] "GET /ticket2/opencms/fi/buy/?page=1&edid=912B3FC9-0EC2-60E5-B474-C1C5F229ED3D&sortorder=desc&column=section HTTP/1.1" 200 98650
217.182.175.146 - - [02/Oct/2024:02:14:11 +0200] "GET /ticket2/opencms/fi/buy/?page=1&edid=91DDF8CB-A0D7-9256-36C1-E5D7093510F0&sortorder=asc&column=price HTTP/1.1" 200 98540
95.217.109.26 - - [02/Oct/2024:02:14:12 +0200] "GET /ticket2/opencms/dk/buy/?page=1&edid=4724E241-4EDF-6BA5-B9E1-0A7235D75886&sortorder=asc&column=section HTTP/1.1" 200 94565
114.119.159.129 - - [02/Oct/2024:02:14:12 +0200] "GET /ticket2/opencms/en/sell/ HTTP/1.1" 302 -
217.182.175.146 - - [02/Oct/2024:02:14:13 +0200] "GET /ticket2/opencms/fi/buy/?page=1&edid=91DDF8CB-A0D7-9256-36C1-E5D7093510F0&sortorder=asc&column=row HTTP/1.1" 200 98518
95.217.109.26 - - [02/Oct/2024:02:14:15 +0200] "GET /ticket2/opencms/dk/buy/?page=1&edid=4736DF7C-C1C2-2C08-48FA-1D2EB109FC30&sortorder=asc&column=price HTTP/1.1" 200 96232
217.182.175.146 - - [02/Oct/2024:02:14:15 +0200] "GET /ticket2/opencms/fi/buy/?page=1&edid=91DDF8CB-A0D7-9256-36C1-E5D7093510F0&sortorder=asc&column=section HTTP/1.1" 200 98562
114.119.159.129 - - [02/Oct/2024:02:14:16 +0200] "GET /ticket2/opencms/en/login/?url=/en/sell/ HTTP/1.1" 200 77267
52.167.144.219 - - [02/Oct/2024:02:14:16 +0200] "GET /ticket2/opencms/nl/buy/?page=1&edid=DEFA2AD2-016C-1372-5474-1CAB7DBED5A5 HTTP/1.1" 200 99265
217.182.175.146 - - [02/Oct/2024:02:14:18 +0200] "GET /ticket2/opencms/fi/buy/?page=1&edid=9261FAEC-63AE-50D4-BB76-C4DEAD54BAED&sortorder=asc&column=row HTTP/1.1" 200 99064
95.217.109.26 - - [02/Oct/2024:02:14:19 +0200] "GET /ticket2/opencms/dk/buy/?page=1&edid=4805292B-3822-D6A4-8FA1-43007F8A43AD&sortorder=asc&column=row HTTP/1.1" 200 97715
217.182.175.146 - - [02/Oct/2024:02:14:20 +0200] "GET /ticket2/opencms/fi/buy/?page=1&edid=9261FAEC-63AE-50D4-BB76-C4DEAD54BAED&sortorder=asc&column=section HTTP/1.1" 200 99108
217.182.175.146 - - [02/Oct/2024:02:14:22 +0200] "GET /ticket2/opencms/fi/buy/?page=1&edid=957914D1-52DE-8F66-FE37-052551257944&sortorder=desc&column=price HTTP/1.1" 200 98126
95.217.109.26 - - [02/Oct/2024:02:14:22 +0200] "GET /ticket2/opencms/dk/buy/?page=1&edid=4826A287-E992-0C32-C836-2BE23EC4A7E1&sortorder=asc&column=row HTTP/1.1" 200 97726
217.182.175.146 - - [02/Oct/2024:02:14:24 +0200] "GET /ticket2/opencms/fi/buy/?page=1&edid=957914D1-52DE-8F66-FE37-052551257944&sortorder=desc&column=row HTTP/1.1" 200 98104
95.217.109.26 - - [02/Oct/2024:02:14:26 +0200] "GET /ticket2/opencms/dk/buy/?page=1&edid=4826A287-E992-0C32-C836-2BE23EC4A7E1&sortorder=asc&column=section HTTP/1.1" 200 97770
217.182.175.146 - - [02/Oct/2024:02:14:26 +0200] "GET /ticket2/opencms/fi/buy/?page=1&edid=95D527D7-A681-C22C-0004-08E23653C7F4&sortorder=asc&column=price HTTP/1.1" 200 99103
217.182.175.146 - - [02/Oct/2024:02:14:29 +0200] "GET /ticket2/opencms/fi/buy/?page=1&edid=95D527D7-A681-C22C-0004-08E23653C7F4&sortorder=asc&column=row HTTP/1.1" 200 99081
95.217.109.26 - - [02/Oct/2024:02:14:29 +0200] "GET /ticket2/opencms/dk/buy/?page=1&edid=482A3E6B-F6F4-FCF6-CF6F-F9FEE87AC240&sortorder=asc&column=price HTTP/1.1" 200 97778
40.77.167.64 - - [02/Oct/2024:02:14:30 +0200] "GET /ticket2/opencms/en/buy/?page=1&edid=D8011C50-93A6-4225-F35F-417FEFE3121C HTTP/1.1" 200 93767
217.182.175.146 - - [02/Oct/2024:02:14:31 +0200] "GET /ticket2/opencms/fi/buy/?page=1&edid=95D527D7-A681-C22C-0004-08E23653C7F4&sortorder=asc&column=section HTTP/1.1" 200 99125
95.217.109.26 - - [02/Oct/2024:02:14:32 +0200] "GET /ticket2/opencms/dk/buy/?page=1&edid=482A3E6B-F6F4-FCF6-CF6F-F9FEE87AC240&sortorder=asc&column=section HTTP/1.1" 200 97800
217.182.175.146 - - [02/Oct/2024:02:14:33 +0200] "GET /ticket2/opencms/fi/buy/?page=1&edid=96935B90-BFC5-DD63-9E0F-694D36461003&sortorder=asc&column=row HTTP/1.1" 200 98492
217.182.175.146 - - [02/Oct/2024:02:14:35 +0200] "GET /ticket2/opencms/fi/buy/?page=1&edid=96935B90-BFC5-DD63-9E0F-694D36461003&sortorder=asc&column=section HTTP/1.1" 200 98536
95.217.109.26 - - [02/Oct/2024:02:14:36 +0200] "GET /ticket2/opencms/dk/buy/?page=1&edid=483DE968-0F92-92A6-2252-5119D821D98E&sortorder=asc&column=price HTTP/1.1" 200 97939
66.249.66.78 - - [02/Oct/2024:02:14:36 +0200] "GET /ticket2/opencms/fi/buy/?comcatid=A17713B6-D984-201A-4143-ED4DB5ED5C2E&catid=E92E6B1B-7CD1-74B1-312C-265A7D8125D0 HTTP/1.1" 200 89237
217.182.175.146 - - [02/Oct/2024:02:14:37 +0200] "GET /ticket2/opencms/fi/buy/?page=1&edid=99379E05-2895-DA9A-DA07-9A2A949F9132&sortorder=desc&column=price HTTP/1.1" 200 95849
95.217.109.26 - - [02/Oct/2024:02:14:39 +0200] "GET /ticket2/opencms/dk/buy/?page=1&edid=483DE968-0F92-92A6-2252-5119D821D98E&sortorder=asc&column=row HTTP/1.1" 200 97917
217.182.175.146 - - [02/Oct/2024:02:14:42 +0200] "GET /ticket2/opencms/fi/buy/?page=1&edid=99B50F9B-1D3F-89A8-66B0-19EC5F544B5E&sortorder=desc&column=price HTTP/1.1" 200 99236
95.217.109.26 - - [02/Oct/2024:02:14:42 +0200] "GET /ticket2/opencms/dk/buy/?page=1&edid=497CFADB-43B9-65B9-4674-F7F3D004A91F&sortorder=asc&column=price HTTP/1.1" 200 97792
95.217.109.26 - - [02/Oct/2024:02:14:46 +0200] "GET /ticket2/opencms/dk/buy/?page=1&edid=497CFADB-43B9-65B9-4674-F7F3D004A91F&sortorder=asc&column=row HTTP/1.1" 200 97770
95.217.109.26 - - [02/Oct/2024:02:14:49 +0200] "GET /ticket2/opencms/dk/buy/?page=1&edid=497CFADB-43B9-65B9-4674-F7F3D004A91F&sortorder=asc&column=section HTTP/1.1" 200 97814
217.182.175.146 - - [02/Oct/2024:02:14:49 +0200] "GET /ticket2/opencms/fi/buy/?page=1&edid=99B50F9B-1D3F-89A8-66B0-19EC5F544B5E&sortorder=desc&column=row HTTP/1.1" 200 99214
95.217.109.26 - - [02/Oct/2024:02:14:52 +0200] "GET /ticket2/opencms/dk/buy/?page=1&edid=4A1E541D-A2F7-F553-9244-C365DA9D6313&sortorder=asc&column=row HTTP/1.1" 200 97220
217.182.175.146 - - [02/Oct/2024:02:14:53 +0200] "GET /ticket2/opencms/fi/buy/?page=1&edid=99C24877-53C4-AB74-6606-A857CC7C6177 HTTP/1.1" 200 98847
95.217.109.26 - - [02/Oct/2024:02:14:56 +0200] "GET /ticket2/opencms/dk/buy/?page=1&edid=4A1E541D-A2F7-F553-9244-C365DA9D6313&sortorder=asc&column=section HTTP/1.1" 200 97264
217.182.175.146 - - [02/Oct/2024:02:14:58 +0200] "GET /ticket2/opencms/fi/buy/?page=1&edid=99C24877-53C4-AB74-6606-A857CC7C6177&sortorder=desc&column=price HTTP/1.1" 200 99190
52.167.144.20 - - [02/Oct/2024:02:14:58 +0200] "GET /ticket2/opencms/sv/buy/?page=1&edid=23688B8D-8D21-EBA0-1897-8BC6CFFE57DE HTTP/1.1" 200 96178
95.217.109.26 - - [02/Oct/2024:02:14:59 +0200] "GET /ticket2/opencms/dk/buy/?page=1&edid=4B16E804-B399-18A3-BF25-24C38C6D0330&sortorder=asc&column=row HTTP/1.1" 200 96120
95.217.109.26 - - [02/Oct/2024:02:15:02 +0200] "GET /ticket2/opencms/dk/buy/?page=1&edid=4B16E804-B399-18A3-BF25-24C38C6D0330&sortorder=asc&column=section HTTP/1.1" 200 96164
47.128.25.137 - - [02/Oct/2024:02:15:02 +0200] "GET /ticket2/opencms/no/buy/?edid=89EB4F09-7DFA-DE60-A799-1F1B9F2BAA97 HTTP/1.1" 200 78178
217.182.175.146 - - [02/Oct/2024:02:15:04 +0200] "GET /ticket2/opencms/fi/buy/?page=1&edid=99C24877-53C4-AB74-6606-A857CC7C6177&sortorder=desc&column=row HTTP/1.1" 200 99168
