37.123.143.202 - - [02/Oct/2024:01:18:20 +0200] "GET /ticket2/opencms/system/workplace/views/top_foot.jsp?wpFrame=foot HTTP/1.1" 200 1211
37.123.143.202 - - [02/Oct/2024:01:18:20 +0200] "GET /ticket2/opencms/system/workplace/commons/style/workplace.css HTTP/1.1" 200 14209
66.249.76.195 - - [02/Oct/2024:01:18:21 +0200] "GET /ticket2/opencms/fr/buy/?comcatid=A17713B6-D984-201A-4143-ED4DB5ED5C2E&catid=D08E96E8-A514-9E09-4E22-63713911E0B8 HTTP/1.1" 200 88670
54.36.149.13 - - [02/Oct/2024:01:18:22 +0200] "GET /ticket2/opencms/en/buy?page=1&edid=1F54D461-D11A-68BE-103C-10162C2795D6 HTTP/1.1" 200 106014
52.167.144.217 - - [02/Oct/2024:01:18:30 +0200] "GET /ticket2/opencms/nl/buy/?page=1&edid=D62723EE-1857-617C-CCAD-CE486EF9BB11 HTTP/1.1" 200 99263
114.119.154.207 - - [02/Oct/2024:01:18:44 +0200] "GET /ticket2/opencms/en/venue/?venueid=E472D4FD-D5DF-5700-717C-3F4C29267654 HTTP/1.1" 200 75201
114.119.130.23 - - [02/Oct/2024:01:19:09 +0200] "GET /ticket2/opencms/en/venue/?venueid=152137BD-51FA-C49F-6002-B503D5181B54 HTTP/1.1" 200 75256
66.249.76.231 - - [02/Oct/2024:01:19:49 +0200] "GET /ticket2/opencms/dk/sport/fodboldbilletter/premier-league/arsenal/?partner=5DA1B85A-5A44-4C00-C2EF-3DFF7E687A1D HTTP/1.1" 302 -
66.249.66.68 - - [02/Oct/2024:01:19:49 +0200] "GET /ticket2/opencms/set_aff_cookie.jsp?partner=5DA1B85A-5A44-4C00-C2EF-3DFF7E687A1D&url=%2Fdk%2Fsport%2Ffodboldbilletter%2Fpremier-league%2Farsenal%2Findex.html%3Fr%3Dtrue HTTP/1.1" 200 172
47.128.125.148 - - [02/Oct/2024:01:19:54 +0200] "GET /ticket2/opencms/es/buy/?edid=7CC55054-B229-E12C-9C70-B1612FE653BC HTTP/1.1" 200 78209
66.249.76.232 - - [02/Oct/2024:01:20:10 +0200] "GET /ticket2/opencms/dk/sport/fodboldbilletter/premier-league/arsenal/?r=true HTTP/1.1" 200 88512
40.77.167.50 - - [02/Oct/2024:01:20:24 +0200] "GET /ticket2/opencms/dk/buy/?page=1&edid=1E50CCA2-3762-A1F2-CC92-2F956F5B1117 HTTP/1.1" 200 94173
40.77.167.50 - - [02/Oct/2024:01:20:25 +0200] "GET /ticket2/opencms/dk/buy/?page=1&edid=CC13EB5F-DD10-0A0F-D050-91718E7B75B8 HTTP/1.1" 200 94226
114.119.133.220 - - [02/Oct/2024:01:20:43 +0200] "GET /ticket2/opencms/en/venue/?venueid=BD822697-3740-82B9-1A6D-F3495CC47DAB HTTP/1.1" 200 75154
52.167.144.16 - - [02/Oct/2024:01:20:56 +0200] "GET /ticket2/opencms/no/buy/?page=1&edid=8AA04557-B7E5-757A-90A8-C3B47E091B0A HTTP/1.1" 200 97873
52.167.144.168 - - [02/Oct/2024:01:21:11 +0200] "GET /ticket2/opencms/de/buy/?page=1&edid=6E1EEF1D-58EB-72BA-24BA-09C4B887C643 HTTP/1.1" 200 94862
66.249.92.133 - - [02/Oct/2024:01:21:35 +0200] "GET /ticket2/opencms/no/sport/fotballsbilletter/premier_league/ HTTP/1.1" 200 84317
66.249.92.133 - - [02/Oct/2024:01:21:36 +0200] "GET /ticket2/opencms/system/modules/com.gridnine.opencms.ticketbrokerage.site/resources/pics/banners/sv/premier_league_sv.png HTTP/1.1" 200 13518
66.249.66.68 - - [02/Oct/2024:01:21:50 +0200] "GET /ticket2/opencms/dk/search.html?searchQuery=manchester+city&submit= HTTP/1.1" 200 120421
47.128.127.255 - - [02/Oct/2024:01:22:12 +0200] "GET /ticket2/opencms/de/buy/?edid=380D9DCE-9F52-6635-EF3F-C6491C4BBEEF&page=2 HTTP/1.1" 200 83612
52.167.144.16 - - [02/Oct/2024:01:22:24 +0200] "GET /ticket2/opencms/dk/buy/?page=1&edid=BB2F3A74-7E9F-DB09-2C3F-D2D8CE32979C HTTP/1.1" 200 102941
41.216.188.168 - - [02/Oct/2024:01:22:31 +0200] "GET /ticket2/opencms/no/wp-content/uploads/ HTTP/1.1" 404 -
66.249.92.132 - - [02/Oct/2024:01:22:38 +0200] "GET /ticket2/opencms/system/modules/com.gridnine.opencms.ticketbrokerage.site/resources/css/images/ui-bg_flat_75_ffffff_40x100.png HTTP/1.1" 404 -
17.241.219.196 - - [02/Oct/2024:01:22:41 +0200] "GET /ticket2/opencms/en/buy?page=1&edid=5D7AF932-9046-B540-398E-21D39A8B4BC0 HTTP/1.1" 200 96531
41.216.188.168 - - [02/Oct/2024:01:22:46 +0200] "GET /ticket2/opencms/no/wp-includes/ HTTP/1.1" 404 -
52.167.144.20 - - [02/Oct/2024:01:22:51 +0200] "GET /ticket2/opencms/nl/buy/?page=1&edid=59510E33-7947-2FED-CC14-F0612B76476A HTTP/1.1" 200 99315
66.249.66.77 - - [02/Oct/2024:01:22:52 +0200] "GET /ticket2/opencms/fr/buy/?comcatid=A17713B6-D984-201A-4143-ED4DB5ED5C2E&catid=06324577-7173-BAB0-146D-E644C912F7C1 HTTP/1.1" 200 247422
66.249.66.74 - - [02/Oct/2024:01:22:53 +0200] "GET /ticket2/opencms/nl/sport/voetbal-tickets/premier_league/chelsea/ HTTP/1.1" 200 86541
41.216.188.168 - - [02/Oct/2024:01:23:08 +0200] "GET /ticket2/opencms/no/wp-includes/css/ HTTP/1.1" 404 -
193.70.81.116 - - [02/Oct/2024:01:23:17 +0200] "GET /ticket2/opencms/dk/robots.txt HTTP/1.1" 404 -
41.216.188.168 - - [02/Oct/2024:01:23:18 +0200] "GET /ticket2/opencms/no/wp-includes/ID3/ HTTP/1.1" 404 -
193.70.81.116 - - [02/Oct/2024:01:23:20 +0200] "GET /ticket2/opencms/dk/dk/buy/?page=1&edid=BFDFE449-D4A2-3EC2-5F36-4B5707D3EE53&sortorder=desc&column=row HTTP/1.1" 404 -
37.123.143.202 - - [02/Oct/2024:01:23:21 +0200] "GET /ticket2/opencms/system/workplace/views/top_foot.jsp?wpFrame=foot HTTP/1.1" 200 1211
37.123.143.202 - - [02/Oct/2024:01:23:21 +0200] "GET /ticket2/opencms/system/workplace/commons/style/workplace.css HTTP/1.1" 200 14209
193.70.81.116 - - [02/Oct/2024:01:23:23 +0200] "GET /ticket2/opencms/dk/dk/buy/?page=1&edid=BFF341E7-1CE6-7822-F687-FA8E7D8310D2&sortorder=asc&column=price HTTP/1.1" 404 -
193.70.81.116 - - [02/Oct/2024:01:23:26 +0200] "GET /ticket2/opencms/dk/dk/buy/?page=1&edid=C0DADECE-3739-FBB2-2554-F9E21C47A21A&sortorder=asc&column=price HTTP/1.1" 404 -
193.70.81.116 - - [02/Oct/2024:01:23:29 +0200] "GET /ticket2/opencms/dk/dk/buy/?page=1&edid=C0DADECE-3739-FBB2-2554-F9E21C47A21A&sortorder=asc&column=row HTTP/1.1" 404 -
41.216.188.168 - - [02/Oct/2024:01:23:30 +0200] "GET /ticket2/opencms/no/wp-includes/IXR/ HTTP/1.1" 404 -
193.70.81.116 - - [02/Oct/2024:01:23:33 +0200] "GET /ticket2/opencms/dk/dk/buy/?page=1&edid=C0DADECE-3739-FBB2-2554-F9E21C47A21A&sortorder=asc&column=section HTTP/1.1" 404 -
193.70.81.116 - - [02/Oct/2024:01:23:36 +0200] "GET /ticket2/opencms/dk/dk/buy/?page=1&edid=C0DADECE-3739-FBB2-2554-F9E21C47A21A&sortorder=desc&column=price HTTP/1.1" 404 -
193.70.81.116 - - [02/Oct/2024:01:23:39 +0200] "GET /ticket2/opencms/dk/dk/buy/?page=1&edid=C0DADECE-3739-FBB2-2554-F9E21C47A21A&sortorder=desc&column=row HTTP/1.1" 404 -
193.70.81.116 - - [02/Oct/2024:01:23:42 +0200] "GET /ticket2/opencms/dk/dk/buy/?page=1&edid=C10AA891-ED0B-37D3-113F-7CF29FC184B0&sortorder=asc&column=row HTTP/1.1" 404 -
41.216.188.168 - - [02/Oct/2024:01:23:44 +0200] "GET /ticket2/opencms/no/wp-includes/Requests/ HTTP/1.1" 404 -
193.70.81.116 - - [02/Oct/2024:01:23:45 +0200] "GET /ticket2/opencms/dk/dk/buy/?page=1&edid=C10AA891-ED0B-37D3-113F-7CF29FC184B0&sortorder=asc&column=section HTTP/1.1" 404 -
114.119.130.178 - - [02/Oct/2024:01:23:47 +0200] "GET /ticket2/opencms/en/venue/?venueid=C5834F34-3BBB-2A93-0E8E-D95E38C86A64 HTTP/1.1" 200 75216
193.70.81.116 - - [02/Oct/2024:01:23:49 +0200] "GET /ticket2/opencms/dk/dk/buy/?page=1&edid=C10D9635-5494-FEA9-6350-024287F4715F&sortorder=asc&column=row HTTP/1.1" 404 -
193.70.81.116 - - [02/Oct/2024:01:23:52 +0200] "GET /ticket2/opencms/dk/dk/buy/?page=1&edid=C168AC79-9AE4-687F-692F-70BDD7169AA1&sortorder=desc&column=price HTTP/1.1" 404 -
193.70.81.116 - - [02/Oct/2024:01:23:55 +0200] "GET /ticket2/opencms/dk/dk/buy/?page=1&edid=C168AC79-9AE4-687F-692F-70BDD7169AA1&sortorder=desc&column=row HTTP/1.1" 404 -
193.70.81.116 - - [02/Oct/2024:01:23:58 +0200] "GET /ticket2/opencms/dk/dk/buy/?page=1&edid=C168AC79-9AE4-687F-692F-70BDD7169AA1&sortorder=desc&column=section HTTP/1.1" 404 -
41.216.188.168 - - [02/Oct/2024:01:23:59 +0200] "GET /ticket2/opencms/no/wp-includes/SimplePie/ HTTP/1.1" 404 -
193.70.81.116 - - [02/Oct/2024:01:24:01 +0200] "GET /ticket2/opencms/dk/dk/buy/?page=1&edid=C1ACE21D-0708-37CC-D211-DDAF5232C408&sortorder=asc&column=row HTTP/1.1" 404 -
66.249.66.68 - - [02/Oct/2024:01:24:02 +0200] "GET /ticket2/opencms/dk HTTP/1.1" 200 97037
193.70.81.116 - - [02/Oct/2024:01:24:04 +0200] "GET /ticket2/opencms/dk/dk/buy/?page=1&edid=C1ACE21D-0708-37CC-D211-DDAF5232C408&sortorder=asc&column=section HTTP/1.1" 404 -
193.70.81.116 - - [02/Oct/2024:01:24:08 +0200] "GET /ticket2/opencms/dk/dk/buy/?page=1&edid=C1DD80C7-8D4B-6F54-604C-75017AA9D563&sortorder=desc&column=price HTTP/1.1" 404 -
114.119.130.23 - - [02/Oct/2024:01:24:09 +0200] "GET /ticket2/opencms/en/venue/?countryid=ACAFFD14-DCE8-EFC6-6ECA-AF006BA900C4 HTTP/1.1" 200 104566
41.216.188.168 - - [02/Oct/2024:01:24:09 +0200] "GET /ticket2/opencms/no/wp-includes/Text/ HTTP/1.1" 404 -
193.70.81.116 - - [02/Oct/2024:01:24:11 +0200] "GET /ticket2/opencms/dk/dk/buy/?page=1&edid=C255ADEF-7021-B11F-8DF7-85BD679EA134&sortorder=asc&column=row HTTP/1.1" 404 -
193.70.81.116 - - [02/Oct/2024:01:24:14 +0200] "GET /ticket2/opencms/dk/dk/buy/?page=1&edid=C2973D24-CE10-88F8-D7C2-BC31289E7666&sortorder=asc&column=section HTTP/1.1" 404 -
193.70.81.116 - - [02/Oct/2024:01:24:17 +0200] "GET /ticket2/opencms/dk/dk/buy/?page=1&edid=C2973D24-CE10-88F8-D7C2-BC31289E7666&sortorder=desc&column=price HTTP/1.1" 404 -
41.216.188.168 - - [02/Oct/2024:01:24:20 +0200] "GET /ticket2/opencms/no/wp-content/mu-plugins-old/ HTTP/1.1" 404 -
193.70.81.116 - - [02/Oct/2024:01:24:20 +0200] "GET /ticket2/opencms/dk/dk/buy/?page=1&edid=C2973D24-CE10-88F8-D7C2-BC31289E7666&sortorder=desc&column=section HTTP/1.1" 404 -
193.70.81.116 - - [02/Oct/2024:01:24:24 +0200] "GET /ticket2/opencms/dk/dk/buy/?page=1&edid=C2A51360-6A0D-EA25-5FF4-CC9351F00343&sortorder=asc&column=row HTTP/1.1" 404 -
114.119.157.43 - - [02/Oct/2024:01:24:27 +0200] "GET /ticket2/opencms/en/buy/?page=1&edid=CD9CCE5B-E45C-7CA4-806C-47052D704B01 HTTP/1.1" 200 95848
193.70.81.116 - - [02/Oct/2024:01:24:27 +0200] "GET /ticket2/opencms/dk/dk/buy/?page=1&edid=C2A51360-6A0D-EA25-5FF4-CC9351F00343&sortorder=asc&column=section HTTP/1.1" 404 -
47.128.55.241 - - [02/Oct/2024:01:24:30 +0200] "GET /ticket2/opencms/no/buy/?edid=63B3C27F-3402-BA64-D032-5846FD6DB5B5 HTTP/1.1" 200 78178
193.70.81.116 - - [02/Oct/2024:01:24:30 +0200] "GET /ticket2/opencms/dk/dk/buy/?page=1&edid=C2CD3885-D663-89B2-61C9-751DA9A6EAB2&sortorder=asc&column=price HTTP/1.1" 404 -
193.70.81.116 - - [02/Oct/2024:01:24:33 +0200] "GET /ticket2/opencms/dk/dk/buy/?page=1&edid=C2CD3885-D663-89B2-61C9-751DA9A6EAB2&sortorder=asc&column=row HTTP/1.1" 404 -
41.216.188.168 - - [02/Oct/2024:01:24:34 +0200] "GET /ticket2/opencms/no/wp-content/themes/classic/inc/ HTTP/1.1" 404 -
193.70.81.116 - - [02/Oct/2024:01:24:36 +0200] "GET /ticket2/opencms/dk/dk/buy/?page=1&edid=C2CD3885-D663-89B2-61C9-751DA9A6EAB2&sortorder=asc&column=section HTTP/1.1" 404 -
193.70.81.116 - - [02/Oct/2024:01:24:39 +0200] "GET /ticket2/opencms/dk/dk/buy/?page=1&edid=C2E2A345-1805-9628-50E3-0D8B812CD139&sortorder=desc&column=price HTTP/1.1" 404 -
193.70.81.116 - - [02/Oct/2024:01:24:43 +0200] "GET /ticket2/opencms/dk/dk/buy/?page=1&edid=C2EAC35C-806F-010C-DE25-D13971AC8E7C&sortorder=asc&column=row HTTP/1.1" 404 -
193.70.81.116 - - [02/Oct/2024:01:24:46 +0200] "GET /ticket2/opencms/dk/dk/buy/?page=1&edid=C2EAC35C-806F-010C-DE25-D13971AC8E7C&sortorder=desc&column=price HTTP/1.1" 404 -
193.70.81.116 - - [02/Oct/2024:01:24:49 +0200] "GET /ticket2/opencms/dk/dk/buy/?page=1&edid=C2EAC35C-806F-010C-DE25-D13971AC8E7C&sortorder=desc&column=row HTTP/1.1" 404 -
193.70.81.116 - - [02/Oct/2024:01:24:52 +0200] "GET /ticket2/opencms/dk/dk/buy/?page=1&edid=C2EAC35C-806F-010C-DE25-D13971AC8E7C&sortorder=desc&column=section HTTP/1.1" 404 -
41.216.188.168 - - [02/Oct/2024:01:24:52 +0200] "GET /ticket2/opencms/no/wp-content/plugins/ninja-forms/ HTTP/1.1" 404 -
193.70.81.116 - - [02/Oct/2024:01:24:55 +0200] "GET /ticket2/opencms/dk/dk/buy/?page=1&edid=C303FEB5-3761-7D71-D52C-7424D1CD1294&sortorder=asc&column=price HTTP/1.1" 404 -
193.70.81.116 - - [02/Oct/2024:01:24:59 +0200] "GET /ticket2/opencms/dk/dk/buy/?page=1&edid=C303FEB5-3761-7D71-D52C-7424D1CD1294&sortorder=asc&column=row HTTP/1.1" 404 -
193.70.81.116 - - [02/Oct/2024:01:25:02 +0200] "GET /ticket2/opencms/dk/dk/buy/?page=1&edid=C303FEB5-3761-7D71-D52C-7424D1CD1294&sortorder=asc&column=section HTTP/1.1" 404 -
193.70.81.116 - - [02/Oct/2024:01:25:05 +0200] "GET /ticket2/opencms/dk/dk/buy/?page=1&edid=C303FEB5-3761-7D71-D52C-7424D1CD1294&sortorder=desc&column=price HTTP/1.1" 404 -
193.70.81.116 - - [02/Oct/2024:01:25:08 +0200] "GET /ticket2/opencms/dk/dk/buy/?page=1&edid=C303FEB5-3761-7D71-D52C-7424D1CD1294&sortorder=desc&column=row HTTP/1.1" 404 -
41.216.188.168 - - [02/Oct/2024:01:25:09 +0200] "GET /ticket2/opencms/no/wp-content/mu-plugins/ HTTP/1.1" 404 -
193.70.81.116 - - [02/Oct/2024:01:25:11 +0200] "GET /ticket2/opencms/dk/dk/buy/?page=1&edid=C303FEB5-3761-7D71-D52C-7424D1CD1294&sortorder=desc&column=section HTTP/1.1" 404 -
193.70.81.116 - - [02/Oct/2024:01:25:14 +0200] "GET /ticket2/opencms/dk/dk/buy/?page=1&edid=C32BEB15-55D2-1548-116A-C7D99E01DEF9&sortorder=asc&column=price HTTP/1.1" 404 -
52.167.144.16 - - [02/Oct/2024:01:25:14 +0200] "GET /ticket2/opencms/fr/about/press HTTP/1.1" 200 77683
193.70.81.116 - - [02/Oct/2024:01:25:18 +0200] "GET /ticket2/opencms/dk/dk/buy/?page=1&edid=C32BEB15-55D2-1548-116A-C7D99E01DEF9&sortorder=desc&column=section HTTP/1.1" 404 -
41.216.188.168 - - [02/Oct/2024:01:25:19 +0200] "GET /ticket2/opencms/no/wp-includes/Text/Diff/Renderer/ HTTP/1.1" 404 -
193.70.81.116 - - [02/Oct/2024:01:25:21 +0200] "GET /ticket2/opencms/dk/dk/buy/?page=1&edid=C41D0CB8-78F6-C32D-38E3-A50BAF37514F&sortorder=asc&column=price HTTP/1.1" 404 -
193.70.81.116 - - [02/Oct/2024:01:25:24 +0200] "GET /ticket2/opencms/dk/dk/buy/?page=1&edid=C5829853-4CA4-0095-2A28-946BA91BD80E&sortorder=desc&column=row HTTP/1.1" 404 -
193.70.81.116 - - [02/Oct/2024:01:25:27 +0200] "GET /ticket2/opencms/dk/dk/buy/?page=1&edid=C58C4D82-5A12-E919-06D9-9707EA405EF9&sortorder=asc&column=price HTTP/1.1" 404 -
193.70.81.116 - - [02/Oct/2024:01:25:30 +0200] "GET /ticket2/opencms/dk/dk/buy/?page=1&edid=C58C4D82-5A12-E919-06D9-9707EA405EF9&sortorder=asc&column=row HTTP/1.1" 404 -
193.70.81.116 - - [02/Oct/2024:01:25:33 +0200] "GET /ticket2/opencms/dk/dk/buy/?page=1&edid=C58C4D82-5A12-E919-06D9-9707EA405EF9&sortorder=asc&column=section HTTP/1.1" 404 -
41.216.188.168 - - [02/Oct/2024:01:25:34 +0200] "GET /ticket2/opencms/no/wp-includes/blocks/ HTTP/1.1" 404 -
193.70.81.116 - - [02/Oct/2024:01:25:37 +0200] "GET /ticket2/opencms/dk/dk/buy/?page=1&edid=C58C4D82-5A12-E919-06D9-9707EA405EF9&sortorder=desc&column=price HTTP/1.1" 404 -
193.70.81.116 - - [02/Oct/2024:01:25:40 +0200] "GET /ticket2/opencms/dk/dk/buy/?page=1&edid=C58C4D82-5A12-E919-06D9-9707EA405EF9&sortorder=desc&column=row HTTP/1.1" 404 -
193.70.81.116 - - [02/Oct/2024:01:25:43 +0200] "GET /ticket2/opencms/dk/dk/buy/?page=1&edid=C58C4D82-5A12-E919-06D9-9707EA405EF9&sortorder=desc&column=section HTTP/1.1" 404 -
114.119.146.220 - - [02/Oct/2024:01:25:44 +0200] "GET /ticket2/opencms/en/venue/?venueid=77422572-4F48-F10C-1394-DA0E03E07BDC HTTP/1.1" 200 75187
41.216.188.168 - - [02/Oct/2024:01:25:44 +0200] "GET /ticket2/opencms/no/wp-includes/certificates/ HTTP/1.1" 404 -
193.70.81.116 - - [02/Oct/2024:01:25:46 +0200] "GET /ticket2/opencms/dk/dk/buy/?page=1&edid=C68169A2-BAF4-9EC4-4384-5798AFBF1409 HTTP/1.1" 404 -
193.70.81.116 - - [02/Oct/2024:01:25:49 +0200] "GET /ticket2/opencms/dk/dk/buy/?page=1&edid=C7A7C915-381D-19BD-EDE4-9DFD4C1BFCFC&sortorder=asc&column=row HTTP/1.1" 404 -
193.70.81.116 - - [02/Oct/2024:01:25:52 +0200] "GET /ticket2/opencms/dk/dk/buy/?page=1&edid=C9D5C819-FC0A-9ABA-9567-AE3082263B20 HTTP/1.1" 404 -
193.70.81.116 - - [02/Oct/2024:01:25:55 +0200] "GET /ticket2/opencms/dk/dk/buy/?page=1&edid=CC833B36-DD7F-9B45-5264-9FD44391A499 HTTP/1.1" 404 -
193.70.81.116 - - [02/Oct/2024:01:25:58 +0200] "GET /ticket2/opencms/dk/dk/buy/?page=1&edid=CF141FDE-B68D-3D6C-3452-11484731F326 HTTP/1.1" 404 -
193.70.81.116 - - [02/Oct/2024:01:26:02 +0200] "GET /ticket2/opencms/dk/dk/buy/?page=1&edid=CF9AADF6-6503-0852-B1B5-AC280A05E729&sortorder=asc&column=price HTTP/1.1" 404 -
41.216.188.168 - - [02/Oct/2024:01:26:03 +0200] "GET /ticket2/opencms/no/wp-includes/customize/ HTTP/1.1" 404 -
66.249.66.79 - - [02/Oct/2024:01:26:04 +0200] "GET /ticket2/opencms/fr/buy/?comcatid=A17713B6-D984-201A-4143-ED4DB5ED5C2E&catid=7ACC33AD-EE7E-AAA7-9050-0F4587759B87 HTTP/1.1" 200 88664
66.249.92.131 - - [02/Oct/2024:01:26:05 +0200] "GET /ticket2/opencms/dk/sport/fodboldbilletter/ HTTP/1.1" 200 79526
193.70.81.116 - - [02/Oct/2024:01:26:05 +0200] "GET /ticket2/opencms/dk/dk/buy/?page=1&edid=CF9AADF6-6503-0852-B1B5-AC280A05E729&sortorder=asc&column=row HTTP/1.1" 404 -
66.249.92.131 - - [02/Oct/2024:01:26:05 +0200] "GET /ticket2/opencms/system/modules/com.gridnine.opencms.ticketbrokerage.site/resources/css/ticketbrokerage.css HTTP/1.1" 200 39339
66.249.92.133 - - [02/Oct/2024:01:26:05 +0200] "GET /ticket2/opencms/system/modules/com.gridnine.opencms.ticketbrokerage.site/resources/css/jquery-ui.css HTTP/1.1" 200 33221
66.249.92.133 - - [02/Oct/2024:01:26:06 +0200] "GET /ticket2/opencms/system/modules/com.gridnine.opencms.ticketbrokerage.site/resources/css/jquery.fancybox.css HTTP/1.1" 200 4939
66.249.92.132 - - [02/Oct/2024:01:26:07 +0200] "GET /ticket2/opencms/system/modules/com.gridnine.opencms.ticketbrokerage.site/resources/js/functions.js HTTP/1.1" 200 1583
66.249.92.132 - - [02/Oct/2024:01:26:07 +0200] "GET /ticket2/opencms/system/modules/com.gridnine.opencms.ticketbrokerage.site/resources/js/jquery/jquery-ui.js HTTP/1.1" 200 228088
66.249.92.132 - - [02/Oct/2024:01:26:07 +0200] "GET /ticket2/opencms/system/modules/com.gridnine.opencms.ticketbrokerage.site/resources/js/calendar-en.js HTTP/1.1" 200 3338
66.249.92.131 - - [02/Oct/2024:01:26:08 +0200] "GET /ticket2/opencms/system/modules/com.gridnine.opencms.ticketbrokerage.site/resources/js/calendar-setup.js HTTP/1.1" 200 4923
193.70.81.116 - - [02/Oct/2024:01:26:08 +0200] "GET /ticket2/opencms/dk/dk/buy/?page=1&edid=CF9AADF6-6503-0852-B1B5-AC280A05E729&sortorder=desc&column=row HTTP/1.1" 404 -
66.249.92.131 - - [02/Oct/2024:01:26:08 +0200] "GET /ticket2/opencms/system/modules/com.gridnine.opencms.ticketbrokerage.site/resources/js/calendar.js HTTP/1.1" 200 49229
66.249.92.131 - - [02/Oct/2024:01:26:09 +0200] "GET /ticket2/opencms/system/modules/com.gridnine.opencms.ticketbrokerage.site/resources/js/stickyfill.min.js HTTP/1.1" 200 5672
66.249.92.131 - - [02/Oct/2024:01:26:09 +0200] "GET /ticket2/opencms/system/modules/com.gridnine.opencms.ticketbrokerage.site/resources/css/calendar.css HTTP/1.1" 200 6871
66.249.92.132 - - [02/Oct/2024:01:26:10 +0200] "GET /ticket2/opencms/system/modules/com.gridnine.opencms.ticketbrokerage.site/resources/js/jquery.fancybox.pack.js HTTP/1.1" 200 23187
66.249.92.131 - - [02/Oct/2024:01:26:10 +0200] "GET /ticket2/opencms/system/modules/com.gridnine.opencms.ticketbrokerage.site/resources/css/standard.css HTTP/1.1" 200 73073
66.249.92.131 - - [02/Oct/2024:01:26:11 +0200] "GET /ticket2/opencms/system/modules/com.gridnine.opencms.ticketbrokerage.site/resources/js/jquery/jquery.js HTTP/1.1" 200 93868
66.249.92.131 - - [02/Oct/2024:01:26:12 +0200] "GET /ticket2/opencms/img/icons/no.png HTTP/1.1" 200 1958
66.249.92.131 - - [02/Oct/2024:01:26:13 +0200] "GET /ticket2/opencms/img/icons/se.png HTTP/1.1" 200 1258
41.216.188.168 - - [02/Oct/2024:01:26:13 +0200] "GET /ticket2/opencms/no/wp-includes/fonts/ HTTP/1.1" 404 -
193.70.81.116 - - [02/Oct/2024:01:26:13 +0200] "GET /ticket2/opencms/dk/dk/buy/?page=1&edid=C303FEB5-3761-7D71-D52C-7424D1CD1294&sortorder=asc&column=row HTTP/1.1" 404 -
66.249.92.131 - - [02/Oct/2024:01:26:14 +0200] "GET /ticket2/opencms/img/icons/dk.png HTTP/1.1" 200 1706
66.249.92.131 - - [02/Oct/2024:01:26:15 +0200] "GET /ticket2/opencms/img/icons/fi.png HTTP/1.1" 200 1785
66.249.92.131 - - [02/Oct/2024:01:26:16 +0200] "GET /ticket2/opencms/system/modules/com.gridnine.opencms.ticketbrokerage.site/resources/js/standard.js HTTP/1.1" 200 3978
66.249.92.131 - - [02/Oct/2024:01:26:16 +0200] "GET /ticket2/opencms/img/icons/nl.png HTTP/1.1" 200 1255
66.249.92.131 - - [02/Oct/2024:01:26:17 +0200] "GET /ticket2/opencms/system/modules/com.gridnine.opencms.ticketbrokerage.site/resources/js/jquery.placeholder.min.js HTTP/1.1" 200 1737
66.249.92.131 - - [02/Oct/2024:01:26:17 +0200] "GET /ticket2/opencms/system/modules/com.gridnine.opencms.ticketbrokerage.site/resources/js/common-ajax.js HTTP/1.1" 200 20175
193.70.81.116 - - [02/Oct/2024:01:26:18 +0200] "GET /ticket2/opencms/dk/dk/buy/?page=1&edid=C303FEB5-3761-7D71-D52C-7424D1CD1294&sortorder=asc&column=section HTTP/1.1" 404 -
66.249.92.131 - - [02/Oct/2024:01:26:18 +0200] "GET /ticket2/opencms/img/icons/globe-white.png HTTP/1.1" 200 947
66.249.92.131 - - [02/Oct/2024:01:26:19 +0200] "GET /ticket2/opencms/img/icons/de.png HTTP/1.1" 200 1124
66.249.92.131 - - [02/Oct/2024:01:26:20 +0200] "GET /ticket2/opencms/img/icons/fr.png HTTP/1.1" 200 1764
66.249.92.131 - - [02/Oct/2024:01:26:21 +0200] "GET /ticket2/opencms/img/icons/es.png HTTP/1.1" 200 1005
66.249.92.131 - - [02/Oct/2024:01:26:22 +0200] "GET /ticket2/opencms/img/icons/it.png HTTP/1.1" 200 2040
193.70.81.116 - - [02/Oct/2024:01:26:23 +0200] "GET /ticket2/opencms/dk/dk/buy/?page=1&edid=C303FEB5-3761-7D71-D52C-7424D1CD1294&sortorder=desc&column=price HTTP/1.1" 404 -
66.249.92.131 - - [02/Oct/2024:01:26:23 +0200] "GET /ticket2/opencms/img/icons/en.png HTTP/1.1" 200 2415
66.249.92.131 - - [02/Oct/2024:01:26:24 +0200] "GET /ticket2/opencms/img/icons/pl.png HTTP/1.1" 200 1578
66.249.92.131 - - [02/Oct/2024:01:26:25 +0200] "GET /ticket2/opencms/img/icons/is.png HTTP/1.1" 200 1884
66.249.92.131 - - [02/Oct/2024:01:26:26 +0200] "GET /ticket2/opencms/img/icons/el.png HTTP/1.1" 200 1637
66.249.92.131 - - [02/Oct/2024:01:26:27 +0200] "GET /ticket2/opencms/img/icons/et.png HTTP/1.1" 200 754
193.70.81.116 - - [02/Oct/2024:01:26:27 +0200] "GET /ticket2/opencms/dk/dk/buy/?page=1&edid=C303FEB5-3761-7D71-D52C-7424D1CD1294&sortorder=desc&column=row HTTP/1.1" 404 -
41.216.188.168 - - [02/Oct/2024:01:26:27 +0200] "GET /ticket2/opencms/no/wp-includes/images/ HTTP/1.1" 404 -
66.249.92.131 - - [02/Oct/2024:01:26:28 +0200] "GET /ticket2/opencms/img/icons/hr.png HTTP/1.1" 200 2024
66.249.92.131 - - [02/Oct/2024:01:26:29 +0200] "GET /ticket2/opencms/img/icons/ga.png HTTP/1.1" 200 1759
66.249.92.131 - - [02/Oct/2024:01:26:30 +0200] "GET /ticket2/opencms/img/icons/az.png HTTP/1.1" 200 1445
66.249.92.131 - - [02/Oct/2024:01:26:31 +0200] "GET /ticket2/opencms/img/icons/bg.png HTTP/1.1" 200 788
41.216.188.168 - - [02/Oct/2024:01:26:31 +0200] "GET /ticket2/opencms/no/.well-known/ HTTP/1.1" 404 -
193.70.81.116 - - [02/Oct/2024:01:26:32 +0200] "GET /ticket2/opencms/dk/dk/buy/?page=1&edid=C32BEB15-55D2-1548-116A-C7D99E01DEF9 HTTP/1.1" 404 -
66.249.92.131 - - [02/Oct/2024:01:26:32 +0200] "GET /ticket2/opencms/img/icons/be.png HTTP/1.1" 200 1663
66.249.92.131 - - [02/Oct/2024:01:26:33 +0200] "GET /ticket2/opencms/img/icons/hu.png HTTP/1.1" 200 733
66.249.92.131 - - [02/Oct/2024:01:26:34 +0200] "GET /ticket2/opencms/img/icons/ka.png HTTP/1.1" 200 860
66.249.92.131 - - [02/Oct/2024:01:26:35 +0200] "GET /ticket2/opencms/img/icons/lv.png HTTP/1.1" 200 716
66.249.92.131 - - [02/Oct/2024:01:26:36 +0200] "GET /ticket2/opencms/img/icons/lt.png HTTP/1.1" 200 733
66.249.92.131 - - [02/Oct/2024:01:26:37 +0200] "GET /ticket2/opencms/img/icons/ro.png HTTP/1.1" 200 1393
193.70.81.116 - - [02/Oct/2024:01:26:37 +0200] "GET /ticket2/opencms/dk/dk/buy/?page=1&edid=C32BEB15-55D2-1548-116A-C7D99E01DEF9&sortorder=asc&column=section HTTP/1.1" 404 -
66.249.92.131 - - [02/Oct/2024:01:26:38 +0200] "GET /ticket2/opencms/img/icons/mo.png HTTP/1.1" 200 1468
66.249.92.131 - - [02/Oct/2024:01:26:39 +0200] "GET /ticket2/opencms/img/icons/mt.png HTTP/1.1" 200 920
66.249.92.131 - - [02/Oct/2024:01:26:40 +0200] "GET /ticket2/opencms/img/icons/sk.png HTTP/1.1" 200 1283
66.249.92.131 - - [02/Oct/2024:01:26:41 +0200] "GET /ticket2/opencms/img/icons/sl.png HTTP/1.1" 200 966
66.249.92.131 - - [02/Oct/2024:01:26:42 +0200] "GET /ticket2/opencms/system/modules/com.gridnine.opencms.ticketbrokerage.site/resources/pics/logo-new.png HTTP/1.1" 200 13541
40.77.190.145 - - [02/Oct/2024:01:26:42 +0200] "GET /ticket2/opencms/system/modules/com.gridnine.opencms.ticketbrokerage.site/resources/js/calendar-setup.js HTTP/1.1" 200 4923
193.70.81.116 - - [02/Oct/2024:01:26:42 +0200] "GET /ticket2/opencms/dk/dk/buy/?page=1&edid=C32BEB15-55D2-1548-116A-C7D99E01DEF9&sortorder=desc&column=price HTTP/1.1" 404 -
66.249.92.131 - - [02/Oct/2024:01:26:42 +0200] "GET /ticket2/opencms/img/icons/sr.png HTTP/1.1" 200 1602
66.249.92.131 - - [02/Oct/2024:01:26:43 +0200] "GET /ticket2/opencms/img/insta.png HTTP/1.1" 200 3967
66.249.92.131 - - [02/Oct/2024:01:26:43 +0200] "GET /ticket2/opencms/img/fb.png HTTP/1.1" 200 1269
66.249.92.131 - - [02/Oct/2024:01:26:44 +0200] "GET /ticket2/opencms/system/modules/com.gridnine.opencms.ticketbrokerage.site/resources/pics/banners/dk/football_dk.png HTTP/1.1" 200 13043
66.249.92.131 - - [02/Oct/2024:01:26:44 +0200] "GET /ticket2/opencms/system/modules/com.gridnine.opencms.ticketbrokerage.site/resources/pics/footer-img.jpg HTTP/1.1" 200 67642
66.249.92.131 - - [02/Oct/2024:01:26:45 +0200] "GET /ticket2/opencms/img/check.png HTTP/1.1" 200 548
66.249.92.131 - - [02/Oct/2024:01:26:45 +0200] "GET /ticket2/opencms/img/mail.png HTTP/1.1" 200 403
66.249.92.131 - - [02/Oct/2024:01:26:46 +0200] "GET /ticket2/opencms/img/chat.png HTTP/1.1" 200 416
66.249.92.131 - - [02/Oct/2024:01:26:46 +0200] "GET /ticket2/opencms/img/arrow.png HTTP/1.1" 200 753
193.70.81.116 - - [02/Oct/2024:01:26:47 +0200] "GET /ticket2/opencms/dk/dk/buy/?page=1&edid=C32BEB15-55D2-1548-116A-C7D99E01DEF9&sortorder=desc&column=row HTTP/1.1" 404 -
41.216.188.168 - - [02/Oct/2024:01:26:47 +0200] "GET /ticket2/opencms/no/ALFA_DATA/ HTTP/1.1" 404 -
47.128.23.95 - - [02/Oct/2024:01:26:48 +0200] "GET /ticket2/opencms/no/buy/?edid=21BADD47-9DF1-089A-9149-B7D8F893FCB4 HTTP/1.1" 200 78178
66.249.66.67 - - [02/Oct/2024:01:26:51 +0200] "GET /ticket2/opencms/dk/venue/?venueid=AD7646E3-6B04-B7A0-6EC4-E012A5391A5E HTTP/1.1" 200 75632
193.70.81.116 - - [02/Oct/2024:01:26:52 +0200] "GET /ticket2/opencms/dk/dk/buy/?page=1&edid=C32BEB15-55D2-1548-116A-C7D99E01DEF9&sortorder=desc&column=section HTTP/1.1" 404 -
193.70.81.116 - - [02/Oct/2024:01:26:56 +0200] "GET /ticket2/opencms/dk/en/buy/?page=1&edid=52B111F0-640E-2ACD-E064-19F4F4D5EF2A&sortorder=asc&column=section HTTP/1.1" 404 -
41.216.188.168 - - [02/Oct/2024:01:26:58 +0200] "GET /ticket2/opencms/no/.well-knownold/ HTTP/1.1" 404 -
193.70.81.116 - - [02/Oct/2024:01:27:00 +0200] "GET /ticket2/opencms/dk/fi/buy/?page=1&edid=89EB6B62-1232-67FD-DD56-04D64BB6BA22&sortorder=asc&column=price HTTP/1.1" 404 -
193.70.81.116 - - [02/Oct/2024:01:27:03 +0200] "GET /ticket2/opencms/dk/fi/buy/?page=1&edid=89EB6B62-1232-67FD-DD56-04D64BB6BA22&sortorder=asc&column=row HTTP/1.1" 404 -
66.249.66.41 - - [02/Oct/2024:01:27:05 +0200] "GET /ticket2/opencms/sv/sport/fotbollsbiljetter/premier_league/manchester_united/restips_old_trafford/ HTTP/1.1" 200 81780
41.216.188.168 - - [02/Oct/2024:01:27:05 +0200] "GET /ticket2/opencms/no/.well-known/pki-validation/ HTTP/1.1" 404 -
193.70.81.116 - - [02/Oct/2024:01:27:06 +0200] "GET /ticket2/opencms/dk/nl/buy/?page=1&edid=D646E9EF-0158-052D-D610-39ABA6A71094 HTTP/1.1" 404 -
193.70.81.116 - - [02/Oct/2024:01:27:09 +0200] "GET /ticket2/opencms/dk/nl/buy/?page=1&edid=D646E9EF-0158-052D-D610-39ABA6A71094&sortorder=desc&column=row HTTP/1.1" 404 -
193.70.81.116 - - [02/Oct/2024:01:27:12 +0200] "GET /ticket2/opencms/dk/nl/buy/?page=1&edid=DA092D51-9FFC-84BE-97A0-4DF0E8B1E89B&sortorder=asc&column=price HTTP/1.1" 404 -
193.70.81.116 - - [02/Oct/2024:01:27:16 +0200] "GET /ticket2/opencms/dk/nl/buy/?page=1&edid=DA092D51-9FFC-84BE-97A0-4DF0E8B1E89B&sortorder=asc&column=row HTTP/1.1" 404 -
41.216.188.168 - - [02/Oct/2024:01:27:17 +0200] "GET /ticket2/opencms/no/.well-known/acme-challenge/ HTTP/1.1" 404 -
193.70.81.116 - - [02/Oct/2024:01:27:19 +0200] "GET /ticket2/opencms/dk/nl/buy/?page=1&edid=DA497348-8727-26A8-D498-018E3982EDBC&sortorder=desc&column=row HTTP/1.1" 404 -
193.70.81.116 - - [02/Oct/2024:01:27:22 +0200] "GET /ticket2/opencms/dk/nl/buy/?page=1&edid=DA497348-8727-26A8-D498-018E3982EDBC&sortorder=desc&column=section HTTP/1.1" 404 -
193.70.81.116 - - [02/Oct/2024:01:27:25 +0200] "GET /ticket2/opencms/dk/nl/buy/?page=1&edid=DBB4CDC4-5E0E-656F-1181-66C666A0DBB9&sortorder=asc&column=section HTTP/1.1" 404 -
41.216.188.168 - - [02/Oct/2024:01:27:27 +0200] "GET /ticket2/opencms/no/admin/uploads/images/ HTTP/1.1" 404 -
193.70.81.116 - - [02/Oct/2024:01:27:28 +0200] "GET /ticket2/opencms/dk/nl/buy/?page=1&edid=DBB4CDC4-5E0E-656F-1181-66C666A0DBB9&sortorder=desc&column=price HTTP/1.1" 404 -
193.70.81.116 - - [02/Oct/2024:01:27:31 +0200] "GET /ticket2/opencms/dk/nl/buy/?page=1&edid=DD99BFEC-4846-922C-64A2-1661CA2CB452&sortorder=asc&column=price HTTP/1.1" 404 -
193.70.81.116 - - [02/Oct/2024:01:27:35 +0200] "GET /ticket2/opencms/dk/nl/buy/?page=1&edid=DD99BFEC-4846-922C-64A2-1661CA2CB452&sortorder=asc&column=row HTTP/1.1" 404 -
193.70.81.116 - - [02/Oct/2024:01:27:38 +0200] "GET /ticket2/opencms/dk/nl/buy/?page=1&edid=DD99BFEC-4846-922C-64A2-1661CA2CB452&sortorder=asc&column=section HTTP/1.1" 404 -
41.216.188.168 - - [02/Oct/2024:01:27:39 +0200] "GET /ticket2/opencms/no/wp-includes/js/ HTTP/1.1" 404 -
193.70.81.116 - - [02/Oct/2024:01:27:41 +0200] "GET /ticket2/opencms/dk/nl/buy/?page=1&edid=DE0A9995-56A6-04E8-985B-0AA01BAE89DA&sortorder=asc&column=price HTTP/1.1" 404 -
193.70.81.116 - - [02/Oct/2024:01:27:44 +0200] "GET /ticket2/opencms/dk/nl/buy/?page=1&edid=DE0A9995-56A6-04E8-985B-0AA01BAE89DA&sortorder=asc&column=row HTTP/1.1" 404 -
66.249.92.131 - - [02/Oct/2024:01:27:47 +0200] "GET /ticket2/opencms/system/modules/com.gridnine.opencms.ticketbrokerage.site/resources/css/images/ui-bg_flat_75_ffffff_40x100.png HTTP/1.1" 404 -
193.70.81.116 - - [02/Oct/2024:01:27:47 +0200] "GET /ticket2/opencms/dk/nl/buy/?page=1&edid=DE0A9995-56A6-04E8-985B-0AA01BAE89DA&sortorder=asc&column=section HTTP/1.1" 404 -
193.70.81.116 - - [02/Oct/2024:01:27:50 +0200] "GET /ticket2/opencms/dk/nl/buy/?page=1&edid=DF615F8C-8ACA-64F7-2E7F-C0B5F6927A2E&sortorder=asc&column=price HTTP/1.1" 404 -
41.216.188.168 - - [02/Oct/2024:01:27:50 +0200] "GET /ticket2/opencms/no/wp-includes/pomo/ HTTP/1.1" 404 -
193.70.81.116 - - [02/Oct/2024:01:27:53 +0200] "GET /ticket2/opencms/dk/nl/buy/?page=1&edid=DF615F8C-8ACA-64F7-2E7F-C0B5F6927A2E&sortorder=asc&column=row HTTP/1.1" 404 -
193.70.81.116 - - [02/Oct/2024:01:27:56 +0200] "GET /ticket2/opencms/dk/nl/buy/?page=1&edid=DF615F8C-8ACA-64F7-2E7F-C0B5F6927A2E&sortorder=asc&column=section HTTP/1.1" 404 -
193.70.81.116 - - [02/Oct/2024:01:28:00 +0200] "GET /ticket2/opencms/dk/nl/buy/?page=1&edid=DF9D48DC-91C3-ADD4-73AC-FE5950A282A2&sortorder=desc&column=section HTTP/1.1" 404 -
193.70.81.116 - - [02/Oct/2024:01:28:03 +0200] "GET /ticket2/opencms/dk/nl/buy/?page=1&edid=DFB21AD2-22B9-A8A1-EDBE-5EC907D1F2F8&sortorder=asc&column=price HTTP/1.1" 404 -
40.77.167.50 - - [02/Oct/2024:01:28:04 +0200] "GET /ticket2/opencms/dk/buy/?page=1&edid=06935929-6426-9C8A-3A2C-57388E9BD103 HTTP/1.1" 200 94239
41.216.188.168 - - [02/Oct/2024:01:28:05 +0200] "GET /ticket2/opencms/no/wp-includes/rest-api/ HTTP/1.1" 404 -
193.70.81.116 - - [02/Oct/2024:01:28:06 +0200] "GET /ticket2/opencms/dk/nl/buy/?page=1&edid=DFB21AD2-22B9-A8A1-EDBE-5EC907D1F2F8&sortorder=asc&column=row HTTP/1.1" 404 -
66.249.76.231 - - [02/Oct/2024:01:28:07 +0200] "GET /ticket2/opencms/set_aff_cookie.jsp?partner=6F250EA7-4505-FA01-D601-8847F2573405&url=%252Fnl%252Fbuy%252Findex.html%253Fpage%253D1%2526edid%253D486EB1CD-95BE-ED77-9E64-4E49BB28C6F8%2526hlv%253D666ddec4-9844-4e58-bc98-6c320a01000f%2523v_558207799 HTTP/1.1" 200 246
52.167.144.16 - - [02/Oct/2024:01:28:07 +0200] "GET /ticket2/opencms/sv/buy?page=1&edid=AF060661-9056-165F-A29B-9E0A6ECE5167 HTTP/1.1" 200 97771
66.249.66.77 - - [02/Oct/2024:01:28:08 +0200] "GET /ticket2/opencms/fr/buy/?page=1&edid=E2D9A408-8935-6A15-C054-9FB347B10142 HTTP/1.1" 200 107291
66.249.66.67 - - [02/Oct/2024:01:28:09 +0200] "GET /ticket2/opencms/dk/standard/ HTTP/1.1" 200 88833
193.70.81.116 - - [02/Oct/2024:01:28:09 +0200] "GET /ticket2/opencms/dk/nl/buy/?page=1&edid=DFB21AD2-22B9-A8A1-EDBE-5EC907D1F2F8&sortorder=asc&column=section HTTP/1.1" 404 -
193.70.81.116 - - [02/Oct/2024:01:28:12 +0200] "GET /ticket2/opencms/dk/nl/buy/?page=1&edid=E0608FC5-65F6-E8D3-5201-2E9C615F63AB&sortorder=desc&column=price HTTP/1.1" 404 -
47.128.40.199 - - [02/Oct/2024:01:28:15 +0200] "GET /ticket2/opencms/de/buy/?catid=36394212-F82E-F845-399B-42BED55969CC&comcatid=A17713B6-D984-201A-4143-ED4DB5ED5C2E&npage=2 HTTP/1.1" 200 102154
193.70.81.116 - - [02/Oct/2024:01:28:16 +0200] "GET /ticket2/opencms/dk/nl/buy/?page=1&edid=E0A53669-91D6-866E-C069-2204E55E6CA3&sortorder=desc&column=price HTTP/1.1" 404 -
47.128.40.199 - - [02/Oct/2024:01:28:17 +0200] "GET /ticket2/opencms/system/modules/com.gridnine.opencms.ticketbrokerage.site/resources/pics/arrow.gif HTTP/1.1" 200 344
193.70.81.116 - - [02/Oct/2024:01:28:19 +0200] "GET /ticket2/opencms/dk/nl/buy/?page=1&edid=E0A53669-91D6-866E-C069-2204E55E6CA3&sortorder=desc&column=row HTTP/1.1" 404 -
41.216.188.168 - - [02/Oct/2024:01:28:22 +0200] "GET /ticket2/opencms/no/wp-includes/widgets/ HTTP/1.1" 404 -
193.70.81.116 - - [02/Oct/2024:01:28:22 +0200] "GET /ticket2/opencms/dk/nl/buy/?page=1&edid=E0A53669-91D6-866E-C069-2204E55E6CA3&sortorder=desc&column=section HTTP/1.1" 404 -
37.123.143.202 - - [02/Oct/2024:01:28:22 +0200] "GET /ticket2/opencms/system/workplace/views/top_foot.jsp?wpFrame=foot HTTP/1.1" 200 1211
37.123.143.202 - - [02/Oct/2024:01:28:22 +0200] "GET /ticket2/opencms/system/workplace/commons/style/workplace.css HTTP/1.1" 200 14209
193.70.81.116 - - [02/Oct/2024:01:28:25 +0200] "GET /ticket2/opencms/dk/nl/buy/?page=1&edid=E0B3AE77-20C2-9057-107A-21D0D8F53E49 HTTP/1.1" 404 -
193.70.81.116 - - [02/Oct/2024:01:28:28 +0200] "GET /ticket2/opencms/dk/nl/buy/?page=1&edid=EA94D3D4-FFFA-F63F-1970-2CE5FF8D4442&sortorder=asc&column=price HTTP/1.1" 404 -
193.70.81.116 - - [02/Oct/2024:01:28:31 +0200] "GET /ticket2/opencms/dk/nl/buy/?page=1&edid=EA94D3D4-FFFA-F63F-1970-2CE5FF8D4442&sortorder=asc&column=row HTTP/1.1" 404 -
193.70.81.116 - - [02/Oct/2024:01:28:35 +0200] "GET /ticket2/opencms/dk/nl/buy/?page=1&edid=EA94D3D4-FFFA-F63F-1970-2CE5FF8D4442&sortorder=asc&column=section HTTP/1.1" 404 -
193.70.81.116 - - [02/Oct/2024:01:28:38 +0200] "GET /ticket2/opencms/dk/nl/buy/?page=1&edid=EEC5300E-BB94-42CA-1E8E-EBCDC578E81E&sortorder=desc&column=price HTTP/1.1" 404 -
193.70.81.116 - - [02/Oct/2024:01:28:41 +0200] "GET /ticket2/opencms/dk/nl/buy/?page=1&edid=EEC5300E-BB94-42CA-1E8E-EBCDC578E81E&sortorder=desc&column=row HTTP/1.1" 404 -
41.216.188.168 - - [02/Oct/2024:01:28:42 +0200] "GET /ticket2/opencms/no/wp-admin/css/ HTTP/1.1" 404 -
193.70.81.116 - - [02/Oct/2024:01:28:44 +0200] "GET /ticket2/opencms/dk/nl/buy/?page=1&edid=EEFC1BEF-3684-4C35-A311-E5C6220A9067&sortorder=asc&column=row HTTP/1.1" 404 -
114.119.135.251 - - [02/Oct/2024:01:28:45 +0200] "GET /ticket2/opencms/en/venue/?countryid=D2CF2CB4-9396-305E-92AF-B785C8723E40 HTTP/1.1" 200 104566
193.70.81.116 - - [02/Oct/2024:01:28:47 +0200] "GET /ticket2/opencms/dk/nl/buy/?page=1&edid=EEFC1BEF-3684-4C35-A311-E5C6220A9067&sortorder=desc&column=row HTTP/1.1" 404 -
193.70.81.116 - - [02/Oct/2024:01:28:50 +0200] "GET /ticket2/opencms/dk/nl/buy/?page=1&edid=F3AE83BE-C126-C63A-44BE-5000274FDF7A&sortorder=asc&column=price HTTP/1.1" 404 -
193.70.81.116 - - [02/Oct/2024:01:28:54 +0200] "GET /ticket2/opencms/dk/nl/buy/?page=1&edid=F3AE83BE-C126-C63A-44BE-5000274FDF7A&sortorder=asc&column=section HTTP/1.1" 404 -
193.70.81.116 - - [02/Oct/2024:01:28:57 +0200] "GET /ticket2/opencms/dk/nl/buy/?page=1&edid=F463DFC6-FD0F-0F40-EE84-5419260C1C59&sortorder=asc&column=row HTTP/1.1" 404 -
193.70.81.116 - - [02/Oct/2024:01:29:00 +0200] "GET /ticket2/opencms/dk/nl/buy/?page=1&edid=F47DF802-2646-14FD-FC5A-796CF117DF06&sortorder=asc&column=row HTTP/1.1" 404 -
41.216.188.168 - - [02/Oct/2024:01:29:00 +0200] "GET /ticket2/opencms/no/wp-admin/images/ HTTP/1.1" 404 -
193.70.81.116 - - [02/Oct/2024:01:29:03 +0200] "GET /ticket2/opencms/dk/nl/buy/?page=1&edid=F47DF802-2646-14FD-FC5A-796CF117DF06&sortorder=asc&column=section HTTP/1.1" 404 -
40.77.167.23 - - [02/Oct/2024:01:29:05 +0200] "GET /ticket2/opencms/sv/sport/fotbollsbiljetter/la_liga/ HTTP/1.1" 200 83099
47.128.117.136 - - [02/Oct/2024:01:29:06 +0200] "GET /ticket2/opencms/no/buy/?edid=BBDCFF44-A079-9CCB-8C5C-39D3B38A634D HTTP/1.1" 200 78178
193.70.81.116 - - [02/Oct/2024:01:29:06 +0200] "GET /ticket2/opencms/dk/nl/buy/?page=1&edid=F47DF802-2646-14FD-FC5A-796CF117DF06&sortorder=desc&column=row HTTP/1.1" 404 -
114.119.140.111 - - [02/Oct/2024:01:29:09 +0200] "GET /ticket2/opencms/en/sell/?edid=EB937F59-78A8-4F54-1D8E-A6CD792386CC HTTP/1.1" 302 -
193.70.81.116 - - [02/Oct/2024:01:29:10 +0200] "GET /ticket2/opencms/dk/nl/buy/?page=1&edid=F47DF802-2646-14FD-FC5A-796CF117DF06&sortorder=desc&column=section HTTP/1.1" 404 -
193.70.81.116 - - [02/Oct/2024:01:29:13 +0200] "GET /ticket2/opencms/dk/nl/buy/?page=1&edid=F488B6B7-F65E-2A9C-F46B-E6910C7895D3 HTTP/1.1" 404 -
41.216.188.168 - - [02/Oct/2024:01:29:15 +0200] "GET /ticket2/opencms/no/wp-admin/maint/ HTTP/1.1" 404 -
193.70.81.116 - - [02/Oct/2024:01:29:16 +0200] "GET /ticket2/opencms/dk/nl/buy/?page=1&edid=F488B6B7-F65E-2A9C-F46B-E6910C7895D3&sortorder=asc&column=price HTTP/1.1" 404 -
114.119.140.111 - - [02/Oct/2024:01:29:16 +0200] "GET /ticket2/opencms/en/login/?url=/en/sell/ HTTP/1.1" 200 77267
193.70.81.116 - - [02/Oct/2024:01:29:19 +0200] "GET /ticket2/opencms/dk/nl/buy/?page=1&edid=F488B6B7-F65E-2A9C-F46B-E6910C7895D3&sortorder=asc&column=row HTTP/1.1" 404 -
193.70.81.116 - - [02/Oct/2024:01:29:22 +0200] "GET /ticket2/opencms/dk/nl/buy/?page=1&edid=F488B6B7-F65E-2A9C-F46B-E6910C7895D3&sortorder=asc&column=section HTTP/1.1" 404 -
41.216.188.168 - - [02/Oct/2024:01:29:23 +0200] "GET /ticket2/opencms/no/wp-admin/meta/ HTTP/1.1" 404 -
193.70.81.116 - - [02/Oct/2024:01:29:26 +0200] "GET /ticket2/opencms/dk/nl/buy/?page=1&edid=F488B6B7-F65E-2A9C-F46B-E6910C7895D3&sortorder=desc&column=price HTTP/1.1" 404 -
193.70.81.116 - - [02/Oct/2024:01:29:29 +0200] "GET /ticket2/opencms/dk/nl/buy/?page=1&edid=F488B6B7-F65E-2A9C-F46B-E6910C7895D3&sortorder=desc&column=row HTTP/1.1" 404 -
193.70.81.116 - - [02/Oct/2024:01:29:32 +0200] "GET /ticket2/opencms/dk/nl/buy/?page=1&edid=F488B6B7-F65E-2A9C-F46B-E6910C7895D3&sortorder=desc&column=section HTTP/1.1" 404 -
41.216.188.168 - - [02/Oct/2024:01:29:32 +0200] "GET /ticket2/opencms/no/wp-admin/network/ HTTP/1.1" 404 -
193.70.81.116 - - [02/Oct/2024:01:29:35 +0200] "GET /ticket2/opencms/dk/nl/buy/?page=1&edid=F55FD46B-77AB-3FD2-8E77-5D8B9DF55395 HTTP/1.1" 404 -
193.70.81.116 - - [02/Oct/2024:01:29:38 +0200] "GET /ticket2/opencms/dk/nl/buy/?page=1&edid=F55FD46B-77AB-3FD2-8E77-5D8B9DF55395&sortorder=asc&column=section HTTP/1.1" 404 -
193.70.81.116 - - [02/Oct/2024:01:29:41 +0200] "GET /ticket2/opencms/dk/nl/buy/?page=1&edid=FB258716-98B5-9120-93E8-787488A6CE47&sortorder=asc&column=price HTTP/1.1" 404 -
66.249.92.131 - - [02/Oct/2024:01:29:43 +0200] "GET /ticket2/opencms/dk/sport/fodboldbilletter/ HTTP/1.1" 200 79526
41.216.188.168 - - [02/Oct/2024:01:29:43 +0200] "GET /ticket2/opencms/no/wp-admin/user/ HTTP/1.1" 404 -
66.249.92.131 - - [02/Oct/2024:01:29:43 +0200] "GET /ticket2/opencms/system/modules/com.gridnine.opencms.ticketbrokerage.site/resources/pics/banners/dk/football_dk.png HTTP/1.1" 200 13043
193.70.81.116 - - [02/Oct/2024:01:29:45 +0200] "GET /ticket2/opencms/dk/nl/buy/?page=1&edid=FB730AA6-A470-8EFB-27FE-924D530AC7B8&sortorder=asc&column=price HTTP/1.1" 404 -
193.70.81.116 - - [02/Oct/2024:01:29:48 +0200] "GET /ticket2/opencms/dk/nl/buy/?page=1&edid=FD5A4147-3064-3A22-5465-AF24C521B032&sortorder=asc&column=section HTTP/1.1" 404 -
193.70.81.116 - - [02/Oct/2024:01:29:51 +0200] "GET /ticket2/opencms/dk/nl/buy/?page=1&edid=FDF4D335-951F-B198-7BFE-F927A989E5D5&sortorder=asc&column=section HTTP/1.1" 404 -
193.70.81.116 - - [02/Oct/2024:01:29:54 +0200] "GET /ticket2/opencms/dk/nl/buy/?page=1&edid=FF69DC98-99E2-FC49-3EB6-F7154192E9EB&sortorder=asc&column=price HTTP/1.1" 404 -
193.70.81.116 - - [02/Oct/2024:01:29:57 +0200] "GET /ticket2/opencms/dk/nl/buy/?page=1&edid=FF69DC98-99E2-FC49-3EB6-F7154192E9EB&sortorder=asc&column=section HTTP/1.1" 404 -
54.36.148.31 - - [02/Oct/2024:01:29:59 +0200] "GET /ticket2/opencms/robots.txt HTTP/1.1" 200 773
193.70.81.116 - - [02/Oct/2024:01:30:01 +0200] "GET /ticket2/opencms/dk/nl/buy/?page=6&comcatid=0A6B8208-FDA4-E929-9D72-5312FD481B76 HTTP/1.1" 404 -
193.70.81.116 - - [02/Oct/2024:01:30:04 +0200] "GET /ticket2/opencms/dk/nl/buy/?page=6&comcatid=0A6B8208-FDA4-E929-9D72-5312FD481B76&catid=5ED34547-492C-90DA-709D-448345844685 HTTP/1.1" 404 -
193.70.81.116 - - [02/Oct/2024:01:30:07 +0200] "GET /ticket2/opencms/dk/nl/buy/?page=6&comcatid=A17713B6-D984-201A-4143-ED4DB5ED5C2E&catid=2DE12DDA-A5FB-C1C6-CB20-FBF873FB032B HTTP/1.1" 404 -
157.55.39.6 - - [02/Oct/2024:01:30:07 +0200] "GET /ticket2/opencms/en/buy/?page=1&edid=AB8370A1-7B61-771A-DB42-EBED86488B81 HTTP/1.1" 200 96234
158.220.114.201 - - [02/Oct/2024:01:30:08 +0200] "GET /ticket2/opencms/ HTTP/1.1" 302 -
66.249.76.37 - - [02/Oct/2024:01:30:09 +0200] "GET /ticket2/opencms/en/faq HTTP/1.1" 200 77824
158.220.114.201 - - [02/Oct/2024:01:30:10 +0200] "GET /ticket2/opencms/en/ HTTP/1.1" 200 96442
193.70.81.116 - - [02/Oct/2024:01:30:12 +0200] "GET /ticket2/opencms/dk/nl/buy/?page=1&edid=00059B5F-DE26-4FE8-9C34-25454FE29501&sortorder=asc&column=price HTTP/1.1" 404 -
193.70.81.116 - - [02/Oct/2024:01:30:17 +0200] "GET /ticket2/opencms/dk/nl/buy/?page=1&edid=00059B5F-DE26-4FE8-9C34-25454FE29501&sortorder=asc&column=row HTTP/1.1" 404 -
41.216.188.168 - - [02/Oct/2024:01:30:17 +0200] "GET /ticket2/opencms/no/wp-content/ HTTP/1.1" 404 -
193.70.81.116 - - [02/Oct/2024:01:30:22 +0200] "GET /ticket2/opencms/dk/nl/buy/?page=1&edid=00059B5F-DE26-4FE8-9C34-25454FE29501&sortorder=asc&column=section HTTP/1.1" 404 -
193.70.81.116 - - [02/Oct/2024:01:30:26 +0200] "GET /ticket2/opencms/dk/nl/buy/?page=1&edid=00BA3A64-EDC5-90ED-4A19-9BAB3786C088&sortorder=asc&column=price HTTP/1.1" 404 -
193.70.81.116 - - [02/Oct/2024:01:30:31 +0200] "GET /ticket2/opencms/dk/nl/buy/?page=1&edid=00BA3A64-EDC5-90ED-4A19-9BAB3786C088&sortorder=asc&column=row HTTP/1.1" 404 -
41.216.188.168 - - [02/Oct/2024:01:30:34 +0200] "GET /ticket2/opencms/no/wp-content/plugins/ HTTP/1.1" 404 -
193.70.81.116 - - [02/Oct/2024:01:30:36 +0200] "GET /ticket2/opencms/dk/nl/buy/?page=1&edid=0F9CBCC9-4895-1878-4B6D-99BC3B1A1FA0&sortorder=asc&column=price HTTP/1.1" 404 -
193.70.81.116 - - [02/Oct/2024:01:30:41 +0200] "GET /ticket2/opencms/dk/nl/buy/?page=1&edid=106FABEB-1625-76C0-96E9-569261E1AC5D&sortorder=asc&column=section HTTP/1.1" 404 -
114.119.148.14 - - [02/Oct/2024:01:30:44 +0200] "GET /ticket2/opencms/en/venue/?venueid=7017A2F5-FDAD-0EE7-3D35-B52980248ADD HTTP/1.1" 200 75225
193.70.81.116 - - [02/Oct/2024:01:30:46 +0200] "GET /ticket2/opencms/dk/nl/buy/?page=1&edid=119D38B2-781A-9D91-BD0C-66BB4D932A19&sortorder=asc&column=price HTTP/1.1" 404 -
41.216.188.168 - - [02/Oct/2024:01:30:46 +0200] "GET /ticket2/opencms/no/wp-content/themes/ HTTP/1.1" 404 -
66.249.92.131 - - [02/Oct/2024:01:30:47 +0200] "GET /ticket2/opencms/system/modules/com.gridnine.opencms.ticketbrokerage.site/resources/css/images/ui-bg_flat_75_ffffff_40x100.png HTTP/1.1" 404 -
193.70.81.116 - - [02/Oct/2024:01:30:51 +0200] "GET /ticket2/opencms/dk/nl/buy/?page=1&edid=119D38B2-781A-9D91-BD0C-66BB4D932A19&sortorder=asc&column=row HTTP/1.1" 404 -
41.216.188.168 - - [02/Oct/2024:01:30:53 +0200] "GET /ticket2/opencms/no/wp-admin/includes/ HTTP/1.1" 404 -
193.70.81.116 - - [02/Oct/2024:01:30:55 +0200] "GET /ticket2/opencms/dk/nl/buy/?page=1&edid=119D38B2-781A-9D91-BD0C-66BB4D932A19&sortorder=asc&column=section HTTP/1.1" 404 -
193.70.81.116 - - [02/Oct/2024:01:31:00 +0200] "GET /ticket2/opencms/dk/nl/buy/?page=1&edid=11D1149A-F4B7-F104-E5AE-C70D8A130A49&sortorder=asc&column=row HTTP/1.1" 404 -
41.216.188.168 - - [02/Oct/2024:01:31:04 +0200] "GET /ticket2/opencms/no/wp-admin/ HTTP/1.1" 404 -
193.70.81.116 - - [02/Oct/2024:01:31:05 +0200] "GET /ticket2/opencms/dk/nl/buy/?page=1&edid=11E0F3F3-866B-8B11-2E4F-E306B11A08DD&sortorder=asc&column=price HTTP/1.1" 404 -
41.216.188.168 - - [02/Oct/2024:01:31:10 +0200] "GET /ticket2/opencms/no/wp-content/upgrade/ HTTP/1.1" 404 -
193.70.81.116 - - [02/Oct/2024:01:31:10 +0200] "GET /ticket2/opencms/dk/nl/buy/?page=1&edid=11E0F3F3-866B-8B11-2E4F-E306B11A08DD&sortorder=asc&column=row HTTP/1.1" 404 -
66.249.76.196 - - [02/Oct/2024:01:31:10 +0200] "GET /ticket2/opencms/fr/buy/?comcatid=A17713B6-D984-201A-4143-ED4DB5ED5C2E&catid=515A9A29-35A0-2DB8-262B-AEF122DB04F6 HTTP/1.1" 200 88659
193.70.81.116 - - [02/Oct/2024:01:31:15 +0200] "GET /ticket2/opencms/dk/nl/buy/?page=1&edid=11E0F3F3-866B-8B11-2E4F-E306B11A08DD&sortorder=asc&column=section HTTP/1.1" 404 -
41.216.188.168 - - [02/Oct/2024:01:31:16 +0200] "GET /ticket2/opencms/no/wordpress/wp-includes/ HTTP/1.1" 404 -
193.70.81.116 - - [02/Oct/2024:01:31:20 +0200] "GET /ticket2/opencms/dk/nl/buy/?page=1&edid=12968C36-EF0E-52F6-FF93-EF3AF0F97431&sortorder=asc&column=section HTTP/1.1" 404 -
47.128.48.242 - - [02/Oct/2024:01:31:23 +0200] "GET /ticket2/opencms/no/buy/?edid=9932A66C-27C7-56B1-5250-1F1A61E40951&page=2 HTTP/1.1" 200 83874
193.70.81.116 - - [02/Oct/2024:01:31:25 +0200] "GET /ticket2/opencms/dk/nl/buy/?page=1&edid=14282964-6CA4-5901-3C6E-0281FDF44872&sortorder=asc&column=section HTTP/1.1" 404 -
66.249.92.131 - - [02/Oct/2024:01:31:25 +0200] "GET /ticket2/opencms/sv/ HTTP/1.1" 200 97242
41.216.188.168 - - [02/Oct/2024:01:31:25 +0200] "GET /ticket2/opencms/no/css/ HTTP/1.1" 404 -
66.249.92.132 - - [02/Oct/2024:01:31:28 +0200] "GET /ticket2/opencms/img/banner-ll.jpeg HTTP/1.1" 200 41825
66.249.92.132 - - [02/Oct/2024:01:31:28 +0200] "GET /ticket2/opencms/img/banner-sa.jpeg HTTP/1.1" 200 41270
193.70.81.116 - - [02/Oct/2024:01:31:29 +0200] "GET /ticket2/opencms/dk/nl/buy/?page=1&edid=15EB8492-E613-A503-0EBC-61EBB18066B8&sortorder=desc&column=section HTTP/1.1" 404 -
193.70.81.116 - - [02/Oct/2024:01:31:34 +0200] "GET /ticket2/opencms/dk/nl/buy/?page=1&edid=16380694-7D25-9BBB-F08A-D56FFE2F2B4C&sortorder=asc&column=price HTTP/1.1" 404 -
193.70.81.116 - - [02/Oct/2024:01:31:39 +0200] "GET /ticket2/opencms/dk/nl/buy/?page=1&edid=1F546517-7633-42B2-A140-E9D704EF0B28&sortorder=asc&column=price HTTP/1.1" 404 -
40.77.167.70 - - [02/Oct/2024:01:31:41 +0200] "GET /ticket2/opencms/en/buy/?page=1&edid=063774E2-DE1A-6A46-E97B-D379290B879E HTTP/1.1" 200 120696
193.70.81.116 - - [02/Oct/2024:01:31:44 +0200] "GET /ticket2/opencms/dk/nl/buy/?page=1&edid=1F546517-7633-42B2-A140-E9D704EF0B28&sortorder=desc&column=price HTTP/1.1" 404 -
193.70.81.116 - - [02/Oct/2024:01:31:48 +0200] "GET /ticket2/opencms/dk/nl/buy/?page=1&edid=1F546517-7633-42B2-A140-E9D704EF0B28&sortorder=desc&column=row HTTP/1.1" 404 -
40.77.167.136 - - [02/Oct/2024:01:31:51 +0200] "GET /ticket2/opencms/en/buy?page=1&edid=F78B03FA-4A60-BDC0-B4DA-96975C817683 HTTP/1.1" 200 96239
34.1.27.85 - - [02/Oct/2024:01:31:52 +0200] "GET /ticket2/opencms/ HTTP/1.1" 302 -
34.1.27.85 - - [02/Oct/2024:01:31:53 +0200] "GET /ticket2/opencms/en/ HTTP/1.1" 200 96442
193.70.81.116 - - [02/Oct/2024:01:31:53 +0200] "GET /ticket2/opencms/dk/nl/buy/?page=1&edid=1F639E94-CF6E-403B-2FCC-FBB087375287&sortorder=asc&column=price HTTP/1.1" 404 -
193.70.81.116 - - [02/Oct/2024:01:31:58 +0200] "GET /ticket2/opencms/dk/nl/buy/?page=1&edid=1F639E94-CF6E-403B-2FCC-FBB087375287&sortorder=desc&column=price HTTP/1.1" 404 -
34.1.27.85 - - [02/Oct/2024:01:32:00 +0200] "GET /ticket2/opencms/robots.txt HTTP/1.1" 200 773
34.1.27.85 - - [02/Oct/2024:01:32:01 +0200] "GET /ticket2/opencms/en/buy?page=1&edid=8EE24D2F-4BF0-A103-6944-36103BCA6278 HTTP/1.1" 200 107006
34.1.27.85 - - [02/Oct/2024:01:32:01 +0200] "GET /ticket2/opencms/en/buy?page=1&edid=C8E47E46-ADCD-586A-7BE4-CF1C96256B2D HTTP/1.1" 200 120696
34.1.27.85 - - [02/Oct/2024:01:32:02 +0200] "GET /ticket2/opencms/system/modules/com.gridnine.opencms.ticketbrokerage.site/resources/js/jquery/jquery-ui.js HTTP/1.1" 200 228088
34.1.27.85 - - [02/Oct/2024:01:32:02 +0200] "GET /ticket2/opencms/system/modules/com.gridnine.opencms.ticketbrokerage.site/resources/js/jquery/jquery.js HTTP/1.1" 200 93868
34.1.27.85 - - [02/Oct/2024:01:32:03 +0200] "GET /ticket2/opencms/system/modules/com.gridnine.opencms.ticketbrokerage.site/resources/js/calendar-en.js HTTP/1.1" 200 3338
34.1.27.85 - - [02/Oct/2024:01:32:03 +0200] "GET /ticket2/opencms/system/modules/com.gridnine.opencms.ticketbrokerage.site/resources/js/functions.js HTTP/1.1" 200 1583
34.1.27.85 - - [02/Oct/2024:01:32:03 +0200] "GET /ticket2/opencms/system/modules/com.gridnine.opencms.ticketbrokerage.site/resources/js/calendar-setup.js HTTP/1.1" 200 4923
34.1.27.85 - - [02/Oct/2024:01:32:03 +0200] "GET /ticket2/opencms/system/modules/com.gridnine.opencms.ticketbrokerage.site/resources/js/jquery.placeholder.min.js HTTP/1.1" 200 1737
34.1.27.85 - - [02/Oct/2024:01:32:03 +0200] "GET /ticket2/opencms/system/modules/com.gridnine.opencms.ticketbrokerage.site/resources/js/calendar.js HTTP/1.1" 200 49229
193.70.81.116 - - [02/Oct/2024:01:32:03 +0200] "GET /ticket2/opencms/dk/nl/buy/?page=1&edid=1F8B6B82-6B73-637B-114E-E0458D73CE47&sortorder=asc&column=price HTTP/1.1" 404 -
34.1.27.85 - - [02/Oct/2024:01:32:03 +0200] "GET /ticket2/opencms/ads.txt HTTP/1.1" 404 -
52.167.144.236 - - [02/Oct/2024:01:32:05 +0200] "GET /ticket2/opencms/no/buy/?comcatid=A17713B6-D984-201A-4143-ED4DB5ED5C2E&npage=1 HTTP/1.1" 200 248190
193.70.81.116 - - [02/Oct/2024:01:32:08 +0200] "GET /ticket2/opencms/dk/nl/buy/?page=1&edid=1FA535E7-ABD1-A557-7111-CA936ED0D42F&sortorder=asc&column=row HTTP/1.1" 404 -
66.249.66.87 - - [02/Oct/2024:01:32:11 +0200] "GET /ticket2/opencms/sv/sport/fotbollsbiljetter/premier_league/manchester_united/restips_old_trafford/ HTTP/1.1" 200 81780
