95.217.109.26 - - [02/Oct/2024:02:15:06 +0200] "GET /ticket2/opencms/dk/buy/?page=1&edid=4BA7B2F8-A96A-CBF2-384D-5B93955887C5&sortorder=asc&column=price HTTP/1.1" 200 96400
217.182.175.146 - - [02/Oct/2024:02:15:08 +0200] "GET /ticket2/opencms/fi/buy/?page=1&edid=99C24877-53C4-AB74-6606-A857CC7C6177&sortorder=desc&column=section HTTP/1.1" 200 99212
95.217.109.26 - - [02/Oct/2024:02:15:09 +0200] "GET /ticket2/opencms/dk/buy/?page=1&edid=4BA7B2F8-A96A-CBF2-384D-5B93955887C5&sortorder=asc&column=row HTTP/1.1" 200 96378
217.182.175.146 - - [02/Oct/2024:02:15:12 +0200] "GET /ticket2/opencms/fi/buy/?page=1&edid=9A05EF4D-4376-E584-2657-07D966D7B743&sortorder=asc&column=price HTTP/1.1" 200 98335
95.217.109.26 - - [02/Oct/2024:02:15:13 +0200] "GET /ticket2/opencms/dk/buy/?page=1&edid=4C7CD3B1-B7E1-89E2-C4E7-C4DED146D459&sortorder=asc&column=row HTTP/1.1" 200 96375
95.217.109.26 - - [02/Oct/2024:02:15:16 +0200] "GET /ticket2/opencms/dk/buy/?page=1&edid=4C7CD3B1-B7E1-89E2-C4E7-C4DED146D459&sortorder=asc&column=section HTTP/1.1" 200 96419
217.182.175.146 - - [02/Oct/2024:02:15:18 +0200] "GET /ticket2/opencms/fi/buy/?page=1&edid=9A05EF4D-4376-E584-2657-07D966D7B743&sortorder=asc&column=section HTTP/1.1" 200 98357
95.217.109.26 - - [02/Oct/2024:02:15:20 +0200] "GET /ticket2/opencms/dk/buy/?page=1&edid=4C8B7443-E2C5-8844-C14E-75C45B179DA9 HTTP/1.1" 200 96382
216.244.66.196 - - [02/Oct/2024:02:15:21 +0200] "GET /ticket2/opencms/sv/buy/?page=1&edid=361ACFCF-BD3F-764D-08F4-77B3E73B3174 HTTP/1.1" 200 97769
217.182.175.146 - - [02/Oct/2024:02:15:21 +0200] "GET /ticket2/opencms/fi/buy/?page=1&edid=9ACE5E75-762E-167F-FFAE-C1F65B76EB37&sortorder=asc&column=price HTTP/1.1" 200 97502
95.217.109.26 - - [02/Oct/2024:02:15:23 +0200] "GET /ticket2/opencms/dk/buy/?page=1&edid=4D019A97-BFEB-445D-8A39-F3C482678D04 HTTP/1.1" 200 97369
217.182.175.146 - - [02/Oct/2024:02:15:24 +0200] "GET /ticket2/opencms/fi/buy/?page=1&edid=9C4836A1-BD2A-4D85-1156-08B8E0333D34&sortorder=desc&column=price HTTP/1.1" 200 98354
54.36.148.126 - - [02/Oct/2024:02:15:25 +0200] "GET /ticket2/opencms/en/buy?page=1&edid=718A7A5B-0864-7BB0-17EA-7D1DFF1DCA73 HTTP/1.1" 200 105987
95.217.109.26 - - [02/Oct/2024:02:15:27 +0200] "GET /ticket2/opencms/dk/buy/?page=1&edid=4D091DAA-A6FD-9335-E2FA-E89697CE58C9 HTTP/1.1" 200 97451
54.36.149.102 - - [02/Oct/2024:02:15:28 +0200] "GET /ticket2/opencms/es/magazine/article?title=brighton-and-hove-albion HTTP/1.1" 200 78940
217.182.175.146 - - [02/Oct/2024:02:15:30 +0200] "GET /ticket2/opencms/fi/buy/?page=1&edid=9C4836A1-BD2A-4D85-1156-08B8E0333D34&sortorder=desc&column=row HTTP/1.1" 200 98332
95.217.109.26 - - [02/Oct/2024:02:15:30 +0200] "GET /ticket2/opencms/dk/buy/?page=1&edid=4D2F445E-41F2-D1B5-FB0F-62C7C9AFC907&sortorder=asc&column=section HTTP/1.1" 200 97280
95.217.109.26 - - [02/Oct/2024:02:15:34 +0200] "GET /ticket2/opencms/dk/buy/?page=1&edid=4DD56908-EF50-BCCC-0CFD-53D399B44C58&sortorder=asc&column=row HTTP/1.1" 200 97253
217.182.175.146 - - [02/Oct/2024:02:15:36 +0200] "GET /ticket2/opencms/fi/buy/?page=1&edid=9C4836A1-BD2A-4D85-1156-08B8E0333D34&sortorder=desc&column=section HTTP/1.1" 200 98376
66.249.66.74 - - [02/Oct/2024:02:15:37 +0200] "GET /ticket2/opencms/fi/urheilu/hockey/nhl/ny-rangers/ HTTP/1.1" 200 79219
95.217.109.26 - - [02/Oct/2024:02:15:37 +0200] "GET /ticket2/opencms/dk/buy/?page=1&edid=4DD56908-EF50-BCCC-0CFD-53D399B44C58&sortorder=asc&column=section HTTP/1.1" 200 97297
66.249.66.41 - - [02/Oct/2024:02:15:39 +0200] "GET /ticket2/opencms/dk/sport/fodboldbilletter/champions_league/malmo_ff/ HTTP/1.1" 200 76891
217.182.175.146 - - [02/Oct/2024:02:15:40 +0200] "GET /ticket2/opencms/fi/buy/?page=1&edid=9CCC60F1-4795-760A-258E-C29F7C9B1FCF&sortorder=desc&column=price HTTP/1.1" 200 98447
95.217.109.26 - - [02/Oct/2024:02:15:41 +0200] "GET /ticket2/opencms/dk/buy/?page=1&edid=4E3C7EC6-1872-B197-A095-A9C9B0100A14 HTTP/1.1" 200 96511
114.119.134.48 - - [02/Oct/2024:02:15:43 +0200] "GET /ticket2/opencms/en/buy?page=1&edid=E4669A58-D392-0EC8-F9B7-256D36456739 HTTP/1.1" 200 93752
95.217.109.26 - - [02/Oct/2024:02:15:44 +0200] "GET /ticket2/opencms/dk/buy/?page=1&edid=4E72738A-17F9-87BC-643A-B5444ABD781B HTTP/1.1" 200 96994
217.182.175.146 - - [02/Oct/2024:02:15:48 +0200] "GET /ticket2/opencms/fi/buy/?page=1&edid=9CCC60F1-4795-760A-258E-C29F7C9B1FCF&sortorder=desc&column=row HTTP/1.1" 200 98425
95.217.109.26 - - [02/Oct/2024:02:15:48 +0200] "GET /ticket2/opencms/dk/buy/?page=1&edid=4ED70F5A-DA60-6234-CAB8-5BA98C0AB622&sortorder=asc&column=price HTTP/1.1" 200 94531
54.36.149.57 - - [02/Oct/2024:02:15:50 +0200] "GET /ticket2/opencms/fi/venue/?venueid=F71B1DE7-11E1-4331-6276-7D92F25D2949 HTTP/1.1" 200 76786
193.70.81.106 - - [02/Oct/2024:02:15:51 +0200] "GET /ticket2/opencms/se/robots.txt HTTP/1.1" 404 -
95.217.109.26 - - [02/Oct/2024:02:15:51 +0200] "GET /ticket2/opencms/dk/buy/?page=1&edid=4F10F0FD-0073-B564-973B-CB2F36E999C3 HTTP/1.1" 200 97450
217.182.175.146 - - [02/Oct/2024:02:15:53 +0200] "GET /ticket2/opencms/fi/buy/?page=1&edid=9CCC60F1-4795-760A-258E-C29F7C9B1FCF&sortorder=desc&column=section HTTP/1.1" 200 98469
95.217.109.26 - - [02/Oct/2024:02:15:55 +0200] "GET /ticket2/opencms/dk/buy/?page=1&edid=4F10F0FD-0073-B564-973B-CB2F36E999C3&sortorder=asc&column=section HTTP/1.1" 200 97805
217.182.175.146 - - [02/Oct/2024:02:15:57 +0200] "GET /ticket2/opencms/fi/buy/?page=1&edid=9D5945FA-E4FB-9C9C-0518-34D8FBEC9340&sortorder=asc&column=price HTTP/1.1" 200 98556
95.217.109.26 - - [02/Oct/2024:02:15:58 +0200] "GET /ticket2/opencms/dk/buy/?page=1&edid=4F19228F-1A25-8882-BBD6-E8279B72A577&sortorder=asc&column=row HTTP/1.1" 200 94521
54.36.148.204 - - [02/Oct/2024:02:15:59 +0200] "GET /ticket2/opencms/venue/stade_de_france.png HTTP/1.1" 200 170440
217.182.175.146 - - [02/Oct/2024:02:16:02 +0200] "GET /ticket2/opencms/fi/buy/?page=1&edid=9D5945FA-E4FB-9C9C-0518-34D8FBEC9340&sortorder=asc&column=row HTTP/1.1" 200 98534
95.217.109.26 - - [02/Oct/2024:02:16:02 +0200] "GET /ticket2/opencms/dk/buy/?page=1&edid=4F864DED-3EA1-C4B1-B9E6-8775CC676432&sortorder=asc&column=row HTTP/1.1" 200 95188
95.217.109.26 - - [02/Oct/2024:02:16:05 +0200] "GET /ticket2/opencms/dk/buy/?page=1&edid=6619AF23-B82A-4933-7AAB-7FCD989DC8B0&sortorder=desc&column=section HTTP/1.1" 200 97060
217.182.175.146 - - [02/Oct/2024:02:16:06 +0200] "GET /ticket2/opencms/fi/buy/?page=1&edid=9D5945FA-E4FB-9C9C-0518-34D8FBEC9340&sortorder=asc&column=section HTTP/1.1" 200 98578
95.217.109.26 - - [02/Oct/2024:02:16:09 +0200] "GET /ticket2/opencms/dk/buy/?page=1&edid=6AE983A8-8157-E40C-3F32-902C2F55F7CC&sortorder=asc&column=price HTTP/1.1" 200 94512
52.167.144.185 - - [02/Oct/2024:02:16:11 +0200] "GET /ticket2/opencms/en/sell/?edid=E0A8CE5D-A2DA-F5EB-6814-85F787FE51D7 HTTP/1.1" 302 -
217.182.175.146 - - [02/Oct/2024:02:16:12 +0200] "GET /ticket2/opencms/fi/buy/?page=1&edid=9D66FD67-419E-CC30-8F44-B7D097CB8073&sortorder=asc&column=price HTTP/1.1" 200 98554
95.217.109.26 - - [02/Oct/2024:02:16:12 +0200] "GET /ticket2/opencms/dk/buy/?page=1&edid=6B3BF078-C100-90F5-6150-C146B5879A8A&sortorder=asc&column=price HTTP/1.1" 200 96230
95.217.109.26 - - [02/Oct/2024:02:16:16 +0200] "GET /ticket2/opencms/dk/buy/?page=1&edid=6CD7DFFC-8C83-7819-2B09-2552175CE812&sortorder=asc&column=row HTTP/1.1" 200 97428
217.182.175.146 - - [02/Oct/2024:02:16:18 +0200] "GET /ticket2/opencms/fi/buy/?page=1&edid=9F1D73C2-BE00-2D9C-AC75-8DF7045354B9&sortorder=asc&column=price HTTP/1.1" 200 98575
154.213.187.186 - - [02/Oct/2024:02:16:18 +0200] "CONNECT google.com:443 HTTP/1.1" 400 -
40.77.167.3 - - [02/Oct/2024:02:16:19 +0200] "GET /ticket2/opencms/fi/buy/?page=1&edid=2E6EF86D-B1C4-98D9-FD17-AB35133F21BC HTTP/1.1" 200 95499
95.217.109.26 - - [02/Oct/2024:02:16:20 +0200] "GET /ticket2/opencms/dk/buy/?page=1&edid=6CD7DFFC-8C83-7819-2B09-2552175CE812&sortorder=asc&column=section HTTP/1.1" 200 97472
52.167.144.185 - - [02/Oct/2024:02:16:20 +0200] "GET /ticket2/opencms/en/login/?url=/en/sell/ HTTP/1.1" 200 77267
193.70.81.106 - - [02/Oct/2024:02:16:22 +0200] "GET /ticket2/opencms/se/sv/login/?edid=124781BD-55D1-347C-3E0C-E088BD538B9A HTTP/1.1" 404 -
95.217.109.26 - - [02/Oct/2024:02:16:23 +0200] "GET /ticket2/opencms/dk/buy/?page=1&edid=6D7A8123-61E5-5833-B05E-2C23906BD89C&sortorder=asc&column=price HTTP/1.1" 200 96379
217.182.175.146 - - [02/Oct/2024:02:16:23 +0200] "GET /ticket2/opencms/fi/buy/?page=1&edid=9F1D73C2-BE00-2D9C-AC75-8DF7045354B9&sortorder=asc&column=row HTTP/1.1" 200 98553
95.217.109.26 - - [02/Oct/2024:02:16:27 +0200] "GET /ticket2/opencms/dk/buy/?page=1&edid=6D7A8123-61E5-5833-B05E-2C23906BD89C&sortorder=asc&column=row HTTP/1.1" 200 96357
95.217.109.26 - - [02/Oct/2024:02:16:30 +0200] "GET /ticket2/opencms/dk/buy/?page=1&edid=6DB046DB-410B-73D4-9D8B-16FCC7635D61&sortorder=asc&column=price HTTP/1.1" 200 96581
217.182.175.146 - - [02/Oct/2024:02:16:33 +0200] "GET /ticket2/opencms/fi/buy/?page=1&edid=9F75CAFF-859B-AF24-5E2C-871DFD0095F5&sortorder=asc&column=row HTTP/1.1" 200 99064
95.217.109.26 - - [02/Oct/2024:02:16:34 +0200] "GET /ticket2/opencms/dk/buy/?page=1&edid=6DB046DB-410B-73D4-9D8B-16FCC7635D61&sortorder=asc&column=section HTTP/1.1" 200 96603
95.217.109.26 - - [02/Oct/2024:02:16:37 +0200] "GET /ticket2/opencms/dk/buy/?page=1&edid=6FB99050-2EB2-BC0F-C20F-EFDA643A2994 HTTP/1.1" 200 96933
217.182.175.146 - - [02/Oct/2024:02:16:40 +0200] "GET /ticket2/opencms/fi/buy/?page=1&edid=A2DDA4E4-44CC-604A-D0E5-6CFEACA7D15C&sortorder=asc&column=section HTTP/1.1" 200 99111
193.70.81.106 - - [02/Oct/2024:02:16:41 +0200] "GET /ticket2/opencms/se/robots.txt HTTP/1.1" 404 -
95.217.109.26 - - [02/Oct/2024:02:16:41 +0200] "GET /ticket2/opencms/dk/buy/?page=1&edid=700C6A66-9C47-818C-453E-16ACCDD28C59 HTTP/1.1" 200 96986
94.154.239.69 - - [02/Oct/2024:02:16:43 +0200] "GET /ticket2/opencms/robots.txt HTTP/1.1" 200 773
95.217.109.26 - - [02/Oct/2024:02:16:44 +0200] "GET /ticket2/opencms/dk/buy/?page=1&edid=70D45EC6-D4AB-B18C-930C-5EB2BF7EC1BA&sortorder=asc&column=row HTTP/1.1" 200 97754
217.182.175.146 - - [02/Oct/2024:02:16:45 +0200] "GET /ticket2/opencms/fi/buy/?page=1&edid=A2DDA4E4-44CC-604A-D0E5-6CFEACA7D15C&sortorder=desc&column=row HTTP/1.1" 200 99077
95.217.109.26 - - [02/Oct/2024:02:16:48 +0200] "GET /ticket2/opencms/dk/buy/?page=1&edid=7401E449-5F42-A0A3-909B-A3DA89BF541A HTTP/1.1" 200 96292
95.217.109.26 - - [02/Oct/2024:02:16:51 +0200] "GET /ticket2/opencms/dk/buy/?page=1&edid=7F453E70-42C2-9829-6707-8F3A9E689502&sortorder=asc&column=row HTTP/1.1" 200 96791
217.182.175.146 - - [02/Oct/2024:02:16:53 +0200] "GET /ticket2/opencms/fi/buy/?page=1&edid=AB4ED0AB-78AE-687D-2259-4B7771A21F0C&sortorder=asc&column=section HTTP/1.1" 200 98368
95.217.109.26 - - [02/Oct/2024:02:16:55 +0200] "GET /ticket2/opencms/dk/buy/?page=1&edid=7F453E70-42C2-9829-6707-8F3A9E689502&sortorder=desc&column=row HTTP/1.1" 200 96801
95.217.109.26 - - [02/Oct/2024:02:16:58 +0200] "GET /ticket2/opencms/dk/buy/?page=1&edid=7FE7A534-4766-BBE8-CE3B-4E8D373D9E56 HTTP/1.1" 200 97126
52.167.144.145 - - [02/Oct/2024:02:16:59 +0200] "GET /ticket2/opencms/fi/sell/?edid=51B884F9-DF7A-286D-15A9-2FC5FF326C60 HTTP/1.1" 302 -
40.77.167.20 - - [02/Oct/2024:02:16:59 +0200] "GET /ticket2/opencms/en/buy/?comcatid=A17713B6-D984-201A-4143-ED4DB5ED5C2E&npage=4 HTTP/1.1" 200 245600
217.182.175.146 - - [02/Oct/2024:02:16:59 +0200] "GET /ticket2/opencms/fi/buy/?page=1&edid=AB4ED0AB-78AE-687D-2259-4B7771A21F0C&sortorder=desc&column=row HTTP/1.1" 200 98334
52.167.144.145 - - [02/Oct/2024:02:17:02 +0200] "GET /ticket2/opencms/fi/login/?url=/fi/sell/ HTTP/1.1" 200 78995
95.217.109.26 - - [02/Oct/2024:02:17:02 +0200] "GET /ticket2/opencms/dk/buy/?page=1&edid=9C19696E-AC92-85B8-FCE3-E87F0988DECA HTTP/1.1" 200 96385
95.217.109.26 - - [02/Oct/2024:02:17:06 +0200] "GET /ticket2/opencms/dk/buy/?page=1&edid=A2DDA4E4-44CC-604A-D0E5-6CFEACA7D15C&sortorder=asc&column=row HTTP/1.1" 200 97757
94.154.239.69 - - [02/Oct/2024:02:17:06 +0200] "GET /ticket2/opencms/fr/magazine/Liverpool%20FC%20tar%20emot%20Tottenham%20p%C3%A5%20Anfieled%202024-05-05 HTTP/1.1" 404 -
54.36.149.50 - - [02/Oct/2024:02:17:07 +0200] "GET /ticket2/opencms/de/buy?page=1&edid=1EC9B49C-3E71-53D7-479D-7C922516D58E HTTP/1.1" 200 122044
217.182.175.146 - - [02/Oct/2024:02:17:07 +0200] "GET /ticket2/opencms/fi/buy/?page=1&edid=ABD71631-87BB-6A7C-FC5E-66817F361F35&sortorder=desc&column=section HTTP/1.1" 200 97968
95.217.109.26 - - [02/Oct/2024:02:17:10 +0200] "GET /ticket2/opencms/dk/buy/?page=1&edid=A2DDA4E4-44CC-604A-D0E5-6CFEACA7D15C&sortorder=asc&column=section HTTP/1.1" 200 97801
193.70.81.106 - - [02/Oct/2024:02:17:10 +0200] "GET /ticket2/opencms/se/sv/login?amp HTTP/1.1" 404 -
95.217.109.26 - - [02/Oct/2024:02:17:13 +0200] "GET /ticket2/opencms/dk/buy/?page=1&edid=A3E42FD5-75D6-99FD-0A53-D3BAFC034D71&sortorder=desc&column=price HTTP/1.1" 200 97291
217.182.175.146 - - [02/Oct/2024:02:17:14 +0200] "GET /ticket2/opencms/fi/buy/?page=1&edid=ABE82418-6D71-12C5-8A2D-1433A0ADE28D&sortorder=desc&column=price HTTP/1.1" 200 97949
95.217.109.26 - - [02/Oct/2024:02:17:17 +0200] "GET /ticket2/opencms/dk/buy/?page=1&edid=A4C82ECE-1EEE-CF6A-88E6-0E45082B1861&sortorder=desc&column=price HTTP/1.1" 200 96217
217.182.175.146 - - [02/Oct/2024:02:17:20 +0200] "GET /ticket2/opencms/fi/buy/?page=1&edid=ABE82418-6D71-12C5-8A2D-1433A0ADE28D&sortorder=desc&column=row HTTP/1.1" 200 97927
47.128.29.217 - - [02/Oct/2024:02:17:20 +0200] "GET /ticket2/opencms/dk/buy/?edid=DAA8035A-6393-A965-2F25-D7CF65416E07 HTTP/1.1" 200 77356
95.217.109.26 - - [02/Oct/2024:02:17:20 +0200] "GET /ticket2/opencms/dk/buy/?page=1&edid=A5392617-A8A6-5394-B72C-AA82A5C556B3&sortorder=desc&column=price HTTP/1.1" 200 97034
95.217.109.26 - - [02/Oct/2024:02:17:24 +0200] "GET /ticket2/opencms/dk/buy/?page=1&edid=A5392617-A8A6-5394-B72C-AA82A5C556B3&sortorder=desc&column=row HTTP/1.1" 200 97012
217.182.175.146 - - [02/Oct/2024:02:17:25 +0200] "GET /ticket2/opencms/fi/buy/?page=1&edid=ABE82418-6D71-12C5-8A2D-1433A0ADE28D&sortorder=desc&column=section HTTP/1.1" 200 97971
95.217.109.26 - - [02/Oct/2024:02:17:28 +0200] "GET /ticket2/opencms/dk/buy/?page=1&edid=A5392617-A8A6-5394-B72C-AA82A5C556B3&sortorder=desc&column=section HTTP/1.1" 200 97056
217.182.175.146 - - [02/Oct/2024:02:17:31 +0200] "GET /ticket2/opencms/fi/buy/?page=1&edid=AD357F8B-E228-DF7B-4209-8FB0E2E94BA7&sortorder=asc&column=price HTTP/1.1" 200 98569
95.217.109.26 - - [02/Oct/2024:02:17:31 +0200] "GET /ticket2/opencms/dk/buy/?page=1&edid=A6ECC7E3-300C-038D-256B-71A9BEF43017&sortorder=asc&column=section HTTP/1.1" 200 96628
95.217.109.26 - - [02/Oct/2024:02:17:35 +0200] "GET /ticket2/opencms/dk/buy/?page=1&edid=AA75DB1B-F109-4AC8-F8B6-E76C4B5170E3&sortorder=asc&column=section HTTP/1.1" 200 97798
217.182.175.146 - - [02/Oct/2024:02:17:36 +0200] "GET /ticket2/opencms/fi/buy/?page=1&edid=AD357F8B-E228-DF7B-4209-8FB0E2E94BA7&sortorder=asc&column=row HTTP/1.1" 200 98547
95.217.109.26 - - [02/Oct/2024:02:17:38 +0200] "GET /ticket2/opencms/dk/buy/?page=1&edid=AA8F437D-FB32-9DC7-FD41-122608E61459&sortorder=asc&column=section HTTP/1.1" 200 97242
52.167.144.145 - - [02/Oct/2024:02:17:39 +0200] "GET /ticket2/opencms/es/buy/?page=1&edid=E8BA54CC-B112-3D61-BE02-1B4D1E4F63D1 HTTP/1.1" 200 120012
95.217.109.26 - - [02/Oct/2024:02:17:42 +0200] "GET /ticket2/opencms/dk/buy/?page=1&edid=ABC4721A-B6F2-670A-2EEB-D6F5D16C69F5&sortorder=desc&column=section HTTP/1.1" 200 97731
54.36.148.162 - - [02/Oct/2024:02:17:42 +0200] "GET /ticket2/opencms/de/buy/?page=1&edid=75D6BBAD-486E-699E-8813-C7B713427407 HTTP/1.1" 200 97583
217.182.175.146 - - [02/Oct/2024:02:17:43 +0200] "GET /ticket2/opencms/fi/buy/?page=1&edid=CC994673-5D69-5FF0-6706-9E7C98B375FE&sortorder=desc&column=section HTTP/1.1" 200 98568
66.249.66.68 - - [02/Oct/2024:02:17:44 +0200] "GET /ticket2/opencms/set_aff_cookie.jsp?partner=53673ED6-1455-FA54-818F-B1F67121E37C&url=/en/buy/index.html%3Fpage%3D1%26edid%3D9DCC0E66-25C8-5156-35A8-BF56F5E3E1AA%26hlv%3D66c71188-f0ac-451c-a7ba-3e660a01000f%23v1995582432 HTTP/1.1" 200 225
66.249.66.76 - - [02/Oct/2024:02:17:45 +0200] "GET /ticket2/opencms/it/buy/?comcatid=A17713B6-D984-201A-4143-ED4DB5ED5C2E&catid=B0817F4C-4B6F-A68C-6229-209BB05F84D4 HTTP/1.1" 200 88797
95.217.109.26 - - [02/Oct/2024:02:17:46 +0200] "GET /ticket2/opencms/dk/buy/?page=1&edid=B4FD3B53-8032-0E58-F439-012FAD8AA274 HTTP/1.1" 200 96292
54.36.149.54 - - [02/Oct/2024:02:17:46 +0200] "GET /ticket2/opencms/en/sport/football-tickets/la-liga/real_madrid/ HTTP/1.1" 200 85480
66.249.66.79 - - [02/Oct/2024:02:17:47 +0200] "GET /ticket2/opencms/fr/buy/?page=1&edid=2623FB3F-281B-22C8-3425-BF900A46AC08 HTTP/1.1" 200 94978
66.249.66.77 - - [02/Oct/2024:02:17:48 +0200] "GET /ticket2/opencms/fi/buy/?page=1&edid=3EACF9E2-ABC6-108D-E866-9803A85B9A14 HTTP/1.1" 200 94827
54.36.148.146 - - [02/Oct/2024:02:17:48 +0200] "GET /ticket2/opencms/system/modules/com.gridnine.opencms.ticketbrokerage.site/resources/pics/banners/team/la_liga/real_madrid.png HTTP/1.1" 200 66728
95.217.109.26 - - [02/Oct/2024:02:17:49 +0200] "GET /ticket2/opencms/dk/buy/?page=1&edid=B65C9998-D30F-32EE-08AA-C0A071FB93ED&sortorder=desc&column=price HTTP/1.1" 200 97706
217.182.175.146 - - [02/Oct/2024:02:17:50 +0200] "GET /ticket2/opencms/fi/buy/?page=1&edid=CCCC75B3-B115-4484-EAA1-179BE65E4AE6&sortorder=desc&column=section HTTP/1.1" 200 98805
95.217.109.26 - - [02/Oct/2024:02:17:53 +0200] "GET /ticket2/opencms/dk/buy/?page=1&edid=B719043E-9C48-E7FF-4885-D1C11C25593E&sortorder=asc&column=price HTTP/1.1" 200 97745
95.217.109.26 - - [02/Oct/2024:02:17:56 +0200] "GET /ticket2/opencms/dk/buy/?page=1&edid=BFAB9E04-7D92-4753-D7E6-FD99B04A44CB&sortorder=asc&column=section HTTP/1.1" 200 95236
217.182.175.146 - - [02/Oct/2024:02:17:57 +0200] "GET /ticket2/opencms/fi/buy/?page=1&edid=CD01A5E9-1E8D-C278-2136-399AFFBDB676 HTTP/1.1" 200 97775
95.217.109.26 - - [02/Oct/2024:02:18:00 +0200] "GET /ticket2/opencms/dk/buy/?page=1&edid=BFDFE449-D4A2-3EC2-5F36-4B5707D3EE53 HTTP/1.1" 200 97367
217.182.175.146 - - [02/Oct/2024:02:18:00 +0200] "GET /ticket2/opencms/fi/buy/?page=1&edid=CD66FFE5-8252-8D1C-BFE4-4A45484D692D&sortorder=desc&column=row HTTP/1.1" 200 98544
95.217.109.26 - - [02/Oct/2024:02:18:03 +0200] "GET /ticket2/opencms/dk/buy/?page=1&edid=BFDFE449-D4A2-3EC2-5F36-4B5707D3EE53&sortorder=desc&column=row HTTP/1.1" 200 97688
95.217.109.26 - - [02/Oct/2024:02:18:06 +0200] "GET /ticket2/opencms/dk/buy/?page=1&edid=C2EAC35C-806F-010C-DE25-D13971AC8E7C&sortorder=desc&column=section HTTP/1.1" 200 96659
217.182.175.146 - - [02/Oct/2024:02:18:07 +0200] "GET /ticket2/opencms/fi/buy/?page=1&edid=CD66FFE5-8252-8D1C-BFE4-4A45484D692D&sortorder=desc&column=section HTTP/1.1" 200 98588
95.217.109.26 - - [02/Oct/2024:02:18:10 +0200] "GET /ticket2/opencms/dk/buy/?page=1&edid=C3142C3C-B527-EA04-CFEC-FF16B1FE9635 HTTP/1.1" 200 95834
217.182.175.146 - - [02/Oct/2024:02:18:12 +0200] "GET /ticket2/opencms/fi/buy/?page=1&edid=CD6EABFF-F2F6-FE26-CC78-420DEA1CEE33&sortorder=asc&column=price HTTP/1.1" 200 98334
95.217.109.26 - - [02/Oct/2024:02:18:13 +0200] "GET /ticket2/opencms/dk/buy/?page=1&edid=C40B04F3-522D-9ED3-C6F9-40FD85E2C8C7&sortorder=asc&column=row HTTP/1.1" 200 96152
95.217.109.26 - - [02/Oct/2024:02:18:17 +0200] "GET /ticket2/opencms/dk/buy/?page=1&edid=C40B04F3-522D-9ED3-C6F9-40FD85E2C8C7&sortorder=asc&column=section HTTP/1.1" 200 96196
217.182.175.146 - - [02/Oct/2024:02:18:19 +0200] "GET /ticket2/opencms/fi/buy/?page=1&edid=CD6EABFF-F2F6-FE26-CC78-420DEA1CEE33&sortorder=asc&column=row HTTP/1.1" 200 98312
95.217.109.26 - - [02/Oct/2024:02:18:20 +0200] "GET /ticket2/opencms/dk/buy/?page=1&edid=C48EAFD0-8BA3-4D86-9F12-42C6F4555C84&sortorder=desc&column=section HTTP/1.1" 200 96856
217.182.175.146 - - [02/Oct/2024:02:18:22 +0200] "GET /ticket2/opencms/fi/buy/?page=1&edid=CD7DB093-60D9-BD12-A415-1D4CC21F76F9&sortorder=desc&column=row HTTP/1.1" 200 99044
95.217.109.26 - - [02/Oct/2024:02:18:24 +0200] "GET /ticket2/opencms/dk/buy/?page=1&edid=C56DA14C-9037-FA2A-F5C6-BD1DD0180C16 HTTP/1.1" 200 95878
66.249.76.195 - - [02/Oct/2024:02:18:25 +0200] "GET /ticket2/opencms/es/buy/?page=1&edid=BABB7B15-4A6B-2CD0-A4E6-6F9CC954F92B HTTP/1.1" 200 95152
95.217.109.26 - - [02/Oct/2024:02:18:27 +0200] "GET /ticket2/opencms/dk/buy/?page=1&edid=C870A5FE-8C4E-300E-4FBB-272414224C40 HTTP/1.1" 200 96292
217.182.175.146 - - [02/Oct/2024:02:18:28 +0200] "GET /ticket2/opencms/fi/buy/?page=1&edid=CF3BDDE8-6C6B-F85B-528C-11C48A316B2B&sortorder=asc&column=section HTTP/1.1" 200 99109
95.217.109.26 - - [02/Oct/2024:02:18:31 +0200] "GET /ticket2/opencms/dk/buy/?page=1&edid=C8F9C93A-AB7D-8220-8C68-4335B633FCE4 HTTP/1.1" 200 95812
217.182.175.146 - - [02/Oct/2024:02:18:32 +0200] "GET /ticket2/opencms/fi/buy/?page=1&edid=D1B6D814-A677-3D90-03BA-1F7CF35352A4&sortorder=desc&column=section HTTP/1.1" 200 98368
37.123.143.202 - - [02/Oct/2024:02:18:32 +0200] "GET /ticket2/opencms/system/workplace/views/top_foot.jsp?wpFrame=foot HTTP/1.1" 200 1211
37.123.143.202 - - [02/Oct/2024:02:18:32 +0200] "GET /ticket2/opencms/system/workplace/commons/style/workplace.css HTTP/1.1" 200 14209
95.217.109.26 - - [02/Oct/2024:02:18:34 +0200] "GET /ticket2/opencms/dk/buy/?page=1&edid=C924B0C0-2ABF-A65E-7773-327854D317F0&sortorder=asc&column=price HTTP/1.1" 200 97243
54.36.148.135 - - [02/Oct/2024:02:18:35 +0200] "GET /ticket2/opencms/en/venue/?venueid=043FFF0B-AAEC-B60F-6995-11630828794B HTTP/1.1" 200 75163
95.217.109.26 - - [02/Oct/2024:02:18:38 +0200] "GET /ticket2/opencms/dk/buy/?page=1&edid=C924B0C0-2ABF-A65E-7773-327854D317F0&sortorder=asc&column=row HTTP/1.1" 200 97221
217.182.175.146 - - [02/Oct/2024:02:18:38 +0200] "GET /ticket2/opencms/fi/buy/?page=1&edid=D3961231-7877-42EF-B532-0CF3B9007345&sortorder=asc&column=row HTTP/1.1" 200 97416
95.217.109.26 - - [02/Oct/2024:02:18:41 +0200] "GET /ticket2/opencms/dk/buy/?page=1&edid=C924B0C0-2ABF-A65E-7773-327854D317F0&sortorder=asc&column=section HTTP/1.1" 200 97265
95.217.109.26 - - [02/Oct/2024:02:18:45 +0200] "GET /ticket2/opencms/dk/buy/?page=1&edid=C924B0C0-2ABF-A65E-7773-327854D317F0&sortorder=desc&column=row HTTP/1.1" 200 97231
217.182.175.146 - - [02/Oct/2024:02:18:45 +0200] "GET /ticket2/opencms/fi/buy/?page=1&edid=D3AC8ED2-9B15-6187-BB41-9830D862CD00&sortorder=asc&column=price HTTP/1.1" 200 97935
114.119.154.207 - - [02/Oct/2024:02:18:46 +0200] "GET /ticket2/opencms/en/buy?page=1&edid=889DA93B-6CCB-4785-D7E5-2D4770A5C1EC HTTP/1.1" 200 93761
66.249.66.78 - - [02/Oct/2024:02:18:47 +0200] "GET /ticket2/opencms/sv/buy/?comcatid=A17713B6-D984-201A-4143-ED4DB5ED5C2E&catid=&npage=4 HTTP/1.1" 200 247555
95.217.109.26 - - [02/Oct/2024:02:18:48 +0200] "GET /ticket2/opencms/dk/buy/?page=1&edid=C924B0C0-2ABF-A65E-7773-327854D317F0&sortorder=desc&column=section HTTP/1.1" 200 97275
217.182.175.146 - - [02/Oct/2024:02:18:51 +0200] "GET /ticket2/opencms/fi/buy/?page=1&edid=D3AC8ED2-9B15-6187-BB41-9830D862CD00&sortorder=asc&column=section HTTP/1.1" 200 97957
95.217.109.26 - - [02/Oct/2024:02:18:51 +0200] "GET /ticket2/opencms/dk/buy/?page=1&edid=C9DA2AB9-6CCB-E634-77BA-C97F24195525 HTTP/1.1" 200 97453
95.217.109.26 - - [02/Oct/2024:02:18:55 +0200] "GET /ticket2/opencms/dk/buy/?page=1&edid=CA0E7A1E-A629-4611-3AB5-C772FFC7B02B&sortorder=desc&column=price HTTP/1.1" 200 96239
217.182.175.146 - - [02/Oct/2024:02:18:56 +0200] "GET /ticket2/opencms/fi/buy/?page=1&edid=D4257B4D-221F-23FE-F1F6-6C524759B22C HTTP/1.1" 200 98290
95.217.109.26 - - [02/Oct/2024:02:18:58 +0200] "GET /ticket2/opencms/dk/buy/?page=1&edid=CC994673-5D69-5FF0-6706-9E7C98B375FE&sortorder=desc&column=price HTTP/1.1" 200 97250
95.217.109.26 - - [02/Oct/2024:02:19:01 +0200] "GET /ticket2/opencms/dk/buy/?page=1&edid=CC994673-5D69-5FF0-6706-9E7C98B375FE&sortorder=desc&column=row HTTP/1.1" 200 97228
217.182.175.146 - - [02/Oct/2024:02:19:02 +0200] "GET /ticket2/opencms/fi/buy/?page=1&edid=D4AC13D6-94F6-4D57-E253-C52E8FB7E099&sortorder=asc&column=price HTTP/1.1" 200 98530
95.217.109.26 - - [02/Oct/2024:02:19:05 +0200] "GET /ticket2/opencms/dk/buy/?page=1&edid=CCDA7D5E-042D-01E6-E2B9-B6DF8173F8EF&sortorder=desc&column=price HTTP/1.1" 200 97046
217.182.175.146 - - [02/Oct/2024:02:19:06 +0200] "GET /ticket2/opencms/fi/buy/?page=1&edid=D4AC13D6-94F6-4D57-E253-C52E8FB7E099&sortorder=asc&column=row HTTP/1.1" 200 98508
95.217.109.26 - - [02/Oct/2024:02:19:09 +0200] "GET /ticket2/opencms/dk/buy/?page=1&edid=CCDA7D5E-042D-01E6-E2B9-B6DF8173F8EF&sortorder=desc&column=row HTTP/1.1" 200 97024
114.119.140.111 - - [02/Oct/2024:02:19:10 +0200] "GET /ticket2/opencms/en/search.html?searchQuery=tottenham&submit HTTP/1.1" 200 116236
217.182.175.146 - - [02/Oct/2024:02:19:11 +0200] "GET /ticket2/opencms/fi/buy/?page=1&edid=D5B2D6C5-05F5-D4F7-03EB-C43AADCA2BD9 HTTP/1.1" 200 98777
52.167.144.20 - - [02/Oct/2024:02:19:12 +0200] "GET /ticket2/opencms/sv/buy/?page=1&edid=C4A85847-D040-EB89-2141-54F1A8B66277 HTTP/1.1" 200 100600
95.217.109.26 - - [02/Oct/2024:02:19:12 +0200] "GET /ticket2/opencms/dk/buy/?page=1&edid=CCDA7D5E-042D-01E6-E2B9-B6DF8173F8EF&sortorder=desc&column=section HTTP/1.1" 200 97068
217.182.175.146 - - [02/Oct/2024:02:19:15 +0200] "GET /ticket2/opencms/fi/buy/?page=1&edid=D5B2D6C5-05F5-D4F7-03EB-C43AADCA2BD9&sortorder=desc&column=section HTTP/1.1" 200 99142
95.217.109.26 - - [02/Oct/2024:02:19:16 +0200] "GET /ticket2/opencms/dk/buy/?page=1&edid=CD6EABFF-F2F6-FE26-CC78-420DEA1CEE33&sortorder=desc&column=row HTTP/1.1" 200 97012
52.167.144.186 - - [02/Oct/2024:02:19:17 +0200] "GET /ticket2/opencms/nl/buy/?page=1&edid=D771BB60-0217-E0E2-A4A8-756428AAA5D6 HTTP/1.1" 200 119031
217.182.175.146 - - [02/Oct/2024:02:19:18 +0200] "GET /ticket2/opencms/fi/buy/?page=1&edid=D5C4F50D-2A92-D0EC-6476-87E00BCDB682&sortorder=asc&column=price HTTP/1.1" 200 99014
95.217.109.26 - - [02/Oct/2024:02:19:19 +0200] "GET /ticket2/opencms/dk/buy/?page=1&edid=CD9CCE5B-E45C-7CA4-806C-47052D704B01 HTTP/1.1" 200 96302
20.171.206.185 - - [02/Oct/2024:02:19:22 +0200] "GET /ticket2/opencms/de/ HTTP/1.1" 200 97429
95.217.109.26 - - [02/Oct/2024:02:19:23 +0200] "GET /ticket2/opencms/dk/buy/?page=1&edid=CF3BDDE8-6C6B-F85B-528C-11C48A316B2B&sortorder=desc&column=price HTTP/1.1" 200 97787
217.182.175.146 - - [02/Oct/2024:02:19:24 +0200] "GET /ticket2/opencms/fi/buy/?page=1&edid=D5C4F50D-2A92-D0EC-6476-87E00BCDB682&sortorder=asc&column=section HTTP/1.1" 200 99036
95.217.109.26 - - [02/Oct/2024:02:19:26 +0200] "GET /ticket2/opencms/dk/buy/?page=1&edid=CF3BDDE8-6C6B-F85B-528C-11C48A316B2B&sortorder=desc&column=row HTTP/1.1" 200 97765
217.182.175.146 - - [02/Oct/2024:02:19:28 +0200] "GET /ticket2/opencms/fi/buy/?page=1&edid=D5C4F50D-2A92-D0EC-6476-87E00BCDB682&sortorder=desc&column=row HTTP/1.1" 200 99002
52.167.144.145 - - [02/Oct/2024:02:19:29 +0200] "GET /ticket2/opencms/no/venue/?venueid=075172A0-B019-D420-5B98-9F3BF7203A11 HTTP/1.1" 200 76461
95.217.109.26 - - [02/Oct/2024:02:19:30 +0200] "GET /ticket2/opencms/dk/buy/?page=1&edid=CF584A38-683E-DA48-BA4E-9359699330BA HTTP/1.1" 200 96517
217.182.175.146 - - [02/Oct/2024:02:19:33 +0200] "GET /ticket2/opencms/fi/buy/?page=1&edid=D5ECBB60-B9DE-C9C5-5B4C-845CEC40C77F&sortorder=asc&column=row HTTP/1.1" 200 98411
95.217.109.26 - - [02/Oct/2024:02:19:34 +0200] "GET /ticket2/opencms/dk/buy/?page=1&edid=CF9AADF6-6503-0852-B1B5-AC280A05E729&sortorder=desc&column=price HTTP/1.1" 200 96826
95.217.109.26 - - [02/Oct/2024:02:19:37 +0200] "GET /ticket2/opencms/dk/buy/?page=1&edid=D017627D-6895-48D5-7AF6-3326E738EE9B&sortorder=asc&column=price HTTP/1.1" 200 96169
217.182.175.146 - - [02/Oct/2024:02:19:38 +0200] "GET /ticket2/opencms/fi/buy/?page=1&edid=D5ECBB60-B9DE-C9C5-5B4C-845CEC40C77F&sortorder=asc&column=section HTTP/1.1" 200 98455
47.128.24.137 - - [02/Oct/2024:02:19:38 +0200] "GET /ticket2/opencms/it/buy/?edid=F8093B0F-0671-8BAD-4914-C12550D964A6 HTTP/1.1" 200 78121
95.217.109.26 - - [02/Oct/2024:02:19:41 +0200] "GET /ticket2/opencms/dk/buy/?page=1&edid=D017627D-6895-48D5-7AF6-3326E738EE9B&sortorder=asc&column=row HTTP/1.1" 200 96147
217.182.175.146 - - [02/Oct/2024:02:19:42 +0200] "GET /ticket2/opencms/fi/buy/?page=1&edid=D5ECBB60-B9DE-C9C5-5B4C-845CEC40C77F&sortorder=desc&column=price HTTP/1.1" 200 98443
66.249.66.67 - - [02/Oct/2024:02:19:42 +0200] "GET /ticket2/opencms/de/ HTTP/1.1" 200 97429
95.217.109.26 - - [02/Oct/2024:02:19:44 +0200] "GET /ticket2/opencms/dk/buy/?page=1&edid=D017627D-6895-48D5-7AF6-3326E738EE9B&sortorder=asc&column=section HTTP/1.1" 200 96191
217.182.175.146 - - [02/Oct/2024:02:19:47 +0200] "GET /ticket2/opencms/fi/buy/?page=1&edid=D6A1B130-9B06-3599-EB71-2853514A277E&sortorder=asc&column=price HTTP/1.1" 200 98625
95.217.109.26 - - [02/Oct/2024:02:19:48 +0200] "GET /ticket2/opencms/dk/buy/?page=1&edid=D017627D-6895-48D5-7AF6-3326E738EE9B&sortorder=desc&column=price HTTP/1.1" 200 96179
95.217.109.26 - - [02/Oct/2024:02:19:51 +0200] "GET /ticket2/opencms/dk/buy/?page=1&edid=D07DCEFA-35D1-5F34-400B-00D74939FF4F&sortorder=asc&column=price HTTP/1.1" 200 96142
217.182.175.146 - - [02/Oct/2024:02:19:52 +0200] "GET /ticket2/opencms/fi/buy/?page=1&edid=D6A1B130-9B06-3599-EB71-2853514A277E&sortorder=asc&column=section HTTP/1.1" 200 98647
95.217.109.26 - - [02/Oct/2024:02:19:55 +0200] "GET /ticket2/opencms/dk/buy/?page=1&edid=D1B6D814-A677-3D90-03BA-1F7CF35352A4&sortorder=desc&column=row HTTP/1.1" 200 97014
217.182.175.146 - - [02/Oct/2024:02:19:58 +0200] "GET /ticket2/opencms/fi/buy/?page=1&edid=D6E70B72-39E0-1850-AB2F-AE94BBCCC29C&sortorder=asc&column=row HTTP/1.1" 200 98569
95.217.109.26 - - [02/Oct/2024:02:19:58 +0200] "GET /ticket2/opencms/dk/buy/?page=1&edid=D244D98C-A955-FD66-B94B-A61EAC22C3B6&sortorder=asc&column=row HTTP/1.1" 200 96694
95.217.109.26 - - [02/Oct/2024:02:20:02 +0200] "GET /ticket2/opencms/dk/buy/?page=1&edid=D6A1B130-9B06-3599-EB71-2853514A277E&sortorder=desc&column=price HTTP/1.1" 200 97333
217.182.175.146 - - [02/Oct/2024:02:20:02 +0200] "GET /ticket2/opencms/fi/buy/?page=1&edid=D6E70B72-39E0-1850-AB2F-AE94BBCCC29C&sortorder=asc&column=section HTTP/1.1" 200 98613
95.217.109.26 - - [02/Oct/2024:02:20:06 +0200] "GET /ticket2/opencms/dk/buy/?page=1&edid=D6A1B130-9B06-3599-EB71-2853514A277E&sortorder=desc&column=section HTTP/1.1" 200 97355
217.182.175.146 - - [02/Oct/2024:02:20:07 +0200] "GET /ticket2/opencms/fi/buy?page=1&edid=517A50ED-F64F-1CFB-FDC1-54D2A7704E06 HTTP/1.1" 200 98766
95.217.109.26 - - [02/Oct/2024:02:20:09 +0200] "GET /ticket2/opencms/dk/buy/?page=1&edid=D720E039-4A9E-CF3F-A8B6-CE592EC53EAE&sortorder=asc&column=row HTTP/1.1" 200 97249
95.217.109.26 - - [02/Oct/2024:02:20:13 +0200] "GET /ticket2/opencms/dk/buy/?page=1&edid=D720E039-4A9E-CF3F-A8B6-CE592EC53EAE&sortorder=asc&column=section HTTP/1.1" 200 97293
217.182.175.146 - - [02/Oct/2024:02:20:13 +0200] "GET /ticket2/opencms/fi/buy?page=1&edid=61AE6F92-4A88-67E8-9BF8-46C7B62812CA HTTP/1.1" 200 98771
95.217.109.26 - - [02/Oct/2024:02:20:17 +0200] "GET /ticket2/opencms/dk/buy/?page=1&edid=D720E039-4A9E-CF3F-A8B6-CE592EC53EAE&sortorder=desc&column=price HTTP/1.1" 200 97281
217.182.175.146 - - [02/Oct/2024:02:20:17 +0200] "GET /ticket2/opencms/fi/buy?page=1&edid=CD3AD857-8EEC-6EA5-99A5-A50D6E3B925C HTTP/1.1" 200 98262
95.217.109.26 - - [02/Oct/2024:02:20:21 +0200] "GET /ticket2/opencms/dk/buy/?page=1&edid=D737459F-8C33-1A07-DB7F-17A3C6E8F82A&sortorder=asc&column=price HTTP/1.1" 200 96817
217.182.175.146 - - [02/Oct/2024:02:20:22 +0200] "GET /ticket2/opencms/fi/buy?page=1&edid=CE0B593F-3DF0-F36A-2174-A3ADEF4E9AE6 HTTP/1.1" 200 98767
17.241.75.205 - - [02/Oct/2024:02:20:24 +0200] "GET /ticket2/opencms/sv/buy/?page=1&edid=8A7F2D0F-A0C7-448E-CAFB-AF8511FF9BF8 HTTP/1.1" 200 94530
95.217.109.26 - - [02/Oct/2024:02:20:25 +0200] "GET /ticket2/opencms/dk/buy/?page=1&edid=D737459F-8C33-1A07-DB7F-17A3C6E8F82A&sortorder=desc&column=price HTTP/1.1" 200 96827
217.182.175.146 - - [02/Oct/2024:02:20:27 +0200] "GET /ticket2/opencms/fi/buy?page=1&edid=F86DC6C7-BB6C-B6B3-BE8B-026623A0DCBE HTTP/1.1" 200 98757
95.217.109.26 - - [02/Oct/2024:02:20:28 +0200] "GET /ticket2/opencms/dk/buy/?page=1&edid=D995694D-350B-F222-F2E2-1BFF2A2E395F&sortorder=asc&column=row HTTP/1.1" 200 96115
217.182.175.146 - - [02/Oct/2024:02:20:29 +0200] "GET /ticket2/opencms/no/buy/?page=1&edid=038E9D5D-F853-3E62-678F-9F575C0DA65A&sortorder=desc&column=row HTTP/1.1" 200 98528
95.217.109.26 - - [02/Oct/2024:02:20:32 +0200] "GET /ticket2/opencms/dk/buy/?page=1&edid=D9F3D901-EF0D-5550-64E0-AAA42CF6945A HTTP/1.1" 200 96272
217.182.175.146 - - [02/Oct/2024:02:20:33 +0200] "GET /ticket2/opencms/no/buy/?page=1&edid=038E9D5D-F853-3E62-678F-9F575C0DA65A&sortorder=desc&column=section HTTP/1.1" 200 98572
95.217.109.26 - - [02/Oct/2024:02:20:35 +0200] "GET /ticket2/opencms/dk/buy/?page=1&edid=DA544182-AA79-F548-64ED-2C067A356729&sortorder=desc&column=price HTTP/1.1" 200 97034
217.182.175.146 - - [02/Oct/2024:02:20:38 +0200] "GET /ticket2/opencms/no/buy/?page=1&edid=0C5C9043-4446-42CC-4F8E-C746AC0B1F53&sortorder=asc&column=price HTTP/1.1" 200 98541
95.217.109.26 - - [02/Oct/2024:02:20:39 +0200] "GET /ticket2/opencms/dk/buy/?page=1&edid=DA544182-AA79-F548-64ED-2C067A356729&sortorder=desc&column=section HTTP/1.1" 200 97056
95.217.109.26 - - [02/Oct/2024:02:20:42 +0200] "GET /ticket2/opencms/dk/buy/?page=1&edid=DA9C4A89-BD59-5860-6E54-5F7B1109ABBF HTTP/1.1" 200 96703
114.119.141.34 - - [02/Oct/2024:02:20:43 +0200] "GET /ticket2/opencms/en/buy?page=1&edid=8C5232A8-5B57-EB22-F406-EF5469CA653B HTTP/1.1" 200 95426
125.212.221.59 - - [02/Oct/2024:02:20:43 +0200] "GET /ticket2/opencms/wp-login.php HTTP/1.1" 404 -
217.182.175.146 - - [02/Oct/2024:02:20:44 +0200] "GET /ticket2/opencms/no/buy/?page=1&edid=0C5C9043-4446-42CC-4F8E-C746AC0B1F53&sortorder=asc&column=row HTTP/1.1" 200 98519
95.217.109.26 - - [02/Oct/2024:02:20:46 +0200] "GET /ticket2/opencms/dk/buy/?page=1&edid=DA9C4A89-BD59-5860-6E54-5F7B1109ABBF&sortorder=desc&column=row HTTP/1.1" 200 97024
66.249.66.67 - - [02/Oct/2024:02:20:48 +0200] "GET /ticket2/opencms/sv/buy/?page=1&edid=46A0A34E-8D3F-1FC3-D540-5ED6BED24380 HTTP/1.1" 200 94525
217.182.175.146 - - [02/Oct/2024:02:20:49 +0200] "GET /ticket2/opencms/no/buy/?page=1&edid=0C5C9043-4446-42CC-4F8E-C746AC0B1F53&sortorder=desc&column=price HTTP/1.1" 200 98551
95.217.109.26 - - [02/Oct/2024:02:20:49 +0200] "GET /ticket2/opencms/dk/buy/?page=1&edid=DC17638A-A464-04D3-43D9-DBC50F531118 HTTP/1.1" 200 96272
217.182.175.146 - - [02/Oct/2024:02:20:51 +0200] "GET /ticket2/opencms/no/buy/?page=1&edid=0C5C9043-4446-42CC-4F8E-C746AC0B1F53&sortorder=desc&column=row HTTP/1.1" 200 98529
95.217.109.26 - - [02/Oct/2024:02:20:53 +0200] "GET /ticket2/opencms/dk/buy/?page=1&edid=DC7DFF93-94C2-6C63-4640-F8E824EF374F HTTP/1.1" 200 95814
217.182.175.146 - - [02/Oct/2024:02:20:56 +0200] "GET /ticket2/opencms/no/buy/?page=1&edid=23462A4C-8725-82B5-7A63-462FC0C8A36E&sortorder=desc&column=section HTTP/1.1" 200 98574
95.217.109.26 - - [02/Oct/2024:02:20:57 +0200] "GET /ticket2/opencms/dk/buy/?page=1&edid=DD7009E0-BEDD-5FDF-FBEC-9803C9276491&sortorder=desc&column=price HTTP/1.1" 200 97786
217.182.175.146 - - [02/Oct/2024:02:20:58 +0200] "GET /ticket2/opencms/no/buy/?page=1&edid=4F10F0FD-0073-B564-973B-CB2F36E999C3&sortorder=asc&column=price HTTP/1.1" 200 98541
95.217.109.26 - - [02/Oct/2024:02:21:00 +0200] "GET /ticket2/opencms/dk/buy/?page=1&edid=DD7009E0-BEDD-5FDF-FBEC-9803C9276491&sortorder=desc&column=row HTTP/1.1" 200 97764
217.182.175.146 - - [02/Oct/2024:02:21:03 +0200] "GET /ticket2/opencms/no/buy/?page=1&edid=4F10F0FD-0073-B564-973B-CB2F36E999C3&sortorder=asc&column=row HTTP/1.1" 200 98519
95.217.109.26 - - [02/Oct/2024:02:21:04 +0200] "GET /ticket2/opencms/dk/buy/?page=1&edid=DD7009E0-BEDD-5FDF-FBEC-9803C9276491&sortorder=desc&column=section HTTP/1.1" 200 97808
66.249.66.78 - - [02/Oct/2024:02:21:05 +0200] "GET /ticket2/opencms/fi/buy/?page=1&edid=72D44309-5F0D-DDAA-4152-51321DBF919E HTTP/1.1" 200 94840
95.217.109.26 - - [02/Oct/2024:02:21:07 +0200] "GET /ticket2/opencms/dk/buy/?page=1&edid=DEB3E546-7518-41EE-6D12-41AB6F5C89B6&sortorder=desc&column=row HTTP/1.1" 200 97233
217.182.175.146 - - [02/Oct/2024:02:21:08 +0200] "GET /ticket2/opencms/no/buy/?page=1&edid=4F10F0FD-0073-B564-973B-CB2F36E999C3&sortorder=desc&column=price HTTP/1.1" 200 98551
95.217.109.26 - - [02/Oct/2024:02:21:11 +0200] "GET /ticket2/opencms/dk/buy/?page=1&edid=DEB3E546-7518-41EE-6D12-41AB6F5C89B6&sortorder=desc&column=section HTTP/1.1" 200 97277
114.119.136.30 - - [02/Oct/2024:02:21:11 +0200] "GET /ticket2/opencms/en/sell/?edid=3FE24E23-CC4D-47B3-346A-43A35A2F820B HTTP/1.1" 302 -
217.182.175.146 - - [02/Oct/2024:02:21:12 +0200] "GET /ticket2/opencms/no/buy/?page=1&edid=4F10F0FD-0073-B564-973B-CB2F36E999C3&sortorder=desc&column=row HTTP/1.1" 200 98529
95.217.109.26 - - [02/Oct/2024:02:21:14 +0200] "GET /ticket2/opencms/dk/buy/?page=1&edid=DEBB69BB-3BAB-F0BE-B5F2-8B7120D1A9CB&sortorder=desc&column=row HTTP/1.1" 200 97032
114.119.136.30 - - [02/Oct/2024:02:21:15 +0200] "GET /ticket2/opencms/en/login/?url=/en/sell/ HTTP/1.1" 200 77267
217.182.175.146 - - [02/Oct/2024:02:21:17 +0200] "GET /ticket2/opencms/no/buy/?page=1&edid=50F18BFF-700E-1E6F-C17F-C358E206F903&sortorder=asc&column=section HTTP/1.1" 200 98560
95.217.109.26 - - [02/Oct/2024:02:21:18 +0200] "GET /ticket2/opencms/dk/buy/?page=1&edid=DEDD4EB7-1358-2E27-5CFE-6E94FA76853A HTTP/1.1" 200 95808
217.182.175.146 - - [02/Oct/2024:02:21:20 +0200] "GET /ticket2/opencms/no/buy/?page=1&edid=50F18BFF-700E-1E6F-C17F-C358E206F903&sortorder=desc&column=price HTTP/1.1" 200 98548
95.217.109.26 - - [02/Oct/2024:02:21:21 +0200] "GET /ticket2/opencms/dk/buy/?page=1&edid=DEDD4EB7-1358-2E27-5CFE-6E94FA76853A&sortorder=desc&column=price HTTP/1.1" 200 96151
54.36.148.32 - - [02/Oct/2024:02:21:23 +0200] "GET /ticket2/opencms/sv/buy/?page=1&edid=BC0AB75F-F797-17F4-56BF-F25A545F0C05 HTTP/1.1" 200 96813
217.182.175.146 - - [02/Oct/2024:02:21:24 +0200] "GET /ticket2/opencms/no/buy/?page=1&edid=50F18BFF-700E-1E6F-C17F-C358E206F903&sortorder=desc&column=row HTTP/1.1" 200 98526
95.217.109.26 - - [02/Oct/2024:02:21:26 +0200] "GET /ticket2/opencms/dk/buy/?page=1&edid=DEDD4EB7-1358-2E27-5CFE-6E94FA76853A&sortorder=desc&column=section HTTP/1.1" 200 96173
217.182.175.146 - - [02/Oct/2024:02:21:28 +0200] "GET /ticket2/opencms/no/buy/?page=1&edid=616E0307-EF5A-C0BC-E2E4-858595D5400D&sortorder=desc&column=section HTTP/1.1" 200 98581
95.217.109.26 - - [02/Oct/2024:02:21:29 +0200] "GET /ticket2/opencms/dk/buy/?page=1&edid=DF132CC2-4583-1EC2-73A2-47B5B5DFC738&sortorder=desc&column=row HTTP/1.1" 200 97739
95.217.109.26 - - [02/Oct/2024:02:21:32 +0200] "GET /ticket2/opencms/dk/buy/?page=1&edid=DF132CC2-4583-1EC2-73A2-47B5B5DFC738&sortorder=desc&column=section HTTP/1.1" 200 97783
217.182.175.146 - - [02/Oct/2024:02:21:33 +0200] "GET /ticket2/opencms/no/buy/?page=1&edid=74131A78-3ACC-99E6-1155-5093F043A0B8&sortorder=asc&column=price HTTP/1.1" 200 98531
95.217.109.26 - - [02/Oct/2024:02:21:36 +0200] "GET /ticket2/opencms/dk/buy/?page=1&edid=E0560393-3715-BCDC-01DB-915C46DDC71D HTTP/1.1" 200 97424
217.182.175.146 - - [02/Oct/2024:02:21:37 +0200] "GET /ticket2/opencms/no/buy/?page=1&edid=74C0EB6F-C623-E56C-BF84-0930C3C6CCAE&sortorder=asc&column=price HTTP/1.1" 200 98536
95.217.109.26 - - [02/Oct/2024:02:21:39 +0200] "GET /ticket2/opencms/dk/buy/?page=1&edid=E0B3AE77-20C2-9057-107A-21D0D8F53E49&sortorder=asc&column=section HTTP/1.1" 200 97961
217.182.175.146 - - [02/Oct/2024:02:21:40 +0200] "GET /ticket2/opencms/no/buy/?page=1&edid=74C0EB6F-C623-E56C-BF84-0930C3C6CCAE&sortorder=asc&column=row HTTP/1.1" 200 98514
91.90.143.7 - - [02/Oct/2024:02:21:43 +0200] "GET /ticket2/opencms/ HTTP/1.1" 302 -
95.217.109.26 - - [02/Oct/2024:02:21:43 +0200] "GET /ticket2/opencms/dk/buy/?page=1&edid=E0B4B777-7EB3-2A8E-35EC-2CB7F8614609 HTTP/1.1" 200 96294
217.182.175.146 - - [02/Oct/2024:02:21:43 +0200] "GET /ticket2/opencms/no/buy/?page=1&edid=74C0EB6F-C623-E56C-BF84-0930C3C6CCAE&sortorder=asc&column=section HTTP/1.1" 200 98558
207.46.13.125 - - [02/Oct/2024:02:21:45 +0200] "GET /ticket2/opencms/en/buy/?page=1&edid=938ECB82-2408-02B3-A5B3-53D3737EA4C9 HTTP/1.1" 200 96681
91.90.143.7 - - [02/Oct/2024:02:21:45 +0200] "GET /ticket2/opencms/en/ HTTP/1.1" 200 96442
54.36.148.158 - - [02/Oct/2024:02:21:45 +0200] "GET /ticket2/opencms/de/buy?page=1&edid=9703B4F2-F8EC-4308-4ACF-3E0D3C506430 HTTP/1.1" 200 122102
95.217.109.26 - - [02/Oct/2024:02:21:46 +0200] "GET /ticket2/opencms/dk/buy/?page=1&edid=E0B4B777-7EB3-2A8E-35EC-2CB7F8614609&sortorder=desc&column=price HTTP/1.1" 200 96637
217.182.175.146 - - [02/Oct/2024:02:21:49 +0200] "GET /ticket2/opencms/no/buy/?page=1&edid=74C0EB6F-C623-E56C-BF84-0930C3C6CCAE&sortorder=desc&column=price HTTP/1.1" 200 98546
95.217.109.26 - - [02/Oct/2024:02:21:50 +0200] "GET /ticket2/opencms/dk/buy/?page=1&edid=E0B4B777-7EB3-2A8E-35EC-2CB7F8614609&sortorder=desc&column=row HTTP/1.1" 200 96615
217.182.175.146 - - [02/Oct/2024:02:21:53 +0200] "GET /ticket2/opencms/no/buy/?page=1&edid=74C0EB6F-C623-E56C-BF84-0930C3C6CCAE&sortorder=desc&column=row HTTP/1.1" 200 98524
95.217.109.26 - - [02/Oct/2024:02:21:54 +0200] "GET /ticket2/opencms/dk/buy/?page=1&edid=E0B4B777-7EB3-2A8E-35EC-2CB7F8614609&sortorder=desc&column=section HTTP/1.1" 200 96659
47.128.124.134 - - [02/Oct/2024:02:21:56 +0200] "GET /ticket2/opencms/fr/buy/?edid=ACE9CA7D-7806-FEA9-5C42-376512A5CAAD HTTP/1.1" 200 77979
217.182.175.146 - - [02/Oct/2024:02:21:56 +0200] "GET /ticket2/opencms/no/buy/?page=1&edid=7B81DA8C-BC62-30BF-75BA-614CF7ADBC43 HTTP/1.1" 200 97449
95.217.109.26 - - [02/Oct/2024:02:21:58 +0200] "GET /ticket2/opencms/dk/buy/?page=1&edid=E1B0D8A0-D6A6-F1B8-598E-C8ECA85414D0 HTTP/1.1" 200 97365
217.182.175.146 - - [02/Oct/2024:02:21:59 +0200] "GET /ticket2/opencms/no/buy/?page=1&edid=810B6533-981A-01A9-9FFA-4E176258122F HTTP/1.1" 200 97454
119.13.103.164 - - [02/Oct/2024:02:22:00 +0200] "GET /ticket2/opencms/en/buy/?page=1&edid=10597F35-2AC7-31D2-FB61-15A36BB6D73B HTTP/1.1" 200 120692
95.217.109.26 - - [02/Oct/2024:02:22:01 +0200] "GET /ticket2/opencms/dk/buy/?page=1&edid=E1B0D8A0-D6A6-F1B8-598E-C8ECA85414D0&sortorder=desc&column=price HTTP/1.1" 200 97708
95.217.109.26 - - [02/Oct/2024:02:22:05 +0200] "GET /ticket2/opencms/dk/buy/?page=1&edid=E1B0D8A0-D6A6-F1B8-598E-C8ECA85414D0&sortorder=desc&column=row HTTP/1.1" 200 97686
217.182.175.146 - - [02/Oct/2024:02:22:05 +0200] "GET /ticket2/opencms/no/buy/?page=1&edid=81745FE2-9A1E-49D6-238C-0D5CD43E46FD HTTP/1.1" 200 94363
95.217.109.26 - - [02/Oct/2024:02:22:08 +0200] "GET /ticket2/opencms/dk/buy/?page=1&edid=E1B0D8A0-D6A6-F1B8-598E-C8ECA85414D0&sortorder=desc&column=section HTTP/1.1" 200 97730
47.128.111.159 - - [02/Oct/2024:02:22:08 +0200] "GET /ticket2/opencms/sv/buy/?catid=D8B345C9-F7A5-E620-4B43-C34EB0D6885B&comcatid=A17713B6-D984-201A-4143-ED4DB5ED5C2E&eventid=2A33B146-61D4-9234-966A-699DDE62E68F&page=6 HTTP/1.1" 200 92725
217.182.175.146 - - [02/Oct/2024:02:22:09 +0200] "GET /ticket2/opencms/no/buy/?page=1&edid=82E5C37F-CC9B-4569-1B88-1DB63DDA58A5 HTTP/1.1" 200 97746
95.217.109.26 - - [02/Oct/2024:02:22:12 +0200] "GET /ticket2/opencms/dk/buy/?page=1&edid=E2BA566F-7943-8BEC-96B9-9CC0C50C3F94&sortorder=desc&column=row HTTP/1.1" 200 97762
54.36.148.253 - - [02/Oct/2024:02:22:12 +0200] "GET /ticket2/opencms/en/venue/?venueid=A18E6B9F-ABE7-577B-3CDD-CFF0ABF1460E HTTP/1.1" 200 75174
217.182.175.146 - - [02/Oct/2024:02:22:13 +0200] "GET /ticket2/opencms/no/buy/?page=1&edid=82E5C37F-CC9B-4569-1B88-1DB63DDA58A5&sortorder=desc&column=price HTTP/1.1" 200 98089
95.217.109.26 - - [02/Oct/2024:02:22:16 +0200] "GET /ticket2/opencms/dk/buy/?page=1&edid=E2BA566F-7943-8BEC-96B9-9CC0C50C3F94&sortorder=desc&column=section HTTP/1.1" 200 97806
217.182.175.146 - - [02/Oct/2024:02:22:17 +0200] "GET /ticket2/opencms/no/buy/?page=1&edid=82E5C37F-CC9B-4569-1B88-1DB63DDA58A5&sortorder=desc&column=row HTTP/1.1" 200 98067
95.217.109.26 - - [02/Oct/2024:02:22:20 +0200] "GET /ticket2/opencms/dk/buy/?page=1&edid=E45E8CAC-C9E1-5B17-FCDC-FD9DFD7F01BC HTTP/1.1" 200 96293
217.182.175.146 - - [02/Oct/2024:02:22:21 +0200] "GET /ticket2/opencms/no/buy/?page=1&edid=82E5C37F-CC9B-4569-1B88-1DB63DDA58A5&sortorder=desc&column=section HTTP/1.1" 200 98111
95.217.109.26 - - [02/Oct/2024:02:22:23 +0200] "GET /ticket2/opencms/dk/buy/?page=1&edid=E59A37DC-C4D5-8789-4A59-E1C7D847EADE HTTP/1.1" 200 96296
217.182.175.146 - - [02/Oct/2024:02:22:25 +0200] "GET /ticket2/opencms/no/buy/?page=1&edid=84E60CC0-07DC-E0F0-0E9B-E329E5C69FB8 HTTP/1.1" 200 97057
66.249.66.198 - - [02/Oct/2024:02:22:26 +0200] "GET /ticket2/opencms/dk/selling_tickets/ HTTP/1.1" 200 76116
95.217.109.26 - - [02/Oct/2024:02:22:26 +0200] "GET /ticket2/opencms/dk/buy/?page=1&edid=E59A37DC-C4D5-8789-4A59-E1C7D847EADE&sortorder=asc&column=row HTTP/1.1" 200 96607
52.167.144.145 - - [02/Oct/2024:02:22:27 +0200] "GET /ticket2/opencms/sv/sport/fotbollsbiljetter/premier_league/west_ham_united/ HTTP/1.1" 200 88353
217.182.175.146 - - [02/Oct/2024:02:22:28 +0200] "GET /ticket2/opencms/no/buy/?page=1&edid=87A2E0C8-FB06-9F72-D01C-6586D722A374 HTTP/1.1" 200 97445
95.217.109.26 - - [02/Oct/2024:02:22:30 +0200] "GET /ticket2/opencms/dk/buy/?page=1&edid=E616C922-D35B-E8A3-7710-EAD27B127A97&sortorder=desc&column=section HTTP/1.1" 200 97825
217.182.175.146 - - [02/Oct/2024:02:22:33 +0200] "GET /ticket2/opencms/no/buy/?page=1&edid=87A2E0C8-FB06-9F72-D01C-6586D722A374&sortorder=desc&column=price HTTP/1.1" 200 97788
95.217.109.26 - - [02/Oct/2024:02:22:33 +0200] "GET /ticket2/opencms/dk/buy/?page=1&edid=E7560AB3-0BA2-E806-DEFE-5D8CC4C6CAA3&sortorder=asc&column=price HTTP/1.1" 200 97268
54.36.149.58 - - [02/Oct/2024:02:22:34 +0200] "GET /ticket2/opencms/dk/venue/?venueid=6DAF98CB-316C-E77B-9468-88A71EEBC830 HTTP/1.1" 200 75641
217.182.175.146 - - [02/Oct/2024:02:22:36 +0200] "GET /ticket2/opencms/no/buy/?page=1&edid=87A2E0C8-FB06-9F72-D01C-6586D722A374&sortorder=desc&column=row HTTP/1.1" 200 97766
95.217.109.26 - - [02/Oct/2024:02:22:37 +0200] "GET /ticket2/opencms/dk/buy/?page=1&edid=E7560AB3-0BA2-E806-DEFE-5D8CC4C6CAA3&sortorder=asc&column=row HTTP/1.1" 200 97246
52.167.144.145 - - [02/Oct/2024:02:22:39 +0200] "GET /ticket2/opencms/nl/buy/?page=1&edid=88EDF4A9-5E03-F703-C548-F2017B42179F HTTP/1.1" 200 97917
217.182.175.146 - - [02/Oct/2024:02:22:40 +0200] "GET /ticket2/opencms/no/buy/?page=1&edid=87A2E0C8-FB06-9F72-D01C-6586D722A374&sortorder=desc&column=section HTTP/1.1" 200 97810
95.217.109.26 - - [02/Oct/2024:02:22:41 +0200] "GET /ticket2/opencms/dk/buy/?page=1&edid=E7560AB3-0BA2-E806-DEFE-5D8CC4C6CAA3&sortorder=asc&column=section HTTP/1.1" 200 97290
95.217.109.26 - - [02/Oct/2024:02:22:44 +0200] "GET /ticket2/opencms/dk/buy/?page=1&edid=E7560AB3-0BA2-E806-DEFE-5D8CC4C6CAA3&sortorder=desc&column=price HTTP/1.1" 200 97278
217.182.175.146 - - [02/Oct/2024:02:22:44 +0200] "GET /ticket2/opencms/no/buy/?page=1&edid=88846CDD-90BD-3C14-8B7F-E56B7CEB33C4 HTTP/1.1" 200 97746
217.182.175.146 - - [02/Oct/2024:02:22:48 +0200] "GET /ticket2/opencms/no/buy/?page=1&edid=88846CDD-90BD-3C14-8B7F-E56B7CEB33C4&sortorder=desc&column=price HTTP/1.1" 200 98089
95.217.109.26 - - [02/Oct/2024:02:22:48 +0200] "GET /ticket2/opencms/dk/buy/?page=1&edid=E7560AB3-0BA2-E806-DEFE-5D8CC4C6CAA3&sortorder=desc&column=row HTTP/1.1" 200 97256
217.182.175.146 - - [02/Oct/2024:02:22:50 +0200] "GET /ticket2/opencms/no/buy/?page=1&edid=94E69B18-0F80-7FE4-39B6-9D83769C26BD&sortorder=asc&column=price HTTP/1.1" 200 98539
95.217.109.26 - - [02/Oct/2024:02:22:52 +0200] "GET /ticket2/opencms/dk/buy/?page=1&edid=E7C2827B-AB04-D914-A6A6-2F87797DD7EE HTTP/1.1" 200 96298
95.217.109.26 - - [02/Oct/2024:02:22:55 +0200] "GET /ticket2/opencms/dk/buy/?page=1&edid=E9E2EF64-D379-DD67-D513-D0AD1E29ED2D&sortorder=desc&column=row HTTP/1.1" 200 97134
217.182.175.146 - - [02/Oct/2024:02:22:56 +0200] "GET /ticket2/opencms/no/buy/?page=1&edid=94E69B18-0F80-7FE4-39B6-9D83769C26BD&sortorder=asc&column=section HTTP/1.1" 200 98561
95.217.109.26 - - [02/Oct/2024:02:22:59 +0200] "GET /ticket2/opencms/dk/buy/?page=1&edid=E9E2EF64-D379-DD67-D513-D0AD1E29ED2D&sortorder=desc&column=section HTTP/1.1" 200 97178
47.128.47.25 - - [02/Oct/2024:02:23:00 +0200] "GET /ticket2/opencms/no/buy/?catid=D8B345C9-F7A5-E620-4B43-C34EB0D6885B&comcatid=A17713B6-D984-201A-4143-ED4DB5ED5C2E&page=7 HTTP/1.1" 200 249098
217.182.175.146 - - [02/Oct/2024:02:23:01 +0200] "GET /ticket2/opencms/no/buy/?page=1&edid=9A05EF4D-4376-E584-2657-07D966D7B743 HTTP/1.1" 200 97448
114.119.138.214 - - [02/Oct/2024:02:23:02 +0200] "GET /ticket2/opencms/en/sell/?edid=7B64FDD7-1A7C-DFA0-9FD2-325C6BB97A63 HTTP/1.1" 302 -
54.36.148.105 - - [02/Oct/2024:02:23:02 +0200] "GET /ticket2/opencms/en/sport/football-tickets/premier_league/brighton/ HTTP/1.1" 200 86214
95.217.109.26 - - [02/Oct/2024:02:23:02 +0200] "GET /ticket2/opencms/dk/buy/?page=1&edid=EA94D3D4-FFFA-F63F-1970-2CE5FF8D4442&sortorder=desc&column=price HTTP/1.1" 200 97708
54.36.148.225 - - [02/Oct/2024:02:23:04 +0200] "GET /ticket2/opencms/fi/venue/?venueid=58271F11-7BB1-711A-F32D-E763F26DC1E9 HTTP/1.1" 200 76733
217.182.175.146 - - [02/Oct/2024:02:23:04 +0200] "GET /ticket2/opencms/no/buy/?page=1&edid=9A05EF4D-4376-E584-2657-07D966D7B743&sortorder=desc&column=price HTTP/1.1" 200 97791
114.119.138.214 - - [02/Oct/2024:02:23:05 +0200] "GET /ticket2/opencms/en/login/?url=/en/sell/ HTTP/1.1" 200 77267
95.217.109.26 - - [02/Oct/2024:02:23:06 +0200] "GET /ticket2/opencms/dk/buy/?page=1&edid=EA94D3D4-FFFA-F63F-1970-2CE5FF8D4442&sortorder=desc&column=row HTTP/1.1" 200 97686
217.182.175.146 - - [02/Oct/2024:02:23:09 +0200] "GET /ticket2/opencms/no/buy/?page=1&edid=9A05EF4D-4376-E584-2657-07D966D7B743&sortorder=desc&column=section HTTP/1.1" 200 97813
95.217.109.26 - - [02/Oct/2024:02:23:10 +0200] "GET /ticket2/opencms/dk/buy/?page=1&edid=EBF0F3D2-0899-5044-6E4B-7CEB8830B7C7&sortorder=desc&column=row HTTP/1.1" 200 97256
95.217.109.26 - - [02/Oct/2024:02:23:13 +0200] "GET /ticket2/opencms/dk/buy/?page=1&edid=F1DD8898-1801-2CC1-0B71-AE1004098ADC&sortorder=desc&column=price HTTP/1.1" 200 97255
