217.182.175.146 - - [02/Oct/2024:02:23:15 +0200] "GET /ticket2/opencms/no/buy/?page=1&edid=9AD4B11B-4601-F5E9-C96F-7BECC055632D&sortorder=asc&column=price HTTP/1.1" 200 98549
95.217.109.26 - - [02/Oct/2024:02:23:17 +0200] "GET /ticket2/opencms/dk/buy/?page=1&edid=F304E181-E936-71FB-E213-CFCB44032C9B&sortorder=desc&column=row HTTP/1.1" 200 96621
217.182.175.146 - - [02/Oct/2024:02:23:17 +0200] "GET /ticket2/opencms/no/buy/?page=1&edid=9F75CAFF-859B-AF24-5E2C-871DFD0095F5&sortorder=asc&column=price HTTP/1.1" 200 98531
95.217.109.26 - - [02/Oct/2024:02:23:20 +0200] "GET /ticket2/opencms/dk/buy/?page=1&edid=F304E181-E936-71FB-E213-CFCB44032C9B&sortorder=desc&column=section HTTP/1.1" 200 96665
217.182.175.146 - - [02/Oct/2024:02:23:21 +0200] "GET /ticket2/opencms/no/buy/?page=1&edid=A5392617-A8A6-5394-B72C-AA82A5C556B3&sortorder=desc&column=section HTTP/1.1" 200 97812
95.217.109.26 - - [02/Oct/2024:02:23:24 +0200] "GET /ticket2/opencms/dk/buy/?page=1&edid=F4167223-BE9D-8076-FAEB-44CE8CD5CEB9&sortorder=desc&column=price HTTP/1.1" 200 97263
217.182.175.146 - - [02/Oct/2024:02:23:24 +0200] "GET /ticket2/opencms/no/buy/?page=1&edid=A858554C-F78F-7E97-68A1-73B374CB569E HTTP/1.1" 200 97748
217.182.175.146 - - [02/Oct/2024:02:23:27 +0200] "GET /ticket2/opencms/no/buy/?page=1&edid=ABC4721A-B6F2-670A-2EEB-D6F5D16C69F5 HTTP/1.1" 200 98123
95.217.109.26 - - [02/Oct/2024:02:23:28 +0200] "GET /ticket2/opencms/dk/buy/?page=1&edid=F47DF802-2646-14FD-FC5A-796CF117DF06 HTTP/1.1" 200 95831
95.217.109.26 - - [02/Oct/2024:02:23:31 +0200] "GET /ticket2/opencms/dk/buy/?page=1&edid=F47DF802-2646-14FD-FC5A-796CF117DF06&sortorder=asc&column=price HTTP/1.1" 200 96164
217.182.175.146 - - [02/Oct/2024:02:23:32 +0200] "GET /ticket2/opencms/no/buy/?page=1&edid=ABD71631-87BB-6A7C-FC5E-66817F361F35 HTTP/1.1" 200 97051
37.123.143.202 - - [02/Oct/2024:02:23:33 +0200] "GET /ticket2/opencms/system/workplace/views/top_foot.jsp?wpFrame=foot HTTP/1.1" 200 1211
37.123.143.202 - - [02/Oct/2024:02:23:33 +0200] "GET /ticket2/opencms/system/workplace/commons/style/workplace.css HTTP/1.1" 200 14209
95.217.109.26 - - [02/Oct/2024:02:23:35 +0200] "GET /ticket2/opencms/dk/buy/?page=1&edid=F47DF802-2646-14FD-FC5A-796CF117DF06&sortorder=asc&column=section HTTP/1.1" 200 96186
217.182.175.146 - - [02/Oct/2024:02:23:35 +0200] "GET /ticket2/opencms/no/buy/?page=1&edid=ABE82418-6D71-12C5-8A2D-1433A0ADE28D&sortorder=desc&column=price HTTP/1.1" 200 97397
95.217.109.26 - - [02/Oct/2024:02:23:38 +0200] "GET /ticket2/opencms/dk/buy/?page=1&edid=F488B6B7-F65E-2A9C-F46B-E6910C7895D3&sortorder=asc&column=row HTTP/1.1" 200 96142
217.182.175.146 - - [02/Oct/2024:02:23:39 +0200] "GET /ticket2/opencms/no/buy/?page=1&edid=AEE686B1-0F06-BE3A-CE07-98C2BAFB7F71 HTTP/1.1" 200 98344
20.171.206.217 - - [02/Oct/2024:02:23:40 +0200] "GET /ticket2/opencms/system/modules/com.gridnine.opencms.ticketbrokerage.site/resources/js/jquery.placeholder.min.js HTTP/1.1" 200 1737
95.217.109.26 - - [02/Oct/2024:02:23:41 +0200] "GET /ticket2/opencms/dk/buy/?page=1&edid=F610F982-3B1A-38D1-B7C4-D27C3E0CB131&sortorder=desc&column=row HTTP/1.1" 200 97265
217.182.175.146 - - [02/Oct/2024:02:23:43 +0200] "GET /ticket2/opencms/no/buy/?page=1&edid=AF10138E-A60F-F322-730E-45CBD84A9C2C HTTP/1.1" 200 97743
95.217.109.26 - - [02/Oct/2024:02:23:45 +0200] "GET /ticket2/opencms/dk/buy/?page=1&edid=FD6F3B4B-A5BC-5248-5E75-2F9B37E37FBE&sortorder=asc&column=section HTTP/1.1" 200 97762
114.119.135.251 - - [02/Oct/2024:02:23:46 +0200] "GET /ticket2/opencms/en/buy?page=1&edid=3A859F06-C6D0-A313-D2B4-5A7B6E9C035F HTTP/1.1" 200 97133
217.182.175.146 - - [02/Oct/2024:02:23:47 +0200] "GET /ticket2/opencms/no/buy/?page=1&edid=AF10138E-A60F-F322-730E-45CBD84A9C2C&sortorder=desc&column=price HTTP/1.1" 200 98086
66.249.76.197 - - [02/Oct/2024:02:23:48 +0200] "GET /ticket2/opencms/fi/buy/?page=1&edid=4E121EC7-87EA-ACE7-3E61-53A747B52A04 HTTP/1.1" 200 94856
95.217.109.26 - - [02/Oct/2024:02:23:48 +0200] "GET /ticket2/opencms/dk/buy/?page=6&comcatid=A17713B6-D984-201A-4143-ED4DB5ED5C2E&catid=7EF04817-972D-18B1-F941-DE800D088075&eventid=5B1CC88B-2BA7-8AA5-1109-77947DB3461F HTTP/1.1" 200 91051
217.182.175.146 - - [02/Oct/2024:02:23:50 +0200] "GET /ticket2/opencms/no/buy/?page=1&edid=AF10138E-A60F-F322-730E-45CBD84A9C2C&sortorder=desc&column=row HTTP/1.1" 200 98064
95.217.109.26 - - [02/Oct/2024:02:23:52 +0200] "GET /ticket2/opencms/dk/login/?edid=456ECABC-9BC7-FA80-A302-4E57CB832A9A HTTP/1.1" 200 77797
157.55.39.12 - - [02/Oct/2024:02:23:53 +0200] "GET /ticket2/opencms/en/buy/?page=1&edid=6C0AA1CC-8488-7981-DA23-AD8E06F80ABD HTTP/1.1" 200 119781
217.182.175.146 - - [02/Oct/2024:02:23:55 +0200] "GET /ticket2/opencms/no/buy/?page=1&edid=AF10138E-A60F-F322-730E-45CBD84A9C2C&sortorder=desc&column=section HTTP/1.1" 200 98108
95.217.109.26 - - [02/Oct/2024:02:23:55 +0200] "GET /ticket2/opencms/dk/login/?edid=9CEF6B78-2767-3C87-87CB-84D866000D5A HTTP/1.1" 200 77797
95.217.109.26 - - [02/Oct/2024:02:23:59 +0200] "GET /ticket2/opencms/dk/login/?edid=B2A6CB79-DF6D-7005-7252-128EED759603 HTTP/1.1" 200 77797
217.182.175.146 - - [02/Oct/2024:02:23:59 +0200] "GET /ticket2/opencms/no/buy/?page=1&edid=B1DFC9EC-D2C4-76B2-A8EC-9DB1DA34315C HTTP/1.1" 200 98354
52.167.144.145 - - [02/Oct/2024:02:24:00 +0200] "GET /ticket2/opencms/no/venue/?venueid=8243A401-23BF-39C5-8D76-982AC5019BE4 HTTP/1.1" 200 76412
95.217.109.26 - - [02/Oct/2024:02:24:02 +0200] "GET /ticket2/opencms/dk/login/?edid=78F9FE7E-462A-9AA9-819A-3F5948AD989C HTTP/1.1" 200 77797
52.167.144.186 - - [02/Oct/2024:02:24:03 +0200] "GET /ticket2/opencms/sv/magazine/article?title=nederlanderna-vs-england-i-semifinal HTTP/1.1" 200 82220
217.182.175.146 - - [02/Oct/2024:02:24:04 +0200] "GET /ticket2/opencms/no/buy/?page=1&edid=B2F92221-2B73-EA2C-C166-398C5B5E8EA2 HTTP/1.1" 200 97049
95.217.109.26 - - [02/Oct/2024:02:24:04 +0200] "GET /ticket2/opencms/dk/sell/?edid=456ECABC-9BC7-FA80-A302-4E57CB832A9A HTTP/1.1" 302 -
47.128.35.169 - - [02/Oct/2024:02:24:05 +0200] "GET /ticket2/opencms/sv/buy/?catid=E961462E-5AC2-64D6-5850-A310C9DEAA06&comcatid=A17713B6-D984-201A-4143-ED4DB5ED5C2E&page=6 HTTP/1.1" 200 88909
217.182.175.146 - - [02/Oct/2024:02:24:07 +0200] "GET /ticket2/opencms/no/buy/?page=1&edid=B2F92221-2B73-EA2C-C166-398C5B5E8EA2&sortorder=desc&column=price HTTP/1.1" 200 97392
95.217.109.26 - - [02/Oct/2024:02:24:08 +0200] "GET /ticket2/opencms/dk/login/?edid=456ECABC-9BC7-FA80-A302-4E57CB832A9A HTTP/1.1" 200 77797
95.217.109.26 - - [02/Oct/2024:02:24:10 +0200] "GET /ticket2/opencms/dk/sell/?edid=47BA2EA5-F206-8457-9ADF-8F0301D784AE HTTP/1.1" 302 -
217.182.175.146 - - [02/Oct/2024:02:24:11 +0200] "GET /ticket2/opencms/no/buy/?page=1&edid=B2F92221-2B73-EA2C-C166-398C5B5E8EA2&sortorder=desc&column=row HTTP/1.1" 200 97370
114.119.132.9 - - [02/Oct/2024:02:24:11 +0200] "GET /ticket2/opencms/en/venue/?venueid=C3D39467-A630-2C6E-5B84-720FB12B944B HTTP/1.1" 200 75180
95.217.109.26 - - [02/Oct/2024:02:24:13 +0200] "GET /ticket2/opencms/dk/login/?edid=47BA2EA5-F206-8457-9ADF-8F0301D784AE HTTP/1.1" 200 77797
47.128.42.99 - - [02/Oct/2024:02:24:14 +0200] "GET /ticket2/opencms/fr/buy/?edid=8E10E53D-20CB-D950-05F1-34EA3BA03F55 HTTP/1.1" 200 77979
95.217.109.26 - - [02/Oct/2024:02:24:15 +0200] "GET /ticket2/opencms/dk/sell/?edid=78F9FE7E-462A-9AA9-819A-3F5948AD989C HTTP/1.1" 302 -
217.182.175.146 - - [02/Oct/2024:02:24:15 +0200] "GET /ticket2/opencms/no/buy/?page=1&edid=B2F92221-2B73-EA2C-C166-398C5B5E8EA2&sortorder=desc&column=section HTTP/1.1" 200 97414
95.217.109.26 - - [02/Oct/2024:02:24:18 +0200] "GET /ticket2/opencms/dk/login/?edid=78F9FE7E-462A-9AA9-819A-3F5948AD989C HTTP/1.1" 200 77797
95.217.109.26 - - [02/Oct/2024:02:24:20 +0200] "GET /ticket2/opencms/dk/sell/?edid=85A46D4A-3BBA-FABF-1612-5AD8302CC5AE HTTP/1.1" 302 -
217.182.175.146 - - [02/Oct/2024:02:24:21 +0200] "GET /ticket2/opencms/no/buy/?page=1&edid=B4FD3B53-8032-0E58-F439-012FAD8AA274 HTTP/1.1" 200 97047
20.171.206.217 - - [02/Oct/2024:02:24:23 +0200] "GET /ticket2/opencms/nl/faq HTTP/1.1" 200 79783
95.217.109.26 - - [02/Oct/2024:02:24:23 +0200] "GET /ticket2/opencms/dk/login/?edid=85A46D4A-3BBA-FABF-1612-5AD8302CC5AE HTTP/1.1" 200 77797
217.182.175.146 - - [02/Oct/2024:02:24:24 +0200] "GET /ticket2/opencms/no/buy/?page=1&edid=B5487927-5D9E-47A1-7B61-6B84BE8D3FED HTTP/1.1" 200 98339
95.217.109.26 - - [02/Oct/2024:02:24:25 +0200] "GET /ticket2/opencms/dk/sell/?edid=9CEF6B78-2767-3C87-87CB-84D866000D5A HTTP/1.1" 302 -
95.217.109.26 - - [02/Oct/2024:02:24:28 +0200] "GET /ticket2/opencms/dk/login/?edid=9CEF6B78-2767-3C87-87CB-84D866000D5A HTTP/1.1" 200 77797
217.182.175.146 - - [02/Oct/2024:02:24:28 +0200] "GET /ticket2/opencms/no/buy/?page=1&edid=B65C9998-D30F-32EE-08AA-C0A071FB93ED HTTP/1.1" 200 98120
52.167.144.67 - - [02/Oct/2024:02:24:29 +0200] "GET /ticket2/opencms/de/robots.txt HTTP/1.1" 404 -
52.167.144.67 - - [02/Oct/2024:02:24:30 +0200] "GET /ticket2/opencms/de/robots.txt HTTP/1.1" 404 -
95.217.109.26 - - [02/Oct/2024:02:24:30 +0200] "GET /ticket2/opencms/dk/sell/?edid=B2A6CB79-DF6D-7005-7252-128EED759603 HTTP/1.1" 302 -
95.217.109.26 - - [02/Oct/2024:02:24:33 +0200] "GET /ticket2/opencms/dk/login/?edid=B2A6CB79-DF6D-7005-7252-128EED759603 HTTP/1.1" 200 77797
217.182.175.146 - - [02/Oct/2024:02:24:33 +0200] "GET /ticket2/opencms/no/buy/?page=1&edid=B65C9998-D30F-32EE-08AA-C0A071FB93ED&sortorder=desc&column=price HTTP/1.1" 200 98463
95.217.109.26 - - [02/Oct/2024:02:24:35 +0200] "GET /ticket2/opencms/dk/sell/?edid=C3142C3C-B527-EA04-CFEC-FF16B1FE9635 HTTP/1.1" 302 -
217.182.175.146 - - [02/Oct/2024:02:24:38 +0200] "GET /ticket2/opencms/no/buy/?page=1&edid=B65C9998-D30F-32EE-08AA-C0A071FB93ED&sortorder=desc&column=row HTTP/1.1" 200 98441
95.217.109.26 - - [02/Oct/2024:02:24:38 +0200] "GET /ticket2/opencms/dk/login/?edid=C3142C3C-B527-EA04-CFEC-FF16B1FE9635 HTTP/1.1" 200 77797
95.217.109.26 - - [02/Oct/2024:02:24:40 +0200] "GET /ticket2/opencms/dk/sell/?edid=C8F9C93A-AB7D-8220-8C68-4335B633FCE4 HTTP/1.1" 302 -
217.182.175.146 - - [02/Oct/2024:02:24:40 +0200] "GET /ticket2/opencms/no/buy/?page=1&edid=B65C9998-D30F-32EE-08AA-C0A071FB93ED&sortorder=desc&column=section HTTP/1.1" 200 98485
95.217.109.26 - - [02/Oct/2024:02:24:43 +0200] "GET /ticket2/opencms/dk/login/?edid=C8F9C93A-AB7D-8220-8C68-4335B633FCE4 HTTP/1.1" 200 77797
95.217.109.26 - - [02/Oct/2024:02:24:45 +0200] "GET /ticket2/opencms/dk/sell/?edid=E736C9F8-9994-137E-6A67-CF3119BB4296 HTTP/1.1" 302 -
217.182.175.146 - - [02/Oct/2024:02:24:46 +0200] "GET /ticket2/opencms/no/buy/?page=1&edid=B6D0A9AB-69A7-9419-F7A9-AFE901370F8E HTTP/1.1" 200 97049
40.77.167.56 - - [02/Oct/2024:02:24:46 +0200] "GET /ticket2/opencms/en/venue/?venueid=40DC78A8-E12D-6808-C138-74AD7C1598C8 HTTP/1.1" 200 75279
66.249.66.79 - - [02/Oct/2024:02:24:47 +0200] "GET /ticket2/opencms/fi/buy/?page=1&edid=7A1DF71C-A099-266B-FA44-13983A11D037 HTTP/1.1" 200 94827
95.217.109.26 - - [02/Oct/2024:02:24:49 +0200] "GET /ticket2/opencms/dk/login/?edid=E736C9F8-9994-137E-6A67-CF3119BB4296 HTTP/1.1" 200 77797
217.182.175.146 - - [02/Oct/2024:02:24:49 +0200] "GET /ticket2/opencms/no/buy/?page=1&edid=B6D0A9AB-69A7-9419-F7A9-AFE901370F8E&sortorder=desc&column=price HTTP/1.1" 200 97392
95.217.109.26 - - [02/Oct/2024:02:24:50 +0200] "GET /ticket2/opencms/dk/sell/?edid=F2903616-E045-95DA-34AC-DA2278424A81 HTTP/1.1" 302 -
217.182.175.146 - - [02/Oct/2024:02:24:53 +0200] "GET /ticket2/opencms/no/buy/?page=1&edid=B6D0A9AB-69A7-9419-F7A9-AFE901370F8E&sortorder=desc&column=row HTTP/1.1" 200 97370
95.217.109.26 - - [02/Oct/2024:02:24:54 +0200] "GET /ticket2/opencms/dk/login/?edid=F2903616-E045-95DA-34AC-DA2278424A81 HTTP/1.1" 200 77797
54.36.148.126 - - [02/Oct/2024:02:24:55 +0200] "GET /ticket2/opencms/sv/buy/?page=1&edid=9F0345A6-D15A-0100-D9B9-6EC7F0C4DCD6 HTTP/1.1" 200 96384
217.182.175.146 - - [02/Oct/2024:02:24:56 +0200] "GET /ticket2/opencms/no/buy/?page=1&edid=B6D0A9AB-69A7-9419-F7A9-AFE901370F8E&sortorder=desc&column=section HTTP/1.1" 200 97414
95.217.109.26 - - [02/Oct/2024:02:24:57 +0200] "GET /ticket2/opencms/dk/sell/?edid=456ECABC-9BC7-FA80-A302-4E57CB832A9A HTTP/1.1" 302 -
40.77.167.48 - - [02/Oct/2024:02:24:59 +0200] "GET /ticket2/opencms/de/sitemap.xml HTTP/1.1" 200 97629
217.182.175.146 - - [02/Oct/2024:02:25:00 +0200] "GET /ticket2/opencms/no/buy/?page=1&edid=B7653BD0-33A8-8039-42B6-78FA5A3DEC82 HTTP/1.1" 200 98132
95.217.109.26 - - [02/Oct/2024:02:25:01 +0200] "GET /ticket2/opencms/dk/login/?edid=456ECABC-9BC7-FA80-A302-4E57CB832A9A HTTP/1.1" 200 77797
217.182.175.146 - - [02/Oct/2024:02:25:04 +0200] "GET /ticket2/opencms/no/buy/?page=1&edid=B7707C87-5D00-4D75-75FA-01216FD172D2 HTTP/1.1" 200 98343
95.217.109.26 - - [02/Oct/2024:02:25:04 +0200] "GET /ticket2/opencms/dk/sell/?edid=47BA2EA5-F206-8457-9ADF-8F0301D784AE HTTP/1.1" 302 -
95.217.109.26 - - [02/Oct/2024:02:25:08 +0200] "GET /ticket2/opencms/dk/login/?edid=47BA2EA5-F206-8457-9ADF-8F0301D784AE HTTP/1.1" 200 77797
217.182.175.146 - - [02/Oct/2024:02:25:08 +0200] "GET /ticket2/opencms/no/buy/?page=1&edid=B7707C87-5D00-4D75-75FA-01216FD172D2&sortorder=desc&column=price HTTP/1.1" 200 98686
66.249.76.238 - - [02/Oct/2024:02:25:09 +0200] "GET /ticket2/opencms/nl/buy_safety/ HTTP/1.1" 200 76062
95.217.109.26 - - [02/Oct/2024:02:25:11 +0200] "GET /ticket2/opencms/dk/sell/?edid=78F9FE7E-462A-9AA9-819A-3F5948AD989C HTTP/1.1" 302 -
217.182.175.146 - - [02/Oct/2024:02:25:11 +0200] "GET /ticket2/opencms/no/buy/?page=1&edid=B7707C87-5D00-4D75-75FA-01216FD172D2&sortorder=desc&column=row HTTP/1.1" 200 98664
95.217.109.26 - - [02/Oct/2024:02:25:14 +0200] "GET /ticket2/opencms/dk/login/?edid=78F9FE7E-462A-9AA9-819A-3F5948AD989C HTTP/1.1" 200 77797
217.182.175.146 - - [02/Oct/2024:02:25:15 +0200] "GET /ticket2/opencms/no/buy/?page=1&edid=BE597364-D705-EB99-5903-51449427EA7F&sortorder=asc&column=row HTTP/1.1" 200 94657
95.217.109.26 - - [02/Oct/2024:02:25:18 +0200] "GET /ticket2/opencms/dk/sell/?edid=8446D200-DB98-4867-98B9-94B9AACDFC92 HTTP/1.1" 302 -
217.182.175.146 - - [02/Oct/2024:02:25:18 +0200] "GET /ticket2/opencms/no/buy/?page=1&edid=CF3BDDE8-6C6B-F85B-528C-11C48A316B2B&sortorder=asc&column=price HTTP/1.1" 200 98532
95.217.109.26 - - [02/Oct/2024:02:25:21 +0200] "GET /ticket2/opencms/dk/login/?edid=8446D200-DB98-4867-98B9-94B9AACDFC92 HTTP/1.1" 200 77797
217.182.175.146 - - [02/Oct/2024:02:25:21 +0200] "GET /ticket2/opencms/no/buy/?page=1&edid=CF3BDDE8-6C6B-F85B-528C-11C48A316B2B&sortorder=asc&column=row HTTP/1.1" 200 98510
40.77.167.67 - - [02/Oct/2024:02:25:22 +0200] "GET /ticket2/opencms/es/ HTTP/1.1" 200 97922
20.171.206.206 - - [02/Oct/2024:02:25:22 +0200] "GET /ticket2/opencms/system/modules/com.gridnine.opencms.ticketbrokerage.site/resources/css/jquery.fancybox.css HTTP/1.1" 200 4939
217.182.175.146 - - [02/Oct/2024:02:25:24 +0200] "GET /ticket2/opencms/no/buy/?page=1&edid=CF3BDDE8-6C6B-F85B-528C-11C48A316B2B&sortorder=asc&column=section HTTP/1.1" 200 98554
95.217.109.26 - - [02/Oct/2024:02:25:24 +0200] "GET /ticket2/opencms/dk/sell/?edid=B2A6CB79-DF6D-7005-7252-128EED759603 HTTP/1.1" 302 -
217.182.175.146 - - [02/Oct/2024:02:25:27 +0200] "GET /ticket2/opencms/no/buy/?page=1&edid=CF3BDDE8-6C6B-F85B-528C-11C48A316B2B&sortorder=desc&column=price HTTP/1.1" 200 98542
95.217.109.26 - - [02/Oct/2024:02:25:28 +0200] "GET /ticket2/opencms/dk/login/?edid=B2A6CB79-DF6D-7005-7252-128EED759603 HTTP/1.1" 200 77797
20.171.206.190 - - [02/Oct/2024:02:25:28 +0200] "GET /ticket2/opencms/system/modules/com.gridnine.opencms.ticketbrokerage.site/resources/js/calendar.js HTTP/1.1" 200 49229
47.128.38.176 - - [02/Oct/2024:02:25:30 +0200] "GET /ticket2/opencms/az/buy?edid=B5C7399B-C087-FF38-4294-BB861C1DB4F9 HTTP/1.1" 200 78624
217.182.175.146 - - [02/Oct/2024:02:25:31 +0200] "GET /ticket2/opencms/no/buy/?page=1&edid=CF3BDDE8-6C6B-F85B-528C-11C48A316B2B&sortorder=desc&column=row HTTP/1.1" 200 98520
95.217.109.26 - - [02/Oct/2024:02:25:31 +0200] "GET /ticket2/opencms/dk/sell/?edid=C3142C3C-B527-EA04-CFEC-FF16B1FE9635 HTTP/1.1" 302 -
95.217.109.26 - - [02/Oct/2024:02:25:35 +0200] "GET /ticket2/opencms/dk/login/?edid=C3142C3C-B527-EA04-CFEC-FF16B1FE9635 HTTP/1.1" 200 77797
217.182.175.146 - - [02/Oct/2024:02:25:35 +0200] "GET /ticket2/opencms/no/buy/?page=1&edid=CF3BDDE8-6C6B-F85B-528C-11C48A316B2B&sortorder=desc&column=section HTTP/1.1" 200 98564
95.217.109.26 - - [02/Oct/2024:02:25:39 +0200] "GET /ticket2/opencms/dk/venue/?venueid=7BE96A80-409A-37FB-9444-3580682D6340 HTTP/1.1" 200 75605
217.182.175.146 - - [02/Oct/2024:02:25:39 +0200] "GET /ticket2/opencms/no/buy/?page=1&edid=DA544182-AA79-F548-64ED-2C067A356729&sortorder=desc&column=section HTTP/1.1" 200 97812
95.217.109.26 - - [02/Oct/2024:02:25:40 +0200] "GET /ticket2/opencms/en/buy/?page=1&edid=1789EFF5-BF66-CA33-ACEE-5963FAAC8579&sortorder=desc&column=row HTTP/1.1" 200 94087
95.217.109.26 - - [02/Oct/2024:02:25:42 +0200] "GET /ticket2/opencms/en/buy/?page=1&edid=26325542-6B2D-A1C9-1D0F-C837CFAFBBF1&sortorder=desc&column=price HTTP/1.1" 200 96831
114.119.146.220 - - [02/Oct/2024:02:25:43 +0200] "GET /ticket2/opencms/en/buy?page=1&edid=7B64FDD7-1A7C-DFA0-9FD2-325C6BB97A63 HTTP/1.1" 200 96464
217.182.175.146 - - [02/Oct/2024:02:25:43 +0200] "GET /ticket2/opencms/no/buy/?page=1&edid=E2BA566F-7943-8BEC-96B9-9CC0C50C3F94&sortorder=asc&column=price HTTP/1.1" 200 98529
95.217.109.26 - - [02/Oct/2024:02:25:44 +0200] "GET /ticket2/opencms/en/buy/?page=1&edid=263490CA-5339-6807-4EE9-EFD0AC1FB3E6&sortorder=asc&column=price HTTP/1.1" 200 96809
217.182.175.146 - - [02/Oct/2024:02:25:45 +0200] "GET /ticket2/opencms/no/buy/?page=1&edid=E2BA566F-7943-8BEC-96B9-9CC0C50C3F94&sortorder=asc&column=row HTTP/1.1" 200 98507
95.217.109.26 - - [02/Oct/2024:02:25:46 +0200] "GET /ticket2/opencms/en/buy/?page=1&edid=263490CA-5339-6807-4EE9-EFD0AC1FB3E6&sortorder=asc&column=section HTTP/1.1" 200 96831
95.217.109.26 - - [02/Oct/2024:02:25:48 +0200] "GET /ticket2/opencms/en/buy/?page=1&edid=2694EE91-5EDB-4075-84B2-357BB2F59007&sortorder=asc&column=section HTTP/1.1" 200 96845
217.182.175.146 - - [02/Oct/2024:02:25:48 +0200] "GET /ticket2/opencms/no/buy/?page=1&edid=E2BA566F-7943-8BEC-96B9-9CC0C50C3F94&sortorder=asc&column=section HTTP/1.1" 200 98551
95.217.109.26 - - [02/Oct/2024:02:25:50 +0200] "GET /ticket2/opencms/en/buy/?page=1&edid=27ED3A9B-C3A0-FC96-5824-D0E156DC38BF HTTP/1.1" 200 97108
95.217.109.26 - - [02/Oct/2024:02:25:52 +0200] "GET /ticket2/opencms/en/buy/?page=1&edid=2946B44C-614C-B458-AD25-19BAB8520213 HTTP/1.1" 200 94418
217.182.175.146 - - [02/Oct/2024:02:25:52 +0200] "GET /ticket2/opencms/no/buy/?page=1&edid=E2BA566F-7943-8BEC-96B9-9CC0C50C3F94&sortorder=desc&column=price HTTP/1.1" 200 98539
95.217.109.26 - - [02/Oct/2024:02:25:53 +0200] "GET /ticket2/opencms/en/buy/?page=1&edid=29CAFDEB-DE6B-CF88-55F0-07F3EC9F3E8C HTTP/1.1" 200 96497
20.171.206.190 - - [02/Oct/2024:02:25:55 +0200] "GET /ticket2/opencms/system/modules/com.gridnine.opencms.ticketbrokerage.site/resources/js/jquery/jquery.js HTTP/1.1" 200 93868
217.182.175.146 - - [02/Oct/2024:02:25:55 +0200] "GET /ticket2/opencms/no/buy/?page=1&edid=E2BA566F-7943-8BEC-96B9-9CC0C50C3F94&sortorder=desc&column=row HTTP/1.1" 200 98517
95.217.109.26 - - [02/Oct/2024:02:25:56 +0200] "GET /ticket2/opencms/en/buy/?page=1&edid=29E9F2D8-9DB7-1D0F-D367-7A346F6698E3 HTTP/1.1" 200 95345
95.217.109.26 - - [02/Oct/2024:02:25:58 +0200] "GET /ticket2/opencms/en/buy/?page=1&edid=2D58DAAA-2383-18BA-2B40-1B039C7513DD HTTP/1.1" 200 96507
95.217.109.26 - - [02/Oct/2024:02:25:59 +0200] "GET /ticket2/opencms/en/buy/?page=1&edid=2E56A8B0-155D-976C-348E-93E1C4B4957D HTTP/1.1" 200 93750
217.182.175.146 - - [02/Oct/2024:02:26:00 +0200] "GET /ticket2/opencms/no/buy/?page=1&edid=E2BA566F-7943-8BEC-96B9-9CC0C50C3F94&sortorder=desc&column=section HTTP/1.1" 200 98561
20.171.206.190 - - [02/Oct/2024:02:26:00 +0200] "GET /ticket2/opencms/system/modules/com.gridnine.opencms.ticketbrokerage.site/resources/js/calendar-en.js HTTP/1.1" 200 3338
95.217.109.26 - - [02/Oct/2024:02:26:01 +0200] "GET /ticket2/opencms/en/buy/?page=1&edid=2E602F15-8DB1-8A7E-BB82-1387A272CE4B HTTP/1.1" 200 96463
95.217.109.26 - - [02/Oct/2024:02:26:03 +0200] "GET /ticket2/opencms/en/buy/?page=1&edid=2E7C3DB6-FDBC-8B55-9268-E31142D44B61&sortorder=asc&column=row HTTP/1.1" 200 97207
217.182.175.146 - - [02/Oct/2024:02:26:04 +0200] "GET /ticket2/opencms/no/buy/?page=1&edid=E3B46C02-527F-BFED-1199-3D6C38556545&sortorder=asc&column=price HTTP/1.1" 200 98540
95.217.109.26 - - [02/Oct/2024:02:26:05 +0200] "GET /ticket2/opencms/en/buy/?page=1&edid=2E7C3DB6-FDBC-8B55-9268-E31142D44B61&sortorder=asc&column=section HTTP/1.1" 200 97251
95.217.109.26 - - [02/Oct/2024:02:26:07 +0200] "GET /ticket2/opencms/en/buy/?page=1&edid=2E7C3DB6-FDBC-8B55-9268-E31142D44B61&sortorder=desc&column=price HTTP/1.1" 200 97239
217.182.175.146 - - [02/Oct/2024:02:26:08 +0200] "GET /ticket2/opencms/no/buy/?page=1&edid=E3B46C02-527F-BFED-1199-3D6C38556545&sortorder=asc&column=row HTTP/1.1" 200 98518
95.217.109.26 - - [02/Oct/2024:02:26:09 +0200] "GET /ticket2/opencms/en/buy/?page=1&edid=302B5F33-6329-3D6E-06FE-ACDBCD643B56&sortorder=desc&column=price HTTP/1.1" 200 96679
95.217.109.26 - - [02/Oct/2024:02:26:11 +0200] "GET /ticket2/opencms/en/buy/?page=1&edid=316C8B21-EA90-86CD-1903-2A74EF25D5CD&sortorder=asc&column=section HTTP/1.1" 200 97537
217.182.175.146 - - [02/Oct/2024:02:26:12 +0200] "GET /ticket2/opencms/no/buy/?page=1&edid=E3B46C02-527F-BFED-1199-3D6C38556545&sortorder=desc&column=price HTTP/1.1" 200 98550
95.217.109.26 - - [02/Oct/2024:02:26:13 +0200] "GET /ticket2/opencms/en/buy/?page=1&edid=325B1ED6-7B15-4D0E-D8E7-20609740D0F8&sortorder=asc&column=section HTTP/1.1" 200 96203
95.217.109.26 - - [02/Oct/2024:02:26:14 +0200] "GET /ticket2/opencms/en/buy/?page=1&edid=3546F02F-8FB6-EEED-FE02-3600142F8208 HTTP/1.1" 200 93742
217.182.175.146 - - [02/Oct/2024:02:26:15 +0200] "GET /ticket2/opencms/no/buy/?page=1&edid=E3B46C02-527F-BFED-1199-3D6C38556545&sortorder=desc&column=row HTTP/1.1" 200 98528
95.217.109.26 - - [02/Oct/2024:02:26:16 +0200] "GET /ticket2/opencms/en/buy/?page=1&edid=47D4702F-48AA-DF69-B934-17BA6AAC0460 HTTP/1.1" 200 96643
95.217.109.26 - - [02/Oct/2024:02:26:18 +0200] "GET /ticket2/opencms/en/buy/?page=1&edid=543D9F4F-FAE8-D606-2F86-FDCC2C711D5A HTTP/1.1" 200 96451
217.182.175.146 - - [02/Oct/2024:02:26:19 +0200] "GET /ticket2/opencms/no/buy/?page=1&edid=E3B46C02-527F-BFED-1199-3D6C38556545&sortorder=desc&column=section HTTP/1.1" 200 98572
95.217.109.26 - - [02/Oct/2024:02:26:20 +0200] "GET /ticket2/opencms/en/buy/?page=1&edid=54FC36CF-650E-0DD5-1BB3-E49EF32EDF7E&sortorder=asc&column=row HTTP/1.1" 200 96962
95.217.109.26 - - [02/Oct/2024:02:26:22 +0200] "GET /ticket2/opencms/en/buy/?page=1&edid=6D30E340-56B1-01B8-DD3B-154093610B8B HTTP/1.1" 200 96039
217.182.175.146 - - [02/Oct/2024:02:26:22 +0200] "GET /ticket2/opencms/no/buy/?page=1&edid=E45E8CAC-C9E1-5B17-FCDC-FD9DFD7F01BC&sortorder=desc&column=row HTTP/1.1" 200 97369
95.217.109.26 - - [02/Oct/2024:02:26:23 +0200] "GET /ticket2/opencms/en/buy/?page=1&edid=6D6B851D-A5E5-47CB-B1E7-4BAEA7376BDC HTTP/1.1" 200 95844
217.182.175.146 - - [02/Oct/2024:02:26:25 +0200] "GET /ticket2/opencms/no/buy/?page=1&edid=E45E8CAC-C9E1-5B17-FCDC-FD9DFD7F01BC&sortorder=desc&column=section HTTP/1.1" 200 97413
95.217.109.26 - - [02/Oct/2024:02:26:25 +0200] "GET /ticket2/opencms/en/buy/?page=1&edid=72E55047-8512-469C-9DF2-DAB503C49399&sortorder=desc&column=price HTTP/1.1" 200 95683
95.217.109.26 - - [02/Oct/2024:02:26:27 +0200] "GET /ticket2/opencms/en/buy/?page=1&edid=73D8189D-DEDA-4F8B-BA1C-9AC984A743C2&sortorder=desc&column=section HTTP/1.1" 200 94135
217.182.175.146 - - [02/Oct/2024:02:26:28 +0200] "GET /ticket2/opencms/no/buy/?page=1&edid=E8847AD1-35CC-3C72-3A90-470EF1CAF178&sortorder=desc&column=price HTTP/1.1" 200 98556
95.217.109.26 - - [02/Oct/2024:02:26:29 +0200] "GET /ticket2/opencms/en/buy/?page=1&edid=7413D7AB-FA7F-FB61-CD5C-3752D9AB254A&sortorder=asc&column=price HTTP/1.1" 200 97226
95.217.109.26 - - [02/Oct/2024:02:26:31 +0200] "GET /ticket2/opencms/en/buy/?page=1&edid=7E6C3EC9-7A3A-9E1F-E273-739B803C073C&sortorder=desc&column=price HTTP/1.1" 200 95692
217.182.175.146 - - [02/Oct/2024:02:26:31 +0200] "GET /ticket2/opencms/no/buy/?page=1&edid=F6846B21-DFB1-3342-F8E4-3CC69EE92178&sortorder=asc&column=price HTTP/1.1" 200 98530
47.128.24.127 - - [02/Oct/2024:02:26:31 +0200] "GET /ticket2/opencms/it/buy/?edid=8EC06780-2F1B-062D-0558-60639CB8BA1F HTTP/1.1" 200 78121
66.249.76.195 - - [02/Oct/2024:02:26:32 +0200] "GET /ticket2/opencms/fi/venue/?venueid=879B0F51-C151-32AF-3491-072EFA33AFCB HTTP/1.1" 200 76689
114.119.152.77 - - [02/Oct/2024:02:26:32 +0200] "GET /ticket2/opencms/en/buy/?page=1&edid=3133B532-2EFF-BEFE-B349-470A22E52FED HTTP/1.1" 200 95576
95.217.109.26 - - [02/Oct/2024:02:26:33 +0200] "GET /ticket2/opencms/en/buy/?page=1&edid=82F19FA2-FA7A-0459-E232-50321BC9E2B5 HTTP/1.1" 200 95425
217.182.175.146 - - [02/Oct/2024:02:26:34 +0200] "GET /ticket2/opencms/no/buy/?page=1&edid=F6846B21-DFB1-3342-F8E4-3CC69EE92178&sortorder=asc&column=row HTTP/1.1" 200 98508
95.217.109.26 - - [02/Oct/2024:02:26:35 +0200] "GET /ticket2/opencms/en/buy/?page=1&edid=853A72CA-C5B1-27AC-5EAD-D5AC437BBAA9&sortorder=desc&column=section HTTP/1.1" 200 95770
95.217.109.26 - - [02/Oct/2024:02:26:37 +0200] "GET /ticket2/opencms/en/buy/?page=1&edid=870139C6-530A-636D-1EEE-D550E3B89162&sortorder=desc&column=price HTTP/1.1" 200 95952
217.182.175.146 - - [02/Oct/2024:02:26:38 +0200] "GET /ticket2/opencms/no/buy/?page=1&edid=F6846B21-DFB1-3342-F8E4-3CC69EE92178&sortorder=asc&column=section HTTP/1.1" 200 98552
95.217.109.26 - - [02/Oct/2024:02:26:39 +0200] "GET /ticket2/opencms/en/buy/?page=1&edid=93A8E489-AE58-726C-E39F-173A5C4AC3E8 HTTP/1.1" 200 95431
198.235.24.204 - - [02/Oct/2024:02:26:39 +0200] "??%??/4???????8[x1??????L???8i? ?????~~1;k??