37.60.239.40 - - [01/Nov/2024:04:13:31 +0100] "GET /ticket2/opencms/dk/buy/?page=1&edid=10515F0B-6422-A692-0748-D7547F0F118B HTTP/1.1" 200 100203
183.179.150.46 - - [01/Nov/2024:04:13:33 +0100] "GET /ticket2/opencms/sv/venue/?venueid=E4A26DC2-259C-956F-C1B9-047939CC2CD2 HTTP/1.1" 200 87466
37.60.239.40 - - [01/Nov/2024:04:13:39 +0100] "GET /ticket2/opencms/dk/buy/?page=1&edid=10BA5D39-7F27-45E8-D103-3E99604C4918 HTTP/1.1" 200 97376
54.36.148.119 - - [01/Nov/2024:04:13:46 +0100] "GET /ticket2/opencms/pl/buy/?page=1&edid=579B49FD-6D7C-4BF3-CF9E-91183D7BCE4C HTTP/1.1" 200 98572
47.128.115.231 - - [01/Nov/2024:04:13:47 +0100] "GET /ticket2/opencms/sk/buy/?catid=26594C33-56CE-F529-FAF3-61AB33F74A3B&comcatid=0A6B8208-FDA4-E929-9D72-5312FD481B76 HTTP/1.1" 200 87491
37.60.239.40 - - [01/Nov/2024:04:13:47 +0100] "GET /ticket2/opencms/dk/buy/?page=1&edid=10CEF099-02C7-E20B-5B86-024400E771C3 HTTP/1.1" 200 99551
188.165.217.198 - - [01/Nov/2024:04:13:52 +0100] "GET /ticket2/opencms/se/sv/sell/?edid=633F01D0-5A5C-9D0B-88C4-F93446CDE176 HTTP/1.1" 404 -
183.179.150.46 - - [01/Nov/2024:04:13:53 +0100] "GET /ticket2/opencms/sv/venue/?venueid=E4DC7978-B97C-4D0F-D03F-77B54FE2F91C HTTP/1.1" 200 87466
37.60.239.40 - - [01/Nov/2024:04:13:54 +0100] "GET /ticket2/opencms/dk/buy/?page=1&edid=10FBE5D4-FAB6-B08C-61D0-4B7EDF5E3DDE HTTP/1.1" 200 100707
54.36.148.121 - - [01/Nov/2024:04:13:56 +0100] "GET /ticket2/opencms/pl/buy/?page=1&edid=AC8F7448-8C97-BB58-DCF6-B6425E43C512 HTTP/1.1" 200 98571
47.128.44.241 - - [01/Nov/2024:04:13:56 +0100] "GET /ticket2/opencms/is/buy/?edid=D712D542-2FD7-63E8-3EB9-EC4508B2CBC4 HTTP/1.1" 200 81480
47.128.56.156 - - [01/Nov/2024:04:13:57 +0100] "GET /ticket2/opencms/en/buy/?edid=61903C96-F8B6-482A-0523-00721D5B62AF HTTP/1.1" 200 79757
52.167.144.235 - - [01/Nov/2024:04:14:00 +0100] "GET /ticket2/opencms/az/login HTTP/1.1" 200 90163
183.179.150.46 - - [01/Nov/2024:04:14:00 +0100] "GET /ticket2/opencms/sv/venue/?venueid=E5062924-B4F3-0DE7-D5ED-74F1F93777E1 HTTP/1.1" 200 87434
110.238.106.236 - - [01/Nov/2024:04:14:00 +0100] "GET /ticket2/opencms/mo/buy?comcatid=0A6B8208-FDA4-E929-9D72-5312FD481B76&catid=1DB7F66B-473B-B427-F752-358FEEFE8EC0 HTTP/1.1" 200 87529
37.60.239.40 - - [01/Nov/2024:04:14:01 +0100] "GET /ticket2/opencms/dk/buy/?page=1&edid=10FBE5D4-FAB6-B08C-61D0-4B7EDF5E3DDE&sortorder=desc&column=price HTTP/1.1" 200 102030
194.242.57.234 - - [01/Nov/2024:04:14:01 +0100] "GET /ticket2/opencms/se/sv/buy/?page=1&edid=BDEB9EF3-3BF1-B07B-8A1C-C78F2EDCBC2D&sortorder=asc&column=price HTTP/1.1" 404 -
183.179.150.46 - - [01/Nov/2024:04:14:05 +0100] "GET /ticket2/opencms/sv/venue/?venueid=E52A829F-C2AE-A6F9-C68D-2247D565A11F HTTP/1.1" 200 87550
54.36.149.55 - - [01/Nov/2024:04:14:07 +0100] "GET /ticket2/opencms/pl/buy/?page=1&edid=B753AC58-8832-296F-1C07-92C9F45E2BCE HTTP/1.1" 200 98571
37.60.239.40 - - [01/Nov/2024:04:14:09 +0100] "GET /ticket2/opencms/dk/buy/?page=1&edid=11F7D8A0-BC18-9A29-4718-7B45B440B81A HTTP/1.1" 200 99780
183.179.150.46 - - [01/Nov/2024:04:14:10 +0100] "GET /ticket2/opencms/sv/venue/?venueid=E5B48125-3172-6FE0-AE97-FD5E9EC5BAFA HTTP/1.1" 200 87458
47.128.35.33 - - [01/Nov/2024:04:14:11 +0100] "GET /ticket2/opencms/et/buy/?catid=465306FD-802C-5175-10FF-40E426DD2769&comcatid=0A6B8208-FDA4-E929-9D72-5312FD481B76 HTTP/1.1" 200 87443
37.60.239.40 - - [01/Nov/2024:04:14:16 +0100] "GET /ticket2/opencms/dk/buy/?page=1&edid=12205BCD-8E6F-3A57-34CF-7F054468CCD9 HTTP/1.1" 200 101171
183.179.150.46 - - [01/Nov/2024:04:14:16 +0100] "GET /ticket2/opencms/sv/venue/?venueid=E6204074-AB92-38FC-E60D-184F55E9757A HTTP/1.1" 200 87478
216.244.66.238 - - [01/Nov/2024:04:14:18 +0100] "GET /ticket2/opencms/mo/buy?comcatid=A17713B6-D984-201A-4143-ED4DB5ED5C2E&catid=3B549160-8B9C-E872-44A9-20FEA86B30E8 HTTP/1.1" 200 93864
54.36.148.236 - - [01/Nov/2024:04:14:18 +0100] "GET /ticket2/opencms/sk/buy/?page=1&edid=397521D5-C7AB-930B-258F-17E9104F07FF HTTP/1.1" 200 101932
188.165.217.198 - - [01/Nov/2024:04:14:20 +0100] "GET /ticket2/opencms/se/sv/sell/?edid=63F89D90-18C1-0E49-05F7-FE97174217E0 HTTP/1.1" 404 -
37.60.239.40 - - [01/Nov/2024:04:14:20 +0100] "GET /ticket2/opencms/dk/buy/?page=1&edid=13D502DD-33E9-EF45-57A7-AA1E3263AA97 HTTP/1.1" 200 99538
183.179.150.46 - - [01/Nov/2024:04:14:22 +0100] "GET /ticket2/opencms/sv/venue/?venueid=E649B15F-1340-1561-C110-0CA0784E39A8 HTTP/1.1" 200 87524
85.208.96.195 - - [01/Nov/2024:04:14:22 +0100] "GET /ticket2/opencms/no/about/contact/ HTTP/1.1" 200 87647
183.179.150.46 - - [01/Nov/2024:04:14:27 +0100] "GET /ticket2/opencms/sv/venue/?venueid=E68A45BC-0CBA-4CB6-8ECD-A427173821D5 HTTP/1.1" 200 87446
37.60.239.40 - - [01/Nov/2024:04:14:30 +0100] "GET /ticket2/opencms/dk/buy/?page=1&edid=1E3D68D0-19F7-185F-FFBF-951DC098077A&sortorder=desc&column=price HTTP/1.1" 200 101338
194.242.57.234 - - [01/Nov/2024:04:14:30 +0100] "GET /ticket2/opencms/se/sv/buy/?page=1&edid=BDEB9EF3-3BF1-B07B-8A1C-C78F2EDCBC2D&sortorder=asc&column=row HTTP/1.1" 404 -
54.36.148.232 - - [01/Nov/2024:04:14:32 +0100] "GET /ticket2/opencms/sk/buy/?page=1&edid=5B1EBD64-AC5B-1705-53F4-E0FEF8B73423 HTTP/1.1" 200 101939
183.179.150.46 - - [01/Nov/2024:04:14:33 +0100] "GET /ticket2/opencms/sv/venue/?venueid=E6C7CF50-648B-EF95-A6BB-99DB19BC221E HTTP/1.1" 200 87472
217.182.175.120 - - [01/Nov/2024:04:14:33 +0100] "GET /ticket2/opencms/dk/robots.txt HTTP/1.1" 404 -
114.119.140.85 - - [01/Nov/2024:04:14:34 +0100] "GET /ticket2/opencms/en/venue/?venueid=1E6F661B-8D12-844B-5F2D-01422A9038BD HTTP/1.1" 200 86620
47.128.52.219 - - [01/Nov/2024:04:14:35 +0100] "GET /ticket2/opencms/ka/standard/ HTTP/1.1" 500 -
37.60.239.40 - - [01/Nov/2024:04:14:37 +0100] "GET /ticket2/opencms/dk/buy/?page=1&edid=1FEF4FEF-CF0C-92BC-775F-94603805D578&sortorder=desc&column=section HTTP/1.1" 200 98762
85.208.96.207 - - [01/Nov/2024:04:14:38 +0100] "GET /ticket2/opencms/en/sport/football-tickets/serie_a/empoli/ HTTP/1.1" 200 88487
183.179.150.46 - - [01/Nov/2024:04:14:40 +0100] "GET /ticket2/opencms/sv/venue/?venueid=E6D4C5C5-380D-4772-E0D1-58201DC9D2A9 HTTP/1.1" 200 87461
183.179.150.46 - - [01/Nov/2024:04:14:45 +0100] "GET /ticket2/opencms/sv/venue/?venueid=E6FE59B7-6C05-A916-C36D-3FBE31FFEED3 HTTP/1.1" 200 87440
47.128.55.182 - - [01/Nov/2024:04:14:46 +0100] "GET /ticket2/opencms/et/buy/?catid=3A56B1C2-6FFB-C8D1-B229-B3914D5FF8DF&comcatid=0A6B8208-FDA4-E929-9D72-5312FD481B76 HTTP/1.1" 200 87451
217.182.175.120 - - [01/Nov/2024:04:14:47 +0100] "GET /ticket2/opencms/dk/no/buy/?page=1&edid=FD6F3B4B-A5BC-5248-5E75-2F9B37E37FBE&sortorder=asc&column=price HTTP/1.1" 404 -
37.60.239.40 - - [01/Nov/2024:04:14:48 +0100] "GET /ticket2/opencms/dk/buy/?page=1&edid=20C1AD53-6A65-5759-88A8-7AC99619D561 HTTP/1.1" 200 100838
216.244.66.238 - - [01/Nov/2024:04:14:51 +0100] "GET /ticket2/opencms/sq/buy?page=1&edid=582C4192-AED1-C43A-6B53-0F2BB3B8E830 HTTP/1.1" 200 98827
51.222.253.2 - - [01/Nov/2024:04:14:53 +0100] "GET /ticket2/opencms/robots.txt HTTP/1.1" 200 773
37.60.239.40 - - [01/Nov/2024:04:14:56 +0100] "GET /ticket2/opencms/dk/buy/?page=1&edid=222DFD96-66E7-16B5-A704-ADA6251B084A&sortorder=desc&column=row HTTP/1.1" 200 101238
188.165.217.198 - - [01/Nov/2024:04:14:57 +0100] "GET /ticket2/opencms/se/sv/sell/?edid=6479D966-2793-7C7E-D24A-D27EA93264A1 HTTP/1.1" 404 -
194.242.57.234 - - [01/Nov/2024:04:14:59 +0100] "GET /ticket2/opencms/se/sv/buy/?page=1&edid=BDEB9EF3-3BF1-B07B-8A1C-C78F2EDCBC2D&sortorder=asc&column=section HTTP/1.1" 404 -
47.128.35.61 - - [01/Nov/2024:04:14:59 +0100] "GET /ticket2/opencms/hr/buy/?catid=D8B345C9-F7A5-E620-4B43-C34EB0D6885B&comcatid=A17713B6-D984-201A-4143-ED4DB5ED5C2E&npage=2 HTTP/1.1" 200 129115
37.60.239.40 - - [01/Nov/2024:04:15:07 +0100] "GET /ticket2/opencms/dk/buy/?page=1&edid=22A17C81-63DD-246D-25C8-9F1B0441634F&sortorder=asc&column=section HTTP/1.1" 200 101139
54.36.148.108 - - [01/Nov/2024:04:15:07 +0100] "GET /ticket2/opencms/sk/buy/?page=1&edid=AC8F7448-8C97-BB58-DCF6-B6425E43C512 HTTP/1.1" 200 98620
217.182.175.120 - - [01/Nov/2024:04:15:08 +0100] "GET /ticket2/opencms/dk/no/buy/?page=1&edid=FD6F3B4B-A5BC-5248-5E75-2F9B37E37FBE&sortorder=asc&column=row HTTP/1.1" 404 -
216.244.66.238 - - [01/Nov/2024:04:15:09 +0100] "GET /ticket2/opencms/ka/buy?page=1&edid=46F37BE7-B2F6-BEA5-12C9-E1FFD36B0DD0 HTTP/1.1" 200 113792
183.179.150.46 - - [01/Nov/2024:04:15:11 +0100] "GET /ticket2/opencms/sv/venue/?venueid=E72B4D77-C56B-E2C9-EA79-7B286C1DB7CC HTTP/1.1" 200 87452
37.60.239.40 - - [01/Nov/2024:04:15:11 +0100] "GET /ticket2/opencms/dk/buy/?page=1&edid=23D83870-239A-66D6-55DA-D0C239CEB5E8 HTTP/1.1" 200 100659
216.244.66.237 - - [01/Nov/2024:04:15:17 +0100] "GET /ticket2/opencms/dk/robots.txt HTTP/1.1" 404 -
85.208.96.205 - - [01/Nov/2024:04:15:17 +0100] "GET /ticket2/opencms/cs/about/contact/ HTTP/1.1" 200 87375
47.128.114.249 - - [01/Nov/2024:04:15:20 +0100] "GET /ticket2/opencms/is/buy/?edid=A613B971-014E-0A66-B74F-2B30F695BCED HTTP/1.1" 200 81480
37.60.239.40 - - [01/Nov/2024:04:15:21 +0100] "GET /ticket2/opencms/dk/buy/?page=1&edid=243CE139-16E3-27B0-9E14-664999F785C0&sortorder=desc&column=price HTTP/1.1" 200 98688
124.243.132.219 - - [01/Nov/2024:04:15:22 +0100] "GET /ticket2/opencms/sv/sport/fotbollsbiljetter/la_liga/eibar HTTP/1.1" 200 89458
188.165.217.198 - - [01/Nov/2024:04:15:23 +0100] "GET /ticket2/opencms/se/sv/sell/?edid=64D27571-56AC-6DBD-97C1-AA8F4E5FC92F HTTP/1.1" 404 -
47.128.44.114 - - [01/Nov/2024:04:15:23 +0100] "GET /ticket2/opencms/ka/buy/?catid=8E4972FC-6E2C-77A4-BB9D-D67BD270A641&comcatid=0A6B8208-FDA4-E929-9D72-5312FD481B76 HTTP/1.1" 200 88911
217.182.175.120 - - [01/Nov/2024:04:15:24 +0100] "GET /ticket2/opencms/dk/no/buy/?page=1&edid=FD6F3B4B-A5BC-5248-5E75-2F9B37E37FBE&sortorder=asc&column=section HTTP/1.1" 404 -
54.36.148.95 - - [01/Nov/2024:04:15:27 +0100] "GET /ticket2/opencms/hr/buy/?page=1&edid=2A0AB201-68D6-81F4-4EF6-313AAEA5E454 HTTP/1.1" 200 101564
194.242.57.234 - - [01/Nov/2024:04:15:29 +0100] "GET /ticket2/opencms/se/sv/buy/?page=1&edid=BE586C03-4478-70C4-6628-1DFF9311B29A&sortorder=desc&column=price HTTP/1.1" 404 -
114.119.154.81 - - [01/Nov/2024:04:15:30 +0100] "GET /ticket2/opencms/en/venue/?countryid=87A625FD-F8B4-E412-121A-2F51AA59B0DD HTTP/1.1" 200 115976
37.60.239.40 - - [01/Nov/2024:04:15:30 +0100] "GET /ticket2/opencms/dk/buy/?page=1&edid=2613DD69-A091-815D-7114-9427CEFE3632&sortorder=desc&column=section HTTP/1.1" 200 101831
37.60.239.40 - - [01/Nov/2024:04:15:37 +0100] "GET /ticket2/opencms/dk/buy/?page=1&edid=26B722A8-A37B-F70B-4316-1551E2D204EA HTTP/1.1" 200 101336
47.128.111.236 - - [01/Nov/2024:04:15:38 +0100] "GET /ticket2/opencms/mo/buy/?catid=4C4DADF0-07CC-9B24-D2D9-940EF378BE99&comcatid=97ECA65A-72DA-F9AF-9DBB-245D3CFED1BE HTTP/1.1" 200 88808
183.179.150.46 - - [01/Nov/2024:04:15:44 +0100] "GET /ticket2/opencms/sv/venue/?venueid=E799C27E-3C6B-7355-BE99-13F16F21A4A5 HTTP/1.1" 200 87436
37.60.239.40 - - [01/Nov/2024:04:15:44 +0100] "GET /ticket2/opencms/dk/buy/?page=1&edid=2968CECB-C5E6-B033-A667-BDE7141C9B5E HTTP/1.1" 200 100645
217.182.175.120 - - [01/Nov/2024:04:15:46 +0100] "GET /ticket2/opencms/dk/no/buy/?page=1&edid=FF27455A-A259-2E61-E278-C658588A9BEE&sortorder=asc&column=price HTTP/1.1" 404 -
47.128.120.245 - - [01/Nov/2024:04:15:48 +0100] "GET /ticket2/opencms/pl/buy/?catid=FF8D7FE7-4B09-7305-01C7-2D47F7913EB8&comcatid=A17713B6-D984-201A-4143-ED4DB5ED5C2E HTTP/1.1" 200 93805
54.36.148.38 - - [01/Nov/2024:04:15:49 +0100] "GET /ticket2/opencms/fi/buy?comcatid=97ECA65A-72DA-F9AF-9DBB-245D3CFED1BE&catid=078F99D4-0B9E-E323-5A07-D7B70F6E8874 HTTP/1.1" 200 88751
168.119.65.61 - - [01/Nov/2024:04:15:49 +0100] "GET /ticket2/opencms/system/modules/com.gridnine.opencms.ticketbrokerage.site/resources/css/jquery-ui.css HTTP/1.1" 200 33221
168.119.65.61 - - [01/Nov/2024:04:15:49 +0100] "GET /ticket2/opencms/system/modules/com.gridnine.opencms.ticketbrokerage.site/resources/css/ticketbrokerage.css HTTP/1.1" 200 39339
168.119.65.61 - - [01/Nov/2024:04:15:49 +0100] "GET /ticket2/opencms/system/modules/com.gridnine.opencms.ticketbrokerage.site/resources/css/jquery.fancybox.css HTTP/1.1" 200 4939
168.119.65.61 - - [01/Nov/2024:04:15:49 +0100] "GET /ticket2/opencms/system/modules/com.gridnine.opencms.ticketbrokerage.site/resources/js/jquery/jquery-ui.js HTTP/1.1" 200 228088
168.119.65.61 - - [01/Nov/2024:04:15:49 +0100] "GET /ticket2/opencms/system/modules/com.gridnine.opencms.ticketbrokerage.site/resources/css/calendar.css HTTP/1.1" 200 6871
168.119.65.61 - - [01/Nov/2024:04:15:49 +0100] "GET /ticket2/opencms/system/modules/com.gridnine.opencms.ticketbrokerage.site/resources/css/standard.css HTTP/1.1" 200 73073
168.119.65.61 - - [01/Nov/2024:04:15:49 +0100] "GET /ticket2/opencms/system/modules/com.gridnine.opencms.ticketbrokerage.site/resources/js/calendar-setup.js HTTP/1.1" 200 4923
168.119.65.61 - - [01/Nov/2024:04:15:49 +0100] "GET /ticket2/opencms/system/modules/com.gridnine.opencms.ticketbrokerage.site/resources/js/calendar.js HTTP/1.1" 200 49229
168.119.65.61 - - [01/Nov/2024:04:15:49 +0100] "GET /ticket2/opencms/system/modules/com.gridnine.opencms.ticketbrokerage.site/resources/js/calendar-en.js HTTP/1.1" 200 3338
168.119.65.61 - - [01/Nov/2024:04:15:49 +0100] "GET /ticket2/opencms/system/modules/com.gridnine.opencms.ticketbrokerage.site/resources/js/functions.js HTTP/1.1" 200 1583
168.119.65.61 - - [01/Nov/2024:04:15:49 +0100] "GET /ticket2/opencms/system/modules/com.gridnine.opencms.ticketbrokerage.site/resources/js/jquery/jquery.js HTTP/1.1" 200 93868
168.119.65.61 - - [01/Nov/2024:04:15:50 +0100] "GET /ticket2/opencms/system/modules/com.gridnine.opencms.ticketbrokerage.site/resources/js/stickyfill.min.js HTTP/1.1" 200 5672
168.119.65.61 - - [01/Nov/2024:04:15:50 +0100] "GET /ticket2/opencms/system/modules/com.gridnine.opencms.ticketbrokerage.site/resources/js/jquery.fancybox.pack.js HTTP/1.1" 200 23187
168.119.65.61 - - [01/Nov/2024:04:15:50 +0100] "GET /ticket2/opencms/system/modules/com.gridnine.opencms.ticketbrokerage.site/resources/js/standard.js HTTP/1.1" 200 3978
168.119.65.61 - - [01/Nov/2024:04:15:50 +0100] "GET /ticket2/opencms/system/modules/com.gridnine.opencms.ticketbrokerage.site/resources/js/jquery.placeholder.min.js HTTP/1.1" 200 1737
168.119.65.61 - - [01/Nov/2024:04:15:50 +0100] "GET /ticket2/opencms/system/modules/com.gridnine.opencms.ticketbrokerage.site/resources/js/common-ajax.js HTTP/1.1" 200 20175
168.119.65.61 - - [01/Nov/2024:04:15:50 +0100] "GET /ticket2/opencms/system/modules/com.gridnine.opencms.ticketbrokerage.site/resources/js/standard.js HTTP/1.1" 200 3978
37.60.239.40 - - [01/Nov/2024:04:15:51 +0100] "GET /ticket2/opencms/dk/buy/?page=1&edid=2968CECB-C5E6-B033-A667-BDE7141C9B5E&sortorder=asc&column=section HTTP/1.1" 200 102015
183.179.150.46 - - [01/Nov/2024:04:15:52 +0100] "GET /ticket2/opencms/sv/venue/?venueid=E7CBED87-CC37-DDC1-BAD3-3002F8B0AD76 HTTP/1.1" 200 87491
54.36.149.66 - - [01/Nov/2024:04:15:56 +0100] "GET /ticket2/opencms/ga/login HTTP/1.1" 200 89742
54.36.148.228 - - [01/Nov/2024:04:15:59 +0100] "GET /ticket2/opencms/fi/buy?comcatid=97ECA65A-72DA-F9AF-9DBB-245D3CFED1BE&catid=2CCC191C-F37F-B9CA-D41C-1204E575B328 HTTP/1.1" 200 88753
168.119.65.125 - - [01/Nov/2024:04:15:59 +0100] "GET /ticket2/opencms/system/modules/com.gridnine.opencms.ticketbrokerage.site/resources/css/jquery-ui.css HTTP/1.1" 200 33221
168.119.65.125 - - [01/Nov/2024:04:15:59 +0100] "GET /ticket2/opencms/system/modules/com.gridnine.opencms.ticketbrokerage.site/resources/css/standard.css HTTP/1.1" 200 73073
168.119.65.125 - - [01/Nov/2024:04:15:59 +0100] "GET /ticket2/opencms/system/modules/com.gridnine.opencms.ticketbrokerage.site/resources/js/jquery/jquery.js HTTP/1.1" 200 93868
168.119.65.125 - - [01/Nov/2024:04:15:59 +0100] "GET /ticket2/opencms/system/modules/com.gridnine.opencms.ticketbrokerage.site/resources/css/calendar.css HTTP/1.1" 200 6871
168.119.65.125 - - [01/Nov/2024:04:15:59 +0100] "GET /ticket2/opencms/system/modules/com.gridnine.opencms.ticketbrokerage.site/resources/css/ticketbrokerage.css HTTP/1.1" 200 39339
168.119.65.125 - - [01/Nov/2024:04:15:59 +0100] "GET /ticket2/opencms/system/modules/com.gridnine.opencms.ticketbrokerage.site/resources/css/jquery.fancybox.css HTTP/1.1" 200 4939
168.119.65.125 - - [01/Nov/2024:04:15:59 +0100] "GET /ticket2/opencms/system/modules/com.gridnine.opencms.ticketbrokerage.site/resources/js/jquery/jquery-ui.js HTTP/1.1" 200 228088
168.119.65.125 - - [01/Nov/2024:04:15:59 +0100] "GET /ticket2/opencms/system/modules/com.gridnine.opencms.ticketbrokerage.site/resources/js/functions.js HTTP/1.1" 200 1583
168.119.65.125 - - [01/Nov/2024:04:15:59 +0100] "GET /ticket2/opencms/system/modules/com.gridnine.opencms.ticketbrokerage.site/resources/js/calendar-setup.js HTTP/1.1" 200 4923
168.119.65.125 - - [01/Nov/2024:04:15:59 +0100] "GET /ticket2/opencms/system/modules/com.gridnine.opencms.ticketbrokerage.site/resources/js/calendar-en.js HTTP/1.1" 200 3338
168.119.65.125 - - [01/Nov/2024:04:15:59 +0100] "GET /ticket2/opencms/system/modules/com.gridnine.opencms.ticketbrokerage.site/resources/js/calendar.js HTTP/1.1" 200 49229
168.119.65.125 - - [01/Nov/2024:04:15:59 +0100] "GET /ticket2/opencms/system/modules/com.gridnine.opencms.ticketbrokerage.site/resources/js/jquery.fancybox.pack.js HTTP/1.1" 200 23187
168.119.65.125 - - [01/Nov/2024:04:15:59 +0100] "GET /ticket2/opencms/system/modules/com.gridnine.opencms.ticketbrokerage.site/resources/js/stickyfill.min.js HTTP/1.1" 200 5672
168.119.65.125 - - [01/Nov/2024:04:15:59 +0100] "GET /ticket2/opencms/system/modules/com.gridnine.opencms.ticketbrokerage.site/resources/js/standard.js HTTP/1.1" 200 3978
168.119.65.125 - - [01/Nov/2024:04:15:59 +0100] "GET /ticket2/opencms/system/modules/com.gridnine.opencms.ticketbrokerage.site/resources/js/jquery.placeholder.min.js HTTP/1.1" 200 1737
168.119.65.125 - - [01/Nov/2024:04:15:59 +0100] "GET /ticket2/opencms/system/modules/com.gridnine.opencms.ticketbrokerage.site/resources/js/common-ajax.js HTTP/1.1" 200 20175
168.119.65.125 - - [01/Nov/2024:04:16:00 +0100] "GET /ticket2/opencms/system/modules/com.gridnine.opencms.ticketbrokerage.site/resources/js/standard.js HTTP/1.1" 200 3978
188.165.217.198 - - [01/Nov/2024:04:16:00 +0100] "GET /ticket2/opencms/se/sv/sell/?edid=66F18302-E0DD-6FD9-B441-CFEB57766EE8 HTTP/1.1" 404 -
37.60.239.40 - - [01/Nov/2024:04:16:00 +0100] "GET /ticket2/opencms/dk/buy/?page=1&edid=297D0C8C-3838-53BC-5AB4-556AD8618B60 HTTP/1.1" 200 99552
66.249.76.233 - - [01/Nov/2024:04:16:01 +0100] "GET /ticket2/opencms/sv/buy?page=1&edid=CFDE041F-037A-B632-AE94-CAAEED761C09 HTTP/1.1" 200 120985
216.244.66.238 - - [01/Nov/2024:04:16:02 +0100] "GET /ticket2/opencms/bs/buy?page=1&edid=51A5D069-B13F-51C4-FDC4-A41C718454A3 HTTP/1.1" 200 102437
54.36.148.103 - - [01/Nov/2024:04:16:08 +0100] "GET /ticket2/opencms/fi/buy?comcatid=97ECA65A-72DA-F9AF-9DBB-245D3CFED1BE&catid=2E79AED8-FF58-B4E8-AFB0-43E7CEBE7864 HTTP/1.1" 200 88749
195.154.123.99 - - [01/Nov/2024:04:16:09 +0100] "GET /ticket2/opencms/system/modules/com.gridnine.opencms.ticketbrokerage.site/resources/css/jquery-ui.css HTTP/1.1" 200 33221
37.60.239.40 - - [01/Nov/2024:04:16:09 +0100] "GET /ticket2/opencms/dk/buy/?page=1&edid=2B1AA646-ADF9-7B55-D435-A8E067CB534F HTTP/1.1" 200 98607
195.154.123.99 - - [01/Nov/2024:04:16:09 +0100] "GET /ticket2/opencms/system/modules/com.gridnine.opencms.ticketbrokerage.site/resources/css/calendar.css HTTP/1.1" 200 6871
195.154.123.99 - - [01/Nov/2024:04:16:09 +0100] "GET /ticket2/opencms/system/modules/com.gridnine.opencms.ticketbrokerage.site/resources/css/standard.css HTTP/1.1" 200 73073
195.154.123.99 - - [01/Nov/2024:04:16:09 +0100] "GET /ticket2/opencms/system/modules/com.gridnine.opencms.ticketbrokerage.site/resources/js/calendar.js HTTP/1.1" 200 49229
195.154.123.99 - - [01/Nov/2024:04:16:09 +0100] "GET /ticket2/opencms/system/modules/com.gridnine.opencms.ticketbrokerage.site/resources/css/jquery.fancybox.css HTTP/1.1" 200 4939
195.154.123.99 - - [01/Nov/2024:04:16:09 +0100] "GET /ticket2/opencms/system/modules/com.gridnine.opencms.ticketbrokerage.site/resources/css/ticketbrokerage.css HTTP/1.1" 200 39339
195.154.123.99 - - [01/Nov/2024:04:16:09 +0100] "GET /ticket2/opencms/system/modules/com.gridnine.opencms.ticketbrokerage.site/resources/js/calendar-setup.js HTTP/1.1" 200 4923
195.154.123.99 - - [01/Nov/2024:04:16:09 +0100] "GET /ticket2/opencms/system/modules/com.gridnine.opencms.ticketbrokerage.site/resources/js/calendar-en.js HTTP/1.1" 200 3338
195.154.123.99 - - [01/Nov/2024:04:16:09 +0100] "GET /ticket2/opencms/system/modules/com.gridnine.opencms.ticketbrokerage.site/resources/js/jquery/jquery.js HTTP/1.1" 200 93868
195.154.123.99 - - [01/Nov/2024:04:16:09 +0100] "GET /ticket2/opencms/system/modules/com.gridnine.opencms.ticketbrokerage.site/resources/js/jquery/jquery-ui.js HTTP/1.1" 200 228088
195.154.123.99 - - [01/Nov/2024:04:16:09 +0100] "GET /ticket2/opencms/system/modules/com.gridnine.opencms.ticketbrokerage.site/resources/js/functions.js HTTP/1.1" 200 1583
195.154.123.99 - - [01/Nov/2024:04:16:09 +0100] "GET /ticket2/opencms/system/modules/com.gridnine.opencms.ticketbrokerage.site/resources/js/jquery.fancybox.pack.js HTTP/1.1" 200 23187
195.154.123.99 - - [01/Nov/2024:04:16:09 +0100] "GET /ticket2/opencms/system/modules/com.gridnine.opencms.ticketbrokerage.site/resources/js/stickyfill.min.js HTTP/1.1" 200 5672
195.154.123.99 - - [01/Nov/2024:04:16:09 +0100] "GET /ticket2/opencms/system/modules/com.gridnine.opencms.ticketbrokerage.site/resources/js/standard.js HTTP/1.1" 200 3978
195.154.123.99 - - [01/Nov/2024:04:16:09 +0100] "GET /ticket2/opencms/system/modules/com.gridnine.opencms.ticketbrokerage.site/resources/js/jquery.placeholder.min.js HTTP/1.1" 200 1737
195.154.123.99 - - [01/Nov/2024:04:16:09 +0100] "GET /ticket2/opencms/system/modules/com.gridnine.opencms.ticketbrokerage.site/resources/js/common-ajax.js HTTP/1.1" 200 20175
217.182.175.120 - - [01/Nov/2024:04:16:10 +0100] "GET /ticket2/opencms/dk/no/buy/?page=1&edid=FF27455A-A259-2E61-E278-C658588A9BEE&sortorder=asc&column=row HTTP/1.1" 404 -
194.242.57.234 - - [01/Nov/2024:04:16:10 +0100] "GET /ticket2/opencms/se/sv/buy/?page=1&edid=BE586C03-4478-70C4-6628-1DFF9311B29A&sortorder=desc&column=row HTTP/1.1" 404 -
183.179.150.46 - - [01/Nov/2024:04:16:11 +0100] "GET /ticket2/opencms/sv/venue/?venueid=E7FBE66B-7C5F-E919-4130-134662E3910C HTTP/1.1" 200 87454
195.154.123.99 - - [01/Nov/2024:04:16:13 +0100] "GET /ticket2/opencms/system/modules/com.gridnine.opencms.ticketbrokerage.site/resources/js/standard.js HTTP/1.1" 200 3978
47.128.116.78 - - [01/Nov/2024:04:16:15 +0100] "GET /ticket2/opencms/sr/buy/?edid=8C15C2A6-6F0D-F124-996B-0D6AF34B41CB HTTP/1.1" 200 81862
37.60.239.40 - - [01/Nov/2024:04:16:16 +0100] "GET /ticket2/opencms/dk/buy/?page=1&edid=2B6D3461-C9C0-9978-9EF6-117AE7BAD9C4 HTTP/1.1" 200 97374
216.244.66.238 - - [01/Nov/2024:04:16:16 +0100] "GET /ticket2/opencms/nl/buy?page=1&edid=BA65675B-ADB5-F482-B91D-06897B158EA1 HTTP/1.1" 200 124000
183.179.150.46 - - [01/Nov/2024:04:16:19 +0100] "GET /ticket2/opencms/sv/venue/?venueid=E8164C8A-8873-243D-7C2E-FF36822B4188 HTTP/1.1" 200 87586
37.60.239.40 - - [01/Nov/2024:04:16:21 +0100] "GET /ticket2/opencms/dk/buy/?page=1&edid=2E3308C6-12D0-B50B-7958-3212AA58F984&sortorder=desc&column=row HTTP/1.1" 200 101844
54.36.148.202 - - [01/Nov/2024:04:16:24 +0100] "GET /ticket2/opencms/fi/buy?comcatid=97ECA65A-72DA-F9AF-9DBB-245D3CFED1BE&catid=7D3BEF66-5D88-3916-5B89-0E7B139E0169 HTTP/1.1" 200 88754
195.154.122.110 - - [01/Nov/2024:04:16:25 +0100] "GET /ticket2/opencms/system/modules/com.gridnine.opencms.ticketbrokerage.site/resources/css/ticketbrokerage.css HTTP/1.1" 200 39339
195.154.122.110 - - [01/Nov/2024:04:16:25 +0100] "GET /ticket2/opencms/system/modules/com.gridnine.opencms.ticketbrokerage.site/resources/css/standard.css HTTP/1.1" 200 73073
195.154.122.110 - - [01/Nov/2024:04:16:25 +0100] "GET /ticket2/opencms/system/modules/com.gridnine.opencms.ticketbrokerage.site/resources/js/calendar-en.js HTTP/1.1" 200 3338
195.154.122.110 - - [01/Nov/2024:04:16:25 +0100] "GET /ticket2/opencms/system/modules/com.gridnine.opencms.ticketbrokerage.site/resources/css/jquery.fancybox.css HTTP/1.1" 200 4939
195.154.122.110 - - [01/Nov/2024:04:16:25 +0100] "GET /ticket2/opencms/system/modules/com.gridnine.opencms.ticketbrokerage.site/resources/css/calendar.css HTTP/1.1" 200 6871
195.154.122.110 - - [01/Nov/2024:04:16:25 +0100] "GET /ticket2/opencms/system/modules/com.gridnine.opencms.ticketbrokerage.site/resources/css/jquery-ui.css HTTP/1.1" 200 33221
195.154.122.110 - - [01/Nov/2024:04:16:25 +0100] "GET /ticket2/opencms/system/modules/com.gridnine.opencms.ticketbrokerage.site/resources/js/stickyfill.min.js HTTP/1.1" 200 5672
195.154.122.110 - - [01/Nov/2024:04:16:25 +0100] "GET /ticket2/opencms/system/modules/com.gridnine.opencms.ticketbrokerage.site/resources/js/jquery.fancybox.pack.js HTTP/1.1" 200 23187
195.154.122.110 - - [01/Nov/2024:04:16:25 +0100] "GET /ticket2/opencms/system/modules/com.gridnine.opencms.ticketbrokerage.site/resources/js/jquery/jquery-ui.js HTTP/1.1" 200 228088
195.154.122.110 - - [01/Nov/2024:04:16:25 +0100] "GET /ticket2/opencms/system/modules/com.gridnine.opencms.ticketbrokerage.site/resources/js/jquery/jquery.js HTTP/1.1" 200 93868
195.154.122.110 - - [01/Nov/2024:04:16:25 +0100] "GET /ticket2/opencms/system/modules/com.gridnine.opencms.ticketbrokerage.site/resources/js/functions.js HTTP/1.1" 200 1583
195.154.122.110 - - [01/Nov/2024:04:16:25 +0100] "GET /ticket2/opencms/system/modules/com.gridnine.opencms.ticketbrokerage.site/resources/js/calendar-setup.js HTTP/1.1" 200 4923
195.154.122.110 - - [01/Nov/2024:04:16:25 +0100] "GET /ticket2/opencms/system/modules/com.gridnine.opencms.ticketbrokerage.site/resources/js/calendar.js HTTP/1.1" 200 49229
195.154.122.110 - - [01/Nov/2024:04:16:25 +0100] "GET /ticket2/opencms/system/modules/com.gridnine.opencms.ticketbrokerage.site/resources/js/standard.js HTTP/1.1" 200 3978
195.154.122.110 - - [01/Nov/2024:04:16:25 +0100] "GET /ticket2/opencms/system/modules/com.gridnine.opencms.ticketbrokerage.site/resources/js/jquery.placeholder.min.js HTTP/1.1" 200 1737
195.154.122.110 - - [01/Nov/2024:04:16:25 +0100] "GET /ticket2/opencms/system/modules/com.gridnine.opencms.ticketbrokerage.site/resources/js/common-ajax.js HTTP/1.1" 200 20175
195.154.122.110 - - [01/Nov/2024:04:16:25 +0100] "GET /ticket2/opencms/system/modules/com.gridnine.opencms.ticketbrokerage.site/resources/js/standard.js HTTP/1.1" 200 3978
183.179.150.46 - - [01/Nov/2024:04:16:26 +0100] "GET /ticket2/opencms/sv/venue/?venueid=E8185E56-FFAF-A64F-92CD-A3B859A1CE98 HTTP/1.1" 200 87454
37.60.239.40 - - [01/Nov/2024:04:16:27 +0100] "GET /ticket2/opencms/dk/buy/?page=1&edid=2E507560-4116-98C2-2DA7-8FBA6FB533EE HTTP/1.1" 200 100017
47.128.122.76 - - [01/Nov/2024:04:16:29 +0100] "GET /ticket2/opencms/az/buy/?catid=757E2DFB-33DA-9B34-8402-9F06B19D8409&comcatid=97ECA65A-72DA-F9AF-9DBB-245D3CFED1BE HTTP/1.1" 200 88820
188.165.217.198 - - [01/Nov/2024:04:16:31 +0100] "GET /ticket2/opencms/se/sv/sell/?edid=6749405D-9034-3134-6FC9-C3C39C417375 HTTP/1.1" 404 -
183.179.150.46 - - [01/Nov/2024:04:16:32 +0100] "GET /ticket2/opencms/sv/venue/?venueid=E9425025-3A6C-E9E0-2AE1-FBD6D1B8F3B9 HTTP/1.1" 200 87452
217.182.175.120 - - [01/Nov/2024:04:16:33 +0100] "GET /ticket2/opencms/dk/no/buy/?page=1&edid=FF27455A-A259-2E61-E278-C658588A9BEE&sortorder=asc&column=section HTTP/1.1" 404 -
37.60.239.40 - - [01/Nov/2024:04:16:34 +0100] "GET /ticket2/opencms/dk/buy/?page=1&edid=2E8F8574-F869-5C9B-22BD-92D7A3307EC4 HTTP/1.1" 200 100646
111.119.200.86 - - [01/Nov/2024:04:16:40 +0100] "GET /ticket2/opencms/en/buy?page=1&edid=B706C05D-BD6B-FE19-B612-CFC9E579BDC9 HTTP/1.1" 200 106172
37.60.239.40 - - [01/Nov/2024:04:16:41 +0100] "GET /ticket2/opencms/dk/buy/?page=1&edid=30735344-A998-8703-5EFE-812BF0531E5C HTTP/1.1" 200 97376
216.244.66.238 - - [01/Nov/2024:04:16:41 +0100] "GET /ticket2/opencms/ro/buy?page=1&edid=6475D7A3-1C6F-1847-BA55-C681B76735B1 HTTP/1.1" 200 102835
47.128.96.229 - - [01/Nov/2024:04:16:43 +0100] "GET /ticket2/opencms/mt/buy?catid=FCA7FF95-260A-464B-B6FF-A820FCE7DFEF&comcatid=0A6B8208-FDA4-E929-9D72-5312FD481B76&page=7 HTTP/1.1" 200 87827
54.36.148.2 - - [01/Nov/2024:04:16:44 +0100] "GET /ticket2/opencms/en/buy?comcatid=97ECA65A-72DA-F9AF-9DBB-245D3CFED1BE&catid=F7F89B9B-6697-7881-54AE-4C39276BF1B8 HTTP/1.1" 200 87015
168.119.68.187 - - [01/Nov/2024:04:16:44 +0100] "GET /ticket2/opencms/system/modules/com.gridnine.opencms.ticketbrokerage.site/resources/css/ticketbrokerage.css HTTP/1.1" 200 39339
168.119.68.187 - - [01/Nov/2024:04:16:44 +0100] "GET /ticket2/opencms/system/modules/com.gridnine.opencms.ticketbrokerage.site/resources/css/jquery-ui.css HTTP/1.1" 200 33221
168.119.68.187 - - [01/Nov/2024:04:16:44 +0100] "GET /ticket2/opencms/system/modules/com.gridnine.opencms.ticketbrokerage.site/resources/css/jquery.fancybox.css HTTP/1.1" 200 4939
168.119.68.187 - - [01/Nov/2024:04:16:44 +0100] "GET /ticket2/opencms/system/modules/com.gridnine.opencms.ticketbrokerage.site/resources/css/calendar.css HTTP/1.1" 200 6871
168.119.68.187 - - [01/Nov/2024:04:16:44 +0100] "GET /ticket2/opencms/system/modules/com.gridnine.opencms.ticketbrokerage.site/resources/js/jquery/jquery.js HTTP/1.1" 200 93868
168.119.68.187 - - [01/Nov/2024:04:16:44 +0100] "GET /ticket2/opencms/system/modules/com.gridnine.opencms.ticketbrokerage.site/resources/css/standard.css HTTP/1.1" 200 73073
168.119.68.187 - - [01/Nov/2024:04:16:44 +0100] "GET /ticket2/opencms/system/modules/com.gridnine.opencms.ticketbrokerage.site/resources/js/jquery/jquery-ui.js HTTP/1.1" 200 228088
168.119.68.187 - - [01/Nov/2024:04:16:44 +0100] "GET /ticket2/opencms/system/modules/com.gridnine.opencms.ticketbrokerage.site/resources/js/calendar-en.js HTTP/1.1" 200 3338
168.119.68.187 - - [01/Nov/2024:04:16:44 +0100] "GET /ticket2/opencms/system/modules/com.gridnine.opencms.ticketbrokerage.site/resources/js/calendar.js HTTP/1.1" 200 49229
168.119.68.187 - - [01/Nov/2024:04:16:44 +0100] "GET /ticket2/opencms/system/modules/com.gridnine.opencms.ticketbrokerage.site/resources/js/functions.js HTTP/1.1" 200 1583
168.119.68.187 - - [01/Nov/2024:04:16:44 +0100] "GET /ticket2/opencms/system/modules/com.gridnine.opencms.ticketbrokerage.site/resources/js/calendar-setup.js HTTP/1.1" 200 4923
168.119.68.187 - - [01/Nov/2024:04:16:44 +0100] "GET /ticket2/opencms/system/modules/com.gridnine.opencms.ticketbrokerage.site/resources/js/jquery.fancybox.pack.js HTTP/1.1" 200 23187
168.119.68.187 - - [01/Nov/2024:04:16:44 +0100] "GET /ticket2/opencms/system/modules/com.gridnine.opencms.ticketbrokerage.site/resources/js/stickyfill.min.js HTTP/1.1" 200 5672
168.119.68.187 - - [01/Nov/2024:04:16:44 +0100] "GET /ticket2/opencms/system/modules/com.gridnine.opencms.ticketbrokerage.site/resources/js/standard.js HTTP/1.1" 200 3978
168.119.68.187 - - [01/Nov/2024:04:16:44 +0100] "GET /ticket2/opencms/system/modules/com.gridnine.opencms.ticketbrokerage.site/resources/js/jquery.placeholder.min.js HTTP/1.1" 200 1737
168.119.68.187 - - [01/Nov/2024:04:16:44 +0100] "GET /ticket2/opencms/system/modules/com.gridnine.opencms.ticketbrokerage.site/resources/js/common-ajax.js HTTP/1.1" 200 20175
168.119.68.187 - - [01/Nov/2024:04:16:45 +0100] "GET /ticket2/opencms/system/modules/com.gridnine.opencms.ticketbrokerage.site/resources/js/standard.js HTTP/1.1" 200 3978
37.60.239.40 - - [01/Nov/2024:04:16:46 +0100] "GET /ticket2/opencms/dk/buy/?page=1&edid=31FC80C3-F408-0E0C-5F3A-C941F4BFE838&sortorder=desc&column=price HTTP/1.1" 200 102441
194.242.57.234 - - [01/Nov/2024:04:16:47 +0100] "GET /ticket2/opencms/se/sv/buy/?page=1&edid=BE586C03-4478-70C4-6628-1DFF9311B29A&sortorder=desc&column=section HTTP/1.1" 404 -
183.179.150.46 - - [01/Nov/2024:04:16:49 +0100] "GET /ticket2/opencms/sv/venue/?venueid=E9F5770B-3667-B4E4-5868-1FB30676C8DC HTTP/1.1" 200 87442
217.182.175.120 - - [01/Nov/2024:04:16:55 +0100] "GET /ticket2/opencms/dk/no/buy/?page=1&edid=FFE07777-DDB9-5433-81AF-71356C59190F&sortorder=asc&column=price HTTP/1.1" 404 -
69.171.230.2 - - [01/Nov/2024:04:16:56 +0100] "GET /ticket2/opencms/en HTTP/1.1" 200 94367
37.60.239.40 - - [01/Nov/2024:04:16:58 +0100] "GET /ticket2/opencms/dk/buy/?page=1&edid=32D997E3-A24F-C86C-83A0-CCE54BCFCF23&sortorder=desc&column=price HTTP/1.1" 200 98672
173.252.69.3 - - [01/Nov/2024:04:17:00 +0100] "GET /ticket2/opencms/en/buy/?comcatid=A17713B6-D984-201A-4143-ED4DB5ED5C2E HTTP/1.1" 200 248432
54.36.148.144 - - [01/Nov/2024:04:17:01 +0100] "GET /ticket2/opencms/fi/buy?comcatid=97ECA65A-72DA-F9AF-9DBB-245D3CFED1BE&catid=8B6802AF-1ADE-4BE1-A1F7-7671190CFB4F HTTP/1.1" 200 88754
168.119.68.242 - - [01/Nov/2024:04:17:02 +0100] "GET /ticket2/opencms/system/modules/com.gridnine.opencms.ticketbrokerage.site/resources/css/ticketbrokerage.css HTTP/1.1" 200 39339
168.119.68.242 - - [01/Nov/2024:04:17:02 +0100] "GET /ticket2/opencms/system/modules/com.gridnine.opencms.ticketbrokerage.site/resources/css/standard.css HTTP/1.1" 200 73073
168.119.68.242 - - [01/Nov/2024:04:17:02 +0100] "GET /ticket2/opencms/system/modules/com.gridnine.opencms.ticketbrokerage.site/resources/css/calendar.css HTTP/1.1" 200 6871
168.119.68.242 - - [01/Nov/2024:04:17:02 +0100] "GET /ticket2/opencms/system/modules/com.gridnine.opencms.ticketbrokerage.site/resources/css/jquery-ui.css HTTP/1.1" 200 33221
168.119.68.242 - - [01/Nov/2024:04:17:02 +0100] "GET /ticket2/opencms/system/modules/com.gridnine.opencms.ticketbrokerage.site/resources/css/jquery.fancybox.css HTTP/1.1" 200 4939
168.119.68.242 - - [01/Nov/2024:04:17:02 +0100] "GET /ticket2/opencms/system/modules/com.gridnine.opencms.ticketbrokerage.site/resources/js/jquery/jquery-ui.js HTTP/1.1" 200 228088
168.119.68.242 - - [01/Nov/2024:04:17:02 +0100] "GET /ticket2/opencms/system/modules/com.gridnine.opencms.ticketbrokerage.site/resources/js/functions.js HTTP/1.1" 200 1583
168.119.68.242 - - [01/Nov/2024:04:17:02 +0100] "GET /ticket2/opencms/system/modules/com.gridnine.opencms.ticketbrokerage.site/resources/js/calendar-en.js HTTP/1.1" 200 3338
168.119.68.242 - - [01/Nov/2024:04:17:02 +0100] "GET /ticket2/opencms/system/modules/com.gridnine.opencms.ticketbrokerage.site/resources/js/jquery/jquery.js HTTP/1.1" 200 93868
168.119.68.242 - - [01/Nov/2024:04:17:02 +0100] "GET /ticket2/opencms/system/modules/com.gridnine.opencms.ticketbrokerage.site/resources/js/calendar-setup.js HTTP/1.1" 200 4923
168.119.68.242 - - [01/Nov/2024:04:17:02 +0100] "GET /ticket2/opencms/system/modules/com.gridnine.opencms.ticketbrokerage.site/resources/js/calendar.js HTTP/1.1" 200 49229
168.119.68.242 - - [01/Nov/2024:04:17:02 +0100] "GET /ticket2/opencms/system/modules/com.gridnine.opencms.ticketbrokerage.site/resources/js/stickyfill.min.js HTTP/1.1" 200 5672
168.119.68.242 - - [01/Nov/2024:04:17:02 +0100] "GET /ticket2/opencms/system/modules/com.gridnine.opencms.ticketbrokerage.site/resources/js/jquery.fancybox.pack.js HTTP/1.1" 200 23187
168.119.68.242 - - [01/Nov/2024:04:17:02 +0100] "GET /ticket2/opencms/system/modules/com.gridnine.opencms.ticketbrokerage.site/resources/js/standard.js HTTP/1.1" 200 3978
168.119.68.242 - - [01/Nov/2024:04:17:02 +0100] "GET /ticket2/opencms/system/modules/com.gridnine.opencms.ticketbrokerage.site/resources/js/jquery.placeholder.min.js HTTP/1.1" 200 1737
168.119.68.242 - - [01/Nov/2024:04:17:02 +0100] "GET /ticket2/opencms/system/modules/com.gridnine.opencms.ticketbrokerage.site/resources/js/common-ajax.js HTTP/1.1" 200 20175
168.119.68.242 - - [01/Nov/2024:04:17:02 +0100] "GET /ticket2/opencms/system/modules/com.gridnine.opencms.ticketbrokerage.site/resources/js/standard.js HTTP/1.1" 200 3978
188.165.217.198 - - [01/Nov/2024:04:17:03 +0100] "GET /ticket2/opencms/se/sv/sell/?edid=67B7FBFB-E5E2-DC98-C507-5A3A18AC072D HTTP/1.1" 404 -
37.60.239.40 - - [01/Nov/2024:04:17:09 +0100] "GET /ticket2/opencms/dk/buy/?page=1&edid=32E593F0-DAB2-EBDA-D7C2-9EF9A183088B HTTP/1.1" 200 99598
217.182.175.120 - - [01/Nov/2024:04:17:15 +0100] "GET /ticket2/opencms/dk/no/buy/?page=1&edid=FFE07777-DDB9-5433-81AF-71356C59190F&sortorder=asc&column=row HTTP/1.1" 404 -
194.242.57.234 - - [01/Nov/2024:04:17:16 +0100] "GET /ticket2/opencms/se/sv/buy/?page=1&edid=BF518CE3-823D-3DE5-8DB6-2AEFD5B8D451&sortorder=desc&column=price HTTP/1.1" 404 -
37.60.239.40 - - [01/Nov/2024:04:17:17 +0100] "GET /ticket2/opencms/dk/buy/?page=1&edid=32E69975-519A-F857-DB3C-93270DB6803E&sortorder=desc&column=price HTTP/1.1" 200 101973
54.36.148.241 - - [01/Nov/2024:04:17:21 +0100] "GET /ticket2/opencms/fi/buy?comcatid=97ECA65A-72DA-F9AF-9DBB-245D3CFED1BE&catid=9457695E-36ED-A63E-7A88-32963954E2C7 HTTP/1.1" 200 88765
47.128.111.159 - - [01/Nov/2024:04:17:21 +0100] "GET /ticket2/opencms/el/buy/?catid=D8B345C9-F7A5-E620-4B43-C34EB0D6885B&comcatid=A17713B6-D984-201A-4143-ED4DB5ED5C2E&npage=2 HTTP/1.1" 200 130336
168.119.68.186 - - [01/Nov/2024:04:17:22 +0100] "GET /ticket2/opencms/system/modules/com.gridnine.opencms.ticketbrokerage.site/resources/css/standard.css HTTP/1.1" 200 73073
168.119.68.186 - - [01/Nov/2024:04:17:22 +0100] "GET /ticket2/opencms/system/modules/com.gridnine.opencms.ticketbrokerage.site/resources/css/jquery.fancybox.css HTTP/1.1" 200 4939
168.119.68.186 - - [01/Nov/2024:04:17:22 +0100] "GET /ticket2/opencms/system/modules/com.gridnine.opencms.ticketbrokerage.site/resources/css/jquery-ui.css HTTP/1.1" 200 33221
168.119.68.186 - - [01/Nov/2024:04:17:22 +0100] "GET /ticket2/opencms/system/modules/com.gridnine.opencms.ticketbrokerage.site/resources/css/ticketbrokerage.css HTTP/1.1" 200 39339
168.119.68.186 - - [01/Nov/2024:04:17:22 +0100] "GET /ticket2/opencms/system/modules/com.gridnine.opencms.ticketbrokerage.site/resources/js/calendar.js HTTP/1.1" 200 49229
168.119.68.186 - - [01/Nov/2024:04:17:22 +0100] "GET /ticket2/opencms/system/modules/com.gridnine.opencms.ticketbrokerage.site/resources/css/calendar.css HTTP/1.1" 200 6871
168.119.68.186 - - [01/Nov/2024:04:17:22 +0100] "GET /ticket2/opencms/system/modules/com.gridnine.opencms.ticketbrokerage.site/resources/js/jquery/jquery.js HTTP/1.1" 200 93868
168.119.68.186 - - [01/Nov/2024:04:17:22 +0100] "GET /ticket2/opencms/system/modules/com.gridnine.opencms.ticketbrokerage.site/resources/js/jquery/jquery-ui.js HTTP/1.1" 200 228088
168.119.68.186 - - [01/Nov/2024:04:17:22 +0100] "GET /ticket2/opencms/system/modules/com.gridnine.opencms.ticketbrokerage.site/resources/js/calendar-en.js HTTP/1.1" 200 3338
168.119.68.186 - - [01/Nov/2024:04:17:22 +0100] "GET /ticket2/opencms/system/modules/com.gridnine.opencms.ticketbrokerage.site/resources/js/functions.js HTTP/1.1" 200 1583
168.119.68.186 - - [01/Nov/2024:04:17:22 +0100] "GET /ticket2/opencms/system/modules/com.gridnine.opencms.ticketbrokerage.site/resources/js/calendar-setup.js HTTP/1.1" 200 4923
168.119.68.186 - - [01/Nov/2024:04:17:22 +0100] "GET /ticket2/opencms/system/modules/com.gridnine.opencms.ticketbrokerage.site/resources/js/jquery.fancybox.pack.js HTTP/1.1" 200 23187
168.119.68.186 - - [01/Nov/2024:04:17:22 +0100] "GET /ticket2/opencms/system/modules/com.gridnine.opencms.ticketbrokerage.site/resources/js/stickyfill.min.js HTTP/1.1" 200 5672
168.119.68.186 - - [01/Nov/2024:04:17:22 +0100] "GET /ticket2/opencms/system/modules/com.gridnine.opencms.ticketbrokerage.site/resources/js/standard.js HTTP/1.1" 200 3978
168.119.68.186 - - [01/Nov/2024:04:17:22 +0100] "GET /ticket2/opencms/system/modules/com.gridnine.opencms.ticketbrokerage.site/resources/js/jquery.placeholder.min.js HTTP/1.1" 200 1737
168.119.68.186 - - [01/Nov/2024:04:17:22 +0100] "GET /ticket2/opencms/system/modules/com.gridnine.opencms.ticketbrokerage.site/resources/js/common-ajax.js HTTP/1.1" 200 20175
168.119.68.186 - - [01/Nov/2024:04:17:22 +0100] "GET /ticket2/opencms/system/modules/com.gridnine.opencms.ticketbrokerage.site/resources/js/standard.js HTTP/1.1" 200 3978
69.171.230.3 - - [01/Nov/2024:04:17:24 +0100] "GET /ticket2/opencms/en/ HTTP/1.1" 200 94367
37.60.239.40 - - [01/Nov/2024:04:17:27 +0100] "GET /ticket2/opencms/dk/buy/?page=1&edid=32EF9398-FD82-4289-611A-D935E123059B&sortorder=desc&column=section HTTP/1.1" 200 101448
188.165.217.198 - - [01/Nov/2024:04:17:29 +0100] "GET /ticket2/opencms/se/sv/sell/?edid=69506FC1-DC51-E940-143C-703B80149366 HTTP/1.1" 404 -
37.60.239.40 - - [01/Nov/2024:04:17:34 +0100] "GET /ticket2/opencms/dk/buy/?page=1&edid=330D096A-AFB0-E946-100B-A9E0B03D6ED4 HTTP/1.1" 200 99792
217.182.175.120 - - [01/Nov/2024:04:17:34 +0100] "GET /ticket2/opencms/dk/no/buy/?page=1&edid=FFE07777-DDB9-5433-81AF-71356C59190F&sortorder=asc&column=section HTTP/1.1" 404 -
183.179.150.46 - - [01/Nov/2024:04:17:36 +0100] "GET /ticket2/opencms/sv/venue/?venueid=FBAFDD4B-DAD3-1027-F610-2E658B7C0EA4 HTTP/1.1" 200 87530
37.60.239.40 - - [01/Nov/2024:04:17:43 +0100] "GET /ticket2/opencms/dk/buy/?page=1&edid=33949892-80FF-C789-15D6-0024B57F2992 HTTP/1.1" 200 97376
194.242.57.234 - - [01/Nov/2024:04:17:43 +0100] "GET /ticket2/opencms/se/sv/buy/?page=1&edid=BF9154EC-7C2D-747D-A9A9-57938B1AB1EA&sortorder=desc&column=section HTTP/1.1" 404 -
54.36.148.66 - - [01/Nov/2024:04:17:47 +0100] "GET /ticket2/opencms/bs/buy/?page=1&edid=24658CB7-0503-4139-A73F-444B9F961692 HTTP/1.1" 200 98481
37.60.239.40 - - [01/Nov/2024:04:17:49 +0100] "GET /ticket2/opencms/dk/buy/?page=1&edid=390DC139-684B-981D-FD40-65227EC6F86F&sortorder=asc&column=section HTTP/1.1" 200 98745
217.182.175.120 - - [01/Nov/2024:04:17:57 +0100] "GET /ticket2/opencms/dk/no/buy/?page=6&comcatid=0A6B8208-FDA4-E929-9D72-5312FD481B76&catid=FCA7FF95-260A-464B-B6FF-A820FCE7DFEF&eventid=3E11F155-FD96-35DD-2686-CAF80A080D72 HTTP/1.1" 404 -
37.60.239.40 - - [01/Nov/2024:04:17:58 +0100] "GET /ticket2/opencms/dk/buy/?page=1&edid=3FCB9CEE-895D-725D-7D14-8EF1B7703A64&sortorder=desc&column=row HTTP/1.1" 200 100763
216.244.66.196 - - [01/Nov/2024:04:18:00 +0100] "GET /ticket2/opencms/venue/parc_des_prince.png HTTP/1.1" 200 44872
54.36.148.40 - - [01/Nov/2024:04:18:03 +0100] "GET /ticket2/opencms/fi/buy?comcatid=97ECA65A-72DA-F9AF-9DBB-245D3CFED1BE&catid=DA31441B-C568-3C77-D08C-698809032494 HTTP/1.1" 200 88749
168.119.65.54 - - [01/Nov/2024:04:18:03 +0100] "GET /ticket2/opencms/system/modules/com.gridnine.opencms.ticketbrokerage.site/resources/css/jquery.fancybox.css HTTP/1.1" 200 4939
168.119.65.54 - - [01/Nov/2024:04:18:03 +0100] "GET /ticket2/opencms/system/modules/com.gridnine.opencms.ticketbrokerage.site/resources/css/ticketbrokerage.css HTTP/1.1" 200 39339
168.119.65.54 - - [01/Nov/2024:04:18:03 +0100] "GET /ticket2/opencms/system/modules/com.gridnine.opencms.ticketbrokerage.site/resources/css/jquery-ui.css HTTP/1.1" 200 33221
168.119.65.54 - - [01/Nov/2024:04:18:03 +0100] "GET /ticket2/opencms/system/modules/com.gridnine.opencms.ticketbrokerage.site/resources/css/calendar.css HTTP/1.1" 200 6871
168.119.65.54 - - [01/Nov/2024:04:18:03 +0100] "GET /ticket2/opencms/system/modules/com.gridnine.opencms.ticketbrokerage.site/resources/js/jquery/jquery.js HTTP/1.1" 200 93868
168.119.65.54 - - [01/Nov/2024:04:18:03 +0100] "GET /ticket2/opencms/system/modules/com.gridnine.opencms.ticketbrokerage.site/resources/css/standard.css HTTP/1.1" 200 73073
168.119.65.54 - - [01/Nov/2024:04:18:03 +0100] "GET /ticket2/opencms/system/modules/com.gridnine.opencms.ticketbrokerage.site/resources/js/jquery/jquery-ui.js HTTP/1.1" 200 228088
168.119.65.54 - - [01/Nov/2024:04:18:03 +0100] "GET /ticket2/opencms/system/modules/com.gridnine.opencms.ticketbrokerage.site/resources/js/calendar.js HTTP/1.1" 200 49229
168.119.65.54 - - [01/Nov/2024:04:18:03 +0100] "GET /ticket2/opencms/system/modules/com.gridnine.opencms.ticketbrokerage.site/resources/js/calendar-en.js HTTP/1.1" 200 3338
168.119.65.54 - - [01/Nov/2024:04:18:03 +0100] "GET /ticket2/opencms/system/modules/com.gridnine.opencms.ticketbrokerage.site/resources/js/functions.js HTTP/1.1" 200 1583
168.119.65.54 - - [01/Nov/2024:04:18:03 +0100] "GET /ticket2/opencms/system/modules/com.gridnine.opencms.ticketbrokerage.site/resources/js/calendar-setup.js HTTP/1.1" 200 4923
168.119.65.54 - - [01/Nov/2024:04:18:03 +0100] "GET /ticket2/opencms/system/modules/com.gridnine.opencms.ticketbrokerage.site/resources/js/stickyfill.min.js HTTP/1.1" 200 5672
168.119.65.54 - - [01/Nov/2024:04:18:03 +0100] "GET /ticket2/opencms/system/modules/com.gridnine.opencms.ticketbrokerage.site/resources/js/jquery.fancybox.pack.js HTTP/1.1" 200 23187
168.119.65.54 - - [01/Nov/2024:04:18:03 +0100] "GET /ticket2/opencms/system/modules/com.gridnine.opencms.ticketbrokerage.site/resources/js/standard.js HTTP/1.1" 200 3978
168.119.65.54 - - [01/Nov/2024:04:18:03 +0100] "GET /ticket2/opencms/system/modules/com.gridnine.opencms.ticketbrokerage.site/resources/js/jquery.placeholder.min.js HTTP/1.1" 200 1737
49.0.206.9 - - [01/Nov/2024:04:18:03 +0100] "GET /ticket2/opencms/en/buy/?page=1&edid=5DBB4F23-1DC6-5854-92A3-8C0AF6152B4D HTTP/1.1" 200 112731
168.119.65.54 - - [01/Nov/2024:04:18:03 +0100] "GET /ticket2/opencms/system/modules/com.gridnine.opencms.ticketbrokerage.site/resources/js/common-ajax.js HTTP/1.1" 200 20175
168.119.65.54 - - [01/Nov/2024:04:18:04 +0100] "GET /ticket2/opencms/system/modules/com.gridnine.opencms.ticketbrokerage.site/resources/js/standard.js HTTP/1.1" 200 3978
40.77.167.51 - - [01/Nov/2024:04:18:05 +0100] "GET /ticket2/opencms/hr/login/ HTTP/1.1" 200 90236
194.242.57.234 - - [01/Nov/2024:04:18:06 +0100] "GET /ticket2/opencms/se/sv/buy/?page=1&edid=BFABCD8A-0370-5121-72EB-FB336CE4A45D&sortorder=asc&column=price HTTP/1.1" 404 -
47.128.57.203 - - [01/Nov/2024:04:18:06 +0100] "GET /ticket2/opencms/sk/buy/?edid=BAABB633-B2E8-EF46-E62A-5B4F0947927C HTTP/1.1" 200 81501
37.60.239.40 - - [01/Nov/2024:04:18:07 +0100] "GET /ticket2/opencms/dk/buy/?page=1&edid=3FCB9CEE-895D-725D-7D14-8EF1B7703A64&sortorder=desc&column=section HTTP/1.1" 200 100947
188.165.217.198 - - [01/Nov/2024:04:18:11 +0100] "GET /ticket2/opencms/se/sv/sell/?edid=6A0E76D9-4BC0-1E27-1E24-CADAE4F2D5B8 HTTP/1.1" 404 -
54.36.149.75 - - [01/Nov/2024:04:18:12 +0100] "GET /ticket2/opencms/hu/buy/?page=1&edid=2A0AB201-68D6-81F4-4EF6-313AAEA5E454 HTTP/1.1" 200 101844
47.128.111.197 - - [01/Nov/2024:04:18:13 +0100] "GET /ticket2/opencms/lv/buy/?catid=DA31441B-C568-3C77-D08C-698809032494&comcatid=97ECA65A-72DA-F9AF-9DBB-245D3CFED1BE HTTP/1.1" 200 88741
92.255.85.230 - - [01/Nov/2024:04:18:13 +0100] "GET /ticket2/opencms/ HTTP/1.1" 302 -
92.255.85.230 - - [01/Nov/2024:04:18:13 +0100] "GET /ticket2/opencms/en/ HTTP/1.1" 200 94367
183.179.150.46 - - [01/Nov/2024:04:18:13 +0100] "GET /ticket2/opencms/sv/venue/?venueid=FBF908CA-E5E9-0B3B-ECCB-170450BBE3A3 HTTP/1.1" 200 87455
37.60.239.40 - - [01/Nov/2024:04:18:15 +0100] "GET /ticket2/opencms/dk/buy/?page=1&edid=42626DA9-0BC1-838B-BAE0-C165FD91963D&sortorder=desc&column=price HTTP/1.1" 200 100854
217.182.175.120 - - [01/Nov/2024:04:18:17 +0100] "GET /ticket2/opencms/dk/no/buy/?page=6&comcatid=0A6B8208-FDA4-E929-9D72-5312FD481B76&catid=FCA7FF95-260A-464B-B6FF-A820FCE7DFEF&eventid=E9A23EEA-8BBF-BC63-B96E-F8E3DF2E407A HTTP/1.1" 404 -
66.220.149.44 - - [01/Nov/2024:04:18:18 +0100] "GET /ticket2/opencms/el/athlitismos/eisitiria-podosfairou/serie-a/roma/ HTTP/1.1" 200 109295
114.119.135.251 - - [01/Nov/2024:04:18:18 +0100] "GET /ticket2/opencms/en/venue/?venueid=9B137520-72B4-1150-AC79-9BCA4FCF5EB1 HTTP/1.1" 200 86603
85.208.96.200 - - [01/Nov/2024:04:18:20 +0100] "GET /ticket2/opencms/robots.txt HTTP/1.1" 200 773
183.179.150.46 - - [01/Nov/2024:04:18:21 +0100] "GET /ticket2/opencms/sv/venue/?venueid=FC8DDB09-F14A-5C0D-F847-DA242DC6B194 HTTP/1.1" 200 87469
85.208.96.209 - - [01/Nov/2024:04:18:22 +0100] "GET /ticket2/opencms/sl/sport/nogometne-vstopnice/english-championship/queens-park-rangers/ HTTP/1.1" 200 104286
37.60.239.40 - - [01/Nov/2024:04:18:24 +0100] "GET /ticket2/opencms/dk/buy/?page=1&edid=43C8C89A-EBA2-AC5D-8C6D-E2CF3D4F2F4A&sortorder=asc&column=price HTTP/1.1" 200 102451
183.179.150.46 - - [01/Nov/2024:04:18:28 +0100] "GET /ticket2/opencms/sv/venue/?venueid=FD61FD0F-7893-095D-0FF7-17503C5C1517 HTTP/1.1" 200 87461
54.36.148.23 - - [01/Nov/2024:04:18:29 +0100] "GET /ticket2/opencms/cs/buy/?page=1&edid=24658CB7-0503-4139-A73F-444B9F961692 HTTP/1.1" 200 98567
37.60.239.40 - - [01/Nov/2024:04:18:30 +0100] "GET /ticket2/opencms/dk/buy/?page=1&edid=44DC0991-CD90-58E9-8324-C69415726DC4&sortorder=desc&column=price HTTP/1.1" 200 101086
194.242.57.234 - - [01/Nov/2024:04:18:34 +0100] "GET /ticket2/opencms/se/sv/buy/?page=1&edid=BFABCD8A-0370-5121-72EB-FB336CE4A45D&sortorder=asc&column=row HTTP/1.1" 404 -
47.128.23.21 - - [01/Nov/2024:04:18:34 +0100] "GET /ticket2/opencms/is/buy/?edid=EE1094B0-5F8D-7F5A-3592-6F4F9BDBF532 HTTP/1.1" 200 81480
183.179.150.46 - - [01/Nov/2024:04:18:34 +0100] "GET /ticket2/opencms/sv/venue/?venueid=FD6D24AC-994F-5C37-30F4-5F926A8E4486 HTTP/1.1" 200 87448
37.60.239.40 - - [01/Nov/2024:04:18:39 +0100] "GET /ticket2/opencms/dk/buy/?page=1&edid=45CB8F22-42C0-7914-04D5-03069409FF8A&sortorder=desc&column=price HTTP/1.1" 200 100944
217.182.175.120 - - [01/Nov/2024:04:18:39 +0100] "GET /ticket2/opencms/dk/no/buy/?page=6&comcatid=97ECA65A-72DA-F9AF-9DBB-245D3CFED1BE&catid=9457695E-36ED-A63E-7A88-32963954E2C7&eventid=7FE4BFF1-A487-4966-4C32-B89BB36F86ED HTTP/1.1" 404 -
183.179.150.46 - - [01/Nov/2024:04:18:41 +0100] "GET /ticket2/opencms/sv/venue/?venueid=FD8E2085-4C66-B96B-FE96-170F5D626150 HTTP/1.1" 200 87463
185.191.171.1 - - [01/Nov/2024:04:18:42 +0100] "GET /ticket2/opencms/sv/sport/fotbollsbiljetter/uefa-champions-league/fc_spartak_moscow/ HTTP/1.1" 200 89293
37.60.239.40 - - [01/Nov/2024:04:18:44 +0100] "GET /ticket2/opencms/dk/buy/?page=1&edid=45CB8F22-42C0-7914-04D5-03069409FF8A&sortorder=desc&column=row HTTP/1.1" 200 100852
54.36.148.92 - - [01/Nov/2024:04:18:45 +0100] "GET /ticket2/opencms/el/buy/?page=1&edid=78314AF0-4634-069B-617B-0BA727735BF7 HTTP/1.1" 200 101249
188.165.217.198 - - [01/Nov/2024:04:18:45 +0100] "GET /ticket2/opencms/se/sv/sell/?edid=6B33CB5E-7804-9797-9A98-09B579901714 HTTP/1.1" 404 -
