54.36.149.82 - - [01/Nov/2024:03:59:33 +0100] "GET /ticket2/opencms/nl/buy?page=6&comcatid=A17713B6-D984-201A-4143-ED4DB5ED5C2E&catid=AE3FE643-AE41-BAA6-237D-5206D1B044A1 HTTP/1.1" 200 92554
195.154.122.63 - - [01/Nov/2024:03:59:33 +0100] "GET /ticket2/opencms/system/modules/com.gridnine.opencms.ticketbrokerage.site/resources/css/calendar.css HTTP/1.1" 200 6871
195.154.122.63 - - [01/Nov/2024:03:59:33 +0100] "GET /ticket2/opencms/system/modules/com.gridnine.opencms.ticketbrokerage.site/resources/css/jquery.fancybox.css HTTP/1.1" 200 4939
195.154.122.63 - - [01/Nov/2024:03:59:33 +0100] "GET /ticket2/opencms/system/modules/com.gridnine.opencms.ticketbrokerage.site/resources/css/standard.css HTTP/1.1" 200 73073
195.154.122.63 - - [01/Nov/2024:03:59:33 +0100] "GET /ticket2/opencms/system/modules/com.gridnine.opencms.ticketbrokerage.site/resources/css/jquery-ui.css HTTP/1.1" 200 33221
195.154.122.63 - - [01/Nov/2024:03:59:33 +0100] "GET /ticket2/opencms/system/modules/com.gridnine.opencms.ticketbrokerage.site/resources/js/jquery/jquery-ui.js HTTP/1.1" 200 228088
195.154.122.63 - - [01/Nov/2024:03:59:33 +0100] "GET /ticket2/opencms/system/modules/com.gridnine.opencms.ticketbrokerage.site/resources/css/ticketbrokerage.css HTTP/1.1" 200 39339
195.154.122.63 - - [01/Nov/2024:03:59:34 +0100] "GET /ticket2/opencms/system/modules/com.gridnine.opencms.ticketbrokerage.site/resources/js/functions.js HTTP/1.1" 200 1583
195.154.122.63 - - [01/Nov/2024:03:59:34 +0100] "GET /ticket2/opencms/system/modules/com.gridnine.opencms.ticketbrokerage.site/resources/js/jquery/jquery.js HTTP/1.1" 200 93868
195.154.122.63 - - [01/Nov/2024:03:59:34 +0100] "GET /ticket2/opencms/system/modules/com.gridnine.opencms.ticketbrokerage.site/resources/js/calendar.js HTTP/1.1" 200 49229
195.154.122.63 - - [01/Nov/2024:03:59:34 +0100] "GET /ticket2/opencms/system/modules/com.gridnine.opencms.ticketbrokerage.site/resources/js/calendar-en.js HTTP/1.1" 200 3338
195.154.122.63 - - [01/Nov/2024:03:59:34 +0100] "GET /ticket2/opencms/system/modules/com.gridnine.opencms.ticketbrokerage.site/resources/js/calendar-setup.js HTTP/1.1" 200 4923
195.154.122.63 - - [01/Nov/2024:03:59:34 +0100] "GET /ticket2/opencms/system/modules/com.gridnine.opencms.ticketbrokerage.site/resources/js/jquery.fancybox.pack.js HTTP/1.1" 200 23187
195.154.122.63 - - [01/Nov/2024:03:59:34 +0100] "GET /ticket2/opencms/system/modules/com.gridnine.opencms.ticketbrokerage.site/resources/js/stickyfill.min.js HTTP/1.1" 200 5672
195.154.122.63 - - [01/Nov/2024:03:59:34 +0100] "GET /ticket2/opencms/system/modules/com.gridnine.opencms.ticketbrokerage.site/resources/js/standard.js HTTP/1.1" 200 3978
195.154.122.63 - - [01/Nov/2024:03:59:34 +0100] "GET /ticket2/opencms/system/modules/com.gridnine.opencms.ticketbrokerage.site/resources/js/jquery.placeholder.min.js HTTP/1.1" 200 1737
195.154.122.63 - - [01/Nov/2024:03:59:34 +0100] "GET /ticket2/opencms/system/modules/com.gridnine.opencms.ticketbrokerage.site/resources/js/common-ajax.js HTTP/1.1" 200 20175
195.154.122.63 - - [01/Nov/2024:03:59:34 +0100] "GET /ticket2/opencms/system/modules/com.gridnine.opencms.ticketbrokerage.site/resources/js/standard.js HTTP/1.1" 200 3978
114.119.140.85 - - [01/Nov/2024:03:59:35 +0100] "GET /ticket2/opencms/en/venue/?venueid=267DBA39-B580-6CF8-7197-2F8B829B4979 HTTP/1.1" 200 86605
47.128.112.204 - - [01/Nov/2024:03:59:42 +0100] "GET /ticket2/opencms/bs/buy/?catid=88C381AD-5D76-A34D-AC15-A7129F8EF5BE&comcatid=A17713B6-D984-201A-4143-ED4DB5ED5C2E HTTP/1.1" 200 93747
54.36.149.7 - - [01/Nov/2024:03:59:50 +0100] "GET /ticket2/opencms/dk/magazine/article?title=lukke-transfervinduet-tidligere HTTP/1.1" 200 89352
47.128.51.85 - - [01/Nov/2024:04:00:03 +0100] "GET /ticket2/opencms/is/buy/?edid=2B9FDAA5-4F91-9556-CB1B-77F0011A2F02 HTTP/1.1" 200 81480
54.36.149.19 - - [01/Nov/2024:04:00:05 +0100] "GET /ticket2/opencms/fi/buy?comcatid=A17713B6-D984-201A-4143-ED4DB5ED5C2E&catid=A3372871-3019-08B8-80CE-74B78F441ACA HTTP/1.1" 200 94481
168.119.68.183 - - [01/Nov/2024:04:00:05 +0100] "GET /ticket2/opencms/system/modules/com.gridnine.opencms.ticketbrokerage.site/resources/css/jquery-ui.css HTTP/1.1" 200 33221
168.119.68.183 - - [01/Nov/2024:04:00:05 +0100] "GET /ticket2/opencms/system/modules/com.gridnine.opencms.ticketbrokerage.site/resources/css/ticketbrokerage.css HTTP/1.1" 200 39339
168.119.68.183 - - [01/Nov/2024:04:00:05 +0100] "GET /ticket2/opencms/system/modules/com.gridnine.opencms.ticketbrokerage.site/resources/css/calendar.css HTTP/1.1" 200 6871
168.119.68.183 - - [01/Nov/2024:04:00:05 +0100] "GET /ticket2/opencms/system/modules/com.gridnine.opencms.ticketbrokerage.site/resources/css/standard.css HTTP/1.1" 200 73073
168.119.68.183 - - [01/Nov/2024:04:00:05 +0100] "GET /ticket2/opencms/system/modules/com.gridnine.opencms.ticketbrokerage.site/resources/css/jquery.fancybox.css HTTP/1.1" 200 4939
168.119.68.183 - - [01/Nov/2024:04:00:05 +0100] "GET /ticket2/opencms/system/modules/com.gridnine.opencms.ticketbrokerage.site/resources/js/functions.js HTTP/1.1" 200 1583
168.119.68.183 - - [01/Nov/2024:04:00:05 +0100] "GET /ticket2/opencms/system/modules/com.gridnine.opencms.ticketbrokerage.site/resources/js/calendar-en.js HTTP/1.1" 200 3338
168.119.68.183 - - [01/Nov/2024:04:00:05 +0100] "GET /ticket2/opencms/system/modules/com.gridnine.opencms.ticketbrokerage.site/resources/js/calendar.js HTTP/1.1" 200 49229
168.119.68.183 - - [01/Nov/2024:04:00:05 +0100] "GET /ticket2/opencms/system/modules/com.gridnine.opencms.ticketbrokerage.site/resources/js/calendar-setup.js HTTP/1.1" 200 4923
168.119.68.183 - - [01/Nov/2024:04:00:05 +0100] "GET /ticket2/opencms/system/modules/com.gridnine.opencms.ticketbrokerage.site/resources/js/jquery.fancybox.pack.js HTTP/1.1" 200 23187
168.119.68.183 - - [01/Nov/2024:04:00:05 +0100] "GET /ticket2/opencms/system/modules/com.gridnine.opencms.ticketbrokerage.site/resources/js/jquery/jquery-ui.js HTTP/1.1" 200 228088
168.119.68.183 - - [01/Nov/2024:04:00:05 +0100] "GET /ticket2/opencms/system/modules/com.gridnine.opencms.ticketbrokerage.site/resources/js/stickyfill.min.js HTTP/1.1" 200 5672
168.119.68.183 - - [01/Nov/2024:04:00:05 +0100] "GET /ticket2/opencms/system/modules/com.gridnine.opencms.ticketbrokerage.site/resources/js/jquery/jquery.js HTTP/1.1" 200 93868
168.119.68.183 - - [01/Nov/2024:04:00:05 +0100] "GET /ticket2/opencms/system/modules/com.gridnine.opencms.ticketbrokerage.site/resources/js/standard.js HTTP/1.1" 200 3978
168.119.68.183 - - [01/Nov/2024:04:00:05 +0100] "GET /ticket2/opencms/system/modules/com.gridnine.opencms.ticketbrokerage.site/resources/js/jquery.placeholder.min.js HTTP/1.1" 200 1737
168.119.68.183 - - [01/Nov/2024:04:00:05 +0100] "GET /ticket2/opencms/system/modules/com.gridnine.opencms.ticketbrokerage.site/resources/js/common-ajax.js HTTP/1.1" 200 20175
168.119.68.183 - - [01/Nov/2024:04:00:06 +0100] "GET /ticket2/opencms/system/modules/com.gridnine.opencms.ticketbrokerage.site/resources/js/standard.js HTTP/1.1" 200 3978
47.128.61.33 - - [01/Nov/2024:04:00:08 +0100] "GET /ticket2/opencms/mt/buy?comcatid=A17713B6-D984-201A-4143-ED4DB5ED5C2E&npage=7 HTTP/1.1" 200 158351
54.36.148.146 - - [01/Nov/2024:04:00:14 +0100] "GET /ticket2/opencms/dk/buy?page=6&comcatid=97ECA65A-72DA-F9AF-9DBB-245D3CFED1BE&catid=9457695E-36ED-A63E-7A88-32963954E2C7 HTTP/1.1" 200 87729
135.181.213.219 - - [01/Nov/2024:04:00:23 +0100] "GET /ticket2/opencms/robots.txt HTTP/1.1" 200 773
54.36.149.106 - - [01/Nov/2024:04:00:24 +0100] "GET /ticket2/opencms/en/venue/?venueid=E1C1AF0B-A1AF-29FD-C99C-5BA6293FC199 HTTP/1.1" 200 86588
135.181.213.219 - - [01/Nov/2024:04:00:26 +0100] "GET /ticket2/opencms/sv/buy/?page=1&edid=00111C9B-5E02-77E7-9B39-8EFC1235AF29 HTTP/1.1" 200 107218
135.181.213.219 - - [01/Nov/2024:04:00:29 +0100] "GET /ticket2/opencms/sv/buy/?page=1&edid=00653391-A813-563B-EC42-2A1E972F6570 HTTP/1.1" 200 99844
114.119.141.206 - - [01/Nov/2024:04:00:33 +0100] "GET /ticket2/opencms/en/venue/?venueid=1C245787-B670-B45B-9FDB-63071D66AAAA HTTP/1.1" 200 86575
47.128.115.129 - - [01/Nov/2024:04:00:33 +0100] "GET /ticket2/opencms/az/selling_tickets/ HTTP/1.1" 500 -
54.36.149.3 - - [01/Nov/2024:04:00:35 +0100] "GET /ticket2/opencms/no/buy?page=6&comcatid=A17713B6-D984-201A-4143-ED4DB5ED5C2E&catid=7ACC33AD-EE7E-AAA7-9050-0F4587759B87 HTTP/1.1" 200 94293
195.154.126.95 - - [01/Nov/2024:04:00:35 +0100] "GET /ticket2/opencms/system/modules/com.gridnine.opencms.ticketbrokerage.site/resources/css/ticketbrokerage.css HTTP/1.1" 200 39339
195.154.126.95 - - [01/Nov/2024:04:00:35 +0100] "GET /ticket2/opencms/system/modules/com.gridnine.opencms.ticketbrokerage.site/resources/css/jquery-ui.css HTTP/1.1" 200 33221
195.154.126.95 - - [01/Nov/2024:04:00:35 +0100] "GET /ticket2/opencms/system/modules/com.gridnine.opencms.ticketbrokerage.site/resources/css/standard.css HTTP/1.1" 200 73073
195.154.126.95 - - [01/Nov/2024:04:00:35 +0100] "GET /ticket2/opencms/system/modules/com.gridnine.opencms.ticketbrokerage.site/resources/css/calendar.css HTTP/1.1" 200 6871
195.154.126.95 - - [01/Nov/2024:04:00:35 +0100] "GET /ticket2/opencms/system/modules/com.gridnine.opencms.ticketbrokerage.site/resources/css/jquery.fancybox.css HTTP/1.1" 200 4939
195.154.126.95 - - [01/Nov/2024:04:00:35 +0100] "GET /ticket2/opencms/system/modules/com.gridnine.opencms.ticketbrokerage.site/resources/js/calendar.js HTTP/1.1" 200 49229
195.154.126.95 - - [01/Nov/2024:04:00:35 +0100] "GET /ticket2/opencms/system/modules/com.gridnine.opencms.ticketbrokerage.site/resources/js/calendar-en.js HTTP/1.1" 200 3338
195.154.126.95 - - [01/Nov/2024:04:00:35 +0100] "GET /ticket2/opencms/system/modules/com.gridnine.opencms.ticketbrokerage.site/resources/js/jquery.fancybox.pack.js HTTP/1.1" 200 23187
195.154.126.95 - - [01/Nov/2024:04:00:35 +0100] "GET /ticket2/opencms/system/modules/com.gridnine.opencms.ticketbrokerage.site/resources/js/stickyfill.min.js HTTP/1.1" 200 5672
195.154.126.95 - - [01/Nov/2024:04:00:35 +0100] "GET /ticket2/opencms/system/modules/com.gridnine.opencms.ticketbrokerage.site/resources/js/jquery/jquery.js HTTP/1.1" 200 93868
195.154.126.95 - - [01/Nov/2024:04:00:35 +0100] "GET /ticket2/opencms/system/modules/com.gridnine.opencms.ticketbrokerage.site/resources/js/calendar-setup.js HTTP/1.1" 200 4923
195.154.126.95 - - [01/Nov/2024:04:00:35 +0100] "GET /ticket2/opencms/system/modules/com.gridnine.opencms.ticketbrokerage.site/resources/js/jquery/jquery-ui.js HTTP/1.1" 200 228088
195.154.126.95 - - [01/Nov/2024:04:00:35 +0100] "GET /ticket2/opencms/system/modules/com.gridnine.opencms.ticketbrokerage.site/resources/js/functions.js HTTP/1.1" 200 1583
195.154.126.95 - - [01/Nov/2024:04:00:35 +0100] "GET /ticket2/opencms/system/modules/com.gridnine.opencms.ticketbrokerage.site/resources/js/standard.js HTTP/1.1" 200 3978
195.154.126.95 - - [01/Nov/2024:04:00:36 +0100] "GET /ticket2/opencms/system/modules/com.gridnine.opencms.ticketbrokerage.site/resources/js/jquery.placeholder.min.js HTTP/1.1" 200 1737
195.154.126.95 - - [01/Nov/2024:04:00:36 +0100] "GET /ticket2/opencms/system/modules/com.gridnine.opencms.ticketbrokerage.site/resources/js/common-ajax.js HTTP/1.1" 200 20175
195.154.126.95 - - [01/Nov/2024:04:00:36 +0100] "GET /ticket2/opencms/system/modules/com.gridnine.opencms.ticketbrokerage.site/resources/js/standard.js HTTP/1.1" 200 3978
119.8.186.158 - - [01/Nov/2024:04:00:44 +0100] "GET /ticket2/opencms/en/buy/?page=1&edid=20146FB3-A7AB-AA61-9E1A-7C70A530633D HTTP/1.1" 200 113606
135.181.213.219 - - [01/Nov/2024:04:00:45 +0100] "GET /ticket2/opencms/sv/buy/?page=1&edid=024D7C2D-2C94-4F3D-036F-1C2D91C6E2B4 HTTP/1.1" 200 104235
135.181.213.219 - - [01/Nov/2024:04:00:48 +0100] "GET /ticket2/opencms/sv/buy/?page=1&edid=04B0DB48-8735-9FEB-09F8-41C9C1D4D32E HTTP/1.1" 200 107028
54.36.148.38 - - [01/Nov/2024:04:00:51 +0100] "GET /ticket2/opencms/no/buy?page=6&comcatid=A17713B6-D984-201A-4143-ED4DB5ED5C2E&catid=3A7AEA37-903D-9533-4B33-21B0001FF1D1 HTTP/1.1" 200 94292
135.181.213.219 - - [01/Nov/2024:04:00:51 +0100] "GET /ticket2/opencms/sv/buy/?page=1&edid=06DFD1FD-C998-D215-F69E-5752E4CF3A89 HTTP/1.1" 200 97714
195.154.122.248 - - [01/Nov/2024:04:00:51 +0100] "GET /ticket2/opencms/system/modules/com.gridnine.opencms.ticketbrokerage.site/resources/css/jquery-ui.css HTTP/1.1" 200 33221
195.154.122.248 - - [01/Nov/2024:04:00:51 +0100] "GET /ticket2/opencms/system/modules/com.gridnine.opencms.ticketbrokerage.site/resources/css/jquery.fancybox.css HTTP/1.1" 200 4939
195.154.122.248 - - [01/Nov/2024:04:00:51 +0100] "GET /ticket2/opencms/system/modules/com.gridnine.opencms.ticketbrokerage.site/resources/css/standard.css HTTP/1.1" 200 73073
195.154.122.248 - - [01/Nov/2024:04:00:51 +0100] "GET /ticket2/opencms/system/modules/com.gridnine.opencms.ticketbrokerage.site/resources/css/ticketbrokerage.css HTTP/1.1" 200 39339
195.154.122.248 - - [01/Nov/2024:04:00:51 +0100] "GET /ticket2/opencms/system/modules/com.gridnine.opencms.ticketbrokerage.site/resources/js/stickyfill.min.js HTTP/1.1" 200 5672
195.154.122.248 - - [01/Nov/2024:04:00:51 +0100] "GET /ticket2/opencms/system/modules/com.gridnine.opencms.ticketbrokerage.site/resources/css/calendar.css HTTP/1.1" 200 6871
195.154.122.248 - - [01/Nov/2024:04:00:51 +0100] "GET /ticket2/opencms/system/modules/com.gridnine.opencms.ticketbrokerage.site/resources/js/jquery.fancybox.pack.js HTTP/1.1" 200 23187
195.154.122.248 - - [01/Nov/2024:04:00:51 +0100] "GET /ticket2/opencms/system/modules/com.gridnine.opencms.ticketbrokerage.site/resources/js/functions.js HTTP/1.1" 200 1583
195.154.122.248 - - [01/Nov/2024:04:00:51 +0100] "GET /ticket2/opencms/system/modules/com.gridnine.opencms.ticketbrokerage.site/resources/js/jquery/jquery.js HTTP/1.1" 200 93868
195.154.122.248 - - [01/Nov/2024:04:00:51 +0100] "GET /ticket2/opencms/system/modules/com.gridnine.opencms.ticketbrokerage.site/resources/js/calendar-setup.js HTTP/1.1" 200 4923
195.154.122.248 - - [01/Nov/2024:04:00:51 +0100] "GET /ticket2/opencms/system/modules/com.gridnine.opencms.ticketbrokerage.site/resources/js/calendar-en.js HTTP/1.1" 200 3338
195.154.122.248 - - [01/Nov/2024:04:00:51 +0100] "GET /ticket2/opencms/system/modules/com.gridnine.opencms.ticketbrokerage.site/resources/js/calendar.js HTTP/1.1" 200 49229
195.154.122.248 - - [01/Nov/2024:04:00:51 +0100] "GET /ticket2/opencms/system/modules/com.gridnine.opencms.ticketbrokerage.site/resources/js/jquery/jquery-ui.js HTTP/1.1" 200 228088
195.154.122.248 - - [01/Nov/2024:04:00:51 +0100] "GET /ticket2/opencms/system/modules/com.gridnine.opencms.ticketbrokerage.site/resources/js/standard.js HTTP/1.1" 200 3978
195.154.122.248 - - [01/Nov/2024:04:00:52 +0100] "GET /ticket2/opencms/system/modules/com.gridnine.opencms.ticketbrokerage.site/resources/js/jquery.placeholder.min.js HTTP/1.1" 200 1737
195.154.122.248 - - [01/Nov/2024:04:00:52 +0100] "GET /ticket2/opencms/system/modules/com.gridnine.opencms.ticketbrokerage.site/resources/js/common-ajax.js HTTP/1.1" 200 20175
195.154.122.248 - - [01/Nov/2024:04:00:54 +0100] "GET /ticket2/opencms/system/modules/com.gridnine.opencms.ticketbrokerage.site/resources/js/standard.js HTTP/1.1" 200 3978
135.181.213.219 - - [01/Nov/2024:04:00:54 +0100] "GET /ticket2/opencms/sv/buy/?page=1&edid=076A36E1-8459-8F83-1ADB-054D354A81CB HTTP/1.1" 200 97713
85.208.96.210 - - [01/Nov/2024:04:00:57 +0100] "GET /ticket2/opencms/robots.txt HTTP/1.1" 200 773
135.181.213.219 - - [01/Nov/2024:04:00:58 +0100] "GET /ticket2/opencms/sv/buy/?page=1&edid=0AB966ED-711A-1DD6-BBD9-5029029D10A0 HTTP/1.1" 200 110881
185.191.171.3 - - [01/Nov/2024:04:00:58 +0100] "GET /ticket2/opencms/en/sport/football-tickets/premier_league/tottenham/ HTTP/1.1" 200 95465
54.36.148.238 - - [01/Nov/2024:04:00:59 +0100] "GET /ticket2/opencms/ga/buy?page=1&edid=B7C31852-4938-05B8-A23C-0248E7A3D5BA HTTP/1.1" 200 123950
52.167.144.145 - - [01/Nov/2024:04:00:59 +0100] "GET /ticket2/opencms/en/buy?page=1&edid=73A88563-7759-0E47-FDEF-C8A00CE04F94 HTTP/1.1" 200 109714
135.181.213.219 - - [01/Nov/2024:04:01:01 +0100] "GET /ticket2/opencms/sv/buy/?page=1&edid=0ABF5308-5A84-07C0-4649-8691D025AC4F HTTP/1.1" 200 115788
185.191.171.6 - - [01/Nov/2024:04:01:02 +0100] "GET /ticket2/opencms/uk/sport/kvytky-na-futbol/la-liga/deportivo_alaves/ HTTP/1.1" 200 109784
135.181.213.219 - - [01/Nov/2024:04:01:04 +0100] "GET /ticket2/opencms/sv/buy/?page=1&edid=0CBED0CE-AD48-5853-8CA7-767C378C5971 HTTP/1.1" 200 107208
173.252.83.113 - - [01/Nov/2024:04:01:05 +0100] "GET /ticket2/opencms/sr/buy?page=1&edid=1AD4E11C-C792-1721-4D1A-2229101A30FD HTTP/1.1" 200 135746
185.194.39.14 - - [01/Nov/2024:04:01:07 +0100] "GET /ticket2/opencms/es/deporte/entradas-futbol/ligue-1/paris-saint-germain HTTP/1.1" 200 100385
185.194.39.14 - - [01/Nov/2024:04:01:07 +0100] "GET /ticket2/opencms/system/modules/com.gridnine.opencms.ticketbrokerage.site/resources/css/ticketbrokerage.css HTTP/1.1" 200 39339
185.194.39.14 - - [01/Nov/2024:04:01:07 +0100] "GET /ticket2/opencms/system/modules/com.gridnine.opencms.ticketbrokerage.site/resources/css/calendar.css HTTP/1.1" 200 6871
185.194.39.14 - - [01/Nov/2024:04:01:07 +0100] "GET /ticket2/opencms/system/modules/com.gridnine.opencms.ticketbrokerage.site/resources/css/jquery-ui.css HTTP/1.1" 200 33221
185.194.39.14 - - [01/Nov/2024:04:01:07 +0100] "GET /ticket2/opencms/system/modules/com.gridnine.opencms.ticketbrokerage.site/resources/css/jquery.fancybox.css HTTP/1.1" 200 4939
185.194.39.14 - - [01/Nov/2024:04:01:07 +0100] "GET /ticket2/opencms/system/modules/com.gridnine.opencms.ticketbrokerage.site/resources/css/standard.css HTTP/1.1" 200 73073
185.194.39.14 - - [01/Nov/2024:04:01:07 +0100] "GET /ticket2/opencms/system/modules/com.gridnine.opencms.ticketbrokerage.site/resources/js/jquery/jquery.js HTTP/1.1" 200 93868
185.194.39.14 - - [01/Nov/2024:04:01:07 +0100] "GET /ticket2/opencms/system/modules/com.gridnine.opencms.ticketbrokerage.site/resources/js/jquery/jquery-ui.js HTTP/1.1" 200 228088
185.194.39.14 - - [01/Nov/2024:04:01:07 +0100] "GET /ticket2/opencms/system/modules/com.gridnine.opencms.ticketbrokerage.site/resources/js/functions.js HTTP/1.1" 200 1583
185.194.39.14 - - [01/Nov/2024:04:01:07 +0100] "GET /ticket2/opencms/system/modules/com.gridnine.opencms.ticketbrokerage.site/resources/js/calendar-en.js HTTP/1.1" 200 3338
185.194.39.14 - - [01/Nov/2024:04:01:07 +0100] "GET /ticket2/opencms/system/modules/com.gridnine.opencms.ticketbrokerage.site/resources/js/calendar.js HTTP/1.1" 200 49229
185.194.39.14 - - [01/Nov/2024:04:01:07 +0100] "GET /ticket2/opencms/system/modules/com.gridnine.opencms.ticketbrokerage.site/resources/js/calendar-setup.js HTTP/1.1" 200 4923
185.194.39.14 - - [01/Nov/2024:04:01:07 +0100] "GET /ticket2/opencms/system/modules/com.gridnine.opencms.ticketbrokerage.site/resources/js/jquery.fancybox.pack.js HTTP/1.1" 200 23187
135.181.213.219 - - [01/Nov/2024:04:01:07 +0100] "GET /ticket2/opencms/sv/buy/?page=1&edid=0DB0B92F-3B3A-E824-76FA-F690AF646C74 HTTP/1.1" 200 97681
185.194.39.14 - - [01/Nov/2024:04:01:07 +0100] "GET /ticket2/opencms/system/modules/com.gridnine.opencms.ticketbrokerage.site/resources/js/stickyfill.min.js HTTP/1.1" 200 5672
185.194.39.14 - - [01/Nov/2024:04:01:08 +0100] "GET /ticket2/opencms/system/modules/com.gridnine.opencms.ticketbrokerage.site/resources/js/standard.js HTTP/1.1" 200 3978
185.194.39.14 - - [01/Nov/2024:04:01:08 +0100] "GET /ticket2/opencms/system/modules/com.gridnine.opencms.ticketbrokerage.site/resources/js/common-ajax.js HTTP/1.1" 200 20175
185.194.39.14 - - [01/Nov/2024:04:01:08 +0100] "GET /ticket2/opencms/system/modules/com.gridnine.opencms.ticketbrokerage.site/resources/js/jquery.placeholder.min.js HTTP/1.1" 200 1737
135.181.213.219 - - [01/Nov/2024:04:01:11 +0100] "GET /ticket2/opencms/sv/buy/?page=1&edid=0EEA539C-CE62-5C9B-1748-3C47F0459AFF HTTP/1.1" 200 107014
135.181.213.219 - - [01/Nov/2024:04:01:14 +0100] "GET /ticket2/opencms/sv/buy/?page=1&edid=0F5B2278-CB2B-6519-1D28-92A45D61B015 HTTP/1.1" 200 107733
54.36.148.58 - - [01/Nov/2024:04:01:14 +0100] "GET /ticket2/opencms/no/buy?page=6&comcatid=A17713B6-D984-201A-4143-ED4DB5ED5C2E&catid=AE3FE643-AE41-BAA6-237D-5206D1B044A1 HTTP/1.1" 200 94298
195.154.122.123 - - [01/Nov/2024:04:01:15 +0100] "GET /ticket2/opencms/system/modules/com.gridnine.opencms.ticketbrokerage.site/resources/css/jquery-ui.css HTTP/1.1" 200 33221
195.154.122.123 - - [01/Nov/2024:04:01:15 +0100] "GET /ticket2/opencms/system/modules/com.gridnine.opencms.ticketbrokerage.site/resources/css/standard.css HTTP/1.1" 200 73073
195.154.122.123 - - [01/Nov/2024:04:01:15 +0100] "GET /ticket2/opencms/system/modules/com.gridnine.opencms.ticketbrokerage.site/resources/css/jquery.fancybox.css HTTP/1.1" 200 4939
195.154.122.123 - - [01/Nov/2024:04:01:15 +0100] "GET /ticket2/opencms/system/modules/com.gridnine.opencms.ticketbrokerage.site/resources/js/functions.js HTTP/1.1" 200 1583
195.154.122.123 - - [01/Nov/2024:04:01:15 +0100] "GET /ticket2/opencms/system/modules/com.gridnine.opencms.ticketbrokerage.site/resources/css/calendar.css HTTP/1.1" 200 6871
195.154.122.123 - - [01/Nov/2024:04:01:15 +0100] "GET /ticket2/opencms/system/modules/com.gridnine.opencms.ticketbrokerage.site/resources/css/ticketbrokerage.css HTTP/1.1" 200 39339
195.154.122.123 - - [01/Nov/2024:04:01:15 +0100] "GET /ticket2/opencms/system/modules/com.gridnine.opencms.ticketbrokerage.site/resources/js/calendar.js HTTP/1.1" 200 49229
195.154.122.123 - - [01/Nov/2024:04:01:15 +0100] "GET /ticket2/opencms/system/modules/com.gridnine.opencms.ticketbrokerage.site/resources/js/jquery.fancybox.pack.js HTTP/1.1" 200 23187
195.154.122.123 - - [01/Nov/2024:04:01:15 +0100] "GET /ticket2/opencms/system/modules/com.gridnine.opencms.ticketbrokerage.site/resources/js/stickyfill.min.js HTTP/1.1" 200 5672
195.154.122.123 - - [01/Nov/2024:04:01:15 +0100] "GET /ticket2/opencms/system/modules/com.gridnine.opencms.ticketbrokerage.site/resources/js/calendar-setup.js HTTP/1.1" 200 4923
195.154.122.123 - - [01/Nov/2024:04:01:15 +0100] "GET /ticket2/opencms/system/modules/com.gridnine.opencms.ticketbrokerage.site/resources/js/jquery/jquery.js HTTP/1.1" 200 93868
195.154.122.123 - - [01/Nov/2024:04:01:15 +0100] "GET /ticket2/opencms/system/modules/com.gridnine.opencms.ticketbrokerage.site/resources/js/calendar-en.js HTTP/1.1" 200 3338
195.154.122.123 - - [01/Nov/2024:04:01:15 +0100] "GET /ticket2/opencms/system/modules/com.gridnine.opencms.ticketbrokerage.site/resources/js/standard.js HTTP/1.1" 200 3978
195.154.122.123 - - [01/Nov/2024:04:01:15 +0100] "GET /ticket2/opencms/system/modules/com.gridnine.opencms.ticketbrokerage.site/resources/js/jquery/jquery-ui.js HTTP/1.1" 200 228088
195.154.122.123 - - [01/Nov/2024:04:01:15 +0100] "GET /ticket2/opencms/system/modules/com.gridnine.opencms.ticketbrokerage.site/resources/js/jquery.placeholder.min.js HTTP/1.1" 200 1737
195.154.122.123 - - [01/Nov/2024:04:01:15 +0100] "GET /ticket2/opencms/system/modules/com.gridnine.opencms.ticketbrokerage.site/resources/js/common-ajax.js HTTP/1.1" 200 20175
195.154.122.123 - - [01/Nov/2024:04:01:16 +0100] "GET /ticket2/opencms/system/modules/com.gridnine.opencms.ticketbrokerage.site/resources/js/standard.js HTTP/1.1" 200 3978
185.194.39.14 - - [01/Nov/2024:04:01:16 +0100] "GET /ticket2/opencms/system/modules/com.gridnine.opencms.ticketbrokerage.site/resources/js/standard.js HTTP/1.1" 200 3978
135.181.213.219 - - [01/Nov/2024:04:01:17 +0100] "GET /ticket2/opencms/sv/buy/?page=1&edid=102FC15A-4406-C66D-55EB-877612BDD22A HTTP/1.1" 200 97674
47.128.62.21 - - [01/Nov/2024:04:01:25 +0100] "GET /ticket2/opencms/mo/buy/?catid=465306FD-802C-5175-10FF-40E426DD2769&comcatid=0A6B8208-FDA4-E929-9D72-5312FD481B76 HTTP/1.1" 200 87522
54.36.148.226 - - [01/Nov/2024:04:01:25 +0100] "GET /ticket2/opencms/fi/buy?comcatid=A17713B6-D984-201A-4143-ED4DB5ED5C2E&catid=E92E6B1B-7CD1-74B1-312C-265A7D8125D0 HTTP/1.1" 200 93807
168.119.68.254 - - [01/Nov/2024:04:01:25 +0100] "GET /ticket2/opencms/system/modules/com.gridnine.opencms.ticketbrokerage.site/resources/css/calendar.css HTTP/1.1" 200 6871
168.119.68.254 - - [01/Nov/2024:04:01:25 +0100] "GET /ticket2/opencms/system/modules/com.gridnine.opencms.ticketbrokerage.site/resources/css/jquery-ui.css HTTP/1.1" 200 33221
168.119.68.254 - - [01/Nov/2024:04:01:25 +0100] "GET /ticket2/opencms/system/modules/com.gridnine.opencms.ticketbrokerage.site/resources/css/standard.css HTTP/1.1" 200 73073
168.119.68.254 - - [01/Nov/2024:04:01:25 +0100] "GET /ticket2/opencms/system/modules/com.gridnine.opencms.ticketbrokerage.site/resources/css/jquery.fancybox.css HTTP/1.1" 200 4939
168.119.68.254 - - [01/Nov/2024:04:01:25 +0100] "GET /ticket2/opencms/system/modules/com.gridnine.opencms.ticketbrokerage.site/resources/css/ticketbrokerage.css HTTP/1.1" 200 39339
168.119.68.254 - - [01/Nov/2024:04:01:25 +0100] "GET /ticket2/opencms/system/modules/com.gridnine.opencms.ticketbrokerage.site/resources/js/jquery/jquery.js HTTP/1.1" 200 93868
168.119.68.254 - - [01/Nov/2024:04:01:26 +0100] "GET /ticket2/opencms/system/modules/com.gridnine.opencms.ticketbrokerage.site/resources/js/calendar-en.js HTTP/1.1" 200 3338
168.119.68.254 - - [01/Nov/2024:04:01:26 +0100] "GET /ticket2/opencms/system/modules/com.gridnine.opencms.ticketbrokerage.site/resources/js/jquery/jquery-ui.js HTTP/1.1" 200 228088
168.119.68.254 - - [01/Nov/2024:04:01:26 +0100] "GET /ticket2/opencms/system/modules/com.gridnine.opencms.ticketbrokerage.site/resources/js/functions.js HTTP/1.1" 200 1583
168.119.68.254 - - [01/Nov/2024:04:01:26 +0100] "GET /ticket2/opencms/system/modules/com.gridnine.opencms.ticketbrokerage.site/resources/js/calendar-setup.js HTTP/1.1" 200 4923
168.119.68.254 - - [01/Nov/2024:04:01:26 +0100] "GET /ticket2/opencms/system/modules/com.gridnine.opencms.ticketbrokerage.site/resources/js/calendar.js HTTP/1.1" 200 49229
168.119.68.254 - - [01/Nov/2024:04:01:26 +0100] "GET /ticket2/opencms/system/modules/com.gridnine.opencms.ticketbrokerage.site/resources/js/jquery.fancybox.pack.js HTTP/1.1" 200 23187
168.119.68.254 - - [01/Nov/2024:04:01:26 +0100] "GET /ticket2/opencms/system/modules/com.gridnine.opencms.ticketbrokerage.site/resources/js/stickyfill.min.js HTTP/1.1" 200 5672
168.119.68.254 - - [01/Nov/2024:04:01:26 +0100] "GET /ticket2/opencms/system/modules/com.gridnine.opencms.ticketbrokerage.site/resources/js/standard.js HTTP/1.1" 200 3978
168.119.68.254 - - [01/Nov/2024:04:01:26 +0100] "GET /ticket2/opencms/system/modules/com.gridnine.opencms.ticketbrokerage.site/resources/js/jquery.placeholder.min.js HTTP/1.1" 200 1737
168.119.68.254 - - [01/Nov/2024:04:01:26 +0100] "GET /ticket2/opencms/system/modules/com.gridnine.opencms.ticketbrokerage.site/resources/js/common-ajax.js HTTP/1.1" 200 20175
168.119.68.254 - - [01/Nov/2024:04:01:26 +0100] "GET /ticket2/opencms/system/modules/com.gridnine.opencms.ticketbrokerage.site/resources/js/standard.js HTTP/1.1" 200 3978
47.128.114.8 - - [01/Nov/2024:04:01:29 +0100] "GET /ticket2/opencms/pl/o-nas HTTP/1.1" 200 87379
100.24.50.161 - - [01/Nov/2024:04:01:30 +0100] "GET /ticket2/opencms/sv/buy/?page=1&edid=266863E9-0D4A-8983-3D6E-89AEC4F0BA41 HTTP/1.1" 200 101489
34.224.89.134 - - [01/Nov/2024:04:01:30 +0100] "GET /ticket2/opencms/favicon.ico HTTP/1.1" 200 15406
54.234.23.185 - - [01/Nov/2024:04:01:31 +0100] "GET /ticket2/opencms/img/icons/ticket2.thumbnail.png HTTP/1.1" 200 21519
135.181.213.219 - - [01/Nov/2024:04:01:32 +0100] "GET /ticket2/opencms/sv/buy/?page=1&edid=10404C2E-90F1-82CF-4642-1D2B3FC97049 HTTP/1.1" 200 107015
135.181.213.219 - - [01/Nov/2024:04:01:35 +0100] "GET /ticket2/opencms/sv/buy/?page=1&edid=10C00DD9-2619-A832-C970-E24EDAAD57C7 HTTP/1.1" 200 123223
54.36.148.38 - - [01/Nov/2024:04:01:38 +0100] "GET /ticket2/opencms/az/buy?page=6&comcatid=A17713B6-D984-201A-4143-ED4DB5ED5C2E&catid=D8B345C9-F7A5-E620-4B43-C34EB0D6885B&eventid=C483161C-4419-F1CF-1E30-2319B48E0485 HTTP/1.1" 200 111187
157.55.39.49 - - [01/Nov/2024:04:01:38 +0100] "GET /ticket2/opencms/hy/buy?page=1&edid=A32C2CDE-A2F2-054C-C7FE-30BF45814EDA HTTP/1.1" 404 -
135.181.213.219 - - [01/Nov/2024:04:01:39 +0100] "GET /ticket2/opencms/sv/buy/?page=1&edid=13FD52ED-2424-BEB8-F194-ACEDB9434F70 HTTP/1.1" 200 107210
135.181.213.219 - - [01/Nov/2024:04:01:42 +0100] "GET /ticket2/opencms/sv/buy/?page=1&edid=14013EF7-6169-73E5-B4B7-580B3204AD77 HTTP/1.1" 200 99846
40.77.167.12 - - [01/Nov/2024:04:01:43 +0100] "GET /ticket2/opencms/ga/buy?page=1&edid=0E015037-AEA8-A77C-F644-58B0F482ADCC HTTP/1.1" 200 127019
135.181.213.219 - - [01/Nov/2024:04:01:45 +0100] "GET /ticket2/opencms/sv/buy/?page=1&edid=1499F703-DFC9-3CEE-AC19-8B22C17A288A HTTP/1.1" 200 97711
54.36.148.164 - - [01/Nov/2024:04:01:46 +0100] "GET /ticket2/opencms/ga/buy/?page=1&edid=8B25B5F1-10DD-C634-68A4-F2AA7802B8FF HTTP/1.1" 200 102394
135.181.213.219 - - [01/Nov/2024:04:01:48 +0100] "GET /ticket2/opencms/sv/buy/?page=1&edid=151755CC-6470-A9AF-4FE7-BAC9FAA3C886 HTTP/1.1" 200 99850
135.181.213.219 - - [01/Nov/2024:04:01:51 +0100] "GET /ticket2/opencms/sv/buy/?page=1&edid=1571DB1B-206B-93FC-5429-333D7E9FCB65 HTTP/1.1" 200 107246
135.181.213.219 - - [01/Nov/2024:04:01:55 +0100] "GET /ticket2/opencms/sv/buy/?page=1&edid=192B2692-9E9C-E45B-C641-B3FED8E2B94F HTTP/1.1" 200 107235
135.181.213.219 - - [01/Nov/2024:04:01:58 +0100] "GET /ticket2/opencms/sv/buy/?page=1&edid=1AEC2618-DE69-59D6-4D54-AF36D227A6D5 HTTP/1.1" 200 110889
54.36.149.86 - - [01/Nov/2024:04:01:58 +0100] "GET /ticket2/opencms/ga/buy/?page=1&edid=DABBB04A-934B-281D-ABA7-8CACF7859BC6 HTTP/1.1" 200 99068
135.181.213.219 - - [01/Nov/2024:04:02:01 +0100] "GET /ticket2/opencms/sv/buy/?page=1&edid=1E8CD446-2E9F-5A21-E2F4-251CB3C89182 HTTP/1.1" 200 97672
124.243.186.85 - - [01/Nov/2024:04:02:03 +0100] "GET /ticket2/opencms/fr/magazine HTTP/1.1" 200 145911
135.181.213.219 - - [01/Nov/2024:04:02:04 +0100] "GET /ticket2/opencms/sv/buy/?page=1&edid=1F5DDBE6-23AB-F5E5-34B5-37D25394F454 HTTP/1.1" 200 107733
54.36.148.14 - - [01/Nov/2024:04:02:07 +0100] "GET /ticket2/opencms/hr/buy/?page=1&edid=FC400B0C-3F35-28FE-BA32-45A117020656 HTTP/1.1" 200 101816
135.181.213.219 - - [01/Nov/2024:04:02:08 +0100] "GET /ticket2/opencms/sv/buy/?page=1&edid=2002154A-0979-63C2-6DA2-C28E7B6E108E HTTP/1.1" 200 107030
135.181.213.219 - - [01/Nov/2024:04:02:11 +0100] "GET /ticket2/opencms/sv/buy/?page=1&edid=22197FAA-D7C6-8F99-4EF8-595770C5EC77 HTTP/1.1" 200 107248
135.181.213.219 - - [01/Nov/2024:04:02:14 +0100] "GET /ticket2/opencms/sv/buy/?page=1&edid=24DA4365-06A3-2349-F7E6-CA02D31FCB88 HTTP/1.1" 200 124685
54.36.149.30 - - [01/Nov/2024:04:02:16 +0100] "GET /ticket2/opencms/hr/buy/?page=1&edid=FF78E5AF-B575-E137-254B-7D951914395E HTTP/1.1" 200 101814
47.128.39.19 - - [01/Nov/2024:04:02:17 +0100] "GET /ticket2/opencms/hr/buy/?catid=8732E72C-A028-EA8C-4D4D-DEB44E2A28A8&comcatid=97ECA65A-72DA-F9AF-9DBB-245D3CFED1BE HTTP/1.1" 200 88707
135.181.213.219 - - [01/Nov/2024:04:02:17 +0100] "GET /ticket2/opencms/sv/buy/?page=1&edid=2887ECB1-AF21-0A67-0C3C-54D013C4C3B1 HTTP/1.1" 200 97715
135.181.213.219 - - [01/Nov/2024:04:02:20 +0100] "GET /ticket2/opencms/sv/buy/?page=1&edid=2ACCB388-CC5F-1368-2FF5-1F1630B8D295 HTTP/1.1" 200 107239
47.128.28.205 - - [01/Nov/2024:04:02:22 +0100] "GET /ticket2/opencms/is/buy/?edid=21B44A76-F6AD-9457-4190-937757888EEA HTTP/1.1" 200 81480
135.181.213.219 - - [01/Nov/2024:04:02:24 +0100] "GET /ticket2/opencms/sv/buy/?page=1&edid=2C495116-CB98-C9E3-B9E8-389135800397 HTTP/1.1" 200 123223
54.36.148.216 - - [01/Nov/2024:04:02:26 +0100] "GET /ticket2/opencms/be/buy?page=6&comcatid=A17713B6-D984-201A-4143-ED4DB5ED5C2E&catid=D8B345C9-F7A5-E620-4B43-C34EB0D6885B&eventid=C483161C-4419-F1CF-1E30-2319B48E0485 HTTP/1.1" 200 111971
135.181.213.219 - - [01/Nov/2024:04:02:27 +0100] "GET /ticket2/opencms/sv/buy/?page=1&edid=2DF71579-8539-9953-A2E8-0E8B3100119A HTTP/1.1" 200 97712
135.181.213.219 - - [01/Nov/2024:04:02:30 +0100] "GET /ticket2/opencms/sv/buy/?page=1&edid=2E4F6694-4C6B-92DF-9C77-6D35DA0F2BB8 HTTP/1.1" 200 107209
135.181.213.219 - - [01/Nov/2024:04:02:33 +0100] "GET /ticket2/opencms/sv/buy/?page=1&edid=2E75356B-0466-ED51-C4D5-4A7F24AD43A4 HTTP/1.1" 200 99847
135.181.213.219 - - [01/Nov/2024:04:02:36 +0100] "GET /ticket2/opencms/sv/buy/?page=1&edid=2E9700A3-1FCD-CE83-B786-B3F02A037955 HTTP/1.1" 200 97713
135.181.213.219 - - [01/Nov/2024:04:02:39 +0100] "GET /ticket2/opencms/sv/buy/?page=1&edid=2EB15005-07E4-0DB7-1EF8-52C1740D2595 HTTP/1.1" 200 107241
135.181.213.219 - - [01/Nov/2024:04:02:42 +0100] "GET /ticket2/opencms/sv/buy/?page=1&edid=312E2B30-1BE8-80F9-5587-64D580752ED3 HTTP/1.1" 200 107208
54.36.148.24 - - [01/Nov/2024:04:02:42 +0100] "GET /ticket2/opencms/hu/buy/?page=1&edid=0C1979DA-50CA-ECE7-2406-93F50E7E04D2 HTTP/1.1" 200 98769
135.181.213.219 - - [01/Nov/2024:04:02:46 +0100] "GET /ticket2/opencms/sv/buy/?page=1&edid=3396D07B-AC6D-141E-71F3-9DE65C0FEDF0 HTTP/1.1" 200 104233
135.181.213.219 - - [01/Nov/2024:04:02:49 +0100] "GET /ticket2/opencms/sv/buy/?page=1&edid=348C0D4F-C07E-3755-DFEC-416D881A5AC9 HTTP/1.1" 200 110891
54.36.149.9 - - [01/Nov/2024:04:02:52 +0100] "GET /ticket2/opencms/is/buy/?page=1&edid=0C1979DA-50CA-ECE7-2406-93F50E7E04D2 HTTP/1.1" 200 98812
135.181.213.219 - - [01/Nov/2024:04:02:52 +0100] "GET /ticket2/opencms/sv/buy/?page=1&edid=35CC7524-8A7A-7EC1-48FD-F1742720F1A5 HTTP/1.1" 200 107236
47.128.97.114 - - [01/Nov/2024:04:02:53 +0100] "GET /ticket2/opencms/mt/buy/?edid=D582FDF1-C885-7FD8-841B-6D2DEF5C38A4 HTTP/1.1" 200 81495
135.181.213.219 - - [01/Nov/2024:04:02:55 +0100] "GET /ticket2/opencms/sv/buy/?page=1&edid=3B2DD9A6-8906-C64F-74F1-E2152AA05C80 HTTP/1.1" 200 107238
135.181.213.219 - - [01/Nov/2024:04:02:59 +0100] "GET /ticket2/opencms/sv/buy/?page=1&edid=3F2482EE-6B7A-310D-17CE-1C7E3CC58C7F HTTP/1.1" 200 110890
135.181.213.219 - - [01/Nov/2024:04:03:02 +0100] "GET /ticket2/opencms/sv/buy/?page=1&edid=41223DA8-F64F-F12A-66D9-9E5666E9DFB2 HTTP/1.1" 200 107014
135.181.213.219 - - [01/Nov/2024:04:03:05 +0100] "GET /ticket2/opencms/sv/buy/?page=1&edid=462C13B4-D520-FF5C-33C4-1D131FBF3162 HTTP/1.1" 200 107032
54.36.148.2 - - [01/Nov/2024:04:03:06 +0100] "GET /ticket2/opencms/en/buy?page=6&comcatid=97ECA65A-72DA-F9AF-9DBB-245D3CFED1BE&catid=9457695E-36ED-A63E-7A88-32963954E2C7 HTTP/1.1" 200 87222
47.128.33.219 - - [01/Nov/2024:04:03:08 +0100] "GET /ticket2/opencms/hr/buy/?catid=8E4972FC-6E2C-77A4-BB9D-D67BD270A641&comcatid=0A6B8208-FDA4-E929-9D72-5312FD481B76 HTTP/1.1" 200 87416
135.181.213.219 - - [01/Nov/2024:04:03:08 +0100] "GET /ticket2/opencms/sv/buy/?page=1&edid=4800554E-FCD8-CA52-DDBF-1B3255DB288E HTTP/1.1" 200 107240
135.181.213.219 - - [01/Nov/2024:04:03:12 +0100] "GET /ticket2/opencms/sv/buy/?page=1&edid=4A8989F3-1686-5872-E1B8-5372AB312373 HTTP/1.1" 200 107730
135.181.213.219 - - [01/Nov/2024:04:03:15 +0100] "GET /ticket2/opencms/sv/buy/?page=1&edid=4CDBC715-BC6C-15EB-10EF-16147FA80F71 HTTP/1.1" 200 107732
149.126.218.65 - - [01/Nov/2024:04:03:17 +0100] "GET /ticket2/opencms/be/login HTTP/1.1" 200 90342
135.181.213.219 - - [01/Nov/2024:04:03:18 +0100] "GET /ticket2/opencms/sv/buy/?page=1&edid=4D294C0A-8C1C-4A83-BF3D-F12FF4C4C095 HTTP/1.1" 200 97720
114.119.130.178 - - [01/Nov/2024:04:03:19 +0100] "GET /ticket2/opencms/en/venue/?venueid=F6F762B7-B573-80DB-59E3-860FE5BEB66D HTTP/1.1" 200 86575
54.36.148.209 - - [01/Nov/2024:04:03:20 +0100] "GET /ticket2/opencms/bs/buy/?page=1&edid=CF85F428-766F-D675-E16A-795E19713900 HTTP/1.1" 200 98482
149.126.218.65 - - [01/Nov/2024:04:03:20 +0100] "GET /ticket2/opencms/es/selling_tickets/ HTTP/1.1" 500 -
149.126.218.65 - - [01/Nov/2024:04:03:20 +0100] "GET /ticket2/opencms/es/selling_tickets/ HTTP/1.1" 500 -
149.126.218.65 - - [01/Nov/2024:04:03:21 +0100] "GET /ticket2/opencms/es/selling_tickets/ HTTP/1.1" 500 -
166.108.200.226 - - [01/Nov/2024:04:03:21 +0100] "GET /ticket2/opencms/sl/buy?page=10&eventid=95E8846F-148F-9D89-2E4D-7714EAEAF9EE&venueid=6F35A585-C7A7-198F-956D-F8F0D81EEC09 HTTP/1.1" 200 95749
135.181.213.219 - - [01/Nov/2024:04:03:24 +0100] "GET /ticket2/opencms/sv/buy/?page=1&edid=4EFD7CD3-3CCD-738E-DDE8-5250B4FC1DE6 HTTP/1.1" 200 107239
135.181.213.219 - - [01/Nov/2024:04:03:27 +0100] "GET /ticket2/opencms/sv/buy/?page=1&edid=5013A1E7-6B46-F1F8-6B39-0131EFEB0CDA HTTP/1.1" 200 107730
135.181.213.219 - - [01/Nov/2024:04:03:30 +0100] "GET /ticket2/opencms/sv/buy/?page=1&edid=5053E429-37C6-6922-FE45-2F7B4E327AEF HTTP/1.1" 200 107731
54.36.148.205 - - [01/Nov/2024:04:03:33 +0100] "GET /ticket2/opencms/en/venue/?venueid=C33B9E58-5FA2-DEA1-9572-46CD70965B8C HTTP/1.1" 200 86584
135.181.213.219 - - [01/Nov/2024:04:03:43 +0100] "GET /ticket2/opencms/sv/buy/?page=1&edid=5066B61F-02EE-32E6-4312-320F42EFA97E HTTP/1.1" 200 107241
135.181.213.219 - - [01/Nov/2024:04:03:46 +0100] "GET /ticket2/opencms/sv/buy/?page=1&edid=51B4567B-19F2-A242-D969-4CD8EDBD80C5 HTTP/1.1" 200 107208
54.36.149.93 - - [01/Nov/2024:04:03:48 +0100] "GET /ticket2/opencms/cs/buy/?page=1&edid=BABB7B15-4A6B-2CD0-A4E6-6F9CC954F92B HTTP/1.1" 200 98549
135.181.213.219 - - [01/Nov/2024:04:03:49 +0100] "GET /ticket2/opencms/sv/buy/?page=1&edid=5222C7D8-8DAE-E54F-3083-BC30D29D0922 HTTP/1.1" 200 99848
135.181.213.219 - - [01/Nov/2024:04:03:53 +0100] "GET /ticket2/opencms/sv/buy/?page=1&edid=525D0FCC-BA7F-4819-E364-A743609D8A75 HTTP/1.1" 200 107016
135.181.213.219 - - [01/Nov/2024:04:03:56 +0100] "GET /ticket2/opencms/sv/buy/?page=1&edid=54477DFC-A823-7169-8BE6-7FEB2AAE61EA HTTP/1.1" 200 115799
135.181.213.219 - - [01/Nov/2024:04:03:59 +0100] "GET /ticket2/opencms/sv/buy/?page=1&edid=545D0E01-FDAE-BAF6-88EE-1B0726F33A23 HTTP/1.1" 200 99853
47.128.21.126 - - [01/Nov/2024:04:04:00 +0100] "GET /ticket2/opencms/sq/buy/?catid=515A9A29-35A0-2DB8-262B-AEF122DB04F6&comcatid=A17713B6-D984-201A-4143-ED4DB5ED5C2E HTTP/1.1" 200 93827
135.181.213.219 - - [01/Nov/2024:04:04:03 +0100] "GET /ticket2/opencms/sv/buy/?page=1&edid=57541A2A-A7DE-A07B-2484-0E25ED563C4B HTTP/1.1" 200 125439
185.191.171.18 - - [01/Nov/2024:04:04:04 +0100] "GET /ticket2/opencms/de/sport/fussball-tickets/la_liga/las_palmas/ HTTP/1.1" 200 103168
54.36.148.246 - - [01/Nov/2024:04:04:04 +0100] "GET /ticket2/opencms/sv/buy?page=6&comcatid=A17713B6-D984-201A-4143-ED4DB5ED5C2E&catid=D8B345C9-F7A5-E620-4B43-C34EB0D6885B&eventid=6C8807B6-B46F-14A9-0601-0A1F6B5E5DA9 HTTP/1.1" 200 98819
135.181.213.219 - - [01/Nov/2024:04:04:06 +0100] "GET /ticket2/opencms/sv/buy/?page=1&edid=5CB7C15B-7DAE-E95F-7D37-A833DC753156 HTTP/1.1" 200 97713
85.208.96.211 - - [01/Nov/2024:04:04:06 +0100] "GET /ticket2/opencms/ka/sport/pekhburti-biletebi/bundesliga/union_berlin/ HTTP/1.1" 200 98246
135.181.213.219 - - [01/Nov/2024:04:04:09 +0100] "GET /ticket2/opencms/sv/buy/?page=1&edid=5D4ED722-E7EE-750F-EB84-B354A599964F HTTP/1.1" 200 107015
135.181.213.219 - - [01/Nov/2024:04:04:12 +0100] "GET /ticket2/opencms/sv/buy/?page=1&edid=5DA3AEB7-05B3-5C75-7735-219D0A706090 HTTP/1.1" 200 107209
54.36.148.226 - - [01/Nov/2024:04:04:15 +0100] "GET /ticket2/opencms/mt/buy/?page=1&edid=6ABC64C2-B7BD-3F6D-DD46-2C8F1F69889E HTTP/1.1" 200 98809
85.208.96.198 - - [01/Nov/2024:04:04:15 +0100] "GET /ticket2/opencms/ga/buy_safety/ HTTP/1.1" 200 90208
135.181.213.219 - - [01/Nov/2024:04:04:16 +0100] "GET /ticket2/opencms/sv/buy/?page=1&edid=627DD27E-C54C-E728-A0EA-5E098C44319A HTTP/1.1" 200 110890
47.128.120.176 - - [01/Nov/2024:04:04:16 +0100] "GET /ticket2/opencms/mt/buy?eventid=8089A138-5EE7-E43F-C342-AAB9352CA1D1&page=10&venueid=152137BD-51FA-C49F-6002-B503D5181B54 HTTP/1.1" 200 93699
47.128.120.176 - - [01/Nov/2024:04:04:17 +0100] "GET /ticket2/opencms/system/modules/com.gridnine.opencms.ticketbrokerage.site/resources/pics/buy_button_small_mt.png HTTP/1.1" 404 -
135.181.213.219 - - [01/Nov/2024:04:04:19 +0100] "GET /ticket2/opencms/sv/buy/?page=1&edid=6491C4B6-5C45-20F3-BDEC-54EE4BA903D5 HTTP/1.1" 200 124678
94.23.203.52 - - [01/Nov/2024:04:04:20 +0100] "GET /ticket2/opencms/robots.txt HTTP/1.1" 200 773
135.181.213.219 - - [01/Nov/2024:04:04:22 +0100] "GET /ticket2/opencms/sv/buy/?page=1&edid=64ED0EC9-75A5-F773-0C16-11EBB640A9D8 HTTP/1.1" 200 99847
135.181.213.219 - - [01/Nov/2024:04:04:25 +0100] "GET /ticket2/opencms/sv/buy/?page=1&edid=670DDB77-CAC3-4ADF-B3FC-CE012EDDA850 HTTP/1.1" 200 107238
54.36.148.167 - - [01/Nov/2024:04:04:28 +0100] "GET /ticket2/opencms/bg/buy?page=6&comcatid=A17713B6-D984-201A-4143-ED4DB5ED5C2E&catid=D8B345C9-F7A5-E620-4B43-C34EB0D6885B&eventid=C483161C-4419-F1CF-1E30-2319B48E0485 HTTP/1.1" 200 111731
135.181.213.219 - - [01/Nov/2024:04:04:28 +0100] "GET /ticket2/opencms/sv/buy/?page=1&edid=6713F743-CFE1-C987-288D-AC8AB79C37B8 HTTP/1.1" 200 107029
94.23.203.52 - - [01/Nov/2024:04:04:30 +0100] "GET /ticket2/opencms/no/buy/?page=1&edid=24DA4365-06A3-2349-F7E6-CA02D31FCB88 HTTP/1.1" 200 125143
135.181.213.219 - - [01/Nov/2024:04:04:32 +0100] "GET /ticket2/opencms/sv/buy/?page=1&edid=67AD2A53-15B8-B629-CADE-F2732CA4D6A5 HTTP/1.1" 200 97673
185.184.202.226 - - [01/Nov/2024:04:04:35 +0100] "GET /ticket2/opencms/es/deporte/entradas-futbol/premier-league/liverpool HTTP/1.1" 200 98463
135.181.213.219 - - [01/Nov/2024:04:04:35 +0100] "GET /ticket2/opencms/sv/buy/?page=1&edid=680428DE-8DF5-D7C6-9B59-B64E328605BF HTTP/1.1" 200 107731
114.119.148.14 - - [01/Nov/2024:04:04:35 +0100] "GET /ticket2/opencms/en/venue/?venueid=227CA6FE-2DA3-B1F8-C080-0BD749B9B40F HTTP/1.1" 200 86539
185.184.202.226 - - [01/Nov/2024:04:04:35 +0100] "GET /ticket2/opencms/system/modules/com.gridnine.opencms.ticketbrokerage.site/resources/css/ticketbrokerage.css HTTP/1.1" 200 39339
185.184.202.226 - - [01/Nov/2024:04:04:35 +0100] "GET /ticket2/opencms/system/modules/com.gridnine.opencms.ticketbrokerage.site/resources/css/calendar.css HTTP/1.1" 200 6871
185.184.202.226 - - [01/Nov/2024:04:04:35 +0100] "GET /ticket2/opencms/system/modules/com.gridnine.opencms.ticketbrokerage.site/resources/css/jquery-ui.css HTTP/1.1" 200 33221
185.184.202.226 - - [01/Nov/2024:04:04:35 +0100] "GET /ticket2/opencms/system/modules/com.gridnine.opencms.ticketbrokerage.site/resources/css/standard.css HTTP/1.1" 200 73073
185.184.202.226 - - [01/Nov/2024:04:04:35 +0100] "GET /ticket2/opencms/system/modules/com.gridnine.opencms.ticketbrokerage.site/resources/css/jquery.fancybox.css HTTP/1.1" 200 4939
185.184.202.226 - - [01/Nov/2024:04:04:36 +0100] "GET /ticket2/opencms/system/modules/com.gridnine.opencms.ticketbrokerage.site/resources/js/jquery/jquery.js HTTP/1.1" 200 93868
185.184.202.226 - - [01/Nov/2024:04:04:36 +0100] "GET /ticket2/opencms/system/modules/com.gridnine.opencms.ticketbrokerage.site/resources/js/jquery/jquery-ui.js HTTP/1.1" 200 228088
185.184.202.226 - - [01/Nov/2024:04:04:36 +0100] "GET /ticket2/opencms/system/modules/com.gridnine.opencms.ticketbrokerage.site/resources/js/calendar-setup.js HTTP/1.1" 200 4923
185.184.202.226 - - [01/Nov/2024:04:04:36 +0100] "GET /ticket2/opencms/system/modules/com.gridnine.opencms.ticketbrokerage.site/resources/js/calendar.js HTTP/1.1" 200 49229
185.184.202.226 - - [01/Nov/2024:04:04:36 +0100] "GET /ticket2/opencms/system/modules/com.gridnine.opencms.ticketbrokerage.site/resources/js/functions.js HTTP/1.1" 200 1583
185.184.202.226 - - [01/Nov/2024:04:04:36 +0100] "GET /ticket2/opencms/system/modules/com.gridnine.opencms.ticketbrokerage.site/resources/js/calendar-en.js HTTP/1.1" 200 3338
185.184.202.226 - - [01/Nov/2024:04:04:36 +0100] "GET /ticket2/opencms/system/modules/com.gridnine.opencms.ticketbrokerage.site/resources/js/jquery.fancybox.pack.js HTTP/1.1" 200 23187
185.184.202.226 - - [01/Nov/2024:04:04:36 +0100] "GET /ticket2/opencms/system/modules/com.gridnine.opencms.ticketbrokerage.site/resources/js/stickyfill.min.js HTTP/1.1" 200 5672
185.184.202.226 - - [01/Nov/2024:04:04:36 +0100] "GET /ticket2/opencms/system/modules/com.gridnine.opencms.ticketbrokerage.site/resources/js/standard.js HTTP/1.1" 200 3978
185.184.202.226 - - [01/Nov/2024:04:04:36 +0100] "GET /ticket2/opencms/system/modules/com.gridnine.opencms.ticketbrokerage.site/resources/js/jquery.placeholder.min.js HTTP/1.1" 200 1737
185.184.202.226 - - [01/Nov/2024:04:04:36 +0100] "GET /ticket2/opencms/system/modules/com.gridnine.opencms.ticketbrokerage.site/resources/js/common-ajax.js HTTP/1.1" 200 20175
54.36.149.91 - - [01/Nov/2024:04:04:37 +0100] "GET /ticket2/opencms/el/buy/?page=1&edid=BABB7B15-4A6B-2CD0-A4E6-6F9CC954F92B HTTP/1.1" 200 101234
135.181.213.219 - - [01/Nov/2024:04:04:38 +0100] "GET /ticket2/opencms/sv/buy/?page=1&edid=6900F69D-285C-3BF9-3103-7DA1DE82E367 HTTP/1.1" 200 110884
114.119.187.36 - - [01/Nov/2024:04:04:41 +0100] "GET /ticket2/opencms/sr/buy?page=1&edid=F4C7EFF8-C5DC-C540-AEBA-14F365BADAA9 HTTP/1.1" 200 99106
47.128.40.10 - - [01/Nov/2024:04:04:41 +0100] "GET /ticket2/opencms/is/buy/?edid=069EC406-6DFD-08ED-B6CC-A7E203415919 HTTP/1.1" 200 81480
135.181.213.219 - - [01/Nov/2024:04:04:41 +0100] "GET /ticket2/opencms/sv/buy/?page=1&edid=69802F7E-2013-4656-113E-ECD53B17933B HTTP/1.1" 200 110890
135.181.213.219 - - [01/Nov/2024:04:04:45 +0100] "GET /ticket2/opencms/sv/buy/?page=1&edid=6BBAE4DE-24A6-422E-624E-5BBE6D20E9BA HTTP/1.1" 200 99848
94.23.203.52 - - [01/Nov/2024:04:04:45 +0100] "GET /ticket2/opencms/no/buy/?page=1&edid=6491C4B6-5C45-20F3-BDEC-54EE4BA903D5 HTTP/1.1" 200 125134
185.184.202.226 - - [01/Nov/2024:04:04:46 +0100] "GET /ticket2/opencms/system/modules/com.gridnine.opencms.ticketbrokerage.site/resources/js/standard.js HTTP/1.1" 200 3978
135.181.213.219 - - [01/Nov/2024:04:04:48 +0100] "GET /ticket2/opencms/sv/buy/?page=1&edid=6C0AA1CC-8488-7981-DA23-AD8E06F80ABD HTTP/1.1" 200 124285
135.181.213.219 - - [01/Nov/2024:04:04:51 +0100] "GET /ticket2/opencms/sv/buy/?page=1&edid=71BCEC0A-D8F2-3C62-D68C-0DCA751BB9B9 HTTP/1.1" 200 97672
47.128.124.168 - - [01/Nov/2024:04:04:52 +0100] "GET /ticket2/opencms/sq/buy/?catid=8E4972FC-6E2C-77A4-BB9D-D67BD270A641&comcatid=0A6B8208-FDA4-E929-9D72-5312FD481B76 HTTP/1.1" 200 87481
135.181.213.219 - - [01/Nov/2024:04:04:54 +0100] "GET /ticket2/opencms/sv/buy/?page=1&edid=72DAABB5-5728-E783-69FF-77938E46CA8B HTTP/1.1" 200 107248
54.36.148.226 - - [01/Nov/2024:04:04:55 +0100] "GET /ticket2/opencms/el/buy/?page=1&edid=CF85F428-766F-D675-E16A-795E19713900 HTTP/1.1" 200 101253
135.181.213.219 - - [01/Nov/2024:04:04:58 +0100] "GET /ticket2/opencms/sv/buy/?page=1&edid=76AC12AC-4686-41BA-93AB-CDA5668851B1 HTTP/1.1" 200 107213
216.244.66.238 - - [01/Nov/2024:04:04:58 +0100] "GET /ticket2/opencms/robots.txt HTTP/1.1" 200 773
94.23.203.52 - - [01/Nov/2024:04:04:58 +0100] "GET /ticket2/opencms/no/buy/?page=1&edid=8DE7A210-45E0-8C09-63EA-28CBA5412C0E HTTP/1.1" 200 125139
135.181.213.219 - - [01/Nov/2024:04:05:01 +0100] "GET /ticket2/opencms/sv/buy/?page=1&edid=76EAECA7-64F4-2580-38CA-B14BCC95A1C5 HTTP/1.1" 200 107013
135.181.213.219 - - [01/Nov/2024:04:05:04 +0100] "GET /ticket2/opencms/sv/buy/?page=1&edid=79B5950A-8F2F-84F8-FCAC-0BA8722B353B HTTP/1.1" 200 107736
104.28.31.64 - - [01/Nov/2024:04:05:04 +0100] "GET /ticket2/opencms/set_aff_cookie.jsp?partner=53673ED6-1455-FA54-818F-B1F67121E37C&url=/sv/buy/index.html%3Fpage%3D1%26edid%3D24DA4365-06A3-2349-F7E6-CA02D31FCB88%26hlv%3D66d593cf-6e14-4cf4-8d96-4c190a01000f%23v_192166897 HTTP/1.1" 200 225
104.28.31.64 - - [01/Nov/2024:04:05:05 +0100] "GET /ticket2/opencms/sv/buy/?page=1&edid=24DA4365-06A3-2349-F7E6-CA02D31FCB88&hlv=66d593cf-6e14-4cf4-8d96-4c190a01000f HTTP/1.1" 200 126571
104.28.31.64 - - [01/Nov/2024:04:05:05 +0100] "GET /ticket2/opencms/system/modules/com.gridnine.opencms.ticketbrokerage.site/resources/css/ticketbrokerage.css HTTP/1.1" 200 39339
104.28.31.64 - - [01/Nov/2024:04:05:05 +0100] "GET /ticket2/opencms/system/modules/com.gridnine.opencms.ticketbrokerage.site/resources/js/jquery/jquery-ui.js HTTP/1.1" 200 228088
104.28.31.64 - - [01/Nov/2024:04:05:05 +0100] "GET /ticket2/opencms/system/modules/com.gridnine.opencms.ticketbrokerage.site/resources/css/calendar.css HTTP/1.1" 200 6871
104.28.31.64 - - [01/Nov/2024:04:05:05 +0100] "GET /ticket2/opencms/system/modules/com.gridnine.opencms.ticketbrokerage.site/resources/js/functions.js HTTP/1.1" 200 1583
104.28.31.64 - - [01/Nov/2024:04:05:05 +0100] "GET /ticket2/opencms/system/modules/com.gridnine.opencms.ticketbrokerage.site/resources/js/jquery.placeholder.min.js HTTP/1.1" 200 1737
104.28.31.64 - - [01/Nov/2024:04:05:05 +0100] "GET /ticket2/opencms/system/modules/com.gridnine.opencms.ticketbrokerage.site/resources/css/jquery-ui.css HTTP/1.1" 200 33221
104.28.31.64 - - [01/Nov/2024:04:05:05 +0100] "GET /ticket2/opencms/system/modules/com.gridnine.opencms.ticketbrokerage.site/resources/js/jquery/jquery.js HTTP/1.1" 200 93868
104.28.31.64 - - [01/Nov/2024:04:05:05 +0100] "GET /ticket2/opencms/system/modules/com.gridnine.opencms.ticketbrokerage.site/resources/css/standard.css HTTP/1.1" 200 73073
104.28.31.64 - - [01/Nov/2024:04:05:05 +0100] "GET /ticket2/opencms/system/modules/com.gridnine.opencms.ticketbrokerage.site/resources/js/calendar.js HTTP/1.1" 200 49229
104.28.31.64 - - [01/Nov/2024:04:05:05 +0100] "GET /ticket2/opencms/system/modules/com.gridnine.opencms.ticketbrokerage.site/resources/css/jquery.fancybox.css HTTP/1.1" 200 4939
104.28.31.64 - - [01/Nov/2024:04:05:05 +0100] "GET /ticket2/opencms/system/modules/com.gridnine.opencms.ticketbrokerage.site/resources/js/calendar-en.js HTTP/1.1" 200 3338
104.28.31.64 - - [01/Nov/2024:04:05:05 +0100] "GET /ticket2/opencms/system/modules/com.gridnine.opencms.ticketbrokerage.site/resources/js/common-ajax.js HTTP/1.1" 200 20175
104.28.31.64 - - [01/Nov/2024:04:05:05 +0100] "GET /ticket2/opencms/system/modules/com.gridnine.opencms.ticketbrokerage.site/resources/js/jquery.fancybox.pack.js HTTP/1.1" 200 23187
104.28.31.64 - - [01/Nov/2024:04:05:05 +0100] "GET /ticket2/opencms/system/modules/com.gridnine.opencms.ticketbrokerage.site/resources/js/calendar-setup.js HTTP/1.1" 200 4923
104.28.31.64 - - [01/Nov/2024:04:05:05 +0100] "GET /ticket2/opencms/system/modules/com.gridnine.opencms.ticketbrokerage.site/resources/js/stickyfill.min.js HTTP/1.1" 200 5672
104.28.31.64 - - [01/Nov/2024:04:05:05 +0100] "GET /ticket2/opencms/system/modules/com.gridnine.opencms.ticketbrokerage.site/resources/js/standard.js HTTP/1.1" 200 3978
