85.11.20.206 - - [01/Nov/2024:00:11:39 +0100] "GET /ticket2/opencms/img/arrow.png HTTP/1.1" 200 753
85.11.20.206 - - [01/Nov/2024:00:11:39 +0100] "GET /ticket2/opencms/system/modules/com.gridnine.opencms.ticketbrokerage.site/resources/pics/arrow.gif HTTP/1.1" 200 344
85.11.20.206 - - [01/Nov/2024:00:11:39 +0100] "GET /ticket2/opencms/system/modules/com.gridnine.opencms.ticketbrokerage.site/resources/pics/form_marker.gif HTTP/1.1" 200 43
85.11.20.206 - - [01/Nov/2024:00:11:39 +0100] "GET /ticket2/opencms/system/modules/com.gridnine.opencms.ticketbrokerage.site/resources/pics/button1_left.gif HTTP/1.1" 200 232
85.11.20.206 - - [01/Nov/2024:00:11:39 +0100] "GET /ticket2/opencms/system/modules/com.gridnine.opencms.ticketbrokerage.site/resources/pics/button1_center.gif HTTP/1.1" 200 66
85.11.20.206 - - [01/Nov/2024:00:11:39 +0100] "GET /ticket2/opencms/system/modules/com.gridnine.opencms.ticketbrokerage.site/resources/pics/button1_right.gif HTTP/1.1" 200 232
65.108.2.171 - - [01/Nov/2024:00:11:41 +0100] "GET /ticket2/opencms/sv/buy/?page=1&edid=D30E26A4-7AE5-40F3-5965-2D237F7CEA41&sortorder=asc&column=section HTTP/1.1" 200 102350
85.11.20.206 - - [01/Nov/2024:00:11:42 +0100] "GET /ticket2/opencms/img/icons/globe-white.png HTTP/1.1" 200 947
85.11.20.206 - - [01/Nov/2024:00:11:42 +0100] "GET /ticket2/opencms/img/icons/hy.png HTTP/1.1" 200 1170
85.11.20.206 - - [01/Nov/2024:00:11:42 +0100] "GET /ticket2/opencms/img/icons/az.png HTTP/1.1" 200 1445
85.11.20.206 - - [01/Nov/2024:00:11:42 +0100] "GET /ticket2/opencms/img/icons/be.png HTTP/1.1" 200 1663
85.11.20.206 - - [01/Nov/2024:00:11:42 +0100] "GET /ticket2/opencms/img/icons/bs.png HTTP/1.1" 200 1014
85.11.20.206 - - [01/Nov/2024:00:11:42 +0100] "GET /ticket2/opencms/img/icons/bg.png HTTP/1.1" 200 788
85.11.20.206 - - [01/Nov/2024:00:11:42 +0100] "GET /ticket2/opencms/img/icons/hr.png HTTP/1.1" 200 2024
85.11.20.206 - - [01/Nov/2024:00:11:42 +0100] "GET /ticket2/opencms/img/icons/cs.png HTTP/1.1" 200 1883
85.11.20.206 - - [01/Nov/2024:00:11:42 +0100] "GET /ticket2/opencms/img/icons/et.png HTTP/1.1" 200 754
85.11.20.206 - - [01/Nov/2024:00:11:42 +0100] "GET /ticket2/opencms/img/icons/el.png HTTP/1.1" 200 1637
85.11.20.206 - - [01/Nov/2024:00:11:42 +0100] "GET /ticket2/opencms/img/icons/fr.png HTTP/1.1" 200 1764
85.11.20.206 - - [01/Nov/2024:00:11:42 +0100] "GET /ticket2/opencms/img/icons/ka.png HTTP/1.1" 200 860
85.11.20.206 - - [01/Nov/2024:00:11:42 +0100] "GET /ticket2/opencms/img/icons/hu.png HTTP/1.1" 200 733
85.11.20.206 - - [01/Nov/2024:00:11:42 +0100] "GET /ticket2/opencms/img/icons/es.png HTTP/1.1" 200 1005
85.11.20.206 - - [01/Nov/2024:00:11:42 +0100] "GET /ticket2/opencms/img/icons/it.png HTTP/1.1" 200 2040
85.11.20.206 - - [01/Nov/2024:00:11:42 +0100] "GET /ticket2/opencms/img/icons/pl.png HTTP/1.1" 200 1578
85.11.20.206 - - [01/Nov/2024:00:11:42 +0100] "GET /ticket2/opencms/img/icons/is.png HTTP/1.1" 200 1884
85.11.20.206 - - [01/Nov/2024:00:11:42 +0100] "GET /ticket2/opencms/img/icons/ga.png HTTP/1.1" 200 1759
85.11.20.206 - - [01/Nov/2024:00:11:42 +0100] "GET /ticket2/opencms/img/icons/lv.png HTTP/1.1" 200 716
85.11.20.206 - - [01/Nov/2024:00:11:42 +0100] "GET /ticket2/opencms/img/icons/lt.png HTTP/1.1" 200 733
85.11.20.206 - - [01/Nov/2024:00:11:42 +0100] "GET /ticket2/opencms/img/icons/mk.png HTTP/1.1" 200 1405
85.11.20.206 - - [01/Nov/2024:00:11:42 +0100] "GET /ticket2/opencms/img/icons/mt.png HTTP/1.1" 200 920
85.11.20.206 - - [01/Nov/2024:00:11:42 +0100] "GET /ticket2/opencms/img/icons/mo.png HTTP/1.1" 200 1468
85.11.20.206 - - [01/Nov/2024:00:11:42 +0100] "GET /ticket2/opencms/img/icons/ro.png HTTP/1.1" 200 1393
85.11.20.206 - - [01/Nov/2024:00:11:42 +0100] "GET /ticket2/opencms/img/icons/sr.png HTTP/1.1" 200 1602
85.11.20.206 - - [01/Nov/2024:00:11:42 +0100] "GET /ticket2/opencms/img/icons/sk.png HTTP/1.1" 200 1283
85.11.20.206 - - [01/Nov/2024:00:11:42 +0100] "GET /ticket2/opencms/img/icons/sl.png HTTP/1.1" 200 966
85.11.20.206 - - [01/Nov/2024:00:11:42 +0100] "GET /ticket2/opencms/img/icons/uk.png HTTP/1.1" 200 1272
94.23.207.193 - - [01/Nov/2024:00:11:42 +0100] "GET /ticket2/opencms/se/fi/buy/?page=1&edid=5AF0C2F9-FCF1-BB9C-5B74-9352324B61E3&sortorder=desc&column=row HTTP/1.1" 404 -
85.11.20.206 - - [01/Nov/2024:00:11:42 +0100] "GET /ticket2/opencms/img/icons/tr.png HTTP/1.1" 200 1636
85.11.20.206 - - [01/Nov/2024:00:11:42 +0100] "GET /ticket2/opencms/img/arrow-down.png HTTP/1.1" 200 192
85.11.20.206 - - [01/Nov/2024:00:11:42 +0100] "GET /ticket2/opencms/img/icons/fi.png HTTP/1.1" 200 1785
85.11.20.206 - - [01/Nov/2024:00:11:42 +0100] "GET /ticket2/opencms/img/icons/no.png HTTP/1.1" 200 1958
85.11.20.206 - - [01/Nov/2024:00:11:42 +0100] "GET /ticket2/opencms/img/icons/nl.png HTTP/1.1" 200 1255
85.11.20.206 - - [01/Nov/2024:00:11:42 +0100] "GET /ticket2/opencms/img/icons/de.png HTTP/1.1" 200 1124
85.11.20.206 - - [01/Nov/2024:00:11:42 +0100] "GET /ticket2/opencms/img/icons/dk.png HTTP/1.1" 200 1706
85.11.20.206 - - [01/Nov/2024:00:11:42 +0100] "GET /ticket2/opencms/img/icons/sq.png HTTP/1.1" 200 1619
85.11.20.206 - - [01/Nov/2024:00:11:42 +0100] "GET /ticket2/opencms/img/icons/ticket2.thumbnail.png HTTP/1.1" 200 21519
65.108.2.171 - - [01/Nov/2024:00:11:43 +0100] "GET /ticket2/opencms/sv/buy/?page=1&edid=D30E26A4-7AE5-40F3-5965-2D237F7CEA41&sortorder=desc&column=section HTTP/1.1" 200 102395
85.208.96.200 - - [01/Nov/2024:00:11:43 +0100] "GET /ticket2/opencms/mo/sport/bilete-la-fotbal/la-liga/real-madrid/ HTTP/1.1" 200 102969
85.11.20.206 - - [01/Nov/2024:00:11:43 +0100] "GET /ticket2/opencms/system/modules/com.gridnine.opencms.ticketbrokerage.site/resources/css/images/ui-bg_flat_75_ffffff_40x100.png HTTP/1.1" 404 -
65.108.2.171 - - [01/Nov/2024:00:11:44 +0100] "GET /ticket2/opencms/sv/buy/?page=1&edid=D35D2E66-2FE1-C073-7258-22A335A2604C&sortorder=asc&column=price HTTP/1.1" 200 100233
47.128.98.197 - - [01/Nov/2024:00:11:45 +0100] "GET /ticket2/opencms/en/buy?catid=061607E6-22B7-6FFA-03FD-A4B8B13A943F&comcatid=A17713B6-D984-201A-4143-ED4DB5ED5C2E&page=6 HTTP/1.1" 200 92920
85.208.96.205 - - [01/Nov/2024:00:11:45 +0100] "GET /ticket2/opencms/et/sport/jalgpallipiletid/english-championship/sunderland/ HTTP/1.1" 200 91924
47.128.127.121 - - [01/Nov/2024:00:11:45 +0100] "GET /ticket2/opencms/hr/buy/?catid=412DBCF4-025D-8ABC-7A40-D7C760E055FF&comcatid=0A6B8208-FDA4-E929-9D72-5312FD481B76 HTTP/1.1" 200 87427
65.108.2.171 - - [01/Nov/2024:00:11:46 +0100] "GET /ticket2/opencms/sv/buy/?page=1&edid=D35D2E66-2FE1-C073-7258-22A335A2604C&sortorder=asc&column=row HTTP/1.1" 200 100141
65.108.2.171 - - [01/Nov/2024:00:11:48 +0100] "GET /ticket2/opencms/sv/buy/?page=1&edid=D35EAC2A-5D9A-3E5F-7579-964A18A05E5B&sortorder=asc&column=price HTTP/1.1" 200 102772
54.36.149.69 - - [01/Nov/2024:00:11:48 +0100] "GET /ticket2/opencms/sq/buy/?page=1&edid=268D8165-50F1-AAA8-6C6A-3ABAD53C8B35 HTTP/1.1" 200 117407
65.108.2.171 - - [01/Nov/2024:00:11:49 +0100] "GET /ticket2/opencms/sv/buy/?page=1&edid=D35EAC2A-5D9A-3E5F-7579-964A18A05E5B&sortorder=asc&column=row HTTP/1.1" 200 102680
65.108.2.171 - - [01/Nov/2024:00:11:51 +0100] "GET /ticket2/opencms/sv/buy/?page=1&edid=D35EAC2A-5D9A-3E5F-7579-964A18A05E5B&sortorder=asc&column=section HTTP/1.1" 200 102864
94.23.207.193 - - [01/Nov/2024:00:11:51 +0100] "GET /ticket2/opencms/se/fi/buy/?page=1&edid=5AF0C2F9-FCF1-BB9C-5B74-9352324B61E3&sortorder=desc&column=section HTTP/1.1" 404 -
65.108.2.171 - - [01/Nov/2024:00:11:53 +0100] "GET /ticket2/opencms/sv/buy/?page=1&edid=D43BFFD3-0461-0CBA-4DE5-DD2922B6A5EE&sortorder=asc&column=price HTTP/1.1" 200 98978
65.108.2.171 - - [01/Nov/2024:00:11:55 +0100] "GET /ticket2/opencms/sv/buy/?page=1&edid=D43BFFD3-0461-0CBA-4DE5-DD2922B6A5EE&sortorder=asc&column=row HTTP/1.1" 200 98886
65.108.2.171 - - [01/Nov/2024:00:11:56 +0100] "GET /ticket2/opencms/sv/buy/?page=1&edid=D43BFFD3-0461-0CBA-4DE5-DD2922B6A5EE&sortorder=asc&column=section HTTP/1.1" 200 99070
65.108.2.171 - - [01/Nov/2024:00:11:58 +0100] "GET /ticket2/opencms/sv/buy/?page=1&edid=D46E0578-2C40-B575-6691-BBD6C7BC77BE&sortorder=asc&column=section HTTP/1.1" 200 102837
94.23.207.193 - - [01/Nov/2024:00:11:59 +0100] "GET /ticket2/opencms/se/fi/buy/?page=1&edid=5F3D0AE0-EFCD-2439-F9BD-E71CF7C32617&sortorder=desc&column=price HTTP/1.1" 404 -
65.108.2.171 - - [01/Nov/2024:00:12:00 +0100] "GET /ticket2/opencms/sv/buy/?page=1&edid=D5299377-114D-E85A-E06B-1E0425900906&sortorder=desc&column=section HTTP/1.1" 200 101746
65.108.2.171 - - [01/Nov/2024:00:12:02 +0100] "GET /ticket2/opencms/sv/buy/?page=1&edid=D53D92CB-02E3-D5F5-4685-9739F9C06126 HTTP/1.1" 200 101002
54.36.148.217 - - [01/Nov/2024:00:12:02 +0100] "GET /ticket2/opencms/az/sport/futbol-biletleri/premier-league/manchester-united HTTP/1.1" 200 100711
168.119.65.46 - - [01/Nov/2024:00:12:03 +0100] "GET /ticket2/opencms/system/modules/com.gridnine.opencms.ticketbrokerage.site/resources/css/jquery.fancybox.css HTTP/1.1" 200 4939
168.119.65.46 - - [01/Nov/2024:00:12:03 +0100] "GET /ticket2/opencms/system/modules/com.gridnine.opencms.ticketbrokerage.site/resources/css/ticketbrokerage.css HTTP/1.1" 200 39339
168.119.65.46 - - [01/Nov/2024:00:12:03 +0100] "GET /ticket2/opencms/system/modules/com.gridnine.opencms.ticketbrokerage.site/resources/js/jquery/jquery.js HTTP/1.1" 200 93868
168.119.65.46 - - [01/Nov/2024:00:12:03 +0100] "GET /ticket2/opencms/system/modules/com.gridnine.opencms.ticketbrokerage.site/resources/css/calendar.css HTTP/1.1" 200 6871
168.119.65.46 - - [01/Nov/2024:00:12:03 +0100] "GET /ticket2/opencms/system/modules/com.gridnine.opencms.ticketbrokerage.site/resources/css/jquery-ui.css HTTP/1.1" 200 33221
168.119.65.46 - - [01/Nov/2024:00:12:03 +0100] "GET /ticket2/opencms/system/modules/com.gridnine.opencms.ticketbrokerage.site/resources/css/standard.css HTTP/1.1" 200 73073
168.119.65.46 - - [01/Nov/2024:00:12:03 +0100] "GET /ticket2/opencms/system/modules/com.gridnine.opencms.ticketbrokerage.site/resources/js/calendar-en.js HTTP/1.1" 200 3338
168.119.65.46 - - [01/Nov/2024:00:12:03 +0100] "GET /ticket2/opencms/system/modules/com.gridnine.opencms.ticketbrokerage.site/resources/js/calendar.js HTTP/1.1" 200 49229
168.119.65.46 - - [01/Nov/2024:00:12:03 +0100] "GET /ticket2/opencms/system/modules/com.gridnine.opencms.ticketbrokerage.site/resources/js/stickyfill.min.js HTTP/1.1" 200 5672
168.119.65.46 - - [01/Nov/2024:00:12:03 +0100] "GET /ticket2/opencms/system/modules/com.gridnine.opencms.ticketbrokerage.site/resources/js/calendar-setup.js HTTP/1.1" 200 4923
168.119.65.46 - - [01/Nov/2024:00:12:03 +0100] "GET /ticket2/opencms/system/modules/com.gridnine.opencms.ticketbrokerage.site/resources/js/jquery.fancybox.pack.js HTTP/1.1" 200 23187
168.119.65.46 - - [01/Nov/2024:00:12:03 +0100] "GET /ticket2/opencms/system/modules/com.gridnine.opencms.ticketbrokerage.site/resources/js/jquery/jquery-ui.js HTTP/1.1" 200 228088
168.119.65.46 - - [01/Nov/2024:00:12:03 +0100] "GET /ticket2/opencms/system/modules/com.gridnine.opencms.ticketbrokerage.site/resources/js/functions.js HTTP/1.1" 200 1583
168.119.65.46 - - [01/Nov/2024:00:12:03 +0100] "GET /ticket2/opencms/system/modules/com.gridnine.opencms.ticketbrokerage.site/resources/js/standard.js HTTP/1.1" 200 3978
168.119.65.46 - - [01/Nov/2024:00:12:03 +0100] "GET /ticket2/opencms/system/modules/com.gridnine.opencms.ticketbrokerage.site/resources/js/jquery.placeholder.min.js HTTP/1.1" 200 1737
168.119.65.46 - - [01/Nov/2024:00:12:03 +0100] "GET /ticket2/opencms/system/modules/com.gridnine.opencms.ticketbrokerage.site/resources/js/common-ajax.js HTTP/1.1" 200 20175
168.119.65.46 - - [01/Nov/2024:00:12:03 +0100] "GET /ticket2/opencms/system/modules/com.gridnine.opencms.ticketbrokerage.site/resources/js/standard.js HTTP/1.1" 200 3978
65.108.2.171 - - [01/Nov/2024:00:12:03 +0100] "GET /ticket2/opencms/sv/buy/?page=1&edid=D5F77514-6365-CD51-9AFB-D0DD3E873E69&sortorder=asc&column=row HTTP/1.1" 200 101722
65.108.2.171 - - [01/Nov/2024:00:12:05 +0100] "GET /ticket2/opencms/sv/buy/?page=1&edid=D6E70B72-39E0-1850-AB2F-AE94BBCCC29C&sortorder=asc&column=row HTTP/1.1" 200 102169
65.108.2.171 - - [01/Nov/2024:00:12:07 +0100] "GET /ticket2/opencms/sv/buy/?page=1&edid=D70FA4BD-1396-4999-0353-201780ED1BFA&sortorder=asc&column=section HTTP/1.1" 200 102348
65.108.2.171 - - [01/Nov/2024:00:12:08 +0100] "GET /ticket2/opencms/sv/buy/?page=1&edid=D75F5B78-CF76-E262-F5EA-44CE272C5367&sortorder=asc&column=price HTTP/1.1" 200 98981
47.128.51.125 - - [01/Nov/2024:00:12:09 +0100] "GET /ticket2/opencms/fi/buy/?eventid=A8C3CD81-201D-B4A4-E52D-57A2F254AB92&page=11&venueid=696CF794-7D31-9FC6-0B42-8ABB3E78F390 HTTP/1.1" 200 87036
94.23.207.193 - - [01/Nov/2024:00:12:09 +0100] "GET /ticket2/opencms/se/fi/buy/?page=1&edid=5F3D0AE0-EFCD-2439-F9BD-E71CF7C32617&sortorder=desc&column=section HTTP/1.1" 404 -
47.128.63.197 - - [01/Nov/2024:00:12:10 +0100] "GET /ticket2/opencms/be/buy/?catid=36394212-F82E-F845-399B-42BED55969CC&comcatid=A17713B6-D984-201A-4143-ED4DB5ED5C2E HTTP/1.1" 200 244379
65.108.2.171 - - [01/Nov/2024:00:12:10 +0100] "GET /ticket2/opencms/sv/buy/?page=1&edid=D75F5B78-CF76-E262-F5EA-44CE272C5367&sortorder=asc&column=row HTTP/1.1" 200 98889
54.36.148.53 - - [01/Nov/2024:00:12:11 +0100] "GET /ticket2/opencms/sr/buy/?page=1&edid=FF78E5AF-B575-E137-254B-7D951914395E HTTP/1.1" 200 102547
65.108.2.171 - - [01/Nov/2024:00:12:12 +0100] "GET /ticket2/opencms/sv/buy/?page=1&edid=D75F5B78-CF76-E262-F5EA-44CE272C5367&sortorder=asc&column=section HTTP/1.1" 200 99073
65.108.2.171 - - [01/Nov/2024:00:12:13 +0100] "GET /ticket2/opencms/sv/buy/?page=1&edid=D77508F6-9331-A006-851B-5A867CA79BF7&sortorder=asc&column=price HTTP/1.1" 200 102229
31.13.127.28 - - [01/Nov/2024:00:12:13 +0100] "GET /ticket2/opencms/system/modules/com.gridnine.opencms.ticketbrokerage.site/resources/pics/logo-new.png HTTP/1.1" 200 13541
65.108.2.171 - - [01/Nov/2024:00:12:15 +0100] "GET /ticket2/opencms/sv/buy/?page=1&edid=D77508F6-9331-A006-851B-5A867CA79BF7&sortorder=asc&column=row HTTP/1.1" 200 102137
85.208.96.197 - - [01/Nov/2024:00:12:16 +0100] "GET /ticket2/opencms/hu/faq/ HTTP/1.1" 200 88398
65.108.2.171 - - [01/Nov/2024:00:12:17 +0100] "GET /ticket2/opencms/sv/buy/?page=1&edid=D77508F6-9331-A006-851B-5A867CA79BF7&sortorder=asc&column=section HTTP/1.1" 200 102321
65.108.2.171 - - [01/Nov/2024:00:12:18 +0100] "GET /ticket2/opencms/sv/buy/?page=1&edid=D77508F6-9331-A006-851B-5A867CA79BF7&sortorder=desc&column=price HTTP/1.1" 200 102274
65.108.2.171 - - [01/Nov/2024:00:12:20 +0100] "GET /ticket2/opencms/sv/buy/?page=1&edid=D77508F6-9331-A006-851B-5A867CA79BF7&sortorder=desc&column=row HTTP/1.1" 200 102182
65.108.2.171 - - [01/Nov/2024:00:12:21 +0100] "GET /ticket2/opencms/sv/buy/?page=1&edid=D7845FB2-C504-EBEE-0821-CBB6B0557BB8&sortorder=desc&column=price HTTP/1.1" 200 99009
94.23.207.193 - - [01/Nov/2024:00:12:23 +0100] "GET /ticket2/opencms/se/fi/buy/?page=1&edid=5F579D46-41AA-50D0-CB53-48A39589CA74&sortorder=asc&column=price HTTP/1.1" 404 -
65.108.2.171 - - [01/Nov/2024:00:12:23 +0100] "GET /ticket2/opencms/sv/buy/?page=1&edid=D7E2BA39-62D1-0AEA-D8FA-A3DB5ADD3A51&sortorder=asc&column=price HTTP/1.1" 200 98970
65.108.2.171 - - [01/Nov/2024:00:12:25 +0100] "GET /ticket2/opencms/sv/buy/?page=1&edid=D7E2BA39-62D1-0AEA-D8FA-A3DB5ADD3A51&sortorder=asc&column=row HTTP/1.1" 200 98878
51.222.253.7 - - [01/Nov/2024:00:12:25 +0100] "GET /ticket2/opencms/robots.txt HTTP/1.1" 200 773
54.36.148.116 - - [01/Nov/2024:00:12:26 +0100] "GET /ticket2/opencms/lt/buy/?page=1&edid=8D067D33-4AB8-CD99-805B-FBEC01127522 HTTP/1.1" 200 98763
65.108.2.171 - - [01/Nov/2024:00:12:27 +0100] "GET /ticket2/opencms/sv/buy/?page=1&edid=D7E2BA39-62D1-0AEA-D8FA-A3DB5ADD3A51&sortorder=asc&column=section HTTP/1.1" 200 99062
65.108.2.171 - - [01/Nov/2024:00:12:28 +0100] "GET /ticket2/opencms/sv/buy/?page=1&edid=D7E2BA39-62D1-0AEA-D8FA-A3DB5ADD3A51&sortorder=desc&column=price HTTP/1.1" 200 99015
65.108.2.171 - - [01/Nov/2024:00:12:30 +0100] "GET /ticket2/opencms/sv/buy/?page=1&edid=D8086CE4-ACF7-AAFD-046B-ED06E1A079AF&sortorder=desc&column=row HTTP/1.1" 200 101778
65.108.2.171 - - [01/Nov/2024:00:12:32 +0100] "GET /ticket2/opencms/sv/buy/?page=1&edid=D86E0822-A77D-3BDC-D0CE-CCABB4A2B274&sortorder=asc&column=section HTTP/1.1" 200 102336
65.108.2.171 - - [01/Nov/2024:00:12:33 +0100] "GET /ticket2/opencms/sv/buy/?page=1&edid=D890945E-C751-4AD9-75F6-08D09FFB756E&sortorder=asc&column=section HTTP/1.1" 200 102326
54.36.148.48 - - [01/Nov/2024:00:12:34 +0100] "GET /ticket2/opencms/mt/buy/?page=1&edid=812FD49D-304A-7328-3A5E-992562A1F44A HTTP/1.1" 200 102154
47.128.122.130 - - [01/Nov/2024:00:12:34 +0100] "GET /ticket2/opencms/de/sport/fussball-tickets/serie_a/monza/ HTTP/1.1" 200 94221
65.108.2.171 - - [01/Nov/2024:00:12:35 +0100] "GET /ticket2/opencms/sv/buy/?page=1&edid=D890945E-C751-4AD9-75F6-08D09FFB756E&sortorder=desc&column=price HTTP/1.1" 200 102279
94.23.207.193 - - [01/Nov/2024:00:12:36 +0100] "GET /ticket2/opencms/se/fi/buy/?page=1&edid=5F579D46-41AA-50D0-CB53-48A39589CA74&sortorder=asc&column=section HTTP/1.1" 404 -
65.108.2.171 - - [01/Nov/2024:00:12:37 +0100] "GET /ticket2/opencms/sv/buy/?page=1&edid=D982F7C7-2260-B918-A19A-9AD033AA1445&sortorder=asc&column=row HTTP/1.1" 200 101506
65.108.2.171 - - [01/Nov/2024:00:12:38 +0100] "GET /ticket2/opencms/sv/buy/?page=1&edid=DAFDD77A-6D0A-08E5-2794-012E560891FE&sortorder=asc&column=row HTTP/1.1" 200 101730
65.108.2.171 - - [01/Nov/2024:00:12:40 +0100] "GET /ticket2/opencms/sv/buy/?page=1&edid=DB1BAA94-7AB4-95B2-8A74-90E6FA06EE12&sortorder=desc&column=section HTTP/1.1" 200 102161
65.108.2.171 - - [01/Nov/2024:00:12:42 +0100] "GET /ticket2/opencms/sv/buy/?page=1&edid=DB8C4F18-75B7-A38E-DC7A-9A06D521BF7E HTTP/1.1" 200 100744
65.108.2.171 - - [01/Nov/2024:00:12:43 +0100] "GET /ticket2/opencms/sv/buy/?page=1&edid=DBB4CDC4-5E0E-656F-1181-66C666A0DBB9&sortorder=asc&column=row HTTP/1.1" 200 101523
65.108.2.171 - - [01/Nov/2024:00:12:45 +0100] "GET /ticket2/opencms/sv/buy/?page=1&edid=DBB4CDC4-5E0E-656F-1181-66C666A0DBB9&sortorder=asc&column=section HTTP/1.1" 200 101707
65.108.2.171 - - [01/Nov/2024:00:12:47 +0100] "GET /ticket2/opencms/sv/buy/?page=1&edid=DBF4E8F8-4B5C-5AC7-6092-B7F0702F553B&sortorder=desc&column=row HTTP/1.1" 200 102425
54.36.148.102 - - [01/Nov/2024:00:12:47 +0100] "GET /ticket2/opencms/mo/magazine HTTP/1.1" 200 145928
168.119.68.178 - - [01/Nov/2024:00:12:47 +0100] "GET /ticket2/opencms/system/modules/com.gridnine.opencms.ticketbrokerage.site/resources/css/jquery.fancybox.css HTTP/1.1" 200 4939
168.119.68.178 - - [01/Nov/2024:00:12:47 +0100] "GET /ticket2/opencms/system/modules/com.gridnine.opencms.ticketbrokerage.site/resources/css/standard.css HTTP/1.1" 200 73073
168.119.68.178 - - [01/Nov/2024:00:12:47 +0100] "GET /ticket2/opencms/system/modules/com.gridnine.opencms.ticketbrokerage.site/resources/css/calendar.css HTTP/1.1" 200 6871
168.119.68.178 - - [01/Nov/2024:00:12:47 +0100] "GET /ticket2/opencms/system/modules/com.gridnine.opencms.ticketbrokerage.site/resources/css/jquery-ui.css HTTP/1.1" 200 33221
168.119.68.178 - - [01/Nov/2024:00:12:47 +0100] "GET /ticket2/opencms/system/modules/com.gridnine.opencms.ticketbrokerage.site/resources/css/ticketbrokerage.css HTTP/1.1" 200 39339
168.119.68.178 - - [01/Nov/2024:00:12:47 +0100] "GET /ticket2/opencms/system/modules/com.gridnine.opencms.ticketbrokerage.site/resources/js/jquery.fancybox.pack.js HTTP/1.1" 200 23187
168.119.68.178 - - [01/Nov/2024:00:12:47 +0100] "GET /ticket2/opencms/system/modules/com.gridnine.opencms.ticketbrokerage.site/resources/js/stickyfill.min.js HTTP/1.1" 200 5672
168.119.68.178 - - [01/Nov/2024:00:12:47 +0100] "GET /ticket2/opencms/system/modules/com.gridnine.opencms.ticketbrokerage.site/resources/js/jquery/jquery.js HTTP/1.1" 200 93868
168.119.68.178 - - [01/Nov/2024:00:12:47 +0100] "GET /ticket2/opencms/system/modules/com.gridnine.opencms.ticketbrokerage.site/resources/js/functions.js HTTP/1.1" 200 1583
168.119.68.178 - - [01/Nov/2024:00:12:47 +0100] "GET /ticket2/opencms/system/modules/com.gridnine.opencms.ticketbrokerage.site/resources/js/calendar.js HTTP/1.1" 200 49229
168.119.68.178 - - [01/Nov/2024:00:12:47 +0100] "GET /ticket2/opencms/system/modules/com.gridnine.opencms.ticketbrokerage.site/resources/js/calendar-en.js HTTP/1.1" 200 3338
168.119.68.178 - - [01/Nov/2024:00:12:47 +0100] "GET /ticket2/opencms/system/modules/com.gridnine.opencms.ticketbrokerage.site/resources/js/jquery/jquery-ui.js HTTP/1.1" 200 228088
168.119.68.178 - - [01/Nov/2024:00:12:47 +0100] "GET /ticket2/opencms/system/modules/com.gridnine.opencms.ticketbrokerage.site/resources/js/calendar-setup.js HTTP/1.1" 200 4923
168.119.68.178 - - [01/Nov/2024:00:12:47 +0100] "GET /ticket2/opencms/system/modules/com.gridnine.opencms.ticketbrokerage.site/resources/js/standard.js HTTP/1.1" 200 3978
168.119.68.178 - - [01/Nov/2024:00:12:47 +0100] "GET /ticket2/opencms/system/modules/com.gridnine.opencms.ticketbrokerage.site/resources/js/jquery.placeholder.min.js HTTP/1.1" 200 1737
168.119.68.178 - - [01/Nov/2024:00:12:48 +0100] "GET /ticket2/opencms/system/modules/com.gridnine.opencms.ticketbrokerage.site/resources/js/common-ajax.js HTTP/1.1" 200 20175
168.119.68.178 - - [01/Nov/2024:00:12:48 +0100] "GET /ticket2/opencms/system/modules/com.gridnine.opencms.ticketbrokerage.site/resources/js/standard.js HTTP/1.1" 200 3978
65.108.2.171 - - [01/Nov/2024:00:12:48 +0100] "GET /ticket2/opencms/sv/buy/?page=1&edid=DBF4E8F8-4B5C-5AC7-6092-B7F0702F553B&sortorder=desc&column=section HTTP/1.1" 200 102609
65.108.2.171 - - [01/Nov/2024:00:12:50 +0100] "GET /ticket2/opencms/sv/buy/?page=1&edid=DCF26A96-21C1-4B1A-0BC5-B98292623601 HTTP/1.1" 200 100328
94.23.207.193 - - [01/Nov/2024:00:12:50 +0100] "GET /ticket2/opencms/se/fi/buy/?page=1&edid=5F93E8E8-0A3C-E7C6-799E-7FAC313A5B3D&sortorder=desc&column=row HTTP/1.1" 404 -
65.108.2.171 - - [01/Nov/2024:00:12:52 +0100] "GET /ticket2/opencms/sv/buy/?page=1&edid=DE13CA6C-49BF-7466-E458-1FB810909761&sortorder=asc&column=row HTTP/1.1" 200 98889
65.108.2.171 - - [01/Nov/2024:00:12:53 +0100] "GET /ticket2/opencms/sv/buy/?page=1&edid=DE4E5E70-89B8-95B5-A2E4-7679F16733D8&sortorder=asc&column=price HTTP/1.1" 200 98980
65.108.2.171 - - [01/Nov/2024:00:12:55 +0100] "GET /ticket2/opencms/sv/buy/?page=1&edid=DE4E5E70-89B8-95B5-A2E4-7679F16733D8&sortorder=asc&column=row HTTP/1.1" 200 98888
54.36.148.210 - - [01/Nov/2024:00:12:57 +0100] "GET /ticket2/opencms/bs/buy?page=6&comcatid=A17713B6-D984-201A-4143-ED4DB5ED5C2E&catid=A7674DEA-B39E-502C-2F76-760AE08947E9 HTTP/1.1" 200 100685
65.108.2.171 - - [01/Nov/2024:00:12:57 +0100] "GET /ticket2/opencms/sv/buy/?page=1&edid=DE4E5E70-89B8-95B5-A2E4-7679F16733D8&sortorder=asc&column=section HTTP/1.1" 200 99072
195.154.126.92 - - [01/Nov/2024:00:12:57 +0100] "GET /ticket2/opencms/system/modules/com.gridnine.opencms.ticketbrokerage.site/resources/css/ticketbrokerage.css HTTP/1.1" 200 39339
195.154.126.92 - - [01/Nov/2024:00:12:57 +0100] "GET /ticket2/opencms/system/modules/com.gridnine.opencms.ticketbrokerage.site/resources/css/jquery.fancybox.css HTTP/1.1" 200 4939
195.154.126.92 - - [01/Nov/2024:00:12:57 +0100] "GET /ticket2/opencms/system/modules/com.gridnine.opencms.ticketbrokerage.site/resources/css/standard.css HTTP/1.1" 200 73073
195.154.126.92 - - [01/Nov/2024:00:12:57 +0100] "GET /ticket2/opencms/system/modules/com.gridnine.opencms.ticketbrokerage.site/resources/css/calendar.css HTTP/1.1" 200 6871
195.154.126.92 - - [01/Nov/2024:00:12:57 +0100] "GET /ticket2/opencms/system/modules/com.gridnine.opencms.ticketbrokerage.site/resources/js/jquery/jquery.js HTTP/1.1" 200 93868
195.154.126.92 - - [01/Nov/2024:00:12:57 +0100] "GET /ticket2/opencms/system/modules/com.gridnine.opencms.ticketbrokerage.site/resources/css/jquery-ui.css HTTP/1.1" 200 33221
195.154.126.92 - - [01/Nov/2024:00:12:57 +0100] "GET /ticket2/opencms/system/modules/com.gridnine.opencms.ticketbrokerage.site/resources/js/jquery.fancybox.pack.js HTTP/1.1" 200 23187
195.154.126.92 - - [01/Nov/2024:00:12:57 +0100] "GET /ticket2/opencms/system/modules/com.gridnine.opencms.ticketbrokerage.site/resources/js/stickyfill.min.js HTTP/1.1" 200 5672
195.154.126.92 - - [01/Nov/2024:00:12:57 +0100] "GET /ticket2/opencms/system/modules/com.gridnine.opencms.ticketbrokerage.site/resources/js/jquery/jquery-ui.js HTTP/1.1" 200 228088
195.154.126.92 - - [01/Nov/2024:00:12:57 +0100] "GET /ticket2/opencms/system/modules/com.gridnine.opencms.ticketbrokerage.site/resources/js/calendar-setup.js HTTP/1.1" 200 4923
195.154.126.92 - - [01/Nov/2024:00:12:57 +0100] "GET /ticket2/opencms/system/modules/com.gridnine.opencms.ticketbrokerage.site/resources/js/functions.js HTTP/1.1" 200 1583
195.154.126.92 - - [01/Nov/2024:00:12:57 +0100] "GET /ticket2/opencms/system/modules/com.gridnine.opencms.ticketbrokerage.site/resources/js/calendar.js HTTP/1.1" 200 49229
195.154.126.92 - - [01/Nov/2024:00:12:57 +0100] "GET /ticket2/opencms/system/modules/com.gridnine.opencms.ticketbrokerage.site/resources/js/calendar-en.js HTTP/1.1" 200 3338
195.154.126.92 - - [01/Nov/2024:00:12:57 +0100] "GET /ticket2/opencms/system/modules/com.gridnine.opencms.ticketbrokerage.site/resources/js/standard.js HTTP/1.1" 200 3978
195.154.126.92 - - [01/Nov/2024:00:12:57 +0100] "GET /ticket2/opencms/system/modules/com.gridnine.opencms.ticketbrokerage.site/resources/js/jquery.placeholder.min.js HTTP/1.1" 200 1737
195.154.126.92 - - [01/Nov/2024:00:12:57 +0100] "GET /ticket2/opencms/system/modules/com.gridnine.opencms.ticketbrokerage.site/resources/js/common-ajax.js HTTP/1.1" 200 20175
195.154.126.92 - - [01/Nov/2024:00:12:58 +0100] "GET /ticket2/opencms/system/modules/com.gridnine.opencms.ticketbrokerage.site/resources/js/standard.js HTTP/1.1" 200 3978
47.128.49.250 - - [01/Nov/2024:00:12:58 +0100] "GET /ticket2/opencms/sr/buy/?catid=53E7B32E-5CAA-6CE7-D6AA-FFC41D70EE01&comcatid=0A6B8208-FDA4-E929-9D72-5312FD481B76 HTTP/1.1" 200 98687
65.108.2.171 - - [01/Nov/2024:00:12:58 +0100] "GET /ticket2/opencms/sv/buy/?page=1&edid=DEB3E546-7518-41EE-6D12-41AB6F5C89B6&sortorder=asc&column=row HTTP/1.1" 200 102140
65.108.2.171 - - [01/Nov/2024:00:13:00 +0100] "GET /ticket2/opencms/sv/buy/?page=1&edid=DED8B8D3-5A2A-3FF7-3F3B-8C7FAC67E2E1&sortorder=desc&column=section HTTP/1.1" 200 101294
47.128.55.243 - - [01/Nov/2024:00:13:00 +0100] "GET /ticket2/opencms/sl/buy/?catid=26594C33-56CE-F529-FAF3-61AB33F74A3B&comcatid=0A6B8208-FDA4-E929-9D72-5312FD481B76 HTTP/1.1" 200 87379
65.108.2.171 - - [01/Nov/2024:00:13:02 +0100] "GET /ticket2/opencms/sv/buy/?page=1&edid=DEE44496-B556-FDDA-3CED-164195E286E3&sortorder=asc&column=section HTTP/1.1" 200 102995
65.108.2.171 - - [01/Nov/2024:00:13:03 +0100] "GET /ticket2/opencms/sv/buy/?page=1&edid=DEF18BF7-D4D8-7C12-E3C4-285BA6D3CB97&sortorder=asc&column=price HTTP/1.1" 200 102901
65.108.2.171 - - [01/Nov/2024:00:13:05 +0100] "GET /ticket2/opencms/sv/buy/?page=1&edid=DF722EB1-DBD7-8B49-AC85-9522FC35CC44&sortorder=desc&column=price HTTP/1.1" 200 102171
94.23.207.193 - - [01/Nov/2024:00:13:05 +0100] "GET /ticket2/opencms/se/fi/buy/?page=1&edid=60633A18-9CD3-C032-B645-6186B807E89A&sortorder=asc&column=price HTTP/1.1" 404 -
65.108.2.171 - - [01/Nov/2024:00:13:07 +0100] "GET /ticket2/opencms/sv/buy/?page=1&edid=DF722EB1-DBD7-8B49-AC85-9522FC35CC44&sortorder=desc&column=row HTTP/1.1" 200 102079
95.214.27.169 - - [01/Nov/2024:00:13:07 +0100] "GET / HTTP/1.1" 404 -
95.214.27.169 - - [01/Nov/2024:00:13:07 +0100] "CONNECT example.com:443 HTTP/1.1" 400 -
95.214.27.169 - - [01/Nov/2024:00:13:07 +0100] "GET / HTTP/1.1" 404 -
95.214.27.169 - - [01/Nov/2024:00:13:07 +0100] "CONNECT example.com:443 HTTP/1.1" 400 -
47.128.63.176 - - [01/Nov/2024:00:13:08 +0100] "GET /ticket2/opencms/el/buy/?edid=1B1B1FC4-4D35-11C5-5D85-DF2C3A11720F HTTP/1.1" 200 82211
65.108.2.171 - - [01/Nov/2024:00:13:08 +0100] "GET /ticket2/opencms/sv/buy/?page=1&edid=DF722EB1-DBD7-8B49-AC85-9522FC35CC44&sortorder=desc&column=section HTTP/1.1" 200 102263
54.36.148.206 - - [01/Nov/2024:00:13:09 +0100] "GET /ticket2/opencms/ga/login/ HTTP/1.1" 200 89742
65.108.2.171 - - [01/Nov/2024:00:13:10 +0100] "GET /ticket2/opencms/sv/buy/?page=1&edid=DF831646-EB81-8030-C88A-E153CD46EDDF HTTP/1.1" 200 97713
65.108.2.171 - - [01/Nov/2024:00:13:12 +0100] "GET /ticket2/opencms/sv/buy/?page=1&edid=E0E4CC6D-24E3-040F-1B69-4E1F3E08A0A3&sortorder=desc&column=section HTTP/1.1" 200 103072
66.249.79.102 - - [01/Nov/2024:00:13:12 +0100] "GET /ticket2/opencms/it/buy/?page=1&edid=F73B99E5-B80D-7F20-3343-FD9C622F3B77 HTTP/1.1" 200 104243
65.108.2.171 - - [01/Nov/2024:00:13:13 +0100] "GET /ticket2/opencms/sv/buy/?page=1&edid=E0EDFA49-4B2E-09BD-E753-18FE8749E494 HTTP/1.1" 200 99947
114.119.152.134 - - [01/Nov/2024:00:13:14 +0100] "GET /ticket2/opencms/en/venue/?venueid=BA7F5070-8E85-86F6-14CE-D436C8666BBE HTTP/1.1" 200 86603
47.128.59.7 - - [01/Nov/2024:00:13:15 +0100] "GET /ticket2/opencms/be/buy/?edid=5DE0E1FA-1A06-1735-F873-02CEFED6DB6A HTTP/1.1" 200 82069
65.108.2.171 - - [01/Nov/2024:00:13:15 +0100] "GET /ticket2/opencms/sv/buy/?page=1&edid=E0EDFA49-4B2E-09BD-E753-18FE8749E494&sortorder=desc&column=price HTTP/1.1" 200 101270
65.108.2.171 - - [01/Nov/2024:00:13:17 +0100] "GET /ticket2/opencms/sv/buy/?page=1&edid=E0EDFA49-4B2E-09BD-E753-18FE8749E494&sortorder=desc&column=row HTTP/1.1" 200 101178
94.23.207.193 - - [01/Nov/2024:00:13:18 +0100] "GET /ticket2/opencms/se/fi/buy/?page=1&edid=60633A18-9CD3-C032-B645-6186B807E89A&sortorder=asc&column=row HTTP/1.1" 404 -
54.36.148.16 - - [01/Nov/2024:00:13:18 +0100] "GET /ticket2/opencms/no/sport/fotballsbilletter/premier_league/manchester_united/ HTTP/1.1" 200 99196
65.108.2.171 - - [01/Nov/2024:00:13:18 +0100] "GET /ticket2/opencms/sv/buy/?page=1&edid=E0EDFA49-4B2E-09BD-E753-18FE8749E494&sortorder=desc&column=section HTTP/1.1" 200 101362
195.154.123.126 - - [01/Nov/2024:00:13:19 +0100] "GET /ticket2/opencms/system/modules/com.gridnine.opencms.ticketbrokerage.site/resources/css/ticketbrokerage.css HTTP/1.1" 200 39339
195.154.123.126 - - [01/Nov/2024:00:13:19 +0100] "GET /ticket2/opencms/system/modules/com.gridnine.opencms.ticketbrokerage.site/resources/css/jquery-ui.css HTTP/1.1" 200 33221
195.154.123.126 - - [01/Nov/2024:00:13:19 +0100] "GET /ticket2/opencms/system/modules/com.gridnine.opencms.ticketbrokerage.site/resources/css/calendar.css HTTP/1.1" 200 6871
195.154.123.126 - - [01/Nov/2024:00:13:19 +0100] "GET /ticket2/opencms/system/modules/com.gridnine.opencms.ticketbrokerage.site/resources/css/jquery.fancybox.css HTTP/1.1" 200 4939
195.154.123.126 - - [01/Nov/2024:00:13:19 +0100] "GET /ticket2/opencms/system/modules/com.gridnine.opencms.ticketbrokerage.site/resources/css/standard.css HTTP/1.1" 200 73073
195.154.123.126 - - [01/Nov/2024:00:13:19 +0100] "GET /ticket2/opencms/system/modules/com.gridnine.opencms.ticketbrokerage.site/resources/js/calendar-en.js HTTP/1.1" 200 3338
195.154.123.126 - - [01/Nov/2024:00:13:19 +0100] "GET /ticket2/opencms/system/modules/com.gridnine.opencms.ticketbrokerage.site/resources/js/stickyfill.min.js HTTP/1.1" 200 5672
195.154.123.126 - - [01/Nov/2024:00:13:19 +0100] "GET /ticket2/opencms/system/modules/com.gridnine.opencms.ticketbrokerage.site/resources/js/functions.js HTTP/1.1" 200 1583
195.154.123.126 - - [01/Nov/2024:00:13:19 +0100] "GET /ticket2/opencms/system/modules/com.gridnine.opencms.ticketbrokerage.site/resources/js/jquery.fancybox.pack.js HTTP/1.1" 200 23187
195.154.123.126 - - [01/Nov/2024:00:13:19 +0100] "GET /ticket2/opencms/system/modules/com.gridnine.opencms.ticketbrokerage.site/resources/js/jquery/jquery.js HTTP/1.1" 200 93868
195.154.123.126 - - [01/Nov/2024:00:13:19 +0100] "GET /ticket2/opencms/system/modules/com.gridnine.opencms.ticketbrokerage.site/resources/js/calendar-setup.js HTTP/1.1" 200 4923
195.154.123.126 - - [01/Nov/2024:00:13:19 +0100] "GET /ticket2/opencms/system/modules/com.gridnine.opencms.ticketbrokerage.site/resources/js/calendar.js HTTP/1.1" 200 49229
195.154.123.126 - - [01/Nov/2024:00:13:19 +0100] "GET /ticket2/opencms/system/modules/com.gridnine.opencms.ticketbrokerage.site/resources/js/standard.js HTTP/1.1" 200 3978
195.154.123.126 - - [01/Nov/2024:00:13:19 +0100] "GET /ticket2/opencms/system/modules/com.gridnine.opencms.ticketbrokerage.site/resources/js/jquery/jquery-ui.js HTTP/1.1" 200 228088
195.154.123.126 - - [01/Nov/2024:00:13:19 +0100] "GET /ticket2/opencms/system/modules/com.gridnine.opencms.ticketbrokerage.site/resources/js/jquery.placeholder.min.js HTTP/1.1" 200 1737
195.154.123.126 - - [01/Nov/2024:00:13:19 +0100] "GET /ticket2/opencms/system/modules/com.gridnine.opencms.ticketbrokerage.site/resources/js/common-ajax.js HTTP/1.1" 200 20175
85.208.96.205 - - [01/Nov/2024:00:13:19 +0100] "GET /ticket2/opencms/de/sport/fussball-tickets/la_liga/real_madrid/ HTTP/1.1" 200 102412
195.154.123.126 - - [01/Nov/2024:00:13:20 +0100] "GET /ticket2/opencms/system/modules/com.gridnine.opencms.ticketbrokerage.site/resources/js/standard.js HTTP/1.1" 200 3978
65.108.2.171 - - [01/Nov/2024:00:13:20 +0100] "GET /ticket2/opencms/sv/buy/?page=1&edid=E105CC99-C590-CA5D-D12C-4CC2C60C2228&sortorder=desc&column=price HTTP/1.1" 200 101759
65.108.2.171 - - [01/Nov/2024:00:13:22 +0100] "GET /ticket2/opencms/sv/buy/?page=1&edid=E169F5DB-C811-39FE-D2C1-0C94563BAA9E&sortorder=desc&column=price HTTP/1.1" 200 101409
47.128.50.209 - - [01/Nov/2024:00:13:22 +0100] "GET /ticket2/opencms/sk/buy/?catid=F7FF413B-5FDF-82CF-E5BB-CD4AB6027974&comcatid=97ECA65A-72DA-F9AF-9DBB-245D3CFED1BE HTTP/1.1" 200 88772
65.108.2.171 - - [01/Nov/2024:00:13:24 +0100] "GET /ticket2/opencms/sv/buy/?page=1&edid=E195347C-2F61-DC12-B555-E80AECD24DE5&sortorder=asc&column=row HTTP/1.1" 200 101527
65.108.2.171 - - [01/Nov/2024:00:13:25 +0100] "GET /ticket2/opencms/sv/buy/?page=1&edid=E195347C-2F61-DC12-B555-E80AECD24DE5&sortorder=asc&column=section HTTP/1.1" 200 101711
65.108.2.171 - - [01/Nov/2024:00:13:27 +0100] "GET /ticket2/opencms/sv/buy/?page=1&edid=E195347C-2F61-DC12-B555-E80AECD24DE5&sortorder=desc&column=price HTTP/1.1" 200 101664
65.108.2.171 - - [01/Nov/2024:00:13:29 +0100] "GET /ticket2/opencms/sv/buy/?page=1&edid=E2111368-0A40-2CCB-2BED-6EDF87CADCB9&sortorder=asc&column=row HTTP/1.1" 200 98878
207.46.13.125 - - [01/Nov/2024:00:13:30 +0100] "GET /ticket2/opencms/dk/sport/fodboldbilletter/premier-league/manchester-united/ HTTP/1.1" 200 98368
65.108.2.171 - - [01/Nov/2024:00:13:30 +0100] "GET /ticket2/opencms/sv/buy/?page=1&edid=E2111368-0A40-2CCB-2BED-6EDF87CADCB9&sortorder=desc&column=row HTTP/1.1" 200 98923
65.108.2.171 - - [01/Nov/2024:00:13:32 +0100] "GET /ticket2/opencms/sv/buy/?page=1&edid=E2AAD269-D91B-B95E-5F20-E45C5EE0331C&sortorder=desc&column=section HTTP/1.1" 200 101748
65.108.2.171 - - [01/Nov/2024:00:13:34 +0100] "GET /ticket2/opencms/sv/buy/?page=1&edid=E2F152C4-7969-462B-B131-68D2CAA6A830&sortorder=desc&column=section HTTP/1.1" 200 102169
65.108.2.171 - - [01/Nov/2024:00:13:36 +0100] "GET /ticket2/opencms/sv/buy/?page=1&edid=E4649DD7-A8F0-6CC7-618A-6467D055EE4F&sortorder=desc&column=section HTTP/1.1" 200 102440
65.108.2.171 - - [01/Nov/2024:00:13:38 +0100] "GET /ticket2/opencms/sv/buy/?page=1&edid=E4CCAEED-8E81-175A-FC4E-82AB9259F7C3&sortorder=desc&column=price HTTP/1.1" 200 102980
54.36.148.221 - - [01/Nov/2024:00:13:38 +0100] "GET /ticket2/opencms/dk/buy/?page=6&comcatid=A17713B6-D984-201A-4143-ED4DB5ED5C2E&catid=7EF04817-972D-18B1-F941-DE800D088075 HTTP/1.1" 200 105814
65.108.2.171 - - [01/Nov/2024:00:13:39 +0100] "GET /ticket2/opencms/sv/buy/?page=1&edid=E4DD18A9-E2C7-8937-EAB2-A958CD187E94&sortorder=asc&column=price HTTP/1.1" 200 98988
65.108.2.171 - - [01/Nov/2024:00:13:41 +0100] "GET /ticket2/opencms/sv/buy/?page=1&edid=E4DD18A9-E2C7-8937-EAB2-A958CD187E94&sortorder=asc&column=section HTTP/1.1" 200 99080
65.108.2.171 - - [01/Nov/2024:00:13:43 +0100] "GET /ticket2/opencms/sv/buy/?page=1&edid=E4DD4E8B-531F-7FAF-7060-DC5A1A2860FE&sortorder=asc&column=price HTTP/1.1" 200 102304
65.108.2.171 - - [01/Nov/2024:00:13:44 +0100] "GET /ticket2/opencms/sv/buy/?page=1&edid=E4DD4E8B-531F-7FAF-7060-DC5A1A2860FE&sortorder=asc&column=section HTTP/1.1" 200 102396
65.108.2.171 - - [01/Nov/2024:00:13:46 +0100] "GET /ticket2/opencms/sv/buy/?page=1&edid=E4DD4E8B-531F-7FAF-7060-DC5A1A2860FE&sortorder=desc&column=price HTTP/1.1" 200 102349
94.23.207.193 - - [01/Nov/2024:00:13:46 +0100] "GET /ticket2/opencms/se/fi/buy/?page=1&edid=60633A18-9CD3-C032-B645-6186B807E89A&sortorder=desc&column=price HTTP/1.1" 404 -
47.128.51.173 - - [01/Nov/2024:00:13:47 +0100] "GET /ticket2/opencms/de/sport/fussball-tickets/la_liga/villareal/ HTTP/1.1" 200 104081
65.108.2.171 - - [01/Nov/2024:00:13:47 +0100] "GET /ticket2/opencms/sv/buy/?page=1&edid=E4DD4E8B-531F-7FAF-7060-DC5A1A2860FE&sortorder=desc&column=section HTTP/1.1" 200 102441
85.208.96.197 - - [01/Nov/2024:00:13:48 +0100] "GET /ticket2/opencms/sk/partnersky-program HTTP/1.1" 200 87876
54.36.148.35 - - [01/Nov/2024:00:13:48 +0100] "GET /ticket2/opencms/en/buy/?page=6&comcatid=A17713B6-D984-201A-4143-ED4DB5ED5C2E&catid=88C381AD-5D76-A34D-AC15-A7129F8EF5BE HTTP/1.1" 200 92922
65.108.2.171 - - [01/Nov/2024:00:13:49 +0100] "GET /ticket2/opencms/sv/buy/?page=1&edid=E5CA0494-C5FC-811D-E370-D6597AC00698&sortorder=desc&column=row HTTP/1.1" 200 102222
65.108.2.171 - - [01/Nov/2024:00:13:51 +0100] "GET /ticket2/opencms/sv/buy/?page=1&edid=E60046C5-01D5-A277-69B4-5749B27E17F5&sortorder=asc&column=price HTTP/1.1" 200 101611
47.128.37.126 - - [01/Nov/2024:00:13:52 +0100] "GET /ticket2/opencms/sv/buy/?catid=1DB7F66B-473B-B427-F752-358FEEFE8EC0&comcatid=0A6B8208-FDA4-E929-9D72-5312FD481B76&page=7 HTTP/1.1" 200 86949
65.108.2.171 - - [01/Nov/2024:00:13:52 +0100] "GET /ticket2/opencms/sv/buy/?page=1&edid=E60046C5-01D5-A277-69B4-5749B27E17F5&sortorder=asc&column=row HTTP/1.1" 200 101519
65.108.2.171 - - [01/Nov/2024:00:13:54 +0100] "GET /ticket2/opencms/sv/buy/?page=1&edid=E60046C5-01D5-A277-69B4-5749B27E17F5&sortorder=asc&column=section HTTP/1.1" 200 101703
65.108.2.171 - - [01/Nov/2024:00:13:56 +0100] "GET /ticket2/opencms/sv/buy/?page=1&edid=E673A673-60D1-7971-6FDB-7395DA44636B&sortorder=asc&column=price HTTP/1.1" 200 98986
65.108.2.171 - - [01/Nov/2024:00:13:58 +0100] "GET /ticket2/opencms/sv/buy/?page=1&edid=E673A673-60D1-7971-6FDB-7395DA44636B&sortorder=asc&column=section HTTP/1.1" 200 99078
65.108.2.171 - - [01/Nov/2024:00:13:59 +0100] "GET /ticket2/opencms/sv/buy/?page=1&edid=E688318C-8BD2-52B1-8214-3B9499EE0B50&sortorder=asc&column=section HTTP/1.1" 200 102102
54.36.148.92 - - [01/Nov/2024:00:14:01 +0100] "GET /ticket2/opencms/az/?page=6&comcatid=A17713B6-D984-201A-4143-ED4DB5ED5C2E&catid=C48671DB-5AEB-8CE2-928E-38417FFBE085 HTTP/1.1" 200 96077
65.108.2.171 - - [01/Nov/2024:00:14:01 +0100] "GET /ticket2/opencms/sv/buy/?page=1&edid=E76DEF92-4D7F-51BD-041F-8B637EFB6F58&sortorder=desc&column=price HTTP/1.1" 200 101654
157.55.39.14 - - [01/Nov/2024:00:14:02 +0100] "GET /ticket2/opencms/hu/buy?page=1&edid=06839E1C-8CA0-2766-B39C-B161E06D9E51 HTTP/1.1" 200 125501
65.108.2.171 - - [01/Nov/2024:00:14:03 +0100] "GET /ticket2/opencms/sv/buy/?page=1&edid=E86A1D4E-A968-0058-E9E5-93DA356CB848 HTTP/1.1" 200 100321
65.108.2.171 - - [01/Nov/2024:00:14:04 +0100] "GET /ticket2/opencms/sv/buy/?page=1&edid=E8ADA169-FD64-22D1-E571-3ACABC39BF3B&sortorder=asc&column=price HTTP/1.1" 200 101614
65.108.2.171 - - [01/Nov/2024:00:14:06 +0100] "GET /ticket2/opencms/sv/buy/?page=1&edid=E8ADA169-FD64-22D1-E571-3ACABC39BF3B&sortorder=asc&column=row HTTP/1.1" 200 101522
85.208.96.199 - - [01/Nov/2024:00:14:08 +0100] "GET /ticket2/opencms/sv/sport/fotbollsbiljetter/serie_a/atalanta/ HTTP/1.1" 200 97075
65.108.2.171 - - [01/Nov/2024:00:14:08 +0100] "GET /ticket2/opencms/sv/buy/?page=1&edid=E8ADA169-FD64-22D1-E571-3ACABC39BF3B&sortorder=asc&column=section HTTP/1.1" 200 101706
65.108.2.171 - - [01/Nov/2024:00:14:10 +0100] "GET /ticket2/opencms/sv/buy/?page=1&edid=E8FE2A15-0338-AD03-E820-3464EC7EA1F7&sortorder=desc&column=price HTTP/1.1" 200 102274
65.108.2.171 - - [01/Nov/2024:00:14:11 +0100] "GET /ticket2/opencms/sv/buy/?page=1&edid=E95F2E66-8E3F-13ED-DDC3-10DFCE42B919&sortorder=desc&column=price HTTP/1.1" 200 101200
94.23.207.193 - - [01/Nov/2024:00:14:13 +0100] "GET /ticket2/opencms/se/fi/buy/?page=1&edid=60633A18-9CD3-C032-B645-6186B807E89A&sortorder=desc&column=row HTTP/1.1" 404 -
65.108.2.171 - - [01/Nov/2024:00:14:13 +0100] "GET /ticket2/opencms/sv/buy/?page=1&edid=E95F2E66-8E3F-13ED-DDC3-10DFCE42B919&sortorder=desc&column=section HTTP/1.1" 200 101292
65.108.2.171 - - [01/Nov/2024:00:14:14 +0100] "GET /ticket2/opencms/sv/buy/?page=1&edid=E9838C23-0C42-76E6-BB2C-2BF0CE1A8368&sortorder=asc&column=section HTTP/1.1" 200 99084
65.108.2.171 - - [01/Nov/2024:00:14:16 +0100] "GET /ticket2/opencms/sv/buy/?page=1&edid=E99658AA-31F4-AF73-28B2-6284AC552371 HTTP/1.1" 200 100091
65.108.2.171 - - [01/Nov/2024:00:14:18 +0100] "GET /ticket2/opencms/sv/buy/?page=1&edid=E9DABBC3-BA20-8E35-9060-A0F69B16EC4B&sortorder=asc&column=price HTTP/1.1" 200 99009
65.108.2.171 - - [01/Nov/2024:00:14:19 +0100] "GET /ticket2/opencms/sv/buy/?page=1&edid=E9DABBC3-BA20-8E35-9060-A0F69B16EC4B&sortorder=asc&column=section HTTP/1.1" 200 99101
54.36.148.73 - - [01/Nov/2024:00:14:20 +0100] "GET /ticket2/opencms/fi/buy/?comcatid=A17713B6-D984-201A-4143-ED4DB5ED5C2E&catid=2FC3D548-EAF9-1354-0CD2-7D7619DA2334 HTTP/1.1" 200 93809
54.36.148.141 - - [01/Nov/2024:00:14:20 +0100] "GET /ticket2/opencms/az/?page=6&comcatid=A17713B6-D984-201A-4143-ED4DB5ED5C2E&catid=C871EAE3-C584-718A-9795-07CDEF43FA75 HTTP/1.1" 200 96077
66.249.79.103 - - [01/Nov/2024:00:14:21 +0100] "GET /ticket2/opencms/en/venue/?venueid=5AC23685-CBDF-0034-E285-05FDF9221C43 HTTP/1.1" 200 86594
65.108.2.171 - - [01/Nov/2024:00:14:21 +0100] "GET /ticket2/opencms/sv/buy/?page=1&edid=EA7D2AE2-BF00-BDF0-D8DC-6EBA4C77395E&sortorder=asc&column=price HTTP/1.1" 200 101151
65.108.2.171 - - [01/Nov/2024:00:14:23 +0100] "GET /ticket2/opencms/sv/buy/?page=1&edid=EA7D2AE2-BF00-BDF0-D8DC-6EBA4C77395E&sortorder=asc&column=section HTTP/1.1" 200 101243
66.249.76.128 - - [01/Nov/2024:00:14:24 +0100] "GET /ticket2/opencms/it/buy/?page=1&edid=EB4DE1F4-F429-D890-6213-A5B01648901D HTTP/1.1" 200 119507
65.108.2.171 - - [01/Nov/2024:00:14:24 +0100] "GET /ticket2/opencms/sv/buy/?page=1&edid=EAA98A6E-20F3-6D01-3D0B-DC007380F0E3&sortorder=asc&column=row HTTP/1.1" 200 101701
65.108.2.171 - - [01/Nov/2024:00:14:26 +0100] "GET /ticket2/opencms/sv/buy/?page=1&edid=EADB5142-E316-D488-65C9-672C3841B36D&sortorder=asc&column=price HTTP/1.1" 200 101129
85.208.96.195 - - [01/Nov/2024:00:14:28 +0100] "GET /ticket2/opencms/uk/about/contact HTTP/1.1" 200 87937
65.108.2.171 - - [01/Nov/2024:00:14:28 +0100] "GET /ticket2/opencms/sv/buy/?page=1&edid=EADB5142-E316-D488-65C9-672C3841B36D&sortorder=asc&column=row HTTP/1.1" 200 101037
114.119.130.91 - - [01/Nov/2024:00:14:28 +0100] "GET /ticket2/opencms/en/sell?edid=5595A96D-9F00-CDE0-D156-0165E9F7FC70 HTTP/1.1" 302 -
65.108.2.171 - - [01/Nov/2024:00:14:30 +0100] "GET /ticket2/opencms/sv/buy/?page=1&edid=EADB5142-E316-D488-65C9-672C3841B36D&sortorder=asc&column=section HTTP/1.1" 200 101221
65.108.2.171 - - [01/Nov/2024:00:14:31 +0100] "GET /ticket2/opencms/sv/buy/?page=1&edid=EC61041E-00DA-E8B4-FB7A-79E5DD2DBE28&sortorder=desc&column=row HTTP/1.1" 200 101980
47.128.54.20 - - [01/Nov/2024:00:14:31 +0100] "GET /ticket2/opencms/lv/buy/?edid=E53C8E7A-C1C8-80DF-ED27-96FEFF6B5147 HTTP/1.1" 200 81476
114.119.130.91 - - [01/Nov/2024:00:14:32 +0100] "GET /ticket2/opencms/en/login/?url=/en/sell/ HTTP/1.1" 200 88677
65.108.2.171 - - [01/Nov/2024:00:14:33 +0100] "GET /ticket2/opencms/sv/buy/?page=1&edid=ECC3297D-3A9A-D4AD-123F-E611C24101FC&sortorder=asc&column=price HTTP/1.1" 200 98999
65.108.2.171 - - [01/Nov/2024:00:14:35 +0100] "GET /ticket2/opencms/sv/buy/?page=1&edid=ECC3297D-3A9A-D4AD-123F-E611C24101FC&sortorder=asc&column=section HTTP/1.1" 200 99091
85.208.96.211 - - [01/Nov/2024:00:14:36 +0100] "GET /ticket2/opencms/nl/sport/voetbal-tickets/serie_a/sassuolo/ HTTP/1.1" 200 88042
65.108.2.171 - - [01/Nov/2024:00:14:36 +0100] "GET /ticket2/opencms/sv/buy/?page=1&edid=ED305914-B6BB-AB1C-137C-67B416FC2C70&sortorder=asc&column=row HTTP/1.1" 200 98872
94.23.207.193 - - [01/Nov/2024:00:14:37 +0100] "GET /ticket2/opencms/se/fi/buy/?page=1&edid=60633A18-9CD3-C032-B645-6186B807E89A&sortorder=desc&column=section HTTP/1.1" 404 -
65.108.2.171 - - [01/Nov/2024:00:14:38 +0100] "GET /ticket2/opencms/sv/buy/?page=1&edid=ED81349D-86B2-C0F6-EF58-DEEDD0455CAC&sortorder=asc&column=price HTTP/1.1" 200 98981
54.36.148.146 - - [01/Nov/2024:00:14:39 +0100] "GET /ticket2/opencms/az/?page=6&comcatid=A17713B6-D984-201A-4143-ED4DB5ED5C2E&catid=D08E96E8-A514-9E09-4E22-63713911E0B8 HTTP/1.1" 200 96077
65.108.2.171 - - [01/Nov/2024:00:14:40 +0100] "GET /ticket2/opencms/sv/buy/?page=1&edid=ED81349D-86B2-C0F6-EF58-DEEDD0455CAC&sortorder=asc&column=row HTTP/1.1" 200 98889
65.108.2.171 - - [01/Nov/2024:00:14:41 +0100] "GET /ticket2/opencms/sv/buy/?page=1&edid=ED855D6B-673D-0A5B-8E81-DCE50EA1C4F5&sortorder=asc&column=price HTTP/1.1" 200 102891
52.167.144.137 - - [01/Nov/2024:00:14:42 +0100] "GET /ticket2/opencms/en/buy/?page=1&edid=53761E65-F89B-BBEE-6188-DCF95DA0DC4F HTTP/1.1" 200 100175
65.108.2.171 - - [01/Nov/2024:00:14:43 +0100] "GET /ticket2/opencms/sv/buy/?page=1&edid=ED855D6B-673D-0A5B-8E81-DCE50EA1C4F5&sortorder=asc&column=section HTTP/1.1" 200 102983
47.128.58.175 - - [01/Nov/2024:00:14:44 +0100] "GET /ticket2/opencms/hr/buy/?catid=A05A53F7-423D-23BE-575E-EA7B67DE22D9&comcatid=0A6B8208-FDA4-E929-9D72-5312FD481B76 HTTP/1.1" 200 87425
65.108.2.171 - - [01/Nov/2024:00:14:45 +0100] "GET /ticket2/opencms/sv/buy/?page=1&edid=EE831D81-430C-2742-EF81-913C033FACF9&sortorder=asc&column=price HTTP/1.1" 200 102921
65.108.2.171 - - [01/Nov/2024:00:14:46 +0100] "GET /ticket2/opencms/sv/buy/?page=1&edid=EEC5300E-BB94-42CA-1E8E-EBCDC578E81E&sortorder=desc&column=price HTTP/1.1" 200 102941
65.108.2.171 - - [01/Nov/2024:00:14:48 +0100] "GET /ticket2/opencms/sv/buy/?page=1&edid=EF35BD3C-C9A5-C2A0-A3A6-BEA2BE3DC0C8 HTTP/1.1" 200 97714
65.108.2.171 - - [01/Nov/2024:00:14:50 +0100] "GET /ticket2/opencms/sv/buy/?page=1&edid=EF861438-67E0-49D5-A813-ED658965F997 HTTP/1.1" 200 101197
85.208.96.209 - - [01/Nov/2024:00:14:50 +0100] "GET /ticket2/opencms/sv/magazine/article?title=nio-segrar-pa-tio-matcher HTTP/1.1" 200 90011
185.91.127.94 - - [01/Nov/2024:00:14:50 +0100] "CONNECT google.com:443 HTTP/1.1" 400 -
65.108.2.171 - - [01/Nov/2024:00:14:51 +0100] "GET /ticket2/opencms/sv/buy/?page=1&edid=F14CA03D-7B19-9875-743D-5167EB6FB9A9&sortorder=desc&column=row HTTP/1.1" 200 101764
65.108.2.171 - - [01/Nov/2024:00:14:53 +0100] "GET /ticket2/opencms/sv/buy/?page=1&edid=F34C3B0E-BB5C-8B73-B51B-808A8957F296&sortorder=desc&column=price HTTP/1.1" 200 102786
65.108.2.171 - - [01/Nov/2024:00:14:55 +0100] "GET /ticket2/opencms/sv/buy/?page=1&edid=F3C59FE8-84DA-4168-9DD0-7FF9F22B1ED6&sortorder=desc&column=section HTTP/1.1" 200 101519
65.108.2.171 - - [01/Nov/2024:00:14:56 +0100] "GET /ticket2/opencms/sv/buy/?page=1&edid=F4D78D53-5514-188C-B61F-73CDE03BF980&sortorder=desc&column=price HTTP/1.1" 200 102734
65.108.2.171 - - [01/Nov/2024:00:14:58 +0100] "GET /ticket2/opencms/sv/buy/?page=1&edid=F4D78D53-5514-188C-B61F-73CDE03BF980&sortorder=desc&column=section HTTP/1.1" 200 102826
54.36.148.13 - - [01/Nov/2024:00:14:58 +0100] "GET /ticket2/opencms/az/?page=6&comcatid=A17713B6-D984-201A-4143-ED4DB5ED5C2E&catid=E961462E-5AC2-64D6-5850-A310C9DEAA06 HTTP/1.1" 200 96077
65.108.2.171 - - [01/Nov/2024:00:15:00 +0100] "GET /ticket2/opencms/sv/buy/?page=1&edid=F4F9CF15-E46F-6692-1384-B244A9E1955F HTTP/1.1" 200 100528
94.23.207.193 - - [01/Nov/2024:00:15:01 +0100] "GET /ticket2/opencms/se/fi/buy/?page=1&edid=60B3CAFF-CEDA-8B02-D601-9C788B6A3E8A HTTP/1.1" 404 -
65.108.2.171 - - [01/Nov/2024:00:15:01 +0100] "GET /ticket2/opencms/sv/buy/?page=1&edid=F4F9CF15-E46F-6692-1384-B244A9E1955F&sortorder=desc&column=section HTTP/1.1" 200 101943
65.108.2.171 - - [01/Nov/2024:00:15:03 +0100] "GET /ticket2/opencms/sv/buy/?page=1&edid=F5457626-650E-91F7-8E0A-573DA573BFB0&sortorder=desc&column=price HTTP/1.1" 200 101425
65.108.2.171 - - [01/Nov/2024:00:15:04 +0100] "GET /ticket2/opencms/sv/buy/?page=1&edid=F610F982-3B1A-38D1-B7C4-D27C3E0CB131&sortorder=asc&column=price HTTP/1.1" 200 102262
65.108.2.171 - - [01/Nov/2024:00:15:06 +0100] "GET /ticket2/opencms/sv/buy/?page=1&edid=F610F982-3B1A-38D1-B7C4-D27C3E0CB131&sortorder=asc&column=row HTTP/1.1" 200 102170
65.108.2.171 - - [01/Nov/2024:00:15:08 +0100] "GET /ticket2/opencms/sv/buy/?page=1&edid=F6EA85FF-0C92-4E0B-8BE3-1EAE8EB00385 HTTP/1.1" 200 97702
185.191.171.12 - - [01/Nov/2024:00:15:09 +0100] "GET /ticket2/opencms/it/faq HTTP/1.1" 200 91978
65.108.2.171 - - [01/Nov/2024:00:15:10 +0100] "GET /ticket2/opencms/sv/buy/?page=1&edid=F7633BA6-60C6-73BF-E327-B2D9AF8D78B7&sortorder=asc&column=row HTTP/1.1" 200 102807
65.108.2.171 - - [01/Nov/2024:00:15:11 +0100] "GET /ticket2/opencms/sv/buy/?page=1&edid=F7BC7CFE-230C-3CFF-5454-428BE07CEFC4 HTTP/1.1" 200 97685
65.108.2.171 - - [01/Nov/2024:00:15:13 +0100] "GET /ticket2/opencms/sv/buy/?page=1&edid=F7D3655C-F2DE-642B-A93E-8B40A4F27DB2 HTTP/1.1" 200 100957
65.108.2.171 - - [01/Nov/2024:00:15:15 +0100] "GET /ticket2/opencms/sv/buy/?page=1&edid=F7E5ECA4-CD9F-EC14-7129-FB35DEE2617A&sortorder=asc&column=price HTTP/1.1" 200 101128
54.36.148.100 - - [01/Nov/2024:00:15:15 +0100] "GET /ticket2/opencms/az/?page=6&comcatid=A17713B6-D984-201A-4143-ED4DB5ED5C2E&catid=F03B8ADD-988E-AE6A-8DBA-AF502C691C60 HTTP/1.1" 200 96077
65.108.2.171 - - [01/Nov/2024:00:15:16 +0100] "GET /ticket2/opencms/sv/buy/?page=1&edid=F7E5ECA4-CD9F-EC14-7129-FB35DEE2617A&sortorder=asc&column=row HTTP/1.1" 200 101036
65.108.2.171 - - [01/Nov/2024:00:15:18 +0100] "GET /ticket2/opencms/sv/buy/?page=1&edid=F7E5ECA4-CD9F-EC14-7129-FB35DEE2617A&sortorder=asc&column=section HTTP/1.1" 200 101220
65.108.2.171 - - [01/Nov/2024:00:15:20 +0100] "GET /ticket2/opencms/sv/buy/?page=1&edid=F8640281-A10A-8FAC-4D72-6086A5F51411&sortorder=desc&column=price HTTP/1.1" 200 101176
