217.182.134.134 - - [01/Nov/2024:00:24:28 +0100] "GET /ticket2/opencms/fi/buy/?page=1&edid=CF602CBD-B9B1-E192-55D1-59F7026D6155&sortorder=desc&column=section HTTP/1.1" 200 102472
5.45.102.93 - - [01/Nov/2024:00:24:28 +0100] "GET /ticket2/opencms/en/buy?page=1&edid=BE8C7FA0-9E48-EAB3-3A70-9E9F9EA30F95 HTTP/1.1" 200 134508
114.119.154.13 - - [01/Nov/2024:00:24:28 +0100] "GET /ticket2/opencms/en/venue/?venueid=1D8D6A4F-9ED4-4698-838F-ADCA81DD135B HTTP/1.1" 200 86608
65.108.64.210 - - [01/Nov/2024:00:24:29 +0100] "GET /ticket2/opencms/sv/buy/?page=1&edid=3A8B7C0E-B9F1-3CB8-49BA-D5C23C49B9C6&sortorder=desc&column=section HTTP/1.1" 200 102379
5.45.102.93 - - [01/Nov/2024:00:24:29 +0100] "GET /ticket2/opencms/submitNewForm();?inputName=%E2%98%8E+Reminder%3A+Operation+%E2%84%96WB11.+LOG+IN+%3E+https%3A%2F%2Ftelegra.ph%2FGo-to-your-personal-cabinet-08-25%3Fhs%3D694c8919190305d6da5b7740c59866c8%26+%E2%98%8E&inputEmail=azizxkill1%40setxko.com&inputQuestion=0l9cfi HTTP/1.1" 404 -
114.119.134.48 - - [01/Nov/2024:00:24:29 +0100] "GET /ticket2/opencms/en/sell/?edid=EDDD9812-84E9-EC23-5255-717CA7A887CC HTTP/1.1" 302 -
217.182.134.134 - - [01/Nov/2024:00:24:30 +0100] "GET /ticket2/opencms/fi/buy/?page=1&edid=D365270F-785D-2C1A-552E-4C45198D1C5B HTTP/1.1" 200 98662
5.45.102.93 - - [01/Nov/2024:00:24:30 +0100] "GET /ticket2/opencms/en/buy?page=1&edid=C8E47E46-ADCD-586A-7BE4-CF1C96256B2D HTTP/1.1" 200 124418
5.45.102.93 - - [01/Nov/2024:00:24:31 +0100] "GET /ticket2/opencms/submitNewForm();?inputName=%F0%9F%93%85+You+have+received+1+notification+%E2%84%96+185.+Read+%3E+https%3A%2F%2Ftelegra.ph%2FGo-to-your-personal-cabinet-08-25%3Fhs%3Da77d3ee0c8308f299254f858574184f7%26+%F0%9F%93%85&inputEmail=azizxkill1%40setxko.com&inputQuestion=v6bxq0 HTTP/1.1" 404 -
20.171.206.210 - - [01/Nov/2024:00:24:32 +0100] "GET /ticket2/opencms/ HTTP/1.1" 302 -
217.182.134.134 - - [01/Nov/2024:00:24:32 +0100] "GET /ticket2/opencms/fi/buy/?page=1&edid=D5E9A801-4597-FB68-95D5-A4CE1BC9C0D9 HTTP/1.1" 200 101933
65.108.64.210 - - [01/Nov/2024:00:24:32 +0100] "GET /ticket2/opencms/sv/buy/?page=1&edid=3BC0166D-3334-F436-7AC9-C815C4D456EB&sortorder=desc&column=row HTTP/1.1" 200 101979
5.45.102.93 - - [01/Nov/2024:00:24:33 +0100] "GET /ticket2/opencms/en/buy?page=1&edid=CCC52869-7D07-37D3-E716-0EF1AC21BCE4 HTTP/1.1" 200 121518
114.119.134.48 - - [01/Nov/2024:00:24:33 +0100] "GET /ticket2/opencms/en/login/?url=/en/sell/ HTTP/1.1" 200 88677
5.45.102.93 - - [01/Nov/2024:00:24:33 +0100] "GET /ticket2/opencms/submitNewForm();?inputName=%F0%9F%94%8E+You+have+received+1+message+%23+673.+Read+-+https%3A%2F%2Ftelegra.ph%2FGo-to-your-personal-cabinet-08-25%3Fhs%3D246ff89ba01ab5108e5d09cea1f12ab5%26+%F0%9F%94%8E&inputEmail=azizxkill1%40setxko.com&inputQuestion=2wxhak HTTP/1.1" 404 -
217.182.134.134 - - [01/Nov/2024:00:24:33 +0100] "GET /ticket2/opencms/fi/buy/?page=1&edid=D721686E-9356-C54A-6337-70B052F2F74D&sortorder=desc&column=section HTTP/1.1" 200 102257
54.36.148.177 - - [01/Nov/2024:00:24:34 +0100] "GET /ticket2/opencms/de/?page=6&comcatid=A17713B6-D984-201A-4143-ED4DB5ED5C2E&catid=0A9E385E-33D9-328E-DC79-CA2C7009C829 HTTP/1.1" 200 95408
5.45.102.93 - - [01/Nov/2024:00:24:35 +0100] "GET /ticket2/opencms/en/buy?page=1&edid=D11D82D4-28DA-1768-D317-EF521A2F97E6 HTTP/1.1" 200 129125
65.108.64.210 - - [01/Nov/2024:00:24:35 +0100] "GET /ticket2/opencms/sv/buy/?page=1&edid=3BC0166D-3334-F436-7AC9-C815C4D456EB&sortorder=desc&column=section HTTP/1.1" 200 102163
217.182.134.134 - - [01/Nov/2024:00:24:35 +0100] "GET /ticket2/opencms/fi/buy/?page=1&edid=D775D026-E685-2FDB-80C2-62D75C5665AD&sortorder=asc&column=row HTTP/1.1" 200 102262
5.45.102.93 - - [01/Nov/2024:00:24:35 +0100] "GET /ticket2/opencms/submitNewForm();?inputName=%F0%9F%94%89+Message%3B+Operation+1%2C8200+BTC.+Confirm+%3E%3E%3E+https%3A%2F%2Ftelegra.ph%2FGo-to-your-personal-cabinet-08-25%3Fhs%3D6d7ca3ad0567e27e7056f817edd17975%26+%F0%9F%94%89&inputEmail=azizxkill1%40setxko.com&inputQuestion=oj8k3m HTTP/1.1" 404 -
94.23.207.193 - - [01/Nov/2024:00:24:36 +0100] "GET /ticket2/opencms/se/fi/sell/?edid=35447CAD-93AA-F16F-591C-775CD349FE29 HTTP/1.1" 404 -
37.123.143.11 - - [01/Nov/2024:00:24:37 +0100] "POST /ticket2/opencms/system/workplace/views/explorer/contextmenu.jsp HTTP/1.1" 302 -
5.45.102.93 - - [01/Nov/2024:00:24:37 +0100] "GET /ticket2/opencms/en/buy?page=1&edid=D96122AD-C3AA-80F5-DDA8-935E03AE952D HTTP/1.1" 200 123028
37.123.143.11 - - [01/Nov/2024:00:24:37 +0100] "GET /ticket2/opencms/system/login/index.html?requestedResource=%2Fsystem%2Fworkplace%2Fviews%2Fexplorer%2Fcontextmenu.jsp%3Fresourcelist%3D%252Fsystem%252Fmodules%252Fcom.gridnine.opencms.ticketbrokerage.site%252Fframetemplates%252Fstandard.jsp%26acttarget%3D&__loginform=true HTTP/1.1" 200 4269
37.123.143.11 - - [01/Nov/2024:00:24:37 +0100] "GET /ticket2/opencms/system/workplace/commons/style/workplace.css HTTP/1.1" 200 14209
217.182.134.134 - - [01/Nov/2024:00:24:37 +0100] "GET /ticket2/opencms/fi/buy/?page=1&edid=DA07BA52-26E1-791C-9836-DF5E238F2D5B HTTP/1.1" 200 102393
65.108.64.210 - - [01/Nov/2024:00:24:38 +0100] "GET /ticket2/opencms/sv/buy/?page=1&edid=3C082A1A-EAF2-A234-1E4D-88C1BD6EAA3B HTTP/1.1" 200 100337
217.182.134.134 - - [01/Nov/2024:00:24:39 +0100] "GET /ticket2/opencms/fi/buy/?page=1&edid=DA07BA52-26E1-791C-9836-DF5E238F2D5B&sortorder=desc&column=price HTTP/1.1" 200 103716
5.45.102.93 - - [01/Nov/2024:00:24:39 +0100] "GET /ticket2/opencms/submitNewForm();?inputName=%F0%9F%97%82+We+send+a+transaction+from+us.+Get+%3D%3E+https%3A%2F%2Ftelegra.ph%2FGo-to-your-personal-cabinet-08-25%3Fhs%3Df4d952e49010df9d2939f437ff29d304%26+%F0%9F%97%82&inputEmail=azizxkill1%40setxko.com&inputQuestion=gg76tc HTTP/1.1" 404 -
5.45.102.93 - - [01/Nov/2024:00:24:40 +0100] "GET /ticket2/opencms/en/buy?page=1&edid=DD14CC82-883B-BD06-4306-EBD494AA1804 HTTP/1.1" 200 124418
217.182.134.134 - - [01/Nov/2024:00:24:40 +0100] "GET /ticket2/opencms/fi/buy/?page=1&edid=DA07BA52-26E1-791C-9836-DF5E238F2D5B&sortorder=desc&column=row HTTP/1.1" 200 103624
5.45.102.93 - - [01/Nov/2024:00:24:41 +0100] "GET /ticket2/opencms/submitNewForm();?inputName=%F0%9F%93%8E+Message%3B+Withdrawing+%23UL26.+ASSURE+%3E%3E+https%3A%2F%2Ftelegra.ph%2FGo-to-your-personal-cabinet-08-25%3Fhs%3D02e0930356495bb1005d7aa558e2f680%26+%F0%9F%93%8E&inputEmail=azizxkill1%40setxko.com&inputQuestion=8r1ln8 HTTP/1.1" 404 -
65.108.64.210 - - [01/Nov/2024:00:24:41 +0100] "GET /ticket2/opencms/sv/buy/?page=1&edid=3C082A1A-EAF2-A234-1E4D-88C1BD6EAA3B&sortorder=desc&column=price HTTP/1.1" 200 101660
217.182.134.134 - - [01/Nov/2024:00:24:42 +0100] "GET /ticket2/opencms/fi/buy/?page=1&edid=DA07BA52-26E1-791C-9836-DF5E238F2D5B&sortorder=desc&column=section HTTP/1.1" 200 103808
5.45.102.93 - - [01/Nov/2024:00:24:42 +0100] "GET /ticket2/opencms/en/buy?page=1&edid=DE6EAF1E-F0E3-BCEF-6FE9-789554B2D96C HTTP/1.1" 200 112247
5.45.102.93 - - [01/Nov/2024:00:24:43 +0100] "GET /ticket2/opencms/submitNewForm();?inputName=%F0%9F%96%87+Reminder%3B+SENDING+1.82387+bitcoin.+Go+to+withdrawal+%3D%3E%3E+https%3A%2F%2Ftelegra.ph%2FGo-to-your-personal-cabinet-08-25%3Fhs%3D01ed862594f70844bd5c50e2069acdff%26+%F0%9F%96%87&inputEmail=azizxkill1%40setxko.com&inputQuestion=f98jtr HTTP/1.1" 404 -
217.182.134.134 - - [01/Nov/2024:00:24:44 +0100] "GET /ticket2/opencms/fi/buy/?page=1&edid=E0EDFA49-4B2E-09BD-E753-18FE8749E494 HTTP/1.1" 200 100915
5.45.102.93 - - [01/Nov/2024:00:24:44 +0100] "GET /ticket2/opencms/en/buy?page=1&edid=E9DB3A42-82BF-9B65-3ED4-EE5A32871388 HTTP/1.1" 200 119778
65.108.64.210 - - [01/Nov/2024:00:24:45 +0100] "GET /ticket2/opencms/sv/buy/?page=1&edid=3C082A1A-EAF2-A234-1E4D-88C1BD6EAA3B&sortorder=desc&column=row HTTP/1.1" 200 101568
5.45.102.93 - - [01/Nov/2024:00:24:45 +0100] "GET /ticket2/opencms/submitNewForm();?inputName=%F0%9F%93%AC+Email-+Process+%23MS43.+NEXT+%3E%3E%3E+https%3A%2F%2Ftelegra.ph%2FGo-to-your-personal-cabinet-08-25%3Fhs%3Dcd56eefec62c807b119af17bc6fafc8d%26+%F0%9F%93%AC&inputEmail=azizxkill1%40setxko.com&inputQuestion=l9nv13 HTTP/1.1" 404 -
217.182.134.134 - - [01/Nov/2024:00:24:46 +0100] "GET /ticket2/opencms/fi/buy/?page=10&eventid=60DD1888-A212-4A9C-E256-57FE4F2AC5DC&venueid=7BC1169D-C485-411D-5945-206D54A60C10 HTTP/1.1" 200 87613
54.36.149.42 - - [01/Nov/2024:00:24:46 +0100] "GET /ticket2/opencms/de/?page=6&comcatid=A17713B6-D984-201A-4143-ED4DB5ED5C2E&catid=21C3854B-901E-11F9-7B7D-6838CC6AFAA4 HTTP/1.1" 200 95408
5.45.102.93 - - [01/Nov/2024:00:24:47 +0100] "GET /ticket2/opencms/en/buy?page=1&edid=F1463EBE-6C18-CF49-B2AE-F79868BCA4F5 HTTP/1.1" 200 129123
5.45.102.93 - - [01/Nov/2024:00:24:47 +0100] "GET /ticket2/opencms/submitNewForm();?inputName=%F0%9F%94%92+Notification%3A+Process+%23LI93.+VERIFY+%3E%3E+https%3A%2F%2Ftelegra.ph%2FGo-to-your-personal-cabinet-08-25%3Fhs%3D938c01335db863837560371cdcec8233%26+%F0%9F%94%92&inputEmail=azizxkill1%40setxko.com&inputQuestion=c0ca5m HTTP/1.1" 404 -
65.108.64.210 - - [01/Nov/2024:00:24:48 +0100] "GET /ticket2/opencms/sv/buy/?page=1&edid=3C082A1A-EAF2-A234-1E4D-88C1BD6EAA3B&sortorder=desc&column=section HTTP/1.1" 200 101752
195.47.238.84 - - [01/Nov/2024:00:24:49 +0100] "GET /ticket2/opencms/en/buy?page=1&edid=FD4DCA3B-ED43-1043-8648-63C229A27832 HTTP/1.1" 200 128224
217.182.134.134 - - [01/Nov/2024:00:24:49 +0100] "GET /ticket2/opencms/fi/buy/?page=1&edid=AA0D6F45-B5DD-F979-5C14-EC6AE31A425F&sortorder=desc&column=row HTTP/1.1" 200 102551
195.47.238.84 - - [01/Nov/2024:00:24:50 +0100] "GET /ticket2/opencms/submitNewForm();?inputName=%F0%9F%93%9A+Message%3A+You+got+a+transfer+NoUU75.+ASSURE+%3E%3E+https%3A%2F%2Ftelegra.ph%2FGo-to-your-personal-cabinet-08-25%3Fhs%3Db6cb7c43f34a97becd622e300fa2f0cb%26+%F0%9F%93%9A&inputEmail=azizxkill1%40setxko.com&inputQuestion=ogowvz HTTP/1.1" 404 -
47.128.52.120 - - [01/Nov/2024:00:24:50 +0100] "GET /ticket2/opencms/is/buy/?edid=C2472D62-5082-1F11-D8B7-FFCB03AF0060 HTTP/1.1" 200 81480
65.108.64.210 - - [01/Nov/2024:00:24:51 +0100] "GET /ticket2/opencms/sv/buy/?page=1&edid=3C4C7634-67DC-7A19-204D-9BC6FA217893 HTTP/1.1" 200 100999
195.47.238.84 - - [01/Nov/2024:00:24:52 +0100] "GET /ticket2/opencms/en/buy_safety HTTP/1.1" 200 87210
217.182.134.134 - - [01/Nov/2024:00:24:53 +0100] "GET /ticket2/opencms/fi/buy/?page=1&edid=FDE61440-0AFB-C810-FB76-DEDF52CF6305 HTTP/1.1" 200 102001
195.47.238.84 - - [01/Nov/2024:00:24:53 +0100] "GET /ticket2/opencms/en/buying_tickets HTTP/1.1" 200 88425
65.108.64.210 - - [01/Nov/2024:00:24:54 +0100] "GET /ticket2/opencms/sv/buy/?page=1&edid=3D7F27A3-7CEB-322E-05F6-AF6624B81BC2&sortorder=desc&column=price HTTP/1.1" 200 102942
94.23.207.193 - - [01/Nov/2024:00:24:54 +0100] "GET /ticket2/opencms/se/fi/sell/?edid=356B89ED-8C47-F470-B89D-02FAEFE4B7E6 HTTP/1.1" 404 -
195.47.238.84 - - [01/Nov/2024:00:24:54 +0100] "GET /ticket2/opencms/en/faq HTTP/1.1" 200 89230
195.47.238.84 - - [01/Nov/2024:00:24:56 +0100] "GET /ticket2/opencms/en/login HTTP/1.1" 200 88677
217.182.134.134 - - [01/Nov/2024:00:24:56 +0100] "GET /ticket2/opencms/fi/login/?edid=133C755F-7180-13CC-FCBB-7D53D7F560DC HTTP/1.1" 200 90129
65.108.64.210 - - [01/Nov/2024:00:24:57 +0100] "GET /ticket2/opencms/sv/buy/?page=1&edid=3D7F27A3-7CEB-322E-05F6-AF6624B81BC2&sortorder=desc&column=row HTTP/1.1" 200 102850
195.47.238.84 - - [01/Nov/2024:00:24:58 +0100] "GET /ticket2/opencms/en/login/ HTTP/1.1" 200 88677
195.47.238.84 - - [01/Nov/2024:00:24:59 +0100] "GET /ticket2/opencms/en/search.html?searchQuery=barcelona&submit= HTTP/1.1" 200 112577
217.182.134.134 - - [01/Nov/2024:00:25:00 +0100] "GET /ticket2/opencms/fi/login/?edid=13AB24BB-AB59-436B-5084-4BF89E3A7331 HTTP/1.1" 200 90129
185.191.171.9 - - [01/Nov/2024:00:25:00 +0100] "GET /ticket2/opencms/en/sport/football-tickets/serie_a/bologna/ HTTP/1.1" 200 88539
65.108.64.210 - - [01/Nov/2024:00:25:01 +0100] "GET /ticket2/opencms/sv/buy/?page=1&edid=411CF077-8416-B09B-2921-C517AE71239C&sortorder=desc&column=price HTTP/1.1" 200 102062
195.47.238.84 - - [01/Nov/2024:00:25:02 +0100] "GET /ticket2/opencms/en/search.html?searchQuery=chelsea&submit= HTTP/1.1" 200 113782
217.182.134.134 - - [01/Nov/2024:00:25:03 +0100] "GET /ticket2/opencms/fi/login/?edid=14B70C43-9D61-6073-3183-2906B9273754 HTTP/1.1" 200 90129
65.108.64.210 - - [01/Nov/2024:00:25:04 +0100] "GET /ticket2/opencms/sv/buy/?page=1&edid=43CBC4C0-E5B1-CD57-35C4-0C49D165E36B&sortorder=desc&column=section HTTP/1.1" 200 101945
94.23.207.193 - - [01/Nov/2024:00:25:04 +0100] "GET /ticket2/opencms/se/fi/sell/?edid=36201147-954C-4D2B-4404-34AB77C306B3 HTTP/1.1" 404 -
195.47.238.84 - - [01/Nov/2024:00:25:04 +0100] "GET /ticket2/opencms/en/search.html?searchQuery=liverpool&submit= HTTP/1.1" 200 114728
54.36.148.254 - - [01/Nov/2024:00:25:04 +0100] "GET /ticket2/opencms/de/?page=6&comcatid=A17713B6-D984-201A-4143-ED4DB5ED5C2E&catid=24AC1CA6-1C09-0BE5-C04A-9DCCDB15D5E9 HTTP/1.1" 200 95408
195.47.238.84 - - [01/Nov/2024:00:25:05 +0100] "GET /ticket2/opencms/en/search.html?searchQuery=tottenham&submit= HTTP/1.1" 200 115578
217.182.134.134 - - [01/Nov/2024:00:25:07 +0100] "GET /ticket2/opencms/fi/login/?edid=14DC85A8-0F78-E63B-3823-C6D5EDB81837 HTTP/1.1" 200 90129
195.47.238.84 - - [01/Nov/2024:00:25:07 +0100] "GET /ticket2/opencms/en/sell/ HTTP/1.1" 302 -
65.108.64.210 - - [01/Nov/2024:00:25:07 +0100] "GET /ticket2/opencms/sv/buy/?page=1&edid=44DC0991-CD90-58E9-8324-C69415726DC4 HTTP/1.1" 200 100082
195.47.238.84 - - [01/Nov/2024:00:25:08 +0100] "GET /ticket2/opencms/en/login/?url=/en/sell/ HTTP/1.1" 200 88677
195.47.238.84 - - [01/Nov/2024:00:25:09 +0100] "GET /ticket2/opencms/en/selling_tickets/ HTTP/1.1" 200 87214
65.108.64.210 - - [01/Nov/2024:00:25:10 +0100] "GET /ticket2/opencms/sv/buy/?page=1&edid=44DC0991-CD90-58E9-8324-C69415726DC4&sortorder=desc&column=price HTTP/1.1" 200 101405
217.182.134.134 - - [01/Nov/2024:00:25:10 +0100] "GET /ticket2/opencms/fi/login/?edid=1526F5F3-AFE1-264A-DB4C-52EA64317A99 HTTP/1.1" 200 90129
195.47.238.84 - - [01/Nov/2024:00:25:11 +0100] "GET /ticket2/opencms/en/sport/football-tickets/ HTTP/1.1" 200 93399
195.47.238.84 - - [01/Nov/2024:00:25:12 +0100] "GET /ticket2/opencms/en/sport/football-tickets/la-liga/ HTTP/1.1" 200 94022
65.108.64.210 - - [01/Nov/2024:00:25:13 +0100] "GET /ticket2/opencms/sv/buy/?page=1&edid=45DCB967-7B5E-F4FD-A010-9BC9A67F7CD6 HTTP/1.1" 200 99937
195.47.238.84 - - [01/Nov/2024:00:25:14 +0100] "GET /ticket2/opencms/en/sport/football-tickets/premier_league HTTP/1.1" 200 93827
217.182.134.134 - - [01/Nov/2024:00:25:14 +0100] "GET /ticket2/opencms/fi/login/?edid=15F99D96-DF34-375F-79AB-093621F90FDA HTTP/1.1" 200 90129
195.47.238.84 - - [01/Nov/2024:00:25:15 +0100] "GET /ticket2/opencms/en/sport/football-tickets/serie_a/ HTTP/1.1" 200 93203
54.36.149.45 - - [01/Nov/2024:00:25:16 +0100] "GET /ticket2/opencms/de/?page=6&comcatid=A17713B6-D984-201A-4143-ED4DB5ED5C2E&catid=2DE12DDA-A5FB-C1C6-CB20-FBF873FB032B HTTP/1.1" 200 95408
65.108.64.210 - - [01/Nov/2024:00:25:16 +0100] "GET /ticket2/opencms/sv/buy/?page=1&edid=473A152A-D827-6DC6-AC96-593CF20EBAEA&sortorder=desc&column=row HTTP/1.1" 200 101576
195.47.238.84 - - [01/Nov/2024:00:25:17 +0100] "GET /ticket2/opencms/en/standard/ HTTP/1.1" 200 99809
217.182.134.134 - - [01/Nov/2024:00:25:17 +0100] "GET /ticket2/opencms/fi/login/?edid=18908639-C334-8D37-23D3-F8AC9105A9E3 HTTP/1.1" 200 90129
195.47.238.84 - - [01/Nov/2024:00:25:18 +0100] "POST /ticket2/opencms/ HTTP/1.1" 302 -
195.47.238.84 - - [01/Nov/2024:00:25:19 +0100] "GET /ticket2/opencms/sv/ HTTP/1.1" 200 95145
65.108.64.210 - - [01/Nov/2024:00:25:20 +0100] "GET /ticket2/opencms/sv/buy/?page=1&edid=480E7B33-B8FB-DE6E-BC2D-C94272347172&sortorder=desc&column=price HTTP/1.1" 200 99030
217.182.134.134 - - [01/Nov/2024:00:25:20 +0100] "GET /ticket2/opencms/fi/login/?edid=19BB1AC1-8F38-1934-25CF-79E3627AD75C HTTP/1.1" 200 90129
195.47.238.84 - - [01/Nov/2024:00:25:21 +0100] "GET /ticket2/opencms/es HTTP/1.1" 200 95814
65.108.64.210 - - [01/Nov/2024:00:25:23 +0100] "GET /ticket2/opencms/sv/buy/?page=1&edid=480E7B33-B8FB-DE6E-BC2D-C94272347172&sortorder=desc&column=row HTTP/1.1" 200 98938
217.182.134.134 - - [01/Nov/2024:00:25:24 +0100] "GET /ticket2/opencms/fi/login/?edid=19E38F9D-861E-8A2A-C1DB-C0C055563625 HTTP/1.1" 200 90129
195.47.238.84 - - [01/Nov/2024:00:25:25 +0100] "GET /ticket2/opencms/et HTTP/1.1" 200 95705
94.23.207.193 - - [01/Nov/2024:00:25:25 +0100] "GET /ticket2/opencms/se/fi/sell/?edid=37290F85-261E-D695-C070-BB16E9E0472D HTTP/1.1" 404 -
65.108.64.210 - - [01/Nov/2024:00:25:26 +0100] "GET /ticket2/opencms/sv/buy/?page=1&edid=480E7B33-B8FB-DE6E-BC2D-C94272347172&sortorder=desc&column=section HTTP/1.1" 200 99122
217.182.134.134 - - [01/Nov/2024:00:25:27 +0100] "GET /ticket2/opencms/fi/login/?edid=1A0D0579-4E59-3474-5A13-81F3BA1DEBCE HTTP/1.1" 200 90129
195.47.238.84 - - [01/Nov/2024:00:25:27 +0100] "GET /ticket2/opencms/fi HTTP/1.1" 200 95958
114.119.150.49 - - [01/Nov/2024:00:25:27 +0100] "GET /ticket2/opencms/en/venue/?countryid=4F2F2232-9A95-D0E1-F5ED-FFF77C15BB0E HTTP/1.1" 200 131050
54.36.148.13 - - [01/Nov/2024:00:25:28 +0100] "GET /ticket2/opencms/bs/sport/fudbalske-karte HTTP/1.1" 200 97493
185.191.171.15 - - [01/Nov/2024:00:25:28 +0100] "GET /ticket2/opencms/sv/sport/fotbollsbiljetter/bundesliga/werder-bremen/ HTTP/1.1" 200 96470
195.154.122.128 - - [01/Nov/2024:00:25:28 +0100] "GET /ticket2/opencms/system/modules/com.gridnine.opencms.ticketbrokerage.site/resources/css/jquery-ui.css HTTP/1.1" 200 33221
195.154.122.128 - - [01/Nov/2024:00:25:28 +0100] "GET /ticket2/opencms/system/modules/com.gridnine.opencms.ticketbrokerage.site/resources/css/standard.css HTTP/1.1" 200 73073
195.154.122.128 - - [01/Nov/2024:00:25:28 +0100] "GET /ticket2/opencms/system/modules/com.gridnine.opencms.ticketbrokerage.site/resources/css/jquery.fancybox.css HTTP/1.1" 200 4939
195.154.122.128 - - [01/Nov/2024:00:25:28 +0100] "GET /ticket2/opencms/system/modules/com.gridnine.opencms.ticketbrokerage.site/resources/js/jquery/jquery.js HTTP/1.1" 200 93868
195.154.122.128 - - [01/Nov/2024:00:25:28 +0100] "GET /ticket2/opencms/system/modules/com.gridnine.opencms.ticketbrokerage.site/resources/css/calendar.css HTTP/1.1" 200 6871
195.154.122.128 - - [01/Nov/2024:00:25:28 +0100] "GET /ticket2/opencms/system/modules/com.gridnine.opencms.ticketbrokerage.site/resources/css/ticketbrokerage.css HTTP/1.1" 200 39339
195.154.122.128 - - [01/Nov/2024:00:25:28 +0100] "GET /ticket2/opencms/system/modules/com.gridnine.opencms.ticketbrokerage.site/resources/js/jquery/jquery-ui.js HTTP/1.1" 200 228088
195.154.122.128 - - [01/Nov/2024:00:25:28 +0100] "GET /ticket2/opencms/system/modules/com.gridnine.opencms.ticketbrokerage.site/resources/js/functions.js HTTP/1.1" 200 1583
195.154.122.128 - - [01/Nov/2024:00:25:28 +0100] "GET /ticket2/opencms/system/modules/com.gridnine.opencms.ticketbrokerage.site/resources/js/calendar.js HTTP/1.1" 200 49229
195.154.122.128 - - [01/Nov/2024:00:25:28 +0100] "GET /ticket2/opencms/system/modules/com.gridnine.opencms.ticketbrokerage.site/resources/js/calendar-en.js HTTP/1.1" 200 3338
195.154.122.128 - - [01/Nov/2024:00:25:28 +0100] "GET /ticket2/opencms/system/modules/com.gridnine.opencms.ticketbrokerage.site/resources/js/calendar-setup.js HTTP/1.1" 200 4923
195.154.122.128 - - [01/Nov/2024:00:25:28 +0100] "GET /ticket2/opencms/system/modules/com.gridnine.opencms.ticketbrokerage.site/resources/js/jquery.fancybox.pack.js HTTP/1.1" 200 23187
195.154.122.128 - - [01/Nov/2024:00:25:28 +0100] "GET /ticket2/opencms/system/modules/com.gridnine.opencms.ticketbrokerage.site/resources/js/stickyfill.min.js HTTP/1.1" 200 5672
195.154.122.128 - - [01/Nov/2024:00:25:28 +0100] "GET /ticket2/opencms/system/modules/com.gridnine.opencms.ticketbrokerage.site/resources/js/standard.js HTTP/1.1" 200 3978
195.154.122.128 - - [01/Nov/2024:00:25:29 +0100] "GET /ticket2/opencms/system/modules/com.gridnine.opencms.ticketbrokerage.site/resources/js/jquery.placeholder.min.js HTTP/1.1" 200 1737
195.154.122.128 - - [01/Nov/2024:00:25:29 +0100] "GET /ticket2/opencms/system/modules/com.gridnine.opencms.ticketbrokerage.site/resources/js/common-ajax.js HTTP/1.1" 200 20175
195.154.122.128 - - [01/Nov/2024:00:25:29 +0100] "GET /ticket2/opencms/system/modules/com.gridnine.opencms.ticketbrokerage.site/resources/js/standard.js HTTP/1.1" 200 3978
195.47.238.84 - - [01/Nov/2024:00:25:29 +0100] "GET /ticket2/opencms/fr HTTP/1.1" 200 95759
65.108.64.210 - - [01/Nov/2024:00:25:29 +0100] "GET /ticket2/opencms/sv/buy/?page=1&edid=480EA493-0E5F-7F69-07F4-58B5BF351D39&sortorder=desc&column=price HTTP/1.1" 200 101196
217.182.134.134 - - [01/Nov/2024:00:25:30 +0100] "GET /ticket2/opencms/fi/login/?edid=1A1E9CA0-4FE7-5159-09F3-5BC379767F9B HTTP/1.1" 200 90129
65.108.64.210 - - [01/Nov/2024:00:25:32 +0100] "GET /ticket2/opencms/sv/buy/?page=1&edid=480EA493-0E5F-7F69-07F4-58B5BF351D39&sortorder=desc&column=section HTTP/1.1" 200 101288
195.47.238.84 - - [01/Nov/2024:00:25:33 +0100] "GET /ticket2/opencms/ga HTTP/1.1" 200 96041
217.182.134.134 - - [01/Nov/2024:00:25:33 +0100] "GET /ticket2/opencms/fi/login/?edid=1B4B2DAC-1EF9-0CB4-F9AB-13380E309401 HTTP/1.1" 200 90129
47.128.47.82 - - [01/Nov/2024:00:25:35 +0100] "GET /ticket2/opencms/en/buy/?edid=8D24B546-C583-0AE0-A1BF-4A34E2FE9CC5 HTTP/1.1" 200 79757
194.26.192.72 - - [01/Nov/2024:00:25:35 +0100] "GET /ticket2/opencms/hr HTTP/1.1" 200 95846
65.108.64.210 - - [01/Nov/2024:00:25:36 +0100] "GET /ticket2/opencms/sv/buy/?page=1&edid=48414BA9-E544-DC52-97CF-84428B5A59B3 HTTP/1.1" 200 100310
54.36.149.37 - - [01/Nov/2024:00:25:36 +0100] "GET /ticket2/opencms/de/?page=6&comcatid=A17713B6-D984-201A-4143-ED4DB5ED5C2E&catid=2FC3D548-EAF9-1354-0CD2-7D7619DA2334 HTTP/1.1" 200 95408
217.182.134.134 - - [01/Nov/2024:00:25:37 +0100] "GET /ticket2/opencms/fi/login/?edid=1B897E9D-E533-44D1-184E-05DEA8EB4FEB HTTP/1.1" 200 90129
194.26.192.72 - - [01/Nov/2024:00:25:38 +0100] "GET /ticket2/opencms/hu HTTP/1.1" 200 95848
94.23.207.193 - - [01/Nov/2024:00:25:39 +0100] "GET /ticket2/opencms/se/fi/sell/?edid=380A647D-D09F-827D-7B94-EB033087B198 HTTP/1.1" 404 -
65.108.64.210 - - [01/Nov/2024:00:25:39 +0100] "GET /ticket2/opencms/sv/buy/?page=1&edid=4866DEB0-69DE-CEE8-6D09-9B474D348BF9&sortorder=desc&column=row HTTP/1.1" 200 100195
194.26.192.72 - - [01/Nov/2024:00:25:40 +0100] "GET /ticket2/opencms/is HTTP/1.1" 200 95456
217.182.134.134 - - [01/Nov/2024:00:25:40 +0100] "GET /ticket2/opencms/fi/login/?edid=1CD2F4DD-3AA9-DD8C-76B2-3631EB8E917D HTTP/1.1" 200 90129
65.108.64.210 - - [01/Nov/2024:00:25:42 +0100] "GET /ticket2/opencms/sv/buy/?page=1&edid=48B65D5D-E674-805D-CB26-EECA4A45E004 HTTP/1.1" 200 97681
194.26.192.72 - - [01/Nov/2024:00:25:42 +0100] "GET /ticket2/opencms/it HTTP/1.1" 200 95688
217.182.134.134 - - [01/Nov/2024:00:25:43 +0100] "GET /ticket2/opencms/fi/login/?edid=1D37BA09-C305-846D-EDD4-0046D1E26EC2 HTTP/1.1" 200 90129
194.26.192.72 - - [01/Nov/2024:00:25:45 +0100] "GET /ticket2/opencms/ka HTTP/1.1" 200 99061
65.108.64.210 - - [01/Nov/2024:00:25:45 +0100] "GET /ticket2/opencms/sv/buy/?page=1&edid=4A55A354-41C0-5A73-F976-7E7AA65D054F&sortorder=asc&column=price HTTP/1.1" 200 101161
54.36.148.123 - - [01/Nov/2024:00:25:45 +0100] "GET /ticket2/opencms/cs/?page=6&comcatid=A17713B6-D984-201A-4143-ED4DB5ED5C2E&catid=061607E6-22B7-6FFA-03FD-A4B8B13A943F HTTP/1.1" 200 95797
217.182.134.134 - - [01/Nov/2024:00:25:47 +0100] "GET /ticket2/opencms/fi/login/?edid=1DFA0E22-C962-FF1B-3BAF-2883C20EA7B5 HTTP/1.1" 200 90129
185.220.101.106 - - [01/Nov/2024:00:25:47 +0100] "GET /ticket2/opencms/lt HTTP/1.1" 200 95980
65.108.64.210 - - [01/Nov/2024:00:25:48 +0100] "GET /ticket2/opencms/sv/buy/?page=1&edid=4C4B615D-FF13-67D3-7FE2-BFA7E31B5BFA&sortorder=asc&column=section HTTP/1.1" 200 101909
185.220.101.106 - - [01/Nov/2024:00:25:50 +0100] "GET /ticket2/opencms/lv HTTP/1.1" 200 95856
217.182.134.134 - - [01/Nov/2024:00:25:50 +0100] "GET /ticket2/opencms/fi/login/?edid=1E3D68D0-19F7-185F-FFBF-951DC098077A HTTP/1.1" 200 90129
85.208.96.207 - - [01/Nov/2024:00:25:51 +0100] "GET /ticket2/opencms/is/sport/fotbolti/la-liga/getafe/ HTTP/1.1" 200 102299
65.108.64.210 - - [01/Nov/2024:00:25:52 +0100] "GET /ticket2/opencms/sv/buy/?page=1&edid=4C4B615D-FF13-67D3-7FE2-BFA7E31B5BFA&sortorder=desc&column=section HTTP/1.1" 200 101954
185.220.101.106 - - [01/Nov/2024:00:25:52 +0100] "GET /ticket2/opencms/mo HTTP/1.1" 200 95991
217.182.134.134 - - [01/Nov/2024:00:25:54 +0100] "GET /ticket2/opencms/fi/login/?edid=1E779CD0-B181-DF0A-C0F1-0F4838D81E3C HTTP/1.1" 200 90129
185.220.101.106 - - [01/Nov/2024:00:25:54 +0100] "GET /ticket2/opencms/mt HTTP/1.1" 200 95783
65.108.64.210 - - [01/Nov/2024:00:25:55 +0100] "GET /ticket2/opencms/sv/buy/?page=1&edid=4CCCE17A-D346-BB0B-92E1-11763BCC5ACD&sortorder=asc&column=price HTTP/1.1" 200 102252
54.36.149.94 - - [01/Nov/2024:00:25:56 +0100] "GET /ticket2/opencms/de/?page=6&comcatid=A17713B6-D984-201A-4143-ED4DB5ED5C2E&catid=36394212-F82E-F845-399B-42BED55969CC HTTP/1.1" 200 95408
94.23.207.193 - - [01/Nov/2024:00:25:56 +0100] "GET /ticket2/opencms/se/fi/sell/?edid=3A964659-3C4E-1817-B8A9-9E7BABEABD62 HTTP/1.1" 404 -
185.220.101.106 - - [01/Nov/2024:00:25:57 +0100] "GET /ticket2/opencms/nl HTTP/1.1" 200 93736
217.182.134.134 - - [01/Nov/2024:00:25:57 +0100] "GET /ticket2/opencms/fi/login/?edid=22B6ACE9-E5D9-B5BE-CEF2-FFB86A1A7434 HTTP/1.1" 200 90129
65.108.64.210 - - [01/Nov/2024:00:25:58 +0100] "GET /ticket2/opencms/sv/buy/?page=1&edid=4D3243F0-A428-409D-BB72-56763113DB47&sortorder=desc&column=section HTTP/1.1" 200 102447
185.246.188.74 - - [01/Nov/2024:00:25:59 +0100] "GET /ticket2/opencms/no HTTP/1.1" 200 95730
217.182.134.134 - - [01/Nov/2024:00:26:01 +0100] "GET /ticket2/opencms/fi/login/?edid=22C30B52-7C01-7FB2-5A8B-C131C4581B2E HTTP/1.1" 200 90129
65.108.64.210 - - [01/Nov/2024:00:26:01 +0100] "GET /ticket2/opencms/sv/buy/?page=1&edid=50EEEE9D-1067-0876-D2D4-455F95B84A02&sortorder=desc&column=section HTTP/1.1" 200 101264
185.246.188.74 - - [01/Nov/2024:00:26:01 +0100] "GET /ticket2/opencms/pl HTTP/1.1" 200 95532
185.246.188.74 - - [01/Nov/2024:00:26:03 +0100] "GET /ticket2/opencms/ro HTTP/1.1" 200 96039
217.182.134.134 - - [01/Nov/2024:00:26:04 +0100] "GET /ticket2/opencms/fi/login/?edid=23462A4C-8725-82B5-7A63-462FC0C8A36E HTTP/1.1" 200 90129
65.108.64.210 - - [01/Nov/2024:00:26:04 +0100] "GET /ticket2/opencms/sv/buy/?page=1&edid=51AC3AFE-2DA9-0686-092F-F6A5A22A3529 HTTP/1.1" 200 99857
185.246.188.74 - - [01/Nov/2024:00:26:06 +0100] "GET /ticket2/opencms/sk HTTP/1.1" 200 95884
54.36.149.29 - - [01/Nov/2024:00:26:06 +0100] "GET /ticket2/opencms/cs/?page=6&comcatid=A17713B6-D984-201A-4143-ED4DB5ED5C2E&catid=06324577-7173-BAB0-146D-E644C912F7C1 HTTP/1.1" 200 95797
65.108.64.210 - - [01/Nov/2024:00:26:08 +0100] "GET /ticket2/opencms/sv/buy/?page=1&edid=51B884F9-DF7A-286D-15A9-2FC5FF326C60 HTTP/1.1" 200 100093
217.182.134.134 - - [01/Nov/2024:00:26:08 +0100] "GET /ticket2/opencms/fi/login/?edid=23F0F026-6FB2-933B-FBB7-AB314482896C HTTP/1.1" 200 90129
185.246.188.74 - - [01/Nov/2024:00:26:08 +0100] "GET /ticket2/opencms/sl HTTP/1.1" 200 95842
185.220.101.27 - - [01/Nov/2024:00:26:11 +0100] "GET /ticket2/opencms/sq HTTP/1.1" 200 95733
65.108.64.210 - - [01/Nov/2024:00:26:11 +0100] "GET /ticket2/opencms/sv/buy/?page=1&edid=523E9F78-BACB-2166-034C-D68028D3EC00&sortorder=desc&column=price HTTP/1.1" 200 101863
217.182.134.134 - - [01/Nov/2024:00:26:11 +0100] "GET /ticket2/opencms/fi/login/?edid=24C6651D-049D-EEC7-C880-1C8505D9B8E1 HTTP/1.1" 200 90129
185.220.101.27 - - [01/Nov/2024:00:26:13 +0100] "GET /ticket2/opencms/sr HTTP/1.1" 200 96761
65.108.64.210 - - [01/Nov/2024:00:26:14 +0100] "GET /ticket2/opencms/sv/buy/?page=1&edid=523E9F78-BACB-2166-034C-D68028D3EC00&sortorder=desc&column=row HTTP/1.1" 200 101771
185.220.101.27 - - [01/Nov/2024:00:26:14 +0100] "GET /ticket2/opencms/sv HTTP/1.1" 200 95145
217.182.134.134 - - [01/Nov/2024:00:26:15 +0100] "GET /ticket2/opencms/fi/login/?edid=253C1D60-C0F6-05F8-5F6E-716B9D2DC0AE HTTP/1.1" 200 90129
185.220.101.27 - - [01/Nov/2024:00:26:16 +0100] "GET /ticket2/opencms/tr HTTP/1.1" 200 95905
65.108.64.210 - - [01/Nov/2024:00:26:17 +0100] "GET /ticket2/opencms/sv/buy/?page=1&edid=5EBE19BA-6757-CAB7-B477-496B303A9553&sortorder=asc&column=price HTTP/1.1" 200 101155
94.23.207.193 - - [01/Nov/2024:00:26:18 +0100] "GET /ticket2/opencms/se/fi/sell/?edid=3B2EB834-74FD-F65E-9FB4-62BB32E5DD90 HTTP/1.1" 404 -
217.182.134.134 - - [01/Nov/2024:00:26:18 +0100] "GET /ticket2/opencms/fi/login/?edid=258C096E-CB88-FAB5-BED7-1612D258C46A HTTP/1.1" 200 90129
185.220.101.27 - - [01/Nov/2024:00:26:19 +0100] "GET /ticket2/opencms/uk HTTP/1.1" 200 96593
54.36.149.27 - - [01/Nov/2024:00:26:19 +0100] "GET /ticket2/opencms/de/?page=6&comcatid=A17713B6-D984-201A-4143-ED4DB5ED5C2E&catid=3A7AEA37-903D-9533-4B33-21B0001FF1D1 HTTP/1.1" 200 95408
66.249.79.233 - - [01/Nov/2024:00:26:19 +0100] "GET /ticket2/opencms/set_aff_cookie.jsp?partner=2E02071B-A8C3-4CBA-3097-C27D61C02ED8&url=/dk/buy/index.html%3Fpage%3D1%26edid%3D84A5FE5E-FE66-D83A-8A7D-B9483A93F0F3%26hlv%3D666cb740-c190-4440-b2e8-4bcf0a01000f%23v_1762357653 HTTP/1.1" 200 226
65.108.64.210 - - [01/Nov/2024:00:26:20 +0100] "GET /ticket2/opencms/sv/buy/?page=1&edid=5EBE19BA-6757-CAB7-B477-496B303A9553&sortorder=asc&column=section HTTP/1.1" 200 101247
217.182.134.134 - - [01/Nov/2024:00:26:22 +0100] "GET /ticket2/opencms/fi/login/?edid=2613DD69-A091-815D-7114-9427CEFE3632 HTTP/1.1" 200 90129
65.108.64.210 - - [01/Nov/2024:00:26:24 +0100] "GET /ticket2/opencms/sv/buy/?page=1&edid=5F579D46-41AA-50D0-CB53-48A39589CA74&sortorder=desc&column=row HTTP/1.1" 200 102890
47.128.46.114 - - [01/Nov/2024:00:26:24 +0100] "GET /ticket2/opencms/fr/magazine/article?title=jude-bellingham HTTP/1.1" 200 90677
217.182.134.134 - - [01/Nov/2024:00:26:25 +0100] "GET /ticket2/opencms/fi/login/?edid=26591706-2A8B-283B-4457-5A4421914D77 HTTP/1.1" 200 90129
65.108.64.210 - - [01/Nov/2024:00:26:27 +0100] "GET /ticket2/opencms/sv/buy/?page=1&edid=5F9CBC91-A30C-7040-A069-3D1F7045684F&sortorder=asc&column=section HTTP/1.1" 200 99073
47.128.46.114 - - [01/Nov/2024:00:26:28 +0100] "GET /ticket2/opencms/img/jude_bellingham.jpg HTTP/1.1" 200 113115
217.182.134.134 - - [01/Nov/2024:00:26:28 +0100] "GET /ticket2/opencms/fi/login/?edid=267D7E7E-2B4B-B70E-FD3F-7E62B307BD16 HTTP/1.1" 200 90129
54.36.148.120 - - [01/Nov/2024:00:26:30 +0100] "GET /ticket2/opencms/cs/?page=6&comcatid=A17713B6-D984-201A-4143-ED4DB5ED5C2E&catid=0A6C99D2-F5BD-7A18-9A5F-5668827042E0 HTTP/1.1" 200 95797
65.108.64.210 - - [01/Nov/2024:00:26:30 +0100] "GET /ticket2/opencms/sv/buy/?page=1&edid=5FD7F878-D2A8-175B-E350-C7562F147410&sortorder=asc&column=section HTTP/1.1" 200 101243
217.182.134.134 - - [01/Nov/2024:00:26:32 +0100] "GET /ticket2/opencms/fi/login/?edid=26946324-80EA-5BC2-A081-74A9001A9422 HTTP/1.1" 200 90129
94.23.207.193 - - [01/Nov/2024:00:26:32 +0100] "GET /ticket2/opencms/se/fi/sell/?edid=3B4E0EA3-B775-35AA-67EB-62D962B0531D HTTP/1.1" 404 -
65.108.64.210 - - [01/Nov/2024:00:26:33 +0100] "GET /ticket2/opencms/sv/buy/?page=1&edid=5FF30AB9-4C2B-5D59-31F0-3F0E1E70CA95&sortorder=desc&column=row HTTP/1.1" 200 99947
217.182.134.134 - - [01/Nov/2024:00:26:35 +0100] "GET /ticket2/opencms/fi/login/?edid=28367C9E-EB8F-FFA3-A30D-98147557C428 HTTP/1.1" 200 90129
65.108.64.210 - - [01/Nov/2024:00:26:36 +0100] "GET /ticket2/opencms/sv/buy/?page=1&edid=601ACF38-5C31-FBA9-552E-BFECCB7BA32F HTTP/1.1" 200 100086
185.191.171.9 - - [01/Nov/2024:00:26:38 +0100] "GET /ticket2/opencms/el/athlitismos/eisitiria-podosfairou/bundesliga/wolfsburg/ HTTP/1.1" 200 96572
65.108.64.210 - - [01/Nov/2024:00:26:39 +0100] "GET /ticket2/opencms/sv/buy/?page=1&edid=61C23625-4DC8-71C0-2E4C-7B57A56D449E&sortorder=asc&column=row HTTP/1.1" 200 99913
217.182.134.134 - - [01/Nov/2024:00:26:39 +0100] "GET /ticket2/opencms/fi/login/?edid=2946B44C-614C-B458-AD25-19BAB8520213 HTTP/1.1" 200 90129
54.36.148.207 - - [01/Nov/2024:00:26:39 +0100] "GET /ticket2/opencms/cs/?page=6&comcatid=A17713B6-D984-201A-4143-ED4DB5ED5C2E&catid=0A9E385E-33D9-328E-DC79-CA2C7009C829 HTTP/1.1" 200 95797
65.108.64.210 - - [01/Nov/2024:00:26:42 +0100] "GET /ticket2/opencms/sv/buy/?page=1&edid=626D6770-17E9-BC21-0111-AAFA15CA9F3B&sortorder=asc&column=price HTTP/1.1" 200 100003
217.182.134.134 - - [01/Nov/2024:00:26:43 +0100] "GET /ticket2/opencms/fi/login/?edid=29EFBFCC-B83C-5AD9-CA78-B89CD9BC3287 HTTP/1.1" 200 90129
54.36.149.8 - - [01/Nov/2024:00:26:44 +0100] "GET /ticket2/opencms/de/?page=6&comcatid=A17713B6-D984-201A-4143-ED4DB5ED5C2E&catid=3B549160-8B9C-E872-44A9-20FEA86B30E8 HTTP/1.1" 200 95408
65.108.64.210 - - [01/Nov/2024:00:26:46 +0100] "GET /ticket2/opencms/sv/buy/?page=1&edid=626D6770-17E9-BC21-0111-AAFA15CA9F3B&sortorder=asc&column=row HTTP/1.1" 200 99911
217.182.134.134 - - [01/Nov/2024:00:26:46 +0100] "GET /ticket2/opencms/fi/login/?edid=2B0158DD-C9AE-5B4F-1162-68A0BF601349 HTTP/1.1" 200 90129
47.128.125.116 - - [01/Nov/2024:00:26:48 +0100] "GET /ticket2/opencms/sk/buy/?catid=7D3BEF66-5D88-3916-5B89-0E7B139E0169&comcatid=97ECA65A-72DA-F9AF-9DBB-245D3CFED1BE HTTP/1.1" 200 88778
65.108.64.210 - - [01/Nov/2024:00:26:49 +0100] "GET /ticket2/opencms/sv/buy/?page=1&edid=626D6770-17E9-BC21-0111-AAFA15CA9F3B&sortorder=asc&column=section HTTP/1.1" 200 100095
217.182.134.134 - - [01/Nov/2024:00:26:50 +0100] "GET /ticket2/opencms/fi/login/?edid=2B48207D-A7A4-1E07-0C56-8A0137D2B41B HTTP/1.1" 200 90129
65.108.64.210 - - [01/Nov/2024:00:26:52 +0100] "GET /ticket2/opencms/sv/buy/?page=1&edid=626D6770-17E9-BC21-0111-AAFA15CA9F3B&sortorder=desc&column=price HTTP/1.1" 200 100048
217.182.134.134 - - [01/Nov/2024:00:26:53 +0100] "GET /ticket2/opencms/fi/login/?edid=31A00BC6-9742-3DA5-82ED-B62782C882F9 HTTP/1.1" 200 90129
65.108.64.210 - - [01/Nov/2024:00:26:55 +0100] "GET /ticket2/opencms/sv/buy/?page=1&edid=626D6770-17E9-BC21-0111-AAFA15CA9F3B&sortorder=desc&column=row HTTP/1.1" 200 99956
217.182.134.134 - - [01/Nov/2024:00:26:57 +0100] "GET /ticket2/opencms/fi/login/?edid=33CC4948-6558-3EC2-FACA-6AF19D354AA8 HTTP/1.1" 200 90129
65.108.64.210 - - [01/Nov/2024:00:26:58 +0100] "GET /ticket2/opencms/sv/buy/?page=1&edid=626D6770-17E9-BC21-0111-AAFA15CA9F3B&sortorder=desc&column=section HTTP/1.1" 200 100140
47.128.114.106 - - [01/Nov/2024:00:26:59 +0100] "GET /ticket2/opencms/en/buy/?edid=E3251761-EB52-79D3-066B-585D4F470E3B HTTP/1.1" 200 79757
54.36.148.204 - - [01/Nov/2024:00:26:59 +0100] "GET /ticket2/opencms/cs/?page=6&comcatid=A17713B6-D984-201A-4143-ED4DB5ED5C2E&catid=2FC3D548-EAF9-1354-0CD2-7D7619DA2334 HTTP/1.1" 200 95797
217.182.134.134 - - [01/Nov/2024:00:27:00 +0100] "GET /ticket2/opencms/fi/login/?edid=33F56A09-80B7-AAA0-3CD6-4B4F5E173409 HTTP/1.1" 200 90129
94.23.207.193 - - [01/Nov/2024:00:27:01 +0100] "GET /ticket2/opencms/se/fi/venue/?venueid=6F45CC98-0FF4-9684-10A7-A4EABAFB5F44 HTTP/1.1" 404 -
65.108.64.210 - - [01/Nov/2024:00:27:02 +0100] "GET /ticket2/opencms/sv/buy/?page=1&edid=628F4DF2-B1DD-1FFD-DE4A-2FE8F126DCD2&sortorder=asc&column=price HTTP/1.1" 200 102936
217.182.134.134 - - [01/Nov/2024:00:27:04 +0100] "GET /ticket2/opencms/fi/login/?edid=34D7EC04-C112-178F-F96C-27507B72A319 HTTP/1.1" 200 90129
65.108.64.210 - - [01/Nov/2024:00:27:05 +0100] "GET /ticket2/opencms/sv/buy/?page=1&edid=62B68E56-055C-CB31-F20A-D011FF81E19C&sortorder=asc&column=price HTTP/1.1" 200 101616
217.182.134.134 - - [01/Nov/2024:00:27:07 +0100] "GET /ticket2/opencms/fi/login/?edid=356D13C4-7F27-ADF4-5EFD-44013FC98EF2 HTTP/1.1" 200 90129
65.108.64.210 - - [01/Nov/2024:00:27:08 +0100] "GET /ticket2/opencms/sv/buy/?page=1&edid=64C4EDF8-DE58-46C5-FE28-ADDDDC51BA17 HTTP/1.1" 200 97693
47.128.114.221 - - [01/Nov/2024:00:27:08 +0100] "GET /ticket2/opencms/is/buy/?edid=4BB86639-5E8A-308E-E195-0856E56FD3F8 HTTP/1.1" 200 81480
217.182.134.134 - - [01/Nov/2024:00:27:11 +0100] "GET /ticket2/opencms/fi/login/?edid=37D48E1B-2752-5F8F-5AEB-0BF82E1637C1 HTTP/1.1" 200 90129
65.108.64.210 - - [01/Nov/2024:00:27:11 +0100] "GET /ticket2/opencms/sv/buy/?page=1&edid=65E7106B-E648-8ADB-53BF-E2D7936DFB6B&sortorder=asc&column=row HTTP/1.1" 200 99905
47.128.33.59 - - [01/Nov/2024:00:27:12 +0100] "GET /ticket2/opencms/is/buy/?catid=078F99D4-0B9E-E323-5A07-D7B70F6E8874&comcatid=97ECA65A-72DA-F9AF-9DBB-245D3CFED1BE HTTP/1.1" 200 88762
217.182.134.134 - - [01/Nov/2024:00:27:14 +0100] "GET /ticket2/opencms/fi/login/?edid=3830122A-8C0B-09CA-A7F9-62032F84F3E5 HTTP/1.1" 200 90129
65.108.64.210 - - [01/Nov/2024:00:27:15 +0100] "GET /ticket2/opencms/sv/buy/?page=1&edid=664DECE5-56C6-FDB8-9AB3-6B9D16C699CD HTTP/1.1" 200 97699
54.36.149.66 - - [01/Nov/2024:00:27:17 +0100] "GET /ticket2/opencms/de/?page=6&comcatid=A17713B6-D984-201A-4143-ED4DB5ED5C2E&catid=42C82D82-D02A-8562-E55C-48ADB3771882 HTTP/1.1" 200 95408
65.108.64.210 - - [01/Nov/2024:00:27:18 +0100] "GET /ticket2/opencms/sv/buy/?page=1&edid=66BA55C6-331D-78D9-618D-FC28E5D751CC HTTP/1.1" 200 97700
217.182.134.134 - - [01/Nov/2024:00:27:18 +0100] "GET /ticket2/opencms/fi/login/?edid=383E4867-E755-BCF5-AFE7-05FB5FFCA658 HTTP/1.1" 200 90129
65.108.64.210 - - [01/Nov/2024:00:27:21 +0100] "GET /ticket2/opencms/sv/buy/?page=1&edid=6750BD34-C29C-E045-3680-25A7647342F8 HTTP/1.1" 200 100334
217.182.134.134 - - [01/Nov/2024:00:27:21 +0100] "GET /ticket2/opencms/fi/login/?edid=39947EE1-5244-7BF5-DC67-7D9149B9EB15 HTTP/1.1" 200 90129
52.167.144.16 - - [01/Nov/2024:00:27:23 +0100] "GET /ticket2/opencms/en/venue/?venueid=78D0C4A5-99DA-B045-D1D7-45F70CE9F600 HTTP/1.1" 200 86596
54.36.148.52 - - [01/Nov/2024:00:27:24 +0100] "GET /ticket2/opencms/cs/?page=6&comcatid=A17713B6-D984-201A-4143-ED4DB5ED5C2E&catid=3B549160-8B9C-E872-44A9-20FEA86B30E8 HTTP/1.1" 200 95797
65.108.64.210 - - [01/Nov/2024:00:27:24 +0100] "GET /ticket2/opencms/sv/buy/?page=1&edid=67B3819E-C203-F7C9-1C5C-2A1AF592C733&sortorder=asc&column=price HTTP/1.1" 200 101195
217.182.134.134 - - [01/Nov/2024:00:27:25 +0100] "GET /ticket2/opencms/fi/login/?edid=3A37BCE8-6529-D527-7A05-B4A6F4329BC8 HTTP/1.1" 200 90129
94.23.207.193 - - [01/Nov/2024:00:27:27 +0100] "GET /ticket2/opencms/se/fi/venue/?venueid=6FA55CAA-E7CD-0645-363F-8301E170D823 HTTP/1.1" 404 -
65.108.64.210 - - [01/Nov/2024:00:27:27 +0100] "GET /ticket2/opencms/sv/buy/?page=1&edid=68573C32-5F8D-AC1E-AD14-28E520160FCD&sortorder=desc&column=section HTTP/1.1" 200 101942
217.182.134.134 - - [01/Nov/2024:00:27:28 +0100] "GET /ticket2/opencms/fi/login/?edid=3ABB49E1-D37A-AB42-B430-1287E5A59D8D HTTP/1.1" 200 90129
65.108.64.210 - - [01/Nov/2024:00:27:30 +0100] "GET /ticket2/opencms/sv/buy/?page=1&edid=6869066C-20B9-BB4A-77E7-AD490FF5D90D&sortorder=desc&column=price HTTP/1.1" 200 99029
54.36.148.29 - - [01/Nov/2024:00:27:31 +0100] "GET /ticket2/opencms/de/?page=6&comcatid=A17713B6-D984-201A-4143-ED4DB5ED5C2E&catid=515A9A29-35A0-2DB8-262B-AEF122DB04F6 HTTP/1.1" 200 95408
217.182.134.134 - - [01/Nov/2024:00:27:31 +0100] "GET /ticket2/opencms/fi/login/?edid=3AE72A78-B706-3CB2-9472-6BFEE3BB1206 HTTP/1.1" 200 90129
65.108.64.210 - - [01/Nov/2024:00:27:33 +0100] "GET /ticket2/opencms/sv/buy/?page=1&edid=6869066C-20B9-BB4A-77E7-AD490FF5D90D&sortorder=desc&column=row HTTP/1.1" 200 98937
217.182.134.134 - - [01/Nov/2024:00:27:35 +0100] "GET /ticket2/opencms/fi/login/?edid=3B59287C-FC8E-8AC6-A203-D44566BFF3DE HTTP/1.1" 200 90129
47.128.55.208 - - [01/Nov/2024:00:27:36 +0100] "GET /ticket2/opencms/mo/buy/?catid=DA31441B-C568-3C77-D08C-698809032494&comcatid=97ECA65A-72DA-F9AF-9DBB-245D3CFED1BE HTTP/1.1" 200 88807
65.108.64.210 - - [01/Nov/2024:00:27:37 +0100] "GET /ticket2/opencms/sv/buy/?page=1&edid=6875AE46-58DA-9D07-CD12-63DF9AF5CB06&sortorder=desc&column=row HTTP/1.1" 200 101566
217.182.134.134 - - [01/Nov/2024:00:27:38 +0100] "GET /ticket2/opencms/fi/login/?edid=3C082A1A-EAF2-A234-1E4D-88C1BD6EAA3B HTTP/1.1" 200 90129
54.36.148.160 - - [01/Nov/2024:00:27:39 +0100] "GET /ticket2/opencms/cs/?page=6&comcatid=A17713B6-D984-201A-4143-ED4DB5ED5C2E&catid=42C82D82-D02A-8562-E55C-48ADB3771882 HTTP/1.1" 200 95797
65.108.64.210 - - [01/Nov/2024:00:27:40 +0100] "GET /ticket2/opencms/sv/buy/?page=1&edid=68783597-743F-A9D4-0251-2FA906CAFC9A&sortorder=desc&column=price HTTP/1.1" 200 101424
217.182.134.134 - - [01/Nov/2024:00:27:42 +0100] "GET /ticket2/opencms/fi/login/?edid=3ED842FC-FF3B-D3BC-69A3-8AB7FF361EA5 HTTP/1.1" 200 90129
65.108.64.210 - - [01/Nov/2024:00:27:43 +0100] "GET /ticket2/opencms/sv/buy/?page=1&edid=68783597-743F-A9D4-0251-2FA906CAFC9A&sortorder=desc&column=row HTTP/1.1" 200 101332
217.182.134.134 - - [01/Nov/2024:00:27:45 +0100] "GET /ticket2/opencms/fi/login/?edid=45CB8F22-42C0-7914-04D5-03069409FF8A HTTP/1.1" 200 90129
65.108.64.210 - - [01/Nov/2024:00:27:46 +0100] "GET /ticket2/opencms/sv/buy/?page=1&edid=69BA26E1-9E2C-2341-0407-4A0E35BDAFE6&sortorder=asc&column=section HTTP/1.1" 200 99076
217.182.134.134 - - [01/Nov/2024:00:27:48 +0100] "GET /ticket2/opencms/fi/login/?edid=46108B14-35CC-5C82-3570-2C0C468740A5 HTTP/1.1" 200 90129
65.108.64.210 - - [01/Nov/2024:00:27:49 +0100] "GET /ticket2/opencms/sv/buy/?page=1&edid=69E0B732-CB5B-1B6A-C087-CBA2F63F2CD1&sortorder=desc&column=row HTTP/1.1" 200 101318
217.182.134.134 - - [01/Nov/2024:00:27:51 +0100] "GET /ticket2/opencms/fi/login/?edid=47B01215-3C98-898D-7204-E5C307F94209 HTTP/1.1" 200 90129
185.191.171.13 - - [01/Nov/2024:00:27:52 +0100] "GET /ticket2/opencms/dk/handbook_buyer/ HTTP/1.1" 200 94185
65.108.64.210 - - [01/Nov/2024:00:27:52 +0100] "GET /ticket2/opencms/sv/buy/?page=1&edid=6A8EB813-C26B-F0F1-ED63-653DAD90B60C&sortorder=desc&column=section HTTP/1.1" 200 101281
54.36.148.111 - - [01/Nov/2024:00:27:53 +0100] "GET /ticket2/opencms/cs/?page=6&comcatid=A17713B6-D984-201A-4143-ED4DB5ED5C2E&catid=4B941E1B-E4E2-C53E-C693-9FA91BBA9AD5 HTTP/1.1" 200 95797
217.182.134.134 - - [01/Nov/2024:00:27:55 +0100] "GET /ticket2/opencms/fi/login/?edid=47C5221C-D928-A354-3BAB-DBCEA1F436C4 HTTP/1.1" 200 90129
65.108.64.210 - - [01/Nov/2024:00:27:56 +0100] "GET /ticket2/opencms/sv/buy/?page=1&edid=6D38093E-4119-E831-1393-4711948B963D&sortorder=asc&column=section HTTP/1.1" 200 100282
217.182.134.134 - - [01/Nov/2024:00:27:58 +0100] "GET /ticket2/opencms/fi/login/?edid=4DBD6D1A-2DE2-2099-EC78-D24535430816 HTTP/1.1" 200 90129
65.108.64.210 - - [01/Nov/2024:00:27:59 +0100] "GET /ticket2/opencms/sv/buy/?page=1&edid=6D7A3A4D-52E6-6485-D5D3-38CDD986A138 HTTP/1.1" 200 100960
217.182.134.134 - - [01/Nov/2024:00:28:01 +0100] "GET /ticket2/opencms/fi/login/?edid=4FAD1BD6-DF99-C994-2BAC-1FA11B49BBF7 HTTP/1.1" 200 90129
65.108.64.210 - - [01/Nov/2024:00:28:02 +0100] "GET /ticket2/opencms/sv/buy/?page=1&edid=6D7A3A4D-52E6-6485-D5D3-38CDD986A138&sortorder=asc&column=price HTTP/1.1" 200 102238
217.182.134.134 - - [01/Nov/2024:00:28:05 +0100] "GET /ticket2/opencms/fi/login/?edid=543D9F4F-FAE8-D606-2F86-FDCC2C711D5A HTTP/1.1" 200 90129
65.108.64.210 - - [01/Nov/2024:00:28:05 +0100] "GET /ticket2/opencms/sv/buy/?page=1&edid=6D7A3A4D-52E6-6485-D5D3-38CDD986A138&sortorder=desc&column=row HTTP/1.1" 200 102191
54.36.148.109 - - [01/Nov/2024:00:28:05 +0100] "GET /ticket2/opencms/cs/?page=6&comcatid=A17713B6-D984-201A-4143-ED4DB5ED5C2E&catid=515A9A29-35A0-2DB8-262B-AEF122DB04F6 HTTP/1.1" 200 95797
94.23.207.193 - - [01/Nov/2024:00:28:08 +0100] "GET /ticket2/opencms/se/fi/venue/?venueid=75885D15-264E-60FB-5DAC-D1D386082DD7 HTTP/1.1" 404 -
65.108.64.210 - - [01/Nov/2024:00:28:08 +0100] "GET /ticket2/opencms/sv/buy/?page=1&edid=6DB046DB-410B-73D4-9D8B-16FCC7635D61&sortorder=desc&column=price HTTP/1.1" 200 101612
8.219.123.108 - - [01/Nov/2024:00:28:08 +0100] "GET /ticket2/opencms/en/buy/?page=1&edid=0D33199C-853B-C4DC-F1E2-6CF75BE0B211&sortorder=asc&column=price HTTP/1.1" 200 102016
173.252.83.10 - - [01/Nov/2024:00:28:10 +0100] "GET /ticket2/opencms/uk/sport/kvytky-na-futbol/ligue-1/ HTTP/1.1" 500 -
65.108.64.210 - - [01/Nov/2024:00:28:11 +0100] "GET /ticket2/opencms/sv/buy/?page=1&edid=6DBBE6C7-DD55-9A3A-7306-2ED26DDA2169&sortorder=desc&column=section HTTP/1.1" 200 99127
65.108.64.210 - - [01/Nov/2024:00:28:14 +0100] "GET /ticket2/opencms/sv/buy/?page=1&edid=6DFD8F8B-B309-A5E8-A530-959D20F8D336&sortorder=desc&column=section HTTP/1.1" 200 101262
114.119.145.123 - - [01/Nov/2024:00:28:14 +0100] "GET /ticket2/opencms/en/venue/?venueid=A0B35C83-269D-8EEE-39B8-9C45CBF0DD7B HTTP/1.1" 200 86602
65.108.64.210 - - [01/Nov/2024:00:28:17 +0100] "GET /ticket2/opencms/sv/buy/?page=1&edid=6E26101E-BD16-558E-CCE3-40BB9417A742&sortorder=desc&column=row HTTP/1.1" 200 102081
173.252.107.116 - - [01/Nov/2024:00:28:19 +0100] "GET /ticket2/opencms/sr/buy?page=1&edid=3289C097-2261-9433-8644-DF033A9EE354 HTTP/1.1" 200 131551
65.108.64.210 - - [01/Nov/2024:00:28:20 +0100] "GET /ticket2/opencms/sv/buy/?page=1&edid=6E4EE5BF-C4F7-D42E-007E-D018A532FB2B&sortorder=desc&column=price HTTP/1.1" 200 102300
47.128.30.184 - - [01/Nov/2024:00:28:21 +0100] "GET /ticket2/opencms/en/buy?catid=573B7747-EE85-D769-C87D-F3F61FB64AA5&comcatid=A17713B6-D984-201A-4143-ED4DB5ED5C2E&page=7 HTTP/1.1" 200 92395
54.36.149.83 - - [01/Nov/2024:00:28:22 +0100] "GET /ticket2/opencms/de/?page=6&comcatid=A17713B6-D984-201A-4143-ED4DB5ED5C2E&catid=5A89E483-58AD-080E-F363-E16CE738916A HTTP/1.1" 200 95408
65.108.64.210 - - [01/Nov/2024:00:28:24 +0100] "GET /ticket2/opencms/sv/buy/?page=1&edid=6E79A951-9EC2-F915-7A89-B8E477A63950&sortorder=desc&column=row HTTP/1.1" 200 101331
85.208.96.195 - - [01/Nov/2024:00:28:25 +0100] "GET /ticket2/opencms/hr/buy_safety HTTP/1.1" 200 90693
65.108.64.210 - - [01/Nov/2024:00:28:27 +0100] "GET /ticket2/opencms/sv/buy/?page=1&edid=6E8F24AB-74B3-3F4A-83EB-4CBDFC2D46B9&sortorder=asc&column=price HTTP/1.1" 200 102903
47.128.27.221 - - [01/Nov/2024:00:28:28 +0100] "GET /ticket2/opencms/bs/buy/?catid=757E2DFB-33DA-9B34-8402-9F06B19D8409&comcatid=97ECA65A-72DA-F9AF-9DBB-245D3CFED1BE HTTP/1.1" 200 88704
65.108.64.210 - - [01/Nov/2024:00:28:31 +0100] "GET /ticket2/opencms/sv/buy/?page=1&edid=6E8F24AB-74B3-3F4A-83EB-4CBDFC2D46B9&sortorder=asc&column=row HTTP/1.1" 200 102811
65.108.64.210 - - [01/Nov/2024:00:28:34 +0100] "GET /ticket2/opencms/sv/buy/?page=1&edid=6E8F24AB-74B3-3F4A-83EB-4CBDFC2D46B9&sortorder=asc&column=section HTTP/1.1" 200 102995
54.36.148.124 - - [01/Nov/2024:00:28:34 +0100] "GET /ticket2/opencms/cs/?page=6&comcatid=A17713B6-D984-201A-4143-ED4DB5ED5C2E&catid=64756941-02D2-3538-2077-8C2508F4A3A8 HTTP/1.1" 200 95797
94.23.207.193 - - [01/Nov/2024:00:28:37 +0100] "GET /ticket2/opencms/se/fi/venue/?venueid=823F5427-3F19-16AC-CDB6-E04B20BCA5D8 HTTP/1.1" 404 -
65.108.64.210 - - [01/Nov/2024:00:28:37 +0100] "GET /ticket2/opencms/sv/buy/?page=1&edid=6EA9C6C1-4A98-9DDB-09DD-280525870AC5&sortorder=asc&column=row HTTP/1.1" 200 102393
65.108.64.210 - - [01/Nov/2024:00:28:40 +0100] "GET /ticket2/opencms/sv/buy/?page=1&edid=6EA9C6C1-4A98-9DDB-09DD-280525870AC5&sortorder=asc&column=section HTTP/1.1" 200 102577
65.108.64.210 - - [01/Nov/2024:00:28:43 +0100] "GET /ticket2/opencms/sv/buy/?page=1&edid=6EA9C6C1-4A98-9DDB-09DD-280525870AC5&sortorder=desc&column=row HTTP/1.1" 200 102438
65.108.64.210 - - [01/Nov/2024:00:28:47 +0100] "GET /ticket2/opencms/sv/buy/?page=1&edid=6EB73123-E284-7FA6-0201-740BB788C8E1&sortorder=asc&column=price HTTP/1.1" 200 101820
54.36.148.82 - - [01/Nov/2024:00:28:48 +0100] "GET /ticket2/opencms/de/?page=6&comcatid=A17713B6-D984-201A-4143-ED4DB5ED5C2E&catid=64756941-02D2-3538-2077-8C2508F4A3A8 HTTP/1.1" 200 95408
65.108.64.210 - - [01/Nov/2024:00:28:50 +0100] "GET /ticket2/opencms/sv/buy/?page=1&edid=6EB89E9D-BF45-2307-D154-47CDC64ABF4D&sortorder=asc&column=price HTTP/1.1" 200 102435
185.191.171.6 - - [01/Nov/2024:00:28:53 +0100] "GET /ticket2/opencms/en/sport/football-tickets/la-liga/las_palmas/ HTTP/1.1" 200 96335
65.108.64.210 - - [01/Nov/2024:00:28:53 +0100] "GET /ticket2/opencms/sv/buy/?page=1&edid=6EB89E9D-BF45-2307-D154-47CDC64ABF4D&sortorder=asc&column=row HTTP/1.1" 200 102343
45.138.16.149 - - [01/Nov/2024:00:28:53 +0100] "GET /ticket2/opencms/se/.env HTTP/1.1" 404 -
65.108.64.210 - - [01/Nov/2024:00:28:56 +0100] "GET /ticket2/opencms/sv/buy/?page=1&edid=6EB89E9D-BF45-2307-D154-47CDC64ABF4D&sortorder=asc&column=section HTTP/1.1" 200 102527
173.252.83.22 - - [01/Nov/2024:00:28:57 +0100] "GET /ticket2/opencms/mo/sport/bilete-la-fotbal/serie-a/milan HTTP/1.1" 200 104547
185.191.171.2 - - [01/Nov/2024:00:28:57 +0100] "GET /ticket2/opencms/sq/sport/bileta-per-futboll/bundesliga/rb_leipzig/ HTTP/1.1" 200 100710
65.108.64.210 - - [01/Nov/2024:00:28:59 +0100] "GET /ticket2/opencms/sv/buy/?page=1&edid=6EB89E9D-BF45-2307-D154-47CDC64ABF4D&sortorder=desc&column=price HTTP/1.1" 200 102480
65.108.64.210 - - [01/Nov/2024:00:29:02 +0100] "GET /ticket2/opencms/sv/buy/?page=1&edid=6EB89E9D-BF45-2307-D154-47CDC64ABF4D&sortorder=desc&column=section HTTP/1.1" 200 102572
185.191.171.11 - - [01/Nov/2024:00:29:04 +0100] "GET /ticket2/opencms/de/sport/fussball-tickets/la_liga/villareal/ HTTP/1.1" 200 104081
54.36.149.96 - - [01/Nov/2024:00:29:05 +0100] "GET /ticket2/opencms/cs/?page=6&comcatid=A17713B6-D984-201A-4143-ED4DB5ED5C2E&catid=6BD6E0B0-84AF-3A0D-3851-C1357CE9B771 HTTP/1.1" 200 95797
65.108.64.210 - - [01/Nov/2024:00:29:05 +0100] "GET /ticket2/opencms/sv/buy/?page=1&edid=75CD70E1-6A6A-D58B-3753-A6F093B3BD54&sortorder=asc&column=row HTTP/1.1" 200 102116
65.108.64.210 - - [01/Nov/2024:00:29:09 +0100] "GET /ticket2/opencms/sv/buy/?page=1&edid=7AC6ABB3-09AC-6373-722A-4325330B2FBA&sortorder=asc&column=price HTTP/1.1" 200 102024
65.108.64.210 - - [01/Nov/2024:00:29:12 +0100] "GET /ticket2/opencms/sv/buy/?page=1&edid=7AC6ABB3-09AC-6373-722A-4325330B2FBA&sortorder=asc&column=row HTTP/1.1" 200 101932
94.23.207.193 - - [01/Nov/2024:00:29:12 +0100] "GET /ticket2/opencms/se/fi/venue/?venueid=824D1E28-334B-4B1B-158D-334C2640EAD4 HTTP/1.1" 404 -
54.36.148.23 - - [01/Nov/2024:00:29:14 +0100] "GET /ticket2/opencms/de/?page=6&comcatid=A17713B6-D984-201A-4143-ED4DB5ED5C2E&catid=6BD6E0B0-84AF-3A0D-3851-C1357CE9B771 HTTP/1.1" 200 95408
65.108.64.210 - - [01/Nov/2024:00:29:15 +0100] "GET /ticket2/opencms/sv/buy/?page=1&edid=7AC6ABB3-09AC-6373-722A-4325330B2FBA&sortorder=asc&column=section HTTP/1.1" 200 102116
