54.36.148.118 - - [01/Nov/2024:00:06:35 +0100] "GET /ticket2/opencms/sv/venue/?venueid=F88F99DB-CCD0-4577-59AA-A36930D419E1 HTTP/1.1" 200 87449
35.85.253.216 - - [01/Nov/2024:00:06:35 +0100] "GET /ticket2/opencms/system/galleries/pics/enpl.png HTTP/1.1" 200 18098
35.85.253.216 - - [01/Nov/2024:00:06:35 +0100] "GET /ticket2/opencms/system/galleries/pics/ensa.png HTTP/1.1" 200 18142
47.128.62.57 - - [01/Nov/2024:00:06:43 +0100] "GET /ticket2/opencms/pl/buy/?catid=2E79AED8-FF58-B4E8-AFB0-43E7CEBE7864&comcatid=97ECA65A-72DA-F9AF-9DBB-245D3CFED1BE HTTP/1.1" 200 88748
35.85.253.216 - - [01/Nov/2024:00:06:44 +0100] "GET /ticket2/opencms/system/galleries/pics/enll.png HTTP/1.1" 200 21346
54.36.149.83 - - [01/Nov/2024:00:06:50 +0100] "GET /ticket2/opencms/sv/venue/?venueid=BB736B8D-452E-548C-9145-71E4BC7BD986 HTTP/1.1" 200 87449
69.171.249.6 - - [01/Nov/2024:00:06:57 +0100] "GET /ticket2/opencms/sl/buy?page=1&edid=8DA9D1EA-2F7E-8136-071B-749FF836435A HTTP/1.1" 200 125149
54.36.148.90 - - [01/Nov/2024:00:06:58 +0100] "GET /ticket2/opencms/pl/buy/?page=1&edid=5660FC95-DEFD-E31A-427A-FEF42882AD54 HTTP/1.1" 200 98551
114.119.147.32 - - [01/Nov/2024:00:07:07 +0100] "GET /ticket2/opencms/en/sell/?edid=439D29FA-F236-A6D6-CD43-17BBF1CDD5E9 HTTP/1.1" 302 -
54.36.148.196 - - [01/Nov/2024:00:07:10 +0100] "GET /ticket2/opencms/sv/venue/?venueid=D744A0E6-974D-7D9B-E6CA-EB969D419414 HTTP/1.1" 200 87455
114.119.147.32 - - [01/Nov/2024:00:07:10 +0100] "GET /ticket2/opencms/en/login/?url=/en/sell/ HTTP/1.1" 200 88677
66.249.79.101 - - [01/Nov/2024:00:07:23 +0100] "GET /ticket2/opencms/en/venue/?countryid=62204D9B-992F-EFF6-482A-943BBD9879C3 HTTP/1.1" 200 115976
54.36.149.100 - - [01/Nov/2024:00:07:26 +0100] "GET /ticket2/opencms/en/venue/?venueid=2BC6CC65-A6E8-9076-F09C-25E6D45A736B HTTP/1.1" 200 86576
47.128.124.183 - - [01/Nov/2024:00:07:35 +0100] "GET /ticket2/opencms/ka/buy/?catid=078F99D4-0B9E-E323-5A07-D7B70F6E8874&comcatid=97ECA65A-72DA-F9AF-9DBB-245D3CFED1BE HTTP/1.1" 200 90202
47.128.127.234 - - [01/Nov/2024:00:07:37 +0100] "GET /ticket2/opencms/en/?catid=0A6C99D2-F5BD-7A18-9A5F-5668827042E0&comcatid=A17713B6-D984-201A-4143-ED4DB5ED5C2E&eventid=66D77204-4B8D-B660-88DB-7A93BC4629FF&page=6 HTTP/1.1" 200 94367
54.36.149.26 - - [01/Nov/2024:00:07:40 +0100] "GET /ticket2/opencms/pl/buy/?page=1&edid=6ABC64C2-B7BD-3F6D-DD46-2C8F1F69889E HTTP/1.1" 200 98554
54.36.148.167 - - [01/Nov/2024:00:07:51 +0100] "GET /ticket2/opencms/ga/buy/?page=1&edid=E09857B3-0F9E-7B02-8232-83B35FF16CE1 HTTP/1.1" 200 99072
185.191.171.9 - - [01/Nov/2024:00:08:00 +0100] "GET /ticket2/opencms/fi/selling_tickets/ HTTP/1.1" 200 88734
54.36.149.56 - - [01/Nov/2024:00:08:02 +0100] "GET /ticket2/opencms/en/venue/?venueid=08AC19FE-7229-CD50-252B-5A429B19BA98 HTTP/1.1" 200 86593
114.119.152.134 - - [01/Nov/2024:00:08:14 +0100] "GET /ticket2/opencms/en/venue/?venueid=D10220DB-AAF6-E84A-D2D4-5A9FE554E837 HTTP/1.1" 200 86606
65.108.2.171 - - [01/Nov/2024:00:08:16 +0100] "GET /ticket2/opencms/robots.txt HTTP/1.1" 200 773
54.36.149.45 - - [01/Nov/2024:00:08:18 +0100] "GET /ticket2/opencms/is/buy/?page=1&edid=125D8704-4F25-BA08-9A7D-175DE227A1FB HTTP/1.1" 200 98802
65.108.2.171 - - [01/Nov/2024:00:08:19 +0100] "GET /ticket2/opencms/fi/login/?edid=5595A96D-9F00-CDE0-D156-0165E9F7FC70 HTTP/1.1" 200 90129
65.108.2.171 - - [01/Nov/2024:00:08:22 +0100] "GET /ticket2/opencms/fi/login/?edid=63896850-13C8-8957-A8F3-B8A345840B32 HTTP/1.1" 200 90129
65.108.2.171 - - [01/Nov/2024:00:08:25 +0100] "GET /ticket2/opencms/fi/login/?edid=63F89D90-18C1-0E49-05F7-FE97174217E0 HTTP/1.1" 200 90129
85.208.96.201 - - [01/Nov/2024:00:08:25 +0100] "GET /ticket2/opencms/bg/sport/futbolni-bileti/english-championship/middlesbrough/ HTTP/1.1" 200 111172
47.128.31.109 - - [01/Nov/2024:00:08:26 +0100] "GET /ticket2/opencms/sv/buy/?catid=95AE85B5-8979-BB11-643C-430ACC6D50F9&comcatid=810BB404-4103-77F2-A6C2-12D5E6C338E2&page=6 HTTP/1.1" 200 84328
65.108.2.171 - - [01/Nov/2024:00:08:28 +0100] "GET /ticket2/opencms/fi/login/?edid=6479D966-2793-7C7E-D24A-D27EA93264A1 HTTP/1.1" 200 90129
54.36.149.104 - - [01/Nov/2024:00:08:29 +0100] "GET /ticket2/opencms/en/venue/?venueid=5860F3B9-AF9B-0350-7793-1BDDE818A2DE HTTP/1.1" 200 86597
65.108.2.171 - - [01/Nov/2024:00:08:32 +0100] "GET /ticket2/opencms/fi/login/?edid=6629938D-A6E5-DFC1-3AB0-2416CB373D79 HTTP/1.1" 200 90129
65.108.2.171 - - [01/Nov/2024:00:08:35 +0100] "GET /ticket2/opencms/fi/login/?edid=68B3EC6D-B3A7-A420-1EC7-14830BCFA78A HTTP/1.1" 200 90129
47.128.119.174 - - [01/Nov/2024:00:08:37 +0100] "GET /ticket2/opencms/sr/buy/?catid=8C381435-A1E8-94AF-2C58-D133FCA44A31&comcatid=66708183-7480-3365-06BF-DBF60280AB45 HTTP/1.1" 200 86248
65.108.2.171 - - [01/Nov/2024:00:08:38 +0100] "GET /ticket2/opencms/fi/login/?edid=6BDF2649-A23C-4F39-BEA2-8967D4477DEF HTTP/1.1" 200 90129
54.36.148.50 - - [01/Nov/2024:00:08:41 +0100] "GET /ticket2/opencms/lv/buy/?page=1&edid=7C470A0B-7875-5849-46E4-808C32ECDB53 HTTP/1.1" 200 98755
65.108.2.171 - - [01/Nov/2024:00:08:41 +0100] "GET /ticket2/opencms/fi/login/?edid=750734F7-11F9-847F-808A-74C342D26F16 HTTP/1.1" 200 90129
65.108.2.171 - - [01/Nov/2024:00:08:44 +0100] "GET /ticket2/opencms/fi/login/?edid=75FF687A-3DBB-F476-3881-CF5D7FFEBAC0 HTTP/1.1" 200 90129
85.208.96.210 - - [01/Nov/2024:00:08:45 +0100] "GET /ticket2/opencms/sv/sport/fotbollsbiljetter/uefa-champions-league/losc/ HTTP/1.1" 200 87821
65.108.2.171 - - [01/Nov/2024:00:08:48 +0100] "GET /ticket2/opencms/fi/login/?edid=77BFA142-F751-D8D8-BC52-E25A476A52FF HTTP/1.1" 200 90129
54.36.148.45 - - [01/Nov/2024:00:08:50 +0100] "GET /ticket2/opencms/es/deporte/entradas-futbol/ligue-1 HTTP/1.1" 200 87861
168.119.64.252 - - [01/Nov/2024:00:08:51 +0100] "GET /ticket2/opencms/system/modules/com.gridnine.opencms.ticketbrokerage.site/resources/css/jquery.fancybox.css HTTP/1.1" 200 4939
168.119.64.252 - - [01/Nov/2024:00:08:51 +0100] "GET /ticket2/opencms/system/modules/com.gridnine.opencms.ticketbrokerage.site/resources/css/jquery-ui.css HTTP/1.1" 200 33221
168.119.64.252 - - [01/Nov/2024:00:08:51 +0100] "GET /ticket2/opencms/system/modules/com.gridnine.opencms.ticketbrokerage.site/resources/css/ticketbrokerage.css HTTP/1.1" 200 39339
168.119.64.252 - - [01/Nov/2024:00:08:51 +0100] "GET /ticket2/opencms/system/modules/com.gridnine.opencms.ticketbrokerage.site/resources/js/jquery/jquery-ui.js HTTP/1.1" 200 228088
168.119.64.252 - - [01/Nov/2024:00:08:51 +0100] "GET /ticket2/opencms/system/modules/com.gridnine.opencms.ticketbrokerage.site/resources/css/calendar.css HTTP/1.1" 200 6871
168.119.64.252 - - [01/Nov/2024:00:08:51 +0100] "GET /ticket2/opencms/system/modules/com.gridnine.opencms.ticketbrokerage.site/resources/css/standard.css HTTP/1.1" 200 73073
168.119.64.252 - - [01/Nov/2024:00:08:51 +0100] "GET /ticket2/opencms/system/modules/com.gridnine.opencms.ticketbrokerage.site/resources/js/stickyfill.min.js HTTP/1.1" 200 5672
168.119.64.252 - - [01/Nov/2024:00:08:51 +0100] "GET /ticket2/opencms/system/modules/com.gridnine.opencms.ticketbrokerage.site/resources/js/functions.js HTTP/1.1" 200 1583
168.119.64.252 - - [01/Nov/2024:00:08:51 +0100] "GET /ticket2/opencms/system/modules/com.gridnine.opencms.ticketbrokerage.site/resources/js/jquery.fancybox.pack.js HTTP/1.1" 200 23187
168.119.64.252 - - [01/Nov/2024:00:08:51 +0100] "GET /ticket2/opencms/system/modules/com.gridnine.opencms.ticketbrokerage.site/resources/js/jquery/jquery.js HTTP/1.1" 200 93868
168.119.64.252 - - [01/Nov/2024:00:08:51 +0100] "GET /ticket2/opencms/system/modules/com.gridnine.opencms.ticketbrokerage.site/resources/js/calendar.js HTTP/1.1" 200 49229
168.119.64.252 - - [01/Nov/2024:00:08:51 +0100] "GET /ticket2/opencms/system/modules/com.gridnine.opencms.ticketbrokerage.site/resources/js/calendar-en.js HTTP/1.1" 200 3338
168.119.64.252 - - [01/Nov/2024:00:08:51 +0100] "GET /ticket2/opencms/system/modules/com.gridnine.opencms.ticketbrokerage.site/resources/js/standard.js HTTP/1.1" 200 3978
168.119.64.252 - - [01/Nov/2024:00:08:51 +0100] "GET /ticket2/opencms/system/modules/com.gridnine.opencms.ticketbrokerage.site/resources/js/calendar-setup.js HTTP/1.1" 200 4923
168.119.64.252 - - [01/Nov/2024:00:08:51 +0100] "GET /ticket2/opencms/system/modules/com.gridnine.opencms.ticketbrokerage.site/resources/js/jquery.placeholder.min.js HTTP/1.1" 200 1737
168.119.64.252 - - [01/Nov/2024:00:08:51 +0100] "GET /ticket2/opencms/system/modules/com.gridnine.opencms.ticketbrokerage.site/resources/js/common-ajax.js HTTP/1.1" 200 20175
65.108.2.171 - - [01/Nov/2024:00:08:51 +0100] "GET /ticket2/opencms/fi/login/?edid=7B816A97-DFDD-2578-676B-C4ACFBE4425C HTTP/1.1" 200 90129
168.119.64.252 - - [01/Nov/2024:00:08:51 +0100] "GET /ticket2/opencms/system/modules/com.gridnine.opencms.ticketbrokerage.site/resources/js/standard.js HTTP/1.1" 200 3978
65.108.2.171 - - [01/Nov/2024:00:08:54 +0100] "GET /ticket2/opencms/fi/login/?edid=7DF77E99-8194-C3D0-5A00-8A12D492E581 HTTP/1.1" 200 90129
65.108.2.171 - - [01/Nov/2024:00:08:57 +0100] "GET /ticket2/opencms/fi/login/?edid=7F2A5B0B-89B1-FCB5-F3DF-3B5D223FE23E HTTP/1.1" 200 90129
47.128.124.174 - - [01/Nov/2024:00:08:59 +0100] "GET /ticket2/opencms/fi/buy/?edid=07DEB2A3-DF25-51E6-57DE-19F2D68F0F1B HTTP/1.1" 200 81458
65.108.2.171 - - [01/Nov/2024:00:09:01 +0100] "GET /ticket2/opencms/fi/login/?edid=8C5232A8-5B57-EB22-F406-EF5469CA653B HTTP/1.1" 200 90129
54.36.148.63 - - [01/Nov/2024:00:09:01 +0100] "GET /ticket2/opencms/az/buy/?page=1&edid=66C24011-32A3-EE83-DB81-98818915F278 HTTP/1.1" 200 102143
52.167.144.225 - - [01/Nov/2024:00:09:02 +0100] "GET /ticket2/opencms/uk/sport/kvytky-na-futbol/english-championship/huddersfield-town HTTP/1.1" 404 -
65.108.2.171 - - [01/Nov/2024:00:09:04 +0100] "GET /ticket2/opencms/fi/login/?edid=8E0F98D9-464A-8A71-2D26-C8680D81094F HTTP/1.1" 200 90129
185.191.171.9 - - [01/Nov/2024:00:09:06 +0100] "GET /ticket2/opencms/no/sport/fotballsbilletter/serie_a/inter/ HTTP/1.1" 200 97861
65.108.2.171 - - [01/Nov/2024:00:09:07 +0100] "GET /ticket2/opencms/fi/login/?edid=959C78A0-FD4F-927B-91FE-B14712A9B8D2 HTTP/1.1" 200 90129
65.108.2.171 - - [01/Nov/2024:00:09:10 +0100] "GET /ticket2/opencms/fi/login/?edid=98FFAE55-3710-B740-100C-C403A9497864 HTTP/1.1" 200 90129
65.108.2.171 - - [01/Nov/2024:00:09:14 +0100] "GET /ticket2/opencms/fi/login/?edid=9A519B52-57C0-3D7D-0745-09A3763A01B1 HTTP/1.1" 200 90129
54.36.148.165 - - [01/Nov/2024:00:09:16 +0100] "GET /ticket2/opencms/az/buy/?page=1&edid=C8B54E4D-ACCA-9CAC-8303-90318E9CF170 HTTP/1.1" 200 102149
65.108.2.171 - - [01/Nov/2024:00:09:16 +0100] "GET /ticket2/opencms/fi/login/?edid=A7F1A7EE-4449-7331-753F-36F9CB2473E4 HTTP/1.1" 200 90129
65.108.2.171 - - [01/Nov/2024:00:09:20 +0100] "GET /ticket2/opencms/fi/login/?edid=A8554C01-374E-C004-8D0C-2483EF2B4305 HTTP/1.1" 200 90129
65.108.2.171 - - [01/Nov/2024:00:09:23 +0100] "GET /ticket2/opencms/fi/login/?edid=A917185F-FCCF-F49F-FDB1-2FF147298D69 HTTP/1.1" 200 90129
65.108.2.171 - - [01/Nov/2024:00:09:26 +0100] "GET /ticket2/opencms/fi/login/?edid=C0FFA6FD-32FA-9A10-CB6E-3A2F4E87A6FA HTTP/1.1" 200 90129
54.36.148.188 - - [01/Nov/2024:00:09:27 +0100] "GET /ticket2/opencms/el/buy/?page=1&edid=8B25B5F1-10DD-C634-68A4-F2AA7802B8FF HTTP/1.1" 200 104736
114.119.141.34 - - [01/Nov/2024:00:09:28 +0100] "GET /ticket2/opencms/en/sport/football-tickets/premier_league/luton/ HTTP/1.1" 200 88704
65.108.2.171 - - [01/Nov/2024:00:09:29 +0100] "GET /ticket2/opencms/fi/login/?edid=C630CF35-39EC-EFC7-7C54-82A5FE6604FA HTTP/1.1" 200 90129
65.108.2.171 - - [01/Nov/2024:00:09:32 +0100] "GET /ticket2/opencms/fi/login/?edid=E927BEFD-9C6C-9D6C-18AA-81A3176DBF51 HTTP/1.1" 200 90129
94.23.207.193 - - [01/Nov/2024:00:09:35 +0100] "GET /ticket2/opencms/se/robots.txt HTTP/1.1" 404 -
65.108.2.171 - - [01/Nov/2024:00:09:35 +0100] "GET /ticket2/opencms/fi/login/?edid=E9E2EF64-D379-DD67-D513-D0AD1E29ED2D HTTP/1.1" 200 90129
65.108.2.171 - - [01/Nov/2024:00:09:39 +0100] "GET /ticket2/opencms/fi/login/?edid=EA94D3D4-FFFA-F63F-1970-2CE5FF8D4442 HTTP/1.1" 200 90129
54.36.149.67 - - [01/Nov/2024:00:09:41 +0100] "GET /ticket2/opencms/mo/buy/?page=1&edid=FF78E5AF-B575-E137-254B-7D951914395E HTTP/1.1" 200 102094
85.208.96.210 - - [01/Nov/2024:00:09:42 +0100] "GET /ticket2/opencms/az/sport/futbol-biletleri/english-championship/ HTTP/1.1" 200 103149
65.108.2.171 - - [01/Nov/2024:00:09:42 +0100] "GET /ticket2/opencms/fi/login/?edid=EBA49F8A-33E9-0C95-472B-EF6292B7073A HTTP/1.1" 200 90129
65.108.2.171 - - [01/Nov/2024:00:09:45 +0100] "GET /ticket2/opencms/fi/login/?edid=EBC90CB3-65C3-EF1B-9FEE-BEBAC7CDCF65 HTTP/1.1" 200 90129
94.23.207.193 - - [01/Nov/2024:00:09:46 +0100] "GET /ticket2/opencms/se/fi/buy/?page=1&edid=2805B143-5BD4-3E91-BE21-9A634E35D3AE&sortorder=asc&column=price HTTP/1.1" 404 -
65.108.2.171 - - [01/Nov/2024:00:09:48 +0100] "GET /ticket2/opencms/fi/login/?edid=EC1CEE7F-0D0E-364E-1B36-05B890BB56A8 HTTP/1.1" 200 90129
54.36.148.186 - - [01/Nov/2024:00:09:51 +0100] "GET /ticket2/opencms/sk/buy/?page=1&edid=4FD24057-EB4D-8E12-8B0B-F9683A75094C HTTP/1.1" 200 101746
65.108.2.171 - - [01/Nov/2024:00:09:52 +0100] "GET /ticket2/opencms/fi/login/?edid=EC21F052-00BC-07D6-2A31-7F40587DDAFC HTTP/1.1" 200 90129
94.23.207.193 - - [01/Nov/2024:00:09:54 +0100] "GET /ticket2/opencms/se/fi/buy/?page=1&edid=3A964659-3C4E-1817-B8A9-9E7BABEABD62&sortorder=desc&column=price HTTP/1.1" 404 -
65.108.2.171 - - [01/Nov/2024:00:09:55 +0100] "GET /ticket2/opencms/fi/login/?edid=F304E181-E936-71FB-E213-CFCB44032C9B HTTP/1.1" 200 90129
65.108.2.171 - - [01/Nov/2024:00:09:58 +0100] "GET /ticket2/opencms/fi/login/?edid=F4C706FF-B771-A36A-06BB-0F38191F7D62 HTTP/1.1" 200 90129
65.108.2.171 - - [01/Nov/2024:00:10:00 +0100] "GET /ticket2/opencms/sv/buy/?page=1&edid=80EE9861-CE07-B7DE-A3DB-A6E5C8995BA8&sortorder=desc&column=row HTTP/1.1" 200 101340
65.108.2.171 - - [01/Nov/2024:00:10:01 +0100] "GET /ticket2/opencms/sv/buy/?page=1&edid=81879857-4F25-1D91-01EE-91203C205E54&sortorder=asc&column=row HTTP/1.1" 200 101717
65.108.2.171 - - [01/Nov/2024:00:10:03 +0100] "GET /ticket2/opencms/sv/buy/?page=1&edid=8D9DBA83-8AAE-BAE2-32DA-76530C440127&sortorder=asc&column=price HTTP/1.1" 200 101559
65.108.2.171 - - [01/Nov/2024:00:10:05 +0100] "GET /ticket2/opencms/sv/buy/?page=1&edid=8DB2D12D-4381-A11E-3577-2FDCF873FEDB&sortorder=asc&column=price HTTP/1.1" 200 101155
65.108.2.171 - - [01/Nov/2024:00:10:07 +0100] "GET /ticket2/opencms/sv/buy/?page=1&edid=8DB2D12D-4381-A11E-3577-2FDCF873FEDB&sortorder=asc&column=row HTTP/1.1" 200 101063
47.128.23.205 - - [01/Nov/2024:00:10:08 +0100] "GET /ticket2/opencms/lv/buy/?catid=55D1256D-BDD9-CBA3-47A3-0A252F702555&comcatid=97ECA65A-72DA-F9AF-9DBB-245D3CFED1BE HTTP/1.1" 200 88747
65.108.2.171 - - [01/Nov/2024:00:10:08 +0100] "GET /ticket2/opencms/sv/buy/?page=1&edid=8DB2D12D-4381-A11E-3577-2FDCF873FEDB&sortorder=desc&column=price HTTP/1.1" 200 101200
94.23.207.193 - - [01/Nov/2024:00:10:08 +0100] "GET /ticket2/opencms/se/fi/buy/?page=1&edid=3A964659-3C4E-1817-B8A9-9E7BABEABD62&sortorder=desc&column=row HTTP/1.1" 404 -
85.208.96.194 - - [01/Nov/2024:00:10:09 +0100] "GET /ticket2/opencms/dk/faq/ HTTP/1.1" 200 91511
65.108.2.171 - - [01/Nov/2024:00:10:10 +0100] "GET /ticket2/opencms/sv/buy/?page=1&edid=93EAB1FB-E361-1C6A-65E8-48D7E58E8464&sortorder=desc&column=row HTTP/1.1" 200 98930
65.108.2.171 - - [01/Nov/2024:00:10:12 +0100] "GET /ticket2/opencms/sv/buy/?page=1&edid=947EBC23-4C69-7D7A-6FCA-3CCF3056C531 HTTP/1.1" 200 100956
85.208.96.208 - - [01/Nov/2024:00:10:13 +0100] "GET /ticket2/opencms/el/agoraste-me-asfaleia HTTP/1.1" 200 93205
54.36.148.216 - - [01/Nov/2024:00:10:13 +0100] "GET /ticket2/opencms/fr/ HTTP/1.1" 200 95759
65.108.2.171 - - [01/Nov/2024:00:10:14 +0100] "GET /ticket2/opencms/sv/buy/?page=1&edid=94971A0F-269F-0AFA-AE86-83A94774C753&sortorder=asc&column=row HTTP/1.1" 200 102150
168.119.65.59 - - [01/Nov/2024:00:10:14 +0100] "GET /ticket2/opencms/system/modules/com.gridnine.opencms.ticketbrokerage.site/resources/css/jquery-ui.css HTTP/1.1" 200 33221
168.119.65.59 - - [01/Nov/2024:00:10:14 +0100] "GET /ticket2/opencms/system/modules/com.gridnine.opencms.ticketbrokerage.site/resources/css/jquery.fancybox.css HTTP/1.1" 200 4939
168.119.65.59 - - [01/Nov/2024:00:10:14 +0100] "GET /ticket2/opencms/system/modules/com.gridnine.opencms.ticketbrokerage.site/resources/js/calendar.js HTTP/1.1" 200 49229
168.119.65.59 - - [01/Nov/2024:00:10:14 +0100] "GET /ticket2/opencms/system/modules/com.gridnine.opencms.ticketbrokerage.site/resources/css/calendar.css HTTP/1.1" 200 6871
168.119.65.59 - - [01/Nov/2024:00:10:14 +0100] "GET /ticket2/opencms/system/modules/com.gridnine.opencms.ticketbrokerage.site/resources/css/ticketbrokerage.css HTTP/1.1" 200 39339
168.119.65.59 - - [01/Nov/2024:00:10:14 +0100] "GET /ticket2/opencms/system/modules/com.gridnine.opencms.ticketbrokerage.site/resources/css/standard.css HTTP/1.1" 200 73073
168.119.65.59 - - [01/Nov/2024:00:10:14 +0100] "GET /ticket2/opencms/system/modules/com.gridnine.opencms.ticketbrokerage.site/resources/js/functions.js HTTP/1.1" 200 1583
168.119.65.59 - - [01/Nov/2024:00:10:14 +0100] "GET /ticket2/opencms/system/modules/com.gridnine.opencms.ticketbrokerage.site/resources/js/calendar-setup.js HTTP/1.1" 200 4923
168.119.65.59 - - [01/Nov/2024:00:10:14 +0100] "GET /ticket2/opencms/system/modules/com.gridnine.opencms.ticketbrokerage.site/resources/js/jquery/jquery-ui.js HTTP/1.1" 200 228088
168.119.65.59 - - [01/Nov/2024:00:10:14 +0100] "GET /ticket2/opencms/system/modules/com.gridnine.opencms.ticketbrokerage.site/resources/js/jquery/jquery.js HTTP/1.1" 200 93868
168.119.65.59 - - [01/Nov/2024:00:10:14 +0100] "GET /ticket2/opencms/system/modules/com.gridnine.opencms.ticketbrokerage.site/resources/js/calendar-en.js HTTP/1.1" 200 3338
168.119.65.59 - - [01/Nov/2024:00:10:14 +0100] "GET /ticket2/opencms/system/modules/com.gridnine.opencms.ticketbrokerage.site/resources/js/jquery.fancybox.pack.js HTTP/1.1" 200 23187
168.119.65.59 - - [01/Nov/2024:00:10:14 +0100] "GET /ticket2/opencms/system/modules/com.gridnine.opencms.ticketbrokerage.site/resources/js/stickyfill.min.js HTTP/1.1" 200 5672
168.119.65.59 - - [01/Nov/2024:00:10:14 +0100] "GET /ticket2/opencms/system/modules/com.gridnine.opencms.ticketbrokerage.site/resources/js/standard.js HTTP/1.1" 200 3978
168.119.65.59 - - [01/Nov/2024:00:10:14 +0100] "GET /ticket2/opencms/system/modules/com.gridnine.opencms.ticketbrokerage.site/resources/js/jquery.placeholder.min.js HTTP/1.1" 200 1737
168.119.65.59 - - [01/Nov/2024:00:10:14 +0100] "GET /ticket2/opencms/system/modules/com.gridnine.opencms.ticketbrokerage.site/resources/js/common-ajax.js HTTP/1.1" 200 20175
168.119.65.59 - - [01/Nov/2024:00:10:14 +0100] "GET /ticket2/opencms/system/modules/com.gridnine.opencms.ticketbrokerage.site/resources/js/standard.js HTTP/1.1" 200 3978
65.108.2.171 - - [01/Nov/2024:00:10:15 +0100] "GET /ticket2/opencms/sv/buy/?page=1&edid=94F1C05A-507B-A4EE-6E97-E2D23CF823B1&sortorder=asc&column=row HTTP/1.1" 200 101058
65.108.2.171 - - [01/Nov/2024:00:10:17 +0100] "GET /ticket2/opencms/sv/buy/?page=1&edid=96935B90-BFC5-DD63-9E0F-694D36461003&sortorder=asc&column=price HTTP/1.1" 200 102205
65.108.2.171 - - [01/Nov/2024:00:10:19 +0100] "GET /ticket2/opencms/sv/buy/?page=1&edid=96935B90-BFC5-DD63-9E0F-694D36461003&sortorder=asc&column=row HTTP/1.1" 200 102113
94.23.207.193 - - [01/Nov/2024:00:10:20 +0100] "GET /ticket2/opencms/se/fi/buy/?page=1&edid=3A964659-3C4E-1817-B8A9-9E7BABEABD62&sortorder=desc&column=section HTTP/1.1" 404 -
65.108.2.171 - - [01/Nov/2024:00:10:20 +0100] "GET /ticket2/opencms/sv/buy/?page=1&edid=96935B90-BFC5-DD63-9E0F-694D36461003&sortorder=asc&column=section HTTP/1.1" 200 102297
65.108.2.171 - - [01/Nov/2024:00:10:22 +0100] "GET /ticket2/opencms/sv/buy/?page=1&edid=AA9A8326-629A-D733-663A-5FA5E38D3919&sortorder=asc&column=row HTTP/1.1" 200 101515
47.128.39.130 - - [01/Nov/2024:00:10:22 +0100] "GET /ticket2/opencms/en/buy/?edid=4FD24057-EB4D-8E12-8B0B-F9683A75094C HTTP/1.1" 200 79757
65.108.2.171 - - [01/Nov/2024:00:10:24 +0100] "GET /ticket2/opencms/sv/buy/?page=1&edid=AACFE036-B18C-C38C-4482-9B732B1F5203&sortorder=asc&column=row HTTP/1.1" 200 98893
65.108.2.171 - - [01/Nov/2024:00:10:25 +0100] "GET /ticket2/opencms/sv/buy/?page=1&edid=AACFE036-B18C-C38C-4482-9B732B1F5203&sortorder=asc&column=section HTTP/1.1" 200 99077
114.119.130.23 - - [01/Nov/2024:00:10:26 +0100] "GET /ticket2/opencms/en/venue/?countryid=ACB5B4FC-B2E3-1024-DD30-02CD725AE8FE HTTP/1.1" 200 115976
54.36.148.103 - - [01/Nov/2024:00:10:27 +0100] "GET /ticket2/opencms/fi/buy?page=1&edid=F78B03FA-4A60-BDC0-B4DA-96975C817683 HTTP/1.1" 200 101717
65.108.2.171 - - [01/Nov/2024:00:10:27 +0100] "GET /ticket2/opencms/sv/buy/?page=1&edid=AAF81B4A-182C-A2CA-B6C2-D65EF5C78DAB&sortorder=desc&column=section HTTP/1.1" 200 101507
157.55.39.194 - - [01/Nov/2024:00:10:27 +0100] "GET /ticket2/opencms/dk/buy/?page=1&edid=1BDE69E9-911B-D7B1-5E4E-80296443BB3B HTTP/1.1" 200 97353
65.108.2.171 - - [01/Nov/2024:00:10:29 +0100] "GET /ticket2/opencms/sv/buy/?page=1&edid=AB9E7BF0-7DD3-2623-3B2D-74224FE2F71E&sortorder=desc&column=row HTTP/1.1" 200 101963
94.23.207.193 - - [01/Nov/2024:00:10:30 +0100] "GET /ticket2/opencms/se/fi/buy/?page=1&edid=3ABB49E1-D37A-AB42-B430-1287E5A59D8D&sortorder=desc&column=row HTTP/1.1" 404 -
65.108.2.171 - - [01/Nov/2024:00:10:30 +0100] "GET /ticket2/opencms/sv/buy/?page=1&edid=AB9E7BF0-7DD3-2623-3B2D-74224FE2F71E&sortorder=desc&column=section HTTP/1.1" 200 102147
65.108.2.171 - - [01/Nov/2024:00:10:32 +0100] "GET /ticket2/opencms/sv/buy/?page=1&edid=AC9B2055-12DA-9E20-67F9-15ACACD7CC8B&sortorder=asc&column=price HTTP/1.1" 200 101585
47.128.42.5 - - [01/Nov/2024:00:10:32 +0100] "GET /ticket2/opencms/lv/buy/?catid=7ACC33AD-EE7E-AAA7-9050-0F4587759B87&comcatid=A17713B6-D984-201A-4143-ED4DB5ED5C2E HTTP/1.1" 200 93803
65.108.2.171 - - [01/Nov/2024:00:10:34 +0100] "GET /ticket2/opencms/sv/buy/?page=1&edid=AE7AFEEB-34F7-6C11-5867-600D4D52A2A5&sortorder=asc&column=row HTTP/1.1" 200 101271
65.108.2.171 - - [01/Nov/2024:00:10:36 +0100] "GET /ticket2/opencms/sv/buy/?page=1&edid=AFF3B549-855E-6DE1-70E1-8F9E77B4DCFB&sortorder=asc&column=row HTTP/1.1" 200 101719
65.108.2.171 - - [01/Nov/2024:00:10:37 +0100] "GET /ticket2/opencms/sv/buy/?page=1&edid=B6050510-A7B0-D4AA-D6C4-46512FF856F1&sortorder=desc&column=row HTTP/1.1" 200 101569
65.108.2.171 - - [01/Nov/2024:00:10:39 +0100] "GET /ticket2/opencms/sv/buy/?page=1&edid=B68A5FCD-3F48-E5F6-F08A-DB5402FFB044 HTTP/1.1" 200 100997
65.108.2.171 - - [01/Nov/2024:00:10:41 +0100] "GET /ticket2/opencms/sv/buy/?page=1&edid=B7653BD0-33A8-8039-42B6-78FA5A3DEC82&sortorder=desc&column=section HTTP/1.1" 200 102829
54.36.149.9 - - [01/Nov/2024:00:10:41 +0100] "GET /ticket2/opencms/el/buy/?page=1&edid=6ABC64C2-B7BD-3F6D-DD46-2C8F1F69889E HTTP/1.1" 200 101233
65.108.2.171 - - [01/Nov/2024:00:10:42 +0100] "GET /ticket2/opencms/sv/buy/?page=1&edid=B78F37A9-D298-0836-D814-4AD77F1949FB&sortorder=desc&column=section HTTP/1.1" 200 102607
94.23.207.193 - - [01/Nov/2024:00:10:42 +0100] "GET /ticket2/opencms/se/fi/buy/?page=1&edid=3B4E0EA3-B775-35AA-67EB-62D962B0531D HTTP/1.1" 404 -
66.249.79.233 - - [01/Nov/2024:00:10:43 +0100] "GET /ticket2/opencms/be/pra-nas/ HTTP/1.1" 200 88798
185.191.171.7 - - [01/Nov/2024:00:10:43 +0100] "GET /ticket2/opencms/sv/sport/fotbollsbiljetter/la_liga/espanyol/ HTTP/1.1" 200 99314
65.108.2.171 - - [01/Nov/2024:00:10:44 +0100] "GET /ticket2/opencms/sv/buy/?page=1&edid=B7AF0048-2F04-B15E-2C5A-BF75715B4501&sortorder=desc&column=row HTTP/1.1" 200 101079
65.108.2.171 - - [01/Nov/2024:00:10:46 +0100] "GET /ticket2/opencms/sv/buy/?page=1&edid=B7AF0048-2F04-B15E-2C5A-BF75715B4501&sortorder=desc&column=section HTTP/1.1" 200 101263
65.108.2.171 - - [01/Nov/2024:00:10:47 +0100] "GET /ticket2/opencms/sv/buy/?page=1&edid=B7D39E94-1CE6-8EAC-5A23-68A662FEB365&sortorder=asc&column=section HTTP/1.1" 200 102216
65.108.2.171 - - [01/Nov/2024:00:10:49 +0100] "GET /ticket2/opencms/sv/buy/?page=1&edid=B7E969B7-0E01-52EF-9592-2E66EEC1C46E&sortorder=asc&column=section HTTP/1.1" 200 102303
65.108.2.171 - - [01/Nov/2024:00:10:50 +0100] "GET /ticket2/opencms/sv/buy/?page=1&edid=B7E969B7-0E01-52EF-9592-2E66EEC1C46E&sortorder=desc&column=section HTTP/1.1" 200 102348
94.23.207.193 - - [01/Nov/2024:00:10:51 +0100] "GET /ticket2/opencms/se/fi/buy/?page=1&edid=3BF089D2-CA6A-D5BF-ED58-5522099ECEE1 HTTP/1.1" 404 -
65.108.2.171 - - [01/Nov/2024:00:10:52 +0100] "GET /ticket2/opencms/sv/buy/?page=1&edid=B804E07C-D44A-FCD5-AB0D-8E45A34C090D HTTP/1.1" 200 97708
54.36.148.22 - - [01/Nov/2024:00:10:53 +0100] "GET /ticket2/opencms/bg/buy?page=10&eventid=29425CD0-51B2-1314-2678-3AB7A21FD119 HTTP/1.1" 200 93537
65.108.2.171 - - [01/Nov/2024:00:10:54 +0100] "GET /ticket2/opencms/sv/buy/?page=1&edid=B804E07C-D44A-FCD5-AB0D-8E45A34C090D&sortorder=desc&column=price HTTP/1.1" 200 99031
195.154.122.117 - - [01/Nov/2024:00:10:54 +0100] "GET /ticket2/opencms/system/modules/com.gridnine.opencms.ticketbrokerage.site/resources/css/ticketbrokerage.css HTTP/1.1" 200 39339
195.154.122.117 - - [01/Nov/2024:00:10:54 +0100] "GET /ticket2/opencms/system/modules/com.gridnine.opencms.ticketbrokerage.site/resources/css/jquery-ui.css HTTP/1.1" 200 33221
195.154.122.117 - - [01/Nov/2024:00:10:54 +0100] "GET /ticket2/opencms/system/modules/com.gridnine.opencms.ticketbrokerage.site/resources/css/calendar.css HTTP/1.1" 200 6871
195.154.122.117 - - [01/Nov/2024:00:10:54 +0100] "GET /ticket2/opencms/system/modules/com.gridnine.opencms.ticketbrokerage.site/resources/css/jquery.fancybox.css HTTP/1.1" 200 4939
195.154.122.117 - - [01/Nov/2024:00:10:54 +0100] "GET /ticket2/opencms/system/modules/com.gridnine.opencms.ticketbrokerage.site/resources/js/jquery/jquery-ui.js HTTP/1.1" 200 228088
195.154.122.117 - - [01/Nov/2024:00:10:54 +0100] "GET /ticket2/opencms/system/modules/com.gridnine.opencms.ticketbrokerage.site/resources/css/standard.css HTTP/1.1" 200 73073
195.154.122.117 - - [01/Nov/2024:00:10:54 +0100] "GET /ticket2/opencms/system/modules/com.gridnine.opencms.ticketbrokerage.site/resources/js/calendar-en.js HTTP/1.1" 200 3338
195.154.122.117 - - [01/Nov/2024:00:10:54 +0100] "GET /ticket2/opencms/system/modules/com.gridnine.opencms.ticketbrokerage.site/resources/js/calendar.js HTTP/1.1" 200 49229
195.154.122.117 - - [01/Nov/2024:00:10:54 +0100] "GET /ticket2/opencms/system/modules/com.gridnine.opencms.ticketbrokerage.site/resources/js/functions.js HTTP/1.1" 200 1583
195.154.122.117 - - [01/Nov/2024:00:10:54 +0100] "GET /ticket2/opencms/system/modules/com.gridnine.opencms.ticketbrokerage.site/resources/js/calendar-setup.js HTTP/1.1" 200 4923
195.154.122.117 - - [01/Nov/2024:00:10:54 +0100] "GET /ticket2/opencms/system/modules/com.gridnine.opencms.ticketbrokerage.site/resources/js/jquery.fancybox.pack.js HTTP/1.1" 200 23187
195.154.122.117 - - [01/Nov/2024:00:10:54 +0100] "GET /ticket2/opencms/system/modules/com.gridnine.opencms.ticketbrokerage.site/resources/js/jquery/jquery.js HTTP/1.1" 200 93868
195.154.122.117 - - [01/Nov/2024:00:10:54 +0100] "GET /ticket2/opencms/system/modules/com.gridnine.opencms.ticketbrokerage.site/resources/js/stickyfill.min.js HTTP/1.1" 200 5672
195.154.122.117 - - [01/Nov/2024:00:10:54 +0100] "GET /ticket2/opencms/system/modules/com.gridnine.opencms.ticketbrokerage.site/resources/js/standard.js HTTP/1.1" 200 3978
195.154.122.117 - - [01/Nov/2024:00:10:54 +0100] "GET /ticket2/opencms/system/modules/com.gridnine.opencms.ticketbrokerage.site/resources/js/jquery.placeholder.min.js HTTP/1.1" 200 1737
195.154.122.117 - - [01/Nov/2024:00:10:54 +0100] "GET /ticket2/opencms/system/modules/com.gridnine.opencms.ticketbrokerage.site/resources/js/common-ajax.js HTTP/1.1" 200 20175
195.154.122.117 - - [01/Nov/2024:00:10:55 +0100] "GET /ticket2/opencms/system/modules/com.gridnine.opencms.ticketbrokerage.site/resources/js/standard.js HTTP/1.1" 200 3978
65.108.2.171 - - [01/Nov/2024:00:10:55 +0100] "GET /ticket2/opencms/sv/buy/?page=1&edid=B804E07C-D44A-FCD5-AB0D-8E45A34C090D&sortorder=desc&column=section HTTP/1.1" 200 99123
47.128.121.188 - - [01/Nov/2024:00:10:56 +0100] "GET /ticket2/opencms/sl/buy/?catid=061607E6-22B7-6FFA-03FD-A4B8B13A943F&comcatid=A17713B6-D984-201A-4143-ED4DB5ED5C2E HTTP/1.1" 200 93720
47.128.18.85 - - [01/Nov/2024:00:10:57 +0100] "GET /ticket2/opencms/mt/buy/?catid=8732E72C-A028-EA8C-4D4D-DEB44E2A28A8&comcatid=97ECA65A-72DA-F9AF-9DBB-245D3CFED1BE HTTP/1.1" 200 88787
65.108.2.171 - - [01/Nov/2024:00:10:57 +0100] "GET /ticket2/opencms/sv/buy/?page=1&edid=B80C0CCB-23D4-7FF4-42F9-EDEE166252F4 HTTP/1.1" 200 100534
65.108.2.171 - - [01/Nov/2024:00:10:59 +0100] "GET /ticket2/opencms/sv/buy/?page=1&edid=B80C0CCB-23D4-7FF4-42F9-EDEE166252F4&sortorder=desc&column=price HTTP/1.1" 200 101857
66.249.79.101 - - [01/Nov/2024:00:10:59 +0100] "GET /ticket2/opencms/en/venue/?venueid=2EC33FB3-338D-7213-6735-DB0B661D4D01 HTTP/1.1" 200 86588
65.108.2.171 - - [01/Nov/2024:00:11:00 +0100] "GET /ticket2/opencms/sv/buy/?page=1&edid=B842CED4-C1DE-506F-90DF-3CC307E2FC4A&sortorder=desc&column=section HTTP/1.1" 200 99123
65.108.2.171 - - [01/Nov/2024:00:11:02 +0100] "GET /ticket2/opencms/sv/buy/?page=1&edid=B86A01F6-CD99-BBB7-5D71-0530D5327838&sortorder=desc&column=price HTTP/1.1" 200 99039
94.23.207.193 - - [01/Nov/2024:00:11:03 +0100] "GET /ticket2/opencms/se/fi/buy/?page=1&edid=3F230B6C-1156-63A7-CD56-84FFF19FC0D1&sortorder=desc&column=price HTTP/1.1" 404 -
65.108.2.171 - - [01/Nov/2024:00:11:04 +0100] "GET /ticket2/opencms/sv/buy/?page=1&edid=BB07E6D8-D5D0-6DCA-FA97-9B2BD02952C2 HTTP/1.1" 200 100539
66.249.76.137 - - [01/Nov/2024:00:11:04 +0100] "GET /ticket2/opencms/en/venue/?venueid=7DFFA88D-A72E-EF83-E1F4-D4C0A7C75BDB HTTP/1.1" 200 86590
65.108.2.171 - - [01/Nov/2024:00:11:05 +0100] "GET /ticket2/opencms/sv/buy/?page=1&edid=BB07E6D8-D5D0-6DCA-FA97-9B2BD02952C2&sortorder=asc&column=row HTTP/1.1" 200 101725
65.108.2.171 - - [01/Nov/2024:00:11:07 +0100] "GET /ticket2/opencms/sv/buy/?page=1&edid=BE3516C7-ADBD-11A4-9F00-23F9105F8FF3&sortorder=asc&column=price HTTP/1.1" 200 102238
54.36.148.212 - - [01/Nov/2024:00:11:08 +0100] "GET /ticket2/opencms/en/buy?page=10&eventid=29425CD0-51B2-1314-2678-3AB7A21FD119 HTTP/1.1" 200 91178
168.119.68.117 - - [01/Nov/2024:00:11:08 +0100] "GET /ticket2/opencms/system/modules/com.gridnine.opencms.ticketbrokerage.site/resources/css/ticketbrokerage.css HTTP/1.1" 200 39339
168.119.68.117 - - [01/Nov/2024:00:11:08 +0100] "GET /ticket2/opencms/system/modules/com.gridnine.opencms.ticketbrokerage.site/resources/css/calendar.css HTTP/1.1" 200 6871
168.119.68.117 - - [01/Nov/2024:00:11:08 +0100] "GET /ticket2/opencms/system/modules/com.gridnine.opencms.ticketbrokerage.site/resources/css/standard.css HTTP/1.1" 200 73073
168.119.68.117 - - [01/Nov/2024:00:11:08 +0100] "GET /ticket2/opencms/system/modules/com.gridnine.opencms.ticketbrokerage.site/resources/css/jquery.fancybox.css HTTP/1.1" 200 4939
168.119.68.117 - - [01/Nov/2024:00:11:08 +0100] "GET /ticket2/opencms/system/modules/com.gridnine.opencms.ticketbrokerage.site/resources/css/jquery-ui.css HTTP/1.1" 200 33221
168.119.68.117 - - [01/Nov/2024:00:11:08 +0100] "GET /ticket2/opencms/system/modules/com.gridnine.opencms.ticketbrokerage.site/resources/js/jquery.fancybox.pack.js HTTP/1.1" 200 23187
168.119.68.117 - - [01/Nov/2024:00:11:08 +0100] "GET /ticket2/opencms/system/modules/com.gridnine.opencms.ticketbrokerage.site/resources/js/stickyfill.min.js HTTP/1.1" 200 5672
168.119.68.117 - - [01/Nov/2024:00:11:08 +0100] "GET /ticket2/opencms/system/modules/com.gridnine.opencms.ticketbrokerage.site/resources/js/functions.js HTTP/1.1" 200 1583
168.119.68.117 - - [01/Nov/2024:00:11:08 +0100] "GET /ticket2/opencms/system/modules/com.gridnine.opencms.ticketbrokerage.site/resources/js/calendar-en.js HTTP/1.1" 200 3338
168.119.68.117 - - [01/Nov/2024:00:11:08 +0100] "GET /ticket2/opencms/system/modules/com.gridnine.opencms.ticketbrokerage.site/resources/js/jquery/jquery-ui.js HTTP/1.1" 200 228088
168.119.68.117 - - [01/Nov/2024:00:11:08 +0100] "GET /ticket2/opencms/system/modules/com.gridnine.opencms.ticketbrokerage.site/resources/js/calendar-setup.js HTTP/1.1" 200 4923
168.119.68.117 - - [01/Nov/2024:00:11:08 +0100] "GET /ticket2/opencms/system/modules/com.gridnine.opencms.ticketbrokerage.site/resources/js/calendar.js HTTP/1.1" 200 49229
168.119.68.117 - - [01/Nov/2024:00:11:08 +0100] "GET /ticket2/opencms/system/modules/com.gridnine.opencms.ticketbrokerage.site/resources/js/jquery/jquery.js HTTP/1.1" 200 93868
168.119.68.117 - - [01/Nov/2024:00:11:08 +0100] "GET /ticket2/opencms/system/modules/com.gridnine.opencms.ticketbrokerage.site/resources/js/standard.js HTTP/1.1" 200 3978
168.119.68.117 - - [01/Nov/2024:00:11:08 +0100] "GET /ticket2/opencms/system/modules/com.gridnine.opencms.ticketbrokerage.site/resources/js/jquery.placeholder.min.js HTTP/1.1" 200 1737
168.119.68.117 - - [01/Nov/2024:00:11:08 +0100] "GET /ticket2/opencms/system/modules/com.gridnine.opencms.ticketbrokerage.site/resources/js/common-ajax.js HTTP/1.1" 200 20175
168.119.68.117 - - [01/Nov/2024:00:11:09 +0100] "GET /ticket2/opencms/system/modules/com.gridnine.opencms.ticketbrokerage.site/resources/js/standard.js HTTP/1.1" 200 3978
65.108.2.171 - - [01/Nov/2024:00:11:09 +0100] "GET /ticket2/opencms/sv/buy/?page=1&edid=BE3516C7-ADBD-11A4-9F00-23F9105F8FF3&sortorder=asc&column=row HTTP/1.1" 200 102146
65.108.2.171 - - [01/Nov/2024:00:11:10 +0100] "GET /ticket2/opencms/sv/buy/?page=1&edid=C2FCD713-6AE1-6CEF-FA73-C3089C99A625&sortorder=asc&column=section HTTP/1.1" 200 101904
65.108.2.171 - - [01/Nov/2024:00:11:12 +0100] "GET /ticket2/opencms/sv/buy/?page=1&edid=C5EDED48-3300-FDD0-AFD9-1014EE7B183E&sortorder=asc&column=section HTTP/1.1" 200 99077
94.23.207.193 - - [01/Nov/2024:00:11:13 +0100] "GET /ticket2/opencms/se/fi/buy/?page=1&edid=40B70B22-910C-2CEB-BC32-2263AEA98A84 HTTP/1.1" 404 -
65.108.2.171 - - [01/Nov/2024:00:11:14 +0100] "GET /ticket2/opencms/sv/buy/?page=1&edid=C630CF35-39EC-EFC7-7C54-82A5FE6604FA&sortorder=desc&column=price HTTP/1.1" 200 101259
85.208.96.201 - - [01/Nov/2024:00:11:14 +0100] "GET /ticket2/opencms/fi/urheilu/hockey/nhl/florida-panthers/ HTTP/1.1" 200 91080
54.36.148.38 - - [01/Nov/2024:00:11:15 +0100] "GET /ticket2/opencms/lv/buy?page=10&eventid=29425CD0-51B2-1314-2678-3AB7A21FD119 HTTP/1.1" 200 92979
168.119.65.61 - - [01/Nov/2024:00:11:15 +0100] "GET /ticket2/opencms/system/modules/com.gridnine.opencms.ticketbrokerage.site/resources/css/jquery-ui.css HTTP/1.1" 200 33221
168.119.65.61 - - [01/Nov/2024:00:11:15 +0100] "GET /ticket2/opencms/system/modules/com.gridnine.opencms.ticketbrokerage.site/resources/css/calendar.css HTTP/1.1" 200 6871
168.119.65.61 - - [01/Nov/2024:00:11:15 +0100] "GET /ticket2/opencms/system/modules/com.gridnine.opencms.ticketbrokerage.site/resources/css/ticketbrokerage.css HTTP/1.1" 200 39339
168.119.65.61 - - [01/Nov/2024:00:11:15 +0100] "GET /ticket2/opencms/system/modules/com.gridnine.opencms.ticketbrokerage.site/resources/css/standard.css HTTP/1.1" 200 73073
168.119.65.61 - - [01/Nov/2024:00:11:15 +0100] "GET /ticket2/opencms/system/modules/com.gridnine.opencms.ticketbrokerage.site/resources/css/jquery.fancybox.css HTTP/1.1" 200 4939
168.119.65.61 - - [01/Nov/2024:00:11:15 +0100] "GET /ticket2/opencms/system/modules/com.gridnine.opencms.ticketbrokerage.site/resources/js/jquery/jquery.js HTTP/1.1" 200 93868
168.119.65.61 - - [01/Nov/2024:00:11:15 +0100] "GET /ticket2/opencms/system/modules/com.gridnine.opencms.ticketbrokerage.site/resources/js/jquery/jquery-ui.js HTTP/1.1" 200 228088
168.119.65.61 - - [01/Nov/2024:00:11:15 +0100] "GET /ticket2/opencms/system/modules/com.gridnine.opencms.ticketbrokerage.site/resources/js/calendar-setup.js HTTP/1.1" 200 4923
168.119.65.61 - - [01/Nov/2024:00:11:15 +0100] "GET /ticket2/opencms/system/modules/com.gridnine.opencms.ticketbrokerage.site/resources/js/calendar.js HTTP/1.1" 200 49229
168.119.65.61 - - [01/Nov/2024:00:11:15 +0100] "GET /ticket2/opencms/system/modules/com.gridnine.opencms.ticketbrokerage.site/resources/js/calendar-en.js HTTP/1.1" 200 3338
168.119.65.61 - - [01/Nov/2024:00:11:15 +0100] "GET /ticket2/opencms/system/modules/com.gridnine.opencms.ticketbrokerage.site/resources/js/functions.js HTTP/1.1" 200 1583
168.119.65.61 - - [01/Nov/2024:00:11:15 +0100] "GET /ticket2/opencms/system/modules/com.gridnine.opencms.ticketbrokerage.site/resources/js/jquery.fancybox.pack.js HTTP/1.1" 200 23187
168.119.65.61 - - [01/Nov/2024:00:11:15 +0100] "GET /ticket2/opencms/system/modules/com.gridnine.opencms.ticketbrokerage.site/resources/js/stickyfill.min.js HTTP/1.1" 200 5672
168.119.65.61 - - [01/Nov/2024:00:11:15 +0100] "GET /ticket2/opencms/system/modules/com.gridnine.opencms.ticketbrokerage.site/resources/js/standard.js HTTP/1.1" 200 3978
168.119.65.61 - - [01/Nov/2024:00:11:15 +0100] "GET /ticket2/opencms/system/modules/com.gridnine.opencms.ticketbrokerage.site/resources/js/jquery.placeholder.min.js HTTP/1.1" 200 1737
168.119.65.61 - - [01/Nov/2024:00:11:15 +0100] "GET /ticket2/opencms/system/modules/com.gridnine.opencms.ticketbrokerage.site/resources/js/common-ajax.js HTTP/1.1" 200 20175
65.108.2.171 - - [01/Nov/2024:00:11:15 +0100] "GET /ticket2/opencms/sv/buy/?page=1&edid=CA3D8417-F74F-462D-182B-6C61936A40CF HTTP/1.1" 200 100329
168.119.65.61 - - [01/Nov/2024:00:11:16 +0100] "GET /ticket2/opencms/system/modules/com.gridnine.opencms.ticketbrokerage.site/resources/js/standard.js HTTP/1.1" 200 3978
65.108.2.171 - - [01/Nov/2024:00:11:17 +0100] "GET /ticket2/opencms/sv/buy/?page=1&edid=CAF487BE-6126-E9FD-123C-2A6FB466331D HTTP/1.1" 200 100324
65.108.2.171 - - [01/Nov/2024:00:11:19 +0100] "GET /ticket2/opencms/sv/buy/?page=1&edid=CB1A9388-85C2-07CC-DB47-50A8FE1A0A39&sortorder=desc&column=row HTTP/1.1" 200 101144
114.119.139.78 - - [01/Nov/2024:00:11:19 +0100] "GET /ticket2/opencms/en/sell/?edid=6EA2D348-88C2-3D24-490F-B5624CA04074 HTTP/1.1" 302 -
94.23.207.193 - - [01/Nov/2024:00:11:20 +0100] "GET /ticket2/opencms/se/fi/buy/?page=1&edid=595C46C0-D3BA-2547-81CC-6E8E4E9524D3 HTTP/1.1" 404 -
65.108.2.171 - - [01/Nov/2024:00:11:20 +0100] "GET /ticket2/opencms/sv/buy/?page=1&edid=CBA01ADE-7DF6-4B0F-74F0-624423448404&sortorder=asc&column=row HTTP/1.1" 200 102379
47.128.56.192 - - [01/Nov/2024:00:11:21 +0100] "GET /ticket2/opencms/az/buy/?catid=1DB7F66B-473B-B427-F752-358FEEFE8EC0&comcatid=0A6B8208-FDA4-E929-9D72-5312FD481B76 HTTP/1.1" 200 87534
65.108.2.171 - - [01/Nov/2024:00:11:22 +0100] "GET /ticket2/opencms/sv/buy/?page=1&edid=D0C32D2A-BB84-9343-3F31-5126409370C7&sortorder=desc&column=price HTTP/1.1" 200 101857
114.119.139.78 - - [01/Nov/2024:00:11:22 +0100] "GET /ticket2/opencms/en/login/?url=/en/sell/ HTTP/1.1" 200 88677
65.108.2.171 - - [01/Nov/2024:00:11:24 +0100] "GET /ticket2/opencms/sv/buy/?page=1&edid=D14E786C-C869-8112-70DA-17875583047D&sortorder=desc&column=section HTTP/1.1" 200 101329
54.36.148.99 - - [01/Nov/2024:00:11:25 +0100] "GET /ticket2/opencms/sk/buy?page=10&eventid=29425CD0-51B2-1314-2678-3AB7A21FD119 HTTP/1.1" 200 93030
65.108.2.171 - - [01/Nov/2024:00:11:26 +0100] "GET /ticket2/opencms/sv/buy/?page=1&edid=D169DED2-2240-97E3-9D8E-B2DCE4FDEA5F&sortorder=asc&column=price HTTP/1.1" 200 102761
168.119.68.117 - - [01/Nov/2024:00:11:26 +0100] "GET /ticket2/opencms/system/modules/com.gridnine.opencms.ticketbrokerage.site/resources/js/calendar-en.js HTTP/1.1" 200 3338
168.119.68.117 - - [01/Nov/2024:00:11:26 +0100] "GET /ticket2/opencms/system/modules/com.gridnine.opencms.ticketbrokerage.site/resources/css/ticketbrokerage.css HTTP/1.1" 200 39339
168.119.68.117 - - [01/Nov/2024:00:11:26 +0100] "GET /ticket2/opencms/system/modules/com.gridnine.opencms.ticketbrokerage.site/resources/css/calendar.css HTTP/1.1" 200 6871
168.119.68.117 - - [01/Nov/2024:00:11:26 +0100] "GET /ticket2/opencms/system/modules/com.gridnine.opencms.ticketbrokerage.site/resources/css/standard.css HTTP/1.1" 200 73073
168.119.68.117 - - [01/Nov/2024:00:11:26 +0100] "GET /ticket2/opencms/system/modules/com.gridnine.opencms.ticketbrokerage.site/resources/js/calendar-setup.js HTTP/1.1" 200 4923
168.119.68.117 - - [01/Nov/2024:00:11:26 +0100] "GET /ticket2/opencms/system/modules/com.gridnine.opencms.ticketbrokerage.site/resources/js/jquery/jquery.js HTTP/1.1" 200 93868
168.119.68.117 - - [01/Nov/2024:00:11:26 +0100] "GET /ticket2/opencms/system/modules/com.gridnine.opencms.ticketbrokerage.site/resources/js/jquery/jquery-ui.js HTTP/1.1" 200 228088
168.119.68.117 - - [01/Nov/2024:00:11:26 +0100] "GET /ticket2/opencms/system/modules/com.gridnine.opencms.ticketbrokerage.site/resources/js/functions.js HTTP/1.1" 200 1583
168.119.68.117 - - [01/Nov/2024:00:11:26 +0100] "GET /ticket2/opencms/system/modules/com.gridnine.opencms.ticketbrokerage.site/resources/js/standard.js HTTP/1.1" 200 3978
168.119.68.117 - - [01/Nov/2024:00:11:26 +0100] "GET /ticket2/opencms/system/modules/com.gridnine.opencms.ticketbrokerage.site/resources/js/calendar.js HTTP/1.1" 200 49229
168.119.68.117 - - [01/Nov/2024:00:11:26 +0100] "GET /ticket2/opencms/system/modules/com.gridnine.opencms.ticketbrokerage.site/resources/js/standard.js HTTP/1.1" 200 3978
65.108.2.171 - - [01/Nov/2024:00:11:27 +0100] "GET /ticket2/opencms/sv/buy/?page=1&edid=D169DED2-2240-97E3-9D8E-B2DCE4FDEA5F&sortorder=asc&column=row HTTP/1.1" 200 102669
65.108.2.171 - - [01/Nov/2024:00:11:29 +0100] "GET /ticket2/opencms/sv/buy/?page=1&edid=D169DED2-2240-97E3-9D8E-B2DCE4FDEA5F&sortorder=asc&column=section HTTP/1.1" 200 102853
65.108.2.171 - - [01/Nov/2024:00:11:31 +0100] "GET /ticket2/opencms/sv/buy/?page=1&edid=D17BCDC9-514E-EC83-6F19-112FCEE0FDF9&sortorder=desc&column=section HTTP/1.1" 200 101707
94.23.207.193 - - [01/Nov/2024:00:11:31 +0100] "GET /ticket2/opencms/se/fi/buy/?page=1&edid=5AF0C2F9-FCF1-BB9C-5B74-9352324B61E3&sortorder=desc&column=price HTTP/1.1" 404 -
65.108.2.171 - - [01/Nov/2024:00:11:32 +0100] "GET /ticket2/opencms/sv/buy/?page=1&edid=D1F8A3A7-C078-475B-CB20-6510EA9FEBE4&sortorder=asc&column=row HTTP/1.1" 200 98907
65.108.2.171 - - [01/Nov/2024:00:11:34 +0100] "GET /ticket2/opencms/sv/buy/?page=1&edid=D28D3824-9820-76C4-21D7-4144BF3DCE08&sortorder=asc&column=price HTTP/1.1" 200 102897
65.108.2.171 - - [01/Nov/2024:00:11:36 +0100] "GET /ticket2/opencms/sv/buy/?page=1&edid=D28D3824-9820-76C4-21D7-4144BF3DCE08&sortorder=asc&column=row HTTP/1.1" 200 102805
65.108.2.171 - - [01/Nov/2024:00:11:38 +0100] "GET /ticket2/opencms/sv/buy/?page=1&edid=D30E26A4-7AE5-40F3-5965-2D237F7CEA41&sortorder=asc&column=row HTTP/1.1" 200 102166
54.36.148.251 - - [01/Nov/2024:00:11:38 +0100] "GET /ticket2/opencms/uk/sport/kvytky-na-futbol/premier-league/liverpool HTTP/1.1" 200 104482
168.119.65.47 - - [01/Nov/2024:00:11:38 +0100] "GET /ticket2/opencms/system/modules/com.gridnine.opencms.ticketbrokerage.site/resources/css/jquery-ui.css HTTP/1.1" 200 33221
168.119.65.47 - - [01/Nov/2024:00:11:38 +0100] "GET /ticket2/opencms/system/modules/com.gridnine.opencms.ticketbrokerage.site/resources/css/jquery.fancybox.css HTTP/1.1" 200 4939
168.119.65.47 - - [01/Nov/2024:00:11:38 +0100] "GET /ticket2/opencms/system/modules/com.gridnine.opencms.ticketbrokerage.site/resources/js/jquery/jquery.js HTTP/1.1" 200 93868
168.119.65.47 - - [01/Nov/2024:00:11:38 +0100] "GET /ticket2/opencms/system/modules/com.gridnine.opencms.ticketbrokerage.site/resources/css/standard.css HTTP/1.1" 200 73073
168.119.65.47 - - [01/Nov/2024:00:11:38 +0100] "GET /ticket2/opencms/system/modules/com.gridnine.opencms.ticketbrokerage.site/resources/css/calendar.css HTTP/1.1" 200 6871
168.119.65.47 - - [01/Nov/2024:00:11:38 +0100] "GET /ticket2/opencms/system/modules/com.gridnine.opencms.ticketbrokerage.site/resources/css/ticketbrokerage.css HTTP/1.1" 200 39339
168.119.65.47 - - [01/Nov/2024:00:11:38 +0100] "GET /ticket2/opencms/system/modules/com.gridnine.opencms.ticketbrokerage.site/resources/js/jquery/jquery-ui.js HTTP/1.1" 200 228088
85.11.20.206 - - [01/Nov/2024:00:11:38 +0100] "GET /ticket2/opencms/sv/buy/?page=1&edid=4660DE29-C3F1-FFBE-5E6B-4C74E874EC91 HTTP/1.1" 200 124950
168.119.65.47 - - [01/Nov/2024:00:11:38 +0100] "GET /ticket2/opencms/system/modules/com.gridnine.opencms.ticketbrokerage.site/resources/js/calendar-en.js HTTP/1.1" 200 3338
168.119.65.47 - - [01/Nov/2024:00:11:38 +0100] "GET /ticket2/opencms/system/modules/com.gridnine.opencms.ticketbrokerage.site/resources/js/functions.js HTTP/1.1" 200 1583
168.119.65.47 - - [01/Nov/2024:00:11:38 +0100] "GET /ticket2/opencms/system/modules/com.gridnine.opencms.ticketbrokerage.site/resources/js/calendar.js HTTP/1.1" 200 49229
168.119.65.47 - - [01/Nov/2024:00:11:38 +0100] "GET /ticket2/opencms/system/modules/com.gridnine.opencms.ticketbrokerage.site/resources/js/calendar-setup.js HTTP/1.1" 200 4923
168.119.65.47 - - [01/Nov/2024:00:11:38 +0100] "GET /ticket2/opencms/system/modules/com.gridnine.opencms.ticketbrokerage.site/resources/js/jquery.fancybox.pack.js HTTP/1.1" 200 23187
168.119.65.47 - - [01/Nov/2024:00:11:38 +0100] "GET /ticket2/opencms/system/modules/com.gridnine.opencms.ticketbrokerage.site/resources/js/stickyfill.min.js HTTP/1.1" 200 5672
168.119.65.47 - - [01/Nov/2024:00:11:38 +0100] "GET /ticket2/opencms/system/modules/com.gridnine.opencms.ticketbrokerage.site/resources/js/standard.js HTTP/1.1" 200 3978
168.119.65.47 - - [01/Nov/2024:00:11:39 +0100] "GET /ticket2/opencms/system/modules/com.gridnine.opencms.ticketbrokerage.site/resources/js/jquery.placeholder.min.js HTTP/1.1" 200 1737
168.119.65.47 - - [01/Nov/2024:00:11:39 +0100] "GET /ticket2/opencms/system/modules/com.gridnine.opencms.ticketbrokerage.site/resources/js/common-ajax.js HTTP/1.1" 200 20175
85.11.20.206 - - [01/Nov/2024:00:11:39 +0100] "GET /ticket2/opencms/system/modules/com.gridnine.opencms.ticketbrokerage.site/resources/js/jquery/jquery.js HTTP/1.1" 200 93868
85.11.20.206 - - [01/Nov/2024:00:11:39 +0100] "GET /ticket2/opencms/system/modules/com.gridnine.opencms.ticketbrokerage.site/resources/js/jquery/jquery-ui.js HTTP/1.1" 200 228088
85.11.20.206 - - [01/Nov/2024:00:11:39 +0100] "GET /ticket2/opencms/system/modules/com.gridnine.opencms.ticketbrokerage.site/resources/css/calendar.css HTTP/1.1" 200 6871
85.11.20.206 - - [01/Nov/2024:00:11:39 +0100] "GET /ticket2/opencms/system/modules/com.gridnine.opencms.ticketbrokerage.site/resources/css/ticketbrokerage.css HTTP/1.1" 200 39339
85.11.20.206 - - [01/Nov/2024:00:11:39 +0100] "GET /ticket2/opencms/system/modules/com.gridnine.opencms.ticketbrokerage.site/resources/css/jquery.fancybox.css HTTP/1.1" 200 4939
85.11.20.206 - - [01/Nov/2024:00:11:39 +0100] "GET /ticket2/opencms/system/modules/com.gridnine.opencms.ticketbrokerage.site/resources/css/standard.css HTTP/1.1" 200 73073
85.11.20.206 - - [01/Nov/2024:00:11:39 +0100] "GET /ticket2/opencms/system/modules/com.gridnine.opencms.ticketbrokerage.site/resources/css/jquery-ui.css HTTP/1.1" 200 33221
85.11.20.206 - - [01/Nov/2024:00:11:39 +0100] "GET /ticket2/opencms/system/modules/com.gridnine.opencms.ticketbrokerage.site/resources/js/functions.js HTTP/1.1" 200 1583
85.11.20.206 - - [01/Nov/2024:00:11:39 +0100] "GET /ticket2/opencms/system/modules/com.gridnine.opencms.ticketbrokerage.site/resources/js/calendar-en.js HTTP/1.1" 200 3338
85.11.20.206 - - [01/Nov/2024:00:11:39 +0100] "GET /ticket2/opencms/system/modules/com.gridnine.opencms.ticketbrokerage.site/resources/js/stickyfill.min.js HTTP/1.1" 200 5672
85.11.20.206 - - [01/Nov/2024:00:11:39 +0100] "GET /ticket2/opencms/system/modules/com.gridnine.opencms.ticketbrokerage.site/resources/js/calendar-setup.js HTTP/1.1" 200 4923
85.11.20.206 - - [01/Nov/2024:00:11:39 +0100] "GET /ticket2/opencms/system/modules/com.gridnine.opencms.ticketbrokerage.site/resources/js/jquery.fancybox.pack.js HTTP/1.1" 200 23187
85.11.20.206 - - [01/Nov/2024:00:11:39 +0100] "GET /ticket2/opencms/system/modules/com.gridnine.opencms.ticketbrokerage.site/resources/js/standard.js HTTP/1.1" 200 3978
85.11.20.206 - - [01/Nov/2024:00:11:39 +0100] "GET /ticket2/opencms/system/modules/com.gridnine.opencms.ticketbrokerage.site/resources/js/jquery.placeholder.min.js HTTP/1.1" 200 1737
85.11.20.206 - - [01/Nov/2024:00:11:39 +0100] "GET /ticket2/opencms/system/modules/com.gridnine.opencms.ticketbrokerage.site/resources/js/common-ajax.js HTTP/1.1" 200 20175
168.119.65.47 - - [01/Nov/2024:00:11:39 +0100] "GET /ticket2/opencms/system/modules/com.gridnine.opencms.ticketbrokerage.site/resources/js/standard.js HTTP/1.1" 200 3978
85.11.20.206 - - [01/Nov/2024:00:11:39 +0100] "GET /ticket2/opencms/system/modules/com.gridnine.opencms.ticketbrokerage.site/resources/pics/logo-new.png HTTP/1.1" 200 13541
85.11.20.206 - - [01/Nov/2024:00:11:39 +0100] "GET /ticket2/opencms/img/insta.png HTTP/1.1" 200 3967
85.11.20.206 - - [01/Nov/2024:00:11:39 +0100] "GET /ticket2/opencms/sv/ask-form.html HTTP/1.1" 200 2950
85.11.20.206 - - [01/Nov/2024:00:11:39 +0100] "GET /ticket2/opencms/system/modules/com.gridnine.opencms.ticketbrokerage.site/resources/pics/0.gif HTTP/1.1" 200 43
85.11.20.206 - - [01/Nov/2024:00:11:39 +0100] "GET /ticket2/opencms/venue/stamford_bridge.png HTTP/1.1" 200 51972
85.11.20.206 - - [01/Nov/2024:00:11:39 +0100] "GET /ticket2/opencms/img/fb.png HTTP/1.1" 200 1269
85.11.20.206 - - [01/Nov/2024:00:11:39 +0100] "GET /ticket2/opencms/system/modules/com.gridnine.opencms.ticketbrokerage.site/resources/pics/two_man.png HTTP/1.1" 200 3407
85.11.20.206 - - [01/Nov/2024:00:11:39 +0100] "GET /ticket2/opencms/sv/ask-form.html HTTP/1.1" 200 2950
85.11.20.206 - - [01/Nov/2024:00:11:39 +0100] "GET /ticket2/opencms/system/modules/com.gridnine.opencms.ticketbrokerage.site/resources/pics/footer-img.jpg HTTP/1.1" 200 67642
85.11.20.206 - - [01/Nov/2024:00:11:39 +0100] "GET /ticket2/opencms/system/modules/com.gridnine.opencms.ticketbrokerage.site/resources/pics/ticket_info_button.png HTTP/1.1" 200 3820
85.11.20.206 - - [01/Nov/2024:00:11:39 +0100] "GET /ticket2/opencms/img/icons/en.png HTTP/1.1" 200 2415
85.11.20.206 - - [01/Nov/2024:00:11:39 +0100] "GET /ticket2/opencms/img/mail.png HTTP/1.1" 200 403
85.11.20.206 - - [01/Nov/2024:00:11:39 +0100] "GET /ticket2/opencms/img/chat.png HTTP/1.1" 200 416
