65.108.64.210 - - [01/Nov/2024:00:29:18 +0100] "GET /ticket2/opencms/sv/buy/?page=1&edid=7AC6ABB3-09AC-6373-722A-4325330B2FBA&sortorder=desc&column=price HTTP/1.1" 200 102069
47.128.50.57 - - [01/Nov/2024:00:29:19 +0100] "GET /ticket2/opencms/sv/buy/?catid=4C4DADF0-07CC-9B24-D2D9-940EF378BE99&comcatid=97ECA65A-72DA-F9AF-9DBB-245D3CFED1BE&page=7 HTTP/1.1" 200 88228
54.36.149.71 - - [01/Nov/2024:00:29:20 +0100] "GET /ticket2/opencms/cs/?page=6&comcatid=A17713B6-D984-201A-4143-ED4DB5ED5C2E&catid=6E0E0CA4-3F14-9697-92B9-3687047BE453 HTTP/1.1" 200 95797
65.108.64.210 - - [01/Nov/2024:00:29:22 +0100] "GET /ticket2/opencms/sv/buy/?page=1&edid=7AC6ABB3-09AC-6373-722A-4325330B2FBA&sortorder=desc&column=row HTTP/1.1" 200 101977
65.108.64.210 - - [01/Nov/2024:00:29:25 +0100] "GET /ticket2/opencms/sv/buy/?page=1&edid=7AC6ABB3-09AC-6373-722A-4325330B2FBA&sortorder=desc&column=section HTTP/1.1" 200 102161
47.128.114.195 - - [01/Nov/2024:00:29:27 +0100] "GET /ticket2/opencms/is/buy/?edid=E0DA4C4E-70A8-AB6F-171E-3FF387E35F29 HTTP/1.1" 200 81480
65.108.64.210 - - [01/Nov/2024:00:29:28 +0100] "GET /ticket2/opencms/sv/buy/?page=1&edid=7F5F87A7-7340-08DB-1A5F-4E64E20107F6&sortorder=desc&column=row HTTP/1.1" 200 102389
114.119.141.34 - - [01/Nov/2024:00:29:31 +0100] "GET /ticket2/opencms/en/sell/?edid=D0B2E736-5E41-5000-10C5-7A1D185646F4 HTTP/1.1" 302 -
65.108.64.210 - - [01/Nov/2024:00:29:31 +0100] "GET /ticket2/opencms/sv/buy/?page=1&edid=80520F94-CD09-8A47-6BD3-D846BA0F2595&sortorder=desc&column=row HTTP/1.1" 200 98269
54.36.148.251 - - [01/Nov/2024:00:29:31 +0100] "GET /ticket2/opencms/de/?page=6&comcatid=A17713B6-D984-201A-4143-ED4DB5ED5C2E&catid=6E0E0CA4-3F14-9697-92B9-3687047BE453 HTTP/1.1" 200 95408
94.23.207.193 - - [01/Nov/2024:00:29:31 +0100] "GET /ticket2/opencms/se/fi/venue/?venueid=82569560-FA1B-5710-0BCD-EA4E2D8FFED5 HTTP/1.1" 404 -
65.108.64.210 - - [01/Nov/2024:00:29:34 +0100] "GET /ticket2/opencms/sv/buy/?page=1&edid=80EE9861-CE07-B7DE-A3DB-A6E5C8995BA8&sortorder=desc&column=row HTTP/1.1" 200 101340
114.119.141.34 - - [01/Nov/2024:00:29:34 +0100] "GET /ticket2/opencms/en/login/?url=/en/sell/ HTTP/1.1" 200 88677
65.108.64.210 - - [01/Nov/2024:00:29:37 +0100] "GET /ticket2/opencms/sv/buy/?page=1&edid=80EE9861-CE07-B7DE-A3DB-A6E5C8995BA8&sortorder=desc&column=section HTTP/1.1" 200 101524
65.108.64.210 - - [01/Nov/2024:00:29:41 +0100] "GET /ticket2/opencms/sv/buy/?page=1&edid=819F688B-6630-99B4-7BE0-6ABB70238C0B&sortorder=desc&column=section HTTP/1.1" 200 101502
54.36.148.164 - - [01/Nov/2024:00:29:41 +0100] "GET /ticket2/opencms/de/?page=6&comcatid=A17713B6-D984-201A-4143-ED4DB5ED5C2E&catid=70B37487-FE30-D476-CAE7-E6AFEA3153F2 HTTP/1.1" 200 95408
94.23.207.193 - - [01/Nov/2024:00:29:43 +0100] "GET /ticket2/opencms/se/fi/venue/?venueid=8297690D-E4E6-1024-2FFF-C5755F6E0B09 HTTP/1.1" 404 -
65.108.64.210 - - [01/Nov/2024:00:29:44 +0100] "GET /ticket2/opencms/sv/buy/?page=1&edid=852007ED-2917-8575-471B-FF7BA021A314 HTTP/1.1" 200 101001
47.128.43.146 - - [01/Nov/2024:00:29:45 +0100] "GET /ticket2/opencms/en/buy/?edid=176C6667-42C1-1632-7378-F783D5B7C94D HTTP/1.1" 200 79757
65.108.64.210 - - [01/Nov/2024:00:29:47 +0100] "GET /ticket2/opencms/sv/buy/?page=1&edid=8588F039-0803-F98C-03A6-F1C16929D2E6&sortorder=desc&column=price HTTP/1.1" 200 102729
65.108.64.210 - - [01/Nov/2024:00:29:50 +0100] "GET /ticket2/opencms/sv/buy/?page=1&edid=859A21BA-7D6B-CB00-5A53-1245BE135278&sortorder=asc&column=section HTTP/1.1" 200 101794
54.36.148.50 - - [01/Nov/2024:00:29:52 +0100] "GET /ticket2/opencms/cs/?page=6&comcatid=A17713B6-D984-201A-4143-ED4DB5ED5C2E&catid=70B37487-FE30-D476-CAE7-E6AFEA3153F2 HTTP/1.1" 200 95797
114.119.143.233 - - [01/Nov/2024:00:29:53 +0100] "GET /ticket2/opencms/en/buy?page=1&edid=118E47BF-C955-525A-E288-4BE392C3F248 HTTP/1.1" 200 96912
65.108.64.210 - - [01/Nov/2024:00:29:53 +0100] "GET /ticket2/opencms/sv/buy/?page=1&edid=86051172-33AA-535B-82C3-135EDEECEB5C&sortorder=desc&column=price HTTP/1.1" 200 102783
185.191.171.3 - - [01/Nov/2024:00:29:55 +0100] "GET /ticket2/opencms/sv/magazine/article?title=nations-league-ar-i-full-gang HTTP/1.1" 200 91578
65.108.64.210 - - [01/Nov/2024:00:29:57 +0100] "GET /ticket2/opencms/sv/buy/?page=1&edid=86100B95-E4EB-ADDD-CD31-DC0D14403CD0 HTTP/1.1" 200 97699
94.23.207.193 - - [01/Nov/2024:00:29:57 +0100] "GET /ticket2/opencms/se/fi/venue/?venueid=82FB56D9-9B89-D5E4-78CF-E614F920BBA7 HTTP/1.1" 404 -
85.208.96.202 - - [01/Nov/2024:00:29:59 +0100] "GET /ticket2/opencms/es/login/?url=%25252Fes%25252Fsell%25252F HTTP/1.1" 200 90097
65.108.64.210 - - [01/Nov/2024:00:30:00 +0100] "GET /ticket2/opencms/sv/buy/?page=1&edid=87B4AACF-CAE2-8F54-548F-79BBB43EDD42 HTTP/1.1" 200 100089
54.36.148.94 - - [01/Nov/2024:00:30:01 +0100] "GET /ticket2/opencms/de/?page=6&comcatid=A17713B6-D984-201A-4143-ED4DB5ED5C2E&catid=739BFC5D-78FA-6834-D764-6CE64CA5F9EC HTTP/1.1" 200 95408
65.108.64.210 - - [01/Nov/2024:00:30:03 +0100] "GET /ticket2/opencms/sv/buy/?page=1&edid=8AB2E4A1-D116-C62C-CE26-DEC6ED22AE38&sortorder=desc&column=section HTTP/1.1" 200 99133
94.23.207.193 - - [01/Nov/2024:00:30:06 +0100] "GET /ticket2/opencms/se/fi/venue/?venueid=833EE714-5CC6-404C-2A30-322EF84052D6 HTTP/1.1" 404 -
65.108.64.210 - - [01/Nov/2024:00:30:06 +0100] "GET /ticket2/opencms/sv/buy/?page=1&edid=8B685A36-BC77-1128-E7A0-2D75DB546DB5&sortorder=asc&column=section HTTP/1.1" 200 99083
65.108.64.210 - - [01/Nov/2024:00:30:10 +0100] "GET /ticket2/opencms/sv/buy/?page=1&edid=8B6C5B52-E40B-31A1-BC32-9570B2D8DEF8 HTTP/1.1" 200 97697
47.128.113.181 - - [01/Nov/2024:00:30:11 +0100] "GET /ticket2/opencms/lv/buy/?catid=078F99D4-0B9E-E323-5A07-D7B70F6E8874&comcatid=97ECA65A-72DA-F9AF-9DBB-245D3CFED1BE HTTP/1.1" 200 88743
65.108.64.210 - - [01/Nov/2024:00:30:13 +0100] "GET /ticket2/opencms/sv/buy/?page=1&edid=8B8D03CA-348F-34ED-7DD6-21F5A2F370C9&sortorder=desc&column=row HTTP/1.1" 200 98945
54.36.148.82 - - [01/Nov/2024:00:30:15 +0100] "GET /ticket2/opencms/cs/?page=6&comcatid=A17713B6-D984-201A-4143-ED4DB5ED5C2E&catid=739BFC5D-78FA-6834-D764-6CE64CA5F9EC HTTP/1.1" 200 95797
65.108.64.210 - - [01/Nov/2024:00:30:16 +0100] "GET /ticket2/opencms/sv/buy/?page=1&edid=8B8D03CA-348F-34ED-7DD6-21F5A2F370C9&sortorder=desc&column=section HTTP/1.1" 200 99129
94.23.207.193 - - [01/Nov/2024:00:30:16 +0100] "GET /ticket2/opencms/se/no/buy/?page=1&edid=A633271C-B67E-BBE4-ABBF-029D739BC729&sortorder=asc&column=row HTTP/1.1" 404 -
65.108.64.210 - - [01/Nov/2024:00:30:19 +0100] "GET /ticket2/opencms/sv/buy/?page=1&edid=8C5232A8-5B57-EB22-F406-EF5469CA653B HTTP/1.1" 200 99939
65.108.64.210 - - [01/Nov/2024:00:30:22 +0100] "GET /ticket2/opencms/sv/buy/?page=1&edid=8C5232A8-5B57-EB22-F406-EF5469CA653B&sortorder=desc&column=price HTTP/1.1" 200 101262
65.108.64.210 - - [01/Nov/2024:00:30:25 +0100] "GET /ticket2/opencms/sv/buy/?page=1&edid=8CCEB39B-68A3-5B42-B56B-645699489976 HTTP/1.1" 200 100995
94.23.207.193 - - [01/Nov/2024:00:30:26 +0100] "GET /ticket2/opencms/se/no/buy/?page=1&edid=A66DD741-1307-2752-B483-B25D748C7344&sortorder=asc&column=price HTTP/1.1" 404 -
114.119.132.9 - - [01/Nov/2024:00:30:28 +0100] "GET /ticket2/opencms/en/venue/?countryid=4EEBA21C-1425-8784-6DA1-449CA0D3E5D8 HTTP/1.1" 200 115976
85.208.96.201 - - [01/Nov/2024:00:30:28 +0100] "GET /ticket2/opencms/sl/sport/nogometne-vstopnice/bundesliga/stuttgart/ HTTP/1.1" 200 98490
65.108.64.210 - - [01/Nov/2024:00:30:29 +0100] "GET /ticket2/opencms/sv/buy/?page=1&edid=B6792C71-3777-835A-6A12-E2C6ABE580AB HTTP/1.1" 200 100980
54.36.148.179 - - [01/Nov/2024:00:30:29 +0100] "GET /ticket2/opencms/ga HTTP/1.1" 200 96041
54.36.149.1 - - [01/Nov/2024:00:30:31 +0100] "GET /ticket2/opencms/cs/?page=6&comcatid=A17713B6-D984-201A-4143-ED4DB5ED5C2E&catid=7ACC33AD-EE7E-AAA7-9050-0F4587759B87 HTTP/1.1" 200 95797
65.108.64.210 - - [01/Nov/2024:00:30:32 +0100] "GET /ticket2/opencms/sv/buy/?page=1&edid=B7653BD0-33A8-8039-42B6-78FA5A3DEC82&sortorder=desc&column=price HTTP/1.1" 200 102737
94.23.207.193 - - [01/Nov/2024:00:30:33 +0100] "GET /ticket2/opencms/se/no/buy/?page=1&edid=A66DD741-1307-2752-B483-B25D748C7344&sortorder=asc&column=row HTTP/1.1" 404 -
65.108.64.210 - - [01/Nov/2024:00:30:35 +0100] "GET /ticket2/opencms/sv/buy/?page=1&edid=B80C0CCB-23D4-7FF4-42F9-EDEE166252F4&sortorder=asc&column=price HTTP/1.1" 200 101812
65.108.64.210 - - [01/Nov/2024:00:30:38 +0100] "GET /ticket2/opencms/sv/buy/?page=1&edid=B80C0CCB-23D4-7FF4-42F9-EDEE166252F4&sortorder=asc&column=row HTTP/1.1" 200 101720
94.23.207.193 - - [01/Nov/2024:00:30:40 +0100] "GET /ticket2/opencms/se/no/buy/?page=1&edid=A7AF6F36-80E7-2954-79C8-0E09F0CBA999&sortorder=asc&column=price HTTP/1.1" 404 -
65.108.64.210 - - [01/Nov/2024:00:30:41 +0100] "GET /ticket2/opencms/sv/buy/?page=1&edid=B80C0CCB-23D4-7FF4-42F9-EDEE166252F4&sortorder=asc&column=section HTTP/1.1" 200 101904
54.36.148.34 - - [01/Nov/2024:00:30:42 +0100] "GET /ticket2/opencms/de/?page=6&comcatid=A17713B6-D984-201A-4143-ED4DB5ED5C2E&catid=7BADFFFB-57C5-5DBC-E7EB-B45075B3D8F9 HTTP/1.1" 200 95408
65.108.64.210 - - [01/Nov/2024:00:30:45 +0100] "GET /ticket2/opencms/sv/buy/?page=1&edid=B80C0CCB-23D4-7FF4-42F9-EDEE166252F4&sortorder=desc&column=row HTTP/1.1" 200 101765
94.23.207.193 - - [01/Nov/2024:00:30:45 +0100] "GET /ticket2/opencms/se/no/buy/?page=1&edid=A7AF6F36-80E7-2954-79C8-0E09F0CBA999&sortorder=asc&column=section HTTP/1.1" 404 -
65.108.64.210 - - [01/Nov/2024:00:30:48 +0100] "GET /ticket2/opencms/sv/buy/?page=1&edid=D54647C8-B205-BD5F-2C2C-2FE17A087C43&sortorder=asc&column=row HTTP/1.1" 200 101916
65.108.64.210 - - [01/Nov/2024:00:30:51 +0100] "GET /ticket2/opencms/sv/login/?edid=43CAADFC-85F2-5F5B-8378-F7B47DE76F22 HTTP/1.1" 200 89535
54.36.148.236 - - [01/Nov/2024:00:30:51 +0100] "GET /ticket2/opencms/bs/sport/fudbalske-karte/la-liga/real-madrid HTTP/1.1" 200 102287
195.154.123.92 - - [01/Nov/2024:00:30:52 +0100] "GET /ticket2/opencms/system/modules/com.gridnine.opencms.ticketbrokerage.site/resources/css/jquery.fancybox.css HTTP/1.1" 200 4939
195.154.123.92 - - [01/Nov/2024:00:30:52 +0100] "GET /ticket2/opencms/system/modules/com.gridnine.opencms.ticketbrokerage.site/resources/css/calendar.css HTTP/1.1" 200 6871
195.154.123.92 - - [01/Nov/2024:00:30:52 +0100] "GET /ticket2/opencms/system/modules/com.gridnine.opencms.ticketbrokerage.site/resources/css/ticketbrokerage.css HTTP/1.1" 200 39339
195.154.123.92 - - [01/Nov/2024:00:30:52 +0100] "GET /ticket2/opencms/system/modules/com.gridnine.opencms.ticketbrokerage.site/resources/css/jquery-ui.css HTTP/1.1" 200 33221
195.154.123.92 - - [01/Nov/2024:00:30:52 +0100] "GET /ticket2/opencms/system/modules/com.gridnine.opencms.ticketbrokerage.site/resources/js/jquery/jquery.js HTTP/1.1" 200 93868
195.154.123.92 - - [01/Nov/2024:00:30:52 +0100] "GET /ticket2/opencms/system/modules/com.gridnine.opencms.ticketbrokerage.site/resources/css/standard.css HTTP/1.1" 200 73073
195.154.123.92 - - [01/Nov/2024:00:30:52 +0100] "GET /ticket2/opencms/system/modules/com.gridnine.opencms.ticketbrokerage.site/resources/js/jquery/jquery-ui.js HTTP/1.1" 200 228088
195.154.123.92 - - [01/Nov/2024:00:30:52 +0100] "GET /ticket2/opencms/system/modules/com.gridnine.opencms.ticketbrokerage.site/resources/js/calendar.js HTTP/1.1" 200 49229
195.154.123.92 - - [01/Nov/2024:00:30:52 +0100] "GET /ticket2/opencms/system/modules/com.gridnine.opencms.ticketbrokerage.site/resources/js/calendar-en.js HTTP/1.1" 200 3338
195.154.123.92 - - [01/Nov/2024:00:30:52 +0100] "GET /ticket2/opencms/system/modules/com.gridnine.opencms.ticketbrokerage.site/resources/js/functions.js HTTP/1.1" 200 1583
195.154.123.92 - - [01/Nov/2024:00:30:52 +0100] "GET /ticket2/opencms/system/modules/com.gridnine.opencms.ticketbrokerage.site/resources/js/calendar-setup.js HTTP/1.1" 200 4923
195.154.123.92 - - [01/Nov/2024:00:30:52 +0100] "GET /ticket2/opencms/system/modules/com.gridnine.opencms.ticketbrokerage.site/resources/js/jquery.fancybox.pack.js HTTP/1.1" 200 23187
195.154.123.92 - - [01/Nov/2024:00:30:52 +0100] "GET /ticket2/opencms/system/modules/com.gridnine.opencms.ticketbrokerage.site/resources/js/standard.js HTTP/1.1" 200 3978
195.154.123.92 - - [01/Nov/2024:00:30:52 +0100] "GET /ticket2/opencms/system/modules/com.gridnine.opencms.ticketbrokerage.site/resources/js/stickyfill.min.js HTTP/1.1" 200 5672
195.154.123.92 - - [01/Nov/2024:00:30:52 +0100] "GET /ticket2/opencms/system/modules/com.gridnine.opencms.ticketbrokerage.site/resources/js/jquery.placeholder.min.js HTTP/1.1" 200 1737
195.154.123.92 - - [01/Nov/2024:00:30:52 +0100] "GET /ticket2/opencms/system/modules/com.gridnine.opencms.ticketbrokerage.site/resources/js/common-ajax.js HTTP/1.1" 200 20175
94.23.207.193 - - [01/Nov/2024:00:30:52 +0100] "GET /ticket2/opencms/se/no/buy/?page=1&edid=A83B8C6F-8B2C-2C72-B545-0EE8139B5D92&sortorder=asc&column=price HTTP/1.1" 404 -
195.154.123.92 - - [01/Nov/2024:00:30:52 +0100] "GET /ticket2/opencms/system/modules/com.gridnine.opencms.ticketbrokerage.site/resources/js/standard.js HTTP/1.1" 200 3978
65.108.64.210 - - [01/Nov/2024:00:30:54 +0100] "GET /ticket2/opencms/sv/login/?edid=440CD0F5-C5B6-3E98-F49F-BD69DE8B1A85 HTTP/1.1" 200 89535
65.108.64.210 - - [01/Nov/2024:00:30:57 +0100] "GET /ticket2/opencms/sv/login/?edid=4610EA55-7476-6CBC-A47D-8EF333C01165 HTTP/1.1" 200 89535
85.208.96.199 - - [01/Nov/2024:00:30:59 +0100] "GET /ticket2/opencms/nl/sport/ HTTP/1.1" 200 103324
94.23.207.193 - - [01/Nov/2024:00:31:00 +0100] "GET /ticket2/opencms/se/no/buy/?page=1&edid=A83B8C6F-8B2C-2C72-B545-0EE8139B5D92&sortorder=desc&column=row HTTP/1.1" 404 -
65.108.64.210 - - [01/Nov/2024:00:31:00 +0100] "GET /ticket2/opencms/sv/login/?edid=49370274-9F81-C046-30B4-13C7AA6023A6 HTTP/1.1" 200 89535
47.128.21.102 - - [01/Nov/2024:00:31:02 +0100] "GET /ticket2/opencms/is/buy/?catid=F7FF413B-5FDF-82CF-E5BB-CD4AB6027974&comcatid=97ECA65A-72DA-F9AF-9DBB-245D3CFED1BE HTTP/1.1" 200 88759
65.108.64.210 - - [01/Nov/2024:00:31:04 +0100] "GET /ticket2/opencms/sv/login/?edid=4B36D0AD-45DA-04F7-7FA0-2B9E1F8D8E9E HTTP/1.1" 200 89535
54.36.149.14 - - [01/Nov/2024:00:31:04 +0100] "GET /ticket2/opencms/cs/?page=6&comcatid=A17713B6-D984-201A-4143-ED4DB5ED5C2E&catid=7BADFFFB-57C5-5DBC-E7EB-B45075B3D8F9 HTTP/1.1" 200 95797
65.108.64.210 - - [01/Nov/2024:00:31:07 +0100] "GET /ticket2/opencms/sv/login/?edid=4CDB7278-0A55-F750-1B61-3D9EBFE69CDE HTTP/1.1" 200 89535
66.249.79.233 - - [01/Nov/2024:00:31:08 +0100] "GET /ticket2/opencms/set_aff_cookie.jsp?partner=2E02071B-A8C3-4CBA-3097-C27D61C02ED8&url=/dk/buy/index.html%3Fpage%3D1%26edid%3D9239880C-C5C0-5076-4AD5-4881F5EBAC4A%26hlv%3D666cbc69-e418-440e-b052-54810a01000f%23v1966379077 HTTP/1.1" 200 225
47.128.47.130 - - [01/Nov/2024:00:31:08 +0100] "GET /ticket2/opencms/en/buy/?edid=E0F35E65-B71B-01E9-E92D-AC386E0ACF66 HTTP/1.1" 200 79757
173.252.87.8 - - [01/Nov/2024:00:31:08 +0100] "GET /ticket2/opencms/az/buy?page=1&edid=6C0AA1CC-8488-7981-DA23-AD8E06F80ABD HTTP/1.1" 200 125983
94.23.207.193 - - [01/Nov/2024:00:31:08 +0100] "GET /ticket2/opencms/se/no/buy/?page=1&edid=A83B8C6F-8B2C-2C72-B545-0EE8139B5D92&sortorder=desc&column=section HTTP/1.1" 404 -
65.108.64.210 - - [01/Nov/2024:00:31:10 +0100] "GET /ticket2/opencms/sv/login/?edid=4E82E685-2EBA-34D9-4335-D8747BAD4BE7 HTTP/1.1" 200 89535
65.108.64.210 - - [01/Nov/2024:00:31:13 +0100] "GET /ticket2/opencms/sv/login/?edid=50B4BE82-3262-F014-61DB-5D5E6B9C8C97 HTTP/1.1" 200 89535
94.23.207.193 - - [01/Nov/2024:00:31:14 +0100] "GET /ticket2/opencms/se/no/buy/?page=1&edid=A83FF22A-9DB8-8488-7210-DAEBD36BD19D&sortorder=asc&column=section HTTP/1.1" 404 -
54.36.149.73 - - [01/Nov/2024:00:31:16 +0100] "GET /ticket2/opencms/de/?page=6&comcatid=A17713B6-D984-201A-4143-ED4DB5ED5C2E&catid=7CF2D645-F785-0CBB-1B7C-C4711617EAAD HTTP/1.1" 200 95408
65.108.64.210 - - [01/Nov/2024:00:31:16 +0100] "GET /ticket2/opencms/sv/login/?edid=51BA6506-B855-A51C-AAE5-76842477BCD5 HTTP/1.1" 200 89535
66.249.79.101 - - [01/Nov/2024:00:31:18 +0100] "GET /ticket2/opencms/it/buy/?page=1&edid=76C5B12B-5A01-4B43-4951-01FB8B03F367 HTTP/1.1" 200 110739
65.108.64.210 - - [01/Nov/2024:00:31:20 +0100] "GET /ticket2/opencms/sv/login/?edid=52612AAC-D79F-FEFF-D99A-B9E2F3A50697 HTTP/1.1" 200 89535
85.208.96.207 - - [01/Nov/2024:00:31:21 +0100] "GET /ticket2/opencms/dk/sport/fodboldbilletter/serie-a/ HTTP/1.1" 200 92805
65.108.64.210 - - [01/Nov/2024:00:31:23 +0100] "GET /ticket2/opencms/sv/login/?edid=527C93B0-9340-497B-8776-6EDF58916407 HTTP/1.1" 200 89535
94.23.207.193 - - [01/Nov/2024:00:31:24 +0100] "GET /ticket2/opencms/se/no/buy/?page=1&edid=A83FF22A-9DB8-8488-7210-DAEBD36BD19D&sortorder=desc&column=section HTTP/1.1" 404 -
65.108.64.210 - - [01/Nov/2024:00:31:26 +0100] "GET /ticket2/opencms/sv/login/?edid=53295BAC-18AC-7C4A-B0D4-A319E386EA83 HTTP/1.1" 200 89535
65.108.64.210 - - [01/Nov/2024:00:31:29 +0100] "GET /ticket2/opencms/sv/login/?edid=556B94F2-FD76-AB6F-089E-5820CD9C75C1 HTTP/1.1" 200 89535
54.36.148.40 - - [01/Nov/2024:00:31:32 +0100] "GET /ticket2/opencms/cs/?page=6&comcatid=A17713B6-D984-201A-4143-ED4DB5ED5C2E&catid=7CF2D645-F785-0CBB-1B7C-C4711617EAAD HTTP/1.1" 200 95797
65.108.64.210 - - [01/Nov/2024:00:31:33 +0100] "GET /ticket2/opencms/sv/login/?edid=558890EA-92F2-CB20-A214-1F4D92150944 HTTP/1.1" 200 89535
94.23.207.193 - - [01/Nov/2024:00:31:33 +0100] "GET /ticket2/opencms/se/no/buy/?page=1&edid=A8554C01-374E-C004-8D0C-2483EF2B4305&sortorder=asc&column=price HTTP/1.1" 404 -
185.191.171.9 - - [01/Nov/2024:00:31:34 +0100] "GET /ticket2/opencms/el/about/contact HTTP/1.1" 200 89233
65.108.64.210 - - [01/Nov/2024:00:31:36 +0100] "GET /ticket2/opencms/sv/login/?edid=55F09E63-1021-B54D-20C9-3B1B1EF45D76 HTTP/1.1" 200 89535
54.36.148.86 - - [01/Nov/2024:00:31:38 +0100] "GET /ticket2/opencms/cs/?page=6&comcatid=A17713B6-D984-201A-4143-ED4DB5ED5C2E&catid=7EF04817-972D-18B1-F941-DE800D088075 HTTP/1.1" 200 95797
65.108.64.210 - - [01/Nov/2024:00:31:39 +0100] "GET /ticket2/opencms/sv/login/?edid=56EA9D72-898E-A001-2C5E-AE2D848D383C HTTP/1.1" 200 89535
94.23.207.193 - - [01/Nov/2024:00:31:40 +0100] "GET /ticket2/opencms/se/no/buy/?page=1&edid=A8554C01-374E-C004-8D0C-2483EF2B4305&sortorder=asc&column=row HTTP/1.1" 404 -
65.108.64.210 - - [01/Nov/2024:00:31:42 +0100] "GET /ticket2/opencms/sv/login/?edid=57338448-5406-7945-312D-BF2768268B8F HTTP/1.1" 200 89535
52.167.144.216 - - [01/Nov/2024:00:31:44 +0100] "GET /ticket2/opencms/dk/buy/?page=1&edid=1571DB1B-206B-93FC-5429-333D7E9FCB65 HTTP/1.1" 200 106921
65.108.64.210 - - [01/Nov/2024:00:31:45 +0100] "GET /ticket2/opencms/sv/login/?edid=5795C1CB-1C86-E585-4410-AABE971EE20A HTTP/1.1" 200 89535
47.128.48.207 - - [01/Nov/2024:00:31:46 +0100] "GET /ticket2/opencms/is/buy/?edid=1B8F518C-70C1-6862-0544-4A1418DD424D HTTP/1.1" 200 81480
65.108.64.210 - - [01/Nov/2024:00:31:48 +0100] "GET /ticket2/opencms/sv/login/?edid=579AC251-4602-9CFA-A66C-E3EC5285E10B HTTP/1.1" 200 89535
65.108.64.210 - - [01/Nov/2024:00:31:52 +0100] "GET /ticket2/opencms/sv/login/?edid=582FE4FD-75A9-3715-179C-5C206BEB4398 HTTP/1.1" 200 89535
94.23.207.193 - - [01/Nov/2024:00:31:52 +0100] "GET /ticket2/opencms/se/no/buy/?page=1&edid=A8554C01-374E-C004-8D0C-2483EF2B4305&sortorder=asc&column=section HTTP/1.1" 404 -
54.36.148.6 - - [01/Nov/2024:00:31:53 +0100] "GET /ticket2/opencms/de/?page=6&comcatid=A17713B6-D984-201A-4143-ED4DB5ED5C2E&catid=7EF04817-972D-18B1-F941-DE800D088075 HTTP/1.1" 200 95408
173.252.83.1 - - [01/Nov/2024:00:31:53 +0100] "GET /ticket2/opencms/be/buy?page=1&edid=B5C7399B-C087-FF38-4294-BB861C1DB4F9 HTTP/1.1" 200 127400
65.108.64.210 - - [01/Nov/2024:00:31:55 +0100] "GET /ticket2/opencms/sv/login/?edid=59AEA2ED-546F-4088-8029-8A46BBD7C2F6 HTTP/1.1" 200 89535
40.77.167.9 - - [01/Nov/2024:00:31:55 +0100] "GET /ticket2/opencms/hr/buy?page=1&edid=FD4DCA3B-ED43-1043-8648-63C229A27832 HTTP/1.1" 200 129820
47.128.60.62 - - [01/Nov/2024:00:31:55 +0100] "GET /ticket2/opencms/is/buy?page=1&edid=BE8C7FA0-9E48-EAB3-3A70-9E9F9EA30F95 HTTP/1.1" 200 136441
114.119.147.32 - - [01/Nov/2024:00:31:55 +0100] "GET /ticket2/opencms/en/sell/?edid=AE16FF1D-992A-9DE3-4D3B-F5C52113AD2C HTTP/1.1" 302 -
69.171.230.112 - - [01/Nov/2024:00:31:56 +0100] "GET /ticket2/opencms/sr/buy/football-tickets/capitalonecup HTTP/1.1" 404 -
47.128.60.62 - - [01/Nov/2024:00:31:56 +0100] "GET /ticket2/opencms/venue/Tottanham_Hotspur_Stadium.png HTTP/1.1" 200 43726
47.128.60.62 - - [01/Nov/2024:00:31:57 +0100] "GET /ticket2/opencms/is/ask-form.html HTTP/1.1" 200 3156
65.108.64.210 - - [01/Nov/2024:00:31:58 +0100] "GET /ticket2/opencms/sv/login/?edid=5A25EFE3-6135-A75C-5C16-FC7C3F6D82B3 HTTP/1.1" 200 89535
114.119.147.32 - - [01/Nov/2024:00:31:59 +0100] "GET /ticket2/opencms/en/login/?url=/en/sell/ HTTP/1.1" 200 88677
85.208.96.199 - - [01/Nov/2024:00:31:59 +0100] "GET /ticket2/opencms/de/robots.txt HTTP/1.1" 404 -
94.23.207.193 - - [01/Nov/2024:00:32:00 +0100] "GET /ticket2/opencms/se/no/buy/?page=1&edid=A8974CD8-4E6D-0BDD-D285-3496CA18553C&sortorder=desc&column=price HTTP/1.1" 404 -
65.108.64.210 - - [01/Nov/2024:00:32:01 +0100] "GET /ticket2/opencms/sv/login/?edid=5CB5FE80-D6A2-EABB-565B-174233253B32 HTTP/1.1" 200 89535
85.208.96.199 - - [01/Nov/2024:00:32:01 +0100] "GET /ticket2/opencms/robots.txt HTTP/1.1" 200 773
85.208.96.202 - - [01/Nov/2024:00:32:04 +0100] "GET /ticket2/opencms/de/sv/sport/fotbollsbiljetter/serie_a/udinese/ HTTP/1.1" 404 -
65.108.64.210 - - [01/Nov/2024:00:32:04 +0100] "GET /ticket2/opencms/sv/login/?edid=65D7C97B-D6FF-E36B-EEB1-4C0660C496B4 HTTP/1.1" 200 89535
54.36.149.22 - - [01/Nov/2024:00:32:05 +0100] "GET /ticket2/opencms/cs/?page=6&comcatid=A17713B6-D984-201A-4143-ED4DB5ED5C2E&catid=82F804FA-9F69-CB6B-D41D-7BF7C716058B HTTP/1.1" 200 95797
65.108.64.210 - - [01/Nov/2024:00:32:07 +0100] "GET /ticket2/opencms/sv/login/?edid=664DECE5-56C6-FDB8-9AB3-6B9D16C699CD HTTP/1.1" 200 89535
65.108.64.210 - - [01/Nov/2024:00:32:11 +0100] "GET /ticket2/opencms/sv/login/?edid=66BA55C6-331D-78D9-618D-FC28E5D751CC HTTP/1.1" 200 89535
54.36.148.113 - - [01/Nov/2024:00:32:13 +0100] "GET /ticket2/opencms/cs/?page=6&comcatid=A17713B6-D984-201A-4143-ED4DB5ED5C2E&catid=88C381AD-5D76-A34D-AC15-A7129F8EF5BE HTTP/1.1" 200 95797
65.108.64.210 - - [01/Nov/2024:00:32:14 +0100] "GET /ticket2/opencms/sv/login/?edid=6A3702FE-4EDF-2EBA-1342-91F87B23D1B2 HTTP/1.1" 200 89535
206.71.234.164 - - [01/Nov/2024:00:32:14 +0100] "GET /ticket2/opencms/de/sport/fussball-tickets/premier_league/arsenal/?gad_source=5&gclid=EAIaIQobChMIwfW57OW5iQMVOLRaBR0rtiq5EAEYASAAEgJb5vD_BwE HTTP/1.1" 200 97182
206.71.234.164 - - [01/Nov/2024:00:32:14 +0100] "GET /ticket2/opencms/system/modules/com.gridnine.opencms.ticketbrokerage.site/resources/css/ticketbrokerage.css HTTP/1.1" 200 39339
206.71.234.164 - - [01/Nov/2024:00:32:15 +0100] "GET /ticket2/opencms/system/modules/com.gridnine.opencms.ticketbrokerage.site/resources/css/calendar.css HTTP/1.1" 200 6871
206.71.234.164 - - [01/Nov/2024:00:32:15 +0100] "GET /ticket2/opencms/system/modules/com.gridnine.opencms.ticketbrokerage.site/resources/css/jquery-ui.css HTTP/1.1" 200 33221
206.71.234.164 - - [01/Nov/2024:00:32:15 +0100] "GET /ticket2/opencms/system/modules/com.gridnine.opencms.ticketbrokerage.site/resources/css/jquery.fancybox.css HTTP/1.1" 200 4939
206.71.234.164 - - [01/Nov/2024:00:32:15 +0100] "GET /ticket2/opencms/system/modules/com.gridnine.opencms.ticketbrokerage.site/resources/css/standard.css HTTP/1.1" 200 73073
206.71.234.164 - - [01/Nov/2024:00:32:15 +0100] "GET /ticket2/opencms/system/modules/com.gridnine.opencms.ticketbrokerage.site/resources/js/jquery/jquery-ui.js HTTP/1.1" 200 228088
206.71.234.164 - - [01/Nov/2024:00:32:15 +0100] "GET /ticket2/opencms/system/modules/com.gridnine.opencms.ticketbrokerage.site/resources/js/jquery/jquery.js HTTP/1.1" 200 93868
206.71.234.164 - - [01/Nov/2024:00:32:15 +0100] "GET /ticket2/opencms/system/modules/com.gridnine.opencms.ticketbrokerage.site/resources/js/calendar.js HTTP/1.1" 200 49229
206.71.234.164 - - [01/Nov/2024:00:32:15 +0100] "GET /ticket2/opencms/system/modules/com.gridnine.opencms.ticketbrokerage.site/resources/js/functions.js HTTP/1.1" 200 1583
206.71.234.164 - - [01/Nov/2024:00:32:15 +0100] "GET /ticket2/opencms/system/modules/com.gridnine.opencms.ticketbrokerage.site/resources/js/calendar-en.js HTTP/1.1" 200 3338
206.71.234.164 - - [01/Nov/2024:00:32:15 +0100] "GET /ticket2/opencms/system/modules/com.gridnine.opencms.ticketbrokerage.site/resources/js/calendar-setup.js HTTP/1.1" 200 4923
206.71.234.164 - - [01/Nov/2024:00:32:15 +0100] "GET /ticket2/opencms/system/modules/com.gridnine.opencms.ticketbrokerage.site/resources/js/jquery.fancybox.pack.js HTTP/1.1" 200 23187
206.71.234.164 - - [01/Nov/2024:00:32:15 +0100] "GET /ticket2/opencms/system/modules/com.gridnine.opencms.ticketbrokerage.site/resources/js/stickyfill.min.js HTTP/1.1" 200 5672
206.71.234.164 - - [01/Nov/2024:00:32:15 +0100] "GET /ticket2/opencms/img/icons/en.png HTTP/1.1" 200 2415
206.71.234.164 - - [01/Nov/2024:00:32:15 +0100] "GET /ticket2/opencms/img/icons/se.png HTTP/1.1" 200 1258
206.71.234.164 - - [01/Nov/2024:00:32:15 +0100] "GET /ticket2/opencms/system/modules/com.gridnine.opencms.ticketbrokerage.site/resources/js/standard.js HTTP/1.1" 200 3978
206.71.234.164 - - [01/Nov/2024:00:32:15 +0100] "GET /ticket2/opencms/system/modules/com.gridnine.opencms.ticketbrokerage.site/resources/js/jquery.placeholder.min.js HTTP/1.1" 200 1737
206.71.234.164 - - [01/Nov/2024:00:32:15 +0100] "GET /ticket2/opencms/system/modules/com.gridnine.opencms.ticketbrokerage.site/resources/js/common-ajax.js HTTP/1.1" 200 20175
206.71.234.164 - - [01/Nov/2024:00:32:15 +0100] "GET /ticket2/opencms/system/modules/com.gridnine.opencms.ticketbrokerage.site/resources/pics/logo-new.png HTTP/1.1" 200 13541
94.23.207.193 - - [01/Nov/2024:00:32:15 +0100] "GET /ticket2/opencms/se/no/buy/?page=1&edid=A8BEDC44-099B-1387-3611-731E1C761E6C&sortorder=asc&column=price HTTP/1.1" 404 -
206.71.234.164 - - [01/Nov/2024:00:32:15 +0100] "GET /ticket2/opencms/img/insta.png HTTP/1.1" 200 3967
206.71.234.164 - - [01/Nov/2024:00:32:15 +0100] "GET /ticket2/opencms/img/fb.png HTTP/1.1" 200 1269
206.71.234.164 - - [01/Nov/2024:00:32:15 +0100] "GET /ticket2/opencms/system/modules/com.gridnine.opencms.ticketbrokerage.site/resources/pics/footer-img.jpg HTTP/1.1" 200 67642
206.71.234.164 - - [01/Nov/2024:00:32:16 +0100] "GET /ticket2/opencms/img/check.png HTTP/1.1" 200 548
206.71.234.164 - - [01/Nov/2024:00:32:16 +0100] "GET /ticket2/opencms/img/mail.png HTTP/1.1" 200 403
206.71.234.164 - - [01/Nov/2024:00:32:16 +0100] "GET /ticket2/opencms/img/chat.png HTTP/1.1" 200 416
206.71.234.164 - - [01/Nov/2024:00:32:16 +0100] "GET /ticket2/opencms/img/arrow.png HTTP/1.1" 200 753
206.71.234.164 - - [01/Nov/2024:00:32:16 +0100] "GET /ticket2/opencms/img/hero-team.jpeg HTTP/1.1" 200 73065
206.71.234.164 - - [01/Nov/2024:00:32:17 +0100] "GET /ticket2/opencms/img/icons/en.png HTTP/1.1" 200 2415
206.71.234.164 - - [01/Nov/2024:00:32:17 +0100] "GET /ticket2/opencms/img/icons/se.png HTTP/1.1" 200 1258
206.71.234.164 - - [01/Nov/2024:00:32:17 +0100] "GET /ticket2/opencms/img/icons/globe-white.png HTTP/1.1" 200 947
206.71.234.164 - - [01/Nov/2024:00:32:17 +0100] "GET /ticket2/opencms/img/icons/fi.png HTTP/1.1" 200 1785
206.71.234.164 - - [01/Nov/2024:00:32:17 +0100] "GET /ticket2/opencms/img/icons/no.png HTTP/1.1" 200 1958
65.108.64.210 - - [01/Nov/2024:00:32:17 +0100] "GET /ticket2/opencms/sv/login/?edid=6A7E5CA0-26D8-D651-BDF3-D4C6E67202D6 HTTP/1.1" 200 89535
206.71.234.164 - - [01/Nov/2024:00:32:17 +0100] "GET /ticket2/opencms/img/icons/dk.png HTTP/1.1" 200 1706
206.71.234.164 - - [01/Nov/2024:00:32:17 +0100] "GET /ticket2/opencms/img/icons/nl.png HTTP/1.1" 200 1255
206.71.234.164 - - [01/Nov/2024:00:32:17 +0100] "GET /ticket2/opencms/img/icons/de.png HTTP/1.1" 200 1124
206.71.234.164 - - [01/Nov/2024:00:32:17 +0100] "GET /ticket2/opencms/img/icons/fr.png HTTP/1.1" 200 1764
206.71.234.164 - - [01/Nov/2024:00:32:17 +0100] "GET /ticket2/opencms/img/icons/es.png HTTP/1.1" 200 1005
206.71.234.164 - - [01/Nov/2024:00:32:17 +0100] "GET /ticket2/opencms/img/icons/it.png HTTP/1.1" 200 2040
206.71.234.164 - - [01/Nov/2024:00:32:17 +0100] "GET /ticket2/opencms/img/icons/pl.png HTTP/1.1" 200 1578
206.71.234.164 - - [01/Nov/2024:00:32:17 +0100] "GET /ticket2/opencms/img/icons/sq.png HTTP/1.1" 200 1619
206.71.234.164 - - [01/Nov/2024:00:32:17 +0100] "GET /ticket2/opencms/img/icons/az.png HTTP/1.1" 200 1445
206.71.234.164 - - [01/Nov/2024:00:32:18 +0100] "GET /ticket2/opencms/img/icons/be.png HTTP/1.1" 200 1663
206.71.234.164 - - [01/Nov/2024:00:32:18 +0100] "GET /ticket2/opencms/img/icons/bs.png HTTP/1.1" 200 1014
206.71.234.164 - - [01/Nov/2024:00:32:18 +0100] "GET /ticket2/opencms/img/icons/hr.png HTTP/1.1" 200 2024
206.71.234.164 - - [01/Nov/2024:00:32:18 +0100] "GET /ticket2/opencms/img/icons/cs.png HTTP/1.1" 200 1883
206.71.234.164 - - [01/Nov/2024:00:32:18 +0100] "GET /ticket2/opencms/img/icons/et.png HTTP/1.1" 200 754
206.71.234.164 - - [01/Nov/2024:00:32:18 +0100] "GET /ticket2/opencms/img/icons/bg.png HTTP/1.1" 200 788
206.71.234.164 - - [01/Nov/2024:00:32:18 +0100] "GET /ticket2/opencms/img/icons/el.png HTTP/1.1" 200 1637
206.71.234.164 - - [01/Nov/2024:00:32:18 +0100] "GET /ticket2/opencms/img/icons/ka.png HTTP/1.1" 200 860
206.71.234.164 - - [01/Nov/2024:00:32:18 +0100] "GET /ticket2/opencms/img/icons/hu.png HTTP/1.1" 200 733
206.71.234.164 - - [01/Nov/2024:00:32:18 +0100] "GET /ticket2/opencms/img/icons/is.png HTTP/1.1" 200 1884
206.71.234.164 - - [01/Nov/2024:00:32:18 +0100] "GET /ticket2/opencms/img/icons/ga.png HTTP/1.1" 200 1759
206.71.234.164 - - [01/Nov/2024:00:32:18 +0100] "GET /ticket2/opencms/img/icons/lt.png HTTP/1.1" 200 733
206.71.234.164 - - [01/Nov/2024:00:32:18 +0100] "GET /ticket2/opencms/img/icons/lv.png HTTP/1.1" 200 716
206.71.234.164 - - [01/Nov/2024:00:32:18 +0100] "GET /ticket2/opencms/img/icons/mt.png HTTP/1.1" 200 920
206.71.234.164 - - [01/Nov/2024:00:32:19 +0100] "GET /ticket2/opencms/img/icons/mo.png HTTP/1.1" 200 1468
206.71.234.164 - - [01/Nov/2024:00:32:19 +0100] "GET /ticket2/opencms/img/icons/ro.png HTTP/1.1" 200 1393
206.71.234.164 - - [01/Nov/2024:00:32:19 +0100] "GET /ticket2/opencms/img/icons/sr.png HTTP/1.1" 200 1602
206.71.234.164 - - [01/Nov/2024:00:32:19 +0100] "GET /ticket2/opencms/img/icons/sk.png HTTP/1.1" 200 1283
206.71.234.164 - - [01/Nov/2024:00:32:19 +0100] "GET /ticket2/opencms/img/icons/sl.png HTTP/1.1" 200 966
206.71.234.164 - - [01/Nov/2024:00:32:19 +0100] "GET /ticket2/opencms/img/icons/uk.png HTTP/1.1" 200 1272
206.71.234.164 - - [01/Nov/2024:00:32:19 +0100] "GET /ticket2/opencms/img/icons/tr.png HTTP/1.1" 200 1636
206.71.234.164 - - [01/Nov/2024:00:32:19 +0100] "GET /ticket2/opencms/system/modules/com.gridnine.opencms.ticketbrokerage.site/resources/js/standard.js HTTP/1.1" 200 3978
206.71.234.164 - - [01/Nov/2024:00:32:19 +0100] "GET /ticket2/opencms/img/icons/ticket2.thumbnail.png HTTP/1.1" 200 21519
65.108.64.210 - - [01/Nov/2024:00:32:20 +0100] "GET /ticket2/opencms/sv/login/?edid=6D11DB1B-DFBC-307A-9956-CA9E5B4E2DC3 HTTP/1.1" 200 89535
206.71.234.164 - - [01/Nov/2024:00:32:20 +0100] "GET /ticket2/opencms/system/modules/com.gridnine.opencms.ticketbrokerage.site/resources/css/images/ui-bg_flat_75_ffffff_40x100.png HTTP/1.1" 404 -
54.36.148.205 - - [01/Nov/2024:00:32:23 +0100] "GET /ticket2/opencms/de/?page=6&comcatid=A17713B6-D984-201A-4143-ED4DB5ED5C2E&catid=88C381AD-5D76-A34D-AC15-A7129F8EF5BE HTTP/1.1" 200 95408
65.108.64.210 - - [01/Nov/2024:00:32:23 +0100] "GET /ticket2/opencms/sv/login/?edid=808C4AEE-16F2-300A-1DD0-5C4D09E0DA01 HTTP/1.1" 200 89535
65.108.64.210 - - [01/Nov/2024:00:32:26 +0100] "GET /ticket2/opencms/sv/login/?edid=81CBC28E-23AD-9BCE-BFC1-49A1A11B7F7F HTTP/1.1" 200 89535
94.23.207.193 - - [01/Nov/2024:00:32:28 +0100] "GET /ticket2/opencms/se/no/buy/?page=1&edid=A8BEDC44-099B-1387-3611-731E1C761E6C&sortorder=asc&column=row HTTP/1.1" 404 -
65.108.64.210 - - [01/Nov/2024:00:32:30 +0100] "GET /ticket2/opencms/sv/login/?edid=83594CD0-D42E-EB52-ECCF-6B1F964BD9EA HTTP/1.1" 200 89535
47.128.43.16 - - [01/Nov/2024:00:32:31 +0100] "GET /ticket2/opencms/en/sell/?edid=ABE0D196-5A84-0064-2AAA-8BE846913E3B HTTP/1.1" 302 -
47.128.43.16 - - [01/Nov/2024:00:32:32 +0100] "GET /ticket2/opencms/en/login/?url=/en/sell/ HTTP/1.1" 200 88677
65.108.64.210 - - [01/Nov/2024:00:32:33 +0100] "GET /ticket2/opencms/sv/login/?edid=8A85BC4C-55E2-1DEE-BB03-89089B34386E HTTP/1.1" 200 89535
185.191.171.12 - - [01/Nov/2024:00:32:33 +0100] "GET /ticket2/opencms/fi/urheilu/jalkapallo/bundesliga/koln/ HTTP/1.1" 200 88287
94.23.207.193 - - [01/Nov/2024:00:32:35 +0100] "GET /ticket2/opencms/se/no/buy/?page=1&edid=A8BEDC44-099B-1387-3611-731E1C761E6C&sortorder=asc&column=section HTTP/1.1" 404 -
65.108.64.210 - - [01/Nov/2024:00:32:36 +0100] "GET /ticket2/opencms/sv/login/?edid=8CCEB39B-68A3-5B42-B56B-645699489976 HTTP/1.1" 200 89535
54.36.148.251 - - [01/Nov/2024:00:32:36 +0100] "GET /ticket2/opencms/cs/?page=6&comcatid=A17713B6-D984-201A-4143-ED4DB5ED5C2E&catid=8AA488FA-6797-D710-8108-3088D6948FC1 HTTP/1.1" 200 95797
65.108.64.210 - - [01/Nov/2024:00:32:39 +0100] "GET /ticket2/opencms/sv/login/?edid=8E99D440-8A14-8CFA-023A-DD2039BB9EB8 HTTP/1.1" 200 89535
65.108.64.210 - - [01/Nov/2024:00:32:42 +0100] "GET /ticket2/opencms/sv/login/?edid=8F8733BC-C28B-043B-2DC6-01908247C52A HTTP/1.1" 200 89535
94.23.207.193 - - [01/Nov/2024:00:32:45 +0100] "GET /ticket2/opencms/se/no/buy/?page=1&edid=A9BFC108-31CF-ACDE-8780-A720AA6CEEFC&sortorder=asc&column=price HTTP/1.1" 404 -
65.108.64.210 - - [01/Nov/2024:00:32:45 +0100] "GET /ticket2/opencms/sv/login/?edid=907CF4D4-B973-A3B0-65B6-6295DAF15BAB HTTP/1.1" 200 89535
47.128.48.83 - - [01/Nov/2024:00:32:46 +0100] "GET /ticket2/opencms/mt/buy/?comcatid=A17713B6-D984-201A-4143-ED4DB5ED5C2E&npage=4 HTTP/1.1" 200 250944
65.108.64.210 - - [01/Nov/2024:00:32:49 +0100] "GET /ticket2/opencms/sv/login/?edid=9281054C-8970-84EC-4079-0C8BCDDBCAD4 HTTP/1.1" 200 89535
65.108.64.210 - - [01/Nov/2024:00:32:52 +0100] "GET /ticket2/opencms/sv/login/?edid=9291C533-6179-8D87-1FBB-9C9ECA73A6F7 HTTP/1.1" 200 89535
52.167.144.206 - - [01/Nov/2024:00:32:52 +0100] "GET /ticket2/opencms/ka/buy?page=1&edid=A250B4B1-8EE0-FF45-8CB6-582F5F739AF9 HTTP/1.1" 200 134323
94.23.207.193 - - [01/Nov/2024:00:32:54 +0100] "GET /ticket2/opencms/se/no/buy/?page=1&edid=A9D67044-473D-6F5F-B974-FC205A560203&sortorder=desc&column=section HTTP/1.1" 404 -
65.108.64.210 - - [01/Nov/2024:00:32:55 +0100] "GET /ticket2/opencms/sv/login/?edid=92BBD595-A279-5DD9-FD4E-4182B24A479F HTTP/1.1" 200 89535
65.108.64.210 - - [01/Nov/2024:00:32:58 +0100] "GET /ticket2/opencms/sv/login/?edid=93135277-C479-4CA6-996B-B7462E01D1DE HTTP/1.1" 200 89535
54.36.148.247 - - [01/Nov/2024:00:32:59 +0100] "GET /ticket2/opencms/cs/?page=6&comcatid=A17713B6-D984-201A-4143-ED4DB5ED5C2E&catid=A3372871-3019-08B8-80CE-74B78F441ACA HTTP/1.1" 200 95797
65.108.64.210 - - [01/Nov/2024:00:33:01 +0100] "GET /ticket2/opencms/sv/login/?edid=93248ED4-F395-639B-C755-8FBFE80A5D17 HTTP/1.1" 200 89535
94.23.207.193 - - [01/Nov/2024:00:33:04 +0100] "GET /ticket2/opencms/se/no/buy/?page=1&edid=A9F18DD6-949E-804B-CC3E-8A0C8C9B7053&sortorder=asc&column=price HTTP/1.1" 404 -
65.108.64.210 - - [01/Nov/2024:00:33:04 +0100] "GET /ticket2/opencms/sv/login/?edid=9359554A-FD13-97BA-FBF7-F727D9759D7C HTTP/1.1" 200 89535
65.108.64.210 - - [01/Nov/2024:00:33:08 +0100] "GET /ticket2/opencms/sv/login/?edid=93EAB1FB-E361-1C6A-65E8-48D7E58E8464 HTTP/1.1" 200 89535
54.36.148.44 - - [01/Nov/2024:00:33:09 +0100] "GET /ticket2/opencms/de/?page=6&comcatid=A17713B6-D984-201A-4143-ED4DB5ED5C2E&catid=8AA488FA-6797-D710-8108-3088D6948FC1 HTTP/1.1" 200 95408
65.108.64.210 - - [01/Nov/2024:00:33:11 +0100] "GET /ticket2/opencms/sv/login/?edid=93F022F1-7585-D513-83BD-125FA0CC063F HTTP/1.1" 200 89535
94.23.207.193 - - [01/Nov/2024:00:33:11 +0100] "GET /ticket2/opencms/se/no/buy/?page=1&edid=A9F18DD6-949E-804B-CC3E-8A0C8C9B7053&sortorder=asc&column=row HTTP/1.1" 404 -
65.108.64.210 - - [01/Nov/2024:00:33:14 +0100] "GET /ticket2/opencms/sv/login/?edid=9444713B-A9BE-A3F5-4A66-33B8EFDAEFB0 HTTP/1.1" 200 89535
114.119.152.134 - - [01/Nov/2024:00:33:15 +0100] "GET /ticket2/opencms/en/venue/?venueid=92752EF9-40B1-8A14-C655-150B49BABB41 HTTP/1.1" 200 86617
65.108.64.210 - - [01/Nov/2024:00:33:17 +0100] "GET /ticket2/opencms/sv/login/?edid=950E3F85-EF3B-49E9-B1A2-8AA188AAAADE HTTP/1.1" 200 89535
54.36.148.207 - - [01/Nov/2024:00:33:18 +0100] "GET /ticket2/opencms/cs/?page=6&comcatid=A17713B6-D984-201A-4143-ED4DB5ED5C2E&catid=A4D9EA9A-192D-0274-BF26-9C98D8B902AB HTTP/1.1" 200 95797
85.208.96.206 - - [01/Nov/2024:00:33:18 +0100] "GET /ticket2/opencms/dk/sport/fodboldbilletter/la-liga/osasuna/ HTTP/1.1" 200 99132
94.23.207.193 - - [01/Nov/2024:00:33:20 +0100] "GET /ticket2/opencms/se/no/buy/?page=1&edid=A9F462FF-41AE-6F95-4744-DA8066BF52EE&sortorder=asc&column=price HTTP/1.1" 404 -
65.108.64.210 - - [01/Nov/2024:00:33:20 +0100] "GET /ticket2/opencms/sv/login/?edid=9526AF0D-0D8C-34BF-A3E7-A80C1F296237 HTTP/1.1" 200 89535
65.108.64.210 - - [01/Nov/2024:00:33:24 +0100] "GET /ticket2/opencms/sv/login/?edid=95FF1547-9621-EA4D-6CC7-AD94A251DDD4 HTTP/1.1" 200 89535
65.108.64.210 - - [01/Nov/2024:00:33:27 +0100] "GET /ticket2/opencms/sv/login/?edid=9667EB6B-D73B-BD07-1E55-EFA6F23D8FD6 HTTP/1.1" 200 89535
54.36.149.70 - - [01/Nov/2024:00:33:27 +0100] "GET /ticket2/opencms/cs/?page=6&comcatid=A17713B6-D984-201A-4143-ED4DB5ED5C2E&catid=B0817F4C-4B6F-A68C-6229-209BB05F84D4 HTTP/1.1" 200 95797
94.23.207.193 - - [01/Nov/2024:00:33:29 +0100] "GET /ticket2/opencms/se/no/buy/?page=1&edid=AA75DB1B-F109-4AC8-F8B6-E76C4B5170E3&sortorder=asc&column=price HTTP/1.1" 404 -
65.108.64.210 - - [01/Nov/2024:00:33:30 +0100] "GET /ticket2/opencms/sv/login/?edid=9684AE15-3EBA-E7D5-508A-98E4C96CF74C HTTP/1.1" 200 89535
65.108.64.210 - - [01/Nov/2024:00:33:33 +0100] "GET /ticket2/opencms/sv/login/?edid=968A8F10-9514-4104-D078-D446E43D04F7 HTTP/1.1" 200 89535
94.23.207.193 - - [01/Nov/2024:00:33:35 +0100] "GET /ticket2/opencms/se/no/buy/?page=1&edid=AA75DB1B-F109-4AC8-F8B6-E76C4B5170E3&sortorder=asc&column=row HTTP/1.1" 404 -
65.108.64.210 - - [01/Nov/2024:00:33:36 +0100] "GET /ticket2/opencms/sv/login/?edid=969E5AB7-D3B8-6C58-9920-98035C387D72 HTTP/1.1" 200 89535
47.128.48.91 - - [01/Nov/2024:00:33:37 +0100] "GET /ticket2/opencms/be/buy/?catid=9457695E-36ED-A63E-7A88-32963954E2C7&comcatid=97ECA65A-72DA-F9AF-9DBB-245D3CFED1BE HTTP/1.1" 200 89407
65.108.64.210 - - [01/Nov/2024:00:33:39 +0100] "GET /ticket2/opencms/sv/login/?edid=99BD51E1-83EC-1AEC-F0F2-4B537D3506C5 HTTP/1.1" 200 89535
94.23.207.193 - - [01/Nov/2024:00:33:42 +0100] "GET /ticket2/opencms/se/no/buy/?page=1&edid=AA75DB1B-F109-4AC8-F8B6-E76C4B5170E3&sortorder=asc&column=section HTTP/1.1" 404 -
52.167.144.216 - - [01/Nov/2024:00:33:42 +0100] "GET /ticket2/opencms/az/buy?page=6&comcatid=A17713B6-D984-201A-4143-ED4DB5ED5C2E&catid=36394212-F82E-F845-399B-42BED55969CC&eventid=1C0FC89D-D539-28E4-3F58-11BCE29E4CA8 HTTP/1.1" 200 105838
65.108.64.210 - - [01/Nov/2024:00:33:43 +0100] "GET /ticket2/opencms/sv/login/?edid=9A0267FD-CC20-E07C-EBC5-23316BEED438 HTTP/1.1" 200 89535
65.108.64.210 - - [01/Nov/2024:00:33:46 +0100] "GET /ticket2/opencms/sv/login/?edid=9BD9DAE0-AF46-6B71-C887-67ED0C334A53 HTTP/1.1" 200 89535
66.249.79.101 - - [01/Nov/2024:00:33:49 +0100] "GET /ticket2/opencms/it/buy/?page=1&edid=E2D9A408-8935-6A15-C054-9FB347B10142 HTTP/1.1" 200 111012
65.108.64.210 - - [01/Nov/2024:00:33:49 +0100] "GET /ticket2/opencms/sv/login/?edid=9C14EF84-079A-4773-8105-DA00B5765C23 HTTP/1.1" 200 89535
94.23.207.193 - - [01/Nov/2024:00:33:50 +0100] "GET /ticket2/opencms/se/no/buy/?page=1&edid=AC87DEB6-E1D4-389C-9FC5-DD0A851AE2E5&sortorder=desc&column=section HTTP/1.1" 404 -
54.36.148.166 - - [01/Nov/2024:00:33:50 +0100] "GET /ticket2/opencms/cs/?page=6&comcatid=A17713B6-D984-201A-4143-ED4DB5ED5C2E&catid=BE041FBE-C1A7-918C-EB61-99ED02D12F5B HTTP/1.1" 200 95797
65.108.64.210 - - [01/Nov/2024:00:33:52 +0100] "GET /ticket2/opencms/sv/login/?edid=9C19696E-AC92-85B8-FCE3-E87F0988DECA HTTP/1.1" 200 89535
85.208.96.196 - - [01/Nov/2024:00:33:54 +0100] "GET /ticket2/opencms/is/sport/fotbolti/bundesliga/wolfsburg/ HTTP/1.1" 200 92125
47.128.58.120 - - [01/Nov/2024:00:33:54 +0100] "GET /ticket2/opencms/en/buy/?edid=21B44A76-F6AD-9457-4190-937757888EEA HTTP/1.1" 200 79757
65.108.64.210 - - [01/Nov/2024:00:33:55 +0100] "GET /ticket2/opencms/sv/login/?edid=9EE3DCAF-7583-3E94-31C5-4FB433EA34A1 HTTP/1.1" 200 89535
94.23.207.193 - - [01/Nov/2024:00:33:58 +0100] "GET /ticket2/opencms/se/no/buy/?page=1&edid=AC9A3740-6B7A-6C85-9B45-2DC7F7AE22AE&sortorder=desc&column=section HTTP/1.1" 404 -
65.108.64.210 - - [01/Nov/2024:00:33:59 +0100] "GET /ticket2/opencms/sv/login/?edid=A2FB430D-90F2-3AA3-358A-C75DE55ABB21 HTTP/1.1" 200 89535
54.36.149.26 - - [01/Nov/2024:00:33:59 +0100] "GET /ticket2/opencms/cs/?page=6&comcatid=A17713B6-D984-201A-4143-ED4DB5ED5C2E&catid=C0DF818C-DB21-6E2E-4056-DB751FFE0C41 HTTP/1.1" 200 95797
65.108.64.210 - - [01/Nov/2024:00:34:02 +0100] "GET /ticket2/opencms/sv/login/?edid=A30E03C7-3564-DE3A-A898-C05E67518FFD HTTP/1.1" 200 89535
40.77.167.71 - - [01/Nov/2024:00:34:03 +0100] "GET /ticket2/opencms/en/venue/?venueid=FF995A14-40EA-8EEB-6CB2-5F20B0A58DD9 HTTP/1.1" 200 86602
47.128.51.250 - - [01/Nov/2024:00:34:05 +0100] "GET /ticket2/opencms/sr/buy/?edid=88425711-85E0-F060-738C-F8CF4B007BB9 HTTP/1.1" 200 81862
65.108.64.210 - - [01/Nov/2024:00:34:05 +0100] "GET /ticket2/opencms/sv/login/?edid=A457959E-C519-3DD7-06E1-3EB362B95926 HTTP/1.1" 200 89535
94.23.207.193 - - [01/Nov/2024:00:34:07 +0100] "GET /ticket2/opencms/se/no/buy/?page=1&edid=AC9B2055-12DA-9E20-67F9-15ACACD7CC8B&sortorder=asc&column=price HTTP/1.1" 404 -
65.108.64.210 - - [01/Nov/2024:00:34:08 +0100] "GET /ticket2/opencms/sv/login/?edid=B268A7F3-2740-4C2E-AA62-15694FF51EF3 HTTP/1.1" 200 89535
65.108.64.210 - - [01/Nov/2024:00:34:12 +0100] "GET /ticket2/opencms/sv/login/?edid=B29B936B-3404-7054-ED6C-E0C25FA0A569 HTTP/1.1" 200 89535
94.23.207.193 - - [01/Nov/2024:00:34:13 +0100] "GET /ticket2/opencms/se/no/buy/?page=1&edid=AC9B2055-12DA-9E20-67F9-15ACACD7CC8B&sortorder=asc&column=row HTTP/1.1" 404 -
54.36.148.187 - - [01/Nov/2024:00:34:14 +0100] "GET /ticket2/opencms/de/?page=6&comcatid=A17713B6-D984-201A-4143-ED4DB5ED5C2E&catid=A3372871-3019-08B8-80CE-74B78F441ACA HTTP/1.1" 200 95408
65.108.64.210 - - [01/Nov/2024:00:34:15 +0100] "GET /ticket2/opencms/sv/login/?edid=B2DAFF92-E136-C5E2-F0C0-0D21CE1F73E4 HTTP/1.1" 200 89535
65.108.64.210 - - [01/Nov/2024:00:34:18 +0100] "GET /ticket2/opencms/sv/login/?edid=B45B9915-2AAF-EACC-9DC7-4BA0AACA42A2 HTTP/1.1" 200 89535
65.108.64.210 - - [01/Nov/2024:00:34:21 +0100] "GET /ticket2/opencms/sv/login/?edid=B59498A4-8419-3D40-2555-E66959C52065 HTTP/1.1" 200 89535
94.23.207.193 - - [01/Nov/2024:00:34:23 +0100] "GET /ticket2/opencms/se/no/buy/?page=1&edid=AC9B2055-12DA-9E20-67F9-15ACACD7CC8B&sortorder=asc&column=section HTTP/1.1" 404 -
65.108.64.210 - - [01/Nov/2024:00:34:24 +0100] "GET /ticket2/opencms/sv/login/?edid=B6792C71-3777-835A-6A12-E2C6ABE580AB HTTP/1.1" 200 89535
65.108.64.210 - - [01/Nov/2024:00:34:27 +0100] "GET /ticket2/opencms/sv/login/?edid=B68A5FCD-3F48-E5F6-F08A-DB5402FFB044 HTTP/1.1" 200 89535
47.128.63.116 - - [01/Nov/2024:00:34:29 +0100] "GET /ticket2/opencms/el/buy/?catid=4C4DADF0-07CC-9B24-D2D9-940EF378BE99&comcatid=97ECA65A-72DA-F9AF-9DBB-245D3CFED1BE HTTP/1.1" 200 89561
114.119.148.14 - - [01/Nov/2024:00:34:30 +0100] "GET /ticket2/opencms/en/sell/?edid=CE7A6A9F-4825-9BAB-7AEC-E9BA47633272 HTTP/1.1" 302 -
185.191.171.18 - - [01/Nov/2024:00:34:30 +0100] "GET /ticket2/opencms/nl/sport/voetbal-tickets/bundesliga/bayer-leverkusen/ HTTP/1.1" 200 93189
65.108.64.210 - - [01/Nov/2024:00:34:31 +0100] "GET /ticket2/opencms/sv/login/?edid=B7610A39-4144-0BE0-019F-B5A48CCD6AC6 HTTP/1.1" 200 89535
54.36.148.86 - - [01/Nov/2024:00:34:31 +0100] "GET /ticket2/opencms/cs/?page=6&comcatid=A17713B6-D984-201A-4143-ED4DB5ED5C2E&catid=C48671DB-5AEB-8CE2-928E-38417FFBE085 HTTP/1.1" 200 95797
66.249.79.232 - - [01/Nov/2024:00:34:32 +0100] "GET /ticket2/opencms/sv/buy?page=1&edid=48F110A0-CF55-13C3-BFB3-A057F2A6E27A HTTP/1.1" 200 124210
114.119.148.14 - - [01/Nov/2024:00:34:33 +0100] "GET /ticket2/opencms/en/login/?url=/en/sell/ HTTP/1.1" 200 88677
65.108.64.210 - - [01/Nov/2024:00:34:34 +0100] "GET /ticket2/opencms/sv/login/?edid=B8D6B8EB-335D-1479-E55C-34EBEB3FD86C HTTP/1.1" 200 89535
54.36.148.200 - - [01/Nov/2024:00:34:36 +0100] "GET /ticket2/opencms/de/?page=6&comcatid=A17713B6-D984-201A-4143-ED4DB5ED5C2E&catid=A4D9EA9A-192D-0274-BF26-9C98D8B902AB HTTP/1.1" 200 95408
65.108.64.210 - - [01/Nov/2024:00:34:37 +0100] "GET /ticket2/opencms/sv/login/?edid=B9AF967E-6A2C-9F16-4FB0-0AAF3EDE2C61 HTTP/1.1" 200 89535
94.23.207.193 - - [01/Nov/2024:00:34:40 +0100] "GET /ticket2/opencms/se/no/buy/?page=1&edid=870139C6-530A-636D-1EEE-D550E3B89162&sortorder=asc&column=row HTTP/1.1" 404 -
65.108.64.210 - - [01/Nov/2024:00:34:40 +0100] "GET /ticket2/opencms/sv/login/?edid=BA0C4AB6-9AED-31E3-0634-B7D13957256A HTTP/1.1" 200 89535
65.108.64.210 - - [01/Nov/2024:00:34:43 +0100] "GET /ticket2/opencms/sv/login/?edid=BA9FE2BC-D5C3-0C95-5A35-8594BE85BD7D HTTP/1.1" 200 89535
65.108.64.210 - - [01/Nov/2024:00:34:47 +0100] "GET /ticket2/opencms/sv/login/?edid=BB3F8D1C-F850-FE7D-2AC5-9536E18D91DF HTTP/1.1" 200 89535
54.36.148.67 - - [01/Nov/2024:00:34:47 +0100] "GET /ticket2/opencms/de/?page=6&comcatid=A17713B6-D984-201A-4143-ED4DB5ED5C2E&catid=B0817F4C-4B6F-A68C-6229-209BB05F84D4 HTTP/1.1" 200 95408
65.108.64.210 - - [01/Nov/2024:00:34:50 +0100] "GET /ticket2/opencms/sv/login/?edid=BB76B436-1AB5-F125-9DCD-EB347B594121 HTTP/1.1" 200 89535
94.23.207.193 - - [01/Nov/2024:00:34:53 +0100] "GET /ticket2/opencms/se/no/buy/?page=1&edid=870139C6-530A-636D-1EEE-D550E3B89162&sortorder=asc&column=section HTTP/1.1" 404 -
65.108.64.210 - - [01/Nov/2024:00:34:53 +0100] "GET /ticket2/opencms/sv/login/?edid=BBC938D5-42A8-9CEA-6099-142BEB9F4F7D HTTP/1.1" 200 89535
154.213.184.18 - - [01/Nov/2024:00:34:56 +0100] "CONNECT example.com:443 HTTP/1.1" 400 -
65.108.64.210 - - [01/Nov/2024:00:34:56 +0100] "GET /ticket2/opencms/sv/login/?edid=BF405205-807F-3537-86FF-7A87332D9EF9 HTTP/1.1" 200 89535
54.36.148.32 - - [01/Nov/2024:00:34:56 +0100] "GET /ticket2/opencms/cs/?page=6&comcatid=A17713B6-D984-201A-4143-ED4DB5ED5C2E&catid=E961462E-5AC2-64D6-5850-A310C9DEAA06 HTTP/1.1" 200 95797
185.191.171.18 - - [01/Nov/2024:00:34:57 +0100] "GET /ticket2/opencms/nl/sport/voetbal-tickets/bundesliga/freiburg/ HTTP/1.1" 200 94259
65.108.64.210 - - [01/Nov/2024:00:35:00 +0100] "GET /ticket2/opencms/sv/login/?edid=C1909DD5-0220-3110-1A79-CF1D777040F3 HTTP/1.1" 200 89535
65.108.64.210 - - [01/Nov/2024:00:35:03 +0100] "GET /ticket2/opencms/sv/login/?edid=C3142C3C-B527-EA04-CFEC-FF16B1FE9635 HTTP/1.1" 200 89535
65.108.64.210 - - [01/Nov/2024:00:35:06 +0100] "GET /ticket2/opencms/sv/login/?edid=C490C3F8-A066-4B69-2FBB-6512C409277B HTTP/1.1" 200 89535
94.23.207.193 - - [01/Nov/2024:00:35:08 +0100] "GET /ticket2/opencms/se/no/buy/?page=1&edid=8836B58E-9B16-A810-8C3D-6638627D7926&sortorder=asc&column=price HTTP/1.1" 404 -
54.36.149.31 - - [01/Nov/2024:00:35:09 +0100] "GET /ticket2/opencms/de/?page=6&comcatid=A17713B6-D984-201A-4143-ED4DB5ED5C2E&catid=BDD8C04C-DD99-1C07-B5F3-F2AB98D157E8 HTTP/1.1" 200 95408
65.108.64.210 - - [01/Nov/2024:00:35:09 +0100] "GET /ticket2/opencms/sv/login/?edid=C580BF0C-0450-5572-ED27-577DCC9CA75F HTTP/1.1" 200 89535
65.108.64.210 - - [01/Nov/2024:00:35:12 +0100] "GET /ticket2/opencms/sv/login/?edid=C844DE58-F0CA-2564-7F6D-C9762E669426 HTTP/1.1" 200 89535
65.108.64.210 - - [01/Nov/2024:00:35:15 +0100] "GET /ticket2/opencms/sv/login/?edid=C8A5DD84-7BC0-1FA5-A0D5-A6B22D58DB27 HTTP/1.1" 200 89535
47.128.122.116 - - [01/Nov/2024:00:35:17 +0100] "GET /ticket2/opencms/en/buy/?edid=D8A9B55B-90B1-065C-5A4F-22204AB6F0EC HTTP/1.1" 200 79757
65.108.64.210 - - [01/Nov/2024:00:35:18 +0100] "GET /ticket2/opencms/sv/login/?edid=CEF9A464-8C88-BC1F-3827-126FBE3CBAA4 HTTP/1.1" 200 89535
54.36.148.221 - - [01/Nov/2024:00:35:21 +0100] "GET /ticket2/opencms/cs/?page=6&comcatid=A17713B6-D984-201A-4143-ED4DB5ED5C2E&catid=F03B8ADD-988E-AE6A-8DBA-AF502C691C60 HTTP/1.1" 200 95797
47.128.48.66 - - [01/Nov/2024:00:35:21 +0100] "GET /ticket2/opencms/pl/buy/?catid=D8B345C9-F7A5-E620-4B43-C34EB0D6885B&comcatid=A17713B6-D984-201A-4143-ED4DB5ED5C2E&npage=1 HTTP/1.1" 200 254317
94.23.207.193 - - [01/Nov/2024:00:35:21 +0100] "GET /ticket2/opencms/se/no/buy/?page=1&edid=8836B58E-9B16-A810-8C3D-6638627D7926&sortorder=asc&column=row HTTP/1.1" 404 -
65.108.64.210 - - [01/Nov/2024:00:35:21 +0100] "GET /ticket2/opencms/sv/login/?edid=FED98890-38A2-BE27-329F-29074A06DF0E HTTP/1.1" 200 89535
65.108.64.210 - - [01/Nov/2024:00:35:25 +0100] "GET /ticket2/opencms/sv/login/?edid=0208EA06-1928-8719-E882-37479D9BCB53 HTTP/1.1" 200 89535
114.119.132.9 - - [01/Nov/2024:00:35:27 +0100] "GET /ticket2/opencms/en/venue/?countryid=4B450FD2-0462-34B9-7186-638797EC0F09 HTTP/1.1" 200 115976
65.108.64.210 - - [01/Nov/2024:00:35:28 +0100] "GET /ticket2/opencms/sv/login/?edid=0226A6B7-0BBD-40A6-8BD9-9B12CF3E86ED HTTP/1.1" 200 89535
54.36.148.134 - - [01/Nov/2024:00:35:31 +0100] "GET /ticket2/opencms/de/?page=6&comcatid=A17713B6-D984-201A-4143-ED4DB5ED5C2E&catid=BE041FBE-C1A7-918C-EB61-99ED02D12F5B HTTP/1.1" 200 95408
65.108.64.210 - - [01/Nov/2024:00:35:31 +0100] "GET /ticket2/opencms/sv/login/?edid=02574B4C-87EB-6F72-914F-1B119C6EFE8B HTTP/1.1" 200 89535
185.191.171.3 - - [01/Nov/2024:00:35:33 +0100] "GET /ticket2/opencms/dk/sport/fodboldbilletter/la-liga/sevilla/ HTTP/1.1" 200 99174
65.108.64.210 - - [01/Nov/2024:00:35:34 +0100] "GET /ticket2/opencms/sv/login/?edid=02A00A05-668A-B57A-1A9F-B82023F1983A HTTP/1.1" 200 89535
114.119.151.93 - - [01/Nov/2024:00:35:36 +0100] "GET /ticket2/opencms/dk/ru/buy/?comcatid=810BB404-4103-77F2-A6C2-12D5E6C338E2 HTTP/1.1" 404 -
