40.77.167.67 - - [01/Nov/2024:01:42:46 +0100] "GET /ticket2/opencms/en/sell/?edid=7C9BBF9D-778C-6F90-4703-00B59C98E285 HTTP/1.1" 302 -
188.165.237.120 - - [01/Nov/2024:01:42:49 +0100] "GET /ticket2/opencms/sv/venue/?venueid=A0E4EE07-64B1-76B6-E369-05D7AACF7559 HTTP/1.1" 200 87439
192.99.37.132 - - [01/Nov/2024:01:42:49 +0100] "GET /ticket2/opencms/se/fi/buy/?page=1&edid=01F2A948-87CA-060B-030E-779FF6FBE9B2 HTTP/1.1" 404 -
40.77.167.67 - - [01/Nov/2024:01:42:49 +0100] "GET /ticket2/opencms/en/login/?url=/en/sell/ HTTP/1.1" 200 88677
185.191.171.1 - - [01/Nov/2024:01:42:52 +0100] "GET /ticket2/opencms/en/about/press HTTP/1.1" 200 87184
192.99.37.132 - - [01/Nov/2024:01:42:53 +0100] "GET /ticket2/opencms/se/fi/buy/?page=1&edid=0300249E-0859-EC89-FAF2-5149FFD18BE5&sortorder=desc&column=price HTTP/1.1" 404 -
66.249.79.231 - - [01/Nov/2024:01:42:56 +0100] "GET /ticket2/opencms/set_aff_cookie.jsp?partner=53673ED6-1455-FA54-818F-B1F67121E37C&url=%2Fsv%2Fbuy%2Findex.html%3Fpage%3D1%26edid%3D551618B5-3860-8837-909D-AC46BA2A0628%26hlv%3D666d5527-ac24-4404-8737-76390a01000f%23v1312271709 HTTP/1.1" 200 225
192.99.37.132 - - [01/Nov/2024:01:42:57 +0100] "GET /ticket2/opencms/se/fi/buy/?page=1&edid=0710F442-BF1F-3B9D-DE18-E35B12BA53D0 HTTP/1.1" 404 -
54.36.148.83 - - [01/Nov/2024:01:42:58 +0100] "GET /ticket2/opencms/sv/venue/?venueid=8DF0F1C6-76DB-1663-6A8C-2D6445805D4D HTTP/1.1" 200 87436
192.99.37.132 - - [01/Nov/2024:01:43:01 +0100] "GET /ticket2/opencms/se/fi/buy/?page=1&edid=090A82EB-84B2-523A-4E3E-E0A1CC3737FC HTTP/1.1" 404 -
188.165.237.120 - - [01/Nov/2024:01:43:04 +0100] "GET /ticket2/opencms/sv/venue/?venueid=A75E3180-F5B5-619F-EC2B-362299C2CBCC HTTP/1.1" 200 87458
192.99.37.132 - - [01/Nov/2024:01:43:05 +0100] "GET /ticket2/opencms/se/fi/buy/?page=1&edid=090A82EB-84B2-523A-4E3E-E0A1CC3737FC&sortorder=desc&column=price HTTP/1.1" 404 -
47.128.114.52 - - [01/Nov/2024:01:43:06 +0100] "GET /ticket2/opencms/en/buy/?edid=BBD878B9-BE73-D542-F1BC-32A8FBDE1770 HTTP/1.1" 200 79757
192.99.37.132 - - [01/Nov/2024:01:43:11 +0100] "GET /ticket2/opencms/se/fi/buy/?page=1&edid=09E39E18-DB9D-9181-82D5-02F92B498E01&sortorder=desc&column=section HTTP/1.1" 404 -
66.249.79.231 - - [01/Nov/2024:01:43:12 +0100] "GET /ticket2/opencms/sv/buy/?page=1&edid=551618B5-3860-8837-909D-AC46BA2A0628&hlv=666d5527-ac24-4404-8737-76390a01000f HTTP/1.1" 200 102233
54.36.149.4 - - [01/Nov/2024:01:43:14 +0100] "GET /ticket2/opencms/sv/venue/?venueid=036ADEAD-45F2-C8EE-4182-75976C890416 HTTP/1.1" 200 87452
188.165.237.120 - - [01/Nov/2024:01:43:14 +0100] "GET /ticket2/opencms/sv/venue/?venueid=A7B8A932-8DC8-FD95-3764-A37F6B05D789 HTTP/1.1" 200 87482
114.119.129.189 - - [01/Nov/2024:01:43:15 +0100] "GET /ticket2/opencms/en/venue/?venueid=161C816B-5393-87DD-7C00-0A52E6B6AAA6 HTTP/1.1" 200 86662
192.99.37.132 - - [01/Nov/2024:01:43:16 +0100] "GET /ticket2/opencms/se/fi/buy/?page=1&edid=0A3542C4-2C38-210A-C335-CD494E25E6D2&sortorder=asc&column=row HTTP/1.1" 404 -
192.99.37.132 - - [01/Nov/2024:01:43:21 +0100] "GET /ticket2/opencms/se/fi/buy/?page=1&edid=0B9C9611-7234-C267-7CAE-EF320FD80690&sortorder=desc&column=price HTTP/1.1" 404 -
192.99.37.132 - - [01/Nov/2024:01:43:27 +0100] "GET /ticket2/opencms/se/fi/buy/?page=1&edid=0F8744B2-A108-647C-1F63-181C4766CA41&sortorder=asc&column=row HTTP/1.1" 404 -
54.36.149.78 - - [01/Nov/2024:01:43:28 +0100] "GET /ticket2/opencms/sv/venue/?venueid=624AC056-160F-0167-065E-997275B2D428 HTTP/1.1" 200 87436
47.128.43.130 - - [01/Nov/2024:01:43:31 +0100] "GET /ticket2/opencms/sr/buy/?edid=A134960E-B2EE-5140-FE1D-DD5D90F5903C HTTP/1.1" 200 81862
192.99.37.132 - - [01/Nov/2024:01:43:31 +0100] "GET /ticket2/opencms/se/fi/buy/?page=1&edid=FBAFC8C9-2F07-B1EF-CF64-939CD8CFFE64&sortorder=desc&column=price HTTP/1.1" 404 -
188.165.237.120 - - [01/Nov/2024:01:43:33 +0100] "GET /ticket2/opencms/sv/venue/?venueid=A7C35E41-A8DE-46DC-9A98-EA794BBC27B7 HTTP/1.1" 200 87431
192.104.34.34 - - [01/Nov/2024:01:43:37 +0100] "GET /ticket2/opencms/ HTTP/1.1" 302 -
37.123.143.11 - - [01/Nov/2024:01:43:38 +0100] "GET /ticket2/opencms/system/workplace/views/top_foot.jsp?wpFrame=foot HTTP/1.1" 200 1210
37.123.143.11 - - [01/Nov/2024:01:43:38 +0100] "GET /ticket2/opencms/system/workplace/commons/style/workplace.css HTTP/1.1" 200 14209
54.36.148.107 - - [01/Nov/2024:01:43:38 +0100] "GET /ticket2/opencms/sv/venue/?venueid=9BA72295-2DDF-9809-9F6B-30A7553066D1 HTTP/1.1" 200 87445
192.104.34.34 - - [01/Nov/2024:01:43:39 +0100] "GET /ticket2/opencms/en/ HTTP/1.1" 200 94367
192.99.37.132 - - [01/Nov/2024:01:43:40 +0100] "GET /ticket2/opencms/se/fi/buy/?page=1&edid=FC8E19AE-C0B2-6E8A-15B8-33A65B1EFF7E&sortorder=desc&column=row HTTP/1.1" 404 -
192.99.37.132 - - [01/Nov/2024:01:43:47 +0100] "GET /ticket2/opencms/se/fi/buy/?page=1&edid=FC8E19AE-C0B2-6E8A-15B8-33A65B1EFF7E&sortorder=desc&column=section HTTP/1.1" 404 -
192.99.37.132 - - [01/Nov/2024:01:43:51 +0100] "GET /ticket2/opencms/se/fi/buy/?page=1&edid=FCB4C378-752A-1752-E7B7-E2EFAB85CEF3 HTTP/1.1" 404 -
54.36.148.102 - - [01/Nov/2024:01:43:51 +0100] "GET /ticket2/opencms/sv/venue/?venueid=81019620-2AA3-B707-CDBF-B5932D491F06 HTTP/1.1" 200 87496
192.99.37.132 - - [01/Nov/2024:01:43:55 +0100] "GET /ticket2/opencms/se/fi/buy/?page=1&edid=FD6F3B4B-A5BC-5248-5E75-2F9B37E37FBE&sortorder=asc&column=price HTTP/1.1" 404 -
54.36.148.201 - - [01/Nov/2024:01:43:58 +0100] "GET /ticket2/opencms/sv/venue/?venueid=7A93BED8-ECFC-8BF7-F201-A6433D9EB679 HTTP/1.1" 200 87421
188.165.237.120 - - [01/Nov/2024:01:43:59 +0100] "GET /ticket2/opencms/sv/venue/?venueid=ABC0464F-8805-FF17-3379-7EF70B4189E3 HTTP/1.1" 200 87455
192.99.37.132 - - [01/Nov/2024:01:44:06 +0100] "GET /ticket2/opencms/se/fi/buy/?page=1&edid=FDEB7C2D-C2DD-0C61-E47E-B640A2277142 HTTP/1.1" 404 -
69.171.249.12 - - [01/Nov/2024:01:44:07 +0100] "GET /ticket2/opencms/lt/buy?page=1&edid=1AD4E11C-C792-1721-4D1A-2229101A30FD HTTP/1.1" 200 135516
192.99.37.132 - - [01/Nov/2024:01:44:10 +0100] "GET /ticket2/opencms/se/fi/buy/?page=1&edid=FDEB7C2D-C2DD-0C61-E47E-B640A2277142&sortorder=desc&column=price HTTP/1.1" 404 -
173.252.87.116 - - [01/Nov/2024:01:44:13 +0100] "GET /ticket2/opencms/be/buy?page=1&edid=E9DB3A42-82BF-9B65-3ED4-EE5A32871388 HTTP/1.1" 200 123667
185.191.171.16 - - [01/Nov/2024:01:44:14 +0100] "GET /ticket2/opencms/en/selling_tickets HTTP/1.1" 200 87214
192.99.37.132 - - [01/Nov/2024:01:44:15 +0100] "GET /ticket2/opencms/se/fi/buy/?page=1&edid=FDEB7C2D-C2DD-0C61-E47E-B640A2277142&sortorder=desc&column=row HTTP/1.1" 404 -
188.165.237.120 - - [01/Nov/2024:01:44:16 +0100] "GET /ticket2/opencms/sv/venue/?venueid=B6945CB2-E0A0-4A08-48BD-0C2A2E2927C8 HTTP/1.1" 200 87412
54.36.148.225 - - [01/Nov/2024:01:44:17 +0100] "GET /ticket2/opencms/sv/venue/?venueid=734040E5-A24F-A3CB-551E-29ED256DF723 HTTP/1.1" 200 87469
192.99.37.132 - - [01/Nov/2024:01:44:19 +0100] "GET /ticket2/opencms/se/fi/buy/?page=1&edid=FDEB7C2D-C2DD-0C61-E47E-B640A2277142&sortorder=desc&column=section HTTP/1.1" 404 -
192.99.37.132 - - [01/Nov/2024:01:44:23 +0100] "GET /ticket2/opencms/se/fi/buy/?page=1&edid=FDF4D335-951F-B198-7BFE-F927A989E5D5&sortorder=desc&column=price HTTP/1.1" 404 -
185.191.171.7 - - [01/Nov/2024:01:44:25 +0100] "GET /ticket2/opencms/ro/faq/ HTTP/1.1" 200 89142
192.99.37.132 - - [01/Nov/2024:01:44:26 +0100] "GET /ticket2/opencms/se/fi/buy/?page=1&edid=FF0D3809-EDF7-7D77-577F-435AF719EB43&sortorder=asc&column=price HTTP/1.1" 404 -
54.36.149.80 - - [01/Nov/2024:01:44:27 +0100] "GET /ticket2/opencms/sv/venue/?venueid=5E03C312-201F-EA86-FC06-30C04764E9A3 HTTP/1.1" 200 87461
47.128.118.199 - - [01/Nov/2024:01:44:29 +0100] "GET /ticket2/opencms/mt/buy/?catid=8AA488FA-6797-D710-8108-3088D6948FC1&comcatid=A17713B6-D984-201A-4143-ED4DB5ED5C2E HTTP/1.1" 200 93837
192.99.37.132 - - [01/Nov/2024:01:44:31 +0100] "GET /ticket2/opencms/se/fi/buy/?page=1&edid=FF0D3809-EDF7-7D77-577F-435AF719EB43&sortorder=asc&column=row HTTP/1.1" 404 -
114.119.146.220 - - [01/Nov/2024:01:44:33 +0100] "GET /ticket2/opencms/en/sell/?edid=398932D9-9059-F566-6DF5-860CEC86B20E HTTP/1.1" 302 -
192.99.37.132 - - [01/Nov/2024:01:44:36 +0100] "GET /ticket2/opencms/se/fi/buy/?page=1&edid=FF0D3809-EDF7-7D77-577F-435AF719EB43&sortorder=desc&column=price HTTP/1.1" 404 -
40.77.167.67 - - [01/Nov/2024:01:44:36 +0100] "GET /ticket2/opencms/dk/buy?page=1&edid=CCC52869-7D07-37D3-E716-0EF1AC21BCE4 HTTP/1.1" 200 121987
114.119.146.220 - - [01/Nov/2024:01:44:37 +0100] "GET /ticket2/opencms/en/login/?url=/en/sell/ HTTP/1.1" 200 88677
192.99.37.132 - - [01/Nov/2024:01:44:39 +0100] "GET /ticket2/opencms/se/fi/buy/?page=1&edid=FF322FED-F69E-D25E-3198-5B464973E97D HTTP/1.1" 404 -
188.165.237.120 - - [01/Nov/2024:01:44:40 +0100] "GET /ticket2/opencms/sv/venue/?venueid=B6FFF904-2AA1-1BEB-9F7A-E1A69E4D2AA1 HTTP/1.1" 200 87454
54.36.148.33 - - [01/Nov/2024:01:44:42 +0100] "GET /ticket2/opencms/dk/buy?comcatid=0A6B8208-FDA4-E929-9D72-5312FD481B76&catid=5ED34547-492C-90DA-709D-448345844685 HTTP/1.1" 200 86298
185.191.171.17 - - [01/Nov/2024:01:44:42 +0100] "GET /ticket2/opencms/it/sport/biglietti-calcio/la-liga/sevilla HTTP/1.1" 200 102871
195.154.122.97 - - [01/Nov/2024:01:44:42 +0100] "GET /ticket2/opencms/system/modules/com.gridnine.opencms.ticketbrokerage.site/resources/css/jquery.fancybox.css HTTP/1.1" 200 4939
195.154.122.97 - - [01/Nov/2024:01:44:42 +0100] "GET /ticket2/opencms/system/modules/com.gridnine.opencms.ticketbrokerage.site/resources/js/jquery/jquery.js HTTP/1.1" 200 93868
195.154.122.97 - - [01/Nov/2024:01:44:42 +0100] "GET /ticket2/opencms/system/modules/com.gridnine.opencms.ticketbrokerage.site/resources/css/standard.css HTTP/1.1" 200 73073
195.154.122.97 - - [01/Nov/2024:01:44:42 +0100] "GET /ticket2/opencms/system/modules/com.gridnine.opencms.ticketbrokerage.site/resources/css/ticketbrokerage.css HTTP/1.1" 200 39339
195.154.122.97 - - [01/Nov/2024:01:44:42 +0100] "GET /ticket2/opencms/system/modules/com.gridnine.opencms.ticketbrokerage.site/resources/css/calendar.css HTTP/1.1" 200 6871
195.154.122.97 - - [01/Nov/2024:01:44:42 +0100] "GET /ticket2/opencms/system/modules/com.gridnine.opencms.ticketbrokerage.site/resources/css/jquery-ui.css HTTP/1.1" 200 33221
195.154.122.97 - - [01/Nov/2024:01:44:42 +0100] "GET /ticket2/opencms/system/modules/com.gridnine.opencms.ticketbrokerage.site/resources/js/jquery/jquery-ui.js HTTP/1.1" 200 228088
195.154.122.97 - - [01/Nov/2024:01:44:42 +0100] "GET /ticket2/opencms/system/modules/com.gridnine.opencms.ticketbrokerage.site/resources/js/functions.js HTTP/1.1" 200 1583
195.154.122.97 - - [01/Nov/2024:01:44:42 +0100] "GET /ticket2/opencms/system/modules/com.gridnine.opencms.ticketbrokerage.site/resources/js/calendar.js HTTP/1.1" 200 49229
195.154.122.97 - - [01/Nov/2024:01:44:42 +0100] "GET /ticket2/opencms/system/modules/com.gridnine.opencms.ticketbrokerage.site/resources/js/calendar-en.js HTTP/1.1" 200 3338
195.154.122.97 - - [01/Nov/2024:01:44:42 +0100] "GET /ticket2/opencms/system/modules/com.gridnine.opencms.ticketbrokerage.site/resources/js/calendar-setup.js HTTP/1.1" 200 4923
195.154.122.97 - - [01/Nov/2024:01:44:42 +0100] "GET /ticket2/opencms/system/modules/com.gridnine.opencms.ticketbrokerage.site/resources/js/jquery.fancybox.pack.js HTTP/1.1" 200 23187
195.154.122.97 - - [01/Nov/2024:01:44:42 +0100] "GET /ticket2/opencms/system/modules/com.gridnine.opencms.ticketbrokerage.site/resources/js/stickyfill.min.js HTTP/1.1" 200 5672
195.154.122.97 - - [01/Nov/2024:01:44:42 +0100] "GET /ticket2/opencms/system/modules/com.gridnine.opencms.ticketbrokerage.site/resources/js/standard.js HTTP/1.1" 200 3978
195.154.122.97 - - [01/Nov/2024:01:44:42 +0100] "GET /ticket2/opencms/system/modules/com.gridnine.opencms.ticketbrokerage.site/resources/js/jquery.placeholder.min.js HTTP/1.1" 200 1737
195.154.122.97 - - [01/Nov/2024:01:44:42 +0100] "GET /ticket2/opencms/system/modules/com.gridnine.opencms.ticketbrokerage.site/resources/js/common-ajax.js HTTP/1.1" 200 20175
195.154.122.97 - - [01/Nov/2024:01:44:43 +0100] "GET /ticket2/opencms/system/modules/com.gridnine.opencms.ticketbrokerage.site/resources/js/standard.js HTTP/1.1" 200 3978
192.99.37.132 - - [01/Nov/2024:01:44:43 +0100] "GET /ticket2/opencms/se/fi/buy/?page=1&edid=FF3DA28B-4575-B41C-4A40-DA5E05530770&sortorder=asc&column=section HTTP/1.1" 404 -
192.99.37.132 - - [01/Nov/2024:01:44:47 +0100] "GET /ticket2/opencms/se/fi/buy/?page=1&edid=FF69DC98-99E2-FC49-3EB6-F7154192E9EB&sortorder=asc&column=price HTTP/1.1" 404 -
192.99.37.132 - - [01/Nov/2024:01:44:51 +0100] "GET /ticket2/opencms/se/fi/buy/?page=1&edid=FF69DC98-99E2-FC49-3EB6-F7154192E9EB&sortorder=asc&column=row HTTP/1.1" 404 -
192.99.37.132 - - [01/Nov/2024:01:44:55 +0100] "GET /ticket2/opencms/se/fi/buy/?page=10&eventid=F3B41E7F-BDF8-B962-5C63-FE9AC5F17659&venueid=66B7684A-34D7-B171-288C-D950D3063FA0 HTTP/1.1" 404 -
207.46.13.124 - - [01/Nov/2024:01:44:57 +0100] "GET /ticket2/opencms/en/buy?page=1&edid=70AC7CD2-6A04-600B-76E3-4480C83DF4B6 HTTP/1.1" 200 100621
54.36.148.239 - - [01/Nov/2024:01:44:58 +0100] "GET /ticket2/opencms/en/buy?comcatid=97ECA65A-72DA-F9AF-9DBB-245D3CFED1BE&catid=757E2DFB-33DA-9B34-8402-9F06B19D8409 HTTP/1.1" 200 87018
192.99.37.132 - - [01/Nov/2024:01:45:01 +0100] "GET /ticket2/opencms/se/fi/buy/?page=1&edid=0390C1BB-1C34-F3DE-8CA6-221938AC41C0 HTTP/1.1" 404 -
114.119.130.154 - - [01/Nov/2024:01:45:06 +0100] "GET /ticket2/opencms/en/sell/?edid=D026C608-23E1-B6A9-4601-4D591DD4828E HTTP/1.1" 302 -
192.99.37.132 - - [01/Nov/2024:01:45:07 +0100] "GET /ticket2/opencms/se/fi/buy/?page=1&edid=0390C1BB-1C34-F3DE-8CA6-221938AC41C0&sortorder=desc&column=price HTTP/1.1" 404 -
114.119.130.154 - - [01/Nov/2024:01:45:10 +0100] "GET /ticket2/opencms/en/login/?url=/en/sell/ HTTP/1.1" 200 88677
54.36.148.96 - - [01/Nov/2024:01:45:12 +0100] "GET /ticket2/opencms/en/buy?comcatid=97ECA65A-72DA-F9AF-9DBB-245D3CFED1BE&catid=6CD184E8-C8D4-E1CC-33D0-6F47E3751240 HTTP/1.1" 200 87014
195.154.122.240 - - [01/Nov/2024:01:45:13 +0100] "GET /ticket2/opencms/system/modules/com.gridnine.opencms.ticketbrokerage.site/resources/css/jquery.fancybox.css HTTP/1.1" 200 4939
195.154.122.240 - - [01/Nov/2024:01:45:13 +0100] "GET /ticket2/opencms/system/modules/com.gridnine.opencms.ticketbrokerage.site/resources/css/standard.css HTTP/1.1" 200 73073
195.154.122.240 - - [01/Nov/2024:01:45:13 +0100] "GET /ticket2/opencms/system/modules/com.gridnine.opencms.ticketbrokerage.site/resources/css/ticketbrokerage.css HTTP/1.1" 200 39339
195.154.122.240 - - [01/Nov/2024:01:45:13 +0100] "GET /ticket2/opencms/system/modules/com.gridnine.opencms.ticketbrokerage.site/resources/css/jquery-ui.css HTTP/1.1" 200 33221
195.154.122.240 - - [01/Nov/2024:01:45:13 +0100] "GET /ticket2/opencms/system/modules/com.gridnine.opencms.ticketbrokerage.site/resources/js/jquery/jquery.js HTTP/1.1" 200 93868
195.154.122.240 - - [01/Nov/2024:01:45:13 +0100] "GET /ticket2/opencms/system/modules/com.gridnine.opencms.ticketbrokerage.site/resources/css/calendar.css HTTP/1.1" 200 6871
195.154.122.240 - - [01/Nov/2024:01:45:13 +0100] "GET /ticket2/opencms/system/modules/com.gridnine.opencms.ticketbrokerage.site/resources/js/jquery/jquery-ui.js HTTP/1.1" 200 228088
195.154.122.240 - - [01/Nov/2024:01:45:13 +0100] "GET /ticket2/opencms/system/modules/com.gridnine.opencms.ticketbrokerage.site/resources/js/calendar-en.js HTTP/1.1" 200 3338
195.154.122.240 - - [01/Nov/2024:01:45:13 +0100] "GET /ticket2/opencms/system/modules/com.gridnine.opencms.ticketbrokerage.site/resources/js/calendar.js HTTP/1.1" 200 49229
195.154.122.240 - - [01/Nov/2024:01:45:13 +0100] "GET /ticket2/opencms/system/modules/com.gridnine.opencms.ticketbrokerage.site/resources/js/calendar-setup.js HTTP/1.1" 200 4923
195.154.122.240 - - [01/Nov/2024:01:45:13 +0100] "GET /ticket2/opencms/system/modules/com.gridnine.opencms.ticketbrokerage.site/resources/js/functions.js HTTP/1.1" 200 1583
195.154.122.240 - - [01/Nov/2024:01:45:13 +0100] "GET /ticket2/opencms/system/modules/com.gridnine.opencms.ticketbrokerage.site/resources/js/jquery.fancybox.pack.js HTTP/1.1" 200 23187
195.154.122.240 - - [01/Nov/2024:01:45:13 +0100] "GET /ticket2/opencms/system/modules/com.gridnine.opencms.ticketbrokerage.site/resources/js/stickyfill.min.js HTTP/1.1" 200 5672
195.154.122.240 - - [01/Nov/2024:01:45:13 +0100] "GET /ticket2/opencms/system/modules/com.gridnine.opencms.ticketbrokerage.site/resources/js/standard.js HTTP/1.1" 200 3978
195.154.122.240 - - [01/Nov/2024:01:45:13 +0100] "GET /ticket2/opencms/system/modules/com.gridnine.opencms.ticketbrokerage.site/resources/js/jquery.placeholder.min.js HTTP/1.1" 200 1737
195.154.122.240 - - [01/Nov/2024:01:45:13 +0100] "GET /ticket2/opencms/system/modules/com.gridnine.opencms.ticketbrokerage.site/resources/js/common-ajax.js HTTP/1.1" 200 20175
192.99.37.132 - - [01/Nov/2024:01:45:13 +0100] "GET /ticket2/opencms/se/fi/buy/?page=1&edid=03E5D6C8-E351-7D64-EC22-0C91F1D5553C&sortorder=desc&column=section HTTP/1.1" 404 -
195.154.122.240 - - [01/Nov/2024:01:45:14 +0100] "GET /ticket2/opencms/system/modules/com.gridnine.opencms.ticketbrokerage.site/resources/js/standard.js HTTP/1.1" 200 3978
188.165.237.120 - - [01/Nov/2024:01:45:15 +0100] "GET /ticket2/opencms/sv/venue/?venueid=B7E496D3-47D0-180C-FDEA-256FBD380F8B HTTP/1.1" 200 87529
192.99.37.132 - - [01/Nov/2024:01:45:20 +0100] "GET /ticket2/opencms/se/fi/buy/?page=1&edid=042B1AE0-B676-9EDF-9B0C-DC5976C2588C&sortorder=desc&column=price HTTP/1.1" 404 -
54.36.148.10 - - [01/Nov/2024:01:45:26 +0100] "GET /ticket2/opencms/sv/venue/?venueid=1F10712B-209B-D24A-FBB0-CC1E73285961 HTTP/1.1" 200 87451
192.99.37.132 - - [01/Nov/2024:01:45:26 +0100] "GET /ticket2/opencms/se/fi/buy/?page=1&edid=042B1AE0-B676-9EDF-9B0C-DC5976C2588C&sortorder=desc&column=section HTTP/1.1" 404 -
114.119.150.49 - - [01/Nov/2024:01:45:29 +0100] "GET /ticket2/opencms/en/sell/?edid=F6EE5063-B91C-530F-6451-D3ADF6F7C5D5 HTTP/1.1" 302 -
192.99.37.132 - - [01/Nov/2024:01:45:32 +0100] "GET /ticket2/opencms/se/fi/buy/?page=1&edid=0710F442-BF1F-3B9D-DE18-E35B12BA53D0 HTTP/1.1" 404 -
157.55.39.51 - - [01/Nov/2024:01:45:32 +0100] "GET /ticket2/opencms/dk/buy?page=1&edid=551618B5-3860-8837-909D-AC46BA2A0628 HTTP/1.1" 200 100029
114.119.150.49 - - [01/Nov/2024:01:45:33 +0100] "GET /ticket2/opencms/en/login/?url=/en/sell/ HTTP/1.1" 200 88677
185.191.171.12 - - [01/Nov/2024:01:45:34 +0100] "GET /ticket2/opencms/cs/buying_tickets/ HTTP/1.1" 200 90193
192.99.37.132 - - [01/Nov/2024:01:45:38 +0100] "GET /ticket2/opencms/se/fi/buy/?page=1&edid=090A82EB-84B2-523A-4E3E-E0A1CC3737FC&sortorder=desc&column=row HTTP/1.1" 404 -
54.36.148.239 - - [01/Nov/2024:01:45:39 +0100] "GET /ticket2/opencms/sv/venue/?venueid=1F720D4E-8F96-91FF-3E22-13763ACC567B HTTP/1.1" 200 87482
192.99.37.132 - - [01/Nov/2024:01:45:44 +0100] "GET /ticket2/opencms/se/fi/buy/?page=1&edid=09E39E18-DB9D-9181-82D5-02F92B498E01&sortorder=desc&column=row HTTP/1.1" 404 -
188.165.237.120 - - [01/Nov/2024:01:45:45 +0100] "GET /ticket2/opencms/sv/venue/?venueid=B89238A7-33DE-D8CE-390C-74DE6BAEC919 HTTP/1.1" 200 87449
54.36.148.37 - - [01/Nov/2024:01:45:50 +0100] "GET /ticket2/opencms/sv/venue/?venueid=A3BB5C5F-AE9B-C3F6-5C60-F2B46B94318E HTTP/1.1" 200 87472
47.128.49.108 - - [01/Nov/2024:01:45:50 +0100] "GET /ticket2/opencms/sr/buy/?catid=06324577-7173-BAB0-146D-E644C912F7C1&comcatid=A17713B6-D984-201A-4143-ED4DB5ED5C2E&npage=2 HTTP/1.1" 200 245714
192.99.37.132 - - [01/Nov/2024:01:45:51 +0100] "GET /ticket2/opencms/se/fi/buy/?page=1&edid=0C28B946-89B1-3A13-3265-4F6F9906ECC1 HTTP/1.1" 404 -
47.128.24.3 - - [01/Nov/2024:01:45:52 +0100] "GET /ticket2/opencms/en/buy/?edid=C2FB40E1-BEEF-E1A4-6ED5-33C8A69FD5CE HTTP/1.1" 200 79757
185.191.171.9 - - [01/Nov/2024:01:45:52 +0100] "GET /ticket2/opencms/no/sport/fotballsbilletter/premier_league/chelsea/ HTTP/1.1" 200 96369
192.99.37.132 - - [01/Nov/2024:01:45:58 +0100] "GET /ticket2/opencms/se/fi/buy/?page=1&edid=0CBE0C4B-CAFA-A010-EA66-542E1AA0C527&sortorder=desc&column=row HTTP/1.1" 404 -
54.36.148.255 - - [01/Nov/2024:01:46:03 +0100] "GET /ticket2/opencms/sv/venue/?venueid=161C816B-5393-87DD-7C00-0A52E6B6AAA6 HTTP/1.1" 200 87529
192.99.37.132 - - [01/Nov/2024:01:46:04 +0100] "GET /ticket2/opencms/se/fi/buy/?page=1&edid=0CBE0C4B-CAFA-A010-EA66-542E1AA0C527&sortorder=desc&column=section HTTP/1.1" 404 -
188.165.237.120 - - [01/Nov/2024:01:46:09 +0100] "GET /ticket2/opencms/sv/venue/?venueid=B9E1C2A0-0847-2537-2C1B-EF8F5DAD4EC7 HTTP/1.1" 200 87466
192.99.37.132 - - [01/Nov/2024:01:46:10 +0100] "GET /ticket2/opencms/se/fi/buy/?page=1&edid=0FDA018D-B8AF-3F2B-04D5-9F590D681B22&sortorder=desc&column=price HTTP/1.1" 404 -
45.38.174.35 - - [01/Nov/2024:01:46:14 +0100] "GET /ticket2/opencms/en/ HTTP/1.1" 200 94367
45.38.174.35 - - [01/Nov/2024:01:46:14 +0100] "GET /ticket2/opencms/en/ HTTP/1.1" 200 94367
45.38.174.35 - - [01/Nov/2024:01:46:15 +0100] "GET /ticket2/opencms/system/modules/com.gridnine.opencms.ticketbrokerage.site/resources/css/ticketbrokerage.css HTTP/1.1" 200 39339
45.38.174.35 - - [01/Nov/2024:01:46:15 +0100] "GET /ticket2/opencms/system/modules/com.gridnine.opencms.ticketbrokerage.site/resources/css/calendar.css HTTP/1.1" 200 6871
192.99.37.132 - - [01/Nov/2024:01:46:16 +0100] "GET /ticket2/opencms/se/fi/buy/?page=1&edid=0FDA018D-B8AF-3F2B-04D5-9F590D681B22&sortorder=desc&column=row HTTP/1.1" 404 -
54.36.148.176 - - [01/Nov/2024:01:46:19 +0100] "GET /ticket2/opencms/nl/buy?comcatid=0A6B8208-FDA4-E929-9D72-5312FD481B76&catid=5ED34547-492C-90DA-709D-448345844685 HTTP/1.1" 200 85297
195.154.123.122 - - [01/Nov/2024:01:46:19 +0100] "GET /ticket2/opencms/system/modules/com.gridnine.opencms.ticketbrokerage.site/resources/css/jquery.fancybox.css HTTP/1.1" 200 4939
195.154.123.122 - - [01/Nov/2024:01:46:19 +0100] "GET /ticket2/opencms/system/modules/com.gridnine.opencms.ticketbrokerage.site/resources/css/jquery-ui.css HTTP/1.1" 200 33221
195.154.123.122 - - [01/Nov/2024:01:46:19 +0100] "GET /ticket2/opencms/system/modules/com.gridnine.opencms.ticketbrokerage.site/resources/css/calendar.css HTTP/1.1" 200 6871
195.154.123.122 - - [01/Nov/2024:01:46:19 +0100] "GET /ticket2/opencms/system/modules/com.gridnine.opencms.ticketbrokerage.site/resources/css/ticketbrokerage.css HTTP/1.1" 200 39339
195.154.123.122 - - [01/Nov/2024:01:46:19 +0100] "GET /ticket2/opencms/system/modules/com.gridnine.opencms.ticketbrokerage.site/resources/css/standard.css HTTP/1.1" 200 73073
195.154.123.122 - - [01/Nov/2024:01:46:19 +0100] "GET /ticket2/opencms/system/modules/com.gridnine.opencms.ticketbrokerage.site/resources/js/jquery/jquery-ui.js HTTP/1.1" 200 228088
195.154.123.122 - - [01/Nov/2024:01:46:19 +0100] "GET /ticket2/opencms/system/modules/com.gridnine.opencms.ticketbrokerage.site/resources/js/jquery/jquery.js HTTP/1.1" 200 93868
195.154.123.122 - - [01/Nov/2024:01:46:19 +0100] "GET /ticket2/opencms/system/modules/com.gridnine.opencms.ticketbrokerage.site/resources/js/calendar-en.js HTTP/1.1" 200 3338
195.154.123.122 - - [01/Nov/2024:01:46:19 +0100] "GET /ticket2/opencms/system/modules/com.gridnine.opencms.ticketbrokerage.site/resources/js/calendar.js HTTP/1.1" 200 49229
195.154.123.122 - - [01/Nov/2024:01:46:19 +0100] "GET /ticket2/opencms/system/modules/com.gridnine.opencms.ticketbrokerage.site/resources/js/functions.js HTTP/1.1" 200 1583
195.154.123.122 - - [01/Nov/2024:01:46:19 +0100] "GET /ticket2/opencms/system/modules/com.gridnine.opencms.ticketbrokerage.site/resources/js/calendar-setup.js HTTP/1.1" 200 4923
195.154.123.122 - - [01/Nov/2024:01:46:19 +0100] "GET /ticket2/opencms/system/modules/com.gridnine.opencms.ticketbrokerage.site/resources/js/jquery.fancybox.pack.js HTTP/1.1" 200 23187
195.154.123.122 - - [01/Nov/2024:01:46:19 +0100] "GET /ticket2/opencms/system/modules/com.gridnine.opencms.ticketbrokerage.site/resources/js/stickyfill.min.js HTTP/1.1" 200 5672
195.154.123.122 - - [01/Nov/2024:01:46:19 +0100] "GET /ticket2/opencms/system/modules/com.gridnine.opencms.ticketbrokerage.site/resources/js/standard.js HTTP/1.1" 200 3978
195.154.123.122 - - [01/Nov/2024:01:46:19 +0100] "GET /ticket2/opencms/system/modules/com.gridnine.opencms.ticketbrokerage.site/resources/js/jquery.placeholder.min.js HTTP/1.1" 200 1737
195.154.123.122 - - [01/Nov/2024:01:46:20 +0100] "GET /ticket2/opencms/system/modules/com.gridnine.opencms.ticketbrokerage.site/resources/js/common-ajax.js HTTP/1.1" 200 20175
195.154.123.122 - - [01/Nov/2024:01:46:20 +0100] "GET /ticket2/opencms/system/modules/com.gridnine.opencms.ticketbrokerage.site/resources/js/standard.js HTTP/1.1" 200 3978
192.99.37.132 - - [01/Nov/2024:01:46:22 +0100] "GET /ticket2/opencms/se/fi/buy/?page=1&edid=0FDA018D-B8AF-3F2B-04D5-9F590D681B22&sortorder=desc&column=section HTTP/1.1" 404 -
188.165.237.120 - - [01/Nov/2024:01:46:27 +0100] "GET /ticket2/opencms/sv/venue/?venueid=B9E98EE0-EDCD-A56C-D617-EAD0679984D5 HTTP/1.1" 200 87475
192.99.37.132 - - [01/Nov/2024:01:46:28 +0100] "GET /ticket2/opencms/se/fi/buy/?page=1&edid=109F549A-9FD7-B1FC-87D6-DB5E9ECA3E58&sortorder=desc&column=row HTTP/1.1" 404 -
173.252.83.22 - - [01/Nov/2024:01:46:31 +0100] "GET /ticket2/opencms/be/about/contact/ HTTP/1.1" 200 87651
192.99.37.132 - - [01/Nov/2024:01:46:35 +0100] "GET /ticket2/opencms/se/fi/sell/?edid=6471BDCD-0B2F-C3B9-3026-367C586DCB12 HTTP/1.1" 404 -
85.208.96.210 - - [01/Nov/2024:01:46:40 +0100] "GET /ticket2/opencms/fr/sport/billets-football/ HTTP/1.1" 200 97856
54.36.148.198 - - [01/Nov/2024:01:46:44 +0100] "GET /ticket2/opencms/fi/buy?comcatid=A17713B6-D984-201A-4143-ED4DB5ED5C2E&catid=&npage=7 HTTP/1.1" 200 159738
168.119.65.56 - - [01/Nov/2024:01:46:45 +0100] "GET /ticket2/opencms/system/modules/com.gridnine.opencms.ticketbrokerage.site/resources/css/jquery.fancybox.css HTTP/1.1" 200 4939
168.119.65.56 - - [01/Nov/2024:01:46:45 +0100] "GET /ticket2/opencms/system/modules/com.gridnine.opencms.ticketbrokerage.site/resources/css/calendar.css HTTP/1.1" 200 6871
168.119.65.56 - - [01/Nov/2024:01:46:45 +0100] "GET /ticket2/opencms/system/modules/com.gridnine.opencms.ticketbrokerage.site/resources/css/standard.css HTTP/1.1" 200 73073
168.119.65.56 - - [01/Nov/2024:01:46:45 +0100] "GET /ticket2/opencms/system/modules/com.gridnine.opencms.ticketbrokerage.site/resources/css/jquery-ui.css HTTP/1.1" 200 33221
168.119.65.56 - - [01/Nov/2024:01:46:45 +0100] "GET /ticket2/opencms/system/modules/com.gridnine.opencms.ticketbrokerage.site/resources/js/calendar.js HTTP/1.1" 200 49229
168.119.65.56 - - [01/Nov/2024:01:46:45 +0100] "GET /ticket2/opencms/system/modules/com.gridnine.opencms.ticketbrokerage.site/resources/css/ticketbrokerage.css HTTP/1.1" 200 39339
168.119.65.56 - - [01/Nov/2024:01:46:45 +0100] "GET /ticket2/opencms/system/modules/com.gridnine.opencms.ticketbrokerage.site/resources/js/jquery/jquery.js HTTP/1.1" 200 93868
168.119.65.56 - - [01/Nov/2024:01:46:45 +0100] "GET /ticket2/opencms/system/modules/com.gridnine.opencms.ticketbrokerage.site/resources/js/calendar-en.js HTTP/1.1" 200 3338
168.119.65.56 - - [01/Nov/2024:01:46:45 +0100] "GET /ticket2/opencms/system/modules/com.gridnine.opencms.ticketbrokerage.site/resources/js/jquery/jquery-ui.js HTTP/1.1" 200 228088
168.119.65.56 - - [01/Nov/2024:01:46:45 +0100] "GET /ticket2/opencms/system/modules/com.gridnine.opencms.ticketbrokerage.site/resources/js/calendar-setup.js HTTP/1.1" 200 4923
168.119.65.56 - - [01/Nov/2024:01:46:45 +0100] "GET /ticket2/opencms/system/modules/com.gridnine.opencms.ticketbrokerage.site/resources/js/jquery.fancybox.pack.js HTTP/1.1" 200 23187
168.119.65.56 - - [01/Nov/2024:01:46:45 +0100] "GET /ticket2/opencms/system/modules/com.gridnine.opencms.ticketbrokerage.site/resources/js/stickyfill.min.js HTTP/1.1" 200 5672
168.119.65.56 - - [01/Nov/2024:01:46:45 +0100] "GET /ticket2/opencms/system/modules/com.gridnine.opencms.ticketbrokerage.site/resources/js/standard.js HTTP/1.1" 200 3978
168.119.65.56 - - [01/Nov/2024:01:46:45 +0100] "GET /ticket2/opencms/system/modules/com.gridnine.opencms.ticketbrokerage.site/resources/js/functions.js HTTP/1.1" 200 1583
168.119.65.56 - - [01/Nov/2024:01:46:45 +0100] "GET /ticket2/opencms/system/modules/com.gridnine.opencms.ticketbrokerage.site/resources/js/jquery.placeholder.min.js HTTP/1.1" 200 1737
168.119.65.56 - - [01/Nov/2024:01:46:45 +0100] "GET /ticket2/opencms/system/modules/com.gridnine.opencms.ticketbrokerage.site/resources/js/common-ajax.js HTTP/1.1" 200 20175
168.119.65.56 - - [01/Nov/2024:01:46:45 +0100] "GET /ticket2/opencms/system/modules/com.gridnine.opencms.ticketbrokerage.site/resources/js/standard.js HTTP/1.1" 200 3978
188.165.237.120 - - [01/Nov/2024:01:46:50 +0100] "GET /ticket2/opencms/sv/venue/?venueid=BA726E61-6088-DAC3-1BB7-35F85C751C16 HTTP/1.1" 200 87469
54.38.85.17 - - [01/Nov/2024:01:46:55 +0100] "GET /ticket2/opencms/de/en/login/?edid=6569E833-F58F-E565-7CC3-4E596C1015F9 HTTP/1.1" 404 -
192.99.37.132 - - [01/Nov/2024:01:46:56 +0100] "GET /ticket2/opencms/se/fi/sell/?edid=67B7FBFB-E5E2-DC98-C507-5A3A18AC072D HTTP/1.1" 404 -
185.157.223.150 - - [01/Nov/2024:01:47:00 +0100] "GET /ticket2/tickets_export/outgoing/export.txt HTTP/1.1" 200 40152621
40.77.167.68 - - [01/Nov/2024:01:47:02 +0100] "GET /ticket2/opencms/dk/buy/?page=1&edid=525CC8ED-4243-A253-ADD9-E32F396C2C4C HTTP/1.1" 200 97363
192.99.37.132 - - [01/Nov/2024:01:47:06 +0100] "GET /ticket2/opencms/se/ru/buy/?page=1&edid=213A241C-CBD1-63CB-002B-7734E06AD58D&sortorder=asc&column=row HTTP/1.1" 404 -
54.38.85.17 - - [01/Nov/2024:01:47:07 +0100] "GET /ticket2/opencms/de/en/login/?edid=7E653C31-A788-6271-D9AA-FE8367BFE104 HTTP/1.1" 404 -
188.165.237.120 - - [01/Nov/2024:01:47:14 +0100] "GET /ticket2/opencms/sv/venue/?venueid=BA7F5070-8E85-86F6-14CE-D436C8666BBE HTTP/1.1" 200 87470
47.128.22.113 - - [01/Nov/2024:01:47:15 +0100] "GET /ticket2/opencms/sl/buy/?comcatid=0A6B8208-FDA4-E929-9D72-5312FD481B76&catid=465306FD-802C-5175-10FF-40E426DD2769 HTTP/1.1" 200 87376
173.252.87.113 - - [01/Nov/2024:01:47:18 +0100] "GET /ticket2/opencms/lv/buy?page=1&edid=2684212B-FA50-DC4B-3CFA-1303E9638140 HTTP/1.1" 200 120896
54.38.85.17 - - [01/Nov/2024:01:47:18 +0100] "GET /ticket2/opencms/de/en/login/?edid=CF871F32-58B9-936F-E54E-3AC3FCAE5989 HTTP/1.1" 404 -
84.217.90.209 - - [01/Nov/2024:01:47:19 +0100] "GET /ticket2/opencms/sv/sport/fotbollsbiljetter/premier_league/tottenham/?gad_source=1&gclid=Cj0KCQjw1Yy5BhD-ARIsAI0RbXZUDAky6PogumxKxDHbmCii1cSo8AxuP5sP3jQXfwK4YmPZRBKJCN4aAmslEALw_wcB HTTP/1.1" 200 99588
84.217.90.209 - - [01/Nov/2024:01:47:19 +0100] "GET /ticket2/opencms/system/modules/com.gridnine.opencms.ticketbrokerage.site/resources/css/ticketbrokerage.css HTTP/1.1" 200 39339
84.217.90.209 - - [01/Nov/2024:01:47:19 +0100] "GET /ticket2/opencms/system/modules/com.gridnine.opencms.ticketbrokerage.site/resources/css/calendar.css HTTP/1.1" 200 6871
84.217.90.209 - - [01/Nov/2024:01:47:19 +0100] "GET /ticket2/opencms/system/modules/com.gridnine.opencms.ticketbrokerage.site/resources/css/jquery-ui.css HTTP/1.1" 200 33221
84.217.90.209 - - [01/Nov/2024:01:47:19 +0100] "GET /ticket2/opencms/system/modules/com.gridnine.opencms.ticketbrokerage.site/resources/css/jquery.fancybox.css HTTP/1.1" 200 4939
84.217.90.209 - - [01/Nov/2024:01:47:19 +0100] "GET /ticket2/opencms/system/modules/com.gridnine.opencms.ticketbrokerage.site/resources/css/standard.css HTTP/1.1" 200 73073
84.217.90.209 - - [01/Nov/2024:01:47:19 +0100] "GET /ticket2/opencms/system/modules/com.gridnine.opencms.ticketbrokerage.site/resources/js/jquery/jquery.js HTTP/1.1" 200 93868
84.217.90.209 - - [01/Nov/2024:01:47:19 +0100] "GET /ticket2/opencms/system/modules/com.gridnine.opencms.ticketbrokerage.site/resources/js/jquery/jquery-ui.js HTTP/1.1" 200 228088
192.99.37.132 - - [01/Nov/2024:01:47:19 +0100] "GET /ticket2/opencms/se/ru/buy/?page=1&edid=213A241C-CBD1-63CB-002B-7734E06AD58D&sortorder=asc&column=section HTTP/1.1" 404 -
84.217.90.209 - - [01/Nov/2024:01:47:19 +0100] "GET /ticket2/opencms/system/modules/com.gridnine.opencms.ticketbrokerage.site/resources/js/functions.js HTTP/1.1" 200 1583
84.217.90.209 - - [01/Nov/2024:01:47:19 +0100] "GET /ticket2/opencms/system/modules/com.gridnine.opencms.ticketbrokerage.site/resources/js/calendar.js HTTP/1.1" 200 49229
84.217.90.209 - - [01/Nov/2024:01:47:19 +0100] "GET /ticket2/opencms/system/modules/com.gridnine.opencms.ticketbrokerage.site/resources/js/calendar-en.js HTTP/1.1" 200 3338
84.217.90.209 - - [01/Nov/2024:01:47:19 +0100] "GET /ticket2/opencms/system/modules/com.gridnine.opencms.ticketbrokerage.site/resources/js/calendar-setup.js HTTP/1.1" 200 4923
84.217.90.209 - - [01/Nov/2024:01:47:19 +0100] "GET /ticket2/opencms/system/modules/com.gridnine.opencms.ticketbrokerage.site/resources/js/jquery.fancybox.pack.js HTTP/1.1" 200 23187
84.217.90.209 - - [01/Nov/2024:01:47:19 +0100] "GET /ticket2/opencms/system/modules/com.gridnine.opencms.ticketbrokerage.site/resources/js/stickyfill.min.js HTTP/1.1" 200 5672
84.217.90.209 - - [01/Nov/2024:01:47:19 +0100] "GET /ticket2/opencms/system/modules/com.gridnine.opencms.ticketbrokerage.site/resources/js/common-ajax.js HTTP/1.1" 200 20175
84.217.90.209 - - [01/Nov/2024:01:47:19 +0100] "GET /ticket2/opencms/system/modules/com.gridnine.opencms.ticketbrokerage.site/resources/js/standard.js HTTP/1.1" 200 3978
84.217.90.209 - - [01/Nov/2024:01:47:19 +0100] "GET /ticket2/opencms/system/modules/com.gridnine.opencms.ticketbrokerage.site/resources/js/jquery.placeholder.min.js HTTP/1.1" 200 1737
84.217.90.209 - - [01/Nov/2024:01:47:19 +0100] "GET /ticket2/opencms/system/modules/com.gridnine.opencms.ticketbrokerage.site/resources/pics/logo-new.png HTTP/1.1" 200 13541
84.217.90.209 - - [01/Nov/2024:01:47:19 +0100] "GET /ticket2/opencms/img/insta.png HTTP/1.1" 200 3967
84.217.90.209 - - [01/Nov/2024:01:47:19 +0100] "GET /ticket2/opencms/img/fb.png HTTP/1.1" 200 1269
84.217.90.209 - - [01/Nov/2024:01:47:19 +0100] "GET /ticket2/opencms/system/modules/com.gridnine.opencms.ticketbrokerage.site/resources/pics/banners/Tottenham.jpg HTTP/1.1" 200 13797
84.217.90.209 - - [01/Nov/2024:01:47:19 +0100] "GET /ticket2/opencms/system/modules/com.gridnine.opencms.ticketbrokerage.site/resources/pics/footer-img.jpg HTTP/1.1" 200 67642
84.217.90.209 - - [01/Nov/2024:01:47:19 +0100] "GET /ticket2/opencms/img/check.png HTTP/1.1" 200 548
84.217.90.209 - - [01/Nov/2024:01:47:19 +0100] "GET /ticket2/opencms/img/mail.png HTTP/1.1" 200 403
84.217.90.209 - - [01/Nov/2024:01:47:19 +0100] "GET /ticket2/opencms/img/chat.png HTTP/1.1" 200 416
84.217.90.209 - - [01/Nov/2024:01:47:19 +0100] "GET /ticket2/opencms/img/arrow.png HTTP/1.1" 200 753
84.217.90.209 - - [01/Nov/2024:01:47:19 +0100] "GET /ticket2/opencms/img/icons/en.png HTTP/1.1" 200 2415
84.217.90.209 - - [01/Nov/2024:01:47:19 +0100] "GET /ticket2/opencms/img/icons/globe-white.png HTTP/1.1" 200 947
173.252.107.113 - - [01/Nov/2024:01:47:19 +0100] "GET /ticket2/opencms/az/buy?page=1&edid=B7C31852-4938-05B8-A23C-0248E7A3D5BA HTTP/1.1" 200 124045
84.217.90.209 - - [01/Nov/2024:01:47:19 +0100] "GET /ticket2/opencms/img/icons/fi.png HTTP/1.1" 200 1785
84.217.90.209 - - [01/Nov/2024:01:47:19 +0100] "GET /ticket2/opencms/img/icons/se.png HTTP/1.1" 200 1258
84.217.90.209 - - [01/Nov/2024:01:47:19 +0100] "GET /ticket2/opencms/img/icons/no.png HTTP/1.1" 200 1958
84.217.90.209 - - [01/Nov/2024:01:47:19 +0100] "GET /ticket2/opencms/img/icons/dk.png HTTP/1.1" 200 1706
84.217.90.209 - - [01/Nov/2024:01:47:20 +0100] "GET /ticket2/opencms/img/icons/nl.png HTTP/1.1" 200 1255
84.217.90.209 - - [01/Nov/2024:01:47:20 +0100] "GET /ticket2/opencms/img/icons/de.png HTTP/1.1" 200 1124
84.217.90.209 - - [01/Nov/2024:01:47:20 +0100] "GET /ticket2/opencms/img/icons/es.png HTTP/1.1" 200 1005
84.217.90.209 - - [01/Nov/2024:01:47:20 +0100] "GET /ticket2/opencms/img/icons/it.png HTTP/1.1" 200 2040
84.217.90.209 - - [01/Nov/2024:01:47:20 +0100] "GET /ticket2/opencms/img/icons/sq.png HTTP/1.1" 200 1619
84.217.90.209 - - [01/Nov/2024:01:47:20 +0100] "GET /ticket2/opencms/img/icons/pl.png HTTP/1.1" 200 1578
84.217.90.209 - - [01/Nov/2024:01:47:20 +0100] "GET /ticket2/opencms/img/icons/fr.png HTTP/1.1" 200 1764
84.217.90.209 - - [01/Nov/2024:01:47:20 +0100] "GET /ticket2/opencms/img/icons/az.png HTTP/1.1" 200 1445
84.217.90.209 - - [01/Nov/2024:01:47:20 +0100] "GET /ticket2/opencms/img/icons/be.png HTTP/1.1" 200 1663
84.217.90.209 - - [01/Nov/2024:01:47:20 +0100] "GET /ticket2/opencms/img/icons/bs.png HTTP/1.1" 200 1014
84.217.90.209 - - [01/Nov/2024:01:47:20 +0100] "GET /ticket2/opencms/img/icons/bg.png HTTP/1.1" 200 788
84.217.90.209 - - [01/Nov/2024:01:47:20 +0100] "GET /ticket2/opencms/img/icons/hr.png HTTP/1.1" 200 2024
84.217.90.209 - - [01/Nov/2024:01:47:20 +0100] "GET /ticket2/opencms/img/icons/cs.png HTTP/1.1" 200 1883
84.217.90.209 - - [01/Nov/2024:01:47:20 +0100] "GET /ticket2/opencms/img/icons/et.png HTTP/1.1" 200 754
84.217.90.209 - - [01/Nov/2024:01:47:20 +0100] "GET /ticket2/opencms/img/icons/el.png HTTP/1.1" 200 1637
84.217.90.209 - - [01/Nov/2024:01:47:20 +0100] "GET /ticket2/opencms/img/icons/ka.png HTTP/1.1" 200 860
84.217.90.209 - - [01/Nov/2024:01:47:20 +0100] "GET /ticket2/opencms/img/icons/hu.png HTTP/1.1" 200 733
84.217.90.209 - - [01/Nov/2024:01:47:20 +0100] "GET /ticket2/opencms/img/icons/is.png HTTP/1.1" 200 1884
84.217.90.209 - - [01/Nov/2024:01:47:20 +0100] "GET /ticket2/opencms/img/icons/ga.png HTTP/1.1" 200 1759
84.217.90.209 - - [01/Nov/2024:01:47:20 +0100] "GET /ticket2/opencms/img/icons/lv.png HTTP/1.1" 200 716
84.217.90.209 - - [01/Nov/2024:01:47:20 +0100] "GET /ticket2/opencms/img/icons/lt.png HTTP/1.1" 200 733
84.217.90.209 - - [01/Nov/2024:01:47:20 +0100] "GET /ticket2/opencms/img/icons/mt.png HTTP/1.1" 200 920
84.217.90.209 - - [01/Nov/2024:01:47:20 +0100] "GET /ticket2/opencms/img/icons/mo.png HTTP/1.1" 200 1468
84.217.90.209 - - [01/Nov/2024:01:47:20 +0100] "GET /ticket2/opencms/img/icons/ro.png HTTP/1.1" 200 1393
84.217.90.209 - - [01/Nov/2024:01:47:20 +0100] "GET /ticket2/opencms/img/icons/sr.png HTTP/1.1" 200 1602
84.217.90.209 - - [01/Nov/2024:01:47:20 +0100] "GET /ticket2/opencms/img/icons/sk.png HTTP/1.1" 200 1283
84.217.90.209 - - [01/Nov/2024:01:47:20 +0100] "GET /ticket2/opencms/img/icons/sl.png HTTP/1.1" 200 966
84.217.90.209 - - [01/Nov/2024:01:47:20 +0100] "GET /ticket2/opencms/img/icons/uk.png HTTP/1.1" 200 1272
84.217.90.209 - - [01/Nov/2024:01:47:20 +0100] "GET /ticket2/opencms/img/icons/tr.png HTTP/1.1" 200 1636
84.217.90.209 - - [01/Nov/2024:01:47:20 +0100] "GET /ticket2/opencms/system/modules/com.gridnine.opencms.ticketbrokerage.site/resources/js/standard.js HTTP/1.1" 200 3978
84.217.90.209 - - [01/Nov/2024:01:47:20 +0100] "GET /ticket2/opencms/img/icons/ticket2.thumbnail.png HTTP/1.1" 200 21519
84.217.90.209 - - [01/Nov/2024:01:47:21 +0100] "GET /ticket2/opencms/system/modules/com.gridnine.opencms.ticketbrokerage.site/resources/css/images/ui-bg_flat_75_ffffff_40x100.png HTTP/1.1" 404 -
192.99.37.132 - - [01/Nov/2024:01:47:26 +0100] "GET /ticket2/opencms/se/ru/buy/?page=1&edid=213A241C-CBD1-63CB-002B-7734E06AD58D&sortorder=desc&column=section HTTP/1.1" 404 -
54.38.85.17 - - [01/Nov/2024:01:47:30 +0100] "GET /ticket2/opencms/de/en/login/?edid=EB937F59-78A8-4F54-1D8E-A6CD792386CC HTTP/1.1" 404 -
192.99.37.132 - - [01/Nov/2024:01:47:33 +0100] "GET /ticket2/opencms/se/ru/buy/?page=1&edid=2385A97C-ADBC-714E-058F-F9D1A81366A6&sortorder=asc&column=price HTTP/1.1" 404 -
188.165.237.120 - - [01/Nov/2024:01:47:40 +0100] "GET /ticket2/opencms/sv/venue/?venueid=BB4E41F7-ED8B-8F32-5D05-ADA090F513A1 HTTP/1.1" 200 87442
54.38.85.17 - - [01/Nov/2024:01:47:42 +0100] "GET /ticket2/opencms/de/en/login/?edid=FB919A6A-DE02-1353-FDB8-CEDFF340E9B7 HTTP/1.1" 404 -
54.36.149.7 - - [01/Nov/2024:01:47:48 +0100] "GET /ticket2/opencms/cs/buy/?page=1&edid=CF85F428-766F-D675-E16A-795E19713900 HTTP/1.1" 200 98568
188.165.237.120 - - [01/Nov/2024:01:48:03 +0100] "GET /ticket2/opencms/sv/venue/?venueid=BB5DCC3D-DF81-3AAD-D19F-0F0A28A6463A HTTP/1.1" 200 87434
157.55.39.51 - - [01/Nov/2024:01:48:04 +0100] "GET /ticket2/opencms/it/buy/?page=1&edid=F0845893-AB25-79ED-E273-8681A31846EB HTTP/1.1" 200 101908
47.128.41.86 - - [01/Nov/2024:01:48:08 +0100] "GET /ticket2/opencms/is/buy/?edid=DD26041B-007D-3EE6-A8F7-303AB350D2E4 HTTP/1.1" 200 81480
54.36.149.81 - - [01/Nov/2024:01:48:16 +0100] "GET /ticket2/opencms/nl/buy/?page=1&edid=47204AA8-991B-CC72-47D7-98A5A0A901A7 HTTP/1.1" 200 99717
114.119.151.50 - - [01/Nov/2024:01:48:19 +0100] "GET /ticket2/opencms/en/venue/?countryid=C02FA7EF-C506-8CCA-9C06-722A0E6233D0 HTTP/1.1" 200 115976
54.36.148.111 - - [01/Nov/2024:01:48:25 +0100] "GET /ticket2/opencms/be/buy/?page=1&edid=24658CB7-0503-4139-A73F-444B9F961692 HTTP/1.1" 200 100639
188.165.237.120 - - [01/Nov/2024:01:48:30 +0100] "GET /ticket2/opencms/sv/venue/?venueid=BB60E449-528D-3AE9-B113-A6ED9AB7DBD0 HTTP/1.1" 200 87476
54.36.149.17 - - [01/Nov/2024:01:48:33 +0100] "GET /ticket2/opencms/hu/buy?page=1&edid=E0A8CE5D-A2DA-F5EB-6814-85F787FE51D7 HTTP/1.1" 200 101967
54.36.149.35 - - [01/Nov/2024:01:48:35 +0100] "GET /ticket2/opencms/sv/venue/?venueid=849CB8D2-585E-A2B3-5FDB-72B7613BA7D9 HTTP/1.1" 200 87454
162.252.171.62 - - [01/Nov/2024:01:48:35 +0100] "GET /ticket2/opencms/de/sport/fussball-tickets/premier_league/arsenal/?gad_source=5&gclid=EAIaIQobChMI8P3JhLO3iQMVwO31Ah0pRTsoEAEYASAAEgLREPD_BwE HTTP/1.1" 200 97182
135.181.113.213 - - [01/Nov/2024:01:48:36 +0100] "GET /ticket2/opencms/system/modules/com.gridnine.opencms.ticketbrokerage.site/resources/css/calendar.css HTTP/1.1" 200 6871
135.181.113.213 - - [01/Nov/2024:01:48:36 +0100] "GET /ticket2/opencms/system/modules/com.gridnine.opencms.ticketbrokerage.site/resources/css/standard.css HTTP/1.1" 200 73073
135.181.113.213 - - [01/Nov/2024:01:48:36 +0100] "GET /ticket2/opencms/system/modules/com.gridnine.opencms.ticketbrokerage.site/resources/css/jquery.fancybox.css HTTP/1.1" 200 4939
135.181.113.213 - - [01/Nov/2024:01:48:36 +0100] "GET /ticket2/opencms/system/modules/com.gridnine.opencms.ticketbrokerage.site/resources/css/ticketbrokerage.css HTTP/1.1" 200 39339
135.181.113.213 - - [01/Nov/2024:01:48:36 +0100] "GET /ticket2/opencms/system/modules/com.gridnine.opencms.ticketbrokerage.site/resources/css/jquery-ui.css HTTP/1.1" 200 33221
162.252.171.62 - - [01/Nov/2024:01:48:36 +0100] "GET /ticket2/opencms/system/modules/com.gridnine.opencms.ticketbrokerage.site/resources/js/jquery/jquery.js HTTP/1.1" 200 93868
162.252.171.62 - - [01/Nov/2024:01:48:37 +0100] "GET /ticket2/opencms/system/modules/com.gridnine.opencms.ticketbrokerage.site/resources/js/jquery/jquery-ui.js HTTP/1.1" 200 228088
162.252.171.62 - - [01/Nov/2024:01:48:37 +0100] "GET /ticket2/opencms/system/modules/com.gridnine.opencms.ticketbrokerage.site/resources/js/calendar.js HTTP/1.1" 200 49229
162.252.171.62 - - [01/Nov/2024:01:48:37 +0100] "GET /ticket2/opencms/system/modules/com.gridnine.opencms.ticketbrokerage.site/resources/js/calendar-setup.js HTTP/1.1" 200 4923
162.252.171.62 - - [01/Nov/2024:01:48:37 +0100] "GET /ticket2/opencms/system/modules/com.gridnine.opencms.ticketbrokerage.site/resources/js/common-ajax.js HTTP/1.1" 200 20175
162.252.171.62 - - [01/Nov/2024:01:48:37 +0100] "GET /ticket2/opencms/system/modules/com.gridnine.opencms.ticketbrokerage.site/resources/js/jquery.fancybox.pack.js HTTP/1.1" 200 23187
162.252.171.62 - - [01/Nov/2024:01:48:38 +0100] "GET /ticket2/opencms/system/modules/com.gridnine.opencms.ticketbrokerage.site/resources/js/stickyfill.min.js HTTP/1.1" 200 5672
162.252.171.62 - - [01/Nov/2024:01:48:38 +0100] "GET /ticket2/opencms/system/modules/com.gridnine.opencms.ticketbrokerage.site/resources/js/standard.js HTTP/1.1" 200 3978
162.252.171.62 - - [01/Nov/2024:01:48:38 +0100] "GET /ticket2/opencms/system/modules/com.gridnine.opencms.ticketbrokerage.site/resources/js/calendar-en.js HTTP/1.1" 200 3338
162.252.171.62 - - [01/Nov/2024:01:48:38 +0100] "GET /ticket2/opencms/system/modules/com.gridnine.opencms.ticketbrokerage.site/resources/js/jquery.placeholder.min.js HTTP/1.1" 200 1737
162.252.171.62 - - [01/Nov/2024:01:48:39 +0100] "GET /ticket2/opencms/system/modules/com.gridnine.opencms.ticketbrokerage.site/resources/js/functions.js HTTP/1.1" 200 1583
135.181.113.213 - - [01/Nov/2024:01:48:39 +0100] "GET /ticket2/opencms/img/insta.png HTTP/1.1" 200 3967
135.181.113.213 - - [01/Nov/2024:01:48:39 +0100] "GET /ticket2/opencms/system/modules/com.gridnine.opencms.ticketbrokerage.site/resources/pics/footer-img.jpg HTTP/1.1" 200 67642
135.181.113.213 - - [01/Nov/2024:01:48:39 +0100] "GET /ticket2/opencms/system/modules/com.gridnine.opencms.ticketbrokerage.site/resources/pics/logo-new.png HTTP/1.1" 200 13541
135.181.113.213 - - [01/Nov/2024:01:48:39 +0100] "GET /ticket2/opencms/img/fb.png HTTP/1.1" 200 1269
37.123.143.11 - - [01/Nov/2024:01:48:40 +0100] "GET /ticket2/opencms/system/workplace/views/top_foot.jsp?wpFrame=foot HTTP/1.1" 200 1210
37.123.143.11 - - [01/Nov/2024:01:48:40 +0100] "GET /ticket2/opencms/system/workplace/commons/style/workplace.css HTTP/1.1" 200 14209
47.128.44.242 - - [01/Nov/2024:01:48:40 +0100] "GET /ticket2/opencms/is/buy/?edid=BE18676F-AB94-E65E-A849-408190E75353 HTTP/1.1" 200 81480
135.181.113.213 - - [01/Nov/2024:01:48:41 +0100] "GET /ticket2/opencms/img/check.png HTTP/1.1" 200 548
135.181.113.213 - - [01/Nov/2024:01:48:41 +0100] "GET /ticket2/opencms/img/arrow.png HTTP/1.1" 200 753
135.181.113.213 - - [01/Nov/2024:01:48:41 +0100] "GET /ticket2/opencms/img/chat.png HTTP/1.1" 200 416
135.181.113.213 - - [01/Nov/2024:01:48:41 +0100] "GET /ticket2/opencms/img/mail.png HTTP/1.1" 200 403
135.181.113.213 - - [01/Nov/2024:01:48:41 +0100] "GET /ticket2/opencms/img/hero-team.jpeg HTTP/1.1" 200 73065
40.77.167.68 - - [01/Nov/2024:01:48:41 +0100] "GET /ticket2/opencms/sk/buy?page=1&edid=2197E523-8740-2A01-BD5D-12E3C3F2DBFE HTTP/1.1" 200 136586
54.36.149.65 - - [01/Nov/2024:01:48:43 +0100] "GET /ticket2/opencms/fi/venue/?venueid=C458B6B1-F3BA-F452-1EA5-B4B6AF5E0413 HTTP/1.1" 200 87971
135.181.113.213 - - [01/Nov/2024:01:48:43 +0100] "GET /ticket2/opencms/img/icons/globe-white.png HTTP/1.1" 200 947
135.181.113.213 - - [01/Nov/2024:01:48:43 +0100] "GET /ticket2/opencms/img/icons/se.png HTTP/1.1" 200 1258
135.181.113.213 - - [01/Nov/2024:01:48:43 +0100] "GET /ticket2/opencms/img/icons/fi.png HTTP/1.1" 200 1785
135.181.113.213 - - [01/Nov/2024:01:48:43 +0100] "GET /ticket2/opencms/img/icons/no.png HTTP/1.1" 200 1958
135.181.113.213 - - [01/Nov/2024:01:48:43 +0100] "GET /ticket2/opencms/img/icons/nl.png HTTP/1.1" 200 1255
135.181.113.213 - - [01/Nov/2024:01:48:43 +0100] "GET /ticket2/opencms/img/icons/de.png HTTP/1.1" 200 1124
135.181.113.213 - - [01/Nov/2024:01:48:43 +0100] "GET /ticket2/opencms/img/icons/dk.png HTTP/1.1" 200 1706
135.181.113.213 - - [01/Nov/2024:01:48:43 +0100] "GET /ticket2/opencms/img/icons/el.png HTTP/1.1" 200 1637
135.181.113.213 - - [01/Nov/2024:01:48:43 +0100] "GET /ticket2/opencms/img/icons/is.png HTTP/1.1" 200 1884
135.181.113.213 - - [01/Nov/2024:01:48:43 +0100] "GET /ticket2/opencms/img/icons/lt.png HTTP/1.1" 200 733
135.181.113.213 - - [01/Nov/2024:01:48:43 +0100] "GET /ticket2/opencms/img/icons/en.png HTTP/1.1" 200 2415
135.181.113.213 - - [01/Nov/2024:01:48:43 +0100] "GET /ticket2/opencms/img/icons/es.png HTTP/1.1" 200 1005
135.181.113.213 - - [01/Nov/2024:01:48:43 +0100] "GET /ticket2/opencms/img/icons/hu.png HTTP/1.1" 200 733
135.181.113.213 - - [01/Nov/2024:01:48:43 +0100] "GET /ticket2/opencms/img/icons/ka.png HTTP/1.1" 200 860
135.181.113.213 - - [01/Nov/2024:01:48:43 +0100] "GET /ticket2/opencms/img/icons/fr.png HTTP/1.1" 200 1764
135.181.113.213 - - [01/Nov/2024:01:48:43 +0100] "GET /ticket2/opencms/img/icons/it.png HTTP/1.1" 200 2040
135.181.113.213 - - [01/Nov/2024:01:48:43 +0100] "GET /ticket2/opencms/img/icons/pl.png HTTP/1.1" 200 1578
135.181.113.213 - - [01/Nov/2024:01:48:43 +0100] "GET /ticket2/opencms/img/icons/be.png HTTP/1.1" 200 1663
135.181.113.213 - - [01/Nov/2024:01:48:43 +0100] "GET /ticket2/opencms/img/icons/sq.png HTTP/1.1" 200 1619
135.181.113.213 - - [01/Nov/2024:01:48:43 +0100] "GET /ticket2/opencms/img/icons/bs.png HTTP/1.1" 200 1014
135.181.113.213 - - [01/Nov/2024:01:48:43 +0100] "GET /ticket2/opencms/img/icons/az.png HTTP/1.1" 200 1445
135.181.113.213 - - [01/Nov/2024:01:48:43 +0100] "GET /ticket2/opencms/img/icons/bg.png HTTP/1.1" 200 788
135.181.113.213 - - [01/Nov/2024:01:48:43 +0100] "GET /ticket2/opencms/img/icons/hr.png HTTP/1.1" 200 2024
135.181.113.213 - - [01/Nov/2024:01:48:43 +0100] "GET /ticket2/opencms/img/icons/cs.png HTTP/1.1" 200 1883
135.181.113.213 - - [01/Nov/2024:01:48:43 +0100] "GET /ticket2/opencms/img/icons/lv.png HTTP/1.1" 200 716
135.181.113.213 - - [01/Nov/2024:01:48:43 +0100] "GET /ticket2/opencms/img/icons/ga.png HTTP/1.1" 200 1759
135.181.113.213 - - [01/Nov/2024:01:48:43 +0100] "GET /ticket2/opencms/img/icons/et.png HTTP/1.1" 200 754
135.181.113.213 - - [01/Nov/2024:01:48:43 +0100] "GET /ticket2/opencms/img/icons/mt.png HTTP/1.1" 200 920
135.181.113.213 - - [01/Nov/2024:01:48:43 +0100] "GET /ticket2/opencms/img/icons/mo.png HTTP/1.1" 200 1468
135.181.113.213 - - [01/Nov/2024:01:48:44 +0100] "GET /ticket2/opencms/img/icons/sk.png HTTP/1.1" 200 1283
135.181.113.213 - - [01/Nov/2024:01:48:44 +0100] "GET /ticket2/opencms/img/icons/sr.png HTTP/1.1" 200 1602
135.181.113.213 - - [01/Nov/2024:01:48:44 +0100] "GET /ticket2/opencms/img/icons/uk.png HTTP/1.1" 200 1272
135.181.113.213 - - [01/Nov/2024:01:48:44 +0100] "GET /ticket2/opencms/img/icons/tr.png HTTP/1.1" 200 1636
135.181.113.213 - - [01/Nov/2024:01:48:44 +0100] "GET /ticket2/opencms/img/icons/ro.png HTTP/1.1" 200 1393
135.181.113.213 - - [01/Nov/2024:01:48:44 +0100] "GET /ticket2/opencms/img/icons/sl.png HTTP/1.1" 200 966
162.252.171.62 - - [01/Nov/2024:01:48:46 +0100] "GET /ticket2/opencms/system/modules/com.gridnine.opencms.ticketbrokerage.site/resources/js/standard.js HTTP/1.1" 200 3978
135.181.113.213 - - [01/Nov/2024:01:48:47 +0100] "GET /ticket2/opencms/system/modules/com.gridnine.opencms.ticketbrokerage.site/resources/css/images/ui-bg_flat_75_ffffff_40x100.png HTTP/1.1" 404 -
