183.179.150.46 - - [01/Nov/2024:04:18:49 +0100] "GET /ticket2/opencms/sv/venue/?venueid=FD96E284-2B2D-3C17-09D0-D66476535FBF HTTP/1.1" 200 87496
37.60.239.40 - - [01/Nov/2024:04:18:54 +0100] "GET /ticket2/opencms/dk/buy/?page=1&edid=480EA493-0E5F-7F69-07F4-58B5BF351D39&sortorder=desc&column=row HTTP/1.1" 200 100783
194.242.57.234 - - [01/Nov/2024:04:18:55 +0100] "GET /ticket2/opencms/se/sv/buy/?page=1&edid=BFABCD8A-0370-5121-72EB-FB336CE4A45D&sortorder=asc&column=section HTTP/1.1" 404 -
183.179.150.46 - - [01/Nov/2024:04:18:55 +0100] "GET /ticket2/opencms/sv/venue/?venueid=FE0A6C11-4A73-F647-BBF2-5FB155F67517 HTTP/1.1" 200 87487
54.36.149.52 - - [01/Nov/2024:04:18:57 +0100] "GET /ticket2/opencms/is/buy/?page=1&edid=2A0AB201-68D6-81F4-4EF6-313AAEA5E454 HTTP/1.1" 200 101863
217.182.175.120 - - [01/Nov/2024:04:18:58 +0100] "GET /ticket2/opencms/dk/no/buy/?page=6&comcatid=97ECA65A-72DA-F9AF-9DBB-245D3CFED1BE&catid=E3105E1E-3982-291E-5523-1C1DF161E9B7&eventid=6CE976A6-C041-3D5C-6428-EBDF44629C04 HTTP/1.1" 404 -
37.60.239.40 - - [01/Nov/2024:04:18:58 +0100] "GET /ticket2/opencms/dk/buy/?page=1&edid=493237D4-AB57-51F1-CDB9-F1D0A9269619&sortorder=desc&column=section HTTP/1.1" 200 101199
183.179.150.46 - - [01/Nov/2024:04:19:01 +0100] "GET /ticket2/opencms/sv/venue/?venueid=FE687578-641E-3F09-3462-AE6F5429E92A HTTP/1.1" 200 87454
47.128.96.49 - - [01/Nov/2024:04:19:04 +0100] "GET /ticket2/opencms/de/buy?page=1&edid=1BDA6D08-38AF-6470-7423-555F9C3DEC73 HTTP/1.1" 200 102001
47.128.96.49 - - [01/Nov/2024:04:19:06 +0100] "GET /ticket2/opencms/de/ask-form.html HTTP/1.1" 200 3156
183.179.150.46 - - [01/Nov/2024:04:19:07 +0100] "GET /ticket2/opencms/sv/venue/?venueid=FF21FF50-A37F-0165-85A9-80D1D5F77A6E HTTP/1.1" 200 87433
37.60.239.40 - - [01/Nov/2024:04:19:08 +0100] "GET /ticket2/opencms/dk/buy/?page=1&edid=4C79C702-F201-24E3-E256-9C6145D94338 HTTP/1.1" 200 99618
54.36.149.21 - - [01/Nov/2024:04:19:12 +0100] "GET /ticket2/opencms/is/buy/?page=1&edid=BABB7B15-4A6B-2CD0-A4E6-6F9CC954F92B HTTP/1.1" 200 98786
183.179.150.46 - - [01/Nov/2024:04:19:13 +0100] "GET /ticket2/opencms/sv/venue/?venueid=FF5203A7-122F-1365-4962-1F8CB4E034AD HTTP/1.1" 200 87481
37.60.239.40 - - [01/Nov/2024:04:19:15 +0100] "GET /ticket2/opencms/dk/buy/?page=1&edid=4CCCE17A-D346-BB0B-92E1-11763BCC5ACD HTTP/1.1" 200 100653
217.182.175.120 - - [01/Nov/2024:04:19:17 +0100] "GET /ticket2/opencms/dk/no/buy/?page=6&comcatid=A17713B6-D984-201A-4143-ED4DB5ED5C2E&catid=0A6C99D2-F5BD-7A18-9A5F-5668827042E0&eventid=2D882524-F20E-911C-330E-DB5F72C129F5 HTTP/1.1" 404 -
183.179.150.46 - - [01/Nov/2024:04:19:19 +0100] "GET /ticket2/opencms/sv/venue/?venueid=FFAD140D-D3E3-13F5-E204-505E06314019 HTTP/1.1" 200 87439
194.242.57.234 - - [01/Nov/2024:04:19:20 +0100] "GET /ticket2/opencms/se/sv/buy/?page=1&edid=BFABCD8A-0370-5121-72EB-FB336CE4A45D&sortorder=desc&column=price HTTP/1.1" 404 -
124.243.151.224 - - [01/Nov/2024:04:19:20 +0100] "GET /ticket2/opencms/pl/buy?comcatid=A17713B6-D984-201A-4143-ED4DB5ED5C2E&catid=70B37487-FE30-D476-CAE7-E6AFEA3153F2 HTTP/1.1" 200 93801
37.60.239.40 - - [01/Nov/2024:04:19:22 +0100] "GET /ticket2/opencms/dk/buy/?page=1&edid=4F5F2F24-80BD-6547-D9D6-BCF29FE11E3D HTTP/1.1" 200 99779
188.165.217.198 - - [01/Nov/2024:04:19:23 +0100] "GET /ticket2/opencms/se/sv/sell/?edid=6B975EAC-E9DD-92E9-D74E-0B78BE1D4B7C HTTP/1.1" 404 -
54.36.148.207 - - [01/Nov/2024:04:19:27 +0100] "GET /ticket2/opencms/is/buy/?page=1&edid=CF85F428-766F-D675-E16A-795E19713900 HTTP/1.1" 200 98805
47.128.45.91 - - [01/Nov/2024:04:19:29 +0100] "GET /ticket2/opencms/ka/buy/?catid=DA31441B-C568-3C77-D08C-698809032494&comcatid=97ECA65A-72DA-F9AF-9DBB-245D3CFED1BE HTTP/1.1" 200 90200
37.60.239.40 - - [01/Nov/2024:04:19:30 +0100] "GET /ticket2/opencms/dk/buy/?page=1&edid=4FDB7F94-F8AB-DA67-68DF-7DD5AAAA6868 HTTP/1.1" 200 98615
85.208.96.205 - - [01/Nov/2024:04:19:35 +0100] "GET /ticket2/opencms/nl/sport/voetbal-tickets/bundesliga/ HTTP/1.1" 200 92358
217.182.175.120 - - [01/Nov/2024:04:19:37 +0100] "GET /ticket2/opencms/dk/no/buy/?page=6&comcatid=A17713B6-D984-201A-4143-ED4DB5ED5C2E&catid=0A6C99D2-F5BD-7A18-9A5F-5668827042E0&eventid=2E8FEED6-8FAD-B0D7-22BA-E6EFDA36827A HTTP/1.1" 404 -
114.119.148.14 - - [01/Nov/2024:04:19:38 +0100] "GET /ticket2/opencms/en/venue/?venueid=18C713C2-5502-2721-4BDF-4CC89EA5797B HTTP/1.1" 200 86578
37.60.239.40 - - [01/Nov/2024:04:19:40 +0100] "GET /ticket2/opencms/dk/buy/?page=1&edid=531FEBC2-24ED-CF99-1E76-EA7A9C29B82E HTTP/1.1" 200 97375
54.36.149.49 - - [01/Nov/2024:04:19:43 +0100] "GET /ticket2/opencms/en/buy?page=6&comcatid=810BB404-4103-77F2-A6C2-12D5E6C338E2 HTTP/1.1" 200 81404
195.154.123.95 - - [01/Nov/2024:04:19:43 +0100] "GET /ticket2/opencms/system/modules/com.gridnine.opencms.ticketbrokerage.site/resources/css/calendar.css HTTP/1.1" 200 6871
195.154.123.95 - - [01/Nov/2024:04:19:43 +0100] "GET /ticket2/opencms/system/modules/com.gridnine.opencms.ticketbrokerage.site/resources/css/ticketbrokerage.css HTTP/1.1" 200 39339
195.154.123.95 - - [01/Nov/2024:04:19:43 +0100] "GET /ticket2/opencms/system/modules/com.gridnine.opencms.ticketbrokerage.site/resources/css/jquery.fancybox.css HTTP/1.1" 200 4939
195.154.123.95 - - [01/Nov/2024:04:19:43 +0100] "GET /ticket2/opencms/system/modules/com.gridnine.opencms.ticketbrokerage.site/resources/css/jquery-ui.css HTTP/1.1" 200 33221
195.154.123.95 - - [01/Nov/2024:04:19:43 +0100] "GET /ticket2/opencms/system/modules/com.gridnine.opencms.ticketbrokerage.site/resources/js/calendar.js HTTP/1.1" 200 49229
195.154.123.95 - - [01/Nov/2024:04:19:43 +0100] "GET /ticket2/opencms/system/modules/com.gridnine.opencms.ticketbrokerage.site/resources/css/standard.css HTTP/1.1" 200 73073
195.154.123.95 - - [01/Nov/2024:04:19:43 +0100] "GET /ticket2/opencms/system/modules/com.gridnine.opencms.ticketbrokerage.site/resources/js/calendar-en.js HTTP/1.1" 200 3338
195.154.123.95 - - [01/Nov/2024:04:19:43 +0100] "GET /ticket2/opencms/system/modules/com.gridnine.opencms.ticketbrokerage.site/resources/js/calendar-setup.js HTTP/1.1" 200 4923
195.154.123.95 - - [01/Nov/2024:04:19:43 +0100] "GET /ticket2/opencms/system/modules/com.gridnine.opencms.ticketbrokerage.site/resources/js/jquery.fancybox.pack.js HTTP/1.1" 200 23187
195.154.123.95 - - [01/Nov/2024:04:19:43 +0100] "GET /ticket2/opencms/system/modules/com.gridnine.opencms.ticketbrokerage.site/resources/js/stickyfill.min.js HTTP/1.1" 200 5672
195.154.123.95 - - [01/Nov/2024:04:19:43 +0100] "GET /ticket2/opencms/system/modules/com.gridnine.opencms.ticketbrokerage.site/resources/js/jquery/jquery.js HTTP/1.1" 200 93868
195.154.123.95 - - [01/Nov/2024:04:19:43 +0100] "GET /ticket2/opencms/system/modules/com.gridnine.opencms.ticketbrokerage.site/resources/js/functions.js HTTP/1.1" 200 1583
195.154.123.95 - - [01/Nov/2024:04:19:43 +0100] "GET /ticket2/opencms/system/modules/com.gridnine.opencms.ticketbrokerage.site/resources/js/jquery/jquery-ui.js HTTP/1.1" 200 228088
195.154.123.95 - - [01/Nov/2024:04:19:43 +0100] "GET /ticket2/opencms/system/modules/com.gridnine.opencms.ticketbrokerage.site/resources/js/standard.js HTTP/1.1" 200 3978
195.154.123.95 - - [01/Nov/2024:04:19:44 +0100] "GET /ticket2/opencms/system/modules/com.gridnine.opencms.ticketbrokerage.site/resources/js/jquery.placeholder.min.js HTTP/1.1" 200 1737
195.154.123.95 - - [01/Nov/2024:04:19:44 +0100] "GET /ticket2/opencms/system/modules/com.gridnine.opencms.ticketbrokerage.site/resources/js/common-ajax.js HTTP/1.1" 200 20175
194.242.57.234 - - [01/Nov/2024:04:19:44 +0100] "GET /ticket2/opencms/se/sv/buy/?page=1&edid=BFABCD8A-0370-5121-72EB-FB336CE4A45D&sortorder=desc&column=row HTTP/1.1" 404 -
195.154.123.95 - - [01/Nov/2024:04:19:44 +0100] "GET /ticket2/opencms/system/modules/com.gridnine.opencms.ticketbrokerage.site/resources/js/standard.js HTTP/1.1" 200 3978
37.60.239.40 - - [01/Nov/2024:04:19:47 +0100] "GET /ticket2/opencms/dk/buy/?page=1&edid=53961AD4-D55A-8918-B670-53DC1158D060 HTTP/1.1" 200 98373
188.165.217.198 - - [01/Nov/2024:04:19:55 +0100] "GET /ticket2/opencms/se/sv/sell/?edid=6DB046DB-410B-73D4-9D8B-16FCC7635D61 HTTP/1.1" 404 -
37.60.239.40 - - [01/Nov/2024:04:19:55 +0100] "GET /ticket2/opencms/dk/buy/?page=1&edid=53C82161-C24F-BE86-4DEF-D47DE690CB39 HTTP/1.1" 200 100839
217.182.175.120 - - [01/Nov/2024:04:19:56 +0100] "GET /ticket2/opencms/dk/no/buy/?page=6&comcatid=A17713B6-D984-201A-4143-ED4DB5ED5C2E&catid=0A6C99D2-F5BD-7A18-9A5F-5668827042E0&eventid=3FAB5B7A-F894-8B3D-B6C6-76188FD0A83E HTTP/1.1" 404 -
47.128.55.161 - - [01/Nov/2024:04:19:56 +0100] "GET /ticket2/opencms/bg/buy/?catid=26594C33-56CE-F529-FAF3-61AB33F74A3B&comcatid=0A6B8208-FDA4-E929-9D72-5312FD481B76 HTTP/1.1" 200 87946
54.36.149.2 - - [01/Nov/2024:04:19:57 +0100] "GET /ticket2/opencms/hu/buy/?page=1&edid=696D5B95-E686-DB57-A55C-2EEBDCC864DE HTTP/1.1" 200 101846
37.60.239.40 - - [01/Nov/2024:04:20:03 +0100] "GET /ticket2/opencms/dk/buy/?page=1&edid=54ED7F3E-87E9-B49D-0FE3-F4BDCE94BCDC HTTP/1.1" 200 99525
194.242.57.234 - - [01/Nov/2024:04:20:07 +0100] "GET /ticket2/opencms/se/sv/buy/?page=1&edid=BFABCD8A-0370-5121-72EB-FB336CE4A45D&sortorder=desc&column=section HTTP/1.1" 404 -
37.60.239.40 - - [01/Nov/2024:04:20:11 +0100] "GET /ticket2/opencms/dk/buy/?page=1&edid=55805FFC-BD33-C1E8-50D8-0C504762EF26 HTTP/1.1" 200 101329
217.182.175.120 - - [01/Nov/2024:04:20:11 +0100] "GET /ticket2/opencms/dk/no/buy/?page=6&comcatid=A17713B6-D984-201A-4143-ED4DB5ED5C2E&catid=0A6C99D2-F5BD-7A18-9A5F-5668827042E0&eventid=56CBA715-B928-D58F-6A08-8D95645745F0 HTTP/1.1" 404 -
54.36.149.73 - - [01/Nov/2024:04:20:12 +0100] "GET /ticket2/opencms/ka/buy/?page=1&edid=BABB7B15-4A6B-2CD0-A4E6-6F9CC954F92B HTTP/1.1" 200 103176
37.60.239.40 - - [01/Nov/2024:04:20:19 +0100] "GET /ticket2/opencms/dk/buy/?page=1&edid=5595A96D-9F00-CDE0-D156-0165E9F7FC70 HTTP/1.1" 200 99620
66.220.149.14 - - [01/Nov/2024:04:20:20 +0100] "GET /ticket2/opencms/sl/sport/nogometne-vstopnice/serie-a/hellas_verona HTTP/1.1" 200 98106
54.36.148.31 - - [01/Nov/2024:04:20:25 +0100] "GET /ticket2/opencms/lt/buy/?page=1&edid=2A0AB201-68D6-81F4-4EF6-313AAEA5E454 HTTP/1.1" 200 101872
37.60.239.40 - - [01/Nov/2024:04:20:27 +0100] "GET /ticket2/opencms/dk/buy/?page=1&edid=5595A96D-9F00-CDE0-D156-0165E9F7FC70&sortorder=desc&column=price HTTP/1.1" 200 100943
217.182.175.120 - - [01/Nov/2024:04:20:30 +0100] "GET /ticket2/opencms/dk/no/buy/?page=6&comcatid=A17713B6-D984-201A-4143-ED4DB5ED5C2E&catid=0A6C99D2-F5BD-7A18-9A5F-5668827042E0&eventid=95E8846F-148F-9D89-2E4D-7714EAEAF9EE HTTP/1.1" 404 -
114.119.159.237 - - [01/Nov/2024:04:20:31 +0100] "GET /ticket2/opencms/en/venue/?countryid=869CA27A-97A1-03D4-5D03-7E27F7DE8DED HTTP/1.1" 200 115976
52.167.144.17 - - [01/Nov/2024:04:20:32 +0100] "GET /ticket2/opencms/el/login/ HTTP/1.1" 200 91909
188.165.217.198 - - [01/Nov/2024:04:20:34 +0100] "GET /ticket2/opencms/se/sv/sell/?edid=6E0E607E-1672-92ED-4ADC-66D609CB45A8 HTTP/1.1" 404 -
37.60.239.40 - - [01/Nov/2024:04:20:34 +0100] "GET /ticket2/opencms/dk/buy/?page=1&edid=5595A96D-9F00-CDE0-D156-0165E9F7FC70&sortorder=desc&column=row HTTP/1.1" 200 100851
54.36.148.86 - - [01/Nov/2024:04:20:34 +0100] "GET /ticket2/opencms/sr/buy/?page=1&edid=9298EE47-1A7F-20BC-182D-AD5062126FDE HTTP/1.1" 200 102303
194.242.57.234 - - [01/Nov/2024:04:20:40 +0100] "GET /ticket2/opencms/se/sv/buy/?page=1&edid=C10AA891-ED0B-37D3-113F-7CF29FC184B0&sortorder=asc&column=price HTTP/1.1" 404 -
124.243.177.96 - - [01/Nov/2024:04:20:40 +0100] "GET /ticket2/opencms/pl/buy?page=1&edid=C783769A-8791-6C10-D63E-BC165049D2D0 HTTP/1.1" 200 125262
37.60.239.40 - - [01/Nov/2024:04:20:42 +0100] "GET /ticket2/opencms/dk/buy/?page=1&edid=5595A96D-9F00-CDE0-D156-0165E9F7FC70&sortorder=desc&column=section HTTP/1.1" 200 101035
144.76.15.151 - - [01/Nov/2024:04:20:46 +0100] "GET /ticket2/opencms/nl/sport/voetbal-tickets/premier_league/burnley/ HTTP/1.1" 200 88105
144.76.15.151 - - [01/Nov/2024:04:20:46 +0100] "GET /ticket2/opencms/system/modules/com.gridnine.opencms.ticketbrokerage.site/resources/css/ticketbrokerage.css HTTP/1.1" 200 39339
144.76.15.151 - - [01/Nov/2024:04:20:46 +0100] "GET /ticket2/opencms/system/modules/com.gridnine.opencms.ticketbrokerage.site/resources/css/calendar.css HTTP/1.1" 200 6871
144.76.15.151 - - [01/Nov/2024:04:20:46 +0100] "GET /ticket2/opencms/system/modules/com.gridnine.opencms.ticketbrokerage.site/resources/css/jquery-ui.css HTTP/1.1" 200 33221
144.76.15.151 - - [01/Nov/2024:04:20:46 +0100] "GET /ticket2/opencms/system/modules/com.gridnine.opencms.ticketbrokerage.site/resources/css/jquery.fancybox.css HTTP/1.1" 200 4939
144.76.15.151 - - [01/Nov/2024:04:20:46 +0100] "GET /ticket2/opencms/system/modules/com.gridnine.opencms.ticketbrokerage.site/resources/css/standard.css HTTP/1.1" 200 73073
144.76.15.151 - - [01/Nov/2024:04:20:46 +0100] "GET /ticket2/opencms/system/modules/com.gridnine.opencms.ticketbrokerage.site/resources/js/functions.js HTTP/1.1" 200 1583
144.76.15.151 - - [01/Nov/2024:04:20:46 +0100] "GET /ticket2/opencms/system/modules/com.gridnine.opencms.ticketbrokerage.site/resources/js/jquery/jquery.js HTTP/1.1" 200 93868
144.76.15.151 - - [01/Nov/2024:04:20:46 +0100] "GET /ticket2/opencms/system/modules/com.gridnine.opencms.ticketbrokerage.site/resources/js/jquery/jquery-ui.js HTTP/1.1" 200 228088
144.76.15.151 - - [01/Nov/2024:04:20:46 +0100] "GET /ticket2/opencms/system/modules/com.gridnine.opencms.ticketbrokerage.site/resources/js/calendar.js HTTP/1.1" 200 49229
144.76.15.151 - - [01/Nov/2024:04:20:46 +0100] "GET /ticket2/opencms/system/modules/com.gridnine.opencms.ticketbrokerage.site/resources/js/calendar-en.js HTTP/1.1" 200 3338
144.76.15.151 - - [01/Nov/2024:04:20:46 +0100] "GET /ticket2/opencms/system/modules/com.gridnine.opencms.ticketbrokerage.site/resources/js/calendar-setup.js HTTP/1.1" 200 4923
144.76.15.151 - - [01/Nov/2024:04:20:46 +0100] "GET /ticket2/opencms/system/modules/com.gridnine.opencms.ticketbrokerage.site/resources/js/jquery.fancybox.pack.js HTTP/1.1" 200 23187
144.76.15.151 - - [01/Nov/2024:04:20:46 +0100] "GET /ticket2/opencms/system/modules/com.gridnine.opencms.ticketbrokerage.site/resources/js/stickyfill.min.js HTTP/1.1" 200 5672
144.76.15.151 - - [01/Nov/2024:04:20:46 +0100] "GET /ticket2/opencms/system/modules/com.gridnine.opencms.ticketbrokerage.site/resources/js/standard.js HTTP/1.1" 200 3978
144.76.15.151 - - [01/Nov/2024:04:20:46 +0100] "GET /ticket2/opencms/system/modules/com.gridnine.opencms.ticketbrokerage.site/resources/js/jquery.placeholder.min.js HTTP/1.1" 200 1737
144.76.15.151 - - [01/Nov/2024:04:20:46 +0100] "GET /ticket2/opencms/system/modules/com.gridnine.opencms.ticketbrokerage.site/resources/js/common-ajax.js HTTP/1.1" 200 20175
47.128.35.16 - - [01/Nov/2024:04:20:48 +0100] "GET /ticket2/opencms/sv/buy/?catid=7EF04817-972D-18B1-F941-DE800D088075&comcatid=A17713B6-D984-201A-4143-ED4DB5ED5C2E&eventid=60DD1888-A212-4A9C-E256-57FE4F2AC5DC&page=7 HTTP/1.1" 200 97583
37.60.239.40 - - [01/Nov/2024:04:20:50 +0100] "GET /ticket2/opencms/dk/buy/?page=1&edid=55D86897-8C9C-C674-770A-B1D3B4953179 HTTP/1.1" 200 99623
54.36.148.231 - - [01/Nov/2024:04:20:51 +0100] "GET /ticket2/opencms/lv/buy/?page=1&edid=6ABC64C2-B7BD-3F6D-DD46-2C8F1F69889E HTTP/1.1" 200 98731
47.128.96.80 - - [01/Nov/2024:04:20:52 +0100] "GET /ticket2/opencms/mt/buy?comcatid=A17713B6-D984-201A-4143-ED4DB5ED5C2E&npage=5 HTTP/1.1" 200 250998
47.128.40.203 - - [01/Nov/2024:04:20:53 +0100] "GET /ticket2/opencms/is/buy/?edid=DB16C9C1-2F89-7DF4-5EE2-407CA7C9B4ED HTTP/1.1" 200 81480
188.165.217.198 - - [01/Nov/2024:04:20:56 +0100] "GET /ticket2/opencms/se/sv/sell/?edid=6E5B69BA-BAC6-DB5A-4781-6AB592C7D855 HTTP/1.1" 404 -
37.60.239.40 - - [01/Nov/2024:04:20:58 +0100] "GET /ticket2/opencms/dk/buy/?page=1&edid=55D86897-8C9C-C674-770A-B1D3B4953179&sortorder=desc&column=price HTTP/1.1" 200 100946
217.182.175.120 - - [01/Nov/2024:04:20:59 +0100] "GET /ticket2/opencms/dk/no/buy/?page=1&edid=097474E7-8A8F-522A-B62A-D10F10D973DA&sortorder=asc&column=section HTTP/1.1" 404 -
194.242.57.234 - - [01/Nov/2024:04:21:01 +0100] "GET /ticket2/opencms/se/sv/buy/?page=1&edid=C10AA891-ED0B-37D3-113F-7CF29FC184B0&sortorder=asc&column=row HTTP/1.1" 404 -
37.60.239.40 - - [01/Nov/2024:04:21:05 +0100] "GET /ticket2/opencms/dk/buy/?page=1&edid=55D86897-8C9C-C674-770A-B1D3B4953179&sortorder=desc&column=row HTTP/1.1" 200 100854
54.36.149.44 - - [01/Nov/2024:04:21:16 +0100] "GET /ticket2/opencms/lv/buy/?page=1&edid=78314AF0-4634-069B-617B-0BA727735BF7 HTTP/1.1" 200 98747
37.60.239.40 - - [01/Nov/2024:04:21:17 +0100] "GET /ticket2/opencms/dk/buy/?page=1&edid=560F8743-1189-B0F0-2D5F-D8CF952FE657 HTTP/1.1" 200 97382
69.171.249.2 - - [01/Nov/2024:04:21:20 +0100] "GET /ticket2/opencms/ka/buy?page=1&edid=8DA9D1EA-2F7E-8136-071B-749FF836435A HTTP/1.1" 200 132786
217.182.175.120 - - [01/Nov/2024:04:21:24 +0100] "GET /ticket2/opencms/dk/no/buy/?page=1&edid=098D538E-CDF4-9B35-6974-D784A58EF2F5&sortorder=desc&column=price HTTP/1.1" 404 -
37.60.239.40 - - [01/Nov/2024:04:21:28 +0100] "GET /ticket2/opencms/dk/buy/?page=1&edid=5630DE9E-B2AA-33B3-91FB-95B3177F4375 HTTP/1.1" 200 100872
54.36.148.214 - - [01/Nov/2024:04:21:31 +0100] "GET /ticket2/opencms/lt/buy/?page=1&edid=BABB7B15-4A6B-2CD0-A4E6-6F9CC954F92B HTTP/1.1" 200 98730
194.242.57.234 - - [01/Nov/2024:04:21:31 +0100] "GET /ticket2/opencms/se/sv/buy/?page=1&edid=C10AA891-ED0B-37D3-113F-7CF29FC184B0&sortorder=asc&column=section HTTP/1.1" 404 -
188.165.217.198 - - [01/Nov/2024:04:21:34 +0100] "GET /ticket2/opencms/se/sv/sell/?edid=6E64EF54-063D-0F55-A1E7-7781348B9C83 HTTP/1.1" 404 -
37.60.239.40 - - [01/Nov/2024:04:21:37 +0100] "GET /ticket2/opencms/dk/buy/?page=1&edid=5640FAB9-24F8-EBAE-85B5-70F8CD8DA0D7 HTTP/1.1" 200 100654
47.128.25.37 - - [01/Nov/2024:04:21:39 +0100] "GET /ticket2/opencms/sl/buy/?catid=5ED34547-492C-90DA-709D-448345844685&comcatid=0A6B8208-FDA4-E929-9D72-5312FD481B76 HTTP/1.1" 200 87381
37.60.239.40 - - [01/Nov/2024:04:21:44 +0100] "GET /ticket2/opencms/dk/buy/?page=1&edid=5640FAB9-24F8-EBAE-85B5-70F8CD8DA0D7&sortorder=desc&column=section HTTP/1.1" 200 102069
54.36.148.56 - - [01/Nov/2024:04:21:46 +0100] "GET /ticket2/opencms/mo/buy/?page=1&edid=2A0AB201-68D6-81F4-4EF6-313AAEA5E454 HTTP/1.1" 200 101883
217.182.175.120 - - [01/Nov/2024:04:21:49 +0100] "GET /ticket2/opencms/dk/no/buy/?page=1&edid=098D538E-CDF4-9B35-6974-D784A58EF2F5&sortorder=desc&column=row HTTP/1.1" 404 -
37.60.239.40 - - [01/Nov/2024:04:21:55 +0100] "GET /ticket2/opencms/dk/buy/?page=1&edid=56620ABF-F3DD-4A9B-E6C4-076728889E50 HTTP/1.1" 200 100022
17.241.219.157 - - [01/Nov/2024:04:22:00 +0100] "GET /ticket2/opencms/en/buy/?page=1&edid=76854C9C-B592-CA0A-F67C-231FB6E47209 HTTP/1.1" 200 99965
54.36.149.47 - - [01/Nov/2024:04:22:00 +0100] "GET /ticket2/opencms/sk/buy/?page=1&edid=0AF1C6C0-A1C3-739A-0A12-42406989AD79 HTTP/1.1" 200 98621
111.119.197.122 - - [01/Nov/2024:04:22:01 +0100] "GET /ticket2/opencms/sr/buy?page=1&edid=9EC5AE33-287A-CC49-3DDC-A59FEEE111B7 HTTP/1.1" 200 111470
194.242.57.234 - - [01/Nov/2024:04:22:03 +0100] "GET /ticket2/opencms/se/sv/buy/?page=1&edid=C10AA891-ED0B-37D3-113F-7CF29FC184B0&sortorder=desc&column=section HTTP/1.1" 404 -
8.218.2.10 - - [01/Nov/2024:04:22:03 +0100] "GET /ticket2/opencms/en/buy/ HTTP/1.1" 200 77825
37.60.239.40 - - [01/Nov/2024:04:22:05 +0100] "GET /ticket2/opencms/dk/buy/?page=1&edid=5685D4F1-DA1F-5275-BF3E-BE6818FDF10F HTTP/1.1" 200 100412
188.165.217.198 - - [01/Nov/2024:04:22:07 +0100] "GET /ticket2/opencms/se/sv/sell/?edid=6FC750EC-74FC-8FD0-F9AA-382A290160FE HTTP/1.1" 404 -
54.36.148.121 - - [01/Nov/2024:04:22:13 +0100] "GET /ticket2/opencms/mo/buy/?page=1&edid=CF85F428-766F-D675-E16A-795E19713900 HTTP/1.1" 200 98759
37.60.239.40 - - [01/Nov/2024:04:22:13 +0100] "GET /ticket2/opencms/dk/buy/?page=1&edid=56A490CF-7948-0078-52A7-122DAC9AF25D HTTP/1.1" 200 97407
217.182.175.120 - - [01/Nov/2024:04:22:14 +0100] "GET /ticket2/opencms/dk/no/buy/?page=1&edid=0D0ADBCB-6EBA-B656-73A6-7D7B7FC3C3FA HTTP/1.1" 404 -
47.128.119.65 - - [01/Nov/2024:04:22:16 +0100] "GET /ticket2/opencms/is/buy/?edid=367697E8-9CE6-4DE1-99C6-92AA7A0AA7C2 HTTP/1.1" 200 81480
52.167.144.199 - - [01/Nov/2024:04:22:16 +0100] "GET /ticket2/opencms/system/modules/com.gridnine.opencms.ticketbrokerage.site/resources/css/jquery.fancybox.css HTTP/1.1" 200 4939
52.167.144.199 - - [01/Nov/2024:04:22:16 +0100] "GET /ticket2/opencms/system/modules/com.gridnine.opencms.ticketbrokerage.site/resources/css/calendar.css HTTP/1.1" 200 6871
37.60.239.40 - - [01/Nov/2024:04:22:20 +0100] "GET /ticket2/opencms/dk/buy/?page=1&edid=56D9714A-07B4-FB5C-C153-0FEAE3F4337A HTTP/1.1" 200 97369
52.167.144.190 - - [01/Nov/2024:04:22:22 +0100] "GET /ticket2/opencms/system/modules/com.gridnine.opencms.ticketbrokerage.site/resources/css/standard.css HTTP/1.1" 200 73073
194.242.57.234 - - [01/Nov/2024:04:22:23 +0100] "GET /ticket2/opencms/se/sv/buy/?page=1&edid=C1ACE21D-0708-37CC-D211-DDAF5232C408&sortorder=asc&column=price HTTP/1.1" 404 -
52.167.144.229 - - [01/Nov/2024:04:22:27 +0100] "GET /ticket2/opencms/system/modules/com.gridnine.opencms.ticketbrokerage.site/resources/css/ticketbrokerage.css HTTP/1.1" 200 39339
37.60.239.40 - - [01/Nov/2024:04:22:30 +0100] "GET /ticket2/opencms/dk/buy/?page=1&edid=57EC83D4-AB41-896D-CDB2-8A50F8F4CAA0 HTTP/1.1" 200 97371
47.128.96.248 - - [01/Nov/2024:04:22:31 +0100] "GET /ticket2/opencms/be/buy/?catid=8B6802AF-1ADE-4BE1-A1F7-7671190CFB4F&comcatid=97ECA65A-72DA-F9AF-9DBB-245D3CFED1BE HTTP/1.1" 200 89406
37.60.239.40 - - [01/Nov/2024:04:22:33 +0100] "GET /ticket2/opencms/dk/buy/?page=1&edid=58E0EA9F-5113-F95E-0A9C-BE7061E53A8B HTTP/1.1" 200 100874
188.165.217.198 - - [01/Nov/2024:04:22:33 +0100] "GET /ticket2/opencms/se/sv/sell/?edid=6FC91A00-5A63-9CB1-5525-B6AC4CF4C5AD HTTP/1.1" 404 -
217.182.175.120 - - [01/Nov/2024:04:22:36 +0100] "GET /ticket2/opencms/dk/no/buy/?page=1&edid=0E6A79B9-CFE2-795E-3105-46DDF635E5DC&sortorder=desc&column=price HTTP/1.1" 404 -
37.60.239.40 - - [01/Nov/2024:04:22:40 +0100] "GET /ticket2/opencms/dk/buy/?page=1&edid=59AB6E9D-6FC4-6EF5-CB9B-2ACFED9E25CF HTTP/1.1" 200 100653
54.36.149.27 - - [01/Nov/2024:04:22:40 +0100] "GET /ticket2/opencms/mt/buy/?page=1&edid=2A0AB201-68D6-81F4-4EF6-313AAEA5E454 HTTP/1.1" 200 101931
157.55.39.197 - - [01/Nov/2024:04:22:41 +0100] "GET /ticket2/opencms/lt/about/contact HTTP/1.1" 200 87401
54.36.148.247 - - [01/Nov/2024:04:22:49 +0100] "GET /ticket2/opencms/sr/sport/fudbalske-karte/premier-league/arsenal HTTP/1.1" 200 103248
195.154.122.95 - - [01/Nov/2024:04:22:49 +0100] "GET /ticket2/opencms/system/modules/com.gridnine.opencms.ticketbrokerage.site/resources/css/jquery.fancybox.css HTTP/1.1" 200 4939
195.154.122.95 - - [01/Nov/2024:04:22:49 +0100] "GET /ticket2/opencms/system/modules/com.gridnine.opencms.ticketbrokerage.site/resources/css/ticketbrokerage.css HTTP/1.1" 200 39339
195.154.122.95 - - [01/Nov/2024:04:22:49 +0100] "GET /ticket2/opencms/system/modules/com.gridnine.opencms.ticketbrokerage.site/resources/css/standard.css HTTP/1.1" 200 73073
195.154.122.95 - - [01/Nov/2024:04:22:49 +0100] "GET /ticket2/opencms/system/modules/com.gridnine.opencms.ticketbrokerage.site/resources/css/jquery-ui.css HTTP/1.1" 200 33221
195.154.122.95 - - [01/Nov/2024:04:22:49 +0100] "GET /ticket2/opencms/system/modules/com.gridnine.opencms.ticketbrokerage.site/resources/css/calendar.css HTTP/1.1" 200 6871
195.154.122.95 - - [01/Nov/2024:04:22:49 +0100] "GET /ticket2/opencms/system/modules/com.gridnine.opencms.ticketbrokerage.site/resources/js/jquery/jquery-ui.js HTTP/1.1" 200 228088
195.154.122.95 - - [01/Nov/2024:04:22:49 +0100] "GET /ticket2/opencms/system/modules/com.gridnine.opencms.ticketbrokerage.site/resources/js/calendar-en.js HTTP/1.1" 200 3338
195.154.122.95 - - [01/Nov/2024:04:22:49 +0100] "GET /ticket2/opencms/system/modules/com.gridnine.opencms.ticketbrokerage.site/resources/js/calendar.js HTTP/1.1" 200 49229
195.154.122.95 - - [01/Nov/2024:04:22:49 +0100] "GET /ticket2/opencms/system/modules/com.gridnine.opencms.ticketbrokerage.site/resources/js/calendar-setup.js HTTP/1.1" 200 4923
195.154.122.95 - - [01/Nov/2024:04:22:49 +0100] "GET /ticket2/opencms/system/modules/com.gridnine.opencms.ticketbrokerage.site/resources/js/jquery/jquery.js HTTP/1.1" 200 93868
195.154.122.95 - - [01/Nov/2024:04:22:49 +0100] "GET /ticket2/opencms/system/modules/com.gridnine.opencms.ticketbrokerage.site/resources/js/functions.js HTTP/1.1" 200 1583
195.154.122.95 - - [01/Nov/2024:04:22:49 +0100] "GET /ticket2/opencms/system/modules/com.gridnine.opencms.ticketbrokerage.site/resources/js/jquery.fancybox.pack.js HTTP/1.1" 200 23187
195.154.122.95 - - [01/Nov/2024:04:22:49 +0100] "GET /ticket2/opencms/system/modules/com.gridnine.opencms.ticketbrokerage.site/resources/js/standard.js HTTP/1.1" 200 3978
195.154.122.95 - - [01/Nov/2024:04:22:49 +0100] "GET /ticket2/opencms/system/modules/com.gridnine.opencms.ticketbrokerage.site/resources/js/stickyfill.min.js HTTP/1.1" 200 5672
195.154.122.95 - - [01/Nov/2024:04:22:49 +0100] "GET /ticket2/opencms/system/modules/com.gridnine.opencms.ticketbrokerage.site/resources/js/jquery.placeholder.min.js HTTP/1.1" 200 1737
195.154.122.95 - - [01/Nov/2024:04:22:49 +0100] "GET /ticket2/opencms/system/modules/com.gridnine.opencms.ticketbrokerage.site/resources/js/common-ajax.js HTTP/1.1" 200 20175
195.154.122.95 - - [01/Nov/2024:04:22:50 +0100] "GET /ticket2/opencms/system/modules/com.gridnine.opencms.ticketbrokerage.site/resources/js/standard.js HTTP/1.1" 200 3978
194.242.57.234 - - [01/Nov/2024:04:22:51 +0100] "GET /ticket2/opencms/se/sv/buy/?page=1&edid=C1ACE21D-0708-37CC-D211-DDAF5232C408&sortorder=asc&column=row HTTP/1.1" 404 -
37.60.239.40 - - [01/Nov/2024:04:22:53 +0100] "GET /ticket2/opencms/dk/buy/?page=1&edid=5AF0C2F9-FCF1-BB9C-5B74-9352324B61E3 HTTP/1.1" 200 99534
54.36.148.22 - - [01/Nov/2024:04:22:57 +0100] "GET /ticket2/opencms/mt/buy/?page=1&edid=CF85F428-766F-D675-E16A-795E19713900 HTTP/1.1" 200 98829
217.182.175.120 - - [01/Nov/2024:04:22:59 +0100] "GET /ticket2/opencms/dk/no/buy/?page=1&edid=0E6A79B9-CFE2-795E-3105-46DDF635E5DC&sortorder=desc&column=row HTTP/1.1" 404 -
37.60.239.40 - - [01/Nov/2024:04:23:01 +0100] "GET /ticket2/opencms/dk/buy/?page=1&edid=615C56F3-C0DF-3EAA-3F5D-6B586A7FBFB9&sortorder=desc&column=price HTTP/1.1" 200 100847
37.60.239.40 - - [01/Nov/2024:04:23:08 +0100] "GET /ticket2/opencms/dk/buy/?page=1&edid=62A92563-39B8-3109-2117-18D000C2EB87 HTTP/1.1" 200 100839
54.36.148.109 - - [01/Nov/2024:04:23:10 +0100] "GET /ticket2/opencms/fr/buy/?page=1&edid=EF2958B1-A48C-B7EC-265D-770BB975F623 HTTP/1.1" 200 101116
47.128.96.175 - - [01/Nov/2024:04:23:12 +0100] "GET /ticket2/opencms/is/buy/?edid=4D046EC3-3569-AF35-BEE2-37E289C85DAB HTTP/1.1" 200 81480
37.60.239.40 - - [01/Nov/2024:04:23:13 +0100] "GET /ticket2/opencms/dk/buy/?page=1&edid=62BA155C-F29C-151E-4E65-60DE9487BEFC&sortorder=asc&column=section HTTP/1.1" 200 102033
188.165.217.198 - - [01/Nov/2024:04:23:14 +0100] "GET /ticket2/opencms/se/sv/sell/?edid=700C6A66-9C47-818C-453E-16ACCDD28C59 HTTP/1.1" 404 -
114.119.152.134 - - [01/Nov/2024:04:23:18 +0100] "GET /ticket2/opencms/en/venue/?venueid=7ECDA6E6-A656-10FC-73E8-F0105E917177 HTTP/1.1" 200 86684
37.60.239.40 - - [01/Nov/2024:04:23:21 +0100] "GET /ticket2/opencms/dk/buy/?page=1&edid=62BA1B24-FE28-14A9-746C-0509EF670DD2 HTTP/1.1" 200 99765
194.242.57.234 - - [01/Nov/2024:04:23:21 +0100] "GET /ticket2/opencms/se/sv/buy/?page=1&edid=C1ACE21D-0708-37CC-D211-DDAF5232C408&sortorder=desc&column=row HTTP/1.1" 404 -
124.243.183.80 - - [01/Nov/2024:04:23:22 +0100] "GET /ticket2/opencms/uk/buying_tickets HTTP/1.1" 200 90748
217.182.175.120 - - [01/Nov/2024:04:23:26 +0100] "GET /ticket2/opencms/dk/no/buy/?page=1&edid=0EA723F1-62C6-8600-2132-B6AB2FF92802&sortorder=asc&column=row HTTP/1.1" 404 -
54.36.149.49 - - [01/Nov/2024:04:23:29 +0100] "GET /ticket2/opencms/pl/buy/?page=1&edid=CF85F428-766F-D675-E16A-795E19713900 HTTP/1.1" 200 98574
37.60.239.40 - - [01/Nov/2024:04:23:29 +0100] "GET /ticket2/opencms/dk/buy/?page=1&edid=630F66AA-2555-9F07-EE99-2EFC18D9329C HTTP/1.1" 200 97386
37.60.239.40 - - [01/Nov/2024:04:23:37 +0100] "GET /ticket2/opencms/dk/buy/?page=1&edid=63896850-13C8-8957-A8F3-B8A345840B32 HTTP/1.1" 200 99617
47.128.35.113 - - [01/Nov/2024:04:23:38 +0100] "GET /ticket2/opencms/mt/buy/?edid=FC821C33-E679-411D-0E2F-045A7A8A9CDD HTTP/1.1" 200 81495
188.165.217.198 - - [01/Nov/2024:04:23:40 +0100] "GET /ticket2/opencms/se/sv/sell/?edid=71C1DD0E-A2ED-675C-7C19-1F73AD28D43E HTTP/1.1" 404 -
37.60.239.40 - - [01/Nov/2024:04:23:44 +0100] "GET /ticket2/opencms/dk/buy/?page=1&edid=649D46CC-01CF-83EF-27C5-336542CC7BE4 HTTP/1.1" 200 100026
185.191.171.16 - - [01/Nov/2024:04:23:44 +0100] "GET /ticket2/opencms/de/magazine/article?title=arsenals-saisonruckblick HTTP/1.1" 200 91926
37.60.239.40 - - [01/Nov/2024:04:23:48 +0100] "GET /ticket2/opencms/dk/buy/?page=1&edid=64C4C9E2-D5F8-CBA8-9830-8CC9B5C5071B&sortorder=asc&column=price HTTP/1.1" 200 101268
194.242.57.234 - - [01/Nov/2024:04:23:50 +0100] "GET /ticket2/opencms/se/sv/buy/?page=1&edid=C2A79993-E70B-426D-9013-A8F409E2602A&sortorder=asc&column=row HTTP/1.1" 404 -
217.182.175.120 - - [01/Nov/2024:04:23:52 +0100] "GET /ticket2/opencms/dk/no/buy/?page=1&edid=0EF78342-8C56-3514-0BF6-C63FDFC043C0&sortorder=desc&column=price HTTP/1.1" 404 -
54.36.148.168 - - [01/Nov/2024:04:23:56 +0100] "GET /ticket2/opencms/az/buy/?page=1&edid=E0DAA801-3BC1-402D-BBEC-117F14E7966A HTTP/1.1" 200 98993
37.60.239.40 - - [01/Nov/2024:04:23:56 +0100] "GET /ticket2/opencms/dk/buy/?page=1&edid=64C4C9E2-D5F8-CBA8-9830-8CC9B5C5071B&sortorder=desc&column=row HTTP/1.1" 200 101221
37.60.239.40 - - [01/Nov/2024:04:24:03 +0100] "GET /ticket2/opencms/dk/buy/?page=1&edid=6BB562BA-2C6F-8AE1-6BE1-30FFE188507E&sortorder=desc&column=row HTTP/1.1" 200 100762
188.165.217.198 - - [01/Nov/2024:04:24:09 +0100] "GET /ticket2/opencms/se/sv/sell/?edid=730A8AEC-BD3E-D604-64CB-3F2EC6555AA0 HTTP/1.1" 404 -
54.36.148.19 - - [01/Nov/2024:04:24:10 +0100] "GET /ticket2/opencms/az/buy/?page=1&edid=F7746772-F541-A59A-7BB4-488ADCB549FC HTTP/1.1" 200 98979
194.242.57.234 - - [01/Nov/2024:04:24:10 +0100] "GET /ticket2/opencms/se/sv/buy/?page=1&edid=C2A79993-E70B-426D-9013-A8F409E2602A&sortorder=asc&column=section HTTP/1.1" 404 -
37.60.239.40 - - [01/Nov/2024:04:24:12 +0100] "GET /ticket2/opencms/dk/buy/?page=1&edid=6DA75030-6EA2-83E3-DB99-AFEEFF38FF71 HTTP/1.1" 200 100873
37.60.239.40 - - [01/Nov/2024:04:24:16 +0100] "GET /ticket2/opencms/dk/buy/?page=1&edid=6E0E607E-1672-92ED-4ADC-66D609CB45A8&sortorder=desc&column=row HTTP/1.1" 200 101246
217.182.175.120 - - [01/Nov/2024:04:24:16 +0100] "GET /ticket2/opencms/dk/no/buy/?page=1&edid=0FB0E314-7724-B9C7-6FA0-35E67023F72E&sortorder=asc&column=price HTTP/1.1" 404 -
54.36.148.64 - - [01/Nov/2024:04:24:19 +0100] "GET /ticket2/opencms/fr/sport/billets-football/la_liga/ HTTP/1.1" 200 100426
52.167.144.175 - - [01/Nov/2024:04:24:20 +0100] "GET /ticket2/opencms/sk/buy/ HTTP/1.1" 200 79569
173.252.69.8 - - [01/Nov/2024:04:24:23 +0100] "GET /ticket2/opencms/el/athlitismos/eisitiria-podosfairou/la-liga/celta_vigo/ HTTP/1.1" 200 108654
37.60.239.40 - - [01/Nov/2024:04:24:25 +0100] "GET /ticket2/opencms/dk/buy/?page=1&edid=6E42A0C3-CDBA-EB4A-37FF-39D5E8CC32AF HTTP/1.1" 200 100421
37.60.239.40 - - [01/Nov/2024:04:24:32 +0100] "GET /ticket2/opencms/dk/buy/?page=1&edid=6E70CDDB-C7B3-B878-DD5B-C96D776C327D&sortorder=desc&column=price HTTP/1.1" 200 102654
194.242.57.234 - - [01/Nov/2024:04:24:35 +0100] "GET /ticket2/opencms/se/sv/buy/?page=1&edid=C2B88E14-0168-2B6D-C607-2DF08C9E7129&sortorder=asc&column=price HTTP/1.1" 404 -
72.14.199.233 - - [01/Nov/2024:04:24:36 +0100] "GET /ticket2/opencms/sv/ HTTP/1.1" 200 95145
114.119.133.220 - - [01/Nov/2024:04:24:38 +0100] "GET /ticket2/opencms/en/venue/?countryid=E687CC57-02FA-AF76-268E-C1A53D569993 HTTP/1.1" 200 115976
124.243.134.111 - - [01/Nov/2024:04:24:40 +0100] "GET /ticket2/opencms/sr/buy?page=1&edid=BF8D38D6-BFC5-94DC-F957-47D6FB3C9AF0 HTTP/1.1" 200 98314
217.182.175.120 - - [01/Nov/2024:04:24:40 +0100] "GET /ticket2/opencms/dk/no/buy/?page=1&edid=0FB0E314-7724-B9C7-6FA0-35E67023F72E&sortorder=asc&column=row HTTP/1.1" 404 -
188.165.217.198 - - [01/Nov/2024:04:24:41 +0100] "GET /ticket2/opencms/se/sv/sell/?edid=73DCD0AE-9ABE-D92B-9524-5973CAF97B92 HTTP/1.1" 404 -
37.60.239.40 - - [01/Nov/2024:04:24:42 +0100] "GET /ticket2/opencms/dk/buy/?page=1&edid=73AA76A9-CC6C-17F3-EDBF-4AA5949DD817&sortorder=asc&column=row HTTP/1.1" 200 102352
185.191.171.18 - - [01/Nov/2024:04:24:47 +0100] "GET /ticket2/opencms/en/sport/football-tickets/premier_league/arsenal HTTP/1.1" 200 94610
54.36.148.218 - - [01/Nov/2024:04:24:48 +0100] "GET /ticket2/opencms/be/buy/?page=1&edid=397521D5-C7AB-930B-258F-17E9104F07FF HTTP/1.1" 200 104089
37.60.239.40 - - [01/Nov/2024:04:24:51 +0100] "GET /ticket2/opencms/dk/buy/?page=1&edid=764B679B-1F6D-5991-3C73-D8B0C8DD7897&sortorder=asc&column=section HTTP/1.1" 200 102696
54.36.148.133 - - [01/Nov/2024:04:24:56 +0100] "GET /ticket2/opencms/be/buy/?page=1&edid=5B1EBD64-AC5B-1705-53F4-E0FEF8B73423 HTTP/1.1" 200 104096
194.242.57.234 - - [01/Nov/2024:04:25:00 +0100] "GET /ticket2/opencms/se/sv/buy/?page=1&edid=C2B88E14-0168-2B6D-C607-2DF08C9E7129&sortorder=asc&column=row HTTP/1.1" 404 -
37.60.239.40 - - [01/Nov/2024:04:25:00 +0100] "GET /ticket2/opencms/dk/buy/?page=1&edid=765F97BA-C920-639C-860F-B72DB0C768A6&sortorder=desc&column=section HTTP/1.1" 200 101201
47.128.120.105 - - [01/Nov/2024:04:25:01 +0100] "GET /ticket2/opencms/el/buy/?edid=F7378244-15B7-A239-317C-1FF50D66CBB3 HTTP/1.1" 200 82211
217.182.175.120 - - [01/Nov/2024:04:25:06 +0100] "GET /ticket2/opencms/dk/no/buy/?page=1&edid=0FB0E314-7724-B9C7-6FA0-35E67023F72E&sortorder=desc&column=price HTTP/1.1" 404 -
37.60.239.40 - - [01/Nov/2024:04:25:07 +0100] "GET /ticket2/opencms/dk/buy/?page=1&edid=7753EA52-7985-00A7-A9DB-D81E6156C674 HTTP/1.1" 200 97363
54.36.148.34 - - [01/Nov/2024:04:25:11 +0100] "GET /ticket2/opencms/sl/buy/?page=1&edid=CF85F428-766F-D675-E16A-795E19713900 HTTP/1.1" 200 98505
188.165.217.198 - - [01/Nov/2024:04:25:13 +0100] "GET /ticket2/opencms/se/sv/sell/?edid=742CE524-9C3D-91F4-FC16-F3903E8D84E4 HTTP/1.1" 404 -
37.60.239.40 - - [01/Nov/2024:04:25:13 +0100] "GET /ticket2/opencms/dk/buy/?page=1&edid=77D073DA-E868-7067-9130-ABC8EB8612AA HTTP/1.1" 200 100629
54.36.148.19 - - [01/Nov/2024:04:25:17 +0100] "GET /ticket2/opencms/is/buy?page=1&edid=9703B4F2-F8EC-4308-4ACF-3E0D3C506430 HTTP/1.1" 200 102666
54.36.148.128 - - [01/Nov/2024:04:25:20 +0100] "GET /ticket2/opencms/bs/buy/?page=1&edid=0C1979DA-50CA-ECE7-2406-93F50E7E04D2 HTTP/1.1" 200 98489
37.60.239.40 - - [01/Nov/2024:04:25:20 +0100] "GET /ticket2/opencms/dk/buy/?page=1&edid=77D073DA-E868-7067-9130-ABC8EB8612AA&sortorder=asc&column=section HTTP/1.1" 200 101999
194.242.57.234 - - [01/Nov/2024:04:25:25 +0100] "GET /ticket2/opencms/se/sv/buy/?page=1&edid=C2B88E14-0168-2B6D-C607-2DF08C9E7129&sortorder=asc&column=section HTTP/1.1" 404 -
217.182.175.120 - - [01/Nov/2024:04:25:28 +0100] "GET /ticket2/opencms/dk/no/buy/?page=1&edid=0FB0E314-7724-B9C7-6FA0-35E67023F72E&sortorder=desc&column=row HTTP/1.1" 404 -
47.128.115.108 - - [01/Nov/2024:04:25:31 +0100] "GET /ticket2/opencms/et/buy/?edid=4800554E-FCD8-CA52-DDBF-1B3255DB288E HTTP/1.1" 200 81450
185.16.38.232 - - [01/Nov/2024:04:25:31 +0100] "GET /cgi-bin/luci/;stok=/locale HTTP/1.1" 404 -
37.60.239.40 - - [01/Nov/2024:04:25:32 +0100] "GET /ticket2/opencms/dk/buy/?page=1&edid=77D073DA-E868-7067-9130-ABC8EB8612AA&sortorder=desc&column=section HTTP/1.1" 200 102044
114.119.132.9 - - [01/Nov/2024:04:25:32 +0100] "GET /ticket2/opencms/en/venue/?countryid=6DB0834B-E25F-449A-5515-025982E4CF10 HTTP/1.1" 200 115976
54.36.149.97 - - [01/Nov/2024:04:25:34 +0100] "GET /ticket2/opencms/cs/buy/?page=1&edid=397521D5-C7AB-930B-258F-17E9104F07FF HTTP/1.1" 200 101888
37.60.239.40 - - [01/Nov/2024:04:25:36 +0100] "GET /ticket2/opencms/dk/buy/?page=1&edid=77E96875-4D8B-3D4E-D441-77B59C16273C&sortorder=asc&column=row HTTP/1.1" 200 98569
85.80.255.90 - - [01/Nov/2024:04:25:37 +0100] "GET /ticket2/opencms/dk/sport/fodboldbilletter/premier-league/tottenham/?gad_source=1&gclid=Cj0KCQjw1Yy5BhD-ARIsAI0RbXYsh_febUiwY2bU9qP7q8rjXSDiSqk3x3gtjSBAjnIkgGvh6hexqEsaAkIAEALw_wcB HTTP/1.1" 200 97178
85.80.255.90 - - [01/Nov/2024:04:25:38 +0100] "GET /ticket2/opencms/system/modules/com.gridnine.opencms.ticketbrokerage.site/resources/css/ticketbrokerage.css HTTP/1.1" 200 39339
85.80.255.90 - - [01/Nov/2024:04:25:38 +0100] "GET /ticket2/opencms/system/modules/com.gridnine.opencms.ticketbrokerage.site/resources/css/calendar.css HTTP/1.1" 200 6871
85.80.255.90 - - [01/Nov/2024:04:25:38 +0100] "GET /ticket2/opencms/system/modules/com.gridnine.opencms.ticketbrokerage.site/resources/css/jquery-ui.css HTTP/1.1" 200 33221
85.80.255.90 - - [01/Nov/2024:04:25:38 +0100] "GET /ticket2/opencms/system/modules/com.gridnine.opencms.ticketbrokerage.site/resources/css/standard.css HTTP/1.1" 200 73073
85.80.255.90 - - [01/Nov/2024:04:25:38 +0100] "GET /ticket2/opencms/system/modules/com.gridnine.opencms.ticketbrokerage.site/resources/css/jquery.fancybox.css HTTP/1.1" 200 4939
85.80.255.90 - - [01/Nov/2024:04:25:38 +0100] "GET /ticket2/opencms/system/modules/com.gridnine.opencms.ticketbrokerage.site/resources/js/jquery/jquery.js HTTP/1.1" 200 93868
85.80.255.90 - - [01/Nov/2024:04:25:38 +0100] "GET /ticket2/opencms/system/modules/com.gridnine.opencms.ticketbrokerage.site/resources/js/jquery/jquery-ui.js HTTP/1.1" 200 228088
85.80.255.90 - - [01/Nov/2024:04:25:39 +0100] "GET /ticket2/opencms/system/modules/com.gridnine.opencms.ticketbrokerage.site/resources/js/functions.js HTTP/1.1" 200 1583
85.80.255.90 - - [01/Nov/2024:04:25:39 +0100] "GET /ticket2/opencms/system/modules/com.gridnine.opencms.ticketbrokerage.site/resources/js/calendar-en.js HTTP/1.1" 200 3338
85.80.255.90 - - [01/Nov/2024:04:25:39 +0100] "GET /ticket2/opencms/system/modules/com.gridnine.opencms.ticketbrokerage.site/resources/js/calendar.js HTTP/1.1" 200 49229
85.80.255.90 - - [01/Nov/2024:04:25:39 +0100] "GET /ticket2/opencms/system/modules/com.gridnine.opencms.ticketbrokerage.site/resources/js/stickyfill.min.js HTTP/1.1" 200 5672
85.80.255.90 - - [01/Nov/2024:04:25:39 +0100] "GET /ticket2/opencms/system/modules/com.gridnine.opencms.ticketbrokerage.site/resources/js/calendar-setup.js HTTP/1.1" 200 4923
85.80.255.90 - - [01/Nov/2024:04:25:39 +0100] "GET /ticket2/opencms/system/modules/com.gridnine.opencms.ticketbrokerage.site/resources/js/jquery.fancybox.pack.js HTTP/1.1" 200 23187
85.80.255.90 - - [01/Nov/2024:04:25:39 +0100] "GET /ticket2/opencms/system/modules/com.gridnine.opencms.ticketbrokerage.site/resources/js/jquery.placeholder.min.js HTTP/1.1" 200 1737
85.80.255.90 - - [01/Nov/2024:04:25:39 +0100] "GET /ticket2/opencms/system/modules/com.gridnine.opencms.ticketbrokerage.site/resources/js/standard.js HTTP/1.1" 200 3978
85.80.255.90 - - [01/Nov/2024:04:25:39 +0100] "GET /ticket2/opencms/img/check.png HTTP/1.1" 200 548
85.80.255.90 - - [01/Nov/2024:04:25:39 +0100] "GET /ticket2/opencms/img/mail.png HTTP/1.1" 200 403
85.80.255.90 - - [01/Nov/2024:04:25:39 +0100] "GET /ticket2/opencms/img/chat.png HTTP/1.1" 200 416
85.80.255.90 - - [01/Nov/2024:04:25:39 +0100] "GET /ticket2/opencms/img/insta.png HTTP/1.1" 200 3967
85.80.255.90 - - [01/Nov/2024:04:25:39 +0100] "GET /ticket2/opencms/img/fb.png HTTP/1.1" 200 1269
85.80.255.90 - - [01/Nov/2024:04:25:39 +0100] "GET /ticket2/opencms/system/modules/com.gridnine.opencms.ticketbrokerage.site/resources/pics/logo-new.png HTTP/1.1" 200 13541
85.80.255.90 - - [01/Nov/2024:04:25:39 +0100] "GET /ticket2/opencms/system/modules/com.gridnine.opencms.ticketbrokerage.site/resources/js/common-ajax.js HTTP/1.1" 200 20175
85.80.255.90 - - [01/Nov/2024:04:25:39 +0100] "GET /ticket2/opencms/system/modules/com.gridnine.opencms.ticketbrokerage.site/resources/pics/footer-img.jpg HTTP/1.1" 200 67642
85.80.255.90 - - [01/Nov/2024:04:25:39 +0100] "GET /ticket2/opencms/system/modules/com.gridnine.opencms.ticketbrokerage.site/resources/pics/banners/Tottenham.jpg HTTP/1.1" 200 13797
85.80.255.90 - - [01/Nov/2024:04:25:40 +0100] "GET /ticket2/opencms/img/arrow.png HTTP/1.1" 200 753
85.80.255.90 - - [01/Nov/2024:04:25:40 +0100] "GET /ticket2/opencms/img/icons/en.png HTTP/1.1" 200 2415
85.80.255.90 - - [01/Nov/2024:04:25:40 +0100] "GET /ticket2/opencms/img/icons/globe-white.png HTTP/1.1" 200 947
85.80.255.90 - - [01/Nov/2024:04:25:40 +0100] "GET /ticket2/opencms/img/icons/se.png HTTP/1.1" 200 1258
85.80.255.90 - - [01/Nov/2024:04:25:40 +0100] "GET /ticket2/opencms/img/icons/fi.png HTTP/1.1" 200 1785
85.80.255.90 - - [01/Nov/2024:04:25:40 +0100] "GET /ticket2/opencms/img/icons/no.png HTTP/1.1" 200 1958
85.80.255.90 - - [01/Nov/2024:04:25:40 +0100] "GET /ticket2/opencms/img/icons/dk.png HTTP/1.1" 200 1706
85.80.255.90 - - [01/Nov/2024:04:25:40 +0100] "GET /ticket2/opencms/img/icons/nl.png HTTP/1.1" 200 1255
85.80.255.90 - - [01/Nov/2024:04:25:40 +0100] "GET /ticket2/opencms/img/icons/fr.png HTTP/1.1" 200 1764
85.80.255.90 - - [01/Nov/2024:04:25:40 +0100] "GET /ticket2/opencms/img/icons/de.png HTTP/1.1" 200 1124
85.80.255.90 - - [01/Nov/2024:04:25:40 +0100] "GET /ticket2/opencms/img/icons/es.png HTTP/1.1" 200 1005
85.80.255.90 - - [01/Nov/2024:04:25:40 +0100] "GET /ticket2/opencms/img/icons/it.png HTTP/1.1" 200 2040
85.80.255.90 - - [01/Nov/2024:04:25:40 +0100] "GET /ticket2/opencms/img/icons/pl.png HTTP/1.1" 200 1578
85.80.255.90 - - [01/Nov/2024:04:25:40 +0100] "GET /ticket2/opencms/img/icons/sq.png HTTP/1.1" 200 1619
85.80.255.90 - - [01/Nov/2024:04:25:40 +0100] "GET /ticket2/opencms/img/icons/be.png HTTP/1.1" 200 1663
85.80.255.90 - - [01/Nov/2024:04:25:40 +0100] "GET /ticket2/opencms/img/icons/az.png HTTP/1.1" 200 1445
85.80.255.90 - - [01/Nov/2024:04:25:40 +0100] "GET /ticket2/opencms/img/icons/bs.png HTTP/1.1" 200 1014
85.80.255.90 - - [01/Nov/2024:04:25:40 +0100] "GET /ticket2/opencms/img/icons/bg.png HTTP/1.1" 200 788
85.80.255.90 - - [01/Nov/2024:04:25:40 +0100] "GET /ticket2/opencms/img/icons/hr.png HTTP/1.1" 200 2024
85.80.255.90 - - [01/Nov/2024:04:25:40 +0100] "GET /ticket2/opencms/img/icons/el.png HTTP/1.1" 200 1637
85.80.255.90 - - [01/Nov/2024:04:25:40 +0100] "GET /ticket2/opencms/img/icons/cs.png HTTP/1.1" 200 1883
85.80.255.90 - - [01/Nov/2024:04:25:40 +0100] "GET /ticket2/opencms/img/icons/et.png HTTP/1.1" 200 754
85.80.255.90 - - [01/Nov/2024:04:25:40 +0100] "GET /ticket2/opencms/img/icons/ka.png HTTP/1.1" 200 860
85.80.255.90 - - [01/Nov/2024:04:25:40 +0100] "GET /ticket2/opencms/img/icons/hu.png HTTP/1.1" 200 733
85.80.255.90 - - [01/Nov/2024:04:25:40 +0100] "GET /ticket2/opencms/img/icons/is.png HTTP/1.1" 200 1884
85.80.255.90 - - [01/Nov/2024:04:25:40 +0100] "GET /ticket2/opencms/img/icons/ga.png HTTP/1.1" 200 1759
85.80.255.90 - - [01/Nov/2024:04:25:40 +0100] "GET /ticket2/opencms/img/icons/lv.png HTTP/1.1" 200 716
85.80.255.90 - - [01/Nov/2024:04:25:40 +0100] "GET /ticket2/opencms/img/icons/lt.png HTTP/1.1" 200 733
85.80.255.90 - - [01/Nov/2024:04:25:41 +0100] "GET /ticket2/opencms/img/icons/ro.png HTTP/1.1" 200 1393
85.80.255.90 - - [01/Nov/2024:04:25:41 +0100] "GET /ticket2/opencms/img/icons/mo.png HTTP/1.1" 200 1468
85.80.255.90 - - [01/Nov/2024:04:25:41 +0100] "GET /ticket2/opencms/img/icons/mt.png HTTP/1.1" 200 920
85.80.255.90 - - [01/Nov/2024:04:25:41 +0100] "GET /ticket2/opencms/img/icons/sk.png HTTP/1.1" 200 1283
85.80.255.90 - - [01/Nov/2024:04:25:41 +0100] "GET /ticket2/opencms/img/icons/sl.png HTTP/1.1" 200 966
85.80.255.90 - - [01/Nov/2024:04:25:41 +0100] "GET /ticket2/opencms/img/icons/sr.png HTTP/1.1" 200 1602
85.80.255.90 - - [01/Nov/2024:04:25:41 +0100] "GET /ticket2/opencms/img/icons/uk.png HTTP/1.1" 200 1272
85.80.255.90 - - [01/Nov/2024:04:25:41 +0100] "GET /ticket2/opencms/img/icons/tr.png HTTP/1.1" 200 1636
85.80.255.90 - - [01/Nov/2024:04:25:41 +0100] "GET /ticket2/opencms/system/modules/com.gridnine.opencms.ticketbrokerage.site/resources/js/standard.js HTTP/1.1" 200 3978
85.80.255.90 - - [01/Nov/2024:04:25:41 +0100] "GET /ticket2/opencms/img/icons/ticket2.thumbnail.png HTTP/1.1" 200 21519
188.165.217.198 - - [01/Nov/2024:04:25:42 +0100] "GET /ticket2/opencms/se/sv/sell/?edid=74325E21-2E26-BE24-3423-54A1D7F40DB3 HTTP/1.1" 404 -
85.80.255.90 - - [01/Nov/2024:04:25:43 +0100] "GET /ticket2/opencms/system/modules/com.gridnine.opencms.ticketbrokerage.site/resources/css/images/ui-bg_flat_75_ffffff_40x100.png HTTP/1.1" 404 -
37.60.239.40 - - [01/Nov/2024:04:25:44 +0100] "GET /ticket2/opencms/dk/buy/?page=1&edid=77E96875-4D8B-3D4E-D441-77B59C16273C&sortorder=desc&column=row HTTP/1.1" 200 98614
54.36.148.186 - - [01/Nov/2024:04:25:45 +0100] "GET /ticket2/opencms/cs/buy/?page=1&edid=579B49FD-6D7C-4BF3-CF9E-91183D7BCE4C HTTP/1.1" 200 98566
217.182.175.120 - - [01/Nov/2024:04:25:49 +0100] "GET /ticket2/opencms/dk/no/buy/?page=1&edid=0FD8C94D-BC20-A9A1-B75F-6B50E0D9D5B1 HTTP/1.1" 404 -
37.60.239.40 - - [01/Nov/2024:04:25:50 +0100] "GET /ticket2/opencms/dk/buy/?page=1&edid=788963AF-9A89-75A3-2D87-6B3C9C1E0D23 HTTP/1.1" 200 100205
173.252.83.6 - - [01/Nov/2024:04:25:54 +0100] "GET /ticket2/opencms/ga/dean-teagmhail-linn HTTP/1.1" 200 86904
37.60.239.40 - - [01/Nov/2024:04:25:54 +0100] "GET /ticket2/opencms/dk/buy/?page=1&edid=78EA8C22-04CF-6C49-88D2-A91795AFB758&sortorder=desc&column=row HTTP/1.1" 200 101861
54.36.148.219 - - [01/Nov/2024:04:25:54 +0100] "GET /ticket2/opencms/cs/buy/?page=1&edid=872A1CAC-EC9F-5A17-CC81-87C861412BDF HTTP/1.1" 200 101840
194.242.57.234 - - [01/Nov/2024:04:25:55 +0100] "GET /ticket2/opencms/se/sv/buy/?page=1&edid=C2B88E14-0168-2B6D-C607-2DF08C9E7129&sortorder=desc&column=price HTTP/1.1" 404 -
66.220.149.11 - - [01/Nov/2024:04:25:57 +0100] "GET /ticket2/opencms/hr/o-nama HTTP/1.1" 200 87911
111.119.192.199 - - [01/Nov/2024:04:26:00 +0100] "GET /ticket2/opencms/mo/buy?comcatid=0A6B8208-FDA4-E929-9D72-5312FD481B76&catid=AD8E612F-0F0B-03C9-5236-E4F8B6523945 HTTP/1.1" 200 87527
54.36.149.20 - - [01/Nov/2024:04:26:03 +0100] "GET /ticket2/opencms/cs/buy/?page=1&edid=AC8F7448-8C97-BB58-DCF6-B6425E43C512 HTTP/1.1" 200 98565
37.60.239.40 - - [01/Nov/2024:04:26:08 +0100] "GET /ticket2/opencms/dk/buy/?page=1&edid=79CCFD61-A014-AE43-C5ED-F574B4885086 HTTP/1.1" 200 100837
194.242.57.234 - - [01/Nov/2024:04:26:13 +0100] "GET /ticket2/opencms/se/sv/buy/?page=1&edid=C2B88E14-0168-2B6D-C607-2DF08C9E7129&sortorder=desc&column=row HTTP/1.1" 404 -
52.167.144.190 - - [01/Nov/2024:04:26:13 +0100] "GET /ticket2/opencms/fi/urheilu/hockey/nhl/vancouver-canucks/ HTTP/1.1" 200 90687
188.165.217.198 - - [01/Nov/2024:04:26:14 +0100] "GET /ticket2/opencms/se/sv/sell/?edid=750734F7-11F9-847F-808A-74C342D26F16 HTTP/1.1" 404 -
217.182.175.120 - - [01/Nov/2024:04:26:14 +0100] "GET /ticket2/opencms/dk/no/buy/?page=1&edid=0FD8C94D-BC20-A9A1-B75F-6B50E0D9D5B1&sortorder=desc&column=price HTTP/1.1" 404 -
54.36.148.30 - - [01/Nov/2024:04:26:16 +0100] "GET /ticket2/opencms/cs/buy/?page=1&edid=B753AC58-8832-296F-1C07-92C9F45E2BCE HTTP/1.1" 200 98565
37.60.239.40 - - [01/Nov/2024:04:26:16 +0100] "GET /ticket2/opencms/dk/buy/?page=1&edid=86D58C3C-F0C0-B63F-E2F8-CD47A83E5E88 HTTP/1.1" 200 99530
85.80.255.90 - - [01/Nov/2024:04:26:18 +0100] "GET /ticket2/opencms/dk/buy/?page=1&edid=2197E523-8740-2A01-BD5D-12E3C3F2DBFE HTTP/1.1" 200 135017
85.80.255.90 - - [01/Nov/2024:04:26:18 +0100] "GET /ticket2/opencms/system/modules/com.gridnine.opencms.ticketbrokerage.site/resources/css/ticketbrokerage.css HTTP/1.1" 200 39339
85.80.255.90 - - [01/Nov/2024:04:26:18 +0100] "GET /ticket2/opencms/system/modules/com.gridnine.opencms.ticketbrokerage.site/resources/css/calendar.css HTTP/1.1" 200 6871
85.80.255.90 - - [01/Nov/2024:04:26:18 +0100] "GET /ticket2/opencms/system/modules/com.gridnine.opencms.ticketbrokerage.site/resources/css/standard.css HTTP/1.1" 200 73073
85.80.255.90 - - [01/Nov/2024:04:26:18 +0100] "GET /ticket2/opencms/system/modules/com.gridnine.opencms.ticketbrokerage.site/resources/js/functions.js HTTP/1.1" 200 1583
85.80.255.90 - - [01/Nov/2024:04:26:18 +0100] "GET /ticket2/opencms/system/modules/com.gridnine.opencms.ticketbrokerage.site/resources/js/calendar-en.js HTTP/1.1" 200 3338
85.80.255.90 - - [01/Nov/2024:04:26:18 +0100] "GET /ticket2/opencms/system/modules/com.gridnine.opencms.ticketbrokerage.site/resources/js/calendar.js HTTP/1.1" 200 49229
85.80.255.90 - - [01/Nov/2024:04:26:18 +0100] "GET /ticket2/opencms/system/modules/com.gridnine.opencms.ticketbrokerage.site/resources/js/calendar-setup.js HTTP/1.1" 200 4923
85.80.255.90 - - [01/Nov/2024:04:26:18 +0100] "GET /ticket2/opencms/system/modules/com.gridnine.opencms.ticketbrokerage.site/resources/js/standard.js HTTP/1.1" 200 3978
85.80.255.90 - - [01/Nov/2024:04:26:18 +0100] "GET /ticket2/opencms/venue/Tottanham_Hotspur_Stadium.png HTTP/1.1" 200 43726
85.80.255.90 - - [01/Nov/2024:04:26:18 +0100] "GET /ticket2/opencms/system/modules/com.gridnine.opencms.ticketbrokerage.site/resources/pics/two_man.png HTTP/1.1" 200 3407
85.80.255.90 - - [01/Nov/2024:04:26:18 +0100] "GET /ticket2/opencms/system/modules/com.gridnine.opencms.ticketbrokerage.site/resources/pics/0.gif HTTP/1.1" 200 43
85.80.255.90 - - [01/Nov/2024:04:26:19 +0100] "GET /ticket2/opencms/system/modules/com.gridnine.opencms.ticketbrokerage.site/resources/pics/ticket_info_button.png HTTP/1.1" 200 3820
85.80.255.90 - - [01/Nov/2024:04:26:19 +0100] "GET /ticket2/opencms/img/icons/hy.png HTTP/1.1" 200 1170
85.80.255.90 - - [01/Nov/2024:04:26:19 +0100] "GET /ticket2/opencms/dk/ask-form.html HTTP/1.1" 200 2971
85.80.255.90 - - [01/Nov/2024:04:26:19 +0100] "GET /ticket2/opencms/img/icons/mk.png HTTP/1.1" 200 1405
85.80.255.90 - - [01/Nov/2024:04:26:19 +0100] "GET /ticket2/opencms/img/arrow-down.png HTTP/1.1" 200 192
85.80.255.90 - - [01/Nov/2024:04:26:19 +0100] "GET /ticket2/opencms/system/modules/com.gridnine.opencms.ticketbrokerage.site/resources/pics/arrow.gif HTTP/1.1" 200 344
