85.80.255.90 - - [01/Nov/2024:04:26:19 +0100] "GET /ticket2/opencms/system/modules/com.gridnine.opencms.ticketbrokerage.site/resources/css/ticketbrokerage.css HTTP/1.1" 200 39339
85.80.255.90 - - [01/Nov/2024:04:26:19 +0100] "GET /ticket2/opencms/system/modules/com.gridnine.opencms.ticketbrokerage.site/resources/pics/form_marker.gif HTTP/1.1" 200 43
37.60.239.40 - - [01/Nov/2024:04:26:23 +0100] "GET /ticket2/opencms/dk/buy/?page=1&edid=86EFAE8C-0E54-F400-EACD-028D57C0D330&sortorder=asc&column=row HTTP/1.1" 200 102514
47.128.48.184 - - [01/Nov/2024:04:26:24 +0100] "GET /ticket2/opencms/en/buy?comcatid=B41CCF2B-5558-7AEE-3602-09BBDE417D65&page=6 HTTP/1.1" 200 82024
37.60.239.40 - - [01/Nov/2024:04:26:25 +0100] "GET /ticket2/opencms/dk/buy/?page=1&edid=872EADC5-B9DD-21C0-9A0A-0D882685D686&sortorder=desc&column=section HTTP/1.1" 200 101202
54.36.149.14 - - [01/Nov/2024:04:26:27 +0100] "GET /ticket2/opencms/ka/buy?page=6&comcatid=A17713B6-D984-201A-4143-ED4DB5ED5C2E&catid=A3372871-3019-08B8-80CE-74B78F441ACA HTTP/1.1" 200 97275
195.154.122.171 - - [01/Nov/2024:04:26:28 +0100] "GET /ticket2/opencms/system/modules/com.gridnine.opencms.ticketbrokerage.site/resources/css/jquery-ui.css HTTP/1.1" 200 33221
195.154.122.171 - - [01/Nov/2024:04:26:28 +0100] "GET /ticket2/opencms/system/modules/com.gridnine.opencms.ticketbrokerage.site/resources/css/standard.css HTTP/1.1" 200 73073
195.154.122.171 - - [01/Nov/2024:04:26:28 +0100] "GET /ticket2/opencms/system/modules/com.gridnine.opencms.ticketbrokerage.site/resources/css/ticketbrokerage.css HTTP/1.1" 200 39339
195.154.122.171 - - [01/Nov/2024:04:26:28 +0100] "GET /ticket2/opencms/system/modules/com.gridnine.opencms.ticketbrokerage.site/resources/css/jquery.fancybox.css HTTP/1.1" 200 4939
195.154.122.171 - - [01/Nov/2024:04:26:28 +0100] "GET /ticket2/opencms/system/modules/com.gridnine.opencms.ticketbrokerage.site/resources/css/calendar.css HTTP/1.1" 200 6871
195.154.122.171 - - [01/Nov/2024:04:26:28 +0100] "GET /ticket2/opencms/system/modules/com.gridnine.opencms.ticketbrokerage.site/resources/js/jquery/jquery.js HTTP/1.1" 200 93868
195.154.122.171 - - [01/Nov/2024:04:26:28 +0100] "GET /ticket2/opencms/system/modules/com.gridnine.opencms.ticketbrokerage.site/resources/js/jquery/jquery-ui.js HTTP/1.1" 200 228088
195.154.122.171 - - [01/Nov/2024:04:26:28 +0100] "GET /ticket2/opencms/system/modules/com.gridnine.opencms.ticketbrokerage.site/resources/js/calendar-en.js HTTP/1.1" 200 3338
195.154.122.171 - - [01/Nov/2024:04:26:28 +0100] "GET /ticket2/opencms/system/modules/com.gridnine.opencms.ticketbrokerage.site/resources/js/functions.js HTTP/1.1" 200 1583
195.154.122.171 - - [01/Nov/2024:04:26:28 +0100] "GET /ticket2/opencms/system/modules/com.gridnine.opencms.ticketbrokerage.site/resources/js/calendar.js HTTP/1.1" 200 49229
195.154.122.171 - - [01/Nov/2024:04:26:28 +0100] "GET /ticket2/opencms/system/modules/com.gridnine.opencms.ticketbrokerage.site/resources/js/calendar-setup.js HTTP/1.1" 200 4923
195.154.122.171 - - [01/Nov/2024:04:26:28 +0100] "GET /ticket2/opencms/system/modules/com.gridnine.opencms.ticketbrokerage.site/resources/js/jquery.fancybox.pack.js HTTP/1.1" 200 23187
195.154.122.171 - - [01/Nov/2024:04:26:28 +0100] "GET /ticket2/opencms/system/modules/com.gridnine.opencms.ticketbrokerage.site/resources/js/stickyfill.min.js HTTP/1.1" 200 5672
195.154.122.171 - - [01/Nov/2024:04:26:28 +0100] "GET /ticket2/opencms/system/modules/com.gridnine.opencms.ticketbrokerage.site/resources/js/standard.js HTTP/1.1" 200 3978
195.154.122.171 - - [01/Nov/2024:04:26:28 +0100] "GET /ticket2/opencms/system/modules/com.gridnine.opencms.ticketbrokerage.site/resources/js/jquery.placeholder.min.js HTTP/1.1" 200 1737
195.154.122.171 - - [01/Nov/2024:04:26:28 +0100] "GET /ticket2/opencms/system/modules/com.gridnine.opencms.ticketbrokerage.site/resources/js/common-ajax.js HTTP/1.1" 200 20175
195.154.122.171 - - [01/Nov/2024:04:26:28 +0100] "GET /ticket2/opencms/system/modules/com.gridnine.opencms.ticketbrokerage.site/resources/js/standard.js HTTP/1.1" 200 3978
194.242.57.234 - - [01/Nov/2024:04:26:28 +0100] "GET /ticket2/opencms/se/sv/buy/?page=1&edid=C2B88E14-0168-2B6D-C607-2DF08C9E7129&sortorder=desc&column=section HTTP/1.1" 404 -
37.60.239.40 - - [01/Nov/2024:04:26:34 +0100] "GET /ticket2/opencms/dk/buy/?page=1&edid=8839DE43-02D6-1964-9569-34CA7978C5BC HTTP/1.1" 200 100013
72.14.199.233 - - [01/Nov/2024:04:26:35 +0100] "GET /ticket2/opencms/no/sport/fotballsbilletter/premier_league/ HTTP/1.1" 200 95826
217.182.175.120 - - [01/Nov/2024:04:26:37 +0100] "GET /ticket2/opencms/dk/no/buy/?page=1&edid=0FD8C94D-BC20-A9A1-B75F-6B50E0D9D5B1&sortorder=desc&column=row HTTP/1.1" 404 -
54.36.148.79 - - [01/Nov/2024:04:26:42 +0100] "GET /ticket2/opencms/el/buy/?page=1&edid=5130AA30-8F4F-96F4-18F0-73196247FCC5 HTTP/1.1" 200 101256
37.60.239.40 - - [01/Nov/2024:04:26:44 +0100] "GET /ticket2/opencms/dk/buy/?page=1&edid=89426793-268A-C03E-4926-A9BF00570688 HTTP/1.1" 200 100711
188.165.217.198 - - [01/Nov/2024:04:26:51 +0100] "GET /ticket2/opencms/se/sv/sell/?edid=75465276-92D2-AA64-ADA7-8FC9DBE787C7 HTTP/1.1" 404 -
54.36.148.128 - - [01/Nov/2024:04:26:53 +0100] "GET /ticket2/opencms/sr/buy?page=6&comcatid=A17713B6-D984-201A-4143-ED4DB5ED5C2E&catid=AE3FE643-AE41-BAA6-237D-5206D1B044A1 HTTP/1.1" 200 94969
37.60.239.40 - - [01/Nov/2024:04:26:53 +0100] "GET /ticket2/opencms/dk/buy/?page=1&edid=898CE004-98F3-3810-70DB-F4CFAF724B38&sortorder=asc&column=price HTTP/1.1" 200 101930
195.154.122.102 - - [01/Nov/2024:04:26:55 +0100] "GET /ticket2/opencms/system/modules/com.gridnine.opencms.ticketbrokerage.site/resources/css/ticketbrokerage.css HTTP/1.1" 200 39339
195.154.122.102 - - [01/Nov/2024:04:26:55 +0100] "GET /ticket2/opencms/system/modules/com.gridnine.opencms.ticketbrokerage.site/resources/css/calendar.css HTTP/1.1" 200 6871
195.154.122.102 - - [01/Nov/2024:04:26:55 +0100] "GET /ticket2/opencms/system/modules/com.gridnine.opencms.ticketbrokerage.site/resources/css/jquery-ui.css HTTP/1.1" 200 33221
195.154.122.102 - - [01/Nov/2024:04:26:55 +0100] "GET /ticket2/opencms/system/modules/com.gridnine.opencms.ticketbrokerage.site/resources/css/jquery.fancybox.css HTTP/1.1" 200 4939
195.154.122.102 - - [01/Nov/2024:04:26:55 +0100] "GET /ticket2/opencms/system/modules/com.gridnine.opencms.ticketbrokerage.site/resources/js/jquery/jquery.js HTTP/1.1" 200 93868
195.154.122.102 - - [01/Nov/2024:04:26:55 +0100] "GET /ticket2/opencms/system/modules/com.gridnine.opencms.ticketbrokerage.site/resources/css/standard.css HTTP/1.1" 200 73073
195.154.122.102 - - [01/Nov/2024:04:26:55 +0100] "GET /ticket2/opencms/system/modules/com.gridnine.opencms.ticketbrokerage.site/resources/js/functions.js HTTP/1.1" 200 1583
195.154.122.102 - - [01/Nov/2024:04:26:55 +0100] "GET /ticket2/opencms/system/modules/com.gridnine.opencms.ticketbrokerage.site/resources/js/calendar.js HTTP/1.1" 200 49229
195.154.122.102 - - [01/Nov/2024:04:26:55 +0100] "GET /ticket2/opencms/system/modules/com.gridnine.opencms.ticketbrokerage.site/resources/js/calendar-en.js HTTP/1.1" 200 3338
195.154.122.102 - - [01/Nov/2024:04:26:55 +0100] "GET /ticket2/opencms/system/modules/com.gridnine.opencms.ticketbrokerage.site/resources/js/jquery/jquery-ui.js HTTP/1.1" 200 228088
195.154.122.102 - - [01/Nov/2024:04:26:55 +0100] "GET /ticket2/opencms/system/modules/com.gridnine.opencms.ticketbrokerage.site/resources/js/calendar-setup.js HTTP/1.1" 200 4923
195.154.122.102 - - [01/Nov/2024:04:26:55 +0100] "GET /ticket2/opencms/system/modules/com.gridnine.opencms.ticketbrokerage.site/resources/js/stickyfill.min.js HTTP/1.1" 200 5672
195.154.122.102 - - [01/Nov/2024:04:26:55 +0100] "GET /ticket2/opencms/system/modules/com.gridnine.opencms.ticketbrokerage.site/resources/js/jquery.fancybox.pack.js HTTP/1.1" 200 23187
195.154.122.102 - - [01/Nov/2024:04:26:55 +0100] "GET /ticket2/opencms/system/modules/com.gridnine.opencms.ticketbrokerage.site/resources/js/standard.js HTTP/1.1" 200 3978
195.154.122.102 - - [01/Nov/2024:04:26:55 +0100] "GET /ticket2/opencms/system/modules/com.gridnine.opencms.ticketbrokerage.site/resources/js/jquery.placeholder.min.js HTTP/1.1" 200 1737
195.154.122.102 - - [01/Nov/2024:04:26:55 +0100] "GET /ticket2/opencms/system/modules/com.gridnine.opencms.ticketbrokerage.site/resources/js/common-ajax.js HTTP/1.1" 200 20175
194.242.57.234 - - [01/Nov/2024:04:26:55 +0100] "GET /ticket2/opencms/se/sv/buy/?page=1&edid=C40B04F3-522D-9ED3-C6F9-40FD85E2C8C7&sortorder=desc&column=price HTTP/1.1" 404 -
37.60.239.40 - - [01/Nov/2024:04:26:57 +0100] "GET /ticket2/opencms/dk/buy/?page=1&edid=8AB2E4A1-D116-C62C-CE26-DEC6ED22AE38 HTTP/1.1" 200 97385
195.154.122.102 - - [01/Nov/2024:04:26:58 +0100] "GET /ticket2/opencms/system/modules/com.gridnine.opencms.ticketbrokerage.site/resources/js/standard.js HTTP/1.1" 200 3978
217.182.175.120 - - [01/Nov/2024:04:27:00 +0100] "GET /ticket2/opencms/dk/no/buy/?page=1&edid=0FD8C94D-BC20-A9A1-B75F-6B50E0D9D5B1&sortorder=desc&column=section HTTP/1.1" 404 -
54.36.148.132 - - [01/Nov/2024:04:27:02 +0100] "GET /ticket2/opencms/sr/buy/?page=1&edid=BABB7B15-4A6B-2CD0-A4E6-6F9CC954F92B HTTP/1.1" 200 99081
37.60.239.40 - - [01/Nov/2024:04:27:08 +0100] "GET /ticket2/opencms/dk/buy/?page=1&edid=8AB2E4A1-D116-C62C-CE26-DEC6ED22AE38&sortorder=desc&column=section HTTP/1.1" 200 98800
194.242.57.234 - - [01/Nov/2024:04:27:18 +0100] "GET /ticket2/opencms/se/sv/buy/?page=1&edid=C40B04F3-522D-9ED3-C6F9-40FD85E2C8C7&sortorder=desc&column=row HTTP/1.1" 404 -
217.182.175.120 - - [01/Nov/2024:04:27:18 +0100] "GET /ticket2/opencms/dk/no/buy/?page=1&edid=10460286-023B-DF27-E433-B371940C5050&sortorder=asc&column=row HTTP/1.1" 404 -
37.60.239.40 - - [01/Nov/2024:04:27:19 +0100] "GET /ticket2/opencms/dk/buy/?page=1&edid=8ABC9B5C-8205-5074-5868-5C5E5D741195 HTTP/1.1" 200 98371
54.36.148.235 - - [01/Nov/2024:04:27:19 +0100] "GET /ticket2/opencms/is/buy/?page=1&edid=579B49FD-6D7C-4BF3-CF9E-91183D7BCE4C HTTP/1.1" 200 98803
94.74.92.239 - - [01/Nov/2024:04:27:20 +0100] "GET /ticket2/opencms/mo/buy?page=1&edid=86551C8A-2BF5-6EB9-E5C9-54A1AFF44009 HTTP/1.1" 200 102054
188.165.217.198 - - [01/Nov/2024:04:27:24 +0100] "GET /ticket2/opencms/se/sv/sell/?edid=7584F820-CD7D-628C-D907-63A2068AD86B HTTP/1.1" 404 -
54.36.148.120 - - [01/Nov/2024:04:27:28 +0100] "GET /ticket2/opencms/is/buy/?page=1&edid=AC8F7448-8C97-BB58-DCF6-B6425E43C512 HTTP/1.1" 200 98802
37.60.239.40 - - [01/Nov/2024:04:27:28 +0100] "GET /ticket2/opencms/dk/buy/?page=1&edid=8B8FE200-1EB3-4842-98C1-9402EB17DE7C HTTP/1.1" 200 99533
194.242.57.234 - - [01/Nov/2024:04:27:35 +0100] "GET /ticket2/opencms/se/sv/buy/?page=1&edid=C40B04F3-522D-9ED3-C6F9-40FD85E2C8C7&sortorder=desc&column=section HTTP/1.1" 404 -
217.182.175.120 - - [01/Nov/2024:04:27:37 +0100] "GET /ticket2/opencms/dk/no/buy/?page=1&edid=10CEF099-02C7-E20B-5B86-024400E771C3&sortorder=asc&column=price HTTP/1.1" 404 -
37.60.239.40 - - [01/Nov/2024:04:27:37 +0100] "GET /ticket2/opencms/dk/buy/?page=1&edid=8B8FE200-1EB3-4842-98C1-9402EB17DE7C&sortorder=desc&column=row HTTP/1.1" 200 100764
54.36.148.156 - - [01/Nov/2024:04:27:38 +0100] "GET /ticket2/opencms/is/buy/?page=1&edid=B753AC58-8832-296F-1C07-92C9F45E2BCE HTTP/1.1" 200 98802
37.60.239.40 - - [01/Nov/2024:04:27:45 +0100] "GET /ticket2/opencms/dk/buy/?page=1&edid=8B8FE200-1EB3-4842-98C1-9402EB17DE7C&sortorder=desc&column=section HTTP/1.1" 200 100948
54.36.149.3 - - [01/Nov/2024:04:27:47 +0100] "GET /ticket2/opencms/lt/buy/?page=1&edid=397521D5-C7AB-930B-258F-17E9104F07FF HTTP/1.1" 200 102057
47.128.121.56 - - [01/Nov/2024:04:27:48 +0100] "GET /ticket2/opencms/mt/buy/?edid=5ED2EB91-C7BF-DB4E-E8CC-C708B8706497 HTTP/1.1" 200 81495
47.128.19.26 - - [01/Nov/2024:04:27:50 +0100] "GET /ticket2/opencms/hu/buy/?edid=21D2AFB5-938E-EEAC-97B2-16852695CE24 HTTP/1.1" 200 81485
194.242.57.234 - - [01/Nov/2024:04:27:53 +0100] "GET /ticket2/opencms/se/sv/buy/?page=1&edid=C4308E58-152A-45A7-B817-E9967A70F7B2&sortorder=desc&column=price HTTP/1.1" 404 -
66.249.76.233 - - [01/Nov/2024:04:27:53 +0100] "GET /ticket2/opencms/sv/buy?page=1&edid=F8BB2090-BA45-FBD4-AD8B-5106C874FC38 HTTP/1.1" 200 100927
217.182.175.120 - - [01/Nov/2024:04:27:54 +0100] "GET /ticket2/opencms/dk/no/buy/?page=1&edid=10CEF099-02C7-E20B-5B86-024400E771C3&sortorder=asc&column=row HTTP/1.1" 404 -
37.60.239.40 - - [01/Nov/2024:04:27:54 +0100] "GET /ticket2/opencms/dk/buy/?page=1&edid=8C5232A8-5B57-EB22-F406-EF5469CA653B&sortorder=desc&column=row HTTP/1.1" 200 100849
173.252.107.116 - - [01/Nov/2024:04:27:55 +0100] "GET /ticket2/opencms/mo/sport/bilete-la-fotbal/serie-a/bologna HTTP/1.1" 200 97799
54.36.149.87 - - [01/Nov/2024:04:27:55 +0100] "GET /ticket2/opencms/lv/buy/?page=1&edid=579B49FD-6D7C-4BF3-CF9E-91183D7BCE4C HTTP/1.1" 200 98749
188.165.217.198 - - [01/Nov/2024:04:28:00 +0100] "GET /ticket2/opencms/se/sv/sell/?edid=75E3823C-6D4F-AA5C-B067-C6F1D0576366 HTTP/1.1" 404 -
37.60.239.40 - - [01/Nov/2024:04:28:06 +0100] "GET /ticket2/opencms/dk/buy/?page=1&edid=8C5232A8-5B57-EB22-F406-EF5469CA653B&sortorder=desc&column=section HTTP/1.1" 200 101033
194.242.57.234 - - [01/Nov/2024:04:28:09 +0100] "GET /ticket2/opencms/se/sv/buy/?page=1&edid=C4308E58-152A-45A7-B817-E9967A70F7B2&sortorder=desc&column=row HTTP/1.1" 404 -
37.60.239.40 - - [01/Nov/2024:04:28:11 +0100] "GET /ticket2/opencms/dk/buy/?page=1&edid=9DE350F6-B300-83B9-3680-92C4AA695FFE&sortorder=asc&column=row HTTP/1.1" 200 98556
54.36.148.186 - - [01/Nov/2024:04:28:12 +0100] "GET /ticket2/opencms/lv/buy/?page=1&edid=6C755BD2-3E40-1F18-AF57-4283F42FB67F HTTP/1.1" 200 101881
217.182.175.120 - - [01/Nov/2024:04:28:18 +0100] "GET /ticket2/opencms/dk/no/buy/?page=1&edid=10CEF099-02C7-E20B-5B86-024400E771C3&sortorder=asc&column=section HTTP/1.1" 404 -
54.36.148.211 - - [01/Nov/2024:04:28:21 +0100] "GET /ticket2/opencms/lv/buy/?page=1&edid=B753AC58-8832-296F-1C07-92C9F45E2BCE HTTP/1.1" 200 98748
85.208.96.211 - - [01/Nov/2024:04:28:22 +0100] "GET /ticket2/opencms/no/sport/fotballsbilletter/europa_league/ HTTP/1.1" 200 88078
173.252.87.1 - - [01/Nov/2024:04:28:22 +0100] "GET /ticket2/opencms/el/athlitismos/eisitiria-podosfairou/la-liga/barcelona/ HTTP/1.1" 200 108542
37.60.239.40 - - [01/Nov/2024:04:28:25 +0100] "GET /ticket2/opencms/dk/buy/?page=1&edid=9E895286-4DF2-9E22-3127-0EDC3248C99D HTTP/1.1" 200 100027
188.165.217.198 - - [01/Nov/2024:04:28:27 +0100] "GET /ticket2/opencms/se/sv/sell/?edid=7FF1B39E-633B-78E9-D7CF-938FA162614A HTTP/1.1" 404 -
114.119.129.189 - - [01/Nov/2024:04:28:28 +0100] "GET /ticket2/opencms/en/venue/?venueid=6E74DDFB-B5A5-70DD-F587-B3566A502D6D HTTP/1.1" 200 86584
54.36.149.9 - - [01/Nov/2024:04:28:29 +0100] "GET /ticket2/opencms/mo/buy/?page=1&edid=579B49FD-6D7C-4BF3-CF9E-91183D7BCE4C HTTP/1.1" 200 98757
37.60.239.40 - - [01/Nov/2024:04:28:29 +0100] "GET /ticket2/opencms/dk/buy/?page=1&edid=9EA3BA7C-66F3-963A-2DB2-F9F7F529FD82 HTTP/1.1" 200 100651
194.242.57.234 - - [01/Nov/2024:04:28:30 +0100] "GET /ticket2/opencms/se/sv/buy/?page=1&edid=C4D150F7-E051-16FD-EDF0-67C520051F22&sortorder=asc&column=row HTTP/1.1" 404 -
217.182.175.120 - - [01/Nov/2024:04:28:36 +0100] "GET /ticket2/opencms/dk/no/buy/?page=1&edid=10D6239A-C87E-F4DB-2756-37EA531CCFE4&sortorder=asc&column=section HTTP/1.1" 404 -
54.36.148.221 - - [01/Nov/2024:04:28:38 +0100] "GET /ticket2/opencms/mo/buy/?page=1&edid=5B1EBD64-AC5B-1705-53F4-E0FEF8B73423 HTTP/1.1" 200 102099
37.60.239.40 - - [01/Nov/2024:04:28:38 +0100] "GET /ticket2/opencms/dk/buy/?page=1&edid=A26A1DDB-9994-59CF-23FC-E76D4B2EE00C&sortorder=asc&column=section HTTP/1.1" 200 101167
124.243.149.230 - - [01/Nov/2024:04:28:42 +0100] "GET /ticket2/opencms/en/buy/?page=1&edid=BE388851-096B-2B4D-C281-DAEB16275376 HTTP/1.1" 200 99739
37.60.239.40 - - [01/Nov/2024:04:28:48 +0100] "GET /ticket2/opencms/dk/buy/?page=1&edid=A426BA6C-DA03-08DF-D7B3-655AA13EBE13&sortorder=desc&column=price HTTP/1.1" 200 102618
188.165.217.198 - - [01/Nov/2024:04:28:54 +0100] "GET /ticket2/opencms/se/sv/sell/?edid=81879857-4F25-1D91-01EE-91203C205E54 HTTP/1.1" 404 -
54.36.149.28 - - [01/Nov/2024:04:28:55 +0100] "GET /ticket2/opencms/mo/buy/?page=1&edid=AC8F7448-8C97-BB58-DCF6-B6425E43C512 HTTP/1.1" 200 98756
217.182.175.120 - - [01/Nov/2024:04:28:56 +0100] "GET /ticket2/opencms/dk/no/buy/?page=1&edid=10D6239A-C87E-F4DB-2756-37EA531CCFE4&sortorder=desc&column=price HTTP/1.1" 404 -
37.60.239.40 - - [01/Nov/2024:04:28:56 +0100] "GET /ticket2/opencms/dk/buy/?page=1&edid=A9DB1DE6-01D7-BC62-CF57-554A2AD423E4&sortorder=desc&column=row HTTP/1.1" 200 98599
54.36.148.252 - - [01/Nov/2024:04:28:58 +0100] "GET /ticket2/opencms/mo/buy/?page=1&edid=B753AC58-8832-296F-1C07-92C9F45E2BCE HTTP/1.1" 200 98756
194.242.57.234 - - [01/Nov/2024:04:28:59 +0100] "GET /ticket2/opencms/se/sv/buy/?page=1&edid=C4D150F7-E051-16FD-EDF0-67C520051F22&sortorder=asc&column=section HTTP/1.1" 404 -
37.60.239.40 - - [01/Nov/2024:04:29:00 +0100] "GET /ticket2/opencms/dk/buy/?page=1&edid=A9EB69E3-F598-8818-4039-B7E9BE6FE589 HTTP/1.1" 200 97364
37.60.239.40 - - [01/Nov/2024:04:29:10 +0100] "GET /ticket2/opencms/dk/buy/?page=1&edid=AB846FE3-D252-0F8D-9888-1616F9907D4C HTTP/1.1" 200 97370
47.128.52.123 - - [01/Nov/2024:04:29:10 +0100] "GET /ticket2/opencms/mt/buy?catid=CB847559-7ECA-CC50-D7D2-064AF0C06FB1&comcatid=0A6B8208-FDA4-E929-9D72-5312FD481B76&page=6 HTTP/1.1" 200 87477
54.36.149.85 - - [01/Nov/2024:04:29:11 +0100] "GET /ticket2/opencms/mt/buy/?page=1&edid=579B49FD-6D7C-4BF3-CF9E-91183D7BCE4C HTTP/1.1" 200 98827
188.165.217.198 - - [01/Nov/2024:04:29:15 +0100] "GET /ticket2/opencms/se/sv/sell/?edid=818BFE3F-AC93-486D-C86E-30E2A3081A30 HTTP/1.1" 404 -
217.182.175.120 - - [01/Nov/2024:04:29:17 +0100] "GET /ticket2/opencms/dk/no/buy/?page=1&edid=10D6239A-C87E-F4DB-2756-37EA531CCFE4&sortorder=desc&column=row HTTP/1.1" 404 -
37.60.239.40 - - [01/Nov/2024:04:29:18 +0100] "GET /ticket2/opencms/dk/buy/?page=1&edid=AB9E7BF0-7DD3-2623-3B2D-74224FE2F71E HTTP/1.1" 200 100414
194.242.57.234 - - [01/Nov/2024:04:29:22 +0100] "GET /ticket2/opencms/se/sv/buy/?page=1&edid=C58C4D82-5A12-E919-06D9-9707EA405EF9&sortorder=asc&column=price HTTP/1.1" 404 -
54.36.149.103 - - [01/Nov/2024:04:29:25 +0100] "GET /ticket2/opencms/sk/buy/?page=1&edid=3F963FD5-1ED2-6ECC-F4D2-23E1A97126FB HTTP/1.1" 200 101752
37.60.239.40 - - [01/Nov/2024:04:29:26 +0100] "GET /ticket2/opencms/dk/buy/?page=1&edid=ABBE5FB1-E092-13A7-2DCD-DF0DD40D61EB HTTP/1.1" 200 97380
37.60.239.40 - - [01/Nov/2024:04:29:31 +0100] "GET /ticket2/opencms/dk/buy/?page=1&edid=ABDF7CFF-955C-3980-3713-4EA1E1421657 HTTP/1.1" 200 99954
217.182.175.120 - - [01/Nov/2024:04:29:34 +0100] "GET /ticket2/opencms/dk/no/buy/?page=1&edid=11FD6A0D-DBDD-2EB1-4BAA-FE0CA8F88A9E&sortorder=asc&column=row HTTP/1.1" 404 -
54.36.148.35 - - [01/Nov/2024:04:29:34 +0100] "GET /ticket2/opencms/sk/buy/?page=1&edid=6C755BD2-3E40-1F18-AF57-4283F42FB67F HTTP/1.1" 200 101744
114.119.141.34 - - [01/Nov/2024:04:29:35 +0100] "GET /ticket2/opencms/en/venue/?countryid=ACBCEDDC-478F-6F5C-046F-A1A55C83F98D HTTP/1.1" 200 122149
37.60.239.40 - - [01/Nov/2024:04:29:39 +0100] "GET /ticket2/opencms/dk/buy/?page=1&edid=AD5DB98E-0383-82ED-D9EA-4EF4C6517FB7 HTTP/1.1" 200 97391
188.165.217.198 - - [01/Nov/2024:04:29:39 +0100] "GET /ticket2/opencms/se/sv/sell/?edid=81CB16E1-41EB-DE22-295B-27386E73C454 HTTP/1.1" 404 -
194.242.57.234 - - [01/Nov/2024:04:29:40 +0100] "GET /ticket2/opencms/se/sv/buy/?page=1&edid=C58C4D82-5A12-E919-06D9-9707EA405EF9&sortorder=asc&column=row HTTP/1.1" 404 -
54.36.149.101 - - [01/Nov/2024:04:29:44 +0100] "GET /ticket2/opencms/sl/buy/?page=1&edid=397521D5-C7AB-930B-258F-17E9104F07FF HTTP/1.1" 200 101819
37.60.239.40 - - [01/Nov/2024:04:29:46 +0100] "GET /ticket2/opencms/dk/buy/?page=1&edid=AD7CC956-29A2-9E10-9B81-D673B6C0E599 HTTP/1.1" 200 100678
37.60.239.40 - - [01/Nov/2024:04:29:51 +0100] "GET /ticket2/opencms/dk/buy/?page=1&edid=AD8B286C-A601-B37E-CF61-F8810D020A2B HTTP/1.1" 200 100641
54.36.148.115 - - [01/Nov/2024:04:29:51 +0100] "GET /ticket2/opencms/sl/buy/?page=1&edid=579B49FD-6D7C-4BF3-CF9E-91183D7BCE4C HTTP/1.1" 200 98503
217.182.175.120 - - [01/Nov/2024:04:29:52 +0100] "GET /ticket2/opencms/dk/no/buy/?page=1&edid=11FD6A0D-DBDD-2EB1-4BAA-FE0CA8F88A9E&sortorder=asc&column=section HTTP/1.1" 404 -
37.60.239.40 - - [01/Nov/2024:04:29:56 +0100] "GET /ticket2/opencms/dk/buy/?page=1&edid=ADA3FA8E-E451-2930-DBC9-79D7BE9FD2EE HTTP/1.1" 200 98602
190.92.214.222 - - [01/Nov/2024:04:30:00 +0100] "GET /ticket2/opencms/sk/sport/futbalove-listky/premier-league/wolverhampton/ HTTP/1.1" 200 100068
54.36.149.88 - - [01/Nov/2024:04:30:01 +0100] "GET /ticket2/opencms/sl/buy/?page=1&edid=6C755BD2-3E40-1F18-AF57-4283F42FB67F HTTP/1.1" 200 101579
37.60.239.40 - - [01/Nov/2024:04:30:02 +0100] "GET /ticket2/opencms/dk/buy/?page=1&edid=ADBA15E4-3F4A-A815-69DB-A98CDD1E67EB HTTP/1.1" 200 100416
188.165.217.198 - - [01/Nov/2024:04:30:02 +0100] "GET /ticket2/opencms/se/sv/sell/?edid=82745F06-3D31-8B97-2457-E3054B4E4B1C HTTP/1.1" 404 -
194.242.57.234 - - [01/Nov/2024:04:30:04 +0100] "GET /ticket2/opencms/se/sv/buy/?page=1&edid=C58C4D82-5A12-E919-06D9-9707EA405EF9&sortorder=asc&column=section HTTP/1.1" 404 -
47.128.16.25 - - [01/Nov/2024:04:30:08 +0100] "GET /ticket2/opencms/mt/buy/?edid=64A60FC5-9144-9005-5A1D-3785642C58BF HTTP/1.1" 200 81495
54.36.148.80 - - [01/Nov/2024:04:30:09 +0100] "GET /ticket2/opencms/sl/buy/?page=1&edid=AC8F7448-8C97-BB58-DCF6-B6425E43C512 HTTP/1.1" 200 98502
217.182.175.120 - - [01/Nov/2024:04:30:10 +0100] "GET /ticket2/opencms/dk/no/buy/?page=1&edid=124781BD-55D1-347C-3E0C-E088BD538B9A&sortorder=asc&column=price HTTP/1.1" 404 -
37.60.239.40 - - [01/Nov/2024:04:30:10 +0100] "GET /ticket2/opencms/dk/buy/?page=1&edid=AE0B1CB0-C071-E4CC-A5D8-E94E57C9DEB0 HTTP/1.1" 200 97368
54.36.148.169 - - [01/Nov/2024:04:30:17 +0100] "GET /ticket2/opencms/cs/buy/?page=1&edid=2DF71579-8539-9953-A2E8-0E8B3100119A HTTP/1.1" 200 98586
37.60.239.40 - - [01/Nov/2024:04:30:18 +0100] "GET /ticket2/opencms/dk/buy/?page=1&edid=AE0B1CB0-C071-E4CC-A5D8-E94E57C9DEB0&sortorder=asc&column=section HTTP/1.1" 200 98738
216.244.66.238 - - [01/Nov/2024:04:30:21 +0100] "GET /ticket2/opencms/dk/en/buy/?page=1&edid=2B4B21AC-3A39-C63E-397C-084E798BD2FE HTTP/1.1" 404 -
188.165.217.198 - - [01/Nov/2024:04:30:24 +0100] "GET /ticket2/opencms/se/sv/sell/?edid=82DAFB8C-2930-7F9D-08E3-A892E55FAAA5 HTTP/1.1" 404 -
216.244.66.238 - - [01/Nov/2024:04:30:24 +0100] "GET /ticket2/opencms/dk/en/buy/?page=1&edid=82745F06-3D31-8B97-2457-E3054B4E4B1C HTTP/1.1" 404 -
37.60.239.40 - - [01/Nov/2024:04:30:28 +0100] "GET /ticket2/opencms/dk/buy/?page=1&edid=AE3F7158-D2E7-B5EE-3096-AD81064AA1F8 HTTP/1.1" 200 100645
54.36.148.170 - - [01/Nov/2024:04:30:29 +0100] "GET /ticket2/opencms/cs/buy/?page=1&edid=5CB7C15B-7DAE-E95F-7D37-A833DC753156 HTTP/1.1" 200 98587
217.182.175.120 - - [01/Nov/2024:04:30:29 +0100] "GET /ticket2/opencms/dk/no/buy/?page=1&edid=124781BD-55D1-347C-3E0C-E088BD538B9A&sortorder=asc&column=row HTTP/1.1" 404 -
216.244.66.238 - - [01/Nov/2024:04:30:29 +0100] "GET /ticket2/opencms/dk/sv/buy/?page=1&edid=09DE46D7-1C1F-33BE-37FA-869EBDC3AD7C HTTP/1.1" 404 -
194.242.57.234 - - [01/Nov/2024:04:30:30 +0100] "GET /ticket2/opencms/se/sv/buy/?page=1&edid=C58C4D82-5A12-E919-06D9-9707EA405EF9&sortorder=desc&column=price HTTP/1.1" 404 -
114.119.159.237 - - [01/Nov/2024:04:30:32 +0100] "GET /ticket2/opencms/en/sport/football-tickets/premier_league/nottingham/ HTTP/1.1" 200 96942
216.244.66.238 - - [01/Nov/2024:04:30:34 +0100] "GET /ticket2/opencms/dk/sv/buy/?page=1&edid=8867FCC5-91CC-4F4B-65F3-12F18C7B3482 HTTP/1.1" 404 -
47.128.37.79 - - [01/Nov/2024:04:30:34 +0100] "GET /ticket2/opencms/mt/buy/?edid=DE88C997-F247-5EDB-AB8C-0BF21F57525F HTTP/1.1" 200 81495
37.60.239.40 - - [01/Nov/2024:04:30:37 +0100] "GET /ticket2/opencms/dk/buy/?page=1&edid=AE63670B-7025-D349-4FA6-EC4A70D9CCBD HTTP/1.1" 200 99552
216.244.66.238 - - [01/Nov/2024:04:30:37 +0100] "GET /ticket2/opencms/dk/sv/buy/?page=1&edid=A26A1DDB-9994-59CF-23FC-E76D4B2EE00C HTTP/1.1" 404 -
54.36.148.147 - - [01/Nov/2024:04:30:39 +0100] "GET /ticket2/opencms/ka/buy/?page=1&edid=2DF71579-8539-9953-A2E8-0E8B3100119A HTTP/1.1" 200 103213
216.244.66.238 - - [01/Nov/2024:04:30:40 +0100] "GET /ticket2/opencms/dk/sv/buy/?page=1&edid=A8B6F5B8-721B-A21E-AB6C-76915BC32CAD HTTP/1.1" 404 -
216.244.66.238 - - [01/Nov/2024:04:30:43 +0100] "GET /ticket2/opencms/dk/sv/buy/?page=1&edid=C10A9B0F-B042-7860-8EFD-336C4373B53D HTTP/1.1" 404 -
216.244.66.238 - - [01/Nov/2024:04:30:45 +0100] "GET /ticket2/opencms/dk/sv/buy/?page=1&edid=C1AA3CD8-9B92-9EEB-74B5-3A5D9E84C8B5 HTTP/1.1" 404 -
217.182.175.120 - - [01/Nov/2024:04:30:46 +0100] "GET /ticket2/opencms/dk/no/buy/?page=1&edid=124781BD-55D1-347C-3E0C-E088BD538B9A&sortorder=asc&column=section HTTP/1.1" 404 -
37.60.239.40 - - [01/Nov/2024:04:30:47 +0100] "GET /ticket2/opencms/dk/buy/?page=1&edid=AEAF5AF4-E00D-AFA0-01F0-9CA5F3BC692F HTTP/1.1" 200 98362
216.244.66.238 - - [01/Nov/2024:04:30:47 +0100] "GET /ticket2/opencms/dk/sv/buy/?page=1&edid=C4308E58-152A-45A7-B817-E9967A70F7B2 HTTP/1.1" 404 -
216.244.66.238 - - [01/Nov/2024:04:30:49 +0100] "GET /ticket2/opencms/dk/sv/buy/?page=1&edid=D4414BC8-6FEE-0C61-0FFA-826D898413CC HTTP/1.1" 404 -
194.242.57.234 - - [01/Nov/2024:04:30:50 +0100] "GET /ticket2/opencms/se/sv/buy/?page=1&edid=C745FD9C-E4F5-85D2-2C02-6F7F28487B47&sortorder=asc&column=row HTTP/1.1" 404 -
216.244.66.238 - - [01/Nov/2024:04:30:51 +0100] "GET /ticket2/opencms/dk/sv/buy/?page=1&edid=E5FED392-020A-985B-B239-5718E7B50D63 HTTP/1.1" 404 -
216.244.66.238 - - [01/Nov/2024:04:30:53 +0100] "GET /ticket2/opencms/dk/sv/buy/?page=1&edid=E92648E1-06E0-D220-8E00-01151C898660 HTTP/1.1" 404 -
188.165.217.198 - - [01/Nov/2024:04:30:54 +0100] "GET /ticket2/opencms/se/sv/sell/?edid=85266D8D-1EC2-A49C-0CF0-9DD81BE5F4FA HTTP/1.1" 404 -
54.36.148.251 - - [01/Nov/2024:04:30:54 +0100] "GET /ticket2/opencms/az/buy/?page=1&edid=9CDA0C30-3EC4-3995-E2A4-DBF0BB020094 HTTP/1.1" 200 101740
216.244.66.238 - - [01/Nov/2024:04:30:54 +0100] "GET /ticket2/opencms/dk/sv/buy/?page=1&edid=FE0D347F-B790-DD75-F37F-11E0E35595D4 HTTP/1.1" 404 -
37.60.239.40 - - [01/Nov/2024:04:30:54 +0100] "GET /ticket2/opencms/dk/buy/?page=1&edid=AEF9D808-4651-1974-9332-08CAD95ED83F&sortorder=asc&column=price HTTP/1.1" 200 100811
216.244.66.238 - - [01/Nov/2024:04:30:55 +0100] "GET /ticket2/opencms/dk/sv/buy/?page=1&edid=FE84BAFC-CCB6-50CE-4161-D28C42F593C7 HTTP/1.1" 404 -
216.244.66.238 - - [01/Nov/2024:04:30:57 +0100] "GET /ticket2/opencms/dk/sv/buy/?page=1&edid=FFE7AC64-DCEA-90F2-F563-995D821F5866 HTTP/1.1" 404 -
216.244.66.238 - - [01/Nov/2024:04:31:00 +0100] "GET /ticket2/opencms/cs/buy?page=1&edid=696D5B95-E686-DB57-A55C-2EEBDCC864DE HTTP/1.1" 200 101719
37.60.239.40 - - [01/Nov/2024:04:31:01 +0100] "GET /ticket2/opencms/dk/buy/?page=1&edid=AEF9D808-4651-1974-9332-08CAD95ED83F&sortorder=asc&column=row HTTP/1.1" 200 100719
54.36.148.192 - - [01/Nov/2024:04:31:02 +0100] "GET /ticket2/opencms/be/buy/?page=1&edid=07DE2CA3-FAE3-45CA-9FC8-C02EDC4CB779 HTTP/1.1" 200 100663
217.182.175.120 - - [01/Nov/2024:04:31:08 +0100] "GET /ticket2/opencms/dk/no/buy/?page=1&edid=13028973-2956-536D-3E4C-D3C42A8E8C22&sortorder=asc&column=price HTTP/1.1" 404 -
216.244.66.238 - - [01/Nov/2024:04:31:10 +0100] "GET /ticket2/opencms/hr/buy?page=1&edid=4014222D-402E-25E3-0225-E4402DF849A6 HTTP/1.1" 200 101569
194.242.57.234 - - [01/Nov/2024:04:31:10 +0100] "GET /ticket2/opencms/se/sv/buy/?page=1&edid=C745FD9C-E4F5-85D2-2C02-6F7F28487B47&sortorder=asc&column=section HTTP/1.1" 404 -
54.36.149.49 - - [01/Nov/2024:04:31:10 +0100] "GET /ticket2/opencms/dk/buy/?page=6&comcatid=A17713B6-D984-201A-4143-ED4DB5ED5C2E&catid=515A9A29-35A0-2DB8-262B-AEF122DB04F6 HTTP/1.1" 200 93480
37.60.239.40 - - [01/Nov/2024:04:31:11 +0100] "GET /ticket2/opencms/dk/buy/?page=1&edid=AEF9D808-4651-1974-9332-08CAD95ED83F&sortorder=desc&column=price HTTP/1.1" 200 100856
216.244.66.238 - - [01/Nov/2024:04:31:15 +0100] "GET /ticket2/opencms/mk/buy?page=1&edid=2F903B76-B444-9E06-66EB-768066A106B0 HTTP/1.1" 404 -
37.60.239.40 - - [01/Nov/2024:04:31:15 +0100] "GET /ticket2/opencms/dk/buy/?page=1&edid=AEF9D808-4651-1974-9332-08CAD95ED83F&sortorder=desc&column=row HTTP/1.1" 200 100764
190.92.216.72 - - [01/Nov/2024:04:31:20 +0100] "GET /ticket2/opencms/sl/sport/nogometne-vstopnice/fa-cup HTTP/1.1" 404 -
54.36.148.180 - - [01/Nov/2024:04:31:21 +0100] "GET /ticket2/opencms/sr/sport/fudbalske-karte/premier-league/tottenham HTTP/1.1" 200 100166
168.119.68.235 - - [01/Nov/2024:04:31:21 +0100] "GET /ticket2/opencms/system/modules/com.gridnine.opencms.ticketbrokerage.site/resources/css/standard.css HTTP/1.1" 200 73073
168.119.68.235 - - [01/Nov/2024:04:31:21 +0100] "GET /ticket2/opencms/system/modules/com.gridnine.opencms.ticketbrokerage.site/resources/js/functions.js HTTP/1.1" 200 1583
168.119.68.235 - - [01/Nov/2024:04:31:21 +0100] "GET /ticket2/opencms/system/modules/com.gridnine.opencms.ticketbrokerage.site/resources/css/jquery.fancybox.css HTTP/1.1" 200 4939
168.119.68.235 - - [01/Nov/2024:04:31:21 +0100] "GET /ticket2/opencms/system/modules/com.gridnine.opencms.ticketbrokerage.site/resources/css/ticketbrokerage.css HTTP/1.1" 200 39339
168.119.68.235 - - [01/Nov/2024:04:31:21 +0100] "GET /ticket2/opencms/system/modules/com.gridnine.opencms.ticketbrokerage.site/resources/css/jquery-ui.css HTTP/1.1" 200 33221
168.119.68.235 - - [01/Nov/2024:04:31:21 +0100] "GET /ticket2/opencms/system/modules/com.gridnine.opencms.ticketbrokerage.site/resources/css/calendar.css HTTP/1.1" 200 6871
168.119.68.235 - - [01/Nov/2024:04:31:21 +0100] "GET /ticket2/opencms/system/modules/com.gridnine.opencms.ticketbrokerage.site/resources/js/jquery/jquery.js HTTP/1.1" 200 93868
168.119.68.235 - - [01/Nov/2024:04:31:21 +0100] "GET /ticket2/opencms/system/modules/com.gridnine.opencms.ticketbrokerage.site/resources/js/jquery.fancybox.pack.js HTTP/1.1" 200 23187
168.119.68.235 - - [01/Nov/2024:04:31:21 +0100] "GET /ticket2/opencms/system/modules/com.gridnine.opencms.ticketbrokerage.site/resources/js/calendar-en.js HTTP/1.1" 200 3338
168.119.68.235 - - [01/Nov/2024:04:31:21 +0100] "GET /ticket2/opencms/system/modules/com.gridnine.opencms.ticketbrokerage.site/resources/js/jquery/jquery-ui.js HTTP/1.1" 200 228088
168.119.68.235 - - [01/Nov/2024:04:31:21 +0100] "GET /ticket2/opencms/system/modules/com.gridnine.opencms.ticketbrokerage.site/resources/js/calendar-setup.js HTTP/1.1" 200 4923
168.119.68.235 - - [01/Nov/2024:04:31:21 +0100] "GET /ticket2/opencms/system/modules/com.gridnine.opencms.ticketbrokerage.site/resources/js/calendar.js HTTP/1.1" 200 49229
168.119.68.235 - - [01/Nov/2024:04:31:21 +0100] "GET /ticket2/opencms/system/modules/com.gridnine.opencms.ticketbrokerage.site/resources/js/stickyfill.min.js HTTP/1.1" 200 5672
168.119.68.235 - - [01/Nov/2024:04:31:21 +0100] "GET /ticket2/opencms/system/modules/com.gridnine.opencms.ticketbrokerage.site/resources/js/standard.js HTTP/1.1" 200 3978
168.119.68.235 - - [01/Nov/2024:04:31:21 +0100] "GET /ticket2/opencms/system/modules/com.gridnine.opencms.ticketbrokerage.site/resources/js/jquery.placeholder.min.js HTTP/1.1" 200 1737
168.119.68.235 - - [01/Nov/2024:04:31:21 +0100] "GET /ticket2/opencms/system/modules/com.gridnine.opencms.ticketbrokerage.site/resources/js/common-ajax.js HTTP/1.1" 200 20175
168.119.68.235 - - [01/Nov/2024:04:31:22 +0100] "GET /ticket2/opencms/system/modules/com.gridnine.opencms.ticketbrokerage.site/resources/js/standard.js HTTP/1.1" 200 3978
37.60.239.40 - - [01/Nov/2024:04:31:23 +0100] "GET /ticket2/opencms/dk/buy/?page=1&edid=AEF9D808-4651-1974-9332-08CAD95ED83F&sortorder=desc&column=section HTTP/1.1" 200 100948
217.182.175.120 - - [01/Nov/2024:04:31:24 +0100] "GET /ticket2/opencms/dk/no/buy/?page=1&edid=13028973-2956-536D-3E4C-D3C42A8E8C22&sortorder=desc&column=row HTTP/1.1" 404 -
188.165.217.198 - - [01/Nov/2024:04:31:25 +0100] "GET /ticket2/opencms/se/sv/sell/?edid=8658E1FC-AEE0-692C-386F-78725205AC72 HTTP/1.1" 404 -
114.119.147.32 - - [01/Nov/2024:04:31:28 +0100] "GET /ticket2/opencms/en/buy/?page=1&edid=F6E2B91D-A1CD-AF59-1CC7-CB54CE86D623 HTTP/1.1" 200 96926
194.242.57.234 - - [01/Nov/2024:04:31:29 +0100] "GET /ticket2/opencms/se/sv/buy/?page=1&edid=C799E6C1-9FB5-137E-5D19-A5AD9D6CA02D&sortorder=asc&column=row HTTP/1.1" 404 -
37.60.239.40 - - [01/Nov/2024:04:31:30 +0100] "GET /ticket2/opencms/dk/buy/?page=1&edid=AF7AE23B-5332-C3FF-FEAD-C0F715C33FF6&sortorder=asc&column=price HTTP/1.1" 200 100904
54.36.148.115 - - [01/Nov/2024:04:31:34 +0100] "GET /ticket2/opencms/en/buy?comcatid=97ECA65A-72DA-F9AF-9DBB-245D3CFED1BE&catid=078F99D4-0B9E-E323-5A07-D7B70F6E8874 HTTP/1.1" 200 87012
195.154.123.33 - - [01/Nov/2024:04:31:34 +0100] "GET /ticket2/opencms/system/modules/com.gridnine.opencms.ticketbrokerage.site/resources/css/jquery.fancybox.css HTTP/1.1" 200 4939
195.154.123.33 - - [01/Nov/2024:04:31:34 +0100] "GET /ticket2/opencms/system/modules/com.gridnine.opencms.ticketbrokerage.site/resources/css/calendar.css HTTP/1.1" 200 6871
195.154.123.33 - - [01/Nov/2024:04:31:34 +0100] "GET /ticket2/opencms/system/modules/com.gridnine.opencms.ticketbrokerage.site/resources/css/ticketbrokerage.css HTTP/1.1" 200 39339
195.154.123.33 - - [01/Nov/2024:04:31:34 +0100] "GET /ticket2/opencms/system/modules/com.gridnine.opencms.ticketbrokerage.site/resources/css/jquery-ui.css HTTP/1.1" 200 33221
195.154.123.33 - - [01/Nov/2024:04:31:34 +0100] "GET /ticket2/opencms/system/modules/com.gridnine.opencms.ticketbrokerage.site/resources/css/standard.css HTTP/1.1" 200 73073
195.154.123.33 - - [01/Nov/2024:04:31:34 +0100] "GET /ticket2/opencms/system/modules/com.gridnine.opencms.ticketbrokerage.site/resources/js/jquery/jquery.js HTTP/1.1" 200 93868
195.154.123.33 - - [01/Nov/2024:04:31:34 +0100] "GET /ticket2/opencms/system/modules/com.gridnine.opencms.ticketbrokerage.site/resources/js/jquery/jquery-ui.js HTTP/1.1" 200 228088
195.154.123.33 - - [01/Nov/2024:04:31:34 +0100] "GET /ticket2/opencms/system/modules/com.gridnine.opencms.ticketbrokerage.site/resources/js/functions.js HTTP/1.1" 200 1583
195.154.123.33 - - [01/Nov/2024:04:31:34 +0100] "GET /ticket2/opencms/system/modules/com.gridnine.opencms.ticketbrokerage.site/resources/js/calendar.js HTTP/1.1" 200 49229
195.154.123.33 - - [01/Nov/2024:04:31:34 +0100] "GET /ticket2/opencms/system/modules/com.gridnine.opencms.ticketbrokerage.site/resources/js/calendar-en.js HTTP/1.1" 200 3338
195.154.123.33 - - [01/Nov/2024:04:31:34 +0100] "GET /ticket2/opencms/system/modules/com.gridnine.opencms.ticketbrokerage.site/resources/js/calendar-setup.js HTTP/1.1" 200 4923
195.154.123.33 - - [01/Nov/2024:04:31:34 +0100] "GET /ticket2/opencms/system/modules/com.gridnine.opencms.ticketbrokerage.site/resources/js/jquery.fancybox.pack.js HTTP/1.1" 200 23187
195.154.123.33 - - [01/Nov/2024:04:31:35 +0100] "GET /ticket2/opencms/system/modules/com.gridnine.opencms.ticketbrokerage.site/resources/js/stickyfill.min.js HTTP/1.1" 200 5672
195.154.123.33 - - [01/Nov/2024:04:31:35 +0100] "GET /ticket2/opencms/system/modules/com.gridnine.opencms.ticketbrokerage.site/resources/js/standard.js HTTP/1.1" 200 3978
195.154.123.33 - - [01/Nov/2024:04:31:35 +0100] "GET /ticket2/opencms/system/modules/com.gridnine.opencms.ticketbrokerage.site/resources/js/jquery.placeholder.min.js HTTP/1.1" 200 1737
195.154.123.33 - - [01/Nov/2024:04:31:35 +0100] "GET /ticket2/opencms/system/modules/com.gridnine.opencms.ticketbrokerage.site/resources/js/common-ajax.js HTTP/1.1" 200 20175
195.154.123.33 - - [01/Nov/2024:04:31:36 +0100] "GET /ticket2/opencms/system/modules/com.gridnine.opencms.ticketbrokerage.site/resources/js/standard.js HTTP/1.1" 200 3978
37.60.239.40 - - [01/Nov/2024:04:31:40 +0100] "GET /ticket2/opencms/dk/buy/?page=1&edid=AF7AE23B-5332-C3FF-FEAD-C0F715C33FF6&sortorder=asc&column=row HTTP/1.1" 200 100812
217.182.175.120 - - [01/Nov/2024:04:31:41 +0100] "GET /ticket2/opencms/dk/no/buy/?page=1&edid=13028973-2956-536D-3E4C-D3C42A8E8C22&sortorder=desc&column=section HTTP/1.1" 404 -
54.36.148.52 - - [01/Nov/2024:04:31:43 +0100] "GET /ticket2/opencms/pl/buy?page=6&comcatid=A17713B6-D984-201A-4143-ED4DB5ED5C2E&catid=7ACC33AD-EE7E-AAA7-9050-0F4587759B87 HTTP/1.1" 200 94558
168.119.65.55 - - [01/Nov/2024:04:31:44 +0100] "GET /ticket2/opencms/system/modules/com.gridnine.opencms.ticketbrokerage.site/resources/css/jquery.fancybox.css HTTP/1.1" 200 4939
168.119.65.55 - - [01/Nov/2024:04:31:44 +0100] "GET /ticket2/opencms/system/modules/com.gridnine.opencms.ticketbrokerage.site/resources/css/calendar.css HTTP/1.1" 200 6871
168.119.65.55 - - [01/Nov/2024:04:31:44 +0100] "GET /ticket2/opencms/system/modules/com.gridnine.opencms.ticketbrokerage.site/resources/css/standard.css HTTP/1.1" 200 73073
168.119.65.55 - - [01/Nov/2024:04:31:44 +0100] "GET /ticket2/opencms/system/modules/com.gridnine.opencms.ticketbrokerage.site/resources/css/jquery-ui.css HTTP/1.1" 200 33221
168.119.65.55 - - [01/Nov/2024:04:31:44 +0100] "GET /ticket2/opencms/system/modules/com.gridnine.opencms.ticketbrokerage.site/resources/css/ticketbrokerage.css HTTP/1.1" 200 39339
168.119.65.55 - - [01/Nov/2024:04:31:44 +0100] "GET /ticket2/opencms/system/modules/com.gridnine.opencms.ticketbrokerage.site/resources/js/jquery/jquery.js HTTP/1.1" 200 93868
168.119.65.55 - - [01/Nov/2024:04:31:44 +0100] "GET /ticket2/opencms/system/modules/com.gridnine.opencms.ticketbrokerage.site/resources/js/jquery/jquery-ui.js HTTP/1.1" 200 228088
168.119.65.55 - - [01/Nov/2024:04:31:44 +0100] "GET /ticket2/opencms/system/modules/com.gridnine.opencms.ticketbrokerage.site/resources/js/calendar.js HTTP/1.1" 200 49229
168.119.65.55 - - [01/Nov/2024:04:31:44 +0100] "GET /ticket2/opencms/system/modules/com.gridnine.opencms.ticketbrokerage.site/resources/js/functions.js HTTP/1.1" 200 1583
168.119.65.55 - - [01/Nov/2024:04:31:44 +0100] "GET /ticket2/opencms/system/modules/com.gridnine.opencms.ticketbrokerage.site/resources/js/calendar-setup.js HTTP/1.1" 200 4923
168.119.65.55 - - [01/Nov/2024:04:31:44 +0100] "GET /ticket2/opencms/system/modules/com.gridnine.opencms.ticketbrokerage.site/resources/js/calendar-en.js HTTP/1.1" 200 3338
168.119.65.55 - - [01/Nov/2024:04:31:44 +0100] "GET /ticket2/opencms/system/modules/com.gridnine.opencms.ticketbrokerage.site/resources/js/jquery.fancybox.pack.js HTTP/1.1" 200 23187
168.119.65.55 - - [01/Nov/2024:04:31:44 +0100] "GET /ticket2/opencms/system/modules/com.gridnine.opencms.ticketbrokerage.site/resources/js/stickyfill.min.js HTTP/1.1" 200 5672
168.119.65.55 - - [01/Nov/2024:04:31:44 +0100] "GET /ticket2/opencms/system/modules/com.gridnine.opencms.ticketbrokerage.site/resources/js/standard.js HTTP/1.1" 200 3978
168.119.65.55 - - [01/Nov/2024:04:31:44 +0100] "GET /ticket2/opencms/system/modules/com.gridnine.opencms.ticketbrokerage.site/resources/js/jquery.placeholder.min.js HTTP/1.1" 200 1737
168.119.65.55 - - [01/Nov/2024:04:31:44 +0100] "GET /ticket2/opencms/system/modules/com.gridnine.opencms.ticketbrokerage.site/resources/js/common-ajax.js HTTP/1.1" 200 20175
194.242.57.234 - - [01/Nov/2024:04:31:44 +0100] "GET /ticket2/opencms/se/sv/buy/?page=1&edid=D25BFDE4-199A-2A24-768C-C601FEC41E91&sortorder=asc&column=price HTTP/1.1" 404 -
168.119.65.55 - - [01/Nov/2024:04:31:44 +0100] "GET /ticket2/opencms/system/modules/com.gridnine.opencms.ticketbrokerage.site/resources/js/standard.js HTTP/1.1" 200 3978
54.36.148.172 - - [01/Nov/2024:04:31:50 +0100] "GET /ticket2/opencms/be/buy?page=6&comcatid=97ECA65A-72DA-F9AF-9DBB-245D3CFED1BE HTTP/1.1" 200 87509
195.154.122.151 - - [01/Nov/2024:04:31:51 +0100] "GET /ticket2/opencms/system/modules/com.gridnine.opencms.ticketbrokerage.site/resources/css/jquery.fancybox.css HTTP/1.1" 200 4939
195.154.122.151 - - [01/Nov/2024:04:31:51 +0100] "GET /ticket2/opencms/system/modules/com.gridnine.opencms.ticketbrokerage.site/resources/css/ticketbrokerage.css HTTP/1.1" 200 39339
195.154.122.151 - - [01/Nov/2024:04:31:51 +0100] "GET /ticket2/opencms/system/modules/com.gridnine.opencms.ticketbrokerage.site/resources/css/standard.css HTTP/1.1" 200 73073
195.154.122.151 - - [01/Nov/2024:04:31:51 +0100] "GET /ticket2/opencms/system/modules/com.gridnine.opencms.ticketbrokerage.site/resources/css/jquery-ui.css HTTP/1.1" 200 33221
195.154.122.151 - - [01/Nov/2024:04:31:51 +0100] "GET /ticket2/opencms/system/modules/com.gridnine.opencms.ticketbrokerage.site/resources/js/jquery.fancybox.pack.js HTTP/1.1" 200 23187
195.154.122.151 - - [01/Nov/2024:04:31:51 +0100] "GET /ticket2/opencms/system/modules/com.gridnine.opencms.ticketbrokerage.site/resources/css/calendar.css HTTP/1.1" 200 6871
195.154.122.151 - - [01/Nov/2024:04:31:51 +0100] "GET /ticket2/opencms/system/modules/com.gridnine.opencms.ticketbrokerage.site/resources/js/stickyfill.min.js HTTP/1.1" 200 5672
195.154.122.151 - - [01/Nov/2024:04:31:51 +0100] "GET /ticket2/opencms/system/modules/com.gridnine.opencms.ticketbrokerage.site/resources/js/jquery/jquery.js HTTP/1.1" 200 93868
195.154.122.151 - - [01/Nov/2024:04:31:51 +0100] "GET /ticket2/opencms/system/modules/com.gridnine.opencms.ticketbrokerage.site/resources/js/jquery/jquery-ui.js HTTP/1.1" 200 228088
195.154.122.151 - - [01/Nov/2024:04:31:51 +0100] "GET /ticket2/opencms/system/modules/com.gridnine.opencms.ticketbrokerage.site/resources/js/functions.js HTTP/1.1" 200 1583
195.154.122.151 - - [01/Nov/2024:04:31:51 +0100] "GET /ticket2/opencms/system/modules/com.gridnine.opencms.ticketbrokerage.site/resources/js/calendar-en.js HTTP/1.1" 200 3338
195.154.122.151 - - [01/Nov/2024:04:31:51 +0100] "GET /ticket2/opencms/system/modules/com.gridnine.opencms.ticketbrokerage.site/resources/js/calendar.js HTTP/1.1" 200 49229
195.154.122.151 - - [01/Nov/2024:04:31:51 +0100] "GET /ticket2/opencms/system/modules/com.gridnine.opencms.ticketbrokerage.site/resources/js/calendar-setup.js HTTP/1.1" 200 4923
195.154.122.151 - - [01/Nov/2024:04:31:51 +0100] "GET /ticket2/opencms/system/modules/com.gridnine.opencms.ticketbrokerage.site/resources/js/standard.js HTTP/1.1" 200 3978
195.154.122.151 - - [01/Nov/2024:04:31:51 +0100] "GET /ticket2/opencms/system/modules/com.gridnine.opencms.ticketbrokerage.site/resources/js/jquery.placeholder.min.js HTTP/1.1" 200 1737
195.154.122.151 - - [01/Nov/2024:04:31:51 +0100] "GET /ticket2/opencms/system/modules/com.gridnine.opencms.ticketbrokerage.site/resources/js/common-ajax.js HTTP/1.1" 200 20175
195.154.122.151 - - [01/Nov/2024:04:31:52 +0100] "GET /ticket2/opencms/system/modules/com.gridnine.opencms.ticketbrokerage.site/resources/js/standard.js HTTP/1.1" 200 3978
188.165.217.198 - - [01/Nov/2024:04:31:53 +0100] "GET /ticket2/opencms/se/sv/sell/?edid=866FFC50-DF27-5378-DBAB-F17893C3BF22 HTTP/1.1" 404 -
37.60.239.40 - - [01/Nov/2024:04:31:53 +0100] "GET /ticket2/opencms/dk/buy/?page=1&edid=AF7AE23B-5332-C3FF-FEAD-C0F715C33FF6&sortorder=desc&column=price HTTP/1.1" 200 100949
47.128.38.244 - - [01/Nov/2024:04:31:57 +0100] "GET /ticket2/opencms/en/buy/?edid=7C42EA11-98ED-FE3B-C61D-8A61C7F14A1C HTTP/1.1" 200 79757
159.148.128.96 - - [01/Nov/2024:04:31:57 +0100] "GET /ticket2/opencms/dk/buy HTTP/1.1" 200 78349
217.182.175.120 - - [01/Nov/2024:04:31:58 +0100] "GET /ticket2/opencms/dk/no/buy/?page=1&edid=2E8F8574-F869-5C9B-22BD-92D7A3307EC4&sortorder=asc&column=row HTTP/1.1" 404 -
37.60.239.40 - - [01/Nov/2024:04:31:59 +0100] "GET /ticket2/opencms/dk/buy/?page=1&edid=B014DF0F-F266-3D9C-BBBB-BAE7F5E631AD HTTP/1.1" 200 97370
194.242.57.234 - - [01/Nov/2024:04:32:01 +0100] "GET /ticket2/opencms/se/sv/buy/?page=1&edid=D25BFDE4-199A-2A24-768C-C601FEC41E91&sortorder=asc&column=row HTTP/1.1" 404 -
54.36.148.171 - - [01/Nov/2024:04:32:01 +0100] "GET /ticket2/opencms/de/buy?page=6&comcatid=97ECA65A-72DA-F9AF-9DBB-245D3CFED1BE HTTP/1.1" 200 86196
168.119.65.107 - - [01/Nov/2024:04:32:02 +0100] "GET /ticket2/opencms/system/modules/com.gridnine.opencms.ticketbrokerage.site/resources/css/jquery.fancybox.css HTTP/1.1" 200 4939
168.119.65.107 - - [01/Nov/2024:04:32:02 +0100] "GET /ticket2/opencms/system/modules/com.gridnine.opencms.ticketbrokerage.site/resources/css/ticketbrokerage.css HTTP/1.1" 200 39339
168.119.65.107 - - [01/Nov/2024:04:32:02 +0100] "GET /ticket2/opencms/system/modules/com.gridnine.opencms.ticketbrokerage.site/resources/css/jquery-ui.css HTTP/1.1" 200 33221
168.119.65.107 - - [01/Nov/2024:04:32:02 +0100] "GET /ticket2/opencms/system/modules/com.gridnine.opencms.ticketbrokerage.site/resources/css/calendar.css HTTP/1.1" 200 6871
168.119.65.107 - - [01/Nov/2024:04:32:02 +0100] "GET /ticket2/opencms/system/modules/com.gridnine.opencms.ticketbrokerage.site/resources/css/standard.css HTTP/1.1" 200 73073
168.119.65.107 - - [01/Nov/2024:04:32:02 +0100] "GET /ticket2/opencms/system/modules/com.gridnine.opencms.ticketbrokerage.site/resources/js/jquery/jquery.js HTTP/1.1" 200 93868
168.119.65.107 - - [01/Nov/2024:04:32:02 +0100] "GET /ticket2/opencms/system/modules/com.gridnine.opencms.ticketbrokerage.site/resources/js/jquery/jquery-ui.js HTTP/1.1" 200 228088
168.119.65.107 - - [01/Nov/2024:04:32:02 +0100] "GET /ticket2/opencms/system/modules/com.gridnine.opencms.ticketbrokerage.site/resources/js/calendar.js HTTP/1.1" 200 49229
168.119.65.107 - - [01/Nov/2024:04:32:02 +0100] "GET /ticket2/opencms/system/modules/com.gridnine.opencms.ticketbrokerage.site/resources/js/calendar-en.js HTTP/1.1" 200 3338
168.119.65.107 - - [01/Nov/2024:04:32:02 +0100] "GET /ticket2/opencms/system/modules/com.gridnine.opencms.ticketbrokerage.site/resources/js/functions.js HTTP/1.1" 200 1583
168.119.65.107 - - [01/Nov/2024:04:32:02 +0100] "GET /ticket2/opencms/system/modules/com.gridnine.opencms.ticketbrokerage.site/resources/js/jquery.fancybox.pack.js HTTP/1.1" 200 23187
168.119.65.107 - - [01/Nov/2024:04:32:02 +0100] "GET /ticket2/opencms/system/modules/com.gridnine.opencms.ticketbrokerage.site/resources/js/calendar-setup.js HTTP/1.1" 200 4923
168.119.65.107 - - [01/Nov/2024:04:32:02 +0100] "GET /ticket2/opencms/system/modules/com.gridnine.opencms.ticketbrokerage.site/resources/js/stickyfill.min.js HTTP/1.1" 200 5672
168.119.65.107 - - [01/Nov/2024:04:32:02 +0100] "GET /ticket2/opencms/system/modules/com.gridnine.opencms.ticketbrokerage.site/resources/js/standard.js HTTP/1.1" 200 3978
168.119.65.107 - - [01/Nov/2024:04:32:02 +0100] "GET /ticket2/opencms/system/modules/com.gridnine.opencms.ticketbrokerage.site/resources/js/jquery.placeholder.min.js HTTP/1.1" 200 1737
168.119.65.107 - - [01/Nov/2024:04:32:02 +0100] "GET /ticket2/opencms/system/modules/com.gridnine.opencms.ticketbrokerage.site/resources/js/common-ajax.js HTTP/1.1" 200 20175
168.119.65.107 - - [01/Nov/2024:04:32:02 +0100] "GET /ticket2/opencms/system/modules/com.gridnine.opencms.ticketbrokerage.site/resources/js/standard.js HTTP/1.1" 200 3978
85.208.96.194 - - [01/Nov/2024:04:32:03 +0100] "GET /ticket2/opencms/ga/sport/ticeid-peile/serie-a/inter/ HTTP/1.1" 200 104310
37.60.239.40 - - [01/Nov/2024:04:32:08 +0100] "GET /ticket2/opencms/dk/buy/?page=1&edid=B6212AD0-3917-4B87-D77E-0A47DAD0A500&sortorder=desc&column=row HTTP/1.1" 200 98581
188.165.217.198 - - [01/Nov/2024:04:32:13 +0100] "GET /ticket2/opencms/se/sv/sell/?edid=86936F52-E40C-5F1E-A74E-4F189DCDD7FB HTTP/1.1" 404 -
37.60.239.40 - - [01/Nov/2024:04:32:14 +0100] "GET /ticket2/opencms/dk/buy/?page=1&edid=B73FEA33-697C-C31F-0175-234DC366BA86&sortorder=desc&column=row HTTP/1.1" 200 98607
54.36.148.52 - - [01/Nov/2024:04:32:16 +0100] "GET /ticket2/opencms/et/buy?page=6&comcatid=97ECA65A-72DA-F9AF-9DBB-245D3CFED1BE HTTP/1.1" 200 86862
195.154.122.247 - - [01/Nov/2024:04:32:16 +0100] "GET /ticket2/opencms/system/modules/com.gridnine.opencms.ticketbrokerage.site/resources/css/jquery.fancybox.css HTTP/1.1" 200 4939
195.154.122.247 - - [01/Nov/2024:04:32:16 +0100] "GET /ticket2/opencms/system/modules/com.gridnine.opencms.ticketbrokerage.site/resources/css/calendar.css HTTP/1.1" 200 6871
195.154.122.247 - - [01/Nov/2024:04:32:16 +0100] "GET /ticket2/opencms/system/modules/com.gridnine.opencms.ticketbrokerage.site/resources/css/jquery-ui.css HTTP/1.1" 200 33221
195.154.122.247 - - [01/Nov/2024:04:32:16 +0100] "GET /ticket2/opencms/system/modules/com.gridnine.opencms.ticketbrokerage.site/resources/css/standard.css HTTP/1.1" 200 73073
195.154.122.247 - - [01/Nov/2024:04:32:16 +0100] "GET /ticket2/opencms/system/modules/com.gridnine.opencms.ticketbrokerage.site/resources/js/jquery/jquery.js HTTP/1.1" 200 93868
195.154.122.247 - - [01/Nov/2024:04:32:16 +0100] "GET /ticket2/opencms/system/modules/com.gridnine.opencms.ticketbrokerage.site/resources/css/ticketbrokerage.css HTTP/1.1" 200 39339
195.154.122.247 - - [01/Nov/2024:04:32:16 +0100] "GET /ticket2/opencms/system/modules/com.gridnine.opencms.ticketbrokerage.site/resources/js/calendar-setup.js HTTP/1.1" 200 4923
195.154.122.247 - - [01/Nov/2024:04:32:16 +0100] "GET /ticket2/opencms/system/modules/com.gridnine.opencms.ticketbrokerage.site/resources/js/functions.js HTTP/1.1" 200 1583
195.154.122.247 - - [01/Nov/2024:04:32:16 +0100] "GET /ticket2/opencms/system/modules/com.gridnine.opencms.ticketbrokerage.site/resources/js/calendar-en.js HTTP/1.1" 200 3338
195.154.122.247 - - [01/Nov/2024:04:32:16 +0100] "GET /ticket2/opencms/system/modules/com.gridnine.opencms.ticketbrokerage.site/resources/js/jquery/jquery-ui.js HTTP/1.1" 200 228088
195.154.122.247 - - [01/Nov/2024:04:32:16 +0100] "GET /ticket2/opencms/system/modules/com.gridnine.opencms.ticketbrokerage.site/resources/js/calendar.js HTTP/1.1" 200 49229
195.154.122.247 - - [01/Nov/2024:04:32:16 +0100] "GET /ticket2/opencms/system/modules/com.gridnine.opencms.ticketbrokerage.site/resources/js/jquery.fancybox.pack.js HTTP/1.1" 200 23187
195.154.122.247 - - [01/Nov/2024:04:32:16 +0100] "GET /ticket2/opencms/system/modules/com.gridnine.opencms.ticketbrokerage.site/resources/js/stickyfill.min.js HTTP/1.1" 200 5672
195.154.122.247 - - [01/Nov/2024:04:32:16 +0100] "GET /ticket2/opencms/system/modules/com.gridnine.opencms.ticketbrokerage.site/resources/js/standard.js HTTP/1.1" 200 3978
