37.123.143.11 - - [01/Nov/2024:00:43:54 +0100] "GET /ticket2/opencms/system/workplace/views/explorer/explorer_files.jsp?resource=/system/modules/com.gridnine.opencms.ticketbrokerage.site/&mode=explorerview HTTP/1.1" 200 2180
94.23.207.193 - - [01/Nov/2024:00:43:55 +0100] "GET /ticket2/opencms/se/ru/buy/?page=1&edid=1FBDB794-B347-DB02-D8D5-2A81C43AD27B&sortorder=asc&column=price HTTP/1.1" 404 -
37.123.143.11 - - [01/Nov/2024:00:43:56 +0100] "GET /ticket2/opencms/system/workplace/views/explorer/tree_files.jsp?resource=/system/modules/com.gridnine.opencms.ticketbrokerage.site/elements/&rootloaded=true HTTP/1.1" 200 416
37.123.143.11 - - [01/Nov/2024:00:43:56 +0100] "GET /ticket2/opencms/system/workplace/views/explorer/explorer_files.jsp?resource=/system/modules/com.gridnine.opencms.ticketbrokerage.site/elements/&mode=explorerview HTTP/1.1" 200 6444
37.123.143.11 - - [01/Nov/2024:00:43:57 +0100] "GET /ticket2/opencms/system/workplace/views/explorer/tree_files.jsp?resource=/system/modules/com.gridnine.opencms.ticketbrokerage.site/elements/seo/&rootloaded=true HTTP/1.1" 200 298
37.123.143.11 - - [01/Nov/2024:00:43:57 +0100] "GET /ticket2/opencms/system/workplace/views/explorer/explorer_files.jsp?resource=/system/modules/com.gridnine.opencms.ticketbrokerage.site/elements/seo/&page=1&mode=explorerview HTTP/1.1" 200 1000
47.128.51.144 - - [01/Nov/2024:00:43:57 +0100] "GET /ticket2/opencms/lv/buy/?catid=26594C33-56CE-F529-FAF3-61AB33F74A3B&comcatid=0A6B8208-FDA4-E929-9D72-5312FD481B76 HTTP/1.1" 200 87459
54.36.149.8 - - [01/Nov/2024:00:43:58 +0100] "GET /ticket2/opencms/en/venue/?venueid=FE0A6C11-4A73-F647-BBF2-5FB155F67517 HTTP/1.1" 200 86620
94.23.207.193 - - [01/Nov/2024:00:44:00 +0100] "GET /ticket2/opencms/se/ru/buy/?page=1&edid=20599C7A-7B16-1AE0-93EB-CF44D71F2D6D&sortorder=desc&column=price HTTP/1.1" 404 -
40.77.167.55 - - [01/Nov/2024:00:44:00 +0100] "GET /ticket2/opencms/hu/login/ HTTP/1.1" 200 89501
185.191.171.4 - - [01/Nov/2024:00:44:03 +0100] "GET /ticket2/opencms/en/sport/football-tickets/la-liga/celta_vigo/ HTTP/1.1" 200 96136
185.191.171.13 - - [01/Nov/2024:00:44:03 +0100] "GET /ticket2/opencms/dk/sport/fodboldbilletter/bundesliga/monchengladbach/ HTTP/1.1" 200 95506
37.123.143.11 - - [01/Nov/2024:00:44:03 +0100] "POST /ticket2/opencms/system/workplace/views/explorer/contextmenu.jsp HTTP/1.1" 200 4486
37.123.143.11 - - [01/Nov/2024:00:44:05 +0100] "POST /ticket2/opencms/system/workplace/editors/editor.jsp HTTP/1.1" 200 944
37.123.143.11 - - [01/Nov/2024:00:44:05 +0100] "GET /ticket2/opencms/system/workplace/editors/editor_main.jsp?resourcelist=&resource=%2Fsystem%2Fmodules%2Fcom.gridnine.opencms.ticketbrokerage.site%2Felements%2Fseo%2Fhref-lang.jsp HTTP/1.1" 200 24994
37.123.143.11 - - [01/Nov/2024:00:44:05 +0100] "GET /ticket2/opencms/system/workplace/views/top_foot.jsp HTTP/1.1" 200 1210
37.123.143.11 - - [01/Nov/2024:00:44:05 +0100] "GET /ticket2/opencms/system/workplace/commons/style/workplace.css HTTP/1.1" 200 14209
37.123.143.11 - - [01/Nov/2024:00:44:05 +0100] "GET /ticket2/opencms/system/workplace/commons/style/workplace.css HTTP/1.1" 200 14209
94.23.207.193 - - [01/Nov/2024:00:44:09 +0100] "GET /ticket2/opencms/se/ru/buy/?page=1&edid=20599C7A-7B16-1AE0-93EB-CF44D71F2D6D&sortorder=desc&column=row HTTP/1.1" 404 -
54.36.148.72 - - [01/Nov/2024:00:44:10 +0100] "GET /ticket2/opencms/nl/buy/?comcatid=A17713B6-D984-201A-4143-ED4DB5ED5C2E&catid=D8B345C9-F7A5-E620-4B43-C34EB0D6885B HTTP/1.1" 200 250594
66.249.79.101 - - [01/Nov/2024:00:44:11 +0100] "GET /ticket2/opencms/it/buy/?page=1&edid=C29FD4D7-C114-3152-7015-AC9740876339 HTTP/1.1" 200 123759
54.36.148.166 - - [01/Nov/2024:00:44:16 +0100] "GET /ticket2/opencms/en/venue/?venueid=EF6FD3C5-92B8-0848-2522-37DD22A0F2CC HTTP/1.1" 200 86602
94.23.207.193 - - [01/Nov/2024:00:44:16 +0100] "GET /ticket2/opencms/se/ru/buy/?page=1&edid=20599C7A-7B16-1AE0-93EB-CF44D71F2D6D&sortorder=desc&column=section HTTP/1.1" 404 -
94.23.207.193 - - [01/Nov/2024:00:44:23 +0100] "GET /ticket2/opencms/se/ru/buy/?page=1&edid=213A241C-CBD1-63CB-002B-7734E06AD58D&sortorder=asc&column=price HTTP/1.1" 404 -
54.36.148.45 - - [01/Nov/2024:00:44:27 +0100] "GET /ticket2/opencms/no/buy/?page=6&comcatid=A17713B6-D984-201A-4143-ED4DB5ED5C2E&catid=E961462E-5AC2-64D6-5850-A310C9DEAA06 HTTP/1.1" 200 94295
114.119.133.220 - - [01/Nov/2024:00:44:31 +0100] "GET /ticket2/opencms/en/sell/?edid=B133D8B3-8911-A912-9716-12BFA686178C HTTP/1.1" 302 -
94.23.207.193 - - [01/Nov/2024:00:44:32 +0100] "GET /ticket2/opencms/se/sv/buy/?page=1&edid=E1065CE0-2A25-C636-919D-5F772AE406F7 HTTP/1.1" 404 -
114.119.133.220 - - [01/Nov/2024:00:44:35 +0100] "GET /ticket2/opencms/en/login/?url=/en/sell/ HTTP/1.1" 200 88677
54.36.149.81 - - [01/Nov/2024:00:44:37 +0100] "GET /ticket2/opencms/dk/sport/fodboldbilletter/la-liga/real_sociedad/ HTTP/1.1" 200 96479
94.23.207.193 - - [01/Nov/2024:00:44:39 +0100] "GET /ticket2/opencms/se/sv/buy/?page=1&edid=E1FBBD6F-BAD9-0886-B868-DED3D542F1AC HTTP/1.1" 404 -
54.36.148.130 - - [01/Nov/2024:00:44:45 +0100] "GET /ticket2/opencms/en/sport/football-tickets/premier_league/ HTTP/1.1" 200 93827
168.119.68.182 - - [01/Nov/2024:00:44:46 +0100] "GET /ticket2/opencms/system/modules/com.gridnine.opencms.ticketbrokerage.site/resources/css/jquery-ui.css HTTP/1.1" 200 33221
168.119.68.182 - - [01/Nov/2024:00:44:46 +0100] "GET /ticket2/opencms/system/modules/com.gridnine.opencms.ticketbrokerage.site/resources/css/standard.css HTTP/1.1" 200 73073
168.119.68.182 - - [01/Nov/2024:00:44:46 +0100] "GET /ticket2/opencms/system/modules/com.gridnine.opencms.ticketbrokerage.site/resources/js/calendar-en.js HTTP/1.1" 200 3338
168.119.68.182 - - [01/Nov/2024:00:44:46 +0100] "GET /ticket2/opencms/system/modules/com.gridnine.opencms.ticketbrokerage.site/resources/css/ticketbrokerage.css HTTP/1.1" 200 39339
168.119.68.182 - - [01/Nov/2024:00:44:46 +0100] "GET /ticket2/opencms/system/modules/com.gridnine.opencms.ticketbrokerage.site/resources/css/jquery.fancybox.css HTTP/1.1" 200 4939
168.119.68.182 - - [01/Nov/2024:00:44:46 +0100] "GET /ticket2/opencms/system/modules/com.gridnine.opencms.ticketbrokerage.site/resources/css/calendar.css HTTP/1.1" 200 6871
168.119.68.182 - - [01/Nov/2024:00:44:46 +0100] "GET /ticket2/opencms/system/modules/com.gridnine.opencms.ticketbrokerage.site/resources/js/calendar.js HTTP/1.1" 200 49229
168.119.68.182 - - [01/Nov/2024:00:44:46 +0100] "GET /ticket2/opencms/system/modules/com.gridnine.opencms.ticketbrokerage.site/resources/js/jquery.fancybox.pack.js HTTP/1.1" 200 23187
168.119.68.182 - - [01/Nov/2024:00:44:46 +0100] "GET /ticket2/opencms/system/modules/com.gridnine.opencms.ticketbrokerage.site/resources/js/stickyfill.min.js HTTP/1.1" 200 5672
168.119.68.182 - - [01/Nov/2024:00:44:46 +0100] "GET /ticket2/opencms/system/modules/com.gridnine.opencms.ticketbrokerage.site/resources/js/functions.js HTTP/1.1" 200 1583
168.119.68.182 - - [01/Nov/2024:00:44:46 +0100] "GET /ticket2/opencms/system/modules/com.gridnine.opencms.ticketbrokerage.site/resources/js/jquery/jquery.js HTTP/1.1" 200 93868
168.119.68.182 - - [01/Nov/2024:00:44:46 +0100] "GET /ticket2/opencms/system/modules/com.gridnine.opencms.ticketbrokerage.site/resources/js/calendar-setup.js HTTP/1.1" 200 4923
168.119.68.182 - - [01/Nov/2024:00:44:46 +0100] "GET /ticket2/opencms/system/modules/com.gridnine.opencms.ticketbrokerage.site/resources/js/jquery/jquery-ui.js HTTP/1.1" 200 228088
168.119.68.182 - - [01/Nov/2024:00:44:46 +0100] "GET /ticket2/opencms/system/modules/com.gridnine.opencms.ticketbrokerage.site/resources/js/standard.js HTTP/1.1" 200 3978
168.119.68.182 - - [01/Nov/2024:00:44:46 +0100] "GET /ticket2/opencms/system/modules/com.gridnine.opencms.ticketbrokerage.site/resources/js/jquery.placeholder.min.js HTTP/1.1" 200 1737
168.119.68.182 - - [01/Nov/2024:00:44:46 +0100] "GET /ticket2/opencms/system/modules/com.gridnine.opencms.ticketbrokerage.site/resources/js/common-ajax.js HTTP/1.1" 200 20175
168.119.68.182 - - [01/Nov/2024:00:44:46 +0100] "GET /ticket2/opencms/system/modules/com.gridnine.opencms.ticketbrokerage.site/resources/js/standard.js HTTP/1.1" 200 3978
94.23.207.193 - - [01/Nov/2024:00:44:46 +0100] "GET /ticket2/opencms/se/sv/buy/?page=1&edid=E1FC6F96-DADD-1E67-9966-A5FADC6CF01F&sortorder=asc&column=row HTTP/1.1" 404 -
47.128.112.102 - - [01/Nov/2024:00:44:49 +0100] "GET /ticket2/opencms/ga/buy/?catid=D8B345C9-F7A5-E620-4B43-C34EB0D6885B&comcatid=A17713B6-D984-201A-4143-ED4DB5ED5C2E&npage=1 HTTP/1.1" 200 254432
85.208.96.207 - - [01/Nov/2024:00:44:51 +0100] "GET /ticket2/opencms/en/sport/football-tickets/bundesliga/bayern_munchen/ HTTP/1.1" 200 96693
94.23.207.193 - - [01/Nov/2024:00:44:53 +0100] "GET /ticket2/opencms/se/sv/buy/?page=1&edid=E29699DA-9795-6903-EBDA-496D57340F6C&sortorder=asc&column=price HTTP/1.1" 404 -
54.36.149.91 - - [01/Nov/2024:00:44:54 +0100] "GET /ticket2/opencms/fi/venue/?venueid=BC2CC518-91EF-AA50-803C-4CF19EFA0DC6 HTTP/1.1" 200 87883
47.128.43.189 - - [01/Nov/2024:00:44:58 +0100] "GET /ticket2/opencms/en/buy/?edid=128622B7-EDDD-3A5E-9897-BCB852F1E8F1 HTTP/1.1" 200 79757
94.23.207.193 - - [01/Nov/2024:00:45:00 +0100] "GET /ticket2/opencms/se/sv/buy/?page=1&edid=E2F152C4-7969-462B-B131-68D2CAA6A830 HTTP/1.1" 404 -
52.167.144.24 - - [01/Nov/2024:00:45:02 +0100] "GET /ticket2/opencms/de/buy?page=1&edid=100B7BEC-24E7-7E43-4295-F9FDC77048A6 HTTP/1.1" 200 101431
94.23.207.193 - - [01/Nov/2024:00:45:06 +0100] "GET /ticket2/opencms/se/sv/buy/?page=1&edid=E2F152C4-7969-462B-B131-68D2CAA6A830&sortorder=desc&column=price HTTP/1.1" 404 -
54.36.148.40 - - [01/Nov/2024:00:45:08 +0100] "GET /ticket2/opencms/fi/venue/?venueid=EA20BC3C-5A99-C24A-7F8E-B17F2D2D6A56 HTTP/1.1" 200 87868
85.208.96.206 - - [01/Nov/2024:00:45:09 +0100] "GET /ticket2/opencms/az/tehlukesiz-alin HTTP/1.1" 200 89446
94.23.207.193 - - [01/Nov/2024:00:45:13 +0100] "GET /ticket2/opencms/se/sv/buy/?page=1&edid=E2F152C4-7969-462B-B131-68D2CAA6A830&sortorder=desc&column=row HTTP/1.1" 404 -
54.36.148.14 - - [01/Nov/2024:00:45:19 +0100] "GET /ticket2/opencms/lt/buy?comcatid=0A6B8208-FDA4-E929-9D72-5312FD481B76&catid=5ED34547-492C-90DA-709D-448345844685 HTTP/1.1" 200 87490
195.154.123.61 - - [01/Nov/2024:00:45:20 +0100] "GET /ticket2/opencms/system/modules/com.gridnine.opencms.ticketbrokerage.site/resources/css/jquery-ui.css HTTP/1.1" 200 33221
195.154.123.61 - - [01/Nov/2024:00:45:20 +0100] "GET /ticket2/opencms/system/modules/com.gridnine.opencms.ticketbrokerage.site/resources/css/jquery.fancybox.css HTTP/1.1" 200 4939
195.154.123.61 - - [01/Nov/2024:00:45:20 +0100] "GET /ticket2/opencms/system/modules/com.gridnine.opencms.ticketbrokerage.site/resources/css/ticketbrokerage.css HTTP/1.1" 200 39339
195.154.123.61 - - [01/Nov/2024:00:45:20 +0100] "GET /ticket2/opencms/system/modules/com.gridnine.opencms.ticketbrokerage.site/resources/js/jquery/jquery.js HTTP/1.1" 200 93868
195.154.123.61 - - [01/Nov/2024:00:45:20 +0100] "GET /ticket2/opencms/system/modules/com.gridnine.opencms.ticketbrokerage.site/resources/css/standard.css HTTP/1.1" 200 73073
195.154.123.61 - - [01/Nov/2024:00:45:20 +0100] "GET /ticket2/opencms/system/modules/com.gridnine.opencms.ticketbrokerage.site/resources/css/calendar.css HTTP/1.1" 200 6871
195.154.123.61 - - [01/Nov/2024:00:45:20 +0100] "GET /ticket2/opencms/system/modules/com.gridnine.opencms.ticketbrokerage.site/resources/js/jquery/jquery-ui.js HTTP/1.1" 200 228088
195.154.123.61 - - [01/Nov/2024:00:45:20 +0100] "GET /ticket2/opencms/system/modules/com.gridnine.opencms.ticketbrokerage.site/resources/js/functions.js HTTP/1.1" 200 1583
195.154.123.61 - - [01/Nov/2024:00:45:20 +0100] "GET /ticket2/opencms/system/modules/com.gridnine.opencms.ticketbrokerage.site/resources/js/calendar.js HTTP/1.1" 200 49229
195.154.123.61 - - [01/Nov/2024:00:45:20 +0100] "GET /ticket2/opencms/system/modules/com.gridnine.opencms.ticketbrokerage.site/resources/js/calendar-setup.js HTTP/1.1" 200 4923
195.154.123.61 - - [01/Nov/2024:00:45:20 +0100] "GET /ticket2/opencms/system/modules/com.gridnine.opencms.ticketbrokerage.site/resources/js/calendar-en.js HTTP/1.1" 200 3338
195.154.123.61 - - [01/Nov/2024:00:45:20 +0100] "GET /ticket2/opencms/system/modules/com.gridnine.opencms.ticketbrokerage.site/resources/js/stickyfill.min.js HTTP/1.1" 200 5672
195.154.123.61 - - [01/Nov/2024:00:45:20 +0100] "GET /ticket2/opencms/system/modules/com.gridnine.opencms.ticketbrokerage.site/resources/js/jquery.fancybox.pack.js HTTP/1.1" 200 23187
195.154.123.61 - - [01/Nov/2024:00:45:20 +0100] "GET /ticket2/opencms/system/modules/com.gridnine.opencms.ticketbrokerage.site/resources/js/standard.js HTTP/1.1" 200 3978
195.154.123.61 - - [01/Nov/2024:00:45:20 +0100] "GET /ticket2/opencms/system/modules/com.gridnine.opencms.ticketbrokerage.site/resources/js/jquery.placeholder.min.js HTTP/1.1" 200 1737
195.154.123.61 - - [01/Nov/2024:00:45:20 +0100] "GET /ticket2/opencms/system/modules/com.gridnine.opencms.ticketbrokerage.site/resources/js/common-ajax.js HTTP/1.1" 200 20175
94.23.207.193 - - [01/Nov/2024:00:45:21 +0100] "GET /ticket2/opencms/se/sv/buy/?page=1&edid=E2F152C4-7969-462B-B131-68D2CAA6A830&sortorder=desc&column=section HTTP/1.1" 404 -
195.154.123.61 - - [01/Nov/2024:00:45:22 +0100] "GET /ticket2/opencms/system/modules/com.gridnine.opencms.ticketbrokerage.site/resources/js/standard.js HTTP/1.1" 200 3978
52.167.144.24 - - [01/Nov/2024:00:45:23 +0100] "GET /ticket2/opencms/en/sport/football-tickets/la-liga/getafe HTTP/1.1" 200 99185
94.23.207.193 - - [01/Nov/2024:00:45:29 +0100] "GET /ticket2/opencms/se/sv/buy/?page=1&edid=E329193A-2727-14B9-F937-35B502E9776C&sortorder=asc&column=price HTTP/1.1" 404 -
114.119.132.9 - - [01/Nov/2024:00:45:29 +0100] "GET /ticket2/opencms/en/venue/?countryid=0B8FEDC3-C68A-3535-943E-BD0B117D00A8 HTTP/1.1" 200 117096
66.249.76.232 - - [01/Nov/2024:00:45:30 +0100] "GET /ticket2/opencms/ HTTP/1.1" 302 -
37.123.143.11 - - [01/Nov/2024:00:45:30 +0100] "GET /ticket2/opencms/mk HTTP/1.1" 404 -
54.36.149.6 - - [01/Nov/2024:00:45:31 +0100] "GET /ticket2/opencms/fi/venue/?venueid=E3ABC6CE-4A60-827E-3753-FDF36F1A3D41 HTTP/1.1" 200 87846
66.249.76.233 - - [01/Nov/2024:00:45:32 +0100] "GET /ticket2/opencms/en/ HTTP/1.1" 200 94367
94.23.207.193 - - [01/Nov/2024:00:45:35 +0100] "GET /ticket2/opencms/se/sv/buy/?page=1&edid=E329193A-2727-14B9-F937-35B502E9776C&sortorder=asc&column=row HTTP/1.1" 404 -
66.249.79.231 - - [01/Nov/2024:00:45:38 +0100] "GET /ticket2/opencms/system/modules/com.gridnine.opencms.ticketbrokerage.site/resources/css/standard.css HTTP/1.1" 200 73073
66.249.79.231 - - [01/Nov/2024:00:45:38 +0100] "GET /ticket2/opencms/system/modules/com.gridnine.opencms.ticketbrokerage.site/resources/js/calendar.js HTTP/1.1" 200 49229
54.36.148.211 - - [01/Nov/2024:00:45:39 +0100] "GET /ticket2/opencms/fi/venue/?venueid=B7A2B5FC-FF9C-BE54-AC50-1B01EBD90999 HTTP/1.1" 200 87850
47.128.46.197 - - [01/Nov/2024:00:45:39 +0100] "GET /ticket2/opencms/sr/buy/?edid=2E6EF86D-B1C4-98D9-FD17-AB35133F21BC HTTP/1.1" 200 81862
66.249.79.231 - - [01/Nov/2024:00:45:39 +0100] "GET /ticket2/opencms/system/modules/com.gridnine.opencms.ticketbrokerage.site/resources/css/calendar.css HTTP/1.1" 200 6871
66.249.79.231 - - [01/Nov/2024:00:45:41 +0100] "GET /ticket2/opencms/system/modules/com.gridnine.opencms.ticketbrokerage.site/resources/js/functions.js HTTP/1.1" 200 1583
66.249.79.231 - - [01/Nov/2024:00:45:42 +0100] "GET /ticket2/opencms/system/modules/com.gridnine.opencms.ticketbrokerage.site/resources/js/calendar-en.js HTTP/1.1" 200 3338
94.23.207.193 - - [01/Nov/2024:00:45:43 +0100] "GET /ticket2/opencms/se/sv/buy/?page=1&edid=E329193A-2727-14B9-F937-35B502E9776C&sortorder=asc&column=section HTTP/1.1" 404 -
66.249.76.231 - - [01/Nov/2024:00:45:43 +0100] "GET /ticket2/opencms/system/modules/com.gridnine.opencms.ticketbrokerage.site/resources/js/stickyfill.min.js HTTP/1.1" 200 5672
66.249.79.231 - - [01/Nov/2024:00:45:44 +0100] "GET /ticket2/opencms/system/modules/com.gridnine.opencms.ticketbrokerage.site/resources/css/jquery.fancybox.css HTTP/1.1" 200 4939
66.249.76.231 - - [01/Nov/2024:00:45:45 +0100] "GET /ticket2/opencms/system/modules/com.gridnine.opencms.ticketbrokerage.site/resources/css/ticketbrokerage.css HTTP/1.1" 200 39339
66.249.76.231 - - [01/Nov/2024:00:45:46 +0100] "GET /ticket2/opencms/system/modules/com.gridnine.opencms.ticketbrokerage.site/resources/js/jquery.fancybox.pack.js HTTP/1.1" 200 23187
54.36.148.86 - - [01/Nov/2024:00:45:47 +0100] "GET /ticket2/opencms/fi/venue/?venueid=E9425025-3A6C-E9E0-2AE1-FBD6D1B8F3B9 HTTP/1.1" 200 87853
66.249.79.231 - - [01/Nov/2024:00:45:48 +0100] "GET /ticket2/opencms/system/modules/com.gridnine.opencms.ticketbrokerage.site/resources/css/jquery-ui.css HTTP/1.1" 200 33221
66.249.79.231 - - [01/Nov/2024:00:45:49 +0100] "GET /ticket2/opencms/system/modules/com.gridnine.opencms.ticketbrokerage.site/resources/js/standard.js HTTP/1.1" 200 3978
94.23.207.193 - - [01/Nov/2024:00:45:50 +0100] "GET /ticket2/opencms/se/sv/buy/?page=1&edid=E3ADF096-840B-984B-3622-AA0140DCC61E&sortorder=asc&column=price HTTP/1.1" 404 -
66.249.79.231 - - [01/Nov/2024:00:45:50 +0100] "GET /ticket2/opencms/system/modules/com.gridnine.opencms.ticketbrokerage.site/resources/js/jquery/jquery-ui.js HTTP/1.1" 200 228088
66.249.79.231 - - [01/Nov/2024:00:45:51 +0100] "GET /ticket2/opencms/system/modules/com.gridnine.opencms.ticketbrokerage.site/resources/js/common-ajax.js HTTP/1.1" 200 20175
66.249.79.231 - - [01/Nov/2024:00:45:53 +0100] "GET /ticket2/opencms/system/modules/com.gridnine.opencms.ticketbrokerage.site/resources/js/jquery.placeholder.min.js HTTP/1.1" 200 1737
54.36.149.50 - - [01/Nov/2024:00:45:55 +0100] "GET /ticket2/opencms/fi/venue/?venueid=E182D4A0-2AF1-84A0-6F36-875410C652B9 HTTP/1.1" 200 87862
94.23.207.193 - - [01/Nov/2024:00:45:59 +0100] "GET /ticket2/opencms/se/sv/buy/?page=1&edid=E3ADF096-840B-984B-3622-AA0140DCC61E&sortorder=asc&column=row HTTP/1.1" 404 -
69.171.230.1 - - [01/Nov/2024:00:45:59 +0100] "GET /ticket2/opencms/pl/buy?page=1&edid=DD14CC82-883B-BD06-4306-EBD494AA1804 HTTP/1.1" 200 126338
54.36.148.8 - - [01/Nov/2024:00:46:03 +0100] "GET /ticket2/opencms/fi/venue/?venueid=7BE3C2C4-D724-A14C-90CC-9D0A992F74AC HTTP/1.1" 200 87843
94.23.207.193 - - [01/Nov/2024:00:46:06 +0100] "GET /ticket2/opencms/se/sv/buy/?page=1&edid=E3ADF096-840B-984B-3622-AA0140DCC61E&sortorder=asc&column=section HTTP/1.1" 404 -
54.36.149.29 - - [01/Nov/2024:00:46:09 +0100] "GET /ticket2/opencms/fi/venue/?venueid=E68A45BC-0CBA-4CB6-8ECD-A427173821D5 HTTP/1.1" 200 87847
173.252.69.2 - - [01/Nov/2024:00:46:11 +0100] "GET /ticket2/opencms/hr/sport/nogometne-ulaznice/ligue-1/ HTTP/1.1" 500 -
121.229.156.36 - - [01/Nov/2024:00:46:13 +0100] "GET /ticket2/opencms/ HTTP/1.1" 302 -
94.23.207.193 - - [01/Nov/2024:00:46:14 +0100] "GET /ticket2/opencms/se/sv/buy/?page=1&edid=E3B128F0-A528-70CF-8C87-E24A1C323D9D&sortorder=desc&column=price HTTP/1.1" 404 -
121.229.156.36 - - [01/Nov/2024:00:46:14 +0100] "GET /ticket2/opencms/en/ HTTP/1.1" 200 94367
85.208.96.195 - - [01/Nov/2024:00:46:15 +0100] "GET /ticket2/opencms/de/sell/ HTTP/1.1" 302 -
54.36.148.233 - - [01/Nov/2024:00:46:16 +0100] "GET /ticket2/opencms/fi/venue/?venueid=F8EE04D9-FF8B-E586-DEA9-50570FBD5731 HTTP/1.1" 200 87856
66.249.79.101 - - [01/Nov/2024:00:46:18 +0100] "GET /ticket2/opencms/it/buy/?page=1&edid=2BCFF4EF-6BDF-430E-65C2-6E90270A0C8C HTTP/1.1" 200 121461
47.128.114.85 - - [01/Nov/2024:00:46:21 +0100] "GET /ticket2/opencms/lv/buy/?edid=4F04B384-F03D-7561-DCF9-2375D49FE618 HTTP/1.1" 200 81476
94.23.207.193 - - [01/Nov/2024:00:46:21 +0100] "GET /ticket2/opencms/se/sv/buy/?page=1&edid=E3B128F0-A528-70CF-8C87-E24A1C323D9D&sortorder=desc&column=row HTTP/1.1" 404 -
66.249.76.231 - - [01/Nov/2024:00:46:23 +0100] "GET /ticket2/opencms/img/icons/en.png HTTP/1.1" 200 2415
54.36.149.57 - - [01/Nov/2024:00:46:23 +0100] "GET /ticket2/opencms/fi/venue/?venueid=A2DA50D6-BCAE-498A-9037-86B27666A07C HTTP/1.1" 200 87895
185.191.171.12 - - [01/Nov/2024:00:46:23 +0100] "GET /ticket2/opencms/de/login/?url=%25252Fde%25252Fsell%25252F HTTP/1.1" 200 89847
94.23.207.193 - - [01/Nov/2024:00:46:31 +0100] "GET /ticket2/opencms/se/sv/buy/?page=1&edid=E3B128F0-A528-70CF-8C87-E24A1C323D9D&sortorder=desc&column=section HTTP/1.1" 404 -
54.36.148.62 - - [01/Nov/2024:00:46:31 +0100] "GET /ticket2/opencms/fi/venue/?venueid=630E70AB-B3E3-ED18-A61B-E2859D17F940 HTTP/1.1" 200 87864
94.23.207.193 - - [01/Nov/2024:00:46:38 +0100] "GET /ticket2/opencms/se/sv/buy/?page=1&edid=E42BC683-D6CB-7D00-A4F2-EDBF48B059C0&sortorder=asc&column=price HTTP/1.1" 404 -
54.36.148.236 - - [01/Nov/2024:00:46:43 +0100] "GET /ticket2/opencms/lt/buy/?page=1&edid=F03BC80C-51C9-D5C8-6DEC-FA800785943C HTTP/1.1" 200 125390
94.23.207.193 - - [01/Nov/2024:00:46:44 +0100] "GET /ticket2/opencms/se/sv/buy/?page=1&edid=E42BC683-D6CB-7D00-A4F2-EDBF48B059C0&sortorder=asc&column=row HTTP/1.1" 404 -
94.23.207.193 - - [01/Nov/2024:00:46:51 +0100] "GET /ticket2/opencms/se/sv/buy/?page=1&edid=E42BC683-D6CB-7D00-A4F2-EDBF48B059C0&sortorder=asc&column=section HTTP/1.1" 404 -
54.36.148.213 - - [01/Nov/2024:00:46:52 +0100] "GET /ticket2/opencms/en/venue/?venueid=95C80CE1-F63A-9AC1-4E2C-AC3985CCCEBB HTTP/1.1" 200 86584
85.208.96.198 - - [01/Nov/2024:00:46:56 +0100] "GET /ticket2/opencms/dk/sport/fodboldbilletter/serie-a/lazio/ HTTP/1.1" 200 97100
94.23.207.193 - - [01/Nov/2024:00:46:58 +0100] "GET /ticket2/opencms/se/sv/buy/?page=1&edid=E4915448-0650-97C7-D024-84A720D83423&sortorder=desc&column=row HTTP/1.1" 404 -
54.36.149.89 - - [01/Nov/2024:00:47:04 +0100] "GET /ticket2/opencms/sr/buy/?page=1&edid=478DA7E3-5E72-614D-155A-B45A5AC4AA8D HTTP/1.1" 200 99122
94.23.207.193 - - [01/Nov/2024:00:47:04 +0100] "GET /ticket2/opencms/se/sv/buy/?page=1&edid=E4CCAEED-8E81-175A-FC4E-82AB9259F7C3&sortorder=asc&column=price HTTP/1.1" 404 -
185.191.171.13 - - [01/Nov/2024:00:47:04 +0100] "GET /ticket2/opencms/de/magazine/article?title=chelsea-gegen-tottenham-2-0 HTTP/1.1" 200 92247
94.23.207.193 - - [01/Nov/2024:00:47:09 +0100] "GET /ticket2/opencms/se/sv/buy/?page=1&edid=E4CCAEED-8E81-175A-FC4E-82AB9259F7C3&sortorder=asc&column=row HTTP/1.1" 404 -
52.167.144.147 - - [01/Nov/2024:00:47:10 +0100] "GET /ticket2/opencms/hr/about/press HTTP/1.1" 200 90033
54.36.148.219 - - [01/Nov/2024:00:47:13 +0100] "GET /ticket2/opencms/mt/buy/?page=1&edid=76B00707-D3EA-3D94-DEEA-CEE4CD43DF30 HTTP/1.1" 200 98845
94.23.207.193 - - [01/Nov/2024:00:47:14 +0100] "GET /ticket2/opencms/se/sv/buy/?page=1&edid=E4CCAEED-8E81-175A-FC4E-82AB9259F7C3&sortorder=asc&column=section HTTP/1.1" 404 -
94.23.207.193 - - [01/Nov/2024:00:47:18 +0100] "GET /ticket2/opencms/se/sv/buy/?page=1&edid=E4CDE56A-63B5-1BDC-27AA-9FAB868BC5A1 HTTP/1.1" 404 -
94.23.207.193 - - [01/Nov/2024:00:47:26 +0100] "GET /ticket2/opencms/se/sv/buy/?page=1&edid=E4D70CB8-6D89-F890-43F5-E8D14DCE566A&sortorder=desc&column=price HTTP/1.1" 404 -
54.36.148.190 - - [01/Nov/2024:00:47:29 +0100] "GET /ticket2/opencms/mt/buy/?page=1&edid=9F80D7E4-C3CD-1252-256F-CE7A7B9BF210 HTTP/1.1" 200 98846
94.23.207.193 - - [01/Nov/2024:00:47:30 +0100] "GET /ticket2/opencms/se/sv/buy/?page=1&edid=E4D70CB8-6D89-F890-43F5-E8D14DCE566A&sortorder=desc&column=row HTTP/1.1" 404 -
31.208.28.130 - - [01/Nov/2024:00:47:37 +0100] "GET /ticket2/opencms/sv/sport/fotbollsbiljetter/?wbraid=CkAKCAjwsoe5BhAqEjAA839G6f5k-o_0gxacFSZebRNHNacZlFOrcOByv7TN-el3BY4ul6OOquVuhqjsv_0aAvsn HTTP/1.1" 200 97304
31.208.28.130 - - [01/Nov/2024:00:47:37 +0100] "GET /ticket2/opencms/sv/sport/fotbollsbiljetter/?wbraid=ClUKCAjwsoe5BhAqEkUA839G6afQfKhS75BO40YR79MNICAX_ZGHgCWzr2PMlsw7CI-e_UJ08xIjD6CQ_L8tNYtnCny3vCYXm5awm8Ypct0yAEAaAq3a HTTP/1.1" 200 97304
31.208.28.130 - - [01/Nov/2024:00:47:37 +0100] "GET /ticket2/opencms/system/modules/com.gridnine.opencms.ticketbrokerage.site/resources/css/ticketbrokerage.css HTTP/1.1" 200 39339
31.208.28.130 - - [01/Nov/2024:00:47:37 +0100] "GET /ticket2/opencms/system/modules/com.gridnine.opencms.ticketbrokerage.site/resources/js/jquery/jquery-ui.js HTTP/1.1" 200 228088
31.208.28.130 - - [01/Nov/2024:00:47:38 +0100] "GET /ticket2/opencms/img/icons/globe-white.png HTTP/1.1" 200 947
31.208.28.130 - - [01/Nov/2024:00:47:38 +0100] "GET /ticket2/opencms/system/modules/com.gridnine.opencms.ticketbrokerage.site/resources/css/calendar.css HTTP/1.1" 200 6871
31.208.28.130 - - [01/Nov/2024:00:47:38 +0100] "GET /ticket2/opencms/system/modules/com.gridnine.opencms.ticketbrokerage.site/resources/css/standard.css HTTP/1.1" 200 73073
31.208.28.130 - - [01/Nov/2024:00:47:38 +0100] "GET /ticket2/opencms/system/modules/com.gridnine.opencms.ticketbrokerage.site/resources/js/jquery/jquery.js HTTP/1.1" 200 93868
31.208.28.130 - - [01/Nov/2024:00:47:38 +0100] "GET /ticket2/opencms/system/modules/com.gridnine.opencms.ticketbrokerage.site/resources/css/jquery.fancybox.css HTTP/1.1" 200 4939
31.208.28.130 - - [01/Nov/2024:00:47:38 +0100] "GET /ticket2/opencms/system/modules/com.gridnine.opencms.ticketbrokerage.site/resources/css/jquery-ui.css HTTP/1.1" 200 33221
31.208.28.130 - - [01/Nov/2024:00:47:38 +0100] "GET /ticket2/opencms/system/modules/com.gridnine.opencms.ticketbrokerage.site/resources/js/functions.js HTTP/1.1" 200 1583
31.208.28.130 - - [01/Nov/2024:00:47:38 +0100] "GET /ticket2/opencms/img/icons/en.png HTTP/1.1" 200 2415
31.208.28.130 - - [01/Nov/2024:00:47:38 +0100] "GET /ticket2/opencms/system/modules/com.gridnine.opencms.ticketbrokerage.site/resources/js/calendar.js HTTP/1.1" 200 49229
31.208.28.130 - - [01/Nov/2024:00:47:38 +0100] "GET /ticket2/opencms/system/modules/com.gridnine.opencms.ticketbrokerage.site/resources/js/calendar-setup.js HTTP/1.1" 200 4923
31.208.28.130 - - [01/Nov/2024:00:47:38 +0100] "GET /ticket2/opencms/system/modules/com.gridnine.opencms.ticketbrokerage.site/resources/js/calendar-en.js HTTP/1.1" 200 3338
31.208.28.130 - - [01/Nov/2024:00:47:38 +0100] "GET /ticket2/opencms/system/modules/com.gridnine.opencms.ticketbrokerage.site/resources/js/jquery.fancybox.pack.js HTTP/1.1" 200 23187
31.208.28.130 - - [01/Nov/2024:00:47:38 +0100] "GET /ticket2/opencms/system/modules/com.gridnine.opencms.ticketbrokerage.site/resources/js/stickyfill.min.js HTTP/1.1" 200 5672
31.208.28.130 - - [01/Nov/2024:00:47:38 +0100] "GET /ticket2/opencms/img/icons/se.png HTTP/1.1" 200 1258
31.208.28.130 - - [01/Nov/2024:00:47:38 +0100] "GET /ticket2/opencms/system/modules/com.gridnine.opencms.ticketbrokerage.site/resources/js/standard.js HTTP/1.1" 200 3978
31.208.28.130 - - [01/Nov/2024:00:47:38 +0100] "GET /ticket2/opencms/system/modules/com.gridnine.opencms.ticketbrokerage.site/resources/js/jquery.placeholder.min.js HTTP/1.1" 200 1737
31.208.28.130 - - [01/Nov/2024:00:47:38 +0100] "GET /ticket2/opencms/system/modules/com.gridnine.opencms.ticketbrokerage.site/resources/js/common-ajax.js HTTP/1.1" 200 20175
31.208.28.130 - - [01/Nov/2024:00:47:38 +0100] "GET /ticket2/opencms/img/icons/fi.png HTTP/1.1" 200 1785
31.208.28.130 - - [01/Nov/2024:00:47:38 +0100] "GET /ticket2/opencms/system/modules/com.gridnine.opencms.ticketbrokerage.site/resources/pics/logo-new.png HTTP/1.1" 200 13541
31.208.28.130 - - [01/Nov/2024:00:47:38 +0100] "GET /ticket2/opencms/img/insta.png HTTP/1.1" 200 3967
31.208.28.130 - - [01/Nov/2024:00:47:38 +0100] "GET /ticket2/opencms/img/fb.png HTTP/1.1" 200 1269
31.208.28.130 - - [01/Nov/2024:00:47:38 +0100] "GET /ticket2/opencms/img/icons/no.png HTTP/1.1" 200 1958
31.208.28.130 - - [01/Nov/2024:00:47:38 +0100] "GET /ticket2/opencms/system/modules/com.gridnine.opencms.ticketbrokerage.site/resources/pics/banners/sv/football_sv.png HTTP/1.1" 200 13104
31.208.28.130 - - [01/Nov/2024:00:47:38 +0100] "GET /ticket2/opencms/system/modules/com.gridnine.opencms.ticketbrokerage.site/resources/pics/footer-img.jpg HTTP/1.1" 200 67642
31.208.28.130 - - [01/Nov/2024:00:47:38 +0100] "GET /ticket2/opencms/img/check.png HTTP/1.1" 200 548
31.208.28.130 - - [01/Nov/2024:00:47:38 +0100] "GET /ticket2/opencms/img/mail.png HTTP/1.1" 200 403
31.208.28.130 - - [01/Nov/2024:00:47:38 +0100] "GET /ticket2/opencms/img/icons/nl.png HTTP/1.1" 200 1255
31.208.28.130 - - [01/Nov/2024:00:47:38 +0100] "GET /ticket2/opencms/img/chat.png HTTP/1.1" 200 416
31.208.28.130 - - [01/Nov/2024:00:47:38 +0100] "GET /ticket2/opencms/img/icons/dk.png HTTP/1.1" 200 1706
31.208.28.130 - - [01/Nov/2024:00:47:38 +0100] "GET /ticket2/opencms/img/arrow.png HTTP/1.1" 200 753
31.208.28.130 - - [01/Nov/2024:00:47:38 +0100] "GET /ticket2/opencms/img/icons/de.png HTTP/1.1" 200 1124
31.208.28.130 - - [01/Nov/2024:00:47:38 +0100] "GET /ticket2/opencms/img/icons/fr.png HTTP/1.1" 200 1764
31.208.28.130 - - [01/Nov/2024:00:47:39 +0100] "GET /ticket2/opencms/img/icons/es.png HTTP/1.1" 200 1005
31.208.28.130 - - [01/Nov/2024:00:47:39 +0100] "GET /ticket2/opencms/img/icons/it.png HTTP/1.1" 200 2040
31.208.28.130 - - [01/Nov/2024:00:47:39 +0100] "GET /ticket2/opencms/img/icons/sq.png HTTP/1.1" 200 1619
31.208.28.130 - - [01/Nov/2024:00:47:39 +0100] "GET /ticket2/opencms/img/icons/pl.png HTTP/1.1" 200 1578
31.208.28.130 - - [01/Nov/2024:00:47:39 +0100] "GET /ticket2/opencms/img/icons/az.png HTTP/1.1" 200 1445
31.208.28.130 - - [01/Nov/2024:00:47:39 +0100] "GET /ticket2/opencms/img/icons/be.png HTTP/1.1" 200 1663
31.208.28.130 - - [01/Nov/2024:00:47:40 +0100] "GET /ticket2/opencms/img/icons/bs.png HTTP/1.1" 200 1014
31.208.28.130 - - [01/Nov/2024:00:47:40 +0100] "GET /ticket2/opencms/img/icons/bg.png HTTP/1.1" 200 788
94.23.207.193 - - [01/Nov/2024:00:47:40 +0100] "GET /ticket2/opencms/se/sv/buy/?page=1&edid=E5067D94-8A5E-F408-F852-73D55F9B402A&sortorder=asc&column=section HTTP/1.1" 404 -
31.208.28.130 - - [01/Nov/2024:00:47:40 +0100] "GET /ticket2/opencms/img/icons/hr.png HTTP/1.1" 200 2024
31.208.28.130 - - [01/Nov/2024:00:47:40 +0100] "GET /ticket2/opencms/img/icons/cs.png HTTP/1.1" 200 1883
31.208.28.130 - - [01/Nov/2024:00:47:40 +0100] "GET /ticket2/opencms/img/icons/et.png HTTP/1.1" 200 754
31.208.28.130 - - [01/Nov/2024:00:47:40 +0100] "GET /ticket2/opencms/img/icons/el.png HTTP/1.1" 200 1637
31.208.28.130 - - [01/Nov/2024:00:47:41 +0100] "GET /ticket2/opencms/img/icons/ka.png HTTP/1.1" 200 860
31.208.28.130 - - [01/Nov/2024:00:47:41 +0100] "GET /ticket2/opencms/img/icons/hu.png HTTP/1.1" 200 733
31.208.28.130 - - [01/Nov/2024:00:47:41 +0100] "GET /ticket2/opencms/img/icons/is.png HTTP/1.1" 200 1884
31.208.28.130 - - [01/Nov/2024:00:47:41 +0100] "GET /ticket2/opencms/img/icons/ga.png HTTP/1.1" 200 1759
31.208.28.130 - - [01/Nov/2024:00:47:41 +0100] "GET /ticket2/opencms/img/icons/lv.png HTTP/1.1" 200 716
31.208.28.130 - - [01/Nov/2024:00:47:41 +0100] "GET /ticket2/opencms/img/icons/lt.png HTTP/1.1" 200 733
31.208.28.130 - - [01/Nov/2024:00:47:41 +0100] "GET /ticket2/opencms/img/icons/mt.png HTTP/1.1" 200 920
31.208.28.130 - - [01/Nov/2024:00:47:41 +0100] "GET /ticket2/opencms/img/icons/mo.png HTTP/1.1" 200 1468
31.208.28.130 - - [01/Nov/2024:00:47:41 +0100] "GET /ticket2/opencms/img/icons/ro.png HTTP/1.1" 200 1393
31.208.28.130 - - [01/Nov/2024:00:47:41 +0100] "GET /ticket2/opencms/img/icons/sr.png HTTP/1.1" 200 1602
31.208.28.130 - - [01/Nov/2024:00:47:41 +0100] "GET /ticket2/opencms/img/icons/sk.png HTTP/1.1" 200 1283
31.208.28.130 - - [01/Nov/2024:00:47:41 +0100] "GET /ticket2/opencms/img/icons/sl.png HTTP/1.1" 200 966
31.208.28.130 - - [01/Nov/2024:00:47:41 +0100] "GET /ticket2/opencms/img/icons/uk.png HTTP/1.1" 200 1272
31.208.28.130 - - [01/Nov/2024:00:47:41 +0100] "GET /ticket2/opencms/img/icons/tr.png HTTP/1.1" 200 1636
31.208.28.130 - - [01/Nov/2024:00:47:41 +0100] "GET /ticket2/opencms/system/modules/com.gridnine.opencms.ticketbrokerage.site/resources/js/standard.js HTTP/1.1" 200 3978
54.36.148.144 - - [01/Nov/2024:00:47:41 +0100] "GET /ticket2/opencms/dk/buy/?page=6&comcatid=A17713B6-D984-201A-4143-ED4DB5ED5C2E&catid=36394212-F82E-F845-399B-42BED55969CC HTTP/1.1" 200 152511
31.208.28.130 - - [01/Nov/2024:00:47:42 +0100] "GET /ticket2/opencms/system/modules/com.gridnine.opencms.ticketbrokerage.site/resources/css/images/ui-bg_flat_75_ffffff_40x100.png HTTP/1.1" 404 -
94.23.207.193 - - [01/Nov/2024:00:47:44 +0100] "GET /ticket2/opencms/se/sv/buy/?page=1&edid=E5067D94-8A5E-F408-F852-73D55F9B402A&sortorder=desc&column=section HTTP/1.1" 404 -
47.128.96.38 - - [01/Nov/2024:00:47:44 +0100] "GET /ticket2/opencms/el/buy/?edid=9AD6E1E6-FB1D-3EDD-D6AB-CD76FAA24E1B HTTP/1.1" 200 82211
54.36.148.134 - - [01/Nov/2024:00:47:50 +0100] "GET /ticket2/opencms/uk/buy/?page=1&edid=24658CB7-0503-4139-A73F-444B9F961692 HTTP/1.1" 200 100786
94.23.207.193 - - [01/Nov/2024:00:47:51 +0100] "GET /ticket2/opencms/se/sv/buy/?page=1&edid=E61B3D3B-0D83-E96C-2DE4-851DA573A893&sortorder=asc&column=row HTTP/1.1" 404 -
94.23.207.193 - - [01/Nov/2024:00:47:57 +0100] "GET /ticket2/opencms/se/sv/buy/?page=1&edid=F62C9046-2D62-76EF-4940-6DE74F9C742F&sortorder=asc&column=row HTTP/1.1" 404 -
47.128.33.76 - - [01/Nov/2024:00:47:58 +0100] "GET /ticket2/opencms/sr/buy/?edid=BC5D7CD2-EB5B-8786-D71A-5AE6232D27A7 HTTP/1.1" 200 81862
54.36.148.254 - - [01/Nov/2024:00:48:01 +0100] "GET /ticket2/opencms/uk/buy/?page=1&edid=31FDA527-9BE5-CC0F-08BA-BAC5423FB404 HTTP/1.1" 200 100786
94.23.207.193 - - [01/Nov/2024:00:48:01 +0100] "GET /ticket2/opencms/se/sv/buy/?page=1&edid=F62C9046-2D62-76EF-4940-6DE74F9C742F&sortorder=asc&column=section HTTP/1.1" 404 -
54.36.148.219 - - [01/Nov/2024:00:48:02 +0100] "GET /ticket2/opencms/ga/buy?page=1&edid=1AD4E11C-C792-1721-4D1A-2229101A30FD HTTP/1.1" 200 135797
94.23.207.193 - - [01/Nov/2024:00:48:07 +0100] "GET /ticket2/opencms/se/sv/buy/?page=1&edid=F62C9046-2D62-76EF-4940-6DE74F9C742F&sortorder=desc&column=price HTTP/1.1" 404 -
52.167.144.217 - - [01/Nov/2024:00:48:09 +0100] "GET /ticket2/opencms/et/?comcatid=97ECA65A-72DA-F9AF-9DBB-245D3CFED1BE&catid=E3105E1E-3982-291E-5523-1C1DF161E9B7 HTTP/1.1" 200 95705
54.36.149.33 - - [01/Nov/2024:00:48:11 +0100] "GET /ticket2/opencms/uk/buy/?page=1&edid=3624BB9D-BDA3-C6BF-E8FF-2DF1F5C3F73A HTTP/1.1" 200 100787
185.191.171.12 - - [01/Nov/2024:00:48:13 +0100] "GET /ticket2/opencms/fi/urheilu/jalkapallo/bundesliga/heidenheim/ HTTP/1.1" 200 96539
94.23.207.193 - - [01/Nov/2024:00:48:14 +0100] "GET /ticket2/opencms/se/sv/buy/?page=1&edid=F6D147B4-BFC6-B900-6B95-5425172052C5&sortorder=asc&column=price HTTP/1.1" 404 -
54.36.149.59 - - [01/Nov/2024:00:48:18 +0100] "GET /ticket2/opencms/pl/buy/?page=1&edid=1B836A42-4F20-7A0F-05D1-08388A470666 HTTP/1.1" 200 101012
94.23.207.193 - - [01/Nov/2024:00:48:21 +0100] "GET /ticket2/opencms/se/sv/buy/?page=1&edid=F77680AD-0075-8012-5E4A-7E44C5EB683C&sortorder=asc&column=price HTTP/1.1" 404 -
85.208.96.209 - - [01/Nov/2024:00:48:23 +0100] "GET /ticket2/opencms/sq/sport/bileta-per-futboll/english-championship/plymouth-argyle/ HTTP/1.1" 200 95516
94.23.207.193 - - [01/Nov/2024:00:48:25 +0100] "GET /ticket2/opencms/se/sv/buy/?page=1&edid=F77680AD-0075-8012-5E4A-7E44C5EB683C&sortorder=asc&column=row HTTP/1.1" 404 -
54.36.148.113 - - [01/Nov/2024:00:48:26 +0100] "GET /ticket2/opencms/pl/buy/?page=1&edid=46387882-96DC-F7A5-D33D-152A1A6DE740 HTTP/1.1" 200 98551
114.119.135.251 - - [01/Nov/2024:00:48:28 +0100] "GET /ticket2/opencms/en/venue/?venueid=5949849E-0AEC-C63E-5500-600C02F1FC5F HTTP/1.1" 200 86545
52.167.144.24 - - [01/Nov/2024:00:48:32 +0100] "GET /ticket2/opencms/mt/buy?page=1&edid=4850D7A2-1335-E7AC-9D3F-41B304FBAA4C HTTP/1.1" 200 122135
94.23.207.193 - - [01/Nov/2024:00:48:35 +0100] "GET /ticket2/opencms/se/sv/buy/?page=1&edid=F77680AD-0075-8012-5E4A-7E44C5EB683C&sortorder=desc&column=section HTTP/1.1" 404 -
94.23.207.193 - - [01/Nov/2024:00:48:39 +0100] "GET /ticket2/opencms/se/sv/buy/?page=1&edid=F78DC12D-B45B-D285-8414-628B02B61CCF&sortorder=asc&column=price HTTP/1.1" 404 -
54.36.148.186 - - [01/Nov/2024:00:48:39 +0100] "GET /ticket2/opencms/es/buy/?page=1&edid=21BADD47-9DF1-089A-9149-B7D8F893FCB4 HTTP/1.1" 200 101780
157.55.39.10 - - [01/Nov/2024:00:48:40 +0100] "GET /ticket2/opencms/sv/buy/?comcatid=A17713B6-D984-201A-4143-ED4DB5ED5C2E&catid=E92E6B1B-7CD1-74B1-312C-265A7D8125D0 HTTP/1.1" 200 92963
94.23.207.193 - - [01/Nov/2024:00:48:46 +0100] "GET /ticket2/opencms/se/sv/buy/?page=1&edid=F78E5F03-DC59-7EF4-5F1A-3497891B2E2D HTTP/1.1" 404 -
94.23.207.193 - - [01/Nov/2024:00:48:52 +0100] "GET /ticket2/opencms/se/sv/buy/?page=1&edid=F78E5F03-DC59-7EF4-5F1A-3497891B2E2D&sortorder=asc&column=price HTTP/1.1" 404 -
54.36.149.63 - - [01/Nov/2024:00:48:54 +0100] "GET /ticket2/opencms/es/buy/?comcatid=A17713B6-D984-201A-4143-ED4DB5ED5C2E&catid=&npage=3 HTTP/1.1" 200 251348
52.167.144.160 - - [01/Nov/2024:00:48:55 +0100] "GET /ticket2/opencms/en/sport/football-tickets/premier_league/sheffield/ HTTP/1.1" 200 88824
66.249.79.103 - - [01/Nov/2024:00:48:59 +0100] "GET /ticket2/opencms/it/buy/?page=1&edid=4660DE29-C3F1-FFBE-5E6B-4C74E874EC91 HTTP/1.1" 200 125423
94.23.207.193 - - [01/Nov/2024:00:49:02 +0100] "GET /ticket2/opencms/se/sv/buy/?page=1&edid=F813C320-7E28-922B-F48B-0923B80D3D26&sortorder=asc&column=price HTTP/1.1" 404 -
54.36.148.212 - - [01/Nov/2024:00:49:03 +0100] "GET /ticket2/opencms/pl/buy/?page=1&edid=9A56F165-F35D-9973-F50A-5FE9863E2B16 HTTP/1.1" 200 101012
173.252.83.112 - - [01/Nov/2024:00:49:04 +0100] "GET /ticket2/opencms/lt/buy?page=1&edid=718A7A5B-0864-7BB0-17EA-7D1DFF1DCA73 HTTP/1.1" 200 102023
37.123.143.11 - - [01/Nov/2024:00:49:05 +0100] "GET /ticket2/opencms/system/workplace/views/top_foot.jsp?wpFrame=foot HTTP/1.1" 200 1210
37.123.143.11 - - [01/Nov/2024:00:49:05 +0100] "GET /ticket2/opencms/system/workplace/commons/style/workplace.css HTTP/1.1" 200 14209
47.128.24.41 - - [01/Nov/2024:00:49:07 +0100] "GET /ticket2/opencms/et/buy/?edid=8A787324-CD72-C476-64CB-87071CD71C2F HTTP/1.1" 200 81450
185.191.171.13 - - [01/Nov/2024:00:49:08 +0100] "GET /ticket2/opencms/hu/buy_safety HTTP/1.1" 200 89970
94.23.207.193 - - [01/Nov/2024:00:49:11 +0100] "GET /ticket2/opencms/se/sv/buy/?page=1&edid=F813C320-7E28-922B-F48B-0923B80D3D26&sortorder=asc&column=row HTTP/1.1" 404 -
85.208.96.198 - - [01/Nov/2024:00:49:12 +0100] "GET /ticket2/opencms/sk/sport/futbalove-listky/bundesliga/koln/ HTTP/1.1" 200 91035
185.191.171.15 - - [01/Nov/2024:00:49:15 +0100] "GET /ticket2/opencms/mo/buy/ HTTP/1.1" 200 79589
94.23.207.193 - - [01/Nov/2024:00:49:17 +0100] "GET /ticket2/opencms/se/sv/buy/?page=1&edid=F813C320-7E28-922B-F48B-0923B80D3D26&sortorder=desc&column=price HTTP/1.1" 404 -
54.36.148.74 - - [01/Nov/2024:00:49:18 +0100] "GET /ticket2/opencms/pl/buy/?page=1&edid=9AF29D4D-BF71-6182-1EBD-FF49E6DA3ECE HTTP/1.1" 200 101014
94.23.207.193 - - [01/Nov/2024:00:49:25 +0100] "GET /ticket2/opencms/se/sv/buy/?page=1&edid=F813C320-7E28-922B-F48B-0923B80D3D26&sortorder=desc&column=row HTTP/1.1" 404 -
54.36.149.26 - - [01/Nov/2024:00:49:27 +0100] "GET /ticket2/opencms/pl/buy/?page=1&edid=9F80D7E4-C3CD-1252-256F-CE7A7B9BF210 HTTP/1.1" 200 98591
94.23.207.193 - - [01/Nov/2024:00:49:29 +0100] "GET /ticket2/opencms/se/sv/buy/?page=1&edid=F8314B08-0D67-7776-A14E-202F2698D162&sortorder=asc&column=price HTTP/1.1" 404 -
114.119.133.220 - - [01/Nov/2024:00:49:30 +0100] "GET /ticket2/opencms/en/sell/?edid=AF0EED21-8925-3B93-EFFA-68E179406549 HTTP/1.1" 302 -
114.119.133.220 - - [01/Nov/2024:00:49:34 +0100] "GET /ticket2/opencms/en/login/?url=/en/sell/ HTTP/1.1" 200 88677
94.23.207.193 - - [01/Nov/2024:00:49:35 +0100] "GET /ticket2/opencms/se/sv/buy/?page=1&edid=F8314B08-0D67-7776-A14E-202F2698D162&sortorder=asc&column=row HTTP/1.1" 404 -
52.167.144.217 - - [01/Nov/2024:00:49:37 +0100] "GET /ticket2/opencms/be/buy/?page=1&edid=F2B75FFE-B503-FA6C-066A-879F06B1D185 HTTP/1.1" 200 103700
94.23.207.193 - - [01/Nov/2024:00:49:40 +0100] "GET /ticket2/opencms/se/sv/buy/?page=1&edid=F8314B08-0D67-7776-A14E-202F2698D162&sortorder=asc&column=section HTTP/1.1" 404 -
54.36.148.238 - - [01/Nov/2024:00:49:40 +0100] "GET /ticket2/opencms/fi/venue/?venueid=E5062924-B4F3-0DE7-D5ED-74F1F93777E1 HTTP/1.1" 200 87835
94.23.207.193 - - [01/Nov/2024:00:49:45 +0100] "GET /ticket2/opencms/se/sv/buy/?page=1&edid=F8314B08-0D67-7776-A14E-202F2698D162&sortorder=desc&column=price HTTP/1.1" 404 -
94.23.207.193 - - [01/Nov/2024:00:49:51 +0100] "GET /ticket2/opencms/se/sv/buy/?page=1&edid=F8314B08-0D67-7776-A14E-202F2698D162&sortorder=desc&column=row HTTP/1.1" 404 -
54.36.148.77 - - [01/Nov/2024:00:49:51 +0100] "GET /ticket2/opencms/fi/venue/?venueid=F559DC88-543C-9BE7-D4C6-F477D1C58CD9 HTTP/1.1" 200 87838
94.23.207.193 - - [01/Nov/2024:00:49:55 +0100] "GET /ticket2/opencms/se/sv/buy/?page=1&edid=F8314B08-0D67-7776-A14E-202F2698D162&sortorder=desc&column=section HTTP/1.1" 404 -
66.249.79.101 - - [01/Nov/2024:00:49:58 +0100] "GET /ticket2/opencms/it/buy/?page=1&edid=9D7ABF2F-B431-422E-3673-716FB77076E6 HTTP/1.1" 200 100398
94.23.207.193 - - [01/Nov/2024:00:49:59 +0100] "GET /ticket2/opencms/se/sv/buy/?page=1&edid=F8A58921-37D9-5DD3-7954-6ED3B358CB7A HTTP/1.1" 404 -
54.36.149.14 - - [01/Nov/2024:00:50:01 +0100] "GET /ticket2/opencms/es/buy/?comcatid=A17713B6-D984-201A-4143-ED4DB5ED5C2E&catid=&npage=5 HTTP/1.1" 200 251351
66.249.76.137 - - [01/Nov/2024:00:50:01 +0100] "GET /ticket2/opencms/it/buy/?page=1&edid=26FD5F34-C195-7172-EE2F-9EC20DBD4239 HTTP/1.1" 200 124727
94.23.207.193 - - [01/Nov/2024:00:50:03 +0100] "GET /ticket2/opencms/se/sv/buy/?page=1&edid=F8B18577-657B-06AA-B5AB-A0043E2A4297&sortorder=asc&column=price HTTP/1.1" 404 -
54.36.149.84 - - [01/Nov/2024:00:50:09 +0100] "GET /ticket2/opencms/es/deporte/entradas-futbol/premier-league HTTP/1.1" 200 100647
195.154.122.118 - - [01/Nov/2024:00:50:10 +0100] "GET /ticket2/opencms/system/modules/com.gridnine.opencms.ticketbrokerage.site/resources/css/jquery.fancybox.css HTTP/1.1" 200 4939
195.154.122.118 - - [01/Nov/2024:00:50:10 +0100] "GET /ticket2/opencms/system/modules/com.gridnine.opencms.ticketbrokerage.site/resources/css/calendar.css HTTP/1.1" 200 6871
195.154.122.118 - - [01/Nov/2024:00:50:10 +0100] "GET /ticket2/opencms/system/modules/com.gridnine.opencms.ticketbrokerage.site/resources/css/standard.css HTTP/1.1" 200 73073
195.154.122.118 - - [01/Nov/2024:00:50:10 +0100] "GET /ticket2/opencms/system/modules/com.gridnine.opencms.ticketbrokerage.site/resources/js/jquery/jquery.js HTTP/1.1" 200 93868
195.154.122.118 - - [01/Nov/2024:00:50:10 +0100] "GET /ticket2/opencms/system/modules/com.gridnine.opencms.ticketbrokerage.site/resources/css/ticketbrokerage.css HTTP/1.1" 200 39339
195.154.122.118 - - [01/Nov/2024:00:50:10 +0100] "GET /ticket2/opencms/system/modules/com.gridnine.opencms.ticketbrokerage.site/resources/css/jquery-ui.css HTTP/1.1" 200 33221
195.154.122.118 - - [01/Nov/2024:00:50:10 +0100] "GET /ticket2/opencms/system/modules/com.gridnine.opencms.ticketbrokerage.site/resources/js/jquery/jquery-ui.js HTTP/1.1" 200 228088
195.154.122.118 - - [01/Nov/2024:00:50:10 +0100] "GET /ticket2/opencms/system/modules/com.gridnine.opencms.ticketbrokerage.site/resources/js/functions.js HTTP/1.1" 200 1583
195.154.122.118 - - [01/Nov/2024:00:50:10 +0100] "GET /ticket2/opencms/system/modules/com.gridnine.opencms.ticketbrokerage.site/resources/js/calendar.js HTTP/1.1" 200 49229
195.154.122.118 - - [01/Nov/2024:00:50:10 +0100] "GET /ticket2/opencms/system/modules/com.gridnine.opencms.ticketbrokerage.site/resources/js/calendar-en.js HTTP/1.1" 200 3338
195.154.122.118 - - [01/Nov/2024:00:50:10 +0100] "GET /ticket2/opencms/system/modules/com.gridnine.opencms.ticketbrokerage.site/resources/js/calendar-setup.js HTTP/1.1" 200 4923
195.154.122.118 - - [01/Nov/2024:00:50:10 +0100] "GET /ticket2/opencms/system/modules/com.gridnine.opencms.ticketbrokerage.site/resources/js/jquery.fancybox.pack.js HTTP/1.1" 200 23187
195.154.122.118 - - [01/Nov/2024:00:50:10 +0100] "GET /ticket2/opencms/system/modules/com.gridnine.opencms.ticketbrokerage.site/resources/js/stickyfill.min.js HTTP/1.1" 200 5672
195.154.122.118 - - [01/Nov/2024:00:50:10 +0100] "GET /ticket2/opencms/system/modules/com.gridnine.opencms.ticketbrokerage.site/resources/js/standard.js HTTP/1.1" 200 3978
195.154.122.118 - - [01/Nov/2024:00:50:10 +0100] "GET /ticket2/opencms/system/modules/com.gridnine.opencms.ticketbrokerage.site/resources/js/jquery.placeholder.min.js HTTP/1.1" 200 1737
195.154.122.118 - - [01/Nov/2024:00:50:10 +0100] "GET /ticket2/opencms/system/modules/com.gridnine.opencms.ticketbrokerage.site/resources/js/common-ajax.js HTTP/1.1" 200 20175
94.23.207.193 - - [01/Nov/2024:00:50:10 +0100] "GET /ticket2/opencms/se/sv/buy/?page=1&edid=F8B18577-657B-06AA-B5AB-A0043E2A4297&sortorder=asc&column=row HTTP/1.1" 404 -
195.154.122.118 - - [01/Nov/2024:00:50:11 +0100] "GET /ticket2/opencms/system/modules/com.gridnine.opencms.ticketbrokerage.site/resources/js/standard.js HTTP/1.1" 200 3978
135.181.180.59 - - [01/Nov/2024:00:50:12 +0100] "GET /ticket2/opencms/robots.txt HTTP/1.1" 200 773
135.181.180.59 - - [01/Nov/2024:00:50:13 +0100] "GET /ticket2/opencms/et/about/contact HTTP/1.1" 200 87349
135.181.180.59 - - [01/Nov/2024:00:50:15 +0100] "GET /ticket2/opencms/et/about/press HTTP/1.1" 200 89844
94.23.207.193 - - [01/Nov/2024:00:50:16 +0100] "GET /ticket2/opencms/se/sv/buy/?page=1&edid=F8B18577-657B-06AA-B5AB-A0043E2A4297&sortorder=asc&column=section HTTP/1.1" 404 -
47.128.115.244 - - [01/Nov/2024:00:50:17 +0100] "GET /ticket2/opencms/sr/buy/?edid=1291CD6B-4651-52CC-8D36-B0FB58FEEDFA HTTP/1.1" 200 81862
135.181.180.59 - - [01/Nov/2024:00:50:17 +0100] "GET /ticket2/opencms/et/affiliateprogram.html HTTP/1.1" 200 88636
135.181.180.59 - - [01/Nov/2024:00:50:19 +0100] "GET /ticket2/opencms/et/ask-form.html HTTP/1.1" 200 3156
114.119.136.64 - - [01/Nov/2024:00:50:19 +0100] "GET /ticket2/opencms/robots.txt HTTP/1.1" 200 773
135.181.180.59 - - [01/Nov/2024:00:50:20 +0100] "GET /ticket2/opencms/et/buy/ HTTP/1.1" 200 79518
54.36.148.127 - - [01/Nov/2024:00:50:21 +0100] "GET /ticket2/opencms/sk/buy/?page=1&edid=660EB9E2-5EAA-DCDE-B75E-74855AFB1F01 HTTP/1.1" 200 98616
135.181.180.59 - - [01/Nov/2024:00:50:22 +0100] "GET /ticket2/opencms/et/buy_safety HTTP/1.1" 200 90506
94.23.207.193 - - [01/Nov/2024:00:50:23 +0100] "GET /ticket2/opencms/se/sv/buy/?page=1&edid=F8F46E23-7D11-DB64-2DCC-CFF43B2094D4&sortorder=asc&column=row HTTP/1.1" 404 -
85.208.96.201 - - [01/Nov/2024:00:50:23 +0100] "GET /ticket2/opencms/it/sport/biglietti-calcio/serie-a/fiorentina/ HTTP/1.1" 200 105041
135.181.180.59 - - [01/Nov/2024:00:50:24 +0100] "GET /ticket2/opencms/et/buying_tickets HTTP/1.1" 200 90168
54.36.148.51 - - [01/Nov/2024:00:50:25 +0100] "GET /ticket2/opencms/sk/buy/?page=1&edid=8513AB1B-B933-9792-1D4C-C887E0E5F59A HTTP/1.1" 200 98624
135.181.180.59 - - [01/Nov/2024:00:50:26 +0100] "GET /ticket2/opencms/fi/about/ HTTP/1.1" 200 -
135.181.180.59 - - [01/Nov/2024:00:50:27 +0100] "GET /ticket2/opencms/fi/ask-form.html HTTP/1.1" 200 3012
94.23.207.193 - - [01/Nov/2024:00:50:27 +0100] "GET /ticket2/opencms/se/sv/buy/?page=1&edid=F8F46E23-7D11-DB64-2DCC-CFF43B2094D4&sortorder=asc&column=section HTTP/1.1" 404 -
135.181.180.59 - - [01/Nov/2024:00:50:29 +0100] "GET /ticket2/opencms/fi/buy/ HTTP/1.1" 200 79526
47.128.53.154 - - [01/Nov/2024:00:50:30 +0100] "GET /ticket2/opencms/en/buy?catid=C48671DB-5AEB-8CE2-928E-38417FFBE085&comcatid=A17713B6-D984-201A-4143-ED4DB5ED5C2E HTTP/1.1" 200 92067
94.23.207.193 - - [01/Nov/2024:00:50:31 +0100] "GET /ticket2/opencms/se/sv/buy/?page=1&edid=F90DC262-1A9F-4FB5-A462-84BFB9E077F0&sortorder=asc&column=price HTTP/1.1" 404 -
135.181.180.59 - - [01/Nov/2024:00:50:32 +0100] "GET /ticket2/opencms/fi/buy/?page=1&edid=03C08C39-501F-FF78-A958-5E62ADCE683F HTTP/1.1" 200 114020
54.36.148.25 - - [01/Nov/2024:00:50:34 +0100] "GET /ticket2/opencms/az/buy/?page=1&edid=696D5B95-E686-DB57-A55C-2EEBDCC864DE HTTP/1.1" 200 102145
114.119.159.237 - - [01/Nov/2024:00:50:34 +0100] "GET /ticket2/opencms/en/venue/?venueid=E8185E56-FFAF-A64F-92CD-A3B859A1CE98 HTTP/1.1" 200 86587
94.23.207.193 - - [01/Nov/2024:00:50:35 +0100] "GET /ticket2/opencms/se/sv/buy/?page=1&edid=F90DC262-1A9F-4FB5-A462-84BFB9E077F0&sortorder=asc&column=row HTTP/1.1" 404 -
135.181.180.59 - - [01/Nov/2024:00:50:36 +0100] "GET /ticket2/opencms/fi/buy/?page=1&edid=047E0311-281A-A7AE-E87D-50033F4F70CA HTTP/1.1" 200 130918
135.181.180.59 - - [01/Nov/2024:00:50:39 +0100] "GET /ticket2/opencms/fi/buy/?page=1&edid=063774E2-DE1A-6A46-E97B-D379290B879E HTTP/1.1" 200 126305
94.23.207.193 - - [01/Nov/2024:00:50:40 +0100] "GET /ticket2/opencms/se/sv/buy/?page=1&edid=F90DC262-1A9F-4FB5-A462-84BFB9E077F0&sortorder=asc&column=section HTTP/1.1" 404 -
135.181.180.59 - - [01/Nov/2024:00:50:43 +0100] "GET /ticket2/opencms/fi/buy/?page=1&edid=069EC406-6DFD-08ED-B6CC-A7E203415919 HTTP/1.1" 200 130251
94.23.207.193 - - [01/Nov/2024:00:50:45 +0100] "GET /ticket2/opencms/se/sv/buy/?page=1&edid=F9161CFB-C2C8-9138-261B-AE3FC003292C HTTP/1.1" 404 -
135.181.180.59 - - [01/Nov/2024:00:50:46 +0100] "GET /ticket2/opencms/fi/buy/?page=1&edid=070182EB-30EF-F34B-AE41-C4B61E82D2C9 HTTP/1.1" 200 114022
94.23.207.193 - - [01/Nov/2024:00:50:49 +0100] "GET /ticket2/opencms/se/sv/buy/?page=1&edid=FA4E5170-C0C1-9004-398F-3295256B617D&sortorder=asc&column=price HTTP/1.1" 404 -
135.181.180.59 - - [01/Nov/2024:00:50:50 +0100] "GET /ticket2/opencms/fi/buy/?page=1&edid=077A4D05-90D5-AF2A-B689-A4F52E73EBA2 HTTP/1.1" 200 130787
54.36.149.14 - - [01/Nov/2024:00:50:50 +0100] "GET /ticket2/opencms/sk/buy/?page=1&edid=9F80D7E4-C3CD-1252-256F-CE7A7B9BF210 HTTP/1.1" 200 98640
94.23.207.193 - - [01/Nov/2024:00:50:55 +0100] "GET /ticket2/opencms/se/sv/buy/?page=1&edid=FA4E5170-C0C1-9004-398F-3295256B617D&sortorder=asc&column=row HTTP/1.1" 404 -
54.36.149.3 - - [01/Nov/2024:00:50:56 +0100] "GET /ticket2/opencms/be/buy/?page=1&edid=872A1CAC-EC9F-5A17-CC81-87C861412BDF HTTP/1.1" 200 104041
135.181.180.59 - - [01/Nov/2024:00:50:57 +0100] "GET /ticket2/opencms/fi/buy/?page=1&edid=0AB966ED-711A-1DD6-BBD9-5029029D10A0 HTTP/1.1" 200 111836
52.167.144.217 - - [01/Nov/2024:00:50:59 +0100] "GET /ticket2/opencms/bs/sport/ HTTP/1.1" 200 96151
185.191.171.18 - - [01/Nov/2024:00:50:59 +0100] "GET /ticket2/opencms/robots.txt HTTP/1.1" 200 773
