65.108.46.72 - - [01/Nov/2024:04:36:00 +0100] "GET /ticket2/opencms/dk/no/buy/?page=1&edid=7422BB76-D50D-112B-59E4-17DC58B2A2B5&sortorder=desc&column=price HTTP/1.1" 404 -
65.108.46.72 - - [01/Nov/2024:04:36:04 +0100] "GET /ticket2/opencms/dk/no/buy/?page=1&edid=7422BB76-D50D-112B-59E4-17DC58B2A2B5&sortorder=desc&column=row HTTP/1.1" 404 -
47.128.122.147 - - [01/Nov/2024:04:36:05 +0100] "GET /ticket2/opencms/sl/buy?edid=8DA9D1EA-2F7E-8136-071B-749FF836435A HTTP/1.1" 200 81396
188.165.217.198 - - [01/Nov/2024:04:36:07 +0100] "GET /ticket2/opencms/se/sv/sell/?edid=8FC30073-D8A5-3B82-A18A-E6720A13CDC4 HTTP/1.1" 404 -
37.60.239.40 - - [01/Nov/2024:04:36:07 +0100] "GET /ticket2/opencms/dk/buy/?page=1&edid=E4DD18A9-E2C7-8937-EAB2-A958CD187E94&sortorder=desc&column=section HTTP/1.1" 200 98792
47.128.20.161 - - [01/Nov/2024:04:36:08 +0100] "GET /ticket2/opencms/et/buy/?catid=3A56B1C2-6FFB-C8D1-B229-B3914D5FF8DF&comcatid=0A6B8208-FDA4-E929-9D72-5312FD481B76 HTTP/1.1" 200 87451
65.108.46.72 - - [01/Nov/2024:04:36:09 +0100] "GET /ticket2/opencms/dk/no/buy/?page=1&edid=7426EE0D-C306-84EC-DE1E-E2C38CFC5448&sortorder=asc&column=price HTTP/1.1" 404 -
217.182.175.120 - - [01/Nov/2024:04:36:11 +0100] "GET /ticket2/opencms/dk/no/buy/?page=1&edid=3389708C-18F0-B6AB-9F44-A1534328131C&sortorder=desc&column=row HTTP/1.1" 404 -
65.108.46.72 - - [01/Nov/2024:04:36:14 +0100] "GET /ticket2/opencms/dk/no/buy/?page=1&edid=7426EE0D-C306-84EC-DE1E-E2C38CFC5448&sortorder=asc&column=row HTTP/1.1" 404 -
37.60.239.40 - - [01/Nov/2024:04:36:15 +0100] "GET /ticket2/opencms/dk/buy/?page=1&edid=E633D85E-2631-44B3-2B1B-38B280DE86F7&sortorder=desc&column=section HTTP/1.1" 200 102290
65.108.46.72 - - [01/Nov/2024:04:36:18 +0100] "GET /ticket2/opencms/dk/no/buy/?page=1&edid=742CE524-9C3D-91F4-FC16-F3903E8D84E4 HTTP/1.1" 404 -
37.60.239.40 - - [01/Nov/2024:04:36:23 +0100] "GET /ticket2/opencms/dk/buy/?page=1&edid=E6A668E7-B929-77A0-D776-692476BCB2EF&sortorder=asc&column=section HTTP/1.1" 200 101392
217.182.175.120 - - [01/Nov/2024:04:36:23 +0100] "GET /ticket2/opencms/dk/no/buy/?page=1&edid=3389708C-18F0-B6AB-9F44-A1534328131C&sortorder=desc&column=section HTTP/1.1" 404 -
65.108.46.72 - - [01/Nov/2024:04:36:23 +0100] "GET /ticket2/opencms/dk/no/buy/?page=1&edid=742CE524-9C3D-91F4-FC16-F3903E8D84E4&sortorder=asc&column=price HTTP/1.1" 404 -
54.36.149.1 - - [01/Nov/2024:04:36:24 +0100] "GET /ticket2/opencms/lv/buy/?page=1&edid=AC8F7448-8C97-BB58-DCF6-B6425E43C512 HTTP/1.1" 200 98748
37.60.239.40 - - [01/Nov/2024:04:36:27 +0100] "GET /ticket2/opencms/dk/buy/?page=1&edid=E6DB2F6D-C4A2-56D9-F22F-D06C54554EF2&sortorder=desc&column=row HTTP/1.1" 200 101863
65.108.46.72 - - [01/Nov/2024:04:36:28 +0100] "GET /ticket2/opencms/dk/no/buy/?page=1&edid=742CE524-9C3D-91F4-FC16-F3903E8D84E4&sortorder=asc&column=row HTTP/1.1" 404 -
216.244.66.238 - - [01/Nov/2024:04:36:30 +0100] "GET /ticket2/opencms/it/buy?comcatid=A17713B6-D984-201A-4143-ED4DB5ED5C2E&catid=0A9E385E-33D9-328E-DC79-CA2C7009C829 HTTP/1.1" 200 93370
188.165.217.198 - - [01/Nov/2024:04:36:31 +0100] "GET /ticket2/opencms/se/sv/sell/?edid=92971269-2FFE-3DDA-49A2-724A87B9C001 HTTP/1.1" 404 -
47.128.59.12 - - [01/Nov/2024:04:36:32 +0100] "GET /ticket2/opencms/ga/buy/?catid=3A56B1C2-6FFB-C8D1-B229-B3914D5FF8DF&comcatid=0A6B8208-FDA4-E929-9D72-5312FD481B76 HTTP/1.1" 200 87530
65.108.46.72 - - [01/Nov/2024:04:36:32 +0100] "GET /ticket2/opencms/dk/no/buy/?page=1&edid=75FF6D71-09F5-D46B-0F5F-60B05A57DEC1&sortorder=asc&column=section HTTP/1.1" 404 -
37.60.239.40 - - [01/Nov/2024:04:36:34 +0100] "GET /ticket2/opencms/dk/buy/?page=1&edid=E76DEF92-4D7F-51BD-041F-8B637EFB6F58&sortorder=desc&column=price HTTP/1.1" 200 101336
217.182.175.120 - - [01/Nov/2024:04:36:36 +0100] "GET /ticket2/opencms/dk/no/buy/?page=1&edid=339EBE6C-7CB3-D64A-7E36-EDEE00BC8C46&sortorder=desc&column=price HTTP/1.1" 404 -
54.36.149.100 - - [01/Nov/2024:04:36:37 +0100] "GET /ticket2/opencms/mo/buy/?page=1&edid=397521D5-C7AB-930B-258F-17E9104F07FF HTTP/1.1" 200 102092
65.108.46.72 - - [01/Nov/2024:04:36:37 +0100] "GET /ticket2/opencms/dk/no/buy/?page=1&edid=76BCEBC6-C91E-E768-F618-A1104A58DDCD&sortorder=desc&column=price HTTP/1.1" 404 -
166.108.234.156 - - [01/Nov/2024:04:36:39 +0100] "GET /ticket2/opencms/mo/buy?page=1&edid=7D165939-BF98-0026-A2D4-02E534C6E447 HTTP/1.1" 200 117264
65.108.46.72 - - [01/Nov/2024:04:36:42 +0100] "GET /ticket2/opencms/dk/no/buy/?page=1&edid=76BCEBC6-C91E-E768-F618-A1104A58DDCD&sortorder=desc&column=row HTTP/1.1" 404 -
37.60.239.40 - - [01/Nov/2024:04:36:42 +0100] "GET /ticket2/opencms/dk/buy/?page=1&edid=E76DEF92-4D7F-51BD-041F-8B637EFB6F58&sortorder=desc&column=row HTTP/1.1" 200 101244
185.191.171.14 - - [01/Nov/2024:04:36:45 +0100] "GET /ticket2/opencms/nl/sport/voetbal-tickets/serie_a/cagliari/ HTTP/1.1" 200 87935
65.108.46.72 - - [01/Nov/2024:04:36:46 +0100] "GET /ticket2/opencms/dk/no/buy/?page=1&edid=76BCEBC6-C91E-E768-F618-A1104A58DDCD&sortorder=desc&column=section HTTP/1.1" 404 -
188.165.217.198 - - [01/Nov/2024:04:36:48 +0100] "GET /ticket2/opencms/se/sv/sell/?edid=93736088-ECE7-725F-5EA3-C6E7817A383E HTTP/1.1" 404 -
47.128.29.198 - - [01/Nov/2024:04:36:49 +0100] "GET /ticket2/opencms/et/buy/?catid=0A6C99D2-F5BD-7A18-9A5F-5668827042E0&comcatid=A17713B6-D984-201A-4143-ED4DB5ED5C2E&npage=1 HTTP/1.1" 200 252565
37.60.239.40 - - [01/Nov/2024:04:36:49 +0100] "GET /ticket2/opencms/dk/buy/?page=1&edid=E76DEF92-4D7F-51BD-041F-8B637EFB6F58&sortorder=desc&column=section HTTP/1.1" 200 101428
54.36.148.2 - - [01/Nov/2024:04:36:51 +0100] "GET /ticket2/opencms/en/buy?comcatid=97ECA65A-72DA-F9AF-9DBB-245D3CFED1BE&catid=2CCC191C-F37F-B9CA-D41C-1204E575B328 HTTP/1.1" 200 87014
65.108.46.72 - - [01/Nov/2024:04:36:51 +0100] "GET /ticket2/opencms/dk/no/buy/?page=1&edid=76EC6065-A9FD-2158-21EE-D9457194B3F1&sortorder=desc&column=section HTTP/1.1" 404 -
195.154.122.169 - - [01/Nov/2024:04:36:52 +0100] "GET /ticket2/opencms/system/modules/com.gridnine.opencms.ticketbrokerage.site/resources/css/ticketbrokerage.css HTTP/1.1" 200 39339
195.154.122.169 - - [01/Nov/2024:04:36:52 +0100] "GET /ticket2/opencms/system/modules/com.gridnine.opencms.ticketbrokerage.site/resources/css/jquery.fancybox.css HTTP/1.1" 200 4939
195.154.122.169 - - [01/Nov/2024:04:36:52 +0100] "GET /ticket2/opencms/system/modules/com.gridnine.opencms.ticketbrokerage.site/resources/css/jquery-ui.css HTTP/1.1" 200 33221
195.154.122.169 - - [01/Nov/2024:04:36:52 +0100] "GET /ticket2/opencms/system/modules/com.gridnine.opencms.ticketbrokerage.site/resources/css/standard.css HTTP/1.1" 200 73073
195.154.122.169 - - [01/Nov/2024:04:36:52 +0100] "GET /ticket2/opencms/system/modules/com.gridnine.opencms.ticketbrokerage.site/resources/css/calendar.css HTTP/1.1" 200 6871
195.154.122.169 - - [01/Nov/2024:04:36:52 +0100] "GET /ticket2/opencms/system/modules/com.gridnine.opencms.ticketbrokerage.site/resources/js/jquery/jquery-ui.js HTTP/1.1" 200 228088
195.154.122.169 - - [01/Nov/2024:04:36:52 +0100] "GET /ticket2/opencms/system/modules/com.gridnine.opencms.ticketbrokerage.site/resources/js/functions.js HTTP/1.1" 200 1583
195.154.122.169 - - [01/Nov/2024:04:36:52 +0100] "GET /ticket2/opencms/system/modules/com.gridnine.opencms.ticketbrokerage.site/resources/js/calendar.js HTTP/1.1" 200 49229
195.154.122.169 - - [01/Nov/2024:04:36:52 +0100] "GET /ticket2/opencms/system/modules/com.gridnine.opencms.ticketbrokerage.site/resources/js/calendar-en.js HTTP/1.1" 200 3338
195.154.122.169 - - [01/Nov/2024:04:36:52 +0100] "GET /ticket2/opencms/system/modules/com.gridnine.opencms.ticketbrokerage.site/resources/js/jquery.fancybox.pack.js HTTP/1.1" 200 23187
195.154.122.169 - - [01/Nov/2024:04:36:52 +0100] "GET /ticket2/opencms/system/modules/com.gridnine.opencms.ticketbrokerage.site/resources/js/calendar-setup.js HTTP/1.1" 200 4923
195.154.122.169 - - [01/Nov/2024:04:36:52 +0100] "GET /ticket2/opencms/system/modules/com.gridnine.opencms.ticketbrokerage.site/resources/js/jquery/jquery.js HTTP/1.1" 200 93868
195.154.122.169 - - [01/Nov/2024:04:36:52 +0100] "GET /ticket2/opencms/system/modules/com.gridnine.opencms.ticketbrokerage.site/resources/js/standard.js HTTP/1.1" 200 3978
195.154.122.169 - - [01/Nov/2024:04:36:52 +0100] "GET /ticket2/opencms/system/modules/com.gridnine.opencms.ticketbrokerage.site/resources/js/stickyfill.min.js HTTP/1.1" 200 5672
195.154.122.169 - - [01/Nov/2024:04:36:52 +0100] "GET /ticket2/opencms/system/modules/com.gridnine.opencms.ticketbrokerage.site/resources/js/jquery.placeholder.min.js HTTP/1.1" 200 1737
195.154.122.169 - - [01/Nov/2024:04:36:52 +0100] "GET /ticket2/opencms/system/modules/com.gridnine.opencms.ticketbrokerage.site/resources/js/common-ajax.js HTTP/1.1" 200 20175
195.154.122.169 - - [01/Nov/2024:04:36:52 +0100] "GET /ticket2/opencms/system/modules/com.gridnine.opencms.ticketbrokerage.site/resources/js/standard.js HTTP/1.1" 200 3978
217.182.175.120 - - [01/Nov/2024:04:36:53 +0100] "GET /ticket2/opencms/dk/no/buy/?page=1&edid=339EBE6C-7CB3-D64A-7E36-EDEE00BC8C46&sortorder=desc&column=row HTTP/1.1" 404 -
37.60.239.40 - - [01/Nov/2024:04:36:54 +0100] "GET /ticket2/opencms/dk/buy/?page=1&edid=E8ADA169-FD64-22D1-E571-3ACABC39BF3B&sortorder=asc&column=section HTTP/1.1" 200 101388
65.108.46.72 - - [01/Nov/2024:04:36:56 +0100] "GET /ticket2/opencms/dk/no/buy/?page=1&edid=776505B3-48AB-51D3-A166-5294F952FBF7&sortorder=desc&column=price HTTP/1.1" 404 -
47.128.32.50 - - [01/Nov/2024:04:36:57 +0100] "GET /ticket2/opencms/sv/magazine/article?title=manchester-city-riskerar-nedflyttning HTTP/1.1" 200 89429
65.108.46.72 - - [01/Nov/2024:04:37:00 +0100] "GET /ticket2/opencms/dk/no/buy/?page=1&edid=776505B3-48AB-51D3-A166-5294F952FBF7&sortorder=desc&column=row HTTP/1.1" 404 -
37.60.239.40 - - [01/Nov/2024:04:37:02 +0100] "GET /ticket2/opencms/dk/buy/?page=1&edid=E94EB3D4-47F8-5B4B-AFCC-5DA76D6F5A89&sortorder=asc&column=row HTTP/1.1" 200 102356
65.108.46.72 - - [01/Nov/2024:04:37:05 +0100] "GET /ticket2/opencms/dk/no/buy/?page=1&edid=776505B3-48AB-51D3-A166-5294F952FBF7&sortorder=desc&column=section HTTP/1.1" 404 -
47.128.36.189 - - [01/Nov/2024:04:37:05 +0100] "GET /ticket2/opencms/mt/buy/?edid=13FD52ED-2424-BEB8-F194-ACEDB9434F70 HTTP/1.1" 200 81495
54.36.149.18 - - [01/Nov/2024:04:37:06 +0100] "GET /ticket2/opencms/uk/buy/?page=1&edid=BABB7B15-4A6B-2CD0-A4E6-6F9CC954F92B HTTP/1.1" 200 100768
194.242.57.234 - - [01/Nov/2024:04:37:07 +0100] "GET /ticket2/opencms/se/sv/buy/?page=1&edid=D4D26C4E-A84B-5BB2-4BAA-D4ED25416260&sortorder=desc&column=price HTTP/1.1" 404 -
217.182.175.120 - - [01/Nov/2024:04:37:08 +0100] "GET /ticket2/opencms/dk/no/buy/?page=1&edid=339EBE6C-7CB3-D64A-7E36-EDEE00BC8C46&sortorder=desc&column=section HTTP/1.1" 404 -
37.60.239.40 - - [01/Nov/2024:04:37:09 +0100] "GET /ticket2/opencms/dk/buy/?page=1&edid=EB592836-3B3C-DB5C-2862-32483E1FB13E&sortorder=desc&column=row HTTP/1.1" 200 100999
65.108.46.72 - - [01/Nov/2024:04:37:09 +0100] "GET /ticket2/opencms/dk/no/buy/?page=1&edid=78EA1F40-A0BB-F77A-A36D-DD30E4B904C1&sortorder=asc&column=price HTTP/1.1" 404 -
188.165.217.198 - - [01/Nov/2024:04:37:12 +0100] "GET /ticket2/opencms/se/sv/venue/?countryid=86D8F5F1-1C66-F61F-D1EA-1BF1C36E41D6 HTTP/1.1" 404 -
65.108.46.72 - - [01/Nov/2024:04:37:14 +0100] "GET /ticket2/opencms/dk/no/buy/?page=1&edid=78EA1F40-A0BB-F77A-A36D-DD30E4B904C1&sortorder=asc&column=row HTTP/1.1" 404 -
37.60.239.40 - - [01/Nov/2024:04:37:16 +0100] "GET /ticket2/opencms/dk/buy/?page=1&edid=EB592836-3B3C-DB5C-2862-32483E1FB13E&sortorder=desc&column=section HTTP/1.1" 200 101183
194.242.57.234 - - [01/Nov/2024:04:37:19 +0100] "GET /ticket2/opencms/se/sv/buy/?page=1&edid=D4D26C4E-A84B-5BB2-4BAA-D4ED25416260&sortorder=desc&column=row HTTP/1.1" 404 -
65.108.46.72 - - [01/Nov/2024:04:37:19 +0100] "GET /ticket2/opencms/dk/no/buy/?page=1&edid=78EA1F40-A0BB-F77A-A36D-DD30E4B904C1&sortorder=asc&column=section HTTP/1.1" 404 -
54.36.149.101 - - [01/Nov/2024:04:37:19 +0100] "GET /ticket2/opencms/dk/buy?page=6&comcatid=97ECA65A-72DA-F9AF-9DBB-245D3CFED1BE HTTP/1.1" 200 85700
168.119.65.118 - - [01/Nov/2024:04:37:19 +0100] "GET /ticket2/opencms/system/modules/com.gridnine.opencms.ticketbrokerage.site/resources/css/ticketbrokerage.css HTTP/1.1" 200 39339
168.119.65.118 - - [01/Nov/2024:04:37:19 +0100] "GET /ticket2/opencms/system/modules/com.gridnine.opencms.ticketbrokerage.site/resources/css/jquery.fancybox.css HTTP/1.1" 200 4939
168.119.65.118 - - [01/Nov/2024:04:37:19 +0100] "GET /ticket2/opencms/system/modules/com.gridnine.opencms.ticketbrokerage.site/resources/css/jquery-ui.css HTTP/1.1" 200 33221
168.119.65.118 - - [01/Nov/2024:04:37:19 +0100] "GET /ticket2/opencms/system/modules/com.gridnine.opencms.ticketbrokerage.site/resources/css/standard.css HTTP/1.1" 200 73073
168.119.65.118 - - [01/Nov/2024:04:37:19 +0100] "GET /ticket2/opencms/system/modules/com.gridnine.opencms.ticketbrokerage.site/resources/css/calendar.css HTTP/1.1" 200 6871
168.119.65.118 - - [01/Nov/2024:04:37:19 +0100] "GET /ticket2/opencms/system/modules/com.gridnine.opencms.ticketbrokerage.site/resources/js/jquery/jquery-ui.js HTTP/1.1" 200 228088
168.119.65.118 - - [01/Nov/2024:04:37:19 +0100] "GET /ticket2/opencms/system/modules/com.gridnine.opencms.ticketbrokerage.site/resources/js/jquery.fancybox.pack.js HTTP/1.1" 200 23187
168.119.65.118 - - [01/Nov/2024:04:37:19 +0100] "GET /ticket2/opencms/system/modules/com.gridnine.opencms.ticketbrokerage.site/resources/js/calendar.js HTTP/1.1" 200 49229
168.119.65.118 - - [01/Nov/2024:04:37:19 +0100] "GET /ticket2/opencms/system/modules/com.gridnine.opencms.ticketbrokerage.site/resources/js/functions.js HTTP/1.1" 200 1583
168.119.65.118 - - [01/Nov/2024:04:37:19 +0100] "GET /ticket2/opencms/system/modules/com.gridnine.opencms.ticketbrokerage.site/resources/js/calendar-en.js HTTP/1.1" 200 3338
168.119.65.118 - - [01/Nov/2024:04:37:19 +0100] "GET /ticket2/opencms/system/modules/com.gridnine.opencms.ticketbrokerage.site/resources/js/calendar-setup.js HTTP/1.1" 200 4923
168.119.65.118 - - [01/Nov/2024:04:37:20 +0100] "GET /ticket2/opencms/system/modules/com.gridnine.opencms.ticketbrokerage.site/resources/js/stickyfill.min.js HTTP/1.1" 200 5672
168.119.65.118 - - [01/Nov/2024:04:37:20 +0100] "GET /ticket2/opencms/system/modules/com.gridnine.opencms.ticketbrokerage.site/resources/js/jquery/jquery.js HTTP/1.1" 200 93868
168.119.65.118 - - [01/Nov/2024:04:37:20 +0100] "GET /ticket2/opencms/system/modules/com.gridnine.opencms.ticketbrokerage.site/resources/js/standard.js HTTP/1.1" 200 3978
168.119.65.118 - - [01/Nov/2024:04:37:20 +0100] "GET /ticket2/opencms/system/modules/com.gridnine.opencms.ticketbrokerage.site/resources/js/jquery.placeholder.min.js HTTP/1.1" 200 1737
168.119.65.118 - - [01/Nov/2024:04:37:20 +0100] "GET /ticket2/opencms/system/modules/com.gridnine.opencms.ticketbrokerage.site/resources/js/common-ajax.js HTTP/1.1" 200 20175
168.119.65.118 - - [01/Nov/2024:04:37:20 +0100] "GET /ticket2/opencms/system/modules/com.gridnine.opencms.ticketbrokerage.site/resources/js/standard.js HTTP/1.1" 200 3978
47.128.124.200 - - [01/Nov/2024:04:37:21 +0100] "GET /ticket2/opencms/de/magazine/article?title=die-zukunft-der-technologie-im-fussball HTTP/1.1" 200 92764
217.182.175.120 - - [01/Nov/2024:04:37:21 +0100] "GET /ticket2/opencms/dk/no/buy/?page=1&edid=33A57F6C-77CD-3DDE-BD5F-98D88FA5F41C&sortorder=asc&column=price HTTP/1.1" 404 -
65.108.46.72 - - [01/Nov/2024:04:37:23 +0100] "GET /ticket2/opencms/dk/no/buy/?page=1&edid=78F7BA2E-FEFA-77F1-62CF-8EDCD3806611&sortorder=asc&column=price HTTP/1.1" 404 -
37.60.239.40 - - [01/Nov/2024:04:37:24 +0100] "GET /ticket2/opencms/dk/buy/?page=1&edid=F056863A-D002-E6B0-6F4E-40A4D92C0085&sortorder=desc&column=row HTTP/1.1" 200 100785
65.108.46.72 - - [01/Nov/2024:04:37:28 +0100] "GET /ticket2/opencms/dk/no/buy/?page=1&edid=78F7BA2E-FEFA-77F1-62CF-8EDCD3806611&sortorder=asc&column=row HTTP/1.1" 404 -
188.165.217.198 - - [01/Nov/2024:04:37:29 +0100] "GET /ticket2/opencms/se/sv/venue/?countryid=86F93FF6-B3C2-4693-7679-0BD214A3D804 HTTP/1.1" 404 -
194.242.57.234 - - [01/Nov/2024:04:37:30 +0100] "GET /ticket2/opencms/se/sv/buy/?page=1&edid=D4D26C4E-A84B-5BB2-4BAA-D4ED25416260&sortorder=desc&column=section HTTP/1.1" 404 -
37.60.239.40 - - [01/Nov/2024:04:37:31 +0100] "GET /ticket2/opencms/dk/buy/?page=1&edid=F071B03B-F4E9-C296-07EB-881227B05682 HTTP/1.1" 200 97379
65.108.46.72 - - [01/Nov/2024:04:37:32 +0100] "GET /ticket2/opencms/dk/no/buy/?page=1&edid=78F7BA2E-FEFA-77F1-62CF-8EDCD3806611&sortorder=asc&column=section HTTP/1.1" 404 -
217.182.175.120 - - [01/Nov/2024:04:37:35 +0100] "GET /ticket2/opencms/dk/no/buy/?page=1&edid=33A57F6C-77CD-3DDE-BD5F-98D88FA5F41C&sortorder=asc&column=row HTTP/1.1" 404 -
37.60.239.40 - - [01/Nov/2024:04:37:35 +0100] "GET /ticket2/opencms/dk/buy/?page=1&edid=F14CA03D-7B19-9875-743D-5167EB6FB9A9&sortorder=desc&column=section HTTP/1.1" 200 101645
65.108.46.72 - - [01/Nov/2024:04:37:37 +0100] "GET /ticket2/opencms/dk/no/buy/?page=1&edid=78F7BA2E-FEFA-77F1-62CF-8EDCD3806611&sortorder=desc&column=price HTTP/1.1" 404 -
37.60.239.40 - - [01/Nov/2024:04:37:40 +0100] "GET /ticket2/opencms/dk/buy/?page=1&edid=F1A94DF6-0410-4651-F3FB-0AB19BC09731&sortorder=desc&column=section HTTP/1.1" 200 101204
47.128.56.121 - - [01/Nov/2024:04:37:41 +0100] "GET /ticket2/opencms/de/magazine/article?title=la-liga-real-madrid-hat-die-meisten-titel-gewonnen HTTP/1.1" 200 91927
65.108.46.72 - - [01/Nov/2024:04:37:42 +0100] "GET /ticket2/opencms/dk/no/buy/?page=1&edid=78F7BA2E-FEFA-77F1-62CF-8EDCD3806611&sortorder=desc&column=row HTTP/1.1" 404 -
54.36.149.78 - - [01/Nov/2024:04:37:42 +0100] "GET /ticket2/opencms/mt/buy/?page=1&edid=5B1EBD64-AC5B-1705-53F4-E0FEF8B73423 HTTP/1.1" 200 102160
47.128.46.5 - - [01/Nov/2024:04:37:45 +0100] "GET /ticket2/opencms/sk/buy/?catid=D414C6A5-7A03-3389-42A8-D7B7FE32BB37&comcatid=97ECA65A-72DA-F9AF-9DBB-245D3CFED1BE HTTP/1.1" 200 88786
37.60.239.40 - - [01/Nov/2024:04:37:45 +0100] "GET /ticket2/opencms/dk/buy/?page=1&edid=F217EE7F-E2B0-ACDA-2542-88F4775D7E83 HTTP/1.1" 200 97372
194.242.57.234 - - [01/Nov/2024:04:37:46 +0100] "GET /ticket2/opencms/se/sv/buy/?page=1&edid=D5B27A93-401D-3579-4532-5384AC2B7BF3 HTTP/1.1" 404 -
65.108.46.72 - - [01/Nov/2024:04:37:46 +0100] "GET /ticket2/opencms/dk/no/buy/?page=1&edid=78F7BA2E-FEFA-77F1-62CF-8EDCD3806611&sortorder=desc&column=section HTTP/1.1" 404 -
188.165.217.198 - - [01/Nov/2024:04:37:47 +0100] "GET /ticket2/opencms/se/sv/venue/?countryid=87042EBC-41CD-88B3-A5A5-7C6AF4E19F07 HTTP/1.1" 404 -
217.182.175.120 - - [01/Nov/2024:04:37:48 +0100] "GET /ticket2/opencms/dk/no/buy/?page=1&edid=33A57F6C-77CD-3DDE-BD5F-98D88FA5F41C&sortorder=asc&column=section HTTP/1.1" 404 -
173.252.69.113 - - [01/Nov/2024:04:37:49 +0100] "GET /ticket2/opencms/az/buy?page=1&edid=6AEAF6C2-C57A-0447-5B0A-20959D8DCFDD HTTP/1.1" 200 102142
37.60.239.40 - - [01/Nov/2024:04:37:50 +0100] "GET /ticket2/opencms/dk/buy/?page=1&edid=F2C7182B-D237-C2BF-D71F-CBB98BBDC9C7&sortorder=desc&column=row HTTP/1.1" 200 101869
65.108.46.72 - - [01/Nov/2024:04:37:51 +0100] "GET /ticket2/opencms/dk/no/buy/?page=1&edid=799B6805-50EC-788D-0912-400E0F7BE1A9&sortorder=desc&column=price HTTP/1.1" 404 -
54.36.149.60 - - [01/Nov/2024:04:37:53 +0100] "GET /ticket2/opencms/mt/buy/?page=1&edid=AC8F7448-8C97-BB58-DCF6-B6425E43C512 HTTP/1.1" 200 98826
65.108.46.72 - - [01/Nov/2024:04:37:55 +0100] "GET /ticket2/opencms/dk/no/buy/?page=1&edid=799B6805-50EC-788D-0912-400E0F7BE1A9&sortorder=desc&column=row HTTP/1.1" 404 -
194.242.57.234 - - [01/Nov/2024:04:37:57 +0100] "GET /ticket2/opencms/se/sv/buy/?page=1&edid=D62B8DD8-B948-8560-6CAF-B9EDB9319F2D&sortorder=desc&column=row HTTP/1.1" 404 -
37.60.239.40 - - [01/Nov/2024:04:37:57 +0100] "GET /ticket2/opencms/dk/buy/?page=1&edid=F2F3AE5E-128D-9129-11A8-A2B68C402830&sortorder=desc&column=section HTTP/1.1" 200 101429
65.108.46.72 - - [01/Nov/2024:04:38:00 +0100] "GET /ticket2/opencms/dk/no/buy/?page=1&edid=799B6805-50EC-788D-0912-400E0F7BE1A9&sortorder=desc&column=section HTTP/1.1" 404 -
124.243.145.104 - - [01/Nov/2024:04:38:00 +0100] "GET /ticket2/opencms/pl/buy?page=1&edid=D32E6E8F-4267-4ED8-F70D-962BC1F391DE HTTP/1.1" 200 101005
217.182.175.120 - - [01/Nov/2024:04:38:03 +0100] "GET /ticket2/opencms/dk/no/buy/?page=1&edid=33A57F6C-77CD-3DDE-BD5F-98D88FA5F41C&sortorder=desc&column=price HTTP/1.1" 404 -
37.60.239.40 - - [01/Nov/2024:04:38:04 +0100] "GET /ticket2/opencms/dk/buy/?page=1&edid=F7942CCC-714E-B79E-F81C-F985D84AAD24&sortorder=desc&column=row HTTP/1.1" 200 100822
65.108.46.72 - - [01/Nov/2024:04:38:04 +0100] "GET /ticket2/opencms/dk/no/buy/?page=1&edid=7B14CF76-71A6-C2E3-60CB-8C556CB920FD&sortorder=asc&column=section HTTP/1.1" 404 -
54.36.148.119 - - [01/Nov/2024:04:38:06 +0100] "GET /ticket2/opencms/mt/buy/?page=1&edid=B753AC58-8832-296F-1C07-92C9F45E2BCE HTTP/1.1" 200 98826
85.208.96.193 - - [01/Nov/2024:04:38:07 +0100] "GET /ticket2/opencms/no/sport/fotballsbilletter/la_liga/atletico_madrid/ HTTP/1.1" 200 100527
37.60.239.40 - - [01/Nov/2024:04:38:08 +0100] "GET /ticket2/opencms/dk/buy/?page=1&edid=F90DC262-1A9F-4FB5-A462-84BFB9E077F0 HTTP/1.1" 200 100633
65.108.46.72 - - [01/Nov/2024:04:38:09 +0100] "GET /ticket2/opencms/dk/no/buy/?page=1&edid=7B14CF76-71A6-C2E3-60CB-8C556CB920FD&sortorder=desc&column=row HTTP/1.1" 404 -
188.165.217.198 - - [01/Nov/2024:04:38:09 +0100] "GET /ticket2/opencms/se/sv/venue/?countryid=87A0CCAA-3D1F-51AB-962B-6BBE856D2C40 HTTP/1.1" 404 -
47.128.47.143 - - [01/Nov/2024:04:38:09 +0100] "GET /ticket2/opencms/lt/buy/?catid=412DBCF4-025D-8ABC-7A40-D7C760E055FF&comcatid=0A6B8208-FDA4-E929-9D72-5312FD481B76 HTTP/1.1" 200 87492
65.108.46.72 - - [01/Nov/2024:04:38:13 +0100] "GET /ticket2/opencms/dk/no/buy/?page=1&edid=7B795253-FDA4-1C82-06CC-21D0CE336896&sortorder=asc&column=row HTTP/1.1" 404 -
217.182.175.120 - - [01/Nov/2024:04:38:16 +0100] "GET /ticket2/opencms/dk/no/buy/?page=1&edid=33AD275B-8F41-5274-32DC-BB78399B709A&sortorder=asc&column=price HTTP/1.1" 404 -
194.242.57.234 - - [01/Nov/2024:04:38:16 +0100] "GET /ticket2/opencms/se/sv/buy/?page=1&edid=D6C9D1FC-CFAA-0738-F5D6-79629F2703BD HTTP/1.1" 404 -
37.60.239.40 - - [01/Nov/2024:04:38:17 +0100] "GET /ticket2/opencms/dk/buy/?page=1&edid=F90DC262-1A9F-4FB5-A462-84BFB9E077F0&sortorder=asc&column=row HTTP/1.1" 200 101819
65.108.46.72 - - [01/Nov/2024:04:38:18 +0100] "GET /ticket2/opencms/dk/no/buy/?page=1&edid=7B795253-FDA4-1C82-06CC-21D0CE336896&sortorder=asc&column=section HTTP/1.1" 404 -
37.60.239.40 - - [01/Nov/2024:04:38:20 +0100] "GET /ticket2/opencms/dk/buy/?page=1&edid=F90DC262-1A9F-4FB5-A462-84BFB9E077F0&sortorder=asc&column=section HTTP/1.1" 200 102003
114.119.135.251 - - [01/Nov/2024:04:38:21 +0100] "GET /ticket2/opencms/en/venue/?venueid=66CAA8A1-0259-F3AA-7522-0F138635803F HTTP/1.1" 200 86575
185.191.171.5 - - [01/Nov/2024:04:38:22 +0100] "GET /ticket2/opencms/fi/urheilu/jalkapallo/serie_a/inter/ HTTP/1.1" 200 97331
65.108.46.72 - - [01/Nov/2024:04:38:22 +0100] "GET /ticket2/opencms/dk/no/buy/?page=1&edid=7EF10304-98E0-2B58-2938-76F08ACE3694&sortorder=asc&column=price HTTP/1.1" 404 -
54.36.148.132 - - [01/Nov/2024:04:38:23 +0100] "GET /ticket2/opencms/sl/buy?page=6&comcatid=A17713B6-D984-201A-4143-ED4DB5ED5C2E&catid=A3372871-3019-08B8-80CE-74B78F441ACA HTTP/1.1" 200 95835
168.119.68.184 - - [01/Nov/2024:04:38:24 +0100] "GET /ticket2/opencms/system/modules/com.gridnine.opencms.ticketbrokerage.site/resources/css/jquery.fancybox.css HTTP/1.1" 200 4939
168.119.68.184 - - [01/Nov/2024:04:38:24 +0100] "GET /ticket2/opencms/system/modules/com.gridnine.opencms.ticketbrokerage.site/resources/css/calendar.css HTTP/1.1" 200 6871
168.119.68.184 - - [01/Nov/2024:04:38:24 +0100] "GET /ticket2/opencms/system/modules/com.gridnine.opencms.ticketbrokerage.site/resources/css/jquery-ui.css HTTP/1.1" 200 33221
168.119.68.184 - - [01/Nov/2024:04:38:24 +0100] "GET /ticket2/opencms/system/modules/com.gridnine.opencms.ticketbrokerage.site/resources/css/standard.css HTTP/1.1" 200 73073
168.119.68.184 - - [01/Nov/2024:04:38:24 +0100] "GET /ticket2/opencms/system/modules/com.gridnine.opencms.ticketbrokerage.site/resources/css/ticketbrokerage.css HTTP/1.1" 200 39339
168.119.68.184 - - [01/Nov/2024:04:38:24 +0100] "GET /ticket2/opencms/system/modules/com.gridnine.opencms.ticketbrokerage.site/resources/js/calendar-setup.js HTTP/1.1" 200 4923
168.119.68.184 - - [01/Nov/2024:04:38:24 +0100] "GET /ticket2/opencms/system/modules/com.gridnine.opencms.ticketbrokerage.site/resources/js/jquery.fancybox.pack.js HTTP/1.1" 200 23187
168.119.68.184 - - [01/Nov/2024:04:38:24 +0100] "GET /ticket2/opencms/system/modules/com.gridnine.opencms.ticketbrokerage.site/resources/js/stickyfill.min.js HTTP/1.1" 200 5672
168.119.68.184 - - [01/Nov/2024:04:38:24 +0100] "GET /ticket2/opencms/system/modules/com.gridnine.opencms.ticketbrokerage.site/resources/js/jquery/jquery.js HTTP/1.1" 200 93868
168.119.68.184 - - [01/Nov/2024:04:38:24 +0100] "GET /ticket2/opencms/system/modules/com.gridnine.opencms.ticketbrokerage.site/resources/js/jquery/jquery-ui.js HTTP/1.1" 200 228088
168.119.68.184 - - [01/Nov/2024:04:38:24 +0100] "GET /ticket2/opencms/system/modules/com.gridnine.opencms.ticketbrokerage.site/resources/js/functions.js HTTP/1.1" 200 1583
168.119.68.184 - - [01/Nov/2024:04:38:24 +0100] "GET /ticket2/opencms/system/modules/com.gridnine.opencms.ticketbrokerage.site/resources/js/calendar.js HTTP/1.1" 200 49229
168.119.68.184 - - [01/Nov/2024:04:38:24 +0100] "GET /ticket2/opencms/system/modules/com.gridnine.opencms.ticketbrokerage.site/resources/js/calendar-en.js HTTP/1.1" 200 3338
168.119.68.184 - - [01/Nov/2024:04:38:24 +0100] "GET /ticket2/opencms/system/modules/com.gridnine.opencms.ticketbrokerage.site/resources/js/standard.js HTTP/1.1" 200 3978
168.119.68.184 - - [01/Nov/2024:04:38:24 +0100] "GET /ticket2/opencms/system/modules/com.gridnine.opencms.ticketbrokerage.site/resources/js/jquery.placeholder.min.js HTTP/1.1" 200 1737
168.119.68.184 - - [01/Nov/2024:04:38:24 +0100] "GET /ticket2/opencms/system/modules/com.gridnine.opencms.ticketbrokerage.site/resources/js/common-ajax.js HTTP/1.1" 200 20175
168.119.68.184 - - [01/Nov/2024:04:38:24 +0100] "GET /ticket2/opencms/system/modules/com.gridnine.opencms.ticketbrokerage.site/resources/js/standard.js HTTP/1.1" 200 3978
188.165.217.198 - - [01/Nov/2024:04:38:27 +0100] "GET /ticket2/opencms/se/sv/venue/?countryid=87FD5C2F-6CC8-7245-5B03-4D8F2D8C8375 HTTP/1.1" 404 -
65.108.46.72 - - [01/Nov/2024:04:38:27 +0100] "GET /ticket2/opencms/dk/no/buy/?page=1&edid=7EF10304-98E0-2B58-2938-76F08ACE3694&sortorder=asc&column=row HTTP/1.1" 404 -
37.60.239.40 - - [01/Nov/2024:04:38:28 +0100] "GET /ticket2/opencms/dk/buy/?page=1&edid=F90DC262-1A9F-4FB5-A462-84BFB9E077F0&sortorder=desc&column=section HTTP/1.1" 200 102048
217.182.175.120 - - [01/Nov/2024:04:38:29 +0100] "GET /ticket2/opencms/dk/no/buy/?page=1&edid=33AD275B-8F41-5274-32DC-BB78399B709A&sortorder=asc&column=section HTTP/1.1" 404 -
65.108.46.72 - - [01/Nov/2024:04:38:31 +0100] "GET /ticket2/opencms/dk/no/buy/?page=1&edid=7EF10304-98E0-2B58-2938-76F08ACE3694&sortorder=desc&column=section HTTP/1.1" 404 -
194.242.57.234 - - [01/Nov/2024:04:38:31 +0100] "GET /ticket2/opencms/se/sv/buy/?page=1&edid=D76F2C68-5D44-22C4-D7B7-F0AA23E117B7&sortorder=asc&column=price HTTP/1.1" 404 -
47.128.22.78 - - [01/Nov/2024:04:38:32 +0100] "GET /ticket2/opencms/et/buy/?catid=36394212-F82E-F845-399B-42BED55969CC&comcatid=A17713B6-D984-201A-4143-ED4DB5ED5C2E&npage=1 HTTP/1.1" 200 242255
47.128.119.29 - - [01/Nov/2024:04:38:33 +0100] "GET /ticket2/opencms/bg/buy/?catid=A05A53F7-423D-23BE-575E-EA7B67DE22D9&comcatid=0A6B8208-FDA4-E929-9D72-5312FD481B76 HTTP/1.1" 200 87948
65.108.46.72 - - [01/Nov/2024:04:38:36 +0100] "GET /ticket2/opencms/dk/no/buy/?page=1&edid=7F2CBB33-5DE0-D732-C63C-7C4192DA3A0E&sortorder=asc&column=price HTTP/1.1" 404 -
37.60.239.40 - - [01/Nov/2024:04:38:37 +0100] "GET /ticket2/opencms/dk/buy/?page=1&edid=F96E6CAA-6B2C-A272-DA82-260C5860E403&sortorder=asc&column=section HTTP/1.1" 200 101793
54.36.148.97 - - [01/Nov/2024:04:38:40 +0100] "GET /ticket2/opencms/sk/buy/?page=1&edid=579B49FD-6D7C-4BF3-CF9E-91183D7BCE4C HTTP/1.1" 200 98621
65.108.46.72 - - [01/Nov/2024:04:38:41 +0100] "GET /ticket2/opencms/dk/no/buy/?page=1&edid=7FF1B39E-633B-78E9-D7CF-938FA162614A&sortorder=asc&column=row HTTP/1.1" 404 -
188.165.217.198 - - [01/Nov/2024:04:38:42 +0100] "GET /ticket2/opencms/se/sv/venue/?countryid=8858D171-8914-8DFD-A2E4-50FE56A44627 HTTP/1.1" 404 -
217.182.175.120 - - [01/Nov/2024:04:38:43 +0100] "GET /ticket2/opencms/dk/no/buy/?page=1&edid=33DFE045-D5B7-2100-8386-0E155E26F731&sortorder=asc&column=price HTTP/1.1" 404 -
37.60.239.40 - - [01/Nov/2024:04:38:44 +0100] "GET /ticket2/opencms/dk/buy/?page=1&edid=F96E6CAA-6B2C-A272-DA82-260C5860E403&sortorder=desc&column=row HTTP/1.1" 200 101654
194.242.57.234 - - [01/Nov/2024:04:38:44 +0100] "GET /ticket2/opencms/se/sv/buy/?page=1&edid=D76F2C68-5D44-22C4-D7B7-F0AA23E117B7&sortorder=asc&column=row HTTP/1.1" 404 -
65.108.46.72 - - [01/Nov/2024:04:38:45 +0100] "GET /ticket2/opencms/dk/no/buy/?page=1&edid=81817D53-8529-171B-1834-A4DFAF1D5D05&sortorder=asc&column=row HTTP/1.1" 404 -
54.36.148.58 - - [01/Nov/2024:04:38:47 +0100] "GET /ticket2/opencms/sl/buy/?page=1&edid=3F963FD5-1ED2-6ECC-F4D2-23E1A97126FB HTTP/1.1" 200 101587
37.60.239.40 - - [01/Nov/2024:04:38:49 +0100] "GET /ticket2/opencms/dk/buy/?page=1&edid=FCA72846-635B-B656-1D41-380F35E6AF6B HTTP/1.1" 200 101141
65.108.46.72 - - [01/Nov/2024:04:38:50 +0100] "GET /ticket2/opencms/dk/no/buy/?page=1&edid=81817D53-8529-171B-1834-A4DFAF1D5D05&sortorder=desc&column=price HTTP/1.1" 404 -
47.128.42.13 - - [01/Nov/2024:04:38:52 +0100] "GET /ticket2/opencms/en/buy/?edid=1BDA6D08-38AF-6470-7423-555F9C3DEC73 HTTP/1.1" 200 79757
65.108.46.72 - - [01/Nov/2024:04:38:55 +0100] "GET /ticket2/opencms/dk/no/buy/?page=1&edid=81817D53-8529-171B-1834-A4DFAF1D5D05&sortorder=desc&column=section HTTP/1.1" 404 -
37.60.239.40 - - [01/Nov/2024:04:38:56 +0100] "GET /ticket2/opencms/dk/buy/?page=1&edid=FCC13397-F220-4749-C035-3BECCCDD9F5D&sortorder=desc&column=price HTTP/1.1" 200 102199
217.182.175.120 - - [01/Nov/2024:04:38:57 +0100] "GET /ticket2/opencms/dk/no/buy/?page=1&edid=33DFE045-D5B7-2100-8386-0E155E26F731&sortorder=asc&column=section HTTP/1.1" 404 -
47.128.32.180 - - [01/Nov/2024:04:38:58 +0100] "GET /ticket2/opencms/cs/buy/?catid=2CCC191C-F37F-B9CA-D41C-1204E575B328&comcatid=97ECA65A-72DA-F9AF-9DBB-245D3CFED1BE HTTP/1.1" 200 88767
54.36.148.96 - - [01/Nov/2024:04:38:59 +0100] "GET /ticket2/opencms/sl/buy/?page=1&edid=5B1EBD64-AC5B-1705-53F4-E0FEF8B73423 HTTP/1.1" 200 101826
65.108.46.72 - - [01/Nov/2024:04:38:59 +0100] "GET /ticket2/opencms/dk/no/buy/?page=1&edid=821554DD-EC9D-9EFA-6B0E-4F35AE0315B0&sortorder=asc&column=price HTTP/1.1" 404 -
185.191.171.12 - - [01/Nov/2024:04:39:01 +0100] "GET /ticket2/opencms/be/sport/futbol-kvitki/bundesliga/rb_leipzig/ HTTP/1.1" 200 100725
188.165.217.198 - - [01/Nov/2024:04:39:01 +0100] "GET /ticket2/opencms/se/sv/venue/?countryid=893226B0-D69E-4766-831E-1D42E613AB75 HTTP/1.1" 404 -
185.191.171.7 - - [01/Nov/2024:04:39:02 +0100] "GET /ticket2/opencms/az/faq/ HTTP/1.1" 200 89024
65.108.46.72 - - [01/Nov/2024:04:39:04 +0100] "GET /ticket2/opencms/dk/no/buy/?page=1&edid=85266D8D-1EC2-A49C-0CF0-9DD81BE5F4FA&sortorder=asc&column=section HTTP/1.1" 404 -
37.60.239.40 - - [01/Nov/2024:04:39:04 +0100] "GET /ticket2/opencms/dk/buy/?page=1&edid=FCC13397-F220-4749-C035-3BECCCDD9F5D&sortorder=desc&column=section HTTP/1.1" 200 102291
65.108.46.72 - - [01/Nov/2024:04:39:08 +0100] "GET /ticket2/opencms/dk/no/buy/?page=1&edid=85266D8D-1EC2-A49C-0CF0-9DD81BE5F4FA&sortorder=desc&column=row HTTP/1.1" 404 -
54.36.149.68 - - [01/Nov/2024:04:39:09 +0100] "GET /ticket2/opencms/sl/buy/?page=1&edid=B753AC58-8832-296F-1C07-92C9F45E2BCE HTTP/1.1" 200 98502
194.242.57.234 - - [01/Nov/2024:04:39:09 +0100] "GET /ticket2/opencms/se/sv/buy/?page=1&edid=D76F2C68-5D44-22C4-D7B7-F0AA23E117B7&sortorder=asc&column=section HTTP/1.1" 404 -
65.108.46.72 - - [01/Nov/2024:04:39:12 +0100] "GET /ticket2/opencms/dk/no/buy/?page=1&edid=85266D8D-1EC2-A49C-0CF0-9DD81BE5F4FA&sortorder=desc&column=section HTTP/1.1" 404 -
37.60.239.40 - - [01/Nov/2024:04:39:15 +0100] "GET /ticket2/opencms/dk/buy/?page=1&edid=FF0FFBB7-01D1-CC6B-4FB6-722B87EE8E38&sortorder=desc&column=price HTTP/1.1" 200 101090
65.108.46.72 - - [01/Nov/2024:04:39:17 +0100] "GET /ticket2/opencms/dk/no/buy/?page=1&edid=869B1F17-4BE4-AC5C-FE3A-AEBC86488B85&sortorder=asc&column=price HTTP/1.1" 404 -
54.36.149.44 - - [01/Nov/2024:04:39:19 +0100] "GET /ticket2/opencms/en/buy?comcatid=97ECA65A-72DA-F9AF-9DBB-245D3CFED1BE&catid=8732E72C-A028-EA8C-4D4D-DEB44E2A28A8 HTTP/1.1" 200 87012
124.243.177.51 - - [01/Nov/2024:04:39:20 +0100] "GET /ticket2/opencms/sk/buy?page=1&edid=E3166D36-0533-1C67-661A-CD0D8BD7BA8C HTTP/1.1" 200 125428
65.108.46.72 - - [01/Nov/2024:04:39:21 +0100] "GET /ticket2/opencms/dk/no/buy/?page=1&edid=869B1F17-4BE4-AC5C-FE3A-AEBC86488B85&sortorder=asc&column=row HTTP/1.1" 404 -
47.128.50.113 - - [01/Nov/2024:04:39:22 +0100] "GET /ticket2/opencms/mt/buy/?catid=078F99D4-0B9E-E323-5A07-D7B70F6E8874&comcatid=97ECA65A-72DA-F9AF-9DBB-245D3CFED1BE HTTP/1.1" 200 88787
37.60.239.40 - - [01/Nov/2024:04:39:22 +0100] "GET /ticket2/opencms/dk/buy/?page=1&edid=FF0FFBB7-01D1-CC6B-4FB6-722B87EE8E38&sortorder=desc&column=row HTTP/1.1" 200 100998
47.128.36.182 - - [01/Nov/2024:04:39:24 +0100] "GET /ticket2/opencms/sr/buy/?edid=D82A55E9-700E-0A50-F575-755C8E3E7147 HTTP/1.1" 200 81862
47.128.99.99 - - [01/Nov/2024:04:39:24 +0100] "GET /ticket2/opencms/nl/buy/?catid=06324577-7173-BAB0-146D-E644C912F7C1&comcatid=A17713B6-D984-201A-4143-ED4DB5ED5C2E&eventid=35A0C9BF-EC06-DE5F-22DE-E131A0832C91&page=6 HTTP/1.1" 200 109793
37.60.239.40 - - [01/Nov/2024:04:39:26 +0100] "GET /ticket2/opencms/dk/buy/?page=1&edid=FF0FFBB7-01D1-CC6B-4FB6-722B87EE8E38&sortorder=desc&column=section HTTP/1.1" 200 101182
194.242.57.234 - - [01/Nov/2024:04:39:26 +0100] "GET /ticket2/opencms/se/sv/buy/?page=1&edid=D890945E-C751-4AD9-75F6-08D09FFB756E&sortorder=asc&column=section HTTP/1.1" 404 -
65.108.46.72 - - [01/Nov/2024:04:39:26 +0100] "GET /ticket2/opencms/dk/no/buy/?page=1&edid=869B1F17-4BE4-AC5C-FE3A-AEBC86488B85&sortorder=asc&column=section HTTP/1.1" 404 -
188.165.217.198 - - [01/Nov/2024:04:39:26 +0100] "GET /ticket2/opencms/se/ticket2/sites/ticketbrokerage/nl/buy/?page=6&comcatid=A17713B6-D984-201A-4143-ED4DB5ED5C2E&catid=E961462E-5AC2-64D6-5850-A310C9DEAA06 HTTP/1.1" 404 -
65.108.46.72 - - [01/Nov/2024:04:39:31 +0100] "GET /ticket2/opencms/dk/no/buy/?page=1&edid=870139C6-530A-636D-1EEE-D550E3B89162&sortorder=desc&column=row HTTP/1.1" 404 -
37.60.239.40 - - [01/Nov/2024:04:39:32 +0100] "GET /ticket2/opencms/dk/buy/?page=1&edid=FF3DA28B-4575-B41C-4A40-DA5E05530770 HTTP/1.1" 200 99773
54.36.148.189 - - [01/Nov/2024:04:39:33 +0100] "GET /ticket2/opencms/en/buy?comcatid=97ECA65A-72DA-F9AF-9DBB-245D3CFED1BE&catid=2E79AED8-FF58-B4E8-AFB0-43E7CEBE7864 HTTP/1.1" 200 87010
168.119.68.177 - - [01/Nov/2024:04:39:33 +0100] "GET /ticket2/opencms/system/modules/com.gridnine.opencms.ticketbrokerage.site/resources/css/jquery.fancybox.css HTTP/1.1" 200 4939
168.119.68.177 - - [01/Nov/2024:04:39:33 +0100] "GET /ticket2/opencms/system/modules/com.gridnine.opencms.ticketbrokerage.site/resources/css/jquery-ui.css HTTP/1.1" 200 33221
168.119.68.177 - - [01/Nov/2024:04:39:33 +0100] "GET /ticket2/opencms/system/modules/com.gridnine.opencms.ticketbrokerage.site/resources/css/ticketbrokerage.css HTTP/1.1" 200 39339
168.119.68.177 - - [01/Nov/2024:04:39:33 +0100] "GET /ticket2/opencms/system/modules/com.gridnine.opencms.ticketbrokerage.site/resources/js/calendar.js HTTP/1.1" 200 49229
168.119.68.177 - - [01/Nov/2024:04:39:33 +0100] "GET /ticket2/opencms/system/modules/com.gridnine.opencms.ticketbrokerage.site/resources/css/calendar.css HTTP/1.1" 200 6871
168.119.68.177 - - [01/Nov/2024:04:39:33 +0100] "GET /ticket2/opencms/system/modules/com.gridnine.opencms.ticketbrokerage.site/resources/css/standard.css HTTP/1.1" 200 73073
168.119.68.177 - - [01/Nov/2024:04:39:33 +0100] "GET /ticket2/opencms/system/modules/com.gridnine.opencms.ticketbrokerage.site/resources/js/calendar-en.js HTTP/1.1" 200 3338
168.119.68.177 - - [01/Nov/2024:04:39:33 +0100] "GET /ticket2/opencms/system/modules/com.gridnine.opencms.ticketbrokerage.site/resources/js/jquery.fancybox.pack.js HTTP/1.1" 200 23187
168.119.68.177 - - [01/Nov/2024:04:39:33 +0100] "GET /ticket2/opencms/system/modules/com.gridnine.opencms.ticketbrokerage.site/resources/js/functions.js HTTP/1.1" 200 1583
168.119.68.177 - - [01/Nov/2024:04:39:33 +0100] "GET /ticket2/opencms/system/modules/com.gridnine.opencms.ticketbrokerage.site/resources/js/jquery/jquery-ui.js HTTP/1.1" 200 228088
168.119.68.177 - - [01/Nov/2024:04:39:33 +0100] "GET /ticket2/opencms/system/modules/com.gridnine.opencms.ticketbrokerage.site/resources/js/calendar-setup.js HTTP/1.1" 200 4923
168.119.68.177 - - [01/Nov/2024:04:39:33 +0100] "GET /ticket2/opencms/system/modules/com.gridnine.opencms.ticketbrokerage.site/resources/js/stickyfill.min.js HTTP/1.1" 200 5672
168.119.68.177 - - [01/Nov/2024:04:39:33 +0100] "GET /ticket2/opencms/system/modules/com.gridnine.opencms.ticketbrokerage.site/resources/js/jquery/jquery.js HTTP/1.1" 200 93868
168.119.68.177 - - [01/Nov/2024:04:39:33 +0100] "GET /ticket2/opencms/system/modules/com.gridnine.opencms.ticketbrokerage.site/resources/js/standard.js HTTP/1.1" 200 3978
168.119.68.177 - - [01/Nov/2024:04:39:33 +0100] "GET /ticket2/opencms/system/modules/com.gridnine.opencms.ticketbrokerage.site/resources/js/jquery.placeholder.min.js HTTP/1.1" 200 1737
168.119.68.177 - - [01/Nov/2024:04:39:33 +0100] "GET /ticket2/opencms/system/modules/com.gridnine.opencms.ticketbrokerage.site/resources/js/common-ajax.js HTTP/1.1" 200 20175
168.119.68.177 - - [01/Nov/2024:04:39:34 +0100] "GET /ticket2/opencms/system/modules/com.gridnine.opencms.ticketbrokerage.site/resources/js/standard.js HTTP/1.1" 200 3978
65.108.46.72 - - [01/Nov/2024:04:39:35 +0100] "GET /ticket2/opencms/dk/no/buy/?page=1&edid=870139C6-530A-636D-1EEE-D550E3B89162&sortorder=desc&column=section HTTP/1.1" 404 -
37.60.239.40 - - [01/Nov/2024:04:39:36 +0100] "GET /ticket2/opencms/dk/buy/?page=1&edid=FF3DA28B-4575-B41C-4A40-DA5E05530770&sortorder=desc&column=section HTTP/1.1" 200 101188
114.119.146.220 - - [01/Nov/2024:04:39:37 +0100] "GET /ticket2/opencms/en/venue/?countryid=65FCED9C-5C2E-43C2-63C9-AA64AA056E6E HTTP/1.1" 200 115976
65.108.46.72 - - [01/Nov/2024:04:39:40 +0100] "GET /ticket2/opencms/dk/no/buy/?page=1&edid=8718C061-8700-65DF-0CB5-43BAC769300D HTTP/1.1" 404 -
37.60.239.40 - - [01/Nov/2024:04:39:43 +0100] "GET /ticket2/opencms/dk/buy/?page=1&edid=FFA889B6-9240-4F46-70D3-4493AA2A2E30 HTTP/1.1" 200 97376
65.108.46.72 - - [01/Nov/2024:04:39:44 +0100] "GET /ticket2/opencms/dk/no/buy/?page=1&edid=8777FDBE-F882-CD90-91A2-64E3F1706E23&sortorder=asc&column=row HTTP/1.1" 404 -
54.36.148.233 - - [01/Nov/2024:04:39:45 +0100] "GET /ticket2/opencms/sk/buy?page=1&edid=2684212B-FA50-DC4B-3CFA-1303E9638140 HTTP/1.1" 200 120696
37.60.239.40 - - [01/Nov/2024:04:39:45 +0100] "GET /ticket2/opencms/dk/buy/?page=1&edid=FFB17C01-ED75-27AF-8C5A-B4FCC8F6A8DC HTTP/1.1" 200 100017
47.128.29.245 - - [01/Nov/2024:04:39:46 +0100] "GET /ticket2/opencms/hr/buy/?catid=2CCC191C-F37F-B9CA-D41C-1204E575B328&comcatid=97ECA65A-72DA-F9AF-9DBB-245D3CFED1BE HTTP/1.1" 200 88709
194.242.57.234 - - [01/Nov/2024:04:39:46 +0100] "GET /ticket2/opencms/se/sv/buy/?page=1&edid=D89B3D3A-DD39-9270-8BDC-6E1BD9EC429A&sortorder=asc&column=row HTTP/1.1" 404 -
54.36.148.115 - - [01/Nov/2024:04:39:47 +0100] "GET /ticket2/opencms/ka/buy?page=6&comcatid=A17713B6-D984-201A-4143-ED4DB5ED5C2E&catid=3A7AEA37-903D-9533-4B33-21B0001FF1D1 HTTP/1.1" 200 95949
65.108.46.72 - - [01/Nov/2024:04:39:49 +0100] "GET /ticket2/opencms/dk/no/buy/?page=1&edid=9C3675DF-04AE-3EF8-3EBC-3B6793871130&sortorder=asc&column=row HTTP/1.1" 404 -
37.60.239.40 - - [01/Nov/2024:04:39:52 +0100] "GET /ticket2/opencms/dk/buy/?page=1&edid=FFD295A3-4EEF-0AC4-F4B4-46E2317B286E HTTP/1.1" 200 100692
65.108.46.72 - - [01/Nov/2024:04:39:53 +0100] "GET /ticket2/opencms/dk/no/buy/?page=1&edid=9C3675DF-04AE-3EF8-3EBC-3B6793871130&sortorder=asc&column=section HTTP/1.1" 404 -
54.36.148.199 - - [01/Nov/2024:04:39:57 +0100] "GET /ticket2/opencms/sr/buy/?page=1&edid=397521D5-C7AB-930B-258F-17E9104F07FF HTTP/1.1" 200 102545
65.108.46.72 - - [01/Nov/2024:04:39:57 +0100] "GET /ticket2/opencms/dk/no/buy/?page=1&edid=9C6ADA50-0505-3824-87CA-8991C148B798&sortorder=desc&column=row HTTP/1.1" 404 -
37.60.239.40 - - [01/Nov/2024:04:40:00 +0100] "GET /ticket2/opencms/dk/buy/?page=6&comcatid=97ECA65A-72DA-F9AF-9DBB-245D3CFED1BE&catid=55D1256D-BDD9-CBA3-47A3-0A252F702555&eventid=BFBAAC7A-4D6A-39A8-3D77-F68E8D2E4691 HTTP/1.1" 200 89798
194.242.57.234 - - [01/Nov/2024:04:40:01 +0100] "GET /ticket2/opencms/se/sv/buy/?page=1&edid=D8C045E7-DE27-5265-3CED-6B7D0A1ACD90&sortorder=asc&column=price HTTP/1.1" 404 -
65.108.46.72 - - [01/Nov/2024:04:40:02 +0100] "GET /ticket2/opencms/dk/no/buy/?page=1&edid=9D73DFE6-AA14-FA98-DAC6-2864C36F7BCE&sortorder=asc&column=price HTTP/1.1" 404 -
54.36.148.101 - - [01/Nov/2024:04:40:05 +0100] "GET /ticket2/opencms/sr/buy/?page=1&edid=3F963FD5-1ED2-6ECC-F4D2-23E1A97126FB HTTP/1.1" 200 102307
37.60.239.40 - - [01/Nov/2024:04:40:05 +0100] "GET /ticket2/opencms/dk/buy/?page=6&comcatid=97ECA65A-72DA-F9AF-9DBB-245D3CFED1BE&catid=81B744E7-1FEE-E757-C0AB-C7AF73CDE252&eventid=270C77D6-016E-BD0F-BEE5-FE1D5188A595 HTTP/1.1" 200 89791
65.108.46.72 - - [01/Nov/2024:04:40:06 +0100] "GET /ticket2/opencms/dk/no/buy/?page=1&edid=9D73DFE6-AA14-FA98-DAC6-2864C36F7BCE&sortorder=asc&column=row HTTP/1.1" 404 -
37.60.239.40 - - [01/Nov/2024:04:40:09 +0100] "GET /ticket2/opencms/dk/buy/?page=6&comcatid=97ECA65A-72DA-F9AF-9DBB-245D3CFED1BE&catid=81B744E7-1FEE-E757-C0AB-C7AF73CDE252&eventid=41CB8B2A-194F-B305-A81B-4AF5953F37AE HTTP/1.1" 200 89791
47.128.17.57 - - [01/Nov/2024:04:40:10 +0100] "GET /ticket2/opencms/az/buy/?catid=412DBCF4-025D-8ABC-7A40-D7C760E055FF&comcatid=0A6B8208-FDA4-E929-9D72-5312FD481B76 HTTP/1.1" 200 87534
65.108.46.72 - - [01/Nov/2024:04:40:11 +0100] "GET /ticket2/opencms/dk/no/buy/?page=1&edid=9F33CAAA-92E0-2F06-D959-239BB7C5F362&sortorder=asc&column=row HTTP/1.1" 404 -
216.244.66.245 - - [01/Nov/2024:04:40:14 +0100] "GET /ticket2/opencms/se/robots.txt HTTP/1.1" 404 -
54.36.149.62 - - [01/Nov/2024:04:40:14 +0100] "GET /ticket2/opencms/sr/buy/?page=1&edid=579B49FD-6D7C-4BF3-CF9E-91183D7BCE4C HTTP/1.1" 200 99098
37.60.239.40 - - [01/Nov/2024:04:40:14 +0100] "GET /ticket2/opencms/dk/buy?page=1&edid=79CF0239-6B2D-36C9-1BE6-8BF754D7483F HTTP/1.1" 200 100001
47.128.124.196 - - [01/Nov/2024:04:40:15 +0100] "GET /ticket2/opencms/sr/buy/?catid=8E4972FC-6E2C-77A4-BB9D-D67BD270A641&comcatid=0A6B8208-FDA4-E929-9D72-5312FD481B76 HTTP/1.1" 200 87888
65.108.46.72 - - [01/Nov/2024:04:40:16 +0100] "GET /ticket2/opencms/dk/no/buy/?page=1&edid=9F33CAAA-92E0-2F06-D959-239BB7C5F362&sortorder=asc&column=section HTTP/1.1" 404 -
194.242.57.234 - - [01/Nov/2024:04:40:18 +0100] "GET /ticket2/opencms/se/sv/buy/?page=1&edid=D8C045E7-DE27-5265-3CED-6B7D0A1ACD90&sortorder=asc&column=row HTTP/1.1" 404 -
37.60.239.40 - - [01/Nov/2024:04:40:19 +0100] "GET /ticket2/opencms/dk/buy?page=1&edid=B7E11C2C-3C6C-DE18-D55E-09DE5B0BD063 HTTP/1.1" 200 97370
65.108.46.72 - - [01/Nov/2024:04:40:20 +0100] "GET /ticket2/opencms/dk/no/buy/?page=1&edid=9F75CAFF-859B-AF24-5E2C-871DFD0095F5 HTTP/1.1" 404 -
65.108.46.72 - - [01/Nov/2024:04:40:25 +0100] "GET /ticket2/opencms/dk/no/buy/?page=1&edid=A03EAA2C-2EFF-45A8-B381-DF86A299AA05&sortorder=desc&column=section HTTP/1.1" 404 -
37.60.239.40 - - [01/Nov/2024:04:40:26 +0100] "GET /ticket2/opencms/dk/buy?page=1&edid=BA0C4AB6-9AED-31E3-0634-B7D13957256A HTTP/1.1" 200 100414
47.128.53.229 - - [01/Nov/2024:04:40:28 +0100] "GET /ticket2/opencms/en/buy/?edid=3F963FD5-1ED2-6ECC-F4D2-23E1A97126FB HTTP/1.1" 200 79757
65.108.46.72 - - [01/Nov/2024:04:40:29 +0100] "GET /ticket2/opencms/dk/no/buy/?page=1&edid=A14306CB-74D0-0A5A-1BAB-0EBF2C3505C9&sortorder=asc&column=price HTTP/1.1" 404 -
54.36.148.205 - - [01/Nov/2024:04:40:31 +0100] "GET /ticket2/opencms/lv/magazine HTTP/1.1" 200 145738
37.60.239.40 - - [01/Nov/2024:04:40:31 +0100] "GET /ticket2/opencms/dk/buy?page=1&edid=BB3F8D1C-F850-FE7D-2AC5-9536E18D91DF HTTP/1.1" 200 97392
195.154.122.204 - - [01/Nov/2024:04:40:31 +0100] "GET /ticket2/opencms/system/modules/com.gridnine.opencms.ticketbrokerage.site/resources/css/jquery.fancybox.css HTTP/1.1" 200 4939
195.154.122.204 - - [01/Nov/2024:04:40:31 +0100] "GET /ticket2/opencms/system/modules/com.gridnine.opencms.ticketbrokerage.site/resources/css/ticketbrokerage.css HTTP/1.1" 200 39339
195.154.122.204 - - [01/Nov/2024:04:40:31 +0100] "GET /ticket2/opencms/system/modules/com.gridnine.opencms.ticketbrokerage.site/resources/css/calendar.css HTTP/1.1" 200 6871
195.154.122.204 - - [01/Nov/2024:04:40:31 +0100] "GET /ticket2/opencms/system/modules/com.gridnine.opencms.ticketbrokerage.site/resources/css/standard.css HTTP/1.1" 200 73073
195.154.122.204 - - [01/Nov/2024:04:40:31 +0100] "GET /ticket2/opencms/system/modules/com.gridnine.opencms.ticketbrokerage.site/resources/js/calendar.js HTTP/1.1" 200 49229
195.154.122.204 - - [01/Nov/2024:04:40:31 +0100] "GET /ticket2/opencms/system/modules/com.gridnine.opencms.ticketbrokerage.site/resources/css/jquery-ui.css HTTP/1.1" 200 33221
195.154.122.204 - - [01/Nov/2024:04:40:31 +0100] "GET /ticket2/opencms/system/modules/com.gridnine.opencms.ticketbrokerage.site/resources/js/calendar-en.js HTTP/1.1" 200 3338
195.154.122.204 - - [01/Nov/2024:04:40:31 +0100] "GET /ticket2/opencms/system/modules/com.gridnine.opencms.ticketbrokerage.site/resources/js/jquery/jquery.js HTTP/1.1" 200 93868
195.154.122.204 - - [01/Nov/2024:04:40:31 +0100] "GET /ticket2/opencms/system/modules/com.gridnine.opencms.ticketbrokerage.site/resources/js/functions.js HTTP/1.1" 200 1583
195.154.122.204 - - [01/Nov/2024:04:40:31 +0100] "GET /ticket2/opencms/system/modules/com.gridnine.opencms.ticketbrokerage.site/resources/js/calendar-setup.js HTTP/1.1" 200 4923
195.154.122.204 - - [01/Nov/2024:04:40:31 +0100] "GET /ticket2/opencms/system/modules/com.gridnine.opencms.ticketbrokerage.site/resources/js/jquery/jquery-ui.js HTTP/1.1" 200 228088
195.154.122.204 - - [01/Nov/2024:04:40:31 +0100] "GET /ticket2/opencms/system/modules/com.gridnine.opencms.ticketbrokerage.site/resources/js/jquery.fancybox.pack.js HTTP/1.1" 200 23187
195.154.122.204 - - [01/Nov/2024:04:40:31 +0100] "GET /ticket2/opencms/system/modules/com.gridnine.opencms.ticketbrokerage.site/resources/js/stickyfill.min.js HTTP/1.1" 200 5672
195.154.122.204 - - [01/Nov/2024:04:40:31 +0100] "GET /ticket2/opencms/system/modules/com.gridnine.opencms.ticketbrokerage.site/resources/js/standard.js HTTP/1.1" 200 3978
195.154.122.204 - - [01/Nov/2024:04:40:32 +0100] "GET /ticket2/opencms/system/modules/com.gridnine.opencms.ticketbrokerage.site/resources/js/jquery.placeholder.min.js HTTP/1.1" 200 1737
195.154.122.204 - - [01/Nov/2024:04:40:32 +0100] "GET /ticket2/opencms/system/modules/com.gridnine.opencms.ticketbrokerage.site/resources/js/common-ajax.js HTTP/1.1" 200 20175
195.154.122.204 - - [01/Nov/2024:04:40:32 +0100] "GET /ticket2/opencms/system/modules/com.gridnine.opencms.ticketbrokerage.site/resources/js/standard.js HTTP/1.1" 200 3978
114.119.141.206 - - [01/Nov/2024:04:40:33 +0100] "GET /ticket2/opencms/en/sell/?edid=F8833760-0DC8-DF8A-F6E9-B98891A0A72D HTTP/1.1" 302 -
65.108.46.72 - - [01/Nov/2024:04:40:34 +0100] "GET /ticket2/opencms/dk/no/buy/?page=1&edid=A2DDA4E4-44CC-604A-D0E5-6CFEACA7D15C&sortorder=asc&column=section HTTP/1.1" 404 -
47.128.122.204 - - [01/Nov/2024:04:40:35 +0100] "GET /ticket2/opencms/pl/buy/?catid=2E79AED8-FF58-B4E8-AFB0-43E7CEBE7864&comcatid=97ECA65A-72DA-F9AF-9DBB-245D3CFED1BE HTTP/1.1" 200 88748
114.119.141.206 - - [01/Nov/2024:04:40:37 +0100] "GET /ticket2/opencms/en/login/?url=/en/sell/ HTTP/1.1" 200 88677
194.242.57.234 - - [01/Nov/2024:04:40:38 +0100] "GET /ticket2/opencms/se/sv/buy/?page=1&edid=D8C045E7-DE27-5265-3CED-6B7D0A1ACD90&sortorder=asc&column=section HTTP/1.1" 404 -
119.8.180.92 - - [01/Nov/2024:04:40:39 +0100] "GET /ticket2/opencms/it/sport/biglietti-calcio/serie-a/fiorentina/ HTTP/1.1" 200 105041
65.108.46.72 - - [01/Nov/2024:04:40:39 +0100] "GET /ticket2/opencms/dk/no/buy/?page=1&edid=A5392617-A8A6-5394-B72C-AA82A5C556B3&sortorder=asc&column=section HTTP/1.1" 404 -
37.60.239.40 - - [01/Nov/2024:04:40:40 +0100] "GET /ticket2/opencms/dk/buy?page=1&edid=BC87A59C-CB14-AF59-6452-4201B2FD2159 HTTP/1.1" 200 97365
217.182.175.125 - - [01/Nov/2024:04:40:40 +0100] "GET /ticket2/opencms/en/buy/?page=1&edid=4C0E2D60-F642-3EA7-4AF8-4A6B372A6F1A&sortorder=asc&column=row HTTP/1.1" 200 100947
217.182.175.125 - - [01/Nov/2024:04:40:43 +0100] "GET /ticket2/opencms/en/buy/?page=1&edid=4C0E2D60-F642-3EA7-4AF8-4A6B372A6F1A&sortorder=asc&column=section HTTP/1.1" 200 101131
65.108.46.72 - - [01/Nov/2024:04:40:43 +0100] "GET /ticket2/opencms/dk/no/buy/?page=1&edid=A61CFB60-1B55-3B37-BC03-FAF11046FF07&sortorder=asc&column=price HTTP/1.1" 404 -
217.182.175.125 - - [01/Nov/2024:04:40:45 +0100] "GET /ticket2/opencms/en/buy/?page=1&edid=4C79C702-F201-24E3-E256-9C6145D94338&sortorder=asc&column=price HTTP/1.1" 200 100426
37.60.239.40 - - [01/Nov/2024:04:40:46 +0100] "GET /ticket2/opencms/dk/buy?page=1&edid=BD3D4222-DD36-C1A0-EF58-456D0FFDAB97 HTTP/1.1" 200 100613
54.36.149.54 - - [01/Nov/2024:04:40:47 +0100] "GET /ticket2/opencms/sr/buy/?page=1&edid=5B1EBD64-AC5B-1705-53F4-E0FEF8B73423 HTTP/1.1" 200 102552
65.108.46.72 - - [01/Nov/2024:04:40:48 +0100] "GET /ticket2/opencms/dk/no/buy/?page=1&edid=AB846FE3-D252-0F8D-9888-1616F9907D4C&sortorder=asc&column=section HTTP/1.1" 404 -
37.60.239.40 - - [01/Nov/2024:04:40:49 +0100] "GET /ticket2/opencms/dk/buy?page=1&edid=C1D0812E-1703-067D-2D9C-BFDC80B28816 HTTP/1.1" 200 97344
