104.28.31.64 - - [01/Nov/2024:04:05:05 +0100] "GET /ticket2/opencms/system/modules/com.gridnine.opencms.ticketbrokerage.site/resources/pics/logo-new.png HTTP/1.1" 200 13541
104.28.31.64 - - [01/Nov/2024:04:05:05 +0100] "GET /ticket2/opencms/img/insta.png HTTP/1.1" 200 3967
104.28.31.64 - - [01/Nov/2024:04:05:05 +0100] "GET /ticket2/opencms/img/icons/globe-white.png HTTP/1.1" 200 947
104.28.31.64 - - [01/Nov/2024:04:05:05 +0100] "GET /ticket2/opencms/img/fb.png HTTP/1.1" 200 1269
104.28.31.64 - - [01/Nov/2024:04:05:05 +0100] "GET /ticket2/opencms/venue/anfield.png HTTP/1.1" 200 21218
104.28.31.64 - - [01/Nov/2024:04:05:05 +0100] "GET /ticket2/opencms/img/icons/en.png HTTP/1.1" 200 2415
104.28.31.64 - - [01/Nov/2024:04:05:05 +0100] "GET /ticket2/opencms/system/modules/com.gridnine.opencms.ticketbrokerage.site/resources/pics/0.gif HTTP/1.1" 200 43
104.28.31.64 - - [01/Nov/2024:04:05:05 +0100] "GET /ticket2/opencms/img/icons/fi.png HTTP/1.1" 200 1785
104.28.31.64 - - [01/Nov/2024:04:05:05 +0100] "GET /ticket2/opencms/system/modules/com.gridnine.opencms.ticketbrokerage.site/resources/pics/two_man.png HTTP/1.1" 200 3407
104.28.31.64 - - [01/Nov/2024:04:05:05 +0100] "GET /ticket2/opencms/system/modules/com.gridnine.opencms.ticketbrokerage.site/resources/pics/ticket_info_button.png HTTP/1.1" 200 3820
104.28.31.64 - - [01/Nov/2024:04:05:05 +0100] "GET /ticket2/opencms/img/icons/no.png HTTP/1.1" 200 1958
104.28.31.64 - - [01/Nov/2024:04:05:05 +0100] "GET /ticket2/opencms/sv/ask-form.html HTTP/1.1" 200 2950
104.28.31.64 - - [01/Nov/2024:04:05:05 +0100] "GET /ticket2/opencms/system/modules/com.gridnine.opencms.ticketbrokerage.site/resources/pics/footer-img.jpg HTTP/1.1" 200 67642
104.28.31.64 - - [01/Nov/2024:04:05:05 +0100] "GET /ticket2/opencms/img/icons/dk.png HTTP/1.1" 200 1706
104.28.31.64 - - [01/Nov/2024:04:05:05 +0100] "GET /ticket2/opencms/img/check.png HTTP/1.1" 200 548
104.28.31.64 - - [01/Nov/2024:04:05:05 +0100] "GET /ticket2/opencms/system/modules/com.gridnine.opencms.ticketbrokerage.site/resources/css/ticketbrokerage.css HTTP/1.1" 200 39339
104.28.31.64 - - [01/Nov/2024:04:05:05 +0100] "GET /ticket2/opencms/img/mail.png HTTP/1.1" 200 403
104.28.31.64 - - [01/Nov/2024:04:05:05 +0100] "GET /ticket2/opencms/img/chat.png HTTP/1.1" 200 416
104.28.31.64 - - [01/Nov/2024:04:05:05 +0100] "GET /ticket2/opencms/img/icons/nl.png HTTP/1.1" 200 1255
104.28.31.64 - - [01/Nov/2024:04:05:05 +0100] "GET /ticket2/opencms/img/icons/de.png HTTP/1.1" 200 1124
104.28.31.64 - - [01/Nov/2024:04:05:05 +0100] "GET /ticket2/opencms/img/arrow.png HTTP/1.1" 200 753
104.28.31.64 - - [01/Nov/2024:04:05:05 +0100] "GET /ticket2/opencms/system/modules/com.gridnine.opencms.ticketbrokerage.site/resources/pics/arrow.gif HTTP/1.1" 200 344
104.28.31.64 - - [01/Nov/2024:04:05:05 +0100] "GET /ticket2/opencms/system/modules/com.gridnine.opencms.ticketbrokerage.site/resources/pics/form_marker.gif HTTP/1.1" 200 43
104.28.31.64 - - [01/Nov/2024:04:05:05 +0100] "GET /ticket2/opencms/system/modules/com.gridnine.opencms.ticketbrokerage.site/resources/pics/button1_left.gif HTTP/1.1" 200 232
104.28.31.64 - - [01/Nov/2024:04:05:05 +0100] "GET /ticket2/opencms/system/modules/com.gridnine.opencms.ticketbrokerage.site/resources/pics/button1_center.gif HTTP/1.1" 200 66
104.28.31.64 - - [01/Nov/2024:04:05:05 +0100] "GET /ticket2/opencms/system/modules/com.gridnine.opencms.ticketbrokerage.site/resources/pics/button1_right.gif HTTP/1.1" 200 232
104.28.31.64 - - [01/Nov/2024:04:05:05 +0100] "GET /ticket2/opencms/img/icons/es.png HTTP/1.1" 200 1005
104.28.31.64 - - [01/Nov/2024:04:05:05 +0100] "GET /ticket2/opencms/img/icons/fr.png HTTP/1.1" 200 1764
104.28.31.64 - - [01/Nov/2024:04:05:06 +0100] "GET /ticket2/opencms/img/icons/az.png HTTP/1.1" 200 1445
104.28.31.64 - - [01/Nov/2024:04:05:06 +0100] "GET /ticket2/opencms/img/icons/be.png HTTP/1.1" 200 1663
104.28.31.64 - - [01/Nov/2024:04:05:06 +0100] "GET /ticket2/opencms/img/icons/bs.png HTTP/1.1" 200 1014
104.28.31.64 - - [01/Nov/2024:04:05:06 +0100] "GET /ticket2/opencms/img/icons/bg.png HTTP/1.1" 200 788
104.28.31.64 - - [01/Nov/2024:04:05:06 +0100] "GET /ticket2/opencms/img/icons/it.png HTTP/1.1" 200 2040
104.28.31.64 - - [01/Nov/2024:04:05:06 +0100] "GET /ticket2/opencms/img/icons/pl.png HTTP/1.1" 200 1578
104.28.31.64 - - [01/Nov/2024:04:05:06 +0100] "GET /ticket2/opencms/img/icons/hy.png HTTP/1.1" 200 1170
104.28.31.64 - - [01/Nov/2024:04:05:06 +0100] "GET /ticket2/opencms/img/icons/sq.png HTTP/1.1" 200 1619
104.28.31.64 - - [01/Nov/2024:04:05:06 +0100] "GET /ticket2/opencms/img/icons/hr.png HTTP/1.1" 200 2024
104.28.31.64 - - [01/Nov/2024:04:05:06 +0100] "GET /ticket2/opencms/img/icons/cs.png HTTP/1.1" 200 1883
104.28.31.64 - - [01/Nov/2024:04:05:06 +0100] "GET /ticket2/opencms/img/icons/et.png HTTP/1.1" 200 754
104.28.31.64 - - [01/Nov/2024:04:05:06 +0100] "GET /ticket2/opencms/img/icons/ka.png HTTP/1.1" 200 860
104.28.31.64 - - [01/Nov/2024:04:05:06 +0100] "GET /ticket2/opencms/img/icons/hu.png HTTP/1.1" 200 733
104.28.31.64 - - [01/Nov/2024:04:05:06 +0100] "GET /ticket2/opencms/img/icons/el.png HTTP/1.1" 200 1637
104.28.31.64 - - [01/Nov/2024:04:05:06 +0100] "GET /ticket2/opencms/img/icons/is.png HTTP/1.1" 200 1884
104.28.31.64 - - [01/Nov/2024:04:05:06 +0100] "GET /ticket2/opencms/img/icons/ga.png HTTP/1.1" 200 1759
104.28.31.64 - - [01/Nov/2024:04:05:06 +0100] "GET /ticket2/opencms/img/icons/lv.png HTTP/1.1" 200 716
104.28.31.64 - - [01/Nov/2024:04:05:06 +0100] "GET /ticket2/opencms/img/icons/mt.png HTTP/1.1" 200 920
104.28.31.64 - - [01/Nov/2024:04:05:06 +0100] "GET /ticket2/opencms/img/icons/lt.png HTTP/1.1" 200 733
104.28.31.64 - - [01/Nov/2024:04:05:06 +0100] "GET /ticket2/opencms/img/icons/mk.png HTTP/1.1" 200 1405
104.28.31.64 - - [01/Nov/2024:04:05:06 +0100] "GET /ticket2/opencms/img/icons/mo.png HTTP/1.1" 200 1468
104.28.31.64 - - [01/Nov/2024:04:05:06 +0100] "GET /ticket2/opencms/img/icons/ro.png HTTP/1.1" 200 1393
104.28.31.64 - - [01/Nov/2024:04:05:06 +0100] "GET /ticket2/opencms/img/icons/sk.png HTTP/1.1" 200 1283
104.28.31.64 - - [01/Nov/2024:04:05:06 +0100] "GET /ticket2/opencms/img/icons/sl.png HTTP/1.1" 200 966
104.28.31.64 - - [01/Nov/2024:04:05:06 +0100] "GET /ticket2/opencms/img/icons/sr.png HTTP/1.1" 200 1602
104.28.31.64 - - [01/Nov/2024:04:05:06 +0100] "GET /ticket2/opencms/img/icons/uk.png HTTP/1.1" 200 1272
104.28.31.64 - - [01/Nov/2024:04:05:06 +0100] "GET /ticket2/opencms/img/icons/tr.png HTTP/1.1" 200 1636
104.28.31.64 - - [01/Nov/2024:04:05:06 +0100] "GET /ticket2/opencms/img/arrow-down.png HTTP/1.1" 200 192
104.28.31.64 - - [01/Nov/2024:04:05:06 +0100] "GET /ticket2/opencms/system/modules/com.gridnine.opencms.ticketbrokerage.site/resources/js/standard.js HTTP/1.1" 200 3978
104.28.31.64 - - [01/Nov/2024:04:05:06 +0100] "GET /ticket2/opencms/img/icons/ticket2.thumbnail.png HTTP/1.1" 200 21519
104.28.31.64 - - [01/Nov/2024:04:05:07 +0100] "GET /ticket2/opencms/system/modules/com.gridnine.opencms.ticketbrokerage.site/resources/css/images/ui-bg_flat_75_ffffff_40x100.png HTTP/1.1" 404 -
54.36.148.41 - - [01/Nov/2024:04:05:07 +0100] "GET /ticket2/opencms/et/buy/?page=1&edid=2A0AB201-68D6-81F4-4EF6-313AAEA5E454 HTTP/1.1" 200 101593
135.181.213.219 - - [01/Nov/2024:04:05:07 +0100] "GET /ticket2/opencms/sv/buy/?page=1&edid=7A0F0D40-9DB7-378F-AD47-13D628B3BD24 HTTP/1.1" 200 97674
135.181.213.219 - - [01/Nov/2024:04:05:11 +0100] "GET /ticket2/opencms/sv/buy/?page=1&edid=7B357C96-D15A-7330-3CD7-9115EBD86CB2 HTTP/1.1" 200 123222
135.181.213.219 - - [01/Nov/2024:04:05:14 +0100] "GET /ticket2/opencms/sv/buy/?page=1&edid=7BE90269-DBC0-BFB1-C2F9-B69F286E753D HTTP/1.1" 200 115783
104.28.31.64 - - [01/Nov/2024:04:05:15 +0100] "GET /ticket2/opencms/system/modules/com.gridnine.opencms.ticketbrokerage.site/resources/css/fancybox_overlay.png HTTP/1.1" 200 1003
104.28.31.64 - - [01/Nov/2024:04:05:15 +0100] "GET /ticket2/opencms/system/modules/com.gridnine.opencms.ticketbrokerage.site/resources/css/fancybox_sprite@2x.png HTTP/1.1" 404 -
135.181.213.219 - - [01/Nov/2024:04:05:17 +0100] "GET /ticket2/opencms/sv/buy/?page=1&edid=81ED6DDC-8A95-C021-CA9A-A72788EB9E3B HTTP/1.1" 200 107210
135.181.213.219 - - [01/Nov/2024:04:05:20 +0100] "GET /ticket2/opencms/sv/buy/?page=1&edid=86016FCC-B629-DB25-1B97-EF7601F07523 HTTP/1.1" 200 97715
54.36.148.217 - - [01/Nov/2024:04:05:21 +0100] "GET /ticket2/opencms/de/buy?page=6&comcatid=A17713B6-D984-201A-4143-ED4DB5ED5C2E&catid=D8B345C9-F7A5-E620-4B43-C34EB0D6885B&eventid=C483161C-4419-F1CF-1E30-2319B48E0485 HTTP/1.1" 200 110494
135.181.213.219 - - [01/Nov/2024:04:05:24 +0100] "GET /ticket2/opencms/sv/buy/?page=1&edid=871D7AC8-C2FD-89A7-A9D7-71A8AD06F3BB HTTP/1.1" 200 97675
135.181.213.219 - - [01/Nov/2024:04:05:27 +0100] "GET /ticket2/opencms/sv/buy/?page=1&edid=88425711-85E0-F060-738C-F8CF4B007BB9 HTTP/1.1" 200 107238
135.181.213.219 - - [01/Nov/2024:04:05:30 +0100] "GET /ticket2/opencms/sv/buy/?page=1&edid=885A2607-A223-24CC-17AE-7C8ECDA8D47C HTTP/1.1" 200 123221
114.119.159.129 - - [01/Nov/2024:04:05:30 +0100] "GET /ticket2/opencms/en/venue/?countryid=E51F1885-F514-FB3D-D1AC-60D5859EEBD8 HTTP/1.1" 200 115976
135.181.213.219 - - [01/Nov/2024:04:05:33 +0100] "GET /ticket2/opencms/sv/buy/?page=1&edid=8A676299-B54E-C301-442A-823ABEA189C5 HTTP/1.1" 200 107240
54.36.149.56 - - [01/Nov/2024:04:05:34 +0100] "GET /ticket2/opencms/cs/buy?page=6&comcatid=A17713B6-D984-201A-4143-ED4DB5ED5C2E&catid=D8B345C9-F7A5-E620-4B43-C34EB0D6885B&eventid=C483161C-4419-F1CF-1E30-2319B48E0485 HTTP/1.1" 200 111185
135.181.213.219 - - [01/Nov/2024:04:05:37 +0100] "GET /ticket2/opencms/sv/buy/?page=1&edid=8A915ADF-75E4-0EA8-F2E1-13EED016F0C7 HTTP/1.1" 200 107211
47.128.126.90 - - [01/Nov/2024:04:05:39 +0100] "GET /ticket2/opencms/mt/buy/?edid=CA9B3B0E-7FD3-E90E-7799-488AC7DDC244 HTTP/1.1" 200 81495
52.167.144.20 - - [01/Nov/2024:04:05:39 +0100] "GET /ticket2/opencms/es/ask-form.html HTTP/1.1" 200 3156
135.181.213.219 - - [01/Nov/2024:04:05:40 +0100] "GET /ticket2/opencms/sv/buy/?page=1&edid=8B2EF130-37EC-A547-CC41-754692687217 HTTP/1.1" 200 110893
47.128.113.153 - - [01/Nov/2024:04:05:43 +0100] "GET /ticket2/opencms/bg/buy/?catid=CB847559-7ECA-CC50-D7D2-064AF0C06FB1&comcatid=0A6B8208-FDA4-E929-9D72-5312FD481B76 HTTP/1.1" 200 87948
135.181.213.219 - - [01/Nov/2024:04:05:43 +0100] "GET /ticket2/opencms/sv/buy/?page=1&edid=8CF7B327-CBF8-6902-00E4-357348B3DB32 HTTP/1.1" 200 115782
135.181.213.219 - - [01/Nov/2024:04:05:47 +0100] "GET /ticket2/opencms/sv/buy/?page=1&edid=8DA9D1EA-2F7E-8136-071B-749FF836435A HTTP/1.1" 200 124283
54.36.148.1 - - [01/Nov/2024:04:05:49 +0100] "GET /ticket2/opencms/et/buy/?page=1&edid=CF85F428-766F-D675-E16A-795E19713900 HTTP/1.1" 200 98511
135.181.213.219 - - [01/Nov/2024:04:05:50 +0100] "GET /ticket2/opencms/sv/buy/?page=1&edid=8DE7A210-45E0-8C09-63EA-28CBA5412C0E HTTP/1.1" 200 124683
135.181.213.219 - - [01/Nov/2024:04:05:53 +0100] "GET /ticket2/opencms/sv/buy/?page=1&edid=8E087689-30A7-E7AD-9853-CFBC4F6216DD HTTP/1.1" 200 123220
135.181.213.219 - - [01/Nov/2024:04:05:56 +0100] "GET /ticket2/opencms/sv/buy/?page=1&edid=8EDDEFFC-C774-BA86-C4CF-809A20DBCDCB HTTP/1.1" 200 110895
135.181.213.219 - - [01/Nov/2024:04:06:00 +0100] "GET /ticket2/opencms/sv/buy/?page=1&edid=91131440-6E9B-EF94-52C2-EDE415172430 HTTP/1.1" 200 107244
101.44.162.29 - - [01/Nov/2024:04:06:01 +0100] "GET /ticket2/opencms/mo/buy?page=1&edid=BCC39325-B7C7-D529-D58D-9C58F3219EB4 HTTP/1.1" 200 98777
135.181.213.219 - - [01/Nov/2024:04:06:03 +0100] "GET /ticket2/opencms/sv/buy/?page=1&edid=921154C3-BF4F-9061-5CFB-8ECC0A8A34AE HTTP/1.1" 200 97675
54.36.148.193 - - [01/Nov/2024:04:06:05 +0100] "GET /ticket2/opencms/ga/buy/?page=1&edid=2A0AB201-68D6-81F4-4EF6-313AAEA5E454 HTTP/1.1" 200 102188
135.181.213.219 - - [01/Nov/2024:04:06:06 +0100] "GET /ticket2/opencms/sv/buy/?page=1&edid=94B60579-7540-1D04-4C12-AD3E425B736D HTTP/1.1" 200 107236
135.181.213.219 - - [01/Nov/2024:04:06:10 +0100] "GET /ticket2/opencms/sv/buy/?page=1&edid=94BF6567-82BD-183E-36C5-53634C762F53 HTTP/1.1" 200 107016
135.181.213.219 - - [01/Nov/2024:04:06:13 +0100] "GET /ticket2/opencms/sv/buy/?page=1&edid=951287E4-3388-8292-36EB-2A2F3CE27B48 HTTP/1.1" 200 97714
135.181.213.219 - - [01/Nov/2024:04:06:16 +0100] "GET /ticket2/opencms/sv/buy/?page=1&edid=98593F83-45B8-4B7A-425F-06B7BFD3D9F1 HTTP/1.1" 200 107245
135.181.213.219 - - [01/Nov/2024:04:06:19 +0100] "GET /ticket2/opencms/sv/buy/?page=1&edid=9905BE36-3483-E35C-D446-E28B848EF37B HTTP/1.1" 200 110893
40.77.167.72 - - [01/Nov/2024:04:06:20 +0100] "GET /ticket2/opencms/mt/buy_safety HTTP/1.1" 200 90852
135.181.213.219 - - [01/Nov/2024:04:06:23 +0100] "GET /ticket2/opencms/sv/buy/?page=1&edid=9D2DFDC9-4BC5-EECE-32CF-AF6FA9041457 HTTP/1.1" 200 123219
54.36.149.100 - - [01/Nov/2024:04:06:24 +0100] "GET /ticket2/opencms/sk/buy/?page=1&edid=78314AF0-4634-069B-617B-0BA727735BF7 HTTP/1.1" 200 98619
135.181.213.219 - - [01/Nov/2024:04:06:26 +0100] "GET /ticket2/opencms/sv/buy/?page=1&edid=9D89B626-BE34-D0AA-2430-149AC630E583 HTTP/1.1" 200 97712
52.167.144.18 - - [01/Nov/2024:04:06:26 +0100] "GET /ticket2/opencms/uk/affiliateprogram.html HTTP/1.1" 200 89216
135.181.213.219 - - [01/Nov/2024:04:06:29 +0100] "GET /ticket2/opencms/sv/buy/?page=1&edid=A0FFAF50-E61F-DDD9-D6DC-77947313B0DE HTTP/1.1" 200 107741
135.181.213.219 - - [01/Nov/2024:04:06:32 +0100] "GET /ticket2/opencms/sv/buy/?page=1&edid=A250B4B1-8EE0-FF45-8CB6-582F5F739AF9 HTTP/1.1" 200 125443
47.128.23.29 - - [01/Nov/2024:04:06:35 +0100] "GET /ticket2/opencms/hu/buy/?catid=1DB7F66B-473B-B427-F752-358FEEFE8EC0&comcatid=0A6B8208-FDA4-E929-9D72-5312FD481B76 HTTP/1.1" 200 87477
54.36.148.120 - - [01/Nov/2024:04:06:36 +0100] "GET /ticket2/opencms/ga/buy/?page=1&edid=BABB7B15-4A6B-2CD0-A4E6-6F9CC954F92B HTTP/1.1" 200 99048
135.181.213.219 - - [01/Nov/2024:04:06:36 +0100] "GET /ticket2/opencms/sv/buy/?page=1&edid=A8F677E6-A548-E0DF-93F9-55173D9897A9 HTTP/1.1" 200 107731
135.181.213.219 - - [01/Nov/2024:04:06:39 +0100] "GET /ticket2/opencms/sv/buy/?page=1&edid=ACD8BB97-D036-9F05-30AE-FB95B40B4D64 HTTP/1.1" 200 99845
135.181.213.219 - - [01/Nov/2024:04:06:42 +0100] "GET /ticket2/opencms/sv/buy/?page=1&edid=ACE9CA7D-7806-FEA9-5C42-376512A5CAAD HTTP/1.1" 200 99850
54.36.148.199 - - [01/Nov/2024:04:06:44 +0100] "GET /ticket2/opencms/sr/buy/?page=1&edid=78314AF0-4634-069B-617B-0BA727735BF7 HTTP/1.1" 200 99096
135.181.213.219 - - [01/Nov/2024:04:06:45 +0100] "GET /ticket2/opencms/sv/buy/?page=1&edid=AF39FAB5-FE06-5368-91B7-FED96ACA064E HTTP/1.1" 200 99946
135.181.213.219 - - [01/Nov/2024:04:06:49 +0100] "GET /ticket2/opencms/sv/buy/?page=1&edid=B221A7A0-0672-9C92-94FE-8BC4C1F907CD HTTP/1.1" 200 107013
135.181.213.219 - - [01/Nov/2024:04:06:52 +0100] "GET /ticket2/opencms/sv/buy/?page=1&edid=B7B5EA21-D0E1-5D4C-90B1-C2CC29A8B7DF HTTP/1.1" 200 107246
157.55.39.50 - - [01/Nov/2024:04:06:53 +0100] "GET /ticket2/opencms/sl/sell/ HTTP/1.1" 302 -
54.36.149.99 - - [01/Nov/2024:04:06:54 +0100] "GET /ticket2/opencms/es/buy/?comcatid=A17713B6-D984-201A-4143-ED4DB5ED5C2E&catid=&npage=2 HTTP/1.1" 200 251254
135.181.213.219 - - [01/Nov/2024:04:06:55 +0100] "GET /ticket2/opencms/sv/buy/?page=1&edid=B938704A-C364-E3C3-6D83-C5254E1A3103 HTTP/1.1" 200 107213
135.181.213.219 - - [01/Nov/2024:04:06:58 +0100] "GET /ticket2/opencms/sv/buy/?page=1&edid=B990B2A8-DD94-E8BA-431E-F03C663D5228 HTTP/1.1" 200 107236
66.249.68.67 - - [01/Nov/2024:04:06:59 +0100] "GET /ticket2/opencms/venue/barclays-center.png HTTP/1.1" 404 -
47.128.46.47 - - [01/Nov/2024:04:07:00 +0100] "GET /ticket2/opencms/is/buy/?edid=49D8C017-6E14-30F3-126A-0488D76DB7BC HTTP/1.1" 200 81480
135.181.213.219 - - [01/Nov/2024:04:07:01 +0100] "GET /ticket2/opencms/sv/buy/?page=1&edid=BC5D7CD2-EB5B-8786-D71A-5AE6232D27A7 HTTP/1.1" 200 107238
157.55.39.50 - - [01/Nov/2024:04:07:02 +0100] "GET /ticket2/opencms/sl/login/?url=/sl/sell/ HTTP/1.1" 200 90305
47.128.56.255 - - [01/Nov/2024:04:07:02 +0100] "GET /ticket2/opencms/lt/buy/?catid=30D5812D-0858-4843-8F45-C38AE504153C&comcatid=66708183-7480-3365-06BF-DBF60280AB45 HTTP/1.1" 200 85837
135.181.213.219 - - [01/Nov/2024:04:07:05 +0100] "GET /ticket2/opencms/sv/buy/?page=1&edid=BD5ED709-E550-ECCC-FE1D-2E85747011DF HTTP/1.1" 200 107734
54.36.148.68 - - [01/Nov/2024:04:07:05 +0100] "GET /ticket2/opencms/es/buy/?comcatid=A17713B6-D984-201A-4143-ED4DB5ED5C2E&catid=&npage=4 HTTP/1.1" 200 251297
135.181.213.219 - - [01/Nov/2024:04:07:08 +0100] "GET /ticket2/opencms/sv/buy/?page=1&edid=BD719054-11F0-C21F-E1D7-4BD8F12BE51A HTTP/1.1" 200 107733
173.252.83.2 - - [01/Nov/2024:04:07:09 +0100] "GET /ticket2/opencms/robots.txt HTTP/1.1" 200 773
135.181.213.219 - - [01/Nov/2024:04:07:12 +0100] "GET /ticket2/opencms/sv/buy/?page=1&edid=BE9538C3-9C42-28A4-854A-5FADE060382A HTTP/1.1" 200 123222
135.181.213.219 - - [01/Nov/2024:04:07:15 +0100] "GET /ticket2/opencms/sv/buy/?page=1&edid=C2472D62-5082-1F11-D8B7-FFCB03AF0060 HTTP/1.1" 200 99845
54.36.149.76 - - [01/Nov/2024:04:07:15 +0100] "GET /ticket2/opencms/en/buy?page=1&edid=718A7A5B-0864-7BB0-17EA-7D1DFF1DCA73 HTTP/1.1" 200 100195
135.181.213.219 - - [01/Nov/2024:04:07:18 +0100] "GET /ticket2/opencms/sv/buy/?page=1&edid=C5944089-4BA1-6638-58B6-EE4373B33715 HTTP/1.1" 200 107208
111.119.218.93 - - [01/Nov/2024:04:07:21 +0100] "GET /ticket2/opencms/mo/buy?page=10&eventid=95E8846F-148F-9D89-2E4D-7714EAEAF9EE&venueid=6F35A585-C7A7-198F-956D-F8F0D81EEC09 HTTP/1.1" 200 95927
135.181.213.219 - - [01/Nov/2024:04:07:22 +0100] "GET /ticket2/opencms/sv/buy/?page=1&edid=C65C7DD7-B53E-6743-1299-72135D790427 HTTP/1.1" 200 123219
135.181.213.219 - - [01/Nov/2024:04:07:25 +0100] "GET /ticket2/opencms/sv/buy/?page=1&edid=C8463748-B145-33AD-CEE6-A9DF95CEBC4A HTTP/1.1" 200 110892
54.36.149.83 - - [01/Nov/2024:04:07:25 +0100] "GET /ticket2/opencms/ga/buy?page=1&edid=FD4DCA3B-ED43-1043-8648-63C229A27832 HTTP/1.1" 200 130595
54.36.148.91 - - [01/Nov/2024:04:07:26 +0100] "GET /ticket2/opencms/bs/sport/fudbalske-karte/premier-league HTTP/1.1" 200 100466
168.119.68.253 - - [01/Nov/2024:04:07:27 +0100] "GET /ticket2/opencms/system/modules/com.gridnine.opencms.ticketbrokerage.site/resources/css/jquery.fancybox.css HTTP/1.1" 200 4939
168.119.68.253 - - [01/Nov/2024:04:07:27 +0100] "GET /ticket2/opencms/system/modules/com.gridnine.opencms.ticketbrokerage.site/resources/css/jquery-ui.css HTTP/1.1" 200 33221
168.119.68.253 - - [01/Nov/2024:04:07:27 +0100] "GET /ticket2/opencms/system/modules/com.gridnine.opencms.ticketbrokerage.site/resources/css/calendar.css HTTP/1.1" 200 6871
168.119.68.253 - - [01/Nov/2024:04:07:27 +0100] "GET /ticket2/opencms/system/modules/com.gridnine.opencms.ticketbrokerage.site/resources/css/ticketbrokerage.css HTTP/1.1" 200 39339
168.119.68.253 - - [01/Nov/2024:04:07:27 +0100] "GET /ticket2/opencms/system/modules/com.gridnine.opencms.ticketbrokerage.site/resources/css/standard.css HTTP/1.1" 200 73073
168.119.68.253 - - [01/Nov/2024:04:07:27 +0100] "GET /ticket2/opencms/system/modules/com.gridnine.opencms.ticketbrokerage.site/resources/js/jquery/jquery.js HTTP/1.1" 200 93868
168.119.68.253 - - [01/Nov/2024:04:07:27 +0100] "GET /ticket2/opencms/system/modules/com.gridnine.opencms.ticketbrokerage.site/resources/js/functions.js HTTP/1.1" 200 1583
168.119.68.253 - - [01/Nov/2024:04:07:27 +0100] "GET /ticket2/opencms/system/modules/com.gridnine.opencms.ticketbrokerage.site/resources/js/calendar-en.js HTTP/1.1" 200 3338
168.119.68.253 - - [01/Nov/2024:04:07:27 +0100] "GET /ticket2/opencms/system/modules/com.gridnine.opencms.ticketbrokerage.site/resources/js/calendar-setup.js HTTP/1.1" 200 4923
168.119.68.253 - - [01/Nov/2024:04:07:27 +0100] "GET /ticket2/opencms/system/modules/com.gridnine.opencms.ticketbrokerage.site/resources/js/calendar.js HTTP/1.1" 200 49229
168.119.68.253 - - [01/Nov/2024:04:07:27 +0100] "GET /ticket2/opencms/system/modules/com.gridnine.opencms.ticketbrokerage.site/resources/js/jquery/jquery-ui.js HTTP/1.1" 200 228088
168.119.68.253 - - [01/Nov/2024:04:07:27 +0100] "GET /ticket2/opencms/system/modules/com.gridnine.opencms.ticketbrokerage.site/resources/js/jquery.fancybox.pack.js HTTP/1.1" 200 23187
168.119.68.253 - - [01/Nov/2024:04:07:27 +0100] "GET /ticket2/opencms/system/modules/com.gridnine.opencms.ticketbrokerage.site/resources/js/stickyfill.min.js HTTP/1.1" 200 5672
168.119.68.253 - - [01/Nov/2024:04:07:27 +0100] "GET /ticket2/opencms/system/modules/com.gridnine.opencms.ticketbrokerage.site/resources/js/standard.js HTTP/1.1" 200 3978
168.119.68.253 - - [01/Nov/2024:04:07:27 +0100] "GET /ticket2/opencms/system/modules/com.gridnine.opencms.ticketbrokerage.site/resources/js/jquery.placeholder.min.js HTTP/1.1" 200 1737
168.119.68.253 - - [01/Nov/2024:04:07:27 +0100] "GET /ticket2/opencms/system/modules/com.gridnine.opencms.ticketbrokerage.site/resources/js/common-ajax.js HTTP/1.1" 200 20175
47.128.117.125 - - [01/Nov/2024:04:07:27 +0100] "GET /ticket2/opencms/de/buy?page=1&edid=2197E523-8740-2A01-BD5D-12E3C3F2DBFE HTTP/1.1" 200 135708
168.119.68.253 - - [01/Nov/2024:04:07:27 +0100] "GET /ticket2/opencms/system/modules/com.gridnine.opencms.ticketbrokerage.site/resources/js/standard.js HTTP/1.1" 200 3978
135.181.213.219 - - [01/Nov/2024:04:07:28 +0100] "GET /ticket2/opencms/sv/buy/?page=1&edid=CA471414-7964-AFA7-E448-6BC4410A71E7 HTTP/1.1" 200 97715
47.128.117.125 - - [01/Nov/2024:04:07:28 +0100] "GET /ticket2/opencms/de/ask-form.html HTTP/1.1" 200 3156
135.181.213.219 - - [01/Nov/2024:04:07:31 +0100] "GET /ticket2/opencms/sv/buy/?page=1&edid=CB9583C2-830F-C234-1777-18BB6FF1FE1C HTTP/1.1" 200 97712
135.181.213.219 - - [01/Nov/2024:04:07:34 +0100] "GET /ticket2/opencms/sv/buy/?page=1&edid=CCBA408F-28FE-E1B7-45C2-0BA14CFCEBA4 HTTP/1.1" 200 97675
135.181.213.219 - - [01/Nov/2024:04:07:38 +0100] "GET /ticket2/opencms/sv/buy/?page=1&edid=CD8DD483-1991-1E61-700A-98F06CAA8968 HTTP/1.1" 200 115783
135.181.213.219 - - [01/Nov/2024:04:07:41 +0100] "GET /ticket2/opencms/sv/buy/?page=1&edid=D63941C3-9D9D-1874-34EF-F67984762D0B HTTP/1.1" 200 99848
54.36.148.134 - - [01/Nov/2024:04:07:41 +0100] "GET /ticket2/opencms/be/buy/?page=1&edid=579B49FD-6D7C-4BF3-CF9E-91183D7BCE4C HTTP/1.1" 200 100638
135.181.213.219 - - [01/Nov/2024:04:07:44 +0100] "GET /ticket2/opencms/sv/buy/?page=1&edid=D774E566-37EE-86F6-1D9C-096C682D965E HTTP/1.1" 200 110882
135.181.213.219 - - [01/Nov/2024:04:07:47 +0100] "GET /ticket2/opencms/sv/buy/?page=1&edid=D7A0CE52-984B-ED7D-3C37-01DBFEE471D2 HTTP/1.1" 200 107236
135.181.213.219 - - [01/Nov/2024:04:07:51 +0100] "GET /ticket2/opencms/sv/buy/?page=1&edid=D851167B-5139-D2C3-4973-777C1648A7C8 HTTP/1.1" 200 101192
54.36.148.25 - - [01/Nov/2024:04:07:52 +0100] "GET /ticket2/opencms/be/buy/?page=1&edid=AC8F7448-8C97-BB58-DCF6-B6425E43C512 HTTP/1.1" 200 100637
135.181.213.219 - - [01/Nov/2024:04:07:54 +0100] "GET /ticket2/opencms/sv/buy/?page=1&edid=D9B6DEA1-0C13-FA80-469E-162654611A15 HTTP/1.1" 200 107029
135.181.213.219 - - [01/Nov/2024:04:07:57 +0100] "GET /ticket2/opencms/sv/buy/?page=1&edid=DA6CC5BF-D136-7366-202C-2FA8DA7045EB HTTP/1.1" 200 97672
135.181.213.219 - - [01/Nov/2024:04:08:01 +0100] "GET /ticket2/opencms/sv/buy/?page=1&edid=DC067A0C-CE36-3D9C-899A-867F582FFC90 HTTP/1.1" 200 123220
185.16.38.232 - - [01/Nov/2024:04:08:03 +0100] "GET /ticket2/opencms/de/cgi-bin/luci/;stok=/locale HTTP/1.1" 404 -
135.181.213.219 - - [01/Nov/2024:04:08:04 +0100] "GET /ticket2/opencms/sv/buy/?page=1&edid=DD26041B-007D-3EE6-A8F7-303AB350D2E4 HTTP/1.1" 200 123219
54.36.148.159 - - [01/Nov/2024:04:08:06 +0100] "GET /ticket2/opencms/be/buy/?page=1&edid=B753AC58-8832-296F-1C07-92C9F45E2BCE HTTP/1.1" 200 100637
185.191.171.13 - - [01/Nov/2024:04:08:06 +0100] "GET /ticket2/opencms/dk/sport/fodboldbilletter/la-liga/valencia/ HTTP/1.1" 200 99468
135.181.213.219 - - [01/Nov/2024:04:08:07 +0100] "GET /ticket2/opencms/sv/buy/?page=1&edid=DEA5A428-3980-E113-48A8-EB44E7BFB16B HTTP/1.1" 200 97672
159.223.149.179 - - [01/Nov/2024:04:08:09 +0100] "CONNECT example.com:443 HTTP/1.1" 400 -
135.181.213.219 - - [01/Nov/2024:04:08:11 +0100] "GET /ticket2/opencms/sv/buy/?page=1&edid=E02CECDE-C73F-D2CB-A0E2-52EF212A9F2B HTTP/1.1" 200 99846
135.181.213.219 - - [01/Nov/2024:04:08:14 +0100] "GET /ticket2/opencms/sv/buy/?page=1&edid=E0DCB6F1-32E5-4B69-7659-12DFC9BB0380 HTTP/1.1" 200 99846
135.181.213.219 - - [01/Nov/2024:04:08:17 +0100] "GET /ticket2/opencms/sv/buy/?page=1&edid=E123F66C-0D4C-91CD-D0A4-BF13FE729FE0 HTTP/1.1" 200 107731
54.36.148.27 - - [01/Nov/2024:04:08:17 +0100] "GET /ticket2/opencms/bg/buy/?page=1&edid=579B49FD-6D7C-4BF3-CF9E-91183D7BCE4C HTTP/1.1" 200 100460
135.181.213.219 - - [01/Nov/2024:04:08:20 +0100] "GET /ticket2/opencms/sv/buy/?page=1&edid=E1890C55-BB29-2521-0846-5A33B1490A2E HTTP/1.1" 200 123209
135.181.213.219 - - [01/Nov/2024:04:08:23 +0100] "GET /ticket2/opencms/sv/buy/?page=1&edid=E63D59DE-C626-8BE9-FDFD-E25A89D23277 HTTP/1.1" 200 107212
47.128.99.100 - - [01/Nov/2024:04:08:24 +0100] "GET /ticket2/opencms/mt/buy?eventid=FF812D0C-FCB2-7645-0CFD-1ACFB0013262&page=11&venueid=084C5FFD-59D7-DA1B-5EFC-5854672C42AB HTTP/1.1" 200 95782
114.119.152.134 - - [01/Nov/2024:04:08:25 +0100] "GET /ticket2/opencms/en/venue/?venueid=E7CBED87-CC37-DDC1-BAD3-3002F8B0AD76 HTTP/1.1" 200 86624
135.181.213.219 - - [01/Nov/2024:04:08:27 +0100] "GET /ticket2/opencms/sv/buy/?page=1&edid=E66B1558-C5A6-CDDD-B7DD-6060381B0F38 HTTP/1.1" 200 110880
135.181.213.219 - - [01/Nov/2024:04:08:30 +0100] "GET /ticket2/opencms/sv/buy/?page=1&edid=E6BF5AD1-BE0F-B988-8995-E2E5D8BDCA2A HTTP/1.1" 200 107246
87.236.176.229 - - [01/Nov/2024:04:08:31 +0100] "GET /ticket2/opencms/de/ HTTP/1.1" 200 95408
87.236.176.141 - - [01/Nov/2024:04:08:32 +0100] "GET /ticket2/opencms/img/icons/ticket2.thumbnail.png HTTP/1.1" 200 21519
135.181.213.219 - - [01/Nov/2024:04:08:33 +0100] "GET /ticket2/opencms/sv/buy/?page=1&edid=E86D89E6-4B76-0823-49E9-A4E0BE4014AF HTTP/1.1" 200 123218
54.36.148.236 - - [01/Nov/2024:04:08:36 +0100] "GET /ticket2/opencms/bg/buy/?page=1&edid=AC8F7448-8C97-BB58-DCF6-B6425E43C512 HTTP/1.1" 200 100459
135.181.213.219 - - [01/Nov/2024:04:08:37 +0100] "GET /ticket2/opencms/sv/buy/?page=1&edid=EACAB49B-0521-3552-A3D3-3DE7421945A6 HTTP/1.1" 200 107732
190.92.215.149 - - [01/Nov/2024:04:08:40 +0100] "GET /ticket2/opencms/sl/buy?page=1&edid=8C8B6CAD-0E9C-D59D-F548-EF8ED0013C05 HTTP/1.1" 200 101775
135.181.213.219 - - [01/Nov/2024:04:08:40 +0100] "GET /ticket2/opencms/sv/buy/?page=1&edid=F056D8D3-0A78-F8DD-AF89-486FA1EA1B58 HTTP/1.1" 200 107239
135.181.213.219 - - [01/Nov/2024:04:08:43 +0100] "GET /ticket2/opencms/sv/buy/?page=1&edid=F2CDADC4-EF6C-C259-F9D1-EA671C511115 HTTP/1.1" 200 97713
135.181.213.219 - - [01/Nov/2024:04:08:47 +0100] "GET /ticket2/opencms/sv/buy/?page=1&edid=F2D85B77-0146-9383-AAB8-AFEF60C3B51B HTTP/1.1" 200 123223
135.181.213.219 - - [01/Nov/2024:04:08:50 +0100] "GET /ticket2/opencms/sv/buy/?page=1&edid=F4EBEB69-FF72-F763-336C-E8A05C228178 HTTP/1.1" 200 97671
54.36.148.54 - - [01/Nov/2024:04:08:50 +0100] "GET /ticket2/opencms/bg/buy/?page=1&edid=B753AC58-8832-296F-1C07-92C9F45E2BCE HTTP/1.1" 200 100459
135.181.213.219 - - [01/Nov/2024:04:08:53 +0100] "GET /ticket2/opencms/sv/buy/?page=1&edid=F56E127D-A378-06F4-84E7-3510C0A2494A HTTP/1.1" 200 97673
135.181.213.219 - - [01/Nov/2024:04:08:56 +0100] "GET /ticket2/opencms/sv/buy/?page=1&edid=F6926B54-D901-FAF0-8126-EB0D6BB39E8E HTTP/1.1" 200 110881
47.128.122.175 - - [01/Nov/2024:04:08:59 +0100] "GET /ticket2/opencms/mo/buy/?catid=5ED34547-492C-90DA-709D-448345844685&comcatid=0A6B8208-FDA4-E929-9D72-5312FD481B76 HTTP/1.1" 200 87527
135.181.213.219 - - [01/Nov/2024:04:09:00 +0100] "GET /ticket2/opencms/sv/buy/?page=1&edid=F8BC8905-1376-F330-5CD7-CD86B15D1AC7 HTTP/1.1" 200 97673
54.36.149.36 - - [01/Nov/2024:04:09:00 +0100] "GET /ticket2/opencms/et/buy/?page=1&edid=AC8F7448-8C97-BB58-DCF6-B6425E43C512 HTTP/1.1" 200 98508
135.181.213.219 - - [01/Nov/2024:04:09:03 +0100] "GET /ticket2/opencms/sv/buy/?page=1&edid=FB619D25-A569-B2D3-A138-064ED3A662B4 HTTP/1.1" 200 107250
185.191.171.10 - - [01/Nov/2024:04:09:05 +0100] "GET /ticket2/opencms/bg/login HTTP/1.1" 200 90406
54.36.148.169 - - [01/Nov/2024:04:09:05 +0100] "GET /ticket2/opencms/ga/buy/?page=1&edid=397521D5-C7AB-930B-258F-17E9104F07FF HTTP/1.1" 200 102393
135.181.213.219 - - [01/Nov/2024:04:09:06 +0100] "GET /ticket2/opencms/sv/buy/?page=1&edid=FB9F4ED8-C630-5135-3D9B-F4FFAB39B4C4 HTTP/1.1" 200 103433
135.181.213.219 - - [01/Nov/2024:04:09:09 +0100] "GET /ticket2/opencms/sv/buy/?page=1&edid=FC7C15A4-04FF-B871-AC9F-BAD355747F99 HTTP/1.1" 200 97676
135.181.213.219 - - [01/Nov/2024:04:09:13 +0100] "GET /ticket2/opencms/sv/buy/?page=1&edid=FCEB71A3-C27D-C49F-469F-2CB5939452EE HTTP/1.1" 200 123221
217.182.175.125 - - [01/Nov/2024:04:09:16 +0100] "GET /ticket2/opencms/robots.txt HTTP/1.1" 200 773
54.36.148.63 - - [01/Nov/2024:04:09:16 +0100] "GET /ticket2/opencms/ga/buy/?page=1&edid=579B49FD-6D7C-4BF3-CF9E-91183D7BCE4C HTTP/1.1" 200 99065
217.182.175.125 - - [01/Nov/2024:04:09:17 +0100] "GET /ticket2/opencms/en/buy/?page=1&edid=3ED842FC-FF3B-D3BC-69A3-8AB7FF361EA5&sortorder=desc&column=price HTTP/1.1" 200 101723
135.181.213.219 - - [01/Nov/2024:04:09:18 +0100] "GET /ticket2/opencms/sv/buy/?page=1&edid=FE117A19-2599-D785-7313-91BD00B94619 HTTP/1.1" 200 107015
47.128.52.159 - - [01/Nov/2024:04:09:19 +0100] "GET /ticket2/opencms/is/buy/?edid=1571DB1B-206B-93FC-5429-333D7E9FCB65 HTTP/1.1" 200 81480
217.182.175.125 - - [01/Nov/2024:04:09:19 +0100] "GET /ticket2/opencms/en/buy/?page=1&edid=41BD58EC-97A9-BC1A-D605-8084F23D76F6&sortorder=asc&column=row HTTP/1.1" 200 101434
217.182.175.125 - - [01/Nov/2024:04:09:21 +0100] "GET /ticket2/opencms/en/buy/?page=1&edid=41BD58EC-97A9-BC1A-D605-8084F23D76F6&sortorder=asc&column=section HTTP/1.1" 200 101618
135.181.213.219 - - [01/Nov/2024:04:09:22 +0100] "GET /ticket2/opencms/sv/handbook_buyer/ HTTP/1.1" 200 94885
217.182.175.125 - - [01/Nov/2024:04:09:22 +0100] "GET /ticket2/opencms/en/buy/?page=1&edid=42626DA9-0BC1-838B-BAE0-C165FD91963D&sortorder=asc&column=row HTTP/1.1" 200 100247
217.182.175.125 - - [01/Nov/2024:04:09:24 +0100] "GET /ticket2/opencms/en/buy/?page=1&edid=42626DA9-0BC1-838B-BAE0-C165FD91963D&sortorder=asc&column=section HTTP/1.1" 200 100431
135.181.213.219 - - [01/Nov/2024:04:09:25 +0100] "GET /ticket2/opencms/sv/handbook_seller/ HTTP/1.1" 200 95588
217.182.175.125 - - [01/Nov/2024:04:09:26 +0100] "GET /ticket2/opencms/en/buy/?page=1&edid=42626DA9-0BC1-838B-BAE0-C165FD91963D&sortorder=desc&column=price HTTP/1.1" 200 100384
217.182.175.125 - - [01/Nov/2024:04:09:28 +0100] "GET /ticket2/opencms/en/buy/?page=1&edid=42626DA9-0BC1-838B-BAE0-C165FD91963D&sortorder=desc&column=section HTTP/1.1" 200 100476
135.181.213.219 - - [01/Nov/2024:04:09:29 +0100] "GET /ticket2/opencms/sv/legal_info/ HTTP/1.1" 200 88623
217.182.175.125 - - [01/Nov/2024:04:09:29 +0100] "GET /ticket2/opencms/en/buy/?page=1&edid=49CF7842-AD0F-7A2A-F729-3F3371875F18&sortorder=asc&column=price HTTP/1.1" 200 101532
173.252.83.116 - - [01/Nov/2024:04:09:30 +0100] "GET /ticket2/opencms/bs/sport/fudbalske-karte/premier-league/everton/ HTTP/1.1" 200 97281
217.182.175.125 - - [01/Nov/2024:04:09:31 +0100] "GET /ticket2/opencms/en/buy/?page=1&edid=49CF7842-AD0F-7A2A-F729-3F3371875F18&sortorder=asc&column=row HTTP/1.1" 200 101440
135.181.213.219 - - [01/Nov/2024:04:09:31 +0100] "GET /ticket2/opencms/sv/sport/fotbollsbiljetter/uefa-champions-league/atletico_madrid/ HTTP/1.1" 200 89258
217.182.175.125 - - [01/Nov/2024:04:09:33 +0100] "GET /ticket2/opencms/en/buy/?page=1&edid=49CF7842-AD0F-7A2A-F729-3F3371875F18&sortorder=asc&column=section HTTP/1.1" 200 101624
135.181.213.219 - - [01/Nov/2024:04:09:34 +0100] "GET /ticket2/opencms/sites/ticketbrokerage/sv/sport/fotbollsbiljetter/la_liga/barcelona/camp_nou.html HTTP/1.1" 404 -
114.119.146.220 - - [01/Nov/2024:04:09:35 +0100] "GET /ticket2/opencms/en/venue/?venueid=20612A91-4DAD-D682-3443-BFA1071CDA0A HTTP/1.1" 200 86608
217.182.175.125 - - [01/Nov/2024:04:09:35 +0100] "GET /ticket2/opencms/en/buy/?page=1&edid=49CF7842-AD0F-7A2A-F729-3F3371875F18&sortorder=desc&column=row HTTP/1.1" 200 101485
135.181.213.219 - - [01/Nov/2024:04:09:36 +0100] "GET /ticket2/opencms/tr/about/ HTTP/1.1" 500 -
217.182.175.125 - - [01/Nov/2024:04:09:37 +0100] "GET /ticket2/opencms/en/buy/?page=1&edid=49CF7842-AD0F-7A2A-F729-3F3371875F18&sortorder=desc&column=section HTTP/1.1" 200 101669
54.36.148.167 - - [01/Nov/2024:04:09:38 +0100] "GET /ticket2/opencms/ga/buy/?page=1&edid=B753AC58-8832-296F-1C07-92C9F45E2BCE HTTP/1.1" 200 99064
135.181.213.219 - - [01/Nov/2024:04:09:39 +0100] "GET /ticket2/opencms/tr/buy/?comcatid=0A6B8208-FDA4-E929-9D72-5312FD481B76 HTTP/1.1" 200 96228
183.179.150.46 - - [01/Nov/2024:04:09:40 +0100] "GET /ticket2/opencms/robots.txt HTTP/1.1" 200 773
217.182.175.125 - - [01/Nov/2024:04:09:41 +0100] "GET /ticket2/opencms/en/buy/?page=1&edid=49F6B155-E41A-63AF-A867-E3E7D86F3439&sortorder=asc&column=price HTTP/1.1" 200 98208
135.181.213.219 - - [01/Nov/2024:04:09:43 +0100] "GET /ticket2/opencms/tr/buy/?comcatid=66708183-7480-3365-06BF-DBF60280AB45 HTTP/1.1" 200 83821
217.182.175.125 - - [01/Nov/2024:04:09:45 +0100] "GET /ticket2/opencms/en/buy/?page=1&edid=49F6B155-E41A-63AF-A867-E3E7D86F3439&sortorder=asc&column=row HTTP/1.1" 200 98116
183.179.150.46 - - [01/Nov/2024:04:09:45 +0100] "GET /ticket2/opencms/sv/venue/?venueid=DB39254B-3E28-48BE-15E1-03374B8325A4 HTTP/1.1" 200 87478
135.181.213.219 - - [01/Nov/2024:04:09:46 +0100] "GET /ticket2/opencms/tr/buy/?comcatid=810BB404-4103-77F2-A6C2-12D5E6C338E2 HTTP/1.1" 200 83440
217.182.175.125 - - [01/Nov/2024:04:09:47 +0100] "GET /ticket2/opencms/en/buy/?page=1&edid=49F6B155-E41A-63AF-A867-E3E7D86F3439&sortorder=asc&column=section HTTP/1.1" 200 98300
47.128.112.176 - - [01/Nov/2024:04:09:48 +0100] "GET /ticket2/opencms/sr/buy/?edid=921154C3-BF4F-9061-5CFB-8ECC0A8A34AE HTTP/1.1" 200 81862
135.181.213.219 - - [01/Nov/2024:04:09:50 +0100] "GET /ticket2/opencms/tr/buy/?comcatid=97ECA65A-72DA-F9AF-9DBB-245D3CFED1BE HTTP/1.1" 200 86772
183.179.150.46 - - [01/Nov/2024:04:09:50 +0100] "GET /ticket2/opencms/sv/venue/?venueid=DBF173BB-97AB-4284-3FA4-D075B96368C3 HTTP/1.1" 200 87449
217.182.175.125 - - [01/Nov/2024:04:09:50 +0100] "GET /ticket2/opencms/en/buy/?page=1&edid=49F9C16A-F28B-735A-3D9A-12CAF652D3B2&sortorder=asc&column=price HTTP/1.1" 200 102143
54.36.148.208 - - [01/Nov/2024:04:09:53 +0100] "GET /ticket2/opencms/hr/buy/?page=1&edid=579B49FD-6D7C-4BF3-CF9E-91183D7BCE4C HTTP/1.1" 200 98508
135.181.213.219 - - [01/Nov/2024:04:09:53 +0100] "GET /ticket2/opencms/tr/buy/?comcatid=A17713B6-D984-201A-4143-ED4DB5ED5C2E HTTP/1.1" 200 250998
183.179.150.46 - - [01/Nov/2024:04:09:55 +0100] "GET /ticket2/opencms/sv/venue/?venueid=DBF697FB-88C2-E56A-2177-E2C114E7E434 HTTP/1.1" 200 87428
135.181.213.219 - - [01/Nov/2024:04:09:57 +0100] "GET /ticket2/opencms/tr/buy/?comcatid=B41CCF2B-5558-7AEE-3602-09BBDE417D65 HTTP/1.1" 200 83991
119.8.164.27 - - [01/Nov/2024:04:10:01 +0100] "GET /ticket2/opencms/pl/buy?page=1&edid=90D99CFD-1C4D-3E3E-708D-4C9851B5EDBE HTTP/1.1" 200 111258
217.182.175.125 - - [01/Nov/2024:04:10:01 +0100] "GET /ticket2/opencms/en/buy/?page=1&edid=49F9C16A-F28B-735A-3D9A-12CAF652D3B2&sortorder=asc&column=row HTTP/1.1" 200 102051
183.179.150.46 - - [01/Nov/2024:04:10:01 +0100] "GET /ticket2/opencms/sv/venue/?venueid=DD1C51CF-8829-9FCD-25F4-AC82F4E66D67 HTTP/1.1" 200 87443
54.36.148.117 - - [01/Nov/2024:04:10:05 +0100] "GET /ticket2/opencms/fi/buy?comcatid=97ECA65A-72DA-F9AF-9DBB-245D3CFED1BE&catid=1656E964-1E02-9A38-D092-65384E60B6EA HTTP/1.1" 200 88749
168.119.68.251 - - [01/Nov/2024:04:10:05 +0100] "GET /ticket2/opencms/system/modules/com.gridnine.opencms.ticketbrokerage.site/resources/css/jquery.fancybox.css HTTP/1.1" 200 4939
168.119.68.251 - - [01/Nov/2024:04:10:05 +0100] "GET /ticket2/opencms/system/modules/com.gridnine.opencms.ticketbrokerage.site/resources/css/ticketbrokerage.css HTTP/1.1" 200 39339
168.119.68.251 - - [01/Nov/2024:04:10:05 +0100] "GET /ticket2/opencms/system/modules/com.gridnine.opencms.ticketbrokerage.site/resources/css/jquery-ui.css HTTP/1.1" 200 33221
168.119.68.251 - - [01/Nov/2024:04:10:05 +0100] "GET /ticket2/opencms/system/modules/com.gridnine.opencms.ticketbrokerage.site/resources/css/calendar.css HTTP/1.1" 200 6871
168.119.68.251 - - [01/Nov/2024:04:10:05 +0100] "GET /ticket2/opencms/system/modules/com.gridnine.opencms.ticketbrokerage.site/resources/css/standard.css HTTP/1.1" 200 73073
168.119.68.251 - - [01/Nov/2024:04:10:05 +0100] "GET /ticket2/opencms/system/modules/com.gridnine.opencms.ticketbrokerage.site/resources/js/jquery/jquery.js HTTP/1.1" 200 93868
168.119.68.251 - - [01/Nov/2024:04:10:06 +0100] "GET /ticket2/opencms/system/modules/com.gridnine.opencms.ticketbrokerage.site/resources/js/jquery/jquery-ui.js HTTP/1.1" 200 228088
168.119.68.251 - - [01/Nov/2024:04:10:06 +0100] "GET /ticket2/opencms/system/modules/com.gridnine.opencms.ticketbrokerage.site/resources/js/functions.js HTTP/1.1" 200 1583
168.119.68.251 - - [01/Nov/2024:04:10:06 +0100] "GET /ticket2/opencms/system/modules/com.gridnine.opencms.ticketbrokerage.site/resources/js/calendar-en.js HTTP/1.1" 200 3338
168.119.68.251 - - [01/Nov/2024:04:10:06 +0100] "GET /ticket2/opencms/system/modules/com.gridnine.opencms.ticketbrokerage.site/resources/js/calendar.js HTTP/1.1" 200 49229
168.119.68.251 - - [01/Nov/2024:04:10:06 +0100] "GET /ticket2/opencms/system/modules/com.gridnine.opencms.ticketbrokerage.site/resources/js/calendar-setup.js HTTP/1.1" 200 4923
168.119.68.251 - - [01/Nov/2024:04:10:06 +0100] "GET /ticket2/opencms/system/modules/com.gridnine.opencms.ticketbrokerage.site/resources/js/jquery.fancybox.pack.js HTTP/1.1" 200 23187
168.119.68.251 - - [01/Nov/2024:04:10:06 +0100] "GET /ticket2/opencms/system/modules/com.gridnine.opencms.ticketbrokerage.site/resources/js/stickyfill.min.js HTTP/1.1" 200 5672
168.119.68.251 - - [01/Nov/2024:04:10:06 +0100] "GET /ticket2/opencms/system/modules/com.gridnine.opencms.ticketbrokerage.site/resources/js/standard.js HTTP/1.1" 200 3978
168.119.68.251 - - [01/Nov/2024:04:10:06 +0100] "GET /ticket2/opencms/system/modules/com.gridnine.opencms.ticketbrokerage.site/resources/js/jquery.placeholder.min.js HTTP/1.1" 200 1737
168.119.68.251 - - [01/Nov/2024:04:10:06 +0100] "GET /ticket2/opencms/system/modules/com.gridnine.opencms.ticketbrokerage.site/resources/js/common-ajax.js HTTP/1.1" 200 20175
168.119.68.251 - - [01/Nov/2024:04:10:06 +0100] "GET /ticket2/opencms/system/modules/com.gridnine.opencms.ticketbrokerage.site/resources/js/standard.js HTTP/1.1" 200 3978
183.179.150.46 - - [01/Nov/2024:04:10:07 +0100] "GET /ticket2/opencms/sv/venue/?venueid=DE70BF4F-D924-8DCC-B4D2-0F84CAE9B9DB HTTP/1.1" 200 87476
217.182.175.125 - - [01/Nov/2024:04:10:13 +0100] "GET /ticket2/opencms/en/buy/?page=1&edid=4BE51C11-6242-0667-4C84-D3822EC503E1&sortorder=asc&column=section HTTP/1.1" 200 101738
54.36.148.165 - - [01/Nov/2024:04:10:20 +0100] "GET /ticket2/opencms/hu/buy/?page=1&edid=579B49FD-6D7C-4BF3-CF9E-91183D7BCE4C HTTP/1.1" 200 98760
114.119.159.129 - - [01/Nov/2024:04:10:31 +0100] "GET /ticket2/opencms/en/venue/?countryid=D3DB55BA-ABAE-0702-A973-202744AB3BB9 HTTP/1.1" 200 115976
54.36.148.19 - - [01/Nov/2024:04:10:32 +0100] "GET /ticket2/opencms/hu/buy/?page=1&edid=AC8F7448-8C97-BB58-DCF6-B6425E43C512 HTTP/1.1" 200 98759
54.36.148.207 - - [01/Nov/2024:04:10:44 +0100] "GET /ticket2/opencms/is/buy/?page=1&edid=5B1EBD64-AC5B-1705-53F4-E0FEF8B73423 HTTP/1.1" 200 102116
183.179.150.46 - - [01/Nov/2024:04:10:48 +0100] "GET /ticket2/opencms/sv/venue/?venueid=DEFE0925-F5A3-8A9D-0742-7ECD104E27FF HTTP/1.1" 200 87487
54.36.148.154 - - [01/Nov/2024:04:10:57 +0100] "GET /ticket2/opencms/ka/buy/?page=1&edid=579B49FD-6D7C-4BF3-CF9E-91183D7BCE4C HTTP/1.1" 200 103193
183.179.150.46 - - [01/Nov/2024:04:10:59 +0100] "GET /ticket2/opencms/sv/venue/?venueid=DF37D396-FA06-F473-CD27-6AD0A828AD06 HTTP/1.1" 200 87466
47.128.21.85 - - [01/Nov/2024:04:11:11 +0100] "GET /ticket2/opencms/de/buy?edid=100B7BEC-24E7-7E43-4295-F9FDC77048A6 HTTP/1.1" 200 80774
54.36.148.236 - - [01/Nov/2024:04:11:14 +0100] "GET /ticket2/opencms/ka/buy/?page=1&edid=6C755BD2-3E40-1F18-AF57-4283F42FB67F HTTP/1.1" 200 107053
37.60.239.40 - - [01/Nov/2024:04:11:17 +0100] "GET /ticket2/opencms/robots.txt HTTP/1.1" 200 773
166.108.204.140 - - [01/Nov/2024:04:11:21 +0100] "GET /ticket2/opencms/sk/buy?page=1&edid=8EF7EC9D-9BC8-1DEC-C27C-0541D5C5F471 HTTP/1.1" 200 117248
37.60.239.40 - - [01/Nov/2024:04:11:25 +0100] "GET /ticket2/opencms/dk/buy/?id=&npage=2 HTTP/1.1" 200 78901
183.179.150.46 - - [01/Nov/2024:04:11:29 +0100] "GET /ticket2/opencms/sv/venue/?venueid=E02EE1DB-608C-3324-5F88-FAD2EC8C29F9 HTTP/1.1" 200 87476
54.36.148.29 - - [01/Nov/2024:04:11:33 +0100] "GET /ticket2/opencms/ka/buy/?page=1&edid=B753AC58-8832-296F-1C07-92C9F45E2BCE HTTP/1.1" 200 103192
183.179.150.46 - - [01/Nov/2024:04:11:36 +0100] "GET /ticket2/opencms/sv/venue/?venueid=E063D77E-F5E5-437C-9144-084D408D5EA1 HTTP/1.1" 200 87479
47.128.38.195 - - [01/Nov/2024:04:11:38 +0100] "GET /ticket2/opencms/is/buy/?edid=BA65675B-ADB5-F482-B91D-06897B158EA1 HTTP/1.1" 200 81480
37.60.239.40 - - [01/Nov/2024:04:11:39 +0100] "GET /ticket2/opencms/dk/buy/?id=&npage=3 HTTP/1.1" 200 78901
183.179.150.46 - - [01/Nov/2024:04:11:41 +0100] "GET /ticket2/opencms/sv/venue/?venueid=E07BF873-3E24-4ED0-36DB-A40D162DA6BE HTTP/1.1" 200 87534
54.36.149.73 - - [01/Nov/2024:04:11:43 +0100] "GET /ticket2/opencms/lt/buy/?page=1&edid=579B49FD-6D7C-4BF3-CF9E-91183D7BCE4C HTTP/1.1" 200 98747
173.252.69.1 - - [01/Nov/2024:04:11:47 +0100] "GET /ticket2/opencms/bs/sport/fudbalske-karte/premier-league/fulham HTTP/1.1" 200 97446
183.179.150.46 - - [01/Nov/2024:04:11:47 +0100] "GET /ticket2/opencms/sv/venue/?venueid=E09AF89A-9020-53BC-50AF-C0382954AC29 HTTP/1.1" 200 87443
37.60.239.40 - - [01/Nov/2024:04:11:50 +0100] "GET /ticket2/opencms/dk/buy/?id=05A94519-01D1-C86F-9031-84936B0B9DAE HTTP/1.1" 200 80189
66.249.79.73 - - [01/Nov/2024:04:11:51 +0100] "GET /ticket2/opencms/en/buy/?page=1&edid=BF02E8D3-250D-1BB9-F307-8D142E1902AE HTTP/1.1" 200 99110
183.179.150.46 - - [01/Nov/2024:04:11:53 +0100] "GET /ticket2/opencms/sv/venue/?venueid=E0AACC64-AFF5-5004-2F13-64A84D0E8D40 HTTP/1.1" 200 87512
37.60.239.40 - - [01/Nov/2024:04:11:54 +0100] "GET /ticket2/opencms/dk/buy/?page=1&edid=013A3620-61B8-4C37-EC2F-1743972D2160 HTTP/1.1" 200 97372
54.36.148.125 - - [01/Nov/2024:04:11:56 +0100] "GET /ticket2/opencms/lt/buy/?page=1&edid=AC8F7448-8C97-BB58-DCF6-B6425E43C512 HTTP/1.1" 200 98746
183.179.150.46 - - [01/Nov/2024:04:11:58 +0100] "GET /ticket2/opencms/sv/venue/?venueid=E0B5B71E-1525-E4B8-C2C9-E8B145968FBD HTTP/1.1" 200 87457
37.60.239.40 - - [01/Nov/2024:04:12:03 +0100] "GET /ticket2/opencms/dk/buy/?page=1&edid=013A3620-61B8-4C37-EC2F-1743972D2160&sortorder=desc&column=price HTTP/1.1" 200 98695
183.179.150.46 - - [01/Nov/2024:04:12:04 +0100] "GET /ticket2/opencms/sv/venue/?venueid=E0CC7055-3FC4-A5FC-6597-028072A69213 HTTP/1.1" 200 87479
183.179.150.46 - - [01/Nov/2024:04:12:09 +0100] "GET /ticket2/opencms/sv/venue/?venueid=E10FCD58-11C5-3654-BCB2-8337AC23E995 HTTP/1.1" 200 87436
37.60.239.40 - - [01/Nov/2024:04:12:11 +0100] "GET /ticket2/opencms/dk/buy/?page=1&edid=01C29CC3-7908-4729-698F-6FD32A0539DC&sortorder=desc&column=section HTTP/1.1" 200 98814
183.179.150.46 - - [01/Nov/2024:04:12:15 +0100] "GET /ticket2/opencms/sv/venue/?venueid=E15FBAA2-C0CD-9858-4523-F6A4C3FE1D03 HTTP/1.1" 200 87505
183.179.150.46 - - [01/Nov/2024:04:12:21 +0100] "GET /ticket2/opencms/sv/venue/?venueid=E182D4A0-2AF1-84A0-6F36-875410C652B9 HTTP/1.1" 200 87461
37.60.239.40 - - [01/Nov/2024:04:12:23 +0100] "GET /ticket2/opencms/dk/buy/?page=1&edid=01DC58A2-CDD7-A66B-D97D-21A1B390E122&sortorder=asc&column=price HTTP/1.1" 200 98652
183.179.150.46 - - [01/Nov/2024:04:12:27 +0100] "GET /ticket2/opencms/sv/venue/?venueid=E18D9E3C-49FF-D0D7-7808-6EA122B326E7 HTTP/1.1" 200 87529
85.208.96.202 - - [01/Nov/2024:04:12:27 +0100] "GET /ticket2/opencms/robots.txt HTTP/1.1" 200 773
85.208.96.200 - - [01/Nov/2024:04:12:28 +0100] "GET /ticket2/opencms/en/sport/football-tickets/serie_a/empoli/ HTTP/1.1" 200 88487
183.179.150.46 - - [01/Nov/2024:04:12:32 +0100] "GET /ticket2/opencms/sv/venue/?venueid=E1A95987-A971-1F0D-D591-61D0CF30E07F HTTP/1.1" 200 87469
54.36.148.153 - - [01/Nov/2024:04:12:32 +0100] "GET /ticket2/opencms/lt/buy/?page=1&edid=B753AC58-8832-296F-1C07-92C9F45E2BCE HTTP/1.1" 200 98746
37.60.239.40 - - [01/Nov/2024:04:12:32 +0100] "GET /ticket2/opencms/dk/buy/?page=1&edid=02A00A05-668A-B57A-1A9F-B82023F1983A&sortorder=asc&column=row HTTP/1.1" 200 102323
47.128.61.3 - - [01/Nov/2024:04:12:34 +0100] "GET /ticket2/opencms/mt/buy/?edid=B12376C6-BA7F-3D61-F970-EF51106430AB HTTP/1.1" 200 81495
183.179.150.46 - - [01/Nov/2024:04:12:38 +0100] "GET /ticket2/opencms/sv/venue/?venueid=E1C1AF0B-A1AF-29FD-C99C-5BA6293FC199 HTTP/1.1" 200 87455
37.60.239.40 - - [01/Nov/2024:04:12:39 +0100] "GET /ticket2/opencms/dk/buy/?page=1&edid=02E6797B-74DD-6A46-6871-51DA2CCD4C5A&sortorder=desc&column=row HTTP/1.1" 200 98605
183.179.150.46 - - [01/Nov/2024:04:12:43 +0100] "GET /ticket2/opencms/sv/venue/?venueid=E1FDA495-A4B3-5F1B-7AE5-E9A07438E5E1 HTTP/1.1" 200 87460
124.243.180.153 - - [01/Nov/2024:04:12:43 +0100] "GET /ticket2/opencms/uk/sell/?edid=10597F35-2AC7-31D2-FB61-15A36BB6D73B HTTP/1.1" 302 -
37.60.239.40 - - [01/Nov/2024:04:12:47 +0100] "GET /ticket2/opencms/dk/buy/?page=1&edid=0300249E-0859-EC89-FAF2-5149FFD18BE5&sortorder=desc&column=price HTTP/1.1" 200 98677
114.119.130.61 - - [01/Nov/2024:04:12:47 +0100] "GET /ticket2/opencms/en/venue/?venueid=ABC7629B-B021-7AD9-E5DF-AEB2627ACD68 HTTP/1.1" 200 86596
124.243.180.153 - - [01/Nov/2024:04:12:47 +0100] "GET /ticket2/opencms/uk/login/?url=/uk/sell/ HTTP/1.1" 200 90628
188.165.217.198 - - [01/Nov/2024:04:12:48 +0100] "GET /ticket2/opencms/se/robots.txt HTTP/1.1" 404 -
183.179.150.46 - - [01/Nov/2024:04:12:48 +0100] "GET /ticket2/opencms/sv/venue/?venueid=E2096692-E58C-A2FC-0C2A-16356E3525BF HTTP/1.1" 200 87442
54.36.149.39 - - [01/Nov/2024:04:12:51 +0100] "GET /ticket2/opencms/lv/buy/?page=1&edid=397521D5-C7AB-930B-258F-17E9104F07FF HTTP/1.1" 200 102052
40.77.167.60 - - [01/Nov/2024:04:12:51 +0100] "GET /ticket2/opencms/hu/login/?url=/hu/sell/ HTTP/1.1" 200 89501
183.179.150.46 - - [01/Nov/2024:04:12:54 +0100] "GET /ticket2/opencms/sv/venue/?venueid=E27C37A8-B6C5-D44D-C533-C3BD6E0498F9 HTTP/1.1" 200 87481
194.242.57.234 - - [01/Nov/2024:04:12:56 +0100] "GET /ticket2/opencms/se/robots.txt HTTP/1.1" 404 -
37.60.239.40 - - [01/Nov/2024:04:12:57 +0100] "GET /ticket2/opencms/dk/buy/?page=1&edid=03337102-274E-EF7A-5BBB-8B18B768E4C2&sortorder=asc&column=row HTTP/1.1" 200 99956
47.128.62.122 - - [01/Nov/2024:04:12:58 +0100] "GET /ticket2/opencms/el/buy/?catid=06324577-7173-BAB0-146D-E644C912F7C1&comcatid=A17713B6-D984-201A-4143-ED4DB5ED5C2E&npage=2 HTTP/1.1" 200 246467
183.179.150.46 - - [01/Nov/2024:04:12:59 +0100] "GET /ticket2/opencms/sv/venue/?venueid=E2D4E9F9-CC54-5F87-2390-831138B18156 HTTP/1.1" 200 87505
47.128.62.122 - - [01/Nov/2024:04:12:59 +0100] "GET /ticket2/opencms/system/modules/com.gridnine.opencms.ticketbrokerage.site/resources/css/calendar.css HTTP/1.1" 200 6871
85.208.96.202 - - [01/Nov/2024:04:13:01 +0100] "GET /ticket2/opencms/sv/sport/fotbollsbiljetter/la_liga/granada/ HTTP/1.1" 200 89479
173.252.83.15 - - [01/Nov/2024:04:13:03 +0100] "GET /ticket2/opencms/ka/partniori-programa HTTP/1.1" 200 90937
183.179.150.46 - - [01/Nov/2024:04:13:04 +0100] "GET /ticket2/opencms/sv/venue/?venueid=E2FEB47A-C42A-C36E-D3CC-3BB461FF276F HTTP/1.1" 200 87454
37.60.239.40 - - [01/Nov/2024:04:13:06 +0100] "GET /ticket2/opencms/dk/buy/?page=1&edid=03E5D6C8-E351-7D64-EC22-0C91F1D5553C HTTP/1.1" 200 99617
54.36.148.154 - - [01/Nov/2024:04:13:07 +0100] "GET /ticket2/opencms/cs/sport/ HTTP/1.1" 200 96361
183.179.150.46 - - [01/Nov/2024:04:13:10 +0100] "GET /ticket2/opencms/sv/venue/?venueid=E3ABC6CE-4A60-827E-3753-FDF36F1A3D41 HTTP/1.1" 200 87445
37.60.239.40 - - [01/Nov/2024:04:13:14 +0100] "GET /ticket2/opencms/dk/buy/?page=1&edid=0435AA01-DEED-F5D9-39FC-322BF9B9D7E3&sortorder=desc&column=section HTTP/1.1" 200 98790
183.179.150.46 - - [01/Nov/2024:04:13:15 +0100] "GET /ticket2/opencms/sv/venue/?venueid=E3DC73F5-1126-38FA-E59B-75AB73443F20 HTTP/1.1" 200 87452
54.36.148.101 - - [01/Nov/2024:04:13:17 +0100] "GET /ticket2/opencms/mt/buy/?page=1&edid=397521D5-C7AB-930B-258F-17E9104F07FF HTTP/1.1" 200 102153
37.60.239.40 - - [01/Nov/2024:04:13:19 +0100] "GET /ticket2/opencms/dk/buy/?page=1&edid=04413630-8EF6-2C5F-D5B5-862DEDA40F72&sortorder=desc&column=section HTTP/1.1" 200 98766
183.179.150.46 - - [01/Nov/2024:04:13:22 +0100] "GET /ticket2/opencms/sv/venue/?venueid=E4026088-40C0-F304-64D2-D270529B891B HTTP/1.1" 200 87463
47.128.126.199 - - [01/Nov/2024:04:13:23 +0100] "GET /ticket2/opencms/az/buy/?catid=CB847559-7ECA-CC50-D7D2-064AF0C06FB1&comcatid=0A6B8208-FDA4-E929-9D72-5312FD481B76 HTTP/1.1" 200 87532
85.208.96.197 - - [01/Nov/2024:04:13:23 +0100] "GET /ticket2/opencms/fi/urheilu/jalkapallo/ligue_1/ HTTP/1.1" 200 94092
114.119.152.134 - - [01/Nov/2024:04:13:24 +0100] "GET /ticket2/opencms/en/venue/?venueid=D88B1A2D-D4CE-4096-CB58-413C35009F84 HTTP/1.1" 200 86608
37.60.239.40 - - [01/Nov/2024:04:13:25 +0100] "GET /ticket2/opencms/dk/buy/?page=1&edid=0FB0E314-7724-B9C7-6FA0-35E67023F72E&sortorder=desc&column=section HTTP/1.1" 200 101007
188.165.217.198 - - [01/Nov/2024:04:13:26 +0100] "GET /ticket2/opencms/se/sv/sell/?edid=631B7B95-4A80-92E3-56CC-8C92B2697E4D HTTP/1.1" 404 -
183.179.150.46 - - [01/Nov/2024:04:13:27 +0100] "GET /ticket2/opencms/sv/venue/?venueid=E42DAA3B-8D14-C1C2-324E-BD1238E886E9 HTTP/1.1" 200 87449
54.36.148.220 - - [01/Nov/2024:04:13:27 +0100] "GET /ticket2/opencms/pl/buy/?page=1&edid=3F963FD5-1ED2-6ECC-F4D2-23E1A97126FB HTTP/1.1" 200 101690
194.242.57.234 - - [01/Nov/2024:04:13:31 +0100] "GET /ticket2/opencms/se/sv/buy/?page=1&edid=BD6F7BC1-237E-9E9B-0DFF-4AC91197CDED HTTP/1.1" 404 -
