94.23.207.193 - - [01/Nov/2024:00:51:00 +0100] "GET /ticket2/opencms/se/sv/buy/?page=1&edid=FA6E77FD-7B60-427A-8F1A-C8DE18094A0E&sortorder=asc&column=row HTTP/1.1" 404 -
85.208.96.195 - - [01/Nov/2024:00:51:00 +0100] "GET /ticket2/opencms/fi/urheilu/jalkapallo/premier_league/aston_villa/ HTTP/1.1" 200 95291
135.181.180.59 - - [01/Nov/2024:00:51:01 +0100] "GET /ticket2/opencms/fi/buy/?page=1&edid=0F9D6B87-FBA2-98F6-6A11-CBBA4D2A86C1 HTTP/1.1" 200 132912
94.23.207.193 - - [01/Nov/2024:00:51:04 +0100] "GET /ticket2/opencms/se/sv/buy/?page=1&edid=FAC9FF2C-BDFB-9630-300A-95FC3BA9095B&sortorder=asc&column=price HTTP/1.1" 404 -
135.181.180.59 - - [01/Nov/2024:00:51:04 +0100] "GET /ticket2/opencms/fi/buy/?page=1&edid=1046C14E-D95C-B350-CBCD-2ECE5F3DCC46 HTTP/1.1" 200 114020
135.181.180.59 - - [01/Nov/2024:00:51:08 +0100] "GET /ticket2/opencms/fi/buy/?page=1&edid=10597F35-2AC7-31D2-FB61-15A36BB6D73B HTTP/1.1" 200 126301
54.36.149.53 - - [01/Nov/2024:00:51:08 +0100] "GET /ticket2/opencms/be/buy/?page=1&edid=DB78564C-15B8-80D7-4417-3A2B0F9689F8 HTTP/1.1" 200 104050
94.23.207.193 - - [01/Nov/2024:00:51:09 +0100] "GET /ticket2/opencms/se/sv/buy/?page=1&edid=FAC9FF2C-BDFB-9630-300A-95FC3BA9095B&sortorder=asc&column=row HTTP/1.1" 404 -
135.181.180.59 - - [01/Nov/2024:00:51:12 +0100] "GET /ticket2/opencms/fi/buy/?page=1&edid=11EFBC55-130A-2310-B776-C5D86878BDAB HTTP/1.1" 200 130261
94.23.207.193 - - [01/Nov/2024:00:51:13 +0100] "GET /ticket2/opencms/se/sv/buy/?page=1&edid=FAC9FF2C-BDFB-9630-300A-95FC3BA9095B&sortorder=asc&column=section HTTP/1.1" 404 -
135.181.180.59 - - [01/Nov/2024:00:51:15 +0100] "GET /ticket2/opencms/fi/buy/?page=1&edid=150C2B47-38EB-0C0E-C664-5F863E9426DB HTTP/1.1" 200 125374
94.23.207.193 - - [01/Nov/2024:00:51:17 +0100] "GET /ticket2/opencms/se/sv/buy/?page=1&edid=FB730AA6-A470-8EFB-27FE-924D530AC7B8&sortorder=asc&column=row HTTP/1.1" 404 -
54.36.148.106 - - [01/Nov/2024:00:51:18 +0100] "GET /ticket2/opencms/bg/buy/?page=1&edid=8D24B546-C583-0AE0-A1BF-4A34E2FE9CC5 HTTP/1.1" 200 103913
135.181.180.59 - - [01/Nov/2024:00:51:19 +0100] "GET /ticket2/opencms/fi/buy/?page=1&edid=159AEE85-969E-7453-4999-69FCFD2915E6 HTTP/1.1" 200 130950
135.181.180.59 - - [01/Nov/2024:00:51:22 +0100] "GET /ticket2/opencms/fi/buy/?page=1&edid=160DAC9A-2A77-6FDC-52B8-296352B1ABF1 HTTP/1.1" 200 125727
54.36.148.206 - - [01/Nov/2024:00:51:23 +0100] "GET /ticket2/opencms/bg/buy/?page=1&edid=BAABB633-B2E8-EF46-E62A-5B4F0947927C HTTP/1.1" 200 103904
94.23.207.193 - - [01/Nov/2024:00:51:23 +0100] "GET /ticket2/opencms/se/sv/buy/?page=1&edid=FB730AA6-A470-8EFB-27FE-924D530AC7B8&sortorder=asc&column=section HTTP/1.1" 404 -
135.181.180.59 - - [01/Nov/2024:00:51:26 +0100] "GET /ticket2/opencms/fi/buy/?page=1&edid=19422468-9239-E426-DB02-7FA0504E2BEC HTTP/1.1" 200 130251
94.23.207.193 - - [01/Nov/2024:00:51:28 +0100] "GET /ticket2/opencms/se/sv/buy/?page=1&edid=FB9C07E8-25C7-0E6C-87A2-CAD64ADBE697&sortorder=asc&column=row HTTP/1.1" 404 -
51.222.253.16 - - [01/Nov/2024:00:51:28 +0100] "GET /ticket2/opencms/robots.txt HTTP/1.1" 200 773
135.181.180.59 - - [01/Nov/2024:00:51:29 +0100] "GET /ticket2/opencms/fi/buy/?page=1&edid=1ABC406A-92BD-FDCF-3BD6-80A52E60B34F HTTP/1.1" 200 135198
94.23.207.193 - - [01/Nov/2024:00:51:32 +0100] "GET /ticket2/opencms/se/sv/buy/?page=1&edid=FB9C07E8-25C7-0E6C-87A2-CAD64ADBE697&sortorder=asc&column=section HTTP/1.1" 404 -
114.119.141.178 - - [01/Nov/2024:00:51:36 +0100] "GET /ticket2/opencms/en/buy/?page=1&edid=5F78C39B-4186-FE18-0E0D-7E9A9CDFF515 HTTP/1.1" 200 99948
54.36.148.95 - - [01/Nov/2024:00:51:36 +0100] "GET /ticket2/opencms/bs/buy/?page=1&edid=E09857B3-0F9E-7B02-8232-83B35FF16CE1 HTTP/1.1" 200 98487
94.23.207.193 - - [01/Nov/2024:00:51:38 +0100] "GET /ticket2/opencms/se/sv/buy/?page=1&edid=FBDF2F5C-22EC-57CA-6C70-110C2200E452&sortorder=asc&column=price HTTP/1.1" 404 -
85.208.96.206 - - [01/Nov/2024:00:51:39 +0100] "GET /ticket2/opencms/bs/buy?page=1 HTTP/1.1" 200 4403
94.23.207.193 - - [01/Nov/2024:00:51:41 +0100] "GET /ticket2/opencms/se/sv/buy/?page=1&edid=FBDF2F5C-22EC-57CA-6C70-110C2200E452&sortorder=asc&column=row HTTP/1.1" 404 -
54.36.149.89 - - [01/Nov/2024:00:51:44 +0100] "GET /ticket2/opencms/bs/buy/?page=1&edid=F6F96A56-F5DB-5CCB-7CBF-891CB25B6D4A HTTP/1.1" 200 98485
94.23.207.193 - - [01/Nov/2024:00:51:45 +0100] "GET /ticket2/opencms/se/sv/buy/?page=1&edid=FBE996A6-C796-D456-AEF9-77A7DD0E617C&sortorder=asc&column=price HTTP/1.1" 404 -
135.181.180.59 - - [01/Nov/2024:00:51:48 +0100] "GET /ticket2/opencms/fi/buy/?page=1&edid=1AD4E11C-C792-1721-4D1A-2229101A30FD HTTP/1.1" 200 135202
94.23.207.193 - - [01/Nov/2024:00:51:50 +0100] "GET /ticket2/opencms/se/sv/buy/?page=1&edid=FBE996A6-C796-D456-AEF9-77A7DD0E617C&sortorder=asc&column=row HTTP/1.1" 404 -
54.36.149.27 - - [01/Nov/2024:00:51:51 +0100] "GET /ticket2/opencms/sq/buy/?page=1&edid=E8FB6514-EFD8-EB72-BE17-25BC8A0EBD80 HTTP/1.1" 200 108163
72.14.199.231 - - [01/Nov/2024:00:51:51 +0100] "GET /ticket2/opencms/system/modules/com.gridnine.opencms.ticketbrokerage.site/resources/css/jquery-ui.css HTTP/1.1" 304 -
135.181.180.59 - - [01/Nov/2024:00:51:51 +0100] "GET /ticket2/opencms/fi/buy/?page=1&edid=1AEC2618-DE69-59D6-4D54-AF36D227A6D5 HTTP/1.1" 200 111837
72.14.199.231 - - [01/Nov/2024:00:51:52 +0100] "GET /ticket2/opencms/system/modules/com.gridnine.opencms.ticketbrokerage.site/resources/js/jquery.fancybox.pack.js HTTP/1.1" 304 -
47.128.97.177 - - [01/Nov/2024:00:51:53 +0100] "GET /ticket2/opencms/en/buy?catid=A34BCF61-E19C-5C5C-445E-06F3749E1EF4&comcatid=B41CCF2B-5558-7AEE-3602-09BBDE417D65 HTTP/1.1" 200 84246
135.181.180.59 - - [01/Nov/2024:00:51:55 +0100] "GET /ticket2/opencms/fi/buy/?page=1&edid=20146FB3-A7AB-AA61-9E1A-7C70A530633D HTTP/1.1" 200 115405
72.14.199.231 - - [01/Nov/2024:00:51:56 +0100] "GET /ticket2/opencms/img/icons/se.png HTTP/1.1" 304 -
94.23.207.193 - - [01/Nov/2024:00:51:57 +0100] "GET /ticket2/opencms/se/sv/buy/?page=1&edid=FBE996A6-C796-D456-AEF9-77A7DD0E617C&sortorder=asc&column=section HTTP/1.1" 404 -
72.14.199.232 - - [01/Nov/2024:00:51:58 +0100] "GET /ticket2/opencms/img/icons/en.png HTTP/1.1" 304 -
135.181.180.59 - - [01/Nov/2024:00:51:59 +0100] "GET /ticket2/opencms/fi/buy/?page=1&edid=2197E523-8740-2A01-BD5D-12E3C3F2DBFE HTTP/1.1" 200 136400
94.23.207.193 - - [01/Nov/2024:00:52:02 +0100] "GET /ticket2/opencms/se/sv/buy/?page=6&comcatid=A17713B6-D984-201A-4143-ED4DB5ED5C2E&catid=8AA488FA-6797-D710-8108-3088D6948FC1 HTTP/1.1" 404 -
54.36.149.53 - - [01/Nov/2024:00:52:02 +0100] "GET /ticket2/opencms/cs/buy/?page=1&edid=5130AA30-8F4F-96F4-18F0-73196247FCC5 HTTP/1.1" 200 98571
135.181.180.59 - - [01/Nov/2024:00:52:03 +0100] "GET /ticket2/opencms/fi/buy/?page=1&edid=25666712-CB7E-CDDD-4626-F1CD96C38316 HTTP/1.1" 200 135199
72.14.199.231 - - [01/Nov/2024:00:52:04 +0100] "GET /ticket2/opencms/img/icons/fi.png HTTP/1.1" 304 -
72.14.199.231 - - [01/Nov/2024:00:52:05 +0100] "GET /ticket2/opencms/img/icons/no.png HTTP/1.1" 304 -
135.181.180.59 - - [01/Nov/2024:00:52:06 +0100] "GET /ticket2/opencms/fi/buy/?page=1&edid=26467E66-E432-3709-0425-A75E81B5021A HTTP/1.1" 200 130925
54.36.149.16 - - [01/Nov/2024:00:52:07 +0100] "GET /ticket2/opencms/sq/buy/?page=1&edid=F34F0F82-8666-22C0-D441-2DD1CFDD313F HTTP/1.1" 200 104813
72.14.199.231 - - [01/Nov/2024:00:52:08 +0100] "GET /ticket2/opencms/img/icons/dk.png HTTP/1.1" 304 -
85.208.96.212 - - [01/Nov/2024:00:52:08 +0100] "GET /ticket2/opencms/fi/urheilu/ HTTP/1.1" 200 92610
52.167.144.156 - - [01/Nov/2024:00:52:09 +0100] "GET /ticket2/opencms/az/buy?page=1&edid=A492339E-0658-D77B-570A-6146F24F8C0A HTTP/1.1" 200 110998
135.181.180.59 - - [01/Nov/2024:00:52:10 +0100] "GET /ticket2/opencms/fi/buy/?page=1&edid=2684212B-FA50-DC4B-3CFA-1303E9638140 HTTP/1.1" 200 120563
54.36.148.173 - - [01/Nov/2024:00:52:11 +0100] "GET /ticket2/opencms/sq/buy/?page=1&edid=F7607B70-C7D1-859A-AF1D-90ACBF6F99CC HTTP/1.1" 200 108163
94.23.207.193 - - [01/Nov/2024:00:52:11 +0100] "GET /ticket2/opencms/se/sv/buy/?page=6&comcatid=A17713B6-D984-201A-4143-ED4DB5ED5C2E&catid=A3372871-3019-08B8-80CE-74B78F441ACA HTTP/1.1" 404 -
72.14.199.231 - - [01/Nov/2024:00:52:12 +0100] "GET /ticket2/opencms/img/icons/globe-white.png HTTP/1.1" 304 -
135.181.180.59 - - [01/Nov/2024:00:52:13 +0100] "GET /ticket2/opencms/fi/buy/?page=1&edid=294968E7-670E-500D-EF6F-F776CC397F5A HTTP/1.1" 200 111245
52.167.144.160 - - [01/Nov/2024:00:52:14 +0100] "GET /ticket2/opencms/et/buy/?page=1&edid=BF8D38D6-BFC5-94DC-F957-47D6FB3C9AF0 HTTP/1.1" 200 97863
72.14.199.231 - - [01/Nov/2024:00:52:15 +0100] "GET /ticket2/opencms/img/icons/nl.png HTTP/1.1" 304 -
94.23.207.193 - - [01/Nov/2024:00:52:15 +0100] "GET /ticket2/opencms/se/sv/buy/?page=6&comcatid=A17713B6-D984-201A-4143-ED4DB5ED5C2E&catid=A4D9EA9A-192D-0274-BF26-9C98D8B902AB HTTP/1.1" 404 -
135.181.180.59 - - [01/Nov/2024:00:52:17 +0100] "GET /ticket2/opencms/fi/buy/?page=1&edid=299450E2-FDAD-4E2B-0058-6290A7A2B57D HTTP/1.1" 200 136412
54.36.148.30 - - [01/Nov/2024:00:52:18 +0100] "GET /ticket2/opencms/sq/buy/?page=1&edid=FCF728A3-440F-219A-F294-671476E9F932 HTTP/1.1" 200 104808
47.128.63.140 - - [01/Nov/2024:00:52:19 +0100] "GET /ticket2/opencms/fr/magazine/article?title=le-talent-suedois-lucas-bergvall-signe-pour-tottenham-hotspur HTTP/1.1" 200 92483
135.181.180.59 - - [01/Nov/2024:00:52:20 +0100] "GET /ticket2/opencms/fi/buy/?page=1&edid=2A51ECF8-5DB5-F349-CC30-BF574AC78AE1 HTTP/1.1" 200 111253
72.14.199.231 - - [01/Nov/2024:00:52:20 +0100] "GET /ticket2/opencms/img/icons/de.png HTTP/1.1" 304 -
94.23.207.193 - - [01/Nov/2024:00:52:21 +0100] "GET /ticket2/opencms/se/sv/buy/?page=6&comcatid=A17713B6-D984-201A-4143-ED4DB5ED5C2E&catid=A7674DEA-B39E-502C-2F76-760AE08947E9 HTTP/1.1" 404 -
72.14.199.231 - - [01/Nov/2024:00:52:21 +0100] "GET /ticket2/opencms/img/icons/fr.png HTTP/1.1" 304 -
52.167.144.24 - - [01/Nov/2024:00:52:23 +0100] "GET /ticket2/opencms/bg/buy/?page=1&edid=FF0F20E9-4ECC-8A4E-F200-09858CA7BE69 HTTP/1.1" 200 104095
47.128.63.140 - - [01/Nov/2024:00:52:23 +0100] "GET /ticket2/opencms/img/tottenham_hug.jpg HTTP/1.1" 200 170886
135.181.180.59 - - [01/Nov/2024:00:52:24 +0100] "GET /ticket2/opencms/fi/buy/?page=1&edid=2B44308E-1778-CFAE-7385-18758823F6EB HTTP/1.1" 200 135199
54.36.149.52 - - [01/Nov/2024:00:52:24 +0100] "GET /ticket2/opencms/el/buy/?page=1&edid=7C42EA11-98ED-FE3B-C61D-8A61C7F14A1C HTTP/1.1" 200 101251
94.23.207.193 - - [01/Nov/2024:00:52:26 +0100] "GET /ticket2/opencms/se/sv/buy/?page=6&comcatid=A17713B6-D984-201A-4143-ED4DB5ED5C2E&catid=AE3FE643-AE41-BAA6-237D-5206D1B044A1 HTTP/1.1" 404 -
135.181.180.59 - - [01/Nov/2024:00:52:27 +0100] "GET /ticket2/opencms/fi/buy/?page=1&edid=2CEA0497-8D50-22F6-0E98-33BE3EC14F1E HTTP/1.1" 200 101495
72.14.199.231 - - [01/Nov/2024:00:52:27 +0100] "GET /ticket2/opencms/img/icons/es.png HTTP/1.1" 304 -
72.14.199.231 - - [01/Nov/2024:00:52:28 +0100] "GET /ticket2/opencms/img/icons/it.png HTTP/1.1" 304 -
94.23.207.193 - - [01/Nov/2024:00:52:30 +0100] "GET /ticket2/opencms/se/sv/buy/?page=6&comcatid=A17713B6-D984-201A-4143-ED4DB5ED5C2E&catid=B0817F4C-4B6F-A68C-6229-209BB05F84D4 HTTP/1.1" 404 -
135.181.180.59 - - [01/Nov/2024:00:52:30 +0100] "GET /ticket2/opencms/fi/buy/?page=1&edid=32359E59-20A4-8706-5D64-A284D441A719 HTTP/1.1" 200 113760
85.208.96.197 - - [01/Nov/2024:00:52:32 +0100] "GET /ticket2/opencms/robots.txt HTTP/1.1" 200 773
185.191.171.4 - - [01/Nov/2024:00:52:33 +0100] "GET /ticket2/opencms/sv/magazine/article?title=la-liga-real-madrid-vunnit-flest-titlar HTTP/1.1" 200 91711
72.14.199.231 - - [01/Nov/2024:00:52:34 +0100] "GET /ticket2/opencms/img/icons/pl.png HTTP/1.1" 304 -
135.181.180.59 - - [01/Nov/2024:00:52:34 +0100] "GET /ticket2/opencms/fi/buy/?page=1&edid=3289C097-2261-9433-8644-DF033A9EE354 HTTP/1.1" 200 130920
72.14.199.231 - - [01/Nov/2024:00:52:35 +0100] "GET /ticket2/opencms/img/icons/sq.png HTTP/1.1" 304 -
47.128.121.8 - - [01/Nov/2024:00:52:35 +0100] "GET /ticket2/opencms/is/buy/?edid=7D62C8D6-8DC2-0BAA-B7B9-AB09CD79241A HTTP/1.1" 200 81480
157.55.39.63 - - [01/Nov/2024:00:52:36 +0100] "GET /ticket2/opencms/fi/sell/?edid=85C49B56-0E7B-16F6-66E3-E0CA735F0D13 HTTP/1.1" 302 -
54.36.148.23 - - [01/Nov/2024:00:52:37 +0100] "GET /ticket2/opencms/el/buy/?page=1&edid=DABBB04A-934B-281D-ABA7-8CACF7859BC6 HTTP/1.1" 200 101254
135.181.180.59 - - [01/Nov/2024:00:52:38 +0100] "GET /ticket2/opencms/fi/buy/?page=1&edid=341262D8-7A59-5821-1DA8-A5F36D843BF9 HTTP/1.1" 200 132798
157.55.39.63 - - [01/Nov/2024:00:52:39 +0100] "GET /ticket2/opencms/fi/login/?url=/fi/sell/ HTTP/1.1" 200 90129
94.23.207.193 - - [01/Nov/2024:00:52:39 +0100] "GET /ticket2/opencms/se/sv/buy/?page=1&edid=1CD45B26-42BC-1DAA-4F00-6506E7EEA7FD&sortorder=desc&column=row HTTP/1.1" 404 -
72.14.199.231 - - [01/Nov/2024:00:52:40 +0100] "GET /ticket2/opencms/img/icons/hy.png HTTP/1.1" 304 -
135.181.180.59 - - [01/Nov/2024:00:52:41 +0100] "GET /ticket2/opencms/fi/buy/?page=1&edid=348C0D4F-C07E-3755-DFEC-416D881A5AC9 HTTP/1.1" 200 111846
72.14.199.231 - - [01/Nov/2024:00:52:43 +0100] "GET /ticket2/opencms/img/icons/et.png HTTP/1.1" 200 754
47.128.55.73 - - [01/Nov/2024:00:52:43 +0100] "GET /ticket2/opencms/et/buy/?catid=2E79AED8-FF58-B4E8-AFB0-43E7CEBE7864&comcatid=97ECA65A-72DA-F9AF-9DBB-245D3CFED1BE HTTP/1.1" 200 88728
135.181.180.59 - - [01/Nov/2024:00:52:44 +0100] "GET /ticket2/opencms/fi/buy/?page=1&edid=3583D5C7-607A-E528-A709-844E6A72DC1B HTTP/1.1" 200 130927
54.36.148.65 - - [01/Nov/2024:00:52:46 +0100] "GET /ticket2/opencms/el/buy/?page=1&edid=E09857B3-0F9E-7B02-8232-83B35FF16CE1 HTTP/1.1" 200 101258
94.23.207.193 - - [01/Nov/2024:00:52:47 +0100] "GET /ticket2/opencms/se/sv/buy/?page=1&edid=1CD45B26-42BC-1DAA-4F00-6506E7EEA7FD&sortorder=desc&column=section HTTP/1.1" 404 -
135.181.180.59 - - [01/Nov/2024:00:52:48 +0100] "GET /ticket2/opencms/fi/buy/?page=1&edid=36B8587B-9BD4-1599-9368-E59F9780F9A9 HTTP/1.1" 200 135196
173.244.160.66 - - [01/Nov/2024:00:52:50 +0100] "GET /ticket2/opencms/no/sport/fotballsbilletter/premier_league/arsenal/?gad_source=5 HTTP/1.1" 200 96735
52.167.144.156 - - [01/Nov/2024:00:52:50 +0100] "GET /ticket2/opencms/en/venue/?venueid=BA7F5070-8E85-86F6-14CE-D436C8666BBE HTTP/1.1" 200 86603
135.181.180.59 - - [01/Nov/2024:00:52:51 +0100] "GET /ticket2/opencms/fi/buy/?page=1&edid=3B157B14-2ACC-30A7-0D5C-8313AB0A1A32 HTTP/1.1" 200 125370
135.181.180.59 - - [01/Nov/2024:00:52:55 +0100] "GET /ticket2/opencms/fi/buy/?page=1&edid=3F2482EE-6B7A-310D-17CE-1C7E3CC58C7F HTTP/1.1" 200 111838
94.23.207.193 - - [01/Nov/2024:00:52:55 +0100] "GET /ticket2/opencms/se/sv/buy/?page=1&edid=1F0062E5-B41B-134F-9FBF-4A7B26C9CCE3&sortorder=desc&column=row HTTP/1.1" 404 -
54.36.149.29 - - [01/Nov/2024:00:52:57 +0100] "GET /ticket2/opencms/el/buy/?page=1&edid=F6F96A56-F5DB-5CCB-7CBF-891CB25B6D4A HTTP/1.1" 200 101256
135.181.180.59 - - [01/Nov/2024:00:52:58 +0100] "GET /ticket2/opencms/fi/buy/?page=1&edid=41CD7066-237A-B852-387D-3D5D7B688DF9 HTTP/1.1" 200 130254
94.23.207.193 - - [01/Nov/2024:00:53:02 +0100] "GET /ticket2/opencms/se/sv/buy/?page=1&edid=1FCB4B3B-2F91-5FA8-7C18-A8B33BC1BAEA HTTP/1.1" 404 -
135.181.180.59 - - [01/Nov/2024:00:53:02 +0100] "GET /ticket2/opencms/fi/buy/?page=1&edid=4660DE29-C3F1-FFBE-5E6B-4C74E874EC91 HTTP/1.1" 200 126035
54.36.149.18 - - [01/Nov/2024:00:53:05 +0100] "GET /ticket2/opencms/et/buy/?page=1&edid=D2F30FD8-0864-E7E5-43A2-A4369C9456A3 HTTP/1.1" 200 98527
135.181.180.59 - - [01/Nov/2024:00:53:05 +0100] "GET /ticket2/opencms/fi/buy/?page=1&edid=47E4C29F-87ED-56B6-4058-D325184E756B HTTP/1.1" 200 134926
94.23.207.193 - - [01/Nov/2024:00:53:08 +0100] "GET /ticket2/opencms/se/sv/buy/?page=1&edid=3D04CA40-DFC2-CAD0-691F-59BC78A9B973&sortorder=desc&column=price HTTP/1.1" 404 -
47.128.24.124 - - [01/Nov/2024:00:53:08 +0100] "GET /ticket2/opencms/bg/buy/?catid=1DB7F66B-473B-B427-F752-358FEEFE8EC0&comcatid=0A6B8208-FDA4-E929-9D72-5312FD481B76 HTTP/1.1" 200 87950
135.181.180.59 - - [01/Nov/2024:00:53:09 +0100] "GET /ticket2/opencms/fi/buy/?page=1&edid=47EBAE6F-817A-37A2-D93C-48B4FE4F8A77 HTTP/1.1" 200 125370
54.36.149.65 - - [01/Nov/2024:00:53:10 +0100] "GET /ticket2/opencms/et/buy/?page=1&edid=DABBB04A-934B-281D-ABA7-8CACF7859BC6 HTTP/1.1" 200 98512
66.56.89.219 - - [01/Nov/2024:00:53:11 +0100] "GET /ticket2/opencms/robots.txt HTTP/1.1" 200 773
52.167.144.192 - - [01/Nov/2024:00:53:12 +0100] "GET /ticket2/opencms/fr/standard/ HTTP/1.1" 500 -
135.181.180.59 - - [01/Nov/2024:00:53:12 +0100] "GET /ticket2/opencms/fi/buy/?page=1&edid=490280ED-96FA-5EC6-1DCC-A75EC34A3EFC HTTP/1.1" 200 111240
94.23.207.193 - - [01/Nov/2024:00:53:13 +0100] "GET /ticket2/opencms/se/sv/buy/?page=1&edid=3D04CA40-DFC2-CAD0-691F-59BC78A9B973&sortorder=desc&column=row HTTP/1.1" 404 -
135.181.180.59 - - [01/Nov/2024:00:53:16 +0100] "GET /ticket2/opencms/fi/buy/?page=1&edid=492C270D-AAEA-3890-F385-951BFDA8F433 HTTP/1.1" 200 114020
114.119.135.251 - - [01/Nov/2024:00:53:17 +0100] "GET /ticket2/opencms/en/venue/?venueid=41578BAC-B3C6-A54C-C6C5-8BDAB9EF23A9 HTTP/1.1" 200 86669
54.36.148.185 - - [01/Nov/2024:00:53:19 +0100] "GET /ticket2/opencms/ga/buy/?page=1&edid=D2F30FD8-0864-E7E5-43A2-A4369C9456A3 HTTP/1.1" 200 99083
37.123.143.11 - - [01/Nov/2024:00:53:19 +0100] "POST /ticket2/opencms/system/workplace/editors/editor_main.jsp HTTP/1.1" 200 928
135.181.180.59 - - [01/Nov/2024:00:53:19 +0100] "GET /ticket2/opencms/fi/buy/?page=1&edid=4DFD725A-4EAE-5578-E2C8-F093AEA223CD HTTP/1.1" 200 130923
37.123.143.11 - - [01/Nov/2024:00:53:19 +0100] "GET /ticket2/opencms/system/workplace/views/top_js.jsp HTTP/1.1" 200 7389
37.123.143.11 - - [01/Nov/2024:00:53:19 +0100] "GET /ticket2/opencms/system/workplace/views/top_head.jsp?wpFrame=head HTTP/1.1" 200 8556
37.123.143.11 - - [01/Nov/2024:00:53:19 +0100] "GET /ticket2/opencms/system/workplace/views/explorer/explorer_fs.jsp?wpFrame=body HTTP/1.1" 200 448
37.123.143.11 - - [01/Nov/2024:00:53:19 +0100] "GET /ticket2/opencms/system/workplace/views/top_foot.jsp?wpFrame=foot HTTP/1.1" 200 1210
37.123.143.11 - - [01/Nov/2024:00:53:19 +0100] "GET /ticket2/opencms/system/workplace/commons/style/workplace.css HTTP/1.1" 200 14209
37.123.143.11 - - [01/Nov/2024:00:53:19 +0100] "GET /ticket2/opencms/system/workplace/views/explorer/explorer_body_fs.jsp HTTP/1.1" 200 400
37.123.143.11 - - [01/Nov/2024:00:53:19 +0100] "GET /ticket2/opencms/system/workplace/commons/style/workplace.css HTTP/1.1" 200 14209
37.123.143.11 - - [01/Nov/2024:00:53:19 +0100] "GET /ticket2/opencms/system/workplace/views/explorer/tree_fs.jsp HTTP/1.1" 200 3861
37.123.143.11 - - [01/Nov/2024:00:53:19 +0100] "GET /ticket2/opencms/system/workplace/views/explorer/explorer_files.jsp?mode=explorerview HTTP/1.1" 200 1012
37.123.143.11 - - [01/Nov/2024:00:53:19 +0100] "GET /ticket2/opencms/system/workplace/commons/style/workplace.css HTTP/1.1" 200 14209
37.123.143.11 - - [01/Nov/2024:00:53:19 +0100] "GET /ticket2/opencms/system/workplace/views/explorer/tree_files.jsp?resource=/ HTTP/1.1" 200 3335
94.23.207.193 - - [01/Nov/2024:00:53:21 +0100] "GET /ticket2/opencms/se/sv/buy/?page=1&edid=3D04CA40-DFC2-CAD0-691F-59BC78A9B973&sortorder=desc&column=section HTTP/1.1" 404 -
37.123.143.11 - - [01/Nov/2024:00:53:21 +0100] "GET /ticket2/opencms/system/workplace/commons/displayresource.jsp?resource=/system/modules/com.gridnine.opencms.ticketbrokerage.site/elements/seo/href-lang.jsp HTTP/1.1" 302 -
37.123.143.11 - - [01/Nov/2024:00:53:21 +0100] "GET /ticket2/opencms/system/modules/com.gridnine.opencms.ticketbrokerage.site/elements/seo/href-lang.jsp HTTP/1.1" 200 9216
37.123.143.11 - - [01/Nov/2024:00:53:21 +0100] "GET /ticket2/opencms/system/workplace/commons/style/workplace.css HTTP/1.1" 200 14209
37.123.143.11 - - [01/Nov/2024:00:53:21 +0100] "GET /ticket2/opencms/system/workplace/resources/commons/error.png HTTP/1.1" 200 1891
135.181.180.59 - - [01/Nov/2024:00:53:23 +0100] "GET /ticket2/opencms/fi/buy/?page=1&edid=50D37B13-6F20-71F9-54D9-90E7B6C8DECF HTTP/1.1" 200 129579
135.181.180.59 - - [01/Nov/2024:00:53:26 +0100] "GET /ticket2/opencms/fi/buy/?page=1&edid=55D1893A-18D7-BF3D-C95C-B7BB78833B39 HTTP/1.1" 200 125371
94.23.207.193 - - [01/Nov/2024:00:53:28 +0100] "GET /ticket2/opencms/se/sv/buy/?page=1&edid=4450F829-67E1-43AD-8A34-CCE281E5AF9E&sortorder=desc&column=row HTTP/1.1" 404 -
135.181.180.59 - - [01/Nov/2024:00:53:30 +0100] "GET /ticket2/opencms/fi/buy/?page=1&edid=56062CAE-66F5-81C7-DD42-F372CD5AE180 HTTP/1.1" 200 126300
47.128.62.83 - - [01/Nov/2024:00:53:32 +0100] "GET /ticket2/opencms/az/buy/?catid=FCA7FF95-260A-464B-B6FF-A820FCE7DFEF&comcatid=0A6B8208-FDA4-E929-9D72-5312FD481B76 HTTP/1.1" 200 87532
37.123.143.11 - - [01/Nov/2024:00:53:33 +0100] "POST /ticket2/opencms/system/workplace/views/explorer/contextmenu.jsp HTTP/1.1" 200 4485
135.181.180.59 - - [01/Nov/2024:00:53:33 +0100] "GET /ticket2/opencms/fi/buy/?page=1&edid=56B38CDE-C52C-9D5C-A997-D65F4CB742AB HTTP/1.1" 200 130919
154.13.222.239 - - [01/Nov/2024:00:53:34 +0100] "GET /ticket2/opencms/es/deporte/entradas-futbol/premier-league/west-ham-united HTTP/1.1" 200 99155
94.23.207.193 - - [01/Nov/2024:00:53:34 +0100] "GET /ticket2/opencms/se/sv/buy/?page=1&edid=51B2CB32-7951-739E-6893-05415B594B46&sortorder=desc&column=price HTTP/1.1" 404 -
37.123.143.11 - - [01/Nov/2024:00:53:35 +0100] "POST /ticket2/opencms/system/workplace/editors/editor.jsp HTTP/1.1" 200 944
37.123.143.11 - - [01/Nov/2024:00:53:36 +0100] "GET /ticket2/opencms/system/workplace/views/top_foot.jsp HTTP/1.1" 200 1210
37.123.143.11 - - [01/Nov/2024:00:53:36 +0100] "GET /ticket2/opencms/system/workplace/editors/editor_main.jsp?resourcelist=&resource=%2Fsystem%2Fmodules%2Fcom.gridnine.opencms.ticketbrokerage.site%2Felements%2Fseo%2Fhref-lang.jsp HTTP/1.1" 200 22187
37.123.143.11 - - [01/Nov/2024:00:53:36 +0100] "GET /ticket2/opencms/system/workplace/commons/style/workplace.css HTTP/1.1" 200 14209
37.123.143.11 - - [01/Nov/2024:00:53:36 +0100] "GET /ticket2/opencms/system/workplace/commons/style/workplace.css HTTP/1.1" 200 14209
135.181.180.59 - - [01/Nov/2024:00:53:37 +0100] "GET /ticket2/opencms/fi/buy/?page=1&edid=56BC3965-276E-354F-1EDA-8AF4681F5BD5 HTTP/1.1" 200 115414
135.181.180.59 - - [01/Nov/2024:00:53:40 +0100] "GET /ticket2/opencms/fi/buy/?page=1&edid=57449F59-3EAF-BBAB-4AC9-B7A456A32485 HTTP/1.1" 200 114019
94.23.207.193 - - [01/Nov/2024:00:53:41 +0100] "GET /ticket2/opencms/se/sv/buy/?page=1&edid=51B2CB32-7951-739E-6893-05415B594B46&sortorder=desc&column=row HTTP/1.1" 404 -
54.36.149.95 - - [01/Nov/2024:00:53:43 +0100] "GET /ticket2/opencms/hr/buy/?page=1&edid=E09857B3-0F9E-7B02-8232-83B35FF16CE1 HTTP/1.1" 200 98515
85.208.96.200 - - [01/Nov/2024:00:53:43 +0100] "GET /ticket2/opencms/pl/sport/bilety-futbol/english-championship/sheffield-wednesday/ HTTP/1.1" 200 105065
135.181.180.59 - - [01/Nov/2024:00:53:44 +0100] "GET /ticket2/opencms/fi/buy/?page=1&edid=57C8D150-DCBD-4911-196A-160A37952FA8 HTTP/1.1" 200 130249
94.23.207.193 - - [01/Nov/2024:00:53:46 +0100] "GET /ticket2/opencms/se/sv/buy/?page=1&edid=51B2CB32-7951-739E-6893-05415B594B46&sortorder=desc&column=section HTTP/1.1" 404 -
135.181.180.59 - - [01/Nov/2024:00:53:47 +0100] "GET /ticket2/opencms/fi/buy/?page=1&edid=5841328A-911D-5943-EBD4-7800C7848F54 HTTP/1.1" 200 111239
54.36.148.8 - - [01/Nov/2024:00:53:49 +0100] "GET /ticket2/opencms/sr/buy/?page=1&edid=039D4473-D662-2ED5-D620-F30FCE116F43 HTTP/1.1" 200 102098
135.181.180.59 - - [01/Nov/2024:00:53:50 +0100] "GET /ticket2/opencms/fi/buy/?page=1&edid=59C05F18-21F2-267C-D1EB-43CE0819C99D HTTP/1.1" 200 115411
94.23.207.193 - - [01/Nov/2024:00:53:51 +0100] "GET /ticket2/opencms/se/sv/buy/?page=1&edid=5334896C-C3F5-3C15-5145-9352C3FF461E&sortorder=desc&column=price HTTP/1.1" 404 -
135.181.180.59 - - [01/Nov/2024:00:53:54 +0100] "GET /ticket2/opencms/fi/buy/?page=1&edid=5CBB442D-D365-7F4F-B999-AA88D946C632 HTTP/1.1" 200 130923
54.36.149.86 - - [01/Nov/2024:00:53:55 +0100] "GET /ticket2/opencms/is/buy/?page=1&edid=5130AA30-8F4F-96F4-18F0-73196247FCC5 HTTP/1.1" 200 98808
47.128.127.10 - - [01/Nov/2024:00:53:56 +0100] "GET /ticket2/opencms/mt/buy/?catid=F7FF413B-5FDF-82CF-E5BB-CD4AB6027974&comcatid=97ECA65A-72DA-F9AF-9DBB-245D3CFED1BE HTTP/1.1" 200 88784
135.181.180.59 - - [01/Nov/2024:00:53:57 +0100] "GET /ticket2/opencms/fi/buy/?page=1&edid=5E608C7A-903B-E4BB-4868-5D83917347B8 HTTP/1.1" 200 134533
94.23.207.193 - - [01/Nov/2024:00:53:59 +0100] "GET /ticket2/opencms/se/sv/buy/?page=1&edid=5334896C-C3F5-3C15-5145-9352C3FF461E&sortorder=desc&column=row HTTP/1.1" 404 -
135.181.180.59 - - [01/Nov/2024:00:54:00 +0100] "GET /ticket2/opencms/fi/buy/?page=1&edid=627DD27E-C54C-E728-A0EA-5E098C44319A HTTP/1.1" 200 111838
135.181.180.59 - - [01/Nov/2024:00:54:04 +0100] "GET /ticket2/opencms/fi/buy/?page=1&edid=65603CB8-D89B-8162-91B3-4F3F1A541713 HTTP/1.1" 200 115414
54.36.149.24 - - [01/Nov/2024:00:54:06 +0100] "GET /ticket2/opencms/sr/buy/?page=1&edid=582C4192-AED1-C43A-6B53-0F2BB3B8E830 HTTP/1.1" 200 99124
185.191.171.9 - - [01/Nov/2024:00:54:06 +0100] "GET /ticket2/opencms/ga/faq/ HTTP/1.1" 200 88753
173.252.83.114 - - [01/Nov/2024:00:54:06 +0100] "GET /ticket2/opencms/mo/buy?page=1&edid=D96122AD-C3AA-80F5-DDA8-935E03AE952D HTTP/1.1" 200 124989
94.23.207.193 - - [01/Nov/2024:00:54:07 +0100] "GET /ticket2/opencms/se/sv/buy/?page=1&edid=5334896C-C3F5-3C15-5145-9352C3FF461E&sortorder=desc&column=section HTTP/1.1" 404 -
135.181.180.59 - - [01/Nov/2024:00:54:07 +0100] "GET /ticket2/opencms/fi/buy/?page=1&edid=65C03F06-B4E6-0D65-D535-E007A0321D02 HTTP/1.1" 200 114029
135.181.180.59 - - [01/Nov/2024:00:54:11 +0100] "GET /ticket2/opencms/fi/buy/?page=1&edid=66C22035-E7EA-E10A-4BFC-2C30733037DC HTTP/1.1" 200 126313
94.23.207.193 - - [01/Nov/2024:00:54:14 +0100] "GET /ticket2/opencms/se/sv/buy/?page=1&edid=53761E65-F89B-BBEE-6188-DCF95DA0DC4F&sortorder=desc&column=price HTTP/1.1" 404 -
54.36.148.25 - - [01/Nov/2024:00:54:14 +0100] "GET /ticket2/opencms/lv/buy/?page=1&edid=5130AA30-8F4F-96F4-18F0-73196247FCC5 HTTP/1.1" 200 98754
135.181.180.59 - - [01/Nov/2024:00:54:14 +0100] "GET /ticket2/opencms/fi/buy/?page=1&edid=68B485F7-9483-6E4F-656D-602EE2AC621D HTTP/1.1" 200 126304
135.181.180.59 - - [01/Nov/2024:00:54:18 +0100] "GET /ticket2/opencms/fi/buy/?page=1&edid=6900F69D-285C-3BF9-3103-7DA1DE82E367 HTTP/1.1" 200 111839
94.23.207.193 - - [01/Nov/2024:00:54:20 +0100] "GET /ticket2/opencms/se/sv/buy/?page=1&edid=53761E65-F89B-BBEE-6188-DCF95DA0DC4F&sortorder=desc&column=row HTTP/1.1" 404 -
47.128.111.119 - - [01/Nov/2024:00:54:21 +0100] "GET /ticket2/opencms/be/buy/?catid=BDD8C04C-DD99-1C07-B5F3-F2AB98D157E8&comcatid=A17713B6-D984-201A-4143-ED4DB5ED5C2E HTTP/1.1" 200 94459
54.36.148.194 - - [01/Nov/2024:00:54:21 +0100] "GET /ticket2/opencms/mo/buy/?page=1&edid=5130AA30-8F4F-96F4-18F0-73196247FCC5 HTTP/1.1" 200 98762
135.181.180.59 - - [01/Nov/2024:00:54:21 +0100] "GET /ticket2/opencms/fi/buy/?page=1&edid=69802F7E-2013-4656-113E-ECD53B17933B HTTP/1.1" 200 111838
135.181.180.59 - - [01/Nov/2024:00:54:24 +0100] "GET /ticket2/opencms/fi/buy/?page=1&edid=6A920F16-DD42-2262-3AA2-B83D5743F13A HTTP/1.1" 200 130251
54.36.148.62 - - [01/Nov/2024:00:54:27 +0100] "GET /ticket2/opencms/sr/buy/?page=1&edid=CA5B0C82-DB36-D129-88EF-15CA8AFD33CA HTTP/1.1" 200 99092
135.181.180.59 - - [01/Nov/2024:00:54:27 +0100] "GET /ticket2/opencms/fi/buy/?page=1&edid=6AEAF6C2-C57A-0447-5B0A-20959D8DCFDD HTTP/1.1" 200 101716
94.23.207.193 - - [01/Nov/2024:00:54:30 +0100] "GET /ticket2/opencms/se/sv/buy/?page=1&edid=53761E65-F89B-BBEE-6188-DCF95DA0DC4F&sortorder=desc&column=section HTTP/1.1" 404 -
135.181.180.59 - - [01/Nov/2024:00:54:31 +0100] "GET /ticket2/opencms/fi/buy/?page=1&edid=71F3FE54-10D0-F1E8-DD77-D63D4BE2C9CF HTTP/1.1" 200 127131
172.245.243.105 - - [01/Nov/2024:00:54:31 +0100] "GET /ticket2/opencms/de/buy/?page=2%27&sodvid= HTTP/1.1" 200 79670
172.245.243.105 - - [01/Nov/2024:00:54:32 +0100] "GET /ticket2/opencms/de/buy/?page=2&sodvid=%27 HTTP/1.1" 200 105358
114.119.148.14 - - [01/Nov/2024:00:54:33 +0100] "GET /ticket2/opencms/en/sell/?edid=8D6BBF58-4A1D-C78C-86AB-E14E9CE11055 HTTP/1.1" 302 -
135.181.180.59 - - [01/Nov/2024:00:54:34 +0100] "GET /ticket2/opencms/fi/buy/?page=1&edid=71FF0DDB-994C-2EA5-7C18-3DECE9AE5101 HTTP/1.1" 200 128124
185.191.171.2 - - [01/Nov/2024:00:54:37 +0100] "GET /ticket2/opencms/mo/login/?url=%25252Fmo%25252Fsell%25252F HTTP/1.1" 200 90159
94.23.207.193 - - [01/Nov/2024:00:54:37 +0100] "GET /ticket2/opencms/se/sv/buy/?page=1&edid=56E27B8B-7D7B-936D-9F08-182502FAC3B1&sortorder=desc&column=row HTTP/1.1" 404 -
114.119.148.14 - - [01/Nov/2024:00:54:37 +0100] "GET /ticket2/opencms/en/login/?url=/en/sell/ HTTP/1.1" 200 88677
135.181.180.59 - - [01/Nov/2024:00:54:38 +0100] "GET /ticket2/opencms/fi/buy/?page=1&edid=72113169-CE1D-B963-8867-381A95276A39 HTTP/1.1" 200 135063
47.128.16.196 - - [01/Nov/2024:00:54:40 +0100] "GET /ticket2/opencms/sv/buy/?catid=88C381AD-5D76-A34D-AC15-A7129F8EF5BE&comcatid=A17713B6-D984-201A-4143-ED4DB5ED5C2E&page=6 HTTP/1.1" 200 93707
135.181.180.59 - - [01/Nov/2024:00:54:41 +0100] "GET /ticket2/opencms/fi/buy/?page=1&edid=729B4624-40AD-E7A7-F9BA-94230F6FDC91 HTTP/1.1" 200 130919
47.128.16.196 - - [01/Nov/2024:00:54:41 +0100] "GET /ticket2/opencms/system/modules/com.gridnine.opencms.ticketbrokerage.site/resources/pics/arrow.gif HTTP/1.1" 200 344
54.36.148.239 - - [01/Nov/2024:00:54:42 +0100] "GET /ticket2/opencms/mt/buy/?page=1&edid=5130AA30-8F4F-96F4-18F0-73196247FCC5 HTTP/1.1" 200 98832
47.128.16.196 - - [01/Nov/2024:00:54:42 +0100] "GET /ticket2/opencms/img/arrow.png HTTP/1.1" 200 753
94.23.207.193 - - [01/Nov/2024:00:54:43 +0100] "GET /ticket2/opencms/se/sv/buy/?page=1&edid=669F9C26-CA37-E9DB-4C9D-33C9198E963A&sortorder=desc&column=section HTTP/1.1" 404 -
135.181.180.59 - - [01/Nov/2024:00:54:45 +0100] "GET /ticket2/opencms/fi/buy/?page=1&edid=750C6040-29F7-425D-A24F-51B977F415A3 HTTP/1.1" 200 126112
47.128.20.27 - - [01/Nov/2024:00:54:45 +0100] "GET /ticket2/opencms/nl/sport/voetbal-tickets/la_liga/las_palmas/ HTTP/1.1" 200 95540
54.36.148.202 - - [01/Nov/2024:00:54:47 +0100] "GET /ticket2/opencms/mt/buy/?page=1&edid=872A1CAC-EC9F-5A17-CC81-87C861412BDF HTTP/1.1" 200 102105
135.181.180.59 - - [01/Nov/2024:00:54:48 +0100] "GET /ticket2/opencms/fi/buy/?page=1&edid=7C16C78F-F9EE-B2A9-0C9E-990B916B48DD HTTP/1.1" 200 126379
94.23.207.193 - - [01/Nov/2024:00:54:50 +0100] "GET /ticket2/opencms/se/sv/buy/?page=1&edid=66EFF46D-2622-BDD4-8AF8-F588868FE432 HTTP/1.1" 404 -
207.46.13.36 - - [01/Nov/2024:00:54:51 +0100] "GET /ticket2/opencms/dk/buy/?page=1&edid=2EB15005-07E4-0DB7-1EF8-52C1740D2595 HTTP/1.1" 200 106912
135.181.180.59 - - [01/Nov/2024:00:54:52 +0100] "GET /ticket2/opencms/fi/buy/?page=1&edid=7DA6AFD0-1F4E-627C-789E-E465BB16D2D7 HTTP/1.1" 200 111254
95.214.27.169 - - [01/Nov/2024:00:54:52 +0100] "GET / HTTP/1.1" 404 -
95.214.27.169 - - [01/Nov/2024:00:54:52 +0100] "CONNECT example.com:443 HTTP/1.1" 400 -
95.214.27.169 - - [01/Nov/2024:00:54:53 +0100] "GET / HTTP/1.1" 404 -
95.214.27.169 - - [01/Nov/2024:00:54:53 +0100] "CONNECT example.com:443 HTTP/1.1" 400 -
54.36.148.105 - - [01/Nov/2024:00:54:54 +0100] "GET /ticket2/opencms/mt/buy/?page=1&edid=DB78564C-15B8-80D7-4417-3A2B0F9689F8 HTTP/1.1" 200 102114
47.128.28.216 - - [01/Nov/2024:00:54:54 +0100] "GET /ticket2/opencms/is/buy/?edid=C98B3EB5-8142-FF81-EA84-3A224925AACC HTTP/1.1" 200 81480
135.181.180.59 - - [01/Nov/2024:00:54:55 +0100] "GET /ticket2/opencms/fi/buy/?page=1&edid=7F2B1FEA-20FE-7448-32AC-111154CA401B HTTP/1.1" 200 126301
94.23.207.193 - - [01/Nov/2024:00:54:57 +0100] "GET /ticket2/opencms/se/sv/buy/?page=1&edid=66EFF46D-2622-BDD4-8AF8-F588868FE432&sortorder=desc&column=price HTTP/1.1" 404 -
135.181.180.59 - - [01/Nov/2024:00:54:59 +0100] "GET /ticket2/opencms/fi/buy/?page=1&edid=8085E80D-BC8F-CDCF-7CC8-2F497FE082D3 HTTP/1.1" 200 126378
135.181.180.59 - - [01/Nov/2024:00:55:02 +0100] "GET /ticket2/opencms/fi/buy/?page=1&edid=830F2AEC-7FB6-11C1-AD11-54BD6744D648 HTTP/1.1" 200 120571
94.23.207.193 - - [01/Nov/2024:00:55:03 +0100] "GET /ticket2/opencms/se/sv/buy/?page=1&edid=66EFF46D-2622-BDD4-8AF8-F588868FE432&sortorder=desc&column=row HTTP/1.1" 404 -
54.36.148.64 - - [01/Nov/2024:00:55:03 +0100] "GET /ticket2/opencms/pl/buy/?page=1&edid=DB78564C-15B8-80D7-4417-3A2B0F9689F8 HTTP/1.1" 200 101853
135.181.180.59 - - [01/Nov/2024:00:55:06 +0100] "GET /ticket2/opencms/fi/buy/?page=1&edid=84A5FE5E-FE66-D83A-8A7D-B9483A93F0F3 HTTP/1.1" 200 132006
52.167.144.17 - - [01/Nov/2024:00:55:08 +0100] "GET /ticket2/opencms/ga/buy?page=1&edid=B7C31852-4938-05B8-A23C-0248E7A3D5BA HTTP/1.1" 200 123950
94.23.207.193 - - [01/Nov/2024:00:55:09 +0100] "GET /ticket2/opencms/se/sv/buy/?page=1&edid=6B1C747D-2234-E897-0F34-AC6F796C34A5&sortorder=desc&column=section HTTP/1.1" 404 -
47.128.44.167 - - [01/Nov/2024:00:55:09 +0100] "GET /ticket2/opencms/az/buy/?catid=757E2DFB-33DA-9B34-8402-9F06B19D8409&comcatid=97ECA65A-72DA-F9AF-9DBB-245D3CFED1BE HTTP/1.1" 200 88820
135.181.180.59 - - [01/Nov/2024:00:55:09 +0100] "GET /ticket2/opencms/fi/buy/?page=1&edid=86A7D428-8E42-C0D0-846E-90C83426D4AE HTTP/1.1" 200 114025
54.36.148.94 - - [01/Nov/2024:00:55:09 +0100] "GET /ticket2/opencms/sl/buy/?page=1&edid=5130AA30-8F4F-96F4-18F0-73196247FCC5 HTTP/1.1" 200 98508
135.181.180.59 - - [01/Nov/2024:00:55:13 +0100] "GET /ticket2/opencms/fi/buy/?page=1&edid=8B2EF130-37EC-A547-CC41-754692687217 HTTP/1.1" 200 111841
94.23.207.193 - - [01/Nov/2024:00:55:14 +0100] "GET /ticket2/opencms/se/sv/buy/?page=1&edid=6EA2D348-88C2-3D24-490F-B5624CA04074 HTTP/1.1" 404 -
54.36.148.161 - - [01/Nov/2024:00:55:15 +0100] "GET /ticket2/opencms/sl/buy/?page=1&edid=872A1CAC-EC9F-5A17-CC81-87C861412BDF HTTP/1.1" 200 101771
135.181.180.59 - - [01/Nov/2024:00:55:16 +0100] "GET /ticket2/opencms/fi/buy/?page=1&edid=8D916C6C-0A69-41F7-4678-427710F013C6 HTTP/1.1" 200 128262
185.191.171.1 - - [01/Nov/2024:00:55:18 +0100] "GET /ticket2/opencms/sv/sport/fotbollsbiljetter/la_liga/almeria/ HTTP/1.1" 200 89103
135.181.180.59 - - [01/Nov/2024:00:55:19 +0100] "GET /ticket2/opencms/fi/buy/?page=1&edid=8E60715C-679D-D409-2BE9-46EB77599BF4 HTTP/1.1" 200 115420
94.23.207.193 - - [01/Nov/2024:00:55:20 +0100] "GET /ticket2/opencms/se/sv/buy/?page=1&edid=6EA2D348-88C2-3D24-490F-B5624CA04074&sortorder=desc&column=price HTTP/1.1" 404 -
135.181.180.59 - - [01/Nov/2024:00:55:23 +0100] "GET /ticket2/opencms/fi/buy/?page=1&edid=8E8E9404-172C-6C57-7F68-EAFC3F95D1AC HTTP/1.1" 200 126307
54.36.148.227 - - [01/Nov/2024:00:55:24 +0100] "GET /ticket2/opencms/az/buy/?page=1&edid=1499F703-DFC9-3CEE-AC19-8B22C17A288A HTTP/1.1" 200 99000
94.23.207.193 - - [01/Nov/2024:00:55:26 +0100] "GET /ticket2/opencms/se/sv/buy/?page=1&edid=7A6BF9F3-1C7F-3BEC-484F-0F44C77AFCAA&sortorder=desc&column=row HTTP/1.1" 404 -
135.181.180.59 - - [01/Nov/2024:00:55:26 +0100] "GET /ticket2/opencms/fi/buy/?page=1&edid=8EDDEFFC-C774-BA86-C4CF-809A20DBCDCB HTTP/1.1" 200 111843
135.181.180.59 - - [01/Nov/2024:00:55:30 +0100] "GET /ticket2/opencms/fi/buy/?page=1&edid=8F340A1C-D664-7FDD-8257-FE31525DAB7C HTTP/1.1" 200 126171
114.119.150.49 - - [01/Nov/2024:00:55:32 +0100] "GET /ticket2/opencms/en/venue/?venueid=895DAA27-0D01-3F9A-C82D-1FA2A5BCB45B HTTP/1.1" 200 86579
94.23.207.193 - - [01/Nov/2024:00:55:32 +0100] "GET /ticket2/opencms/se/sv/buy/?page=1&edid=7A6BF9F3-1C7F-3BEC-484F-0F44C77AFCAA&sortorder=desc&column=section HTTP/1.1" 404 -
66.249.76.231 - - [01/Nov/2024:00:55:33 +0100] "GET /ticket2/opencms/ HTTP/1.1" 302 -
135.181.180.59 - - [01/Nov/2024:00:55:33 +0100] "GET /ticket2/opencms/fi/buy/?page=1&edid=90D99CFD-1C4D-3E3E-708D-4C9851B5EDBE HTTP/1.1" 200 111241
47.128.38.42 - - [01/Nov/2024:00:55:33 +0100] "GET /ticket2/opencms/ga/buy/?catid=2E79AED8-FF58-B4E8-AFB0-43E7CEBE7864&comcatid=97ECA65A-72DA-F9AF-9DBB-245D3CFED1BE HTTP/1.1" 200 88807
54.36.148.194 - - [01/Nov/2024:00:55:34 +0100] "GET /ticket2/opencms/az/buy/?page=1&edid=397521D5-C7AB-930B-258F-17E9104F07FF HTTP/1.1" 200 102317
66.249.76.233 - - [01/Nov/2024:00:55:35 +0100] "GET /ticket2/opencms/en/ HTTP/1.1" 200 94367
135.181.180.59 - - [01/Nov/2024:00:55:37 +0100] "GET /ticket2/opencms/fi/buy/?page=1&edid=9239880C-C5C0-5076-4AD5-4881F5EBAC4A HTTP/1.1" 200 125377
66.249.76.232 - - [01/Nov/2024:00:55:38 +0100] "GET /ticket2/opencms/system/modules/com.gridnine.opencms.ticketbrokerage.site/resources/js/jquery/jquery.js HTTP/1.1" 200 93868
94.23.207.193 - - [01/Nov/2024:00:55:39 +0100] "GET /ticket2/opencms/se/sv/buy/?page=1&edid=7B3AC7D7-1526-4F6F-CBCE-129EE69ABE1E&sortorder=asc&column=section HTTP/1.1" 404 -
66.249.79.231 - - [01/Nov/2024:00:55:39 +0100] "GET /ticket2/opencms/system/modules/com.gridnine.opencms.ticketbrokerage.site/resources/js/jquery/jquery-ui.js HTTP/1.1" 200 228088
66.249.79.231 - - [01/Nov/2024:00:55:40 +0100] "GET /ticket2/opencms/system/modules/com.gridnine.opencms.ticketbrokerage.site/resources/js/calendar-setup.js HTTP/1.1" 200 4923
135.181.180.59 - - [01/Nov/2024:00:55:41 +0100] "GET /ticket2/opencms/fi/buy/?page=1&edid=9905BE36-3483-E35C-D446-E28B848EF37B HTTP/1.1" 200 111841
135.181.180.59 - - [01/Nov/2024:00:55:44 +0100] "GET /ticket2/opencms/fi/buy/?page=1&edid=99C77A16-8AF9-4675-97DE-42A41C4ECB4F HTTP/1.1" 200 130255
94.23.207.193 - - [01/Nov/2024:00:55:45 +0100] "GET /ticket2/opencms/se/sv/buy/?page=1&edid=7B795253-FDA4-1C82-06CC-21D0CE336896&sortorder=asc&column=price HTTP/1.1" 404 -
54.36.148.42 - - [01/Nov/2024:00:55:45 +0100] "GET /ticket2/opencms/az/buy/?page=1&edid=579B49FD-6D7C-4BF3-CF9E-91183D7BCE4C HTTP/1.1" 200 98981
135.181.180.59 - - [01/Nov/2024:00:55:48 +0100] "GET /ticket2/opencms/fi/buy/?page=1&edid=9AA6E90F-1A8F-8723-F266-C4056D23056B HTTP/1.1" 200 101495
185.191.171.10 - - [01/Nov/2024:00:55:50 +0100] "GET /ticket2/opencms/robots.txt HTTP/1.1" 200 773
94.23.207.193 - - [01/Nov/2024:00:55:51 +0100] "GET /ticket2/opencms/se/sv/buy/?page=1&edid=7B795253-FDA4-1C82-06CC-21D0CE336896&sortorder=asc&column=row HTTP/1.1" 404 -
135.181.180.59 - - [01/Nov/2024:00:55:51 +0100] "GET /ticket2/opencms/fi/buy/?page=1&edid=9DCC0E66-25C8-5156-35A8-BF56F5E3E1AA HTTP/1.1" 200 115408
85.208.96.197 - - [01/Nov/2024:00:55:51 +0100] "GET /ticket2/opencms/sr/sport/fudbalske-karte/english-championship/millwall/ HTTP/1.1" 200 109005
54.36.149.0 - - [01/Nov/2024:00:55:54 +0100] "GET /ticket2/opencms/az/buy/?page=1&edid=B753AC58-8832-296F-1C07-92C9F45E2BCE HTTP/1.1" 200 98980
135.181.180.59 - - [01/Nov/2024:00:55:55 +0100] "GET /ticket2/opencms/fi/buy/?page=1&edid=A2A4078E-C8E8-C113-199B-69C1FEB231B0 HTTP/1.1" 200 125739
94.23.207.193 - - [01/Nov/2024:00:55:57 +0100] "GET /ticket2/opencms/se/sv/buy/?page=1&edid=7B795253-FDA4-1C82-06CC-21D0CE336896&sortorder=asc&column=section HTTP/1.1" 404 -
47.128.96.242 - - [01/Nov/2024:00:55:58 +0100] "GET /ticket2/opencms/de/magazine/article?title=zukunftige-sterne HTTP/1.1" 200 90564
135.181.180.59 - - [01/Nov/2024:00:55:58 +0100] "GET /ticket2/opencms/fi/buy/?page=1&edid=A50C9DBA-FE79-ABA2-A67C-ED9083C7A802 HTTP/1.1" 200 111249
135.181.180.59 - - [01/Nov/2024:00:56:01 +0100] "GET /ticket2/opencms/fi/buy/?page=1&edid=A9C35541-ABB7-0662-52F4-8AD61BAC9B1C HTTP/1.1" 200 125376
94.23.207.193 - - [01/Nov/2024:00:56:02 +0100] "GET /ticket2/opencms/se/sv/buy/?page=1&edid=7B795253-FDA4-1C82-06CC-21D0CE336896&sortorder=desc&column=price HTTP/1.1" 404 -
47.128.126.188 - - [01/Nov/2024:00:56:03 +0100] "GET /ticket2/opencms/et/buy/?catid=D8B345C9-F7A5-E620-4B43-C34EB0D6885B&comcatid=A17713B6-D984-201A-4143-ED4DB5ED5C2E&npage=1 HTTP/1.1" 200 253351
54.36.148.229 - - [01/Nov/2024:00:56:03 +0100] "GET /ticket2/opencms/fi/venue/?venueid=842722E9-5FE1-5D36-B4BC-7C6A76B1894C HTTP/1.1" 200 87883
135.181.180.59 - - [01/Nov/2024:00:56:05 +0100] "GET /ticket2/opencms/fi/buy/?page=1&edid=ABE0D196-5A84-0064-2AAA-8BE846913E3B HTTP/1.1" 200 125374
94.23.207.193 - - [01/Nov/2024:00:56:08 +0100] "GET /ticket2/opencms/se/sv/buy/?page=1&edid=EA7D2AE2-BF00-BDF0-D8DC-6EBA4C77395E&sortorder=asc&column=section HTTP/1.1" 404 -
135.181.180.59 - - [01/Nov/2024:00:56:08 +0100] "GET /ticket2/opencms/fi/buy/?page=1&edid=B089B4B8-933D-AB70-BE65-2A133877E5AC HTTP/1.1" 200 126303
135.181.180.59 - - [01/Nov/2024:00:56:12 +0100] "GET /ticket2/opencms/fi/buy/?page=1&edid=B37AA1BF-8757-3784-2FC6-212DE9498BDD HTTP/1.1" 200 115409
54.36.149.0 - - [01/Nov/2024:00:56:14 +0100] "GET /ticket2/opencms/fi/venue/?venueid=E4DC7978-B97C-4D0F-D03F-77B54FE2F91C HTTP/1.1" 200 87867
94.23.207.193 - - [01/Nov/2024:00:56:14 +0100] "GET /ticket2/opencms/se/sv/buy/?page=1&edid=EA7D2AE2-BF00-BDF0-D8DC-6EBA4C77395E&sortorder=desc&column=price HTTP/1.1" 404 -
135.181.180.59 - - [01/Nov/2024:00:56:15 +0100] "GET /ticket2/opencms/fi/buy/?page=1&edid=B5480FEC-C7FC-18FB-0EEB-9717E2722B5A HTTP/1.1" 200 111239
135.181.180.59 - - [01/Nov/2024:00:56:18 +0100] "GET /ticket2/opencms/fi/buy/?page=1&edid=B566C61B-5438-BBCE-B4D3-8DE9C2913E81 HTTP/1.1" 200 115409
94.23.207.193 - - [01/Nov/2024:00:56:20 +0100] "GET /ticket2/opencms/se/sv/buy/?page=1&edid=EA7D2AE2-BF00-BDF0-D8DC-6EBA4C77395E&sortorder=desc&column=row HTTP/1.1" 404 -
135.181.180.59 - - [01/Nov/2024:00:56:22 +0100] "GET /ticket2/opencms/fi/buy/?page=1&edid=B5C7399B-C087-FF38-4294-BB861C1DB4F9 HTTP/1.1" 200 125373
54.36.148.54 - - [01/Nov/2024:00:56:24 +0100] "GET /ticket2/opencms/fi/venue/?venueid=2589C406-8AC4-E204-69A4-9A0C704DD161 HTTP/1.1" 200 87868
135.181.180.59 - - [01/Nov/2024:00:56:25 +0100] "GET /ticket2/opencms/fi/buy/?page=1&edid=B7C31852-4938-05B8-A23C-0248E7A3D5BA HTTP/1.1" 200 123446
94.23.207.193 - - [01/Nov/2024:00:56:26 +0100] "GET /ticket2/opencms/se/sv/buy/?page=1&edid=EA7D2AE2-BF00-BDF0-D8DC-6EBA4C77395E&sortorder=desc&column=section HTTP/1.1" 404 -
135.181.180.59 - - [01/Nov/2024:00:56:29 +0100] "GET /ticket2/opencms/fi/buy/?page=1&edid=B9A56D83-AD94-045F-A8C5-86B02F52A7C5 HTTP/1.1" 200 135197
135.181.180.59 - - [01/Nov/2024:00:56:32 +0100] "GET /ticket2/opencms/fi/buy/?page=1&edid=BBF51855-649C-7AAC-A9CD-362F8BD9BD25 HTTP/1.1" 200 111242
94.23.207.193 - - [01/Nov/2024:00:56:32 +0100] "GET /ticket2/opencms/se/sv/buy/?page=1&edid=EA9AADF8-FD63-BDAD-C447-6D2AE954ED32&sortorder=asc&column=price HTTP/1.1" 404 -
135.181.180.59 - - [01/Nov/2024:00:56:35 +0100] "GET /ticket2/opencms/fi/buy/?page=1&edid=BD48505E-E559-55E9-6DFD-077C302A0A13 HTTP/1.1" 200 101484
54.36.148.159 - - [01/Nov/2024:00:56:36 +0100] "GET /ticket2/opencms/fi/venue/?venueid=145405E9-8D90-931A-2006-E498723CA09B HTTP/1.1" 200 87844
135.181.180.59 - - [01/Nov/2024:00:56:39 +0100] "GET /ticket2/opencms/fi/buy/?page=1&edid=BE388851-096B-2B4D-C281-DAEB16275376 HTTP/1.1" 200 101490
94.23.207.193 - - [01/Nov/2024:00:56:40 +0100] "GET /ticket2/opencms/se/sv/buy/?page=1&edid=EA9AADF8-FD63-BDAD-C447-6D2AE954ED32&sortorder=asc&column=row HTTP/1.1" 404 -
135.181.180.59 - - [01/Nov/2024:00:56:42 +0100] "GET /ticket2/opencms/fi/buy/?page=1&edid=BE8C7FA0-9E48-EAB3-3A70-9E9F9EA30F95 HTTP/1.1" 200 136404
54.36.148.231 - - [01/Nov/2024:00:56:43 +0100] "GET /ticket2/opencms/es/buy/?comcatid=A17713B6-D984-201A-4143-ED4DB5ED5C2E&catid=&npage=6 HTTP/1.1" 200 158470
135.181.180.59 - - [01/Nov/2024:00:56:46 +0100] "GET /ticket2/opencms/fi/buy/?page=1&edid=BFAFDC2C-908C-DD1E-38F3-2E405A281188 HTTP/1.1" 200 130247
185.191.171.1 - - [01/Nov/2024:00:56:47 +0100] "GET /ticket2/opencms/ro/program-de-afiliere HTTP/1.1" 200 87987
94.23.207.193 - - [01/Nov/2024:00:56:47 +0100] "GET /ticket2/opencms/se/sv/buy/?page=1&edid=EA9AADF8-FD63-BDAD-C447-6D2AE954ED32&sortorder=asc&column=section HTTP/1.1" 404 -
54.36.149.88 - - [01/Nov/2024:00:56:48 +0100] "GET /ticket2/opencms/fi/venue/?venueid=D60D6CCF-C522-9251-DD37-F7D629607D55 HTTP/1.1" 200 87868
135.181.180.59 - - [01/Nov/2024:00:56:49 +0100] "GET /ticket2/opencms/fi/buy/?page=1&edid=C05AA481-967A-A4D1-E287-ECBF3F52D776 HTTP/1.1" 200 136346
135.181.180.59 - - [01/Nov/2024:00:56:52 +0100] "GET /ticket2/opencms/fi/buy/?page=1&edid=C28B3B84-6A6E-6FCB-67EF-1F8424FD799A HTTP/1.1" 200 114022
94.23.207.193 - - [01/Nov/2024:00:56:53 +0100] "GET /ticket2/opencms/se/sv/buy/?page=1&edid=EAF5F943-A31A-E92D-61B3-6DC580C2EEDC&sortorder=asc&column=price HTTP/1.1" 404 -
135.181.180.59 - - [01/Nov/2024:00:56:56 +0100] "GET /ticket2/opencms/fi/buy/?page=1&edid=C2E0FED9-872C-CDB5-EA69-F93F12F9C91F HTTP/1.1" 200 114026
54.36.148.47 - - [01/Nov/2024:00:56:58 +0100] "GET /ticket2/opencms/fi/venue/?venueid=C31E5819-00A1-AFA0-208F-0A3EF9D0F0D5 HTTP/1.1" 200 87835
54.36.148.170 - - [01/Nov/2024:00:56:58 +0100] "GET /ticket2/opencms/ga/buy?page=1&edid=3583D5C7-607A-E528-A709-844E6A72DC1B HTTP/1.1" 200 131536
135.181.180.59 - - [01/Nov/2024:00:57:00 +0100] "GET /ticket2/opencms/fi/buy/?page=1&edid=C64002B7-B7A3-A646-1770-7E79C914EDA5 HTTP/1.1" 200 130280
94.23.207.193 - - [01/Nov/2024:00:57:00 +0100] "GET /ticket2/opencms/se/sv/buy/?page=1&edid=EAF5F943-A31A-E92D-61B3-6DC580C2EEDC&sortorder=asc&column=row HTTP/1.1" 404 -
69.171.249.6 - - [01/Nov/2024:00:57:02 +0100] "GET /ticket2/opencms/ka/buy?page=1&edid=24DA4365-06A3-2349-F7E6-CA02D31FCB88 HTTP/1.1" 200 133189
135.181.180.59 - - [01/Nov/2024:00:57:03 +0100] "GET /ticket2/opencms/fi/buy/?page=1&edid=C781C90E-2A4A-BE38-23EB-6039DE2F5FA8 HTTP/1.1" 200 125737
94.23.207.193 - - [01/Nov/2024:00:57:06 +0100] "GET /ticket2/opencms/se/sv/buy/?page=1&edid=EAF5F943-A31A-E92D-61B3-6DC580C2EEDC&sortorder=asc&column=section HTTP/1.1" 404 -
54.36.149.22 - - [01/Nov/2024:00:57:06 +0100] "GET /ticket2/opencms/fi/venue/?venueid=C948C20F-6B80-6163-4A1E-DA4F8CD35A04 HTTP/1.1" 200 87847
135.181.180.59 - - [01/Nov/2024:00:57:06 +0100] "GET /ticket2/opencms/fi/buy/?page=1&edid=C78E4619-1E46-CB27-6BCC-007429A12C31 HTTP/1.1" 200 135201
135.181.180.59 - - [01/Nov/2024:00:57:10 +0100] "GET /ticket2/opencms/fi/buy/?page=1&edid=C8463748-B145-33AD-CEE6-A9DF95CEBC4A HTTP/1.1" 200 111840
94.23.207.193 - - [01/Nov/2024:00:57:12 +0100] "GET /ticket2/opencms/se/sv/buy/?page=1&edid=EB16CA43-9613-F03C-652F-C6E29207D6EB&sortorder=asc&column=price HTTP/1.1" 404 -
40.77.167.53 - - [01/Nov/2024:00:57:12 +0100] "GET /ticket2/opencms/ro/ HTTP/1.1" 200 96039
47.128.110.193 - - [01/Nov/2024:00:57:13 +0100] "GET /ticket2/opencms/sr/buy/?edid=9CF0F0F7-E52F-C803-4AE8-4F1A3B811071 HTTP/1.1" 200 81862
135.181.180.59 - - [01/Nov/2024:00:57:13 +0100] "GET /ticket2/opencms/fi/buy/?page=1&edid=C8E47E46-ADCD-586A-7BE4-CF1C96256B2D HTTP/1.1" 200 126305
5.102.173.71 - - [01/Nov/2024:00:57:14 +0100] "GET /ticket2/opencms/robots.txt HTTP/1.1" 200 773
54.36.149.59 - - [01/Nov/2024:00:57:14 +0100] "GET /ticket2/opencms/hr/buy/?page=1&edid=B422C598-4610-0185-89CA-0FDFEB7BE014 HTTP/1.1" 200 100674
5.102.173.71 - - [01/Nov/2024:00:57:14 +0100] "GET /ticket2/opencms/fi/urheilu/jalkapallo/bundesliga/schalke/ HTTP/1.1" 200 88783
94.23.207.193 - - [01/Nov/2024:00:57:17 +0100] "GET /ticket2/opencms/se/sv/buy/?page=1&edid=EBA49F8A-33E9-0C95-472B-EF6292B7073A&sortorder=asc&column=row HTTP/1.1" 404 -
135.181.180.59 - - [01/Nov/2024:00:57:17 +0100] "GET /ticket2/opencms/fi/buy/?page=1&edid=CC748805-AA77-5D07-7352-96CD97D4F5AC HTTP/1.1" 200 128925
135.181.180.59 - - [01/Nov/2024:00:57:21 +0100] "GET /ticket2/opencms/fi/buy/?page=1&edid=CCC52869-7D07-37D3-E716-0EF1AC21BCE4 HTTP/1.1" 200 123367
54.36.149.84 - - [01/Nov/2024:00:57:22 +0100] "GET /ticket2/opencms/fi/venue/?venueid=BCA44AE3-0AA2-97FD-825B-60825F01067E HTTP/1.1" 200 87900
94.23.207.193 - - [01/Nov/2024:00:57:23 +0100] "GET /ticket2/opencms/se/sv/buy/?page=1&edid=EBA49F8A-33E9-0C95-472B-EF6292B7073A&sortorder=asc&column=section HTTP/1.1" 404 -
135.181.180.59 - - [01/Nov/2024:00:57:24 +0100] "GET /ticket2/opencms/fi/buy/?page=1&edid=D11D82D4-28DA-1768-D317-EF521A2F97E6 HTTP/1.1" 200 130921
47.128.111.85 - - [01/Nov/2024:00:57:26 +0100] "GET /ticket2/opencms/dk/buy/?catid=8E4972FC-6E2C-77A4-BB9D-D67BD270A641&comcatid=0A6B8208-FDA4-E929-9D72-5312FD481B76 HTTP/1.1" 200 86289
47.128.23.129 - - [01/Nov/2024:00:57:27 +0100] "GET /ticket2/opencms/sq/buy/?catid=4C4DADF0-07CC-9B24-D2D9-940EF378BE99&comcatid=97ECA65A-72DA-F9AF-9DBB-245D3CFED1BE HTTP/1.1" 200 88771
47.128.111.85 - - [01/Nov/2024:00:57:27 +0100] "GET /ticket2/opencms/img/arrow.png HTTP/1.1" 200 753
135.181.180.59 - - [01/Nov/2024:00:57:27 +0100] "GET /ticket2/opencms/fi/buy/?page=1&edid=D774E566-37EE-86F6-1D9C-096C682D965E HTTP/1.1" 200 111837
94.23.207.193 - - [01/Nov/2024:00:57:30 +0100] "GET /ticket2/opencms/se/sv/buy/?page=1&edid=EBB2685E-B5CD-E71D-6D7A-2FAD449CA6CA&sortorder=asc&column=price HTTP/1.1" 404 -
135.181.180.59 - - [01/Nov/2024:00:57:31 +0100] "GET /ticket2/opencms/fi/buy/?page=1&edid=DCF22239-47F2-2282-C13B-85FCE1D7C913 HTTP/1.1" 200 126377
135.181.180.59 - - [01/Nov/2024:00:57:35 +0100] "GET /ticket2/opencms/fi/buy/?page=1&edid=DD14CC82-883B-BD06-4306-EBD494AA1804 HTTP/1.1" 200 126305
94.23.207.193 - - [01/Nov/2024:00:57:36 +0100] "GET /ticket2/opencms/se/sv/buy/?page=1&edid=EBB2685E-B5CD-E71D-6D7A-2FAD449CA6CA&sortorder=asc&column=row HTTP/1.1" 404 -
135.181.180.59 - - [01/Nov/2024:00:57:38 +0100] "GET /ticket2/opencms/fi/buy/?page=1&edid=DE5B6A64-DD53-E533-1C9F-682C000226C9 HTTP/1.1" 200 111243
54.36.148.89 - - [01/Nov/2024:00:57:38 +0100] "GET /ticket2/opencms/fi/venue/?venueid=C45DD2E8-ABDE-6F3B-951D-04563CE4C5B2 HTTP/1.1" 200 87844
135.181.180.59 - - [01/Nov/2024:00:57:41 +0100] "GET /ticket2/opencms/fi/buy/?page=1&edid=DE6EAF1E-F0E3-BCEF-6FE9-789554B2D96C HTTP/1.1" 200 114038
94.23.207.193 - - [01/Nov/2024:00:57:42 +0100] "GET /ticket2/opencms/se/sv/buy/?page=1&edid=EBDEE9E2-D38E-19A0-77CC-0353B5EDD49E&sortorder=desc&column=price HTTP/1.1" 404 -
135.181.180.59 - - [01/Nov/2024:00:57:45 +0100] "GET /ticket2/opencms/fi/buy/?page=1&edid=DE88C997-F247-5EDB-AB8C-0BF21F57525F HTTP/1.1" 200 125372
94.23.207.193 - - [01/Nov/2024:00:57:48 +0100] "GET /ticket2/opencms/se/sv/buy/?page=1&edid=EBF0F3D2-0899-5044-6E4B-7CEB8830B7C7&sortorder=asc&column=row HTTP/1.1" 404 -
135.181.180.59 - - [01/Nov/2024:00:57:48 +0100] "GET /ticket2/opencms/fi/buy/?page=1&edid=E0AF4582-F291-60D7-7793-C6DEB6EAEA8A HTTP/1.1" 200 130926
54.36.148.40 - - [01/Nov/2024:00:57:49 +0100] "GET /ticket2/opencms/fi/venue/?venueid=16474DED-C73B-9225-4DF6-CFFA47228848 HTTP/1.1" 200 87829
