85.208.96.197 - - [01/Nov/2024:00:15:21 +0100] "GET /ticket2/opencms/hr/faq HTTP/1.1" 200 88871
94.23.207.193 - - [01/Nov/2024:00:15:21 +0100] "GET /ticket2/opencms/se/fi/buy/?page=1&edid=619E7243-1B23-CC7D-76EF-2E2E7EEEE439&sortorder=asc&column=price HTTP/1.1" 404 -
185.191.171.16 - - [01/Nov/2024:00:15:21 +0100] "GET /ticket2/opencms/sv/magazine/article?title=nottingham-forest-premier-league-resan-fortsatter HTTP/1.1" 200 90195
65.108.2.171 - - [01/Nov/2024:00:15:22 +0100] "GET /ticket2/opencms/sv/buy/?page=1&edid=F8640281-A10A-8FAC-4D72-6086A5F51411&sortorder=desc&column=row HTTP/1.1" 200 101084
65.108.2.171 - - [01/Nov/2024:00:15:23 +0100] "GET /ticket2/opencms/sv/buy/?page=1&edid=F8B18577-657B-06AA-B5AB-A0043E2A4297&sortorder=desc&column=section HTTP/1.1" 200 102161
65.108.2.171 - - [01/Nov/2024:00:15:25 +0100] "GET /ticket2/opencms/sv/buy/?page=1&edid=F9161CFB-C2C8-9138-261B-AE3FC003292C&sortorder=desc&column=section HTTP/1.1" 200 101948
65.108.2.171 - - [01/Nov/2024:00:15:27 +0100] "GET /ticket2/opencms/sv/buy/?page=1&edid=F920C9EB-FBBB-08CB-045F-AA52A8ABB18F&sortorder=asc&column=price HTTP/1.1" 200 98988
207.46.13.116 - - [01/Nov/2024:00:15:27 +0100] "GET /ticket2/opencms/ro/buy_safety HTTP/1.1" 200 90644
114.119.140.111 - - [01/Nov/2024:00:15:28 +0100] "GET /ticket2/opencms/en/venue/?countryid=947940C4-79F7-1AE9-A4BA-06096E0B9585 HTTP/1.1" 200 115976
65.108.2.171 - - [01/Nov/2024:00:15:28 +0100] "GET /ticket2/opencms/sv/buy/?page=1&edid=F920C9EB-FBBB-08CB-045F-AA52A8ABB18F&sortorder=asc&column=row HTTP/1.1" 200 98896
65.108.2.171 - - [01/Nov/2024:00:15:30 +0100] "GET /ticket2/opencms/sv/buy/?page=1&edid=F96E6CAA-6B2C-A272-DA82-260C5860E403&sortorder=desc&column=price HTTP/1.1" 200 102068
65.108.2.171 - - [01/Nov/2024:00:15:32 +0100] "GET /ticket2/opencms/sv/buy/?page=1&edid=F9848465-BCEF-16F2-151C-E77261BB7A1C HTTP/1.1" 200 100311
54.36.148.51 - - [01/Nov/2024:00:15:33 +0100] "GET /ticket2/opencms/az/?page=6&comcatid=A17713B6-D984-201A-4143-ED4DB5ED5C2E&catid=F2006A3D-5EE0-B40B-5749-60C15271538F HTTP/1.1" 200 96077
65.108.2.171 - - [01/Nov/2024:00:15:33 +0100] "GET /ticket2/opencms/sv/buy/?page=1&edid=F9848465-BCEF-16F2-151C-E77261BB7A1C&sortorder=desc&column=price HTTP/1.1" 200 101634
47.128.34.110 - - [01/Nov/2024:00:15:34 +0100] "GET /ticket2/opencms/et/buy/?edid=9CF0F0F7-E52F-C803-4AE8-4F1A3B811071 HTTP/1.1" 200 81450
65.108.2.171 - - [01/Nov/2024:00:15:35 +0100] "GET /ticket2/opencms/sv/buy/?page=1&edid=F9848465-BCEF-16F2-151C-E77261BB7A1C&sortorder=desc&column=section HTTP/1.1" 200 101726
72.14.199.231 - - [01/Nov/2024:00:15:35 +0100] "GET /ticket2/opencms/no/sport/fotballsbilletter/ HTTP/1.1" 200 96455
65.108.2.171 - - [01/Nov/2024:00:15:37 +0100] "GET /ticket2/opencms/sv/buy/?page=1&edid=FA6E77FD-7B60-427A-8F1A-C8DE18094A0E&sortorder=desc&column=price HTTP/1.1" 200 100040
65.108.2.171 - - [01/Nov/2024:00:15:38 +0100] "GET /ticket2/opencms/sv/buy/?page=1&edid=FA6E77FD-7B60-427A-8F1A-C8DE18094A0E&sortorder=desc&column=row HTTP/1.1" 200 99948
65.108.2.171 - - [01/Nov/2024:00:15:40 +0100] "GET /ticket2/opencms/sv/buy/?page=1&edid=FA6E77FD-7B60-427A-8F1A-C8DE18094A0E&sortorder=desc&column=section HTTP/1.1" 200 100132
65.108.2.171 - - [01/Nov/2024:00:15:42 +0100] "GET /ticket2/opencms/sv/buy/?page=1&edid=FBAFC8C9-2F07-B1EF-CF64-939CD8CFFE64&sortorder=asc&column=price HTTP/1.1" 200 102940
94.23.207.193 - - [01/Nov/2024:00:15:42 +0100] "GET /ticket2/opencms/se/fi/buy/?page=1&edid=619E7243-1B23-CC7D-76EF-2E2E7EEEE439&sortorder=asc&column=row HTTP/1.1" 404 -
65.108.2.171 - - [01/Nov/2024:00:15:43 +0100] "GET /ticket2/opencms/sv/buy/?page=1&edid=FCA72846-635B-B656-1D41-380F35E6AF6B&sortorder=asc&column=price HTTP/1.1" 200 102741
65.108.2.171 - - [01/Nov/2024:00:15:45 +0100] "GET /ticket2/opencms/sv/buy/?page=1&edid=FCA72846-635B-B656-1D41-380F35E6AF6B&sortorder=asc&column=row HTTP/1.1" 200 102649
65.108.2.171 - - [01/Nov/2024:00:15:47 +0100] "GET /ticket2/opencms/sv/buy/?page=1&edid=FD4ACCCD-8EC0-7937-C261-4FA11897D797 HTTP/1.1" 200 100967
54.36.148.66 - - [01/Nov/2024:00:15:48 +0100] "GET /ticket2/opencms/az/?page=6&comcatid=A17713B6-D984-201A-4143-ED4DB5ED5C2E&catid=FF8D7FE7-4B09-7305-01C7-2D47F7913EB8 HTTP/1.1" 200 96077
65.108.2.171 - - [01/Nov/2024:00:15:48 +0100] "GET /ticket2/opencms/sv/buy/?page=1&edid=FD4ACCCD-8EC0-7937-C261-4FA11897D797&sortorder=asc&column=price HTTP/1.1" 200 102245
65.108.2.171 - - [01/Nov/2024:00:15:50 +0100] "GET /ticket2/opencms/sv/buy/?page=1&edid=FD4ACCCD-8EC0-7937-C261-4FA11897D797&sortorder=asc&column=row HTTP/1.1" 200 102153
65.108.2.171 - - [01/Nov/2024:00:15:52 +0100] "GET /ticket2/opencms/sv/buy/?page=1&edid=FD4ACCCD-8EC0-7937-C261-4FA11897D797&sortorder=asc&column=section HTTP/1.1" 200 102337
65.108.2.171 - - [01/Nov/2024:00:15:53 +0100] "GET /ticket2/opencms/sv/buy/?page=1&edid=FD4ACCCD-8EC0-7937-C261-4FA11897D797&sortorder=desc&column=price HTTP/1.1" 200 102290
65.108.2.171 - - [01/Nov/2024:00:15:55 +0100] "GET /ticket2/opencms/sv/buy/?page=1&edid=FD4ACCCD-8EC0-7937-C261-4FA11897D797&sortorder=desc&column=row HTTP/1.1" 200 102198
47.128.54.220 - - [01/Nov/2024:00:15:56 +0100] "GET /ticket2/opencms/lv/buy/?edid=0AB966ED-711A-1DD6-BBD9-5029029D10A0 HTTP/1.1" 200 81476
65.108.2.171 - - [01/Nov/2024:00:15:57 +0100] "GET /ticket2/opencms/sv/buy/?page=1&edid=FD4ACCCD-8EC0-7937-C261-4FA11897D797&sortorder=desc&column=section HTTP/1.1" 200 102382
54.36.148.97 - - [01/Nov/2024:00:15:57 +0100] "GET /ticket2/opencms/nl/buy/?comcatid=B41CCF2B-5558-7AEE-3602-09BBDE417D65 HTTP/1.1" 200 81773
65.108.2.171 - - [01/Nov/2024:00:15:59 +0100] "GET /ticket2/opencms/sv/buy/?page=1&edid=FD98A46A-1DE7-4966-8837-67D03D297A3F&sortorder=desc&column=price HTTP/1.1" 200 101857
65.108.2.171 - - [01/Nov/2024:00:16:00 +0100] "GET /ticket2/opencms/sv/buy/?page=1&edid=FD98A46A-1DE7-4966-8837-67D03D297A3F&sortorder=desc&column=row HTTP/1.1" 200 101765
65.108.2.171 - - [01/Nov/2024:00:16:02 +0100] "GET /ticket2/opencms/sv/buy/?page=1&edid=FD98A46A-1DE7-4966-8837-67D03D297A3F&sortorder=desc&column=section HTTP/1.1" 200 101949
65.108.2.171 - - [01/Nov/2024:00:16:04 +0100] "GET /ticket2/opencms/sv/buy/?page=1&edid=FEC9AA90-29F7-1503-8F87-89F5FA01BC28&sortorder=desc&column=price HTTP/1.1" 200 101413
65.108.2.171 - - [01/Nov/2024:00:16:05 +0100] "GET /ticket2/opencms/sv/buy/?page=1&edid=FEC9AA90-29F7-1503-8F87-89F5FA01BC28&sortorder=desc&column=section HTTP/1.1" 200 101505
65.108.2.171 - - [01/Nov/2024:00:16:07 +0100] "GET /ticket2/opencms/sv/buy/?page=1&edid=FEE9109B-0F76-51E1-97FE-5F8D9CFFADB3&sortorder=desc&column=price HTTP/1.1" 200 100038
65.108.2.171 - - [01/Nov/2024:00:16:09 +0100] "GET /ticket2/opencms/sv/buy/?page=1&edid=FEE9109B-0F76-51E1-97FE-5F8D9CFFADB3&sortorder=desc&column=row HTTP/1.1" 200 99946
94.23.207.193 - - [01/Nov/2024:00:16:10 +0100] "GET /ticket2/opencms/se/fi/buy/?page=1&edid=619E7243-1B23-CC7D-76EF-2E2E7EEEE439&sortorder=asc&column=section HTTP/1.1" 404 -
65.108.2.171 - - [01/Nov/2024:00:16:10 +0100] "GET /ticket2/opencms/sv/buy/?page=1&edid=FF322FED-F69E-D25E-3198-5B464973E97D HTTP/1.1" 200 100746
65.108.2.171 - - [01/Nov/2024:00:16:12 +0100] "GET /ticket2/opencms/sv/buy/?page=1&edid=FF322FED-F69E-D25E-3198-5B464973E97D&sortorder=desc&column=price HTTP/1.1" 200 102069
65.108.2.171 - - [01/Nov/2024:00:16:14 +0100] "GET /ticket2/opencms/sv/buy/?page=1&edid=FF322FED-F69E-D25E-3198-5B464973E97D&sortorder=desc&column=row HTTP/1.1" 200 101977
54.36.148.34 - - [01/Nov/2024:00:16:14 +0100] "GET /ticket2/opencms/dk/?page=6&comcatid=A17713B6-D984-201A-4143-ED4DB5ED5C2E&catid=06324577-7173-BAB0-146D-E644C912F7C1 HTTP/1.1" 200 94946
65.108.2.171 - - [01/Nov/2024:00:16:15 +0100] "GET /ticket2/opencms/sv/buy/?page=1&edid=FF322FED-F69E-D25E-3198-5B464973E97D&sortorder=desc&column=section HTTP/1.1" 200 102161
66.249.76.233 - - [01/Nov/2024:00:16:16 +0100] "GET /ticket2/opencms/bs/buy?page=1&edid=2622E353-CCF8-0614-7644-191247788409&hlv=666d6ec3-5c40-4bca-b00c-0c140a01000f HTTP/1.1" 200 126915
65.108.2.171 - - [01/Nov/2024:00:16:17 +0100] "GET /ticket2/opencms/sv/buy/?page=10&eventid=19FE0ECF-0C15-9916-F4F4-CFCB91C42B1A&venueid=1F514823-A8B2-64F2-1969-4417BA1D08C9 HTTP/1.1" 200 86804
65.108.2.171 - - [01/Nov/2024:00:16:18 +0100] "GET /ticket2/opencms/sv/buy/?page=10&eventid=2AABFC37-1ABE-B4FE-6CDF-5944E61B04AA&venueid=D1E3CA2F-D440-9494-7505-2287047FEB0E HTTP/1.1" 200 84364
114.119.150.86 - - [01/Nov/2024:00:16:20 +0100] "GET /ticket2/opencms/en/buy/?page=1&edid=B6792C71-3777-835A-6A12-E2C6ABE580AB HTTP/1.1" 200 100189
65.108.2.171 - - [01/Nov/2024:00:16:20 +0100] "GET /ticket2/opencms/sv/buy/?page=10&eventid=53F27A05-DBF6-27A7-B680-C587F93AF7CA&venueid=853E22E8-AAA5-D638-4DB5-6F3AE80E94F8 HTTP/1.1" 200 91744
65.108.2.171 - - [01/Nov/2024:00:16:22 +0100] "GET /ticket2/opencms/sv/buy/?page=10&eventid=6420674A-E9B4-D17B-1DBC-820C6AD613BF&venueid=7719E5D9-AEE7-7FC5-A9DB-E1C60C1C5852 HTTP/1.1" 200 84362
54.36.148.231 - - [01/Nov/2024:00:16:23 +0100] "GET /ticket2/opencms/dk/?page=6&comcatid=A17713B6-D984-201A-4143-ED4DB5ED5C2E&catid=21C3854B-901E-11F9-7B7D-6838CC6AFAA4 HTTP/1.1" 200 94946
65.108.2.171 - - [01/Nov/2024:00:16:23 +0100] "GET /ticket2/opencms/sv/buy/?page=10&eventid=6420674A-E9B4-D17B-1DBC-820C6AD613BF&venueid=CE950E29-A25C-9C04-155F-BFEE5FA8962A HTTP/1.1" 200 84362
65.108.2.171 - - [01/Nov/2024:00:16:25 +0100] "GET /ticket2/opencms/sv/buy/?page=10&eventid=B0072956-84A9-06A5-3C2B-4D5A36DEF172&venueid=2461643D-69F1-C18F-F693-9168E791270F HTTP/1.1" 200 84368
65.108.2.171 - - [01/Nov/2024:00:16:27 +0100] "GET /ticket2/opencms/sv/buy/?page=10&eventid=B8A3E03C-4072-EA35-8FE5-F78A4DE2FCD2&venueid=F2BA6C13-5265-3692-0B46-6A113BAF55BC HTTP/1.1" 200 84364
94.23.207.193 - - [01/Nov/2024:00:16:27 +0100] "GET /ticket2/opencms/se/fi/buy/?page=1&edid=62367EB0-CF21-D86E-54EE-409133734B40&sortorder=desc&column=price HTTP/1.1" 404 -
65.108.2.171 - - [01/Nov/2024:00:16:29 +0100] "GET /ticket2/opencms/sv/buy/?page=10&eventid=D9BAE2BB-1DCE-D95B-7B2F-B290A0FC2588&venueid=37FDBD7B-74BE-8950-65E3-B6CF46D7D303 HTTP/1.1" 200 84361
54.36.149.25 - - [01/Nov/2024:00:16:29 +0100] "GET /ticket2/opencms/dk/?page=6&comcatid=A17713B6-D984-201A-4143-ED4DB5ED5C2E&catid=24AC1CA6-1C09-0BE5-C04A-9DCCDB15D5E9 HTTP/1.1" 200 94946
65.108.2.171 - - [01/Nov/2024:00:16:30 +0100] "GET /ticket2/opencms/sv/buy/?page=10&eventid=DFDFE3CE-4FC8-F7B9-D656-A64359A3D356&venueid=66E1E988-5937-F001-455A-788C6919D4BB HTTP/1.1" 200 84568
65.108.2.171 - - [01/Nov/2024:00:16:32 +0100] "GET /ticket2/opencms/sv/buy/?page=10&eventid=F9320545-FD47-A95D-06BA-F85BAE909BD3&venueid=8016D2EB-5A30-A503-2E51-C1845CAF0467 HTTP/1.1" 200 84372
65.108.2.171 - - [01/Nov/2024:00:16:34 +0100] "GET /ticket2/opencms/sv/buy/?page=6&comcatid=0A6B8208-FDA4-E929-9D72-5312FD481B76&catid=FCA7FF95-260A-464B-B6FF-A820FCE7DFEF&eventid=3E11F155-FD96-35DD-2686-CAF80A080D72 HTTP/1.1" 200 88676
65.108.2.171 - - [01/Nov/2024:00:16:35 +0100] "GET /ticket2/opencms/sv/buy/?page=6&comcatid=A17713B6-D984-201A-4143-ED4DB5ED5C2E&catid=06324577-7173-BAB0-146D-E644C912F7C1&eventid=F6265060-8333-20CB-0429-405892258667 HTTP/1.1" 200 110981
65.108.2.171 - - [01/Nov/2024:00:16:37 +0100] "GET /ticket2/opencms/sv/buy/?page=6&comcatid=A17713B6-D984-201A-4143-ED4DB5ED5C2E&catid=21C3854B-901E-11F9-7B7D-6838CC6AFAA4&eventid=2D54F0A4-B7E5-1986-E461-A23A05E27C76 HTTP/1.1" 200 108864
54.36.148.201 - - [01/Nov/2024:00:16:38 +0100] "GET /ticket2/opencms/dk/?page=6&comcatid=A17713B6-D984-201A-4143-ED4DB5ED5C2E&catid=3A7AEA37-903D-9533-4B33-21B0001FF1D1 HTTP/1.1" 200 94946
65.108.2.171 - - [01/Nov/2024:00:16:40 +0100] "GET /ticket2/opencms/sv/login/?edid=76B6762F-4B46-119D-2582-3611BC3599E7 HTTP/1.1" 200 89535
207.46.13.125 - - [01/Nov/2024:00:16:42 +0100] "GET /ticket2/opencms/sr/sell/ HTTP/1.1" 302 -
65.108.2.171 - - [01/Nov/2024:00:16:44 +0100] "GET /ticket2/opencms/sv/login/?edid=8A23E726-1974-5413-8366-4570BB38FB56 HTTP/1.1" 200 89535
65.108.2.171 - - [01/Nov/2024:00:16:47 +0100] "GET /ticket2/opencms/sv/login/?edid=8A4C7AC3-9F20-8E7F-3D23-EA3DFE7093D0 HTTP/1.1" 200 89535
65.108.2.171 - - [01/Nov/2024:00:16:50 +0100] "GET /ticket2/opencms/sv/login/?edid=8B0DA89C-6395-E4EC-E13B-18842FA8AD15 HTTP/1.1" 200 89535
207.46.13.125 - - [01/Nov/2024:00:16:52 +0100] "GET /ticket2/opencms/sr/login/?url=/sr/sell/ HTTP/1.1" 200 90374
85.208.96.199 - - [01/Nov/2024:00:16:53 +0100] "GET /ticket2/opencms/uk/about/contact/ HTTP/1.1" 200 87937
65.108.2.171 - - [01/Nov/2024:00:16:54 +0100] "GET /ticket2/opencms/sv/login/?edid=8C683308-F1E4-E41D-F834-BFDFCEAEC74C HTTP/1.1" 200 89535
94.23.207.193 - - [01/Nov/2024:00:16:54 +0100] "GET /ticket2/opencms/se/fi/buy/?page=1&edid=62367EB0-CF21-D86E-54EE-409133734B40&sortorder=desc&column=row HTTP/1.1" 404 -
54.36.148.130 - - [01/Nov/2024:00:16:54 +0100] "GET /ticket2/opencms/dk/?page=6&comcatid=A17713B6-D984-201A-4143-ED4DB5ED5C2E&catid=3B549160-8B9C-E872-44A9-20FEA86B30E8 HTTP/1.1" 200 94946
65.108.2.171 - - [01/Nov/2024:00:16:57 +0100] "GET /ticket2/opencms/sv/login/?edid=8CCEB39B-68A3-5B42-B56B-645699489976 HTTP/1.1" 200 89535
65.108.2.171 - - [01/Nov/2024:00:17:00 +0100] "GET /ticket2/opencms/sv/login/?edid=8E99D440-8A14-8CFA-023A-DD2039BB9EB8 HTTP/1.1" 200 89535
65.108.2.171 - - [01/Nov/2024:00:17:03 +0100] "GET /ticket2/opencms/sv/login/?edid=8F8733BC-C28B-043B-2DC6-01908247C52A HTTP/1.1" 200 89535
65.108.2.171 - - [01/Nov/2024:00:17:06 +0100] "GET /ticket2/opencms/sv/login/?edid=907CF4D4-B973-A3B0-65B6-6295DAF15BAB HTTP/1.1" 200 89535
54.36.149.11 - - [01/Nov/2024:00:17:07 +0100] "GET /ticket2/opencms/dk/?page=6&comcatid=A17713B6-D984-201A-4143-ED4DB5ED5C2E&catid=42C82D82-D02A-8562-E55C-48ADB3771882 HTTP/1.1" 200 94946
65.108.2.171 - - [01/Nov/2024:00:17:10 +0100] "GET /ticket2/opencms/sv/login/?edid=91E37245-9400-B91A-9976-78B31AE925FA HTTP/1.1" 200 89535
65.108.2.171 - - [01/Nov/2024:00:17:13 +0100] "GET /ticket2/opencms/sv/login/?edid=91F8E11B-8B50-521F-C35C-7D5B1FE7556E HTTP/1.1" 200 89535
65.108.2.171 - - [01/Nov/2024:00:17:16 +0100] "GET /ticket2/opencms/sv/login/?edid=93135277-C479-4CA6-996B-B7462E01D1DE HTTP/1.1" 200 89535
47.128.46.212 - - [01/Nov/2024:00:17:18 +0100] "GET /ticket2/opencms/en/buy/?edid=206775FB-5EFC-40BC-11F8-888FF769B2A9 HTTP/1.1" 200 79757
65.108.2.171 - - [01/Nov/2024:00:17:19 +0100] "GET /ticket2/opencms/sv/login/?edid=9444713B-A9BE-A3F5-4A66-33B8EFDAEFB0 HTTP/1.1" 200 89535
85.208.96.198 - - [01/Nov/2024:00:17:21 +0100] "GET /ticket2/opencms/fr/sport/billets-football/premier_league/crystal_palace/ HTTP/1.1" 200 99086
185.191.171.16 - - [01/Nov/2024:00:17:22 +0100] "GET /ticket2/opencms/hr/sport/nogometne-ulaznice/bundesliga/freiburg/ HTTP/1.1" 200 98009
65.108.2.171 - - [01/Nov/2024:00:17:23 +0100] "GET /ticket2/opencms/sv/login/?edid=B0D8F931-9E2F-729D-31DA-DE516B7231DA HTTP/1.1" 200 89535
94.23.207.193 - - [01/Nov/2024:00:17:23 +0100] "GET /ticket2/opencms/se/fi/buy/?page=1&edid=62367EB0-CF21-D86E-54EE-409133734B40&sortorder=desc&column=section HTTP/1.1" 404 -
65.108.2.171 - - [01/Nov/2024:00:17:26 +0100] "GET /ticket2/opencms/sv/login/?edid=B268A7F3-2740-4C2E-AA62-15694FF51EF3 HTTP/1.1" 200 89535
65.108.2.171 - - [01/Nov/2024:00:17:29 +0100] "GET /ticket2/opencms/sv/sell/?edid=53295BAC-18AC-7C4A-B0D4-A319E386EA83 HTTP/1.1" 302 -
217.182.134.134 - - [01/Nov/2024:00:17:29 +0100] "GET /ticket2/opencms/robots.txt HTTP/1.1" 200 773
217.182.134.134 - - [01/Nov/2024:00:17:30 +0100] "GET /ticket2/opencms/en/buy/?page=1&edid=0879C6A9-F2B4-41BE-5ED4-4D5A6398957A&sortorder=desc&column=section HTTP/1.1" 200 100713
185.191.171.5 - - [01/Nov/2024:00:17:31 +0100] "GET /ticket2/opencms/sv/sport/fotbollsbiljetter/premier_league/chelsea/birmingham.html HTTP/1.1" 200 97683
65.108.2.171 - - [01/Nov/2024:00:17:32 +0100] "GET /ticket2/opencms/sv/login/?edid=53295BAC-18AC-7C4A-B0D4-A319E386EA83 HTTP/1.1" 200 89535
217.182.134.134 - - [01/Nov/2024:00:17:32 +0100] "GET /ticket2/opencms/en/buy/?page=1&edid=08B09CFA-7A2C-469C-4348-B6A8266760AC HTTP/1.1" 200 99203
217.182.134.134 - - [01/Nov/2024:00:17:34 +0100] "GET /ticket2/opencms/en/buy/?page=1&edid=0ADDE807-1F64-7C42-2B95-2EDB1EF373D1&sortorder=desc&column=price HTTP/1.1" 200 98248
65.108.2.171 - - [01/Nov/2024:00:17:35 +0100] "GET /ticket2/opencms/sv/sell/?edid=556B94F2-FD76-AB6F-089E-5820CD9C75C1 HTTP/1.1" 302 -
54.36.149.53 - - [01/Nov/2024:00:17:36 +0100] "GET /ticket2/opencms/dk/?page=6&comcatid=A17713B6-D984-201A-4143-ED4DB5ED5C2E&catid=4B941E1B-E4E2-C53E-C693-9FA91BBA9AD5 HTTP/1.1" 200 94946
217.182.134.134 - - [01/Nov/2024:00:17:36 +0100] "GET /ticket2/opencms/en/buy/?page=1&edid=0ADDE807-1F64-7C42-2B95-2EDB1EF373D1&sortorder=desc&column=section HTTP/1.1" 200 98340
65.108.2.171 - - [01/Nov/2024:00:17:38 +0100] "GET /ticket2/opencms/sv/login/?edid=556B94F2-FD76-AB6F-089E-5820CD9C75C1 HTTP/1.1" 200 89535
217.182.134.134 - - [01/Nov/2024:00:17:38 +0100] "GET /ticket2/opencms/en/buy/?page=1&edid=0D2EC695-B2F9-EA80-FC12-287C32ED8810&sortorder=asc&column=row HTTP/1.1" 200 98106
217.182.134.134 - - [01/Nov/2024:00:17:39 +0100] "GET /ticket2/opencms/en/buy/?page=1&edid=0F695EC3-6F93-0672-2AA7-1B781C50C903&sortorder=desc&column=price HTTP/1.1" 200 98228
65.108.2.171 - - [01/Nov/2024:00:17:41 +0100] "GET /ticket2/opencms/sv/sell/?edid=558890EA-92F2-CB20-A214-1F4D92150944 HTTP/1.1" 302 -
217.182.134.134 - - [01/Nov/2024:00:17:41 +0100] "GET /ticket2/opencms/en/buy/?page=1&edid=134A23E7-1E39-DD8C-D559-48953CE7205F&sortorder=desc&column=section HTTP/1.1" 200 98319
217.182.134.134 - - [01/Nov/2024:00:17:43 +0100] "GET /ticket2/opencms/en/buy/?page=1&edid=137C73C4-15F8-5AA6-3AB0-320D3A0CD2AD&sortorder=desc&column=row HTTP/1.1" 200 100531
65.108.2.171 - - [01/Nov/2024:00:17:44 +0100] "GET /ticket2/opencms/sv/login/?edid=558890EA-92F2-CB20-A214-1F4D92150944 HTTP/1.1" 200 89535
85.208.96.195 - - [01/Nov/2024:00:17:44 +0100] "GET /ticket2/opencms/sv/sport/fotbollsbiljetter/serie_a/fiorentina/brescia.html HTTP/1.1" 200 89860
217.182.134.134 - - [01/Nov/2024:00:17:45 +0100] "GET /ticket2/opencms/en/buy/?page=1&edid=13B2F0A5-0DDE-A485-8416-D2BF596EBB21&sortorder=desc&column=section HTTP/1.1" 200 98336
217.182.134.134 - - [01/Nov/2024:00:17:46 +0100] "GET /ticket2/opencms/en/buy/?page=1&edid=1401AD4A-779C-EB9C-2944-DAE28606BE93&sortorder=desc&column=price HTTP/1.1" 200 98262
65.108.2.171 - - [01/Nov/2024:00:17:47 +0100] "GET /ticket2/opencms/sv/sell/?edid=55F09E63-1021-B54D-20C9-3B1B1EF45D76 HTTP/1.1" 302 -
217.182.134.134 - - [01/Nov/2024:00:17:48 +0100] "GET /ticket2/opencms/en/buy/?page=1&edid=14401888-B36E-4BB6-0F28-21D471EFEDFE&sortorder=desc&column=price HTTP/1.1" 200 102150
54.36.149.44 - - [01/Nov/2024:00:17:48 +0100] "GET /ticket2/opencms/dk/?page=6&comcatid=A17713B6-D984-201A-4143-ED4DB5ED5C2E&catid=515A9A29-35A0-2DB8-262B-AEF122DB04F6 HTTP/1.1" 200 94946
217.182.134.134 - - [01/Nov/2024:00:17:50 +0100] "GET /ticket2/opencms/en/buy/?page=1&edid=14DC85A8-0F78-E63B-3823-C6D5EDB81837&sortorder=desc&column=price HTTP/1.1" 200 101502
65.108.2.171 - - [01/Nov/2024:00:17:50 +0100] "GET /ticket2/opencms/sv/login/?edid=55F09E63-1021-B54D-20C9-3B1B1EF45D76 HTTP/1.1" 200 89535
94.23.207.193 - - [01/Nov/2024:00:17:51 +0100] "GET /ticket2/opencms/se/fi/buy/?page=1&edid=6BF862F8-A441-DB7D-094A-EE5943FAD633&sortorder=asc&column=price HTTP/1.1" 404 -
217.182.134.134 - - [01/Nov/2024:00:17:51 +0100] "GET /ticket2/opencms/en/buy/?page=1&edid=14DC85A8-0F78-E63B-3823-C6D5EDB81837&sortorder=desc&column=row HTTP/1.1" 200 101410
47.128.59.159 - - [01/Nov/2024:00:17:53 +0100] "GET /ticket2/opencms/lv/buy/?catid=6BD6E0B0-84AF-3A0D-3851-C1357CE9B771&comcatid=A17713B6-D984-201A-4143-ED4DB5ED5C2E HTTP/1.1" 200 93803
65.108.2.171 - - [01/Nov/2024:00:17:53 +0100] "GET /ticket2/opencms/sv/sell/?edid=56EA9D72-898E-A001-2C5E-AE2D848D383C HTTP/1.1" 302 -
217.182.134.134 - - [01/Nov/2024:00:17:53 +0100] "GET /ticket2/opencms/en/buy/?page=1&edid=1588A1CD-6C69-C1AB-D2FD-3B0F855D590E&sortorder=asc&column=section HTTP/1.1" 200 102215
217.182.134.134 - - [01/Nov/2024:00:17:55 +0100] "GET /ticket2/opencms/en/buy/?page=1&edid=1FD3F263-2F64-E336-94A0-E32BC58FA89D&sortorder=asc&column=section HTTP/1.1" 200 100516
65.108.2.171 - - [01/Nov/2024:00:17:56 +0100] "GET /ticket2/opencms/sv/login/?edid=56EA9D72-898E-A001-2C5E-AE2D848D383C HTTP/1.1" 200 89535
217.182.134.134 - - [01/Nov/2024:00:17:57 +0100] "GET /ticket2/opencms/en/buy/?page=1&edid=2037F1F4-3AC9-7D0D-D653-6187E617C819&sortorder=asc&column=row HTTP/1.1" 200 98113
217.182.134.134 - - [01/Nov/2024:00:17:58 +0100] "GET /ticket2/opencms/en/buy/?page=1&edid=22918B13-E610-5B05-ADD9-C00BB91B72FA&sortorder=asc&column=price HTTP/1.1" 200 101531
65.108.2.171 - - [01/Nov/2024:00:18:00 +0100] "GET /ticket2/opencms/sv/sell/?edid=57338448-5406-7945-312D-BF2768268B8F HTTP/1.1" 302 -
217.182.134.134 - - [01/Nov/2024:00:18:00 +0100] "GET /ticket2/opencms/en/buy/?page=1&edid=315002FB-85E2-CDB5-2059-50E117E86B34&sortorder=asc&column=price HTTP/1.1" 200 102114
217.182.134.134 - - [01/Nov/2024:00:18:02 +0100] "GET /ticket2/opencms/en/buy/?page=1&edid=315002FB-85E2-CDB5-2059-50E117E86B34&sortorder=asc&column=row HTTP/1.1" 200 102022
65.108.2.171 - - [01/Nov/2024:00:18:03 +0100] "GET /ticket2/opencms/sv/login/?edid=57338448-5406-7945-312D-BF2768268B8F HTTP/1.1" 200 89535
217.182.134.134 - - [01/Nov/2024:00:18:04 +0100] "GET /ticket2/opencms/en/buy/?page=1&edid=32A94776-FE00-228B-7B34-31E5A640D10B&sortorder=desc&column=section HTTP/1.1" 200 101473
54.36.148.182 - - [01/Nov/2024:00:18:05 +0100] "GET /ticket2/opencms/dk/?page=6&comcatid=A17713B6-D984-201A-4143-ED4DB5ED5C2E&catid=573B7747-EE85-D769-C87D-F3F61FB64AA5 HTTP/1.1" 200 94946
217.182.134.134 - - [01/Nov/2024:00:18:06 +0100] "GET /ticket2/opencms/en/buy/?page=1&edid=34369143-EE09-7921-D46F-D306C56FD689&sortorder=asc&column=section HTTP/1.1" 200 100662
65.108.2.171 - - [01/Nov/2024:00:18:06 +0100] "GET /ticket2/opencms/sv/sell/?edid=5795C1CB-1C86-E585-4410-AABE971EE20A HTTP/1.1" 302 -
85.208.96.195 - - [01/Nov/2024:00:18:07 +0100] "GET /ticket2/opencms/sv/sport/fotbollsbiljetter/bundesliga/koln/ HTTP/1.1" 200 87261
217.182.134.134 - - [01/Nov/2024:00:18:07 +0100] "GET /ticket2/opencms/en/buy/?page=1&edid=363E9E9B-AD53-FBF5-F36A-1146A7420E97&sortorder=asc&column=section HTTP/1.1" 200 102099
217.182.134.134 - - [01/Nov/2024:00:18:09 +0100] "GET /ticket2/opencms/en/buy/?page=1&edid=3AC4801A-22EA-FD01-C041-B6E0417E770D HTTP/1.1" 200 99766
65.108.2.171 - - [01/Nov/2024:00:18:09 +0100] "GET /ticket2/opencms/sv/login/?edid=5795C1CB-1C86-E585-4410-AABE971EE20A HTTP/1.1" 200 89535
217.182.134.134 - - [01/Nov/2024:00:18:11 +0100] "GET /ticket2/opencms/en/buy/?page=1&edid=3D7F27A3-7CEB-322E-05F6-AF6624B81BC2&sortorder=asc&column=section HTTP/1.1" 200 102198
65.108.2.171 - - [01/Nov/2024:00:18:12 +0100] "GET /ticket2/opencms/sv/sell/?edid=582FE4FD-75A9-3715-179C-5C206BEB4398 HTTP/1.1" 302 -
217.182.134.134 - - [01/Nov/2024:00:18:13 +0100] "GET /ticket2/opencms/en/buy/?page=1&edid=3E2F6837-CCFC-9284-0235-725D2AA31D66&sortorder=desc&column=price HTTP/1.1" 200 101063
114.119.130.178 - - [01/Nov/2024:00:18:14 +0100] "GET /ticket2/opencms/en/venue/?venueid=AF7F2E28-677E-9782-2141-5DA64832B7AA HTTP/1.1" 200 86702
217.182.134.134 - - [01/Nov/2024:00:18:14 +0100] "GET /ticket2/opencms/en/buy/?page=1&edid=3E2F6837-CCFC-9284-0235-725D2AA31D66&sortorder=desc&column=section HTTP/1.1" 200 101155
65.108.2.171 - - [01/Nov/2024:00:18:15 +0100] "GET /ticket2/opencms/sv/login/?edid=582FE4FD-75A9-3715-179C-5C206BEB4398 HTTP/1.1" 200 89535
217.182.134.134 - - [01/Nov/2024:00:18:16 +0100] "GET /ticket2/opencms/en/buy/?page=1&edid=3ED842FC-FF3B-D3BC-69A3-8AB7FF361EA5&sortorder=desc&column=row HTTP/1.1" 200 101631
65.108.2.171 - - [01/Nov/2024:00:18:17 +0100] "GET /ticket2/opencms/sv/venue/?venueid=0E1AD7DC-F63F-ECC2-9070-B20E7ACF07FC HTTP/1.1" 200 87524
217.182.134.134 - - [01/Nov/2024:00:18:18 +0100] "GET /ticket2/opencms/en/buy/?page=1&edid=41BD58EC-97A9-BC1A-D605-8084F23D76F6&sortorder=asc&column=price HTTP/1.1" 200 101526
54.36.148.69 - - [01/Nov/2024:00:18:18 +0100] "GET /ticket2/opencms/dk/?page=6&comcatid=A17713B6-D984-201A-4143-ED4DB5ED5C2E&catid=5A89E483-58AD-080E-F363-E16CE738916A HTTP/1.1" 200 94946
65.108.2.171 - - [01/Nov/2024:00:18:19 +0100] "GET /ticket2/opencms/sv/venue/?venueid=167BF5C0-6635-8C74-B6D3-DD0AC3DE5519 HTTP/1.1" 200 87502
217.182.134.134 - - [01/Nov/2024:00:18:20 +0100] "GET /ticket2/opencms/en/buy/?page=1&edid=42626DA9-0BC1-838B-BAE0-C165FD91963D&sortorder=asc&column=price HTTP/1.1" 200 100339
65.108.2.171 - - [01/Nov/2024:00:18:21 +0100] "GET /ticket2/opencms/sv/venue/?venueid=18588407-AEA5-199B-F5F1-2A140DC5DCA8 HTTP/1.1" 200 87436
217.182.134.134 - - [01/Nov/2024:00:18:22 +0100] "GET /ticket2/opencms/en/buy/?page=1&edid=461F069E-E3EB-24CF-0D50-67F3F8E1F0F6&sortorder=asc&column=row HTTP/1.1" 200 102048
65.108.2.171 - - [01/Nov/2024:00:18:23 +0100] "GET /ticket2/opencms/sv/venue/?venueid=18FB7AFC-7A38-5857-B215-E761F79A5CBE HTTP/1.1" 200 87470
94.23.207.193 - - [01/Nov/2024:00:18:23 +0100] "GET /ticket2/opencms/se/fi/buy/?page=1&edid=6BF862F8-A441-DB7D-094A-EE5943FAD633&sortorder=asc&column=section HTTP/1.1" 404 -
217.182.134.134 - - [01/Nov/2024:00:18:23 +0100] "GET /ticket2/opencms/en/buy/?page=1&edid=49CF7842-AD0F-7A2A-F729-3F3371875F18&sortorder=desc&column=price HTTP/1.1" 200 101577
65.108.2.171 - - [01/Nov/2024:00:18:24 +0100] "GET /ticket2/opencms/sv/venue/?venueid=1A07979F-26B7-9D0A-9C33-48FC940808FF HTTP/1.1" 200 87454
217.182.134.134 - - [01/Nov/2024:00:18:25 +0100] "GET /ticket2/opencms/en/buy/?page=1&edid=49F9C16A-F28B-735A-3D9A-12CAF652D3B2&sortorder=asc&column=section HTTP/1.1" 200 102235
65.108.2.171 - - [01/Nov/2024:00:18:26 +0100] "GET /ticket2/opencms/sv/venue/?venueid=C5476B3C-0464-46FE-ABA4-218B7E7B42C3 HTTP/1.1" 200 87446
217.182.134.134 - - [01/Nov/2024:00:18:27 +0100] "GET /ticket2/opencms/en/buy/?page=1&edid=4A1E541D-A2F7-F553-9244-C365DA9D6313&sortorder=asc&column=row HTTP/1.1" 200 101352
65.108.2.171 - - [01/Nov/2024:00:18:28 +0100] "GET /ticket2/opencms/sv/venue/?venueid=C6684262-14F2-16A6-6E24-1E1928C60800 HTTP/1.1" 200 87475
217.182.134.134 - - [01/Nov/2024:00:18:29 +0100] "GET /ticket2/opencms/en/buy/?page=1&edid=4BC975E3-859D-D81F-E825-955CB09477D2&sortorder=asc&column=row HTTP/1.1" 200 101362
54.36.148.136 - - [01/Nov/2024:00:18:29 +0100] "GET /ticket2/opencms/dk/?page=6&comcatid=A17713B6-D984-201A-4143-ED4DB5ED5C2E&catid=64756941-02D2-3538-2077-8C2508F4A3A8 HTTP/1.1" 200 94946
65.108.2.171 - - [01/Nov/2024:00:18:30 +0100] "GET /ticket2/opencms/sv/venue/?venueid=C891F662-1AC1-E1A8-EC4F-A7FA9132E3C3 HTTP/1.1" 200 87534
217.182.134.134 - - [01/Nov/2024:00:18:31 +0100] "GET /ticket2/opencms/en/buy/?page=1&edid=4BE51C11-6242-0667-4C84-D3822EC503E1&sortorder=asc&column=price HTTP/1.1" 200 101646
65.108.2.171 - - [01/Nov/2024:00:18:32 +0100] "GET /ticket2/opencms/sv/venue/?venueid=CAA98BF5-BF8C-9F8D-456A-D5DB923FB95B HTTP/1.1" 200 87446
217.182.134.134 - - [01/Nov/2024:00:18:32 +0100] "GET /ticket2/opencms/en/buy/?page=1&edid=4BE51C11-6242-0667-4C84-D3822EC503E1&sortorder=asc&column=row HTTP/1.1" 200 101554
217.182.134.134 - - [01/Nov/2024:00:18:34 +0100] "GET /ticket2/opencms/en/buy/?page=1&edid=4C79C702-F201-24E3-E256-9C6145D94338&sortorder=asc&column=row HTTP/1.1" 200 100334
217.182.134.134 - - [01/Nov/2024:00:18:36 +0100] "GET /ticket2/opencms/en/buy/?page=1&edid=4C79C702-F201-24E3-E256-9C6145D94338&sortorder=asc&column=section HTTP/1.1" 200 100518
217.182.134.134 - - [01/Nov/2024:00:18:37 +0100] "GET /ticket2/opencms/en/buy/?page=1&edid=5504F1CD-C73C-44E7-7966-D8170D887DB7&sortorder=desc&column=section HTTP/1.1" 200 101599
185.191.171.14 - - [01/Nov/2024:00:18:39 +0100] "GET /ticket2/opencms/az/buying_tickets/ HTTP/1.1" 200 90283
217.182.134.134 - - [01/Nov/2024:00:18:39 +0100] "GET /ticket2/opencms/en/buy/?page=1&edid=55F51C37-6A3B-7859-5027-982FB55ED7B9&sortorder=desc&column=row HTTP/1.1" 200 101434
47.128.119.58 - - [01/Nov/2024:00:18:40 +0100] "GET /ticket2/opencms/el/buy/?edid=44D167E7-554F-DC29-C45D-3596737FE6BB HTTP/1.1" 200 82211
217.182.134.134 - - [01/Nov/2024:00:18:41 +0100] "GET /ticket2/opencms/en/buy/?page=1&edid=5685D4F1-DA1F-5275-BF3E-BE6818FDF10F&sortorder=desc&column=section HTTP/1.1" 200 101374
217.182.134.134 - - [01/Nov/2024:00:18:43 +0100] "GET /ticket2/opencms/en/buy/?page=1&edid=56A490CF-7948-0078-52A7-122DAC9AF25D&sortorder=desc&column=section HTTP/1.1" 200 98373
217.182.134.134 - - [01/Nov/2024:00:18:45 +0100] "GET /ticket2/opencms/en/buy/?page=1&edid=577C8A68-A9CA-93C3-B19C-C24885CB81FE&sortorder=asc&column=row HTTP/1.1" 200 100713
217.182.134.134 - - [01/Nov/2024:00:18:46 +0100] "GET /ticket2/opencms/en/buy/?page=1&edid=58D2379F-0C7D-214F-62E1-D9376EBE1BC7&sortorder=asc&column=row HTTP/1.1" 200 101805
94.23.207.193 - - [01/Nov/2024:00:18:46 +0100] "GET /ticket2/opencms/se/fi/buy/?page=1&edid=6D9D3E47-1EA9-9DFE-4A3E-6030D3106E91&sortorder=desc&column=price HTTP/1.1" 404 -
54.36.148.190 - - [01/Nov/2024:00:18:48 +0100] "GET /ticket2/opencms/bg/?page=6&comcatid=A17713B6-D984-201A-4143-ED4DB5ED5C2E&catid=061607E6-22B7-6FFA-03FD-A4B8B13A943F HTTP/1.1" 200 97044
217.182.134.134 - - [01/Nov/2024:00:18:48 +0100] "GET /ticket2/opencms/en/buy/?page=1&edid=6479D966-2793-7C7E-D24A-D27EA93264A1&sortorder=desc&column=section HTTP/1.1" 200 100985
185.191.171.4 - - [01/Nov/2024:00:18:49 +0100] "GET /ticket2/opencms/es/ HTTP/1.1" 200 95814
217.182.134.134 - - [01/Nov/2024:00:18:50 +0100] "GET /ticket2/opencms/en/buy/?page=1&edid=69877597-E510-0567-3349-DBF7A6E00B8C HTTP/1.1" 200 100371
217.182.134.134 - - [01/Nov/2024:00:18:52 +0100] "GET /ticket2/opencms/en/buy/?page=1&edid=764DF107-581D-BCA1-53D5-94329CB26BAD&sortorder=asc&column=price HTTP/1.1" 200 102144
103.194.185.114 - - [01/Nov/2024:00:18:53 +0100] "GET /ticket2/opencms/e/install/index.php?enews=setdb&f=4 HTTP/1.1" 404 -
217.182.134.134 - - [01/Nov/2024:00:18:54 +0100] "GET /ticket2/opencms/en/buy/?page=1&edid=7DF77E99-8194-C3D0-5A00-8A12D492E581&sortorder=asc&column=row HTTP/1.1" 200 101550
217.182.134.134 - - [01/Nov/2024:00:18:56 +0100] "GET /ticket2/opencms/en/buy/?page=1&edid=82CE7DE4-6A70-EA4E-8F52-DA16DF3A5E77&sortorder=desc&column=section HTTP/1.1" 200 101783
217.182.134.134 - - [01/Nov/2024:00:18:57 +0100] "GET /ticket2/opencms/en/buy/?page=1&edid=832E26C7-58DC-797E-B152-D41480D9FAEE&sortorder=asc&column=row HTTP/1.1" 200 101589
217.182.134.134 - - [01/Nov/2024:00:18:59 +0100] "GET /ticket2/opencms/en/buy/?page=1&edid=832E26C7-58DC-797E-B152-D41480D9FAEE&sortorder=desc&column=price HTTP/1.1" 200 101726
54.36.149.47 - - [01/Nov/2024:00:19:01 +0100] "GET /ticket2/opencms/dk/?page=6&comcatid=A17713B6-D984-201A-4143-ED4DB5ED5C2E&catid=6BD6E0B0-84AF-3A0D-3851-C1357CE9B771 HTTP/1.1" 200 94946
217.182.134.134 - - [01/Nov/2024:00:19:01 +0100] "GET /ticket2/opencms/en/buy/?page=1&edid=832E26C7-58DC-797E-B152-D41480D9FAEE&sortorder=desc&column=row HTTP/1.1" 200 101634
217.182.134.134 - - [01/Nov/2024:00:19:03 +0100] "GET /ticket2/opencms/en/buy/?page=1&edid=832E26C7-58DC-797E-B152-D41480D9FAEE&sortorder=desc&column=section HTTP/1.1" 200 101818
217.182.134.134 - - [01/Nov/2024:00:19:05 +0100] "GET /ticket2/opencms/en/buy/?page=1&edid=8334F8CD-C200-CB12-70F3-B3071995B999&sortorder=asc&column=section HTTP/1.1" 200 101558
217.182.134.134 - - [01/Nov/2024:00:19:07 +0100] "GET /ticket2/opencms/en/buy/?page=1&edid=83A7C60D-AD39-B127-D69A-4870DF1CAA32&sortorder=desc&column=row HTTP/1.1" 200 101175
217.182.134.134 - - [01/Nov/2024:00:19:08 +0100] "GET /ticket2/opencms/en/buy/?page=1&edid=84038E4F-7827-3966-E05C-79E830ED2F20&sortorder=desc&column=row HTTP/1.1" 200 101420
217.182.134.134 - - [01/Nov/2024:00:19:10 +0100] "GET /ticket2/opencms/en/buy/?page=1&edid=84038E4F-7827-3966-E05C-79E830ED2F20&sortorder=desc&column=section HTTP/1.1" 200 101604
54.36.148.181 - - [01/Nov/2024:00:19:11 +0100] "GET /ticket2/opencms/bg/?page=6&comcatid=A17713B6-D984-201A-4143-ED4DB5ED5C2E&catid=0A6C99D2-F5BD-7A18-9A5F-5668827042E0 HTTP/1.1" 200 97044
217.182.134.134 - - [01/Nov/2024:00:19:12 +0100] "GET /ticket2/opencms/en/buy/?page=1&edid=85D85DE7-7E33-49D9-3EB3-5BCB430E9732&sortorder=asc&column=row HTTP/1.1" 200 101133
217.182.134.134 - - [01/Nov/2024:00:19:14 +0100] "GET /ticket2/opencms/en/buy/?page=1&edid=886EBE00-AD4F-18AB-5952-938F90C93D16&sortorder=asc&column=row HTTP/1.1" 200 101146
94.23.207.193 - - [01/Nov/2024:00:19:15 +0100] "GET /ticket2/opencms/se/fi/buy/?page=1&edid=6D9D3E47-1EA9-9DFE-4A3E-6030D3106E91&sortorder=desc&column=row HTTP/1.1" 404 -
217.182.134.134 - - [01/Nov/2024:00:19:16 +0100] "GET /ticket2/opencms/en/buy/?page=1&edid=88A5FA8D-B5B5-F577-3320-20F49E5C73A5 HTTP/1.1" 200 100859
217.182.134.134 - - [01/Nov/2024:00:19:17 +0100] "GET /ticket2/opencms/en/buy/?page=1&edid=8B5860C7-0D28-F997-5316-6C3ADCBCB96B&sortorder=asc&column=row HTTP/1.1" 200 101883
217.182.134.134 - - [01/Nov/2024:00:19:19 +0100] "GET /ticket2/opencms/en/buy/?page=1&edid=8B685A36-BC77-1128-E7A0-2D75DB546DB5&sortorder=desc&column=price HTTP/1.1" 200 98254
217.182.134.134 - - [01/Nov/2024:00:19:21 +0100] "GET /ticket2/opencms/en/buy/?page=1&edid=8B8CABF1-EC4B-1D85-FDEB-4D562D28DF6F&sortorder=desc&column=row HTTP/1.1" 200 100527
217.182.134.134 - - [01/Nov/2024:00:19:23 +0100] "GET /ticket2/opencms/en/buy/?page=1&edid=8B8CABF1-EC4B-1D85-FDEB-4D562D28DF6F&sortorder=desc&column=section HTTP/1.1" 200 100711
54.36.149.42 - - [01/Nov/2024:00:19:23 +0100] "GET /ticket2/opencms/dk/?page=6&comcatid=A17713B6-D984-201A-4143-ED4DB5ED5C2E&catid=70B37487-FE30-D476-CAE7-E6AFEA3153F2 HTTP/1.1" 200 94946
217.182.134.134 - - [01/Nov/2024:00:19:25 +0100] "GET /ticket2/opencms/en/buy/?page=1&edid=8BAD935F-F36B-61A4-DAE1-9EFCBD1D2742&sortorder=desc&column=price HTTP/1.1" 200 98243
217.182.134.134 - - [01/Nov/2024:00:19:27 +0100] "GET /ticket2/opencms/en/buy/?page=1&edid=8C776A0E-9619-6DFE-D301-BC749D0D0DB6 HTTP/1.1" 200 100190
217.182.134.134 - - [01/Nov/2024:00:19:28 +0100] "GET /ticket2/opencms/en/buy/?page=1&edid=8DE387F0-06FB-904A-E7B6-733A953A8AFF&sortorder=desc&column=price HTTP/1.1" 200 100889
217.182.134.134 - - [01/Nov/2024:00:19:30 +0100] "GET /ticket2/opencms/en/buy/?page=1&edid=8DE387F0-06FB-904A-E7B6-733A953A8AFF&sortorder=desc&column=section HTTP/1.1" 200 100981
114.119.133.220 - - [01/Nov/2024:00:19:31 +0100] "GET /ticket2/opencms/en/sell/?edid=EFD91FA9-1EBC-B09D-15C8-01C412DECF0C HTTP/1.1" 302 -
54.36.148.120 - - [01/Nov/2024:00:19:31 +0100] "GET /ticket2/opencms/bg/?page=6&comcatid=A17713B6-D984-201A-4143-ED4DB5ED5C2E&catid=0A9E385E-33D9-328E-DC79-CA2C7009C829 HTTP/1.1" 200 97044
217.182.134.134 - - [01/Nov/2024:00:19:32 +0100] "GET /ticket2/opencms/en/buy/?page=1&edid=8E22F3C7-B590-C40B-938A-AA2C912F4E33&sortorder=desc&column=price HTTP/1.1" 200 101461
217.182.134.134 - - [01/Nov/2024:00:19:34 +0100] "GET /ticket2/opencms/en/buy/?page=1&edid=8E22F3C7-B590-C40B-938A-AA2C912F4E33&sortorder=desc&column=row HTTP/1.1" 200 101369
114.119.133.220 - - [01/Nov/2024:00:19:34 +0100] "GET /ticket2/opencms/en/login/?url=/en/sell/ HTTP/1.1" 200 88677
94.23.207.193 - - [01/Nov/2024:00:19:35 +0100] "GET /ticket2/opencms/se/fi/buy/?page=1&edid=6D9D3E47-1EA9-9DFE-4A3E-6030D3106E91&sortorder=desc&column=section HTTP/1.1" 404 -
217.182.134.134 - - [01/Nov/2024:00:19:35 +0100] "GET /ticket2/opencms/en/buy/?page=1&edid=8E22F3C7-B590-C40B-938A-AA2C912F4E33&sortorder=desc&column=section HTTP/1.1" 200 101553
217.182.134.134 - - [01/Nov/2024:00:19:37 +0100] "GET /ticket2/opencms/en/buy/?page=1&edid=8E45741C-09A3-AB0F-A8CB-7272720DD591&sortorder=asc&column=section HTTP/1.1" 200 100424
217.182.134.134 - - [01/Nov/2024:00:19:39 +0100] "GET /ticket2/opencms/en/buy/?page=1&edid=8F0A2300-B46C-C178-F75A-F4A855D9266D&sortorder=desc&column=row HTTP/1.1" 200 100379
217.182.134.134 - - [01/Nov/2024:00:19:41 +0100] "GET /ticket2/opencms/en/buy/?page=1&edid=8F1298F5-08E0-DFC5-7517-47459EE1E74A&sortorder=desc&column=price HTTP/1.1" 200 101279
217.182.134.134 - - [01/Nov/2024:00:19:42 +0100] "GET /ticket2/opencms/en/buy/?page=1&edid=8F2DF92B-33CA-7628-E6A6-296B4336596E&sortorder=desc&column=price HTTP/1.1" 200 102150
217.182.134.134 - - [01/Nov/2024:00:19:44 +0100] "GET /ticket2/opencms/en/buy/?page=1&edid=8F2DF92B-33CA-7628-E6A6-296B4336596E&sortorder=desc&column=section HTTP/1.1" 200 102242
217.182.134.134 - - [01/Nov/2024:00:19:46 +0100] "GET /ticket2/opencms/en/buy/?page=1&edid=902C95E3-A054-D4A8-928C-F96C2075E9A4&sortorder=asc&column=section HTTP/1.1" 200 101133
54.36.148.136 - - [01/Nov/2024:00:19:46 +0100] "GET /ticket2/opencms/dk/?page=6&comcatid=A17713B6-D984-201A-4143-ED4DB5ED5C2E&catid=739BFC5D-78FA-6834-D764-6CE64CA5F9EC HTTP/1.1" 200 94946
217.182.134.134 - - [01/Nov/2024:00:19:47 +0100] "GET /ticket2/opencms/en/buy/?page=1&edid=90E4F4A7-FFB8-E63D-BD19-13A2EEA2076B&sortorder=desc&column=price HTTP/1.1" 200 101692
85.208.96.211 - - [01/Nov/2024:00:19:49 +0100] "GET /ticket2/opencms/ga/sport/ticeid-peile/bundesliga/bochum/ HTTP/1.1" 200 94474
217.182.134.134 - - [01/Nov/2024:00:19:49 +0100] "GET /ticket2/opencms/en/buy/?page=1&edid=91E1D90E-D856-1700-6914-5616CED93006&sortorder=asc&column=price HTTP/1.1" 200 102143
217.182.134.134 - - [01/Nov/2024:00:19:51 +0100] "GET /ticket2/opencms/en/buy/?page=1&edid=950A0A24-280E-F0D0-A995-7FF7F0048AC7&sortorder=desc&column=row HTTP/1.1" 200 100302
217.182.134.134 - - [01/Nov/2024:00:19:53 +0100] "GET /ticket2/opencms/en/buy/?page=1&edid=950A0A24-280E-F0D0-A995-7FF7F0048AC7&sortorder=desc&column=section HTTP/1.1" 200 100486
217.182.134.134 - - [01/Nov/2024:00:19:55 +0100] "GET /ticket2/opencms/en/buy/?page=1&edid=96139E3C-A19E-D742-C278-A36332A5747C&sortorder=desc&column=price HTTP/1.1" 200 100895
217.182.134.134 - - [01/Nov/2024:00:19:56 +0100] "GET /ticket2/opencms/en/buy/?page=1&edid=96139E3C-A19E-D742-C278-A36332A5747C&sortorder=desc&column=row HTTP/1.1" 200 100803
54.36.148.179 - - [01/Nov/2024:00:19:57 +0100] "GET /ticket2/opencms/dk/?page=6&comcatid=A17713B6-D984-201A-4143-ED4DB5ED5C2E&catid=7ACC33AD-EE7E-AAA7-9050-0F4587759B87 HTTP/1.1" 200 94946
94.23.207.193 - - [01/Nov/2024:00:19:58 +0100] "GET /ticket2/opencms/se/fi/buy/?page=1&edid=6E42A0C3-CDBA-EB4A-37FF-39D5E8CC32AF&sortorder=asc&column=price HTTP/1.1" 404 -
185.191.171.14 - - [01/Nov/2024:00:19:58 +0100] "GET /ticket2/opencms/no/sport/fotballsbilletter/premier_league/liverpool/ HTTP/1.1" 200 97045
217.182.134.134 - - [01/Nov/2024:00:19:58 +0100] "GET /ticket2/opencms/en/buy/?page=1&edid=9A90005D-FFD3-93B7-7576-3A0ED35BFF2F HTTP/1.1" 200 100405
217.182.134.134 - - [01/Nov/2024:00:20:00 +0100] "GET /ticket2/opencms/en/buy/?page=1&edid=A3C9C39A-D58E-E88B-771B-8E4C4FF57183&sortorder=asc&column=price HTTP/1.1" 200 100579
217.182.134.134 - - [01/Nov/2024:00:20:01 +0100] "GET /ticket2/opencms/en/buy/?page=1&edid=ABDF7CFF-955C-3980-3713-4EA1E1421657&sortorder=asc&column=price HTTP/1.1" 200 100761
217.182.134.134 - - [01/Nov/2024:00:20:03 +0100] "GET /ticket2/opencms/en/buy/?page=1&edid=ACF80E90-C5E3-0DC5-AF38-5E09EB10521E&sortorder=asc&column=section HTTP/1.1" 200 102067
47.128.20.147 - - [01/Nov/2024:00:20:03 +0100] "GET /ticket2/opencms/en/buy/?edid=BE0412F3-5D89-5ECE-29EF-356E5B914A7D HTTP/1.1" 200 79757
217.182.134.134 - - [01/Nov/2024:00:20:05 +0100] "GET /ticket2/opencms/en/buy/?page=1&edid=ACF80E90-C5E3-0DC5-AF38-5E09EB10521E&sortorder=desc&column=section HTTP/1.1" 200 102112
217.182.134.134 - - [01/Nov/2024:00:20:07 +0100] "GET /ticket2/opencms/en/buy/?page=1&edid=B44FDB64-52B9-2FED-89FD-31A7E0881296&sortorder=asc&column=price HTTP/1.1" 200 101335
217.182.134.134 - - [01/Nov/2024:00:20:08 +0100] "GET /ticket2/opencms/en/buy/?page=1&edid=B44FDB64-52B9-2FED-89FD-31A7E0881296&sortorder=asc&column=row HTTP/1.1" 200 101243
54.36.148.207 - - [01/Nov/2024:00:20:10 +0100] "GET /ticket2/opencms/dk/?page=6&comcatid=A17713B6-D984-201A-4143-ED4DB5ED5C2E&catid=7BADFFFB-57C5-5DBC-E7EB-B45075B3D8F9 HTTP/1.1" 200 94946
217.182.134.134 - - [01/Nov/2024:00:20:10 +0100] "GET /ticket2/opencms/en/buy/?page=1&edid=B44FDB64-52B9-2FED-89FD-31A7E0881296&sortorder=asc&column=section HTTP/1.1" 200 101427
47.128.116.80 - - [01/Nov/2024:00:20:11 +0100] "GET /ticket2/opencms/is/buy/?edid=80629047-5380-DFBF-02A3-7565A4409F20 HTTP/1.1" 200 81480
217.182.134.134 - - [01/Nov/2024:00:20:12 +0100] "GET /ticket2/opencms/en/buy/?page=1&edid=BB80FB9D-99FF-746B-76F0-94367292659F&sortorder=asc&column=row HTTP/1.1" 200 98115
87.236.176.178 - - [01/Nov/2024:00:20:12 +0100] "GET /ticket2/opencms/ HTTP/1.1" 302 -
217.182.134.134 - - [01/Nov/2024:00:20:14 +0100] "GET /ticket2/opencms/en/buy/?page=1&edid=C04B613D-9C78-E5F1-0128-6D1C83952FBA HTTP/1.1" 200 100698
87.236.176.178 - - [01/Nov/2024:00:20:14 +0100] "GET /ticket2/opencms/en/ HTTP/1.1" 200 94367
217.182.134.134 - - [01/Nov/2024:00:20:15 +0100] "GET /ticket2/opencms/en/buy/?page=1&edid=C2CD3885-D663-89B2-61C9-751DA9A6EAB2&sortorder=desc&column=section HTTP/1.1" 200 102281
217.182.134.134 - - [01/Nov/2024:00:20:17 +0100] "GET /ticket2/opencms/en/buy/?page=1&edid=C3A8D76C-262A-7D8E-2936-83EB49D80732 HTTP/1.1" 200 99563
217.182.134.134 - - [01/Nov/2024:00:20:19 +0100] "GET /ticket2/opencms/en/buy/?page=1&edid=C3DECC82-3913-4A09-A7B2-D4DC592CF8F8&sortorder=asc&column=row HTTP/1.1" 200 101243
87.236.176.219 - - [01/Nov/2024:00:20:19 +0100] "GET /ticket2/opencms/img/icons/ticket2.thumbnail.png HTTP/1.1" 200 21519
87.236.176.249 - - [01/Nov/2024:00:20:19 +0100] "GET /ticket2/opencms/favicon.ico HTTP/1.1" 200 15406
217.182.134.134 - - [01/Nov/2024:00:20:20 +0100] "GET /ticket2/opencms/en/buy/?page=1&edid=C439FA23-3FE7-CDC9-A39E-4CD3D19ACA8D&sortorder=asc&column=price HTTP/1.1" 200 101529
217.182.134.134 - - [01/Nov/2024:00:20:22 +0100] "GET /ticket2/opencms/en/buy/?page=1&edid=C47633E9-F577-442A-0147-9F58E930D649 HTTP/1.1" 200 100212
217.182.134.134 - - [01/Nov/2024:00:20:24 +0100] "GET /ticket2/opencms/en/buy/?page=1&edid=C4BA00AB-BDFC-3A0A-FE36-2E6A52B5950E&sortorder=desc&column=row HTTP/1.1" 200 100301
40.77.167.255 - - [01/Nov/2024:00:20:24 +0100] "GET /ticket2/opencms/ga/?comcatid=A17713B6-D984-201A-4143-ED4DB5ED5C2E&catid=2DE12DDA-A5FB-C1C6-CB20-FBF873FB032B HTTP/1.1" 200 96041
52.167.144.145 - - [01/Nov/2024:00:20:25 +0100] "GET /ticket2/opencms/hu/buy?page=1&edid=36AF1B5E-5A99-17FA-F2C9-AE0F1234F398 HTTP/1.1" 200 114801
217.182.134.134 - - [01/Nov/2024:00:20:26 +0100] "GET /ticket2/opencms/en/buy/?page=1&edid=C4C2A65A-40AE-982E-2427-F232C3866A5D&sortorder=desc&column=price HTTP/1.1" 200 100623
94.23.207.193 - - [01/Nov/2024:00:20:26 +0100] "GET /ticket2/opencms/se/fi/buy/?page=1&edid=6E42A0C3-CDBA-EB4A-37FF-39D5E8CC32AF&sortorder=asc&column=row HTTP/1.1" 404 -
54.36.148.160 - - [01/Nov/2024:00:20:27 +0100] "GET /ticket2/opencms/dk/?page=6&comcatid=A17713B6-D984-201A-4143-ED4DB5ED5C2E&catid=88C381AD-5D76-A34D-AC15-A7129F8EF5BE HTTP/1.1" 200 94946
217.182.134.134 - - [01/Nov/2024:00:20:27 +0100] "GET /ticket2/opencms/en/buy/?page=1&edid=C563FDCC-68C6-C204-199E-74622D869BA8 HTTP/1.1" 200 100402
114.119.141.206 - - [01/Nov/2024:00:20:28 +0100] "GET /ticket2/opencms/en/venue/?countryid=8858D171-8914-8DFD-A2E4-50FE56A44627 HTTP/1.1" 200 115976
217.182.134.134 - - [01/Nov/2024:00:20:29 +0100] "GET /ticket2/opencms/en/buy/?page=1&edid=C63894D9-FFC6-6076-D3F3-D1640C151FEE&sortorder=asc&column=price HTTP/1.1" 200 101463
217.182.134.134 - - [01/Nov/2024:00:20:31 +0100] "GET /ticket2/opencms/en/buy/?page=1&edid=C63894D9-FFC6-6076-D3F3-D1640C151FEE&sortorder=asc&column=row HTTP/1.1" 200 101371
217.182.134.134 - - [01/Nov/2024:00:20:33 +0100] "GET /ticket2/opencms/en/buy/?page=1&edid=C63894D9-FFC6-6076-D3F3-D1640C151FEE&sortorder=asc&column=section HTTP/1.1" 200 101555
217.182.134.134 - - [01/Nov/2024:00:20:34 +0100] "GET /ticket2/opencms/en/buy/?page=1&edid=C667DF1D-B879-4AD3-AC62-05E96F540B76&sortorder=desc&column=price HTTP/1.1" 200 98255
217.182.134.134 - - [01/Nov/2024:00:20:36 +0100] "GET /ticket2/opencms/en/buy/?page=1&edid=C667DF1D-B879-4AD3-AC62-05E96F540B76&sortorder=desc&column=row HTTP/1.1" 200 98163
217.182.134.134 - - [01/Nov/2024:00:20:38 +0100] "GET /ticket2/opencms/en/buy/?page=1&edid=C6C5559B-8A18-A2E6-0F36-C07F28EC006B&sortorder=desc&column=section HTTP/1.1" 200 98347
54.36.148.86 - - [01/Nov/2024:00:20:39 +0100] "GET /ticket2/opencms/dk/?page=6&comcatid=A17713B6-D984-201A-4143-ED4DB5ED5C2E&catid=8AA488FA-6797-D710-8108-3088D6948FC1 HTTP/1.1" 200 94946
217.182.134.134 - - [01/Nov/2024:00:20:39 +0100] "GET /ticket2/opencms/en/buy/?page=1&edid=C89522E4-C97B-0194-5CAE-1B504E98E1B2&sortorder=desc&column=price HTTP/1.1" 200 98265
217.182.134.134 - - [01/Nov/2024:00:20:41 +0100] "GET /ticket2/opencms/en/buy/?page=1&edid=C89522E4-C97B-0194-5CAE-1B504E98E1B2&sortorder=desc&column=row HTTP/1.1" 200 98173
217.182.134.134 - - [01/Nov/2024:00:20:43 +0100] "GET /ticket2/opencms/en/buy/?page=1&edid=CA13B269-5EB2-5619-8870-07E80D27434D&sortorder=desc&column=row HTTP/1.1" 200 101402
217.182.134.134 - - [01/Nov/2024:00:20:44 +0100] "GET /ticket2/opencms/en/buy/?page=1&edid=CC406F24-F0D4-1A0D-7C4A-0C89C209E0B9&sortorder=asc&column=section HTTP/1.1" 200 98302
217.182.134.134 - - [01/Nov/2024:00:20:46 +0100] "GET /ticket2/opencms/en/buy/?page=1&edid=CC5BD22A-230E-F727-D9D1-20402FBC5319&sortorder=desc&column=section HTTP/1.1" 200 100931
65.108.64.210 - - [01/Nov/2024:00:20:48 +0100] "GET /ticket2/opencms/robots.txt HTTP/1.1" 200 773
217.182.134.134 - - [01/Nov/2024:00:20:48 +0100] "GET /ticket2/opencms/en/buy/?page=1&edid=CEF56D0C-4B94-D435-302E-2275000FA9AD HTTP/1.1" 200 100193
66.249.79.101 - - [01/Nov/2024:00:20:48 +0100] "GET /ticket2/opencms/it/buy/?page=1&edid=A279CA4F-563C-FA44-9E12-257295BF18EE HTTP/1.1" 200 114497
94.23.207.193 - - [01/Nov/2024:00:20:49 +0100] "GET /ticket2/opencms/se/fi/buy/?page=1&edid=6E42A0C3-CDBA-EB4A-37FF-39D5E8CC32AF&sortorder=asc&column=section HTTP/1.1" 404 -
217.182.134.134 - - [01/Nov/2024:00:20:49 +0100] "GET /ticket2/opencms/en/buy/?page=1&edid=DAE1C461-9A8D-E773-9EDE-290EE65504CD&sortorder=asc&column=price HTTP/1.1" 200 100376
54.36.148.137 - - [01/Nov/2024:00:20:51 +0100] "GET /ticket2/opencms/dk/?page=6&comcatid=A17713B6-D984-201A-4143-ED4DB5ED5C2E&catid=97608B80-50C4-18AE-7A82-0413C62E9243 HTTP/1.1" 200 94946
65.108.64.210 - - [01/Nov/2024:00:20:51 +0100] "GET /ticket2/opencms/no/buy/?page=1&edid=8109ABFA-1433-8DF3-D23E-7F3853BD3B0D HTTP/1.1" 200 100322
217.182.134.134 - - [01/Nov/2024:00:20:51 +0100] "GET /ticket2/opencms/en/buy/?page=1&edid=E1065CE0-2A25-C636-919D-5F772AE406F7 HTTP/1.1" 200 100859
217.182.134.134 - - [01/Nov/2024:00:20:53 +0100] "GET /ticket2/opencms/en/buy/?page=1&edid=E147E814-DDBC-A46E-9493-AE9F0C493DDF&sortorder=asc&column=price HTTP/1.1" 200 101451
65.108.64.210 - - [01/Nov/2024:00:20:54 +0100] "GET /ticket2/opencms/no/buy/?page=1&edid=8567C3FF-EEEB-6331-0D57-7F0C74A93B39&sortorder=desc&column=row HTTP/1.1" 200 99405
217.182.134.134 - - [01/Nov/2024:00:20:55 +0100] "GET /ticket2/opencms/en/buy/?page=1&edid=E147E814-DDBC-A46E-9493-AE9F0C493DDF&sortorder=asc&column=row HTTP/1.1" 200 101359
217.182.134.134 - - [01/Nov/2024:00:20:56 +0100] "GET /ticket2/opencms/en/buy/?page=1&edid=E147E814-DDBC-A46E-9493-AE9F0C493DDF&sortorder=asc&column=section HTTP/1.1" 200 101543
65.108.64.210 - - [01/Nov/2024:00:20:57 +0100] "GET /ticket2/opencms/no/buy/?page=1&edid=8567C3FF-EEEB-6331-0D57-7F0C74A93B39&sortorder=desc&column=section HTTP/1.1" 200 99589
217.182.134.134 - - [01/Nov/2024:00:20:58 +0100] "GET /ticket2/opencms/en/buy/?page=1&edid=E275F4DB-5037-C69A-55F4-19118BC84B0A HTTP/1.1" 200 99960
66.249.79.101 - - [01/Nov/2024:00:20:58 +0100] "GET /ticket2/opencms/it/buy/?page=1&edid=3DA4D4F8-D0E8-FA39-BB7D-9FB474CBAB05 HTTP/1.1" 200 100592
217.182.134.134 - - [01/Nov/2024:00:21:00 +0100] "GET /ticket2/opencms/en/buy/?page=1&edid=E305D0D4-BB5B-19E2-61CE-4AD68E07A65B&sortorder=asc&column=section HTTP/1.1" 200 101775
65.108.64.210 - - [01/Nov/2024:00:21:00 +0100] "GET /ticket2/opencms/no/buy/?page=1&edid=859AFC52-CBE6-9F9D-BB23-1672BDAEEA65&sortorder=desc&column=price HTTP/1.1" 200 99482
217.182.134.134 - - [01/Nov/2024:00:21:01 +0100] "GET /ticket2/opencms/en/buy/?page=1&edid=E3118800-A96C-AB59-99C3-1CFA30B79001 HTTP/1.1" 200 100185
217.182.134.134 - - [01/Nov/2024:00:21:03 +0100] "GET /ticket2/opencms/en/buy/?page=1&edid=E3282FFF-15A6-6BAA-CF8A-0432224BE1C3&sortorder=asc&column=price HTTP/1.1" 200 101493
65.108.64.210 - - [01/Nov/2024:00:21:03 +0100] "GET /ticket2/opencms/no/buy/?page=1&edid=859AFC52-CBE6-9F9D-BB23-1672BDAEEA65&sortorder=desc&column=row HTTP/1.1" 200 99390
94.23.207.193 - - [01/Nov/2024:00:21:04 +0100] "GET /ticket2/opencms/se/fi/login/?edid=E1B0D8A0-D6A6-F1B8-598E-C8ECA85414D0 HTTP/1.1" 404 -
217.182.134.134 - - [01/Nov/2024:00:21:05 +0100] "GET /ticket2/opencms/en/buy/?page=1&edid=E3B11CF1-FF18-4988-8A73-D260C31213AE&sortorder=asc&column=section HTTP/1.1" 200 100661
65.108.64.210 - - [01/Nov/2024:00:21:07 +0100] "GET /ticket2/opencms/no/buy/?page=1&edid=859AFC52-CBE6-9F9D-BB23-1672BDAEEA65&sortorder=desc&column=section HTTP/1.1" 200 99574
217.182.134.134 - - [01/Nov/2024:00:21:07 +0100] "GET /ticket2/opencms/en/buy/?page=1&edid=EF861438-67E0-49D5-A813-ED658965F997&sortorder=asc&column=section HTTP/1.1" 200 101776
217.182.134.134 - - [01/Nov/2024:00:21:08 +0100] "GET /ticket2/opencms/en/buy/?page=1&edid=EF861438-67E0-49D5-A813-ED658965F997&sortorder=desc&column=row HTTP/1.1" 200 101637
65.108.64.210 - - [01/Nov/2024:00:21:10 +0100] "GET /ticket2/opencms/no/buy/?page=1&edid=85A4DCD9-6E31-82C1-385B-900A2C9467CE HTTP/1.1" 200 101638
54.36.148.239 - - [01/Nov/2024:00:21:10 +0100] "GET /ticket2/opencms/dk/?page=6&comcatid=A17713B6-D984-201A-4143-ED4DB5ED5C2E&catid=A3372871-3019-08B8-80CE-74B78F441ACA HTTP/1.1" 200 94946
217.182.134.134 - - [01/Nov/2024:00:21:10 +0100] "GET /ticket2/opencms/en/buy/?page=1&edid=EF861438-67E0-49D5-A813-ED658965F997&sortorder=desc&column=section HTTP/1.1" 200 101821
217.182.134.134 - - [01/Nov/2024:00:21:12 +0100] "GET /ticket2/opencms/en/buy/?page=1&edid=EF98F1F8-18FB-14FE-0FD5-18D0CF7A8566&sortorder=asc&column=price HTTP/1.1" 200 100580
