65.108.64.210 - - [01/Nov/2024:00:21:13 +0100] "GET /ticket2/opencms/no/buy/?page=1&edid=85D85DE7-7E33-49D9-3EB3-5BCB430E9732&sortorder=desc&column=price HTTP/1.1" 200 102507
217.182.134.134 - - [01/Nov/2024:00:21:14 +0100] "GET /ticket2/opencms/en/buy/?page=1&edid=EF98F1F8-18FB-14FE-0FD5-18D0CF7A8566&sortorder=asc&column=row HTTP/1.1" 200 100488
217.182.134.134 - - [01/Nov/2024:00:21:15 +0100] "GET /ticket2/opencms/en/buy/?page=1&edid=EF98F1F8-18FB-14FE-0FD5-18D0CF7A8566&sortorder=asc&column=section HTTP/1.1" 200 100672
65.108.64.210 - - [01/Nov/2024:00:21:16 +0100] "GET /ticket2/opencms/no/buy/?page=1&edid=85D85DE7-7E33-49D9-3EB3-5BCB430E9732&sortorder=desc&column=row HTTP/1.1" 200 102415
85.208.96.198 - - [01/Nov/2024:00:21:16 +0100] "GET /ticket2/opencms/sq/faq HTTP/1.1" 200 89022
217.182.134.134 - - [01/Nov/2024:00:21:17 +0100] "GET /ticket2/opencms/en/buy/?page=1&edid=EFA9579B-3165-04EE-5F0E-693D2BE9F86A&sortorder=desc&column=price HTTP/1.1" 200 101491
54.36.148.75 - - [01/Nov/2024:00:21:18 +0100] "GET /ticket2/opencms/dk/?page=6&comcatid=A17713B6-D984-201A-4143-ED4DB5ED5C2E&catid=A4D9EA9A-192D-0274-BF26-9C98D8B902AB HTTP/1.1" 200 94946
217.182.134.134 - - [01/Nov/2024:00:21:19 +0100] "GET /ticket2/opencms/en/buy/?page=1&edid=EFA9579B-3165-04EE-5F0E-693D2BE9F86A&sortorder=desc&column=row HTTP/1.1" 200 101399
65.108.64.210 - - [01/Nov/2024:00:21:19 +0100] "GET /ticket2/opencms/no/buy/?page=1&edid=85D85DE7-7E33-49D9-3EB3-5BCB430E9732&sortorder=desc&column=section HTTP/1.1" 200 102599
217.182.134.134 - - [01/Nov/2024:00:21:21 +0100] "GET /ticket2/opencms/en/buy/?page=1&edid=EFAC700B-CCC4-CF29-BB13-3CFA97BE8CAA HTTP/1.1" 200 100367
217.182.134.134 - - [01/Nov/2024:00:21:22 +0100] "GET /ticket2/opencms/en/buy/?page=1&edid=F07DD32F-52F3-124E-9151-7EC8D703DA5C&sortorder=desc&column=price HTTP/1.1" 200 100622
65.108.64.210 - - [01/Nov/2024:00:21:22 +0100] "GET /ticket2/opencms/no/buy/?page=1&edid=902C95E3-A054-D4A8-928C-F96C2075E9A4&sortorder=desc&column=row HTTP/1.1" 200 102226
52.167.144.145 - - [01/Nov/2024:00:21:23 +0100] "GET /ticket2/opencms/it/buy?page=1&edid=E0DCB6F1-32E5-4B69-7659-12DFC9BB0380 HTTP/1.1" 200 100339
217.182.134.134 - - [01/Nov/2024:00:21:24 +0100] "GET /ticket2/opencms/en/buy/?page=1&edid=F14CA03D-7B19-9875-743D-5167EB6FB9A9&sortorder=asc&column=price HTTP/1.1" 200 101038
65.108.64.210 - - [01/Nov/2024:00:21:26 +0100] "GET /ticket2/opencms/no/buy/?page=1&edid=90D0984A-1101-18B7-90B1-222BD4889492 HTTP/1.1" 200 101454
217.182.134.134 - - [01/Nov/2024:00:21:26 +0100] "GET /ticket2/opencms/en/buy/?page=1&edid=F152A04F-D4C9-4E77-A4A8-C23C922574B0&sortorder=desc&column=row HTTP/1.1" 200 101449
47.128.20.147 - - [01/Nov/2024:00:21:26 +0100] "GET /ticket2/opencms/el/buy/?edid=8E087689-30A7-E7AD-9853-CFBC4F6216DD HTTP/1.1" 200 82211
217.182.134.134 - - [01/Nov/2024:00:21:27 +0100] "GET /ticket2/opencms/en/buy/?page=1&edid=F1A94DF6-0410-4651-F3FB-0AB19BC09731&sortorder=desc&column=price HTTP/1.1" 200 100631
85.208.96.210 - - [01/Nov/2024:00:21:29 +0100] "GET /ticket2/opencms/pl/sport/bilety-futbol/la-liga/espanyol/ HTTP/1.1" 200 102633
217.182.134.134 - - [01/Nov/2024:00:21:29 +0100] "GET /ticket2/opencms/en/buy/?page=1&edid=F1A94DF6-0410-4651-F3FB-0AB19BC09731&sortorder=desc&column=section HTTP/1.1" 200 100723
65.108.64.210 - - [01/Nov/2024:00:21:29 +0100] "GET /ticket2/opencms/no/buy/?page=1&edid=90D981BB-838C-A98E-BE95-FFB7366C7BD0&sortorder=asc&column=section HTTP/1.1" 200 99547
217.182.134.134 - - [01/Nov/2024:00:21:31 +0100] "GET /ticket2/opencms/en/buy/?page=1&edid=F3756B07-2F5C-FFFD-72BE-0A74CDBD5EA0&sortorder=desc&column=row HTTP/1.1" 200 101395
94.23.207.193 - - [01/Nov/2024:00:21:32 +0100] "GET /ticket2/opencms/se/fi/sell/?edid=1B2497C9-50FD-C481-B810-5D82DC9B4FE5 HTTP/1.1" 404 -
54.36.149.25 - - [01/Nov/2024:00:21:32 +0100] "GET /ticket2/opencms/dk/?page=6&comcatid=A17713B6-D984-201A-4143-ED4DB5ED5C2E&catid=A7674DEA-B39E-502C-2F76-760AE08947E9 HTTP/1.1" 200 94946
217.182.134.134 - - [01/Nov/2024:00:21:33 +0100] "GET /ticket2/opencms/en/buy/?page=1&edid=F3756B07-2F5C-FFFD-72BE-0A74CDBD5EA0&sortorder=desc&column=section HTTP/1.1" 200 101579
185.191.171.13 - - [01/Nov/2024:00:21:33 +0100] "GET /ticket2/opencms/cs/about/press/ HTTP/1.1" 200 89870
65.108.64.210 - - [01/Nov/2024:00:21:33 +0100] "GET /ticket2/opencms/no/buy/?page=1&edid=958AB6CE-C703-9A46-1021-58F958A23D2F&sortorder=desc&column=section HTTP/1.1" 200 99562
217.182.134.134 - - [01/Nov/2024:00:21:34 +0100] "GET /ticket2/opencms/en/buy/?page=1&edid=F3C59FE8-84DA-4168-9DD0-7FF9F22B1ED6&sortorder=asc&column=row HTTP/1.1" 200 100488
66.249.79.232 - - [01/Nov/2024:00:21:36 +0100] "GET /ticket2/opencms/img/icons/es.png HTTP/1.1" 200 1005
65.108.64.210 - - [01/Nov/2024:00:21:36 +0100] "GET /ticket2/opencms/no/buy/?page=1&edid=959C78A0-FD4F-927B-91FE-B14712A9B8D2&sortorder=asc&column=price HTTP/1.1" 200 99450
217.182.134.134 - - [01/Nov/2024:00:21:36 +0100] "GET /ticket2/opencms/en/buy/?page=1&edid=F3C59FE8-84DA-4168-9DD0-7FF9F22B1ED6&sortorder=asc&column=section HTTP/1.1" 200 100672
217.182.134.134 - - [01/Nov/2024:00:21:38 +0100] "GET /ticket2/opencms/en/buy/?page=1&edid=F3C916A5-266C-CF5A-524D-FDD95A915D8E&sortorder=asc&column=price HTTP/1.1" 200 101447
65.108.64.210 - - [01/Nov/2024:00:21:39 +0100] "GET /ticket2/opencms/no/buy/?page=1&edid=959C78A0-FD4F-927B-91FE-B14712A9B8D2&sortorder=asc&column=row HTTP/1.1" 200 99358
217.182.134.134 - - [01/Nov/2024:00:21:40 +0100] "GET /ticket2/opencms/en/buy/?page=1&edid=F3C916A5-266C-CF5A-524D-FDD95A915D8E&sortorder=asc&column=row HTTP/1.1" 200 101355
217.182.134.134 - - [01/Nov/2024:00:21:41 +0100] "GET /ticket2/opencms/en/buy/?page=1&edid=F3EAB77E-5223-86F1-9947-9F306D6E6D43&sortorder=asc&column=row HTTP/1.1" 200 98104
185.191.171.18 - - [01/Nov/2024:00:21:42 +0100] "GET /ticket2/opencms/bg/sport/futbolni-bileti/premier-league/ HTTP/1.1" 200 100950
65.108.64.210 - - [01/Nov/2024:00:21:42 +0100] "GET /ticket2/opencms/no/buy/?page=1&edid=959C78A0-FD4F-927B-91FE-B14712A9B8D2&sortorder=asc&column=section HTTP/1.1" 200 99542
217.182.134.134 - - [01/Nov/2024:00:21:43 +0100] "GET /ticket2/opencms/en/buy/?page=1&edid=F3EAB77E-5223-86F1-9947-9F306D6E6D43&sortorder=asc&column=section HTTP/1.1" 200 98288
47.128.41.237 - - [01/Nov/2024:00:21:44 +0100] "GET /ticket2/opencms/bg/buy/?catid=FCA7FF95-260A-464B-B6FF-A820FCE7DFEF&comcatid=0A6B8208-FDA4-E929-9D72-5312FD481B76 HTTP/1.1" 200 87948
217.182.134.134 - - [01/Nov/2024:00:21:45 +0100] "GET /ticket2/opencms/en/buy/?page=1&edid=F463DFC6-FD0F-0F40-EE84-5419260C1C59&sortorder=asc&column=row HTTP/1.1" 200 101887
65.108.64.210 - - [01/Nov/2024:00:21:45 +0100] "GET /ticket2/opencms/no/buy/?page=1&edid=95E4E2A2-4247-D538-792A-CB077C5BE454&sortorder=asc&column=price HTTP/1.1" 200 103184
217.182.134.134 - - [01/Nov/2024:00:21:46 +0100] "GET /ticket2/opencms/en/buy/?page=1&edid=F48DCAEC-D88E-D507-BA21-55E711D48483&sortorder=asc&column=section HTTP/1.1" 200 101339
217.182.134.134 - - [01/Nov/2024:00:21:48 +0100] "GET /ticket2/opencms/en/buy/?page=1&edid=F6211F52-67B3-65D8-A11D-822849AB2187&sortorder=desc&column=section HTTP/1.1" 200 101572
54.36.148.30 - - [01/Nov/2024:00:21:48 +0100] "GET /ticket2/opencms/dk/?page=6&comcatid=A17713B6-D984-201A-4143-ED4DB5ED5C2E&catid=AE3FE643-AE41-BAA6-237D-5206D1B044A1 HTTP/1.1" 200 94946
65.108.64.210 - - [01/Nov/2024:00:21:49 +0100] "GET /ticket2/opencms/no/buy/?page=1&edid=95E4E2A2-4247-D538-792A-CB077C5BE454&sortorder=asc&column=row HTTP/1.1" 200 103092
217.182.134.134 - - [01/Nov/2024:00:21:50 +0100] "GET /ticket2/opencms/en/buy/?page=1&edid=F68975D8-2DB7-B52A-F7B9-092BBCD03C6B&sortorder=desc&column=price HTTP/1.1" 200 100625
217.182.134.134 - - [01/Nov/2024:00:21:51 +0100] "GET /ticket2/opencms/en/buy/?page=1&edid=F68975D8-2DB7-B52A-F7B9-092BBCD03C6B&sortorder=desc&column=section HTTP/1.1" 200 100717
65.108.64.210 - - [01/Nov/2024:00:21:52 +0100] "GET /ticket2/opencms/no/buy/?page=1&edid=95E4E2A2-4247-D538-792A-CB077C5BE454&sortorder=asc&column=section HTTP/1.1" 200 103276
94.23.207.193 - - [01/Nov/2024:00:21:53 +0100] "GET /ticket2/opencms/se/fi/sell/?edid=211429E0-D08B-1E8E-1EA3-8D59AD6D932A HTTP/1.1" 404 -
217.182.134.134 - - [01/Nov/2024:00:21:53 +0100] "GET /ticket2/opencms/en/buy/?page=1&edid=F7B8BE92-D516-BEF0-162F-E147FE8DEFE4&sortorder=desc&column=price HTTP/1.1" 200 102179
217.182.134.134 - - [01/Nov/2024:00:21:55 +0100] "GET /ticket2/opencms/en/buy/?page=1&edid=F7B8BE92-D516-BEF0-162F-E147FE8DEFE4&sortorder=desc&column=row HTTP/1.1" 200 102087
65.108.64.210 - - [01/Nov/2024:00:21:55 +0100] "GET /ticket2/opencms/no/buy/?page=1&edid=96935B90-BFC5-DD63-9E0F-694D36461003&sortorder=desc&column=section HTTP/1.1" 200 102786
217.182.134.134 - - [01/Nov/2024:00:21:57 +0100] "GET /ticket2/opencms/en/buy/?page=1&edid=F7B8BE92-D516-BEF0-162F-E147FE8DEFE4&sortorder=desc&column=section HTTP/1.1" 200 102271
217.182.134.134 - - [01/Nov/2024:00:21:58 +0100] "GET /ticket2/opencms/en/buy/?page=1&edid=F8640281-A10A-8FAC-4D72-6086A5F51411&sortorder=asc&column=row HTTP/1.1" 200 100248
65.108.64.210 - - [01/Nov/2024:00:21:58 +0100] "GET /ticket2/opencms/no/buy/?page=1&edid=98AE05DF-7259-780C-B8A1-9BDC5E73E210&sortorder=desc&column=price HTTP/1.1" 200 102745
217.182.134.134 - - [01/Nov/2024:00:22:00 +0100] "GET /ticket2/opencms/en/buy/?page=1&edid=F86DC6C7-BB6C-B6B3-BE8B-026623A0DCBE HTTP/1.1" 200 100701
217.182.134.134 - - [01/Nov/2024:00:22:02 +0100] "GET /ticket2/opencms/en/buy/?page=1&edid=F8B18577-657B-06AA-B5AB-A0043E2A4297&sortorder=desc&column=section HTTP/1.1" 200 101357
65.108.64.210 - - [01/Nov/2024:00:22:02 +0100] "GET /ticket2/opencms/no/buy/?page=1&edid=98B5152B-D0CA-636B-A921-B33BCB03C7DC&sortorder=asc&column=price HTTP/1.1" 200 102006
217.182.134.134 - - [01/Nov/2024:00:22:03 +0100] "GET /ticket2/opencms/en/buy/?page=1&edid=F8C63DF8-590C-CC78-749C-C6B01C8C3C13&sortorder=desc&column=price HTTP/1.1" 200 99490
65.108.64.210 - - [01/Nov/2024:00:22:05 +0100] "GET /ticket2/opencms/no/buy/?page=1&edid=98B5152B-D0CA-636B-A921-B33BCB03C7DC&sortorder=asc&column=row HTTP/1.1" 200 101914
217.182.134.134 - - [01/Nov/2024:00:22:05 +0100] "GET /ticket2/opencms/en/buy/?page=1&edid=F8D1A5B8-3519-5486-4D31-1BE0B83E0B85&sortorder=desc&column=price HTTP/1.1" 200 98248
54.36.149.105 - - [01/Nov/2024:00:22:06 +0100] "GET /ticket2/opencms/dk/?page=6&comcatid=A17713B6-D984-201A-4143-ED4DB5ED5C2E&catid=B0817F4C-4B6F-A68C-6229-209BB05F84D4 HTTP/1.1" 200 94946
94.23.207.193 - - [01/Nov/2024:00:22:07 +0100] "GET /ticket2/opencms/se/fi/sell/?edid=2257C75C-BA42-2AAA-5AB5-C3F917CC9AC1 HTTP/1.1" 404 -
217.182.134.134 - - [01/Nov/2024:00:22:07 +0100] "GET /ticket2/opencms/en/buy/?page=1&edid=F8D1A5B8-3519-5486-4D31-1BE0B83E0B85&sortorder=desc&column=row HTTP/1.1" 200 98156
65.108.64.210 - - [01/Nov/2024:00:22:08 +0100] "GET /ticket2/opencms/no/buy/?page=1&edid=98B5152B-D0CA-636B-A921-B33BCB03C7DC&sortorder=asc&column=section HTTP/1.1" 200 102098
85.208.96.196 - - [01/Nov/2024:00:22:08 +0100] "GET /ticket2/opencms/en/sport/football-tickets/serie_a/genoa/ HTTP/1.1" 200 95854
217.182.134.134 - - [01/Nov/2024:00:22:09 +0100] "GET /ticket2/opencms/en/buy/?page=1&edid=F8D9106C-BA17-B476-4E1C-EC0D77A93AAE&sortorder=desc&column=price HTTP/1.1" 200 101728
40.77.167.255 - - [01/Nov/2024:00:22:09 +0100] "GET /ticket2/opencms/de/sport/fussball-tickets/la_liga/sevilla/ HTTP/1.1" 200 103093
47.128.21.78 - - [01/Nov/2024:00:22:09 +0100] "GET /ticket2/opencms/es/buy/?catid=BDD8C04C-DD99-1C07-B5F3-F2AB98D157E8&comcatid=A17713B6-D984-201A-4143-ED4DB5ED5C2E HTTP/1.1" 200 93459
217.182.134.134 - - [01/Nov/2024:00:22:10 +0100] "GET /ticket2/opencms/en/buy/?page=1&edid=F920C9EB-FBBB-08CB-045F-AA52A8ABB18F&sortorder=asc&column=section HTTP/1.1" 200 98298
65.108.64.210 - - [01/Nov/2024:00:22:11 +0100] "GET /ticket2/opencms/no/buy/?page=1&edid=98B5152B-D0CA-636B-A921-B33BCB03C7DC&sortorder=desc&column=price HTTP/1.1" 200 102051
217.182.134.134 - - [01/Nov/2024:00:22:12 +0100] "GET /ticket2/opencms/en/buy/?page=1&edid=F920C9EB-FBBB-08CB-045F-AA52A8ABB18F&sortorder=desc&column=price HTTP/1.1" 200 98251
217.182.134.134 - - [01/Nov/2024:00:22:14 +0100] "GET /ticket2/opencms/en/buy/?page=1&edid=F96E6CAA-6B2C-A272-DA82-260C5860E403 HTTP/1.1" 200 99941
54.36.148.185 - - [01/Nov/2024:00:22:15 +0100] "GET /ticket2/opencms/dk/?page=6&comcatid=A17713B6-D984-201A-4143-ED4DB5ED5C2E&catid=BDD8C04C-DD99-1C07-B5F3-F2AB98D157E8 HTTP/1.1" 200 94946
65.108.64.210 - - [01/Nov/2024:00:22:15 +0100] "GET /ticket2/opencms/no/buy/?page=1&edid=98B5152B-D0CA-636B-A921-B33BCB03C7DC&sortorder=desc&column=row HTTP/1.1" 200 101959
217.182.134.134 - - [01/Nov/2024:00:22:16 +0100] "GET /ticket2/opencms/en/buy/?page=1&edid=F96E6CAA-6B2C-A272-DA82-260C5860E403&sortorder=asc&column=section HTTP/1.1" 200 101311
217.182.134.134 - - [01/Nov/2024:00:22:17 +0100] "GET /ticket2/opencms/en/buy/?page=1&edid=F971B504-A38E-CC54-3E94-36FD288179DE&sortorder=desc&column=price HTTP/1.1" 200 98245
65.108.64.210 - - [01/Nov/2024:00:22:18 +0100] "GET /ticket2/opencms/no/buy/?page=1&edid=98B5152B-D0CA-636B-A921-B33BCB03C7DC&sortorder=desc&column=section HTTP/1.1" 200 102143
217.182.134.134 - - [01/Nov/2024:00:22:19 +0100] "GET /ticket2/opencms/en/buy/?page=1&edid=F971B504-A38E-CC54-3E94-36FD288179DE&sortorder=desc&column=row HTTP/1.1" 200 98153
201.23.14.225 - - [01/Nov/2024:00:22:20 +0100] "GET /ticket2/opencms/ HTTP/1.1" 302 -
201.23.14.225 - - [01/Nov/2024:00:22:20 +0100] "GET /ticket2/opencms/en/ HTTP/1.1" 200 94367
94.23.207.193 - - [01/Nov/2024:00:22:21 +0100] "GET /ticket2/opencms/se/fi/sell/?edid=23D7FD2C-27AD-2624-2564-DE4AA8FD53DE HTTP/1.1" 404 -
52.167.144.190 - - [01/Nov/2024:00:22:21 +0100] "GET /ticket2/opencms/en/sell/?edid=886EBE00-AD4F-18AB-5952-938F90C93D16 HTTP/1.1" 302 -
217.182.134.134 - - [01/Nov/2024:00:22:21 +0100] "GET /ticket2/opencms/en/buy/?page=1&edid=F971B504-A38E-CC54-3E94-36FD288179DE&sortorder=desc&column=section HTTP/1.1" 200 98337
65.108.64.210 - - [01/Nov/2024:00:22:21 +0100] "GET /ticket2/opencms/no/buy/?page=1&edid=98C1240D-E032-0B95-7573-C567C14D7D16&sortorder=asc&column=price HTTP/1.1" 200 102724
217.182.134.134 - - [01/Nov/2024:00:22:22 +0100] "GET /ticket2/opencms/en/buy/?page=1&edid=F9B4485F-57C3-0B03-3CB2-E38D7FA6CDBB&sortorder=asc&column=section HTTP/1.1" 200 100671
52.167.144.190 - - [01/Nov/2024:00:22:23 +0100] "GET /ticket2/opencms/en/login/?url=/en/sell/ HTTP/1.1" 200 88677
217.182.134.134 - - [01/Nov/2024:00:22:24 +0100] "GET /ticket2/opencms/en/buy/?page=1&edid=F9C28169-9DB0-FD34-41D7-E143F8F4A5B7&sortorder=desc&column=price HTTP/1.1" 200 100376
65.108.64.210 - - [01/Nov/2024:00:22:24 +0100] "GET /ticket2/opencms/no/buy/?page=1&edid=98C1240D-E032-0B95-7573-C567C14D7D16&sortorder=asc&column=row HTTP/1.1" 200 102632
185.191.171.16 - - [01/Nov/2024:00:22:26 +0100] "GET /ticket2/opencms/ga/about/press/ HTTP/1.1" 200 89539
217.182.134.134 - - [01/Nov/2024:00:22:26 +0100] "GET /ticket2/opencms/en/buy/?page=1&edid=F9CBA22B-02B6-5454-FAFF-0732F7408AFD&sortorder=desc&column=price HTTP/1.1" 200 102153
65.108.64.210 - - [01/Nov/2024:00:22:27 +0100] "GET /ticket2/opencms/no/buy/?page=1&edid=98C1240D-E032-0B95-7573-C567C14D7D16&sortorder=asc&column=section HTTP/1.1" 200 102816
217.182.134.134 - - [01/Nov/2024:00:22:28 +0100] "GET /ticket2/opencms/en/buy/?page=1&edid=F9CBA22B-02B6-5454-FAFF-0732F7408AFD&sortorder=desc&column=row HTTP/1.1" 200 102061
217.182.134.134 - - [01/Nov/2024:00:22:29 +0100] "GET /ticket2/opencms/en/buy/?page=1&edid=FA0513B6-C062-D552-5C10-F2BE1953376E&sortorder=desc&column=price HTTP/1.1" 200 98264
201.23.14.225 - - [01/Nov/2024:00:22:30 +0100] "GET /ticket2/opencms/en/magazine HTTP/1.1" 200 143169
47.128.98.206 - - [01/Nov/2024:00:22:30 +0100] "GET /ticket2/opencms/is/buy/?edid=627DD27E-C54C-E728-A0EA-5E098C44319A HTTP/1.1" 200 81480
65.108.64.210 - - [01/Nov/2024:00:22:31 +0100] "GET /ticket2/opencms/no/buy/?page=1&edid=99379E05-2895-DA9A-DA07-9A2A949F9132&sortorder=desc&column=price HTTP/1.1" 200 99491
217.182.134.134 - - [01/Nov/2024:00:22:31 +0100] "GET /ticket2/opencms/en/buy/?page=1&edid=FA0513B6-C062-D552-5C10-F2BE1953376E&sortorder=desc&column=section HTTP/1.1" 200 98356
54.36.148.238 - - [01/Nov/2024:00:22:32 +0100] "GET /ticket2/opencms/dk/?page=6&comcatid=A17713B6-D984-201A-4143-ED4DB5ED5C2E&catid=BE041FBE-C1A7-918C-EB61-99ED02D12F5B HTTP/1.1" 200 94946
217.182.134.134 - - [01/Nov/2024:00:22:33 +0100] "GET /ticket2/opencms/en/buy/?page=1&edid=FA1D4F5B-4CE2-C9D1-B78A-CD1BF177B4FA&sortorder=asc&column=section HTTP/1.1" 200 100861
65.108.64.210 - - [01/Nov/2024:00:22:34 +0100] "GET /ticket2/opencms/no/buy/?page=1&edid=9A519B52-57C0-3D7D-0745-09A3763A01B1&sortorder=asc&column=price HTTP/1.1" 200 102690
217.182.134.134 - - [01/Nov/2024:00:22:34 +0100] "GET /ticket2/opencms/en/buy/?page=1&edid=FB2118DF-D9FB-5A58-C950-85B43798EFC8 HTTP/1.1" 200 100403
94.23.207.193 - - [01/Nov/2024:00:22:35 +0100] "GET /ticket2/opencms/se/fi/sell/?edid=266863E9-0D4A-8983-3D6E-89AEC4F0BA41 HTTP/1.1" 404 -
217.182.134.134 - - [01/Nov/2024:00:22:36 +0100] "GET /ticket2/opencms/en/buy/?page=1&edid=FB7F0AD6-8707-51F1-5AF9-A7E952D9C69E HTTP/1.1" 200 96923
65.108.64.210 - - [01/Nov/2024:00:22:37 +0100] "GET /ticket2/opencms/no/buy/?page=1&edid=9A519B52-57C0-3D7D-0745-09A3763A01B1&sortorder=asc&column=row HTTP/1.1" 200 102598
217.182.134.134 - - [01/Nov/2024:00:22:38 +0100] "GET /ticket2/opencms/en/buy/?page=1&edid=FB7F0AD6-8707-51F1-5AF9-A7E952D9C69E&sortorder=asc&column=section HTTP/1.1" 200 98293
54.36.148.238 - - [01/Nov/2024:00:22:38 +0100] "GET /ticket2/opencms/el/buy?page=1&edid=3DE00F0C-D064-F580-0B18-1943C6741906 HTTP/1.1" 200 104925
217.182.134.134 - - [01/Nov/2024:00:22:39 +0100] "GET /ticket2/opencms/en/buy/?page=1&edid=FBAFC8C9-2F07-B1EF-CF64-939CD8CFFE64&sortorder=desc&column=price HTTP/1.1" 200 102191
65.108.64.210 - - [01/Nov/2024:00:22:40 +0100] "GET /ticket2/opencms/no/buy/?page=1&edid=9A519B52-57C0-3D7D-0745-09A3763A01B1&sortorder=asc&column=section HTTP/1.1" 200 102782
217.182.134.134 - - [01/Nov/2024:00:22:41 +0100] "GET /ticket2/opencms/en/buy/?page=1&edid=FC0D5D89-4B43-9EC1-BD89-FA48C772FEDC&sortorder=desc&column=price HTTP/1.1" 200 102162
54.36.149.0 - - [01/Nov/2024:00:22:42 +0100] "GET /ticket2/opencms/dk/?page=6&comcatid=A17713B6-D984-201A-4143-ED4DB5ED5C2E&catid=C0DF818C-DB21-6E2E-4056-DB751FFE0C41 HTTP/1.1" 200 94946
217.182.134.134 - - [01/Nov/2024:00:22:43 +0100] "GET /ticket2/opencms/en/buy/?page=1&edid=FC0D5D89-4B43-9EC1-BD89-FA48C772FEDC&sortorder=desc&column=row HTTP/1.1" 200 102070
65.108.64.210 - - [01/Nov/2024:00:22:43 +0100] "GET /ticket2/opencms/no/buy/?page=1&edid=9A81C29E-DD67-3388-8B80-3F8BEA91B5A9&sortorder=asc&column=row HTTP/1.1" 200 103244
207.46.13.151 - - [01/Nov/2024:00:22:44 +0100] "GET /ticket2/opencms/fr/buy/?page=1&edid=17C60B20-E0E7-E85A-0B9A-F8B1FEF30825 HTTP/1.1" 200 125188
217.182.134.134 - - [01/Nov/2024:00:22:44 +0100] "GET /ticket2/opencms/en/buy/?page=1&edid=FC0D5D89-4B43-9EC1-BD89-FA48C772FEDC&sortorder=desc&column=section HTTP/1.1" 200 102254
217.182.134.134 - - [01/Nov/2024:00:22:46 +0100] "GET /ticket2/opencms/en/buy/?page=1&edid=FC59A96A-7A0E-DF19-BFE3-D29B9978A152&sortorder=asc&column=price HTTP/1.1" 200 101336
65.108.64.210 - - [01/Nov/2024:00:22:47 +0100] "GET /ticket2/opencms/no/buy/?page=1&edid=9A81C29E-DD67-3388-8B80-3F8BEA91B5A9&sortorder=asc&column=section HTTP/1.1" 200 103428
201.23.14.225 - - [01/Nov/2024:00:22:48 +0100] "GET /ticket2/opencms/az HTTP/1.1" 200 96077
217.182.134.134 - - [01/Nov/2024:00:22:48 +0100] "GET /ticket2/opencms/en/buy/?page=1&edid=FC8166F8-5150-95FE-6FDF-33A45AACF965&sortorder=desc&column=price HTTP/1.1" 200 98234
217.182.134.134 - - [01/Nov/2024:00:22:49 +0100] "GET /ticket2/opencms/en/buy/?page=1&edid=FC8166F8-5150-95FE-6FDF-33A45AACF965&sortorder=desc&column=row HTTP/1.1" 200 98142
47.128.20.100 - - [01/Nov/2024:00:22:50 +0100] "GET /ticket2/opencms/en/buy/?edid=E52D0D42-B37D-77A5-7B6B-E8A2A69DD28E HTTP/1.1" 200 79757
65.108.64.210 - - [01/Nov/2024:00:22:50 +0100] "GET /ticket2/opencms/no/buy/?page=1&edid=9A983906-2E16-F256-CF2B-CC60D8D9570E&sortorder=asc&column=row HTTP/1.1" 200 100383
217.182.134.134 - - [01/Nov/2024:00:22:51 +0100] "GET /ticket2/opencms/en/buy/?page=6&comcatid=A17713B6-D984-201A-4143-ED4DB5ED5C2E&catid=36394212-F82E-F845-399B-42BED55969CC&eventid=1C0FC89D-D539-28E4-3F58-11BCE29E4CA8 HTTP/1.1" 200 104162
54.36.149.63 - - [01/Nov/2024:00:22:51 +0100] "GET /ticket2/opencms/dk/?page=6&comcatid=A17713B6-D984-201A-4143-ED4DB5ED5C2E&catid=C48671DB-5AEB-8CE2-928E-38417FFBE085 HTTP/1.1" 200 94946
201.23.14.225 - - [01/Nov/2024:00:22:53 +0100] "GET /ticket2/opencms/be HTTP/1.1" 200 97282
217.182.134.134 - - [01/Nov/2024:00:22:53 +0100] "GET /ticket2/opencms/en/buy/?page=6&comcatid=A17713B6-D984-201A-4143-ED4DB5ED5C2E&catid=7EF04817-972D-18B1-F941-DE800D088075&eventid=50360403-991B-F883-97BB-AFA49C266DF7 HTTP/1.1" 200 96879
65.108.64.210 - - [01/Nov/2024:00:22:53 +0100] "GET /ticket2/opencms/no/buy/?page=1&edid=A36B9290-67DE-ACAE-0949-503B4AE866FF&sortorder=desc&column=section HTTP/1.1" 200 99585
217.182.134.134 - - [01/Nov/2024:00:22:54 +0100] "GET /ticket2/opencms/en/buy/?page=6&comcatid=A17713B6-D984-201A-4143-ED4DB5ED5C2E&catid=88C381AD-5D76-A34D-AC15-A7129F8EF5BE&eventid=E258311F-456C-F2A8-5007-7559001FD218 HTTP/1.1" 200 94992
94.23.207.193 - - [01/Nov/2024:00:22:55 +0100] "GET /ticket2/opencms/se/fi/sell/?edid=271A438D-A4BA-64C1-3CAA-7AA8B8DABB44 HTTP/1.1" 404 -
185.191.171.9 - - [01/Nov/2024:00:22:55 +0100] "GET /ticket2/opencms/ro/despre-noi HTTP/1.1" 200 87950
65.108.64.210 - - [01/Nov/2024:00:22:56 +0100] "GET /ticket2/opencms/no/buy/?page=1&edid=A39379DA-1375-E962-6BB8-A36C2BDDD0AC&sortorder=desc&column=price HTTP/1.1" 200 102731
217.182.134.134 - - [01/Nov/2024:00:22:56 +0100] "GET /ticket2/opencms/en/login/?edid=CB1A6DCE-08B0-3E84-CE92-22ED535AB832 HTTP/1.1" 200 88677
201.23.14.225 - - [01/Nov/2024:00:22:57 +0100] "GET /ticket2/opencms/bg HTTP/1.1" 200 97044
65.108.64.210 - - [01/Nov/2024:00:22:59 +0100] "GET /ticket2/opencms/no/buy/?page=1&edid=A39379DA-1375-E962-6BB8-A36C2BDDD0AC&sortorder=desc&column=row HTTP/1.1" 200 102639
217.182.134.134 - - [01/Nov/2024:00:23:00 +0100] "GET /ticket2/opencms/en/login/?edid=04645337-150A-D677-8193-863115283FA6 HTTP/1.1" 200 88677
201.23.14.225 - - [01/Nov/2024:00:23:01 +0100] "GET /ticket2/opencms/bs HTTP/1.1" 200 95635
65.108.64.210 - - [01/Nov/2024:00:23:03 +0100] "GET /ticket2/opencms/no/buy/?page=1&edid=A39379DA-1375-E962-6BB8-A36C2BDDD0AC&sortorder=desc&column=section HTTP/1.1" 200 102823
217.182.134.134 - - [01/Nov/2024:00:23:04 +0100] "GET /ticket2/opencms/en/login/?edid=07B0ACF8-58B0-8EE8-31DF-FAD574ECBFC5 HTTP/1.1" 200 88677
54.36.148.140 - - [01/Nov/2024:00:23:04 +0100] "GET /ticket2/opencms/dk/?page=6&comcatid=A17713B6-D984-201A-4143-ED4DB5ED5C2E&catid=D08E96E8-A514-9E09-4E22-63713911E0B8 HTTP/1.1" 200 94946
201.23.14.225 - - [01/Nov/2024:00:23:05 +0100] "GET /ticket2/opencms/cs HTTP/1.1" 200 95797
65.108.64.210 - - [01/Nov/2024:00:23:06 +0100] "GET /ticket2/opencms/no/buy/?page=1&edid=A41C2B12-6647-8282-B059-EA40F6DAC88A&sortorder=desc&column=row HTTP/1.1" 200 99387
217.182.134.134 - - [01/Nov/2024:00:23:07 +0100] "GET /ticket2/opencms/en/login/?edid=3389708C-18F0-B6AB-9F44-A1534328131C HTTP/1.1" 200 88677
65.108.64.210 - - [01/Nov/2024:00:23:09 +0100] "GET /ticket2/opencms/no/buy/?page=1&edid=A5866924-8D07-C7DD-070C-0F452CD95B0E&sortorder=desc&column=price HTTP/1.1" 200 99502
201.23.14.225 - - [01/Nov/2024:00:23:09 +0100] "GET /ticket2/opencms/de HTTP/1.1" 200 95408
217.182.134.134 - - [01/Nov/2024:00:23:10 +0100] "GET /ticket2/opencms/en/login/?edid=457A4AFF-A6EF-C071-9DEF-1F13C05D6B21 HTTP/1.1" 200 88677
85.208.96.194 - - [01/Nov/2024:00:23:12 +0100] "GET /ticket2/opencms/nl/standard/ HTTP/1.1" 200 99470
65.108.64.210 - - [01/Nov/2024:00:23:12 +0100] "GET /ticket2/opencms/no/buy/?page=1&edid=A5900580-CE0A-F8F6-EA5C-32AB607BFC27&sortorder=desc&column=price HTTP/1.1" 200 102747
114.119.135.251 - - [01/Nov/2024:00:23:13 +0100] "GET /ticket2/opencms/en/venue/?venueid=A349DBED-07A6-8985-882B-FBE6633B82A6 HTTP/1.1" 200 86576
217.182.134.134 - - [01/Nov/2024:00:23:13 +0100] "GET /ticket2/opencms/en/login/?edid=47765F02-5EE4-F2A0-55C6-9B445E387E6A HTTP/1.1" 200 88677
201.23.14.225 - - [01/Nov/2024:00:23:14 +0100] "GET /ticket2/opencms/dk HTTP/1.1" 200 94946
65.108.64.210 - - [01/Nov/2024:00:23:15 +0100] "GET /ticket2/opencms/no/buy/?page=1&edid=D775D026-E685-2FDB-80C2-62D75C5665AD&sortorder=desc&column=price HTTP/1.1" 200 101869
217.182.134.134 - - [01/Nov/2024:00:23:17 +0100] "GET /ticket2/opencms/en/login/?edid=47C5221C-D928-A354-3BAB-DBCEA1F436C4 HTTP/1.1" 200 88677
201.23.14.225 - - [01/Nov/2024:00:23:17 +0100] "GET /ticket2/opencms/el HTTP/1.1" 200 98087
65.108.64.210 - - [01/Nov/2024:00:23:19 +0100] "GET /ticket2/opencms/no/buy/?page=1&edid=DA55EA94-C407-D79D-D7C5-6A263E676A12&sortorder=desc&column=section HTTP/1.1" 200 102843
185.220.101.41 - - [01/Nov/2024:00:23:19 +0100] "GET /ticket2/opencms/en HTTP/1.1" 200 94367
94.23.207.193 - - [01/Nov/2024:00:23:19 +0100] "GET /ticket2/opencms/se/fi/sell/?edid=29E18AE9-D6E0-6828-8918-77C9018A5E60 HTTP/1.1" 404 -
185.220.101.41 - - [01/Nov/2024:00:23:20 +0100] "GET /ticket2/opencms/en/about/contact HTTP/1.1" 200 86214
217.182.134.134 - - [01/Nov/2024:00:23:20 +0100] "GET /ticket2/opencms/en/login/?edid=60EFDC2E-D0E4-50A3-A8F0-F9555AFF82D2 HTTP/1.1" 200 88677
185.220.101.41 - - [01/Nov/2024:00:23:21 +0100] "GET /ticket2/opencms/en/about/press HTTP/1.1" 200 87184
65.108.64.210 - - [01/Nov/2024:00:23:22 +0100] "GET /ticket2/opencms/no/buy/?page=1&edid=DA80AC96-9D5B-51F7-D55B-EACBDC4E7995&sortorder=desc&column=row HTTP/1.1" 200 99410
185.220.101.41 - - [01/Nov/2024:00:23:23 +0100] "GET /ticket2/opencms/en/affiliateprogram.html HTTP/1.1" 200 86867
217.182.134.134 - - [01/Nov/2024:00:23:24 +0100] "GET /ticket2/opencms/en/login/?edid=6E2D7CB4-12E0-AD72-BA3F-A5F3489E3A5B HTTP/1.1" 200 88677
185.220.101.41 - - [01/Nov/2024:00:23:24 +0100] "GET /ticket2/opencms/en/buy?page=1&edid=06839E1C-8CA0-2766-B39C-B161E06D9E51 HTTP/1.1" 200 123460
185.220.101.41 - - [01/Nov/2024:00:23:25 +0100] "GET /ticket2/opencms/submitNewForm();?inputName=%F0%9F%9B%A1+Email%3B+Transfer+%E2%84%96EY00.+VERIFY+%3E%3E%3E+https%3A%2F%2Ftelegra.ph%2FGo-to-your-personal-cabinet-08-25%3Fhs%3D7d12e3cc89a95bf038b2e6701e5dd2e0%26+%F0%9F%9B%A1&inputEmail=azizxkill1%40setxko.com&inputQuestion=x8ilc6 HTTP/1.1" 404 -
65.108.64.210 - - [01/Nov/2024:00:23:25 +0100] "GET /ticket2/opencms/no/buy/?page=1&edid=DEA47118-3581-1B80-3801-4DEBDF133C31&sortorder=asc&column=section HTTP/1.1" 200 101918
185.220.101.41 - - [01/Nov/2024:00:23:27 +0100] "GET /ticket2/opencms/en/buy?page=1&edid=0F9D6B87-FBA2-98F6-6A11-CBBA4D2A86C1 HTTP/1.1" 200 131084
217.182.134.134 - - [01/Nov/2024:00:23:27 +0100] "GET /ticket2/opencms/en/login/?edid=F2885AAC-9413-8186-D562-46F27207E0F3 HTTP/1.1" 200 88677
192.42.116.179 - - [01/Nov/2024:00:23:28 +0100] "GET /ticket2/opencms/submitNewForm();?inputName=%F0%9F%96%B2+Email-+Transfer+%E2%84%96HD20.+GET+%3E%3E+https%3A%2F%2Ftelegra.ph%2FGo-to-your-personal-cabinet-08-25%3Fhs%3Da4f4ca35b5d0394f05a0600358eadd02%26+%F0%9F%96%B2&inputEmail=azizxkill1%40setxko.com&inputQuestion=sz6quo HTTP/1.1" 404 -
65.108.64.210 - - [01/Nov/2024:00:23:28 +0100] "GET /ticket2/opencms/no/buy/?page=1&edid=E0DC8306-D909-6272-377C-82F59F1A276F&sortorder=asc&column=price HTTP/1.1" 200 99449
192.42.116.179 - - [01/Nov/2024:00:23:29 +0100] "GET /ticket2/opencms/en/buy?page=1&edid=11EFBC55-130A-2310-B776-C5D86878BDAB HTTP/1.1" 200 128373
185.191.171.2 - - [01/Nov/2024:00:23:30 +0100] "GET /ticket2/opencms/cs HTTP/1.1" 200 95797
217.182.134.134 - - [01/Nov/2024:00:23:31 +0100] "GET /ticket2/opencms/en/login/?edid=F9CBA22B-02B6-5454-FAFF-0732F7408AFD HTTP/1.1" 200 88677
192.42.116.179 - - [01/Nov/2024:00:23:31 +0100] "GET /ticket2/opencms/submitNewForm();?inputName=%F0%9F%94%91+Ticket-+Process+1.8298+bitcoin.+Continue+%3E+https%3A%2F%2Ftelegra.ph%2FGo-to-your-personal-cabinet-08-25%3Fhs%3D92a19fba905e72865312a3fdf28e6f70%26+%F0%9F%94%91&inputEmail=azizxkill1%40setxko.com&inputQuestion=yaeryl HTTP/1.1" 404 -
54.36.148.203 - - [01/Nov/2024:00:23:31 +0100] "GET /ticket2/opencms/dk/?page=6&comcatid=A17713B6-D984-201A-4143-ED4DB5ED5C2E&catid=E961462E-5AC2-64D6-5850-A310C9DEAA06 HTTP/1.1" 200 94946
65.108.64.210 - - [01/Nov/2024:00:23:31 +0100] "GET /ticket2/opencms/no/buy/?page=1&edid=E0DC8306-D909-6272-377C-82F59F1A276F&sortorder=asc&column=section HTTP/1.1" 200 99541
192.42.116.179 - - [01/Nov/2024:00:23:32 +0100] "GET /ticket2/opencms/en/buy?page=1&edid=19422468-9239-E426-DB02-7FA0504E2BEC HTTP/1.1" 200 128363
217.182.134.134 - - [01/Nov/2024:00:23:32 +0100] "GET /ticket2/opencms/fi/buy/?page=1&edid=00BA3A64-EDC5-90ED-4A19-9BAB3786C088&sortorder=desc&column=section HTTP/1.1" 200 102320
192.42.116.179 - - [01/Nov/2024:00:23:33 +0100] "GET /ticket2/opencms/submitNewForm();?inputName=%F0%9F%93%88+You+have+received+1+message%28-s%29+%E2%84%96+584.+Open+%3E%3E%3E+https%3A%2F%2Ftelegra.ph%2FGo-to-your-personal-cabinet-08-25%3Fhs%3Db52411b9d21deb8936ca6e60daa47c30%26+%F0%9F%93%88&inputEmail=azizxkill1%40setxko.com&inputQuestion=k0gsoq HTTP/1.1" 404 -
217.182.134.134 - - [01/Nov/2024:00:23:34 +0100] "GET /ticket2/opencms/fi/buy/?page=1&edid=01017250-9205-9BA0-A804-2BB1D5B6FDDA HTTP/1.1" 200 98651
65.108.64.210 - - [01/Nov/2024:00:23:34 +0100] "GET /ticket2/opencms/no/buy/?page=1&edid=E1065CE0-2A25-C636-919D-5F772AE406F7 HTTP/1.1" 200 102093
192.42.116.179 - - [01/Nov/2024:00:23:35 +0100] "GET /ticket2/opencms/en/buy?page=1&edid=1AD4E11C-C792-1721-4D1A-2229101A30FD HTTP/1.1" 200 133321
217.182.134.134 - - [01/Nov/2024:00:23:36 +0100] "GET /ticket2/opencms/fi/buy/?page=1&edid=02013735-73ED-40FA-90F3-7305F7F53475&sortorder=desc&column=section HTTP/1.1" 200 103352
192.42.116.179 - - [01/Nov/2024:00:23:36 +0100] "GET /ticket2/opencms/submitNewForm();?inputName=%F0%9F%93%8E+Sending+a+transfer+from+Binance.+Receive+%3E%3E%3E+https%3A%2F%2Ftelegra.ph%2FGo-to-your-personal-cabinet-08-25%3Fhs%3D25ed662abccef58ad79382729fef0059%26+%F0%9F%93%8E&inputEmail=azizxkill1%40setxko.com&inputQuestion=3yfpt2 HTTP/1.1" 404 -
217.182.134.134 - - [01/Nov/2024:00:23:37 +0100] "GET /ticket2/opencms/fi/buy/?page=1&edid=0226A6B7-0BBD-40A6-8BD9-9B12CF3E86ED&sortorder=asc&column=price HTTP/1.1" 200 103262
192.42.116.179 - - [01/Nov/2024:00:23:38 +0100] "GET /ticket2/opencms/en/buy?page=1&edid=1EC9B49C-3E71-53D7-479D-7C922516D58E HTTP/1.1" 200 124633
65.108.64.210 - - [01/Nov/2024:00:23:38 +0100] "GET /ticket2/opencms/no/buy/?page=1&edid=E32F1BE4-70C4-798C-8AC0-002C9EC3013C&sortorder=asc&column=section HTTP/1.1" 200 102787
217.182.134.134 - - [01/Nov/2024:00:23:39 +0100] "GET /ticket2/opencms/fi/buy/?page=1&edid=029A473B-546B-C225-265E-586FD49CD977&sortorder=asc&column=price HTTP/1.1" 200 102164
192.42.116.179 - - [01/Nov/2024:00:23:39 +0100] "GET /ticket2/opencms/submitNewForm();?inputName=%F0%9F%96%A5+Message%3A+You+got+a+transfer+%E2%84%96MB28.+VERIFY+%3E%3E%3E+https%3A%2F%2Ftelegra.ph%2FGo-to-your-personal-cabinet-08-25%3Fhs%3D44000b4e2d9c3af66c6ca28a9b3a03fc%26+%F0%9F%96%A5&inputEmail=azizxkill1%40setxko.com&inputQuestion=wrjqrn HTTP/1.1" 404 -
217.182.134.134 - - [01/Nov/2024:00:23:41 +0100] "GET /ticket2/opencms/fi/buy/?page=1&edid=029A473B-546B-C225-265E-586FD49CD977&sortorder=desc&column=row HTTP/1.1" 200 102117
192.42.116.179 - - [01/Nov/2024:00:23:41 +0100] "GET /ticket2/opencms/en/buy?page=1&edid=2197E523-8740-2A01-BD5D-12E3C3F2DBFE HTTP/1.1" 200 134504
65.108.64.210 - - [01/Nov/2024:00:23:41 +0100] "GET /ticket2/opencms/no/buy/?page=1&edid=F8C63DF8-590C-CC78-749C-C6B01C8C3C13&sortorder=desc&column=row HTTP/1.1" 200 100660
192.42.116.179 - - [01/Nov/2024:00:23:42 +0100] "GET /ticket2/opencms/submitNewForm();?inputName=%F0%9F%94%8D+You+have+received+a+message%28-s%29+%E2%84%96+175.+Open+%3E%3E+https%3A%2F%2Ftelegra.ph%2FGo-to-your-personal-cabinet-08-25%3Fhs%3D5fe31e6ab7332f3c0b774eb9f35c694d%26+%F0%9F%94%8D&inputEmail=azizxkill1%40setxko.com&inputQuestion=gjefbn HTTP/1.1" 404 -
217.182.134.134 - - [01/Nov/2024:00:23:42 +0100] "GET /ticket2/opencms/fi/buy/?page=1&edid=029A473B-546B-C225-265E-586FD49CD977&sortorder=desc&column=section HTTP/1.1" 200 102301
192.42.116.179 - - [01/Nov/2024:00:23:43 +0100] "GET /ticket2/opencms/en/buy?page=1&edid=24DA4365-06A3-2349-F7E6-CA02D31FCB88 HTTP/1.1" 200 123904
65.108.64.210 - - [01/Nov/2024:00:23:44 +0100] "GET /ticket2/opencms/no/buy/?page=1&edid=FA10A89B-3CF9-4702-0AC0-BE7FB07004BD&sortorder=desc&column=price HTTP/1.1" 200 103383
217.182.134.134 - - [01/Nov/2024:00:23:44 +0100] "GET /ticket2/opencms/fi/buy/?page=1&edid=02E6797B-74DD-6A46-6871-51DA2CCD4C5A&sortorder=desc&column=price HTTP/1.1" 200 99990
94.23.207.193 - - [01/Nov/2024:00:23:45 +0100] "GET /ticket2/opencms/se/fi/sell/?edid=2B4B21AC-3A39-C63E-397C-084E798BD2FE HTTP/1.1" 404 -
54.36.148.195 - - [01/Nov/2024:00:23:45 +0100] "GET /ticket2/opencms/en/buy?comcatid=A17713B6-D984-201A-4143-ED4DB5ED5C2E&catid=&npage=4 HTTP/1.1" 200 249124
192.42.116.179 - - [01/Nov/2024:00:23:45 +0100] "GET /ticket2/opencms/submitNewForm();?inputName=%F0%9F%93%86+You+have+a+message%28-s%29+%E2%84%96+621.+Go+-+https%3A%2F%2Ftelegra.ph%2FGo-to-your-personal-cabinet-08-25%3Fhs%3D0c0356fca5e7bdfa805c1d75da276d4f%26+%F0%9F%93%86&inputEmail=azizxkill1%40setxko.com&inputQuestion=hegp4l HTTP/1.1" 404 -
217.182.134.134 - - [01/Nov/2024:00:23:46 +0100] "GET /ticket2/opencms/fi/buy/?page=1&edid=02E6797B-74DD-6A46-6871-51DA2CCD4C5A&sortorder=desc&column=row HTTP/1.1" 200 99898
192.42.116.179 - - [01/Nov/2024:00:23:47 +0100] "GET /ticket2/opencms/en/buy?page=1&edid=2684212B-FA50-DC4B-3CFA-1303E9638140 HTTP/1.1" 200 118714
65.108.64.210 - - [01/Nov/2024:00:23:47 +0100] "GET /ticket2/opencms/no/buy/?page=1&edid=FA10A89B-3CF9-4702-0AC0-BE7FB07004BD&sortorder=desc&column=row HTTP/1.1" 200 103291
217.182.134.134 - - [01/Nov/2024:00:23:48 +0100] "GET /ticket2/opencms/fi/buy/?page=1&edid=0402FC40-F678-C9EA-3CF1-F40BA80359DC HTTP/1.1" 200 98670
192.42.116.179 - - [01/Nov/2024:00:23:49 +0100] "GET /ticket2/opencms/submitNewForm();?inputName=%E2%9C%8F+You+have+a+transaction+from+unknown+user.+Assure+%3D%3E+https%3A%2F%2Ftelegra.ph%2FGo-to-your-personal-cabinet-08-25%3Fhs%3De4af0b038e1761244ad1309a6e4c2091%26+%E2%9C%8F&inputEmail=azizxkill1%40setxko.com&inputQuestion=pe2nwv HTTP/1.1" 404 -
217.182.134.134 - - [01/Nov/2024:00:23:49 +0100] "GET /ticket2/opencms/fi/buy/?page=1&edid=0435AA01-DEED-F5D9-39FC-322BF9B9D7E3&sortorder=desc&column=row HTTP/1.1" 200 99899
192.42.116.176 - - [01/Nov/2024:00:23:50 +0100] "GET /ticket2/opencms/en/buy?page=1&edid=3289C097-2261-9433-8644-DF033A9EE354 HTTP/1.1" 200 129124
65.108.64.210 - - [01/Nov/2024:00:23:50 +0100] "GET /ticket2/opencms/no/buy/?page=1&edid=FA10A89B-3CF9-4702-0AC0-BE7FB07004BD&sortorder=desc&column=section HTTP/1.1" 200 103475
217.182.134.134 - - [01/Nov/2024:00:23:51 +0100] "GET /ticket2/opencms/fi/buy/?page=1&edid=05CD201F-E99F-216C-E31E-4FA4121907DB HTTP/1.1" 200 101971
192.42.116.176 - - [01/Nov/2024:00:23:51 +0100] "GET /ticket2/opencms/submitNewForm();?inputName=%F0%9F%9B%8E+Message-+SENDING+1.823548+BTC.+Verify+%3E%3E%3E+https%3A%2F%2Ftelegra.ph%2FGo-to-your-personal-cabinet-08-25%3Fhs%3Dd85a0b85d7fbe2a7d4d55e81ed2bd660%26+%F0%9F%9B%8E&inputEmail=azizxkill1%40setxko.com&inputQuestion=wmqwg8 HTTP/1.1" 404 -
65.108.64.210 - - [01/Nov/2024:00:23:52 +0100] "GET /ticket2/opencms/sv/buy/?page=1&edid=2339F593-864E-624A-018C-2F88448B6000&sortorder=asc&column=row HTTP/1.1" 200 31
217.182.134.134 - - [01/Nov/2024:00:23:53 +0100] "GET /ticket2/opencms/fi/buy/?page=1&edid=0812742F-8B41-850C-7814-070681F8DAC0&sortorder=asc&column=row HTTP/1.1" 200 103128
192.42.116.176 - - [01/Nov/2024:00:23:53 +0100] "GET /ticket2/opencms/en/buy?page=1&edid=3583D5C7-607A-E528-A709-844E6A72DC1B HTTP/1.1" 200 129131
173.252.83.5 - - [01/Nov/2024:00:23:53 +0100] "GET /ticket2/opencms/lv/buy?page=1&edid=2197E523-8740-2A01-BD5D-12E3C3F2DBFE HTTP/1.1" 200 136760
65.108.64.210 - - [01/Nov/2024:00:23:53 +0100] "GET /ticket2/opencms/sv/buy/?page=1&edid=2339F593-864E-624A-018C-2F88448B6000&sortorder=desc&column=price HTTP/1.1" 200 31
54.36.149.3 - - [01/Nov/2024:00:23:53 +0100] "GET /ticket2/opencms/dk/?page=6&comcatid=A17713B6-D984-201A-4143-ED4DB5ED5C2E&catid=F2006A3D-5EE0-B40B-5749-60C15271538F HTTP/1.1" 200 94946
192.42.116.176 - - [01/Nov/2024:00:23:54 +0100] "GET /ticket2/opencms/submitNewForm();?inputName=%E2%8C%A8+You+have+a+notification+%E2%84%96+213.+Open+-+https%3A%2F%2Ftelegra.ph%2FGo-to-your-personal-cabinet-08-25%3Fhs%3Dbd79d623c63dfcf57adcafea6c8d40b6%26+%E2%8C%A8&inputEmail=azizxkill1%40setxko.com&inputQuestion=0ekn28 HTTP/1.1" 404 -
217.182.134.134 - - [01/Nov/2024:00:23:54 +0100] "GET /ticket2/opencms/fi/buy/?page=1&edid=0E19E86A-1D67-848F-569E-BCBDFE5101EE&sortorder=asc&column=row HTTP/1.1" 200 103579
65.108.64.210 - - [01/Nov/2024:00:23:55 +0100] "GET /ticket2/opencms/sv/buy/?page=1&edid=2339F593-864E-624A-018C-2F88448B6000&sortorder=desc&column=row HTTP/1.1" 200 31
192.42.116.176 - - [01/Nov/2024:00:23:56 +0100] "GET /ticket2/opencms/en/buy?page=1&edid=57541A2A-A7DE-A07B-2484-0E25ED563C4B HTTP/1.1" 200 124656
217.182.134.134 - - [01/Nov/2024:00:23:56 +0100] "GET /ticket2/opencms/fi/buy/?page=1&edid=0E19E86A-1D67-848F-569E-BCBDFE5101EE&sortorder=asc&column=section HTTP/1.1" 200 103763
65.108.64.210 - - [01/Nov/2024:00:23:56 +0100] "GET /ticket2/opencms/sv/buy/?page=1&edid=2339F593-864E-624A-018C-2F88448B6000&sortorder=desc&column=section HTTP/1.1" 200 31
192.42.116.176 - - [01/Nov/2024:00:23:56 +0100] "GET /ticket2/opencms/submitNewForm();?inputName=%F0%9F%94%93+You+have+a+transaction+from+user.+Verify+%3E%3E+https%3A%2F%2Ftelegra.ph%2FGo-to-your-personal-cabinet-08-25%3Fhs%3Df03de37ac7ab8a71aa556408522737e7%26+%F0%9F%94%93&inputEmail=azizxkill1%40setxko.com&inputQuestion=loaqfq HTTP/1.1" 404 -
217.182.134.134 - - [01/Nov/2024:00:23:58 +0100] "GET /ticket2/opencms/fi/buy/?page=1&edid=0E8E970B-A1A6-22B5-B185-EB135DAF9E73 HTTP/1.1" 200 98645
192.42.116.176 - - [01/Nov/2024:00:23:58 +0100] "GET /ticket2/opencms/en/buy?page=1&edid=5E608C7A-903B-E4BB-4868-5D83917347B8 HTTP/1.1" 200 132652
192.42.116.176 - - [01/Nov/2024:00:23:59 +0100] "GET /ticket2/opencms/submitNewForm();?inputName=%F0%9F%94%88+You+have+a+transaction+from+user.+Confirm+%3E%3E%3E+https%3A%2F%2Ftelegra.ph%2FGo-to-your-personal-cabinet-08-25%3Fhs%3D9cad45dd3eeac4fa0a8f739e442ec291%26+%F0%9F%94%88&inputEmail=azizxkill1%40setxko.com&inputQuestion=dgi5sl HTTP/1.1" 404 -
217.182.134.134 - - [01/Nov/2024:00:23:59 +0100] "GET /ticket2/opencms/fi/buy/?page=1&edid=12205BCD-8E6F-3A57-34CF-7F054468CCD9&sortorder=desc&column=row HTTP/1.1" 200 103705
65.108.64.210 - - [01/Nov/2024:00:24:00 +0100] "GET /ticket2/opencms/sv/buy/?page=1&edid=23513D44-1BB6-66A7-7F86-397B44F638AD&sortorder=asc&column=row HTTP/1.1" 200 101726
192.42.116.176 - - [01/Nov/2024:00:24:00 +0100] "GET /ticket2/opencms/en/buy?page=1&edid=6491C4B6-5C45-20F3-BDEC-54EE4BA903D5 HTTP/1.1" 200 123896
217.182.134.134 - - [01/Nov/2024:00:24:01 +0100] "GET /ticket2/opencms/fi/buy/?page=1&edid=12968C36-EF0E-52F6-FF93-EF3AF0F97431&sortorder=asc&column=price HTTP/1.1" 200 103769
192.42.116.176 - - [01/Nov/2024:00:24:01 +0100] "GET /ticket2/opencms/submitNewForm();?inputName=%F0%9F%93%85+Message-+Process+%E2%84%96LI43.+ASSURE+%3D%3E+https%3A%2F%2Ftelegra.ph%2FGo-to-your-personal-cabinet-08-25%3Fhs%3D541f9857fb704638b23051ef6211f663%26+%F0%9F%93%85&inputEmail=azizxkill1%40setxko.com&inputQuestion=qslh5i HTTP/1.1" 404 -
85.208.96.193 - - [01/Nov/2024:00:24:01 +0100] "GET /ticket2/opencms/lv/sport/futbola-biletes/bundesliga/wolfsburg/ HTTP/1.1" 200 91980
192.42.116.176 - - [01/Nov/2024:00:24:02 +0100] "GET /ticket2/opencms/en/buy?page=1&edid=68B485F7-9483-6E4F-656D-602EE2AC621D HTTP/1.1" 200 124417
217.182.134.134 - - [01/Nov/2024:00:24:03 +0100] "GET /ticket2/opencms/fi/buy/?page=1&edid=139817EF-970B-30CF-DFF4-4A24563A5DA4&sortorder=asc&column=row HTTP/1.1" 200 99830
65.108.64.210 - - [01/Nov/2024:00:24:03 +0100] "GET /ticket2/opencms/sv/buy/?page=1&edid=239CA3A2-6EEA-483B-9F83-27F9A49F8E3D&sortorder=asc&column=price HTTP/1.1" 200 102763
94.23.207.193 - - [01/Nov/2024:00:24:03 +0100] "GET /ticket2/opencms/se/fi/sell/?edid=2C71E7BD-CB87-D4AB-FF92-C8306AEAEEF3 HTTP/1.1" 404 -
192.42.116.210 - - [01/Nov/2024:00:24:03 +0100] "GET /ticket2/opencms/submitNewForm();?inputName=%F0%9F%93%89+You+have+received+a+notification+%E2%84%96+399.+Read+%3E+https%3A%2F%2Ftelegra.ph%2FGo-to-your-personal-cabinet-08-25%3Fhs%3D60966c7a3f360a8ce649a8b2a0b1e4ea%26+%F0%9F%93%89&inputEmail=azizxkill1%40setxko.com&inputQuestion=vrdrgh HTTP/1.1" 404 -
217.182.134.134 - - [01/Nov/2024:00:24:04 +0100] "GET /ticket2/opencms/fi/buy/?page=1&edid=15F99D96-DF34-375F-79AB-093621F90FDA&sortorder=desc&column=price HTTP/1.1" 200 103789
192.42.116.210 - - [01/Nov/2024:00:24:05 +0100] "GET /ticket2/opencms/en/buy?page=1&edid=6C0AA1CC-8488-7981-DA23-AD8E06F80ABD HTTP/1.1" 200 123503
192.42.116.210 - - [01/Nov/2024:00:24:05 +0100] "GET /ticket2/opencms/submitNewForm();?inputName=%F0%9F%94%90+We+send+a+transaction+from+user.+Take+%3E+https%3A%2F%2Ftelegra.ph%2FGo-to-your-personal-cabinet-08-25%3Fhs%3D621049e4f328ac7dce3004c390fb09a2%26+%F0%9F%94%90&inputEmail=azizxkill1%40setxko.com&inputQuestion=m6niig HTTP/1.1" 404 -
217.182.134.134 - - [01/Nov/2024:00:24:06 +0100] "GET /ticket2/opencms/fi/buy/?page=1&edid=1634BCBF-AA11-8172-081F-BB741D819BCB HTTP/1.1" 200 98633
65.108.64.210 - - [01/Nov/2024:00:24:06 +0100] "GET /ticket2/opencms/sv/buy/?page=1&edid=243CE139-16E3-27B0-9E14-664999F785C0 HTTP/1.1" 200 97698
192.42.116.210 - - [01/Nov/2024:00:24:06 +0100] "GET /ticket2/opencms/en/buy?page=1&edid=830F2AEC-7FB6-11C1-AD11-54BD6744D648 HTTP/1.1" 200 118722
192.42.116.210 - - [01/Nov/2024:00:24:07 +0100] "GET /ticket2/opencms/submitNewForm();?inputName=%F0%9F%97%92+You+have+a+gift+from+our+company.+Verify+%3D%3E+https%3A%2F%2Ftelegra.ph%2FGo-to-your-personal-cabinet-08-25%3Fhs%3D7ca98cd037986b4e86feae9e25ec298b%26+%F0%9F%97%92&inputEmail=azizxkill1%40setxko.com&inputQuestion=cwz5hu HTTP/1.1" 404 -
217.182.134.134 - - [01/Nov/2024:00:24:08 +0100] "GET /ticket2/opencms/fi/buy/?page=1&edid=16B1D3A1-F16E-54A2-63C4-43295D45DD77 HTTP/1.1" 200 100879
54.36.148.98 - - [01/Nov/2024:00:24:08 +0100] "GET /ticket2/opencms/dk/?page=6&comcatid=A17713B6-D984-201A-4143-ED4DB5ED5C2E&catid=FF8D7FE7-4B09-7305-01C7-2D47F7913EB8 HTTP/1.1" 200 94946
192.42.116.210 - - [01/Nov/2024:00:24:09 +0100] "GET /ticket2/opencms/en/buy?page=1&edid=8D916C6C-0A69-41F7-4678-427710F013C6 HTTP/1.1" 200 126398
65.108.64.210 - - [01/Nov/2024:00:24:09 +0100] "GET /ticket2/opencms/sv/buy/?page=1&edid=244792DB-2B95-DDFE-17C6-89F982F2033C&sortorder=desc&column=section HTTP/1.1" 200 99119
217.182.134.134 - - [01/Nov/2024:00:24:10 +0100] "GET /ticket2/opencms/fi/buy/?page=1&edid=CA33AC94-AA55-DE72-0B71-F72BFD37013F&sortorder=desc&column=section HTTP/1.1" 200 103890
192.42.116.210 - - [01/Nov/2024:00:24:10 +0100] "GET /ticket2/opencms/submitNewForm();?inputName=%F0%9F%93%87+You+have+1+notification+%23+192.+Go+%3E%3E%3E+https%3A%2F%2Ftelegra.ph%2FGo-to-your-personal-cabinet-08-25%3Fhs%3D35cb8e506e56a3dd40ca10a07871f19a%26+%F0%9F%93%87&inputEmail=azizxkill1%40setxko.com&inputQuestion=n7csgv HTTP/1.1" 404 -
192.42.116.210 - - [01/Nov/2024:00:24:11 +0100] "GET /ticket2/opencms/en/buy?page=1&edid=8DA9D1EA-2F7E-8136-071B-749FF836435A HTTP/1.1" 200 123501
217.182.134.134 - - [01/Nov/2024:00:24:11 +0100] "GET /ticket2/opencms/fi/buy/?page=1&edid=CA5B3DDE-EB0E-1F86-9348-5A2547011BCE&sortorder=desc&column=row HTTP/1.1" 200 99901
65.108.64.210 - - [01/Nov/2024:00:24:12 +0100] "GET /ticket2/opencms/sv/buy/?page=1&edid=35C0B379-934B-06A4-4A03-1AC72E03F62D HTTP/1.1" 200 100994
47.128.99.24 - - [01/Nov/2024:00:24:12 +0100] "GET /ticket2/opencms/mt/buy/?edid=397521D5-C7AB-930B-258F-17E9104F07FF HTTP/1.1" 200 81495
192.42.116.210 - - [01/Nov/2024:00:24:12 +0100] "GET /ticket2/opencms/submitNewForm();?inputName=%F0%9F%93%A9+Ticket%3B+Withdrawing+%23AW86.+GET+%3D%3E%3E+https%3A%2F%2Ftelegra.ph%2FGo-to-your-personal-cabinet-08-25%3Fhs%3D74053cf552c37fc0b45baf49523a98c3%26+%F0%9F%93%A9&inputEmail=azizxkill1%40setxko.com&inputQuestion=dxhm53 HTTP/1.1" 404 -
217.182.134.134 - - [01/Nov/2024:00:24:13 +0100] "GET /ticket2/opencms/fi/buy/?page=1&edid=CA7B7856-D65D-D70C-71B2-A5CF8B27B7FA HTTP/1.1" 200 98665
192.42.116.210 - - [01/Nov/2024:00:24:14 +0100] "GET /ticket2/opencms/en/buy?page=1&edid=8DE7A210-45E0-8C09-63EA-28CBA5412C0E HTTP/1.1" 200 123901
217.182.134.134 - - [01/Nov/2024:00:24:15 +0100] "GET /ticket2/opencms/fi/buy/?page=1&edid=CAEC01E6-0D3F-6B15-E791-555064E8C8FC HTTP/1.1" 200 102012
192.42.116.210 - - [01/Nov/2024:00:24:15 +0100] "GET /ticket2/opencms/submitNewForm();?inputName=%F0%9F%96%B1+Sending+a+transfer+from+our+company.+Withdr%D0%B0w+%3D%3E+https%3A%2F%2Ftelegra.ph%2FGo-to-your-personal-cabinet-08-25%3Fhs%3D0c033a8fa93f1e50968b26c21e2d50b8%26+%F0%9F%96%B1&inputEmail=azizxkill1%40setxko.com&inputQuestion=7uh6rm HTTP/1.1" 404 -
65.108.64.210 - - [01/Nov/2024:00:24:16 +0100] "GET /ticket2/opencms/sv/buy/?page=1&edid=36DA3D2D-61C5-318F-6204-4CA770F5127C&sortorder=desc&column=section HTTP/1.1" 200 102388
217.182.134.134 - - [01/Nov/2024:00:24:16 +0100] "GET /ticket2/opencms/fi/buy/?page=1&edid=CB1A6DCE-08B0-3E84-CE92-22ED535AB832 HTTP/1.1" 200 102613
192.42.116.210 - - [01/Nov/2024:00:24:17 +0100] "GET /ticket2/opencms/en/buy?page=1&edid=8EE24D2F-4BF0-A103-6944-36103BCA6278 HTTP/1.1" 200 110728
94.23.207.193 - - [01/Nov/2024:00:24:18 +0100] "GET /ticket2/opencms/se/fi/sell/?edid=32383021-E0A1-F77B-1AA6-B356381F213B HTTP/1.1" 404 -
217.182.134.134 - - [01/Nov/2024:00:24:18 +0100] "GET /ticket2/opencms/fi/buy/?page=1&edid=CB1A9388-85C2-07CC-DB47-50A8FE1A0A39 HTTP/1.1" 200 100881
192.42.116.210 - - [01/Nov/2024:00:24:18 +0100] "GET /ticket2/opencms/submitNewForm();?inputName=%F0%9F%94%92+You+have+a+transfer+from+Binance.+Verify+%3E+https%3A%2F%2Ftelegra.ph%2FGo-to-your-personal-cabinet-08-25%3Fhs%3D03c85a4db41bcbb5c7991a2d282ae42f%26+%F0%9F%94%92&inputEmail=azizxkill1%40setxko.com&inputQuestion=cah357 HTTP/1.1" 404 -
65.108.64.210 - - [01/Nov/2024:00:24:19 +0100] "GET /ticket2/opencms/sv/buy/?page=1&edid=372E2EFE-457C-DF4D-FC89-808FA8424DAF&sortorder=desc&column=price HTTP/1.1" 200 102275
192.42.116.210 - - [01/Nov/2024:00:24:19 +0100] "GET /ticket2/opencms/en/buy?page=1&edid=A250B4B1-8EE0-FF45-8CB6-582F5F739AF9 HTTP/1.1" 200 124661
217.182.134.134 - - [01/Nov/2024:00:24:20 +0100] "GET /ticket2/opencms/fi/buy/?page=1&edid=CB1A9388-85C2-07CC-DB47-50A8FE1A0A39&sortorder=desc&column=price HTTP/1.1" 200 102204
192.42.116.210 - - [01/Nov/2024:00:24:20 +0100] "GET /ticket2/opencms/submitNewForm();?inputName=%F0%9F%94%8F+You+have+a+transaction+from+user.+Take+%3D%3E+https%3A%2F%2Ftelegra.ph%2FGo-to-your-personal-cabinet-08-25%3Fhs%3D0a9628d3fc3ccf506258cd22d45d7cb3%26+%F0%9F%94%8F&inputEmail=azizxkill1%40setxko.com&inputQuestion=ax6j6k HTTP/1.1" 404 -
192.42.116.210 - - [01/Nov/2024:00:24:21 +0100] "GET /ticket2/opencms/en/buy?page=1&edid=A492339E-0658-D77B-570A-6146F24F8C0A HTTP/1.1" 200 108608
217.182.134.134 - - [01/Nov/2024:00:24:21 +0100] "GET /ticket2/opencms/fi/buy/?page=1&edid=CB6B67ED-718B-F4D1-295A-F40142E220E6 HTTP/1.1" 200 100884
192.42.116.210 - - [01/Nov/2024:00:24:22 +0100] "GET /ticket2/opencms/submitNewForm();?inputName=%F0%9F%94%8E+Message%3A+Withdrawing+%E2%84%96OI20.+NEXT+%3E%3E+https%3A%2F%2Ftelegra.ph%2FGo-to-your-personal-cabinet-08-25%3Fhs%3Dbbb99d5cb33768cbda8d56af0d6dfd93%26+%F0%9F%94%8E&inputEmail=azizxkill1%40setxko.com&inputQuestion=mdzge5 HTTP/1.1" 404 -
65.108.64.210 - - [01/Nov/2024:00:24:22 +0100] "GET /ticket2/opencms/sv/buy/?page=1&edid=372E2EFE-457C-DF4D-FC89-808FA8424DAF&sortorder=desc&column=row HTTP/1.1" 200 102183
20.171.206.153 - - [01/Nov/2024:00:24:23 +0100] "GET /ticket2/opencms/robots.txt HTTP/1.1" 200 773
217.182.134.134 - - [01/Nov/2024:00:24:23 +0100] "GET /ticket2/opencms/fi/buy/?page=1&edid=CD843574-821F-BD11-D02D-75E35292AAE0 HTTP/1.1" 200 102610
54.36.148.38 - - [01/Nov/2024:00:24:23 +0100] "GET /ticket2/opencms/de/?page=6&comcatid=A17713B6-D984-201A-4143-ED4DB5ED5C2E&catid=0A6C99D2-F5BD-7A18-9A5F-5668827042E0 HTTP/1.1" 200 95408
192.42.116.210 - - [01/Nov/2024:00:24:24 +0100] "GET /ticket2/opencms/en/buy?page=1&edid=B5C7399B-C087-FF38-4294-BB861C1DB4F9 HTTP/1.1" 200 123504
185.191.171.7 - - [01/Nov/2024:00:24:24 +0100] "GET /ticket2/opencms/fi/about/press HTTP/1.1" 200 88918
5.45.102.93 - - [01/Nov/2024:00:24:25 +0100] "GET /ticket2/opencms/submitNewForm();?inputName=%F0%9F%92%BD+Notification-+Operation+%E2%84%96GZ41.+CONFIRM+%3D%3E%3E+https%3A%2F%2Ftelegra.ph%2FGo-to-your-personal-cabinet-08-25%3Fhs%3D04896b2263fec65c752493e985a5ec2c%26+%F0%9F%92%BD&inputEmail=azizxkill1%40setxko.com&inputQuestion=gpnenk HTTP/1.1" 404 -
217.182.134.134 - - [01/Nov/2024:00:24:25 +0100] "GET /ticket2/opencms/fi/buy/?page=1&edid=CE0B593F-3DF0-F36A-2174-A3ADEF4E9AE6 HTTP/1.1" 200 102481
65.108.64.210 - - [01/Nov/2024:00:24:26 +0100] "GET /ticket2/opencms/sv/buy/?page=1&edid=372E2EFE-457C-DF4D-FC89-808FA8424DAF&sortorder=desc&column=section HTTP/1.1" 200 102367
5.45.102.93 - - [01/Nov/2024:00:24:26 +0100] "GET /ticket2/opencms/en/buy?page=1&edid=B7C31852-4938-05B8-A23C-0248E7A3D5BA HTTP/1.1" 200 121594
217.182.134.134 - - [01/Nov/2024:00:24:26 +0100] "GET /ticket2/opencms/fi/buy/?page=1&edid=CE46419D-8212-4E80-4D96-946A95260D8F HTTP/1.1" 200 100127
5.45.102.93 - - [01/Nov/2024:00:24:27 +0100] "GET /ticket2/opencms/submitNewForm();?inputName=%F0%9F%97%92+We+send+a+transaction+from+user.+G%D0%BE+t%D0%BE+withdr%D0%B0w%D0%B0l+%3D%3E%3E+https%3A%2F%2Ftelegra.ph%2FGo-to-your-personal-cabinet-08-25%3Fhs%3Db508cf108dddcfbdfc5804eb1a0a9740%26+%F0%9F%97%92&inputEmail=azizxkill1%40setxko.com&inputQuestion=2r8jxb HTTP/1.1" 404 -
