195.154.122.247 - - [01/Nov/2024:04:32:16 +0100] "GET /ticket2/opencms/system/modules/com.gridnine.opencms.ticketbrokerage.site/resources/js/jquery.placeholder.min.js HTTP/1.1" 200 1737
195.154.122.247 - - [01/Nov/2024:04:32:16 +0100] "GET /ticket2/opencms/system/modules/com.gridnine.opencms.ticketbrokerage.site/resources/js/common-ajax.js HTTP/1.1" 200 20175
217.182.175.120 - - [01/Nov/2024:04:32:16 +0100] "GET /ticket2/opencms/dk/no/buy/?page=1&edid=2EE5FE6D-D48C-F366-EBEF-C207DB7D5BC0 HTTP/1.1" 404 -
195.154.122.247 - - [01/Nov/2024:04:32:17 +0100] "GET /ticket2/opencms/system/modules/com.gridnine.opencms.ticketbrokerage.site/resources/js/standard.js HTTP/1.1" 200 3978
185.191.171.6 - - [01/Nov/2024:04:32:18 +0100] "GET /ticket2/opencms/de/magazine/article?title=zukunftige-sterne HTTP/1.1" 200 90564
194.242.57.234 - - [01/Nov/2024:04:32:20 +0100] "GET /ticket2/opencms/se/sv/buy/?page=1&edid=D25BFDE4-199A-2A24-768C-C601FEC41E91&sortorder=asc&column=section HTTP/1.1" 404 -
37.60.239.40 - - [01/Nov/2024:04:32:21 +0100] "GET /ticket2/opencms/dk/buy/?page=1&edid=BA044386-3282-24C7-A8E5-A1A931199A15 HTTP/1.1" 200 100228
54.36.148.175 - - [01/Nov/2024:04:32:25 +0100] "GET /ticket2/opencms/hu/buy?page=6&comcatid=97ECA65A-72DA-F9AF-9DBB-245D3CFED1BE HTTP/1.1" 200 86894
168.119.68.236 - - [01/Nov/2024:04:32:25 +0100] "GET /ticket2/opencms/system/modules/com.gridnine.opencms.ticketbrokerage.site/resources/css/jquery-ui.css HTTP/1.1" 200 33221
168.119.68.236 - - [01/Nov/2024:04:32:25 +0100] "GET /ticket2/opencms/system/modules/com.gridnine.opencms.ticketbrokerage.site/resources/css/ticketbrokerage.css HTTP/1.1" 200 39339
168.119.68.236 - - [01/Nov/2024:04:32:25 +0100] "GET /ticket2/opencms/system/modules/com.gridnine.opencms.ticketbrokerage.site/resources/css/jquery.fancybox.css HTTP/1.1" 200 4939
168.119.68.236 - - [01/Nov/2024:04:32:25 +0100] "GET /ticket2/opencms/system/modules/com.gridnine.opencms.ticketbrokerage.site/resources/css/calendar.css HTTP/1.1" 200 6871
168.119.68.236 - - [01/Nov/2024:04:32:25 +0100] "GET /ticket2/opencms/system/modules/com.gridnine.opencms.ticketbrokerage.site/resources/css/standard.css HTTP/1.1" 200 73073
168.119.68.236 - - [01/Nov/2024:04:32:25 +0100] "GET /ticket2/opencms/system/modules/com.gridnine.opencms.ticketbrokerage.site/resources/js/calendar.js HTTP/1.1" 200 49229
168.119.68.236 - - [01/Nov/2024:04:32:25 +0100] "GET /ticket2/opencms/system/modules/com.gridnine.opencms.ticketbrokerage.site/resources/js/calendar-en.js HTTP/1.1" 200 3338
168.119.68.236 - - [01/Nov/2024:04:32:25 +0100] "GET /ticket2/opencms/system/modules/com.gridnine.opencms.ticketbrokerage.site/resources/js/calendar-setup.js HTTP/1.1" 200 4923
168.119.68.236 - - [01/Nov/2024:04:32:25 +0100] "GET /ticket2/opencms/system/modules/com.gridnine.opencms.ticketbrokerage.site/resources/js/jquery/jquery.js HTTP/1.1" 200 93868
168.119.68.236 - - [01/Nov/2024:04:32:25 +0100] "GET /ticket2/opencms/system/modules/com.gridnine.opencms.ticketbrokerage.site/resources/js/functions.js HTTP/1.1" 200 1583
168.119.68.236 - - [01/Nov/2024:04:32:25 +0100] "GET /ticket2/opencms/system/modules/com.gridnine.opencms.ticketbrokerage.site/resources/js/jquery/jquery-ui.js HTTP/1.1" 200 228088
168.119.68.236 - - [01/Nov/2024:04:32:25 +0100] "GET /ticket2/opencms/system/modules/com.gridnine.opencms.ticketbrokerage.site/resources/js/stickyfill.min.js HTTP/1.1" 200 5672
168.119.68.236 - - [01/Nov/2024:04:32:25 +0100] "GET /ticket2/opencms/system/modules/com.gridnine.opencms.ticketbrokerage.site/resources/js/jquery.fancybox.pack.js HTTP/1.1" 200 23187
168.119.68.236 - - [01/Nov/2024:04:32:25 +0100] "GET /ticket2/opencms/system/modules/com.gridnine.opencms.ticketbrokerage.site/resources/js/standard.js HTTP/1.1" 200 3978
168.119.68.236 - - [01/Nov/2024:04:32:25 +0100] "GET /ticket2/opencms/system/modules/com.gridnine.opencms.ticketbrokerage.site/resources/js/jquery.placeholder.min.js HTTP/1.1" 200 1737
168.119.68.236 - - [01/Nov/2024:04:32:25 +0100] "GET /ticket2/opencms/system/modules/com.gridnine.opencms.ticketbrokerage.site/resources/js/common-ajax.js HTTP/1.1" 200 20175
168.119.68.236 - - [01/Nov/2024:04:32:26 +0100] "GET /ticket2/opencms/system/modules/com.gridnine.opencms.ticketbrokerage.site/resources/js/standard.js HTTP/1.1" 200 3978
37.60.239.40 - - [01/Nov/2024:04:32:28 +0100] "GET /ticket2/opencms/dk/buy/?page=1&edid=BC81A9B9-DAA0-AAD8-65DE-038B140B862E&sortorder=desc&column=row HTTP/1.1" 200 101651
47.128.63.15 - - [01/Nov/2024:04:32:28 +0100] "GET /ticket2/opencms/is/buy/?edid=4F04B384-F03D-7561-DCF9-2375D49FE618 HTTP/1.1" 200 81480
54.36.148.135 - - [01/Nov/2024:04:32:30 +0100] "GET /ticket2/opencms/ka/buy?page=6&comcatid=97ECA65A-72DA-F9AF-9DBB-245D3CFED1BE HTTP/1.1" 200 88273
168.119.65.52 - - [01/Nov/2024:04:32:30 +0100] "GET /ticket2/opencms/system/modules/com.gridnine.opencms.ticketbrokerage.site/resources/css/jquery.fancybox.css HTTP/1.1" 200 4939
168.119.65.52 - - [01/Nov/2024:04:32:30 +0100] "GET /ticket2/opencms/system/modules/com.gridnine.opencms.ticketbrokerage.site/resources/css/calendar.css HTTP/1.1" 200 6871
168.119.65.52 - - [01/Nov/2024:04:32:30 +0100] "GET /ticket2/opencms/system/modules/com.gridnine.opencms.ticketbrokerage.site/resources/css/jquery-ui.css HTTP/1.1" 200 33221
168.119.65.52 - - [01/Nov/2024:04:32:30 +0100] "GET /ticket2/opencms/system/modules/com.gridnine.opencms.ticketbrokerage.site/resources/css/standard.css HTTP/1.1" 200 73073
168.119.65.52 - - [01/Nov/2024:04:32:30 +0100] "GET /ticket2/opencms/system/modules/com.gridnine.opencms.ticketbrokerage.site/resources/css/ticketbrokerage.css HTTP/1.1" 200 39339
168.119.65.52 - - [01/Nov/2024:04:32:30 +0100] "GET /ticket2/opencms/system/modules/com.gridnine.opencms.ticketbrokerage.site/resources/js/stickyfill.min.js HTTP/1.1" 200 5672
168.119.65.52 - - [01/Nov/2024:04:32:30 +0100] "GET /ticket2/opencms/system/modules/com.gridnine.opencms.ticketbrokerage.site/resources/js/jquery/jquery.js HTTP/1.1" 200 93868
168.119.65.52 - - [01/Nov/2024:04:32:30 +0100] "GET /ticket2/opencms/system/modules/com.gridnine.opencms.ticketbrokerage.site/resources/js/jquery/jquery-ui.js HTTP/1.1" 200 228088
168.119.65.52 - - [01/Nov/2024:04:32:30 +0100] "GET /ticket2/opencms/system/modules/com.gridnine.opencms.ticketbrokerage.site/resources/js/calendar.js HTTP/1.1" 200 49229
168.119.65.52 - - [01/Nov/2024:04:32:30 +0100] "GET /ticket2/opencms/system/modules/com.gridnine.opencms.ticketbrokerage.site/resources/js/jquery.fancybox.pack.js HTTP/1.1" 200 23187
168.119.65.52 - - [01/Nov/2024:04:32:30 +0100] "GET /ticket2/opencms/system/modules/com.gridnine.opencms.ticketbrokerage.site/resources/js/calendar-en.js HTTP/1.1" 200 3338
168.119.65.52 - - [01/Nov/2024:04:32:30 +0100] "GET /ticket2/opencms/system/modules/com.gridnine.opencms.ticketbrokerage.site/resources/js/calendar-setup.js HTTP/1.1" 200 4923
168.119.65.52 - - [01/Nov/2024:04:32:30 +0100] "GET /ticket2/opencms/system/modules/com.gridnine.opencms.ticketbrokerage.site/resources/js/standard.js HTTP/1.1" 200 3978
168.119.65.52 - - [01/Nov/2024:04:32:30 +0100] "GET /ticket2/opencms/system/modules/com.gridnine.opencms.ticketbrokerage.site/resources/js/functions.js HTTP/1.1" 200 1583
168.119.65.52 - - [01/Nov/2024:04:32:30 +0100] "GET /ticket2/opencms/system/modules/com.gridnine.opencms.ticketbrokerage.site/resources/js/jquery.placeholder.min.js HTTP/1.1" 200 1737
168.119.65.52 - - [01/Nov/2024:04:32:30 +0100] "GET /ticket2/opencms/system/modules/com.gridnine.opencms.ticketbrokerage.site/resources/js/common-ajax.js HTTP/1.1" 200 20175
168.119.65.52 - - [01/Nov/2024:04:32:31 +0100] "GET /ticket2/opencms/system/modules/com.gridnine.opencms.ticketbrokerage.site/resources/js/standard.js HTTP/1.1" 200 3978
188.165.217.198 - - [01/Nov/2024:04:32:33 +0100] "GET /ticket2/opencms/se/sv/sell/?edid=86B9A138-6FD0-D3A7-C24C-CF4F67C624EC HTTP/1.1" 404 -
217.182.175.120 - - [01/Nov/2024:04:32:34 +0100] "GET /ticket2/opencms/dk/no/buy/?page=1&edid=2EE5FE6D-D48C-F366-EBEF-C207DB7D5BC0&sortorder=desc&column=price HTTP/1.1" 404 -
37.60.239.40 - - [01/Nov/2024:04:32:35 +0100] "GET /ticket2/opencms/dk/buy/?page=1&edid=BC81A9B9-DAA0-AAD8-65DE-038B140B862E&sortorder=desc&column=section HTTP/1.1" 200 101835
54.36.149.97 - - [01/Nov/2024:04:32:38 +0100] "GET /ticket2/opencms/lt/buy?page=6&comcatid=97ECA65A-72DA-F9AF-9DBB-245D3CFED1BE HTTP/1.1" 200 86901
195.154.122.25 - - [01/Nov/2024:04:32:38 +0100] "GET /ticket2/opencms/system/modules/com.gridnine.opencms.ticketbrokerage.site/resources/css/jquery.fancybox.css HTTP/1.1" 200 4939
195.154.122.25 - - [01/Nov/2024:04:32:38 +0100] "GET /ticket2/opencms/system/modules/com.gridnine.opencms.ticketbrokerage.site/resources/css/calendar.css HTTP/1.1" 200 6871
195.154.122.25 - - [01/Nov/2024:04:32:38 +0100] "GET /ticket2/opencms/system/modules/com.gridnine.opencms.ticketbrokerage.site/resources/css/standard.css HTTP/1.1" 200 73073
195.154.122.25 - - [01/Nov/2024:04:32:38 +0100] "GET /ticket2/opencms/system/modules/com.gridnine.opencms.ticketbrokerage.site/resources/css/ticketbrokerage.css HTTP/1.1" 200 39339
195.154.122.25 - - [01/Nov/2024:04:32:38 +0100] "GET /ticket2/opencms/system/modules/com.gridnine.opencms.ticketbrokerage.site/resources/js/calendar-en.js HTTP/1.1" 200 3338
195.154.122.25 - - [01/Nov/2024:04:32:38 +0100] "GET /ticket2/opencms/system/modules/com.gridnine.opencms.ticketbrokerage.site/resources/css/jquery-ui.css HTTP/1.1" 200 33221
195.154.122.25 - - [01/Nov/2024:04:32:38 +0100] "GET /ticket2/opencms/system/modules/com.gridnine.opencms.ticketbrokerage.site/resources/js/jquery/jquery.js HTTP/1.1" 200 93868
195.154.122.25 - - [01/Nov/2024:04:32:38 +0100] "GET /ticket2/opencms/system/modules/com.gridnine.opencms.ticketbrokerage.site/resources/js/jquery/jquery-ui.js HTTP/1.1" 200 228088
195.154.122.25 - - [01/Nov/2024:04:32:38 +0100] "GET /ticket2/opencms/system/modules/com.gridnine.opencms.ticketbrokerage.site/resources/js/functions.js HTTP/1.1" 200 1583
195.154.122.25 - - [01/Nov/2024:04:32:38 +0100] "GET /ticket2/opencms/system/modules/com.gridnine.opencms.ticketbrokerage.site/resources/js/calendar.js HTTP/1.1" 200 49229
195.154.122.25 - - [01/Nov/2024:04:32:38 +0100] "GET /ticket2/opencms/system/modules/com.gridnine.opencms.ticketbrokerage.site/resources/js/calendar-setup.js HTTP/1.1" 200 4923
195.154.122.25 - - [01/Nov/2024:04:32:38 +0100] "GET /ticket2/opencms/system/modules/com.gridnine.opencms.ticketbrokerage.site/resources/js/jquery.fancybox.pack.js HTTP/1.1" 200 23187
195.154.122.25 - - [01/Nov/2024:04:32:38 +0100] "GET /ticket2/opencms/system/modules/com.gridnine.opencms.ticketbrokerage.site/resources/js/stickyfill.min.js HTTP/1.1" 200 5672
195.154.122.25 - - [01/Nov/2024:04:32:38 +0100] "GET /ticket2/opencms/system/modules/com.gridnine.opencms.ticketbrokerage.site/resources/js/standard.js HTTP/1.1" 200 3978
195.154.122.25 - - [01/Nov/2024:04:32:39 +0100] "GET /ticket2/opencms/system/modules/com.gridnine.opencms.ticketbrokerage.site/resources/js/jquery.placeholder.min.js HTTP/1.1" 200 1737
195.154.122.25 - - [01/Nov/2024:04:32:39 +0100] "GET /ticket2/opencms/system/modules/com.gridnine.opencms.ticketbrokerage.site/resources/js/common-ajax.js HTTP/1.1" 200 20175
195.154.122.25 - - [01/Nov/2024:04:32:39 +0100] "GET /ticket2/opencms/system/modules/com.gridnine.opencms.ticketbrokerage.site/resources/js/standard.js HTTP/1.1" 200 3978
119.8.185.172 - - [01/Nov/2024:04:32:40 +0100] "GET /ticket2/opencms/pl/buy?page=1&edid=94BF6567-82BD-183E-36C5-53634C762F53 HTTP/1.1" 200 107894
185.191.171.14 - - [01/Nov/2024:04:32:41 +0100] "GET /ticket2/opencms/nl/sport/voetbal-tickets/premier_league/arsenal/ HTTP/1.1" 200 97159
66.249.68.33 - - [01/Nov/2024:04:32:42 +0100] "GET /ticket2/opencms/venue/wembley_arena.gif HTTP/1.1" 200 8194
37.60.239.40 - - [01/Nov/2024:04:32:43 +0100] "GET /ticket2/opencms/dk/buy/?page=1&edid=BEC4EE84-22BE-FA65-0F72-9E73EA61AA52&sortorder=asc&column=row HTTP/1.1" 200 102489
194.242.57.234 - - [01/Nov/2024:04:32:45 +0100] "GET /ticket2/opencms/se/sv/buy/?page=1&edid=D31DCA81-F017-5EBA-3840-CF6BDC685B59&sortorder=asc&column=price HTTP/1.1" 404 -
37.60.239.40 - - [01/Nov/2024:04:32:51 +0100] "GET /ticket2/opencms/dk/buy/?page=1&edid=BFFA4A3A-0CE3-21A1-BA67-66012375AD3E&sortorder=desc&column=row HTTP/1.1" 200 98590
217.182.175.120 - - [01/Nov/2024:04:32:51 +0100] "GET /ticket2/opencms/dk/no/buy/?page=1&edid=2EE5FE6D-D48C-F366-EBEF-C207DB7D5BC0&sortorder=desc&column=row HTTP/1.1" 404 -
54.36.148.138 - - [01/Nov/2024:04:32:52 +0100] "GET /ticket2/opencms/lv/buy?page=6&comcatid=97ECA65A-72DA-F9AF-9DBB-245D3CFED1BE HTTP/1.1" 200 86881
168.119.68.174 - - [01/Nov/2024:04:32:53 +0100] "GET /ticket2/opencms/system/modules/com.gridnine.opencms.ticketbrokerage.site/resources/css/calendar.css HTTP/1.1" 200 6871
168.119.68.174 - - [01/Nov/2024:04:32:53 +0100] "GET /ticket2/opencms/system/modules/com.gridnine.opencms.ticketbrokerage.site/resources/css/jquery.fancybox.css HTTP/1.1" 200 4939
168.119.68.174 - - [01/Nov/2024:04:32:53 +0100] "GET /ticket2/opencms/system/modules/com.gridnine.opencms.ticketbrokerage.site/resources/css/standard.css HTTP/1.1" 200 73073
168.119.68.174 - - [01/Nov/2024:04:32:53 +0100] "GET /ticket2/opencms/system/modules/com.gridnine.opencms.ticketbrokerage.site/resources/css/jquery-ui.css HTTP/1.1" 200 33221
168.119.68.174 - - [01/Nov/2024:04:32:53 +0100] "GET /ticket2/opencms/system/modules/com.gridnine.opencms.ticketbrokerage.site/resources/js/calendar-setup.js HTTP/1.1" 200 4923
168.119.68.174 - - [01/Nov/2024:04:32:53 +0100] "GET /ticket2/opencms/system/modules/com.gridnine.opencms.ticketbrokerage.site/resources/css/ticketbrokerage.css HTTP/1.1" 200 39339
168.119.68.174 - - [01/Nov/2024:04:32:53 +0100] "GET /ticket2/opencms/system/modules/com.gridnine.opencms.ticketbrokerage.site/resources/js/jquery.fancybox.pack.js HTTP/1.1" 200 23187
168.119.68.174 - - [01/Nov/2024:04:32:53 +0100] "GET /ticket2/opencms/system/modules/com.gridnine.opencms.ticketbrokerage.site/resources/js/stickyfill.min.js HTTP/1.1" 200 5672
168.119.68.174 - - [01/Nov/2024:04:32:53 +0100] "GET /ticket2/opencms/system/modules/com.gridnine.opencms.ticketbrokerage.site/resources/js/jquery/jquery-ui.js HTTP/1.1" 200 228088
168.119.68.174 - - [01/Nov/2024:04:32:53 +0100] "GET /ticket2/opencms/system/modules/com.gridnine.opencms.ticketbrokerage.site/resources/js/jquery/jquery.js HTTP/1.1" 200 93868
168.119.68.174 - - [01/Nov/2024:04:32:53 +0100] "GET /ticket2/opencms/system/modules/com.gridnine.opencms.ticketbrokerage.site/resources/js/functions.js HTTP/1.1" 200 1583
168.119.68.174 - - [01/Nov/2024:04:32:53 +0100] "GET /ticket2/opencms/system/modules/com.gridnine.opencms.ticketbrokerage.site/resources/js/calendar.js HTTP/1.1" 200 49229
168.119.68.174 - - [01/Nov/2024:04:32:53 +0100] "GET /ticket2/opencms/system/modules/com.gridnine.opencms.ticketbrokerage.site/resources/js/standard.js HTTP/1.1" 200 3978
168.119.68.174 - - [01/Nov/2024:04:32:53 +0100] "GET /ticket2/opencms/system/modules/com.gridnine.opencms.ticketbrokerage.site/resources/js/calendar-en.js HTTP/1.1" 200 3338
168.119.68.174 - - [01/Nov/2024:04:32:53 +0100] "GET /ticket2/opencms/system/modules/com.gridnine.opencms.ticketbrokerage.site/resources/js/jquery.placeholder.min.js HTTP/1.1" 200 1737
168.119.68.174 - - [01/Nov/2024:04:32:53 +0100] "GET /ticket2/opencms/system/modules/com.gridnine.opencms.ticketbrokerage.site/resources/js/common-ajax.js HTTP/1.1" 200 20175
168.119.68.174 - - [01/Nov/2024:04:32:53 +0100] "GET /ticket2/opencms/system/modules/com.gridnine.opencms.ticketbrokerage.site/resources/js/standard.js HTTP/1.1" 200 3978
47.128.34.152 - - [01/Nov/2024:04:32:54 +0100] "GET /ticket2/opencms/es/buy/?catid=D8B345C9-F7A5-E620-4B43-C34EB0D6885B&comcatid=A17713B6-D984-201A-4143-ED4DB5ED5C2E HTTP/1.1" 200 253007
40.77.167.255 - - [01/Nov/2024:04:32:54 +0100] "GET /ticket2/opencms/sk/login HTTP/1.1" 200 90101
188.165.217.198 - - [01/Nov/2024:04:32:57 +0100] "GET /ticket2/opencms/se/sv/sell/?edid=877F69A3-9CA4-792C-9F41-F6BFBD6ECFDE HTTP/1.1" 404 -
37.60.239.40 - - [01/Nov/2024:04:33:02 +0100] "GET /ticket2/opencms/dk/buy/?page=1&edid=C58087C9-0464-2443-9995-9C5C02D4C88F&sortorder=desc&column=price HTTP/1.1" 200 98674
54.36.148.200 - - [01/Nov/2024:04:33:03 +0100] "GET /ticket2/opencms/mt/buy?page=6&comcatid=97ECA65A-72DA-F9AF-9DBB-245D3CFED1BE HTTP/1.1" 200 86912
168.119.68.248 - - [01/Nov/2024:04:33:04 +0100] "GET /ticket2/opencms/system/modules/com.gridnine.opencms.ticketbrokerage.site/resources/css/jquery-ui.css HTTP/1.1" 200 33221
168.119.68.248 - - [01/Nov/2024:04:33:04 +0100] "GET /ticket2/opencms/system/modules/com.gridnine.opencms.ticketbrokerage.site/resources/css/calendar.css HTTP/1.1" 200 6871
168.119.68.248 - - [01/Nov/2024:04:33:04 +0100] "GET /ticket2/opencms/system/modules/com.gridnine.opencms.ticketbrokerage.site/resources/css/ticketbrokerage.css HTTP/1.1" 200 39339
168.119.68.248 - - [01/Nov/2024:04:33:04 +0100] "GET /ticket2/opencms/system/modules/com.gridnine.opencms.ticketbrokerage.site/resources/css/standard.css HTTP/1.1" 200 73073
168.119.68.248 - - [01/Nov/2024:04:33:04 +0100] "GET /ticket2/opencms/system/modules/com.gridnine.opencms.ticketbrokerage.site/resources/js/functions.js HTTP/1.1" 200 1583
168.119.68.248 - - [01/Nov/2024:04:33:04 +0100] "GET /ticket2/opencms/system/modules/com.gridnine.opencms.ticketbrokerage.site/resources/css/jquery.fancybox.css HTTP/1.1" 200 4939
168.119.68.248 - - [01/Nov/2024:04:33:04 +0100] "GET /ticket2/opencms/system/modules/com.gridnine.opencms.ticketbrokerage.site/resources/js/stickyfill.min.js HTTP/1.1" 200 5672
168.119.68.248 - - [01/Nov/2024:04:33:04 +0100] "GET /ticket2/opencms/system/modules/com.gridnine.opencms.ticketbrokerage.site/resources/js/jquery.fancybox.pack.js HTTP/1.1" 200 23187
168.119.68.248 - - [01/Nov/2024:04:33:04 +0100] "GET /ticket2/opencms/system/modules/com.gridnine.opencms.ticketbrokerage.site/resources/js/calendar.js HTTP/1.1" 200 49229
168.119.68.248 - - [01/Nov/2024:04:33:04 +0100] "GET /ticket2/opencms/system/modules/com.gridnine.opencms.ticketbrokerage.site/resources/js/calendar-setup.js HTTP/1.1" 200 4923
168.119.68.248 - - [01/Nov/2024:04:33:04 +0100] "GET /ticket2/opencms/system/modules/com.gridnine.opencms.ticketbrokerage.site/resources/js/jquery/jquery.js HTTP/1.1" 200 93868
168.119.68.248 - - [01/Nov/2024:04:33:04 +0100] "GET /ticket2/opencms/system/modules/com.gridnine.opencms.ticketbrokerage.site/resources/js/calendar-en.js HTTP/1.1" 200 3338
168.119.68.248 - - [01/Nov/2024:04:33:04 +0100] "GET /ticket2/opencms/system/modules/com.gridnine.opencms.ticketbrokerage.site/resources/js/jquery/jquery-ui.js HTTP/1.1" 200 228088
168.119.68.248 - - [01/Nov/2024:04:33:04 +0100] "GET /ticket2/opencms/system/modules/com.gridnine.opencms.ticketbrokerage.site/resources/js/standard.js HTTP/1.1" 200 3978
168.119.68.248 - - [01/Nov/2024:04:33:04 +0100] "GET /ticket2/opencms/system/modules/com.gridnine.opencms.ticketbrokerage.site/resources/js/jquery.placeholder.min.js HTTP/1.1" 200 1737
168.119.68.248 - - [01/Nov/2024:04:33:04 +0100] "GET /ticket2/opencms/system/modules/com.gridnine.opencms.ticketbrokerage.site/resources/js/common-ajax.js HTTP/1.1" 200 20175
168.119.68.248 - - [01/Nov/2024:04:33:04 +0100] "GET /ticket2/opencms/system/modules/com.gridnine.opencms.ticketbrokerage.site/resources/js/standard.js HTTP/1.1" 200 3978
194.242.57.234 - - [01/Nov/2024:04:33:05 +0100] "GET /ticket2/opencms/se/sv/buy/?page=1&edid=D31DCA81-F017-5EBA-3840-CF6BDC685B59&sortorder=asc&column=row HTTP/1.1" 404 -
37.60.239.40 - - [01/Nov/2024:04:33:06 +0100] "GET /ticket2/opencms/dk/buy/?page=1&edid=C5829853-4CA4-0095-2A28-946BA91BD80E HTTP/1.1" 200 101328
217.182.175.120 - - [01/Nov/2024:04:33:08 +0100] "GET /ticket2/opencms/dk/no/buy/?page=1&edid=2EE5FE6D-D48C-F366-EBEF-C207DB7D5BC0&sortorder=desc&column=section HTTP/1.1" 404 -
54.36.148.168 - - [01/Nov/2024:04:33:12 +0100] "GET /ticket2/opencms/pl/buy?page=6&comcatid=97ECA65A-72DA-F9AF-9DBB-245D3CFED1BE HTTP/1.1" 200 86881
195.154.122.212 - - [01/Nov/2024:04:33:13 +0100] "GET /ticket2/opencms/system/modules/com.gridnine.opencms.ticketbrokerage.site/resources/css/jquery-ui.css HTTP/1.1" 200 33221
195.154.122.212 - - [01/Nov/2024:04:33:13 +0100] "GET /ticket2/opencms/system/modules/com.gridnine.opencms.ticketbrokerage.site/resources/css/calendar.css HTTP/1.1" 200 6871
195.154.122.212 - - [01/Nov/2024:04:33:13 +0100] "GET /ticket2/opencms/system/modules/com.gridnine.opencms.ticketbrokerage.site/resources/css/jquery.fancybox.css HTTP/1.1" 200 4939
195.154.122.212 - - [01/Nov/2024:04:33:13 +0100] "GET /ticket2/opencms/system/modules/com.gridnine.opencms.ticketbrokerage.site/resources/js/jquery/jquery.js HTTP/1.1" 200 93868
195.154.122.212 - - [01/Nov/2024:04:33:13 +0100] "GET /ticket2/opencms/system/modules/com.gridnine.opencms.ticketbrokerage.site/resources/css/ticketbrokerage.css HTTP/1.1" 200 39339
195.154.122.212 - - [01/Nov/2024:04:33:13 +0100] "GET /ticket2/opencms/system/modules/com.gridnine.opencms.ticketbrokerage.site/resources/css/standard.css HTTP/1.1" 200 73073
195.154.122.212 - - [01/Nov/2024:04:33:13 +0100] "GET /ticket2/opencms/system/modules/com.gridnine.opencms.ticketbrokerage.site/resources/js/jquery.fancybox.pack.js HTTP/1.1" 200 23187
195.154.122.212 - - [01/Nov/2024:04:33:13 +0100] "GET /ticket2/opencms/system/modules/com.gridnine.opencms.ticketbrokerage.site/resources/js/calendar.js HTTP/1.1" 200 49229
195.154.122.212 - - [01/Nov/2024:04:33:13 +0100] "GET /ticket2/opencms/system/modules/com.gridnine.opencms.ticketbrokerage.site/resources/js/calendar-en.js HTTP/1.1" 200 3338
195.154.122.212 - - [01/Nov/2024:04:33:13 +0100] "GET /ticket2/opencms/system/modules/com.gridnine.opencms.ticketbrokerage.site/resources/js/stickyfill.min.js HTTP/1.1" 200 5672
195.154.122.212 - - [01/Nov/2024:04:33:13 +0100] "GET /ticket2/opencms/system/modules/com.gridnine.opencms.ticketbrokerage.site/resources/js/calendar-setup.js HTTP/1.1" 200 4923
195.154.122.212 - - [01/Nov/2024:04:33:13 +0100] "GET /ticket2/opencms/system/modules/com.gridnine.opencms.ticketbrokerage.site/resources/js/jquery/jquery-ui.js HTTP/1.1" 200 228088
195.154.122.212 - - [01/Nov/2024:04:33:13 +0100] "GET /ticket2/opencms/system/modules/com.gridnine.opencms.ticketbrokerage.site/resources/js/functions.js HTTP/1.1" 200 1583
195.154.122.212 - - [01/Nov/2024:04:33:13 +0100] "GET /ticket2/opencms/system/modules/com.gridnine.opencms.ticketbrokerage.site/resources/js/standard.js HTTP/1.1" 200 3978
195.154.122.212 - - [01/Nov/2024:04:33:13 +0100] "GET /ticket2/opencms/system/modules/com.gridnine.opencms.ticketbrokerage.site/resources/js/jquery.placeholder.min.js HTTP/1.1" 200 1737
195.154.122.212 - - [01/Nov/2024:04:33:13 +0100] "GET /ticket2/opencms/system/modules/com.gridnine.opencms.ticketbrokerage.site/resources/js/common-ajax.js HTTP/1.1" 200 20175
195.154.122.212 - - [01/Nov/2024:04:33:13 +0100] "GET /ticket2/opencms/system/modules/com.gridnine.opencms.ticketbrokerage.site/resources/js/standard.js HTTP/1.1" 200 3978
37.60.239.40 - - [01/Nov/2024:04:33:14 +0100] "GET /ticket2/opencms/dk/buy/?page=1&edid=C58C4D82-5A12-E919-06D9-9707EA405EF9 HTTP/1.1" 200 101331
188.165.217.198 - - [01/Nov/2024:04:33:17 +0100] "GET /ticket2/opencms/se/sv/sell/?edid=8839DE43-02D6-1964-9569-34CA7978C5BC HTTP/1.1" 404 -
37.60.239.40 - - [01/Nov/2024:04:33:18 +0100] "GET /ticket2/opencms/dk/buy/?page=1&edid=C58C4D82-5A12-E919-06D9-9707EA405EF9&sortorder=asc&column=row HTTP/1.1" 200 102517
47.128.62.189 - - [01/Nov/2024:04:33:18 +0100] "GET /ticket2/opencms/az/buy/?catid=1656E964-1E02-9A38-D092-65384E60B6EA&comcatid=97ECA65A-72DA-F9AF-9DBB-245D3CFED1BE HTTP/1.1" 200 88812
114.119.152.134 - - [01/Nov/2024:04:33:18 +0100] "GET /ticket2/opencms/en/venue/?venueid=6D8A0FE7-2FEF-4BDE-AC7E-1937EABDAEF4 HTTP/1.1" 200 86671
47.128.125.83 - - [01/Nov/2024:04:33:20 +0100] "GET /ticket2/opencms/en/buy/?edid=1B3EA826-2D29-6935-1F59-59E496DEEE70 HTTP/1.1" 200 79757
54.36.148.236 - - [01/Nov/2024:04:33:23 +0100] "GET /ticket2/opencms/hr/buy/?page=1&edid=CF85F428-766F-D675-E16A-795E19713900 HTTP/1.1" 200 98510
217.182.175.120 - - [01/Nov/2024:04:33:26 +0100] "GET /ticket2/opencms/dk/no/buy/?page=1&edid=2F2A5072-295A-D707-553D-D36BF8CA313B&sortorder=asc&column=price HTTP/1.1" 404 -
194.242.57.234 - - [01/Nov/2024:04:33:26 +0100] "GET /ticket2/opencms/se/sv/buy/?page=1&edid=D31DCA81-F017-5EBA-3840-CF6BDC685B59&sortorder=asc&column=section HTTP/1.1" 404 -
37.60.239.40 - - [01/Nov/2024:04:33:27 +0100] "GET /ticket2/opencms/dk/buy/?page=1&edid=C9C29E49-907D-ECD6-EDA0-BFD0953ACB12 HTTP/1.1" 200 101298
37.60.239.40 - - [01/Nov/2024:04:33:35 +0100] "GET /ticket2/opencms/dk/buy/?page=1&edid=CA5B3DDE-EB0E-1F86-9348-5A2547011BCE&sortorder=desc&column=section HTTP/1.1" 200 98792
54.36.149.62 - - [01/Nov/2024:04:33:35 +0100] "GET /ticket2/opencms/sq/buy?page=6&comcatid=A17713B6-D984-201A-4143-ED4DB5ED5C2E&catid=AE3FE643-AE41-BAA6-237D-5206D1B044A1 HTTP/1.1" 200 94577
168.119.65.117 - - [01/Nov/2024:04:33:35 +0100] "GET /ticket2/opencms/system/modules/com.gridnine.opencms.ticketbrokerage.site/resources/css/ticketbrokerage.css HTTP/1.1" 200 39339
168.119.65.117 - - [01/Nov/2024:04:33:35 +0100] "GET /ticket2/opencms/system/modules/com.gridnine.opencms.ticketbrokerage.site/resources/css/calendar.css HTTP/1.1" 200 6871
168.119.65.117 - - [01/Nov/2024:04:33:35 +0100] "GET /ticket2/opencms/system/modules/com.gridnine.opencms.ticketbrokerage.site/resources/css/jquery-ui.css HTTP/1.1" 200 33221
168.119.65.117 - - [01/Nov/2024:04:33:35 +0100] "GET /ticket2/opencms/system/modules/com.gridnine.opencms.ticketbrokerage.site/resources/css/jquery.fancybox.css HTTP/1.1" 200 4939
168.119.65.117 - - [01/Nov/2024:04:33:35 +0100] "GET /ticket2/opencms/system/modules/com.gridnine.opencms.ticketbrokerage.site/resources/css/standard.css HTTP/1.1" 200 73073
168.119.65.117 - - [01/Nov/2024:04:33:35 +0100] "GET /ticket2/opencms/system/modules/com.gridnine.opencms.ticketbrokerage.site/resources/js/jquery/jquery.js HTTP/1.1" 200 93868
168.119.65.117 - - [01/Nov/2024:04:33:35 +0100] "GET /ticket2/opencms/system/modules/com.gridnine.opencms.ticketbrokerage.site/resources/js/jquery/jquery-ui.js HTTP/1.1" 200 228088
168.119.65.117 - - [01/Nov/2024:04:33:35 +0100] "GET /ticket2/opencms/system/modules/com.gridnine.opencms.ticketbrokerage.site/resources/js/functions.js HTTP/1.1" 200 1583
168.119.65.117 - - [01/Nov/2024:04:33:35 +0100] "GET /ticket2/opencms/system/modules/com.gridnine.opencms.ticketbrokerage.site/resources/js/calendar-en.js HTTP/1.1" 200 3338
168.119.65.117 - - [01/Nov/2024:04:33:35 +0100] "GET /ticket2/opencms/system/modules/com.gridnine.opencms.ticketbrokerage.site/resources/js/calendar-setup.js HTTP/1.1" 200 4923
168.119.65.117 - - [01/Nov/2024:04:33:35 +0100] "GET /ticket2/opencms/system/modules/com.gridnine.opencms.ticketbrokerage.site/resources/js/calendar.js HTTP/1.1" 200 49229
168.119.65.117 - - [01/Nov/2024:04:33:35 +0100] "GET /ticket2/opencms/system/modules/com.gridnine.opencms.ticketbrokerage.site/resources/js/jquery.fancybox.pack.js HTTP/1.1" 200 23187
168.119.65.117 - - [01/Nov/2024:04:33:35 +0100] "GET /ticket2/opencms/system/modules/com.gridnine.opencms.ticketbrokerage.site/resources/js/stickyfill.min.js HTTP/1.1" 200 5672
168.119.65.117 - - [01/Nov/2024:04:33:35 +0100] "GET /ticket2/opencms/system/modules/com.gridnine.opencms.ticketbrokerage.site/resources/js/standard.js HTTP/1.1" 200 3978
168.119.65.117 - - [01/Nov/2024:04:33:35 +0100] "GET /ticket2/opencms/system/modules/com.gridnine.opencms.ticketbrokerage.site/resources/js/jquery.placeholder.min.js HTTP/1.1" 200 1737
168.119.65.117 - - [01/Nov/2024:04:33:36 +0100] "GET /ticket2/opencms/system/modules/com.gridnine.opencms.ticketbrokerage.site/resources/js/common-ajax.js HTTP/1.1" 200 20175
168.119.65.117 - - [01/Nov/2024:04:33:36 +0100] "GET /ticket2/opencms/system/modules/com.gridnine.opencms.ticketbrokerage.site/resources/js/standard.js HTTP/1.1" 200 3978
188.165.217.198 - - [01/Nov/2024:04:33:40 +0100] "GET /ticket2/opencms/se/sv/sell/?edid=891EBBB1-0D90-0DF0-7A0B-80A270992560 HTTP/1.1" 404 -
217.182.175.120 - - [01/Nov/2024:04:33:41 +0100] "GET /ticket2/opencms/dk/no/buy/?page=1&edid=2F2A5072-295A-D707-553D-D36BF8CA313B&sortorder=asc&column=row HTTP/1.1" 404 -
114.119.146.36 - - [01/Nov/2024:04:33:42 +0100] "GET /ticket2/opencms/en/buy/?page=1&edid=32684C15-3991-14C8-FF47-6D8EBA34F95A HTTP/1.1" 200 100190
47.128.47.203 - - [01/Nov/2024:04:33:43 +0100] "GET /ticket2/opencms/fi/buy/?eventid=29425CD0-51B2-1314-2678-3AB7A21FD119&page=11 HTTP/1.1" 200 94618
216.244.66.238 - - [01/Nov/2024:04:33:44 +0100] "GET /ticket2/opencms/dk/sv/sell/?edid=19C49911-D96E-9B7C-6316-E149EFD71C8E HTTP/1.1" 404 -
54.36.148.254 - - [01/Nov/2024:04:33:44 +0100] "GET /ticket2/opencms/ka/buy/?page=1&edid=CF85F428-766F-D675-E16A-795E19713900 HTTP/1.1" 200 103195
37.60.239.40 - - [01/Nov/2024:04:33:46 +0100] "GET /ticket2/opencms/dk/buy/?page=1&edid=CA7B7856-D65D-D70C-71B2-A5CF8B27B7FA HTTP/1.1" 200 97372
185.191.171.19 - - [01/Nov/2024:04:33:46 +0100] "GET /ticket2/opencms/mt/buying_tickets/ HTTP/1.1" 200 90512
216.244.66.238 - - [01/Nov/2024:04:33:46 +0100] "GET /ticket2/opencms/dk/sv/sell/?edid=526D1171-6FDC-BC49-23A8-17627BBD580A HTTP/1.1" 404 -
194.242.57.234 - - [01/Nov/2024:04:33:51 +0100] "GET /ticket2/opencms/se/sv/buy/?page=1&edid=D4D26C4E-A84B-5BB2-4BAA-D4ED25416260&sortorder=asc&column=row HTTP/1.1" 404 -
85.208.96.211 - - [01/Nov/2024:04:33:53 +0100] "GET /ticket2/opencms/dk/sport/fodboldbilletter/serie-a/empoli/ HTTP/1.1" 200 88395
37.60.239.40 - - [01/Nov/2024:04:33:56 +0100] "GET /ticket2/opencms/dk/buy/?page=1&edid=CA984D7E-3D0A-9EC2-7133-56D7DC3CD0C3&sortorder=desc&column=price HTTP/1.1" 200 102010
217.182.175.120 - - [01/Nov/2024:04:33:58 +0100] "GET /ticket2/opencms/dk/no/buy/?page=1&edid=2F2A5072-295A-D707-553D-D36BF8CA313B&sortorder=asc&column=section HTTP/1.1" 404 -
124.243.139.184 - - [01/Nov/2024:04:33:59 +0100] "GET /ticket2/opencms/ga/buy?page=1&edid=65C03F06-B4E6-0D65-D535-E007A0321D02 HTTP/1.1" 200 114443
188.165.217.198 - - [01/Nov/2024:04:34:02 +0100] "GET /ticket2/opencms/se/sv/sell/?edid=8B3B84C5-3DC0-B667-5464-4096542A8D78 HTTP/1.1" 404 -
37.60.239.40 - - [01/Nov/2024:04:34:04 +0100] "GET /ticket2/opencms/dk/buy/?page=1&edid=CD9DEE8E-6654-72C9-5AD8-79198E596D63&sortorder=asc&column=section HTTP/1.1" 200 102454
47.128.41.227 - - [01/Nov/2024:04:34:07 +0100] "GET /ticket2/opencms/mo/buy/?catid=F7F89B9B-6697-7881-54AE-4C39276BF1B8&comcatid=97ECA65A-72DA-F9AF-9DBB-245D3CFED1BE HTTP/1.1" 200 88811
194.242.57.234 - - [01/Nov/2024:04:34:10 +0100] "GET /ticket2/opencms/se/sv/buy/?page=1&edid=D4D26C4E-A84B-5BB2-4BAA-D4ED25416260&sortorder=asc&column=section HTTP/1.1" 404 -
217.182.175.120 - - [01/Nov/2024:04:34:13 +0100] "GET /ticket2/opencms/dk/no/buy/?page=1&edid=2FC98323-B77E-D291-9131-7C1F611770DD&sortorder=asc&column=price HTTP/1.1" 404 -
37.60.239.40 - - [01/Nov/2024:04:34:14 +0100] "GET /ticket2/opencms/dk/buy/?page=1&edid=D0713995-7A61-911E-7E61-253175699AC7 HTTP/1.1" 200 97370
47.128.21.119 - - [01/Nov/2024:04:34:14 +0100] "GET /ticket2/opencms/bs/buy/?catid=C871EAE3-C584-718A-9795-07CDEF43FA75&comcatid=A17713B6-D984-201A-4143-ED4DB5ED5C2E HTTP/1.1" 200 93750
54.36.148.97 - - [01/Nov/2024:04:34:18 +0100] "GET /ticket2/opencms/en/buy?comcatid=97ECA65A-72DA-F9AF-9DBB-245D3CFED1BE&catid=1656E964-1E02-9A38-D092-65384E60B6EA HTTP/1.1" 200 87010
168.119.68.241 - - [01/Nov/2024:04:34:19 +0100] "GET /ticket2/opencms/system/modules/com.gridnine.opencms.ticketbrokerage.site/resources/css/jquery-ui.css HTTP/1.1" 200 33221
168.119.68.241 - - [01/Nov/2024:04:34:19 +0100] "GET /ticket2/opencms/system/modules/com.gridnine.opencms.ticketbrokerage.site/resources/css/jquery.fancybox.css HTTP/1.1" 200 4939
168.119.68.241 - - [01/Nov/2024:04:34:19 +0100] "GET /ticket2/opencms/system/modules/com.gridnine.opencms.ticketbrokerage.site/resources/css/ticketbrokerage.css HTTP/1.1" 200 39339
168.119.68.241 - - [01/Nov/2024:04:34:19 +0100] "GET /ticket2/opencms/system/modules/com.gridnine.opencms.ticketbrokerage.site/resources/css/standard.css HTTP/1.1" 200 73073
168.119.68.241 - - [01/Nov/2024:04:34:19 +0100] "GET /ticket2/opencms/system/modules/com.gridnine.opencms.ticketbrokerage.site/resources/js/functions.js HTTP/1.1" 200 1583
168.119.68.241 - - [01/Nov/2024:04:34:19 +0100] "GET /ticket2/opencms/system/modules/com.gridnine.opencms.ticketbrokerage.site/resources/css/calendar.css HTTP/1.1" 200 6871
168.119.68.241 - - [01/Nov/2024:04:34:19 +0100] "GET /ticket2/opencms/system/modules/com.gridnine.opencms.ticketbrokerage.site/resources/js/jquery/jquery-ui.js HTTP/1.1" 200 228088
168.119.68.241 - - [01/Nov/2024:04:34:19 +0100] "GET /ticket2/opencms/system/modules/com.gridnine.opencms.ticketbrokerage.site/resources/js/jquery/jquery.js HTTP/1.1" 200 93868
168.119.68.241 - - [01/Nov/2024:04:34:19 +0100] "GET /ticket2/opencms/system/modules/com.gridnine.opencms.ticketbrokerage.site/resources/js/jquery.fancybox.pack.js HTTP/1.1" 200 23187
168.119.68.241 - - [01/Nov/2024:04:34:19 +0100] "GET /ticket2/opencms/system/modules/com.gridnine.opencms.ticketbrokerage.site/resources/js/calendar.js HTTP/1.1" 200 49229
168.119.68.241 - - [01/Nov/2024:04:34:19 +0100] "GET /ticket2/opencms/system/modules/com.gridnine.opencms.ticketbrokerage.site/resources/js/calendar-en.js HTTP/1.1" 200 3338
168.119.68.241 - - [01/Nov/2024:04:34:19 +0100] "GET /ticket2/opencms/system/modules/com.gridnine.opencms.ticketbrokerage.site/resources/js/calendar-setup.js HTTP/1.1" 200 4923
168.119.68.241 - - [01/Nov/2024:04:34:19 +0100] "GET /ticket2/opencms/system/modules/com.gridnine.opencms.ticketbrokerage.site/resources/js/stickyfill.min.js HTTP/1.1" 200 5672
168.119.68.241 - - [01/Nov/2024:04:34:19 +0100] "GET /ticket2/opencms/system/modules/com.gridnine.opencms.ticketbrokerage.site/resources/js/standard.js HTTP/1.1" 200 3978
168.119.68.241 - - [01/Nov/2024:04:34:19 +0100] "GET /ticket2/opencms/system/modules/com.gridnine.opencms.ticketbrokerage.site/resources/js/jquery.placeholder.min.js HTTP/1.1" 200 1737
168.119.68.241 - - [01/Nov/2024:04:34:19 +0100] "GET /ticket2/opencms/system/modules/com.gridnine.opencms.ticketbrokerage.site/resources/js/common-ajax.js HTTP/1.1" 200 20175
168.119.68.241 - - [01/Nov/2024:04:34:19 +0100] "GET /ticket2/opencms/system/modules/com.gridnine.opencms.ticketbrokerage.site/resources/js/standard.js HTTP/1.1" 200 3978
37.60.239.40 - - [01/Nov/2024:04:34:23 +0100] "GET /ticket2/opencms/dk/buy/?page=1&edid=D216C89C-1168-1804-250B-153C2E458950&sortorder=desc&column=price HTTP/1.1" 200 101735
188.165.217.198 - - [01/Nov/2024:04:34:24 +0100] "GET /ticket2/opencms/se/sv/sell/?edid=8BCDA413-0A18-59D2-A3FB-49537454FAB9 HTTP/1.1" 404 -
65.108.46.72 - - [01/Nov/2024:04:34:25 +0100] "GET /ticket2/opencms/dk/robots.txt HTTP/1.1" 404 -
195.26.253.72 - - [01/Nov/2024:04:34:25 +0100] "GET /ticket2/opencms/de/.env HTTP/1.1" 404 -
195.26.253.72 - - [01/Nov/2024:04:34:26 +0100] "GET /ticket2/opencms/de/_profiler/phpinfo HTTP/1.1" 404 -
195.26.253.72 - - [01/Nov/2024:04:34:26 +0100] "GET /ticket2/opencms/de/info.php HTTP/1.1" 404 -
195.26.253.72 - - [01/Nov/2024:04:34:27 +0100] "GET /ticket2/opencms/de/.hg HTTP/1.1" 404 -
20.171.206.241 - - [01/Nov/2024:04:34:27 +0100] "GET /ticket2/opencms/ HTTP/1.1" 302 -
195.26.253.72 - - [01/Nov/2024:04:34:27 +0100] "GET /ticket2/opencms/de/.svn HTTP/1.1" 404 -
195.26.253.72 - - [01/Nov/2024:04:34:28 +0100] "GET /ticket2/opencms/de/env.js HTTP/1.1" 404 -
217.182.175.120 - - [01/Nov/2024:04:34:29 +0100] "GET /ticket2/opencms/dk/no/buy/?page=1&edid=2FC98323-B77E-D291-9131-7C1F611770DD&sortorder=asc&column=row HTTP/1.1" 404 -
65.108.46.72 - - [01/Nov/2024:04:34:29 +0100] "GET /ticket2/opencms/dk/no/buy/?page=1&edid=700C6A66-9C47-818C-453E-16ACCDD28C59&sortorder=asc&column=price HTTP/1.1" 404 -
47.128.51.67 - - [01/Nov/2024:04:34:31 +0100] "GET /ticket2/opencms/mo/buy/?catid=757E2DFB-33DA-9B34-8402-9F06B19D8409&comcatid=97ECA65A-72DA-F9AF-9DBB-245D3CFED1BE HTTP/1.1" 200 88815
37.60.239.40 - - [01/Nov/2024:04:34:31 +0100] "GET /ticket2/opencms/dk/buy/?page=1&edid=D4D8D33D-C874-8F3F-7C90-91B543531027 HTTP/1.1" 200 101302
65.108.46.72 - - [01/Nov/2024:04:34:34 +0100] "GET /ticket2/opencms/dk/no/buy/?page=1&edid=700C6A66-9C47-818C-453E-16ACCDD28C59&sortorder=asc&column=section HTTP/1.1" 404 -
114.119.148.14 - - [01/Nov/2024:04:34:37 +0100] "GET /ticket2/opencms/en/venue/?countryid=91AAC8CB-DC00-AD46-25B5-9E567AEBD805 HTTP/1.1" 200 116446
72.14.199.231 - - [01/Nov/2024:04:34:37 +0100] "GET /ticket2/opencms/sv/sport/fotbollsbiljetter/premier_league/london/ HTTP/1.1" 200 93461
65.108.46.72 - - [01/Nov/2024:04:34:38 +0100] "GET /ticket2/opencms/dk/no/buy/?page=1&edid=703B9188-07D2-D0DA-558A-C19524FFF0C0&sortorder=asc&column=price HTTP/1.1" 404 -
47.128.24.77 - - [01/Nov/2024:04:34:42 +0100] "GET /ticket2/opencms/mt/buy?eventid=8089A138-5EE7-E43F-C342-AAB9352CA1D1&page=11 HTTP/1.1" 200 92901
54.36.149.27 - - [01/Nov/2024:04:34:43 +0100] "GET /ticket2/opencms/az/buy/?page=1&edid=6C755BD2-3E40-1F18-AF57-4283F42FB67F HTTP/1.1" 200 102144
65.108.46.72 - - [01/Nov/2024:04:34:43 +0100] "GET /ticket2/opencms/dk/no/buy/?page=1&edid=7044174B-9D59-EC54-D559-9C7BAD39A582&sortorder=asc&column=price HTTP/1.1" 404 -
188.165.217.198 - - [01/Nov/2024:04:34:43 +0100] "GET /ticket2/opencms/se/sv/sell/?edid=8D0833AE-2B01-AC15-150E-0BB34ED20EA0 HTTP/1.1" 404 -
217.182.175.120 - - [01/Nov/2024:04:34:43 +0100] "GET /ticket2/opencms/dk/no/buy/?page=1&edid=2FC98323-B77E-D291-9131-7C1F611770DD&sortorder=asc&column=section HTTP/1.1" 404 -
216.244.66.238 - - [01/Nov/2024:04:34:45 +0100] "GET /ticket2/opencms/dk/sv/venue/?venueid=2A287657-A170-E643-8D17-78F1DB6C8F4A HTTP/1.1" 404 -
37.60.239.40 - - [01/Nov/2024:04:34:45 +0100] "GET /ticket2/opencms/dk/buy/?page=1&edid=D521BC96-8A80-7480-ABD2-B0023E239F27&sortorder=desc&column=row HTTP/1.1" 200 101004
216.244.66.238 - - [01/Nov/2024:04:34:46 +0100] "GET /ticket2/opencms/dk/sv/venue/?venueid=69923349-A528-C93F-2999-4DA35CF7FB58 HTTP/1.1" 404 -
47.128.115.71 - - [01/Nov/2024:04:34:47 +0100] "GET /ticket2/opencms/is/buy/?edid=B63FBD1D-6B97-230F-8D9B-F709B95E5FDA HTTP/1.1" 200 81480
65.108.46.72 - - [01/Nov/2024:04:34:47 +0100] "GET /ticket2/opencms/dk/no/buy/?page=1&edid=70EC2779-0BF1-665A-34D4-25009662DF84&sortorder=asc&column=row HTTP/1.1" 404 -
216.244.66.238 - - [01/Nov/2024:04:34:48 +0100] "GET /ticket2/opencms/dk/sv/venue/?venueid=A4FD97C9-3112-FD78-66F7-32D2DBBAA5F9 HTTP/1.1" 404 -
216.244.66.238 - - [01/Nov/2024:04:34:50 +0100] "GET /ticket2/opencms/dk/sv/venue/?venueid=BC924132-7F96-0646-A878-2E37F8A82CF2 HTTP/1.1" 404 -
65.108.46.72 - - [01/Nov/2024:04:34:52 +0100] "GET /ticket2/opencms/dk/no/buy/?page=1&edid=716F15C9-42CE-5192-C005-50D592325C6C&sortorder=asc&column=price HTTP/1.1" 404 -
216.244.66.238 - - [01/Nov/2024:04:34:52 +0100] "GET /ticket2/opencms/se/en/venue/?venueid=CEECF1E7-5F75-125A-BBD9-315FE319D489 HTTP/1.1" 404 -
37.60.239.40 - - [01/Nov/2024:04:34:53 +0100] "GET /ticket2/opencms/dk/buy/?page=1&edid=D521BC96-8A80-7480-ABD2-B0023E239F27&sortorder=desc&column=section HTTP/1.1" 200 101188
47.128.45.115 - - [01/Nov/2024:04:34:55 +0100] "GET /ticket2/opencms/pl/buy/?catid=D8B345C9-F7A5-E620-4B43-C34EB0D6885B&comcatid=A17713B6-D984-201A-4143-ED4DB5ED5C2E HTTP/1.1" 200 253949
65.108.46.72 - - [01/Nov/2024:04:34:57 +0100] "GET /ticket2/opencms/dk/no/buy/?page=1&edid=71E66324-0F6E-EB4F-E8BD-271F4B49C83D&sortorder=asc&column=price HTTP/1.1" 404 -
217.182.175.120 - - [01/Nov/2024:04:34:57 +0100] "GET /ticket2/opencms/dk/no/buy/?page=1&edid=2FD48537-60A4-0DC2-BE15-66B133E49E64&sortorder=asc&column=section HTTP/1.1" 404 -
54.36.148.222 - - [01/Nov/2024:04:35:00 +0100] "GET /ticket2/opencms/lv/buy?page=6&comcatid=A17713B6-D984-201A-4143-ED4DB5ED5C2E&catid=A3372871-3019-08B8-80CE-74B78F441ACA HTTP/1.1" 200 95925
195.154.126.85 - - [01/Nov/2024:04:35:00 +0100] "GET /ticket2/opencms/system/modules/com.gridnine.opencms.ticketbrokerage.site/resources/css/calendar.css HTTP/1.1" 200 6871
195.154.126.85 - - [01/Nov/2024:04:35:00 +0100] "GET /ticket2/opencms/system/modules/com.gridnine.opencms.ticketbrokerage.site/resources/css/jquery.fancybox.css HTTP/1.1" 200 4939
195.154.126.85 - - [01/Nov/2024:04:35:00 +0100] "GET /ticket2/opencms/system/modules/com.gridnine.opencms.ticketbrokerage.site/resources/css/jquery-ui.css HTTP/1.1" 200 33221
195.154.126.85 - - [01/Nov/2024:04:35:00 +0100] "GET /ticket2/opencms/system/modules/com.gridnine.opencms.ticketbrokerage.site/resources/css/ticketbrokerage.css HTTP/1.1" 200 39339
195.154.126.85 - - [01/Nov/2024:04:35:00 +0100] "GET /ticket2/opencms/system/modules/com.gridnine.opencms.ticketbrokerage.site/resources/css/standard.css HTTP/1.1" 200 73073
195.154.126.85 - - [01/Nov/2024:04:35:00 +0100] "GET /ticket2/opencms/system/modules/com.gridnine.opencms.ticketbrokerage.site/resources/js/stickyfill.min.js HTTP/1.1" 200 5672
195.154.126.85 - - [01/Nov/2024:04:35:00 +0100] "GET /ticket2/opencms/system/modules/com.gridnine.opencms.ticketbrokerage.site/resources/js/calendar-en.js HTTP/1.1" 200 3338
195.154.126.85 - - [01/Nov/2024:04:35:00 +0100] "GET /ticket2/opencms/system/modules/com.gridnine.opencms.ticketbrokerage.site/resources/js/calendar.js HTTP/1.1" 200 49229
195.154.126.85 - - [01/Nov/2024:04:35:01 +0100] "GET /ticket2/opencms/system/modules/com.gridnine.opencms.ticketbrokerage.site/resources/js/calendar-setup.js HTTP/1.1" 200 4923
195.154.126.85 - - [01/Nov/2024:04:35:01 +0100] "GET /ticket2/opencms/system/modules/com.gridnine.opencms.ticketbrokerage.site/resources/js/jquery/jquery.js HTTP/1.1" 200 93868
195.154.126.85 - - [01/Nov/2024:04:35:01 +0100] "GET /ticket2/opencms/system/modules/com.gridnine.opencms.ticketbrokerage.site/resources/js/jquery/jquery-ui.js HTTP/1.1" 200 228088
195.154.126.85 - - [01/Nov/2024:04:35:01 +0100] "GET /ticket2/opencms/system/modules/com.gridnine.opencms.ticketbrokerage.site/resources/js/functions.js HTTP/1.1" 200 1583
195.154.126.85 - - [01/Nov/2024:04:35:01 +0100] "GET /ticket2/opencms/system/modules/com.gridnine.opencms.ticketbrokerage.site/resources/js/jquery.fancybox.pack.js HTTP/1.1" 200 23187
195.154.126.85 - - [01/Nov/2024:04:35:01 +0100] "GET /ticket2/opencms/system/modules/com.gridnine.opencms.ticketbrokerage.site/resources/js/standard.js HTTP/1.1" 200 3978
195.154.126.85 - - [01/Nov/2024:04:35:01 +0100] "GET /ticket2/opencms/system/modules/com.gridnine.opencms.ticketbrokerage.site/resources/js/jquery.placeholder.min.js HTTP/1.1" 200 1737
195.154.126.85 - - [01/Nov/2024:04:35:01 +0100] "GET /ticket2/opencms/system/modules/com.gridnine.opencms.ticketbrokerage.site/resources/js/common-ajax.js HTTP/1.1" 200 20175
37.60.239.40 - - [01/Nov/2024:04:35:01 +0100] "GET /ticket2/opencms/dk/buy/?page=1&edid=D5299377-114D-E85A-E06B-1E0425900906 HTTP/1.1" 200 100013
65.108.46.72 - - [01/Nov/2024:04:35:01 +0100] "GET /ticket2/opencms/dk/no/buy/?page=1&edid=71E66324-0F6E-EB4F-E8BD-271F4B49C83D&sortorder=asc&column=row HTTP/1.1" 404 -
195.154.126.85 - - [01/Nov/2024:04:35:02 +0100] "GET /ticket2/opencms/system/modules/com.gridnine.opencms.ticketbrokerage.site/resources/js/standard.js HTTP/1.1" 200 3978
37.60.239.40 - - [01/Nov/2024:04:35:03 +0100] "GET /ticket2/opencms/dk/buy/?page=1&edid=D54647C8-B205-BD5F-2C2C-2FE17A087C43 HTTP/1.1" 200 100412
69.171.230.5 - - [01/Nov/2024:04:35:05 +0100] "GET /ticket2/opencms/mo/sport/bilete-la-fotbal/serie-a/monza HTTP/1.1" 200 94406
65.108.46.72 - - [01/Nov/2024:04:35:06 +0100] "GET /ticket2/opencms/dk/no/buy/?page=1&edid=71E66324-0F6E-EB4F-E8BD-271F4B49C83D&sortorder=desc&column=section HTTP/1.1" 404 -
47.128.40.106 - - [01/Nov/2024:04:35:06 +0100] "GET /ticket2/opencms/ka/buy/?catid=2CCC191C-F37F-B9CA-D41C-1204E575B328&comcatid=97ECA65A-72DA-F9AF-9DBB-245D3CFED1BE HTTP/1.1" 200 90204
65.108.46.72 - - [01/Nov/2024:04:35:10 +0100] "GET /ticket2/opencms/dk/no/buy/?page=1&edid=7254CAF4-4ECC-397A-A9A2-882C0C1CF067&sortorder=asc&column=price HTTP/1.1" 404 -
37.60.239.40 - - [01/Nov/2024:04:35:10 +0100] "GET /ticket2/opencms/dk/buy/?page=1&edid=D55BD468-305A-E062-3975-F5912C8D3F1B HTTP/1.1" 200 101329
188.165.217.198 - - [01/Nov/2024:04:35:10 +0100] "GET /ticket2/opencms/se/sv/sell/?edid=8D91D59E-3F0A-3FEA-2B47-5251F7B4BE3B HTTP/1.1" 404 -
217.182.175.120 - - [01/Nov/2024:04:35:14 +0100] "GET /ticket2/opencms/dk/no/buy/?page=1&edid=301B6DE4-27D0-5449-2AEA-BDD081996845&sortorder=asc&column=row HTTP/1.1" 404 -
37.60.239.40 - - [01/Nov/2024:04:35:14 +0100] "GET /ticket2/opencms/dk/buy/?page=1&edid=D5B27A93-401D-3579-4532-5384AC2B7BF3 HTTP/1.1" 200 100838
65.108.46.72 - - [01/Nov/2024:04:35:15 +0100] "GET /ticket2/opencms/dk/no/buy/?page=1&edid=7289F2D1-8B79-467B-FDCD-62F6982659A6&sortorder=desc&column=row HTTP/1.1" 404 -
190.92.216.118 - - [01/Nov/2024:04:35:19 +0100] "GET /ticket2/opencms/mo/buy?page=1&edid=B221A7A0-0672-9C92-94FE-8BC4C1F907CD HTTP/1.1" 200 108091
65.108.46.72 - - [01/Nov/2024:04:35:19 +0100] "GET /ticket2/opencms/dk/no/buy/?page=1&edid=7289F2D1-8B79-467B-FDCD-62F6982659A6&sortorder=desc&column=section HTTP/1.1" 404 -
47.128.58.138 - - [01/Nov/2024:04:35:19 +0100] "GET /ticket2/opencms/lv/buy/?catid=7CF2D645-F785-0CBB-1B7C-C4711617EAAD&comcatid=A17713B6-D984-201A-4143-ED4DB5ED5C2E HTTP/1.1" 200 93804
37.60.239.40 - - [01/Nov/2024:04:35:22 +0100] "GET /ticket2/opencms/dk/buy/?page=1&edid=D776081A-33AA-296E-ED76-1FA87B3E2A16&sortorder=asc&column=row HTTP/1.1" 200 98583
216.244.66.238 - - [01/Nov/2024:04:35:23 +0100] "GET /ticket2/opencms/se/sv/sport/fotbollsbiljetter/premier_league/west-bromwich-albion/ HTTP/1.1" 404 -
65.108.46.72 - - [01/Nov/2024:04:35:24 +0100] "GET /ticket2/opencms/dk/no/buy/?page=1&edid=7301640B-042B-89BA-0D98-666EEE6D991E&sortorder=desc&column=price HTTP/1.1" 404 -
188.165.217.198 - - [01/Nov/2024:04:35:27 +0100] "GET /ticket2/opencms/se/sv/sell/?edid=8D9DBA83-8AAE-BAE2-32DA-76530C440127 HTTP/1.1" 404 -
65.108.46.72 - - [01/Nov/2024:04:35:28 +0100] "GET /ticket2/opencms/dk/no/buy/?page=1&edid=7301640B-042B-89BA-0D98-666EEE6D991E&sortorder=desc&column=row HTTP/1.1" 404 -
217.182.175.120 - - [01/Nov/2024:04:35:29 +0100] "GET /ticket2/opencms/dk/no/buy/?page=1&edid=3372B92B-572F-9FDC-07C6-F0078ADCB821&sortorder=asc&column=section HTTP/1.1" 404 -
37.60.239.40 - - [01/Nov/2024:04:35:29 +0100] "GET /ticket2/opencms/dk/buy/?page=1&edid=D982F7C7-2260-B918-A19A-9AD033AA1445&sortorder=desc&column=price HTTP/1.1" 200 101323
114.119.130.23 - - [01/Nov/2024:04:35:30 +0100] "GET /ticket2/opencms/en/sport/football-tickets/bundesliga/hoffenheim/ HTTP/1.1" 200 95471
65.108.46.72 - - [01/Nov/2024:04:35:32 +0100] "GET /ticket2/opencms/dk/no/buy/?page=1&edid=7301640B-042B-89BA-0D98-666EEE6D991E&sortorder=desc&column=section HTTP/1.1" 404 -
54.36.148.25 - - [01/Nov/2024:04:35:33 +0100] "GET /ticket2/opencms/lt/buy/?page=1&edid=5B1EBD64-AC5B-1705-53F4-E0FEF8B73423 HTTP/1.1" 200 102064
37.60.239.40 - - [01/Nov/2024:04:35:37 +0100] "GET /ticket2/opencms/dk/buy/?page=1&edid=DA2E5195-CDF8-6C8C-C1BB-038D4BF419FF HTTP/1.1" 200 99618
65.108.46.72 - - [01/Nov/2024:04:35:37 +0100] "GET /ticket2/opencms/dk/no/buy/?page=1&edid=73C373AD-559D-3A84-A00F-BA6DC314DEF9&sortorder=asc&column=price HTTP/1.1" 404 -
114.119.151.93 - - [01/Nov/2024:04:35:37 +0100] "GET /ticket2/opencms/en/buy/?page=6&comcatid=A17713B6-D984-201A-4143-ED4DB5ED5C2E&catid=0A6C99D2-F5BD-7A18-9A5F-5668827042E0&eventid=56CBA715-B928-D58F-6A08-8D95645745F0 HTTP/1.1" 200 110081
114.119.132.57 - - [01/Nov/2024:04:35:40 +0100] "GET /ticket2/opencms/en/venue/?venueid=B29BDEFE-F23C-78DD-4BFA-72F9978C970A HTTP/1.1" 200 86614
37.60.239.40 - - [01/Nov/2024:04:35:41 +0100] "GET /ticket2/opencms/dk/buy/?page=1&edid=DA2E5195-CDF8-6C8C-C1BB-038D4BF419FF&sortorder=desc&column=price HTTP/1.1" 200 100941
65.108.46.72 - - [01/Nov/2024:04:35:42 +0100] "GET /ticket2/opencms/dk/no/buy/?page=1&edid=73C373AD-559D-3A84-A00F-BA6DC314DEF9&sortorder=asc&column=section HTTP/1.1" 404 -
217.182.175.120 - - [01/Nov/2024:04:35:44 +0100] "GET /ticket2/opencms/dk/no/buy/?page=1&edid=3389708C-18F0-B6AB-9F44-A1534328131C HTTP/1.1" 404 -
47.128.28.177 - - [01/Nov/2024:04:35:44 +0100] "GET /ticket2/opencms/ga/buy/?catid=757E2DFB-33DA-9B34-8402-9F06B19D8409&comcatid=97ECA65A-72DA-F9AF-9DBB-245D3CFED1BE HTTP/1.1" 200 88815
14.153.233.88 - - [01/Nov/2024:04:35:45 +0100] "GET /ticket2/opencms/ HTTP/1.1" 302 -
65.108.46.72 - - [01/Nov/2024:04:35:46 +0100] "GET /ticket2/opencms/dk/no/buy/?page=1&edid=7422BB76-D50D-112B-59E4-17DC58B2A2B5&sortorder=asc&column=price HTTP/1.1" 404 -
14.153.233.88 - - [01/Nov/2024:04:35:47 +0100] "GET /ticket2/opencms/en/ HTTP/1.1" 200 94367
37.60.239.40 - - [01/Nov/2024:04:35:49 +0100] "GET /ticket2/opencms/dk/buy/?page=1&edid=E4692F60-8A5E-C284-239D-0C5296ECA6AF HTTP/1.1" 200 99535
65.108.46.72 - - [01/Nov/2024:04:35:51 +0100] "GET /ticket2/opencms/dk/no/buy/?page=1&edid=7422BB76-D50D-112B-59E4-17DC58B2A2B5&sortorder=asc&column=row HTTP/1.1" 404 -
188.165.217.198 - - [01/Nov/2024:04:35:53 +0100] "GET /ticket2/opencms/se/sv/sell/?edid=8E0F98D9-464A-8A71-2D26-C8680D81094F HTTP/1.1" 404 -
65.108.46.72 - - [01/Nov/2024:04:35:55 +0100] "GET /ticket2/opencms/dk/no/buy/?page=1&edid=7422BB76-D50D-112B-59E4-17DC58B2A2B5&sortorder=asc&column=section HTTP/1.1" 404 -
37.60.239.40 - - [01/Nov/2024:04:35:56 +0100] "GET /ticket2/opencms/dk/buy/?page=1&edid=E4915448-0650-97C7-D024-84A720D83423&sortorder=desc&column=row HTTP/1.1" 200 102066
47.128.96.226 - - [01/Nov/2024:04:35:57 +0100] "GET /ticket2/opencms/lt/buy/?catid=FCA7FF95-260A-464B-B6FF-A820FCE7DFEF&comcatid=0A6B8208-FDA4-E929-9D72-5312FD481B76 HTTP/1.1" 200 87490
54.36.149.9 - - [01/Nov/2024:04:35:57 +0100] "GET /ticket2/opencms/nl/buy?page=6&comcatid=97ECA65A-72DA-F9AF-9DBB-245D3CFED1BE&catid=9457695E-36ED-A63E-7A88-32963954E2C7 HTTP/1.1" 200 86743
217.182.175.120 - - [01/Nov/2024:04:35:59 +0100] "GET /ticket2/opencms/dk/no/buy/?page=1&edid=3389708C-18F0-B6AB-9F44-A1534328131C&sortorder=desc&column=price HTTP/1.1" 404 -
