81.232.113.162 - - [03/Nov/2024:01:07:31 +0100] "GET /ticket2/opencms/system/modules/com.gridnine.opencms.ticketbrokerage.site/resources/pics/footer-img.jpg HTTP/1.1" 200 67642
81.232.113.162 - - [03/Nov/2024:01:07:31 +0100] "GET /ticket2/opencms/img/icons/no.png HTTP/1.1" 200 1958
81.232.113.162 - - [03/Nov/2024:01:07:31 +0100] "GET /ticket2/opencms/system/modules/com.gridnine.opencms.ticketbrokerage.site/resources/css/ticketbrokerage.css HTTP/1.1" 200 39339
81.232.113.162 - - [03/Nov/2024:01:07:31 +0100] "GET /ticket2/opencms/img/icons/fi.png HTTP/1.1" 200 1785
81.232.113.162 - - [03/Nov/2024:01:07:31 +0100] "GET /ticket2/opencms/img/check.png HTTP/1.1" 200 548
81.232.113.162 - - [03/Nov/2024:01:07:31 +0100] "GET /ticket2/opencms/img/mail.png HTTP/1.1" 200 403
81.232.113.162 - - [03/Nov/2024:01:07:31 +0100] "GET /ticket2/opencms/img/icons/dk.png HTTP/1.1" 200 1706
81.232.113.162 - - [03/Nov/2024:01:07:31 +0100] "GET /ticket2/opencms/img/arrow.png HTTP/1.1" 200 753
81.232.113.162 - - [03/Nov/2024:01:07:31 +0100] "GET /ticket2/opencms/img/chat.png HTTP/1.1" 200 416
81.232.113.162 - - [03/Nov/2024:01:07:31 +0100] "GET /ticket2/opencms/img/icons/nl.png HTTP/1.1" 200 1255
81.232.113.162 - - [03/Nov/2024:01:07:31 +0100] "GET /ticket2/opencms/system/modules/com.gridnine.opencms.ticketbrokerage.site/resources/pics/form_marker.gif HTTP/1.1" 200 43
81.232.113.162 - - [03/Nov/2024:01:07:31 +0100] "GET /ticket2/opencms/system/modules/com.gridnine.opencms.ticketbrokerage.site/resources/pics/arrow.gif HTTP/1.1" 200 344
81.232.113.162 - - [03/Nov/2024:01:07:31 +0100] "GET /ticket2/opencms/system/modules/com.gridnine.opencms.ticketbrokerage.site/resources/pics/button1_left.gif HTTP/1.1" 200 232
81.232.113.162 - - [03/Nov/2024:01:07:31 +0100] "GET /ticket2/opencms/system/modules/com.gridnine.opencms.ticketbrokerage.site/resources/pics/button1_center.gif HTTP/1.1" 200 66
81.232.113.162 - - [03/Nov/2024:01:07:31 +0100] "GET /ticket2/opencms/img/icons/de.png HTTP/1.1" 200 1124
81.232.113.162 - - [03/Nov/2024:01:07:31 +0100] "GET /ticket2/opencms/system/modules/com.gridnine.opencms.ticketbrokerage.site/resources/pics/button1_right.gif HTTP/1.1" 200 232
81.232.113.162 - - [03/Nov/2024:01:07:31 +0100] "GET /ticket2/opencms/img/icons/fr.png HTTP/1.1" 200 1764
81.232.113.162 - - [03/Nov/2024:01:07:31 +0100] "GET /ticket2/opencms/img/icons/es.png HTTP/1.1" 200 1005
81.232.113.162 - - [03/Nov/2024:01:07:31 +0100] "GET /ticket2/opencms/img/icons/be.png HTTP/1.1" 200 1663
81.232.113.162 - - [03/Nov/2024:01:07:31 +0100] "GET /ticket2/opencms/img/icons/bs.png HTTP/1.1" 200 1014
81.232.113.162 - - [03/Nov/2024:01:07:31 +0100] "GET /ticket2/opencms/img/icons/hr.png HTTP/1.1" 200 2024
81.232.113.162 - - [03/Nov/2024:01:07:31 +0100] "GET /ticket2/opencms/img/icons/cs.png HTTP/1.1" 200 1883
81.232.113.162 - - [03/Nov/2024:01:07:31 +0100] "GET /ticket2/opencms/img/icons/et.png HTTP/1.1" 200 754
81.232.113.162 - - [03/Nov/2024:01:07:31 +0100] "GET /ticket2/opencms/img/icons/ka.png HTTP/1.1" 200 860
81.232.113.162 - - [03/Nov/2024:01:07:31 +0100] "GET /ticket2/opencms/img/icons/is.png HTTP/1.1" 200 1884
81.232.113.162 - - [03/Nov/2024:01:07:31 +0100] "GET /ticket2/opencms/img/icons/hu.png HTTP/1.1" 200 733
81.232.113.162 - - [03/Nov/2024:01:07:31 +0100] "GET /ticket2/opencms/img/icons/lv.png HTTP/1.1" 200 716
81.232.113.162 - - [03/Nov/2024:01:07:31 +0100] "GET /ticket2/opencms/img/icons/lt.png HTTP/1.1" 200 733
81.232.113.162 - - [03/Nov/2024:01:07:31 +0100] "GET /ticket2/opencms/img/icons/mk.png HTTP/1.1" 200 1405
81.232.113.162 - - [03/Nov/2024:01:07:32 +0100] "GET /ticket2/opencms/img/icons/mt.png HTTP/1.1" 200 920
81.232.113.162 - - [03/Nov/2024:01:07:32 +0100] "GET /ticket2/opencms/img/icons/mo.png HTTP/1.1" 200 1468
81.232.113.162 - - [03/Nov/2024:01:07:32 +0100] "GET /ticket2/opencms/img/icons/ro.png HTTP/1.1" 200 1393
81.232.113.162 - - [03/Nov/2024:01:07:32 +0100] "GET /ticket2/opencms/img/icons/sr.png HTTP/1.1" 200 1602
81.232.113.162 - - [03/Nov/2024:01:07:32 +0100] "GET /ticket2/opencms/img/icons/sk.png HTTP/1.1" 200 1283
81.232.113.162 - - [03/Nov/2024:01:07:32 +0100] "GET /ticket2/opencms/img/icons/sl.png HTTP/1.1" 200 966
81.232.113.162 - - [03/Nov/2024:01:07:32 +0100] "GET /ticket2/opencms/img/icons/uk.png HTTP/1.1" 200 1272
81.232.113.162 - - [03/Nov/2024:01:07:32 +0100] "GET /ticket2/opencms/img/icons/tr.png HTTP/1.1" 200 1636
81.232.113.162 - - [03/Nov/2024:01:07:32 +0100] "GET /ticket2/opencms/img/arrow-down.png HTTP/1.1" 200 192
81.232.113.162 - - [03/Nov/2024:01:07:32 +0100] "GET /ticket2/opencms/img/icons/it.png HTTP/1.1" 200 2040
81.232.113.162 - - [03/Nov/2024:01:07:32 +0100] "GET /ticket2/opencms/img/icons/sq.png HTTP/1.1" 200 1619
81.232.113.162 - - [03/Nov/2024:01:07:33 +0100] "GET /ticket2/opencms/img/icons/bg.png HTTP/1.1" 200 788
81.232.113.162 - - [03/Nov/2024:01:07:33 +0100] "GET /ticket2/opencms/img/icons/az.png HTTP/1.1" 200 1445
81.232.113.162 - - [03/Nov/2024:01:07:33 +0100] "GET /ticket2/opencms/img/icons/pl.png HTTP/1.1" 200 1578
81.232.113.162 - - [03/Nov/2024:01:07:33 +0100] "GET /ticket2/opencms/img/icons/hy.png HTTP/1.1" 200 1170
81.232.113.162 - - [03/Nov/2024:01:07:34 +0100] "GET /ticket2/opencms/img/icons/el.png HTTP/1.1" 200 1637
81.232.113.162 - - [03/Nov/2024:01:07:34 +0100] "GET /ticket2/opencms/img/icons/ga.png HTTP/1.1" 200 1759
81.232.113.162 - - [03/Nov/2024:01:07:34 +0100] "GET /ticket2/opencms/system/modules/com.gridnine.opencms.ticketbrokerage.site/resources/js/standard.js HTTP/1.1" 200 3978
81.232.113.162 - - [03/Nov/2024:01:07:35 +0100] "GET /ticket2/opencms/system/modules/com.gridnine.opencms.ticketbrokerage.site/resources/css/images/ui-bg_flat_75_ffffff_40x100.png HTTP/1.1" 404 -
81.232.113.162 - - [03/Nov/2024:01:07:39 +0100] "GET /ticket2/opencms/sv/buy?page=2&sodvid=666cb574-04bc-4e83-9977-48290a01000f HTTP/1.1" 200 112346
81.232.113.162 - - [03/Nov/2024:01:07:39 +0100] "GET /ticket2/opencms/system/modules/com.gridnine.opencms.ticketbrokerage.site/resources/js/calendar-en.js HTTP/1.1" 200 3338
81.232.113.162 - - [03/Nov/2024:01:07:39 +0100] "GET /ticket2/opencms/system/modules/com.gridnine.opencms.ticketbrokerage.site/resources/js/calendar-setup.js HTTP/1.1" 200 4923
81.232.113.162 - - [03/Nov/2024:01:07:39 +0100] "GET /ticket2/opencms/system/modules/com.gridnine.opencms.ticketbrokerage.site/resources/css/calendar.css HTTP/1.1" 200 6871
81.232.113.162 - - [03/Nov/2024:01:07:39 +0100] "GET /ticket2/opencms/system/modules/com.gridnine.opencms.ticketbrokerage.site/resources/js/standard.js HTTP/1.1" 200 3978
81.232.113.162 - - [03/Nov/2024:01:07:39 +0100] "GET /ticket2/opencms/system/modules/com.gridnine.opencms.ticketbrokerage.site/resources/js/calendar.js HTTP/1.1" 200 49229
81.232.113.162 - - [03/Nov/2024:01:07:39 +0100] "GET /ticket2/opencms/system/modules/com.gridnine.opencms.ticketbrokerage.site/resources/css/standard.css HTTP/1.1" 200 73073
81.232.113.162 - - [03/Nov/2024:01:07:39 +0100] "GET /ticket2/opencms/system/modules/com.gridnine.opencms.ticketbrokerage.site/resources/js/functions.js HTTP/1.1" 200 1583
81.232.113.162 - - [03/Nov/2024:01:07:39 +0100] "GET /ticket2/opencms/system/modules/com.gridnine.opencms.ticketbrokerage.site/resources/css/ticketbrokerage.css HTTP/1.1" 200 39339
81.232.113.162 - - [03/Nov/2024:01:07:40 +0100] "GET /ticket2/opencms/system/modules/com.gridnine.opencms.ticketbrokerage.site/resources/css/images/ui-bg_flat_75_ffffff_40x100.png HTTP/1.1" 404 -
81.232.113.162 - - [03/Nov/2024:01:07:44 +0100] "GET /ticket2/opencms/sv/buy/?page=1&edid=11EFBC55-130A-2310-B776-C5D86878BDAB&hlv=666cb716-1ab0-4330-97b0-4c830a01000f HTTP/1.1" 200 131053
81.232.113.162 - - [03/Nov/2024:01:07:44 +0100] "GET /ticket2/opencms/sv/ask-form.html HTTP/1.1" 200 2950
216.244.66.238 - - [03/Nov/2024:01:07:48 +0100] "GET /ticket2/opencms/robots.txt HTTP/1.1" 200 773
207.46.13.160 - - [03/Nov/2024:01:07:49 +0100] "GET /ticket2/opencms/es/buy?page=1&edid=9EDB7F86-26E1-C3B9-F18D-B7CE7EC54CD3 HTTP/1.1" 200 98454
216.244.66.238 - - [03/Nov/2024:01:07:50 +0100] "GET /ticket2/opencms/robots.txt HTTP/1.1" 200 773
157.90.209.79 - - [03/Nov/2024:01:07:52 +0100] "GET /ticket2/opencms/fi/buy?page=1&edid=DE5B6A64-DD53-E533-1C9F-682C000226C9 HTTP/1.1" 200 111243
47.128.123.175 - - [03/Nov/2024:01:07:56 +0100] "GET /ticket2/opencms/sr/buy/?edid=8551F24F-7E36-E365-707B-96D4F958640A HTTP/1.1" 200 81862
114.119.138.214 - - [03/Nov/2024:01:08:06 +0100] "GET /ticket2/opencms/en/venue/?venueid=4694F5B1-69FE-B60F-48EF-EC52575888CD HTTP/1.1" 200 76964
157.90.209.79 - - [03/Nov/2024:01:08:19 +0100] "GET /ticket2/opencms/fi/buy?page=1&edid=E0AF4582-F291-60D7-7793-C6DEB6EAEA8A HTTP/1.1" 200 130926
114.119.151.93 - - [03/Nov/2024:01:08:34 +0100] "GET /ticket2/opencms/dk/ru/buy/?page=6&comcatid=0A6B8208-FDA4-E929-9D72-5312FD481B76&catid=FCA7FF95-260A-464B-B6FF-A820FCE7DFEF&eventid=3E11F155-FD96-35DD-2686-CAF80A080D72 HTTP/1.1" 404 -
47.128.52.43 - - [03/Nov/2024:01:08:36 +0100] "GET /ticket2/opencms/bs/buy?edid=6CCB6961-ECB4-18EA-B62D-06E43B7F1D47 HTTP/1.1" 200 81426
157.90.209.79 - - [03/Nov/2024:01:08:47 +0100] "GET /ticket2/opencms/fi/buy?page=1&edid=E1CACBEB-5FB5-F359-D95F-1110648BB53A HTTP/1.1" 200 126380
52.167.144.142 - - [03/Nov/2024:01:08:52 +0100] "GET /ticket2/opencms/fi/venue/?venueid=CEBAC815-5D1D-DBE9-245F-8746AEBA6E09 HTTP/1.1" 200 78575
52.167.144.142 - - [03/Nov/2024:01:08:54 +0100] "GET /ticket2/opencms/fi/urheilu/jalkapallo/uefa-europa-league/ HTTP/1.1" 200 77958
85.208.96.201 - - [03/Nov/2024:01:08:58 +0100] "GET /ticket2/opencms/fr/magazine/article?title=newcastle HTTP/1.1" 200 82401
185.191.171.18 - - [03/Nov/2024:01:09:01 +0100] "GET /ticket2/opencms/fi/urheilu/jalkapallo/bundesliga/hamburger/ HTTP/1.1" 200 79524
114.119.145.123 - - [03/Nov/2024:01:09:03 +0100] "GET /ticket2/opencms/en/buy?page=1&edid=B7E11C2C-3C6C-DE18-D55E-09DE5B0BD063 HTTP/1.1" 200 96921
52.167.144.173 - - [03/Nov/2024:01:09:03 +0100] "GET /ticket2/opencms/en/buy/?page=1&edid=5D2C7F0A-6D8C-4B20-24D2-21DDAC599D86 HTTP/1.1" 200 96926
157.90.209.79 - - [03/Nov/2024:01:09:14 +0100] "GET /ticket2/opencms/fi/buy?page=1&edid=E289F96B-BF69-A88E-30C1-E3CA6BC29D6C HTTP/1.1" 200 114020
38.242.199.215 - - [03/Nov/2024:01:09:17 +0100] "GET /ticket2/opencms/dk/robots.txt HTTP/1.1" 404 -
38.242.199.215 - - [03/Nov/2024:01:09:21 +0100] "GET /ticket2/opencms/dk/dk/buy/?page=1&edid=A6856250-01E2-4A1B-464C-68CA574A3D4C HTTP/1.1" 404 -
17.241.75.243 - - [03/Nov/2024:01:09:23 +0100] "GET /ticket2/opencms/sv/buy/?page=1&edid=F304E181-E936-71FB-E213-CFCB44032C9B HTTP/1.1" 200 100339
38.242.199.215 - - [03/Nov/2024:01:09:24 +0100] "GET /ticket2/opencms/dk/dk/buy/?page=1&edid=B08D5A43-3DF5-09B8-F7B3-031F806B8C69&sortorder=desc&column=price HTTP/1.1" 404 -
38.242.199.215 - - [03/Nov/2024:01:09:27 +0100] "GET /ticket2/opencms/dk/dk/buy/?page=1&edid=B08D5A43-3DF5-09B8-F7B3-031F806B8C69&sortorder=desc&column=section HTTP/1.1" 404 -
38.242.199.215 - - [03/Nov/2024:01:09:31 +0100] "GET /ticket2/opencms/dk/dk/buy/?page=1&edid=B7D39E94-1CE6-8EAC-5A23-68A662FEB365&sortorder=desc&column=row HTTP/1.1" 404 -
38.242.199.215 - - [03/Nov/2024:01:09:34 +0100] "GET /ticket2/opencms/dk/dk/buy/?page=1&edid=BFD97D9E-908E-08FB-387F-F82638E47D0F HTTP/1.1" 404 -
38.242.199.215 - - [03/Nov/2024:01:09:37 +0100] "GET /ticket2/opencms/dk/dk/buy/?page=1&edid=D83D9EEB-6ED3-D67C-5138-5673E4AE464F&sortorder=asc&column=price HTTP/1.1" 404 -
157.90.209.79 - - [03/Nov/2024:01:09:41 +0100] "GET /ticket2/opencms/fi/buy?page=1&edid=E4AB8B9B-D715-946F-66CB-04AA56069E4B HTTP/1.1" 200 101081
38.242.199.215 - - [03/Nov/2024:01:09:41 +0100] "GET /ticket2/opencms/dk/dk/buy/?page=1&edid=E0A53669-91D6-866E-C069-2204E55E6CA3&sortorder=asc&column=row HTTP/1.1" 404 -
38.242.199.215 - - [03/Nov/2024:01:09:45 +0100] "GET /ticket2/opencms/dk/dk/buy/?page=1&edid=E1F55F84-4D40-F949-F902-228A506F47DB HTTP/1.1" 404 -
38.242.199.215 - - [03/Nov/2024:01:09:49 +0100] "GET /ticket2/opencms/dk/dk/buy/?page=1&edid=E1F55F84-4D40-F949-F902-228A506F47DB&sortorder=desc&column=row HTTP/1.1" 404 -
38.242.199.215 - - [03/Nov/2024:01:09:53 +0100] "GET /ticket2/opencms/dk/dk/buy/?page=1&edid=E1F55F84-4D40-F949-F902-228A506F47DB&sortorder=desc&column=section HTTP/1.1" 404 -
38.242.199.215 - - [03/Nov/2024:01:09:58 +0100] "GET /ticket2/opencms/dk/dk/buy/?page=1&edid=EA6DAAD2-200A-052A-B4F6-5898239F72D4&sortorder=desc&column=section HTTP/1.1" 404 -
47.128.52.68 - - [03/Nov/2024:01:09:59 +0100] "GET /ticket2/opencms/hr/buy?page=11&venueid=084C5FFD-59D7-DA1B-5EFC-5854672C42AB HTTP/1.1" 200 81937
38.242.199.215 - - [03/Nov/2024:01:10:03 +0100] "GET /ticket2/opencms/dk/dk/buy/?page=1&edid=ED19B4A4-0607-6479-D5B9-048B1EA6100D&sortorder=desc&column=price HTTP/1.1" 404 -
38.242.199.215 - - [03/Nov/2024:01:10:07 +0100] "GET /ticket2/opencms/dk/dk/buy/?page=1&edid=F072BD13-D85E-6EDE-64C2-2195E5EE30BF&sortorder=desc&column=price HTTP/1.1" 404 -
157.90.209.79 - - [03/Nov/2024:01:10:09 +0100] "GET /ticket2/opencms/fi/buy?page=1&edid=E8BA54CC-B112-3D61-BE02-1B4D1E4F63D1 HTTP/1.1" 200 124171
38.242.199.215 - - [03/Nov/2024:01:10:11 +0100] "GET /ticket2/opencms/dk/dk/buy/?page=1&edid=F54D8C8D-5C06-7A10-2302-6EF73D28A9FF&sortorder=asc&column=price HTTP/1.1" 404 -
95.163.255.197 - - [03/Nov/2024:01:10:14 +0100] "GET /ticket2/opencms/ru/sport/football/serie_a/roma/ HTTP/1.1" 500 -
47.128.43.234 - - [03/Nov/2024:01:10:15 +0100] "GET /ticket2/opencms/bg/buy/?edid=C2ECBA5C-6F54-380B-DDCA-15DF3F116F7E HTTP/1.1" 200 81909
85.208.96.206 - - [03/Nov/2024:01:10:15 +0100] "GET /ticket2/opencms/ga/ HTTP/1.1" 200 97254
38.242.199.215 - - [03/Nov/2024:01:10:17 +0100] "GET /ticket2/opencms/dk/dk/buy/?page=1&edid=F54D8C8D-5C06-7A10-2302-6EF73D28A9FF&sortorder=asc&column=row HTTP/1.1" 404 -
85.208.96.202 - - [03/Nov/2024:01:10:20 +0100] "GET /ticket2/opencms/no/sport/fotballsbilletter/bundesliga/leipzig/ HTTP/1.1" 200 93670
38.242.199.215 - - [03/Nov/2024:01:10:21 +0100] "GET /ticket2/opencms/dk/dk/buy/?page=1&edid=F54D8C8D-5C06-7A10-2302-6EF73D28A9FF&sortorder=asc&column=section HTTP/1.1" 404 -
114.119.140.85 - - [03/Nov/2024:01:10:22 +0100] "GET /ticket2/opencms/en/venue/?countryid=9F976644-D811-1E5C-8CA5-C3CE6B3B71EB HTTP/1.1" 200 106389
38.242.199.215 - - [03/Nov/2024:01:10:27 +0100] "GET /ticket2/opencms/dk/dk/buy/?page=1&edid=F55FD46B-77AB-3FD2-8E77-5D8B9DF55395&sortorder=desc&column=row HTTP/1.1" 404 -
38.242.199.215 - - [03/Nov/2024:01:10:32 +0100] "GET /ticket2/opencms/dk/dk/buy/?page=1&edid=F55FD46B-77AB-3FD2-8E77-5D8B9DF55395&sortorder=desc&column=section HTTP/1.1" 404 -
157.90.209.79 - - [03/Nov/2024:01:10:36 +0100] "GET /ticket2/opencms/fi/buy?page=1&edid=E9F0B041-BF0A-CE11-045F-89CD49D4FA7D HTTP/1.1" 200 104683
38.242.199.215 - - [03/Nov/2024:01:10:37 +0100] "GET /ticket2/opencms/dk/dk/buy/?page=1&edid=FA7BEBD1-40FA-A67F-C01F-8C5B55A43C92 HTTP/1.1" 404 -
38.242.199.215 - - [03/Nov/2024:01:10:42 +0100] "GET /ticket2/opencms/dk/dk/buy/?page=1&edid=FB730AA6-A470-8EFB-27FE-924D530AC7B8&sortorder=desc&column=section HTTP/1.1" 404 -
185.191.171.19 - - [03/Nov/2024:01:10:47 +0100] "GET /ticket2/opencms/es/login HTTP/1.1" 200 83214
38.242.199.215 - - [03/Nov/2024:01:10:48 +0100] "GET /ticket2/opencms/dk/dk/buy/?page=1&edid=FC59A96A-7A0E-DF19-BFE3-D29B9978A152&sortorder=desc&column=row HTTP/1.1" 404 -
66.249.74.11 - - [03/Nov/2024:01:10:50 +0100] "GET /ticket2/opencms/en/venue/?venueid=CBCA4CA4-CBC4-330E-5D1E-6AD93EA9F82A HTTP/1.1" 200 77062
185.191.171.18 - - [03/Nov/2024:01:10:52 +0100] "GET /ticket2/opencms/sv/sport/fotbollsbiljetter/english-championship/birmingham/ HTTP/1.1" 200 79482
38.242.199.215 - - [03/Nov/2024:01:10:57 +0100] "GET /ticket2/opencms/dk/dk/buy/?page=10&eventid=0E8438B4-DF07-782D-BFDF-951C14B22864&venueid=1F514823-A8B2-64F2-1969-4417BA1D08C9 HTTP/1.1" 404 -
157.90.209.79 - - [03/Nov/2024:01:11:03 +0100] "GET /ticket2/opencms/fi/buy?page=1&edid=EB31C882-2BE6-C517-726C-D721EBC90088 HTTP/1.1" 200 135061
38.242.199.215 - - [03/Nov/2024:01:11:07 +0100] "GET /ticket2/opencms/dk/dk/buy/?page=10&eventid=3E11F155-FD96-35DD-2686-CAF80A080D72&venueid=C387AD1E-8341-4DE7-9049-670C5BDC9192 HTTP/1.1" 404 -
114.119.130.23 - - [03/Nov/2024:01:11:13 +0100] "GET /ticket2/opencms/en/venue/?venueid=58522292-9FB1-E2A9-71BC-483A012096C6 HTTP/1.1" 200 77021
85.208.96.202 - - [03/Nov/2024:01:11:16 +0100] "GET /ticket2/opencms/mt/about/press/ HTTP/1.1" 200 80327
38.242.199.215 - - [03/Nov/2024:01:11:17 +0100] "GET /ticket2/opencms/dk/dk/buy/?page=10&eventid=5B1CC88B-2BA7-8AA5-1109-77947DB3461F&venueid=DABDC4D6-A186-DAE6-C644-5DB9CB011EEC HTTP/1.1" 404 -
47.128.61.119 - - [03/Nov/2024:01:11:22 +0100] "GET /ticket2/opencms/fi/buy?page=11&venueid=7943BD7F-85DA-A73F-DD60-967562D19B0E HTTP/1.1" 200 81964
157.90.209.79 - - [03/Nov/2024:01:11:30 +0100] "GET /ticket2/opencms/fi/buy?page=1&edid=EBF1342E-BB1A-F042-231F-198A898B67BA HTTP/1.1" 200 111243
38.242.199.215 - - [03/Nov/2024:01:11:34 +0100] "GET /ticket2/opencms/dk/dk/buy/?page=10&eventid=C7133DB2-11AE-0675-7328-58F27D8E8199&venueid=1D0702B1-352E-5FBA-3475-D4A6D59D40D0 HTTP/1.1" 404 -
47.128.53.54 - - [03/Nov/2024:01:11:45 +0100] "GET /ticket2/opencms/el/buy/?catid=06324577-7173-BAB0-146D-E644C912F7C1&comcatid=A17713B6-D984-201A-4143-ED4DB5ED5C2E&npage=2 HTTP/1.1" 200 246467
38.242.199.215 - - [03/Nov/2024:01:11:45 +0100] "GET /ticket2/opencms/dk/dk/buy/?page=10&eventid=D9BAE2BB-1DCE-D95B-7B2F-B290A0FC2588&venueid=37FDBD7B-74BE-8950-65E3-B6CF46D7D303 HTTP/1.1" 404 -
85.208.96.212 - - [03/Nov/2024:01:11:54 +0100] "GET /ticket2/opencms/lt/affiliateprogram.html HTTP/1.1" 200 79124
157.90.209.79 - - [03/Nov/2024:01:11:57 +0100] "GET /ticket2/opencms/fi/buy?page=1&edid=EC2BC309-3510-AA04-CA0C-F3088D5C1D31 HTTP/1.1" 200 114018
38.242.199.215 - - [03/Nov/2024:01:11:58 +0100] "GET /ticket2/opencms/dk/dk/buy/?page=6&comcatid=A17713B6-D984-201A-4143-ED4DB5ED5C2E&catid=5A89E483-58AD-080E-F363-E16CE738916A&eventid=71C5BAEE-C491-0712-FC18-B70E740C173A HTTP/1.1" 404 -
124.243.137.254 - - [03/Nov/2024:01:11:59 +0100] "GET /ticket2/opencms/en/buy/?page=1&edid=4FD24057-EB4D-8E12-8B0B-F9683A75094C HTTP/1.1" 200 99954
185.191.171.17 - - [03/Nov/2024:01:12:07 +0100] "GET /ticket2/opencms/sv/sport/fotbollsbiljetter/serie_a/frosinone/ HTTP/1.1" 200 79119
38.242.199.215 - - [03/Nov/2024:01:12:09 +0100] "GET /ticket2/opencms/dk/dk/buy/?page=6&comcatid=A17713B6-D984-201A-4143-ED4DB5ED5C2E&catid=BDD8C04C-DD99-1C07-B5F3-F2AB98D157E8&eventid=53BF23E9-0EE9-F467-857D-3AF5F15D2836 HTTP/1.1" 404 -
196.242.114.76 - - [03/Nov/2024:01:12:10 +0100] "GET /ticket2/opencms/en/login/ HTTP/1.1" 200 81870
38.242.199.215 - - [03/Nov/2024:01:12:20 +0100] "GET /ticket2/opencms/dk/dk/buy/?page=6&comcatid=A17713B6-D984-201A-4143-ED4DB5ED5C2E&catid=D8B345C9-F7A5-E620-4B43-C34EB0D6885B&eventid=C7133DB2-11AE-0675-7328-58F27D8E8199 HTTP/1.1" 404 -
37.123.143.11 - - [03/Nov/2024:01:12:22 +0100] "GET /ticket2/opencms/system/workplace/views/top_foot.jsp?wpFrame=foot HTTP/1.1" 200 1210
37.123.143.11 - - [03/Nov/2024:01:12:22 +0100] "GET /ticket2/opencms/system/workplace/commons/style/workplace.css HTTP/1.1" 200 14209
185.191.171.4 - - [03/Nov/2024:01:12:23 +0100] "GET /ticket2/opencms/de/robots.txt HTTP/1.1" 404 -
40.77.167.243 - - [03/Nov/2024:01:12:23 +0100] "GET /ticket2/opencms/en/ HTTP/1.1" 200 95593
157.90.209.79 - - [03/Nov/2024:01:12:24 +0100] "GET /ticket2/opencms/fi/buy?page=1&edid=EE1094B0-5F8D-7F5A-3592-6F4F9BDBF532 HTTP/1.1" 200 130248
114.119.155.118 - - [03/Nov/2024:01:12:25 +0100] "GET /ticket2/opencms/en/venue/?countryid=FEF54986-84B0-FEDA-0583-5080DFD917BA HTTP/1.1" 200 106389
185.191.171.4 - - [03/Nov/2024:01:12:25 +0100] "GET /ticket2/opencms/robots.txt HTTP/1.1" 200 773
216.244.66.238 - - [03/Nov/2024:01:12:27 +0100] "GET /ticket2/opencms/sr/buy?page=1&edid=9F80D7E4-C3CD-1252-256F-CE7A7B9BF210 HTTP/1.1" 200 99117
185.191.171.4 - - [03/Nov/2024:01:12:27 +0100] "GET /ticket2/opencms/robots.txt HTTP/1.1" 200 773
185.191.171.7 - - [03/Nov/2024:01:12:28 +0100] "GET /ticket2/opencms/de/sv/magazine/article?title=bournemouth HTTP/1.1" 404 -
216.244.66.238 - - [03/Nov/2024:01:12:33 +0100] "GET /ticket2/opencms/hu/buy?page=1&edid=7D165939-BF98-0026-A2D4-02E534C6E447 HTTP/1.1" 200 115029
47.128.61.234 - - [03/Nov/2024:01:12:33 +0100] "GET /ticket2/opencms/bg/buy/?edid=6771892E-7E7D-3A4E-4779-DB1F0828DEE9 HTTP/1.1" 200 81909
85.208.96.200 - - [03/Nov/2024:01:12:36 +0100] "GET /ticket2/opencms/fr/magazine/article?title=kylian-mbappe HTTP/1.1" 200 83066
47.128.62.85 - - [03/Nov/2024:01:12:37 +0100] "GET /ticket2/opencms/lt/buy/?catid=F03B8ADD-988E-AE6A-8DBA-AF502C691C60&comcatid=A17713B6-D984-201A-4143-ED4DB5ED5C2E HTTP/1.1" 200 93837
157.55.39.192 - - [03/Nov/2024:01:12:41 +0100] "GET /ticket2/opencms/system/modules/com.gridnine.opencms.ticketbrokerage.site/resources/js/standard.js HTTP/1.1" 200 3978
209.85.238.41 - - [03/Nov/2024:01:12:42 +0100] "GET /ticket2/opencms/no/sport/fotballsbilletter/premier_league/tottenham/ HTTP/1.1" 200 95255
114.119.151.93 - - [03/Nov/2024:01:12:42 +0100] "GET /ticket2/opencms/dk/en/buy/?page=1&edid=B49CE6E5-EC60-73D6-9A52-E6FBCFDB807B HTTP/1.1" 404 -
47.128.18.217 - - [03/Nov/2024:01:12:45 +0100] "GET /ticket2/opencms/hu/buy?edid=B6792C71-3777-835A-6A12-E2C6ABE580AB HTTP/1.1" 200 81485
89.8.1.170 - - [03/Nov/2024:01:12:45 +0100] "GET /ticket2/opencms/no/buy/?page=1&edid=BFAFDC2C-908C-DD1E-38F3-2E405A281188&hlv=66cb34c5-0a24-477e-b653-559f0a01000f HTTP/1.1" 200 131499
89.8.1.170 - - [03/Nov/2024:01:12:46 +0100] "GET /ticket2/opencms/no/ask-form.html HTTP/1.1" 200 2919
89.8.1.170 - - [03/Nov/2024:01:12:46 +0100] "GET /ticket2/opencms/system/modules/com.gridnine.opencms.ticketbrokerage.site/resources/pics/arrow.gif HTTP/1.1" 304 -
89.8.1.170 - - [03/Nov/2024:01:12:46 +0100] "GET /ticket2/opencms/img/icons/ticket2.thumbnail.png HTTP/1.1" 304 -
89.8.1.170 - - [03/Nov/2024:01:12:46 +0100] "GET /ticket2/opencms/system/modules/com.gridnine.opencms.ticketbrokerage.site/resources/pics/button1_right.gif HTTP/1.1" 304 -
89.8.1.170 - - [03/Nov/2024:01:12:46 +0100] "GET /ticket2/opencms/system/modules/com.gridnine.opencms.ticketbrokerage.site/resources/pics/form_marker.gif HTTP/1.1" 304 -
89.8.1.170 - - [03/Nov/2024:01:12:46 +0100] "GET /ticket2/opencms/system/modules/com.gridnine.opencms.ticketbrokerage.site/resources/pics/button1_left.gif HTTP/1.1" 304 -
89.8.1.170 - - [03/Nov/2024:01:12:46 +0100] "GET /ticket2/opencms/system/modules/com.gridnine.opencms.ticketbrokerage.site/resources/pics/button1_center.gif HTTP/1.1" 304 -
38.242.199.215 - - [03/Nov/2024:01:12:47 +0100] "GET /ticket2/opencms/dk/dk/buy/?page=1&edid=00C1D740-19CA-DE2A-304E-0064B72FA18D&sortorder=desc&column=row HTTP/1.1" 404 -
89.8.1.170 - - [03/Nov/2024:01:12:47 +0100] "GET /ticket2/opencms/system/modules/com.gridnine.opencms.ticketbrokerage.site/resources/css/images/ui-bg_flat_75_ffffff_40x100.png HTTP/1.1" 404 -
157.90.209.79 - - [03/Nov/2024:01:12:51 +0100] "GET /ticket2/opencms/fi/buy?page=1&edid=EFCA122E-EFD5-12F8-6F83-6930A0BC1F37 HTTP/1.1" 200 114025
216.244.66.238 - - [03/Nov/2024:01:12:52 +0100] "GET /ticket2/opencms/fi/buy?page=1&edid=D26CE87D-3D36-4995-7255-CD274E3D4B38 HTTP/1.1" 200 107901
89.8.1.170 - - [03/Nov/2024:01:12:55 +0100] "GET /ticket2/opencms/no/buy/?page=1&edid=BFAFDC2C-908C-DD1E-38F3-2E405A281188&hlv=66cb34c5-0a24-477e-b653-559f0a01000f HTTP/1.1" 200 131499
89.8.1.170 - - [03/Nov/2024:01:12:55 +0100] "GET /ticket2/opencms/system/modules/com.gridnine.opencms.ticketbrokerage.site/resources/js/jquery/jquery.js HTTP/1.1" 200 93868
89.8.1.170 - - [03/Nov/2024:01:12:55 +0100] "GET /ticket2/opencms/system/modules/com.gridnine.opencms.ticketbrokerage.site/resources/css/jquery-ui.css HTTP/1.1" 200 33221
89.8.1.170 - - [03/Nov/2024:01:12:55 +0100] "GET /ticket2/opencms/system/modules/com.gridnine.opencms.ticketbrokerage.site/resources/js/jquery/jquery-ui.js HTTP/1.1" 200 228088
89.8.1.170 - - [03/Nov/2024:01:12:55 +0100] "GET /ticket2/opencms/system/modules/com.gridnine.opencms.ticketbrokerage.site/resources/js/functions.js HTTP/1.1" 200 1583
89.8.1.170 - - [03/Nov/2024:01:12:55 +0100] "GET /ticket2/opencms/system/modules/com.gridnine.opencms.ticketbrokerage.site/resources/css/ticketbrokerage.css HTTP/1.1" 200 39339
89.8.1.170 - - [03/Nov/2024:01:12:55 +0100] "GET /ticket2/opencms/system/modules/com.gridnine.opencms.ticketbrokerage.site/resources/css/jquery.fancybox.css HTTP/1.1" 200 4939
89.8.1.170 - - [03/Nov/2024:01:12:55 +0100] "GET /ticket2/opencms/system/modules/com.gridnine.opencms.ticketbrokerage.site/resources/css/calendar.css HTTP/1.1" 200 6871
89.8.1.170 - - [03/Nov/2024:01:12:55 +0100] "GET /ticket2/opencms/system/modules/com.gridnine.opencms.ticketbrokerage.site/resources/css/standard.css HTTP/1.1" 200 73073
89.8.1.170 - - [03/Nov/2024:01:12:55 +0100] "GET /ticket2/opencms/system/modules/com.gridnine.opencms.ticketbrokerage.site/resources/js/calendar.js HTTP/1.1" 200 49229
89.8.1.170 - - [03/Nov/2024:01:12:55 +0100] "GET /ticket2/opencms/system/modules/com.gridnine.opencms.ticketbrokerage.site/resources/js/calendar-en.js HTTP/1.1" 200 3338
89.8.1.170 - - [03/Nov/2024:01:12:55 +0100] "GET /ticket2/opencms/system/modules/com.gridnine.opencms.ticketbrokerage.site/resources/js/calendar-setup.js HTTP/1.1" 200 4923
89.8.1.170 - - [03/Nov/2024:01:12:55 +0100] "GET /ticket2/opencms/system/modules/com.gridnine.opencms.ticketbrokerage.site/resources/js/jquery.fancybox.pack.js HTTP/1.1" 200 23187
89.8.1.170 - - [03/Nov/2024:01:12:55 +0100] "GET /ticket2/opencms/system/modules/com.gridnine.opencms.ticketbrokerage.site/resources/js/stickyfill.min.js HTTP/1.1" 200 5672
89.8.1.170 - - [03/Nov/2024:01:12:55 +0100] "GET /ticket2/opencms/system/modules/com.gridnine.opencms.ticketbrokerage.site/resources/js/standard.js HTTP/1.1" 200 3978
89.8.1.170 - - [03/Nov/2024:01:12:55 +0100] "GET /ticket2/opencms/system/modules/com.gridnine.opencms.ticketbrokerage.site/resources/js/jquery.placeholder.min.js HTTP/1.1" 200 1737
89.8.1.170 - - [03/Nov/2024:01:12:55 +0100] "GET /ticket2/opencms/system/modules/com.gridnine.opencms.ticketbrokerage.site/resources/js/common-ajax.js HTTP/1.1" 200 20175
89.8.1.170 - - [03/Nov/2024:01:12:55 +0100] "GET /ticket2/opencms/system/modules/com.gridnine.opencms.ticketbrokerage.site/resources/pics/logo-new.png HTTP/1.1" 200 13541
89.8.1.170 - - [03/Nov/2024:01:12:55 +0100] "GET /ticket2/opencms/img/insta.png HTTP/1.1" 200 3967
89.8.1.170 - - [03/Nov/2024:01:12:55 +0100] "GET /ticket2/opencms/venue/anfield.png HTTP/1.1" 200 21218
89.8.1.170 - - [03/Nov/2024:01:12:55 +0100] "GET /ticket2/opencms/system/modules/com.gridnine.opencms.ticketbrokerage.site/resources/pics/0.gif HTTP/1.1" 200 43
89.8.1.170 - - [03/Nov/2024:01:12:55 +0100] "GET /ticket2/opencms/img/fb.png HTTP/1.1" 200 1269
89.8.1.170 - - [03/Nov/2024:01:12:55 +0100] "GET /ticket2/opencms/img/icons/ticket2.thumbnail.png HTTP/1.1" 200 21519
89.8.1.170 - - [03/Nov/2024:01:12:55 +0100] "GET /ticket2/opencms/system/modules/com.gridnine.opencms.ticketbrokerage.site/resources/pics/two_man.png HTTP/1.1" 200 3407
89.8.1.170 - - [03/Nov/2024:01:12:55 +0100] "GET /ticket2/opencms/system/modules/com.gridnine.opencms.ticketbrokerage.site/resources/pics/ticket_info_button.png HTTP/1.1" 200 3820
89.8.1.170 - - [03/Nov/2024:01:12:55 +0100] "GET /ticket2/opencms/img/icons/globe-white.png HTTP/1.1" 200 947
89.8.1.170 - - [03/Nov/2024:01:12:55 +0100] "GET /ticket2/opencms/system/modules/com.gridnine.opencms.ticketbrokerage.site/resources/pics/footer-img.jpg HTTP/1.1" 200 67642
89.8.1.170 - - [03/Nov/2024:01:12:55 +0100] "GET /ticket2/opencms/no/ask-form.html HTTP/1.1" 200 2919
89.8.1.170 - - [03/Nov/2024:01:12:56 +0100] "GET /ticket2/opencms/img/check.png HTTP/1.1" 200 548
89.8.1.170 - - [03/Nov/2024:01:12:56 +0100] "GET /ticket2/opencms/img/icons/en.png HTTP/1.1" 200 2415
89.8.1.170 - - [03/Nov/2024:01:12:56 +0100] "GET /ticket2/opencms/img/icons/se.png HTTP/1.1" 200 1258
89.8.1.170 - - [03/Nov/2024:01:12:56 +0100] "GET /ticket2/opencms/img/mail.png HTTP/1.1" 200 403
89.8.1.170 - - [03/Nov/2024:01:12:56 +0100] "GET /ticket2/opencms/img/chat.png HTTP/1.1" 200 416
89.8.1.170 - - [03/Nov/2024:01:12:56 +0100] "GET /ticket2/opencms/img/arrow.png HTTP/1.1" 200 753
89.8.1.170 - - [03/Nov/2024:01:12:56 +0100] "GET /ticket2/opencms/img/icons/fi.png HTTP/1.1" 200 1785
89.8.1.170 - - [03/Nov/2024:01:12:56 +0100] "GET /ticket2/opencms/system/modules/com.gridnine.opencms.ticketbrokerage.site/resources/pics/arrow.gif HTTP/1.1" 200 344
89.8.1.170 - - [03/Nov/2024:01:12:56 +0100] "GET /ticket2/opencms/img/icons/dk.png HTTP/1.1" 200 1706
89.8.1.170 - - [03/Nov/2024:01:12:56 +0100] "GET /ticket2/opencms/system/modules/com.gridnine.opencms.ticketbrokerage.site/resources/pics/form_marker.gif HTTP/1.1" 200 43
89.8.1.170 - - [03/Nov/2024:01:12:56 +0100] "GET /ticket2/opencms/system/modules/com.gridnine.opencms.ticketbrokerage.site/resources/pics/button1_left.gif HTTP/1.1" 200 232
89.8.1.170 - - [03/Nov/2024:01:12:56 +0100] "GET /ticket2/opencms/system/modules/com.gridnine.opencms.ticketbrokerage.site/resources/pics/button1_center.gif HTTP/1.1" 200 66
89.8.1.170 - - [03/Nov/2024:01:12:56 +0100] "GET /ticket2/opencms/img/icons/nl.png HTTP/1.1" 200 1255
89.8.1.170 - - [03/Nov/2024:01:12:56 +0100] "GET /ticket2/opencms/system/modules/com.gridnine.opencms.ticketbrokerage.site/resources/pics/button1_right.gif HTTP/1.1" 200 232
89.8.1.170 - - [03/Nov/2024:01:12:56 +0100] "GET /ticket2/opencms/img/icons/de.png HTTP/1.1" 200 1124
89.8.1.170 - - [03/Nov/2024:01:12:56 +0100] "GET /ticket2/opencms/img/icons/fr.png HTTP/1.1" 200 1764
89.8.1.170 - - [03/Nov/2024:01:12:56 +0100] "GET /ticket2/opencms/img/icons/az.png HTTP/1.1" 200 1445
89.8.1.170 - - [03/Nov/2024:01:12:56 +0100] "GET /ticket2/opencms/img/icons/be.png HTTP/1.1" 200 1663
89.8.1.170 - - [03/Nov/2024:01:12:56 +0100] "GET /ticket2/opencms/img/icons/bg.png HTTP/1.1" 200 788
89.8.1.170 - - [03/Nov/2024:01:12:56 +0100] "GET /ticket2/opencms/img/icons/hr.png HTTP/1.1" 200 2024
89.8.1.170 - - [03/Nov/2024:01:12:56 +0100] "GET /ticket2/opencms/img/icons/cs.png HTTP/1.1" 200 1883
89.8.1.170 - - [03/Nov/2024:01:12:56 +0100] "GET /ticket2/opencms/img/icons/hy.png HTTP/1.1" 200 1170
89.8.1.170 - - [03/Nov/2024:01:12:56 +0100] "GET /ticket2/opencms/img/icons/pl.png HTTP/1.1" 200 1578
89.8.1.170 - - [03/Nov/2024:01:12:56 +0100] "GET /ticket2/opencms/img/icons/sq.png HTTP/1.1" 200 1619
89.8.1.170 - - [03/Nov/2024:01:12:56 +0100] "GET /ticket2/opencms/img/icons/it.png HTTP/1.1" 200 2040
89.8.1.170 - - [03/Nov/2024:01:12:56 +0100] "GET /ticket2/opencms/img/icons/es.png HTTP/1.1" 200 1005
89.8.1.170 - - [03/Nov/2024:01:12:56 +0100] "GET /ticket2/opencms/img/icons/et.png HTTP/1.1" 200 754
89.8.1.170 - - [03/Nov/2024:01:12:56 +0100] "GET /ticket2/opencms/img/icons/el.png HTTP/1.1" 200 1637
89.8.1.170 - - [03/Nov/2024:01:12:56 +0100] "GET /ticket2/opencms/img/icons/bs.png HTTP/1.1" 200 1014
89.8.1.170 - - [03/Nov/2024:01:12:56 +0100] "GET /ticket2/opencms/img/icons/ka.png HTTP/1.1" 200 860
89.8.1.170 - - [03/Nov/2024:01:12:56 +0100] "GET /ticket2/opencms/img/icons/hu.png HTTP/1.1" 200 733
89.8.1.170 - - [03/Nov/2024:01:12:56 +0100] "GET /ticket2/opencms/img/icons/is.png HTTP/1.1" 200 1884
89.8.1.170 - - [03/Nov/2024:01:12:56 +0100] "GET /ticket2/opencms/img/icons/ga.png HTTP/1.1" 200 1759
89.8.1.170 - - [03/Nov/2024:01:12:56 +0100] "GET /ticket2/opencms/img/icons/lv.png HTTP/1.1" 200 716
89.8.1.170 - - [03/Nov/2024:01:12:56 +0100] "GET /ticket2/opencms/img/icons/lt.png HTTP/1.1" 200 733
89.8.1.170 - - [03/Nov/2024:01:12:56 +0100] "GET /ticket2/opencms/img/icons/mk.png HTTP/1.1" 200 1405
89.8.1.170 - - [03/Nov/2024:01:12:56 +0100] "GET /ticket2/opencms/img/icons/mt.png HTTP/1.1" 200 920
89.8.1.170 - - [03/Nov/2024:01:12:56 +0100] "GET /ticket2/opencms/img/icons/mo.png HTTP/1.1" 200 1468
89.8.1.170 - - [03/Nov/2024:01:12:56 +0100] "GET /ticket2/opencms/img/icons/ro.png HTTP/1.1" 200 1393
89.8.1.170 - - [03/Nov/2024:01:12:56 +0100] "GET /ticket2/opencms/img/icons/sr.png HTTP/1.1" 200 1602
89.8.1.170 - - [03/Nov/2024:01:12:56 +0100] "GET /ticket2/opencms/img/icons/sk.png HTTP/1.1" 200 1283
89.8.1.170 - - [03/Nov/2024:01:12:57 +0100] "GET /ticket2/opencms/img/icons/sl.png HTTP/1.1" 200 966
89.8.1.170 - - [03/Nov/2024:01:12:57 +0100] "GET /ticket2/opencms/img/icons/uk.png HTTP/1.1" 200 1272
89.8.1.170 - - [03/Nov/2024:01:12:57 +0100] "GET /ticket2/opencms/img/arrow-down.png HTTP/1.1" 200 192
89.8.1.170 - - [03/Nov/2024:01:12:57 +0100] "GET /ticket2/opencms/img/icons/tr.png HTTP/1.1" 200 1636
89.8.1.170 - - [03/Nov/2024:01:12:58 +0100] "GET /ticket2/opencms/system/modules/com.gridnine.opencms.ticketbrokerage.site/resources/css/images/ui-bg_flat_75_ffffff_40x100.png HTTP/1.1" 404 -
85.208.96.195 - - [03/Nov/2024:01:12:59 +0100] "GET /ticket2/opencms/sv/terms_of_service/ HTTP/1.1" 200 89669
66.249.73.39 - - [03/Nov/2024:01:13:02 +0100] "GET /ticket2/opencms/de/buy?page=1&edid=718A7A5B-0864-7BB0-17EA-7D1DFF1DCA73 HTTP/1.1" 200 101441
38.242.199.215 - - [03/Nov/2024:01:13:06 +0100] "GET /ticket2/opencms/dk/dk/buy/?page=1&edid=00E46ACE-4E1A-25FB-61C9-5EB2142305DE HTTP/1.1" 404 -
216.244.66.238 - - [03/Nov/2024:01:13:09 +0100] "GET /ticket2/opencms/fr/buy?page=1&edid=6475D7A3-1C6F-1847-BA55-C681B76735B1 HTTP/1.1" 200 102343
157.55.39.193 - - [03/Nov/2024:01:13:13 +0100] "GET /ticket2/opencms/system/modules/com.gridnine.opencms.ticketbrokerage.site/resources/js/stickyfill.min.js HTTP/1.1" 200 5672
85.208.96.211 - - [03/Nov/2024:01:13:13 +0100] "GET /ticket2/opencms/sv/sport/fotbollsbiljetter/la_liga/sporting-gijon/ HTTP/1.1" 200 79344
157.55.39.193 - - [03/Nov/2024:01:13:13 +0100] "GET /ticket2/opencms/system/modules/com.gridnine.opencms.ticketbrokerage.site/resources/js/jquery.placeholder.min.js HTTP/1.1" 200 1737
40.77.167.78 - - [03/Nov/2024:01:13:14 +0100] "GET /ticket2/opencms/en/buy/?comcatid=A17713B6-D984-201A-4143-ED4DB5ED5C2E&catid=7EF04817-972D-18B1-F941-DE800D088075 HTTP/1.1" 200 102144
176.53.221.220 - - [03/Nov/2024:01:13:17 +0100] "GET /ticket2/opencms/ HTTP/1.1" 302 -
176.53.221.220 - - [03/Nov/2024:01:13:17 +0100] "GET /ticket2/opencms/en/ HTTP/1.1" 200 95593
89.104.100.17 - - [03/Nov/2024:01:13:18 +0100] "GET /ticket2/opencms/favicon.ico HTTP/1.1" 200 15406
157.90.209.79 - - [03/Nov/2024:01:13:18 +0100] "GET /ticket2/opencms/fi/buy?page=1&edid=F096D1AD-EE12-C298-2137-D6BD382A6C8C HTTP/1.1" 200 125942
176.53.221.220 - - [03/Nov/2024:01:13:20 +0100] "GET /ticket2/opencms/favicon.ico HTTP/1.1" 200 15406
38.242.199.215 - - [03/Nov/2024:01:13:21 +0100] "GET /ticket2/opencms/dk/dk/buy/?page=1&edid=0318FBA9-8FFF-BC30-E67D-5568E5F27D3B HTTP/1.1" 404 -
40.77.167.23 - - [03/Nov/2024:01:13:27 +0100] "GET /ticket2/opencms/lv/selling_tickets/ HTTP/1.1" 500 -
47.128.32.187 - - [03/Nov/2024:01:13:28 +0100] "GET /ticket2/opencms/pl/buy/?catid=42C82D82-D02A-8562-E55C-48ADB3771882&comcatid=A17713B6-D984-201A-4143-ED4DB5ED5C2E HTTP/1.1" 200 93825
207.46.13.102 - - [03/Nov/2024:01:13:36 +0100] "GET /ticket2/opencms/en/buy?page=1&edid=74C29C5B-46DF-891E-5C06-A915B73BA418 HTTP/1.1" 200 99564
38.242.199.215 - - [03/Nov/2024:01:13:39 +0100] "GET /ticket2/opencms/dk/dk/buy/?page=1&edid=0318FBA9-8FFF-BC30-E67D-5568E5F27D3B&sortorder=desc&column=price HTTP/1.1" 404 -
185.191.171.7 - - [03/Nov/2024:01:13:42 +0100] "GET /ticket2/opencms/sv/sport/fotbollsbiljetter/bundesliga/rb_leipzig/ HTTP/1.1" 200 93157
85.208.96.211 - - [03/Nov/2024:01:13:43 +0100] "GET /ticket2/opencms/fi/urheilu/jalkapallo/bundesliga/ HTTP/1.1" 200 90181
52.167.144.142 - - [03/Nov/2024:01:13:45 +0100] "GET /ticket2/opencms/mk/buy?comcatid=66708183-7480-3365-06BF-DBF60280AB45&catid=8C381435-A1E8-94AF-2C58-D133FCA44A31 HTTP/1.1" 404 -
157.90.209.79 - - [03/Nov/2024:01:13:45 +0100] "GET /ticket2/opencms/fi/buy?page=1&edid=F70FF3E6-2D68-06C1-2E1B-CFF8AEEA395A HTTP/1.1" 200 114022
52.167.144.172 - - [03/Nov/2024:01:13:55 +0100] "GET /ticket2/opencms/fi/urheilu/ HTTP/1.1" 200 83363
38.242.199.215 - - [03/Nov/2024:01:13:55 +0100] "GET /ticket2/opencms/dk/dk/buy/?page=1&edid=0341AF20-4F3F-63CA-C1A9-8C1AA13C52B1&sortorder=desc&column=price HTTP/1.1" 404 -
114.119.151.50 - - [03/Nov/2024:01:13:58 +0100] "GET /ticket2/opencms/en/buy?page=1&edid=B773BF6A-1506-68A0-A598-FD81665D5B1D HTTP/1.1" 200 99769
38.242.199.215 - - [03/Nov/2024:01:14:09 +0100] "GET /ticket2/opencms/dk/dk/buy/?page=1&edid=04C34E9D-F256-F650-C2D1-441B5166F4D0&sortorder=asc&column=price HTTP/1.1" 404 -
47.128.58.9 - - [03/Nov/2024:01:14:09 +0100] "GET /ticket2/opencms/en/buy/?edid=F2CDADC4-EF6C-C259-F9D1-EA671C511115 HTTP/1.1" 200 79757
185.191.171.3 - - [03/Nov/2024:01:14:12 +0100] "GET /ticket2/opencms/lv/ HTTP/1.1" 200 97074
157.90.209.79 - - [03/Nov/2024:01:14:12 +0100] "GET /ticket2/opencms/fi/buy?page=1&edid=F75A8704-39CC-1233-9E9B-2121B4DFC51E HTTP/1.1" 200 127859
52.167.144.142 - - [03/Nov/2024:01:14:15 +0100] "GET /ticket2/opencms/ru/buy/?page=1&edid=C8F9C93A-AB7D-8220-8C68-4335B633FCE4 HTTP/1.1" 200 101994
47.128.53.6 - - [03/Nov/2024:01:14:20 +0100] "GET /ticket2/opencms/fr/magazine/article?title=brighton-and-hove-albion HTTP/1.1" 200 80920
185.191.171.4 - - [03/Nov/2024:01:14:21 +0100] "GET /ticket2/opencms/robots.txt HTTP/1.1" 200 773
38.242.199.215 - - [03/Nov/2024:01:14:22 +0100] "GET /ticket2/opencms/dk/dk/buy/?page=1&edid=070471A5-1E92-12B9-6E14-6731F3C1EE15&sortorder=asc&column=price HTTP/1.1" 404 -
185.191.171.14 - - [03/Nov/2024:01:14:23 +0100] "GET /ticket2/opencms/fi/urheilu/jalkapallo/la-liga/osasuna/ HTTP/1.1" 200 92875
51.222.253.10 - - [03/Nov/2024:01:14:30 +0100] "GET /ticket2/opencms/en/buy?page=1&edid=2197E523-8740-2A01-BD5D-12E3C3F2DBFE HTTP/1.1" 200 134504
38.242.199.215 - - [03/Nov/2024:01:14:35 +0100] "GET /ticket2/opencms/dk/dk/buy/?page=1&edid=07335531-3B1A-2C29-2B43-B2D35810611E&sortorder=asc&column=row HTTP/1.1" 404 -
157.90.209.79 - - [03/Nov/2024:01:14:38 +0100] "GET /ticket2/opencms/fi/buy?page=1&edid=F86B9858-FECA-8B69-0345-5BABEB4E1340 HTTP/1.1" 200 100964
66.249.73.37 - - [03/Nov/2024:01:14:41 +0100] "GET /ticket2/opencms/de/buy?page=1&edid=03BA102A-E427-5E85-57CB-87649D81FA9D HTTP/1.1" 200 101993
38.242.199.215 - - [03/Nov/2024:01:14:47 +0100] "GET /ticket2/opencms/dk/dk/buy/?page=1&edid=075E9D69-E3B7-A8A2-8C46-F8FA3B9B7184&sortorder=asc&column=price HTTP/1.1" 404 -
47.128.48.53 - - [03/Nov/2024:01:14:52 +0100] "GET /ticket2/opencms/sr/buy/?edid=1BEE5A38-DD94-3509-3225-C4A2986A386D HTTP/1.1" 200 81862
38.242.199.215 - - [03/Nov/2024:01:15:00 +0100] "GET /ticket2/opencms/dk/dk/buy/?page=1&edid=075E9D69-E3B7-A8A2-8C46-F8FA3B9B7184&sortorder=asc&column=row HTTP/1.1" 404 -
157.90.209.79 - - [03/Nov/2024:01:15:05 +0100] "GET /ticket2/opencms/fi/buy?page=1&edid=F8A721FB-6959-3E3B-0E9C-2BF5336E70F2 HTTP/1.1" 200 126302
69.171.249.14 - - [03/Nov/2024:01:15:08 +0100] "GET /ticket2/opencms/ HTTP/1.1" 302 -
69.171.249.15 - - [03/Nov/2024:01:15:10 +0100] "GET /ticket2/opencms/en/ HTTP/1.1" 200 95593
69.171.249.6 - - [03/Nov/2024:01:15:11 +0100] "GET /ticket2/opencms/en HTTP/1.1" 200 95593
69.171.249.124 - - [03/Nov/2024:01:15:11 +0100] "GET /ticket2/opencms/ HTTP/1.1" 302 -
47.128.56.155 - - [03/Nov/2024:01:15:12 +0100] "GET /ticket2/opencms/et/buy/?catid=21C3854B-901E-11F9-7B7D-6838CC6AFAA4&comcatid=A17713B6-D984-201A-4143-ED4DB5ED5C2E HTTP/1.1" 200 189971
38.242.199.215 - - [03/Nov/2024:01:15:14 +0100] "GET /ticket2/opencms/dk/dk/buy/?page=1&edid=075E9D69-E3B7-A8A2-8C46-F8FA3B9B7184&sortorder=asc&column=section HTTP/1.1" 404 -
114.119.150.22 - - [03/Nov/2024:01:15:17 +0100] "GET /ticket2/opencms/en/venue/?countryid=55B682DB-9731-DD7B-33FA-C9B465971014 HTTP/1.1" 200 106389
38.242.199.215 - - [03/Nov/2024:01:15:25 +0100] "GET /ticket2/opencms/dk/dk/buy/?page=1&edid=078F26BB-44F6-F896-2C35-EEFD935AEC35&sortorder=asc&column=row HTTP/1.1" 404 -
180.102.110.169 - - [03/Nov/2024:01:15:29 +0100] "GET /ticket2/opencms/ HTTP/1.1" 302 -
180.102.110.169 - - [03/Nov/2024:01:15:30 +0100] "GET /ticket2/opencms/en/ HTTP/1.1" 200 95593
47.128.51.221 - - [03/Nov/2024:01:15:31 +0100] "GET /ticket2/opencms/hy/buy?page=11&venueid=3696F630-3175-B624-1F25-409A07AAD64C HTTP/1.1" 404 -
157.90.209.79 - - [03/Nov/2024:01:15:32 +0100] "GET /ticket2/opencms/fi/buy?page=1&edid=F93A2292-3F60-7656-2C0B-2AB157A0BB0B HTTP/1.1" 200 124708
38.242.199.215 - - [03/Nov/2024:01:15:38 +0100] "GET /ticket2/opencms/dk/dk/buy/?page=1&edid=07EA412C-3486-2D43-F1B9-FDEC67DDE38E&sortorder=asc&column=section HTTP/1.1" 404 -
66.249.73.99 - - [03/Nov/2024:01:15:44 +0100] "GET /ticket2/opencms/system/modules/com.gridnine.opencms.ticketbrokerage.site/resources/js/calendar-en.js HTTP/1.1" 200 3338
38.242.199.215 - - [03/Nov/2024:01:15:49 +0100] "GET /ticket2/opencms/dk/dk/buy/?page=1&edid=0BBD1918-205C-0140-CCFC-EC796EAE162A&sortorder=desc&column=section HTTP/1.1" 404 -
185.191.171.12 - - [03/Nov/2024:01:15:58 +0100] "GET /ticket2/opencms/sv/sport/fotbollsbiljetter/la_liga/girona/ HTTP/1.1" 200 84626
157.90.209.79 - - [03/Nov/2024:01:15:59 +0100] "GET /ticket2/opencms/fi/buy?page=1&edid=FA047031-F510-E911-0280-BC3ADCB159FC HTTP/1.1" 200 111241
47.128.125.199 - - [03/Nov/2024:01:16:03 +0100] "GET /ticket2/opencms/mt/buy/?catid=515A9A29-35A0-2DB8-262B-AEF122DB04F6&comcatid=A17713B6-D984-201A-4143-ED4DB5ED5C2E HTTP/1.1" 200 93842
185.191.171.16 - - [03/Nov/2024:01:16:04 +0100] "GET /ticket2/opencms/dk/login/?url=%25252Fdk%25252Fsell%25252F HTTP/1.1" 200 82400
38.242.199.215 - - [03/Nov/2024:01:16:05 +0100] "GET /ticket2/opencms/dk/dk/buy/?page=1&edid=0FCEF0E0-655C-B38A-C51A-DADF4FC08DE0&sortorder=asc&column=price HTTP/1.1" 404 -
114.119.130.23 - - [03/Nov/2024:01:16:15 +0100] "GET /ticket2/opencms/en/venue/?venueid=54DB6E7A-71B2-2EC1-0CC1-E45341E4F9EF HTTP/1.1" 200 77021
85.208.96.199 - - [03/Nov/2024:01:16:16 +0100] "GET /ticket2/opencms/fr/magazine/article?title=em-joueurs-qui-se-distinguent HTTP/1.1" 200 81176
38.242.199.215 - - [03/Nov/2024:01:16:16 +0100] "GET /ticket2/opencms/dk/dk/buy/?page=1&edid=0FCEF0E0-655C-B38A-C51A-DADF4FC08DE0&sortorder=asc&column=row HTTP/1.1" 404 -
157.90.209.79 - - [03/Nov/2024:01:16:25 +0100] "GET /ticket2/opencms/fi/buy?page=1&edid=FB201BEF-97AC-F5AA-1C79-FCD23FE64214 HTTP/1.1" 200 102469
157.55.39.15 - - [03/Nov/2024:01:16:27 +0100] "GET /ticket2/opencms/en/venue/ HTTP/1.1" 200 348558
38.242.199.215 - - [03/Nov/2024:01:16:27 +0100] "GET /ticket2/opencms/dk/dk/buy/?page=1&edid=0FCEF0E0-655C-B38A-C51A-DADF4FC08DE0&sortorder=asc&column=section HTTP/1.1" 404 -
85.208.96.201 - - [03/Nov/2024:01:16:36 +0100] "GET /ticket2/opencms/et/about/press/ HTTP/1.1" 200 80283
38.242.199.215 - - [03/Nov/2024:01:16:39 +0100] "GET /ticket2/opencms/dk/dk/buy/?page=1&edid=0FDA018D-B8AF-3F2B-04D5-9F590D681B22&sortorder=asc&column=price HTTP/1.1" 404 -
40.77.167.18 - - [03/Nov/2024:01:16:46 +0100] "GET /ticket2/opencms/fi/buy/?page=1&edid=17F4FAB1-2218-BA74-7D37-AA0EA115C361 HTTP/1.1" 200 102434
38.242.199.215 - - [03/Nov/2024:01:16:50 +0100] "GET /ticket2/opencms/dk/dk/buy/?page=1&edid=0FDA018D-B8AF-3F2B-04D5-9F590D681B22&sortorder=asc&column=row HTTP/1.1" 404 -
157.90.209.79 - - [03/Nov/2024:01:16:52 +0100] "GET /ticket2/opencms/fi/buy?page=1&edid=FC797166-D971-D25F-0FB0-A6DA82828914 HTTP/1.1" 200 114845
66.249.73.37 - - [03/Nov/2024:01:16:53 +0100] "GET /ticket2/opencms/de/buy?page=1&edid=8EE24D2F-4BF0-A103-6944-36103BCA6278 HTTP/1.1" 200 111975
47.128.59.161 - - [03/Nov/2024:01:16:54 +0100] "GET /ticket2/opencms/hr/buy?edid=B6792C71-3777-835A-6A12-E2C6ABE580AB HTTP/1.1" 200 81431
47.128.17.130 - - [03/Nov/2024:01:16:55 +0100] "GET /ticket2/opencms/sv/magazine/article?title=vinicius-jr HTTP/1.1" 200 80478
66.249.73.38 - - [03/Nov/2024:01:16:55 +0100] "GET /ticket2/opencms/dk/buy/?page=1&edid=26CFADD1-A0DC-1F95-EC1A-E3CF6C837B2E HTTP/1.1" 200 120652
38.242.199.215 - - [03/Nov/2024:01:17:03 +0100] "GET /ticket2/opencms/dk/dk/buy/?page=1&edid=0FDA018D-B8AF-3F2B-04D5-9F590D681B22&sortorder=asc&column=section HTTP/1.1" 404 -
185.191.171.10 - - [03/Nov/2024:01:17:05 +0100] "GET /ticket2/opencms/en/sport/ HTTP/1.1" 200 79710
85.208.96.202 - - [03/Nov/2024:01:17:10 +0100] "GET /ticket2/opencms/uk/login/?url=%25252Fuk%25252Fsell%25252F HTTP/1.1" 200 83847
47.128.47.212 - - [03/Nov/2024:01:17:11 +0100] "GET /ticket2/opencms/sr/buy/?edid=3D90558B-59E5-DB4E-10D0-F79B6C89B78E HTTP/1.1" 200 81862
185.191.171.14 - - [03/Nov/2024:01:17:13 +0100] "GET /ticket2/opencms/nl/sport/voetbal-tickets/english-championship/ HTTP/1.1" 200 87451
38.242.199.215 - - [03/Nov/2024:01:17:14 +0100] "GET /ticket2/opencms/dk/dk/buy/?page=1&edid=1010B797-FD07-A826-871C-B380D1F057A0&sortorder=desc&column=section HTTP/1.1" 404 -
47.128.96.144 - - [03/Nov/2024:01:17:17 +0100] "GET /ticket2/opencms/bg/buy/?catid=A7674DEA-B39E-502C-2F76-760AE08947E9&comcatid=A17713B6-D984-201A-4143-ED4DB5ED5C2E HTTP/1.1" 200 102834
66.249.74.5 - - [03/Nov/2024:01:17:18 +0100] "GET /ticket2/opencms/robots.txt HTTP/1.1" 200 773
157.90.209.79 - - [03/Nov/2024:01:17:19 +0100] "GET /ticket2/opencms/fi/buy?page=1&edid=FDE2CB1B-737B-857F-7431-BD450E7D3BBB HTTP/1.1" 200 125324
85.208.96.200 - - [03/Nov/2024:01:17:21 +0100] "GET /ticket2/opencms/robots.txt HTTP/1.1" 200 773
66.249.74.4 - - [03/Nov/2024:01:17:21 +0100] "GET /ticket2/opencms/fi/venue/?venueid=CEECF1E7-5F75-125A-BBD9-315FE319D489 HTTP/1.1" 200 78553
37.123.143.11 - - [03/Nov/2024:01:17:22 +0100] "GET /ticket2/opencms/system/workplace/views/top_foot.jsp?wpFrame=foot HTTP/1.1" 200 1210
37.123.143.11 - - [03/Nov/2024:01:17:22 +0100] "GET /ticket2/opencms/system/workplace/commons/style/workplace.css HTTP/1.1" 200 14209
185.191.171.3 - - [03/Nov/2024:01:17:23 +0100] "GET /ticket2/opencms/sv/ HTTP/1.1" 200 96367
38.242.199.215 - - [03/Nov/2024:01:17:29 +0100] "GET /ticket2/opencms/dk/dk/buy/?page=1&edid=10CEF099-02C7-E20B-5B86-024400E771C3&sortorder=asc&column=price HTTP/1.1" 404 -
216.244.66.238 - - [03/Nov/2024:01:17:32 +0100] "GET /ticket2/opencms/cs/sport/fotbalove-listky/la-liga/rayo_vallecano HTTP/1.1" 200 97912
185.191.171.13 - - [03/Nov/2024:01:17:37 +0100] "GET /ticket2/opencms/sv/sport/fotbollsbiljetter/serie_a/juventus/ HTTP/1.1" 200 87083
40.77.167.30 - - [03/Nov/2024:01:17:39 +0100] "GET /ticket2/opencms/system/modules/com.gridnine.opencms.ticketbrokerage.site/resources/js/jquery/jquery.js HTTP/1.1" 200 93868
47.128.30.85 - - [03/Nov/2024:01:17:41 +0100] "GET /ticket2/opencms/fi/venue/?venueid=91CC5869-2AA5-E430-A488-769315842D86 HTTP/1.1" 200 78554
157.90.209.79 - - [03/Nov/2024:01:17:45 +0100] "GET /ticket2/opencms/fi/buy?page=1&edid=FEE25E36-04D3-46C8-6D56-05013D91539C HTTP/1.1" 200 98663
47.128.98.80 - - [03/Nov/2024:01:17:48 +0100] "GET /ticket2/opencms/ro/buy?page=1&edid=5E608C7A-903B-E4BB-4868-5D83917347B8 HTTP/1.1" 200 134563
47.128.98.80 - - [03/Nov/2024:01:17:49 +0100] "GET /ticket2/opencms/es/ask-form.html HTTP/1.1" 200 3156
38.242.199.215 - - [03/Nov/2024:01:17:52 +0100] "GET /ticket2/opencms/dk/dk/buy/?page=1&edid=1641B98B-A297-1D9C-65B8-EC5F1450DCFE HTTP/1.1" 404 -
17.241.227.216 - - [03/Nov/2024:01:17:52 +0100] "GET /ticket2/opencms/en/buy/?page=1&edid=26FF4CAE-0AB1-26F3-524A-CA6FA2A5B775&sortorder=asc&column=row HTTP/1.1" 200 100746
216.244.66.238 - - [03/Nov/2024:01:18:01 +0100] "GET /ticket2/opencms/sl/buy?page=1&edid=696D5B95-E686-DB57-A55C-2EEBDCC864DE HTTP/1.1" 200 101580
185.191.171.11 - - [03/Nov/2024:01:18:04 +0100] "GET /ticket2/opencms/nl/ HTTP/1.1" 200 94965
47.128.113.124 - - [03/Nov/2024:01:18:05 +0100] "GET /ticket2/opencms/fi/venue/?venueid=0A5827CF-E7EA-E40C-108E-9376F19C9B55 HTTP/1.1" 200 78618
207.46.13.83 - - [03/Nov/2024:01:18:08 +0100] "GET /ticket2/opencms/system/modules/com.gridnine.opencms.ticketbrokerage.site/resources/js/functions.js HTTP/1.1" 200 1583
47.128.113.124 - - [03/Nov/2024:01:18:08 +0100] "GET /ticket2/opencms/system/galleries/pics/ullgot.png HTTP/1.1" 200 191471
38.242.199.215 - - [03/Nov/2024:01:18:10 +0100] "GET /ticket2/opencms/dk/dk/buy/?page=1&edid=17644B1D-96B7-5921-016D-CFFC93315595&sortorder=desc&column=price HTTP/1.1" 404 -
157.90.209.79 - - [03/Nov/2024:01:18:11 +0100] "GET /ticket2/opencms/fi/buy?page=1&edid=FF0B58BB-4754-B119-52E9-C2F4B119009E HTTP/1.1" 200 101924
47.128.38.216 - - [03/Nov/2024:01:18:18 +0100] "GET /ticket2/opencms/de/magazine/article?title=emirates-stadion HTTP/1.1" 200 83964
185.191.171.13 - - [03/Nov/2024:01:18:21 +0100] "GET /ticket2/opencms/no/sport/fotballsbilletter/la_liga/mallorca/ HTTP/1.1" 200 93367
85.208.96.196 - - [03/Nov/2024:01:18:25 +0100] "GET /ticket2/opencms/ro/about/press/ HTTP/1.1" 200 80391
185.191.171.14 - - [03/Nov/2024:01:18:26 +0100] "GET /ticket2/opencms/sv/sport/fotbollsbiljetter/uefa-champions-league/ajax/ HTTP/1.1" 200 79754
47.128.20.19 - - [03/Nov/2024:01:18:29 +0100] "GET /ticket2/opencms/fi/venue/?venueid=22D725DE-51C6-0A7B-C9AD-59BC777D6F28 HTTP/1.1" 200 78559
47.128.38.216 - - [03/Nov/2024:01:18:31 +0100] "GET /ticket2/opencms/img/shutterstock_1793283961.jpg HTTP/1.1" 200 47721623
18.220.119.88 - - [03/Nov/2024:01:18:35 +0100] "GET /login HTTP/1.1" 404 -
38.242.199.215 - - [03/Nov/2024:01:18:36 +0100] "GET /ticket2/opencms/dk/dk/buy/?page=1&edid=1AC93B4F-A32B-A321-D128-F705A9908B4F HTTP/1.1" 404 -
157.90.209.79 - - [03/Nov/2024:01:18:38 +0100] "GET /ticket2/opencms/fi/buy?page=1&edid=FF312D4E-5B6B-8FA5-BA69-635DC61A8F79 HTTP/1.1" 200 124706
47.128.51.69 - - [03/Nov/2024:01:18:38 +0100] "GET /ticket2/opencms/sv/sport/fotbollsbiljetter/premier_league/luton/ HTTP/1.1" 200 80218
66.249.73.37 - - [03/Nov/2024:01:18:40 +0100] "GET /ticket2/opencms/de/buy?page=1&edid=E9A36455-AEA7-B86C-20AA-DBAA963F875E HTTP/1.1" 200 101454
38.242.199.215 - - [03/Nov/2024:01:18:51 +0100] "GET /ticket2/opencms/dk/dk/buy/?page=1&edid=1AC93B4F-A32B-A321-D128-F705A9908B4F&sortorder=desc&column=section HTTP/1.1" 404 -
47.128.121.39 - - [03/Nov/2024:01:18:53 +0100] "GET /ticket2/opencms/fi/venue/?venueid=4C06C577-F477-221D-FB2B-584531FBAF49 HTTP/1.1" 200 78539
159.138.111.237 - - [03/Nov/2024:01:18:59 +0100] "GET /ticket2/opencms/be/sport/futbol-kvitki/serie-a/salernitana HTTP/1.1" 200 89141
