89.58.38.9 - - [03/Nov/2024:02:18:45 +0100] "GET /ticket2/opencms/et/buy/?page=1&edid=27317885-98E3-8F4E-1524-D258BC93981D HTTP/1.1" 200 98521
89.58.38.9 - - [03/Nov/2024:02:18:48 +0100] "GET /ticket2/opencms/et/buy/?page=1&edid=273354A2-650C-3851-1A58-3030AE27555E HTTP/1.1" 200 98536
47.128.58.152 - - [03/Nov/2024:02:18:49 +0100] "GET /ticket2/opencms/pl/buy/?catid=6BD6E0B0-84AF-3A0D-3851-C1357CE9B771&comcatid=A17713B6-D984-201A-4143-ED4DB5ED5C2E HTTP/1.1" 200 93810
157.55.39.55 - - [03/Nov/2024:02:18:49 +0100] "GET /ticket2/opencms/is/buy?page=1&edid=D11D82D4-28DA-1768-D317-EF521A2F97E6 HTTP/1.1" 200 131036
89.58.38.9 - - [03/Nov/2024:02:18:51 +0100] "GET /ticket2/opencms/et/buy/?page=1&edid=27BD86C3-7872-0F2C-F4EA-C29B4E4DC0EF HTTP/1.1" 200 110791
89.58.38.9 - - [03/Nov/2024:02:18:55 +0100] "GET /ticket2/opencms/et/buy/?page=1&edid=28316DAE-CC28-C8B1-804B-7C9DA717030D HTTP/1.1" 200 98545
66.249.73.235 - - [03/Nov/2024:02:18:55 +0100] "GET /ticket2/opencms/fi/buy/?page=1&edid=7C16C78F-F9EE-B2A9-0C9E-990B916B48DD HTTP/1.1" 200 126379
66.249.73.233 - - [03/Nov/2024:02:18:57 +0100] "GET /ticket2/opencms/system/modules/com.gridnine.opencms.ticketbrokerage.site/resources/js/calendar-setup.js HTTP/1.1" 200 4923
89.58.38.9 - - [03/Nov/2024:02:18:58 +0100] "GET /ticket2/opencms/et/buy/?page=1&edid=285C029F-0136-4458-3DAC-D4899E4F1B96 HTTP/1.1" 200 98517
114.119.139.202 - - [03/Nov/2024:02:19:01 +0100] "GET /ticket2/opencms/en/venue/?venueid=86DEA7DE-EC8B-6F7F-4E07-89780910ACCD HTTP/1.1" 200 77009
89.58.38.9 - - [03/Nov/2024:02:19:01 +0100] "GET /ticket2/opencms/et/buy/?page=1&edid=28603009-1BBB-6024-D289-76A34CC16DB3 HTTP/1.1" 200 101803
216.244.66.238 - - [03/Nov/2024:02:19:03 +0100] "GET /ticket2/opencms/cs/sport/fotbalove-listky/la-liga/sevilla/ HTTP/1.1" 200 96525
89.58.38.9 - - [03/Nov/2024:02:19:05 +0100] "GET /ticket2/opencms/et/buy/?page=1&edid=2873D448-9456-C769-305A-D313D730E942 HTTP/1.1" 200 121906
37.123.143.11 - - [03/Nov/2024:02:19:07 +0100] "POST /ticket2/opencms/system/workplace/editors/xmlcontent/editor_form.jsp HTTP/1.1" 200 928
37.123.143.11 - - [03/Nov/2024:02:19:07 +0100] "GET /ticket2/opencms/system/workplace/views/top_js.jsp HTTP/1.1" 200 7389
37.123.143.11 - - [03/Nov/2024:02:19:07 +0100] "GET /ticket2/opencms/system/workplace/views/top_head.jsp?wpFrame=head HTTP/1.1" 200 8556
37.123.143.11 - - [03/Nov/2024:02:19:07 +0100] "GET /ticket2/opencms/system/workplace/views/explorer/explorer_fs.jsp?wpFrame=body HTTP/1.1" 200 448
37.123.143.11 - - [03/Nov/2024:02:19:07 +0100] "GET /ticket2/opencms/system/workplace/views/top_foot.jsp?wpFrame=foot HTTP/1.1" 200 1210
37.123.143.11 - - [03/Nov/2024:02:19:07 +0100] "GET /ticket2/opencms/system/workplace/commons/style/workplace.css HTTP/1.1" 200 14209
37.123.143.11 - - [03/Nov/2024:02:19:07 +0100] "GET /ticket2/opencms/system/workplace/views/explorer/explorer_body_fs.jsp HTTP/1.1" 200 400
37.123.143.11 - - [03/Nov/2024:02:19:07 +0100] "GET /ticket2/opencms/system/workplace/commons/style/workplace.css HTTP/1.1" 200 14209
37.123.143.11 - - [03/Nov/2024:02:19:07 +0100] "GET /ticket2/opencms/system/workplace/views/explorer/tree_fs.jsp HTTP/1.1" 200 3861
37.123.143.11 - - [03/Nov/2024:02:19:07 +0100] "GET /ticket2/opencms/system/workplace/views/explorer/explorer_files.jsp?mode=explorerview HTTP/1.1" 200 1775
37.123.143.11 - - [03/Nov/2024:02:19:07 +0100] "GET /ticket2/opencms/system/workplace/views/explorer/tree_files.jsp?resource=/ HTTP/1.1" 200 3539
37.123.143.11 - - [03/Nov/2024:02:19:07 +0100] "GET /ticket2/opencms/system/workplace/commons/style/workplace.css HTTP/1.1" 200 14209
89.58.38.9 - - [03/Nov/2024:02:19:08 +0100] "GET /ticket2/opencms/et/buy/?page=1&edid=2887ECB1-AF21-0A67-0C3C-54D013C4C3B1 HTTP/1.1" 200 98532
37.123.143.11 - - [03/Nov/2024:02:19:10 +0100] "POST /ticket2/opencms/system/workplace/views/explorer/contextmenu.jsp HTTP/1.1" 200 4719
37.123.143.11 - - [03/Nov/2024:02:19:11 +0100] "POST /ticket2/opencms/system/workplace/commons/publishresource.jsp HTTP/1.1" 200 11648
37.123.143.11 - - [03/Nov/2024:02:19:11 +0100] "GET /ticket2/opencms/system/workplace/commons/style/workplace.css HTTP/1.1" 200 14209
37.123.143.11 - - [03/Nov/2024:02:19:11 +0100] "POST /ticket2/opencms/system/workplace/commons/report-progress.jsp HTTP/1.1" 200 5185
216.244.66.238 - - [03/Nov/2024:02:19:11 +0100] "GET /ticket2/opencms/dk/sv/buy/?page=1&edid=6479D966-2793-7C7E-D24A-D27EA93264A1 HTTP/1.1" 404 -
47.128.29.92 - - [03/Nov/2024:02:19:11 +0100] "GET /ticket2/opencms/cs/buy?edid=DB05D697-A814-B351-28F8-D12625A8BB5E HTTP/1.1" 200 81473
89.58.38.9 - - [03/Nov/2024:02:19:12 +0100] "GET /ticket2/opencms/et/buy/?page=1&edid=28EE235F-C841-C2B4-6721-3F0BBE0DFB17 HTTP/1.1" 200 121920
205.210.31.184 - - [03/Nov/2024:02:19:12 +0100] "GET /ticket2/opencms/de/ HTTP/1.1" 200 96639
37.123.143.11 - - [03/Nov/2024:02:19:13 +0100] "POST /ticket2/opencms/system/workplace/commons/publishresource.jsp HTTP/1.1" 200 1763
37.123.143.11 - - [03/Nov/2024:02:19:13 +0100] "GET /ticket2/opencms/system/workplace/commons/style/workplace.css HTTP/1.1" 200 14209
37.123.143.11 - - [03/Nov/2024:02:19:15 +0100] "POST /ticket2/opencms/system/workplace/views/explorer/contextmenu.jsp HTTP/1.1" 200 4720
89.58.38.9 - - [03/Nov/2024:02:19:16 +0100] "GET /ticket2/opencms/et/buy/?page=1&edid=294968E7-670E-500D-EF6F-F776CC397F5A HTTP/1.1" 200 111127
216.244.66.238 - - [03/Nov/2024:02:19:17 +0100] "GET /ticket2/opencms/se/ticket2/sites/ticketbrokerage/sv/tickets/blackburn_rovers/ HTTP/1.1" 404 -
89.58.38.9 - - [03/Nov/2024:02:19:20 +0100] "GET /ticket2/opencms/et/buy/?page=1&edid=299450E2-FDAD-4E2B-0058-6290A7A2B57D HTTP/1.1" 200 136259
89.58.38.9 - - [03/Nov/2024:02:19:23 +0100] "GET /ticket2/opencms/et/buy/?page=1&edid=2A37DE46-FFAE-D698-F339-A3B401DDEB66 HTTP/1.1" 200 98514
37.123.143.11 - - [03/Nov/2024:02:19:25 +0100] "POST /ticket2/opencms/system/workplace/views/explorer/contextmenu.jsp HTTP/1.1" 200 4720
207.46.13.151 - - [03/Nov/2024:02:19:26 +0100] "GET /ticket2/opencms/fi/affiliateprogram.html HTTP/1.1" 200 82283
89.58.38.9 - - [03/Nov/2024:02:19:27 +0100] "GET /ticket2/opencms/et/buy/?page=1&edid=2A51ECF8-5DB5-F349-CC30-BF574AC78AE1 HTTP/1.1" 200 111135
207.46.13.111 - - [03/Nov/2024:02:19:27 +0100] "GET /ticket2/opencms/el/buy?page=1&edid=D96122AD-C3AA-80F5-DDA8-935E03AE952D HTTP/1.1" 200 128039
37.123.143.11 - - [03/Nov/2024:02:19:27 +0100] "POST /ticket2/opencms/system/workplace/editors/editor.jsp?editastext=true HTTP/1.1" 200 990
37.123.143.11 - - [03/Nov/2024:02:19:27 +0100] "GET /ticket2/opencms/system/workplace/editors/editor_main.jsp?resourcelist=&editastext=true&resource=%2Fsystem%2Fmodules%2Fcom.gridnine.opencms.ticketbrokerage.site%2Fresources%2Fxml%2Flinks%2Fbundesliga-links.xml HTTP/1.1" 200 114290
37.123.143.11 - - [03/Nov/2024:02:19:27 +0100] "GET /ticket2/opencms/system/workplace/views/top_foot.jsp HTTP/1.1" 200 1210
37.123.143.11 - - [03/Nov/2024:02:19:27 +0100] "GET /ticket2/opencms/system/workplace/commons/style/workplace.css HTTP/1.1" 200 14209
37.123.143.11 - - [03/Nov/2024:02:19:27 +0100] "GET /ticket2/opencms/system/workplace/commons/style/workplace.css HTTP/1.1" 200 14209
85.208.96.208 - - [03/Nov/2024:02:19:29 +0100] "GET /ticket2/opencms/bs/login/?url=%25252Fbs%25252Fsell%25252F HTTP/1.1" 200 83253
89.58.38.9 - - [03/Nov/2024:02:19:30 +0100] "GET /ticket2/opencms/et/buy/?page=1&edid=2ACCB388-CC5F-1368-2FF5-1F1630B8D295 HTTP/1.1" 200 108074
89.58.38.9 - - [03/Nov/2024:02:19:34 +0100] "GET /ticket2/opencms/et/buy/?page=1&edid=2B44308E-1778-CFAE-7385-18758823F6EB HTTP/1.1" 200 135064
89.58.38.9 - - [03/Nov/2024:02:19:37 +0100] "GET /ticket2/opencms/et/buy/?page=1&edid=2B4D80E3-665D-28EB-9306-0D3E928A752F HTTP/1.1" 200 98529
47.128.59.67 - - [03/Nov/2024:02:19:40 +0100] "GET /ticket2/opencms/et/buy/?edid=FF079107-CBD4-B70B-EC76-A896DEC733A2 HTTP/1.1" 200 81450
47.128.31.245 - - [03/Nov/2024:02:19:41 +0100] "GET /ticket2/opencms/ka/buy/?catid=2FC3D548-EAF9-1354-0CD2-7D7619DA2334&comcatid=A17713B6-D984-201A-4143-ED4DB5ED5C2E HTTP/1.1" 200 95252
89.58.38.9 - - [03/Nov/2024:02:19:41 +0100] "GET /ticket2/opencms/et/buy/?page=1&edid=2B9FDAA5-4F91-9556-CB1B-77F0011A2F02 HTTP/1.1" 200 126280
89.58.38.9 - - [03/Nov/2024:02:19:45 +0100] "GET /ticket2/opencms/et/buy/?page=1&edid=2C2E9185-38A8-EBBD-403B-609372D69EE0 HTTP/1.1" 200 124070
89.58.38.9 - - [03/Nov/2024:02:19:48 +0100] "GET /ticket2/opencms/et/buy/?page=1&edid=2C4B9446-424B-066B-918D-EBEB23C16CCA HTTP/1.1" 200 101771
89.58.38.9 - - [03/Nov/2024:02:19:52 +0100] "GET /ticket2/opencms/et/buy/?page=1&edid=2C538FDD-3C52-6C4F-20BD-65D603C9DD1A HTTP/1.1" 200 100937
89.58.38.9 - - [03/Nov/2024:02:19:55 +0100] "GET /ticket2/opencms/et/buy/?page=1&edid=2CEA0497-8D50-22F6-0E98-33BE3EC14F1E HTTP/1.1" 200 115795
89.58.38.9 - - [03/Nov/2024:02:19:58 +0100] "GET /ticket2/opencms/et/buy/?page=1&edid=2DF71579-8539-9953-A2E8-0E8B3100119A HTTP/1.1" 200 98529
89.58.38.9 - - [03/Nov/2024:02:20:02 +0100] "GET /ticket2/opencms/et/buy/?page=1&edid=2E10707D-C051-6138-1E62-3BA0A6C4D8EB HTTP/1.1" 200 124785
89.58.38.9 - - [03/Nov/2024:02:20:06 +0100] "GET /ticket2/opencms/et/buy/?page=1&edid=2E411FE0-1373-6C6F-7ECE-3BF98DA0CFAB HTTP/1.1" 200 104527
89.58.38.9 - - [03/Nov/2024:02:20:09 +0100] "GET /ticket2/opencms/et/buy/?page=1&edid=2E75356B-0466-ED51-C4D5-4A7F24AD43A4 HTTP/1.1" 200 100662
52.167.144.179 - - [03/Nov/2024:02:20:12 +0100] "GET /ticket2/opencms/cs/buy?page=1&edid=8EE24D2F-4BF0-A103-6944-36103BCA6278 HTTP/1.1" 200 112424
89.58.38.9 - - [03/Nov/2024:02:20:12 +0100] "GET /ticket2/opencms/et/buy/?page=1&edid=2E8924E6-28D0-1DDA-A1D1-EAAA09293C64 HTTP/1.1" 200 101591
157.90.209.79 - - [03/Nov/2024:02:20:12 +0100] "GET /ticket2/opencms/fr/buy/?page=1&edid=95423F1B-D1AB-68DD-A58C-5DE97CA2D553 HTTP/1.1" 200 124661
157.90.209.79 - - [03/Nov/2024:02:20:15 +0100] "GET /ticket2/opencms/fr/buy/?page=1&edid=99C77A16-8AF9-4675-97DE-42A41C4ECB4F HTTP/1.1" 200 130189
89.58.38.9 - - [03/Nov/2024:02:20:15 +0100] "GET /ticket2/opencms/et/buy/?page=1&edid=2E9700A3-1FCD-CE83-B786-B3F02A037955 HTTP/1.1" 200 98530
114.119.141.34 - - [03/Nov/2024:02:20:17 +0100] "GET /ticket2/opencms/en/buy?page=1&edid=FDD6B22A-B88B-C3F4-73B4-DA38D3F3C3E6 HTTP/1.1" 200 99564
157.90.209.79 - - [03/Nov/2024:02:20:18 +0100] "GET /ticket2/opencms/fr/buy/?page=1&edid=A2A4078E-C8E8-C113-199B-69C1FEB231B0 HTTP/1.1" 200 125853
89.58.38.9 - - [03/Nov/2024:02:20:19 +0100] "GET /ticket2/opencms/et/buy/?page=1&edid=2EB15005-07E4-0DB7-1EF8-52C1740D2595 HTTP/1.1" 200 108076
37.123.143.11 - - [03/Nov/2024:02:20:21 +0100] "POST /ticket2/opencms/system/workplace/editors/editor_main.jsp HTTP/1.1" 200 928
37.123.143.11 - - [03/Nov/2024:02:20:21 +0100] "GET /ticket2/opencms/system/workplace/views/top_js.jsp HTTP/1.1" 200 7389
37.123.143.11 - - [03/Nov/2024:02:20:22 +0100] "GET /ticket2/opencms/system/workplace/views/top_head.jsp?wpFrame=head HTTP/1.1" 200 8556
37.123.143.11 - - [03/Nov/2024:02:20:22 +0100] "GET /ticket2/opencms/system/workplace/views/explorer/explorer_fs.jsp?wpFrame=body HTTP/1.1" 200 448
37.123.143.11 - - [03/Nov/2024:02:20:22 +0100] "GET /ticket2/opencms/system/workplace/views/top_foot.jsp?wpFrame=foot HTTP/1.1" 200 1210
37.123.143.11 - - [03/Nov/2024:02:20:22 +0100] "GET /ticket2/opencms/system/workplace/commons/style/workplace.css HTTP/1.1" 200 14209
37.123.143.11 - - [03/Nov/2024:02:20:22 +0100] "GET /ticket2/opencms/system/workplace/views/explorer/explorer_body_fs.jsp HTTP/1.1" 200 400
37.123.143.11 - - [03/Nov/2024:02:20:22 +0100] "GET /ticket2/opencms/system/workplace/commons/style/workplace.css HTTP/1.1" 200 14209
37.123.143.11 - - [03/Nov/2024:02:20:22 +0100] "GET /ticket2/opencms/system/workplace/views/explorer/tree_fs.jsp HTTP/1.1" 200 3861
37.123.143.11 - - [03/Nov/2024:02:20:22 +0100] "GET /ticket2/opencms/system/workplace/views/explorer/explorer_files.jsp?mode=explorerview HTTP/1.1" 200 1775
37.123.143.11 - - [03/Nov/2024:02:20:22 +0100] "GET /ticket2/opencms/system/workplace/views/explorer/tree_files.jsp?resource=/ HTTP/1.1" 200 3539
37.123.143.11 - - [03/Nov/2024:02:20:22 +0100] "GET /ticket2/opencms/system/workplace/commons/style/workplace.css HTTP/1.1" 200 14209
89.58.38.9 - - [03/Nov/2024:02:20:22 +0100] "GET /ticket2/opencms/et/buy/?page=1&edid=2F89DE74-66D3-F2EE-BBA0-20A3C149309A HTTP/1.1" 200 121921
37.123.143.11 - - [03/Nov/2024:02:20:24 +0100] "POST /ticket2/opencms/system/workplace/views/explorer/contextmenu.jsp HTTP/1.1" 200 4719
37.123.143.11 - - [03/Nov/2024:02:20:25 +0100] "POST /ticket2/opencms/system/workplace/editors/editor.jsp HTTP/1.1" 200 974
37.123.143.11 - - [03/Nov/2024:02:20:26 +0100] "GET /ticket2/opencms/system/workplace/views/top_foot.jsp HTTP/1.1" 200 1210
37.123.143.11 - - [03/Nov/2024:02:20:26 +0100] "GET /ticket2/opencms/system/workplace/editors/editor_main.jsp?resource=%2Fsystem%2Fmodules%2Fcom.gridnine.opencms.ticketbrokerage.site%2Fresources%2Fxml%2Flinks%2Fbundesliga-links.xml&resourcelist= HTTP/1.1" 200 1098
37.123.143.11 - - [03/Nov/2024:02:20:26 +0100] "GET /ticket2/opencms/system/workplace/commons/style/workplace.css HTTP/1.1" 200 14209
37.123.143.11 - - [03/Nov/2024:02:20:26 +0100] "GET /ticket2/opencms/system/workplace/editors/xmlcontent/editor_buttons.jsp?action=show&resourcelist=&resource=%2Fsystem%2Fmodules%2Fcom.gridnine.opencms.ticketbrokerage.site%2Fresources%2Fxml%2Flinks%2Fbundesliga-links.xml HTTP/1.1" 200 5647
37.123.143.11 - - [03/Nov/2024:02:20:26 +0100] "GET /ticket2/opencms/system/workplace/resources/buttons/publish.png HTTP/1.1" 200 1034
37.123.143.11 - - [03/Nov/2024:02:20:26 +0100] "GET /ticket2/opencms/system/workplace/commons/style/workplace.css HTTP/1.1" 200 14209
37.123.143.11 - - [03/Nov/2024:02:20:26 +0100] "GET /ticket2/opencms/system/workplace/editors/xmlcontent/editor_form.jsp?resourcelist=&resource=%2Fsystem%2Fmodules%2Fcom.gridnine.opencms.ticketbrokerage.site%2Fresources%2Fxml%2Flinks%2Fbundesliga-links.xml HTTP/1.1" 200 25476
37.123.143.11 - - [03/Nov/2024:02:20:26 +0100] "GET /ticket2/opencms/system/workplace/commons/style/workplace.css HTTP/1.1" 200 14209
37.123.143.11 - - [03/Nov/2024:02:20:26 +0100] "GET /ticket2/opencms/system/workplace/editors/xmlcontent/editor_buttons.jsp?action=show&resourcelist=&resource=%2Fsystem%2Fmodules%2Fcom.gridnine.opencms.ticketbrokerage.site%2Fresources%2Fxml%2Flinks%2Fbundesliga-links.xml&elementlanguage=en HTTP/1.1" 200 5647
37.123.143.11 - - [03/Nov/2024:02:20:26 +0100] "GET /ticket2/opencms/system/workplace/resources/buttons/publish.png HTTP/1.1" 200 1034
37.123.143.11 - - [03/Nov/2024:02:20:26 +0100] "GET /ticket2/opencms/system/workplace/commons/style/workplace.css HTTP/1.1" 200 14209
89.58.38.9 - - [03/Nov/2024:02:20:26 +0100] "GET /ticket2/opencms/et/buy/?page=1&edid=2F8A1F6C-BB6B-28D1-66EB-00F711E0CBA3 HTTP/1.1" 200 106448
85.208.96.199 - - [03/Nov/2024:02:20:27 +0100] "GET /ticket2/opencms/ro/about/press/ HTTP/1.1" 200 80391
185.191.171.7 - - [03/Nov/2024:02:20:29 +0100] "GET /ticket2/opencms/robots.txt HTTP/1.1" 200 773
89.58.38.9 - - [03/Nov/2024:02:20:29 +0100] "GET /ticket2/opencms/et/buy/?page=1&edid=2F903B76-B444-9E06-66EB-768066A106B0 HTTP/1.1" 200 98530
185.191.171.5 - - [03/Nov/2024:02:20:30 +0100] "GET /ticket2/opencms/sv/sport/fotbollsbiljetter/premier_league/tottenham/ HTTP/1.1" 200 97501
47.128.38.84 - - [03/Nov/2024:02:20:32 +0100] "GET /ticket2/opencms/is/buy/?catid=4B941E1B-E4E2-C53E-C693-9FA91BBA9AD5&comcatid=A17713B6-D984-201A-4143-ED4DB5ED5C2E HTTP/1.1" 200 93824
89.58.38.9 - - [03/Nov/2024:02:20:33 +0100] "GET /ticket2/opencms/et/buy/?page=1&edid=2F959FEF-0277-463A-7AA1-8B479CA506D8 HTTP/1.1" 200 98517
47.128.36.194 - - [03/Nov/2024:02:20:34 +0100] "GET /ticket2/opencms/uk/buy?edid=E561DB0E-D1A5-DAD8-3EB4-1648A983060B HTTP/1.1" 200 82043
37.123.143.11 - - [03/Nov/2024:02:20:36 +0100] "POST /ticket2/opencms/system/workplace/editors/xmlcontent/editor_form.jsp HTTP/1.1" 200 25487
37.123.143.11 - - [03/Nov/2024:02:20:36 +0100] "GET /ticket2/opencms/system/workplace/commons/style/workplace.css HTTP/1.1" 200 14209
37.123.143.11 - - [03/Nov/2024:02:20:36 +0100] "GET /ticket2/opencms/system/workplace/editors/xmlcontent/editor_buttons.jsp?action=show&resourcelist=&resource=%2Fsystem%2Fmodules%2Fcom.gridnine.opencms.ticketbrokerage.site%2Fresources%2Fxml%2Flinks%2Fbundesliga-links.xml&elementlanguage=ro HTTP/1.1" 200 5647
37.123.143.11 - - [03/Nov/2024:02:20:36 +0100] "GET /ticket2/opencms/system/workplace/commons/style/workplace.css HTTP/1.1" 200 14209
37.123.143.11 - - [03/Nov/2024:02:20:36 +0100] "GET /ticket2/opencms/system/workplace/resources/buttons/publish.png HTTP/1.1" 200 1034
89.58.38.9 - - [03/Nov/2024:02:20:37 +0100] "GET /ticket2/opencms/et/buy/?page=1&edid=2FB70CE5-901D-FB66-7FC4-208504D406B6 HTTP/1.1" 200 104515
37.123.143.11 - - [03/Nov/2024:02:20:40 +0100] "POST /ticket2/opencms/system/workplace/editors/xmlcontent/editor_form.jsp HTTP/1.1" 200 928
37.123.143.11 - - [03/Nov/2024:02:20:40 +0100] "GET /ticket2/opencms/system/workplace/views/top_js.jsp HTTP/1.1" 200 7389
37.123.143.11 - - [03/Nov/2024:02:20:40 +0100] "GET /ticket2/opencms/system/workplace/views/explorer/explorer_fs.jsp?wpFrame=body HTTP/1.1" 200 448
37.123.143.11 - - [03/Nov/2024:02:20:40 +0100] "GET /ticket2/opencms/system/workplace/views/top_head.jsp?wpFrame=head HTTP/1.1" 200 8556
37.123.143.11 - - [03/Nov/2024:02:20:40 +0100] "GET /ticket2/opencms/system/workplace/views/top_foot.jsp?wpFrame=foot HTTP/1.1" 200 1210
37.123.143.11 - - [03/Nov/2024:02:20:40 +0100] "GET /ticket2/opencms/system/workplace/views/explorer/explorer_body_fs.jsp HTTP/1.1" 200 400
37.123.143.11 - - [03/Nov/2024:02:20:40 +0100] "GET /ticket2/opencms/system/workplace/commons/style/workplace.css HTTP/1.1" 200 14209
37.123.143.11 - - [03/Nov/2024:02:20:40 +0100] "GET /ticket2/opencms/system/workplace/commons/style/workplace.css HTTP/1.1" 200 14209
37.123.143.11 - - [03/Nov/2024:02:20:40 +0100] "GET /ticket2/opencms/system/workplace/views/explorer/tree_fs.jsp HTTP/1.1" 200 3861
37.123.143.11 - - [03/Nov/2024:02:20:40 +0100] "GET /ticket2/opencms/system/workplace/views/explorer/explorer_files.jsp?mode=explorerview HTTP/1.1" 200 1775
37.123.143.11 - - [03/Nov/2024:02:20:40 +0100] "GET /ticket2/opencms/system/workplace/views/explorer/tree_files.jsp?resource=/ HTTP/1.1" 200 3539
37.123.143.11 - - [03/Nov/2024:02:20:40 +0100] "GET /ticket2/opencms/system/workplace/commons/style/workplace.css HTTP/1.1" 200 14209
89.58.38.9 - - [03/Nov/2024:02:20:40 +0100] "GET /ticket2/opencms/et/buy/?page=1&edid=2FC0C730-CDF2-92B9-F11A-5B4B69410553 HTTP/1.1" 200 114505
37.123.143.11 - - [03/Nov/2024:02:20:42 +0100] "POST /ticket2/opencms/system/workplace/views/explorer/contextmenu.jsp HTTP/1.1" 200 4720
37.123.143.11 - - [03/Nov/2024:02:20:44 +0100] "POST /ticket2/opencms/system/workplace/editors/editor.jsp?editastext=true HTTP/1.1" 200 978
37.123.143.11 - - [03/Nov/2024:02:20:44 +0100] "GET /ticket2/opencms/system/workplace/views/top_foot.jsp HTTP/1.1" 200 1210
37.123.143.11 - - [03/Nov/2024:02:20:44 +0100] "GET /ticket2/opencms/system/workplace/editors/editor_main.jsp?resourcelist=&editastext=true&resource=%2Fsystem%2Fmodules%2Fcom.gridnine.opencms.ticketbrokerage.site%2Fresources%2Fxml%2Flinks%2Fbundesliga.xml HTTP/1.1" 200 114278
89.58.38.9 - - [03/Nov/2024:02:20:44 +0100] "GET /ticket2/opencms/et/buy/?page=1&edid=30C733D6-B654-EB7B-CA40-DF4ED4D7D98D HTTP/1.1" 200 103156
37.123.143.11 - - [03/Nov/2024:02:20:44 +0100] "GET /ticket2/opencms/system/workplace/commons/style/workplace.css HTTP/1.1" 200 14209
37.123.143.11 - - [03/Nov/2024:02:20:44 +0100] "GET /ticket2/opencms/system/workplace/commons/style/workplace.css HTTP/1.1" 200 14209
85.208.96.195 - - [03/Nov/2024:02:20:46 +0100] "GET /ticket2/opencms/dk/sport/fodboldbilletter/premier-league/ipswich/ HTTP/1.1" 200 93865
89.58.38.9 - - [03/Nov/2024:02:20:47 +0100] "GET /ticket2/opencms/et/buy/?page=1&edid=31032CFA-9DB7-AFEB-3095-C18129EF0D6C HTTP/1.1" 200 100932
37.123.143.11 - - [03/Nov/2024:02:20:50 +0100] "POST /ticket2/opencms/system/workplace/editors/editor_main.jsp HTTP/1.1" 200 928
37.123.143.11 - - [03/Nov/2024:02:20:50 +0100] "GET /ticket2/opencms/system/workplace/views/top_js.jsp HTTP/1.1" 200 7389
37.123.143.11 - - [03/Nov/2024:02:20:50 +0100] "GET /ticket2/opencms/system/workplace/views/top_head.jsp?wpFrame=head HTTP/1.1" 200 8556
37.123.143.11 - - [03/Nov/2024:02:20:50 +0100] "GET /ticket2/opencms/system/workplace/views/explorer/explorer_fs.jsp?wpFrame=body HTTP/1.1" 200 448
37.123.143.11 - - [03/Nov/2024:02:20:50 +0100] "GET /ticket2/opencms/system/workplace/views/top_foot.jsp?wpFrame=foot HTTP/1.1" 200 1210
37.123.143.11 - - [03/Nov/2024:02:20:50 +0100] "GET /ticket2/opencms/system/workplace/commons/style/workplace.css HTTP/1.1" 200 14209
37.123.143.11 - - [03/Nov/2024:02:20:50 +0100] "GET /ticket2/opencms/system/workplace/views/explorer/explorer_body_fs.jsp HTTP/1.1" 200 400
37.123.143.11 - - [03/Nov/2024:02:20:50 +0100] "GET /ticket2/opencms/system/workplace/commons/style/workplace.css HTTP/1.1" 200 14209
37.123.143.11 - - [03/Nov/2024:02:20:50 +0100] "GET /ticket2/opencms/system/workplace/views/explorer/tree_fs.jsp HTTP/1.1" 200 3861
37.123.143.11 - - [03/Nov/2024:02:20:50 +0100] "GET /ticket2/opencms/system/workplace/views/explorer/explorer_files.jsp?mode=explorerview HTTP/1.1" 200 1787
37.123.143.11 - - [03/Nov/2024:02:20:50 +0100] "GET /ticket2/opencms/system/workplace/views/explorer/tree_files.jsp?resource=/ HTTP/1.1" 200 3539
37.123.143.11 - - [03/Nov/2024:02:20:50 +0100] "GET /ticket2/opencms/system/workplace/commons/style/workplace.css HTTP/1.1" 200 14209
89.58.38.9 - - [03/Nov/2024:02:20:51 +0100] "GET /ticket2/opencms/et/buy/?page=1&edid=312E2B30-1BE8-80F9-5587-64D580752ED3 HTTP/1.1" 200 108044
89.58.38.9 - - [03/Nov/2024:02:20:54 +0100] "GET /ticket2/opencms/et/buy/?page=1&edid=31B9C446-A8DC-95DD-A849-35A34B746A74 HTTP/1.1" 200 121913
37.123.143.11 - - [03/Nov/2024:02:20:56 +0100] "POST /ticket2/opencms/system/workplace/views/explorer/contextmenu.jsp HTTP/1.1" 200 4720
89.58.38.9 - - [03/Nov/2024:02:20:58 +0100] "GET /ticket2/opencms/et/buy/?page=1&edid=31FDA527-9BE5-CC0F-08BA-BAC5423FB404 HTTP/1.1" 200 98510
89.58.38.9 - - [03/Nov/2024:02:21:01 +0100] "GET /ticket2/opencms/et/buy/?page=1&edid=32359E59-20A4-8706-5D64-A284D441A719 HTTP/1.1" 200 113568
37.123.143.11 - - [03/Nov/2024:02:21:03 +0100] "POST /ticket2/opencms/system/workplace/editors/editor.jsp HTTP/1.1" 200 966
37.123.143.11 - - [03/Nov/2024:02:21:03 +0100] "GET /ticket2/opencms/system/workplace/views/top_foot.jsp HTTP/1.1" 200 1210
37.123.143.11 - - [03/Nov/2024:02:21:03 +0100] "GET /ticket2/opencms/system/workplace/editors/editor_main.jsp?resourcelist=&resource=%2Fsystem%2Fmodules%2Fcom.gridnine.opencms.ticketbrokerage.site%2Fresources%2Fxml%2Flinks%2Fcommon-links.xml HTTP/1.1" 200 1086
37.123.143.11 - - [03/Nov/2024:02:21:03 +0100] "GET /ticket2/opencms/system/workplace/commons/style/workplace.css HTTP/1.1" 200 14209
37.123.143.11 - - [03/Nov/2024:02:21:03 +0100] "GET /ticket2/opencms/system/workplace/editors/xmlcontent/editor_buttons.jsp?action=show&resourcelist=&resource=%2Fsystem%2Fmodules%2Fcom.gridnine.opencms.ticketbrokerage.site%2Fresources%2Fxml%2Flinks%2Fcommon-links.xml HTTP/1.1" 200 5655
37.123.143.11 - - [03/Nov/2024:02:21:03 +0100] "GET /ticket2/opencms/system/workplace/resources/buttons/publish.png HTTP/1.1" 200 1034
37.123.143.11 - - [03/Nov/2024:02:21:03 +0100] "GET /ticket2/opencms/system/workplace/commons/style/workplace.css HTTP/1.1" 200 14209
37.123.143.11 - - [03/Nov/2024:02:21:03 +0100] "GET /ticket2/opencms/system/workplace/editors/xmlcontent/editor_form.jsp?resourcelist=&resource=%2Fsystem%2Fmodules%2Fcom.gridnine.opencms.ticketbrokerage.site%2Fresources%2Fxml%2Flinks%2Fcommon-links.xml HTTP/1.1" 200 8869
37.123.143.11 - - [03/Nov/2024:02:21:03 +0100] "GET /ticket2/opencms/system/workplace/commons/style/workplace.css HTTP/1.1" 200 14209
37.123.143.11 - - [03/Nov/2024:02:21:03 +0100] "GET /ticket2/opencms/system/workplace/editors/xmlcontent/editor_buttons.jsp?action=show&resourcelist=&resource=%2Fsystem%2Fmodules%2Fcom.gridnine.opencms.ticketbrokerage.site%2Fresources%2Fxml%2Flinks%2Fcommon-links.xml&elementlanguage=en HTTP/1.1" 200 5655
37.123.143.11 - - [03/Nov/2024:02:21:03 +0100] "GET /ticket2/opencms/system/workplace/resources/buttons/publish.png HTTP/1.1" 200 1034
37.123.143.11 - - [03/Nov/2024:02:21:03 +0100] "GET /ticket2/opencms/system/workplace/commons/style/workplace.css HTTP/1.1" 200 14209
89.58.38.9 - - [03/Nov/2024:02:21:05 +0100] "GET /ticket2/opencms/et/buy/?page=1&edid=3289C097-2261-9433-8644-DF033A9EE354 HTTP/1.1" 200 130897
157.90.209.79 - - [03/Nov/2024:02:21:08 +0100] "GET /ticket2/opencms/fr/buy/?page=1&edid=A9801416-AE3B-7D1A-1B34-1269835EE309 HTTP/1.1" 200 124663
89.58.38.9 - - [03/Nov/2024:02:21:09 +0100] "GET /ticket2/opencms/et/buy/?page=1&edid=32C765D3-F869-7E5E-98A4-5E68576F52A5 HTTP/1.1" 200 125211
37.123.143.11 - - [03/Nov/2024:02:21:12 +0100] "POST /ticket2/opencms/system/workplace/editors/xmlcontent/editor_form.jsp HTTP/1.1" 200 8869
37.123.143.11 - - [03/Nov/2024:02:21:12 +0100] "GET /ticket2/opencms/system/workplace/commons/style/workplace.css HTTP/1.1" 200 14209
37.123.143.11 - - [03/Nov/2024:02:21:12 +0100] "GET /ticket2/opencms/system/workplace/editors/xmlcontent/editor_buttons.jsp?action=show&resourcelist=&resource=%2Fsystem%2Fmodules%2Fcom.gridnine.opencms.ticketbrokerage.site%2Fresources%2Fxml%2Flinks%2Fcommon-links.xml&elementlanguage=ro HTTP/1.1" 200 5651
37.123.143.11 - - [03/Nov/2024:02:21:12 +0100] "GET /ticket2/opencms/system/workplace/commons/style/workplace.css HTTP/1.1" 200 14209
37.123.143.11 - - [03/Nov/2024:02:21:12 +0100] "GET /ticket2/opencms/system/workplace/resources/buttons/publish.png HTTP/1.1" 200 1034
114.119.143.233 - - [03/Nov/2024:02:21:12 +0100] "GET /ticket2/opencms/en/buy/?page=1&edid=45DFD1AC-671A-B64A-512E-A848A857E213 HTTP/1.1" 200 96925
89.58.38.9 - - [03/Nov/2024:02:21:13 +0100] "GET /ticket2/opencms/et/buy/?page=1&edid=3332FDE7-1F4A-7217-A205-4DAC5ABE8927 HTTP/1.1" 200 107766
114.119.141.206 - - [03/Nov/2024:02:21:14 +0100] "GET /ticket2/opencms/en/venue/?countryid=F73B31CF-DEFB-FC53-7E40-B21973CC0497 HTTP/1.1" 200 106389
89.58.38.9 - - [03/Nov/2024:02:21:16 +0100] "GET /ticket2/opencms/et/buy/?page=1&edid=3396D07B-AC6D-141E-71F3-9DE65C0FEDF0 HTTP/1.1" 200 105053
89.58.38.9 - - [03/Nov/2024:02:21:20 +0100] "GET /ticket2/opencms/et/buy/?page=1&edid=33CFCCFE-A22A-4A2C-1202-26E0FBDCB686 HTTP/1.1" 200 111013
89.58.38.9 - - [03/Nov/2024:02:21:23 +0100] "GET /ticket2/opencms/et/buy/?page=1&edid=341262D8-7A59-5821-1DA8-A5F36D843BF9 HTTP/1.1" 200 132760
47.128.35.119 - - [03/Nov/2024:02:21:24 +0100] "GET /ticket2/opencms/fi/urheilu/jalkapallo/bundesliga/hoffenheim/ HTTP/1.1" 200 87445
216.244.66.238 - - [03/Nov/2024:02:21:25 +0100] "GET /ticket2/opencms/bg/buy?comcatid=A17713B6-D984-201A-4143-ED4DB5ED5C2E&catid=0A9E385E-33D9-328E-DC79-CA2C7009C829 HTTP/1.1" 200 94288
47.128.35.119 - - [03/Nov/2024:02:21:26 +0100] "GET /ticket2/opencms/system/modules/com.gridnine.opencms.ticketbrokerage.site/resources/pics/banners/team/bundesliga/1899_hoffenheim.png HTTP/1.1" 200 72210
85.208.96.194 - - [03/Nov/2024:02:21:26 +0100] "GET /ticket2/opencms/it/login/?url=%25252Fit%25252Fsell%25252F HTTP/1.1" 200 83113
89.58.38.9 - - [03/Nov/2024:02:21:27 +0100] "GET /ticket2/opencms/et/buy/?page=1&edid=348589F6-F332-E9FC-C0E9-6C296BB448B5 HTTP/1.1" 200 104566
37.123.143.11 - - [03/Nov/2024:02:21:29 +0100] "POST /ticket2/opencms/system/workplace/editors/xmlcontent/editor_form.jsp HTTP/1.1" 200 1033
37.123.143.11 - - [03/Nov/2024:02:21:29 +0100] "POST /ticket2/opencms/system/workplace/editors/xmlcontent/editor_form.jsp HTTP/1.1" 200 928
37.123.143.11 - - [03/Nov/2024:02:21:29 +0100] "GET /ticket2/opencms/system/workplace/views/top_js.jsp HTTP/1.1" 200 7389
37.123.143.11 - - [03/Nov/2024:02:21:29 +0100] "GET /ticket2/opencms/system/workplace/views/top_head.jsp?wpFrame=head HTTP/1.1" 200 8556
37.123.143.11 - - [03/Nov/2024:02:21:29 +0100] "GET /ticket2/opencms/system/workplace/views/explorer/explorer_fs.jsp?wpFrame=body HTTP/1.1" 200 448
37.123.143.11 - - [03/Nov/2024:02:21:29 +0100] "GET /ticket2/opencms/system/workplace/views/top_foot.jsp?wpFrame=foot HTTP/1.1" 200 1210
37.123.143.11 - - [03/Nov/2024:02:21:30 +0100] "GET /ticket2/opencms/system/workplace/commons/style/workplace.css HTTP/1.1" 200 14209
37.123.143.11 - - [03/Nov/2024:02:21:30 +0100] "GET /ticket2/opencms/system/workplace/views/explorer/explorer_body_fs.jsp HTTP/1.1" 200 400
37.123.143.11 - - [03/Nov/2024:02:21:30 +0100] "GET /ticket2/opencms/system/workplace/commons/style/workplace.css HTTP/1.1" 200 14209
37.123.143.11 - - [03/Nov/2024:02:21:30 +0100] "GET /ticket2/opencms/system/workplace/views/explorer/tree_fs.jsp HTTP/1.1" 200 3861
37.123.143.11 - - [03/Nov/2024:02:21:30 +0100] "GET /ticket2/opencms/system/workplace/views/explorer/explorer_files.jsp?mode=explorerview HTTP/1.1" 200 1797
37.123.143.11 - - [03/Nov/2024:02:21:30 +0100] "GET /ticket2/opencms/system/workplace/views/explorer/tree_files.jsp?resource=/ HTTP/1.1" 200 3539
37.123.143.11 - - [03/Nov/2024:02:21:30 +0100] "GET /ticket2/opencms/system/workplace/commons/style/workplace.css HTTP/1.1" 200 14209
89.58.38.9 - - [03/Nov/2024:02:21:30 +0100] "GET /ticket2/opencms/et/buy/?page=1&edid=348C0D4F-C07E-3755-DFEC-416D881A5AC9 HTTP/1.1" 200 111690
216.244.66.238 - - [03/Nov/2024:02:21:32 +0100] "GET /ticket2/opencms/en/buy/?comcatid=A17713B6-D984-201A-4143-ED4DB5ED5C2E&catid=7BADFFFB-57C5-5DBC-E7EB-B45075B3D8F9 HTTP/1.1" 200 92075
37.123.143.11 - - [03/Nov/2024:02:21:32 +0100] "POST /ticket2/opencms/system/workplace/views/explorer/contextmenu.jsp HTTP/1.1" 200 4720
37.123.143.11 - - [03/Nov/2024:02:21:34 +0100] "POST /ticket2/opencms/system/workplace/editors/editor.jsp?editastext=true HTTP/1.1" 200 994
37.123.143.11 - - [03/Nov/2024:02:21:34 +0100] "GET /ticket2/opencms/system/workplace/views/top_foot.jsp HTTP/1.1" 200 1210
37.123.143.11 - - [03/Nov/2024:02:21:34 +0100] "GET /ticket2/opencms/system/workplace/editors/editor_main.jsp?resource=%2Fsystem%2Fmodules%2Fcom.gridnine.opencms.ticketbrokerage.site%2Fresources%2Fxml%2Flinks%2Fchampionship-links.xml&editastext=true&resourcelist= HTTP/1.1" 200 132479
37.123.143.11 - - [03/Nov/2024:02:21:34 +0100] "GET /ticket2/opencms/system/workplace/commons/style/workplace.css HTTP/1.1" 200 14209
37.123.143.11 - - [03/Nov/2024:02:21:34 +0100] "GET /ticket2/opencms/system/workplace/commons/style/workplace.css HTTP/1.1" 200 14209
89.58.38.9 - - [03/Nov/2024:02:21:34 +0100] "GET /ticket2/opencms/et/buy/?page=1&edid=34D2BBB8-FB45-0D0E-564E-E2214021F35A HTTP/1.1" 200 125148
185.191.171.17 - - [03/Nov/2024:02:21:37 +0100] "GET /ticket2/opencms/tr/ HTTP/1.1" 200 97127
89.58.38.9 - - [03/Nov/2024:02:21:38 +0100] "GET /ticket2/opencms/et/buy/?page=1&edid=353A8607-D64B-76FC-86CE-3A4804789969 HTTP/1.1" 200 98520
85.208.96.194 - - [03/Nov/2024:02:21:40 +0100] "GET /ticket2/opencms/sv/tickets/aston_villa/west-bromwich-albion.html HTTP/1.1" 200 87759
89.58.38.9 - - [03/Nov/2024:02:21:41 +0100] "GET /ticket2/opencms/et/buy/?page=1&edid=3554D6C4-2FFC-457C-507A-C2BD7C1E41FE HTTP/1.1" 200 125173
89.58.38.9 - - [03/Nov/2024:02:21:45 +0100] "GET /ticket2/opencms/et/buy/?page=1&edid=355D3270-70A4-08B0-6A25-52C4305F40B2 HTTP/1.1" 200 98514
89.58.38.9 - - [03/Nov/2024:02:21:48 +0100] "GET /ticket2/opencms/et/buy/?page=1&edid=358070B4-8C45-0881-BDE4-7E85113C242B HTTP/1.1" 200 98510
89.58.38.9 - - [03/Nov/2024:02:21:52 +0100] "GET /ticket2/opencms/et/buy/?page=1&edid=3583D5C7-607A-E528-A709-844E6A72DC1B HTTP/1.1" 200 130904
89.58.38.9 - - [03/Nov/2024:02:21:56 +0100] "GET /ticket2/opencms/et/buy/?page=1&edid=3590293B-3580-7B39-A58A-6ECDB1E34543 HTTP/1.1" 200 124205
47.128.62.234 - - [03/Nov/2024:02:21:58 +0100] "GET /ticket2/opencms/pl/buy?edid=B6792C71-3777-835A-6A12-E2C6ABE580AB HTTP/1.1" 200 81468
47.128.21.245 - - [03/Nov/2024:02:21:59 +0100] "GET /ticket2/opencms/ga/buy/?edid=9298EE47-1A7F-20BC-182D-AD5062126FDE HTTP/1.1" 200 81535
85.208.96.202 - - [03/Nov/2024:02:21:59 +0100] "GET /ticket2/opencms/sv/sport/fotbollsbiljetter/la_liga/real-sociedad/ HTTP/1.1" 200 87571
89.58.38.9 - - [03/Nov/2024:02:21:59 +0100] "GET /ticket2/opencms/et/buy/?page=1&edid=35CC7524-8A7A-7EC1-48FD-F1742720F1A5 HTTP/1.1" 200 108071
85.208.96.211 - - [03/Nov/2024:02:22:01 +0100] "GET /ticket2/opencms/sv/magazine/article?title=newcastle HTTP/1.1" 200 81799
89.58.38.9 - - [03/Nov/2024:02:22:03 +0100] "GET /ticket2/opencms/et/buy/?page=1&edid=3624BB9D-BDA3-C6BF-E8FF-2DF1F5C3F73A HTTP/1.1" 200 98511
89.58.38.9 - - [03/Nov/2024:02:22:06 +0100] "GET /ticket2/opencms/et/buy/?page=1&edid=367697E8-9CE6-4DE1-99C6-92AA7A0AA7C2 HTTP/1.1" 200 98524
89.58.38.9 - - [03/Nov/2024:02:22:10 +0100] "GET /ticket2/opencms/et/buy/?page=1&edid=36AF1B5E-5A99-17FA-F2C9-AE0F1234F398 HTTP/1.1" 200 114511
52.167.144.172 - - [03/Nov/2024:02:22:13 +0100] "GET /ticket2/opencms/fr/magazine/article?title=fulham-fc HTTP/1.1" 200 81566
89.58.38.9 - - [03/Nov/2024:02:22:13 +0100] "GET /ticket2/opencms/et/buy/?page=1&edid=36B8587B-9BD4-1599-9368-E59F9780F9A9 HTTP/1.1" 200 135061
47.128.114.199 - - [03/Nov/2024:02:22:16 +0100] "GET /ticket2/opencms/sv/buy/?eventid=1DE12B0C-480D-36C2-470E-09E495E7559A&page=10 HTTP/1.1" 200 90009
89.58.38.9 - - [03/Nov/2024:02:22:17 +0100] "GET /ticket2/opencms/et/buy/?page=1&edid=3706597D-01C1-24D2-0A1C-59FBD9F8851C HTTP/1.1" 200 101555
89.58.38.9 - - [03/Nov/2024:02:22:20 +0100] "GET /ticket2/opencms/et/buy/?page=1&edid=37459553-F765-6A83-58BB-25CA313B1325 HTTP/1.1" 200 100935
89.58.38.9 - - [03/Nov/2024:02:22:24 +0100] "GET /ticket2/opencms/et/buy/?page=1&edid=37E2A4DD-118F-C378-83A2-20232412AB9C HTTP/1.1" 200 100712
89.58.38.9 - - [03/Nov/2024:02:22:27 +0100] "GET /ticket2/opencms/et/buy/?page=1&edid=380022DF-63A1-5DA8-425A-027B0E0314C7 HTTP/1.1" 200 98509
89.58.38.9 - - [03/Nov/2024:02:22:31 +0100] "GET /ticket2/opencms/et/buy/?page=1&edid=380D9DCE-9F52-6635-EF3F-C6491C4BBEEF HTTP/1.1" 200 125139
89.58.38.9 - - [03/Nov/2024:02:22:34 +0100] "GET /ticket2/opencms/et/buy/?page=1&edid=382200F9-A319-F215-14F8-C7B4677A39A9 HTTP/1.1" 200 98551
89.58.38.9 - - [03/Nov/2024:02:22:38 +0100] "GET /ticket2/opencms/et/buy/?page=1&edid=38B8C558-DD1D-6008-21F8-CA8931E9D013 HTTP/1.1" 200 104510
89.58.38.9 - - [03/Nov/2024:02:22:41 +0100] "GET /ticket2/opencms/et/buy/?page=1&edid=38BD011F-E307-1808-7BE3-74470A609319 HTTP/1.1" 200 98519
185.191.171.3 - - [03/Nov/2024:02:22:42 +0100] "GET /ticket2/opencms/dk/about/contact/ HTTP/1.1" 200 79970
89.58.38.9 - - [03/Nov/2024:02:22:44 +0100] "GET /ticket2/opencms/et/buy/?page=1&edid=397521D5-C7AB-930B-258F-17E9104F07FF HTTP/1.1" 200 101801
89.58.38.9 - - [03/Nov/2024:02:22:48 +0100] "GET /ticket2/opencms/et/buy/?page=1&edid=39CE598D-FC19-9CD8-F22D-3F7964FACAB9 HTTP/1.1" 200 114726
89.58.38.9 - - [03/Nov/2024:02:22:51 +0100] "GET /ticket2/opencms/et/buy/?page=1&edid=3A899F3D-4563-653B-4B43-C09A35CA2BD9 HTTP/1.1" 200 124204
89.58.38.9 - - [03/Nov/2024:02:22:55 +0100] "GET /ticket2/opencms/et/buy/?page=1&edid=3AAD2194-7D27-1E14-1F37-DA3A90110F57 HTTP/1.1" 200 98510
124.243.137.74 - - [03/Nov/2024:02:22:58 +0100] "GET /ticket2/opencms/hr/sell/?edid=66C22035-E7EA-E10A-4BFC-2C30733037DC HTTP/1.1" 302 -
85.208.96.211 - - [03/Nov/2024:02:22:58 +0100] "GET /ticket2/opencms/de/sport/fussball-tickets/english-championship/ HTTP/1.1" 200 92817
66.249.65.107 - - [03/Nov/2024:02:22:58 +0100] "GET /ticket2/opencms/set_aff_cookie.jsp?partner=57601924-FB09-5BB2-867F-08B4EB522BA8&url=%252Fdk%252Fbuy%252Findex.html%253Fpage%253D1%2526edid%253DFADD67F3-76CC-D117-2ADC-BEBED308D46A%2526hlv%253D66d038a3-e88c-45f9-acc9-73880a01000f%2523v46779973 HTTP/1.1" 200 244
89.58.38.9 - - [03/Nov/2024:02:22:59 +0100] "GET /ticket2/opencms/et/buy/?page=1&edid=3B157B14-2ACC-30A7-0D5C-8313AB0A1A32 HTTP/1.1" 200 125242
37.123.143.11 - - [03/Nov/2024:02:22:59 +0100] "POST /ticket2/opencms/system/workplace/editors/editor_main.jsp HTTP/1.1" 200 928
37.123.143.11 - - [03/Nov/2024:02:22:59 +0100] "GET /ticket2/opencms/system/workplace/views/top_js.jsp HTTP/1.1" 200 7389
37.123.143.11 - - [03/Nov/2024:02:22:59 +0100] "GET /ticket2/opencms/system/workplace/views/top_head.jsp?wpFrame=head HTTP/1.1" 200 8556
37.123.143.11 - - [03/Nov/2024:02:22:59 +0100] "GET /ticket2/opencms/system/workplace/views/explorer/explorer_fs.jsp?wpFrame=body HTTP/1.1" 200 448
37.123.143.11 - - [03/Nov/2024:02:22:59 +0100] "GET /ticket2/opencms/system/workplace/views/top_foot.jsp?wpFrame=foot HTTP/1.1" 200 1210
37.123.143.11 - - [03/Nov/2024:02:22:59 +0100] "GET /ticket2/opencms/system/workplace/commons/style/workplace.css HTTP/1.1" 200 14209
37.123.143.11 - - [03/Nov/2024:02:22:59 +0100] "GET /ticket2/opencms/system/workplace/views/explorer/explorer_body_fs.jsp HTTP/1.1" 200 400
37.123.143.11 - - [03/Nov/2024:02:22:59 +0100] "GET /ticket2/opencms/system/workplace/commons/style/workplace.css HTTP/1.1" 200 14209
37.123.143.11 - - [03/Nov/2024:02:22:59 +0100] "GET /ticket2/opencms/system/workplace/views/explorer/tree_fs.jsp HTTP/1.1" 200 3861
37.123.143.11 - - [03/Nov/2024:02:22:59 +0100] "GET /ticket2/opencms/system/workplace/views/explorer/explorer_files.jsp?mode=explorerview HTTP/1.1" 200 1807
37.123.143.11 - - [03/Nov/2024:02:22:59 +0100] "GET /ticket2/opencms/system/workplace/views/explorer/tree_files.jsp?resource=/ HTTP/1.1" 200 3539
37.123.143.11 - - [03/Nov/2024:02:22:59 +0100] "GET /ticket2/opencms/system/workplace/commons/style/workplace.css HTTP/1.1" 200 14209
89.58.38.9 - - [03/Nov/2024:02:23:02 +0100] "GET /ticket2/opencms/et/buy/?page=1&edid=3B2DD9A6-8906-C64F-74F1-E2152AA05C80 HTTP/1.1" 200 108073
124.243.137.74 - - [03/Nov/2024:02:23:02 +0100] "GET /ticket2/opencms/hr/login/?url=/hr/sell/ HTTP/1.1" 200 83255
37.123.143.11 - - [03/Nov/2024:02:23:03 +0100] "POST /ticket2/opencms/system/workplace/views/explorer/contextmenu.jsp HTTP/1.1" 200 4720
37.123.143.11 - - [03/Nov/2024:02:23:05 +0100] "POST /ticket2/opencms/system/workplace/editors/editor.jsp HTTP/1.1" 200 970
47.128.62.108 - - [03/Nov/2024:02:23:05 +0100] "GET /ticket2/opencms/sl/buy/?catid=36394212-F82E-F845-399B-42BED55969CC&comcatid=A17713B6-D984-201A-4143-ED4DB5ED5C2E&npage=2 HTTP/1.1" 200 242159
37.123.143.11 - - [03/Nov/2024:02:23:05 +0100] "GET /ticket2/opencms/system/workplace/views/top_foot.jsp HTTP/1.1" 200 1210
37.123.143.11 - - [03/Nov/2024:02:23:05 +0100] "GET /ticket2/opencms/system/workplace/editors/editor_main.jsp?resourcelist=&resource=%2Fsystem%2Fmodules%2Fcom.gridnine.opencms.ticketbrokerage.site%2Fresources%2Fxml%2Flinks%2Fpopular-labels.xml HTTP/1.1" 200 1092
37.123.143.11 - - [03/Nov/2024:02:23:05 +0100] "GET /ticket2/opencms/system/workplace/commons/style/workplace.css HTTP/1.1" 200 14209
37.123.143.11 - - [03/Nov/2024:02:23:05 +0100] "GET /ticket2/opencms/system/workplace/editors/xmlcontent/editor_buttons.jsp?action=show&resource=%2Fsystem%2Fmodules%2Fcom.gridnine.opencms.ticketbrokerage.site%2Fresources%2Fxml%2Flinks%2Fpopular-labels.xml&resourcelist= HTTP/1.1" 200 5663
37.123.143.11 - - [03/Nov/2024:02:23:05 +0100] "GET /ticket2/opencms/system/workplace/resources/buttons/publish.png HTTP/1.1" 200 1034
37.123.143.11 - - [03/Nov/2024:02:23:05 +0100] "GET /ticket2/opencms/system/workplace/commons/style/workplace.css HTTP/1.1" 200 14209
37.123.143.11 - - [03/Nov/2024:02:23:05 +0100] "GET /ticket2/opencms/system/workplace/editors/xmlcontent/editor_form.jsp?resource=%2Fsystem%2Fmodules%2Fcom.gridnine.opencms.ticketbrokerage.site%2Fresources%2Fxml%2Flinks%2Fpopular-labels.xml&resourcelist= HTTP/1.1" 200 30565
37.123.143.11 - - [03/Nov/2024:02:23:05 +0100] "GET /ticket2/opencms/system/workplace/commons/style/workplace.css HTTP/1.1" 200 14209
37.123.143.11 - - [03/Nov/2024:02:23:05 +0100] "GET /ticket2/opencms/system/workplace/editors/xmlcontent/editor_buttons.jsp?action=show&resource=%2Fsystem%2Fmodules%2Fcom.gridnine.opencms.ticketbrokerage.site%2Fresources%2Fxml%2Flinks%2Fpopular-labels.xml&resourcelist=&elementlanguage=en HTTP/1.1" 200 5663
37.123.143.11 - - [03/Nov/2024:02:23:05 +0100] "GET /ticket2/opencms/system/workplace/commons/style/workplace.css HTTP/1.1" 200 14209
37.123.143.11 - - [03/Nov/2024:02:23:05 +0100] "GET /ticket2/opencms/system/workplace/resources/buttons/publish.png HTTP/1.1" 200 1034
89.58.38.9 - - [03/Nov/2024:02:23:05 +0100] "GET /ticket2/opencms/et/buy/?page=1&edid=3BDAF33D-50D2-45C6-26D6-3F2B5E36F1B0 HTTP/1.1" 200 98548
89.58.38.9 - - [03/Nov/2024:02:23:09 +0100] "GET /ticket2/opencms/et/buy/?page=1&edid=3CD7956F-5F28-BF4C-1F66-E07360DC71F8 HTTP/1.1" 200 98511
37.123.143.11 - - [03/Nov/2024:02:23:09 +0100] "POST /ticket2/opencms/system/workplace/editors/xmlcontent/editor_form.jsp HTTP/1.1" 200 928
37.123.143.11 - - [03/Nov/2024:02:23:09 +0100] "GET /ticket2/opencms/system/workplace/views/top_js.jsp HTTP/1.1" 200 7389
37.123.143.11 - - [03/Nov/2024:02:23:09 +0100] "GET /ticket2/opencms/system/workplace/views/top_foot.jsp?wpFrame=foot HTTP/1.1" 200 1210
37.123.143.11 - - [03/Nov/2024:02:23:09 +0100] "GET /ticket2/opencms/system/workplace/views/explorer/explorer_fs.jsp?wpFrame=body HTTP/1.1" 200 448
37.123.143.11 - - [03/Nov/2024:02:23:09 +0100] "GET /ticket2/opencms/system/workplace/views/top_head.jsp?wpFrame=head HTTP/1.1" 200 8556
37.123.143.11 - - [03/Nov/2024:02:23:09 +0100] "GET /ticket2/opencms/system/workplace/commons/style/workplace.css HTTP/1.1" 200 14209
37.123.143.11 - - [03/Nov/2024:02:23:09 +0100] "GET /ticket2/opencms/system/workplace/views/explorer/explorer_body_fs.jsp HTTP/1.1" 200 400
37.123.143.11 - - [03/Nov/2024:02:23:09 +0100] "GET /ticket2/opencms/system/workplace/commons/style/workplace.css HTTP/1.1" 200 14209
37.123.143.11 - - [03/Nov/2024:02:23:09 +0100] "GET /ticket2/opencms/system/workplace/views/explorer/tree_fs.jsp HTTP/1.1" 200 3861
37.123.143.11 - - [03/Nov/2024:02:23:09 +0100] "GET /ticket2/opencms/system/workplace/views/explorer/explorer_files.jsp?mode=explorerview HTTP/1.1" 200 1807
37.123.143.11 - - [03/Nov/2024:02:23:10 +0100] "GET /ticket2/opencms/system/workplace/views/explorer/tree_files.jsp?resource=/ HTTP/1.1" 200 3539
37.123.143.11 - - [03/Nov/2024:02:23:10 +0100] "GET /ticket2/opencms/system/workplace/commons/style/workplace.css HTTP/1.1" 200 14209
37.123.143.11 - - [03/Nov/2024:02:23:12 +0100] "POST /ticket2/opencms/system/workplace/views/explorer/contextmenu.jsp HTTP/1.1" 200 4720
89.58.38.9 - - [03/Nov/2024:02:23:12 +0100] "GET /ticket2/opencms/et/buy/?page=1&edid=3D561669-CE76-F355-781D-8E2E1C0C9894 HTTP/1.1" 200 114726
37.123.143.11 - - [03/Nov/2024:02:23:14 +0100] "POST /ticket2/opencms/system/workplace/editors/editor.jsp HTTP/1.1" 200 968
37.123.143.11 - - [03/Nov/2024:02:23:14 +0100] "GET /ticket2/opencms/system/workplace/views/top_foot.jsp HTTP/1.1" 200 1210
37.123.143.11 - - [03/Nov/2024:02:23:14 +0100] "GET /ticket2/opencms/system/workplace/editors/editor_main.jsp?resourcelist=&resource=%2Fsystem%2Fmodules%2Fcom.gridnine.opencms.ticketbrokerage.site%2Fresources%2Fxml%2Flinks%2Fpopular-links.xml HTTP/1.1" 200 1089
37.123.143.11 - - [03/Nov/2024:02:23:14 +0100] "GET /ticket2/opencms/system/workplace/commons/style/workplace.css HTTP/1.1" 200 14209
37.123.143.11 - - [03/Nov/2024:02:23:14 +0100] "GET /ticket2/opencms/system/workplace/editors/xmlcontent/editor_buttons.jsp?action=show&resource=%2Fsystem%2Fmodules%2Fcom.gridnine.opencms.ticketbrokerage.site%2Fresources%2Fxml%2Flinks%2Fpopular-links.xml&resourcelist= HTTP/1.1" 200 5691
37.123.143.11 - - [03/Nov/2024:02:23:14 +0100] "GET /ticket2/opencms/system/workplace/resources/buttons/publish.png HTTP/1.1" 200 1034
37.123.143.11 - - [03/Nov/2024:02:23:14 +0100] "GET /ticket2/opencms/system/workplace/commons/style/workplace.css HTTP/1.1" 200 14209
37.123.143.11 - - [03/Nov/2024:02:23:14 +0100] "GET /ticket2/opencms/system/workplace/editors/xmlcontent/editor_form.jsp?resource=%2Fsystem%2Fmodules%2Fcom.gridnine.opencms.ticketbrokerage.site%2Fresources%2Fxml%2Flinks%2Fpopular-links.xml&resourcelist= HTTP/1.1" 200 31877
37.123.143.11 - - [03/Nov/2024:02:23:14 +0100] "GET /ticket2/opencms/system/workplace/commons/style/workplace.css HTTP/1.1" 200 14209
37.123.143.11 - - [03/Nov/2024:02:23:14 +0100] "GET /ticket2/opencms/system/workplace/editors/xmlcontent/editor_buttons.jsp?action=show&resource=%2Fsystem%2Fmodules%2Fcom.gridnine.opencms.ticketbrokerage.site%2Fresources%2Fxml%2Flinks%2Fpopular-links.xml&resourcelist=&elementlanguage=en HTTP/1.1" 200 5687
37.123.143.11 - - [03/Nov/2024:02:23:14 +0100] "GET /ticket2/opencms/system/workplace/resources/buttons/publish.png HTTP/1.1" 200 1034
37.123.143.11 - - [03/Nov/2024:02:23:14 +0100] "GET /ticket2/opencms/system/workplace/commons/style/workplace.css HTTP/1.1" 200 14209
89.58.38.9 - - [03/Nov/2024:02:23:16 +0100] "GET /ticket2/opencms/et/buy/?page=1&edid=3F245B75-1DCF-320F-93F3-D63AC2E239C1 HTTP/1.1" 200 107829
52.167.144.136 - - [03/Nov/2024:02:23:16 +0100] "GET /ticket2/opencms/hr/ask-form.html HTTP/1.1" 200 3156
37.123.143.11 - - [03/Nov/2024:02:23:19 +0100] "GET /ticket2/opencms/ro/sport/bilete-fotbal/english-championship HTTP/1.1" 200 93824
89.58.38.9 - - [03/Nov/2024:02:23:19 +0100] "GET /ticket2/opencms/et/buy/?page=1&edid=3F2482EE-6B7A-310D-17CE-1C7E3CC58C7F HTTP/1.1" 200 111682
37.123.143.11 - - [03/Nov/2024:02:23:20 +0100] "GET /ticket2/opencms/ro/sport/bilete-fotbal/english-championship HTTP/1.1" 200 93357
47.128.96.3 - - [03/Nov/2024:02:23:21 +0100] "GET /ticket2/opencms/mk/buy?edid=E561DB0E-D1A5-DAD8-3EB4-1648A983060B HTTP/1.1" 404 -
89.58.38.9 - - [03/Nov/2024:02:23:23 +0100] "GET /ticket2/opencms/et/buy/?page=1&edid=3F2D99A8-7547-83C1-C9EB-9D79E7CF5003 HTTP/1.1" 200 125169
37.123.143.11 - - [03/Nov/2024:02:23:25 +0100] "GET /ticket2/opencms/ro/sport/bilete-fotbal/english-championship HTTP/1.1" 200 93697
89.58.38.9 - - [03/Nov/2024:02:23:26 +0100] "GET /ticket2/opencms/et/buy/?page=1&edid=3F498AA2-1CAE-128B-F418-8D3BA0711D36 HTTP/1.1" 200 98493
47.128.98.74 - - [03/Nov/2024:02:23:29 +0100] "GET /ticket2/opencms/it/buy_safety/ HTTP/1.1" 200 83918
89.58.38.9 - - [03/Nov/2024:02:23:30 +0100] "GET /ticket2/opencms/et/buy/?page=1&edid=3F963FD5-1ED2-6ECC-F4D2-23E1A97126FB HTTP/1.1" 200 101602
47.128.98.74 - - [03/Nov/2024:02:23:30 +0100] "GET /ticket2/opencms/system/modules/com.gridnine.opencms.ticketbrokerage.site/resources/css/images/event-banner.png HTTP/1.1" 404 -
89.58.38.9 - - [03/Nov/2024:02:23:33 +0100] "GET /ticket2/opencms/et/buy/?page=1&edid=3FB52ADD-0B76-D8A6-EF8F-19BF0AABB668 HTTP/1.1" 200 100939
37.123.143.11 - - [03/Nov/2024:02:23:36 +0100] "GET /ticket2/opencms/ro/sport/bilete-fotbal/english-championship HTTP/1.1" 200 93877
89.58.38.9 - - [03/Nov/2024:02:23:37 +0100] "GET /ticket2/opencms/et/buy/?page=1&edid=402D4ADF-F1A8-8EDD-0E47-FAEC0616E1C7 HTTP/1.1" 200 107779
89.58.38.9 - - [03/Nov/2024:02:23:40 +0100] "GET /ticket2/opencms/et/buy/?page=1&edid=403C6528-29E0-E7F0-69C0-963918D78FCD HTTP/1.1" 200 98502
85.208.96.193 - - [03/Nov/2024:02:23:42 +0100] "GET /ticket2/opencms/sr/about/contact/ HTTP/1.1" 200 78220
37.123.143.11 - - [03/Nov/2024:02:23:42 +0100] "GET /ticket2/opencms/ro/sport/bilete-fotbal/english-championship HTTP/1.1" 200 93824
37.123.143.11 - - [03/Nov/2024:02:23:42 +0100] "GET /ticket2/opencms/system/modules/com.gridnine.opencms.ticketbrokerage.site/resources/css/ticketbrokerage.css HTTP/1.1" 200 39339
37.123.143.11 - - [03/Nov/2024:02:23:42 +0100] "GET /ticket2/opencms/system/modules/com.gridnine.opencms.ticketbrokerage.site/resources/js/functions.js HTTP/1.1" 200 1583
37.123.143.11 - - [03/Nov/2024:02:23:42 +0100] "GET /ticket2/opencms/system/modules/com.gridnine.opencms.ticketbrokerage.site/resources/js/calendar-en.js HTTP/1.1" 200 3338
37.123.143.11 - - [03/Nov/2024:02:23:42 +0100] "GET /ticket2/opencms/system/modules/com.gridnine.opencms.ticketbrokerage.site/resources/css/calendar.css HTTP/1.1" 200 6871
37.123.143.11 - - [03/Nov/2024:02:23:42 +0100] "GET /ticket2/opencms/system/modules/com.gridnine.opencms.ticketbrokerage.site/resources/css/standard.css HTTP/1.1" 200 73073
37.123.143.11 - - [03/Nov/2024:02:23:42 +0100] "GET /ticket2/opencms/system/modules/com.gridnine.opencms.ticketbrokerage.site/resources/js/calendar.js HTTP/1.1" 200 49229
37.123.143.11 - - [03/Nov/2024:02:23:42 +0100] "GET /ticket2/opencms/system/modules/com.gridnine.opencms.ticketbrokerage.site/resources/js/calendar-setup.js HTTP/1.1" 200 4923
37.123.143.11 - - [03/Nov/2024:02:23:42 +0100] "GET /ticket2/opencms/system/modules/com.gridnine.opencms.ticketbrokerage.site/resources/js/standard.js HTTP/1.1" 200 3978
37.123.143.11 - - [03/Nov/2024:02:23:42 +0100] "GET /ticket2/opencms/system/modules/com.gridnine.opencms.ticketbrokerage.site/resources/css/images/ui-bg_flat_75_ffffff_40x100.png HTTP/1.1" 404 -
89.58.38.9 - - [03/Nov/2024:02:23:44 +0100] "GET /ticket2/opencms/et/buy/?page=1&edid=40635446-3A1B-F16A-9B72-5E5BD25B028F HTTP/1.1" 200 98517
89.58.38.9 - - [03/Nov/2024:02:23:47 +0100] "GET /ticket2/opencms/et/buy/?page=1&edid=40C0E1B7-ADB1-62A5-2AFA-BC9667D7636D HTTP/1.1" 200 98521
89.58.38.9 - - [03/Nov/2024:02:23:50 +0100] "GET /ticket2/opencms/et/buy/?page=1&edid=4100BC31-B21E-692B-10F2-5632E9B20F37 HTTP/1.1" 200 107834
114.119.145.123 - - [03/Nov/2024:02:24:01 +0100] "GET /ticket2/opencms/en/venue/?venueid=7E91A67B-DE16-8816-1A54-A7D84A4D6671 HTTP/1.1" 200 77001
47.128.24.252 - - [03/Nov/2024:02:24:18 +0100] "GET /ticket2/opencms/sl/buy/?edid=1E797748-9B66-BEC3-D169-107F37EB584B HTTP/1.1" 200 81396
157.90.209.79 - - [03/Nov/2024:02:24:23 +0100] "GET /ticket2/opencms/fr/buy/?page=1&edid=B089B4B8-933D-AB70-BE65-2A133877E5AC HTTP/1.1" 200 126315
185.191.171.1 - - [03/Nov/2024:02:24:29 +0100] "GET /ticket2/opencms/sr/ HTTP/1.1" 200 97968
52.167.144.172 - - [03/Nov/2024:02:24:43 +0100] "GET /ticket2/opencms/hu/sell/ HTTP/1.1" 302 -
47.128.18.11 - - [03/Nov/2024:02:24:44 +0100] "GET /ticket2/opencms/en/sell/?edid=84A5FE5E-FE66-D83A-8A7D-B9483A93F0F3 HTTP/1.1" 302 -
47.128.18.11 - - [03/Nov/2024:02:24:45 +0100] "GET /ticket2/opencms/en/login/?url=/en/sell/ HTTP/1.1" 200 81870
