114.119.130.178 - - [03/Nov/2024:01:19:00 +0100] "GET /ticket2/opencms/en/buy?page=1&edid=B773A16C-17D0-FE63-38DB-4710DA79D2E5 HTTP/1.1" 200 99565
87.120.166.244 - - [03/Nov/2024:01:19:02 +0100] "CONNECT google.com:443 HTTP/1.1" 400 -
157.90.209.79 - - [03/Nov/2024:01:19:04 +0100] "GET /ticket2/opencms/fi/buy?page=10&eventid=19AD6356-6E10-9C9F-9FF7-23862BF7038B HTTP/1.1" 200 92590
85.208.96.211 - - [03/Nov/2024:01:19:05 +0100] "GET /ticket2/opencms/en/sport/football-tickets/bundesliga/bochum/ HTTP/1.1" 200 85805
38.242.199.215 - - [03/Nov/2024:01:19:07 +0100] "GET /ticket2/opencms/dk/dk/buy/?page=1&edid=24A282BA-CC6E-1C13-AE23-912C708E8D54&sortorder=asc&column=section HTTP/1.1" 404 -
47.128.44.18 - - [03/Nov/2024:01:19:18 +0100] "GET /ticket2/opencms/sk/buy_safety/ HTTP/1.1" 200 81001
47.128.44.18 - - [03/Nov/2024:01:19:19 +0100] "GET /ticket2/opencms/system/modules/com.gridnine.opencms.ticketbrokerage.site/resources/css/images/event-banner.png HTTP/1.1" 404 -
38.242.199.215 - - [03/Nov/2024:01:19:24 +0100] "GET /ticket2/opencms/dk/dk/buy/?page=1&edid=27A7475E-067B-47F5-FC13-EBFAFFB17D2F&sortorder=asc&column=price HTTP/1.1" 404 -
157.90.209.79 - - [03/Nov/2024:01:19:30 +0100] "GET /ticket2/opencms/fi/buy?page=10&eventid=1C0FC89D-D539-28E4-3F58-11BCE29E4CA8 HTTP/1.1" 200 92431
47.128.120.189 - - [03/Nov/2024:01:19:30 +0100] "GET /ticket2/opencms/bg/buy/?catid=061607E6-22B7-6FFA-03FD-A4B8B13A943F&comcatid=A17713B6-D984-201A-4143-ED4DB5ED5C2E HTTP/1.1" 200 94287
47.128.61.13 - - [03/Nov/2024:01:19:30 +0100] "GET /ticket2/opencms/sr/buy/?edid=2684212B-FA50-DC4B-3CFA-1303E9638140 HTTP/1.1" 200 81862
38.242.199.215 - - [03/Nov/2024:01:19:39 +0100] "GET /ticket2/opencms/dk/dk/venue/?venueid=7DFE5FAB-A7F9-D9CB-B181-D0F227E04C90 HTTP/1.1" 404 -
66.249.73.39 - - [03/Nov/2024:01:19:41 +0100] "GET /ticket2/opencms/de/buy?page=1&edid=A492339E-0658-D77B-570A-6146F24F8C0A HTTP/1.1" 200 100796
47.128.53.249 - - [03/Nov/2024:01:19:41 +0100] "GET /ticket2/opencms/lt/sport/futbolo-bilietai/premier-league/newcastle-united HTTP/1.1" 200 97340
47.128.27.243 - - [03/Nov/2024:01:19:42 +0100] "GET /ticket2/opencms/fi/venue/?venueid=AAA2050F-EB9C-D448-55D3-9C97F26928FB HTTP/1.1" 200 78595
38.242.199.215 - - [03/Nov/2024:01:19:54 +0100] "GET /ticket2/opencms/dk/dk/venue/?venueid=8034B51E-43F2-D862-3B50-4F1B67991063 HTTP/1.1" 404 -
157.90.209.79 - - [03/Nov/2024:01:19:56 +0100] "GET /ticket2/opencms/fi/buy?page=10&eventid=29425CD0-51B2-1314-2678-3AB7A21FD119 HTTP/1.1" 200 92996
66.249.73.38 - - [03/Nov/2024:01:20:02 +0100] "GET /ticket2/opencms/de/buy?page=1&edid=1BDA6D08-38AF-6470-7423-555F9C3DEC73 HTTP/1.1" 200 102001
47.128.123.20 - - [03/Nov/2024:01:20:07 +0100] "GET /ticket2/opencms/fi/venue/?venueid=EF9A381D-E146-D5CF-CC6A-B0B8DD77CAB7 HTTP/1.1" 200 78571
38.242.199.215 - - [03/Nov/2024:01:20:10 +0100] "GET /ticket2/opencms/dk/dk/venue/?venueid=811C0359-3C33-A4FE-B62F-0F71E1D5271C HTTP/1.1" 404 -
114.119.130.91 - - [03/Nov/2024:01:20:19 +0100] "GET /ticket2/opencms/en/?comcatid=A17713B6-D984-201A-4143-ED4DB5ED5C2E&catid=FF8D7FE7-4B09-7305-01C7-2D47F7913EB8 HTTP/1.1" 200 95593
157.90.209.79 - - [03/Nov/2024:01:20:22 +0100] "GET /ticket2/opencms/fi/buy?page=10&eventid=8089A138-5EE7-E43F-C342-AAB9352CA1D1 HTTP/1.1" 200 91625
47.128.51.33 - - [03/Nov/2024:01:20:22 +0100] "GET /ticket2/opencms/fi/venue/?venueid=DABDC4D6-A186-DAE6-C644-5DB9CB011EEC HTTP/1.1" 200 78668
38.242.199.215 - - [03/Nov/2024:01:20:24 +0100] "GET /ticket2/opencms/dk/dk/venue/?venueid=81575406-737A-D887-8BD9-C8B79507FB55 HTTP/1.1" 404 -
47.128.21.88 - - [03/Nov/2024:01:20:31 +0100] "GET /ticket2/opencms/mo/buy/?catid=A3372871-3019-08B8-80CE-74B78F441ACA&comcatid=A17713B6-D984-201A-4143-ED4DB5ED5C2E HTTP/1.1" 200 94518
38.242.199.215 - - [03/Nov/2024:01:20:33 +0100] "GET /ticket2/opencms/dk/dk/venue/?venueid=823F5427-3F19-16AC-CDB6-E04B20BCA5D8 HTTP/1.1" 404 -
185.191.171.7 - - [03/Nov/2024:01:20:34 +0100] "GET /ticket2/opencms/be/about/press/ HTTP/1.1" 200 80885
38.242.199.215 - - [03/Nov/2024:01:20:39 +0100] "GET /ticket2/opencms/dk/dk/venue/?venueid=8297690D-E4E6-1024-2FFF-C5755F6E0B09 HTTP/1.1" 404 -
157.90.209.79 - - [03/Nov/2024:01:20:48 +0100] "GET /ticket2/opencms/fi/buy?page=10&eventid=B45AC244-DB10-0539-6625-12AA68C37378 HTTP/1.1" 200 91309
38.242.199.215 - - [03/Nov/2024:01:20:48 +0100] "GET /ticket2/opencms/dk/dk/venue/?venueid=82FB56D9-9B89-D5E4-78CF-E614F920BBA7 HTTP/1.1" 404 -
66.249.73.37 - - [03/Nov/2024:01:20:52 +0100] "GET /ticket2/opencms/de/buy?page=1&edid=C8E47E46-ADCD-586A-7BE4-CF1C96256B2D HTTP/1.1" 200 125613
66.249.73.38 - - [03/Nov/2024:01:20:54 +0100] "GET /ticket2/opencms/de/buy?page=1&edid=8DD5F074-9C3D-F268-0681-07FE736DEB63 HTTP/1.1" 200 101223
47.128.16.45 - - [03/Nov/2024:01:20:55 +0100] "GET /ticket2/opencms/fi/venue/?venueid=842722E9-5FE1-5D36-B4BC-7C6A76B1894C HTTP/1.1" 200 78572
38.242.199.215 - - [03/Nov/2024:01:20:57 +0100] "GET /ticket2/opencms/dk/dk/venue/?venueid=833EE714-5CC6-404C-2A30-322EF84052D6 HTTP/1.1" 404 -
54.36.148.75 - - [03/Nov/2024:01:20:59 +0100] "GET /ticket2/opencms/de/magazine/article?title=la-liga-real-madrid-hat-die-meisten-titel-gewonnen HTTP/1.1" 200 82274
47.128.29.136 - - [03/Nov/2024:01:21:03 +0100] "GET /ticket2/opencms/mk/buy?page=10&venueid=00240B1E-8538-03A9-D9EC-46848A34DA12 HTTP/1.1" 404 -
38.242.199.215 - - [03/Nov/2024:01:21:06 +0100] "GET /ticket2/opencms/dk/dk/venue/?venueid=83B8B6B9-A2B4-D4CB-2D8F-CE8D0CB4BEF2 HTTP/1.1" 404 -
47.128.24.55 - - [03/Nov/2024:01:21:13 +0100] "GET /ticket2/opencms/ka/buy/?catid=3A7AEA37-903D-9533-4B33-21B0001FF1D1&comcatid=A17713B6-D984-201A-4143-ED4DB5ED5C2E HTTP/1.1" 200 95261
157.90.209.79 - - [03/Nov/2024:01:21:13 +0100] "GET /ticket2/opencms/fi/buy?page=10&eventid=FF812D0C-FCB2-7645-0CFD-1ACFB0013262 HTTP/1.1" 200 92568
114.119.159.237 - - [03/Nov/2024:01:21:13 +0100] "GET /ticket2/opencms/en/venue/?venueid=52A33FB5-B804-E5DD-350D-2FC7FDA72BA2 HTTP/1.1" 200 77024
38.242.199.215 - - [03/Nov/2024:01:21:14 +0100] "GET /ticket2/opencms/dk/dk/venue/?venueid=83D2FCB9-12EF-B122-826C-DC04BB1922D3 HTTP/1.1" 404 -
66.220.149.9 - - [03/Nov/2024:01:21:17 +0100] "GET /ticket2/opencms/en/sport/football-tickets/premier_league/liverpool/ HTTP/1.1" 200 93877
66.249.73.37 - - [03/Nov/2024:01:21:17 +0100] "GET /ticket2/opencms/de/buy?page=1&edid=2684212B-FA50-DC4B-3CFA-1303E9638140 HTTP/1.1" 200 119928
38.242.199.215 - - [03/Nov/2024:01:21:21 +0100] "GET /ticket2/opencms/dk/dk/venue/?venueid=CEBAC815-5D1D-DBE9-245F-8746AEBA6E09 HTTP/1.1" 404 -
185.191.171.2 - - [03/Nov/2024:01:21:29 +0100] "GET /ticket2/opencms/de/magazine/article?title=everton HTTP/1.1" 200 80888
185.191.171.16 - - [03/Nov/2024:01:21:29 +0100] "GET /ticket2/opencms/no/sport/fotballsbilletter/ligue_1/lille/ HTTP/1.1" 200 79042
38.242.199.215 - - [03/Nov/2024:01:21:29 +0100] "GET /ticket2/opencms/dk/dk/venue/?venueid=CEECF1E7-5F75-125A-BBD9-315FE319D489 HTTP/1.1" 404 -
38.242.199.215 - - [03/Nov/2024:01:21:37 +0100] "GET /ticket2/opencms/dk/dk/venue/?venueid=D31B494E-29D2-BF7C-6AAE-E87A4373A889 HTTP/1.1" 404 -
157.90.209.79 - - [03/Nov/2024:01:21:39 +0100] "GET /ticket2/opencms/fi/buy?page=6&comcatid=A17713B6-D984-201A-4143-ED4DB5ED5C2E&catid=E961462E-5AC2-64D6-5850-A310C9DEAA06 HTTP/1.1" 200 94708
85.208.96.199 - - [03/Nov/2024:01:21:41 +0100] "GET /ticket2/opencms/sv/magazine/om-spelare/ HTTP/1.1" 200 76561
38.242.199.215 - - [03/Nov/2024:01:21:44 +0100] "GET /ticket2/opencms/dk/dk/venue/?venueid=D4F19FB0-0B28-632C-9086-124F525CC6BE HTTP/1.1" 404 -
85.208.96.201 - - [03/Nov/2024:01:21:44 +0100] "GET /ticket2/opencms/ka/ HTTP/1.1" 200 100250
47.128.19.94 - - [03/Nov/2024:01:21:49 +0100] "GET /ticket2/opencms/ga/buy/?edid=24658CB7-0503-4139-A73F-444B9F961692 HTTP/1.1" 200 81535
38.242.199.215 - - [03/Nov/2024:01:21:57 +0100] "GET /ticket2/opencms/dk/dk/venue/?venueid=D60D6CCF-C522-9251-DD37-F7D629607D55 HTTP/1.1" 404 -
185.191.171.19 - - [03/Nov/2024:01:21:59 +0100] "GET /ticket2/opencms/tr/ HTTP/1.1" 200 97127
47.128.58.37 - - [03/Nov/2024:01:22:05 +0100] "GET /ticket2/opencms/be/buy/?comcatid=A17713B6-D984-201A-4143-ED4DB5ED5C2E&npage=6 HTTP/1.1" 200 146935
38.242.199.215 - - [03/Nov/2024:01:22:06 +0100] "GET /ticket2/opencms/dk/dk/venue/?venueid=D67BBEAA-85B5-D2EB-96E5-A5759AF56653 HTTP/1.1" 404 -
38.242.199.215 - - [03/Nov/2024:01:22:14 +0100] "GET /ticket2/opencms/dk/dk/venue/?venueid=D865EDC3-A8C8-8107-EEAE-35A140CA5350 HTTP/1.1" 404 -
185.191.171.6 - - [03/Nov/2024:01:22:14 +0100] "GET /ticket2/opencms/sv/magazine/article?title=eredivisie HTTP/1.1" 200 83555
38.242.199.215 - - [03/Nov/2024:01:22:22 +0100] "GET /ticket2/opencms/dk/dk/venue/?venueid=D88B1A2D-D4CE-4096-CB58-413C35009F84 HTTP/1.1" 404 -
37.123.143.11 - - [03/Nov/2024:01:22:22 +0100] "GET /ticket2/opencms/system/workplace/views/top_foot.jsp?wpFrame=foot HTTP/1.1" 200 1210
37.123.143.11 - - [03/Nov/2024:01:22:22 +0100] "GET /ticket2/opencms/system/workplace/commons/style/workplace.css HTTP/1.1" 200 14209
47.128.36.39 - - [03/Nov/2024:01:22:27 +0100] "GET /ticket2/opencms/lv/buy?edid=0FA491B8-88BE-348E-7FA1-9586533EE9BA HTTP/1.1" 200 81476
38.242.199.215 - - [03/Nov/2024:01:22:29 +0100] "GET /ticket2/opencms/dk/dk/venue/?venueid=E5062924-B4F3-0DE7-D5ED-74F1F93777E1 HTTP/1.1" 404 -
157.90.209.79 - - [03/Nov/2024:01:22:30 +0100] "GET /ticket2/opencms/fi/musikaalit/ HTTP/1.1" 200 84763
207.46.13.151 - - [03/Nov/2024:01:22:32 +0100] "GET /ticket2/opencms/et/buy?page=1&edid=F1463EBE-6C18-CF49-B2AE-F79868BCA4F5 HTTP/1.1" 200 130896
94.255.173.147 - - [03/Nov/2024:01:22:35 +0100] "GET /ticket2/opencms/ HTTP/1.1" 302 -
38.242.199.215 - - [03/Nov/2024:01:22:36 +0100] "GET /ticket2/opencms/dk/dk/venue/?venueid=E6204074-AB92-38FC-E60D-184F55E9757A HTTP/1.1" 404 -
94.255.173.147 - - [03/Nov/2024:01:22:37 +0100] "GET /ticket2/opencms/sv/ HTTP/1.1" 200 96367
38.242.199.215 - - [03/Nov/2024:01:22:44 +0100] "GET /ticket2/opencms/dk/dk/venue/?venueid=E649B15F-1340-1561-C110-0CA0784E39A8 HTTP/1.1" 404 -
180.110.243.14 - - [03/Nov/2024:01:22:44 +0100] "GET /ticket2/opencms/wp-login.php HTTP/1.1" 404 -
180.110.243.14 - - [03/Nov/2024:01:22:44 +0100] "GET /ticket2/opencms/en/buy/wp-login.php HTTP/1.1" 404 -
180.110.243.14 - - [03/Nov/2024:01:22:44 +0100] "GET /ticket2/opencms/en/wp-login.php HTTP/1.1" 404 -
66.249.73.37 - - [03/Nov/2024:01:22:51 +0100] "GET /ticket2/opencms/de/buy?page=1&edid=82BD6FF9-3156-636F-72F0-08C841337175 HTTP/1.1" 200 101224
38.242.199.215 - - [03/Nov/2024:01:22:54 +0100] "GET /ticket2/opencms/dk/dk/venue/?venueid=E68A45BC-0CBA-4CB6-8ECD-A427173821D5 HTTP/1.1" 404 -
157.90.209.79 - - [03/Nov/2024:01:22:56 +0100] "GET /ticket2/opencms/fi/sell/?edid=294968E7-670E-500D-EF6F-F776CC397F5A HTTP/1.1" 302 -
157.90.209.79 - - [03/Nov/2024:01:22:56 +0100] "GET /ticket2/opencms/fi/login/?url=/fi/sell/ HTTP/1.1" 200 83598
47.128.20.66 - - [03/Nov/2024:01:22:56 +0100] "GET /ticket2/opencms/lv/buy/?catid=7CF2D645-F785-0CBB-1B7C-C4711617EAAD&comcatid=A17713B6-D984-201A-4143-ED4DB5ED5C2E HTTP/1.1" 200 93804
38.242.199.215 - - [03/Nov/2024:01:23:01 +0100] "GET /ticket2/opencms/dk/dk/venue/?venueid=F8EE04D9-FF8B-E586-DEA9-50570FBD5731 HTTP/1.1" 404 -
85.208.96.197 - - [03/Nov/2024:01:23:09 +0100] "GET /ticket2/opencms/nl/legal_info/ HTTP/1.1" 200 77345
38.242.199.215 - - [03/Nov/2024:01:23:10 +0100] "GET /ticket2/opencms/dk/dk/venue/?venueid=FBF908CA-E5E9-0B3B-ECCB-170450BBE3A3 HTTP/1.1" 404 -
38.242.199.215 - - [03/Nov/2024:01:23:14 +0100] "GET /ticket2/opencms/dk/en/buy/?page=1&edid=00C1D740-19CA-DE2A-304E-0064B72FA18D HTTP/1.1" 404 -
38.242.199.215 - - [03/Nov/2024:01:23:18 +0100] "GET /ticket2/opencms/dk/en/buy/?page=1&edid=00C1D740-19CA-DE2A-304E-0064B72FA18D&sortorder=desc&column=section HTTP/1.1" 404 -
157.90.209.79 - - [03/Nov/2024:01:23:21 +0100] "GET /ticket2/opencms/fi/sell/?edid=2A51ECF8-5DB5-F349-CC30-BF574AC78AE1 HTTP/1.1" 302 -
157.90.209.79 - - [03/Nov/2024:01:23:22 +0100] "GET /ticket2/opencms/fi/login/?url=/fi/sell/ HTTP/1.1" 200 83598
185.191.171.11 - - [03/Nov/2024:01:23:22 +0100] "GET /ticket2/opencms/sites/ticketbrokerage/nl/legal_info/ HTTP/1.1" 404 -
38.242.199.215 - - [03/Nov/2024:01:23:23 +0100] "GET /ticket2/opencms/dk/en/buy/?page=1&edid=0139FA24-737E-1DAB-32CD-535D51C7669A HTTP/1.1" 404 -
66.220.149.43 - - [03/Nov/2024:01:23:24 +0100] "GET /ticket2/opencms/robots.txt HTTP/1.1" 200 773
66.220.149.2 - - [03/Nov/2024:01:23:26 +0100] "GET /ticket2/opencms/system/modules/com.gridnine.opencms.ticketbrokerage.site/resources/pics/bank_logo_sv.jpg HTTP/1.1" 200 24705
38.242.199.215 - - [03/Nov/2024:01:23:27 +0100] "GET /ticket2/opencms/dk/en/buy/?page=1&edid=0139FA24-737E-1DAB-32CD-535D51C7669A&sortorder=desc&column=price HTTP/1.1" 404 -
38.242.199.215 - - [03/Nov/2024:01:23:32 +0100] "GET /ticket2/opencms/dk/en/buy/?page=1&edid=0139FA24-737E-1DAB-32CD-535D51C7669A&sortorder=desc&column=row HTTP/1.1" 404 -
38.242.199.215 - - [03/Nov/2024:01:23:36 +0100] "GET /ticket2/opencms/dk/en/buy/?page=1&edid=0139FA24-737E-1DAB-32CD-535D51C7669A&sortorder=desc&column=section HTTP/1.1" 404 -
38.242.199.215 - - [03/Nov/2024:01:23:40 +0100] "GET /ticket2/opencms/dk/en/buy/?page=1&edid=023AD109-F894-EFD4-D5CA-0D6D561D2D6F&sortorder=desc&column=row HTTP/1.1" 404 -
38.242.199.215 - - [03/Nov/2024:01:23:45 +0100] "GET /ticket2/opencms/dk/en/buy/?page=1&edid=03C3F759-824A-90E7-D09D-AD5EA21FB080&sortorder=desc&column=price HTTP/1.1" 404 -
157.90.209.79 - - [03/Nov/2024:01:23:47 +0100] "GET /ticket2/opencms/fi/sell/?edid=403B436C-97BC-2EFB-A98B-42727D330360 HTTP/1.1" 302 -
157.90.209.79 - - [03/Nov/2024:01:23:47 +0100] "GET /ticket2/opencms/fi/login/?url=/fi/sell/ HTTP/1.1" 200 83598
47.128.60.172 - - [03/Nov/2024:01:23:48 +0100] "GET /ticket2/opencms/mt/buy/?catid=FF8D7FE7-4B09-7305-01C7-2D47F7913EB8&comcatid=A17713B6-D984-201A-4143-ED4DB5ED5C2E HTTP/1.1" 200 93842
38.242.199.215 - - [03/Nov/2024:01:23:49 +0100] "GET /ticket2/opencms/dk/en/buy/?page=1&edid=03C3F759-824A-90E7-D09D-AD5EA21FB080&sortorder=desc&column=row HTTP/1.1" 404 -
47.128.24.92 - - [03/Nov/2024:01:23:50 +0100] "GET /ticket2/opencms/mk/buy?catid=8C381435-A1E8-94AF-2C58-D133FCA44A31&comcatid=66708183-7480-3365-06BF-DBF60280AB45&page=7 HTTP/1.1" 404 -
38.242.199.215 - - [03/Nov/2024:01:23:52 +0100] "GET /ticket2/opencms/dk/en/buy/?page=1&edid=03C3F759-824A-90E7-D09D-AD5EA21FB080&sortorder=desc&column=section HTTP/1.1" 404 -
38.242.199.215 - - [03/Nov/2024:01:23:57 +0100] "GET /ticket2/opencms/dk/en/buy/?page=1&edid=078F26BB-44F6-F896-2C35-EEFD935AEC35&sortorder=desc&column=price HTTP/1.1" 404 -
66.249.74.103 - - [03/Nov/2024:01:23:59 +0100] "GET /ticket2/opencms/dk/buy/?page=1&edid=206775FB-5EFC-40BC-11F8-888FF769B2A9 HTTP/1.1" 200 110224
38.242.199.215 - - [03/Nov/2024:01:24:01 +0100] "GET /ticket2/opencms/dk/en/buy/?page=1&edid=078F26BB-44F6-F896-2C35-EEFD935AEC35&sortorder=desc&column=row HTTP/1.1" 404 -
114.119.145.123 - - [03/Nov/2024:01:24:02 +0100] "GET /ticket2/opencms/en/buy?page=1&edid=B7610A39-4144-0BE0-019F-B5A48CCD6AC6 HTTP/1.1" 200 96919
38.242.199.215 - - [03/Nov/2024:01:24:05 +0100] "GET /ticket2/opencms/dk/en/buy/?page=1&edid=078F26BB-44F6-F896-2C35-EEFD935AEC35&sortorder=desc&column=section HTTP/1.1" 404 -
47.128.47.8 - - [03/Nov/2024:01:24:08 +0100] "GET /ticket2/opencms/ga/buy/?edid=C8C69015-BCBB-8460-663E-8B2E58614425 HTTP/1.1" 200 81535
85.208.96.208 - - [03/Nov/2024:01:24:08 +0100] "GET /ticket2/opencms/dk/sport/fodboldbilletter/premier-league/burnley/ HTTP/1.1" 200 78814
38.242.199.215 - - [03/Nov/2024:01:24:09 +0100] "GET /ticket2/opencms/dk/en/buy/?page=1&edid=07F43CF2-2AE8-D1DB-0128-AE77107A7EF9&sortorder=asc&column=row HTTP/1.1" 404 -
157.90.209.79 - - [03/Nov/2024:01:24:12 +0100] "GET /ticket2/opencms/fi/sell/?edid=490280ED-96FA-5EC6-1DCC-A75EC34A3EFC HTTP/1.1" 302 -
38.242.199.215 - - [03/Nov/2024:01:24:13 +0100] "GET /ticket2/opencms/dk/en/buy/?page=1&edid=080DEC25-34C8-7AA7-E30D-904E332D4A16&sortorder=desc&column=price HTTP/1.1" 404 -
157.90.209.79 - - [03/Nov/2024:01:24:13 +0100] "GET /ticket2/opencms/fi/login/?url=/fi/sell/ HTTP/1.1" 200 83598
38.242.199.215 - - [03/Nov/2024:01:24:16 +0100] "GET /ticket2/opencms/dk/en/buy/?page=1&edid=080DEC25-34C8-7AA7-E30D-904E332D4A16&sortorder=desc&column=row HTTP/1.1" 404 -
38.242.199.215 - - [03/Nov/2024:01:24:20 +0100] "GET /ticket2/opencms/dk/en/buy/?page=1&edid=086493B2-4FAE-720B-9DC9-31BDBD7FEDFB HTTP/1.1" 404 -
38.242.199.215 - - [03/Nov/2024:01:24:24 +0100] "GET /ticket2/opencms/dk/en/buy/?page=1&edid=086493B2-4FAE-720B-9DC9-31BDBD7FEDFB&sortorder=desc&column=price HTTP/1.1" 404 -
38.242.199.215 - - [03/Nov/2024:01:24:28 +0100] "GET /ticket2/opencms/dk/en/buy/?page=1&edid=086493B2-4FAE-720B-9DC9-31BDBD7FEDFB&sortorder=desc&column=row HTTP/1.1" 404 -
38.242.199.215 - - [03/Nov/2024:01:24:33 +0100] "GET /ticket2/opencms/dk/en/buy/?page=1&edid=086493B2-4FAE-720B-9DC9-31BDBD7FEDFB&sortorder=desc&column=section HTTP/1.1" 404 -
38.242.199.215 - - [03/Nov/2024:01:24:37 +0100] "GET /ticket2/opencms/dk/en/buy/?page=1&edid=088A691D-7690-4573-C5FC-C5459481917B&sortorder=desc&column=row HTTP/1.1" 404 -
157.90.209.79 - - [03/Nov/2024:01:24:38 +0100] "GET /ticket2/opencms/fi/sell/?edid=5841328A-911D-5943-EBD4-7800C7848F54 HTTP/1.1" 302 -
157.90.209.79 - - [03/Nov/2024:01:24:39 +0100] "GET /ticket2/opencms/fi/login/?url=/fi/sell/ HTTP/1.1" 200 83598
47.128.111.157 - - [03/Nov/2024:01:24:40 +0100] "GET /ticket2/opencms/sv/sport/fotbollsbiljetter/la_liga/athletic-bilbao/ HTTP/1.1" 200 86435
38.242.199.215 - - [03/Nov/2024:01:24:41 +0100] "GET /ticket2/opencms/dk/en/buy/?page=1&edid=1A7213A2-4C67-F6AB-BCB0-CCBDDFB42077&sortorder=desc&column=price HTTP/1.1" 404 -
47.128.111.157 - - [03/Nov/2024:01:24:41 +0100] "GET /ticket2/opencms/system/modules/com.gridnine.opencms.ticketbrokerage.site/resources/pics/banners/team/la_liga/bilbao.png HTTP/1.1" 200 72685
85.208.96.198 - - [03/Nov/2024:01:24:42 +0100] "GET /ticket2/opencms/sv/magazine/vinnare_premierleague HTTP/1.1" 200 90385
114.119.157.112 - - [03/Nov/2024:01:24:44 +0100] "GET /ticket2/opencms/en/buy/?page=1&edid=58191E9F-859F-D479-F3B3-FBCE20F76FBB HTTP/1.1" 200 99316
38.242.199.215 - - [03/Nov/2024:01:24:45 +0100] "GET /ticket2/opencms/dk/en/buy/?page=1&edid=1FCCAF41-8F72-B854-6226-730B50636E32&sortorder=desc&column=row HTTP/1.1" 404 -
38.242.199.215 - - [03/Nov/2024:01:24:48 +0100] "GET /ticket2/opencms/dk/en/buy/?page=1&edid=1FCCAF41-8F72-B854-6226-730B50636E32&sortorder=desc&column=section HTTP/1.1" 404 -
38.242.199.215 - - [03/Nov/2024:01:24:52 +0100] "GET /ticket2/opencms/dk/en/buy/?page=1&edid=1FD00E9B-3A03-E379-9B08-FF7D16F1A6A6&sortorder=desc&column=price HTTP/1.1" 404 -
66.249.73.38 - - [03/Nov/2024:01:24:53 +0100] "GET /ticket2/opencms/de/buy?page=1&edid=B164CC2E-DB9D-6E36-FD98-3C9E69D6707F HTTP/1.1" 200 101220
38.242.199.215 - - [03/Nov/2024:01:24:56 +0100] "GET /ticket2/opencms/dk/en/buy/?page=1&edid=1FD00E9B-3A03-E379-9B08-FF7D16F1A6A6&sortorder=desc&column=section HTTP/1.1" 404 -
38.242.199.215 - - [03/Nov/2024:01:25:01 +0100] "GET /ticket2/opencms/dk/en/buy/?page=1&edid=207C58FC-5F06-AACA-42F0-9B1FA63F792E HTTP/1.1" 404 -
157.90.209.79 - - [03/Nov/2024:01:25:04 +0100] "GET /ticket2/opencms/fi/sell/?edid=7DA6AFD0-1F4E-627C-789E-E465BB16D2D7 HTTP/1.1" 302 -
157.90.209.79 - - [03/Nov/2024:01:25:04 +0100] "GET /ticket2/opencms/fi/login/?url=/fi/sell/ HTTP/1.1" 200 83598
38.242.199.215 - - [03/Nov/2024:01:25:06 +0100] "GET /ticket2/opencms/dk/en/buy/?page=1&edid=207C58FC-5F06-AACA-42F0-9B1FA63F792E&sortorder=desc&column=price HTTP/1.1" 404 -
38.242.199.215 - - [03/Nov/2024:01:25:10 +0100] "GET /ticket2/opencms/dk/en/buy/?page=1&edid=207C58FC-5F06-AACA-42F0-9B1FA63F792E&sortorder=desc&column=row HTTP/1.1" 404 -
38.242.199.215 - - [03/Nov/2024:01:25:14 +0100] "GET /ticket2/opencms/dk/en/buy/?page=1&edid=2590C4CB-47EB-F4EE-50D8-146B8816D391&sortorder=desc&column=row HTTP/1.1" 404 -
47.128.61.106 - - [03/Nov/2024:01:25:15 +0100] "GET /ticket2/opencms/en/?catid=F4D223A4-C027-46DC-3DE5-726A23E30A62&comcatid=97ECA65A-72DA-F9AF-9DBB-245D3CFED1BE&page=6 HTTP/1.1" 200 95593
114.119.150.22 - - [03/Nov/2024:01:25:17 +0100] "GET /ticket2/opencms/en/?comcatid=A17713B6-D984-201A-4143-ED4DB5ED5C2E&catid=7EF04817-972D-18B1-F941-DE800D088075 HTTP/1.1" 200 95593
38.242.199.215 - - [03/Nov/2024:01:25:18 +0100] "GET /ticket2/opencms/dk/en/buy/?page=1&edid=291216E9-A94A-205B-7C67-5C0727287644&sortorder=asc&column=price HTTP/1.1" 404 -
38.242.199.215 - - [03/Nov/2024:01:25:22 +0100] "GET /ticket2/opencms/dk/en/buy/?page=1&edid=291216E9-A94A-205B-7C67-5C0727287644&sortorder=asc&column=row HTTP/1.1" 404 -
38.242.199.215 - - [03/Nov/2024:01:25:26 +0100] "GET /ticket2/opencms/dk/en/buy/?page=1&edid=291216E9-A94A-205B-7C67-5C0727287644&sortorder=asc&column=section HTTP/1.1" 404 -
157.90.209.79 - - [03/Nov/2024:01:25:29 +0100] "GET /ticket2/opencms/fi/sell/?edid=90D99CFD-1C4D-3E3E-708D-4C9851B5EDBE HTTP/1.1" 302 -
157.90.209.79 - - [03/Nov/2024:01:25:30 +0100] "GET /ticket2/opencms/fi/login/?url=/fi/sell/ HTTP/1.1" 200 83598
38.242.199.215 - - [03/Nov/2024:01:25:30 +0100] "GET /ticket2/opencms/dk/en/buy/?page=1&edid=29A77A5D-4E78-9B53-4DF0-EAC0B1A09CF9&sortorder=desc&column=price HTTP/1.1" 404 -
47.128.18.16 - - [03/Nov/2024:01:25:31 +0100] "GET /ticket2/opencms/no/buy/?catid=95AE85B5-8979-BB11-643C-430ACC6D50F9&comcatid=810BB404-4103-77F2-A6C2-12D5E6C338E2&page=7 HTTP/1.1" 200 85386
38.242.199.215 - - [03/Nov/2024:01:25:34 +0100] "GET /ticket2/opencms/dk/en/buy/?page=1&edid=29A77A5D-4E78-9B53-4DF0-EAC0B1A09CF9&sortorder=desc&column=row HTTP/1.1" 404 -
85.208.96.211 - - [03/Nov/2024:01:25:37 +0100] "GET /ticket2/opencms/ga/about/press/ HTTP/1.1" 200 80378
38.242.199.215 - - [03/Nov/2024:01:25:38 +0100] "GET /ticket2/opencms/dk/en/buy/?page=1&edid=365B462D-950D-A29D-C141-23BF6375DC09&sortorder=desc&column=row HTTP/1.1" 404 -
38.242.199.215 - - [03/Nov/2024:01:25:42 +0100] "GET /ticket2/opencms/dk/en/buy/?page=1&edid=365B462D-950D-A29D-C141-23BF6375DC09&sortorder=desc&column=section HTTP/1.1" 404 -
38.242.199.215 - - [03/Nov/2024:01:25:46 +0100] "GET /ticket2/opencms/dk/en/buy/?page=1&edid=384F3237-D2B6-BEF2-34F0-9A31FA51988F HTTP/1.1" 404 -
38.242.199.215 - - [03/Nov/2024:01:25:49 +0100] "GET /ticket2/opencms/dk/en/buy/?page=1&edid=43F97FC3-DD1B-BB64-23DC-A40478F1B0B5&sortorder=asc&column=section HTTP/1.1" 404 -
89.188.14.4 - - [03/Nov/2024:01:25:50 +0100] "GET /ticket2/opencms/robots.txt HTTP/1.1" 200 773
89.188.14.4 - - [03/Nov/2024:01:25:50 +0100] "GET /ticket2/opencms/nl/about/contact HTTP/1.1" 200 79107
38.242.199.215 - - [03/Nov/2024:01:25:54 +0100] "GET /ticket2/opencms/dk/en/buy/?page=1&edid=47765F02-5EE4-F2A0-55C6-9B445E387E6A&sortorder=asc&column=row HTTP/1.1" 404 -
157.90.209.79 - - [03/Nov/2024:01:25:55 +0100] "GET /ticket2/opencms/fi/sell/?edid=A50C9DBA-FE79-ABA2-A67C-ED9083C7A802 HTTP/1.1" 302 -
157.90.209.79 - - [03/Nov/2024:01:25:55 +0100] "GET /ticket2/opencms/fi/login/?url=/fi/sell/ HTTP/1.1" 200 83598
38.242.199.215 - - [03/Nov/2024:01:25:58 +0100] "GET /ticket2/opencms/dk/en/buy/?page=1&edid=4961B68B-E2F1-61D5-B295-903400F60330&sortorder=desc&column=section HTTP/1.1" 404 -
185.191.171.18 - - [03/Nov/2024:01:26:02 +0100] "GET /ticket2/opencms/robots.txt HTTP/1.1" 200 773
66.249.73.38 - - [03/Nov/2024:01:26:02 +0100] "GET /ticket2/opencms/de/buy?page=1&edid=CB90B18C-10D2-A7D7-34F0-9F8E61AEE4C6 HTTP/1.1" 200 101452
85.208.96.198 - - [03/Nov/2024:01:26:02 +0100] "GET /ticket2/opencms/nl/sport/voetbal-tickets/serie_a/atalanta/ HTTP/1.1" 200 86614
38.242.199.215 - - [03/Nov/2024:01:26:04 +0100] "GET /ticket2/opencms/dk/en/buy/?page=1&edid=4D9E9B53-D6C2-EBD3-ECBD-EC61B335C986&sortorder=desc&column=section HTTP/1.1" 404 -
111.119.213.96 - - [03/Nov/2024:01:26:06 +0100] "GET /ticket2/opencms/az/buy/?page=1&edid=077A4D05-90D5-AF2A-B689-A4F52E73EBA2 HTTP/1.1" 200 131156
66.249.65.107 - - [03/Nov/2024:01:26:07 +0100] "GET /ticket2/opencms/ HTTP/1.1" 302 -
38.242.199.215 - - [03/Nov/2024:01:26:08 +0100] "GET /ticket2/opencms/dk/en/buy/?page=1&edid=4E2597DA-C869-348A-3964-62CB577E6ED9&sortorder=desc&column=price HTTP/1.1" 404 -
66.249.65.106 - - [03/Nov/2024:01:26:09 +0100] "GET /ticket2/opencms/en/ HTTP/1.1" 200 95593
66.249.65.105 - - [03/Nov/2024:01:26:12 +0100] "GET /ticket2/opencms/system/modules/com.gridnine.opencms.ticketbrokerage.site/resources/js/jquery/jquery-ui.js HTTP/1.1" 200 228088
38.242.199.215 - - [03/Nov/2024:01:26:12 +0100] "GET /ticket2/opencms/dk/en/buy/?page=1&edid=6750BD34-C29C-E045-3680-25A7647342F8&sortorder=asc&column=price HTTP/1.1" 404 -
114.119.140.111 - - [03/Nov/2024:01:26:13 +0100] "GET /ticket2/opencms/en/venue/?venueid=49391045-8C61-FC04-D66B-30CA890C2B86 HTTP/1.1" 200 77019
66.249.65.106 - - [03/Nov/2024:01:26:13 +0100] "GET /ticket2/opencms/system/modules/com.gridnine.opencms.ticketbrokerage.site/resources/css/jquery-ui.css HTTP/1.1" 200 33221
38.242.199.215 - - [03/Nov/2024:01:26:16 +0100] "GET /ticket2/opencms/dk/en/buy/?page=1&edid=6750BD34-C29C-E045-3680-25A7647342F8&sortorder=asc&column=row HTTP/1.1" 404 -
66.249.65.105 - - [03/Nov/2024:01:26:16 +0100] "GET /ticket2/opencms/system/modules/com.gridnine.opencms.ticketbrokerage.site/resources/css/jquery.fancybox.css HTTP/1.1" 200 4939
66.249.65.105 - - [03/Nov/2024:01:26:18 +0100] "GET /ticket2/opencms/system/modules/com.gridnine.opencms.ticketbrokerage.site/resources/js/jquery/jquery.js HTTP/1.1" 200 93868
38.242.199.215 - - [03/Nov/2024:01:26:19 +0100] "GET /ticket2/opencms/dk/en/buy/?page=1&edid=6750BD34-C29C-E045-3680-25A7647342F8&sortorder=asc&column=section HTTP/1.1" 404 -
157.90.209.79 - - [03/Nov/2024:01:26:20 +0100] "GET /ticket2/opencms/fi/sell/?edid=B5480FEC-C7FC-18FB-0EEB-9717E2722B5A HTTP/1.1" 302 -
157.90.209.79 - - [03/Nov/2024:01:26:21 +0100] "GET /ticket2/opencms/fi/login/?url=/fi/sell/ HTTP/1.1" 200 83598
66.249.65.105 - - [03/Nov/2024:01:26:21 +0100] "GET /ticket2/opencms/system/modules/com.gridnine.opencms.ticketbrokerage.site/resources/js/jquery.placeholder.min.js HTTP/1.1" 200 1737
38.242.199.215 - - [03/Nov/2024:01:26:23 +0100] "GET /ticket2/opencms/dk/en/buy/?page=1&edid=6750BD34-C29C-E045-3680-25A7647342F8&sortorder=desc&column=price HTTP/1.1" 404 -
66.249.65.105 - - [03/Nov/2024:01:26:23 +0100] "GET /ticket2/opencms/system/modules/com.gridnine.opencms.ticketbrokerage.site/resources/js/common-ajax.js HTTP/1.1" 200 20175
38.242.199.215 - - [03/Nov/2024:01:26:26 +0100] "GET /ticket2/opencms/dk/en/buy/?page=1&edid=6750BD34-C29C-E045-3680-25A7647342F8&sortorder=desc&column=row HTTP/1.1" 404 -
47.128.20.155 - - [03/Nov/2024:01:26:26 +0100] "GET /ticket2/opencms/bg/buy/?edid=2C495116-CB98-C9E3-B9E8-389135800397 HTTP/1.1" 200 81909
38.242.199.215 - - [03/Nov/2024:01:26:30 +0100] "GET /ticket2/opencms/dk/en/buy/?page=1&edid=6750BD34-C29C-E045-3680-25A7647342F8&sortorder=desc&column=section HTTP/1.1" 404 -
207.46.13.54 - - [03/Nov/2024:01:26:32 +0100] "GET /ticket2/opencms/ga/buy?page=1&edid=5E608C7A-903B-E4BB-4868-5D83917347B8 HTTP/1.1" 200 135096
38.242.199.215 - - [03/Nov/2024:01:26:33 +0100] "GET /ticket2/opencms/dk/en/buy/?page=1&edid=682A816D-9070-E6C6-C676-2ACFE897C701&sortorder=desc&column=section HTTP/1.1" 404 -
47.128.43.71 - - [03/Nov/2024:01:26:36 +0100] "GET /ticket2/opencms/az/buy?edid=01E41408-AB56-3A6A-EAEA-5426D6E9DD0E HTTP/1.1" 200 81540
38.242.199.215 - - [03/Nov/2024:01:26:37 +0100] "GET /ticket2/opencms/dk/en/buy/?page=1&edid=6A43F8D3-6C08-1A6B-295A-4C0DB5B83462&sortorder=desc&column=price HTTP/1.1" 404 -
85.208.96.205 - - [03/Nov/2024:01:26:39 +0100] "GET /ticket2/opencms/nl/sport/voetbal-tickets/serie_a/bologna/ HTTP/1.1" 200 78488
38.242.199.215 - - [03/Nov/2024:01:26:40 +0100] "GET /ticket2/opencms/dk/en/buy/?page=1&edid=6C4D36C5-EFA1-F636-4F3C-C14C85BECB14&sortorder=asc&column=price HTTP/1.1" 404 -
38.242.199.215 - - [03/Nov/2024:01:26:44 +0100] "GET /ticket2/opencms/dk/en/buy/?page=1&edid=6C4D36C5-EFA1-F636-4F3C-C14C85BECB14&sortorder=asc&column=row HTTP/1.1" 404 -
157.90.209.79 - - [03/Nov/2024:01:26:46 +0100] "GET /ticket2/opencms/fi/sell/?edid=BBF51855-649C-7AAC-A9CD-362F8BD9BD25 HTTP/1.1" 302 -
52.167.144.222 - - [03/Nov/2024:01:26:46 +0100] "GET /ticket2/opencms/sv/sport/fotbollsbiljetter/premier_league/newcastle-united/ HTTP/1.1" 200 88919
157.90.209.79 - - [03/Nov/2024:01:26:46 +0100] "GET /ticket2/opencms/fi/login/?url=/fi/sell/ HTTP/1.1" 200 83598
38.242.199.215 - - [03/Nov/2024:01:26:47 +0100] "GET /ticket2/opencms/dk/en/buy/?page=1&edid=6CB5D9E4-34AD-0DB6-333B-1A3A8EB0FB6F&sortorder=desc&column=row HTTP/1.1" 404 -
38.242.199.215 - - [03/Nov/2024:01:26:51 +0100] "GET /ticket2/opencms/dk/en/buy/?page=1&edid=6CB5D9E4-34AD-0DB6-333B-1A3A8EB0FB6F&sortorder=desc&column=section HTTP/1.1" 404 -
85.208.96.193 - - [03/Nov/2024:01:26:54 +0100] "GET /ticket2/opencms/no/sport/fotballsbilletter/premier_league/norwich/ HTTP/1.1" 200 81074
38.242.199.215 - - [03/Nov/2024:01:26:54 +0100] "GET /ticket2/opencms/dk/en/buy/?page=1&edid=6F1254ED-AA70-3C5E-BDAB-F2033DFDDDB9&sortorder=asc&column=price HTTP/1.1" 404 -
47.128.32.52 - - [03/Nov/2024:01:26:58 +0100] "GET /ticket2/opencms/pl/login HTTP/1.1" 200 83273
38.242.199.215 - - [03/Nov/2024:01:26:59 +0100] "GET /ticket2/opencms/dk/en/buy/?page=1&edid=6F1254ED-AA70-3C5E-BDAB-F2033DFDDDB9&sortorder=asc&column=row HTTP/1.1" 404 -
47.128.32.52 - - [03/Nov/2024:01:26:59 +0100] "GET /ticket2/opencms/system/modules/com.gridnine.opencms.ticketbrokerage.site/resources/pics/button1_left.gif HTTP/1.1" 200 232
47.128.32.52 - - [03/Nov/2024:01:27:00 +0100] "GET /ticket2/opencms/system/modules/com.gridnine.opencms.ticketbrokerage.site/resources/pics/form_marker.gif HTTP/1.1" 200 43
47.128.32.52 - - [03/Nov/2024:01:27:00 +0100] "GET /ticket2/opencms/system/modules/com.gridnine.opencms.ticketbrokerage.site/resources/pics/button1_center.gif HTTP/1.1" 200 66
47.128.32.52 - - [03/Nov/2024:01:27:00 +0100] "GET /ticket2/opencms/system/modules/com.gridnine.opencms.ticketbrokerage.site/resources/pics/button1_right.gif HTTP/1.1" 200 232
66.249.65.106 - - [03/Nov/2024:01:27:01 +0100] "GET /ticket2/opencms/venue/st_marys_stadium.png HTTP/1.1" 200 93178
38.242.199.215 - - [03/Nov/2024:01:27:02 +0100] "GET /ticket2/opencms/dk/en/buy/?page=1&edid=6F1254ED-AA70-3C5E-BDAB-F2033DFDDDB9&sortorder=asc&column=section HTTP/1.1" 404 -
38.242.199.215 - - [03/Nov/2024:01:27:08 +0100] "GET /ticket2/opencms/dk/en/buy/?page=1&edid=70206ABB-C0B8-14C4-759D-8724BD4F997B&sortorder=desc&column=section HTTP/1.1" 404 -
157.90.209.79 - - [03/Nov/2024:01:27:11 +0100] "GET /ticket2/opencms/fi/sell/?edid=DE5B6A64-DD53-E533-1C9F-682C000226C9 HTTP/1.1" 302 -
157.90.209.79 - - [03/Nov/2024:01:27:12 +0100] "GET /ticket2/opencms/fi/login/?url=/fi/sell/ HTTP/1.1" 200 83598
38.242.199.215 - - [03/Nov/2024:01:27:12 +0100] "GET /ticket2/opencms/dk/en/buy/?page=1&edid=71F4B3AC-4D73-186A-EB10-1663B04184B6&sortorder=desc&column=section HTTP/1.1" 404 -
38.242.199.215 - - [03/Nov/2024:01:27:16 +0100] "GET /ticket2/opencms/dk/en/buy/?page=1&edid=7252A51A-97AC-D81E-2DC0-946206EF80FD&sortorder=desc&column=price HTTP/1.1" 404 -
38.242.199.215 - - [03/Nov/2024:01:27:20 +0100] "GET /ticket2/opencms/dk/en/buy/?page=1&edid=742CE524-9C3D-91F4-FC16-F3903E8D84E4 HTTP/1.1" 404 -
47.128.63.250 - - [03/Nov/2024:01:27:21 +0100] "GET /ticket2/opencms/hr/buy/?catid=AE3FE643-AE41-BAA6-237D-5206D1B044A1&comcatid=A17713B6-D984-201A-4143-ED4DB5ED5C2E HTTP/1.1" 200 93762
85.208.96.209 - - [03/Nov/2024:01:27:22 +0100] "GET /ticket2/opencms/sv/sport/fotbollsbiljetter/uefa-champions-league/shakhtar_donetsk/ HTTP/1.1" 200 79381
37.123.143.11 - - [03/Nov/2024:01:27:22 +0100] "GET /ticket2/opencms/system/workplace/views/top_foot.jsp?wpFrame=foot HTTP/1.1" 200 1210
37.123.143.11 - - [03/Nov/2024:01:27:22 +0100] "GET /ticket2/opencms/system/workplace/commons/style/workplace.css HTTP/1.1" 200 14209
38.242.199.215 - - [03/Nov/2024:01:27:23 +0100] "GET /ticket2/opencms/dk/en/buy/?page=1&edid=77C804D3-5389-20BB-FE82-30898E8F1185&sortorder=desc&column=section HTTP/1.1" 404 -
38.242.199.215 - - [03/Nov/2024:01:27:27 +0100] "GET /ticket2/opencms/dk/en/buy/?page=1&edid=79B1C579-9EED-0F82-FA86-4C612C45B721&sortorder=desc&column=row HTTP/1.1" 404 -
38.242.199.215 - - [03/Nov/2024:01:27:30 +0100] "GET /ticket2/opencms/dk/en/buy/?page=1&edid=79B1C579-9EED-0F82-FA86-4C612C45B721&sortorder=desc&column=section HTTP/1.1" 404 -
38.242.199.215 - - [03/Nov/2024:01:27:34 +0100] "GET /ticket2/opencms/dk/en/buy/?page=1&edid=7EB7D19E-C990-6DA8-8C2A-EF97BD202DB8 HTTP/1.1" 404 -
157.90.209.79 - - [03/Nov/2024:01:27:37 +0100] "GET /ticket2/opencms/fi/sell/?edid=EBF1342E-BB1A-F042-231F-198A898B67BA HTTP/1.1" 302 -
157.90.209.79 - - [03/Nov/2024:01:27:37 +0100] "GET /ticket2/opencms/fi/login/?url=/fi/sell/ HTTP/1.1" 200 83598
38.242.199.215 - - [03/Nov/2024:01:27:38 +0100] "GET /ticket2/opencms/dk/en/buy/?page=1&edid=7EB7D19E-C990-6DA8-8C2A-EF97BD202DB8&sortorder=desc&column=price HTTP/1.1" 404 -
38.242.199.215 - - [03/Nov/2024:01:27:41 +0100] "GET /ticket2/opencms/dk/en/buy/?page=1&edid=8054CD87-01BB-2D33-3645-199AA72AE656&sortorder=desc&column=row HTTP/1.1" 404 -
38.242.199.215 - - [03/Nov/2024:01:27:44 +0100] "GET /ticket2/opencms/dk/en/buy/?page=1&edid=8054CD87-01BB-2D33-3645-199AA72AE656&sortorder=desc&column=section HTTP/1.1" 404 -
47.128.111.101 - - [03/Nov/2024:01:27:46 +0100] "GET /ticket2/opencms/fi/venue/?venueid=C5834F34-3BBB-2A93-0E8E-D95E38C86A64 HTTP/1.1" 200 78583
38.242.199.215 - - [03/Nov/2024:01:27:48 +0100] "GET /ticket2/opencms/dk/en/buy/?page=1&edid=8124925D-02E4-C992-3295-AAF8E791AD8B&sortorder=asc&column=row HTTP/1.1" 404 -
38.242.199.215 - - [03/Nov/2024:01:27:51 +0100] "GET /ticket2/opencms/dk/en/buy/?page=1&edid=8124925D-02E4-C992-3295-AAF8E791AD8B&sortorder=asc&column=section HTTP/1.1" 404 -
38.242.199.215 - - [03/Nov/2024:01:27:55 +0100] "GET /ticket2/opencms/dk/en/buy/?page=1&edid=8124925D-02E4-C992-3295-AAF8E791AD8B&sortorder=desc&column=price HTTP/1.1" 404 -
38.242.199.215 - - [03/Nov/2024:01:27:58 +0100] "GET /ticket2/opencms/dk/en/buy/?page=1&edid=89426793-268A-C03E-4926-A9BF00570688&sortorder=asc&column=section HTTP/1.1" 404 -
47.128.121.39 - - [03/Nov/2024:01:27:59 +0100] "GET /ticket2/opencms/tr/buy?page=10 HTTP/1.1" 302 -
47.128.121.39 - - [03/Nov/2024:01:28:00 +0100] "GET /ticket2/opencms/es/buy/ HTTP/1.1" 200 79196
38.242.199.215 - - [03/Nov/2024:01:28:02 +0100] "GET /ticket2/opencms/dk/en/buy/?page=1&edid=89426793-268A-C03E-4926-A9BF00570688&sortorder=desc&column=row HTTP/1.1" 404 -
157.90.209.79 - - [03/Nov/2024:01:28:02 +0100] "GET /ticket2/opencms/fi/sell/?edid=FA047031-F510-E911-0280-BC3ADCB159FC HTTP/1.1" 302 -
157.90.209.79 - - [03/Nov/2024:01:28:03 +0100] "GET /ticket2/opencms/fi/login/?url=/fi/sell/ HTTP/1.1" 200 83598
38.242.199.215 - - [03/Nov/2024:01:28:06 +0100] "GET /ticket2/opencms/dk/en/buy/?page=1&edid=91A90965-919C-FABC-5A4B-CBD685A20054&sortorder=asc&column=row HTTP/1.1" 404 -
38.242.199.215 - - [03/Nov/2024:01:28:09 +0100] "GET /ticket2/opencms/dk/en/buy/?page=1&edid=91A90965-919C-FABC-5A4B-CBD685A20054&sortorder=asc&column=section HTTP/1.1" 404 -
47.128.34.7 - - [03/Nov/2024:01:28:10 +0100] "GET /ticket2/opencms/lt/buy/?catid=D8B345C9-F7A5-E620-4B43-C34EB0D6885B&comcatid=A17713B6-D984-201A-4143-ED4DB5ED5C2E&npage=2 HTTP/1.1" 200 122073
38.242.199.215 - - [03/Nov/2024:01:28:12 +0100] "GET /ticket2/opencms/dk/en/buy/?page=1&edid=91A90965-919C-FABC-5A4B-CBD685A20054&sortorder=desc&column=price HTTP/1.1" 404 -
38.242.199.215 - - [03/Nov/2024:01:28:16 +0100] "GET /ticket2/opencms/dk/en/buy/?page=1&edid=91A90965-919C-FABC-5A4B-CBD685A20054&sortorder=desc&column=row HTTP/1.1" 404 -
85.208.96.194 - - [03/Nov/2024:01:28:17 +0100] "GET /ticket2/opencms/fi/urheilu/jalkapallo/la-liga/real-madrid/ HTTP/1.1" 200 95762
38.242.199.215 - - [03/Nov/2024:01:28:19 +0100] "GET /ticket2/opencms/dk/en/buy/?page=1&edid=91A90965-919C-FABC-5A4B-CBD685A20054&sortorder=desc&column=section HTTP/1.1" 404 -
38.242.199.215 - - [03/Nov/2024:01:28:23 +0100] "GET /ticket2/opencms/dk/en/buy/?page=1&edid=927CFF13-9013-2F2C-4FCC-0B47A5F27F40 HTTP/1.1" 404 -
216.244.66.238 - - [03/Nov/2024:01:28:23 +0100] "GET /ticket2/opencms/en/buy?page=1&edid=16D8D8B6-E3B7-19D1-2440-03B3A2E90B73 HTTP/1.1" 200 96251
38.242.199.215 - - [03/Nov/2024:01:28:26 +0100] "GET /ticket2/opencms/dk/en/buy/?page=1&edid=927CFF13-9013-2F2C-4FCC-0B47A5F27F40&sortorder=desc&column=price HTTP/1.1" 404 -
157.90.209.79 - - [03/Nov/2024:01:28:28 +0100] "GET /ticket2/opencms/fi/sell/?edid=FC797166-D971-D25F-0FB0-A6DA82828914 HTTP/1.1" 302 -
157.90.209.79 - - [03/Nov/2024:01:28:28 +0100] "GET /ticket2/opencms/fi/login/?url=/fi/sell/ HTTP/1.1" 200 83598
38.242.199.215 - - [03/Nov/2024:01:28:30 +0100] "GET /ticket2/opencms/dk/en/buy/?page=1&edid=927CFF13-9013-2F2C-4FCC-0B47A5F27F40&sortorder=desc&column=row HTTP/1.1" 404 -
157.55.39.194 - - [03/Nov/2024:01:28:32 +0100] "GET /ticket2/opencms/de/sport/fussball-tickets/la_liga/sevilla/ HTTP/1.1" 200 96191
38.242.199.215 - - [03/Nov/2024:01:28:33 +0100] "GET /ticket2/opencms/dk/en/buy/?page=1&edid=927CFF13-9013-2F2C-4FCC-0B47A5F27F40&sortorder=desc&column=section HTTP/1.1" 404 -
52.167.144.192 - - [03/Nov/2024:01:28:34 +0100] "GET /ticket2/opencms/nl/ HTTP/1.1" 200 94965
52.167.144.222 - - [03/Nov/2024:01:28:36 +0100] "GET /ticket2/opencms/en/buy?page=1&edid=C366C977-F4D2-AE4C-D9D7-F89B68AEF3EF HTTP/1.1" 200 96894
38.242.199.215 - - [03/Nov/2024:01:28:37 +0100] "GET /ticket2/opencms/dk/en/buy/?page=1&edid=95E007D5-25CA-9121-053F-A2EA38C3B4AE&sortorder=desc&column=price HTTP/1.1" 404 -
38.242.199.215 - - [03/Nov/2024:01:28:40 +0100] "GET /ticket2/opencms/dk/en/buy/?page=1&edid=95E007D5-25CA-9121-053F-A2EA38C3B4AE&sortorder=desc&column=section HTTP/1.1" 404 -
38.242.199.215 - - [03/Nov/2024:01:28:44 +0100] "GET /ticket2/opencms/dk/en/buy/?page=1&edid=963219A7-E7A4-B62C-96E6-73E898823459 HTTP/1.1" 404 -
47.128.98.235 - - [03/Nov/2024:01:28:45 +0100] "GET /ticket2/opencms/ga/buy/?edid=3D90558B-59E5-DB4E-10D0-F79B6C89B78E HTTP/1.1" 200 81535
38.242.199.215 - - [03/Nov/2024:01:28:47 +0100] "GET /ticket2/opencms/dk/en/buy/?page=1&edid=96B48FE4-6278-885E-44BD-046B8BD45A57&sortorder=desc&column=row HTTP/1.1" 404 -
216.244.66.238 - - [03/Nov/2024:01:28:50 +0100] "GET /ticket2/opencms/pl/buy?page=1&edid=EE5FBB3F-5DE5-7AF4-5DB6-F4D1706153C7 HTTP/1.1" 200 101870
38.242.199.215 - - [03/Nov/2024:01:28:50 +0100] "GET /ticket2/opencms/dk/en/buy/?page=1&edid=9AFE2803-9D25-C6E6-8BD9-C9F1130FF6D1&sortorder=desc&column=price HTTP/1.1" 404 -
157.90.209.79 - - [03/Nov/2024:01:28:53 +0100] "GET /ticket2/opencms/fi/urheilu HTTP/1.1" 200 83363
38.242.199.215 - - [03/Nov/2024:01:28:54 +0100] "GET /ticket2/opencms/dk/en/buy/?page=1&edid=9B5FF650-6073-5E8D-792C-56A70F14541A&sortorder=desc&column=section HTTP/1.1" 404 -
38.242.199.215 - - [03/Nov/2024:01:28:57 +0100] "GET /ticket2/opencms/dk/en/buy/?page=1&edid=9CCC60F1-4795-760A-258E-C29F7C9B1FCF&sortorder=desc&column=row HTTP/1.1" 404 -
114.119.151.50 - - [03/Nov/2024:01:28:59 +0100] "GET /ticket2/opencms/en/buy?page=1&edid=B68A5FCD-3F48-E5F6-F08A-DB5402FFB044 HTTP/1.1" 200 100206
38.242.199.215 - - [03/Nov/2024:01:29:01 +0100] "GET /ticket2/opencms/dk/en/buy/?page=1&edid=9CCC60F1-4795-760A-258E-C29F7C9B1FCF&sortorder=desc&column=section HTTP/1.1" 404 -
75.80.210.2 - - [03/Nov/2024:01:29:04 +0100] "GET /ticket2/opencms/de/sport/fussball-tickets/premier_league/arsenal/?wbraid=CkAKCAjwm5e5BhBREjAACKk7F8M34OA96-z-TfdZlwmdDw5MaA5zi5IPoAi8Rkh_0-68zsUiZkj4cUMjZRUaAg2J HTTP/1.1" 200 97077
75.80.210.2 - - [03/Nov/2024:01:29:04 +0100] "GET /ticket2/opencms/system/modules/com.gridnine.opencms.ticketbrokerage.site/resources/js/jquery/jquery.js HTTP/1.1" 200 93868
38.242.199.215 - - [03/Nov/2024:01:29:04 +0100] "GET /ticket2/opencms/dk/en/buy/?page=1&edid=9D9F75F2-1C85-5AEE-0B71-545915B49E49&sortorder=desc&column=price HTTP/1.1" 404 -
75.80.210.2 - - [03/Nov/2024:01:29:05 +0100] "GET /ticket2/opencms/system/modules/com.gridnine.opencms.ticketbrokerage.site/resources/js/functions.js HTTP/1.1" 200 1583
75.80.210.2 - - [03/Nov/2024:01:29:05 +0100] "GET /ticket2/opencms/system/modules/com.gridnine.opencms.ticketbrokerage.site/resources/css/standard.css HTTP/1.1" 200 73073
75.80.210.2 - - [03/Nov/2024:01:29:05 +0100] "GET /ticket2/opencms/system/modules/com.gridnine.opencms.ticketbrokerage.site/resources/css/jquery-ui.css HTTP/1.1" 200 33221
75.80.210.2 - - [03/Nov/2024:01:29:05 +0100] "GET /ticket2/opencms/system/modules/com.gridnine.opencms.ticketbrokerage.site/resources/css/jquery.fancybox.css HTTP/1.1" 200 4939
75.80.210.2 - - [03/Nov/2024:01:29:05 +0100] "GET /ticket2/opencms/system/modules/com.gridnine.opencms.ticketbrokerage.site/resources/css/calendar.css HTTP/1.1" 200 6871
75.80.210.2 - - [03/Nov/2024:01:29:05 +0100] "GET /ticket2/opencms/system/modules/com.gridnine.opencms.ticketbrokerage.site/resources/css/ticketbrokerage.css HTTP/1.1" 200 39339
75.80.210.2 - - [03/Nov/2024:01:29:05 +0100] "GET /ticket2/opencms/system/modules/com.gridnine.opencms.ticketbrokerage.site/resources/js/jquery/jquery-ui.js HTTP/1.1" 200 228088
75.80.210.2 - - [03/Nov/2024:01:29:05 +0100] "GET /ticket2/opencms/system/modules/com.gridnine.opencms.ticketbrokerage.site/resources/js/jquery.placeholder.min.js HTTP/1.1" 200 1737
75.80.210.2 - - [03/Nov/2024:01:29:05 +0100] "GET /ticket2/opencms/system/modules/com.gridnine.opencms.ticketbrokerage.site/resources/js/calendar-en.js HTTP/1.1" 200 3338
75.80.210.2 - - [03/Nov/2024:01:29:05 +0100] "GET /ticket2/opencms/system/modules/com.gridnine.opencms.ticketbrokerage.site/resources/js/calendar-setup.js HTTP/1.1" 200 4923
75.80.210.2 - - [03/Nov/2024:01:29:05 +0100] "GET /ticket2/opencms/system/modules/com.gridnine.opencms.ticketbrokerage.site/resources/js/calendar.js HTTP/1.1" 200 49229
75.80.210.2 - - [03/Nov/2024:01:29:05 +0100] "GET /ticket2/opencms/system/modules/com.gridnine.opencms.ticketbrokerage.site/resources/js/common-ajax.js HTTP/1.1" 200 20175
75.80.210.2 - - [03/Nov/2024:01:29:05 +0100] "GET /ticket2/opencms/system/modules/com.gridnine.opencms.ticketbrokerage.site/resources/js/stickyfill.min.js HTTP/1.1" 200 5672
75.80.210.2 - - [03/Nov/2024:01:29:05 +0100] "GET /ticket2/opencms/system/modules/com.gridnine.opencms.ticketbrokerage.site/resources/js/jquery.fancybox.pack.js HTTP/1.1" 200 23187
75.80.210.2 - - [03/Nov/2024:01:29:05 +0100] "GET /ticket2/opencms/system/modules/com.gridnine.opencms.ticketbrokerage.site/resources/js/standard.js HTTP/1.1" 200 3978
75.80.210.2 - - [03/Nov/2024:01:29:05 +0100] "GET /ticket2/opencms/img/icons/globe-white.png HTTP/1.1" 200 947
75.80.210.2 - - [03/Nov/2024:01:29:06 +0100] "GET /ticket2/opencms/img/fb.png HTTP/1.1" 200 1269
75.80.210.2 - - [03/Nov/2024:01:29:06 +0100] "GET /ticket2/opencms/system/modules/com.gridnine.opencms.ticketbrokerage.site/resources/pics/logo-new.png HTTP/1.1" 200 13541
75.80.210.2 - - [03/Nov/2024:01:29:06 +0100] "GET /ticket2/opencms/img/icons/se.png HTTP/1.1" 200 1258
75.80.210.2 - - [03/Nov/2024:01:29:06 +0100] "GET /ticket2/opencms/system/modules/com.gridnine.opencms.ticketbrokerage.site/resources/pics/footer-img.jpg HTTP/1.1" 200 67642
75.80.210.2 - - [03/Nov/2024:01:29:06 +0100] "GET /ticket2/opencms/img/insta.png HTTP/1.1" 200 3967
75.80.210.2 - - [03/Nov/2024:01:29:06 +0100] "GET /ticket2/opencms/img/check.png HTTP/1.1" 200 548
75.80.210.2 - - [03/Nov/2024:01:29:06 +0100] "GET /ticket2/opencms/img/icons/en.png HTTP/1.1" 200 2415
75.80.210.2 - - [03/Nov/2024:01:29:06 +0100] "GET /ticket2/opencms/img/icons/fi.png HTTP/1.1" 200 1785
75.80.210.2 - - [03/Nov/2024:01:29:06 +0100] "GET /ticket2/opencms/img/mail.png HTTP/1.1" 200 403
75.80.210.2 - - [03/Nov/2024:01:29:07 +0100] "GET /ticket2/opencms/img/chat.png HTTP/1.1" 200 416
75.80.210.2 - - [03/Nov/2024:01:29:07 +0100] "GET /ticket2/opencms/img/arrow.png HTTP/1.1" 200 753
75.80.210.2 - - [03/Nov/2024:01:29:07 +0100] "GET /ticket2/opencms/img/icons/no.png HTTP/1.1" 200 1958
75.80.210.2 - - [03/Nov/2024:01:29:07 +0100] "GET /ticket2/opencms/img/icons/dk.png HTTP/1.1" 200 1706
75.80.210.2 - - [03/Nov/2024:01:29:07 +0100] "GET /ticket2/opencms/img/icons/nl.png HTTP/1.1" 200 1255
75.80.210.2 - - [03/Nov/2024:01:29:08 +0100] "GET /ticket2/opencms/img/icons/de.png HTTP/1.1" 200 1124
75.80.210.2 - - [03/Nov/2024:01:29:08 +0100] "GET /ticket2/opencms/img/icons/fr.png HTTP/1.1" 200 1764
75.80.210.2 - - [03/Nov/2024:01:29:08 +0100] "GET /ticket2/opencms/img/icons/es.png HTTP/1.1" 200 1005
38.242.199.215 - - [03/Nov/2024:01:29:08 +0100] "GET /ticket2/opencms/dk/en/buy/?page=1&edid=9DFEE0C8-8175-7060-FDCF-0A79B05A0810&sortorder=asc&column=row HTTP/1.1" 404 -
75.80.210.2 - - [03/Nov/2024:01:29:08 +0100] "GET /ticket2/opencms/img/icons/it.png HTTP/1.1" 200 2040
75.80.210.2 - - [03/Nov/2024:01:29:09 +0100] "GET /ticket2/opencms/img/icons/pl.png HTTP/1.1" 200 1578
75.80.210.2 - - [03/Nov/2024:01:29:09 +0100] "GET /ticket2/opencms/img/icons/sq.png HTTP/1.1" 200 1619
75.80.210.2 - - [03/Nov/2024:01:29:09 +0100] "GET /ticket2/opencms/img/icons/az.png HTTP/1.1" 200 1445
75.80.210.2 - - [03/Nov/2024:01:29:09 +0100] "GET /ticket2/opencms/img/icons/be.png HTTP/1.1" 200 1663
75.80.210.2 - - [03/Nov/2024:01:29:10 +0100] "GET /ticket2/opencms/img/icons/bs.png HTTP/1.1" 200 1014
75.80.210.2 - - [03/Nov/2024:01:29:10 +0100] "GET /ticket2/opencms/img/icons/bg.png HTTP/1.1" 200 788
75.80.210.2 - - [03/Nov/2024:01:29:10 +0100] "GET /ticket2/opencms/img/icons/hr.png HTTP/1.1" 200 2024
75.80.210.2 - - [03/Nov/2024:01:29:10 +0100] "GET /ticket2/opencms/img/icons/cs.png HTTP/1.1" 200 1883
75.80.210.2 - - [03/Nov/2024:01:29:11 +0100] "GET /ticket2/opencms/img/icons/et.png HTTP/1.1" 200 754
75.80.210.2 - - [03/Nov/2024:01:29:11 +0100] "GET /ticket2/opencms/img/icons/el.png HTTP/1.1" 200 1637
75.80.210.2 - - [03/Nov/2024:01:29:11 +0100] "GET /ticket2/opencms/img/icons/ka.png HTTP/1.1" 200 860
75.80.210.2 - - [03/Nov/2024:01:29:11 +0100] "GET /ticket2/opencms/img/icons/hu.png HTTP/1.1" 200 733
66.249.73.37 - - [03/Nov/2024:01:29:12 +0100] "GET /ticket2/opencms/de/buy?page=1&edid=CB5AE795-9361-782C-311C-56E4CC6C1A49 HTTP/1.1" 200 100802
75.80.210.2 - - [03/Nov/2024:01:29:12 +0100] "GET /ticket2/opencms/img/icons/ga.png HTTP/1.1" 200 1759
75.80.210.2 - - [03/Nov/2024:01:29:12 +0100] "GET /ticket2/opencms/img/icons/is.png HTTP/1.1" 200 1884
38.242.199.215 - - [03/Nov/2024:01:29:12 +0100] "GET /ticket2/opencms/dk/en/buy/?page=1&edid=A3EE66CB-E39D-A722-D02A-1C11DB7EB508 HTTP/1.1" 404 -
75.80.210.2 - - [03/Nov/2024:01:29:12 +0100] "GET /ticket2/opencms/img/icons/lv.png HTTP/1.1" 200 716
75.80.210.2 - - [03/Nov/2024:01:29:12 +0100] "GET /ticket2/opencms/img/icons/lt.png HTTP/1.1" 200 733
75.80.210.2 - - [03/Nov/2024:01:29:13 +0100] "GET /ticket2/opencms/img/icons/mt.png HTTP/1.1" 200 920
75.80.210.2 - - [03/Nov/2024:01:29:13 +0100] "GET /ticket2/opencms/img/icons/mo.png HTTP/1.1" 200 1468
66.249.65.106 - - [03/Nov/2024:01:29:13 +0100] "GET /ticket2/opencms/de/en/ HTTP/1.1" 404 -
75.80.210.2 - - [03/Nov/2024:01:29:13 +0100] "GET /ticket2/opencms/img/icons/ro.png HTTP/1.1" 200 1393
75.80.210.2 - - [03/Nov/2024:01:29:13 +0100] "GET /ticket2/opencms/img/icons/sr.png HTTP/1.1" 200 1602
75.80.210.2 - - [03/Nov/2024:01:29:14 +0100] "GET /ticket2/opencms/img/icons/sk.png HTTP/1.1" 200 1283
75.80.210.2 - - [03/Nov/2024:01:29:14 +0100] "GET /ticket2/opencms/img/icons/sl.png HTTP/1.1" 200 966
75.80.210.2 - - [03/Nov/2024:01:29:14 +0100] "GET /ticket2/opencms/img/icons/tr.png HTTP/1.1" 200 1636
75.80.210.2 - - [03/Nov/2024:01:29:14 +0100] "GET /ticket2/opencms/img/icons/uk.png HTTP/1.1" 200 1272
75.80.210.2 - - [03/Nov/2024:01:29:15 +0100] "GET /ticket2/opencms/img/hero-team.jpeg HTTP/1.1" 200 73065
38.242.199.215 - - [03/Nov/2024:01:29:15 +0100] "GET /ticket2/opencms/dk/en/buy/?page=1&edid=A3EE66CB-E39D-A722-D02A-1C11DB7EB508&sortorder=asc&column=price HTTP/1.1" 404 -
75.80.210.2 - - [03/Nov/2024:01:29:16 +0100] "GET /ticket2/opencms/system/modules/com.gridnine.opencms.ticketbrokerage.site/resources/js/standard.js HTTP/1.1" 200 3978
75.80.210.2 - - [03/Nov/2024:01:29:16 +0100] "GET /ticket2/opencms/img/icons/ticket2.thumbnail.png HTTP/1.1" 200 21519
75.80.210.2 - - [03/Nov/2024:01:29:17 +0100] "GET /ticket2/opencms/system/modules/com.gridnine.opencms.ticketbrokerage.site/resources/css/images/ui-bg_flat_75_ffffff_40x100.png HTTP/1.1" 404 -
157.90.209.79 - - [03/Nov/2024:01:29:18 +0100] "GET /ticket2/opencms/fi/urheilu/jalkapallo/bundesliga/augsburg HTTP/1.1" 200 93456
38.242.199.215 - - [03/Nov/2024:01:29:19 +0100] "GET /ticket2/opencms/dk/fi/konsertteja/ HTTP/1.1" 404 -
38.242.199.215 - - [03/Nov/2024:01:29:22 +0100] "GET /ticket2/opencms/dk/ru/about/ HTTP/1.1" 404 -
47.128.122.102 - - [03/Nov/2024:01:29:24 +0100] "GET /ticket2/opencms/mt/?catid=465306FD-802C-5175-10FF-40E426DD2769&comcatid=0A6B8208-FDA4-E929-9D72-5312FD481B76&page=6 HTTP/1.1" 200 97007
38.242.199.215 - - [03/Nov/2024:01:29:26 +0100] "GET /ticket2/opencms/dk/sv/konsertbiljetter/backstreet-boys/ HTTP/1.1" 404 -
38.242.199.215 - - [03/Nov/2024:01:29:29 +0100] "GET /ticket2/opencms/dk/sv/sport/fotbollsbiljetter/capital_one_cup/ HTTP/1.1" 404 -
38.242.199.215 - - [03/Nov/2024:01:29:32 +0100] "GET /ticket2/opencms/dk/sv/sport/hockeybiljetter/nhl/toronto-maple-leafs/ HTTP/1.1" 404 -
38.242.199.215 - - [03/Nov/2024:01:29:37 +0100] "GET /ticket2/opencms/dk/ticket2/ticket2/ticket2/ticket2/ticket2/sites/ticketbrokerage/en/standard/ HTTP/1.1" 404 -
85.208.96.208 - - [03/Nov/2024:01:29:38 +0100] "GET /ticket2/opencms/sv/sport/fotbollsbiljetter/premier_league/luton/ HTTP/1.1" 200 80218
157.55.39.200 - - [03/Nov/2024:01:29:41 +0100] "GET /ticket2/opencms/sl/sell/ HTTP/1.1" 302 -
157.90.209.79 - - [03/Nov/2024:01:29:43 +0100] "GET /ticket2/opencms/fi/urheilu/jalkapallo/bundesliga/bochum HTTP/1.1" 200 93343
85.208.96.202 - - [03/Nov/2024:01:29:50 +0100] "GET /ticket2/opencms/fi/login/ HTTP/1.1" 200 83598
157.55.39.200 - - [03/Nov/2024:01:29:50 +0100] "GET /ticket2/opencms/sl/login/?url=/sl/sell/ HTTP/1.1" 200 83224
157.90.209.79 - - [03/Nov/2024:01:30:07 +0100] "GET /ticket2/opencms/fi/urheilu/jalkapallo/bundesliga/darmstadt HTTP/1.1" 200 86683
