47.128.39.138 - - [03/Nov/2024:03:49:09 +0100] "GET /ticket2/opencms/sl/buy?page=11&venueid=3696F630-3175-B624-1F25-409A07AAD64C HTTP/1.1" 200 81902
81.167.26.57 - - [03/Nov/2024:03:49:09 +0100] "GET /ticket2/opencms/se/ru/buy/?page=1&edid=DC0F3611-C833-A6F6-70F7-1A8DE9CE1F0E&sortorder=desc&column=row HTTP/1.1" 404 -
194.247.173.99 - - [03/Nov/2024:03:49:11 +0100] "GET /ticket2/opencms/dk/ru/buy/?page=1&edid=08B09CFA-7A2C-469C-4348-B6A8266760AC HTTP/1.1" 404 -
192.99.9.92 - - [03/Nov/2024:03:49:12 +0100] "GET /ticket2/opencms/dk/no/buy/?page=1&edid=8BC1C66B-97CD-0682-218C-2DF42CFC3091&sortorder=desc&column=price HTTP/1.1" 404 -
81.167.26.57 - - [03/Nov/2024:03:49:12 +0100] "GET /ticket2/opencms/se/ru/buy/?page=1&edid=DC0F3611-C833-A6F6-70F7-1A8DE9CE1F0E&sortorder=desc&column=section HTTP/1.1" 404 -
157.90.209.79 - - [03/Nov/2024:03:49:13 +0100] "GET /ticket2/opencms/ga/buy/?page=1&edid=FF312D4E-5B6B-8FA5-BA69-635DC61A8F79 HTTP/1.1" 200 125236
154.54.249.216 - - [03/Nov/2024:03:49:15 +0100] "GET /ticket2/opencms/lv/sport/futbola-biletes/bundesliga/bayern-munchen HTTP/1.1" 200 96287
81.167.26.57 - - [03/Nov/2024:03:49:15 +0100] "GET /ticket2/opencms/se/ru/buy/?page=1&edid=DCA9216D-FB8E-C2CB-19F8-79E5FD21BD6D&sortorder=asc&column=price HTTP/1.1" 404 -
192.99.9.92 - - [03/Nov/2024:03:49:16 +0100] "GET /ticket2/opencms/dk/no/buy/?page=1&edid=8BC1C66B-97CD-0682-218C-2DF42CFC3091&sortorder=desc&column=row HTTP/1.1" 404 -
157.90.209.79 - - [03/Nov/2024:03:49:16 +0100] "GET /ticket2/opencms/ga/buy?page=1&edid=03ACD253-26FD-D5DA-1042-959F5F219816 HTTP/1.1" 200 108426
194.247.173.99 - - [03/Nov/2024:03:49:17 +0100] "GET /ticket2/opencms/dk/ru/buy/?page=1&edid=08B09CFA-7A2C-469C-4348-B6A8266760AC&sortorder=asc&column=price HTTP/1.1" 404 -
81.167.26.57 - - [03/Nov/2024:03:49:18 +0100] "GET /ticket2/opencms/se/ru/buy/?page=1&edid=DCA9216D-FB8E-C2CB-19F8-79E5FD21BD6D&sortorder=asc&column=row HTTP/1.1" 404 -
192.99.9.92 - - [03/Nov/2024:03:49:20 +0100] "GET /ticket2/opencms/dk/no/buy/?page=1&edid=8BC1C66B-97CD-0682-218C-2DF42CFC3091&sortorder=desc&column=section HTTP/1.1" 404 -
157.90.209.79 - - [03/Nov/2024:03:49:20 +0100] "GET /ticket2/opencms/ga/buy?page=1&edid=03C08C39-501F-FF78-A958-5E62ADCE683F HTTP/1.1" 200 102364
81.167.26.57 - - [03/Nov/2024:03:49:21 +0100] "GET /ticket2/opencms/se/ru/buy/?page=1&edid=DCA9216D-FB8E-C2CB-19F8-79E5FD21BD6D&sortorder=asc&column=section HTTP/1.1" 404 -
217.113.194.220 - - [03/Nov/2024:03:49:23 +0100] "GET /ticket2/opencms/mt/sport/biljetti-tal-futbol/la-liga/villareal HTTP/1.1" 200 95431
192.99.9.92 - - [03/Nov/2024:03:49:24 +0100] "GET /ticket2/opencms/dk/no/buy/?page=1&edid=8CF6788D-AB36-8397-1F86-FEE4FE6FC147&sortorder=asc&column=row HTTP/1.1" 404 -
194.247.173.99 - - [03/Nov/2024:03:49:24 +0100] "GET /ticket2/opencms/dk/ru/buy/?page=1&edid=08B09CFA-7A2C-469C-4348-B6A8266760AC&sortorder=asc&column=row HTTP/1.1" 404 -
81.167.26.57 - - [03/Nov/2024:03:49:24 +0100] "GET /ticket2/opencms/se/ru/buy/?page=1&edid=DCA9216D-FB8E-C2CB-19F8-79E5FD21BD6D&sortorder=desc&column=price HTTP/1.1" 404 -
157.90.209.79 - - [03/Nov/2024:03:49:26 +0100] "GET /ticket2/opencms/ga/buy?page=1&edid=047E0311-281A-A7AE-E87D-50033F4F70CA HTTP/1.1" 200 131527
52.167.144.174 - - [03/Nov/2024:03:49:27 +0100] "GET /ticket2/opencms/sv/newsletter/ HTTP/1.1" 200 81563
81.167.26.57 - - [03/Nov/2024:03:49:27 +0100] "GET /ticket2/opencms/se/ru/buy/?page=1&edid=DCA9216D-FB8E-C2CB-19F8-79E5FD21BD6D&sortorder=desc&column=row HTTP/1.1" 404 -
192.99.9.92 - - [03/Nov/2024:03:49:28 +0100] "GET /ticket2/opencms/dk/no/buy/?page=1&edid=8CF6788D-AB36-8397-1F86-FEE4FE6FC147&sortorder=asc&column=section HTTP/1.1" 404 -
157.55.39.197 - - [03/Nov/2024:03:49:29 +0100] "GET /ticket2/opencms/is/buy?page=6&comcatid=A17713B6-D984-201A-4143-ED4DB5ED5C2E&catid=36394212-F82E-F845-399B-42BED55969CC&eventid=587BAE78-F52E-E77E-CA26-7865B8AFB290 HTTP/1.1" 200 98540
81.167.26.57 - - [03/Nov/2024:03:49:30 +0100] "GET /ticket2/opencms/se/ru/buy/?page=1&edid=DD5B8B5C-4127-5C16-39BD-75C8AA69D4C7&sortorder=asc&column=row HTTP/1.1" 404 -
194.247.173.99 - - [03/Nov/2024:03:49:30 +0100] "GET /ticket2/opencms/dk/ru/buy/?page=1&edid=08B09CFA-7A2C-469C-4348-B6A8266760AC&sortorder=asc&column=section HTTP/1.1" 404 -
217.113.194.220 - - [03/Nov/2024:03:49:32 +0100] "GET /ticket2/opencms/hu/sport/focijegyek/premier-league/bournemouth HTTP/1.1" 200 98054
157.90.209.79 - - [03/Nov/2024:03:49:33 +0100] "GET /ticket2/opencms/ga/buy?page=1&edid=063774E2-DE1A-6A46-E97B-D379290B879E HTTP/1.1" 200 126793
192.99.9.92 - - [03/Nov/2024:03:49:33 +0100] "GET /ticket2/opencms/dk/no/buy/?page=1&edid=8D399335-C84B-CDD2-683F-085DB5766ED1&sortorder=desc&column=price HTTP/1.1" 404 -
81.167.26.57 - - [03/Nov/2024:03:49:33 +0100] "GET /ticket2/opencms/se/ru/buy/?page=1&edid=DD5B8B5C-4127-5C16-39BD-75C8AA69D4C7&sortorder=asc&column=section HTTP/1.1" 404 -
17.241.219.61 - - [03/Nov/2024:03:49:35 +0100] "GET /ticket2/opencms/en/buy/?page=1&edid=AE716F73-508D-DEB7-E6E2-5D76473CBEAD HTTP/1.1" 200 100704
81.167.26.57 - - [03/Nov/2024:03:49:36 +0100] "GET /ticket2/opencms/se/ru/buy/?page=1&edid=DFA8226D-664D-86EA-6CA6-3048A4D1FA69&sortorder=asc&column=price HTTP/1.1" 404 -
194.247.173.99 - - [03/Nov/2024:03:49:37 +0100] "GET /ticket2/opencms/dk/ru/buy/?page=1&edid=09A90364-D1AA-5EE7-C5DA-9F857331E906&sortorder=asc&column=row HTTP/1.1" 404 -
157.90.209.79 - - [03/Nov/2024:03:49:37 +0100] "GET /ticket2/opencms/ga/buy?page=1&edid=069EC406-6DFD-08ED-B6CC-A7E203415919 HTTP/1.1" 200 130716
192.99.9.92 - - [03/Nov/2024:03:49:38 +0100] "GET /ticket2/opencms/dk/no/buy/?page=1&edid=8D399335-C84B-CDD2-683F-085DB5766ED1&sortorder=desc&column=row HTTP/1.1" 404 -
81.167.26.57 - - [03/Nov/2024:03:49:39 +0100] "GET /ticket2/opencms/se/ru/buy/?page=1&edid=DFA8226D-664D-86EA-6CA6-3048A4D1FA69&sortorder=asc&column=row HTTP/1.1" 404 -
217.113.194.216 - - [03/Nov/2024:03:49:40 +0100] "GET /ticket2/opencms/sites/ticketbrokerage/sv/tickets/juventus/palermo.html HTTP/1.1" 404 -
157.90.209.79 - - [03/Nov/2024:03:49:40 +0100] "GET /ticket2/opencms/ga/buy?page=1&edid=070182EB-30EF-F34B-AE41-C4B61E82D2C9 HTTP/1.1" 200 114436
192.99.9.92 - - [03/Nov/2024:03:49:41 +0100] "GET /ticket2/opencms/dk/no/buy/?page=1&edid=8D5586FF-EAD9-2CFD-9039-829903E8DAE9&sortorder=asc&column=price HTTP/1.1" 404 -
81.167.26.57 - - [03/Nov/2024:03:49:42 +0100] "GET /ticket2/opencms/se/ru/buy/?page=1&edid=DFA8226D-664D-86EA-6CA6-3048A4D1FA69&sortorder=asc&column=section HTTP/1.1" 404 -
194.247.173.99 - - [03/Nov/2024:03:49:43 +0100] "GET /ticket2/opencms/dk/ru/buy/?page=1&edid=0A2F0C84-0D20-0B72-4FA3-C28501A72E23&sortorder=asc&column=price HTTP/1.1" 404 -
81.167.26.57 - - [03/Nov/2024:03:49:45 +0100] "GET /ticket2/opencms/se/ru/buy/?page=1&edid=E0608FC5-65F6-E8D3-5201-2E9C615F63AB&sortorder=asc&column=section HTTP/1.1" 404 -
192.99.9.92 - - [03/Nov/2024:03:49:46 +0100] "GET /ticket2/opencms/dk/no/buy/?page=1&edid=8E8AA435-8B88-4593-E669-E7B4CCE302D0&sortorder=asc&column=row HTTP/1.1" 404 -
157.90.209.79 - - [03/Nov/2024:03:49:47 +0100] "GET /ticket2/opencms/ga/buy?page=1&edid=077A4D05-90D5-AF2A-B689-A4F52E73EBA2 HTTP/1.1" 200 131396
217.113.194.220 - - [03/Nov/2024:03:49:48 +0100] "GET /ticket2/opencms/sites/ticketbrokerage/sv/tickets/juventus/milan.html HTTP/1.1" 404 -
81.167.26.57 - - [03/Nov/2024:03:49:48 +0100] "GET /ticket2/opencms/se/ru/buy/?page=1&edid=E147E814-DDBC-A46E-9493-AE9F0C493DDF&sortorder=asc&column=price HTTP/1.1" 404 -
194.247.173.99 - - [03/Nov/2024:03:49:49 +0100] "GET /ticket2/opencms/dk/ru/buy/?page=1&edid=0A2F0C84-0D20-0B72-4FA3-C28501A72E23&sortorder=asc&column=row HTTP/1.1" 404 -
157.90.209.79 - - [03/Nov/2024:03:49:50 +0100] "GET /ticket2/opencms/ga/buy?page=1&edid=08E96509-F113-0E6A-21FE-AD8C7D1444D0 HTTP/1.1" 200 117496
40.77.167.76 - - [03/Nov/2024:03:49:52 +0100] "GET /ticket2/opencms/dk/sport/fodboldbilletter/champions_league/arsenal/ HTTP/1.1" 200 80475
81.167.26.57 - - [03/Nov/2024:03:49:53 +0100] "GET /ticket2/opencms/se/ru/buy/?page=1&edid=03A0126D-6C4C-C16A-8B20-FC53B8D2913E&sortorder=asc&column=price HTTP/1.1" 404 -
157.90.209.79 - - [03/Nov/2024:03:49:54 +0100] "GET /ticket2/opencms/ga/buy?page=1&edid=096598FE-DA35-4351-DFEE-DC9ACA0F0EF9 HTTP/1.1" 200 125955
85.208.96.207 - - [03/Nov/2024:03:49:55 +0100] "GET /ticket2/opencms/ka/faq/ HTTP/1.1" 200 86614
194.247.173.99 - - [03/Nov/2024:03:49:55 +0100] "GET /ticket2/opencms/dk/ru/buy/?page=1&edid=0A2F0C84-0D20-0B72-4FA3-C28501A72E23&sortorder=asc&column=section HTTP/1.1" 404 -
47.128.60.171 - - [03/Nov/2024:03:49:56 +0100] "GET /ticket2/opencms/sr/buy/?edid=CB2F98AB-2A36-6804-D7EE-05DAE30031CC HTTP/1.1" 200 81862
217.113.194.220 - - [03/Nov/2024:03:49:56 +0100] "GET /ticket2/opencms/sites/ticketbrokerage/sv/tickets/swansea/chelsea.html HTTP/1.1" 404 -
192.99.9.92 - - [03/Nov/2024:03:49:57 +0100] "GET /ticket2/opencms/dk/no/buy/?page=1&edid=8EFE8A71-5F67-3802-3BCC-41DE3A06C76D&sortorder=desc&column=price HTTP/1.1" 404 -
81.167.26.57 - - [03/Nov/2024:03:49:57 +0100] "GET /ticket2/opencms/se/ru/buy/?page=1&edid=DAE1C461-9A8D-E773-9EDE-290EE65504CD&sortorder=asc&column=row HTTP/1.1" 404 -
157.90.209.79 - - [03/Nov/2024:03:49:59 +0100] "GET /ticket2/opencms/ga/buy?page=1&edid=0BE732AB-67CD-FDAE-FCB3-FFE731054A7F HTTP/1.1" 200 105072
194.247.173.99 - - [03/Nov/2024:03:50:01 +0100] "GET /ticket2/opencms/dk/ru/buy/?page=1&edid=0A5CEFC4-5394-480F-FEA6-3D833FDD726F HTTP/1.1" 404 -
192.99.9.92 - - [03/Nov/2024:03:50:01 +0100] "GET /ticket2/opencms/dk/no/buy/?page=1&edid=8F0A2300-B46C-C178-F75A-F4A855D9266D&sortorder=asc&column=price HTTP/1.1" 404 -
81.167.26.57 - - [03/Nov/2024:03:50:02 +0100] "GET /ticket2/opencms/se/ru/buy/?page=1&edid=DAE1C461-9A8D-E773-9EDE-290EE65504CD&sortorder=asc&column=section HTTP/1.1" 404 -
157.90.209.79 - - [03/Nov/2024:03:50:04 +0100] "GET /ticket2/opencms/ga/buy?page=1&edid=1046C14E-D95C-B350-CBCD-2ECE5F3DCC46 HTTP/1.1" 200 114434
217.113.194.217 - - [03/Nov/2024:03:50:05 +0100] "GET /ticket2/opencms/sites/ticketbrokerage/sv/tickets/lazio/bologna.html HTTP/1.1" 404 -
192.99.9.92 - - [03/Nov/2024:03:50:05 +0100] "GET /ticket2/opencms/dk/no/buy/?page=1&edid=8F0A2300-B46C-C178-F75A-F4A855D9266D&sortorder=asc&column=row HTTP/1.1" 404 -
81.167.26.57 - - [03/Nov/2024:03:50:06 +0100] "GET /ticket2/opencms/se/ru/buy/?page=1&edid=DAE1C461-9A8D-E773-9EDE-290EE65504CD&sortorder=desc&column=section HTTP/1.1" 404 -
194.247.173.99 - - [03/Nov/2024:03:50:08 +0100] "GET /ticket2/opencms/dk/ru/buy/?page=1&edid=0A5CEFC4-5394-480F-FEA6-3D833FDD726F&sortorder=desc&column=price HTTP/1.1" 404 -
157.90.209.79 - - [03/Nov/2024:03:50:08 +0100] "GET /ticket2/opencms/ga/buy?page=1&edid=10597F35-2AC7-31D2-FB61-15A36BB6D73B HTTP/1.1" 200 126789
192.99.9.92 - - [03/Nov/2024:03:50:09 +0100] "GET /ticket2/opencms/dk/no/buy/?page=1&edid=8F20E4A2-9446-8C15-E6D6-191BA8C6686F&sortorder=desc&column=price HTTP/1.1" 404 -
81.167.26.57 - - [03/Nov/2024:03:50:11 +0100] "GET /ticket2/opencms/se/ru/buy/?page=1&edid=DC0F3611-C833-A6F6-70F7-1A8DE9CE1F0E HTTP/1.1" 404 -
185.191.171.17 - - [03/Nov/2024:03:50:11 +0100] "GET /ticket2/opencms/mo/about/press/ HTTP/1.1" 200 80399
157.90.209.79 - - [03/Nov/2024:03:50:13 +0100] "GET /ticket2/opencms/ga/buy?page=1&edid=126E7844-E6E1-432A-5140-6A6B87787BFF HTTP/1.1" 200 125236
217.113.194.214 - - [03/Nov/2024:03:50:13 +0100] "GET /ticket2/opencms/sites/ticketbrokerage/sv/tickets/valencia/sevilla.html HTTP/1.1" 404 -
192.99.9.92 - - [03/Nov/2024:03:50:14 +0100] "GET /ticket2/opencms/dk/no/buy/?page=1&edid=91B54E6E-0900-756C-0831-B2A406984595&sortorder=asc&column=price HTTP/1.1" 404 -
194.247.173.99 - - [03/Nov/2024:03:50:14 +0100] "GET /ticket2/opencms/dk/ru/buy/?page=1&edid=0AC91052-66F1-98AF-E562-D5B9EF6D6780 HTTP/1.1" 404 -
81.167.26.57 - - [03/Nov/2024:03:50:15 +0100] "GET /ticket2/opencms/se/ru/buy/?page=1&edid=DCA9216D-FB8E-C2CB-19F8-79E5FD21BD6D&sortorder=asc&column=price HTTP/1.1" 404 -
192.99.9.92 - - [03/Nov/2024:03:50:18 +0100] "GET /ticket2/opencms/dk/no/buy/?page=1&edid=91B54E6E-0900-756C-0831-B2A406984595&sortorder=asc&column=row HTTP/1.1" 404 -
157.90.209.79 - - [03/Nov/2024:03:50:20 +0100] "GET /ticket2/opencms/ga/buy?page=1&edid=133B893E-0B2E-BEF9-99B1-9E25283FAB9D HTTP/1.1" 200 115276
81.167.26.57 - - [03/Nov/2024:03:50:20 +0100] "GET /ticket2/opencms/se/ru/buy/?page=1&edid=DCA9216D-FB8E-C2CB-19F8-79E5FD21BD6D&sortorder=asc&column=row HTTP/1.1" 404 -
194.247.173.99 - - [03/Nov/2024:03:50:21 +0100] "GET /ticket2/opencms/dk/ru/buy/?page=1&edid=0B1DFE74-E96C-992F-F64C-5709A1D86A1D&sortorder=asc&column=price HTTP/1.1" 404 -
114.119.148.14 - - [03/Nov/2024:03:50:21 +0100] "GET /ticket2/opencms/en/venue/?venueid=7788E7D8-FA58-D97C-DEF8-8B2B379C0878 HTTP/1.1" 200 77003
217.113.194.218 - - [03/Nov/2024:03:50:21 +0100] "GET /ticket2/opencms/sites/ticketbrokerage/sv/tickets/napoli/juventus.html HTTP/1.1" 404 -
192.99.9.92 - - [03/Nov/2024:03:50:22 +0100] "GET /ticket2/opencms/dk/no/buy/?page=1&edid=91E1D90E-D856-1700-6914-5616CED93006&sortorder=asc&column=price HTTP/1.1" 404 -
194.247.173.99 - - [03/Nov/2024:03:50:23 +0100] "GET /ticket2/opencms/dk/nl/buy/?page=1&edid=F54D8C8D-5C06-7A10-2302-6EF73D28A9FF&sortorder=asc&column=price HTTP/1.1" 404 -
85.208.96.212 - - [03/Nov/2024:03:50:23 +0100] "GET /ticket2/opencms/dk/sport/fodboldbilletter/premier-league/chelsea/ HTTP/1.1" 200 95462
157.90.209.79 - - [03/Nov/2024:03:50:24 +0100] "GET /ticket2/opencms/ga/buy?page=1&edid=145F87FE-BCE7-15CF-CE4F-3702933DA737 HTTP/1.1" 200 102932
81.167.26.57 - - [03/Nov/2024:03:50:25 +0100] "GET /ticket2/opencms/se/ru/buy/?page=1&edid=DCA9216D-FB8E-C2CB-19F8-79E5FD21BD6D&sortorder=asc&column=section HTTP/1.1" 404 -
194.247.173.99 - - [03/Nov/2024:03:50:26 +0100] "GET /ticket2/opencms/dk/nl/buy/?page=1&edid=F54D8C8D-5C06-7A10-2302-6EF73D28A9FF&sortorder=asc&column=row HTTP/1.1" 404 -
192.99.9.92 - - [03/Nov/2024:03:50:26 +0100] "GET /ticket2/opencms/dk/no/buy/?page=1&edid=91E1D90E-D856-1700-6914-5616CED93006&sortorder=asc&column=section HTTP/1.1" 404 -
194.247.173.99 - - [03/Nov/2024:03:50:27 +0100] "GET /ticket2/opencms/dk/ru/buy/?page=1&edid=0B511AFA-224D-2D0F-2F26-118D559D782A HTTP/1.1" 404 -
194.247.173.99 - - [03/Nov/2024:03:50:29 +0100] "GET /ticket2/opencms/dk/nl/buy/?page=1&edid=F54D8C8D-5C06-7A10-2302-6EF73D28A9FF&sortorder=asc&column=section HTTP/1.1" 404 -
157.90.209.79 - - [03/Nov/2024:03:50:29 +0100] "GET /ticket2/opencms/ga/buy?page=1&edid=159AEE85-969E-7453-4999-69FCFD2915E6 HTTP/1.1" 200 131410
81.167.26.57 - - [03/Nov/2024:03:50:30 +0100] "GET /ticket2/opencms/se/ru/buy/?page=1&edid=DCA9216D-FB8E-C2CB-19F8-79E5FD21BD6D&sortorder=desc&column=price HTTP/1.1" 404 -
192.99.9.92 - - [03/Nov/2024:03:50:30 +0100] "GET /ticket2/opencms/dk/no/buy/?page=1&edid=926BFD29-18E3-952E-0BD4-BEAEB20DA20D&sortorder=asc&column=price HTTP/1.1" 404 -
217.113.194.219 - - [03/Nov/2024:03:50:30 +0100] "GET /ticket2/opencms/fi/urheilu/jalkapallo/premier_league/liverpool HTTP/1.1" 200 95059
47.128.44.62 - - [03/Nov/2024:03:50:32 +0100] "GET /ticket2/opencms/sk/buy?page=11&venueid=7943BD7F-85DA-A73F-DD60-967562D19B0E HTTP/1.1" 200 82007
194.247.173.99 - - [03/Nov/2024:03:50:32 +0100] "GET /ticket2/opencms/dk/nl/buy/?page=1&edid=F5D9FA6B-D079-1465-CABB-C57670C881C2&sortorder=desc&column=price HTTP/1.1" 404 -
157.90.209.79 - - [03/Nov/2024:03:50:33 +0100] "GET /ticket2/opencms/ga/buy?page=1&edid=160DAC9A-2A77-6FDC-52B8-296352B1ABF1 HTTP/1.1" 200 126258
194.247.173.99 - - [03/Nov/2024:03:50:33 +0100] "GET /ticket2/opencms/dk/ru/buy/?page=1&edid=0B99F264-DDE8-4DC8-6523-EAB707062740&sortorder=asc&column=row HTTP/1.1" 404 -
81.167.26.57 - - [03/Nov/2024:03:50:35 +0100] "GET /ticket2/opencms/se/ru/buy/?page=1&edid=DCA9216D-FB8E-C2CB-19F8-79E5FD21BD6D&sortorder=desc&column=row HTTP/1.1" 404 -
192.99.9.92 - - [03/Nov/2024:03:50:35 +0100] "GET /ticket2/opencms/dk/no/buy/?page=1&edid=926BFD29-18E3-952E-0BD4-BEAEB20DA20D&sortorder=asc&column=row HTTP/1.1" 404 -
194.247.173.99 - - [03/Nov/2024:03:50:36 +0100] "GET /ticket2/opencms/dk/nl/buy/?page=1&edid=F5D9FA6B-D079-1465-CABB-C57670C881C2&sortorder=desc&column=row HTTP/1.1" 404 -
192.99.9.92 - - [03/Nov/2024:03:50:39 +0100] "GET /ticket2/opencms/dk/no/buy/?page=1&edid=930DA63B-B6EB-C65F-6A39-F4240571C002&sortorder=desc&column=price HTTP/1.1" 404 -
217.113.194.221 - - [03/Nov/2024:03:50:39 +0100] "GET /ticket2/opencms/fi/urheilu/jalkapallo/serie_a/bologna/ HTTP/1.1" 200 79714
194.247.173.99 - - [03/Nov/2024:03:50:39 +0100] "GET /ticket2/opencms/dk/nl/buy/?page=1&edid=F607E087-2558-2D9A-8793-E6AAB607D346&sortorder=asc&column=price HTTP/1.1" 404 -
194.247.173.99 - - [03/Nov/2024:03:50:40 +0100] "GET /ticket2/opencms/dk/ru/buy/?page=1&edid=0C84A327-AD04-E1C5-8085-D5DCFD61822A&sortorder=asc&column=section HTTP/1.1" 404 -
81.167.26.57 - - [03/Nov/2024:03:50:40 +0100] "GET /ticket2/opencms/se/ru/buy/?page=1&edid=DD5B8B5C-4127-5C16-39BD-75C8AA69D4C7&sortorder=asc&column=row HTTP/1.1" 404 -
157.90.209.79 - - [03/Nov/2024:03:50:40 +0100] "GET /ticket2/opencms/ga/buy?page=1&edid=1ABC406A-92BD-FDCF-3BD6-80A52E60B34F HTTP/1.1" 200 135761
194.247.173.99 - - [03/Nov/2024:03:50:43 +0100] "GET /ticket2/opencms/dk/nl/buy/?page=1&edid=F607E087-2558-2D9A-8793-E6AAB607D346&sortorder=asc&column=row HTTP/1.1" 404 -
192.99.9.92 - - [03/Nov/2024:03:50:43 +0100] "GET /ticket2/opencms/dk/no/buy/?page=1&edid=930DA63B-B6EB-C65F-6A39-F4240571C002&sortorder=desc&column=row HTTP/1.1" 404 -
157.90.209.79 - - [03/Nov/2024:03:50:44 +0100] "GET /ticket2/opencms/ga/buy?page=1&edid=1B6F6A2B-A0DA-FF91-EC4E-3DCAA442C25B HTTP/1.1" 200 125237
194.247.173.99 - - [03/Nov/2024:03:50:46 +0100] "GET /ticket2/opencms/dk/ru/buy/?page=1&edid=0C964CA7-3C45-535D-15FE-520A14005C78 HTTP/1.1" 404 -
194.247.173.99 - - [03/Nov/2024:03:50:46 +0100] "GET /ticket2/opencms/dk/nl/buy/?page=1&edid=F607E087-2558-2D9A-8793-E6AAB607D346&sortorder=asc&column=section HTTP/1.1" 404 -
81.167.26.57 - - [03/Nov/2024:03:50:47 +0100] "GET /ticket2/opencms/se/ru/buy/?page=1&edid=DD5B8B5C-4127-5C16-39BD-75C8AA69D4C7&sortorder=asc&column=section HTTP/1.1" 404 -
192.99.9.92 - - [03/Nov/2024:03:50:47 +0100] "GET /ticket2/opencms/dk/no/buy/?page=1&edid=930DA63B-B6EB-C65F-6A39-F4240571C002&sortorder=desc&column=section HTTP/1.1" 404 -
154.54.249.216 - - [03/Nov/2024:03:50:47 +0100] "GET /ticket2/opencms/fi/urheilu/jalkapallo/serie_a/cagliari/ HTTP/1.1" 200 80105
157.90.209.79 - - [03/Nov/2024:03:50:47 +0100] "GET /ticket2/opencms/ga/buy?page=1&edid=1B836A42-4F20-7A0F-05D1-08388A470666 HTTP/1.1" 200 101506
194.247.173.99 - - [03/Nov/2024:03:50:50 +0100] "GET /ticket2/opencms/dk/nl/buy/?page=1&edid=F610F982-3B1A-38D1-B7C4-D27C3E0CB131&sortorder=desc&column=price HTTP/1.1" 404 -
157.90.209.79 - - [03/Nov/2024:03:50:51 +0100] "GET /ticket2/opencms/ga/buy?page=1&edid=21BADD47-9DF1-089A-9149-B7D8F893FCB4 HTTP/1.1" 200 102462
192.99.9.92 - - [03/Nov/2024:03:50:51 +0100] "GET /ticket2/opencms/dk/no/buy/?page=1&edid=9436F676-D007-3EC8-B7AD-41F5E4AABF15 HTTP/1.1" 404 -
194.247.173.99 - - [03/Nov/2024:03:50:53 +0100] "GET /ticket2/opencms/dk/nl/buy/?page=1&edid=F6211F52-67B3-65D8-A11D-822849AB2187&sortorder=asc&column=price HTTP/1.1" 404 -
81.167.26.57 - - [03/Nov/2024:03:50:53 +0100] "GET /ticket2/opencms/se/ru/buy/?page=1&edid=DFA8226D-664D-86EA-6CA6-3048A4D1FA69&sortorder=asc&column=price HTTP/1.1" 404 -
192.99.9.92 - - [03/Nov/2024:03:50:55 +0100] "GET /ticket2/opencms/dk/no/buy/?page=1&edid=9436F676-D007-3EC8-B7AD-41F5E4AABF15&sortorder=desc&column=price HTTP/1.1" 404 -
217.113.194.217 - - [03/Nov/2024:03:50:56 +0100] "GET /ticket2/opencms/fi/urheilu/jalkapallo/serie_a/lecce/ HTTP/1.1" 200 79838
194.247.173.99 - - [03/Nov/2024:03:50:56 +0100] "GET /ticket2/opencms/dk/nl/buy/?page=1&edid=F6211F52-67B3-65D8-A11D-822849AB2187&sortorder=asc&column=row HTTP/1.1" 404 -
194.247.173.99 - - [03/Nov/2024:03:50:58 +0100] "GET /ticket2/opencms/dk/ru/buy/?page=1&edid=0E235ACA-1CAC-E7C2-BDAF-D07674AD58A3&sortorder=asc&column=row HTTP/1.1" 404 -
216.244.66.238 - - [03/Nov/2024:03:50:59 +0100] "GET /ticket2/opencms/robots.txt HTTP/1.1" 200 773
216.244.66.238 - - [03/Nov/2024:03:50:59 +0100] "GET /ticket2/opencms/robots.txt HTTP/1.1" 200 773
192.99.9.92 - - [03/Nov/2024:03:51:00 +0100] "GET /ticket2/opencms/dk/no/buy/?page=1&edid=947EBC23-4C69-7D7A-6FCA-3CCF3056C531&sortorder=asc&column=section HTTP/1.1" 404 -
194.247.173.99 - - [03/Nov/2024:03:51:00 +0100] "GET /ticket2/opencms/dk/nl/buy/?page=1&edid=F6211F52-67B3-65D8-A11D-822849AB2187&sortorder=asc&column=section HTTP/1.1" 404 -
157.90.209.79 - - [03/Nov/2024:03:51:01 +0100] "GET /ticket2/opencms/ga/buy?page=1&edid=26467E66-E432-3709-0425-A75E81B5021A HTTP/1.1" 200 131534
81.167.26.57 - - [03/Nov/2024:03:51:01 +0100] "GET /ticket2/opencms/se/ru/buy/?page=1&edid=DFA8226D-664D-86EA-6CA6-3048A4D1FA69&sortorder=asc&column=row HTTP/1.1" 404 -
194.247.173.99 - - [03/Nov/2024:03:51:04 +0100] "GET /ticket2/opencms/dk/ru/buy/?page=1&edid=0E64AEEE-C256-384A-95C3-A01C20EF3A5D&sortorder=asc&column=section HTTP/1.1" 404 -
194.247.173.99 - - [03/Nov/2024:03:51:04 +0100] "GET /ticket2/opencms/dk/nl/buy/?page=1&edid=F675517E-77A1-26BF-A8E7-E48FFFB49370&sortorder=asc&column=row HTTP/1.1" 404 -
192.99.9.92 - - [03/Nov/2024:03:51:04 +0100] "GET /ticket2/opencms/dk/no/buy/?page=1&edid=95536865-B766-6057-C123-70A3D5AA17E0&sortorder=asc&column=section HTTP/1.1" 404 -
217.113.194.213 - - [03/Nov/2024:03:51:04 +0100] "GET /ticket2/opencms/fi/urheilu/jalkapallo/la-liga/Almeria/ HTTP/1.1" 200 80656
157.90.209.79 - - [03/Nov/2024:03:51:07 +0100] "GET /ticket2/opencms/ga/buy?page=1&edid=268D8165-50F1-AAA8-6C6A-3ABAD53C8B35 HTTP/1.1" 200 117486
194.247.173.99 - - [03/Nov/2024:03:51:07 +0100] "GET /ticket2/opencms/dk/nl/buy/?page=1&edid=F675517E-77A1-26BF-A8E7-E48FFFB49370&sortorder=asc&column=section HTTP/1.1" 404 -
81.167.26.57 - - [03/Nov/2024:03:51:08 +0100] "GET /ticket2/opencms/se/ru/buy/?page=1&edid=DFA8226D-664D-86EA-6CA6-3048A4D1FA69&sortorder=asc&column=section HTTP/1.1" 404 -
194.110.115.6 - - [03/Nov/2024:03:51:08 +0100] "GET /ticket2/opencms/sv/sport/fotbollsbiljetter/uefa-champions-league/ HTTP/1.1" 200 85490
192.99.9.92 - - [03/Nov/2024:03:51:10 +0100] "GET /ticket2/opencms/dk/no/buy/?page=1&edid=959C78A0-FD4F-927B-91FE-B14712A9B8D2&sortorder=desc&column=section HTTP/1.1" 404 -
194.247.173.99 - - [03/Nov/2024:03:51:10 +0100] "GET /ticket2/opencms/dk/ru/buy/?page=1&edid=0EB0D4A4-8EE5-6BAA-5854-F5AFE62D3ABB&sortorder=desc&column=section HTTP/1.1" 404 -
194.247.173.99 - - [03/Nov/2024:03:51:11 +0100] "GET /ticket2/opencms/dk/nl/buy/?page=1&edid=F68975D8-2DB7-B52A-F7B9-092BBCD03C6B&sortorder=asc&column=price HTTP/1.1" 404 -
157.90.209.79 - - [03/Nov/2024:03:51:11 +0100] "GET /ticket2/opencms/ga/buy?page=1&edid=294968E7-670E-500D-EF6F-F776CC397F5A HTTP/1.1" 200 111657
37.123.143.11 - - [03/Nov/2024:03:51:12 +0100] "GET /ticket2/opencms/system/workplace/views/top_foot.jsp?wpFrame=foot HTTP/1.1" 200 1210
37.123.143.11 - - [03/Nov/2024:03:51:12 +0100] "GET /ticket2/opencms/system/workplace/commons/style/workplace.css HTTP/1.1" 200 14209
217.113.194.221 - - [03/Nov/2024:03:51:13 +0100] "GET /ticket2/opencms/dk/sport/fodboldbilletter/premier-league/brentford/ HTTP/1.1" 200 87346
192.99.9.92 - - [03/Nov/2024:03:51:14 +0100] "GET /ticket2/opencms/dk/no/buy/?page=1&edid=95F41943-EC5A-3A74-8FD2-CF98CDE2C1F8&sortorder=asc&column=price HTTP/1.1" 404 -
194.247.173.99 - - [03/Nov/2024:03:51:14 +0100] "GET /ticket2/opencms/dk/nl/buy/?page=1&edid=F704C509-384F-2E4C-8072-D2A5A37C67FB&sortorder=asc&column=price HTTP/1.1" 404 -
207.46.13.125 - - [03/Nov/2024:03:51:15 +0100] "GET /ticket2/opencms/fi/venue/?venueid=895DAA27-0D01-3F9A-C82D-1FA2A5BCB45B HTTP/1.1" 200 78536
194.247.173.99 - - [03/Nov/2024:03:51:17 +0100] "GET /ticket2/opencms/dk/ru/buy/?page=1&edid=0ECEC175-ADD8-B26B-0BD6-3DD4DE0DB9DC HTTP/1.1" 404 -
81.167.26.57 - - [03/Nov/2024:03:51:17 +0100] "GET /ticket2/opencms/se/ru/buy/?page=1&edid=E0608FC5-65F6-E8D3-5201-2E9C615F63AB&sortorder=asc&column=price HTTP/1.1" 404 -
157.90.209.79 - - [03/Nov/2024:03:51:18 +0100] "GET /ticket2/opencms/ga/buy?page=1&edid=299450E2-FDAD-4E2B-0058-6290A7A2B57D HTTP/1.1" 200 136970
194.247.173.99 - - [03/Nov/2024:03:51:18 +0100] "GET /ticket2/opencms/dk/nl/buy/?page=1&edid=F820A2EC-F927-925D-C4BE-7AC75C5AC250 HTTP/1.1" 404 -
192.99.9.92 - - [03/Nov/2024:03:51:18 +0100] "GET /ticket2/opencms/dk/no/buy/?page=1&edid=95F41943-EC5A-3A74-8FD2-CF98CDE2C1F8&sortorder=asc&column=row HTTP/1.1" 404 -
54.36.149.50 - - [03/Nov/2024:03:51:20 +0100] "GET /ticket2/opencms/en/buy?page=1&edid=CCC52869-7D07-37D3-E716-0EF1AC21BCE4 HTTP/1.1" 200 121518
114.119.140.111 - - [03/Nov/2024:03:51:20 +0100] "GET /ticket2/opencms/en/buy/?page=6&comcatid=A17713B6-D984-201A-4143-ED4DB5ED5C2E&catid=0A6C99D2-F5BD-7A18-9A5F-5668827042E0&eventid=70DCBB35-E1EE-5989-BD09-1FAC2CA44E23 HTTP/1.1" 200 99255
157.90.209.79 - - [03/Nov/2024:03:51:21 +0100] "GET /ticket2/opencms/ga/buy?page=1&edid=2A51ECF8-5DB5-F349-CC30-BF574AC78AE1 HTTP/1.1" 200 111665
194.247.173.99 - - [03/Nov/2024:03:51:21 +0100] "GET /ticket2/opencms/dk/nl/buy/?page=1&edid=F820E6E8-08EB-7308-36DD-F8C38F8FB7F4&sortorder=asc&column=row HTTP/1.1" 404 -
217.113.194.214 - - [03/Nov/2024:03:51:22 +0100] "GET /ticket2/opencms/dk/sport/fodboldbilletter/champions_league/psg/ HTTP/1.1" 200 79246
192.99.9.92 - - [03/Nov/2024:03:51:23 +0100] "GET /ticket2/opencms/dk/no/buy/?page=1&edid=95F41943-EC5A-3A74-8FD2-CF98CDE2C1F8&sortorder=asc&column=section HTTP/1.1" 404 -
194.247.173.99 - - [03/Nov/2024:03:51:23 +0100] "GET /ticket2/opencms/dk/ru/buy/?page=1&edid=0ECEC175-ADD8-B26B-0BD6-3DD4DE0DB9DC&sortorder=desc&column=price HTTP/1.1" 404 -
157.90.209.79 - - [03/Nov/2024:03:51:25 +0100] "GET /ticket2/opencms/ga/buy?page=1&edid=2AC421C6-0DD9-73DD-0C29-416B5CC98DFF HTTP/1.1" 200 102160
194.247.173.99 - - [03/Nov/2024:03:51:25 +0100] "GET /ticket2/opencms/dk/nl/buy/?page=1&edid=F8D9106C-BA17-B476-4E1C-EC0D77A93AAE&sortorder=asc&column=price HTTP/1.1" 404 -
81.167.26.57 - - [03/Nov/2024:03:51:27 +0100] "GET /ticket2/opencms/se/ru/buy/?page=1&edid=FB2118DF-D9FB-5A58-C950-85B43798EFC8&sortorder=desc&column=price HTTP/1.1" 404 -
192.99.9.92 - - [03/Nov/2024:03:51:28 +0100] "GET /ticket2/opencms/dk/no/buy/?page=1&edid=961EE537-EAD8-AD97-34EE-1F2B026BB178&sortorder=asc&column=price HTTP/1.1" 404 -
194.247.173.99 - - [03/Nov/2024:03:51:29 +0100] "GET /ticket2/opencms/dk/nl/buy/?page=1&edid=F8D9106C-BA17-B476-4E1C-EC0D77A93AAE&sortorder=asc&column=row HTTP/1.1" 404 -
194.247.173.99 - - [03/Nov/2024:03:51:30 +0100] "GET /ticket2/opencms/dk/ru/buy/?page=1&edid=0ECEC175-ADD8-B26B-0BD6-3DD4DE0DB9DC&sortorder=desc&column=row HTTP/1.1" 404 -
157.90.209.79 - - [03/Nov/2024:03:51:30 +0100] "GET /ticket2/opencms/ga/buy?page=1&edid=2B44308E-1778-CFAE-7385-18758823F6EB HTTP/1.1" 200 135762
217.113.194.218 - - [03/Nov/2024:03:51:30 +0100] "GET /ticket2/opencms/dk/sport/fodboldbilletter/champions_league/lazio/ HTTP/1.1" 200 79244
194.247.173.99 - - [03/Nov/2024:03:51:32 +0100] "GET /ticket2/opencms/dk/nl/buy/?page=1&edid=F8D9106C-BA17-B476-4E1C-EC0D77A93AAE&sortorder=asc&column=section HTTP/1.1" 404 -
192.99.9.92 - - [03/Nov/2024:03:51:32 +0100] "GET /ticket2/opencms/dk/no/buy/?page=1&edid=961EE537-EAD8-AD97-34EE-1F2B026BB178&sortorder=asc&column=section HTTP/1.1" 404 -
157.90.209.79 - - [03/Nov/2024:03:51:33 +0100] "GET /ticket2/opencms/ga/buy?page=1&edid=31FDA527-9BE5-CC0F-08BA-BAC5423FB404 HTTP/1.1" 200 99066
81.167.26.57 - - [03/Nov/2024:03:51:33 +0100] "GET /ticket2/opencms/se/ru/buy/?page=1&edid=FB2118DF-D9FB-5A58-C950-85B43798EFC8&sortorder=desc&column=row HTTP/1.1" 404 -
194.247.173.99 - - [03/Nov/2024:03:51:36 +0100] "GET /ticket2/opencms/dk/nl/buy/?page=1&edid=F8D9106C-BA17-B476-4E1C-EC0D77A93AAE&sortorder=desc&column=price HTTP/1.1" 404 -
157.90.209.79 - - [03/Nov/2024:03:51:36 +0100] "GET /ticket2/opencms/ga/buy?page=1&edid=32359E59-20A4-8706-5D64-A284D441A719 HTTP/1.1" 200 114174
192.99.9.92 - - [03/Nov/2024:03:51:37 +0100] "GET /ticket2/opencms/dk/no/buy/?page=1&edid=971049D5-C79B-BCDF-7226-868A850B80AA&sortorder=asc&column=price HTTP/1.1" 404 -
194.247.173.99 - - [03/Nov/2024:03:51:37 +0100] "GET /ticket2/opencms/dk/ru/buy/?page=1&edid=0ECEC175-ADD8-B26B-0BD6-3DD4DE0DB9DC&sortorder=desc&column=section HTTP/1.1" 404 -
217.113.194.212 - - [03/Nov/2024:03:51:39 +0100] "GET /ticket2/opencms/dk/sport/fodboldbilletter/champions_league/arsenal/ HTTP/1.1" 200 80475
194.247.173.99 - - [03/Nov/2024:03:51:40 +0100] "GET /ticket2/opencms/dk/nl/buy/?page=1&edid=F8D9106C-BA17-B476-4E1C-EC0D77A93AAE&sortorder=desc&column=section HTTP/1.1" 404 -
190.92.204.4 - - [03/Nov/2024:03:51:40 +0100] "GET /ticket2/opencms/mo/sport/bilete-la-fotbal/serie-a/torino HTTP/1.1" 200 88868
157.90.209.79 - - [03/Nov/2024:03:51:41 +0100] "GET /ticket2/opencms/ga/buy?page=1&edid=341262D8-7A59-5821-1DA8-A5F36D843BF9 HTTP/1.1" 200 133395
81.167.26.57 - - [03/Nov/2024:03:51:41 +0100] "GET /ticket2/opencms/se/ru/buy/?page=1&edid=FF3DA28B-4575-B41C-4A40-DA5E05530770&sortorder=asc&column=row HTTP/1.1" 404 -
192.99.9.92 - - [03/Nov/2024:03:51:42 +0100] "GET /ticket2/opencms/dk/no/buy/?page=1&edid=971049D5-C79B-BCDF-7226-868A850B80AA&sortorder=asc&column=section HTTP/1.1" 404 -
194.247.173.99 - - [03/Nov/2024:03:51:43 +0100] "GET /ticket2/opencms/dk/ru/buy/?page=1&edid=0EF8B22E-BE68-12EF-B463-EE507CBF5141&sortorder=desc&column=row HTTP/1.1" 404 -
194.247.173.99 - - [03/Nov/2024:03:51:43 +0100] "GET /ticket2/opencms/dk/nl/buy/?page=1&edid=F8EBFE76-BA3C-5F31-F845-68F2755A60CB&sortorder=asc&column=price HTTP/1.1" 404 -
185.191.171.7 - - [03/Nov/2024:03:51:44 +0100] "GET /ticket2/opencms/hu/faq/ HTTP/1.1" 200 82149
81.167.26.57 - - [03/Nov/2024:03:51:46 +0100] "GET /ticket2/opencms/se/ru/buy/?page=1&edid=FF3DA28B-4575-B41C-4A40-DA5E05530770&sortorder=desc&column=price HTTP/1.1" 404 -
192.99.9.92 - - [03/Nov/2024:03:51:46 +0100] "GET /ticket2/opencms/dk/no/buy/?page=1&edid=9B811E9B-3C95-EFED-B35F-7CEE6EE5AD36&sortorder=asc&column=price HTTP/1.1" 404 -
194.247.173.99 - - [03/Nov/2024:03:51:47 +0100] "GET /ticket2/opencms/dk/nl/buy/?page=1&edid=F8F46E23-7D11-DB64-2DCC-CFF43B2094D4 HTTP/1.1" 404 -
85.208.96.203 - - [03/Nov/2024:03:51:47 +0100] "GET /ticket2/opencms/fi/urheilu/jalkapallo/serie_a/roma/ HTTP/1.1" 200 88028
85.208.96.206 - - [03/Nov/2024:03:51:47 +0100] "GET /ticket2/opencms/sv/sport/fotbollsbiljetter/english-championship/nottingham-forest/ HTTP/1.1" 200 77963
217.113.194.220 - - [03/Nov/2024:03:51:48 +0100] "GET /ticket2/opencms/sk/sport/futbalove-listky/premier-league/liverpool HTTP/1.1" 200 97560
194.247.173.99 - - [03/Nov/2024:03:51:49 +0100] "GET /ticket2/opencms/dk/ru/buy/?page=1&edid=0F5BCCDF-283D-CAA7-0BE6-E08DEE7F9F45&sortorder=asc&column=price HTTP/1.1" 404 -
157.90.209.79 - - [03/Nov/2024:03:51:50 +0100] "GET /ticket2/opencms/ga/buy?page=1&edid=36B8587B-9BD4-1599-9368-E59F9780F9A9 HTTP/1.1" 200 135759
194.247.173.99 - - [03/Nov/2024:03:51:50 +0100] "GET /ticket2/opencms/dk/nl/buy/?page=1&edid=F9496538-3E90-9D50-62AC-C255AB0550A9 HTTP/1.1" 404 -
192.99.9.92 - - [03/Nov/2024:03:51:50 +0100] "GET /ticket2/opencms/dk/no/buy/?page=1&edid=9C3675DF-04AE-3EF8-3EBC-3B6793871130&sortorder=asc&column=price HTTP/1.1" 404 -
81.167.26.57 - - [03/Nov/2024:03:51:52 +0100] "GET /ticket2/opencms/se/ru/buy/?page=1&edid=FF3DA28B-4575-B41C-4A40-DA5E05530770&sortorder=desc&column=row HTTP/1.1" 404 -
194.247.173.99 - - [03/Nov/2024:03:51:53 +0100] "GET /ticket2/opencms/dk/nl/buy/?page=1&edid=FA1D4F5B-4CE2-C9D1-B78A-CD1BF177B4FA&sortorder=asc&column=price HTTP/1.1" 404 -
192.99.9.92 - - [03/Nov/2024:03:51:54 +0100] "GET /ticket2/opencms/dk/no/buy/?page=1&edid=9C3675DF-04AE-3EF8-3EBC-3B6793871130&sortorder=asc&column=row HTTP/1.1" 404 -
194.247.173.99 - - [03/Nov/2024:03:51:54 +0100] "GET /ticket2/opencms/dk/ru/buy/?page=1&edid=0FA74890-A85F-201C-0B2B-F2DB2DF0CC76&sortorder=asc&column=price HTTP/1.1" 404 -
47.128.57.37 - - [03/Nov/2024:03:51:55 +0100] "GET /ticket2/opencms/sk/buy?page=11&venueid=BBFDFA62-30E5-0CF7-5C31-22BFF847E1A4 HTTP/1.1" 200 82007
217.113.194.215 - - [03/Nov/2024:03:51:56 +0100] "GET /ticket2/opencms/et/sport/jalgpallipiletid/la-liga/sevilla HTTP/1.1" 200 96050
194.247.173.99 - - [03/Nov/2024:03:51:57 +0100] "GET /ticket2/opencms/dk/nl/buy/?page=1&edid=FA1D4F5B-4CE2-C9D1-B78A-CD1BF177B4FA&sortorder=asc&column=row HTTP/1.1" 404 -
192.99.9.92 - - [03/Nov/2024:03:51:58 +0100] "GET /ticket2/opencms/dk/no/buy/?page=1&edid=9C3675DF-04AE-3EF8-3EBC-3B6793871130&sortorder=asc&column=section HTTP/1.1" 404 -
81.167.26.57 - - [03/Nov/2024:03:51:58 +0100] "GET /ticket2/opencms/se/ru/buy/?page=1&edid=FF3DA28B-4575-B41C-4A40-DA5E05530770&sortorder=desc&column=section HTTP/1.1" 404 -
157.90.209.79 - - [03/Nov/2024:03:51:59 +0100] "GET /ticket2/opencms/ga/buy?page=1&edid=3834B79A-5D67-764F-EEC4-EB2411D57169 HTTP/1.1" 200 99066
194.247.173.99 - - [03/Nov/2024:03:52:00 +0100] "GET /ticket2/opencms/dk/ru/buy/?page=1&edid=0FA74890-A85F-201C-0B2B-F2DB2DF0CC76&sortorder=asc&column=row HTTP/1.1" 404 -
194.247.173.99 - - [03/Nov/2024:03:52:00 +0100] "GET /ticket2/opencms/dk/nl/buy/?page=1&edid=FA1D4F5B-4CE2-C9D1-B78A-CD1BF177B4FA&sortorder=asc&column=section HTTP/1.1" 404 -
192.99.9.92 - - [03/Nov/2024:03:52:02 +0100] "GET /ticket2/opencms/dk/no/buy/?page=1&edid=9C6ADA50-0505-3824-87CA-8991C148B798&sortorder=desc&column=row HTTP/1.1" 404 -
157.90.209.79 - - [03/Nov/2024:03:52:03 +0100] "GET /ticket2/opencms/ga/buy?page=1&edid=3A9780A5-BD38-4C21-77F6-3CFD161A5931 HTTP/1.1" 200 99085
194.247.173.99 - - [03/Nov/2024:03:52:04 +0100] "GET /ticket2/opencms/dk/nl/buy/?page=1&edid=FA79E9D9-43CE-DD01-4489-F857336B8E9C HTTP/1.1" 404 -
217.113.194.220 - - [03/Nov/2024:03:52:05 +0100] "GET /ticket2/opencms/mo/sport/bilete-la-fotbal/bundesliga/rb_leipzig HTTP/1.1" 200 97016
192.99.9.92 - - [03/Nov/2024:03:52:06 +0100] "GET /ticket2/opencms/dk/no/buy/?page=1&edid=9D441D2E-6FD2-AD7B-09BE-1E34309E6A7E&sortorder=asc&column=section HTTP/1.1" 404 -
194.247.173.99 - - [03/Nov/2024:03:52:06 +0100] "GET /ticket2/opencms/dk/ru/buy/?page=1&edid=10ACC236-9050-224D-9B74-CD4488885E9B&sortorder=asc&column=section HTTP/1.1" 404 -
157.90.209.79 - - [03/Nov/2024:03:52:06 +0100] "GET /ticket2/opencms/ga/buy?page=1&edid=3D90558B-59E5-DB4E-10D0-F79B6C89B78E HTTP/1.1" 200 125234
194.247.173.99 - - [03/Nov/2024:03:52:07 +0100] "GET /ticket2/opencms/dk/nl/buy/?page=1&edid=FAA7165D-A922-1603-AEA2-82846AE794CA&sortorder=asc&column=price HTTP/1.1" 404 -
85.208.96.195 - - [03/Nov/2024:03:52:09 +0100] "GET /ticket2/opencms/lt/buying_tickets/ HTTP/1.1" 200 80656
81.167.26.57 - - [03/Nov/2024:03:52:10 +0100] "GET /ticket2/opencms/se/ru/buy/?page=10&eventid=FF812D0C-FCB2-7645-0CFD-1ACFB0013262&venueid=084C5FFD-59D7-DA1B-5EFC-5854672C42AB HTTP/1.1" 404 -
194.247.173.99 - - [03/Nov/2024:03:52:10 +0100] "GET /ticket2/opencms/dk/nl/buy/?page=1&edid=FAA7165D-A922-1603-AEA2-82846AE794CA&sortorder=asc&column=row HTTP/1.1" 404 -
192.99.9.92 - - [03/Nov/2024:03:52:10 +0100] "GET /ticket2/opencms/dk/no/buy/?page=1&edid=9D73DFE6-AA14-FA98-DAC6-2864C36F7BCE&sortorder=asc&column=price HTTP/1.1" 404 -
194.247.173.99 - - [03/Nov/2024:03:52:12 +0100] "GET /ticket2/opencms/dk/ru/buy/?page=1&edid=10D6239A-C87E-F4DB-2756-37EA531CCFE4&sortorder=asc&column=price HTTP/1.1" 404 -
18.237.6.179 - - [03/Nov/2024:03:52:12 +0100] "GET /ticket2/opencms/ HTTP/1.1" 302 -
157.90.209.79 - - [03/Nov/2024:03:52:13 +0100] "GET /ticket2/opencms/ga/buy?page=1&edid=403B436C-97BC-2EFB-A98B-42727D330360 HTTP/1.1" 200 102397
217.113.194.215 - - [03/Nov/2024:03:52:14 +0100] "GET /ticket2/opencms/cs/sport/fotbalove-listky/bundesliga/bayern-munchen HTTP/1.1" 200 97455
18.237.6.179 - - [03/Nov/2024:03:52:14 +0100] "GET /ticket2/opencms/en/ HTTP/1.1" 200 95593
194.247.173.99 - - [03/Nov/2024:03:52:14 +0100] "GET /ticket2/opencms/dk/nl/buy/?page=1&edid=FAED712B-522B-34FA-DE6B-5495BF7FC4C3&sortorder=desc&column=price HTTP/1.1" 404 -
192.99.9.92 - - [03/Nov/2024:03:52:14 +0100] "GET /ticket2/opencms/dk/no/buy/?page=1&edid=9D73DFE6-AA14-FA98-DAC6-2864C36F7BCE&sortorder=asc&column=row HTTP/1.1" 404 -
47.128.124.13 - - [03/Nov/2024:03:52:15 +0100] "GET /ticket2/opencms/bg/buy/?edid=658D54BE-0A4E-E701-0D91-157D68EFCF99 HTTP/1.1" 200 81909
81.167.26.57 - - [03/Nov/2024:03:52:16 +0100] "GET /ticket2/opencms/se/ru/buy/?page=6&comcatid=A17713B6-D984-201A-4143-ED4DB5ED5C2E&catid=97608B80-50C4-18AE-7A82-0413C62E9243 HTTP/1.1" 404 -
18.237.6.179 - - [03/Nov/2024:03:52:16 +0100] "GET /ticket2/opencms/favicon.ico HTTP/1.1" 200 15406
18.237.6.179 - - [03/Nov/2024:03:52:16 +0100] "GET /ticket2/opencms/img/icons/ticket2.thumbnail.png HTTP/1.1" 200 21519
157.90.209.79 - - [03/Nov/2024:03:52:17 +0100] "GET /ticket2/opencms/ga/buy?page=1&edid=41CD7066-237A-B852-387D-3D5D7B688DF9 HTTP/1.1" 200 130721
185.191.171.19 - - [03/Nov/2024:03:52:17 +0100] "GET /ticket2/opencms/dk/sell/ HTTP/1.1" 302 -
194.247.173.99 - - [03/Nov/2024:03:52:17 +0100] "GET /ticket2/opencms/dk/nl/buy/?page=1&edid=FAED712B-522B-34FA-DE6B-5495BF7FC4C3&sortorder=desc&column=row HTTP/1.1" 404 -
194.247.173.99 - - [03/Nov/2024:03:52:18 +0100] "GET /ticket2/opencms/dk/ru/buy/?page=1&edid=139817EF-970B-30CF-DFF4-4A24563A5DA4&sortorder=asc&column=price HTTP/1.1" 404 -
192.99.9.92 - - [03/Nov/2024:03:52:19 +0100] "GET /ticket2/opencms/dk/no/buy/?page=1&edid=9EB6A254-5786-FAE4-D689-87650556B208&sortorder=asc&column=price HTTP/1.1" 404 -
66.249.73.99 - - [03/Nov/2024:03:52:19 +0100] "GET /ticket2/opencms/ga/ HTTP/1.1" 200 97254
81.167.26.57 - - [03/Nov/2024:03:52:20 +0100] "GET /ticket2/opencms/se/ru/sell/?edid=00E46ACE-4E1A-25FB-61C9-5EB2142305DE HTTP/1.1" 404 -
40.77.167.143 - - [03/Nov/2024:03:52:20 +0100] "GET /ticket2/opencms/fr/search.html HTTP/1.1" 200 96034
194.247.173.99 - - [03/Nov/2024:03:52:21 +0100] "GET /ticket2/opencms/dk/nl/buy/?page=1&edid=FB9C07E8-25C7-0E6C-87A2-CAD64ADBE697&sortorder=desc&column=row HTTP/1.1" 404 -
157.90.209.79 - - [03/Nov/2024:03:52:21 +0100] "GET /ticket2/opencms/ga/buy?page=1&edid=4660DE29-C3F1-FFBE-5E6B-4C74E874EC91 HTTP/1.1" 200 126523
192.99.9.92 - - [03/Nov/2024:03:52:23 +0100] "GET /ticket2/opencms/dk/no/buy/?page=1&edid=9F33CAAA-92E0-2F06-D959-239BB7C5F362&sortorder=asc&column=row HTTP/1.1" 404 -
217.113.194.221 - - [03/Nov/2024:03:52:23 +0100] "GET /ticket2/opencms/uk/sport/kvytky-na-futbol/premier-league/newcastle-united HTTP/1.1" 200 98698
194.247.173.99 - - [03/Nov/2024:03:52:24 +0100] "GET /ticket2/opencms/dk/ru/buy/?page=1&edid=14EB85AA-52EB-DF14-EE86-8CD319126294&sortorder=asc&column=price HTTP/1.1" 404 -
194.247.173.99 - - [03/Nov/2024:03:52:24 +0100] "GET /ticket2/opencms/dk/nl/buy/?page=1&edid=FBB50624-B32A-B7F0-C315-0584FA25CBE8&sortorder=asc&column=price HTTP/1.1" 404 -
185.191.171.3 - - [03/Nov/2024:03:52:24 +0100] "GET /ticket2/opencms/dk/login/?url=%25252Fdk%25252Fsell%25252F HTTP/1.1" 200 82400
81.167.26.57 - - [03/Nov/2024:03:52:25 +0100] "GET /ticket2/opencms/se/ru/sell/?edid=10FB1C4A-BD03-D935-D381-D59A9F05AA1D HTTP/1.1" 404 -
157.90.209.79 - - [03/Nov/2024:03:52:26 +0100] "GET /ticket2/opencms/ga/buy?page=1&edid=46F37BE7-B2F6-BEA5-12C9-E1FFD36B0DD0 HTTP/1.1" 200 108306
192.99.9.92 - - [03/Nov/2024:03:52:28 +0100] "GET /ticket2/opencms/dk/no/buy/?page=1&edid=9F33CAAA-92E0-2F06-D959-239BB7C5F362&sortorder=asc&column=section HTTP/1.1" 404 -
194.247.173.99 - - [03/Nov/2024:03:52:28 +0100] "GET /ticket2/opencms/dk/nl/buy/?page=1&edid=FBDF2F5C-22EC-57CA-6C70-110C2200E452&sortorder=asc&column=price HTTP/1.1" 404 -
85.208.96.208 - - [03/Nov/2024:03:52:28 +0100] "GET /ticket2/opencms/hr/buy_safety/ HTTP/1.1" 200 80932
81.167.26.57 - - [03/Nov/2024:03:52:28 +0100] "GET /ticket2/opencms/se/ru/sell/?edid=137C96C9-C65D-C937-99B2-0464EAF1DB76 HTTP/1.1" 404 -
64.71.166.38 - - [03/Nov/2024:03:52:29 +0100] "GET /ticket2/opencms/robots.txt HTTP/1.1" 200 773
194.247.173.99 - - [03/Nov/2024:03:52:29 +0100] "GET /ticket2/opencms/dk/ru/buy/?page=1&edid=14EB85AA-52EB-DF14-EE86-8CD319126294&sortorder=asc&column=row HTTP/1.1" 404 -
64.71.166.38 - - [03/Nov/2024:03:52:30 +0100] "GET /ticket2/opencms/en/about/press/ HTTP/1.1" 200 80499
194.247.173.99 - - [03/Nov/2024:03:52:31 +0100] "GET /ticket2/opencms/dk/nl/buy/?page=1&edid=FBDF2F5C-22EC-57CA-6C70-110C2200E452&sortorder=asc&column=section HTTP/1.1" 404 -
217.113.194.213 - - [03/Nov/2024:03:52:31 +0100] "GET /ticket2/opencms/uk/sport/kvytky-na-futbol/la-liga/las_palmas HTTP/1.1" 200 97212
192.99.9.92 - - [03/Nov/2024:03:52:32 +0100] "GET /ticket2/opencms/dk/no/buy/?page=1&edid=A03EAA2C-2EFF-45A8-B381-DF86A299AA05&sortorder=desc&column=section HTTP/1.1" 404 -
81.167.26.57 - - [03/Nov/2024:03:52:33 +0100] "GET /ticket2/opencms/se/ru/sell/?edid=1C58C470-D3F9-186C-B32F-4F4A4C479079 HTTP/1.1" 404 -
157.90.209.79 - - [03/Nov/2024:03:52:34 +0100] "GET /ticket2/opencms/ga/buy?page=1&edid=47C0370F-9915-7673-E038-7AD65907592C HTTP/1.1" 200 125238
194.247.173.99 - - [03/Nov/2024:03:52:34 +0100] "GET /ticket2/opencms/dk/nl/buy/?page=1&edid=FC6C7C18-83B6-E104-2781-4BFAA17207F5&sortorder=asc&column=price HTTP/1.1" 404 -
194.247.173.99 - - [03/Nov/2024:03:52:35 +0100] "GET /ticket2/opencms/dk/ru/buy/?page=1&edid=15A49D6B-6C7D-1C51-F16F-708F91DF3C53&sortorder=asc&column=price HTTP/1.1" 404 -
192.99.9.92 - - [03/Nov/2024:03:52:36 +0100] "GET /ticket2/opencms/dk/no/buy/?page=1&edid=A2EBEE55-0F02-EF65-FACF-A4CB04DC02EA&sortorder=desc&column=row HTTP/1.1" 404 -
81.167.26.57 - - [03/Nov/2024:03:52:36 +0100] "GET /ticket2/opencms/se/ru/sell/?edid=206ED6C7-3CE7-5CA0-4BB3-B7330F14E50F HTTP/1.1" 404 -
20.171.206.238 - - [03/Nov/2024:03:52:37 +0100] "GET /ticket2/opencms/no/ HTTP/1.1" 200 96953
194.247.173.99 - - [03/Nov/2024:03:52:38 +0100] "GET /ticket2/opencms/dk/nl/buy/?page=1&edid=FC6C7C18-83B6-E104-2781-4BFAA17207F5&sortorder=asc&column=row HTTP/1.1" 404 -
81.167.26.57 - - [03/Nov/2024:03:52:39 +0100] "GET /ticket2/opencms/se/ru/sell/?edid=336107FE-A480-FFB9-CEBB-733E82F740BB HTTP/1.1" 404 -
157.90.209.79 - - [03/Nov/2024:03:52:40 +0100] "GET /ticket2/opencms/ga/buy?page=1&edid=47E4C29F-87ED-56B6-4058-D325184E756B HTTP/1.1" 200 135489
217.113.194.214 - - [03/Nov/2024:03:52:40 +0100] "GET /ticket2/opencms/no/sport/fotballsbilletter/bundesliga/werder-bremen/ HTTP/1.1" 200 94066
192.99.9.92 - - [03/Nov/2024:03:52:40 +0100] "GET /ticket2/opencms/dk/no/buy/?page=1&edid=A3190A63-6FBC-ADA1-B1CD-CF47F8FAB5EA&sortorder=desc&column=section HTTP/1.1" 404 -
194.247.173.99 - - [03/Nov/2024:03:52:41 +0100] "GET /ticket2/opencms/dk/ru/buy/?page=1&edid=15A49D6B-6C7D-1C51-F16F-708F91DF3C53&sortorder=asc&column=row HTTP/1.1" 404 -
194.247.173.99 - - [03/Nov/2024:03:52:41 +0100] "GET /ticket2/opencms/dk/nl/buy/?page=1&edid=FC6C7C18-83B6-E104-2781-4BFAA17207F5&sortorder=asc&column=section HTTP/1.1" 404 -
157.90.209.79 - - [03/Nov/2024:03:52:43 +0100] "GET /ticket2/opencms/ga/buy?page=1&edid=490280ED-96FA-5EC6-1DCC-A75EC34A3EFC HTTP/1.1" 200 111652
81.167.26.57 - - [03/Nov/2024:03:52:44 +0100] "GET /ticket2/opencms/se/ru/sell/?edid=5588B8CD-BB26-BC2D-8DA2-0851F243FD51 HTTP/1.1" 404 -
192.99.9.92 - - [03/Nov/2024:03:52:44 +0100] "GET /ticket2/opencms/dk/no/buy/?page=1&edid=A40E09A6-82F6-B4B3-DEE0-A76ACCFE6164 HTTP/1.1" 404 -
194.247.173.99 - - [03/Nov/2024:03:52:44 +0100] "GET /ticket2/opencms/dk/nl/buy/?page=1&edid=FC8166F8-5150-95FE-6FDF-33A45AACF965&sortorder=asc&column=price HTTP/1.1" 404 -
194.247.173.99 - - [03/Nov/2024:03:52:47 +0100] "GET /ticket2/opencms/dk/ru/buy/?page=1&edid=1612E381-7260-0090-9248-B71DAF9DCAFF HTTP/1.1" 404 -
194.247.173.99 - - [03/Nov/2024:03:52:48 +0100] "GET /ticket2/opencms/dk/nl/buy/?page=1&edid=FC8166F8-5150-95FE-6FDF-33A45AACF965&sortorder=asc&column=row HTTP/1.1" 404 -
81.167.26.57 - - [03/Nov/2024:03:52:48 +0100] "GET /ticket2/opencms/se/ru/sell/?edid=61A920BB-7501-6BA5-BF61-F395A116E7BC HTTP/1.1" 404 -
192.99.9.92 - - [03/Nov/2024:03:52:48 +0100] "GET /ticket2/opencms/dk/no/buy/?page=1&edid=A4230EED-6955-A0A5-2163-71DF53AB16EC&sortorder=asc&column=section HTTP/1.1" 404 -
217.113.194.221 - - [03/Nov/2024:03:52:49 +0100] "GET /ticket2/opencms/no/sport/fotballsbilletter/premier_league/manchester_united HTTP/1.1" 200 97395
194.247.173.99 - - [03/Nov/2024:03:52:51 +0100] "GET /ticket2/opencms/dk/nl/buy/?page=1&edid=FC8166F8-5150-95FE-6FDF-33A45AACF965&sortorder=asc&column=section HTTP/1.1" 404 -
157.90.209.79 - - [03/Nov/2024:03:52:51 +0100] "GET /ticket2/opencms/ga/buy?page=1&edid=492C270D-AAEA-3890-F385-951BFDA8F433 HTTP/1.1" 200 114434
81.167.26.57 - - [03/Nov/2024:03:52:52 +0100] "GET /ticket2/opencms/se/ru/sell/?edid=89D89E9E-8D04-F641-B1B5-F18BACE2A9FB HTTP/1.1" 404 -
194.247.173.99 - - [03/Nov/2024:03:52:53 +0100] "GET /ticket2/opencms/dk/ru/buy/?page=1&edid=1612E381-7260-0090-9248-B71DAF9DCAFF&sortorder=asc&column=price HTTP/1.1" 404 -
192.99.9.92 - - [03/Nov/2024:03:52:53 +0100] "GET /ticket2/opencms/dk/no/buy/?page=1&edid=A42468F2-2132-FBF5-F067-C842FEC4FD25&sortorder=asc&column=row HTTP/1.1" 404 -
194.247.173.99 - - [03/Nov/2024:03:52:55 +0100] "GET /ticket2/opencms/dk/nl/buy/?page=1&edid=FC8E19AE-C0B2-6E8A-15B8-33A65B1EFF7E HTTP/1.1" 404 -
157.90.209.79 - - [03/Nov/2024:03:52:56 +0100] "GET /ticket2/opencms/ga/buy?page=1&edid=4D569333-A725-AF23-311D-520AB9757B29 HTTP/1.1" 200 102470
217.113.194.220 - - [03/Nov/2024:03:52:58 +0100] "GET /ticket2/opencms/no/sport/fotballsbilletter/la_liga/real_madrid HTTP/1.1" 200 94140
185.191.171.2 - - [03/Nov/2024:03:52:58 +0100] "GET /ticket2/opencms/de/robots.txt HTTP/1.1" 404 -
194.247.173.99 - - [03/Nov/2024:03:52:58 +0100] "GET /ticket2/opencms/dk/nl/buy/?page=1&edid=FCBD6E3D-863A-5B3A-5EE9-2A6644C9666A&sortorder=asc&column=section HTTP/1.1" 404 -
194.247.173.99 - - [03/Nov/2024:03:52:59 +0100] "GET /ticket2/opencms/dk/ru/buy/?page=1&edid=1612E381-7260-0090-9248-B71DAF9DCAFF&sortorder=asc&column=row HTTP/1.1" 404 -
85.208.96.195 - - [03/Nov/2024:03:53:00 +0100] "GET /ticket2/opencms/en/buying_tickets HTTP/1.1" 200 81721
157.90.209.79 - - [03/Nov/2024:03:53:00 +0100] "GET /ticket2/opencms/ga/buy?page=1&edid=4D95C4E4-B7FF-C71E-110D-D09544A9044A HTTP/1.1" 200 125236
81.167.26.57 - - [03/Nov/2024:03:53:00 +0100] "GET /ticket2/opencms/se/ru/sell/?edid=8BC1C66B-97CD-0682-218C-2DF42CFC3091 HTTP/1.1" 404 -
185.191.171.7 - - [03/Nov/2024:03:53:00 +0100] "GET /ticket2/opencms/robots.txt HTTP/1.1" 200 773
194.247.173.99 - - [03/Nov/2024:03:53:02 +0100] "GET /ticket2/opencms/dk/nl/buy/?page=1&edid=FCE28E82-BE89-23B6-8BEA-3B839D938E7F&sortorder=asc&column=section HTTP/1.1" 404 -
192.99.9.92 - - [03/Nov/2024:03:53:03 +0100] "GET /ticket2/opencms/dk/no/buy/?page=1&edid=A493F172-CFC1-7FF7-D550-F43C62212F93&sortorder=asc&column=price HTTP/1.1" 404 -
185.191.171.13 - - [03/Nov/2024:03:53:04 +0100] "GET /ticket2/opencms/robots.txt HTTP/1.1" 200 773
157.90.209.79 - - [03/Nov/2024:03:53:04 +0100] "GET /ticket2/opencms/ga/buy?page=1&edid=4DF0D9FC-63B4-BC0C-C1C6-5A8F2E684398 HTTP/1.1" 200 125383
81.167.26.57 - - [03/Nov/2024:03:53:04 +0100] "GET /ticket2/opencms/se/ru/sell/?edid=CD97B46D-31B3-D365-9D7B-CFA9CBECBD48 HTTP/1.1" 404 -
185.191.171.6 - - [03/Nov/2024:03:53:05 +0100] "GET /ticket2/opencms/de/fr/search.html HTTP/1.1" 404 -
194.247.173.99 - - [03/Nov/2024:03:53:05 +0100] "GET /ticket2/opencms/dk/ru/buy/?page=1&edid=1612E381-7260-0090-9248-B71DAF9DCAFF&sortorder=asc&column=section HTTP/1.1" 404 -
194.247.173.99 - - [03/Nov/2024:03:53:05 +0100] "GET /ticket2/opencms/dk/nl/buy/?page=1&edid=FD05ABF5-CDE6-7E14-6315-57144B5C58D0&sortorder=asc&column=price HTTP/1.1" 404 -
217.113.194.214 - - [03/Nov/2024:03:53:07 +0100] "GET /ticket2/opencms/hr/sport/nogometne-ulaznice/la-liga/barcelona HTTP/1.1" 200 96519
85.208.96.208 - - [03/Nov/2024:03:53:09 +0100] "GET /ticket2/opencms/sv/sport/fotbollsbiljetter/uefa-champions-league/dynamo_kyiv/ HTTP/1.1" 200 79401
194.247.173.99 - - [03/Nov/2024:03:53:09 +0100] "GET /ticket2/opencms/dk/nl/buy/?page=1&edid=FD9F7521-FAF6-CC18-E57A-C791478603D9&sortorder=desc&column=section HTTP/1.1" 404 -
157.90.209.79 - - [03/Nov/2024:03:53:10 +0100] "GET /ticket2/opencms/ga/buy?page=1&edid=4DFD725A-4EAE-5578-E2C8-F093AEA223CD HTTP/1.1" 200 131532
157.55.39.197 - - [03/Nov/2024:03:53:10 +0100] "GET /ticket2/opencms/nl/buy/?page=1&edid=6C755BD2-3E40-1F18-AF57-4283F42FB67F HTTP/1.1" 200 99479
81.167.26.57 - - [03/Nov/2024:03:53:11 +0100] "GET /ticket2/opencms/se/ru/sell/?edid=D113E468-2DF2-22A8-54C7-46CC05C5FA8D HTTP/1.1" 404 -
194.247.173.99 - - [03/Nov/2024:03:53:11 +0100] "GET /ticket2/opencms/dk/ru/buy/?page=1&edid=16B1D3A1-F16E-54A2-63C4-43295D45DD77&sortorder=asc&column=section HTTP/1.1" 404 -
194.247.173.99 - - [03/Nov/2024:03:53:13 +0100] "GET /ticket2/opencms/dk/nl/buy/?page=1&edid=FE65CE07-7600-0CF6-1148-1B65F59F41F4&sortorder=asc&column=price HTTP/1.1" 404 -
192.99.9.92 - - [03/Nov/2024:03:53:15 +0100] "GET /ticket2/opencms/dk/no/buy/?page=1&edid=A493F172-CFC1-7FF7-D550-F43C62212F93&sortorder=asc&column=row HTTP/1.1" 404 -
157.90.209.79 - - [03/Nov/2024:03:53:15 +0100] "GET /ticket2/opencms/ga/buy?page=1&edid=50375D23-8B44-5172-3FB1-755B660EE76F HTTP/1.1" 200 105124
185.191.171.3 - - [03/Nov/2024:03:53:15 +0100] "GET /ticket2/opencms/uk/login/ HTTP/1.1" 200 83847
217.113.194.212 - - [03/Nov/2024:03:53:15 +0100] "GET /ticket2/opencms/sq/sport/bileta-per-futboll/premier-league/bournemouth HTTP/1.1" 200 97744
194.247.173.99 - - [03/Nov/2024:03:53:16 +0100] "GET /ticket2/opencms/dk/nl/buy/?page=1&edid=FE65CE07-7600-0CF6-1148-1B65F59F41F4&sortorder=asc&column=row HTTP/1.1" 404 -
81.167.26.57 - - [03/Nov/2024:03:53:17 +0100] "GET /ticket2/opencms/se/ru/sell/?edid=00E46ACE-4E1A-25FB-61C9-5EB2142305DE HTTP/1.1" 404 -
194.247.173.99 - - [03/Nov/2024:03:53:17 +0100] "GET /ticket2/opencms/dk/ru/buy/?page=1&edid=17691BA0-3B62-7E67-D3D1-B182892E58DB&sortorder=asc&column=row HTTP/1.1" 404 -
47.128.111.82 - - [03/Nov/2024:03:53:18 +0100] "GET /ticket2/opencms/hr/buy?page=10&venueid=084C5FFD-59D7-DA1B-5EFC-5854672C42AB HTTP/1.1" 302 -
157.90.209.79 - - [03/Nov/2024:03:53:18 +0100] "GET /ticket2/opencms/ga/buy?page=1&edid=50D37B13-6F20-71F9-54D9-90E7B6C8DECF HTTP/1.1" 200 130046
