20.171.206.126 - - [03/Nov/2024:04:48:57 +0100] "GET /ticket2/opencms/sv/sport/fotbollsbiljetter/la_liga/barcelona HTTP/1.1" 200 96555
65.108.110.26 - - [03/Nov/2024:04:48:58 +0100] "GET /ticket2/opencms/se/fi/venue/?venueid=8D3E338D-57EA-2754-337D-4094BF8B8E3F HTTP/1.1" 404 -
157.90.209.79 - - [03/Nov/2024:04:48:58 +0100] "GET /ticket2/opencms/hu/buy/?page=1&edid=299450E2-FDAD-4E2B-0058-6290A7A2B57D HTTP/1.1" 200 136555
157.90.209.79 - - [03/Nov/2024:04:49:00 +0100] "GET /ticket2/opencms/hu/buy/?page=1&edid=2A51ECF8-5DB5-F349-CC30-BF574AC78AE1 HTTP/1.1" 200 111378
216.244.66.238 - - [03/Nov/2024:04:49:00 +0100] "GET /ticket2/opencms/mo/buy?page=1&edid=17FCF75B-5941-6553-7E99-DDA280BBDB43 HTTP/1.1" 200 101413
65.108.110.26 - - [03/Nov/2024:04:49:03 +0100] "GET /ticket2/opencms/se/fi/venue/?venueid=8D532909-C41C-2A7C-5336-DE83887C261B HTTP/1.1" 404 -
207.46.13.125 - - [03/Nov/2024:04:49:03 +0100] "GET /ticket2/opencms/it/buy/?page=1&edid=337A6D10-FAB1-79A8-F930-5D188B3B5484 HTTP/1.1" 200 101231
157.90.209.79 - - [03/Nov/2024:04:49:03 +0100] "GET /ticket2/opencms/hu/buy/?page=1&edid=2AC421C6-0DD9-73DD-0C29-416B5CC98DFF HTTP/1.1" 200 101824
114.119.145.123 - - [03/Nov/2024:04:49:05 +0100] "GET /ticket2/opencms/en/venue/?venueid=1F00A8AC-73C6-30FB-6A89-C32972FA150C HTTP/1.1" 200 76989
157.90.209.79 - - [03/Nov/2024:04:49:05 +0100] "GET /ticket2/opencms/hu/buy/?page=1&edid=2B44308E-1778-CFAE-7385-18758823F6EB HTTP/1.1" 200 135350
216.244.66.238 - - [03/Nov/2024:04:49:06 +0100] "GET /ticket2/opencms/sk/buy?page=1&edid=16D8D8B6-E3B7-19D1-2440-03B3A2E90B73 HTTP/1.1" 200 97951
65.108.110.26 - - [03/Nov/2024:04:49:07 +0100] "GET /ticket2/opencms/se/fi/venue/?venueid=8DC9B4D7-0F57-A55B-2293-BE821F8D48B8 HTTP/1.1" 404 -
157.90.209.79 - - [03/Nov/2024:04:49:08 +0100] "GET /ticket2/opencms/hu/buy/?page=1&edid=32359E59-20A4-8706-5D64-A284D441A719 HTTP/1.1" 200 113857
185.191.171.1 - - [03/Nov/2024:04:49:10 +0100] "GET /ticket2/opencms/no/sport/motor/formel_1/ HTTP/1.1" 200 82375
157.90.209.79 - - [03/Nov/2024:04:49:10 +0100] "GET /ticket2/opencms/hu/buy/?page=1&edid=3289C097-2261-9433-8644-DF033A9EE354 HTTP/1.1" 200 131151
216.244.66.238 - - [03/Nov/2024:04:49:11 +0100] "GET /ticket2/opencms/tr/buy?page=1&edid=C29FD4D7-C114-3152-7015-AC9740876339 HTTP/1.1" 200 124371
65.108.110.26 - - [03/Nov/2024:04:49:12 +0100] "GET /ticket2/opencms/se/fi/venue/?venueid=8DF0F1C6-76DB-1663-6A8C-2D6445805D4D HTTP/1.1" 404 -
157.90.209.79 - - [03/Nov/2024:04:49:13 +0100] "GET /ticket2/opencms/hu/buy/?page=1&edid=341262D8-7A59-5821-1DA8-A5F36D843BF9 HTTP/1.1" 200 133023
185.191.171.5 - - [03/Nov/2024:04:49:14 +0100] "GET /ticket2/opencms/sv/magazine/VM HTTP/1.1" 200 87639
157.90.209.79 - - [03/Nov/2024:04:49:16 +0100] "GET /ticket2/opencms/hu/buy/?page=1&edid=3583D5C7-607A-E528-A709-844E6A72DC1B HTTP/1.1" 200 131158
65.108.110.26 - - [03/Nov/2024:04:49:16 +0100] "GET /ticket2/opencms/se/fi/venue/?venueid=8DFC8AD9-E645-18BB-4A0A-84E80349347C HTTP/1.1" 404 -
157.90.209.79 - - [03/Nov/2024:04:49:18 +0100] "GET /ticket2/opencms/hu/buy/?page=1&edid=36B8587B-9BD4-1599-9368-E59F9780F9A9 HTTP/1.1" 200 135347
157.90.209.79 - - [03/Nov/2024:04:49:20 +0100] "GET /ticket2/opencms/hu/buy/?page=1&edid=3D90558B-59E5-DB4E-10D0-F79B6C89B78E HTTP/1.1" 200 124830
185.191.171.15 - - [03/Nov/2024:04:49:20 +0100] "GET /ticket2/opencms/en/sport/football-tickets/la-liga/villarreal/ HTTP/1.1" 200 86589
65.108.110.26 - - [03/Nov/2024:04:49:21 +0100] "GET /ticket2/opencms/se/fi/venue/?venueid=8EA26496-DB80-A5FF-39BD-F3714E2293E3 HTTP/1.1" 404 -
85.208.96.208 - - [03/Nov/2024:04:49:23 +0100] "GET /ticket2/opencms/en/sport/football-tickets/premier_league/chelsea/ HTTP/1.1" 200 93761
20.171.206.126 - - [03/Nov/2024:04:49:23 +0100] "GET /ticket2/opencms/ro/sport/bilete-fotbal/la-liga/barcelona HTTP/1.1" 200 96953
65.108.110.26 - - [03/Nov/2024:04:49:26 +0100] "GET /ticket2/opencms/se/fi/venue/?venueid=8F226E17-13FE-CC18-B0C6-2591DA99778F HTTP/1.1" 404 -
157.90.209.79 - - [03/Nov/2024:04:49:27 +0100] "GET /ticket2/opencms/hu/buy/?page=1&edid=41CD7066-237A-B852-387D-3D5D7B688DF9 HTTP/1.1" 200 130372
65.108.110.26 - - [03/Nov/2024:04:49:30 +0100] "GET /ticket2/opencms/se/fi/venue/?venueid=8F69F39C-B5DA-1E67-5E28-A694F58730E7 HTTP/1.1" 404 -
157.90.209.79 - - [03/Nov/2024:04:49:31 +0100] "GET /ticket2/opencms/hu/buy/?page=1&edid=4660DE29-C3F1-FFBE-5E6B-4C74E874EC91 HTTP/1.1" 200 126159
83.92.121.57 - - [03/Nov/2024:04:49:32 +0100] "GET /ticket2/opencms/dk/sport/fodboldbilletter/premier-league/liverpool/?wbraid=ClMKCAjwm5e5BhBREkMACKk7F5to2uRmyi1_FXSbdwOcdJXuV2vN9pt-H9jZihEUCl7dnGkntj_zDatPIHQNYP_lNa7qFDdZ61Mt3jnT4quVGgL_2Q HTTP/1.1" 200 95566
83.92.121.57 - - [03/Nov/2024:04:49:32 +0100] "GET /ticket2/opencms/system/modules/com.gridnine.opencms.ticketbrokerage.site/resources/css/ticketbrokerage.css HTTP/1.1" 200 39339
83.92.121.57 - - [03/Nov/2024:04:49:32 +0100] "GET /ticket2/opencms/system/modules/com.gridnine.opencms.ticketbrokerage.site/resources/js/functions.js HTTP/1.1" 200 1583
83.92.121.57 - - [03/Nov/2024:04:49:32 +0100] "GET /ticket2/opencms/system/modules/com.gridnine.opencms.ticketbrokerage.site/resources/js/jquery/jquery-ui.js HTTP/1.1" 200 228088
83.92.121.57 - - [03/Nov/2024:04:49:32 +0100] "GET /ticket2/opencms/system/modules/com.gridnine.opencms.ticketbrokerage.site/resources/js/jquery/jquery.js HTTP/1.1" 200 93868
83.92.121.57 - - [03/Nov/2024:04:49:32 +0100] "GET /ticket2/opencms/system/modules/com.gridnine.opencms.ticketbrokerage.site/resources/css/jquery.fancybox.css HTTP/1.1" 200 4939
83.92.121.57 - - [03/Nov/2024:04:49:32 +0100] "GET /ticket2/opencms/system/modules/com.gridnine.opencms.ticketbrokerage.site/resources/css/standard.css HTTP/1.1" 200 73073
83.92.121.57 - - [03/Nov/2024:04:49:32 +0100] "GET /ticket2/opencms/system/modules/com.gridnine.opencms.ticketbrokerage.site/resources/css/jquery-ui.css HTTP/1.1" 200 33221
83.92.121.57 - - [03/Nov/2024:04:49:32 +0100] "GET /ticket2/opencms/system/modules/com.gridnine.opencms.ticketbrokerage.site/resources/css/calendar.css HTTP/1.1" 200 6871
83.92.121.57 - - [03/Nov/2024:04:49:32 +0100] "GET /ticket2/opencms/system/modules/com.gridnine.opencms.ticketbrokerage.site/resources/js/calendar.js HTTP/1.1" 200 49229
83.92.121.57 - - [03/Nov/2024:04:49:32 +0100] "GET /ticket2/opencms/system/modules/com.gridnine.opencms.ticketbrokerage.site/resources/js/calendar-en.js HTTP/1.1" 200 3338
83.92.121.57 - - [03/Nov/2024:04:49:32 +0100] "GET /ticket2/opencms/system/modules/com.gridnine.opencms.ticketbrokerage.site/resources/js/calendar-setup.js HTTP/1.1" 200 4923
83.92.121.57 - - [03/Nov/2024:04:49:32 +0100] "GET /ticket2/opencms/system/modules/com.gridnine.opencms.ticketbrokerage.site/resources/js/stickyfill.min.js HTTP/1.1" 200 5672
83.92.121.57 - - [03/Nov/2024:04:49:32 +0100] "GET /ticket2/opencms/system/modules/com.gridnine.opencms.ticketbrokerage.site/resources/js/jquery.fancybox.pack.js HTTP/1.1" 200 23187
83.92.121.57 - - [03/Nov/2024:04:49:32 +0100] "GET /ticket2/opencms/system/modules/com.gridnine.opencms.ticketbrokerage.site/resources/js/standard.js HTTP/1.1" 200 3978
83.92.121.57 - - [03/Nov/2024:04:49:32 +0100] "GET /ticket2/opencms/system/modules/com.gridnine.opencms.ticketbrokerage.site/resources/js/jquery.placeholder.min.js HTTP/1.1" 200 1737
83.92.121.57 - - [03/Nov/2024:04:49:32 +0100] "GET /ticket2/opencms/system/modules/com.gridnine.opencms.ticketbrokerage.site/resources/js/common-ajax.js HTTP/1.1" 200 20175
83.92.121.57 - - [03/Nov/2024:04:49:32 +0100] "GET /ticket2/opencms/system/modules/com.gridnine.opencms.ticketbrokerage.site/resources/pics/logo-new.png HTTP/1.1" 200 13541
83.92.121.57 - - [03/Nov/2024:04:49:32 +0100] "GET /ticket2/opencms/img/insta.png HTTP/1.1" 200 3967
83.92.121.57 - - [03/Nov/2024:04:49:32 +0100] "GET /ticket2/opencms/img/fb.png HTTP/1.1" 200 1269
83.92.121.57 - - [03/Nov/2024:04:49:32 +0100] "GET /ticket2/opencms/system/modules/com.gridnine.opencms.ticketbrokerage.site/resources/pics/banners/Liverpool.jpg HTTP/1.1" 200 13360
83.92.121.57 - - [03/Nov/2024:04:49:32 +0100] "GET /ticket2/opencms/img/icons/globe-white.png HTTP/1.1" 200 947
83.92.121.57 - - [03/Nov/2024:04:49:32 +0100] "GET /ticket2/opencms/system/modules/com.gridnine.opencms.ticketbrokerage.site/resources/pics/footer-img.jpg HTTP/1.1" 200 67642
83.92.121.57 - - [03/Nov/2024:04:49:32 +0100] "GET /ticket2/opencms/img/check.png HTTP/1.1" 200 548
83.92.121.57 - - [03/Nov/2024:04:49:32 +0100] "GET /ticket2/opencms/img/mail.png HTTP/1.1" 200 403
83.92.121.57 - - [03/Nov/2024:04:49:32 +0100] "GET /ticket2/opencms/img/icons/en.png HTTP/1.1" 200 2415
83.92.121.57 - - [03/Nov/2024:04:49:32 +0100] "GET /ticket2/opencms/img/chat.png HTTP/1.1" 200 416
83.92.121.57 - - [03/Nov/2024:04:49:32 +0100] "GET /ticket2/opencms/img/icons/se.png HTTP/1.1" 200 1258
83.92.121.57 - - [03/Nov/2024:04:49:32 +0100] "GET /ticket2/opencms/img/arrow.png HTTP/1.1" 200 753
83.92.121.57 - - [03/Nov/2024:04:49:32 +0100] "GET /ticket2/opencms/img/icons/fi.png HTTP/1.1" 200 1785
83.92.121.57 - - [03/Nov/2024:04:49:32 +0100] "GET /ticket2/opencms/img/icons/no.png HTTP/1.1" 200 1958
83.92.121.57 - - [03/Nov/2024:04:49:32 +0100] "GET /ticket2/opencms/img/icons/dk.png HTTP/1.1" 200 1706
83.92.121.57 - - [03/Nov/2024:04:49:32 +0100] "GET /ticket2/opencms/img/icons/nl.png HTTP/1.1" 200 1255
83.92.121.57 - - [03/Nov/2024:04:49:33 +0100] "GET /ticket2/opencms/img/icons/de.png HTTP/1.1" 200 1124
83.92.121.57 - - [03/Nov/2024:04:49:33 +0100] "GET /ticket2/opencms/img/icons/fr.png HTTP/1.1" 200 1764
83.92.121.57 - - [03/Nov/2024:04:49:33 +0100] "GET /ticket2/opencms/img/icons/it.png HTTP/1.1" 200 2040
83.92.121.57 - - [03/Nov/2024:04:49:33 +0100] "GET /ticket2/opencms/img/icons/es.png HTTP/1.1" 200 1005
83.92.121.57 - - [03/Nov/2024:04:49:33 +0100] "GET /ticket2/opencms/img/icons/sq.png HTTP/1.1" 200 1619
83.92.121.57 - - [03/Nov/2024:04:49:33 +0100] "GET /ticket2/opencms/img/icons/pl.png HTTP/1.1" 200 1578
83.92.121.57 - - [03/Nov/2024:04:49:33 +0100] "GET /ticket2/opencms/img/icons/bg.png HTTP/1.1" 200 788
83.92.121.57 - - [03/Nov/2024:04:49:33 +0100] "GET /ticket2/opencms/img/icons/be.png HTTP/1.1" 200 1663
83.92.121.57 - - [03/Nov/2024:04:49:33 +0100] "GET /ticket2/opencms/img/icons/bs.png HTTP/1.1" 200 1014
83.92.121.57 - - [03/Nov/2024:04:49:33 +0100] "GET /ticket2/opencms/img/icons/az.png HTTP/1.1" 200 1445
83.92.121.57 - - [03/Nov/2024:04:49:33 +0100] "GET /ticket2/opencms/img/icons/hu.png HTTP/1.1" 200 733
83.92.121.57 - - [03/Nov/2024:04:49:33 +0100] "GET /ticket2/opencms/img/icons/ga.png HTTP/1.1" 200 1759
83.92.121.57 - - [03/Nov/2024:04:49:33 +0100] "GET /ticket2/opencms/img/icons/lv.png HTTP/1.1" 200 716
83.92.121.57 - - [03/Nov/2024:04:49:33 +0100] "GET /ticket2/opencms/img/icons/mo.png HTTP/1.1" 200 1468
83.92.121.57 - - [03/Nov/2024:04:49:33 +0100] "GET /ticket2/opencms/img/icons/mt.png HTTP/1.1" 200 920
83.92.121.57 - - [03/Nov/2024:04:49:33 +0100] "GET /ticket2/opencms/img/icons/sr.png HTTP/1.1" 200 1602
83.92.121.57 - - [03/Nov/2024:04:49:33 +0100] "GET /ticket2/opencms/img/icons/sl.png HTTP/1.1" 200 966
83.92.121.57 - - [03/Nov/2024:04:49:33 +0100] "GET /ticket2/opencms/img/icons/sk.png HTTP/1.1" 200 1283
83.92.121.57 - - [03/Nov/2024:04:49:33 +0100] "GET /ticket2/opencms/img/icons/uk.png HTTP/1.1" 200 1272
83.92.121.57 - - [03/Nov/2024:04:49:33 +0100] "GET /ticket2/opencms/img/icons/tr.png HTTP/1.1" 200 1636
83.92.121.57 - - [03/Nov/2024:04:49:33 +0100] "GET /ticket2/opencms/img/icons/et.png HTTP/1.1" 200 754
83.92.121.57 - - [03/Nov/2024:04:49:33 +0100] "GET /ticket2/opencms/img/icons/hr.png HTTP/1.1" 200 2024
157.90.209.79 - - [03/Nov/2024:04:49:34 +0100] "GET /ticket2/opencms/hu/buy/?page=1&edid=47C0370F-9915-7673-E038-7AD65907592C HTTP/1.1" 200 124834
83.92.121.57 - - [03/Nov/2024:04:49:34 +0100] "GET /ticket2/opencms/img/icons/cs.png HTTP/1.1" 200 1883
83.92.121.57 - - [03/Nov/2024:04:49:34 +0100] "GET /ticket2/opencms/img/icons/ka.png HTTP/1.1" 200 860
83.92.121.57 - - [03/Nov/2024:04:49:34 +0100] "GET /ticket2/opencms/img/icons/is.png HTTP/1.1" 200 1884
83.92.121.57 - - [03/Nov/2024:04:49:34 +0100] "GET /ticket2/opencms/img/icons/el.png HTTP/1.1" 200 1637
83.92.121.57 - - [03/Nov/2024:04:49:36 +0100] "GET /ticket2/opencms/img/icons/lt.png HTTP/1.1" 200 733
83.92.121.57 - - [03/Nov/2024:04:49:36 +0100] "GET /ticket2/opencms/img/icons/ro.png HTTP/1.1" 200 1393
83.92.121.57 - - [03/Nov/2024:04:49:36 +0100] "GET /ticket2/opencms/system/modules/com.gridnine.opencms.ticketbrokerage.site/resources/js/standard.js HTTP/1.1" 200 3978
65.108.110.26 - - [03/Nov/2024:04:49:36 +0100] "GET /ticket2/opencms/se/fi/venue/?venueid=8FC52839-6C95-36C9-E574-9555CE162701 HTTP/1.1" 404 -
66.249.65.106 - - [03/Nov/2024:04:49:36 +0100] "GET /ticket2/opencms/sv/magazine/article?title=joel-matip-lamnar-liverpool-fc HTTP/1.1" 200 82617
157.90.209.79 - - [03/Nov/2024:04:49:36 +0100] "GET /ticket2/opencms/hu/buy/?page=1&edid=47E4C29F-87ED-56B6-4058-D325184E756B HTTP/1.1" 200 135077
83.92.121.57 - - [03/Nov/2024:04:49:37 +0100] "GET /ticket2/opencms/system/modules/com.gridnine.opencms.ticketbrokerage.site/resources/css/images/ui-bg_flat_75_ffffff_40x100.png HTTP/1.1" 404 -
65.108.110.26 - - [03/Nov/2024:04:49:40 +0100] "GET /ticket2/opencms/se/fi/venue/?venueid=90F56EC8-280A-E445-5613-32898972C4C3 HTTP/1.1" 404 -
52.167.144.137 - - [03/Nov/2024:04:49:41 +0100] "GET /ticket2/opencms/en/buy?page=1&edid=2504116F-9B00-F8B9-A7E6-66686A6BE7BB HTTP/1.1" 200 96916
20.171.206.107 - - [03/Nov/2024:04:49:43 +0100] "GET /ticket2/opencms/be/sport/futbol-kvitki/la-liga/barcelona HTTP/1.1" 200 98149
157.90.209.79 - - [03/Nov/2024:04:49:44 +0100] "GET /ticket2/opencms/hu/buy/?page=1&edid=490280ED-96FA-5EC6-1DCC-A75EC34A3EFC HTTP/1.1" 200 111365
65.108.110.26 - - [03/Nov/2024:04:49:45 +0100] "GET /ticket2/opencms/se/fi/venue/?venueid=9105DCA9-DA89-4D98-8EC3-D0773C34A12F HTTP/1.1" 404 -
157.90.209.79 - - [03/Nov/2024:04:49:46 +0100] "GET /ticket2/opencms/hu/buy/?page=1&edid=492C270D-AAEA-3890-F385-951BFDA8F433 HTTP/1.1" 200 114117
65.108.110.26 - - [03/Nov/2024:04:49:49 +0100] "GET /ticket2/opencms/se/fi/venue/?venueid=9113985D-44E1-D6AA-8893-307E961DB223 HTTP/1.1" 404 -
157.90.209.79 - - [03/Nov/2024:04:49:51 +0100] "GET /ticket2/opencms/hu/buy/?page=1&edid=4D569333-A725-AF23-311D-520AB9757B29 HTTP/1.1" 200 102123
157.90.209.79 - - [03/Nov/2024:04:49:54 +0100] "GET /ticket2/opencms/hu/buy/?page=1&edid=4D95C4E4-B7FF-C71E-110D-D09544A9044A HTTP/1.1" 200 124832
65.108.110.26 - - [03/Nov/2024:04:49:54 +0100] "GET /ticket2/opencms/se/fi/venue/?venueid=91526645-E783-705C-B0EA-08AE718DF753 HTTP/1.1" 404 -
157.90.209.79 - - [03/Nov/2024:04:49:56 +0100] "GET /ticket2/opencms/hu/buy/?page=1&edid=4DFD725A-4EAE-5578-E2C8-F093AEA223CD HTTP/1.1" 200 131154
157.90.209.79 - - [03/Nov/2024:04:49:58 +0100] "GET /ticket2/opencms/hu/buy/?page=1&edid=50D37B13-6F20-71F9-54D9-90E7B6C8DECF HTTP/1.1" 200 129697
65.108.110.26 - - [03/Nov/2024:04:49:59 +0100] "GET /ticket2/opencms/se/fi/venue/?venueid=91672A3F-D5FF-A436-E120-7AA50E9CF3E6 HTTP/1.1" 404 -
85.208.96.193 - - [03/Nov/2024:04:49:59 +0100] "GET /ticket2/opencms/lv/buy_safety/ HTTP/1.1" 200 80965
157.90.209.79 - - [03/Nov/2024:04:50:00 +0100] "GET /ticket2/opencms/hu/buy/?page=1&edid=551618B5-3860-8837-909D-AC46BA2A0628 HTTP/1.1" 200 101442
157.90.209.79 - - [03/Nov/2024:04:50:02 +0100] "GET /ticket2/opencms/hu/buy/?page=1&edid=56062CAE-66F5-81C7-DD42-F372CD5AE180 HTTP/1.1" 200 126424
65.108.110.26 - - [03/Nov/2024:04:50:03 +0100] "GET /ticket2/opencms/se/fi/venue/?venueid=91735E97-CBE8-0381-C0A7-AFDBBB70E5D4 HTTP/1.1" 404 -
157.90.209.79 - - [03/Nov/2024:04:50:06 +0100] "GET /ticket2/opencms/hu/buy/?page=1&edid=56B38CDE-C52C-9D5C-A997-D65F4CB742AB HTTP/1.1" 200 131150
47.128.113.148 - - [03/Nov/2024:04:50:06 +0100] "GET /ticket2/opencms/ga/buy/?edid=0B61E12F-3357-9D4A-8CE6-56FAB7BA659C HTTP/1.1" 200 81535
47.128.45.113 - - [03/Nov/2024:04:50:07 +0100] "GET /ticket2/opencms/mt/?page=10&venueid=084C5FFD-59D7-DA1B-5EFC-5854672C42AB HTTP/1.1" 200 97007
20.171.206.107 - - [03/Nov/2024:04:50:08 +0100] "GET /ticket2/opencms/sr/sport/fudbalske-karte/la-liga/barcelona HTTP/1.1" 200 96769
157.90.209.79 - - [03/Nov/2024:04:50:08 +0100] "GET /ticket2/opencms/hu/buy/?page=1&edid=57449F59-3EAF-BBAB-4AC9-B7A456A32485 HTTP/1.1" 200 114116
65.108.110.26 - - [03/Nov/2024:04:50:10 +0100] "GET /ticket2/opencms/se/fi/venue/?venueid=91CC5869-2AA5-E430-A488-769315842D86 HTTP/1.1" 404 -
85.208.96.210 - - [03/Nov/2024:04:50:11 +0100] "GET /ticket2/opencms/no/sport/fotballsbilletter/champions_league/fc_barcelona/ HTTP/1.1" 200 80329
65.108.110.26 - - [03/Nov/2024:04:50:15 +0100] "GET /ticket2/opencms/se/fi/venue/?venueid=920488DA-5A31-2C02-38B5-7EC9E48B6D06 HTTP/1.1" 404 -
157.90.209.79 - - [03/Nov/2024:04:50:16 +0100] "GET /ticket2/opencms/hu/buy/?page=1&edid=57C8D150-DCBD-4911-196A-160A37952FA8 HTTP/1.1" 200 130365
157.90.209.79 - - [03/Nov/2024:04:50:18 +0100] "GET /ticket2/opencms/hu/buy/?page=1&edid=5841328A-911D-5943-EBD4-7800C7848F54 HTTP/1.1" 200 102053
65.108.110.26 - - [03/Nov/2024:04:50:20 +0100] "GET /ticket2/opencms/se/fi/venue/?venueid=92233AC7-CC90-63C9-F1D7-B8EB5BC2857C HTTP/1.1" 404 -
114.119.130.91 - - [03/Nov/2024:04:50:21 +0100] "GET /ticket2/opencms/en/venue/?venueid=18267CD0-0660-EC77-6783-F80F8F5E2113 HTTP/1.1" 200 77010
40.77.167.65 - - [03/Nov/2024:04:50:23 +0100] "GET /ticket2/opencms/hr/buy?page=1&edid=5E608C7A-903B-E4BB-4868-5D83917347B8 HTTP/1.1" 200 134269
65.108.110.26 - - [03/Nov/2024:04:50:24 +0100] "GET /ticket2/opencms/se/fi/venue/?venueid=924F6A71-B6FB-26C5-04CA-1B49F86B9FF1 HTTP/1.1" 404 -
157.90.209.79 - - [03/Nov/2024:04:50:26 +0100] "GET /ticket2/opencms/hu/buy/?page=1&edid=5CBB442D-D365-7F4F-B999-AA88D946C632 HTTP/1.1" 200 131154
65.108.110.26 - - [03/Nov/2024:04:50:29 +0100] "GET /ticket2/opencms/se/fi/venue/?venueid=9272A2D8-B9AC-BEB2-056D-6E191348444B HTTP/1.1" 404 -
157.90.209.79 - - [03/Nov/2024:04:50:29 +0100] "GET /ticket2/opencms/hu/buy/?page=1&edid=5E608C7A-903B-E4BB-4868-5D83917347B8 HTTP/1.1" 200 134684
157.90.209.79 - - [03/Nov/2024:04:50:31 +0100] "GET /ticket2/opencms/hu/buy/?page=1&edid=65C03F06-B4E6-0D65-D535-E007A0321D02 HTTP/1.1" 200 114126
65.108.110.26 - - [03/Nov/2024:04:50:33 +0100] "GET /ticket2/opencms/se/fi/venue/?venueid=92B1EF2C-B01A-5498-4DA0-D832A3A798A5 HTTP/1.1" 404 -
157.90.209.79 - - [03/Nov/2024:04:50:34 +0100] "GET /ticket2/opencms/hu/buy/?page=1&edid=66C22035-E7EA-E10A-4BFC-2C30733037DC HTTP/1.1" 200 126435
65.108.110.26 - - [03/Nov/2024:04:50:38 +0100] "GET /ticket2/opencms/se/fi/venue/?venueid=94AAF185-B873-A170-54BE-95B64803F134 HTTP/1.1" 404 -
157.90.209.79 - - [03/Nov/2024:04:50:42 +0100] "GET /ticket2/opencms/hu/buy/?page=1&edid=68B485F7-9483-6E4F-656D-602EE2AC621D HTTP/1.1" 200 126428
65.108.110.26 - - [03/Nov/2024:04:50:42 +0100] "GET /ticket2/opencms/se/fi/venue/?venueid=94C483B9-56F5-43F8-EB23-31CA57E16549 HTTP/1.1" 404 -
157.55.39.63 - - [03/Nov/2024:04:50:43 +0100] "GET /ticket2/opencms/de/buy?page=1&edid=CB9F93FB-28F6-076C-5E54-4EC331BFF078 HTTP/1.1" 200 98157
157.90.209.79 - - [03/Nov/2024:04:50:45 +0100] "GET /ticket2/opencms/hu/buy/?page=1&edid=6A920F16-DD42-2262-3AA2-B83D5743F13A HTTP/1.1" 200 130369
65.108.110.26 - - [03/Nov/2024:04:50:47 +0100] "GET /ticket2/opencms/se/fi/venue/?venueid=950EE001-B436-52E3-8102-457AB519569A HTTP/1.1" 404 -
157.90.209.79 - - [03/Nov/2024:04:50:47 +0100] "GET /ticket2/opencms/hu/buy/?page=1&edid=6AEAF6C2-C57A-0447-5B0A-20959D8DCFDD HTTP/1.1" 200 101825
157.90.209.79 - - [03/Nov/2024:04:50:49 +0100] "GET /ticket2/opencms/hu/buy/?page=1&edid=6C967880-E08B-3121-25D0-F145A5542A49 HTTP/1.1" 200 117404
20.171.206.213 - - [03/Nov/2024:04:50:50 +0100] "GET /ticket2/opencms/fi/urheilu/jalkapallo/la-liga/barcelona HTTP/1.1" 200 95375
65.108.110.26 - - [03/Nov/2024:04:50:51 +0100] "GET /ticket2/opencms/se/fi/venue/?venueid=988CFED4-6B4C-E666-FAD2-FF27363C6BC5 HTTP/1.1" 404 -
157.90.209.79 - - [03/Nov/2024:04:50:51 +0100] "GET /ticket2/opencms/hu/buy/?page=1&edid=719E6B6D-707F-E825-E3AA-0E552980E1EB HTTP/1.1" 200 114340
157.90.209.79 - - [03/Nov/2024:04:50:54 +0100] "GET /ticket2/opencms/hu/buy/?page=1&edid=71A5516F-6BB3-FB63-461B-A9493E3B32DA HTTP/1.1" 200 114340
65.108.110.26 - - [03/Nov/2024:04:50:56 +0100] "GET /ticket2/opencms/se/fi/venue/?venueid=99C4482B-3D33-70EC-E3A5-3BCAD2D2C524 HTTP/1.1" 404 -
157.90.209.79 - - [03/Nov/2024:04:50:59 +0100] "GET /ticket2/opencms/hu/buy/?page=1&edid=71FF0DDB-994C-2EA5-7C18-3DECE9AE5101 HTTP/1.1" 200 128316
85.208.96.195 - - [03/Nov/2024:04:50:59 +0100] "GET /ticket2/opencms/nl/sport/voetbal-tickets/serie_a/juventus/ HTTP/1.1" 200 86276
65.108.110.26 - - [03/Nov/2024:04:51:00 +0100] "GET /ticket2/opencms/se/fi/venue/?venueid=99EB5D09-9A33-95A7-F158-1EC6D2BA2BAD HTTP/1.1" 404 -
157.90.209.79 - - [03/Nov/2024:04:51:00 +0100] "GET /ticket2/opencms/hu/buy/?page=1&edid=72113169-CE1D-B963-8867-381A95276A39 HTTP/1.1" 200 135214
157.90.209.79 - - [03/Nov/2024:04:51:03 +0100] "GET /ticket2/opencms/hu/buy/?page=1&edid=729B4624-40AD-E7A7-F9BA-94230F6FDC91 HTTP/1.1" 200 131150
65.108.110.26 - - [03/Nov/2024:04:51:05 +0100] "GET /ticket2/opencms/se/fi/venue/?venueid=9B2C1699-4E48-3395-23F5-8C5155F452CE HTTP/1.1" 404 -
157.90.209.79 - - [03/Nov/2024:04:51:06 +0100] "GET /ticket2/opencms/hu/buy/?page=1&edid=750C6040-29F7-425D-A24F-51B977F415A3 HTTP/1.1" 200 126303
20.171.206.213 - - [03/Nov/2024:04:51:08 +0100] "GET /ticket2/opencms/dk/sport/fodboldbilletter/la-liga/fc_barcelona HTTP/1.1" 200 94563
65.108.110.26 - - [03/Nov/2024:04:51:09 +0100] "GET /ticket2/opencms/se/fi/venue/?venueid=9BA11813-1BA7-6819-B15A-123C5E3D834D HTTP/1.1" 404 -
157.90.209.79 - - [03/Nov/2024:04:51:09 +0100] "GET /ticket2/opencms/hu/buy/?page=1&edid=78DAC12B-37C2-8767-69E1-3ACF75009F29 HTTP/1.1" 200 117395
157.90.209.79 - - [03/Nov/2024:04:51:12 +0100] "GET /ticket2/opencms/hu/buy/?page=1&edid=791FDD0E-A228-3CC2-8AB8-5B3518CB8D31 HTTP/1.1" 200 117397
65.108.110.26 - - [03/Nov/2024:04:51:14 +0100] "GET /ticket2/opencms/se/fi/venue/?venueid=9D0A83A1-29EE-F26F-266A-4F56FD3E0CB0 HTTP/1.1" 404 -
37.123.143.11 - - [03/Nov/2024:04:51:14 +0100] "GET /ticket2/opencms/system/workplace/views/top_foot.jsp?wpFrame=foot HTTP/1.1" 200 1210
37.123.143.11 - - [03/Nov/2024:04:51:14 +0100] "GET /ticket2/opencms/system/workplace/commons/style/workplace.css HTTP/1.1" 200 14209
157.90.209.79 - - [03/Nov/2024:04:51:16 +0100] "GET /ticket2/opencms/hu/buy/?page=1&edid=7C16C78F-F9EE-B2A9-0C9E-990B916B48DD HTTP/1.1" 200 126570
114.119.159.129 - - [03/Nov/2024:04:51:17 +0100] "GET /ticket2/opencms/en/venue/?venueid=57726D1D-9F51-6819-3C75-00FC27CD3B56 HTTP/1.1" 200 76989
65.108.110.26 - - [03/Nov/2024:04:51:18 +0100] "GET /ticket2/opencms/se/fi/venue/?venueid=9D40C9A3-8CFF-BA15-AD1A-88E3EA85E042 HTTP/1.1" 404 -
157.90.209.79 - - [03/Nov/2024:04:51:20 +0100] "GET /ticket2/opencms/hu/buy/?page=1&edid=7D0034DE-60A0-B971-BE37-13F34A8B84FE HTTP/1.1" 200 124836
65.108.110.26 - - [03/Nov/2024:04:51:23 +0100] "GET /ticket2/opencms/se/fi/venue/?venueid=9E11657F-4DEC-23FB-7EA0-FBC7E33C2918 HTTP/1.1" 404 -
47.128.124.199 - - [03/Nov/2024:04:51:26 +0100] "GET /ticket2/opencms/el/athlitismos/eisitiria-podosfairou/bundesliga/hoffenheim HTTP/1.1" 200 96403
65.108.110.26 - - [03/Nov/2024:04:51:27 +0100] "GET /ticket2/opencms/se/fi/venue/?venueid=A7F4FECE-4E17-B1DA-2900-3D2253A69294 HTTP/1.1" 404 -
157.90.209.79 - - [03/Nov/2024:04:51:27 +0100] "GET /ticket2/opencms/hu/buy/?page=1&edid=7D35F583-5000-190C-B2DC-8632905AF321 HTTP/1.1" 200 117396
20.171.206.46 - - [03/Nov/2024:04:51:31 +0100] "GET /ticket2/opencms/mt/sport/biljetti-tal-futbol/la-liga/barcelona HTTP/1.1" 200 96243
65.108.110.26 - - [03/Nov/2024:04:51:32 +0100] "GET /ticket2/opencms/se/fi/venue/?venueid=A9B88B80-1A43-E772-7C63-4544ED8DA305 HTTP/1.1" 404 -
20.171.206.116 - - [03/Nov/2024:04:51:32 +0100] "GET /ticket2/opencms/robots.txt HTTP/1.1" 200 773
157.90.209.79 - - [03/Nov/2024:04:51:34 +0100] "GET /ticket2/opencms/hu/buy/?page=1&edid=7DA6AFD0-1F4E-627C-789E-E465BB16D2D7 HTTP/1.1" 200 111379
65.108.110.26 - - [03/Nov/2024:04:51:36 +0100] "GET /ticket2/opencms/se/fi/venue/?venueid=AA054FD7-E1A7-E4C2-A0A0-56E471DEEFA7 HTTP/1.1" 404 -
157.90.209.79 - - [03/Nov/2024:04:51:38 +0100] "GET /ticket2/opencms/hu/buy/?page=1&edid=7F2B1FEA-20FE-7448-32AC-111154CA401B HTTP/1.1" 200 126425
65.108.110.26 - - [03/Nov/2024:04:51:41 +0100] "GET /ticket2/opencms/se/fi/venue/?venueid=AA4E2B46-81B9-A5CF-D951-69DF10E4DB70 HTTP/1.1" 404 -
157.90.209.79 - - [03/Nov/2024:04:51:41 +0100] "GET /ticket2/opencms/hu/buy/?page=1&edid=8085E80D-BC8F-CDCF-7CC8-2F497FE082D3 HTTP/1.1" 200 126569
52.167.144.172 - - [03/Nov/2024:04:51:43 +0100] "GET /ticket2/opencms/is/buy?page=10&eventid=5FF016E6-EE6E-EC4B-33C6-3CE328714E1F&venueid=DABDC4D6-A186-DAE6-C644-5DB9CB011EEC HTTP/1.1" 200 94529
65.108.110.26 - - [03/Nov/2024:04:51:45 +0100] "GET /ticket2/opencms/se/fi/venue/?venueid=AA93324D-5E2C-E5D6-2E44-3DC2580D008C HTTP/1.1" 404 -
20.171.206.46 - - [03/Nov/2024:04:51:45 +0100] "GET /ticket2/opencms/no/sport/fotballsbilletter/la_liga/fc_barcelona HTTP/1.1" 200 96403
157.90.209.79 - - [03/Nov/2024:04:51:47 +0100] "GET /ticket2/opencms/hu/buy/?page=1&edid=84A5FE5E-FE66-D83A-8A7D-B9483A93F0F3 HTTP/1.1" 200 132126
157.90.209.79 - - [03/Nov/2024:04:51:49 +0100] "GET /ticket2/opencms/hu/buy/?page=1&edid=86A7D428-8E42-C0D0-846E-90C83426D4AE HTTP/1.1" 200 114122
65.108.110.26 - - [03/Nov/2024:04:51:50 +0100] "GET /ticket2/opencms/se/fi/venue/?venueid=AA97C43B-979C-E0CB-5A0F-B163CD407AA1 HTTP/1.1" 404 -
81.167.26.57 - - [03/Nov/2024:04:51:51 +0100] "GET /ticket2/opencms/dk/nl/buy/?page=1&edid=C5EDED48-3300-FDD0-AFD9-1014EE7B183E&sortorder=asc&column=section HTTP/1.1" 404 -
81.167.26.57 - - [03/Nov/2024:04:51:54 +0100] "GET /ticket2/opencms/dk/nl/buy/?page=1&edid=C5EDED48-3300-FDD0-AFD9-1014EE7B183E&sortorder=desc&column=row HTTP/1.1" 404 -
157.90.209.79 - - [03/Nov/2024:04:51:54 +0100] "GET /ticket2/opencms/hu/buy/?page=1&edid=8D916C6C-0A69-41F7-4678-427710F013C6 HTTP/1.1" 200 128454
65.108.110.26 - - [03/Nov/2024:04:51:54 +0100] "GET /ticket2/opencms/se/fi/venue/?venueid=AAA2050F-EB9C-D448-55D3-9C97F26928FB HTTP/1.1" 404 -
81.167.26.57 - - [03/Nov/2024:04:51:57 +0100] "GET /ticket2/opencms/dk/nl/buy/?page=1&edid=C667DF1D-B879-4AD3-AC62-05E96F540B76&sortorder=asc&column=price HTTP/1.1" 404 -
157.90.209.79 - - [03/Nov/2024:04:51:58 +0100] "GET /ticket2/opencms/hu/buy/?page=1&edid=8E8E9404-172C-6C57-7F68-EAFC3F95D1AC HTTP/1.1" 200 126431
85.208.96.210 - - [03/Nov/2024:04:51:59 +0100] "GET /ticket2/opencms/dk/sport/fodboldbilletter/champions_league/ac_milan/ HTTP/1.1" 200 80433
65.108.110.26 - - [03/Nov/2024:04:51:59 +0100] "GET /ticket2/opencms/se/fi/venue/?venueid=AAC9A474-6F1C-8E49-0F79-0EFC179B3230 HTTP/1.1" 404 -
81.167.26.57 - - [03/Nov/2024:04:52:00 +0100] "GET /ticket2/opencms/dk/nl/buy/?page=1&edid=C667DF1D-B879-4AD3-AC62-05E96F540B76&sortorder=asc&column=row HTTP/1.1" 404 -
81.167.26.57 - - [03/Nov/2024:04:52:03 +0100] "GET /ticket2/opencms/dk/nl/buy/?page=1&edid=C667DF1D-B879-4AD3-AC62-05E96F540B76&sortorder=asc&column=section HTTP/1.1" 404 -
81.167.26.57 - - [03/Nov/2024:04:52:06 +0100] "GET /ticket2/opencms/dk/nl/buy/?page=1&edid=C68169A2-BAF4-9EC4-4384-5798AFBF1409 HTTP/1.1" 404 -
157.90.209.79 - - [03/Nov/2024:04:52:06 +0100] "GET /ticket2/opencms/hu/buy/?page=1&edid=8EF7EC9D-9BC8-1DEC-C27C-0541D5C5F471 HTTP/1.1" 200 117400
81.167.26.57 - - [03/Nov/2024:04:52:09 +0100] "GET /ticket2/opencms/dk/nl/buy/?page=1&edid=C68FDF4E-7FFF-2B4A-1E82-F9AC54900CCD HTTP/1.1" 404 -
20.171.206.228 - - [03/Nov/2024:04:52:11 +0100] "GET /ticket2/opencms/lt/buy?page=1&edid=1EC9B49C-3E71-53D7-479D-7C922516D58E HTTP/1.1" 200 126614
157.90.209.79 - - [03/Nov/2024:04:52:12 +0100] "GET /ticket2/opencms/hu/buy/?page=1&edid=8F340A1C-D664-7FDD-8257-FE31525DAB7C HTTP/1.1" 200 126295
81.167.26.57 - - [03/Nov/2024:04:52:12 +0100] "GET /ticket2/opencms/dk/nl/buy/?page=1&edid=CA5B3DDE-EB0E-1F86-9348-5A2547011BCE&sortorder=asc&column=section HTTP/1.1" 404 -
157.90.209.79 - - [03/Nov/2024:04:52:14 +0100] "GET /ticket2/opencms/hu/buy/?page=1&edid=90D99CFD-1C4D-3E3E-708D-4C9851B5EDBE HTTP/1.1" 200 111366
81.167.26.57 - - [03/Nov/2024:04:52:15 +0100] "GET /ticket2/opencms/dk/nl/buy/?page=1&edid=CA7B7856-D65D-D70C-71B2-A5CF8B27B7FA&sortorder=asc&column=section HTTP/1.1" 404 -
157.90.209.79 - - [03/Nov/2024:04:52:17 +0100] "GET /ticket2/opencms/hu/buy/?page=1&edid=95423F1B-D1AB-68DD-A58C-5DE97CA2D553 HTTP/1.1" 200 124830
81.167.26.57 - - [03/Nov/2024:04:52:18 +0100] "GET /ticket2/opencms/dk/nl/buy/?page=1&edid=CA984D7E-3D0A-9EC2-7133-56D7DC3CD0C3 HTTP/1.1" 404 -
85.208.96.194 - - [03/Nov/2024:04:52:20 +0100] "GET /ticket2/opencms/hr/buying_tickets/ HTTP/1.1" 200 80595
20.171.206.228 - - [03/Nov/2024:04:52:21 +0100] "GET /ticket2/opencms/sq/buy?page=1&edid=1EC9B49C-3E71-53D7-479D-7C922516D58E HTTP/1.1" 200 126642
81.167.26.57 - - [03/Nov/2024:04:52:21 +0100] "GET /ticket2/opencms/dk/nl/buy/?page=1&edid=CAAA8227-15F5-C706-A4FA-E55E2646B59F&sortorder=desc&column=price HTTP/1.1" 404 -
157.90.209.79 - - [03/Nov/2024:04:52:24 +0100] "GET /ticket2/opencms/hu/buy/?page=1&edid=979A80EE-C0D2-57E0-C882-1064B868BC30 HTTP/1.1" 200 117394
81.167.26.57 - - [03/Nov/2024:04:52:24 +0100] "GET /ticket2/opencms/dk/nl/buy/?page=1&edid=CAAA8227-15F5-C706-A4FA-E55E2646B59F&sortorder=desc&column=row HTTP/1.1" 404 -
47.128.122.106 - - [03/Nov/2024:04:52:25 +0100] "GET /ticket2/opencms/sr/buy/?edid=8B771AFF-A9A8-FE63-E57B-1170D3B7C5B8 HTTP/1.1" 200 81862
81.167.26.57 - - [03/Nov/2024:04:52:27 +0100] "GET /ticket2/opencms/dk/nl/buy/?page=1&edid=CB1A6DCE-08B0-3E84-CE92-22ED535AB832&sortorder=asc&column=price HTTP/1.1" 404 -
184.178.172.5 - - [03/Nov/2024:04:52:27 +0100] "GET /ticket2/opencms/mt/ HTTP/1.1" 200 97007
81.167.26.57 - - [03/Nov/2024:04:52:30 +0100] "GET /ticket2/opencms/dk/nl/buy/?page=1&edid=CB6B67ED-718B-F4D1-295A-F40142E220E6&sortorder=asc&column=price HTTP/1.1" 404 -
185.191.171.1 - - [03/Nov/2024:04:52:32 +0100] "GET /ticket2/opencms/no/sport/fotballsbilletter/la_liga/levante/ HTTP/1.1" 200 79068
157.90.209.79 - - [03/Nov/2024:04:52:33 +0100] "GET /ticket2/opencms/hu/buy/?page=1&edid=99C77A16-8AF9-4675-97DE-42A41C4ECB4F HTTP/1.1" 200 130371
81.167.26.57 - - [03/Nov/2024:04:52:33 +0100] "GET /ticket2/opencms/dk/nl/buy/?page=1&edid=CB6B67ED-718B-F4D1-295A-F40142E220E6&sortorder=asc&column=row HTTP/1.1" 404 -
85.208.96.205 - - [03/Nov/2024:04:52:35 +0100] "GET /ticket2/opencms/sq/buy_safety/ HTTP/1.1" 200 80956
157.90.209.79 - - [03/Nov/2024:04:52:36 +0100] "GET /ticket2/opencms/hu/buy/?page=1&edid=A2A4078E-C8E8-C113-199B-69C1FEB231B0 HTTP/1.1" 200 125930
81.167.26.57 - - [03/Nov/2024:04:52:36 +0100] "GET /ticket2/opencms/dk/nl/buy/?page=1&edid=CB6B67ED-718B-F4D1-295A-F40142E220E6&sortorder=asc&column=section HTTP/1.1" 404 -
184.178.172.5 - - [03/Nov/2024:04:52:38 +0100] "GET /ticket2/opencms/mt/selling_tickets/ HTTP/1.1" 500 -
157.90.209.79 - - [03/Nov/2024:04:52:38 +0100] "GET /ticket2/opencms/hu/buy/?page=1&edid=A50C9DBA-FE79-ABA2-A67C-ED9083C7A802 HTTP/1.1" 200 111374
81.167.26.57 - - [03/Nov/2024:04:52:39 +0100] "GET /ticket2/opencms/dk/nl/buy/?page=1&edid=CBEBD4F1-F80E-56D6-E5D6-1B32F628225F&sortorder=asc&column=price HTTP/1.1" 404 -
157.90.209.79 - - [03/Nov/2024:04:52:41 +0100] "GET /ticket2/opencms/hu/buy/?page=1&edid=A9801416-AE3B-7D1A-1B34-1269835EE309 HTTP/1.1" 200 124832
81.167.26.57 - - [03/Nov/2024:04:52:42 +0100] "GET /ticket2/opencms/dk/nl/buy/?page=1&edid=CBEBD4F1-F80E-56D6-E5D6-1B32F628225F&sortorder=asc&column=row HTTP/1.1" 404 -
184.178.172.5 - - [03/Nov/2024:04:52:42 +0100] "GET /ticket2/opencms/mt/selling_tickets/ HTTP/1.1" 500 -
81.167.26.57 - - [03/Nov/2024:04:52:45 +0100] "GET /ticket2/opencms/dk/nl/buy/?page=1&edid=CBEBD4F1-F80E-56D6-E5D6-1B32F628225F&sortorder=asc&column=section HTTP/1.1" 404 -
185.191.171.11 - - [03/Nov/2024:04:52:45 +0100] "GET /ticket2/opencms/no/sport/fotballsbilletter/champions_league/manchester_city/ HTTP/1.1" 200 81548
157.90.209.79 - - [03/Nov/2024:04:52:46 +0100] "GET /ticket2/opencms/hu/buy/?page=1&edid=B089B4B8-933D-AB70-BE65-2A133877E5AC HTTP/1.1" 200 126427
184.178.172.5 - - [03/Nov/2024:04:52:46 +0100] "GET /ticket2/opencms/mt/selling_tickets/ HTTP/1.1" 500 -
157.90.209.79 - - [03/Nov/2024:04:52:48 +0100] "GET /ticket2/opencms/hu/buy/?page=1&edid=B5480FEC-C7FC-18FB-0EEB-9717E2722B5A HTTP/1.1" 200 111364
81.167.26.57 - - [03/Nov/2024:04:52:48 +0100] "GET /ticket2/opencms/dk/nl/buy/?page=1&edid=CC406F24-F0D4-1A0D-7C4A-0C89C209E0B9&sortorder=asc&column=row HTTP/1.1" 404 -
47.128.53.166 - - [03/Nov/2024:04:52:49 +0100] "GET /ticket2/opencms/et/buy?catid=8C381435-A1E8-94AF-2C58-D133FCA44A31&comcatid=66708183-7480-3365-06BF-DBF60280AB45&page=7 HTTP/1.1" 200 86121
157.90.209.79 - - [03/Nov/2024:04:52:50 +0100] "GET /ticket2/opencms/hu/buy/?page=1&edid=B6B8349F-A5AA-C742-11D5-2D7AB719C807 HTTP/1.1" 200 124829
81.167.26.57 - - [03/Nov/2024:04:52:51 +0100] "GET /ticket2/opencms/dk/nl/buy/?page=1&edid=CC406F24-F0D4-1A0D-7C4A-0C89C209E0B9&sortorder=asc&column=section HTTP/1.1" 404 -
157.90.209.79 - - [03/Nov/2024:04:52:53 +0100] "GET /ticket2/opencms/hu/buy/?page=1&edid=B7C31852-4938-05B8-A23C-0248E7A3D5BA HTTP/1.1" 200 123610
20.171.206.228 - - [03/Nov/2024:04:52:53 +0100] "GET /ticket2/opencms/bs/buy?page=1&edid=1EC9B49C-3E71-53D7-479D-7C922516D58E HTTP/1.1" 200 126187
20.171.206.228 - - [03/Nov/2024:04:52:54 +0100] "GET /ticket2/opencms/et/buy?page=1&edid=1EC9B49C-3E71-53D7-479D-7C922516D58E HTTP/1.1" 200 126404
81.167.26.57 - - [03/Nov/2024:04:52:54 +0100] "GET /ticket2/opencms/dk/nl/buy/?page=1&edid=CC784E5D-8917-8CDD-ADC3-3D8524AE68DF&sortorder=asc&column=price HTTP/1.1" 404 -
157.90.209.79 - - [03/Nov/2024:04:52:56 +0100] "GET /ticket2/opencms/hu/buy/?page=1&edid=B8EF6180-227A-800A-63E5-9809623FC791 HTTP/1.1" 200 117405
81.167.26.57 - - [03/Nov/2024:04:52:57 +0100] "GET /ticket2/opencms/dk/nl/buy/?page=1&edid=CC784E5D-8917-8CDD-ADC3-3D8524AE68DF&sortorder=asc&column=row HTTP/1.1" 404 -
157.90.209.79 - - [03/Nov/2024:04:52:59 +0100] "GET /ticket2/opencms/hu/buy/?page=1&edid=B9A56D83-AD94-045F-A8C5-86B02F52A7C5 HTTP/1.1" 200 135348
81.167.26.57 - - [03/Nov/2024:04:53:00 +0100] "GET /ticket2/opencms/dk/nl/buy/?page=1&edid=CC784E5D-8917-8CDD-ADC3-3D8524AE68DF&sortorder=asc&column=section HTTP/1.1" 404 -
81.167.26.57 - - [03/Nov/2024:04:53:03 +0100] "GET /ticket2/opencms/dk/nl/buy/?page=1&edid=CC994673-5D69-5FF0-6706-9E7C98B375FE&sortorder=asc&column=price HTTP/1.1" 404 -
217.113.194.212 - - [03/Nov/2024:04:53:04 +0100] "GET /ticket2/opencms/ga/buy?page=1&edid=2E8924E6-28D0-1DDA-A1D1-EAAA09293C64 HTTP/1.1" 200 102186
81.167.26.57 - - [03/Nov/2024:04:53:06 +0100] "GET /ticket2/opencms/dk/nl/buy/?page=1&edid=CC994673-5D69-5FF0-6706-9E7C98B375FE&sortorder=asc&column=section HTTP/1.1" 404 -
157.90.209.79 - - [03/Nov/2024:04:53:08 +0100] "GET /ticket2/opencms/hu/buy/?page=1&edid=BBF51855-649C-7AAC-A9CD-362F8BD9BD25 HTTP/1.1" 200 111367
81.167.26.57 - - [03/Nov/2024:04:53:09 +0100] "GET /ticket2/opencms/dk/nl/buy/?page=1&edid=CD7DB093-60D9-BD12-A415-1D4CC21F76F9&sortorder=asc&column=price HTTP/1.1" 404 -
65.108.110.26 - - [03/Nov/2024:04:53:12 +0100] "GET /ticket2/opencms/se/fi/venue/?venueid=ACC8A459-C50B-8227-22E5-527547E31271 HTTP/1.1" 404 -
81.167.26.57 - - [03/Nov/2024:04:53:12 +0100] "GET /ticket2/opencms/dk/nl/buy/?page=1&edid=CD7DB093-60D9-BD12-A415-1D4CC21F76F9&sortorder=asc&column=section HTTP/1.1" 404 -
217.113.194.213 - - [03/Nov/2024:04:53:13 +0100] "GET /ticket2/opencms/ga/buy?page=1&edid=2FC0C730-CDF2-92B9-F11A-5B4B69410553 HTTP/1.1" 200 115103
81.167.26.57 - - [03/Nov/2024:04:53:15 +0100] "GET /ticket2/opencms/dk/nl/buy/?page=1&edid=CD843574-821F-BD11-D02D-75E35292AAE0&sortorder=asc&column=price HTTP/1.1" 404 -
65.108.110.26 - - [03/Nov/2024:04:53:17 +0100] "GET /ticket2/opencms/se/fi/venue/?venueid=AD7646E3-6B04-B7A0-6EC4-E012A5391A5E HTTP/1.1" 404 -
20.171.206.107 - - [03/Nov/2024:04:53:17 +0100] "GET /ticket2/opencms/is/sport/fotbolti/premier-league/manchester-united/ HTTP/1.1" 200 98651
81.167.26.57 - - [03/Nov/2024:04:53:18 +0100] "GET /ticket2/opencms/dk/nl/buy/?page=1&edid=CF141FDE-B68D-3D6C-3452-11484731F326 HTTP/1.1" 404 -
217.113.194.212 - - [03/Nov/2024:04:53:21 +0100] "GET /ticket2/opencms/ga/buy?page=1&edid=0E487947-8D2A-A553-BF9C-F44B73D05AC1 HTTP/1.1" 200 99069
65.108.110.26 - - [03/Nov/2024:04:53:21 +0100] "GET /ticket2/opencms/se/fi/venue/?venueid=B0F87075-ACFA-3C5F-D431-FC592DAB148B HTTP/1.1" 404 -
81.167.26.57 - - [03/Nov/2024:04:53:21 +0100] "GET /ticket2/opencms/dk/nl/buy/?page=1&edid=CF40FD1A-19D1-0A74-EAF0-701C584668C6 HTTP/1.1" 404 -
157.90.209.79 - - [03/Nov/2024:04:53:22 +0100] "GET /ticket2/opencms/hu/buy/?page=1&edid=BE8C7FA0-9E48-EAB3-3A70-9E9F9EA30F95 HTTP/1.1" 200 136547
81.167.26.57 - - [03/Nov/2024:04:53:24 +0100] "GET /ticket2/opencms/dk/nl/buy/?page=1&edid=CFA7B791-9078-B078-FFE1-6B59C4CC5805 HTTP/1.1" 404 -
65.108.110.26 - - [03/Nov/2024:04:53:26 +0100] "GET /ticket2/opencms/se/fi/venue/?venueid=B2083FF8-1A7E-AE58-2C4E-652F1B914C1A HTTP/1.1" 404 -
157.90.209.79 - - [03/Nov/2024:04:53:26 +0100] "GET /ticket2/opencms/hu/buy/?page=1&edid=BE9D8283-8353-3049-DA1C-50EC3CD6221D HTTP/1.1" 200 102098
81.167.26.57 - - [03/Nov/2024:04:53:27 +0100] "GET /ticket2/opencms/dk/nl/buy/?page=1&edid=D038C750-B417-7966-DD57-DB14D2FD45DF&sortorder=asc&column=price HTTP/1.1" 404 -
157.90.209.79 - - [03/Nov/2024:04:53:29 +0100] "GET /ticket2/opencms/hu/buy/?page=1&edid=BFAFDC2C-908C-DD1E-38F3-2E405A281188 HTTP/1.1" 200 130365
85.208.96.205 - - [03/Nov/2024:04:53:29 +0100] "GET /ticket2/opencms/dk/sport/fodboldbilletter/premier-league/burnley/ HTTP/1.1" 200 78814
217.113.194.213 - - [03/Nov/2024:04:53:29 +0100] "GET /ticket2/opencms/ga/buy?page=1&edid=0921968B-5C38-209B-467C-E28FB1884E06 HTTP/1.1" 200 102157
81.167.26.57 - - [03/Nov/2024:04:53:30 +0100] "GET /ticket2/opencms/dk/nl/buy/?page=1&edid=D038C750-B417-7966-DD57-DB14D2FD45DF&sortorder=desc&column=price HTTP/1.1" 404 -
65.108.110.26 - - [03/Nov/2024:04:53:30 +0100] "GET /ticket2/opencms/se/fi/venue/?venueid=B29BDEFE-F23C-78DD-4BFA-72F9978C970A HTTP/1.1" 404 -
85.208.96.201 - - [03/Nov/2024:04:53:33 +0100] "GET /ticket2/opencms/nl/sport/voetbal-tickets/la_liga/girona/ HTTP/1.1" 200 78461
81.167.26.57 - - [03/Nov/2024:04:53:33 +0100] "GET /ticket2/opencms/dk/nl/buy/?page=1&edid=D0C52E1D-8DAD-F095-7BFA-BB37BED635A0&sortorder=asc&column=row HTTP/1.1" 404 -
65.108.110.26 - - [03/Nov/2024:04:53:35 +0100] "GET /ticket2/opencms/se/fi/venue/?venueid=B38AC25C-ED80-9C1B-B9E0-273CE56340CA HTTP/1.1" 404 -
81.167.26.57 - - [03/Nov/2024:04:53:36 +0100] "GET /ticket2/opencms/dk/nl/buy/?page=1&edid=D2F9046D-F61D-A0A1-F5E5-D5A3394BD6FD&sortorder=asc&column=price HTTP/1.1" 404 -
157.90.209.79 - - [03/Nov/2024:04:53:37 +0100] "GET /ticket2/opencms/hu/buy/?page=1&edid=C05AA481-967A-A4D1-E287-ECBF3F52D776 HTTP/1.1" 200 102126
217.113.194.221 - - [03/Nov/2024:04:53:38 +0100] "GET /ticket2/opencms/de/buy?page=1&edid=09D822F1-AFF1-3A5C-03A3-A849DEABB26B HTTP/1.1" 200 98152
81.167.26.57 - - [03/Nov/2024:04:53:39 +0100] "GET /ticket2/opencms/dk/nl/buy/?page=1&edid=D482A30D-49FE-CE6C-C3B6-FEA26F20C8BD&sortorder=asc&column=price HTTP/1.1" 404 -
65.108.110.26 - - [03/Nov/2024:04:53:39 +0100] "GET /ticket2/opencms/se/fi/venue/?venueid=B3AD8D42-BAF1-2803-2183-F6705D1BC41E HTTP/1.1" 404 -
81.167.26.57 - - [03/Nov/2024:04:53:42 +0100] "GET /ticket2/opencms/dk/nl/buy/?page=1&edid=D5D92891-B389-AB4D-D0C3-85E1E758B18E&sortorder=asc&column=price HTTP/1.1" 404 -
65.108.110.26 - - [03/Nov/2024:04:53:44 +0100] "GET /ticket2/opencms/se/fi/venue/?venueid=B446B3A3-6DA6-0920-1D9A-07DEBB91E873 HTTP/1.1" 404 -
81.167.26.57 - - [03/Nov/2024:04:53:45 +0100] "GET /ticket2/opencms/dk/nl/buy/?page=1&edid=D5FAB6ED-DF67-5E42-E533-2987B8B26208&sortorder=desc&column=price HTTP/1.1" 404 -
217.113.194.218 - - [03/Nov/2024:04:53:46 +0100] "GET /ticket2/opencms/de/buy?page=1&edid=E9A36455-AEA7-B86C-20AA-DBAA963F875E HTTP/1.1" 200 101454
81.167.26.57 - - [03/Nov/2024:04:53:48 +0100] "GET /ticket2/opencms/dk/nl/buy/?page=1&edid=DB65FF5F-A45B-145E-3BAC-807446F256DF&sortorder=asc&column=price HTTP/1.1" 404 -
65.108.110.26 - - [03/Nov/2024:04:53:49 +0100] "GET /ticket2/opencms/se/fi/venue/?venueid=B7E496D3-47D0-180C-FDEA-256FBD380F8B HTTP/1.1" 404 -
81.167.26.57 - - [03/Nov/2024:04:53:51 +0100] "GET /ticket2/opencms/dk/nl/buy/?page=1&edid=DB65FF5F-A45B-145E-3BAC-807446F256DF&sortorder=asc&column=section HTTP/1.1" 404 -
65.108.110.26 - - [03/Nov/2024:04:53:53 +0100] "GET /ticket2/opencms/se/fi/venue/?venueid=B894268C-0147-908A-EB38-2DA2340DCC68 HTTP/1.1" 404 -
81.167.26.57 - - [03/Nov/2024:04:53:54 +0100] "GET /ticket2/opencms/dk/nl/buy/?page=1&edid=DB9BE274-E110-3B03-9434-A1026B1CB96D&sortorder=asc&column=row HTTP/1.1" 404 -
217.113.194.212 - - [03/Nov/2024:04:53:55 +0100] "GET /ticket2/opencms/de/buy?page=1&edid=BA98F497-79D9-0BA1-3E19-B45BB0763E07 HTTP/1.1" 200 101970
157.90.209.79 - - [03/Nov/2024:04:53:55 +0100] "GET /ticket2/opencms/hu/buy/?page=1&edid=C15AE28C-73DB-6928-32A1-4EC14A77EEA7 HTTP/1.1" 200 124831
81.167.26.57 - - [03/Nov/2024:04:53:57 +0100] "GET /ticket2/opencms/dk/nl/buy/?page=1&edid=DC15B801-FC41-85D8-B33F-8FF1EFE0758A&sortorder=asc&column=row HTTP/1.1" 404 -
65.108.110.26 - - [03/Nov/2024:04:53:58 +0100] "GET /ticket2/opencms/se/fi/venue/?venueid=F95CCA03-8412-EF00-BE73-83772A0CB743 HTTP/1.1" 404 -
157.90.209.79 - - [03/Nov/2024:04:53:58 +0100] "GET /ticket2/opencms/hu/buy/?page=1&edid=C1C161ED-392A-057B-99A1-EFB930A82112 HTTP/1.1" 200 102035
81.167.26.57 - - [03/Nov/2024:04:54:00 +0100] "GET /ticket2/opencms/dk/nl/buy/?page=1&edid=DCA97FA2-CCDF-A455-0A9B-CB6F2CDFE2CD&sortorder=asc&column=row HTTP/1.1" 404 -
157.90.209.79 - - [03/Nov/2024:04:54:01 +0100] "GET /ticket2/opencms/hu/buy/?page=1&edid=C28B3B84-6A6E-6FCB-67EF-1F8424FD799A HTTP/1.1" 200 114119
65.108.110.26 - - [03/Nov/2024:04:54:02 +0100] "GET /ticket2/opencms/se/fi/venue/?venueid=FA1F63EA-EA54-4899-F30D-0FB3D87C3647 HTTP/1.1" 404 -
157.90.209.79 - - [03/Nov/2024:04:54:03 +0100] "GET /ticket2/opencms/hu/buy/?page=1&edid=C2E0FED9-872C-CDB5-EA69-F93F12F9C91F HTTP/1.1" 200 114123
81.167.26.57 - - [03/Nov/2024:04:54:03 +0100] "GET /ticket2/opencms/dk/nl/buy/?page=1&edid=DCA97FA2-CCDF-A455-0A9B-CB6F2CDFE2CD&sortorder=asc&column=section HTTP/1.1" 404 -
217.113.194.214 - - [03/Nov/2024:04:54:04 +0100] "GET /ticket2/opencms/de/buy?page=1&edid=FDE2CB1B-737B-857F-7431-BD450E7D3BBB HTTP/1.1" 200 124689
114.119.129.189 - - [03/Nov/2024:04:54:04 +0100] "GET /ticket2/opencms/en/venue/?venueid=009281B3-0BB1-41EA-5F8E-EC7FA73B69D0 HTTP/1.1" 200 77024
81.167.26.57 - - [03/Nov/2024:04:54:06 +0100] "GET /ticket2/opencms/dk/nl/buy/?page=1&edid=DD8396E0-53AC-5D26-FE34-004AE99D2DAE&sortorder=asc&column=price HTTP/1.1" 404 -
65.108.110.26 - - [03/Nov/2024:04:54:07 +0100] "GET /ticket2/opencms/se/fi/venue/?venueid=FC8DDB09-F14A-5C0D-F847-DA242DC6B194 HTTP/1.1" 404 -
81.167.26.57 - - [03/Nov/2024:04:54:09 +0100] "GET /ticket2/opencms/dk/nl/buy/?page=1&edid=DD8396E0-53AC-5D26-FE34-004AE99D2DAE&sortorder=asc&column=row HTTP/1.1" 404 -
157.90.209.79 - - [03/Nov/2024:04:54:09 +0100] "GET /ticket2/opencms/hu/buy/?page=1&edid=C5541103-512C-D651-87BB-185D7BE93A66 HTTP/1.1" 200 124837
216.244.66.238 - - [03/Nov/2024:04:54:11 +0100] "GET /ticket2/opencms/sv/buy/?page=1&edid=E2770D18-E952-4B89-3A99-F864CC9397CA HTTP/1.1" 200 110519
216.244.66.196 - - [03/Nov/2024:04:54:11 +0100] "GET /ticket2/opencms/robots.txt HTTP/1.1" 200 773
65.108.110.26 - - [03/Nov/2024:04:54:11 +0100] "GET /ticket2/opencms/se/fi/venue/?venueid=FD6D24AC-994F-5C37-30F4-5F926A8E4486 HTTP/1.1" 404 -
47.128.28.16 - - [03/Nov/2024:04:54:12 +0100] "GET /ticket2/opencms/is/buy?page=10&venueid=F72D7D8A-21AA-398A-828C-542FA85266B4 HTTP/1.1" 302 -
81.167.26.57 - - [03/Nov/2024:04:54:12 +0100] "GET /ticket2/opencms/dk/nl/buy/?page=1&edid=DD8396E0-53AC-5D26-FE34-004AE99D2DAE&sortorder=desc&column=price HTTP/1.1" 404 -
217.113.194.219 - - [03/Nov/2024:04:54:13 +0100] "GET /ticket2/opencms/de/buy?page=1&edid=D96122AD-C3AA-80F5-DDA8-935E03AE952D HTTP/1.1" 200 124252
47.128.28.16 - - [03/Nov/2024:04:54:13 +0100] "GET /ticket2/opencms/is/buy/ HTTP/1.1" 200 79548
157.90.209.79 - - [03/Nov/2024:04:54:13 +0100] "GET /ticket2/opencms/hu/buy/?page=1&edid=C64002B7-B7A3-A646-1770-7E79C914EDA5 HTTP/1.1" 200 130398
81.167.26.57 - - [03/Nov/2024:04:54:15 +0100] "GET /ticket2/opencms/dk/nl/buy/?page=1&edid=DDC42BBE-1C44-916C-70B3-5C60597CD058&sortorder=asc&column=section HTTP/1.1" 404 -
65.108.110.26 - - [03/Nov/2024:04:54:16 +0100] "GET /ticket2/opencms/se/fi/venue/?venueid=FE0A6C11-4A73-F647-BBF2-5FB155F67517 HTTP/1.1" 404 -
157.90.209.79 - - [03/Nov/2024:04:54:17 +0100] "GET /ticket2/opencms/hu/buy/?page=1&edid=C781C90E-2A4A-BE38-23EB-6039DE2F5FA8 HTTP/1.1" 200 125928
81.167.26.57 - - [03/Nov/2024:04:54:18 +0100] "GET /ticket2/opencms/dk/nl/buy/?page=1&edid=DDC42BBE-1C44-916C-70B3-5C60597CD058&sortorder=desc&column=section HTTP/1.1" 404 -
157.90.209.79 - - [03/Nov/2024:04:54:20 +0100] "GET /ticket2/opencms/hu/buy/?page=1&edid=C78E4619-1E46-CB27-6BCC-007429A12C31 HTTP/1.1" 200 135352
65.108.110.26 - - [03/Nov/2024:04:54:20 +0100] "GET /ticket2/opencms/se/fi/venue/?venueid=FE687578-641E-3F09-3462-AE6F5429E92A HTTP/1.1" 404 -
217.113.194.217 - - [03/Nov/2024:04:54:21 +0100] "GET /ticket2/opencms/de/buy?page=1&edid=15507C5C-EBAC-0D65-4FA1-76ADC722C3D4 HTTP/1.1" 200 101442
81.167.26.57 - - [03/Nov/2024:04:54:21 +0100] "GET /ticket2/opencms/dk/nl/buy/?page=1&edid=DE57F8FA-9219-7B6F-C52C-4E26A1185AB4 HTTP/1.1" 404 -
157.90.209.79 - - [03/Nov/2024:04:54:23 +0100] "GET /ticket2/opencms/hu/buy/?page=1&edid=C8E47E46-ADCD-586A-7BE4-CF1C96256B2D HTTP/1.1" 200 126429
81.167.26.57 - - [03/Nov/2024:04:54:24 +0100] "GET /ticket2/opencms/dk/nl/buy/?page=1&edid=DEF18BF7-D4D8-7C12-E3C4-285BA6D3CB97&sortorder=asc&column=price HTTP/1.1" 404 -
65.108.110.26 - - [03/Nov/2024:04:54:25 +0100] "GET /ticket2/opencms/se/fi/venue/?venueid=FFD58926-E43E-9E2E-9DB6-3170AF0A87CC HTTP/1.1" 404 -
185.191.171.9 - - [03/Nov/2024:04:54:27 +0100] "GET /ticket2/opencms/ro/buy?page=1 HTTP/1.1" 200 4403
81.167.26.57 - - [03/Nov/2024:04:54:27 +0100] "GET /ticket2/opencms/dk/nl/buy/?page=1&edid=DEF18BF7-D4D8-7C12-E3C4-285BA6D3CB97&sortorder=asc&column=row HTTP/1.1" 404 -
65.108.110.26 - - [03/Nov/2024:04:54:28 +0100] "GET /ticket2/opencms/se/nl/buy/?page=1&edid=04B33386-1D6A-271D-1E77-1D44685B200A&sortorder=asc&column=price HTTP/1.1" 404 -
217.113.194.220 - - [03/Nov/2024:04:54:30 +0100] "GET /ticket2/opencms/de/buy?page=1&edid=8DE7A210-45E0-8C09-63EA-28CBA5412C0E HTTP/1.1" 200 125136
81.167.26.57 - - [03/Nov/2024:04:54:30 +0100] "GET /ticket2/opencms/dk/nl/buy/?page=1&edid=DEF18BF7-D4D8-7C12-E3C4-285BA6D3CB97&sortorder=asc&column=section HTTP/1.1" 404 -
65.108.110.26 - - [03/Nov/2024:04:54:31 +0100] "GET /ticket2/opencms/se/nl/buy/?page=1&edid=04B33386-1D6A-271D-1E77-1D44685B200A&sortorder=asc&column=row HTTP/1.1" 404 -
81.167.26.57 - - [03/Nov/2024:04:54:33 +0100] "GET /ticket2/opencms/dk/nl/buy/?page=1&edid=DEF18BF7-D4D8-7C12-E3C4-285BA6D3CB97&sortorder=desc&column=row HTTP/1.1" 404 -
157.55.39.10 - - [03/Nov/2024:04:54:34 +0100] "GET /ticket2/opencms/uk/buying_tickets HTTP/1.1" 200 81187
65.108.110.26 - - [03/Nov/2024:04:54:34 +0100] "GET /ticket2/opencms/se/nl/buy/?page=1&edid=04B33386-1D6A-271D-1E77-1D44685B200A&sortorder=asc&column=section HTTP/1.1" 404 -
81.167.26.57 - - [03/Nov/2024:04:54:36 +0100] "GET /ticket2/opencms/dk/nl/buy/?page=1&edid=DF0EBD62-AC7E-AE6F-60EC-741827E53620 HTTP/1.1" 404 -
65.108.110.26 - - [03/Nov/2024:04:54:37 +0100] "GET /ticket2/opencms/se/nl/buy/?page=1&edid=05D22DC2-C8CC-911A-5392-29A47CDB52B7&sortorder=asc&column=price HTTP/1.1" 404 -
185.191.171.9 - - [03/Nov/2024:04:54:37 +0100] "GET /ticket2/opencms/is/faq/ HTTP/1.1" 200 81898
81.167.26.57 - - [03/Nov/2024:04:54:39 +0100] "GET /ticket2/opencms/dk/nl/buy/?page=1&edid=DF0EBD62-AC7E-AE6F-60EC-741827E53620&sortorder=desc&column=price HTTP/1.1" 404 -
65.108.110.26 - - [03/Nov/2024:04:54:40 +0100] "GET /ticket2/opencms/se/nl/buy/?page=1&edid=062734B6-3E80-F28F-3C03-7A19F0533EF1&sortorder=asc&column=price HTTP/1.1" 404 -
190.92.207.12 - - [03/Nov/2024:04:54:41 +0100] "GET /ticket2/opencms/pl/sell/?edid=159AEE85-969E-7453-4999-69FCFD2915E6 HTTP/1.1" 302 -
52.167.144.211 - - [03/Nov/2024:04:54:41 +0100] "GET /ticket2/opencms/fi/login/?url=/fi/sell/ HTTP/1.1" 200 83598
81.167.26.57 - - [03/Nov/2024:04:54:42 +0100] "GET /ticket2/opencms/dk/nl/buy/?page=1&edid=DF0EBD62-AC7E-AE6F-60EC-741827E53620&sortorder=desc&column=row HTTP/1.1" 404 -
65.108.110.26 - - [03/Nov/2024:04:54:43 +0100] "GET /ticket2/opencms/se/nl/buy/?page=1&edid=062734B6-3E80-F28F-3C03-7A19F0533EF1&sortorder=asc&column=section HTTP/1.1" 404 -
47.128.34.27 - - [03/Nov/2024:04:54:44 +0100] "GET /ticket2/opencms/bg/buy/?edid=594176A0-0E99-D793-4664-FFEB5569D607 HTTP/1.1" 200 81909
81.167.26.57 - - [03/Nov/2024:04:54:45 +0100] "GET /ticket2/opencms/dk/nl/buy/?page=1&edid=DF0EBD62-AC7E-AE6F-60EC-741827E53620&sortorder=desc&column=section HTTP/1.1" 404 -
190.92.207.12 - - [03/Nov/2024:04:54:46 +0100] "GET /ticket2/opencms/pl/login/?url=/pl/sell/ HTTP/1.1" 200 83273
65.108.110.26 - - [03/Nov/2024:04:54:46 +0100] "GET /ticket2/opencms/se/nl/buy/?page=1&edid=07032C66-ECCC-8B3A-18FE-F2D4E467100E&sortorder=asc&column=price HTTP/1.1" 404 -
81.167.26.57 - - [03/Nov/2024:04:54:48 +0100] "GET /ticket2/opencms/dk/nl/buy/?page=1&edid=DF7FDCF1-CC85-5FC0-0D90-B64E90E425F7 HTTP/1.1" 404 -
65.108.110.26 - - [03/Nov/2024:04:54:49 +0100] "GET /ticket2/opencms/se/nl/buy/?page=1&edid=07032C66-ECCC-8B3A-18FE-F2D4E467100E&sortorder=asc&column=row HTTP/1.1" 404 -
81.167.26.57 - - [03/Nov/2024:04:54:51 +0100] "GET /ticket2/opencms/dk/nl/buy/?page=1&edid=DF7FDCF1-CC85-5FC0-0D90-B64E90E425F7&sortorder=asc&column=price HTTP/1.1" 404 -
65.108.110.26 - - [03/Nov/2024:04:54:52 +0100] "GET /ticket2/opencms/se/nl/buy/?page=1&edid=0710F442-BF1F-3B9D-DE18-E35B12BA53D0 HTTP/1.1" 404 -
