217.113.194.218 - - [03/Nov/2024:05:09:03 +0100] "GET /ticket2/opencms/bs/buy?page=1&edid=2C495116-CB98-C9E3-B9E8-389135800397 HTTP/1.1" 200 123979
114.119.129.189 - - [03/Nov/2024:05:09:04 +0100] "GET /ticket2/opencms/en/venue/?countryid=89A5E86C-3AC3-3EDB-6F03-E6FC6A513BA2 HTTP/1.1" 200 106389
157.90.209.79 - - [03/Nov/2024:05:09:05 +0100] "GET /ticket2/opencms/hu/sport/focijegyek/bundesliga/augsburg HTTP/1.1" 200 96518
193.70.81.106 - - [03/Nov/2024:05:09:07 +0100] "GET /ticket2/opencms/se/sv/buy/?page=1&edid=DA80AC96-9D5B-51F7-D55B-EACBDC4E7995&sortorder=asc&column=row HTTP/1.1" 404 -
47.128.41.15 - - [03/Nov/2024:05:09:08 +0100] "GET /ticket2/opencms/fi/venue/?venueid=80282372-5C99-DBF4-F014-FB112931F6DA HTTP/1.1" 200 78547
157.90.209.79 - - [03/Nov/2024:05:09:09 +0100] "GET /ticket2/opencms/hu/sport/focijegyek/bundesliga/bochum HTTP/1.1" 200 92368
157.90.209.79 - - [03/Nov/2024:05:09:10 +0100] "GET /ticket2/opencms/hu/sport/focijegyek/bundesliga/darmstadt HTTP/1.1" 200 89557
20.171.206.154 - - [03/Nov/2024:05:09:11 +0100] "GET /ticket2/opencms/fi/urheilu/jalkapallo/premier_league/manchester_city HTTP/1.1" 200 95957
217.113.194.220 - - [03/Nov/2024:05:09:12 +0100] "GET /ticket2/opencms/bs/buy?page=1&edid=9736BC78-EE45-C04A-9E90-03DE4F387842 HTTP/1.1" 200 101639
193.70.81.106 - - [03/Nov/2024:05:09:12 +0100] "GET /ticket2/opencms/se/sv/buy/?page=1&edid=DAAE01DD-AEC2-AF3C-F667-C3DD2DC0B098 HTTP/1.1" 404 -
157.90.209.79 - - [03/Nov/2024:05:09:13 +0100] "GET /ticket2/opencms/hu/sport/focijegyek/bundesliga/eintracht_frankfurt HTTP/1.1" 200 98176
212.80.202.96 - - [03/Nov/2024:05:09:15 +0100] "GET /ticket2/opencms/sv/buy HTTP/1.1" 200 78699
193.70.81.106 - - [03/Nov/2024:05:09:17 +0100] "GET /ticket2/opencms/se/sv/buy/?page=1&edid=DAB0CF77-5AA1-9D7C-95C2-E53E9FBADCFF&sortorder=asc&column=row HTTP/1.1" 404 -
157.90.209.79 - - [03/Nov/2024:05:09:17 +0100] "GET /ticket2/opencms/hu/sport/focijegyek/bundesliga/heidenheim HTTP/1.1" 200 93242
157.90.209.79 - - [03/Nov/2024:05:09:19 +0100] "GET /ticket2/opencms/hu/sport/focijegyek/bundesliga/rb_leipzig HTTP/1.1" 200 97972
217.113.194.219 - - [03/Nov/2024:05:09:20 +0100] "GET /ticket2/opencms/bs/buy?page=1&edid=A32C2CDE-A2F2-054C-C7FE-30BF45814EDA HTTP/1.1" 200 102253
193.70.81.106 - - [03/Nov/2024:05:09:22 +0100] "GET /ticket2/opencms/se/sv/buy/?page=1&edid=DAB0CF77-5AA1-9D7C-95C2-E53E9FBADCFF&sortorder=asc&column=section HTTP/1.1" 404 -
157.90.209.79 - - [03/Nov/2024:05:09:23 +0100] "GET /ticket2/opencms/hu/sport/focijegyek/eredivisie HTTP/1.1" 500 -
157.90.209.79 - - [03/Nov/2024:05:09:25 +0100] "GET /ticket2/opencms/hu/sport/focijegyek/fa-cup HTTP/1.1" 404 -
47.128.112.82 - - [03/Nov/2024:05:09:26 +0100] "GET /ticket2/opencms/lv/buy/?edid=66A41D1B-B106-948F-4ECF-7F8A993B5B86 HTTP/1.1" 200 81476
193.70.81.106 - - [03/Nov/2024:05:09:27 +0100] "GET /ticket2/opencms/se/sv/buy/?page=1&edid=DAD74566-CCEA-5433-F423-A50B082DC66B&sortorder=asc&column=section HTTP/1.1" 404 -
157.90.209.79 - - [03/Nov/2024:05:09:27 +0100] "GET /ticket2/opencms/hu/sport/focijegyek/la-liga/ HTTP/1.1" 200 90757
85.208.96.195 - - [03/Nov/2024:05:09:27 +0100] "GET /ticket2/opencms/az/buy_safety/ HTTP/1.1" 200 81063
217.113.194.218 - - [03/Nov/2024:05:09:29 +0100] "GET /ticket2/opencms/bs/buy?page=1&edid=F78B03FA-4A60-BDC0-B4DA-96975C817683 HTTP/1.1" 200 101516
20.171.206.154 - - [03/Nov/2024:05:09:29 +0100] "GET /ticket2/opencms/hu/sport/focijegyek/premier-league/manchester-city HTTP/1.1" 200 98840
40.77.167.42 - - [03/Nov/2024:05:09:30 +0100] "GET /ticket2/opencms/dk/sport/fodboldbilletter/serie-a/torino/ HTTP/1.1" 200 79446
193.70.81.106 - - [03/Nov/2024:05:09:32 +0100] "GET /ticket2/opencms/se/sv/buy/?page=1&edid=DB57BF20-55CC-03D7-EC26-06E9610CC056&sortorder=asc&column=section HTTP/1.1" 404 -
47.128.50.47 - - [03/Nov/2024:05:09:32 +0100] "GET /ticket2/opencms/de/sport/fussball-tickets/serie_a/napoli/ HTTP/1.1" 200 95641
157.90.209.79 - - [03/Nov/2024:05:09:34 +0100] "GET /ticket2/opencms/hu/sport/focijegyek/la-liga/barcelona/ HTTP/1.1" 200 97726
157.90.209.79 - - [03/Nov/2024:05:09:36 +0100] "GET /ticket2/opencms/hu/sport/focijegyek/la-liga/celta_vigo HTTP/1.1" 200 96347
193.70.81.106 - - [03/Nov/2024:05:09:37 +0100] "GET /ticket2/opencms/se/sv/buy/?page=1&edid=DB65FF5F-A45B-145E-3BAC-807446F256DF&sortorder=desc&column=row HTTP/1.1" 404 -
52.167.144.22 - - [03/Nov/2024:05:09:37 +0100] "GET /ticket2/opencms/dk/venue/?venueid=C26446A4-8872-48CD-CA86-62157D64B3E9 HTTP/1.1" 200 77439
217.113.194.212 - - [03/Nov/2024:05:09:37 +0100] "GET /ticket2/opencms/bs/buy?page=1&edid=FF0B58BB-4754-B119-52E9-C2F4B119009E HTTP/1.1" 200 101729
157.90.209.79 - - [03/Nov/2024:05:09:38 +0100] "GET /ticket2/opencms/hu/sport/focijegyek/la-liga/deportivo_alaves HTTP/1.1" 200 97266
193.70.81.106 - - [03/Nov/2024:05:09:41 +0100] "GET /ticket2/opencms/se/sv/buy/?page=1&edid=DB8C4F18-75B7-A38E-DC7A-9A06D521BF7E HTTP/1.1" 404 -
157.90.209.79 - - [03/Nov/2024:05:09:42 +0100] "GET /ticket2/opencms/hu/sport/focijegyek/la-liga/girona HTTP/1.1" 200 89018
185.191.171.14 - - [03/Nov/2024:05:09:45 +0100] "GET /ticket2/opencms/uk/ HTTP/1.1" 200 97814
217.113.194.219 - - [03/Nov/2024:05:09:46 +0100] "GET /ticket2/opencms/bs/buy?page=1&edid=B4AC4F8E-B457-6CFB-D422-57B9B6443109 HTTP/1.1" 200 101735
193.70.81.106 - - [03/Nov/2024:05:09:46 +0100] "GET /ticket2/opencms/se/sv/buy/?page=1&edid=DB8C4F18-75B7-A38E-DC7A-9A06D521BF7E&sortorder=desc&column=row HTTP/1.1" 404 -
157.90.209.79 - - [03/Nov/2024:05:09:47 +0100] "GET /ticket2/opencms/hu/sport/focijegyek/la-liga/las_palmas HTTP/1.1" 200 97135
193.70.81.106 - - [03/Nov/2024:05:09:51 +0100] "GET /ticket2/opencms/se/sv/buy/?page=1&edid=DB8C4F18-75B7-A38E-DC7A-9A06D521BF7E&sortorder=desc&column=section HTTP/1.1" 404 -
157.90.209.79 - - [03/Nov/2024:05:09:51 +0100] "GET /ticket2/opencms/hu/sport/focijegyek/la-liga/leganes HTTP/1.1" 200 97664
157.90.209.79 - - [03/Nov/2024:05:09:53 +0100] "GET /ticket2/opencms/hu/sport/focijegyek/la-liga/rayo_vallecano HTTP/1.1" 200 98210
217.113.194.219 - - [03/Nov/2024:05:09:55 +0100] "GET /ticket2/opencms/bs/buy?page=1&edid=ABE0D196-5A84-0064-2AAA-8BE846913E3B HTTP/1.1" 200 125041
157.90.209.79 - - [03/Nov/2024:05:09:55 +0100] "GET /ticket2/opencms/hu/sport/focijegyek/la-liga/real-madrid/ HTTP/1.1" 200 97515
193.70.81.106 - - [03/Nov/2024:05:09:56 +0100] "GET /ticket2/opencms/se/sv/buy/?page=1&edid=DBD2F27E-21DC-3107-D380-75B8CAFA6CB5&sortorder=asc&column=section HTTP/1.1" 404 -
47.128.96.6 - - [03/Nov/2024:05:09:56 +0100] "GET /ticket2/opencms/fi/venue/?venueid=D6F2B52F-C215-0A5B-8206-F685BCC6BD43 HTTP/1.1" 200 78587
157.90.209.79 - - [03/Nov/2024:05:09:57 +0100] "GET /ticket2/opencms/hu/sport/focijegyek/la-liga/real_betis HTTP/1.1" 200 97693
193.70.81.106 - - [03/Nov/2024:05:10:01 +0100] "GET /ticket2/opencms/se/sv/buy/?page=1&edid=DC17638A-A464-04D3-43D9-DBC50F531118&sortorder=asc&column=price HTTP/1.1" 404 -
157.90.209.79 - - [03/Nov/2024:05:10:01 +0100] "GET /ticket2/opencms/hu/sport/focijegyek/ligue-1 HTTP/1.1" 500 -
157.90.209.79 - - [03/Nov/2024:05:10:04 +0100] "GET /ticket2/opencms/hu/sport/focijegyek/ligue-1/ HTTP/1.1" 500 -
217.113.194.212 - - [03/Nov/2024:05:10:04 +0100] "GET /ticket2/opencms/bs/buy?page=1&edid=DC151704-7086-0C8A-F9DB-B79F4FC96894 HTTP/1.1" 200 101774
193.70.81.106 - - [03/Nov/2024:05:10:05 +0100] "GET /ticket2/opencms/se/sv/buy/?page=1&edid=DC17638A-A464-04D3-43D9-DBC50F531118&sortorder=asc&column=row HTTP/1.1" 404 -
157.90.209.79 - - [03/Nov/2024:05:10:10 +0100] "GET /ticket2/opencms/hu/sport/focijegyek/ligue-1/paris-saint-germain/ HTTP/1.1" 200 90450
193.70.81.106 - - [03/Nov/2024:05:10:10 +0100] "GET /ticket2/opencms/se/sv/buy/?page=1&edid=DC17638A-A464-04D3-43D9-DBC50F531118&sortorder=asc&column=section HTTP/1.1" 404 -
217.113.194.219 - - [03/Nov/2024:05:10:14 +0100] "GET /ticket2/opencms/bs/buy?page=1&edid=E3166D36-0533-1C67-661A-CD0D8BD7BA8C HTTP/1.1" 200 124975
157.90.209.79 - - [03/Nov/2024:05:10:14 +0100] "GET /ticket2/opencms/hu/sport/focijegyek/premier-league/ HTTP/1.1" 200 91037
193.70.81.106 - - [03/Nov/2024:05:10:15 +0100] "GET /ticket2/opencms/se/sv/buy/?page=1&edid=DCBA862D-C641-83C3-073B-674B49C90711&sortorder=asc&column=price HTTP/1.1" 404 -
20.171.206.88 - - [03/Nov/2024:05:10:16 +0100] "GET /ticket2/opencms/lt/sport/futbolo-bilietai/premier-league/manchester-city HTTP/1.1" 200 97414
157.90.209.79 - - [03/Nov/2024:05:10:17 +0100] "GET /ticket2/opencms/hu/sport/focijegyek/premier-league/arsenal/ HTTP/1.1" 200 98170
157.90.209.79 - - [03/Nov/2024:05:10:19 +0100] "GET /ticket2/opencms/hu/sport/focijegyek/premier-league/chelsea/ HTTP/1.1" 200 98162
193.70.81.106 - - [03/Nov/2024:05:10:20 +0100] "GET /ticket2/opencms/se/sv/buy/?page=1&edid=DCBA862D-C641-83C3-073B-674B49C90711&sortorder=asc&column=row HTTP/1.1" 404 -
47.128.45.67 - - [03/Nov/2024:05:10:20 +0100] "GET /ticket2/opencms/de/sport/fussball-tickets/serie_a/bologna/ HTTP/1.1" 200 88394
114.119.134.48 - - [03/Nov/2024:05:10:21 +0100] "GET /ticket2/opencms/en/venue/?countryid=3F84C922-E52E-4F0E-1F8F-97D62941C628 HTTP/1.1" 200 106389
217.113.194.220 - - [03/Nov/2024:05:10:22 +0100] "GET /ticket2/opencms/bs/buy?page=1&edid=E9D0FDD0-4C71-0429-2BA8-750A3AF0D844 HTTP/1.1" 200 98486
157.90.209.79 - - [03/Nov/2024:05:10:22 +0100] "GET /ticket2/opencms/hu/sport/focijegyek/premier-league/ipswich HTTP/1.1" 404 -
193.70.81.106 - - [03/Nov/2024:05:10:25 +0100] "GET /ticket2/opencms/se/sv/buy/?page=1&edid=DCBA862D-C641-83C3-073B-674B49C90711&sortorder=asc&column=section HTTP/1.1" 404 -
157.90.209.79 - - [03/Nov/2024:05:10:26 +0100] "GET /ticket2/opencms/hu/sport/focijegyek/premier-league/liverpool/ HTTP/1.1" 200 98251
217.113.194.219 - - [03/Nov/2024:05:10:30 +0100] "GET /ticket2/opencms/bs/buy?page=1&edid=C4C24026-3ADF-F23A-0ABB-D3544847DDA2 HTTP/1.1" 200 98497
193.70.81.106 - - [03/Nov/2024:05:10:30 +0100] "GET /ticket2/opencms/se/sv/buy/?page=1&edid=DD1DE624-7575-DAC8-52A6-8F94CBA4211E&sortorder=asc&column=price HTTP/1.1" 404 -
157.90.209.79 - - [03/Nov/2024:05:10:33 +0100] "GET /ticket2/opencms/hu/sport/focijegyek/premier-league/manchester-united/ HTTP/1.1" 200 99054
193.70.81.106 - - [03/Nov/2024:05:10:35 +0100] "GET /ticket2/opencms/se/sv/buy/?page=1&edid=DD1DE624-7575-DAC8-52A6-8F94CBA4211E&sortorder=asc&column=row HTTP/1.1" 404 -
157.90.209.79 - - [03/Nov/2024:05:10:36 +0100] "GET /ticket2/opencms/hu/sport/focijegyek/premier-league/tottenham/ HTTP/1.1" 200 98475
157.90.209.79 - - [03/Nov/2024:05:10:38 +0100] "GET /ticket2/opencms/hu/sport/focijegyek/premier-league/west-ham HTTP/1.1" 404 -
217.113.194.213 - - [03/Nov/2024:05:10:39 +0100] "GET /ticket2/opencms/bs/buy?page=1&edid=AF02C319-B532-4F64-9DCF-3BBAABF04F0D HTTP/1.1" 200 101636
193.70.81.106 - - [03/Nov/2024:05:10:40 +0100] "GET /ticket2/opencms/se/sv/buy/?page=1&edid=DD1DE624-7575-DAC8-52A6-8F94CBA4211E&sortorder=asc&column=section HTTP/1.1" 404 -
157.90.209.79 - - [03/Nov/2024:05:10:41 +0100] "GET /ticket2/opencms/hu/sport/focijegyek/premier-league/west-ham-united/ HTTP/1.1" 200 98102
157.55.39.194 - - [03/Nov/2024:05:10:43 +0100] "GET /ticket2/opencms/en/buy?page=6&comcatid=A17713B6-D984-201A-4143-ED4DB5ED5C2E&catid=0A6C99D2-F5BD-7A18-9A5F-5668827042E0&eventid=AE8A6CAA-9529-DB54-69E5-B3169B36CD6E HTTP/1.1" 200 110555
52.167.144.18 - - [03/Nov/2024:05:10:44 +0100] "GET /ticket2/opencms/az/buy?page=1&edid=08134107-A430-5E4C-8313-5084A279B461 HTTP/1.1" 200 101680
85.208.96.203 - - [03/Nov/2024:05:10:44 +0100] "GET /ticket2/opencms/sv/tickets/aston_villa/wolverhampton.html HTTP/1.1" 200 87895
47.128.97.1 - - [03/Nov/2024:05:10:44 +0100] "GET /ticket2/opencms/el/buy/?catid=7CF2D645-F785-0CBB-1B7C-C4711617EAAD&comcatid=A17713B6-D984-201A-4143-ED4DB5ED5C2E HTTP/1.1" 200 94623
157.90.209.79 - - [03/Nov/2024:05:10:45 +0100] "GET /ticket2/opencms/hu/sport/focijegyek/serie-a/ HTTP/1.1" 200 90759
193.70.81.106 - - [03/Nov/2024:05:10:45 +0100] "GET /ticket2/opencms/se/sv/buy/?page=1&edid=DD437801-1919-C00C-C4B8-AED340156AE0&sortorder=asc&column=price HTTP/1.1" 404 -
217.113.194.221 - - [03/Nov/2024:05:10:47 +0100] "GET /ticket2/opencms/bs/buy?page=1&edid=B0BA2757-8221-E87D-9DEA-439CE1F87613 HTTP/1.1" 200 102192
47.128.124.111 - - [03/Nov/2024:05:10:49 +0100] "GET /ticket2/opencms/hu/buy/?edid=49D8C017-6E14-30F3-126A-0488D76DB7BC HTTP/1.1" 200 81485
157.90.209.79 - - [03/Nov/2024:05:10:49 +0100] "GET /ticket2/opencms/hu/standard/ HTTP/1.1" 500 -
20.171.206.88 - - [03/Nov/2024:05:10:49 +0100] "GET /ticket2/opencms/mo/sport/bilete-la-fotbal/premier-league/manchester-city HTTP/1.1" 200 98467
193.70.81.106 - - [03/Nov/2024:05:10:50 +0100] "GET /ticket2/opencms/se/sv/buy/?page=1&edid=DD437801-1919-C00C-C4B8-AED340156AE0&sortorder=asc&column=row HTTP/1.1" 404 -
157.90.209.79 - - [03/Nov/2024:05:10:51 +0100] "GET /ticket2/opencms/hy/buy?page=1&edid=03ACD253-26FD-D5DA-1042-959F5F219816 HTTP/1.1" 404 -
20.171.206.88 - - [03/Nov/2024:05:10:51 +0100] "GET /ticket2/opencms/az/sport/futbol-biletleri/premier-league/manchester-city/ HTTP/1.1" 200 97650
157.90.209.79 - - [03/Nov/2024:05:10:52 +0100] "GET /ticket2/opencms/hy/buy?page=1&edid=03C08C39-501F-FF78-A958-5E62ADCE683F HTTP/1.1" 404 -
157.90.209.79 - - [03/Nov/2024:05:10:55 +0100] "GET /ticket2/opencms/hy/buy?page=1&edid=047E0311-281A-A7AE-E87D-50033F4F70CA HTTP/1.1" 404 -
193.70.81.106 - - [03/Nov/2024:05:10:55 +0100] "GET /ticket2/opencms/se/sv/buy/?page=1&edid=DD437801-1919-C00C-C4B8-AED340156AE0&sortorder=asc&column=section HTTP/1.1" 404 -
217.113.194.212 - - [03/Nov/2024:05:10:56 +0100] "GET /ticket2/opencms/bs/buy?page=1&edid=FDD5D133-9F97-9AB4-1F94-3480DDAE2781 HTTP/1.1" 200 98492
47.128.16.40 - - [03/Nov/2024:05:10:56 +0100] "GET /ticket2/opencms/sr/buy/?edid=47E4C29F-87ED-56B6-4058-D325184E756B HTTP/1.1" 200 81862
157.90.209.79 - - [03/Nov/2024:05:10:56 +0100] "GET /ticket2/opencms/hy/buy?page=1&edid=063774E2-DE1A-6A46-E97B-D379290B879E HTTP/1.1" 404 -
157.90.209.79 - - [03/Nov/2024:05:10:57 +0100] "GET /ticket2/opencms/hy/buy?page=1&edid=06839E1C-8CA0-2766-B39C-B161E06D9E51 HTTP/1.1" 404 -
157.90.209.79 - - [03/Nov/2024:05:11:00 +0100] "GET /ticket2/opencms/hy/buy?page=1&edid=069EC406-6DFD-08ED-B6CC-A7E203415919 HTTP/1.1" 404 -
193.70.81.106 - - [03/Nov/2024:05:11:00 +0100] "GET /ticket2/opencms/se/sv/buy/?page=1&edid=DD8396E0-53AC-5D26-FE34-004AE99D2DAE&sortorder=asc&column=section HTTP/1.1" 404 -
157.90.209.79 - - [03/Nov/2024:05:11:03 +0100] "GET /ticket2/opencms/hy/buy?page=1&edid=070182EB-30EF-F34B-AE41-C4B61E82D2C9 HTTP/1.1" 404 -
217.113.194.218 - - [03/Nov/2024:05:11:04 +0100] "GET /ticket2/opencms/bs/buy?page=1&edid=EF1A8051-02D1-4881-866E-65E64956F4A4 HTTP/1.1" 200 98521
209.85.238.42 - - [03/Nov/2024:05:11:05 +0100] "GET /ticket2/opencms/sv/magazine/ HTTP/1.1" 200 137241
193.70.81.106 - - [03/Nov/2024:05:11:05 +0100] "GET /ticket2/opencms/se/sv/buy/?page=1&edid=DD8396E0-53AC-5D26-FE34-004AE99D2DAE&sortorder=desc&column=row HTTP/1.1" 404 -
157.90.209.79 - - [03/Nov/2024:05:11:06 +0100] "GET /ticket2/opencms/hy/buy?page=1&edid=077A4D05-90D5-AF2A-B689-A4F52E73EBA2 HTTP/1.1" 404 -
47.128.118.3 - - [03/Nov/2024:05:11:09 +0100] "GET /ticket2/opencms/fi/venue/?venueid=950A21FA-F5C6-F25A-D96D-C94FD8CA3066 HTTP/1.1" 200 78557
157.90.209.79 - - [03/Nov/2024:05:11:10 +0100] "GET /ticket2/opencms/hy/buy?page=1&edid=08134107-A430-5E4C-8313-5084A279B461 HTTP/1.1" 404 -
193.70.81.106 - - [03/Nov/2024:05:11:11 +0100] "GET /ticket2/opencms/se/sv/buy/?page=1&edid=DD99BFEC-4846-922C-64A2-1661CA2CB452&sortorder=asc&column=price HTTP/1.1" 404 -
157.90.209.79 - - [03/Nov/2024:05:11:11 +0100] "GET /ticket2/opencms/hy/buy?page=1&edid=08E96509-F113-0E6A-21FE-AD8C7D1444D0 HTTP/1.1" 404 -
20.171.206.89 - - [03/Nov/2024:05:11:11 +0100] "GET /ticket2/opencms/de/sport/fussball-tickets/premier_league/manchester_city HTTP/1.1" 200 97798
217.113.194.214 - - [03/Nov/2024:05:11:13 +0100] "GET /ticket2/opencms/bs/buy?page=1&edid=C4637C0D-241E-E0AB-AC64-BB3AA5607069 HTTP/1.1" 200 98508
157.90.209.79 - - [03/Nov/2024:05:11:14 +0100] "GET /ticket2/opencms/hy/buy?page=1&edid=096598FE-DA35-4351-DFEE-DC9ACA0F0EF9 HTTP/1.1" 404 -
37.123.143.11 - - [03/Nov/2024:05:11:15 +0100] "GET /ticket2/opencms/system/workplace/views/top_foot.jsp?wpFrame=foot HTTP/1.1" 200 1210
37.123.143.11 - - [03/Nov/2024:05:11:15 +0100] "GET /ticket2/opencms/system/workplace/commons/style/workplace.css HTTP/1.1" 200 14209
193.70.81.106 - - [03/Nov/2024:05:11:15 +0100] "GET /ticket2/opencms/se/sv/buy/?page=1&edid=DD99BFEC-4846-922C-64A2-1661CA2CB452&sortorder=asc&column=section HTTP/1.1" 404 -
157.90.209.79 - - [03/Nov/2024:05:11:17 +0100] "GET /ticket2/opencms/hy/buy?page=1&edid=0BE732AB-67CD-FDAE-FCB3-FFE731054A7F HTTP/1.1" 404 -
185.191.171.4 - - [03/Nov/2024:05:11:17 +0100] "GET /ticket2/opencms/de/sport/ HTTP/1.1" 200 86825
114.119.140.111 - - [03/Nov/2024:05:11:19 +0100] "GET /ticket2/opencms/en/venue/?venueid=FD8E2085-4C66-B96B-FE96-170F5D626150 HTTP/1.1" 200 77009
20.171.206.89 - - [03/Nov/2024:05:11:19 +0100] "GET /ticket2/opencms/no/sport/fotballsbilletter/premier_league/manchester_city HTTP/1.1" 200 95096
157.90.209.79 - - [03/Nov/2024:05:11:20 +0100] "GET /ticket2/opencms/hy/buy?page=1&edid=0F9D6B87-FBA2-98F6-6A11-CBBA4D2A86C1 HTTP/1.1" 404 -
193.70.81.106 - - [03/Nov/2024:05:11:20 +0100] "GET /ticket2/opencms/se/sv/buy/?page=1&edid=DDC42BBE-1C44-916C-70B3-5C60597CD058&sortorder=asc&column=price HTTP/1.1" 404 -
217.113.194.216 - - [03/Nov/2024:05:11:21 +0100] "GET /ticket2/opencms/bs/buy?page=1&edid=AD0E3D9F-2910-5DC4-03D7-A91917CC0ADD HTTP/1.1" 200 121747
193.70.81.106 - - [03/Nov/2024:05:11:25 +0100] "GET /ticket2/opencms/se/sv/buy/?page=1&edid=DDC42BBE-1C44-916C-70B3-5C60597CD058&sortorder=asc&column=row HTTP/1.1" 404 -
157.90.209.79 - - [03/Nov/2024:05:11:26 +0100] "GET /ticket2/opencms/hy/buy?page=1&edid=1046C14E-D95C-B350-CBCD-2ECE5F3DCC46 HTTP/1.1" 404 -
157.55.39.11 - - [03/Nov/2024:05:11:27 +0100] "GET /ticket2/opencms/dk/buy/?page=1&edid=7C16C78F-F9EE-B2A9-0C9E-990B916B48DD HTTP/1.1" 200 124992
157.90.209.79 - - [03/Nov/2024:05:11:27 +0100] "GET /ticket2/opencms/hy/buy?page=1&edid=10597F35-2AC7-31D2-FB61-15A36BB6D73B HTTP/1.1" 404 -
54.36.148.134 - - [03/Nov/2024:05:11:28 +0100] "GET /ticket2/opencms/de/magazine/article?title=die-liste-der-nominierten-fur-den-ballon-dor HTTP/1.1" 200 82531
157.90.209.79 - - [03/Nov/2024:05:11:29 +0100] "GET /ticket2/opencms/hy/buy?page=1&edid=11EFBC55-130A-2310-B776-C5D86878BDAB HTTP/1.1" 404 -
193.70.81.106 - - [03/Nov/2024:05:11:30 +0100] "GET /ticket2/opencms/se/sv/buy/?page=1&edid=DDC42BBE-1C44-916C-70B3-5C60597CD058&sortorder=asc&column=section HTTP/1.1" 404 -
217.113.194.214 - - [03/Nov/2024:05:11:31 +0100] "GET /ticket2/opencms/bs/buy?page=1&edid=68B485F7-9483-6E4F-656D-602EE2AC621D HTTP/1.1" 200 125966
47.128.96.21 - - [03/Nov/2024:05:11:33 +0100] "GET /ticket2/opencms/fi/venue/?venueid=CF4F6857-3656-68CA-213F-13DFDEA6A33E HTTP/1.1" 200 78544
157.90.209.79 - - [03/Nov/2024:05:11:33 +0100] "GET /ticket2/opencms/hy/buy?page=1&edid=126E7844-E6E1-432A-5140-6A6B87787BFF HTTP/1.1" 404 -
157.90.209.79 - - [03/Nov/2024:05:11:35 +0100] "GET /ticket2/opencms/hy/buy?page=1&edid=133B893E-0B2E-BEF9-99B1-9E25283FAB9D HTTP/1.1" 404 -
193.70.81.106 - - [03/Nov/2024:05:11:35 +0100] "GET /ticket2/opencms/se/sv/buy/?page=1&edid=DE77F923-33DD-F680-B03C-157F39802E52 HTTP/1.1" 404 -
157.90.209.79 - - [03/Nov/2024:05:11:36 +0100] "GET /ticket2/opencms/hy/buy?page=1&edid=145F87FE-BCE7-15CF-CE4F-3702933DA737 HTTP/1.1" 404 -
157.90.209.79 - - [03/Nov/2024:05:11:38 +0100] "GET /ticket2/opencms/hy/buy?page=1&edid=159AEE85-969E-7453-4999-69FCFD2915E6 HTTP/1.1" 404 -
217.113.194.221 - - [03/Nov/2024:05:11:40 +0100] "GET /ticket2/opencms/bs/buy?page=1&edid=2197E523-8740-2A01-BD5D-12E3C3F2DBFE HTTP/1.1" 200 136052
157.90.209.79 - - [03/Nov/2024:05:11:40 +0100] "GET /ticket2/opencms/hy/buy?page=1&edid=160DAC9A-2A77-6FDC-52B8-296352B1ABF1 HTTP/1.1" 404 -
20.171.206.89 - - [03/Nov/2024:05:11:40 +0100] "GET /ticket2/opencms/cs/sport/fotbalove-listky/premier-league/manchester-city HTTP/1.1" 200 98308
193.70.81.106 - - [03/Nov/2024:05:11:40 +0100] "GET /ticket2/opencms/se/sv/buy/?page=1&edid=DF0E45C7-237E-03AB-4ED3-CC8D84C0E2C6&sortorder=desc&column=section HTTP/1.1" 404 -
66.249.65.105 - - [03/Nov/2024:05:11:41 +0100] "GET /ticket2/opencms/sv/sport/fotbollsbiljetter/vm_kval/sverige_portugal.html HTTP/1.1" 200 79215
157.90.209.79 - - [03/Nov/2024:05:11:41 +0100] "GET /ticket2/opencms/hy/buy?page=1&edid=19422468-9239-E426-DB02-7FA0504E2BEC HTTP/1.1" 404 -
157.90.209.79 - - [03/Nov/2024:05:11:44 +0100] "GET /ticket2/opencms/hy/buy?page=1&edid=1ABC406A-92BD-FDCF-3BD6-80A52E60B34F HTTP/1.1" 404 -
193.70.81.106 - - [03/Nov/2024:05:11:45 +0100] "GET /ticket2/opencms/se/sv/buy/?page=1&edid=DF552D93-E3A5-1266-8F24-62F377662733 HTTP/1.1" 404 -
20.171.206.89 - - [03/Nov/2024:05:11:47 +0100] "GET /ticket2/opencms/et/sport/jalgpallipiletid/premier-league/manchester-city HTTP/1.1" 200 97573
217.113.194.219 - - [03/Nov/2024:05:11:48 +0100] "GET /ticket2/opencms/bs/buy?page=1&edid=511F4D14-32A6-951A-CF83-6CDB1707BEA4 HTTP/1.1" 200 98496
157.90.209.79 - - [03/Nov/2024:05:11:48 +0100] "GET /ticket2/opencms/hy/buy?page=1&edid=1AD4E11C-C792-1721-4D1A-2229101A30FD HTTP/1.1" 404 -
157.55.39.194 - - [03/Nov/2024:05:11:50 +0100] "GET /ticket2/opencms/de/buy/?page=1&edid=16F89E14-C93B-5426-9D05-8B8B52774D6F HTTP/1.1" 200 121397
193.70.81.106 - - [03/Nov/2024:05:11:50 +0100] "GET /ticket2/opencms/se/sv/buy/?page=1&edid=DF552D93-E3A5-1266-8F24-62F377662733&sortorder=asc&column=section HTTP/1.1" 404 -
157.90.209.79 - - [03/Nov/2024:05:11:50 +0100] "GET /ticket2/opencms/hy/buy?page=1&edid=1B6F6A2B-A0DA-FF91-EC4E-3DCAA442C25B HTTP/1.1" 404 -
157.90.209.79 - - [03/Nov/2024:05:11:54 +0100] "GET /ticket2/opencms/hy/buy?page=1&edid=1B836A42-4F20-7A0F-05D1-08388A470666 HTTP/1.1" 404 -
157.90.209.79 - - [03/Nov/2024:05:11:55 +0100] "GET /ticket2/opencms/hy/buy?page=1&edid=1BDA6D08-38AF-6470-7423-555F9C3DEC73 HTTP/1.1" 404 -
193.70.81.106 - - [03/Nov/2024:05:11:56 +0100] "GET /ticket2/opencms/se/sv/buy/?page=1&edid=DF9D48DC-91C3-ADD4-73AC-FE5950A282A2&sortorder=asc&column=row HTTP/1.1" 404 -
217.113.194.215 - - [03/Nov/2024:05:11:57 +0100] "GET /ticket2/opencms/bs/buy?page=1&edid=81CABF18-BA6D-C79B-B74D-94D66EB07C86 HTTP/1.1" 200 124780
157.90.209.79 - - [03/Nov/2024:05:11:57 +0100] "GET /ticket2/opencms/hy/buy?page=1&edid=1EC9B49C-3E71-53D7-479D-7C922516D58E HTTP/1.1" 404 -
20.171.206.89 - - [03/Nov/2024:05:11:58 +0100] "GET /ticket2/opencms/hr/sport/nogometne-ulaznice/premier-league/manchester-city HTTP/1.1" 200 97424
157.90.209.79 - - [03/Nov/2024:05:12:00 +0100] "GET /ticket2/opencms/hy/buy?page=1&edid=2197E523-8740-2A01-BD5D-12E3C3F2DBFE HTTP/1.1" 404 -
85.208.96.194 - - [03/Nov/2024:05:12:00 +0100] "GET /ticket2/opencms/sv/sport/fotbollsbiljetter/ligue_1/montpellier/ HTTP/1.1" 200 79272
157.90.209.79 - - [03/Nov/2024:05:12:01 +0100] "GET /ticket2/opencms/hy/buy?page=1&edid=21BADD47-9DF1-089A-9149-B7D8F893FCB4 HTTP/1.1" 404 -
193.70.81.106 - - [03/Nov/2024:05:12:02 +0100] "GET /ticket2/opencms/se/sv/buy/?page=1&edid=DFD6AED8-3358-48E3-B929-91E52E6E5120&sortorder=asc&column=price HTTP/1.1" 404 -
85.208.96.195 - - [03/Nov/2024:05:12:02 +0100] "GET /ticket2/opencms/sq/buying_tickets/ HTTP/1.1" 200 80621
20.171.206.89 - - [03/Nov/2024:05:12:03 +0100] "GET /ticket2/opencms/it/sport/biglietti-calcio/premier-league/manchester-city HTTP/1.1" 200 98043
157.90.209.79 - - [03/Nov/2024:05:12:03 +0100] "GET /ticket2/opencms/hy/buy?page=1&edid=24DA4365-06A3-2349-F7E6-CA02D31FCB88 HTTP/1.1" 404 -
157.90.209.79 - - [03/Nov/2024:05:12:05 +0100] "GET /ticket2/opencms/hy/buy?page=1&edid=25666712-CB7E-CDDD-4626-F1CD96C38316 HTTP/1.1" 404 -
217.113.194.213 - - [03/Nov/2024:05:12:05 +0100] "GET /ticket2/opencms/bs/buy?page=1&edid=923DE8C3-A506-18FE-D7E6-0F1B17A33382 HTTP/1.1" 200 98472
193.70.81.106 - - [03/Nov/2024:05:12:07 +0100] "GET /ticket2/opencms/se/sv/buy/?page=1&edid=DFD6AED8-3358-48E3-B929-91E52E6E5120&sortorder=asc&column=row HTTP/1.1" 404 -
157.90.209.79 - - [03/Nov/2024:05:12:08 +0100] "GET /ticket2/opencms/hy/buy?page=1&edid=26467E66-E432-3709-0425-A75E81B5021A HTTP/1.1" 404 -
157.90.209.79 - - [03/Nov/2024:05:12:09 +0100] "GET /ticket2/opencms/hy/buy?page=1&edid=2684212B-FA50-DC4B-3CFA-1303E9638140 HTTP/1.1" 404 -
157.90.209.79 - - [03/Nov/2024:05:12:11 +0100] "GET /ticket2/opencms/hy/buy?page=1&edid=268D8165-50F1-AAA8-6C6A-3ABAD53C8B35 HTTP/1.1" 404 -
193.70.81.106 - - [03/Nov/2024:05:12:12 +0100] "GET /ticket2/opencms/se/sv/buy/?page=1&edid=DFE27CE8-FF1B-552E-B635-E2F5731B2B49&sortorder=asc&column=section HTTP/1.1" 404 -
47.128.36.6 - - [03/Nov/2024:05:12:12 +0100] "GET /ticket2/opencms/lv/buy/?edid=6FB1B961-213D-A498-EACB-FFF2ED7E731F HTTP/1.1" 200 81476
157.90.209.79 - - [03/Nov/2024:05:12:12 +0100] "GET /ticket2/opencms/hy/buy?page=1&edid=294968E7-670E-500D-EF6F-F776CC397F5A HTTP/1.1" 404 -
85.208.96.202 - - [03/Nov/2024:05:12:13 +0100] "GET /ticket2/opencms/en/sport/football-tickets/premier_league/newcastle_united/ HTTP/1.1" 200 95622
217.113.194.221 - - [03/Nov/2024:05:12:14 +0100] "GET /ticket2/opencms/bs/buy?page=1&edid=89B9E8FB-02AC-B2B1-4633-6562ED36330C HTTP/1.1" 200 98517
157.90.209.79 - - [03/Nov/2024:05:12:14 +0100] "GET /ticket2/opencms/hy/buy?page=1&edid=299450E2-FDAD-4E2B-0058-6290A7A2B57D HTTP/1.1" 404 -
193.70.81.106 - - [03/Nov/2024:05:12:17 +0100] "GET /ticket2/opencms/se/sv/buy/?page=1&edid=E0FF39C3-181C-EDEC-0EFB-D8D41D058E59 HTTP/1.1" 404 -
157.90.209.79 - - [03/Nov/2024:05:12:17 +0100] "GET /ticket2/opencms/hy/buy?page=1&edid=2A51ECF8-5DB5-F349-CC30-BF574AC78AE1 HTTP/1.1" 404 -
157.90.209.79 - - [03/Nov/2024:05:12:18 +0100] "GET /ticket2/opencms/hy/buy?page=1&edid=2AC421C6-0DD9-73DD-0C29-416B5CC98DFF HTTP/1.1" 404 -
157.90.209.79 - - [03/Nov/2024:05:12:20 +0100] "GET /ticket2/opencms/hy/buy?page=1&edid=2B44308E-1778-CFAE-7385-18758823F6EB HTTP/1.1" 404 -
157.90.209.79 - - [03/Nov/2024:05:12:21 +0100] "GET /ticket2/opencms/hy/buy?page=1&edid=31FDA527-9BE5-CC0F-08BA-BAC5423FB404 HTTP/1.1" 404 -
193.70.81.106 - - [03/Nov/2024:05:12:22 +0100] "GET /ticket2/opencms/se/sv/buy/?page=1&edid=E1065CE0-2A25-C636-919D-5F772AE406F7 HTTP/1.1" 404 -
217.113.194.220 - - [03/Nov/2024:05:12:22 +0100] "GET /ticket2/opencms/bs/buy?page=1&edid=228E1167-BCFC-2F99-51D7-E88C552694FD HTTP/1.1" 200 101744
157.90.209.79 - - [03/Nov/2024:05:12:23 +0100] "GET /ticket2/opencms/hy/buy?page=1&edid=32359E59-20A4-8706-5D64-A284D441A719 HTTP/1.1" 404 -
157.90.209.79 - - [03/Nov/2024:05:12:25 +0100] "GET /ticket2/opencms/hy/buy?page=1&edid=3289C097-2261-9433-8644-DF033A9EE354 HTTP/1.1" 404 -
193.70.81.106 - - [03/Nov/2024:05:12:26 +0100] "GET /ticket2/opencms/se/sv/buy/?page=1&edid=E1065CE0-2A25-C636-919D-5F772AE406F7&sortorder=asc&column=row HTTP/1.1" 404 -
157.90.209.79 - - [03/Nov/2024:05:12:26 +0100] "GET /ticket2/opencms/hy/buy?page=1&edid=341262D8-7A59-5821-1DA8-A5F36D843BF9 HTTP/1.1" 404 -
157.90.209.79 - - [03/Nov/2024:05:12:28 +0100] "GET /ticket2/opencms/hy/buy?page=1&edid=3583D5C7-607A-E528-A709-844E6A72DC1B HTTP/1.1" 404 -
157.90.209.79 - - [03/Nov/2024:05:12:30 +0100] "GET /ticket2/opencms/hy/buy?page=1&edid=36B8587B-9BD4-1599-9368-E59F9780F9A9 HTTP/1.1" 404 -
217.113.194.214 - - [03/Nov/2024:05:12:31 +0100] "GET /ticket2/opencms/bs/buy?page=1&edid=76EAECA7-64F4-2580-38CA-B14BCC95A1C5 HTTP/1.1" 200 107766
193.70.81.106 - - [03/Nov/2024:05:12:31 +0100] "GET /ticket2/opencms/se/sv/buy/?page=1&edid=E1FBBD6F-BAD9-0886-B868-DED3D542F1AC HTTP/1.1" 404 -
157.90.209.79 - - [03/Nov/2024:05:12:31 +0100] "GET /ticket2/opencms/hy/buy?page=1&edid=3834B79A-5D67-764F-EEC4-EB2411D57169 HTTP/1.1" 404 -
157.90.209.79 - - [03/Nov/2024:05:12:34 +0100] "GET /ticket2/opencms/hy/buy?page=1&edid=3A9780A5-BD38-4C21-77F6-3CFD161A5931 HTTP/1.1" 404 -
157.90.209.79 - - [03/Nov/2024:05:12:35 +0100] "GET /ticket2/opencms/hy/buy?page=1&edid=3D90558B-59E5-DB4E-10D0-F79B6C89B78E HTTP/1.1" 404 -
193.70.81.106 - - [03/Nov/2024:05:12:36 +0100] "GET /ticket2/opencms/se/sv/buy/?page=1&edid=E29699DA-9795-6903-EBDA-496D57340F6C&sortorder=asc&column=price HTTP/1.1" 404 -
157.90.209.79 - - [03/Nov/2024:05:12:36 +0100] "GET /ticket2/opencms/hy/buy?page=1&edid=3DE00F0C-D064-F580-0B18-1943C6741906 HTTP/1.1" 404 -
157.55.39.11 - - [03/Nov/2024:05:12:37 +0100] "GET /ticket2/opencms/be/buy?page=1&edid=D11D82D4-28DA-1768-D317-EF521A2F97E6 HTTP/1.1" 200 133052
217.113.194.214 - - [03/Nov/2024:05:12:39 +0100] "GET /ticket2/opencms/bs/buy?page=1&edid=12FE9A0A-4E2D-5275-1076-E343F4E21442 HTTP/1.1" 200 101329
157.90.209.79 - - [03/Nov/2024:05:12:39 +0100] "GET /ticket2/opencms/hy/buy?page=1&edid=403B436C-97BC-2EFB-A98B-42727D330360 HTTP/1.1" 404 -
185.191.171.13 - - [03/Nov/2024:05:12:39 +0100] "GET /ticket2/opencms/sv/sport/fotbollsbiljetter/la_liga/barcelona/restips_camp_nou/ HTTP/1.1" 200 83906
157.90.209.79 - - [03/Nov/2024:05:12:41 +0100] "GET /ticket2/opencms/hy/buy?page=1&edid=41CD7066-237A-B852-387D-3D5D7B688DF9 HTTP/1.1" 404 -
20.171.206.180 - - [03/Nov/2024:05:12:41 +0100] "GET /ticket2/opencms/en/sport/football-tickets/premier_league/manchester_city HTTP/1.1" 200 94151
193.70.81.106 - - [03/Nov/2024:05:12:41 +0100] "GET /ticket2/opencms/se/sv/buy/?page=1&edid=E329193A-2727-14B9-F937-35B502E9776C&sortorder=asc&column=price HTTP/1.1" 404 -
157.90.209.79 - - [03/Nov/2024:05:12:42 +0100] "GET /ticket2/opencms/hy/buy?page=1&edid=4660DE29-C3F1-FFBE-5E6B-4C74E874EC91 HTTP/1.1" 404 -
84.32.41.136 - - [03/Nov/2024:05:12:44 +0100] "GET /ticket2/opencms/ HTTP/1.1" 302 -
157.90.209.79 - - [03/Nov/2024:05:12:44 +0100] "GET /ticket2/opencms/hy/buy?page=1&edid=46F37BE7-B2F6-BEA5-12C9-E1FFD36B0DD0 HTTP/1.1" 404 -
157.90.209.79 - - [03/Nov/2024:05:12:45 +0100] "GET /ticket2/opencms/hy/buy?page=1&edid=47C0370F-9915-7673-E038-7AD65907592C HTTP/1.1" 404 -
84.32.41.136 - - [03/Nov/2024:05:12:46 +0100] "GET /ticket2/opencms/en/ HTTP/1.1" 200 95593
193.70.81.106 - - [03/Nov/2024:05:12:46 +0100] "GET /ticket2/opencms/se/sv/buy/?page=1&edid=E329193A-2727-14B9-F937-35B502E9776C&sortorder=asc&column=row HTTP/1.1" 404 -
84.32.41.136 - - [03/Nov/2024:05:12:46 +0100] "GET /ticket2/opencms/en/about/contact HTTP/1.1" 200 79756
84.32.41.136 - - [03/Nov/2024:05:12:47 +0100] "GET /ticket2/opencms/ HTTP/1.1" 302 -
84.32.41.136 - - [03/Nov/2024:05:12:47 +0100] "GET /ticket2/opencms/en/ HTTP/1.1" 200 95593
157.90.209.79 - - [03/Nov/2024:05:12:48 +0100] "GET /ticket2/opencms/hy/buy?page=1&edid=47E4C29F-87ED-56B6-4058-D325184E756B HTTP/1.1" 404 -
217.113.194.219 - - [03/Nov/2024:05:12:48 +0100] "GET /ticket2/opencms/bs/buy?page=1&edid=473B0CA2-5DEF-8724-CEB4-D099FD62177B HTTP/1.1" 200 98479
84.32.41.136 - - [03/Nov/2024:05:12:48 +0100] "GET /ticket2/opencms/en/ HTTP/1.1" 200 95593
216.244.66.245 - - [03/Nov/2024:05:12:49 +0100] "GET /ticket2/opencms/se/robots.txt HTTP/1.1" 404 -
84.32.41.136 - - [03/Nov/2024:05:12:49 +0100] "GET /ticket2/opencms/en/login/ HTTP/1.1" 200 81870
157.90.209.79 - - [03/Nov/2024:05:12:49 +0100] "GET /ticket2/opencms/hy/buy?page=1&edid=490280ED-96FA-5EC6-1DCC-A75EC34A3EFC HTTP/1.1" 404 -
84.32.41.136 - - [03/Nov/2024:05:12:50 +0100] "GET /ticket2/opencms/sv/ HTTP/1.1" 200 96367
84.32.41.136 - - [03/Nov/2024:05:12:51 +0100] "GET /ticket2/opencms/sv/about/contact HTTP/1.1" 200 80472
157.90.209.79 - - [03/Nov/2024:05:12:51 +0100] "GET /ticket2/opencms/hy/buy?page=1&edid=492C270D-AAEA-3890-F385-951BFDA8F433 HTTP/1.1" 404 -
193.70.81.106 - - [03/Nov/2024:05:12:51 +0100] "GET /ticket2/opencms/se/sv/buy/?page=1&edid=E329193A-2727-14B9-F937-35B502E9776C&sortorder=asc&column=section HTTP/1.1" 404 -
157.90.209.79 - - [03/Nov/2024:05:12:52 +0100] "GET /ticket2/opencms/hy/buy?page=1&edid=4D569333-A725-AF23-311D-520AB9757B29 HTTP/1.1" 404 -
157.90.209.79 - - [03/Nov/2024:05:12:54 +0100] "GET /ticket2/opencms/hy/buy?page=1&edid=4D95C4E4-B7FF-C71E-110D-D09544A9044A HTTP/1.1" 404 -
114.119.141.178 - - [03/Nov/2024:05:12:55 +0100] "GET /ticket2/opencms/en/buy/?page=1&edid=880253A7-8E88-32CF-C256-897234FC31F6 HTTP/1.1" 200 99951
157.90.209.79 - - [03/Nov/2024:05:12:56 +0100] "GET /ticket2/opencms/hy/buy?page=1&edid=4DF0D9FC-63B4-BC0C-C1C6-5A8F2E684398 HTTP/1.1" 404 -
185.191.171.11 - - [03/Nov/2024:05:12:56 +0100] "GET /ticket2/opencms/en/standard/ HTTP/1.1" 200 90222
217.113.194.217 - - [03/Nov/2024:05:12:56 +0100] "GET /ticket2/opencms/mk/buy?page=1&edid=3A110332-FE13-BFF7-BBB7-371F88615FD0 HTTP/1.1" 404 -
193.70.81.106 - - [03/Nov/2024:05:12:56 +0100] "GET /ticket2/opencms/se/sv/buy/?page=1&edid=E3ADF096-840B-984B-3622-AA0140DCC61E&sortorder=asc&column=price HTTP/1.1" 404 -
157.90.209.79 - - [03/Nov/2024:05:13:00 +0100] "GET /ticket2/opencms/hy/buy?page=1&edid=4DFD725A-4EAE-5578-E2C8-F093AEA223CD HTTP/1.1" 404 -
193.70.81.106 - - [03/Nov/2024:05:13:01 +0100] "GET /ticket2/opencms/se/sv/buy/?page=1&edid=E3ADF096-840B-984B-3622-AA0140DCC61E&sortorder=asc&column=row HTTP/1.1" 404 -
157.90.209.79 - - [03/Nov/2024:05:13:02 +0100] "GET /ticket2/opencms/hy/buy?page=1&edid=50375D23-8B44-5172-3FB1-755B660EE76F HTTP/1.1" 404 -
66.249.65.105 - - [03/Nov/2024:05:13:02 +0100] "GET /ticket2/opencms/ro/despre-noi/ HTTP/1.1" 200 81170
157.90.209.79 - - [03/Nov/2024:05:13:03 +0100] "GET /ticket2/opencms/hy/buy?page=1&edid=50D37B13-6F20-71F9-54D9-90E7B6C8DECF HTTP/1.1" 404 -
154.54.249.216 - - [03/Nov/2024:05:13:04 +0100] "GET /ticket2/opencms/mk/buy?page=1&edid=2E3A9666-3510-0E81-4BD6-E0C24467BF7D HTTP/1.1" 404 -
157.90.209.79 - - [03/Nov/2024:05:13:05 +0100] "GET /ticket2/opencms/hy/buy?page=1&edid=551618B5-3860-8837-909D-AC46BA2A0628 HTTP/1.1" 404 -
20.171.206.180 - - [03/Nov/2024:05:13:06 +0100] "GET /ticket2/opencms/is/buy/?page=1&edid=E0AF4582-F291-60D7-7793-C6DEB6EAEA8A HTTP/1.1" 200 131041
193.70.81.106 - - [03/Nov/2024:05:13:06 +0100] "GET /ticket2/opencms/se/sv/buy/?page=1&edid=E3ADF096-840B-984B-3622-AA0140DCC61E&sortorder=asc&column=section HTTP/1.1" 404 -
157.90.209.79 - - [03/Nov/2024:05:13:06 +0100] "GET /ticket2/opencms/hy/buy?page=1&edid=56062CAE-66F5-81C7-DD42-F372CD5AE180 HTTP/1.1" 404 -
157.55.39.194 - - [03/Nov/2024:05:13:07 +0100] "GET /ticket2/opencms/sv/buy/?page=1&edid=51141EB3-B375-D16D-CA84-E949B19945AA HTTP/1.1" 200 97724
52.167.144.156 - - [03/Nov/2024:05:13:08 +0100] "GET /ticket2/opencms/nl/buy?page=1&edid=19422468-9239-E426-DB02-7FA0504E2BEC HTTP/1.1" 200 127896
157.90.209.79 - - [03/Nov/2024:05:13:08 +0100] "GET /ticket2/opencms/hy/buy?page=1&edid=56B38CDE-C52C-9D5C-A997-D65F4CB742AB HTTP/1.1" 404 -
157.90.209.79 - - [03/Nov/2024:05:13:09 +0100] "GET /ticket2/opencms/hy/buy?page=1&edid=57449F59-3EAF-BBAB-4AC9-B7A456A32485 HTTP/1.1" 404 -
193.70.81.106 - - [03/Nov/2024:05:13:11 +0100] "GET /ticket2/opencms/se/sv/buy/?page=1&edid=E462A33E-CFF3-5A74-C9A7-96B6A6F1D497&sortorder=asc&column=price HTTP/1.1" 404 -
157.90.209.79 - - [03/Nov/2024:05:13:11 +0100] "GET /ticket2/opencms/hy/buy?page=1&edid=57541A2A-A7DE-A07B-2484-0E25ED563C4B HTTP/1.1" 404 -
217.113.194.218 - - [03/Nov/2024:05:13:12 +0100] "GET /ticket2/opencms/mk/buy?page=1&edid=2A37DE46-FFAE-D698-F339-A3B401DDEB66 HTTP/1.1" 404 -
157.90.209.79 - - [03/Nov/2024:05:13:13 +0100] "GET /ticket2/opencms/hy/buy?page=1&edid=57C8D150-DCBD-4911-196A-160A37952FA8 HTTP/1.1" 404 -
157.90.209.79 - - [03/Nov/2024:05:13:15 +0100] "GET /ticket2/opencms/hy/buy?page=1&edid=5841328A-911D-5943-EBD4-7800C7848F54 HTTP/1.1" 404 -
47.128.23.158 - - [03/Nov/2024:05:13:15 +0100] "GET /ticket2/opencms/sr/buy/?edid=B089B4B8-933D-AB70-BE65-2A133877E5AC HTTP/1.1" 200 81862
193.70.81.106 - - [03/Nov/2024:05:13:16 +0100] "GET /ticket2/opencms/se/sv/buy/?page=1&edid=E462A33E-CFF3-5A74-C9A7-96B6A6F1D497&sortorder=asc&column=row HTTP/1.1" 404 -
157.90.209.79 - - [03/Nov/2024:05:13:17 +0100] "GET /ticket2/opencms/hy/buy?page=1&edid=594BB2EC-0131-3CF2-28F5-D32596AEC319 HTTP/1.1" 404 -
157.90.209.79 - - [03/Nov/2024:05:13:20 +0100] "GET /ticket2/opencms/hy/buy?page=1&edid=5CB80305-FAB3-0B17-6A63-E12060ABE282 HTTP/1.1" 404 -
193.70.81.106 - - [03/Nov/2024:05:13:20 +0100] "GET /ticket2/opencms/se/sv/buy/?page=1&edid=E462A33E-CFF3-5A74-C9A7-96B6A6F1D497&sortorder=asc&column=section HTTP/1.1" 404 -
217.113.194.212 - - [03/Nov/2024:05:13:21 +0100] "GET /ticket2/opencms/mk/buy?page=1&edid=7536ED49-D47D-D875-3F14-B754DE19451B HTTP/1.1" 404 -
157.90.209.79 - - [03/Nov/2024:05:13:22 +0100] "GET /ticket2/opencms/hy/buy?page=1&edid=5CBB442D-D365-7F4F-B999-AA88D946C632 HTTP/1.1" 404 -
216.244.66.238 - - [03/Nov/2024:05:13:23 +0100] "GET /ticket2/opencms/robots.txt HTTP/1.1" 200 773
157.90.209.79 - - [03/Nov/2024:05:13:23 +0100] "GET /ticket2/opencms/hy/buy?page=1&edid=5E608C7A-903B-E4BB-4868-5D83917347B8 HTTP/1.1" 404 -
157.90.209.79 - - [03/Nov/2024:05:13:25 +0100] "GET /ticket2/opencms/hy/buy?page=1&edid=5FB57C24-AD1D-5266-EC3B-AFBF6FBAF1AC HTTP/1.1" 404 -
193.70.81.106 - - [03/Nov/2024:05:13:25 +0100] "GET /ticket2/opencms/se/sv/buy/?page=1&edid=E4CCAEED-8E81-175A-FC4E-82AB9259F7C3&sortorder=asc&column=price HTTP/1.1" 404 -
85.208.96.203 - - [03/Nov/2024:05:13:26 +0100] "GET /ticket2/opencms/fr/magazine/article?title=om-tottenham-hotspur-stadium HTTP/1.1" 200 88151
157.90.209.79 - - [03/Nov/2024:05:13:27 +0100] "GET /ticket2/opencms/hy/buy?page=1&edid=6491C4B6-5C45-20F3-BDEC-54EE4BA903D5 HTTP/1.1" 404 -
20.171.206.210 - - [03/Nov/2024:05:13:29 +0100] "GET /ticket2/opencms/is/buy/?page=1&edid=4DFD725A-4EAE-5578-E2C8-F093AEA223CD HTTP/1.1" 200 131038
157.90.209.79 - - [03/Nov/2024:05:13:29 +0100] "GET /ticket2/opencms/hy/buy?page=1&edid=65C03F06-B4E6-0D65-D535-E007A0321D02 HTTP/1.1" 404 -
217.113.194.220 - - [03/Nov/2024:05:13:29 +0100] "GET /ticket2/opencms/mk/buy?page=1&edid=F6B52729-D385-1BA8-C061-8869A2499C82 HTTP/1.1" 404 -
193.70.81.106 - - [03/Nov/2024:05:13:30 +0100] "GET /ticket2/opencms/se/sv/buy/?page=1&edid=E4CCAEED-8E81-175A-FC4E-82AB9259F7C3&sortorder=asc&column=row HTTP/1.1" 404 -
157.90.209.79 - - [03/Nov/2024:05:13:30 +0100] "GET /ticket2/opencms/hy/buy?page=1&edid=66C22035-E7EA-E10A-4BFC-2C30733037DC HTTP/1.1" 404 -
157.90.209.79 - - [03/Nov/2024:05:13:32 +0100] "GET /ticket2/opencms/hy/buy?page=1&edid=68B485F7-9483-6E4F-656D-602EE2AC621D HTTP/1.1" 404 -
157.90.209.79 - - [03/Nov/2024:05:13:34 +0100] "GET /ticket2/opencms/hy/buy?page=1&edid=6A920F16-DD42-2262-3AA2-B83D5743F13A HTTP/1.1" 404 -
47.128.42.2 - - [03/Nov/2024:05:13:35 +0100] "GET /ticket2/opencms/lv/buy/?edid=835618E5-0D1F-48E2-E5CA-E8042B524D8C HTTP/1.1" 200 81476
193.70.81.106 - - [03/Nov/2024:05:13:35 +0100] "GET /ticket2/opencms/se/sv/buy/?page=1&edid=E4CDE56A-63B5-1BDC-27AA-9FAB868BC5A1 HTTP/1.1" 404 -
157.90.209.79 - - [03/Nov/2024:05:13:36 +0100] "GET /ticket2/opencms/hy/buy?page=1&edid=6AEAF6C2-C57A-0447-5B0A-20959D8DCFDD HTTP/1.1" 404 -
217.113.194.221 - - [03/Nov/2024:05:13:37 +0100] "GET /ticket2/opencms/mk/buy?page=1&edid=9C2A438B-6926-D1D4-5912-53216C4EB815 HTTP/1.1" 404 -
157.90.209.79 - - [03/Nov/2024:05:13:38 +0100] "GET /ticket2/opencms/hy/buy?page=1&edid=6C0AA1CC-8488-7981-DA23-AD8E06F80ABD HTTP/1.1" 404 -
157.90.209.79 - - [03/Nov/2024:05:13:40 +0100] "GET /ticket2/opencms/hy/buy?page=1&edid=6C755BD2-3E40-1F18-AF57-4283F42FB67F HTTP/1.1" 404 -
193.70.81.106 - - [03/Nov/2024:05:13:40 +0100] "GET /ticket2/opencms/se/sv/buy/?page=1&edid=E4D70CB8-6D89-F890-43F5-E8D14DCE566A HTTP/1.1" 404 -
157.90.209.79 - - [03/Nov/2024:05:13:41 +0100] "GET /ticket2/opencms/hy/buy?page=1&edid=6C967880-E08B-3121-25D0-F145A5542A49 HTTP/1.1" 404 -
193.70.81.106 - - [03/Nov/2024:05:13:45 +0100] "GET /ticket2/opencms/se/sv/buy/?page=1&edid=E5067D94-8A5E-F408-F852-73D55F9B402A&sortorder=asc&column=section HTTP/1.1" 404 -
157.90.209.79 - - [03/Nov/2024:05:13:45 +0100] "GET /ticket2/opencms/hy/buy?page=1&edid=718A7A5B-0864-7BB0-17EA-7D1DFF1DCA73 HTTP/1.1" 404 -
217.113.194.213 - - [03/Nov/2024:05:13:45 +0100] "GET /ticket2/opencms/mk/buy?page=1&edid=E582CC8B-8610-40BF-6F37-803CC1BA62EA HTTP/1.1" 404 -
157.90.209.79 - - [03/Nov/2024:05:13:49 +0100] "GET /ticket2/opencms/hy/buy?page=1&edid=719E6B6D-707F-E825-E3AA-0E552980E1EB HTTP/1.1" 404 -
193.70.81.106 - - [03/Nov/2024:05:13:50 +0100] "GET /ticket2/opencms/se/sv/buy/?page=1&edid=E5067D94-8A5E-F408-F852-73D55F9B402A&sortorder=desc&column=section HTTP/1.1" 404 -
157.90.209.79 - - [03/Nov/2024:05:13:50 +0100] "GET /ticket2/opencms/hy/buy?page=1&edid=71A5516F-6BB3-FB63-461B-A9493E3B32DA HTTP/1.1" 404 -
20.171.206.210 - - [03/Nov/2024:05:13:51 +0100] "GET /ticket2/opencms/is/buy/?page=1&edid=0F9D6B87-FBA2-98F6-6A11-CBBA4D2A86C1 HTTP/1.1" 200 132997
85.208.96.208 - - [03/Nov/2024:05:13:53 +0100] "GET /ticket2/opencms/no/sport/fotballsbilletter/serie_a/napoli/ HTTP/1.1" 200 87936
157.90.209.79 - - [03/Nov/2024:05:13:53 +0100] "GET /ticket2/opencms/hy/buy?page=1&edid=71D4E1BC-3E8B-FCA3-2D7E-6A2406C27FA6 HTTP/1.1" 404 -
217.113.194.219 - - [03/Nov/2024:05:13:53 +0100] "GET /ticket2/opencms/mk/buy?page=1&edid=B67E5215-A1E2-04F3-F239-662C2219156F HTTP/1.1" 404 -
193.70.81.106 - - [03/Nov/2024:05:13:54 +0100] "GET /ticket2/opencms/se/sv/buy/?page=1&edid=E61B3D3B-0D83-E96C-2DE4-851DA573A893&sortorder=asc&column=price HTTP/1.1" 404 -
157.90.209.79 - - [03/Nov/2024:05:13:56 +0100] "GET /ticket2/opencms/hy/buy?page=1&edid=71FF0DDB-994C-2EA5-7C18-3DECE9AE5101 HTTP/1.1" 404 -
52.167.144.172 - - [03/Nov/2024:05:13:57 +0100] "GET /ticket2/opencms/dk/buy?page=1&edid=8DA9D1EA-2F7E-8136-071B-749FF836435A HTTP/1.1" 200 123973
157.90.209.79 - - [03/Nov/2024:05:13:59 +0100] "GET /ticket2/opencms/hy/buy?page=1&edid=72113169-CE1D-B963-8867-381A95276A39 HTTP/1.1" 404 -
193.70.81.106 - - [03/Nov/2024:05:13:59 +0100] "GET /ticket2/opencms/se/sv/buy/?page=1&edid=E61B3D3B-0D83-E96C-2DE4-851DA573A893&sortorder=asc&column=row HTTP/1.1" 404 -
217.113.194.212 - - [03/Nov/2024:05:14:02 +0100] "GET /ticket2/opencms/mk/buy?page=1&edid=B29CFC3D-5071-8935-2E06-298EC3383A7A HTTP/1.1" 404 -
157.90.209.79 - - [03/Nov/2024:05:14:02 +0100] "GET /ticket2/opencms/hy/buy?page=1&edid=729B4624-40AD-E7A7-F9BA-94230F6FDC91 HTTP/1.1" 404 -
193.70.81.106 - - [03/Nov/2024:05:14:04 +0100] "GET /ticket2/opencms/se/sv/buy/?page=1&edid=E61B3D3B-0D83-E96C-2DE4-851DA573A893&sortorder=asc&column=section HTTP/1.1" 404 -
157.90.209.79 - - [03/Nov/2024:05:14:06 +0100] "GET /ticket2/opencms/hy/buy?page=1&edid=750C6040-29F7-425D-A24F-51B977F415A3 HTTP/1.1" 404 -
52.167.144.215 - - [03/Nov/2024:05:14:06 +0100] "GET /ticket2/opencms/hr/ HTTP/1.1" 200 97065
114.119.151.50 - - [03/Nov/2024:05:14:07 +0100] "GET /ticket2/opencms/en/venue/?countryid=7C165012-4E71-A139-E2F5-2DE567A7E303 HTTP/1.1" 200 106389
193.70.81.106 - - [03/Nov/2024:05:14:09 +0100] "GET /ticket2/opencms/se/sv/buy/?page=1&edid=E673A673-60D1-7971-6FDB-7395DA44636B&sortorder=asc&column=row HTTP/1.1" 404 -
217.113.194.213 - - [03/Nov/2024:05:14:10 +0100] "GET /ticket2/opencms/mk/buy?page=1&edid=C1D0812E-1703-067D-2D9C-BFDC80B28816 HTTP/1.1" 404 -
20.171.206.18 - - [03/Nov/2024:05:14:12 +0100] "GET /ticket2/opencms/is/buy/?page=1&edid=3289C097-2261-9433-8644-DF033A9EE354 HTTP/1.1" 200 131035
157.90.209.79 - - [03/Nov/2024:05:14:14 +0100] "GET /ticket2/opencms/hy/buy?page=1&edid=78DAC12B-37C2-8767-69E1-3ACF75009F29 HTTP/1.1" 404 -
193.70.81.106 - - [03/Nov/2024:05:14:14 +0100] "GET /ticket2/opencms/se/sv/buy/?page=1&edid=E673A673-60D1-7971-6FDB-7395DA44636B&sortorder=desc&column=row HTTP/1.1" 404 -
157.90.209.79 - - [03/Nov/2024:05:14:17 +0100] "GET /ticket2/opencms/hy/buy?page=1&edid=791FDD0E-A228-3CC2-8AB8-5B3518CB8D31 HTTP/1.1" 404 -
217.113.194.214 - - [03/Nov/2024:05:14:18 +0100] "GET /ticket2/opencms/mk/buy?page=1&edid=B2E36727-9F03-222A-28A8-36B5A000F375 HTTP/1.1" 404 -
157.90.209.79 - - [03/Nov/2024:05:14:18 +0100] "GET /ticket2/opencms/hy/buy?page=1&edid=7B357C96-D15A-7330-3CD7-9115EBD86CB2 HTTP/1.1" 404 -
193.70.81.106 - - [03/Nov/2024:05:14:19 +0100] "GET /ticket2/opencms/se/sv/buy/?page=1&edid=E67DD6CD-AF7F-D6DE-87EF-529B2AEFCE16&sortorder=asc&column=price HTTP/1.1" 404 -
157.90.209.79 - - [03/Nov/2024:05:14:22 +0100] "GET /ticket2/opencms/hy/buy?page=1&edid=7C16C78F-F9EE-B2A9-0C9E-990B916B48DD HTTP/1.1" 404 -
193.70.81.106 - - [03/Nov/2024:05:14:24 +0100] "GET /ticket2/opencms/se/sv/buy/?page=1&edid=E67DD6CD-AF7F-D6DE-87EF-529B2AEFCE16&sortorder=asc&column=row HTTP/1.1" 404 -
217.113.194.217 - - [03/Nov/2024:05:14:26 +0100] "GET /ticket2/opencms/mk/buy?page=1&edid=C3393D61-15D3-8460-CF9F-B720FE041934 HTTP/1.1" 404 -
193.70.81.106 - - [03/Nov/2024:05:14:29 +0100] "GET /ticket2/opencms/se/sv/buy/?page=1&edid=E67DD6CD-AF7F-D6DE-87EF-529B2AEFCE16&sortorder=asc&column=section HTTP/1.1" 404 -
157.90.209.79 - - [03/Nov/2024:05:14:29 +0100] "GET /ticket2/opencms/hy/buy?page=1&edid=7D0034DE-60A0-B971-BE37-13F34A8B84FE HTTP/1.1" 404 -
193.70.81.106 - - [03/Nov/2024:05:14:34 +0100] "GET /ticket2/opencms/se/sv/buy/?page=1&edid=E6CF1D30-0301-D425-B0E3-8848D65FDD3E&sortorder=asc&column=section HTTP/1.1" 404 -
40.77.167.44 - - [03/Nov/2024:05:14:34 +0100] "GET /ticket2/opencms/en/buy/?page=1&edid=5D2C7F0A-6D8C-4B20-24D2-21DDAC599D86 HTTP/1.1" 200 96926
217.113.194.218 - - [03/Nov/2024:05:14:34 +0100] "GET /ticket2/opencms/mk/buy?page=1&edid=C580BF0C-0450-5572-ED27-577DCC9CA75F HTTP/1.1" 404 -
157.90.209.79 - - [03/Nov/2024:05:14:35 +0100] "GET /ticket2/opencms/hy/buy?page=1&edid=7D35F583-5000-190C-B2DC-8632905AF321 HTTP/1.1" 404 -
20.171.206.18 - - [03/Nov/2024:05:14:35 +0100] "GET /ticket2/opencms/is/buy/?page=1&edid=729B4624-40AD-E7A7-F9BA-94230F6FDC91 HTTP/1.1" 200 131034
54.36.148.16 - - [03/Nov/2024:05:14:38 +0100] "GET /ticket2/opencms/en/buy?page=1&edid=1BDA6D08-38AF-6470-7423-555F9C3DEC73 HTTP/1.1" 200 100732
193.70.81.106 - - [03/Nov/2024:05:14:39 +0100] "GET /ticket2/opencms/se/sv/buy/?page=1&edid=E6CF1D30-0301-D425-B0E3-8848D65FDD3E&sortorder=desc&column=section HTTP/1.1" 404 -
157.90.209.79 - - [03/Nov/2024:05:14:41 +0100] "GET /ticket2/opencms/hy/buy?page=1&edid=7DA6AFD0-1F4E-627C-789E-E465BB16D2D7 HTTP/1.1" 404 -
217.113.194.220 - - [03/Nov/2024:05:14:42 +0100] "GET /ticket2/opencms/mk/buy?page=1&edid=9905BE36-3483-E35C-D446-E28B848EF37B HTTP/1.1" 404 -
193.70.81.106 - - [03/Nov/2024:05:14:44 +0100] "GET /ticket2/opencms/se/sv/buy/?page=1&edid=E76E6367-92C3-6A24-53DD-58FA3767C460&sortorder=asc&column=price HTTP/1.1" 404 -
66.249.65.105 - - [03/Nov/2024:05:14:46 +0100] "GET /ticket2/opencms/fi/venue/?venueid=FA1F63EA-EA54-4899-F30D-0FB3D87C3647 HTTP/1.1" 200 78596
66.249.73.38 - - [03/Nov/2024:05:14:48 +0100] "GET /ticket2/opencms/fr/buy/?page=1&edid=545D0E01-FDAE-BAF6-88EE-1B0726F33A23 HTTP/1.1" 200 100559
157.90.209.79 - - [03/Nov/2024:05:14:48 +0100] "GET /ticket2/opencms/hy/buy?page=1&edid=7F2B1FEA-20FE-7448-32AC-111154CA401B HTTP/1.1" 404 -
185.191.171.17 - - [03/Nov/2024:05:14:49 +0100] "GET /ticket2/opencms/hu/buy_safety/ HTTP/1.1" 200 81009
193.70.81.106 - - [03/Nov/2024:05:14:49 +0100] "GET /ticket2/opencms/se/sv/buy/?page=1&edid=E76E6367-92C3-6A24-53DD-58FA3767C460&sortorder=asc&column=row HTTP/1.1" 404 -
217.113.194.215 - - [03/Nov/2024:05:14:51 +0100] "GET /ticket2/opencms/mk/buy?page=1&edid=FAC8E03E-C6DD-C931-8681-E968DABB0592 HTTP/1.1" 404 -
193.70.81.106 - - [03/Nov/2024:05:14:54 +0100] "GET /ticket2/opencms/se/sv/buy/?page=1&edid=E77D1482-9B03-FDD7-FAAB-25B9204A3A75&sortorder=desc&column=price HTTP/1.1" 404 -
20.171.206.18 - - [03/Nov/2024:05:14:55 +0100] "GET /ticket2/opencms/is/buy/?page=1&edid=26467E66-E432-3709-0425-A75E81B5021A HTTP/1.1" 200 131040
157.90.209.79 - - [03/Nov/2024:05:14:55 +0100] "GET /ticket2/opencms/hy/buy?page=1&edid=8085E80D-BC8F-CDCF-7CC8-2F497FE082D3 HTTP/1.1" 404 -
47.128.25.125 - - [03/Nov/2024:05:14:58 +0100] "GET /ticket2/opencms/sr/buy?page=11&venueid=A0215E07-B078-8AA5-6DA4-5B2EADC61CED HTTP/1.1" 200 82368
217.113.194.214 - - [03/Nov/2024:05:14:59 +0100] "GET /ticket2/opencms/mk/buy?page=1&edid=F5486E82-8FFC-51F8-1713-68EFD4775D84 HTTP/1.1" 404 -
193.70.81.106 - - [03/Nov/2024:05:14:59 +0100] "GET /ticket2/opencms/se/sv/buy/?page=1&edid=E77D1482-9B03-FDD7-FAAB-25B9204A3A75&sortorder=desc&column=section HTTP/1.1" 404 -
157.90.209.79 - - [03/Nov/2024:05:15:01 +0100] "GET /ticket2/opencms/hy/buy?page=1&edid=830F2AEC-7FB6-11C1-AD11-54BD6744D648 HTTP/1.1" 404 -
157.90.209.79 - - [03/Nov/2024:05:15:03 +0100] "GET /ticket2/opencms/hy/buy?page=1&edid=84A5FE5E-FE66-D83A-8A7D-B9483A93F0F3 HTTP/1.1" 404 -
193.70.81.106 - - [03/Nov/2024:05:15:04 +0100] "GET /ticket2/opencms/se/sv/buy/?page=1&edid=E7C58B46-F248-A624-B7EB-F07435EA5EF7&sortorder=asc&column=price HTTP/1.1" 404 -
217.113.194.219 - - [03/Nov/2024:05:15:07 +0100] "GET /ticket2/opencms/mk/buy?page=1&edid=CFE360AF-C3A3-E65E-3123-D315A12D77A9 HTTP/1.1" 404 -
157.90.209.79 - - [03/Nov/2024:05:15:09 +0100] "GET /ticket2/opencms/hy/buy?page=1&edid=85FEE197-56BE-9C34-A3B3-D08AF509D2AB HTTP/1.1" 404 -
193.70.81.106 - - [03/Nov/2024:05:15:09 +0100] "GET /ticket2/opencms/se/sv/buy/?page=1&edid=E7C58B46-F248-A624-B7EB-F07435EA5EF7&sortorder=asc&column=row HTTP/1.1" 404 -
185.191.171.17 - - [03/Nov/2024:05:15:10 +0100] "GET /ticket2/opencms/sites/ticketbrokerage/nl/sport/voetbal-tickets/serie_a/bari/ HTTP/1.1" 404 -
157.90.209.79 - - [03/Nov/2024:05:15:14 +0100] "GET /ticket2/opencms/hy/buy?page=1&edid=86A7D428-8E42-C0D0-846E-90C83426D4AE HTTP/1.1" 404 -
193.70.81.106 - - [03/Nov/2024:05:15:14 +0100] "GET /ticket2/opencms/se/sv/buy/?page=1&edid=E7C58B46-F248-A624-B7EB-F07435EA5EF7&sortorder=asc&column=section HTTP/1.1" 404 -
157.90.209.79 - - [03/Nov/2024:05:15:15 +0100] "GET /ticket2/opencms/hy/buy?page=1&edid=8A15C340-B6C2-2F43-473C-6069B2AC1544 HTTP/1.1" 404 -
217.113.194.214 - - [03/Nov/2024:05:15:15 +0100] "GET /ticket2/opencms/mk/buy?page=1&edid=63B3C27F-3402-BA64-D032-5846FD6DB5B5 HTTP/1.1" 404 -
20.171.206.82 - - [03/Nov/2024:05:15:17 +0100] "GET /ticket2/opencms/is/buy/?page=1&edid=077A4D05-90D5-AF2A-B689-A4F52E73EBA2 HTTP/1.1" 200 130902
157.90.209.79 - - [03/Nov/2024:05:15:18 +0100] "GET /ticket2/opencms/hy/buy?page=1&edid=8D916C6C-0A69-41F7-4678-427710F013C6 HTTP/1.1" 404 -
193.70.81.106 - - [03/Nov/2024:05:15:19 +0100] "GET /ticket2/opencms/se/sv/buy/?page=1&edid=F7B8BE92-D516-BEF0-162F-E147FE8DEFE4&sortorder=asc&column=row HTTP/1.1" 404 -
