194.247.173.99 - - [03/Nov/2024:04:05:43 +0100] "GET /ticket2/opencms/dk/ru/buy/?page=1&edid=54438A24-FAAD-D7D8-7791-4ECF99430675&sortorder=asc&column=section HTTP/1.1" 404 -
157.90.209.79 - - [03/Nov/2024:04:05:43 +0100] "GET /ticket2/opencms/ga/sport/ticeid-peile/la-liga/barcelona/ HTTP/1.1" 200 97388
217.113.194.212 - - [03/Nov/2024:04:05:44 +0100] "GET /ticket2/opencms/sites/ticketbrokerage/sv/tickets/liverpool/aston_villa.html HTTP/1.1" 404 -
20.171.206.72 - - [03/Nov/2024:04:05:45 +0100] "GET /ticket2/opencms/fr/ HTTP/1.1" 200 96985
81.167.26.57 - - [03/Nov/2024:04:05:45 +0100] "GET /ticket2/opencms/se/sv/buy/?page=1&edid=8FFDF37D-6325-558E-3071-16365AF4C448&sortorder=asc&column=price HTTP/1.1" 404 -
47.128.54.201 - - [03/Nov/2024:04:05:46 +0100] "GET /ticket2/opencms/lv/buy/?edid=BBF51855-649C-7AAC-A9CD-362F8BD9BD25 HTTP/1.1" 200 81476
194.247.173.99 - - [03/Nov/2024:04:05:46 +0100] "GET /ticket2/opencms/dk/nl/buy/?page=1&edid=A8B6F5B8-721B-A21E-AB6C-76915BC32CAD&sortorder=asc&column=section HTTP/1.1" 404 -
157.90.209.79 - - [03/Nov/2024:04:05:47 +0100] "GET /ticket2/opencms/ga/sport/ticeid-peile/la-liga/celta_vigo HTTP/1.1" 200 95968
194.247.173.99 - - [03/Nov/2024:04:05:49 +0100] "GET /ticket2/opencms/dk/ru/buy/?page=1&edid=5479A2BE-D2B1-73D0-27F5-2C328C470E50 HTTP/1.1" 404 -
194.247.173.99 - - [03/Nov/2024:04:05:51 +0100] "GET /ticket2/opencms/dk/nl/buy/?page=1&edid=A90447D4-1BF5-9CDF-A67A-35873286A39C&sortorder=asc&column=section HTTP/1.1" 404 -
157.90.209.79 - - [03/Nov/2024:04:05:52 +0100] "GET /ticket2/opencms/ga/sport/ticeid-peile/la-liga/deportivo_alaves HTTP/1.1" 200 96908
81.167.26.57 - - [03/Nov/2024:04:05:52 +0100] "GET /ticket2/opencms/se/sv/buy/?page=1&edid=8FFDF37D-6325-558E-3071-16365AF4C448&sortorder=asc&column=row HTTP/1.1" 404 -
194.247.173.99 - - [03/Nov/2024:04:05:55 +0100] "GET /ticket2/opencms/dk/ru/buy/?page=1&edid=5479A2BE-D2B1-73D0-27F5-2C328C470E50&sortorder=desc&column=row HTTP/1.1" 404 -
194.247.173.99 - - [03/Nov/2024:04:05:57 +0100] "GET /ticket2/opencms/dk/nl/buy/?page=1&edid=A936426D-A274-DEB6-C7D0-B6B0CE244BB6&sortorder=asc&column=price HTTP/1.1" 404 -
81.167.26.57 - - [03/Nov/2024:04:05:57 +0100] "GET /ticket2/opencms/se/sv/buy/?page=1&edid=8FFDF37D-6325-558E-3071-16365AF4C448&sortorder=asc&column=section HTTP/1.1" 404 -
157.90.209.79 - - [03/Nov/2024:04:05:59 +0100] "GET /ticket2/opencms/ga/sport/ticeid-peile/la-liga/girona HTTP/1.1" 200 88563
217.113.194.221 - - [03/Nov/2024:04:06:01 +0100] "GET /ticket2/opencms/sites/ticketbrokerage/sv/tickets/blackpool/aston_villa.html HTTP/1.1" 404 -
194.247.173.99 - - [03/Nov/2024:04:06:01 +0100] "GET /ticket2/opencms/dk/ru/buy/?page=1&edid=5479A2BE-D2B1-73D0-27F5-2C328C470E50&sortorder=desc&column=section HTTP/1.1" 404 -
194.247.173.99 - - [03/Nov/2024:04:06:02 +0100] "GET /ticket2/opencms/dk/nl/buy/?page=1&edid=A936426D-A274-DEB6-C7D0-B6B0CE244BB6&sortorder=asc&column=row HTTP/1.1" 404 -
157.90.209.79 - - [03/Nov/2024:04:06:03 +0100] "GET /ticket2/opencms/ga/sport/ticeid-peile/la-liga/las_palmas HTTP/1.1" 200 96765
194.247.173.99 - - [03/Nov/2024:04:06:07 +0100] "GET /ticket2/opencms/dk/ru/buy/?page=1&edid=54BF7B38-1191-4855-07DB-8DE87C08BACB&sortorder=asc&column=row HTTP/1.1" 404 -
194.247.173.99 - - [03/Nov/2024:04:06:08 +0100] "GET /ticket2/opencms/dk/nl/buy/?page=1&edid=A9986142-D8AC-2A6B-A4FC-5134AB8F57B1&sortorder=desc&column=section HTTP/1.1" 404 -
47.128.27.26 - - [03/Nov/2024:04:06:08 +0100] "GET /ticket2/opencms/sr/buy/?edid=E2770D18-E952-4B89-3A99-F864CC9397CA HTTP/1.1" 200 81862
217.113.194.220 - - [03/Nov/2024:04:06:09 +0100] "GET /ticket2/opencms/sites/ticketbrokerage/sv/tickets/wolverhampton/everton.html HTTP/1.1" 404 -
20.171.206.81 - - [03/Nov/2024:04:06:09 +0100] "GET /ticket2/opencms/system/modules/com.gridnine.opencms.ticketbrokerage.site/resources/js/jquery.placeholder.min.js HTTP/1.1" 200 1737
157.90.209.79 - - [03/Nov/2024:04:06:09 +0100] "GET /ticket2/opencms/ga/sport/ticeid-peile/la-liga/leganes HTTP/1.1" 200 97305
194.247.173.99 - - [03/Nov/2024:04:06:12 +0100] "GET /ticket2/opencms/dk/ru/buy/?page=1&edid=5588B8CD-BB26-BC2D-8DA2-0851F243FD51&sortorder=desc&column=price HTTP/1.1" 404 -
20.171.206.81 - - [03/Nov/2024:04:06:13 +0100] "GET /ticket2/opencms/system/modules/com.gridnine.opencms.ticketbrokerage.site/resources/css/jquery-ui.css HTTP/1.1" 200 33221
37.123.143.11 - - [03/Nov/2024:04:06:13 +0100] "GET /ticket2/opencms/system/workplace/views/top_foot.jsp?wpFrame=foot HTTP/1.1" 200 1210
37.123.143.11 - - [03/Nov/2024:04:06:13 +0100] "GET /ticket2/opencms/system/workplace/commons/style/workplace.css HTTP/1.1" 200 14209
157.90.209.79 - - [03/Nov/2024:04:06:13 +0100] "GET /ticket2/opencms/ga/sport/ticeid-peile/la-liga/rayo_vallecano HTTP/1.1" 200 97835
194.247.173.99 - - [03/Nov/2024:04:06:13 +0100] "GET /ticket2/opencms/dk/nl/buy/?page=1&edid=A9F462FF-41AE-6F95-4744-DA8066BF52EE&sortorder=asc&column=row HTTP/1.1" 404 -
81.167.26.57 - - [03/Nov/2024:04:06:15 +0100] "GET /ticket2/opencms/se/sv/buy/?page=1&edid=91246C97-CA83-470A-EC88-8754CCCCF460 HTTP/1.1" 404 -
217.113.194.218 - - [03/Nov/2024:04:06:18 +0100] "GET /ticket2/opencms/sk/sport/futbalove-listky/bundesliga/eintracht_frankfurt HTTP/1.1" 200 97429
194.247.173.99 - - [03/Nov/2024:04:06:18 +0100] "GET /ticket2/opencms/dk/ru/buy/?page=1&edid=5588B8CD-BB26-BC2D-8DA2-0851F243FD51&sortorder=desc&column=row HTTP/1.1" 404 -
157.90.209.79 - - [03/Nov/2024:04:06:18 +0100] "GET /ticket2/opencms/ga/sport/ticeid-peile/la-liga/real-madrid/ HTTP/1.1" 200 97008
114.119.159.129 - - [03/Nov/2024:04:06:18 +0100] "GET /ticket2/opencms/en/buy/?page=6&comcatid=A17713B6-D984-201A-4143-ED4DB5ED5C2E&catid=06324577-7173-BAB0-146D-E644C912F7C1&eventid=F6DC4228-B835-F630-41D5-18E342EE0FB9 HTTP/1.1" 200 97316
85.208.96.204 - - [03/Nov/2024:04:06:19 +0100] "GET /ticket2/opencms/fi/buy/?page=10 HTTP/1.1" 302 -
194.247.173.99 - - [03/Nov/2024:04:06:19 +0100] "GET /ticket2/opencms/dk/nl/buy/?page=1&edid=AA12CDE5-3092-9A32-2B0B-96B83608047C&sortorder=desc&column=price HTTP/1.1" 404 -
20.171.206.81 - - [03/Nov/2024:04:06:20 +0100] "GET /ticket2/opencms/system/modules/com.gridnine.opencms.ticketbrokerage.site/resources/js/common-ajax.js HTTP/1.1" 200 20175
185.191.171.7 - - [03/Nov/2024:04:06:22 +0100] "GET /ticket2/opencms/fi/buy/ HTTP/1.1" 200 79526
185.191.171.18 - - [03/Nov/2024:04:06:23 +0100] "GET /ticket2/opencms/nl/sport/voetbal-tickets/la_liga/girona/ HTTP/1.1" 200 78461
194.247.173.99 - - [03/Nov/2024:04:06:24 +0100] "GET /ticket2/opencms/dk/ru/buy/?page=1&edid=55937450-3F28-1801-A771-9DC76286638A&sortorder=asc&column=price HTTP/1.1" 404 -
157.90.209.79 - - [03/Nov/2024:04:06:24 +0100] "GET /ticket2/opencms/ga/sport/ticeid-peile/la-liga/real_betis HTTP/1.1" 200 97347
20.171.206.81 - - [03/Nov/2024:04:06:24 +0100] "GET /ticket2/opencms/hu/ HTTP/1.1" 200 97063
194.247.173.99 - - [03/Nov/2024:04:06:24 +0100] "GET /ticket2/opencms/dk/nl/buy/?page=1&edid=AADB97AA-753F-6683-4365-36CAB9336CCD&sortorder=desc&column=price HTTP/1.1" 404 -
81.167.26.57 - - [03/Nov/2024:04:06:25 +0100] "GET /ticket2/opencms/se/sv/buy/?page=1&edid=9334D162-A4DD-2F09-EA14-2FF8FE8F4CA2 HTTP/1.1" 404 -
217.113.194.219 - - [03/Nov/2024:04:06:27 +0100] "GET /ticket2/opencms/et/sport/jalgpallipiletid/premier-league/manchester-united HTTP/1.1" 200 97982
185.191.171.7 - - [03/Nov/2024:04:06:29 +0100] "GET /ticket2/opencms/fr/magazine/article?title=concepts-courants-dans-le-football HTTP/1.1" 200 88539
185.191.171.18 - - [03/Nov/2024:04:06:29 +0100] "GET /ticket2/opencms/lt/faq/ HTTP/1.1" 200 82028
157.90.209.79 - - [03/Nov/2024:04:06:29 +0100] "GET /ticket2/opencms/ga/sport/ticeid-peile/ligue-1 HTTP/1.1" 500 -
85.208.96.201 - - [03/Nov/2024:04:06:29 +0100] "GET /ticket2/opencms/de/magazine/article?title=schwedische-fussballspieler-in-der-premier-league HTTP/1.1" 200 86500
194.247.173.99 - - [03/Nov/2024:04:06:30 +0100] "GET /ticket2/opencms/dk/ru/buy/?page=1&edid=5D316A17-67AE-AB26-3845-7466FBF7E082&sortorder=asc&column=row HTTP/1.1" 404 -
194.247.173.99 - - [03/Nov/2024:04:06:30 +0100] "GET /ticket2/opencms/dk/nl/buy/?page=1&edid=AADB97AA-753F-6683-4365-36CAB9336CCD&sortorder=desc&column=row HTTP/1.1" 404 -
157.90.209.79 - - [03/Nov/2024:04:06:33 +0100] "GET /ticket2/opencms/ga/sport/ticeid-peile/ligue-1/ HTTP/1.1" 500 -
194.247.173.99 - - [03/Nov/2024:04:06:35 +0100] "GET /ticket2/opencms/dk/nl/buy/?page=1&edid=AAF81B4A-182C-A2CA-B6C2-D65EF5C78DAB&sortorder=asc&column=price HTTP/1.1" 404 -
194.247.173.99 - - [03/Nov/2024:04:06:35 +0100] "GET /ticket2/opencms/dk/ru/buy/?page=1&edid=5D49B05B-F2B1-3FBA-8865-04BD3A1B16DD&sortorder=desc&column=row HTTP/1.1" 404 -
217.113.194.218 - - [03/Nov/2024:04:06:35 +0100] "GET /ticket2/opencms/sl/sport/nogometne-vstopnice/premier-league/manchester-united HTTP/1.1" 200 97308
157.90.209.79 - - [03/Nov/2024:04:06:38 +0100] "GET /ticket2/opencms/ga/sport/ticeid-peile/ligue-1/paris-saint-germain/ HTTP/1.1" 200 90208
81.167.26.57 - - [03/Nov/2024:04:06:39 +0100] "GET /ticket2/opencms/se/sv/buy/?page=1&edid=A9166140-FA58-145B-C965-B5558AECD78F&sortorder=asc&column=row HTTP/1.1" 404 -
194.247.173.99 - - [03/Nov/2024:04:06:41 +0100] "GET /ticket2/opencms/dk/nl/buy/?page=1&edid=AB82714E-6963-E775-D4D6-9BFD51ADB158&sortorder=asc&column=price HTTP/1.1" 404 -
194.247.173.99 - - [03/Nov/2024:04:06:41 +0100] "GET /ticket2/opencms/dk/ru/buy/?page=1&edid=6C4D36C5-EFA1-F636-4F3C-C14C85BECB14&sortorder=asc&column=section HTTP/1.1" 404 -
157.90.209.79 - - [03/Nov/2024:04:06:43 +0100] "GET /ticket2/opencms/ga/sport/ticeid-peile/premier-league/ HTTP/1.1" 200 91092
217.113.194.215 - - [03/Nov/2024:04:06:44 +0100] "GET /ticket2/opencms/sv/sport/fotbollsbiljetter/premier_league/newcastle_united HTTP/1.1" 404 -
81.167.26.57 - - [03/Nov/2024:04:06:44 +0100] "GET /ticket2/opencms/se/sv/buy/?page=1&edid=A9166140-FA58-145B-C965-B5558AECD78F&sortorder=asc&column=section HTTP/1.1" 404 -
194.247.173.99 - - [03/Nov/2024:04:06:46 +0100] "GET /ticket2/opencms/dk/nl/buy/?page=1&edid=AF10138E-A60F-F322-730E-45CBD84A9C2C&sortorder=asc&column=price HTTP/1.1" 404 -
157.90.209.79 - - [03/Nov/2024:04:06:49 +0100] "GET /ticket2/opencms/ga/sport/ticeid-peile/premier-league/arsenal/ HTTP/1.1" 200 97826
20.171.206.81 - - [03/Nov/2024:04:06:50 +0100] "GET /ticket2/opencms/system/modules/com.gridnine.opencms.ticketbrokerage.site/resources/js/jquery/jquery.js HTTP/1.1" 200 93868
81.167.26.57 - - [03/Nov/2024:04:06:50 +0100] "GET /ticket2/opencms/se/sv/buy/?page=1&edid=AA77BD4E-C2F1-33E9-4851-2BA88F77A335 HTTP/1.1" 404 -
114.119.154.13 - - [03/Nov/2024:04:06:51 +0100] "GET /ticket2/opencms/en/buy/?page=1&edid=FE1AC5B2-265B-BE7B-B671-09C67B8FEF68 HTTP/1.1" 200 99962
194.247.173.99 - - [03/Nov/2024:04:06:51 +0100] "GET /ticket2/opencms/dk/nl/buy/?page=1&edid=AF10138E-A60F-F322-730E-45CBD84A9C2C&sortorder=asc&column=row HTTP/1.1" 404 -
194.247.173.99 - - [03/Nov/2024:04:06:52 +0100] "GET /ticket2/opencms/dk/ru/buy/?page=1&edid=7500278A-975C-78FE-B873-3CC47ECEB6E7&sortorder=asc&column=section HTTP/1.1" 404 -
217.113.194.217 - - [03/Nov/2024:04:06:52 +0100] "GET /ticket2/opencms/sites/ticketbrokerage/sv/tickets/sevilla/atletico_madrid.html HTTP/1.1" 404 -
20.171.206.81 - - [03/Nov/2024:04:06:54 +0100] "GET /ticket2/opencms/sl/ HTTP/1.1" 200 97062
194.247.173.99 - - [03/Nov/2024:04:06:57 +0100] "GET /ticket2/opencms/dk/nl/buy/?page=1&edid=AF1AEE1B-4EFB-D5BB-549A-A360FE966DC5 HTTP/1.1" 404 -
194.247.173.99 - - [03/Nov/2024:04:06:57 +0100] "GET /ticket2/opencms/dk/ru/buy/?page=1&edid=75CF9ED1-0B78-7C40-BDF2-176433D48B4D&sortorder=asc&column=row HTTP/1.1" 404 -
81.167.26.57 - - [03/Nov/2024:04:06:58 +0100] "GET /ticket2/opencms/se/sv/buy/?page=1&edid=AC0F73E1-0232-61EB-B03D-E2D48293DDC3&sortorder=asc&column=section HTTP/1.1" 404 -
217.113.194.219 - - [03/Nov/2024:04:07:00 +0100] "GET /ticket2/opencms/sites/ticketbrokerage/sv/tickets/manchester_city/blackpool.html HTTP/1.1" 404 -
194.247.173.99 - - [03/Nov/2024:04:07:02 +0100] "GET /ticket2/opencms/dk/nl/buy/?page=1&edid=B01EB766-CA7D-1A19-0DC1-D3305DF28EF7&sortorder=asc&column=price HTTP/1.1" 404 -
157.90.209.79 - - [03/Nov/2024:04:07:03 +0100] "GET /ticket2/opencms/ga/sport/ticeid-peile/premier-league/chelsea/ HTTP/1.1" 200 97862
194.247.173.99 - - [03/Nov/2024:04:07:03 +0100] "GET /ticket2/opencms/dk/ru/buy/?page=1&edid=7F98ECA4-AB71-B3CC-DE39-36158EF885CC HTTP/1.1" 404 -
81.167.26.57 - - [03/Nov/2024:04:07:03 +0100] "GET /ticket2/opencms/se/sv/buy/?page=1&edid=B03E07E3-7AEB-A13D-3217-AD4A7760899B&sortorder=desc&column=price HTTP/1.1" 404 -
157.90.209.79 - - [03/Nov/2024:04:07:07 +0100] "GET /ticket2/opencms/ga/sport/ticeid-peile/premier-league/ipswich HTTP/1.1" 404 -
194.247.173.99 - - [03/Nov/2024:04:07:08 +0100] "GET /ticket2/opencms/dk/nl/buy/?page=1&edid=B01EB766-CA7D-1A19-0DC1-D3305DF28EF7&sortorder=asc&column=section HTTP/1.1" 404 -
194.247.173.99 - - [03/Nov/2024:04:07:08 +0100] "GET /ticket2/opencms/dk/ru/buy/?page=1&edid=81DE99B8-B539-4A70-A5E8-8FEF57F1405C&sortorder=asc&column=price HTTP/1.1" 404 -
47.128.63.130 - - [03/Nov/2024:04:07:09 +0100] "GET /ticket2/opencms/sl/?catid=4B941E1B-E4E2-C53E-C693-9FA91BBA9AD5&comcatid=A17713B6-D984-201A-4143-ED4DB5ED5C2E HTTP/1.1" 200 97062
81.167.26.57 - - [03/Nov/2024:04:07:09 +0100] "GET /ticket2/opencms/se/sv/buy/?page=1&edid=B03E07E3-7AEB-A13D-3217-AD4A7760899B&sortorder=desc&column=row HTTP/1.1" 404 -
217.113.194.215 - - [03/Nov/2024:04:07:09 +0100] "GET /ticket2/opencms/el/athlitismos/eisitiria-podosfairou/la-liga/valencia HTTP/1.1" 200 96730
194.247.173.99 - - [03/Nov/2024:04:07:13 +0100] "GET /ticket2/opencms/dk/nl/buy/?page=1&edid=D28D3824-9820-76C4-21D7-4144BF3DCE08&sortorder=desc&column=row HTTP/1.1" 404 -
194.247.173.99 - - [03/Nov/2024:04:07:14 +0100] "GET /ticket2/opencms/dk/ru/buy/?page=1&edid=83B7F88A-EA39-5C0D-D54C-4ED18D035B7A&sortorder=desc&column=row HTTP/1.1" 404 -
157.90.209.79 - - [03/Nov/2024:04:07:15 +0100] "GET /ticket2/opencms/ga/sport/ticeid-peile/premier-league/liverpool/ HTTP/1.1" 200 97923
81.167.26.57 - - [03/Nov/2024:04:07:16 +0100] "GET /ticket2/opencms/se/sv/buy/?page=1&edid=B16B2748-287D-0D91-6866-4DCD09F2BFB1&sortorder=desc&column=price HTTP/1.1" 404 -
217.113.194.213 - - [03/Nov/2024:04:07:18 +0100] "GET /ticket2/opencms/el/athlitismos/eisitiria-podosfairou/la-liga/sevilla HTTP/1.1" 200 96685
194.247.173.99 - - [03/Nov/2024:04:07:18 +0100] "GET /ticket2/opencms/dk/nl/buy/?page=1&edid=D2F9046D-F61D-A0A1-F5E5-D5A3394BD6FD&sortorder=desc&column=row HTTP/1.1" 404 -
194.247.173.99 - - [03/Nov/2024:04:07:20 +0100] "GET /ticket2/opencms/dk/ru/buy/?page=1&edid=83B7F88A-EA39-5C0D-D54C-4ED18D035B7A&sortorder=desc&column=section HTTP/1.1" 404 -
157.90.209.79 - - [03/Nov/2024:04:07:21 +0100] "GET /ticket2/opencms/ga/sport/ticeid-peile/premier-league/manchester-united/ HTTP/1.1" 200 98801
20.171.206.61 - - [03/Nov/2024:04:07:21 +0100] "GET /ticket2/opencms/sk/ HTTP/1.1" 200 97104
194.247.173.99 - - [03/Nov/2024:04:07:24 +0100] "GET /ticket2/opencms/dk/nl/buy/?page=1&edid=D482A30D-49FE-CE6C-C3B6-FEA26F20C8BD&sortorder=asc&column=row HTTP/1.1" 404 -
81.167.26.57 - - [03/Nov/2024:04:07:24 +0100] "GET /ticket2/opencms/se/sv/buy/?page=1&edid=B1D3C0ED-5FAA-9B4F-A8C8-686E7CCB159F&sortorder=desc&column=row HTTP/1.1" 404 -
194.247.173.99 - - [03/Nov/2024:04:07:25 +0100] "GET /ticket2/opencms/dk/ru/buy/?page=1&edid=84038E4F-7827-3966-E05C-79E830ED2F20&sortorder=asc&column=price HTTP/1.1" 404 -
157.90.209.79 - - [03/Nov/2024:04:07:26 +0100] "GET /ticket2/opencms/ga/sport/ticeid-peile/premier-league/tottenham/ HTTP/1.1" 200 98062
217.113.194.219 - - [03/Nov/2024:04:07:27 +0100] "GET /ticket2/opencms/hr/sport/nogometne-ulaznice/premier-league/wolverhampton HTTP/1.1" 200 97426
194.247.173.99 - - [03/Nov/2024:04:07:29 +0100] "GET /ticket2/opencms/dk/nl/buy/?page=1&edid=D482A30D-49FE-CE6C-C3B6-FEA26F20C8BD&sortorder=asc&column=section HTTP/1.1" 404 -
81.167.26.57 - - [03/Nov/2024:04:07:29 +0100] "GET /ticket2/opencms/se/sv/buy/?page=1&edid=B1D3C0ED-5FAA-9B4F-A8C8-686E7CCB159F&sortorder=desc&column=section HTTP/1.1" 404 -
194.247.173.99 - - [03/Nov/2024:04:07:31 +0100] "GET /ticket2/opencms/dk/ru/buy/?page=1&edid=84038E4F-7827-3966-E05C-79E830ED2F20&sortorder=asc&column=section HTTP/1.1" 404 -
157.90.209.79 - - [03/Nov/2024:04:07:32 +0100] "GET /ticket2/opencms/ga/sport/ticeid-peile/premier-league/west-ham HTTP/1.1" 404 -
194.247.173.99 - - [03/Nov/2024:04:07:34 +0100] "GET /ticket2/opencms/dk/nl/buy/?page=1&edid=D53C14AE-0EBF-8581-75EE-52BDB1483CBF&sortorder=asc&column=row HTTP/1.1" 404 -
81.167.26.57 - - [03/Nov/2024:04:07:34 +0100] "GET /ticket2/opencms/se/sv/buy/?page=1&edid=B96D0370-B469-FF0E-6B5B-D897998EF0D4&sortorder=desc&column=price HTTP/1.1" 404 -
217.113.194.217 - - [03/Nov/2024:04:07:36 +0100] "GET /ticket2/opencms/sites/ticketbrokerage/sv/tickets/liverpool/west_ham_united.html HTTP/1.1" 404 -
157.90.209.79 - - [03/Nov/2024:04:07:36 +0100] "GET /ticket2/opencms/ga/sport/ticeid-peile/premier-league/west-ham-united/ HTTP/1.1" 200 97777
194.247.173.99 - - [03/Nov/2024:04:07:36 +0100] "GET /ticket2/opencms/dk/ru/buy/?page=1&edid=84EDE44A-3B49-F8A5-A212-0BBFFD005772&sortorder=asc&column=price HTTP/1.1" 404 -
157.90.209.79 - - [03/Nov/2024:04:07:39 +0100] "GET /ticket2/opencms/ga/sport/ticeid-peile/serie-a/ HTTP/1.1" 200 90813
194.247.173.99 - - [03/Nov/2024:04:07:39 +0100] "GET /ticket2/opencms/dk/nl/buy/?page=1&edid=D5B2D6C5-05F5-D4F7-03EB-C43AADCA2BD9&sortorder=asc&column=price HTTP/1.1" 404 -
81.167.26.57 - - [03/Nov/2024:04:07:40 +0100] "GET /ticket2/opencms/se/sv/buy/?page=1&edid=B96D0370-B469-FF0E-6B5B-D897998EF0D4&sortorder=desc&column=row HTTP/1.1" 404 -
194.247.173.99 - - [03/Nov/2024:04:07:42 +0100] "GET /ticket2/opencms/dk/ru/buy/?page=1&edid=85264FEA-3C8F-4680-096F-2B77C577C4FA&sortorder=desc&column=row HTTP/1.1" 404 -
20.171.206.61 - - [03/Nov/2024:04:07:42 +0100] "GET /ticket2/opencms/system/modules/com.gridnine.opencms.ticketbrokerage.site/resources/js/calendar-setup.js HTTP/1.1" 200 4923
157.90.209.79 - - [03/Nov/2024:04:07:43 +0100] "GET /ticket2/opencms/ga/sport/ticeid-peile/serie-a/atalanta HTTP/1.1" 200 97230
217.113.194.217 - - [03/Nov/2024:04:07:44 +0100] "GET /ticket2/opencms/sites/ticketbrokerage/sv/tickets/chelsea/bolton_wanderers.html HTTP/1.1" 404 -
194.247.173.99 - - [03/Nov/2024:04:07:45 +0100] "GET /ticket2/opencms/dk/nl/buy/?page=1&edid=D5B2D6C5-05F5-D4F7-03EB-C43AADCA2BD9&sortorder=asc&column=section HTTP/1.1" 404 -
81.167.26.57 - - [03/Nov/2024:04:07:45 +0100] "GET /ticket2/opencms/se/sv/buy/?page=1&edid=B96D0370-B469-FF0E-6B5B-D897998EF0D4&sortorder=desc&column=section HTTP/1.1" 404 -
20.171.206.61 - - [03/Nov/2024:04:07:47 +0100] "GET /ticket2/opencms/system/modules/com.gridnine.opencms.ticketbrokerage.site/resources/css/ticketbrokerage.css HTTP/1.1" 200 39339
157.90.209.79 - - [03/Nov/2024:04:07:47 +0100] "GET /ticket2/opencms/ga/sport/ticeid-peile/serie-a/bologna HTTP/1.1" 200 88731
194.247.173.99 - - [03/Nov/2024:04:07:47 +0100] "GET /ticket2/opencms/dk/ru/buy/?page=1&edid=8583C3B4-68A3-FF6C-44E3-F622BF6F6133&sortorder=desc&column=price HTTP/1.1" 404 -
194.247.173.99 - - [03/Nov/2024:04:07:50 +0100] "GET /ticket2/opencms/dk/nl/buy/?page=1&edid=D5B2D6C5-05F5-D4F7-03EB-C43AADCA2BD9&sortorder=desc&column=price HTTP/1.1" 404 -
185.191.171.5 - - [03/Nov/2024:04:07:50 +0100] "GET /ticket2/opencms/dk/sport/fodboldbilletter/serie-a/monza/ HTTP/1.1" 200 78867
81.167.26.57 - - [03/Nov/2024:04:07:52 +0100] "GET /ticket2/opencms/se/sv/buy/?page=1&edid=BA8D3DA7-D826-AB2B-1B8E-EFBE92B5BF6A&sortorder=desc&column=row HTTP/1.1" 404 -
217.113.194.215 - - [03/Nov/2024:04:07:52 +0100] "GET /ticket2/opencms/sites/ticketbrokerage/sv/tickets/wigan/bolton_wanderers.html HTTP/1.1" 404 -
194.247.173.99 - - [03/Nov/2024:04:07:52 +0100] "GET /ticket2/opencms/dk/ru/buy/?page=1&edid=8583C3B4-68A3-FF6C-44E3-F622BF6F6133&sortorder=desc&column=row HTTP/1.1" 404 -
20.171.206.61 - - [03/Nov/2024:04:07:55 +0100] "GET /ticket2/opencms/pl/ HTTP/1.1" 200 96754
194.247.173.99 - - [03/Nov/2024:04:07:55 +0100] "GET /ticket2/opencms/dk/nl/buy/?page=1&edid=D720E039-4A9E-CF3F-A8B6-CE592EC53EAE&sortorder=asc&column=price HTTP/1.1" 404 -
194.247.173.99 - - [03/Nov/2024:04:07:57 +0100] "GET /ticket2/opencms/dk/ru/buy/?page=1&edid=86EFAE8C-0E54-F400-EACD-028D57C0D330&sortorder=asc&column=row HTTP/1.1" 404 -
83.241.153.98 - - [03/Nov/2024:04:07:59 +0100] "GET /ticket2/opencms/sv/sport/fotbollsbiljetter/?gad_source=1&gclid=EAIaIQobChMI67njoJq_iQMV9WWRBR2IDyMZEAAYAiAAEgIqhvD_BwE HTTP/1.1" 200 87663
83.241.153.98 - - [03/Nov/2024:04:07:59 +0100] "GET /ticket2/opencms/system/modules/com.gridnine.opencms.ticketbrokerage.site/resources/css/ticketbrokerage.css HTTP/1.1" 200 39339
83.241.153.98 - - [03/Nov/2024:04:07:59 +0100] "GET /ticket2/opencms/system/modules/com.gridnine.opencms.ticketbrokerage.site/resources/css/jquery-ui.css HTTP/1.1" 304 -
83.241.153.98 - - [03/Nov/2024:04:07:59 +0100] "GET /ticket2/opencms/system/modules/com.gridnine.opencms.ticketbrokerage.site/resources/css/calendar.css HTTP/1.1" 200 6871
83.241.153.98 - - [03/Nov/2024:04:07:59 +0100] "GET /ticket2/opencms/system/modules/com.gridnine.opencms.ticketbrokerage.site/resources/js/jquery/jquery.js HTTP/1.1" 304 -
83.241.153.98 - - [03/Nov/2024:04:07:59 +0100] "GET /ticket2/opencms/system/modules/com.gridnine.opencms.ticketbrokerage.site/resources/css/jquery.fancybox.css HTTP/1.1" 304 -
83.241.153.98 - - [03/Nov/2024:04:07:59 +0100] "GET /ticket2/opencms/system/modules/com.gridnine.opencms.ticketbrokerage.site/resources/css/standard.css HTTP/1.1" 200 73073
83.241.153.98 - - [03/Nov/2024:04:07:59 +0100] "GET /ticket2/opencms/system/modules/com.gridnine.opencms.ticketbrokerage.site/resources/js/jquery/jquery-ui.js HTTP/1.1" 304 -
83.241.153.98 - - [03/Nov/2024:04:07:59 +0100] "GET /ticket2/opencms/system/modules/com.gridnine.opencms.ticketbrokerage.site/resources/js/functions.js HTTP/1.1" 200 1583
83.241.153.98 - - [03/Nov/2024:04:07:59 +0100] "GET /ticket2/opencms/system/modules/com.gridnine.opencms.ticketbrokerage.site/resources/js/calendar-setup.js HTTP/1.1" 200 4923
83.241.153.98 - - [03/Nov/2024:04:07:59 +0100] "GET /ticket2/opencms/system/modules/com.gridnine.opencms.ticketbrokerage.site/resources/js/calendar.js HTTP/1.1" 200 49229
83.241.153.98 - - [03/Nov/2024:04:07:59 +0100] "GET /ticket2/opencms/system/modules/com.gridnine.opencms.ticketbrokerage.site/resources/js/calendar-en.js HTTP/1.1" 200 3338
83.241.153.98 - - [03/Nov/2024:04:07:59 +0100] "GET /ticket2/opencms/system/modules/com.gridnine.opencms.ticketbrokerage.site/resources/js/jquery.fancybox.pack.js HTTP/1.1" 304 -
83.241.153.98 - - [03/Nov/2024:04:07:59 +0100] "GET /ticket2/opencms/system/modules/com.gridnine.opencms.ticketbrokerage.site/resources/js/stickyfill.min.js HTTP/1.1" 304 -
83.241.153.98 - - [03/Nov/2024:04:08:00 +0100] "GET /ticket2/opencms/img/icons/en.png HTTP/1.1" 304 -
83.241.153.98 - - [03/Nov/2024:04:08:00 +0100] "GET /ticket2/opencms/img/icons/se.png HTTP/1.1" 304 -
83.241.153.98 - - [03/Nov/2024:04:08:00 +0100] "GET /ticket2/opencms/img/icons/fi.png HTTP/1.1" 304 -
83.241.153.98 - - [03/Nov/2024:04:08:00 +0100] "GET /ticket2/opencms/img/icons/no.png HTTP/1.1" 304 -
83.241.153.98 - - [03/Nov/2024:04:08:00 +0100] "GET /ticket2/opencms/system/modules/com.gridnine.opencms.ticketbrokerage.site/resources/js/jquery.placeholder.min.js HTTP/1.1" 304 -
83.241.153.98 - - [03/Nov/2024:04:08:00 +0100] "GET /ticket2/opencms/system/modules/com.gridnine.opencms.ticketbrokerage.site/resources/js/common-ajax.js HTTP/1.1" 304 -
83.241.153.98 - - [03/Nov/2024:04:08:00 +0100] "GET /ticket2/opencms/system/modules/com.gridnine.opencms.ticketbrokerage.site/resources/js/standard.js HTTP/1.1" 200 3978
83.241.153.98 - - [03/Nov/2024:04:08:00 +0100] "GET /ticket2/opencms/img/icons/dk.png HTTP/1.1" 304 -
83.241.153.98 - - [03/Nov/2024:04:08:00 +0100] "GET /ticket2/opencms/system/modules/com.gridnine.opencms.ticketbrokerage.site/resources/pics/logo-new.png HTTP/1.1" 304 -
83.241.153.98 - - [03/Nov/2024:04:08:00 +0100] "GET /ticket2/opencms/img/insta.png HTTP/1.1" 304 -
83.241.153.98 - - [03/Nov/2024:04:08:00 +0100] "GET /ticket2/opencms/img/fb.png HTTP/1.1" 304 -
83.241.153.98 - - [03/Nov/2024:04:08:00 +0100] "GET /ticket2/opencms/system/modules/com.gridnine.opencms.ticketbrokerage.site/resources/pics/banners/sv/football_sv.png HTTP/1.1" 200 13104
83.241.153.98 - - [03/Nov/2024:04:08:00 +0100] "GET /ticket2/opencms/system/modules/com.gridnine.opencms.ticketbrokerage.site/resources/pics/footer-img.jpg HTTP/1.1" 304 -
83.241.153.98 - - [03/Nov/2024:04:08:00 +0100] "GET /ticket2/opencms/img/check.png HTTP/1.1" 304 -
83.241.153.98 - - [03/Nov/2024:04:08:00 +0100] "GET /ticket2/opencms/img/mail.png HTTP/1.1" 304 -
83.241.153.98 - - [03/Nov/2024:04:08:00 +0100] "GET /ticket2/opencms/img/chat.png HTTP/1.1" 304 -
83.241.153.98 - - [03/Nov/2024:04:08:00 +0100] "GET /ticket2/opencms/img/arrow.png HTTP/1.1" 304 -
83.241.153.98 - - [03/Nov/2024:04:08:00 +0100] "GET /ticket2/opencms/img/icons/de.png HTTP/1.1" 304 -
83.241.153.98 - - [03/Nov/2024:04:08:00 +0100] "GET /ticket2/opencms/img/icons/nl.png HTTP/1.1" 304 -
83.241.153.98 - - [03/Nov/2024:04:08:00 +0100] "GET /ticket2/opencms/img/icons/globe-white.png HTTP/1.1" 304 -
83.241.153.98 - - [03/Nov/2024:04:08:00 +0100] "GET /ticket2/opencms/img/icons/fr.png HTTP/1.1" 304 -
83.241.153.98 - - [03/Nov/2024:04:08:00 +0100] "GET /ticket2/opencms/img/icons/es.png HTTP/1.1" 304 -
83.241.153.98 - - [03/Nov/2024:04:08:00 +0100] "GET /ticket2/opencms/img/icons/it.png HTTP/1.1" 304 -
83.241.153.98 - - [03/Nov/2024:04:08:00 +0100] "GET /ticket2/opencms/img/icons/pl.png HTTP/1.1" 304 -
83.241.153.98 - - [03/Nov/2024:04:08:00 +0100] "GET /ticket2/opencms/system/modules/com.gridnine.opencms.ticketbrokerage.site/resources/css/images/ui-bg_flat_75_ffffff_40x100.png HTTP/1.1" 404 -
83.241.153.98 - - [03/Nov/2024:04:08:00 +0100] "GET /ticket2/opencms/img/icons/sq.png HTTP/1.1" 304 -
83.241.153.98 - - [03/Nov/2024:04:08:00 +0100] "GET /ticket2/opencms/img/icons/az.png HTTP/1.1" 304 -
83.241.153.98 - - [03/Nov/2024:04:08:00 +0100] "GET /ticket2/opencms/img/icons/bs.png HTTP/1.1" 304 -
83.241.153.98 - - [03/Nov/2024:04:08:00 +0100] "GET /ticket2/opencms/img/icons/be.png HTTP/1.1" 304 -
83.241.153.98 - - [03/Nov/2024:04:08:00 +0100] "GET /ticket2/opencms/img/icons/bg.png HTTP/1.1" 304 -
83.241.153.98 - - [03/Nov/2024:04:08:00 +0100] "GET /ticket2/opencms/img/icons/hr.png HTTP/1.1" 304 -
83.241.153.98 - - [03/Nov/2024:04:08:00 +0100] "GET /ticket2/opencms/img/icons/et.png HTTP/1.1" 304 -
83.241.153.98 - - [03/Nov/2024:04:08:00 +0100] "GET /ticket2/opencms/img/icons/ka.png HTTP/1.1" 304 -
83.241.153.98 - - [03/Nov/2024:04:08:00 +0100] "GET /ticket2/opencms/img/icons/el.png HTTP/1.1" 304 -
83.241.153.98 - - [03/Nov/2024:04:08:00 +0100] "GET /ticket2/opencms/img/icons/cs.png HTTP/1.1" 304 -
83.241.153.98 - - [03/Nov/2024:04:08:00 +0100] "GET /ticket2/opencms/img/icons/hu.png HTTP/1.1" 304 -
83.241.153.98 - - [03/Nov/2024:04:08:00 +0100] "GET /ticket2/opencms/img/icons/is.png HTTP/1.1" 304 -
83.241.153.98 - - [03/Nov/2024:04:08:00 +0100] "GET /ticket2/opencms/img/icons/ga.png HTTP/1.1" 304 -
83.241.153.98 - - [03/Nov/2024:04:08:00 +0100] "GET /ticket2/opencms/img/icons/lt.png HTTP/1.1" 304 -
83.241.153.98 - - [03/Nov/2024:04:08:00 +0100] "GET /ticket2/opencms/img/icons/mt.png HTTP/1.1" 304 -
83.241.153.98 - - [03/Nov/2024:04:08:00 +0100] "GET /ticket2/opencms/img/icons/lv.png HTTP/1.1" 304 -
83.241.153.98 - - [03/Nov/2024:04:08:00 +0100] "GET /ticket2/opencms/img/icons/mo.png HTTP/1.1" 304 -
83.241.153.98 - - [03/Nov/2024:04:08:00 +0100] "GET /ticket2/opencms/img/icons/ro.png HTTP/1.1" 304 -
83.241.153.98 - - [03/Nov/2024:04:08:00 +0100] "GET /ticket2/opencms/img/icons/sk.png HTTP/1.1" 304 -
83.241.153.98 - - [03/Nov/2024:04:08:00 +0100] "GET /ticket2/opencms/img/icons/sr.png HTTP/1.1" 304 -
83.241.153.98 - - [03/Nov/2024:04:08:00 +0100] "GET /ticket2/opencms/img/icons/tr.png HTTP/1.1" 304 -
83.241.153.98 - - [03/Nov/2024:04:08:00 +0100] "GET /ticket2/opencms/img/icons/sl.png HTTP/1.1" 304 -
83.241.153.98 - - [03/Nov/2024:04:08:00 +0100] "GET /ticket2/opencms/img/icons/uk.png HTTP/1.1" 304 -
194.247.173.99 - - [03/Nov/2024:04:08:00 +0100] "GET /ticket2/opencms/dk/nl/buy/?page=1&edid=D720E039-4A9E-CF3F-A8B6-CE592EC53EAE&sortorder=asc&column=row HTTP/1.1" 404 -
217.113.194.216 - - [03/Nov/2024:04:08:01 +0100] "GET /ticket2/opencms/el/athlitismos/eisitiria-podosfairou/premier-league/newcastle-united HTTP/1.1" 200 98113
81.167.26.57 - - [03/Nov/2024:04:08:01 +0100] "GET /ticket2/opencms/se/sv/buy/?page=1&edid=BA8D3DA7-D826-AB2B-1B8E-EFBE92B5BF6A&sortorder=desc&column=section HTTP/1.1" 404 -
194.247.173.99 - - [03/Nov/2024:04:08:03 +0100] "GET /ticket2/opencms/dk/ru/buy/?page=1&edid=872EADC5-B9DD-21C0-9A0A-0D882685D686&sortorder=asc&column=price HTTP/1.1" 404 -
83.241.153.98 - - [03/Nov/2024:04:08:04 +0100] "GET /ticket2/opencms/sv/sport/fotbollsbiljetter/premier_league/ HTTP/1.1" 200 86029
83.241.153.98 - - [03/Nov/2024:04:08:05 +0100] "GET /ticket2/opencms/system/modules/com.gridnine.opencms.ticketbrokerage.site/resources/css/calendar.css HTTP/1.1" 200 6871
83.241.153.98 - - [03/Nov/2024:04:08:05 +0100] "GET /ticket2/opencms/system/modules/com.gridnine.opencms.ticketbrokerage.site/resources/css/standard.css HTTP/1.1" 200 73073
83.241.153.98 - - [03/Nov/2024:04:08:05 +0100] "GET /ticket2/opencms/system/modules/com.gridnine.opencms.ticketbrokerage.site/resources/js/functions.js HTTP/1.1" 200 1583
83.241.153.98 - - [03/Nov/2024:04:08:05 +0100] "GET /ticket2/opencms/system/modules/com.gridnine.opencms.ticketbrokerage.site/resources/js/calendar.js HTTP/1.1" 200 49229
83.241.153.98 - - [03/Nov/2024:04:08:05 +0100] "GET /ticket2/opencms/system/modules/com.gridnine.opencms.ticketbrokerage.site/resources/js/calendar-en.js HTTP/1.1" 200 3338
83.241.153.98 - - [03/Nov/2024:04:08:05 +0100] "GET /ticket2/opencms/system/modules/com.gridnine.opencms.ticketbrokerage.site/resources/js/calendar-setup.js HTTP/1.1" 200 4923
83.241.153.98 - - [03/Nov/2024:04:08:05 +0100] "GET /ticket2/opencms/system/modules/com.gridnine.opencms.ticketbrokerage.site/resources/js/standard.js HTTP/1.1" 200 3978
83.241.153.98 - - [03/Nov/2024:04:08:05 +0100] "GET /ticket2/opencms/system/modules/com.gridnine.opencms.ticketbrokerage.site/resources/css/ticketbrokerage.css HTTP/1.1" 200 39339
83.241.153.98 - - [03/Nov/2024:04:08:05 +0100] "GET /ticket2/opencms/system/modules/com.gridnine.opencms.ticketbrokerage.site/resources/pics/banners/sv/premier_league_sv.png HTTP/1.1" 200 13518
194.247.173.99 - - [03/Nov/2024:04:08:05 +0100] "GET /ticket2/opencms/dk/nl/buy/?page=1&edid=D720E039-4A9E-CF3F-A8B6-CE592EC53EAE&sortorder=asc&column=section HTTP/1.1" 404 -
157.90.209.79 - - [03/Nov/2024:04:08:07 +0100] "GET /ticket2/opencms/ga/sport/ticeid-peile/serie-a/empoli HTTP/1.1" 200 88620
85.208.96.200 - - [03/Nov/2024:04:08:07 +0100] "GET /ticket2/opencms/lt/about/press HTTP/1.1" 200 80335
194.247.173.99 - - [03/Nov/2024:04:08:07 +0100] "GET /ticket2/opencms/dk/ru/buy/?page=1&edid=872EADC5-B9DD-21C0-9A0A-0D882685D686&sortorder=asc&column=section HTTP/1.1" 404 -
81.167.26.57 - - [03/Nov/2024:04:08:08 +0100] "GET /ticket2/opencms/se/sv/buy/?page=1&edid=BACAAA47-35FE-A7A6-4A5B-EC89D6F82750&sortorder=desc&column=section HTTP/1.1" 404 -
85.208.96.199 - - [03/Nov/2024:04:08:10 +0100] "GET /ticket2/opencms/nl/sport/voetbal-tickets/serie_a/napoli/ HTTP/1.1" 200 86254
194.247.173.99 - - [03/Nov/2024:04:08:10 +0100] "GET /ticket2/opencms/dk/nl/buy/?page=1&edid=D8F04668-09B4-05BA-3C85-70D727A5DDB7 HTTP/1.1" 404 -
217.113.194.219 - - [03/Nov/2024:04:08:11 +0100] "GET /ticket2/opencms/el/athlitismos/eisitiria-podosfairou/premier-league/manchester-united HTTP/1.1" 200 98349
157.90.209.79 - - [03/Nov/2024:04:08:12 +0100] "GET /ticket2/opencms/ga/sport/ticeid-peile/serie-a/fiorentina HTTP/1.1" 200 97368
185.191.171.11 - - [03/Nov/2024:04:08:12 +0100] "GET /ticket2/opencms/sq/about/press/ HTTP/1.1" 200 80302
194.247.173.99 - - [03/Nov/2024:04:08:13 +0100] "GET /ticket2/opencms/dk/ru/buy/?page=1&edid=87E80F4E-52AF-C9C5-B2CC-F679C938B071&sortorder=asc&column=row HTTP/1.1" 404 -
81.167.26.57 - - [03/Nov/2024:04:08:13 +0100] "GET /ticket2/opencms/se/sv/buy/?page=1&edid=BBC9D349-01AE-AD1D-85B2-970FE849D007&sortorder=asc&column=section HTTP/1.1" 404 -
194.247.173.99 - - [03/Nov/2024:04:08:15 +0100] "GET /ticket2/opencms/dk/nl/buy/?page=1&edid=D995694D-350B-F222-F2E2-1BFF2A2E395F&sortorder=asc&column=price HTTP/1.1" 404 -
157.90.209.79 - - [03/Nov/2024:04:08:16 +0100] "GET /ticket2/opencms/ga/sport/ticeid-peile/serie-a/frosinone HTTP/1.1" 200 88937
194.247.173.99 - - [03/Nov/2024:04:08:18 +0100] "GET /ticket2/opencms/dk/ru/buy/?page=1&edid=87E80F4E-52AF-C9C5-B2CC-F679C938B071&sortorder=asc&column=section HTTP/1.1" 404 -
217.113.194.217 - - [03/Nov/2024:04:08:19 +0100] "GET /ticket2/opencms/sv/magazine/article?title=maximilian-ibrahimovic-skriver-pa-for-ac-milans-andra-lag HTTP/1.1" 200 82361
157.90.209.79 - - [03/Nov/2024:04:08:20 +0100] "GET /ticket2/opencms/ga/sport/ticeid-peile/serie-a/genoa HTTP/1.1" 200 96022
194.247.173.99 - - [03/Nov/2024:04:08:20 +0100] "GET /ticket2/opencms/dk/nl/buy/?page=1&edid=D995694D-350B-F222-F2E2-1BFF2A2E395F&sortorder=asc&column=section HTTP/1.1" 404 -
83.241.153.98 - - [03/Nov/2024:04:08:21 +0100] "GET /ticket2/opencms/sv/sport/fotbollsbiljetter/premier_league/brentford/ HTTP/1.1" 200 87907
83.241.153.98 - - [03/Nov/2024:04:08:21 +0100] "GET /ticket2/opencms/system/modules/com.gridnine.opencms.ticketbrokerage.site/resources/css/ticketbrokerage.css HTTP/1.1" 200 39339
83.241.153.98 - - [03/Nov/2024:04:08:21 +0100] "GET /ticket2/opencms/system/modules/com.gridnine.opencms.ticketbrokerage.site/resources/css/calendar.css HTTP/1.1" 200 6871
83.241.153.98 - - [03/Nov/2024:04:08:21 +0100] "GET /ticket2/opencms/system/modules/com.gridnine.opencms.ticketbrokerage.site/resources/css/standard.css HTTP/1.1" 200 73073
83.241.153.98 - - [03/Nov/2024:04:08:21 +0100] "GET /ticket2/opencms/system/modules/com.gridnine.opencms.ticketbrokerage.site/resources/js/functions.js HTTP/1.1" 200 1583
83.241.153.98 - - [03/Nov/2024:04:08:21 +0100] "GET /ticket2/opencms/system/modules/com.gridnine.opencms.ticketbrokerage.site/resources/js/calendar.js HTTP/1.1" 200 49229
83.241.153.98 - - [03/Nov/2024:04:08:21 +0100] "GET /ticket2/opencms/system/modules/com.gridnine.opencms.ticketbrokerage.site/resources/js/calendar-en.js HTTP/1.1" 200 3338
83.241.153.98 - - [03/Nov/2024:04:08:21 +0100] "GET /ticket2/opencms/system/modules/com.gridnine.opencms.ticketbrokerage.site/resources/js/calendar-setup.js HTTP/1.1" 200 4923
83.241.153.98 - - [03/Nov/2024:04:08:21 +0100] "GET /ticket2/opencms/system/modules/com.gridnine.opencms.ticketbrokerage.site/resources/js/standard.js HTTP/1.1" 200 3978
81.167.26.57 - - [03/Nov/2024:04:08:21 +0100] "GET /ticket2/opencms/se/sv/buy/?page=1&edid=BBC9E6CA-B1D9-1FBB-70CA-BD39F7126BAB&sortorder=desc&column=price HTTP/1.1" 404 -
66.249.65.105 - - [03/Nov/2024:04:08:23 +0100] "GET /ticket2/opencms/dk/sport/fodboldbilletter/premier-league/ HTTP/1.1" 200 85477
194.247.173.99 - - [03/Nov/2024:04:08:23 +0100] "GET /ticket2/opencms/dk/ru/buy/?page=1&edid=89512C49-9985-8A64-3ABD-3F9CEE88DFB0&sortorder=desc&column=row HTTP/1.1" 404 -
157.90.209.79 - - [03/Nov/2024:04:08:24 +0100] "GET /ticket2/opencms/ga/sport/ticeid-peile/serie-a/hellas_verona HTTP/1.1" 200 89149
194.247.173.99 - - [03/Nov/2024:04:08:26 +0100] "GET /ticket2/opencms/dk/nl/buy/?page=1&edid=DA497348-8727-26A8-D498-018E3982EDBC&sortorder=asc&column=price HTTP/1.1" 404 -
81.167.26.57 - - [03/Nov/2024:04:08:26 +0100] "GET /ticket2/opencms/se/sv/buy/?page=1&edid=BBC9E6CA-B1D9-1FBB-70CA-BD39F7126BAB&sortorder=desc&column=row HTTP/1.1" 404 -
47.128.124.15 - - [03/Nov/2024:04:08:27 +0100] "GET /ticket2/opencms/el/buy/?edid=08E96509-F113-0E6A-21FE-AD8C7D1444D0 HTTP/1.1" 200 82211
20.171.206.185 - - [03/Nov/2024:04:08:27 +0100] "GET /ticket2/opencms/es/ HTTP/1.1" 200 97035
194.247.173.99 - - [03/Nov/2024:04:08:28 +0100] "GET /ticket2/opencms/dk/ru/buy/?page=1&edid=8BAD935F-F36B-61A4-DAE1-9EFCBD1D2742&sortorder=asc&column=row HTTP/1.1" 404 -
217.113.194.217 - - [03/Nov/2024:04:08:28 +0100] "GET /ticket2/opencms/el/athlitismos/eisitiria-podosfairou/premier-league/crystal_palace HTTP/1.1" 200 98033
157.90.209.79 - - [03/Nov/2024:04:08:28 +0100] "GET /ticket2/opencms/ga/sport/ticeid-peile/serie-a/inter HTTP/1.1" 200 96070
185.191.171.17 - - [03/Nov/2024:04:08:30 +0100] "GET /ticket2/opencms/nl/sport/voetbal-tickets/la_liga/ HTTP/1.1" 200 82768
83.241.153.98 - - [03/Nov/2024:04:08:31 +0100] "GET /ticket2/opencms/sv/buy/?page=1&edid=F86B9858-FECA-8B69-0345-5BABEB4E1340 HTTP/1.1" 200 99996
83.241.153.98 - - [03/Nov/2024:04:08:31 +0100] "GET /ticket2/opencms/system/modules/com.gridnine.opencms.ticketbrokerage.site/resources/css/ticketbrokerage.css HTTP/1.1" 200 39339
83.241.153.98 - - [03/Nov/2024:04:08:31 +0100] "GET /ticket2/opencms/system/modules/com.gridnine.opencms.ticketbrokerage.site/resources/css/standard.css HTTP/1.1" 200 73073
83.241.153.98 - - [03/Nov/2024:04:08:31 +0100] "GET /ticket2/opencms/system/modules/com.gridnine.opencms.ticketbrokerage.site/resources/css/calendar.css HTTP/1.1" 200 6871
83.241.153.98 - - [03/Nov/2024:04:08:31 +0100] "GET /ticket2/opencms/system/modules/com.gridnine.opencms.ticketbrokerage.site/resources/js/functions.js HTTP/1.1" 200 1583
83.241.153.98 - - [03/Nov/2024:04:08:31 +0100] "GET /ticket2/opencms/system/modules/com.gridnine.opencms.ticketbrokerage.site/resources/js/calendar-en.js HTTP/1.1" 200 3338
83.241.153.98 - - [03/Nov/2024:04:08:31 +0100] "GET /ticket2/opencms/system/modules/com.gridnine.opencms.ticketbrokerage.site/resources/js/calendar-setup.js HTTP/1.1" 200 4923
83.241.153.98 - - [03/Nov/2024:04:08:31 +0100] "GET /ticket2/opencms/system/modules/com.gridnine.opencms.ticketbrokerage.site/resources/js/standard.js HTTP/1.1" 200 3978
83.241.153.98 - - [03/Nov/2024:04:08:31 +0100] "GET /ticket2/opencms/system/modules/com.gridnine.opencms.ticketbrokerage.site/resources/js/calendar.js HTTP/1.1" 200 49229
83.241.153.98 - - [03/Nov/2024:04:08:31 +0100] "GET /ticket2/opencms/system/modules/com.gridnine.opencms.ticketbrokerage.site/resources/pics/two_man.png HTTP/1.1" 200 3407
83.241.153.98 - - [03/Nov/2024:04:08:31 +0100] "GET /ticket2/opencms/system/modules/com.gridnine.opencms.ticketbrokerage.site/resources/pics/0.gif HTTP/1.1" 200 43
83.241.153.98 - - [03/Nov/2024:04:08:31 +0100] "GET /ticket2/opencms/system/galleries/pics/brentford_stadium_Ticket2.jpg HTTP/1.1" 200 133879
83.241.153.98 - - [03/Nov/2024:04:08:31 +0100] "GET /ticket2/opencms/sv/ask-form.html HTTP/1.1" 200 2950
83.241.153.98 - - [03/Nov/2024:04:08:31 +0100] "GET /ticket2/opencms/system/modules/com.gridnine.opencms.ticketbrokerage.site/resources/pics/arrow.gif HTTP/1.1" 200 344
83.241.153.98 - - [03/Nov/2024:04:08:31 +0100] "GET /ticket2/opencms/system/modules/com.gridnine.opencms.ticketbrokerage.site/resources/css/ticketbrokerage.css HTTP/1.1" 200 39339
83.241.153.98 - - [03/Nov/2024:04:08:31 +0100] "GET /ticket2/opencms/system/modules/com.gridnine.opencms.ticketbrokerage.site/resources/pics/form_marker.gif HTTP/1.1" 200 43
83.241.153.98 - - [03/Nov/2024:04:08:31 +0100] "GET /ticket2/opencms/img/icons/hy.png HTTP/1.1" 200 1170
83.241.153.98 - - [03/Nov/2024:04:08:31 +0100] "GET /ticket2/opencms/img/arrow-down.png HTTP/1.1" 200 192
83.241.153.98 - - [03/Nov/2024:04:08:31 +0100] "GET /ticket2/opencms/img/icons/mk.png HTTP/1.1" 200 1405
47.128.122.76 - - [03/Nov/2024:04:08:31 +0100] "GET /ticket2/opencms/cs/buy?edid=458B1568-FE0A-15E4-B731-02A001EA1C95 HTTP/1.1" 200 81473
194.247.173.99 - - [03/Nov/2024:04:08:32 +0100] "GET /ticket2/opencms/dk/nl/buy/?page=1&edid=DA497348-8727-26A8-D498-018E3982EDBC&sortorder=asc&column=row HTTP/1.1" 404 -
194.247.173.99 - - [03/Nov/2024:04:08:34 +0100] "GET /ticket2/opencms/dk/ru/buy/?page=1&edid=8DE70B5D-0EED-4B8F-DCC0-5FFB51FC5504 HTTP/1.1" 404 -
81.167.26.57 - - [03/Nov/2024:04:08:36 +0100] "GET /ticket2/opencms/se/sv/buy/?page=1&edid=BBC9E6CA-B1D9-1FBB-70CA-BD39F7126BAB&sortorder=desc&column=section HTTP/1.1" 404 -
217.113.194.215 - - [03/Nov/2024:04:08:36 +0100] "GET /ticket2/opencms/sv/magazine/article?title=aston-villa-en-av-de-aldsta-klubbarna-i-premier-league HTTP/1.1" 200 80801
157.90.209.79 - - [03/Nov/2024:04:08:36 +0100] "GET /ticket2/opencms/ga/sport/ticeid-peile/serie-a/juventus HTTP/1.1" 200 96509
194.247.173.99 - - [03/Nov/2024:04:08:38 +0100] "GET /ticket2/opencms/dk/nl/buy/?page=1&edid=DA497348-8727-26A8-D498-018E3982EDBC&sortorder=asc&column=section HTTP/1.1" 404 -
194.247.173.99 - - [03/Nov/2024:04:08:39 +0100] "GET /ticket2/opencms/dk/ru/buy/?page=1&edid=8F20E4A2-9446-8C15-E6D6-191BA8C6686F&sortorder=asc&column=section HTTP/1.1" 404 -
81.167.26.57 - - [03/Nov/2024:04:08:41 +0100] "GET /ticket2/opencms/se/sv/buy/?page=1&edid=BDEB9EF3-3BF1-B07B-8A1C-C78F2EDCBC2D&sortorder=asc&column=row HTTP/1.1" 404 -
194.247.173.99 - - [03/Nov/2024:04:08:43 +0100] "GET /ticket2/opencms/dk/nl/buy/?page=1&edid=DA497348-8727-26A8-D498-018E3982EDBC&sortorder=desc&column=price HTTP/1.1" 404 -
157.90.209.79 - - [03/Nov/2024:04:08:44 +0100] "GET /ticket2/opencms/ga/sport/ticeid-peile/serie-a/lazio HTTP/1.1" 200 96134
194.247.173.99 - - [03/Nov/2024:04:08:45 +0100] "GET /ticket2/opencms/dk/ru/buy/?page=1&edid=90BCF693-D99F-DEE6-B09B-15BA3E6EB14F&sortorder=asc&column=row HTTP/1.1" 404 -
217.113.194.213 - - [03/Nov/2024:04:08:45 +0100] "GET /ticket2/opencms/sites/ticketbrokerage/sv/tickets/blackburn_rovers/west_ham_united.html HTTP/1.1" 404 -
83.241.153.98 - - [03/Nov/2024:04:08:45 +0100] "GET /ticket2/opencms/sv/sport/fotbollsbiljetter/premier_league/ HTTP/1.1" 200 86029
83.241.153.98 - - [03/Nov/2024:04:08:46 +0100] "GET /ticket2/opencms/sv/sport/fotbollsbiljetter/?gad_source=1&gclid=EAIaIQobChMI67njoJq_iQMV9WWRBR2IDyMZEAAYAiAAEgIqhvD_BwE HTTP/1.1" 200 87663
194.247.173.99 - - [03/Nov/2024:04:08:48 +0100] "GET /ticket2/opencms/dk/nl/buy/?page=1&edid=DAAE01DD-AEC2-AF3C-F667-C3DD2DC0B098 HTTP/1.1" 404 -
81.167.26.57 - - [03/Nov/2024:04:08:49 +0100] "GET /ticket2/opencms/se/sv/buy/?page=1&edid=BDEB9EF3-3BF1-B07B-8A1C-C78F2EDCBC2D&sortorder=asc&column=section HTTP/1.1" 404 -
40.77.167.70 - - [03/Nov/2024:04:08:49 +0100] "GET /ticket2/opencms/sq/about/press HTTP/1.1" 200 80302
194.247.173.99 - - [03/Nov/2024:04:08:50 +0100] "GET /ticket2/opencms/dk/ru/buy/?page=1&edid=FBB50624-B32A-B7F0-C315-0584FA25CBE8&sortorder=asc&column=row HTTP/1.1" 404 -
85.208.96.211 - - [03/Nov/2024:04:08:51 +0100] "GET /ticket2/opencms/uk/login/?url=%25252Fuk%25252Fsell%25252F HTTP/1.1" 200 83847
217.113.194.213 - - [03/Nov/2024:04:08:53 +0100] "GET /ticket2/opencms/sites/ticketbrokerage/sv/tickets/west-bromwich-albion/fulham.html HTTP/1.1" 404 -
157.90.209.79 - - [03/Nov/2024:04:08:53 +0100] "GET /ticket2/opencms/ga/sport/ticeid-peile/serie-a/lecce HTTP/1.1" 200 88531
194.247.173.99 - - [03/Nov/2024:04:08:54 +0100] "GET /ticket2/opencms/dk/nl/buy/?page=1&edid=DAE1D142-8E21-0CBD-ED28-2E6B637D45E1 HTTP/1.1" 404 -
66.249.73.39 - - [03/Nov/2024:04:08:54 +0100] "GET /ticket2/opencms/sv/buy?page=1&edid=BA98F497-79D9-0BA1-3E19-B45BB0763E07 HTTP/1.1" 200 101488
81.167.26.57 - - [03/Nov/2024:04:08:55 +0100] "GET /ticket2/opencms/se/sv/buy/?page=1&edid=BFABCD8A-0370-5121-72EB-FB336CE4A45D&sortorder=asc&column=price HTTP/1.1" 404 -
20.171.206.185 - - [03/Nov/2024:04:08:55 +0100] "GET /ticket2/opencms/system/modules/com.gridnine.opencms.ticketbrokerage.site/resources/js/calendar-en.js HTTP/1.1" 200 3338
194.247.173.99 - - [03/Nov/2024:04:08:55 +0100] "GET /ticket2/opencms/dk/ru/buy/?page=1&edid=FC6C7C18-83B6-E104-2781-4BFAA17207F5&sortorder=asc&column=price HTTP/1.1" 404 -
157.90.209.79 - - [03/Nov/2024:04:08:58 +0100] "GET /ticket2/opencms/ga/sport/ticeid-peile/serie-a/milan HTTP/1.1" 200 96763
194.247.173.99 - - [03/Nov/2024:04:08:59 +0100] "GET /ticket2/opencms/dk/sv/buy/?page=1&edid=0530B04D-A7D8-F1B4-7BA2-ACEFA0B23712&sortorder=desc&column=row HTTP/1.1" 404 -
20.171.206.185 - - [03/Nov/2024:04:08:59 +0100] "GET /ticket2/opencms/system/modules/com.gridnine.opencms.ticketbrokerage.site/resources/js/jquery/jquery-ui.js HTTP/1.1" 200 228088
194.247.173.99 - - [03/Nov/2024:04:08:59 +0100] "GET /ticket2/opencms/dk/nl/buy/?page=1&edid=DAE5B715-B12C-1546-990A-9C266B6D9CC9&sortorder=asc&column=price HTTP/1.1" 404 -
203.55.131.3 - - [03/Nov/2024:04:08:59 +0100] "GET / HTTP/1.1" 404 -
81.167.26.57 - - [03/Nov/2024:04:09:00 +0100] "GET /ticket2/opencms/se/sv/buy/?page=1&edid=BFABCD8A-0370-5121-72EB-FB336CE4A45D&sortorder=asc&column=row HTTP/1.1" 404 -
217.113.194.213 - - [03/Nov/2024:04:09:01 +0100] "GET /ticket2/opencms/sv/magazine/article?title=svenska-talangen-lucas-bergvall-klar-for-tottenham-hotspur HTTP/1.1" 200 82547
157.90.209.79 - - [03/Nov/2024:04:09:02 +0100] "GET /ticket2/opencms/ga/sport/ticeid-peile/serie-a/monza HTTP/1.1" 200 85036
194.247.173.99 - - [03/Nov/2024:04:09:02 +0100] "GET /ticket2/opencms/dk/sv/buy/?page=1&edid=0530B04D-A7D8-F1B4-7BA2-ACEFA0B23712&sortorder=desc&column=section HTTP/1.1" 404 -
216.244.66.238 - - [03/Nov/2024:04:09:04 +0100] "GET /ticket2/opencms/mo/buy?page=1&edid=17FCF75B-5941-6553-7E99-DDA280BBDB43 HTTP/1.1" 200 101413
194.247.173.99 - - [03/Nov/2024:04:09:05 +0100] "GET /ticket2/opencms/dk/nl/buy/?page=1&edid=DAE5B715-B12C-1546-990A-9C266B6D9CC9&sortorder=asc&column=row HTTP/1.1" 404 -
157.90.209.79 - - [03/Nov/2024:04:09:05 +0100] "GET /ticket2/opencms/ga/sport/ticeid-peile/serie-a/napoli HTTP/1.1" 200 96180
114.119.130.178 - - [03/Nov/2024:04:09:05 +0100] "GET /ticket2/opencms/en/buy?page=1&edid=A2FB430D-90F2-3AA3-358A-C75DE55ABB21 HTTP/1.1" 200 100220
194.247.173.99 - - [03/Nov/2024:04:09:06 +0100] "GET /ticket2/opencms/dk/sv/buy/?page=1&edid=06E063D7-AE27-0DA0-0E8E-0E82EFDCE11C&sortorder=asc&column=section HTTP/1.1" 404 -
81.167.26.57 - - [03/Nov/2024:04:09:07 +0100] "GET /ticket2/opencms/se/sv/buy/?page=1&edid=BFABCD8A-0370-5121-72EB-FB336CE4A45D&sortorder=asc&column=section HTTP/1.1" 404 -
66.249.73.37 - - [03/Nov/2024:04:09:08 +0100] "GET /ticket2/opencms/sv/buy?page=1&edid=BE8C7FA0-9E48-EAB3-3A70-9E9F9EA30F95 HTTP/1.1" 200 135331
194.247.173.99 - - [03/Nov/2024:04:09:10 +0100] "GET /ticket2/opencms/dk/sv/buy/?page=1&edid=06E063D7-AE27-0DA0-0E8E-0E82EFDCE11C&sortorder=desc&column=section HTTP/1.1" 404 -
217.113.194.216 - - [03/Nov/2024:04:09:10 +0100] "GET /ticket2/opencms/sv/magazine/article?title=em-stjarnorna-som-googlas-mest-och-storst-pa-instagram HTTP/1.1" 200 99265
194.247.173.99 - - [03/Nov/2024:04:09:10 +0100] "GET /ticket2/opencms/dk/nl/buy/?page=1&edid=DAE5B715-B12C-1546-990A-9C266B6D9CC9&sortorder=asc&column=section HTTP/1.1" 404 -
157.90.209.79 - - [03/Nov/2024:04:09:10 +0100] "GET /ticket2/opencms/ga/sport/ticeid-peile/serie-a/roma HTTP/1.1" 200 96644
194.247.173.99 - - [03/Nov/2024:04:09:13 +0100] "GET /ticket2/opencms/dk/sv/buy/?page=1&edid=0B083C51-2D6B-8CD2-8763-C3F4DB186FAB HTTP/1.1" 404 -
185.191.171.5 - - [03/Nov/2024:04:09:13 +0100] "GET /ticket2/opencms/is/ HTTP/1.1" 200 96679
157.90.209.79 - - [03/Nov/2024:04:09:14 +0100] "GET /ticket2/opencms/ga/sport/ticeid-peile/serie-a/salernitana HTTP/1.1" 200 89057
194.247.173.99 - - [03/Nov/2024:04:09:15 +0100] "GET /ticket2/opencms/dk/nl/buy/?page=1&edid=DAF0F7D4-24A4-8959-8D40-BEB1C48237D8 HTTP/1.1" 404 -
216.244.66.238 - - [03/Nov/2024:04:09:16 +0100] "GET /ticket2/opencms/sk/buy?page=1&edid=16D8D8B6-E3B7-19D1-2440-03B3A2E90B73 HTTP/1.1" 200 97951
185.191.171.6 - - [03/Nov/2024:04:09:16 +0100] "GET /ticket2/opencms/no/faq HTTP/1.1" 200 85059
194.247.173.99 - - [03/Nov/2024:04:09:16 +0100] "GET /ticket2/opencms/dk/sv/buy/?page=1&edid=0B5745BA-B7A8-B4EB-CD0C-AFC19ED3EC86 HTTP/1.1" 404 -
217.113.194.212 - - [03/Nov/2024:04:09:18 +0100] "GET /ticket2/opencms/en/buy/?page=1&edid=06705915-48BC-4B18-DCA3-6852610647C3 HTTP/1.1" 200 102964
157.90.209.79 - - [03/Nov/2024:04:09:18 +0100] "GET /ticket2/opencms/ga/sport/ticeid-peile/serie-a/sassuolo HTTP/1.1" 200 88790
194.247.173.99 - - [03/Nov/2024:04:09:20 +0100] "GET /ticket2/opencms/dk/sv/buy/?page=1&edid=0CEC8633-C400-C905-54E3-2A651C6B122C HTTP/1.1" 404 -
194.247.173.99 - - [03/Nov/2024:04:09:20 +0100] "GET /ticket2/opencms/dk/nl/buy/?page=1&edid=DAF9DCA9-A17E-0CF8-4492-868DD9E14908&sortorder=asc&column=price HTTP/1.1" 404 -
157.90.209.79 - - [03/Nov/2024:04:09:22 +0100] "GET /ticket2/opencms/ga/sport/ticeid-peile/serie-a/torino HTTP/1.1" 200 89112
194.247.173.99 - - [03/Nov/2024:04:09:23 +0100] "GET /ticket2/opencms/dk/sv/buy/?page=1&edid=124E8283-E5DC-7FAE-437D-48A8B5EF948C HTTP/1.1" 404 -
20.171.206.184 - - [03/Nov/2024:04:09:24 +0100] "GET /ticket2/opencms/lv/ HTTP/1.1" 200 97074
194.247.173.99 - - [03/Nov/2024:04:09:25 +0100] "GET /ticket2/opencms/dk/nl/buy/?page=1&edid=DAF9DCA9-A17E-0CF8-4492-868DD9E14908&sortorder=asc&column=section HTTP/1.1" 404 -
216.244.66.238 - - [03/Nov/2024:04:09:27 +0100] "GET /ticket2/opencms/tr/buy?page=1&edid=C29FD4D7-C114-3152-7015-AC9740876339 HTTP/1.1" 200 124371
194.247.173.99 - - [03/Nov/2024:04:09:27 +0100] "GET /ticket2/opencms/dk/sv/buy/?page=1&edid=125B2F79-2D2A-57BF-323F-0F1B77EB450F HTTP/1.1" 404 -
157.90.209.79 - - [03/Nov/2024:04:09:27 +0100] "GET /ticket2/opencms/ga/sport/ticeid-peile/serie-a/udinese HTTP/1.1" 200 88809
194.247.173.99 - - [03/Nov/2024:04:09:30 +0100] "GET /ticket2/opencms/dk/sv/buy/?page=1&edid=1702263D-D572-F8BF-DE0E-23917DE6133F&sortorder=desc&column=price HTTP/1.1" 404 -
194.247.173.99 - - [03/Nov/2024:04:09:31 +0100] "GET /ticket2/opencms/dk/nl/buy/?page=1&edid=DAFD8751-5600-01A2-5DAC-15D77C2E597B&sortorder=asc&column=section HTTP/1.1" 404 -
157.90.209.79 - - [03/Nov/2024:04:09:31 +0100] "GET /ticket2/opencms/ga/standard/ HTTP/1.1" 500 -
194.247.173.99 - - [03/Nov/2024:04:09:34 +0100] "GET /ticket2/opencms/dk/sv/buy/?page=1&edid=1702263D-D572-F8BF-DE0E-23917DE6133F&sortorder=desc&column=row HTTP/1.1" 404 -
