46.230.140.41 - - [03/Nov/2024:00:23:29 +0100] "GET /ticket2/opencms/system/modules/com.gridnine.opencms.ticketbrokerage.site/resources/js/calendar-setup.js HTTP/1.1" 200 4923
46.230.140.41 - - [03/Nov/2024:00:23:29 +0100] "GET /ticket2/opencms/system/modules/com.gridnine.opencms.ticketbrokerage.site/resources/js/jquery.fancybox.pack.js HTTP/1.1" 200 23187
46.230.140.41 - - [03/Nov/2024:00:23:30 +0100] "GET /ticket2/opencms/system/modules/com.gridnine.opencms.ticketbrokerage.site/resources/js/stickyfill.min.js HTTP/1.1" 200 5672
46.230.140.41 - - [03/Nov/2024:00:23:30 +0100] "GET /ticket2/opencms/system/modules/com.gridnine.opencms.ticketbrokerage.site/resources/js/standard.js HTTP/1.1" 200 3978
46.230.140.41 - - [03/Nov/2024:00:23:30 +0100] "GET /ticket2/opencms/system/modules/com.gridnine.opencms.ticketbrokerage.site/resources/js/jquery.placeholder.min.js HTTP/1.1" 200 1737
46.230.140.41 - - [03/Nov/2024:00:23:30 +0100] "GET /ticket2/opencms/system/modules/com.gridnine.opencms.ticketbrokerage.site/resources/js/common-ajax.js HTTP/1.1" 200 20175
46.230.140.41 - - [03/Nov/2024:00:23:30 +0100] "GET /ticket2/opencms/system/modules/com.gridnine.opencms.ticketbrokerage.site/resources/pics/logo-new.png HTTP/1.1" 200 13541
46.230.140.41 - - [03/Nov/2024:00:23:30 +0100] "GET /ticket2/opencms/img/insta.png HTTP/1.1" 200 3967
46.230.140.41 - - [03/Nov/2024:00:23:30 +0100] "GET /ticket2/opencms/img/fb.png HTTP/1.1" 200 1269
46.230.140.41 - - [03/Nov/2024:00:23:30 +0100] "GET /ticket2/opencms/system/modules/com.gridnine.opencms.ticketbrokerage.site/resources/pics/banners/sv/premier_league_sv.png HTTP/1.1" 200 13518
46.230.140.41 - - [03/Nov/2024:00:23:30 +0100] "GET /ticket2/opencms/system/modules/com.gridnine.opencms.ticketbrokerage.site/resources/pics/footer-img.jpg HTTP/1.1" 200 67642
46.230.140.41 - - [03/Nov/2024:00:23:30 +0100] "GET /ticket2/opencms/img/check.png HTTP/1.1" 200 548
46.230.140.41 - - [03/Nov/2024:00:23:30 +0100] "GET /ticket2/opencms/img/mail.png HTTP/1.1" 200 403
46.230.140.41 - - [03/Nov/2024:00:23:30 +0100] "GET /ticket2/opencms/img/chat.png HTTP/1.1" 200 416
46.230.140.41 - - [03/Nov/2024:00:23:30 +0100] "GET /ticket2/opencms/img/arrow.png HTTP/1.1" 200 753
46.230.140.41 - - [03/Nov/2024:00:23:31 +0100] "GET /ticket2/opencms/img/icons/globe-white.png HTTP/1.1" 200 947
46.230.140.41 - - [03/Nov/2024:00:23:31 +0100] "GET /ticket2/opencms/img/icons/en.png HTTP/1.1" 200 2415
46.230.140.41 - - [03/Nov/2024:00:23:31 +0100] "GET /ticket2/opencms/img/icons/se.png HTTP/1.1" 200 1258
46.230.140.41 - - [03/Nov/2024:00:23:31 +0100] "GET /ticket2/opencms/img/icons/fi.png HTTP/1.1" 200 1785
46.230.140.41 - - [03/Nov/2024:00:23:31 +0100] "GET /ticket2/opencms/img/icons/no.png HTTP/1.1" 200 1958
46.230.140.41 - - [03/Nov/2024:00:23:31 +0100] "GET /ticket2/opencms/img/icons/dk.png HTTP/1.1" 200 1706
46.230.140.41 - - [03/Nov/2024:00:23:32 +0100] "GET /ticket2/opencms/img/icons/nl.png HTTP/1.1" 200 1255
46.230.140.41 - - [03/Nov/2024:00:23:32 +0100] "GET /ticket2/opencms/img/icons/de.png HTTP/1.1" 200 1124
46.230.140.41 - - [03/Nov/2024:00:23:32 +0100] "GET /ticket2/opencms/img/icons/fr.png HTTP/1.1" 200 1764
46.230.140.41 - - [03/Nov/2024:00:23:32 +0100] "GET /ticket2/opencms/img/icons/es.png HTTP/1.1" 200 1005
46.230.140.41 - - [03/Nov/2024:00:23:32 +0100] "GET /ticket2/opencms/img/icons/it.png HTTP/1.1" 200 2040
46.230.140.41 - - [03/Nov/2024:00:23:32 +0100] "GET /ticket2/opencms/img/icons/pl.png HTTP/1.1" 200 1578
37.187.89.104 - - [03/Nov/2024:00:23:32 +0100] "GET /ticket2/opencms/sv/buy/?page=1&edid=82F19FA2-FA7A-0459-E232-50321BC9E2B5&sortorder=asc&column=price HTTP/1.1" 200 101216
46.230.140.41 - - [03/Nov/2024:00:23:32 +0100] "GET /ticket2/opencms/img/icons/sq.png HTTP/1.1" 200 1619
46.230.140.41 - - [03/Nov/2024:00:23:32 +0100] "GET /ticket2/opencms/img/icons/az.png HTTP/1.1" 200 1445
46.230.140.41 - - [03/Nov/2024:00:23:32 +0100] "GET /ticket2/opencms/img/icons/be.png HTTP/1.1" 200 1663
46.230.140.41 - - [03/Nov/2024:00:23:32 +0100] "GET /ticket2/opencms/img/icons/bs.png HTTP/1.1" 200 1014
46.230.140.41 - - [03/Nov/2024:00:23:32 +0100] "GET /ticket2/opencms/img/icons/bg.png HTTP/1.1" 200 788
46.230.140.41 - - [03/Nov/2024:00:23:32 +0100] "GET /ticket2/opencms/img/icons/hr.png HTTP/1.1" 200 2024
46.230.140.41 - - [03/Nov/2024:00:23:33 +0100] "GET /ticket2/opencms/img/icons/ka.png HTTP/1.1" 200 860
46.230.140.41 - - [03/Nov/2024:00:23:33 +0100] "GET /ticket2/opencms/img/icons/el.png HTTP/1.1" 200 1637
46.230.140.41 - - [03/Nov/2024:00:23:33 +0100] "GET /ticket2/opencms/img/icons/et.png HTTP/1.1" 200 754
46.230.140.41 - - [03/Nov/2024:00:23:33 +0100] "GET /ticket2/opencms/img/icons/cs.png HTTP/1.1" 200 1883
46.230.140.41 - - [03/Nov/2024:00:23:33 +0100] "GET /ticket2/opencms/img/icons/hu.png HTTP/1.1" 200 733
46.230.140.41 - - [03/Nov/2024:00:23:33 +0100] "GET /ticket2/opencms/img/icons/is.png HTTP/1.1" 200 1884
46.230.140.41 - - [03/Nov/2024:00:23:33 +0100] "GET /ticket2/opencms/img/icons/ga.png HTTP/1.1" 200 1759
46.230.140.41 - - [03/Nov/2024:00:23:33 +0100] "GET /ticket2/opencms/img/icons/lv.png HTTP/1.1" 200 716
46.230.140.41 - - [03/Nov/2024:00:23:33 +0100] "GET /ticket2/opencms/img/icons/lt.png HTTP/1.1" 200 733
46.230.140.41 - - [03/Nov/2024:00:23:33 +0100] "GET /ticket2/opencms/img/icons/mt.png HTTP/1.1" 200 920
46.230.140.41 - - [03/Nov/2024:00:23:33 +0100] "GET /ticket2/opencms/img/icons/mo.png HTTP/1.1" 200 1468
46.230.140.41 - - [03/Nov/2024:00:23:34 +0100] "GET /ticket2/opencms/img/icons/ro.png HTTP/1.1" 200 1393
46.230.140.41 - - [03/Nov/2024:00:23:34 +0100] "GET /ticket2/opencms/img/icons/sr.png HTTP/1.1" 200 1602
46.230.140.41 - - [03/Nov/2024:00:23:34 +0100] "GET /ticket2/opencms/img/icons/sk.png HTTP/1.1" 200 1283
46.230.140.41 - - [03/Nov/2024:00:23:34 +0100] "GET /ticket2/opencms/img/icons/sl.png HTTP/1.1" 200 966
46.230.140.41 - - [03/Nov/2024:00:23:34 +0100] "GET /ticket2/opencms/img/icons/tr.png HTTP/1.1" 200 1636
46.230.140.41 - - [03/Nov/2024:00:23:34 +0100] "GET /ticket2/opencms/img/icons/uk.png HTTP/1.1" 200 1272
46.230.140.41 - - [03/Nov/2024:00:23:34 +0100] "GET /ticket2/opencms/system/modules/com.gridnine.opencms.ticketbrokerage.site/resources/js/standard.js HTTP/1.1" 200 3978
46.230.140.41 - - [03/Nov/2024:00:23:34 +0100] "GET /ticket2/opencms/img/icons/ticket2.thumbnail.png HTTP/1.1" 200 21519
46.230.140.41 - - [03/Nov/2024:00:23:36 +0100] "GET /ticket2/opencms/system/modules/com.gridnine.opencms.ticketbrokerage.site/resources/css/images/ui-bg_flat_75_ffffff_40x100.png HTTP/1.1" 404 -
37.187.89.104 - - [03/Nov/2024:00:23:46 +0100] "GET /ticket2/opencms/sv/buy/?page=1&edid=82F19FA2-FA7A-0459-E232-50321BC9E2B5&sortorder=desc&column=price HTTP/1.1" 200 101261
37.187.89.104 - - [03/Nov/2024:00:23:54 +0100] "GET /ticket2/opencms/sv/buy/?page=1&edid=8334F8CD-C200-CB12-70F3-B3071995B999&sortorder=asc&column=price HTTP/1.1" 200 102257
157.90.209.79 - - [03/Nov/2024:00:23:55 +0100] "GET /ticket2/opencms/fi/buy?page=1&edid=4660DE29-C3F1-FFBE-5E6B-4C74E874EC91 HTTP/1.1" 200 126035
47.128.26.38 - - [03/Nov/2024:00:23:57 +0100] "GET /ticket2/opencms/sl/buy/?edid=1C8D471F-21ED-D5C9-7736-BE6D50F9BA85 HTTP/1.1" 200 81396
114.119.145.123 - - [03/Nov/2024:00:23:57 +0100] "GET /ticket2/opencms/en/buy?page=1&edid=CCDA29B0-07D8-8856-B626-F621E13D91E3 HTTP/1.1" 200 99064
66.249.65.105 - - [03/Nov/2024:00:24:02 +0100] "GET /ticket2/opencms/nl/buy/?page=1&edid=0C94170C-17F1-0823-E8AC-91EC149F33EC&hlv=666d6f0d-55b0-411e-a556-0c190a01000f HTTP/1.1" 200 124858
37.187.89.104 - - [03/Nov/2024:00:24:11 +0100] "GET /ticket2/opencms/sv/buy/?page=1&edid=839F261C-122D-EF1C-7B50-1CD34270AD21&sortorder=asc&column=price HTTP/1.1" 200 101368
85.208.96.206 - - [03/Nov/2024:00:24:16 +0100] "GET /ticket2/opencms/no/sport/fotballsbilletter/premier_league/manchester_united/ HTTP/1.1" 200 97401
185.191.171.3 - - [03/Nov/2024:00:24:16 +0100] "GET /ticket2/opencms/sv/terms_of_service/ HTTP/1.1" 200 89669
47.128.114.112 - - [03/Nov/2024:00:24:19 +0100] "GET /ticket2/opencms/lt/sport/futbolo-bilietai/premier-league/brighton HTTP/1.1" 200 96334
157.55.39.9 - - [03/Nov/2024:00:24:20 +0100] "GET /ticket2/opencms/fr/buy?page=1&edid=CB90B18C-10D2-A7D7-34F0-9F8E61AEE4C6 HTTP/1.1" 200 101733
37.187.89.104 - - [03/Nov/2024:00:24:21 +0100] "GET /ticket2/opencms/sv/buy/?page=1&edid=839F261C-122D-EF1C-7B50-1CD34270AD21&sortorder=asc&column=row HTTP/1.1" 200 101276
157.90.209.79 - - [03/Nov/2024:00:24:27 +0100] "GET /ticket2/opencms/fi/buy?page=1&edid=46F37BE7-B2F6-BEA5-12C9-E1FFD36B0DD0 HTTP/1.1" 200 107893
185.191.171.9 - - [03/Nov/2024:00:24:33 +0100] "GET /ticket2/opencms/sv/search.html?searchQuery=Brentford&submit HTTP/1.1" 200 121979
46.230.140.41 - - [03/Nov/2024:00:24:34 +0100] "GET /ticket2/opencms/no/sport/fotballsbilletter/premier_league/?gad_source=5&gclid=EAIaIQobChMIxJ-Pj-i-iQMVJxyiAx3YSAxAEAEYASAAEgJuS_D_BwE HTTP/1.1" 200 86206
216.244.66.238 - - [03/Nov/2024:00:24:35 +0100] "GET /ticket2/opencms/nl/buy?page=1&edid=76B6762F-4B46-119D-2582-3611BC3599E7 HTTP/1.1" 200 100256
37.187.89.104 - - [03/Nov/2024:00:24:36 +0100] "GET /ticket2/opencms/sv/buy/?page=1&edid=839F261C-122D-EF1C-7B50-1CD34270AD21&sortorder=asc&column=section HTTP/1.1" 200 101460
114.119.150.95 - - [03/Nov/2024:00:24:40 +0100] "GET /ticket2/opencms/robots.txt HTTP/1.1" 200 773
46.230.140.41 - - [03/Nov/2024:00:24:41 +0100] "GET /ticket2/opencms/system/modules/com.gridnine.opencms.ticketbrokerage.site/resources/css/images/ui-bg_flat_75_ffffff_40x100.png HTTP/1.1" 404 -
66.249.73.37 - - [03/Nov/2024:00:24:42 +0100] "GET /ticket2/opencms/de/buy?page=1&edid=0F9D6B87-FBA2-98F6-6A11-CBBA4D2A86C1 HTTP/1.1" 200 132335
37.187.89.104 - - [03/Nov/2024:00:24:46 +0100] "GET /ticket2/opencms/sv/buy/?page=1&edid=83B7F88A-EA39-5C0D-D54C-4ED18D035B7A&sortorder=desc&column=section HTTP/1.1" 200 101339
37.187.89.104 - - [03/Nov/2024:00:24:58 +0100] "GET /ticket2/opencms/sv/buy/?page=1&edid=84038E4F-7827-3966-E05C-79E830ED2F20&sortorder=desc&column=section HTTP/1.1" 200 102376
157.90.209.79 - - [03/Nov/2024:00:24:59 +0100] "GET /ticket2/opencms/fi/buy?page=1&edid=47C0370F-9915-7673-E038-7AD65907592C HTTP/1.1" 200 124708
185.191.171.18 - - [03/Nov/2024:00:24:59 +0100] "GET /ticket2/opencms/nl/sport/voetbal-tickets/premier_league/bournemouth/ HTTP/1.1" 200 86144
185.191.171.19 - - [03/Nov/2024:00:25:01 +0100] "GET /ticket2/opencms/en/sport/football-tickets/bundesliga/hoffenheim/ HTTP/1.1" 200 85876
66.249.73.39 - - [03/Nov/2024:00:25:04 +0100] "GET /ticket2/opencms/de/buy?page=1&edid=F1463EBE-6C18-CF49-B2AE-F79868BCA4F5 HTTP/1.1" 200 130371
37.187.89.104 - - [03/Nov/2024:00:25:07 +0100] "GET /ticket2/opencms/sv/buy/?page=1&edid=8588F039-0803-F98C-03A6-F1C16929D2E6&sortorder=asc&column=section HTTP/1.1" 200 102776
66.249.73.38 - - [03/Nov/2024:00:25:08 +0100] "GET /ticket2/opencms/de/buy?page=1&edid=24DA4365-06A3-2349-F7E6-CA02D31FCB88 HTTP/1.1" 200 125137
114.119.130.91 - - [03/Nov/2024:00:25:16 +0100] "GET /ticket2/opencms/en/venue/?venueid=F8A78116-13FC-A58C-1378-740C94006FEA HTTP/1.1" 200 77012
37.187.89.104 - - [03/Nov/2024:00:25:17 +0100] "GET /ticket2/opencms/sv/buy/?page=1&edid=859A21BA-7D6B-CB00-5A53-1245BE135278&sortorder=asc&column=price HTTP/1.1" 200 101702
185.191.171.16 - - [03/Nov/2024:00:25:18 +0100] "GET /ticket2/opencms/fi HTTP/1.1" 200 97182
185.191.171.18 - - [03/Nov/2024:00:25:20 +0100] "GET /ticket2/opencms/no/sport/fotballsbilletter/bundesliga/heidenheim/ HTTP/1.1" 200 93890
37.123.143.11 - - [03/Nov/2024:00:25:21 +0100] "GET /ticket2/opencms/system/workplace/views/top_foot.jsp?wpFrame=foot HTTP/1.1" 200 1210
37.123.143.11 - - [03/Nov/2024:00:25:22 +0100] "GET /ticket2/opencms/system/workplace/commons/style/workplace.css HTTP/1.1" 200 14209
185.191.171.10 - - [03/Nov/2024:00:25:25 +0100] "GET /ticket2/opencms/sv/sport/hockeybiljetter/nhl/Minnesota-Wild/ HTTP/1.1" 200 80323
37.187.89.104 - - [03/Nov/2024:00:25:28 +0100] "GET /ticket2/opencms/sv/buy/?page=1&edid=859AFC52-CBE6-9F9D-BB23-1672BDAEEA65&sortorder=desc&column=price HTTP/1.1" 200 99017
157.90.209.79 - - [03/Nov/2024:00:25:31 +0100] "GET /ticket2/opencms/fi/buy?page=1&edid=47E4C29F-87ED-56B6-4058-D325184E756B HTTP/1.1" 200 134926
85.208.96.211 - - [03/Nov/2024:00:25:33 +0100] "GET /ticket2/opencms/sl/faq/ HTTP/1.1" 200 81978
37.187.89.104 - - [03/Nov/2024:00:25:36 +0100] "GET /ticket2/opencms/sv/buy/?page=1&edid=859AFC52-CBE6-9F9D-BB23-1672BDAEEA65&sortorder=desc&column=section HTTP/1.1" 200 99109
40.77.167.28 - - [03/Nov/2024:00:25:38 +0100] "GET /ticket2/opencms/fi/buy?page=1&edid=19422468-9239-E426-DB02-7FA0504E2BEC HTTP/1.1" 200 130251
47.128.57.5 - - [03/Nov/2024:00:25:42 +0100] "GET /ticket2/opencms/mo/buy?page=11&venueid=696CF794-7D31-9FC6-0B42-8ABB3E78F390 HTTP/1.1" 200 82027
185.191.171.5 - - [03/Nov/2024:00:25:42 +0100] "GET /ticket2/opencms/robots.txt HTTP/1.1" 200 773
85.208.96.194 - - [03/Nov/2024:00:25:45 +0100] "GET /ticket2/opencms/en/sport/football-tickets/la-liga/ HTTP/1.1" 200 84435
37.187.89.104 - - [03/Nov/2024:00:25:46 +0100] "GET /ticket2/opencms/sv/buy/?page=1&edid=85D85DE7-7E33-49D9-3EB3-5BCB430E9732&sortorder=asc&column=price HTTP/1.1" 200 102016
52.167.144.158 - - [03/Nov/2024:00:25:47 +0100] "GET /ticket2/opencms/dk/sport/fodboldbilletter/premier-league/west_ham_united/ HTTP/1.1" 200 93567
37.187.89.104 - - [03/Nov/2024:00:25:57 +0100] "GET /ticket2/opencms/sv/buy/?page=1&edid=85D85DE7-7E33-49D9-3EB3-5BCB430E9732&sortorder=asc&column=section HTTP/1.1" 200 102108
157.90.209.79 - - [03/Nov/2024:00:26:02 +0100] "GET /ticket2/opencms/fi/buy?page=1&edid=490280ED-96FA-5EC6-1DCC-A75EC34A3EFC HTTP/1.1" 200 111240
185.191.171.9 - - [03/Nov/2024:00:26:06 +0100] "GET /ticket2/opencms/bg/buying_tickets/ HTTP/1.1" 200 81065
66.249.65.105 - - [03/Nov/2024:00:26:08 +0100] "GET /ticket2/opencms/be/buy?page=10&eventid=88125886-B9B5-9F59-AF43-51EE7A6E60C4&column= HTTP/1.1" 200 101732
37.187.89.104 - - [03/Nov/2024:00:26:09 +0100] "GET /ticket2/opencms/sv/buy/?page=1&edid=85D85DE7-7E33-49D9-3EB3-5BCB430E9732&sortorder=desc&column=row HTTP/1.1" 200 101969
114.119.159.129 - - [03/Nov/2024:00:26:12 +0100] "GET /ticket2/opencms/en/venue/?venueid=F76AD906-FBBC-FCAB-B8D4-268BA5BBF983 HTTP/1.1" 200 77013
85.208.96.199 - - [03/Nov/2024:00:26:13 +0100] "GET /ticket2/opencms/dk/sport/fodboldbilletter/premier-league/newcastle/ HTTP/1.1" 200 93999
37.187.89.104 - - [03/Nov/2024:00:26:16 +0100] "GET /ticket2/opencms/sv/buy/?page=1&edid=8606E56E-9AC4-DAC2-29EF-4288C9F2BFC5&sortorder=asc&column=price HTTP/1.1" 200 101194
47.128.63.45 - - [03/Nov/2024:00:26:16 +0100] "GET /ticket2/opencms/hu/buy/?edid=8F667742-82CA-58AF-CDE5-8AF8B975D8C3 HTTP/1.1" 200 81485
185.191.171.17 - - [03/Nov/2024:00:26:17 +0100] "GET /ticket2/opencms/ro/buying_tickets/ HTTP/1.1" 200 80710
40.77.167.36 - - [03/Nov/2024:00:26:21 +0100] "GET /ticket2/opencms/sv/ HTTP/1.1" 200 96367
37.187.89.104 - - [03/Nov/2024:00:26:33 +0100] "GET /ticket2/opencms/sv/buy/?page=1&edid=8606E56E-9AC4-DAC2-29EF-4288C9F2BFC5&sortorder=asc&column=section HTTP/1.1" 200 101286
157.90.209.79 - - [03/Nov/2024:00:26:34 +0100] "GET /ticket2/opencms/fi/buy?page=1&edid=492C270D-AAEA-3890-F385-951BFDA8F433 HTTP/1.1" 200 114020
85.208.96.206 - - [03/Nov/2024:00:26:41 +0100] "GET /ticket2/opencms/sk/faq/ HTTP/1.1" 500 -
216.244.66.238 - - [03/Nov/2024:00:26:43 +0100] "GET /ticket2/opencms/fi/buy?page=1&edid=696D5B95-E686-DB57-A55C-2EEBDCC864DE HTTP/1.1" 200 101729
37.187.89.104 - - [03/Nov/2024:00:26:47 +0100] "GET /ticket2/opencms/sv/buy/?page=1&edid=87290264-453D-FFD4-E0AD-C907B793DD48&sortorder=asc&column=price HTTP/1.1" 200 102894
37.187.89.104 - - [03/Nov/2024:00:26:57 +0100] "GET /ticket2/opencms/sv/buy/?page=1&edid=87290264-453D-FFD4-E0AD-C907B793DD48&sortorder=asc&column=row HTTP/1.1" 200 102802
47.128.43.26 - - [03/Nov/2024:00:27:05 +0100] "GET /ticket2/opencms/ro/buy?page=10&venueid=F72D7D8A-21AA-398A-828C-542FA85266B4 HTTP/1.1" 302 -
157.90.209.79 - - [03/Nov/2024:00:27:05 +0100] "GET /ticket2/opencms/fi/buy?page=1&edid=4D569333-A725-AF23-311D-520AB9757B29 HTTP/1.1" 200 102005
47.128.43.26 - - [03/Nov/2024:00:27:06 +0100] "GET /ticket2/opencms/es/buy/ HTTP/1.1" 200 79196
37.187.89.104 - - [03/Nov/2024:00:27:08 +0100] "GET /ticket2/opencms/sv/buy/?page=1&edid=87290264-453D-FFD4-E0AD-C907B793DD48&sortorder=asc&column=section HTTP/1.1" 200 102986
37.187.89.104 - - [03/Nov/2024:00:27:16 +0100] "GET /ticket2/opencms/sv/buy/?page=1&edid=888579C8-F0BB-1F0C-2143-DAC4B70E22F7&sortorder=asc&column=row HTTP/1.1" 200 102679
37.187.89.104 - - [03/Nov/2024:00:27:34 +0100] "GET /ticket2/opencms/sv/buy/?page=1&edid=888579C8-F0BB-1F0C-2143-DAC4B70E22F7&sortorder=desc&column=row HTTP/1.1" 200 102724
85.208.96.204 - - [03/Nov/2024:00:27:35 +0100] "GET /ticket2/opencms/sv/sport/fotbollsbiljetter/english-championship/leicester-city/ HTTP/1.1" 200 79832
157.90.209.79 - - [03/Nov/2024:00:27:37 +0100] "GET /ticket2/opencms/fi/buy?page=1&edid=4D95C4E4-B7FF-C71E-110D-D09544A9044A HTTP/1.1" 200 124706
207.46.13.6 - - [03/Nov/2024:00:27:46 +0100] "GET /ticket2/opencms/bs/buy?page=1&edid=E0A8CE5D-A2DA-F5EB-6814-85F787FE51D7 HTTP/1.1" 200 101637
37.187.89.104 - - [03/Nov/2024:00:27:46 +0100] "GET /ticket2/opencms/sv/buy/?page=1&edid=88AE85E3-914C-45FF-C0A8-644BDD25A487&sortorder=asc&column=section HTTP/1.1" 200 102857
52.167.144.230 - - [03/Nov/2024:00:27:51 +0100] "GET /ticket2/opencms/it/buy/?page=1&edid=94D791E2-A2F6-C0D4-E68D-72D6DE252AC9 HTTP/1.1" 200 100367
37.187.89.104 - - [03/Nov/2024:00:27:58 +0100] "GET /ticket2/opencms/sv/buy/?page=1&edid=8AEE234E-20C1-5EEC-44A7-091205146968&sortorder=desc&column=price HTTP/1.1" 200 101198
37.187.89.104 - - [03/Nov/2024:00:28:08 +0100] "GET /ticket2/opencms/sv/buy/?page=1&edid=8AEE234E-20C1-5EEC-44A7-091205146968&sortorder=desc&column=row HTTP/1.1" 200 101106
157.90.209.79 - - [03/Nov/2024:00:28:09 +0100] "GET /ticket2/opencms/fi/buy?page=1&edid=4DF0D9FC-63B4-BC0C-C1C6-5A8F2E684398 HTTP/1.1" 200 124888
47.236.11.214 - - [03/Nov/2024:00:28:14 +0100] "GET /ticket2/opencms/en/buy/?page=1&edid=0D33199C-853B-C4DC-F1E2-6CF75BE0B211&sortorder=asc&column=price HTTP/1.1" 200 102016
37.187.89.104 - - [03/Nov/2024:00:28:26 +0100] "GET /ticket2/opencms/sv/buy/?page=1&edid=8AEE234E-20C1-5EEC-44A7-091205146968&sortorder=desc&column=section HTTP/1.1" 200 101290
149.7.163.161 - - [03/Nov/2024:00:28:26 +0100] "GET /ticket2/opencms/ HTTP/1.1" 302 -
149.7.163.161 - - [03/Nov/2024:00:28:27 +0100] "GET /ticket2/opencms/en/ HTTP/1.1" 200 95593
149.7.163.161 - - [03/Nov/2024:00:28:27 +0100] "GET /ticket2/opencms/system/modules/com.gridnine.opencms.ticketbrokerage.site/resources/css/ticketbrokerage.css HTTP/1.1" 200 39339
149.7.163.161 - - [03/Nov/2024:00:28:28 +0100] "GET /ticket2/opencms/system/modules/com.gridnine.opencms.ticketbrokerage.site/resources/css/calendar.css HTTP/1.1" 200 6871
149.7.163.161 - - [03/Nov/2024:00:28:28 +0100] "GET /ticket2/opencms/system/modules/com.gridnine.opencms.ticketbrokerage.site/resources/css/jquery-ui.css HTTP/1.1" 200 33221
149.7.163.161 - - [03/Nov/2024:00:28:28 +0100] "GET /ticket2/opencms/system/modules/com.gridnine.opencms.ticketbrokerage.site/resources/css/jquery.fancybox.css HTTP/1.1" 200 4939
149.7.163.161 - - [03/Nov/2024:00:28:28 +0100] "GET /ticket2/opencms/system/modules/com.gridnine.opencms.ticketbrokerage.site/resources/js/jquery/jquery-ui.js HTTP/1.1" 200 228088
149.7.163.161 - - [03/Nov/2024:00:28:28 +0100] "GET /ticket2/opencms/system/modules/com.gridnine.opencms.ticketbrokerage.site/resources/js/jquery/jquery.js HTTP/1.1" 200 93868
149.7.163.161 - - [03/Nov/2024:00:28:28 +0100] "GET /ticket2/opencms/system/modules/com.gridnine.opencms.ticketbrokerage.site/resources/js/functions.js HTTP/1.1" 200 1583
149.7.163.161 - - [03/Nov/2024:00:28:28 +0100] "GET /ticket2/opencms/system/modules/com.gridnine.opencms.ticketbrokerage.site/resources/css/standard.css HTTP/1.1" 200 73073
149.7.163.161 - - [03/Nov/2024:00:28:28 +0100] "GET /ticket2/opencms/system/modules/com.gridnine.opencms.ticketbrokerage.site/resources/js/calendar.js HTTP/1.1" 200 49229
149.7.163.161 - - [03/Nov/2024:00:28:28 +0100] "GET /ticket2/opencms/system/modules/com.gridnine.opencms.ticketbrokerage.site/resources/js/calendar-setup.js HTTP/1.1" 200 4923
149.7.163.161 - - [03/Nov/2024:00:28:28 +0100] "GET /ticket2/opencms/system/modules/com.gridnine.opencms.ticketbrokerage.site/resources/js/calendar-en.js HTTP/1.1" 200 3338
149.7.163.161 - - [03/Nov/2024:00:28:28 +0100] "GET /ticket2/opencms/system/modules/com.gridnine.opencms.ticketbrokerage.site/resources/js/jquery.fancybox.pack.js HTTP/1.1" 200 23187
149.7.163.161 - - [03/Nov/2024:00:28:28 +0100] "GET /ticket2/opencms/system/modules/com.gridnine.opencms.ticketbrokerage.site/resources/js/stickyfill.min.js HTTP/1.1" 200 5672
149.7.163.161 - - [03/Nov/2024:00:28:28 +0100] "GET /ticket2/opencms/system/modules/com.gridnine.opencms.ticketbrokerage.site/resources/js/standard.js HTTP/1.1" 200 3978
149.7.163.161 - - [03/Nov/2024:00:28:28 +0100] "GET /ticket2/opencms/system/modules/com.gridnine.opencms.ticketbrokerage.site/resources/pics/logo-new.png HTTP/1.1" 200 13541
149.7.163.161 - - [03/Nov/2024:00:28:28 +0100] "GET /ticket2/opencms/system/modules/com.gridnine.opencms.ticketbrokerage.site/resources/js/jquery.placeholder.min.js HTTP/1.1" 200 1737
149.7.163.161 - - [03/Nov/2024:00:28:28 +0100] "GET /ticket2/opencms/system/modules/com.gridnine.opencms.ticketbrokerage.site/resources/js/common-ajax.js HTTP/1.1" 200 20175
47.128.28.90 - - [03/Nov/2024:00:28:28 +0100] "GET /ticket2/opencms/cs/buy?page=10&venueid=F72D7D8A-21AA-398A-828C-542FA85266B4 HTTP/1.1" 302 -
149.7.163.161 - - [03/Nov/2024:00:28:28 +0100] "GET /ticket2/opencms/system/modules/com.gridnine.opencms.ticketbrokerage.site/resources/pics/footer-img.jpg HTTP/1.1" 200 67642
149.7.163.161 - - [03/Nov/2024:00:28:28 +0100] "GET /ticket2/opencms/img/insta.png HTTP/1.1" 200 3967
149.7.163.161 - - [03/Nov/2024:00:28:28 +0100] "GET /ticket2/opencms/img/fb.png HTTP/1.1" 200 1269
149.7.163.161 - - [03/Nov/2024:00:28:28 +0100] "GET /ticket2/opencms/img/check.png HTTP/1.1" 200 548
149.7.163.161 - - [03/Nov/2024:00:28:28 +0100] "GET /ticket2/opencms/img/mail.png HTTP/1.1" 200 403
149.7.163.161 - - [03/Nov/2024:00:28:28 +0100] "GET /ticket2/opencms/img/chat.png HTTP/1.1" 200 416
149.7.163.161 - - [03/Nov/2024:00:28:28 +0100] "GET /ticket2/opencms/img/arrow.png HTTP/1.1" 200 753
149.7.163.161 - - [03/Nov/2024:00:28:28 +0100] "GET /ticket2/opencms/img/banner-ll.jpeg HTTP/1.1" 200 41825
149.7.163.161 - - [03/Nov/2024:00:28:28 +0100] "GET /ticket2/opencms/img/banner-pl.jpeg HTTP/1.1" 200 41818
149.7.163.161 - - [03/Nov/2024:00:28:28 +0100] "GET /ticket2/opencms/img/banner-sa.jpeg HTTP/1.1" 200 41270
149.7.163.161 - - [03/Nov/2024:00:28:29 +0100] "GET /ticket2/opencms/img/icons/globe-white.png HTTP/1.1" 200 947
149.7.163.161 - - [03/Nov/2024:00:28:29 +0100] "GET /ticket2/opencms/img/icons/no.png HTTP/1.1" 200 1958
149.7.163.161 - - [03/Nov/2024:00:28:29 +0100] "GET /ticket2/opencms/img/icons/en.png HTTP/1.1" 200 2415
149.7.163.161 - - [03/Nov/2024:00:28:29 +0100] "GET /ticket2/opencms/img/icons/dk.png HTTP/1.1" 200 1706
149.7.163.161 - - [03/Nov/2024:00:28:29 +0100] "GET /ticket2/opencms/img/icons/fi.png HTTP/1.1" 200 1785
149.7.163.161 - - [03/Nov/2024:00:28:29 +0100] "GET /ticket2/opencms/img/icons/se.png HTTP/1.1" 200 1258
149.7.163.161 - - [03/Nov/2024:00:28:29 +0100] "GET /ticket2/opencms/img/icons/fr.png HTTP/1.1" 200 1764
149.7.163.161 - - [03/Nov/2024:00:28:29 +0100] "GET /ticket2/opencms/img/icons/nl.png HTTP/1.1" 200 1255
149.7.163.161 - - [03/Nov/2024:00:28:29 +0100] "GET /ticket2/opencms/img/icons/de.png HTTP/1.1" 200 1124
149.7.163.161 - - [03/Nov/2024:00:28:29 +0100] "GET /ticket2/opencms/img/icons/es.png HTTP/1.1" 200 1005
149.7.163.161 - - [03/Nov/2024:00:28:29 +0100] "GET /ticket2/opencms/img/icons/it.png HTTP/1.1" 200 2040
149.7.163.161 - - [03/Nov/2024:00:28:29 +0100] "GET /ticket2/opencms/img/icons/pl.png HTTP/1.1" 200 1578
149.7.163.161 - - [03/Nov/2024:00:28:29 +0100] "GET /ticket2/opencms/img/icons/sq.png HTTP/1.1" 200 1619
149.7.163.161 - - [03/Nov/2024:00:28:29 +0100] "GET /ticket2/opencms/img/icons/be.png HTTP/1.1" 200 1663
149.7.163.161 - - [03/Nov/2024:00:28:29 +0100] "GET /ticket2/opencms/img/icons/az.png HTTP/1.1" 200 1445
47.128.28.90 - - [03/Nov/2024:00:28:29 +0100] "GET /ticket2/opencms/cs/buy/ HTTP/1.1" 200 79541
149.7.163.161 - - [03/Nov/2024:00:28:29 +0100] "GET /ticket2/opencms/img/icons/bg.png HTTP/1.1" 200 788
149.7.163.161 - - [03/Nov/2024:00:28:29 +0100] "GET /ticket2/opencms/img/icons/bs.png HTTP/1.1" 200 1014
149.7.163.161 - - [03/Nov/2024:00:28:29 +0100] "GET /ticket2/opencms/img/icons/hr.png HTTP/1.1" 200 2024
149.7.163.161 - - [03/Nov/2024:00:28:29 +0100] "GET /ticket2/opencms/img/icons/el.png HTTP/1.1" 200 1637
149.7.163.161 - - [03/Nov/2024:00:28:29 +0100] "GET /ticket2/opencms/img/icons/cs.png HTTP/1.1" 200 1883
149.7.163.161 - - [03/Nov/2024:00:28:29 +0100] "GET /ticket2/opencms/img/icons/et.png HTTP/1.1" 200 754
149.7.163.161 - - [03/Nov/2024:00:28:29 +0100] "GET /ticket2/opencms/img/icons/ka.png HTTP/1.1" 200 860
149.7.163.161 - - [03/Nov/2024:00:28:29 +0100] "GET /ticket2/opencms/img/icons/hu.png HTTP/1.1" 200 733
149.7.163.161 - - [03/Nov/2024:00:28:29 +0100] "GET /ticket2/opencms/img/icons/is.png HTTP/1.1" 200 1884
149.7.163.161 - - [03/Nov/2024:00:28:29 +0100] "GET /ticket2/opencms/img/icons/lt.png HTTP/1.1" 200 733
149.7.163.161 - - [03/Nov/2024:00:28:29 +0100] "GET /ticket2/opencms/img/icons/lv.png HTTP/1.1" 200 716
149.7.163.161 - - [03/Nov/2024:00:28:29 +0100] "GET /ticket2/opencms/img/icons/ga.png HTTP/1.1" 200 1759
149.7.163.161 - - [03/Nov/2024:00:28:29 +0100] "GET /ticket2/opencms/img/icons/mo.png HTTP/1.1" 200 1468
149.7.163.161 - - [03/Nov/2024:00:28:29 +0100] "GET /ticket2/opencms/img/icons/mt.png HTTP/1.1" 200 920
149.7.163.161 - - [03/Nov/2024:00:28:29 +0100] "GET /ticket2/opencms/img/icons/ro.png HTTP/1.1" 200 1393
149.7.163.161 - - [03/Nov/2024:00:28:29 +0100] "GET /ticket2/opencms/img/icons/sk.png HTTP/1.1" 200 1283
149.7.163.161 - - [03/Nov/2024:00:28:29 +0100] "GET /ticket2/opencms/img/icons/sr.png HTTP/1.1" 200 1602
149.7.163.161 - - [03/Nov/2024:00:28:29 +0100] "GET /ticket2/opencms/img/icons/sl.png HTTP/1.1" 200 966
149.7.163.161 - - [03/Nov/2024:00:28:30 +0100] "GET /ticket2/opencms/img/icons/uk.png HTTP/1.1" 200 1272
149.7.163.161 - - [03/Nov/2024:00:28:30 +0100] "GET /ticket2/opencms/img/icons/tr.png HTTP/1.1" 200 1636
149.7.163.161 - - [03/Nov/2024:00:28:30 +0100] "GET /ticket2/opencms/system/modules/com.gridnine.opencms.ticketbrokerage.site/resources/js/standard.js HTTP/1.1" 200 3978
149.7.163.161 - - [03/Nov/2024:00:28:30 +0100] "GET /ticket2/opencms/img/icons/ticket2.thumbnail.png HTTP/1.1" 200 21519
149.7.163.161 - - [03/Nov/2024:00:28:31 +0100] "GET /ticket2/opencms/system/modules/com.gridnine.opencms.ticketbrokerage.site/resources/css/images/ui-bg_flat_75_ffffff_40x100.png HTTP/1.1" 404 -
37.187.89.104 - - [03/Nov/2024:00:28:33 +0100] "GET /ticket2/opencms/sv/buy/?page=1&edid=8D0773D0-8F58-CB0B-B324-C0FC86F85CA2&sortorder=desc&column=price HTTP/1.1" 200 101206
47.128.63.89 - - [03/Nov/2024:00:28:35 +0100] "GET /ticket2/opencms/cs/buy/?edid=BA3841B4-B967-0CC0-2ACF-1704781B7EA7 HTTP/1.1" 200 81473
37.187.89.104 - - [03/Nov/2024:00:28:41 +0100] "GET /ticket2/opencms/sv/buy/?page=1&edid=8D0773D0-8F58-CB0B-B324-C0FC86F85CA2&sortorder=desc&column=row HTTP/1.1" 200 101114
157.90.209.79 - - [03/Nov/2024:00:28:41 +0100] "GET /ticket2/opencms/fi/buy?page=1&edid=4DFD725A-4EAE-5578-E2C8-F093AEA223CD HTTP/1.1" 200 130923
37.187.89.104 - - [03/Nov/2024:00:28:51 +0100] "GET /ticket2/opencms/sv/buy/?page=1&edid=8D0773D0-8F58-CB0B-B324-C0FC86F85CA2&sortorder=desc&column=section HTTP/1.1" 200 101298
31.13.103.112 - - [03/Nov/2024:00:28:52 +0100] "GET /ticket2/opencms/system/modules/com.gridnine.opencms.ticketbrokerage.site/resources/pics/logo-new.png HTTP/1.1" 200 13541
69.63.184.2 - - [03/Nov/2024:00:28:54 +0100] "GET /ticket2/opencms/dk/ HTTP/1.1" 200 96170
69.63.184.11 - - [03/Nov/2024:00:28:54 +0100] "GET /ticket2/opencms/dk/ HTTP/1.1" 200 96170
31.13.115.9 - - [03/Nov/2024:00:28:55 +0100] "GET /ticket2/opencms/system/modules/com.gridnine.opencms.ticketbrokerage.site/resources/pics/logo-new.png HTTP/1.1" 200 13541
157.55.39.204 - - [03/Nov/2024:00:28:57 +0100] "GET /ticket2/opencms/nl/buy/?comcatid=97ECA65A-72DA-F9AF-9DBB-245D3CFED1BE&catid=2CCC191C-F37F-B9CA-D41C-1204E575B328 HTTP/1.1" 200 86578
114.119.129.189 - - [03/Nov/2024:00:28:58 +0100] "GET /ticket2/opencms/en/buy?page=1&edid=CB50E5ED-4E55-9EA7-FE3A-EB8925A271F7 HTTP/1.1" 200 100623
85.208.96.193 - - [03/Nov/2024:00:28:59 +0100] "GET /ticket2/opencms/no/sport/fotballsbilletter/premier_league/wolverhampton/ HTTP/1.1" 200 94974
52.167.144.20 - - [03/Nov/2024:00:29:06 +0100] "GET /ticket2/opencms/fr/buy?page=1&edid=CB90B18C-10D2-A7D7-34F0-9F8E61AEE4C6 HTTP/1.1" 200 101733
37.187.89.104 - - [03/Nov/2024:00:29:06 +0100] "GET /ticket2/opencms/sv/buy/?page=1&edid=8DB2D12D-4381-A11E-3577-2FDCF873FEDB&sortorder=desc&column=row HTTP/1.1" 200 101108
85.208.96.195 - - [03/Nov/2024:00:29:09 +0100] "GET /ticket2/opencms/fi/legal_info/ HTTP/1.1" 200 79603
157.90.209.79 - - [03/Nov/2024:00:29:12 +0100] "GET /ticket2/opencms/fi/buy?page=1&edid=50375D23-8B44-5172-3FB1-755B660EE76F HTTP/1.1" 200 104717
52.167.144.214 - - [03/Nov/2024:00:29:13 +0100] "GET /ticket2/opencms/sk/about/contact HTTP/1.1" 200 77842
101.44.162.93 - - [03/Nov/2024:00:29:16 +0100] "GET /ticket2/opencms/en/buy?edid=01A43DF5-256F-8380-5389-DDDBFA700A48&page=1 HTTP/1.1" 200 100251
47.128.30.31 - - [03/Nov/2024:00:29:18 +0100] "GET /ticket2/opencms/hu/buy/?catid=2FC3D548-EAF9-1354-0CD2-7D7619DA2334&comcatid=A17713B6-D984-201A-4143-ED4DB5ED5C2E HTTP/1.1" 200 93807
37.187.89.104 - - [03/Nov/2024:00:29:19 +0100] "GET /ticket2/opencms/sv/buy/?page=1&edid=8DB2D12D-4381-A11E-3577-2FDCF873FEDB&sortorder=desc&column=section HTTP/1.1" 200 101292
185.191.171.18 - - [03/Nov/2024:00:29:22 +0100] "GET /ticket2/opencms/sv/sport/fotbollsbiljetter/premier_league/west_ham_united/ HTTP/1.1" 200 95930
157.55.39.197 - - [03/Nov/2024:00:29:22 +0100] "GET /ticket2/opencms/be/buy?page=1&edid=41F5B701-C771-89CC-8168-6F97CAE87DD1 HTTP/1.1" 200 100619
37.187.89.104 - - [03/Nov/2024:00:29:34 +0100] "GET /ticket2/opencms/sv/buy/?page=1&edid=90C1A66E-428C-A76C-A159-667BE9685E00&sortorder=asc&column=row HTTP/1.1" 200 101530
85.208.96.210 - - [03/Nov/2024:00:29:37 +0100] "GET /ticket2/opencms/de/sport/fussball-tickets/serie_a/hellas_verona/ HTTP/1.1" 200 89060
157.90.209.79 - - [03/Nov/2024:00:29:44 +0100] "GET /ticket2/opencms/fi/buy?page=1&edid=50D37B13-6F20-71F9-54D9-90E7B6C8DECF HTTP/1.1" 200 129579
185.191.171.8 - - [03/Nov/2024:00:29:50 +0100] "GET /ticket2/opencms/robots.txt HTTP/1.1" 200 773
47.128.44.212 - - [03/Nov/2024:00:29:51 +0100] "GET /ticket2/opencms/hu/buy?edid=928BB7D5-7B45-3D87-4539-AB69908A1985 HTTP/1.1" 200 81485
185.191.171.7 - - [03/Nov/2024:00:29:51 +0100] "GET /ticket2/opencms/fr/magazine/article?title=burnley-fc HTTP/1.1" 200 81077
37.187.89.104 - - [03/Nov/2024:00:29:52 +0100] "GET /ticket2/opencms/sv/buy/?page=1&edid=90C1A66E-428C-A76C-A159-667BE9685E00&sortorder=desc&column=row HTTP/1.1" 200 101575
185.191.171.7 - - [03/Nov/2024:00:29:54 +0100] "GET /ticket2/opencms/sq/buy_safety/ HTTP/1.1" 200 80956
149.7.163.161 - - [03/Nov/2024:00:30:03 +0100] "GET /ticket2/opencms/ HTTP/1.1" 302 -
37.187.89.104 - - [03/Nov/2024:00:30:06 +0100] "GET /ticket2/opencms/sv/buy/?page=1&edid=9123A7B7-3E88-B215-0AE9-AAC00AFBF0A0&sortorder=desc&column=price HTTP/1.1" 200 101195
149.7.163.161 - - [03/Nov/2024:00:30:08 +0100] "GET /ticket2/opencms/en/ HTTP/1.1" 200 95593
149.7.163.161 - - [03/Nov/2024:00:30:08 +0100] "GET /ticket2/opencms/system/modules/com.gridnine.opencms.ticketbrokerage.site/resources/css/ticketbrokerage.css HTTP/1.1" 200 39339
149.7.163.161 - - [03/Nov/2024:00:30:08 +0100] "GET /ticket2/opencms/system/modules/com.gridnine.opencms.ticketbrokerage.site/resources/css/standard.css HTTP/1.1" 200 73073
149.7.163.161 - - [03/Nov/2024:00:30:08 +0100] "GET /ticket2/opencms/system/modules/com.gridnine.opencms.ticketbrokerage.site/resources/js/functions.js HTTP/1.1" 200 1583
149.7.163.161 - - [03/Nov/2024:00:30:08 +0100] "GET /ticket2/opencms/system/modules/com.gridnine.opencms.ticketbrokerage.site/resources/css/calendar.css HTTP/1.1" 200 6871
149.7.163.161 - - [03/Nov/2024:00:30:08 +0100] "GET /ticket2/opencms/system/modules/com.gridnine.opencms.ticketbrokerage.site/resources/js/calendar-en.js HTTP/1.1" 200 3338
149.7.163.161 - - [03/Nov/2024:00:30:08 +0100] "GET /ticket2/opencms/system/modules/com.gridnine.opencms.ticketbrokerage.site/resources/js/calendar.js HTTP/1.1" 200 49229
149.7.163.161 - - [03/Nov/2024:00:30:08 +0100] "GET /ticket2/opencms/system/modules/com.gridnine.opencms.ticketbrokerage.site/resources/js/calendar-setup.js HTTP/1.1" 200 4923
149.7.163.161 - - [03/Nov/2024:00:30:08 +0100] "GET /ticket2/opencms/system/modules/com.gridnine.opencms.ticketbrokerage.site/resources/js/standard.js HTTP/1.1" 200 3978
66.249.65.107 - - [03/Nov/2024:00:30:09 +0100] "GET /ticket2/opencms/set_aff_cookie.jsp?partner=53673ED6-1455-FA54-818F-B1F67121E37C&url=%2Fsv%2Fbuy%2Findex.html%3Fpage%3D1%26edid%3D490A3EB7-122E-45F6-B34E-808127A7B906%26hlv%3D66d04ae9-c138-4a6f-99a1-06ae0a01000f%23v_1301254887 HTTP/1.1" 200 226
47.128.51.199 - - [03/Nov/2024:00:30:10 +0100] "GET /ticket2/opencms/ka/buy/?catid=061607E6-22B7-6FFA-03FD-A4B8B13A943F&comcatid=A17713B6-D984-201A-4143-ED4DB5ED5C2E HTTP/1.1" 200 95259
196.196.220.126 - - [03/Nov/2024:00:30:11 +0100] "GET /ticket2/opencms/ HTTP/1.1" 302 -
196.196.220.126 - - [03/Nov/2024:00:30:13 +0100] "GET /ticket2/opencms/en/ HTTP/1.1" 200 95593
173.252.107.112 - - [03/Nov/2024:00:30:15 +0100] "GET /ticket2/opencms/ HTTP/1.1" 302 -
157.90.209.79 - - [03/Nov/2024:00:30:16 +0100] "GET /ticket2/opencms/fi/buy?page=1&edid=551618B5-3860-8837-909D-AC46BA2A0628 HTTP/1.1" 200 101329
114.119.133.220 - - [03/Nov/2024:00:30:17 +0100] "GET /ticket2/opencms/en/venue/?venueid=D6F2B52F-C215-0A5B-8206-F685BCC6BD43 HTTP/1.1" 200 77043
37.187.89.104 - - [03/Nov/2024:00:30:19 +0100] "GET /ticket2/opencms/sv/buy/?page=1&edid=9123A7B7-3E88-B215-0AE9-AAC00AFBF0A0&sortorder=desc&column=row HTTP/1.1" 200 101103
37.123.143.11 - - [03/Nov/2024:00:30:22 +0100] "GET /ticket2/opencms/system/workplace/views/top_foot.jsp?wpFrame=foot HTTP/1.1" 200 1210
37.123.143.11 - - [03/Nov/2024:00:30:22 +0100] "GET /ticket2/opencms/system/workplace/commons/style/workplace.css HTTP/1.1" 200 14209
37.187.89.104 - - [03/Nov/2024:00:30:30 +0100] "GET /ticket2/opencms/sv/buy/?page=1&edid=9123A7B7-3E88-B215-0AE9-AAC00AFBF0A0&sortorder=desc&column=section HTTP/1.1" 200 101287
185.191.171.16 - - [03/Nov/2024:00:30:33 +0100] "GET /ticket2/opencms/nl/sport/voetbal-tickets/bundesliga/ HTTP/1.1" 200 82828
37.187.89.104 - - [03/Nov/2024:00:30:34 +0100] "GET /ticket2/opencms/sv/buy/?page=1&edid=91B54E6E-0900-756C-0831-B2A406984595&sortorder=asc&column=price HTTP/1.1" 200 99000
37.187.89.104 - - [03/Nov/2024:00:30:39 +0100] "GET /ticket2/opencms/sv/buy/?page=1&edid=91B54E6E-0900-756C-0831-B2A406984595&sortorder=asc&column=section HTTP/1.1" 200 99092
47.128.48.149 - - [03/Nov/2024:00:30:41 +0100] "GET /ticket2/opencms/fi/venue/?venueid=F01492AB-E24E-0642-65F1-7BCAAE719FAD HTTP/1.1" 200 78550
66.220.149.10 - - [03/Nov/2024:00:30:43 +0100] "GET /ticket2/opencms/ga/buy?page=1&edid=0F9D6B87-FBA2-98F6-6A11-CBBA4D2A86C1 HTTP/1.1" 200 133495
37.187.89.104 - - [03/Nov/2024:00:30:43 +0100] "GET /ticket2/opencms/sv/buy/?page=1&edid=92345A32-026D-C8EF-B39E-A12A13FE7F80&sortorder=asc&column=row HTTP/1.1" 200 102121
157.90.209.79 - - [03/Nov/2024:00:30:48 +0100] "GET /ticket2/opencms/fi/buy?page=1&edid=56062CAE-66F5-81C7-DD42-F372CD5AE180 HTTP/1.1" 200 126300
40.77.167.78 - - [03/Nov/2024:00:30:48 +0100] "GET /ticket2/opencms/az/ HTTP/1.1" 200 97296
37.187.89.104 - - [03/Nov/2024:00:30:49 +0100] "GET /ticket2/opencms/sv/buy/?page=1&edid=92E7ECBC-342E-CE34-955B-0DCC6B5CEB6B&sortorder=asc&column=price HTTP/1.1" 200 101122
54.36.149.50 - - [03/Nov/2024:00:30:49 +0100] "GET /ticket2/opencms/de/magazine/article?title=emirates-stadion HTTP/1.1" 200 83964
37.187.89.104 - - [03/Nov/2024:00:30:53 +0100] "GET /ticket2/opencms/sv/buy/?page=1&edid=92E7ECBC-342E-CE34-955B-0DCC6B5CEB6B&sortorder=asc&column=row HTTP/1.1" 200 101030
47.128.47.242 - - [03/Nov/2024:00:30:54 +0100] "GET /ticket2/opencms/sr/buy/?edid=4E7205D6-706A-C532-7304-E1DEEF899767 HTTP/1.1" 200 81862
37.187.89.104 - - [03/Nov/2024:00:30:57 +0100] "GET /ticket2/opencms/sv/buy/?page=1&edid=92E7ECBC-342E-CE34-955B-0DCC6B5CEB6B&sortorder=asc&column=section HTTP/1.1" 200 101214
52.167.144.217 - - [03/Nov/2024:00:30:59 +0100] "GET /ticket2/opencms/dk/buy?page=1&edid=BA98F497-79D9-0BA1-3E19-B45BB0763E07 HTTP/1.1" 200 101169
40.77.167.44 - - [03/Nov/2024:00:31:01 +0100] "GET /ticket2/opencms/it/buy_safety HTTP/1.1" 200 83918
47.128.40.176 - - [03/Nov/2024:00:31:01 +0100] "GET /ticket2/opencms/el/buy/?catid=3B549160-8B9C-E872-44A9-20FEA86B30E8&comcatid=A17713B6-D984-201A-4143-ED4DB5ED5C2E HTTP/1.1" 200 94617
37.187.89.104 - - [03/Nov/2024:00:31:02 +0100] "GET /ticket2/opencms/sv/buy/?page=1&edid=92E7ECBC-342E-CE34-955B-0DCC6B5CEB6B&sortorder=desc&column=price HTTP/1.1" 200 101167
47.128.41.11 - - [03/Nov/2024:00:31:05 +0100] "GET /ticket2/opencms/mt/buy/?catid=0A6C99D2-F5BD-7A18-9A5F-5668827042E0&comcatid=A17713B6-D984-201A-4143-ED4DB5ED5C2E&npage=2 HTTP/1.1" 200 155959
37.187.89.104 - - [03/Nov/2024:00:31:07 +0100] "GET /ticket2/opencms/sv/buy/?page=1&edid=92E7ECBC-342E-CE34-955B-0DCC6B5CEB6B&sortorder=desc&column=row HTTP/1.1" 200 101075
37.187.89.104 - - [03/Nov/2024:00:31:10 +0100] "GET /ticket2/opencms/sv/buy/?page=1&edid=94F1C05A-507B-A4EE-6E97-E2D23CF823B1&sortorder=desc&column=price HTTP/1.1" 200 101195
47.128.125.242 - - [03/Nov/2024:00:31:14 +0100] "GET /ticket2/opencms/ro/buy?page=10 HTTP/1.1" 302 -
37.187.89.104 - - [03/Nov/2024:00:31:14 +0100] "GET /ticket2/opencms/sv/buy/?page=1&edid=94F1C05A-507B-A4EE-6E97-E2D23CF823B1&sortorder=desc&column=row HTTP/1.1" 200 101103
114.119.141.206 - - [03/Nov/2024:00:31:15 +0100] "GET /ticket2/opencms/en/venue/?venueid=E4026088-40C0-F304-64D2-D270529B891B HTTP/1.1" 200 77009
47.128.125.242 - - [03/Nov/2024:00:31:15 +0100] "GET /ticket2/opencms/es/buy/ HTTP/1.1" 200 79196
207.46.13.6 - - [03/Nov/2024:00:31:18 +0100] "GET /ticket2/opencms/sk/buy?page=1&edid=ACB1E7D7-0E7C-427B-E737-7A4E15C5EE0F HTTP/1.1" 200 101719
37.187.89.104 - - [03/Nov/2024:00:31:19 +0100] "GET /ticket2/opencms/sv/buy/?page=1&edid=94F1C05A-507B-A4EE-6E97-E2D23CF823B1&sortorder=desc&column=section HTTP/1.1" 200 101287
157.90.209.79 - - [03/Nov/2024:00:31:19 +0100] "GET /ticket2/opencms/fi/buy?page=1&edid=56B38CDE-C52C-9D5C-A997-D65F4CB742AB HTTP/1.1" 200 130919
37.187.89.104 - - [03/Nov/2024:00:31:23 +0100] "GET /ticket2/opencms/sv/buy/?page=1&edid=9511171E-0491-D0A4-7EC1-DB5165AD7ECB&sortorder=asc&column=price HTTP/1.1" 200 101815
37.187.89.104 - - [03/Nov/2024:00:31:28 +0100] "GET /ticket2/opencms/sv/buy/?page=1&edid=9511171E-0491-D0A4-7EC1-DB5165AD7ECB&sortorder=asc&column=section HTTP/1.1" 200 101907
47.128.111.83 - - [03/Nov/2024:00:31:30 +0100] "GET /ticket2/opencms/dk/about/contact/ HTTP/1.1" 200 79970
37.187.89.104 - - [03/Nov/2024:00:31:33 +0100] "GET /ticket2/opencms/sv/buy/?page=1&edid=9511171E-0491-D0A4-7EC1-DB5165AD7ECB&sortorder=desc&column=price HTTP/1.1" 200 101860
37.187.89.104 - - [03/Nov/2024:00:31:37 +0100] "GET /ticket2/opencms/sv/buy/?page=1&edid=9511171E-0491-D0A4-7EC1-DB5165AD7ECB&sortorder=desc&column=row HTTP/1.1" 200 101768
37.187.89.104 - - [03/Nov/2024:00:31:43 +0100] "GET /ticket2/opencms/sv/buy/?page=1&edid=9511171E-0491-D0A4-7EC1-DB5165AD7ECB&sortorder=desc&column=section HTTP/1.1" 200 101952
157.90.209.79 - - [03/Nov/2024:00:31:51 +0100] "GET /ticket2/opencms/fi/buy?page=1&edid=57449F59-3EAF-BBAB-4AC9-B7A456A32485 HTTP/1.1" 200 114019
37.187.89.104 - - [03/Nov/2024:00:31:51 +0100] "GET /ticket2/opencms/sv/buy/?page=1&edid=959C78A0-FD4F-927B-91FE-B14712A9B8D2&sortorder=asc&column=price HTTP/1.1" 200 98985
47.128.114.167 - - [03/Nov/2024:00:31:53 +0100] "GET /ticket2/opencms/ka/buy/?catid=F03B8ADD-988E-AE6A-8DBA-AF502C691C60&comcatid=A17713B6-D984-201A-4143-ED4DB5ED5C2E HTTP/1.1" 200 95267
47.128.48.81 - - [03/Nov/2024:00:31:54 +0100] "GET /ticket2/opencms/es/faq HTTP/1.1" 200 85273
31.13.127.37 - - [03/Nov/2024:00:31:54 +0100] "GET /ticket2/opencms/dk/ HTTP/1.1" 200 96170
47.128.48.81 - - [03/Nov/2024:00:31:55 +0100] "GET /ticket2/opencms/system/modules/com.gridnine.opencms.ticketbrokerage.site/resources/css/images/event-banner.png HTTP/1.1" 404 -
37.187.89.104 - - [03/Nov/2024:00:31:57 +0100] "GET /ticket2/opencms/sv/buy/?page=1&edid=959C78A0-FD4F-927B-91FE-B14712A9B8D2&sortorder=asc&column=row HTTP/1.1" 200 98893
185.191.171.9 - - [03/Nov/2024:00:32:01 +0100] "GET /ticket2/opencms/nl/sport/voetbal-tickets/la_liga/hercules/ HTTP/1.1" 200 77566
37.187.89.104 - - [03/Nov/2024:00:32:01 +0100] "GET /ticket2/opencms/sv/buy/?page=1&edid=959C78A0-FD4F-927B-91FE-B14712A9B8D2&sortorder=asc&column=section HTTP/1.1" 200 99077
37.187.89.104 - - [03/Nov/2024:00:32:07 +0100] "GET /ticket2/opencms/sv/buy/?page=1&edid=95E4E2A2-4247-D538-792A-CB077C5BE454&sortorder=asc&column=row HTTP/1.1" 200 102651
37.187.89.104 - - [03/Nov/2024:00:32:12 +0100] "GET /ticket2/opencms/sv/buy/?page=1&edid=95E4E2A2-4247-D538-792A-CB077C5BE454&sortorder=desc&column=price HTTP/1.1" 200 102788
37.187.89.104 - - [03/Nov/2024:00:32:17 +0100] "GET /ticket2/opencms/sv/buy/?page=1&edid=95E4E2A2-4247-D538-792A-CB077C5BE454&sortorder=desc&column=row HTTP/1.1" 200 102696
47.128.124.44 - - [03/Nov/2024:00:32:18 +0100] "GET /ticket2/opencms/fi/venue/?venueid=96539DDC-CDCA-A3C1-3DBB-D494F72CCC3C HTTP/1.1" 200 78541
37.187.89.104 - - [03/Nov/2024:00:32:22 +0100] "GET /ticket2/opencms/sv/buy/?page=1&edid=95F41943-EC5A-3A74-8FD2-CF98CDE2C1F8&sortorder=desc&column=price HTTP/1.1" 200 101170
157.90.209.79 - - [03/Nov/2024:00:32:23 +0100] "GET /ticket2/opencms/fi/buy?page=1&edid=57C8D150-DCBD-4911-196A-160A37952FA8 HTTP/1.1" 200 130247
37.187.89.104 - - [03/Nov/2024:00:32:27 +0100] "GET /ticket2/opencms/sv/buy/?page=1&edid=9684AE15-3EBA-E7D5-508A-98E4C96CF74C HTTP/1.1" 200 100998
37.187.89.104 - - [03/Nov/2024:00:32:32 +0100] "GET /ticket2/opencms/sv/buy/?page=1&edid=97EFCA4B-1A89-461E-E754-546D561A9730&sortorder=asc&column=section HTTP/1.1" 200 99076
47.128.57.216 - - [03/Nov/2024:00:32:37 +0100] "GET /ticket2/opencms/sq/buy?edid=6CCB6961-ECB4-18EA-B62D-06E43B7F1D47 HTTP/1.1" 200 81498
37.187.89.104 - - [03/Nov/2024:00:32:38 +0100] "GET /ticket2/opencms/sv/buy/?page=1&edid=97FFC658-3656-07F3-28A9-C13389584DC3&sortorder=desc&column=price HTTP/1.1" 200 102067
37.187.89.104 - - [03/Nov/2024:00:32:42 +0100] "GET /ticket2/opencms/sv/buy/?page=1&edid=97FFC658-3656-07F3-28A9-C13389584DC3&sortorder=desc&column=row HTTP/1.1" 200 101975
47.128.63.64 - - [03/Nov/2024:00:32:42 +0100] "GET /ticket2/opencms/it/buy/?catid=2E79AED8-FF58-B4E8-AFB0-43E7CEBE7864&comcatid=97ECA65A-72DA-F9AF-9DBB-245D3CFED1BE HTTP/1.1" 200 88310
52.167.144.202 - - [03/Nov/2024:00:32:44 +0100] "GET /ticket2/opencms/en/ HTTP/1.1" 200 95593
47.128.48.159 - - [03/Nov/2024:00:32:45 +0100] "GET /ticket2/opencms/sv/sport/fotbollsbiljetter/la_liga/deportivo_alaves/ HTTP/1.1" 200 92918
47.128.48.159 - - [03/Nov/2024:00:32:46 +0100] "GET /ticket2/opencms/system/modules/com.gridnine.opencms.ticketbrokerage.site/resources/pics/banners/sv/Alaves.jpg HTTP/1.1" 200 31951
37.187.89.104 - - [03/Nov/2024:00:32:47 +0100] "GET /ticket2/opencms/sv/buy/?page=1&edid=98951E9F-7C48-8DE1-92D6-9D2BD2FE9A27 HTTP/1.1" 200 100542
216.244.66.238 - - [03/Nov/2024:00:32:51 +0100] "GET /ticket2/opencms/hr/sport/nogometne-ulaznice/premier-league/wolverhampton/ HTTP/1.1" 200 97432
37.187.89.104 - - [03/Nov/2024:00:32:52 +0100] "GET /ticket2/opencms/sv/buy/?page=1&edid=98951E9F-7C48-8DE1-92D6-9D2BD2FE9A27&sortorder=asc&column=price HTTP/1.1" 200 101820
157.90.209.79 - - [03/Nov/2024:00:32:54 +0100] "GET /ticket2/opencms/fi/buy?page=1&edid=5841328A-911D-5943-EBD4-7800C7848F54 HTTP/1.1" 200 101933
37.187.89.104 - - [03/Nov/2024:00:32:56 +0100] "GET /ticket2/opencms/sv/buy/?page=1&edid=98951E9F-7C48-8DE1-92D6-9D2BD2FE9A27&sortorder=asc&column=row HTTP/1.1" 200 101728
185.191.171.4 - - [03/Nov/2024:00:32:59 +0100] "GET /ticket2/opencms/az/buying_tickets/ HTTP/1.1" 200 80722
37.187.89.104 - - [03/Nov/2024:00:33:01 +0100] "GET /ticket2/opencms/sv/buy/?page=1&edid=98951E9F-7C48-8DE1-92D6-9D2BD2FE9A27&sortorder=asc&column=section HTTP/1.1" 200 101912
37.187.89.104 - - [03/Nov/2024:00:33:06 +0100] "GET /ticket2/opencms/sv/buy/?page=1&edid=98951E9F-7C48-8DE1-92D6-9D2BD2FE9A27&sortorder=desc&column=price HTTP/1.1" 200 101865
47.128.61.161 - - [03/Nov/2024:00:33:07 +0100] "GET /ticket2/opencms/sr/buy/?catid=06324577-7173-BAB0-146D-E644C912F7C1&comcatid=A17713B6-D984-201A-4143-ED4DB5ED5C2E&npage=2 HTTP/1.1" 200 245714
216.244.66.238 - - [03/Nov/2024:00:33:08 +0100] "GET /ticket2/opencms/mo/buy?page=1&edid=EE5FBB3F-5DE5-7AF4-5DB6-F4D1706153C7 HTTP/1.1" 200 102070
37.187.89.104 - - [03/Nov/2024:00:33:10 +0100] "GET /ticket2/opencms/sv/buy/?page=1&edid=98951E9F-7C48-8DE1-92D6-9D2BD2FE9A27&sortorder=desc&column=row HTTP/1.1" 200 101773
52.167.144.230 - - [03/Nov/2024:00:33:12 +0100] "GET /ticket2/opencms/et/buy/?page=1&edid=729B4624-40AD-E7A7-F9BA-94230F6FDC91 HTTP/1.1" 200 130896
47.128.37.57 - - [03/Nov/2024:00:33:13 +0100] "GET /ticket2/opencms/sr/buy/?edid=9D89B626-BE34-D0AA-2430-149AC630E583 HTTP/1.1" 200 81862
66.249.73.39 - - [03/Nov/2024:00:33:13 +0100] "GET /ticket2/opencms/bs/ HTTP/1.1" 200 96859
37.187.89.104 - - [03/Nov/2024:00:33:15 +0100] "GET /ticket2/opencms/sv/buy/?page=1&edid=99B50F9B-1D3F-89A8-66B0-19EC5F544B5E&sortorder=asc&column=row HTTP/1.1" 200 102813
66.249.73.37 - - [03/Nov/2024:00:33:17 +0100] "GET /ticket2/opencms/de/buy?page=1&edid=BA98F497-79D9-0BA1-3E19-B45BB0763E07 HTTP/1.1" 200 101970
37.187.89.104 - - [03/Nov/2024:00:33:21 +0100] "GET /ticket2/opencms/sv/buy/?page=1&edid=99D4B172-B76D-E7FE-A3D7-CF4303CA6648&sortorder=asc&column=price HTTP/1.1" 200 101129
157.90.209.79 - - [03/Nov/2024:00:33:25 +0100] "GET /ticket2/opencms/fi/buy?page=1&edid=594BB2EC-0131-3CF2-28F5-D32596AEC319 HTTP/1.1" 200 102469
37.187.89.104 - - [03/Nov/2024:00:33:28 +0100] "GET /ticket2/opencms/sv/buy/?page=1&edid=99D4B172-B76D-E7FE-A3D7-CF4303CA6648&sortorder=desc&column=row HTTP/1.1" 200 101082
47.128.40.82 - - [03/Nov/2024:00:33:33 +0100] "GET /ticket2/opencms/fi/venue/?venueid=8D217A69-8B46-AC3D-8655-CBEED67203A8 HTTP/1.1" 200 78578
37.187.89.104 - - [03/Nov/2024:00:33:34 +0100] "GET /ticket2/opencms/sv/buy/?page=1&edid=99DB9E77-70E3-40F6-B912-7F69CD600D7C&sortorder=desc&column=price HTTP/1.1" 200 102272
47.128.22.40 - - [03/Nov/2024:00:33:36 +0100] "GET /ticket2/opencms/et/buy/?catid=A4D9EA9A-192D-0274-BF26-9C98D8B902AB&comcatid=A17713B6-D984-201A-4143-ED4DB5ED5C2E HTTP/1.1" 200 113401
37.187.89.104 - - [03/Nov/2024:00:33:39 +0100] "GET /ticket2/opencms/sv/buy/?page=1&edid=99DB9E77-70E3-40F6-B912-7F69CD600D7C&sortorder=desc&column=row HTTP/1.1" 200 102180
46.230.140.41 - - [03/Nov/2024:00:33:41 +0100] "GET /ticket2/opencms/no/sport/fotballsbilletter/premier_league/?gad_source=5&gclid=EAIaIQobChMIxJ-Pj-i-iQMVJxyiAx3YSAxAEAEYASAAEgJuS_D_BwE HTTP/1.1" 200 86206
185.191.171.7 - - [03/Nov/2024:00:33:42 +0100] "GET /ticket2/opencms/en/sport/football-tickets/bundesliga/heidenheim/ HTTP/1.1" 200 86178
37.187.89.104 - - [03/Nov/2024:00:33:43 +0100] "GET /ticket2/opencms/sv/buy/?page=1&edid=9A0267FD-CC20-E07C-EBC5-23316BEED438 HTTP/1.1" 200 97697
46.230.140.41 - - [03/Nov/2024:00:33:47 +0100] "GET /ticket2/opencms/system/modules/com.gridnine.opencms.ticketbrokerage.site/resources/css/images/ui-bg_flat_75_ffffff_40x100.png HTTP/1.1" 404 -
37.187.89.104 - - [03/Nov/2024:00:33:47 +0100] "GET /ticket2/opencms/sv/buy/?page=1&edid=9AFE2803-9D25-C6E6-8BD9-C9F1130FF6D1&sortorder=desc&column=price HTTP/1.1" 200 101847
37.187.89.104 - - [03/Nov/2024:00:33:51 +0100] "GET /ticket2/opencms/sv/buy/?page=1&edid=9AFE2803-9D25-C6E6-8BD9-C9F1130FF6D1&sortorder=desc&column=section HTTP/1.1" 200 101939
47.128.60.142 - - [03/Nov/2024:00:33:55 +0100] "GET /ticket2/opencms/bs/buy/?comcatid=A17713B6-D984-201A-4143-ED4DB5ED5C2E&npage=6 HTTP/1.1" 200 145536
85.208.96.201 - - [03/Nov/2024:00:33:56 +0100] "GET /ticket2/opencms/uk/buy_safety/ HTTP/1.1" 200 81540
37.187.89.104 - - [03/Nov/2024:00:33:56 +0100] "GET /ticket2/opencms/sv/buy/?page=1&edid=9BF626A2-EF2F-BFD7-1B53-34BFAE4B155A&sortorder=asc&column=section HTTP/1.1" 200 102319
114.119.145.123 - - [03/Nov/2024:00:33:57 +0100] "GET /ticket2/opencms/en/buy?page=1&edid=CADE7D67-5381-2FA1-8307-17A68D9AA917 HTTP/1.1" 200 99300
157.90.209.79 - - [03/Nov/2024:00:33:57 +0100] "GET /ticket2/opencms/fi/buy?page=1&edid=5CB80305-FAB3-0B17-6A63-E12060ABE282 HTTP/1.1" 200 124904
47.128.36.127 - - [03/Nov/2024:00:34:00 +0100] "GET /ticket2/opencms/be/buy?edid=58191E9F-859F-D479-F3B3-FBCE20F76FBB HTTP/1.1" 200 82069
37.187.89.104 - - [03/Nov/2024:00:34:01 +0100] "GET /ticket2/opencms/sv/buy/?page=1&edid=9C5757BB-1F90-FE2F-A8D1-6C821A4E65C7&sortorder=asc&column=price HTTP/1.1" 200 102024
37.187.89.104 - - [03/Nov/2024:00:34:05 +0100] "GET /ticket2/opencms/sv/buy/?page=1&edid=9C5757BB-1F90-FE2F-A8D1-6C821A4E65C7&sortorder=asc&column=section HTTP/1.1" 200 102116
37.187.89.104 - - [03/Nov/2024:00:34:09 +0100] "GET /ticket2/opencms/sv/buy/?page=1&edid=9E6B40C5-4DED-B6A2-4412-16601F0EAAEF HTTP/1.1" 200 100326
66.249.73.37 - - [03/Nov/2024:00:34:12 +0100] "GET /ticket2/opencms/de/buy?page=1&edid=1AD4E11C-C792-1721-4D1A-2229101A30FD HTTP/1.1" 200 134523
37.187.89.104 - - [03/Nov/2024:00:34:13 +0100] "GET /ticket2/opencms/sv/buy/?page=1&edid=A091C331-64B9-897A-6AFC-8343A75EC5CB&sortorder=asc&column=section HTTP/1.1" 200 102331
