193.70.81.106 - - [03/Nov/2024:05:22:44 +0100] "GET /ticket2/opencms/se/sv/sell/?edid=64D27571-56AC-6DBD-97C1-AA8F4E5FC92F HTTP/1.1" 404 -
157.90.209.79 - - [03/Nov/2024:05:22:44 +0100] "GET /ticket2/opencms/is/about/contact/ HTTP/1.1" 200 77828
193.70.81.106 - - [03/Nov/2024:05:22:49 +0100] "GET /ticket2/opencms/se/sv/sell/?edid=69506FC1-DC51-E940-143C-703B80149366 HTTP/1.1" 404 -
157.90.209.79 - - [03/Nov/2024:05:22:50 +0100] "GET /ticket2/opencms/is/about/press/ HTTP/1.1" 200 80323
154.54.249.216 - - [03/Nov/2024:05:22:52 +0100] "GET /ticket2/opencms/sr/buy?page=1&edid=19E84C52-A446-E058-5C60-ACFF6737EAAA HTTP/1.1" 200 99102
66.249.74.5 - - [03/Nov/2024:05:22:52 +0100] "GET /ticket2/opencms/lt/buy/?page=1&edid=1451D7F8-73F8-CDFB-097A-1DC5AB9EA78D HTTP/1.1" 200 111278
47.128.48.164 - - [03/Nov/2024:05:22:52 +0100] "GET /ticket2/opencms/az/faq/ HTTP/1.1" 200 82175
157.90.209.79 - - [03/Nov/2024:05:22:52 +0100] "GET /ticket2/opencms/is/buy/ HTTP/1.1" 200 79548
47.128.30.152 - - [03/Nov/2024:05:22:53 +0100] "GET /ticket2/opencms/fi/venue/?venueid=55299A70-277E-39AD-746B-1A3BED684DD4 HTTP/1.1" 200 78547
193.70.81.106 - - [03/Nov/2024:05:22:54 +0100] "GET /ticket2/opencms/se/sv/sell/?edid=6A0E76D9-4BC0-1E27-1E24-CADAE4F2D5B8 HTTP/1.1" 404 -
66.249.74.5 - - [03/Nov/2024:05:22:54 +0100] "GET /ticket2/opencms/system/modules/com.gridnine.opencms.ticketbrokerage.site/resources/css/standard.css HTTP/1.1" 200 73073
17.241.75.65 - - [03/Nov/2024:05:22:54 +0100] "GET /ticket2/opencms/fi/buy/?page=1&edid=D83D9EEB-6ED3-D67C-5138-5673E4AE464F HTTP/1.1" 200 101976
157.90.209.79 - - [03/Nov/2024:05:22:58 +0100] "GET /ticket2/opencms/is/buy/football-tickets/capitalonecup HTTP/1.1" 404 -
193.70.81.106 - - [03/Nov/2024:05:22:59 +0100] "GET /ticket2/opencms/se/sv/sell/?edid=6B33CB5E-7804-9797-9A98-09B579901714 HTTP/1.1" 404 -
217.113.194.213 - - [03/Nov/2024:05:23:00 +0100] "GET /ticket2/opencms/sr/buy?page=1&edid=1432157A-B263-4513-C3E0-79C3B9ACB4CD HTTP/1.1" 200 101672
85.208.96.211 - - [03/Nov/2024:05:23:01 +0100] "GET /ticket2/opencms/dk/sport/fodboldbilletter/serie-a/genoa/ HTTP/1.1" 200 86259
157.90.209.79 - - [03/Nov/2024:05:23:03 +0100] "GET /ticket2/opencms/is/buy/football-tickets/championship HTTP/1.1" 404 -
193.70.81.106 - - [03/Nov/2024:05:23:04 +0100] "GET /ticket2/opencms/se/sv/sell/?edid=6DB046DB-410B-73D4-9D8B-16FCC7635D61 HTTP/1.1" 404 -
157.90.209.79 - - [03/Nov/2024:05:23:05 +0100] "GET /ticket2/opencms/is/buy/football-tickets/championsleague HTTP/1.1" 404 -
157.90.209.79 - - [03/Nov/2024:05:23:06 +0100] "GET /ticket2/opencms/is/buy/football-tickets/eredivisie HTTP/1.1" 404 -
157.90.209.79 - - [03/Nov/2024:05:23:08 +0100] "GET /ticket2/opencms/is/buy/football-tickets/europaleague HTTP/1.1" 404 -
217.113.194.214 - - [03/Nov/2024:05:23:09 +0100] "GET /ticket2/opencms/sr/buy?page=1&edid=41CD7066-237A-B852-387D-3D5D7B688DF9 HTTP/1.1" 200 130735
193.70.81.106 - - [03/Nov/2024:05:23:09 +0100] "GET /ticket2/opencms/se/sv/sell/?edid=6E0E607E-1672-92ED-4ADC-66D609CB45A8 HTTP/1.1" 404 -
111.119.197.131 - - [03/Nov/2024:05:23:10 +0100] "GET /ticket2/opencms/en/magazine/article?title=mohamed-salah-extend-with-liverpool HTTP/1.1" 200 81401
157.90.209.79 - - [03/Nov/2024:05:23:10 +0100] "GET /ticket2/opencms/is/buy/football-tickets/facup HTTP/1.1" 404 -
193.70.81.106 - - [03/Nov/2024:05:23:14 +0100] "GET /ticket2/opencms/se/sv/sell/?edid=6E5B69BA-BAC6-DB5A-4781-6AB592C7D855 HTTP/1.1" 404 -
157.90.209.79 - - [03/Nov/2024:05:23:14 +0100] "GET /ticket2/opencms/is/buy/football-tickets/internationalmatches HTTP/1.1" 404 -
185.191.171.1 - - [03/Nov/2024:05:23:14 +0100] "GET /ticket2/opencms/de/magazine/article?title=chelsea-gegen-tottenham-2-0 HTTP/1.1" 200 82594
47.128.62.51 - - [03/Nov/2024:05:23:16 +0100] "GET /ticket2/opencms/mk/buy?page=11&venueid=3696F630-3175-B624-1F25-409A07AAD64C HTTP/1.1" 404 -
157.90.209.79 - - [03/Nov/2024:05:23:16 +0100] "GET /ticket2/opencms/is/buy/?page=1&edid=03C08C39-501F-FF78-A958-5E62ADCE683F HTTP/1.1" 200 102080
47.128.126.84 - - [03/Nov/2024:05:23:17 +0100] "GET /ticket2/opencms/de/magazine/article?title=emirates-stadium-eine-ikonische-arena HTTP/1.1" 200 83565
217.113.194.216 - - [03/Nov/2024:05:23:18 +0100] "GET /ticket2/opencms/sr/buy?page=1&edid=84C1C15E-A3CC-07A1-AA6A-061FC4B03894 HTTP/1.1" 200 125839
193.70.81.106 - - [03/Nov/2024:05:23:19 +0100] "GET /ticket2/opencms/se/sv/sell/?edid=6E64EF54-063D-0F55-A1E7-7781348B9C83 HTTP/1.1" 404 -
157.90.209.79 - - [03/Nov/2024:05:23:22 +0100] "GET /ticket2/opencms/is/buy/?page=1&edid=047E0311-281A-A7AE-E87D-50033F4F70CA HTTP/1.1" 200 131033
193.70.81.106 - - [03/Nov/2024:05:23:24 +0100] "GET /ticket2/opencms/se/sv/sell/?edid=730A8AEC-BD3E-D604-64CB-3F2EC6555AA0 HTTP/1.1" 404 -
217.113.194.214 - - [03/Nov/2024:05:23:26 +0100] "GET /ticket2/opencms/sr/buy?page=1&edid=2023F726-4311-DF16-2C0C-AE4A78BC8014 HTTP/1.1" 200 99092
157.90.209.79 - - [03/Nov/2024:05:23:26 +0100] "GET /ticket2/opencms/is/buy/?page=1&edid=063774E2-DE1A-6A46-E97B-D379290B879E HTTP/1.1" 200 126413
193.70.81.106 - - [03/Nov/2024:05:23:28 +0100] "GET /ticket2/opencms/se/sv/sell/?edid=73AA76A9-CC6C-17F3-EDBF-4AA5949DD817 HTTP/1.1" 404 -
157.90.209.79 - - [03/Nov/2024:05:23:30 +0100] "GET /ticket2/opencms/is/buy/?page=1&edid=069EC406-6DFD-08ED-B6CC-A7E203415919 HTTP/1.1" 200 130273
157.90.209.79 - - [03/Nov/2024:05:23:33 +0100] "GET /ticket2/opencms/is/buy/?page=1&edid=070182EB-30EF-F34B-AE41-C4B61E82D2C9 HTTP/1.1" 200 114142
193.70.81.106 - - [03/Nov/2024:05:23:34 +0100] "GET /ticket2/opencms/se/sv/sell/?edid=73DCD0AE-9ABE-D92B-9524-5973CAF97B92 HTTP/1.1" 404 -
217.113.194.217 - - [03/Nov/2024:05:23:35 +0100] "GET /ticket2/opencms/sr/buy?page=1&edid=2002154A-0979-63C2-6DA2-C28E7B6E108E HTTP/1.1" 200 108595
185.191.171.7 - - [03/Nov/2024:05:23:36 +0100] "GET /ticket2/opencms/fr/magazine/article?title=fulham-fc HTTP/1.1" 200 81566
157.90.209.79 - - [03/Nov/2024:05:23:36 +0100] "GET /ticket2/opencms/is/buy/?page=1&edid=077A4D05-90D5-AF2A-B689-A4F52E73EBA2 HTTP/1.1" 200 130902
157.90.209.79 - - [03/Nov/2024:05:23:38 +0100] "GET /ticket2/opencms/is/buy/?page=1&edid=08E96509-F113-0E6A-21FE-AD8C7D1444D0 HTTP/1.1" 200 117196
193.70.81.106 - - [03/Nov/2024:05:23:38 +0100] "GET /ticket2/opencms/se/sv/sell/?edid=75465276-92D2-AA64-ADA7-8FC9DBE787C7 HTTP/1.1" 404 -
157.90.209.79 - - [03/Nov/2024:05:23:41 +0100] "GET /ticket2/opencms/is/buy/?page=1&edid=0F9D6B87-FBA2-98F6-6A11-CBBA4D2A86C1 HTTP/1.1" 200 132997
47.128.125.236 - - [03/Nov/2024:05:23:42 +0100] "GET /ticket2/opencms/fi/venue/?venueid=A9B88B80-1A43-E772-7C63-4544ED8DA305 HTTP/1.1" 200 78610
157.90.209.79 - - [03/Nov/2024:05:23:43 +0100] "GET /ticket2/opencms/is/buy/?page=1&edid=1046C14E-D95C-B350-CBCD-2ECE5F3DCC46 HTTP/1.1" 200 114140
47.128.42.156 - - [03/Nov/2024:05:23:43 +0100] "GET /ticket2/opencms/nl/buy/?catid=42C82D82-D02A-8562-E55C-48ADB3771882&comcatid=A17713B6-D984-201A-4143-ED4DB5ED5C2E&page=6 HTTP/1.1" 200 92563
157.55.39.197 - - [03/Nov/2024:05:23:44 +0100] "GET /ticket2/opencms/lt/sport/futbolo-bilietai/premier-league/bournemouth HTTP/1.1" 200 96677
217.113.194.220 - - [03/Nov/2024:05:23:44 +0100] "GET /ticket2/opencms/sr/buy?page=1&edid=81CABF18-BA6D-C79B-B74D-94D66EB07C86 HTTP/1.1" 200 125607
193.70.81.106 - - [03/Nov/2024:05:23:44 +0100] "GET /ticket2/opencms/se/sv/sell/?edid=7584F820-CD7D-628C-D907-63A2068AD86B HTTP/1.1" 404 -
157.90.209.79 - - [03/Nov/2024:05:23:45 +0100] "GET /ticket2/opencms/is/buy/?page=1&edid=10597F35-2AC7-31D2-FB61-15A36BB6D73B HTTP/1.1" 200 126409
157.90.209.79 - - [03/Nov/2024:05:23:48 +0100] "GET /ticket2/opencms/is/buy/?page=1&edid=11EFBC55-130A-2310-B776-C5D86878BDAB HTTP/1.1" 200 130283
193.70.81.106 - - [03/Nov/2024:05:23:50 +0100] "GET /ticket2/opencms/se/sv/sell/?edid=75E3823C-6D4F-AA5C-B067-C6F1D0576366 HTTP/1.1" 404 -
20.171.206.152 - - [03/Nov/2024:05:23:51 +0100] "GET /ticket2/opencms/sv/standard/ HTTP/1.1" 200 91065
20.171.206.152 - - [03/Nov/2024:05:23:51 +0100] "GET /ticket2/opencms/sv/sell/ HTTP/1.1" 302 -
157.90.209.79 - - [03/Nov/2024:05:23:52 +0100] "GET /ticket2/opencms/is/buy/?page=1&edid=126E7844-E6E1-432A-5140-6A6B87787BFF HTTP/1.1" 200 124717
217.113.194.217 - - [03/Nov/2024:05:23:52 +0100] "GET /ticket2/opencms/sr/buy?page=1&edid=59D42A1C-AFAE-24DE-F75C-DAEFEADF3021 HTTP/1.1" 200 102705
66.249.65.107 - - [03/Nov/2024:05:23:53 +0100] "GET /ticket2/opencms/dk/sport/fodboldbilletter/la-liga/malaga/ HTTP/1.1" 200 78262
20.171.206.152 - - [03/Nov/2024:05:23:53 +0100] "GET /ticket2/opencms/sv/sport/fotbollsbiljetter/landskampen/ HTTP/1.1" 302 -
193.70.81.106 - - [03/Nov/2024:05:23:55 +0100] "GET /ticket2/opencms/se/sv/sell/?edid=7A5430D9-8A5F-E813-847D-A5F70CDA36B3 HTTP/1.1" 404 -
157.90.209.79 - - [03/Nov/2024:05:23:56 +0100] "GET /ticket2/opencms/is/buy/?page=1&edid=145F87FE-BCE7-15CF-CE4F-3702933DA737 HTTP/1.1" 200 102616
193.70.81.106 - - [03/Nov/2024:05:24:00 +0100] "GET /ticket2/opencms/se/sv/sell/?edid=7A6BF9F3-1C7F-3BEC-484F-0F44C77AFCAA HTTP/1.1" 404 -
66.220.149.113 - - [03/Nov/2024:05:24:01 +0100] "GET /ticket2/opencms/mo/sport/bilete-la-fotbal/serie-a/fiorentina/ HTTP/1.1" 200 96822
217.113.194.214 - - [03/Nov/2024:05:24:01 +0100] "GET /ticket2/opencms/sr/buy?page=1&edid=18A2457D-174A-1761-F7F1-79CD1A73BA2E HTTP/1.1" 200 102709
157.90.209.79 - - [03/Nov/2024:05:24:01 +0100] "GET /ticket2/opencms/is/buy/?page=1&edid=159AEE85-969E-7453-4999-69FCFD2915E6 HTTP/1.1" 200 131106
157.90.209.79 - - [03/Nov/2024:05:24:04 +0100] "GET /ticket2/opencms/is/buy/?page=1&edid=160DAC9A-2A77-6FDC-52B8-296352B1ABF1 HTTP/1.1" 200 125859
114.119.151.50 - - [03/Nov/2024:05:24:04 +0100] "GET /ticket2/opencms/en/venue/?countryid=577F4BE1-D660-BA06-FD83-D505059D70AB HTTP/1.1" 200 106389
193.70.81.106 - - [03/Nov/2024:05:24:05 +0100] "GET /ticket2/opencms/se/sv/sell/?edid=7AF7D8B7-92A4-0C81-79E8-64285D78E9F8 HTTP/1.1" 404 -
157.90.209.79 - - [03/Nov/2024:05:24:06 +0100] "GET /ticket2/opencms/is/buy/?page=1&edid=19422468-9239-E426-DB02-7FA0504E2BEC HTTP/1.1" 200 130275
157.90.209.79 - - [03/Nov/2024:05:24:09 +0100] "GET /ticket2/opencms/is/buy/?page=1&edid=1ABC406A-92BD-FDCF-3BD6-80A52E60B34F HTTP/1.1" 200 135246
217.113.194.212 - - [03/Nov/2024:05:24:09 +0100] "GET /ticket2/opencms/sr/buy?page=1&edid=125D8704-4F25-BA08-9A7D-175DE227A1FB HTTP/1.1" 200 99097
193.70.81.106 - - [03/Nov/2024:05:24:10 +0100] "GET /ticket2/opencms/se/sv/sell/?edid=7BA84921-7493-D469-9091-29990BCD69BA HTTP/1.1" 404 -
85.208.96.206 - - [03/Nov/2024:05:24:11 +0100] "GET /ticket2/opencms/fr/magazine/article?title=ligue-des-champions-billets-sur-ticket2 HTTP/1.1" 200 86504
20.171.206.235 - - [03/Nov/2024:05:24:11 +0100] "GET /ticket2/opencms/sq/sport/bileta-per-futboll HTTP/1.1" 500 -
20.171.206.235 - - [03/Nov/2024:05:24:12 +0100] "GET /ticket2/opencms/uk/sport/kvytky-na-futbol HTTP/1.1" 500 -
157.90.209.79 - - [03/Nov/2024:05:24:13 +0100] "GET /ticket2/opencms/is/buy/?page=1&edid=1AD4E11C-C792-1721-4D1A-2229101A30FD HTTP/1.1" 200 135250
193.70.81.106 - - [03/Nov/2024:05:24:15 +0100] "GET /ticket2/opencms/se/sv/sell/?edid=7BE216A6-FCE7-E6AE-325A-12EB5D53A7CD HTTP/1.1" 404 -
20.171.206.235 - - [03/Nov/2024:05:24:15 +0100] "GET /ticket2/opencms/tr/spor/futbol-biletleri HTTP/1.1" 404 -
157.90.209.79 - - [03/Nov/2024:05:24:15 +0100] "GET /ticket2/opencms/is/buy/?page=1&edid=1B6F6A2B-A0DA-FF91-EC4E-3DCAA442C25B HTTP/1.1" 200 124718
85.208.96.198 - - [03/Nov/2024:05:24:15 +0100] "GET /ticket2/opencms/robots.txt HTTP/1.1" 200 773
217.113.194.221 - - [03/Nov/2024:05:24:18 +0100] "GET /ticket2/opencms/sr/buy?page=1&edid=8FD2C181-2B8C-CEA1-B23D-11763E27F0A1 HTTP/1.1" 200 99080
185.191.171.11 - - [03/Nov/2024:05:24:18 +0100] "GET /ticket2/opencms/fr/selling_tickets/ HTTP/1.1" 500 -
157.90.209.79 - - [03/Nov/2024:05:24:18 +0100] "GET /ticket2/opencms/is/buy/?page=1&edid=1BDA6D08-38AF-6470-7423-555F9C3DEC73 HTTP/1.1" 200 102661
66.249.73.38 - - [03/Nov/2024:05:24:18 +0100] "GET /ticket2/opencms/en/venue/?venueid=25E57B40-ECCD-14A3-704C-5A0B3153DBF3 HTTP/1.1" 200 77006
193.70.81.106 - - [03/Nov/2024:05:24:19 +0100] "GET /ticket2/opencms/se/sv/sell/?edid=7CFBD035-76CA-0532-3D1C-94A129F8B4C0 HTTP/1.1" 404 -
85.208.96.202 - - [03/Nov/2024:05:24:20 +0100] "GET /ticket2/opencms/sv/sport/fotbollsbiljetter/english-championship/hull/ HTTP/1.1" 200 88182
157.90.209.79 - - [03/Nov/2024:05:24:22 +0100] "GET /ticket2/opencms/is/buy/?page=1&edid=2197E523-8740-2A01-BD5D-12E3C3F2DBFE HTTP/1.1" 200 136437
193.70.81.106 - - [03/Nov/2024:05:24:24 +0100] "GET /ticket2/opencms/se/sv/sell/?edid=7E9AB165-1BAA-5369-C1B0-32A4E5979FAC HTTP/1.1" 404 -
157.90.209.79 - - [03/Nov/2024:05:24:25 +0100] "GET /ticket2/opencms/is/buy/?page=1&edid=25666712-CB7E-CDDD-4626-F1CD96C38316 HTTP/1.1" 200 135247
217.113.194.216 - - [03/Nov/2024:05:24:26 +0100] "GET /ticket2/opencms/sr/buy?page=1&edid=6CBE2591-0C21-C59A-952D-56E2316290E2 HTTP/1.1" 200 101888
185.191.171.7 - - [03/Nov/2024:05:24:27 +0100] "GET /ticket2/opencms/en/sport/football-tickets/premier_league/bournemouth/ HTTP/1.1" 200 94228
193.70.81.106 - - [03/Nov/2024:05:24:29 +0100] "GET /ticket2/opencms/se/sv/sell/?edid=7EB74AA3-3780-53BE-BD65-9E9E0BF77A26 HTTP/1.1" 404 -
157.90.209.79 - - [03/Nov/2024:05:24:32 +0100] "GET /ticket2/opencms/is/buy/?page=1&edid=26467E66-E432-3709-0425-A75E81B5021A HTTP/1.1" 200 131040
185.191.171.1 - - [03/Nov/2024:05:24:34 +0100] "GET /ticket2/opencms/mt/about/contact/ HTTP/1.1" 200 77832
217.113.194.217 - - [03/Nov/2024:05:24:35 +0100] "GET /ticket2/opencms/sr/buy?page=1&edid=6AEAF6C2-C57A-0447-5B0A-20959D8DCFDD HTTP/1.1" 200 102286
193.70.81.106 - - [03/Nov/2024:05:24:35 +0100] "GET /ticket2/opencms/se/sv/sell/?edid=7EFDE0C1-F2B0-9ADE-B929-783FCCAA4D1D HTTP/1.1" 404 -
47.128.28.15 - - [03/Nov/2024:05:24:35 +0100] "GET /ticket2/opencms/el/buy/?catid=D08E96E8-A514-9E09-4E22-63713911E0B8&comcatid=A17713B6-D984-201A-4143-ED4DB5ED5C2E HTTP/1.1" 200 94628
47.128.48.204 - - [03/Nov/2024:05:24:39 +0100] "GET /ticket2/opencms/fi/buy?edid=458B1568-FE0A-15E4-B731-02A001EA1C95 HTTP/1.1" 200 81458
193.70.81.106 - - [03/Nov/2024:05:24:40 +0100] "GET /ticket2/opencms/se/sv/sell/?edid=7FB0F437-7C59-E915-B16B-7B2C5BCEFA77 HTTP/1.1" 404 -
217.113.194.213 - - [03/Nov/2024:05:24:43 +0100] "GET /ticket2/opencms/sr/buy?page=1&edid=4FB71778-35E5-0311-C96C-07D746A3C347 HTTP/1.1" 200 102555
193.70.81.106 - - [03/Nov/2024:05:24:45 +0100] "GET /ticket2/opencms/se/sv/sell/?edid=7FEF6961-5BF1-9DFB-5660-72619EFFF882 HTTP/1.1" 404 -
47.128.39.182 - - [03/Nov/2024:05:24:49 +0100] "GET /ticket2/opencms/mo/buy/?edid=7F799A34-A2BE-D291-CE84-29C608B78F94 HTTP/1.1" 200 81521
193.70.81.106 - - [03/Nov/2024:05:24:50 +0100] "GET /ticket2/opencms/se/sv/sell/?edid=818BFE3F-AC93-486D-C86E-30E2A3081A30 HTTP/1.1" 404 -
217.113.194.215 - - [03/Nov/2024:05:24:51 +0100] "GET /ticket2/opencms/sr/buy?page=1&edid=4DCDE727-4AA7-90DC-9DF7-8B206857B16E HTTP/1.1" 200 99111
193.70.81.106 - - [03/Nov/2024:05:24:55 +0100] "GET /ticket2/opencms/se/sv/sell/?edid=82DAFB8C-2930-7F9D-08E3-A892E55FAAA5 HTTP/1.1" 404 -
85.208.96.210 - - [03/Nov/2024:05:24:56 +0100] "GET /ticket2/opencms/tr/faq/ HTTP/1.1" 200 82154
157.90.209.79 - - [03/Nov/2024:05:24:57 +0100] "GET /ticket2/opencms/is/buy/?page=1&edid=268D8165-50F1-AAA8-6C6A-3ABAD53C8B35 HTTP/1.1" 200 117186
193.70.81.106 - - [03/Nov/2024:05:25:00 +0100] "GET /ticket2/opencms/se/sv/sell/?edid=85A9016D-9EFC-2EF7-D909-C2C300F655F0 HTTP/1.1" 404 -
217.113.194.219 - - [03/Nov/2024:05:25:00 +0100] "GET /ticket2/opencms/sr/buy?page=1&edid=7D165939-BF98-0026-A2D4-02E534C6E447 HTTP/1.1" 200 115495
157.90.209.79 - - [03/Nov/2024:05:25:00 +0100] "GET /ticket2/opencms/is/buy/?page=1&edid=294968E7-670E-500D-EF6F-F776CC397F5A HTTP/1.1" 200 111387
185.191.171.19 - - [03/Nov/2024:05:25:02 +0100] "GET /ticket2/opencms/sv/sport/fotbollsbiljetter/eredivisie/hollandska-ligan/ HTTP/1.1" 200 83666
157.90.209.79 - - [03/Nov/2024:05:25:02 +0100] "GET /ticket2/opencms/is/buy/?page=1&edid=299450E2-FDAD-4E2B-0058-6290A7A2B57D HTTP/1.1" 200 136447
193.70.81.106 - - [03/Nov/2024:05:25:04 +0100] "GET /ticket2/opencms/se/sv/sell/?edid=8658E1FC-AEE0-692C-386F-78725205AC72 HTTP/1.1" 404 -
157.90.209.79 - - [03/Nov/2024:05:25:04 +0100] "GET /ticket2/opencms/is/buy/?page=1&edid=2A51ECF8-5DB5-F349-CC30-BF574AC78AE1 HTTP/1.1" 200 111395
157.90.209.79 - - [03/Nov/2024:05:25:06 +0100] "GET /ticket2/opencms/is/buy/?page=1&edid=2AC421C6-0DD9-73DD-0C29-416B5CC98DFF HTTP/1.1" 200 101855
185.191.171.11 - - [03/Nov/2024:05:25:08 +0100] "GET /ticket2/opencms/sv/sport/fotbollsbiljetter/ligue_1/montpellier/ HTTP/1.1" 200 79272
157.90.209.79 - - [03/Nov/2024:05:25:08 +0100] "GET /ticket2/opencms/is/buy/?page=1&edid=2B44308E-1778-CFAE-7385-18758823F6EB HTTP/1.1" 200 135247
217.113.194.212 - - [03/Nov/2024:05:25:09 +0100] "GET /ticket2/opencms/sr/buy?page=1&edid=5E608C7A-903B-E4BB-4868-5D83917347B8 HTTP/1.1" 200 135041
193.70.81.106 - - [03/Nov/2024:05:25:09 +0100] "GET /ticket2/opencms/se/sv/sell/?edid=86936F52-E40C-5F1E-A74E-4F189DCDD7FB HTTP/1.1" 404 -
157.90.209.79 - - [03/Nov/2024:05:25:11 +0100] "GET /ticket2/opencms/is/buy/?page=1&edid=32359E59-20A4-8706-5D64-A284D441A719 HTTP/1.1" 200 113880
114.119.165.226 - - [03/Nov/2024:05:25:12 +0100] "GET /ticket2/opencms/en/buy/?page=1&edid=D31DCA81-F017-5EBA-3840-CF6BDC685B59 HTTP/1.1" 200 100173
157.90.209.79 - - [03/Nov/2024:05:25:13 +0100] "GET /ticket2/opencms/is/buy/?page=1&edid=3289C097-2261-9433-8644-DF033A9EE354 HTTP/1.1" 200 131035
193.70.81.106 - - [03/Nov/2024:05:25:14 +0100] "GET /ticket2/opencms/se/sv/sell/?edid=86B9A138-6FD0-D3A7-C24C-CF4F67C624EC HTTP/1.1" 404 -
157.90.209.79 - - [03/Nov/2024:05:25:17 +0100] "GET /ticket2/opencms/is/buy/?page=1&edid=341262D8-7A59-5821-1DA8-A5F36D843BF9 HTTP/1.1" 200 132902
217.113.194.212 - - [03/Nov/2024:05:25:18 +0100] "GET /ticket2/opencms/sr/buy?page=1&edid=5BBE11E9-221E-0388-81D1-7607B43518F1 HTTP/1.1" 200 101867
193.70.81.106 - - [03/Nov/2024:05:25:19 +0100] "GET /ticket2/opencms/se/sv/sell/?edid=877F69A3-9CA4-792C-9F41-F6BFBD6ECFDE HTTP/1.1" 404 -
95.214.55.165 - - [03/Nov/2024:05:25:20 +0100] "GET /ticket2/opencms/nl/about/ HTTP/1.0" 200 78786
157.90.209.79 - - [03/Nov/2024:05:25:20 +0100] "GET /ticket2/opencms/is/buy/?page=1&edid=3583D5C7-607A-E528-A709-844E6A72DC1B HTTP/1.1" 200 131042
95.214.55.165 - - [03/Nov/2024:05:25:21 +0100] "GET /ticket2/opencms/nl/about/contact HTTP/1.0" 200 79107
114.119.140.85 - - [03/Nov/2024:05:25:22 +0100] "GET /ticket2/opencms/en/sport/football-tickets/premier_league/sheffield/ HTTP/1.1" 200 79229
157.90.209.79 - - [03/Nov/2024:05:25:22 +0100] "GET /ticket2/opencms/is/buy/?page=1&edid=36B8587B-9BD4-1599-9368-E59F9780F9A9 HTTP/1.1" 200 135244
193.70.81.106 - - [03/Nov/2024:05:25:24 +0100] "GET /ticket2/opencms/se/sv/sell/?edid=8839DE43-02D6-1964-9569-34CA7978C5BC HTTP/1.1" 404 -
157.90.209.79 - - [03/Nov/2024:05:25:25 +0100] "GET /ticket2/opencms/is/buy/?page=1&edid=3D90558B-59E5-DB4E-10D0-F79B6C89B78E HTTP/1.1" 200 124715
217.113.194.220 - - [03/Nov/2024:05:25:26 +0100] "GET /ticket2/opencms/sr/buy?page=1&edid=25666712-CB7E-CDDD-4626-F1CD96C38316 HTTP/1.1" 200 135707
157.90.209.79 - - [03/Nov/2024:05:25:27 +0100] "GET /ticket2/opencms/is/buy/?page=1&edid=403B436C-97BC-2EFB-A98B-42727D330360 HTTP/1.1" 200 102097
66.249.65.106 - - [03/Nov/2024:05:25:27 +0100] "GET /ticket2/opencms/lt/apie-mus/ HTTP/1.1" 200 81111
47.128.33.230 - - [03/Nov/2024:05:25:27 +0100] "GET /ticket2/opencms/sv/sport/fotbollsbiljetter/la_liga/valencia/ HTTP/1.1" 200 92748
47.128.33.230 - - [03/Nov/2024:05:25:28 +0100] "GET /ticket2/opencms/system/modules/com.gridnine.opencms.ticketbrokerage.site/resources/pics/banners/Valencia_CF.jpg HTTP/1.1" 200 22698
193.70.81.106 - - [03/Nov/2024:05:25:29 +0100] "GET /ticket2/opencms/se/sv/sell/?edid=88AE85E3-914C-45FF-C0A8-644BDD25A487 HTTP/1.1" 404 -
157.90.209.79 - - [03/Nov/2024:05:25:32 +0100] "GET /ticket2/opencms/is/buy/?page=1&edid=41CD7066-237A-B852-387D-3D5D7B688DF9 HTTP/1.1" 200 130278
193.70.81.106 - - [03/Nov/2024:05:25:34 +0100] "GET /ticket2/opencms/se/sv/sell/?edid=891EBBB1-0D90-0DF0-7A0B-80A270992560 HTTP/1.1" 404 -
217.113.194.214 - - [03/Nov/2024:05:25:35 +0100] "GET /ticket2/opencms/sr/buy?page=1&edid=658F19B3-3ADB-7B87-9DBB-5245EA8D9892 HTTP/1.1" 200 99110
193.70.81.106 - - [03/Nov/2024:05:25:39 +0100] "GET /ticket2/opencms/se/sv/sell/?edid=8A4A718B-F47F-7F60-721A-7893320E945C HTTP/1.1" 404 -
157.90.209.79 - - [03/Nov/2024:05:25:39 +0100] "GET /ticket2/opencms/is/buy/?page=1&edid=4660DE29-C3F1-FFBE-5E6B-4C74E874EC91 HTTP/1.1" 200 126143
157.90.209.79 - - [03/Nov/2024:05:25:42 +0100] "GET /ticket2/opencms/is/buy/?page=1&edid=47C0370F-9915-7673-E038-7AD65907592C HTTP/1.1" 200 124719
217.113.194.221 - - [03/Nov/2024:05:25:43 +0100] "GET /ticket2/opencms/sr/buy?page=1&edid=264DB923-06FA-D8A7-A197-91C5C88301EB HTTP/1.1" 200 102516
193.70.81.106 - - [03/Nov/2024:05:25:44 +0100] "GET /ticket2/opencms/se/sv/sell/?edid=8BCDA413-0A18-59D2-A3FB-49537454FAB9 HTTP/1.1" 404 -
157.90.209.79 - - [03/Nov/2024:05:25:45 +0100] "GET /ticket2/opencms/is/buy/?page=1&edid=47E4C29F-87ED-56B6-4058-D325184E756B HTTP/1.1" 200 134974
157.90.209.79 - - [03/Nov/2024:05:25:47 +0100] "GET /ticket2/opencms/is/buy/?page=1&edid=490280ED-96FA-5EC6-1DCC-A75EC34A3EFC HTTP/1.1" 200 111382
193.70.81.106 - - [03/Nov/2024:05:25:49 +0100] "GET /ticket2/opencms/se/sv/sell/?edid=8D0833AE-2B01-AC15-150E-0BB34ED20EA0 HTTP/1.1" 404 -
157.90.209.79 - - [03/Nov/2024:05:25:51 +0100] "GET /ticket2/opencms/is/buy/?page=1&edid=492C270D-AAEA-3890-F385-951BFDA8F433 HTTP/1.1" 200 114140
217.113.194.216 - - [03/Nov/2024:05:25:52 +0100] "GET /ticket2/opencms/sr/buy?page=1&edid=618DD4DE-F10C-A653-6BC2-3BC36DA0148A HTTP/1.1" 200 102099
20.171.206.173 - - [03/Nov/2024:05:25:53 +0100] "GET /ticket2/opencms/sv/buy?page=1&edid=3289C097-2261-9433-8644-DF033A9EE354 HTTP/1.1" 200 129947
193.70.81.106 - - [03/Nov/2024:05:25:54 +0100] "GET /ticket2/opencms/se/sv/sell/?edid=8D0B917F-1714-CEE9-8306-2BA97791725F HTTP/1.1" 404 -
157.90.209.79 - - [03/Nov/2024:05:25:55 +0100] "GET /ticket2/opencms/is/buy/?page=1&edid=4D569333-A725-AF23-311D-520AB9757B29 HTTP/1.1" 200 102153
157.90.209.79 - - [03/Nov/2024:05:25:57 +0100] "GET /ticket2/opencms/is/buy/?page=1&edid=4D95C4E4-B7FF-C71E-110D-D09544A9044A HTTP/1.1" 200 124717
193.70.81.106 - - [03/Nov/2024:05:25:59 +0100] "GET /ticket2/opencms/se/sv/sell/?edid=8D9DBA83-8AAE-BAE2-32DA-76530C440127 HTTP/1.1" 404 -
157.90.209.79 - - [03/Nov/2024:05:26:00 +0100] "GET /ticket2/opencms/is/buy/?page=1&edid=4DFD725A-4EAE-5578-E2C8-F093AEA223CD HTTP/1.1" 200 131038
217.113.194.220 - - [03/Nov/2024:05:26:01 +0100] "GET /ticket2/opencms/sr/buy?page=1&edid=87DA8067-258E-93BF-F8B0-6A2011EF3D80 HTTP/1.1" 200 124850
47.128.55.182 - - [03/Nov/2024:05:26:02 +0100] "GET /ticket2/opencms/fr/buy?edid=6D2674A5-F289-A8BC-ABCC-A13CA65D09E4 HTTP/1.1" 200 80896
157.90.209.79 - - [03/Nov/2024:05:26:02 +0100] "GET /ticket2/opencms/is/buy/?page=1&edid=50D37B13-6F20-71F9-54D9-90E7B6C8DECF HTTP/1.1" 200 129603
193.70.81.106 - - [03/Nov/2024:05:26:04 +0100] "GET /ticket2/opencms/se/sv/sell/?edid=9535D3A0-5A91-E0DB-D06B-F31AB76E78BB HTTP/1.1" 404 -
157.90.209.79 - - [03/Nov/2024:05:26:04 +0100] "GET /ticket2/opencms/is/buy/?page=1&edid=551618B5-3860-8837-909D-AC46BA2A0628 HTTP/1.1" 200 101468
157.90.209.79 - - [03/Nov/2024:05:26:07 +0100] "GET /ticket2/opencms/is/buy/?page=1&edid=56062CAE-66F5-81C7-DD42-F372CD5AE180 HTTP/1.1" 200 126408
193.70.81.106 - - [03/Nov/2024:05:26:09 +0100] "GET /ticket2/opencms/se/sv/sell/?edid=97FFC658-3656-07F3-28A9-C13389584DC3 HTTP/1.1" 404 -
217.113.194.216 - - [03/Nov/2024:05:26:09 +0100] "GET /ticket2/opencms/sr/buy?page=1&edid=8446D200-DB98-4867-98B9-94B9AACDFC92 HTTP/1.1" 200 101421
157.90.209.79 - - [03/Nov/2024:05:26:10 +0100] "GET /ticket2/opencms/is/buy/?page=1&edid=56B38CDE-C52C-9D5C-A997-D65F4CB742AB HTTP/1.1" 200 131034
157.90.209.79 - - [03/Nov/2024:05:26:12 +0100] "GET /ticket2/opencms/is/buy/?page=1&edid=57449F59-3EAF-BBAB-4AC9-B7A456A32485 HTTP/1.1" 200 114139
20.171.206.146 - - [03/Nov/2024:05:26:13 +0100] "GET /ticket2/opencms/sv/buy?page=1&edid=11EFBC55-130A-2310-B776-C5D86878BDAB HTTP/1.1" 200 129167
193.70.81.106 - - [03/Nov/2024:05:26:14 +0100] "GET /ticket2/opencms/se/sv/sell/?edid=9851F89D-25C5-636F-1201-72CBFD364D7C HTTP/1.1" 404 -
157.90.209.79 - - [03/Nov/2024:05:26:14 +0100] "GET /ticket2/opencms/is/buy/?page=1&edid=57C8D150-DCBD-4911-196A-160A37952FA8 HTTP/1.1" 200 130271
185.191.171.12 - - [03/Nov/2024:05:26:14 +0100] "GET /ticket2/opencms/el/faq/ HTTP/1.1" 200 85046
37.123.143.11 - - [03/Nov/2024:05:26:16 +0100] "GET /ticket2/opencms/system/workplace/views/top_foot.jsp?wpFrame=foot HTTP/1.1" 200 1210
37.123.143.11 - - [03/Nov/2024:05:26:16 +0100] "GET /ticket2/opencms/system/workplace/commons/style/workplace.css HTTP/1.1" 200 14209
85.208.96.197 - - [03/Nov/2024:05:26:16 +0100] "GET /ticket2/opencms/no/sport/fotballsbilletter/la_liga/celta_vigo/ HTTP/1.1" 200 92473
157.90.209.79 - - [03/Nov/2024:05:26:16 +0100] "GET /ticket2/opencms/is/buy/?page=1&edid=5841328A-911D-5943-EBD4-7800C7848F54 HTTP/1.1" 200 102091
217.113.194.217 - - [03/Nov/2024:05:26:18 +0100] "GET /ticket2/opencms/sr/buy?page=1&edid=656D28DC-44D7-F9B6-001A-A9537260D01A HTTP/1.1" 200 105114
114.119.159.237 - - [03/Nov/2024:05:26:18 +0100] "GET /ticket2/opencms/en/venue/?countryid=6A07F71C-E21A-1DB2-608E-7A1B9B76A929 HTTP/1.1" 200 106389
47.128.111.113 - - [03/Nov/2024:05:26:19 +0100] "GET /ticket2/opencms/hr/buy/?catid=7ACC33AD-EE7E-AAA7-9050-0F4587759B87&comcatid=A17713B6-D984-201A-4143-ED4DB5ED5C2E HTTP/1.1" 200 93767
193.70.81.106 - - [03/Nov/2024:05:26:19 +0100] "GET /ticket2/opencms/se/sv/sell/?edid=98B5152B-D0CA-636B-A921-B33BCB03C7DC HTTP/1.1" 404 -
157.90.209.79 - - [03/Nov/2024:05:26:20 +0100] "GET /ticket2/opencms/is/buy/?page=1&edid=5CBB442D-D365-7F4F-B999-AA88D946C632 HTTP/1.1" 200 131038
157.90.209.79 - - [03/Nov/2024:05:26:22 +0100] "GET /ticket2/opencms/is/buy/?page=1&edid=5E608C7A-903B-E4BB-4868-5D83917347B8 HTTP/1.1" 200 134581
185.191.171.7 - - [03/Nov/2024:05:26:22 +0100] "GET /ticket2/opencms/dk/sport/fodboldbilletter/champions_league/borussia_dortmund/ HTTP/1.1" 200 79399
193.70.81.106 - - [03/Nov/2024:05:26:24 +0100] "GET /ticket2/opencms/se/sv/sell/?edid=9AFDF413-D3F8-9D6D-2D07-F7F1640C5134 HTTP/1.1" 404 -
157.90.209.79 - - [03/Nov/2024:05:26:25 +0100] "GET /ticket2/opencms/is/buy/?page=1&edid=65C03F06-B4E6-0D65-D535-E007A0321D02 HTTP/1.1" 200 114149
154.54.249.216 - - [03/Nov/2024:05:26:26 +0100] "GET /ticket2/opencms/sr/buy?page=1&edid=718A7A5B-0864-7BB0-17EA-7D1DFF1DCA73 HTTP/1.1" 200 102511
157.90.209.79 - - [03/Nov/2024:05:26:28 +0100] "GET /ticket2/opencms/is/buy/?page=1&edid=66C22035-E7EA-E10A-4BFC-2C30733037DC HTTP/1.1" 200 126419
193.70.81.106 - - [03/Nov/2024:05:26:29 +0100] "GET /ticket2/opencms/se/sv/sell/?edid=9B400594-B20F-D479-4D4E-A3F53A22DCA4 HTTP/1.1" 404 -
157.90.209.79 - - [03/Nov/2024:05:26:30 +0100] "GET /ticket2/opencms/is/buy/?page=1&edid=68B485F7-9483-6E4F-656D-602EE2AC621D HTTP/1.1" 200 126412
20.171.206.146 - - [03/Nov/2024:05:26:31 +0100] "GET /ticket2/opencms/sv/buy?page=1&edid=8EE24D2F-4BF0-A103-6944-36103BCA6278 HTTP/1.1" 200 111554
157.90.209.79 - - [03/Nov/2024:05:26:33 +0100] "GET /ticket2/opencms/is/buy/?page=1&edid=6A920F16-DD42-2262-3AA2-B83D5743F13A HTTP/1.1" 200 130275
193.70.81.106 - - [03/Nov/2024:05:26:34 +0100] "GET /ticket2/opencms/se/sv/sell/?edid=9CCA4649-2FF5-6A0F-596D-CB67A9F0D3DA HTTP/1.1" 404 -
20.171.206.146 - - [03/Nov/2024:05:26:34 +0100] "GET /ticket2/opencms/sv/buy?page=1&edid=19422468-9239-E426-DB02-7FA0504E2BEC HTTP/1.1" 200 129159
157.90.209.79 - - [03/Nov/2024:05:26:35 +0100] "GET /ticket2/opencms/is/buy/?page=1&edid=6AEAF6C2-C57A-0447-5B0A-20959D8DCFDD HTTP/1.1" 200 101856
217.113.194.216 - - [03/Nov/2024:05:26:35 +0100] "GET /ticket2/opencms/sr/buy?page=1&edid=929DD0B9-EAC1-71B0-BD49-B1F82734E49C HTTP/1.1" 200 103036
157.90.209.79 - - [03/Nov/2024:05:26:37 +0100] "GET /ticket2/opencms/is/buy/?page=1&edid=6C967880-E08B-3121-25D0-F145A5542A49 HTTP/1.1" 200 117192
193.70.81.106 - - [03/Nov/2024:05:26:38 +0100] "GET /ticket2/opencms/se/sv/sell/?edid=9E895286-4DF2-9E22-3127-0EDC3248C99D HTTP/1.1" 404 -
157.90.209.79 - - [03/Nov/2024:05:26:39 +0100] "GET /ticket2/opencms/is/buy/?page=1&edid=719E6B6D-707F-E825-E3AA-0E552980E1EB HTTP/1.1" 200 114170
157.90.209.79 - - [03/Nov/2024:05:26:41 +0100] "GET /ticket2/opencms/is/buy/?page=1&edid=71A5516F-6BB3-FB63-461B-A9493E3B32DA HTTP/1.1" 200 114170
217.113.194.219 - - [03/Nov/2024:05:26:43 +0100] "GET /ticket2/opencms/sr/buy?page=1&edid=89B9E8FB-02AC-B2B1-4633-6562ED36330C HTTP/1.1" 200 99135
40.77.167.8 - - [03/Nov/2024:05:26:43 +0100] "GET /ticket2/opencms/sk/buy?page=1&edid=8DE7A210-45E0-8C09-63EA-28CBA5412C0E HTTP/1.1" 200 125945
193.70.81.106 - - [03/Nov/2024:05:26:43 +0100] "GET /ticket2/opencms/se/sv/sell/?edid=9ECCE84D-E8D2-2779-1ABF-7A130178E990 HTTP/1.1" 404 -
157.90.209.79 - - [03/Nov/2024:05:26:44 +0100] "GET /ticket2/opencms/is/buy/?page=1&edid=71FF0DDB-994C-2EA5-7C18-3DECE9AE5101 HTTP/1.1" 200 128254
85.208.96.211 - - [03/Nov/2024:05:26:44 +0100] "GET /ticket2/opencms/nl/sport/voetbal-tickets/serie_a/frosinone/ HTTP/1.1" 200 78464
157.90.209.79 - - [03/Nov/2024:05:26:46 +0100] "GET /ticket2/opencms/is/buy/?page=1&edid=72113169-CE1D-B963-8867-381A95276A39 HTTP/1.1" 200 135111
193.70.81.106 - - [03/Nov/2024:05:26:48 +0100] "GET /ticket2/opencms/se/sv/sell/?edid=9F39E209-4B86-1120-4DAA-129C0E623069 HTTP/1.1" 404 -
157.90.209.79 - - [03/Nov/2024:05:26:49 +0100] "GET /ticket2/opencms/is/buy/?page=1&edid=729B4624-40AD-E7A7-F9BA-94230F6FDC91 HTTP/1.1" 200 131034
157.90.209.79 - - [03/Nov/2024:05:26:51 +0100] "GET /ticket2/opencms/is/buy/?page=1&edid=750C6040-29F7-425D-A24F-51B977F415A3 HTTP/1.1" 200 126248
193.70.81.106 - - [03/Nov/2024:05:26:53 +0100] "GET /ticket2/opencms/se/sv/sell/?edid=9F927FE3-E5F5-57D4-A60A-E33F4671CF4F HTTP/1.1" 404 -
185.191.171.15 - - [03/Nov/2024:05:26:53 +0100] "GET /ticket2/opencms/fr/magazine/article?title=burnley-fc HTTP/1.1" 200 81077
20.171.206.146 - - [03/Nov/2024:05:26:54 +0100] "GET /ticket2/opencms/sv/buy?page=1&edid=B7C31852-4938-05B8-A23C-0248E7A3D5BA HTTP/1.1" 200 122384
20.171.206.146 - - [03/Nov/2024:05:26:57 +0100] "GET /ticket2/opencms/sv/buy?page=1&edid=0F9D6B87-FBA2-98F6-6A11-CBBA4D2A86C1 HTTP/1.1" 200 131930
193.70.81.106 - - [03/Nov/2024:05:26:58 +0100] "GET /ticket2/opencms/se/sv/sell/?edid=A427F612-0464-4684-7057-AD9E0E689EC3 HTTP/1.1" 404 -
20.171.206.146 - - [03/Nov/2024:05:26:59 +0100] "GET /ticket2/opencms/sv/buy?page=1&edid=F1463EBE-6C18-CF49-B2AE-F79868BCA4F5 HTTP/1.1" 200 129946
157.90.209.79 - - [03/Nov/2024:05:26:59 +0100] "GET /ticket2/opencms/is/buy/?page=1&edid=78DAC12B-37C2-8767-69E1-3ACF75009F29 HTTP/1.1" 200 117183
20.171.206.146 - - [03/Nov/2024:05:27:00 +0100] "GET /ticket2/opencms/sv/buy?page=1&edid=06839E1C-8CA0-2766-B39C-B161E06D9E51 HTTP/1.1" 200 124238
157.90.209.79 - - [03/Nov/2024:05:27:03 +0100] "GET /ticket2/opencms/is/buy/?page=1&edid=791FDD0E-A228-3CC2-8AB8-5B3518CB8D31 HTTP/1.1" 200 117185
193.70.81.106 - - [03/Nov/2024:05:27:03 +0100] "GET /ticket2/opencms/se/sv/sell/?edid=A63B1890-86E1-9F60-54D7-09AEE785F38E HTTP/1.1" 404 -
157.90.209.79 - - [03/Nov/2024:05:27:06 +0100] "GET /ticket2/opencms/is/buy/?page=1&edid=7C16C78F-F9EE-B2A9-0C9E-990B916B48DD HTTP/1.1" 200 126515
47.128.96.16 - - [03/Nov/2024:05:27:08 +0100] "GET /ticket2/opencms/lt/buy/?edid=411D3DBB-027B-B862-22E5-46D3DA36810A HTTP/1.1" 200 81490
157.90.209.79 - - [03/Nov/2024:05:27:09 +0100] "GET /ticket2/opencms/is/buy/?page=1&edid=7D0034DE-60A0-B971-BE37-13F34A8B84FE HTTP/1.1" 200 124721
193.70.81.106 - - [03/Nov/2024:05:27:09 +0100] "GET /ticket2/opencms/se/sv/sell/?edid=A65992FA-C69F-7F2B-140A-AAB5DFE65FDB HTTP/1.1" 404 -
185.191.171.13 - - [03/Nov/2024:05:27:09 +0100] "GET /ticket2/opencms/sv/magazine/article?title=framtiden-for-teknologi-i-fotbollen HTTP/1.1" 200 82829
47.128.18.39 - - [03/Nov/2024:05:27:10 +0100] "GET /ticket2/opencms/fr/magazine/article?title=deuxieme-place-deuxieme-annee-consecutive HTTP/1.1" 200 79990
157.90.209.79 - - [03/Nov/2024:05:27:11 +0100] "GET /ticket2/opencms/is/buy/?page=1&edid=7D35F583-5000-190C-B2DC-8632905AF321 HTTP/1.1" 200 117184
193.70.81.106 - - [03/Nov/2024:05:27:14 +0100] "GET /ticket2/opencms/se/sv/sell/?edid=A66DD741-1307-2752-B483-B25D748C7344 HTTP/1.1" 404 -
157.90.209.79 - - [03/Nov/2024:05:27:15 +0100] "GET /ticket2/opencms/is/buy/?page=1&edid=7DA6AFD0-1F4E-627C-789E-E465BB16D2D7 HTTP/1.1" 200 111396
157.90.209.79 - - [03/Nov/2024:05:27:17 +0100] "GET /ticket2/opencms/is/buy/?page=1&edid=7F2B1FEA-20FE-7448-32AC-111154CA401B HTTP/1.1" 200 126409
193.70.81.106 - - [03/Nov/2024:05:27:19 +0100] "GET /ticket2/opencms/se/sv/sell/?edid=A7964606-3716-F06E-EF15-764C00180BAB HTTP/1.1" 404 -
157.90.209.79 - - [03/Nov/2024:05:27:19 +0100] "GET /ticket2/opencms/is/buy/?page=1&edid=8085E80D-BC8F-CDCF-7CC8-2F497FE082D3 HTTP/1.1" 200 126514
20.171.206.219 - - [03/Nov/2024:05:27:20 +0100] "GET /ticket2/opencms/sv/buy?page=1&edid=2197E523-8740-2A01-BD5D-12E3C3F2DBFE HTTP/1.1" 200 135328
193.70.81.106 - - [03/Nov/2024:05:27:24 +0100] "GET /ticket2/opencms/se/sv/sell/?edid=A848EC15-222C-39E8-21F1-435F0F918573 HTTP/1.1" 404 -
20.171.206.219 - - [03/Nov/2024:05:27:24 +0100] "GET /ticket2/opencms/sv/buy?page=1&edid=5E608C7A-903B-E4BB-4868-5D83917347B8 HTTP/1.1" 200 133468
47.128.49.78 - - [03/Nov/2024:05:27:25 +0100] "GET /ticket2/opencms/mt/sell/?edid=06839E1C-8CA0-2766-B39C-B161E06D9E51 HTTP/1.1" 302 -
20.171.206.219 - - [03/Nov/2024:05:27:26 +0100] "GET /ticket2/opencms/sv/buy?page=1&edid=68B485F7-9483-6E4F-656D-602EE2AC621D HTTP/1.1" 200 125219
47.128.49.78 - - [03/Nov/2024:05:27:27 +0100] "GET /ticket2/opencms/mt/login/?url=/mt/sell/ HTTP/1.1" 200 83311
157.90.209.79 - - [03/Nov/2024:05:27:28 +0100] "GET /ticket2/opencms/is/buy/?page=1&edid=84A5FE5E-FE66-D83A-8A7D-B9483A93F0F3 HTTP/1.1" 200 132026
193.70.81.106 - - [03/Nov/2024:05:27:29 +0100] "GET /ticket2/opencms/se/sv/sell/?edid=A9166140-FA58-145B-C965-B5558AECD78F HTTP/1.1" 404 -
193.70.81.106 - - [03/Nov/2024:05:27:34 +0100] "GET /ticket2/opencms/se/sv/sell/?edid=A917185F-FCCF-F49F-FDB1-2FF147298D69 HTTP/1.1" 404 -
193.70.81.106 - - [03/Nov/2024:05:27:38 +0100] "GET /ticket2/opencms/se/sv/sell/?edid=A9BA7D5C-8D7C-421C-C929-73A689727790 HTTP/1.1" 404 -
216.244.66.238 - - [03/Nov/2024:05:27:40 +0100] "GET /ticket2/opencms/bs/buy?comcatid=A17713B6-D984-201A-4143-ED4DB5ED5C2E&catid=0A9E385E-33D9-328E-DC79-CA2C7009C829 HTTP/1.1" 200 93756
193.70.81.106 - - [03/Nov/2024:05:27:43 +0100] "GET /ticket2/opencms/se/sv/sell/?edid=AA75DB1B-F109-4AC8-F8B6-E76C4B5170E3 HTTP/1.1" 404 -
216.244.66.238 - - [03/Nov/2024:05:27:45 +0100] "GET /ticket2/opencms/uk/buy?page=1&edid=5C3AFB2F-2529-59CA-3E55-76B2E3B91E86 HTTP/1.1" 200 104201
157.55.39.11 - - [03/Nov/2024:05:27:45 +0100] "GET /ticket2/opencms/sv/buy?page=1&edid=5D2C7F0A-6D8C-4B20-24D2-21DDAC599D86 HTTP/1.1" 200 97708
20.171.206.219 - - [03/Nov/2024:05:27:47 +0100] "GET /ticket2/opencms/sv/buy?page=1&edid=8DE7A210-45E0-8C09-63EA-28CBA5412C0E HTTP/1.1" 200 124683
193.70.81.106 - - [03/Nov/2024:05:27:48 +0100] "GET /ticket2/opencms/se/sv/sell/?edid=AA846239-9C01-F79F-429F-223A194A604D HTTP/1.1" 404 -
40.77.167.43 - - [03/Nov/2024:05:27:49 +0100] "GET /ticket2/opencms/en/sport/football-tickets/la-liga/athletic_bilbao/ HTTP/1.1" 200 85484
20.171.206.219 - - [03/Nov/2024:05:27:50 +0100] "GET /ticket2/opencms/sv/buy?page=1&edid=D96122AD-C3AA-80F5-DDA8-935E03AE952D HTTP/1.1" 200 123802
193.70.81.106 - - [03/Nov/2024:05:27:53 +0100] "GET /ticket2/opencms/se/sv/sell/?edid=ABDF7CFF-955C-3980-3713-4EA1E1421657 HTTP/1.1" 404 -
193.70.81.106 - - [03/Nov/2024:05:27:58 +0100] "GET /ticket2/opencms/se/sv/sell/?edid=ADE200F3-CFF5-87E3-9021-7F29446BA859 HTTP/1.1" 404 -
47.128.50.49 - - [03/Nov/2024:05:28:01 +0100] "GET /ticket2/opencms/sv/magazine/article?title=fc-liverpool-sasong-reflektion HTTP/1.1" 200 82536
85.208.96.195 - - [03/Nov/2024:05:28:02 +0100] "GET /ticket2/opencms/dk/sport/fodboldbilletter/serie-a/genoa/ HTTP/1.1" 200 86259
193.70.81.106 - - [03/Nov/2024:05:28:03 +0100] "GET /ticket2/opencms/se/sv/sell/?edid=AFB59A30-FFD0-EEC1-92CB-8FE6048D4EF0 HTTP/1.1" 404 -
157.90.209.79 - - [03/Nov/2024:05:28:07 +0100] "GET /ticket2/opencms/is/buy/?page=1&edid=86A7D428-8E42-C0D0-846E-90C83426D4AE HTTP/1.1" 200 114145
193.70.81.106 - - [03/Nov/2024:05:28:07 +0100] "GET /ticket2/opencms/se/sv/sell/?edid=B036B05F-F56C-8A57-ADED-A4E3C6B4E1C2 HTTP/1.1" 404 -
193.70.81.106 - - [03/Nov/2024:05:28:12 +0100] "GET /ticket2/opencms/se/sv/sell/?edid=B2D1173D-3B96-271E-E1E3-D50B6038EBDA HTTP/1.1" 404 -
20.171.206.36 - - [03/Nov/2024:05:28:13 +0100] "GET /ticket2/opencms/sv/buy?page=1&edid=BE8C7FA0-9E48-EAB3-3A70-9E9F9EA30F95 HTTP/1.1" 200 135331
157.90.209.79 - - [03/Nov/2024:05:28:14 +0100] "GET /ticket2/opencms/is/buy/?page=1&edid=8D916C6C-0A69-41F7-4678-427710F013C6 HTTP/1.1" 200 128392
185.191.171.19 - - [03/Nov/2024:05:28:15 +0100] "GET /ticket2/opencms/en/sport/football-tickets/bundesliga/werder_bremen/ HTTP/1.1" 200 86361
193.70.81.106 - - [03/Nov/2024:05:28:17 +0100] "GET /ticket2/opencms/se/sv/sell/?edid=B314B99F-692C-3144-E139-547FFEE76208 HTTP/1.1" 404 -
69.171.230.3 - - [03/Nov/2024:05:28:18 +0100] "GET /ticket2/opencms/en/sport/football-tickets/premier_league/liverpool/ HTTP/1.1" 200 93871
157.90.209.79 - - [03/Nov/2024:05:28:20 +0100] "GET /ticket2/opencms/is/buy/?page=1&edid=8E8E9404-172C-6C57-7F68-EAFC3F95D1AC HTTP/1.1" 200 126415
193.70.81.106 - - [03/Nov/2024:05:28:22 +0100] "GET /ticket2/opencms/se/sv/sell/?edid=B44FDB64-52B9-2FED-89FD-31A7E0881296 HTTP/1.1" 404 -
157.90.209.79 - - [03/Nov/2024:05:28:23 +0100] "GET /ticket2/opencms/is/buy/?page=1&edid=8EF7EC9D-9BC8-1DEC-C27C-0541D5C5F471 HTTP/1.1" 200 117188
185.191.171.16 - - [03/Nov/2024:05:28:24 +0100] "GET /ticket2/opencms/es/about/contact HTTP/1.1" 200 80873
157.90.209.79 - - [03/Nov/2024:05:28:26 +0100] "GET /ticket2/opencms/is/buy/?page=1&edid=8F340A1C-D664-7FDD-8257-FE31525DAB7C HTTP/1.1" 200 126279
193.70.81.106 - - [03/Nov/2024:05:28:27 +0100] "GET /ticket2/opencms/se/sv/sell/?edid=B583A336-FF8A-4A69-7F8D-3295D9EDD852 HTTP/1.1" 404 -
157.90.209.79 - - [03/Nov/2024:05:28:28 +0100] "GET /ticket2/opencms/is/buy/?page=1&edid=90D99CFD-1C4D-3E3E-708D-4C9851B5EDBE HTTP/1.1" 200 111383
193.70.81.106 - - [03/Nov/2024:05:28:32 +0100] "GET /ticket2/opencms/se/sv/sell/?edid=B59A72B6-E031-5568-9B9A-94FDDE3CF17D HTTP/1.1" 404 -
20.171.206.36 - - [03/Nov/2024:05:28:34 +0100] "GET /ticket2/opencms/sv/buy?page=1&edid=D11D82D4-28DA-1768-D317-EF521A2F97E6 HTTP/1.1" 200 129948
157.90.209.79 - - [03/Nov/2024:05:28:34 +0100] "GET /ticket2/opencms/is/buy/?page=1&edid=95423F1B-D1AB-68DD-A58C-5DE97CA2D553 HTTP/1.1" 200 124715
193.70.81.106 - - [03/Nov/2024:05:28:37 +0100] "GET /ticket2/opencms/se/sv/sell/?edid=B6050510-A7B0-D4AA-D6C4-46512FF856F1 HTTP/1.1" 404 -
20.171.206.36 - - [03/Nov/2024:05:28:38 +0100] "GET /ticket2/opencms/sv/buy?page=1&edid=3583D5C7-607A-E528-A709-844E6A72DC1B HTTP/1.1" 200 129955
20.171.206.36 - - [03/Nov/2024:05:28:40 +0100] "GET /ticket2/opencms/sv/buy?page=1&edid=1AD4E11C-C792-1721-4D1A-2229101A30FD HTTP/1.1" 200 134136
185.191.171.2 - - [03/Nov/2024:05:28:41 +0100] "GET /ticket2/opencms/no/sport/fotballsbilletter/champions_league/ HTTP/1.1" 200 84713
157.90.209.79 - - [03/Nov/2024:05:28:41 +0100] "GET /ticket2/opencms/is/buy/?page=1&edid=979A80EE-C0D2-57E0-C882-1064B868BC30 HTTP/1.1" 200 117182
193.70.81.106 - - [03/Nov/2024:05:28:42 +0100] "GET /ticket2/opencms/se/sv/sell/?edid=B67AFE0B-0730-D66E-C5CC-696E38E80478 HTTP/1.1" 404 -
20.171.206.36 - - [03/Nov/2024:05:28:42 +0100] "GET /ticket2/opencms/sv/buy?page=1&edid=CCC52869-7D07-37D3-E716-0EF1AC21BCE4 HTTP/1.1" 200 122311
85.208.96.204 - - [03/Nov/2024:05:28:45 +0100] "GET /ticket2/opencms/lv/about/contact/ HTTP/1.1" 200 77812
66.249.73.37 - - [03/Nov/2024:05:28:46 +0100] "GET /ticket2/opencms/venue/amsterdam_arena.png HTTP/1.1" 200 37400
193.70.81.106 - - [03/Nov/2024:05:28:47 +0100] "GET /ticket2/opencms/se/sv/sell/?edid=B727EFAA-2D19-788C-5C80-76759C1A66B7 HTTP/1.1" 404 -
157.90.209.79 - - [03/Nov/2024:05:28:48 +0100] "GET /ticket2/opencms/is/buy/?page=1&edid=99C77A16-8AF9-4675-97DE-42A41C4ECB4F HTTP/1.1" 200 130277
47.128.62.119 - - [03/Nov/2024:05:28:48 +0100] "GET /ticket2/opencms/es/buy?page=10&venueid=DABDC4D6-A186-DAE6-C644-5DB9CB011EEC HTTP/1.1" 302 -
47.128.62.119 - - [03/Nov/2024:05:28:49 +0100] "GET /ticket2/opencms/es/buy/ HTTP/1.1" 200 79196
157.90.209.79 - - [03/Nov/2024:05:28:51 +0100] "GET /ticket2/opencms/is/buy/?page=1&edid=A2A4078E-C8E8-C113-199B-69C1FEB231B0 HTTP/1.1" 200 125875
193.70.81.106 - - [03/Nov/2024:05:28:52 +0100] "GET /ticket2/opencms/se/sv/sell/?edid=B773A16C-17D0-FE63-38DB-4710DA79D2E5 HTTP/1.1" 404 -
54.36.149.106 - - [03/Nov/2024:05:28:52 +0100] "GET /ticket2/opencms/de/magazine/article?title=eredivisie HTTP/1.1" 200 84073
47.128.19.66 - - [03/Nov/2024:05:28:53 +0100] "GET /ticket2/opencms/sr/buy/?catid=C48671DB-5AEB-8CE2-928E-38417FFBE085&comcatid=A17713B6-D984-201A-4143-ED4DB5ED5C2E HTTP/1.1" 200 94234
157.55.39.50 - - [03/Nov/2024:05:28:55 +0100] "GET /ticket2/opencms/es/buy?page=1&edid=2684212B-FA50-DC4B-3CFA-1303E9638140 HTTP/1.1" 200 120328
157.90.209.79 - - [03/Nov/2024:05:28:55 +0100] "GET /ticket2/opencms/is/buy/?page=1&edid=A50C9DBA-FE79-ABA2-A67C-ED9083C7A802 HTTP/1.1" 200 111391
193.70.81.106 - - [03/Nov/2024:05:28:57 +0100] "GET /ticket2/opencms/se/sv/sell/?edid=B939F61B-1162-C4A7-30F7-5D013667E7F3 HTTP/1.1" 404 -
157.90.209.79 - - [03/Nov/2024:05:29:01 +0100] "GET /ticket2/opencms/is/buy/?page=1&edid=A9801416-AE3B-7D1A-1B34-1269835EE309 HTTP/1.1" 200 124717
193.70.81.106 - - [03/Nov/2024:05:29:02 +0100] "GET /ticket2/opencms/se/sv/sell/?edid=BB37D62D-183C-CB3A-FFE3-384DBECF973F HTTP/1.1" 404 -
114.119.135.251 - - [03/Nov/2024:05:29:03 +0100] "GET /ticket2/opencms/en/sell?edid=AC0F73E1-0232-61EB-B03D-E2D48293DDC3 HTTP/1.1" 302 -
20.171.206.36 - - [03/Nov/2024:05:29:04 +0100] "GET /ticket2/opencms/sv/buy?page=1&edid=830F2AEC-7FB6-11C1-AD11-54BD6744D648 HTTP/1.1" 200 119513
157.90.209.79 - - [03/Nov/2024:05:29:04 +0100] "GET /ticket2/opencms/is/buy/?page=1&edid=B089B4B8-933D-AB70-BE65-2A133877E5AC HTTP/1.1" 200 126411
20.171.206.36 - - [03/Nov/2024:05:29:06 +0100] "GET /ticket2/opencms/sv/sport/fotbollsbiljetter/uefa-champions-league/celtic/ HTTP/1.1" 200 79336
157.90.209.79 - - [03/Nov/2024:05:29:07 +0100] "GET /ticket2/opencms/is/buy/?page=1&edid=B5480FEC-C7FC-18FB-0EEB-9717E2722B5A HTTP/1.1" 200 111381
193.70.81.106 - - [03/Nov/2024:05:29:07 +0100] "GET /ticket2/opencms/se/sv/sell/?edid=BC1EC1ED-9DF8-C987-E2D9-7659501E4FC2 HTTP/1.1" 404 -
114.119.135.251 - - [03/Nov/2024:05:29:07 +0100] "GET /ticket2/opencms/en/login/?url=/en/sell/ HTTP/1.1" 200 81870
20.171.206.36 - - [03/Nov/2024:05:29:08 +0100] "GET /ticket2/opencms/sv/sport/fotbollsbiljetter/uefa-champions-league/final/ HTTP/1.1" 200 79154
157.90.209.79 - - [03/Nov/2024:05:29:10 +0100] "GET /ticket2/opencms/is/buy/?page=1&edid=B6B8349F-A5AA-C742-11D5-2D7AB719C807 HTTP/1.1" 200 124714
20.171.206.249 - - [03/Nov/2024:05:29:10 +0100] "GET /ticket2/opencms/sv/sport/fotbollsbiljetter/uefa-champions-league/manchester_city/ HTTP/1.1" 200 80541
85.208.96.199 - - [03/Nov/2024:05:29:10 +0100] "GET /ticket2/opencms/sk/buying_tickets/ HTTP/1.1" 200 80660
20.171.206.249 - - [03/Nov/2024:05:29:11 +0100] "GET /ticket2/opencms/sv/sport/fotbollsbiljetter/uefa-champions-league/dortmund/ HTTP/1.1" 200 79093
193.70.81.106 - - [03/Nov/2024:05:29:12 +0100] "GET /ticket2/opencms/se/sv/sell/?edid=BF5F17D6-5B92-3E63-CAD7-4FDCC4B92F50 HTTP/1.1" 404 -
20.171.206.249 - - [03/Nov/2024:05:29:12 +0100] "GET /ticket2/opencms/sv/sport/fotbollsbiljetter/uefa-champions-league/leipzig/ HTTP/1.1" 200 79547
157.90.209.79 - - [03/Nov/2024:05:29:12 +0100] "GET /ticket2/opencms/is/buy/?page=1&edid=B7C31852-4938-05B8-A23C-0248E7A3D5BA HTTP/1.1" 200 123605
20.171.206.249 - - [03/Nov/2024:05:29:13 +0100] "GET /ticket2/opencms/sv/sport/fotbollsbiljetter/uefa-champions-league/fc_barcelona/ HTTP/1.1" 200 79964
20.171.206.249 - - [03/Nov/2024:05:29:14 +0100] "GET /ticket2/opencms/sv/sport/fotbollsbiljetter/uefa-champions-league/newcastle/ HTTP/1.1" 200 79583
157.90.209.79 - - [03/Nov/2024:05:29:14 +0100] "GET /ticket2/opencms/is/buy/?page=1&edid=B8EF6180-227A-800A-63E5-9809623FC791 HTTP/1.1" 200 117193
20.171.206.249 - - [03/Nov/2024:05:29:15 +0100] "GET /ticket2/opencms/sv/sport/fotbollsbiljetter/uefa-champions-league/napoli/ HTTP/1.1" 200 79505
20.171.206.249 - - [03/Nov/2024:05:29:16 +0100] "GET /ticket2/opencms/sv/sport/fotbollsbiljetter/uefa-champions-league/benfica/ HTTP/1.1" 200 79318
193.70.81.106 - - [03/Nov/2024:05:29:17 +0100] "GET /ticket2/opencms/se/sv/sell/?edid=C21BBDF3-4920-5DD7-6F70-746B52EF0099 HTTP/1.1" 404 -
20.171.206.249 - - [03/Nov/2024:05:29:17 +0100] "GET /ticket2/opencms/sv/sport/fotbollsbiljetter/uefa-champions-league/lazio/ HTTP/1.1" 200 79472
20.171.206.249 - - [03/Nov/2024:05:29:18 +0100] "GET /ticket2/opencms/sv/sport/fotbollsbiljetter/uefa-champions-league/psg/ HTTP/1.1" 200 79394
157.90.209.79 - - [03/Nov/2024:05:29:19 +0100] "GET /ticket2/opencms/is/buy/?page=1&edid=B9A56D83-AD94-045F-A8C5-86B02F52A7C5 HTTP/1.1" 200 135245
20.171.206.249 - - [03/Nov/2024:05:29:20 +0100] "GET /ticket2/opencms/sv/sport/fotbollsbiljetter/uefa-champions-league/liverpool/ HTTP/1.1" 200 81286
20.171.206.249 - - [03/Nov/2024:05:29:21 +0100] "GET /ticket2/opencms/sv/sport/fotbollsbiljetter/uefa-champions-league/sevilla/ HTTP/1.1" 200 79788
185.191.171.2 - - [03/Nov/2024:05:29:21 +0100] "GET /ticket2/opencms/fi/login/?url=%2525252Ffi%2525252Fsell%2525252F HTTP/1.1" 200 83598
157.90.209.79 - - [03/Nov/2024:05:29:22 +0100] "GET /ticket2/opencms/is/buy/?page=1&edid=BBF51855-649C-7AAC-A9CD-362F8BD9BD25 HTTP/1.1" 200 111384
193.70.81.106 - - [03/Nov/2024:05:29:22 +0100] "GET /ticket2/opencms/se/sv/sell/?edid=C387B29E-9437-3C16-A65A-97A5EDDE5C2F HTTP/1.1" 404 -
20.171.206.249 - - [03/Nov/2024:05:29:22 +0100] "GET /ticket2/opencms/sv/sport/fotbollsbiljetter/uefa-champions-league/arsenal/ HTTP/1.1" 200 80036
20.171.206.249 - - [03/Nov/2024:05:29:23 +0100] "GET /ticket2/opencms/sv/sport/fotbollsbiljetter/uefa-champions-league/ac_milan/ HTTP/1.1" 200 80541
20.171.206.249 - - [03/Nov/2024:05:29:24 +0100] "GET /ticket2/opencms/sv/sport/fotbollsbiljetter/uefa-champions-league/bayern_munchen/ HTTP/1.1" 200 79068
8.219.170.90 - - [03/Nov/2024:05:29:25 +0100] "GET /ticket2/opencms/en/buy_safety/ HTTP/1.1" 200 80742
20.171.206.249 - - [03/Nov/2024:05:29:26 +0100] "GET /ticket2/opencms/sv/sport/fotbollsbiljetter/uefa-champions-league/real_madrid.html HTTP/1.1" 200 79455
20.171.206.249 - - [03/Nov/2024:05:29:26 +0100] "GET /ticket2/opencms/sv/sport/fotbollsbiljetter/uefa-champions-league/atletico_madrid/; HTTP/1.1" 200 79628
193.70.81.106 - - [03/Nov/2024:05:29:26 +0100] "GET /ticket2/opencms/se/sv/sell/?edid=C3DECC82-3913-4A09-A7B2-D4DC592CF8F8 HTTP/1.1" 404 -
47.128.39.103 - - [03/Nov/2024:05:29:27 +0100] "GET /ticket2/opencms/mt/buy/?edid=C1B4DE4D-4494-9BEC-4210-90FDC1962906 HTTP/1.1" 200 81495
20.171.206.249 - - [03/Nov/2024:05:29:28 +0100] "GET /ticket2/opencms/sv/sport/fotbollsbiljetter/uefa-champions-league/inter/ HTTP/1.1" 200 80700
157.90.209.79 - - [03/Nov/2024:05:29:28 +0100] "GET /ticket2/opencms/is/buy/?page=1&edid=BE8C7FA0-9E48-EAB3-3A70-9E9F9EA30F95 HTTP/1.1" 200 136439
20.171.206.249 - - [03/Nov/2024:05:29:28 +0100] "GET /ticket2/opencms/sv/buy/?page=1&edid=594BB2EC-0131-3CF2-28F5-D32596AEC319 HTTP/1.1" 200 101485
40.77.167.255 - - [03/Nov/2024:05:29:29 +0100] "GET /ticket2/opencms/bs/buy?page=6&comcatid=A17713B6-D984-201A-4143-ED4DB5ED5C2E&catid=A4D9EA9A-192D-0274-BF26-9C98D8B902AB HTTP/1.1" 200 114669
193.70.81.106 - - [03/Nov/2024:05:29:31 +0100] "GET /ticket2/opencms/se/sv/sell/?edid=C42BF7EA-D819-8A67-F8B3-5081D65DA522 HTTP/1.1" 404 -
157.90.209.79 - - [03/Nov/2024:05:29:32 +0100] "GET /ticket2/opencms/is/buy/?page=1&edid=BE9D8283-8353-3049-DA1C-50EC3CD6221D HTTP/1.1" 200 102078
157.90.209.79 - - [03/Nov/2024:05:29:34 +0100] "GET /ticket2/opencms/is/buy/?page=1&edid=BFAFDC2C-908C-DD1E-38F3-2E405A281188 HTTP/1.1" 200 130271
157.90.209.79 - - [03/Nov/2024:05:29:36 +0100] "GET /ticket2/opencms/is/buy/?page=1&edid=C05AA481-967A-A4D1-E287-ECBF3F52D776 HTTP/1.1" 200 102156
193.70.81.106 - - [03/Nov/2024:05:29:36 +0100] "GET /ticket2/opencms/se/sv/sell/?edid=C43AF7C0-26BE-B2AE-78CB-C76D3232FCED HTTP/1.1" 404 -
157.90.209.79 - - [03/Nov/2024:05:29:41 +0100] "GET /ticket2/opencms/is/buy/?page=1&edid=C15AE28C-73DB-6928-32A1-4EC14A77EEA7 HTTP/1.1" 200 124716
193.70.81.106 - - [03/Nov/2024:05:29:41 +0100] "GET /ticket2/opencms/se/sv/sell/?edid=C5265C6D-2B53-0085-740B-21BC4412B882 HTTP/1.1" 404 -
157.90.209.79 - - [03/Nov/2024:05:29:42 +0100] "GET /ticket2/opencms/is/buy/?page=1&edid=C1C161ED-392A-057B-99A1-EFB930A82112 HTTP/1.1" 200 102079
47.128.110.201 - - [03/Nov/2024:05:29:45 +0100] "GET /ticket2/opencms/sv/magazine/article?title=emirates-stadium HTTP/1.1" 200 83287
157.90.209.79 - - [03/Nov/2024:05:29:45 +0100] "GET /ticket2/opencms/is/buy/?page=1&edid=C28B3B84-6A6E-6FCB-67EF-1F8424FD799A HTTP/1.1" 200 114142
193.70.81.106 - - [03/Nov/2024:05:29:46 +0100] "GET /ticket2/opencms/se/sv/sell/?edid=C68D0FEE-1CA7-27AB-E3F3-F0EEAF5F9A38 HTTP/1.1" 404 -
157.90.209.79 - - [03/Nov/2024:05:29:50 +0100] "GET /ticket2/opencms/is/buy/?page=1&edid=C2E0FED9-872C-CDB5-EA69-F93F12F9C91F HTTP/1.1" 200 114146
20.171.206.249 - - [03/Nov/2024:05:29:50 +0100] "GET /ticket2/opencms/sv/buy/?page=1&edid=5FB57C24-AD1D-5266-EC3B-AFBF6FBAF1AC HTTP/1.1" 200 101400
193.70.81.106 - - [03/Nov/2024:05:29:51 +0100] "GET /ticket2/opencms/se/sv/sell/?edid=CADFC425-50A8-87AD-969A-CE4EDB1D09FF HTTP/1.1" 404 -
157.90.209.79 - - [03/Nov/2024:05:29:52 +0100] "GET /ticket2/opencms/is/buy/?page=1&edid=C5541103-512C-D651-87BB-185D7BE93A66 HTTP/1.1" 200 124722
157.90.209.79 - - [03/Nov/2024:05:29:55 +0100] "GET /ticket2/opencms/is/buy/?page=1&edid=C64002B7-B7A3-A646-1770-7E79C914EDA5 HTTP/1.1" 200 130304
