192.99.9.92 - - [03/Nov/2024:03:57:54 +0100] "GET /ticket2/opencms/dk/no/buy/?page=1&edid=AF875C00-5192-6C16-B609-B33576461338&sortorder=asc&column=section HTTP/1.1" 404 -
194.247.173.99 - - [03/Nov/2024:03:57:54 +0100] "GET /ticket2/opencms/dk/ru/buy/?page=1&edid=3B73D4E9-A300-4AB3-6A7F-0ED10ECAB724&sortorder=desc&column=section HTTP/1.1" 404 -
194.247.173.99 - - [03/Nov/2024:03:57:56 +0100] "GET /ticket2/opencms/dk/nl/buy/?page=1&edid=6DF37A9E-22D9-513C-6DAE-4A3EAB281B73&sortorder=asc&column=row HTTP/1.1" 404 -
217.113.194.217 - - [03/Nov/2024:03:57:56 +0100] "GET /ticket2/opencms/mt/sport/biljetti-tal-futbol/bundesliga/bayern-munchen HTTP/1.1" 200 96379
157.90.209.79 - - [03/Nov/2024:03:57:57 +0100] "GET /ticket2/opencms/ga/buy?page=1&edid=BF02E8D3-250D-1BB9-F307-8D142E1902AE HTTP/1.1" 200 101292
81.167.26.57 - - [03/Nov/2024:03:57:58 +0100] "GET /ticket2/opencms/se/sv/buy/?page=1&edid=6FCA7C97-0DDE-F0C5-370E-597E0259B177&sortorder=desc&column=price HTTP/1.1" 404 -
192.99.9.92 - - [03/Nov/2024:03:57:59 +0100] "GET /ticket2/opencms/dk/no/buy/?page=1&edid=B0B4F143-21F3-1B35-1951-2883ED82D6C9 HTTP/1.1" 404 -
194.247.173.99 - - [03/Nov/2024:03:58:00 +0100] "GET /ticket2/opencms/dk/ru/buy/?page=1&edid=3C9AD879-960E-ACE5-C66E-FD35A4D61246&sortorder=asc&column=price HTTP/1.1" 404 -
194.247.173.99 - - [03/Nov/2024:03:58:01 +0100] "GET /ticket2/opencms/dk/nl/buy/?page=1&edid=6FB2CE89-5252-7849-74B5-62D30B694F3F&sortorder=asc&column=row HTTP/1.1" 404 -
157.90.209.79 - - [03/Nov/2024:03:58:01 +0100] "GET /ticket2/opencms/ga/buy?page=1&edid=BFAFDC2C-908C-DD1E-38F3-2E405A281188 HTTP/1.1" 200 130714
81.167.26.57 - - [03/Nov/2024:03:58:03 +0100] "GET /ticket2/opencms/se/sv/buy/?page=1&edid=70CD3B63-B522-E81A-A09F-BEF3E947F580&sortorder=desc&column=section HTTP/1.1" 404 -
157.90.209.79 - - [03/Nov/2024:03:58:04 +0100] "GET /ticket2/opencms/ga/buy?page=1&edid=C05AA481-967A-A4D1-E287-ECBF3F52D776 HTTP/1.1" 200 102473
185.191.171.4 - - [03/Nov/2024:03:58:04 +0100] "GET /ticket2/opencms/de/selling_tickets/ HTTP/1.1" 500 -
192.99.9.92 - - [03/Nov/2024:03:58:05 +0100] "GET /ticket2/opencms/dk/no/buy/?page=1&edid=B0D5163C-4275-4174-A853-F0FCD7B54F1F HTTP/1.1" 404 -
194.247.173.99 - - [03/Nov/2024:03:58:05 +0100] "GET /ticket2/opencms/dk/ru/buy/?page=1&edid=3CC54759-E4D4-B86D-2F9D-F91CD91EA3B0&sortorder=asc&column=price HTTP/1.1" 404 -
217.113.194.221 - - [03/Nov/2024:03:58:06 +0100] "GET /ticket2/opencms/hu/sport/focijegyek/premier-league/crystal_palace HTTP/1.1" 200 98828
194.247.173.99 - - [03/Nov/2024:03:58:07 +0100] "GET /ticket2/opencms/dk/nl/buy/?page=1&edid=6FB2CE89-5252-7849-74B5-62D30B694F3F&sortorder=asc&column=section HTTP/1.1" 404 -
85.208.96.209 - - [03/Nov/2024:03:58:07 +0100] "GET /ticket2/opencms/sv/search.html?searchQuery=Lecce&submit HTTP/1.1" 200 102729
157.90.209.79 - - [03/Nov/2024:03:58:08 +0100] "GET /ticket2/opencms/ga/buy?page=1&edid=C15AE28C-73DB-6928-32A1-4EC14A77EEA7 HTTP/1.1" 200 125235
81.167.26.57 - - [03/Nov/2024:03:58:08 +0100] "GET /ticket2/opencms/se/sv/buy/?page=1&edid=73426CFD-7324-3576-B098-72F44B4FEBB2&sortorder=asc&column=row HTTP/1.1" 404 -
192.99.9.92 - - [03/Nov/2024:03:58:09 +0100] "GET /ticket2/opencms/dk/no/buy/?page=1&edid=B0D5163C-4275-4174-A853-F0FCD7B54F1F&sortorder=desc&column=price HTTP/1.1" 404 -
194.247.173.99 - - [03/Nov/2024:03:58:10 +0100] "GET /ticket2/opencms/dk/ru/buy/?page=1&edid=3E20A61C-CB72-59DD-3B89-2D3668109906&sortorder=desc&column=row HTTP/1.1" 404 -
81.167.26.57 - - [03/Nov/2024:03:58:12 +0100] "GET /ticket2/opencms/se/sv/buy/?page=1&edid=7911312C-1225-8A9E-7A3D-35D79ED30B2F&sortorder=asc&column=section HTTP/1.1" 404 -
194.247.173.99 - - [03/Nov/2024:03:58:12 +0100] "GET /ticket2/opencms/dk/nl/buy/?page=1&edid=6FB2CE89-5252-7849-74B5-62D30B694F3F&sortorder=desc&column=row HTTP/1.1" 404 -
47.128.52.121 - - [03/Nov/2024:03:58:13 +0100] "GET /ticket2/opencms/mo/buy/?catid=BDD8C04C-DD99-1C07-B5F3-F2AB98D157E8&comcatid=A17713B6-D984-201A-4143-ED4DB5ED5C2E HTTP/1.1" 200 93866
34.75.193.21 - - [03/Nov/2024:03:58:15 +0100] "GET /ticket2/opencms/robots.txt HTTP/1.1" 200 773
192.99.9.92 - - [03/Nov/2024:03:58:15 +0100] "GET /ticket2/opencms/dk/no/buy/?page=1&edid=B0D5163C-4275-4174-A853-F0FCD7B54F1F&sortorder=desc&column=row HTTP/1.1" 404 -
217.113.194.214 - - [03/Nov/2024:03:58:15 +0100] "GET /ticket2/opencms/hu/sport/focijegyek/premier-league/manchester-united HTTP/1.1" 200 99054
34.75.193.21 - - [03/Nov/2024:03:58:16 +0100] "GET /ticket2/opencms/robots.txt HTTP/1.0" 200 773
34.75.193.21 - - [03/Nov/2024:03:58:16 +0100] "GET /ticket2/opencms/ HTTP/1.0" 302 -
194.247.173.99 - - [03/Nov/2024:03:58:16 +0100] "GET /ticket2/opencms/dk/ru/buy/?page=1&edid=3F666EA8-3582-CA4F-7916-99CDCAA57E7F&sortorder=asc&column=row HTTP/1.1" 404 -
194.247.173.99 - - [03/Nov/2024:03:58:18 +0100] "GET /ticket2/opencms/dk/nl/buy/?page=1&edid=70206ABB-C0B8-14C4-759D-8724BD4F997B&sortorder=asc&column=price HTTP/1.1" 404 -
81.167.26.57 - - [03/Nov/2024:03:58:19 +0100] "GET /ticket2/opencms/se/sv/buy/?page=1&edid=79A7E23E-F2EF-CDF4-015B-B51B9E1E38BF&sortorder=desc&column=row HTTP/1.1" 404 -
192.99.9.92 - - [03/Nov/2024:03:58:19 +0100] "GET /ticket2/opencms/dk/no/buy/?page=1&edid=B0D5163C-4275-4174-A853-F0FCD7B54F1F&sortorder=desc&column=section HTTP/1.1" 404 -
34.75.193.21 - - [03/Nov/2024:03:58:20 +0100] "GET /ticket2/opencms/en/ HTTP/1.0" 200 95593
194.247.173.99 - - [03/Nov/2024:03:58:22 +0100] "GET /ticket2/opencms/dk/ru/buy/?page=1&edid=3F87137A-1EEA-8B97-ED7A-AF9E348CC6BD&sortorder=asc&column=price HTTP/1.1" 404 -
194.247.173.99 - - [03/Nov/2024:03:58:23 +0100] "GET /ticket2/opencms/dk/nl/buy/?page=1&edid=703B9188-07D2-D0DA-558A-C19524FFF0C0&sortorder=asc&column=section HTTP/1.1" 404 -
192.99.9.92 - - [03/Nov/2024:03:58:23 +0100] "GET /ticket2/opencms/dk/no/buy/?page=1&edid=B10AF00E-0324-7445-7D15-B9217548CB2C&sortorder=asc&column=row HTTP/1.1" 404 -
81.167.26.57 - - [03/Nov/2024:03:58:24 +0100] "GET /ticket2/opencms/se/sv/buy/?page=1&edid=79A7E23E-F2EF-CDF4-015B-B51B9E1E38BF&sortorder=desc&column=section HTTP/1.1" 404 -
217.113.194.214 - - [03/Nov/2024:03:58:24 +0100] "GET /ticket2/opencms/sites/ticketbrokerage/sv/tickets/inter/atalanta.html HTTP/1.1" 404 -
194.247.173.99 - - [03/Nov/2024:03:58:27 +0100] "GET /ticket2/opencms/dk/ru/buy/?page=1&edid=3F87137A-1EEA-8B97-ED7A-AF9E348CC6BD&sortorder=asc&column=row HTTP/1.1" 404 -
192.99.9.92 - - [03/Nov/2024:03:58:27 +0100] "GET /ticket2/opencms/dk/no/buy/?page=1&edid=B10AF00E-0324-7445-7D15-B9217548CB2C&sortorder=asc&column=section HTTP/1.1" 404 -
81.167.26.57 - - [03/Nov/2024:03:58:28 +0100] "GET /ticket2/opencms/se/sv/buy/?page=1&edid=7A5430D9-8A5F-E813-847D-A5F70CDA36B3&sortorder=asc&column=section HTTP/1.1" 404 -
194.247.173.99 - - [03/Nov/2024:03:58:28 +0100] "GET /ticket2/opencms/dk/nl/buy/?page=1&edid=7057B2C9-74F4-D569-B6F7-77B58D68F437&sortorder=asc&column=section HTTP/1.1" 404 -
81.167.26.57 - - [03/Nov/2024:03:58:31 +0100] "GET /ticket2/opencms/se/sv/buy/?page=1&edid=7B795253-FDA4-1C82-06CC-21D0CE336896&sortorder=desc&column=row HTTP/1.1" 404 -
217.113.194.216 - - [03/Nov/2024:03:58:32 +0100] "GET /ticket2/opencms/sites/ticketbrokerage/sv/tickets/arsenal/tottenham.html HTTP/1.1" 404 -
192.99.9.92 - - [03/Nov/2024:03:58:32 +0100] "GET /ticket2/opencms/dk/no/buy/?page=1&edid=B1435DBB-B4D0-AB39-BEA4-76DD19D98B45&sortorder=asc&column=price HTTP/1.1" 404 -
194.247.173.99 - - [03/Nov/2024:03:58:33 +0100] "GET /ticket2/opencms/dk/ru/buy/?page=1&edid=3F87137A-1EEA-8B97-ED7A-AF9E348CC6BD&sortorder=asc&column=section HTTP/1.1" 404 -
194.247.173.99 - - [03/Nov/2024:03:58:34 +0100] "GET /ticket2/opencms/dk/nl/buy/?page=1&edid=7096723F-3AA2-C6C7-432B-FA3E62922FD4 HTTP/1.1" 404 -
81.167.26.57 - - [03/Nov/2024:03:58:35 +0100] "GET /ticket2/opencms/se/sv/buy/?page=1&edid=7B7C59FE-44C3-8B94-6612-C7226873D7F7&sortorder=asc&column=price HTTP/1.1" 404 -
192.99.9.92 - - [03/Nov/2024:03:58:36 +0100] "GET /ticket2/opencms/dk/no/buy/?page=1&edid=B1435DBB-B4D0-AB39-BEA4-76DD19D98B45&sortorder=asc&column=section HTTP/1.1" 404 -
194.247.173.99 - - [03/Nov/2024:03:58:38 +0100] "GET /ticket2/opencms/dk/ru/buy/?page=1&edid=41B0AD3F-D5B6-C8C5-9D9D-00306E5C1BE4 HTTP/1.1" 404 -
119.13.101.171 - - [03/Nov/2024:03:58:39 +0100] "GET /ticket2/opencms/es/deporte/entradas-futbol/serie-a/udinese HTTP/1.1" 200 88754
194.247.173.99 - - [03/Nov/2024:03:58:39 +0100] "GET /ticket2/opencms/dk/nl/buy/?page=1&edid=711223BE-D05E-566D-FDDF-32EDF3B51832&sortorder=asc&column=section HTTP/1.1" 404 -
192.99.9.92 - - [03/Nov/2024:03:58:40 +0100] "GET /ticket2/opencms/dk/no/buy/?page=1&edid=B175AB35-7948-C38C-E506-6E502E92CAA9&sortorder=desc&column=section HTTP/1.1" 404 -
217.113.194.213 - - [03/Nov/2024:03:58:40 +0100] "GET /ticket2/opencms/sites/ticketbrokerage/sv/tickets/swansea/fulham.html HTTP/1.1" 404 -
192.99.9.92 - - [03/Nov/2024:03:58:43 +0100] "GET /ticket2/opencms/dk/no/buy/?page=1&edid=B2F92221-2B73-EA2C-C166-398C5B5E8EA2 HTTP/1.1" 404 -
81.167.26.57 - - [03/Nov/2024:03:58:43 +0100] "GET /ticket2/opencms/se/sv/buy/?page=1&edid=7B7C59FE-44C3-8B94-6612-C7226873D7F7&sortorder=asc&column=row HTTP/1.1" 404 -
194.247.173.99 - - [03/Nov/2024:03:58:45 +0100] "GET /ticket2/opencms/dk/nl/buy/?page=1&edid=71EE099C-7687-5A08-B204-7EA14D124AB2&sortorder=desc&column=price HTTP/1.1" 404 -
194.247.173.99 - - [03/Nov/2024:03:58:45 +0100] "GET /ticket2/opencms/dk/ru/buy/?page=1&edid=4283C0F9-68DA-FA30-758C-257225F7159B&sortorder=asc&column=row HTTP/1.1" 404 -
192.99.9.92 - - [03/Nov/2024:03:58:47 +0100] "GET /ticket2/opencms/dk/no/buy/?page=1&edid=B334488E-0BD0-F2EF-5B74-0601239F07DD HTTP/1.1" 404 -
217.113.194.217 - - [03/Nov/2024:03:58:48 +0100] "GET /ticket2/opencms/sites/ticketbrokerage/sv/tickets/chelsea/sunderland.html HTTP/1.1" 404 -
47.128.117.169 - - [03/Nov/2024:03:58:50 +0100] "GET /ticket2/opencms/sv/buy?page=11 HTTP/1.1" 200 79067
192.99.9.92 - - [03/Nov/2024:03:58:51 +0100] "GET /ticket2/opencms/dk/no/buy/?page=1&edid=B334488E-0BD0-F2EF-5B74-0601239F07DD&sortorder=desc&column=price HTTP/1.1" 404 -
194.247.173.99 - - [03/Nov/2024:03:58:51 +0100] "GET /ticket2/opencms/dk/ru/buy/?page=1&edid=4283C0F9-68DA-FA30-758C-257225F7159B&sortorder=asc&column=section HTTP/1.1" 404 -
194.247.173.99 - - [03/Nov/2024:03:58:51 +0100] "GET /ticket2/opencms/dk/nl/buy/?page=1&edid=71F4B3AC-4D73-186A-EB10-1663B04184B6&sortorder=desc&column=row HTTP/1.1" 404 -
192.99.9.92 - - [03/Nov/2024:03:58:54 +0100] "GET /ticket2/opencms/dk/no/buy/?page=1&edid=B334488E-0BD0-F2EF-5B74-0601239F07DD&sortorder=desc&column=row HTTP/1.1" 404 -
81.167.26.57 - - [03/Nov/2024:03:58:55 +0100] "GET /ticket2/opencms/se/sv/buy/?page=1&edid=7B7C59FE-44C3-8B94-6612-C7226873D7F7&sortorder=asc&column=section HTTP/1.1" 404 -
217.113.194.217 - - [03/Nov/2024:03:58:56 +0100] "GET /ticket2/opencms/sites/ticketbrokerage/sv/tickets/blackpool/wigan.html HTTP/1.1" 404 -
194.247.173.99 - - [03/Nov/2024:03:58:57 +0100] "GET /ticket2/opencms/dk/nl/buy/?page=1&edid=71F8EE29-FA8F-FD46-7D27-26F4014317BC&sortorder=asc&column=price HTTP/1.1" 404 -
194.247.173.99 - - [03/Nov/2024:03:58:57 +0100] "GET /ticket2/opencms/dk/ru/buy/?page=1&edid=4283C0F9-68DA-FA30-758C-257225F7159B&sortorder=desc&column=price HTTP/1.1" 404 -
66.249.73.38 - - [03/Nov/2024:03:58:58 +0100] "GET /ticket2/opencms/sv/buy?page=1&edid=1BDA6D08-38AF-6470-7423-555F9C3DEC73 HTTP/1.1" 200 101493
192.99.9.92 - - [03/Nov/2024:03:58:59 +0100] "GET /ticket2/opencms/dk/no/buy/?page=1&edid=B3CE1D05-2AFF-3827-82BB-D445FA533BBD HTTP/1.1" 404 -
81.167.26.57 - - [03/Nov/2024:03:58:59 +0100] "GET /ticket2/opencms/se/sv/buy/?page=1&edid=7BB5E33D-65F9-3F17-C9F1-1FD9D6CF7CB8&sortorder=desc&column=price HTTP/1.1" 404 -
194.247.173.99 - - [03/Nov/2024:03:59:02 +0100] "GET /ticket2/opencms/dk/nl/buy/?page=1&edid=728FDD8E-BDFE-BB0A-DF35-E4BC18BF7E0D&sortorder=asc&column=row HTTP/1.1" 404 -
192.99.9.92 - - [03/Nov/2024:03:59:02 +0100] "GET /ticket2/opencms/dk/no/buy/?page=1&edid=B3E9D9E7-B50F-08FD-E8CA-41A1BFDA893A HTTP/1.1" 404 -
114.119.145.123 - - [03/Nov/2024:03:59:02 +0100] "GET /ticket2/opencms/en/buy?page=1&edid=A32C2CDE-A2F2-054C-C7FE-30BF45814EDA HTTP/1.1" 200 100654
194.247.173.99 - - [03/Nov/2024:03:59:03 +0100] "GET /ticket2/opencms/dk/ru/buy/?page=1&edid=4299C753-69F7-9BE0-CB4F-E99ABD6188AD&sortorder=desc&column=price HTTP/1.1" 404 -
81.167.26.57 - - [03/Nov/2024:03:59:03 +0100] "GET /ticket2/opencms/se/sv/buy/?page=1&edid=7C9D1D8F-C2A8-5273-4C6A-8733A1E01057&sortorder=asc&column=price HTTP/1.1" 404 -
47.128.51.83 - - [03/Nov/2024:03:59:04 +0100] "GET /ticket2/opencms/hr/buy/?catid=3A7AEA37-903D-9533-4B33-21B0001FF1D1&comcatid=A17713B6-D984-201A-4143-ED4DB5ED5C2E HTTP/1.1" 200 93766
217.113.194.212 - - [03/Nov/2024:03:59:05 +0100] "GET /ticket2/opencms/sites/ticketbrokerage/sv/tickets/roma/chievo.html HTTP/1.1" 404 -
81.167.26.57 - - [03/Nov/2024:03:59:06 +0100] "GET /ticket2/opencms/se/sv/buy/?page=1&edid=7C9D1D8F-C2A8-5273-4C6A-8733A1E01057&sortorder=asc&column=row HTTP/1.1" 404 -
157.90.209.79 - - [03/Nov/2024:03:59:07 +0100] "GET /ticket2/opencms/ga/buy?page=1&edid=C1C161ED-392A-057B-99A1-EFB930A82112 HTTP/1.1" 200 102363
194.247.173.99 - - [03/Nov/2024:03:59:07 +0100] "GET /ticket2/opencms/dk/nl/buy/?page=1&edid=728FDD8E-BDFE-BB0A-DF35-E4BC18BF7E0D&sortorder=asc&column=section HTTP/1.1" 404 -
194.247.173.99 - - [03/Nov/2024:03:59:08 +0100] "GET /ticket2/opencms/dk/ru/buy/?page=1&edid=4299C753-69F7-9BE0-CB4F-E99ABD6188AD&sortorder=desc&column=row HTTP/1.1" 404 -
192.99.9.92 - - [03/Nov/2024:03:59:09 +0100] "GET /ticket2/opencms/dk/no/buy/?page=1&edid=B3FFE65A-30FC-32DE-3E3C-769263593BC1 HTTP/1.1" 404 -
81.167.26.57 - - [03/Nov/2024:03:59:09 +0100] "GET /ticket2/opencms/se/sv/buy/?page=1&edid=7C9D1D8F-C2A8-5273-4C6A-8733A1E01057&sortorder=asc&column=section HTTP/1.1" 404 -
47.128.47.150 - - [03/Nov/2024:03:59:11 +0100] "GET /ticket2/opencms/ga/buy/?edid=469C358C-9841-0666-81F6-722FE887E89C HTTP/1.1" 200 81535
157.90.209.79 - - [03/Nov/2024:03:59:12 +0100] "GET /ticket2/opencms/ga/buy?page=1&edid=C28B3B84-6A6E-6FCB-67EF-1F8424FD799A HTTP/1.1" 200 114436
81.167.26.57 - - [03/Nov/2024:03:59:12 +0100] "GET /ticket2/opencms/se/sv/buy/?page=1&edid=7DCEB9A7-58B5-E380-B09A-8CD7B35FEB72&sortorder=desc&column=price HTTP/1.1" 404 -
192.99.9.92 - - [03/Nov/2024:03:59:13 +0100] "GET /ticket2/opencms/dk/no/buy/?page=1&edid=B3FFE65A-30FC-32DE-3E3C-769263593BC1&sortorder=desc&column=price HTTP/1.1" 404 -
194.247.173.99 - - [03/Nov/2024:03:59:13 +0100] "GET /ticket2/opencms/dk/nl/buy/?page=1&edid=72BBEF2E-3C1D-620B-FDA3-39E4087FDFE0&sortorder=desc&column=section HTTP/1.1" 404 -
217.113.194.221 - - [03/Nov/2024:03:59:13 +0100] "GET /ticket2/opencms/sites/ticketbrokerage/sv/tickets/fiorentina/lazio.html HTTP/1.1" 404 -
194.247.173.99 - - [03/Nov/2024:03:59:14 +0100] "GET /ticket2/opencms/dk/ru/buy/?page=1&edid=4299C753-69F7-9BE0-CB4F-E99ABD6188AD&sortorder=desc&column=section HTTP/1.1" 404 -
81.167.26.57 - - [03/Nov/2024:03:59:16 +0100] "GET /ticket2/opencms/se/sv/buy/?page=1&edid=7DCEB9A7-58B5-E380-B09A-8CD7B35FEB72&sortorder=desc&column=row HTTP/1.1" 404 -
192.99.9.92 - - [03/Nov/2024:03:59:17 +0100] "GET /ticket2/opencms/dk/no/buy/?page=1&edid=B3FFE65A-30FC-32DE-3E3C-769263593BC1&sortorder=desc&column=row HTTP/1.1" 404 -
194.247.173.99 - - [03/Nov/2024:03:59:18 +0100] "GET /ticket2/opencms/dk/nl/buy/?page=1&edid=7308B645-1C37-9E3C-E9DF-F4222D831A7B&sortorder=asc&column=row HTTP/1.1" 404 -
81.167.26.57 - - [03/Nov/2024:03:59:19 +0100] "GET /ticket2/opencms/se/sv/buy/?page=1&edid=7EB4B334-95CD-132B-87F8-58D620003B82&sortorder=asc&column=price HTTP/1.1" 404 -
194.247.173.99 - - [03/Nov/2024:03:59:19 +0100] "GET /ticket2/opencms/dk/ru/buy/?page=1&edid=42B4FA5E-16E8-1BBB-7074-4F94B4A8F703&sortorder=asc&column=row HTTP/1.1" 404 -
217.113.194.221 - - [03/Nov/2024:03:59:21 +0100] "GET /ticket2/opencms/sites/ticketbrokerage/sv/tickets/fiorentina/lecce.html HTTP/1.1" 404 -
192.99.9.92 - - [03/Nov/2024:03:59:21 +0100] "GET /ticket2/opencms/dk/no/buy/?page=1&edid=B3FFE65A-30FC-32DE-3E3C-769263593BC1&sortorder=desc&column=section HTTP/1.1" 404 -
81.167.26.57 - - [03/Nov/2024:03:59:22 +0100] "GET /ticket2/opencms/se/sv/buy/?page=1&edid=7EB74AA3-3780-53BE-BD65-9E9E0BF77A26&sortorder=asc&column=price HTTP/1.1" 404 -
194.247.173.99 - - [03/Nov/2024:03:59:23 +0100] "GET /ticket2/opencms/dk/nl/buy/?page=1&edid=7339101C-AB59-95E5-2B5B-50B0ADC75A8C&sortorder=asc&column=price HTTP/1.1" 404 -
194.247.173.99 - - [03/Nov/2024:03:59:25 +0100] "GET /ticket2/opencms/dk/ru/buy/?page=1&edid=42B4FA5E-16E8-1BBB-7074-4F94B4A8F703&sortorder=asc&column=section HTTP/1.1" 404 -
192.99.9.92 - - [03/Nov/2024:03:59:25 +0100] "GET /ticket2/opencms/dk/no/buy/?page=1&edid=B4030CF5-B314-5DDA-40F9-72DC7FBE18CD&sortorder=desc&column=row HTTP/1.1" 404 -
185.191.171.15 - - [03/Nov/2024:03:59:27 +0100] "GET /ticket2/opencms/sv/magazine/article?title=fotboll HTTP/1.1" 200 82329
194.247.173.99 - - [03/Nov/2024:03:59:28 +0100] "GET /ticket2/opencms/dk/nl/buy/?page=1&edid=7339101C-AB59-95E5-2B5B-50B0ADC75A8C&sortorder=asc&column=row HTTP/1.1" 404 -
192.99.9.92 - - [03/Nov/2024:03:59:29 +0100] "GET /ticket2/opencms/dk/no/buy/?page=1&edid=B4030CF5-B314-5DDA-40F9-72DC7FBE18CD&sortorder=desc&column=section HTTP/1.1" 404 -
217.113.194.215 - - [03/Nov/2024:03:59:29 +0100] "GET /ticket2/opencms/sites/ticketbrokerage/sv/tickets/fiorentina/milan.html HTTP/1.1" 404 -
81.167.26.57 - - [03/Nov/2024:03:59:30 +0100] "GET /ticket2/opencms/se/sv/buy/?page=1&edid=7EB74AA3-3780-53BE-BD65-9E9E0BF77A26&sortorder=asc&column=row HTTP/1.1" 404 -
194.247.173.99 - - [03/Nov/2024:03:59:31 +0100] "GET /ticket2/opencms/dk/ru/buy/?page=1&edid=431AC084-08F6-FDFC-321B-AFA4301539CF&sortorder=asc&column=price HTTP/1.1" 404 -
192.99.9.92 - - [03/Nov/2024:03:59:33 +0100] "GET /ticket2/opencms/dk/no/buy/?page=1&edid=B4C738A5-76B3-7898-6428-65EDFE327DB4&sortorder=desc&column=price HTTP/1.1" 404 -
81.167.26.57 - - [03/Nov/2024:03:59:34 +0100] "GET /ticket2/opencms/se/sv/buy/?page=1&edid=7EB74AA3-3780-53BE-BD65-9E9E0BF77A26&sortorder=asc&column=section HTTP/1.1" 404 -
194.247.173.99 - - [03/Nov/2024:03:59:34 +0100] "GET /ticket2/opencms/dk/nl/buy/?page=1&edid=73426CFD-7324-3576-B098-72F44B4FEBB2 HTTP/1.1" 404 -
192.99.9.92 - - [03/Nov/2024:03:59:36 +0100] "GET /ticket2/opencms/dk/no/buy/?page=1&edid=B4C738A5-76B3-7898-6428-65EDFE327DB4&sortorder=desc&column=row HTTP/1.1" 404 -
217.113.194.217 - - [03/Nov/2024:03:59:37 +0100] "GET /ticket2/opencms/sites/ticketbrokerage/sv/tickets/fulham/arsenal.html HTTP/1.1" 404 -
194.247.173.99 - - [03/Nov/2024:03:59:39 +0100] "GET /ticket2/opencms/dk/ru/buy/?page=1&edid=431AC084-08F6-FDFC-321B-AFA4301539CF&sortorder=desc&column=price HTTP/1.1" 404 -
194.247.173.99 - - [03/Nov/2024:03:59:39 +0100] "GET /ticket2/opencms/dk/nl/buy/?page=1&edid=73D8189D-DEDA-4F8B-BA1C-9AC984A743C2 HTTP/1.1" 404 -
192.99.9.92 - - [03/Nov/2024:03:59:40 +0100] "GET /ticket2/opencms/dk/no/buy/?page=1&edid=B4C738A5-76B3-7898-6428-65EDFE327DB4&sortorder=desc&column=section HTTP/1.1" 404 -
81.167.26.57 - - [03/Nov/2024:03:59:41 +0100] "GET /ticket2/opencms/se/sv/buy/?page=1&edid=8109ABFA-1433-8DF3-D23E-7F3853BD3B0D&sortorder=asc&column=price HTTP/1.1" 404 -
81.167.26.57 - - [03/Nov/2024:03:59:44 +0100] "GET /ticket2/opencms/se/robots.txt HTTP/1.1" 404 -
194.247.173.99 - - [03/Nov/2024:03:59:44 +0100] "GET /ticket2/opencms/dk/ru/buy/?page=1&edid=43FBDCC0-1021-1A5F-6A9F-86C612FC472E&sortorder=asc&column=section HTTP/1.1" 404 -
194.247.173.99 - - [03/Nov/2024:03:59:44 +0100] "GET /ticket2/opencms/dk/nl/buy/?page=1&edid=73E3472E-75F3-D9FA-7EEA-B15267C09460&sortorder=desc&column=price HTTP/1.1" 404 -
192.99.9.92 - - [03/Nov/2024:03:59:45 +0100] "GET /ticket2/opencms/dk/no/buy/?page=1&edid=B4EC0635-7D95-B22D-B192-3848478AFE4A&sortorder=desc&column=price HTTP/1.1" 404 -
217.113.194.219 - - [03/Nov/2024:03:59:46 +0100] "GET /ticket2/opencms/fi/urheilu/jalkapallo/bundesliga/hoffenheim/ HTTP/1.1" 200 87445
192.99.9.92 - - [03/Nov/2024:03:59:48 +0100] "GET /ticket2/opencms/dk/no/buy/?page=1&edid=B4EC0635-7D95-B22D-B192-3848478AFE4A&sortorder=desc&column=row HTTP/1.1" 404 -
185.191.171.15 - - [03/Nov/2024:03:59:49 +0100] "GET /ticket2/opencms/fi/urheilu/jalkapallo/premier_league/bournemouth/ HTTP/1.1" 200 94129
216.244.66.238 - - [03/Nov/2024:03:59:50 +0100] "GET /ticket2/opencms/tr/buy?page=1&edid=2F903B76-B444-9E06-66EB-768066A106B0 HTTP/1.1" 200 98845
194.247.173.99 - - [03/Nov/2024:03:59:50 +0100] "GET /ticket2/opencms/dk/nl/buy/?page=1&edid=749F5230-DCF2-8C68-63DC-F53A65BE28B8&sortorder=asc&column=section HTTP/1.1" 404 -
194.247.173.99 - - [03/Nov/2024:03:59:50 +0100] "GET /ticket2/opencms/dk/ru/buy/?page=1&edid=4452F62E-90C8-F872-950B-D888704DB265&sortorder=asc&column=price HTTP/1.1" 404 -
192.99.9.92 - - [03/Nov/2024:03:59:53 +0100] "GET /ticket2/opencms/dk/no/buy/?page=1&edid=B5867527-E4E8-2B72-A634-6B0BB4ADFC64 HTTP/1.1" 404 -
217.113.194.213 - - [03/Nov/2024:03:59:54 +0100] "GET /ticket2/opencms/sk/sport/futbalove-listky/premier-league/bournemouth HTTP/1.1" 200 97390
194.247.173.99 - - [03/Nov/2024:03:59:55 +0100] "GET /ticket2/opencms/dk/nl/buy/?page=1&edid=74AFB488-3C09-C655-FDE8-D701D9A35954&sortorder=asc&column=price HTTP/1.1" 404 -
194.247.173.99 - - [03/Nov/2024:03:59:56 +0100] "GET /ticket2/opencms/dk/ru/buy/?page=1&edid=45DCB967-7B5E-F4FD-A010-9BC9A67F7CD6 HTTP/1.1" 404 -
47.128.120.246 - - [03/Nov/2024:03:59:56 +0100] "GET /ticket2/opencms/tr/buy HTTP/1.1" 200 79589
192.99.9.92 - - [03/Nov/2024:03:59:57 +0100] "GET /ticket2/opencms/dk/no/buy/?page=1&edid=B5867527-E4E8-2B72-A634-6B0BB4ADFC64&sortorder=desc&column=row HTTP/1.1" 404 -
81.167.26.57 - - [03/Nov/2024:03:59:58 +0100] "GET /ticket2/opencms/se/sv/buy/?page=1&edid=56DAEAFB-0B67-F7AF-0BA9-7E706208996B HTTP/1.1" 404 -
157.90.209.79 - - [03/Nov/2024:03:59:58 +0100] "GET /ticket2/opencms/ga/buy?page=1&edid=C2E0FED9-872C-CDB5-EA69-F93F12F9C91F HTTP/1.1" 200 114440
194.247.173.99 - - [03/Nov/2024:04:00:01 +0100] "GET /ticket2/opencms/dk/nl/buy/?page=1&edid=74EFCA32-6815-FF4B-4089-5178E45F69AE&sortorder=desc&column=price HTTP/1.1" 404 -
192.99.9.92 - - [03/Nov/2024:04:00:02 +0100] "GET /ticket2/opencms/dk/no/buy/?page=1&edid=B644B343-4234-392B-FFCD-C3ACE3A0B2E7&sortorder=asc&column=price HTTP/1.1" 404 -
194.247.173.99 - - [03/Nov/2024:04:00:02 +0100] "GET /ticket2/opencms/dk/ru/buy/?page=1&edid=45DCB967-7B5E-F4FD-A010-9BC9A67F7CD6&sortorder=desc&column=price HTTP/1.1" 404 -
81.167.26.57 - - [03/Nov/2024:04:00:02 +0100] "GET /ticket2/opencms/se/sv/buy/?page=1&edid=56F7A79F-ED6D-503D-46E5-CD44AF89319D&sortorder=asc&column=price HTTP/1.1" 404 -
217.113.194.213 - - [03/Nov/2024:04:00:03 +0100] "GET /ticket2/opencms/sk/sport/futbalove-listky/premier-league/aston-villa HTTP/1.1" 404 -
157.90.209.79 - - [03/Nov/2024:04:00:03 +0100] "GET /ticket2/opencms/ga/buy?page=1&edid=C3C2958F-64DF-91F9-F3D9-8F3CEBC7A797 HTTP/1.1" 200 108368
194.247.173.99 - - [03/Nov/2024:04:00:06 +0100] "GET /ticket2/opencms/dk/nl/buy/?page=1&edid=74EFCA32-6815-FF4B-4089-5178E45F69AE&sortorder=desc&column=row HTTP/1.1" 404 -
192.99.9.92 - - [03/Nov/2024:04:00:07 +0100] "GET /ticket2/opencms/dk/no/buy/?page=1&edid=B644B343-4234-392B-FFCD-C3ACE3A0B2E7&sortorder=asc&column=section HTTP/1.1" 404 -
157.90.209.79 - - [03/Nov/2024:04:00:07 +0100] "GET /ticket2/opencms/ga/buy?page=1&edid=C5541103-512C-D651-87BB-185D7BE93A66 HTTP/1.1" 200 125241
194.247.173.99 - - [03/Nov/2024:04:00:07 +0100] "GET /ticket2/opencms/dk/ru/buy/?page=1&edid=45DCB967-7B5E-F4FD-A010-9BC9A67F7CD6&sortorder=desc&column=row HTTP/1.1" 404 -
81.167.26.57 - - [03/Nov/2024:04:00:09 +0100] "GET /ticket2/opencms/se/sv/buy/?page=1&edid=57459A80-66BC-2154-84E8-27032EAB09A5 HTTP/1.1" 404 -
192.99.9.92 - - [03/Nov/2024:04:00:11 +0100] "GET /ticket2/opencms/dk/no/buy/?page=1&edid=B65C9998-D30F-32EE-08AA-C0A071FB93ED&sortorder=asc&column=price HTTP/1.1" 404 -
217.113.194.219 - - [03/Nov/2024:04:00:11 +0100] "GET /ticket2/opencms/et/sport/jalgpallipiletid/premier-league/brighton HTTP/1.1" 200 96753
194.247.173.99 - - [03/Nov/2024:04:00:12 +0100] "GET /ticket2/opencms/dk/nl/buy/?page=1&edid=754F99FA-61AE-B00D-5479-3360249E1BF3&sortorder=asc&column=row HTTP/1.1" 404 -
194.247.173.99 - - [03/Nov/2024:04:00:13 +0100] "GET /ticket2/opencms/dk/ru/buy/?page=1&edid=45DCB967-7B5E-F4FD-A010-9BC9A67F7CD6&sortorder=desc&column=section HTTP/1.1" 404 -
47.128.54.16 - - [03/Nov/2024:04:00:13 +0100] "GET /ticket2/opencms/lt/buy?page=11&venueid=084C5FFD-59D7-DA1B-5EFC-5854672C42AB HTTP/1.1" 200 81996
81.167.26.57 - - [03/Nov/2024:04:00:14 +0100] "GET /ticket2/opencms/se/sv/buy/?page=1&edid=57459A80-66BC-2154-84E8-27032EAB09A5&sortorder=desc&column=row HTTP/1.1" 404 -
157.90.209.79 - - [03/Nov/2024:04:00:14 +0100] "GET /ticket2/opencms/ga/buy?page=1&edid=C64002B7-B7A3-A646-1770-7E79C914EDA5 HTTP/1.1" 200 130747
192.99.9.92 - - [03/Nov/2024:04:00:15 +0100] "GET /ticket2/opencms/dk/no/buy/?page=1&edid=B65C9998-D30F-32EE-08AA-C0A071FB93ED&sortorder=asc&column=row HTTP/1.1" 404 -
185.191.171.19 - - [03/Nov/2024:04:00:17 +0100] "GET /ticket2/opencms/sr/about/press/ HTTP/1.1" 200 80715
157.90.209.79 - - [03/Nov/2024:04:00:18 +0100] "GET /ticket2/opencms/ga/buy?page=1&edid=C781C90E-2A4A-BE38-23EB-6039DE2F5FA8 HTTP/1.1" 200 126272
192.99.9.92 - - [03/Nov/2024:04:00:18 +0100] "GET /ticket2/opencms/dk/no/buy/?page=1&edid=B65C9998-D30F-32EE-08AA-C0A071FB93ED&sortorder=asc&column=section HTTP/1.1" 404 -
194.247.173.99 - - [03/Nov/2024:04:00:18 +0100] "GET /ticket2/opencms/dk/nl/buy/?page=1&edid=75CF9ED1-0B78-7C40-BDF2-176433D48B4D&sortorder=asc&column=price HTTP/1.1" 404 -
194.247.173.99 - - [03/Nov/2024:04:00:19 +0100] "GET /ticket2/opencms/dk/ru/buy/?page=1&edid=46108B14-35CC-5C82-3570-2C0C468740A5&sortorder=asc&column=price HTTP/1.1" 404 -
217.113.194.214 - - [03/Nov/2024:04:00:20 +0100] "GET /ticket2/opencms/sl/sport/nogometne-vstopnice/bundesliga/bayern-munchen HTTP/1.1" 200 96480
81.167.26.57 - - [03/Nov/2024:04:00:21 +0100] "GET /ticket2/opencms/se/sv/buy/?page=1&edid=5AE328E9-BC28-8356-003B-BE36705920C7 HTTP/1.1" 404 -
114.119.148.14 - - [03/Nov/2024:04:00:22 +0100] "GET /ticket2/opencms/en/venue/?venueid=17D6F983-3B1F-54BA-CC32-B050F0933AC3 HTTP/1.1" 200 76986
157.90.209.79 - - [03/Nov/2024:04:00:22 +0100] "GET /ticket2/opencms/ga/buy?page=1&edid=C78E4619-1E46-CB27-6BCC-007429A12C31 HTTP/1.1" 200 135764
192.99.9.92 - - [03/Nov/2024:04:00:22 +0100] "GET /ticket2/opencms/dk/no/buy/?page=1&edid=B670EE12-CCE7-D74A-6EC5-57D00F2AD108&sortorder=asc&column=price HTTP/1.1" 404 -
194.247.173.99 - - [03/Nov/2024:04:00:23 +0100] "GET /ticket2/opencms/dk/nl/buy/?page=1&edid=75CF9ED1-0B78-7C40-BDF2-176433D48B4D&sortorder=asc&column=row HTTP/1.1" 404 -
192.99.9.92 - - [03/Nov/2024:04:00:26 +0100] "GET /ticket2/opencms/dk/no/buy/?page=1&edid=B670EE12-CCE7-D74A-6EC5-57D00F2AD108&sortorder=asc&column=section HTTP/1.1" 404 -
157.90.209.79 - - [03/Nov/2024:04:00:26 +0100] "GET /ticket2/opencms/ga/buy?page=1&edid=C9919F63-312E-C4DF-29D6-DA1CE80EC9A2 HTTP/1.1" 200 117486
194.247.173.99 - - [03/Nov/2024:04:00:27 +0100] "GET /ticket2/opencms/dk/ru/buy/?page=1&edid=46108B14-35CC-5C82-3570-2C0C468740A5&sortorder=asc&column=row HTTP/1.1" 404 -
194.247.173.99 - - [03/Nov/2024:04:00:29 +0100] "GET /ticket2/opencms/dk/nl/buy/?page=1&edid=75CF9ED1-0B78-7C40-BDF2-176433D48B4D&sortorder=asc&column=section HTTP/1.1" 404 -
154.54.249.216 - - [03/Nov/2024:04:00:29 +0100] "GET /ticket2/opencms/cs/sport/fotbalove-listky/premier-league/newcastle-united HTTP/1.1" 200 98413
192.99.9.92 - - [03/Nov/2024:04:00:29 +0100] "GET /ticket2/opencms/dk/no/buy/?page=1&edid=B6C2084E-5B3D-7E49-1202-F120EC6F6ECF&sortorder=asc&column=price HTTP/1.1" 404 -
157.90.209.79 - - [03/Nov/2024:04:00:30 +0100] "GET /ticket2/opencms/ga/buy?page=1&edid=CC748805-AA77-5D07-7352-96CD97D4F5AC HTTP/1.1" 200 129384
192.99.9.92 - - [03/Nov/2024:04:00:33 +0100] "GET /ticket2/opencms/dk/no/buy/?page=1&edid=B6C2084E-5B3D-7E49-1202-F120EC6F6ECF&sortorder=asc&column=row HTTP/1.1" 404 -
194.247.173.99 - - [03/Nov/2024:04:00:33 +0100] "GET /ticket2/opencms/dk/ru/buy/?page=1&edid=4617C55B-06DD-D946-806A-F2B594F64A95&sortorder=asc&column=section HTTP/1.1" 404 -
194.247.173.99 - - [03/Nov/2024:04:00:34 +0100] "GET /ticket2/opencms/dk/nl/buy/?page=1&edid=75E180B2-F524-DD2F-53A6-55E274F1003A&sortorder=asc&column=price HTTP/1.1" 404 -
157.90.209.79 - - [03/Nov/2024:04:00:35 +0100] "GET /ticket2/opencms/ga/buy?page=1&edid=D4F26649-49E7-D9AD-008F-6A1EF16B5F3C HTTP/1.1" 200 117486
192.99.9.92 - - [03/Nov/2024:04:00:36 +0100] "GET /ticket2/opencms/dk/no/buy/?page=1&edid=B6C307FF-9F98-CF26-05DA-F53F99E1E2A8&sortorder=desc&column=price HTTP/1.1" 404 -
217.113.194.217 - - [03/Nov/2024:04:00:38 +0100] "GET /ticket2/opencms/bg/sport/futbolni-bileti/premier-league/wolverhampton HTTP/1.1" 200 98893
194.247.173.99 - - [03/Nov/2024:04:00:39 +0100] "GET /ticket2/opencms/dk/ru/buy/?page=1&edid=4699FDB9-D109-DE13-86DD-600D2E00B3A4&sortorder=asc&column=price HTTP/1.1" 404 -
157.90.209.79 - - [03/Nov/2024:04:00:39 +0100] "GET /ticket2/opencms/ga/buy?page=1&edid=D82A55E9-700E-0A50-F575-755C8E3E7147 HTTP/1.1" 200 101496
194.247.173.99 - - [03/Nov/2024:04:00:40 +0100] "GET /ticket2/opencms/dk/nl/buy/?page=1&edid=75E180B2-F524-DD2F-53A6-55E274F1003A&sortorder=asc&column=row HTTP/1.1" 404 -
192.99.9.92 - - [03/Nov/2024:04:00:40 +0100] "GET /ticket2/opencms/dk/no/buy/?page=1&edid=B6C307FF-9F98-CF26-05DA-F53F99E1E2A8&sortorder=desc&column=row HTTP/1.1" 404 -
81.167.26.57 - - [03/Nov/2024:04:00:40 +0100] "GET /ticket2/opencms/se/sv/buy/?page=1&edid=5AE328E9-BC28-8356-003B-BE36705920C7&sortorder=asc&column=row HTTP/1.1" 404 -
185.191.171.18 - - [03/Nov/2024:04:00:44 +0100] "GET /ticket2/opencms/el/buy_safety/ HTTP/1.1" 200 81722
194.247.173.99 - - [03/Nov/2024:04:00:44 +0100] "GET /ticket2/opencms/dk/ru/buy/?page=1&edid=4699FDB9-D109-DE13-86DD-600D2E00B3A4&sortorder=asc&column=row HTTP/1.1" 404 -
192.99.9.92 - - [03/Nov/2024:04:00:44 +0100] "GET /ticket2/opencms/dk/no/buy/?page=1&edid=B6C307FF-9F98-CF26-05DA-F53F99E1E2A8&sortorder=desc&column=section HTTP/1.1" 404 -
157.90.209.79 - - [03/Nov/2024:04:00:46 +0100] "GET /ticket2/opencms/ga/buy?page=1&edid=DA2AFD28-6AA1-4222-20E5-CCCE4BF9B981 HTTP/1.1" 200 102848
194.247.173.99 - - [03/Nov/2024:04:00:46 +0100] "GET /ticket2/opencms/dk/nl/buy/?page=1&edid=75E180B2-F524-DD2F-53A6-55E274F1003A&sortorder=asc&column=section HTTP/1.1" 404 -
47.128.43.200 - - [03/Nov/2024:04:00:46 +0100] "GET /ticket2/opencms/ka/buy/?catid=36394212-F82E-F845-399B-42BED55969CC&comcatid=A17713B6-D984-201A-4143-ED4DB5ED5C2E&npage=2 HTTP/1.1" 200 245501
217.113.194.220 - - [03/Nov/2024:04:00:46 +0100] "GET /ticket2/opencms/uk/sport/kvytky-na-futbol/bundesliga/rb_leipzig HTTP/1.1" 200 97990
47.128.32.137 - - [03/Nov/2024:04:00:48 +0100] "GET /ticket2/opencms/sv/buy/?eventid=FF812D0C-FCB2-7645-0CFD-1ACFB0013262&page=10 HTTP/1.1" 200 91719
192.99.9.92 - - [03/Nov/2024:04:00:48 +0100] "GET /ticket2/opencms/dk/no/buy/?page=1&edid=B6D0A9AB-69A7-9419-F7A9-AFE901370F8E&sortorder=asc&column=price HTTP/1.1" 404 -
194.247.173.99 - - [03/Nov/2024:04:00:50 +0100] "GET /ticket2/opencms/dk/ru/buy/?page=1&edid=4699FDB9-D109-DE13-86DD-600D2E00B3A4&sortorder=asc&column=section HTTP/1.1" 404 -
157.90.209.79 - - [03/Nov/2024:04:00:50 +0100] "GET /ticket2/opencms/ga/buy?page=1&edid=DC4F64BB-84C6-452C-2BFD-138DC45E79DD HTTP/1.1" 200 124696
194.247.173.99 - - [03/Nov/2024:04:00:51 +0100] "GET /ticket2/opencms/dk/nl/buy/?page=1&edid=75FF6D71-09F5-D46B-0F5F-60B05A57DEC1&sortorder=desc&column=row HTTP/1.1" 404 -
192.99.9.92 - - [03/Nov/2024:04:00:52 +0100] "GET /ticket2/opencms/dk/no/buy/?page=1&edid=B6D0A9AB-69A7-9419-F7A9-AFE901370F8E&sortorder=asc&column=row HTTP/1.1" 404 -
81.167.26.57 - - [03/Nov/2024:04:00:52 +0100] "GET /ticket2/opencms/se/sv/buy/?page=1&edid=5AE328E9-BC28-8356-003B-BE36705920C7&sortorder=desc&column=row HTTP/1.1" 404 -
157.90.209.79 - - [03/Nov/2024:04:00:54 +0100] "GET /ticket2/opencms/ga/buy?page=1&edid=DCF22239-47F2-2282-C13B-85FCE1D7C913 HTTP/1.1" 200 126912
217.113.194.219 - - [03/Nov/2024:04:00:56 +0100] "GET /ticket2/opencms/sq/sport/bileta-per-futboll/premier-league/crystal_palace HTTP/1.1" 200 98377
194.247.173.99 - - [03/Nov/2024:04:00:56 +0100] "GET /ticket2/opencms/dk/ru/buy/?page=1&edid=476B3685-5506-7751-C38E-7E1FBCA83AB4&sortorder=desc&column=row HTTP/1.1" 404 -
192.99.9.92 - - [03/Nov/2024:04:00:57 +0100] "GET /ticket2/opencms/dk/no/buy/?page=1&edid=B6D0A9AB-69A7-9419-F7A9-AFE901370F8E&sortorder=asc&column=section HTTP/1.1" 404 -
194.247.173.99 - - [03/Nov/2024:04:00:57 +0100] "GET /ticket2/opencms/dk/nl/buy/?page=1&edid=76AFE58B-129B-67CE-0C8E-AD77FA862251&sortorder=asc&column=price HTTP/1.1" 404 -
81.167.26.57 - - [03/Nov/2024:04:00:59 +0100] "GET /ticket2/opencms/se/sv/buy/?page=1&edid=5B22F83A-2ADE-82C8-21F3-C11998BADC97&sortorder=desc&column=row HTTP/1.1" 404 -
192.99.9.92 - - [03/Nov/2024:04:01:00 +0100] "GET /ticket2/opencms/dk/no/buy/?page=1&edid=B7AF0048-2F04-B15E-2C5A-BF75715B4501&sortorder=asc&column=price HTTP/1.1" 404 -
194.247.173.99 - - [03/Nov/2024:04:01:02 +0100] "GET /ticket2/opencms/dk/ru/buy/?page=1&edid=48D2B664-85D5-13C5-BCEA-EF3B3F7D167C&sortorder=asc&column=price HTTP/1.1" 404 -
194.247.173.99 - - [03/Nov/2024:04:01:02 +0100] "GET /ticket2/opencms/dk/nl/buy/?page=1&edid=76AFE58B-129B-67CE-0C8E-AD77FA862251&sortorder=asc&column=row HTTP/1.1" 404 -
192.99.9.92 - - [03/Nov/2024:04:01:05 +0100] "GET /ticket2/opencms/dk/no/buy/?page=1&edid=B7AF0048-2F04-B15E-2C5A-BF75715B4501&sortorder=asc&column=row HTTP/1.1" 404 -
217.113.194.213 - - [03/Nov/2024:04:01:05 +0100] "GET /ticket2/opencms/sv/sport/fotbollsbiljetter/em_2020/gruppspel.html HTTP/1.1" 200 79094
81.167.26.57 - - [03/Nov/2024:04:01:05 +0100] "GET /ticket2/opencms/se/sv/buy/?page=1&edid=5C8B3B85-933A-05F1-6523-80053ADA509F&sortorder=asc&column=row HTTP/1.1" 404 -
192.99.15.17 - - [03/Nov/2024:04:01:06 +0100] "GET /ticket2/opencms/robots.txt HTTP/1.1" 200 773
194.247.173.99 - - [03/Nov/2024:04:01:08 +0100] "GET /ticket2/opencms/dk/nl/buy/?page=1&edid=76AFE58B-129B-67CE-0C8E-AD77FA862251&sortorder=asc&column=section HTTP/1.1" 404 -
192.99.15.17 - - [03/Nov/2024:04:01:08 +0100] "GET /ticket2/opencms/dk/buy/?page=1&edid=0C84A327-AD04-E1C5-8085-D5DCFD61822A&sortorder=desc&column=row HTTP/1.1" 200 98608
194.247.173.99 - - [03/Nov/2024:04:01:08 +0100] "GET /ticket2/opencms/dk/ru/buy/?page=1&edid=48D2B664-85D5-13C5-BCEA-EF3B3F7D167C&sortorder=asc&column=row HTTP/1.1" 404 -
192.99.9.92 - - [03/Nov/2024:04:01:08 +0100] "GET /ticket2/opencms/dk/no/buy/?page=1&edid=B7AF0048-2F04-B15E-2C5A-BF75715B4501&sortorder=asc&column=section HTTP/1.1" 404 -
192.99.15.17 - - [03/Nov/2024:04:01:10 +0100] "GET /ticket2/opencms/dk/buy/?page=1&edid=14401888-B36E-4BB6-0F28-21D471EFEDFE HTTP/1.1" 200 101298
47.128.34.45 - - [03/Nov/2024:04:01:10 +0100] "GET /ticket2/opencms/fi/buy_safety HTTP/1.1" 200 83441
47.128.34.45 - - [03/Nov/2024:04:01:11 +0100] "GET /ticket2/opencms/system/modules/com.gridnine.opencms.ticketbrokerage.site/resources/pics/content/buy_safety_fi.png HTTP/1.1" 200 17686
47.128.34.45 - - [03/Nov/2024:04:01:12 +0100] "GET /ticket2/opencms/system/modules/com.gridnine.opencms.ticketbrokerage.site/resources/css/images/event-banner.png HTTP/1.1" 404 -
81.167.26.57 - - [03/Nov/2024:04:01:12 +0100] "GET /ticket2/opencms/se/sv/buy/?page=1&edid=5C8B3B85-933A-05F1-6523-80053ADA509F&sortorder=asc&column=section HTTP/1.1" 404 -
192.99.9.92 - - [03/Nov/2024:04:01:12 +0100] "GET /ticket2/opencms/dk/no/buy/?page=1&edid=B7D39E94-1CE6-8EAC-5A23-68A662FEB365&sortorder=asc&column=row HTTP/1.1" 404 -
192.99.15.17 - - [03/Nov/2024:04:01:13 +0100] "GET /ticket2/opencms/dk/buy/?page=1&edid=2D726398-C836-8BED-AF4C-01D0E7436418 HTTP/1.1" 200 100647
37.123.143.11 - - [03/Nov/2024:04:01:13 +0100] "GET /ticket2/opencms/system/workplace/views/top_foot.jsp?wpFrame=foot HTTP/1.1" 200 1210
37.123.143.11 - - [03/Nov/2024:04:01:13 +0100] "GET /ticket2/opencms/system/workplace/commons/style/workplace.css HTTP/1.1" 200 14209
194.247.173.99 - - [03/Nov/2024:04:01:13 +0100] "GET /ticket2/opencms/dk/nl/buy/?page=1&edid=776505B3-48AB-51D3-A166-5294F952FBF7&sortorder=asc&column=price HTTP/1.1" 404 -
157.90.209.79 - - [03/Nov/2024:04:01:13 +0100] "GET /ticket2/opencms/ga/buy?page=1&edid=DE5B6A64-DD53-E533-1C9F-682C000226C9 HTTP/1.1" 200 111655
194.247.173.99 - - [03/Nov/2024:04:01:14 +0100] "GET /ticket2/opencms/dk/ru/buy/?page=1&edid=48D2B664-85D5-13C5-BCEA-EF3B3F7D167C&sortorder=asc&column=section HTTP/1.1" 404 -
217.113.194.220 - - [03/Nov/2024:04:01:14 +0100] "GET /ticket2/opencms/ka/sport/pekhburti-biletebi/premier-league/tottenham HTTP/1.1" 200 97517
192.99.15.17 - - [03/Nov/2024:04:01:15 +0100] "GET /ticket2/opencms/dk/buy/?page=1&edid=356D13C4-7F27-ADF4-5EFD-44013FC98EF2 HTTP/1.1" 200 100017
192.99.9.92 - - [03/Nov/2024:04:01:16 +0100] "GET /ticket2/opencms/dk/no/buy/?page=1&edid=B7D39E94-1CE6-8EAC-5A23-68A662FEB365&sortorder=asc&column=section HTTP/1.1" 404 -
192.99.15.17 - - [03/Nov/2024:04:01:16 +0100] "GET /ticket2/opencms/dk/buy/?page=1&edid=37D48E1B-2752-5F8F-5AEB-0BF82E1637C1&sortorder=asc&column=section HTTP/1.1" 200 101394
81.167.26.57 - - [03/Nov/2024:04:01:17 +0100] "GET /ticket2/opencms/se/sv/buy/?page=1&edid=5CA713E8-B538-A8B0-0451-04E5F5C25453&sortorder=asc&column=row HTTP/1.1" 404 -
114.119.140.111 - - [03/Nov/2024:04:01:18 +0100] "GET /ticket2/opencms/en/buy/?page=6&comcatid=A17713B6-D984-201A-4143-ED4DB5ED5C2E&catid=0A6C99D2-F5BD-7A18-9A5F-5668827042E0&eventid=06E98D42-366B-3674-C3A7-94B87423A989 HTTP/1.1" 200 99255
192.99.15.17 - - [03/Nov/2024:04:01:18 +0100] "GET /ticket2/opencms/dk/buy/?page=1&edid=3D7F27A3-7CEB-322E-05F6-AF6624B81BC2&sortorder=desc&column=section HTTP/1.1" 200 102714
194.247.173.99 - - [03/Nov/2024:04:01:18 +0100] "GET /ticket2/opencms/dk/nl/buy/?page=1&edid=776505B3-48AB-51D3-A166-5294F952FBF7&sortorder=asc&column=row HTTP/1.1" 404 -
157.90.209.79 - - [03/Nov/2024:04:01:19 +0100] "GET /ticket2/opencms/ga/buy?page=1&edid=E0AF4582-F291-60D7-7793-C6DEB6EAEA8A HTTP/1.1" 200 131535
194.247.173.99 - - [03/Nov/2024:04:01:20 +0100] "GET /ticket2/opencms/dk/ru/buy/?page=1&edid=49131D36-554D-2A5D-24DA-472029203F75&sortorder=asc&column=row HTTP/1.1" 404 -
192.99.9.92 - - [03/Nov/2024:04:01:20 +0100] "GET /ticket2/opencms/dk/no/buy/?page=1&edid=B83D7B74-C1D0-8F43-FADB-CF0FE69763C3 HTTP/1.1" 404 -
192.99.15.17 - - [03/Nov/2024:04:01:20 +0100] "GET /ticket2/opencms/dk/buy/?page=1&edid=3EC14DC4-3C4A-6A9B-BB8A-B8CCD1583687&sortorder=desc&column=section HTTP/1.1" 200 102094
192.99.15.17 - - [03/Nov/2024:04:01:23 +0100] "GET /ticket2/opencms/dk/buy/?page=1&edid=3EEE97AA-1D53-9CE7-099B-9DC82B5512F1&sortorder=asc&column=row HTTP/1.1" 200 101606
217.113.194.215 - - [03/Nov/2024:04:01:23 +0100] "GET /ticket2/opencms/sites/ticketbrokerage/sv/tickets/liverpool/fulham.html HTTP/1.1" 404 -
81.167.26.57 - - [03/Nov/2024:04:01:23 +0100] "GET /ticket2/opencms/se/sv/buy/?page=1&edid=5CA713E8-B538-A8B0-0451-04E5F5C25453&sortorder=desc&column=row HTTP/1.1" 404 -
66.249.65.105 - - [03/Nov/2024:04:01:23 +0100] "GET /ticket2/opencms/lt/ask-form.html HTTP/1.1" 200 3156
194.247.173.99 - - [03/Nov/2024:04:01:23 +0100] "GET /ticket2/opencms/dk/nl/buy/?page=1&edid=7EB74AA3-3780-53BE-BD65-9E9E0BF77A26 HTTP/1.1" 404 -
192.99.9.92 - - [03/Nov/2024:04:01:23 +0100] "GET /ticket2/opencms/dk/no/buy/?page=1&edid=BC0640B2-F0A4-FC1E-E720-5165EC166C36&sortorder=asc&column=row HTTP/1.1" 404 -
157.90.209.79 - - [03/Nov/2024:04:01:24 +0100] "GET /ticket2/opencms/ga/buy?page=1&edid=E1CACBEB-5FB5-F359-D95F-1110648BB53A HTTP/1.1" 200 126915
192.99.15.17 - - [03/Nov/2024:04:01:24 +0100] "GET /ticket2/opencms/dk/buy/?page=1&edid=3F1A6C2B-B2D9-7835-161A-4AFE62C39C77&sortorder=desc&column=price HTTP/1.1" 200 98682
194.247.173.99 - - [03/Nov/2024:04:01:25 +0100] "GET /ticket2/opencms/dk/ru/buy/?page=1&edid=493237D4-AB57-51F1-CDB9-F1D0A9269619&sortorder=asc&column=section HTTP/1.1" 404 -
192.99.15.17 - - [03/Nov/2024:04:01:26 +0100] "GET /ticket2/opencms/dk/buy/?page=1&edid=45CB8F22-42C0-7914-04D5-03069409FF8A&sortorder=desc&column=section HTTP/1.1" 200 101036
192.99.9.92 - - [03/Nov/2024:04:01:28 +0100] "GET /ticket2/opencms/dk/no/buy/?page=1&edid=BC0640B2-F0A4-FC1E-E720-5165EC166C36&sortorder=asc&column=section HTTP/1.1" 404 -
173.252.107.1 - - [03/Nov/2024:04:01:28 +0100] "GET /ticket2/opencms/et/sport/jalgpallipiletid/la-liga/atletico-madrid HTTP/1.1" 200 96577
192.99.15.17 - - [03/Nov/2024:04:01:28 +0100] "GET /ticket2/opencms/dk/buy/?page=1&edid=45ED9470-B964-9C2B-675D-C39EE72AC419&sortorder=desc&column=price HTTP/1.1" 200 101090
194.247.173.99 - - [03/Nov/2024:04:01:29 +0100] "GET /ticket2/opencms/dk/nl/buy/?page=1&edid=7F2A9500-C316-2D20-DE9E-0CFC1602588E&sortorder=desc&column=price HTTP/1.1" 404 -
81.167.26.57 - - [03/Nov/2024:04:01:29 +0100] "GET /ticket2/opencms/se/sv/buy/?page=1&edid=5E9AF950-B6C9-F1E1-A899-5C14154503B5&sortorder=asc&column=price HTTP/1.1" 404 -
192.99.15.17 - - [03/Nov/2024:04:01:30 +0100] "GET /ticket2/opencms/dk/buy/?page=1&edid=4CEF83A1-43AA-9EF7-2AAF-697170ECBF80 HTTP/1.1" 200 101302
194.247.173.99 - - [03/Nov/2024:04:01:30 +0100] "GET /ticket2/opencms/dk/ru/buy/?page=1&edid=498207D5-8BE5-9D2E-9FF0-3383CEB347D8&sortorder=asc&column=row HTTP/1.1" 404 -
47.128.62.83 - - [03/Nov/2024:04:01:30 +0100] "GET /ticket2/opencms/sr/buy/?edid=52F83580-0FD4-F06F-050A-AE1CCE4A20C1 HTTP/1.1" 200 81862
217.113.194.216 - - [03/Nov/2024:04:01:31 +0100] "GET /ticket2/opencms/sites/ticketbrokerage/sv/tickets/swansea/sunderland.html HTTP/1.1" 404 -
192.99.9.92 - - [03/Nov/2024:04:01:31 +0100] "GET /ticket2/opencms/dk/no/buy/?page=1&edid=BD11E61F-ECF5-D022-0EFE-67BCB464768C&sortorder=desc&column=price HTTP/1.1" 404 -
192.99.15.17 - - [03/Nov/2024:04:01:32 +0100] "GET /ticket2/opencms/dk/buy/?page=1&edid=4D2F445E-41F2-D1B5-FB0F-62C7C9AFC907 HTTP/1.1" 200 100646
192.99.15.17 - - [03/Nov/2024:04:01:34 +0100] "GET /ticket2/opencms/dk/buy/?page=1&edid=4E13ED42-B42F-EAFE-9F0F-EC0F3467207B HTTP/1.1" 200 99600
194.247.173.99 - - [03/Nov/2024:04:01:34 +0100] "GET /ticket2/opencms/dk/nl/buy/?page=1&edid=7F2A9500-C316-2D20-DE9E-0CFC1602588E&sortorder=desc&column=row HTTP/1.1" 404 -
81.167.26.57 - - [03/Nov/2024:04:01:34 +0100] "GET /ticket2/opencms/se/sv/buy/?page=1&edid=5E9AF950-B6C9-F1E1-A899-5C14154503B5&sortorder=desc&column=price HTTP/1.1" 404 -
47.128.121.110 - - [03/Nov/2024:04:01:34 +0100] "GET /ticket2/opencms/nl/buy/?catid=A3372871-3019-08B8-80CE-74B78F441ACA&comcatid=A17713B6-D984-201A-4143-ED4DB5ED5C2E HTTP/1.1" 200 92291
192.99.9.92 - - [03/Nov/2024:04:01:35 +0100] "GET /ticket2/opencms/dk/no/buy/?page=1&edid=BDF1DAFB-76AF-8DA9-E3E2-6F2E34C6878A&sortorder=desc&column=section HTTP/1.1" 404 -
157.90.209.79 - - [03/Nov/2024:04:01:36 +0100] "GET /ticket2/opencms/ga/buy?page=1&edid=E289F96B-BF69-A88E-30C1-E3CA6BC29D6C HTTP/1.1" 200 114434
194.247.173.99 - - [03/Nov/2024:04:01:36 +0100] "GET /ticket2/opencms/dk/ru/buy/?page=1&edid=498207D5-8BE5-9D2E-9FF0-3383CEB347D8&sortorder=asc&column=section HTTP/1.1" 404 -
47.128.120.254 - - [03/Nov/2024:04:01:36 +0100] "GET /ticket2/opencms/it/buy?edid=E561DB0E-D1A5-DAD8-3EB4-1648A983060B HTTP/1.1" 200 81040
192.99.15.17 - - [03/Nov/2024:04:01:36 +0100] "GET /ticket2/opencms/dk/buy/?page=1&edid=4E224E70-D98F-49F7-93EA-A39EF22C3517 HTTP/1.1" 200 99963
192.99.15.17 - - [03/Nov/2024:04:01:38 +0100] "GET /ticket2/opencms/dk/buy/?page=1&edid=51B97722-D202-5F9B-2404-47133D11E51D HTTP/1.1" 200 101146
192.99.9.92 - - [03/Nov/2024:04:01:39 +0100] "GET /ticket2/opencms/dk/no/buy/?page=1&edid=BE03888E-E90D-CC07-BCD5-31549D7667B8&sortorder=desc&column=row HTTP/1.1" 404 -
157.90.209.79 - - [03/Nov/2024:04:01:39 +0100] "GET /ticket2/opencms/ga/buy?page=1&edid=E4AB8B9B-D715-946F-66CB-04AA56069E4B HTTP/1.1" 200 101497
217.113.194.218 - - [03/Nov/2024:04:01:39 +0100] "GET /ticket2/opencms/sites/ticketbrokerage/sv/tickets/swansea/tottenham.html HTTP/1.1" 404 -
47.128.29.96 - - [03/Nov/2024:04:01:39 +0100] "GET /ticket2/opencms/el/buy/?catid=AE3FE643-AE41-BAA6-237D-5206D1B044A1&comcatid=A17713B6-D984-201A-4143-ED4DB5ED5C2E HTTP/1.1" 200 94617
194.247.173.99 - - [03/Nov/2024:04:01:39 +0100] "GET /ticket2/opencms/dk/nl/buy/?page=1&edid=7F2A9500-C316-2D20-DE9E-0CFC1602588E&sortorder=desc&column=section HTTP/1.1" 404 -
192.99.15.17 - - [03/Nov/2024:04:01:41 +0100] "GET /ticket2/opencms/dk/buy/?page=1&edid=52633380-3947-F30A-9F5B-0BD261EAE32D&sortorder=desc&column=section HTTP/1.1" 200 102717
81.167.26.57 - - [03/Nov/2024:04:01:41 +0100] "GET /ticket2/opencms/se/sv/buy/?page=1&edid=5FE5E603-3E0B-A7DE-AC88-0C08078B3810 HTTP/1.1" 404 -
194.247.173.99 - - [03/Nov/2024:04:01:42 +0100] "GET /ticket2/opencms/dk/ru/buy/?page=1&edid=49AED064-B86D-465C-FC24-B9E6E7276FC8&sortorder=asc&column=section HTTP/1.1" 404 -
192.99.9.92 - - [03/Nov/2024:04:01:42 +0100] "GET /ticket2/opencms/dk/no/buy/?page=1&edid=BE03888E-E90D-CC07-BCD5-31549D7667B8&sortorder=desc&column=section HTTP/1.1" 404 -
157.90.209.79 - - [03/Nov/2024:04:01:42 +0100] "GET /ticket2/opencms/ga/buy?page=1&edid=E78BA40C-2406-9134-FABA-A11F16887BBA HTTP/1.1" 200 100060
192.99.15.17 - - [03/Nov/2024:04:01:43 +0100] "GET /ticket2/opencms/dk/buy/?page=1&edid=5FE5E603-3E0B-A7DE-AC88-0C08078B3810&sortorder=desc&column=section HTTP/1.1" 200 102255
194.247.173.99 - - [03/Nov/2024:04:01:45 +0100] "GET /ticket2/opencms/dk/nl/buy/?page=1&edid=7F5F87A7-7340-08DB-1A5F-4E64E20107F6&sortorder=asc&column=section HTTP/1.1" 404 -
192.99.15.17 - - [03/Nov/2024:04:01:45 +0100] "GET /ticket2/opencms/dk/buy/?page=1&edid=62BA155C-F29C-151E-4E65-60DE9487BEFC HTTP/1.1" 200 100663
157.90.209.79 - - [03/Nov/2024:04:01:46 +0100] "GET /ticket2/opencms/ga/buy?page=1&edid=E8BA54CC-B112-3D61-BE02-1B4D1E4F63D1 HTTP/1.1" 200 124772
192.99.9.92 - - [03/Nov/2024:04:01:47 +0100] "GET /ticket2/opencms/dk/no/buy/?page=1&edid=BF4F4F88-9C17-C70F-0807-28AAB5899F63&sortorder=asc&column=row HTTP/1.1" 404 -
194.247.173.99 - - [03/Nov/2024:04:01:47 +0100] "GET /ticket2/opencms/dk/ru/buy/?page=1&edid=4A7F2526-D1E7-F3F4-D914-86C3B72B4E87&sortorder=asc&column=section HTTP/1.1" 404 -
217.113.194.215 - - [03/Nov/2024:04:01:47 +0100] "GET /ticket2/opencms/sites/ticketbrokerage/sv/tickets/chelsea/blackpool.html HTTP/1.1" 404 -
192.99.15.17 - - [03/Nov/2024:04:01:47 +0100] "GET /ticket2/opencms/dk/buy/?page=1&edid=63896850-13C8-8957-A8F3-B8A345840B32&sortorder=desc&column=price HTTP/1.1" 200 100940
192.99.15.17 - - [03/Nov/2024:04:01:49 +0100] "GET /ticket2/opencms/dk/buy/?page=1&edid=6400AA31-EA2E-ED5E-ECB8-FC40C4996DA7 HTTP/1.1" 200 99616
81.167.26.57 - - [03/Nov/2024:04:01:49 +0100] "GET /ticket2/opencms/se/sv/buy/?page=1&edid=609CC660-5BC4-EC4B-367A-02613D797957&sortorder=desc&column=section HTTP/1.1" 404 -
192.99.9.92 - - [03/Nov/2024:04:01:50 +0100] "GET /ticket2/opencms/dk/no/buy/?page=1&edid=BF9154EC-7C2D-747D-A9A9-57938B1AB1EA HTTP/1.1" 404 -
194.247.173.99 - - [03/Nov/2024:04:01:51 +0100] "GET /ticket2/opencms/dk/nl/buy/?page=1&edid=7FC0EEA1-6F3F-9563-B3A7-BDCC9E769DFD&sortorder=desc&column=price HTTP/1.1" 404 -
157.90.209.79 - - [03/Nov/2024:04:01:51 +0100] "GET /ticket2/opencms/ga/buy?page=1&edid=E9F0B041-BF0A-CE11-045F-89CD49D4FA7D HTTP/1.1" 200 105090
192.99.15.17 - - [03/Nov/2024:04:01:52 +0100] "GET /ticket2/opencms/dk/buy/?page=1&edid=6400AA31-EA2E-ED5E-ECB8-FC40C4996DA7&sortorder=desc&column=row HTTP/1.1" 200 100847
194.247.173.99 - - [03/Nov/2024:04:01:52 +0100] "GET /ticket2/opencms/dk/ru/buy/?page=1&edid=4C4B615D-FF13-67D3-7FE2-BFA7E31B5BFA&sortorder=asc&column=row HTTP/1.1" 404 -
192.99.15.17 - - [03/Nov/2024:04:01:54 +0100] "GET /ticket2/opencms/dk/buy/?page=1&edid=642E9578-D653-AE72-0BA4-FF639C3984BF&sortorder=asc&column=section HTTP/1.1" 200 101387
192.99.9.92 - - [03/Nov/2024:04:01:54 +0100] "GET /ticket2/opencms/dk/no/buy/?page=1&edid=BFABCD8A-0370-5121-72EB-FB336CE4A45D HTTP/1.1" 404 -
81.167.26.57 - - [03/Nov/2024:04:01:55 +0100] "GET /ticket2/opencms/se/sv/buy/?page=1&edid=60B3CAFF-CEDA-8B02-D601-9C788B6A3E8A&sortorder=desc&column=price HTTP/1.1" 404 -
217.113.194.217 - - [03/Nov/2024:04:01:55 +0100] "GET /ticket2/opencms/sites/ticketbrokerage/sv/tickets/barcelona/valencia.html HTTP/1.1" 404 -
192.99.15.17 - - [03/Nov/2024:04:01:56 +0100] "GET /ticket2/opencms/dk/buy/?page=1&edid=6479D966-2793-7C7E-D24A-D27EA93264A1 HTTP/1.1" 200 100023
85.208.96.194 - - [03/Nov/2024:04:01:56 +0100] "GET /ticket2/opencms/az/ask-form.html HTTP/1.1" 200 3156
194.247.173.99 - - [03/Nov/2024:04:01:56 +0100] "GET /ticket2/opencms/dk/nl/buy/?page=1&edid=7FC0EEA1-6F3F-9563-B3A7-BDCC9E769DFD&sortorder=desc&column=row HTTP/1.1" 404 -
192.99.9.92 - - [03/Nov/2024:04:01:58 +0100] "GET /ticket2/opencms/dk/no/buy/?page=1&edid=BFDFE449-D4A2-3EC2-5F36-4B5707D3EE53&sortorder=asc&column=price HTTP/1.1" 404 -
194.247.173.99 - - [03/Nov/2024:04:01:58 +0100] "GET /ticket2/opencms/dk/ru/buy/?page=1&edid=4C4B615D-FF13-67D3-7FE2-BFA7E31B5BFA&sortorder=asc&column=section HTTP/1.1" 404 -
192.99.15.17 - - [03/Nov/2024:04:01:58 +0100] "GET /ticket2/opencms/dk/buy/?page=1&edid=64C1AC91-6B5E-EF7A-74E3-5FE0FCEB79F6&sortorder=asc&column=section HTTP/1.1" 200 101904
47.128.119.29 - - [03/Nov/2024:04:01:59 +0100] "GET /ticket2/opencms/dk/sport/fodboldbilletter/serie-a/torino/ HTTP/1.1" 200 79446
194.247.173.99 - - [03/Nov/2024:04:02:01 +0100] "GET /ticket2/opencms/dk/nl/buy/?page=1&edid=7FEF013D-2963-1979-E960-CA6B866BF0D1&sortorder=asc&column=price HTTP/1.1" 404 -
192.99.15.17 - - [03/Nov/2024:04:02:01 +0100] "GET /ticket2/opencms/dk/buy/?page=1&edid=670DF4BD-8BFB-5FB3-6D8E-73E1D21832D7&sortorder=desc&column=row HTTP/1.1" 200 101644
81.167.26.57 - - [03/Nov/2024:04:02:02 +0100] "GET /ticket2/opencms/se/sv/buy/?page=1&edid=60D43F42-D1EF-C1AD-08FA-36635BC6C8AF HTTP/1.1" 404 -
192.99.9.92 - - [03/Nov/2024:04:02:02 +0100] "GET /ticket2/opencms/dk/no/buy/?page=1&edid=BFDFE449-D4A2-3EC2-5F36-4B5707D3EE53&sortorder=asc&column=row HTTP/1.1" 404 -
157.90.209.79 - - [03/Nov/2024:04:02:03 +0100] "GET /ticket2/opencms/ga/buy?page=1&edid=EB31C882-2BE6-C517-726C-D721EBC90088 HTTP/1.1" 200 135624
