81.167.26.57 - - [03/Nov/2024:04:34:48 +0100] "GET /ticket2/opencms/dk/nl/buy/?page=1&edid=9B865313-C891-00A2-99F6-E0769E647484&sortorder=asc&column=section HTTP/1.1" 404 -
47.128.119.14 - - [03/Nov/2024:04:34:49 +0100] "GET /ticket2/opencms/mt/buy?edid=CB50E5ED-4E55-9EA7-FE3A-EB8925A271F7 HTTP/1.1" 200 81495
81.167.26.57 - - [03/Nov/2024:04:34:51 +0100] "GET /ticket2/opencms/dk/nl/buy/?page=1&edid=9BF622D0-346F-7329-11E1-DA3663315EAC&sortorder=desc&column=price HTTP/1.1" 404 -
65.108.110.26 - - [03/Nov/2024:04:34:51 +0100] "GET /ticket2/opencms/se/dk/buy/?page=1&edid=C42BF7EA-D819-8A67-F8B3-5081D65DA522&sortorder=asc&column=row HTTP/1.1" 404 -
157.90.209.79 - - [03/Nov/2024:04:34:51 +0100] "GET /ticket2/opencms/hr/buy?page=1&edid=BFAFDC2C-908C-DD1E-38F3-2E405A281188 HTTP/1.1" 200 129939
81.167.26.57 - - [03/Nov/2024:04:34:54 +0100] "GET /ticket2/opencms/dk/nl/buy/?page=1&edid=9BF622D0-346F-7329-11E1-DA3663315EAC&sortorder=desc&column=section HTTP/1.1" 404 -
157.90.209.79 - - [03/Nov/2024:04:34:56 +0100] "GET /ticket2/opencms/hr/buy?page=1&edid=C05AA481-967A-A4D1-E287-ECBF3F52D776 HTTP/1.1" 200 101859
65.108.110.26 - - [03/Nov/2024:04:34:56 +0100] "GET /ticket2/opencms/se/dk/buy/?page=1&edid=C42BF7EA-D819-8A67-F8B3-5081D65DA522&sortorder=asc&column=section HTTP/1.1" 404 -
217.113.194.212 - - [03/Nov/2024:04:34:56 +0100] "GET /ticket2/opencms/en/venue/?venueid=2BB1A567-8116-6277-46C8-9A4B7BC95101 HTTP/1.1" 200 76985
81.167.26.57 - - [03/Nov/2024:04:34:57 +0100] "GET /ticket2/opencms/dk/nl/buy/?page=1&edid=9C073CFC-6935-5922-ABDE-E3035523D5D3&sortorder=asc&column=section HTTP/1.1" 404 -
81.167.26.57 - - [03/Nov/2024:04:35:00 +0100] "GET /ticket2/opencms/dk/nl/buy/?page=1&edid=9C0D0C60-3B30-A8CB-F04F-8F7739681D1C HTTP/1.1" 404 -
65.108.110.26 - - [03/Nov/2024:04:35:00 +0100] "GET /ticket2/opencms/se/dk/buy/?page=1&edid=C439FA23-3FE7-CDC9-A39E-4CD3D19ACA8D&sortorder=asc&column=price HTTP/1.1" 404 -
209.85.238.42 - - [03/Nov/2024:04:35:02 +0100] "GET /ticket2/opencms/de/sport/fussball-tickets/premier_league/arsenal/ HTTP/1.1" 200 97071
157.90.209.79 - - [03/Nov/2024:04:35:02 +0100] "GET /ticket2/opencms/hr/buy?page=1&edid=C15AE28C-73DB-6928-32A1-4EC14A77EEA7 HTTP/1.1" 200 124404
81.167.26.57 - - [03/Nov/2024:04:35:03 +0100] "GET /ticket2/opencms/dk/nl/buy/?page=1&edid=9C0D0C60-3B30-A8CB-F04F-8F7739681D1C&sortorder=desc&column=price HTTP/1.1" 404 -
217.113.194.219 - - [03/Nov/2024:04:35:05 +0100] "GET /ticket2/opencms/en/venue/?venueid=549D1F21-57F6-6965-4AE0-C027D23DF3A5 HTTP/1.1" 200 77103
209.85.238.42 - - [03/Nov/2024:04:35:05 +0100] "GET /ticket2/opencms/sv/sport/fotbollsbiljetter/serie_a/palermo/ HTTP/1.1" 200 79986
65.108.110.26 - - [03/Nov/2024:04:35:05 +0100] "GET /ticket2/opencms/se/dk/buy/?page=1&edid=EE3C213D-67B2-C6F3-C5A9-2C08362C724B&sortorder=asc&column=section HTTP/1.1" 404 -
81.167.26.57 - - [03/Nov/2024:04:35:06 +0100] "GET /ticket2/opencms/dk/nl/buy/?page=1&edid=9C0D0C60-3B30-A8CB-F04F-8F7739681D1C&sortorder=desc&column=row HTTP/1.1" 404 -
81.167.26.57 - - [03/Nov/2024:04:35:09 +0100] "GET /ticket2/opencms/dk/nl/buy/?page=1&edid=9C3675DF-04AE-3EF8-3EBC-3B6793871130&sortorder=asc&column=row HTTP/1.1" 404 -
65.108.110.26 - - [03/Nov/2024:04:35:09 +0100] "GET /ticket2/opencms/se/dk/buy/?page=1&edid=F218326B-C4E9-349D-002A-260E15490CC6&sortorder=asc&column=section HTTP/1.1" 404 -
52.167.144.214 - - [03/Nov/2024:04:35:11 +0100] "GET /ticket2/opencms/en/buy/?page=6&comcatid=A17713B6-D984-201A-4143-ED4DB5ED5C2E&catid=24AC1CA6-1C09-0BE5-C04A-9DCCDB15D5E9 HTTP/1.1" 200 92921
81.167.26.57 - - [03/Nov/2024:04:35:12 +0100] "GET /ticket2/opencms/dk/nl/buy/?page=1&edid=9C3675DF-04AE-3EF8-3EBC-3B6793871130&sortorder=asc&column=section HTTP/1.1" 404 -
157.90.209.79 - - [03/Nov/2024:04:35:12 +0100] "GET /ticket2/opencms/hr/buy?page=1&edid=C1C161ED-392A-057B-99A1-EFB930A82112 HTTP/1.1" 200 101782
217.113.194.219 - - [03/Nov/2024:04:35:13 +0100] "GET /ticket2/opencms/en/venue/?venueid=96825B33-1E92-88A1-6D91-B347D9BE81FE HTTP/1.1" 200 76994
65.108.110.26 - - [03/Nov/2024:04:35:14 +0100] "GET /ticket2/opencms/se/dk/buy/?page=1&edid=F463DFC6-FD0F-0F40-EE84-5419260C1C59&sortorder=asc&column=row HTTP/1.1" 404 -
81.167.26.57 - - [03/Nov/2024:04:35:15 +0100] "GET /ticket2/opencms/dk/nl/buy/?page=1&edid=9C60BBFE-9C73-46AB-B7BB-B6C2E686F1CD&sortorder=desc&column=section HTTP/1.1" 404 -
81.167.26.57 - - [03/Nov/2024:04:35:18 +0100] "GET /ticket2/opencms/dk/nl/buy/?page=1&edid=9C6ADA50-0505-3824-87CA-8991C148B798&sortorder=asc&column=price HTTP/1.1" 404 -
34.75.193.21 - - [03/Nov/2024:04:35:19 +0100] "GET /ticket2/opencms/robots.txt HTTP/1.1" 200 773
65.108.110.26 - - [03/Nov/2024:04:35:19 +0100] "GET /ticket2/opencms/se/dk/buy/?page=1&edid=F48DCAEC-D88E-D507-BA21-55E711D48483&sortorder=asc&column=price HTTP/1.1" 404 -
157.90.209.79 - - [03/Nov/2024:04:35:19 +0100] "GET /ticket2/opencms/hr/buy?page=1&edid=C28B3B84-6A6E-6FCB-67EF-1F8424FD799A HTTP/1.1" 200 113836
81.167.26.57 - - [03/Nov/2024:04:35:21 +0100] "GET /ticket2/opencms/dk/nl/buy/?page=1&edid=9C81EF50-3F71-F6A7-E285-CA1E8F83C215 HTTP/1.1" 404 -
114.119.130.91 - - [03/Nov/2024:04:35:21 +0100] "GET /ticket2/opencms/en/venue/?venueid=753FF712-B99D-3B71-760E-1B27349FD0F1 HTTP/1.1" 200 77030
217.113.194.219 - - [03/Nov/2024:04:35:22 +0100] "GET /ticket2/opencms/en/venue/?venueid=680E364F-C434-6295-07B6-C0DA445E75CC HTTP/1.1" 200 77068
157.90.209.79 - - [03/Nov/2024:04:35:23 +0100] "GET /ticket2/opencms/hr/buy?page=1&edid=C2E0FED9-872C-CDB5-EA69-F93F12F9C91F HTTP/1.1" 200 113840
65.108.110.26 - - [03/Nov/2024:04:35:23 +0100] "GET /ticket2/opencms/se/dk/buy/?page=1&edid=F48DCAEC-D88E-D507-BA21-55E711D48483&sortorder=asc&column=row HTTP/1.1" 404 -
81.167.26.57 - - [03/Nov/2024:04:35:24 +0100] "GET /ticket2/opencms/dk/nl/buy/?page=1&edid=9CAF6586-61E9-C895-F78B-B953749F4872&sortorder=asc&column=row HTTP/1.1" 404 -
81.167.26.57 - - [03/Nov/2024:04:35:27 +0100] "GET /ticket2/opencms/dk/nl/buy/?page=1&edid=B9264CBD-8760-A64F-A24E-82813E3E1D3E&sortorder=asc&column=row HTTP/1.1" 404 -
65.108.110.26 - - [03/Nov/2024:04:35:28 +0100] "GET /ticket2/opencms/se/dk/buy/?page=1&edid=F48DCAEC-D88E-D507-BA21-55E711D48483&sortorder=asc&column=section HTTP/1.1" 404 -
81.167.26.57 - - [03/Nov/2024:04:35:30 +0100] "GET /ticket2/opencms/dk/nl/buy/?page=1&edid=BA044386-3282-24C7-A8E5-A1A931199A15&sortorder=desc&column=section HTTP/1.1" 404 -
217.113.194.216 - - [03/Nov/2024:04:35:31 +0100] "GET /ticket2/opencms/en/venue/?venueid=209EC433-E0F9-AA7F-D92A-802704727288 HTTP/1.1" 200 77010
65.108.110.26 - - [03/Nov/2024:04:35:32 +0100] "GET /ticket2/opencms/se/dk/buy/?page=1&edid=FA10A89B-3CF9-4702-0AC0-BE7FB07004BD&sortorder=asc&column=price HTTP/1.1" 404 -
81.167.26.57 - - [03/Nov/2024:04:35:33 +0100] "GET /ticket2/opencms/dk/nl/buy/?page=1&edid=BA2F530B-E026-23B3-F541-660D0B5344FF&sortorder=asc&column=section HTTP/1.1" 404 -
157.90.209.79 - - [03/Nov/2024:04:35:34 +0100] "GET /ticket2/opencms/hr/buy?page=1&edid=C3C2958F-64DF-91F9-F3D9-8F3CEBC7A797 HTTP/1.1" 200 107778
81.167.26.57 - - [03/Nov/2024:04:35:36 +0100] "GET /ticket2/opencms/dk/nl/buy/?page=1&edid=BA2FF1F7-E728-8738-5927-CFCA86554278&sortorder=asc&column=price HTTP/1.1" 404 -
47.128.43.164 - - [03/Nov/2024:04:35:36 +0100] "GET /ticket2/opencms/sq/ HTTP/1.1" 200 96959
65.108.110.26 - - [03/Nov/2024:04:35:37 +0100] "GET /ticket2/opencms/se/dk/buy/?page=1&edid=FA10A89B-3CF9-4702-0AC0-BE7FB07004BD&sortorder=asc&column=row HTTP/1.1" 404 -
81.167.26.57 - - [03/Nov/2024:04:35:39 +0100] "GET /ticket2/opencms/dk/nl/buy/?page=1&edid=BA8D3DA7-D826-AB2B-1B8E-EFBE92B5BF6A&sortorder=asc&column=price HTTP/1.1" 404 -
85.208.96.196 - - [03/Nov/2024:04:35:39 +0100] "GET /ticket2/opencms/dk/sport/fodboldbilletter/serie-a/ HTTP/1.1" 200 83261
217.113.194.212 - - [03/Nov/2024:04:35:40 +0100] "GET /ticket2/opencms/en/venue/?venueid=2093F44A-5602-34FE-CA0A-0A611F93B4B6 HTTP/1.1" 200 76953
157.90.209.79 - - [03/Nov/2024:04:35:40 +0100] "GET /ticket2/opencms/hr/buy?page=1&edid=C5541103-512C-D651-87BB-185D7BE93A66 HTTP/1.1" 200 124410
65.108.110.26 - - [03/Nov/2024:04:35:42 +0100] "GET /ticket2/opencms/se/dk/buy/?page=1&edid=FA10A89B-3CF9-4702-0AC0-BE7FB07004BD&sortorder=asc&column=section HTTP/1.1" 404 -
157.90.209.79 - - [03/Nov/2024:04:35:45 +0100] "GET /ticket2/opencms/hr/buy?page=1&edid=C64002B7-B7A3-A646-1770-7E79C914EDA5 HTTP/1.1" 200 129972
65.108.110.26 - - [03/Nov/2024:04:35:46 +0100] "GET /ticket2/opencms/se/dk/buy/?page=1&edid=FB3C343C-6AB6-461F-8218-82B4CC353AD4&sortorder=asc&column=price HTTP/1.1" 404 -
66.249.65.105 - - [03/Nov/2024:04:35:47 +0100] "GET /ticket2/opencms/de/magazine/article?title=ballon-dor-gewinner-2024 HTTP/1.1" 200 81494
217.113.194.212 - - [03/Nov/2024:04:35:48 +0100] "GET /ticket2/opencms/en/venue/?venueid=25E57B40-ECCD-14A3-704C-5A0B3153DBF3 HTTP/1.1" 200 77006
173.252.107.1 - - [03/Nov/2024:04:35:49 +0100] "GET /ticket2/opencms/sl/kupite-varno/ HTTP/1.1" 200 82325
65.108.110.26 - - [03/Nov/2024:04:35:50 +0100] "GET /ticket2/opencms/se/dk/buy/?page=1&edid=FB3C343C-6AB6-461F-8218-82B4CC353AD4&sortorder=asc&column=row HTTP/1.1" 404 -
157.90.209.79 - - [03/Nov/2024:04:35:52 +0100] "GET /ticket2/opencms/hr/buy?page=1&edid=C781C90E-2A4A-BE38-23EB-6039DE2F5FA8 HTTP/1.1" 200 125468
65.108.110.26 - - [03/Nov/2024:04:35:55 +0100] "GET /ticket2/opencms/se/dk/buy/?page=1&edid=FB3C343C-6AB6-461F-8218-82B4CC353AD4&sortorder=asc&column=section HTTP/1.1" 404 -
157.90.209.79 - - [03/Nov/2024:04:35:57 +0100] "GET /ticket2/opencms/hr/buy?page=1&edid=C78E4619-1E46-CB27-6BCC-007429A12C31 HTTP/1.1" 200 134937
217.113.194.217 - - [03/Nov/2024:04:35:57 +0100] "GET /ticket2/opencms/en/venue/?venueid=2589C406-8AC4-E204-69A4-9A0C704DD161 HTTP/1.1" 200 77013
65.108.110.26 - - [03/Nov/2024:04:36:00 +0100] "GET /ticket2/opencms/se/dk/buy/?page=1&edid=FB3C343C-6AB6-461F-8218-82B4CC353AD4&sortorder=desc&column=section HTTP/1.1" 404 -
85.208.96.199 - - [03/Nov/2024:04:36:00 +0100] "GET /ticket2/opencms/dk/sport/fodboldbilletter/bundesliga/Freiburg/ HTTP/1.1" 200 85431
157.90.209.79 - - [03/Nov/2024:04:36:00 +0100] "GET /ticket2/opencms/hr/buy?page=1&edid=C9919F63-312E-C4DF-29D6-DA1CE80EC9A2 HTTP/1.1" 200 116945
85.208.96.209 - - [03/Nov/2024:04:36:00 +0100] "GET /ticket2/opencms/fi/urheilu/jalkapallo/premier_league/huddersfield/ HTTP/1.1" 200 79894
157.90.209.79 - - [03/Nov/2024:04:36:04 +0100] "GET /ticket2/opencms/hr/buy?page=1&edid=CC748805-AA77-5D07-7352-96CD97D4F5AC HTTP/1.1" 200 128619
65.108.110.26 - - [03/Nov/2024:04:36:04 +0100] "GET /ticket2/opencms/se/dk/buy/?page=1&edid=FD5A4147-3064-3A22-5465-AF24C521B032&sortorder=asc&column=row HTTP/1.1" 404 -
217.113.194.212 - - [03/Nov/2024:04:36:05 +0100] "GET /ticket2/opencms/en/venue/?venueid=607B4CDA-3D24-91FF-EFA3-BE6FF8649434 HTTP/1.1" 200 77028
85.208.96.211 - - [03/Nov/2024:04:36:06 +0100] "GET /ticket2/opencms/lt/buy_safety/ HTTP/1.1" 200 80993
65.108.110.26 - - [03/Nov/2024:04:36:09 +0100] "GET /ticket2/opencms/se/dk/buy/?page=1&edid=FF69DC98-99E2-FC49-3EB6-F7154192E9EB&sortorder=asc&column=row HTTP/1.1" 404 -
157.90.209.79 - - [03/Nov/2024:04:36:09 +0100] "GET /ticket2/opencms/hr/buy?page=1&edid=D4F26649-49E7-D9AD-008F-6A1EF16B5F3C HTTP/1.1" 200 116945
47.128.112.13 - - [03/Nov/2024:04:36:13 +0100] "GET /ticket2/opencms/tr/buy?edid=2B30BB45-A5CB-5585-BB0E-1798C90D689A HTTP/1.1" 200 81521
65.108.110.26 - - [03/Nov/2024:04:36:13 +0100] "GET /ticket2/opencms/se/dk/buy/?page=1&edid=FF69DC98-99E2-FC49-3EB6-F7154192E9EB&sortorder=asc&column=section HTTP/1.1" 404 -
47.128.124.185 - - [03/Nov/2024:04:36:13 +0100] "GET /ticket2/opencms/bg/buy/?edid=5CA212A9-5EDB-CCAD-DF13-49AC99A9E66C HTTP/1.1" 200 81909
37.123.143.11 - - [03/Nov/2024:04:36:14 +0100] "GET /ticket2/opencms/system/workplace/views/top_foot.jsp?wpFrame=foot HTTP/1.1" 200 1210
37.123.143.11 - - [03/Nov/2024:04:36:14 +0100] "GET /ticket2/opencms/system/workplace/commons/style/workplace.css HTTP/1.1" 200 14209
157.90.209.79 - - [03/Nov/2024:04:36:14 +0100] "GET /ticket2/opencms/hr/buy?page=1&edid=D82A55E9-700E-0A50-F575-755C8E3E7147 HTTP/1.1" 200 100932
217.113.194.216 - - [03/Nov/2024:04:36:14 +0100] "GET /ticket2/opencms/en/venue/?venueid=5902057B-455F-6A3C-FB23-62C1793095A7 HTTP/1.1" 200 77018
52.167.144.233 - - [03/Nov/2024:04:36:15 +0100] "GET /ticket2/opencms/pl/login/ HTTP/1.1" 200 83273
157.90.209.79 - - [03/Nov/2024:04:36:17 +0100] "GET /ticket2/opencms/hr/buy?page=1&edid=D96122AD-C3AA-80F5-DDA8-935E03AE952D HTTP/1.1" 200 124613
85.208.96.208 - - [03/Nov/2024:04:36:18 +0100] "GET /ticket2/opencms/fi/urheilu/jalkapallo/premier_league/brentford/ HTTP/1.1" 200 88495
114.119.159.129 - - [03/Nov/2024:04:36:18 +0100] "GET /ticket2/opencms/en/venue/?venueid=C897D480-9FC2-C3FB-538C-8F78F6DAA600 HTTP/1.1" 200 77128
65.108.110.26 - - [03/Nov/2024:04:36:19 +0100] "GET /ticket2/opencms/se/dk/buy/?page=6&comcatid=A17713B6-D984-201A-4143-ED4DB5ED5C2E&catid=0A6C99D2-F5BD-7A18-9A5F-5668827042E0&eventid=13E1C110-1E7D-C595-FE36-DCFCB7E73161 HTTP/1.1" 404 -
157.90.209.79 - - [03/Nov/2024:04:36:22 +0100] "GET /ticket2/opencms/hr/buy?page=1&edid=DA2AFD28-6AA1-4222-20E5-CCCE4BF9B981 HTTP/1.1" 200 102233
217.113.194.219 - - [03/Nov/2024:04:36:23 +0100] "GET /ticket2/opencms/en/venue/?venueid=364B4CF5-A40E-22B8-2221-EA8BDED4766A HTTP/1.1" 200 76995
65.108.110.26 - - [03/Nov/2024:04:36:23 +0100] "GET /ticket2/opencms/se/dk/buy/?page=6&comcatid=A17713B6-D984-201A-4143-ED4DB5ED5C2E&catid=0A6C99D2-F5BD-7A18-9A5F-5668827042E0&eventid=22914557-CC49-4B25-FCB0-2579F0334F97 HTTP/1.1" 404 -
40.77.167.155 - - [03/Nov/2024:04:36:24 +0100] "GET /ticket2/opencms/hr/buy?page=1&edid=B5C39213-E135-81B2-3182-CF92D0BE5105 HTTP/1.1" 200 98499
47.128.25.33 - - [03/Nov/2024:04:36:27 +0100] "GET /ticket2/opencms/sr/buy/?catid=36394212-F82E-F845-399B-42BED55969CC&comcatid=A17713B6-D984-201A-4143-ED4DB5ED5C2E&npage=2 HTTP/1.1" 200 243794
65.108.110.26 - - [03/Nov/2024:04:36:28 +0100] "GET /ticket2/opencms/se/dk/buy/?page=6&comcatid=A17713B6-D984-201A-4143-ED4DB5ED5C2E&catid=0A6C99D2-F5BD-7A18-9A5F-5668827042E0&eventid=4F6C281E-0307-3DEA-5C89-32A309F90298 HTTP/1.1" 404 -
54.36.148.166 - - [03/Nov/2024:04:36:28 +0100] "GET /ticket2/opencms/en/buy?page=1&edid=FD4DCA3B-ED43-1043-8648-63C229A27832 HTTP/1.1" 200 128224
157.90.209.79 - - [03/Nov/2024:04:36:28 +0100] "GET /ticket2/opencms/hr/buy?page=1&edid=DC4F64BB-84C6-452C-2BFD-138DC45E79DD HTTP/1.1" 200 123918
92.33.215.224 - - [03/Nov/2024:04:36:29 +0100] "GET /ticket2/opencms/tb/opencms/sv/?partner=6F250EA7-4505-FA01-D601-8847F2573405 HTTP/1.1" 404 -
217.113.194.214 - - [03/Nov/2024:04:36:31 +0100] "GET /ticket2/opencms/en/venue/?venueid=22FBA63B-CC18-3864-F1A1-268F2EA93F27 HTTP/1.1" 200 77009
65.108.110.26 - - [03/Nov/2024:04:36:32 +0100] "GET /ticket2/opencms/se/dk/buy/?page=6&comcatid=A17713B6-D984-201A-4143-ED4DB5ED5C2E&catid=0A6C99D2-F5BD-7A18-9A5F-5668827042E0&eventid=6BFEAC6D-603C-86F7-45AA-ABF1A48CE94F HTTP/1.1" 404 -
157.90.209.79 - - [03/Nov/2024:04:36:33 +0100] "GET /ticket2/opencms/hr/buy?page=1&edid=DCF22239-47F2-2282-C13B-85FCE1D7C913 HTTP/1.1" 200 126108
65.108.110.26 - - [03/Nov/2024:04:36:37 +0100] "GET /ticket2/opencms/se/dk/buy/?page=6&comcatid=A17713B6-D984-201A-4143-ED4DB5ED5C2E&catid=0A6C99D2-F5BD-7A18-9A5F-5668827042E0&eventid=6F6C209F-41CD-D584-D276-D5324683B59C HTTP/1.1" 404 -
157.90.209.79 - - [03/Nov/2024:04:36:39 +0100] "GET /ticket2/opencms/hr/buy?page=1&edid=DE5B6A64-DD53-E533-1C9F-682C000226C9 HTTP/1.1" 200 111042
114.119.159.129 - - [03/Nov/2024:04:36:40 +0100] "GET /ticket2/opencms/sv/login/?url=/sv/sell/ HTTP/1.1" 200 82693
217.113.194.215 - - [03/Nov/2024:04:36:40 +0100] "GET /ticket2/opencms/en/venue/?venueid=37CBE37C-7D6F-4665-1B80-1F6AC01C8EBD HTTP/1.1" 200 76988
81.167.26.57 - - [03/Nov/2024:04:36:41 +0100] "GET /ticket2/opencms/dk/nl/buy/?page=1&edid=BB34AD6D-B775-E1B3-25A5-D38ADD0D1B38&sortorder=asc&column=price HTTP/1.1" 404 -
65.108.110.26 - - [03/Nov/2024:04:36:41 +0100] "GET /ticket2/opencms/se/dk/buy/?page=6&comcatid=A17713B6-D984-201A-4143-ED4DB5ED5C2E&catid=0A6C99D2-F5BD-7A18-9A5F-5668827042E0&eventid=894DC58A-C9B9-A619-22E1-739D490A607E HTTP/1.1" 404 -
157.90.209.79 - - [03/Nov/2024:04:36:42 +0100] "GET /ticket2/opencms/hr/buy?page=1&edid=E0AF4582-F291-60D7-7793-C6DEB6EAEA8A HTTP/1.1" 200 130728
81.167.26.57 - - [03/Nov/2024:04:36:44 +0100] "GET /ticket2/opencms/dk/nl/buy/?page=1&edid=BB34AD6D-B775-E1B3-25A5-D38ADD0D1B38&sortorder=asc&column=section HTTP/1.1" 404 -
65.108.110.26 - - [03/Nov/2024:04:36:46 +0100] "GET /ticket2/opencms/se/dk/buy/?page=6&comcatid=A17713B6-D984-201A-4143-ED4DB5ED5C2E&catid=0A6C99D2-F5BD-7A18-9A5F-5668827042E0&eventid=E1F7E93A-157E-48B5-16F5-20CB837CCB35 HTTP/1.1" 404 -
81.167.26.57 - - [03/Nov/2024:04:36:47 +0100] "GET /ticket2/opencms/dk/nl/buy/?page=1&edid=BCFFDAAC-B9B5-C20B-47F3-6D7E6A633444&sortorder=asc&column=price HTTP/1.1" 404 -
157.90.209.79 - - [03/Nov/2024:04:36:48 +0100] "GET /ticket2/opencms/hr/buy?page=1&edid=E1CACBEB-5FB5-F359-D95F-1110648BB53A HTTP/1.1" 200 126111
217.113.194.215 - - [03/Nov/2024:04:36:49 +0100] "GET /ticket2/opencms/en/venue/?venueid=99EB5D09-9A33-95A7-F158-1EC6D2BA2BAD HTTP/1.1" 200 77043
65.108.110.26 - - [03/Nov/2024:04:36:49 +0100] "GET /ticket2/opencms/se/dk/login/?edid=025EADBA-4CCB-DA07-4742-9BE67C2EAFE5 HTTP/1.1" 404 -
81.167.26.57 - - [03/Nov/2024:04:36:50 +0100] "GET /ticket2/opencms/dk/nl/buy/?page=1&edid=BE597364-D705-EB99-5903-51449427EA7F&sortorder=asc&column=price HTTP/1.1" 404 -
65.108.110.26 - - [03/Nov/2024:04:36:51 +0100] "GET /ticket2/opencms/se/dk/login/?edid=03C3F759-824A-90E7-D09D-AD5EA21FB080 HTTP/1.1" 404 -
81.167.26.57 - - [03/Nov/2024:04:36:53 +0100] "GET /ticket2/opencms/dk/nl/buy/?page=1&edid=BE597364-D705-EB99-5903-51449427EA7F&sortorder=asc&column=row HTTP/1.1" 404 -
65.108.110.26 - - [03/Nov/2024:04:36:54 +0100] "GET /ticket2/opencms/se/dk/login/?edid=03E5D6C8-E351-7D64-EC22-0C91F1D5553C HTTP/1.1" 404 -
81.167.26.57 - - [03/Nov/2024:04:36:56 +0100] "GET /ticket2/opencms/dk/nl/buy/?page=1&edid=BE8A9A67-7058-5FAE-4178-B10C86C588A3&sortorder=asc&column=row HTTP/1.1" 404 -
52.167.144.216 - - [03/Nov/2024:04:36:56 +0100] "GET /ticket2/opencms/dk/sport/fodboldbilletter/champions_league/leipzig/ HTTP/1.1" 200 79339
157.90.209.79 - - [03/Nov/2024:04:36:56 +0100] "GET /ticket2/opencms/hr/buy?page=1&edid=E289F96B-BF69-A88E-30C1-E3CA6BC29D6C HTTP/1.1" 200 113834
217.113.194.215 - - [03/Nov/2024:04:36:57 +0100] "GET /ticket2/opencms/en/venue/?venueid=234AF655-CBEF-566E-AA95-4ED8FB9CA8D3 HTTP/1.1" 200 77022
65.108.110.26 - - [03/Nov/2024:04:36:57 +0100] "GET /ticket2/opencms/se/dk/login/?edid=088A691D-7690-4573-C5FC-C5459481917B HTTP/1.1" 404 -
81.167.26.57 - - [03/Nov/2024:04:36:59 +0100] "GET /ticket2/opencms/dk/nl/buy/?page=1&edid=BF0FBBBD-11CB-A919-5EEB-D96D14910B2D&sortorder=asc&column=price HTTP/1.1" 404 -
65.108.110.26 - - [03/Nov/2024:04:37:00 +0100] "GET /ticket2/opencms/se/dk/login/?edid=09135A70-77B1-23BF-E129-7745373EE14A HTTP/1.1" 404 -
157.90.209.79 - - [03/Nov/2024:04:37:01 +0100] "GET /ticket2/opencms/hr/buy?page=1&edid=E4AB8B9B-D715-946F-66CB-04AA56069E4B HTTP/1.1" 200 100933
81.167.26.57 - - [03/Nov/2024:04:37:02 +0100] "GET /ticket2/opencms/dk/nl/buy/?page=1&edid=BF0FBBBD-11CB-A919-5EEB-D96D14910B2D&sortorder=asc&column=row HTTP/1.1" 404 -
85.208.96.198 - - [03/Nov/2024:04:37:02 +0100] "GET /ticket2/opencms/dk/sport/fodboldbilletter/la-liga/getafe/ HTTP/1.1" 200 92171
85.208.96.206 - - [03/Nov/2024:04:37:03 +0100] "GET /ticket2/opencms/hr/about/contact/ HTTP/1.1" 200 77777
65.108.110.26 - - [03/Nov/2024:04:37:04 +0100] "GET /ticket2/opencms/se/dk/login/?edid=0918B947-793A-2AE6-89D7-3BA5603B1356 HTTP/1.1" 404 -
157.90.209.79 - - [03/Nov/2024:04:37:04 +0100] "GET /ticket2/opencms/hr/buy?page=1&edid=E78BA40C-2406-9134-FABA-A11F16887BBA HTTP/1.1" 200 99518
81.167.26.57 - - [03/Nov/2024:04:37:05 +0100] "GET /ticket2/opencms/dk/nl/buy/?page=1&edid=BF0FBBBD-11CB-A919-5EEB-D96D14910B2D&sortorder=asc&column=section HTTP/1.1" 404 -
217.113.194.221 - - [03/Nov/2024:04:37:06 +0100] "GET /ticket2/opencms/en/venue/?venueid=35DC5316-B52E-D8CB-55D2-7DC4685C4349 HTTP/1.1" 200 77000
65.108.110.26 - - [03/Nov/2024:04:37:06 +0100] "GET /ticket2/opencms/se/dk/login/?edid=11D46144-F349-CB22-9CEE-1A3F6393757D HTTP/1.1" 404 -
81.167.26.57 - - [03/Nov/2024:04:37:08 +0100] "GET /ticket2/opencms/dk/nl/buy/?page=1&edid=BF1B3DCB-8B27-4ACB-3B70-EE1B7DEAB4F3&sortorder=asc&column=row HTTP/1.1" 404 -
157.90.209.79 - - [03/Nov/2024:04:37:08 +0100] "GET /ticket2/opencms/hr/buy?page=1&edid=E8BA54CC-B112-3D61-BE02-1B4D1E4F63D1 HTTP/1.1" 200 123922
65.108.110.26 - - [03/Nov/2024:04:37:10 +0100] "GET /ticket2/opencms/se/dk/login/?edid=124781BD-55D1-347C-3E0C-E088BD538B9A HTTP/1.1" 404 -
85.208.96.196 - - [03/Nov/2024:04:37:11 +0100] "GET /ticket2/opencms/de/buy_safety/ HTTP/1.1" 200 83649
81.167.26.57 - - [03/Nov/2024:04:37:11 +0100] "GET /ticket2/opencms/dk/nl/buy/?page=1&edid=BF225AEB-CFAC-EB68-F0A7-2E52AF288383&sortorder=asc&column=price HTTP/1.1" 404 -
65.108.110.26 - - [03/Nov/2024:04:37:12 +0100] "GET /ticket2/opencms/se/dk/login/?edid=1BFF3C4B-0AF3-F040-1041-C55D427FE053 HTTP/1.1" 404 -
81.167.26.57 - - [03/Nov/2024:04:37:14 +0100] "GET /ticket2/opencms/dk/nl/buy/?page=1&edid=BF225AEB-CFAC-EB68-F0A7-2E52AF288383&sortorder=asc&column=row HTTP/1.1" 404 -
217.113.194.217 - - [03/Nov/2024:04:37:14 +0100] "GET /ticket2/opencms/en/venue/?venueid=51311201-5880-D74E-C1B9-F9DC8FAA206E HTTP/1.1" 200 76989
65.108.110.26 - - [03/Nov/2024:04:37:15 +0100] "GET /ticket2/opencms/se/dk/login/?edid=1D9CA4BE-FB3D-C126-7D02-F28EBE7434B9 HTTP/1.1" 404 -
81.167.26.57 - - [03/Nov/2024:04:37:17 +0100] "GET /ticket2/opencms/dk/nl/buy/?page=1&edid=BF25989E-D557-34A8-F7E5-89D2F2212522&sortorder=asc&column=price HTTP/1.1" 404 -
65.108.110.26 - - [03/Nov/2024:04:37:18 +0100] "GET /ticket2/opencms/se/dk/login/?edid=1FD00E9B-3A03-E379-9B08-FF7D16F1A6A6 HTTP/1.1" 404 -
47.128.56.199 - - [03/Nov/2024:04:37:18 +0100] "GET /ticket2/opencms/sv/buy/?eventid=B8AB4E0F-79AE-D178-8032-960D7050134D&page=10 HTTP/1.1" 200 82294
157.90.209.79 - - [03/Nov/2024:04:37:19 +0100] "GET /ticket2/opencms/hr/buy?page=1&edid=E9F0B041-BF0A-CE11-045F-89CD49D4FA7D HTTP/1.1" 200 104524
85.208.96.194 - - [03/Nov/2024:04:37:19 +0100] "GET /ticket2/opencms/en/sport/football-tickets/premier_league HTTP/1.1" 200 84240
81.167.26.57 - - [03/Nov/2024:04:37:20 +0100] "GET /ticket2/opencms/dk/nl/buy/?page=1&edid=BF25989E-D557-34A8-F7E5-89D2F2212522&sortorder=asc&column=row HTTP/1.1" 404 -
65.108.110.26 - - [03/Nov/2024:04:37:21 +0100] "GET /ticket2/opencms/se/dk/login/?edid=200DEA95-C913-C4D4-21B2-9E21A42B9886 HTTP/1.1" 404 -
157.90.209.79 - - [03/Nov/2024:04:37:22 +0100] "GET /ticket2/opencms/hr/buy?page=1&edid=EB31C882-2BE6-C517-726C-D721EBC90088 HTTP/1.1" 200 134797
81.167.26.57 - - [03/Nov/2024:04:37:23 +0100] "GET /ticket2/opencms/dk/nl/buy/?page=1&edid=BF25989E-D557-34A8-F7E5-89D2F2212522&sortorder=asc&column=section HTTP/1.1" 404 -
217.113.194.214 - - [03/Nov/2024:04:37:23 +0100] "GET /ticket2/opencms/en/venue/?venueid=50B47957-F9F6-9292-CAD2-22ADFDFA8DE2 HTTP/1.1" 200 76992
85.208.96.208 - - [03/Nov/2024:04:37:24 +0100] "GET /ticket2/opencms/fi/urheilu/jalkapallo/la-liga/valencia/ HTTP/1.1" 200 95005
65.108.110.26 - - [03/Nov/2024:04:37:25 +0100] "GET /ticket2/opencms/se/dk/login/?edid=23D7FD2C-27AD-2624-2564-DE4AA8FD53DE HTTP/1.1" 404 -
157.90.209.79 - - [03/Nov/2024:04:37:25 +0100] "GET /ticket2/opencms/hr/buy?page=1&edid=EBF1342E-BB1A-F042-231F-198A898B67BA HTTP/1.1" 200 111042
81.167.26.57 - - [03/Nov/2024:04:37:26 +0100] "GET /ticket2/opencms/dk/nl/buy/?page=1&edid=BF4305B4-CDA1-1B90-839B-8A069F8FBF24&sortorder=asc&column=price HTTP/1.1" 404 -
65.108.110.26 - - [03/Nov/2024:04:37:28 +0100] "GET /ticket2/opencms/se/dk/login/?edid=266863E9-0D4A-8983-3D6E-89AEC4F0BA41 HTTP/1.1" 404 -
207.46.13.102 - - [03/Nov/2024:04:37:28 +0100] "GET /ticket2/opencms/mo/buy?page=1&edid=08134107-A430-5E4C-8313-5084A279B461 HTTP/1.1" 200 101405
81.167.26.57 - - [03/Nov/2024:04:37:29 +0100] "GET /ticket2/opencms/dk/nl/buy/?page=1&edid=BF9154EC-7C2D-747D-A9A9-57938B1AB1EA HTTP/1.1" 404 -
157.90.209.79 - - [03/Nov/2024:04:37:30 +0100] "GET /ticket2/opencms/hr/buy?page=1&edid=EC2BC309-3510-AA04-CA0C-F3088D5C1D31 HTTP/1.1" 200 113832
65.108.110.26 - - [03/Nov/2024:04:37:31 +0100] "GET /ticket2/opencms/se/dk/login/?edid=2B069145-96C4-9DB2-7920-56A0B5CF95BF HTTP/1.1" 404 -
154.54.249.216 - - [03/Nov/2024:04:37:32 +0100] "GET /ticket2/opencms/en/venue/?venueid=50DAC20F-40DE-CF88-E5C9-6C2C12662F21 HTTP/1.1" 200 77045
81.167.26.57 - - [03/Nov/2024:04:37:32 +0100] "GET /ticket2/opencms/dk/nl/buy/?page=1&edid=BFAB9E04-7D92-4753-D7E6-FD99B04A44CB&sortorder=asc&column=section HTTP/1.1" 404 -
185.191.171.13 - - [03/Nov/2024:04:37:32 +0100] "GET /ticket2/opencms/dk/sport/fodboldbilletter/bundesliga/bochum/ HTTP/1.1" 200 91772
184.178.172.23 - - [03/Nov/2024:04:37:34 +0100] "GET /ticket2/opencms/de/ HTTP/1.1" 200 96639
65.108.110.26 - - [03/Nov/2024:04:37:34 +0100] "GET /ticket2/opencms/se/dk/login/?edid=2B4B21AC-3A39-C63E-397C-084E798BD2FE HTTP/1.1" 404 -
81.167.26.57 - - [03/Nov/2024:04:37:35 +0100] "GET /ticket2/opencms/dk/nl/buy/?page=1&edid=BFABCD8A-0370-5121-72EB-FB336CE4A45D HTTP/1.1" 404 -
47.128.96.151 - - [03/Nov/2024:04:37:36 +0100] "GET /ticket2/opencms/en/buy/?edid=0BE732AB-67CD-FDAE-FCB3-FFE731054A7F HTTP/1.1" 200 79757
65.108.110.26 - - [03/Nov/2024:04:37:37 +0100] "GET /ticket2/opencms/se/dk/login/?edid=2F7CCFEA-11D9-C739-94AB-D08CAE52A423 HTTP/1.1" 404 -
157.90.209.79 - - [03/Nov/2024:04:37:37 +0100] "GET /ticket2/opencms/hr/buy?page=1&edid=EE1094B0-5F8D-7F5A-3592-6F4F9BDBF532 HTTP/1.1" 200 129940
81.167.26.57 - - [03/Nov/2024:04:37:38 +0100] "GET /ticket2/opencms/dk/nl/buy/?page=1&edid=BFFA4A3A-0CE3-21A1-BA67-66012375AD3E&sortorder=asc&column=price HTTP/1.1" 404 -
184.178.172.23 - - [03/Nov/2024:04:37:38 +0100] "GET /ticket2/opencms/de/selling_tickets/ HTTP/1.1" 500 -
65.108.110.26 - - [03/Nov/2024:04:37:40 +0100] "GET /ticket2/opencms/se/dk/login/?edid=32733024-1A70-1A8E-A3DD-B8EE80D33C10 HTTP/1.1" 404 -
184.178.172.23 - - [03/Nov/2024:04:37:40 +0100] "GET /ticket2/opencms/de/selling_tickets/ HTTP/1.1" 500 -
157.90.209.79 - - [03/Nov/2024:04:37:40 +0100] "GET /ticket2/opencms/hr/buy?page=1&edid=EFCA122E-EFD5-12F8-6F83-6930A0BC1F37 HTTP/1.1" 200 113839
217.113.194.213 - - [03/Nov/2024:04:37:40 +0100] "GET /ticket2/opencms/en/venue/?venueid=205AE9EF-F1A4-58AB-6496-028A3EA231DB HTTP/1.1" 200 77112
81.167.26.57 - - [03/Nov/2024:04:37:41 +0100] "GET /ticket2/opencms/dk/nl/buy/?page=1&edid=C0E71D3B-DC0E-DD9D-0716-7AD40A999541&sortorder=asc&column=row HTTP/1.1" 404 -
184.178.172.23 - - [03/Nov/2024:04:37:42 +0100] "GET /ticket2/opencms/de/selling_tickets/ HTTP/1.1" 500 -
65.108.110.26 - - [03/Nov/2024:04:37:43 +0100] "GET /ticket2/opencms/se/dk/login/?edid=371F6801-0748-6950-3EE6-EBCD0BD873DE HTTP/1.1" 404 -
185.191.171.17 - - [03/Nov/2024:04:37:43 +0100] "GET /ticket2/opencms/en/sport/football-tickets/premier_league/sheffield/ HTTP/1.1" 200 79229
157.90.209.79 - - [03/Nov/2024:04:37:44 +0100] "GET /ticket2/opencms/hr/buy?page=1&edid=F096D1AD-EE12-C298-2137-D6BD382A6C8C HTTP/1.1" 200 125768
81.167.26.57 - - [03/Nov/2024:04:37:44 +0100] "GET /ticket2/opencms/dk/nl/buy/?page=1&edid=C0F1E76A-C642-D418-763A-93A7662FD1E2&sortorder=desc&column=price HTTP/1.1" 404 -
185.191.171.11 - - [03/Nov/2024:04:37:45 +0100] "GET /ticket2/opencms/sv/sport/fotbollsbiljetter/bundesliga/koln/ HTTP/1.1" 200 85101
65.108.110.26 - - [03/Nov/2024:04:37:45 +0100] "GET /ticket2/opencms/se/dk/login/?edid=37A62C7A-4F64-DC1D-29D1-D3D9E8F83CB5 HTTP/1.1" 404 -
81.167.26.57 - - [03/Nov/2024:04:37:47 +0100] "GET /ticket2/opencms/dk/nl/buy/?page=1&edid=C0F1E76A-C642-D418-763A-93A7662FD1E2&sortorder=desc&column=row HTTP/1.1" 404 -
157.90.209.79 - - [03/Nov/2024:04:37:48 +0100] "GET /ticket2/opencms/hr/buy?page=1&edid=F70FF3E6-2D68-06C1-2E1B-CFF8AEEA395A HTTP/1.1" 200 113836
65.108.110.26 - - [03/Nov/2024:04:37:48 +0100] "GET /ticket2/opencms/se/dk/login/?edid=3A2C20BD-B176-205A-D392-221F9F943892 HTTP/1.1" 404 -
217.113.194.215 - - [03/Nov/2024:04:37:49 +0100] "GET /ticket2/opencms/en/buy?page=1&edid=0E9E6355-4451-3402-6E1E-9044B4B2E5C3 HTTP/1.1" 200 100179
185.191.171.16 - - [03/Nov/2024:04:37:49 +0100] "GET /ticket2/opencms/sk/buy_safety/ HTTP/1.1" 200 81001
81.167.26.57 - - [03/Nov/2024:04:37:50 +0100] "GET /ticket2/opencms/dk/nl/buy/?page=1&edid=C0F1E76A-C642-D418-763A-93A7662FD1E2&sortorder=desc&column=section HTTP/1.1" 404 -
65.108.110.26 - - [03/Nov/2024:04:37:51 +0100] "GET /ticket2/opencms/se/dk/login/?edid=3F6B6B17-F159-59CA-9275-25779C692B45 HTTP/1.1" 404 -
157.90.209.79 - - [03/Nov/2024:04:37:52 +0100] "GET /ticket2/opencms/hr/buy?page=1&edid=F75A8704-39CC-1233-9E9B-2121B4DFC51E HTTP/1.1" 200 127578
81.167.26.57 - - [03/Nov/2024:04:37:53 +0100] "GET /ticket2/opencms/dk/nl/buy/?page=1&edid=C117AED7-EC39-A674-9EB2-6A08DB41E7C9&sortorder=desc&column=price HTTP/1.1" 404 -
65.108.110.26 - - [03/Nov/2024:04:37:54 +0100] "GET /ticket2/opencms/se/dk/login/?edid=40FAD1FD-9458-D5DD-799D-562DA9E72A05 HTTP/1.1" 404 -
81.167.26.57 - - [03/Nov/2024:04:37:56 +0100] "GET /ticket2/opencms/dk/nl/buy/?page=1&edid=C117AED7-EC39-A674-9EB2-6A08DB41E7C9&sortorder=desc&column=row HTTP/1.1" 404 -
157.90.209.79 - - [03/Nov/2024:04:37:56 +0100] "GET /ticket2/opencms/hr/buy?page=1&edid=F86B9858-FECA-8B69-0345-5BABEB4E1340 HTTP/1.1" 200 100814
52.167.144.214 - - [03/Nov/2024:04:37:57 +0100] "GET /ticket2/opencms/fi/urheilu/jalkapallo/la-liga/granada/ HTTP/1.1" 200 80307
217.113.194.220 - - [03/Nov/2024:04:37:57 +0100] "GET /ticket2/opencms/en/buy?page=1&edid=FDE2CB1B-737B-857F-7431-BD450E7D3BBB HTTP/1.1" 200 123454
65.108.110.26 - - [03/Nov/2024:04:37:58 +0100] "GET /ticket2/opencms/se/dk/login/?edid=418F640D-FED9-8D6C-3AD1-01149267CC74 HTTP/1.1" 404 -
81.167.26.57 - - [03/Nov/2024:04:37:59 +0100] "GET /ticket2/opencms/dk/nl/buy/?page=1&edid=C117AED7-EC39-A674-9EB2-6A08DB41E7C9&sortorder=desc&column=section HTTP/1.1" 404 -
65.108.110.26 - - [03/Nov/2024:04:38:00 +0100] "GET /ticket2/opencms/se/dk/login/?edid=47A04F1B-F127-382D-DF54-4D81669CB663 HTTP/1.1" 404 -
157.90.209.79 - - [03/Nov/2024:04:38:01 +0100] "GET /ticket2/opencms/hr/buy?page=1&edid=F8A721FB-6959-3E3B-0E9C-2BF5336E70F2 HTTP/1.1" 200 126002
81.167.26.57 - - [03/Nov/2024:04:38:01 +0100] "GET /ticket2/opencms/dk/nl/buy/?page=1&edid=C12A0006-B6E1-E89B-7550-FAAA37523C69&sortorder=desc&column=price HTTP/1.1" 404 -
65.108.110.26 - - [03/Nov/2024:04:38:03 +0100] "GET /ticket2/opencms/se/dk/login/?edid=47B01215-3C98-898D-7204-E5C307F94209 HTTP/1.1" 404 -
81.167.26.57 - - [03/Nov/2024:04:38:04 +0100] "GET /ticket2/opencms/dk/nl/buy/?page=1&edid=C12A0006-B6E1-E89B-7550-FAAA37523C69&sortorder=desc&column=section HTTP/1.1" 404 -
217.113.194.214 - - [03/Nov/2024:04:38:06 +0100] "GET /ticket2/opencms/en/buy?page=1&edid=BA98F497-79D9-0BA1-3E19-B45BB0763E07 HTTP/1.1" 200 100702
157.90.209.79 - - [03/Nov/2024:04:38:06 +0100] "GET /ticket2/opencms/hr/buy?page=1&edid=F93A2292-3F60-7656-2C0B-2AB157A0BB0B HTTP/1.1" 200 124407
65.108.110.26 - - [03/Nov/2024:04:38:06 +0100] "GET /ticket2/opencms/se/dk/login/?edid=49FEC43E-3E83-185B-C185-BAAB3CE353B1 HTTP/1.1" 404 -
81.167.26.57 - - [03/Nov/2024:04:38:07 +0100] "GET /ticket2/opencms/dk/nl/buy/?page=1&edid=C13188B2-4508-D2E9-B121-B54B35743CCB&sortorder=desc&column=price HTTP/1.1" 404 -
85.208.96.196 - - [03/Nov/2024:04:38:09 +0100] "GET /ticket2/opencms/sv/sport/fotbollsbiljetter/uefa-champions-league/leipzig/ HTTP/1.1" 200 79547
65.108.110.26 - - [03/Nov/2024:04:38:09 +0100] "GET /ticket2/opencms/se/dk/login/?edid=4A66E0EE-4010-51F0-E633-A52519A11CEB HTTP/1.1" 404 -
47.128.28.218 - - [03/Nov/2024:04:38:10 +0100] "GET /ticket2/opencms/sl/buy/?catid=06324577-7173-BAB0-146D-E644C912F7C1&comcatid=A17713B6-D984-201A-4143-ED4DB5ED5C2E&npage=1 HTTP/1.1" 200 244083
157.90.209.79 - - [03/Nov/2024:04:38:10 +0100] "GET /ticket2/opencms/hr/buy?page=1&edid=FA047031-F510-E911-0280-BC3ADCB159FC HTTP/1.1" 200 111040
81.167.26.57 - - [03/Nov/2024:04:38:10 +0100] "GET /ticket2/opencms/dk/nl/buy/?page=1&edid=C13188B2-4508-D2E9-B121-B54B35743CCB&sortorder=desc&column=row HTTP/1.1" 404 -
65.108.110.26 - - [03/Nov/2024:04:38:12 +0100] "GET /ticket2/opencms/se/dk/login/?edid=4AFEA37F-53E9-BCCD-AE1D-AD2A8EE2D653 HTTP/1.1" 404 -
85.208.96.208 - - [03/Nov/2024:04:38:13 +0100] "GET /ticket2/opencms/no/search.html?searchQuery=Norwich%252BCity&submit HTTP/1.1" 200 97487
81.167.26.57 - - [03/Nov/2024:04:38:14 +0100] "GET /ticket2/opencms/dk/nl/buy/?page=1&edid=C13188B2-4508-D2E9-B121-B54B35743CCB&sortorder=desc&column=section HTTP/1.1" 404 -
217.113.194.219 - - [03/Nov/2024:04:38:14 +0100] "GET /ticket2/opencms/en/buy?page=1&edid=E9A36455-AEA7-B86C-20AA-DBAA963F875E HTTP/1.1" 200 100177
157.90.209.79 - - [03/Nov/2024:04:38:14 +0100] "GET /ticket2/opencms/hr/buy?page=1&edid=FB201BEF-97AC-F5AA-1C79-FCD23FE64214 HTTP/1.1" 200 102310
65.108.110.26 - - [03/Nov/2024:04:38:15 +0100] "GET /ticket2/opencms/se/dk/login/?edid=63801669-9764-13A7-B058-055F32A0BC14 HTTP/1.1" 404 -
81.167.26.57 - - [03/Nov/2024:04:38:17 +0100] "GET /ticket2/opencms/dk/nl/buy/?page=1&edid=C1962406-C365-6510-2AD4-8B86FC7DBDDB&sortorder=asc&column=row HTTP/1.1" 404 -
65.108.110.26 - - [03/Nov/2024:04:38:18 +0100] "GET /ticket2/opencms/se/dk/login/?edid=6400AA31-EA2E-ED5E-ECB8-FC40C4996DA7 HTTP/1.1" 404 -
157.90.209.79 - - [03/Nov/2024:04:38:19 +0100] "GET /ticket2/opencms/hr/buy?page=1&edid=FC797166-D971-D25F-0FB0-A6DA82828914 HTTP/1.1" 200 114630
81.167.26.57 - - [03/Nov/2024:04:38:20 +0100] "GET /ticket2/opencms/dk/nl/buy/?page=1&edid=C1AA3CD8-9B92-9EEB-74B5-3A5D9E84C8B5&sortorder=desc&column=price HTTP/1.1" 404 -
54.36.149.42 - - [03/Nov/2024:04:38:21 +0100] "GET /ticket2/opencms/robots.txt HTTP/1.1" 200 773
65.108.110.26 - - [03/Nov/2024:04:38:21 +0100] "GET /ticket2/opencms/se/dk/login/?edid=6471BDCD-0B2F-C3B9-3026-367C586DCB12 HTTP/1.1" 404 -
54.36.148.157 - - [03/Nov/2024:04:38:22 +0100] "GET /ticket2/opencms/de/magazine/article?title=uber-das-tottenham-hotspur-stadion HTTP/1.1" 200 86781
81.167.26.57 - - [03/Nov/2024:04:38:23 +0100] "GET /ticket2/opencms/dk/nl/buy/?page=1&edid=C1AA3CD8-9B92-9EEB-74B5-3A5D9E84C8B5&sortorder=desc&column=row HTTP/1.1" 404 -
217.113.194.220 - - [03/Nov/2024:04:38:23 +0100] "GET /ticket2/opencms/en/buy?page=1&edid=CCC52869-7D07-37D3-E716-0EF1AC21BCE4 HTTP/1.1" 200 121518
157.90.209.79 - - [03/Nov/2024:04:38:24 +0100] "GET /ticket2/opencms/hr/buy?page=1&edid=FDE2CB1B-737B-857F-7431-BD450E7D3BBB HTTP/1.1" 200 125040
65.108.110.26 - - [03/Nov/2024:04:38:24 +0100] "GET /ticket2/opencms/se/dk/login/?edid=68990A86-D741-9689-B00B-FC485A932524 HTTP/1.1" 404 -
81.167.26.57 - - [03/Nov/2024:04:38:25 +0100] "GET /ticket2/opencms/dk/nl/buy/?page=1&edid=C1AA3CD8-9B92-9EEB-74B5-3A5D9E84C8B5&sortorder=desc&column=section HTTP/1.1" 404 -
65.108.110.26 - - [03/Nov/2024:04:38:28 +0100] "GET /ticket2/opencms/se/dk/login/?edid=69316806-FAD8-F470-2F12-AA6D133A3A86 HTTP/1.1" 404 -
81.167.26.57 - - [03/Nov/2024:04:38:28 +0100] "GET /ticket2/opencms/dk/nl/buy/?page=1&edid=C23BF5A6-8BB4-09E8-9016-747DF13A07E6&sortorder=desc&column=row HTTP/1.1" 404 -
157.90.209.79 - - [03/Nov/2024:04:38:29 +0100] "GET /ticket2/opencms/hr/buy?page=1&edid=FEE25E36-04D3-46C8-6D56-05013D91539C HTTP/1.1" 200 98519
65.108.110.26 - - [03/Nov/2024:04:38:31 +0100] "GET /ticket2/opencms/se/dk/login/?edid=6BB5D925-7637-CF92-181F-94B35FC14C77 HTTP/1.1" 404 -
81.167.26.57 - - [03/Nov/2024:04:38:31 +0100] "GET /ticket2/opencms/dk/nl/buy/?page=1&edid=C23BF5A6-8BB4-09E8-9016-747DF13A07E6&sortorder=desc&column=section HTTP/1.1" 404 -
217.113.194.221 - - [03/Nov/2024:04:38:31 +0100] "GET /ticket2/opencms/en/buy?page=1&edid=6B1BC3D5-41D5-1130-8508-F118D3CA5AB9 HTTP/1.1" 200 100736
47.128.45.27 - - [03/Nov/2024:04:38:32 +0100] "GET /ticket2/opencms/mo/buy/?edid=F08C0FE4-B194-24A9-4957-1E151EDAC340 HTTP/1.1" 200 81521
157.90.209.79 - - [03/Nov/2024:04:38:33 +0100] "GET /ticket2/opencms/hr/buy?page=1&edid=FF0B58BB-4754-B119-52E9-C2F4B119009E HTTP/1.1" 200 101767
65.108.110.26 - - [03/Nov/2024:04:38:34 +0100] "GET /ticket2/opencms/se/dk/login/?edid=6D9D3E47-1EA9-9DFE-4A3E-6030D3106E91 HTTP/1.1" 404 -
81.167.26.57 - - [03/Nov/2024:04:38:34 +0100] "GET /ticket2/opencms/dk/nl/buy/?page=1&edid=C2A79993-E70B-426D-9013-A8F409E2602A&sortorder=asc&column=price HTTP/1.1" 404 -
157.90.209.79 - - [03/Nov/2024:04:38:37 +0100] "GET /ticket2/opencms/hr/buy?page=1&edid=FF312D4E-5B6B-8FA5-BA69-635DC61A8F79 HTTP/1.1" 200 124405
65.108.110.26 - - [03/Nov/2024:04:38:37 +0100] "GET /ticket2/opencms/se/dk/login/?edid=72CCC969-75DC-08D7-0ED6-A15B0DA3DD38 HTTP/1.1" 404 -
81.167.26.57 - - [03/Nov/2024:04:38:37 +0100] "GET /ticket2/opencms/dk/nl/buy/?page=1&edid=C2AEA16E-A101-D717-93D9-98366F68E906&sortorder=asc&column=price HTTP/1.1" 404 -
217.113.194.216 - - [03/Nov/2024:04:38:40 +0100] "GET /ticket2/opencms/en/buy?page=1&edid=556B94F2-FD76-AB6F-089E-5820CD9C75C1 HTTP/1.1" 200 99553
65.108.110.26 - - [03/Nov/2024:04:38:40 +0100] "GET /ticket2/opencms/se/dk/login/?edid=7357215B-5A40-7177-BCF6-DDA8743F9320 HTTP/1.1" 404 -
81.167.26.57 - - [03/Nov/2024:04:38:40 +0100] "GET /ticket2/opencms/dk/nl/buy/?page=1&edid=C2AEA16E-A101-D717-93D9-98366F68E906&sortorder=asc&column=row HTTP/1.1" 404 -
65.108.110.26 - - [03/Nov/2024:04:38:43 +0100] "GET /ticket2/opencms/se/dk/login/?edid=7545A501-A74F-FCD9-6047-6417398923F8 HTTP/1.1" 404 -
81.167.26.57 - - [03/Nov/2024:04:38:43 +0100] "GET /ticket2/opencms/dk/nl/buy/?page=1&edid=C2AEA16E-A101-D717-93D9-98366F68E906&sortorder=asc&column=section HTTP/1.1" 404 -
157.90.209.79 - - [03/Nov/2024:04:38:45 +0100] "GET /ticket2/opencms/hr/buy?page=10&eventid=19AD6356-6E10-9C9F-9FF7-23862BF7038B HTTP/1.1" 200 92502
65.108.110.26 - - [03/Nov/2024:04:38:46 +0100] "GET /ticket2/opencms/se/dk/login/?edid=77BFA142-F751-D8D8-BC52-E25A476A52FF HTTP/1.1" 404 -
81.167.26.57 - - [03/Nov/2024:04:38:46 +0100] "GET /ticket2/opencms/dk/nl/buy/?page=1&edid=C2AEA16E-A101-D717-93D9-98366F68E906&sortorder=desc&column=price HTTP/1.1" 404 -
217.113.194.219 - - [03/Nov/2024:04:38:49 +0100] "GET /ticket2/opencms/en/buy?page=1&edid=6491C4B6-5C45-20F3-BDEC-54EE4BA903D5 HTTP/1.1" 200 123896
65.108.110.26 - - [03/Nov/2024:04:38:49 +0100] "GET /ticket2/opencms/se/dk/login/?edid=7CBC2073-43B3-6AB9-9406-E231332EAC38 HTTP/1.1" 404 -
81.167.26.57 - - [03/Nov/2024:04:38:49 +0100] "GET /ticket2/opencms/dk/nl/buy/?page=1&edid=C2AEA16E-A101-D717-93D9-98366F68E906&sortorder=desc&column=row HTTP/1.1" 404 -
157.90.209.79 - - [03/Nov/2024:04:38:50 +0100] "GET /ticket2/opencms/hr/buy?page=10&eventid=1C0FC89D-D539-28E4-3F58-11BCE29E4CA8 HTTP/1.1" 200 92343
65.108.110.26 - - [03/Nov/2024:04:38:52 +0100] "GET /ticket2/opencms/se/dk/login/?edid=80921F64-47FC-3ACE-1B5F-30A7D074EB2E HTTP/1.1" 404 -
81.167.26.57 - - [03/Nov/2024:04:38:52 +0100] "GET /ticket2/opencms/dk/nl/buy/?page=1&edid=C2AEA16E-A101-D717-93D9-98366F68E906&sortorder=desc&column=section HTTP/1.1" 404 -
17.241.227.43 - - [03/Nov/2024:04:38:53 +0100] "GET /ticket2/opencms/fi/buy/?page=1&edid=08B09CFA-7A2C-469C-4348-B6A8266760AC HTTP/1.1" 200 100962
65.108.110.26 - - [03/Nov/2024:04:38:55 +0100] "GET /ticket2/opencms/se/dk/login/?edid=8283F0D6-DE7E-1E05-A6F6-A049523B2687 HTTP/1.1" 404 -
81.167.26.57 - - [03/Nov/2024:04:38:55 +0100] "GET /ticket2/opencms/dk/nl/buy/?page=1&edid=C2E2A345-1805-9628-50E3-0D8B812CD139&sortorder=asc&column=row HTTP/1.1" 404 -
217.113.194.216 - - [03/Nov/2024:04:38:57 +0100] "GET /ticket2/opencms/en/buy?page=1&edid=620EBF00-ABE0-9BB5-0F04-F120B08CF11C HTTP/1.1" 200 100867
65.108.110.26 - - [03/Nov/2024:04:38:58 +0100] "GET /ticket2/opencms/se/dk/login/?edid=8718C061-8700-65DF-0CB5-43BAC769300D HTTP/1.1" 404 -
81.167.26.57 - - [03/Nov/2024:04:38:58 +0100] "GET /ticket2/opencms/dk/nl/buy/?page=1&edid=C2FCD713-6AE1-6CEF-FA73-C3089C99A625&sortorder=asc&column=price HTTP/1.1" 404 -
47.128.47.183 - - [03/Nov/2024:04:38:59 +0100] "GET /ticket2/opencms/mo/buy?edid=B6792C71-3777-835A-6A12-E2C6ABE580AB HTTP/1.1" 200 81521
157.90.209.79 - - [03/Nov/2024:04:39:00 +0100] "GET /ticket2/opencms/hr/buy?page=10&eventid=29425CD0-51B2-1314-2678-3AB7A21FD119 HTTP/1.1" 200 92904
81.167.26.57 - - [03/Nov/2024:04:39:01 +0100] "GET /ticket2/opencms/dk/nl/buy/?page=1&edid=C2FCD713-6AE1-6CEF-FA73-C3089C99A625&sortorder=desc&column=price HTTP/1.1" 404 -
65.108.110.26 - - [03/Nov/2024:04:39:02 +0100] "GET /ticket2/opencms/se/dk/login/?edid=88846CDD-90BD-3C14-8B7F-E56B7CEB33C4 HTTP/1.1" 404 -
157.90.209.79 - - [03/Nov/2024:04:39:02 +0100] "GET /ticket2/opencms/hr/buy?page=10&eventid=8089A138-5EE7-E43F-C342-AAB9352CA1D1 HTTP/1.1" 200 91541
81.167.26.57 - - [03/Nov/2024:04:39:04 +0100] "GET /ticket2/opencms/dk/nl/buy/?page=1&edid=C2FCD713-6AE1-6CEF-FA73-C3089C99A625&sortorder=desc&column=row HTTP/1.1" 404 -
65.108.110.26 - - [03/Nov/2024:04:39:05 +0100] "GET /ticket2/opencms/se/dk/login/?edid=89FE7505-90F7-E10A-4E29-615C9B572E94 HTTP/1.1" 404 -
217.113.194.220 - - [03/Nov/2024:04:39:05 +0100] "GET /ticket2/opencms/en/buy/?page=1&edid=1C4D0063-1C0C-2AAD-17F9-0EF25E36554C HTTP/1.1" 200 100180
157.90.209.79 - - [03/Nov/2024:04:39:06 +0100] "GET /ticket2/opencms/hr/buy?page=10&eventid=B45AC244-DB10-0539-6625-12AA68C37378 HTTP/1.1" 200 91225
114.119.135.251 - - [03/Nov/2024:04:39:07 +0100] "GET /ticket2/opencms/en/venue/?venueid=5FE37D7C-8CDB-E2A6-C954-AEAA09190FF8 HTTP/1.1" 200 77069
81.167.26.57 - - [03/Nov/2024:04:39:07 +0100] "GET /ticket2/opencms/dk/nl/buy/?page=1&edid=C2FCD713-6AE1-6CEF-FA73-C3089C99A625&sortorder=desc&column=section HTTP/1.1" 404 -
65.108.110.26 - - [03/Nov/2024:04:39:08 +0100] "GET /ticket2/opencms/se/dk/login/?edid=8AF043CF-251E-B85F-E5E5-5CA1C9CF48F0 HTTP/1.1" 404 -
81.167.26.57 - - [03/Nov/2024:04:39:10 +0100] "GET /ticket2/opencms/dk/nl/buy/?page=1&edid=C36D4538-6F71-EA2F-64B4-7D4CEC98588D&sortorder=asc&column=price HTTP/1.1" 404 -
65.108.110.26 - - [03/Nov/2024:04:39:11 +0100] "GET /ticket2/opencms/se/dk/login/?edid=8C84F5E0-FA25-C5E3-D5D6-2695128F01FC HTTP/1.1" 404 -
157.90.209.79 - - [03/Nov/2024:04:39:12 +0100] "GET /ticket2/opencms/hr/buy?page=10&eventid=C7B8839D-D05D-58E7-D08F-88E8ADCFDD77 HTTP/1.1" 200 91372
81.167.26.57 - - [03/Nov/2024:04:39:14 +0100] "GET /ticket2/opencms/dk/nl/buy/?page=1&edid=C42BF7EA-D819-8A67-F8B3-5081D65DA522&sortorder=asc&column=price HTTP/1.1" 404 -
217.113.194.214 - - [03/Nov/2024:04:39:14 +0100] "GET /ticket2/opencms/en/buy/?page=1&edid=1A7F10A1-8FF6-5B9D-1FDC-2244002370D9 HTTP/1.1" 200 99054
65.108.110.26 - - [03/Nov/2024:04:39:16 +0100] "GET /ticket2/opencms/se/fi/sell/?edid=B5867527-E4E8-2B72-A634-6B0BB4ADFC64 HTTP/1.1" 404 -
65.108.110.26 - - [03/Nov/2024:04:39:20 +0100] "GET /ticket2/opencms/se/fi/sell/?edid=BBEC338A-242D-58E1-7095-18B90F7D3463 HTTP/1.1" 404 -
157.90.209.79 - - [03/Nov/2024:04:39:21 +0100] "GET /ticket2/opencms/hr/buy?page=10&eventid=E31CD708-FD95-F485-CDCC-6597CCC5D7AD HTTP/1.1" 200 83095
154.54.249.216 - - [03/Nov/2024:04:39:22 +0100] "GET /ticket2/opencms/en/buy/?page=1&edid=0E487947-8D2A-A553-BF9C-F44B73D05AC1 HTTP/1.1" 200 96914
65.108.110.26 - - [03/Nov/2024:04:39:25 +0100] "GET /ticket2/opencms/se/fi/sell/?edid=BCCE5493-7F07-107D-7782-B1E85DBB415D HTTP/1.1" 404 -
157.90.209.79 - - [03/Nov/2024:04:39:27 +0100] "GET /ticket2/opencms/hr/buy?page=10&eventid=FF812D0C-FCB2-7645-0CFD-1ACFB0013262 HTTP/1.1" 200 92480
65.108.110.26 - - [03/Nov/2024:04:39:29 +0100] "GET /ticket2/opencms/se/fi/sell/?edid=BDBF2161-7530-872A-6823-81C32E473A66 HTTP/1.1" 404 -
157.90.209.79 - - [03/Nov/2024:04:39:30 +0100] "GET /ticket2/opencms/hr/buy?page=6&comcatid=A17713B6-D984-201A-4143-ED4DB5ED5C2E&catid=E961462E-5AC2-64D6-5850-A310C9DEAA06 HTTP/1.1" 200 94520
217.113.194.214 - - [03/Nov/2024:04:39:31 +0100] "GET /ticket2/opencms/en/buy/?page=1&edid=0AB966ED-711A-1DD6-BBD9-5029029D10A0 HTTP/1.1" 200 110061
85.208.96.206 - - [03/Nov/2024:04:39:32 +0100] "GET /ticket2/opencms/cs/ask-form.html HTTP/1.1" 200 3156
65.108.110.26 - - [03/Nov/2024:04:39:34 +0100] "GET /ticket2/opencms/se/fi/sell/?edid=BFD97D9E-908E-08FB-387F-F82638E47D0F HTTP/1.1" 404 -
157.90.209.79 - - [03/Nov/2024:04:39:38 +0100] "GET /ticket2/opencms/hr/buying_tickets/ HTTP/1.1" 200 80595
65.108.110.26 - - [03/Nov/2024:04:39:38 +0100] "GET /ticket2/opencms/se/fi/sell/?edid=C08F3873-357B-58DE-F78C-9562D03AA8A9 HTTP/1.1" 404 -
217.113.194.215 - - [03/Nov/2024:04:39:39 +0100] "GET /ticket2/opencms/en/buy/?page=1&edid=086BA2B6-5EB1-8C88-E566-0CC26434281F HTTP/1.1" 200 100185
65.108.110.26 - - [03/Nov/2024:04:39:43 +0100] "GET /ticket2/opencms/se/fi/sell/?edid=C11CE0A1-BCBD-A7C4-C22E-164F1C641833 HTTP/1.1" 404 -
157.90.209.79 - - [03/Nov/2024:04:39:43 +0100] "GET /ticket2/opencms/hr/faq/ HTTP/1.1" 200 81822
40.77.189.230 - - [03/Nov/2024:04:39:44 +0100] "GET /ticket2/opencms/system/modules/com.gridnine.opencms.ticketbrokerage.site/resources/js/calendar-en.js HTTP/1.1" 200 3338
157.90.209.79 - - [03/Nov/2024:04:39:46 +0100] "GET /ticket2/opencms/hr/login/ HTTP/1.1" 200 83255
154.54.249.216 - - [03/Nov/2024:04:39:48 +0100] "GET /ticket2/opencms/en/buy/?page=1&edid=09D822F1-AFF1-3A5C-03A3-A849DEABB26B HTTP/1.1" 200 96920
65.108.110.26 - - [03/Nov/2024:04:39:48 +0100] "GET /ticket2/opencms/se/fi/sell/?edid=C2A51360-6A0D-EA25-5FF4-CC9351F00343 HTTP/1.1" 404 -
65.108.110.26 - - [03/Nov/2024:04:39:52 +0100] "GET /ticket2/opencms/se/fi/sell/?edid=F9161CFB-C2C8-9138-261B-AE3FC003292C HTTP/1.1" 404 -
217.113.194.217 - - [03/Nov/2024:04:39:56 +0100] "GET /ticket2/opencms/en/buy/?page=1&edid=070182EB-30EF-F34B-AE41-C4B61E82D2C9 HTTP/1.1" 200 112231
157.90.209.79 - - [03/Nov/2024:04:39:56 +0100] "GET /ticket2/opencms/hr/selling_tickets/ HTTP/1.1" 500 -
65.108.110.26 - - [03/Nov/2024:04:39:57 +0100] "GET /ticket2/opencms/se/fi/sell/?edid=FD98A46A-1DE7-4966-8837-67D03D297A3F HTTP/1.1" 404 -
157.55.39.50 - - [03/Nov/2024:04:39:57 +0100] "GET /ticket2/opencms/fi/urheilu/jalkapallo/bundesliga/ HTTP/1.1" 200 90181
185.191.171.2 - - [03/Nov/2024:04:40:00 +0100] "GET /ticket2/opencms/dk/sport/fodboldbilletter/champions_league/napoli/ HTTP/1.1" 200 79248
65.108.110.26 - - [03/Nov/2024:04:40:01 +0100] "GET /ticket2/opencms/se/fi/sell/?edid=FDE61440-0AFB-C810-FB76-DEDF52CF6305 HTTP/1.1" 404 -
157.90.209.79 - - [03/Nov/2024:04:40:02 +0100] "GET /ticket2/opencms/hr/sport HTTP/1.1" 200 86882
66.249.73.38 - - [03/Nov/2024:04:40:04 +0100] "GET /ticket2/opencms/en/venue/?venueid=B6FFF904-2AA1-1BEB-9F7A-E1A69E4D2AA1 HTTP/1.1" 200 77000
217.113.194.212 - - [03/Nov/2024:04:40:05 +0100] "GET /ticket2/opencms/en/buy/?page=1&edid=2FC0C730-CDF2-92B9-F11A-5B4B69410553 HTTP/1.1" 200 112735
157.90.209.79 - - [03/Nov/2024:04:40:06 +0100] "GET /ticket2/opencms/hr/sport/ HTTP/1.1" 200 86882
65.108.110.26 - - [03/Nov/2024:04:40:06 +0100] "GET /ticket2/opencms/se/fi/sell/?edid=FED98890-38A2-BE27-329F-29074A06DF0E HTTP/1.1" 404 -
38.107.85.137 - - [03/Nov/2024:04:40:08 +0100] "GET /ticket2/opencms/ HTTP/1.1" 302 -
65.108.110.26 - - [03/Nov/2024:04:40:09 +0100] "GET /ticket2/opencms/se/fi/venue/?venueid=0191B6C8-80BD-689A-E6F9-C0943401141D HTTP/1.1" 404 -
38.107.85.137 - - [03/Nov/2024:04:40:10 +0100] "GET /ticket2/opencms/en/ HTTP/1.1" 200 95593
38.107.85.137 - - [03/Nov/2024:04:40:11 +0100] "GET /ticket2/opencms/ HTTP/1.1" 302 -
38.107.85.137 - - [03/Nov/2024:04:40:11 +0100] "GET /ticket2/opencms/en/ HTTP/1.1" 200 95593
65.108.110.26 - - [03/Nov/2024:04:40:12 +0100] "GET /ticket2/opencms/se/fi/venue/?venueid=01A0ADB8-E909-7B52-7382-807C1E2FCC75 HTTP/1.1" 404 -
154.54.249.216 - - [03/Nov/2024:04:40:13 +0100] "GET /ticket2/opencms/en/buy/?page=1&edid=2AC421C6-0DD9-73DD-0C29-416B5CC98DFF HTTP/1.1" 200 99959
157.90.209.79 - - [03/Nov/2024:04:40:13 +0100] "GET /ticket2/opencms/hr/sport/nogometne-ulaznice/ HTTP/1.1" 200 88156
65.108.110.26 - - [03/Nov/2024:04:40:15 +0100] "GET /ticket2/opencms/se/fi/venue/?venueid=01D585F0-8906-9A4C-36CC-65BD1235CC9B HTTP/1.1" 404 -
157.90.209.79 - - [03/Nov/2024:04:40:18 +0100] "GET /ticket2/opencms/hr/sport/nogometne-ulaznice/bundesliga/ HTTP/1.1" 200 81161
65.108.110.26 - - [03/Nov/2024:04:40:18 +0100] "GET /ticket2/opencms/se/fi/venue/?venueid=0244E869-E2F3-A6E3-662F-EE6F7C68AB65 HTTP/1.1" 404 -
65.108.110.26 - - [03/Nov/2024:04:40:21 +0100] "GET /ticket2/opencms/se/fi/venue/?venueid=05361057-EBBB-11B2-D22F-B07AF39AA1F0 HTTP/1.1" 404 -
66.249.73.38 - - [03/Nov/2024:04:40:21 +0100] "GET /ticket2/opencms/en/venue/?venueid=5CD064CB-C924-A9AA-0D43-3118B7F7A349 HTTP/1.1" 200 77039
47.128.119.159 - - [03/Nov/2024:04:40:21 +0100] "GET /ticket2/opencms/sr/buy?edid=06EAB243-46C0-65AE-FF61-8C7D584748E6 HTTP/1.1" 200 81862
217.113.194.213 - - [03/Nov/2024:04:40:22 +0100] "GET /ticket2/opencms/en/buy/?page=1&edid=DCAC7F7B-63BD-4E18-6301-0E66418A9358 HTTP/1.1" 200 96893
157.90.209.79 - - [03/Nov/2024:04:40:22 +0100] "GET /ticket2/opencms/hr/sport/nogometne-ulaznice/bundesliga/augsburg HTTP/1.1" 200 95129
114.119.141.34 - - [03/Nov/2024:04:40:23 +0100] "GET /ticket2/opencms/en/venue/?venueid=5F3FADB8-66EC-9738-DC48-75D75041C425 HTTP/1.1" 200 77042
65.108.110.26 - - [03/Nov/2024:04:40:24 +0100] "GET /ticket2/opencms/se/fi/venue/?venueid=058EF548-7E59-A9A1-FFD1-52D7BA231E9F HTTP/1.1" 404 -
157.90.209.79 - - [03/Nov/2024:04:40:26 +0100] "GET /ticket2/opencms/hr/sport/nogometne-ulaznice/bundesliga/bochum HTTP/1.1" 200 92270
65.108.110.26 - - [03/Nov/2024:04:40:27 +0100] "GET /ticket2/opencms/se/fi/venue/?venueid=08E4EC60-00C9-C497-9F21-DF811FAE4DEC HTTP/1.1" 404 -
65.108.110.26 - - [03/Nov/2024:04:40:30 +0100] "GET /ticket2/opencms/se/fi/venue/?venueid=0B6647D6-AF36-CFCA-FE75-9D696BBAFD20 HTTP/1.1" 404 -
217.113.194.214 - - [03/Nov/2024:04:40:30 +0100] "GET /ticket2/opencms/en/buy/?page=1&edid=C4141B0C-454E-2CA8-556F-909E6DA54D22 HTTP/1.1" 200 123035
119.13.101.48 - - [03/Nov/2024:04:40:32 +0100] "GET /ticket2/opencms/hu/ask-form.html HTTP/1.1" 200 3156
157.90.209.79 - - [03/Nov/2024:04:40:33 +0100] "GET /ticket2/opencms/hr/sport/nogometne-ulaznice/bundesliga/darmstadt HTTP/1.1" 200 88205
