81.167.26.57 - - [03/Nov/2024:04:54:54 +0100] "GET /ticket2/opencms/dk/nl/buy/?page=1&edid=DF8D3220-6BB8-8F87-FA6F-93027F212888&sortorder=asc&column=price HTTP/1.1" 404 -
65.108.110.26 - - [03/Nov/2024:04:54:55 +0100] "GET /ticket2/opencms/se/nl/buy/?page=1&edid=DEF18BF7-D4D8-7C12-E3C4-285BA6D3CB97&sortorder=asc&column=price HTTP/1.1" 404 -
81.167.26.57 - - [03/Nov/2024:04:54:57 +0100] "GET /ticket2/opencms/dk/nl/buy/?page=1&edid=DF8D3220-6BB8-8F87-FA6F-93027F212888&sortorder=asc&column=row HTTP/1.1" 404 -
81.167.26.57 - - [03/Nov/2024:04:55:00 +0100] "GET /ticket2/opencms/dk/nl/buy/?page=1&edid=E04EA37D-AE6B-863F-8A29-2B7C165C0B9C&sortorder=desc&column=row HTTP/1.1" 404 -
81.167.26.57 - - [03/Nov/2024:04:55:03 +0100] "GET /ticket2/opencms/dk/nl/buy/?page=1&edid=E06EFED9-CC5A-5F98-262D-6C2F7A4149DA HTTP/1.1" 404 -
85.208.96.194 - - [03/Nov/2024:04:55:05 +0100] "GET /ticket2/opencms/nl/sport/voetbal-tickets/serie_a/empoli/ HTTP/1.1" 200 78369
81.167.26.57 - - [03/Nov/2024:04:55:06 +0100] "GET /ticket2/opencms/dk/nl/buy/?page=1&edid=E0DC8306-D909-6272-377C-82F59F1A276F&sortorder=asc&column=row HTTP/1.1" 404 -
81.167.26.57 - - [03/Nov/2024:04:55:09 +0100] "GET /ticket2/opencms/dk/nl/buy/?page=1&edid=E0DC8306-D909-6272-377C-82F59F1A276F&sortorder=asc&column=section HTTP/1.1" 404 -
81.167.26.57 - - [03/Nov/2024:04:55:12 +0100] "GET /ticket2/opencms/dk/nl/buy/?page=1&edid=E0E4CC6D-24E3-040F-1B69-4E1F3E08A0A3&sortorder=asc&column=price HTTP/1.1" 404 -
81.167.26.57 - - [03/Nov/2024:04:55:15 +0100] "GET /ticket2/opencms/dk/nl/buy/?page=1&edid=E0E4CC6D-24E3-040F-1B69-4E1F3E08A0A3&sortorder=asc&column=section HTTP/1.1" 404 -
81.167.26.57 - - [03/Nov/2024:04:55:19 +0100] "GET /ticket2/opencms/dk/nl/buy/?page=1&edid=E0FF39C3-181C-EDEC-0EFB-D8D41D058E59 HTTP/1.1" 404 -
185.191.171.2 - - [03/Nov/2024:04:55:19 +0100] "GET /ticket2/opencms/nl/sport/voetbal-tickets/bundesliga/ HTTP/1.1" 200 82828
85.208.96.195 - - [03/Nov/2024:04:55:20 +0100] "GET /ticket2/opencms/sv/sport/fotbollsbiljetter/uefa-champions-league/ HTTP/1.1" 200 85490
81.167.26.57 - - [03/Nov/2024:04:55:22 +0100] "GET /ticket2/opencms/dk/nl/buy/?page=1&edid=E136A596-08BB-ED9B-BE12-292835575E6C HTTP/1.1" 404 -
114.119.150.22 - - [03/Nov/2024:04:55:22 +0100] "GET /ticket2/opencms/en/venue/?venueid=145405E9-8D90-931A-2006-E498723CA09B HTTP/1.1" 200 76989
81.167.26.57 - - [03/Nov/2024:04:55:25 +0100] "GET /ticket2/opencms/dk/nl/buy/?page=1&edid=E136A596-08BB-ED9B-BE12-292835575E6C&sortorder=desc&column=price HTTP/1.1" 404 -
81.167.26.57 - - [03/Nov/2024:04:55:28 +0100] "GET /ticket2/opencms/dk/nl/buy/?page=1&edid=E136A596-08BB-ED9B-BE12-292835575E6C&sortorder=desc&column=row HTTP/1.1" 404 -
81.167.26.57 - - [03/Nov/2024:04:55:31 +0100] "GET /ticket2/opencms/dk/nl/buy/?page=1&edid=E169F5DB-C811-39FE-D2C1-0C94563BAA9E&sortorder=asc&column=section HTTP/1.1" 404 -
54.36.148.54 - - [03/Nov/2024:04:55:32 +0100] "GET /ticket2/opencms/en/buy?page=1&edid=0F9D6B87-FBA2-98F6-6A11-CBBA4D2A86C1 HTTP/1.1" 200 131084
81.167.26.57 - - [03/Nov/2024:04:55:34 +0100] "GET /ticket2/opencms/dk/nl/buy/?page=1&edid=E1FC6F96-DADD-1E67-9966-A5FADC6CF01F&sortorder=desc&column=section HTTP/1.1" 404 -
81.167.26.57 - - [03/Nov/2024:04:55:37 +0100] "GET /ticket2/opencms/dk/nl/buy/?page=1&edid=E248EF6A-8342-3B78-4B0A-536EC18AFDB8 HTTP/1.1" 404 -
47.128.51.196 - - [03/Nov/2024:04:55:37 +0100] "GET /ticket2/opencms/mt/?catid=3A56B1C2-6FFB-C8D1-B229-B3914D5FF8DF&comcatid=0A6B8208-FDA4-E929-9D72-5312FD481B76&page=6 HTTP/1.1" 200 97007
81.167.26.57 - - [03/Nov/2024:04:55:40 +0100] "GET /ticket2/opencms/dk/nl/buy/?page=1&edid=E37D9788-59C6-DADE-FC63-F7F06CE589EF&sortorder=desc&column=section HTTP/1.1" 404 -
81.167.26.57 - - [03/Nov/2024:04:55:43 +0100] "GET /ticket2/opencms/dk/nl/buy/?page=1&edid=E3B2F60A-2665-8DC5-C81D-1DCD1F82978A&sortorder=asc&column=section HTTP/1.1" 404 -
85.208.96.201 - - [03/Nov/2024:04:55:43 +0100] "GET /ticket2/opencms/nl/sport/voetbal-tickets/bundesliga/hoffenheim/ HTTP/1.1" 200 85409
54.36.149.38 - - [03/Nov/2024:04:55:45 +0100] "GET /ticket2/opencms/de/magazine/article?title=uber-arsenal-fc HTTP/1.1" 200 81968
81.167.26.57 - - [03/Nov/2024:04:55:46 +0100] "GET /ticket2/opencms/dk/nl/buy/?page=1&edid=E462A33E-CFF3-5A74-C9A7-96B6A6F1D497 HTTP/1.1" 404 -
81.167.26.57 - - [03/Nov/2024:04:55:49 +0100] "GET /ticket2/opencms/dk/nl/buy/?page=1&edid=E469B9C9-243B-1B75-04D1-50A5987FFFC3 HTTP/1.1" 404 -
81.167.26.57 - - [03/Nov/2024:04:55:52 +0100] "GET /ticket2/opencms/dk/nl/buy/?page=1&edid=E4909145-00FF-6001-90F1-1FF62B4EBAA6&sortorder=asc&column=price HTTP/1.1" 404 -
81.167.26.57 - - [03/Nov/2024:04:55:55 +0100] "GET /ticket2/opencms/dk/nl/buy/?page=1&edid=E4D70CB8-6D89-F890-43F5-E8D14DCE566A HTTP/1.1" 404 -
81.167.26.57 - - [03/Nov/2024:04:55:58 +0100] "GET /ticket2/opencms/dk/nl/buy/?page=1&edid=E5D1B5BB-FD1E-00B5-33D3-0488A6B94D06 HTTP/1.1" 404 -
185.191.171.19 - - [03/Nov/2024:04:55:59 +0100] "GET /ticket2/opencms/mt/buying_tickets/ HTTP/1.1" 200 80651
217.113.194.220 - - [03/Nov/2024:04:56:01 +0100] "GET /ticket2/opencms/de/buy/?page=1&edid=E4669A58-D392-0EC8-F9B7-256D36456739 HTTP/1.1" 200 98149
81.167.26.57 - - [03/Nov/2024:04:56:01 +0100] "GET /ticket2/opencms/dk/nl/buy/?page=1&edid=E5FED392-020A-985B-B239-5718E7B50D63 HTTP/1.1" 404 -
66.249.73.39 - - [03/Nov/2024:04:56:04 +0100] "GET /ticket2/opencms/en/venue/?venueid=A10EDB7A-AE65-48DB-7BBA-11F942FFE69D HTTP/1.1" 200 76992
81.167.26.57 - - [03/Nov/2024:04:56:04 +0100] "GET /ticket2/opencms/dk/nl/buy/?page=1&edid=E60046C5-01D5-A277-69B4-5749B27E17F5&sortorder=asc&column=price HTTP/1.1" 404 -
81.167.26.57 - - [03/Nov/2024:04:56:07 +0100] "GET /ticket2/opencms/dk/nl/buy/?page=1&edid=E60046C5-01D5-A277-69B4-5749B27E17F5&sortorder=asc&column=row HTTP/1.1" 404 -
217.113.194.215 - - [03/Nov/2024:04:56:09 +0100] "GET /ticket2/opencms/de/buy/?page=1&edid=D5607A12-0D2A-220B-7825-3437A34BC772 HTTP/1.1" 200 100398
81.167.26.57 - - [03/Nov/2024:04:56:10 +0100] "GET /ticket2/opencms/dk/nl/buy/?page=1&edid=E60046C5-01D5-A277-69B4-5749B27E17F5&sortorder=asc&column=section HTTP/1.1" 404 -
81.167.26.57 - - [03/Nov/2024:04:56:13 +0100] "GET /ticket2/opencms/dk/nl/buy/?page=1&edid=E61B3D3B-0D83-E96C-2DE4-851DA573A893 HTTP/1.1" 404 -
37.123.143.11 - - [03/Nov/2024:04:56:15 +0100] "GET /ticket2/opencms/system/workplace/views/top_foot.jsp?wpFrame=foot HTTP/1.1" 200 1210
37.123.143.11 - - [03/Nov/2024:04:56:15 +0100] "GET /ticket2/opencms/system/workplace/commons/style/workplace.css HTTP/1.1" 200 14209
81.167.26.57 - - [03/Nov/2024:04:56:16 +0100] "GET /ticket2/opencms/dk/nl/buy/?page=1&edid=E65ABD81-C4B0-FD4D-A6BF-45A9A7347F75&sortorder=asc&column=row HTTP/1.1" 404 -
217.113.194.217 - - [03/Nov/2024:04:56:17 +0100] "GET /ticket2/opencms/de/buy/?page=1&edid=B76AA14A-A9BE-C817-C615-7D02C02EB692 HTTP/1.1" 200 100592
85.208.96.196 - - [03/Nov/2024:04:56:17 +0100] "GET /ticket2/opencms/fi/urheilu/jalkapallo/bundesliga/frankfurt/ HTTP/1.1" 200 94080
114.119.130.23 - - [03/Nov/2024:04:56:18 +0100] "GET /ticket2/opencms/en/venue/?venueid=40ADA438-5D69-32FD-AA2D-421A8A0BD7EA HTTP/1.1" 200 76997
81.167.26.57 - - [03/Nov/2024:04:56:19 +0100] "GET /ticket2/opencms/dk/nl/buy/?page=1&edid=E67DD6CD-AF7F-D6DE-87EF-529B2AEFCE16&sortorder=asc&column=section HTTP/1.1" 404 -
20.223.99.98 - - [03/Nov/2024:04:56:22 +0100] "HEAD /ticket2/opencms/en/ HTTP/1.1" 200 -
81.167.26.57 - - [03/Nov/2024:04:56:22 +0100] "GET /ticket2/opencms/dk/nl/buy/?page=1&edid=E735E944-5AAE-BA7A-ED2E-E44FC3522855&sortorder=asc&column=row HTTP/1.1" 404 -
81.167.26.57 - - [03/Nov/2024:04:56:25 +0100] "GET /ticket2/opencms/dk/nl/buy/?page=1&edid=E735E944-5AAE-BA7A-ED2E-E44FC3522855&sortorder=asc&column=section HTTP/1.1" 404 -
217.113.194.218 - - [03/Nov/2024:04:56:26 +0100] "GET /ticket2/opencms/de/buy/?page=1&edid=D96122AD-C3AA-80F5-DDA8-935E03AE952D HTTP/1.1" 200 124252
81.167.26.57 - - [03/Nov/2024:04:56:28 +0100] "GET /ticket2/opencms/dk/nl/buy/?page=1&edid=E83099B1-485E-5C84-84B0-FD9FB227033F&sortorder=asc&column=price HTTP/1.1" 404 -
81.167.26.57 - - [03/Nov/2024:04:56:31 +0100] "GET /ticket2/opencms/dk/nl/buy/?page=1&edid=E853AF69-7FDD-CE56-5F13-6AFBCC4C8F04&sortorder=desc&column=row HTTP/1.1" 404 -
114.119.136.146 - - [03/Nov/2024:04:56:33 +0100] "GET /ticket2/opencms/en/venue/?countryid=BCA33F4B-7509-BC45-DAD2-4CA6BF14FC82 HTTP/1.1" 200 107517
75.80.210.2 - - [03/Nov/2024:04:56:33 +0100] "GET /ticket2/opencms/de/sport/fussball-tickets/premier_league/arsenal/?wbraid=CkAKCAjwm5e5BhBREjAACKk7F8M34OA96-z-TfdZlwmdDw5MaA5zi5IPoAi8Rkh_0-68zsUiZkj4cUMjZRUaAg2J HTTP/1.1" 200 97071
81.167.26.57 - - [03/Nov/2024:04:56:34 +0100] "GET /ticket2/opencms/dk/nl/buy/?page=1&edid=E92648E1-06E0-D220-8E00-01151C898660 HTTP/1.1" 404 -
217.113.194.212 - - [03/Nov/2024:04:56:35 +0100] "GET /ticket2/opencms/de/buy/?page=1&edid=DD282B35-B6B7-ECA0-02E0-90864F5E2B50 HTTP/1.1" 200 100806
75.80.210.2 - - [03/Nov/2024:04:56:35 +0100] "GET /ticket2/opencms/system/modules/com.gridnine.opencms.ticketbrokerage.site/resources/css/images/ui-bg_flat_75_ffffff_40x100.png HTTP/1.1" 404 -
81.167.26.57 - - [03/Nov/2024:04:56:37 +0100] "GET /ticket2/opencms/dk/nl/buy/?page=1&edid=E92648E1-06E0-D220-8E00-01151C898660&sortorder=asc&column=price HTTP/1.1" 404 -
81.167.26.57 - - [03/Nov/2024:04:56:40 +0100] "GET /ticket2/opencms/dk/nl/buy/?page=1&edid=E92648E1-06E0-D220-8E00-01151C898660&sortorder=asc&column=row HTTP/1.1" 404 -
47.128.99.225 - - [03/Nov/2024:04:56:43 +0100] "GET /ticket2/opencms/sv/magazine/article?title=burnley-fc HTTP/1.1" 200 80323
81.167.26.57 - - [03/Nov/2024:04:56:43 +0100] "GET /ticket2/opencms/dk/nl/buy/?page=1&edid=E92648E1-06E0-D220-8E00-01151C898660&sortorder=asc&column=section HTTP/1.1" 404 -
217.113.194.217 - - [03/Nov/2024:04:56:43 +0100] "GET /ticket2/opencms/de/buy/?page=1&edid=49490FE3-CDFC-3A61-01C2-2A186AA3DA63 HTTP/1.1" 200 100371
81.167.26.57 - - [03/Nov/2024:04:56:46 +0100] "GET /ticket2/opencms/dk/nl/buy/?page=1&edid=E927BEFD-9C6C-9D6C-18AA-81A3176DBF51 HTTP/1.1" 404 -
47.128.99.225 - - [03/Nov/2024:04:56:47 +0100] "GET /ticket2/opencms/img/IMG_9992.jpeg HTTP/1.1" 200 4686497
81.167.26.57 - - [03/Nov/2024:04:56:49 +0100] "GET /ticket2/opencms/dk/nl/buy/?page=1&edid=E927BEFD-9C6C-9D6C-18AA-81A3176DBF51&sortorder=asc&column=row HTTP/1.1" 404 -
217.113.194.216 - - [03/Nov/2024:04:56:52 +0100] "GET /ticket2/opencms/de/buy/?page=1&edid=1C4D0063-1C0C-2AAD-17F9-0EF25E36554C HTTP/1.1" 200 101437
81.167.26.57 - - [03/Nov/2024:04:56:52 +0100] "GET /ticket2/opencms/dk/nl/buy/?page=1&edid=E927BEFD-9C6C-9D6C-18AA-81A3176DBF51&sortorder=asc&column=section HTTP/1.1" 404 -
81.167.26.57 - - [03/Nov/2024:04:56:55 +0100] "GET /ticket2/opencms/dk/nl/buy/?page=1&edid=EA0BB108-1C0E-CBF5-8F96-A048E809CFD0 HTTP/1.1" 404 -
81.167.26.57 - - [03/Nov/2024:04:56:58 +0100] "GET /ticket2/opencms/dk/nl/buy/?page=1&edid=EB9B2650-FD8D-90CB-E889-0D0B52112AB1 HTTP/1.1" 404 -
47.128.97.14 - - [03/Nov/2024:04:56:58 +0100] "GET /ticket2/opencms/mt/buy/?edid=8DA9D1EA-2F7E-8136-071B-749FF836435A HTTP/1.1" 200 81495
217.113.194.214 - - [03/Nov/2024:04:57:00 +0100] "GET /ticket2/opencms/de/buy/?page=1&edid=086BA2B6-5EB1-8C88-E566-0CC26434281F HTTP/1.1" 200 101440
81.167.26.57 - - [03/Nov/2024:04:57:01 +0100] "GET /ticket2/opencms/dk/nl/buy/?page=1&edid=EC21F052-00BC-07D6-2A31-7F40587DDAFC HTTP/1.1" 404 -
47.128.63.220 - - [03/Nov/2024:04:57:03 +0100] "GET /ticket2/opencms/sr/buy/?edid=07DEB2A3-DF25-51E6-57DE-19F2D68F0F1B HTTP/1.1" 200 81862
81.167.26.57 - - [03/Nov/2024:04:57:04 +0100] "GET /ticket2/opencms/dk/nl/buy/?page=1&edid=EC40BF80-F7FC-3506-8E81-D12F1DBA4B04&sortorder=asc&column=section HTTP/1.1" 404 -
81.167.26.57 - - [03/Nov/2024:04:57:07 +0100] "GET /ticket2/opencms/dk/nl/buy/?page=1&edid=EC417F9B-DD7F-7773-590C-8D387053773F HTTP/1.1" 404 -
217.113.194.220 - - [03/Nov/2024:04:57:09 +0100] "GET /ticket2/opencms/de/buy/?page=1&edid=09B5FA87-5074-B88F-094F-686401BC2AC6 HTTP/1.1" 200 98149
185.191.171.9 - - [03/Nov/2024:04:57:09 +0100] "GET /ticket2/opencms/fi/ HTTP/1.1" 200 97182
81.167.26.57 - - [03/Nov/2024:04:57:10 +0100] "GET /ticket2/opencms/dk/nl/buy/?page=1&edid=EC74E210-A5EE-51AE-1B8A-E040E50F22D8&sortorder=asc&column=row HTTP/1.1" 404 -
81.167.26.57 - - [03/Nov/2024:04:57:13 +0100] "GET /ticket2/opencms/dk/nl/buy/?page=1&edid=ECBF8A64-028A-46C5-35AE-D882F8617E2A HTTP/1.1" 404 -
81.167.26.57 - - [03/Nov/2024:04:57:16 +0100] "GET /ticket2/opencms/dk/nl/buy/?page=1&edid=ECCFCD56-CDE6-D952-3D65-E04329E8C64B HTTP/1.1" 404 -
217.113.194.213 - - [03/Nov/2024:04:57:17 +0100] "GET /ticket2/opencms/no/buy?page=1&edid=3ED65AD6-1279-C02D-A742-75E583A6E3FA HTTP/1.1" 200 101390
185.191.171.5 - - [03/Nov/2024:04:57:18 +0100] "GET /ticket2/opencms/nl/sport/voetbal-tickets/la_liga/atletico-madrid/ HTTP/1.1" 200 86317
81.167.26.57 - - [03/Nov/2024:04:57:19 +0100] "GET /ticket2/opencms/dk/nl/buy/?page=1&edid=ED0B0AFE-E29E-359A-1516-7F5D86EFE840 HTTP/1.1" 404 -
81.167.26.57 - - [03/Nov/2024:04:57:22 +0100] "GET /ticket2/opencms/dk/nl/buy/?page=1&edid=ED81349D-86B2-C0F6-EF58-DEEDD0455CAC&sortorder=desc&column=section HTTP/1.1" 404 -
81.167.26.57 - - [03/Nov/2024:04:57:25 +0100] "GET /ticket2/opencms/dk/nl/buy/?page=1&edid=EDECF326-D7E7-9E21-07B7-2D6C81741ACC HTTP/1.1" 404 -
217.113.194.215 - - [03/Nov/2024:04:57:26 +0100] "GET /ticket2/opencms/no/buy?page=1&edid=B5C7399B-C087-FF38-4294-BB861C1DB4F9 HTTP/1.1" 200 124737
81.167.26.57 - - [03/Nov/2024:04:57:28 +0100] "GET /ticket2/opencms/dk/nl/buy/?page=1&edid=EDECF326-D7E7-9E21-07B7-2D6C81741ACC&sortorder=desc&column=row HTTP/1.1" 404 -
81.167.26.57 - - [03/Nov/2024:04:57:31 +0100] "GET /ticket2/opencms/dk/nl/buy/?page=1&edid=EDECF326-D7E7-9E21-07B7-2D6C81741ACC&sortorder=desc&column=section HTTP/1.1" 404 -
81.167.26.57 - - [03/Nov/2024:04:57:34 +0100] "GET /ticket2/opencms/dk/nl/buy/?page=1&edid=EE100356-73D8-2A77-06DC-261D059AD495&sortorder=asc&column=price HTTP/1.1" 404 -
47.128.51.215 - - [03/Nov/2024:04:57:35 +0100] "GET /ticket2/opencms/nl/sport/voetbal-tickets/bundesliga/union_berlin/ HTTP/1.1" 200 86307
217.113.194.212 - - [03/Nov/2024:04:57:35 +0100] "GET /ticket2/opencms/no/buy?page=1&edid=DD14CC82-883B-BD06-4306-EBD494AA1804 HTTP/1.1" 200 125666
81.167.26.57 - - [03/Nov/2024:04:57:37 +0100] "GET /ticket2/opencms/dk/nl/buy/?page=1&edid=EE100356-73D8-2A77-06DC-261D059AD495&sortorder=asc&column=section HTTP/1.1" 404 -
81.167.26.57 - - [03/Nov/2024:04:57:40 +0100] "GET /ticket2/opencms/dk/nl/buy/?page=1&edid=EE24B254-1FB8-6601-5783-BFE404E37C0C HTTP/1.1" 404 -
81.167.26.57 - - [03/Nov/2024:04:57:43 +0100] "GET /ticket2/opencms/dk/nl/buy/?page=1&edid=EEBEB1B7-124E-0978-2C17-3654DF15A113&sortorder=asc&column=row HTTP/1.1" 404 -
217.113.194.219 - - [03/Nov/2024:04:57:43 +0100] "GET /ticket2/opencms/no/buy?page=1&edid=BA98F497-79D9-0BA1-3E19-B45BB0763E07 HTTP/1.1" 200 101929
185.191.171.17 - - [03/Nov/2024:04:57:45 +0100] "GET /ticket2/opencms/de/sport/fussball-tickets/premier_league/nottingham-forest/ HTTP/1.1" 200 87461
147.161.137.99 - - [03/Nov/2024:04:57:46 +0100] "GET /ticket2/opencms/set_aff_cookie.jsp?partner=53673ED6-1455-FA54-818F-B1F67121E37C&url=/de/buy/index.html%3Fpage%3D1%26edid%3DB089B4B8-933D-AB70-BE65-2A133877E5AC%26hlv%3D66d08f1a-b4b4-4d94-a76d-46b40a01000f%23v_799778935 HTTP/1.1" 200 225
81.167.26.57 - - [03/Nov/2024:04:57:46 +0100] "GET /ticket2/opencms/dk/nl/buy/?page=1&edid=EF26FDDE-8C99-4747-2A55-F2DBC8C242A7&sortorder=desc&column=section HTTP/1.1" 404 -
147.161.137.99 - - [03/Nov/2024:04:57:47 +0100] "GET /ticket2/opencms/de/buy/?page=1&edid=B089B4B8-933D-AB70-BE65-2A133877E5AC&hlv=66d08f1a-b4b4-4d94-a76d-46b40a01000f HTTP/1.1" 200 127497
147.161.137.99 - - [03/Nov/2024:04:57:47 +0100] "GET /ticket2/opencms/system/modules/com.gridnine.opencms.ticketbrokerage.site/resources/css/ticketbrokerage.css HTTP/1.1" 200 39339
147.161.137.99 - - [03/Nov/2024:04:57:47 +0100] "GET /ticket2/opencms/system/modules/com.gridnine.opencms.ticketbrokerage.site/resources/css/calendar.css HTTP/1.1" 200 6871
147.161.137.99 - - [03/Nov/2024:04:57:47 +0100] "GET /ticket2/opencms/system/modules/com.gridnine.opencms.ticketbrokerage.site/resources/css/jquery-ui.css HTTP/1.1" 200 33221
147.161.137.99 - - [03/Nov/2024:04:57:47 +0100] "GET /ticket2/opencms/system/modules/com.gridnine.opencms.ticketbrokerage.site/resources/css/standard.css HTTP/1.1" 200 73073
147.161.137.99 - - [03/Nov/2024:04:57:47 +0100] "GET /ticket2/opencms/system/modules/com.gridnine.opencms.ticketbrokerage.site/resources/css/jquery.fancybox.css HTTP/1.1" 200 4939
147.161.137.99 - - [03/Nov/2024:04:57:47 +0100] "GET /ticket2/opencms/system/modules/com.gridnine.opencms.ticketbrokerage.site/resources/js/jquery/jquery-ui.js HTTP/1.1" 200 228088
147.161.137.99 - - [03/Nov/2024:04:57:47 +0100] "GET /ticket2/opencms/system/modules/com.gridnine.opencms.ticketbrokerage.site/resources/js/calendar-en.js HTTP/1.1" 200 3338
147.161.137.99 - - [03/Nov/2024:04:57:47 +0100] "GET /ticket2/opencms/system/modules/com.gridnine.opencms.ticketbrokerage.site/resources/js/jquery.fancybox.pack.js HTTP/1.1" 200 23187
147.161.137.99 - - [03/Nov/2024:04:57:47 +0100] "GET /ticket2/opencms/system/modules/com.gridnine.opencms.ticketbrokerage.site/resources/js/functions.js HTTP/1.1" 200 1583
147.161.137.99 - - [03/Nov/2024:04:57:47 +0100] "GET /ticket2/opencms/system/modules/com.gridnine.opencms.ticketbrokerage.site/resources/js/jquery/jquery.js HTTP/1.1" 200 93868
147.161.137.99 - - [03/Nov/2024:04:57:47 +0100] "GET /ticket2/opencms/system/modules/com.gridnine.opencms.ticketbrokerage.site/resources/js/calendar.js HTTP/1.1" 200 49229
147.161.137.99 - - [03/Nov/2024:04:57:48 +0100] "GET /ticket2/opencms/system/modules/com.gridnine.opencms.ticketbrokerage.site/resources/js/calendar-setup.js HTTP/1.1" 200 4923
147.161.137.99 - - [03/Nov/2024:04:57:48 +0100] "GET /ticket2/opencms/system/modules/com.gridnine.opencms.ticketbrokerage.site/resources/js/stickyfill.min.js HTTP/1.1" 200 5672
147.161.137.99 - - [03/Nov/2024:04:57:48 +0100] "GET /ticket2/opencms/img/icons/en.png HTTP/1.1" 200 2415
147.161.137.99 - - [03/Nov/2024:04:57:48 +0100] "GET /ticket2/opencms/img/icons/fi.png HTTP/1.1" 200 1785
147.161.137.99 - - [03/Nov/2024:04:57:48 +0100] "GET /ticket2/opencms/img/icons/se.png HTTP/1.1" 200 1258
147.161.137.99 - - [03/Nov/2024:04:57:48 +0100] "GET /ticket2/opencms/system/modules/com.gridnine.opencms.ticketbrokerage.site/resources/js/jquery.placeholder.min.js HTTP/1.1" 200 1737
147.161.137.99 - - [03/Nov/2024:04:57:48 +0100] "GET /ticket2/opencms/system/modules/com.gridnine.opencms.ticketbrokerage.site/resources/js/common-ajax.js HTTP/1.1" 200 20175
147.161.137.99 - - [03/Nov/2024:04:57:48 +0100] "GET /ticket2/opencms/system/modules/com.gridnine.opencms.ticketbrokerage.site/resources/js/standard.js HTTP/1.1" 200 3978
147.161.137.99 - - [03/Nov/2024:04:57:48 +0100] "GET /ticket2/opencms/img/fb.png HTTP/1.1" 200 1269
147.161.137.99 - - [03/Nov/2024:04:57:48 +0100] "GET /ticket2/opencms/img/insta.png HTTP/1.1" 200 3967
147.161.137.99 - - [03/Nov/2024:04:57:48 +0100] "GET /ticket2/opencms/system/modules/com.gridnine.opencms.ticketbrokerage.site/resources/pics/logo-new.png HTTP/1.1" 200 13541
147.161.137.99 - - [03/Nov/2024:04:57:48 +0100] "GET /ticket2/opencms/system/modules/com.gridnine.opencms.ticketbrokerage.site/resources/pics/0.gif HTTP/1.1" 200 43
147.161.137.99 - - [03/Nov/2024:04:57:48 +0100] "GET /ticket2/opencms/venue/stamford_bridge.png HTTP/1.1" 200 51972
147.161.137.99 - - [03/Nov/2024:04:57:48 +0100] "GET /ticket2/opencms/system/modules/com.gridnine.opencms.ticketbrokerage.site/resources/pics/two_man.png HTTP/1.1" 200 3407
147.161.137.99 - - [03/Nov/2024:04:57:48 +0100] "GET /ticket2/opencms/system/modules/com.gridnine.opencms.ticketbrokerage.site/resources/pics/ticket_info_button.png HTTP/1.1" 200 3820
147.161.137.99 - - [03/Nov/2024:04:57:48 +0100] "GET /ticket2/opencms/system/modules/com.gridnine.opencms.ticketbrokerage.site/resources/pics/footer-img.jpg HTTP/1.1" 200 67642
147.161.137.99 - - [03/Nov/2024:04:57:48 +0100] "GET /ticket2/opencms/img/check.png HTTP/1.1" 200 548
147.161.137.99 - - [03/Nov/2024:04:57:48 +0100] "GET /ticket2/opencms/img/mail.png HTTP/1.1" 200 403
147.161.137.99 - - [03/Nov/2024:04:57:48 +0100] "GET /ticket2/opencms/img/chat.png HTTP/1.1" 200 416
147.161.137.99 - - [03/Nov/2024:04:57:48 +0100] "GET /ticket2/opencms/img/arrow.png HTTP/1.1" 200 753
147.161.137.99 - - [03/Nov/2024:04:57:48 +0100] "GET /ticket2/opencms/img/arrow-down.png HTTP/1.1" 200 192
147.161.137.99 - - [03/Nov/2024:04:57:48 +0100] "GET /ticket2/opencms/de/ask-form.html HTTP/1.1" 200 3156
147.161.137.99 - - [03/Nov/2024:04:57:48 +0100] "GET /ticket2/opencms/img/icons/globe-white.png HTTP/1.1" 200 947
147.161.137.99 - - [03/Nov/2024:04:57:48 +0100] "GET /ticket2/opencms/system/modules/com.gridnine.opencms.ticketbrokerage.site/resources/pics/arrow.gif HTTP/1.1" 200 344
147.161.137.99 - - [03/Nov/2024:04:57:48 +0100] "GET /ticket2/opencms/system/modules/com.gridnine.opencms.ticketbrokerage.site/resources/css/ticketbrokerage.css HTTP/1.1" 200 39339
147.161.137.99 - - [03/Nov/2024:04:57:49 +0100] "GET /ticket2/opencms/img/icons/dk.png HTTP/1.1" 200 1706
147.161.137.99 - - [03/Nov/2024:04:57:49 +0100] "GET /ticket2/opencms/img/icons/no.png HTTP/1.1" 200 1958
147.161.137.99 - - [03/Nov/2024:04:57:49 +0100] "GET /ticket2/opencms/img/icons/es.png HTTP/1.1" 200 1005
147.161.137.99 - - [03/Nov/2024:04:57:49 +0100] "GET /ticket2/opencms/img/icons/it.png HTTP/1.1" 200 2040
147.161.137.99 - - [03/Nov/2024:04:57:49 +0100] "GET /ticket2/opencms/img/icons/nl.png HTTP/1.1" 200 1255
147.161.137.99 - - [03/Nov/2024:04:57:49 +0100] "GET /ticket2/opencms/img/icons/fr.png HTTP/1.1" 200 1764
147.161.137.99 - - [03/Nov/2024:04:57:49 +0100] "GET /ticket2/opencms/img/icons/sq.png HTTP/1.1" 200 1619
147.161.137.99 - - [03/Nov/2024:04:57:49 +0100] "GET /ticket2/opencms/img/icons/pl.png HTTP/1.1" 200 1578
147.161.137.99 - - [03/Nov/2024:04:57:49 +0100] "GET /ticket2/opencms/img/icons/hy.png HTTP/1.1" 200 1170
147.161.137.99 - - [03/Nov/2024:04:57:49 +0100] "GET /ticket2/opencms/img/icons/bs.png HTTP/1.1" 200 1014
147.161.137.99 - - [03/Nov/2024:04:57:49 +0100] "GET /ticket2/opencms/img/icons/be.png HTTP/1.1" 200 1663
147.161.137.99 - - [03/Nov/2024:04:57:49 +0100] "GET /ticket2/opencms/img/icons/az.png HTTP/1.1" 200 1445
147.161.137.99 - - [03/Nov/2024:04:57:49 +0100] "GET /ticket2/opencms/img/icons/cs.png HTTP/1.1" 200 1883
147.161.137.99 - - [03/Nov/2024:04:57:49 +0100] "GET /ticket2/opencms/img/icons/bg.png HTTP/1.1" 200 788
147.161.137.99 - - [03/Nov/2024:04:57:49 +0100] "GET /ticket2/opencms/img/icons/hr.png HTTP/1.1" 200 2024
147.161.137.99 - - [03/Nov/2024:04:57:49 +0100] "GET /ticket2/opencms/img/icons/el.png HTTP/1.1" 200 1637
147.161.137.99 - - [03/Nov/2024:04:57:49 +0100] "GET /ticket2/opencms/img/icons/et.png HTTP/1.1" 200 754
147.161.137.99 - - [03/Nov/2024:04:57:49 +0100] "GET /ticket2/opencms/img/icons/hu.png HTTP/1.1" 200 733
147.161.137.99 - - [03/Nov/2024:04:57:49 +0100] "GET /ticket2/opencms/img/icons/is.png HTTP/1.1" 200 1884
147.161.137.99 - - [03/Nov/2024:04:57:49 +0100] "GET /ticket2/opencms/img/icons/ka.png HTTP/1.1" 200 860
147.161.137.99 - - [03/Nov/2024:04:57:49 +0100] "GET /ticket2/opencms/img/icons/ga.png HTTP/1.1" 200 1759
147.161.137.99 - - [03/Nov/2024:04:57:49 +0100] "GET /ticket2/opencms/img/icons/lt.png HTTP/1.1" 200 733
147.161.137.99 - - [03/Nov/2024:04:57:49 +0100] "GET /ticket2/opencms/img/icons/lv.png HTTP/1.1" 200 716
81.167.26.57 - - [03/Nov/2024:04:57:49 +0100] "GET /ticket2/opencms/dk/nl/buy/?page=1&edid=F02C7F98-D962-4F16-67CC-B88BF13049A1 HTTP/1.1" 404 -
147.161.137.99 - - [03/Nov/2024:04:57:49 +0100] "GET /ticket2/opencms/img/icons/mk.png HTTP/1.1" 200 1405
147.161.137.99 - - [03/Nov/2024:04:57:49 +0100] "GET /ticket2/opencms/img/icons/mt.png HTTP/1.1" 200 920
147.161.137.99 - - [03/Nov/2024:04:57:49 +0100] "GET /ticket2/opencms/img/icons/mo.png HTTP/1.1" 200 1468
147.161.137.99 - - [03/Nov/2024:04:57:49 +0100] "GET /ticket2/opencms/img/icons/ro.png HTTP/1.1" 200 1393
147.161.137.99 - - [03/Nov/2024:04:57:49 +0100] "GET /ticket2/opencms/img/icons/sr.png HTTP/1.1" 200 1602
147.161.137.99 - - [03/Nov/2024:04:57:49 +0100] "GET /ticket2/opencms/img/icons/sk.png HTTP/1.1" 200 1283
147.161.137.99 - - [03/Nov/2024:04:57:49 +0100] "GET /ticket2/opencms/img/icons/uk.png HTTP/1.1" 200 1272
147.161.137.99 - - [03/Nov/2024:04:57:49 +0100] "GET /ticket2/opencms/img/icons/sl.png HTTP/1.1" 200 966
147.161.137.99 - - [03/Nov/2024:04:57:49 +0100] "GET /ticket2/opencms/img/icons/tr.png HTTP/1.1" 200 1636
147.161.137.99 - - [03/Nov/2024:04:57:49 +0100] "GET /ticket2/opencms/system/modules/com.gridnine.opencms.ticketbrokerage.site/resources/js/standard.js HTTP/1.1" 200 3978
147.161.137.99 - - [03/Nov/2024:04:57:49 +0100] "GET /ticket2/opencms/img/icons/ticket2.thumbnail.png HTTP/1.1" 200 21519
147.161.137.99 - - [03/Nov/2024:04:57:51 +0100] "GET /ticket2/opencms/system/modules/com.gridnine.opencms.ticketbrokerage.site/resources/css/images/ui-bg_flat_75_ffffff_40x100.png HTTP/1.1" 404 -
217.113.194.217 - - [03/Nov/2024:04:57:52 +0100] "GET /ticket2/opencms/no/buy?page=1&edid=A5A21F9B-BA9F-6460-8CC4-AF1301D02678 HTTP/1.1" 200 98162
81.167.26.57 - - [03/Nov/2024:04:57:52 +0100] "GET /ticket2/opencms/dk/nl/buy/?page=1&edid=F079AC7E-D221-F1E2-410C-375B35987091&sortorder=desc&column=price HTTP/1.1" 404 -
85.208.96.198 - - [03/Nov/2024:04:57:53 +0100] "GET /ticket2/opencms/fi/search.html?searchQuery=Washington HTTP/1.1" 200 97706
81.167.26.57 - - [03/Nov/2024:04:57:55 +0100] "GET /ticket2/opencms/dk/nl/buy/?page=1&edid=F079AC7E-D221-F1E2-410C-375B35987091&sortorder=desc&column=section HTTP/1.1" 404 -
185.191.171.3 - - [03/Nov/2024:04:57:57 +0100] "GET /ticket2/opencms/sv/sport/fotbollsbiljetter/uefa-champions-league/benfica/ HTTP/1.1" 200 79318
81.167.26.57 - - [03/Nov/2024:04:57:58 +0100] "GET /ticket2/opencms/dk/nl/buy/?page=1&edid=F16B05D2-F5A7-6DB7-09F6-75F3FBB55C39&sortorder=asc&column=row HTTP/1.1" 404 -
185.191.171.9 - - [03/Nov/2024:04:57:59 +0100] "GET /ticket2/opencms/nl/selling_tickets/ HTTP/1.1" 200 76988
185.191.171.4 - - [03/Nov/2024:04:57:59 +0100] "GET /ticket2/opencms/fi/urheilu/jalkapallo/la-liga/rayo_vallecano/ HTTP/1.1" 200 88772
217.113.194.216 - - [03/Nov/2024:04:58:00 +0100] "GET /ticket2/opencms/no/buy?page=1&edid=AD367739-9B97-22E1-AB45-C515C55EA5C1 HTTP/1.1" 200 101604
81.167.26.57 - - [03/Nov/2024:04:58:01 +0100] "GET /ticket2/opencms/dk/nl/buy/?page=1&edid=F183060F-6A15-5007-8907-73C9E4E5CC0A&sortorder=asc&column=price HTTP/1.1" 404 -
81.167.26.57 - - [03/Nov/2024:04:58:04 +0100] "GET /ticket2/opencms/dk/nl/buy/?page=1&edid=F183060F-6A15-5007-8907-73C9E4E5CC0A&sortorder=asc&column=row HTTP/1.1" 404 -
81.167.26.57 - - [03/Nov/2024:04:58:07 +0100] "GET /ticket2/opencms/dk/nl/buy/?page=1&edid=F183060F-6A15-5007-8907-73C9E4E5CC0A&sortorder=asc&column=section HTTP/1.1" 404 -
217.113.194.216 - - [03/Nov/2024:04:58:09 +0100] "GET /ticket2/opencms/no/buy?page=1&edid=D96122AD-C3AA-80F5-DDA8-935E03AE952D HTTP/1.1" 200 124288
81.167.26.57 - - [03/Nov/2024:04:58:10 +0100] "GET /ticket2/opencms/dk/nl/buy/?page=1&edid=F183060F-6A15-5007-8907-73C9E4E5CC0A&sortorder=desc&column=row HTTP/1.1" 404 -
66.249.73.38 - - [03/Nov/2024:04:58:11 +0100] "GET /ticket2/opencms/en/venue/?venueid=3D756351-FBAD-67FE-A41F-C6999E0ACB04 HTTP/1.1" 200 76989
81.167.26.57 - - [03/Nov/2024:04:58:13 +0100] "GET /ticket2/opencms/dk/nl/buy/?page=1&edid=F21380F7-75CF-8F6C-44E2-E3C7E626BAE7 HTTP/1.1" 404 -
81.167.26.57 - - [03/Nov/2024:04:58:16 +0100] "GET /ticket2/opencms/dk/nl/buy/?page=1&edid=F24F2583-2092-A5CA-4211-3A24230A3D5D HTTP/1.1" 404 -
217.113.194.217 - - [03/Nov/2024:04:58:17 +0100] "GET /ticket2/opencms/no/buy?page=1&edid=DD282B35-B6B7-ECA0-02E0-90864F5E2B50 HTTP/1.1" 200 100775
81.167.26.57 - - [03/Nov/2024:04:58:19 +0100] "GET /ticket2/opencms/dk/nl/buy/?page=1&edid=F278C598-FCE4-BC5C-0A72-C9182E3F9872&sortorder=asc&column=row HTTP/1.1" 404 -
47.128.46.157 - - [03/Nov/2024:04:58:21 +0100] "GET /ticket2/opencms/dk/buy?page=10&venueid=DABDC4D6-A186-DAE6-C644-5DB9CB011EEC HTTP/1.1" 302 -
47.128.46.157 - - [03/Nov/2024:04:58:22 +0100] "GET /ticket2/opencms/dk/buy/ HTTP/1.1" 200 78349
81.167.26.57 - - [03/Nov/2024:04:58:22 +0100] "GET /ticket2/opencms/dk/nl/buy/?page=1&edid=F335E725-CF9C-D578-A5BD-BC756AB27702 HTTP/1.1" 404 -
157.90.209.79 - - [03/Nov/2024:04:58:23 +0100] "GET /ticket2/opencms/hu/buy/?page=1&edid=C9919F63-312E-C4DF-29D6-DA1CE80EC9A2 HTTP/1.1" 200 117398
85.208.96.204 - - [03/Nov/2024:04:58:25 +0100] "GET /ticket2/opencms/el/buying_tickets/ HTTP/1.1" 200 81362
81.167.26.57 - - [03/Nov/2024:04:58:25 +0100] "GET /ticket2/opencms/dk/nl/buy/?page=1&edid=F36EBFB4-CF7D-E67C-06C2-0EBD19BC3697 HTTP/1.1" 404 -
217.113.194.218 - - [03/Nov/2024:04:58:26 +0100] "GET /ticket2/opencms/no/buy?page=1&edid=6AEAF6C2-C57A-0447-5B0A-20959D8DCFDD HTTP/1.1" 200 101174
47.128.44.212 - - [03/Nov/2024:04:58:26 +0100] "GET /ticket2/opencms/ga/buy/?catid=061607E6-22B7-6FFA-03FD-A4B8B13A943F&comcatid=A17713B6-D984-201A-4143-ED4DB5ED5C2E HTTP/1.1" 200 93866
157.90.209.79 - - [03/Nov/2024:04:58:26 +0100] "GET /ticket2/opencms/hu/buy/?page=1&edid=CC748805-AA77-5D07-7352-96CD97D4F5AC HTTP/1.1" 200 129037
157.90.209.79 - - [03/Nov/2024:04:58:28 +0100] "GET /ticket2/opencms/hu/buy/?page=1&edid=CCC52869-7D07-37D3-E716-0EF1AC21BCE4 HTTP/1.1" 200 123525
81.167.26.57 - - [03/Nov/2024:04:58:28 +0100] "GET /ticket2/opencms/dk/nl/buy/?page=1&edid=F37F27EF-B877-D2DD-F026-A7C11540EC54 HTTP/1.1" 404 -
81.167.26.57 - - [03/Nov/2024:04:58:31 +0100] "GET /ticket2/opencms/dk/nl/buy/?page=1&edid=F3C59FE8-84DA-4168-9DD0-7FF9F22B1ED6&sortorder=asc&column=price HTTP/1.1" 404 -
47.128.20.200 - - [03/Nov/2024:04:58:32 +0100] "GET /ticket2/opencms/fi/venue/?venueid=E4A26DC2-259C-956F-C1B9-047939CC2CD2 HTTP/1.1" 200 78556
157.90.209.79 - - [03/Nov/2024:04:58:34 +0100] "GET /ticket2/opencms/hu/buy/?page=1&edid=D11D82D4-28DA-1768-D317-EF521A2F97E6 HTTP/1.1" 200 131152
81.167.26.57 - - [03/Nov/2024:04:58:34 +0100] "GET /ticket2/opencms/dk/nl/buy/?page=1&edid=F3EAB77E-5223-86F1-9947-9F306D6E6D43&sortorder=asc&column=section HTTP/1.1" 404 -
217.113.194.219 - - [03/Nov/2024:04:58:34 +0100] "GET /ticket2/opencms/no/buy?page=1&edid=830F2AEC-7FB6-11C1-AD11-54BD6744D648 HTTP/1.1" 200 119966
81.167.26.57 - - [03/Nov/2024:04:58:37 +0100] "GET /ticket2/opencms/dk/nl/buy/?page=1&edid=F485EB7B-C630-E8AD-EB3A-E6E869188296&sortorder=asc&column=price HTTP/1.1" 404 -
157.90.209.79 - - [03/Nov/2024:04:58:39 +0100] "GET /ticket2/opencms/hu/buy/?page=1&edid=D4F26649-49E7-D9AD-008F-6A1EF16B5F3C HTTP/1.1" 200 117398
81.167.26.57 - - [03/Nov/2024:04:58:40 +0100] "GET /ticket2/opencms/dk/nl/buy/?page=1&edid=F485EB7B-C630-E8AD-EB3A-E6E869188296&sortorder=asc&column=row HTTP/1.1" 404 -
81.167.26.57 - - [03/Nov/2024:04:58:43 +0100] "GET /ticket2/opencms/dk/nl/buy/?page=1&edid=F4F9CF15-E46F-6692-1384-B244A9E1955F&sortorder=asc&column=price HTTP/1.1" 404 -
157.90.209.79 - - [03/Nov/2024:04:58:45 +0100] "GET /ticket2/opencms/hu/buy/?page=1&edid=DA2AFD28-6AA1-4222-20E5-CCCE4BF9B981 HTTP/1.1" 200 102509
81.167.26.57 - - [03/Nov/2024:04:58:46 +0100] "GET /ticket2/opencms/dk/nl/buy/?page=1&edid=F4F9CF15-E46F-6692-1384-B244A9E1955F&sortorder=asc&column=row HTTP/1.1" 404 -
185.191.171.15 - - [03/Nov/2024:04:58:48 +0100] "GET /ticket2/opencms/sites/ticketbrokerage/nl/sport/voetbal-tickets/serie_a/juventus/ HTTP/1.1" 404 -
157.90.209.79 - - [03/Nov/2024:04:58:49 +0100] "GET /ticket2/opencms/hu/buy/?page=1&edid=DCF22239-47F2-2282-C13B-85FCE1D7C913 HTTP/1.1" 200 126568
81.167.26.57 - - [03/Nov/2024:04:58:49 +0100] "GET /ticket2/opencms/dk/nl/buy/?page=1&edid=F4F9CF15-E46F-6692-1384-B244A9E1955F&sortorder=asc&column=section HTTP/1.1" 404 -
194.38.20.13 - - [03/Nov/2024:04:58:52 +0100] "GET /ticket2/opencms/administrator/components/com_jbusinessdirectory/assets/upload.php HTTP/1.1" 404 -
157.90.209.79 - - [03/Nov/2024:04:58:54 +0100] "GET /ticket2/opencms/hu/buy/?page=1&edid=DD14CC82-883B-BD06-4306-EBD494AA1804 HTTP/1.1" 200 126427
157.90.209.79 - - [03/Nov/2024:04:58:56 +0100] "GET /ticket2/opencms/hu/buy/?page=1&edid=DE5B6A64-DD53-E533-1C9F-682C000226C9 HTTP/1.1" 200 111368
47.128.96.34 - - [03/Nov/2024:04:58:56 +0100] "GET /ticket2/opencms/sr/buy/?catid=A4D9EA9A-192D-0274-BF26-9C98D8B902AB&comcatid=A17713B6-D984-201A-4143-ED4DB5ED5C2E HTTP/1.1" 200 113981
157.90.209.79 - - [03/Nov/2024:04:59:00 +0100] "GET /ticket2/opencms/hu/buy/?page=1&edid=DE6EAF1E-F0E3-BCEF-6FE9-789554B2D96C HTTP/1.1" 200 114135
185.191.171.1 - - [03/Nov/2024:04:59:06 +0100] "GET /ticket2/opencms/de/magazine/article?title=manchester-city-gewinnt-die-premier-league HTTP/1.1" 200 79773
114.119.139.202 - - [03/Nov/2024:04:59:07 +0100] "GET /ticket2/opencms/en/venue/?countryid=ACBCEDDC-478F-6F5C-046F-A1A55C83F98D HTTP/1.1" 200 112562
185.191.171.1 - - [03/Nov/2024:04:59:07 +0100] "GET /ticket2/opencms/fr/magazine/article?title=lionel-messi HTTP/1.1" 200 81555
157.90.209.79 - - [03/Nov/2024:04:59:13 +0100] "GET /ticket2/opencms/hu/buy/?page=1&edid=E0AF4582-F291-60D7-7793-C6DEB6EAEA8A HTTP/1.1" 200 131157
157.90.209.79 - - [03/Nov/2024:04:59:16 +0100] "GET /ticket2/opencms/hu/buy/?page=1&edid=E1CACBEB-5FB5-F359-D95F-1110648BB53A HTTP/1.1" 200 126571
47.128.44.245 - - [03/Nov/2024:04:59:18 +0100] "GET /ticket2/opencms/mo/buy/?catid=6E0E0CA4-3F14-9697-92B9-3687047BE453&comcatid=A17713B6-D984-201A-4143-ED4DB5ED5C2E HTTP/1.1" 200 93869
157.90.209.79 - - [03/Nov/2024:04:59:18 +0100] "GET /ticket2/opencms/hu/buy/?page=1&edid=E289F96B-BF69-A88E-30C1-E3CA6BC29D6C HTTP/1.1" 200 114117
66.249.65.107 - - [03/Nov/2024:04:59:18 +0100] "GET /ticket2/opencms/be/sport/futbol-kvitki/premier-league/manchester-united HTTP/1.1" 200 98793
47.128.57.20 - - [03/Nov/2024:04:59:20 +0100] "GET /ticket2/opencms/bs/buy/?comcatid=A17713B6-D984-201A-4143-ED4DB5ED5C2E&npage=3 HTTP/1.1" 200 250680
157.90.209.79 - - [03/Nov/2024:04:59:21 +0100] "GET /ticket2/opencms/hu/buy/?page=1&edid=E9DB3A42-82BF-9B65-3ED4-EE5A32871388 HTTP/1.1" 200 121774
47.128.59.116 - - [03/Nov/2024:04:59:22 +0100] "GET /ticket2/opencms/ga/buy/?edid=7C470A0B-7875-5849-46E4-808C32ECDB53 HTTP/1.1" 200 81535
85.208.96.195 - - [03/Nov/2024:04:59:24 +0100] "GET /ticket2/opencms/de/robots.txt HTTP/1.1" 404 -
66.249.65.105 - - [03/Nov/2024:04:59:25 +0100] "GET /ticket2/opencms/sv/sport/fotbollsbiljetter/premier_league/london/ HTTP/1.1" 200 83839
185.191.171.19 - - [03/Nov/2024:04:59:26 +0100] "GET /ticket2/opencms/robots.txt HTTP/1.1" 200 773
185.191.171.12 - - [03/Nov/2024:04:59:26 +0100] "GET /ticket2/opencms/fi/urheilu/jalkapallo/bundesliga/augsburg/ HTTP/1.1" 200 93446
85.208.96.200 - - [03/Nov/2024:04:59:27 +0100] "GET /ticket2/opencms/robots.txt HTTP/1.1" 200 773
157.90.209.79 - - [03/Nov/2024:04:59:28 +0100] "GET /ticket2/opencms/hu/buy/?page=1&edid=EB31C882-2BE6-C517-726C-D721EBC90088 HTTP/1.1" 200 135212
85.208.96.202 - - [03/Nov/2024:04:59:28 +0100] "GET /ticket2/opencms/fi/urheilu/hockey/nhl/ HTTP/1.1" 200 91410
185.191.171.7 - - [03/Nov/2024:04:59:28 +0100] "GET /ticket2/opencms/de/de/sport/fussball-tickets/bundesliga/koln/ HTTP/1.1" 404 -
157.90.209.79 - - [03/Nov/2024:04:59:30 +0100] "GET /ticket2/opencms/hu/buy/?page=1&edid=EBF1342E-BB1A-F042-231F-198A898B67BA HTTP/1.1" 200 111368
157.90.209.79 - - [03/Nov/2024:04:59:34 +0100] "GET /ticket2/opencms/hu/buy/?page=1&edid=EC2BC309-3510-AA04-CA0C-F3088D5C1D31 HTTP/1.1" 200 114115
157.90.209.79 - - [03/Nov/2024:04:59:37 +0100] "GET /ticket2/opencms/hu/buy/?page=1&edid=EE1094B0-5F8D-7F5A-3592-6F4F9BDBF532 HTTP/1.1" 200 130366
157.90.209.79 - - [03/Nov/2024:04:59:41 +0100] "GET /ticket2/opencms/hu/buy/?page=1&edid=EFCA122E-EFD5-12F8-6F83-6930A0BC1F37 HTTP/1.1" 200 114122
85.208.96.196 - - [03/Nov/2024:04:59:42 +0100] "GET /ticket2/opencms/nl/sport/voetbal-tickets/bundesliga/wolfsburg/ HTTP/1.1" 200 84661
85.208.96.196 - - [03/Nov/2024:04:59:42 +0100] "GET /ticket2/opencms/de/sport/fussball-tickets/premier_league/newcastle-united/ HTTP/1.1" 200 97985
157.90.209.79 - - [03/Nov/2024:04:59:44 +0100] "GET /ticket2/opencms/hu/buy/?page=1&edid=F1463EBE-6C18-CF49-B2AE-F79868BCA4F5 HTTP/1.1" 200 131150
47.128.29.222 - - [03/Nov/2024:04:59:45 +0100] "GET /ticket2/opencms/fi/venue/?venueid=2D54B7AC-88C2-7CD2-9B48-9538BFBB860A HTTP/1.1" 200 78611
157.90.209.79 - - [03/Nov/2024:04:59:46 +0100] "GET /ticket2/opencms/hu/buy/?page=1&edid=F70FF3E6-2D68-06C1-2E1B-CFF8AEEA395A HTTP/1.1" 200 114119
47.128.118.221 - - [03/Nov/2024:04:59:46 +0100] "GET /ticket2/opencms/fr/opencms/system/modules/com.gridnine.opencms.ticketbrokerage.site/frametemplates/buypage.jsp?catid=6CD184E8-C8D4-E1CC-33D0-6F47E3751240&comcatid=97ECA65A-72DA-F9AF-9DBB-245D3CFED1BE HTTP/1.1" 404 -
157.90.209.79 - - [03/Nov/2024:04:59:48 +0100] "GET /ticket2/opencms/hu/buy/?page=1&edid=F75A8704-39CC-1233-9E9B-2121B4DFC51E HTTP/1.1" 200 128051
52.167.144.209 - - [03/Nov/2024:04:59:50 +0100] "GET /ticket2/opencms/es/login/?url=/hr/sell/ HTTP/1.1" 200 83214
157.90.209.79 - - [03/Nov/2024:04:59:51 +0100] "GET /ticket2/opencms/hu/buy/?page=1&edid=F8A721FB-6959-3E3B-0E9C-2BF5336E70F2 HTTP/1.1" 200 126426
157.90.209.79 - - [03/Nov/2024:04:59:53 +0100] "GET /ticket2/opencms/hu/buy/?page=1&edid=F93A2292-3F60-7656-2C0B-2AB157A0BB0B HTTP/1.1" 200 124834
157.90.209.79 - - [03/Nov/2024:04:59:55 +0100] "GET /ticket2/opencms/hu/buy/?page=1&edid=FA047031-F510-E911-0280-BC3ADCB159FC HTTP/1.1" 200 111366
157.90.209.79 - - [03/Nov/2024:04:59:58 +0100] "GET /ticket2/opencms/hu/buy/?page=1&edid=FB201BEF-97AC-F5AA-1C79-FCD23FE64214 HTTP/1.1" 200 102585
157.90.209.79 - - [03/Nov/2024:04:59:59 +0100] "GET /ticket2/opencms/hu/buy/?page=1&edid=FC797166-D971-D25F-0FB0-A6DA82828914 HTTP/1.1" 200 114970
157.90.209.79 - - [03/Nov/2024:05:00:04 +0100] "GET /ticket2/opencms/hu/buy/?page=1&edid=FD4DCA3B-ED43-1043-8648-63C229A27832 HTTP/1.1" 200 130230
47.128.31.156 - - [03/Nov/2024:05:00:09 +0100] "GET /ticket2/opencms/it/buy/?catid=D8B345C9-F7A5-E620-4B43-C34EB0D6885B&comcatid=A17713B6-D984-201A-4143-ED4DB5ED5C2E&npage=1 HTTP/1.1" 200 253134
157.90.209.79 - - [03/Nov/2024:05:00:15 +0100] "GET /ticket2/opencms/hu/buy/?page=1&edid=FF312D4E-5B6B-8FA5-BA69-635DC61A8F79 HTTP/1.1" 200 124832
85.208.96.200 - - [03/Nov/2024:05:00:15 +0100] "GET /ticket2/opencms/mo/buy_safety/ HTTP/1.1" 200 81067
207.46.13.36 - - [03/Nov/2024:05:00:18 +0100] "GET /ticket2/opencms/no/buy?page=1&edid=B706C05D-BD6B-FE19-B612-CFC9E579BDC9 HTTP/1.1" 200 107431
157.90.209.79 - - [03/Nov/2024:05:00:18 +0100] "GET /ticket2/opencms/hu/buy?page=1&edid=03ACD253-26FD-D5DA-1042-959F5F219816 HTTP/1.1" 200 108105
157.90.209.79 - - [03/Nov/2024:05:00:20 +0100] "GET /ticket2/opencms/hu/buy?page=1&edid=03C08C39-501F-FF78-A958-5E62ADCE683F HTTP/1.1" 200 102036
114.119.150.22 - - [03/Nov/2024:05:00:23 +0100] "GET /ticket2/opencms/en/venue/?countryid=9F359E38-9140-4AB1-4689-B4648FEDC1F9 HTTP/1.1" 200 106389
157.90.209.79 - - [03/Nov/2024:05:00:23 +0100] "GET /ticket2/opencms/hu/buy?page=1&edid=047E0311-281A-A7AE-E87D-50033F4F70CA HTTP/1.1" 200 131149
157.90.209.79 - - [03/Nov/2024:05:00:27 +0100] "GET /ticket2/opencms/hu/buy?page=1&edid=063774E2-DE1A-6A46-E97B-D379290B879E HTTP/1.1" 200 126429
157.90.209.79 - - [03/Nov/2024:05:00:31 +0100] "GET /ticket2/opencms/hu/buy?page=1&edid=069EC406-6DFD-08ED-B6CC-A7E203415919 HTTP/1.1" 200 130367
185.191.171.17 - - [03/Nov/2024:05:00:34 +0100] "GET /ticket2/opencms/dk/sport/fodboldbilletter/bundesliga/stuttgart/ HTTP/1.1" 200 92015
157.90.209.79 - - [03/Nov/2024:05:00:38 +0100] "GET /ticket2/opencms/hu/buy?page=1&edid=070182EB-30EF-F34B-AE41-C4B61E82D2C9 HTTP/1.1" 200 114119
85.208.96.198 - - [03/Nov/2024:05:00:38 +0100] "GET /ticket2/opencms/it/buy_safety HTTP/1.1" 200 83918
157.90.209.79 - - [03/Nov/2024:05:00:41 +0100] "GET /ticket2/opencms/hu/buy?page=1&edid=077A4D05-90D5-AF2A-B689-A4F52E73EBA2 HTTP/1.1" 200 131018
66.249.73.37 - - [03/Nov/2024:05:00:42 +0100] "GET /ticket2/opencms/en/venue/?venueid=FD6D24AC-994F-5C37-30F4-5F926A8E4486 HTTP/1.1" 200 76994
157.90.209.79 - - [03/Nov/2024:05:00:47 +0100] "GET /ticket2/opencms/hu/buy?page=1&edid=08E96509-F113-0E6A-21FE-AD8C7D1444D0 HTTP/1.1" 200 117408
157.90.209.79 - - [03/Nov/2024:05:00:50 +0100] "GET /ticket2/opencms/hu/buy?page=1&edid=096598FE-DA35-4351-DFEE-DC9ACA0F0EF9 HTTP/1.1" 200 125455
157.90.209.79 - - [03/Nov/2024:05:00:53 +0100] "GET /ticket2/opencms/hu/buy?page=1&edid=0BE732AB-67CD-FDAE-FCB3-FFE731054A7F HTTP/1.1" 200 104774
157.90.209.79 - - [03/Nov/2024:05:00:55 +0100] "GET /ticket2/opencms/hu/buy?page=1&edid=1046C14E-D95C-B350-CBCD-2ECE5F3DCC46 HTTP/1.1" 200 114117
157.90.209.79 - - [03/Nov/2024:05:01:00 +0100] "GET /ticket2/opencms/hu/buy?page=1&edid=10597F35-2AC7-31D2-FB61-15A36BB6D73B HTTP/1.1" 200 126425
157.90.209.79 - - [03/Nov/2024:05:01:05 +0100] "GET /ticket2/opencms/hu/buy?page=1&edid=126E7844-E6E1-432A-5140-6A6B87787BFF HTTP/1.1" 200 124832
85.208.96.198 - - [03/Nov/2024:05:01:06 +0100] "GET /ticket2/opencms/sv/sport/fotbollsbiljetter/english-championship/leicester-city/ HTTP/1.1" 200 79832
47.128.31.243 - - [03/Nov/2024:05:01:08 +0100] "GET /ticket2/opencms/lv/buy/?edid=2E9700A3-1FCD-CE83-B786-B3F02A037955 HTTP/1.1" 200 81476
157.90.209.79 - - [03/Nov/2024:05:01:08 +0100] "GET /ticket2/opencms/hu/buy?page=1&edid=133B893E-0B2E-BEF9-99B1-9E25283FAB9D HTTP/1.1" 200 115029
157.90.209.79 - - [03/Nov/2024:05:01:12 +0100] "GET /ticket2/opencms/hu/buy?page=1&edid=145F87FE-BCE7-15CF-CE4F-3702933DA737 HTTP/1.1" 200 102587
66.249.65.107 - - [03/Nov/2024:05:01:13 +0100] "GET /ticket2/opencms/pl/o-nas/ HTTP/1.1" 200 81026
85.208.96.209 - - [03/Nov/2024:05:01:13 +0100] "GET /ticket2/opencms/sv/buy_safety/leverans/ HTTP/1.1" 200 78877
37.123.143.11 - - [03/Nov/2024:05:01:15 +0100] "GET /ticket2/opencms/system/workplace/views/top_foot.jsp?wpFrame=foot HTTP/1.1" 200 1210
37.123.143.11 - - [03/Nov/2024:05:01:15 +0100] "GET /ticket2/opencms/system/workplace/commons/style/workplace.css HTTP/1.1" 200 14209
114.119.159.237 - - [03/Nov/2024:05:01:17 +0100] "GET /ticket2/opencms/en/venue/?venueid=20612A91-4DAD-D682-3443-BFA1071CDA0A HTTP/1.1" 200 77021
157.90.209.79 - - [03/Nov/2024:05:01:18 +0100] "GET /ticket2/opencms/hu/buy?page=1&edid=159AEE85-969E-7453-4999-69FCFD2915E6 HTTP/1.1" 200 131070
85.208.96.210 - - [03/Nov/2024:05:01:19 +0100] "GET /ticket2/opencms/de/magazine/article?title=brentford-fc HTTP/1.1" 200 80564
157.90.209.79 - - [03/Nov/2024:05:01:21 +0100] "GET /ticket2/opencms/hu/buy?page=1&edid=160DAC9A-2A77-6FDC-52B8-296352B1ABF1 HTTP/1.1" 200 125914
157.55.39.63 - - [03/Nov/2024:05:01:22 +0100] "GET /ticket2/opencms/fr/ HTTP/1.1" 200 96985
157.90.209.79 - - [03/Nov/2024:05:01:23 +0100] "GET /ticket2/opencms/hu/buy?page=1&edid=1ABC406A-92BD-FDCF-3BD6-80A52E60B34F HTTP/1.1" 200 135349
157.90.209.79 - - [03/Nov/2024:05:01:25 +0100] "GET /ticket2/opencms/hu/buy?page=1&edid=1B6F6A2B-A0DA-FF91-EC4E-3DCAA442C25B HTTP/1.1" 200 124833
66.249.65.105 - - [03/Nov/2024:05:01:27 +0100] "GET /ticket2/opencms/system/modules/com.gridnine.opencms.ticketbrokerage.site/resources/js/common-ajax.js HTTP/1.1" 200 20175
157.90.209.79 - - [03/Nov/2024:05:01:31 +0100] "GET /ticket2/opencms/hu/buy?page=1&edid=1B836A42-4F20-7A0F-05D1-08388A470666 HTTP/1.1" 200 101174
157.90.209.79 - - [03/Nov/2024:05:01:32 +0100] "GET /ticket2/opencms/hu/buy?page=1&edid=21BADD47-9DF1-089A-9149-B7D8F893FCB4 HTTP/1.1" 200 102115
157.90.209.79 - - [03/Nov/2024:05:01:35 +0100] "GET /ticket2/opencms/hu/buy?page=1&edid=25666712-CB7E-CDDD-4626-F1CD96C38316 HTTP/1.1" 200 135350
157.90.209.79 - - [03/Nov/2024:05:01:37 +0100] "GET /ticket2/opencms/hu/buy?page=1&edid=26467E66-E432-3709-0425-A75E81B5021A HTTP/1.1" 200 131156
157.90.209.79 - - [03/Nov/2024:05:01:39 +0100] "GET /ticket2/opencms/hu/buy?page=1&edid=268D8165-50F1-AAA8-6C6A-3ABAD53C8B35 HTTP/1.1" 200 117398
47.128.113.130 - - [03/Nov/2024:05:01:41 +0100] "GET /ticket2/opencms/sr/buy/?edid=91E06EB3-29BE-78F9-C5D9-F08587328467 HTTP/1.1" 200 81862
157.90.209.79 - - [03/Nov/2024:05:01:42 +0100] "GET /ticket2/opencms/hu/buy?page=1&edid=294968E7-670E-500D-EF6F-F776CC397F5A HTTP/1.1" 200 111370
66.249.73.39 - - [03/Nov/2024:05:01:43 +0100] "GET /ticket2/opencms/en/venue/?venueid=4264E775-2245-34EC-AB9C-8E5203A0BEEE HTTP/1.1" 200 77004
157.90.209.79 - - [03/Nov/2024:05:01:46 +0100] "GET /ticket2/opencms/hu/buy?page=1&edid=299450E2-FDAD-4E2B-0058-6290A7A2B57D HTTP/1.1" 200 136555
119.13.111.43 - - [03/Nov/2024:05:01:47 +0100] "GET /ticket2/opencms/it/sport/biglietti-calcio/serie-a/udinese/ HTTP/1.1" 200 88184
157.90.209.79 - - [03/Nov/2024:05:01:49 +0100] "GET /ticket2/opencms/hu/buy?page=1&edid=2A51ECF8-5DB5-F349-CC30-BF574AC78AE1 HTTP/1.1" 200 111378
185.191.171.9 - - [03/Nov/2024:05:01:51 +0100] "GET /ticket2/opencms/de/sport/fussball-tickets/premier_league/chelsea/ HTTP/1.1" 200 96983
157.90.209.79 - - [03/Nov/2024:05:01:55 +0100] "GET /ticket2/opencms/hu/buy?page=1&edid=2AC421C6-0DD9-73DD-0C29-416B5CC98DFF HTTP/1.1" 200 101824
157.90.209.79 - - [03/Nov/2024:05:01:58 +0100] "GET /ticket2/opencms/hu/buy?page=1&edid=2B44308E-1778-CFAE-7385-18758823F6EB HTTP/1.1" 200 135350
217.113.194.213 - - [03/Nov/2024:05:02:00 +0100] "GET /ticket2/opencms/no/buy/?page=1&edid=E3166D36-0533-1C67-661A-CD0D8BD7BA8C HTTP/1.1" 200 124685
157.90.209.79 - - [03/Nov/2024:05:02:01 +0100] "GET /ticket2/opencms/hu/buy?page=1&edid=31FDA527-9BE5-CC0F-08BA-BAC5423FB404 HTTP/1.1" 200 98761
85.208.96.200 - - [03/Nov/2024:05:02:02 +0100] "GET /ticket2/opencms/bg/ HTTP/1.1" 200 98251
157.90.209.79 - - [03/Nov/2024:05:02:03 +0100] "GET /ticket2/opencms/hu/buy?page=1&edid=32359E59-20A4-8706-5D64-A284D441A719 HTTP/1.1" 200 113857
157.90.209.79 - - [03/Nov/2024:05:02:08 +0100] "GET /ticket2/opencms/hu/buy?page=1&edid=341262D8-7A59-5821-1DA8-A5F36D843BF9 HTTP/1.1" 200 133023
217.113.194.221 - - [03/Nov/2024:05:02:08 +0100] "GET /ticket2/opencms/no/buy/?page=1&edid=E4669A58-D392-0EC8-F9B7-256D36456739 HTTP/1.1" 200 98164
157.90.209.79 - - [03/Nov/2024:05:02:12 +0100] "GET /ticket2/opencms/hu/buy?page=1&edid=36B8587B-9BD4-1599-9368-E59F9780F9A9 HTTP/1.1" 200 135347
185.191.171.7 - - [03/Nov/2024:05:02:15 +0100] "GET /ticket2/opencms/is/buying_tickets/ HTTP/1.1" 200 80644
157.90.209.79 - - [03/Nov/2024:05:02:16 +0100] "GET /ticket2/opencms/hu/buy?page=1&edid=3834B79A-5D67-764F-EEC4-EB2411D57169 HTTP/1.1" 200 98761
217.113.194.212 - - [03/Nov/2024:05:02:17 +0100] "GET /ticket2/opencms/no/buy/?page=1&edid=C6A99892-7BD2-880D-4758-AF68633C2943 HTTP/1.1" 200 100384
157.90.209.79 - - [03/Nov/2024:05:02:18 +0100] "GET /ticket2/opencms/hu/buy?page=1&edid=3A9780A5-BD38-4C21-77F6-3CFD161A5931 HTTP/1.1" 200 98780
207.46.13.36 - - [03/Nov/2024:05:02:19 +0100] "GET /ticket2/opencms/fr/buy/?page=1&edid=929DD0B9-EAC1-71B0-BD49-B1F82734E49C HTTP/1.1" 200 102272
157.90.209.79 - - [03/Nov/2024:05:02:20 +0100] "GET /ticket2/opencms/hu/buy?page=1&edid=3D90558B-59E5-DB4E-10D0-F79B6C89B78E HTTP/1.1" 200 124830
217.113.194.218 - - [03/Nov/2024:05:02:25 +0100] "GET /ticket2/opencms/no/buy/?page=1&edid=B76AA14A-A9BE-C817-C615-7D02C02EB692 HTTP/1.1" 200 100563
157.90.209.79 - - [03/Nov/2024:05:02:25 +0100] "GET /ticket2/opencms/hu/buy?page=1&edid=403B436C-97BC-2EFB-A98B-42727D330360 HTTP/1.1" 200 102059
157.90.209.79 - - [03/Nov/2024:05:02:28 +0100] "GET /ticket2/opencms/hu/buy?page=1&edid=41CD7066-237A-B852-387D-3D5D7B688DF9 HTTP/1.1" 200 130372
47.128.42.109 - - [03/Nov/2024:05:02:31 +0100] "GET /ticket2/opencms/lv/buy/?edid=BFE72954-2A70-2A16-94D9-4D26476203BB HTTP/1.1" 200 81476
157.90.209.79 - - [03/Nov/2024:05:02:31 +0100] "GET /ticket2/opencms/hu/buy?page=1&edid=4660DE29-C3F1-FFBE-5E6B-4C74E874EC91 HTTP/1.1" 200 126159
157.90.209.79 - - [03/Nov/2024:05:02:33 +0100] "GET /ticket2/opencms/hu/buy?page=1&edid=46F37BE7-B2F6-BEA5-12C9-E1FFD36B0DD0 HTTP/1.1" 200 108092
52.167.144.209 - - [03/Nov/2024:05:02:33 +0100] "GET /ticket2/opencms/en/buy/?page=1&edid=BE03ED25-E3B3-00C9-A2E7-31E6C36DC2A7 HTTP/1.1" 200 100185
217.113.194.214 - - [03/Nov/2024:05:02:34 +0100] "GET /ticket2/opencms/no/buy/?page=1&edid=C3C88BDA-1CC3-8611-4BC9-911B22C7161C HTTP/1.1" 200 100552
157.90.209.79 - - [03/Nov/2024:05:02:35 +0100] "GET /ticket2/opencms/hu/buy?page=1&edid=47C0370F-9915-7673-E038-7AD65907592C HTTP/1.1" 200 124834
157.90.209.79 - - [03/Nov/2024:05:02:40 +0100] "GET /ticket2/opencms/hu/buy?page=1&edid=47E4C29F-87ED-56B6-4058-D325184E756B HTTP/1.1" 200 135077
217.113.194.216 - - [03/Nov/2024:05:02:42 +0100] "GET /ticket2/opencms/no/buy/?page=1&edid=9927BCC2-FA16-923C-5EB8-2829DF05AF74 HTTP/1.1" 200 101638
157.90.209.79 - - [03/Nov/2024:05:02:45 +0100] "GET /ticket2/opencms/hu/buy?page=1&edid=490280ED-96FA-5EC6-1DCC-A75EC34A3EFC HTTP/1.1" 200 111365
157.90.209.79 - - [03/Nov/2024:05:02:46 +0100] "GET /ticket2/opencms/hu/buy?page=1&edid=492C270D-AAEA-3890-F385-951BFDA8F433 HTTP/1.1" 200 114117
77.75.73.26 - - [03/Nov/2024:05:02:48 +0100] "GET /ticket2/opencms/robots.txt HTTP/1.1" 200 773
157.90.209.79 - - [03/Nov/2024:05:02:48 +0100] "GET /ticket2/opencms/hu/buy?page=1&edid=4D569333-A725-AF23-311D-520AB9757B29 HTTP/1.1" 200 102123
77.75.73.26 - - [03/Nov/2024:05:02:49 +0100] "GET /ticket2/opencms/en/ HTTP/1.1" 200 95593
217.113.194.217 - - [03/Nov/2024:05:02:50 +0100] "GET /ticket2/opencms/no/buy/?page=1&edid=62132CB0-BE29-78AA-38D9-C99EEE6C98B0 HTTP/1.1" 200 106118
40.77.167.42 - - [03/Nov/2024:05:02:51 +0100] "GET /ticket2/opencms/bg/buy?page=1&edid=2197E523-8740-2A01-BD5D-12E3C3F2DBFE HTTP/1.1" 200 138628
157.90.209.79 - - [03/Nov/2024:05:02:53 +0100] "GET /ticket2/opencms/hu/buy?page=1&edid=4D95C4E4-B7FF-C71E-110D-D09544A9044A HTTP/1.1" 200 124832
157.90.209.79 - - [03/Nov/2024:05:02:56 +0100] "GET /ticket2/opencms/hu/buy?page=1&edid=4DF0D9FC-63B4-BC0C-C1C6-5A8F2E684398 HTTP/1.1" 200 125028
157.90.209.79 - - [03/Nov/2024:05:02:59 +0100] "GET /ticket2/opencms/hu/buy?page=1&edid=4DFD725A-4EAE-5578-E2C8-F093AEA223CD HTTP/1.1" 200 131154
217.113.194.215 - - [03/Nov/2024:05:02:59 +0100] "GET /ticket2/opencms/no/buy/?page=1&edid=63D01EA9-6118-F064-A9BE-98AD792F8DD1 HTTP/1.1" 200 98154
