209.85.238.41 - - [03/Nov/2024:00:08:13 +0100] "GET /ticket2/opencms/sv/magazine HTTP/1.1" 200 137241
85.227.208.245 - - [03/Nov/2024:00:08:14 +0100] "GET /ticket2/opencms/system/modules/com.gridnine.opencms.ticketbrokerage.site/resources/css/images/ui-bg_flat_75_ffffff_40x100.png HTTP/1.1" 404 -
94.154.239.69 - - [03/Nov/2024:00:08:15 +0100] "GET /ticket2/opencms/fi/venue/?venueid=7788E7D8-FA58-D97C-DEF8-8B2B379C0878 HTTP/1.1" 200 78547
94.154.239.69 - - [03/Nov/2024:00:08:19 +0100] "GET /ticket2/opencms/fi/venue/?venueid=77AE86FB-D354-0E5F-2F8B-54B74EAA6DBC HTTP/1.1" 200 78523
94.154.239.69 - - [03/Nov/2024:00:08:23 +0100] "GET /ticket2/opencms/fi/venue/?venueid=780F530C-1E5B-A040-B582-92C140F93856 HTTP/1.1" 200 78575
185.191.171.7 - - [03/Nov/2024:00:08:25 +0100] "GET /ticket2/opencms/no/sport/fotballsbilletter/champions_league/ac_milan/ HTTP/1.1" 200 80983
94.154.239.69 - - [03/Nov/2024:00:08:27 +0100] "GET /ticket2/opencms/fi/venue/?venueid=785962EB-8414-D059-305F-74BBF3E070CF HTTP/1.1" 200 78544
47.128.62.24 - - [03/Nov/2024:00:08:28 +0100] "GET /ticket2/opencms/it/buy/?catid=2DE12DDA-A5FB-C1C6-CB20-FBF873FB032B&comcatid=A17713B6-D984-201A-4143-ED4DB5ED5C2E HTTP/1.1" 200 93382
2.248.89.253 - - [03/Nov/2024:00:08:29 +0100] "GET /ticket2/opencms/sv/sport/fotbollsbiljetter/uefa-champions-league/ HTTP/1.1" 200 85490
185.191.171.2 - - [03/Nov/2024:00:08:29 +0100] "GET /ticket2/opencms/de/magazine/article?title=uber-den-fussballverein-liverpool-fc HTTP/1.1" 200 82576
157.90.209.79 - - [03/Nov/2024:00:08:30 +0100] "GET /ticket2/opencms/fi/buy?page=1&edid=0BE732AB-67CD-FDAE-FCB3-FFE731054A7F HTTP/1.1" 200 104665
85.227.208.245 - - [03/Nov/2024:00:08:31 +0100] "GET /ticket2/opencms/sv/sport/fotbollsbiljetter/premier_league/arsenal/ HTTP/1.1" 200 97989
85.227.208.245 - - [03/Nov/2024:00:08:32 +0100] "GET /ticket2/opencms/system/modules/com.gridnine.opencms.ticketbrokerage.site/resources/js/functions.js HTTP/1.1" 200 1583
85.227.208.245 - - [03/Nov/2024:00:08:32 +0100] "GET /ticket2/opencms/system/modules/com.gridnine.opencms.ticketbrokerage.site/resources/js/calendar-setup.js HTTP/1.1" 200 4923
85.227.208.245 - - [03/Nov/2024:00:08:32 +0100] "GET /ticket2/opencms/system/modules/com.gridnine.opencms.ticketbrokerage.site/resources/js/standard.js HTTP/1.1" 200 3978
85.227.208.245 - - [03/Nov/2024:00:08:32 +0100] "GET /ticket2/opencms/system/modules/com.gridnine.opencms.ticketbrokerage.site/resources/css/ticketbrokerage.css HTTP/1.1" 200 39339
85.227.208.245 - - [03/Nov/2024:00:08:32 +0100] "GET /ticket2/opencms/system/modules/com.gridnine.opencms.ticketbrokerage.site/resources/css/standard.css HTTP/1.1" 200 73073
85.227.208.245 - - [03/Nov/2024:00:08:32 +0100] "GET /ticket2/opencms/system/modules/com.gridnine.opencms.ticketbrokerage.site/resources/css/calendar.css HTTP/1.1" 200 6871
85.227.208.245 - - [03/Nov/2024:00:08:32 +0100] "GET /ticket2/opencms/system/modules/com.gridnine.opencms.ticketbrokerage.site/resources/js/calendar-en.js HTTP/1.1" 200 3338
85.227.208.245 - - [03/Nov/2024:00:08:32 +0100] "GET /ticket2/opencms/system/modules/com.gridnine.opencms.ticketbrokerage.site/resources/js/calendar.js HTTP/1.1" 200 49229
85.227.208.245 - - [03/Nov/2024:00:08:32 +0100] "GET /ticket2/opencms/system/modules/com.gridnine.opencms.ticketbrokerage.site/resources/pics/banners/arsenal.png HTTP/1.1" 200 13545
85.227.208.245 - - [03/Nov/2024:00:08:32 +0100] "GET /ticket2/opencms/system/modules/com.gridnine.opencms.ticketbrokerage.site/resources/css/images/ui-bg_flat_75_ffffff_40x100.png HTTP/1.1" 404 -
94.154.239.69 - - [03/Nov/2024:00:08:32 +0100] "GET /ticket2/opencms/fi/venue/?venueid=78753FB6-3A87-49B0-BB46-30CC2526D91F HTTP/1.1" 200 78524
94.154.239.69 - - [03/Nov/2024:00:08:36 +0100] "GET /ticket2/opencms/fi/venue/?venueid=788D8A95-9784-C0AC-7C72-145DA63A5615 HTTP/1.1" 200 78612
2.248.89.253 - - [03/Nov/2024:00:08:40 +0100] "GET /ticket2/opencms/sv/sport/fotbollsbiljetter/uefa-champions-league/real_madrid.html HTTP/1.1" 200 79455
2.248.89.253 - - [03/Nov/2024:00:08:40 +0100] "GET /ticket2/opencms/system/modules/com.gridnine.opencms.ticketbrokerage.site/resources/css/calendar.css HTTP/1.1" 200 6871
2.248.89.253 - - [03/Nov/2024:00:08:40 +0100] "GET /ticket2/opencms/system/modules/com.gridnine.opencms.ticketbrokerage.site/resources/js/functions.js HTTP/1.1" 200 1583
2.248.89.253 - - [03/Nov/2024:00:08:40 +0100] "GET /ticket2/opencms/system/modules/com.gridnine.opencms.ticketbrokerage.site/resources/css/ticketbrokerage.css HTTP/1.1" 200 39339
2.248.89.253 - - [03/Nov/2024:00:08:40 +0100] "GET /ticket2/opencms/system/modules/com.gridnine.opencms.ticketbrokerage.site/resources/js/standard.js HTTP/1.1" 200 3978
2.248.89.253 - - [03/Nov/2024:00:08:40 +0100] "GET /ticket2/opencms/system/modules/com.gridnine.opencms.ticketbrokerage.site/resources/js/calendar-en.js HTTP/1.1" 200 3338
2.248.89.253 - - [03/Nov/2024:00:08:40 +0100] "GET /ticket2/opencms/system/modules/com.gridnine.opencms.ticketbrokerage.site/resources/css/standard.css HTTP/1.1" 200 73073
2.248.89.253 - - [03/Nov/2024:00:08:40 +0100] "GET /ticket2/opencms/system/modules/com.gridnine.opencms.ticketbrokerage.site/resources/js/calendar-setup.js HTTP/1.1" 200 4923
2.248.89.253 - - [03/Nov/2024:00:08:40 +0100] "GET /ticket2/opencms/system/modules/com.gridnine.opencms.ticketbrokerage.site/resources/js/calendar.js HTTP/1.1" 200 49229
2.248.89.253 - - [03/Nov/2024:00:08:40 +0100] "GET /ticket2/opencms/system/modules/com.gridnine.opencms.ticketbrokerage.site/resources/css/images/ui-bg_flat_75_ffffff_40x100.png HTTP/1.1" 404 -
94.154.239.69 - - [03/Nov/2024:00:08:40 +0100] "GET /ticket2/opencms/fi/venue/?venueid=78D0C4A5-99DA-B045-D1D7-45F70CE9F600 HTTP/1.1" 200 78553
94.154.239.69 - - [03/Nov/2024:00:08:44 +0100] "GET /ticket2/opencms/fi/venue/?venueid=79024340-91D2-6011-FD48-32FDFBCB0D46 HTTP/1.1" 200 78577
94.154.239.69 - - [03/Nov/2024:00:08:48 +0100] "GET /ticket2/opencms/fi/venue/?venueid=79787CD2-7865-34D1-58A9-E39B34651991 HTTP/1.1" 200 78545
47.128.99.24 - - [03/Nov/2024:00:08:52 +0100] "GET /ticket2/opencms/fi/venue/?venueid=37536D78-51ED-E1B7-F2B0-3074119C5B6B HTTP/1.1" 200 78578
94.154.239.69 - - [03/Nov/2024:00:08:52 +0100] "GET /ticket2/opencms/fi/venue/?venueid=79ABCF29-8849-375A-51D4-EF1F6E582A69 HTTP/1.1" 200 78627
157.55.39.192 - - [03/Nov/2024:00:08:56 +0100] "GET /ticket2/opencms/de/sport/fussball-tickets/la_liga/atletico-madrid/ HTTP/1.1" 200 96835
94.154.239.69 - - [03/Nov/2024:00:08:57 +0100] "GET /ticket2/opencms/fi/venue/?venueid=7A4AFDE7-A8BF-72C9-BA6C-4E20D64E6FA8 HTTP/1.1" 200 78560
114.119.152.134 - - [03/Nov/2024:00:08:57 +0100] "GET /ticket2/opencms/en/buy?page=1&edid=CEF56D0C-4B94-D435-302E-2275000FA9AD HTTP/1.1" 200 100193
85.227.208.245 - - [03/Nov/2024:00:08:58 +0100] "GET /ticket2/opencms/sv/sport/fotbollsbiljetter/premier_league/?gad_source=1&gbraid=0AAAAADlS-t8rFUHb6lFA1qFN7Eimd9osJ&gclid=EAIaIQobChMIn8zR5OS-iQMV_meRBR0i7hYCEAAYASAAEgKudvD_BwE HTTP/1.1" 200 86029
85.227.208.245 - - [03/Nov/2024:00:08:58 +0100] "GET /ticket2/opencms/system/modules/com.gridnine.opencms.ticketbrokerage.site/resources/css/images/ui-bg_flat_75_ffffff_40x100.png HTTP/1.1" 404 -
94.154.239.69 - - [03/Nov/2024:00:09:01 +0100] "GET /ticket2/opencms/fi/venue/?venueid=7A51379D-1CA0-D73B-5888-0B55E190FE2B HTTP/1.1" 200 78533
185.191.171.3 - - [03/Nov/2024:00:09:01 +0100] "GET /ticket2/opencms/et/buying_tickets/ HTTP/1.1" 200 80607
157.90.209.79 - - [03/Nov/2024:00:09:02 +0100] "GET /ticket2/opencms/fi/buy?page=1&edid=1046C14E-D95C-B350-CBCD-2ECE5F3DCC46 HTTP/1.1" 200 114020
94.154.239.69 - - [03/Nov/2024:00:09:05 +0100] "GET /ticket2/opencms/fi/venue/?venueid=7A7B066D-6749-0EC8-5A95-BB4DEF5BC7FC HTTP/1.1" 200 78604
47.128.31.144 - - [03/Nov/2024:00:09:06 +0100] "GET /ticket2/opencms/fr/buy?page=11&venueid=696CF794-7D31-9FC6-0B42-8ABB3E78F390 HTTP/1.1" 200 81402
94.154.239.69 - - [03/Nov/2024:00:09:09 +0100] "GET /ticket2/opencms/fi/venue/?venueid=7A93BED8-ECFC-8BF7-F201-A6433D9EB679 HTTP/1.1" 200 78511
2.248.89.253 - - [03/Nov/2024:00:09:10 +0100] "GET /ticket2/opencms/sv/sport/fotbollsbiljetter/uefa-champions-league/ HTTP/1.1" 200 85490
2.248.89.253 - - [03/Nov/2024:00:09:11 +0100] "GET /ticket2/opencms/sv/sport/fotbollsbiljetter/?gad_source=1&gbraid=0AAAAADlS-t990jDjbjnyuxgdWVGgPZPL7&gclid=Cj0KCQjwm5e5BhCWARIsANwm06in1csqX1TUToYkbAweIAa4ShRBUjzNMRQSTPK8605YX22D5VYlqL4aAt5EEALw_wcB HTTP/1.1" 200 87669
94.154.239.69 - - [03/Nov/2024:00:09:13 +0100] "GET /ticket2/opencms/fi/venue/?venueid=7AC4544E-68B6-072F-C815-86F75E4EE456 HTTP/1.1" 200 78638
47.128.26.85 - - [03/Nov/2024:00:09:16 +0100] "GET /ticket2/opencms/fr/magazine/article?title=em-joueurs-qui-se-distinguent HTTP/1.1" 200 81176
94.154.239.69 - - [03/Nov/2024:00:09:18 +0100] "GET /ticket2/opencms/fi/venue/?venueid=7AC70570-F2F1-BD18-D0E9-BC9514E6B8B3 HTTP/1.1" 200 78539
94.154.239.69 - - [03/Nov/2024:00:09:22 +0100] "GET /ticket2/opencms/fi/venue/?venueid=7BC1169D-C485-411D-5945-206D54A60C10 HTTP/1.1" 200 78578
94.154.239.69 - - [03/Nov/2024:00:09:26 +0100] "GET /ticket2/opencms/fi/venue/?venueid=7BD510BA-66ED-BD81-C7E6-93151822D0BB HTTP/1.1" 200 78539
37.250.74.146 - - [03/Nov/2024:00:09:29 +0100] "GET /ticket2/opencms/sv/buy/?page=1&edid=E0AF4582-F291-60D7-7793-C6DEB6EAEA8A HTTP/1.1" 200 129953
37.250.74.146 - - [03/Nov/2024:00:09:29 +0100] "GET /ticket2/opencms/system/modules/com.gridnine.opencms.ticketbrokerage.site/resources/css/images/ui-bg_flat_75_ffffff_40x100.png HTTP/1.1" 404 -
37.250.74.146 - - [03/Nov/2024:00:09:29 +0100] "GET /ticket2/opencms/sv/ask-form.html HTTP/1.1" 200 2950
94.154.239.69 - - [03/Nov/2024:00:09:31 +0100] "GET /ticket2/opencms/fi/venue/?venueid=7BE3C2C4-D724-A14C-90CC-9D0A992F74AC HTTP/1.1" 200 78532
157.90.209.79 - - [03/Nov/2024:00:09:34 +0100] "GET /ticket2/opencms/fi/buy?page=1&edid=10597F35-2AC7-31D2-FB61-15A36BB6D73B HTTP/1.1" 200 126301
94.154.239.69 - - [03/Nov/2024:00:09:35 +0100] "GET /ticket2/opencms/fi/venue/?venueid=7C42DC86-0C04-6190-5F90-28A082BDF8C3 HTTP/1.1" 200 78529
94.154.239.69 - - [03/Nov/2024:00:09:39 +0100] "GET /ticket2/opencms/fi/venue/?venueid=7C4E533F-2F12-6B17-62E3-200FFD253387 HTTP/1.1" 200 78512
47.128.37.37 - - [03/Nov/2024:00:09:41 +0100] "GET /ticket2/opencms/hu/buy/?catid=AE3FE643-AE41-BAA6-237D-5206D1B044A1&comcatid=A17713B6-D984-201A-4143-ED4DB5ED5C2E HTTP/1.1" 200 93812
94.154.239.69 - - [03/Nov/2024:00:09:43 +0100] "GET /ticket2/opencms/fi/venue/?venueid=7C7F73F8-7DD5-5AD2-5D98-6873788781BA HTTP/1.1" 200 78595
94.154.239.69 - - [03/Nov/2024:00:09:47 +0100] "GET /ticket2/opencms/fi/venue/?venueid=7D020229-2D1C-A8BA-5380-67981FACE9A7 HTTP/1.1" 200 78514
185.191.171.10 - - [03/Nov/2024:00:09:48 +0100] "GET /ticket2/opencms/nl/sport/voetbal-tickets/la_liga/granada/ HTTP/1.1" 200 78364
94.154.239.69 - - [03/Nov/2024:00:09:51 +0100] "GET /ticket2/opencms/fi/venue/?venueid=7D0F0DC6-7ECD-E2A4-C5CD-DFF5AEF26B1F HTTP/1.1" 200 78705
94.154.239.69 - - [03/Nov/2024:00:09:56 +0100] "GET /ticket2/opencms/fi/venue/?venueid=7D107DD7-9AAA-2AF1-0131-692BC3416280 HTTP/1.1" 200 78577
52.167.144.56 - - [03/Nov/2024:00:09:59 +0100] "GET /ticket2/opencms/robots.txt HTTP/1.1" 200 773
94.154.239.69 - - [03/Nov/2024:00:10:00 +0100] "GET /ticket2/opencms/fi/venue/?venueid=7DE2C374-815B-4259-16EB-46FF20885F41 HTTP/1.1" 200 78646
47.128.22.101 - - [03/Nov/2024:00:10:04 +0100] "GET /ticket2/opencms/sr/buy/?edid=40635446-3A1B-F16A-9B72-5E5BD25B028F HTTP/1.1" 200 81862
94.154.239.69 - - [03/Nov/2024:00:10:04 +0100] "GET /ticket2/opencms/fi/venue/?venueid=7DFE5FAB-A7F9-D9CB-B181-D0F227E04C90 HTTP/1.1" 200 78538
47.128.52.253 - - [03/Nov/2024:00:10:05 +0100] "GET /ticket2/opencms/fi/venue/?venueid=E72B4D77-C56B-E2C9-EA79-7B286C1DB7CC HTTP/1.1" 200 78542
157.90.209.79 - - [03/Nov/2024:00:10:06 +0100] "GET /ticket2/opencms/fi/buy?page=1&edid=126E7844-E6E1-432A-5140-6A6B87787BFF HTTP/1.1" 200 124706
94.154.239.69 - - [03/Nov/2024:00:10:09 +0100] "GET /ticket2/opencms/fi/venue/?venueid=7DFFA88D-A72E-EF83-E1F4-D4C0A7C75BDB HTTP/1.1" 200 78547
52.167.144.160 - - [03/Nov/2024:00:10:10 +0100] "GET /ticket2/opencms/en/buy/?page=1&edid=de6eaf1e-f0e3-bcef-6fe9-789554b2d96c HTTP/1.1" 200 4037
209.85.238.41 - - [03/Nov/2024:00:10:13 +0100] "GET /ticket2/opencms/system/modules/com.gridnine.opencms.ticketbrokerage.site/resources/css/ticketbrokerage.css HTTP/1.1" 200 39339
185.191.171.11 - - [03/Nov/2024:00:10:13 +0100] "GET /ticket2/opencms/nl/sport/voetbal-tickets/premier_league/ HTTP/1.1" 200 84893
94.154.239.69 - - [03/Nov/2024:00:10:14 +0100] "GET /ticket2/opencms/fi/venue/?venueid=7E3A2D74-DA88-871F-895E-1180E253F56F HTTP/1.1" 200 78544
209.85.238.41 - - [03/Nov/2024:00:10:15 +0100] "GET /ticket2/opencms/system/modules/com.gridnine.opencms.ticketbrokerage.site/resources/css/jquery-ui.css HTTP/1.1" 200 33221
114.119.141.34 - - [03/Nov/2024:00:10:15 +0100] "GET /ticket2/opencms/en/login/ HTTP/1.1" 200 81870
209.85.238.41 - - [03/Nov/2024:00:10:16 +0100] "GET /ticket2/opencms/system/modules/com.gridnine.opencms.ticketbrokerage.site/resources/css/calendar.css HTTP/1.1" 200 6871
209.85.238.41 - - [03/Nov/2024:00:10:17 +0100] "GET /ticket2/opencms/system/modules/com.gridnine.opencms.ticketbrokerage.site/resources/css/jquery.fancybox.css HTTP/1.1" 200 4939
94.154.239.69 - - [03/Nov/2024:00:10:19 +0100] "GET /ticket2/opencms/fi/venue/?venueid=7E82DC48-1248-0BA8-8AD1-989A2C48BEDA HTTP/1.1" 200 78562
209.85.238.41 - - [03/Nov/2024:00:10:19 +0100] "GET /ticket2/opencms/system/modules/com.gridnine.opencms.ticketbrokerage.site/resources/css/standard.css HTTP/1.1" 200 73073
209.85.238.41 - - [03/Nov/2024:00:10:20 +0100] "GET /ticket2/opencms/system/modules/com.gridnine.opencms.ticketbrokerage.site/resources/js/functions.js HTTP/1.1" 200 1583
209.85.238.41 - - [03/Nov/2024:00:10:21 +0100] "GET /ticket2/opencms/system/modules/com.gridnine.opencms.ticketbrokerage.site/resources/js/jquery.fancybox.pack.js HTTP/1.1" 200 23187
94.154.239.69 - - [03/Nov/2024:00:10:23 +0100] "GET /ticket2/opencms/fi/venue/?venueid=7E97277D-1DCB-20AA-8AE9-51535192889A HTTP/1.1" 200 78539
209.85.238.41 - - [03/Nov/2024:00:10:23 +0100] "GET /ticket2/opencms/system/modules/com.gridnine.opencms.ticketbrokerage.site/resources/js/calendar-setup.js HTTP/1.1" 200 4923
209.85.238.41 - - [03/Nov/2024:00:10:24 +0100] "GET /ticket2/opencms/system/modules/com.gridnine.opencms.ticketbrokerage.site/resources/js/stickyfill.min.js HTTP/1.1" 200 5672
209.85.238.41 - - [03/Nov/2024:00:10:26 +0100] "GET /ticket2/opencms/system/modules/com.gridnine.opencms.ticketbrokerage.site/resources/js/jquery/jquery.js HTTP/1.1" 200 93868
94.154.239.69 - - [03/Nov/2024:00:10:27 +0100] "GET /ticket2/opencms/fi/venue/?venueid=7ECDA6E6-A656-10FC-73E8-F0105E917177 HTTP/1.1" 200 78641
209.85.238.41 - - [03/Nov/2024:00:10:27 +0100] "GET /ticket2/opencms/system/modules/com.gridnine.opencms.ticketbrokerage.site/resources/js/standard.js HTTP/1.1" 200 3978
209.85.238.41 - - [03/Nov/2024:00:10:28 +0100] "GET /ticket2/opencms/system/modules/com.gridnine.opencms.ticketbrokerage.site/resources/js/calendar-en.js HTTP/1.1" 200 3338
47.128.49.86 - - [03/Nov/2024:00:10:29 +0100] "GET /ticket2/opencms/lv/buy/?catid=36394212-F82E-F845-399B-42BED55969CC&comcatid=A17713B6-D984-201A-4143-ED4DB5ED5C2E&npage=2 HTTP/1.1" 200 242567
47.128.59.67 - - [03/Nov/2024:00:10:29 +0100] "GET /ticket2/opencms/en/buy/?edid=F267BE64-0678-3C51-6F26-6987170C70AB HTTP/1.1" 200 79757
209.85.238.41 - - [03/Nov/2024:00:10:30 +0100] "GET /ticket2/opencms/system/modules/com.gridnine.opencms.ticketbrokerage.site/resources/js/calendar.js HTTP/1.1" 200 49229
94.154.239.69 - - [03/Nov/2024:00:10:31 +0100] "GET /ticket2/opencms/fi/venue/?venueid=7F4399DF-09B0-51D6-E82A-35DDE26DDE35 HTTP/1.1" 200 78578
209.85.238.41 - - [03/Nov/2024:00:10:31 +0100] "GET /ticket2/opencms/system/modules/com.gridnine.opencms.ticketbrokerage.site/resources/js/jquery/jquery-ui.js HTTP/1.1" 200 228088
209.85.238.41 - - [03/Nov/2024:00:10:33 +0100] "GET /ticket2/opencms/system/modules/com.gridnine.opencms.ticketbrokerage.site/resources/js/jquery.placeholder.min.js HTTP/1.1" 200 1737
209.85.238.41 - - [03/Nov/2024:00:10:34 +0100] "GET /ticket2/opencms/system/modules/com.gridnine.opencms.ticketbrokerage.site/resources/js/common-ajax.js HTTP/1.1" 200 20175
94.154.239.69 - - [03/Nov/2024:00:10:35 +0100] "GET /ticket2/opencms/fi/venue/?venueid=7F535AB1-F888-ED6B-B55A-1270FA6C3498 HTTP/1.1" 200 78544
157.90.209.79 - - [03/Nov/2024:00:10:38 +0100] "GET /ticket2/opencms/fi/buy?page=1&edid=133B893E-0B2E-BEF9-99B1-9E25283FAB9D HTTP/1.1" 200 114943
94.154.239.69 - - [03/Nov/2024:00:10:39 +0100] "GET /ticket2/opencms/fi/venue/?venueid=7F775268-FDCE-3365-1815-747D9CD711D9 HTTP/1.1" 200 78544
94.154.239.69 - - [03/Nov/2024:00:10:45 +0100] "GET /ticket2/opencms/fi/venue/?venueid=8016D2EB-5A30-A503-2E51-C1845CAF0467 HTTP/1.1" 200 78619
94.154.239.69 - - [03/Nov/2024:00:10:49 +0100] "GET /ticket2/opencms/fi/venue/?venueid=80282372-5C99-DBF4-F014-FB112931F6DA HTTP/1.1" 200 78547
94.154.239.69 - - [03/Nov/2024:00:10:53 +0100] "GET /ticket2/opencms/fi/venue/?venueid=8034B51E-43F2-D862-3B50-4F1B67991063 HTTP/1.1" 200 78598
47.128.18.142 - - [03/Nov/2024:00:10:53 +0100] "GET /ticket2/opencms/fi/venue/?venueid=6F45CC98-0FF4-9684-10A7-A4EABAFB5F44 HTTP/1.1" 200 78554
94.154.239.69 - - [03/Nov/2024:00:10:57 +0100] "GET /ticket2/opencms/fi/venue/?venueid=81019620-2AA3-B707-CDBF-B5932D491F06 HTTP/1.1" 200 78586
94.154.239.69 - - [03/Nov/2024:00:11:01 +0100] "GET /ticket2/opencms/fi/venue/?venueid=81135D5C-2720-4F9C-A299-6D2AF82D185D HTTP/1.1" 200 78627
157.55.39.14 - - [03/Nov/2024:00:11:05 +0100] "GET /ticket2/opencms/dk/ HTTP/1.1" 200 96170
94.154.239.69 - - [03/Nov/2024:00:11:06 +0100] "GET /ticket2/opencms/fi/venue/?venueid=811C0359-3C33-A4FE-B62F-0F71E1D5271C HTTP/1.1" 200 78583
207.46.13.168 - - [03/Nov/2024:00:11:08 +0100] "GET /ticket2/opencms/en/venue/?venueid=3696F630-3175-B624-1F25-409A07AAD64C HTTP/1.1" 200 77018
94.154.239.69 - - [03/Nov/2024:00:11:09 +0100] "GET /ticket2/opencms/fi/venue/?venueid=81575406-737A-D887-8BD9-C8B79507FB55 HTTP/1.1" 200 78526
157.90.209.79 - - [03/Nov/2024:00:11:10 +0100] "GET /ticket2/opencms/fi/buy?page=1&edid=145F87FE-BCE7-15CF-CE4F-3702933DA737 HTTP/1.1" 200 102471
114.119.141.206 - - [03/Nov/2024:00:11:12 +0100] "GET /ticket2/opencms/en/buy/?page=6&comcatid=A17713B6-D984-201A-4143-ED4DB5ED5C2E&catid=21C3854B-901E-11F9-7B7D-6838CC6AFAA4&eventid=684F42AD-E69E-B0FB-F34B-E9B5D5266D07 HTTP/1.1" 200 96860
167.94.145.104 - - [03/Nov/2024:00:11:13 +0100] "GET /ticket2/opencms/ HTTP/1.1" 302 -
94.154.239.69 - - [03/Nov/2024:00:11:13 +0100] "GET /ticket2/opencms/fi/venue/?venueid=81A44EEB-A7AF-B656-9823-252B9D5DFE29 HTTP/1.1" 200 78637
207.46.13.154 - - [03/Nov/2024:00:11:15 +0100] "GET /ticket2/opencms/et/ HTTP/1.1" 200 96927
47.128.113.41 - - [03/Nov/2024:00:11:18 +0100] "GET /ticket2/opencms/fi/venue/?venueid=9482DB45-3F75-FB43-7785-C82DAEA918EF HTTP/1.1" 200 78562
94.154.239.69 - - [03/Nov/2024:00:11:18 +0100] "GET /ticket2/opencms/fi/venue/?venueid=823F5427-3F19-16AC-CDB6-E04B20BCA5D8 HTTP/1.1" 200 78547
185.191.171.15 - - [03/Nov/2024:00:11:22 +0100] "GET /ticket2/opencms/fi/urheilu/jalkapallo/premier_league/crystal_palace/ HTTP/1.1" 200 94824
94.154.239.69 - - [03/Nov/2024:00:11:22 +0100] "GET /ticket2/opencms/fi/venue/?venueid=8243A401-23BF-39C5-8D76-982AC5019BE4 HTTP/1.1" 200 78529
37.123.143.11 - - [03/Nov/2024:00:11:23 +0100] "GET /ticket2/opencms/system/workplace/views/top_foot.jsp?wpFrame=foot HTTP/1.1" 200 1210
37.123.143.11 - - [03/Nov/2024:00:11:23 +0100] "GET /ticket2/opencms/system/workplace/commons/style/workplace.css HTTP/1.1" 200 14209
167.94.145.104 - - [03/Nov/2024:00:11:23 +0100] "GET /ticket2/opencms/en/ HTTP/1.1" 200 95593
167.94.145.104 - - [03/Nov/2024:00:11:25 +0100] "GET /ticket2/opencms/img/icons/ticket2.thumbnail.png HTTP/1.1" 200 21519
167.94.145.104 - - [03/Nov/2024:00:11:25 +0100] "GET /ticket2/opencms/favicon.ico HTTP/1.1" 200 15406
94.154.239.69 - - [03/Nov/2024:00:11:26 +0100] "GET /ticket2/opencms/fi/venue/?venueid=842722E9-5FE1-5D36-B4BC-7C6A76B1894C HTTP/1.1" 200 78572
94.154.239.69 - - [03/Nov/2024:00:11:30 +0100] "GET /ticket2/opencms/fi/venue/?venueid=849CB8D2-585E-A2B3-5FDB-72B7613BA7D9 HTTP/1.1" 200 78544
94.154.239.69 - - [03/Nov/2024:00:11:35 +0100] "GET /ticket2/opencms/fi/venue/?venueid=84B0B9F0-1596-0D9B-686E-511407E2C0AA HTTP/1.1" 200 78562
94.154.239.69 - - [03/Nov/2024:00:11:39 +0100] "GET /ticket2/opencms/fi/venue/?venueid=84B906DE-B460-D444-68C7-D7444F9F1F9B HTTP/1.1" 200 78571
185.191.171.15 - - [03/Nov/2024:00:11:41 +0100] "GET /ticket2/opencms/fi/urheilu/jalkapallo/la-liga/cadiz/ HTTP/1.1" 200 80386
157.90.209.79 - - [03/Nov/2024:00:11:42 +0100] "GET /ticket2/opencms/fi/buy?page=1&edid=159AEE85-969E-7453-4999-69FCFD2915E6 HTTP/1.1" 200 130950
94.154.239.69 - - [03/Nov/2024:00:11:43 +0100] "GET /ticket2/opencms/fi/venue/?venueid=84B93D8A-8F8E-8AD6-E15A-BD8F16B36685 HTTP/1.1" 200 78559
94.154.239.69 - - [03/Nov/2024:00:11:47 +0100] "GET /ticket2/opencms/fi/venue/?venueid=84D3861B-4D20-42D1-DDF1-325CBB312A30 HTTP/1.1" 200 78520
94.154.239.69 - - [03/Nov/2024:00:11:51 +0100] "GET /ticket2/opencms/fi/venue/?venueid=84D7889A-E11A-AB47-B40A-66082298581A HTTP/1.1" 200 78530
47.128.60.153 - - [03/Nov/2024:00:11:51 +0100] "GET /ticket2/opencms/be/buy?page=10&venueid=084C5FFD-59D7-DA1B-5EFC-5854672C42AB HTTP/1.1" 302 -
40.77.167.44 - - [03/Nov/2024:00:11:52 +0100] "GET /ticket2/opencms/ga/buy?page=1&edid=A250B4B1-8EE0-FF45-8CB6-582F5F739AF9 HTTP/1.1" 200 127045
47.128.60.153 - - [03/Nov/2024:00:11:52 +0100] "GET /ticket2/opencms/be/buy/ HTTP/1.1" 200 80137
94.154.239.69 - - [03/Nov/2024:00:11:55 +0100] "GET /ticket2/opencms/fi/venue/?venueid=8527116B-A185-5000-BC60-51916E69D597 HTTP/1.1" 200 78566
94.154.239.69 - - [03/Nov/2024:00:11:59 +0100] "GET /ticket2/opencms/fi/venue/?venueid=8682E816-1238-F4DA-A108-AC8CA9D6A4AD HTTP/1.1" 200 78664
94.154.239.69 - - [03/Nov/2024:00:12:03 +0100] "GET /ticket2/opencms/fi/venue/?venueid=86A94F85-9F2F-8D78-963D-5E90833F60CD HTTP/1.1" 200 78541
94.154.239.69 - - [03/Nov/2024:00:12:07 +0100] "GET /ticket2/opencms/fi/venue/?venueid=86AE90BC-D8AF-A4B6-5DCE-73A3626C185F HTTP/1.1" 200 78589
66.249.73.38 - - [03/Nov/2024:00:12:08 +0100] "GET /ticket2/opencms/de/buy?page=1&edid=E0A8CE5D-A2DA-F5EB-6814-85F787FE51D7 HTTP/1.1" 200 101328
94.154.239.69 - - [03/Nov/2024:00:12:11 +0100] "GET /ticket2/opencms/fi/venue/?venueid=86B389D1-7013-BAF6-CA43-7EB6782B91E5 HTTP/1.1" 200 78632
157.90.209.79 - - [03/Nov/2024:00:12:14 +0100] "GET /ticket2/opencms/fi/buy?page=1&edid=160DAC9A-2A77-6FDC-52B8-296352B1ABF1 HTTP/1.1" 200 125723
94.154.239.69 - - [03/Nov/2024:00:12:15 +0100] "GET /ticket2/opencms/fi/venue/?venueid=86C22CE0-18B6-865E-E69F-CE6725E2874B HTTP/1.1" 200 79084
94.154.239.69 - - [03/Nov/2024:00:12:19 +0100] "GET /ticket2/opencms/fi/venue/?venueid=86DEA7DE-EC8B-6F7F-4E07-89780910ACCD HTTP/1.1" 200 78553
47.128.26.32 - - [03/Nov/2024:00:12:22 +0100] "GET /ticket2/opencms/ga/buy/?edid=7D0034DE-60A0-B971-BE37-13F34A8B84FE HTTP/1.1" 200 81535
94.154.239.69 - - [03/Nov/2024:00:12:23 +0100] "GET /ticket2/opencms/fi/venue/?venueid=86F0DC08-5FD1-E5A8-C05C-1DCBCBDEB57F HTTP/1.1" 200 78590
207.46.13.141 - - [03/Nov/2024:00:12:26 +0100] "GET /ticket2/opencms/en/venue/?venueid=9106BE2A-595F-088E-C676-3C2DCBD74D16 HTTP/1.1" 200 77093
94.154.239.69 - - [03/Nov/2024:00:12:27 +0100] "GET /ticket2/opencms/fi/venue/?venueid=874CBB36-B0FB-2810-94F3-827DF6CD2D19 HTTP/1.1" 200 78571
94.154.239.69 - - [03/Nov/2024:00:12:31 +0100] "GET /ticket2/opencms/fi/venue/?venueid=8753D9BE-AD84-FD44-C557-0BEF8FD830B3 HTTP/1.1" 200 78584
207.46.13.83 - - [03/Nov/2024:00:12:31 +0100] "GET /ticket2/opencms/en/venue/?venueid=A9729561-0F30-059F-16C0-B98F2DEFE27A HTTP/1.1" 200 77040
85.208.96.209 - - [03/Nov/2024:00:12:34 +0100] "GET /ticket2/opencms/no/sport/motor/formel_1/ HTTP/1.1" 200 82375
94.154.239.69 - - [03/Nov/2024:00:12:35 +0100] "GET /ticket2/opencms/fi/venue/?venueid=879967C0-57AE-A0D6-80DD-31C312C0E736 HTTP/1.1" 200 78538
94.154.239.69 - - [03/Nov/2024:00:12:39 +0100] "GET /ticket2/opencms/fi/venue/?venueid=879B0F51-C151-32AF-3491-072EFA33AFCB HTTP/1.1" 200 78512
54.174.58.231 - - [03/Nov/2024:00:12:39 +0100] "GET /ticket2/opencms/ HTTP/1.1" 302 -
54.174.58.246 - - [03/Nov/2024:00:12:39 +0100] "GET /ticket2/opencms/en/ HTTP/1.1" 200 95593
94.154.239.69 - - [03/Nov/2024:00:12:43 +0100] "GET /ticket2/opencms/fi/venue/?venueid=8873E817-852C-7B3A-DC3B-7014498C6FBC HTTP/1.1" 200 78551
94.154.239.69 - - [03/Nov/2024:00:12:47 +0100] "GET /ticket2/opencms/fi/venue/?venueid=88C3766A-DDEA-8940-EB5A-0950A80A0781 HTTP/1.1" 200 78605
157.90.209.79 - - [03/Nov/2024:00:12:47 +0100] "GET /ticket2/opencms/fi/buy?page=1&edid=1ABC406A-92BD-FDCF-3BD6-80A52E60B34F HTTP/1.1" 200 135198
66.249.65.107 - - [03/Nov/2024:00:12:50 +0100] "GET /ticket2/opencms/sv/magazine/ HTTP/1.1" 200 137241
94.154.239.69 - - [03/Nov/2024:00:12:50 +0100] "GET /ticket2/opencms/fi/venue/?venueid=88F7BD42-D802-9204-CAB7-CFC868488AC2 HTTP/1.1" 200 78517
66.249.65.106 - - [03/Nov/2024:00:12:54 +0100] "GET /ticket2/opencms/fi/ HTTP/1.1" 200 97182
94.154.239.69 - - [03/Nov/2024:00:12:55 +0100] "GET /ticket2/opencms/fi/venue/?venueid=88FA5ED7-F5AA-6C61-A45E-2A93337B7DAA HTTP/1.1" 200 78511
94.154.239.69 - - [03/Nov/2024:00:12:59 +0100] "GET /ticket2/opencms/fi/venue/?venueid=89495595-3833-25EC-3C64-30EAE6238716 HTTP/1.1" 200 78605
94.154.239.69 - - [03/Nov/2024:00:13:02 +0100] "GET /ticket2/opencms/fi/venue/?venueid=895DAA27-0D01-3F9A-C82D-1FA2A5BCB45B HTTP/1.1" 200 78536
85.208.96.194 - - [03/Nov/2024:00:13:06 +0100] "GET /ticket2/opencms/de/magazine/article?title=la-liga-real-madrid-hat-die-meisten-titel-gewonnen HTTP/1.1" 200 82274
94.154.239.69 - - [03/Nov/2024:00:13:06 +0100] "GET /ticket2/opencms/fi/venue/?venueid=8A02FD62-AB7D-0F2A-98D0-1DF2D8566333 HTTP/1.1" 200 78571
94.154.239.69 - - [03/Nov/2024:00:13:10 +0100] "GET /ticket2/opencms/fi/venue/?venueid=8A164F69-C3AD-8904-FC05-FBEE26604F9B HTTP/1.1" 200 78539
66.249.73.38 - - [03/Nov/2024:00:13:11 +0100] "GET /ticket2/opencms/de/buy?page=1&edid=BE8C7FA0-9E48-EAB3-3A70-9E9F9EA30F95 HTTP/1.1" 200 135710
94.154.239.69 - - [03/Nov/2024:00:13:14 +0100] "GET /ticket2/opencms/fi/venue/?venueid=8A17268F-190C-08C5-2317-BAB591EDC85C HTTP/1.1" 200 78599
47.128.27.107 - - [03/Nov/2024:00:13:15 +0100] "GET /ticket2/opencms/cs/buy?edid=928BB7D5-7B45-3D87-4539-AB69908A1985 HTTP/1.1" 200 81473
66.249.73.37 - - [03/Nov/2024:00:13:16 +0100] "GET /ticket2/opencms/de/buy?page=1&edid=8D916C6C-0A69-41F7-4678-427710F013C6 HTTP/1.1" 200 127667
157.90.209.79 - - [03/Nov/2024:00:13:18 +0100] "GET /ticket2/opencms/fi/buy?page=1&edid=1B6F6A2B-A0DA-FF91-EC4E-3DCAA442C25B HTTP/1.1" 200 124707
185.191.171.8 - - [03/Nov/2024:00:13:25 +0100] "GET /ticket2/opencms/robots.txt HTTP/1.1" 200 773
185.191.171.19 - - [03/Nov/2024:00:13:26 +0100] "GET /ticket2/opencms/sv/sport/fotbollsbiljetter/la_liga/osasuna/ HTTP/1.1" 200 92436
37.123.143.11 - - [03/Nov/2024:00:13:30 +0100] "GET /ticket2/opencms/en/sport/football-tickets/premier_league/liverpool HTTP/1.1" 200 93877
37.123.143.11 - - [03/Nov/2024:00:13:30 +0100] "GET /ticket2/opencms/system/modules/com.gridnine.opencms.ticketbrokerage.site/resources/css/ticketbrokerage.css HTTP/1.1" 200 39339
37.123.143.11 - - [03/Nov/2024:00:13:30 +0100] "GET /ticket2/opencms/system/modules/com.gridnine.opencms.ticketbrokerage.site/resources/css/calendar.css HTTP/1.1" 200 6871
37.123.143.11 - - [03/Nov/2024:00:13:30 +0100] "GET /ticket2/opencms/system/modules/com.gridnine.opencms.ticketbrokerage.site/resources/js/calendar-en.js HTTP/1.1" 200 3338
37.123.143.11 - - [03/Nov/2024:00:13:30 +0100] "GET /ticket2/opencms/system/modules/com.gridnine.opencms.ticketbrokerage.site/resources/js/functions.js HTTP/1.1" 200 1583
37.123.143.11 - - [03/Nov/2024:00:13:30 +0100] "GET /ticket2/opencms/system/modules/com.gridnine.opencms.ticketbrokerage.site/resources/js/calendar-setup.js HTTP/1.1" 200 4923
37.123.143.11 - - [03/Nov/2024:00:13:30 +0100] "GET /ticket2/opencms/system/modules/com.gridnine.opencms.ticketbrokerage.site/resources/js/calendar.js HTTP/1.1" 200 49229
37.123.143.11 - - [03/Nov/2024:00:13:30 +0100] "GET /ticket2/opencms/system/modules/com.gridnine.opencms.ticketbrokerage.site/resources/css/standard.css HTTP/1.1" 200 73073
37.123.143.11 - - [03/Nov/2024:00:13:30 +0100] "GET /ticket2/opencms/system/modules/com.gridnine.opencms.ticketbrokerage.site/resources/js/standard.js HTTP/1.1" 200 3978
37.123.143.11 - - [03/Nov/2024:00:13:30 +0100] "GET /ticket2/opencms/system/modules/com.gridnine.opencms.ticketbrokerage.site/resources/pics/banners/team/premier_league/liverpool.png HTTP/1.1" 200 73956
37.123.143.11 - - [03/Nov/2024:00:13:30 +0100] "GET /ticket2/opencms/system/modules/com.gridnine.opencms.ticketbrokerage.site/resources/css/images/ui-bg_flat_75_ffffff_40x100.png HTTP/1.1" 404 -
217.212.209.215 - - [03/Nov/2024:00:13:46 +0100] "GET /ticket2/opencms/system/modules/com.gridnine.opencms.ticketbrokerage.site/resources/css/images/ui-bg_flat_75_ffffff_40x100.png HTTP/1.1" 404 -
157.90.209.79 - - [03/Nov/2024:00:13:50 +0100] "GET /ticket2/opencms/fi/buy?page=1&edid=1B836A42-4F20-7A0F-05D1-08388A470666 HTTP/1.1" 200 101076
37.123.143.11 - - [03/Nov/2024:00:13:57 +0100] "GET /ticket2/opencms/ro/ HTTP/1.1" 200 97256
37.123.143.11 - - [03/Nov/2024:00:13:58 +0100] "GET /ticket2/opencms/system/modules/com.gridnine.opencms.ticketbrokerage.site/resources/css/ticketbrokerage.css HTTP/1.1" 200 39339
37.123.143.11 - - [03/Nov/2024:00:13:58 +0100] "GET /ticket2/opencms/system/modules/com.gridnine.opencms.ticketbrokerage.site/resources/css/calendar.css HTTP/1.1" 200 6871
37.123.143.11 - - [03/Nov/2024:00:13:58 +0100] "GET /ticket2/opencms/system/modules/com.gridnine.opencms.ticketbrokerage.site/resources/css/standard.css HTTP/1.1" 200 73073
37.123.143.11 - - [03/Nov/2024:00:13:58 +0100] "GET /ticket2/opencms/system/modules/com.gridnine.opencms.ticketbrokerage.site/resources/js/functions.js HTTP/1.1" 200 1583
37.123.143.11 - - [03/Nov/2024:00:13:58 +0100] "GET /ticket2/opencms/system/modules/com.gridnine.opencms.ticketbrokerage.site/resources/js/calendar-en.js HTTP/1.1" 200 3338
37.123.143.11 - - [03/Nov/2024:00:13:58 +0100] "GET /ticket2/opencms/system/modules/com.gridnine.opencms.ticketbrokerage.site/resources/js/calendar-setup.js HTTP/1.1" 200 4923
37.123.143.11 - - [03/Nov/2024:00:13:58 +0100] "GET /ticket2/opencms/system/modules/com.gridnine.opencms.ticketbrokerage.site/resources/js/calendar.js HTTP/1.1" 200 49229
37.123.143.11 - - [03/Nov/2024:00:13:58 +0100] "GET /ticket2/opencms/system/modules/com.gridnine.opencms.ticketbrokerage.site/resources/js/standard.js HTTP/1.1" 200 3978
37.123.143.11 - - [03/Nov/2024:00:13:58 +0100] "GET /ticket2/opencms/system/modules/com.gridnine.opencms.ticketbrokerage.site/resources/css/images/ui-bg_flat_75_ffffff_40x100.png HTTP/1.1" 404 -
114.119.145.123 - - [03/Nov/2024:00:13:58 +0100] "GET /ticket2/opencms/en/buy?page=1&edid=CEC73C44-AD3E-9E2F-F7C3-DF7B73783142 HTTP/1.1" 200 100731
148.72.165.254 - - [03/Nov/2024:00:14:04 +0100] "GET /ticket2/opencms/no/sport/fotballsbilletter/premier_league/arsenal/?gad_source=5&gclid=EAIaIQobChMI6rKkm-a-iQMVU0uRBR3PADANEAEYASAAEgIRiPD_BwE HTTP/1.1" 200 96629
185.191.171.4 - - [03/Nov/2024:00:14:13 +0100] "GET /ticket2/opencms/lt/buy_safety/ HTTP/1.1" 200 80993
66.249.73.39 - - [03/Nov/2024:00:14:15 +0100] "GET /ticket2/opencms/de/buy?page=1&edid=E9DB3A42-82BF-9B65-3ED4-EE5A32871388 HTTP/1.1" 200 121043
157.90.209.79 - - [03/Nov/2024:00:14:22 +0100] "GET /ticket2/opencms/fi/buy?page=1&edid=21BADD47-9DF1-089A-9149-B7D8F893FCB4 HTTP/1.1" 200 101997
37.123.143.11 - - [03/Nov/2024:00:14:24 +0100] "POST /ticket2/opencms/system/workplace/views/top_head.jsp HTTP/1.1" 200 8577
37.123.143.11 - - [03/Nov/2024:00:14:24 +0100] "GET /ticket2/opencms/system/workplace/commons/style/workplace.css HTTP/1.1" 200 14209
37.123.143.11 - - [03/Nov/2024:00:14:24 +0100] "GET /ticket2/opencms/system/workplace/views/explorer/explorer_fs.jsp HTTP/1.1" 200 448
207.46.13.141 - - [03/Nov/2024:00:14:24 +0100] "GET /ticket2/opencms/mt/login/ HTTP/1.1" 200 83311
37.123.143.11 - - [03/Nov/2024:00:14:24 +0100] "GET /ticket2/opencms/system/workplace/views/explorer/explorer_body_fs.jsp HTTP/1.1" 200 400
37.123.143.11 - - [03/Nov/2024:00:14:24 +0100] "GET /ticket2/opencms/system/workplace/views/explorer/tree_fs.jsp HTTP/1.1" 200 3861
37.123.143.11 - - [03/Nov/2024:00:14:24 +0100] "GET /ticket2/opencms/system/workplace/views/explorer/explorer_files.jsp?mode=explorerview HTTP/1.1" 200 784
37.123.143.11 - - [03/Nov/2024:00:14:24 +0100] "GET /ticket2/opencms/system/workplace/views/explorer/tree_files.jsp?resource=/ HTTP/1.1" 200 4796
37.123.143.11 - - [03/Nov/2024:00:14:24 +0100] "GET /ticket2/opencms/system/workplace/commons/style/workplace.css HTTP/1.1" 200 14209
37.187.89.104 - - [03/Nov/2024:00:14:24 +0100] "GET /ticket2/opencms/robots.txt HTTP/1.1" 200 773
37.123.143.11 - - [03/Nov/2024:00:14:31 +0100] "GET /ticket2/opencms/system/workplace/views/explorer/explorer_files.jsp?resource=/es/magazine/&mode=explorerview HTTP/1.1" 200 8121
37.123.143.11 - - [03/Nov/2024:00:14:31 +0100] "GET /ticket2/opencms/system/workplace/views/explorer/tree_files.jsp?resource=/es/magazine/&rootloaded=true HTTP/1.1" 200 416
37.123.143.11 - - [03/Nov/2024:00:14:31 +0100] "GET /ticket2/opencms/system/workplace/commons/style/workplace.css HTTP/1.1" 200 14209
37.123.143.11 - - [03/Nov/2024:00:14:31 +0100] "GET /ticket2/opencms/system/workplace/views/explorer/tree_files.jsp?resource=/es/&rootloaded=true HTTP/1.1" 200 2471
37.123.143.11 - - [03/Nov/2024:00:14:31 +0100] "GET /ticket2/opencms/system/workplace/views/explorer/explorer_files.jsp?resource=/es/&page=1&mode=explorerview HTTP/1.1" 200 7360
37.123.143.11 - - [03/Nov/2024:00:14:31 +0100] "GET /ticket2/opencms/system/workplace/commons/style/workplace.css HTTP/1.1" 200 14209
157.55.39.9 - - [03/Nov/2024:00:14:33 +0100] "GET /ticket2/opencms/dk/about/contact HTTP/1.1" 200 79970
37.187.89.104 - - [03/Nov/2024:00:14:37 +0100] "GET /ticket2/opencms/sv/buy/?page=1&edid=596C9962-08B1-F451-67A0-7F710776E88D&sortorder=asc&column=section HTTP/1.1" 200 101316
47.128.50.140 - - [03/Nov/2024:00:14:38 +0100] "GET /ticket2/opencms/az/buy?edid=CA58C888-F6D9-C60F-ADB8-6143B0EE43C9 HTTP/1.1" 200 81540
37.123.143.11 - - [03/Nov/2024:00:14:38 +0100] "GET /ticket2/opencms/system/workplace/views/explorer/tree_files.jsp?resource=/ro/&rootloaded=true HTTP/1.1" 200 2754
37.123.143.11 - - [03/Nov/2024:00:14:38 +0100] "GET /ticket2/opencms/system/workplace/views/explorer/explorer_files.jsp?resource=/ro&page=1&mode=explorerview HTTP/1.1" 200 7385
54.36.148.201 - - [03/Nov/2024:00:14:39 +0100] "GET /ticket2/opencms/it/buy?page=1&edid=0F9D6B87-FBA2-98F6-6A11-CBBA4D2A86C1 HTTP/1.1" 200 132393
40.77.167.12 - - [03/Nov/2024:00:14:41 +0100] "GET /ticket2/opencms/sk/buy/?comcatid=97ECA65A-72DA-F9AF-9DBB-245D3CFED1BE&catid=8732E72C-A028-EA8C-4D4D-DEB44E2A28A8 HTTP/1.1" 200 88775
47.128.125.29 - - [03/Nov/2024:00:14:42 +0100] "GET /ticket2/opencms/sr/buy/?edid=0B61E12F-3357-9D4A-8CE6-56FAB7BA659C HTTP/1.1" 200 81862
114.119.136.146 - - [03/Nov/2024:00:14:42 +0100] "GET /ticket2/opencms/en/venue/?venueid=18588407-AEA5-199B-F5F1-2A140DC5DCA8 HTTP/1.1" 200 76982
185.191.171.7 - - [03/Nov/2024:00:14:47 +0100] "GET /ticket2/opencms/de/sport/fussball-tickets/premier_league/ HTTP/1.1" 200 90641
37.123.143.11 - - [03/Nov/2024:00:14:47 +0100] "GET /ticket2/opencms/system/workplace/views/explorer/tree_files.jsp?resource=/ro/sport/&rootloaded=true HTTP/1.1" 200 978
37.123.143.11 - - [03/Nov/2024:00:14:47 +0100] "GET /ticket2/opencms/system/workplace/views/explorer/explorer_files.jsp?resource=/ro/sport/&page=1&mode=explorerview HTTP/1.1" 200 2374
37.187.89.104 - - [03/Nov/2024:00:14:52 +0100] "GET /ticket2/opencms/sv/buy/?page=1&edid=59881ED4-3CCD-4767-277F-ABAE3B204DE3 HTTP/1.1" 200 100109
157.90.209.79 - - [03/Nov/2024:00:14:54 +0100] "GET /ticket2/opencms/fi/buy?page=1&edid=25666712-CB7E-CDDD-4626-F1CD96C38316 HTTP/1.1" 200 135199
94.74.81.68 - - [03/Nov/2024:00:14:55 +0100] "GET /ticket2/opencms/hu/sport/focijegyek/serie-a/juventus HTTP/1.1" 200 96971
157.55.39.192 - - [03/Nov/2024:00:14:59 +0100] "GET /ticket2/opencms/pl/buy/?page=1&edid=4660DE29-C3F1-FFBE-5E6B-4C74E874EC91 HTTP/1.1" 200 126024
37.187.89.104 - - [03/Nov/2024:00:15:01 +0100] "GET /ticket2/opencms/sv/buy/?page=1&edid=59AB6E9D-6FC4-6EF5-CB9B-2ACFED9E25CF HTTP/1.1" 200 100972
44.243.69.211 - - [03/Nov/2024:00:15:05 +0100] "GET /ticket2/opencms/sv/ HTTP/1.1" 200 96367
44.243.69.211 - - [03/Nov/2024:00:15:05 +0100] "GET /ticket2/opencms/system/modules/com.gridnine.opencms.ticketbrokerage.site/resources/css/ticketbrokerage.css HTTP/1.1" 200 39339
44.243.69.211 - - [03/Nov/2024:00:15:05 +0100] "GET /ticket2/opencms/system/modules/com.gridnine.opencms.ticketbrokerage.site/resources/css/calendar.css HTTP/1.1" 200 6871
44.243.69.211 - - [03/Nov/2024:00:15:05 +0100] "GET /ticket2/opencms/system/modules/com.gridnine.opencms.ticketbrokerage.site/resources/css/jquery-ui.css HTTP/1.1" 200 33221
44.243.69.211 - - [03/Nov/2024:00:15:05 +0100] "GET /ticket2/opencms/system/modules/com.gridnine.opencms.ticketbrokerage.site/resources/css/standard.css HTTP/1.1" 200 73073
44.243.69.211 - - [03/Nov/2024:00:15:05 +0100] "GET /ticket2/opencms/system/modules/com.gridnine.opencms.ticketbrokerage.site/resources/css/jquery.fancybox.css HTTP/1.1" 200 4939
44.243.69.211 - - [03/Nov/2024:00:15:05 +0100] "GET /ticket2/opencms/system/modules/com.gridnine.opencms.ticketbrokerage.site/resources/js/jquery/jquery.js HTTP/1.1" 200 93868
44.243.69.211 - - [03/Nov/2024:00:15:05 +0100] "GET /ticket2/opencms/system/modules/com.gridnine.opencms.ticketbrokerage.site/resources/js/calendar-setup.js HTTP/1.1" 200 4923
44.243.69.211 - - [03/Nov/2024:00:15:05 +0100] "GET /ticket2/opencms/system/modules/com.gridnine.opencms.ticketbrokerage.site/resources/js/jquery/jquery-ui.js HTTP/1.1" 200 228088
44.243.69.211 - - [03/Nov/2024:00:15:05 +0100] "GET /ticket2/opencms/system/modules/com.gridnine.opencms.ticketbrokerage.site/resources/js/functions.js HTTP/1.1" 200 1583
44.243.69.211 - - [03/Nov/2024:00:15:05 +0100] "GET /ticket2/opencms/system/modules/com.gridnine.opencms.ticketbrokerage.site/resources/js/calendar.js HTTP/1.1" 200 49229
44.243.69.211 - - [03/Nov/2024:00:15:06 +0100] "GET /ticket2/opencms/system/modules/com.gridnine.opencms.ticketbrokerage.site/resources/js/calendar-en.js HTTP/1.1" 200 3338
44.243.69.211 - - [03/Nov/2024:00:15:06 +0100] "GET /ticket2/opencms/system/modules/com.gridnine.opencms.ticketbrokerage.site/resources/js/jquery.fancybox.pack.js HTTP/1.1" 200 23187
44.243.69.211 - - [03/Nov/2024:00:15:06 +0100] "GET /ticket2/opencms/system/modules/com.gridnine.opencms.ticketbrokerage.site/resources/js/stickyfill.min.js HTTP/1.1" 200 5672
44.243.69.211 - - [03/Nov/2024:00:15:06 +0100] "GET /ticket2/opencms/system/modules/com.gridnine.opencms.ticketbrokerage.site/resources/js/standard.js HTTP/1.1" 200 3978
44.243.69.211 - - [03/Nov/2024:00:15:06 +0100] "GET /ticket2/opencms/system/modules/com.gridnine.opencms.ticketbrokerage.site/resources/js/common-ajax.js HTTP/1.1" 200 20175
44.243.69.211 - - [03/Nov/2024:00:15:06 +0100] "GET /ticket2/opencms/system/modules/com.gridnine.opencms.ticketbrokerage.site/resources/js/jquery.placeholder.min.js HTTP/1.1" 200 1737
44.243.69.211 - - [03/Nov/2024:00:15:07 +0100] "GET /ticket2/opencms/system/modules/com.gridnine.opencms.ticketbrokerage.site/resources/pics/logo-new.png HTTP/1.1" 200 13541
44.243.69.211 - - [03/Nov/2024:00:15:07 +0100] "GET /ticket2/opencms/img/insta.png HTTP/1.1" 200 3967
44.243.69.211 - - [03/Nov/2024:00:15:07 +0100] "GET /ticket2/opencms/img/fb.png HTTP/1.1" 200 1269
44.243.69.211 - - [03/Nov/2024:00:15:07 +0100] "GET /ticket2/opencms/system/modules/com.gridnine.opencms.ticketbrokerage.site/resources/pics/footer-img.jpg HTTP/1.1" 200 67642
44.243.69.211 - - [03/Nov/2024:00:15:08 +0100] "GET /ticket2/opencms/img/banner-pl.jpeg HTTP/1.1" 200 41818
44.243.69.211 - - [03/Nov/2024:00:15:08 +0100] "GET /ticket2/opencms/img/banner-sa.jpeg HTTP/1.1" 200 41270
44.243.69.211 - - [03/Nov/2024:00:15:08 +0100] "GET /ticket2/opencms/img/banner-ll.jpeg HTTP/1.1" 200 41825
44.243.69.211 - - [03/Nov/2024:00:15:08 +0100] "GET /ticket2/opencms/img/arrow.png HTTP/1.1" 200 753
44.243.69.211 - - [03/Nov/2024:00:15:08 +0100] "GET /ticket2/opencms/img/check.png HTTP/1.1" 200 548
44.243.69.211 - - [03/Nov/2024:00:15:08 +0100] "GET /ticket2/opencms/img/mail.png HTTP/1.1" 200 403
44.243.69.211 - - [03/Nov/2024:00:15:08 +0100] "GET /ticket2/opencms/img/chat.png HTTP/1.1" 200 416
44.243.69.211 - - [03/Nov/2024:00:15:09 +0100] "GET /ticket2/opencms/img/icons/en.png HTTP/1.1" 200 2415
44.243.69.211 - - [03/Nov/2024:00:15:09 +0100] "GET /ticket2/opencms/img/icons/fi.png HTTP/1.1" 200 1785
44.243.69.211 - - [03/Nov/2024:00:15:09 +0100] "GET /ticket2/opencms/img/icons/globe-white.png HTTP/1.1" 200 947
44.243.69.211 - - [03/Nov/2024:00:15:09 +0100] "GET /ticket2/opencms/img/icons/no.png HTTP/1.1" 200 1958
44.243.69.211 - - [03/Nov/2024:00:15:09 +0100] "GET /ticket2/opencms/img/icons/se.png HTTP/1.1" 200 1258
44.243.69.211 - - [03/Nov/2024:00:15:09 +0100] "GET /ticket2/opencms/img/icons/dk.png HTTP/1.1" 200 1706
44.243.69.211 - - [03/Nov/2024:00:15:11 +0100] "GET /ticket2/opencms/img/icons/sq.png HTTP/1.1" 200 1619
44.243.69.211 - - [03/Nov/2024:00:15:11 +0100] "GET /ticket2/opencms/img/icons/it.png HTTP/1.1" 200 2040
44.243.69.211 - - [03/Nov/2024:00:15:11 +0100] "GET /ticket2/opencms/img/icons/pl.png HTTP/1.1" 200 1578
44.243.69.211 - - [03/Nov/2024:00:15:11 +0100] "GET /ticket2/opencms/img/icons/de.png HTTP/1.1" 200 1124
44.243.69.211 - - [03/Nov/2024:00:15:11 +0100] "GET /ticket2/opencms/img/icons/nl.png HTTP/1.1" 200 1255
44.243.69.211 - - [03/Nov/2024:00:15:11 +0100] "GET /ticket2/opencms/img/icons/es.png HTTP/1.1" 200 1005
44.243.69.211 - - [03/Nov/2024:00:15:12 +0100] "GET /ticket2/opencms/img/icons/be.png HTTP/1.1" 200 1663
44.243.69.211 - - [03/Nov/2024:00:15:12 +0100] "GET /ticket2/opencms/img/icons/mt.png HTTP/1.1" 200 920
44.243.69.211 - - [03/Nov/2024:00:15:12 +0100] "GET /ticket2/opencms/img/icons/bs.png HTTP/1.1" 200 1014
44.243.69.211 - - [03/Nov/2024:00:15:12 +0100] "GET /ticket2/opencms/img/icons/hr.png HTTP/1.1" 200 2024
44.243.69.211 - - [03/Nov/2024:00:15:12 +0100] "GET /ticket2/opencms/img/icons/bg.png HTTP/1.1" 200 788
44.243.69.211 - - [03/Nov/2024:00:15:12 +0100] "GET /ticket2/opencms/img/icons/is.png HTTP/1.1" 200 1884
44.243.69.211 - - [03/Nov/2024:00:15:12 +0100] "GET /ticket2/opencms/img/icons/fr.png HTTP/1.1" 200 1764
44.243.69.211 - - [03/Nov/2024:00:15:12 +0100] "GET /ticket2/opencms/img/icons/ga.png HTTP/1.1" 200 1759
44.243.69.211 - - [03/Nov/2024:00:15:13 +0100] "GET /ticket2/opencms/img/icons/el.png HTTP/1.1" 200 1637
44.243.69.211 - - [03/Nov/2024:00:15:13 +0100] "GET /ticket2/opencms/img/icons/az.png HTTP/1.1" 200 1445
44.243.69.211 - - [03/Nov/2024:00:15:13 +0100] "GET /ticket2/opencms/img/icons/et.png HTTP/1.1" 200 754
44.243.69.211 - - [03/Nov/2024:00:15:13 +0100] "GET /ticket2/opencms/img/icons/ka.png HTTP/1.1" 200 860
44.243.69.211 - - [03/Nov/2024:00:15:13 +0100] "GET /ticket2/opencms/img/icons/cs.png HTTP/1.1" 200 1883
44.243.69.211 - - [03/Nov/2024:00:15:13 +0100] "GET /ticket2/opencms/img/icons/lv.png HTTP/1.1" 200 716
44.243.69.211 - - [03/Nov/2024:00:15:13 +0100] "GET /ticket2/opencms/img/icons/sr.png HTTP/1.1" 200 1602
44.243.69.211 - - [03/Nov/2024:00:15:13 +0100] "GET /ticket2/opencms/img/icons/lt.png HTTP/1.1" 200 733
44.243.69.211 - - [03/Nov/2024:00:15:13 +0100] "GET /ticket2/opencms/img/icons/hu.png HTTP/1.1" 200 733
44.243.69.211 - - [03/Nov/2024:00:15:13 +0100] "GET /ticket2/opencms/img/icons/mo.png HTTP/1.1" 200 1468
44.243.69.211 - - [03/Nov/2024:00:15:13 +0100] "GET /ticket2/opencms/img/icons/ro.png HTTP/1.1" 200 1393
44.243.69.211 - - [03/Nov/2024:00:15:13 +0100] "GET /ticket2/opencms/img/icons/uk.png HTTP/1.1" 200 1272
44.243.69.211 - - [03/Nov/2024:00:15:13 +0100] "GET /ticket2/opencms/img/icons/sk.png HTTP/1.1" 200 1283
44.243.69.211 - - [03/Nov/2024:00:15:13 +0100] "GET /ticket2/opencms/img/icons/sl.png HTTP/1.1" 200 966
44.243.69.211 - - [03/Nov/2024:00:15:13 +0100] "GET /ticket2/opencms/img/icons/tr.png HTTP/1.1" 200 1636
44.243.69.211 - - [03/Nov/2024:00:15:14 +0100] "GET /ticket2/opencms/system/modules/com.gridnine.opencms.ticketbrokerage.site/resources/js/standard.js HTTP/1.1" 200 3978
37.187.89.104 - - [03/Nov/2024:00:15:15 +0100] "GET /ticket2/opencms/sv/buy/?page=1&edid=59CB1481-AA3F-58DF-B45C-DCD431C2ECE1&sortorder=desc&column=price HTTP/1.1" 200 101857
114.119.146.220 - - [03/Nov/2024:00:15:15 +0100] "GET /ticket2/opencms/en/login HTTP/1.1" 200 81870
44.243.69.211 - - [03/Nov/2024:00:15:16 +0100] "GET /ticket2/opencms/system/modules/com.gridnine.opencms.ticketbrokerage.site/resources/css/images/ui-bg_flat_75_ffffff_40x100.png HTTP/1.1" 404 -
37.187.89.104 - - [03/Nov/2024:00:15:23 +0100] "GET /ticket2/opencms/sv/buy/?page=1&edid=59CB1481-AA3F-58DF-B45C-DCD431C2ECE1&sortorder=desc&column=row HTTP/1.1" 200 101765
185.191.171.10 - - [03/Nov/2024:00:15:23 +0100] "GET /ticket2/opencms/bs/buying_tickets/ HTTP/1.1" 200 80593
157.90.209.79 - - [03/Nov/2024:00:15:26 +0100] "GET /ticket2/opencms/fi/buy?page=1&edid=26467E66-E432-3709-0425-A75E81B5021A HTTP/1.1" 200 130925
207.46.13.168 - - [03/Nov/2024:00:15:29 +0100] "GET /ticket2/opencms/no/buy/?page=1&edid=04D45083-5BEA-6FC8-74F9-B6EE79D662E0 HTTP/1.1" 200 101403
37.187.89.104 - - [03/Nov/2024:00:15:36 +0100] "GET /ticket2/opencms/sv/buy/?page=1&edid=5D49B05B-F2B1-3FBA-8865-04BD3A1B16DD&sortorder=asc&column=price HTTP/1.1" 200 101222
37.187.89.104 - - [03/Nov/2024:00:15:46 +0100] "GET /ticket2/opencms/sv/buy/?page=1&edid=607E1405-24CC-8955-3417-6714C4B91132&sortorder=desc&column=row HTTP/1.1" 200 101550
37.187.89.104 - - [03/Nov/2024:00:15:54 +0100] "GET /ticket2/opencms/sv/buy/?page=1&edid=607E1405-24CC-8955-3417-6714C4B91132&sortorder=desc&column=section HTTP/1.1" 200 101734
157.90.209.79 - - [03/Nov/2024:00:15:58 +0100] "GET /ticket2/opencms/fi/buy?page=1&edid=268D8165-50F1-AAA8-6C6A-3ABAD53C8B35 HTTP/1.1" 200 117087
47.128.48.154 - - [03/Nov/2024:00:16:01 +0100] "GET /ticket2/opencms/mk/buy?edid=CA58C888-F6D9-C60F-ADB8-6143B0EE43C9 HTTP/1.1" 404 -
66.249.73.39 - - [03/Nov/2024:00:16:03 +0100] "GET /ticket2/opencms/de/buy?page=1&edid=3E8160AB-0FBD-70C5-9AD2-7741AA7C1F1A HTTP/1.1" 200 101458
52.167.144.19 - - [03/Nov/2024:00:16:04 +0100] "GET /ticket2/opencms/fi/buying_tickets HTTP/1.1" 200 83568
37.187.89.104 - - [03/Nov/2024:00:16:04 +0100] "GET /ticket2/opencms/sv/buy/?page=1&edid=6109DB42-8448-AF8C-0413-27987C97E070&sortorder=desc&column=row HTTP/1.1" 200 98903
114.119.150.49 - - [03/Nov/2024:00:16:12 +0100] "GET /ticket2/opencms/en/buy/?page=6&comcatid=A17713B6-D984-201A-4143-ED4DB5ED5C2E&catid=21C3854B-901E-11F9-7B7D-6838CC6AFAA4&eventid=4BFE0049-E26D-F28C-59BF-33D4A5B123CD HTTP/1.1" 200 96860
34.213.66.95 - - [03/Nov/2024:00:16:12 +0100] "GET /ticket2/opencms/ HTTP/1.1" 302 -
85.208.96.204 - - [03/Nov/2024:00:16:13 +0100] "GET /ticket2/opencms/dk/sport/fodboldbilletter/ HTTP/1.1" 200 86173
37.187.89.104 - - [03/Nov/2024:00:16:13 +0100] "GET /ticket2/opencms/sv/buy/?page=1&edid=6144D2E2-A89E-6984-1B3A-F23A284C729C HTTP/1.1" 200 100994
34.213.66.95 - - [03/Nov/2024:00:16:13 +0100] "GET /ticket2/opencms/en/ HTTP/1.1" 200 95593
34.213.66.95 - - [03/Nov/2024:00:16:15 +0100] "GET /ticket2/opencms/img/icons/ticket2.thumbnail.png HTTP/1.1" 200 21519
34.213.66.95 - - [03/Nov/2024:00:16:15 +0100] "GET /ticket2/opencms/favicon.ico HTTP/1.1" 200 15406
37.123.143.11 - - [03/Nov/2024:00:16:18 +0100] "POST /ticket2/opencms/system/workplace/views/explorer/contextmenu.jsp HTTP/1.1" 200 4463
85.208.96.204 - - [03/Nov/2024:00:16:19 +0100] "GET /ticket2/opencms/sv/sport/fotbollsbiljetter/premier_league/liverpool/ HTTP/1.1" 200 96678
37.187.89.104 - - [03/Nov/2024:00:16:20 +0100] "GET /ticket2/opencms/sv/buy/?page=1&edid=641BEECB-F7D4-30E5-61C7-A9976E3D0361&sortorder=desc&column=section HTTP/1.1" 200 101515
37.123.143.11 - - [03/Nov/2024:00:16:21 +0100] "POST /ticket2/opencms/system/workplace/commons/move.jsp HTTP/1.1" 200 6756
37.123.143.11 - - [03/Nov/2024:00:16:21 +0100] "GET /ticket2/opencms/system/workplace/commons/style/workplace.css HTTP/1.1" 200 14209
37.123.143.11 - - [03/Nov/2024:00:16:21 +0100] "POST /ticket2/opencms/system/workplace/commons/report-locks.jsp HTTP/1.1" 200 3737
37.123.143.11 - - [03/Nov/2024:00:16:21 +0100] "POST /ticket2/opencms/system/workplace/commons/move.jsp HTTP/1.1" 200 2710
37.123.143.11 - - [03/Nov/2024:00:16:21 +0100] "GET /ticket2/opencms/system/workplace/commons/style/workplace.css HTTP/1.1" 200 14209
37.123.143.11 - - [03/Nov/2024:00:16:23 +0100] "GET /ticket2/opencms/system/workplace/views/top_foot.jsp?wpFrame=foot HTTP/1.1" 200 1210
37.123.143.11 - - [03/Nov/2024:00:16:23 +0100] "GET /ticket2/opencms/system/workplace/commons/style/workplace.css HTTP/1.1" 200 14209
37.123.143.11 - - [03/Nov/2024:00:16:25 +0100] "POST /ticket2/opencms/system/workplace/commons/move.jsp HTTP/1.1" 200 1472
37.123.143.11 - - [03/Nov/2024:00:16:25 +0100] "GET /ticket2/opencms/system/workplace/commons/style/workplace.css HTTP/1.1" 200 14209
37.187.89.104 - - [03/Nov/2024:00:16:30 +0100] "GET /ticket2/opencms/sv/buy/?page=1&edid=642E9578-D653-AE72-0BA4-FF639C3984BF&sortorder=asc&column=row HTTP/1.1" 200 101521
157.90.209.79 - - [03/Nov/2024:00:16:30 +0100] "GET /ticket2/opencms/fi/buy?page=1&edid=294968E7-670E-500D-EF6F-F776CC397F5A HTTP/1.1" 200 111245
185.191.171.10 - - [03/Nov/2024:00:16:33 +0100] "GET /ticket2/opencms/az/buying_tickets/ HTTP/1.1" 200 80722
