65.108.110.26 - - [03/Nov/2024:04:40:33 +0100] "GET /ticket2/opencms/se/fi/venue/?venueid=0C57D9A1-BFBB-6B50-BD26-F99F2EBC7C94 HTTP/1.1" 404 -
65.108.110.26 - - [03/Nov/2024:04:40:36 +0100] "GET /ticket2/opencms/se/fi/venue/?venueid=0C72DEDD-89EE-57E0-A1B7-BB6C9045A328 HTTP/1.1" 404 -
157.90.209.79 - - [03/Nov/2024:04:40:39 +0100] "GET /ticket2/opencms/hr/sport/nogometne-ulaznice/bundesliga/eintracht_frankfurt HTTP/1.1" 200 96346
217.113.194.218 - - [03/Nov/2024:04:40:39 +0100] "GET /ticket2/opencms/en/buy/?page=1&edid=E49B589D-45FC-C2EF-4068-6BD5BCBBC683 HTTP/1.1" 200 96915
65.108.110.26 - - [03/Nov/2024:04:40:39 +0100] "GET /ticket2/opencms/se/fi/venue/?venueid=0CF5EE35-DFE3-ADC5-E0D6-1D381791145B HTTP/1.1" 404 -
66.249.73.37 - - [03/Nov/2024:04:40:42 +0100] "GET /ticket2/opencms/en/venue/?venueid=74835483-DDAC-3DE1-0EB1-B44B58F2B260 HTTP/1.1" 200 77033
65.108.110.26 - - [03/Nov/2024:04:40:42 +0100] "GET /ticket2/opencms/se/fi/venue/?venueid=0E1AD7DC-F63F-ECC2-9070-B20E7ACF07FC HTTP/1.1" 404 -
65.108.110.26 - - [03/Nov/2024:04:40:45 +0100] "GET /ticket2/opencms/se/fi/venue/?venueid=0EB0D100-3DC6-5264-8D3B-F5AE296F5DFE HTTP/1.1" 404 -
157.90.209.79 - - [03/Nov/2024:04:40:46 +0100] "GET /ticket2/opencms/hr/sport/nogometne-ulaznice/bundesliga/heidenheim HTTP/1.1" 200 93138
217.113.194.221 - - [03/Nov/2024:04:40:47 +0100] "GET /ticket2/opencms/en/buy/?page=1&edid=FA6F95C7-9080-870C-723D-76629BBF54DD HTTP/1.1" 200 100365
65.108.110.26 - - [03/Nov/2024:04:40:48 +0100] "GET /ticket2/opencms/se/fi/venue/?venueid=11960552-4FF4-96DB-42BD-D3A15E53C356 HTTP/1.1" 404 -
47.128.114.95 - - [03/Nov/2024:04:40:51 +0100] "GET /ticket2/opencms/mo/buy/?edid=3EACF9E2-ABC6-108D-E866-9803A85B9A14 HTTP/1.1" 200 81521
65.108.110.26 - - [03/Nov/2024:04:40:51 +0100] "GET /ticket2/opencms/se/fi/venue/?venueid=1296F5D3-4505-F292-99A1-ABFE76F323BD HTTP/1.1" 404 -
157.90.209.79 - - [03/Nov/2024:04:40:53 +0100] "GET /ticket2/opencms/hr/sport/nogometne-ulaznice/bundesliga/rb_leipzig HTTP/1.1" 200 96429
185.191.171.1 - - [03/Nov/2024:04:40:54 +0100] "GET /ticket2/opencms/no/sport/fotballsbilletter/premier_league/arsenal/ HTTP/1.1" 200 96623
65.108.110.26 - - [03/Nov/2024:04:40:55 +0100] "GET /ticket2/opencms/se/fi/venue/?venueid=145405E9-8D90-931A-2006-E498723CA09B HTTP/1.1" 404 -
40.77.167.52 - - [03/Nov/2024:04:40:55 +0100] "GET /ticket2/opencms/bs/buy/?page=1&edid=FA047031-F510-E911-0280-BC3ADCB159FC HTTP/1.1" 200 111011
154.54.249.216 - - [03/Nov/2024:04:40:56 +0100] "GET /ticket2/opencms/en/buy/?page=1&edid=C6A99892-7BD2-880D-4758-AF68633C2943 HTTP/1.1" 200 99149
157.90.209.79 - - [03/Nov/2024:04:40:57 +0100] "GET /ticket2/opencms/hr/sport/nogometne-ulaznice/eredivisie HTTP/1.1" 500 -
65.108.110.26 - - [03/Nov/2024:04:40:58 +0100] "GET /ticket2/opencms/se/fi/venue/?venueid=14B76136-894C-6221-F73D-2C8FAF5FB018 HTTP/1.1" 404 -
65.108.110.26 - - [03/Nov/2024:04:41:01 +0100] "GET /ticket2/opencms/se/fi/venue/?venueid=15151A16-ED21-AEFF-1EA7-20D9BB091B8D HTTP/1.1" 404 -
157.90.209.79 - - [03/Nov/2024:04:41:02 +0100] "GET /ticket2/opencms/hr/sport/nogometne-ulaznice/fa-cup HTTP/1.1" 404 -
65.108.110.26 - - [03/Nov/2024:04:41:04 +0100] "GET /ticket2/opencms/se/fi/venue/?venueid=1519CE72-0A25-6BA0-48DA-5661E0A521EF HTTP/1.1" 404 -
217.113.194.217 - - [03/Nov/2024:04:41:04 +0100] "GET /ticket2/opencms/en/buy/?page=1&edid=CB2F98AB-2A36-6804-D7EE-05DAE30031CC HTTP/1.1" 200 99299
157.90.209.79 - - [03/Nov/2024:04:41:06 +0100] "GET /ticket2/opencms/hr/sport/nogometne-ulaznice/la-liga/ HTTP/1.1" 200 90538
65.108.110.26 - - [03/Nov/2024:04:41:07 +0100] "GET /ticket2/opencms/se/fi/venue/?venueid=161C816B-5393-87DD-7C00-0A52E6B6AAA6 HTTP/1.1" 404 -
65.108.110.26 - - [03/Nov/2024:04:41:10 +0100] "GET /ticket2/opencms/se/fi/venue/?venueid=17D6F983-3B1F-54BA-CC32-B050F0933AC3 HTTP/1.1" 404 -
52.167.144.17 - - [03/Nov/2024:04:41:12 +0100] "GET /ticket2/opencms/en/sport/football-tickets/ HTTP/1.1" 200 83793
157.90.209.79 - - [03/Nov/2024:04:41:12 +0100] "GET /ticket2/opencms/hr/sport/nogometne-ulaznice/la-liga/barcelona/ HTTP/1.1" 200 96519
154.54.249.216 - - [03/Nov/2024:04:41:12 +0100] "GET /ticket2/opencms/en/buy/?page=1&edid=B76AA14A-A9BE-C817-C615-7D02C02EB692 HTTP/1.1" 200 99317
65.108.110.26 - - [03/Nov/2024:04:41:13 +0100] "GET /ticket2/opencms/se/fi/venue/?venueid=185C55E4-BE26-92A6-03B7-D923D0F500C6 HTTP/1.1" 404 -
37.123.143.11 - - [03/Nov/2024:04:41:14 +0100] "GET /ticket2/opencms/system/workplace/views/top_foot.jsp?wpFrame=foot HTTP/1.1" 200 1210
37.123.143.11 - - [03/Nov/2024:04:41:14 +0100] "GET /ticket2/opencms/system/workplace/commons/style/workplace.css HTTP/1.1" 200 14209
65.108.110.26 - - [03/Nov/2024:04:41:16 +0100] "GET /ticket2/opencms/se/fi/venue/?venueid=18C713C2-5502-2721-4BDF-4CC89EA5797B HTTP/1.1" 404 -
157.90.209.79 - - [03/Nov/2024:04:41:16 +0100] "GET /ticket2/opencms/hr/sport/nogometne-ulaznice/la-liga/celta_vigo HTTP/1.1" 200 95122
114.119.150.49 - - [03/Nov/2024:04:41:17 +0100] "GET /ticket2/opencms/en/venue/?venueid=66B80C8D-02F9-D9AE-4568-9AC2DE8502C2 HTTP/1.1" 200 77051
65.108.110.26 - - [03/Nov/2024:04:41:18 +0100] "GET /ticket2/opencms/se/fi/venue/?venueid=18CB81B4-8EA7-CAF4-AF24-168C4E2476BF HTTP/1.1" 404 -
157.90.209.79 - - [03/Nov/2024:04:41:20 +0100] "GET /ticket2/opencms/hr/sport/nogometne-ulaznice/la-liga/deportivo_alaves HTTP/1.1" 200 95991
217.113.194.220 - - [03/Nov/2024:04:41:21 +0100] "GET /ticket2/opencms/en/buy/?page=1&edid=E4669A58-D392-0EC8-F9B7-256D36456739 HTTP/1.1" 200 96917
65.108.110.26 - - [03/Nov/2024:04:41:21 +0100] "GET /ticket2/opencms/se/fi/venue/?venueid=19325984-0026-6C0D-6440-F86BAED52A7D HTTP/1.1" 404 -
65.108.110.26 - - [03/Nov/2024:04:41:24 +0100] "GET /ticket2/opencms/se/fi/venue/?venueid=196999C5-886C-4588-9491-CE0295A8D3C2 HTTP/1.1" 404 -
185.191.171.1 - - [03/Nov/2024:04:41:25 +0100] "GET /ticket2/opencms/no/selling_tickets/ HTTP/1.1" 200 78693
65.108.110.26 - - [03/Nov/2024:04:41:27 +0100] "GET /ticket2/opencms/se/fi/venue/?venueid=1A018FD7-D956-C54F-D115-4FAB6C8C19A2 HTTP/1.1" 404 -
157.90.209.79 - - [03/Nov/2024:04:41:27 +0100] "GET /ticket2/opencms/hr/sport/nogometne-ulaznice/la-liga/girona HTTP/1.1" 200 87732
217.113.194.219 - - [03/Nov/2024:04:41:29 +0100] "GET /ticket2/opencms/en/buy/?page=1&edid=E09857B3-0F9E-7B02-8232-83B35FF16CE1 HTTP/1.1" 200 96917
65.108.110.26 - - [03/Nov/2024:04:41:30 +0100] "GET /ticket2/opencms/se/fi/venue/?venueid=1A07979F-26B7-9D0A-9C33-48FC940808FF HTTP/1.1" 404 -
66.249.65.107 - - [03/Nov/2024:04:41:33 +0100] "GET /ticket2/opencms/bs/sport/fudbalske-karte/premier-league/liverpool HTTP/1.1" 200 96833
65.108.110.26 - - [03/Nov/2024:04:41:33 +0100] "GET /ticket2/opencms/se/fi/venue/?venueid=1ADAD548-6002-61B9-940A-33048BFCB4CD HTTP/1.1" 404 -
157.90.209.79 - - [03/Nov/2024:04:41:34 +0100] "GET /ticket2/opencms/hr/sport/nogometne-ulaznice/la-liga/las_palmas HTTP/1.1" 200 95954
65.108.110.26 - - [03/Nov/2024:04:41:36 +0100] "GET /ticket2/opencms/se/fi/venue/?venueid=1B420ACB-199A-5424-E698-08BE6CB8B69A HTTP/1.1" 404 -
217.113.194.212 - - [03/Nov/2024:04:41:38 +0100] "GET /ticket2/opencms/en/buy/?page=1&edid=E776A00C-D3F1-2828-91C2-D234EAF400D2 HTTP/1.1" 200 105142
157.90.209.79 - - [03/Nov/2024:04:41:38 +0100] "GET /ticket2/opencms/hr/sport/nogometne-ulaznice/la-liga/leganes HTTP/1.1" 200 96324
65.108.110.26 - - [03/Nov/2024:04:41:39 +0100] "GET /ticket2/opencms/se/fi/venue/?venueid=1BBA4161-876F-505A-41A9-3DCAB11C11AD HTTP/1.1" 404 -
65.108.110.26 - - [03/Nov/2024:04:41:42 +0100] "GET /ticket2/opencms/se/fi/venue/?venueid=1CD780E5-F5E0-3E6E-0FBD-DA930D5E7A83 HTTP/1.1" 404 -
47.128.52.18 - - [03/Nov/2024:04:41:45 +0100] "GET /ticket2/opencms/nl/buy?catid=2E79AED8-FF58-B4E8-AFB0-43E7CEBE7864&comcatid=97ECA65A-72DA-F9AF-9DBB-245D3CFED1BE HTTP/1.1" 200 86574
65.108.110.26 - - [03/Nov/2024:04:41:45 +0100] "GET /ticket2/opencms/se/fi/venue/?venueid=1D111B68-FF2E-F846-9D39-C347310597D3 HTTP/1.1" 404 -
157.90.209.79 - - [03/Nov/2024:04:41:46 +0100] "GET /ticket2/opencms/hr/sport/nogometne-ulaznice/la-liga/rayo_vallecano HTTP/1.1" 200 96965
217.113.194.214 - - [03/Nov/2024:04:41:46 +0100] "GET /ticket2/opencms/en/buy/?page=1&edid=FF78E5AF-B575-E137-254B-7D951914395E HTTP/1.1" 200 100212
65.108.110.26 - - [03/Nov/2024:04:41:48 +0100] "GET /ticket2/opencms/se/fi/venue/?venueid=1E6F661B-8D12-844B-5F2D-01422A9038BD HTTP/1.1" 404 -
157.90.209.79 - - [03/Nov/2024:04:41:49 +0100] "GET /ticket2/opencms/hr/sport/nogometne-ulaznice/la-liga/real-madrid/ HTTP/1.1" 200 95914
65.108.110.26 - - [03/Nov/2024:04:41:51 +0100] "GET /ticket2/opencms/se/fi/venue/?venueid=1E9F83B8-7F13-1E19-E5D4-CCC92DD5AE64 HTTP/1.1" 404 -
65.108.110.26 - - [03/Nov/2024:04:41:54 +0100] "GET /ticket2/opencms/se/fi/venue/?venueid=1F10712B-209B-D24A-FBB0-CC1E73285961 HTTP/1.1" 404 -
217.113.194.215 - - [03/Nov/2024:04:41:54 +0100] "GET /ticket2/opencms/en/buy/?page=1&edid=D3BB5206-D09C-E9EC-0247-A3E56EA24028 HTTP/1.1" 200 100172
65.108.110.26 - - [03/Nov/2024:04:41:57 +0100] "GET /ticket2/opencms/se/fi/venue/?venueid=1F3E5521-C6E5-6407-58A3-9FC7891C9621 HTTP/1.1" 404 -
65.108.110.26 - - [03/Nov/2024:04:42:00 +0100] "GET /ticket2/opencms/se/fi/venue/?venueid=1F514823-A8B2-64F2-1969-4417BA1D08C9 HTTP/1.1" 404 -
157.90.209.79 - - [03/Nov/2024:04:42:02 +0100] "GET /ticket2/opencms/hr/sport/nogometne-ulaznice/la-liga/real_betis HTTP/1.1" 200 96601
217.113.194.212 - - [03/Nov/2024:04:42:03 +0100] "GET /ticket2/opencms/en/buy/?page=1&edid=D2F30FD8-0864-E7E5-43A2-A4369C9456A3 HTTP/1.1" 200 96928
65.108.110.26 - - [03/Nov/2024:04:42:04 +0100] "GET /ticket2/opencms/se/fi/venue/?venueid=1F8D49CC-7498-4343-28B8-20782AAFFD1F HTTP/1.1" 404 -
157.90.209.79 - - [03/Nov/2024:04:42:06 +0100] "GET /ticket2/opencms/hr/sport/nogometne-ulaznice/ligue-1 HTTP/1.1" 500 -
65.108.110.26 - - [03/Nov/2024:04:42:07 +0100] "GET /ticket2/opencms/se/fi/venue/?venueid=203858E0-C44D-022D-2E8D-D6D130DE030F HTTP/1.1" 404 -
65.108.110.26 - - [03/Nov/2024:04:42:10 +0100] "GET /ticket2/opencms/se/fi/venue/?venueid=209EC433-E0F9-AA7F-D92A-802704727288 HTTP/1.1" 404 -
66.249.73.39 - - [03/Nov/2024:04:42:10 +0100] "GET /ticket2/opencms/en/venue/?venueid=084C5FFD-59D7-DA1B-5EFC-5854672C42AB HTTP/1.1" 200 77094
217.113.194.218 - - [03/Nov/2024:04:42:11 +0100] "GET /ticket2/opencms/en/buy/?page=1&edid=A5A21F9B-BA9F-6460-8CC4-AF1301D02678 HTTP/1.1" 200 96915
157.90.209.79 - - [03/Nov/2024:04:42:12 +0100] "GET /ticket2/opencms/hr/sport/nogometne-ulaznice/ligue-1/ HTTP/1.1" 500 -
207.46.13.125 - - [03/Nov/2024:04:42:13 +0100] "GET /ticket2/opencms/bs/buy/?page=1&edid=BE9D8283-8353-3049-DA1C-50EC3CD6221D HTTP/1.1" 200 101758
65.108.110.26 - - [03/Nov/2024:04:42:13 +0100] "GET /ticket2/opencms/se/fi/venue/?venueid=214162D4-F755-2444-761E-1B8A12025521 HTTP/1.1" 404 -
157.90.209.79 - - [03/Nov/2024:04:42:15 +0100] "GET /ticket2/opencms/hr/sport/nogometne-ulaznice/ligue-1/paris-saint-germain/ HTTP/1.1" 200 89311
65.108.110.26 - - [03/Nov/2024:04:42:16 +0100] "GET /ticket2/opencms/se/fi/venue/?venueid=2186334F-407B-9BEF-03F0-A6F35003840C HTTP/1.1" 404 -
157.90.209.79 - - [03/Nov/2024:04:42:18 +0100] "GET /ticket2/opencms/hr/sport/nogometne-ulaznice/premier-league/ HTTP/1.1" 200 91026
65.108.110.26 - - [03/Nov/2024:04:42:19 +0100] "GET /ticket2/opencms/se/fi/venue/?venueid=21E564E4-EE31-88E4-856D-538C001ECECA HTTP/1.1" 404 -
217.113.194.212 - - [03/Nov/2024:04:42:20 +0100] "GET /ticket2/opencms/en/buy/?page=1&edid=BD3D4222-DD36-C1A0-EF58-456D0FFDAB97 HTTP/1.1" 200 100143
65.108.110.26 - - [03/Nov/2024:04:42:22 +0100] "GET /ticket2/opencms/se/fi/venue/?venueid=E6FE59B7-6C05-A916-C36D-3FBE31FFEED3 HTTP/1.1" 404 -
157.90.209.79 - - [03/Nov/2024:04:42:25 +0100] "GET /ticket2/opencms/hr/sport/nogometne-ulaznice/premier-league/arsenal/ HTTP/1.1" 200 96562
65.108.110.26 - - [03/Nov/2024:04:42:25 +0100] "GET /ticket2/opencms/se/fi/venue/?venueid=ECEC05FE-7D59-CD00-2E1B-1B40B02BB84F HTTP/1.1" 404 -
65.108.110.26 - - [03/Nov/2024:04:42:28 +0100] "GET /ticket2/opencms/se/fi/venue/?venueid=EF08F761-6D3A-2C5E-CAD2-0E2506BB1071 HTTP/1.1" 404 -
217.113.194.218 - - [03/Nov/2024:04:42:28 +0100] "GET /ticket2/opencms/en/buy/?page=1&edid=C38B91D5-7E34-5D39-0264-2447EFE5EA84 HTTP/1.1" 200 96917
157.90.209.79 - - [03/Nov/2024:04:42:28 +0100] "GET /ticket2/opencms/hr/sport/nogometne-ulaznice/premier-league/chelsea/ HTTP/1.1" 200 96807
65.108.110.26 - - [03/Nov/2024:04:42:31 +0100] "GET /ticket2/opencms/se/fi/venue/?venueid=F2980A6F-B64F-4B0C-6D38-4E1B59B5AA8D HTTP/1.1" 404 -
157.90.209.79 - - [03/Nov/2024:04:42:33 +0100] "GET /ticket2/opencms/hr/sport/nogometne-ulaznice/premier-league/ipswich HTTP/1.1" 404 -
65.108.110.26 - - [03/Nov/2024:04:42:34 +0100] "GET /ticket2/opencms/se/fi/venue/?venueid=F2E24D37-66BC-8474-A9EE-AC205BD92A4D HTTP/1.1" 404 -
154.213.184.18 - - [03/Nov/2024:04:42:35 +0100] "CONNECT example.com:443 HTTP/1.1" 400 -
217.113.194.221 - - [03/Nov/2024:04:42:36 +0100] "GET /ticket2/opencms/en/buy/?page=1&edid=C3C88BDA-1CC3-8611-4BC9-911B22C7161C HTTP/1.1" 200 99306
65.108.110.26 - - [03/Nov/2024:04:42:37 +0100] "GET /ticket2/opencms/se/fi/venue/?venueid=F63D0B85-674B-34FA-027D-C916C9DB7863 HTTP/1.1" 404 -
157.90.209.79 - - [03/Nov/2024:04:42:37 +0100] "GET /ticket2/opencms/hr/sport/nogometne-ulaznice/premier-league/liverpool/ HTTP/1.1" 200 96769
65.108.110.26 - - [03/Nov/2024:04:42:41 +0100] "GET /ticket2/opencms/se/fi/venue/?venueid=01D585F0-8906-9A4C-36CC-65BD1235CC9B HTTP/1.1" 404 -
157.90.209.79 - - [03/Nov/2024:04:42:42 +0100] "GET /ticket2/opencms/hr/sport/nogometne-ulaznice/premier-league/manchester-united/ HTTP/1.1" 200 97863
217.113.194.219 - - [03/Nov/2024:04:42:45 +0100] "GET /ticket2/opencms/en/buy/?page=1&edid=D118929E-CBE7-053F-6244-BA5C05616F0E HTTP/1.1" 200 96923
65.108.110.26 - - [03/Nov/2024:04:42:46 +0100] "GET /ticket2/opencms/se/fi/venue/?venueid=08E4EC60-00C9-C497-9F21-DF811FAE4DEC HTTP/1.1" 404 -
157.90.209.79 - - [03/Nov/2024:04:42:49 +0100] "GET /ticket2/opencms/hr/sport/nogometne-ulaznice/premier-league/tottenham/ HTTP/1.1" 200 97096
65.108.110.26 - - [03/Nov/2024:04:42:50 +0100] "GET /ticket2/opencms/se/fi/venue/?venueid=0EB0D100-3DC6-5264-8D3B-F5AE296F5DFE HTTP/1.1" 404 -
154.54.249.216 - - [03/Nov/2024:04:42:53 +0100] "GET /ticket2/opencms/en/buy/?page=1&edid=D1ED9972-4D83-5CDA-0C4A-1421FBEF5630 HTTP/1.1" 200 96956
157.90.209.79 - - [03/Nov/2024:04:42:54 +0100] "GET /ticket2/opencms/hr/sport/nogometne-ulaznice/premier-league/west-ham HTTP/1.1" 404 -
65.108.110.26 - - [03/Nov/2024:04:42:55 +0100] "GET /ticket2/opencms/se/fi/venue/?venueid=11960552-4FF4-96DB-42BD-D3A15E53C356 HTTP/1.1" 404 -
65.108.110.26 - - [03/Nov/2024:04:42:59 +0100] "GET /ticket2/opencms/se/fi/venue/?venueid=1296F5D3-4505-F292-99A1-ABFE76F323BD HTTP/1.1" 404 -
20.171.206.168 - - [03/Nov/2024:04:43:00 +0100] "GET /ticket2/opencms/tr/buy?page=1&edid=2684212B-FA50-DC4B-3CFA-1303E9638140 HTTP/1.1" 200 120721
20.171.206.168 - - [03/Nov/2024:04:43:01 +0100] "GET /ticket2/opencms/ro/buy?page=1&edid=2684212B-FA50-DC4B-3CFA-1303E9638140 HTTP/1.1" 200 120743
217.113.194.212 - - [03/Nov/2024:04:43:02 +0100] "GET /ticket2/opencms/en/buy/?page=1&edid=C9919F63-312E-C4DF-29D6-DA1CE80EC9A2 HTTP/1.1" 200 115288
157.90.209.79 - - [03/Nov/2024:04:43:03 +0100] "GET /ticket2/opencms/hr/sport/nogometne-ulaznice/premier-league/west-ham-united/ HTTP/1.1" 200 96820
65.108.110.26 - - [03/Nov/2024:04:43:04 +0100] "GET /ticket2/opencms/se/fi/venue/?venueid=161C816B-5393-87DD-7C00-0A52E6B6AAA6 HTTP/1.1" 404 -
47.128.38.20 - - [03/Nov/2024:04:43:08 +0100] "GET /ticket2/opencms/et/buy?edid=9F997AA4-4C9A-B0F5-45AE-3426BA42C8D8 HTTP/1.1" 200 81450
157.90.209.79 - - [03/Nov/2024:04:43:08 +0100] "GET /ticket2/opencms/hr/sport/nogometne-ulaznice/serie-a/ HTTP/1.1" 200 90172
65.108.110.26 - - [03/Nov/2024:04:43:08 +0100] "GET /ticket2/opencms/se/fi/venue/?venueid=185C55E4-BE26-92A6-03B7-D923D0F500C6 HTTP/1.1" 404 -
47.128.20.196 - - [03/Nov/2024:04:43:10 +0100] "GET /ticket2/opencms/ga/buy/?edid=459129C1-A0F8-2D8B-54E1-F5067FEFFAF4 HTTP/1.1" 200 81535
217.113.194.217 - - [03/Nov/2024:04:43:10 +0100] "GET /ticket2/opencms/en/buy/?page=1&edid=AA408C72-2073-316B-FBC7-E94200A17373 HTTP/1.1" 200 96900
157.90.209.79 - - [03/Nov/2024:04:43:12 +0100] "GET /ticket2/opencms/hr/sport/nogometne-ulaznice/serie-a/atalanta HTTP/1.1" 200 96200
65.108.110.26 - - [03/Nov/2024:04:43:13 +0100] "GET /ticket2/opencms/se/fi/venue/?venueid=18C713C2-5502-2721-4BDF-4CC89EA5797B HTTP/1.1" 404 -
65.108.110.26 - - [03/Nov/2024:04:43:18 +0100] "GET /ticket2/opencms/se/fi/venue/?venueid=18CB81B4-8EA7-CAF4-AF24-168C4E2476BF HTTP/1.1" 404 -
217.113.194.215 - - [03/Nov/2024:04:43:19 +0100] "GET /ticket2/opencms/en/buy/?page=1&edid=CF871F32-58B9-936F-E54E-3AC3FCAE5989 HTTP/1.1" 200 100166
157.90.209.79 - - [03/Nov/2024:04:43:20 +0100] "GET /ticket2/opencms/hr/sport/nogometne-ulaznice/serie-a/bologna HTTP/1.1" 200 87622
185.191.171.6 - - [03/Nov/2024:04:43:21 +0100] "GET /ticket2/opencms/no/sport/fotballsbilletter/bundesliga/bayern-munchen/ HTTP/1.1" 200 93808
20.171.206.42 - - [03/Nov/2024:04:43:21 +0100] "GET /ticket2/opencms/sr/buy?page=1&edid=2684212B-FA50-DC4B-3CFA-1303E9638140 HTTP/1.1" 200 121073
198.235.24.198 - - [03/Nov/2024:04:43:21 +0100] "GET / HTTP/1.0" 404 -
65.108.110.26 - - [03/Nov/2024:04:43:22 +0100] "GET /ticket2/opencms/se/fi/venue/?venueid=1E6F661B-8D12-844B-5F2D-01422A9038BD HTTP/1.1" 404 -
20.171.206.42 - - [03/Nov/2024:04:43:22 +0100] "GET /ticket2/opencms/bg/buy?page=1&edid=2684212B-FA50-DC4B-3CFA-1303E9638140 HTTP/1.1" 200 122698
157.90.209.79 - - [03/Nov/2024:04:43:24 +0100] "GET /ticket2/opencms/hr/sport/nogometne-ulaznice/serie-a/empoli HTTP/1.1" 200 87801
65.108.110.26 - - [03/Nov/2024:04:43:27 +0100] "GET /ticket2/opencms/se/fi/venue/?venueid=1E9F83B8-7F13-1E19-E5D4-CCC92DD5AE64 HTTP/1.1" 404 -
157.90.209.79 - - [03/Nov/2024:04:43:27 +0100] "GET /ticket2/opencms/hr/sport/nogometne-ulaznice/serie-a/fiorentina HTTP/1.1" 200 96424
217.113.194.220 - - [03/Nov/2024:04:43:27 +0100] "GET /ticket2/opencms/en/buy/?page=1&edid=D314C794-2441-468F-2E3C-5F1FB0544215 HTTP/1.1" 200 100177
65.108.110.26 - - [03/Nov/2024:04:43:31 +0100] "GET /ticket2/opencms/se/fi/venue/?venueid=1F10712B-209B-D24A-FBB0-CC1E73285961 HTTP/1.1" 404 -
157.90.209.79 - - [03/Nov/2024:04:43:32 +0100] "GET /ticket2/opencms/hr/sport/nogometne-ulaznice/serie-a/frosinone HTTP/1.1" 200 87823
216.244.66.238 - - [03/Nov/2024:04:43:32 +0100] "GET /ticket2/opencms/dk/sv/buy/?page=1&edid=73426CFD-7324-3576-B098-72F44B4FEBB2 HTTP/1.1" 404 -
157.90.209.79 - - [03/Nov/2024:04:43:35 +0100] "GET /ticket2/opencms/hr/sport/nogometne-ulaznice/serie-a/genoa HTTP/1.1" 200 95036
185.191.171.11 - - [03/Nov/2024:04:43:35 +0100] "GET /ticket2/opencms/no/sport/fotballsbilletter/serie_a/frosinone/ HTTP/1.1" 200 79683
217.113.194.221 - - [03/Nov/2024:04:43:36 +0100] "GET /ticket2/opencms/en/buy/?page=1&edid=C7960F2A-CA8B-3E2B-B6ED-76225840381B HTTP/1.1" 200 100702
65.108.110.26 - - [03/Nov/2024:04:43:36 +0100] "GET /ticket2/opencms/se/fi/venue/?venueid=1F3E5521-C6E5-6407-58A3-9FC7891C9621 HTTP/1.1" 404 -
185.191.171.11 - - [03/Nov/2024:04:43:37 +0100] "GET /ticket2/opencms/no/search.html HTTP/1.1" 200 96239
157.90.209.79 - - [03/Nov/2024:04:43:38 +0100] "GET /ticket2/opencms/hr/sport/nogometne-ulaznice/serie-a/hellas_verona HTTP/1.1" 200 88263
157.55.39.54 - - [03/Nov/2024:04:43:40 +0100] "GET /ticket2/opencms/dk/buy?page=1&edid=2684212B-FA50-DC4B-3CFA-1303E9638140 HTTP/1.1" 200 119192
65.108.110.26 - - [03/Nov/2024:04:43:41 +0100] "GET /ticket2/opencms/se/fi/venue/?venueid=1F514823-A8B2-64F2-1969-4417BA1D08C9 HTTP/1.1" 404 -
157.90.209.79 - - [03/Nov/2024:04:43:43 +0100] "GET /ticket2/opencms/hr/sport/nogometne-ulaznice/serie-a/inter HTTP/1.1" 200 94906
20.171.206.42 - - [03/Nov/2024:04:43:43 +0100] "GET /ticket2/opencms/hy/buy?page=1&edid=2684212B-FA50-DC4B-3CFA-1303E9638140 HTTP/1.1" 404 -
217.113.194.217 - - [03/Nov/2024:04:43:44 +0100] "GET /ticket2/opencms/en/buy/?page=1&edid=A457FF13-7A37-0365-AFA9-2CC7C635642A HTTP/1.1" 200 99296
20.171.206.42 - - [03/Nov/2024:04:43:44 +0100] "GET /ticket2/opencms/es/deporte/entradas-futbol/premier-league/london HTTP/1.1" 500 -
65.108.110.26 - - [03/Nov/2024:04:43:46 +0100] "GET /ticket2/opencms/se/fi/venue/?venueid=1F8D49CC-7498-4343-28B8-20782AAFFD1F HTTP/1.1" 404 -
20.171.206.42 - - [03/Nov/2024:04:43:47 +0100] "GET /ticket2/opencms/et/buy?page=1&edid=2684212B-FA50-DC4B-3CFA-1303E9638140 HTTP/1.1" 200 120427
157.90.209.79 - - [03/Nov/2024:04:43:47 +0100] "GET /ticket2/opencms/hr/sport/nogometne-ulaznice/serie-a/juventus HTTP/1.1" 200 95434
20.171.206.42 - - [03/Nov/2024:04:43:50 +0100] "GET /ticket2/opencms/lt/buy?page=1&edid=2684212B-FA50-DC4B-3CFA-1303E9638140 HTTP/1.1" 200 120679
65.108.110.26 - - [03/Nov/2024:04:43:50 +0100] "GET /ticket2/opencms/se/fi/venue/?venueid=203858E0-C44D-022D-2E8D-D6D130DE030F HTTP/1.1" 404 -
217.113.194.220 - - [03/Nov/2024:04:43:52 +0100] "GET /ticket2/opencms/en/buy/?page=1&edid=E085F9FD-8197-A098-B130-78C63500F473 HTTP/1.1" 200 100177
157.55.39.63 - - [03/Nov/2024:04:43:53 +0100] "GET /ticket2/opencms/dk/buy/?page=1&edid=BA9FE2BC-D5C3-0C95-5A35-8594BE85BD7D HTTP/1.1" 200 100674
65.108.110.26 - - [03/Nov/2024:04:43:55 +0100] "GET /ticket2/opencms/se/fi/venue/?venueid=209EC433-E0F9-AA7F-D92A-802704727288 HTTP/1.1" 404 -
157.90.209.79 - - [03/Nov/2024:04:43:57 +0100] "GET /ticket2/opencms/hr/sport/nogometne-ulaznice/serie-a/lazio HTTP/1.1" 200 95060
185.191.171.11 - - [03/Nov/2024:04:43:59 +0100] "GET /ticket2/opencms/fi/urheilu/jalkapallo/la-liga/villareal/ HTTP/1.1" 200 95023
65.108.110.26 - - [03/Nov/2024:04:43:59 +0100] "GET /ticket2/opencms/se/fi/venue/?venueid=214162D4-F755-2444-761E-1B8A12025521 HTTP/1.1" 404 -
157.90.209.79 - - [03/Nov/2024:04:44:01 +0100] "GET /ticket2/opencms/hr/sport/nogometne-ulaznice/serie-a/lecce HTTP/1.1" 200 87642
217.113.194.219 - - [03/Nov/2024:04:44:02 +0100] "GET /ticket2/opencms/en/buy/?page=1&edid=D90F2F2C-0185-1952-C0BA-E46B3AE532D5 HTTP/1.1" 200 99951
65.108.110.26 - - [03/Nov/2024:04:44:04 +0100] "GET /ticket2/opencms/se/fi/venue/?venueid=2186334F-407B-9BEF-03F0-A6F35003840C HTTP/1.1" 404 -
157.90.209.79 - - [03/Nov/2024:04:44:04 +0100] "GET /ticket2/opencms/hr/sport/nogometne-ulaznice/serie-a/milan HTTP/1.1" 200 95872
114.119.139.202 - - [03/Nov/2024:04:44:04 +0100] "GET /ticket2/opencms/en/venue/?venueid=36573C6C-47C8-2165-EDCA-81C43CECFB43 HTTP/1.1" 200 76961
40.77.167.52 - - [03/Nov/2024:04:44:05 +0100] "GET /ticket2/opencms/sv/buy?page=1&edid=BB439D2C-76B4-AD0C-0FC4-79A0CD539AA0 HTTP/1.1" 200 123268
65.108.110.26 - - [03/Nov/2024:04:44:08 +0100] "GET /ticket2/opencms/se/fi/venue/?venueid=21E564E4-EE31-88E4-856D-538C001ECECA HTTP/1.1" 404 -
40.77.167.7 - - [03/Nov/2024:04:44:09 +0100] "GET /ticket2/opencms/hu/login/ HTTP/1.1" 200 83320
217.113.194.221 - - [03/Nov/2024:04:44:10 +0100] "GET /ticket2/opencms/en/buy/?page=1&edid=CEA22FC6-1BBC-ECD9-F981-50AEC76B0A69 HTTP/1.1" 200 99320
65.108.110.26 - - [03/Nov/2024:04:44:13 +0100] "GET /ticket2/opencms/se/fi/venue/?venueid=22A38509-349B-CEBC-EA2F-719FED9069C4 HTTP/1.1" 404 -
157.90.209.79 - - [03/Nov/2024:04:44:15 +0100] "GET /ticket2/opencms/hr/sport/nogometne-ulaznice/serie-a/monza HTTP/1.1" 200 85050
65.108.110.26 - - [03/Nov/2024:04:44:18 +0100] "GET /ticket2/opencms/se/fi/venue/?venueid=23DADC67-2F89-C2AE-F234-7909D8077B49 HTTP/1.1" 404 -
217.113.194.219 - - [03/Nov/2024:04:44:19 +0100] "GET /ticket2/opencms/en/buy/?page=1&edid=D96122AD-C3AA-80F5-DDA8-935E03AE952D HTTP/1.1" 200 123028
20.171.206.225 - - [03/Nov/2024:04:44:20 +0100] "GET /ticket2/opencms/es/deporte/entradas-futbol/uefa-champions-league HTTP/1.1" 500 -
157.90.209.79 - - [03/Nov/2024:04:44:21 +0100] "GET /ticket2/opencms/hr/sport/nogometne-ulaznice/serie-a/napoli HTTP/1.1" 200 95355
65.108.110.26 - - [03/Nov/2024:04:44:22 +0100] "GET /ticket2/opencms/se/fi/venue/?venueid=24F72B39-B955-8335-9AE8-08FED3A112B7 HTTP/1.1" 404 -
20.171.206.225 - - [03/Nov/2024:04:44:23 +0100] "GET /ticket2/opencms/az/submitNewForm(); HTTP/1.1" 404 -
157.90.209.79 - - [03/Nov/2024:04:44:25 +0100] "GET /ticket2/opencms/hr/sport/nogometne-ulaznice/serie-a/roma HTTP/1.1" 200 95639
65.108.110.26 - - [03/Nov/2024:04:44:26 +0100] "GET /ticket2/opencms/se/fi/venue/?venueid=254D08F2-7222-550E-8C53-A2FD4DEBCCE9 HTTP/1.1" 404 -
217.113.194.218 - - [03/Nov/2024:04:44:27 +0100] "GET /ticket2/opencms/en/buy/?page=1&edid=ACE60170-3B81-6901-5B58-6E9A7D7EDB8D HTTP/1.1" 200 100856
20.171.206.225 - - [03/Nov/2024:04:44:30 +0100] "GET /ticket2/opencms/mo/buy?page=1&edid=2684212B-FA50-DC4B-3CFA-1303E9638140 HTTP/1.1" 200 120479
47.128.37.236 - - [03/Nov/2024:04:44:31 +0100] "GET /ticket2/opencms/sr/buy?edid=9F997AA4-4C9A-B0F5-45AE-3426BA42C8D8 HTTP/1.1" 200 81862
65.108.110.26 - - [03/Nov/2024:04:44:31 +0100] "GET /ticket2/opencms/se/fi/venue/?venueid=2C05FD8F-0F8B-4EB0-A1C9-4F2046334E3E HTTP/1.1" 404 -
157.90.209.79 - - [03/Nov/2024:04:44:34 +0100] "GET /ticket2/opencms/hr/sport/nogometne-ulaznice/serie-a/salernitana HTTP/1.1" 200 88332
65.108.110.26 - - [03/Nov/2024:04:44:35 +0100] "GET /ticket2/opencms/se/fi/venue/?venueid=2C09BEA1-5E2F-8434-031D-62BC13D49C80 HTTP/1.1" 404 -
217.113.194.221 - - [03/Nov/2024:04:44:36 +0100] "GET /ticket2/opencms/en/buy/?page=1&edid=9927BCC2-FA16-923C-5EB8-2829DF05AF74 HTTP/1.1" 200 100404
157.90.209.79 - - [03/Nov/2024:04:44:40 +0100] "GET /ticket2/opencms/hr/sport/nogometne-ulaznice/serie-a/sassuolo HTTP/1.1" 200 88003
65.108.110.26 - - [03/Nov/2024:04:44:40 +0100] "GET /ticket2/opencms/se/fi/venue/?venueid=2D39E46D-1A00-918A-79A1-577BDF40C861 HTTP/1.1" 404 -
20.171.206.225 - - [03/Nov/2024:04:44:44 +0100] "GET /ticket2/opencms/be/buy?page=1&edid=2684212B-FA50-DC4B-3CFA-1303E9638140 HTTP/1.1" 200 122606
217.113.194.216 - - [03/Nov/2024:04:44:44 +0100] "GET /ticket2/opencms/en/buy/?page=1&edid=63D01EA9-6118-F064-A9BE-98AD792F8DD1 HTTP/1.1" 200 96907
65.108.110.26 - - [03/Nov/2024:04:44:45 +0100] "GET /ticket2/opencms/se/fi/venue/?venueid=2DC55005-385F-5FAA-AA4C-CEED6E36F27B HTTP/1.1" 404 -
157.90.209.79 - - [03/Nov/2024:04:44:46 +0100] "GET /ticket2/opencms/hr/sport/nogometne-ulaznice/serie-a/torino HTTP/1.1" 200 88313
85.208.96.199 - - [03/Nov/2024:04:44:49 +0100] "GET /ticket2/opencms/de/sport/fussball-tickets/ HTTP/1.1" 200 88089
20.171.206.225 - - [03/Nov/2024:04:44:49 +0100] "GET /ticket2/opencms/sv/buy?page=1&edid=2684212B-FA50-DC4B-3CFA-1303E9638140 HTTP/1.1" 200 119505
85.208.96.199 - - [03/Nov/2024:04:44:49 +0100] "GET /ticket2/opencms/no/buy/?page=6 HTTP/1.1" 200 79586
65.108.110.26 - - [03/Nov/2024:04:44:49 +0100] "GET /ticket2/opencms/se/fi/venue/?venueid=305DAD5C-FF35-7284-E470-947548E280ED HTTP/1.1" 404 -
157.90.209.79 - - [03/Nov/2024:04:44:52 +0100] "GET /ticket2/opencms/hr/sport/nogometne-ulaznice/serie-a/udinese HTTP/1.1" 200 87723
185.191.171.8 - - [03/Nov/2024:04:44:52 +0100] "GET /ticket2/opencms/sv/sport/fotbollsbiljetter/premier_league/southampton/ HTTP/1.1" 200 88317
154.54.249.216 - - [03/Nov/2024:04:44:52 +0100] "GET /ticket2/opencms/en/buy/?page=1&edid=40E54A3B-01CE-72DC-D398-6E61A08DF196 HTTP/1.1" 200 96934
65.108.110.26 - - [03/Nov/2024:04:44:54 +0100] "GET /ticket2/opencms/se/fi/venue/?venueid=308D5B12-D557-DF8F-3129-5C03B03BE75B HTTP/1.1" 404 -
157.90.209.79 - - [03/Nov/2024:04:44:55 +0100] "GET /ticket2/opencms/hr/standard/ HTTP/1.1" 500 -
65.108.110.26 - - [03/Nov/2024:04:44:58 +0100] "GET /ticket2/opencms/se/fi/venue/?venueid=35F2C0FD-2AD5-32E8-D68C-01A0719CB745 HTTP/1.1" 404 -
157.90.209.79 - - [03/Nov/2024:04:45:01 +0100] "GET /ticket2/opencms/hu/about/ HTTP/1.1" 500 -
217.113.194.221 - - [03/Nov/2024:04:45:01 +0100] "GET /ticket2/opencms/en/buy/?page=1&edid=66EB75EF-0CBD-BA1B-9342-85D051C2996A HTTP/1.1" 200 99646
209.85.238.42 - - [03/Nov/2024:04:45:02 +0100] "GET /ticket2/opencms/no/about/contact HTTP/1.1" 200 81156
65.108.110.26 - - [03/Nov/2024:04:45:03 +0100] "GET /ticket2/opencms/se/fi/venue/?venueid=373A8158-EF4F-C52F-8418-B13477C2157B HTTP/1.1" 404 -
157.90.209.79 - - [03/Nov/2024:04:45:05 +0100] "GET /ticket2/opencms/hu/about/contact/ HTTP/1.1" 200 77843
65.108.110.26 - - [03/Nov/2024:04:45:07 +0100] "GET /ticket2/opencms/se/fi/venue/?venueid=37CBE37C-7D6F-4665-1B80-1F6AC01C8EBD HTTP/1.1" 404 -
217.113.194.214 - - [03/Nov/2024:04:45:09 +0100] "GET /ticket2/opencms/en/buy/?page=1&edid=15507C5C-EBAC-0D65-4FA1-76ADC722C3D4 HTTP/1.1" 200 100196
157.90.209.79 - - [03/Nov/2024:04:45:09 +0100] "GET /ticket2/opencms/hu/about/press/ HTTP/1.1" 200 80338
65.108.110.26 - - [03/Nov/2024:04:45:12 +0100] "GET /ticket2/opencms/se/fi/venue/?venueid=37FDBD7B-74BE-8950-65E3-B6CF46D7D303 HTTP/1.1" 404 -
157.90.209.79 - - [03/Nov/2024:04:45:12 +0100] "GET /ticket2/opencms/hu/buy/ HTTP/1.1" 200 79553
185.191.171.7 - - [03/Nov/2024:04:45:13 +0100] "GET /ticket2/opencms/fi/search.html?searchQuery=Detroit%2BRed%2BWings HTTP/1.1" 200 97697
20.171.206.159 - - [03/Nov/2024:04:45:13 +0100] "GET /ticket2/opencms/mk/buy?page=1&edid=2684212B-FA50-DC4B-3CFA-1303E9638140 HTTP/1.1" 404 -
65.108.110.26 - - [03/Nov/2024:04:45:16 +0100] "GET /ticket2/opencms/se/fi/venue/?venueid=380DF522-3660-2BDE-D588-34065D0E5215 HTTP/1.1" 404 -
217.113.194.218 - - [03/Nov/2024:04:45:18 +0100] "GET /ticket2/opencms/en/buy/?page=1&edid=65A9D458-166A-0DC5-1B44-D817185B93FC HTTP/1.1" 200 99524
20.171.206.159 - - [03/Nov/2024:04:45:18 +0100] "GET /ticket2/opencms/bs/buy?page=1&edid=2684212B-FA50-DC4B-3CFA-1303E9638140 HTTP/1.1" 200 120258
52.167.144.211 - - [03/Nov/2024:04:45:21 +0100] "GET /ticket2/opencms/fi/urheilu/hockey/nhl/ny-rangers/ HTTP/1.1" 200 81082
114.119.130.91 - - [03/Nov/2024:04:45:21 +0100] "GET /ticket2/opencms/en/venue/?venueid=58271F11-7BB1-711A-F32D-E763F26DC1E9 HTTP/1.1" 200 77012
65.108.110.26 - - [03/Nov/2024:04:45:21 +0100] "GET /ticket2/opencms/se/fi/venue/?venueid=38FFD183-CF6A-3217-EBBF-18C6D52232E9 HTTP/1.1" 404 -
20.171.206.159 - - [03/Nov/2024:04:45:22 +0100] "GET /ticket2/opencms/hr/buy?page=1&edid=2684212B-FA50-DC4B-3CFA-1303E9638140 HTTP/1.1" 200 120286
157.90.209.79 - - [03/Nov/2024:04:45:23 +0100] "GET /ticket2/opencms/hu/buy/football-tickets/capitalonecup HTTP/1.1" 404 -
65.108.110.26 - - [03/Nov/2024:04:45:26 +0100] "GET /ticket2/opencms/se/fi/venue/?venueid=3982A8DF-0386-82E3-C996-B71876E1637D HTTP/1.1" 404 -
20.171.206.159 - - [03/Nov/2024:04:45:26 +0100] "GET /ticket2/opencms/nl/buy?page=1&edid=2684212B-FA50-DC4B-3CFA-1303E9638140 HTTP/1.1" 200 118242
217.113.194.217 - - [03/Nov/2024:04:45:26 +0100] "GET /ticket2/opencms/en/buy/?page=1&edid=8DE7A210-45E0-8C09-63EA-28CBA5412C0E HTTP/1.1" 200 123901
157.90.209.79 - - [03/Nov/2024:04:45:27 +0100] "GET /ticket2/opencms/hu/buy/football-tickets/championship HTTP/1.1" 404 -
47.128.45.8 - - [03/Nov/2024:04:45:29 +0100] "GET /ticket2/opencms/ga/buy/?edid=8B884D00-0090-F7F9-0339-733FDDA065DC HTTP/1.1" 200 81535
157.90.209.79 - - [03/Nov/2024:04:45:30 +0100] "GET /ticket2/opencms/hu/buy/football-tickets/championsleague HTTP/1.1" 404 -
65.108.110.26 - - [03/Nov/2024:04:45:30 +0100] "GET /ticket2/opencms/se/fi/venue/?venueid=39C43282-985C-5277-31A7-ADF50A8ACB3F HTTP/1.1" 404 -
157.90.209.79 - - [03/Nov/2024:04:45:33 +0100] "GET /ticket2/opencms/hu/buy/football-tickets/eredivisie HTTP/1.1" 404 -
168.81.59.23 - - [03/Nov/2024:04:45:34 +0100] "GET /ticket2/opencms/be/login HTTP/1.1" 200 83861
217.113.194.217 - - [03/Nov/2024:04:45:35 +0100] "GET /ticket2/opencms/en/buy/?page=1&edid=6F957320-7F2D-3595-C3EF-63F4A1290CC1 HTTP/1.1" 200 96912
65.108.110.26 - - [03/Nov/2024:04:45:35 +0100] "GET /ticket2/opencms/se/fi/venue/?venueid=3E052964-D5DB-7727-FFA4-1BA16C172E21 HTTP/1.1" 404 -
157.90.209.79 - - [03/Nov/2024:04:45:37 +0100] "GET /ticket2/opencms/hu/buy/football-tickets/europaleague HTTP/1.1" 404 -
168.81.59.23 - - [03/Nov/2024:04:45:38 +0100] "GET /ticket2/opencms/es/selling_tickets/ HTTP/1.1" 500 -
168.81.59.23 - - [03/Nov/2024:04:45:39 +0100] "GET /ticket2/opencms/es/selling_tickets/ HTTP/1.1" 500 -
168.81.59.23 - - [03/Nov/2024:04:45:39 +0100] "GET /ticket2/opencms/es/selling_tickets/ HTTP/1.1" 500 -
65.108.110.26 - - [03/Nov/2024:04:45:40 +0100] "GET /ticket2/opencms/se/fi/venue/?venueid=3E1E6F0D-1058-2C69-20D9-8595783E8131 HTTP/1.1" 404 -
157.90.209.79 - - [03/Nov/2024:04:45:40 +0100] "GET /ticket2/opencms/hu/buy/football-tickets/facup HTTP/1.1" 404 -
154.54.249.216 - - [03/Nov/2024:04:45:43 +0100] "GET /ticket2/opencms/en/buy/?page=1&edid=6B881D5E-3D84-4BC4-55F4-CC04EBCD3852 HTTP/1.1" 200 100172
65.108.110.26 - - [03/Nov/2024:04:45:44 +0100] "GET /ticket2/opencms/se/fi/venue/?venueid=3ED5EA9D-5706-84F2-16D2-FC98CC15FF4D HTTP/1.1" 404 -
20.171.206.159 - - [03/Nov/2024:04:45:46 +0100] "GET /ticket2/opencms/uk/buy?page=1&edid=2684212B-FA50-DC4B-3CFA-1303E9638140 HTTP/1.1" 200 122744
157.90.209.79 - - [03/Nov/2024:04:45:47 +0100] "GET /ticket2/opencms/hu/buy/football-tickets/internationalmatches HTTP/1.1" 404 -
157.90.209.79 - - [03/Nov/2024:04:45:48 +0100] "GET /ticket2/opencms/hu/buy/?page=1&edid=03C08C39-501F-FF78-A958-5E62ADCE683F HTTP/1.1" 200 102036
65.108.110.26 - - [03/Nov/2024:04:45:49 +0100] "GET /ticket2/opencms/se/fi/venue/?venueid=3EE4FE55-15E3-AF2C-FE6F-193C6997CCEA HTTP/1.1" 404 -
20.171.206.159 - - [03/Nov/2024:04:45:49 +0100] "GET /ticket2/opencms/ga/buy?page=1&edid=2684212B-FA50-DC4B-3CFA-1303E9638140 HTTP/1.1" 200 120984
217.113.194.220 - - [03/Nov/2024:04:45:52 +0100] "GET /ticket2/opencms/en/buy/?page=1&edid=6DAF9AA5-10E5-2BC4-F656-329799DE3F62 HTTP/1.1" 200 100253
157.90.209.79 - - [03/Nov/2024:04:45:52 +0100] "GET /ticket2/opencms/hu/buy/?page=1&edid=047E0311-281A-A7AE-E87D-50033F4F70CA HTTP/1.1" 200 131149
20.171.206.159 - - [03/Nov/2024:04:45:52 +0100] "GET /ticket2/opencms/mt/buy?page=1&edid=2684212B-FA50-DC4B-3CFA-1303E9638140 HTTP/1.1" 200 120705
65.108.110.26 - - [03/Nov/2024:04:45:53 +0100] "GET /ticket2/opencms/se/fi/venue/?venueid=44FEF35E-84F0-1C09-675A-B5A8DF72F159 HTTP/1.1" 404 -
47.128.43.129 - - [03/Nov/2024:04:45:54 +0100] "GET /ticket2/opencms/es/buy?page=11&venueid=3696F630-3175-B624-1F25-409A07AAD64C HTTP/1.1" 200 81634
20.171.206.159 - - [03/Nov/2024:04:45:55 +0100] "GET /ticket2/opencms/sq/buy?page=1&edid=2684212B-FA50-DC4B-3CFA-1303E9638140 HTTP/1.1" 200 120698
185.191.171.9 - - [03/Nov/2024:04:45:56 +0100] "GET /ticket2/opencms/de/buying_tickets HTTP/1.1" 200 83118
65.108.110.26 - - [03/Nov/2024:04:45:58 +0100] "GET /ticket2/opencms/se/fi/venue/?venueid=4694F5B1-69FE-B60F-48EF-EC52575888CD HTTP/1.1" 404 -
20.171.206.159 - - [03/Nov/2024:04:45:59 +0100] "GET /ticket2/opencms/az/sport/futbol-biletleri/premier-league/manchester-city HTTP/1.1" 200 97650
217.113.194.219 - - [03/Nov/2024:04:46:00 +0100] "GET /ticket2/opencms/en/buy/?page=1&edid=3ED65AD6-1279-C02D-A742-75E583A6E3FA HTTP/1.1" 200 100155
157.90.209.79 - - [03/Nov/2024:04:46:02 +0100] "GET /ticket2/opencms/hu/buy/?page=1&edid=063774E2-DE1A-6A46-E97B-D379290B879E HTTP/1.1" 200 126429
65.108.110.26 - - [03/Nov/2024:04:46:03 +0100] "GET /ticket2/opencms/se/fi/venue/?venueid=4B59E4CA-1599-6119-1C68-7B9E529278FF HTTP/1.1" 404 -
157.90.209.79 - - [03/Nov/2024:04:46:04 +0100] "GET /ticket2/opencms/hu/buy/?page=1&edid=069EC406-6DFD-08ED-B6CC-A7E203415919 HTTP/1.1" 200 130367
65.108.110.26 - - [03/Nov/2024:04:46:07 +0100] "GET /ticket2/opencms/se/fi/venue/?venueid=4C46742E-2489-4795-7D95-D294C3BDD24D HTTP/1.1" 404 -
157.90.209.79 - - [03/Nov/2024:04:46:07 +0100] "GET /ticket2/opencms/hu/buy/?page=1&edid=070182EB-30EF-F34B-AE41-C4B61E82D2C9 HTTP/1.1" 200 114119
217.113.194.221 - - [03/Nov/2024:04:46:08 +0100] "GET /ticket2/opencms/en/buy/?page=1&edid=3F350DAF-2EE3-F290-0651-F5B5EADEB5AA HTTP/1.1" 200 100219
157.90.209.79 - - [03/Nov/2024:04:46:12 +0100] "GET /ticket2/opencms/hu/buy/?page=1&edid=077A4D05-90D5-AF2A-B689-A4F52E73EBA2 HTTP/1.1" 200 131018
65.108.110.26 - - [03/Nov/2024:04:46:12 +0100] "GET /ticket2/opencms/se/fi/venue/?venueid=4C9467B2-6A62-2081-D8AE-397B47B3C12E HTTP/1.1" 404 -
85.208.96.207 - - [03/Nov/2024:04:46:14 +0100] "GET /ticket2/opencms/en/sport/football-tickets/bundesliga/bochum/ HTTP/1.1" 200 85805
37.123.143.11 - - [03/Nov/2024:04:46:14 +0100] "GET /ticket2/opencms/system/workplace/views/top_foot.jsp?wpFrame=foot HTTP/1.1" 200 1210
37.123.143.11 - - [03/Nov/2024:04:46:14 +0100] "GET /ticket2/opencms/system/workplace/commons/style/workplace.css HTTP/1.1" 200 14209
157.90.209.79 - - [03/Nov/2024:04:46:16 +0100] "GET /ticket2/opencms/hu/buy/?page=1&edid=08E96509-F113-0E6A-21FE-AD8C7D1444D0 HTTP/1.1" 200 117408
65.108.110.26 - - [03/Nov/2024:04:46:16 +0100] "GET /ticket2/opencms/se/fi/venue/?venueid=4DC8FB9D-B80E-E873-CA20-DF6B75642113 HTTP/1.1" 404 -
114.119.141.206 - - [03/Nov/2024:04:46:17 +0100] "GET /ticket2/opencms/en/venue/?venueid=57C4265D-1F48-7073-0A99-FC101DE89128 HTTP/1.1" 200 77009
217.113.194.213 - - [03/Nov/2024:04:46:17 +0100] "GET /ticket2/opencms/en/buy/?page=1&edid=14FC1DD8-00FF-2C22-C253-E035F775712B HTTP/1.1" 200 96903
65.108.110.26 - - [03/Nov/2024:04:46:20 +0100] "GET /ticket2/opencms/se/fi/venue/?venueid=58F56EF7-205A-178F-AAD2-A2EA74CB1D0E HTTP/1.1" 404 -
20.171.206.22 - - [03/Nov/2024:04:46:22 +0100] "GET /ticket2/opencms/az/sport/futbol-biletleri/premier-league/wolverhampton HTTP/1.1" 200 97498
157.90.209.79 - - [03/Nov/2024:04:46:22 +0100] "GET /ticket2/opencms/hu/buy/?page=1&edid=0F9D6B87-FBA2-98F6-6A11-CBBA4D2A86C1 HTTP/1.1" 200 133119
157.90.209.79 - - [03/Nov/2024:04:46:25 +0100] "GET /ticket2/opencms/hu/buy/?page=1&edid=1046C14E-D95C-B350-CBCD-2ECE5F3DCC46 HTTP/1.1" 200 114117
65.108.110.26 - - [03/Nov/2024:04:46:25 +0100] "GET /ticket2/opencms/se/fi/venue/?venueid=5D522FFF-EE27-8B4F-FF73-B0ACE0865905 HTTP/1.1" 404 -
217.113.194.218 - - [03/Nov/2024:04:46:25 +0100] "GET /ticket2/opencms/en/buy/?page=1&edid=4DFADB48-D949-97F7-B374-193C167D2333 HTTP/1.1" 200 99303
65.108.110.26 - - [03/Nov/2024:04:46:30 +0100] "GET /ticket2/opencms/se/fi/venue/?venueid=66E1E988-5937-F001-455A-788C6919D4BB HTTP/1.1" 404 -
217.113.194.217 - - [03/Nov/2024:04:46:34 +0100] "GET /ticket2/opencms/en/buy/?page=1&edid=4E64A45B-C53A-FCF7-3F71-4F13C44D918C HTTP/1.1" 200 99561
65.108.110.26 - - [03/Nov/2024:04:46:34 +0100] "GET /ticket2/opencms/se/fi/venue/?venueid=676CED6B-6430-3729-D591-76E90D94F1B5 HTTP/1.1" 404 -
65.108.110.26 - - [03/Nov/2024:04:46:38 +0100] "GET /ticket2/opencms/se/fi/venue/?venueid=6A1E7DDB-C31D-22B0-B981-1ED12482EA8B HTTP/1.1" 404 -
85.208.96.197 - - [03/Nov/2024:04:46:40 +0100] "GET /ticket2/opencms/sv/sport/fotbollsbiljetter/premier_league/aston_villa/ HTTP/1.1" 200 94968
52.167.144.137 - - [03/Nov/2024:04:46:41 +0100] "GET /ticket2/opencms/en/buy/?page=1&edid=DA2AFD28-6AA1-4222-20E5-CCCE4BF9B981 HTTP/1.1" 200 100627
217.113.194.212 - - [03/Nov/2024:04:46:42 +0100] "GET /ticket2/opencms/en/buy/?page=1&edid=7E653C31-A788-6271-D9AA-FE8367BFE104 HTTP/1.1" 200 100165
65.108.110.26 - - [03/Nov/2024:04:46:43 +0100] "GET /ticket2/opencms/se/fi/venue/?venueid=6F35A585-C7A7-198F-956D-F8F0D81EEC09 HTTP/1.1" 404 -
85.208.96.210 - - [03/Nov/2024:04:46:44 +0100] "GET /ticket2/opencms/fi/urheilu/jalkapallo/la-liga/valencia/ HTTP/1.1" 200 95005
20.171.206.22 - - [03/Nov/2024:04:46:46 +0100] "GET /ticket2/opencms/az/sport/futbol-biletleri/premier-league/newcastle-united HTTP/1.1" 200 97746
65.108.110.26 - - [03/Nov/2024:04:46:47 +0100] "GET /ticket2/opencms/se/fi/venue/?venueid=70347237-20AB-1826-B64D-E226B107BB72 HTTP/1.1" 404 -
217.113.194.218 - - [03/Nov/2024:04:46:51 +0100] "GET /ticket2/opencms/en/buy/?page=1&edid=7D0034DE-60A0-B971-BE37-13F34A8B84FE HTTP/1.1" 200 122841
65.108.110.26 - - [03/Nov/2024:04:46:52 +0100] "GET /ticket2/opencms/se/fi/venue/?venueid=7323AE7D-D178-B332-F0E5-FE2EC0804060 HTTP/1.1" 404 -
65.108.110.26 - - [03/Nov/2024:04:46:56 +0100] "GET /ticket2/opencms/se/fi/venue/?venueid=73886E8B-D0CE-D693-4D83-304172C400FE HTTP/1.1" 404 -
217.113.194.218 - - [03/Nov/2024:04:46:59 +0100] "GET /ticket2/opencms/en/buy/?page=1&edid=20BC4682-E2EA-6331-76C5-92E438E4C4EB HTTP/1.1" 200 96905
65.108.110.26 - - [03/Nov/2024:04:47:01 +0100] "GET /ticket2/opencms/se/fi/venue/?venueid=7459A29D-3F4C-884C-C85C-9368023CDEDD HTTP/1.1" 404 -
185.191.171.1 - - [03/Nov/2024:04:47:05 +0100] "GET /ticket2/opencms/nl/sport/voetbal-tickets/la_liga/real-sociedad/ HTTP/1.1" 200 86475
65.108.110.26 - - [03/Nov/2024:04:47:06 +0100] "GET /ticket2/opencms/se/fi/venue/?venueid=753FF712-B99D-3B71-760E-1B27349FD0F1 HTTP/1.1" 404 -
217.113.194.214 - - [03/Nov/2024:04:47:08 +0100] "GET /ticket2/opencms/en/buy/?page=1&edid=9AF29D4D-BF71-6182-1EBD-FF49E6DA3ECE HTTP/1.1" 200 99302
20.171.206.22 - - [03/Nov/2024:04:47:09 +0100] "GET /ticket2/opencms/az/sport/futbol-biletleri/premier-league/west-ham-united HTTP/1.1" 200 97053
65.108.110.26 - - [03/Nov/2024:04:47:10 +0100] "GET /ticket2/opencms/se/fi/venue/?venueid=77AE86FB-D354-0E5F-2F8B-54B74EAA6DBC HTTP/1.1" 404 -
157.90.209.79 - - [03/Nov/2024:04:47:13 +0100] "GET /ticket2/opencms/hu/buy/?page=1&edid=10597F35-2AC7-31D2-FB61-15A36BB6D73B HTTP/1.1" 200 126425
65.108.110.26 - - [03/Nov/2024:04:47:15 +0100] "GET /ticket2/opencms/se/fi/venue/?venueid=788D8A95-9784-C0AC-7C72-145DA63A5615 HTTP/1.1" 404 -
217.113.194.215 - - [03/Nov/2024:04:47:16 +0100] "GET /ticket2/opencms/en/buy/?page=1&edid=41223DA8-F64F-F12A-66D9-9E5666E9DFB2 HTTP/1.1" 200 106201
47.128.41.204 - - [03/Nov/2024:04:47:17 +0100] "GET /ticket2/opencms/ga/buy?page=10&venueid=F72D7D8A-21AA-398A-828C-542FA85266B4 HTTP/1.1" 302 -
157.90.209.79 - - [03/Nov/2024:04:47:17 +0100] "GET /ticket2/opencms/hu/buy/?page=1&edid=11EFBC55-130A-2310-B776-C5D86878BDAB HTTP/1.1" 200 130377
47.128.41.204 - - [03/Nov/2024:04:47:18 +0100] "GET /ticket2/opencms/ga/buy/ HTTP/1.1" 200 79603
65.108.110.26 - - [03/Nov/2024:04:47:19 +0100] "GET /ticket2/opencms/se/fi/venue/?venueid=78FDA09C-41E1-3EB5-FA25-29EBD1B668CE HTTP/1.1" 404 -
65.108.110.26 - - [03/Nov/2024:04:47:24 +0100] "GET /ticket2/opencms/se/fi/venue/?venueid=7943BD7F-85DA-A73F-DD60-967562D19B0E HTTP/1.1" 404 -
217.113.194.220 - - [03/Nov/2024:04:47:25 +0100] "GET /ticket2/opencms/en/buy/?page=1&edid=2504116F-9B00-F8B9-A7E6-66686A6BE7BB HTTP/1.1" 200 96916
65.108.110.26 - - [03/Nov/2024:04:47:28 +0100] "GET /ticket2/opencms/se/fi/venue/?venueid=79787CD2-7865-34D1-58A9-E39B34651991 HTTP/1.1" 404 -
157.90.209.79 - - [03/Nov/2024:04:47:28 +0100] "GET /ticket2/opencms/hu/buy/?page=1&edid=126E7844-E6E1-432A-5140-6A6B87787BFF HTTP/1.1" 200 124832
20.171.206.192 - - [03/Nov/2024:04:47:29 +0100] "GET /ticket2/opencms/az/sport/futbol-biletleri/premier-league/southampton HTTP/1.1" 200 90479
157.90.209.79 - - [03/Nov/2024:04:47:30 +0100] "GET /ticket2/opencms/hu/buy/?page=1&edid=145F87FE-BCE7-15CF-CE4F-3702933DA737 HTTP/1.1" 200 102587
207.46.13.125 - - [03/Nov/2024:04:47:31 +0100] "GET /ticket2/opencms/hr/buy?page=1&edid=254CEB97-82F4-38D6-1491-2031A0E06895 HTTP/1.1" 200 101788
20.171.206.192 - - [03/Nov/2024:04:47:32 +0100] "GET /ticket2/opencms/az/sport/futbol-biletleri/premier-league/aston-villa HTTP/1.1" 404 -
124.243.176.153 - - [03/Nov/2024:04:47:32 +0100] "GET /ticket2/opencms/en/sport/football-tickets/bundesliga/ HTTP/1.1" 200 83366
65.108.110.26 - - [03/Nov/2024:04:47:33 +0100] "GET /ticket2/opencms/se/fi/venue/?venueid=79ABCF29-8849-375A-51D4-EF1F6E582A69 HTTP/1.1" 404 -
217.113.194.214 - - [03/Nov/2024:04:47:33 +0100] "GET /ticket2/opencms/en/buy/?page=1&edid=553ADDA1-E0D9-E3D6-EC5D-90A14C3A0FAF HTTP/1.1" 200 100651
20.171.206.192 - - [03/Nov/2024:04:47:34 +0100] "GET /ticket2/opencms/az/sport/futbol-biletleri/premier-league/bournemouth HTTP/1.1" 200 96964
52.167.144.211 - - [03/Nov/2024:04:47:37 +0100] "GET /ticket2/opencms/ka/about/press HTTP/1.1" 200 81523
65.108.110.26 - - [03/Nov/2024:04:47:37 +0100] "GET /ticket2/opencms/se/fi/venue/?venueid=7A7B066D-6749-0EC8-5A95-BB4DEF5BC7FC HTTP/1.1" 404 -
85.208.96.198 - - [03/Nov/2024:04:47:41 +0100] "GET /ticket2/opencms/robots.txt HTTP/1.1" 200 773
65.108.110.26 - - [03/Nov/2024:04:47:41 +0100] "GET /ticket2/opencms/se/fi/venue/?venueid=7DFFA88D-A72E-EF83-E1F4-D4C0A7C75BDB HTTP/1.1" 404 -
154.54.249.216 - - [03/Nov/2024:04:47:41 +0100] "GET /ticket2/opencms/en/buy/?page=1&edid=224E301E-62C2-7FAB-1E09-EB70E2A87B16 HTTP/1.1" 200 96900
185.191.171.1 - - [03/Nov/2024:04:47:42 +0100] "GET /ticket2/opencms/de/magazine/article?title=erling-braut-haaland HTTP/1.1" 200 81730
20.171.206.192 - - [03/Nov/2024:04:47:43 +0100] "GET /ticket2/opencms/bg/sport/futbolni-bileti/la-liga/barcelona HTTP/1.1" 200 97976
65.108.110.26 - - [03/Nov/2024:04:47:46 +0100] "GET /ticket2/opencms/se/fi/venue/?venueid=8243A401-23BF-39C5-8D76-982AC5019BE4 HTTP/1.1" 404 -
47.128.110.3 - - [03/Nov/2024:04:47:48 +0100] "GET /ticket2/opencms/ga/buy/?catid=06324577-7173-BAB0-146D-E644C912F7C1&comcatid=A17713B6-D984-201A-4143-ED4DB5ED5C2E&npage=2 HTTP/1.1" 200 245195
20.171.206.192 - - [03/Nov/2024:04:47:48 +0100] "GET /ticket2/opencms/en/sport/football-tickets/la-liga/barcelona HTTP/1.1" 200 93131
157.90.209.79 - - [03/Nov/2024:04:47:49 +0100] "GET /ticket2/opencms/hu/buy/?page=1&edid=159AEE85-969E-7453-4999-69FCFD2915E6 HTTP/1.1" 200 131070
65.108.110.26 - - [03/Nov/2024:04:47:50 +0100] "GET /ticket2/opencms/se/fi/venue/?venueid=83EBCF96-D843-3E0D-987B-C586316FD2AC HTTP/1.1" 404 -
217.113.194.217 - - [03/Nov/2024:04:47:50 +0100] "GET /ticket2/opencms/en/buy/?page=1&edid=79716713-A068-E79D-953B-9FF4A2B80AAB HTTP/1.1" 200 122333
47.128.110.3 - - [03/Nov/2024:04:47:50 +0100] "GET /ticket2/opencms/system/modules/com.gridnine.opencms.ticketbrokerage.site/resources/pics/other_tickets.png HTTP/1.1" 200 1027
157.90.209.79 - - [03/Nov/2024:04:47:51 +0100] "GET /ticket2/opencms/hu/buy/?page=1&edid=160DAC9A-2A77-6FDC-52B8-296352B1ABF1 HTTP/1.1" 200 125914
157.90.209.79 - - [03/Nov/2024:04:47:54 +0100] "GET /ticket2/opencms/hu/buy/?page=1&edid=19422468-9239-E426-DB02-7FA0504E2BEC HTTP/1.1" 200 130369
65.108.110.26 - - [03/Nov/2024:04:47:55 +0100] "GET /ticket2/opencms/se/fi/venue/?venueid=86B389D1-7013-BAF6-CA43-7EB6782B91E5 HTTP/1.1" 404 -
157.90.209.79 - - [03/Nov/2024:04:47:56 +0100] "GET /ticket2/opencms/hu/buy/?page=1&edid=1ABC406A-92BD-FDCF-3BD6-80A52E60B34F HTTP/1.1" 200 135349
157.90.209.79 - - [03/Nov/2024:04:47:58 +0100] "GET /ticket2/opencms/hu/buy/?page=1&edid=1AD4E11C-C792-1721-4D1A-2229101A30FD HTTP/1.1" 200 135353
85.208.96.208 - - [03/Nov/2024:04:47:58 +0100] "GET /ticket2/opencms/sv/sport/fotbollsbiljetter/uefa-champions-league/fc_nordsjaelland/ HTTP/1.1" 200 79475
65.108.110.26 - - [03/Nov/2024:04:47:59 +0100] "GET /ticket2/opencms/se/fi/venue/?venueid=88FA5ED7-F5AA-6C61-A45E-2A93337B7DAA HTTP/1.1" 404 -
157.90.209.79 - - [03/Nov/2024:04:48:00 +0100] "GET /ticket2/opencms/hu/buy/?page=1&edid=1B6F6A2B-A0DA-FF91-EC4E-3DCAA442C25B HTTP/1.1" 200 124833
157.90.209.79 - - [03/Nov/2024:04:48:03 +0100] "GET /ticket2/opencms/hu/buy/?page=1&edid=1BDA6D08-38AF-6470-7423-555F9C3DEC73 HTTP/1.1" 200 102619
65.108.110.26 - - [03/Nov/2024:04:48:04 +0100] "GET /ticket2/opencms/se/fi/venue/?venueid=895DAA27-0D01-3F9A-C82D-1FA2A5BCB45B HTTP/1.1" 404 -
157.90.209.79 - - [03/Nov/2024:04:48:08 +0100] "GET /ticket2/opencms/hu/buy/?page=1&edid=2197E523-8740-2A01-BD5D-12E3C3F2DBFE HTTP/1.1" 200 136545
157.90.209.79 - - [03/Nov/2024:04:48:11 +0100] "GET /ticket2/opencms/hu/buy/?page=1&edid=25666712-CB7E-CDDD-4626-F1CD96C38316 HTTP/1.1" 200 135350
65.108.110.26 - - [03/Nov/2024:04:48:13 +0100] "GET /ticket2/opencms/se/fi/venue/?venueid=8A02FD62-AB7D-0F2A-98D0-1DF2D8566333 HTTP/1.1" 404 -
65.108.110.26 - - [03/Nov/2024:04:48:17 +0100] "GET /ticket2/opencms/se/fi/venue/?venueid=8A164F69-C3AD-8904-FC05-FBEE26604F9B HTTP/1.1" 404 -
65.108.110.26 - - [03/Nov/2024:04:48:22 +0100] "GET /ticket2/opencms/se/fi/venue/?venueid=8ACD55F8-F2F8-4EAD-B07C-625C1290622F HTTP/1.1" 404 -
65.108.110.26 - - [03/Nov/2024:04:48:26 +0100] "GET /ticket2/opencms/se/fi/venue/?venueid=8B510977-1E58-CA35-22CC-AAAB5ABA441D HTTP/1.1" 404 -
20.171.206.126 - - [03/Nov/2024:04:48:29 +0100] "GET /ticket2/opencms/az/sport/futbol-biletleri/la-liga/ HTTP/1.1" 200 90864
20.171.206.126 - - [03/Nov/2024:04:48:31 +0100] "GET /ticket2/opencms/et/sport/jalgpallipiletid/la-liga/barcelona HTTP/1.1" 200 96675
65.108.110.26 - - [03/Nov/2024:04:48:31 +0100] "GET /ticket2/opencms/se/fi/venue/?venueid=8B6C824C-D02D-D12B-5DBC-51731218C202 HTTP/1.1" 404 -
65.108.110.26 - - [03/Nov/2024:04:48:35 +0100] "GET /ticket2/opencms/se/fi/venue/?venueid=8BDEA22F-AEEB-2CF5-B679-E036CF5C4797 HTTP/1.1" 404 -
157.90.209.79 - - [03/Nov/2024:04:48:37 +0100] "GET /ticket2/opencms/hu/buy/?page=1&edid=26467E66-E432-3709-0425-A75E81B5021A HTTP/1.1" 200 131156
85.208.96.199 - - [03/Nov/2024:04:48:37 +0100] "GET /ticket2/opencms/dk/sport/fodboldbilletter/serie-a/genoa/ HTTP/1.1" 200 86259
47.128.121.135 - - [03/Nov/2024:04:48:40 +0100] "GET /ticket2/opencms/fr/buy?edid=6957252F-9975-72EE-7A6D-432C5B1DEF2C HTTP/1.1" 200 80896
65.108.110.26 - - [03/Nov/2024:04:48:40 +0100] "GET /ticket2/opencms/se/fi/venue/?venueid=8C3A154B-2F7E-FD19-F863-0D39CE53C467 HTTP/1.1" 404 -
157.90.209.79 - - [03/Nov/2024:04:48:40 +0100] "GET /ticket2/opencms/hu/buy/?page=1&edid=268D8165-50F1-AAA8-6C6A-3ABAD53C8B35 HTTP/1.1" 200 117398
207.46.13.78 - - [03/Nov/2024:04:48:43 +0100] "GET /ticket2/opencms/fr/buy?page=1&edid=DE6EAF1E-F0E3-BCEF-6FE9-789554B2D96C HTTP/1.1" 200 113747
65.108.110.26 - - [03/Nov/2024:04:48:44 +0100] "GET /ticket2/opencms/se/fi/venue/?venueid=8C459824-0791-C4B3-96A5-E2175298EB51 HTTP/1.1" 404 -
65.108.110.26 - - [03/Nov/2024:04:48:49 +0100] "GET /ticket2/opencms/se/fi/venue/?venueid=8CFC3D89-30A6-4F45-212C-6A9F575010B5 HTTP/1.1" 404 -
20.171.206.126 - - [03/Nov/2024:04:48:51 +0100] "GET /ticket2/opencms/az/sport/futbol-biletleri/la-liga/barcelona/ HTTP/1.1" 200 96641
20.171.206.126 - - [03/Nov/2024:04:48:53 +0100] "GET /ticket2/opencms/de/sport/fussball-tickets/la_liga/barcelona HTTP/1.1" 200 96991
65.108.110.26 - - [03/Nov/2024:04:48:54 +0100] "GET /ticket2/opencms/se/fi/venue/?venueid=8D217A69-8B46-AC3D-8655-CBEED67203A8 HTTP/1.1" 404 -
157.90.209.79 - - [03/Nov/2024:04:48:54 +0100] "GET /ticket2/opencms/hu/buy/?page=1&edid=294968E7-670E-500D-EF6F-F776CC397F5A HTTP/1.1" 200 111370
