194.247.173.99 - - [03/Nov/2024:04:09:36 +0100] "GET /ticket2/opencms/dk/nl/buy/?page=1&edid=DB844E51-4AEA-1DB6-3740-0D7CB9A74E07&sortorder=asc&column=price HTTP/1.1" 404 -
194.247.173.99 - - [03/Nov/2024:04:09:37 +0100] "GET /ticket2/opencms/dk/sv/buy/?page=1&edid=1702263D-D572-F8BF-DE0E-23917DE6133F&sortorder=desc&column=section HTTP/1.1" 404 -
157.90.209.79 - - [03/Nov/2024:04:09:38 +0100] "GET /ticket2/opencms/hr/about/ HTTP/1.1" 500 -
40.77.167.5 - - [03/Nov/2024:04:09:38 +0100] "GET /ticket2/opencms/fr/ HTTP/1.1" 200 96985
194.247.173.99 - - [03/Nov/2024:04:09:41 +0100] "GET /ticket2/opencms/dk/nl/buy/?page=1&edid=DB844E51-4AEA-1DB6-3740-0D7CB9A74E07&sortorder=asc&column=section HTTP/1.1" 404 -
194.247.173.99 - - [03/Nov/2024:04:09:42 +0100] "GET /ticket2/opencms/dk/sv/buy/?page=1&edid=2FD48537-60A4-0DC2-BE15-66B133E49E64&sortorder=asc&column=row HTTP/1.1" 404 -
157.90.209.79 - - [03/Nov/2024:04:09:42 +0100] "GET /ticket2/opencms/hr/about/contact/ HTTP/1.1" 200 77777
81.167.26.57 - - [03/Nov/2024:04:09:45 +0100] "GET /ticket2/opencms/se/sv/buy/?page=1&edid=C10AA891-ED0B-37D3-113F-7CF29FC184B0&sortorder=asc&column=row HTTP/1.1" 404 -
194.247.173.99 - - [03/Nov/2024:04:09:45 +0100] "GET /ticket2/opencms/dk/sv/buy/?page=1&edid=30DFF5A6-5801-42E1-F124-0EA64463049D&sortorder=desc&column=row HTTP/1.1" 404 -
194.247.173.99 - - [03/Nov/2024:04:09:46 +0100] "GET /ticket2/opencms/dk/nl/buy/?page=1&edid=DD8396E0-53AC-5D26-FE34-004AE99D2DAE&sortorder=asc&column=price HTTP/1.1" 404 -
157.90.209.79 - - [03/Nov/2024:04:09:48 +0100] "GET /ticket2/opencms/hr/about/press/ HTTP/1.1" 200 80272
194.247.173.99 - - [03/Nov/2024:04:09:49 +0100] "GET /ticket2/opencms/dk/sv/buy/?page=1&edid=330F2908-F2E8-6925-771A-2D5FC8A92AD5&sortorder=desc&column=section HTTP/1.1" 404 -
20.171.206.184 - - [03/Nov/2024:04:09:49 +0100] "GET /ticket2/opencms/en/ HTTP/1.1" 200 95593
81.167.26.57 - - [03/Nov/2024:04:09:51 +0100] "GET /ticket2/opencms/se/sv/buy/?page=1&edid=C10AA891-ED0B-37D3-113F-7CF29FC184B0&sortorder=asc&column=section HTTP/1.1" 404 -
194.247.173.99 - - [03/Nov/2024:04:09:51 +0100] "GET /ticket2/opencms/dk/nl/buy/?page=1&edid=DD8396E0-53AC-5D26-FE34-004AE99D2DAE&sortorder=asc&column=row HTTP/1.1" 404 -
217.113.194.215 - - [03/Nov/2024:04:09:51 +0100] "GET /ticket2/opencms/no/buy/?page=1&edid=C3116C51-41DE-7C13-575E-661138774698 HTTP/1.1" 200 119485
194.247.173.99 - - [03/Nov/2024:04:09:52 +0100] "GET /ticket2/opencms/dk/sv/buy/?page=1&edid=33F56A09-80B7-AAA0-3CD6-4B4F5E173409&sortorder=asc&column=row HTTP/1.1" 404 -
157.90.209.79 - - [03/Nov/2024:04:09:53 +0100] "GET /ticket2/opencms/hr/buy/ HTTP/1.1" 200 79499
47.128.51.197 - - [03/Nov/2024:04:09:55 +0100] "GET /ticket2/opencms/lv/buy/?edid=D4BE10A7-6729-8D10-7D71-DF05ECBB68C6 HTTP/1.1" 200 81476
194.247.173.99 - - [03/Nov/2024:04:09:56 +0100] "GET /ticket2/opencms/dk/sv/buy/?page=1&edid=3499FEE4-EBAE-2DC8-2BF3-44C7835D2575&sortorder=desc&column=row HTTP/1.1" 404 -
194.247.173.99 - - [03/Nov/2024:04:09:57 +0100] "GET /ticket2/opencms/dk/nl/buy/?page=1&edid=DDC42BBE-1C44-916C-70B3-5C60597CD058&sortorder=asc&column=section HTTP/1.1" 404 -
81.167.26.57 - - [03/Nov/2024:04:09:57 +0100] "GET /ticket2/opencms/se/sv/buy/?page=1&edid=C1ACE21D-0708-37CC-D211-DDAF5232C408&sortorder=asc&column=price HTTP/1.1" 404 -
157.90.209.79 - - [03/Nov/2024:04:09:58 +0100] "GET /ticket2/opencms/hr/buy/football-tickets/capitalonecup HTTP/1.1" 404 -
66.249.73.37 - - [03/Nov/2024:04:09:58 +0100] "GET /ticket2/opencms/sv/buy?page=1&edid=3DE00F0C-D064-F580-0B18-1943C6741906 HTTP/1.1" 200 101191
194.247.173.99 - - [03/Nov/2024:04:09:59 +0100] "GET /ticket2/opencms/dk/sv/buy/?page=1&edid=3A4D2CA5-2B56-3E29-4EDC-D306A4664520&sortorder=desc&column=price HTTP/1.1" 404 -
217.113.194.217 - - [03/Nov/2024:04:10:00 +0100] "GET /ticket2/opencms/lt/buy?comcatid=66708183-7480-3365-06BF-DBF60280AB45 HTTP/1.1" 200 83798
157.90.209.79 - - [03/Nov/2024:04:10:02 +0100] "GET /ticket2/opencms/hr/buy/football-tickets/championship HTTP/1.1" 404 -
194.247.173.99 - - [03/Nov/2024:04:10:02 +0100] "GET /ticket2/opencms/dk/nl/buy/?page=1&edid=DDC42BBE-1C44-916C-70B3-5C60597CD058&sortorder=desc&column=section HTTP/1.1" 404 -
194.247.173.99 - - [03/Nov/2024:04:10:02 +0100] "GET /ticket2/opencms/dk/sv/buy/?page=1&edid=3A4D2CA5-2B56-3E29-4EDC-D306A4664520&sortorder=desc&column=row HTTP/1.1" 404 -
185.191.171.2 - - [03/Nov/2024:04:10:03 +0100] "GET /ticket2/opencms/uk/buying_tickets/ HTTP/1.1" 200 81187
81.167.26.57 - - [03/Nov/2024:04:10:04 +0100] "GET /ticket2/opencms/se/sv/buy/?page=1&edid=C1ACE21D-0708-37CC-D211-DDAF5232C408&sortorder=asc&column=row HTTP/1.1" 404 -
157.90.209.79 - - [03/Nov/2024:04:10:05 +0100] "GET /ticket2/opencms/hr/buy/football-tickets/championsleague HTTP/1.1" 404 -
194.247.173.99 - - [03/Nov/2024:04:10:06 +0100] "GET /ticket2/opencms/dk/sv/buy/?page=1&edid=3A4D2CA5-2B56-3E29-4EDC-D306A4664520&sortorder=desc&column=section HTTP/1.1" 404 -
194.247.173.99 - - [03/Nov/2024:04:10:07 +0100] "GET /ticket2/opencms/dk/nl/buy/?page=1&edid=DEF18BF7-D4D8-7C12-E3C4-285BA6D3CB97&sortorder=asc&column=price HTTP/1.1" 404 -
157.90.209.79 - - [03/Nov/2024:04:10:08 +0100] "GET /ticket2/opencms/hr/buy/football-tickets/eredivisie HTTP/1.1" 404 -
217.113.194.214 - - [03/Nov/2024:04:10:08 +0100] "GET /ticket2/opencms/nl/buy?comcatid=66708183-7480-3365-06BF-DBF60280AB45 HTTP/1.1" 200 81603
194.247.173.99 - - [03/Nov/2024:04:10:09 +0100] "GET /ticket2/opencms/dk/sv/buy/?page=1&edid=3D04CA40-DFC2-CAD0-691F-59BC78A9B973 HTTP/1.1" 404 -
85.208.96.210 - - [03/Nov/2024:04:10:11 +0100] "GET /ticket2/opencms/fi/selling_tickets/ HTTP/1.1" 200 79423
194.247.173.99 - - [03/Nov/2024:04:10:12 +0100] "GET /ticket2/opencms/dk/nl/buy/?page=1&edid=DEF18BF7-D4D8-7C12-E3C4-285BA6D3CB97&sortorder=asc&column=section HTTP/1.1" 404 -
194.247.173.99 - - [03/Nov/2024:04:10:12 +0100] "GET /ticket2/opencms/dk/sv/buy/?page=1&edid=411DE37B-A492-42F8-E70C-4ADCF9F6F76B HTTP/1.1" 404 -
157.90.209.79 - - [03/Nov/2024:04:10:12 +0100] "GET /ticket2/opencms/hr/buy/football-tickets/europaleague HTTP/1.1" 404 -
81.167.26.57 - - [03/Nov/2024:04:10:13 +0100] "GET /ticket2/opencms/se/sv/buy/?page=1&edid=C2B88E14-0168-2B6D-C607-2DF08C9E7129&sortorder=desc&column=price HTTP/1.1" 404 -
20.171.206.251 - - [03/Nov/2024:04:10:14 +0100] "GET /ticket2/opencms/ka/ HTTP/1.1" 200 100277
157.90.209.79 - - [03/Nov/2024:04:10:16 +0100] "GET /ticket2/opencms/hr/buy/football-tickets/facup HTTP/1.1" 404 -
194.247.173.99 - - [03/Nov/2024:04:10:16 +0100] "GET /ticket2/opencms/dk/sv/buy/?page=1&edid=416DE971-B897-5140-B141-FE881AD61026&sortorder=desc&column=row HTTP/1.1" 404 -
66.249.73.37 - - [03/Nov/2024:04:10:17 +0100] "GET /ticket2/opencms/sv/ HTTP/1.1" 200 96367
194.247.173.99 - - [03/Nov/2024:04:10:17 +0100] "GET /ticket2/opencms/dk/nl/buy/?page=1&edid=DEF18BF7-D4D8-7C12-E3C4-285BA6D3CB97&sortorder=desc&column=row HTTP/1.1" 404 -
81.167.26.57 - - [03/Nov/2024:04:10:18 +0100] "GET /ticket2/opencms/se/sv/buy/?page=1&edid=C2B88E14-0168-2B6D-C607-2DF08C9E7129&sortorder=desc&column=row HTTP/1.1" 404 -
194.247.173.99 - - [03/Nov/2024:04:10:19 +0100] "GET /ticket2/opencms/dk/sv/buy/?page=1&edid=416DE971-B897-5140-B141-FE881AD61026&sortorder=desc&column=section HTTP/1.1" 404 -
157.90.209.79 - - [03/Nov/2024:04:10:19 +0100] "GET /ticket2/opencms/hr/buy/football-tickets/internationalmatches HTTP/1.1" 404 -
194.247.173.99 - - [03/Nov/2024:04:10:23 +0100] "GET /ticket2/opencms/dk/sv/buy/?page=1&edid=41B0AD3F-D5B6-C8C5-9D9D-00306E5C1BE4 HTTP/1.1" 404 -
194.247.173.99 - - [03/Nov/2024:04:10:23 +0100] "GET /ticket2/opencms/dk/nl/buy/?page=1&edid=DF0EBD62-AC7E-AE6F-60EC-741827E53620&sortorder=desc&column=row HTTP/1.1" 404 -
114.119.141.34 - - [03/Nov/2024:04:10:23 +0100] "GET /ticket2/opencms/en/venue/?countryid=F6743C3E-06B9-E773-142B-1B90866C1373 HTTP/1.1" 200 106389
157.90.209.79 - - [03/Nov/2024:04:10:24 +0100] "GET /ticket2/opencms/hr/buy/?page=1&edid=03C08C39-501F-FF78-A958-5E62ADCE683F HTTP/1.1" 200 101783
81.167.26.57 - - [03/Nov/2024:04:10:24 +0100] "GET /ticket2/opencms/se/sv/buy/?page=1&edid=C4D150F7-E051-16FD-EDF0-67C520051F22&sortorder=asc&column=row HTTP/1.1" 404 -
217.113.194.213 - - [03/Nov/2024:04:10:25 +0100] "GET /ticket2/opencms/en/buy/?page=1&edid=667B40D0-B0B8-2439-1720-60C4CBE93003 HTTP/1.1" 200 96928
194.247.173.99 - - [03/Nov/2024:04:10:26 +0100] "GET /ticket2/opencms/dk/sv/buy/?page=1&edid=5EFE4758-40B9-C290-CA38-A3710C02114C HTTP/1.1" 404 -
157.90.209.79 - - [03/Nov/2024:04:10:28 +0100] "GET /ticket2/opencms/hr/buy/?page=1&edid=047E0311-281A-A7AE-E87D-50033F4F70CA HTTP/1.1" 200 130720
194.247.173.99 - - [03/Nov/2024:04:10:28 +0100] "GET /ticket2/opencms/dk/nl/buy/?page=1&edid=DF0EBD62-AC7E-AE6F-60EC-741827E53620&sortorder=desc&column=section HTTP/1.1" 404 -
194.247.173.99 - - [03/Nov/2024:04:10:30 +0100] "GET /ticket2/opencms/dk/sv/buy/?page=1&edid=6494773F-78EE-E31D-6F27-B3D81328570E&sortorder=asc&column=section HTTP/1.1" 404 -
81.167.26.57 - - [03/Nov/2024:04:10:32 +0100] "GET /ticket2/opencms/se/sv/buy/?page=1&edid=C4D150F7-E051-16FD-EDF0-67C520051F22&sortorder=asc&column=section HTTP/1.1" 404 -
194.247.173.99 - - [03/Nov/2024:04:10:33 +0100] "GET /ticket2/opencms/dk/sv/buy/?page=1&edid=64BD559B-614F-083E-80BA-E7DAF6245135&sortorder=asc&column=price HTTP/1.1" 404 -
194.247.173.99 - - [03/Nov/2024:04:10:34 +0100] "GET /ticket2/opencms/dk/nl/buy/?page=1&edid=DF7FDCF1-CC85-5FC0-0D90-B64E90E425F7&sortorder=asc&column=price HTTP/1.1" 404 -
185.191.171.3 - - [03/Nov/2024:04:10:35 +0100] "GET /ticket2/opencms/fr/magazine/article?title=newcastle-upon-tyne HTTP/1.1" 200 84905
194.247.173.99 - - [03/Nov/2024:04:10:37 +0100] "GET /ticket2/opencms/dk/sv/buy/?page=1&edid=64BD559B-614F-083E-80BA-E7DAF6245135&sortorder=asc&column=row HTTP/1.1" 404 -
81.167.26.57 - - [03/Nov/2024:04:10:37 +0100] "GET /ticket2/opencms/se/sv/buy/?page=1&edid=C58C4D82-5A12-E919-06D9-9707EA405EF9 HTTP/1.1" 404 -
157.90.209.79 - - [03/Nov/2024:04:10:37 +0100] "GET /ticket2/opencms/hr/buy/?page=1&edid=063774E2-DE1A-6A46-E97B-D379290B879E HTTP/1.1" 200 126005
194.247.173.99 - - [03/Nov/2024:04:10:39 +0100] "GET /ticket2/opencms/dk/nl/buy/?page=1&edid=DF8D3220-6BB8-8F87-FA6F-93027F212888&sortorder=asc&column=row HTTP/1.1" 404 -
194.247.173.99 - - [03/Nov/2024:04:10:40 +0100] "GET /ticket2/opencms/dk/sv/buy/?page=1&edid=66F18302-E0DD-6FD9-B441-CFEB57766EE8 HTTP/1.1" 404 -
157.90.209.79 - - [03/Nov/2024:04:10:42 +0100] "GET /ticket2/opencms/hr/buy/?page=1&edid=069EC406-6DFD-08ED-B6CC-A7E203415919 HTTP/1.1" 200 129941
81.167.26.57 - - [03/Nov/2024:04:10:42 +0100] "GET /ticket2/opencms/se/sv/buy/?page=1&edid=C58C4D82-5A12-E919-06D9-9707EA405EF9&sortorder=asc&column=price HTTP/1.1" 404 -
194.247.173.99 - - [03/Nov/2024:04:10:44 +0100] "GET /ticket2/opencms/dk/sv/buy/?page=1&edid=671B0C16-38D6-D113-D7B3-232AEB5E534F&sortorder=desc&column=row HTTP/1.1" 404 -
194.247.173.99 - - [03/Nov/2024:04:10:44 +0100] "GET /ticket2/opencms/dk/nl/buy/?page=1&edid=E0E4CC6D-24E3-040F-1B69-4E1F3E08A0A3&sortorder=asc&column=price HTTP/1.1" 404 -
47.128.51.27 - - [03/Nov/2024:04:10:46 +0100] "GET /ticket2/opencms/cs/buy/?edid=A492339E-0658-D77B-570A-6146F24F8C0A HTTP/1.1" 200 81473
185.191.171.15 - - [03/Nov/2024:04:10:46 +0100] "GET /ticket2/opencms/sv/sport/hockeybiljetter/nhl/TampaBay_Lightning/ HTTP/1.1" 200 80447
194.247.173.99 - - [03/Nov/2024:04:10:47 +0100] "GET /ticket2/opencms/dk/sv/buy/?page=1&edid=6750BD34-C29C-E045-3680-25A7647342F8 HTTP/1.1" 404 -
157.90.209.79 - - [03/Nov/2024:04:10:47 +0100] "GET /ticket2/opencms/hr/buy/?page=1&edid=070182EB-30EF-F34B-AE41-C4B61E82D2C9 HTTP/1.1" 200 113836
81.167.26.57 - - [03/Nov/2024:04:10:48 +0100] "GET /ticket2/opencms/se/sv/buy/?page=1&edid=C58C4D82-5A12-E919-06D9-9707EA405EF9&sortorder=asc&column=row HTTP/1.1" 404 -
194.247.173.99 - - [03/Nov/2024:04:10:49 +0100] "GET /ticket2/opencms/dk/nl/buy/?page=1&edid=E0E4CC6D-24E3-040F-1B69-4E1F3E08A0A3&sortorder=asc&column=section HTTP/1.1" 404 -
185.191.171.3 - - [03/Nov/2024:04:10:50 +0100] "GET /ticket2/opencms/sv/magazine/article?title=luka-modric-stannar-i-real-madrid HTTP/1.1" 200 83047
194.247.173.99 - - [03/Nov/2024:04:10:51 +0100] "GET /ticket2/opencms/dk/sv/buy/?page=1&edid=67B7FBFB-E5E2-DC98-C507-5A3A18AC072D HTTP/1.1" 404 -
157.90.209.79 - - [03/Nov/2024:04:10:53 +0100] "GET /ticket2/opencms/hr/buy/?page=1&edid=077A4D05-90D5-AF2A-B689-A4F52E73EBA2 HTTP/1.1" 200 130589
81.167.26.57 - - [03/Nov/2024:04:10:53 +0100] "GET /ticket2/opencms/se/sv/buy/?page=1&edid=C58C4D82-5A12-E919-06D9-9707EA405EF9&sortorder=asc&column=section HTTP/1.1" 404 -
194.247.173.99 - - [03/Nov/2024:04:10:56 +0100] "GET /ticket2/opencms/dk/sv/buy/?page=1&edid=69D2DD02-D621-FB86-F500-CC13D121EA62&sortorder=asc&column=price HTTP/1.1" 404 -
194.247.173.99 - - [03/Nov/2024:04:10:56 +0100] "GET /ticket2/opencms/dk/nl/buy/?page=1&edid=E169F5DB-C811-39FE-D2C1-0C94563BAA9E&sortorder=asc&column=price HTTP/1.1" 404 -
217.113.194.217 - - [03/Nov/2024:04:10:58 +0100] "GET /ticket2/opencms/no/buy/?page=1&edid=9F5746BD-7046-2B11-63BD-322149DF3926 HTTP/1.1" 200 99417
66.249.65.106 - - [03/Nov/2024:04:10:58 +0100] "GET /ticket2/opencms/sl/o-nas HTTP/1.1" 200 81041
157.90.209.79 - - [03/Nov/2024:04:11:00 +0100] "GET /ticket2/opencms/hr/buy/?page=1&edid=08E96509-F113-0E6A-21FE-AD8C7D1444D0 HTTP/1.1" 200 116955
194.247.173.99 - - [03/Nov/2024:04:11:00 +0100] "GET /ticket2/opencms/dk/sv/buy/?page=1&edid=69D2DD02-D621-FB86-F500-CC13D121EA62&sortorder=asc&column=row HTTP/1.1" 404 -
114.119.146.36 - - [03/Nov/2024:04:11:01 +0100] "GET /ticket2/opencms/en/buy/?page=1&edid=E395A86E-8882-9306-6E01-1133B061FABA HTTP/1.1" 200 100407
81.167.26.57 - - [03/Nov/2024:04:11:01 +0100] "GET /ticket2/opencms/se/sv/buy/?page=1&edid=C58C4D82-5A12-E919-06D9-9707EA405EF9&sortorder=desc&column=price HTTP/1.1" 404 -
194.247.173.99 - - [03/Nov/2024:04:11:03 +0100] "GET /ticket2/opencms/dk/nl/buy/?page=1&edid=E169F5DB-C811-39FE-D2C1-0C94563BAA9E&sortorder=asc&column=row HTTP/1.1" 404 -
194.247.173.99 - - [03/Nov/2024:04:11:04 +0100] "GET /ticket2/opencms/dk/sv/buy/?page=1&edid=69D2DD02-D621-FB86-F500-CC13D121EA62&sortorder=asc&column=section HTTP/1.1" 404 -
157.90.209.79 - - [03/Nov/2024:04:11:04 +0100] "GET /ticket2/opencms/hr/buy/?page=1&edid=0F9D6B87-FBA2-98F6-6A11-CBBA4D2A86C1 HTTP/1.1" 200 132683
217.113.194.214 - - [03/Nov/2024:04:11:06 +0100] "GET /ticket2/opencms/bs/buy?comcatid=66708183-7480-3365-06BF-DBF60280AB45 HTTP/1.1" 200 83724
194.247.173.99 - - [03/Nov/2024:04:11:08 +0100] "GET /ticket2/opencms/dk/sv/buy/?page=1&edid=69D2DD02-D621-FB86-F500-CC13D121EA62&sortorder=desc&column=price HTTP/1.1" 404 -
194.247.173.99 - - [03/Nov/2024:04:11:08 +0100] "GET /ticket2/opencms/dk/nl/buy/?page=1&edid=E169F5DB-C811-39FE-D2C1-0C94563BAA9E&sortorder=asc&column=section HTTP/1.1" 404 -
81.167.26.57 - - [03/Nov/2024:04:11:11 +0100] "GET /ticket2/opencms/se/sv/buy/?page=1&edid=C58C4D82-5A12-E919-06D9-9707EA405EF9&sortorder=desc&column=row HTTP/1.1" 404 -
194.247.173.99 - - [03/Nov/2024:04:11:12 +0100] "GET /ticket2/opencms/dk/sv/buy/?page=1&edid=69D2DD02-D621-FB86-F500-CC13D121EA62&sortorder=desc&column=row HTTP/1.1" 404 -
157.90.209.79 - - [03/Nov/2024:04:11:12 +0100] "GET /ticket2/opencms/hr/buy/?page=1&edid=1046C14E-D95C-B350-CBCD-2ECE5F3DCC46 HTTP/1.1" 200 113834
37.123.143.11 - - [03/Nov/2024:04:11:13 +0100] "GET /ticket2/opencms/system/workplace/views/top_foot.jsp?wpFrame=foot HTTP/1.1" 200 1210
37.123.143.11 - - [03/Nov/2024:04:11:13 +0100] "GET /ticket2/opencms/system/workplace/commons/style/workplace.css HTTP/1.1" 200 14209
185.191.171.3 - - [03/Nov/2024:04:11:13 +0100] "GET /ticket2/opencms/no/sport/fotballsbilletter/bundesliga/bayern-munchen/ HTTP/1.1" 200 93808
194.247.173.99 - - [03/Nov/2024:04:11:14 +0100] "GET /ticket2/opencms/dk/nl/buy/?page=1&edid=E19497C9-118B-A064-F507-FC97F0048E30&sortorder=asc&column=price HTTP/1.1" 404 -
217.113.194.219 - - [03/Nov/2024:04:11:14 +0100] "GET /ticket2/opencms/sr/buy?comcatid=66708183-7480-3365-06BF-DBF60280AB45 HTTP/1.1" 200 84205
194.247.173.99 - - [03/Nov/2024:04:11:16 +0100] "GET /ticket2/opencms/dk/sv/buy/?page=1&edid=69D2DD02-D621-FB86-F500-CC13D121EA62&sortorder=desc&column=section HTTP/1.1" 404 -
157.90.209.79 - - [03/Nov/2024:04:11:16 +0100] "GET /ticket2/opencms/hr/buy/?page=1&edid=10597F35-2AC7-31D2-FB61-15A36BB6D73B HTTP/1.1" 200 126001
114.119.154.81 - - [03/Nov/2024:04:11:17 +0100] "GET /ticket2/opencms/en/buy/?page=6&comcatid=A17713B6-D984-201A-4143-ED4DB5ED5C2E&catid=06324577-7173-BAB0-146D-E644C912F7C1&eventid=AA3AA531-CDE0-9A41-486F-7136A1269962 HTTP/1.1" 200 97316
47.128.96.48 - - [03/Nov/2024:04:11:19 +0100] "GET /ticket2/opencms/sv/buy/?catid=36394212-F82E-F845-399B-42BED55969CC&comcatid=A17713B6-D984-201A-4143-ED4DB5ED5C2E&eventid=19AD6356-6E10-9C9F-9FF7-23862BF7038B&page=6 HTTP/1.1" 200 108433
194.247.173.99 - - [03/Nov/2024:04:11:20 +0100] "GET /ticket2/opencms/dk/nl/buy/?page=1&edid=E19497C9-118B-A064-F507-FC97F0048E30&sortorder=asc&column=row HTTP/1.1" 404 -
194.247.173.99 - - [03/Nov/2024:04:11:20 +0100] "GET /ticket2/opencms/dk/sv/buy/?page=1&edid=6A7CCC37-5F63-D2E0-8750-C9D98381AE77&sortorder=asc&column=row HTTP/1.1" 404 -
47.128.96.48 - - [03/Nov/2024:04:11:21 +0100] "GET /ticket2/opencms/system/modules/com.gridnine.opencms.ticketbrokerage.site/resources/pics/0.gif HTTP/1.1" 200 43
157.90.209.79 - - [03/Nov/2024:04:11:22 +0100] "GET /ticket2/opencms/hr/buy/?page=1&edid=11EFBC55-130A-2310-B776-C5D86878BDAB HTTP/1.1" 200 129951
81.167.26.57 - - [03/Nov/2024:04:11:23 +0100] "GET /ticket2/opencms/se/sv/buy/?page=1&edid=C745FD9C-E4F5-85D2-2C02-6F7F28487B47&sortorder=asc&column=price HTTP/1.1" 404 -
194.247.173.99 - - [03/Nov/2024:04:11:24 +0100] "GET /ticket2/opencms/dk/sv/buy/?page=1&edid=6AE10568-F819-0164-572F-661DFD566B42 HTTP/1.1" 404 -
194.247.173.99 - - [03/Nov/2024:04:11:25 +0100] "GET /ticket2/opencms/dk/nl/buy/?page=1&edid=E3ADF096-840B-984B-3622-AA0140DCC61E&sortorder=asc&column=row HTTP/1.1" 404 -
157.90.209.79 - - [03/Nov/2024:04:11:26 +0100] "GET /ticket2/opencms/hr/buy/?page=1&edid=126E7844-E6E1-432A-5140-6A6B87787BFF HTTP/1.1" 200 124405
194.247.173.99 - - [03/Nov/2024:04:11:27 +0100] "GET /ticket2/opencms/dk/sv/buy/?page=1&edid=6C648B75-A8F1-2115-EC99-348C36E8326E HTTP/1.1" 404 -
81.167.26.57 - - [03/Nov/2024:04:11:28 +0100] "GET /ticket2/opencms/se/sv/buy/?page=1&edid=C745FD9C-E4F5-85D2-2C02-6F7F28487B47&sortorder=asc&column=row HTTP/1.1" 404 -
157.90.209.79 - - [03/Nov/2024:04:11:30 +0100] "GET /ticket2/opencms/hr/buy/?page=1&edid=145F87FE-BCE7-15CF-CE4F-3702933DA737 HTTP/1.1" 200 102312
194.247.173.99 - - [03/Nov/2024:04:11:31 +0100] "GET /ticket2/opencms/dk/nl/buy/?page=1&edid=E3BBCC86-26D5-DC25-A37D-86D5EFCD8037&sortorder=asc&column=row HTTP/1.1" 404 -
194.247.173.99 - - [03/Nov/2024:04:11:32 +0100] "GET /ticket2/opencms/dk/sv/buy/?page=1&edid=7285231C-722D-17E1-ED05-E4F9F72CED59&sortorder=asc&column=row HTTP/1.1" 404 -
207.46.13.168 - - [03/Nov/2024:04:11:33 +0100] "GET /ticket2/opencms/sv/ask-form.html HTTP/1.1" 200 2950
157.90.209.79 - - [03/Nov/2024:04:11:34 +0100] "GET /ticket2/opencms/hr/buy/?page=1&edid=159AEE85-969E-7453-4999-69FCFD2915E6 HTTP/1.1" 200 130620
81.167.26.57 - - [03/Nov/2024:04:11:34 +0100] "GET /ticket2/opencms/se/sv/buy/?page=1&edid=C745FD9C-E4F5-85D2-2C02-6F7F28487B47&sortorder=asc&column=section HTTP/1.1" 404 -
194.247.173.99 - - [03/Nov/2024:04:11:36 +0100] "GET /ticket2/opencms/dk/sv/buy/?page=1&edid=7336D913-08E6-2684-3416-39DC03B1DB86&sortorder=desc&column=price HTTP/1.1" 404 -
194.247.173.99 - - [03/Nov/2024:04:11:37 +0100] "GET /ticket2/opencms/dk/nl/buy/?page=1&edid=E65ABD81-C4B0-FD4D-A6BF-45A9A7347F75&sortorder=asc&column=price HTTP/1.1" 404 -
194.247.173.99 - - [03/Nov/2024:04:11:40 +0100] "GET /ticket2/opencms/dk/sv/buy/?page=1&edid=736BD66B-437C-04AF-E221-4773B900AE5E&sortorder=asc&column=row HTTP/1.1" 404 -
81.167.26.57 - - [03/Nov/2024:04:11:40 +0100] "GET /ticket2/opencms/se/sv/buy/?page=1&edid=C7654A00-432E-825A-5BDE-96494DB341B8&sortorder=desc&column=row HTTP/1.1" 404 -
157.90.209.79 - - [03/Nov/2024:04:11:40 +0100] "GET /ticket2/opencms/hr/buy/?page=1&edid=160DAC9A-2A77-6FDC-52B8-296352B1ABF1 HTTP/1.1" 200 125454
194.247.173.99 - - [03/Nov/2024:04:11:43 +0100] "GET /ticket2/opencms/dk/nl/buy/?page=1&edid=E9838C23-0C42-76E6-BB2C-2BF0CE1A8368&sortorder=asc&column=section HTTP/1.1" 404 -
194.247.173.99 - - [03/Nov/2024:04:11:43 +0100] "GET /ticket2/opencms/dk/sv/buy/?page=1&edid=736BD66B-437C-04AF-E221-4773B900AE5E&sortorder=asc&column=section HTTP/1.1" 404 -
81.167.26.57 - - [03/Nov/2024:04:11:46 +0100] "GET /ticket2/opencms/se/sv/buy/?page=1&edid=C7654A00-432E-825A-5BDE-96494DB341B8&sortorder=desc&column=section HTTP/1.1" 404 -
157.90.209.79 - - [03/Nov/2024:04:11:47 +0100] "GET /ticket2/opencms/hr/buy/?page=1&edid=19422468-9239-E426-DB02-7FA0504E2BEC HTTP/1.1" 200 129943
194.247.173.99 - - [03/Nov/2024:04:11:47 +0100] "GET /ticket2/opencms/dk/sv/buy/?page=1&edid=A24D0DA7-71BD-F9A1-6BB3-71061AAB8BC1&sortorder=desc&column=price HTTP/1.1" 404 -
194.247.173.99 - - [03/Nov/2024:04:11:49 +0100] "GET /ticket2/opencms/dk/nl/buy/?page=1&edid=EA0BB108-1C0E-CBF5-8F96-A048E809CFD0 HTTP/1.1" 404 -
194.247.173.99 - - [03/Nov/2024:04:11:51 +0100] "GET /ticket2/opencms/dk/sv/buy/?page=1&edid=B04F9C9F-0B5E-1B41-4BEE-8594CB1D3CAC&sortorder=asc&column=price HTTP/1.1" 404 -
194.247.173.99 - - [03/Nov/2024:04:11:54 +0100] "GET /ticket2/opencms/dk/nl/buy/?page=1&edid=EB0D98F0-281B-5D5F-2F39-157EC170EEC0&sortorder=asc&column=price HTTP/1.1" 404 -
185.191.171.3 - - [03/Nov/2024:04:11:55 +0100] "GET /ticket2/opencms/no/handbook_buyer/ HTTP/1.1" 200 85048
54.36.149.29 - - [03/Nov/2024:04:11:57 +0100] "GET /ticket2/opencms/en/buy?page=1&edid=D96122AD-C3AA-80F5-DDA8-935E03AE952D HTTP/1.1" 200 123028
194.247.173.99 - - [03/Nov/2024:04:12:00 +0100] "GET /ticket2/opencms/dk/nl/buy/?page=1&edid=EB0D98F0-281B-5D5F-2F39-157EC170EEC0&sortorder=asc&column=row HTTP/1.1" 404 -
85.208.96.210 - - [03/Nov/2024:04:12:01 +0100] "GET /ticket2/opencms/fr/sport/billets-football/ligue_1/paris_saint_germain/ HTTP/1.1" 200 89999
194.247.173.99 - - [03/Nov/2024:04:12:06 +0100] "GET /ticket2/opencms/dk/nl/buy/?page=1&edid=EB0D98F0-281B-5D5F-2F39-157EC170EEC0&sortorder=asc&column=section HTTP/1.1" 404 -
157.90.209.79 - - [03/Nov/2024:04:12:09 +0100] "GET /ticket2/opencms/hr/buy/?page=1&edid=1ABC406A-92BD-FDCF-3BD6-80A52E60B34F HTTP/1.1" 200 134934
194.247.173.99 - - [03/Nov/2024:04:12:12 +0100] "GET /ticket2/opencms/dk/nl/buy/?page=1&edid=EC40BF80-F7FC-3506-8E81-D12F1DBA4B04&sortorder=asc&column=section HTTP/1.1" 404 -
157.90.209.79 - - [03/Nov/2024:04:12:13 +0100] "GET /ticket2/opencms/hr/buy/?page=1&edid=1AD4E11C-C792-1721-4D1A-2229101A30FD HTTP/1.1" 200 134938
194.247.173.99 - - [03/Nov/2024:04:12:18 +0100] "GET /ticket2/opencms/dk/nl/buy/?page=1&edid=EC417F9B-DD7F-7773-590C-8D387053773F HTTP/1.1" 404 -
157.90.209.79 - - [03/Nov/2024:04:12:21 +0100] "GET /ticket2/opencms/hr/buy/?page=1&edid=1B6F6A2B-A0DA-FF91-EC4E-3DCAA442C25B HTTP/1.1" 200 124406
194.247.173.99 - - [03/Nov/2024:04:12:24 +0100] "GET /ticket2/opencms/dk/nl/buy/?page=1&edid=EC74E210-A5EE-51AE-1B8A-E040E50F22D8&sortorder=asc&column=row HTTP/1.1" 404 -
157.90.209.79 - - [03/Nov/2024:04:12:26 +0100] "GET /ticket2/opencms/hr/buy/?page=1&edid=1BDA6D08-38AF-6470-7423-555F9C3DEC73 HTTP/1.1" 200 102331
217.113.194.219 - - [03/Nov/2024:04:12:28 +0100] "GET /ticket2/opencms/nl/buy?page=1&edid=15705079-07A0-9EB8-AFC6-C542FA813545 HTTP/1.1" 200 98646
194.247.173.99 - - [03/Nov/2024:04:12:29 +0100] "GET /ticket2/opencms/dk/nl/buy/?page=1&edid=ECBF8A64-028A-46C5-35AE-D882F8617E2A HTTP/1.1" 404 -
157.90.209.79 - - [03/Nov/2024:04:12:32 +0100] "GET /ticket2/opencms/hr/buy/?page=1&edid=2197E523-8740-2A01-BD5D-12E3C3F2DBFE HTTP/1.1" 200 136125
85.208.96.208 - - [03/Nov/2024:04:12:32 +0100] "GET /ticket2/opencms/sites/ticketbrokerage/sv/sport/fotbollsbiljetter/english-championship/middlesbrough/ HTTP/1.1" 404 -
185.191.171.15 - - [03/Nov/2024:04:12:35 +0100] "GET /ticket2/opencms/fi/urheilu/jalkapallo/premier_league/tottenham/ HTTP/1.1" 200 95023
194.247.173.99 - - [03/Nov/2024:04:12:35 +0100] "GET /ticket2/opencms/dk/nl/buy/?page=1&edid=ECCFCD56-CDE6-D952-3D65-E04329E8C64B HTTP/1.1" 404 -
157.90.209.79 - - [03/Nov/2024:04:12:36 +0100] "GET /ticket2/opencms/hr/buy/?page=1&edid=25666712-CB7E-CDDD-4626-F1CD96C38316 HTTP/1.1" 200 134935
217.113.194.217 - - [03/Nov/2024:04:12:37 +0100] "GET /ticket2/opencms/bg/buy?comcatid=66708183-7480-3365-06BF-DBF60280AB45 HTTP/1.1" 200 84256
111.119.195.191 - - [03/Nov/2024:04:12:40 +0100] "GET /ticket2/opencms/el/?comcatid=A17713B6-D984-201A-4143-ED4DB5ED5C2E&catid=515A9A29-35A0-2DB8-262B-AEF122DB04F6 HTTP/1.1" 200 99288
47.128.120.29 - - [03/Nov/2024:04:12:41 +0100] "GET /ticket2/opencms/hu/buy?edid=58191E9F-859F-D479-F3B3-FBCE20F76FBB HTTP/1.1" 200 81485
194.247.173.99 - - [03/Nov/2024:04:12:42 +0100] "GET /ticket2/opencms/dk/nl/buy/?page=1&edid=ED0B0AFE-E29E-359A-1516-7F5D86EFE840 HTTP/1.1" 404 -
157.90.209.79 - - [03/Nov/2024:04:12:44 +0100] "GET /ticket2/opencms/hr/buy/?page=1&edid=26467E66-E432-3709-0425-A75E81B5021A HTTP/1.1" 200 130727
194.247.173.99 - - [03/Nov/2024:04:12:48 +0100] "GET /ticket2/opencms/dk/nl/buy/?page=1&edid=ED12BD15-F1EE-A994-CF65-0C6715AA0F46&sortorder=asc&column=section HTTP/1.1" 404 -
157.90.209.79 - - [03/Nov/2024:04:12:48 +0100] "GET /ticket2/opencms/hr/buy/?page=1&edid=268D8165-50F1-AAA8-6C6A-3ABAD53C8B35 HTTP/1.1" 200 116945
85.208.96.202 - - [03/Nov/2024:04:12:49 +0100] "GET /ticket2/opencms/lv/buy_safety/ HTTP/1.1" 200 80965
157.90.209.79 - - [03/Nov/2024:04:12:53 +0100] "GET /ticket2/opencms/hr/buy/?page=1&edid=294968E7-670E-500D-EF6F-F776CC397F5A HTTP/1.1" 200 111044
194.247.173.99 - - [03/Nov/2024:04:12:53 +0100] "GET /ticket2/opencms/dk/nl/buy/?page=1&edid=ED19B4A4-0607-6479-D5B9-048B1EA6100D HTTP/1.1" 404 -
52.167.144.230 - - [03/Nov/2024:04:12:53 +0100] "GET /ticket2/opencms/en/venue/?venueid=7459A29D-3F4C-884C-C85C-9368023CDEDD HTTP/1.1" 200 77013
217.113.194.218 - - [03/Nov/2024:04:12:53 +0100] "GET /ticket2/opencms/en/buy?page=1&edid=31E7192F-521D-12C5-671D-A5849F818F2C HTTP/1.1" 200 96908
47.128.22.253 - - [03/Nov/2024:04:12:58 +0100] "GET /ticket2/opencms/fi/venue/?venueid=FACE899F-59EF-482C-BA13-20EDA4B8894D HTTP/1.1" 200 78548
194.247.173.99 - - [03/Nov/2024:04:12:58 +0100] "GET /ticket2/opencms/dk/nl/buy/?page=1&edid=ED81349D-86B2-C0F6-EF58-DEEDD0455CAC&sortorder=desc&column=section HTTP/1.1" 404 -
157.90.209.79 - - [03/Nov/2024:04:12:59 +0100] "GET /ticket2/opencms/hr/buy/?page=1&edid=299450E2-FDAD-4E2B-0058-6290A7A2B57D HTTP/1.1" 200 136135
217.113.194.220 - - [03/Nov/2024:04:13:02 +0100] "GET /ticket2/opencms/en/buy?page=1&edid=1046C14E-D95C-B350-CBCD-2ECE5F3DCC46 HTTP/1.1" 200 112229
157.90.209.79 - - [03/Nov/2024:04:13:03 +0100] "GET /ticket2/opencms/hr/buy/?page=1&edid=2A51ECF8-5DB5-F349-CC30-BF574AC78AE1 HTTP/1.1" 200 111052
194.247.173.99 - - [03/Nov/2024:04:13:04 +0100] "GET /ticket2/opencms/dk/nl/buy/?page=1&edid=EDECF326-D7E7-9E21-07B7-2D6C81741ACC&sortorder=desc&column=row HTTP/1.1" 404 -
47.128.40.178 - - [03/Nov/2024:04:13:05 +0100] "GET /ticket2/opencms/sl/buy/?edid=8DE7A210-45E0-8C09-63EA-28CBA5412C0E HTTP/1.1" 200 81396
217.113.194.214 - - [03/Nov/2024:04:13:11 +0100] "GET /ticket2/opencms/en/buy?page=1&edid=885A2607-A223-24CC-17AE-7C8ECDA8D47C HTTP/1.1" 200 122419
194.247.173.99 - - [03/Nov/2024:04:13:11 +0100] "GET /ticket2/opencms/dk/nl/buy/?page=1&edid=EE3C213D-67B2-C6F3-C5A9-2C08362C724B&sortorder=asc&column=section HTTP/1.1" 404 -
157.90.209.79 - - [03/Nov/2024:04:13:14 +0100] "GET /ticket2/opencms/hr/buy/?page=1&edid=2AC421C6-0DD9-73DD-0C29-416B5CC98DFF HTTP/1.1" 200 101552
157.90.209.79 - - [03/Nov/2024:04:13:17 +0100] "GET /ticket2/opencms/hr/buy/?page=1&edid=2B44308E-1778-CFAE-7385-18758823F6EB HTTP/1.1" 200 134935
194.247.173.99 - - [03/Nov/2024:04:13:18 +0100] "GET /ticket2/opencms/dk/nl/buy/?page=1&edid=EF42A87E-E5D5-7576-1FD1-59769AFE41A0 HTTP/1.1" 404 -
217.113.194.217 - - [03/Nov/2024:04:13:19 +0100] "GET /ticket2/opencms/en/buy/?page=1&edid=88DD86D7-21F8-3EA1-792E-F88512E73446 HTTP/1.1" 200 96921
157.90.209.79 - - [03/Nov/2024:04:13:21 +0100] "GET /ticket2/opencms/hr/buy/?page=1&edid=32359E59-20A4-8706-5D64-A284D441A719 HTTP/1.1" 200 113574
216.244.66.238 - - [03/Nov/2024:04:13:22 +0100] "GET /ticket2/opencms/sv/buy/?page=1&edid=E2770D18-E952-4B89-3A99-F864CC9397CA HTTP/1.1" 200 110519
185.191.171.14 - - [03/Nov/2024:04:13:22 +0100] "GET /ticket2/opencms/es/ask-form.html HTTP/1.1" 200 3156
47.128.96.115 - - [03/Nov/2024:04:13:23 +0100] "GET /ticket2/opencms/fi/venue/?venueid=9D40C9A3-8CFF-BA15-AD1A-88E3EA85E042 HTTP/1.1" 200 78530
194.247.173.99 - - [03/Nov/2024:04:13:24 +0100] "GET /ticket2/opencms/dk/nl/buy/?page=1&edid=EF4CA50E-B036-DD4B-A26E-1BFB83ACBD71&sortorder=desc&column=price HTTP/1.1" 404 -
47.128.96.115 - - [03/Nov/2024:04:13:24 +0100] "GET /ticket2/opencms/system/modules/com.gridnine.opencms.ticketbrokerage.site/resources/css/calendar.css HTTP/1.1" 200 6871
157.90.209.79 - - [03/Nov/2024:04:13:27 +0100] "GET /ticket2/opencms/hr/buy/?page=1&edid=3289C097-2261-9433-8644-DF033A9EE354 HTTP/1.1" 200 130722
217.113.194.214 - - [03/Nov/2024:04:13:27 +0100] "GET /ticket2/opencms/en/buy/?page=1&edid=5E01559A-B770-7724-E607-614A97AA8216 HTTP/1.1" 200 99938
194.247.173.99 - - [03/Nov/2024:04:13:29 +0100] "GET /ticket2/opencms/dk/nl/buy/?page=1&edid=F485EB7B-C630-E8AD-EB3A-E6E869188296&sortorder=asc&column=price HTTP/1.1" 404 -
194.247.173.99 - - [03/Nov/2024:04:13:34 +0100] "GET /ticket2/opencms/dk/nl/buy/?page=1&edid=F485EB7B-C630-E8AD-EB3A-E6E869188296&sortorder=asc&column=row HTTP/1.1" 404 -
217.113.194.213 - - [03/Nov/2024:04:13:36 +0100] "GET /ticket2/opencms/en/buy/?page=1&edid=84489EF5-2059-56C4-5351-326D2C1716FB HTTP/1.1" 200 100161
157.90.209.79 - - [03/Nov/2024:04:13:37 +0100] "GET /ticket2/opencms/hr/buy/?page=1&edid=341262D8-7A59-5821-1DA8-A5F36D843BF9 HTTP/1.1" 200 132589
194.247.173.99 - - [03/Nov/2024:04:13:39 +0100] "GET /ticket2/opencms/dk/nl/buy/?page=1&edid=F50E99A8-AE8A-A436-09D8-96A1685B0F24&sortorder=asc&column=price HTTP/1.1" 404 -
85.208.96.212 - - [03/Nov/2024:04:13:41 +0100] "GET /ticket2/opencms/de/magazine/article?title=manchester-city HTTP/1.1" 200 82195
157.90.209.79 - - [03/Nov/2024:04:13:44 +0100] "GET /ticket2/opencms/hr/buy/?page=1&edid=3583D5C7-607A-E528-A709-844E6A72DC1B HTTP/1.1" 200 130729
217.113.194.213 - - [03/Nov/2024:04:13:44 +0100] "GET /ticket2/opencms/en/buy/?page=1&edid=00653391-A813-563B-EC42-2A1E972F6570 HTTP/1.1" 200 99053
194.247.173.99 - - [03/Nov/2024:04:13:45 +0100] "GET /ticket2/opencms/dk/nl/buy/?page=1&edid=F9496538-3E90-9D50-62AC-C255AB0550A9 HTTP/1.1" 404 -
47.128.33.230 - - [03/Nov/2024:04:13:47 +0100] "GET /ticket2/opencms/fi/venue/?venueid=FF21FF50-A37F-0165-85A9-80D1D5F77A6E HTTP/1.1" 200 78523
194.247.173.99 - - [03/Nov/2024:04:13:48 +0100] "GET /ticket2/opencms/dk/no/buy/?page=1&edid=1DBF14B5-C823-5399-D365-712859C1D3D3&sortorder=asc&column=price HTTP/1.1" 404 -
194.247.173.99 - - [03/Nov/2024:04:13:52 +0100] "GET /ticket2/opencms/dk/no/buy/?page=1&edid=1F39103F-E1B7-7C87-61F2-F032664DD922&sortorder=asc&column=section HTTP/1.1" 404 -
217.113.194.214 - - [03/Nov/2024:04:13:52 +0100] "GET /ticket2/opencms/ga/buy?page=1&edid=24658CB7-0503-4139-A73F-444B9F961692 HTTP/1.1" 200 99066
194.247.173.99 - - [03/Nov/2024:04:13:55 +0100] "GET /ticket2/opencms/dk/no/buy/?page=1&edid=1FBD0D42-F92D-1C33-560A-76C0AFEC58E1&sortorder=desc&column=price HTTP/1.1" 404 -
194.247.173.99 - - [03/Nov/2024:04:13:59 +0100] "GET /ticket2/opencms/dk/no/buy/?page=1&edid=1FBD0D42-F92D-1C33-560A-76C0AFEC58E1&sortorder=desc&column=row HTTP/1.1" 404 -
217.113.194.212 - - [03/Nov/2024:04:14:01 +0100] "GET /ticket2/opencms/de/buy?page=1&edid=65E7B63A-82AD-5350-7913-2D26A32C5940 HTTP/1.1" 200 123580
194.247.173.99 - - [03/Nov/2024:04:14:02 +0100] "GET /ticket2/opencms/dk/no/buy/?page=1&edid=1FBD0D42-F92D-1C33-560A-76C0AFEC58E1&sortorder=desc&column=section HTTP/1.1" 404 -
47.128.62.85 - - [03/Nov/2024:04:14:04 +0100] "GET /ticket2/opencms/lv/buy/?edid=72D44309-5F0D-DDAA-4152-51321DBF919E HTTP/1.1" 200 81476
194.247.173.99 - - [03/Nov/2024:04:14:05 +0100] "GET /ticket2/opencms/dk/no/buy/?page=1&edid=211429E0-D08B-1E8E-1EA3-8D59AD6D932A HTTP/1.1" 404 -
114.119.145.123 - - [03/Nov/2024:04:14:05 +0100] "GET /ticket2/opencms/en/buy?page=1&edid=9CEF6B78-2767-3C87-87CB-84D866000D5A HTTP/1.1" 200 99082
157.90.209.79 - - [03/Nov/2024:04:14:06 +0100] "GET /ticket2/opencms/hr/buy/?page=1&edid=36B8587B-9BD4-1599-9368-E59F9780F9A9 HTTP/1.1" 200 134932
85.208.96.194 - - [03/Nov/2024:04:14:07 +0100] "GET /ticket2/opencms/fi/login HTTP/1.1" 200 83598
194.247.173.99 - - [03/Nov/2024:04:14:08 +0100] "GET /ticket2/opencms/dk/no/buy/?page=1&edid=22067566-643A-AA4F-0095-4F8E05FA13EC&sortorder=asc&column=price HTTP/1.1" 404 -
157.90.209.79 - - [03/Nov/2024:04:14:10 +0100] "GET /ticket2/opencms/hr/buy/?page=1&edid=3D90558B-59E5-DB4E-10D0-F79B6C89B78E HTTP/1.1" 200 124403
217.113.194.213 - - [03/Nov/2024:04:14:10 +0100] "GET /ticket2/opencms/de/buy?page=1&edid=153CDF31-7109-769E-E691-AF8D84C04188 HTTP/1.1" 200 101681
47.128.36.234 - - [03/Nov/2024:04:14:11 +0100] "GET /ticket2/opencms/fi/venue/?venueid=7099633B-1F6B-63DD-621F-E75AD7E075E8 HTTP/1.1" 200 78583
194.247.173.99 - - [03/Nov/2024:04:14:12 +0100] "GET /ticket2/opencms/dk/no/buy/?page=1&edid=22067566-643A-AA4F-0095-4F8E05FA13EC&sortorder=asc&column=row HTTP/1.1" 404 -
194.247.173.99 - - [03/Nov/2024:04:14:15 +0100] "GET /ticket2/opencms/dk/no/buy/?page=1&edid=2575916B-6579-ECDB-CD33-6F8E4E970260 HTTP/1.1" 404 -
40.77.167.26 - - [03/Nov/2024:04:14:15 +0100] "GET /ticket2/opencms/dk/buy?page=1&edid=6AEAF6C2-C57A-0447-5B0A-20959D8DCFDD HTTP/1.1" 200 100413
157.90.209.79 - - [03/Nov/2024:04:14:15 +0100] "GET /ticket2/opencms/hr/buy/?page=1&edid=403B436C-97BC-2EFB-A98B-42727D330360 HTTP/1.1" 200 101771
194.247.173.99 - - [03/Nov/2024:04:14:18 +0100] "GET /ticket2/opencms/dk/no/buy/?page=1&edid=2575916B-6579-ECDB-CD33-6F8E4E970260&sortorder=desc&column=price HTTP/1.1" 404 -
217.113.194.217 - - [03/Nov/2024:04:14:18 +0100] "GET /ticket2/opencms/de/buy/?page=1&edid=9042479A-254A-F760-0970-B15A807A4F1B HTTP/1.1" 200 100337
157.90.209.79 - - [03/Nov/2024:04:14:21 +0100] "GET /ticket2/opencms/hr/buy/?page=1&edid=41CD7066-237A-B852-387D-3D5D7B688DF9 HTTP/1.1" 200 129946
194.247.173.99 - - [03/Nov/2024:04:14:21 +0100] "GET /ticket2/opencms/dk/no/buy/?page=1&edid=2575916B-6579-ECDB-CD33-6F8E4E970260&sortorder=desc&column=row HTTP/1.1" 404 -
185.191.171.6 - - [03/Nov/2024:04:14:23 +0100] "GET /ticket2/opencms/fi/search.html?searchQuery=Dallas%2BStars HTTP/1.1" 200 97686
194.247.173.99 - - [03/Nov/2024:04:14:25 +0100] "GET /ticket2/opencms/dk/no/buy/?page=1&edid=2575916B-6579-ECDB-CD33-6F8E4E970260&sortorder=desc&column=section HTTP/1.1" 404 -
157.90.209.79 - - [03/Nov/2024:04:14:27 +0100] "GET /ticket2/opencms/hr/buy/?page=1&edid=4660DE29-C3F1-FFBE-5E6B-4C74E874EC91 HTTP/1.1" 200 125735
217.113.194.212 - - [03/Nov/2024:04:14:27 +0100] "GET /ticket2/opencms/no/buy?page=1&edid=685D955E-A672-2C34-7A51-00B9097906B6 HTTP/1.1" 200 101411
194.247.173.99 - - [03/Nov/2024:04:14:28 +0100] "GET /ticket2/opencms/dk/no/buy/?page=1&edid=258E0A48-C024-C3DB-0BF3-5E676CFFAE46&sortorder=desc&column=price HTTP/1.1" 404 -
157.90.209.79 - - [03/Nov/2024:04:14:31 +0100] "GET /ticket2/opencms/hr/buy/?page=1&edid=47C0370F-9915-7673-E038-7AD65907592C HTTP/1.1" 200 124407
194.247.173.99 - - [03/Nov/2024:04:14:32 +0100] "GET /ticket2/opencms/dk/no/buy/?page=1&edid=258E0A48-C024-C3DB-0BF3-5E676CFFAE46&sortorder=desc&column=row HTTP/1.1" 404 -
194.247.173.99 - - [03/Nov/2024:04:14:35 +0100] "GET /ticket2/opencms/dk/no/buy/?page=1&edid=26325542-6B2D-A1C9-1D0F-C837CFAFBBF1&sortorder=asc&column=section HTTP/1.1" 404 -
47.128.123.132 - - [03/Nov/2024:04:14:35 +0100] "GET /ticket2/opencms/pl/buy/?comcatid=A17713B6-D984-201A-4143-ED4DB5ED5C2E&npage=5 HTTP/1.1" 200 251950
217.113.194.214 - - [03/Nov/2024:04:14:35 +0100] "GET /ticket2/opencms/no/buy?page=1&edid=2281A8B3-2CD0-7ABA-6412-AAD0078D362F HTTP/1.1" 200 101408
194.247.173.99 - - [03/Nov/2024:04:14:38 +0100] "GET /ticket2/opencms/dk/no/buy/?page=1&edid=2DB83365-74F5-B6C2-096A-99EFCBB8C3FB&sortorder=asc&column=row HTTP/1.1" 404 -
157.90.209.79 - - [03/Nov/2024:04:14:39 +0100] "GET /ticket2/opencms/hr/buy/?page=1&edid=47E4C29F-87ED-56B6-4058-D325184E756B HTTP/1.1" 200 134662
194.247.173.99 - - [03/Nov/2024:04:14:42 +0100] "GET /ticket2/opencms/dk/no/buy/?page=1&edid=2E0934E6-9E3C-7A47-42D4-B750533274AD&sortorder=asc&column=price HTTP/1.1" 404 -
217.113.194.218 - - [03/Nov/2024:04:14:44 +0100] "GET /ticket2/opencms/no/buy/?page=1&edid=AEC0087E-2966-11F0-0CA3-900795ADDDAD HTTP/1.1" 200 98166
85.208.96.205 - - [03/Nov/2024:04:14:45 +0100] "GET /ticket2/opencms/ro/login/?url=%25252Fro%25252Fsell%25252F HTTP/1.1" 200 83370
157.90.209.79 - - [03/Nov/2024:04:14:46 +0100] "GET /ticket2/opencms/hr/buy/?page=1&edid=490280ED-96FA-5EC6-1DCC-A75EC34A3EFC HTTP/1.1" 200 111039
217.113.194.214 - - [03/Nov/2024:04:14:52 +0100] "GET /ticket2/opencms/it/buy?page=1&edid=8DA9D1EA-2F7E-8136-071B-749FF836435A HTTP/1.1" 200 124786
157.90.209.79 - - [03/Nov/2024:04:14:53 +0100] "GET /ticket2/opencms/hr/buy/?page=1&edid=492C270D-AAEA-3890-F385-951BFDA8F433 HTTP/1.1" 200 113834
47.128.99.81 - - [03/Nov/2024:04:14:57 +0100] "GET /ticket2/opencms/sv/magazine/article?title=framtida-stjarnor HTTP/1.1" 200 81196
40.77.167.8 - - [03/Nov/2024:04:14:57 +0100] "GET /ticket2/opencms/cs/ HTTP/1.1" 200 97018
157.90.209.79 - - [03/Nov/2024:04:14:58 +0100] "GET /ticket2/opencms/hr/buy/?page=1&edid=4D569333-A725-AF23-311D-520AB9757B29 HTTP/1.1" 200 101856
47.128.125.7 - - [03/Nov/2024:04:14:59 +0100] "GET /ticket2/opencms/fi/venue/?venueid=9113985D-44E1-D6AA-8893-307E961DB223 HTTP/1.1" 200 78605
217.113.194.213 - - [03/Nov/2024:04:15:01 +0100] "GET /ticket2/opencms/it/buy?page=1&edid=68B485F7-9483-6E4F-656D-602EE2AC621D HTTP/1.1" 200 125692
157.90.209.79 - - [03/Nov/2024:04:15:03 +0100] "GET /ticket2/opencms/hr/buy/?page=1&edid=4D95C4E4-B7FF-C71E-110D-D09544A9044A HTTP/1.1" 200 124405
157.90.209.79 - - [03/Nov/2024:04:15:08 +0100] "GET /ticket2/opencms/hr/buy/?page=1&edid=4DFD725A-4EAE-5578-E2C8-F093AEA223CD HTTP/1.1" 200 130725
217.113.194.218 - - [03/Nov/2024:04:15:10 +0100] "GET /ticket2/opencms/it/buy?page=1&edid=1EC9B49C-3E71-53D7-479D-7C922516D58E HTTP/1.1" 200 125933
157.90.209.79 - - [03/Nov/2024:04:15:12 +0100] "GET /ticket2/opencms/hr/buy/?page=1&edid=50D37B13-6F20-71F9-54D9-90E7B6C8DECF HTTP/1.1" 200 129271
114.119.131.180 - - [03/Nov/2024:04:15:12 +0100] "GET /ticket2/opencms/en/venue/?venueid=CF91071C-3412-BA8E-033B-F6FD610B69D5 HTTP/1.1" 200 77025
157.90.209.79 - - [03/Nov/2024:04:15:18 +0100] "GET /ticket2/opencms/hr/buy/?page=1&edid=551618B5-3860-8837-909D-AC46BA2A0628 HTTP/1.1" 200 101167
217.113.194.217 - - [03/Nov/2024:04:15:19 +0100] "GET /ticket2/opencms/it/buy?page=1&edid=6C0AA1CC-8488-7981-DA23-AD8E06F80ABD HTTP/1.1" 200 124788
114.119.130.91 - - [03/Nov/2024:04:15:23 +0100] "GET /ticket2/opencms/en/venue/?countryid=86D8F5F1-1C66-F61F-D1EA-1BF1C36E41D6 HTTP/1.1" 200 106389
47.128.125.198 - - [03/Nov/2024:04:15:24 +0100] "GET /ticket2/opencms/fi/venue/?venueid=B949E0D0-6478-1385-BB77-53DBB861A93A HTTP/1.1" 200 78548
47.128.43.225 - - [03/Nov/2024:04:15:24 +0100] "GET /ticket2/opencms/lv/buy/?edid=0DC29C5C-A273-34CB-58F3-441C87554AF1 HTTP/1.1" 200 81476
217.113.194.221 - - [03/Nov/2024:04:15:27 +0100] "GET /ticket2/opencms/el/buy?page=1&edid=B5C39213-E135-81B2-3182-CF92D0BE5105 HTTP/1.1" 200 101242
85.208.96.203 - - [03/Nov/2024:04:15:28 +0100] "GET /ticket2/opencms/dk/login/?url=%25252Fdk%25252Fsell%25252F HTTP/1.1" 200 82400
157.90.209.79 - - [03/Nov/2024:04:15:28 +0100] "GET /ticket2/opencms/hr/buy/?page=1&edid=56062CAE-66F5-81C7-DD42-F372CD5AE180 HTTP/1.1" 200 126000
47.128.121.113 - - [03/Nov/2024:04:15:28 +0100] "GET /ticket2/opencms/sl/sport/nogometne-vstopnice/serie-a/hellas_verona HTTP/1.1" 200 88373
217.113.194.214 - - [03/Nov/2024:04:15:36 +0100] "GET /ticket2/opencms/el/buy?page=1&edid=DC151704-7086-0C8A-F9DB-B79F4FC96894 HTTP/1.1" 200 104735
157.90.209.79 - - [03/Nov/2024:04:15:44 +0100] "GET /ticket2/opencms/hr/buy/?page=1&edid=56B38CDE-C52C-9D5C-A997-D65F4CB742AB HTTP/1.1" 200 130721
217.113.194.213 - - [03/Nov/2024:04:15:45 +0100] "GET /ticket2/opencms/el/buy?page=1&edid=2C495116-CB98-C9E3-B9E8-389135800397 HTTP/1.1" 200 127384
47.128.121.147 - - [03/Nov/2024:04:15:48 +0100] "GET /ticket2/opencms/bs/buy/?comcatid=A17713B6-D984-201A-4143-ED4DB5ED5C2E HTTP/1.1" 200 250297
47.128.52.96 - - [03/Nov/2024:04:15:48 +0100] "GET /ticket2/opencms/sv/sport/fotbollsbiljetter/ligue_1/montpellier/ HTTP/1.1" 200 79272
47.128.52.96 - - [03/Nov/2024:04:15:50 +0100] "GET /ticket2/opencms/system/modules/com.gridnine.opencms.ticketbrokerage.site/resources/pics/banners/team/ligue_1/montpellier.png HTTP/1.1" 200 69896
217.113.194.217 - - [03/Nov/2024:04:15:53 +0100] "GET /ticket2/opencms/el/buy?page=1&edid=25D1E1A5-48CB-BCBE-9193-C6660AC8A78B HTTP/1.1" 200 104657
157.90.209.79 - - [03/Nov/2024:04:16:02 +0100] "GET /ticket2/opencms/hr/buy/?page=1&edid=57449F59-3EAF-BBAB-4AC9-B7A456A32485 HTTP/1.1" 200 113833
217.113.194.221 - - [03/Nov/2024:04:16:02 +0100] "GET /ticket2/opencms/nl/buy/?page=1&edid=FF6930DF-3497-767B-9FFA-2906DD469574 HTTP/1.1" 200 99699
157.90.209.79 - - [03/Nov/2024:04:16:06 +0100] "GET /ticket2/opencms/hr/buy/?page=1&edid=57C8D150-DCBD-4911-196A-160A37952FA8 HTTP/1.1" 200 129939
157.90.209.79 - - [03/Nov/2024:04:16:10 +0100] "GET /ticket2/opencms/hr/buy/?page=1&edid=5841328A-911D-5943-EBD4-7800C7848F54 HTTP/1.1" 200 101765
217.113.194.221 - - [03/Nov/2024:04:16:10 +0100] "GET /ticket2/opencms/nl/buy/?page=1&edid=C1D0812E-1703-067D-2D9C-BFDC80B28816 HTTP/1.1" 200 96411
47.128.109.65 - - [03/Nov/2024:04:16:12 +0100] "GET /ticket2/opencms/it/buy/?catid=5A89E483-58AD-080E-F363-E16CE738916A&comcatid=A17713B6-D984-201A-4143-ED4DB5ED5C2E HTTP/1.1" 200 97217
37.123.143.11 - - [03/Nov/2024:04:16:13 +0100] "GET /ticket2/opencms/system/workplace/views/top_foot.jsp?wpFrame=foot HTTP/1.1" 200 1210
37.123.143.11 - - [03/Nov/2024:04:16:13 +0100] "GET /ticket2/opencms/system/workplace/commons/style/workplace.css HTTP/1.1" 200 14209
157.90.209.79 - - [03/Nov/2024:04:16:15 +0100] "GET /ticket2/opencms/hr/buy/?page=1&edid=5CBB442D-D365-7F4F-B999-AA88D946C632 HTTP/1.1" 200 130725
114.119.132.9 - - [03/Nov/2024:04:16:16 +0100] "GET /ticket2/opencms/en/buy/?page=6&comcatid=A17713B6-D984-201A-4143-ED4DB5ED5C2E&catid=06324577-7173-BAB0-146D-E644C912F7C1&eventid=A653911E-9D8A-A015-97DB-CF8AF0159DA3 HTTP/1.1" 200 97316
217.113.194.212 - - [03/Nov/2024:04:16:19 +0100] "GET /ticket2/opencms/nl/buy/?page=1&edid=A86180B2-654C-DA8C-D586-1577B07D7FAC HTTP/1.1" 200 96407
157.90.209.79 - - [03/Nov/2024:04:16:22 +0100] "GET /ticket2/opencms/hr/buy/?page=1&edid=5E608C7A-903B-E4BB-4868-5D83917347B8 HTTP/1.1" 200 134269
185.191.171.2 - - [03/Nov/2024:04:16:22 +0100] "GET /ticket2/opencms/no/sport/fotballsbilletter/champions_league/inter/ HTTP/1.1" 200 81838
157.90.209.79 - - [03/Nov/2024:04:16:26 +0100] "GET /ticket2/opencms/hr/buy/?page=1&edid=65C03F06-B4E6-0D65-D535-E007A0321D02 HTTP/1.1" 200 113843
217.113.194.218 - - [03/Nov/2024:04:16:27 +0100] "GET /ticket2/opencms/nl/buy/?page=1&edid=6CBE2591-0C21-C59A-952D-56E2316290E2 HTTP/1.1" 200 99088
157.90.209.79 - - [03/Nov/2024:04:16:31 +0100] "GET /ticket2/opencms/hr/buy/?page=1&edid=66C22035-E7EA-E10A-4BFC-2C30733037DC HTTP/1.1" 200 126011
157.55.39.193 - - [03/Nov/2024:04:16:35 +0100] "GET /ticket2/opencms/dk/sport/fodboldbilletter/premier-league/chelsea/ HTTP/1.1" 200 95462
217.113.194.218 - - [03/Nov/2024:04:16:36 +0100] "GET /ticket2/opencms/nl/buy/?page=1&edid=01017250-9205-9BA0-A804-2BB1D5B6FDDA HTTP/1.1" 200 96425
47.128.27.209 - - [03/Nov/2024:04:16:37 +0100] "GET /ticket2/opencms/fi/venue/?venueid=1519CE72-0A25-6BA0-48DA-5661E0A521EF HTTP/1.1" 200 78605
47.128.27.209 - - [03/Nov/2024:04:16:38 +0100] "GET /ticket2/opencms/venue/hockeyarena.gif HTTP/1.1" 200 48613
47.128.38.162 - - [03/Nov/2024:04:16:40 +0100] "GET /ticket2/opencms/ro/buy?page=1&edid=B7C31852-4938-05B8-A23C-0248E7A3D5BA HTTP/1.1" 200 123605
47.128.38.162 - - [03/Nov/2024:04:16:41 +0100] "GET /ticket2/opencms/es/ask-form.html HTTP/1.1" 200 3156
47.128.38.162 - - [03/Nov/2024:04:16:42 +0100] "GET /ticket2/opencms/venue/emirates_stadium.png HTTP/1.1" 200 53537
157.90.209.79 - - [03/Nov/2024:04:16:44 +0100] "GET /ticket2/opencms/hr/buy/?page=1&edid=6A920F16-DD42-2262-3AA2-B83D5743F13A HTTP/1.1" 200 129943
217.113.194.213 - - [03/Nov/2024:04:16:45 +0100] "GET /ticket2/opencms/nl/buy?page=1&edid=0921968B-5C38-209B-467C-E28FB1884E06 HTTP/1.1" 200 99481
157.55.39.11 - - [03/Nov/2024:04:16:47 +0100] "GET /ticket2/opencms/mt/buy?page=1&edid=11EFBC55-130A-2310-B776-C5D86878BDAB HTTP/1.1" 200 130367
185.191.171.11 - - [03/Nov/2024:04:16:47 +0100] "GET /ticket2/opencms/fi/urheilu/jalkapallo/ligue_1/ HTTP/1.1" 200 84781
157.55.39.11 - - [03/Nov/2024:04:16:48 +0100] "GET /ticket2/opencms/bg/about/contact HTTP/1.1" 200 78252
47.128.98.122 - - [03/Nov/2024:04:16:50 +0100] "GET /ticket2/opencms/en/buy/?edid=FC000D61-FABC-A881-9E2E-0971242A71A3 HTTP/1.1" 200 79757
217.113.194.214 - - [03/Nov/2024:04:16:53 +0100] "GET /ticket2/opencms/nl/buy?page=1&edid=8E43ECF6-11B9-CAF2-A331-C77F36107AD0 HTTP/1.1" 200 109260
157.90.209.79 - - [03/Nov/2024:04:16:53 +0100] "GET /ticket2/opencms/hr/buy/?page=1&edid=6AEAF6C2-C57A-0447-5B0A-20959D8DCFDD HTTP/1.1" 200 101553
157.90.209.79 - - [03/Nov/2024:04:16:57 +0100] "GET /ticket2/opencms/hr/buy/?page=1&edid=6C967880-E08B-3121-25D0-F145A5542A49 HTTP/1.1" 200 116951
47.128.59.248 - - [03/Nov/2024:04:17:00 +0100] "GET /ticket2/opencms/sv/magazine/article?title=declan-rice HTTP/1.1" 200 81316
157.90.209.79 - - [03/Nov/2024:04:17:02 +0100] "GET /ticket2/opencms/hr/buy/?page=1&edid=719E6B6D-707F-E825-E3AA-0E552980E1EB HTTP/1.1" 200 113915
217.113.194.216 - - [03/Nov/2024:04:17:02 +0100] "GET /ticket2/opencms/nl/buy?page=1&edid=5E608C7A-903B-E4BB-4868-5D83917347B8 HTTP/1.1" 200 132197
207.46.13.54 - - [03/Nov/2024:04:17:05 +0100] "GET /ticket2/opencms/system/modules/com.gridnine.opencms.ticketbrokerage.site/resources/css/jquery.fancybox.css HTTP/1.1" 200 4939
207.46.13.54 - - [03/Nov/2024:04:17:05 +0100] "GET /ticket2/opencms/system/modules/com.gridnine.opencms.ticketbrokerage.site/resources/js/calendar-setup.js HTTP/1.1" 200 4923
207.46.13.54 - - [03/Nov/2024:04:17:06 +0100] "GET /ticket2/opencms/system/modules/com.gridnine.opencms.ticketbrokerage.site/resources/js/calendar.js HTTP/1.1" 200 49229
207.46.13.54 - - [03/Nov/2024:04:17:07 +0100] "GET /ticket2/opencms/system/modules/com.gridnine.opencms.ticketbrokerage.site/resources/js/functions.js HTTP/1.1" 200 1583
157.90.209.79 - - [03/Nov/2024:04:17:07 +0100] "GET /ticket2/opencms/hr/buy/?page=1&edid=71A5516F-6BB3-FB63-461B-A9493E3B32DA HTTP/1.1" 200 113915
157.55.39.11 - - [03/Nov/2024:04:17:10 +0100] "GET /ticket2/opencms/system/modules/com.gridnine.opencms.ticketbrokerage.site/resources/js/common-ajax.js HTTP/1.1" 200 20175
157.55.39.11 - - [03/Nov/2024:04:17:10 +0100] "GET /ticket2/opencms/system/modules/com.gridnine.opencms.ticketbrokerage.site/resources/js/jquery.fancybox.pack.js HTTP/1.1" 200 23187
217.113.194.220 - - [03/Nov/2024:04:17:11 +0100] "GET /ticket2/opencms/nl/buy?page=1&edid=3E8160AB-0FBD-70C5-9AD2-7741AA7C1F1A HTTP/1.1" 200 99709
157.55.39.11 - - [03/Nov/2024:04:17:11 +0100] "GET /ticket2/opencms/system/modules/com.gridnine.opencms.ticketbrokerage.site/resources/js/jquery/jquery-ui.js HTTP/1.1" 200 228088
157.55.39.11 - - [03/Nov/2024:04:17:12 +0100] "GET /ticket2/opencms/system/modules/com.gridnine.opencms.ticketbrokerage.site/resources/js/jquery/jquery.js HTTP/1.1" 200 93868
157.90.209.79 - - [03/Nov/2024:04:17:12 +0100] "GET /ticket2/opencms/hr/buy/?page=1&edid=71FF0DDB-994C-2EA5-7C18-3DECE9AE5101 HTTP/1.1" 200 127843
157.90.209.79 - - [03/Nov/2024:04:17:16 +0100] "GET /ticket2/opencms/hr/buy/?page=1&edid=72113169-CE1D-B963-8867-381A95276A39 HTTP/1.1" 200 134799
40.77.167.70 - - [03/Nov/2024:04:17:18 +0100] "GET /ticket2/opencms/system/modules/com.gridnine.opencms.ticketbrokerage.site/resources/css/calendar.css HTTP/1.1" 200 6871
40.77.167.70 - - [03/Nov/2024:04:17:18 +0100] "GET /ticket2/opencms/system/modules/com.gridnine.opencms.ticketbrokerage.site/resources/css/jquery-ui.css HTTP/1.1" 200 33221
40.77.167.70 - - [03/Nov/2024:04:17:19 +0100] "GET /ticket2/opencms/system/modules/com.gridnine.opencms.ticketbrokerage.site/resources/css/standard.css HTTP/1.1" 200 73073
40.77.167.70 - - [03/Nov/2024:04:17:19 +0100] "GET /ticket2/opencms/system/modules/com.gridnine.opencms.ticketbrokerage.site/resources/css/ticketbrokerage.css HTTP/1.1" 200 39339
40.77.167.70 - - [03/Nov/2024:04:17:19 +0100] "GET /ticket2/opencms/system/modules/com.gridnine.opencms.ticketbrokerage.site/resources/js/calendar-en.js HTTP/1.1" 200 3338
217.113.194.217 - - [03/Nov/2024:04:17:19 +0100] "GET /ticket2/opencms/nl/buy?page=1&edid=A32C2CDE-A2F2-054C-C7FE-30BF45814EDA HTTP/1.1" 200 100176
85.208.96.199 - - [03/Nov/2024:04:17:19 +0100] "GET /ticket2/opencms/sv/sport/fotbollsbiljetter/premier_league/nottingham-forest/ HTTP/1.1" 200 87867
40.77.167.70 - - [03/Nov/2024:04:17:19 +0100] "GET /ticket2/opencms/system/modules/com.gridnine.opencms.ticketbrokerage.site/resources/js/jquery.placeholder.min.js HTTP/1.1" 200 1737
40.77.167.70 - - [03/Nov/2024:04:17:20 +0100] "GET /ticket2/opencms/system/modules/com.gridnine.opencms.ticketbrokerage.site/resources/js/standard.js HTTP/1.1" 200 3978
40.77.167.70 - - [03/Nov/2024:04:17:20 +0100] "GET /ticket2/opencms/system/modules/com.gridnine.opencms.ticketbrokerage.site/resources/js/stickyfill.min.js HTTP/1.1" 200 5672
157.90.209.79 - - [03/Nov/2024:04:17:21 +0100] "GET /ticket2/opencms/hr/buy/?page=1&edid=729B4624-40AD-E7A7-F9BA-94230F6FDC91 HTTP/1.1" 200 130721
