193.70.81.106 - - [03/Nov/2024:05:29:56 +0100] "GET /ticket2/opencms/se/sv/sell/?edid=CB97ACC5-8C2F-6123-F2BA-E3A04382FA1E HTTP/1.1" 404 -
185.191.171.14 - - [03/Nov/2024:05:29:57 +0100] "GET /ticket2/opencms/dk/sport/fodboldbilletter/europa_league/ HTTP/1.1" 200 77794
47.128.110.201 - - [03/Nov/2024:05:29:57 +0100] "GET /ticket2/opencms/img/shutterstock_1793283961.jpg HTTP/1.1" 200 47721623
185.191.171.4 - - [03/Nov/2024:05:29:59 +0100] "GET /ticket2/opencms/tr/ HTTP/1.1" 200 97127
193.70.81.106 - - [03/Nov/2024:05:30:00 +0100] "GET /ticket2/opencms/se/sv/sell/?edid=CC33A6F6-C64B-FC65-C420-F12FE93D0E9E HTTP/1.1" 404 -
157.90.209.79 - - [03/Nov/2024:05:30:01 +0100] "GET /ticket2/opencms/is/buy/?page=1&edid=C781C90E-2A4A-BE38-23EB-6039DE2F5FA8 HTTP/1.1" 200 125873
85.208.96.206 - - [03/Nov/2024:05:30:01 +0100] "GET /ticket2/opencms/dk/sport/fodboldbilletter/la-liga/real_sociedad/ HTTP/1.1" 200 86927
157.90.209.79 - - [03/Nov/2024:05:30:04 +0100] "GET /ticket2/opencms/is/buy/?page=1&edid=C78E4619-1E46-CB27-6BCC-007429A12C31 HTTP/1.1" 200 135249
193.70.81.106 - - [03/Nov/2024:05:30:05 +0100] "GET /ticket2/opencms/se/sv/sell/?edid=CC784E5D-8917-8CDD-ADC3-3D8524AE68DF HTTP/1.1" 404 -
157.90.209.79 - - [03/Nov/2024:05:30:08 +0100] "GET /ticket2/opencms/is/buy/?page=1&edid=C8E47E46-ADCD-586A-7BE4-CF1C96256B2D HTTP/1.1" 200 126413
157.90.209.79 - - [03/Nov/2024:05:30:10 +0100] "GET /ticket2/opencms/is/buy/?page=1&edid=C9919F63-312E-C4DF-29D6-DA1CE80EC9A2 HTTP/1.1" 200 117186
193.70.81.106 - - [03/Nov/2024:05:30:11 +0100] "GET /ticket2/opencms/se/sv/sell/?edid=CE292CD9-5BD3-4F39-C9ED-AE60D2E7BEF8 HTTP/1.1" 404 -
47.128.126.105 - - [03/Nov/2024:05:30:11 +0100] "GET /ticket2/opencms/az/buy?edid=9444713B-A9BE-A3F5-4A66-33B8EFDAEFB0 HTTP/1.1" 200 81540
20.171.206.102 - - [03/Nov/2024:05:30:12 +0100] "GET /ticket2/opencms/sv/buy/?page=1&edid=BC1AC5C2-6726-A2A1-40BE-457E680F6800 HTTP/1.1" 200 100333
157.90.209.79 - - [03/Nov/2024:05:30:13 +0100] "GET /ticket2/opencms/is/buy/?page=1&edid=CC748805-AA77-5D07-7352-96CD97D4F5AC HTTP/1.1" 200 128948
193.70.81.106 - - [03/Nov/2024:05:30:15 +0100] "GET /ticket2/opencms/se/sv/sell/?edid=CFCBACFB-A666-9D8C-9AC1-A8C6A3DD8DD9 HTTP/1.1" 404 -
85.208.96.210 - - [03/Nov/2024:05:30:16 +0100] "GET /ticket2/opencms/de/magazine/article?title=jude-bellingham HTTP/1.1" 200 80895
157.90.209.79 - - [03/Nov/2024:05:30:17 +0100] "GET /ticket2/opencms/is/buy/?page=1&edid=CCC52869-7D07-37D3-E716-0EF1AC21BCE4 HTTP/1.1" 200 123480
193.70.81.106 - - [03/Nov/2024:05:30:20 +0100] "GET /ticket2/opencms/se/sv/sell/?edid=D2A0C1B8-B35F-B87E-561A-18E19C3ECF40 HTTP/1.1" 404 -
157.90.209.79 - - [03/Nov/2024:05:30:21 +0100] "GET /ticket2/opencms/is/buy/?page=1&edid=D11D82D4-28DA-1768-D317-EF521A2F97E6 HTTP/1.1" 200 131036
190.92.201.248 - - [03/Nov/2024:05:30:22 +0100] "GET /ticket2/opencms/el/?comcatid=A17713B6-D984-201A-4143-ED4DB5ED5C2E&catid=A7674DEA-B39E-502C-2F76-760AE08947E9 HTTP/1.1" 200 99288
114.119.146.220 - - [03/Nov/2024:05:30:24 +0100] "GET /ticket2/opencms/en/sport/football-tickets/premier_league/brentford/ HTTP/1.1" 200 87292
193.70.81.106 - - [03/Nov/2024:05:30:25 +0100] "GET /ticket2/opencms/se/sv/sell/?edid=D31DCA81-F017-5EBA-3840-CF6BDC685B59 HTTP/1.1" 404 -
157.90.209.79 - - [03/Nov/2024:05:30:26 +0100] "GET /ticket2/opencms/is/buy/?page=1&edid=D4F26649-49E7-D9AD-008F-6A1EF16B5F3C HTTP/1.1" 200 117186
157.90.209.79 - - [03/Nov/2024:05:30:28 +0100] "GET /ticket2/opencms/is/buy/?page=1&edid=DA2AFD28-6AA1-4222-20E5-CCCE4BF9B981 HTTP/1.1" 200 102566
193.70.81.106 - - [03/Nov/2024:05:30:30 +0100] "GET /ticket2/opencms/se/sv/sell/?edid=D4093200-0C46-C85B-826B-959F6926CEBD HTTP/1.1" 404 -
157.90.209.79 - - [03/Nov/2024:05:30:32 +0100] "GET /ticket2/opencms/is/buy/?page=1&edid=DCF22239-47F2-2282-C13B-85FCE1D7C913 HTTP/1.1" 200 126513
157.90.209.79 - - [03/Nov/2024:05:30:34 +0100] "GET /ticket2/opencms/is/buy/?page=1&edid=DD14CC82-883B-BD06-4306-EBD494AA1804 HTTP/1.1" 200 126411
193.70.81.106 - - [03/Nov/2024:05:30:35 +0100] "GET /ticket2/opencms/se/sv/sell/?edid=D479275F-7CFD-352D-4C79-1F4CCDB6EA24 HTTP/1.1" 404 -
47.128.58.6 - - [03/Nov/2024:05:30:37 +0100] "GET /ticket2/opencms/sv/magazine/article?title=jude-bellingham HTTP/1.1" 200 80813
157.90.209.79 - - [03/Nov/2024:05:30:39 +0100] "GET /ticket2/opencms/is/buy/?page=1&edid=DE5B6A64-DD53-E533-1C9F-682C000226C9 HTTP/1.1" 200 111385
193.70.81.106 - - [03/Nov/2024:05:30:40 +0100] "GET /ticket2/opencms/se/sv/sell/?edid=DBC2FDA7-391E-9027-A160-9B0C7C1D5DD1 HTTP/1.1" 404 -
47.128.58.6 - - [03/Nov/2024:05:30:41 +0100] "GET /ticket2/opencms/img/jude_bellingham.jpg HTTP/1.1" 200 113115
157.55.39.11 - - [03/Nov/2024:05:30:44 +0100] "GET /ticket2/opencms/sl/buy?page=1&edid=3A9780A5-BD38-4C21-77F6-3CFD161A5931 HTTP/1.1" 200 98523
157.90.209.79 - - [03/Nov/2024:05:30:45 +0100] "GET /ticket2/opencms/is/buy/?page=1&edid=DE6EAF1E-F0E3-BCEF-6FE9-789554B2D96C HTTP/1.1" 200 114158
193.70.81.106 - - [03/Nov/2024:05:30:45 +0100] "GET /ticket2/opencms/se/sv/sell/?edid=E03AE744-355D-69D5-3B87-2D4C867BA506 HTTP/1.1" 404 -
40.77.167.43 - - [03/Nov/2024:05:30:48 +0100] "GET /ticket2/opencms/lv/buy?page=1&edid=A492339E-0658-D77B-570A-6146F24F8C0A HTTP/1.1" 200 101387
157.90.209.79 - - [03/Nov/2024:05:30:49 +0100] "GET /ticket2/opencms/is/buy/?page=1&edid=E0AF4582-F291-60D7-7793-C6DEB6EAEA8A HTTP/1.1" 200 131041
157.90.209.79 - - [03/Nov/2024:05:30:59 +0100] "GET /ticket2/opencms/is/buy/?page=1&edid=E1CACBEB-5FB5-F359-D95F-1110648BB53A HTTP/1.1" 200 126516
85.208.96.199 - - [03/Nov/2024:05:31:00 +0100] "GET /ticket2/opencms/no/sport/fotballsbilletter/la_liga/fc_barcelona/ HTTP/1.1" 200 96403
66.249.73.38 - - [03/Nov/2024:05:31:02 +0100] "GET /ticket2/opencms/en/venue/?venueid=8A3E15E6-9EA2-1FB9-3117-432C267C960A HTTP/1.1" 200 76997
85.208.96.200 - - [03/Nov/2024:05:31:02 +0100] "GET /ticket2/opencms/dk/sport/fodboldbilletter/bundesliga/frankfurt/ HTTP/1.1" 200 93466
157.90.209.79 - - [03/Nov/2024:05:31:03 +0100] "GET /ticket2/opencms/is/buy/?page=1&edid=E289F96B-BF69-A88E-30C1-E3CA6BC29D6C HTTP/1.1" 200 114140
157.90.209.79 - - [03/Nov/2024:05:31:06 +0100] "GET /ticket2/opencms/is/buy/?page=1&edid=E9DB3A42-82BF-9B65-3ED4-EE5A32871388 HTTP/1.1" 200 121739
157.90.209.79 - - [03/Nov/2024:05:31:09 +0100] "GET /ticket2/opencms/is/buy/?page=1&edid=EB31C882-2BE6-C517-726C-D721EBC90088 HTTP/1.1" 200 135109
157.90.209.79 - - [03/Nov/2024:05:31:12 +0100] "GET /ticket2/opencms/is/buy/?page=1&edid=EBF1342E-BB1A-F042-231F-198A898B67BA HTTP/1.1" 200 111385
157.55.39.10 - - [03/Nov/2024:05:31:12 +0100] "GET /ticket2/opencms/el/buy?page=1&edid=3289C097-2261-9433-8644-DF033A9EE354 HTTP/1.1" 200 134170
185.191.171.19 - - [03/Nov/2024:05:31:12 +0100] "GET /ticket2/opencms/ga/faq/ HTTP/1.1" 200 82304
157.90.209.79 - - [03/Nov/2024:05:31:15 +0100] "GET /ticket2/opencms/is/buy/?page=1&edid=EC2BC309-3510-AA04-CA0C-F3088D5C1D31 HTTP/1.1" 200 114138
37.123.143.11 - - [03/Nov/2024:05:31:16 +0100] "GET /ticket2/opencms/system/workplace/views/top_foot.jsp?wpFrame=foot HTTP/1.1" 200 1210
37.123.143.11 - - [03/Nov/2024:05:31:16 +0100] "GET /ticket2/opencms/system/workplace/commons/style/workplace.css HTTP/1.1" 200 14209
114.119.159.129 - - [03/Nov/2024:05:31:16 +0100] "GET /ticket2/opencms/en/sport/football-tickets/serie_a/juventus/ HTTP/1.1" 200 86436
157.90.209.79 - - [03/Nov/2024:05:31:20 +0100] "GET /ticket2/opencms/is/buy/?page=1&edid=EE1094B0-5F8D-7F5A-3592-6F4F9BDBF532 HTTP/1.1" 200 130272
157.90.209.79 - - [03/Nov/2024:05:31:23 +0100] "GET /ticket2/opencms/is/buy/?page=1&edid=EFCA122E-EFD5-12F8-6F83-6930A0BC1F37 HTTP/1.1" 200 114145
47.128.55.51 - - [03/Nov/2024:05:31:28 +0100] "GET /ticket2/opencms/sv/sport/fotbollsbiljetter/uefa-champions-league/montpellier/ HTTP/1.1" 200 79703
157.90.209.79 - - [03/Nov/2024:05:31:29 +0100] "GET /ticket2/opencms/is/buy/?page=1&edid=F1463EBE-6C18-CF49-B2AE-F79868BCA4F5 HTTP/1.1" 200 131034
20.171.206.80 - - [03/Nov/2024:05:31:34 +0100] "GET /ticket2/opencms/sv/faq/ HTTP/1.1" 200 84356
47.128.122.14 - - [03/Nov/2024:05:31:34 +0100] "GET /ticket2/opencms/ga/buy?page=11&venueid=3696F630-3175-B624-1F25-409A07AAD64C HTTP/1.1" 200 82041
157.90.209.79 - - [03/Nov/2024:05:31:35 +0100] "GET /ticket2/opencms/is/buy/?page=1&edid=F70FF3E6-2D68-06C1-2E1B-CFF8AEEA395A HTTP/1.1" 200 114142
66.249.65.105 - - [03/Nov/2024:05:31:39 +0100] "GET /ticket2/opencms/hr/o-nama/ HTTP/1.1" 200 81057
157.90.209.79 - - [03/Nov/2024:05:31:41 +0100] "GET /ticket2/opencms/is/buy/?page=1&edid=F75A8704-39CC-1233-9E9B-2121B4DFC51E HTTP/1.1" 200 127989
157.90.209.79 - - [03/Nov/2024:05:31:43 +0100] "GET /ticket2/opencms/is/buy/?page=1&edid=F8A721FB-6959-3E3B-0E9C-2BF5336E70F2 HTTP/1.1" 200 126410
8.210.49.218 - - [03/Nov/2024:05:31:44 +0100] "GET /ticket2/opencms/es/ HTTP/1.1" 200 97035
47.128.27.69 - - [03/Nov/2024:05:31:46 +0100] "GET /ticket2/opencms/mt/buy/?edid=18631B4D-241F-1419-AEC9-B2739BCE7CC3 HTTP/1.1" 200 81495
157.90.209.79 - - [03/Nov/2024:05:31:47 +0100] "GET /ticket2/opencms/is/buy/?page=1&edid=F93A2292-3F60-7656-2C0B-2AB157A0BB0B HTTP/1.1" 200 124719
20.171.206.80 - - [03/Nov/2024:05:31:51 +0100] "GET /ticket2/opencms/sv/login/ HTTP/1.1" 200 82693
157.90.209.79 - - [03/Nov/2024:05:31:54 +0100] "GET /ticket2/opencms/is/buy/?page=1&edid=FA047031-F510-E911-0280-BC3ADCB159FC HTTP/1.1" 200 111383
157.90.209.79 - - [03/Nov/2024:05:31:58 +0100] "GET /ticket2/opencms/is/buy/?page=1&edid=FB201BEF-97AC-F5AA-1C79-FCD23FE64214 HTTP/1.1" 200 102614
157.90.209.79 - - [03/Nov/2024:05:32:03 +0100] "GET /ticket2/opencms/is/buy/?page=1&edid=FC797166-D971-D25F-0FB0-A6DA82828914 HTTP/1.1" 200 114975
157.90.209.79 - - [03/Nov/2024:05:32:07 +0100] "GET /ticket2/opencms/is/buy/?page=1&edid=FD4DCA3B-ED43-1043-8648-63C229A27832 HTTP/1.1" 200 130136
157.90.209.79 - - [03/Nov/2024:05:32:09 +0100] "GET /ticket2/opencms/is/buy/?page=1&edid=FF312D4E-5B6B-8FA5-BA69-635DC61A8F79 HTTP/1.1" 200 124717
157.90.209.79 - - [03/Nov/2024:05:32:12 +0100] "GET /ticket2/opencms/is/buy?page=1&edid=03ACD253-26FD-D5DA-1042-959F5F219816 HTTP/1.1" 200 108140
157.90.209.79 - - [03/Nov/2024:05:32:15 +0100] "GET /ticket2/opencms/is/buy?page=1&edid=03C08C39-501F-FF78-A958-5E62ADCE683F HTTP/1.1" 200 102080
157.90.209.79 - - [03/Nov/2024:05:32:17 +0100] "GET /ticket2/opencms/is/buy?page=1&edid=047E0311-281A-A7AE-E87D-50033F4F70CA HTTP/1.1" 200 131033
47.128.33.15 - - [03/Nov/2024:05:32:20 +0100] "GET /ticket2/opencms/fi/urheilu/jalkapallo/bundesliga/freiburg/ HTTP/1.1" 200 93570
157.90.209.79 - - [03/Nov/2024:05:32:20 +0100] "GET /ticket2/opencms/is/buy?page=1&edid=063774E2-DE1A-6A46-E97B-D379290B879E HTTP/1.1" 200 126413
157.55.39.10 - - [03/Nov/2024:05:32:24 +0100] "GET /ticket2/opencms/et/buy/?page=1&edid=2D66E153-7DA0-9C9B-3BBB-E00F30BBA98C HTTP/1.1" 200 101680
157.90.209.79 - - [03/Nov/2024:05:32:25 +0100] "GET /ticket2/opencms/is/buy?page=1&edid=069EC406-6DFD-08ED-B6CC-A7E203415919 HTTP/1.1" 200 130273
157.90.209.79 - - [03/Nov/2024:05:32:27 +0100] "GET /ticket2/opencms/is/buy?page=1&edid=070182EB-30EF-F34B-AE41-C4B61E82D2C9 HTTP/1.1" 200 114142
157.90.209.79 - - [03/Nov/2024:05:32:29 +0100] "GET /ticket2/opencms/is/buy?page=1&edid=077A4D05-90D5-AF2A-B689-A4F52E73EBA2 HTTP/1.1" 200 130902
157.90.209.79 - - [03/Nov/2024:05:32:31 +0100] "GET /ticket2/opencms/is/buy?page=1&edid=08E96509-F113-0E6A-21FE-AD8C7D1444D0 HTTP/1.1" 200 117196
54.36.149.40 - - [03/Nov/2024:05:32:34 +0100] "GET /ticket2/opencms/en/buy?page=1&edid=2684212B-FA50-DC4B-3CFA-1303E9638140 HTTP/1.1" 200 118712
157.90.209.79 - - [03/Nov/2024:05:32:35 +0100] "GET /ticket2/opencms/is/buy?page=1&edid=096598FE-DA35-4351-DFEE-DC9ACA0F0EF9 HTTP/1.1" 200 125430
157.90.209.79 - - [03/Nov/2024:05:32:37 +0100] "GET /ticket2/opencms/is/buy?page=1&edid=0BE732AB-67CD-FDAE-FCB3-FFE731054A7F HTTP/1.1" 200 104808
157.90.209.79 - - [03/Nov/2024:05:32:41 +0100] "GET /ticket2/opencms/is/buy?page=1&edid=1046C14E-D95C-B350-CBCD-2ECE5F3DCC46 HTTP/1.1" 200 114140
20.171.206.167 - - [03/Nov/2024:05:32:44 +0100] "GET /ticket2/opencms/sv/sport/fotbollsbiljetter/bundesliga/augsburg/ HTTP/1.1" 200 92256
217.113.194.216 - - [03/Nov/2024:05:32:45 +0100] "GET /ticket2/opencms/sv/buy/?page=1&edid=394955EB-67DE-1F21-D60F-76346B858D9B HTTP/1.1" 200 100974
185.191.171.1 - - [03/Nov/2024:05:32:47 +0100] "GET /ticket2/opencms/robots.txt HTTP/1.1" 200 773
157.90.209.79 - - [03/Nov/2024:05:32:47 +0100] "GET /ticket2/opencms/is/buy?page=1&edid=10597F35-2AC7-31D2-FB61-15A36BB6D73B HTTP/1.1" 200 126409
85.208.96.205 - - [03/Nov/2024:05:32:48 +0100] "GET /ticket2/opencms/fi/urheilu/jalkapallo/premier_league/southampton/ HTTP/1.1" 200 88163
157.90.209.79 - - [03/Nov/2024:05:32:50 +0100] "GET /ticket2/opencms/is/buy?page=1&edid=126E7844-E6E1-432A-5140-6A6B87787BFF HTTP/1.1" 200 124717
185.191.171.8 - - [03/Nov/2024:05:32:51 +0100] "GET /ticket2/opencms/az/buying_tickets/ HTTP/1.1" 200 80722
157.90.209.79 - - [03/Nov/2024:05:32:52 +0100] "GET /ticket2/opencms/is/buy?page=1&edid=133B893E-0B2E-BEF9-99B1-9E25283FAB9D HTTP/1.1" 200 115068
217.113.194.212 - - [03/Nov/2024:05:32:54 +0100] "GET /ticket2/opencms/sv/buy/?page=1&edid=2C495116-CB98-C9E3-B9E8-389135800397 HTTP/1.1" 200 123223
47.128.56.86 - - [03/Nov/2024:05:32:57 +0100] "GET /ticket2/opencms/nl/buy?page=11&venueid=084C5FFD-59D7-DA1B-5EFC-5854672C42AB HTTP/1.1" 200 79812
157.90.209.79 - - [03/Nov/2024:05:32:57 +0100] "GET /ticket2/opencms/is/buy?page=1&edid=145F87FE-BCE7-15CF-CE4F-3702933DA737 HTTP/1.1" 200 102616
157.90.209.79 - - [03/Nov/2024:05:33:00 +0100] "GET /ticket2/opencms/is/buy?page=1&edid=159AEE85-969E-7453-4999-69FCFD2915E6 HTTP/1.1" 200 131106
217.113.194.216 - - [03/Nov/2024:05:33:02 +0100] "GET /ticket2/opencms/sv/buy/?page=1&edid=2E8924E6-28D0-1DDA-A1D1-EAAA09293C64 HTTP/1.1" 200 100740
157.90.209.79 - - [03/Nov/2024:05:33:05 +0100] "GET /ticket2/opencms/is/buy?page=1&edid=160DAC9A-2A77-6FDC-52B8-296352B1ABF1 HTTP/1.1" 200 125859
20.171.206.167 - - [03/Nov/2024:05:33:07 +0100] "GET /ticket2/opencms/sv/sport/fotbollsbiljetter/bundesliga/wolfsburg/ HTTP/1.1" 200 85194
157.90.209.79 - - [03/Nov/2024:05:33:07 +0100] "GET /ticket2/opencms/is/buy?page=1&edid=1ABC406A-92BD-FDCF-3BD6-80A52E60B34F HTTP/1.1" 200 135246
20.171.206.83 - - [03/Nov/2024:05:33:10 +0100] "GET /ticket2/opencms/sv/sport/fotbollsbiljetter/bundesliga/werder-bremen/ HTTP/1.1" 200 93161
217.113.194.217 - - [03/Nov/2024:05:33:11 +0100] "GET /ticket2/opencms/sv/buy/?page=1&edid=2E1DE353-C273-BB33-CE93-C77756E7B871 HTTP/1.1" 200 100981
47.128.115.246 - - [03/Nov/2024:05:33:11 +0100] "GET /ticket2/opencms/ka/buy/?catid=42C82D82-D02A-8562-E55C-48ADB3771882&comcatid=A17713B6-D984-201A-4143-ED4DB5ED5C2E HTTP/1.1" 200 95277
157.90.209.79 - - [03/Nov/2024:05:33:11 +0100] "GET /ticket2/opencms/is/buy?page=1&edid=1B6F6A2B-A0DA-FF91-EC4E-3DCAA442C25B HTTP/1.1" 200 124718
20.171.206.83 - - [03/Nov/2024:05:33:12 +0100] "GET /ticket2/opencms/sv/sport/fotbollsbiljetter/bundesliga/stuttgart/ HTTP/1.1" 200 92269
66.249.73.38 - - [03/Nov/2024:05:33:13 +0100] "GET /ticket2/opencms/en/venue/?venueid=70CF0C71-242F-3CB8-3E8B-757E40B6417C HTTP/1.1" 200 77069
85.208.96.207 - - [03/Nov/2024:05:33:13 +0100] "GET /ticket2/opencms/sv/magazine/article?title=aston-villa-en-av-de-aldsta-klubbarna-i-premier-league HTTP/1.1" 200 80801
157.90.209.79 - - [03/Nov/2024:05:33:14 +0100] "GET /ticket2/opencms/is/buy?page=1&edid=1B836A42-4F20-7A0F-05D1-08388A470666 HTTP/1.1" 200 101239
157.90.209.79 - - [03/Nov/2024:05:33:17 +0100] "GET /ticket2/opencms/is/buy?page=1&edid=21BADD47-9DF1-089A-9149-B7D8F893FCB4 HTTP/1.1" 200 102145
217.113.194.213 - - [03/Nov/2024:05:33:19 +0100] "GET /ticket2/opencms/sv/buy/?page=1&edid=9E50495A-9AA9-B64B-1322-60711AD9E99A HTTP/1.1" 200 97677
20.171.206.83 - - [03/Nov/2024:05:33:19 +0100] "GET /ticket2/opencms/sk/buy?page=1&edid=E0AF4582-F291-60D7-7793-C6DEB6EAEA8A HTTP/1.1" 200 131207
157.90.209.79 - - [03/Nov/2024:05:33:21 +0100] "GET /ticket2/opencms/is/buy?page=1&edid=25666712-CB7E-CDDD-4626-F1CD96C38316 HTTP/1.1" 200 135247
157.90.209.79 - - [03/Nov/2024:05:33:25 +0100] "GET /ticket2/opencms/is/buy?page=1&edid=26467E66-E432-3709-0425-A75E81B5021A HTTP/1.1" 200 131040
217.113.194.216 - - [03/Nov/2024:05:33:28 +0100] "GET /ticket2/opencms/sv/buy/?page=1&edid=7975E09A-C343-2FEA-3C35-F701F700BEBC HTTP/1.1" 200 97689
157.90.209.79 - - [03/Nov/2024:05:33:28 +0100] "GET /ticket2/opencms/is/buy?page=1&edid=268D8165-50F1-AAA8-6C6A-3ABAD53C8B35 HTTP/1.1" 200 117186
185.191.171.16 - - [03/Nov/2024:05:33:30 +0100] "GET /ticket2/opencms/sv/sport/hockeybiljetter/nhl/Columbus-Blue-Jackets/ HTTP/1.1" 200 80406
185.191.171.4 - - [03/Nov/2024:05:33:34 +0100] "GET /ticket2/opencms/nl/login HTTP/1.1" 200 81469
217.113.194.221 - - [03/Nov/2024:05:33:36 +0100] "GET /ticket2/opencms/sv/buy/?page=1&edid=224E301E-62C2-7FAB-1E09-EB70E2A87B16 HTTP/1.1" 200 97682
185.191.171.14 - - [03/Nov/2024:05:33:37 +0100] "GET /ticket2/opencms/en/sport/football-tickets/premier_league/bournemouth/ HTTP/1.1" 200 94228
157.90.209.79 - - [03/Nov/2024:05:33:39 +0100] "GET /ticket2/opencms/is/buy?page=1&edid=294968E7-670E-500D-EF6F-F776CC397F5A HTTP/1.1" 200 111387
20.171.206.83 - - [03/Nov/2024:05:33:40 +0100] "GET /ticket2/opencms/ka/buy?page=1&edid=E0AF4582-F291-60D7-7793-C6DEB6EAEA8A HTTP/1.1" 200 136623
20.171.206.83 - - [03/Nov/2024:05:33:41 +0100] "GET /ticket2/opencms/it/buy?page=1&edid=E0AF4582-F291-60D7-7793-C6DEB6EAEA8A HTTP/1.1" 200 130436
20.171.206.83 - - [03/Nov/2024:05:33:43 +0100] "GET /ticket2/opencms/uk/buy?page=1&edid=E0AF4582-F291-60D7-7793-C6DEB6EAEA8A HTTP/1.1" 200 133195
157.90.209.79 - - [03/Nov/2024:05:33:44 +0100] "GET /ticket2/opencms/is/buy?page=1&edid=299450E2-FDAD-4E2B-0058-6290A7A2B57D HTTP/1.1" 200 136447
217.113.194.216 - - [03/Nov/2024:05:33:44 +0100] "GET /ticket2/opencms/sv/buy/?page=1&edid=15507C5C-EBAC-0D65-4FA1-76ADC722C3D4 HTTP/1.1" 200 100968
20.171.206.83 - - [03/Nov/2024:05:33:45 +0100] "GET /ticket2/opencms/sr/buy?page=1&edid=E0AF4582-F291-60D7-7793-C6DEB6EAEA8A HTTP/1.1" 200 131517
20.171.206.83 - - [03/Nov/2024:05:33:47 +0100] "GET /ticket2/opencms/ga/buy?page=1&edid=E0AF4582-F291-60D7-7793-C6DEB6EAEA8A HTTP/1.1" 200 131535
95.108.213.85 - - [03/Nov/2024:05:33:47 +0100] "GET /ticket2/opencms/en/buy/?page=1&edid=626D6770-17E9-BC21-0111-AAFA15CA9F3B HTTP/1.1" 200 97944
20.171.206.83 - - [03/Nov/2024:05:33:47 +0100] "GET /ticket2/opencms/is/buy/submitNewForm(); HTTP/1.1" 404 -
157.90.209.79 - - [03/Nov/2024:05:33:48 +0100] "GET /ticket2/opencms/is/buy?page=1&edid=2A51ECF8-5DB5-F349-CC30-BF574AC78AE1 HTTP/1.1" 200 111395
20.171.206.83 - - [03/Nov/2024:05:33:49 +0100] "GET /ticket2/opencms/mo/buy?page=1&edid=E0AF4582-F291-60D7-7793-C6DEB6EAEA8A HTTP/1.1" 200 130883
157.90.209.79 - - [03/Nov/2024:05:33:50 +0100] "GET /ticket2/opencms/is/buy?page=1&edid=2AC421C6-0DD9-73DD-0C29-416B5CC98DFF HTTP/1.1" 200 101855
20.171.206.83 - - [03/Nov/2024:05:33:51 +0100] "GET /ticket2/opencms/lt/buy?page=1&edid=E0AF4582-F291-60D7-7793-C6DEB6EAEA8A HTTP/1.1" 200 131117
20.171.206.83 - - [03/Nov/2024:05:33:52 +0100] "GET /ticket2/opencms/dk/buy?page=1&edid=E0AF4582-F291-60D7-7793-C6DEB6EAEA8A HTTP/1.1" 200 129620
157.90.209.79 - - [03/Nov/2024:05:33:53 +0100] "GET /ticket2/opencms/is/buy?page=1&edid=2B44308E-1778-CFAE-7385-18758823F6EB HTTP/1.1" 200 135247
217.113.194.221 - - [03/Nov/2024:05:33:53 +0100] "GET /ticket2/opencms/sv/buy/?page=1&edid=63D01EA9-6118-F064-A9BE-98AD792F8DD1 HTTP/1.1" 200 97689
20.171.206.83 - - [03/Nov/2024:05:33:53 +0100] "GET /ticket2/opencms/cs/buy?page=1&edid=E0AF4582-F291-60D7-7793-C6DEB6EAEA8A HTTP/1.1" 200 131278
85.208.96.200 - - [03/Nov/2024:05:33:54 +0100] "GET /ticket2/opencms/nl/sport/voetbal-tickets/bundesliga/union_berlin/ HTTP/1.1" 200 86307
85.208.96.211 - - [03/Nov/2024:05:33:56 +0100] "GET /ticket2/opencms/it/faq HTTP/1.1" 200 85137
157.90.209.79 - - [03/Nov/2024:05:33:58 +0100] "GET /ticket2/opencms/is/buy?page=1&edid=31FDA527-9BE5-CC0F-08BA-BAC5423FB404 HTTP/1.1" 200 98804
157.90.209.79 - - [03/Nov/2024:05:34:00 +0100] "GET /ticket2/opencms/is/buy?page=1&edid=32359E59-20A4-8706-5D64-A284D441A719 HTTP/1.1" 200 113880
217.113.194.217 - - [03/Nov/2024:05:34:01 +0100] "GET /ticket2/opencms/sv/buy/?page=1&edid=66EB75EF-0CBD-BA1B-9342-85D051C2996A HTTP/1.1" 200 100430
85.208.96.210 - - [03/Nov/2024:05:34:02 +0100] "GET /ticket2/opencms/de/magazine/article?title=emirates-stadium-eine-ikonische-arena HTTP/1.1" 200 83565
47.128.123.73 - - [03/Nov/2024:05:34:03 +0100] "GET /ticket2/opencms/et/buy/?comcatid=A17713B6-D984-201A-4143-ED4DB5ED5C2E&npage=5 HTTP/1.1" 200 250734
47.128.96.135 - - [03/Nov/2024:05:34:05 +0100] "GET /ticket2/opencms/ga/buy/?edid=96FDAACF-AA50-D065-EBF8-EE262287E6CE HTTP/1.1" 200 81535
114.119.139.202 - - [03/Nov/2024:05:34:05 +0100] "GET /ticket2/opencms/en/sell/?edid=B0D8F931-9E2F-729D-31DA-DE516B7231DA HTTP/1.1" 302 -
157.90.209.79 - - [03/Nov/2024:05:34:07 +0100] "GET /ticket2/opencms/is/buy?page=1&edid=341262D8-7A59-5821-1DA8-A5F36D843BF9 HTTP/1.1" 200 132902
217.113.194.213 - - [03/Nov/2024:05:34:10 +0100] "GET /ticket2/opencms/sv/buy/?page=1&edid=BC1AC5C2-6726-A2A1-40BE-457E680F6800 HTTP/1.1" 200 100333
157.90.209.79 - - [03/Nov/2024:05:34:10 +0100] "GET /ticket2/opencms/is/buy?page=1&edid=36B8587B-9BD4-1599-9368-E59F9780F9A9 HTTP/1.1" 200 135244
114.119.139.202 - - [03/Nov/2024:05:34:11 +0100] "GET /ticket2/opencms/en/login/?url=/en/sell/ HTTP/1.1" 200 81870
20.171.206.255 - - [03/Nov/2024:05:34:14 +0100] "GET /ticket2/opencms/sv/buy?page=1&edid=E0AF4582-F291-60D7-7793-C6DEB6EAEA8A HTTP/1.1" 200 129953
157.90.209.79 - - [03/Nov/2024:05:34:15 +0100] "GET /ticket2/opencms/is/buy?page=1&edid=3834B79A-5D67-764F-EEC4-EB2411D57169 HTTP/1.1" 200 98804
20.171.206.255 - - [03/Nov/2024:05:34:15 +0100] "GET /ticket2/opencms/sl/buy?page=1&edid=E0AF4582-F291-60D7-7793-C6DEB6EAEA8A HTTP/1.1" 200 130782
217.113.194.217 - - [03/Nov/2024:05:34:18 +0100] "GET /ticket2/opencms/sv/buy/?page=1&edid=BC277D23-30B8-D5EE-234A-A476676DA5A3 HTTP/1.1" 200 97737
157.90.209.79 - - [03/Nov/2024:05:34:19 +0100] "GET /ticket2/opencms/is/buy?page=1&edid=3A9780A5-BD38-4C21-77F6-3CFD161A5931 HTTP/1.1" 200 98823
185.191.171.19 - - [03/Nov/2024:05:34:20 +0100] "GET /ticket2/opencms/no/selling_tickets/ HTTP/1.1" 200 78693
47.128.17.149 - - [03/Nov/2024:05:34:20 +0100] "GET /ticket2/opencms/en/buy?catid=739BFC5D-78FA-6834-D764-6CE64CA5F9EC&comcatid=A17713B6-D984-201A-4143-ED4DB5ED5C2E&page=7 HTTP/1.1" 200 92393
185.191.171.8 - - [03/Nov/2024:05:34:22 +0100] "GET /ticket2/opencms/ga/buying_tickets/ HTTP/1.1" 200 80701
157.90.209.79 - - [03/Nov/2024:05:34:23 +0100] "GET /ticket2/opencms/is/buy?page=1&edid=3D90558B-59E5-DB4E-10D0-F79B6C89B78E HTTP/1.1" 200 124715
217.113.194.220 - - [03/Nov/2024:05:34:27 +0100] "GET /ticket2/opencms/sv/buy/?page=1&edid=EBE2E095-EDE2-C88D-EC51-00B2E16EC697 HTTP/1.1" 200 97673
157.90.209.79 - - [03/Nov/2024:05:34:32 +0100] "GET /ticket2/opencms/is/buy?page=1&edid=403B436C-97BC-2EFB-A98B-42727D330360 HTTP/1.1" 200 102097
20.171.206.255 - - [03/Nov/2024:05:34:35 +0100] "GET /ticket2/opencms/ro/buy?page=1&edid=E0AF4582-F291-60D7-7793-C6DEB6EAEA8A HTTP/1.1" 200 131192
217.113.194.218 - - [03/Nov/2024:05:34:35 +0100] "GET /ticket2/opencms/sv/buy/?page=1&edid=C422BC27-6F14-B415-A16C-0DD738E4FAA5 HTTP/1.1" 200 101487
20.171.206.255 - - [03/Nov/2024:05:34:37 +0100] "GET /ticket2/opencms/es/buy?page=1&edid=E0AF4582-F291-60D7-7793-C6DEB6EAEA8A HTTP/1.1" 200 130777
157.90.209.79 - - [03/Nov/2024:05:34:38 +0100] "GET /ticket2/opencms/is/buy?page=1&edid=41CD7066-237A-B852-387D-3D5D7B688DF9 HTTP/1.1" 200 130278
20.171.206.255 - - [03/Nov/2024:05:34:39 +0100] "GET /ticket2/opencms/mt/buy?page=1&edid=E0AF4582-F291-60D7-7793-C6DEB6EAEA8A HTTP/1.1" 200 131131
20.171.206.255 - - [03/Nov/2024:05:34:41 +0100] "GET /ticket2/opencms/fr/buy?page=1&edid=E0AF4582-F291-60D7-7793-C6DEB6EAEA8A HTTP/1.1" 200 130997
157.90.209.79 - - [03/Nov/2024:05:34:42 +0100] "GET /ticket2/opencms/is/buy?page=1&edid=4660DE29-C3F1-FFBE-5E6B-4C74E874EC91 HTTP/1.1" 200 126143
217.113.194.217 - - [03/Nov/2024:05:34:43 +0100] "GET /ticket2/opencms/sv/buy/?page=1&edid=A32C2CDE-A2F2-054C-C7FE-30BF45814EDA HTTP/1.1" 200 101450
20.171.206.255 - - [03/Nov/2024:05:34:44 +0100] "GET /ticket2/opencms/fi/buy?page=1&edid=E0AF4582-F291-60D7-7793-C6DEB6EAEA8A HTTP/1.1" 200 130926
20.171.206.255 - - [03/Nov/2024:05:34:45 +0100] "GET /ticket2/opencms/el/buy?page=1&edid=E0AF4582-F291-60D7-7793-C6DEB6EAEA8A HTTP/1.1" 200 134176
157.90.209.79 - - [03/Nov/2024:05:34:45 +0100] "GET /ticket2/opencms/is/buy?page=1&edid=46F37BE7-B2F6-BEA5-12C9-E1FFD36B0DD0 HTTP/1.1" 200 108020
66.249.65.106 - - [03/Nov/2024:05:34:47 +0100] "GET /ticket2/opencms/sr/buy?page=1&edid=C49A930A-3CDD-7FC6-981C-4D6ED2E66AA8 HTTP/1.1" 200 102504
157.90.209.79 - - [03/Nov/2024:05:34:47 +0100] "GET /ticket2/opencms/is/buy?page=1&edid=47C0370F-9915-7673-E038-7AD65907592C HTTP/1.1" 200 124719
20.171.206.255 - - [03/Nov/2024:05:34:48 +0100] "GET /ticket2/opencms/hr/buy?page=1&edid=E0AF4582-F291-60D7-7793-C6DEB6EAEA8A HTTP/1.1" 200 130728
20.171.206.255 - - [03/Nov/2024:05:34:49 +0100] "GET /ticket2/opencms/et/buy?page=1&edid=E0AF4582-F291-60D7-7793-C6DEB6EAEA8A HTTP/1.1" 200 130903
20.171.206.255 - - [03/Nov/2024:05:34:50 +0100] "GET /ticket2/opencms/no/buy?page=1&edid=E0AF4582-F291-60D7-7793-C6DEB6EAEA8A HTTP/1.1" 200 130389
20.171.206.255 - - [03/Nov/2024:05:34:52 +0100] "GET /ticket2/opencms/hy/buy?page=1&edid=E0AF4582-F291-60D7-7793-C6DEB6EAEA8A HTTP/1.1" 404 -
154.54.249.216 - - [03/Nov/2024:05:34:52 +0100] "GET /ticket2/opencms/sv/buy/?page=1&edid=AA408C72-2073-316B-FBC7-E94200A17373 HTTP/1.1" 200 97682
157.90.209.79 - - [03/Nov/2024:05:34:52 +0100] "GET /ticket2/opencms/is/buy?page=1&edid=47E4C29F-87ED-56B6-4058-D325184E756B HTTP/1.1" 200 134974
114.119.141.178 - - [03/Nov/2024:05:34:53 +0100] "GET /ticket2/opencms/en/buy/?page=6&comcatid=B41CCF2B-5558-7AEE-3602-09BBDE417D65&catid=A34BCF61-E19C-5C5C-445E-06F3749E1EF4 HTTP/1.1" 200 84060
20.171.206.255 - - [03/Nov/2024:05:34:53 +0100] "GET /ticket2/opencms/pl/buy?page=1&edid=E0AF4582-F291-60D7-7793-C6DEB6EAEA8A HTTP/1.1" 200 131024
157.90.209.79 - - [03/Nov/2024:05:34:54 +0100] "GET /ticket2/opencms/is/buy?page=1&edid=490280ED-96FA-5EC6-1DCC-A75EC34A3EFC HTTP/1.1" 200 111382
47.128.97.13 - - [03/Nov/2024:05:34:55 +0100] "GET /ticket2/opencms/sr/buy/?catid=64756941-02D2-3538-2077-8C2508F4A3A8&comcatid=A17713B6-D984-201A-4143-ED4DB5ED5C2E HTTP/1.1" 200 94237
20.171.206.255 - - [03/Nov/2024:05:34:55 +0100] "GET /ticket2/opencms/lv/buy?page=1&edid=E0AF4582-F291-60D7-7793-C6DEB6EAEA8A HTTP/1.1" 200 131032
157.55.39.192 - - [03/Nov/2024:05:34:58 +0100] "GET /ticket2/opencms/es/buy/?page=1&edid=5066B61F-02EE-32E6-4312-320F42EFA97E HTTP/1.1" 200 101951
85.208.96.202 - - [03/Nov/2024:05:34:58 +0100] "GET /ticket2/opencms/mt/about/contact/ HTTP/1.1" 200 77832
20.171.206.255 - - [03/Nov/2024:05:34:59 +0100] "GET /ticket2/opencms/hu/buy?page=1&edid=E0AF4582-F291-60D7-7793-C6DEB6EAEA8A HTTP/1.1" 200 131157
157.90.209.79 - - [03/Nov/2024:05:34:59 +0100] "GET /ticket2/opencms/is/buy?page=1&edid=492C270D-AAEA-3890-F385-951BFDA8F433 HTTP/1.1" 200 114140
20.171.206.255 - - [03/Nov/2024:05:35:00 +0100] "GET /ticket2/opencms/nl/buy?page=1&edid=E0AF4582-F291-60D7-7793-C6DEB6EAEA8A HTTP/1.1" 200 128670
217.113.194.221 - - [03/Nov/2024:05:35:00 +0100] "GET /ticket2/opencms/sv/buy/?page=1&edid=2002154A-0979-63C2-6DA2-C28E7B6E108E HTTP/1.1" 200 107030
157.90.209.79 - - [03/Nov/2024:05:35:01 +0100] "GET /ticket2/opencms/is/buy?page=1&edid=4D569333-A725-AF23-311D-520AB9757B29 HTTP/1.1" 200 102153
20.171.206.255 - - [03/Nov/2024:05:35:02 +0100] "GET /ticket2/opencms/be/buy?page=1&edid=E0AF4582-F291-60D7-7793-C6DEB6EAEA8A HTTP/1.1" 200 133057
157.90.209.79 - - [03/Nov/2024:05:35:03 +0100] "GET /ticket2/opencms/is/buy?page=1&edid=4D95C4E4-B7FF-C71E-110D-D09544A9044A HTTP/1.1" 200 124717
20.171.206.255 - - [03/Nov/2024:05:35:04 +0100] "GET /ticket2/opencms/bg/buy?page=1&edid=E0AF4582-F291-60D7-7793-C6DEB6EAEA8A HTTP/1.1" 200 133255
157.90.209.79 - - [03/Nov/2024:05:35:05 +0100] "GET /ticket2/opencms/is/buy?page=1&edid=4DF0D9FC-63B4-BC0C-C1C6-5A8F2E684398 HTTP/1.1" 200 125017
20.171.206.255 - - [03/Nov/2024:05:35:05 +0100] "GET /ticket2/opencms/mk/buy?page=1&edid=E0AF4582-F291-60D7-7793-C6DEB6EAEA8A HTTP/1.1" 404 -
20.171.206.255 - - [03/Nov/2024:05:35:07 +0100] "GET /ticket2/opencms/az/buy?page=1&edid=E0AF4582-F291-60D7-7793-C6DEB6EAEA8A HTTP/1.1" 200 131295
20.171.206.255 - - [03/Nov/2024:05:35:08 +0100] "GET /ticket2/opencms/sq/buy?page=1&edid=E0AF4582-F291-60D7-7793-C6DEB6EAEA8A HTTP/1.1" 200 131147
154.54.249.216 - - [03/Nov/2024:05:35:09 +0100] "GET /ticket2/opencms/sv/buy/?page=1&edid=1E86F169-A318-E57C-8910-D480ADD5DC6E HTTP/1.1" 200 100850
66.249.73.39 - - [03/Nov/2024:05:35:09 +0100] "GET /ticket2/opencms/en/venue/?venueid=DEE00DFC-893F-245B-8985-D3EB9461E0DA HTTP/1.1" 200 77000
114.119.165.226 - - [03/Nov/2024:05:35:09 +0100] "GET /ticket2/opencms/en/sell/?edid=DF831646-EB81-8030-C88A-E153CD46EDDF HTTP/1.1" 302 -
157.90.209.79 - - [03/Nov/2024:05:35:09 +0100] "GET /ticket2/opencms/is/buy?page=1&edid=4DFD725A-4EAE-5578-E2C8-F093AEA223CD HTTP/1.1" 200 131038
20.171.206.188 - - [03/Nov/2024:05:35:11 +0100] "GET /ticket2/opencms/bs/buy?page=1&edid=E0AF4582-F291-60D7-7793-C6DEB6EAEA8A HTTP/1.1" 200 130686
157.90.209.79 - - [03/Nov/2024:05:35:12 +0100] "GET /ticket2/opencms/is/buy?page=1&edid=50375D23-8B44-5172-3FB1-755B660EE76F HTTP/1.1" 200 104860
20.171.206.188 - - [03/Nov/2024:05:35:12 +0100] "GET /ticket2/opencms/de/buy?page=1&edid=E0AF4582-F291-60D7-7793-C6DEB6EAEA8A HTTP/1.1" 200 130378
114.119.165.226 - - [03/Nov/2024:05:35:13 +0100] "GET /ticket2/opencms/en/login/?url=/en/sell/ HTTP/1.1" 200 81870
157.90.209.79 - - [03/Nov/2024:05:35:15 +0100] "GET /ticket2/opencms/is/buy?page=1&edid=50D37B13-6F20-71F9-54D9-90E7B6C8DECF HTTP/1.1" 200 129603
20.171.206.188 - - [03/Nov/2024:05:35:15 +0100] "GET /ticket2/opencms/tr/buy?page=1&edid=E0AF4582-F291-60D7-7793-C6DEB6EAEA8A HTTP/1.1" 200 131170
20.171.206.188 - - [03/Nov/2024:05:35:16 +0100] "GET /ticket2/opencms/en/buy?page=1&edid=E0AF4582-F291-60D7-7793-C6DEB6EAEA8A HTTP/1.1" 200 129130
217.113.194.219 - - [03/Nov/2024:05:35:17 +0100] "GET /ticket2/opencms/sv/buy/?page=1&edid=1AE89D0D-A9A3-AAC9-3FD2-490905A4D3BB HTTP/1.1" 200 97725
20.171.206.188 - - [03/Nov/2024:05:35:18 +0100] "GET /ticket2/opencms/ga/buy?page=1&edid=4DFD725A-4EAE-5578-E2C8-F093AEA223CD HTTP/1.1" 200 131532
20.171.206.188 - - [03/Nov/2024:05:35:19 +0100] "GET /ticket2/opencms/es/buy?page=1&edid=4DFD725A-4EAE-5578-E2C8-F093AEA223CD HTTP/1.1" 200 130774
114.119.134.48 - - [03/Nov/2024:05:35:20 +0100] "GET /ticket2/opencms/en/sell?edid=85C49B56-0E7B-16F6-66E3-E0CA735F0D13 HTTP/1.1" 302 -
157.90.209.79 - - [03/Nov/2024:05:35:20 +0100] "GET /ticket2/opencms/is/buy?page=1&edid=551618B5-3860-8837-909D-AC46BA2A0628 HTTP/1.1" 200 101468
20.171.206.188 - - [03/Nov/2024:05:35:20 +0100] "GET /ticket2/opencms/ro/buy?page=1&edid=4DFD725A-4EAE-5578-E2C8-F093AEA223CD HTTP/1.1" 200 131189
20.171.206.188 - - [03/Nov/2024:05:35:22 +0100] "GET /ticket2/opencms/fr/buy?page=1&edid=4DFD725A-4EAE-5578-E2C8-F093AEA223CD HTTP/1.1" 200 130994
157.90.209.79 - - [03/Nov/2024:05:35:22 +0100] "GET /ticket2/opencms/is/buy?page=1&edid=56062CAE-66F5-81C7-DD42-F372CD5AE180 HTTP/1.1" 200 126408
20.171.206.188 - - [03/Nov/2024:05:35:23 +0100] "GET /ticket2/opencms/fi/buy?page=1&edid=4DFD725A-4EAE-5578-E2C8-F093AEA223CD HTTP/1.1" 200 130923
114.119.134.48 - - [03/Nov/2024:05:35:24 +0100] "GET /ticket2/opencms/en/login/?url=/en/sell/ HTTP/1.1" 200 81870
20.171.206.188 - - [03/Nov/2024:05:35:24 +0100] "GET /ticket2/opencms/sr/buy?page=1&edid=4DFD725A-4EAE-5578-E2C8-F093AEA223CD HTTP/1.1" 200 131514
20.171.206.188 - - [03/Nov/2024:05:35:26 +0100] "GET /ticket2/opencms/cs/buy?page=1&edid=4DFD725A-4EAE-5578-E2C8-F093AEA223CD HTTP/1.1" 200 131275
217.113.194.221 - - [03/Nov/2024:05:35:26 +0100] "GET /ticket2/opencms/sv/buy/?page=1&edid=658F19B3-3ADB-7B87-9DBB-5245EA8D9892 HTTP/1.1" 200 97704
216.244.66.238 - - [03/Nov/2024:05:35:26 +0100] "GET /ticket2/opencms/en/buy/?page=1&edid=06839E1C-8CA0-2766-B39C-B161E06D9E51 HTTP/1.1" 200 123460
157.90.209.79 - - [03/Nov/2024:05:35:27 +0100] "GET /ticket2/opencms/is/buy?page=1&edid=56B38CDE-C52C-9D5C-A997-D65F4CB742AB HTTP/1.1" 200 131034
20.171.206.188 - - [03/Nov/2024:05:35:27 +0100] "GET /ticket2/opencms/it/buy?page=1&edid=4DFD725A-4EAE-5578-E2C8-F093AEA223CD HTTP/1.1" 200 130433
20.171.206.188 - - [03/Nov/2024:05:35:28 +0100] "GET /ticket2/opencms/no/buy?page=1&edid=4DFD725A-4EAE-5578-E2C8-F093AEA223CD HTTP/1.1" 200 130386
207.46.13.130 - - [03/Nov/2024:05:35:28 +0100] "GET /ticket2/opencms/mt/about/ HTTP/1.1" 500 -
157.90.209.79 - - [03/Nov/2024:05:35:29 +0100] "GET /ticket2/opencms/is/buy?page=1&edid=57449F59-3EAF-BBAB-4AC9-B7A456A32485 HTTP/1.1" 200 114139
20.171.206.188 - - [03/Nov/2024:05:35:30 +0100] "GET /ticket2/opencms/pl/buy?page=1&edid=4DFD725A-4EAE-5578-E2C8-F093AEA223CD HTTP/1.1" 200 131021
20.171.206.188 - - [03/Nov/2024:05:35:31 +0100] "GET /ticket2/opencms/sq/buy?page=1&edid=4DFD725A-4EAE-5578-E2C8-F093AEA223CD HTTP/1.1" 200 131144
20.171.206.188 - - [03/Nov/2024:05:35:32 +0100] "GET /ticket2/opencms/en/buy?page=1&edid=4DFD725A-4EAE-5578-E2C8-F093AEA223CD HTTP/1.1" 200 129127
157.90.209.79 - - [03/Nov/2024:05:35:32 +0100] "GET /ticket2/opencms/is/buy?page=1&edid=57C8D150-DCBD-4911-196A-160A37952FA8 HTTP/1.1" 200 130271
157.90.209.79 - - [03/Nov/2024:05:35:34 +0100] "GET /ticket2/opencms/is/buy?page=1&edid=5841328A-911D-5943-EBD4-7800C7848F54 HTTP/1.1" 200 102091
154.54.249.216 - - [03/Nov/2024:05:35:34 +0100] "GET /ticket2/opencms/sv/buy/?page=1&edid=02717DFD-516F-F288-43FD-93598E319E97 HTTP/1.1" 200 97698
157.90.209.79 - - [03/Nov/2024:05:35:36 +0100] "GET /ticket2/opencms/is/buy?page=1&edid=594BB2EC-0131-3CF2-28F5-D32596AEC319 HTTP/1.1" 200 102614
20.171.206.188 - - [03/Nov/2024:05:35:36 +0100] "GET /ticket2/opencms/sk/buy?page=1&edid=4DFD725A-4EAE-5578-E2C8-F093AEA223CD HTTP/1.1" 200 131204
157.90.209.79 - - [03/Nov/2024:05:35:37 +0100] "GET /ticket2/opencms/is/buy?page=1&edid=5CB80305-FAB3-0B17-6A63-E12060ABE282 HTTP/1.1" 200 124933
157.90.209.79 - - [03/Nov/2024:05:35:41 +0100] "GET /ticket2/opencms/is/buy?page=1&edid=5CBB442D-D365-7F4F-B999-AA88D946C632 HTTP/1.1" 200 131038
66.249.73.38 - - [03/Nov/2024:05:35:42 +0100] "GET /ticket2/opencms/en/venue/?venueid=CF4F6857-3656-68CA-213F-13DFDEA6A33E HTTP/1.1" 200 77000
217.113.194.214 - - [03/Nov/2024:05:35:43 +0100] "GET /ticket2/opencms/sv/buy/?page=1&edid=05B612AB-ECB3-A571-67D4-0C36E051033D HTTP/1.1" 200 97734
157.90.209.79 - - [03/Nov/2024:05:35:43 +0100] "GET /ticket2/opencms/is/buy?page=1&edid=5FB57C24-AD1D-5266-EC3B-AFBF6FBAF1AC HTTP/1.1" 200 102558
47.128.53.54 - - [03/Nov/2024:05:35:43 +0100] "GET /ticket2/opencms/sl/buy?eventid=B8AB4E0F-79AE-D178-8032-960D7050134D&page=10 HTTP/1.1" 200 83059
157.90.209.79 - - [03/Nov/2024:05:35:45 +0100] "GET /ticket2/opencms/is/buy?page=1&edid=65C03F06-B4E6-0D65-D535-E007A0321D02 HTTP/1.1" 200 114149
47.128.119.220 - - [03/Nov/2024:05:35:46 +0100] "GET /ticket2/opencms/el/buy/?catid=6BD6E0B0-84AF-3A0D-3851-C1357CE9B771&comcatid=A17713B6-D984-201A-4143-ED4DB5ED5C2E HTTP/1.1" 200 94622
216.244.66.238 - - [03/Nov/2024:05:35:47 +0100] "GET /ticket2/opencms/en/buy/?page=1&edid=39CE598D-FC19-9CD8-F22D-3F7964FACAB9 HTTP/1.1" 200 113074
157.90.209.79 - - [03/Nov/2024:05:35:47 +0100] "GET /ticket2/opencms/is/buy?page=1&edid=66C22035-E7EA-E10A-4BFC-2C30733037DC HTTP/1.1" 200 126419
157.90.209.79 - - [03/Nov/2024:05:35:50 +0100] "GET /ticket2/opencms/is/buy?page=1&edid=6A920F16-DD42-2262-3AA2-B83D5743F13A HTTP/1.1" 200 130275
217.113.194.218 - - [03/Nov/2024:05:35:51 +0100] "GET /ticket2/opencms/sv/buy/?page=1&edid=7E653C31-A788-6271-D9AA-FE8367BFE104 HTTP/1.1" 200 100956
157.90.209.79 - - [03/Nov/2024:05:35:51 +0100] "GET /ticket2/opencms/is/buy?page=1&edid=6AEAF6C2-C57A-0447-5B0A-20959D8DCFDD HTTP/1.1" 200 101856
157.90.209.79 - - [03/Nov/2024:05:35:56 +0100] "GET /ticket2/opencms/is/buy?page=1&edid=6C755BD2-3E40-1F18-AF57-4283F42FB67F HTTP/1.1" 200 101864
157.90.209.79 - - [03/Nov/2024:05:35:59 +0100] "GET /ticket2/opencms/is/buy?page=1&edid=6C967880-E08B-3121-25D0-F145A5542A49 HTTP/1.1" 200 117192
20.171.206.188 - - [03/Nov/2024:05:35:59 +0100] "GET /ticket2/opencms/nl/buy?page=1&edid=4DFD725A-4EAE-5578-E2C8-F093AEA223CD HTTP/1.1" 200 128667
217.113.194.217 - - [03/Nov/2024:05:35:59 +0100] "GET /ticket2/opencms/sv/buy/?page=1&edid=79F212CD-FC40-B2A4-D854-08D44B487350 HTTP/1.1" 200 97702
20.171.206.188 - - [03/Nov/2024:05:36:00 +0100] "GET /ticket2/opencms/lt/buy?page=1&edid=4DFD725A-4EAE-5578-E2C8-F093AEA223CD HTTP/1.1" 200 131114
157.90.209.79 - - [03/Nov/2024:05:36:01 +0100] "GET /ticket2/opencms/is/buy?page=1&edid=719E6B6D-707F-E825-E3AA-0E552980E1EB HTTP/1.1" 200 114170
20.171.206.188 - - [03/Nov/2024:05:36:02 +0100] "GET /ticket2/opencms/sl/buy?page=1&edid=4DFD725A-4EAE-5578-E2C8-F093AEA223CD HTTP/1.1" 200 130779
157.90.209.79 - - [03/Nov/2024:05:36:03 +0100] "GET /ticket2/opencms/is/buy?page=1&edid=71A5516F-6BB3-FB63-461B-A9493E3B32DA HTTP/1.1" 200 114170
20.171.206.188 - - [03/Nov/2024:05:36:03 +0100] "GET /ticket2/opencms/ka/buy?page=1&edid=4DFD725A-4EAE-5578-E2C8-F093AEA223CD HTTP/1.1" 200 136620
20.171.206.188 - - [03/Nov/2024:05:36:04 +0100] "GET /ticket2/opencms/mk/buy?page=1&edid=4DFD725A-4EAE-5578-E2C8-F093AEA223CD HTTP/1.1" 404 -
157.90.209.79 - - [03/Nov/2024:05:36:05 +0100] "GET /ticket2/opencms/is/buy?page=1&edid=71D4E1BC-3E8B-FCA3-2D7E-6A2406C27FA6 HTTP/1.1" 200 102112
157.55.39.197 - - [03/Nov/2024:05:36:06 +0100] "GET /ticket2/opencms/fr/buy?page=1&edid=3EACF9E2-ABC6-108D-E866-9803A85B9A14 HTTP/1.1" 200 97672
216.244.66.238 - - [03/Nov/2024:05:36:06 +0100] "GET /ticket2/opencms/en/buy/?page=1&edid=49599CA7-0844-E2DA-A659-546B6DDC9473 HTTP/1.1" 200 96910
20.171.206.188 - - [03/Nov/2024:05:36:06 +0100] "GET /ticket2/opencms/et/buy?page=1&edid=4DFD725A-4EAE-5578-E2C8-F093AEA223CD HTTP/1.1" 200 130900
217.113.194.214 - - [03/Nov/2024:05:36:08 +0100] "GET /ticket2/opencms/sv/buy/?page=1&edid=23688B8D-8D21-EBA0-1897-8BC6CFFE57DE HTTP/1.1" 200 99900
20.171.206.188 - - [03/Nov/2024:05:36:08 +0100] "GET /ticket2/opencms/hu/buy?page=1&edid=4DFD725A-4EAE-5578-E2C8-F093AEA223CD HTTP/1.1" 200 131154
188.235.132.70 - - [03/Nov/2024:05:36:10 +0100] "GET /ticket2/opencms/ HTTP/1.0" 302 -
20.171.206.207 - - [03/Nov/2024:05:36:11 +0100] "GET /ticket2/opencms/sv/buy?page=1&edid=4DFD725A-4EAE-5578-E2C8-F093AEA223CD HTTP/1.1" 200 129950
157.90.209.79 - - [03/Nov/2024:05:36:11 +0100] "GET /ticket2/opencms/is/buy?page=1&edid=71FF0DDB-994C-2EA5-7C18-3DECE9AE5101 HTTP/1.1" 200 128254
20.171.206.207 - - [03/Nov/2024:05:36:12 +0100] "GET /ticket2/opencms/az/buy?page=1&edid=4DFD725A-4EAE-5578-E2C8-F093AEA223CD HTTP/1.1" 200 131292
188.235.132.70 - - [03/Nov/2024:05:36:12 +0100] "GET /ticket2/opencms/en/ HTTP/1.0" 200 95593
188.235.132.70 - - [03/Nov/2024:05:36:13 +0100] "GET /ticket2/opencms/en/about/contact HTTP/1.0" 200 79756
37.123.143.11 - - [03/Nov/2024:05:36:16 +0100] "GET /ticket2/opencms/system/workplace/views/top_foot.jsp?wpFrame=foot HTTP/1.1" 200 1210
37.123.143.11 - - [03/Nov/2024:05:36:16 +0100] "GET /ticket2/opencms/system/workplace/commons/style/workplace.css HTTP/1.1" 200 14209
114.119.150.49 - - [03/Nov/2024:05:36:17 +0100] "GET /ticket2/opencms/en/sport/football-tickets/serie_a/as_roma/ HTTP/1.1" 200 87908
217.113.194.215 - - [03/Nov/2024:05:36:17 +0100] "GET /ticket2/opencms/sv/buy/?page=1&edid=750C6040-29F7-425D-A24F-51B977F415A3 HTTP/1.1" 200 125045
157.90.209.79 - - [03/Nov/2024:05:36:20 +0100] "GET /ticket2/opencms/is/buy?page=1&edid=72113169-CE1D-B963-8867-381A95276A39 HTTP/1.1" 200 135111
85.208.96.204 - - [03/Nov/2024:05:36:23 +0100] "GET /ticket2/opencms/fi/urheilu/jalkapallo/la-liga/atletico_madrid/ HTTP/1.1" 200 89183
157.90.209.79 - - [03/Nov/2024:05:36:23 +0100] "GET /ticket2/opencms/is/buy?page=1&edid=729B4624-40AD-E7A7-F9BA-94230F6FDC91 HTTP/1.1" 200 131034
47.128.55.122 - - [03/Nov/2024:05:36:24 +0100] "GET /ticket2/opencms/lt/buy/?edid=E191F800-BEBE-94E3-2A9A-C8072A850396 HTTP/1.1" 200 81490
216.244.66.238 - - [03/Nov/2024:05:36:25 +0100] "GET /ticket2/opencms/no/buy/?page=1&edid=78314AF0-4634-069B-617B-0BA727735BF7 HTTP/1.1" 200 98155
217.113.194.220 - - [03/Nov/2024:05:36:25 +0100] "GET /ticket2/opencms/sv/buy/?page=1&edid=6690BAE2-0BB2-2F72-0EFC-ADA3FDF70123 HTTP/1.1" 200 97699
157.90.209.79 - - [03/Nov/2024:05:36:28 +0100] "GET /ticket2/opencms/is/buy?page=1&edid=750C6040-29F7-425D-A24F-51B977F415A3 HTTP/1.1" 200 126248
85.208.96.203 - - [03/Nov/2024:05:36:31 +0100] "GET /ticket2/opencms/dk/sport/fodboldbilletter/ligue_1/ HTTP/1.1" 200 80202
20.171.206.207 - - [03/Nov/2024:05:36:32 +0100] "GET /ticket2/opencms/be/buy?page=1&edid=4DFD725A-4EAE-5578-E2C8-F093AEA223CD HTTP/1.1" 200 133054
217.113.194.212 - - [03/Nov/2024:05:36:33 +0100] "GET /ticket2/opencms/sv/buy?page=1&edid=E4669A58-D392-0EC8-F9B7-256D36456739 HTTP/1.1" 200 97699
20.171.206.207 - - [03/Nov/2024:05:36:35 +0100] "GET /ticket2/opencms/mo/buy?page=1&edid=4DFD725A-4EAE-5578-E2C8-F093AEA223CD HTTP/1.1" 200 130880
20.171.206.207 - - [03/Nov/2024:05:36:36 +0100] "GET /ticket2/opencms/uk/buy?page=1&edid=4DFD725A-4EAE-5578-E2C8-F093AEA223CD HTTP/1.1" 200 133192
20.171.206.207 - - [03/Nov/2024:05:36:37 +0100] "GET /ticket2/opencms/dk/buy?page=1&edid=4DFD725A-4EAE-5578-E2C8-F093AEA223CD HTTP/1.1" 200 129617
20.171.206.207 - - [03/Nov/2024:05:36:39 +0100] "GET /ticket2/opencms/lv/buy?page=1&edid=4DFD725A-4EAE-5578-E2C8-F093AEA223CD HTTP/1.1" 200 131029
157.90.209.79 - - [03/Nov/2024:05:36:39 +0100] "GET /ticket2/opencms/is/buy?page=1&edid=78DAC12B-37C2-8767-69E1-3ACF75009F29 HTTP/1.1" 200 117183
47.128.118.242 - - [03/Nov/2024:05:36:39 +0100] "GET /ticket2/opencms/hr/ HTTP/1.1" 200 97065
20.171.206.207 - - [03/Nov/2024:05:36:40 +0100] "GET /ticket2/opencms/hr/buy?page=1&edid=4DFD725A-4EAE-5578-E2C8-F093AEA223CD HTTP/1.1" 200 130725
20.171.206.207 - - [03/Nov/2024:05:36:41 +0100] "GET /ticket2/opencms/de/buy?page=1&edid=4DFD725A-4EAE-5578-E2C8-F093AEA223CD HTTP/1.1" 200 130375
216.244.66.238 - - [03/Nov/2024:05:36:42 +0100] "GET /ticket2/opencms/sv/buy/?page=1&edid=718A7A5B-0864-7BB0-17EA-7D1DFF1DCA73 HTTP/1.1" 200 100967
217.113.194.217 - - [03/Nov/2024:05:36:42 +0100] "GET /ticket2/opencms/sv/buy?page=1&edid=EF7781F8-E1A4-3254-2738-CE240C9312E7 HTTP/1.1" 200 97673
20.171.206.207 - - [03/Nov/2024:05:36:42 +0100] "GET /ticket2/opencms/mt/buy?page=1&edid=4DFD725A-4EAE-5578-E2C8-F093AEA223CD HTTP/1.1" 200 131128
157.90.209.79 - - [03/Nov/2024:05:36:43 +0100] "GET /ticket2/opencms/is/buy?page=1&edid=791FDD0E-A228-3CC2-8AB8-5B3518CB8D31 HTTP/1.1" 200 117185
20.171.206.207 - - [03/Nov/2024:05:36:44 +0100] "GET /ticket2/opencms/bs/buy?page=1&edid=4DFD725A-4EAE-5578-E2C8-F093AEA223CD HTTP/1.1" 200 130683
20.171.206.207 - - [03/Nov/2024:05:36:45 +0100] "GET /ticket2/opencms/bg/buy?page=1&edid=4DFD725A-4EAE-5578-E2C8-F093AEA223CD HTTP/1.1" 200 133252
20.171.206.207 - - [03/Nov/2024:05:36:47 +0100] "GET /ticket2/opencms/hy/buy?page=1&edid=4DFD725A-4EAE-5578-E2C8-F093AEA223CD HTTP/1.1" 404 -
157.90.209.79 - - [03/Nov/2024:05:36:48 +0100] "GET /ticket2/opencms/is/buy?page=1&edid=7B357C96-D15A-7330-3CD7-9115EBD86CB2 HTTP/1.1" 200 124316
20.171.206.207 - - [03/Nov/2024:05:36:49 +0100] "GET /ticket2/opencms/tr/buy?page=1&edid=4DFD725A-4EAE-5578-E2C8-F093AEA223CD HTTP/1.1" 200 131167
20.171.206.207 - - [03/Nov/2024:05:36:50 +0100] "GET /ticket2/opencms/el/buy?page=1&edid=4DFD725A-4EAE-5578-E2C8-F093AEA223CD HTTP/1.1" 200 134173
217.113.194.213 - - [03/Nov/2024:05:36:50 +0100] "GET /ticket2/opencms/sv/buy?page=1&edid=D2F30FD8-0864-E7E5-43A2-A4369C9456A3 HTTP/1.1" 200 97710
157.90.209.79 - - [03/Nov/2024:05:36:56 +0100] "GET /ticket2/opencms/is/buy?page=1&edid=7C16C78F-F9EE-B2A9-0C9E-990B916B48DD HTTP/1.1" 200 126515
217.113.194.217 - - [03/Nov/2024:05:36:59 +0100] "GET /ticket2/opencms/sv/buy?page=1&edid=D3BB5206-D09C-E9EC-0247-A3E56EA24028 HTTP/1.1" 200 100963
216.244.66.238 - - [03/Nov/2024:05:37:00 +0100] "GET /ticket2/opencms/dk/venue/?countryid=2FA5524A-D842-525C-9D6C-F790BA0272FC HTTP/1.1" 200 106826
157.90.209.79 - - [03/Nov/2024:05:37:00 +0100] "GET /ticket2/opencms/is/buy?page=1&edid=7D0034DE-60A0-B971-BE37-13F34A8B84FE HTTP/1.1" 200 124721
157.90.209.79 - - [03/Nov/2024:05:37:03 +0100] "GET /ticket2/opencms/is/buy?page=1&edid=7D35F583-5000-190C-B2DC-8632905AF321 HTTP/1.1" 200 117184
47.128.18.21 - - [03/Nov/2024:05:37:06 +0100] "GET /ticket2/opencms/en/buy?page=10&venueid=F72D7D8A-21AA-398A-828C-542FA85266B4 HTTP/1.1" 302 -
47.128.18.21 - - [03/Nov/2024:05:37:07 +0100] "GET /ticket2/opencms/en/buy/ HTTP/1.1" 200 77825
217.113.194.218 - - [03/Nov/2024:05:37:07 +0100] "GET /ticket2/opencms/sv/buy?page=1&edid=FBDD6D75-E50D-E656-DD0D-140A87A57CDC HTTP/1.1" 200 100746
157.90.209.79 - - [03/Nov/2024:05:37:09 +0100] "GET /ticket2/opencms/is/buy?page=1&edid=7DA6AFD0-1F4E-627C-789E-E465BB16D2D7 HTTP/1.1" 200 111396
157.90.209.79 - - [03/Nov/2024:05:37:12 +0100] "GET /ticket2/opencms/is/buy?page=1&edid=7F2B1FEA-20FE-7448-32AC-111154CA401B HTTP/1.1" 200 126409
157.90.209.79 - - [03/Nov/2024:05:37:15 +0100] "GET /ticket2/opencms/is/buy?page=1&edid=8085E80D-BC8F-CDCF-7CC8-2F497FE082D3 HTTP/1.1" 200 126514
217.113.194.221 - - [03/Nov/2024:05:37:16 +0100] "GET /ticket2/opencms/sv/buy?page=1&edid=FC797166-D971-D25F-0FB0-A6DA82828914 HTTP/1.1" 200 113778
157.90.209.79 - - [03/Nov/2024:05:37:17 +0100] "GET /ticket2/opencms/is/buy?page=1&edid=84A5FE5E-FE66-D83A-8A7D-B9483A93F0F3 HTTP/1.1" 200 132026
157.90.209.79 - - [03/Nov/2024:05:37:19 +0100] "GET /ticket2/opencms/is/buy?page=1&edid=85FEE197-56BE-9C34-A3B3-D08AF509D2AB HTTP/1.1" 200 124843
20.171.206.89 - - [03/Nov/2024:05:37:23 +0100] "GET /ticket2/opencms/nl/buy?page=1&edid=729B4624-40AD-E7A7-F9BA-94230F6FDC91 HTTP/1.1" 200 128663
217.113.194.217 - - [03/Nov/2024:05:37:24 +0100] "GET /ticket2/opencms/sv/buy?page=1&edid=C7AF99E0-EF64-53BB-7A83-EEE233AFFF27 HTTP/1.1" 200 97702
20.171.206.89 - - [03/Nov/2024:05:37:24 +0100] "GET /ticket2/opencms/es/buy?page=1&edid=729B4624-40AD-E7A7-F9BA-94230F6FDC91 HTTP/1.1" 200 130770
157.90.209.79 - - [03/Nov/2024:05:37:25 +0100] "GET /ticket2/opencms/is/buy?page=1&edid=86A7D428-8E42-C0D0-846E-90C83426D4AE HTTP/1.1" 200 114145
20.171.206.89 - - [03/Nov/2024:05:37:26 +0100] "GET /ticket2/opencms/dk/buy?page=1&edid=729B4624-40AD-E7A7-F9BA-94230F6FDC91 HTTP/1.1" 200 129613
20.171.206.89 - - [03/Nov/2024:05:37:27 +0100] "GET /ticket2/opencms/en/buy?page=1&edid=729B4624-40AD-E7A7-F9BA-94230F6FDC91 HTTP/1.1" 200 129123
157.90.209.79 - - [03/Nov/2024:05:37:28 +0100] "GET /ticket2/opencms/is/buy?page=1&edid=8A15C340-B6C2-2F43-473C-6069B2AC1544 HTTP/1.1" 200 126389
124.243.139.68 - - [03/Nov/2024:05:37:28 +0100] "GET /ticket2/opencms/en/buy/?page=1&edid=7BD09287-6936-CE68-B356-5961050B6456 HTTP/1.1" 200 100176
20.171.206.89 - - [03/Nov/2024:05:37:28 +0100] "GET /ticket2/opencms/az/buy?page=1&edid=729B4624-40AD-E7A7-F9BA-94230F6FDC91 HTTP/1.1" 200 131288
20.171.206.89 - - [03/Nov/2024:05:37:29 +0100] "GET /ticket2/opencms/tr/buy?page=1&edid=729B4624-40AD-E7A7-F9BA-94230F6FDC91 HTTP/1.1" 200 131163
20.171.206.89 - - [03/Nov/2024:05:37:30 +0100] "GET /ticket2/opencms/fr/buy?page=1&edid=729B4624-40AD-E7A7-F9BA-94230F6FDC91 HTTP/1.1" 200 130990
47.128.32.194 - - [03/Nov/2024:05:37:31 +0100] "GET /ticket2/opencms/sk/ HTTP/1.1" 200 97104
185.191.171.19 - - [03/Nov/2024:05:37:32 +0100] "GET /ticket2/opencms/sv/sport/fotbollsbiljetter/uefa-europa-league/liverpool/ HTTP/1.1" 200 79059
217.113.194.213 - - [03/Nov/2024:05:37:33 +0100] "GET /ticket2/opencms/sv/buy?page=1&edid=C8B54E4D-ACCA-9CAC-8303-90318E9CF170 HTTP/1.1" 200 100748
20.171.206.89 - - [03/Nov/2024:05:37:33 +0100] "GET /ticket2/opencms/sk/buy?page=1&edid=729B4624-40AD-E7A7-F9BA-94230F6FDC91 HTTP/1.1" 200 131200
85.208.96.206 - - [03/Nov/2024:05:37:33 +0100] "GET /ticket2/opencms/nl/sport/ijshockeytickets/nhl/vancouver-canucks/ HTTP/1.1" 200 76764
157.90.209.79 - - [03/Nov/2024:05:37:34 +0100] "GET /ticket2/opencms/is/buy?page=1&edid=8E8E9404-172C-6C57-7F68-EAFC3F95D1AC HTTP/1.1" 200 126415
20.171.206.89 - - [03/Nov/2024:05:37:34 +0100] "GET /ticket2/opencms/sr/buy?page=1&edid=729B4624-40AD-E7A7-F9BA-94230F6FDC91 HTTP/1.1" 200 131510
85.208.96.197 - - [03/Nov/2024:05:37:35 +0100] "GET /ticket2/opencms/fi/urheilu/jalkapallo/premier_league/aston_villa/ HTTP/1.1" 200 95093
20.171.206.89 - - [03/Nov/2024:05:37:36 +0100] "GET /ticket2/opencms/no/buy?page=1&edid=729B4624-40AD-E7A7-F9BA-94230F6FDC91 HTTP/1.1" 200 130382
20.171.206.89 - - [03/Nov/2024:05:37:37 +0100] "GET /ticket2/opencms/mk/buy?page=1&edid=729B4624-40AD-E7A7-F9BA-94230F6FDC91 HTTP/1.1" 404 -
216.244.66.238 - - [03/Nov/2024:05:37:38 +0100] "GET /ticket2/opencms/dk/venue/?countryid=EBEF9B75-B33B-BBAE-FE14-1F037092B34B HTTP/1.1" 200 116731
157.90.209.79 - - [03/Nov/2024:05:37:40 +0100] "GET /ticket2/opencms/is/buy?page=1&edid=8EF7EC9D-9BC8-1DEC-C27C-0541D5C5F471 HTTP/1.1" 200 117188
20.171.206.89 - - [03/Nov/2024:05:37:40 +0100] "GET /ticket2/opencms/sq/buy?page=1&edid=729B4624-40AD-E7A7-F9BA-94230F6FDC91 HTTP/1.1" 200 131140
217.113.194.216 - - [03/Nov/2024:05:37:41 +0100] "GET /ticket2/opencms/sv/buy?page=1&edid=CB2F98AB-2A36-6804-D7EE-05DAE30031CC HTTP/1.1" 200 100101
20.171.206.89 - - [03/Nov/2024:05:37:41 +0100] "GET /ticket2/opencms/fi/buy?page=1&edid=729B4624-40AD-E7A7-F9BA-94230F6FDC91 HTTP/1.1" 200 130919
20.171.206.89 - - [03/Nov/2024:05:37:42 +0100] "GET /ticket2/opencms/ga/buy?page=1&edid=729B4624-40AD-E7A7-F9BA-94230F6FDC91 HTTP/1.1" 200 131528
157.90.209.79 - - [03/Nov/2024:05:37:43 +0100] "GET /ticket2/opencms/is/buy?page=1&edid=8F340A1C-D664-7FDD-8257-FE31525DAB7C HTTP/1.1" 200 126279
20.171.206.89 - - [03/Nov/2024:05:37:44 +0100] "GET /ticket2/opencms/el/buy?page=1&edid=729B4624-40AD-E7A7-F9BA-94230F6FDC91 HTTP/1.1" 200 134169
