20.171.206.59 - - [03/Nov/2024:05:03:00 +0100] "GET /ticket2/opencms/es/ask-form.html HTTP/1.1" 200 3156
157.90.209.79 - - [03/Nov/2024:05:03:00 +0100] "GET /ticket2/opencms/hu/buy?page=1&edid=50375D23-8B44-5172-3FB1-755B660EE76F HTTP/1.1" 200 104826
157.90.209.79 - - [03/Nov/2024:05:03:03 +0100] "GET /ticket2/opencms/hu/buy?page=1&edid=50D37B13-6F20-71F9-54D9-90E7B6C8DECF HTTP/1.1" 200 129697
157.90.209.79 - - [03/Nov/2024:05:03:05 +0100] "GET /ticket2/opencms/hu/buy?page=1&edid=551618B5-3860-8837-909D-AC46BA2A0628 HTTP/1.1" 200 101442
52.167.144.22 - - [03/Nov/2024:05:03:06 +0100] "GET /ticket2/opencms/bg/buy?page=1&edid=2C4B6786-0F6F-C1FA-478C-3E015D58BCA8 HTTP/1.1" 200 104574
157.90.209.79 - - [03/Nov/2024:05:03:07 +0100] "GET /ticket2/opencms/hu/buy?page=1&edid=56062CAE-66F5-81C7-DD42-F372CD5AE180 HTTP/1.1" 200 126424
217.113.194.213 - - [03/Nov/2024:05:03:07 +0100] "GET /ticket2/opencms/no/buy/?page=1&edid=8551F24F-7E36-E365-707B-96D4F958640A HTTP/1.1" 200 110704
157.90.209.79 - - [03/Nov/2024:05:03:12 +0100] "GET /ticket2/opencms/hu/buy?page=1&edid=56B38CDE-C52C-9D5C-A997-D65F4CB742AB HTTP/1.1" 200 131150
51.38.181.206 - - [03/Nov/2024:05:03:15 +0100] "GET /ticket2/opencms/se/sv/sell/?edid=E71DFAD2-4674-EB79-CCBF-3AEF547F3E77 HTTP/1.1" 404 -
157.90.209.79 - - [03/Nov/2024:05:03:15 +0100] "GET /ticket2/opencms/hu/buy?page=1&edid=57449F59-3EAF-BBAB-4AC9-B7A456A32485 HTTP/1.1" 200 114116
217.113.194.220 - - [03/Nov/2024:05:03:16 +0100] "GET /ticket2/opencms/no/buy/?page=1&edid=1E797748-9B66-BEC3-D169-107F37EB584B HTTP/1.1" 200 110934
157.90.209.79 - - [03/Nov/2024:05:03:18 +0100] "GET /ticket2/opencms/hu/buy?page=1&edid=57C8D150-DCBD-4911-196A-160A37952FA8 HTTP/1.1" 200 130365
157.90.209.79 - - [03/Nov/2024:05:03:20 +0100] "GET /ticket2/opencms/hu/buy?page=1&edid=5841328A-911D-5943-EBD4-7800C7848F54 HTTP/1.1" 200 102053
51.38.181.206 - - [03/Nov/2024:05:03:20 +0100] "GET /ticket2/opencms/se/sv/sell/?edid=E8D37283-D56B-FD6C-F174-24BB3094D0C7 HTTP/1.1" 404 -
157.90.209.79 - - [03/Nov/2024:05:03:23 +0100] "GET /ticket2/opencms/hu/buy?page=1&edid=594BB2EC-0131-3CF2-28F5-D32596AEC319 HTTP/1.1" 200 102585
20.171.206.19 - - [03/Nov/2024:05:03:23 +0100] "GET /ticket2/opencms/sv/sport/fotbollsbiljetter/premier_league/london/ HTTP/1.1" 200 83839
217.113.194.212 - - [03/Nov/2024:05:03:25 +0100] "GET /ticket2/opencms/no/buy/?page=1&edid=1C663B38-AAE8-15E5-78AB-F7247D2C67D4 HTTP/1.1" 200 123585
157.90.209.79 - - [03/Nov/2024:05:03:25 +0100] "GET /ticket2/opencms/hu/buy?page=1&edid=5CB80305-FAB3-0B17-6A63-E12060ABE282 HTTP/1.1" 200 125032
51.38.181.206 - - [03/Nov/2024:05:03:26 +0100] "GET /ticket2/opencms/se/sv/sell/?edid=E9E2EF64-D379-DD67-D513-D0AD1E29ED2D HTTP/1.1" 404 -
20.171.206.19 - - [03/Nov/2024:05:03:29 +0100] "GET /ticket2/opencms/sv/sport/fotbollsbiljetter/ HTTP/1.1" 200 87663
51.38.181.206 - - [03/Nov/2024:05:03:32 +0100] "GET /ticket2/opencms/se/sv/sell/?edid=EA0BB108-1C0E-CBF5-8F96-A048E809CFD0 HTTP/1.1" 404 -
217.113.194.217 - - [03/Nov/2024:05:03:33 +0100] "GET /ticket2/opencms/no/buy/?page=1&edid=1C4D0063-1C0C-2AAD-17F9-0EF25E36554C HTTP/1.1" 200 101415
20.171.206.19 - - [03/Nov/2024:05:03:33 +0100] "GET /ticket2/opencms/sv/ask-form.html HTTP/1.1" 200 2950
157.90.209.79 - - [03/Nov/2024:05:03:35 +0100] "GET /ticket2/opencms/hu/buy?page=1&edid=5CBB442D-D365-7F4F-B999-AA88D946C632 HTTP/1.1" 200 131154
20.171.206.19 - - [03/Nov/2024:05:03:35 +0100] "GET /ticket2/opencms/sv/sport/fotbollsbiljetter/la_liga/real_madrid/ HTTP/1.1" 200 95524
157.90.209.79 - - [03/Nov/2024:05:03:36 +0100] "GET /ticket2/opencms/hu/buy?page=1&edid=5FB57C24-AD1D-5266-EC3B-AFBF6FBAF1AC HTTP/1.1" 200 102501
157.90.209.79 - - [03/Nov/2024:05:03:38 +0100] "GET /ticket2/opencms/hu/buy?page=1&edid=65C03F06-B4E6-0D65-D535-E007A0321D02 HTTP/1.1" 200 114126
51.38.181.206 - - [03/Nov/2024:05:03:39 +0100] "GET /ticket2/opencms/se/sv/sell/?edid=EA32B580-D146-0295-C525-A28B275AB4E5 HTTP/1.1" 404 -
185.191.171.1 - - [03/Nov/2024:05:03:40 +0100] "GET /ticket2/opencms/hr/buy_safety/ HTTP/1.1" 200 80932
157.90.209.79 - - [03/Nov/2024:05:03:41 +0100] "GET /ticket2/opencms/hu/buy?page=1&edid=66C22035-E7EA-E10A-4BFC-2C30733037DC HTTP/1.1" 200 126435
217.113.194.219 - - [03/Nov/2024:05:03:42 +0100] "GET /ticket2/opencms/no/buy/?page=1&edid=069EC406-6DFD-08ED-B6CC-A7E203415919 HTTP/1.1" 200 129617
157.90.209.79 - - [03/Nov/2024:05:03:43 +0100] "GET /ticket2/opencms/hu/buy?page=1&edid=6A920F16-DD42-2262-3AA2-B83D5743F13A HTTP/1.1" 200 130369
124.243.182.249 - - [03/Nov/2024:05:03:45 +0100] "GET /ticket2/opencms/en/buy?edid=41CD7066-237A-B852-387D-3D5D7B688DF9&page=1 HTTP/1.1" 200 128366
51.38.181.206 - - [03/Nov/2024:05:03:45 +0100] "GET /ticket2/opencms/se/sv/sell/?edid=EB905FAD-3745-982C-FD14-5842038373B6 HTTP/1.1" 404 -
157.90.209.79 - - [03/Nov/2024:05:03:45 +0100] "GET /ticket2/opencms/hu/buy?page=1&edid=6C755BD2-3E40-1F18-AF57-4283F42FB67F HTTP/1.1" 200 101837
157.90.209.79 - - [03/Nov/2024:05:03:47 +0100] "GET /ticket2/opencms/hu/buy?page=1&edid=6C967880-E08B-3121-25D0-F145A5542A49 HTTP/1.1" 200 117404
157.90.209.79 - - [03/Nov/2024:05:03:49 +0100] "GET /ticket2/opencms/hu/buy?page=1&edid=719E6B6D-707F-E825-E3AA-0E552980E1EB HTTP/1.1" 200 114340
217.113.194.218 - - [03/Nov/2024:05:03:50 +0100] "GET /ticket2/opencms/no/buy/?page=1&edid=086BA2B6-5EB1-8C88-E566-0CC26434281F HTTP/1.1" 200 101420
51.38.181.206 - - [03/Nov/2024:05:03:53 +0100] "GET /ticket2/opencms/se/sv/sell/?edid=EC1CEE7F-0D0E-364E-1B36-05B890BB56A8 HTTP/1.1" 404 -
47.128.122.38 - - [03/Nov/2024:05:03:53 +0100] "GET /ticket2/opencms/tr/spor/futbol-biletleri/la-liga/real-sociedad HTTP/1.1" 404 -
157.90.209.79 - - [03/Nov/2024:05:03:54 +0100] "GET /ticket2/opencms/hu/buy?page=1&edid=71A5516F-6BB3-FB63-461B-A9493E3B32DA HTTP/1.1" 200 114340
157.90.209.79 - - [03/Nov/2024:05:03:57 +0100] "GET /ticket2/opencms/hu/buy?page=1&edid=71D4E1BC-3E8B-FCA3-2D7E-6A2406C27FA6 HTTP/1.1" 200 102068
20.171.206.19 - - [03/Nov/2024:05:03:59 +0100] "GET /ticket2/opencms/sv HTTP/1.1" 200 96367
217.113.194.215 - - [03/Nov/2024:05:03:59 +0100] "GET /ticket2/opencms/no/buy/?page=1&edid=096598FE-DA35-4351-DFEE-DC9ACA0F0EF9 HTTP/1.1" 200 124702
157.90.209.79 - - [03/Nov/2024:05:04:00 +0100] "GET /ticket2/opencms/hu/buy?page=1&edid=71FF0DDB-994C-2EA5-7C18-3DECE9AE5101 HTTP/1.1" 200 128316
47.128.55.238 - - [03/Nov/2024:05:04:00 +0100] "GET /ticket2/opencms/sr/buy/?edid=4EFD7CD3-3CCD-738E-DDE8-5250B4FC1DE6 HTTP/1.1" 200 81862
20.171.206.2 - - [03/Nov/2024:05:04:01 +0100] "GET /ticket2/opencms/robots.txt HTTP/1.1" 200 773
47.128.115.64 - - [03/Nov/2024:05:04:02 +0100] "GET /ticket2/opencms/sv/about/contact/ HTTP/1.1" 200 80472
157.90.209.79 - - [03/Nov/2024:05:04:02 +0100] "GET /ticket2/opencms/hu/buy?page=1&edid=72113169-CE1D-B963-8867-381A95276A39 HTTP/1.1" 200 135214
47.128.115.64 - - [03/Nov/2024:05:04:03 +0100] "GET /ticket2/opencms/system/modules/com.gridnine.opencms.ticketbrokerage.site/resources/css/images/event-banner.png HTTP/1.1" 404 -
47.128.115.64 - - [03/Nov/2024:05:04:03 +0100] "GET /ticket2/opencms/system/modules/com.gridnine.opencms.ticketbrokerage.site/resources/pics/banners/Kontakta_oss.jpg HTTP/1.1" 200 23247
20.171.206.19 - - [03/Nov/2024:05:04:04 +0100] "GET /ticket2/opencms/sv/sport/fotbollsbiljetter/uefa-champions-league/ HTTP/1.1" 200 85490
114.119.129.189 - - [03/Nov/2024:05:04:05 +0100] "GET /ticket2/opencms/en/venue/?countryid=8C7CF186-03F6-C097-A350-C9F7394E9D8F HTTP/1.1" 200 106389
51.38.181.206 - - [03/Nov/2024:05:04:07 +0100] "GET /ticket2/opencms/se/sv/sell/?edid=ED0B0AFE-E29E-359A-1516-7F5D86EFE840 HTTP/1.1" 404 -
85.208.96.200 - - [03/Nov/2024:05:04:07 +0100] "GET /ticket2/opencms/sr/ HTTP/1.1" 200 97968
157.90.209.79 - - [03/Nov/2024:05:04:08 +0100] "GET /ticket2/opencms/hu/buy?page=1&edid=729B4624-40AD-E7A7-F9BA-94230F6FDC91 HTTP/1.1" 200 131150
217.113.194.218 - - [03/Nov/2024:05:04:08 +0100] "GET /ticket2/opencms/no/buy/?page=1&edid=02717DFD-516F-F288-43FD-93598E319E97 HTTP/1.1" 200 98163
157.90.209.79 - - [03/Nov/2024:05:04:11 +0100] "GET /ticket2/opencms/hu/buy?page=1&edid=750C6040-29F7-425D-A24F-51B977F415A3 HTTP/1.1" 200 126303
157.90.209.79 - - [03/Nov/2024:05:04:13 +0100] "GET /ticket2/opencms/hu/buy?page=1&edid=78DAC12B-37C2-8767-69E1-3ACF75009F29 HTTP/1.1" 200 117395
51.38.181.206 - - [03/Nov/2024:05:04:15 +0100] "GET /ticket2/opencms/se/sv/sell/?edid=EE417B89-64C4-7CA0-5804-69CEB33A53C3 HTTP/1.1" 404 -
217.113.194.219 - - [03/Nov/2024:05:04:16 +0100] "GET /ticket2/opencms/no/buy/?page=1&edid=87B4B119-9DCA-AA29-817A-5FE0438EB9E5 HTTP/1.1" 200 98143
157.90.209.79 - - [03/Nov/2024:05:04:19 +0100] "GET /ticket2/opencms/hu/buy?page=1&edid=791FDD0E-A228-3CC2-8AB8-5B3518CB8D31 HTTP/1.1" 200 117397
40.77.167.42 - - [03/Nov/2024:05:04:21 +0100] "GET /ticket2/opencms/fi/sell/?edid=2FC0C730-CDF2-92B9-F11A-5B4B69410553 HTTP/1.1" 302 -
157.90.209.79 - - [03/Nov/2024:05:04:21 +0100] "GET /ticket2/opencms/hu/buy?page=1&edid=7B357C96-D15A-7330-3CD7-9115EBD86CB2 HTTP/1.1" 200 124413
185.191.171.14 - - [03/Nov/2024:05:04:23 +0100] "GET /ticket2/opencms/sv/sport/fotbollsbiljetter/serie_a/roma/ HTTP/1.1" 200 87413
85.208.96.200 - - [03/Nov/2024:05:04:23 +0100] "GET /ticket2/opencms/fi/urheilu/tennis/ HTTP/1.1" 200 81066
157.90.209.79 - - [03/Nov/2024:05:04:25 +0100] "GET /ticket2/opencms/hu/buy?page=1&edid=7C16C78F-F9EE-B2A9-0C9E-990B916B48DD HTTP/1.1" 200 126570
217.113.194.213 - - [03/Nov/2024:05:04:25 +0100] "GET /ticket2/opencms/no/buy/?page=1&edid=224E301E-62C2-7FAB-1E09-EB70E2A87B16 HTTP/1.1" 200 98147
185.191.171.14 - - [03/Nov/2024:05:04:25 +0100] "GET /ticket2/opencms/it/login/?url=%25252Fit%25252Fsell%25252F HTTP/1.1" 200 83113
51.38.181.206 - - [03/Nov/2024:05:04:26 +0100] "GET /ticket2/opencms/se/sv/sell/?edid=EFDB06D7-2C74-FECB-EDDF-C256DF642DF7 HTTP/1.1" 404 -
20.171.206.87 - - [03/Nov/2024:05:04:26 +0100] "GET /ticket2/opencms/sv/sport/fotbollsbiljetter/fa_cup/ HTTP/1.1" 200 80700
20.171.206.87 - - [03/Nov/2024:05:04:29 +0100] "GET /ticket2/opencms/sv/sport/fotbollsbiljetter/la_liga/barcelona/ HTTP/1.1" 200 96555
40.77.167.42 - - [03/Nov/2024:05:04:29 +0100] "GET /ticket2/opencms/fi/login/?url=/fi/sell/ HTTP/1.1" 200 83598
20.171.206.87 - - [03/Nov/2024:05:04:31 +0100] "GET /ticket2/opencms/sv/sport/fotbollsbiljetter/ligue_1/ HTTP/1.1" 200 80886
157.90.209.79 - - [03/Nov/2024:05:04:32 +0100] "GET /ticket2/opencms/hu/buy?page=1&edid=7D0034DE-60A0-B971-BE37-13F34A8B84FE HTTP/1.1" 200 124836
217.113.194.218 - - [03/Nov/2024:05:04:33 +0100] "GET /ticket2/opencms/no/buy/?page=1&edid=3BF84162-7DAE-562C-A4D1-16310EB68CA0 HTTP/1.1" 200 101849
20.171.206.87 - - [03/Nov/2024:05:04:34 +0100] "GET /ticket2/opencms/sv/sport/fotbollsbiljetter/premier_league/chelsea/ HTTP/1.1" 200 96156
157.90.209.79 - - [03/Nov/2024:05:04:35 +0100] "GET /ticket2/opencms/hu/buy?page=1&edid=7D35F583-5000-190C-B2DC-8632905AF321 HTTP/1.1" 200 117396
20.171.206.87 - - [03/Nov/2024:05:04:36 +0100] "GET /ticket2/opencms/sv/sport/fotbollsbiljetter/premier_league/liverpool/ HTTP/1.1" 200 96672
157.90.209.79 - - [03/Nov/2024:05:04:37 +0100] "GET /ticket2/opencms/hu/buy?page=1&edid=7DA6AFD0-1F4E-627C-789E-E465BB16D2D7 HTTP/1.1" 200 111379
185.191.171.7 - - [03/Nov/2024:05:04:38 +0100] "GET /ticket2/opencms/dk/sport/fodboldbilletter/premier-league/manchester-united/ HTTP/1.1" 200 96581
20.171.206.87 - - [03/Nov/2024:05:04:38 +0100] "GET /ticket2/opencms/sv/faq HTTP/1.1" 200 84356
157.90.209.79 - - [03/Nov/2024:05:04:40 +0100] "GET /ticket2/opencms/hu/buy?page=1&edid=7F2B1FEA-20FE-7448-32AC-111154CA401B HTTP/1.1" 200 126425
185.191.171.17 - - [03/Nov/2024:05:04:41 +0100] "GET /ticket2/opencms/hu/faq/ HTTP/1.1" 200 82149
217.113.194.214 - - [03/Nov/2024:05:04:42 +0100] "GET /ticket2/opencms/no/buy/?page=1&edid=7E653C31-A788-6271-D9AA-FE8367BFE104 HTTP/1.1" 200 101400
157.90.209.79 - - [03/Nov/2024:05:04:45 +0100] "GET /ticket2/opencms/hu/buy?page=1&edid=8085E80D-BC8F-CDCF-7CC8-2F497FE082D3 HTTP/1.1" 200 126569
157.90.209.79 - - [03/Nov/2024:05:04:47 +0100] "GET /ticket2/opencms/hu/buy?page=1&edid=84A5FE5E-FE66-D83A-8A7D-B9483A93F0F3 HTTP/1.1" 200 132126
157.90.209.79 - - [03/Nov/2024:05:04:49 +0100] "GET /ticket2/opencms/hu/buy?page=1&edid=85FEE197-56BE-9C34-A3B3-D08AF509D2AB HTTP/1.1" 200 124880
217.113.194.213 - - [03/Nov/2024:05:04:50 +0100] "GET /ticket2/opencms/no/buy/?page=1&edid=6AEAF6C2-C57A-0447-5B0A-20959D8DCFDD HTTP/1.1" 200 101174
185.191.171.15 - - [03/Nov/2024:05:04:51 +0100] "GET /ticket2/opencms/sv/magazine/article?title=crystal-palace HTTP/1.1" 200 78178
157.90.209.79 - - [03/Nov/2024:05:04:52 +0100] "GET /ticket2/opencms/hu/buy?page=1&edid=86A7D428-8E42-C0D0-846E-90C83426D4AE HTTP/1.1" 200 114122
47.128.114.2 - - [03/Nov/2024:05:04:53 +0100] "GET /ticket2/opencms/sk/buy/?catid=FF8D7FE7-4B09-7305-01C7-2D47F7913EB8&comcatid=A17713B6-D984-201A-4143-ED4DB5ED5C2E HTTP/1.1" 200 93830
157.90.209.79 - - [03/Nov/2024:05:04:57 +0100] "GET /ticket2/opencms/hu/buy?page=1&edid=8A15C340-B6C2-2F43-473C-6069B2AC1544 HTTP/1.1" 200 126491
217.113.194.212 - - [03/Nov/2024:05:04:58 +0100] "GET /ticket2/opencms/no/buy/?comcatid=97ECA65A-72DA-F9AF-9DBB-245D3CFED1BE HTTP/1.1" 200 86358
157.90.209.79 - - [03/Nov/2024:05:04:59 +0100] "GET /ticket2/opencms/hu/buy?page=1&edid=8E8E9404-172C-6C57-7F68-EAFC3F95D1AC HTTP/1.1" 200 126431
157.90.209.79 - - [03/Nov/2024:05:05:01 +0100] "GET /ticket2/opencms/hu/buy?page=1&edid=8EF7EC9D-9BC8-1DEC-C27C-0541D5C5F471 HTTP/1.1" 200 117400
20.171.206.87 - - [03/Nov/2024:05:05:04 +0100] "GET /ticket2/opencms/sv/sport/fotbollsbiljetter/premier_league/arsenal/ HTTP/1.1" 200 97983
209.85.238.42 - - [03/Nov/2024:05:05:04 +0100] "GET /ticket2/opencms/sv/buy_safety/ HTTP/1.1" 200 83146
20.171.206.87 - - [03/Nov/2024:05:05:04 +0100] "GET /ticket2/opencms/sv/login HTTP/1.1" 200 82693
157.90.209.79 - - [03/Nov/2024:05:05:05 +0100] "GET /ticket2/opencms/hu/buy?page=1&edid=8F340A1C-D664-7FDD-8257-FE31525DAB7C HTTP/1.1" 200 126295
20.171.206.87 - - [03/Nov/2024:05:05:07 +0100] "GET /ticket2/opencms/sv/sport/fotbollsbiljetter/premier_league/west_ham_united/ HTTP/1.1" 200 95938
217.113.194.221 - - [03/Nov/2024:05:05:07 +0100] "GET /ticket2/opencms/hr/buy?page=1&edid=6DAF9AA5-10E5-2BC4-F656-329799DE3F62 HTTP/1.1" 200 101857
85.208.96.210 - - [03/Nov/2024:05:05:08 +0100] "GET /ticket2/opencms/el/about/contact/ HTTP/1.1" 200 78566
20.171.206.220 - - [03/Nov/2024:05:05:09 +0100] "GET /ticket2/opencms/sv/search.html HTTP/1.1" 200 95768
157.90.209.79 - - [03/Nov/2024:05:05:09 +0100] "GET /ticket2/opencms/hu/buy?page=1&edid=90D99CFD-1C4D-3E3E-708D-4C9851B5EDBE HTTP/1.1" 200 111366
52.167.144.156 - - [03/Nov/2024:05:05:10 +0100] "GET /ticket2/opencms/lt/about/contact HTTP/1.1" 200 77840
20.171.206.220 - - [03/Nov/2024:05:05:10 +0100] "GET /ticket2/opencms/sv/sport/fotbollsbiljetter/ligue_1/paris_saint_germain/ HTTP/1.1" 200 87126
157.90.209.79 - - [03/Nov/2024:05:05:12 +0100] "GET /ticket2/opencms/hu/buy?page=1&edid=9298EE47-1A7F-20BC-182D-AD5062126FDE HTTP/1.1" 200 101825
157.90.209.79 - - [03/Nov/2024:05:05:15 +0100] "GET /ticket2/opencms/hu/buy?page=1&edid=92DF4928-935F-6F67-3394-E1ED2A861E35 HTTP/1.1" 200 126171
217.113.194.221 - - [03/Nov/2024:05:05:15 +0100] "GET /ticket2/opencms/hr/buy?page=1&edid=53C1FCAB-7989-5EF8-3F19-6DBACF1FA24F HTTP/1.1" 200 98537
47.128.57.190 - - [03/Nov/2024:05:05:17 +0100] "GET /ticket2/opencms/en/sell/?edid=73A88563-7759-0E47-FDEF-C8A00CE04F94 HTTP/1.1" 302 -
157.90.209.79 - - [03/Nov/2024:05:05:17 +0100] "GET /ticket2/opencms/hu/buy?page=1&edid=95423F1B-D1AB-68DD-A58C-5DE97CA2D553 HTTP/1.1" 200 124830
47.128.57.190 - - [03/Nov/2024:05:05:18 +0100] "GET /ticket2/opencms/en/login/?url=/en/sell/ HTTP/1.1" 200 81870
157.90.209.79 - - [03/Nov/2024:05:05:19 +0100] "GET /ticket2/opencms/hu/buy?page=1&edid=96FDAACF-AA50-D065-EBF8-EE262287E6CE HTTP/1.1" 200 98741
85.208.96.197 - - [03/Nov/2024:05:05:21 +0100] "GET /ticket2/opencms/is/about/press/ HTTP/1.1" 200 80323
114.119.134.48 - - [03/Nov/2024:05:05:22 +0100] "GET /ticket2/opencms/en/venue/?countryid=8FA673E2-F13B-75C4-56CD-A4B786B7BC94 HTTP/1.1" 200 106389
157.90.209.79 - - [03/Nov/2024:05:05:22 +0100] "GET /ticket2/opencms/hu/buy?page=1&edid=979A80EE-C0D2-57E0-C882-1064B868BC30 HTTP/1.1" 200 117394
217.113.194.216 - - [03/Nov/2024:05:05:24 +0100] "GET /ticket2/opencms/hr/buy?page=1&edid=61FF73BA-4F7D-F27D-1D01-810C2448687E HTTP/1.1" 200 101780
52.167.144.209 - - [03/Nov/2024:05:05:25 +0100] "GET /ticket2/opencms/en/ HTTP/1.1" 200 95593
85.208.96.204 - - [03/Nov/2024:05:05:25 +0100] "GET /ticket2/opencms/de/sv/buying_tickets HTTP/1.1" 404 -
157.90.209.79 - - [03/Nov/2024:05:05:28 +0100] "GET /ticket2/opencms/hu/buy?page=1&edid=99C77A16-8AF9-4675-97DE-42A41C4ECB4F HTTP/1.1" 200 130371
20.171.206.220 - - [03/Nov/2024:05:05:32 +0100] "GET /ticket2/opencms/sv/sport/fotbollsbiljetter/bundesliga/ HTTP/1.1" 200 90023
157.90.209.79 - - [03/Nov/2024:05:05:32 +0100] "GET /ticket2/opencms/hu/buy?page=1&edid=A2A4078E-C8E8-C113-199B-69C1FEB231B0 HTTP/1.1" 200 125930
217.113.194.213 - - [03/Nov/2024:05:05:33 +0100] "GET /ticket2/opencms/hr/buy?page=1&edid=243EB3E1-5742-2E61-6FE1-9C31B1193B60 HTTP/1.1" 200 101782
157.90.209.79 - - [03/Nov/2024:05:05:35 +0100] "GET /ticket2/opencms/hu/buy?page=1&edid=A50C9DBA-FE79-ABA2-A67C-ED9083C7A802 HTTP/1.1" 200 111374
157.90.209.79 - - [03/Nov/2024:05:05:37 +0100] "GET /ticket2/opencms/hu/buy?page=1&edid=A9801416-AE3B-7D1A-1B34-1269835EE309 HTTP/1.1" 200 124832
85.208.96.208 - - [03/Nov/2024:05:05:39 +0100] "GET /ticket2/opencms/no/search.html HTTP/1.1" 200 96239
147.185.133.243 - - [03/Nov/2024:05:05:40 +0100] "GET /ticket2/opencms/de/ HTTP/1.1" 200 96639
157.90.209.79 - - [03/Nov/2024:05:05:41 +0100] "GET /ticket2/opencms/hu/buy?page=1&edid=AD14D102-9A59-3E48-721F-B8412449464B HTTP/1.1" 200 100973
217.113.194.216 - - [03/Nov/2024:05:05:42 +0100] "GET /ticket2/opencms/hr/buy?page=1&edid=E085F9FD-8197-A098-B130-78C63500F473 HTTP/1.1" 200 101797
40.77.167.44 - - [03/Nov/2024:05:05:43 +0100] "GET /ticket2/opencms/et/login/?url=/et/sell/ HTTP/1.1" 200 83267
47.128.32.90 - - [03/Nov/2024:05:05:45 +0100] "GET /ticket2/opencms/az/buy/?catid=3B549160-8B9C-E872-44A9-20FEA86B30E8&comcatid=A17713B6-D984-201A-4143-ED4DB5ED5C2E HTTP/1.1" 200 93869
157.90.209.79 - - [03/Nov/2024:05:05:46 +0100] "GET /ticket2/opencms/hu/buy?page=1&edid=B089B4B8-933D-AB70-BE65-2A133877E5AC HTTP/1.1" 200 126427
157.90.209.79 - - [03/Nov/2024:05:05:48 +0100] "GET /ticket2/opencms/hu/buy?page=1&edid=B5480FEC-C7FC-18FB-0EEB-9717E2722B5A HTTP/1.1" 200 111364
85.208.96.196 - - [03/Nov/2024:05:05:48 +0100] "GET /ticket2/opencms/no/sport/fotballsbilletter/bundesliga/frankfurt/ HTTP/1.1" 200 94604
77.16.69.89 - - [03/Nov/2024:05:05:48 +0100] "GET /ticket2/opencms/ HTTP/1.1" 302 -
157.90.209.79 - - [03/Nov/2024:05:05:50 +0100] "GET /ticket2/opencms/hu/buy?page=1&edid=B6B8349F-A5AA-C742-11D5-2D7AB719C807 HTTP/1.1" 200 124829
77.16.69.89 - - [03/Nov/2024:05:05:50 +0100] "GET /ticket2/opencms/no/ HTTP/1.1" 200 96953
217.113.194.219 - - [03/Nov/2024:05:05:50 +0100] "GET /ticket2/opencms/hr/buy?page=1&edid=FA6F95C7-9080-870C-723D-76629BBF54DD HTTP/1.1" 200 101973
77.16.69.89 - - [03/Nov/2024:05:05:50 +0100] "GET /ticket2/opencms/ HTTP/1.1" 302 -
77.16.69.89 - - [03/Nov/2024:05:05:51 +0100] "GET /ticket2/opencms/no/ HTTP/1.1" 200 96953
77.16.69.89 - - [03/Nov/2024:05:05:51 +0100] "GET /ticket2/opencms/system/modules/com.gridnine.opencms.ticketbrokerage.site/resources/js/calendar.js HTTP/1.1" 200 49229
77.16.69.89 - - [03/Nov/2024:05:05:51 +0100] "GET /ticket2/opencms/system/modules/com.gridnine.opencms.ticketbrokerage.site/resources/js/stickyfill.min.js HTTP/1.1" 304 -
77.16.69.89 - - [03/Nov/2024:05:05:51 +0100] "GET /ticket2/opencms/system/modules/com.gridnine.opencms.ticketbrokerage.site/resources/css/ticketbrokerage.css HTTP/1.1" 200 39339
77.16.69.89 - - [03/Nov/2024:05:05:51 +0100] "GET /ticket2/opencms/system/modules/com.gridnine.opencms.ticketbrokerage.site/resources/js/standard.js HTTP/1.1" 200 3978
77.16.69.89 - - [03/Nov/2024:05:05:51 +0100] "GET /ticket2/opencms/system/modules/com.gridnine.opencms.ticketbrokerage.site/resources/css/calendar.css HTTP/1.1" 200 6871
77.16.69.89 - - [03/Nov/2024:05:05:51 +0100] "GET /ticket2/opencms/system/modules/com.gridnine.opencms.ticketbrokerage.site/resources/css/standard.css HTTP/1.1" 200 73073
77.16.69.89 - - [03/Nov/2024:05:05:51 +0100] "GET /ticket2/opencms/system/modules/com.gridnine.opencms.ticketbrokerage.site/resources/js/jquery/jquery.js HTTP/1.1" 304 -
77.16.69.89 - - [03/Nov/2024:05:05:51 +0100] "GET /ticket2/opencms/system/modules/com.gridnine.opencms.ticketbrokerage.site/resources/css/jquery-ui.css HTTP/1.1" 304 -
77.16.69.89 - - [03/Nov/2024:05:05:51 +0100] "GET /ticket2/opencms/system/modules/com.gridnine.opencms.ticketbrokerage.site/resources/js/functions.js HTTP/1.1" 200 1583
77.16.69.89 - - [03/Nov/2024:05:05:51 +0100] "GET /ticket2/opencms/system/modules/com.gridnine.opencms.ticketbrokerage.site/resources/css/jquery.fancybox.css HTTP/1.1" 200 4939
77.16.69.89 - - [03/Nov/2024:05:05:51 +0100] "GET /ticket2/opencms/system/modules/com.gridnine.opencms.ticketbrokerage.site/resources/js/jquery/jquery-ui.js HTTP/1.1" 200 228088
77.16.69.89 - - [03/Nov/2024:05:05:51 +0100] "GET /ticket2/opencms/system/modules/com.gridnine.opencms.ticketbrokerage.site/resources/js/calendar-en.js HTTP/1.1" 200 3338
77.16.69.89 - - [03/Nov/2024:05:05:51 +0100] "GET /ticket2/opencms/system/modules/com.gridnine.opencms.ticketbrokerage.site/resources/js/jquery.fancybox.pack.js HTTP/1.1" 200 23187
77.16.69.89 - - [03/Nov/2024:05:05:51 +0100] "GET /ticket2/opencms/system/modules/com.gridnine.opencms.ticketbrokerage.site/resources/js/calendar-setup.js HTTP/1.1" 200 4923
77.16.69.89 - - [03/Nov/2024:05:05:51 +0100] "GET /ticket2/opencms/system/modules/com.gridnine.opencms.ticketbrokerage.site/resources/js/jquery.placeholder.min.js HTTP/1.1" 304 -
77.16.69.89 - - [03/Nov/2024:05:05:51 +0100] "GET /ticket2/opencms/system/modules/com.gridnine.opencms.ticketbrokerage.site/resources/js/common-ajax.js HTTP/1.1" 200 20175
77.16.69.89 - - [03/Nov/2024:05:05:51 +0100] "GET /ticket2/opencms/system/modules/com.gridnine.opencms.ticketbrokerage.site/resources/pics/logo-new.png HTTP/1.1" 304 -
77.16.69.89 - - [03/Nov/2024:05:05:51 +0100] "GET /ticket2/opencms/system/modules/com.gridnine.opencms.ticketbrokerage.site/resources/pics/footer-img.jpg HTTP/1.1" 304 -
77.16.69.89 - - [03/Nov/2024:05:05:51 +0100] "GET /ticket2/opencms/img/insta.png HTTP/1.1" 304 -
77.16.69.89 - - [03/Nov/2024:05:05:51 +0100] "GET /ticket2/opencms/img/check.png HTTP/1.1" 304 -
77.16.69.89 - - [03/Nov/2024:05:05:51 +0100] "GET /ticket2/opencms/img/mail.png HTTP/1.1" 304 -
77.16.69.89 - - [03/Nov/2024:05:05:51 +0100] "GET /ticket2/opencms/img/arrow.png HTTP/1.1" 304 -
77.16.69.89 - - [03/Nov/2024:05:05:51 +0100] "GET /ticket2/opencms/img/chat.png HTTP/1.1" 304 -
77.16.69.89 - - [03/Nov/2024:05:05:51 +0100] "GET /ticket2/opencms/img/icons/en.png HTTP/1.1" 200 2415
77.16.69.89 - - [03/Nov/2024:05:05:51 +0100] "GET /ticket2/opencms/img/fb.png HTTP/1.1" 200 1269
77.16.69.89 - - [03/Nov/2024:05:05:51 +0100] "GET /ticket2/opencms/img/icons/globe-white.png HTTP/1.1" 200 947
77.16.69.89 - - [03/Nov/2024:05:05:51 +0100] "GET /ticket2/opencms/img/icons/se.png HTTP/1.1" 200 1258
77.16.69.89 - - [03/Nov/2024:05:05:51 +0100] "GET /ticket2/opencms/img/icons/nl.png HTTP/1.1" 200 1255
77.16.69.89 - - [03/Nov/2024:05:05:51 +0100] "GET /ticket2/opencms/img/icons/ka.png HTTP/1.1" 304 -
77.16.69.89 - - [03/Nov/2024:05:05:52 +0100] "GET /ticket2/opencms/img/icons/fi.png HTTP/1.1" 200 1785
77.16.69.89 - - [03/Nov/2024:05:05:52 +0100] "GET /ticket2/opencms/img/icons/se.png HTTP/1.1" 200 1258
77.16.69.89 - - [03/Nov/2024:05:05:52 +0100] "GET /ticket2/opencms/img/icons/nl.png HTTP/1.1" 200 1255
77.16.69.89 - - [03/Nov/2024:05:05:52 +0100] "GET /ticket2/opencms/img/icons/az.png HTTP/1.1" 200 1445
77.16.69.89 - - [03/Nov/2024:05:05:52 +0100] "GET /ticket2/opencms/img/banner-sa.jpeg HTTP/1.1" 304 -
77.16.69.89 - - [03/Nov/2024:05:05:52 +0100] "GET /ticket2/opencms/img/banner-pl.jpeg HTTP/1.1" 200 41818
77.16.69.89 - - [03/Nov/2024:05:05:52 +0100] "GET /ticket2/opencms/img/banner-ll.jpeg HTTP/1.1" 304 -
77.16.69.89 - - [03/Nov/2024:05:05:52 +0100] "GET /ticket2/opencms/img/icons/bg.png HTTP/1.1" 200 788
77.16.69.89 - - [03/Nov/2024:05:05:52 +0100] "GET /ticket2/opencms/img/icons/bs.png HTTP/1.1" 200 1014
77.16.69.89 - - [03/Nov/2024:05:05:52 +0100] "GET /ticket2/opencms/img/icons/ka.png HTTP/1.1" 304 -
77.16.69.89 - - [03/Nov/2024:05:05:52 +0100] "GET /ticket2/opencms/img/icons/is.png HTTP/1.1" 304 -
77.16.69.89 - - [03/Nov/2024:05:05:52 +0100] "GET /ticket2/opencms/img/icons/it.png HTTP/1.1" 304 -
77.16.69.89 - - [03/Nov/2024:05:05:52 +0100] "GET /ticket2/opencms/img/icons/lv.png HTTP/1.1" 200 716
77.16.69.89 - - [03/Nov/2024:05:05:52 +0100] "GET /ticket2/opencms/img/icons/ro.png HTTP/1.1" 304 -
77.16.69.89 - - [03/Nov/2024:05:05:52 +0100] "GET /ticket2/opencms/img/icons/mt.png HTTP/1.1" 200 920
77.16.69.89 - - [03/Nov/2024:05:05:52 +0100] "GET /ticket2/opencms/img/icons/pl.png HTTP/1.1" 304 -
77.16.69.89 - - [03/Nov/2024:05:05:52 +0100] "GET /ticket2/opencms/img/icons/uk.png HTTP/1.1" 200 1272
77.16.69.89 - - [03/Nov/2024:05:05:52 +0100] "GET /ticket2/opencms/img/icons/no.png HTTP/1.1" 304 -
77.16.69.89 - - [03/Nov/2024:05:05:52 +0100] "GET /ticket2/opencms/img/icons/dk.png HTTP/1.1" 304 -
77.16.69.89 - - [03/Nov/2024:05:05:52 +0100] "GET /ticket2/opencms/img/icons/et.png HTTP/1.1" 304 -
77.16.69.89 - - [03/Nov/2024:05:05:52 +0100] "GET /ticket2/opencms/img/icons/hu.png HTTP/1.1" 304 -
77.16.69.89 - - [03/Nov/2024:05:05:52 +0100] "GET /ticket2/opencms/img/icons/de.png HTTP/1.1" 200 1124
77.16.69.89 - - [03/Nov/2024:05:05:52 +0100] "GET /ticket2/opencms/img/icons/fr.png HTTP/1.1" 200 1764
77.16.69.89 - - [03/Nov/2024:05:05:52 +0100] "GET /ticket2/opencms/img/icons/sq.png HTTP/1.1" 200 1619
77.16.69.89 - - [03/Nov/2024:05:05:52 +0100] "GET /ticket2/opencms/img/icons/es.png HTTP/1.1" 200 1005
157.90.209.79 - - [03/Nov/2024:05:05:54 +0100] "GET /ticket2/opencms/hu/buy?page=1&edid=B8EF6180-227A-800A-63E5-9809623FC791 HTTP/1.1" 200 117405
157.90.209.79 - - [03/Nov/2024:05:05:58 +0100] "GET /ticket2/opencms/hu/buy?page=1&edid=B922C762-2087-3C97-2B1F-F0A83EAFF02E HTTP/1.1" 200 98101
20.171.206.220 - - [03/Nov/2024:05:05:58 +0100] "GET /ticket2/opencms/sv/sport/fotbollsbiljetter/premier_league/tottenham/ HTTP/1.1" 200 97501
217.113.194.215 - - [03/Nov/2024:05:05:59 +0100] "GET /ticket2/opencms/hr/buy?page=1&edid=BC277D23-30B8-D5EE-234A-A476676DA5A3 HTTP/1.1" 200 98553
157.90.209.79 - - [03/Nov/2024:05:06:01 +0100] "GET /ticket2/opencms/hu/buy?page=1&edid=B9A56D83-AD94-045F-A8C5-86B02F52A7C5 HTTP/1.1" 200 135348
20.171.206.220 - - [03/Nov/2024:05:06:01 +0100] "GET /ticket2/opencms/sv/sport/fotbollsbiljetter/serie_a/ HTTP/1.1" 200 84647
157.90.209.79 - - [03/Nov/2024:05:06:02 +0100] "GET /ticket2/opencms/hu/buy?page=1&edid=BBF51855-649C-7AAC-A9CD-362F8BD9BD25 HTTP/1.1" 200 111367
157.90.209.79 - - [03/Nov/2024:05:06:04 +0100] "GET /ticket2/opencms/hu/buy?page=1&edid=BC1AC5C2-6726-A2A1-40BE-457E680F6800 HTTP/1.1" 200 101428
157.90.209.79 - - [03/Nov/2024:05:06:06 +0100] "GET /ticket2/opencms/hu/buy?page=1&edid=BE9D8283-8353-3049-DA1C-50EC3CD6221D HTTP/1.1" 200 102098
217.113.194.213 - - [03/Nov/2024:05:06:07 +0100] "GET /ticket2/opencms/hr/buy?page=1&edid=B76AA14A-A9BE-C817-C615-7D02C02EB692 HTTP/1.1" 200 100939
157.90.209.79 - - [03/Nov/2024:05:06:08 +0100] "GET /ticket2/opencms/hu/buy?page=1&edid=BF02E8D3-250D-1BB9-F307-8D142E1902AE HTTP/1.1" 200 100974
85.208.96.206 - - [03/Nov/2024:05:06:10 +0100] "GET /ticket2/opencms/nl/sport/voetbal-tickets/serie_a/empoli/ HTTP/1.1" 200 78369
157.90.209.79 - - [03/Nov/2024:05:06:12 +0100] "GET /ticket2/opencms/hu/buy?page=1&edid=BFAFDC2C-908C-DD1E-38F3-2E405A281188 HTTP/1.1" 200 130365
157.90.209.79 - - [03/Nov/2024:05:06:14 +0100] "GET /ticket2/opencms/hu/buy?page=1&edid=C05AA481-967A-A4D1-E287-ECBF3F52D776 HTTP/1.1" 200 102126
37.123.143.11 - - [03/Nov/2024:05:06:15 +0100] "GET /ticket2/opencms/system/workplace/views/top_foot.jsp?wpFrame=foot HTTP/1.1" 200 1210
37.123.143.11 - - [03/Nov/2024:05:06:15 +0100] "GET /ticket2/opencms/system/workplace/commons/style/workplace.css HTTP/1.1" 200 14209
217.113.194.216 - - [03/Nov/2024:05:06:16 +0100] "GET /ticket2/opencms/hr/buy?page=1&edid=DD282B35-B6B7-ECA0-02E0-90864F5E2B50 HTTP/1.1" 200 101153
157.90.209.79 - - [03/Nov/2024:05:06:17 +0100] "GET /ticket2/opencms/hu/buy?page=1&edid=C15AE28C-73DB-6928-32A1-4EC14A77EEA7 HTTP/1.1" 200 124831
85.208.96.210 - - [03/Nov/2024:05:06:17 +0100] "GET /ticket2/opencms/no/sport/fotballsbilletter/ligue_1/ HTTP/1.1" 200 80859
114.119.140.111 - - [03/Nov/2024:05:06:17 +0100] "GET /ticket2/opencms/en/venue/?venueid=17E7C622-E012-3663-44A8-95BA7DB84F40 HTTP/1.1" 200 76995
47.128.58.36 - - [03/Nov/2024:05:06:19 +0100] "GET /ticket2/opencms/bg/buy/?edid=EACD81AE-0B8C-E534-1D39-A4F8A9E4D5C4 HTTP/1.1" 200 81909
157.90.209.79 - - [03/Nov/2024:05:06:19 +0100] "GET /ticket2/opencms/hu/buy?page=1&edid=C1C161ED-392A-057B-99A1-EFB930A82112 HTTP/1.1" 200 102035
157.90.209.79 - - [03/Nov/2024:05:06:21 +0100] "GET /ticket2/opencms/hu/buy?page=1&edid=C28B3B84-6A6E-6FCB-67EF-1F8424FD799A HTTP/1.1" 200 114119
20.171.206.67 - - [03/Nov/2024:05:06:24 +0100] "GET /ticket2/opencms/sv/sport/fotbollsbiljetter/eredivisie/hollandska-ligan/ HTTP/1.1" 200 83666
217.113.194.215 - - [03/Nov/2024:05:06:24 +0100] "GET /ticket2/opencms/hr/buy?page=1&edid=C8B54E4D-ACCA-9CAC-8303-90318E9CF170 HTTP/1.1" 200 101570
20.171.206.67 - - [03/Nov/2024:05:06:25 +0100] "GET /ticket2/opencms/sv/sport/fotbollsbiljetter/english-championship/ HTTP/1.1" 200 86196
157.90.209.79 - - [03/Nov/2024:05:06:25 +0100] "GET /ticket2/opencms/hu/buy?page=1&edid=C2E0FED9-872C-CDB5-EA69-F93F12F9C91F HTTP/1.1" 200 114123
85.208.96.200 - - [03/Nov/2024:05:06:25 +0100] "GET /ticket2/opencms/nl/sport/voetbal-tickets/serie_a/ HTTP/1.1" 200 82794
157.90.209.79 - - [03/Nov/2024:05:06:27 +0100] "GET /ticket2/opencms/hu/buy?page=1&edid=C3C2958F-64DF-91F9-F3D9-8F3CEBC7A797 HTTP/1.1" 200 108047
20.171.206.67 - - [03/Nov/2024:05:06:28 +0100] "GET /ticket2/opencms/sv/buy/ HTTP/1.1" 200 78699
157.90.209.79 - - [03/Nov/2024:05:06:29 +0100] "GET /ticket2/opencms/hu/buy?page=1&edid=C5541103-512C-D651-87BB-185D7BE93A66 HTTP/1.1" 200 124837
157.90.209.79 - - [03/Nov/2024:05:06:32 +0100] "GET /ticket2/opencms/hu/buy?page=1&edid=C64002B7-B7A3-A646-1770-7E79C914EDA5 HTTP/1.1" 200 130398
217.113.194.217 - - [03/Nov/2024:05:06:32 +0100] "GET /ticket2/opencms/hr/buy?page=1&edid=FF0B58BB-4754-B119-52E9-C2F4B119009E HTTP/1.1" 200 101767
85.208.96.208 - - [03/Nov/2024:05:06:32 +0100] "GET /ticket2/opencms/nl/sport/voetbal-tickets/premier_league/bournemouth/ HTTP/1.1" 200 86144
157.90.209.79 - - [03/Nov/2024:05:06:34 +0100] "GET /ticket2/opencms/hu/buy?page=1&edid=C781C90E-2A4A-BE38-23EB-6039DE2F5FA8 HTTP/1.1" 200 125928
157.90.209.79 - - [03/Nov/2024:05:06:36 +0100] "GET /ticket2/opencms/hu/buy?page=1&edid=C78E4619-1E46-CB27-6BCC-007429A12C31 HTTP/1.1" 200 135352
193.70.81.106 - - [03/Nov/2024:05:06:38 +0100] "GET /ticket2/opencms/se/robots.txt HTTP/1.1" 404 -
157.90.209.79 - - [03/Nov/2024:05:06:38 +0100] "GET /ticket2/opencms/hu/buy?page=1&edid=C9919F63-312E-C4DF-29D6-DA1CE80EC9A2 HTTP/1.1" 200 117398
47.128.58.250 - - [03/Nov/2024:05:06:39 +0100] "GET /ticket2/opencms/lv/buy?eventid=EC400621-1050-8895-DCE5-36CFFF18A035&page=11&venueid=291A0B91-B6D9-7F32-E0D0-5F6B1EDBF000 HTTP/1.1" 200 95759
66.249.65.105 - - [03/Nov/2024:05:06:40 +0100] "GET /ticket2/opencms/it/sport/biglietti-calcio/premier-league/tottenham/ HTTP/1.1" 200 97493
47.128.58.250 - - [03/Nov/2024:05:06:40 +0100] "GET /ticket2/opencms/system/modules/com.gridnine.opencms.ticketbrokerage.site/resources/pics/other_tickets.png HTTP/1.1" 200 1027
217.113.194.212 - - [03/Nov/2024:05:06:41 +0100] "GET /ticket2/opencms/hr/buy?page=1&edid=AA408C72-2073-316B-FBC7-E94200A17373 HTTP/1.1" 200 98498
157.90.209.79 - - [03/Nov/2024:05:06:42 +0100] "GET /ticket2/opencms/hu/buy?page=1&edid=CC748805-AA77-5D07-7352-96CD97D4F5AC HTTP/1.1" 200 129037
193.70.81.106 - - [03/Nov/2024:05:06:43 +0100] "GET /ticket2/opencms/se/sv/buy/?page=1&edid=C799E6C1-9FB5-137E-5D19-A5AD9D6CA02D&sortorder=asc&column=row HTTP/1.1" 404 -
157.90.209.79 - - [03/Nov/2024:05:06:47 +0100] "GET /ticket2/opencms/hu/buy?page=1&edid=D4F26649-49E7-D9AD-008F-6A1EF16B5F3C HTTP/1.1" 200 117398
193.70.81.106 - - [03/Nov/2024:05:06:48 +0100] "GET /ticket2/opencms/se/sv/buy/?page=1&edid=CADFC425-50A8-87AD-969A-CE4EDB1D09FF&sortorder=asc&column=price HTTP/1.1" 404 -
20.171.206.67 - - [03/Nov/2024:05:06:48 +0100] "GET /ticket2/opencms/sv/submitNewForm(); HTTP/1.1" 404 -
217.113.194.218 - - [03/Nov/2024:05:06:49 +0100] "GET /ticket2/opencms/hr/buy?page=1&edid=20BC4682-E2EA-6331-76C5-92E438E4C4EB HTTP/1.1" 200 98503
157.90.209.79 - - [03/Nov/2024:05:06:49 +0100] "GET /ticket2/opencms/hu/buy?page=1&edid=D82A55E9-700E-0A50-F575-755C8E3E7147 HTTP/1.1" 200 101194
66.249.65.106 - - [03/Nov/2024:05:06:50 +0100] "GET /ticket2/opencms/uk/pro-nas/ HTTP/1.1" 200 82430
20.171.206.67 - - [03/Nov/2024:05:06:50 +0100] "GET /ticket2/opencms/sv/sport/fotbollsbiljetter/premier_league/manchester_united/ HTTP/1.1" 200 97667
20.171.206.67 - - [03/Nov/2024:05:06:51 +0100] "GET /ticket2/opencms/sv/sport/fotbollsbiljetter/la_liga/ HTTP/1.1" 200 84974
157.90.209.79 - - [03/Nov/2024:05:06:51 +0100] "GET /ticket2/opencms/hu/buy?page=1&edid=DA2AFD28-6AA1-4222-20E5-CCCE4BF9B981 HTTP/1.1" 200 102509
193.70.81.106 - - [03/Nov/2024:05:06:53 +0100] "GET /ticket2/opencms/se/sv/buy/?page=1&edid=CADFC425-50A8-87AD-969A-CE4EDB1D09FF&sortorder=asc&column=row HTTP/1.1" 404 -
20.171.206.67 - - [03/Nov/2024:05:06:54 +0100] "GET /ticket2/opencms/sv/sport/fotbollsbiljetter/premier_league/ HTTP/1.1" 200 86029
85.208.96.201 - - [03/Nov/2024:05:06:54 +0100] "GET /ticket2/opencms/ro/faq/ HTTP/1.1" 200 82171
20.171.206.67 - - [03/Nov/2024:05:06:54 +0100] "GET /ticket2/opencms/bs/submitNewForm(); HTTP/1.1" 404 -
157.90.209.79 - - [03/Nov/2024:05:06:55 +0100] "GET /ticket2/opencms/hu/buy?page=1&edid=DC4F64BB-84C6-452C-2BFD-138DC45E79DD HTTP/1.1" 200 124325
157.90.209.79 - - [03/Nov/2024:05:06:57 +0100] "GET /ticket2/opencms/hu/buy?page=1&edid=DCF22239-47F2-2282-C13B-85FCE1D7C913 HTTP/1.1" 200 126568
217.113.194.221 - - [03/Nov/2024:05:06:58 +0100] "GET /ticket2/opencms/hr/buy?page=1&edid=02717DFD-516F-F288-43FD-93598E319E97 HTTP/1.1" 200 98514
40.77.167.42 - - [03/Nov/2024:05:06:58 +0100] "GET /ticket2/opencms/is/sell/ HTTP/1.1" 302 -
193.70.81.106 - - [03/Nov/2024:05:06:58 +0100] "GET /ticket2/opencms/se/sv/buy/?page=1&edid=CADFC425-50A8-87AD-969A-CE4EDB1D09FF&sortorder=asc&column=section HTTP/1.1" 404 -
157.90.209.79 - - [03/Nov/2024:05:06:59 +0100] "GET /ticket2/opencms/hu/buy?page=1&edid=DE5B6A64-DD53-E533-1C9F-682C000226C9 HTTP/1.1" 200 111368
40.77.167.42 - - [03/Nov/2024:05:07:02 +0100] "GET /ticket2/opencms/is/login/?url=/is/sell/ HTTP/1.1" 200 83304
193.70.81.106 - - [03/Nov/2024:05:07:03 +0100] "GET /ticket2/opencms/se/sv/buy/?page=1&edid=CB97ACC5-8C2F-6123-F2BA-E3A04382FA1E&sortorder=asc&column=price HTTP/1.1" 404 -
157.90.209.79 - - [03/Nov/2024:05:07:03 +0100] "GET /ticket2/opencms/hu/buy?page=1&edid=E0AF4582-F291-60D7-7793-C6DEB6EAEA8A HTTP/1.1" 200 131157
217.113.194.221 - - [03/Nov/2024:05:07:06 +0100] "GET /ticket2/opencms/hr/buy?page=1&edid=0E487947-8D2A-A553-BF9C-F44B73D05AC1 HTTP/1.1" 200 98512
157.90.209.79 - - [03/Nov/2024:05:07:07 +0100] "GET /ticket2/opencms/hu/buy?page=1&edid=E1CACBEB-5FB5-F359-D95F-1110648BB53A HTTP/1.1" 200 126571
209.85.238.41 - - [03/Nov/2024:05:07:08 +0100] "GET /ticket2/opencms/sv/selling_tickets/ HTTP/1.1" 200 78129
193.70.81.106 - - [03/Nov/2024:05:07:08 +0100] "GET /ticket2/opencms/se/sv/buy/?page=1&edid=CB97ACC5-8C2F-6123-F2BA-E3A04382FA1E&sortorder=asc&column=row HTTP/1.1" 404 -
157.90.209.79 - - [03/Nov/2024:05:07:09 +0100] "GET /ticket2/opencms/hu/buy?page=1&edid=E289F96B-BF69-A88E-30C1-E3CA6BC29D6C HTTP/1.1" 200 114117
185.191.171.9 - - [03/Nov/2024:05:07:10 +0100] "GET /ticket2/opencms/fi/urheilu/hockey/nhl/chicago_blackhawks/ HTTP/1.1" 200 81903
157.90.209.79 - - [03/Nov/2024:05:07:11 +0100] "GET /ticket2/opencms/hu/buy?page=1&edid=E4AB8B9B-D715-946F-66CB-04AA56069E4B HTTP/1.1" 200 101195
157.90.209.79 - - [03/Nov/2024:05:07:14 +0100] "GET /ticket2/opencms/hu/buy?page=1&edid=E78BA40C-2406-9134-FABA-A11F16887BBA HTTP/1.1" 200 99809
193.70.81.106 - - [03/Nov/2024:05:07:14 +0100] "GET /ticket2/opencms/se/sv/buy/?page=1&edid=CB97ACC5-8C2F-6123-F2BA-E3A04382FA1E&sortorder=asc&column=section HTTP/1.1" 404 -
217.113.194.220 - - [03/Nov/2024:05:07:15 +0100] "GET /ticket2/opencms/hr/buy?page=1&edid=32B0E66E-AA41-6185-F74C-E7405E9AF1F9 HTTP/1.1" 200 98533
157.90.209.79 - - [03/Nov/2024:05:07:16 +0100] "GET /ticket2/opencms/hu/buy?page=1&edid=E8BA54CC-B112-3D61-BE02-1B4D1E4F63D1 HTTP/1.1" 200 124321
157.90.209.79 - - [03/Nov/2024:05:07:18 +0100] "GET /ticket2/opencms/hu/buy?page=1&edid=E9F0B041-BF0A-CE11-045F-89CD49D4FA7D HTTP/1.1" 200 104792
193.70.81.106 - - [03/Nov/2024:05:07:19 +0100] "GET /ticket2/opencms/se/sv/buy/?page=1&edid=D89B3D3A-DD39-9270-8BDC-6E1BD9EC429A&sortorder=asc&column=row HTTP/1.1" 404 -
157.90.209.79 - - [03/Nov/2024:05:07:22 +0100] "GET /ticket2/opencms/hu/buy?page=1&edid=EB31C882-2BE6-C517-726C-D721EBC90088 HTTP/1.1" 200 135212
157.90.209.79 - - [03/Nov/2024:05:07:24 +0100] "GET /ticket2/opencms/hu/buy?page=1&edid=EBF1342E-BB1A-F042-231F-198A898B67BA HTTP/1.1" 200 111368
193.70.81.106 - - [03/Nov/2024:05:07:25 +0100] "GET /ticket2/opencms/se/sv/buy/?page=1&edid=D8C045E7-DE27-5265-3CED-6B7D0A1ACD90 HTTP/1.1" 404 -
157.90.209.79 - - [03/Nov/2024:05:07:26 +0100] "GET /ticket2/opencms/hu/buy?page=1&edid=EC2BC309-3510-AA04-CA0C-F3088D5C1D31 HTTP/1.1" 200 114115
157.90.209.79 - - [03/Nov/2024:05:07:28 +0100] "GET /ticket2/opencms/hu/buy?page=1&edid=EE1094B0-5F8D-7F5A-3592-6F4F9BDBF532 HTTP/1.1" 200 130366
157.90.209.79 - - [03/Nov/2024:05:07:29 +0100] "GET /ticket2/opencms/hu/buy?page=1&edid=EFCA122E-EFD5-12F8-6F83-6930A0BC1F37 HTTP/1.1" 200 114122
20.171.206.35 - - [03/Nov/2024:05:07:30 +0100] "GET /ticket2/opencms/nl/ask-form.html HTTP/1.1" 200 3015
193.70.81.106 - - [03/Nov/2024:05:07:30 +0100] "GET /ticket2/opencms/se/sv/buy/?page=1&edid=D8EA692B-687F-02F3-F633-477D649035B5&sortorder=asc&column=price HTTP/1.1" 404 -
20.171.206.35 - - [03/Nov/2024:05:07:31 +0100] "GET /ticket2/opencms/ga/submitNewForm(); HTTP/1.1" 404 -
20.171.206.35 - - [03/Nov/2024:05:07:33 +0100] "GET /ticket2/opencms/sv/sport/fotbollsbiljetter/premier_league/manchester_city HTTP/1.1" 200 97460
157.90.209.79 - - [03/Nov/2024:05:07:33 +0100] "GET /ticket2/opencms/hu/buy?page=1&edid=F096D1AD-EE12-C298-2137-D6BD382A6C8C HTTP/1.1" 200 126175
85.208.96.205 - - [03/Nov/2024:05:07:33 +0100] "GET /ticket2/opencms/de/magazine/article/ HTTP/1.1" 200 78550
20.171.206.35 - - [03/Nov/2024:05:07:34 +0100] "GET /ticket2/opencms/sq/sport/bileta-per-futboll/premier-league/manchester-city HTTP/1.1" 200 98449
157.90.209.79 - - [03/Nov/2024:05:07:35 +0100] "GET /ticket2/opencms/hu/buy?page=1&edid=F70FF3E6-2D68-06C1-2E1B-CFF8AEEA395A HTTP/1.1" 200 114119
193.70.81.106 - - [03/Nov/2024:05:07:36 +0100] "GET /ticket2/opencms/se/sv/buy/?page=1&edid=D8EA692B-687F-02F3-F633-477D649035B5&sortorder=asc&column=row HTTP/1.1" 404 -
20.171.206.35 - - [03/Nov/2024:05:07:38 +0100] "GET /ticket2/opencms/is/sport/fotbolti/premier-league/manchester-city HTTP/1.1" 200 98625
193.70.81.106 - - [03/Nov/2024:05:07:41 +0100] "GET /ticket2/opencms/se/sv/buy/?page=1&edid=D8EA692B-687F-02F3-F633-477D649035B5&sortorder=asc&column=section HTTP/1.1" 404 -
157.90.209.79 - - [03/Nov/2024:05:07:41 +0100] "GET /ticket2/opencms/hu/buy?page=1&edid=F75A8704-39CC-1233-9E9B-2121B4DFC51E HTTP/1.1" 200 128051
52.167.144.22 - - [03/Nov/2024:05:07:45 +0100] "GET /ticket2/opencms/uk/buy/?page=1&edid=25E480BD-3146-6437-2F16-290C8FABFD21 HTTP/1.1" 200 110216
157.90.209.79 - - [03/Nov/2024:05:07:45 +0100] "GET /ticket2/opencms/hu/buy?page=1&edid=F86B9858-FECA-8B69-0345-5BABEB4E1340 HTTP/1.1" 200 101069
193.70.81.106 - - [03/Nov/2024:05:07:46 +0100] "GET /ticket2/opencms/se/sv/buy/?page=1&edid=D914CE9F-2844-7C37-F09C-E06D00015A27&sortorder=asc&column=section HTTP/1.1" 404 -
157.90.209.79 - - [03/Nov/2024:05:07:48 +0100] "GET /ticket2/opencms/hu/buy?page=1&edid=F8A721FB-6959-3E3B-0E9C-2BF5336E70F2 HTTP/1.1" 200 126426
157.90.209.79 - - [03/Nov/2024:05:07:50 +0100] "GET /ticket2/opencms/hu/buy?page=1&edid=F93A2292-3F60-7656-2C0B-2AB157A0BB0B HTTP/1.1" 200 124834
157.90.209.79 - - [03/Nov/2024:05:07:51 +0100] "GET /ticket2/opencms/hu/buy?page=1&edid=FA047031-F510-E911-0280-BC3ADCB159FC HTTP/1.1" 200 111366
193.70.81.106 - - [03/Nov/2024:05:07:51 +0100] "GET /ticket2/opencms/se/sv/buy/?page=1&edid=D9590EEA-A3BA-EAE9-0517-4EA431179E08&sortorder=asc&column=section HTTP/1.1" 404 -
185.191.171.10 - - [03/Nov/2024:05:07:54 +0100] "GET /ticket2/opencms/cs/buying_tickets/ HTTP/1.1" 200 80632
47.128.122.230 - - [03/Nov/2024:05:07:55 +0100] "GET /ticket2/opencms/fi/venue/?venueid=7BD77886-EABB-0102-DEA6-90F7064F9107 HTTP/1.1" 200 78524
185.191.171.9 - - [03/Nov/2024:05:07:56 +0100] "GET /ticket2/opencms/sv/sport/fotbollsbiljetter/em_2020/gruppspel.html HTTP/1.1" 200 79094
193.70.81.106 - - [03/Nov/2024:05:07:57 +0100] "GET /ticket2/opencms/se/sv/buy/?page=1&edid=D97810FA-0BC7-9E6C-0345-CBB875AED7DB&sortorder=asc&column=price HTTP/1.1" 404 -
157.90.209.79 - - [03/Nov/2024:05:07:57 +0100] "GET /ticket2/opencms/hu/buy?page=1&edid=FB201BEF-97AC-F5AA-1C79-FCD23FE64214 HTTP/1.1" 200 102585
157.90.209.79 - - [03/Nov/2024:05:07:59 +0100] "GET /ticket2/opencms/hu/buy?page=1&edid=FC797166-D971-D25F-0FB0-A6DA82828914 HTTP/1.1" 200 114970
157.90.209.79 - - [03/Nov/2024:05:08:01 +0100] "GET /ticket2/opencms/hu/buy?page=1&edid=FDE2CB1B-737B-857F-7431-BD450E7D3BBB HTTP/1.1" 200 125459
193.70.81.106 - - [03/Nov/2024:05:08:02 +0100] "GET /ticket2/opencms/se/sv/buy/?page=1&edid=D97810FA-0BC7-9E6C-0345-CBB875AED7DB&sortorder=asc&column=row HTTP/1.1" 404 -
157.90.209.79 - - [03/Nov/2024:05:08:02 +0100] "GET /ticket2/opencms/hu/buy?page=1&edid=FEE25E36-04D3-46C8-6D56-05013D91539C HTTP/1.1" 200 98771
47.128.58.62 - - [03/Nov/2024:05:08:03 +0100] "GET /ticket2/opencms/bs/sport/fudbalske-karte/la-liga/athletic-bilbao HTTP/1.1" 200 94710
40.77.167.44 - - [03/Nov/2024:05:08:05 +0100] "GET /ticket2/opencms/bg/buy?page=1&edid=11EFBC55-130A-2310-B776-C5D86878BDAB HTTP/1.1" 200 132504
85.208.96.201 - - [03/Nov/2024:05:08:06 +0100] "GET /ticket2/opencms/sv/sport/fotbollsbiljetter/premier_league/arsenal/restips_emirates_stadium/ HTTP/1.1" 200 83137
193.70.81.106 - - [03/Nov/2024:05:08:07 +0100] "GET /ticket2/opencms/se/sv/buy/?page=1&edid=D97810FA-0BC7-9E6C-0345-CBB875AED7DB&sortorder=asc&column=section HTTP/1.1" 404 -
157.90.209.79 - - [03/Nov/2024:05:08:07 +0100] "GET /ticket2/opencms/hu/buy?page=1&edid=FF0B58BB-4754-B119-52E9-C2F4B119009E HTTP/1.1" 200 102020
185.191.171.18 - - [03/Nov/2024:05:08:07 +0100] "GET /ticket2/opencms/sv/sport/fotbollsbiljetter/la_liga/barcelona/restips_camp_nou/ HTTP/1.1" 200 83906
157.90.209.79 - - [03/Nov/2024:05:08:09 +0100] "GET /ticket2/opencms/hu/buy?page=1&edid=FF312D4E-5B6B-8FA5-BA69-635DC61A8F79 HTTP/1.1" 200 124832
193.70.81.106 - - [03/Nov/2024:05:08:12 +0100] "GET /ticket2/opencms/se/sv/buy/?page=1&edid=D982F7C7-2260-B918-A19A-9AD033AA1445&sortorder=asc&column=price HTTP/1.1" 404 -
157.90.209.79 - - [03/Nov/2024:05:08:14 +0100] "GET /ticket2/opencms/hu/buy?page=10&eventid=19AD6356-6E10-9C9F-9FF7-23862BF7038B HTTP/1.1" 200 92664
80.76.51.245 - - [03/Nov/2024:05:08:15 +0100] "GET /ip HTTP/1.1" 404 -
157.90.209.79 - - [03/Nov/2024:05:08:16 +0100] "GET /ticket2/opencms/hu/buy?page=10&eventid=1C0FC89D-D539-28E4-3F58-11BCE29E4CA8 HTTP/1.1" 200 92505
193.70.81.106 - - [03/Nov/2024:05:08:17 +0100] "GET /ticket2/opencms/se/sv/buy/?page=1&edid=D982F7C7-2260-B918-A19A-9AD033AA1445&sortorder=asc&column=row HTTP/1.1" 404 -
157.90.209.79 - - [03/Nov/2024:05:08:17 +0100] "GET /ticket2/opencms/hu/buy?page=10&eventid=29425CD0-51B2-1314-2678-3AB7A21FD119 HTTP/1.1" 200 93074
47.128.45.73 - - [03/Nov/2024:05:08:19 +0100] "GET /ticket2/opencms/fi/venue/?venueid=79ABCF29-8849-375A-51D4-EF1F6E582A69 HTTP/1.1" 200 78627
217.113.194.213 - - [03/Nov/2024:05:08:20 +0100] "GET /ticket2/opencms/bs/buy?page=1&edid=1E86F169-A318-E57C-8910-D480ADD5DC6E HTTP/1.1" 200 101639
47.128.45.73 - - [03/Nov/2024:05:08:22 +0100] "GET /ticket2/opencms/venue/mall.jpg HTTP/1.1" 200 87520
193.70.81.106 - - [03/Nov/2024:05:08:22 +0100] "GET /ticket2/opencms/se/sv/buy/?page=1&edid=D982F7C7-2260-B918-A19A-9AD033AA1445&sortorder=asc&column=section HTTP/1.1" 404 -
157.90.209.79 - - [03/Nov/2024:05:08:22 +0100] "GET /ticket2/opencms/hu/buy?page=10&eventid=8089A138-5EE7-E43F-C342-AAB9352CA1D1 HTTP/1.1" 200 91695
20.171.206.35 - - [03/Nov/2024:05:08:23 +0100] "GET /ticket2/opencms/ro/sport/bilete-fotbal/premier-league/manchester-city HTTP/1.1" 200 97929
185.191.171.14 - - [03/Nov/2024:05:08:26 +0100] "GET /ticket2/opencms/no/sport/fotballsbilletter/premier_league/burnley/ HTTP/1.1" 200 80368
193.70.81.106 - - [03/Nov/2024:05:08:27 +0100] "GET /ticket2/opencms/se/sv/buy/?page=1&edid=D982F7C7-2260-B918-A19A-9AD033AA1445&sortorder=desc&column=section HTTP/1.1" 404 -
217.113.194.214 - - [03/Nov/2024:05:08:29 +0100] "GET /ticket2/opencms/bs/buy?page=1&edid=0921968B-5C38-209B-467C-E28FB1884E06 HTTP/1.1" 200 101511
157.90.209.79 - - [03/Nov/2024:05:08:30 +0100] "GET /ticket2/opencms/hu/buy?page=10&eventid=B45AC244-DB10-0539-6625-12AA68C37378 HTTP/1.1" 200 91379
185.191.171.17 - - [03/Nov/2024:05:08:31 +0100] "GET /ticket2/opencms/dk/sport/fodboldbilletter/community_shield/ HTTP/1.1" 200 78851
157.90.209.79 - - [03/Nov/2024:05:08:32 +0100] "GET /ticket2/opencms/hu/buy?page=10&eventid=C7B8839D-D05D-58E7-D08F-88E8ADCFDD77 HTTP/1.1" 200 91526
193.70.81.106 - - [03/Nov/2024:05:08:32 +0100] "GET /ticket2/opencms/se/sv/buy/?page=1&edid=D995694D-350B-F222-F2E2-1BFF2A2E395F&sortorder=asc&column=price HTTP/1.1" 404 -
157.90.209.79 - - [03/Nov/2024:05:08:36 +0100] "GET /ticket2/opencms/hu/buy?page=10&eventid=E31CD708-FD95-F485-CDCC-6597CCC5D7AD HTTP/1.1" 200 83147
217.113.194.215 - - [03/Nov/2024:05:08:37 +0100] "GET /ticket2/opencms/bs/buy?page=1&edid=09B5FA87-5074-B88F-094F-686401BC2AC6 HTTP/1.1" 200 98483
193.70.81.106 - - [03/Nov/2024:05:08:37 +0100] "GET /ticket2/opencms/se/sv/buy/?page=1&edid=D995694D-350B-F222-F2E2-1BFF2A2E395F&sortorder=asc&column=row HTTP/1.1" 404 -
47.128.122.183 - - [03/Nov/2024:05:08:37 +0100] "GET /ticket2/opencms/ga/buy/?edid=C78E4619-1E46-CB27-6BCC-007429A12C31 HTTP/1.1" 200 81535
157.90.209.79 - - [03/Nov/2024:05:08:39 +0100] "GET /ticket2/opencms/hu/buy?page=10&eventid=FF812D0C-FCB2-7645-0CFD-1ACFB0013262 HTTP/1.1" 200 92642
157.90.209.79 - - [03/Nov/2024:05:08:41 +0100] "GET /ticket2/opencms/hu/buy?page=6&comcatid=A17713B6-D984-201A-4143-ED4DB5ED5C2E&catid=E961462E-5AC2-64D6-5850-A310C9DEAA06 HTTP/1.1" 200 94573
185.191.171.1 - - [03/Nov/2024:05:08:41 +0100] "GET /ticket2/opencms/no/sport/fotballsbilletter/serie_a/udinese/ HTTP/1.1" 200 79585
157.90.209.79 - - [03/Nov/2024:05:08:42 +0100] "GET /ticket2/opencms/hu/buy_safety/ HTTP/1.1" 200 81009
193.70.81.106 - - [03/Nov/2024:05:08:42 +0100] "GET /ticket2/opencms/se/sv/buy/?page=1&edid=D995694D-350B-F222-F2E2-1BFF2A2E395F&sortorder=asc&column=section HTTP/1.1" 404 -
47.128.122.205 - - [03/Nov/2024:05:08:43 +0100] "GET /ticket2/opencms/it/buy/?catid=06324577-7173-BAB0-146D-E644C912F7C1&comcatid=A17713B6-D984-201A-4143-ED4DB5ED5C2E HTTP/1.1" 200 243549
85.208.96.201 - - [03/Nov/2024:05:08:44 +0100] "GET /ticket2/opencms/en/sport/football-tickets/la-liga/granada/ HTTP/1.1" 200 79040
157.90.209.79 - - [03/Nov/2024:05:08:44 +0100] "GET /ticket2/opencms/hu/buying_tickets/ HTTP/1.1" 200 80660
217.113.194.218 - - [03/Nov/2024:05:08:46 +0100] "GET /ticket2/opencms/bs/buy?page=1&edid=6A97846C-6C85-821E-A23E-B1A09E022AC1 HTTP/1.1" 200 100884
157.90.209.79 - - [03/Nov/2024:05:08:46 +0100] "GET /ticket2/opencms/hu/faq/ HTTP/1.1" 200 82149
193.70.81.106 - - [03/Nov/2024:05:08:47 +0100] "GET /ticket2/opencms/se/sv/buy/?page=1&edid=D9CE0B59-251A-E38E-8401-FAA2223E06E9&sortorder=asc&column=section HTTP/1.1" 404 -
157.90.209.79 - - [03/Nov/2024:05:08:48 +0100] "GET /ticket2/opencms/hu/login/ HTTP/1.1" 200 83320
20.171.206.155 - - [03/Nov/2024:05:08:49 +0100] "GET /ticket2/opencms/uk/sport/kvytky-na-futbol/premier-league/manchester-city HTTP/1.1" 200 98734
157.90.209.79 - - [03/Nov/2024:05:08:51 +0100] "GET /ticket2/opencms/hu/selling_tickets/ HTTP/1.1" 500 -
193.70.81.106 - - [03/Nov/2024:05:08:52 +0100] "GET /ticket2/opencms/se/sv/buy/?page=1&edid=DA42B617-DB98-16F5-DB0B-42D5D0B51C05&sortorder=asc&column=price HTTP/1.1" 404 -
157.90.209.79 - - [03/Nov/2024:05:08:54 +0100] "GET /ticket2/opencms/hu/sport HTTP/1.1" 200 86827
217.113.194.214 - - [03/Nov/2024:05:08:54 +0100] "GET /ticket2/opencms/bs/buy?page=1&edid=3A110332-FE13-BFF7-BBB7-371F88615FD0 HTTP/1.1" 200 101115
190.92.215.149 - - [03/Nov/2024:05:08:55 +0100] "GET /ticket2/opencms/uk/ask-form.html HTTP/1.1" 200 3156
193.70.81.106 - - [03/Nov/2024:05:08:57 +0100] "GET /ticket2/opencms/se/sv/buy/?page=1&edid=DA42B617-DB98-16F5-DB0B-42D5D0B51C05&sortorder=asc&column=section HTTP/1.1" 404 -
157.90.209.79 - - [03/Nov/2024:05:08:58 +0100] "GET /ticket2/opencms/hu/sport/ HTTP/1.1" 200 86827
157.90.209.79 - - [03/Nov/2024:05:08:59 +0100] "GET /ticket2/opencms/hu/sport/focijegyek/ HTTP/1.1" 200 88064
157.90.209.79 - - [03/Nov/2024:05:09:01 +0100] "GET /ticket2/opencms/hu/sport/focijegyek/bundesliga/ HTTP/1.1" 200 81770
193.70.81.106 - - [03/Nov/2024:05:09:02 +0100] "GET /ticket2/opencms/se/sv/buy/?page=1&edid=DA80AC96-9D5B-51F7-D55B-EACBDC4E7995&sortorder=asc&column=price HTTP/1.1" 404 -
