157.90.209.79 - - [03/Nov/2024:05:15:21 +0100] "GET /ticket2/opencms/hy/buy?page=1&edid=8DA9D1EA-2F7E-8136-071B-749FF836435A HTTP/1.1" 404 -
114.119.148.14 - - [03/Nov/2024:05:15:22 +0100] "GET /ticket2/opencms/en/venue/?venueid=F046937B-FFC0-00AC-D134-B33C39D677F6 HTTP/1.1" 200 77025
193.70.81.106 - - [03/Nov/2024:05:15:22 +0100] "GET /ticket2/opencms/se/sv/sell/?edid=E3E4D411-7B1C-2989-5DA3-2E53F85811AA HTTP/1.1" 404 -
157.90.209.79 - - [03/Nov/2024:05:15:23 +0100] "GET /ticket2/opencms/hy/buy?page=1&edid=8DE7A210-45E0-8C09-63EA-28CBA5412C0E HTTP/1.1" 404 -
217.113.194.215 - - [03/Nov/2024:05:15:23 +0100] "GET /ticket2/opencms/mk/buy?page=1&edid=6C755BD2-3E40-1F18-AF57-4283F42FB67F HTTP/1.1" 404 -
193.70.81.106 - - [03/Nov/2024:05:15:26 +0100] "GET /ticket2/opencms/se/sv/sell/?edid=E3FD658B-5465-70E1-D919-E510680C4B1C HTTP/1.1" 404 -
157.90.209.79 - - [03/Nov/2024:05:15:27 +0100] "GET /ticket2/opencms/hy/buy?page=1&edid=8E8E9404-172C-6C57-7F68-EAFC3F95D1AC HTTP/1.1" 404 -
193.70.81.106 - - [03/Nov/2024:05:15:29 +0100] "GET /ticket2/opencms/se/sv/sell/?edid=E462A33E-CFF3-5A74-C9A7-96B6A6F1D497 HTTP/1.1" 404 -
217.113.194.221 - - [03/Nov/2024:05:15:32 +0100] "GET /ticket2/opencms/mk/buy?page=1&edid=6CBE2591-0C21-C59A-952D-56E2316290E2 HTTP/1.1" 404 -
193.70.81.106 - - [03/Nov/2024:05:15:32 +0100] "GET /ticket2/opencms/se/sv/sell/?edid=E4CFBA4F-DA55-D584-95F8-04FAB28E8F9A HTTP/1.1" 404 -
47.128.32.56 - - [03/Nov/2024:05:15:34 +0100] "GET /ticket2/opencms/ga/buy/?edid=4660DE29-C3F1-FFBE-5E6B-4C74E874EC91 HTTP/1.1" 200 81535
185.191.171.16 - - [03/Nov/2024:05:15:35 +0100] "GET /ticket2/opencms/no/sport/fotballsbilletter/carling_cup/ HTTP/1.1" 200 78563
193.70.81.106 - - [03/Nov/2024:05:15:35 +0100] "GET /ticket2/opencms/se/sv/sell/?edid=E61B3D3B-0D83-E96C-2DE4-851DA573A893 HTTP/1.1" 404 -
20.171.206.82 - - [03/Nov/2024:05:15:38 +0100] "GET /ticket2/opencms/is/buy/?page=1&edid=3583D5C7-607A-E528-A709-844E6A72DC1B HTTP/1.1" 200 131042
193.70.81.106 - - [03/Nov/2024:05:15:38 +0100] "GET /ticket2/opencms/se/sv/sell/?edid=E65ABD81-C4B0-FD4D-A6BF-45A9A7347F75 HTTP/1.1" 404 -
217.113.194.217 - - [03/Nov/2024:05:15:40 +0100] "GET /ticket2/opencms/mk/buy?page=1&edid=5E608C7A-903B-E4BB-4868-5D83917347B8 HTTP/1.1" 404 -
193.70.81.106 - - [03/Nov/2024:05:15:41 +0100] "GET /ticket2/opencms/se/sv/sell/?edid=E67DD6CD-AF7F-D6DE-87EF-529B2AEFCE16 HTTP/1.1" 404 -
193.70.81.106 - - [03/Nov/2024:05:15:45 +0100] "GET /ticket2/opencms/se/sv/sell/?edid=E6A0D150-7FB8-206E-FF7A-726E9CDFB1A5 HTTP/1.1" 404 -
193.70.81.106 - - [03/Nov/2024:05:15:48 +0100] "GET /ticket2/opencms/se/sv/sell/?edid=E71DFAD2-4674-EB79-CCBF-3AEF547F3E77 HTTP/1.1" 404 -
217.113.194.216 - - [03/Nov/2024:05:15:48 +0100] "GET /ticket2/opencms/mk/buy?page=1&edid=5C16C231-B966-190F-EDF0-005493349D4E HTTP/1.1" 404 -
193.70.81.106 - - [03/Nov/2024:05:15:51 +0100] "GET /ticket2/opencms/se/sv/sell/?edid=E8D37283-D56B-FD6C-F174-24BB3094D0C7 HTTP/1.1" 404 -
193.70.81.106 - - [03/Nov/2024:05:15:55 +0100] "GET /ticket2/opencms/se/sv/sell/?edid=E9E2EF64-D379-DD67-D513-D0AD1E29ED2D HTTP/1.1" 404 -
217.113.194.213 - - [03/Nov/2024:05:15:56 +0100] "GET /ticket2/opencms/mk/buy?page=1&edid=50688465-53DD-890A-4545-EE1F50D3F945 HTTP/1.1" 404 -
193.70.81.106 - - [03/Nov/2024:05:15:58 +0100] "GET /ticket2/opencms/se/sv/sell/?edid=EA0BB108-1C0E-CBF5-8F96-A048E809CFD0 HTTP/1.1" 404 -
47.128.125.111 - - [03/Nov/2024:05:15:59 +0100] "GET /ticket2/opencms/ro/buy?page=1&edid=6491C4B6-5C45-20F3-BDEC-54EE4BA903D5 HTTP/1.1" 200 125901
47.128.125.111 - - [03/Nov/2024:05:16:01 +0100] "GET /ticket2/opencms/system/modules/com.gridnine.opencms.ticketbrokerage.site/resources/pics/two_man.png HTTP/1.1" 200 3407
193.70.81.106 - - [03/Nov/2024:05:16:01 +0100] "GET /ticket2/opencms/se/sv/sell/?edid=EA32B580-D146-0295-C525-A28B275AB4E5 HTTP/1.1" 404 -
47.128.125.111 - - [03/Nov/2024:05:16:01 +0100] "GET /ticket2/opencms/es/ask-form.html HTTP/1.1" 200 3156
20.171.206.82 - - [03/Nov/2024:05:16:02 +0100] "GET /ticket2/opencms/is/buy/?page=1&edid=D11D82D4-28DA-1768-D317-EF521A2F97E6 HTTP/1.1" 200 131036
20.171.206.82 - - [03/Nov/2024:05:16:04 +0100] "GET /ticket2/opencms/is/buy/?page=1&edid=F1463EBE-6C18-CF49-B2AE-F79868BCA4F5 HTTP/1.1" 200 131034
217.113.194.213 - - [03/Nov/2024:05:16:04 +0100] "GET /ticket2/opencms/mk/buy?page=1&edid=12DB6E27-9631-1950-2D26-8A0266A8AC10 HTTP/1.1" 404 -
193.70.81.106 - - [03/Nov/2024:05:16:05 +0100] "GET /ticket2/opencms/se/sv/sell/?edid=EB905FAD-3745-982C-FD14-5842038373B6 HTTP/1.1" 404 -
166.108.224.173 - - [03/Nov/2024:05:16:05 +0100] "GET /ticket2/opencms/sr/sell/?edid=E071EAFD-3564-BE36-92D1-A61CC3B7631E HTTP/1.1" 302 -
193.70.81.106 - - [03/Nov/2024:05:16:08 +0100] "GET /ticket2/opencms/se/sv/sell/?edid=EC1CEE7F-0D0E-364E-1B36-05B890BB56A8 HTTP/1.1" 404 -
166.108.224.173 - - [03/Nov/2024:05:16:09 +0100] "GET /ticket2/opencms/sr/login/?url=/sr/sell/ HTTP/1.1" 200 83693
193.70.81.106 - - [03/Nov/2024:05:16:11 +0100] "GET /ticket2/opencms/se/sv/sell/?edid=EC417F9B-DD7F-7773-590C-8D387053773F HTTP/1.1" 404 -
217.113.194.220 - - [03/Nov/2024:05:16:13 +0100] "GET /ticket2/opencms/mk/buy?page=1&edid=0C675B35-F010-2227-D951-9B816929F720 HTTP/1.1" 404 -
193.70.81.106 - - [03/Nov/2024:05:16:14 +0100] "GET /ticket2/opencms/se/sv/sell/?edid=ED0B0AFE-E29E-359A-1516-7F5D86EFE840 HTTP/1.1" 404 -
37.123.143.11 - - [03/Nov/2024:05:16:15 +0100] "GET /ticket2/opencms/system/workplace/views/top_foot.jsp?wpFrame=foot HTTP/1.1" 200 1210
37.123.143.11 - - [03/Nov/2024:05:16:15 +0100] "GET /ticket2/opencms/system/workplace/commons/style/workplace.css HTTP/1.1" 200 14209
193.70.81.106 - - [03/Nov/2024:05:16:18 +0100] "GET /ticket2/opencms/se/sv/sell/?edid=EE417B89-64C4-7CA0-5804-69CEB33A53C3 HTTP/1.1" 404 -
114.119.154.81 - - [03/Nov/2024:05:16:20 +0100] "GET /ticket2/opencms/en/venue/?venueid=152137BD-51FA-C49F-6002-B503D5181B54 HTTP/1.1" 200 77079
193.70.81.106 - - [03/Nov/2024:05:16:21 +0100] "GET /ticket2/opencms/se/sv/sell/?edid=EFDB06D7-2C74-FECB-EDDF-C256DF642DF7 HTTP/1.1" 404 -
217.113.194.217 - - [03/Nov/2024:05:16:21 +0100] "GET /ticket2/opencms/mk/buy?page=1&edid=059AA6BA-F228-718F-0735-D4AAF72123B5 HTTP/1.1" 404 -
47.128.22.48 - - [03/Nov/2024:05:16:21 +0100] "GET /ticket2/opencms/en/buy/?edid=F7607B70-C7D1-859A-AF1D-90ACBF6F99CC HTTP/1.1" 200 79757
185.191.171.5 - - [03/Nov/2024:05:16:23 +0100] "GET /ticket2/opencms/en/sport/football-tickets/premier_league/brentford/ HTTP/1.1" 200 87292
193.70.81.106 - - [03/Nov/2024:05:16:24 +0100] "GET /ticket2/opencms/se/sv/sell/?edid=F238AE7A-032C-1CDD-E544-E70E0C5C5606 HTTP/1.1" 404 -
20.171.206.245 - - [03/Nov/2024:05:16:27 +0100] "GET /ticket2/opencms/is/buy/?page=1&edid=5CBB442D-D365-7F4F-B999-AA88D946C632 HTTP/1.1" 200 131038
193.70.81.106 - - [03/Nov/2024:05:16:27 +0100] "GET /ticket2/opencms/se/sv/sell/?edid=F2535B0D-979A-F9D7-EA2B-93EF98CE73FE HTTP/1.1" 404 -
217.113.194.217 - - [03/Nov/2024:05:16:29 +0100] "GET /ticket2/opencms/mk/buy?page=1&edid=0D98F163-77B8-9089-B428-FE4979E1685F HTTP/1.1" 404 -
193.70.81.106 - - [03/Nov/2024:05:16:31 +0100] "GET /ticket2/opencms/se/sv/sell/?edid=F2C7182B-D237-C2BF-D71F-CBB98BBDC9C7 HTTP/1.1" 404 -
193.70.81.106 - - [03/Nov/2024:05:16:34 +0100] "GET /ticket2/opencms/se/sv/sell/?edid=F2FA4242-01BE-3FE2-3A47-7E833A37D435 HTTP/1.1" 404 -
193.70.81.106 - - [03/Nov/2024:05:16:37 +0100] "GET /ticket2/opencms/se/sv/sell/?edid=F3756B07-2F5C-FFFD-72BE-0A74CDBD5EA0 HTTP/1.1" 404 -
217.113.194.218 - - [03/Nov/2024:05:16:37 +0100] "GET /ticket2/opencms/mk/buy?page=1&edid=885A2607-A223-24CC-17AE-7C8ECDA8D47C HTTP/1.1" 404 -
193.70.81.106 - - [03/Nov/2024:05:16:40 +0100] "GET /ticket2/opencms/se/sv/sell/?edid=F3C590BC-8B85-5255-AEB2-2BDF70BA064F HTTP/1.1" 404 -
85.208.96.210 - - [03/Nov/2024:05:16:41 +0100] "GET /ticket2/opencms/bs/faq/ HTTP/1.1" 200 81719
66.249.73.37 - - [03/Nov/2024:05:16:42 +0100] "GET /ticket2/opencms/en/venue/?venueid=299B0156-25AA-7D0B-824A-E86C2DB19BF9 HTTP/1.1" 200 76955
193.70.81.106 - - [03/Nov/2024:05:16:44 +0100] "GET /ticket2/opencms/se/sv/sell/?edid=F463DFC6-FD0F-0F40-EE84-5419260C1C59 HTTP/1.1" 404 -
217.113.194.217 - - [03/Nov/2024:05:16:45 +0100] "GET /ticket2/opencms/mk/buy?page=1&edid=89808DE4-033D-BF0D-68FD-BF489CEC9907 HTTP/1.1" 404 -
193.70.81.106 - - [03/Nov/2024:05:16:47 +0100] "GET /ticket2/opencms/se/sv/sell/?edid=F4D78D53-5514-188C-B61F-73CDE03BF980 HTTP/1.1" 404 -
20.171.206.245 - - [03/Nov/2024:05:16:50 +0100] "GET /ticket2/opencms/is/buy/?page=1&edid=56B38CDE-C52C-9D5C-A997-D65F4CB742AB HTTP/1.1" 200 131034
193.70.81.106 - - [03/Nov/2024:05:16:50 +0100] "GET /ticket2/opencms/se/sv/sell/?edid=F4F81297-94B2-0428-F74B-F60B2283F029 HTTP/1.1" 404 -
47.128.32.133 - - [03/Nov/2024:05:16:51 +0100] "GET /ticket2/opencms/sv/sport/fotbollsbiljetter/serie_a/genoa/ HTTP/1.1" 200 86954
47.128.32.133 - - [03/Nov/2024:05:16:52 +0100] "GET /ticket2/opencms/system/modules/com.gridnine.opencms.ticketbrokerage.site/resources/pics/banners/team/serie_a/genoa.png HTTP/1.1" 200 72338
193.70.81.106 - - [03/Nov/2024:05:16:53 +0100] "GET /ticket2/opencms/se/sv/sell/?edid=F90DC262-1A9F-4FB5-A462-84BFB9E077F0 HTTP/1.1" 404 -
217.113.194.212 - - [03/Nov/2024:05:16:54 +0100] "GET /ticket2/opencms/mk/buy?page=1&edid=8EE24D2F-4BF0-A103-6944-36103BCA6278 HTTP/1.1" 404 -
193.70.81.106 - - [03/Nov/2024:05:16:57 +0100] "GET /ticket2/opencms/se/sv/sell/?edid=F9496538-3E90-9D50-62AC-C255AB0550A9 HTTP/1.1" 404 -
193.70.81.106 - - [03/Nov/2024:05:17:00 +0100] "GET /ticket2/opencms/se/sv/sell/?edid=FAED712B-522B-34FA-DE6B-5495BF7FC4C3 HTTP/1.1" 404 -
217.113.194.220 - - [03/Nov/2024:05:17:02 +0100] "GET /ticket2/opencms/mk/buy?page=1&edid=8FD2C181-2B8C-CEA1-B23D-11763E27F0A1 HTTP/1.1" 404 -
193.70.81.106 - - [03/Nov/2024:05:17:03 +0100] "GET /ticket2/opencms/se/sv/sell/?edid=FEB03BB6-02B5-C800-F6B0-987523006767 HTTP/1.1" 404 -
193.70.81.106 - - [03/Nov/2024:05:17:07 +0100] "GET /ticket2/opencms/se/sv/sell/?edid=FF322FED-F69E-D25E-3198-5B464973E97D HTTP/1.1" 404 -
157.90.209.79 - - [03/Nov/2024:05:17:08 +0100] "GET /ticket2/opencms/hy/buy?page=1&edid=8EE24D2F-4BF0-A103-6944-36103BCA6278 HTTP/1.1" 404 -
193.70.81.106 - - [03/Nov/2024:05:17:08 +0100] "GET /ticket2/opencms/se/robots.txt HTTP/1.1" 404 -
217.113.194.219 - - [03/Nov/2024:05:17:10 +0100] "GET /ticket2/opencms/mk/buy?page=1&edid=8DD5F074-9C3D-F268-0681-07FE736DEB63 HTTP/1.1" 404 -
85.208.96.212 - - [03/Nov/2024:05:17:11 +0100] "GET /ticket2/opencms/no/sport/fotballsbilletter/europa_league/ HTTP/1.1" 200 78458
20.171.206.175 - - [03/Nov/2024:05:17:12 +0100] "GET /ticket2/opencms/is/buy/?page=1&edid=341262D8-7A59-5821-1DA8-A5F36D843BF9 HTTP/1.1" 200 132902
157.90.209.79 - - [03/Nov/2024:05:17:14 +0100] "GET /ticket2/opencms/hy/buy?page=1&edid=8EF7EC9D-9BC8-1DEC-C27C-0541D5C5F471 HTTP/1.1" 404 -
47.128.122.104 - - [03/Nov/2024:05:17:14 +0100] "GET /ticket2/opencms/mo/buy/?catid=F03B8ADD-988E-AE6A-8DBA-AF502C691C60&comcatid=A17713B6-D984-201A-4143-ED4DB5ED5C2E HTTP/1.1" 200 93874
193.70.81.106 - - [03/Nov/2024:05:17:14 +0100] "GET /ticket2/opencms/se/sv/sell/?amp;edid=87B3D1B7-6F6C-6A67-FEA0-4F28E7D5AFA5 HTTP/1.1" 404 -
157.90.209.79 - - [03/Nov/2024:05:17:16 +0100] "GET /ticket2/opencms/hy/buy?page=1&edid=8F340A1C-D664-7FDD-8257-FE31525DAB7C HTTP/1.1" 404 -
157.90.209.79 - - [03/Nov/2024:05:17:18 +0100] "GET /ticket2/opencms/hy/buy?page=1&edid=90D99CFD-1C4D-3E3E-708D-4C9851B5EDBE HTTP/1.1" 404 -
217.113.194.218 - - [03/Nov/2024:05:17:18 +0100] "GET /ticket2/opencms/mk/buy?page=1&edid=8D01C916-357E-FA54-5633-1AB3A280726B HTTP/1.1" 404 -
185.191.171.15 - - [03/Nov/2024:05:17:19 +0100] "GET /ticket2/opencms/el/about/contact/ HTTP/1.1" 200 78566
193.70.81.106 - - [03/Nov/2024:05:17:20 +0100] "GET /ticket2/opencms/se/sv/sell/?amp;edid=A28D4EBE-4F20-7B60-752E-E08CCAE199E2 HTTP/1.1" 404 -
157.90.209.79 - - [03/Nov/2024:05:17:20 +0100] "GET /ticket2/opencms/hy/buy?page=1&edid=9298EE47-1A7F-20BC-182D-AD5062126FDE HTTP/1.1" 404 -
217.113.194.218 - - [03/Nov/2024:05:17:27 +0100] "GET /ticket2/opencms/sq/buy?page=1&edid=C5944089-4BA1-6638-58B6-EE4373B33715 HTTP/1.1" 200 108364
193.70.81.106 - - [03/Nov/2024:05:17:27 +0100] "GET /ticket2/opencms/se/sv/sell/?amp;edid=A5D10AF0-ED67-00BA-233B-7E18DA68D81A HTTP/1.1" 404 -
157.55.39.14 - - [03/Nov/2024:05:17:28 +0100] "GET /ticket2/opencms/sv/buy/?page=1&edid=35ADBB11-61DC-931E-23FD-2F2620049622 HTTP/1.1" 200 97702
157.90.209.79 - - [03/Nov/2024:05:17:29 +0100] "GET /ticket2/opencms/hy/buy?page=1&edid=92DF4928-935F-6F67-3394-E1ED2A861E35 HTTP/1.1" 404 -
20.171.206.175 - - [03/Nov/2024:05:17:32 +0100] "GET /ticket2/opencms/is/buy/?page=1&edid=047E0311-281A-A7AE-E87D-50033F4F70CA HTTP/1.1" 200 131033
157.90.209.79 - - [03/Nov/2024:05:17:33 +0100] "GET /ticket2/opencms/hy/buy?page=1&edid=95423F1B-D1AB-68DD-A58C-5DE97CA2D553 HTTP/1.1" 404 -
193.70.81.106 - - [03/Nov/2024:05:17:33 +0100] "GET /ticket2/opencms/se/sv/sell/?amp;edid=A736A0C9-8202-6062-4910-6556340B4C2B HTTP/1.1" 404 -
157.90.209.79 - - [03/Nov/2024:05:17:34 +0100] "GET /ticket2/opencms/hy/buy?page=1&edid=96FDAACF-AA50-D065-EBF8-EE262287E6CE HTTP/1.1" 404 -
217.113.194.217 - - [03/Nov/2024:05:17:35 +0100] "GET /ticket2/opencms/sq/buy?page=1&edid=DB72B9D9-5163-5865-DEBD-45A3373447C2 HTTP/1.1" 200 98811
157.90.209.79 - - [03/Nov/2024:05:17:37 +0100] "GET /ticket2/opencms/hy/buy?page=1&edid=9703B4F2-F8EC-4308-4ACF-3E0D3C506430 HTTP/1.1" 404 -
47.128.122.13 - - [03/Nov/2024:05:17:38 +0100] "GET /ticket2/opencms/is/buy/?catid=7EF04817-972D-18B1-F941-DE800D088075&comcatid=A17713B6-D984-201A-4143-ED4DB5ED5C2E HTTP/1.1" 200 103933
193.70.81.106 - - [03/Nov/2024:05:17:39 +0100] "GET /ticket2/opencms/se/sv/sell/?amp;edid=A7720E61-DDDB-7805-3D84-1C9A6A0FAB33 HTTP/1.1" 404 -
157.90.209.79 - - [03/Nov/2024:05:17:41 +0100] "GET /ticket2/opencms/hy/buy?page=1&edid=979A80EE-C0D2-57E0-C882-1064B868BC30 HTTP/1.1" 404 -
157.55.39.197 - - [03/Nov/2024:05:17:41 +0100] "GET /ticket2/opencms/sv/sport/fotbollsbiljetter/serie_a/napoli/fiorentina.html HTTP/1.1" 200 87759
47.128.56.3 - - [03/Nov/2024:05:17:42 +0100] "GET /ticket2/opencms/ro/buy?page=1&edid=11EFBC55-130A-2310-B776-C5D86878BDAB HTTP/1.1" 200 130384
157.55.39.194 - - [03/Nov/2024:05:17:43 +0100] "GET /ticket2/opencms/az/buy?page=1&edid=DE6EAF1E-F0E3-BCEF-6FE9-789554B2D96C HTTP/1.1" 200 114369
217.113.194.218 - - [03/Nov/2024:05:17:44 +0100] "GET /ticket2/opencms/sq/buy?page=1&edid=A7536942-4293-E64E-8292-C391BBCDB198 HTTP/1.1" 200 102087
185.191.171.1 - - [03/Nov/2024:05:17:44 +0100] "GET /ticket2/opencms/fi/buy_safety/ HTTP/1.1" 200 83441
47.128.56.3 - - [03/Nov/2024:05:17:44 +0100] "GET /ticket2/opencms/es/ask-form.html HTTP/1.1" 200 3156
47.128.33.154 - - [03/Nov/2024:05:17:44 +0100] "GET /ticket2/opencms/mo/buy/?edid=953A294D-6567-BF40-A983-70777896E678 HTTP/1.1" 200 81521
193.70.81.106 - - [03/Nov/2024:05:17:46 +0100] "GET /ticket2/opencms/se/sv/sell/?amp;edid=AA0BCCB6-D303-F128-E84C-F505F9C2CFA4 HTTP/1.1" 404 -
157.90.209.79 - - [03/Nov/2024:05:17:48 +0100] "GET /ticket2/opencms/hy/buy?page=1&edid=99C77A16-8AF9-4675-97DE-42A41C4ECB4F HTTP/1.1" 404 -
157.90.209.79 - - [03/Nov/2024:05:17:50 +0100] "GET /ticket2/opencms/hy/buy?page=1&edid=A250B4B1-8EE0-FF45-8CB6-582F5F739AF9 HTTP/1.1" 404 -
193.70.81.106 - - [03/Nov/2024:05:17:52 +0100] "GET /ticket2/opencms/se/sv/sell/?amp;edid=F1D542BF-6840-AFC6-78C3-538C46778DE2 HTTP/1.1" 404 -
217.113.194.218 - - [03/Nov/2024:05:17:52 +0100] "GET /ticket2/opencms/sq/buy?page=1&edid=8F8733BC-C28B-043B-2DC6-01908247C52A HTTP/1.1" 200 98812
157.90.209.79 - - [03/Nov/2024:05:17:52 +0100] "GET /ticket2/opencms/hy/buy?page=1&edid=A2A4078E-C8E8-C113-199B-69C1FEB231B0 HTTP/1.1" 404 -
185.191.171.12 - - [03/Nov/2024:05:17:53 +0100] "GET /ticket2/opencms/bg/ HTTP/1.1" 200 98251
47.128.58.89 - - [03/Nov/2024:05:17:53 +0100] "GET /ticket2/opencms/sr/buy/?edid=4DF0D9FC-63B4-BC0C-C1C6-5A8F2E684398 HTTP/1.1" 200 81862
193.70.81.106 - - [03/Nov/2024:05:17:56 +0100] "GET /ticket2/opencms/se/sv/sell/?edid=00BF24A8-B574-FBFD-89A8-C3542359D5CF HTTP/1.1" 404 -
157.90.209.79 - - [03/Nov/2024:05:17:58 +0100] "GET /ticket2/opencms/hy/buy?page=1&edid=A492339E-0658-D77B-570A-6146F24F8C0A HTTP/1.1" 404 -
154.54.249.216 - - [03/Nov/2024:05:18:00 +0100] "GET /ticket2/opencms/sq/buy?page=1&edid=84489EF5-2059-56C4-5351-326D2C1716FB HTTP/1.1" 200 102077
157.90.209.79 - - [03/Nov/2024:05:18:01 +0100] "GET /ticket2/opencms/hy/buy?page=1&edid=A50C9DBA-FE79-ABA2-A67C-ED9083C7A802 HTTP/1.1" 404 -
193.70.81.106 - - [03/Nov/2024:05:18:01 +0100] "GET /ticket2/opencms/se/sv/sell/?edid=0116FCC4-F00F-0C90-5340-21E4C3FAA3BB HTTP/1.1" 404 -
47.128.46.251 - - [03/Nov/2024:05:18:02 +0100] "GET /ticket2/opencms/hr/buy/?catid=8AA488FA-6797-D710-8108-3088D6948FC1&comcatid=A17713B6-D984-201A-4143-ED4DB5ED5C2E HTTP/1.1" 200 93757
157.90.209.79 - - [03/Nov/2024:05:18:03 +0100] "GET /ticket2/opencms/hy/buy?page=1&edid=A9801416-AE3B-7D1A-1B34-1269835EE309 HTTP/1.1" 404 -
157.90.209.79 - - [03/Nov/2024:05:18:06 +0100] "GET /ticket2/opencms/hy/buy?page=1&edid=AD14D102-9A59-3E48-721F-B8412449464B HTTP/1.1" 404 -
193.70.81.106 - - [03/Nov/2024:05:18:06 +0100] "GET /ticket2/opencms/se/sv/sell/?edid=01F2A948-87CA-060B-030E-779FF6FBE9B2 HTTP/1.1" 404 -
157.90.209.79 - - [03/Nov/2024:05:18:08 +0100] "GET /ticket2/opencms/hy/buy?page=1&edid=B089B4B8-933D-AB70-BE65-2A133877E5AC HTTP/1.1" 404 -
217.113.194.219 - - [03/Nov/2024:05:18:09 +0100] "GET /ticket2/opencms/sq/buy?page=1&edid=38BD011F-E307-1808-7BE3-74470A609319 HTTP/1.1" 200 98811
157.90.209.79 - - [03/Nov/2024:05:18:10 +0100] "GET /ticket2/opencms/hy/buy?page=1&edid=B5480FEC-C7FC-18FB-0EEB-9717E2722B5A HTTP/1.1" 404 -
193.70.81.106 - - [03/Nov/2024:05:18:11 +0100] "GET /ticket2/opencms/se/sv/sell/?edid=042B1AE0-B676-9EDF-9B0C-DC5976C2588C HTTP/1.1" 404 -
157.90.209.79 - - [03/Nov/2024:05:18:13 +0100] "GET /ticket2/opencms/hy/buy?page=1&edid=B5C7399B-C087-FF38-4294-BB861C1DB4F9 HTTP/1.1" 404 -
157.55.39.9 - - [03/Nov/2024:05:18:13 +0100] "GET /ticket2/opencms/ga/buy?page=1&edid=19422468-9239-E426-DB02-7FA0504E2BEC HTTP/1.1" 200 130718
185.191.171.15 - - [03/Nov/2024:05:18:14 +0100] "GET /ticket2/opencms/de/magazine/article?title=fussball HTTP/1.1" 200 83030
157.90.209.79 - - [03/Nov/2024:05:18:15 +0100] "GET /ticket2/opencms/hy/buy?page=1&edid=B6B8349F-A5AA-C742-11D5-2D7AB719C807 HTTP/1.1" 404 -
193.70.81.106 - - [03/Nov/2024:05:18:16 +0100] "GET /ticket2/opencms/se/sv/sell/?edid=0526AB7D-1492-E0D1-E5E6-6BADBF530B48 HTTP/1.1" 404 -
217.113.194.220 - - [03/Nov/2024:05:18:18 +0100] "GET /ticket2/opencms/sq/buy?page=1&edid=1AD4E11C-C792-1721-4D1A-2229101A30FD HTTP/1.1" 200 135187
157.90.209.79 - - [03/Nov/2024:05:18:20 +0100] "GET /ticket2/opencms/hy/buy?page=1&edid=B7C31852-4938-05B8-A23C-0248E7A3D5BA HTTP/1.1" 404 -
193.70.81.106 - - [03/Nov/2024:05:18:21 +0100] "GET /ticket2/opencms/se/sv/sell/?edid=0A4C5CB0-F0A6-54DC-2247-30948B2E1AC0 HTTP/1.1" 404 -
157.90.209.79 - - [03/Nov/2024:05:18:22 +0100] "GET /ticket2/opencms/hy/buy?page=1&edid=B8EF6180-227A-800A-63E5-9809623FC791 HTTP/1.1" 404 -
85.208.96.199 - - [03/Nov/2024:05:18:23 +0100] "GET /ticket2/opencms/de/magazine/article?title=manchester-united HTTP/1.1" 200 82676
157.90.209.79 - - [03/Nov/2024:05:18:25 +0100] "GET /ticket2/opencms/hy/buy?page=1&edid=B922C762-2087-3C97-2B1F-F0A83EAFF02E HTTP/1.1" 404 -
193.70.81.106 - - [03/Nov/2024:05:18:25 +0100] "GET /ticket2/opencms/se/sv/sell/?edid=0AB84F0A-26E7-F1BE-836E-8235C737C908 HTTP/1.1" 404 -
217.113.194.219 - - [03/Nov/2024:05:18:26 +0100] "GET /ticket2/opencms/az/buy?page=1&edid=38BD011F-E307-1808-7BE3-74470A609319 HTTP/1.1" 200 98991
47.128.19.63 - - [03/Nov/2024:05:18:26 +0100] "GET /ticket2/opencms/fi/venue/?venueid=C7742FBF-52AC-AE6B-D02B-68464EB70BEB HTTP/1.1" 200 78547
157.90.209.79 - - [03/Nov/2024:05:18:30 +0100] "GET /ticket2/opencms/hy/buy?page=1&edid=B9A56D83-AD94-045F-A8C5-86B02F52A7C5 HTTP/1.1" 404 -
193.70.81.106 - - [03/Nov/2024:05:18:30 +0100] "GET /ticket2/opencms/se/sv/sell/?edid=0B03E436-9F7E-8E6D-25A3-B11FCF7475C3 HTTP/1.1" 404 -
47.128.27.4 - - [03/Nov/2024:05:18:34 +0100] "GET /ticket2/opencms/ga/buy/?catid=06324577-7173-BAB0-146D-E644C912F7C1&comcatid=A17713B6-D984-201A-4143-ED4DB5ED5C2E&npage=2 HTTP/1.1" 200 245195
157.90.209.79 - - [03/Nov/2024:05:18:34 +0100] "GET /ticket2/opencms/hy/buy?page=1&edid=BBF51855-649C-7AAC-A9CD-362F8BD9BD25 HTTP/1.1" 404 -
217.113.194.213 - - [03/Nov/2024:05:18:35 +0100] "GET /ticket2/opencms/az/buy?page=1&edid=087FB859-A113-50B8-0909-1F0712CC3EED HTTP/1.1" 200 101227
193.70.81.106 - - [03/Nov/2024:05:18:36 +0100] "GET /ticket2/opencms/se/sv/sell/?edid=0B96E2DD-25FC-BCDF-58F0-8F3CC908DB91 HTTP/1.1" 404 -
157.90.209.79 - - [03/Nov/2024:05:18:37 +0100] "GET /ticket2/opencms/hy/buy?page=1&edid=BC1AC5C2-6726-A2A1-40BE-457E680F6800 HTTP/1.1" 404 -
157.90.209.79 - - [03/Nov/2024:05:18:40 +0100] "GET /ticket2/opencms/hy/buy?page=1&edid=BE8C7FA0-9E48-EAB3-3A70-9E9F9EA30F95 HTTP/1.1" 404 -
193.70.81.106 - - [03/Nov/2024:05:18:40 +0100] "GET /ticket2/opencms/se/sv/sell/?edid=0CEC8633-C400-C905-54E3-2A651C6B122C HTTP/1.1" 404 -
85.208.96.196 - - [03/Nov/2024:05:18:41 +0100] "GET /ticket2/opencms/sites/ticketbrokerage/nl/sport/voetbal-tickets/serie_a/ HTTP/1.1" 404 -
85.208.96.199 - - [03/Nov/2024:05:18:41 +0100] "GET /ticket2/opencms/no/sport/fotballsbilletter/bundesliga/bochum/ HTTP/1.1" 200 93023
217.113.194.212 - - [03/Nov/2024:05:18:44 +0100] "GET /ticket2/opencms/az/buy?page=1&edid=0F75B18C-E221-E332-009D-FADB7D439839 HTTP/1.1" 200 125388
157.90.209.79 - - [03/Nov/2024:05:18:45 +0100] "GET /ticket2/opencms/hy/buy?page=1&edid=BE9D8283-8353-3049-DA1C-50EC3CD6221D HTTP/1.1" 404 -
193.70.81.106 - - [03/Nov/2024:05:18:45 +0100] "GET /ticket2/opencms/se/sv/sell/?edid=0E64AEEE-C256-384A-95C3-A01C20EF3A5D HTTP/1.1" 404 -
157.90.209.79 - - [03/Nov/2024:05:18:47 +0100] "GET /ticket2/opencms/hy/buy?page=1&edid=BF02E8D3-250D-1BB9-F307-8D142E1902AE HTTP/1.1" 404 -
157.90.209.79 - - [03/Nov/2024:05:18:50 +0100] "GET /ticket2/opencms/hy/buy?page=1&edid=BFAFDC2C-908C-DD1E-38F3-2E405A281188 HTTP/1.1" 404 -
193.70.81.106 - - [03/Nov/2024:05:18:50 +0100] "GET /ticket2/opencms/se/sv/sell/?edid=0EB27556-5C22-4E8E-4348-298BAC0182DE HTTP/1.1" 404 -
47.128.99.183 - - [03/Nov/2024:05:18:51 +0100] "GET /ticket2/opencms/fi/venue/?venueid=18FD821D-6DDA-C3F8-586C-11DB373981E5 HTTP/1.1" 200 78617
217.113.194.214 - - [03/Nov/2024:05:18:52 +0100] "GET /ticket2/opencms/az/buy?page=1&edid=67775A6B-2ECD-AB86-F1ED-4020AF593869 HTTP/1.1" 200 98983
157.90.209.79 - - [03/Nov/2024:05:18:53 +0100] "GET /ticket2/opencms/hy/buy?page=1&edid=C05AA481-967A-A4D1-E287-ECBF3F52D776 HTTP/1.1" 404 -
157.90.209.79 - - [03/Nov/2024:05:18:55 +0100] "GET /ticket2/opencms/hy/buy?page=1&edid=C15AE28C-73DB-6928-32A1-4EC14A77EEA7 HTTP/1.1" 404 -
193.70.81.106 - - [03/Nov/2024:05:18:55 +0100] "GET /ticket2/opencms/se/sv/sell/?edid=109F549A-9FD7-B1FC-87D6-DB5E9ECA3E58 HTTP/1.1" 404 -
157.90.209.79 - - [03/Nov/2024:05:18:57 +0100] "GET /ticket2/opencms/hy/buy?page=1&edid=C1C161ED-392A-057B-99A1-EFB930A82112 HTTP/1.1" 404 -
193.70.81.106 - - [03/Nov/2024:05:19:00 +0100] "GET /ticket2/opencms/se/sv/sell/?edid=13AB24BB-AB59-436B-5084-4BF89E3A7331 HTTP/1.1" 404 -
217.113.194.218 - - [03/Nov/2024:05:19:00 +0100] "GET /ticket2/opencms/az/buy?page=1&edid=D8011C50-93A6-4225-F35F-417FEFE3121C HTTP/1.1" 200 99003
66.249.73.39 - - [03/Nov/2024:05:19:01 +0100] "GET /ticket2/opencms/en/venue/?venueid=725EAA96-3504-C885-60D8-51C3C379F292 HTTP/1.1" 200 77063
216.244.66.237 - - [03/Nov/2024:05:19:01 +0100] "GET /ticket2/opencms/dk/robots.txt HTTP/1.1" 404 -
216.244.66.237 - - [03/Nov/2024:05:19:01 +0100] "GET /ticket2/opencms/dk/robots.txt HTTP/1.1" 404 -
157.90.209.79 - - [03/Nov/2024:05:19:03 +0100] "GET /ticket2/opencms/hy/buy?page=1&edid=C28B3B84-6A6E-6FCB-67EF-1F8424FD799A HTTP/1.1" 404 -
114.119.129.189 - - [03/Nov/2024:05:19:05 +0100] "GET /ticket2/opencms/en/venue/?countryid=6D97DD41-58F8-E86C-8D49-519899AAF206 HTTP/1.1" 200 106389
193.70.81.106 - - [03/Nov/2024:05:19:05 +0100] "GET /ticket2/opencms/se/sv/sell/?edid=14B70C43-9D61-6073-3183-2906B9273754 HTTP/1.1" 404 -
209.85.238.42 - - [03/Nov/2024:05:19:06 +0100] "GET /ticket2/opencms/sv/sport/tennis/tennis-masters-series-roma/ HTTP/1.1" 200 77679
47.128.125.2 - - [03/Nov/2024:05:19:06 +0100] "GET /ticket2/opencms/mk/buy?page=11&venueid=00240B1E-8538-03A9-D9EC-46848A34DA12 HTTP/1.1" 404 -
157.90.209.79 - - [03/Nov/2024:05:19:09 +0100] "GET /ticket2/opencms/hy/buy?page=1&edid=C2E0FED9-872C-CDB5-EA69-F93F12F9C91F HTTP/1.1" 404 -
52.167.144.190 - - [03/Nov/2024:05:19:09 +0100] "GET /ticket2/opencms/fi/buy/?page=1&edid=F884C8FF-51A8-4CC4-8646-12CD96EC51B8 HTTP/1.1" 200 122046
217.113.194.216 - - [03/Nov/2024:05:19:10 +0100] "GET /ticket2/opencms/az/buy?page=1&edid=C5541103-512C-D651-87BB-185D7BE93A66 HTTP/1.1" 200 124992
193.70.81.106 - - [03/Nov/2024:05:19:10 +0100] "GET /ticket2/opencms/se/sv/sell/?edid=1B0D0DF7-1352-FC6A-B87B-EA7A0BA88E11 HTTP/1.1" 404 -
157.90.209.79 - - [03/Nov/2024:05:19:13 +0100] "GET /ticket2/opencms/hy/buy?page=1&edid=C3C2958F-64DF-91F9-F3D9-8F3CEBC7A797 HTTP/1.1" 404 -
47.128.62.94 - - [03/Nov/2024:05:19:15 +0100] "GET /ticket2/opencms/sv/sport/fotbollsbiljetter/english-championship/coventry/ HTTP/1.1" 200 90473
193.70.81.106 - - [03/Nov/2024:05:19:15 +0100] "GET /ticket2/opencms/se/sv/sell/?edid=1D6B0E8B-DB9D-7198-FC85-A1A93F56BD7C HTTP/1.1" 404 -
157.90.209.79 - - [03/Nov/2024:05:19:15 +0100] "GET /ticket2/opencms/hy/buy?page=1&edid=C5541103-512C-D651-87BB-185D7BE93A66 HTTP/1.1" 404 -
217.113.194.213 - - [03/Nov/2024:05:19:18 +0100] "GET /ticket2/opencms/az/buy?page=1&edid=8F8733BC-C28B-043B-2DC6-01908247C52A HTTP/1.1" 200 98992
193.70.81.106 - - [03/Nov/2024:05:19:20 +0100] "GET /ticket2/opencms/se/sv/sell/?edid=1D80DC80-D16D-56B6-6DA4-48F837A484A6 HTTP/1.1" 404 -
157.90.209.79 - - [03/Nov/2024:05:19:21 +0100] "GET /ticket2/opencms/hy/buy?page=1&edid=C64002B7-B7A3-A646-1770-7E79C914EDA5 HTTP/1.1" 404 -
157.90.209.79 - - [03/Nov/2024:05:19:23 +0100] "GET /ticket2/opencms/hy/buy?page=1&edid=C781C90E-2A4A-BE38-23EB-6039DE2F5FA8 HTTP/1.1" 404 -
66.249.65.105 - - [03/Nov/2024:05:19:24 +0100] "GET /ticket2/opencms/hu/rolunk/ HTTP/1.1" 200 81097
193.70.81.106 - - [03/Nov/2024:05:19:25 +0100] "GET /ticket2/opencms/se/sv/sell/?edid=211429E0-D08B-1E8E-1EA3-8D59AD6D932A HTTP/1.1" 404 -
47.128.32.42 - - [03/Nov/2024:05:19:25 +0100] "GET /ticket2/opencms/sv/customer_testimonials/ HTTP/1.1" 200 76958
87.120.166.244 - - [03/Nov/2024:05:19:26 +0100] "CONNECT google.com:443 HTTP/1.1" 400 -
217.113.194.218 - - [03/Nov/2024:05:19:27 +0100] "GET /ticket2/opencms/az/buy?page=1&edid=8A15C340-B6C2-2F43-473C-6069B2AC1544 HTTP/1.1" 200 126638
157.90.209.79 - - [03/Nov/2024:05:19:28 +0100] "GET /ticket2/opencms/hy/buy?page=1&edid=C78E4619-1E46-CB27-6BCC-007429A12C31 HTTP/1.1" 404 -
193.70.81.106 - - [03/Nov/2024:05:19:30 +0100] "GET /ticket2/opencms/se/sv/sell/?edid=21CACDC7-0438-FD22-526F-6D42C4B91AF7 HTTP/1.1" 404 -
157.90.209.79 - - [03/Nov/2024:05:19:31 +0100] "GET /ticket2/opencms/hy/buy?page=1&edid=C8E47E46-ADCD-586A-7BE4-CF1C96256B2D HTTP/1.1" 404 -
185.191.171.11 - - [03/Nov/2024:05:19:31 +0100] "GET /ticket2/opencms/no/sport/fotballsbilletter/ligue_1/ HTTP/1.1" 200 80859
157.90.209.79 - - [03/Nov/2024:05:19:32 +0100] "GET /ticket2/opencms/hy/buy?page=1&edid=C9919F63-312E-C4DF-29D6-DA1CE80EC9A2 HTTP/1.1" 404 -
193.70.81.106 - - [03/Nov/2024:05:19:35 +0100] "GET /ticket2/opencms/se/sv/sell/?edid=22C30B52-7C01-7FB2-5A8B-C131C4581B2E HTTP/1.1" 404 -
217.113.194.218 - - [03/Nov/2024:05:19:35 +0100] "GET /ticket2/opencms/sr/buy?page=1&edid=02717DFD-516F-F288-43FD-93598E319E97 HTTP/1.1" 200 99104
157.90.209.79 - - [03/Nov/2024:05:19:38 +0100] "GET /ticket2/opencms/hy/buy?page=1&edid=CC748805-AA77-5D07-7352-96CD97D4F5AC HTTP/1.1" 404 -
47.128.110.97 - - [03/Nov/2024:05:19:39 +0100] "GET /ticket2/opencms/fi/venue/?venueid=0244E869-E2F3-A6E3-662F-EE6F7C68AB65 HTTP/1.1" 200 78544
193.70.81.106 - - [03/Nov/2024:05:19:39 +0100] "GET /ticket2/opencms/se/sv/sell/?edid=2ADA95B2-5596-9A00-6386-EC0EB48A58F3 HTTP/1.1" 404 -
157.90.209.79 - - [03/Nov/2024:05:19:41 +0100] "GET /ticket2/opencms/hy/buy?page=1&edid=CCC52869-7D07-37D3-E716-0EF1AC21BCE4 HTTP/1.1" 404 -
217.113.194.218 - - [03/Nov/2024:05:19:44 +0100] "GET /ticket2/opencms/sr/buy?page=1&edid=05B612AB-ECB3-A571-67D4-0C36E051033D HTTP/1.1" 200 99140
193.70.81.106 - - [03/Nov/2024:05:19:44 +0100] "GET /ticket2/opencms/se/sv/sell/?edid=2E1150D0-164B-6D57-A951-EE2A90A76DF8 HTTP/1.1" 404 -
157.90.209.79 - - [03/Nov/2024:05:19:46 +0100] "GET /ticket2/opencms/hy/buy?page=1&edid=D11D82D4-28DA-1768-D317-EF521A2F97E6 HTTP/1.1" 404 -
157.90.209.79 - - [03/Nov/2024:05:19:48 +0100] "GET /ticket2/opencms/hy/buy?page=1&edid=D4F26649-49E7-D9AD-008F-6A1EF16B5F3C HTTP/1.1" 404 -
193.70.81.106 - - [03/Nov/2024:05:19:49 +0100] "GET /ticket2/opencms/se/sv/sell/?edid=2ED13BBD-EA37-6DC6-AC31-DEF0177FBC2B HTTP/1.1" 404 -
217.113.194.215 - - [03/Nov/2024:05:19:52 +0100] "GET /ticket2/opencms/sr/buy?page=1&edid=0921968B-5C38-209B-467C-E28FB1884E06 HTTP/1.1" 200 102282
157.90.209.79 - - [03/Nov/2024:05:19:54 +0100] "GET /ticket2/opencms/hy/buy?page=1&edid=D82A55E9-700E-0A50-F575-755C8E3E7147 HTTP/1.1" 404 -
193.70.81.106 - - [03/Nov/2024:05:19:54 +0100] "GET /ticket2/opencms/se/sv/sell/?edid=327AE0DA-94B2-C94C-18B8-D6746C6CB956 HTTP/1.1" 404 -
157.90.209.79 - - [03/Nov/2024:05:19:56 +0100] "GET /ticket2/opencms/hy/buy?page=1&edid=D96122AD-C3AA-80F5-DDA8-935E03AE952D HTTP/1.1" 404 -
157.90.209.79 - - [03/Nov/2024:05:19:58 +0100] "GET /ticket2/opencms/hy/buy?page=1&edid=DA2AFD28-6AA1-4222-20E5-CCCE4BF9B981 HTTP/1.1" 404 -
185.191.171.14 - - [03/Nov/2024:05:19:59 +0100] "GET /ticket2/opencms/robots.txt HTTP/1.1" 200 773
193.70.81.106 - - [03/Nov/2024:05:19:59 +0100] "GET /ticket2/opencms/se/sv/sell/?edid=3549536B-5431-B4B9-9C70-24B661A63E68 HTTP/1.1" 404 -
85.208.96.210 - - [03/Nov/2024:05:20:00 +0100] "GET /ticket2/opencms/dk/sport/fodboldbilletter/premier-league/ HTTP/1.1" 200 85477
217.113.194.217 - - [03/Nov/2024:05:20:01 +0100] "GET /ticket2/opencms/sr/buy?page=1&edid=096598FE-DA35-4351-DFEE-DC9ACA0F0EF9 HTTP/1.1" 200 125839
47.128.48.241 - - [03/Nov/2024:05:20:03 +0100] "GET /ticket2/opencms/el/buy/?catid=7ACC33AD-EE7E-AAA7-9050-0F4587759B87&comcatid=A17713B6-D984-201A-4143-ED4DB5ED5C2E HTTP/1.1" 200 94622
193.70.81.106 - - [03/Nov/2024:05:20:04 +0100] "GET /ticket2/opencms/se/sv/sell/?edid=35B50084-B9AA-1B2B-99FE-C3FBA2700019 HTTP/1.1" 404 -
157.90.209.79 - - [03/Nov/2024:05:20:04 +0100] "GET /ticket2/opencms/hy/buy?page=1&edid=DC4F64BB-84C6-452C-2BFD-138DC45E79DD HTTP/1.1" 404 -
114.119.148.14 - - [03/Nov/2024:05:20:05 +0100] "GET /ticket2/opencms/en/login/?url=/en/sell/ HTTP/1.1" 200 81870
157.90.209.79 - - [03/Nov/2024:05:20:07 +0100] "GET /ticket2/opencms/hy/buy?page=1&edid=DCF22239-47F2-2282-C13B-85FCE1D7C913 HTTP/1.1" 404 -
185.191.171.13 - - [03/Nov/2024:05:20:07 +0100] "GET /ticket2/opencms/sv/sport/fotbollsbiljetter/uefa-champions-league/benfica/ HTTP/1.1" 200 79318
193.70.81.106 - - [03/Nov/2024:05:20:09 +0100] "GET /ticket2/opencms/se/sv/sell/?edid=37799B2B-8518-5A90-56C3-3D3AAACD58AB HTTP/1.1" 404 -
217.113.194.217 - - [03/Nov/2024:05:20:09 +0100] "GET /ticket2/opencms/sr/buy?page=1&edid=0332602C-2AFB-9A5D-7606-3103AF894B35 HTTP/1.1" 200 99108
85.208.96.196 - - [03/Nov/2024:05:20:11 +0100] "GET /ticket2/opencms/de/sport/fussball-tickets/serie_a/juventus/ HTTP/1.1" 200 95560
157.90.209.79 - - [03/Nov/2024:05:20:12 +0100] "GET /ticket2/opencms/hy/buy?page=1&edid=DD14CC82-883B-BD06-4306-EBD494AA1804 HTTP/1.1" 404 -
47.128.111.69 - - [03/Nov/2024:05:20:12 +0100] "GET /ticket2/opencms/bg/buy/?edid=CA09799F-8631-DBFB-6C22-0BF147840F7B HTTP/1.1" 200 81909
157.90.209.79 - - [03/Nov/2024:05:20:14 +0100] "GET /ticket2/opencms/hy/buy?page=1&edid=DE5B6A64-DD53-E533-1C9F-682C000226C9 HTTP/1.1" 404 -
193.70.81.106 - - [03/Nov/2024:05:20:14 +0100] "GET /ticket2/opencms/se/sv/sell/?edid=3B59287C-FC8E-8AC6-A203-D44566BFF3DE HTTP/1.1" 404 -
205.210.31.18 - - [03/Nov/2024:05:20:15 +0100] "GET /ticket2/opencms/de/ HTTP/1.1" 200 96639
157.90.209.79 - - [03/Nov/2024:05:20:16 +0100] "GET /ticket2/opencms/hy/buy?page=1&edid=DE6EAF1E-F0E3-BCEF-6FE9-789554B2D96C HTTP/1.1" 404 -
66.249.73.39 - - [03/Nov/2024:05:20:16 +0100] "GET /ticket2/opencms/en/venue/?venueid=C9FA908E-844D-34B9-709F-9C6F649F6B00 HTTP/1.1" 200 77098
47.128.48.118 - - [03/Nov/2024:05:20:17 +0100] "GET /ticket2/opencms/sv/magazine/article?title=liverpool---tottenham HTTP/1.1" 200 78178
217.113.194.217 - - [03/Nov/2024:05:20:18 +0100] "GET /ticket2/opencms/sr/buy?page=1&edid=2E3A9666-3510-0E81-4BD6-E0C24467BF7D HTTP/1.1" 200 99086
157.90.209.79 - - [03/Nov/2024:05:20:19 +0100] "GET /ticket2/opencms/hy/buy?page=1&edid=E0A8CE5D-A2DA-F5EB-6814-85F787FE51D7 HTTP/1.1" 404 -
193.70.81.106 - - [03/Nov/2024:05:20:19 +0100] "GET /ticket2/opencms/se/sv/sell/?edid=3B7ABFED-CCD4-8F1F-8F8D-A476A0A381CC HTTP/1.1" 404 -
157.90.209.79 - - [03/Nov/2024:05:20:21 +0100] "GET /ticket2/opencms/hy/buy?page=1&edid=E0AF4582-F291-60D7-7793-C6DEB6EAEA8A HTTP/1.1" 404 -
114.119.150.22 - - [03/Nov/2024:05:20:22 +0100] "GET /ticket2/opencms/en/venue/?venueid=EAA79C0D-ABC0-4CB3-40C0-8144A46B3F3A HTTP/1.1" 200 77072
193.70.81.106 - - [03/Nov/2024:05:20:24 +0100] "GET /ticket2/opencms/se/sv/sell/?edid=3D04CA40-DFC2-CAD0-691F-59BC78A9B973 HTTP/1.1" 404 -
217.113.194.220 - - [03/Nov/2024:05:20:27 +0100] "GET /ticket2/opencms/sr/buy?page=1&edid=ABE0D196-5A84-0064-2AAA-8BE846913E3B HTTP/1.1" 200 125864
157.90.209.79 - - [03/Nov/2024:05:20:28 +0100] "GET /ticket2/opencms/hy/buy?page=1&edid=E1CACBEB-5FB5-F359-D95F-1110648BB53A HTTP/1.1" 404 -
47.128.41.109 - - [03/Nov/2024:05:20:29 +0100] "GET /ticket2/opencms/is/ HTTP/1.1" 200 96679
193.70.81.106 - - [03/Nov/2024:05:20:29 +0100] "GET /ticket2/opencms/se/sv/sell/?edid=411DE37B-A492-42F8-E70C-4ADCF9F6F76B HTTP/1.1" 404 -
85.208.96.197 - - [03/Nov/2024:05:20:31 +0100] "GET /ticket2/opencms/dk/sport/fodboldbilletter/bundesliga/koln/ HTTP/1.1" 200 84650
47.128.98.65 - - [03/Nov/2024:05:20:31 +0100] "GET /ticket2/opencms/sv/buy/?catid=36394212-F82E-F845-399B-42BED55969CC&comcatid=A17713B6-D984-201A-4143-ED4DB5ED5C2E&eventid=8089A138-5EE7-E43F-C342-AAB9352CA1D1&page=6 HTTP/1.1" 200 107434
157.90.209.79 - - [03/Nov/2024:05:20:32 +0100] "GET /ticket2/opencms/hy/buy?page=1&edid=E289F96B-BF69-A88E-30C1-E3CA6BC29D6C HTTP/1.1" 404 -
47.128.98.65 - - [03/Nov/2024:05:20:33 +0100] "GET /ticket2/opencms/system/modules/com.gridnine.opencms.ticketbrokerage.site/resources/pics/arrow.gif HTTP/1.1" 200 344
193.70.81.106 - - [03/Nov/2024:05:20:34 +0100] "GET /ticket2/opencms/se/sv/sell/?edid=417ADFEF-F739-B537-3809-889A2832A17A HTTP/1.1" 404 -
157.90.209.79 - - [03/Nov/2024:05:20:34 +0100] "GET /ticket2/opencms/hy/buy?page=1&edid=E4AB8B9B-D715-946F-66CB-04AA56069E4B HTTP/1.1" 404 -
217.113.194.213 - - [03/Nov/2024:05:20:35 +0100] "GET /ticket2/opencms/sr/buy?page=1&edid=EBD76EAC-AEC0-E785-3251-70BCD173D524 HTTP/1.1" 200 101971
52.167.144.190 - - [03/Nov/2024:05:20:37 +0100] "GET /ticket2/opencms/be/buy?page=1&edid=CE59AAA1-87FD-9BEA-A575-9B308BFE891B HTTP/1.1" 200 104052
216.244.66.238 - - [03/Nov/2024:05:20:37 +0100] "GET /ticket2/opencms/sl/buy?page=1&edid=4CA369BE-7848-7A9B-1CC8-A6F58FD34D24 HTTP/1.1" 200 113054
157.90.209.79 - - [03/Nov/2024:05:20:38 +0100] "GET /ticket2/opencms/hy/buy?page=1&edid=E78BA40C-2406-9134-FABA-A11F16887BBA HTTP/1.1" 404 -
193.70.81.106 - - [03/Nov/2024:05:20:39 +0100] "GET /ticket2/opencms/se/sv/sell/?edid=42B4FA5E-16E8-1BBB-7074-4F94B4A8F703 HTTP/1.1" 404 -
40.77.167.30 - - [03/Nov/2024:05:20:41 +0100] "GET /ticket2/opencms/en/buy/?page=1&edid=656D28DC-44D7-F9B6-001A-A9537260D01A HTTP/1.1" 200 102905
157.90.209.79 - - [03/Nov/2024:05:20:41 +0100] "GET /ticket2/opencms/hy/buy?page=1&edid=E8BA54CC-B112-3D61-BE02-1B4D1E4F63D1 HTTP/1.1" 404 -
85.208.96.210 - - [03/Nov/2024:05:20:42 +0100] "GET /ticket2/opencms/nl HTTP/1.1" 200 94965
217.113.194.217 - - [03/Nov/2024:05:20:43 +0100] "GET /ticket2/opencms/sr/buy?page=1&edid=F6B52729-D385-1BA8-C061-8869A2499C82 HTTP/1.1" 200 99087
157.90.209.79 - - [03/Nov/2024:05:20:44 +0100] "GET /ticket2/opencms/hy/buy?page=1&edid=E9DB3A42-82BF-9B65-3ED4-EE5A32871388 HTTP/1.1" 404 -
193.70.81.106 - - [03/Nov/2024:05:20:44 +0100] "GET /ticket2/opencms/se/sv/sell/?edid=46484497-40E3-24DA-1A4A-CD115F7A9621 HTTP/1.1" 404 -
157.90.209.79 - - [03/Nov/2024:05:20:46 +0100] "GET /ticket2/opencms/hy/buy?page=1&edid=E9F0B041-BF0A-CE11-045F-89CD49D4FA7D HTTP/1.1" 404 -
193.70.81.106 - - [03/Nov/2024:05:20:49 +0100] "GET /ticket2/opencms/se/sv/sell/?edid=473A152A-D827-6DC6-AC96-593CF20EBAEA HTTP/1.1" 404 -
47.128.31.211 - - [03/Nov/2024:05:20:52 +0100] "GET /ticket2/opencms/fi/venue/?venueid=35DC5316-B52E-D8CB-55D2-7DC4685C4349 HTTP/1.1" 200 78544
217.113.194.219 - - [03/Nov/2024:05:20:52 +0100] "GET /ticket2/opencms/sr/buy?page=1&edid=B37AA1BF-8757-3784-2FC6-212DE9498BDD HTTP/1.1" 200 116019
157.90.209.79 - - [03/Nov/2024:05:20:52 +0100] "GET /ticket2/opencms/hy/buy?page=1&edid=EB31C882-2BE6-C517-726C-D721EBC90088 HTTP/1.1" 404 -
193.70.81.106 - - [03/Nov/2024:05:20:54 +0100] "GET /ticket2/opencms/se/sv/sell/?edid=4A0F205F-63D5-8062-94E1-77DEB206C6B8 HTTP/1.1" 404 -
157.90.209.79 - - [03/Nov/2024:05:20:54 +0100] "GET /ticket2/opencms/hy/buy?page=1&edid=EBF1342E-BB1A-F042-231F-198A898B67BA HTTP/1.1" 404 -
157.90.209.79 - - [03/Nov/2024:05:20:57 +0100] "GET /ticket2/opencms/hy/buy?page=1&edid=EC2BC309-3510-AA04-CA0C-F3088D5C1D31 HTTP/1.1" 404 -
193.70.81.106 - - [03/Nov/2024:05:20:59 +0100] "GET /ticket2/opencms/se/sv/sell/?edid=4D49F944-4302-4557-8809-6693BD3139C9 HTTP/1.1" 404 -
157.90.209.79 - - [03/Nov/2024:05:21:00 +0100] "GET /ticket2/opencms/hy/buy?page=1&edid=EE1094B0-5F8D-7F5A-3592-6F4F9BDBF532 HTTP/1.1" 404 -
217.113.194.220 - - [03/Nov/2024:05:21:01 +0100] "GET /ticket2/opencms/sr/buy?page=1&edid=E736C9F8-9994-137E-6A67-CF3119BB4296 HTTP/1.1" 200 101418
157.90.209.79 - - [03/Nov/2024:05:21:03 +0100] "GET /ticket2/opencms/hy/buy?page=1&edid=EFCA122E-EFD5-12F8-6F83-6930A0BC1F37 HTTP/1.1" 404 -
114.119.165.226 - - [03/Nov/2024:05:21:04 +0100] "GET /ticket2/opencms/en/sell/?edid=7FF1B39E-633B-78E9-D7CF-938FA162614A HTTP/1.1" 302 -
193.70.81.106 - - [03/Nov/2024:05:21:04 +0100] "GET /ticket2/opencms/se/sv/sell/?edid=4E224E70-D98F-49F7-93EA-A39EF22C3517 HTTP/1.1" 404 -
157.90.209.79 - - [03/Nov/2024:05:21:07 +0100] "GET /ticket2/opencms/hy/buy?page=1&edid=F096D1AD-EE12-C298-2137-D6BD382A6C8C HTTP/1.1" 404 -
185.191.171.14 - - [03/Nov/2024:05:21:07 +0100] "GET /ticket2/opencms/de/magazine/article?title=crystal-palace HTTP/1.1" 200 82229
114.119.165.226 - - [03/Nov/2024:05:21:08 +0100] "GET /ticket2/opencms/en/login/?url=/en/sell/ HTTP/1.1" 200 81870
47.128.48.111 - - [03/Nov/2024:05:21:08 +0100] "GET /ticket2/opencms/sv/magazine/article?title=svenska-talangen-lucas-bergvall-klar-for-tottenham-hotspur HTTP/1.1" 200 82547
217.113.194.212 - - [03/Nov/2024:05:21:09 +0100] "GET /ticket2/opencms/sr/buy?page=1&edid=FA00198D-D50F-CDFF-DB93-CC8DBFA98BAC HTTP/1.1" 200 102562
193.70.81.106 - - [03/Nov/2024:05:21:09 +0100] "GET /ticket2/opencms/se/sv/sell/?edid=4F1B6DF5-628F-F25D-981B-BD9489467C6D HTTP/1.1" 404 -
157.90.209.79 - - [03/Nov/2024:05:21:11 +0100] "GET /ticket2/opencms/hy/buy?page=1&edid=F1463EBE-6C18-CF49-B2AE-F79868BCA4F5 HTTP/1.1" 404 -
47.128.48.111 - - [03/Nov/2024:05:21:12 +0100] "GET /ticket2/opencms/img/tottenham_hug.jpg HTTP/1.1" 200 170886
157.90.209.79 - - [03/Nov/2024:05:21:13 +0100] "GET /ticket2/opencms/hy/buy?page=1&edid=F70FF3E6-2D68-06C1-2E1B-CFF8AEEA395A HTTP/1.1" 404 -
193.70.81.106 - - [03/Nov/2024:05:21:14 +0100] "GET /ticket2/opencms/se/sv/sell/?edid=5138FC8A-43AB-96D8-7F30-D22430A7040E HTTP/1.1" 404 -
157.90.209.79 - - [03/Nov/2024:05:21:15 +0100] "GET /ticket2/opencms/hy/buy?page=1&edid=F75A8704-39CC-1233-9E9B-2121B4DFC51E HTTP/1.1" 404 -
185.191.171.1 - - [03/Nov/2024:05:21:15 +0100] "GET /ticket2/opencms/fr/buy_safety HTTP/1.1" 200 82431
37.123.143.11 - - [03/Nov/2024:05:21:15 +0100] "GET /ticket2/opencms/system/workplace/views/top_foot.jsp?wpFrame=foot HTTP/1.1" 200 1210
37.123.143.11 - - [03/Nov/2024:05:21:15 +0100] "GET /ticket2/opencms/system/workplace/commons/style/workplace.css HTTP/1.1" 200 14209
47.128.52.192 - - [03/Nov/2024:05:21:16 +0100] "GET /ticket2/opencms/fi/venue/?venueid=2C05FD8F-0F8B-4EB0-A1C9-4F2046334E3E HTTP/1.1" 200 78539
217.113.194.221 - - [03/Nov/2024:05:21:17 +0100] "GET /ticket2/opencms/sr/buy?page=1&edid=D5607A12-0D2A-220B-7825-3437A34BC772 HTTP/1.1" 200 101463
114.119.150.49 - - [03/Nov/2024:05:21:18 +0100] "GET /ticket2/opencms/en/venue/?countryid=E7736334-EC5F-4E42-8871-FF5303C85500 HTTP/1.1" 200 107089
157.90.209.79 - - [03/Nov/2024:05:21:18 +0100] "GET /ticket2/opencms/hy/buy?page=1&edid=F86B9858-FECA-8B69-0345-5BABEB4E1340 HTTP/1.1" 404 -
185.191.171.13 - - [03/Nov/2024:05:21:19 +0100] "GET /ticket2/opencms/sl/faq/ HTTP/1.1" 200 81978
193.70.81.106 - - [03/Nov/2024:05:21:19 +0100] "GET /ticket2/opencms/se/sv/sell/?edid=517CB8F1-1013-72C0-7B50-AF0B26D8A5BE HTTP/1.1" 404 -
193.70.81.106 - - [03/Nov/2024:05:21:24 +0100] "GET /ticket2/opencms/se/sv/sell/?edid=51B2CB32-7951-739E-6893-05415B594B46 HTTP/1.1" 404 -
185.191.171.5 - - [03/Nov/2024:05:21:25 +0100] "GET /ticket2/opencms/fr/ HTTP/1.1" 200 96985
217.113.194.212 - - [03/Nov/2024:05:21:26 +0100] "GET /ticket2/opencms/sr/buy?page=1&edid=C1D0812E-1703-067D-2D9C-BFDC80B28816 HTTP/1.1" 200 99083
157.90.209.79 - - [03/Nov/2024:05:21:26 +0100] "GET /ticket2/opencms/hy/buy?page=1&edid=F8A721FB-6959-3E3B-0E9C-2BF5336E70F2 HTTP/1.1" 404 -
157.90.209.79 - - [03/Nov/2024:05:21:28 +0100] "GET /ticket2/opencms/hy/buy?page=1&edid=F93A2292-3F60-7656-2C0B-2AB157A0BB0B HTTP/1.1" 404 -
193.70.81.106 - - [03/Nov/2024:05:21:29 +0100] "GET /ticket2/opencms/se/sv/sell/?edid=529D645D-E454-0A79-EC53-E61958917FA4 HTTP/1.1" 404 -
157.90.209.79 - - [03/Nov/2024:05:21:32 +0100] "GET /ticket2/opencms/hy/buy?page=1&edid=FA047031-F510-E911-0280-BC3ADCB159FC HTTP/1.1" 404 -
193.70.81.106 - - [03/Nov/2024:05:21:34 +0100] "GET /ticket2/opencms/se/sv/sell/?edid=5334896C-C3F5-3C15-5145-9352C3FF461E HTTP/1.1" 404 -
217.113.194.217 - - [03/Nov/2024:05:21:34 +0100] "GET /ticket2/opencms/sr/buy?page=1&edid=AF02C319-B532-4F64-9DCF-3BBAABF04F0D HTTP/1.1" 200 102407
157.90.209.79 - - [03/Nov/2024:05:21:38 +0100] "GET /ticket2/opencms/hy/buy?page=1&edid=FB201BEF-97AC-F5AA-1C79-FCD23FE64214 HTTP/1.1" 404 -
193.70.81.106 - - [03/Nov/2024:05:21:38 +0100] "GET /ticket2/opencms/se/sv/sell/?edid=53761E65-F89B-BBEE-6188-DCF95DA0DC4F HTTP/1.1" 404 -
85.208.96.201 - - [03/Nov/2024:05:21:39 +0100] "GET /ticket2/opencms/bs/about/press/ HTTP/1.1" 200 80270
185.191.171.7 - - [03/Nov/2024:05:21:40 +0100] "GET /ticket2/opencms/fr/magazine/article?title=manchester-united HTTP/1.1" 200 82983
157.90.209.79 - - [03/Nov/2024:05:21:40 +0100] "GET /ticket2/opencms/hy/buy?page=1&edid=FC797166-D971-D25F-0FB0-A6DA82828914 HTTP/1.1" 404 -
47.128.122.142 - - [03/Nov/2024:05:21:40 +0100] "GET /ticket2/opencms/fi/venue/?venueid=02AFC272-1907-E3AB-F16C-DCE72603B25E HTTP/1.1" 200 78584
217.113.194.216 - - [03/Nov/2024:05:21:43 +0100] "GET /ticket2/opencms/sr/buy?page=1&edid=BC277D23-30B8-D5EE-234A-A476676DA5A3 HTTP/1.1" 200 99143
193.70.81.106 - - [03/Nov/2024:05:21:43 +0100] "GET /ticket2/opencms/se/sv/sell/?edid=537E47C5-9FA8-45F8-7FD1-A8BAFFA273EB HTTP/1.1" 404 -
157.90.209.79 - - [03/Nov/2024:05:21:43 +0100] "GET /ticket2/opencms/hy/buy?page=1&edid=FD4DCA3B-ED43-1043-8648-63C229A27832 HTTP/1.1" 404 -
130.226.228.72 - - [03/Nov/2024:05:21:44 +0100] "GET /ticket2/opencms/robots.txt HTTP/1.0" 200 773
130.226.228.72 - - [03/Nov/2024:05:21:45 +0100] "GET /ticket2/opencms/set_aff_cookie.jsp?partner=2E02071B-A8C3-4CBA-3097-C27D61C02ED8&url=http://www.ticket2.com/dk/sport/fodboldbilletter/premier-league/tottenham/index.html HTTP/1.0" 200 189
157.90.209.79 - - [03/Nov/2024:05:21:47 +0100] "GET /ticket2/opencms/hy/buy?page=1&edid=FDE2CB1B-737B-857F-7431-BD450E7D3BBB HTTP/1.1" 404 -
85.208.96.200 - - [03/Nov/2024:05:21:48 +0100] "GET /ticket2/opencms/sl/buying_tickets/ HTTP/1.1" 200 80564
193.70.81.106 - - [03/Nov/2024:05:21:48 +0100] "GET /ticket2/opencms/se/sv/sell/?edid=54BC0AF8-3720-D66A-5AD0-066E4CC436DA HTTP/1.1" 404 -
157.90.209.79 - - [03/Nov/2024:05:21:51 +0100] "GET /ticket2/opencms/hy/buy?page=1&edid=FEE25E36-04D3-46C8-6D56-05013D91539C HTTP/1.1" 404 -
217.113.194.216 - - [03/Nov/2024:05:21:51 +0100] "GET /ticket2/opencms/sr/buy?page=1&edid=B422C598-4610-0185-89CA-0FDFEB7BE014 HTTP/1.1" 200 101407
47.128.35.170 - - [03/Nov/2024:05:21:53 +0100] "GET /ticket2/opencms/en/buy/?edid=F6626DB9-CF49-C060-B5A0-E4907286C489 HTTP/1.1" 200 79757
193.70.81.106 - - [03/Nov/2024:05:21:53 +0100] "GET /ticket2/opencms/se/sv/sell/?edid=55665BB1-2F3D-DED5-E2AC-E89B6A948AE6 HTTP/1.1" 404 -
85.208.96.209 - - [03/Nov/2024:05:21:54 +0100] "GET /ticket2/opencms/en/sport/football-tickets/serie_a/lazio/ HTTP/1.1" 200 87073
157.90.209.79 - - [03/Nov/2024:05:21:55 +0100] "GET /ticket2/opencms/hy/buy?page=1&edid=FF0B58BB-4754-B119-52E9-C2F4B119009E HTTP/1.1" 404 -
193.70.81.106 - - [03/Nov/2024:05:21:59 +0100] "GET /ticket2/opencms/se/sv/sell/?edid=56E27B8B-7D7B-936D-9F08-182502FAC3B1 HTTP/1.1" 404 -
157.90.209.79 - - [03/Nov/2024:05:21:59 +0100] "GET /ticket2/opencms/hy/buy?page=1&edid=FF312D4E-5B6B-8FA5-BA69-635DC61A8F79 HTTP/1.1" 404 -
47.128.48.147 - - [03/Nov/2024:05:22:00 +0100] "GET /ticket2/opencms/pl/buy/?catid=6E0E0CA4-3F14-9697-92B9-3687047BE453&comcatid=A17713B6-D984-201A-4143-ED4DB5ED5C2E HTTP/1.1" 200 93810
217.113.194.219 - - [03/Nov/2024:05:22:00 +0100] "GET /ticket2/opencms/sr/buy?page=1&edid=B5C7399B-C087-FF38-4294-BB861C1DB4F9 HTTP/1.1" 200 125863
193.70.81.106 - - [03/Nov/2024:05:22:04 +0100] "GET /ticket2/opencms/se/sv/sell/?edid=5704F8FD-9CBB-9159-7288-CA17B9D0D4E2 HTTP/1.1" 404 -
157.90.209.79 - - [03/Nov/2024:05:22:04 +0100] "GET /ticket2/opencms/hy/buy?page=10&eventid=19AD6356-6E10-9C9F-9FF7-23862BF7038B HTTP/1.1" 404 -
47.128.116.227 - - [03/Nov/2024:05:22:05 +0100] "GET /ticket2/opencms/fi/venue/?venueid=43CA93E8-7019-BD08-6A52-02613BB0F965 HTTP/1.1" 200 78520
157.90.209.79 - - [03/Nov/2024:05:22:07 +0100] "GET /ticket2/opencms/hy/buy?page=10&eventid=1C0FC89D-D539-28E4-3F58-11BCE29E4CA8 HTTP/1.1" 404 -
193.70.81.106 - - [03/Nov/2024:05:22:09 +0100] "GET /ticket2/opencms/se/sv/sell/?edid=57F16BDD-379D-E68F-34EA-86B693F63ED7 HTTP/1.1" 404 -
217.113.194.219 - - [03/Nov/2024:05:22:09 +0100] "GET /ticket2/opencms/sr/buy?page=1&edid=B089B4B8-933D-AB70-BE65-2A133877E5AC HTTP/1.1" 200 126788
157.90.209.79 - - [03/Nov/2024:05:22:13 +0100] "GET /ticket2/opencms/hy/buy?page=10&eventid=29425CD0-51B2-1314-2678-3AB7A21FD119 HTTP/1.1" 404 -
193.70.81.106 - - [03/Nov/2024:05:22:13 +0100] "GET /ticket2/opencms/se/sv/sell/?edid=5C8B3B85-933A-05F1-6523-80053ADA509F HTTP/1.1" 404 -
157.90.209.79 - - [03/Nov/2024:05:22:15 +0100] "GET /ticket2/opencms/hy/buy?page=10&eventid=8089A138-5EE7-E43F-C342-AAB9352CA1D1 HTTP/1.1" 404 -
154.54.249.216 - - [03/Nov/2024:05:22:17 +0100] "GET /ticket2/opencms/sr/buy?page=1&edid=D08931AA-445E-BC00-3BB5-1EF2DCED50E2 HTTP/1.1" 200 99093
157.90.209.79 - - [03/Nov/2024:05:22:18 +0100] "GET /ticket2/opencms/hy/buy?page=10&eventid=B45AC244-DB10-0539-6625-12AA68C37378 HTTP/1.1" 404 -
193.70.81.106 - - [03/Nov/2024:05:22:19 +0100] "GET /ticket2/opencms/se/sv/sell/?edid=5CB52156-5806-1511-4443-FA573AEB360B HTTP/1.1" 404 -
185.191.171.9 - - [03/Nov/2024:05:22:21 +0100] "GET /ticket2/opencms/de/magazine/article?title=kaufe-bundesliga-tickets-auf-ticket2com HTTP/1.1" 200 80190
157.90.209.79 - - [03/Nov/2024:05:22:22 +0100] "GET /ticket2/opencms/hy/buy?page=10&eventid=C7B8839D-D05D-58E7-D08F-88E8ADCFDD77 HTTP/1.1" 404 -
193.70.81.106 - - [03/Nov/2024:05:22:24 +0100] "GET /ticket2/opencms/se/sv/sell/?edid=5DB082CF-9F35-D360-53D3-670AC3A63FB5 HTTP/1.1" 404 -
217.113.194.216 - - [03/Nov/2024:05:22:26 +0100] "GET /ticket2/opencms/sr/buy?page=1&edid=AD367739-9B97-22E1-AB45-C515C55EA5C1 HTTP/1.1" 200 102711
85.208.96.210 - - [03/Nov/2024:05:22:26 +0100] "GET /ticket2/opencms/nl/sport/voetbal-tickets/la_liga/girona/ HTTP/1.1" 200 78461
157.90.209.79 - - [03/Nov/2024:05:22:27 +0100] "GET /ticket2/opencms/hy/buy?page=10&eventid=E31CD708-FD95-F485-CDCC-6597CCC5D7AD HTTP/1.1" 404 -
193.70.81.106 - - [03/Nov/2024:05:22:29 +0100] "GET /ticket2/opencms/se/sv/sell/?edid=62367EB0-CF21-D86E-54EE-409133734B40 HTTP/1.1" 404 -
47.128.52.222 - - [03/Nov/2024:05:22:29 +0100] "GET /ticket2/opencms/it/about/contact HTTP/1.1" 200 80861
47.128.52.222 - - [03/Nov/2024:05:22:30 +0100] "GET /ticket2/opencms/system/modules/com.gridnine.opencms.ticketbrokerage.site/resources/css/images/event-banner.png HTTP/1.1" 404 -
47.128.44.239 - - [03/Nov/2024:05:22:31 +0100] "GET /ticket2/opencms/mo/buy/?edid=2A5115AC-406A-4B75-8C58-8CC7E9F2521F HTTP/1.1" 200 81521
157.90.209.79 - - [03/Nov/2024:05:22:31 +0100] "GET /ticket2/opencms/hy/buy?page=10&eventid=FF812D0C-FCB2-7645-0CFD-1ACFB0013262 HTTP/1.1" 404 -
193.70.81.106 - - [03/Nov/2024:05:22:34 +0100] "GET /ticket2/opencms/se/sv/sell/?edid=62562217-76BA-D78D-2133-BC27A23FFCB8 HTTP/1.1" 404 -
217.113.194.214 - - [03/Nov/2024:05:22:35 +0100] "GET /ticket2/opencms/sr/buy?page=1&edid=C8463748-B145-33AD-CEE6-A9DF95CEBC4A HTTP/1.1" 200 112431
157.90.209.79 - - [03/Nov/2024:05:22:35 +0100] "GET /ticket2/opencms/hy/buy?page=6&comcatid=A17713B6-D984-201A-4143-ED4DB5ED5C2E&catid=E961462E-5AC2-64D6-5850-A310C9DEAA06 HTTP/1.1" 404 -
193.70.81.106 - - [03/Nov/2024:05:22:39 +0100] "GET /ticket2/opencms/se/sv/sell/?edid=631B7B95-4A80-92E3-56CC-8C92B2697E4D HTTP/1.1" 404 -
157.90.209.79 - - [03/Nov/2024:05:22:40 +0100] "GET /ticket2/opencms/is/about/ HTTP/1.1" 500 -
185.191.171.9 - - [03/Nov/2024:05:22:41 +0100] "GET /ticket2/opencms/fi/urheilu/jalkapallo/serie_a/atalanta/ HTTP/1.1" 200 88308
217.113.194.212 - - [03/Nov/2024:05:22:43 +0100] "GET /ticket2/opencms/sr/buy?page=1&edid=CFE360AF-C3A3-E65E-3123-D315A12D77A9 HTTP/1.1" 200 102487
