194.247.173.99 - - [03/Nov/2024:03:43:56 +0100] "GET /ticket2/opencms/dk/robots.txt HTTP/1.1" 404 -
192.99.9.92 - - [03/Nov/2024:03:43:58 +0100] "GET /ticket2/opencms/dk/no/buy/?page=1&edid=71698F2E-1C68-DC0D-22EE-FD9B2AEF4453&sortorder=asc&column=row HTTP/1.1" 404 -
81.167.26.57 - - [03/Nov/2024:03:43:58 +0100] "GET /ticket2/opencms/se/ru/buy/?page=1&edid=C2CD3885-D663-89B2-61C9-751DA9A6EAB2&sortorder=asc&column=price HTTP/1.1" 404 -
157.90.209.79 - - [03/Nov/2024:03:44:01 +0100] "GET /ticket2/opencms/ga/buy/?page=1&edid=B5480FEC-C7FC-18FB-0EEB-9717E2722B5A HTTP/1.1" 200 111651
114.119.152.134 - - [03/Nov/2024:03:44:01 +0100] "GET /ticket2/opencms/en/buy?page=1&edid=A848EC15-222C-39E8-21F1-435F0F918573 HTTP/1.1" 200 99560
217.113.194.213 - - [03/Nov/2024:03:44:01 +0100] "GET /ticket2/opencms/sr/sport/fudbalske-karte/premier-league/fulham HTTP/1.1" 200 97027
192.99.9.92 - - [03/Nov/2024:03:44:02 +0100] "GET /ticket2/opencms/dk/no/buy/?page=1&edid=71F4B3AC-4D73-186A-EB10-1663B04184B6&sortorder=desc&column=row HTTP/1.1" 404 -
194.247.173.99 - - [03/Nov/2024:03:44:04 +0100] "GET /ticket2/opencms/dk/no/buy/?page=1&edid=3726B968-2603-116B-477A-9E91ACB390B1&sortorder=asc&column=section HTTP/1.1" 404 -
192.99.9.92 - - [03/Nov/2024:03:44:05 +0100] "GET /ticket2/opencms/dk/no/buy/?page=1&edid=7301640B-042B-89BA-0D98-666EEE6D991E&sortorder=asc&column=price HTTP/1.1" 404 -
157.90.209.79 - - [03/Nov/2024:03:44:06 +0100] "GET /ticket2/opencms/ga/buy/?page=1&edid=B6B8349F-A5AA-C742-11D5-2D7AB719C807 HTTP/1.1" 200 125233
194.247.173.99 - - [03/Nov/2024:03:44:09 +0100] "GET /ticket2/opencms/dk/no/buy/?page=1&edid=37CCBCCA-CDAD-6DBB-02E4-092F4F3842E9&sortorder=asc&column=price HTTP/1.1" 404 -
192.99.9.92 - - [03/Nov/2024:03:44:10 +0100] "GET /ticket2/opencms/dk/no/buy/?page=1&edid=7301640B-042B-89BA-0D98-666EEE6D991E&sortorder=asc&column=row HTTP/1.1" 404 -
217.113.194.213 - - [03/Nov/2024:03:44:11 +0100] "GET /ticket2/opencms/sr/sport/fudbalske-karte/premier-league/manchester-city HTTP/1.1" 200 98096
159.138.102.136 - - [03/Nov/2024:03:44:11 +0100] "GET /ticket2/opencms/de/magazine/article?title=lucas-bergvall-ein-neuer-david-beckham HTTP/1.1" 200 80990
81.167.26.57 - - [03/Nov/2024:03:44:11 +0100] "GET /ticket2/opencms/se/ru/buy/?page=1&edid=C2CD3885-D663-89B2-61C9-751DA9A6EAB2&sortorder=asc&column=section HTTP/1.1" 404 -
85.208.96.204 - - [03/Nov/2024:03:44:12 +0100] "GET /ticket2/opencms/dk/sport/fodboldbilletter/ligue_1/ HTTP/1.1" 200 80202
192.99.9.92 - - [03/Nov/2024:03:44:13 +0100] "GET /ticket2/opencms/dk/no/buy/?page=1&edid=739E0803-1C1B-F2C0-1BBA-C74FC56F4279&sortorder=asc&column=price HTTP/1.1" 404 -
157.90.209.79 - - [03/Nov/2024:03:44:13 +0100] "GET /ticket2/opencms/ga/buy/?page=1&edid=B7C31852-4938-05B8-A23C-0248E7A3D5BA HTTP/1.1" 200 123934
81.167.26.57 - - [03/Nov/2024:03:44:15 +0100] "GET /ticket2/opencms/se/ru/buy/?page=1&edid=C2CD3885-D663-89B2-61C9-751DA9A6EAB2&sortorder=desc&column=price HTTP/1.1" 404 -
194.247.173.99 - - [03/Nov/2024:03:44:16 +0100] "GET /ticket2/opencms/dk/no/buy/?page=1&edid=48BCEF73-0B8A-F4F2-25F8-5A95ADAF131D&sortorder=desc&column=section HTTP/1.1" 404 -
192.99.9.92 - - [03/Nov/2024:03:44:18 +0100] "GET /ticket2/opencms/dk/no/buy/?page=1&edid=739E0803-1C1B-F2C0-1BBA-C74FC56F4279&sortorder=asc&column=row HTTP/1.1" 404 -
81.167.26.57 - - [03/Nov/2024:03:44:19 +0100] "GET /ticket2/opencms/se/ru/buy/?page=1&edid=C2CD3885-D663-89B2-61C9-751DA9A6EAB2&sortorder=desc&column=row HTTP/1.1" 404 -
157.90.209.79 - - [03/Nov/2024:03:44:20 +0100] "GET /ticket2/opencms/ga/buy/?page=1&edid=B8EF6180-227A-800A-63E5-9809623FC791 HTTP/1.1" 200 117493
217.113.194.218 - - [03/Nov/2024:03:44:20 +0100] "GET /ticket2/opencms/sr/sport/fudbalske-karte/premier-league/tottenham HTTP/1.1" 200 97792
194.247.173.99 - - [03/Nov/2024:03:44:20 +0100] "GET /ticket2/opencms/dk/no/buy/?page=1&edid=4C6028FD-892E-FCA1-AE33-729323D34B0F&sortorder=asc&column=price HTTP/1.1" 404 -
192.99.9.92 - - [03/Nov/2024:03:44:22 +0100] "GET /ticket2/opencms/dk/no/buy/?page=1&edid=739E0803-1C1B-F2C0-1BBA-C74FC56F4279&sortorder=asc&column=section HTTP/1.1" 404 -
81.167.26.57 - - [03/Nov/2024:03:44:22 +0100] "GET /ticket2/opencms/se/ru/buy/?page=1&edid=C2CD3885-D663-89B2-61C9-751DA9A6EAB2&sortorder=desc&column=section HTTP/1.1" 404 -
194.247.173.99 - - [03/Nov/2024:03:44:25 +0100] "GET /ticket2/opencms/dk/no/buy/?page=1&edid=4D293451-8836-ADDD-DEC6-CDBE62A73185&sortorder=desc&column=row HTTP/1.1" 404 -
157.90.209.79 - - [03/Nov/2024:03:44:26 +0100] "GET /ticket2/opencms/ga/buy/?page=1&edid=B9A56D83-AD94-045F-A8C5-86B02F52A7C5 HTTP/1.1" 200 135760
192.99.9.92 - - [03/Nov/2024:03:44:26 +0100] "GET /ticket2/opencms/dk/no/buy/?page=1&edid=73D8189D-DEDA-4F8B-BA1C-9AC984A743C2 HTTP/1.1" 404 -
114.119.132.57 - - [03/Nov/2024:03:44:27 +0100] "GET /ticket2/opencms/en/buy/?page=1&edid=C83A2B0C-E203-10B7-6643-526DB7D6CD35 HTTP/1.1" 200 99311
217.113.194.219 - - [03/Nov/2024:03:44:28 +0100] "GET /ticket2/opencms/sv/magazine/article?title=anfield-liverpools-hemmaarena HTTP/1.1" 200 82202
81.167.26.57 - - [03/Nov/2024:03:44:28 +0100] "GET /ticket2/opencms/se/ru/buy/?page=1&edid=C31EB894-C700-DF4A-F882-C4D20878235C&sortorder=desc&column=row HTTP/1.1" 404 -
194.247.173.99 - - [03/Nov/2024:03:44:29 +0100] "GET /ticket2/opencms/dk/no/buy/?page=1&edid=4DFD7C11-2C35-3283-4402-277F6FE28430 HTTP/1.1" 404 -
157.90.209.79 - - [03/Nov/2024:03:44:30 +0100] "GET /ticket2/opencms/ga/buy/?page=1&edid=BBF51855-649C-7AAC-A9CD-362F8BD9BD25 HTTP/1.1" 200 111654
81.167.26.57 - - [03/Nov/2024:03:44:32 +0100] "GET /ticket2/opencms/se/ru/buy/?page=1&edid=C31EB894-C700-DF4A-F882-C4D20878235C&sortorder=desc&column=section HTTP/1.1" 404 -
194.247.173.99 - - [03/Nov/2024:03:44:33 +0100] "GET /ticket2/opencms/dk/no/buy/?page=1&edid=4DFD7C11-2C35-3283-4402-277F6FE28430&sortorder=desc&column=price HTTP/1.1" 404 -
192.99.9.92 - - [03/Nov/2024:03:44:33 +0100] "GET /ticket2/opencms/dk/no/buy/?page=1&edid=749F5230-DCF2-8C68-63DC-F53A65BE28B8&sortorder=desc&column=row HTTP/1.1" 404 -
81.167.26.57 - - [03/Nov/2024:03:44:35 +0100] "GET /ticket2/opencms/se/ru/buy/?page=1&edid=C36D4538-6F71-EA2F-64B4-7D4CEC98588D&sortorder=asc&column=price HTTP/1.1" 404 -
157.90.209.79 - - [03/Nov/2024:03:44:36 +0100] "GET /ticket2/opencms/ga/buy/?page=1&edid=BE8C7FA0-9E48-EAB3-3A70-9E9F9EA30F95 HTTP/1.1" 200 136962
192.99.9.92 - - [03/Nov/2024:03:44:37 +0100] "GET /ticket2/opencms/dk/no/buy/?page=1&edid=75CD70E1-6A6A-D58B-3753-A6F093B3BD54&sortorder=desc&column=section HTTP/1.1" 404 -
217.113.194.219 - - [03/Nov/2024:03:44:38 +0100] "GET /ticket2/opencms/es/deporte/entradas-futbol/premier-league/wolverhampton HTTP/1.1" 200 97944
81.167.26.57 - - [03/Nov/2024:03:44:39 +0100] "GET /ticket2/opencms/se/ru/buy/?page=1&edid=C36D4538-6F71-EA2F-64B4-7D4CEC98588D&sortorder=asc&column=row HTTP/1.1" 404 -
194.247.173.99 - - [03/Nov/2024:03:44:39 +0100] "GET /ticket2/opencms/dk/no/buy/?page=1&edid=4DFD7C11-2C35-3283-4402-277F6FE28430&sortorder=desc&column=row HTTP/1.1" 404 -
157.90.209.79 - - [03/Nov/2024:03:44:40 +0100] "GET /ticket2/opencms/ga/buy/?page=1&edid=BE9D8283-8353-3049-DA1C-50EC3CD6221D HTTP/1.1" 200 102355
194.247.173.99 - - [03/Nov/2024:03:44:43 +0100] "GET /ticket2/opencms/dk/no/buy/?page=1&edid=4DFD7C11-2C35-3283-4402-277F6FE28430&sortorder=desc&column=section HTTP/1.1" 404 -
81.167.26.57 - - [03/Nov/2024:03:44:44 +0100] "GET /ticket2/opencms/se/ru/buy/?page=1&edid=C36D4538-6F71-EA2F-64B4-7D4CEC98588D&sortorder=asc&column=section HTTP/1.1" 404 -
185.191.171.12 - - [03/Nov/2024:03:44:44 +0100] "GET /ticket2/opencms/hu/buy_safety/ HTTP/1.1" 200 81009
157.90.209.79 - - [03/Nov/2024:03:44:46 +0100] "GET /ticket2/opencms/ga/buy/?page=1&edid=BFAFDC2C-908C-DD1E-38F3-2E405A281188 HTTP/1.1" 200 130714
192.99.9.92 - - [03/Nov/2024:03:44:46 +0100] "GET /ticket2/opencms/dk/no/buy/?page=1&edid=75FF6D71-09F5-D46B-0F5F-60B05A57DEC1&sortorder=desc&column=row HTTP/1.1" 404 -
217.113.194.212 - - [03/Nov/2024:03:44:47 +0100] "GET /ticket2/opencms/lv/sport/futbola-biletes/premier-league/fulham HTTP/1.1" 200 96346
81.167.26.57 - - [03/Nov/2024:03:44:47 +0100] "GET /ticket2/opencms/se/ru/buy/?page=1&edid=C36D4538-6F71-EA2F-64B4-7D4CEC98588D&sortorder=desc&column=price HTTP/1.1" 404 -
194.247.173.99 - - [03/Nov/2024:03:44:48 +0100] "GET /ticket2/opencms/dk/no/buy/?page=1&edid=51007640-25DF-99F0-0740-46430A626338 HTTP/1.1" 404 -
192.99.9.92 - - [03/Nov/2024:03:44:50 +0100] "GET /ticket2/opencms/dk/no/buy/?page=1&edid=75FF6D71-09F5-D46B-0F5F-60B05A57DEC1&sortorder=desc&column=section HTTP/1.1" 404 -
157.90.209.79 - - [03/Nov/2024:03:44:51 +0100] "GET /ticket2/opencms/ga/buy/?page=1&edid=C05AA481-967A-A4D1-E287-ECBF3F52D776 HTTP/1.1" 200 102473
194.247.173.99 - - [03/Nov/2024:03:44:51 +0100] "GET /ticket2/opencms/dk/no/buy/?page=1&edid=517A50ED-F64F-1CFB-FDC1-54D2A7704E06&sortorder=asc&column=section HTTP/1.1" 404 -
81.167.26.57 - - [03/Nov/2024:03:44:52 +0100] "GET /ticket2/opencms/se/ru/buy/?page=1&edid=C3C3C4B4-8DE9-0BBD-5349-6EF9935BCF15&sortorder=desc&column=price HTTP/1.1" 404 -
154.54.249.216 - - [03/Nov/2024:03:44:55 +0100] "GET /ticket2/opencms/sites/ticketbrokerage/sv/tickets/birmingham/ HTTP/1.1" 404 -
157.90.209.79 - - [03/Nov/2024:03:44:55 +0100] "GET /ticket2/opencms/ga/buy/?page=1&edid=C15AE28C-73DB-6928-32A1-4EC14A77EEA7 HTTP/1.1" 200 125235
81.167.26.57 - - [03/Nov/2024:03:44:55 +0100] "GET /ticket2/opencms/se/ru/buy/?page=1&edid=C3C3C4B4-8DE9-0BBD-5349-6EF9935BCF15&sortorder=desc&column=section HTTP/1.1" 404 -
194.247.173.99 - - [03/Nov/2024:03:44:55 +0100] "GET /ticket2/opencms/dk/no/buy/?page=1&edid=51B2CB32-7951-739E-6893-05415B594B46&sortorder=desc&column=price HTTP/1.1" 404 -
192.99.9.92 - - [03/Nov/2024:03:44:56 +0100] "GET /ticket2/opencms/dk/no/buy/?page=1&edid=7620AC05-C07D-20B0-5C26-2BB0AB225757&sortorder=asc&column=price HTTP/1.1" 404 -
192.99.9.92 - - [03/Nov/2024:03:44:59 +0100] "GET /ticket2/opencms/dk/no/buy/?page=1&edid=7620AC05-C07D-20B0-5C26-2BB0AB225757&sortorder=asc&column=section HTTP/1.1" 404 -
194.247.173.99 - - [03/Nov/2024:03:44:59 +0100] "GET /ticket2/opencms/dk/no/buy/?page=1&edid=51B2CB32-7951-739E-6893-05415B594B46&sortorder=desc&column=section HTTP/1.1" 404 -
81.167.26.57 - - [03/Nov/2024:03:44:59 +0100] "GET /ticket2/opencms/se/ru/buy/?page=1&edid=C3DECC82-3913-4A09-A7B2-D4DC592CF8F8&sortorder=asc&column=price HTTP/1.1" 404 -
47.128.50.24 - - [03/Nov/2024:03:45:00 +0100] "GET /ticket2/opencms/tr/buy?page=10&venueid=1F514823-A8B2-64F2-1969-4417BA1D08C9 HTTP/1.1" 302 -
51.38.181.206 - - [03/Nov/2024:03:45:00 +0100] "GET /ticket2/opencms/se/sv/sell/?edid=E6A0D150-7FB8-206E-FF7A-726E9CDFB1A5 HTTP/1.1" 404 -
47.128.50.24 - - [03/Nov/2024:03:45:01 +0100] "GET /ticket2/opencms/es/buy/ HTTP/1.1" 200 79196
194.247.173.99 - - [03/Nov/2024:03:45:03 +0100] "GET /ticket2/opencms/dk/ru/buy/?page=1&edid=DF02524D-6D73-C81F-DAF2-1835F879AE07&sortorder=desc&column=section HTTP/1.1" 404 -
192.99.9.92 - - [03/Nov/2024:03:45:03 +0100] "GET /ticket2/opencms/dk/no/buy/?page=1&edid=7648D9E9-42B2-1F44-233F-FA7315CB8C4F HTTP/1.1" 404 -
185.191.171.6 - - [03/Nov/2024:03:45:06 +0100] "GET /ticket2/opencms/uk/login/ HTTP/1.1" 200 83847
194.247.173.99 - - [03/Nov/2024:03:45:07 +0100] "GET /ticket2/opencms/dk/ru/buy/?page=1&edid=E06EFED9-CC5A-5F98-262D-6C2F7A4149DA&sortorder=asc&column=price HTTP/1.1" 404 -
192.99.9.92 - - [03/Nov/2024:03:45:07 +0100] "GET /ticket2/opencms/dk/no/buy/?page=1&edid=7648D9E9-42B2-1F44-233F-FA7315CB8C4F&sortorder=desc&column=price HTTP/1.1" 404 -
157.90.209.79 - - [03/Nov/2024:03:45:08 +0100] "GET /ticket2/opencms/ga/buy/?page=1&edid=C1C161ED-392A-057B-99A1-EFB930A82112 HTTP/1.1" 200 102363
81.167.26.57 - - [03/Nov/2024:03:45:10 +0100] "GET /ticket2/opencms/se/ru/buy/?page=1&edid=C3ED752F-CE8E-120C-72C9-1103758F52F8&sortorder=asc&column=section HTTP/1.1" 404 -
192.99.9.92 - - [03/Nov/2024:03:45:10 +0100] "GET /ticket2/opencms/dk/no/buy/?page=1&edid=78EA1F40-A0BB-F77A-A36D-DD30E4B904C1&sortorder=desc&column=price HTTP/1.1" 404 -
194.247.173.99 - - [03/Nov/2024:03:45:10 +0100] "GET /ticket2/opencms/dk/ru/buy/?page=1&edid=E06EFED9-CC5A-5F98-262D-6C2F7A4149DA&sortorder=asc&column=row HTTP/1.1" 404 -
185.191.171.5 - - [03/Nov/2024:03:45:12 +0100] "GET /ticket2/opencms/be/buy_safety/ HTTP/1.1" 200 81556
81.167.26.57 - - [03/Nov/2024:03:45:14 +0100] "GET /ticket2/opencms/se/ru/buy/?page=1&edid=C432447A-6E52-0387-9903-4AF5529FE72C&sortorder=asc&column=price HTTP/1.1" 404 -
192.99.9.92 - - [03/Nov/2024:03:45:14 +0100] "GET /ticket2/opencms/dk/no/buy/?page=1&edid=78EA1F40-A0BB-F77A-A36D-DD30E4B904C1&sortorder=desc&column=row HTTP/1.1" 404 -
194.247.173.99 - - [03/Nov/2024:03:45:14 +0100] "GET /ticket2/opencms/dk/ru/buy/?page=1&edid=E06EFED9-CC5A-5F98-262D-6C2F7A4149DA&sortorder=asc&column=section HTTP/1.1" 404 -
81.167.26.57 - - [03/Nov/2024:03:45:17 +0100] "GET /ticket2/opencms/se/ru/buy/?page=1&edid=C432447A-6E52-0387-9903-4AF5529FE72C&sortorder=asc&column=row HTTP/1.1" 404 -
192.99.9.92 - - [03/Nov/2024:03:45:18 +0100] "GET /ticket2/opencms/dk/no/buy/?page=1&edid=78EA1F40-A0BB-F77A-A36D-DD30E4B904C1&sortorder=desc&column=section HTTP/1.1" 404 -
194.247.173.99 - - [03/Nov/2024:03:45:18 +0100] "GET /ticket2/opencms/dk/ru/buy/?page=1&edid=E2DE5E1E-4055-6F0B-0D78-BD4BC6C49DCF&sortorder=asc&column=price HTTP/1.1" 404 -
47.128.27.167 - - [03/Nov/2024:03:45:18 +0100] "GET /ticket2/opencms/lv/buy/?edid=77C4D918-1D56-22F2-EE92-38BD6ED4FF46 HTTP/1.1" 200 81476
114.119.141.34 - - [03/Nov/2024:03:45:20 +0100] "GET /ticket2/opencms/en/venue/?venueid=A1666C8B-D5BA-A589-2015-C0D802A28414 HTTP/1.1" 200 76994
81.167.26.57 - - [03/Nov/2024:03:45:21 +0100] "GET /ticket2/opencms/se/ru/buy/?page=1&edid=C432447A-6E52-0387-9903-4AF5529FE72C&sortorder=asc&column=section HTTP/1.1" 404 -
194.247.173.99 - - [03/Nov/2024:03:45:22 +0100] "GET /ticket2/opencms/dk/ru/buy/?page=1&edid=E2DE5E1E-4055-6F0B-0D78-BD4BC6C49DCF&sortorder=asc&column=row HTTP/1.1" 404 -
192.99.9.92 - - [03/Nov/2024:03:45:22 +0100] "GET /ticket2/opencms/dk/no/buy/?page=1&edid=79CCFD61-A014-AE43-C5ED-F574B4885086&sortorder=asc&column=price HTTP/1.1" 404 -
157.90.209.79 - - [03/Nov/2024:03:45:23 +0100] "GET /ticket2/opencms/ga/buy/?page=1&edid=C28B3B84-6A6E-6FCB-67EF-1F8424FD799A HTTP/1.1" 200 114436
194.247.173.99 - - [03/Nov/2024:03:45:26 +0100] "GET /ticket2/opencms/dk/ru/buy/?page=1&edid=E2DE5E1E-4055-6F0B-0D78-BD4BC6C49DCF&sortorder=asc&column=section HTTP/1.1" 404 -
192.99.9.92 - - [03/Nov/2024:03:45:27 +0100] "GET /ticket2/opencms/dk/no/buy/?page=1&edid=79CCFD61-A014-AE43-C5ED-F574B4885086&sortorder=desc&column=row HTTP/1.1" 404 -
217.113.194.212 - - [03/Nov/2024:03:45:29 +0100] "GET /ticket2/opencms/fi/urheilu/jalkapallo/bundesliga/berlin/ HTTP/1.1" 200 94650
157.90.209.79 - - [03/Nov/2024:03:45:29 +0100] "GET /ticket2/opencms/ga/buy/?page=1&edid=C2E0FED9-872C-CDB5-EA69-F93F12F9C91F HTTP/1.1" 200 114440
192.99.9.92 - - [03/Nov/2024:03:45:30 +0100] "GET /ticket2/opencms/dk/no/buy/?page=1&edid=7B3AC7D7-1526-4F6F-CBCE-129EE69ABE1E HTTP/1.1" 404 -
194.247.173.99 - - [03/Nov/2024:03:45:31 +0100] "GET /ticket2/opencms/dk/ru/buy/?page=1&edid=E2DE5E1E-4055-6F0B-0D78-BD4BC6C49DCF&sortorder=desc&column=row HTTP/1.1" 404 -
81.167.26.57 - - [03/Nov/2024:03:45:31 +0100] "GET /ticket2/opencms/se/ru/buy/?page=1&edid=C432447A-6E52-0387-9903-4AF5529FE72C&sortorder=desc&column=price HTTP/1.1" 404 -
157.90.209.79 - - [03/Nov/2024:03:45:32 +0100] "GET /ticket2/opencms/ga/buy/?page=1&edid=C5541103-512C-D651-87BB-185D7BE93A66 HTTP/1.1" 200 125241
192.99.9.92 - - [03/Nov/2024:03:45:35 +0100] "GET /ticket2/opencms/dk/no/buy/?page=1&edid=7E8E8E09-8964-EEF0-B932-B97C485B7E7D&sortorder=asc&column=section HTTP/1.1" 404 -
81.167.26.57 - - [03/Nov/2024:03:45:35 +0100] "GET /ticket2/opencms/se/ru/buy/?page=1&edid=C432447A-6E52-0387-9903-4AF5529FE72C&sortorder=desc&column=row HTTP/1.1" 404 -
194.247.173.99 - - [03/Nov/2024:03:45:35 +0100] "GET /ticket2/opencms/dk/ru/buy/?page=1&edid=E2DE5E1E-4055-6F0B-0D78-BD4BC6C49DCF&sortorder=desc&column=section HTTP/1.1" 404 -
154.54.249.216 - - [03/Nov/2024:03:45:37 +0100] "GET /ticket2/opencms/fi/urheilu/jalkapallo/bundesliga/freiburg/ HTTP/1.1" 200 93570
157.90.209.79 - - [03/Nov/2024:03:45:37 +0100] "GET /ticket2/opencms/ga/buy/?page=1&edid=C64002B7-B7A3-A646-1770-7E79C914EDA5 HTTP/1.1" 200 130747
81.167.26.57 - - [03/Nov/2024:03:45:38 +0100] "GET /ticket2/opencms/se/ru/buy/?page=1&edid=C432447A-6E52-0387-9903-4AF5529FE72C&sortorder=desc&column=section HTTP/1.1" 404 -
192.99.9.92 - - [03/Nov/2024:03:45:38 +0100] "GET /ticket2/opencms/dk/no/buy/?page=1&edid=7F0ECB6A-15F2-EC93-88B3-6C4F49E44CFE&sortorder=desc&column=section HTTP/1.1" 404 -
194.247.173.99 - - [03/Nov/2024:03:45:39 +0100] "GET /ticket2/opencms/dk/ru/buy/?page=1&edid=E75F519F-3FCF-E7A1-39FC-E5EA40E785C7&sortorder=asc&column=price HTTP/1.1" 404 -
157.90.209.79 - - [03/Nov/2024:03:45:42 +0100] "GET /ticket2/opencms/ga/buy/?page=1&edid=C781C90E-2A4A-BE38-23EB-6039DE2F5FA8 HTTP/1.1" 200 126272
192.99.9.92 - - [03/Nov/2024:03:45:42 +0100] "GET /ticket2/opencms/dk/no/buy/?page=1&edid=7F14D294-3112-8B51-F7D2-1F3F577F37CF&sortorder=asc&column=price HTTP/1.1" 404 -
194.247.173.99 - - [03/Nov/2024:03:45:44 +0100] "GET /ticket2/opencms/dk/ru/buy/?page=1&edid=E7CF1EBC-40C6-E460-348B-1D6EB1F44E3E&sortorder=asc&column=row HTTP/1.1" 404 -
81.167.26.57 - - [03/Nov/2024:03:45:45 +0100] "GET /ticket2/opencms/se/ru/buy/?page=1&edid=C563FDCC-68C6-C204-199E-74622D869BA8&sortorder=desc&column=section HTTP/1.1" 404 -
157.90.209.79 - - [03/Nov/2024:03:45:45 +0100] "GET /ticket2/opencms/ga/buy/?page=1&edid=C78E4619-1E46-CB27-6BCC-007429A12C31 HTTP/1.1" 200 135764
217.113.194.214 - - [03/Nov/2024:03:45:45 +0100] "GET /ticket2/opencms/fi/urheilu/jalkapallo/la-liga/las-palmas HTTP/1.1" 404 -
81.167.26.57 - - [03/Nov/2024:03:45:48 +0100] "GET /ticket2/opencms/se/ru/buy/?page=1&edid=C5A1A03B-96D4-6596-0A10-BBFFF2557083&sortorder=asc&column=price HTTP/1.1" 404 -
194.247.173.99 - - [03/Nov/2024:03:45:48 +0100] "GET /ticket2/opencms/dk/ru/buy/?page=1&edid=E7CF1EBC-40C6-E460-348B-1D6EB1F44E3E&sortorder=desc&column=price HTTP/1.1" 404 -
192.99.9.92 - - [03/Nov/2024:03:45:49 +0100] "GET /ticket2/opencms/dk/no/buy/?page=1&edid=7F14D294-3112-8B51-F7D2-1F3F577F37CF&sortorder=asc&column=row HTTP/1.1" 404 -
157.90.209.79 - - [03/Nov/2024:03:45:49 +0100] "GET /ticket2/opencms/ga/buy/?page=1&edid=C8E47E46-ADCD-586A-7BE4-CF1C96256B2D HTTP/1.1" 200 126793
81.167.26.57 - - [03/Nov/2024:03:45:52 +0100] "GET /ticket2/opencms/se/ru/buy/?page=1&edid=C5A1A03B-96D4-6596-0A10-BBFFF2557083&sortorder=asc&column=section HTTP/1.1" 404 -
157.90.209.79 - - [03/Nov/2024:03:45:53 +0100] "GET /ticket2/opencms/ga/buy/?page=1&edid=C9919F63-312E-C4DF-29D6-DA1CE80EC9A2 HTTP/1.1" 200 117486
194.247.173.99 - - [03/Nov/2024:03:45:53 +0100] "GET /ticket2/opencms/dk/ru/buy/?page=1&edid=E7CF1EBC-40C6-E460-348B-1D6EB1F44E3E&sortorder=desc&column=row HTTP/1.1" 404 -
217.113.194.216 - - [03/Nov/2024:03:45:54 +0100] "GET /ticket2/opencms/tr/spor/futbol-biletleri/premier-league/newcastle-united HTTP/1.1" 404 -
192.99.9.92 - - [03/Nov/2024:03:45:55 +0100] "GET /ticket2/opencms/dk/no/buy/?page=1&edid=7F14D294-3112-8B51-F7D2-1F3F577F37CF&sortorder=asc&column=section HTTP/1.1" 404 -
81.167.26.57 - - [03/Nov/2024:03:45:55 +0100] "GET /ticket2/opencms/se/ru/buy/?page=1&edid=C5A1A03B-96D4-6596-0A10-BBFFF2557083&sortorder=desc&column=price HTTP/1.1" 404 -
194.247.173.99 - - [03/Nov/2024:03:45:58 +0100] "GET /ticket2/opencms/dk/ru/buy/?page=1&edid=E7CF1EBC-40C6-E460-348B-1D6EB1F44E3E&sortorder=desc&column=section HTTP/1.1" 404 -
192.99.9.92 - - [03/Nov/2024:03:45:59 +0100] "GET /ticket2/opencms/dk/no/buy/?page=1&edid=7F8B2088-F66C-0BB3-8FFA-EEE2CAC7FB68&sortorder=asc&column=price HTTP/1.1" 404 -
81.167.26.57 - - [03/Nov/2024:03:46:00 +0100] "GET /ticket2/opencms/se/ru/buy/?page=1&edid=C5A1A03B-96D4-6596-0A10-BBFFF2557083&sortorder=desc&column=section HTTP/1.1" 404 -
217.113.194.212 - - [03/Nov/2024:03:46:02 +0100] "GET /ticket2/opencms/dk/sport/fodboldbilletter/premier-league/southampton/ HTTP/1.1" 200 86943
81.167.26.57 - - [03/Nov/2024:03:46:03 +0100] "GET /ticket2/opencms/se/ru/buy/?page=1&edid=C68FDF4E-7FFF-2B4A-1E82-F9AC54900CCD HTTP/1.1" 404 -
194.247.173.99 - - [03/Nov/2024:03:46:03 +0100] "GET /ticket2/opencms/dk/ru/buy/?page=1&edid=F183060F-6A15-5007-8907-73C9E4E5CC0A&sortorder=asc&column=price HTTP/1.1" 404 -
81.167.26.57 - - [03/Nov/2024:03:46:06 +0100] "GET /ticket2/opencms/se/ru/buy/?page=1&edid=C7A7C915-381D-19BD-EDE4-9DFD4C1BFCFC&sortorder=asc&column=row HTTP/1.1" 404 -
192.99.9.92 - - [03/Nov/2024:03:46:09 +0100] "GET /ticket2/opencms/dk/no/buy/?page=1&edid=803FADA2-6267-5D45-5973-2D73F0852131&sortorder=asc&column=row HTTP/1.1" 404 -
81.167.26.57 - - [03/Nov/2024:03:46:10 +0100] "GET /ticket2/opencms/se/ru/buy/?page=1&edid=C9688796-3F0D-8F72-BAA2-30768E19C292&sortorder=asc&column=price HTTP/1.1" 404 -
194.247.173.99 - - [03/Nov/2024:03:46:10 +0100] "GET /ticket2/opencms/dk/ru/buy/?page=1&edid=FAC9FF2C-BDFB-9630-300A-95FC3BA9095B&sortorder=asc&column=price HTTP/1.1" 404 -
217.113.194.219 - - [03/Nov/2024:03:46:10 +0100] "GET /ticket2/opencms/dk/sport/fodboldbilletter/serie-a/salernitana/ HTTP/1.1" 200 78942
37.123.143.11 - - [03/Nov/2024:03:46:12 +0100] "GET /ticket2/opencms/system/workplace/views/top_foot.jsp?wpFrame=foot HTTP/1.1" 200 1210
37.123.143.11 - - [03/Nov/2024:03:46:12 +0100] "GET /ticket2/opencms/system/workplace/commons/style/workplace.css HTTP/1.1" 200 14209
194.247.173.99 - - [03/Nov/2024:03:46:15 +0100] "GET /ticket2/opencms/dk/ru/buy/?page=1&edid=FB626257-F009-754B-29C0-9609C8BA12FE&sortorder=asc&column=price HTTP/1.1" 404 -
192.99.9.92 - - [03/Nov/2024:03:46:15 +0100] "GET /ticket2/opencms/dk/no/buy/?page=1&edid=803FADA2-6267-5D45-5973-2D73F0852131&sortorder=asc&column=section HTTP/1.1" 404 -
114.119.130.23 - - [03/Nov/2024:03:46:16 +0100] "GET /ticket2/opencms/en/buy/?page=6&comcatid=A17713B6-D984-201A-4143-ED4DB5ED5C2E&catid=0A6C99D2-F5BD-7A18-9A5F-5668827042E0&eventid=AAAF9CBD-E20B-F830-6785-DFB285994112 HTTP/1.1" 200 99255
85.208.96.205 - - [03/Nov/2024:03:46:16 +0100] "GET /ticket2/opencms/no/sport/fotballsbilletter/premier_league/luton/ HTTP/1.1" 200 79761
217.113.194.213 - - [03/Nov/2024:03:46:19 +0100] "GET /ticket2/opencms/dk/sport/fodboldbilletter/bundesliga/Freiburg/ HTTP/1.1" 200 85431
192.99.9.92 - - [03/Nov/2024:03:46:19 +0100] "GET /ticket2/opencms/dk/no/buy/?page=1&edid=80520F94-CD09-8A47-6BD3-D846BA0F2595 HTTP/1.1" 404 -
194.247.173.99 - - [03/Nov/2024:03:46:21 +0100] "GET /ticket2/opencms/dk/ru/buy/?page=1&edid=FB626257-F009-754B-29C0-9609C8BA12FE&sortorder=asc&column=row HTTP/1.1" 404 -
81.167.26.57 - - [03/Nov/2024:03:46:22 +0100] "GET /ticket2/opencms/se/ru/buy/?page=1&edid=C9C23E31-B53B-8CA7-47AC-4FDCBAB0550C&sortorder=asc&column=price HTTP/1.1" 404 -
47.128.22.152 - - [03/Nov/2024:03:46:23 +0100] "GET /ticket2/opencms/en/buy/?edid=729B4624-40AD-E7A7-F9BA-94230F6FDC91 HTTP/1.1" 200 79757
192.99.9.92 - - [03/Nov/2024:03:46:24 +0100] "GET /ticket2/opencms/dk/no/buy/?page=1&edid=8054CD87-01BB-2D33-3645-199AA72AE656&sortorder=desc&column=row HTTP/1.1" 404 -
81.167.26.57 - - [03/Nov/2024:03:46:26 +0100] "GET /ticket2/opencms/se/ru/buy/?page=1&edid=C9C23E31-B53B-8CA7-47AC-4FDCBAB0550C&sortorder=asc&column=row HTTP/1.1" 404 -
194.247.173.99 - - [03/Nov/2024:03:46:26 +0100] "GET /ticket2/opencms/dk/ru/buy/?page=1&edid=FB626257-F009-754B-29C0-9609C8BA12FE&sortorder=asc&column=section HTTP/1.1" 404 -
154.54.249.216 - - [03/Nov/2024:03:46:27 +0100] "GET /ticket2/opencms/dk/sport/fodboldbilletter/la-liga/real-madrid HTTP/1.1" 404 -
192.99.9.92 - - [03/Nov/2024:03:46:28 +0100] "GET /ticket2/opencms/dk/no/buy/?page=1&edid=81DE99B8-B539-4A70-A5E8-8FEF57F1405C&sortorder=asc&column=price HTTP/1.1" 404 -
85.208.96.200 - - [03/Nov/2024:03:46:28 +0100] "GET /ticket2/opencms/lt/faq HTTP/1.1" 200 82028
81.167.26.57 - - [03/Nov/2024:03:46:30 +0100] "GET /ticket2/opencms/se/ru/buy/?page=1&edid=C9C23E31-B53B-8CA7-47AC-4FDCBAB0550C&sortorder=asc&column=section HTTP/1.1" 404 -
52.208.227.89 - - [03/Nov/2024:03:46:31 +0100] "GET /ticket2/opencms/sv/sport/fotbollsbiljetter/em_kval/ HTTP/1.1" 200 78860
194.247.173.99 - - [03/Nov/2024:03:46:32 +0100] "GET /ticket2/opencms/dk/ru/buy/?page=1&edid=FBB50624-B32A-B7F0-C315-0584FA25CBE8&sortorder=asc&column=price HTTP/1.1" 404 -
192.99.9.92 - - [03/Nov/2024:03:46:32 +0100] "GET /ticket2/opencms/dk/no/buy/?page=1&edid=81DE99B8-B539-4A70-A5E8-8FEF57F1405C&sortorder=asc&column=row HTTP/1.1" 404 -
81.167.26.57 - - [03/Nov/2024:03:46:34 +0100] "GET /ticket2/opencms/se/ru/buy/?page=1&edid=CA9AAE6B-14C9-271A-740D-70C28D59704E&sortorder=asc&column=section HTTP/1.1" 404 -
192.99.9.92 - - [03/Nov/2024:03:46:37 +0100] "GET /ticket2/opencms/dk/no/buy/?page=1&edid=81DE99B8-B539-4A70-A5E8-8FEF57F1405C&sortorder=asc&column=section HTTP/1.1" 404 -
81.167.26.57 - - [03/Nov/2024:03:46:37 +0100] "GET /ticket2/opencms/se/ru/buy/?page=1&edid=CC994673-5D69-5FF0-6706-9E7C98B375FE&sortorder=asc&column=price HTTP/1.1" 404 -
81.167.26.57 - - [03/Nov/2024:03:46:40 +0100] "GET /ticket2/opencms/se/ru/buy/?page=1&edid=CC994673-5D69-5FF0-6706-9E7C98B375FE&sortorder=asc&column=row HTTP/1.1" 404 -
8.222.145.163 - - [03/Nov/2024:03:46:40 +0100] "GET /ticket2/opencms/en/buy/?page=1&edid=26FF4CAE-0AB1-26F3-524A-CA6FA2A5B775&sortorder=asc&column=row HTTP/1.1" 200 100746
194.247.173.99 - - [03/Nov/2024:03:46:41 +0100] "GET /ticket2/opencms/dk/ru/buy/?page=1&edid=FC6C7C18-83B6-E104-2781-4BFAA17207F5&sortorder=asc&column=section HTTP/1.1" 404 -
192.99.9.92 - - [03/Nov/2024:03:46:41 +0100] "GET /ticket2/opencms/dk/no/buy/?page=1&edid=82597B84-2EB2-AF46-93A2-C86D42BF791E&sortorder=asc&column=price HTTP/1.1" 404 -
81.167.26.57 - - [03/Nov/2024:03:46:44 +0100] "GET /ticket2/opencms/se/ru/buy/?page=1&edid=CC994673-5D69-5FF0-6706-9E7C98B375FE&sortorder=asc&column=section HTTP/1.1" 404 -
157.90.209.79 - - [03/Nov/2024:03:46:44 +0100] "GET /ticket2/opencms/ga/buy/?page=1&edid=CC748805-AA77-5D07-7352-96CD97D4F5AC HTTP/1.1" 200 129384
154.54.249.216 - - [03/Nov/2024:03:46:44 +0100] "GET /ticket2/opencms/sk/sport/futbalove-listky/premier-league/chelsea HTTP/1.1" 200 97633
192.99.9.92 - - [03/Nov/2024:03:46:45 +0100] "GET /ticket2/opencms/dk/no/buy/?page=1&edid=82597B84-2EB2-AF46-93A2-C86D42BF791E&sortorder=asc&column=row HTTP/1.1" 404 -
157.90.209.79 - - [03/Nov/2024:03:46:48 +0100] "GET /ticket2/opencms/ga/buy/?page=1&edid=CCC52869-7D07-37D3-E716-0EF1AC21BCE4 HTTP/1.1" 200 123873
194.247.173.99 - - [03/Nov/2024:03:46:48 +0100] "GET /ticket2/opencms/dk/ru/buy/?page=1&edid=FCCEA0AD-179D-2AD4-9A08-938973A163A5&sortorder=asc&column=section HTTP/1.1" 404 -
192.99.9.92 - - [03/Nov/2024:03:46:49 +0100] "GET /ticket2/opencms/dk/no/buy/?page=1&edid=82597B84-2EB2-AF46-93A2-C86D42BF791E&sortorder=asc&column=section HTTP/1.1" 404 -
81.167.26.57 - - [03/Nov/2024:03:46:52 +0100] "GET /ticket2/opencms/se/ru/buy/?page=1&edid=CC994673-5D69-5FF0-6706-9E7C98B375FE&sortorder=desc&column=price HTTP/1.1" 404 -
157.90.209.79 - - [03/Nov/2024:03:46:52 +0100] "GET /ticket2/opencms/ga/buy/?page=1&edid=D11D82D4-28DA-1768-D317-EF521A2F97E6 HTTP/1.1" 200 131530
217.113.194.218 - - [03/Nov/2024:03:46:53 +0100] "GET /ticket2/opencms/it/sport/biglietti-calcio/premier-league/west-ham-united HTTP/1.1" 200 97051
192.99.9.92 - - [03/Nov/2024:03:46:53 +0100] "GET /ticket2/opencms/dk/no/buy/?page=1&edid=82597B84-2EB2-AF46-93A2-C86D42BF791E&sortorder=desc&column=section HTTP/1.1" 404 -
81.167.26.57 - - [03/Nov/2024:03:46:56 +0100] "GET /ticket2/opencms/se/ru/buy/?page=1&edid=CC994673-5D69-5FF0-6706-9E7C98B375FE&sortorder=desc&column=row HTTP/1.1" 404 -
157.90.209.79 - - [03/Nov/2024:03:46:57 +0100] "GET /ticket2/opencms/ga/buy/?page=1&edid=D4F26649-49E7-D9AD-008F-6A1EF16B5F3C HTTP/1.1" 200 117486
192.99.9.92 - - [03/Nov/2024:03:46:58 +0100] "GET /ticket2/opencms/dk/no/buy/?page=1&edid=82759CDC-75B2-B268-0F0C-B20335C8B93E HTTP/1.1" 404 -
194.247.173.99 - - [03/Nov/2024:03:47:00 +0100] "GET /ticket2/opencms/dk/ru/buy/?page=1&edid=00059B5F-DE26-4FE8-9C34-25454FE29501&sortorder=desc&column=price HTTP/1.1" 404 -
81.167.26.57 - - [03/Nov/2024:03:47:00 +0100] "GET /ticket2/opencms/se/ru/buy/?page=1&edid=CC994673-5D69-5FF0-6706-9E7C98B375FE&sortorder=desc&column=section HTTP/1.1" 404 -
157.90.209.79 - - [03/Nov/2024:03:47:01 +0100] "GET /ticket2/opencms/ga/buy/?page=1&edid=DA2AFD28-6AA1-4222-20E5-CCCE4BF9B981 HTTP/1.1" 200 102848
217.113.194.215 - - [03/Nov/2024:03:47:02 +0100] "GET /ticket2/opencms/de/sport/fussball-tickets/eredivisie/hollandska-ligan/ HTTP/1.1" 500 -
192.99.9.92 - - [03/Nov/2024:03:47:02 +0100] "GET /ticket2/opencms/dk/no/buy/?page=1&edid=82CED242-6054-0EDF-1D26-ECDEB1409776&sortorder=asc&column=section HTTP/1.1" 404 -
81.167.26.57 - - [03/Nov/2024:03:47:05 +0100] "GET /ticket2/opencms/se/ru/buy/?page=1&edid=CD97B46D-31B3-D365-9D7B-CFA9CBECBD48 HTTP/1.1" 404 -
157.90.209.79 - - [03/Nov/2024:03:47:05 +0100] "GET /ticket2/opencms/ga/buy/?page=1&edid=DCF22239-47F2-2282-C13B-85FCE1D7C913 HTTP/1.1" 200 126912
85.208.96.206 - - [03/Nov/2024:03:47:06 +0100] "GET /ticket2/opencms/no/sport/fotballsbilletter/serie_a/ HTTP/1.1" 200 84239
192.99.9.92 - - [03/Nov/2024:03:47:06 +0100] "GET /ticket2/opencms/dk/no/buy/?page=1&edid=84D443D8-F76D-EE4D-E188-432AA89346F4 HTTP/1.1" 404 -
81.167.26.57 - - [03/Nov/2024:03:47:08 +0100] "GET /ticket2/opencms/se/ru/buy/?page=1&edid=CFB75162-A11D-70BF-58DA-F01E13735B85&sortorder=desc&column=price HTTP/1.1" 404 -
217.113.194.215 - - [03/Nov/2024:03:47:10 +0100] "GET /ticket2/opencms/de/sport/fussball-tickets/bundesliga/eintracht_frankfurt HTTP/1.1" 200 97285
194.247.173.99 - - [03/Nov/2024:03:47:10 +0100] "GET /ticket2/opencms/dk/ru/buy/?page=1&edid=00D840A6-5C32-FD15-931E-9A005230C9CF&sortorder=asc&column=row HTTP/1.1" 404 -
192.99.9.92 - - [03/Nov/2024:03:47:11 +0100] "GET /ticket2/opencms/dk/no/buy/?page=1&edid=84EDE44A-3B49-F8A5-A212-0BBFFD005772&sortorder=asc&column=price HTTP/1.1" 404 -
81.167.26.57 - - [03/Nov/2024:03:47:11 +0100] "GET /ticket2/opencms/se/ru/buy/?page=1&edid=CFB75162-A11D-70BF-58DA-F01E13735B85&sortorder=desc&column=section HTTP/1.1" 404 -
157.90.209.79 - - [03/Nov/2024:03:47:12 +0100] "GET /ticket2/opencms/ga/buy/?page=1&edid=DD14CC82-883B-BD06-4306-EBD494AA1804 HTTP/1.1" 200 126791
157.90.209.79 - - [03/Nov/2024:03:47:15 +0100] "GET /ticket2/opencms/ga/buy/?page=1&edid=DE5B6A64-DD53-E533-1C9F-682C000226C9 HTTP/1.1" 200 111655
192.99.9.92 - - [03/Nov/2024:03:47:15 +0100] "GET /ticket2/opencms/dk/no/buy/?page=1&edid=84EDE44A-3B49-F8A5-A212-0BBFFD005772&sortorder=asc&column=row HTTP/1.1" 404 -
81.167.26.57 - - [03/Nov/2024:03:47:16 +0100] "GET /ticket2/opencms/se/ru/buy/?page=1&edid=CFDC499D-9CE6-7B02-64A4-5F779841DFDC&sortorder=asc&column=price HTTP/1.1" 404 -
81.167.26.57 - - [03/Nov/2024:03:47:19 +0100] "GET /ticket2/opencms/se/ru/buy/?page=1&edid=CFDC499D-9CE6-7B02-64A4-5F779841DFDC&sortorder=asc&column=row HTTP/1.1" 404 -
217.113.194.213 - - [03/Nov/2024:03:47:19 +0100] "GET /ticket2/opencms/cs/sport/fotbalove-listky/la-liga/real-madrid HTTP/1.1" 200 96928
192.99.9.92 - - [03/Nov/2024:03:47:20 +0100] "GET /ticket2/opencms/dk/no/buy/?page=1&edid=853A72CA-C5B1-27AC-5EAD-D5AC437BBAA9&sortorder=asc&column=price HTTP/1.1" 404 -
54.36.149.21 - - [03/Nov/2024:03:47:20 +0100] "GET /ticket2/opencms/de/magazine/article?title=maximilian-ibrahimovic-unterschreibt-beim-zweiten-team-von-ac-milan HTTP/1.1" 200 82088
157.90.209.79 - - [03/Nov/2024:03:47:21 +0100] "GET /ticket2/opencms/ga/buy/?page=1&edid=DE6EAF1E-F0E3-BCEF-6FE9-789554B2D96C HTTP/1.1" 200 114452
194.247.173.99 - - [03/Nov/2024:03:47:24 +0100] "GET /ticket2/opencms/dk/ru/buy/?page=1&edid=01A733B6-382E-048A-BD81-D5CAC59B6BBB&sortorder=asc&column=row HTTP/1.1" 404 -
192.99.9.92 - - [03/Nov/2024:03:47:24 +0100] "GET /ticket2/opencms/dk/no/buy/?page=1&edid=853A72CA-C5B1-27AC-5EAD-D5AC437BBAA9&sortorder=asc&column=row HTTP/1.1" 404 -
81.167.26.57 - - [03/Nov/2024:03:47:25 +0100] "GET /ticket2/opencms/se/ru/buy/?page=1&edid=CFDC499D-9CE6-7B02-64A4-5F779841DFDC&sortorder=asc&column=section HTTP/1.1" 404 -
81.167.26.57 - - [03/Nov/2024:03:47:28 +0100] "GET /ticket2/opencms/se/ru/buy/?page=1&edid=D0713995-7A61-911E-7E61-253175699AC7 HTTP/1.1" 404 -
192.99.9.92 - - [03/Nov/2024:03:47:28 +0100] "GET /ticket2/opencms/dk/no/buy/?page=1&edid=853A72CA-C5B1-27AC-5EAD-D5AC437BBAA9&sortorder=asc&column=section HTTP/1.1" 404 -
217.113.194.216 - - [03/Nov/2024:03:47:28 +0100] "GET /ticket2/opencms/uk/sport/kvytky-na-futbol/premier-league/fulham HTTP/1.1" 200 97831
157.90.209.79 - - [03/Nov/2024:03:47:29 +0100] "GET /ticket2/opencms/ga/buy/?page=1&edid=E0AF4582-F291-60D7-7793-C6DEB6EAEA8A HTTP/1.1" 200 131535
81.167.26.57 - - [03/Nov/2024:03:47:31 +0100] "GET /ticket2/opencms/se/ru/buy/?page=1&edid=D0A7B7AB-10F0-2E2F-18D3-3315BAA3AFFE&sortorder=asc&column=price HTTP/1.1" 404 -
185.191.171.8 - - [03/Nov/2024:03:47:32 +0100] "GET /ticket2/opencms/ro/about/contact/ HTTP/1.1" 200 77896
157.90.209.79 - - [03/Nov/2024:03:47:32 +0100] "GET /ticket2/opencms/ga/buy/?page=1&edid=E1CACBEB-5FB5-F359-D95F-1110648BB53A HTTP/1.1" 200 126915
194.247.173.99 - - [03/Nov/2024:03:47:33 +0100] "GET /ticket2/opencms/dk/ru/buy/?page=1&edid=037933B2-BE61-53EE-FA20-8AEB3C558A32&sortorder=asc&column=price HTTP/1.1" 404 -
192.99.9.92 - - [03/Nov/2024:03:47:34 +0100] "GET /ticket2/opencms/dk/no/buy/?page=1&edid=8583C3B4-68A3-FF6C-44E3-F622BF6F6133&sortorder=asc&column=row HTTP/1.1" 404 -
81.167.26.57 - - [03/Nov/2024:03:47:34 +0100] "GET /ticket2/opencms/se/ru/buy/?page=1&edid=D0A7B7AB-10F0-2E2F-18D3-3315BAA3AFFE&sortorder=asc&column=row HTTP/1.1" 404 -
157.90.209.79 - - [03/Nov/2024:03:47:36 +0100] "GET /ticket2/opencms/ga/buy/?page=1&edid=E289F96B-BF69-A88E-30C1-E3CA6BC29D6C HTTP/1.1" 200 114434
81.167.26.57 - - [03/Nov/2024:03:47:37 +0100] "GET /ticket2/opencms/se/ru/buy/?page=1&edid=D0F0F7E2-8CA6-3872-417B-8D315F8C2652&sortorder=asc&column=row HTTP/1.1" 404 -
217.113.194.215 - - [03/Nov/2024:03:47:37 +0100] "GET /ticket2/opencms/no/sport/fotballsbilletter/la_liga/las_palmas HTTP/1.1" 200 93338
47.128.51.162 - - [03/Nov/2024:03:47:37 +0100] "GET /ticket2/opencms/bg/buy/?edid=3D90558B-59E5-DB4E-10D0-F79B6C89B78E HTTP/1.1" 200 81909
192.99.9.92 - - [03/Nov/2024:03:47:37 +0100] "GET /ticket2/opencms/dk/no/buy/?page=1&edid=8583C3B4-68A3-FF6C-44E3-F622BF6F6133&sortorder=desc&column=price HTTP/1.1" 404 -
81.167.26.57 - - [03/Nov/2024:03:47:40 +0100] "GET /ticket2/opencms/se/ru/buy/?page=1&edid=D0F0F7E2-8CA6-3872-417B-8D315F8C2652&sortorder=desc&column=price HTTP/1.1" 404 -
157.90.209.79 - - [03/Nov/2024:03:47:41 +0100] "GET /ticket2/opencms/ga/buy/?page=1&edid=E9DB3A42-82BF-9B65-3ED4-EE5A32871388 HTTP/1.1" 200 122118
192.99.9.92 - - [03/Nov/2024:03:47:41 +0100] "GET /ticket2/opencms/dk/no/buy/?page=1&edid=8583C3B4-68A3-FF6C-44E3-F622BF6F6133&sortorder=desc&column=row HTTP/1.1" 404 -
81.167.26.57 - - [03/Nov/2024:03:47:43 +0100] "GET /ticket2/opencms/se/ru/buy/?page=1&edid=D0F0F7E2-8CA6-3872-417B-8D315F8C2652&sortorder=desc&column=row HTTP/1.1" 404 -
194.247.173.99 - - [03/Nov/2024:03:47:44 +0100] "GET /ticket2/opencms/dk/ru/buy/?page=1&edid=0443352F-8BC6-7A25-9546-1FB1F05FC6B0 HTTP/1.1" 404 -
185.191.171.12 - - [03/Nov/2024:03:47:44 +0100] "GET /ticket2/opencms/sv/sport/ HTTP/1.1" 200 87233
192.99.9.92 - - [03/Nov/2024:03:47:45 +0100] "GET /ticket2/opencms/dk/no/buy/?page=1&edid=8583C3B4-68A3-FF6C-44E3-F622BF6F6133&sortorder=desc&column=section HTTP/1.1" 404 -
217.113.194.218 - - [03/Nov/2024:03:47:46 +0100] "GET /ticket2/opencms/hr/sport/nogometne-ulaznice/la-liga/sevilla HTTP/1.1" 200 95738
47.128.60.80 - - [03/Nov/2024:03:47:46 +0100] "GET /ticket2/opencms/lt/buy?edid=458B1568-FE0A-15E4-B731-02A001EA1C95 HTTP/1.1" 200 81490
81.167.26.57 - - [03/Nov/2024:03:47:46 +0100] "GET /ticket2/opencms/se/ru/buy/?page=1&edid=D0F0F7E2-8CA6-3872-417B-8D315F8C2652&sortorder=desc&column=section HTTP/1.1" 404 -
157.90.209.79 - - [03/Nov/2024:03:47:47 +0100] "GET /ticket2/opencms/ga/buy/?page=1&edid=EB31C882-2BE6-C517-726C-D721EBC90088 HTTP/1.1" 200 135624
81.167.26.57 - - [03/Nov/2024:03:47:48 +0100] "GET /ticket2/opencms/se/ru/buy/?page=1&edid=D113E468-2DF2-22A8-54C7-46CC05C5FA8D HTTP/1.1" 404 -
192.99.9.92 - - [03/Nov/2024:03:47:49 +0100] "GET /ticket2/opencms/dk/no/buy/?page=1&edid=859A21BA-7D6B-CB00-5A53-1245BE135278&sortorder=desc&column=price HTTP/1.1" 404 -
85.208.96.204 - - [03/Nov/2024:03:47:51 +0100] "GET /ticket2/opencms/sv/magazine/article?title=declan-rice HTTP/1.1" 200 81316
81.167.26.57 - - [03/Nov/2024:03:47:52 +0100] "GET /ticket2/opencms/se/ru/buy/?page=1&edid=D113E468-2DF2-22A8-54C7-46CC05C5FA8D&sortorder=desc&column=section HTTP/1.1" 404 -
192.99.9.92 - - [03/Nov/2024:03:47:53 +0100] "GET /ticket2/opencms/dk/no/buy/?page=1&edid=859A21BA-7D6B-CB00-5A53-1245BE135278&sortorder=desc&column=row HTTP/1.1" 404 -
194.247.173.99 - - [03/Nov/2024:03:47:54 +0100] "GET /ticket2/opencms/dk/ru/buy/?page=1&edid=04645337-150A-D677-8193-863115283FA6&sortorder=asc&column=price HTTP/1.1" 404 -
157.90.209.79 - - [03/Nov/2024:03:47:54 +0100] "GET /ticket2/opencms/ga/buy/?page=1&edid=EBF1342E-BB1A-F042-231F-198A898B67BA HTTP/1.1" 200 111655
217.113.194.219 - - [03/Nov/2024:03:47:54 +0100] "GET /ticket2/opencms/bs/sport/fudbalske-karte/la-liga/celta_vigo HTTP/1.1" 200 94797
81.167.26.57 - - [03/Nov/2024:03:47:55 +0100] "GET /ticket2/opencms/se/ru/buy/?page=1&edid=D30E26A4-7AE5-40F3-5965-2D237F7CEA41 HTTP/1.1" 404 -
192.99.9.92 - - [03/Nov/2024:03:47:57 +0100] "GET /ticket2/opencms/dk/no/buy/?page=1&edid=859A21BA-7D6B-CB00-5A53-1245BE135278&sortorder=desc&column=section HTTP/1.1" 404 -
157.90.209.79 - - [03/Nov/2024:03:47:57 +0100] "GET /ticket2/opencms/ga/buy/?page=1&edid=EC2BC309-3510-AA04-CA0C-F3088D5C1D31 HTTP/1.1" 200 114432
81.167.26.57 - - [03/Nov/2024:03:47:58 +0100] "GET /ticket2/opencms/se/ru/buy/?page=1&edid=D4B1E319-6F48-1B90-FA7F-FABAA1246B5E HTTP/1.1" 404 -
81.167.26.57 - - [03/Nov/2024:03:48:00 +0100] "GET /ticket2/opencms/se/ru/buy/?page=1&edid=D4B1E319-6F48-1B90-FA7F-FABAA1246B5E&sortorder=desc&column=price HTTP/1.1" 404 -
157.90.209.79 - - [03/Nov/2024:03:48:01 +0100] "GET /ticket2/opencms/ga/buy/?page=1&edid=EE1094B0-5F8D-7F5A-3592-6F4F9BDBF532 HTTP/1.1" 200 130715
192.99.9.92 - - [03/Nov/2024:03:48:01 +0100] "GET /ticket2/opencms/dk/no/buy/?page=1&edid=8658E1FC-AEE0-692C-386F-78725205AC72 HTTP/1.1" 404 -
217.113.194.214 - - [03/Nov/2024:03:48:03 +0100] "GET /ticket2/opencms/bs/sport/fudbalske-karte/la-liga/las_palmas HTTP/1.1" 200 95769
194.247.173.99 - - [03/Nov/2024:03:48:03 +0100] "GET /ticket2/opencms/dk/ru/buy/?page=1&edid=04645337-150A-D677-8193-863115283FA6&sortorder=asc&column=section HTTP/1.1" 404 -
85.208.96.195 - - [03/Nov/2024:03:48:03 +0100] "GET /ticket2/opencms/ka/buying_tickets/ HTTP/1.1" 200 81818
81.167.26.57 - - [03/Nov/2024:03:48:03 +0100] "GET /ticket2/opencms/se/ru/buy/?page=1&edid=D4B1E319-6F48-1B90-FA7F-FABAA1246B5E&sortorder=desc&column=section HTTP/1.1" 404 -
157.90.209.79 - - [03/Nov/2024:03:48:06 +0100] "GET /ticket2/opencms/ga/buy/?page=1&edid=EFCA122E-EFD5-12F8-6F83-6930A0BC1F37 HTTP/1.1" 200 114439
81.167.26.57 - - [03/Nov/2024:03:48:07 +0100] "GET /ticket2/opencms/se/ru/buy/?page=1&edid=D8086CE4-ACF7-AAFD-046B-ED06E1A079AF&sortorder=asc&column=price HTTP/1.1" 404 -
185.191.171.8 - - [03/Nov/2024:03:48:08 +0100] "GET /ticket2/opencms/no/sport/fotballsbilletter/premier_league/manchester_united/ HTTP/1.1" 200 97395
81.167.26.57 - - [03/Nov/2024:03:48:10 +0100] "GET /ticket2/opencms/se/ru/buy/?page=1&edid=D8086CE4-ACF7-AAFD-046B-ED06E1A079AF&sortorder=asc&column=row HTTP/1.1" 404 -
157.90.209.79 - - [03/Nov/2024:03:48:10 +0100] "GET /ticket2/opencms/ga/buy/?page=1&edid=F1463EBE-6C18-CF49-B2AE-F79868BCA4F5 HTTP/1.1" 200 131528
192.99.9.92 - - [03/Nov/2024:03:48:11 +0100] "GET /ticket2/opencms/dk/no/buy/?page=1&edid=867E5C69-A11C-A0A4-176A-7AA1621CA972&sortorder=asc&column=row HTTP/1.1" 404 -
194.247.173.99 - - [03/Nov/2024:03:48:11 +0100] "GET /ticket2/opencms/dk/ru/buy/?page=1&edid=04F20BC9-AF27-8CB9-F603-C84D40086A47&sortorder=asc&column=section HTTP/1.1" 404 -
217.113.194.216 - - [03/Nov/2024:03:48:12 +0100] "GET /ticket2/opencms/az/sport/futbol-biletleri/premier-league/west-ham-united HTTP/1.1" 200 97053
81.167.26.57 - - [03/Nov/2024:03:48:13 +0100] "GET /ticket2/opencms/se/ru/buy/?page=1&edid=D83D9EEB-6ED3-D67C-5138-5673E4AE464F HTTP/1.1" 404 -
157.90.209.79 - - [03/Nov/2024:03:48:14 +0100] "GET /ticket2/opencms/ga/buy/?page=1&edid=F70FF3E6-2D68-06C1-2E1B-CFF8AEEA395A HTTP/1.1" 200 114436
192.99.9.92 - - [03/Nov/2024:03:48:15 +0100] "GET /ticket2/opencms/dk/no/buy/?page=1&edid=867E5C69-A11C-A0A4-176A-7AA1621CA972&sortorder=asc&column=section HTTP/1.1" 404 -
81.167.26.57 - - [03/Nov/2024:03:48:16 +0100] "GET /ticket2/opencms/se/ru/buy/?page=1&edid=D83D9EEB-6ED3-D67C-5138-5673E4AE464F&sortorder=asc&column=row HTTP/1.1" 404 -
157.90.209.79 - - [03/Nov/2024:03:48:18 +0100] "GET /ticket2/opencms/ga/buy/?page=1&edid=F75A8704-39CC-1233-9E9B-2121B4DFC51E HTTP/1.1" 200 128388
81.167.26.57 - - [03/Nov/2024:03:48:19 +0100] "GET /ticket2/opencms/se/ru/buy/?page=1&edid=D83D9EEB-6ED3-D67C-5138-5673E4AE464F&sortorder=asc&column=section HTTP/1.1" 404 -
192.99.9.92 - - [03/Nov/2024:03:48:19 +0100] "GET /ticket2/opencms/dk/no/buy/?page=1&edid=86EFAE8C-0E54-F400-EACD-028D57C0D330&sortorder=asc&column=price HTTP/1.1" 404 -
194.247.173.99 - - [03/Nov/2024:03:48:20 +0100] "GET /ticket2/opencms/dk/ru/buy/?page=1&edid=050CB67E-35BA-437D-E1E2-B5E18B72F0DE&sortorder=desc&column=section HTTP/1.1" 404 -
154.54.249.216 - - [03/Nov/2024:03:48:21 +0100] "GET /ticket2/opencms/sq/sport/bileta-per-futboll/premier-league/liverpool HTTP/1.1" 200 97741
81.167.26.57 - - [03/Nov/2024:03:48:22 +0100] "GET /ticket2/opencms/se/ru/buy/?page=1&edid=D8EA692B-687F-02F3-F633-477D649035B5 HTTP/1.1" 404 -
192.99.9.92 - - [03/Nov/2024:03:48:23 +0100] "GET /ticket2/opencms/dk/no/buy/?page=1&edid=86EFAE8C-0E54-F400-EACD-028D57C0D330&sortorder=asc&column=row HTTP/1.1" 404 -
157.90.209.79 - - [03/Nov/2024:03:48:23 +0100] "GET /ticket2/opencms/ga/buy/?page=1&edid=F8A721FB-6959-3E3B-0E9C-2BF5336E70F2 HTTP/1.1" 200 126790
52.167.144.139 - - [03/Nov/2024:03:48:25 +0100] "GET /ticket2/opencms/sr/buy?page=1&edid=BE8C7FA0-9E48-EAB3-3A70-9E9F9EA30F95 HTTP/1.1" 200 136902
81.167.26.57 - - [03/Nov/2024:03:48:25 +0100] "GET /ticket2/opencms/se/ru/buy/?page=1&edid=D8F859FF-4C2A-2436-3BFD-25BEC2E8CC5C HTTP/1.1" 404 -
194.247.173.99 - - [03/Nov/2024:03:48:27 +0100] "GET /ticket2/opencms/dk/ru/buy/?page=1&edid=05198BB9-FC34-0FEB-F0BA-F2DEC7F22AF1&sortorder=desc&column=price HTTP/1.1" 404 -
192.99.9.92 - - [03/Nov/2024:03:48:28 +0100] "GET /ticket2/opencms/dk/no/buy/?page=1&edid=87290264-453D-FFD4-E0AD-C907B793DD48&sortorder=desc&column=price HTTP/1.1" 404 -
81.167.26.57 - - [03/Nov/2024:03:48:28 +0100] "GET /ticket2/opencms/se/ru/buy/?page=1&edid=D8F859FF-4C2A-2436-3BFD-25BEC2E8CC5C&sortorder=asc&column=section HTTP/1.1" 404 -
81.167.26.57 - - [03/Nov/2024:03:48:31 +0100] "GET /ticket2/opencms/se/ru/buy/?page=1&edid=D9CE0B59-251A-E38E-8401-FAA2223E06E9&sortorder=asc&column=price HTTP/1.1" 404 -
217.113.194.213 - - [03/Nov/2024:03:48:31 +0100] "GET /ticket2/opencms/sq/sport/bileta-per-futboll/premier-league/tottenham HTTP/1.1" 200 98078
192.99.9.92 - - [03/Nov/2024:03:48:32 +0100] "GET /ticket2/opencms/dk/no/buy/?page=1&edid=87290264-453D-FFD4-E0AD-C907B793DD48&sortorder=desc&column=row HTTP/1.1" 404 -
157.90.209.79 - - [03/Nov/2024:03:48:33 +0100] "GET /ticket2/opencms/ga/buy/?page=1&edid=F93A2292-3F60-7656-2C0B-2AB157A0BB0B HTTP/1.1" 200 125238
81.167.26.57 - - [03/Nov/2024:03:48:34 +0100] "GET /ticket2/opencms/se/ru/buy/?page=1&edid=D9CE0B59-251A-E38E-8401-FAA2223E06E9&sortorder=asc&column=row HTTP/1.1" 404 -
194.247.173.99 - - [03/Nov/2024:03:48:36 +0100] "GET /ticket2/opencms/dk/ru/buy/?page=1&edid=07335531-3B1A-2C29-2B43-B2D35810611E&sortorder=desc&column=row HTTP/1.1" 404 -
192.99.9.92 - - [03/Nov/2024:03:48:36 +0100] "GET /ticket2/opencms/dk/no/buy/?page=1&edid=8871F39D-CC75-6BEB-E911-E7E368F4B404&sortorder=desc&column=price HTTP/1.1" 404 -
81.167.26.57 - - [03/Nov/2024:03:48:37 +0100] "GET /ticket2/opencms/se/ru/buy/?page=1&edid=D9CE0B59-251A-E38E-8401-FAA2223E06E9&sortorder=asc&column=section HTTP/1.1" 404 -
157.90.209.79 - - [03/Nov/2024:03:48:37 +0100] "GET /ticket2/opencms/ga/buy/?page=1&edid=FA047031-F510-E911-0280-BC3ADCB159FC HTTP/1.1" 200 111653
217.113.194.217 - - [03/Nov/2024:03:48:39 +0100] "GET /ticket2/opencms/sr/sport/fudbalske-karte/la-liga/celta_vigo HTTP/1.1" 200 95746
81.167.26.57 - - [03/Nov/2024:03:48:40 +0100] "GET /ticket2/opencms/se/ru/buy/?page=1&edid=D9CE0B59-251A-E38E-8401-FAA2223E06E9&sortorder=desc&column=price HTTP/1.1" 404 -
192.99.9.92 - - [03/Nov/2024:03:48:41 +0100] "GET /ticket2/opencms/dk/no/buy/?page=1&edid=8871F39D-CC75-6BEB-E911-E7E368F4B404&sortorder=desc&column=row HTTP/1.1" 404 -
81.167.26.57 - - [03/Nov/2024:03:48:43 +0100] "GET /ticket2/opencms/se/ru/buy/?page=1&edid=D9CE0B59-251A-E38E-8401-FAA2223E06E9&sortorder=desc&column=row HTTP/1.1" 404 -
194.247.173.99 - - [03/Nov/2024:03:48:43 +0100] "GET /ticket2/opencms/dk/ru/buy/?page=1&edid=07335531-3B1A-2C29-2B43-B2D35810611E&sortorder=desc&column=section HTTP/1.1" 404 -
192.99.9.92 - - [03/Nov/2024:03:48:45 +0100] "GET /ticket2/opencms/dk/no/buy/?page=1&edid=8871F39D-CC75-6BEB-E911-E7E368F4B404&sortorder=desc&column=section HTTP/1.1" 404 -
69.171.230.10 - - [03/Nov/2024:03:48:45 +0100] "GET /ticket2/opencms/bs/sport/fudbalske-karte/serie-a/frosinone HTTP/1.1" 200 87712
85.208.96.197 - - [03/Nov/2024:03:48:46 +0100] "GET /ticket2/opencms/sv/sport/fotbollsbiljetter/uefa-europa-league/liverpool/ HTTP/1.1" 200 79059
157.90.209.79 - - [03/Nov/2024:03:48:46 +0100] "GET /ticket2/opencms/ga/buy/?page=1&edid=FB201BEF-97AC-F5AA-1C79-FCD23FE64214 HTTP/1.1" 200 102930
81.167.26.57 - - [03/Nov/2024:03:48:46 +0100] "GET /ticket2/opencms/se/ru/buy/?page=1&edid=D9CE0B59-251A-E38E-8401-FAA2223E06E9&sortorder=desc&column=section HTTP/1.1" 404 -
217.113.194.220 - - [03/Nov/2024:03:48:48 +0100] "GET /ticket2/opencms/sv/sport/fotbollsbiljetter/la_liga/leganes/ HTTP/1.1" 200 93160
81.167.26.57 - - [03/Nov/2024:03:48:49 +0100] "GET /ticket2/opencms/se/ru/buy/?page=1&edid=DAE1C461-9A8D-E773-9EDE-290EE65504CD&sortorder=asc&column=row HTTP/1.1" 404 -
192.99.9.92 - - [03/Nov/2024:03:48:49 +0100] "GET /ticket2/opencms/dk/no/buy/?page=1&edid=88A5FA8D-B5B5-F577-3320-20F49E5C73A5&sortorder=asc&column=section HTTP/1.1" 404 -
194.247.173.99 - - [03/Nov/2024:03:48:50 +0100] "GET /ticket2/opencms/dk/ru/buy/?page=1&edid=078F26BB-44F6-F896-2C35-EEFD935AEC35&sortorder=desc&column=section HTTP/1.1" 404 -
81.167.26.57 - - [03/Nov/2024:03:48:52 +0100] "GET /ticket2/opencms/se/ru/buy/?page=1&edid=DAE1C461-9A8D-E773-9EDE-290EE65504CD&sortorder=asc&column=section HTTP/1.1" 404 -
185.191.171.4 - - [03/Nov/2024:03:48:53 +0100] "GET /ticket2/opencms/no/sport/fotballsbilletter/serie_a/milan/ HTTP/1.1" 200 89249
192.99.9.92 - - [03/Nov/2024:03:48:53 +0100] "GET /ticket2/opencms/dk/no/buy/?page=1&edid=891B9583-5926-B6F5-DFBC-2EA68E228996&sortorder=asc&column=price HTTP/1.1" 404 -
81.167.26.57 - - [03/Nov/2024:03:48:55 +0100] "GET /ticket2/opencms/se/ru/buy/?page=1&edid=DAE1C461-9A8D-E773-9EDE-290EE65504CD&sortorder=desc&column=section HTTP/1.1" 404 -
194.247.173.99 - - [03/Nov/2024:03:48:56 +0100] "GET /ticket2/opencms/dk/ru/buy/?page=1&edid=081EE01A-3277-D451-A064-8BE12CA4E327&sortorder=asc&column=section HTTP/1.1" 404 -
157.90.209.79 - - [03/Nov/2024:03:48:57 +0100] "GET /ticket2/opencms/ga/buy/?page=1&edid=FC797166-D971-D25F-0FB0-A6DA82828914 HTTP/1.1" 200 115253
185.191.171.8 - - [03/Nov/2024:03:48:57 +0100] "GET /ticket2/opencms/no/sport/fotballsbilletter/ HTTP/1.1" 200 86816
217.113.194.220 - - [03/Nov/2024:03:48:57 +0100] "GET /ticket2/opencms/sv/sport/fotbollsbiljetter/premier_league/chelsea HTTP/1.1" 200 96156
81.167.26.57 - - [03/Nov/2024:03:48:58 +0100] "GET /ticket2/opencms/se/ru/buy/?page=1&edid=DBB4CDC4-5E0E-656F-1181-66C666A0DBB9&sortorder=asc&column=price HTTP/1.1" 404 -
192.99.9.92 - - [03/Nov/2024:03:48:58 +0100] "GET /ticket2/opencms/dk/no/buy/?page=1&edid=891B9583-5926-B6F5-DFBC-2EA68E228996&sortorder=asc&column=row HTTP/1.1" 404 -
81.167.26.57 - - [03/Nov/2024:03:49:00 +0100] "GET /ticket2/opencms/se/ru/buy/?page=1&edid=DBB4CDC4-5E0E-656F-1181-66C666A0DBB9&sortorder=desc&column=section HTTP/1.1" 404 -
192.99.9.92 - - [03/Nov/2024:03:49:02 +0100] "GET /ticket2/opencms/dk/no/buy/?page=1&edid=891B9583-5926-B6F5-DFBC-2EA68E228996&sortorder=asc&column=section HTTP/1.1" 404 -
114.119.151.50 - - [03/Nov/2024:03:49:03 +0100] "GET /ticket2/opencms/en/buy?page=1&edid=A77D4A9A-572B-6875-CF0A-71BAB849C655 HTTP/1.1" 200 99292
194.247.173.99 - - [03/Nov/2024:03:49:03 +0100] "GET /ticket2/opencms/dk/ru/buy/?page=1&edid=0874A86E-EC5A-2746-01C0-7A1F437ED7E1&sortorder=asc&column=section HTTP/1.1" 404 -
81.167.26.57 - - [03/Nov/2024:03:49:03 +0100] "GET /ticket2/opencms/se/ru/buy/?page=1&edid=DC0F3611-C833-A6F6-70F7-1A8DE9CE1F0E HTTP/1.1" 404 -
121.237.36.28 - - [03/Nov/2024:03:49:04 +0100] "GET /ticket2/opencms/favicon.ico HTTP/1.1" 200 15406
66.249.65.105 - - [03/Nov/2024:03:49:05 +0100] "GET /ticket2/opencms/sr/buy?page=1&edid=FDE2CB1B-737B-857F-7431-BD450E7D3BBB&hlv=666d6f2b-1d34-4b2c-a2ed-0c190a01000f HTTP/1.1" 200 127725
192.99.9.92 - - [03/Nov/2024:03:49:06 +0100] "GET /ticket2/opencms/dk/no/buy/?page=1&edid=8AB2E4A1-D116-C62C-CE26-DEC6ED22AE38&sortorder=asc&column=row HTTP/1.1" 404 -
154.54.249.216 - - [03/Nov/2024:03:49:06 +0100] "GET /ticket2/opencms/sv/sport/hockeybiljetter/nhl/Winnipeg_Jets/ HTTP/1.1" 200 80388
81.167.26.57 - - [03/Nov/2024:03:49:06 +0100] "GET /ticket2/opencms/se/ru/buy/?page=1&edid=DC0F3611-C833-A6F6-70F7-1A8DE9CE1F0E&sortorder=desc&column=price HTTP/1.1" 404 -
157.90.209.79 - - [03/Nov/2024:03:49:09 +0100] "GET /ticket2/opencms/ga/buy/?page=1&edid=FD4DCA3B-ED43-1043-8648-63C229A27832 HTTP/1.1" 200 130579
