20.171.206.89 - - [03/Nov/2024:05:37:47 +0100] "GET /ticket2/opencms/sl/buy?page=1&edid=729B4624-40AD-E7A7-F9BA-94230F6FDC91 HTTP/1.1" 200 130775
157.90.209.79 - - [03/Nov/2024:05:37:47 +0100] "GET /ticket2/opencms/is/buy?page=1&edid=90D99CFD-1C4D-3E3E-708D-4C9851B5EDBE HTTP/1.1" 200 111383
20.171.206.89 - - [03/Nov/2024:05:37:48 +0100] "GET /ticket2/opencms/lt/buy?page=1&edid=729B4624-40AD-E7A7-F9BA-94230F6FDC91 HTTP/1.1" 200 131110
20.171.206.89 - - [03/Nov/2024:05:37:49 +0100] "GET /ticket2/opencms/sv/buy?page=1&edid=729B4624-40AD-E7A7-F9BA-94230F6FDC91 HTTP/1.1" 200 129946
217.113.194.217 - - [03/Nov/2024:05:37:49 +0100] "GET /ticket2/opencms/sv/buy?page=1&edid=C6A99892-7BD2-880D-4758-AF68633C2943 HTTP/1.1" 200 99940
157.90.209.79 - - [03/Nov/2024:05:37:51 +0100] "GET /ticket2/opencms/is/buy?page=1&edid=9298EE47-1A7F-20BC-182D-AD5062126FDE HTTP/1.1" 200 101870
20.171.206.89 - - [03/Nov/2024:05:37:53 +0100] "GET /ticket2/opencms/it/buy?page=1&edid=729B4624-40AD-E7A7-F9BA-94230F6FDC91 HTTP/1.1" 200 130429
20.171.206.89 - - [03/Nov/2024:05:37:54 +0100] "GET /ticket2/opencms/bg/buy?page=1&edid=729B4624-40AD-E7A7-F9BA-94230F6FDC91 HTTP/1.1" 200 133248
20.171.206.89 - - [03/Nov/2024:05:37:55 +0100] "GET /ticket2/opencms/hr/buy?page=1&edid=729B4624-40AD-E7A7-F9BA-94230F6FDC91 HTTP/1.1" 200 130721
157.90.209.79 - - [03/Nov/2024:05:37:56 +0100] "GET /ticket2/opencms/is/buy?page=1&edid=92DF4928-935F-6F67-3394-E1ED2A861E35 HTTP/1.1" 200 126068
66.249.65.105 - - [03/Nov/2024:05:37:56 +0100] "GET /ticket2/opencms/hr/partnerski-program/ HTTP/1.1" 200 81399
217.113.194.218 - - [03/Nov/2024:05:37:58 +0100] "GET /ticket2/opencms/sv/buy?page=1&edid=A5A21F9B-BA9F-6460-8CC4-AF1301D02678 HTTP/1.1" 200 97697
20.171.206.89 - - [03/Nov/2024:05:37:58 +0100] "GET /ticket2/opencms/hu/buy?page=1&edid=729B4624-40AD-E7A7-F9BA-94230F6FDC91 HTTP/1.1" 200 131150
157.90.209.79 - - [03/Nov/2024:05:37:59 +0100] "GET /ticket2/opencms/is/buy?page=1&edid=95423F1B-D1AB-68DD-A58C-5DE97CA2D553 HTTP/1.1" 200 124715
20.171.206.89 - - [03/Nov/2024:05:37:59 +0100] "GET /ticket2/opencms/pl/buy?page=1&edid=729B4624-40AD-E7A7-F9BA-94230F6FDC91 HTTP/1.1" 200 131017
20.171.206.89 - - [03/Nov/2024:05:38:01 +0100] "GET /ticket2/opencms/cs/buy?page=1&edid=729B4624-40AD-E7A7-F9BA-94230F6FDC91 HTTP/1.1" 200 131271
20.171.206.89 - - [03/Nov/2024:05:38:02 +0100] "GET /ticket2/opencms/de/buy?page=1&edid=729B4624-40AD-E7A7-F9BA-94230F6FDC91 HTTP/1.1" 200 130371
20.171.206.89 - - [03/Nov/2024:05:38:03 +0100] "GET /ticket2/opencms/uk/buy?page=1&edid=729B4624-40AD-E7A7-F9BA-94230F6FDC91 HTTP/1.1" 200 133188
157.90.209.79 - - [03/Nov/2024:05:38:04 +0100] "GET /ticket2/opencms/is/buy?page=1&edid=96FDAACF-AA50-D065-EBF8-EE262287E6CE HTTP/1.1" 200 98784
20.171.206.89 - - [03/Nov/2024:05:38:04 +0100] "GET /ticket2/opencms/ro/buy?page=1&edid=729B4624-40AD-E7A7-F9BA-94230F6FDC91 HTTP/1.1" 200 131185
185.191.171.19 - - [03/Nov/2024:05:38:05 +0100] "GET /ticket2/opencms/nl/sport/voetbal-tickets/la_liga/sevilla/ HTTP/1.1" 200 85848
20.171.206.89 - - [03/Nov/2024:05:38:06 +0100] "GET /ticket2/opencms/mo/buy?page=1&edid=729B4624-40AD-E7A7-F9BA-94230F6FDC91 HTTP/1.1" 200 130876
217.113.194.218 - - [03/Nov/2024:05:38:06 +0100] "GET /ticket2/opencms/sv/buy?page=1&edid=A633BFD8-F661-75C3-088F-885852C6CFA5 HTTP/1.1" 200 100943
20.171.206.89 - - [03/Nov/2024:05:38:07 +0100] "GET /ticket2/opencms/bs/buy?page=1&edid=729B4624-40AD-E7A7-F9BA-94230F6FDC91 HTTP/1.1" 200 130679
20.171.206.89 - - [03/Nov/2024:05:38:08 +0100] "GET /ticket2/opencms/hy/buy?page=1&edid=729B4624-40AD-E7A7-F9BA-94230F6FDC91 HTTP/1.1" 404 -
157.90.209.79 - - [03/Nov/2024:05:38:08 +0100] "GET /ticket2/opencms/is/buy?page=1&edid=979A80EE-C0D2-57E0-C882-1064B868BC30 HTTP/1.1" 200 117182
185.191.171.8 - - [03/Nov/2024:05:38:09 +0100] "GET /ticket2/opencms/no/sport/fotballsbilletter/serie_a/udinese/ HTTP/1.1" 200 79585
157.55.39.197 - - [03/Nov/2024:05:38:09 +0100] "GET /ticket2/opencms/mo/buy?page=1&edid=AFCF4516-D1E7-B4D0-6DA9-1C8C15178FE8 HTTP/1.1" 200 98751
20.171.206.242 - - [03/Nov/2024:05:38:10 +0100] "GET /ticket2/opencms/mt/buy?page=1&edid=729B4624-40AD-E7A7-F9BA-94230F6FDC91 HTTP/1.1" 200 131124
157.90.209.79 - - [03/Nov/2024:05:38:11 +0100] "GET /ticket2/opencms/is/buy?page=1&edid=99C77A16-8AF9-4675-97DE-42A41C4ECB4F HTTP/1.1" 200 130277
20.171.206.242 - - [03/Nov/2024:05:38:12 +0100] "GET /ticket2/opencms/ka/buy?page=1&edid=729B4624-40AD-E7A7-F9BA-94230F6FDC91 HTTP/1.1" 200 136616
20.171.206.242 - - [03/Nov/2024:05:38:13 +0100] "GET /ticket2/opencms/et/buy?page=1&edid=729B4624-40AD-E7A7-F9BA-94230F6FDC91 HTTP/1.1" 200 130896
217.113.194.218 - - [03/Nov/2024:05:38:15 +0100] "GET /ticket2/opencms/sv/buy?page=1&edid=B635A79E-B50D-92EF-7C24-3E119FFB008B HTTP/1.1" 200 100957
20.171.206.242 - - [03/Nov/2024:05:38:15 +0100] "GET /ticket2/opencms/be/buy?page=1&edid=729B4624-40AD-E7A7-F9BA-94230F6FDC91 HTTP/1.1" 200 133050
17.241.219.157 - - [03/Nov/2024:05:38:15 +0100] "GET /ticket2/opencms/sv/buy/?page=1&edid=79A9A1E5-4D03-03CB-B5B5-89A68C5D2E2C HTTP/1.1" 200 101411
157.90.209.79 - - [03/Nov/2024:05:38:16 +0100] "GET /ticket2/opencms/is/buy?page=1&edid=A2A4078E-C8E8-C113-199B-69C1FEB231B0 HTTP/1.1" 200 125875
20.171.206.242 - - [03/Nov/2024:05:38:16 +0100] "GET /ticket2/opencms/lv/buy?page=1&edid=729B4624-40AD-E7A7-F9BA-94230F6FDC91 HTTP/1.1" 200 131025
20.171.206.242 - - [03/Nov/2024:05:38:18 +0100] "GET /ticket2/opencms/uk/buy?page=1&edid=26467E66-E432-3709-0425-A75E81B5021A HTTP/1.1" 200 133194
20.171.206.242 - - [03/Nov/2024:05:38:19 +0100] "GET /ticket2/opencms/tr/buy?page=1&edid=26467E66-E432-3709-0425-A75E81B5021A HTTP/1.1" 200 131169
20.171.206.242 - - [03/Nov/2024:05:38:20 +0100] "GET /ticket2/opencms/sl/buy?page=1&edid=26467E66-E432-3709-0425-A75E81B5021A HTTP/1.1" 200 130781
157.90.209.79 - - [03/Nov/2024:05:38:21 +0100] "GET /ticket2/opencms/is/buy?page=1&edid=A50C9DBA-FE79-ABA2-A67C-ED9083C7A802 HTTP/1.1" 200 111391
47.128.32.191 - - [03/Nov/2024:05:38:21 +0100] "GET /ticket2/opencms/az/buy/?catid=B0817F4C-4B6F-A68C-6229-209BB05F84D4&comcatid=A17713B6-D984-201A-4143-ED4DB5ED5C2E HTTP/1.1" 200 93863
20.171.206.242 - - [03/Nov/2024:05:38:22 +0100] "GET /ticket2/opencms/fr/buy?page=1&edid=26467E66-E432-3709-0425-A75E81B5021A HTTP/1.1" 200 130996
20.171.206.242 - - [03/Nov/2024:05:38:23 +0100] "GET /ticket2/opencms/bg/buy?page=1&edid=26467E66-E432-3709-0425-A75E81B5021A HTTP/1.1" 200 133254
217.113.194.219 - - [03/Nov/2024:05:38:23 +0100] "GET /ticket2/opencms/sv/buy?page=1&edid=B938704A-C364-E3C3-6D83-C5254E1A3103 HTTP/1.1" 200 107213
20.171.206.242 - - [03/Nov/2024:05:38:24 +0100] "GET /ticket2/opencms/no/buy?page=1&edid=26467E66-E432-3709-0425-A75E81B5021A HTTP/1.1" 200 130388
157.90.209.79 - - [03/Nov/2024:05:38:24 +0100] "GET /ticket2/opencms/is/buy?page=1&edid=A9801416-AE3B-7D1A-1B34-1269835EE309 HTTP/1.1" 200 124717
185.191.171.12 - - [03/Nov/2024:05:38:25 +0100] "GET /ticket2/opencms/sv/sport/fotbollsbiljetter/english-championship/ipswich-town/ HTTP/1.1" 200 79424
20.171.206.242 - - [03/Nov/2024:05:38:25 +0100] "GET /ticket2/opencms/cs/buy?page=1&edid=26467E66-E432-3709-0425-A75E81B5021A HTTP/1.1" 200 131277
157.90.209.79 - - [03/Nov/2024:05:38:27 +0100] "GET /ticket2/opencms/is/buy?page=1&edid=AD14D102-9A59-3E48-721F-B8412449464B HTTP/1.1" 200 101017
20.171.206.242 - - [03/Nov/2024:05:38:28 +0100] "GET /ticket2/opencms/pl/buy?page=1&edid=26467E66-E432-3709-0425-A75E81B5021A HTTP/1.1" 200 131023
47.128.114.89 - - [03/Nov/2024:05:38:29 +0100] "GET /ticket2/opencms/el/buy?page=10&venueid=6F35A585-C7A7-198F-956D-F8F0D81EEC09 HTTP/1.1" 302 -
20.171.206.242 - - [03/Nov/2024:05:38:29 +0100] "GET /ticket2/opencms/en/buy?page=1&edid=26467E66-E432-3709-0425-A75E81B5021A HTTP/1.1" 200 129129
157.90.209.79 - - [03/Nov/2024:05:38:30 +0100] "GET /ticket2/opencms/is/buy?page=1&edid=B089B4B8-933D-AB70-BE65-2A133877E5AC HTTP/1.1" 200 126411
47.128.114.89 - - [03/Nov/2024:05:38:30 +0100] "GET /ticket2/opencms/el/buy/ HTTP/1.1" 200 80279
20.171.206.242 - - [03/Nov/2024:05:38:31 +0100] "GET /ticket2/opencms/be/buy?page=1&edid=26467E66-E432-3709-0425-A75E81B5021A HTTP/1.1" 200 133056
20.171.206.242 - - [03/Nov/2024:05:38:32 +0100] "GET /ticket2/opencms/sr/buy?page=1&edid=26467E66-E432-3709-0425-A75E81B5021A HTTP/1.1" 200 131516
217.113.194.220 - - [03/Nov/2024:05:38:32 +0100] "GET /ticket2/opencms/sv/buy?page=1&edid=BC277D23-30B8-D5EE-234A-A476676DA5A3 HTTP/1.1" 200 97737
20.171.206.242 - - [03/Nov/2024:05:38:33 +0100] "GET /ticket2/opencms/sv/buy?page=1&edid=26467E66-E432-3709-0425-A75E81B5021A HTTP/1.1" 200 129952
185.191.171.6 - - [03/Nov/2024:05:38:33 +0100] "GET /ticket2/opencms/sl/about/press/ HTTP/1.1" 200 80240
157.90.209.79 - - [03/Nov/2024:05:38:34 +0100] "GET /ticket2/opencms/is/buy?page=1&edid=B5480FEC-C7FC-18FB-0EEB-9717E2722B5A HTTP/1.1" 200 111381
20.171.206.242 - - [03/Nov/2024:05:38:34 +0100] "GET /ticket2/opencms/sq/buy?page=1&edid=26467E66-E432-3709-0425-A75E81B5021A HTTP/1.1" 200 131146
185.191.171.1 - - [03/Nov/2024:05:38:35 +0100] "GET /ticket2/opencms/dk/sport/fodboldbilletter/bundesliga/frankfurt/ HTTP/1.1" 200 93466
20.171.206.242 - - [03/Nov/2024:05:38:36 +0100] "GET /ticket2/opencms/es/buy?page=1&edid=26467E66-E432-3709-0425-A75E81B5021A HTTP/1.1" 200 130776
157.90.209.79 - - [03/Nov/2024:05:38:38 +0100] "GET /ticket2/opencms/is/buy?page=1&edid=B6B8349F-A5AA-C742-11D5-2D7AB719C807 HTTP/1.1" 200 124714
217.113.194.216 - - [03/Nov/2024:05:38:40 +0100] "GET /ticket2/opencms/sv/buy?page=1&edid=ACE60170-3B81-6901-5B58-6E9A7D7EDB8D HTTP/1.1" 200 101650
157.90.209.79 - - [03/Nov/2024:05:38:42 +0100] "GET /ticket2/opencms/is/buy?page=1&edid=B8EF6180-227A-800A-63E5-9809623FC791 HTTP/1.1" 200 117193
47.128.122.181 - - [03/Nov/2024:05:38:42 +0100] "GET /ticket2/opencms/ga/buy/?edid=E86F0F7D-1756-1185-7E08-E94436C5DD8E HTTP/1.1" 200 81535
157.90.209.79 - - [03/Nov/2024:05:38:46 +0100] "GET /ticket2/opencms/is/buy?page=1&edid=B922C762-2087-3C97-2B1F-F0A83EAFF02E HTTP/1.1" 200 98134
154.54.249.216 - - [03/Nov/2024:05:38:49 +0100] "GET /ticket2/opencms/sv/buy?page=1&edid=BD3D4222-DD36-C1A0-EF58-456D0FFDAB97 HTTP/1.1" 200 100934
157.90.209.79 - - [03/Nov/2024:05:38:49 +0100] "GET /ticket2/opencms/is/buy?page=1&edid=B9A56D83-AD94-045F-A8C5-86B02F52A7C5 HTTP/1.1" 200 135245
157.90.209.79 - - [03/Nov/2024:05:38:54 +0100] "GET /ticket2/opencms/is/buy?page=1&edid=BBF51855-649C-7AAC-A9CD-362F8BD9BD25 HTTP/1.1" 200 111384
20.171.206.242 - - [03/Nov/2024:05:38:56 +0100] "GET /ticket2/opencms/ga/buy?page=1&edid=26467E66-E432-3709-0425-A75E81B5021A HTTP/1.1" 200 131534
157.90.209.79 - - [03/Nov/2024:05:38:56 +0100] "GET /ticket2/opencms/is/buy?page=1&edid=BC1AC5C2-6726-A2A1-40BE-457E680F6800 HTTP/1.1" 200 101461
20.171.206.242 - - [03/Nov/2024:05:38:57 +0100] "GET /ticket2/opencms/hr/buy?page=1&edid=26467E66-E432-3709-0425-A75E81B5021A HTTP/1.1" 200 130727
217.113.194.212 - - [03/Nov/2024:05:38:57 +0100] "GET /ticket2/opencms/sv/buy?page=1&edid=D08931AA-445E-BC00-3BB5-1EF2DCED50E2 HTTP/1.1" 200 97687
20.171.206.242 - - [03/Nov/2024:05:39:00 +0100] "GET /ticket2/opencms/ka/buy?page=1&edid=26467E66-E432-3709-0425-A75E81B5021A HTTP/1.1" 200 136622
20.171.206.242 - - [03/Nov/2024:05:39:01 +0100] "GET /ticket2/opencms/lt/buy?page=1&edid=26467E66-E432-3709-0425-A75E81B5021A HTTP/1.1" 200 131116
157.90.209.79 - - [03/Nov/2024:05:39:01 +0100] "GET /ticket2/opencms/is/buy?page=1&edid=BE9D8283-8353-3049-DA1C-50EC3CD6221D HTTP/1.1" 200 102078
157.90.209.79 - - [03/Nov/2024:05:39:03 +0100] "GET /ticket2/opencms/is/buy?page=1&edid=BF02E8D3-250D-1BB9-F307-8D142E1902AE HTTP/1.1" 200 101018
20.171.206.242 - - [03/Nov/2024:05:39:04 +0100] "GET /ticket2/opencms/az/buy?page=1&edid=26467E66-E432-3709-0425-A75E81B5021A HTTP/1.1" 200 131294
185.191.171.13 - - [03/Nov/2024:05:39:04 +0100] "GET /ticket2/opencms/no/sport/fotballsbilletter/la_liga/fc_barcelona/ HTTP/1.1" 200 96403
20.171.206.242 - - [03/Nov/2024:05:39:04 +0100] "GET /ticket2/opencms/hy/buy?page=1&edid=26467E66-E432-3709-0425-A75E81B5021A HTTP/1.1" 404 -
114.119.135.251 - - [03/Nov/2024:05:39:06 +0100] "GET /ticket2/opencms/en/sell/?edid=A32C2CDE-A2F2-054C-C7FE-30BF45814EDA HTTP/1.1" 302 -
20.171.206.242 - - [03/Nov/2024:05:39:06 +0100] "GET /ticket2/opencms/el/buy?page=1&edid=26467E66-E432-3709-0425-A75E81B5021A HTTP/1.1" 200 134175
217.113.194.220 - - [03/Nov/2024:05:39:06 +0100] "GET /ticket2/opencms/sv/buy?page=1&edid=B5C7399B-C087-FF38-4294-BB861C1DB4F9 HTTP/1.1" 200 124286
157.90.209.79 - - [03/Nov/2024:05:39:07 +0100] "GET /ticket2/opencms/is/buy?page=1&edid=BFAFDC2C-908C-DD1E-38F3-2E405A281188 HTTP/1.1" 200 130271
209.85.238.43 - - [03/Nov/2024:05:39:08 +0100] "GET /ticket2/opencms/sv/login/ HTTP/1.1" 200 82693
157.90.209.79 - - [03/Nov/2024:05:39:09 +0100] "GET /ticket2/opencms/is/buy?page=1&edid=C05AA481-967A-A4D1-E287-ECBF3F52D776 HTTP/1.1" 200 102156
114.119.135.251 - - [03/Nov/2024:05:39:09 +0100] "GET /ticket2/opencms/en/login/?url=/en/sell/ HTTP/1.1" 200 81870
20.171.206.209 - - [03/Nov/2024:05:39:10 +0100] "GET /ticket2/opencms/mo/buy?page=1&edid=26467E66-E432-3709-0425-A75E81B5021A HTTP/1.1" 200 130882
20.171.206.209 - - [03/Nov/2024:05:39:11 +0100] "GET /ticket2/opencms/sk/buy?page=1&edid=26467E66-E432-3709-0425-A75E81B5021A HTTP/1.1" 200 131206
157.90.209.79 - - [03/Nov/2024:05:39:12 +0100] "GET /ticket2/opencms/is/buy?page=1&edid=C15AE28C-73DB-6928-32A1-4EC14A77EEA7 HTTP/1.1" 200 124716
20.171.206.209 - - [03/Nov/2024:05:39:13 +0100] "GET /ticket2/opencms/mt/buy?page=1&edid=26467E66-E432-3709-0425-A75E81B5021A HTTP/1.1" 200 131130
47.128.125.89 - - [03/Nov/2024:05:39:13 +0100] "GET /ticket2/opencms/hu/buy/?catid=515A9A29-35A0-2DB8-262B-AEF122DB04F6&comcatid=A17713B6-D984-201A-4143-ED4DB5ED5C2E HTTP/1.1" 200 93812
157.90.209.79 - - [03/Nov/2024:05:39:14 +0100] "GET /ticket2/opencms/is/buy?page=1&edid=C1C161ED-392A-057B-99A1-EFB930A82112 HTTP/1.1" 200 102079
20.171.206.209 - - [03/Nov/2024:05:39:14 +0100] "GET /ticket2/opencms/ro/buy?page=1&edid=26467E66-E432-3709-0425-A75E81B5021A HTTP/1.1" 200 131191
217.113.194.213 - - [03/Nov/2024:05:39:15 +0100] "GET /ticket2/opencms/sv/buy?page=1&edid=C38B91D5-7E34-5D39-0264-2447EFE5EA84 HTTP/1.1" 200 97699
185.191.171.12 - - [03/Nov/2024:05:39:16 +0100] "GET /ticket2/opencms/de/magazine/article?title=crystal-palace HTTP/1.1" 200 82229
157.90.209.79 - - [03/Nov/2024:05:39:16 +0100] "GET /ticket2/opencms/is/buy?page=1&edid=C28B3B84-6A6E-6FCB-67EF-1F8424FD799A HTTP/1.1" 200 114142
20.171.206.209 - - [03/Nov/2024:05:39:17 +0100] "GET /ticket2/opencms/nl/buy?page=1&edid=26467E66-E432-3709-0425-A75E81B5021A HTTP/1.1" 200 128669
85.208.96.211 - - [03/Nov/2024:05:39:17 +0100] "GET /ticket2/opencms/mt/buying_tickets/ HTTP/1.1" 200 80651
157.90.209.79 - - [03/Nov/2024:05:39:18 +0100] "GET /ticket2/opencms/is/buy?page=1&edid=C2E0FED9-872C-CDB5-EA69-F93F12F9C91F HTTP/1.1" 200 114146
20.171.206.209 - - [03/Nov/2024:05:39:18 +0100] "GET /ticket2/opencms/de/buy?page=1&edid=26467E66-E432-3709-0425-A75E81B5021A HTTP/1.1" 200 130377
20.171.206.209 - - [03/Nov/2024:05:39:19 +0100] "GET /ticket2/opencms/fi/buy?page=1&edid=26467E66-E432-3709-0425-A75E81B5021A HTTP/1.1" 200 130925
157.90.209.79 - - [03/Nov/2024:05:39:20 +0100] "GET /ticket2/opencms/is/buy?page=1&edid=C3C2958F-64DF-91F9-F3D9-8F3CEBC7A797 HTTP/1.1" 200 108082
20.171.206.209 - - [03/Nov/2024:05:39:21 +0100] "GET /ticket2/opencms/hu/buy?page=1&edid=26467E66-E432-3709-0425-A75E81B5021A HTTP/1.1" 200 131156
157.90.209.79 - - [03/Nov/2024:05:39:23 +0100] "GET /ticket2/opencms/is/buy?page=1&edid=C5541103-512C-D651-87BB-185D7BE93A66 HTTP/1.1" 200 124722
217.113.194.219 - - [03/Nov/2024:05:39:23 +0100] "GET /ticket2/opencms/sv/buy?page=1&edid=CEF56D0C-4B94-D435-302E-2275000FA9AD HTTP/1.1" 200 100970
20.171.206.209 - - [03/Nov/2024:05:39:23 +0100] "GET /ticket2/opencms/bs/buy?page=1&edid=26467E66-E432-3709-0425-A75E81B5021A HTTP/1.1" 200 130685
20.171.206.209 - - [03/Nov/2024:05:39:25 +0100] "GET /ticket2/opencms/lv/buy?page=1&edid=26467E66-E432-3709-0425-A75E81B5021A HTTP/1.1" 200 131031
157.90.209.79 - - [03/Nov/2024:05:39:25 +0100] "GET /ticket2/opencms/is/buy?page=1&edid=C64002B7-B7A3-A646-1770-7E79C914EDA5 HTTP/1.1" 200 130304
20.171.206.209 - - [03/Nov/2024:05:39:26 +0100] "GET /ticket2/opencms/mk/buy?page=1&edid=26467E66-E432-3709-0425-A75E81B5021A HTTP/1.1" 404 -
85.208.96.197 - - [03/Nov/2024:05:39:26 +0100] "GET /ticket2/opencms/no/sport/fotballsbilletter/la_liga/fc_barcelona/ HTTP/1.1" 200 96403
157.90.209.79 - - [03/Nov/2024:05:39:28 +0100] "GET /ticket2/opencms/is/buy?page=1&edid=C781C90E-2A4A-BE38-23EB-6039DE2F5FA8 HTTP/1.1" 200 125873
20.171.206.209 - - [03/Nov/2024:05:39:28 +0100] "GET /ticket2/opencms/dk/buy?page=1&edid=26467E66-E432-3709-0425-A75E81B5021A HTTP/1.1" 200 129619
20.171.206.209 - - [03/Nov/2024:05:39:29 +0100] "GET /ticket2/opencms/it/buy?page=1&edid=26467E66-E432-3709-0425-A75E81B5021A HTTP/1.1" 200 130435
157.90.209.79 - - [03/Nov/2024:05:39:30 +0100] "GET /ticket2/opencms/is/buy?page=1&edid=C78E4619-1E46-CB27-6BCC-007429A12C31 HTTP/1.1" 200 135249
20.171.206.209 - - [03/Nov/2024:05:39:31 +0100] "GET /ticket2/opencms/et/buy?page=1&edid=26467E66-E432-3709-0425-A75E81B5021A HTTP/1.1" 200 130902
154.54.249.216 - - [03/Nov/2024:05:39:32 +0100] "GET /ticket2/opencms/sv/buy?page=1&edid=D314C794-2441-468F-2E3C-5F1FB0544215 HTTP/1.1" 200 100968
20.171.206.209 - - [03/Nov/2024:05:39:32 +0100] "GET /ticket2/opencms/mo/buy?page=1&edid=077A4D05-90D5-AF2A-B689-A4F52E73EBA2 HTTP/1.1" 200 130744
157.90.209.79 - - [03/Nov/2024:05:39:32 +0100] "GET /ticket2/opencms/is/buy?page=1&edid=C9919F63-312E-C4DF-29D6-DA1CE80EC9A2 HTTP/1.1" 200 117186
20.171.206.209 - - [03/Nov/2024:05:39:33 +0100] "GET /ticket2/opencms/sk/buy?page=1&edid=077A4D05-90D5-AF2A-B689-A4F52E73EBA2 HTTP/1.1" 200 131068
20.171.206.209 - - [03/Nov/2024:05:39:34 +0100] "GET /ticket2/opencms/uk/buy?page=1&edid=077A4D05-90D5-AF2A-B689-A4F52E73EBA2 HTTP/1.1" 200 133056
20.171.206.209 - - [03/Nov/2024:05:39:36 +0100] "GET /ticket2/opencms/es/buy?page=1&edid=077A4D05-90D5-AF2A-B689-A4F52E73EBA2 HTTP/1.1" 200 130638
85.208.96.200 - - [03/Nov/2024:05:39:36 +0100] "GET /ticket2/opencms/dk/about/contact/ HTTP/1.1" 200 79970
20.171.206.209 - - [03/Nov/2024:05:39:37 +0100] "GET /ticket2/opencms/el/buy?page=1&edid=077A4D05-90D5-AF2A-B689-A4F52E73EBA2 HTTP/1.1" 200 134037
20.171.206.209 - - [03/Nov/2024:05:39:38 +0100] "GET /ticket2/opencms/tr/buy?page=1&edid=077A4D05-90D5-AF2A-B689-A4F52E73EBA2 HTTP/1.1" 200 131031
66.249.65.106 - - [03/Nov/2024:05:39:38 +0100] "GET /ticket2/opencms/es/deporte/entradas-futbol/serie-a HTTP/1.1" 200 90706
217.113.194.218 - - [03/Nov/2024:05:39:40 +0100] "GET /ticket2/opencms/sv/buy?page=1&edid=CEA22FC6-1BBC-ECD9-F981-50AEC76B0A69 HTTP/1.1" 200 100122
157.90.209.79 - - [03/Nov/2024:05:39:40 +0100] "GET /ticket2/opencms/is/buy?page=1&edid=CC748805-AA77-5D07-7352-96CD97D4F5AC HTTP/1.1" 200 128948
20.171.206.209 - - [03/Nov/2024:05:39:41 +0100] "GET /ticket2/opencms/lv/buy?page=1&edid=077A4D05-90D5-AF2A-B689-A4F52E73EBA2 HTTP/1.1" 200 130893
20.171.206.209 - - [03/Nov/2024:05:39:42 +0100] "GET /ticket2/opencms/et/buy?page=1&edid=077A4D05-90D5-AF2A-B689-A4F52E73EBA2 HTTP/1.1" 200 130764
157.90.209.79 - - [03/Nov/2024:05:39:43 +0100] "GET /ticket2/opencms/is/buy?page=1&edid=D4F26649-49E7-D9AD-008F-6A1EF16B5F3C HTTP/1.1" 200 117186
20.171.206.209 - - [03/Nov/2024:05:39:44 +0100] "GET /ticket2/opencms/sq/buy?page=1&edid=077A4D05-90D5-AF2A-B689-A4F52E73EBA2 HTTP/1.1" 200 131008
157.90.209.79 - - [03/Nov/2024:05:39:45 +0100] "GET /ticket2/opencms/is/buy?page=1&edid=D82A55E9-700E-0A50-F575-755C8E3E7147 HTTP/1.1" 200 101237
20.171.206.209 - - [03/Nov/2024:05:39:45 +0100] "GET /ticket2/opencms/sv/buy?page=1&edid=077A4D05-90D5-AF2A-B689-A4F52E73EBA2 HTTP/1.1" 200 129814
20.171.206.209 - - [03/Nov/2024:05:39:47 +0100] "GET /ticket2/opencms/it/buy?page=1&edid=077A4D05-90D5-AF2A-B689-A4F52E73EBA2 HTTP/1.1" 200 130297
217.113.194.215 - - [03/Nov/2024:05:39:48 +0100] "GET /ticket2/opencms/sv/buy?page=1&edid=C422BC27-6F14-B415-A16C-0DD738E4FAA5 HTTP/1.1" 200 101487
157.90.209.79 - - [03/Nov/2024:05:39:49 +0100] "GET /ticket2/opencms/is/buy?page=1&edid=DA2AFD28-6AA1-4222-20E5-CCCE4BF9B981 HTTP/1.1" 200 102566
20.171.206.209 - - [03/Nov/2024:05:39:49 +0100] "GET /ticket2/opencms/en/buy?page=1&edid=077A4D05-90D5-AF2A-B689-A4F52E73EBA2 HTTP/1.1" 200 128991
52.167.144.160 - - [03/Nov/2024:05:39:50 +0100] "GET /ticket2/opencms/nl/about/contact HTTP/1.1" 200 79107
20.171.206.209 - - [03/Nov/2024:05:39:52 +0100] "GET /ticket2/opencms/de/buy?page=1&edid=077A4D05-90D5-AF2A-B689-A4F52E73EBA2 HTTP/1.1" 200 130239
47.128.48.220 - - [03/Nov/2024:05:39:53 +0100] "GET /ticket2/opencms/hu/buy?page=11&venueid=084C5FFD-59D7-DA1B-5EFC-5854672C42AB HTTP/1.1" 200 81991
20.171.206.209 - - [03/Nov/2024:05:39:53 +0100] "GET /ticket2/opencms/sl/buy?page=1&edid=077A4D05-90D5-AF2A-B689-A4F52E73EBA2 HTTP/1.1" 200 130643
20.171.206.209 - - [03/Nov/2024:05:39:54 +0100] "GET /ticket2/opencms/bs/buy?page=1&edid=077A4D05-90D5-AF2A-B689-A4F52E73EBA2 HTTP/1.1" 200 130547
217.113.194.213 - - [03/Nov/2024:05:39:57 +0100] "GET /ticket2/opencms/sv/buy?page=1&edid=D90F2F2C-0185-1952-C0BA-E46B3AE532D5 HTTP/1.1" 200 100748
20.171.206.209 - - [03/Nov/2024:05:39:59 +0100] "GET /ticket2/opencms/sr/buy?page=1&edid=077A4D05-90D5-AF2A-B689-A4F52E73EBA2 HTTP/1.1" 200 131378
20.171.206.209 - - [03/Nov/2024:05:40:00 +0100] "GET /ticket2/opencms/cs/buy?page=1&edid=077A4D05-90D5-AF2A-B689-A4F52E73EBA2 HTTP/1.1" 200 131139
20.171.206.209 - - [03/Nov/2024:05:40:00 +0100] "GET /ticket2/opencms/mk/buy?page=1&edid=077A4D05-90D5-AF2A-B689-A4F52E73EBA2 HTTP/1.1" 404 -
157.90.209.79 - - [03/Nov/2024:05:40:02 +0100] "GET /ticket2/opencms/is/buy?page=1&edid=DC4F64BB-84C6-452C-2BFD-138DC45E79DD HTTP/1.1" 200 124228
47.128.45.46 - - [03/Nov/2024:05:40:04 +0100] "GET /ticket2/opencms/no/buy/?catid=95AE85B5-8979-BB11-643C-430ACC6D50F9&comcatid=810BB404-4103-77F2-A6C2-12D5E6C338E2 HTTP/1.1" 200 85064
217.113.194.218 - - [03/Nov/2024:05:40:05 +0100] "GET /ticket2/opencms/sv/buy?page=1&edid=D96122AD-C3AA-80F5-DDA8-935E03AE952D HTTP/1.1" 200 123802
157.55.39.194 - - [03/Nov/2024:05:40:06 +0100] "GET /ticket2/opencms/en/buy/?comcatid=810BB404-4103-77F2-A6C2-12D5E6C338E2 HTTP/1.1" 200 81657
20.171.206.209 - - [03/Nov/2024:05:40:07 +0100] "GET /ticket2/opencms/hr/buy?page=1&edid=077A4D05-90D5-AF2A-B689-A4F52E73EBA2 HTTP/1.1" 200 130589
157.90.209.79 - - [03/Nov/2024:05:40:09 +0100] "GET /ticket2/opencms/is/buy?page=1&edid=DCF22239-47F2-2282-C13B-85FCE1D7C913 HTTP/1.1" 200 126513
20.171.206.8 - - [03/Nov/2024:05:40:10 +0100] "GET /ticket2/opencms/ka/buy?page=1&edid=077A4D05-90D5-AF2A-B689-A4F52E73EBA2 HTTP/1.1" 200 136484
20.171.206.8 - - [03/Nov/2024:05:40:11 +0100] "GET /ticket2/opencms/be/buy?page=1&edid=077A4D05-90D5-AF2A-B689-A4F52E73EBA2 HTTP/1.1" 200 132918
20.171.206.8 - - [03/Nov/2024:05:40:13 +0100] "GET /ticket2/opencms/no/buy?page=1&edid=077A4D05-90D5-AF2A-B689-A4F52E73EBA2 HTTP/1.1" 200 130250
217.113.194.218 - - [03/Nov/2024:05:40:14 +0100] "GET /ticket2/opencms/sv/buy?page=1&edid=C68D3A19-7AB1-B0F6-2F8E-E937CB754241 HTTP/1.1" 200 120978
185.191.171.10 - - [03/Nov/2024:05:40:15 +0100] "GET /ticket2/opencms/sv/magazine/article?title=fulham-fc HTTP/1.1" 200 80734
157.90.209.79 - - [03/Nov/2024:05:40:16 +0100] "GET /ticket2/opencms/is/buy?page=1&edid=DE5B6A64-DD53-E533-1C9F-682C000226C9 HTTP/1.1" 200 111385
85.208.96.211 - - [03/Nov/2024:05:40:16 +0100] "GET /ticket2/opencms/bs/login/?url=%25252Fbs%25252Fsell%25252F HTTP/1.1" 200 83253
157.90.209.79 - - [03/Nov/2024:05:40:19 +0100] "GET /ticket2/opencms/is/buy?page=1&edid=E0AF4582-F291-60D7-7793-C6DEB6EAEA8A HTTP/1.1" 200 131041
157.90.209.79 - - [03/Nov/2024:05:40:21 +0100] "GET /ticket2/opencms/is/buy?page=1&edid=E1CACBEB-5FB5-F359-D95F-1110648BB53A HTTP/1.1" 200 126516
114.119.133.220 - - [03/Nov/2024:05:40:23 +0100] "GET /ticket2/opencms/en/sell/?edid=B461BF01-8096-3162-6C25-1DC71021C836 HTTP/1.1" 302 -
154.54.249.216 - - [03/Nov/2024:05:40:23 +0100] "GET /ticket2/opencms/sv/buy?page=1&edid=F71823CC-F687-3618-A9A5-95AE0EE67E20 HTTP/1.1" 200 114451
213.67.223.152 - - [03/Nov/2024:05:40:23 +0100] "GET /ticket2/opencms/sv/sport/fotbollsbiljetter/?gad_source=1&gbraid=0AAAAADlS-t840NGDzXASwyBZvT7M3Y5VG&gclid=EAIaIQobChMI4Zfcka-_iQMVsQ-iAx3dwTzaEAAYASAAEgKV6fD_BwE HTTP/1.1" 200 87663
213.67.223.152 - - [03/Nov/2024:05:40:23 +0100] "GET /ticket2/opencms/system/modules/com.gridnine.opencms.ticketbrokerage.site/resources/css/ticketbrokerage.css HTTP/1.1" 200 39339
213.67.223.152 - - [03/Nov/2024:05:40:23 +0100] "GET /ticket2/opencms/system/modules/com.gridnine.opencms.ticketbrokerage.site/resources/js/jquery/jquery-ui.js HTTP/1.1" 200 228088
213.67.223.152 - - [03/Nov/2024:05:40:23 +0100] "GET /ticket2/opencms/system/modules/com.gridnine.opencms.ticketbrokerage.site/resources/css/jquery.fancybox.css HTTP/1.1" 200 4939
213.67.223.152 - - [03/Nov/2024:05:40:23 +0100] "GET /ticket2/opencms/system/modules/com.gridnine.opencms.ticketbrokerage.site/resources/css/standard.css HTTP/1.1" 200 73073
213.67.223.152 - - [03/Nov/2024:05:40:23 +0100] "GET /ticket2/opencms/system/modules/com.gridnine.opencms.ticketbrokerage.site/resources/css/calendar.css HTTP/1.1" 200 6871
213.67.223.152 - - [03/Nov/2024:05:40:23 +0100] "GET /ticket2/opencms/system/modules/com.gridnine.opencms.ticketbrokerage.site/resources/js/jquery/jquery.js HTTP/1.1" 200 93868
213.67.223.152 - - [03/Nov/2024:05:40:23 +0100] "GET /ticket2/opencms/system/modules/com.gridnine.opencms.ticketbrokerage.site/resources/css/jquery-ui.css HTTP/1.1" 200 33221
213.67.223.152 - - [03/Nov/2024:05:40:23 +0100] "GET /ticket2/opencms/system/modules/com.gridnine.opencms.ticketbrokerage.site/resources/js/functions.js HTTP/1.1" 200 1583
213.67.223.152 - - [03/Nov/2024:05:40:23 +0100] "GET /ticket2/opencms/system/modules/com.gridnine.opencms.ticketbrokerage.site/resources/js/calendar.js HTTP/1.1" 200 49229
213.67.223.152 - - [03/Nov/2024:05:40:23 +0100] "GET /ticket2/opencms/system/modules/com.gridnine.opencms.ticketbrokerage.site/resources/js/calendar-setup.js HTTP/1.1" 200 4923
213.67.223.152 - - [03/Nov/2024:05:40:23 +0100] "GET /ticket2/opencms/system/modules/com.gridnine.opencms.ticketbrokerage.site/resources/js/jquery.fancybox.pack.js HTTP/1.1" 200 23187
213.67.223.152 - - [03/Nov/2024:05:40:23 +0100] "GET /ticket2/opencms/system/modules/com.gridnine.opencms.ticketbrokerage.site/resources/js/calendar-en.js HTTP/1.1" 200 3338
213.67.223.152 - - [03/Nov/2024:05:40:23 +0100] "GET /ticket2/opencms/system/modules/com.gridnine.opencms.ticketbrokerage.site/resources/js/stickyfill.min.js HTTP/1.1" 200 5672
213.67.223.152 - - [03/Nov/2024:05:40:23 +0100] "GET /ticket2/opencms/system/modules/com.gridnine.opencms.ticketbrokerage.site/resources/js/standard.js HTTP/1.1" 200 3978
213.67.223.152 - - [03/Nov/2024:05:40:23 +0100] "GET /ticket2/opencms/system/modules/com.gridnine.opencms.ticketbrokerage.site/resources/js/jquery.placeholder.min.js HTTP/1.1" 200 1737
213.67.223.152 - - [03/Nov/2024:05:40:24 +0100] "GET /ticket2/opencms/system/modules/com.gridnine.opencms.ticketbrokerage.site/resources/js/common-ajax.js HTTP/1.1" 200 20175
213.67.223.152 - - [03/Nov/2024:05:40:24 +0100] "GET /ticket2/opencms/system/modules/com.gridnine.opencms.ticketbrokerage.site/resources/pics/logo-new.png HTTP/1.1" 200 13541
213.67.223.152 - - [03/Nov/2024:05:40:24 +0100] "GET /ticket2/opencms/img/insta.png HTTP/1.1" 200 3967
213.67.223.152 - - [03/Nov/2024:05:40:24 +0100] "GET /ticket2/opencms/img/fb.png HTTP/1.1" 200 1269
213.67.223.152 - - [03/Nov/2024:05:40:24 +0100] "GET /ticket2/opencms/system/modules/com.gridnine.opencms.ticketbrokerage.site/resources/pics/banners/sv/football_sv.png HTTP/1.1" 200 13104
213.67.223.152 - - [03/Nov/2024:05:40:24 +0100] "GET /ticket2/opencms/img/icons/globe-white.png HTTP/1.1" 200 947
213.67.223.152 - - [03/Nov/2024:05:40:24 +0100] "GET /ticket2/opencms/system/modules/com.gridnine.opencms.ticketbrokerage.site/resources/pics/footer-img.jpg HTTP/1.1" 200 67642
213.67.223.152 - - [03/Nov/2024:05:40:24 +0100] "GET /ticket2/opencms/img/check.png HTTP/1.1" 200 548
213.67.223.152 - - [03/Nov/2024:05:40:24 +0100] "GET /ticket2/opencms/img/mail.png HTTP/1.1" 200 403
213.67.223.152 - - [03/Nov/2024:05:40:24 +0100] "GET /ticket2/opencms/img/icons/en.png HTTP/1.1" 200 2415
213.67.223.152 - - [03/Nov/2024:05:40:24 +0100] "GET /ticket2/opencms/img/chat.png HTTP/1.1" 200 416
213.67.223.152 - - [03/Nov/2024:05:40:24 +0100] "GET /ticket2/opencms/img/icons/se.png HTTP/1.1" 200 1258
213.67.223.152 - - [03/Nov/2024:05:40:24 +0100] "GET /ticket2/opencms/img/arrow.png HTTP/1.1" 200 753
213.67.223.152 - - [03/Nov/2024:05:40:24 +0100] "GET /ticket2/opencms/img/icons/fi.png HTTP/1.1" 200 1785
213.67.223.152 - - [03/Nov/2024:05:40:24 +0100] "GET /ticket2/opencms/img/icons/no.png HTTP/1.1" 200 1958
213.67.223.152 - - [03/Nov/2024:05:40:24 +0100] "GET /ticket2/opencms/img/icons/dk.png HTTP/1.1" 200 1706
213.67.223.152 - - [03/Nov/2024:05:40:24 +0100] "GET /ticket2/opencms/img/icons/nl.png HTTP/1.1" 200 1255
213.67.223.152 - - [03/Nov/2024:05:40:24 +0100] "GET /ticket2/opencms/img/icons/fr.png HTTP/1.1" 200 1764
213.67.223.152 - - [03/Nov/2024:05:40:24 +0100] "GET /ticket2/opencms/img/icons/de.png HTTP/1.1" 200 1124
157.90.209.79 - - [03/Nov/2024:05:40:24 +0100] "GET /ticket2/opencms/is/buy?page=1&edid=E289F96B-BF69-A88E-30C1-E3CA6BC29D6C HTTP/1.1" 200 114140
213.67.223.152 - - [03/Nov/2024:05:40:24 +0100] "GET /ticket2/opencms/img/icons/es.png HTTP/1.1" 200 1005
213.67.223.152 - - [03/Nov/2024:05:40:24 +0100] "GET /ticket2/opencms/img/icons/it.png HTTP/1.1" 200 2040
213.67.223.152 - - [03/Nov/2024:05:40:24 +0100] "GET /ticket2/opencms/img/icons/pl.png HTTP/1.1" 200 1578
213.67.223.152 - - [03/Nov/2024:05:40:24 +0100] "GET /ticket2/opencms/img/icons/sq.png HTTP/1.1" 200 1619
213.67.223.152 - - [03/Nov/2024:05:40:24 +0100] "GET /ticket2/opencms/img/icons/cs.png HTTP/1.1" 200 1883
213.67.223.152 - - [03/Nov/2024:05:40:24 +0100] "GET /ticket2/opencms/img/icons/et.png HTTP/1.1" 200 754
213.67.223.152 - - [03/Nov/2024:05:40:24 +0100] "GET /ticket2/opencms/img/icons/ka.png HTTP/1.1" 200 860
213.67.223.152 - - [03/Nov/2024:05:40:24 +0100] "GET /ticket2/opencms/img/icons/hu.png HTTP/1.1" 200 733
213.67.223.152 - - [03/Nov/2024:05:40:24 +0100] "GET /ticket2/opencms/img/icons/lt.png HTTP/1.1" 200 733
213.67.223.152 - - [03/Nov/2024:05:40:24 +0100] "GET /ticket2/opencms/img/icons/mt.png HTTP/1.1" 200 920
213.67.223.152 - - [03/Nov/2024:05:40:24 +0100] "GET /ticket2/opencms/img/icons/ro.png HTTP/1.1" 200 1393
213.67.223.152 - - [03/Nov/2024:05:40:24 +0100] "GET /ticket2/opencms/img/icons/sr.png HTTP/1.1" 200 1602
213.67.223.152 - - [03/Nov/2024:05:40:24 +0100] "GET /ticket2/opencms/img/icons/sl.png HTTP/1.1" 200 966
213.67.223.152 - - [03/Nov/2024:05:40:24 +0100] "GET /ticket2/opencms/img/icons/sk.png HTTP/1.1" 200 1283
213.67.223.152 - - [03/Nov/2024:05:40:24 +0100] "GET /ticket2/opencms/img/icons/tr.png HTTP/1.1" 200 1636
213.67.223.152 - - [03/Nov/2024:05:40:24 +0100] "GET /ticket2/opencms/img/icons/uk.png HTTP/1.1" 200 1272
213.67.223.152 - - [03/Nov/2024:05:40:24 +0100] "GET /ticket2/opencms/img/icons/lv.png HTTP/1.1" 200 716
213.67.223.152 - - [03/Nov/2024:05:40:24 +0100] "GET /ticket2/opencms/img/icons/ga.png HTTP/1.1" 200 1759
213.67.223.152 - - [03/Nov/2024:05:40:25 +0100] "GET /ticket2/opencms/img/icons/az.png HTTP/1.1" 200 1445
213.67.223.152 - - [03/Nov/2024:05:40:25 +0100] "GET /ticket2/opencms/img/icons/bs.png HTTP/1.1" 200 1014
213.67.223.152 - - [03/Nov/2024:05:40:25 +0100] "GET /ticket2/opencms/img/icons/be.png HTTP/1.1" 200 1663
157.90.209.79 - - [03/Nov/2024:05:40:25 +0100] "GET /ticket2/opencms/is/buy?page=1&edid=E4AB8B9B-D715-946F-66CB-04AA56069E4B HTTP/1.1" 200 101238
213.67.223.152 - - [03/Nov/2024:05:40:26 +0100] "GET /ticket2/opencms/img/icons/el.png HTTP/1.1" 200 1637
213.67.223.152 - - [03/Nov/2024:05:40:26 +0100] "GET /ticket2/opencms/img/icons/hr.png HTTP/1.1" 200 2024
213.67.223.152 - - [03/Nov/2024:05:40:26 +0100] "GET /ticket2/opencms/img/icons/is.png HTTP/1.1" 200 1884
213.67.223.152 - - [03/Nov/2024:05:40:26 +0100] "GET /ticket2/opencms/img/icons/bg.png HTTP/1.1" 200 788
213.67.223.152 - - [03/Nov/2024:05:40:27 +0100] "GET /ticket2/opencms/img/icons/mo.png HTTP/1.1" 200 1468
213.67.223.152 - - [03/Nov/2024:05:40:27 +0100] "GET /ticket2/opencms/system/modules/com.gridnine.opencms.ticketbrokerage.site/resources/js/standard.js HTTP/1.1" 200 3978
213.67.223.152 - - [03/Nov/2024:05:40:27 +0100] "GET /ticket2/opencms/img/icons/ticket2.thumbnail.png HTTP/1.1" 200 21519
213.67.223.152 - - [03/Nov/2024:05:40:28 +0100] "GET /ticket2/opencms/system/modules/com.gridnine.opencms.ticketbrokerage.site/resources/css/images/ui-bg_flat_75_ffffff_40x100.png HTTP/1.1" 404 -
157.90.209.79 - - [03/Nov/2024:05:40:29 +0100] "GET /ticket2/opencms/is/buy?page=1&edid=E78BA40C-2406-9134-FABA-A11F16887BBA HTTP/1.1" 200 99812
114.119.133.220 - - [03/Nov/2024:05:40:30 +0100] "GET /ticket2/opencms/en/login/?url=/en/sell/ HTTP/1.1" 200 81870
157.90.209.79 - - [03/Nov/2024:05:40:31 +0100] "GET /ticket2/opencms/is/buy?page=1&edid=E8BA54CC-B112-3D61-BE02-1B4D1E4F63D1 HTTP/1.1" 200 124284
154.54.249.216 - - [03/Nov/2024:05:40:31 +0100] "GET /ticket2/opencms/sv/buy?page=1&edid=62132CB0-BE29-78AA-38D9-C99EEE6C98B0 HTTP/1.1" 200 105669
20.171.206.8 - - [03/Nov/2024:05:40:34 +0100] "GET /ticket2/opencms/mt/buy?page=1&edid=077A4D05-90D5-AF2A-B689-A4F52E73EBA2 HTTP/1.1" 200 130992
20.171.206.8 - - [03/Nov/2024:05:40:35 +0100] "GET /ticket2/opencms/dk/buy?page=1&edid=077A4D05-90D5-AF2A-B689-A4F52E73EBA2 HTTP/1.1" 200 129481
157.90.209.79 - - [03/Nov/2024:05:40:36 +0100] "GET /ticket2/opencms/is/buy?page=1&edid=E9F0B041-BF0A-CE11-045F-89CD49D4FA7D HTTP/1.1" 200 104826
20.171.206.8 - - [03/Nov/2024:05:40:37 +0100] "GET /ticket2/opencms/fr/buy?page=1&edid=077A4D05-90D5-AF2A-B689-A4F52E73EBA2 HTTP/1.1" 200 130858
20.171.206.8 - - [03/Nov/2024:05:40:38 +0100] "GET /ticket2/opencms/nl/buy?page=1&edid=077A4D05-90D5-AF2A-B689-A4F52E73EBA2 HTTP/1.1" 200 128531
217.113.194.218 - - [03/Nov/2024:05:40:40 +0100] "GET /ticket2/opencms/sv/buy?page=1&edid=26D75FC9-685E-F97A-1BAD-C5A5C23D1E62 HTTP/1.1" 200 100932
157.90.209.79 - - [03/Nov/2024:05:40:40 +0100] "GET /ticket2/opencms/is/buy?page=1&edid=EB31C882-2BE6-C517-726C-D721EBC90088 HTTP/1.1" 200 135109
20.171.206.8 - - [03/Nov/2024:05:40:41 +0100] "GET /ticket2/opencms/ro/buy?page=1&edid=077A4D05-90D5-AF2A-B689-A4F52E73EBA2 HTTP/1.1" 200 131053
20.171.206.8 - - [03/Nov/2024:05:40:42 +0100] "GET /ticket2/opencms/ga/buy?page=1&edid=077A4D05-90D5-AF2A-B689-A4F52E73EBA2 HTTP/1.1" 200 131396
20.171.206.8 - - [03/Nov/2024:05:40:44 +0100] "GET /ticket2/opencms/lt/buy?page=1&edid=077A4D05-90D5-AF2A-B689-A4F52E73EBA2 HTTP/1.1" 200 130978
157.90.209.79 - - [03/Nov/2024:05:40:45 +0100] "GET /ticket2/opencms/is/buy?page=1&edid=EBF1342E-BB1A-F042-231F-198A898B67BA HTTP/1.1" 200 111385
20.171.206.8 - - [03/Nov/2024:05:40:45 +0100] "GET /ticket2/opencms/pl/buy?page=1&edid=077A4D05-90D5-AF2A-B689-A4F52E73EBA2 HTTP/1.1" 200 130885
20.171.206.8 - - [03/Nov/2024:05:40:46 +0100] "GET /ticket2/opencms/fi/buy?page=1&edid=077A4D05-90D5-AF2A-B689-A4F52E73EBA2 HTTP/1.1" 200 130787
20.171.206.8 - - [03/Nov/2024:05:40:47 +0100] "GET /ticket2/opencms/az/buy?page=1&edid=077A4D05-90D5-AF2A-B689-A4F52E73EBA2 HTTP/1.1" 200 131156
114.119.133.220 - - [03/Nov/2024:05:40:48 +0100] "GET /ticket2/opencms/en/login/?url=/en/sell/ HTTP/1.1" 200 81870
217.113.194.215 - - [03/Nov/2024:05:40:48 +0100] "GET /ticket2/opencms/sv/buy?page=1&edid=348589F6-F332-E9FC-C0E9-6C296BB448B5 HTTP/1.1" 200 103766
20.171.206.8 - - [03/Nov/2024:05:40:49 +0100] "GET /ticket2/opencms/bg/buy?page=1&edid=077A4D05-90D5-AF2A-B689-A4F52E73EBA2 HTTP/1.1" 200 133116
157.90.209.79 - - [03/Nov/2024:05:40:49 +0100] "GET /ticket2/opencms/is/buy?page=1&edid=EC2BC309-3510-AA04-CA0C-F3088D5C1D31 HTTP/1.1" 200 114138
185.191.171.12 - - [03/Nov/2024:05:40:49 +0100] "GET /ticket2/opencms/ga/about/press/ HTTP/1.1" 200 80378
20.171.206.8 - - [03/Nov/2024:05:40:50 +0100] "GET /ticket2/opencms/hy/buy?page=1&edid=077A4D05-90D5-AF2A-B689-A4F52E73EBA2 HTTP/1.1" 404 -
20.171.206.8 - - [03/Nov/2024:05:40:53 +0100] "GET /ticket2/opencms/hu/buy?page=1&edid=077A4D05-90D5-AF2A-B689-A4F52E73EBA2 HTTP/1.1" 200 131018
20.171.206.8 - - [03/Nov/2024:05:40:54 +0100] "GET /ticket2/opencms/bg/buy?page=1&edid=3583D5C7-607A-E528-A709-844E6A72DC1B HTTP/1.1" 200 133256
20.171.206.8 - - [03/Nov/2024:05:40:55 +0100] "GET /ticket2/opencms/lt/buy?page=1&edid=3583D5C7-607A-E528-A709-844E6A72DC1B HTTP/1.1" 200 131118
20.171.206.8 - - [03/Nov/2024:05:40:56 +0100] "GET /ticket2/opencms/mk/buy?page=1&edid=3583D5C7-607A-E528-A709-844E6A72DC1B HTTP/1.1" 404 -
47.128.43.214 - - [03/Nov/2024:05:40:56 +0100] "GET /ticket2/opencms/sk/buy/?catid=4B941E1B-E4E2-C53E-C693-9FA91BBA9AD5&comcatid=A17713B6-D984-201A-4143-ED4DB5ED5C2E HTTP/1.1" 200 93837
217.113.194.220 - - [03/Nov/2024:05:40:57 +0100] "GET /ticket2/opencms/sv/buy?page=1&edid=288914E4-86BD-75A7-267C-2B1CEC86C7B4 HTTP/1.1" 200 97705
185.191.171.13 - - [03/Nov/2024:05:40:57 +0100] "GET /ticket2/opencms/sv/sport/fotbollsbiljetter/bundesliga/wolfsburg/ HTTP/1.1" 200 85194
20.171.206.8 - - [03/Nov/2024:05:40:57 +0100] "GET /ticket2/opencms/sq/buy?page=1&edid=3583D5C7-607A-E528-A709-844E6A72DC1B HTTP/1.1" 200 131148
20.171.206.8 - - [03/Nov/2024:05:40:58 +0100] "GET /ticket2/opencms/bs/buy?page=1&edid=3583D5C7-607A-E528-A709-844E6A72DC1B HTTP/1.1" 200 130687
20.171.206.8 - - [03/Nov/2024:05:41:01 +0100] "GET /ticket2/opencms/mt/buy?page=1&edid=3583D5C7-607A-E528-A709-844E6A72DC1B HTTP/1.1" 200 131132
47.128.28.125 - - [03/Nov/2024:05:41:01 +0100] "GET /ticket2/opencms/be/buy/?edid=7A1DF71C-A099-266B-FA44-13983A11D037 HTTP/1.1" 200 82069
217.113.194.215 - - [03/Nov/2024:05:41:05 +0100] "GET /ticket2/opencms/sv/buy?page=1&edid=61FF73BA-4F7D-F27D-1D01-810C2448687E HTTP/1.1" 200 100969
185.191.171.19 - - [03/Nov/2024:05:41:05 +0100] "GET /ticket2/opencms/bg/buy_safety/ HTTP/1.1" 200 81424
20.171.206.8 - - [03/Nov/2024:05:41:05 +0100] "GET /ticket2/opencms/cs/buy?page=1&edid=3583D5C7-607A-E528-A709-844E6A72DC1B HTTP/1.1" 200 131279
20.171.206.82 - - [03/Nov/2024:05:41:09 +0100] "GET /ticket2/opencms/de/buy?page=1&edid=3583D5C7-607A-E528-A709-844E6A72DC1B HTTP/1.1" 200 130379
20.171.206.82 - - [03/Nov/2024:05:41:10 +0100] "GET /ticket2/opencms/it/buy?page=1&edid=3583D5C7-607A-E528-A709-844E6A72DC1B HTTP/1.1" 200 130437
213.67.223.152 - - [03/Nov/2024:05:41:10 +0100] "GET /ticket2/opencms/sv/sport/fotbollsbiljetter/uefa-champions-league/ HTTP/1.1" 200 85490
213.67.223.152 - - [03/Nov/2024:05:41:11 +0100] "GET /ticket2/opencms/system/modules/com.gridnine.opencms.ticketbrokerage.site/resources/css/ticketbrokerage.css HTTP/1.1" 200 39339
213.67.223.152 - - [03/Nov/2024:05:41:11 +0100] "GET /ticket2/opencms/system/modules/com.gridnine.opencms.ticketbrokerage.site/resources/js/calendar-setup.js HTTP/1.1" 200 4923
213.67.223.152 - - [03/Nov/2024:05:41:11 +0100] "GET /ticket2/opencms/system/modules/com.gridnine.opencms.ticketbrokerage.site/resources/css/calendar.css HTTP/1.1" 200 6871
213.67.223.152 - - [03/Nov/2024:05:41:11 +0100] "GET /ticket2/opencms/system/modules/com.gridnine.opencms.ticketbrokerage.site/resources/js/standard.js HTTP/1.1" 200 3978
213.67.223.152 - - [03/Nov/2024:05:41:11 +0100] "GET /ticket2/opencms/system/modules/com.gridnine.opencms.ticketbrokerage.site/resources/js/functions.js HTTP/1.1" 200 1583
213.67.223.152 - - [03/Nov/2024:05:41:11 +0100] "GET /ticket2/opencms/system/modules/com.gridnine.opencms.ticketbrokerage.site/resources/css/standard.css HTTP/1.1" 200 73073
213.67.223.152 - - [03/Nov/2024:05:41:11 +0100] "GET /ticket2/opencms/system/modules/com.gridnine.opencms.ticketbrokerage.site/resources/js/calendar-en.js HTTP/1.1" 200 3338
213.67.223.152 - - [03/Nov/2024:05:41:11 +0100] "GET /ticket2/opencms/system/modules/com.gridnine.opencms.ticketbrokerage.site/resources/js/calendar.js HTTP/1.1" 200 49229
213.67.223.152 - - [03/Nov/2024:05:41:11 +0100] "GET /ticket2/opencms/system/modules/com.gridnine.opencms.ticketbrokerage.site/resources/pics/banners/Champions_League.jpg HTTP/1.1" 200 13893
213.67.223.152 - - [03/Nov/2024:05:41:11 +0100] "GET /ticket2/opencms/system/modules/com.gridnine.opencms.ticketbrokerage.site/resources/css/images/ui-bg_flat_75_ffffff_40x100.png HTTP/1.1" 404 -
20.171.206.82 - - [03/Nov/2024:05:41:12 +0100] "GET /ticket2/opencms/ga/buy?page=1&edid=3583D5C7-607A-E528-A709-844E6A72DC1B HTTP/1.1" 200 131536
157.90.209.79 - - [03/Nov/2024:05:41:13 +0100] "GET /ticket2/opencms/is/buy?page=1&edid=EE1094B0-5F8D-7F5A-3592-6F4F9BDBF532 HTTP/1.1" 200 130272
217.113.194.220 - - [03/Nov/2024:05:41:14 +0100] "GET /ticket2/opencms/sv/buy?page=1&edid=830F2AEC-7FB6-11C1-AD11-54BD6744D648 HTTP/1.1" 200 119513
185.191.171.9 - - [03/Nov/2024:05:41:15 +0100] "GET /ticket2/opencms/tr/buying_tickets/ HTTP/1.1" 200 80679
47.128.29.118 - - [03/Nov/2024:05:41:15 +0100] "GET /ticket2/opencms/pl/buy?catid=30D5812D-0858-4843-8F45-C38AE504153C&comcatid=66708183-7480-3365-06BF-DBF60280AB45&page=7 HTTP/1.1" 200 86137
85.208.96.201 - - [03/Nov/2024:05:41:15 +0100] "GET /ticket2/opencms/be/ HTTP/1.1" 200 98483
37.123.143.11 - - [03/Nov/2024:05:41:16 +0100] "GET /ticket2/opencms/system/workplace/views/top_foot.jsp?wpFrame=foot HTTP/1.1" 200 1210
37.123.143.11 - - [03/Nov/2024:05:41:16 +0100] "GET /ticket2/opencms/system/workplace/commons/style/workplace.css HTTP/1.1" 200 14209
114.119.141.206 - - [03/Nov/2024:05:41:17 +0100] "GET /ticket2/opencms/en/sport/football-tickets/bundesliga/augsburg/ HTTP/1.1" 200 85542
157.55.39.204 - - [03/Nov/2024:05:41:20 +0100] "GET /ticket2/opencms/sl/buy?page=1&edid=49AE40A4-FFEF-9739-399E-88E262ED311F HTTP/1.1" 200 98517
217.113.194.213 - - [03/Nov/2024:05:41:22 +0100] "GET /ticket2/opencms/sv/buy?page=1&edid=8551F24F-7E36-E365-707B-96D4F958640A HTTP/1.1" 200 110247
185.191.171.4 - - [03/Nov/2024:05:41:29 +0100] "GET /ticket2/opencms/sv/sport/fotbollsbiljetter/uefa-champions-league/kopenhamn/ HTTP/1.1" 200 79305
185.191.171.5 - - [03/Nov/2024:05:41:29 +0100] "GET /ticket2/opencms/de/sport/fussball-tickets/la_liga/girona/ HTTP/1.1" 200 88466
217.113.194.217 - - [03/Nov/2024:05:41:31 +0100] "GET /ticket2/opencms/sv/buy?page=1&edid=243EB3E1-5742-2E61-6FE1-9C31B1193B60 HTTP/1.1" 200 100971
213.67.223.152 - - [03/Nov/2024:05:41:33 +0100] "GET /ticket2/opencms/sv/sport/fotbollsbiljetter/?gad_source=1&gbraid=0AAAAADlS-t840NGDzXASwyBZvT7M3Y5VG&gclid=EAIaIQobChMI4Zfcka-_iQMVsQ-iAx3dwTzaEAAYASAAEgKV6fD_BwE HTTP/1.1" 200 87663
157.90.209.79 - - [03/Nov/2024:05:41:38 +0100] "GET /ticket2/opencms/is/buy?page=1&edid=EFCA122E-EFD5-12F8-6F83-6930A0BC1F37 HTTP/1.1" 200 114145
217.113.194.220 - - [03/Nov/2024:05:41:39 +0100] "GET /ticket2/opencms/sv/buy?page=1&edid=1AE89D0D-A9A3-AAC9-3FD2-490905A4D3BB HTTP/1.1" 200 97725
157.90.209.79 - - [03/Nov/2024:05:41:45 +0100] "GET /ticket2/opencms/is/buy?page=1&edid=F096D1AD-EE12-C298-2137-D6BD382A6C8C HTTP/1.1" 200 126072
157.90.209.79 - - [03/Nov/2024:05:41:47 +0100] "GET /ticket2/opencms/is/buy?page=1&edid=F70FF3E6-2D68-06C1-2E1B-CFF8AEEA395A HTTP/1.1" 200 114142
217.113.194.214 - - [03/Nov/2024:05:41:48 +0100] "GET /ticket2/opencms/sv/buy?page=1&edid=1E797748-9B66-BEC3-D169-107F37EB584B HTTP/1.1" 200 110481
20.171.206.82 - - [03/Nov/2024:05:41:53 +0100] "GET /ticket2/opencms/lv/buy?page=1&edid=5CBB442D-D365-7F4F-B999-AA88D946C632 HTTP/1.1" 200 131029
157.90.209.79 - - [03/Nov/2024:05:41:54 +0100] "GET /ticket2/opencms/is/buy?page=1&edid=F75A8704-39CC-1233-9E9B-2121B4DFC51E HTTP/1.1" 200 127989
20.171.206.82 - - [03/Nov/2024:05:41:54 +0100] "GET /ticket2/opencms/tr/buy?page=1&edid=5CBB442D-D365-7F4F-B999-AA88D946C632 HTTP/1.1" 200 131167
20.171.206.82 - - [03/Nov/2024:05:41:55 +0100] "GET /ticket2/opencms/fi/buy?page=1&edid=5CBB442D-D365-7F4F-B999-AA88D946C632 HTTP/1.1" 200 130923
217.113.194.217 - - [03/Nov/2024:05:41:56 +0100] "GET /ticket2/opencms/sv/buy?page=1&edid=1BEC7504-48E0-6109-FCFB-303DC2BEB510 HTTP/1.1" 200 100971
20.171.206.82 - - [03/Nov/2024:05:41:57 +0100] "GET /ticket2/opencms/mt/buy?page=1&edid=5CBB442D-D365-7F4F-B999-AA88D946C632 HTTP/1.1" 200 131128
20.171.206.82 - - [03/Nov/2024:05:41:58 +0100] "GET /ticket2/opencms/hu/buy?page=1&edid=5CBB442D-D365-7F4F-B999-AA88D946C632 HTTP/1.1" 200 131154
20.171.206.82 - - [03/Nov/2024:05:41:59 +0100] "GET /ticket2/opencms/uk/buy?page=1&edid=5CBB442D-D365-7F4F-B999-AA88D946C632 HTTP/1.1" 200 133192
20.171.206.82 - - [03/Nov/2024:05:42:00 +0100] "GET /ticket2/opencms/ro/buy?page=1&edid=5CBB442D-D365-7F4F-B999-AA88D946C632 HTTP/1.1" 200 131189
20.171.206.82 - - [03/Nov/2024:05:42:01 +0100] "GET /ticket2/opencms/mo/buy?page=1&edid=5CBB442D-D365-7F4F-B999-AA88D946C632 HTTP/1.1" 200 130880
20.171.206.82 - - [03/Nov/2024:05:42:04 +0100] "GET /ticket2/opencms/en/buy?page=1&edid=5CBB442D-D365-7F4F-B999-AA88D946C632 HTTP/1.1" 200 129127
217.113.194.215 - - [03/Nov/2024:05:42:04 +0100] "GET /ticket2/opencms/sv/buy?page=1&edid=0AB966ED-711A-1DD6-BBD9-5029029D10A0 HTTP/1.1" 200 110881
20.171.206.82 - - [03/Nov/2024:05:42:06 +0100] "GET /ticket2/opencms/mk/buy?page=1&edid=5CBB442D-D365-7F4F-B999-AA88D946C632 HTTP/1.1" 404 -
20.171.206.63 - - [03/Nov/2024:05:42:09 +0100] "GET /ticket2/opencms/de/buy?page=1&edid=5CBB442D-D365-7F4F-B999-AA88D946C632 HTTP/1.1" 200 130375
167.99.178.237 - - [03/Nov/2024:05:42:11 +0100] "GET /ticket2/opencms/de/favicon.ico HTTP/1.1" 404 -
20.171.206.63 - - [03/Nov/2024:05:42:12 +0100] "GET /ticket2/opencms/sk/buy?page=1&edid=5CBB442D-D365-7F4F-B999-AA88D946C632 HTTP/1.1" 200 131204
157.90.209.79 - - [03/Nov/2024:05:42:13 +0100] "GET /ticket2/opencms/is/buy?page=1&edid=F86B9858-FECA-8B69-0345-5BABEB4E1340 HTTP/1.1" 200 101113
20.171.206.63 - - [03/Nov/2024:05:42:13 +0100] "GET /ticket2/opencms/bg/buy?page=1&edid=5CBB442D-D365-7F4F-B999-AA88D946C632 HTTP/1.1" 200 133252
217.113.194.217 - - [03/Nov/2024:05:42:14 +0100] "GET /ticket2/opencms/sv/buy?page=1&edid=069EC406-6DFD-08ED-B6CC-A7E203415919 HTTP/1.1" 200 129159
20.171.206.63 - - [03/Nov/2024:05:42:15 +0100] "GET /ticket2/opencms/dk/buy?page=1&edid=5CBB442D-D365-7F4F-B999-AA88D946C632 HTTP/1.1" 200 129617
20.171.206.63 - - [03/Nov/2024:05:42:17 +0100] "GET /ticket2/opencms/pl/buy?page=1&edid=5CBB442D-D365-7F4F-B999-AA88D946C632 HTTP/1.1" 200 131021
157.90.209.79 - - [03/Nov/2024:05:42:17 +0100] "GET /ticket2/opencms/is/buy?page=1&edid=F8A721FB-6959-3E3B-0E9C-2BF5336E70F2 HTTP/1.1" 200 126410
157.55.39.197 - - [03/Nov/2024:05:42:18 +0100] "GET /ticket2/opencms/no/sport/fotballsbilletter/la_liga/real_betis/ HTTP/1.1" 200 93783
20.171.206.63 - - [03/Nov/2024:05:42:18 +0100] "GET /ticket2/opencms/sq/buy?page=1&edid=5CBB442D-D365-7F4F-B999-AA88D946C632 HTTP/1.1" 200 131144
20.171.206.63 - - [03/Nov/2024:05:42:19 +0100] "GET /ticket2/opencms/hy/buy?page=1&edid=5CBB442D-D365-7F4F-B999-AA88D946C632 HTTP/1.1" 404 -
185.191.171.13 - - [03/Nov/2024:05:42:19 +0100] "GET /ticket2/opencms/sv/magazine/article?title=fotboll HTTP/1.1" 200 82329
20.171.206.63 - - [03/Nov/2024:05:42:21 +0100] "GET /ticket2/opencms/bs/buy?page=1&edid=5CBB442D-D365-7F4F-B999-AA88D946C632 HTTP/1.1" 200 130683
217.113.194.220 - - [03/Nov/2024:05:42:22 +0100] "GET /ticket2/opencms/sv/buy?page=1&edid=096598FE-DA35-4351-DFEE-DC9ACA0F0EF9 HTTP/1.1" 200 124232
20.171.206.63 - - [03/Nov/2024:05:42:23 +0100] "GET /ticket2/opencms/sr/buy?page=1&edid=5CBB442D-D365-7F4F-B999-AA88D946C632 HTTP/1.1" 200 131514
20.171.206.63 - - [03/Nov/2024:05:42:24 +0100] "GET /ticket2/opencms/no/buy?page=1&edid=5CBB442D-D365-7F4F-B999-AA88D946C632 HTTP/1.1" 200 130386
20.171.206.63 - - [03/Nov/2024:05:42:25 +0100] "GET /ticket2/opencms/be/buy?page=1&edid=5CBB442D-D365-7F4F-B999-AA88D946C632 HTTP/1.1" 200 133054
20.171.206.63 - - [03/Nov/2024:05:42:27 +0100] "GET /ticket2/opencms/lt/buy?page=1&edid=5CBB442D-D365-7F4F-B999-AA88D946C632 HTTP/1.1" 200 131114
157.90.209.79 - - [03/Nov/2024:05:42:29 +0100] "GET /ticket2/opencms/is/buy?page=1&edid=F93A2292-3F60-7656-2C0B-2AB157A0BB0B HTTP/1.1" 200 124719
20.171.206.63 - - [03/Nov/2024:05:42:30 +0100] "GET /ticket2/opencms/ka/buy?page=1&edid=5CBB442D-D365-7F4F-B999-AA88D946C632 HTTP/1.1" 200 136620
217.113.194.213 - - [03/Nov/2024:05:42:31 +0100] "GET /ticket2/opencms/sv/buy?page=1&edid=31B9C446-A8DC-95DD-A849-35A34B746A74 HTTP/1.1" 200 120989
20.171.206.63 - - [03/Nov/2024:05:42:32 +0100] "GET /ticket2/opencms/sv/buy?page=1&edid=5CBB442D-D365-7F4F-B999-AA88D946C632 HTTP/1.1" 200 129950
20.171.206.63 - - [03/Nov/2024:05:42:34 +0100] "GET /ticket2/opencms/hr/buy?page=1&edid=5CBB442D-D365-7F4F-B999-AA88D946C632 HTTP/1.1" 200 130725
20.171.206.63 - - [03/Nov/2024:05:42:35 +0100] "GET /ticket2/opencms/et/buy?page=1&edid=5CBB442D-D365-7F4F-B999-AA88D946C632 HTTP/1.1" 200 130900
20.171.206.63 - - [03/Nov/2024:05:42:36 +0100] "GET /ticket2/opencms/it/buy?page=1&edid=5CBB442D-D365-7F4F-B999-AA88D946C632 HTTP/1.1" 200 130433
20.171.206.63 - - [03/Nov/2024:05:42:38 +0100] "GET /ticket2/opencms/az/buy?page=1&edid=5CBB442D-D365-7F4F-B999-AA88D946C632 HTTP/1.1" 200 131292
47.128.110.225 - - [03/Nov/2024:05:42:38 +0100] "GET /ticket2/opencms/cs/nakupujte-bezpecne/ HTTP/1.1" 200 82497
157.90.209.79 - - [03/Nov/2024:05:42:39 +0100] "GET /ticket2/opencms/is/buy?page=1&edid=FA047031-F510-E911-0280-BC3ADCB159FC HTTP/1.1" 200 111383
217.113.194.217 - - [03/Nov/2024:05:42:40 +0100] "GET /ticket2/opencms/sv/buy?page=1&edid=8D1D6CEE-AFE2-1FB4-E378-1C71A0852032 HTTP/1.1" 200 97700
20.171.206.63 - - [03/Nov/2024:05:42:40 +0100] "GET /ticket2/opencms/es/buy?page=1&edid=5CBB442D-D365-7F4F-B999-AA88D946C632 HTTP/1.1" 200 130774
20.171.206.63 - - [03/Nov/2024:05:42:41 +0100] "GET /ticket2/opencms/cs/buy?page=1&edid=5CBB442D-D365-7F4F-B999-AA88D946C632 HTTP/1.1" 200 131275
20.171.206.63 - - [03/Nov/2024:05:42:42 +0100] "GET /ticket2/opencms/sl/buy?page=1&edid=5CBB442D-D365-7F4F-B999-AA88D946C632 HTTP/1.1" 200 130779
