85.208.96.212 - - [10/Nov/2024:00:23:24 +0100] "GET /ticket2/opencms/fr/magazine/article?title=achetez-des-billets-pour-la-bundesliga-sur-ticket2com HTTP/1.1" 200 83427
37.187.89.104 - - [10/Nov/2024:00:23:25 +0100] "GET /ticket2/opencms/dk/nl/buy/?page=1&edid=BE3516C7-ADBD-11A4-9F00-23F9105F8FF3&sortorder=desc&column=row HTTP/1.1" 404 -
85.208.96.196 - - [10/Nov/2024:00:23:25 +0100] "GET /ticket2/opencms/dk/faq/ HTTP/1.1" 200 84594
85.208.96.203 - - [10/Nov/2024:00:23:26 +0100] "GET /ticket2/opencms/sv/sport/hockeybiljetter/nhl/Boston_Bruins/ HTTP/1.1" 200 80636
54.36.149.44 - - [10/Nov/2024:00:23:26 +0100] "GET /ticket2/opencms/fi/venue/?venueid=19325984-0026-6C0D-6440-F86BAED52A7D HTTP/1.1" 200 78507
37.187.89.104 - - [10/Nov/2024:00:23:29 +0100] "GET /ticket2/opencms/dk/nl/buy/?page=1&edid=BF5F17D6-5B92-3E63-CAD7-4FDCC4B92F50 HTTP/1.1" 404 -
217.113.194.212 - - [10/Nov/2024:00:23:30 +0100] "GET /ticket2/opencms/fi/venue/?venueid=51B4DE67-01CA-0B71-9885-4DA0B8DB7CF4 HTTP/1.1" 200 78588
54.36.148.152 - - [10/Nov/2024:00:23:30 +0100] "GET /ticket2/opencms/fi/venue/?venueid=0282D494-85AE-5A8B-2A51-BC00F5E89183 HTTP/1.1" 200 78557
207.46.13.54 - - [10/Nov/2024:00:23:31 +0100] "GET /ticket2/opencms/de/sv/sport/fotbollsbiljetter/bundesliga/borussia-dortmund/ HTTP/1.1" 404 -
37.187.89.104 - - [10/Nov/2024:00:23:32 +0100] "GET /ticket2/opencms/dk/nl/buy/?page=1&edid=BF5F17D6-5B92-3E63-CAD7-4FDCC4B92F50&sortorder=desc&column=price HTTP/1.1" 404 -
94.234.117.80 - - [10/Nov/2024:00:23:32 +0100] "GET /ticket2/opencms/set_aff_cookie.jsp?partner=53673ED6-1455-FA54-818F-B1F67121E37C&url=/sv/buy/index.html%3Fpage%3D1%26edid%3DCCC52869-7D07-37D3-E716-0EF1AC21BCE4%26hlv%3D666c4f8b-cf80-4686-8e14-431f0a01000f%23v1353433466 HTTP/1.1" 200 225
94.234.117.80 - - [10/Nov/2024:00:23:32 +0100] "GET /ticket2/opencms/sv/buy/?page=1&edid=CCC52869-7D07-37D3-E716-0EF1AC21BCE4&hlv=666c4f8b-cf80-4686-8e14-431f0a01000f HTTP/1.1" 200 124197
94.234.117.80 - - [10/Nov/2024:00:23:32 +0100] "GET /ticket2/opencms/system/modules/com.gridnine.opencms.ticketbrokerage.site/resources/js/calendar-en.js HTTP/1.1" 200 3338
94.234.117.80 - - [10/Nov/2024:00:23:32 +0100] "GET /ticket2/opencms/system/modules/com.gridnine.opencms.ticketbrokerage.site/resources/js/calendar-setup.js HTTP/1.1" 200 4923
94.234.117.80 - - [10/Nov/2024:00:23:32 +0100] "GET /ticket2/opencms/system/modules/com.gridnine.opencms.ticketbrokerage.site/resources/css/ticketbrokerage.css HTTP/1.1" 200 39339
94.234.117.80 - - [10/Nov/2024:00:23:32 +0100] "GET /ticket2/opencms/system/modules/com.gridnine.opencms.ticketbrokerage.site/resources/js/functions.js HTTP/1.1" 200 1583
94.234.117.80 - - [10/Nov/2024:00:23:32 +0100] "GET /ticket2/opencms/system/modules/com.gridnine.opencms.ticketbrokerage.site/resources/css/calendar.css HTTP/1.1" 200 6871
94.234.117.80 - - [10/Nov/2024:00:23:32 +0100] "GET /ticket2/opencms/system/modules/com.gridnine.opencms.ticketbrokerage.site/resources/js/standard.js HTTP/1.1" 200 3978
94.234.117.80 - - [10/Nov/2024:00:23:32 +0100] "GET /ticket2/opencms/system/modules/com.gridnine.opencms.ticketbrokerage.site/resources/js/calendar.js HTTP/1.1" 200 49229
94.234.117.80 - - [10/Nov/2024:00:23:32 +0100] "GET /ticket2/opencms/system/modules/com.gridnine.opencms.ticketbrokerage.site/resources/css/standard.css HTTP/1.1" 200 73073
94.234.117.80 - - [10/Nov/2024:00:23:33 +0100] "GET /ticket2/opencms/venue/emirates_stadium.png HTTP/1.1" 200 53537
94.234.117.80 - - [10/Nov/2024:00:23:33 +0100] "GET /ticket2/opencms/system/modules/com.gridnine.opencms.ticketbrokerage.site/resources/css/images/ui-bg_flat_75_ffffff_40x100.png HTTP/1.1" 404 -
94.234.117.80 - - [10/Nov/2024:00:23:33 +0100] "GET /ticket2/opencms/sv/ask-form.html HTTP/1.1" 200 2950
94.234.117.80 - - [10/Nov/2024:00:23:33 +0100] "GET /ticket2/opencms/system/modules/com.gridnine.opencms.ticketbrokerage.site/resources/css/ticketbrokerage.css HTTP/1.1" 200 39339
47.128.36.219 - - [10/Nov/2024:00:23:34 +0100] "GET /ticket2/opencms/az/buy/?catid=A34BCF61-E19C-5C5C-445E-06F3749E1EF4&comcatid=B41CCF2B-5558-7AEE-3602-09BBDE417D65 HTTP/1.1" 200 86047
37.187.89.104 - - [10/Nov/2024:00:23:35 +0100] "GET /ticket2/opencms/dk/nl/buy/?page=1&edid=BF5F17D6-5B92-3E63-CAD7-4FDCC4B92F50&sortorder=desc&column=row HTTP/1.1" 404 -
66.249.76.238 - - [10/Nov/2024:00:23:36 +0100] "GET /ticket2/opencms/lv/buy?page=1&edid=DD14CC82-883B-BD06-4306-EBD494AA1804 HTTP/1.1" 200 126306
217.113.194.218 - - [10/Nov/2024:00:23:39 +0100] "GET /ticket2/opencms/fi/venue/?venueid=58F56EF7-205A-178F-AAD2-A2EA74CB1D0E HTTP/1.1" 200 78534
54.36.149.54 - - [10/Nov/2024:00:23:39 +0100] "GET /ticket2/opencms/fi/venue/?venueid=8D532909-C41C-2A7C-5336-DE83887C261B HTTP/1.1" 200 78627
66.249.79.5 - - [10/Nov/2024:00:23:40 +0100] "GET /ticket2/opencms/lv/buy?page=1&edid=2684212B-FA50-DC4B-3CFA-1303E9638140 HTTP/1.1" 200 120608
66.249.79.5 - - [10/Nov/2024:00:23:41 +0100] "GET /ticket2/opencms/lv/affiliateprogram.html HTTP/1.1" 200 79091
37.187.89.104 - - [10/Nov/2024:00:23:41 +0100] "GET /ticket2/opencms/dk/nl/buy/?page=1&edid=BF5F17D6-5B92-3E63-CAD7-4FDCC4B92F50&sortorder=desc&column=section HTTP/1.1" 404 -
5.9.55.228 - - [10/Nov/2024:00:23:42 +0100] "GET /ticket2/opencms/fr/buy?catid=55d1256d-bdd9-cba3-47a3-0a252f702555&comcatid=97eca65a-72da-f9af-9dbb-245d3cfed1be&page=6 HTTP/1.1" 200 83473
94.234.117.80 - - [10/Nov/2024:00:23:42 +0100] "GET /ticket2/opencms/system/modules/com.gridnine.opencms.ticketbrokerage.site/resources/css/fancybox_overlay.png HTTP/1.1" 200 1003
94.234.117.80 - - [10/Nov/2024:00:23:42 +0100] "GET /ticket2/opencms/system/modules/com.gridnine.opencms.ticketbrokerage.site/resources/css/fancybox_sprite@2x.png HTTP/1.1" 404 -
66.249.76.238 - - [10/Nov/2024:00:23:44 +0100] "GET /ticket2/opencms/lv/buy?page=1&edid=718A7A5B-0864-7BB0-17EA-7D1DFF1DCA73 HTTP/1.1" 200 102018
54.36.148.81 - - [10/Nov/2024:00:23:45 +0100] "GET /ticket2/opencms/fi/venue/?venueid=95C80CE1-F63A-9AC1-4E2C-AC3985CCCEBB HTTP/1.1" 200 78536
66.249.76.238 - - [10/Nov/2024:00:23:46 +0100] "GET /ticket2/opencms/lv/buy?page=1&edid=6C0AA1CC-8488-7981-DA23-AD8E06F80ABD HTTP/1.1" 200 125397
37.187.89.104 - - [10/Nov/2024:00:23:47 +0100] "GET /ticket2/opencms/dk/nl/buy/?page=1&edid=BF9154EC-7C2D-747D-A9A9-57938B1AB1EA&sortorder=asc&column=price HTTP/1.1" 404 -
217.113.194.219 - - [10/Nov/2024:00:23:47 +0100] "GET /ticket2/opencms/fi/venue/?venueid=912F0069-B2C0-0AC0-F2EF-4265D10E9B2C HTTP/1.1" 200 78554
66.249.79.5 - - [10/Nov/2024:00:23:48 +0100] "GET /ticket2/opencms/lv/buy?page=1&edid=DE6EAF1E-F0E3-BCEF-6FE9-789554B2D96C HTTP/1.1" 200 114096
54.36.148.85 - - [10/Nov/2024:00:23:50 +0100] "GET /ticket2/opencms/fi/venue/?venueid=780F530C-1E5B-A040-B582-92C140F93856 HTTP/1.1" 200 78570
66.249.79.233 - - [10/Nov/2024:00:23:51 +0100] "GET /ticket2/opencms/de/buy/?page=6&comcatid=A17713B6-D984-201A-4143-ED4DB5ED5C2E&catid=06324577-7173-BAB0-146D-E644C912F7C1&eventid=2B77360C-773A-8230-F965-6A3D913481EC HTTP/1.1" 200 108681
66.249.79.5 - - [10/Nov/2024:00:23:52 +0100] "GET /ticket2/opencms/lv/buy?page=1&edid=8DE7A210-45E0-8C09-63EA-28CBA5412C0E HTTP/1.1" 200 101815
54.36.148.95 - - [10/Nov/2024:00:23:54 +0100] "GET /ticket2/opencms/fi/venue/?venueid=7A7B066D-6749-0EC8-5A95-BB4DEF5BC7FC HTTP/1.1" 200 78599
66.249.79.5 - - [10/Nov/2024:00:23:54 +0100] "GET /ticket2/opencms/lv/buy?page=1&edid=8EE24D2F-4BF0-A103-6944-36103BCA6278 HTTP/1.1" 200 112581
37.187.89.104 - - [10/Nov/2024:00:23:55 +0100] "GET /ticket2/opencms/dk/nl/buy/?page=1&edid=BF9154EC-7C2D-747D-A9A9-57938B1AB1EA&sortorder=asc&column=row HTTP/1.1" 404 -
217.113.194.220 - - [10/Nov/2024:00:23:56 +0100] "GET /ticket2/opencms/fi/venue/?venueid=70CF0C71-242F-3CB8-3E8B-757E40B6417C HTTP/1.1" 200 78608
66.249.79.5 - - [10/Nov/2024:00:23:56 +0100] "GET /ticket2/opencms/lv/buy?page=1&edid=D11D82D4-28DA-1768-D317-EF521A2F97E6 HTTP/1.1" 200 131027
66.249.79.5 - - [10/Nov/2024:00:23:57 +0100] "GET /ticket2/opencms/lv/login HTTP/1.1" 200 83201
54.36.148.241 - - [10/Nov/2024:00:23:59 +0100] "GET /ticket2/opencms/fi/venue/?venueid=1130FEEB-47FB-DB3F-868A-1D5AA9060598 HTTP/1.1" 200 78542
66.249.76.238 - - [10/Nov/2024:00:24:00 +0100] "GET /ticket2/opencms/lv/buy?page=1&edid=CCC52869-7D07-37D3-E716-0EF1AC21BCE4 HTTP/1.1" 200 123434
66.249.79.5 - - [10/Nov/2024:00:24:01 +0100] "GET /ticket2/opencms/lv/buy?page=1&edid=24DA4365-06A3-2349-F7E6-CA02D31FCB88 HTTP/1.1" 200 125836
37.187.89.104 - - [10/Nov/2024:00:24:02 +0100] "GET /ticket2/opencms/dk/nl/buy/?page=1&edid=BF9154EC-7C2D-747D-A9A9-57938B1AB1EA&sortorder=desc&column=price HTTP/1.1" 404 -
66.249.76.238 - - [10/Nov/2024:00:24:03 +0100] "GET /ticket2/opencms/is/buy?page=1&edid=3289C097-2261-9433-8644-DF033A9EE354 HTTP/1.1" 200 131035
154.54.249.216 - - [10/Nov/2024:00:24:05 +0100] "GET /ticket2/opencms/fi/venue/?venueid=1296F5D3-4505-F292-99A1-ABFE76F323BD HTTP/1.1" 200 78643
54.36.149.97 - - [10/Nov/2024:00:24:05 +0100] "GET /ticket2/opencms/fi/venue/?venueid=17D6F983-3B1F-54BA-CC32-B050F0933AC3 HTTP/1.1" 200 78525
66.249.76.238 - - [10/Nov/2024:00:24:05 +0100] "GET /ticket2/opencms/az/buy/?page=1&edid=DE73DB51-4178-AA85-D066-1C5C2E4D27B9 HTTP/1.1" 200 101320
206.168.34.37 - - [10/Nov/2024:00:24:06 +0100] "GET /ticket2/opencms/de/ HTTP/1.1" 200 95823
54.36.148.218 - - [10/Nov/2024:00:24:08 +0100] "GET /ticket2/opencms/fi/venue/?venueid=10215421-D49E-AFEB-54BC-61D044D84B88 HTTP/1.1" 200 78528
206.168.34.37 - - [10/Nov/2024:00:24:09 +0100] "GET /ticket2/opencms/img/icons/ticket2.thumbnail.png HTTP/1.1" 200 21519
37.187.89.104 - - [10/Nov/2024:00:24:09 +0100] "GET /ticket2/opencms/dk/nl/buy/?page=1&edid=BFABCD8A-0370-5121-72EB-FB336CE4A45D&sortorder=asc&column=section HTTP/1.1" 404 -
206.168.34.37 - - [10/Nov/2024:00:24:10 +0100] "GET /ticket2/opencms/favicon.ico HTTP/1.1" 200 15406
47.128.96.210 - - [10/Nov/2024:00:24:11 +0100] "GET /ticket2/opencms/sk/sport/futbalove-listky/serie-a/salernitana/ HTTP/1.1" 200 88768
54.36.149.25 - - [10/Nov/2024:00:24:12 +0100] "GET /ticket2/opencms/fi/venue/?venueid=1BBA4161-876F-505A-41A9-3DCAB11C11AD HTTP/1.1" 200 78531
217.113.194.214 - - [10/Nov/2024:00:24:13 +0100] "GET /ticket2/opencms/fi/venue/?venueid=4281EF24-819D-10DB-AFDA-8A385BCC22F4 HTTP/1.1" 200 78554
54.36.148.40 - - [10/Nov/2024:00:24:15 +0100] "GET /ticket2/opencms/fi/buy_safety HTTP/1.1" 200 83341
54.36.148.112 - - [10/Nov/2024:00:24:16 +0100] "GET /ticket2/opencms/fi/venue/?venueid=32051022-6465-48E2-B723-D5151C235369 HTTP/1.1" 200 78552
37.187.89.104 - - [10/Nov/2024:00:24:19 +0100] "GET /ticket2/opencms/dk/nl/buy/?page=1&edid=BFABCD8A-0370-5121-72EB-FB336CE4A45D&sortorder=desc&column=price HTTP/1.1" 404 -
54.36.148.113 - - [10/Nov/2024:00:24:21 +0100] "GET /ticket2/opencms/fi/venue/?venueid=79814D9F-AA2B-DC42-2DD5-F53FFC727EA5 HTTP/1.1" 200 78525
217.113.194.218 - - [10/Nov/2024:00:24:22 +0100] "GET /ticket2/opencms/fi/venue/?venueid=619A03DD-ACCD-FE57-5807-3D17BA5AEECB HTTP/1.1" 200 78609
94.234.117.80 - - [10/Nov/2024:00:24:22 +0100] "GET /ticket2/opencms/sv/buy?page=2&sodvid=666c4dbc-e814-4b6a-bfa1-40be0a01000f HTTP/1.1" 200 112356
94.234.117.80 - - [10/Nov/2024:00:24:22 +0100] "GET /ticket2/opencms/system/modules/com.gridnine.opencms.ticketbrokerage.site/resources/js/calendar-setup.js HTTP/1.1" 200 4923
94.234.117.80 - - [10/Nov/2024:00:24:22 +0100] "GET /ticket2/opencms/system/modules/com.gridnine.opencms.ticketbrokerage.site/resources/js/calendar-en.js HTTP/1.1" 200 3338
94.234.117.80 - - [10/Nov/2024:00:24:22 +0100] "GET /ticket2/opencms/system/modules/com.gridnine.opencms.ticketbrokerage.site/resources/css/calendar.css HTTP/1.1" 200 6871
94.234.117.80 - - [10/Nov/2024:00:24:22 +0100] "GET /ticket2/opencms/system/modules/com.gridnine.opencms.ticketbrokerage.site/resources/js/standard.js HTTP/1.1" 200 3978
94.234.117.80 - - [10/Nov/2024:00:24:22 +0100] "GET /ticket2/opencms/system/modules/com.gridnine.opencms.ticketbrokerage.site/resources/css/standard.css HTTP/1.1" 200 73073
94.234.117.80 - - [10/Nov/2024:00:24:23 +0100] "GET /ticket2/opencms/system/modules/com.gridnine.opencms.ticketbrokerage.site/resources/css/ticketbrokerage.css HTTP/1.1" 200 39339
94.234.117.80 - - [10/Nov/2024:00:24:23 +0100] "GET /ticket2/opencms/system/modules/com.gridnine.opencms.ticketbrokerage.site/resources/js/functions.js HTTP/1.1" 200 1583
94.234.117.80 - - [10/Nov/2024:00:24:23 +0100] "GET /ticket2/opencms/system/modules/com.gridnine.opencms.ticketbrokerage.site/resources/js/calendar.js HTTP/1.1" 200 49229
94.234.117.80 - - [10/Nov/2024:00:24:23 +0100] "GET /ticket2/opencms/system/modules/com.gridnine.opencms.ticketbrokerage.site/resources/css/images/ui-bg_flat_75_ffffff_40x100.png HTTP/1.1" 404 -
37.187.89.104 - - [10/Nov/2024:00:24:23 +0100] "GET /ticket2/opencms/dk/nl/buy/?page=1&edid=BFABCD8A-0370-5121-72EB-FB336CE4A45D&sortorder=desc&column=row HTTP/1.1" 404 -
54.36.148.223 - - [10/Nov/2024:00:24:25 +0100] "GET /ticket2/opencms/fi/venue/?venueid=1E9F83B8-7F13-1E19-E5D4-CCC92DD5AE64 HTTP/1.1" 200 78528
37.187.89.104 - - [10/Nov/2024:00:24:28 +0100] "GET /ticket2/opencms/dk/nl/buy/?page=1&edid=BFABCD8A-0370-5121-72EB-FB336CE4A45D&sortorder=desc&column=section HTTP/1.1" 404 -
5.9.55.228 - - [10/Nov/2024:00:24:28 +0100] "GET /ticket2/opencms/fr/buy?catid=6cd184e8-c8d4-e1cc-33d0-6f47e3751240&comcatid=97eca65a-72da-f9af-9dbb-245d3cfed1be&page=6 HTTP/1.1" 200 83473
217.113.194.219 - - [10/Nov/2024:00:24:30 +0100] "GET /ticket2/opencms/fi/venue/?venueid=549D1F21-57F6-6965-4AE0-C027D23DF3A5 HTTP/1.1" 200 78642
66.249.79.5 - - [10/Nov/2024:00:24:31 +0100] "GET /ticket2/opencms/hu/buy?page=1&edid=A250B4B1-8EE0-FF45-8CB6-582F5F739AF9 HTTP/1.1" 200 126701
54.36.148.125 - - [10/Nov/2024:00:24:32 +0100] "GET /ticket2/opencms/fi/venue/?venueid=E42DAA3B-8D14-C1C2-324E-BD1238E886E9 HTTP/1.1" 200 78534
66.249.79.32 - - [10/Nov/2024:00:24:32 +0100] "GET /ticket2/opencms/fi/buy/?page=1&edid=1E8CD446-2E9F-5A21-E2F4-251CB3C89182 HTTP/1.1" 200 98632
37.187.89.104 - - [10/Nov/2024:00:24:36 +0100] "GET /ticket2/opencms/dk/nl/buy/?page=1&edid=C06EF65F-765A-41B3-7251-28C655DA14AD&sortorder=asc&column=price HTTP/1.1" 404 -
54.36.148.51 - - [10/Nov/2024:00:24:37 +0100] "GET /ticket2/opencms/fi/venue/?venueid=A5A743EB-AD74-4583-AFF2-141D1363F7B4 HTTP/1.1" 200 78543
217.113.194.221 - - [10/Nov/2024:00:24:39 +0100] "GET /ticket2/opencms/fi/venue/?venueid=50DAC20F-40DE-CF88-E5C9-6C2C12662F21 HTTP/1.1" 200 78584
54.36.149.65 - - [10/Nov/2024:00:24:42 +0100] "GET /ticket2/opencms/fi/venue/?venueid=6E74DDFB-B5A5-70DD-F587-B3566A502D6D HTTP/1.1" 200 78536
37.187.89.104 - - [10/Nov/2024:00:24:43 +0100] "GET /ticket2/opencms/dk/nl/buy/?page=1&edid=C0DADECE-3739-FBB2-2554-F9E21C47A21A HTTP/1.1" 404 -
47.128.30.239 - - [10/Nov/2024:00:24:46 +0100] "GET /ticket2/opencms/sv/magazine/article?title=stanga-transferfonstret-tidigare HTTP/1.1" 200 83145
54.36.148.62 - - [10/Nov/2024:00:24:46 +0100] "GET /ticket2/opencms/fi/buy/?page=6&comcatid=0A6B8208-FDA4-E929-9D72-5312FD481B76&catid=A05A53F7-423D-23BE-575E-EA7B67DE22D9 HTTP/1.1" 200 87477
66.249.76.232 - - [10/Nov/2024:00:24:47 +0100] "GET /ticket2/opencms/de/buy/?comcatid=A17713B6-D984-201A-4143-ED4DB5ED5C2E&catid=21C3854B-901E-11F9-7B7D-6838CC6AFAA4 HTTP/1.1" 200 184680
217.113.194.221 - - [10/Nov/2024:00:24:48 +0100] "GET /ticket2/opencms/fi/venue/?venueid=5617B36E-C6BD-D620-FA1A-AD9A087FEA8E HTTP/1.1" 200 78644
37.187.89.104 - - [10/Nov/2024:00:24:50 +0100] "GET /ticket2/opencms/dk/nl/buy/?page=1&edid=C0DADECE-3739-FBB2-2554-F9E21C47A21A&sortorder=desc&column=price HTTP/1.1" 404 -
54.36.148.115 - - [10/Nov/2024:00:24:53 +0100] "GET /ticket2/opencms/fi/venue/?venueid=092C7A07-429A-6BEE-0D63-A862EA12705E HTTP/1.1" 200 78519
185.191.171.12 - - [10/Nov/2024:00:24:56 +0100] "GET /ticket2/opencms/sv/magazine/article?title=vinicius-jr HTTP/1.1" 200 83430
37.187.89.104 - - [10/Nov/2024:00:24:56 +0100] "GET /ticket2/opencms/dk/nl/buy/?page=1&edid=C0DADECE-3739-FBB2-2554-F9E21C47A21A&sortorder=desc&column=row HTTP/1.1" 404 -
154.54.249.216 - - [10/Nov/2024:00:24:56 +0100] "GET /ticket2/opencms/fi/venue/?venueid=555C346E-314C-BAB1-EEE9-34C0C53F233E HTTP/1.1" 200 78566
5.255.231.183 - - [10/Nov/2024:00:24:57 +0100] "GET /ticket2/opencms/robots.txt HTTP/1.1" 200 773
213.180.203.11 - - [10/Nov/2024:00:24:58 +0100] "GET /ticket2/opencms/tr/ HTTP/1.1" 200 96286
54.36.148.38 - - [10/Nov/2024:00:25:01 +0100] "GET /ticket2/opencms/no/sport/fotballsbilletter/la_liga/girona/ HTTP/1.1" 200 84796
37.187.89.104 - - [10/Nov/2024:00:25:03 +0100] "GET /ticket2/opencms/dk/nl/buy/?page=1&edid=C0F1E76A-C642-D418-763A-93A7662FD1E2&sortorder=asc&column=price HTTP/1.1" 404 -
217.113.194.220 - - [10/Nov/2024:00:25:06 +0100] "GET /ticket2/opencms/fi/venue/?venueid=59CE914F-11B4-25CE-BEB9-4C636D2ADFF0 HTTP/1.1" 200 78539
54.36.148.73 - - [10/Nov/2024:00:25:08 +0100] "GET /ticket2/opencms/en/sport/football-tickets/serie_a/torino/ HTTP/1.1" 200 79433
85.208.96.206 - - [10/Nov/2024:00:25:08 +0100] "GET /ticket2/opencms/no/about/press HTTP/1.1" 200 82477
37.187.89.104 - - [10/Nov/2024:00:25:12 +0100] "GET /ticket2/opencms/dk/nl/buy/?page=1&edid=C0F1E76A-C642-D418-763A-93A7662FD1E2&sortorder=asc&column=row HTTP/1.1" 404 -
54.36.148.6 - - [10/Nov/2024:00:25:12 +0100] "GET /ticket2/opencms/fi/venue/?venueid=41578BAC-B3C6-A54C-C6C5-8BDAB9EF23A9 HTTP/1.1" 200 78621
5.9.55.228 - - [10/Nov/2024:00:25:13 +0100] "GET /ticket2/opencms/fr/buy?catid=757e2dfb-33da-9b34-8402-9f06b19d8409&comcatid=97eca65a-72da-f9af-9dbb-245d3cfed1be&page=6 HTTP/1.1" 200 83473
217.113.194.216 - - [10/Nov/2024:00:25:15 +0100] "GET /ticket2/opencms/fi/venue/?venueid=627689FB-7CBA-64B6-7657-6F6CD9393A37 HTTP/1.1" 200 78534
54.36.148.83 - - [10/Nov/2024:00:25:16 +0100] "GET /ticket2/opencms/es/deporte/entradas-futbol/serie-a/hellas_verona HTTP/1.1" 200 88871
37.187.89.104 - - [10/Nov/2024:00:25:18 +0100] "GET /ticket2/opencms/dk/nl/buy/?page=1&edid=C12A0006-B6E1-E89B-7550-FAAA37523C69&sortorder=asc&column=price HTTP/1.1" 404 -
154.54.249.216 - - [10/Nov/2024:00:25:23 +0100] "GET /ticket2/opencms/fi/venue/?venueid=63DFE8AB-8CE7-10BB-E6C2-33D548A14746 HTTP/1.1" 200 78536
37.187.89.104 - - [10/Nov/2024:00:25:23 +0100] "GET /ticket2/opencms/dk/nl/buy/?page=1&edid=C12A0006-B6E1-E89B-7550-FAAA37523C69&sortorder=asc&column=row HTTP/1.1" 404 -
54.36.148.229 - - [10/Nov/2024:00:25:24 +0100] "GET /ticket2/opencms/es/deporte/entradas-futbol/serie-a/salernitana HTTP/1.1" 200 88641
40.77.167.67 - - [10/Nov/2024:00:25:27 +0100] "GET /ticket2/opencms/dk/buy/?page=1&edid=7536ED49-D47D-D875-3F14-B754DE19451B HTTP/1.1" 200 97373
37.187.89.104 - - [10/Nov/2024:00:25:27 +0100] "GET /ticket2/opencms/dk/nl/buy/?page=1&edid=C12A0006-B6E1-E89B-7550-FAAA37523C69&sortorder=asc&column=section HTTP/1.1" 404 -
217.113.194.213 - - [10/Nov/2024:00:25:32 +0100] "GET /ticket2/opencms/fi/venue/?venueid=2F4B9D73-9089-26F5-4E9E-2CBD328F67B2 HTTP/1.1" 200 78539
47.128.61.127 - - [10/Nov/2024:00:25:32 +0100] "GET /ticket2/opencms/lt/buy/?edid=BA180CF4-7DD4-6F44-FC82-3A82E36CC957 HTTP/1.1" 200 81490
37.187.89.104 - - [10/Nov/2024:00:25:33 +0100] "GET /ticket2/opencms/dk/nl/buy/?page=1&edid=C24CFA32-4FD8-532F-2ACA-BEB9889EA4D1&sortorder=asc&column=price HTTP/1.1" 404 -
54.36.148.201 - - [10/Nov/2024:00:25:33 +0100] "GET /ticket2/opencms/en/buy?comcatid=A17713B6-D984-201A-4143-ED4DB5ED5C2E&catid=F2006A3D-5EE0-B40B-5749-60C15271538F HTTP/1.1" 200 92066
168.119.68.171 - - [10/Nov/2024:00:25:34 +0100] "GET /ticket2/opencms/system/modules/com.gridnine.opencms.ticketbrokerage.site/resources/css/jquery.fancybox.css HTTP/1.1" 200 4939
168.119.68.171 - - [10/Nov/2024:00:25:34 +0100] "GET /ticket2/opencms/system/modules/com.gridnine.opencms.ticketbrokerage.site/resources/css/calendar.css HTTP/1.1" 200 6871
168.119.68.171 - - [10/Nov/2024:00:25:34 +0100] "GET /ticket2/opencms/system/modules/com.gridnine.opencms.ticketbrokerage.site/resources/css/jquery-ui.css HTTP/1.1" 200 33221
168.119.68.171 - - [10/Nov/2024:00:25:34 +0100] "GET /ticket2/opencms/system/modules/com.gridnine.opencms.ticketbrokerage.site/resources/css/ticketbrokerage.css HTTP/1.1" 200 39339
168.119.68.171 - - [10/Nov/2024:00:25:34 +0100] "GET /ticket2/opencms/system/modules/com.gridnine.opencms.ticketbrokerage.site/resources/js/jquery/jquery.js HTTP/1.1" 200 93868
168.119.68.171 - - [10/Nov/2024:00:25:34 +0100] "GET /ticket2/opencms/system/modules/com.gridnine.opencms.ticketbrokerage.site/resources/css/standard.css HTTP/1.1" 200 73073
168.119.68.171 - - [10/Nov/2024:00:25:34 +0100] "GET /ticket2/opencms/system/modules/com.gridnine.opencms.ticketbrokerage.site/resources/js/functions.js HTTP/1.1" 200 1583
168.119.68.171 - - [10/Nov/2024:00:25:34 +0100] "GET /ticket2/opencms/system/modules/com.gridnine.opencms.ticketbrokerage.site/resources/js/jquery/jquery-ui.js HTTP/1.1" 200 228088
168.119.68.171 - - [10/Nov/2024:00:25:34 +0100] "GET /ticket2/opencms/system/modules/com.gridnine.opencms.ticketbrokerage.site/resources/js/calendar.js HTTP/1.1" 200 49229
168.119.68.171 - - [10/Nov/2024:00:25:34 +0100] "GET /ticket2/opencms/system/modules/com.gridnine.opencms.ticketbrokerage.site/resources/js/calendar-en.js HTTP/1.1" 200 3338
168.119.68.171 - - [10/Nov/2024:00:25:34 +0100] "GET /ticket2/opencms/system/modules/com.gridnine.opencms.ticketbrokerage.site/resources/js/calendar-setup.js HTTP/1.1" 200 4923
168.119.68.171 - - [10/Nov/2024:00:25:34 +0100] "GET /ticket2/opencms/system/modules/com.gridnine.opencms.ticketbrokerage.site/resources/js/jquery.fancybox.pack.js HTTP/1.1" 200 23187
168.119.68.171 - - [10/Nov/2024:00:25:34 +0100] "GET /ticket2/opencms/system/modules/com.gridnine.opencms.ticketbrokerage.site/resources/js/stickyfill.min.js HTTP/1.1" 200 5672
168.119.68.171 - - [10/Nov/2024:00:25:34 +0100] "GET /ticket2/opencms/system/modules/com.gridnine.opencms.ticketbrokerage.site/resources/js/standard.js HTTP/1.1" 200 3978
168.119.68.171 - - [10/Nov/2024:00:25:34 +0100] "GET /ticket2/opencms/system/modules/com.gridnine.opencms.ticketbrokerage.site/resources/js/jquery.placeholder.min.js HTTP/1.1" 200 1737
168.119.68.171 - - [10/Nov/2024:00:25:34 +0100] "GET /ticket2/opencms/system/modules/com.gridnine.opencms.ticketbrokerage.site/resources/js/common-ajax.js HTTP/1.1" 200 20175
168.119.68.171 - - [10/Nov/2024:00:25:34 +0100] "GET /ticket2/opencms/system/modules/com.gridnine.opencms.ticketbrokerage.site/resources/js/standard.js HTTP/1.1" 200 3978
47.128.122.110 - - [10/Nov/2024:00:25:35 +0100] "GET /ticket2/opencms/fi/buy/?edid=F08C0FE4-B194-24A9-4957-1E151EDAC340 HTTP/1.1" 200 81458
66.249.79.7 - - [10/Nov/2024:00:25:37 +0100] "GET /ticket2/opencms/mo/buy/?comcatid=A17713B6-D984-201A-4143-ED4DB5ED5C2E&catid=06324577-7173-BAB0-146D-E644C912F7C1 HTTP/1.1" 200 234900
37.187.89.104 - - [10/Nov/2024:00:25:39 +0100] "GET /ticket2/opencms/dk/nl/buy/?page=1&edid=C24CFA32-4FD8-532F-2ACA-BEB9889EA4D1&sortorder=asc&column=row HTTP/1.1" 404 -
54.36.149.98 - - [10/Nov/2024:00:25:40 +0100] "GET /ticket2/opencms/az/buy?page=6&comcatid=A17713B6-D984-201A-4143-ED4DB5ED5C2E&catid=7EF04817-972D-18B1-F941-DE800D088075 HTTP/1.1" 200 104493
217.113.194.216 - - [10/Nov/2024:00:25:41 +0100] "GET /ticket2/opencms/fi/venue/?venueid=2D159EC0-7C39-A337-F7BF-550728BB7B9B HTTP/1.1" 200 78510
168.119.65.118 - - [10/Nov/2024:00:25:41 +0100] "GET /ticket2/opencms/system/modules/com.gridnine.opencms.ticketbrokerage.site/resources/css/jquery.fancybox.css HTTP/1.1" 200 4939
168.119.65.118 - - [10/Nov/2024:00:25:41 +0100] "GET /ticket2/opencms/system/modules/com.gridnine.opencms.ticketbrokerage.site/resources/css/standard.css HTTP/1.1" 200 73073
168.119.65.118 - - [10/Nov/2024:00:25:41 +0100] "GET /ticket2/opencms/system/modules/com.gridnine.opencms.ticketbrokerage.site/resources/css/ticketbrokerage.css HTTP/1.1" 200 39339
168.119.65.118 - - [10/Nov/2024:00:25:41 +0100] "GET /ticket2/opencms/system/modules/com.gridnine.opencms.ticketbrokerage.site/resources/css/jquery-ui.css HTTP/1.1" 200 33221
168.119.65.118 - - [10/Nov/2024:00:25:41 +0100] "GET /ticket2/opencms/system/modules/com.gridnine.opencms.ticketbrokerage.site/resources/js/calendar.js HTTP/1.1" 200 49229
168.119.65.118 - - [10/Nov/2024:00:25:41 +0100] "GET /ticket2/opencms/system/modules/com.gridnine.opencms.ticketbrokerage.site/resources/css/calendar.css HTTP/1.1" 200 6871
168.119.65.118 - - [10/Nov/2024:00:25:41 +0100] "GET /ticket2/opencms/system/modules/com.gridnine.opencms.ticketbrokerage.site/resources/js/calendar-en.js HTTP/1.1" 200 3338
168.119.65.118 - - [10/Nov/2024:00:25:41 +0100] "GET /ticket2/opencms/system/modules/com.gridnine.opencms.ticketbrokerage.site/resources/js/calendar-setup.js HTTP/1.1" 200 4923
168.119.65.118 - - [10/Nov/2024:00:25:41 +0100] "GET /ticket2/opencms/system/modules/com.gridnine.opencms.ticketbrokerage.site/resources/js/jquery.fancybox.pack.js HTTP/1.1" 200 23187
168.119.65.118 - - [10/Nov/2024:00:25:41 +0100] "GET /ticket2/opencms/system/modules/com.gridnine.opencms.ticketbrokerage.site/resources/js/stickyfill.min.js HTTP/1.1" 200 5672
168.119.65.118 - - [10/Nov/2024:00:25:41 +0100] "GET /ticket2/opencms/system/modules/com.gridnine.opencms.ticketbrokerage.site/resources/js/jquery/jquery.js HTTP/1.1" 200 93868
168.119.65.118 - - [10/Nov/2024:00:25:41 +0100] "GET /ticket2/opencms/system/modules/com.gridnine.opencms.ticketbrokerage.site/resources/js/jquery/jquery-ui.js HTTP/1.1" 200 228088
168.119.65.118 - - [10/Nov/2024:00:25:41 +0100] "GET /ticket2/opencms/system/modules/com.gridnine.opencms.ticketbrokerage.site/resources/js/functions.js HTTP/1.1" 200 1583
168.119.65.118 - - [10/Nov/2024:00:25:41 +0100] "GET /ticket2/opencms/system/modules/com.gridnine.opencms.ticketbrokerage.site/resources/js/standard.js HTTP/1.1" 200 3978
168.119.65.118 - - [10/Nov/2024:00:25:41 +0100] "GET /ticket2/opencms/system/modules/com.gridnine.opencms.ticketbrokerage.site/resources/js/jquery.placeholder.min.js HTTP/1.1" 200 1737
168.119.65.118 - - [10/Nov/2024:00:25:41 +0100] "GET /ticket2/opencms/system/modules/com.gridnine.opencms.ticketbrokerage.site/resources/js/common-ajax.js HTTP/1.1" 200 20175
168.119.65.118 - - [10/Nov/2024:00:25:41 +0100] "GET /ticket2/opencms/system/modules/com.gridnine.opencms.ticketbrokerage.site/resources/js/standard.js HTTP/1.1" 200 3978
37.187.89.104 - - [10/Nov/2024:00:25:43 +0100] "GET /ticket2/opencms/dk/nl/buy/?page=1&edid=C24CFA32-4FD8-532F-2ACA-BEB9889EA4D1&sortorder=asc&column=section HTTP/1.1" 404 -
54.36.148.176 - - [10/Nov/2024:00:25:46 +0100] "GET /ticket2/opencms/be/buy?page=6&comcatid=A17713B6-D984-201A-4143-ED4DB5ED5C2E&catid=7EF04817-972D-18B1-F941-DE800D088075 HTTP/1.1" 200 105176
66.249.79.6 - - [10/Nov/2024:00:25:47 +0100] "GET /ticket2/opencms/az/buy?page=1&edid=D96122AD-C3AA-80F5-DDA8-935E03AE952D HTTP/1.1" 200 125185
195.154.123.47 - - [10/Nov/2024:00:25:47 +0100] "GET /ticket2/opencms/system/modules/com.gridnine.opencms.ticketbrokerage.site/resources/css/jquery-ui.css HTTP/1.1" 200 33221
195.154.123.47 - - [10/Nov/2024:00:25:47 +0100] "GET /ticket2/opencms/system/modules/com.gridnine.opencms.ticketbrokerage.site/resources/css/calendar.css HTTP/1.1" 200 6871
195.154.123.47 - - [10/Nov/2024:00:25:47 +0100] "GET /ticket2/opencms/system/modules/com.gridnine.opencms.ticketbrokerage.site/resources/css/standard.css HTTP/1.1" 200 73073
195.154.123.47 - - [10/Nov/2024:00:25:47 +0100] "GET /ticket2/opencms/system/modules/com.gridnine.opencms.ticketbrokerage.site/resources/css/jquery.fancybox.css HTTP/1.1" 200 4939
195.154.123.47 - - [10/Nov/2024:00:25:47 +0100] "GET /ticket2/opencms/system/modules/com.gridnine.opencms.ticketbrokerage.site/resources/js/jquery/jquery.js HTTP/1.1" 200 93868
195.154.123.47 - - [10/Nov/2024:00:25:47 +0100] "GET /ticket2/opencms/system/modules/com.gridnine.opencms.ticketbrokerage.site/resources/css/ticketbrokerage.css HTTP/1.1" 200 39339
195.154.123.47 - - [10/Nov/2024:00:25:47 +0100] "GET /ticket2/opencms/system/modules/com.gridnine.opencms.ticketbrokerage.site/resources/js/jquery/jquery-ui.js HTTP/1.1" 200 228088
195.154.123.47 - - [10/Nov/2024:00:25:47 +0100] "GET /ticket2/opencms/system/modules/com.gridnine.opencms.ticketbrokerage.site/resources/js/functions.js HTTP/1.1" 200 1583
195.154.123.47 - - [10/Nov/2024:00:25:47 +0100] "GET /ticket2/opencms/system/modules/com.gridnine.opencms.ticketbrokerage.site/resources/js/calendar.js HTTP/1.1" 200 49229
195.154.123.47 - - [10/Nov/2024:00:25:47 +0100] "GET /ticket2/opencms/system/modules/com.gridnine.opencms.ticketbrokerage.site/resources/js/calendar-en.js HTTP/1.1" 200 3338
195.154.123.47 - - [10/Nov/2024:00:25:47 +0100] "GET /ticket2/opencms/system/modules/com.gridnine.opencms.ticketbrokerage.site/resources/js/calendar-setup.js HTTP/1.1" 200 4923
195.154.123.47 - - [10/Nov/2024:00:25:47 +0100] "GET /ticket2/opencms/system/modules/com.gridnine.opencms.ticketbrokerage.site/resources/js/jquery.fancybox.pack.js HTTP/1.1" 200 23187
195.154.123.47 - - [10/Nov/2024:00:25:47 +0100] "GET /ticket2/opencms/system/modules/com.gridnine.opencms.ticketbrokerage.site/resources/js/stickyfill.min.js HTTP/1.1" 200 5672
195.154.123.47 - - [10/Nov/2024:00:25:47 +0100] "GET /ticket2/opencms/system/modules/com.gridnine.opencms.ticketbrokerage.site/resources/js/standard.js HTTP/1.1" 200 3978
195.154.123.47 - - [10/Nov/2024:00:25:47 +0100] "GET /ticket2/opencms/system/modules/com.gridnine.opencms.ticketbrokerage.site/resources/js/jquery.placeholder.min.js HTTP/1.1" 200 1737
195.154.123.47 - - [10/Nov/2024:00:25:47 +0100] "GET /ticket2/opencms/system/modules/com.gridnine.opencms.ticketbrokerage.site/resources/js/common-ajax.js HTTP/1.1" 200 20175
37.187.89.104 - - [10/Nov/2024:00:25:48 +0100] "GET /ticket2/opencms/dk/nl/buy/?page=1&edid=C255ADEF-7021-B11F-8DF7-85BD679EA134&sortorder=asc&column=section HTTP/1.1" 404 -
195.154.123.47 - - [10/Nov/2024:00:25:49 +0100] "GET /ticket2/opencms/system/modules/com.gridnine.opencms.ticketbrokerage.site/resources/js/standard.js HTTP/1.1" 200 3978
66.249.79.6 - - [10/Nov/2024:00:25:49 +0100] "GET /ticket2/opencms/is/buy?page=1&edid=8DA9D1EA-2F7E-8136-071B-749FF836435A HTTP/1.1" 200 125476
217.113.194.217 - - [10/Nov/2024:00:25:49 +0100] "GET /ticket2/opencms/fi/venue/?venueid=2A287657-A170-E643-8D17-78F1DB6C8F4A HTTP/1.1" 200 78531
54.36.148.183 - - [10/Nov/2024:00:25:51 +0100] "GET /ticket2/opencms/bg/buy?page=6&comcatid=A17713B6-D984-201A-4143-ED4DB5ED5C2E&catid=7EF04817-972D-18B1-F941-DE800D088075 HTTP/1.1" 200 104964
66.249.79.5 - - [10/Nov/2024:00:25:51 +0100] "GET /ticket2/opencms/lt/buy?page=1&edid=E9DB3A42-82BF-9B65-3ED4-EE5A32871388 HTTP/1.1" 200 121751
168.119.68.241 - - [10/Nov/2024:00:25:52 +0100] "GET /ticket2/opencms/system/modules/com.gridnine.opencms.ticketbrokerage.site/resources/css/jquery.fancybox.css HTTP/1.1" 200 4939
168.119.68.241 - - [10/Nov/2024:00:25:52 +0100] "GET /ticket2/opencms/system/modules/com.gridnine.opencms.ticketbrokerage.site/resources/css/jquery-ui.css HTTP/1.1" 200 33221
168.119.68.241 - - [10/Nov/2024:00:25:52 +0100] "GET /ticket2/opencms/system/modules/com.gridnine.opencms.ticketbrokerage.site/resources/css/calendar.css HTTP/1.1" 200 6871
168.119.68.241 - - [10/Nov/2024:00:25:52 +0100] "GET /ticket2/opencms/system/modules/com.gridnine.opencms.ticketbrokerage.site/resources/css/ticketbrokerage.css HTTP/1.1" 200 39339
168.119.68.241 - - [10/Nov/2024:00:25:52 +0100] "GET /ticket2/opencms/system/modules/com.gridnine.opencms.ticketbrokerage.site/resources/css/standard.css HTTP/1.1" 200 73073
168.119.68.241 - - [10/Nov/2024:00:25:52 +0100] "GET /ticket2/opencms/system/modules/com.gridnine.opencms.ticketbrokerage.site/resources/js/jquery/jquery-ui.js HTTP/1.1" 200 228088
168.119.68.241 - - [10/Nov/2024:00:25:52 +0100] "GET /ticket2/opencms/system/modules/com.gridnine.opencms.ticketbrokerage.site/resources/js/functions.js HTTP/1.1" 200 1583
168.119.68.241 - - [10/Nov/2024:00:25:52 +0100] "GET /ticket2/opencms/system/modules/com.gridnine.opencms.ticketbrokerage.site/resources/js/jquery/jquery.js HTTP/1.1" 200 93868
168.119.68.241 - - [10/Nov/2024:00:25:52 +0100] "GET /ticket2/opencms/system/modules/com.gridnine.opencms.ticketbrokerage.site/resources/js/calendar.js HTTP/1.1" 200 49229
168.119.68.241 - - [10/Nov/2024:00:25:52 +0100] "GET /ticket2/opencms/system/modules/com.gridnine.opencms.ticketbrokerage.site/resources/js/calendar-setup.js HTTP/1.1" 200 4923
168.119.68.241 - - [10/Nov/2024:00:25:52 +0100] "GET /ticket2/opencms/system/modules/com.gridnine.opencms.ticketbrokerage.site/resources/js/calendar-en.js HTTP/1.1" 200 3338
168.119.68.241 - - [10/Nov/2024:00:25:52 +0100] "GET /ticket2/opencms/system/modules/com.gridnine.opencms.ticketbrokerage.site/resources/js/jquery.fancybox.pack.js HTTP/1.1" 200 23187
168.119.68.241 - - [10/Nov/2024:00:25:52 +0100] "GET /ticket2/opencms/system/modules/com.gridnine.opencms.ticketbrokerage.site/resources/js/stickyfill.min.js HTTP/1.1" 200 5672
168.119.68.241 - - [10/Nov/2024:00:25:52 +0100] "GET /ticket2/opencms/system/modules/com.gridnine.opencms.ticketbrokerage.site/resources/js/standard.js HTTP/1.1" 200 3978
168.119.68.241 - - [10/Nov/2024:00:25:52 +0100] "GET /ticket2/opencms/system/modules/com.gridnine.opencms.ticketbrokerage.site/resources/js/jquery.placeholder.min.js HTTP/1.1" 200 1737
168.119.68.241 - - [10/Nov/2024:00:25:52 +0100] "GET /ticket2/opencms/system/modules/com.gridnine.opencms.ticketbrokerage.site/resources/js/common-ajax.js HTTP/1.1" 200 20175
168.119.68.241 - - [10/Nov/2024:00:25:52 +0100] "GET /ticket2/opencms/system/modules/com.gridnine.opencms.ticketbrokerage.site/resources/js/standard.js HTTP/1.1" 200 3978
37.187.89.104 - - [10/Nov/2024:00:25:52 +0100] "GET /ticket2/opencms/dk/nl/buy/?page=1&edid=C2A79993-E70B-426D-9013-A8F409E2602A&sortorder=asc&column=row HTTP/1.1" 404 -
66.249.76.238 - - [10/Nov/2024:00:25:53 +0100] "GET /ticket2/opencms/lt/buy?page=1&edid=6AEAF6C2-C57A-0447-5B0A-20959D8DCFDD HTTP/1.1" 200 101831
66.249.76.238 - - [10/Nov/2024:00:25:55 +0100] "GET /ticket2/opencms/lt/buy?page=1&edid=3583D5C7-607A-E528-A709-844E6A72DC1B HTTP/1.1" 200 131118
5.9.55.228 - - [10/Nov/2024:00:25:57 +0100] "GET /ticket2/opencms/fr/buy?catid=7CF2D645-F785-0CBB-1B7C-C4711617EAAD&comcatid=A17713B6-D984-201A-4143-ED4DB5ED5C2E&page=6 HTTP/1.1" 200 93981
54.36.148.183 - - [10/Nov/2024:00:25:57 +0100] "GET /ticket2/opencms/dk/?page=6&comcatid=A17713B6-D984-201A-4143-ED4DB5ED5C2E&catid=06324577-7173-BAB0-146D-E644C912F7C1&eventid=2B77360C-773A-8230-F965-6A3D913481EC HTTP/1.1" 200 95336
66.249.79.5 - - [10/Nov/2024:00:25:57 +0100] "GET /ticket2/opencms/is/buy?page=1&edid=8D916C6C-0A69-41F7-4678-427710F013C6 HTTP/1.1" 200 128392
217.113.194.220 - - [10/Nov/2024:00:25:58 +0100] "GET /ticket2/opencms/fi/venue/?venueid=16CA27B2-E6FB-6299-A50A-93A7567AD2E3 HTTP/1.1" 200 78632
66.249.79.5 - - [10/Nov/2024:00:26:01 +0100] "GET /ticket2/opencms/hu/buy?page=1&edid=3289C097-2261-9433-8644-DF033A9EE354 HTTP/1.1" 200 131151
37.187.89.104 - - [10/Nov/2024:00:26:02 +0100] "GET /ticket2/opencms/dk/nl/buy/?page=1&edid=C2A79993-E70B-426D-9013-A8F409E2602A&sortorder=asc&column=section HTTP/1.1" 404 -
54.36.148.140 - - [10/Nov/2024:00:26:02 +0100] "GET /ticket2/opencms/bs/buy?page=6&comcatid=A17713B6-D984-201A-4143-ED4DB5ED5C2E&catid=7EF04817-972D-18B1-F941-DE800D088075 HTTP/1.1" 200 104400
168.119.68.121 - - [10/Nov/2024:00:26:03 +0100] "GET /ticket2/opencms/system/modules/com.gridnine.opencms.ticketbrokerage.site/resources/css/ticketbrokerage.css HTTP/1.1" 200 39339
168.119.68.121 - - [10/Nov/2024:00:26:03 +0100] "GET /ticket2/opencms/system/modules/com.gridnine.opencms.ticketbrokerage.site/resources/css/jquery-ui.css HTTP/1.1" 200 33221
168.119.68.121 - - [10/Nov/2024:00:26:03 +0100] "GET /ticket2/opencms/system/modules/com.gridnine.opencms.ticketbrokerage.site/resources/css/jquery.fancybox.css HTTP/1.1" 200 4939
168.119.68.121 - - [10/Nov/2024:00:26:03 +0100] "GET /ticket2/opencms/system/modules/com.gridnine.opencms.ticketbrokerage.site/resources/css/calendar.css HTTP/1.1" 200 6871
168.119.68.121 - - [10/Nov/2024:00:26:03 +0100] "GET /ticket2/opencms/system/modules/com.gridnine.opencms.ticketbrokerage.site/resources/css/standard.css HTTP/1.1" 200 73073
168.119.68.121 - - [10/Nov/2024:00:26:03 +0100] "GET /ticket2/opencms/system/modules/com.gridnine.opencms.ticketbrokerage.site/resources/js/jquery/jquery.js HTTP/1.1" 200 93868
168.119.68.121 - - [10/Nov/2024:00:26:03 +0100] "GET /ticket2/opencms/system/modules/com.gridnine.opencms.ticketbrokerage.site/resources/js/jquery/jquery-ui.js HTTP/1.1" 200 228088
168.119.68.121 - - [10/Nov/2024:00:26:03 +0100] "GET /ticket2/opencms/system/modules/com.gridnine.opencms.ticketbrokerage.site/resources/js/calendar-en.js HTTP/1.1" 200 3338
168.119.68.121 - - [10/Nov/2024:00:26:03 +0100] "GET /ticket2/opencms/system/modules/com.gridnine.opencms.ticketbrokerage.site/resources/js/calendar.js HTTP/1.1" 200 49229
168.119.68.121 - - [10/Nov/2024:00:26:03 +0100] "GET /ticket2/opencms/system/modules/com.gridnine.opencms.ticketbrokerage.site/resources/js/functions.js HTTP/1.1" 200 1583
168.119.68.121 - - [10/Nov/2024:00:26:03 +0100] "GET /ticket2/opencms/system/modules/com.gridnine.opencms.ticketbrokerage.site/resources/js/calendar-setup.js HTTP/1.1" 200 4923
168.119.68.121 - - [10/Nov/2024:00:26:03 +0100] "GET /ticket2/opencms/system/modules/com.gridnine.opencms.ticketbrokerage.site/resources/js/jquery.fancybox.pack.js HTTP/1.1" 200 23187
168.119.68.121 - - [10/Nov/2024:00:26:03 +0100] "GET /ticket2/opencms/system/modules/com.gridnine.opencms.ticketbrokerage.site/resources/js/stickyfill.min.js HTTP/1.1" 200 5672
168.119.68.121 - - [10/Nov/2024:00:26:03 +0100] "GET /ticket2/opencms/system/modules/com.gridnine.opencms.ticketbrokerage.site/resources/js/standard.js HTTP/1.1" 200 3978
168.119.68.121 - - [10/Nov/2024:00:26:03 +0100] "GET /ticket2/opencms/system/modules/com.gridnine.opencms.ticketbrokerage.site/resources/js/jquery.placeholder.min.js HTTP/1.1" 200 1737
168.119.68.121 - - [10/Nov/2024:00:26:03 +0100] "GET /ticket2/opencms/system/modules/com.gridnine.opencms.ticketbrokerage.site/resources/js/common-ajax.js HTTP/1.1" 200 20175
168.119.68.121 - - [10/Nov/2024:00:26:03 +0100] "GET /ticket2/opencms/system/modules/com.gridnine.opencms.ticketbrokerage.site/resources/js/standard.js HTTP/1.1" 200 3978
217.113.194.214 - - [10/Nov/2024:00:26:07 +0100] "GET /ticket2/opencms/fi/venue/?venueid=1DFE1CE1-FCC2-1D42-6070-375EAE5E1EC2 HTTP/1.1" 200 78604
85.208.96.203 - - [10/Nov/2024:00:26:08 +0100] "GET /ticket2/opencms/sv/magazine/article?title=chelsea-vunnit-sex-premier-league-titlar HTTP/1.1" 200 86576
54.36.148.64 - - [10/Nov/2024:00:26:08 +0100] "GET /ticket2/opencms/dk/?page=6&comcatid=A17713B6-D984-201A-4143-ED4DB5ED5C2E&catid=06324577-7173-BAB0-146D-E644C912F7C1&eventid=35A0C9BF-EC06-DE5F-22DE-E131A0832C91 HTTP/1.1" 200 95336
37.187.89.104 - - [10/Nov/2024:00:26:10 +0100] "GET /ticket2/opencms/dk/nl/buy/?page=1&edid=C2FCD713-6AE1-6CEF-FA73-C3089C99A625&sortorder=asc&column=row HTTP/1.1" 404 -
54.36.148.91 - - [10/Nov/2024:00:26:14 +0100] "GET /ticket2/opencms/dk/?page=6&comcatid=A17713B6-D984-201A-4143-ED4DB5ED5C2E&catid=06324577-7173-BAB0-146D-E644C912F7C1&eventid=3735944E-9E44-5BAC-9AF2-064E86E3A131 HTTP/1.1" 200 95336
217.113.194.220 - - [10/Nov/2024:00:26:15 +0100] "GET /ticket2/opencms/fi/venue/?venueid=1DF2853B-5766-9FAA-D7E4-AF2520BE73B0 HTTP/1.1" 200 78506
66.249.79.232 - - [10/Nov/2024:00:26:16 +0100] "GET /ticket2/opencms/dk/buy/?page=6&comcatid=A17713B6-D984-201A-4143-ED4DB5ED5C2E&catid=06324577-7173-BAB0-146D-E644C912F7C1&eventid=2B77360C-773A-8230-F965-6A3D913481EC HTTP/1.1" 200 108328
37.187.89.104 - - [10/Nov/2024:00:26:16 +0100] "GET /ticket2/opencms/dk/nl/buy/?page=1&edid=C2FCD713-6AE1-6CEF-FA73-C3089C99A625&sortorder=asc&column=section HTTP/1.1" 404 -
54.36.148.197 - - [10/Nov/2024:00:26:18 +0100] "GET /ticket2/opencms/dk/?page=6&comcatid=A17713B6-D984-201A-4143-ED4DB5ED5C2E&catid=06324577-7173-BAB0-146D-E644C912F7C1&eventid=6B33187E-1E18-E0D8-91BA-321D9FDE0FBE HTTP/1.1" 200 95336
114.119.133.220 - - [10/Nov/2024:00:26:21 +0100] "GET /ticket2/opencms/en/buy/?page=1&edid=F96E55D6-B234-C2AE-15FB-17D4759FB873 HTTP/1.1" 200 96952
37.187.89.104 - - [10/Nov/2024:00:26:21 +0100] "GET /ticket2/opencms/dk/nl/buy/?page=1&edid=C303FEB5-3761-7D71-D52C-7424D1CD1294 HTTP/1.1" 404 -
66.249.79.5 - - [10/Nov/2024:00:26:22 +0100] "GET /ticket2/opencms/is/buy?page=1&edid=0F9D6B87-FBA2-98F6-6A11-CBBA4D2A86C1 HTTP/1.1" 200 132997
66.249.79.5 - - [10/Nov/2024:00:26:23 +0100] "GET /ticket2/opencms/lt/buying_tickets HTTP/1.1" 200 80651
217.113.194.219 - - [10/Nov/2024:00:26:24 +0100] "GET /ticket2/opencms/fi/venue/?venueid=1B420ACB-199A-5424-E698-08BE6CB8B69A HTTP/1.1" 200 78518
54.36.148.225 - - [10/Nov/2024:00:26:25 +0100] "GET /ticket2/opencms/nl/buy/?page=1&edid=DA2AFD28-6AA1-4222-20E5-CCCE4BF9B981 HTTP/1.1" 200 100154
66.249.79.5 - - [10/Nov/2024:00:26:26 +0100] "GET /ticket2/opencms/is/buy?page=1&edid=BE8C7FA0-9E48-EAB3-3A70-9E9F9EA30F95 HTTP/1.1" 200 136441
37.187.89.104 - - [10/Nov/2024:00:26:28 +0100] "GET /ticket2/opencms/dk/nl/buy/?page=1&edid=C3165088-0871-A664-2A94-8C277D4CEE8F&sortorder=asc&column=price HTTP/1.1" 404 -
54.36.149.99 - - [10/Nov/2024:00:26:29 +0100] "GET /ticket2/opencms/fi/venue/?venueid=1781EF85-5958-DE3C-8638-41C4B27C134F HTTP/1.1" 200 78551
66.249.79.76 - - [10/Nov/2024:00:26:31 +0100] "GET /ticket2/opencms/fi/buy/?page=6&comcatid=A17713B6-D984-201A-4143-ED4DB5ED5C2E&catid=0A6C99D2-F5BD-7A18-9A5F-5668827042E0&eventid=4F6C281E-0307-3DEA-5C89-32A309F90298 HTTP/1.1" 200 112376
217.113.194.214 - - [10/Nov/2024:00:26:33 +0100] "GET /ticket2/opencms/fi/venue/?venueid=1B0D63E0-3E74-D9A1-7710-B72B09BD174E HTTP/1.1" 200 78572
66.249.79.5 - - [10/Nov/2024:00:26:33 +0100] "GET /ticket2/opencms/lt/buy?page=1&edid=19422468-9239-E426-DB02-7FA0504E2BEC HTTP/1.1" 200 101834
54.36.148.144 - - [10/Nov/2024:00:26:34 +0100] "GET /ticket2/opencms/dk/?page=6&comcatid=A17713B6-D984-201A-4143-ED4DB5ED5C2E&catid=06324577-7173-BAB0-146D-E644C912F7C1&eventid=74BCBAD0-8578-84A3-6EAB-F4305E844FCD HTTP/1.1" 200 95336
37.187.89.104 - - [10/Nov/2024:00:26:35 +0100] "GET /ticket2/opencms/dk/nl/buy/?page=1&edid=C3165088-0871-A664-2A94-8C277D4CEE8F&sortorder=asc&column=row HTTP/1.1" 404 -
54.36.148.147 - - [10/Nov/2024:00:26:39 +0100] "GET /ticket2/opencms/dk/?page=6&comcatid=A17713B6-D984-201A-4143-ED4DB5ED5C2E&catid=06324577-7173-BAB0-146D-E644C912F7C1&eventid=CF1981BE-D0AD-DC7E-0BC6-4A062B691166 HTTP/1.1" 200 95336
217.113.194.213 - - [10/Nov/2024:00:26:41 +0100] "GET /ticket2/opencms/fi/venue/?venueid=1D111B68-FF2E-F846-9D39-C347310597D3 HTTP/1.1" 200 78516
37.187.89.104 - - [10/Nov/2024:00:26:42 +0100] "GET /ticket2/opencms/dk/nl/buy/?page=1&edid=C31835E8-4243-0172-6536-C80FE28B00BD&sortorder=asc&column=section HTTP/1.1" 404 -
5.9.55.228 - - [10/Nov/2024:00:26:43 +0100] "GET /ticket2/opencms/fr/buy?catid=F7F89B9B-6697-7881-54AE-4C39276BF1B8&comcatid=97ECA65A-72DA-F9AF-9DBB-245D3CFED1BE&page=6 HTTP/1.1" 200 88328
114.119.154.207 - - [10/Nov/2024:00:26:43 +0100] "GET /ticket2/opencms/en/buy?page=1&edid=23770E06-A1F8-76AF-8450-3A3BE236B915 HTTP/1.1" 200 99759
54.36.148.55 - - [10/Nov/2024:00:26:45 +0100] "GET /ticket2/opencms/dk/?page=6&comcatid=A17713B6-D984-201A-4143-ED4DB5ED5C2E&catid=06324577-7173-BAB0-146D-E644C912F7C1&eventid=F6265060-8333-20CB-0429-405892258667 HTTP/1.1" 200 95336
66.249.79.5 - - [10/Nov/2024:00:26:46 +0100] "GET /ticket2/opencms/de/buy/?page=1&edid=2623FB3F-281B-22C8-3425-BF900A46AC08 HTTP/1.1" 200 98142
37.187.89.104 - - [10/Nov/2024:00:26:46 +0100] "GET /ticket2/opencms/dk/nl/buy/?page=1&edid=C32BEB15-55D2-1548-116A-C7D99E01DEF9 HTTP/1.1" 404 -
34.141.130.179 - - [10/Nov/2024:00:26:48 +0100] "GET /ticket2/opencms/it/ HTTP/1.1" 200 96075
185.191.171.13 - - [10/Nov/2024:00:26:49 +0100] "GET /ticket2/opencms/en/sport/football-tickets/premier_league/tottenham/ HTTP/1.1" 200 92680
217.113.194.212 - - [10/Nov/2024:00:26:50 +0100] "GET /ticket2/opencms/fi/venue/?venueid=10FED53D-1B45-AB30-C853-C4BE292CA7FA HTTP/1.1" 200 78513
54.36.149.95 - - [10/Nov/2024:00:26:51 +0100] "GET /ticket2/opencms/el/buy?page=6&comcatid=A17713B6-D984-201A-4143-ED4DB5ED5C2E&catid=7EF04817-972D-18B1-F941-DE800D088075 HTTP/1.1" 200 105324
168.119.65.52 - - [10/Nov/2024:00:26:51 +0100] "GET /ticket2/opencms/system/modules/com.gridnine.opencms.ticketbrokerage.site/resources/css/jquery-ui.css HTTP/1.1" 200 33221
168.119.65.52 - - [10/Nov/2024:00:26:51 +0100] "GET /ticket2/opencms/system/modules/com.gridnine.opencms.ticketbrokerage.site/resources/css/calendar.css HTTP/1.1" 200 6871
168.119.65.52 - - [10/Nov/2024:00:26:51 +0100] "GET /ticket2/opencms/system/modules/com.gridnine.opencms.ticketbrokerage.site/resources/css/jquery.fancybox.css HTTP/1.1" 200 4939
168.119.65.52 - - [10/Nov/2024:00:26:51 +0100] "GET /ticket2/opencms/system/modules/com.gridnine.opencms.ticketbrokerage.site/resources/css/standard.css HTTP/1.1" 200 73073
168.119.65.52 - - [10/Nov/2024:00:26:51 +0100] "GET /ticket2/opencms/system/modules/com.gridnine.opencms.ticketbrokerage.site/resources/css/ticketbrokerage.css HTTP/1.1" 200 39339
168.119.65.52 - - [10/Nov/2024:00:26:51 +0100] "GET /ticket2/opencms/system/modules/com.gridnine.opencms.ticketbrokerage.site/resources/js/stickyfill.min.js HTTP/1.1" 200 5672
168.119.65.52 - - [10/Nov/2024:00:26:51 +0100] "GET /ticket2/opencms/system/modules/com.gridnine.opencms.ticketbrokerage.site/resources/js/jquery.fancybox.pack.js HTTP/1.1" 200 23187
168.119.65.52 - - [10/Nov/2024:00:26:51 +0100] "GET /ticket2/opencms/system/modules/com.gridnine.opencms.ticketbrokerage.site/resources/js/jquery/jquery.js HTTP/1.1" 200 93868
168.119.65.52 - - [10/Nov/2024:00:26:51 +0100] "GET /ticket2/opencms/system/modules/com.gridnine.opencms.ticketbrokerage.site/resources/js/calendar-en.js HTTP/1.1" 200 3338
168.119.65.52 - - [10/Nov/2024:00:26:51 +0100] "GET /ticket2/opencms/system/modules/com.gridnine.opencms.ticketbrokerage.site/resources/js/calendar-setup.js HTTP/1.1" 200 4923
168.119.65.52 - - [10/Nov/2024:00:26:51 +0100] "GET /ticket2/opencms/system/modules/com.gridnine.opencms.ticketbrokerage.site/resources/js/functions.js HTTP/1.1" 200 1583
168.119.65.52 - - [10/Nov/2024:00:26:51 +0100] "GET /ticket2/opencms/system/modules/com.gridnine.opencms.ticketbrokerage.site/resources/js/calendar.js HTTP/1.1" 200 49229
168.119.65.52 - - [10/Nov/2024:00:26:51 +0100] "GET /ticket2/opencms/system/modules/com.gridnine.opencms.ticketbrokerage.site/resources/js/standard.js HTTP/1.1" 200 3978
168.119.65.52 - - [10/Nov/2024:00:26:51 +0100] "GET /ticket2/opencms/system/modules/com.gridnine.opencms.ticketbrokerage.site/resources/js/jquery/jquery-ui.js HTTP/1.1" 200 228088
114.119.130.23 - - [10/Nov/2024:00:26:51 +0100] "GET /ticket2/opencms/en/buy/?page=6&comcatid=A17713B6-D984-201A-4143-ED4DB5ED5C2E&catid=7CF2D645-F785-0CBB-1B7C-C4711617EAAD&eventid=A0F495E8-248D-6226-B0F6-586AF9375D16 HTTP/1.1" 200 94994
168.119.65.52 - - [10/Nov/2024:00:26:51 +0100] "GET /ticket2/opencms/system/modules/com.gridnine.opencms.ticketbrokerage.site/resources/js/jquery.placeholder.min.js HTTP/1.1" 200 1737
168.119.65.52 - - [10/Nov/2024:00:26:51 +0100] "GET /ticket2/opencms/system/modules/com.gridnine.opencms.ticketbrokerage.site/resources/js/common-ajax.js HTTP/1.1" 200 20175
168.119.65.52 - - [10/Nov/2024:00:26:51 +0100] "GET /ticket2/opencms/system/modules/com.gridnine.opencms.ticketbrokerage.site/resources/js/standard.js HTTP/1.1" 200 3978
34.141.130.179 - - [10/Nov/2024:00:26:52 +0100] "GET /ticket2/opencms/es/ HTTP/1.1" 200 96201
37.187.89.104 - - [10/Nov/2024:00:26:54 +0100] "GET /ticket2/opencms/dk/nl/buy/?page=1&edid=C4C2A65A-40AE-982E-2427-F232C3866A5D&sortorder=asc&column=price HTTP/1.1" 404 -
54.36.148.88 - - [10/Nov/2024:00:26:55 +0100] "GET /ticket2/opencms/fi/venue/?venueid=F2E24D37-66BC-8474-A9EE-AC205BD92A4D HTTP/1.1" 200 78581
47.128.31.193 - - [10/Nov/2024:00:26:58 +0100] "GET /ticket2/opencms/mt/buy/?edid=78DAC12B-37C2-8767-69E1-3ACF75009F29 HTTP/1.1" 200 81495
54.36.148.160 - - [10/Nov/2024:00:26:58 +0100] "GET /ticket2/opencms/et/buy?page=6&comcatid=A17713B6-D984-201A-4143-ED4DB5ED5C2E&catid=7EF04817-972D-18B1-F941-DE800D088075 HTTP/1.1" 200 104441
66.249.76.238 - - [10/Nov/2024:00:26:58 +0100] "GET /ticket2/opencms/hu/buy?page=1&edid=3583D5C7-607A-E528-A709-844E6A72DC1B HTTP/1.1" 200 131158
217.113.194.221 - - [10/Nov/2024:00:26:58 +0100] "GET /ticket2/opencms/fi/venue/?venueid=17D0DFA9-77AB-EBCA-484F-CEB853AA41A8 HTTP/1.1" 200 78581
168.119.68.121 - - [10/Nov/2024:00:26:58 +0100] "GET /ticket2/opencms/system/modules/com.gridnine.opencms.ticketbrokerage.site/resources/css/calendar.css HTTP/1.1" 200 6871
168.119.68.121 - - [10/Nov/2024:00:26:58 +0100] "GET /ticket2/opencms/system/modules/com.gridnine.opencms.ticketbrokerage.site/resources/css/ticketbrokerage.css HTTP/1.1" 200 39339
168.119.68.121 - - [10/Nov/2024:00:26:58 +0100] "GET /ticket2/opencms/system/modules/com.gridnine.opencms.ticketbrokerage.site/resources/css/jquery-ui.css HTTP/1.1" 200 33221
168.119.68.121 - - [10/Nov/2024:00:26:58 +0100] "GET /ticket2/opencms/system/modules/com.gridnine.opencms.ticketbrokerage.site/resources/js/calendar-en.js HTTP/1.1" 200 3338
168.119.68.121 - - [10/Nov/2024:00:26:58 +0100] "GET /ticket2/opencms/system/modules/com.gridnine.opencms.ticketbrokerage.site/resources/js/functions.js HTTP/1.1" 200 1583
168.119.68.121 - - [10/Nov/2024:00:26:58 +0100] "GET /ticket2/opencms/system/modules/com.gridnine.opencms.ticketbrokerage.site/resources/css/standard.css HTTP/1.1" 200 73073
168.119.68.121 - - [10/Nov/2024:00:26:58 +0100] "GET /ticket2/opencms/system/modules/com.gridnine.opencms.ticketbrokerage.site/resources/js/jquery.fancybox.pack.js HTTP/1.1" 200 23187
168.119.68.121 - - [10/Nov/2024:00:26:58 +0100] "GET /ticket2/opencms/system/modules/com.gridnine.opencms.ticketbrokerage.site/resources/js/jquery/jquery-ui.js HTTP/1.1" 200 228088
168.119.68.121 - - [10/Nov/2024:00:26:58 +0100] "GET /ticket2/opencms/system/modules/com.gridnine.opencms.ticketbrokerage.site/resources/js/jquery/jquery.js HTTP/1.1" 200 93868
