88.90.248.233 - - [10/Nov/2024:00:56:35 +0100] "GET /ticket2/opencms/fi/buy/?page=1&edid=3B21FEBD-7D61-A4C3-8530-DE5492A7E3B2&sortorder=desc&column=section HTTP/1.1" 200 102230
192.99.36.61 - - [10/Nov/2024:00:56:35 +0100] "GET /ticket2/opencms/dk/en/buy/?page=1&edid=DAAE01DD-AEC2-AF3C-F667-C3DD2DC0B098&sortorder=asc&column=price HTTP/1.1" 404 -
54.36.148.133 - - [10/Nov/2024:00:56:36 +0100] "GET /ticket2/opencms/en/buy/?page=1&edid=81CABF18-BA6D-C79B-B74D-94D66EB07C86 HTTP/1.1" 200 123213
192.95.30.177 - - [10/Nov/2024:00:56:36 +0100] "GET /ticket2/opencms/dk/en/buy/?page=1&edid=6AEA7B0B-C565-4F77-5066-1C24C6353E29&sortorder=asc&column=price HTTP/1.1" 404 -
88.90.248.233 - - [10/Nov/2024:00:56:37 +0100] "GET /ticket2/opencms/fi/buy/?page=1&edid=3B27AD89-9F82-3E38-96F3-9D7DBA03001A&sortorder=asc&column=row HTTP/1.1" 200 102900
88.90.248.233 - - [10/Nov/2024:00:56:38 +0100] "GET /ticket2/opencms/fi/buy/?page=1&edid=3B27AD89-9F82-3E38-96F3-9D7DBA03001A&sortorder=asc&column=section HTTP/1.1" 200 103084
88.90.248.233 - - [10/Nov/2024:00:56:40 +0100] "GET /ticket2/opencms/fi/buy/?page=1&edid=3B2EB834-74FD-F65E-9FB4-62BB32E5DD90 HTTP/1.1" 200 101327
54.36.148.67 - - [10/Nov/2024:00:56:41 +0100] "GET /ticket2/opencms/ga/buy?page=6&comcatid=A17713B6-D984-201A-4143-ED4DB5ED5C2E&catid=A3372871-3019-08B8-80CE-74B78F441ACA HTTP/1.1" 200 95984
192.99.36.61 - - [10/Nov/2024:00:56:42 +0100] "GET /ticket2/opencms/dk/en/buy/?page=1&edid=DAAE01DD-AEC2-AF3C-F667-C3DD2DC0B098&sortorder=asc&column=row HTTP/1.1" 404 -
88.90.248.233 - - [10/Nov/2024:00:56:42 +0100] "GET /ticket2/opencms/fi/buy/?page=1&edid=3B4E0EA3-B775-35AA-67EB-62D962B0531D&sortorder=asc&column=price HTTP/1.1" 200 103764
168.119.65.117 - - [10/Nov/2024:00:56:42 +0100] "GET /ticket2/opencms/system/modules/com.gridnine.opencms.ticketbrokerage.site/resources/css/jquery-ui.css HTTP/1.1" 200 33221
168.119.65.117 - - [10/Nov/2024:00:56:42 +0100] "GET /ticket2/opencms/system/modules/com.gridnine.opencms.ticketbrokerage.site/resources/css/jquery.fancybox.css HTTP/1.1" 200 4939
168.119.65.117 - - [10/Nov/2024:00:56:42 +0100] "GET /ticket2/opencms/system/modules/com.gridnine.opencms.ticketbrokerage.site/resources/js/functions.js HTTP/1.1" 200 1583
168.119.65.117 - - [10/Nov/2024:00:56:42 +0100] "GET /ticket2/opencms/system/modules/com.gridnine.opencms.ticketbrokerage.site/resources/css/calendar.css HTTP/1.1" 200 6871
168.119.65.117 - - [10/Nov/2024:00:56:42 +0100] "GET /ticket2/opencms/system/modules/com.gridnine.opencms.ticketbrokerage.site/resources/css/ticketbrokerage.css HTTP/1.1" 200 39339
168.119.65.117 - - [10/Nov/2024:00:56:42 +0100] "GET /ticket2/opencms/system/modules/com.gridnine.opencms.ticketbrokerage.site/resources/css/standard.css HTTP/1.1" 200 73073
168.119.65.117 - - [10/Nov/2024:00:56:42 +0100] "GET /ticket2/opencms/system/modules/com.gridnine.opencms.ticketbrokerage.site/resources/js/calendar-setup.js HTTP/1.1" 200 4923
168.119.65.117 - - [10/Nov/2024:00:56:42 +0100] "GET /ticket2/opencms/system/modules/com.gridnine.opencms.ticketbrokerage.site/resources/js/jquery/jquery.js HTTP/1.1" 200 93868
168.119.65.117 - - [10/Nov/2024:00:56:42 +0100] "GET /ticket2/opencms/system/modules/com.gridnine.opencms.ticketbrokerage.site/resources/js/jquery.fancybox.pack.js HTTP/1.1" 200 23187
168.119.65.117 - - [10/Nov/2024:00:56:42 +0100] "GET /ticket2/opencms/system/modules/com.gridnine.opencms.ticketbrokerage.site/resources/js/calendar-en.js HTTP/1.1" 200 3338
168.119.65.117 - - [10/Nov/2024:00:56:42 +0100] "GET /ticket2/opencms/system/modules/com.gridnine.opencms.ticketbrokerage.site/resources/js/calendar.js HTTP/1.1" 200 49229
168.119.65.117 - - [10/Nov/2024:00:56:42 +0100] "GET /ticket2/opencms/system/modules/com.gridnine.opencms.ticketbrokerage.site/resources/js/jquery/jquery-ui.js HTTP/1.1" 200 228088
168.119.65.117 - - [10/Nov/2024:00:56:42 +0100] "GET /ticket2/opencms/system/modules/com.gridnine.opencms.ticketbrokerage.site/resources/js/stickyfill.min.js HTTP/1.1" 200 5672
168.119.65.117 - - [10/Nov/2024:00:56:42 +0100] "GET /ticket2/opencms/system/modules/com.gridnine.opencms.ticketbrokerage.site/resources/js/standard.js HTTP/1.1" 200 3978
168.119.65.117 - - [10/Nov/2024:00:56:42 +0100] "GET /ticket2/opencms/system/modules/com.gridnine.opencms.ticketbrokerage.site/resources/js/jquery.placeholder.min.js HTTP/1.1" 200 1737
168.119.65.117 - - [10/Nov/2024:00:56:42 +0100] "GET /ticket2/opencms/system/modules/com.gridnine.opencms.ticketbrokerage.site/resources/js/common-ajax.js HTTP/1.1" 200 20175
168.119.65.117 - - [10/Nov/2024:00:56:42 +0100] "GET /ticket2/opencms/system/modules/com.gridnine.opencms.ticketbrokerage.site/resources/js/standard.js HTTP/1.1" 200 3978
157.55.39.204 - - [10/Nov/2024:00:56:43 +0100] "GET /ticket2/opencms/el/buy?page=1&edid=3AEE71D4-9186-E070-414D-987C08623A74 HTTP/1.1" 200 104658
95.217.195.123 - - [10/Nov/2024:00:56:43 +0100] "GET /ticket2/opencms/dk/buy/?page=1&edid=368F0139-E5B6-B9FE-905C-4DFE48A1AD87&sortorder=asc&column=price HTTP/1.1" 200 98648
217.113.194.216 - - [10/Nov/2024:00:56:43 +0100] "GET /ticket2/opencms/dk/buy?page=1&edid=553ADDA1-E0D9-E3D6-EC5D-90A14C3A0FAF HTTP/1.1" 200 101125
114.119.151.50 - - [10/Nov/2024:00:56:43 +0100] "GET /ticket2/opencms/en/buy?page=1&edid=1A3D6D5E-00C4-D5D4-0B76-2AA789723631 HTTP/1.1" 200 100178
88.90.248.233 - - [10/Nov/2024:00:56:43 +0100] "GET /ticket2/opencms/fi/buy/?page=1&edid=3B4E0EA3-B775-35AA-67EB-62D962B0531D&sortorder=asc&column=section HTTP/1.1" 200 103856
192.95.30.177 - - [10/Nov/2024:00:56:44 +0100] "GET /ticket2/opencms/dk/en/buy/?page=1&edid=6B2EA6CD-7553-8F73-30CB-5A807E0727F2&sortorder=asc&column=section HTTP/1.1" 404 -
88.90.248.233 - - [10/Nov/2024:00:56:45 +0100] "GET /ticket2/opencms/fi/buy/?page=1&edid=3B4E0EA3-B775-35AA-67EB-62D962B0531D&sortorder=desc&column=row HTTP/1.1" 200 103717
54.36.149.71 - - [10/Nov/2024:00:56:46 +0100] "GET /ticket2/opencms/hr/buy?page=6&comcatid=A17713B6-D984-201A-4143-ED4DB5ED5C2E&catid=A3372871-3019-08B8-80CE-74B78F441ACA HTTP/1.1" 200 95873
195.154.123.107 - - [10/Nov/2024:00:56:46 +0100] "GET /ticket2/opencms/system/modules/com.gridnine.opencms.ticketbrokerage.site/resources/css/jquery.fancybox.css HTTP/1.1" 200 4939
195.154.123.107 - - [10/Nov/2024:00:56:46 +0100] "GET /ticket2/opencms/system/modules/com.gridnine.opencms.ticketbrokerage.site/resources/css/standard.css HTTP/1.1" 200 73073
195.154.123.107 - - [10/Nov/2024:00:56:46 +0100] "GET /ticket2/opencms/system/modules/com.gridnine.opencms.ticketbrokerage.site/resources/css/calendar.css HTTP/1.1" 200 6871
195.154.123.107 - - [10/Nov/2024:00:56:46 +0100] "GET /ticket2/opencms/system/modules/com.gridnine.opencms.ticketbrokerage.site/resources/css/jquery-ui.css HTTP/1.1" 200 33221
195.154.123.107 - - [10/Nov/2024:00:56:46 +0100] "GET /ticket2/opencms/system/modules/com.gridnine.opencms.ticketbrokerage.site/resources/css/ticketbrokerage.css HTTP/1.1" 200 39339
195.154.123.107 - - [10/Nov/2024:00:56:46 +0100] "GET /ticket2/opencms/system/modules/com.gridnine.opencms.ticketbrokerage.site/resources/js/jquery/jquery.js HTTP/1.1" 200 93868
195.154.123.107 - - [10/Nov/2024:00:56:46 +0100] "GET /ticket2/opencms/system/modules/com.gridnine.opencms.ticketbrokerage.site/resources/js/jquery/jquery-ui.js HTTP/1.1" 200 228088
195.154.123.107 - - [10/Nov/2024:00:56:46 +0100] "GET /ticket2/opencms/system/modules/com.gridnine.opencms.ticketbrokerage.site/resources/js/calendar-setup.js HTTP/1.1" 200 4923
195.154.123.107 - - [10/Nov/2024:00:56:46 +0100] "GET /ticket2/opencms/system/modules/com.gridnine.opencms.ticketbrokerage.site/resources/js/functions.js HTTP/1.1" 200 1583
195.154.123.107 - - [10/Nov/2024:00:56:46 +0100] "GET /ticket2/opencms/system/modules/com.gridnine.opencms.ticketbrokerage.site/resources/js/calendar.js HTTP/1.1" 200 49229
195.154.123.107 - - [10/Nov/2024:00:56:46 +0100] "GET /ticket2/opencms/system/modules/com.gridnine.opencms.ticketbrokerage.site/resources/js/calendar-en.js HTTP/1.1" 200 3338
195.154.123.107 - - [10/Nov/2024:00:56:46 +0100] "GET /ticket2/opencms/system/modules/com.gridnine.opencms.ticketbrokerage.site/resources/js/jquery.fancybox.pack.js HTTP/1.1" 200 23187
195.154.123.107 - - [10/Nov/2024:00:56:46 +0100] "GET /ticket2/opencms/system/modules/com.gridnine.opencms.ticketbrokerage.site/resources/js/standard.js HTTP/1.1" 200 3978
195.154.123.107 - - [10/Nov/2024:00:56:46 +0100] "GET /ticket2/opencms/system/modules/com.gridnine.opencms.ticketbrokerage.site/resources/js/stickyfill.min.js HTTP/1.1" 200 5672
195.154.123.107 - - [10/Nov/2024:00:56:46 +0100] "GET /ticket2/opencms/system/modules/com.gridnine.opencms.ticketbrokerage.site/resources/js/jquery.placeholder.min.js HTTP/1.1" 200 1737
195.154.123.107 - - [10/Nov/2024:00:56:46 +0100] "GET /ticket2/opencms/system/modules/com.gridnine.opencms.ticketbrokerage.site/resources/js/common-ajax.js HTTP/1.1" 200 20175
88.90.248.233 - - [10/Nov/2024:00:56:47 +0100] "GET /ticket2/opencms/fi/buy/?page=1&edid=3B59287C-FC8E-8AC6-A203-D44566BFF3DE&sortorder=asc&column=price HTTP/1.1" 200 102591
135.181.74.243 - - [10/Nov/2024:00:56:47 +0100] "GET /ticket2/opencms/dk/fi/buy/?page=1&edid=ADD187BA-7CA1-0B47-6E89-CE3A12561088 HTTP/1.1" 404 -
195.154.123.107 - - [10/Nov/2024:00:56:47 +0100] "GET /ticket2/opencms/system/modules/com.gridnine.opencms.ticketbrokerage.site/resources/js/standard.js HTTP/1.1" 200 3978
88.90.248.233 - - [10/Nov/2024:00:56:48 +0100] "GET /ticket2/opencms/fi/buy/?page=1&edid=3BC0166D-3334-F436-7AC9-C815C4D456EB&sortorder=asc&column=price HTTP/1.1" 200 103007
192.99.36.61 - - [10/Nov/2024:00:56:50 +0100] "GET /ticket2/opencms/dk/en/buy/?page=1&edid=DAAE01DD-AEC2-AF3C-F667-C3DD2DC0B098&sortorder=asc&column=section HTTP/1.1" 404 -
95.217.195.123 - - [10/Nov/2024:00:56:50 +0100] "GET /ticket2/opencms/dk/buy/?page=1&edid=390DC139-684B-981D-FD40-65227EC6F86F&sortorder=asc&column=price HTTP/1.1" 200 98653
88.90.248.233 - - [10/Nov/2024:00:56:50 +0100] "GET /ticket2/opencms/fi/buy/?page=1&edid=3BC0166D-3334-F436-7AC9-C815C4D456EB&sortorder=asc&column=row HTTP/1.1" 200 102915
114.119.132.9 - - [10/Nov/2024:00:56:51 +0100] "GET /ticket2/opencms/en/buy/?page=6&comcatid=A17713B6-D984-201A-4143-ED4DB5ED5C2E&catid=42C82D82-D02A-8562-E55C-48ADB3771882 HTTP/1.1" 200 92938
217.113.194.214 - - [10/Nov/2024:00:56:51 +0100] "GET /ticket2/opencms/dk/buy?page=1&edid=79F212CD-FC40-B2A4-D854-08D44B487350 HTTP/1.1" 200 97369
88.90.248.233 - - [10/Nov/2024:00:56:52 +0100] "GET /ticket2/opencms/fi/buy/?page=1&edid=3BC0166D-3334-F436-7AC9-C815C4D456EB&sortorder=asc&column=section HTTP/1.1" 200 103099
54.36.149.2 - - [10/Nov/2024:00:56:52 +0100] "GET /ticket2/opencms/hu/buy?page=6&comcatid=A17713B6-D984-201A-4143-ED4DB5ED5C2E&catid=A3372871-3019-08B8-80CE-74B78F441ACA HTTP/1.1" 200 95940
168.119.65.124 - - [10/Nov/2024:00:56:52 +0100] "GET /ticket2/opencms/system/modules/com.gridnine.opencms.ticketbrokerage.site/resources/css/standard.css HTTP/1.1" 200 73073
168.119.65.124 - - [10/Nov/2024:00:56:52 +0100] "GET /ticket2/opencms/system/modules/com.gridnine.opencms.ticketbrokerage.site/resources/css/calendar.css HTTP/1.1" 200 6871
168.119.65.124 - - [10/Nov/2024:00:56:52 +0100] "GET /ticket2/opencms/system/modules/com.gridnine.opencms.ticketbrokerage.site/resources/css/ticketbrokerage.css HTTP/1.1" 200 39339
168.119.65.124 - - [10/Nov/2024:00:56:52 +0100] "GET /ticket2/opencms/system/modules/com.gridnine.opencms.ticketbrokerage.site/resources/js/jquery/jquery.js HTTP/1.1" 200 93868
168.119.65.124 - - [10/Nov/2024:00:56:52 +0100] "GET /ticket2/opencms/system/modules/com.gridnine.opencms.ticketbrokerage.site/resources/css/jquery.fancybox.css HTTP/1.1" 200 4939
168.119.65.124 - - [10/Nov/2024:00:56:52 +0100] "GET /ticket2/opencms/system/modules/com.gridnine.opencms.ticketbrokerage.site/resources/css/jquery-ui.css HTTP/1.1" 200 33221
168.119.65.124 - - [10/Nov/2024:00:56:52 +0100] "GET /ticket2/opencms/system/modules/com.gridnine.opencms.ticketbrokerage.site/resources/js/calendar-en.js HTTP/1.1" 200 3338
168.119.65.124 - - [10/Nov/2024:00:56:52 +0100] "GET /ticket2/opencms/system/modules/com.gridnine.opencms.ticketbrokerage.site/resources/js/calendar-setup.js HTTP/1.1" 200 4923
168.119.65.124 - - [10/Nov/2024:00:56:52 +0100] "GET /ticket2/opencms/system/modules/com.gridnine.opencms.ticketbrokerage.site/resources/js/functions.js HTTP/1.1" 200 1583
168.119.65.124 - - [10/Nov/2024:00:56:52 +0100] "GET /ticket2/opencms/system/modules/com.gridnine.opencms.ticketbrokerage.site/resources/js/calendar.js HTTP/1.1" 200 49229
168.119.65.124 - - [10/Nov/2024:00:56:52 +0100] "GET /ticket2/opencms/system/modules/com.gridnine.opencms.ticketbrokerage.site/resources/js/jquery/jquery-ui.js HTTP/1.1" 200 228088
168.119.65.124 - - [10/Nov/2024:00:56:52 +0100] "GET /ticket2/opencms/system/modules/com.gridnine.opencms.ticketbrokerage.site/resources/js/jquery.fancybox.pack.js HTTP/1.1" 200 23187
168.119.65.124 - - [10/Nov/2024:00:56:52 +0100] "GET /ticket2/opencms/system/modules/com.gridnine.opencms.ticketbrokerage.site/resources/js/stickyfill.min.js HTTP/1.1" 200 5672
168.119.65.124 - - [10/Nov/2024:00:56:52 +0100] "GET /ticket2/opencms/system/modules/com.gridnine.opencms.ticketbrokerage.site/resources/js/standard.js HTTP/1.1" 200 3978
168.119.65.124 - - [10/Nov/2024:00:56:53 +0100] "GET /ticket2/opencms/system/modules/com.gridnine.opencms.ticketbrokerage.site/resources/js/jquery.placeholder.min.js HTTP/1.1" 200 1737
168.119.65.124 - - [10/Nov/2024:00:56:53 +0100] "GET /ticket2/opencms/system/modules/com.gridnine.opencms.ticketbrokerage.site/resources/js/common-ajax.js HTTP/1.1" 200 20175
168.119.65.124 - - [10/Nov/2024:00:56:53 +0100] "GET /ticket2/opencms/system/modules/com.gridnine.opencms.ticketbrokerage.site/resources/js/standard.js HTTP/1.1" 200 3978
88.90.248.233 - - [10/Nov/2024:00:56:53 +0100] "GET /ticket2/opencms/fi/buy/?page=1&edid=3BC0166D-3334-F436-7AC9-C815C4D456EB&sortorder=desc&column=price HTTP/1.1" 200 103052
192.95.30.177 - - [10/Nov/2024:00:56:54 +0100] "GET /ticket2/opencms/dk/en/buy/?page=1&edid=6B4CDBD6-BDDC-916F-3BE2-76308B9E5CBF HTTP/1.1" 404 -
88.90.248.233 - - [10/Nov/2024:00:56:55 +0100] "GET /ticket2/opencms/fi/buy/?page=1&edid=3BC0166D-3334-F436-7AC9-C815C4D456EB&sortorder=desc&column=row HTTP/1.1" 200 102960
5.9.55.228 - - [10/Nov/2024:00:56:56 +0100] "GET /ticket2/opencms/el/buy?catid=757e2dfb-33da-9b34-8402-9f06b19d8409&comcatid=97eca65a-72da-f9af-9dbb-245d3cfed1be&page=6 HTTP/1.1" 200 84788
88.90.248.233 - - [10/Nov/2024:00:56:57 +0100] "GET /ticket2/opencms/fi/buy/?page=1&edid=3BC0166D-3334-F436-7AC9-C815C4D456EB&sortorder=desc&column=section HTTP/1.1" 200 103144
192.99.36.61 - - [10/Nov/2024:00:56:57 +0100] "GET /ticket2/opencms/dk/en/buy/?page=1&edid=DAAE01DD-AEC2-AF3C-F667-C3DD2DC0B098&sortorder=desc&column=price HTTP/1.1" 404 -
88.90.248.233 - - [10/Nov/2024:00:56:58 +0100] "GET /ticket2/opencms/fi/buy/?page=1&edid=3C082A1A-EAF2-A234-1E4D-88C1BD6EAA3B&sortorder=asc&column=row HTTP/1.1" 200 102505
95.217.195.123 - - [10/Nov/2024:00:56:59 +0100] "GET /ticket2/opencms/dk/buy/?page=1&edid=3F3A734D-4382-40A1-90C1-DDCABA9E878B&sortorder=desc&column=section HTTP/1.1" 200 102286
88.90.248.233 - - [10/Nov/2024:00:57:00 +0100] "GET /ticket2/opencms/fi/buy/?page=1&edid=3C0F40BA-E681-E9C3-E631-F5DA03305327 HTTP/1.1" 200 100881
217.113.194.212 - - [10/Nov/2024:00:57:00 +0100] "GET /ticket2/opencms/dk/buy?page=1&edid=8B771AFF-A9A8-FE63-E57B-1170D3B7C5B8 HTTP/1.1" 200 123931
192.95.30.177 - - [10/Nov/2024:00:57:02 +0100] "GET /ticket2/opencms/dk/en/buy/?page=1&edid=6B4CDBD6-BDDC-916F-3BE2-76308B9E5CBF&sortorder=desc&column=price HTTP/1.1" 404 -
88.90.248.233 - - [10/Nov/2024:00:57:02 +0100] "GET /ticket2/opencms/fi/buy/?page=1&edid=3CCB9FC1-7F7B-648B-463A-07132FE85ACE&sortorder=asc&column=price HTTP/1.1" 200 102242
185.191.171.6 - - [10/Nov/2024:00:57:03 +0100] "GET /ticket2/opencms/robots.txt HTTP/1.1" 200 773
192.99.36.61 - - [10/Nov/2024:00:57:03 +0100] "GET /ticket2/opencms/dk/en/buy/?page=1&edid=DAAE01DD-AEC2-AF3C-F667-C3DD2DC0B098&sortorder=desc&column=row HTTP/1.1" 404 -
88.90.248.233 - - [10/Nov/2024:00:57:03 +0100] "GET /ticket2/opencms/fi/buy/?page=1&edid=3CCB9FC1-7F7B-648B-463A-07132FE85ACE&sortorder=asc&column=row HTTP/1.1" 200 102150
85.208.96.205 - - [10/Nov/2024:00:57:04 +0100] "GET /ticket2/opencms/uk/about/press/ HTTP/1.1" 200 80866
88.90.248.233 - - [10/Nov/2024:00:57:05 +0100] "GET /ticket2/opencms/fi/buy/?page=1&edid=3CCB9FC1-7F7B-648B-463A-07132FE85ACE&sortorder=asc&column=section HTTP/1.1" 200 102334
66.249.79.232 - - [10/Nov/2024:00:57:05 +0100] "GET /ticket2/opencms/hr/buy/?page=1&edid=F6B52729-D385-1BA8-C061-8869A2499C82 HTTP/1.1" 200 98497
95.217.195.123 - - [10/Nov/2024:00:57:06 +0100] "GET /ticket2/opencms/dk/buy/?page=1&edid=519733AC-AA34-BA65-0EA7-E44859D414BE&sortorder=asc&column=price HTTP/1.1" 200 98633
135.181.74.243 - - [10/Nov/2024:00:57:06 +0100] "GET /ticket2/opencms/dk/fi/buy/?page=1&edid=ADE3597D-A6E8-88A2-2D38-4DA59DAE8129&sortorder=desc&column=price HTTP/1.1" 404 -
88.90.248.233 - - [10/Nov/2024:00:57:07 +0100] "GET /ticket2/opencms/fi/buy/?page=1&edid=3D7F27A3-7CEB-322E-05F6-AF6624B81BC2&sortorder=asc&column=price HTTP/1.1" 200 103857
66.249.79.5 - - [10/Nov/2024:00:57:07 +0100] "GET /ticket2/opencms/lt/buy/?page=1&edid=176C6667-42C1-1632-7378-F783D5B7C94D HTTP/1.1" 200 102013
88.90.248.233 - - [10/Nov/2024:00:57:08 +0100] "GET /ticket2/opencms/fi/buy/?page=1&edid=3D7F27A3-7CEB-322E-05F6-AF6624B81BC2&sortorder=asc&column=row HTTP/1.1" 200 103765
217.113.194.216 - - [10/Nov/2024:00:57:09 +0100] "GET /ticket2/opencms/dk/buy?page=1&edid=6491C4B6-5C45-20F3-BDEC-54EE4BA903D5 HTTP/1.1" 200 124368
88.90.248.233 - - [10/Nov/2024:00:57:10 +0100] "GET /ticket2/opencms/fi/buy/?page=1&edid=3D7F27A3-7CEB-322E-05F6-AF6624B81BC2&sortorder=asc&column=section HTTP/1.1" 200 103949
192.95.30.177 - - [10/Nov/2024:00:57:11 +0100] "GET /ticket2/opencms/dk/en/buy/?page=1&edid=6B4CDBD6-BDDC-916F-3BE2-76308B9E5CBF&sortorder=desc&column=row HTTP/1.1" 404 -
192.99.36.61 - - [10/Nov/2024:00:57:11 +0100] "GET /ticket2/opencms/dk/en/buy/?page=1&edid=DAAE01DD-AEC2-AF3C-F667-C3DD2DC0B098&sortorder=desc&column=section HTTP/1.1" 404 -
88.90.248.233 - - [10/Nov/2024:00:57:12 +0100] "GET /ticket2/opencms/fi/buy/?page=1&edid=3D7F27A3-7CEB-322E-05F6-AF6624B81BC2&sortorder=desc&column=price HTTP/1.1" 200 103902
95.217.195.123 - - [10/Nov/2024:00:57:13 +0100] "GET /ticket2/opencms/dk/buy/?page=1&edid=51C8DADA-3389-0DD8-E4E9-A827BBFED126&sortorder=asc&column=row HTTP/1.1" 200 101834
88.90.248.233 - - [10/Nov/2024:00:57:14 +0100] "GET /ticket2/opencms/fi/buy/?page=1&edid=3D7F27A3-7CEB-322E-05F6-AF6624B81BC2&sortorder=desc&column=row HTTP/1.1" 200 103810
88.90.248.233 - - [10/Nov/2024:00:57:15 +0100] "GET /ticket2/opencms/fi/buy/?page=1&edid=3D7F27A3-7CEB-322E-05F6-AF6624B81BC2&sortorder=desc&column=section HTTP/1.1" 200 103994
54.36.149.71 - - [10/Nov/2024:00:57:15 +0100] "GET /ticket2/opencms/en/buy/?page=1&edid=BCB4C6BC-01F1-9B82-B9A0-788195DE1926 HTTP/1.1" 200 108612
88.90.248.233 - - [10/Nov/2024:00:57:17 +0100] "GET /ticket2/opencms/fi/buy/?page=1&edid=3DACB5F5-E2DD-CECF-F2C8-FA8DEE8CA3F7&sortorder=asc&column=price HTTP/1.1" 200 103256
217.113.194.218 - - [10/Nov/2024:00:57:17 +0100] "GET /ticket2/opencms/dk/buy?page=1&edid=8704A6FC-1DE4-C984-AB65-851DF73AC6FC HTTP/1.1" 200 97364
192.99.36.61 - - [10/Nov/2024:00:57:18 +0100] "GET /ticket2/opencms/dk/en/buy/?page=1&edid=DAE1D142-8E21-0CBD-ED28-2E6B637D45E1 HTTP/1.1" 404 -
192.95.30.177 - - [10/Nov/2024:00:57:18 +0100] "GET /ticket2/opencms/dk/en/buy/?page=1&edid=6B4CDBD6-BDDC-916F-3BE2-76308B9E5CBF&sortorder=desc&column=section HTTP/1.1" 404 -
88.90.248.233 - - [10/Nov/2024:00:57:18 +0100] "GET /ticket2/opencms/fi/buy/?page=1&edid=3DACB5F5-E2DD-CECF-F2C8-FA8DEE8CA3F7&sortorder=asc&column=row HTTP/1.1" 200 103164
54.36.149.15 - - [10/Nov/2024:00:57:20 +0100] "GET /ticket2/opencms/fi/buy?page=6&comcatid=A17713B6-D984-201A-4143-ED4DB5ED5C2E&catid=36394212-F82E-F845-399B-42BED55969CC HTTP/1.1" 200 155579
95.217.195.123 - - [10/Nov/2024:00:57:20 +0100] "GET /ticket2/opencms/dk/buy/?page=1&edid=523501E5-3030-71B1-ED39-97EA81BD353D&sortorder=asc&column=section HTTP/1.1" 200 102021
88.90.248.233 - - [10/Nov/2024:00:57:20 +0100] "GET /ticket2/opencms/fi/buy/?page=1&edid=3DACB5F5-E2DD-CECF-F2C8-FA8DEE8CA3F7&sortorder=asc&column=section HTTP/1.1" 200 103348
195.154.122.14 - - [10/Nov/2024:00:57:20 +0100] "GET /ticket2/opencms/system/modules/com.gridnine.opencms.ticketbrokerage.site/resources/css/standard.css HTTP/1.1" 200 73073
195.154.122.14 - - [10/Nov/2024:00:57:20 +0100] "GET /ticket2/opencms/system/modules/com.gridnine.opencms.ticketbrokerage.site/resources/css/jquery.fancybox.css HTTP/1.1" 200 4939
195.154.122.14 - - [10/Nov/2024:00:57:20 +0100] "GET /ticket2/opencms/system/modules/com.gridnine.opencms.ticketbrokerage.site/resources/css/calendar.css HTTP/1.1" 200 6871
195.154.122.14 - - [10/Nov/2024:00:57:20 +0100] "GET /ticket2/opencms/system/modules/com.gridnine.opencms.ticketbrokerage.site/resources/css/jquery-ui.css HTTP/1.1" 200 33221
195.154.122.14 - - [10/Nov/2024:00:57:20 +0100] "GET /ticket2/opencms/system/modules/com.gridnine.opencms.ticketbrokerage.site/resources/css/ticketbrokerage.css HTTP/1.1" 200 39339
195.154.122.14 - - [10/Nov/2024:00:57:20 +0100] "GET /ticket2/opencms/system/modules/com.gridnine.opencms.ticketbrokerage.site/resources/js/jquery/jquery.js HTTP/1.1" 200 93868
195.154.122.14 - - [10/Nov/2024:00:57:20 +0100] "GET /ticket2/opencms/system/modules/com.gridnine.opencms.ticketbrokerage.site/resources/js/jquery/jquery-ui.js HTTP/1.1" 200 228088
195.154.122.14 - - [10/Nov/2024:00:57:20 +0100] "GET /ticket2/opencms/system/modules/com.gridnine.opencms.ticketbrokerage.site/resources/js/calendar.js HTTP/1.1" 200 49229
195.154.122.14 - - [10/Nov/2024:00:57:20 +0100] "GET /ticket2/opencms/system/modules/com.gridnine.opencms.ticketbrokerage.site/resources/js/calendar-setup.js HTTP/1.1" 200 4923
195.154.122.14 - - [10/Nov/2024:00:57:20 +0100] "GET /ticket2/opencms/system/modules/com.gridnine.opencms.ticketbrokerage.site/resources/js/jquery.fancybox.pack.js HTTP/1.1" 200 23187
195.154.122.14 - - [10/Nov/2024:00:57:20 +0100] "GET /ticket2/opencms/system/modules/com.gridnine.opencms.ticketbrokerage.site/resources/js/calendar-en.js HTTP/1.1" 200 3338
195.154.122.14 - - [10/Nov/2024:00:57:20 +0100] "GET /ticket2/opencms/system/modules/com.gridnine.opencms.ticketbrokerage.site/resources/js/stickyfill.min.js HTTP/1.1" 200 5672
195.154.122.14 - - [10/Nov/2024:00:57:20 +0100] "GET /ticket2/opencms/system/modules/com.gridnine.opencms.ticketbrokerage.site/resources/js/functions.js HTTP/1.1" 200 1583
195.154.122.14 - - [10/Nov/2024:00:57:20 +0100] "GET /ticket2/opencms/system/modules/com.gridnine.opencms.ticketbrokerage.site/resources/js/standard.js HTTP/1.1" 200 3978
195.154.122.14 - - [10/Nov/2024:00:57:20 +0100] "GET /ticket2/opencms/system/modules/com.gridnine.opencms.ticketbrokerage.site/resources/js/jquery.placeholder.min.js HTTP/1.1" 200 1737
195.154.122.14 - - [10/Nov/2024:00:57:20 +0100] "GET /ticket2/opencms/system/modules/com.gridnine.opencms.ticketbrokerage.site/resources/js/common-ajax.js HTTP/1.1" 200 20175
88.90.248.233 - - [10/Nov/2024:00:57:22 +0100] "GET /ticket2/opencms/fi/buy/?page=1&edid=3E257DE0-0B8D-4DA4-DFD7-1A0533F4A423 HTTP/1.1" 200 100905
195.154.122.14 - - [10/Nov/2024:00:57:22 +0100] "GET /ticket2/opencms/system/modules/com.gridnine.opencms.ticketbrokerage.site/resources/js/standard.js HTTP/1.1" 200 3978
88.90.248.233 - - [10/Nov/2024:00:57:23 +0100] "GET /ticket2/opencms/fi/buy/?page=1&edid=3E257DE0-0B8D-4DA4-DFD7-1A0533F4A423&sortorder=desc&column=price HTTP/1.1" 200 102228
192.99.36.61 - - [10/Nov/2024:00:57:24 +0100] "GET /ticket2/opencms/dk/en/buy/?page=1&edid=DAF0F7D4-24A4-8959-8D40-BEB1C48237D8&sortorder=desc&column=row HTTP/1.1" 404 -
95.217.195.123 - - [10/Nov/2024:00:57:24 +0100] "GET /ticket2/opencms/dk/buy/?page=1&edid=574A97A1-436C-7447-9CE6-CF4F5316C15F&sortorder=desc&column=section HTTP/1.1" 200 102717
47.128.113.107 - - [10/Nov/2024:00:57:25 +0100] "GET /ticket2/opencms/no/buy/?edid=0D37E384-2B78-1FC5-2B22-30B553C53918 HTTP/1.1" 200 81103
88.90.248.233 - - [10/Nov/2024:00:57:25 +0100] "GET /ticket2/opencms/fi/buy/?page=1&edid=3E2F6837-CCFC-9284-0235-725D2AA31D66&sortorder=desc&column=price HTTP/1.1" 200 102814
54.36.148.177 - - [10/Nov/2024:00:57:25 +0100] "GET /ticket2/opencms/no/magazine/article?title=svenska-fotbollsspelare-i-premier-league HTTP/1.1" 200 81791
66.249.76.232 - - [10/Nov/2024:00:57:25 +0100] "GET /ticket2/opencms/ga/buy?page=1&edid=434B3C2D-9CD8-AFEA-B58E-B738E272C6E3 HTTP/1.1" 200 99074
217.113.194.212 - - [10/Nov/2024:00:57:26 +0100] "GET /ticket2/opencms/dk/buy?page=1&edid=DE4904C5-7D6D-0A94-9EF1-CEB0137BB8A5 HTTP/1.1" 200 97379
88.90.248.233 - - [10/Nov/2024:00:57:27 +0100] "GET /ticket2/opencms/fi/buy/?page=1&edid=3E653603-2990-6BAA-BF77-A3869BCDA790&sortorder=desc&column=price HTTP/1.1" 200 103042
88.90.248.233 - - [10/Nov/2024:00:57:29 +0100] "GET /ticket2/opencms/fi/buy/?page=1&edid=3E653603-2990-6BAA-BF77-A3869BCDA790&sortorder=desc&column=row HTTP/1.1" 200 102950
135.181.74.243 - - [10/Nov/2024:00:57:29 +0100] "GET /ticket2/opencms/dk/fi/buy/?page=1&edid=AE63670B-7025-D349-4FA6-EC4A70D9CCBD&sortorder=asc&column=price HTTP/1.1" 404 -
192.99.36.61 - - [10/Nov/2024:00:57:30 +0100] "GET /ticket2/opencms/dk/en/buy/?page=1&edid=DB844E51-4AEA-1DB6-3740-0D7CB9A74E07&sortorder=desc&column=section HTTP/1.1" 404 -
88.90.248.233 - - [10/Nov/2024:00:57:30 +0100] "GET /ticket2/opencms/fi/buy/?page=1&edid=3E653603-2990-6BAA-BF77-A3869BCDA790&sortorder=desc&column=section HTTP/1.1" 200 103134
95.217.195.123 - - [10/Nov/2024:00:57:31 +0100] "GET /ticket2/opencms/dk/buy/?page=1&edid=579ACF7A-8DEA-BD3D-2CD9-53FEA2499F63&sortorder=desc&column=price HTTP/1.1" 200 98702
88.90.248.233 - - [10/Nov/2024:00:57:32 +0100] "GET /ticket2/opencms/fi/buy/?page=1&edid=3E844C64-2B32-A35E-237A-EDAC48338BDA&sortorder=desc&column=section HTTP/1.1" 200 103134
88.90.248.233 - - [10/Nov/2024:00:57:34 +0100] "GET /ticket2/opencms/fi/buy/?page=1&edid=3EC14DC4-3C4A-6A9B-BB8A-B8CCD1583687&sortorder=asc&column=price HTTP/1.1" 200 103246
95.217.195.123 - - [10/Nov/2024:00:57:34 +0100] "GET /ticket2/opencms/dk/buy/?page=1&edid=57A92A98-F30F-B422-92C0-3AC6E86A8F6E&sortorder=asc&column=price HTTP/1.1" 200 102444
217.113.194.217 - - [10/Nov/2024:00:57:34 +0100] "GET /ticket2/opencms/dk/buy/?comcatid=97ECA65A-72DA-F9AF-9DBB-245D3CFED1BE HTTP/1.1" 200 85556
88.90.248.233 - - [10/Nov/2024:00:57:35 +0100] "GET /ticket2/opencms/fi/buy/?page=1&edid=3EC14DC4-3C4A-6A9B-BB8A-B8CCD1583687&sortorder=asc&column=row HTTP/1.1" 200 103154
88.90.248.233 - - [10/Nov/2024:00:57:37 +0100] "GET /ticket2/opencms/fi/buy/?page=1&edid=3ED842FC-FF3B-D3BC-69A3-8AB7FF361EA5 HTTP/1.1" 200 102151
88.90.248.233 - - [10/Nov/2024:00:57:39 +0100] "GET /ticket2/opencms/fi/buy/?page=1&edid=3EE4A476-CEF9-2137-D771-AEC1A5257F62&sortorder=asc&column=price HTTP/1.1" 200 103744
192.99.36.61 - - [10/Nov/2024:00:57:39 +0100] "GET /ticket2/opencms/dk/en/buy/?page=1&edid=FB258716-98B5-9120-93E8-787488A6CE47&sortorder=asc&column=section HTTP/1.1" 404 -
5.9.55.228 - - [10/Nov/2024:00:57:39 +0100] "GET /ticket2/opencms/dk/buy?catid=55d1256d-bdd9-cba3-47a3-0a252f702555&comcatid=97eca65a-72da-f9af-9dbb-245d3cfed1be&page=6 HTTP/1.1" 200 82858
88.90.248.233 - - [10/Nov/2024:00:57:40 +0100] "GET /ticket2/opencms/fi/buy/?page=1&edid=3EE4A476-CEF9-2137-D771-AEC1A5257F62&sortorder=asc&column=row HTTP/1.1" 200 103652
95.217.195.123 - - [10/Nov/2024:00:57:41 +0100] "GET /ticket2/opencms/dk/buy/?page=1&edid=57E251AE-FC4B-7281-E6A3-A78FAA4C7878&sortorder=desc&column=price HTTP/1.1" 200 98690
88.90.248.233 - - [10/Nov/2024:00:57:42 +0100] "GET /ticket2/opencms/fi/buy/?page=1&edid=3EE4A476-CEF9-2137-D771-AEC1A5257F62&sortorder=asc&column=section HTTP/1.1" 200 103836
217.113.194.221 - - [10/Nov/2024:00:57:42 +0100] "GET /ticket2/opencms/dk/buy/?page=1&edid=1F2F884A-E0AC-4C3D-F294-0BE2EBB6E0EA HTTP/1.1" 200 97397
54.36.148.194 - - [10/Nov/2024:00:57:43 +0100] "GET /ticket2/opencms/fi/buy?page=6&comcatid=A17713B6-D984-201A-4143-ED4DB5ED5C2E&catid=A3372871-3019-08B8-80CE-74B78F441ACA HTTP/1.1" 200 96070
195.154.122.44 - - [10/Nov/2024:00:57:43 +0100] "GET /ticket2/opencms/system/modules/com.gridnine.opencms.ticketbrokerage.site/resources/css/ticketbrokerage.css HTTP/1.1" 200 39339
195.154.122.44 - - [10/Nov/2024:00:57:43 +0100] "GET /ticket2/opencms/system/modules/com.gridnine.opencms.ticketbrokerage.site/resources/css/jquery-ui.css HTTP/1.1" 200 33221
195.154.122.44 - - [10/Nov/2024:00:57:43 +0100] "GET /ticket2/opencms/system/modules/com.gridnine.opencms.ticketbrokerage.site/resources/css/calendar.css HTTP/1.1" 200 6871
195.154.122.44 - - [10/Nov/2024:00:57:43 +0100] "GET /ticket2/opencms/system/modules/com.gridnine.opencms.ticketbrokerage.site/resources/css/jquery.fancybox.css HTTP/1.1" 200 4939
195.154.122.44 - - [10/Nov/2024:00:57:43 +0100] "GET /ticket2/opencms/system/modules/com.gridnine.opencms.ticketbrokerage.site/resources/js/jquery.fancybox.pack.js HTTP/1.1" 200 23187
195.154.122.44 - - [10/Nov/2024:00:57:43 +0100] "GET /ticket2/opencms/system/modules/com.gridnine.opencms.ticketbrokerage.site/resources/css/standard.css HTTP/1.1" 200 73073
195.154.122.44 - - [10/Nov/2024:00:57:43 +0100] "GET /ticket2/opencms/system/modules/com.gridnine.opencms.ticketbrokerage.site/resources/js/stickyfill.min.js HTTP/1.1" 200 5672
195.154.122.44 - - [10/Nov/2024:00:57:43 +0100] "GET /ticket2/opencms/system/modules/com.gridnine.opencms.ticketbrokerage.site/resources/js/jquery/jquery.js HTTP/1.1" 200 93868
195.154.122.44 - - [10/Nov/2024:00:57:43 +0100] "GET /ticket2/opencms/system/modules/com.gridnine.opencms.ticketbrokerage.site/resources/js/jquery/jquery-ui.js HTTP/1.1" 200 228088
195.154.122.44 - - [10/Nov/2024:00:57:43 +0100] "GET /ticket2/opencms/system/modules/com.gridnine.opencms.ticketbrokerage.site/resources/js/functions.js HTTP/1.1" 200 1583
195.154.122.44 - - [10/Nov/2024:00:57:43 +0100] "GET /ticket2/opencms/system/modules/com.gridnine.opencms.ticketbrokerage.site/resources/js/calendar-en.js HTTP/1.1" 200 3338
195.154.122.44 - - [10/Nov/2024:00:57:43 +0100] "GET /ticket2/opencms/system/modules/com.gridnine.opencms.ticketbrokerage.site/resources/js/calendar.js HTTP/1.1" 200 49229
195.154.122.44 - - [10/Nov/2024:00:57:43 +0100] "GET /ticket2/opencms/system/modules/com.gridnine.opencms.ticketbrokerage.site/resources/js/calendar-setup.js HTTP/1.1" 200 4923
195.154.122.44 - - [10/Nov/2024:00:57:43 +0100] "GET /ticket2/opencms/system/modules/com.gridnine.opencms.ticketbrokerage.site/resources/js/standard.js HTTP/1.1" 200 3978
195.154.122.44 - - [10/Nov/2024:00:57:43 +0100] "GET /ticket2/opencms/system/modules/com.gridnine.opencms.ticketbrokerage.site/resources/js/jquery.placeholder.min.js HTTP/1.1" 200 1737
195.154.122.44 - - [10/Nov/2024:00:57:43 +0100] "GET /ticket2/opencms/system/modules/com.gridnine.opencms.ticketbrokerage.site/resources/js/common-ajax.js HTTP/1.1" 200 20175
88.90.248.233 - - [10/Nov/2024:00:57:44 +0100] "GET /ticket2/opencms/fi/buy/?page=1&edid=3EE82812-88E0-47E5-57E4-6CB801A92703&sortorder=asc&column=row HTTP/1.1" 200 103793
195.154.122.44 - - [10/Nov/2024:00:57:44 +0100] "GET /ticket2/opencms/system/modules/com.gridnine.opencms.ticketbrokerage.site/resources/js/standard.js HTTP/1.1" 200 3978
207.46.13.160 - - [10/Nov/2024:00:57:45 +0100] "GET /ticket2/opencms/lt/login/ HTTP/1.1" 200 83229
88.90.248.233 - - [10/Nov/2024:00:57:45 +0100] "GET /ticket2/opencms/fi/buy/?page=1&edid=3EEC3BD7-DB52-FDE5-158D-0E304A99A6B2&sortorder=asc&column=section HTTP/1.1" 200 102190
66.249.79.5 - - [10/Nov/2024:00:57:45 +0100] "GET /ticket2/opencms/lt/buy/?page=1&edid=59F2D58E-40AC-D2C5-DDAD-7EFEADCD20CC HTTP/1.1" 200 98748
88.90.248.233 - - [10/Nov/2024:00:57:47 +0100] "GET /ticket2/opencms/fi/buy/?page=1&edid=3EEC3BD7-DB52-FDE5-158D-0E304A99A6B2&sortorder=desc&column=row HTTP/1.1" 200 102051
95.217.195.123 - - [10/Nov/2024:00:57:48 +0100] "GET /ticket2/opencms/dk/buy/?page=1&edid=57E251AE-FC4B-7281-E6A3-A78FAA4C7878&sortorder=desc&column=row HTTP/1.1" 200 98598
88.90.248.233 - - [10/Nov/2024:00:57:49 +0100] "GET /ticket2/opencms/fi/buy/?page=1&edid=3F0125BA-1C61-4BFF-2467-AF8AB47237AF&sortorder=asc&column=section HTTP/1.1" 200 103763
192.99.36.61 - - [10/Nov/2024:00:57:50 +0100] "GET /ticket2/opencms/dk/en/buy/?page=1&edid=FF322FED-F69E-D25E-3198-5B464973E97D HTTP/1.1" 404 -
88.90.248.233 - - [10/Nov/2024:00:57:50 +0100] "GET /ticket2/opencms/fi/buy/?page=1&edid=3F03396F-3992-F037-AAF5-4DAE8D2B17F4&sortorder=desc&column=price HTTP/1.1" 200 99324
54.36.149.24 - - [10/Nov/2024:00:57:51 +0100] "GET /ticket2/opencms/is/buy?page=6&comcatid=A17713B6-D984-201A-4143-ED4DB5ED5C2E&catid=A3372871-3019-08B8-80CE-74B78F441ACA HTTP/1.1" 200 95943
217.113.194.220 - - [10/Nov/2024:00:57:51 +0100] "GET /ticket2/opencms/dk/buy/?page=1&edid=1F5DDBE6-23AB-F5E5-34B5-37D25394F454 HTTP/1.1" 200 107397
168.119.65.51 - - [10/Nov/2024:00:57:51 +0100] "GET /ticket2/opencms/system/modules/com.gridnine.opencms.ticketbrokerage.site/resources/css/jquery.fancybox.css HTTP/1.1" 200 4939
168.119.65.51 - - [10/Nov/2024:00:57:51 +0100] "GET /ticket2/opencms/system/modules/com.gridnine.opencms.ticketbrokerage.site/resources/css/ticketbrokerage.css HTTP/1.1" 200 39339
168.119.65.51 - - [10/Nov/2024:00:57:51 +0100] "GET /ticket2/opencms/system/modules/com.gridnine.opencms.ticketbrokerage.site/resources/css/jquery-ui.css HTTP/1.1" 200 33221
168.119.65.51 - - [10/Nov/2024:00:57:51 +0100] "GET /ticket2/opencms/system/modules/com.gridnine.opencms.ticketbrokerage.site/resources/css/standard.css HTTP/1.1" 200 73073
168.119.65.51 - - [10/Nov/2024:00:57:51 +0100] "GET /ticket2/opencms/system/modules/com.gridnine.opencms.ticketbrokerage.site/resources/css/calendar.css HTTP/1.1" 200 6871
168.119.65.51 - - [10/Nov/2024:00:57:51 +0100] "GET /ticket2/opencms/system/modules/com.gridnine.opencms.ticketbrokerage.site/resources/js/calendar-en.js HTTP/1.1" 200 3338
168.119.65.51 - - [10/Nov/2024:00:57:51 +0100] "GET /ticket2/opencms/system/modules/com.gridnine.opencms.ticketbrokerage.site/resources/js/calendar-setup.js HTTP/1.1" 200 4923
168.119.65.51 - - [10/Nov/2024:00:57:51 +0100] "GET /ticket2/opencms/system/modules/com.gridnine.opencms.ticketbrokerage.site/resources/js/calendar.js HTTP/1.1" 200 49229
168.119.65.51 - - [10/Nov/2024:00:57:51 +0100] "GET /ticket2/opencms/system/modules/com.gridnine.opencms.ticketbrokerage.site/resources/js/jquery.fancybox.pack.js HTTP/1.1" 200 23187
168.119.65.51 - - [10/Nov/2024:00:57:51 +0100] "GET /ticket2/opencms/system/modules/com.gridnine.opencms.ticketbrokerage.site/resources/js/stickyfill.min.js HTTP/1.1" 200 5672
168.119.65.51 - - [10/Nov/2024:00:57:51 +0100] "GET /ticket2/opencms/system/modules/com.gridnine.opencms.ticketbrokerage.site/resources/js/functions.js HTTP/1.1" 200 1583
168.119.65.51 - - [10/Nov/2024:00:57:51 +0100] "GET /ticket2/opencms/system/modules/com.gridnine.opencms.ticketbrokerage.site/resources/js/jquery/jquery-ui.js HTTP/1.1" 200 228088
168.119.65.51 - - [10/Nov/2024:00:57:51 +0100] "GET /ticket2/opencms/system/modules/com.gridnine.opencms.ticketbrokerage.site/resources/js/jquery/jquery.js HTTP/1.1" 200 93868
168.119.65.51 - - [10/Nov/2024:00:57:51 +0100] "GET /ticket2/opencms/system/modules/com.gridnine.opencms.ticketbrokerage.site/resources/js/standard.js HTTP/1.1" 200 3978
168.119.65.51 - - [10/Nov/2024:00:57:51 +0100] "GET /ticket2/opencms/system/modules/com.gridnine.opencms.ticketbrokerage.site/resources/js/jquery.placeholder.min.js HTTP/1.1" 200 1737
168.119.65.51 - - [10/Nov/2024:00:57:51 +0100] "GET /ticket2/opencms/system/modules/com.gridnine.opencms.ticketbrokerage.site/resources/js/common-ajax.js HTTP/1.1" 200 20175
135.181.74.243 - - [10/Nov/2024:00:57:52 +0100] "GET /ticket2/opencms/dk/fi/buy/?page=1&edid=AF1AEE1B-4EFB-D5BB-549A-A360FE966DC5&sortorder=desc&column=row HTTP/1.1" 404 -
88.90.248.233 - - [10/Nov/2024:00:57:52 +0100] "GET /ticket2/opencms/fi/buy/?page=1&edid=3F03396F-3992-F037-AAF5-4DAE8D2B17F4&sortorder=desc&column=section HTTP/1.1" 200 99416
168.119.65.51 - - [10/Nov/2024:00:57:53 +0100] "GET /ticket2/opencms/system/modules/com.gridnine.opencms.ticketbrokerage.site/resources/js/standard.js HTTP/1.1" 200 3978
95.217.195.123 - - [10/Nov/2024:00:57:53 +0100] "GET /ticket2/opencms/dk/buy/?page=1&edid=58E0EA9F-5113-F95E-0A9C-BE7061E53A8B&sortorder=desc&column=row HTTP/1.1" 200 102105
66.249.79.5 - - [10/Nov/2024:00:57:54 +0100] "GET /ticket2/opencms/lv/buy?page=1&edid=C8E47E46-ADCD-586A-7BE4-CF1C96256B2D HTTP/1.1" 200 126306
88.90.248.233 - - [10/Nov/2024:00:57:54 +0100] "GET /ticket2/opencms/fi/buy/?page=1&edid=3F230B6C-1156-63A7-CD56-84FFF19FC0D1&sortorder=asc&column=row HTTP/1.1" 200 102503
192.95.30.177 - - [10/Nov/2024:00:57:54 +0100] "GET /ticket2/opencms/dk/en/buy/?page=1&edid=6B975EAC-E9DD-92E9-D74E-0B78BE1D4B7C HTTP/1.1" 404 -
88.90.248.233 - - [10/Nov/2024:00:57:55 +0100] "GET /ticket2/opencms/fi/buy/?page=1&edid=4965447F-9F6F-8CE6-6AA9-F5F15C25F8B7 HTTP/1.1" 200 100819
47.128.39.161 - - [10/Nov/2024:00:57:56 +0100] "GET /ticket2/opencms/lv/buy/?edid=7CC55054-B229-E12C-9C70-B1612FE653BC HTTP/1.1" 200 81476
192.99.36.61 - - [10/Nov/2024:00:57:57 +0100] "GET /ticket2/opencms/dk/en/buy/?page=1&edid=FFAAA239-0E9E-BD40-91CF-CB4C6549214A HTTP/1.1" 404 -
88.90.248.233 - - [10/Nov/2024:00:57:57 +0100] "GET /ticket2/opencms/fi/buy/?page=1&edid=49685073-9544-CDEA-5E21-EAD71D4DB9C3&sortorder=desc&column=section HTTP/1.1" 200 102743
88.90.248.233 - - [10/Nov/2024:00:57:59 +0100] "GET /ticket2/opencms/fi/buy/?page=1&edid=498207D5-8BE5-9D2E-9FF0-3383CEB347D8&sortorder=desc&column=price HTTP/1.1" 200 103047
40.77.167.243 - - [10/Nov/2024:00:57:59 +0100] "GET /ticket2/opencms/hr/login/ HTTP/1.1" 200 83168
217.113.194.213 - - [10/Nov/2024:00:57:59 +0100] "GET /ticket2/opencms/dk/buy/?page=1&edid=1C4D0063-1C0C-2AAD-17F9-0EF25E36554C HTTP/1.1" 200 100650
198.235.24.169 - - [10/Nov/2024:00:57:59 +0100] "GET /ticket2/opencms/ HTTP/1.1" 500 -
88.90.248.233 - - [10/Nov/2024:00:58:00 +0100] "GET /ticket2/opencms/fi/buy/?page=1&edid=49AED064-B86D-465C-FC24-B9E6E7276FC8 HTTP/1.1" 200 102156
54.36.148.207 - - [10/Nov/2024:00:58:01 +0100] "GET /ticket2/opencms/en/venue/?venueid=DEE00DFC-893F-245B-8985-D3EB9461E0DA HTTP/1.1" 200 76995
88.90.248.233 - - [10/Nov/2024:00:58:02 +0100] "GET /ticket2/opencms/fi/buy/?page=1&edid=49AED064-B86D-465C-FC24-B9E6E7276FC8&sortorder=desc&column=price HTTP/1.1" 200 103479
95.217.195.123 - - [10/Nov/2024:00:58:03 +0100] "GET /ticket2/opencms/dk/buy/?page=1&edid=59881ED4-3CCD-4767-277F-ABAE3B204DE3&sortorder=desc&column=row HTTP/1.1" 200 101019
88.90.248.233 - - [10/Nov/2024:00:58:04 +0100] "GET /ticket2/opencms/fi/buy/?page=1&edid=49AED064-B86D-465C-FC24-B9E6E7276FC8&sortorder=desc&column=section HTTP/1.1" 200 103571
88.90.248.233 - - [10/Nov/2024:00:58:05 +0100] "GET /ticket2/opencms/fi/buy/?page=1&edid=49B510D5-029A-C703-B351-D5B9988CF9B8 HTTP/1.1" 200 102594
95.217.195.123 - - [10/Nov/2024:00:58:05 +0100] "GET /ticket2/opencms/dk/buy/?page=1&edid=59DA87F2-EE95-E19A-38B5-F05EF4C6E9CD&sortorder=desc&column=row HTTP/1.1" 200 102071
47.128.113.214 - - [10/Nov/2024:00:58:06 +0100] "GET /ticket2/opencms/fi/buy/?eventid=53F27A05-DBF6-27A7-B680-C587F93AF7CA&page=11&venueid=853E22E8-AAA5-D638-4DB5-6F3AE80E94F8 HTTP/1.1" 200 94253
54.36.149.53 - - [10/Nov/2024:00:58:06 +0100] "GET /ticket2/opencms/fi/venue/?venueid=1DFE1CE1-FCC2-1D42-6070-375EAE5E1EC2 HTTP/1.1" 200 78604
192.99.36.61 - - [10/Nov/2024:00:58:06 +0100] "GET /ticket2/opencms/dk/en/buy/?page=10&eventid=E905DA2C-5D8D-BA69-DE15-192CCE2B6813&venueid=6F35A585-C7A7-198F-956D-F8F0D81EEC09 HTTP/1.1" 404 -
66.249.79.231 - - [10/Nov/2024:00:58:07 +0100] "GET /ticket2/opencms/nl/faq/ HTTP/1.1" 200 84229
88.90.248.233 - - [10/Nov/2024:00:58:07 +0100] "GET /ticket2/opencms/fi/buy/?page=1&edid=49B510D5-029A-C703-B351-D5B9988CF9B8&sortorder=desc&column=section HTTP/1.1" 200 104009
217.113.194.216 - - [10/Nov/2024:00:58:08 +0100] "GET /ticket2/opencms/dk/buy/?page=1&edid=2E10707D-C051-6138-1E62-3BA0A6C4D8EB HTTP/1.1" 200 123517
88.90.248.233 - - [10/Nov/2024:00:58:09 +0100] "GET /ticket2/opencms/fi/buy/?page=1&edid=49C08FA0-ED06-3265-70AE-3BEE76F3DD9E HTTP/1.1" 200 101086
88.90.248.233 - - [10/Nov/2024:00:58:10 +0100] "GET /ticket2/opencms/fi/buy/?page=1&edid=49CF7842-AD0F-7A2A-F729-3F3371875F18&sortorder=desc&column=price HTTP/1.1" 200 103330
92.220.107.96 - - [10/Nov/2024:00:58:11 +0100] "GET /ticket2/opencms/no/sport/fotballsbilletter/premier_league/?wbraid=ClUKCAiArby5BhBtEkUAjH7rGRhM-E_hDNrX99oeQc2-189UZdJMMT80E7XZF6qRmGP85HSHmZ0ISGXlEMD0qmnWixaWVLt-91tAPOib5zE_XGYaAnDa HTTP/1.1" 200 89946
92.220.107.96 - - [10/Nov/2024:00:58:11 +0100] "GET /ticket2/opencms/system/modules/com.gridnine.opencms.ticketbrokerage.site/resources/js/jquery/jquery.js HTTP/1.1" 200 93868
92.220.107.96 - - [10/Nov/2024:00:58:11 +0100] "GET /ticket2/opencms/system/modules/com.gridnine.opencms.ticketbrokerage.site/resources/js/jquery/jquery-ui.js HTTP/1.1" 200 228088
92.220.107.96 - - [10/Nov/2024:00:58:11 +0100] "GET /ticket2/opencms/system/modules/com.gridnine.opencms.ticketbrokerage.site/resources/css/calendar.css HTTP/1.1" 200 6871
92.220.107.96 - - [10/Nov/2024:00:58:11 +0100] "GET /ticket2/opencms/system/modules/com.gridnine.opencms.ticketbrokerage.site/resources/css/jquery-ui.css HTTP/1.1" 200 33221
92.220.107.96 - - [10/Nov/2024:00:58:11 +0100] "GET /ticket2/opencms/system/modules/com.gridnine.opencms.ticketbrokerage.site/resources/css/jquery.fancybox.css HTTP/1.1" 200 4939
92.220.107.96 - - [10/Nov/2024:00:58:11 +0100] "GET /ticket2/opencms/system/modules/com.gridnine.opencms.ticketbrokerage.site/resources/css/standard.css HTTP/1.1" 200 73073
92.220.107.96 - - [10/Nov/2024:00:58:11 +0100] "GET /ticket2/opencms/system/modules/com.gridnine.opencms.ticketbrokerage.site/resources/js/calendar.js HTTP/1.1" 200 49229
92.220.107.96 - - [10/Nov/2024:00:58:11 +0100] "GET /ticket2/opencms/system/modules/com.gridnine.opencms.ticketbrokerage.site/resources/js/functions.js HTTP/1.1" 200 1583
92.220.107.96 - - [10/Nov/2024:00:58:11 +0100] "GET /ticket2/opencms/system/modules/com.gridnine.opencms.ticketbrokerage.site/resources/js/jquery.fancybox.pack.js HTTP/1.1" 200 23187
92.220.107.96 - - [10/Nov/2024:00:58:11 +0100] "GET /ticket2/opencms/system/modules/com.gridnine.opencms.ticketbrokerage.site/resources/js/calendar-en.js HTTP/1.1" 200 3338
92.220.107.96 - - [10/Nov/2024:00:58:11 +0100] "GET /ticket2/opencms/system/modules/com.gridnine.opencms.ticketbrokerage.site/resources/js/calendar-setup.js HTTP/1.1" 200 4923
92.220.107.96 - - [10/Nov/2024:00:58:11 +0100] "GET /ticket2/opencms/system/modules/com.gridnine.opencms.ticketbrokerage.site/resources/js/jquery.placeholder.min.js HTTP/1.1" 200 1737
92.220.107.96 - - [10/Nov/2024:00:58:11 +0100] "GET /ticket2/opencms/system/modules/com.gridnine.opencms.ticketbrokerage.site/resources/js/common-ajax.js HTTP/1.1" 200 20175
92.220.107.96 - - [10/Nov/2024:00:58:11 +0100] "GET /ticket2/opencms/system/modules/com.gridnine.opencms.ticketbrokerage.site/resources/js/standard.js HTTP/1.1" 200 3978
92.220.107.96 - - [10/Nov/2024:00:58:11 +0100] "GET /ticket2/opencms/system/modules/com.gridnine.opencms.ticketbrokerage.site/resources/js/stickyfill.min.js HTTP/1.1" 200 5672
92.220.107.96 - - [10/Nov/2024:00:58:11 +0100] "GET /ticket2/opencms/system/modules/com.gridnine.opencms.ticketbrokerage.site/resources/css/ticketbrokerage.css HTTP/1.1" 200 39339
92.220.107.96 - - [10/Nov/2024:00:58:11 +0100] "GET /ticket2/opencms/system/modules/com.gridnine.opencms.ticketbrokerage.site/resources/pics/logo-new.png HTTP/1.1" 200 13541
92.220.107.96 - - [10/Nov/2024:00:58:11 +0100] "GET /ticket2/opencms/img/insta.png HTTP/1.1" 200 3967
92.220.107.96 - - [10/Nov/2024:00:58:11 +0100] "GET /ticket2/opencms/img/fb.png HTTP/1.1" 200 1269
92.220.107.96 - - [10/Nov/2024:00:58:11 +0100] "GET /ticket2/opencms/system/modules/com.gridnine.opencms.ticketbrokerage.site/resources/pics/banners/sv/premier_league_sv.png HTTP/1.1" 200 13518
92.220.107.96 - - [10/Nov/2024:00:58:11 +0100] "GET /ticket2/opencms/system/modules/com.gridnine.opencms.ticketbrokerage.site/resources/pics/footer-img.jpg HTTP/1.1" 200 67642
92.220.107.96 - - [10/Nov/2024:00:58:11 +0100] "GET /ticket2/opencms/img/check.png HTTP/1.1" 200 548
92.220.107.96 - - [10/Nov/2024:00:58:12 +0100] "GET /ticket2/opencms/img/mail.png HTTP/1.1" 200 403
92.220.107.96 - - [10/Nov/2024:00:58:12 +0100] "GET /ticket2/opencms/img/chat.png HTTP/1.1" 200 416
92.220.107.96 - - [10/Nov/2024:00:58:12 +0100] "GET /ticket2/opencms/img/arrow.png HTTP/1.1" 200 753
92.220.107.96 - - [10/Nov/2024:00:58:12 +0100] "GET /ticket2/opencms/img/icons/globe-white.png HTTP/1.1" 200 947
88.90.248.233 - - [10/Nov/2024:00:58:12 +0100] "GET /ticket2/opencms/fi/buy/?page=1&edid=49CF7842-AD0F-7A2A-F729-3F3371875F18&sortorder=desc&column=row HTTP/1.1" 200 103238
92.220.107.96 - - [10/Nov/2024:00:58:12 +0100] "GET /ticket2/opencms/img/icons/en.png HTTP/1.1" 200 2415
92.220.107.96 - - [10/Nov/2024:00:58:12 +0100] "GET /ticket2/opencms/img/icons/se.png HTTP/1.1" 200 1258
92.220.107.96 - - [10/Nov/2024:00:58:12 +0100] "GET /ticket2/opencms/img/icons/no.png HTTP/1.1" 200 1958
92.220.107.96 - - [10/Nov/2024:00:58:12 +0100] "GET /ticket2/opencms/img/icons/fi.png HTTP/1.1" 200 1785
92.220.107.96 - - [10/Nov/2024:00:58:12 +0100] "GET /ticket2/opencms/img/icons/dk.png HTTP/1.1" 200 1706
92.220.107.96 - - [10/Nov/2024:00:58:12 +0100] "GET /ticket2/opencms/img/icons/nl.png HTTP/1.1" 200 1255
92.220.107.96 - - [10/Nov/2024:00:58:12 +0100] "GET /ticket2/opencms/img/icons/sq.png HTTP/1.1" 200 1619
92.220.107.96 - - [10/Nov/2024:00:58:12 +0100] "GET /ticket2/opencms/img/icons/az.png HTTP/1.1" 200 1445
92.220.107.96 - - [10/Nov/2024:00:58:12 +0100] "GET /ticket2/opencms/img/icons/bg.png HTTP/1.1" 200 788
92.220.107.96 - - [10/Nov/2024:00:58:12 +0100] "GET /ticket2/opencms/img/icons/hr.png HTTP/1.1" 200 2024
92.220.107.96 - - [10/Nov/2024:00:58:12 +0100] "GET /ticket2/opencms/img/icons/cs.png HTTP/1.1" 200 1883
92.220.107.96 - - [10/Nov/2024:00:58:12 +0100] "GET /ticket2/opencms/img/icons/et.png HTTP/1.1" 200 754
92.220.107.96 - - [10/Nov/2024:00:58:12 +0100] "GET /ticket2/opencms/img/icons/el.png HTTP/1.1" 200 1637
92.220.107.96 - - [10/Nov/2024:00:58:12 +0100] "GET /ticket2/opencms/img/icons/ka.png HTTP/1.1" 200 860
92.220.107.96 - - [10/Nov/2024:00:58:12 +0100] "GET /ticket2/opencms/img/icons/is.png HTTP/1.1" 200 1884
92.220.107.96 - - [10/Nov/2024:00:58:12 +0100] "GET /ticket2/opencms/img/icons/hu.png HTTP/1.1" 200 733
92.220.107.96 - - [10/Nov/2024:00:58:13 +0100] "GET /ticket2/opencms/img/icons/lv.png HTTP/1.1" 200 716
95.217.195.123 - - [10/Nov/2024:00:58:13 +0100] "GET /ticket2/opencms/dk/buy/?page=1&edid=5A199E76-C4FC-8F64-3C45-54BD1FC99C87&sortorder=asc&column=price HTTP/1.1" 200 101883
92.220.107.96 - - [10/Nov/2024:00:58:13 +0100] "GET /ticket2/opencms/img/icons/lt.png HTTP/1.1" 200 733
92.220.107.96 - - [10/Nov/2024:00:58:13 +0100] "GET /ticket2/opencms/img/icons/mt.png HTTP/1.1" 200 920
92.220.107.96 - - [10/Nov/2024:00:58:13 +0100] "GET /ticket2/opencms/img/icons/mo.png HTTP/1.1" 200 1468
92.220.107.96 - - [10/Nov/2024:00:58:13 +0100] "GET /ticket2/opencms/img/icons/ro.png HTTP/1.1" 200 1393
92.220.107.96 - - [10/Nov/2024:00:58:13 +0100] "GET /ticket2/opencms/img/icons/sr.png HTTP/1.1" 200 1602
92.220.107.96 - - [10/Nov/2024:00:58:13 +0100] "GET /ticket2/opencms/img/icons/sk.png HTTP/1.1" 200 1283
92.220.107.96 - - [10/Nov/2024:00:58:13 +0100] "GET /ticket2/opencms/img/icons/uk.png HTTP/1.1" 200 1272
92.220.107.96 - - [10/Nov/2024:00:58:13 +0100] "GET /ticket2/opencms/img/icons/sl.png HTTP/1.1" 200 966
92.220.107.96 - - [10/Nov/2024:00:58:13 +0100] "GET /ticket2/opencms/img/icons/tr.png HTTP/1.1" 200 1636
92.220.107.96 - - [10/Nov/2024:00:58:13 +0100] "GET /ticket2/opencms/img/icons/fr.png HTTP/1.1" 200 1764
92.220.107.96 - - [10/Nov/2024:00:58:13 +0100] "GET /ticket2/opencms/img/icons/es.png HTTP/1.1" 200 1005
92.220.107.96 - - [10/Nov/2024:00:58:13 +0100] "GET /ticket2/opencms/img/icons/it.png HTTP/1.1" 200 2040
92.220.107.96 - - [10/Nov/2024:00:58:13 +0100] "GET /ticket2/opencms/img/icons/pl.png HTTP/1.1" 200 1578
88.90.248.233 - - [10/Nov/2024:00:58:14 +0100] "GET /ticket2/opencms/fi/buy/?page=1&edid=49CF7842-AD0F-7A2A-F729-3F3371875F18&sortorder=desc&column=section HTTP/1.1" 200 103422
92.220.107.96 - - [10/Nov/2024:00:58:14 +0100] "GET /ticket2/opencms/img/icons/de.png HTTP/1.1" 200 1124
192.95.30.177 - - [10/Nov/2024:00:58:14 +0100] "GET /ticket2/opencms/dk/en/buy/?page=1&edid=6BDF2649-A23C-4F39-BEA2-8967D4477DEF HTTP/1.1" 404 -
92.220.107.96 - - [10/Nov/2024:00:58:14 +0100] "GET /ticket2/opencms/img/icons/be.png HTTP/1.1" 200 1663
92.220.107.96 - - [10/Nov/2024:00:58:14 +0100] "GET /ticket2/opencms/img/icons/ga.png HTTP/1.1" 200 1759
192.99.36.61 - - [10/Nov/2024:00:58:15 +0100] "GET /ticket2/opencms/dk/en/buy/?page=6&comcatid=A17713B6-D984-201A-4143-ED4DB5ED5C2E&catid=061607E6-22B7-6FFA-03FD-A4B8B13A943F&eventid=78DF38F0-8865-B955-DD23-5590E4FEF29C HTTP/1.1" 404 -
135.181.74.243 - - [10/Nov/2024:00:58:15 +0100] "GET /ticket2/opencms/dk/fi/buy/?page=1&edid=BC1EC1ED-9DF8-C987-E2D9-7659501E4FC2&sortorder=asc&column=row HTTP/1.1" 404 -
88.90.248.233 - - [10/Nov/2024:00:58:15 +0100] "GET /ticket2/opencms/fi/buy/?page=1&edid=4A17BBC2-262A-6387-78E3-BFD77AB91FC3&sortorder=asc&column=price HTTP/1.1" 200 103223
217.113.194.220 - - [10/Nov/2024:00:58:16 +0100] "GET /ticket2/opencms/dk/buy/?page=1&edid=2A0AB201-68D6-81F4-4EF6-313AAEA5E454 HTTP/1.1" 200 100423
95.217.195.123 - - [10/Nov/2024:00:58:17 +0100] "GET /ticket2/opencms/dk/buy/?page=1&edid=5AA3AC98-278A-0456-8CFC-FCC83A4A6984&sortorder=desc&column=row HTTP/1.1" 200 98590
