168.119.64.254 - - [10/Nov/2024:01:06:21 +0100] "GET /ticket2/opencms/system/modules/com.gridnine.opencms.ticketbrokerage.site/resources/js/calendar.js HTTP/1.1" 200 49229
168.119.64.254 - - [10/Nov/2024:01:06:21 +0100] "GET /ticket2/opencms/system/modules/com.gridnine.opencms.ticketbrokerage.site/resources/js/stickyfill.min.js HTTP/1.1" 200 5672
168.119.64.254 - - [10/Nov/2024:01:06:21 +0100] "GET /ticket2/opencms/system/modules/com.gridnine.opencms.ticketbrokerage.site/resources/js/jquery.fancybox.pack.js HTTP/1.1" 200 23187
168.119.64.254 - - [10/Nov/2024:01:06:21 +0100] "GET /ticket2/opencms/system/modules/com.gridnine.opencms.ticketbrokerage.site/resources/js/standard.js HTTP/1.1" 200 3978
65.108.110.26 - - [10/Nov/2024:01:06:22 +0100] "GET /ticket2/opencms/fi/buy/?page=1&edid=DA983286-A535-726A-C0DF-C6AC98A1A255 HTTP/1.1" 200 101953
168.119.64.254 - - [10/Nov/2024:01:06:22 +0100] "GET /ticket2/opencms/system/modules/com.gridnine.opencms.ticketbrokerage.site/resources/js/jquery.placeholder.min.js HTTP/1.1" 200 1737
168.119.64.254 - - [10/Nov/2024:01:06:22 +0100] "GET /ticket2/opencms/system/modules/com.gridnine.opencms.ticketbrokerage.site/resources/js/common-ajax.js HTTP/1.1" 200 20175
168.119.64.254 - - [10/Nov/2024:01:06:22 +0100] "GET /ticket2/opencms/system/modules/com.gridnine.opencms.ticketbrokerage.site/resources/js/standard.js HTTP/1.1" 200 3978
40.77.167.68 - - [10/Nov/2024:01:06:23 +0100] "GET /ticket2/opencms/en/search.html?searchQuery=2025 HTTP/1.1" 200 96366
95.217.195.123 - - [10/Nov/2024:01:06:23 +0100] "GET /ticket2/opencms/dk/buy/?page=1&edid=B9CE1702-C437-56C9-DE24-439B63907E56&sortorder=asc&column=section HTTP/1.1" 200 102030
194.247.173.99 - - [10/Nov/2024:01:06:24 +0100] "GET /ticket2/opencms/dk/no/buy/?page=1&edid=E735E944-5AAE-BA7A-ED2E-E44FC3522855&sortorder=desc&column=price HTTP/1.1" 404 -
65.108.110.26 - - [10/Nov/2024:01:06:25 +0100] "GET /ticket2/opencms/fi/buy/?page=1&edid=DB16C9C1-2F89-7DF4-5EE2-407CA7C9B4ED HTTP/1.1" 200 98671
47.128.30.117 - - [10/Nov/2024:01:06:26 +0100] "GET /ticket2/opencms/sv/sport/fotbollsbiljetter/ligue_1/montpellier/ HTTP/1.1" 200 79267
95.217.195.123 - - [10/Nov/2024:01:06:26 +0100] "GET /ticket2/opencms/dk/buy/?page=1&edid=BC1EC1ED-9DF8-C987-E2D9-7659501E4FC2&sortorder=asc&column=price HTTP/1.1" 200 102580
47.128.30.117 - - [10/Nov/2024:01:06:27 +0100] "GET /ticket2/opencms/system/modules/com.gridnine.opencms.ticketbrokerage.site/resources/pics/banners/team/ligue_1/montpellier.png HTTP/1.1" 200 69896
192.95.30.177 - - [10/Nov/2024:01:06:28 +0100] "GET /ticket2/opencms/dk/en/buy/?page=1&edid=742CE524-9C3D-91F4-FC16-F3903E8D84E4&sortorder=desc&column=price HTTP/1.1" 404 -
65.108.110.26 - - [10/Nov/2024:01:06:28 +0100] "GET /ticket2/opencms/fi/buy/?page=1&edid=DBD7C3FF-3D2D-1BC9-F87B-06E7F5EA9FFB HTTP/1.1" 200 100866
217.113.194.214 - - [10/Nov/2024:01:06:29 +0100] "GET /ticket2/opencms/dk/buy/?page=1&edid=28EE235F-C841-C2B4-6721-3F0BBE0DFB17 HTTP/1.1" 200 120671
194.247.173.99 - - [10/Nov/2024:01:06:30 +0100] "GET /ticket2/opencms/dk/no/buy/?page=1&edid=E735E944-5AAE-BA7A-ED2E-E44FC3522855&sortorder=desc&column=row HTTP/1.1" 404 -
65.108.110.26 - - [10/Nov/2024:01:06:31 +0100] "GET /ticket2/opencms/fi/buy/?page=1&edid=DC5232F6-E30F-C6CC-913E-17E1EC37D999 HTTP/1.1" 200 98675
95.217.195.123 - - [10/Nov/2024:01:06:32 +0100] "GET /ticket2/opencms/dk/buy/?page=1&edid=BC1EC1ED-9DF8-C987-E2D9-7659501E4FC2&sortorder=asc&column=row HTTP/1.1" 200 102488
54.36.149.8 - - [10/Nov/2024:01:06:32 +0100] "GET /ticket2/opencms/fi/buy?page=6&comcatid=A17713B6-D984-201A-4143-ED4DB5ED5C2E&catid=AE3FE643-AE41-BAA6-237D-5206D1B044A1 HTTP/1.1" 200 94709
168.119.65.51 - - [10/Nov/2024:01:06:33 +0100] "GET /ticket2/opencms/system/modules/com.gridnine.opencms.ticketbrokerage.site/resources/css/calendar.css HTTP/1.1" 200 6871
168.119.65.51 - - [10/Nov/2024:01:06:33 +0100] "GET /ticket2/opencms/system/modules/com.gridnine.opencms.ticketbrokerage.site/resources/css/jquery.fancybox.css HTTP/1.1" 200 4939
168.119.65.51 - - [10/Nov/2024:01:06:33 +0100] "GET /ticket2/opencms/system/modules/com.gridnine.opencms.ticketbrokerage.site/resources/css/jquery-ui.css HTTP/1.1" 200 33221
168.119.65.51 - - [10/Nov/2024:01:06:33 +0100] "GET /ticket2/opencms/system/modules/com.gridnine.opencms.ticketbrokerage.site/resources/css/standard.css HTTP/1.1" 200 73073
168.119.65.51 - - [10/Nov/2024:01:06:33 +0100] "GET /ticket2/opencms/system/modules/com.gridnine.opencms.ticketbrokerage.site/resources/css/ticketbrokerage.css HTTP/1.1" 200 39339
168.119.65.51 - - [10/Nov/2024:01:06:33 +0100] "GET /ticket2/opencms/system/modules/com.gridnine.opencms.ticketbrokerage.site/resources/js/functions.js HTTP/1.1" 200 1583
168.119.65.51 - - [10/Nov/2024:01:06:33 +0100] "GET /ticket2/opencms/system/modules/com.gridnine.opencms.ticketbrokerage.site/resources/js/jquery/jquery-ui.js HTTP/1.1" 200 228088
168.119.65.51 - - [10/Nov/2024:01:06:33 +0100] "GET /ticket2/opencms/system/modules/com.gridnine.opencms.ticketbrokerage.site/resources/js/calendar-setup.js HTTP/1.1" 200 4923
168.119.65.51 - - [10/Nov/2024:01:06:33 +0100] "GET /ticket2/opencms/system/modules/com.gridnine.opencms.ticketbrokerage.site/resources/js/jquery/jquery.js HTTP/1.1" 200 93868
168.119.65.51 - - [10/Nov/2024:01:06:33 +0100] "GET /ticket2/opencms/system/modules/com.gridnine.opencms.ticketbrokerage.site/resources/js/calendar.js HTTP/1.1" 200 49229
168.119.65.51 - - [10/Nov/2024:01:06:33 +0100] "GET /ticket2/opencms/system/modules/com.gridnine.opencms.ticketbrokerage.site/resources/js/calendar-en.js HTTP/1.1" 200 3338
168.119.65.51 - - [10/Nov/2024:01:06:33 +0100] "GET /ticket2/opencms/system/modules/com.gridnine.opencms.ticketbrokerage.site/resources/js/jquery.fancybox.pack.js HTTP/1.1" 200 23187
168.119.65.51 - - [10/Nov/2024:01:06:33 +0100] "GET /ticket2/opencms/system/modules/com.gridnine.opencms.ticketbrokerage.site/resources/js/stickyfill.min.js HTTP/1.1" 200 5672
168.119.65.51 - - [10/Nov/2024:01:06:33 +0100] "GET /ticket2/opencms/system/modules/com.gridnine.opencms.ticketbrokerage.site/resources/js/standard.js HTTP/1.1" 200 3978
168.119.65.51 - - [10/Nov/2024:01:06:33 +0100] "GET /ticket2/opencms/system/modules/com.gridnine.opencms.ticketbrokerage.site/resources/js/jquery.placeholder.min.js HTTP/1.1" 200 1737
168.119.65.51 - - [10/Nov/2024:01:06:33 +0100] "GET /ticket2/opencms/system/modules/com.gridnine.opencms.ticketbrokerage.site/resources/js/common-ajax.js HTTP/1.1" 200 20175
168.119.65.51 - - [10/Nov/2024:01:06:33 +0100] "GET /ticket2/opencms/system/modules/com.gridnine.opencms.ticketbrokerage.site/resources/js/standard.js HTTP/1.1" 200 3978
135.181.74.243 - - [10/Nov/2024:01:06:34 +0100] "GET /ticket2/opencms/dk/nl/buy/?page=1&edid=F35525B4-EF12-995E-BB87-0FE7326756D4&sortorder=asc&column=price HTTP/1.1" 404 -
65.108.110.26 - - [10/Nov/2024:01:06:35 +0100] "GET /ticket2/opencms/fi/buy/?page=1&edid=DE73DB51-4178-AA85-D066-1C5C2E4D27B9 HTTP/1.1" 200 100966
95.217.195.123 - - [10/Nov/2024:01:06:35 +0100] "GET /ticket2/opencms/dk/buy/?page=1&edid=BF990419-E317-46FC-F88A-E6023A3E4305&sortorder=asc&column=row HTTP/1.1" 200 101829
194.247.173.99 - - [10/Nov/2024:01:06:36 +0100] "GET /ticket2/opencms/dk/no/buy/?page=1&edid=E735E944-5AAE-BA7A-ED2E-E44FC3522855&sortorder=desc&column=section HTTP/1.1" 404 -
217.113.194.215 - - [10/Nov/2024:01:06:37 +0100] "GET /ticket2/opencms/dk/buy/?page=1&edid=133B893E-0B2E-BEF9-99B1-9E25283FAB9D HTTP/1.1" 200 113609
65.108.110.26 - - [10/Nov/2024:01:06:38 +0100] "GET /ticket2/opencms/fi/buy/?page=1&edid=DEEA9118-E3F6-3082-4A28-2EFD15B3E13F HTTP/1.1" 200 101940
54.36.148.31 - - [10/Nov/2024:01:06:39 +0100] "GET /ticket2/opencms/hu/buy?page=6&comcatid=A17713B6-D984-201A-4143-ED4DB5ED5C2E&catid=AE3FE643-AE41-BAA6-237D-5206D1B044A1 HTTP/1.1" 200 94566
168.119.65.50 - - [10/Nov/2024:01:06:40 +0100] "GET /ticket2/opencms/system/modules/com.gridnine.opencms.ticketbrokerage.site/resources/css/jquery-ui.css HTTP/1.1" 200 33221
168.119.65.50 - - [10/Nov/2024:01:06:40 +0100] "GET /ticket2/opencms/system/modules/com.gridnine.opencms.ticketbrokerage.site/resources/css/jquery.fancybox.css HTTP/1.1" 200 4939
168.119.65.50 - - [10/Nov/2024:01:06:40 +0100] "GET /ticket2/opencms/system/modules/com.gridnine.opencms.ticketbrokerage.site/resources/css/standard.css HTTP/1.1" 200 73073
168.119.65.50 - - [10/Nov/2024:01:06:40 +0100] "GET /ticket2/opencms/system/modules/com.gridnine.opencms.ticketbrokerage.site/resources/css/ticketbrokerage.css HTTP/1.1" 200 39339
168.119.65.50 - - [10/Nov/2024:01:06:40 +0100] "GET /ticket2/opencms/system/modules/com.gridnine.opencms.ticketbrokerage.site/resources/css/calendar.css HTTP/1.1" 200 6871
168.119.65.50 - - [10/Nov/2024:01:06:40 +0100] "GET /ticket2/opencms/system/modules/com.gridnine.opencms.ticketbrokerage.site/resources/js/jquery/jquery.js HTTP/1.1" 200 93868
168.119.65.50 - - [10/Nov/2024:01:06:40 +0100] "GET /ticket2/opencms/system/modules/com.gridnine.opencms.ticketbrokerage.site/resources/js/calendar-setup.js HTTP/1.1" 200 4923
168.119.65.50 - - [10/Nov/2024:01:06:40 +0100] "GET /ticket2/opencms/system/modules/com.gridnine.opencms.ticketbrokerage.site/resources/js/jquery/jquery-ui.js HTTP/1.1" 200 228088
168.119.65.50 - - [10/Nov/2024:01:06:40 +0100] "GET /ticket2/opencms/system/modules/com.gridnine.opencms.ticketbrokerage.site/resources/js/calendar-en.js HTTP/1.1" 200 3338
168.119.65.50 - - [10/Nov/2024:01:06:40 +0100] "GET /ticket2/opencms/system/modules/com.gridnine.opencms.ticketbrokerage.site/resources/js/calendar.js HTTP/1.1" 200 49229
168.119.65.50 - - [10/Nov/2024:01:06:40 +0100] "GET /ticket2/opencms/system/modules/com.gridnine.opencms.ticketbrokerage.site/resources/js/functions.js HTTP/1.1" 200 1583
168.119.65.50 - - [10/Nov/2024:01:06:40 +0100] "GET /ticket2/opencms/system/modules/com.gridnine.opencms.ticketbrokerage.site/resources/js/jquery.fancybox.pack.js HTTP/1.1" 200 23187
168.119.65.50 - - [10/Nov/2024:01:06:40 +0100] "GET /ticket2/opencms/system/modules/com.gridnine.opencms.ticketbrokerage.site/resources/js/stickyfill.min.js HTTP/1.1" 200 5672
168.119.65.50 - - [10/Nov/2024:01:06:40 +0100] "GET /ticket2/opencms/system/modules/com.gridnine.opencms.ticketbrokerage.site/resources/js/standard.js HTTP/1.1" 200 3978
168.119.65.50 - - [10/Nov/2024:01:06:40 +0100] "GET /ticket2/opencms/system/modules/com.gridnine.opencms.ticketbrokerage.site/resources/js/jquery.placeholder.min.js HTTP/1.1" 200 1737
168.119.65.50 - - [10/Nov/2024:01:06:40 +0100] "GET /ticket2/opencms/system/modules/com.gridnine.opencms.ticketbrokerage.site/resources/js/common-ajax.js HTTP/1.1" 200 20175
168.119.65.50 - - [10/Nov/2024:01:06:40 +0100] "GET /ticket2/opencms/system/modules/com.gridnine.opencms.ticketbrokerage.site/resources/js/standard.js HTTP/1.1" 200 3978
65.108.110.26 - - [10/Nov/2024:01:06:41 +0100] "GET /ticket2/opencms/fi/buy/?page=1&edid=E5A432C8-DA4B-0B1D-D158-7FE1F332A199 HTTP/1.1" 200 98669
194.247.173.99 - - [10/Nov/2024:01:06:41 +0100] "GET /ticket2/opencms/dk/no/buy/?page=1&edid=E7A0FE78-C164-2D26-23F9-32D853F89941 HTTP/1.1" 404 -
95.217.195.123 - - [10/Nov/2024:01:06:42 +0100] "GET /ticket2/opencms/dk/buy/?page=1&edid=BFF341E7-1CE6-7822-F687-FA8E7D8310D2&sortorder=asc&column=price HTTP/1.1" 200 101291
114.119.154.207 - - [10/Nov/2024:01:06:44 +0100] "GET /ticket2/opencms/en/buy?page=1&edid=1260CE5D-7BE1-B121-0CBF-652705BD383D HTTP/1.1" 200 100157
65.108.110.26 - - [10/Nov/2024:01:06:44 +0100] "GET /ticket2/opencms/fi/buy/?page=1&edid=E66170CD-15EA-25FF-64F4-4C19A47AC0BA HTTP/1.1" 200 101938
135.181.74.243 - - [10/Nov/2024:01:06:46 +0100] "GET /ticket2/opencms/dk/nl/buy/?page=1&edid=F36EBFB4-CF7D-E67C-06C2-0EBD19BC3697&sortorder=asc&column=price HTTP/1.1" 404 -
217.113.194.217 - - [10/Nov/2024:01:06:46 +0100] "GET /ticket2/opencms/dk/buy/?page=1&edid=26D75FC9-685E-F97A-1BAD-C5A5C23D1E62 HTTP/1.1" 200 100611
95.217.195.123 - - [10/Nov/2024:01:06:47 +0100] "GET /ticket2/opencms/dk/buy/?page=1&edid=C0E71D3B-DC0E-DD9D-0716-7AD40A999541&sortorder=asc&column=row HTTP/1.1" 200 101612
54.36.149.47 - - [10/Nov/2024:01:06:47 +0100] "GET /ticket2/opencms/fi/buy/?page=1&edid=52F83580-0FD4-F06F-050A-AE1CCE4A20C1 HTTP/1.1" 200 111565
5.9.55.228 - - [10/Nov/2024:01:06:47 +0100] "GET /ticket2/opencms/hy/buy?catid=1656e964-1e02-9a38-d092-65384e60b6ea&comcatid=97eca65a-72da-f9af-9dbb-245d3cfed1be&page=6 HTTP/1.1" 404 -
65.108.110.26 - - [10/Nov/2024:01:06:47 +0100] "GET /ticket2/opencms/fi/buy/?page=1&edid=E8C34E6F-F034-0C2A-D437-ABD4D0BC81CD HTTP/1.1" 200 101936
194.247.173.99 - - [10/Nov/2024:01:06:48 +0100] "GET /ticket2/opencms/dk/no/buy/?page=1&edid=E927BEFD-9C6C-9D6C-18AA-81A3176DBF51&sortorder=desc&column=section HTTP/1.1" 404 -
192.95.30.177 - - [10/Nov/2024:01:06:50 +0100] "GET /ticket2/opencms/dk/en/buy/?page=1&edid=742CE524-9C3D-91F4-FC16-F3903E8D84E4&sortorder=desc&column=row HTTP/1.1" 404 -
65.108.110.26 - - [10/Nov/2024:01:06:51 +0100] "GET /ticket2/opencms/fi/buy/?page=1&edid=F267BE64-0678-3C51-6F26-6987170C70AB HTTP/1.1" 200 98674
114.119.159.237 - - [10/Nov/2024:01:06:51 +0100] "GET /ticket2/opencms/en/buy/?page=6&comcatid=A17713B6-D984-201A-4143-ED4DB5ED5C2E&catid=36394212-F82E-F845-399B-42BED55969CC&eventid=FB78739C-28A3-143B-0EB1-9AD7A5F28F83 HTTP/1.1" 200 96897
95.217.195.123 - - [10/Nov/2024:01:06:51 +0100] "GET /ticket2/opencms/dk/buy/?page=1&edid=C11DE3CA-0E71-859F-288C-EDF79380210E&sortorder=asc&column=section HTTP/1.1" 200 101986
66.249.76.225 - - [10/Nov/2024:01:06:52 +0100] "GET /ticket2/opencms/is/buy?page=1&edid=1AD4E11C-C792-1721-4D1A-2229101A30FD HTTP/1.1" 200 135250
194.247.173.99 - - [10/Nov/2024:01:06:53 +0100] "GET /ticket2/opencms/dk/no/buy/?page=1&edid=E9BA45F4-F721-E144-69B4-FC664078EBBF HTTP/1.1" 404 -
65.108.110.26 - - [10/Nov/2024:01:06:54 +0100] "GET /ticket2/opencms/fi/buy/?page=1&edid=F41FCF25-2A66-9DAB-4635-0085E6F77AE7 HTTP/1.1" 200 98655
217.113.194.216 - - [10/Nov/2024:01:06:55 +0100] "GET /ticket2/opencms/dk/buy/?page=1&edid=26FD5F34-C195-7172-EE2F-9EC20DBD4239 HTTP/1.1" 200 123933
54.36.148.232 - - [10/Nov/2024:01:06:55 +0100] "GET /ticket2/opencms/is/buy?page=6&comcatid=A17713B6-D984-201A-4143-ED4DB5ED5C2E&catid=3A7AEA37-903D-9533-4B33-21B0001FF1D1 HTTP/1.1" 200 94575
95.217.195.123 - - [10/Nov/2024:01:06:55 +0100] "GET /ticket2/opencms/dk/buy/?page=1&edid=C150F8B4-EF11-302C-3E37-D5F5D113309B&sortorder=asc&column=price HTTP/1.1" 200 102581
168.119.65.113 - - [10/Nov/2024:01:06:56 +0100] "GET /ticket2/opencms/system/modules/com.gridnine.opencms.ticketbrokerage.site/resources/js/jquery/jquery.js HTTP/1.1" 200 93868
168.119.65.113 - - [10/Nov/2024:01:06:56 +0100] "GET /ticket2/opencms/system/modules/com.gridnine.opencms.ticketbrokerage.site/resources/css/jquery-ui.css HTTP/1.1" 200 33221
168.119.65.113 - - [10/Nov/2024:01:06:56 +0100] "GET /ticket2/opencms/system/modules/com.gridnine.opencms.ticketbrokerage.site/resources/css/calendar.css HTTP/1.1" 200 6871
168.119.65.113 - - [10/Nov/2024:01:06:56 +0100] "GET /ticket2/opencms/system/modules/com.gridnine.opencms.ticketbrokerage.site/resources/css/ticketbrokerage.css HTTP/1.1" 200 39339
168.119.65.113 - - [10/Nov/2024:01:06:56 +0100] "GET /ticket2/opencms/system/modules/com.gridnine.opencms.ticketbrokerage.site/resources/css/standard.css HTTP/1.1" 200 73073
168.119.65.113 - - [10/Nov/2024:01:06:56 +0100] "GET /ticket2/opencms/system/modules/com.gridnine.opencms.ticketbrokerage.site/resources/js/jquery/jquery-ui.js HTTP/1.1" 200 228088
168.119.65.113 - - [10/Nov/2024:01:06:56 +0100] "GET /ticket2/opencms/system/modules/com.gridnine.opencms.ticketbrokerage.site/resources/js/jquery.fancybox.pack.js HTTP/1.1" 200 23187
168.119.65.113 - - [10/Nov/2024:01:06:56 +0100] "GET /ticket2/opencms/system/modules/com.gridnine.opencms.ticketbrokerage.site/resources/js/functions.js HTTP/1.1" 200 1583
168.119.65.113 - - [10/Nov/2024:01:06:56 +0100] "GET /ticket2/opencms/system/modules/com.gridnine.opencms.ticketbrokerage.site/resources/js/calendar.js HTTP/1.1" 200 49229
168.119.65.113 - - [10/Nov/2024:01:06:56 +0100] "GET /ticket2/opencms/system/modules/com.gridnine.opencms.ticketbrokerage.site/resources/js/calendar-en.js HTTP/1.1" 200 3338
168.119.65.113 - - [10/Nov/2024:01:06:56 +0100] "GET /ticket2/opencms/system/modules/com.gridnine.opencms.ticketbrokerage.site/resources/js/stickyfill.min.js HTTP/1.1" 200 5672
168.119.65.113 - - [10/Nov/2024:01:06:56 +0100] "GET /ticket2/opencms/system/modules/com.gridnine.opencms.ticketbrokerage.site/resources/js/calendar-setup.js HTTP/1.1" 200 4923
168.119.65.113 - - [10/Nov/2024:01:06:56 +0100] "GET /ticket2/opencms/system/modules/com.gridnine.opencms.ticketbrokerage.site/resources/js/standard.js HTTP/1.1" 200 3978
168.119.65.113 - - [10/Nov/2024:01:06:56 +0100] "GET /ticket2/opencms/system/modules/com.gridnine.opencms.ticketbrokerage.site/resources/js/common-ajax.js HTTP/1.1" 200 20175
168.119.65.113 - - [10/Nov/2024:01:06:56 +0100] "GET /ticket2/opencms/system/modules/com.gridnine.opencms.ticketbrokerage.site/resources/js/standard.js HTTP/1.1" 200 3978
65.108.110.26 - - [10/Nov/2024:01:06:57 +0100] "GET /ticket2/opencms/fi/buy/?page=1&edid=FA7F94B4-317A-0ECF-FA42-3F7BBDB83D52 HTTP/1.1" 200 98662
135.181.74.243 - - [10/Nov/2024:01:06:57 +0100] "GET /ticket2/opencms/dk/nl/buy/?page=1&edid=F36EBFB4-CF7D-E67C-06C2-0EBD19BC3697&sortorder=asc&column=row HTTP/1.1" 404 -
194.247.173.99 - - [10/Nov/2024:01:06:59 +0100] "GET /ticket2/opencms/dk/no/buy/?page=1&edid=EA94D3D4-FFFA-F63F-1970-2CE5FF8D4442 HTTP/1.1" 404 -
54.36.148.87 - - [10/Nov/2024:01:07:00 +0100] "GET /ticket2/opencms/dk/buy/?page=1&edid=486EB1CD-95BE-ED77-9E64-4E49BB28C6F8 HTTP/1.1" 200 99626
65.108.110.26 - - [10/Nov/2024:01:07:00 +0100] "GET /ticket2/opencms/fi/buy/?page=1&edid=FC821C33-E679-411D-0E2F-045A7A8A9CDD HTTP/1.1" 200 98660
54.36.149.73 - - [10/Nov/2024:01:07:02 +0100] "GET /ticket2/opencms/en/buy/?page=1&edid=9CB65BAE-DCD8-2D95-397D-813CF31BA500 HTTP/1.1" 200 123209
95.217.195.123 - - [10/Nov/2024:01:07:02 +0100] "GET /ticket2/opencms/dk/buy/?page=1&edid=C1DD80C7-8D4B-6F54-604C-75017AA9D563&sortorder=desc&column=row HTTP/1.1" 200 102107
217.113.194.214 - - [10/Nov/2024:01:07:03 +0100] "GET /ticket2/opencms/dk/buy/?page=1&edid=61A73CFD-14E9-BAC9-6D26-0E09D7C7A245 HTTP/1.1" 200 97337
65.108.110.26 - - [10/Nov/2024:01:07:03 +0100] "GET /ticket2/opencms/fi/venue/?venueid=22FBA63B-CC18-3864-F1A1-268F2EA93F27 HTTP/1.1" 200 78548
54.36.148.152 - - [10/Nov/2024:01:07:04 +0100] "GET /ticket2/opencms/is/buy?page=6&comcatid=A17713B6-D984-201A-4143-ED4DB5ED5C2E&catid=7ACC33AD-EE7E-AAA7-9050-0F4587759B87 HTTP/1.1" 200 94576
168.119.64.246 - - [10/Nov/2024:01:07:04 +0100] "GET /ticket2/opencms/system/modules/com.gridnine.opencms.ticketbrokerage.site/resources/css/jquery.fancybox.css HTTP/1.1" 200 4939
168.119.64.246 - - [10/Nov/2024:01:07:04 +0100] "GET /ticket2/opencms/system/modules/com.gridnine.opencms.ticketbrokerage.site/resources/css/standard.css HTTP/1.1" 200 73073
168.119.64.246 - - [10/Nov/2024:01:07:04 +0100] "GET /ticket2/opencms/system/modules/com.gridnine.opencms.ticketbrokerage.site/resources/css/ticketbrokerage.css HTTP/1.1" 200 39339
168.119.64.246 - - [10/Nov/2024:01:07:04 +0100] "GET /ticket2/opencms/system/modules/com.gridnine.opencms.ticketbrokerage.site/resources/css/calendar.css HTTP/1.1" 200 6871
168.119.64.246 - - [10/Nov/2024:01:07:04 +0100] "GET /ticket2/opencms/system/modules/com.gridnine.opencms.ticketbrokerage.site/resources/css/jquery-ui.css HTTP/1.1" 200 33221
168.119.64.246 - - [10/Nov/2024:01:07:04 +0100] "GET /ticket2/opencms/system/modules/com.gridnine.opencms.ticketbrokerage.site/resources/js/jquery/jquery-ui.js HTTP/1.1" 200 228088
168.119.64.246 - - [10/Nov/2024:01:07:04 +0100] "GET /ticket2/opencms/system/modules/com.gridnine.opencms.ticketbrokerage.site/resources/js/functions.js HTTP/1.1" 200 1583
168.119.64.246 - - [10/Nov/2024:01:07:04 +0100] "GET /ticket2/opencms/system/modules/com.gridnine.opencms.ticketbrokerage.site/resources/js/calendar-setup.js HTTP/1.1" 200 4923
168.119.64.246 - - [10/Nov/2024:01:07:04 +0100] "GET /ticket2/opencms/system/modules/com.gridnine.opencms.ticketbrokerage.site/resources/js/jquery/jquery.js HTTP/1.1" 200 93868
168.119.64.246 - - [10/Nov/2024:01:07:04 +0100] "GET /ticket2/opencms/system/modules/com.gridnine.opencms.ticketbrokerage.site/resources/js/calendar.js HTTP/1.1" 200 49229
168.119.64.246 - - [10/Nov/2024:01:07:04 +0100] "GET /ticket2/opencms/system/modules/com.gridnine.opencms.ticketbrokerage.site/resources/js/calendar-en.js HTTP/1.1" 200 3338
168.119.64.246 - - [10/Nov/2024:01:07:04 +0100] "GET /ticket2/opencms/system/modules/com.gridnine.opencms.ticketbrokerage.site/resources/js/jquery.fancybox.pack.js HTTP/1.1" 200 23187
168.119.64.246 - - [10/Nov/2024:01:07:04 +0100] "GET /ticket2/opencms/system/modules/com.gridnine.opencms.ticketbrokerage.site/resources/js/stickyfill.min.js HTTP/1.1" 200 5672
168.119.64.246 - - [10/Nov/2024:01:07:04 +0100] "GET /ticket2/opencms/system/modules/com.gridnine.opencms.ticketbrokerage.site/resources/js/standard.js HTTP/1.1" 200 3978
168.119.64.246 - - [10/Nov/2024:01:07:04 +0100] "GET /ticket2/opencms/system/modules/com.gridnine.opencms.ticketbrokerage.site/resources/js/jquery.placeholder.min.js HTTP/1.1" 200 1737
168.119.64.246 - - [10/Nov/2024:01:07:04 +0100] "GET /ticket2/opencms/system/modules/com.gridnine.opencms.ticketbrokerage.site/resources/js/common-ajax.js HTTP/1.1" 200 20175
168.119.64.246 - - [10/Nov/2024:01:07:04 +0100] "GET /ticket2/opencms/system/modules/com.gridnine.opencms.ticketbrokerage.site/resources/js/standard.js HTTP/1.1" 200 3978
194.247.173.99 - - [10/Nov/2024:01:07:05 +0100] "GET /ticket2/opencms/dk/no/buy/?page=1&edid=EA94D3D4-FFFA-F63F-1970-2CE5FF8D4442&sortorder=desc&column=price HTTP/1.1" 404 -
95.217.195.123 - - [10/Nov/2024:01:07:05 +0100] "GET /ticket2/opencms/dk/buy/?page=1&edid=C1DD80C7-8D4B-6F54-604C-75017AA9D563&sortorder=desc&column=section HTTP/1.1" 200 102291
47.128.46.227 - - [10/Nov/2024:01:07:05 +0100] "GET /ticket2/opencms/is/buy?edid=2E75356B-0466-ED51-C4D5-4A7F24AD43A4 HTTP/1.1" 200 81480
65.108.110.26 - - [10/Nov/2024:01:07:07 +0100] "GET /ticket2/opencms/fi/venue/?venueid=237BBFFD-D521-47F4-96BB-A1C99D9BA273 HTTP/1.1" 200 78606
54.36.149.7 - - [10/Nov/2024:01:07:09 +0100] "GET /ticket2/opencms/is/buy?page=6&comcatid=A17713B6-D984-201A-4143-ED4DB5ED5C2E&catid=AE3FE643-AE41-BAA6-237D-5206D1B044A1 HTTP/1.1" 200 94571
195.154.123.52 - - [10/Nov/2024:01:07:09 +0100] "GET /ticket2/opencms/system/modules/com.gridnine.opencms.ticketbrokerage.site/resources/css/calendar.css HTTP/1.1" 200 6871
195.154.123.52 - - [10/Nov/2024:01:07:09 +0100] "GET /ticket2/opencms/system/modules/com.gridnine.opencms.ticketbrokerage.site/resources/css/standard.css HTTP/1.1" 200 73073
195.154.123.52 - - [10/Nov/2024:01:07:09 +0100] "GET /ticket2/opencms/system/modules/com.gridnine.opencms.ticketbrokerage.site/resources/css/jquery.fancybox.css HTTP/1.1" 200 4939
195.154.123.52 - - [10/Nov/2024:01:07:09 +0100] "GET /ticket2/opencms/system/modules/com.gridnine.opencms.ticketbrokerage.site/resources/css/jquery-ui.css HTTP/1.1" 200 33221
195.154.123.52 - - [10/Nov/2024:01:07:09 +0100] "GET /ticket2/opencms/system/modules/com.gridnine.opencms.ticketbrokerage.site/resources/css/ticketbrokerage.css HTTP/1.1" 200 39339
195.154.123.52 - - [10/Nov/2024:01:07:09 +0100] "GET /ticket2/opencms/system/modules/com.gridnine.opencms.ticketbrokerage.site/resources/js/jquery/jquery.js HTTP/1.1" 200 93868
195.154.123.52 - - [10/Nov/2024:01:07:09 +0100] "GET /ticket2/opencms/system/modules/com.gridnine.opencms.ticketbrokerage.site/resources/js/jquery/jquery-ui.js HTTP/1.1" 200 228088
195.154.123.52 - - [10/Nov/2024:01:07:09 +0100] "GET /ticket2/opencms/system/modules/com.gridnine.opencms.ticketbrokerage.site/resources/js/functions.js HTTP/1.1" 200 1583
195.154.123.52 - - [10/Nov/2024:01:07:09 +0100] "GET /ticket2/opencms/system/modules/com.gridnine.opencms.ticketbrokerage.site/resources/js/calendar-en.js HTTP/1.1" 200 3338
195.154.123.52 - - [10/Nov/2024:01:07:09 +0100] "GET /ticket2/opencms/system/modules/com.gridnine.opencms.ticketbrokerage.site/resources/js/calendar.js HTTP/1.1" 200 49229
195.154.123.52 - - [10/Nov/2024:01:07:09 +0100] "GET /ticket2/opencms/system/modules/com.gridnine.opencms.ticketbrokerage.site/resources/js/calendar-setup.js HTTP/1.1" 200 4923
195.154.123.52 - - [10/Nov/2024:01:07:09 +0100] "GET /ticket2/opencms/system/modules/com.gridnine.opencms.ticketbrokerage.site/resources/js/jquery.fancybox.pack.js HTTP/1.1" 200 23187
195.154.123.52 - - [10/Nov/2024:01:07:09 +0100] "GET /ticket2/opencms/system/modules/com.gridnine.opencms.ticketbrokerage.site/resources/js/stickyfill.min.js HTTP/1.1" 200 5672
195.154.123.52 - - [10/Nov/2024:01:07:09 +0100] "GET /ticket2/opencms/system/modules/com.gridnine.opencms.ticketbrokerage.site/resources/js/standard.js HTTP/1.1" 200 3978
195.154.123.52 - - [10/Nov/2024:01:07:09 +0100] "GET /ticket2/opencms/system/modules/com.gridnine.opencms.ticketbrokerage.site/resources/js/jquery.placeholder.min.js HTTP/1.1" 200 1737
195.154.123.52 - - [10/Nov/2024:01:07:09 +0100] "GET /ticket2/opencms/system/modules/com.gridnine.opencms.ticketbrokerage.site/resources/js/common-ajax.js HTTP/1.1" 200 20175
195.154.123.52 - - [10/Nov/2024:01:07:10 +0100] "GET /ticket2/opencms/system/modules/com.gridnine.opencms.ticketbrokerage.site/resources/js/standard.js HTTP/1.1" 200 3978
135.181.74.243 - - [10/Nov/2024:01:07:10 +0100] "GET /ticket2/opencms/dk/nl/buy/?page=1&edid=F36EBFB4-CF7D-E67C-06C2-0EBD19BC3697&sortorder=desc&column=price HTTP/1.1" 404 -
65.108.110.26 - - [10/Nov/2024:01:07:11 +0100] "GET /ticket2/opencms/fi/venue/?venueid=2589C406-8AC4-E204-69A4-9A0C704DD161 HTTP/1.1" 200 78552
194.247.173.99 - - [10/Nov/2024:01:07:11 +0100] "GET /ticket2/opencms/dk/no/buy/?page=1&edid=EA94D3D4-FFFA-F63F-1970-2CE5FF8D4442&sortorder=desc&column=row HTTP/1.1" 404 -
217.113.194.212 - - [10/Nov/2024:01:07:11 +0100] "GET /ticket2/opencms/dk/buy/?page=1&edid=61FF73BA-4F7D-F27D-1D01-810C2448687E HTTP/1.1" 200 100648
95.217.195.123 - - [10/Nov/2024:01:07:12 +0100] "GET /ticket2/opencms/dk/buy/?page=1&edid=C2A79993-E70B-426D-9013-A8F409E2602A&sortorder=desc&column=price HTTP/1.1" 200 98695
47.128.28.222 - - [10/Nov/2024:01:07:12 +0100] "GET /ticket2/opencms/bg/buy/?edid=72D44309-5F0D-DDAA-4152-51321DBF919E HTTP/1.1" 200 81909
65.108.110.26 - - [10/Nov/2024:01:07:14 +0100] "GET /ticket2/opencms/fi/venue/?venueid=2A1F7458-E62C-56A4-0001-4FFC2E2DB7CB HTTP/1.1" 200 78513
54.36.148.107 - - [10/Nov/2024:01:07:15 +0100] "GET /ticket2/opencms/es/buy?page=6&comcatid=A17713B6-D984-201A-4143-ED4DB5ED5C2E&catid=A3372871-3019-08B8-80CE-74B78F441ACA HTTP/1.1" 200 95572
66.249.79.233 - - [10/Nov/2024:01:07:15 +0100] "GET /ticket2/opencms/en/buy/?page=1&edid=7BE90269-DBC0-BFB1-C2F9-B69F286E753D&hlv=66d5fd87-a514-4e48-b0b7-34bd0a01000f HTTP/1.1" 200 116818
195.154.123.102 - - [10/Nov/2024:01:07:16 +0100] "GET /ticket2/opencms/system/modules/com.gridnine.opencms.ticketbrokerage.site/resources/css/jquery-ui.css HTTP/1.1" 200 33221
195.154.123.102 - - [10/Nov/2024:01:07:16 +0100] "GET /ticket2/opencms/system/modules/com.gridnine.opencms.ticketbrokerage.site/resources/css/jquery.fancybox.css HTTP/1.1" 200 4939
195.154.123.102 - - [10/Nov/2024:01:07:16 +0100] "GET /ticket2/opencms/system/modules/com.gridnine.opencms.ticketbrokerage.site/resources/css/ticketbrokerage.css HTTP/1.1" 200 39339
195.154.123.102 - - [10/Nov/2024:01:07:16 +0100] "GET /ticket2/opencms/system/modules/com.gridnine.opencms.ticketbrokerage.site/resources/css/calendar.css HTTP/1.1" 200 6871
195.154.123.102 - - [10/Nov/2024:01:07:16 +0100] "GET /ticket2/opencms/system/modules/com.gridnine.opencms.ticketbrokerage.site/resources/css/standard.css HTTP/1.1" 200 73073
195.154.123.102 - - [10/Nov/2024:01:07:16 +0100] "GET /ticket2/opencms/system/modules/com.gridnine.opencms.ticketbrokerage.site/resources/js/jquery/jquery-ui.js HTTP/1.1" 200 228088
195.154.123.102 - - [10/Nov/2024:01:07:16 +0100] "GET /ticket2/opencms/system/modules/com.gridnine.opencms.ticketbrokerage.site/resources/js/calendar-setup.js HTTP/1.1" 200 4923
195.154.123.102 - - [10/Nov/2024:01:07:16 +0100] "GET /ticket2/opencms/system/modules/com.gridnine.opencms.ticketbrokerage.site/resources/js/calendar-en.js HTTP/1.1" 200 3338
195.154.123.102 - - [10/Nov/2024:01:07:16 +0100] "GET /ticket2/opencms/system/modules/com.gridnine.opencms.ticketbrokerage.site/resources/js/jquery.fancybox.pack.js HTTP/1.1" 200 23187
195.154.123.102 - - [10/Nov/2024:01:07:16 +0100] "GET /ticket2/opencms/system/modules/com.gridnine.opencms.ticketbrokerage.site/resources/js/stickyfill.min.js HTTP/1.1" 200 5672
195.154.123.102 - - [10/Nov/2024:01:07:16 +0100] "GET /ticket2/opencms/system/modules/com.gridnine.opencms.ticketbrokerage.site/resources/js/jquery/jquery.js HTTP/1.1" 200 93868
195.154.123.102 - - [10/Nov/2024:01:07:16 +0100] "GET /ticket2/opencms/system/modules/com.gridnine.opencms.ticketbrokerage.site/resources/js/functions.js HTTP/1.1" 200 1583
195.154.123.102 - - [10/Nov/2024:01:07:16 +0100] "GET /ticket2/opencms/system/modules/com.gridnine.opencms.ticketbrokerage.site/resources/js/calendar.js HTTP/1.1" 200 49229
195.154.123.102 - - [10/Nov/2024:01:07:16 +0100] "GET /ticket2/opencms/system/modules/com.gridnine.opencms.ticketbrokerage.site/resources/js/standard.js HTTP/1.1" 200 3978
195.154.123.102 - - [10/Nov/2024:01:07:16 +0100] "GET /ticket2/opencms/system/modules/com.gridnine.opencms.ticketbrokerage.site/resources/js/jquery.placeholder.min.js HTTP/1.1" 200 1737
195.154.123.102 - - [10/Nov/2024:01:07:16 +0100] "GET /ticket2/opencms/system/modules/com.gridnine.opencms.ticketbrokerage.site/resources/js/common-ajax.js HTTP/1.1" 200 20175
195.154.123.102 - - [10/Nov/2024:01:07:16 +0100] "GET /ticket2/opencms/system/modules/com.gridnine.opencms.ticketbrokerage.site/resources/js/standard.js HTTP/1.1" 200 3978
194.247.173.99 - - [10/Nov/2024:01:07:16 +0100] "GET /ticket2/opencms/dk/no/buy/?page=1&edid=EBF0F3D2-0899-5044-6E4B-7CEB8830B7C7 HTTP/1.1" 404 -
65.108.110.26 - - [10/Nov/2024:01:07:18 +0100] "GET /ticket2/opencms/fi/venue/?venueid=2A287657-A170-E643-8D17-78F1DB6C8F4A HTTP/1.1" 200 78531
95.217.195.123 - - [10/Nov/2024:01:07:18 +0100] "GET /ticket2/opencms/dk/buy/?page=1&edid=C3C85BA9-2E4B-C378-8825-4A7128A5F236&sortorder=desc&column=price HTTP/1.1" 200 98690
135.181.74.243 - - [10/Nov/2024:01:07:20 +0100] "GET /ticket2/opencms/dk/nl/buy/?page=1&edid=F36EBFB4-CF7D-E67C-06C2-0EBD19BC3697&sortorder=desc&column=row HTTP/1.1" 404 -
217.113.194.218 - - [10/Nov/2024:01:07:20 +0100] "GET /ticket2/opencms/dk/buy/?page=1&edid=31B9C446-A8DC-95DD-A849-35A34B746A74 HTTP/1.1" 200 120664
65.108.110.26 - - [10/Nov/2024:01:07:21 +0100] "GET /ticket2/opencms/fi/venue/?venueid=2ABA9B42-A594-1503-6871-6005D5872901 HTTP/1.1" 200 78551
54.36.148.161 - - [10/Nov/2024:01:07:21 +0100] "GET /ticket2/opencms/it/buy?page=6&comcatid=A17713B6-D984-201A-4143-ED4DB5ED5C2E&catid=A3372871-3019-08B8-80CE-74B78F441ACA HTTP/1.1" 200 95483
192.95.30.177 - - [10/Nov/2024:01:07:22 +0100] "GET /ticket2/opencms/dk/en/buy/?page=1&edid=742CE524-9C3D-91F4-FC16-F3903E8D84E4&sortorder=desc&column=section HTTP/1.1" 404 -
168.119.65.55 - - [10/Nov/2024:01:07:22 +0100] "GET /ticket2/opencms/system/modules/com.gridnine.opencms.ticketbrokerage.site/resources/css/jquery-ui.css HTTP/1.1" 200 33221
168.119.65.55 - - [10/Nov/2024:01:07:22 +0100] "GET /ticket2/opencms/system/modules/com.gridnine.opencms.ticketbrokerage.site/resources/css/jquery.fancybox.css HTTP/1.1" 200 4939
168.119.65.55 - - [10/Nov/2024:01:07:22 +0100] "GET /ticket2/opencms/system/modules/com.gridnine.opencms.ticketbrokerage.site/resources/css/calendar.css HTTP/1.1" 200 6871
168.119.65.55 - - [10/Nov/2024:01:07:22 +0100] "GET /ticket2/opencms/system/modules/com.gridnine.opencms.ticketbrokerage.site/resources/css/ticketbrokerage.css HTTP/1.1" 200 39339
168.119.65.55 - - [10/Nov/2024:01:07:22 +0100] "GET /ticket2/opencms/system/modules/com.gridnine.opencms.ticketbrokerage.site/resources/css/standard.css HTTP/1.1" 200 73073
168.119.65.55 - - [10/Nov/2024:01:07:22 +0100] "GET /ticket2/opencms/system/modules/com.gridnine.opencms.ticketbrokerage.site/resources/js/jquery/jquery-ui.js HTTP/1.1" 200 228088
168.119.65.55 - - [10/Nov/2024:01:07:22 +0100] "GET /ticket2/opencms/system/modules/com.gridnine.opencms.ticketbrokerage.site/resources/js/functions.js HTTP/1.1" 200 1583
168.119.65.55 - - [10/Nov/2024:01:07:22 +0100] "GET /ticket2/opencms/system/modules/com.gridnine.opencms.ticketbrokerage.site/resources/js/calendar-en.js HTTP/1.1" 200 3338
168.119.65.55 - - [10/Nov/2024:01:07:22 +0100] "GET /ticket2/opencms/system/modules/com.gridnine.opencms.ticketbrokerage.site/resources/js/calendar-setup.js HTTP/1.1" 200 4923
168.119.65.55 - - [10/Nov/2024:01:07:22 +0100] "GET /ticket2/opencms/system/modules/com.gridnine.opencms.ticketbrokerage.site/resources/js/jquery/jquery.js HTTP/1.1" 200 93868
168.119.65.55 - - [10/Nov/2024:01:07:22 +0100] "GET /ticket2/opencms/system/modules/com.gridnine.opencms.ticketbrokerage.site/resources/js/calendar.js HTTP/1.1" 200 49229
168.119.65.55 - - [10/Nov/2024:01:07:22 +0100] "GET /ticket2/opencms/system/modules/com.gridnine.opencms.ticketbrokerage.site/resources/js/jquery.fancybox.pack.js HTTP/1.1" 200 23187
168.119.65.55 - - [10/Nov/2024:01:07:22 +0100] "GET /ticket2/opencms/system/modules/com.gridnine.opencms.ticketbrokerage.site/resources/js/stickyfill.min.js HTTP/1.1" 200 5672
168.119.65.55 - - [10/Nov/2024:01:07:22 +0100] "GET /ticket2/opencms/system/modules/com.gridnine.opencms.ticketbrokerage.site/resources/js/standard.js HTTP/1.1" 200 3978
194.247.173.99 - - [10/Nov/2024:01:07:22 +0100] "GET /ticket2/opencms/dk/no/buy/?page=1&edid=EBF0F3D2-0899-5044-6E4B-7CEB8830B7C7&sortorder=desc&column=price HTTP/1.1" 404 -
168.119.65.55 - - [10/Nov/2024:01:07:22 +0100] "GET /ticket2/opencms/system/modules/com.gridnine.opencms.ticketbrokerage.site/resources/js/jquery.placeholder.min.js HTTP/1.1" 200 1737
168.119.65.55 - - [10/Nov/2024:01:07:22 +0100] "GET /ticket2/opencms/system/modules/com.gridnine.opencms.ticketbrokerage.site/resources/js/common-ajax.js HTTP/1.1" 200 20175
95.217.195.123 - - [10/Nov/2024:01:07:22 +0100] "GET /ticket2/opencms/dk/buy/?page=1&edid=C3C85BA9-2E4B-C378-8825-4A7128A5F236&sortorder=desc&column=row HTTP/1.1" 200 98598
168.119.65.55 - - [10/Nov/2024:01:07:22 +0100] "GET /ticket2/opencms/system/modules/com.gridnine.opencms.ticketbrokerage.site/resources/js/standard.js HTTP/1.1" 200 3978
65.108.110.26 - - [10/Nov/2024:01:07:24 +0100] "GET /ticket2/opencms/fi/venue/?venueid=2AFE6989-583A-A72A-83F2-90DEF8445DB9 HTTP/1.1" 200 78527
65.108.110.26 - - [10/Nov/2024:01:07:28 +0100] "GET /ticket2/opencms/fi/venue/?venueid=2BB1A567-8116-6277-46C8-9A4B7BC95101 HTTP/1.1" 200 78524
194.247.173.99 - - [10/Nov/2024:01:07:28 +0100] "GET /ticket2/opencms/dk/no/buy/?page=1&edid=F3251279-5CA1-2E3D-DFD8-8321544A1F81&sortorder=desc&column=price HTTP/1.1" 404 -
217.113.194.212 - - [10/Nov/2024:01:07:29 +0100] "GET /ticket2/opencms/dk/buy/?page=1&edid=5D2C7F0A-6D8C-4B20-24D2-21DDAC599D86 HTTP/1.1" 200 97375
95.217.195.123 - - [10/Nov/2024:01:07:29 +0100] "GET /ticket2/opencms/dk/buy/?page=1&edid=C3C85BA9-2E4B-C378-8825-4A7128A5F236&sortorder=desc&column=section HTTP/1.1" 200 98782
54.36.148.9 - - [10/Nov/2024:01:07:30 +0100] "GET /ticket2/opencms/no/sport/fotballsbilletter/serie_a/salernitana/ HTTP/1.1" 200 79597
85.208.96.212 - - [10/Nov/2024:01:07:31 +0100] "GET /ticket2/opencms/sv/magazine/article?title=luka-modric-stannar-i-real-madrid HTTP/1.1" 200 85999
65.108.110.26 - - [10/Nov/2024:01:07:31 +0100] "GET /ticket2/opencms/fi/venue/?venueid=2BC6CC65-A6E8-9076-F09C-25E6D45A736B HTTP/1.1" 200 78528
135.181.74.243 - - [10/Nov/2024:01:07:31 +0100] "GET /ticket2/opencms/dk/nl/buy/?page=1&edid=F36EBFB4-CF7D-E67C-06C2-0EBD19BC3697&sortorder=desc&column=section HTTP/1.1" 404 -
95.217.195.123 - - [10/Nov/2024:01:07:33 +0100] "GET /ticket2/opencms/dk/buy/?page=1&edid=C439FA23-3FE7-CDC9-A39E-4CD3D19ACA8D&sortorder=desc&column=price HTTP/1.1" 200 102032
65.108.110.26 - - [10/Nov/2024:01:07:34 +0100] "GET /ticket2/opencms/fi/venue/?venueid=2C05FD8F-0F8B-4EB0-A1C9-4F2046334E3E HTTP/1.1" 200 78534
47.128.44.154 - - [10/Nov/2024:01:07:35 +0100] "GET /ticket2/opencms/pl/about/contact/ HTTP/1.1" 200 77789
194.247.173.99 - - [10/Nov/2024:01:07:35 +0100] "GET /ticket2/opencms/dk/no/buy/?page=1&edid=F3251279-5CA1-2E3D-DFD8-8321544A1F81&sortorder=desc&column=row HTTP/1.1" 404 -
47.128.44.154 - - [10/Nov/2024:01:07:36 +0100] "GET /ticket2/opencms/system/modules/com.gridnine.opencms.ticketbrokerage.site/resources/css/images/event-banner.png HTTP/1.1" 404 -
66.249.79.77 - - [10/Nov/2024:01:07:37 +0100] "GET /ticket2/opencms/no/sport/fotballsbilletter/premier_league/tottenham/ HTTP/1.1" 200 94528
217.113.194.217 - - [10/Nov/2024:01:07:37 +0100] "GET /ticket2/opencms/dk/buy/?page=1&edid=5DBB4F23-1DC6-5854-92A3-8C0AF6152B4D HTTP/1.1" 200 113235
66.249.79.65 - - [10/Nov/2024:01:07:37 +0100] "GET /ticket2/opencms/fi/buy/?page=1&edid=46387882-96DC-F7A5-D33D-152A1A6DE740 HTTP/1.1" 200 98631
5.9.55.228 - - [10/Nov/2024:01:07:38 +0100] "GET /ticket2/opencms/hy/buy?catid=2ccc191c-f37f-b9ca-d41c-1204e575b328&comcatid=97eca65a-72da-f9af-9dbb-245d3cfed1be&page=6 HTTP/1.1" 404 -
65.108.110.26 - - [10/Nov/2024:01:07:38 +0100] "GET /ticket2/opencms/fi/venue/?venueid=2C09BEA1-5E2F-8434-031D-62BC13D49C80 HTTP/1.1" 200 78564
95.217.195.123 - - [10/Nov/2024:01:07:38 +0100] "GET /ticket2/opencms/dk/buy/?page=1&edid=C47633E9-F577-442A-0147-9F58E930D649&sortorder=desc&column=price HTTP/1.1" 200 102005
65.108.110.26 - - [10/Nov/2024:01:07:41 +0100] "GET /ticket2/opencms/fi/venue/?venueid=2EC33FB3-338D-7213-6735-DB0B661D4D01 HTTP/1.1" 200 78540
194.247.173.99 - - [10/Nov/2024:01:07:42 +0100] "GET /ticket2/opencms/dk/no/buy/?page=1&edid=F3251279-5CA1-2E3D-DFD8-8321544A1F81&sortorder=desc&column=section HTTP/1.1" 404 -
54.36.149.71 - - [10/Nov/2024:01:07:42 +0100] "GET /ticket2/opencms/en/venue/?venueid=3E802A88-E379-6B54-CC97-5C7F82981C82 HTTP/1.1" 200 76981
95.217.195.123 - - [10/Nov/2024:01:07:42 +0100] "GET /ticket2/opencms/dk/buy/?page=1&edid=C563FDCC-68C6-C204-199E-74622D869BA8&sortorder=asc&column=row HTTP/1.1" 200 102059
135.181.74.243 - - [10/Nov/2024:01:07:44 +0100] "GET /ticket2/opencms/dk/nl/buy/?page=1&edid=F3EAB77E-5223-86F1-9947-9F306D6E6D43&sortorder=asc&column=row HTTP/1.1" 404 -
65.108.110.26 - - [10/Nov/2024:01:07:44 +0100] "GET /ticket2/opencms/fi/venue/?venueid=2F261BB4-3D07-7D1B-5751-5C32681D1DE3 HTTP/1.1" 200 78582
217.113.194.218 - - [10/Nov/2024:01:07:45 +0100] "GET /ticket2/opencms/dk/buy/?page=1&edid=6CE412D5-18A2-63A1-9DCD-E2D0C2704DA8 HTTP/1.1" 200 97371
95.217.195.123 - - [10/Nov/2024:01:07:45 +0100] "GET /ticket2/opencms/dk/buy/?page=1&edid=C58C4D82-5A12-E919-06D9-9707EA405EF9&sortorder=desc&column=section HTTP/1.1" 200 102746
40.77.167.243 - - [10/Nov/2024:01:07:47 +0100] "GET /ticket2/opencms/en/buy/?page=6&comcatid=A17713B6-D984-201A-4143-ED4DB5ED5C2E&catid=06324577-7173-BAB0-146D-E644C912F7C1&eventid=B194C4C7-6A55-0CA8-6BBF-3B35922D1A6B HTTP/1.1" 200 97316
194.247.173.99 - - [10/Nov/2024:01:07:47 +0100] "GET /ticket2/opencms/dk/no/buy/?page=1&edid=F390A5E5-D6FF-349F-808E-346867C2ACB9&sortorder=desc&column=price HTTP/1.1" 404 -
65.108.110.26 - - [10/Nov/2024:01:07:48 +0100] "GET /ticket2/opencms/fi/venue/?venueid=2F4B9D73-9089-26F5-4E9E-2CBD328F67B2 HTTP/1.1" 200 78539
95.217.195.123 - - [10/Nov/2024:01:07:50 +0100] "GET /ticket2/opencms/dk/buy/?page=1&edid=E305D0D4-BB5B-19E2-61CE-4AD68E07A65B&sortorder=asc&column=row HTTP/1.1" 200 102062
54.36.148.102 - - [10/Nov/2024:01:07:50 +0100] "GET /ticket2/opencms/fi/buy/?page=1&edid=C8463748-B145-33AD-CEE6-A9DF95CEBC4A HTTP/1.1" 200 111840
65.108.110.26 - - [10/Nov/2024:01:07:51 +0100] "GET /ticket2/opencms/fi/venue/?venueid=2F6DFDC1-F019-8112-F2A0-0983384F59FC HTTP/1.1" 200 78543
194.247.173.99 - - [10/Nov/2024:01:07:52 +0100] "GET /ticket2/opencms/dk/no/buy/?page=1&edid=F390A5E5-D6FF-349F-808E-346867C2ACB9&sortorder=desc&column=row HTTP/1.1" 404 -
95.217.195.123 - - [10/Nov/2024:01:07:53 +0100] "GET /ticket2/opencms/dk/buy/?page=1&edid=E7D76902-ECED-BE8E-8DAB-8F4E7659C70A&sortorder=desc&column=section HTTP/1.1" 200 98789
192.95.30.177 - - [10/Nov/2024:01:07:53 +0100] "GET /ticket2/opencms/dk/en/buy/?page=1&edid=7545A501-A74F-FCD9-6047-6417398923F8&sortorder=asc&column=price HTTP/1.1" 404 -
217.113.194.212 - - [10/Nov/2024:01:07:54 +0100] "GET /ticket2/opencms/dk/buy/?page=1&edid=6B881D5E-3D84-4BC4-55F4-CC04EBCD3852 HTTP/1.1" 200 100642
65.108.110.26 - - [10/Nov/2024:01:07:54 +0100] "GET /ticket2/opencms/fi/venue/?venueid=30E59E70-2AD5-DB3F-8F99-0F76DBFE059E HTTP/1.1" 200 78560
54.36.148.141 - - [10/Nov/2024:01:07:56 +0100] "GET /ticket2/opencms/fi/buy/?page=1&edid=3F2482EE-6B7A-310D-17CE-1C7E3CC58C7F HTTP/1.1" 200 111838
65.108.110.26 - - [10/Nov/2024:01:07:58 +0100] "GET /ticket2/opencms/fi/venue/?venueid=31613234-3A5A-9089-C471-3CB6857351EF HTTP/1.1" 200 78605
194.247.173.99 - - [10/Nov/2024:01:07:59 +0100] "GET /ticket2/opencms/dk/no/buy/?page=1&edid=F7C7CE5C-27F1-F940-8336-0E32FA4FF112&sortorder=desc&column=row HTTP/1.1" 404 -
135.181.74.243 - - [10/Nov/2024:01:08:00 +0100] "GET /ticket2/opencms/dk/nl/buy/?page=1&edid=F4167223-BE9D-8076-FAEB-44CE8CD5CEB9&sortorder=asc&column=price HTTP/1.1" 404 -
95.217.195.123 - - [10/Nov/2024:01:08:01 +0100] "GET /ticket2/opencms/dk/buy/?page=1&edid=ED7CF137-3BFC-2E0C-6A25-38550AB9EA4F&sortorder=asc&column=price HTTP/1.1" 200 101931
54.36.149.104 - - [10/Nov/2024:01:08:01 +0100] "GET /ticket2/opencms/fi/buy/?page=1&edid=6900F69D-285C-3BF9-3103-7DA1DE82E367 HTTP/1.1" 200 111839
65.108.110.26 - - [10/Nov/2024:01:08:01 +0100] "GET /ticket2/opencms/fi/venue/?venueid=32051022-6465-48E2-B723-D5151C235369 HTTP/1.1" 200 78552
185.191.171.12 - - [10/Nov/2024:01:08:02 +0100] "GET /ticket2/opencms/sl/sport/nogometne-vstopnice/bundesliga/stuttgart HTTP/1.1" 200 94254
217.113.194.213 - - [10/Nov/2024:01:08:02 +0100] "GET /ticket2/opencms/dk/buy/?page=1&edid=6C281448-3D78-C82A-F8B5-D869FAF96E75 HTTP/1.1" 200 100643
95.217.195.123 - - [10/Nov/2024:01:08:03 +0100] "GET /ticket2/opencms/dk/buy/?page=1&edid=ED7CF137-3BFC-2E0C-6A25-38550AB9EA4F&sortorder=desc&column=price HTTP/1.1" 200 101976
194.247.173.99 - - [10/Nov/2024:01:08:04 +0100] "GET /ticket2/opencms/dk/no/buy/?page=1&edid=F86DC6C7-BB6C-B6B3-BE8B-026623A0DCBE&sortorder=asc&column=price HTTP/1.1" 404 -
65.108.110.26 - - [10/Nov/2024:01:08:04 +0100] "GET /ticket2/opencms/fi/venue/?venueid=3480DE49-E941-0709-302B-61748BF5ADE4 HTTP/1.1" 200 78525
65.108.110.26 - - [10/Nov/2024:01:08:08 +0100] "GET /ticket2/opencms/fi/venue/?venueid=353987F9-BE5F-F2A2-0D30-ACE5C9B1DA27 HTTP/1.1" 200 78537
95.217.195.123 - - [10/Nov/2024:01:08:09 +0100] "GET /ticket2/opencms/dk/buy/?page=1&edid=EF3D3437-C51D-CE9F-7FE1-478D64DCB3EA&sortorder=asc&column=section HTTP/1.1" 200 102701
194.247.173.99 - - [10/Nov/2024:01:08:09 +0100] "GET /ticket2/opencms/dk/no/buy/?page=1&edid=F86DC6C7-BB6C-B6B3-BE8B-026623A0DCBE&sortorder=desc&column=row HTTP/1.1" 404 -
217.113.194.217 - - [10/Nov/2024:01:08:11 +0100] "GET /ticket2/opencms/dk/buy/?page=1&edid=6F19F021-3ED1-A495-78E2-1515AAED7ED3 HTTP/1.1" 200 97352
65.108.110.26 - - [10/Nov/2024:01:08:11 +0100] "GET /ticket2/opencms/fi/venue/?venueid=364B4CF5-A40E-22B8-2221-EA8BDED4766A HTTP/1.1" 200 78534
95.217.195.123 - - [10/Nov/2024:01:08:12 +0100] "GET /ticket2/opencms/dk/buy/?page=1&edid=F7942CCC-714E-B79E-F81C-F985D84AAD24&sortorder=asc&column=row HTTP/1.1" 200 100777
54.36.148.24 - - [10/Nov/2024:01:08:13 +0100] "GET /ticket2/opencms/dk/venue/?venueid=78D0C4A5-99DA-B045-D1D7-45F70CE9F600 HTTP/1.1" 200 77446
135.181.74.243 - - [10/Nov/2024:01:08:14 +0100] "GET /ticket2/opencms/dk/nl/buy/?page=1&edid=F4167223-BE9D-8076-FAEB-44CE8CD5CEB9&sortorder=asc&column=row HTTP/1.1" 404 -
66.249.79.232 - - [10/Nov/2024:01:08:14 +0100] "GET /ticket2/opencms/nl/faq/ HTTP/1.1" 200 84229
65.108.110.26 - - [10/Nov/2024:01:08:15 +0100] "GET /ticket2/opencms/fi/venue/?venueid=37536D78-51ED-E1B7-F2B0-3074119C5B6B HTTP/1.1" 200 78573
194.247.173.99 - - [10/Nov/2024:01:08:15 +0100] "GET /ticket2/opencms/dk/no/buy/?page=1&edid=F86DC6C7-BB6C-B6B3-BE8B-026623A0DCBE&sortorder=desc&column=section HTTP/1.1" 404 -
95.217.195.123 - - [10/Nov/2024:01:08:16 +0100] "GET /ticket2/opencms/dk/buy/?page=1&edid=F7942CCC-714E-B79E-F81C-F985D84AAD24&sortorder=asc&column=section HTTP/1.1" 200 100961
66.249.79.171 - - [10/Nov/2024:01:08:18 +0100] "GET /ticket2/opencms/cs/buy/?page=1&edid=ABE0D196-5A84-0064-2AAA-8BE846913E3B HTTP/1.1" 200 125609
54.36.149.21 - - [10/Nov/2024:01:08:18 +0100] "GET /ticket2/opencms/sv/buy/?page=1&edid=355D3270-70A4-08B0-6A25-52C4305F40B2 HTTP/1.1" 200 97697
65.108.110.26 - - [10/Nov/2024:01:08:18 +0100] "GET /ticket2/opencms/fi/venue/?venueid=3846EEC6-D71E-F10C-9733-AF9AE6463F86 HTTP/1.1" 200 78537
95.217.195.123 - - [10/Nov/2024:01:08:18 +0100] "GET /ticket2/opencms/dk/buy/?page=1&edid=F7B8BE92-D516-BEF0-162F-E147FE8DEFE4&sortorder=asc&column=price HTTP/1.1" 200 102605
217.113.194.213 - - [10/Nov/2024:01:08:19 +0100] "GET /ticket2/opencms/dk/buy/?page=1&edid=3E24521C-DB13-BD95-52CD-A7377E1EA4E7 HTTP/1.1" 200 101134
194.247.173.99 - - [10/Nov/2024:01:08:20 +0100] "GET /ticket2/opencms/dk/no/buy/?page=1&edid=F8EF455C-C1A9-C141-4970-96384C3A2AFD&sortorder=desc&column=price HTTP/1.1" 404 -
192.95.30.177 - - [10/Nov/2024:01:08:21 +0100] "GET /ticket2/opencms/dk/en/buy/?page=1&edid=7545A501-A74F-FCD9-6047-6417398923F8&sortorder=asc&column=row HTTP/1.1" 404 -
65.108.110.26 - - [10/Nov/2024:01:08:21 +0100] "GET /ticket2/opencms/fi/venue/?venueid=39B3A61A-44BF-44D0-2A9A-4F22CB9C7DF2 HTTP/1.1" 200 78570
95.217.195.123 - - [10/Nov/2024:01:08:23 +0100] "GET /ticket2/opencms/dk/buy/?page=1&edid=FA871E67-06F0-55A8-454C-1B47E7E4E6F0 HTTP/1.1" 200 100422
54.36.148.156 - - [10/Nov/2024:01:08:24 +0100] "GET /ticket2/opencms/nl/buy?page=6&comcatid=A17713B6-D984-201A-4143-ED4DB5ED5C2E&catid=A7674DEA-B39E-502C-2F76-760AE08947E9 HTTP/1.1" 200 98734
195.154.123.51 - - [10/Nov/2024:01:08:24 +0100] "GET /ticket2/opencms/system/modules/com.gridnine.opencms.ticketbrokerage.site/resources/css/jquery.fancybox.css HTTP/1.1" 200 4939
195.154.123.51 - - [10/Nov/2024:01:08:24 +0100] "GET /ticket2/opencms/system/modules/com.gridnine.opencms.ticketbrokerage.site/resources/css/jquery-ui.css HTTP/1.1" 200 33221
195.154.123.51 - - [10/Nov/2024:01:08:24 +0100] "GET /ticket2/opencms/system/modules/com.gridnine.opencms.ticketbrokerage.site/resources/js/functions.js HTTP/1.1" 200 1583
195.154.123.51 - - [10/Nov/2024:01:08:24 +0100] "GET /ticket2/opencms/system/modules/com.gridnine.opencms.ticketbrokerage.site/resources/css/ticketbrokerage.css HTTP/1.1" 200 39339
195.154.123.51 - - [10/Nov/2024:01:08:24 +0100] "GET /ticket2/opencms/system/modules/com.gridnine.opencms.ticketbrokerage.site/resources/css/standard.css HTTP/1.1" 200 73073
195.154.123.51 - - [10/Nov/2024:01:08:24 +0100] "GET /ticket2/opencms/system/modules/com.gridnine.opencms.ticketbrokerage.site/resources/css/calendar.css HTTP/1.1" 200 6871
195.154.123.51 - - [10/Nov/2024:01:08:24 +0100] "GET /ticket2/opencms/system/modules/com.gridnine.opencms.ticketbrokerage.site/resources/js/jquery/jquery-ui.js HTTP/1.1" 200 228088
195.154.123.51 - - [10/Nov/2024:01:08:24 +0100] "GET /ticket2/opencms/system/modules/com.gridnine.opencms.ticketbrokerage.site/resources/js/calendar.js HTTP/1.1" 200 49229
195.154.123.51 - - [10/Nov/2024:01:08:24 +0100] "GET /ticket2/opencms/system/modules/com.gridnine.opencms.ticketbrokerage.site/resources/js/jquery/jquery.js HTTP/1.1" 200 93868
195.154.123.51 - - [10/Nov/2024:01:08:24 +0100] "GET /ticket2/opencms/system/modules/com.gridnine.opencms.ticketbrokerage.site/resources/js/jquery.fancybox.pack.js HTTP/1.1" 200 23187
195.154.123.51 - - [10/Nov/2024:01:08:24 +0100] "GET /ticket2/opencms/system/modules/com.gridnine.opencms.ticketbrokerage.site/resources/js/calendar-setup.js HTTP/1.1" 200 4923
195.154.123.51 - - [10/Nov/2024:01:08:24 +0100] "GET /ticket2/opencms/system/modules/com.gridnine.opencms.ticketbrokerage.site/resources/js/calendar-en.js HTTP/1.1" 200 3338
195.154.123.51 - - [10/Nov/2024:01:08:25 +0100] "GET /ticket2/opencms/system/modules/com.gridnine.opencms.ticketbrokerage.site/resources/js/stickyfill.min.js HTTP/1.1" 200 5672
195.154.123.51 - - [10/Nov/2024:01:08:25 +0100] "GET /ticket2/opencms/system/modules/com.gridnine.opencms.ticketbrokerage.site/resources/js/standard.js HTTP/1.1" 200 3978
195.154.123.51 - - [10/Nov/2024:01:08:25 +0100] "GET /ticket2/opencms/system/modules/com.gridnine.opencms.ticketbrokerage.site/resources/js/jquery.placeholder.min.js HTTP/1.1" 200 1737
195.154.123.51 - - [10/Nov/2024:01:08:25 +0100] "GET /ticket2/opencms/system/modules/com.gridnine.opencms.ticketbrokerage.site/resources/js/common-ajax.js HTTP/1.1" 200 20175
65.108.110.26 - - [10/Nov/2024:01:08:25 +0100] "GET /ticket2/opencms/fi/venue/?venueid=3C42100B-58B0-2CFB-51D8-262D48BD2A0E HTTP/1.1" 200 78527
195.154.123.51 - - [10/Nov/2024:01:08:25 +0100] "GET /ticket2/opencms/system/modules/com.gridnine.opencms.ticketbrokerage.site/resources/js/standard.js HTTP/1.1" 200 3978
5.9.55.228 - - [10/Nov/2024:01:08:26 +0100] "GET /ticket2/opencms/hy/buy?catid=2e79aed8-ff58-b4e8-afb0-43e7cebe7864&comcatid=97eca65a-72da-f9af-9dbb-245d3cfed1be&page=6 HTTP/1.1" 404 -
95.217.195.123 - - [10/Nov/2024:01:08:26 +0100] "GET /ticket2/opencms/dk/buy/?page=1&edid=FB2118DF-D9FB-5A58-C950-85B43798EFC8&sortorder=asc&column=row HTTP/1.1" 200 102060
194.247.173.99 - - [10/Nov/2024:01:08:26 +0100] "GET /ticket2/opencms/dk/no/buy/?page=1&edid=FA79E9D9-43CE-DD01-4489-F857336B8E9C&sortorder=asc&column=row HTTP/1.1" 404 -
217.113.194.218 - - [10/Nov/2024:01:08:28 +0100] "GET /ticket2/opencms/dk/buy/?page=1&edid=3ED65AD6-1279-C02D-A742-75E583A6E3FA HTTP/1.1" 200 100625
