135.181.212.177 - - [10/Nov/2024:02:11:06 +0100] "GET /ticket2/opencms/nl/buy/?page=1&edid=812FD49D-304A-7328-3A5E-992562A1F44A HTTP/1.1" 200 99738
217.113.194.216 - - [10/Nov/2024:02:11:07 +0100] "GET /ticket2/opencms/ro/buy?page=1&edid=8A952CCD-A492-95D3-2AFF-7C7D5623F3B6 HTTP/1.1" 200 101179
54.36.149.37 - - [10/Nov/2024:02:11:09 +0100] "GET /ticket2/opencms/bs/buy/?page=1&edid=E9ADDD4B-2D5C-5990-7858-03EAA4240B08 HTTP/1.1" 200 101722
135.181.212.177 - - [10/Nov/2024:02:11:10 +0100] "GET /ticket2/opencms/nl/buy/?page=1&edid=81800969-8323-7DD5-2FF1-1DA61540AE9E HTTP/1.1" 200 96424
216.244.66.196 - - [10/Nov/2024:02:11:10 +0100] "GET /ticket2/opencms/et/buy?page=1&edid=1EC9B49C-3E71-53D7-479D-7C922516D58E HTTP/1.1" 200 126404
89.246.241.14 - - [10/Nov/2024:02:11:13 +0100] "GET /ticket2/opencms/en/buy?page=1&edid=3289C097-2261-9433-8644-DF033A9EE354 HTTP/1.1" 200 129124
135.181.212.177 - - [10/Nov/2024:02:11:13 +0100] "GET /ticket2/opencms/nl/buy/?page=1&edid=81B38BC2-1B10-C00A-7953-DB579F5D53A3 HTTP/1.1" 200 119706
217.113.194.217 - - [10/Nov/2024:02:11:15 +0100] "GET /ticket2/opencms/en/venue/?countryid=6A07F71C-E21A-1DB2-608E-7A1B9B76A929 HTTP/1.1" 200 106384
135.181.212.177 - - [10/Nov/2024:02:11:17 +0100] "GET /ticket2/opencms/nl/buy/?page=1&edid=81CABF18-BA6D-C79B-B74D-94D66EB07C86 HTTP/1.1" 200 122751
54.36.148.170 - - [10/Nov/2024:02:11:18 +0100] "GET /ticket2/opencms/bs/buy/?page=1&edid=F4C7EFF8-C5DC-C540-AEBA-14F365BADAA9 HTTP/1.1" 200 98488
135.181.212.177 - - [10/Nov/2024:02:11:20 +0100] "GET /ticket2/opencms/nl/buy/?page=1&edid=820E820B-37CC-F66B-02F7-31FA2470012D HTTP/1.1" 200 99700
85.208.96.199 - - [10/Nov/2024:02:11:22 +0100] "GET /ticket2/opencms/fi/urheilu/jalkapallo/bundesliga/frankfurt HTTP/1.1" 200 93949
135.181.212.177 - - [10/Nov/2024:02:11:23 +0100] "GET /ticket2/opencms/nl/buy/?page=1&edid=8302A2CB-D3FF-EC40-FAFE-E99E29DF82E1 HTTP/1.1" 200 96431
114.119.146.220 - - [10/Nov/2024:02:11:23 +0100] "GET /ticket2/opencms/en/buy/?page=1&edid=F1340EBD-44A9-B1F0-BC1D-EE72793167BD HTTP/1.1" 200 96911
217.113.194.218 - - [10/Nov/2024:02:11:24 +0100] "GET /ticket2/opencms/en/venue/?countryid=B8EC120B-4F43-C769-CF6D-BEF2F141BF54 HTTP/1.1" 200 106384
40.77.167.11 - - [10/Nov/2024:02:11:27 +0100] "GET /ticket2/opencms/en/venue/?countryid=160EC1E3-9CD9-D675-7FCF-474C7815EC7B HTTP/1.1" 200 117486
135.181.212.177 - - [10/Nov/2024:02:11:27 +0100] "GET /ticket2/opencms/nl/buy/?page=1&edid=835618E5-0D1F-48E2-E5CA-E8042B524D8C HTTP/1.1" 200 119706
216.244.66.196 - - [10/Nov/2024:02:11:28 +0100] "GET /ticket2/opencms/et/buy?page=1&edid=3583D5C7-607A-E528-A709-844E6A72DC1B HTTP/1.1" 200 130904
185.191.171.8 - - [10/Nov/2024:02:11:29 +0100] "GET /ticket2/opencms/uk/login/?url=%25252Fuk%25252Fsell%25252F HTTP/1.1" 200 83760
54.36.149.52 - - [10/Nov/2024:02:11:30 +0100] "GET /ticket2/opencms/fi/venue/?venueid=1D8D6A4F-9ED4-4698-838F-ADCA81DD135B HTTP/1.1" 200 78560
135.181.212.177 - - [10/Nov/2024:02:11:30 +0100] "GET /ticket2/opencms/nl/buy/?page=1&edid=84ABEF98-5B99-FE9A-F3A3-E305A7E3217D HTTP/1.1" 200 121849
217.113.194.217 - - [10/Nov/2024:02:11:33 +0100] "GET /ticket2/opencms/en/venue/?venueid=CE4FED53-6E30-BE8F-19FA-6C86D6E41D34 HTTP/1.1" 200 77004
135.181.212.177 - - [10/Nov/2024:02:11:34 +0100] "GET /ticket2/opencms/nl/buy/?page=1&edid=84C1C15E-A3CC-07A1-AA6A-061FC4B03894 HTTP/1.1" 200 122996
47.128.51.206 - - [10/Nov/2024:02:11:35 +0100] "GET /ticket2/opencms/sv/buy?edid=6957252F-9975-72EE-7A6D-432C5B1DEF2C HTTP/1.1" 200 80631
54.36.148.71 - - [10/Nov/2024:02:11:35 +0100] "GET /ticket2/opencms/sv/buy/?page=1&edid=8EE24D2F-4BF0-A103-6944-36103BCA6278 HTTP/1.1" 200 111554
135.181.212.177 - - [10/Nov/2024:02:11:37 +0100] "GET /ticket2/opencms/nl/buy/?page=1&edid=8513AB1B-B933-9792-1D4C-C887E0E5F59A HTTP/1.1" 200 96429
40.77.167.43 - - [10/Nov/2024:02:11:38 +0100] "GET /ticket2/opencms/sk/kontaktujte-nas HTTP/1.1" 200 80806
54.36.148.153 - - [10/Nov/2024:02:11:39 +0100] "GET /ticket2/opencms/de/sport/fussball-tickets/serie_a/frosinone/ HTTP/1.1" 200 88576
135.181.212.177 - - [10/Nov/2024:02:11:40 +0100] "GET /ticket2/opencms/nl/buy/?page=1&edid=852280F2-7607-55CD-719D-C17DB253385B HTTP/1.1" 200 96452
154.54.249.216 - - [10/Nov/2024:02:11:41 +0100] "GET /ticket2/opencms/en/buy?page=1&edid=BB2F3A74-7E9F-DB09-2C3F-D2D8CE32979C HTTP/1.1" 200 106176
216.244.66.196 - - [10/Nov/2024:02:11:44 +0100] "GET /ticket2/opencms/hr/buy?page=1&edid=718A7A5B-0864-7BB0-17EA-7D1DFF1DCA73 HTTP/1.1" 200 101778
135.181.212.177 - - [10/Nov/2024:02:11:44 +0100] "GET /ticket2/opencms/nl/buy/?page=1&edid=8551F24F-7E36-E365-707B-96D4F958640A HTTP/1.1" 200 108993
54.36.148.228 - - [10/Nov/2024:02:11:45 +0100] "GET /ticket2/opencms/de/sport/fussball-tickets/serie_a/udinese/ HTTP/1.1" 200 88223
66.249.79.6 - - [10/Nov/2024:02:11:45 +0100] "GET /ticket2/opencms/az/buy?page=1&edid=DD14CC82-883B-BD06-4306-EBD494AA1804 HTTP/1.1" 200 126565
85.208.96.208 - - [10/Nov/2024:02:11:45 +0100] "GET /ticket2/opencms/sv/tickets/barcelona/valladolid.html HTTP/1.1" 200 88110
114.119.139.202 - - [10/Nov/2024:02:11:45 +0100] "GET /ticket2/opencms/en/buy/?page=6&comcatid=B41CCF2B-5558-7AEE-3602-09BBDE417D65&catid=A34BCF61-E19C-5C5C-445E-06F3749E1EF4 HTTP/1.1" 200 84060
40.77.167.37 - - [10/Nov/2024:02:11:46 +0100] "GET /ticket2/opencms/dk/buy/?page=1&edid=3EACF9E2-ABC6-108D-E866-9803A85B9A14 HTTP/1.1" 200 96671
135.181.212.177 - - [10/Nov/2024:02:11:47 +0100] "GET /ticket2/opencms/nl/buy/?page=1&edid=855AA881-22DD-B532-D219-E200D0C8F678 HTTP/1.1" 200 96412
217.113.194.221 - - [10/Nov/2024:02:11:50 +0100] "GET /ticket2/opencms/en/buy?page=1&edid=E86A1D4E-A968-0058-E9E5-93DA356CB848 HTTP/1.1" 200 99541
54.36.148.163 - - [10/Nov/2024:02:11:51 +0100] "GET /ticket2/opencms/nl/buy/?page=1&edid=DE5B6A64-DD53-E533-1C9F-682C000226C9 HTTP/1.1" 200 108950
135.181.212.177 - - [10/Nov/2024:02:11:51 +0100] "GET /ticket2/opencms/nl/buy/?page=1&edid=85FEE197-56BE-9C34-A3B3-D08AF509D2AB HTTP/1.1" 200 122413
5.9.55.228 - - [10/Nov/2024:02:11:52 +0100] "GET /ticket2/opencms/az/buy?catid=757e2dfb-33da-9b34-8402-9f06b19d8409&comcatid=97eca65a-72da-f9af-9dbb-245d3cfed1be&page=6 HTTP/1.1" 200 84117
114.119.150.49 - - [10/Nov/2024:02:11:53 +0100] "GET /ticket2/opencms/en/buy/?page=6&comcatid=A17713B6-D984-201A-4143-ED4DB5ED5C2E&catid=06324577-7173-BAB0-146D-E644C912F7C1&eventid=BC561376-B4E8-33D4-7E7F-03D25A501B64 HTTP/1.1" 200 97316
135.181.212.177 - - [10/Nov/2024:02:11:54 +0100] "GET /ticket2/opencms/nl/buy/?page=1&edid=86016FCC-B629-DB25-1B97-EF7601F07523 HTTP/1.1" 200 96449
54.36.148.11 - - [10/Nov/2024:02:11:55 +0100] "GET /ticket2/opencms/sv/buy/?page=1&edid=E2D9A408-8935-6A15-C054-9FB347B10142 HTTP/1.1" 200 110545
135.181.212.177 - - [10/Nov/2024:02:11:58 +0100] "GET /ticket2/opencms/nl/buy/?page=1&edid=8637C090-8488-5902-952D-020E3ADF8CC0 HTTP/1.1" 200 96444
217.113.194.218 - - [10/Nov/2024:02:11:58 +0100] "GET /ticket2/opencms/en/buy?page=1&edid=E70FB554-2791-6E97-67AE-E9AC44B5D956 HTTP/1.1" 200 96945
216.244.66.196 - - [10/Nov/2024:02:11:58 +0100] "GET /ticket2/opencms/hr/buy?page=1&edid=A492339E-0658-D77B-570A-6146F24F8C0A HTTP/1.1" 200 101134
47.128.45.151 - - [10/Nov/2024:02:12:00 +0100] "GET /ticket2/opencms/lv/buy/?edid=EE9D378D-B608-D0C3-023E-19EA1CC71BB7 HTTP/1.1" 200 81476
135.181.212.177 - - [10/Nov/2024:02:12:01 +0100] "GET /ticket2/opencms/nl/buy/?page=1&edid=866ED0B0-A67C-9147-4D6A-B6162F21CEF8 HTTP/1.1" 200 102444
85.208.96.196 - - [10/Nov/2024:02:12:03 +0100] "GET /ticket2/opencms/fr/sport/billets-football/premier_league/west_ham_united/ HTTP/1.1" 200 96703
135.181.212.177 - - [10/Nov/2024:02:12:04 +0100] "GET /ticket2/opencms/nl/buy/?page=1&edid=8704A6FC-1DE4-C984-AB65-851DF73AC6FC HTTP/1.1" 200 96431
54.36.148.50 - - [10/Nov/2024:02:12:05 +0100] "GET /ticket2/opencms/bs/buy?page=6&comcatid=A17713B6-D984-201A-4143-ED4DB5ED5C2E&catid=A7674DEA-B39E-502C-2F76-760AE08947E9 HTTP/1.1" 200 100685
195.154.126.92 - - [10/Nov/2024:02:12:06 +0100] "GET /ticket2/opencms/system/modules/com.gridnine.opencms.ticketbrokerage.site/resources/css/calendar.css HTTP/1.1" 200 6871
195.154.126.92 - - [10/Nov/2024:02:12:06 +0100] "GET /ticket2/opencms/system/modules/com.gridnine.opencms.ticketbrokerage.site/resources/css/ticketbrokerage.css HTTP/1.1" 200 39339
195.154.126.92 - - [10/Nov/2024:02:12:06 +0100] "GET /ticket2/opencms/system/modules/com.gridnine.opencms.ticketbrokerage.site/resources/css/jquery.fancybox.css HTTP/1.1" 200 4939
195.154.126.92 - - [10/Nov/2024:02:12:06 +0100] "GET /ticket2/opencms/system/modules/com.gridnine.opencms.ticketbrokerage.site/resources/css/jquery-ui.css HTTP/1.1" 200 33221
195.154.126.92 - - [10/Nov/2024:02:12:06 +0100] "GET /ticket2/opencms/system/modules/com.gridnine.opencms.ticketbrokerage.site/resources/js/jquery/jquery-ui.js HTTP/1.1" 200 228088
195.154.126.92 - - [10/Nov/2024:02:12:06 +0100] "GET /ticket2/opencms/system/modules/com.gridnine.opencms.ticketbrokerage.site/resources/css/standard.css HTTP/1.1" 200 73073
195.154.126.92 - - [10/Nov/2024:02:12:06 +0100] "GET /ticket2/opencms/system/modules/com.gridnine.opencms.ticketbrokerage.site/resources/js/functions.js HTTP/1.1" 200 1583
195.154.126.92 - - [10/Nov/2024:02:12:06 +0100] "GET /ticket2/opencms/system/modules/com.gridnine.opencms.ticketbrokerage.site/resources/js/jquery/jquery.js HTTP/1.1" 200 93868
195.154.126.92 - - [10/Nov/2024:02:12:06 +0100] "GET /ticket2/opencms/system/modules/com.gridnine.opencms.ticketbrokerage.site/resources/js/calendar-en.js HTTP/1.1" 200 3338
195.154.126.92 - - [10/Nov/2024:02:12:06 +0100] "GET /ticket2/opencms/system/modules/com.gridnine.opencms.ticketbrokerage.site/resources/js/calendar-setup.js HTTP/1.1" 200 4923
195.154.126.92 - - [10/Nov/2024:02:12:06 +0100] "GET /ticket2/opencms/system/modules/com.gridnine.opencms.ticketbrokerage.site/resources/js/calendar.js HTTP/1.1" 200 49229
195.154.126.92 - - [10/Nov/2024:02:12:06 +0100] "GET /ticket2/opencms/system/modules/com.gridnine.opencms.ticketbrokerage.site/resources/js/jquery.fancybox.pack.js HTTP/1.1" 200 23187
195.154.126.92 - - [10/Nov/2024:02:12:06 +0100] "GET /ticket2/opencms/system/modules/com.gridnine.opencms.ticketbrokerage.site/resources/js/stickyfill.min.js HTTP/1.1" 200 5672
195.154.126.92 - - [10/Nov/2024:02:12:06 +0100] "GET /ticket2/opencms/system/modules/com.gridnine.opencms.ticketbrokerage.site/resources/js/standard.js HTTP/1.1" 200 3978
195.154.126.92 - - [10/Nov/2024:02:12:06 +0100] "GET /ticket2/opencms/system/modules/com.gridnine.opencms.ticketbrokerage.site/resources/js/jquery.placeholder.min.js HTTP/1.1" 200 1737
195.154.126.92 - - [10/Nov/2024:02:12:06 +0100] "GET /ticket2/opencms/system/modules/com.gridnine.opencms.ticketbrokerage.site/resources/js/common-ajax.js HTTP/1.1" 200 20175
185.191.171.3 - - [10/Nov/2024:02:12:06 +0100] "GET /ticket2/opencms/uk/sport/kvytky-na-futbol/bundesliga/koln HTTP/1.1" 200 88819
217.113.194.212 - - [10/Nov/2024:02:12:06 +0100] "GET /ticket2/opencms/en/buy?page=1&edid=F85D8DE9-E53B-706A-AE66-0952D4F546DD HTTP/1.1" 200 96936
195.154.126.92 - - [10/Nov/2024:02:12:06 +0100] "GET /ticket2/opencms/system/modules/com.gridnine.opencms.ticketbrokerage.site/resources/js/standard.js HTTP/1.1" 200 3978
135.181.212.177 - - [10/Nov/2024:02:12:07 +0100] "GET /ticket2/opencms/nl/buy/?page=1&edid=871D7AC8-C2FD-89A7-A9D7-71A8AD06F3BB HTTP/1.1" 200 96409
47.128.96.70 - - [10/Nov/2024:02:12:08 +0100] "GET /ticket2/opencms/is/buy?edid=51218E22-B416-8A45-FFDA-8364D5067E03 HTTP/1.1" 200 81480
135.181.212.177 - - [10/Nov/2024:02:12:11 +0100] "GET /ticket2/opencms/nl/buy/?page=1&edid=872A1CAC-EC9F-5A17-CC81-87C861412BDF HTTP/1.1" 200 99689
54.36.149.52 - - [10/Nov/2024:02:12:11 +0100] "GET /ticket2/opencms/fi/buy/?page=1&edid=4BB86639-5E8A-308E-E195-0856E56FD3F8 HTTP/1.1" 200 110444
216.244.66.196 - - [10/Nov/2024:02:12:11 +0100] "GET /ticket2/opencms/bg/about/contact HTTP/1.1" 200 78247
66.249.76.232 - - [10/Nov/2024:02:12:12 +0100] "GET /ticket2/opencms/it/sport/biglietti-calcio/la-liga/barcelona/ HTTP/1.1" 200 96692
135.181.212.177 - - [10/Nov/2024:02:12:14 +0100] "GET /ticket2/opencms/nl/buy/?page=1&edid=87B3356E-6F78-7F45-235C-4CD49B95C308 HTTP/1.1" 200 122926
66.249.79.6 - - [10/Nov/2024:02:12:15 +0100] "GET /ticket2/opencms/lt/buy/?page=1&edid=8E60715C-679D-D409-2BE9-46EB77599BF4 HTTP/1.1" 200 115531
217.113.194.218 - - [10/Nov/2024:02:12:15 +0100] "GET /ticket2/opencms/en/buy?page=1&edid=E2CB9A79-554E-1B99-8B4A-D94A96F8D826 HTTP/1.1" 200 96896
135.181.212.177 - - [10/Nov/2024:02:12:17 +0100] "GET /ticket2/opencms/nl/buy/?page=1&edid=87DA8067-258E-93BF-F8B0-6A2011EF3D80 HTTP/1.1" 200 121980
54.36.149.88 - - [10/Nov/2024:02:12:20 +0100] "GET /ticket2/opencms/dk/buy/?page=1&edid=070182EB-30EF-F34B-AE41-C4B61E82D2C9 HTTP/1.1" 200 112723
135.181.212.177 - - [10/Nov/2024:02:12:21 +0100] "GET /ticket2/opencms/nl/buy/?page=1&edid=88EDF4A9-5E03-F703-C548-F2017B42179F HTTP/1.1" 200 101076
154.54.249.216 - - [10/Nov/2024:02:12:23 +0100] "GET /ticket2/opencms/en/buy?page=1&edid=9662AEC5-C2DE-EE5D-5D3B-AAB4B46EF79E HTTP/1.1" 200 96934
135.181.212.177 - - [10/Nov/2024:02:12:24 +0100] "GET /ticket2/opencms/nl/buy/?page=1&edid=890CCDBB-BBBF-11B0-1E79-EA111E8EF281 HTTP/1.1" 200 108132
54.36.148.43 - - [10/Nov/2024:02:12:26 +0100] "GET /ticket2/opencms/es/deporte/entradas-futbol/serie-a/bologna HTTP/1.1" 200 88318
185.191.171.13 - - [10/Nov/2024:02:12:27 +0100] "GET /ticket2/opencms/nl HTTP/1.1" 200 94141
135.181.212.177 - - [10/Nov/2024:02:12:28 +0100] "GET /ticket2/opencms/nl/buy/?page=1&edid=89104551-08D3-D9BB-EFEB-4D500F270FD9 HTTP/1.1" 200 98819
54.36.148.72 - - [10/Nov/2024:02:12:31 +0100] "GET /ticket2/opencms/fi/buy/?page=1&edid=1B8F518C-70C1-6862-0544-4A1418DD424D HTTP/1.1" 200 110444
135.181.212.177 - - [10/Nov/2024:02:12:31 +0100] "GET /ticket2/opencms/nl/buy/?page=1&edid=89907505-B290-9C62-3837-2005C27DB101 HTTP/1.1" 200 119721
217.113.194.213 - - [10/Nov/2024:02:12:32 +0100] "GET /ticket2/opencms/en/buy?page=1&edid=8D58C9DD-E967-B351-A76A-68EF419B5A93 HTTP/1.1" 200 118200
185.191.171.11 - - [10/Nov/2024:02:12:32 +0100] "GET /ticket2/opencms/mt/sport/biljetti-tal-futbol/english-championship/queens-park-rangers HTTP/1.1" 200 98044
185.191.171.6 - - [10/Nov/2024:02:12:34 +0100] "GET /ticket2/opencms/dk/about/press HTTP/1.1" 200 81603
135.181.212.177 - - [10/Nov/2024:02:12:35 +0100] "GET /ticket2/opencms/nl/buy/?page=1&edid=89EB4F09-7DFA-DE60-A799-1F1B9F2BAA97 HTTP/1.1" 200 96441
54.36.149.53 - - [10/Nov/2024:02:12:36 +0100] "GET /ticket2/opencms/sv/buy/?page=1&edid=FADD67F3-76CC-D117-2ADC-BEBED308D46A HTTP/1.1" 200 110529
85.208.96.194 - - [10/Nov/2024:02:12:36 +0100] "GET /ticket2/opencms/it/sport/biglietti-calcio/bundesliga/bayer-leverkusen HTTP/1.1" 200 96084
135.181.212.177 - - [10/Nov/2024:02:12:38 +0100] "GET /ticket2/opencms/nl/buy/?page=1&edid=8A676299-B54E-C301-442A-823ABEA189C5 HTTP/1.1" 200 105963
54.36.148.179 - - [10/Nov/2024:02:12:40 +0100] "GET /ticket2/opencms/nl/buy/?page=1&edid=C019DBB8-FF11-8C7C-90B0-E1EB2510B252 HTTP/1.1" 200 105767
217.113.194.216 - - [10/Nov/2024:02:12:40 +0100] "GET /ticket2/opencms/en/buy?page=1&edid=96BE3B07-CE75-27D2-A725-0EC31EB711C6 HTTP/1.1" 200 100233
135.181.212.177 - - [10/Nov/2024:02:12:41 +0100] "GET /ticket2/opencms/nl/buy/?page=1&edid=8A787324-CD72-C476-64CB-87071CD71C2F HTTP/1.1" 200 122748
5.9.55.228 - - [10/Nov/2024:02:12:43 +0100] "GET /ticket2/opencms/bs/buy?catid=9457695e-36ed-a63e-7a88-32963954e2c7&comcatid=97eca65a-72da-f9af-9dbb-245d3cfed1be&page=6 HTTP/1.1" 200 84003
135.181.212.177 - - [10/Nov/2024:02:12:45 +0100] "GET /ticket2/opencms/nl/buy/?page=1&edid=8A915ADF-75E4-0EA8-F2E1-13EED016F0C7 HTTP/1.1" 200 105929
54.36.148.111 - - [10/Nov/2024:02:12:46 +0100] "GET /ticket2/opencms/az/buy?page=6&comcatid=810BB404-4103-77F2-A6C2-12D5E6C338E2 HTTP/1.1" 200 83196
168.119.65.116 - - [10/Nov/2024:02:12:46 +0100] "GET /ticket2/opencms/system/modules/com.gridnine.opencms.ticketbrokerage.site/resources/css/jquery.fancybox.css HTTP/1.1" 200 4939
168.119.65.116 - - [10/Nov/2024:02:12:46 +0100] "GET /ticket2/opencms/system/modules/com.gridnine.opencms.ticketbrokerage.site/resources/css/standard.css HTTP/1.1" 200 73073
168.119.65.116 - - [10/Nov/2024:02:12:46 +0100] "GET /ticket2/opencms/system/modules/com.gridnine.opencms.ticketbrokerage.site/resources/css/jquery-ui.css HTTP/1.1" 200 33221
168.119.65.116 - - [10/Nov/2024:02:12:46 +0100] "GET /ticket2/opencms/system/modules/com.gridnine.opencms.ticketbrokerage.site/resources/css/calendar.css HTTP/1.1" 200 6871
168.119.65.116 - - [10/Nov/2024:02:12:46 +0100] "GET /ticket2/opencms/system/modules/com.gridnine.opencms.ticketbrokerage.site/resources/css/ticketbrokerage.css HTTP/1.1" 200 39339
168.119.65.116 - - [10/Nov/2024:02:12:46 +0100] "GET /ticket2/opencms/system/modules/com.gridnine.opencms.ticketbrokerage.site/resources/js/functions.js HTTP/1.1" 200 1583
168.119.65.116 - - [10/Nov/2024:02:12:47 +0100] "GET /ticket2/opencms/system/modules/com.gridnine.opencms.ticketbrokerage.site/resources/js/jquery/jquery.js HTTP/1.1" 200 93868
168.119.65.116 - - [10/Nov/2024:02:12:47 +0100] "GET /ticket2/opencms/system/modules/com.gridnine.opencms.ticketbrokerage.site/resources/js/jquery/jquery-ui.js HTTP/1.1" 200 228088
168.119.65.116 - - [10/Nov/2024:02:12:47 +0100] "GET /ticket2/opencms/system/modules/com.gridnine.opencms.ticketbrokerage.site/resources/js/jquery.fancybox.pack.js HTTP/1.1" 200 23187
168.119.65.116 - - [10/Nov/2024:02:12:47 +0100] "GET /ticket2/opencms/system/modules/com.gridnine.opencms.ticketbrokerage.site/resources/js/calendar.js HTTP/1.1" 200 49229
168.119.65.116 - - [10/Nov/2024:02:12:47 +0100] "GET /ticket2/opencms/system/modules/com.gridnine.opencms.ticketbrokerage.site/resources/js/stickyfill.min.js HTTP/1.1" 200 5672
168.119.65.116 - - [10/Nov/2024:02:12:47 +0100] "GET /ticket2/opencms/system/modules/com.gridnine.opencms.ticketbrokerage.site/resources/js/calendar-setup.js HTTP/1.1" 200 4923
168.119.65.116 - - [10/Nov/2024:02:12:47 +0100] "GET /ticket2/opencms/system/modules/com.gridnine.opencms.ticketbrokerage.site/resources/js/standard.js HTTP/1.1" 200 3978
168.119.65.116 - - [10/Nov/2024:02:12:47 +0100] "GET /ticket2/opencms/system/modules/com.gridnine.opencms.ticketbrokerage.site/resources/js/calendar-en.js HTTP/1.1" 200 3338
168.119.65.116 - - [10/Nov/2024:02:12:47 +0100] "GET /ticket2/opencms/system/modules/com.gridnine.opencms.ticketbrokerage.site/resources/js/jquery.placeholder.min.js HTTP/1.1" 200 1737
168.119.65.116 - - [10/Nov/2024:02:12:47 +0100] "GET /ticket2/opencms/system/modules/com.gridnine.opencms.ticketbrokerage.site/resources/js/common-ajax.js HTTP/1.1" 200 20175
168.119.65.116 - - [10/Nov/2024:02:12:47 +0100] "GET /ticket2/opencms/system/modules/com.gridnine.opencms.ticketbrokerage.site/resources/js/standard.js HTTP/1.1" 200 3978
135.181.212.177 - - [10/Nov/2024:02:12:48 +0100] "GET /ticket2/opencms/nl/buy/?page=1&edid=8B75D5A5-768A-D916-709B-37A464811D46 HTTP/1.1" 200 119721
217.113.194.212 - - [10/Nov/2024:02:12:49 +0100] "GET /ticket2/opencms/en/buy/?page=1&edid=66FFE717-0C93-3F01-2AC8-8E7FC5F9BAB1 HTTP/1.1" 200 106174
135.181.212.177 - - [10/Nov/2024:02:12:52 +0100] "GET /ticket2/opencms/nl/buy/?page=1&edid=8B884D00-0090-F7F9-0339-733FDDA065DC HTTP/1.1" 200 99477
54.36.148.55 - - [10/Nov/2024:02:12:54 +0100] "GET /ticket2/opencms/nl/buy/?page=1&edid=160DAC9A-2A77-6FDC-52B8-296352B1ABF1 HTTP/1.1" 200 123414
135.181.212.177 - - [10/Nov/2024:02:12:55 +0100] "GET /ticket2/opencms/nl/buy/?page=1&edid=8C15C2A6-6F0D-F124-996B-0D6AF34B41CB HTTP/1.1" 200 96425
135.181.212.177 - - [10/Nov/2024:02:12:58 +0100] "GET /ticket2/opencms/nl/buy/?page=1&edid=8C8B6CAD-0E9C-D59D-F548-EF8ED0013C05 HTTP/1.1" 200 99693
54.36.148.107 - - [10/Nov/2024:02:13:00 +0100] "GET /ticket2/opencms/be/buy?page=6&comcatid=810BB404-4103-77F2-A6C2-12D5E6C338E2 HTTP/1.1" 200 83759
195.154.122.187 - - [10/Nov/2024:02:13:01 +0100] "GET /ticket2/opencms/system/modules/com.gridnine.opencms.ticketbrokerage.site/resources/css/jquery.fancybox.css HTTP/1.1" 200 4939
195.154.122.187 - - [10/Nov/2024:02:13:01 +0100] "GET /ticket2/opencms/system/modules/com.gridnine.opencms.ticketbrokerage.site/resources/css/jquery-ui.css HTTP/1.1" 200 33221
195.154.122.187 - - [10/Nov/2024:02:13:01 +0100] "GET /ticket2/opencms/system/modules/com.gridnine.opencms.ticketbrokerage.site/resources/css/calendar.css HTTP/1.1" 200 6871
195.154.122.187 - - [10/Nov/2024:02:13:01 +0100] "GET /ticket2/opencms/system/modules/com.gridnine.opencms.ticketbrokerage.site/resources/css/standard.css HTTP/1.1" 200 73073
195.154.122.187 - - [10/Nov/2024:02:13:01 +0100] "GET /ticket2/opencms/system/modules/com.gridnine.opencms.ticketbrokerage.site/resources/css/ticketbrokerage.css HTTP/1.1" 200 39339
195.154.122.187 - - [10/Nov/2024:02:13:01 +0100] "GET /ticket2/opencms/system/modules/com.gridnine.opencms.ticketbrokerage.site/resources/js/calendar-en.js HTTP/1.1" 200 3338
195.154.122.187 - - [10/Nov/2024:02:13:01 +0100] "GET /ticket2/opencms/system/modules/com.gridnine.opencms.ticketbrokerage.site/resources/js/calendar-setup.js HTTP/1.1" 200 4923
195.154.122.187 - - [10/Nov/2024:02:13:01 +0100] "GET /ticket2/opencms/system/modules/com.gridnine.opencms.ticketbrokerage.site/resources/js/jquery.fancybox.pack.js HTTP/1.1" 200 23187
195.154.122.187 - - [10/Nov/2024:02:13:01 +0100] "GET /ticket2/opencms/system/modules/com.gridnine.opencms.ticketbrokerage.site/resources/js/stickyfill.min.js HTTP/1.1" 200 5672
195.154.122.187 - - [10/Nov/2024:02:13:01 +0100] "GET /ticket2/opencms/system/modules/com.gridnine.opencms.ticketbrokerage.site/resources/js/jquery/jquery.js HTTP/1.1" 200 93868
195.154.122.187 - - [10/Nov/2024:02:13:01 +0100] "GET /ticket2/opencms/system/modules/com.gridnine.opencms.ticketbrokerage.site/resources/js/jquery/jquery-ui.js HTTP/1.1" 200 228088
195.154.122.187 - - [10/Nov/2024:02:13:01 +0100] "GET /ticket2/opencms/system/modules/com.gridnine.opencms.ticketbrokerage.site/resources/js/functions.js HTTP/1.1" 200 1583
195.154.122.187 - - [10/Nov/2024:02:13:01 +0100] "GET /ticket2/opencms/system/modules/com.gridnine.opencms.ticketbrokerage.site/resources/js/calendar.js HTTP/1.1" 200 49229
195.154.122.187 - - [10/Nov/2024:02:13:01 +0100] "GET /ticket2/opencms/system/modules/com.gridnine.opencms.ticketbrokerage.site/resources/js/standard.js HTTP/1.1" 200 3978
195.154.122.187 - - [10/Nov/2024:02:13:01 +0100] "GET /ticket2/opencms/system/modules/com.gridnine.opencms.ticketbrokerage.site/resources/js/jquery.placeholder.min.js HTTP/1.1" 200 1737
195.154.122.187 - - [10/Nov/2024:02:13:01 +0100] "GET /ticket2/opencms/system/modules/com.gridnine.opencms.ticketbrokerage.site/resources/js/common-ajax.js HTTP/1.1" 200 20175
195.154.122.187 - - [10/Nov/2024:02:13:01 +0100] "GET /ticket2/opencms/system/modules/com.gridnine.opencms.ticketbrokerage.site/resources/js/standard.js HTTP/1.1" 200 3978
135.181.212.177 - - [10/Nov/2024:02:13:01 +0100] "GET /ticket2/opencms/nl/buy/?page=1&edid=8CF7B327-CBF8-6902-00E4-357348B3DB32 HTTP/1.1" 200 114459
135.181.212.177 - - [10/Nov/2024:02:13:05 +0100] "GET /ticket2/opencms/nl/buy/?page=1&edid=8D24B546-C583-0AE0-A1BF-4A34E2FE9CC5 HTTP/1.1" 200 99746
47.128.31.214 - - [10/Nov/2024:02:13:07 +0100] "GET /ticket2/opencms/sl/buy/?catid=757E2DFB-33DA-9B34-8402-9F06B19D8409&comcatid=97ECA65A-72DA-F9AF-9DBB-245D3CFED1BE HTTP/1.1" 200 88669
54.36.148.202 - - [10/Nov/2024:02:13:07 +0100] "GET /ticket2/opencms/bg/buy?page=6&comcatid=810BB404-4103-77F2-A6C2-12D5E6C338E2 HTTP/1.1" 200 83593
168.119.65.126 - - [10/Nov/2024:02:13:07 +0100] "GET /ticket2/opencms/system/modules/com.gridnine.opencms.ticketbrokerage.site/resources/css/jquery-ui.css HTTP/1.1" 200 33221
168.119.65.126 - - [10/Nov/2024:02:13:07 +0100] "GET /ticket2/opencms/system/modules/com.gridnine.opencms.ticketbrokerage.site/resources/css/standard.css HTTP/1.1" 200 73073
168.119.65.126 - - [10/Nov/2024:02:13:07 +0100] "GET /ticket2/opencms/system/modules/com.gridnine.opencms.ticketbrokerage.site/resources/css/calendar.css HTTP/1.1" 200 6871
168.119.65.126 - - [10/Nov/2024:02:13:07 +0100] "GET /ticket2/opencms/system/modules/com.gridnine.opencms.ticketbrokerage.site/resources/css/ticketbrokerage.css HTTP/1.1" 200 39339
168.119.65.126 - - [10/Nov/2024:02:13:07 +0100] "GET /ticket2/opencms/system/modules/com.gridnine.opencms.ticketbrokerage.site/resources/css/jquery.fancybox.css HTTP/1.1" 200 4939
168.119.65.126 - - [10/Nov/2024:02:13:07 +0100] "GET /ticket2/opencms/system/modules/com.gridnine.opencms.ticketbrokerage.site/resources/js/calendar-en.js HTTP/1.1" 200 3338
168.119.65.126 - - [10/Nov/2024:02:13:07 +0100] "GET /ticket2/opencms/system/modules/com.gridnine.opencms.ticketbrokerage.site/resources/js/calendar-setup.js HTTP/1.1" 200 4923
168.119.65.126 - - [10/Nov/2024:02:13:07 +0100] "GET /ticket2/opencms/system/modules/com.gridnine.opencms.ticketbrokerage.site/resources/js/stickyfill.min.js HTTP/1.1" 200 5672
168.119.65.126 - - [10/Nov/2024:02:13:07 +0100] "GET /ticket2/opencms/system/modules/com.gridnine.opencms.ticketbrokerage.site/resources/js/jquery/jquery.js HTTP/1.1" 200 93868
168.119.65.126 - - [10/Nov/2024:02:13:07 +0100] "GET /ticket2/opencms/system/modules/com.gridnine.opencms.ticketbrokerage.site/resources/js/jquery.fancybox.pack.js HTTP/1.1" 200 23187
168.119.65.126 - - [10/Nov/2024:02:13:07 +0100] "GET /ticket2/opencms/system/modules/com.gridnine.opencms.ticketbrokerage.site/resources/js/jquery/jquery-ui.js HTTP/1.1" 200 228088
168.119.65.126 - - [10/Nov/2024:02:13:07 +0100] "GET /ticket2/opencms/system/modules/com.gridnine.opencms.ticketbrokerage.site/resources/js/functions.js HTTP/1.1" 200 1583
168.119.65.126 - - [10/Nov/2024:02:13:08 +0100] "GET /ticket2/opencms/system/modules/com.gridnine.opencms.ticketbrokerage.site/resources/js/calendar.js HTTP/1.1" 200 49229
168.119.65.126 - - [10/Nov/2024:02:13:08 +0100] "GET /ticket2/opencms/system/modules/com.gridnine.opencms.ticketbrokerage.site/resources/js/standard.js HTTP/1.1" 200 3978
168.119.65.126 - - [10/Nov/2024:02:13:08 +0100] "GET /ticket2/opencms/system/modules/com.gridnine.opencms.ticketbrokerage.site/resources/js/jquery.placeholder.min.js HTTP/1.1" 200 1737
168.119.65.126 - - [10/Nov/2024:02:13:08 +0100] "GET /ticket2/opencms/system/modules/com.gridnine.opencms.ticketbrokerage.site/resources/js/common-ajax.js HTTP/1.1" 200 20175
168.119.65.126 - - [10/Nov/2024:02:13:08 +0100] "GET /ticket2/opencms/system/modules/com.gridnine.opencms.ticketbrokerage.site/resources/js/standard.js HTTP/1.1" 200 3978
135.181.212.177 - - [10/Nov/2024:02:13:08 +0100] "GET /ticket2/opencms/nl/buy/?page=1&edid=8D58C9DD-E967-B351-A76A-68EF419B5A93 HTTP/1.1" 200 117740
66.249.79.5 - - [10/Nov/2024:02:13:10 +0100] "GET /ticket2/opencms/lt/buy/?page=1&edid=397521D5-C7AB-930B-258F-17E9104F07FF HTTP/1.1" 200 102057
135.181.212.177 - - [10/Nov/2024:02:13:11 +0100] "GET /ticket2/opencms/nl/buy/?page=1&edid=8DF36092-1262-D852-3FA6-D00FC4F478AA HTTP/1.1" 200 96440
135.181.212.177 - - [10/Nov/2024:02:13:15 +0100] "GET /ticket2/opencms/nl/buy/?page=1&edid=8E10E53D-20CB-D950-05F1-34EA3BA03F55 HTTP/1.1" 200 96433
54.36.149.56 - - [10/Nov/2024:02:13:16 +0100] "GET /ticket2/opencms/hu/buy?page=10&eventid=19AD6356-6E10-9C9F-9FF7-23862BF7038B&venueid=F72D7D8A-21AA-398A-828C-542FA85266B4 HTTP/1.1" 200 94044
135.181.212.177 - - [10/Nov/2024:02:13:18 +0100] "GET /ticket2/opencms/nl/buy/?page=1&edid=8E43ECF6-11B9-CAF2-A331-C77F36107AD0 HTTP/1.1" 200 109260
135.181.212.177 - - [10/Nov/2024:02:13:21 +0100] "GET /ticket2/opencms/nl/buy/?page=1&edid=8E565EE5-A6F4-D9ED-994A-676DC5E87EA7 HTTP/1.1" 200 96465
217.113.194.217 - - [10/Nov/2024:02:13:22 +0100] "GET /ticket2/opencms/dk/venue/?venueid=ECA1E61D-2477-4810-8BC2-649930C9F0AE HTTP/1.1" 200 77456
54.36.148.241 - - [10/Nov/2024:02:13:22 +0100] "GET /ticket2/opencms/bs/buy?page=6&comcatid=810BB404-4103-77F2-A6C2-12D5E6C338E2 HTTP/1.1" 200 83084
135.181.212.177 - - [10/Nov/2024:02:13:24 +0100] "GET /ticket2/opencms/nl/buy/?page=1&edid=8EC06780-2F1B-062D-0558-60639CB8BA1F HTTP/1.1" 200 96444
185.191.171.15 - - [10/Nov/2024:02:13:25 +0100] "GET /ticket2/opencms/nl/sport/voetbal-tickets/bundesliga/borussia-monchengladbach HTTP/1.1" 200 92736
135.181.212.177 - - [10/Nov/2024:02:13:28 +0100] "GET /ticket2/opencms/nl/buy/?page=1&edid=8EDDEFFC-C774-BA86-C4CF-809A20DBCDCB HTTP/1.1" 200 109593
54.36.148.246 - - [10/Nov/2024:02:13:28 +0100] "GET /ticket2/opencms/cs/buy?page=6&comcatid=810BB404-4103-77F2-A6C2-12D5E6C338E2 HTTP/1.1" 200 83142
168.119.68.122 - - [10/Nov/2024:02:13:29 +0100] "GET /ticket2/opencms/system/modules/com.gridnine.opencms.ticketbrokerage.site/resources/css/ticketbrokerage.css HTTP/1.1" 200 39339
168.119.68.122 - - [10/Nov/2024:02:13:29 +0100] "GET /ticket2/opencms/system/modules/com.gridnine.opencms.ticketbrokerage.site/resources/css/jquery.fancybox.css HTTP/1.1" 200 4939
168.119.68.122 - - [10/Nov/2024:02:13:29 +0100] "GET /ticket2/opencms/system/modules/com.gridnine.opencms.ticketbrokerage.site/resources/css/jquery-ui.css HTTP/1.1" 200 33221
168.119.68.122 - - [10/Nov/2024:02:13:29 +0100] "GET /ticket2/opencms/system/modules/com.gridnine.opencms.ticketbrokerage.site/resources/js/jquery/jquery.js HTTP/1.1" 200 93868
168.119.68.122 - - [10/Nov/2024:02:13:29 +0100] "GET /ticket2/opencms/system/modules/com.gridnine.opencms.ticketbrokerage.site/resources/css/calendar.css HTTP/1.1" 200 6871
168.119.68.122 - - [10/Nov/2024:02:13:29 +0100] "GET /ticket2/opencms/system/modules/com.gridnine.opencms.ticketbrokerage.site/resources/css/standard.css HTTP/1.1" 200 73073
168.119.68.122 - - [10/Nov/2024:02:13:29 +0100] "GET /ticket2/opencms/system/modules/com.gridnine.opencms.ticketbrokerage.site/resources/js/calendar-setup.js HTTP/1.1" 200 4923
168.119.68.122 - - [10/Nov/2024:02:13:29 +0100] "GET /ticket2/opencms/system/modules/com.gridnine.opencms.ticketbrokerage.site/resources/js/functions.js HTTP/1.1" 200 1583
168.119.68.122 - - [10/Nov/2024:02:13:29 +0100] "GET /ticket2/opencms/system/modules/com.gridnine.opencms.ticketbrokerage.site/resources/js/calendar-en.js HTTP/1.1" 200 3338
168.119.68.122 - - [10/Nov/2024:02:13:29 +0100] "GET /ticket2/opencms/system/modules/com.gridnine.opencms.ticketbrokerage.site/resources/js/jquery/jquery-ui.js HTTP/1.1" 200 228088
168.119.68.122 - - [10/Nov/2024:02:13:29 +0100] "GET /ticket2/opencms/system/modules/com.gridnine.opencms.ticketbrokerage.site/resources/js/calendar.js HTTP/1.1" 200 49229
168.119.68.122 - - [10/Nov/2024:02:13:29 +0100] "GET /ticket2/opencms/system/modules/com.gridnine.opencms.ticketbrokerage.site/resources/js/jquery.fancybox.pack.js HTTP/1.1" 200 23187
168.119.68.122 - - [10/Nov/2024:02:13:29 +0100] "GET /ticket2/opencms/system/modules/com.gridnine.opencms.ticketbrokerage.site/resources/js/stickyfill.min.js HTTP/1.1" 200 5672
168.119.68.122 - - [10/Nov/2024:02:13:29 +0100] "GET /ticket2/opencms/system/modules/com.gridnine.opencms.ticketbrokerage.site/resources/js/standard.js HTTP/1.1" 200 3978
168.119.68.122 - - [10/Nov/2024:02:13:29 +0100] "GET /ticket2/opencms/system/modules/com.gridnine.opencms.ticketbrokerage.site/resources/js/jquery.placeholder.min.js HTTP/1.1" 200 1737
168.119.68.122 - - [10/Nov/2024:02:13:29 +0100] "GET /ticket2/opencms/system/modules/com.gridnine.opencms.ticketbrokerage.site/resources/js/common-ajax.js HTTP/1.1" 200 20175
168.119.68.122 - - [10/Nov/2024:02:13:29 +0100] "GET /ticket2/opencms/system/modules/com.gridnine.opencms.ticketbrokerage.site/resources/js/standard.js HTTP/1.1" 200 3978
85.208.96.209 - - [10/Nov/2024:02:13:30 +0100] "GET /ticket2/opencms/el/about/contact/ HTTP/1.1" 200 78561
217.113.194.217 - - [10/Nov/2024:02:13:31 +0100] "GET /ticket2/opencms/dk/venue/?venueid=C7AA5792-84B6-B218-74FE-1EF0121317B1 HTTP/1.1" 200 77435
85.208.96.211 - - [10/Nov/2024:02:13:31 +0100] "GET /ticket2/opencms/cs/sport/fotbalove-listky/bundesliga/darmstadt HTTP/1.1" 200 88787
66.249.79.76 - - [10/Nov/2024:02:13:31 +0100] "GET /ticket2/opencms/sv/buy/?page=6&comcatid=A17713B6-D984-201A-4143-ED4DB5ED5C2E&catid=0A6C99D2-F5BD-7A18-9A5F-5668827042E0 HTTP/1.1" 200 258867
135.181.212.177 - - [10/Nov/2024:02:13:31 +0100] "GET /ticket2/opencms/nl/buy/?page=1&edid=8EE24D2F-4BF0-A103-6944-36103BCA6278 HTTP/1.1" 200 110261
5.9.55.228 - - [10/Nov/2024:02:13:32 +0100] "GET /ticket2/opencms/az/buy?catid=81b744e7-1fee-e757-c0ab-c7af73cde252&comcatid=97eca65a-72da-f9af-9dbb-245d3cfed1be&page=6 HTTP/1.1" 200 84117
47.128.121.74 - - [10/Nov/2024:02:13:32 +0100] "GET /ticket2/opencms/mt/buy/?edid=FC000D61-FABC-A881-9E2E-0971242A71A3 HTTP/1.1" 200 81495
135.181.212.177 - - [10/Nov/2024:02:13:34 +0100] "GET /ticket2/opencms/nl/buy/?page=1&edid=8EF7EC9D-9BC8-1DEC-C27C-0541D5C5F471 HTTP/1.1" 200 114822
135.181.212.177 - - [10/Nov/2024:02:13:38 +0100] "GET /ticket2/opencms/nl/buy/?page=1&edid=90D99CFD-1C4D-3E3E-708D-4C9851B5EDBE HTTP/1.1" 200 108948
154.54.249.216 - - [10/Nov/2024:02:13:39 +0100] "GET /ticket2/opencms/dk/venue/?venueid=8B6C824C-D02D-D12B-5DBC-51731218C202 HTTP/1.1" 200 77443
54.36.148.19 - - [10/Nov/2024:02:13:40 +0100] "GET /ticket2/opencms/de/buy?page=6&comcatid=810BB404-4103-77F2-A6C2-12D5E6C338E2 HTTP/1.1" 200 82446
168.119.64.247 - - [10/Nov/2024:02:13:41 +0100] "GET /ticket2/opencms/system/modules/com.gridnine.opencms.ticketbrokerage.site/resources/css/ticketbrokerage.css HTTP/1.1" 200 39339
168.119.64.247 - - [10/Nov/2024:02:13:41 +0100] "GET /ticket2/opencms/system/modules/com.gridnine.opencms.ticketbrokerage.site/resources/css/standard.css HTTP/1.1" 200 73073
168.119.64.247 - - [10/Nov/2024:02:13:41 +0100] "GET /ticket2/opencms/system/modules/com.gridnine.opencms.ticketbrokerage.site/resources/css/jquery-ui.css HTTP/1.1" 200 33221
168.119.64.247 - - [10/Nov/2024:02:13:41 +0100] "GET /ticket2/opencms/system/modules/com.gridnine.opencms.ticketbrokerage.site/resources/css/jquery.fancybox.css HTTP/1.1" 200 4939
168.119.64.247 - - [10/Nov/2024:02:13:41 +0100] "GET /ticket2/opencms/system/modules/com.gridnine.opencms.ticketbrokerage.site/resources/css/calendar.css HTTP/1.1" 200 6871
168.119.64.247 - - [10/Nov/2024:02:13:41 +0100] "GET /ticket2/opencms/system/modules/com.gridnine.opencms.ticketbrokerage.site/resources/js/jquery/jquery-ui.js HTTP/1.1" 200 228088
168.119.64.247 - - [10/Nov/2024:02:13:41 +0100] "GET /ticket2/opencms/system/modules/com.gridnine.opencms.ticketbrokerage.site/resources/js/functions.js HTTP/1.1" 200 1583
168.119.64.247 - - [10/Nov/2024:02:13:41 +0100] "GET /ticket2/opencms/system/modules/com.gridnine.opencms.ticketbrokerage.site/resources/js/calendar-en.js HTTP/1.1" 200 3338
168.119.64.247 - - [10/Nov/2024:02:13:41 +0100] "GET /ticket2/opencms/system/modules/com.gridnine.opencms.ticketbrokerage.site/resources/js/calendar.js HTTP/1.1" 200 49229
168.119.64.247 - - [10/Nov/2024:02:13:41 +0100] "GET /ticket2/opencms/system/modules/com.gridnine.opencms.ticketbrokerage.site/resources/js/jquery/jquery.js HTTP/1.1" 200 93868
168.119.64.247 - - [10/Nov/2024:02:13:41 +0100] "GET /ticket2/opencms/system/modules/com.gridnine.opencms.ticketbrokerage.site/resources/js/calendar-setup.js HTTP/1.1" 200 4923
168.119.64.247 - - [10/Nov/2024:02:13:41 +0100] "GET /ticket2/opencms/system/modules/com.gridnine.opencms.ticketbrokerage.site/resources/js/jquery.fancybox.pack.js HTTP/1.1" 200 23187
168.119.64.247 - - [10/Nov/2024:02:13:41 +0100] "GET /ticket2/opencms/system/modules/com.gridnine.opencms.ticketbrokerage.site/resources/js/standard.js HTTP/1.1" 200 3978
168.119.64.247 - - [10/Nov/2024:02:13:41 +0100] "GET /ticket2/opencms/system/modules/com.gridnine.opencms.ticketbrokerage.site/resources/js/stickyfill.min.js HTTP/1.1" 200 5672
168.119.64.247 - - [10/Nov/2024:02:13:41 +0100] "GET /ticket2/opencms/system/modules/com.gridnine.opencms.ticketbrokerage.site/resources/js/jquery.placeholder.min.js HTTP/1.1" 200 1737
168.119.64.247 - - [10/Nov/2024:02:13:41 +0100] "GET /ticket2/opencms/system/modules/com.gridnine.opencms.ticketbrokerage.site/resources/js/common-ajax.js HTTP/1.1" 200 20175
135.181.212.177 - - [10/Nov/2024:02:13:41 +0100] "GET /ticket2/opencms/nl/buy/?page=1&edid=90FF4B1C-1D4C-DD77-9411-8E3582C2DCE5 HTTP/1.1" 200 96462
168.119.64.247 - - [10/Nov/2024:02:13:41 +0100] "GET /ticket2/opencms/system/modules/com.gridnine.opencms.ticketbrokerage.site/resources/js/standard.js HTTP/1.1" 200 3978
135.181.212.177 - - [10/Nov/2024:02:13:44 +0100] "GET /ticket2/opencms/nl/buy/?page=1&edid=91131440-6E9B-EF94-52C2-EDE415172430 HTTP/1.1" 200 105962
40.77.167.8 - - [10/Nov/2024:02:13:45 +0100] "GET /ticket2/opencms/hr/buy?page=1&edid=2C628F37-50C8-6D86-55F0-9E385D7A6FB4 HTTP/1.1" 200 101766
40.77.167.37 - - [10/Nov/2024:02:13:46 +0100] "GET /ticket2/opencms/is/buy?page=1&edid=F1463EBE-6C18-CF49-B2AE-F79868BCA4F5 HTTP/1.1" 200 131034
135.181.212.177 - - [10/Nov/2024:02:13:47 +0100] "GET /ticket2/opencms/nl/buy/?page=1&edid=921154C3-BF4F-9061-5CFB-8ECC0A8A34AE HTTP/1.1" 200 96409
217.113.194.214 - - [10/Nov/2024:02:13:48 +0100] "GET /ticket2/opencms/dk/venue/?venueid=B38AC25C-ED80-9C1B-B9E0-273CE56340CA HTTP/1.1" 200 77530
54.36.149.42 - - [10/Nov/2024:02:13:49 +0100] "GET /ticket2/opencms/el/buy?page=6&comcatid=810BB404-4103-77F2-A6C2-12D5E6C338E2 HTTP/1.1" 200 83921
195.154.122.200 - - [10/Nov/2024:02:13:49 +0100] "GET /ticket2/opencms/system/modules/com.gridnine.opencms.ticketbrokerage.site/resources/css/calendar.css HTTP/1.1" 200 6871
195.154.122.200 - - [10/Nov/2024:02:13:49 +0100] "GET /ticket2/opencms/system/modules/com.gridnine.opencms.ticketbrokerage.site/resources/css/jquery-ui.css HTTP/1.1" 200 33221
195.154.122.200 - - [10/Nov/2024:02:13:49 +0100] "GET /ticket2/opencms/system/modules/com.gridnine.opencms.ticketbrokerage.site/resources/css/ticketbrokerage.css HTTP/1.1" 200 39339
195.154.122.200 - - [10/Nov/2024:02:13:49 +0100] "GET /ticket2/opencms/system/modules/com.gridnine.opencms.ticketbrokerage.site/resources/css/standard.css HTTP/1.1" 200 73073
195.154.122.200 - - [10/Nov/2024:02:13:49 +0100] "GET /ticket2/opencms/system/modules/com.gridnine.opencms.ticketbrokerage.site/resources/css/jquery.fancybox.css HTTP/1.1" 200 4939
195.154.122.200 - - [10/Nov/2024:02:13:49 +0100] "GET /ticket2/opencms/system/modules/com.gridnine.opencms.ticketbrokerage.site/resources/js/calendar.js HTTP/1.1" 200 49229
195.154.122.200 - - [10/Nov/2024:02:13:49 +0100] "GET /ticket2/opencms/system/modules/com.gridnine.opencms.ticketbrokerage.site/resources/js/calendar-en.js HTTP/1.1" 200 3338
195.154.122.200 - - [10/Nov/2024:02:13:49 +0100] "GET /ticket2/opencms/system/modules/com.gridnine.opencms.ticketbrokerage.site/resources/js/stickyfill.min.js HTTP/1.1" 200 5672
195.154.122.200 - - [10/Nov/2024:02:13:49 +0100] "GET /ticket2/opencms/system/modules/com.gridnine.opencms.ticketbrokerage.site/resources/js/calendar-setup.js HTTP/1.1" 200 4923
195.154.122.200 - - [10/Nov/2024:02:13:49 +0100] "GET /ticket2/opencms/system/modules/com.gridnine.opencms.ticketbrokerage.site/resources/js/jquery.fancybox.pack.js HTTP/1.1" 200 23187
195.154.122.200 - - [10/Nov/2024:02:13:49 +0100] "GET /ticket2/opencms/system/modules/com.gridnine.opencms.ticketbrokerage.site/resources/js/jquery/jquery.js HTTP/1.1" 200 93868
195.154.122.200 - - [10/Nov/2024:02:13:49 +0100] "GET /ticket2/opencms/system/modules/com.gridnine.opencms.ticketbrokerage.site/resources/js/jquery/jquery-ui.js HTTP/1.1" 200 228088
195.154.122.200 - - [10/Nov/2024:02:13:49 +0100] "GET /ticket2/opencms/system/modules/com.gridnine.opencms.ticketbrokerage.site/resources/js/functions.js HTTP/1.1" 200 1583
195.154.122.200 - - [10/Nov/2024:02:13:49 +0100] "GET /ticket2/opencms/system/modules/com.gridnine.opencms.ticketbrokerage.site/resources/js/standard.js HTTP/1.1" 200 3978
195.154.122.200 - - [10/Nov/2024:02:13:49 +0100] "GET /ticket2/opencms/system/modules/com.gridnine.opencms.ticketbrokerage.site/resources/js/jquery.placeholder.min.js HTTP/1.1" 200 1737
195.154.122.200 - - [10/Nov/2024:02:13:49 +0100] "GET /ticket2/opencms/system/modules/com.gridnine.opencms.ticketbrokerage.site/resources/js/common-ajax.js HTTP/1.1" 200 20175
195.154.122.200 - - [10/Nov/2024:02:13:50 +0100] "GET /ticket2/opencms/system/modules/com.gridnine.opencms.ticketbrokerage.site/resources/js/standard.js HTTP/1.1" 200 3978
135.181.212.177 - - [10/Nov/2024:02:13:51 +0100] "GET /ticket2/opencms/nl/buy/?page=1&edid=9239880C-C5C0-5076-4AD5-4881F5EBAC4A HTTP/1.1" 200 123044
135.181.212.177 - - [10/Nov/2024:02:13:54 +0100] "GET /ticket2/opencms/nl/buy/?page=1&edid=9250B98C-3D5F-37E6-7B39-001C84B580C7 HTTP/1.1" 200 104399
185.191.171.10 - - [10/Nov/2024:02:13:55 +0100] "GET /ticket2/opencms/dk/sport/fodboldbilletter/premier-league/newcastle HTTP/1.1" 200 93856
217.113.194.221 - - [10/Nov/2024:02:13:56 +0100] "GET /ticket2/opencms/dk/venue/?venueid=C33B9E58-5FA2-DEA1-9572-46CD70965B8C HTTP/1.1" 200 77434
135.181.212.177 - - [10/Nov/2024:02:13:58 +0100] "GET /ticket2/opencms/nl/buy/?page=1&edid=92A56E78-70A5-4E7F-4A0E-86D90A27FA9E HTTP/1.1" 200 105651
135.181.212.177 - - [10/Nov/2024:02:14:01 +0100] "GET /ticket2/opencms/nl/buy/?page=1&edid=92C32EFB-1ABC-12BA-1886-A9767DA4FF70 HTTP/1.1" 200 96436
54.36.148.27 - - [10/Nov/2024:02:14:02 +0100] "GET /ticket2/opencms/et/buy?page=6&comcatid=810BB404-4103-77F2-A6C2-12D5E6C338E2 HTTP/1.1" 200 83112
168.119.65.62 - - [10/Nov/2024:02:14:02 +0100] "GET /ticket2/opencms/system/modules/com.gridnine.opencms.ticketbrokerage.site/resources/css/jquery.fancybox.css HTTP/1.1" 200 4939
168.119.65.62 - - [10/Nov/2024:02:14:02 +0100] "GET /ticket2/opencms/system/modules/com.gridnine.opencms.ticketbrokerage.site/resources/css/calendar.css HTTP/1.1" 200 6871
168.119.65.62 - - [10/Nov/2024:02:14:02 +0100] "GET /ticket2/opencms/system/modules/com.gridnine.opencms.ticketbrokerage.site/resources/css/jquery-ui.css HTTP/1.1" 200 33221
168.119.65.62 - - [10/Nov/2024:02:14:02 +0100] "GET /ticket2/opencms/system/modules/com.gridnine.opencms.ticketbrokerage.site/resources/css/ticketbrokerage.css HTTP/1.1" 200 39339
168.119.65.62 - - [10/Nov/2024:02:14:02 +0100] "GET /ticket2/opencms/system/modules/com.gridnine.opencms.ticketbrokerage.site/resources/css/standard.css HTTP/1.1" 200 73073
168.119.65.62 - - [10/Nov/2024:02:14:02 +0100] "GET /ticket2/opencms/system/modules/com.gridnine.opencms.ticketbrokerage.site/resources/js/jquery/jquery.js HTTP/1.1" 200 93868
168.119.65.62 - - [10/Nov/2024:02:14:02 +0100] "GET /ticket2/opencms/system/modules/com.gridnine.opencms.ticketbrokerage.site/resources/js/jquery/jquery-ui.js HTTP/1.1" 200 228088
168.119.65.62 - - [10/Nov/2024:02:14:02 +0100] "GET /ticket2/opencms/system/modules/com.gridnine.opencms.ticketbrokerage.site/resources/js/functions.js HTTP/1.1" 200 1583
168.119.65.62 - - [10/Nov/2024:02:14:02 +0100] "GET /ticket2/opencms/system/modules/com.gridnine.opencms.ticketbrokerage.site/resources/js/calendar-setup.js HTTP/1.1" 200 4923
168.119.65.62 - - [10/Nov/2024:02:14:02 +0100] "GET /ticket2/opencms/system/modules/com.gridnine.opencms.ticketbrokerage.site/resources/js/calendar.js HTTP/1.1" 200 49229
168.119.65.62 - - [10/Nov/2024:02:14:02 +0100] "GET /ticket2/opencms/system/modules/com.gridnine.opencms.ticketbrokerage.site/resources/js/calendar-en.js HTTP/1.1" 200 3338
168.119.65.62 - - [10/Nov/2024:02:14:02 +0100] "GET /ticket2/opencms/system/modules/com.gridnine.opencms.ticketbrokerage.site/resources/js/jquery.fancybox.pack.js HTTP/1.1" 200 23187
168.119.65.62 - - [10/Nov/2024:02:14:02 +0100] "GET /ticket2/opencms/system/modules/com.gridnine.opencms.ticketbrokerage.site/resources/js/stickyfill.min.js HTTP/1.1" 200 5672
168.119.65.62 - - [10/Nov/2024:02:14:02 +0100] "GET /ticket2/opencms/system/modules/com.gridnine.opencms.ticketbrokerage.site/resources/js/standard.js HTTP/1.1" 200 3978
168.119.65.62 - - [10/Nov/2024:02:14:02 +0100] "GET /ticket2/opencms/system/modules/com.gridnine.opencms.ticketbrokerage.site/resources/js/jquery.placeholder.min.js HTTP/1.1" 200 1737
168.119.65.62 - - [10/Nov/2024:02:14:02 +0100] "GET /ticket2/opencms/system/modules/com.gridnine.opencms.ticketbrokerage.site/resources/js/common-ajax.js HTTP/1.1" 200 20175
168.119.65.62 - - [10/Nov/2024:02:14:03 +0100] "GET /ticket2/opencms/system/modules/com.gridnine.opencms.ticketbrokerage.site/resources/js/standard.js HTTP/1.1" 200 3978
135.181.212.177 - - [10/Nov/2024:02:14:04 +0100] "GET /ticket2/opencms/nl/buy/?page=1&edid=93838642-5250-2673-0C4C-CF34056B55BD HTTP/1.1" 200 102797
217.113.194.212 - - [10/Nov/2024:02:14:05 +0100] "GET /ticket2/opencms/dk/venue/?venueid=A47741F4-A804-4C3E-9C11-32CCAFD2A999 HTTP/1.1" 200 77395
135.181.212.177 - - [10/Nov/2024:02:14:07 +0100] "GET /ticket2/opencms/nl/buy/?page=1&edid=94B60579-7540-1D04-4C12-AD3E425B736D HTTP/1.1" 200 105959
54.36.148.236 - - [10/Nov/2024:02:14:08 +0100] "GET /ticket2/opencms/fr/buy?page=6&comcatid=810BB404-4103-77F2-A6C2-12D5E6C338E2 HTTP/1.1" 200 82553
195.154.122.52 - - [10/Nov/2024:02:14:09 +0100] "GET /ticket2/opencms/system/modules/com.gridnine.opencms.ticketbrokerage.site/resources/css/ticketbrokerage.css HTTP/1.1" 200 39339
195.154.122.52 - - [10/Nov/2024:02:14:09 +0100] "GET /ticket2/opencms/system/modules/com.gridnine.opencms.ticketbrokerage.site/resources/css/jquery-ui.css HTTP/1.1" 200 33221
195.154.122.52 - - [10/Nov/2024:02:14:09 +0100] "GET /ticket2/opencms/system/modules/com.gridnine.opencms.ticketbrokerage.site/resources/css/standard.css HTTP/1.1" 200 73073
195.154.122.52 - - [10/Nov/2024:02:14:09 +0100] "GET /ticket2/opencms/system/modules/com.gridnine.opencms.ticketbrokerage.site/resources/css/jquery.fancybox.css HTTP/1.1" 200 4939
195.154.122.52 - - [10/Nov/2024:02:14:09 +0100] "GET /ticket2/opencms/system/modules/com.gridnine.opencms.ticketbrokerage.site/resources/css/calendar.css HTTP/1.1" 200 6871
195.154.122.52 - - [10/Nov/2024:02:14:09 +0100] "GET /ticket2/opencms/system/modules/com.gridnine.opencms.ticketbrokerage.site/resources/js/jquery/jquery-ui.js HTTP/1.1" 200 228088
195.154.122.52 - - [10/Nov/2024:02:14:09 +0100] "GET /ticket2/opencms/system/modules/com.gridnine.opencms.ticketbrokerage.site/resources/js/functions.js HTTP/1.1" 200 1583
195.154.122.52 - - [10/Nov/2024:02:14:09 +0100] "GET /ticket2/opencms/system/modules/com.gridnine.opencms.ticketbrokerage.site/resources/js/calendar.js HTTP/1.1" 200 49229
195.154.122.52 - - [10/Nov/2024:02:14:09 +0100] "GET /ticket2/opencms/system/modules/com.gridnine.opencms.ticketbrokerage.site/resources/js/jquery/jquery.js HTTP/1.1" 200 93868
195.154.122.52 - - [10/Nov/2024:02:14:09 +0100] "GET /ticket2/opencms/system/modules/com.gridnine.opencms.ticketbrokerage.site/resources/js/calendar-en.js HTTP/1.1" 200 3338
195.154.122.52 - - [10/Nov/2024:02:14:09 +0100] "GET /ticket2/opencms/system/modules/com.gridnine.opencms.ticketbrokerage.site/resources/js/calendar-setup.js HTTP/1.1" 200 4923
195.154.122.52 - - [10/Nov/2024:02:14:09 +0100] "GET /ticket2/opencms/system/modules/com.gridnine.opencms.ticketbrokerage.site/resources/js/jquery.fancybox.pack.js HTTP/1.1" 200 23187
195.154.122.52 - - [10/Nov/2024:02:14:09 +0100] "GET /ticket2/opencms/system/modules/com.gridnine.opencms.ticketbrokerage.site/resources/js/stickyfill.min.js HTTP/1.1" 200 5672
195.154.122.52 - - [10/Nov/2024:02:14:09 +0100] "GET /ticket2/opencms/system/modules/com.gridnine.opencms.ticketbrokerage.site/resources/js/standard.js HTTP/1.1" 200 3978
195.154.122.52 - - [10/Nov/2024:02:14:09 +0100] "GET /ticket2/opencms/system/modules/com.gridnine.opencms.ticketbrokerage.site/resources/js/jquery.placeholder.min.js HTTP/1.1" 200 1737
195.154.122.52 - - [10/Nov/2024:02:14:09 +0100] "GET /ticket2/opencms/system/modules/com.gridnine.opencms.ticketbrokerage.site/resources/js/common-ajax.js HTTP/1.1" 200 20175
195.154.122.52 - - [10/Nov/2024:02:14:10 +0100] "GET /ticket2/opencms/system/modules/com.gridnine.opencms.ticketbrokerage.site/resources/js/standard.js HTTP/1.1" 200 3978
135.181.212.177 - - [10/Nov/2024:02:14:11 +0100] "GET /ticket2/opencms/nl/buy/?page=1&edid=94BF6567-82BD-183E-36C5-53634C762F53 HTTP/1.1" 200 105747
71.208.163.173 - - [10/Nov/2024:02:14:11 +0100] "GET /ticket2/opencms/de/sport/fussball-tickets/premier_league/tottenham/?gad_source=5&gclid=EAIaIQobChMI3-31gM7QiQMVpBWKAx36JRdsEAEYASAAEgI_8fD_BwE HTTP/1.1" 200 96791
71.208.163.173 - - [10/Nov/2024:02:14:11 +0100] "GET /ticket2/opencms/system/modules/com.gridnine.opencms.ticketbrokerage.site/resources/css/ticketbrokerage.css HTTP/1.1" 200 39339
71.208.163.173 - - [10/Nov/2024:02:14:11 +0100] "GET /ticket2/opencms/system/modules/com.gridnine.opencms.ticketbrokerage.site/resources/css/calendar.css HTTP/1.1" 200 6871
71.208.163.173 - - [10/Nov/2024:02:14:12 +0100] "GET /ticket2/opencms/system/modules/com.gridnine.opencms.ticketbrokerage.site/resources/css/jquery-ui.css HTTP/1.1" 200 33221
71.208.163.173 - - [10/Nov/2024:02:14:12 +0100] "GET /ticket2/opencms/system/modules/com.gridnine.opencms.ticketbrokerage.site/resources/css/standard.css HTTP/1.1" 200 73073
71.208.163.173 - - [10/Nov/2024:02:14:12 +0100] "GET /ticket2/opencms/system/modules/com.gridnine.opencms.ticketbrokerage.site/resources/css/jquery.fancybox.css HTTP/1.1" 200 4939
71.208.163.173 - - [10/Nov/2024:02:14:12 +0100] "GET /ticket2/opencms/system/modules/com.gridnine.opencms.ticketbrokerage.site/resources/js/jquery/jquery.js HTTP/1.1" 200 93868
71.208.163.173 - - [10/Nov/2024:02:14:12 +0100] "GET /ticket2/opencms/system/modules/com.gridnine.opencms.ticketbrokerage.site/resources/js/jquery/jquery-ui.js HTTP/1.1" 200 228088
71.208.163.173 - - [10/Nov/2024:02:14:12 +0100] "GET /ticket2/opencms/system/modules/com.gridnine.opencms.ticketbrokerage.site/resources/js/functions.js HTTP/1.1" 200 1583
71.208.163.173 - - [10/Nov/2024:02:14:12 +0100] "GET /ticket2/opencms/system/modules/com.gridnine.opencms.ticketbrokerage.site/resources/js/calendar.js HTTP/1.1" 200 49229
71.208.163.173 - - [10/Nov/2024:02:14:12 +0100] "GET /ticket2/opencms/system/modules/com.gridnine.opencms.ticketbrokerage.site/resources/js/calendar-en.js HTTP/1.1" 200 3338
