192.95.30.177 - - [10/Nov/2024:00:50:23 +0100] "GET /ticket2/opencms/dk/en/buy/?page=1&edid=53E45983-CD38-167B-CB85-BCE8E68486E1&sortorder=desc&column=price HTTP/1.1" 404 -
188.148.44.9 - - [10/Nov/2024:00:50:24 +0100] "GET /ticket2/opencms/sv/sport/fotbollsbiljetter/premier_league/tottenham/?gad_source=1&gbraid=0AAAAADlS-t8ceemCFKC_psBYqw3Dty5K4&gclid=Cj0KCQiArby5BhCDARIsAIJvjITmPtV8rlsy5hNrUtkc16guIpEcTf4aM3S62zKUPM-UxPqp0JsDCicaAvVyEALw_wcB HTTP/1.1" 200 96779
188.148.44.9 - - [10/Nov/2024:00:50:25 +0100] "GET /ticket2/opencms/system/modules/com.gridnine.opencms.ticketbrokerage.site/resources/js/jquery/jquery.js HTTP/1.1" 200 93868
188.148.44.9 - - [10/Nov/2024:00:50:25 +0100] "GET /ticket2/opencms/system/modules/com.gridnine.opencms.ticketbrokerage.site/resources/js/jquery/jquery-ui.js HTTP/1.1" 200 228088
188.148.44.9 - - [10/Nov/2024:00:50:25 +0100] "GET /ticket2/opencms/system/modules/com.gridnine.opencms.ticketbrokerage.site/resources/css/calendar.css HTTP/1.1" 200 6871
188.148.44.9 - - [10/Nov/2024:00:50:25 +0100] "GET /ticket2/opencms/system/modules/com.gridnine.opencms.ticketbrokerage.site/resources/css/standard.css HTTP/1.1" 200 73073
188.148.44.9 - - [10/Nov/2024:00:50:25 +0100] "GET /ticket2/opencms/system/modules/com.gridnine.opencms.ticketbrokerage.site/resources/css/jquery.fancybox.css HTTP/1.1" 200 4939
188.148.44.9 - - [10/Nov/2024:00:50:25 +0100] "GET /ticket2/opencms/system/modules/com.gridnine.opencms.ticketbrokerage.site/resources/css/ticketbrokerage.css HTTP/1.1" 200 39339
188.148.44.9 - - [10/Nov/2024:00:50:25 +0100] "GET /ticket2/opencms/system/modules/com.gridnine.opencms.ticketbrokerage.site/resources/css/jquery-ui.css HTTP/1.1" 200 33221
188.148.44.9 - - [10/Nov/2024:00:50:25 +0100] "GET /ticket2/opencms/system/modules/com.gridnine.opencms.ticketbrokerage.site/resources/js/functions.js HTTP/1.1" 200 1583
188.148.44.9 - - [10/Nov/2024:00:50:25 +0100] "GET /ticket2/opencms/system/modules/com.gridnine.opencms.ticketbrokerage.site/resources/js/jquery.placeholder.min.js HTTP/1.1" 200 1737
188.148.44.9 - - [10/Nov/2024:00:50:25 +0100] "GET /ticket2/opencms/system/modules/com.gridnine.opencms.ticketbrokerage.site/resources/js/calendar.js HTTP/1.1" 200 49229
188.148.44.9 - - [10/Nov/2024:00:50:25 +0100] "GET /ticket2/opencms/system/modules/com.gridnine.opencms.ticketbrokerage.site/resources/js/common-ajax.js HTTP/1.1" 200 20175
188.148.44.9 - - [10/Nov/2024:00:50:25 +0100] "GET /ticket2/opencms/system/modules/com.gridnine.opencms.ticketbrokerage.site/resources/js/calendar-en.js HTTP/1.1" 200 3338
188.148.44.9 - - [10/Nov/2024:00:50:25 +0100] "GET /ticket2/opencms/system/modules/com.gridnine.opencms.ticketbrokerage.site/resources/js/calendar-setup.js HTTP/1.1" 200 4923
188.148.44.9 - - [10/Nov/2024:00:50:25 +0100] "GET /ticket2/opencms/system/modules/com.gridnine.opencms.ticketbrokerage.site/resources/js/jquery.fancybox.pack.js HTTP/1.1" 200 23187
188.148.44.9 - - [10/Nov/2024:00:50:25 +0100] "GET /ticket2/opencms/system/modules/com.gridnine.opencms.ticketbrokerage.site/resources/js/stickyfill.min.js HTTP/1.1" 200 5672
188.148.44.9 - - [10/Nov/2024:00:50:25 +0100] "GET /ticket2/opencms/system/modules/com.gridnine.opencms.ticketbrokerage.site/resources/js/standard.js HTTP/1.1" 200 3978
188.148.44.9 - - [10/Nov/2024:00:50:25 +0100] "GET /ticket2/opencms/img/icons/globe-white.png HTTP/1.1" 200 947
188.148.44.9 - - [10/Nov/2024:00:50:25 +0100] "GET /ticket2/opencms/system/modules/com.gridnine.opencms.ticketbrokerage.site/resources/pics/logo-new.png HTTP/1.1" 200 13541
188.148.44.9 - - [10/Nov/2024:00:50:25 +0100] "GET /ticket2/opencms/img/insta.png HTTP/1.1" 200 3967
188.148.44.9 - - [10/Nov/2024:00:50:25 +0100] "GET /ticket2/opencms/img/fb.png HTTP/1.1" 200 1269
188.148.44.9 - - [10/Nov/2024:00:50:25 +0100] "GET /ticket2/opencms/system/modules/com.gridnine.opencms.ticketbrokerage.site/resources/pics/banners/Tottenham.jpg HTTP/1.1" 200 13797
188.148.44.9 - - [10/Nov/2024:00:50:25 +0100] "GET /ticket2/opencms/img/check.png HTTP/1.1" 200 548
188.148.44.9 - - [10/Nov/2024:00:50:25 +0100] "GET /ticket2/opencms/system/modules/com.gridnine.opencms.ticketbrokerage.site/resources/pics/footer-img.jpg HTTP/1.1" 200 67642
188.148.44.9 - - [10/Nov/2024:00:50:25 +0100] "GET /ticket2/opencms/img/mail.png HTTP/1.1" 200 403
188.148.44.9 - - [10/Nov/2024:00:50:25 +0100] "GET /ticket2/opencms/img/chat.png HTTP/1.1" 200 416
188.148.44.9 - - [10/Nov/2024:00:50:25 +0100] "GET /ticket2/opencms/img/arrow.png HTTP/1.1" 200 753
188.148.44.9 - - [10/Nov/2024:00:50:25 +0100] "GET /ticket2/opencms/img/icons/se.png HTTP/1.1" 200 1258
188.148.44.9 - - [10/Nov/2024:00:50:25 +0100] "GET /ticket2/opencms/img/icons/en.png HTTP/1.1" 200 2415
188.148.44.9 - - [10/Nov/2024:00:50:25 +0100] "GET /ticket2/opencms/img/icons/fi.png HTTP/1.1" 200 1785
188.148.44.9 - - [10/Nov/2024:00:50:25 +0100] "GET /ticket2/opencms/img/icons/no.png HTTP/1.1" 200 1958
188.148.44.9 - - [10/Nov/2024:00:50:25 +0100] "GET /ticket2/opencms/img/icons/dk.png HTTP/1.1" 200 1706
188.148.44.9 - - [10/Nov/2024:00:50:25 +0100] "GET /ticket2/opencms/img/icons/nl.png HTTP/1.1" 200 1255
188.148.44.9 - - [10/Nov/2024:00:50:25 +0100] "GET /ticket2/opencms/img/icons/de.png HTTP/1.1" 200 1124
188.148.44.9 - - [10/Nov/2024:00:50:25 +0100] "GET /ticket2/opencms/img/icons/fr.png HTTP/1.1" 200 1764
188.148.44.9 - - [10/Nov/2024:00:50:25 +0100] "GET /ticket2/opencms/img/icons/es.png HTTP/1.1" 200 1005
188.148.44.9 - - [10/Nov/2024:00:50:25 +0100] "GET /ticket2/opencms/img/icons/it.png HTTP/1.1" 200 2040
188.148.44.9 - - [10/Nov/2024:00:50:25 +0100] "GET /ticket2/opencms/img/icons/pl.png HTTP/1.1" 200 1578
188.148.44.9 - - [10/Nov/2024:00:50:25 +0100] "GET /ticket2/opencms/img/icons/bg.png HTTP/1.1" 200 788
188.148.44.9 - - [10/Nov/2024:00:50:25 +0100] "GET /ticket2/opencms/img/icons/cs.png HTTP/1.1" 200 1883
188.148.44.9 - - [10/Nov/2024:00:50:25 +0100] "GET /ticket2/opencms/img/icons/hr.png HTTP/1.1" 200 2024
188.148.44.9 - - [10/Nov/2024:00:50:25 +0100] "GET /ticket2/opencms/img/icons/be.png HTTP/1.1" 200 1663
188.148.44.9 - - [10/Nov/2024:00:50:25 +0100] "GET /ticket2/opencms/img/icons/el.png HTTP/1.1" 200 1637
188.148.44.9 - - [10/Nov/2024:00:50:25 +0100] "GET /ticket2/opencms/img/icons/et.png HTTP/1.1" 200 754
188.148.44.9 - - [10/Nov/2024:00:50:25 +0100] "GET /ticket2/opencms/img/icons/hu.png HTTP/1.1" 200 733
188.148.44.9 - - [10/Nov/2024:00:50:25 +0100] "GET /ticket2/opencms/img/icons/is.png HTTP/1.1" 200 1884
188.148.44.9 - - [10/Nov/2024:00:50:25 +0100] "GET /ticket2/opencms/img/icons/ka.png HTTP/1.1" 200 860
188.148.44.9 - - [10/Nov/2024:00:50:25 +0100] "GET /ticket2/opencms/img/icons/ga.png HTTP/1.1" 200 1759
188.148.44.9 - - [10/Nov/2024:00:50:25 +0100] "GET /ticket2/opencms/img/icons/lt.png HTTP/1.1" 200 733
188.148.44.9 - - [10/Nov/2024:00:50:25 +0100] "GET /ticket2/opencms/img/icons/lv.png HTTP/1.1" 200 716
188.148.44.9 - - [10/Nov/2024:00:50:25 +0100] "GET /ticket2/opencms/img/icons/mt.png HTTP/1.1" 200 920
188.148.44.9 - - [10/Nov/2024:00:50:25 +0100] "GET /ticket2/opencms/img/icons/ro.png HTTP/1.1" 200 1393
188.148.44.9 - - [10/Nov/2024:00:50:25 +0100] "GET /ticket2/opencms/img/icons/mo.png HTTP/1.1" 200 1468
188.148.44.9 - - [10/Nov/2024:00:50:25 +0100] "GET /ticket2/opencms/img/icons/sr.png HTTP/1.1" 200 1602
188.148.44.9 - - [10/Nov/2024:00:50:25 +0100] "GET /ticket2/opencms/img/icons/sk.png HTTP/1.1" 200 1283
188.148.44.9 - - [10/Nov/2024:00:50:25 +0100] "GET /ticket2/opencms/img/icons/sl.png HTTP/1.1" 200 966
188.148.44.9 - - [10/Nov/2024:00:50:25 +0100] "GET /ticket2/opencms/img/icons/uk.png HTTP/1.1" 200 1272
188.148.44.9 - - [10/Nov/2024:00:50:25 +0100] "GET /ticket2/opencms/img/icons/tr.png HTTP/1.1" 200 1636
188.148.44.9 - - [10/Nov/2024:00:50:26 +0100] "GET /ticket2/opencms/img/icons/sq.png HTTP/1.1" 200 1619
188.148.44.9 - - [10/Nov/2024:00:50:27 +0100] "GET /ticket2/opencms/img/icons/az.png HTTP/1.1" 200 1445
188.148.44.9 - - [10/Nov/2024:00:50:27 +0100] "GET /ticket2/opencms/img/icons/bs.png HTTP/1.1" 200 1014
188.148.44.9 - - [10/Nov/2024:00:50:27 +0100] "GET /ticket2/opencms/img/icons/ticket2.thumbnail.png HTTP/1.1" 200 21519
188.148.44.9 - - [10/Nov/2024:00:50:27 +0100] "GET /ticket2/opencms/system/modules/com.gridnine.opencms.ticketbrokerage.site/resources/js/standard.js HTTP/1.1" 200 3978
188.148.44.9 - - [10/Nov/2024:00:50:28 +0100] "GET /ticket2/opencms/system/modules/com.gridnine.opencms.ticketbrokerage.site/resources/css/images/ui-bg_flat_75_ffffff_40x100.png HTTP/1.1" 404 -
192.95.30.177 - - [10/Nov/2024:00:50:29 +0100] "GET /ticket2/opencms/dk/en/buy/?page=1&edid=53E45983-CD38-167B-CB85-BCE8E68486E1&sortorder=desc&column=row HTTP/1.1" 404 -
217.113.194.213 - - [10/Nov/2024:00:50:29 +0100] "GET /ticket2/opencms/dk/buy?page=1&edid=24DA4365-06A3-2349-F7E6-CA02D31FCB88 HTTP/1.1" 200 124374
47.128.22.130 - - [10/Nov/2024:00:50:29 +0100] "GET /ticket2/opencms/no/buy/?edid=2F903B76-B444-9E06-66EB-768066A106B0 HTTP/1.1" 200 81103
192.95.30.177 - - [10/Nov/2024:00:50:34 +0100] "GET /ticket2/opencms/dk/en/buy/?page=1&edid=54BF7B38-1191-4855-07DB-8DE87C08BACB&sortorder=asc&column=section HTTP/1.1" 404 -
188.148.44.9 - - [10/Nov/2024:00:50:36 +0100] "GET /ticket2/opencms/sv/buy/?page=1&edid=BE8C7FA0-9E48-EAB3-3A70-9E9F9EA30F95 HTTP/1.1" 200 135331
188.148.44.9 - - [10/Nov/2024:00:50:36 +0100] "GET /ticket2/opencms/system/modules/com.gridnine.opencms.ticketbrokerage.site/resources/css/ticketbrokerage.css HTTP/1.1" 200 39339
188.148.44.9 - - [10/Nov/2024:00:50:36 +0100] "GET /ticket2/opencms/system/modules/com.gridnine.opencms.ticketbrokerage.site/resources/css/standard.css HTTP/1.1" 200 73073
188.148.44.9 - - [10/Nov/2024:00:50:36 +0100] "GET /ticket2/opencms/system/modules/com.gridnine.opencms.ticketbrokerage.site/resources/js/standard.js HTTP/1.1" 200 3978
188.148.44.9 - - [10/Nov/2024:00:50:36 +0100] "GET /ticket2/opencms/system/modules/com.gridnine.opencms.ticketbrokerage.site/resources/js/functions.js HTTP/1.1" 200 1583
188.148.44.9 - - [10/Nov/2024:00:50:36 +0100] "GET /ticket2/opencms/system/modules/com.gridnine.opencms.ticketbrokerage.site/resources/js/calendar.js HTTP/1.1" 200 49229
188.148.44.9 - - [10/Nov/2024:00:50:36 +0100] "GET /ticket2/opencms/system/modules/com.gridnine.opencms.ticketbrokerage.site/resources/css/calendar.css HTTP/1.1" 200 6871
188.148.44.9 - - [10/Nov/2024:00:50:36 +0100] "GET /ticket2/opencms/system/modules/com.gridnine.opencms.ticketbrokerage.site/resources/js/calendar-setup.js HTTP/1.1" 200 4923
188.148.44.9 - - [10/Nov/2024:00:50:36 +0100] "GET /ticket2/opencms/system/modules/com.gridnine.opencms.ticketbrokerage.site/resources/js/calendar-en.js HTTP/1.1" 200 3338
188.148.44.9 - - [10/Nov/2024:00:50:36 +0100] "GET /ticket2/opencms/img/icons/hy.png HTTP/1.1" 200 1170
188.148.44.9 - - [10/Nov/2024:00:50:36 +0100] "GET /ticket2/opencms/venue/Tottanham_Hotspur_Stadium.png HTTP/1.1" 200 43726
188.148.44.9 - - [10/Nov/2024:00:50:36 +0100] "GET /ticket2/opencms/system/modules/com.gridnine.opencms.ticketbrokerage.site/resources/pics/0.gif HTTP/1.1" 200 43
188.148.44.9 - - [10/Nov/2024:00:50:37 +0100] "GET /ticket2/opencms/system/modules/com.gridnine.opencms.ticketbrokerage.site/resources/pics/two_man.png HTTP/1.1" 200 3407
188.148.44.9 - - [10/Nov/2024:00:50:37 +0100] "GET /ticket2/opencms/img/arrow-down.png HTTP/1.1" 200 192
188.148.44.9 - - [10/Nov/2024:00:50:37 +0100] "GET /ticket2/opencms/img/icons/mk.png HTTP/1.1" 200 1405
188.148.44.9 - - [10/Nov/2024:00:50:37 +0100] "GET /ticket2/opencms/sv/ask-form.html HTTP/1.1" 200 2950
188.148.44.9 - - [10/Nov/2024:00:50:37 +0100] "GET /ticket2/opencms/system/modules/com.gridnine.opencms.ticketbrokerage.site/resources/pics/ticket_info_button.png HTTP/1.1" 200 3820
188.148.44.9 - - [10/Nov/2024:00:50:37 +0100] "GET /ticket2/opencms/system/modules/com.gridnine.opencms.ticketbrokerage.site/resources/css/images/ui-bg_flat_75_ffffff_40x100.png HTTP/1.1" 404 -
188.148.44.9 - - [10/Nov/2024:00:50:37 +0100] "GET /ticket2/opencms/system/modules/com.gridnine.opencms.ticketbrokerage.site/resources/pics/arrow.gif HTTP/1.1" 200 344
188.148.44.9 - - [10/Nov/2024:00:50:37 +0100] "GET /ticket2/opencms/system/modules/com.gridnine.opencms.ticketbrokerage.site/resources/css/ticketbrokerage.css HTTP/1.1" 200 39339
188.148.44.9 - - [10/Nov/2024:00:50:37 +0100] "GET /ticket2/opencms/system/modules/com.gridnine.opencms.ticketbrokerage.site/resources/pics/form_marker.gif HTTP/1.1" 200 43
188.148.44.9 - - [10/Nov/2024:00:50:37 +0100] "GET /ticket2/opencms/system/modules/com.gridnine.opencms.ticketbrokerage.site/resources/pics/button1_left.gif HTTP/1.1" 200 232
188.148.44.9 - - [10/Nov/2024:00:50:37 +0100] "GET /ticket2/opencms/system/modules/com.gridnine.opencms.ticketbrokerage.site/resources/pics/button1_center.gif HTTP/1.1" 200 66
188.148.44.9 - - [10/Nov/2024:00:50:37 +0100] "GET /ticket2/opencms/system/modules/com.gridnine.opencms.ticketbrokerage.site/resources/pics/button1_right.gif HTTP/1.1" 200 232
128.14.231.72 - - [10/Nov/2024:00:50:37 +0100] "GET /ticket2/opencms/se/favicon.ico HTTP/1.1" 404 -
217.113.194.212 - - [10/Nov/2024:00:50:38 +0100] "GET /ticket2/opencms/dk/buy?page=1&edid=81B38BC2-1B10-C00A-7953-DB579F5D53A3 HTTP/1.1" 200 120656
128.14.231.72 - - [10/Nov/2024:00:50:39 +0100] "GET /ticket2/opencms/se/robots.txt HTTP/1.1" 404 -
66.249.76.233 - - [10/Nov/2024:00:50:39 +0100] "GET /ticket2/opencms/en/buy/?page=1&edid=551618B5-3860-8837-909D-AC46BA2A0628&hlv=666d5529-b950-4e1d-b42e-76390a01000f HTTP/1.1" 200 101462
128.14.231.72 - - [10/Nov/2024:00:50:39 +0100] "GET /ticket2/opencms/se/sitemap.xml HTTP/1.1" 404 -
192.95.30.177 - - [10/Nov/2024:00:50:40 +0100] "GET /ticket2/opencms/dk/en/buy/?page=1&edid=54BF7B38-1191-4855-07DB-8DE87C08BACB&sortorder=desc&column=price HTTP/1.1" 404 -
54.36.148.152 - - [10/Nov/2024:00:50:43 +0100] "GET /ticket2/opencms/dk/buy/?page=1&edid=7D165939-BF98-0026-A2D4-02E534C6E447 HTTP/1.1" 200 113609
188.148.44.9 - - [10/Nov/2024:00:50:44 +0100] "GET /ticket2/opencms/system/modules/com.gridnine.opencms.ticketbrokerage.site/resources/css/fancybox_overlay.png HTTP/1.1" 200 1003
188.148.44.9 - - [10/Nov/2024:00:50:44 +0100] "GET /ticket2/opencms/system/modules/com.gridnine.opencms.ticketbrokerage.site/resources/css/fancybox_sprite@2x.png HTTP/1.1" 404 -
192.95.30.177 - - [10/Nov/2024:00:50:45 +0100] "GET /ticket2/opencms/dk/en/buy/?page=1&edid=552DA971-DA35-A8A9-154E-3FEA3A2AF2BE HTTP/1.1" 404 -
217.113.194.218 - - [10/Nov/2024:00:50:46 +0100] "GET /ticket2/opencms/dk/buy?page=1&edid=41F8D44C-65E7-43AE-9535-94841FE2E5F6 HTTP/1.1" 200 97345
216.244.66.238 - - [10/Nov/2024:00:50:48 +0100] "GET /ticket2/opencms/no/buy/?page=1&edid=1B05BB04-EDFF-893A-3423-98B4A4A95E64 HTTP/1.1" 200 98157
192.95.30.177 - - [10/Nov/2024:00:50:51 +0100] "GET /ticket2/opencms/dk/en/buy/?page=1&edid=552DA971-DA35-A8A9-154E-3FEA3A2AF2BE&sortorder=desc&column=row HTTP/1.1" 404 -
217.113.194.218 - - [10/Nov/2024:00:50:55 +0100] "GET /ticket2/opencms/dk/buy?page=1&edid=4E64A45B-C53A-FCF7-3F71-4F13C44D918C HTTP/1.1" 200 100014
192.95.30.177 - - [10/Nov/2024:00:50:56 +0100] "GET /ticket2/opencms/dk/en/buy/?page=1&edid=552DA971-DA35-A8A9-154E-3FEA3A2AF2BE&sortorder=desc&column=section HTTP/1.1" 404 -
47.128.61.54 - - [10/Nov/2024:00:51:00 +0100] "GET /ticket2/opencms/el/buy/?edid=921154C3-BF4F-9061-5CFB-8ECC0A8A34AE HTTP/1.1" 200 82211
188.148.44.9 - - [10/Nov/2024:00:51:00 +0100] "GET /ticket2/opencms/sv/buy?page=2&sodvid=66e061f6-7d30-4ed6-8fc5-74c40a01000f HTTP/1.1" 200 112358
188.148.44.9 - - [10/Nov/2024:00:51:00 +0100] "GET /ticket2/opencms/system/modules/com.gridnine.opencms.ticketbrokerage.site/resources/css/standard.css HTTP/1.1" 200 73073
188.148.44.9 - - [10/Nov/2024:00:51:00 +0100] "GET /ticket2/opencms/system/modules/com.gridnine.opencms.ticketbrokerage.site/resources/js/calendar-setup.js HTTP/1.1" 200 4923
188.148.44.9 - - [10/Nov/2024:00:51:00 +0100] "GET /ticket2/opencms/system/modules/com.gridnine.opencms.ticketbrokerage.site/resources/js/standard.js HTTP/1.1" 200 3978
188.148.44.9 - - [10/Nov/2024:00:51:00 +0100] "GET /ticket2/opencms/system/modules/com.gridnine.opencms.ticketbrokerage.site/resources/css/calendar.css HTTP/1.1" 200 6871
188.148.44.9 - - [10/Nov/2024:00:51:00 +0100] "GET /ticket2/opencms/system/modules/com.gridnine.opencms.ticketbrokerage.site/resources/js/functions.js HTTP/1.1" 200 1583
188.148.44.9 - - [10/Nov/2024:00:51:00 +0100] "GET /ticket2/opencms/system/modules/com.gridnine.opencms.ticketbrokerage.site/resources/js/calendar.js HTTP/1.1" 200 49229
188.148.44.9 - - [10/Nov/2024:00:51:00 +0100] "GET /ticket2/opencms/system/modules/com.gridnine.opencms.ticketbrokerage.site/resources/js/calendar-en.js HTTP/1.1" 200 3338
188.148.44.9 - - [10/Nov/2024:00:51:00 +0100] "GET /ticket2/opencms/system/modules/com.gridnine.opencms.ticketbrokerage.site/resources/css/ticketbrokerage.css HTTP/1.1" 200 39339
188.148.44.9 - - [10/Nov/2024:00:51:00 +0100] "GET /ticket2/opencms/system/modules/com.gridnine.opencms.ticketbrokerage.site/resources/css/images/ui-bg_flat_75_ffffff_40x100.png HTTP/1.1" 404 -
192.95.30.177 - - [10/Nov/2024:00:51:02 +0100] "GET /ticket2/opencms/dk/en/buy/?page=1&edid=55665BB1-2F3D-DED5-E2AC-E89B6A948AE6 HTTP/1.1" 404 -
5.9.55.228 - - [10/Nov/2024:00:51:03 +0100] "GET /ticket2/opencms/cs/buy?catid=6cd184e8-c8d4-e1cc-33d0-6f47e3751240&comcatid=97eca65a-72da-f9af-9dbb-245d3cfed1be&page=6 HTTP/1.1" 200 84050
217.113.194.218 - - [10/Nov/2024:00:51:03 +0100] "GET /ticket2/opencms/dk/buy?page=1&edid=4EC90D2A-6A3C-4323-55EA-F6824A765EA1 HTTP/1.1" 200 97363
54.36.148.190 - - [10/Nov/2024:00:51:05 +0100] "GET /ticket2/opencms/az/sport/futbol-biletleri/premier-league/west-ham HTTP/1.1" 404 -
188.148.44.9 - - [10/Nov/2024:00:51:06 +0100] "GET /ticket2/opencms/sv/buy/?page=1&edid=BE8C7FA0-9E48-EAB3-3A70-9E9F9EA30F95 HTTP/1.1" 200 135197
188.148.44.9 - - [10/Nov/2024:00:51:07 +0100] "GET /ticket2/opencms/sv/ask-form.html HTTP/1.1" 200 2950
192.95.30.177 - - [10/Nov/2024:00:51:07 +0100] "GET /ticket2/opencms/dk/en/buy/?page=1&edid=55665BB1-2F3D-DED5-E2AC-E89B6A948AE6&sortorder=desc&column=price HTTP/1.1" 404 -
217.113.194.214 - - [10/Nov/2024:00:51:12 +0100] "GET /ticket2/opencms/dk/buy?page=1&edid=4D95C4E4-B7FF-C71E-110D-D09544A9044A HTTP/1.1" 200 123309
192.95.30.177 - - [10/Nov/2024:00:51:13 +0100] "GET /ticket2/opencms/dk/en/buy/?page=1&edid=55665BB1-2F3D-DED5-E2AC-E89B6A948AE6&sortorder=desc&column=row HTTP/1.1" 404 -
66.249.79.6 - - [10/Nov/2024:00:51:17 +0100] "GET /ticket2/opencms/lt/buy/?page=1&edid=DC067A0C-CE36-3D9C-899A-867F582FFC90 HTTP/1.1" 200 124407
185.191.171.12 - - [10/Nov/2024:00:51:18 +0100] "GET /ticket2/opencms/sv/sport/fotbollsbiljetter/premier_league/chelsea/ HTTP/1.1" 200 95445
192.95.30.177 - - [10/Nov/2024:00:51:18 +0100] "GET /ticket2/opencms/dk/en/buy/?page=1&edid=55665BB1-2F3D-DED5-E2AC-E89B6A948AE6&sortorder=desc&column=section HTTP/1.1" 404 -
114.119.146.220 - - [10/Nov/2024:00:51:20 +0100] "GET /ticket2/opencms/en/buy/?page=1&edid=F792B886-2B69-5D52-AB72-C7E6F56AAE44 HTTP/1.1" 200 100261
217.113.194.217 - - [10/Nov/2024:00:51:21 +0100] "GET /ticket2/opencms/dk/buy?page=1&edid=6B1BC3D5-41D5-1130-8508-F118D3CA5AB9 HTTP/1.1" 200 101179
192.95.30.177 - - [10/Nov/2024:00:51:24 +0100] "GET /ticket2/opencms/dk/en/buy/?page=1&edid=5570BE8B-F706-8367-B456-1833A283D402&sortorder=asc&column=section HTTP/1.1" 404 -
54.36.148.148 - - [10/Nov/2024:00:51:27 +0100] "GET /ticket2/opencms/fi/buy/?page=1&edid=E2770D18-E952-4B89-3A99-F864CC9397CA HTTP/1.1" 200 111535
217.113.194.221 - - [10/Nov/2024:00:51:29 +0100] "GET /ticket2/opencms/dk/buy?page=1&edid=491FC9A4-044E-32E1-89C8-BEF7533E9A34 HTTP/1.1" 200 97373
192.95.30.177 - - [10/Nov/2024:00:51:29 +0100] "GET /ticket2/opencms/dk/en/buy/?page=1&edid=5640FAB9-24F8-EBAE-85B5-70F8CD8DA0D7 HTTP/1.1" 404 -
192.95.30.177 - - [10/Nov/2024:00:51:35 +0100] "GET /ticket2/opencms/dk/en/buy/?page=1&edid=5694EC6E-8F45-E662-BB18-079F1DC3144E&sortorder=asc&column=price HTTP/1.1" 404 -
47.128.126.219 - - [10/Nov/2024:00:51:35 +0100] "GET /ticket2/opencms/de/buy?page=1&edid=A492339E-0658-D77B-570A-6146F24F8C0A HTTP/1.1" 200 100796
47.128.126.219 - - [10/Nov/2024:00:51:36 +0100] "GET /ticket2/opencms/venue/estadiomestalla.gif HTTP/1.1" 200 27860
47.128.126.219 - - [10/Nov/2024:00:51:37 +0100] "GET /ticket2/opencms/de/ask-form.html HTTP/1.1" 200 3156
217.113.194.219 - - [10/Nov/2024:00:51:37 +0100] "GET /ticket2/opencms/dk/buy?page=1&edid=41223DA8-F64F-F12A-66D9-9E5666E9DFB2 HTTP/1.1" 200 106679
66.249.76.233 - - [10/Nov/2024:00:51:38 +0100] "GET /ticket2/opencms/en/sport/football-tickets/premier_league/tottenham/ HTTP/1.1" 200 92680
192.95.30.177 - - [10/Nov/2024:00:51:40 +0100] "GET /ticket2/opencms/dk/en/buy/?page=1&edid=56AC65AD-6792-298C-C62F-1AAD7AFA4221&sortorder=asc&column=section HTTP/1.1" 404 -
128.14.231.72 - - [10/Nov/2024:00:51:42 +0100] "*&??^??? ?-G?yPh?t???????,??I???? Zn~?$??S?????`Wks[?????M$?H??/?4?????/?0?+?,? ?????3=?" 400 -
128.14.231.72 - - [10/Nov/2024:00:51:42 +0100] "GET / HTTP/1.1" 404 -
114.119.154.207 - - [10/Nov/2024:00:51:43 +0100] "GET /ticket2/opencms/en/buy?page=1&edid=1A6DF4D9-0A04-6637-3B97-D2FDA0FB8BF0 HTTP/1.1" 200 99636
54.36.149.85 - - [10/Nov/2024:00:51:44 +0100] "GET /ticket2/opencms/fi/buy/?page=1&edid=1F54D461-D11A-68BE-103C-10162C2795D6 HTTP/1.1" 200 111561
192.95.30.177 - - [10/Nov/2024:00:51:46 +0100] "GET /ticket2/opencms/dk/en/buy/?page=1&edid=56F7A79F-ED6D-503D-46E5-CD44AF89319D HTTP/1.1" 404 -
217.113.194.213 - - [10/Nov/2024:00:51:46 +0100] "GET /ticket2/opencms/dk/buy?page=1&edid=556B94F2-FD76-AB6F-089E-5820CD9C75C1 HTTP/1.1" 200 100004
5.9.55.228 - - [10/Nov/2024:00:51:48 +0100] "GET /ticket2/opencms/cs/buy?catid=757e2dfb-33da-9b34-8402-9f06b19d8409&comcatid=97eca65a-72da-f9af-9dbb-245d3cfed1be&page=6 HTTP/1.1" 200 84050
192.95.30.177 - - [10/Nov/2024:00:51:51 +0100] "GET /ticket2/opencms/dk/en/buy/?page=1&edid=56F7A79F-ED6D-503D-46E5-CD44AF89319D&sortorder=desc&column=price HTTP/1.1" 404 -
114.119.150.49 - - [10/Nov/2024:00:51:52 +0100] "GET /ticket2/opencms/en/buy/?page=6&comcatid=A17713B6-D984-201A-4143-ED4DB5ED5C2E&catid=5A89E483-58AD-080E-F363-E16CE738916A HTTP/1.1" 200 97017
47.128.35.169 - - [10/Nov/2024:00:51:52 +0100] "GET /ticket2/opencms/de/buy?edid=FF1B1F16-B60A-CB20-3635-FAA393A69F1C HTTP/1.1" 200 80774
121.229.156.18 - - [10/Nov/2024:00:51:52 +0100] "GET /ticket2/opencms/ HTTP/1.1" 302 -
217.113.194.221 - - [10/Nov/2024:00:51:54 +0100] "GET /ticket2/opencms/dk/buy?page=1&edid=1A7F10A1-8FF6-5B9D-1FDC-2244002370D9 HTTP/1.1" 200 99524
121.229.156.18 - - [10/Nov/2024:00:51:55 +0100] "GET /ticket2/opencms/en/ HTTP/1.1" 200 94763
192.95.30.177 - - [10/Nov/2024:00:51:57 +0100] "GET /ticket2/opencms/dk/en/buy/?page=1&edid=56F7A79F-ED6D-503D-46E5-CD44AF89319D&sortorder=desc&column=section HTTP/1.1" 404 -
66.249.79.67 - - [10/Nov/2024:00:51:59 +0100] "GET /ticket2/opencms/fi/buy/?page=1&edid=BBDCBF15-1B06-DD9F-49B6-3829D3B56DBC HTTP/1.1" 200 100876
66.249.79.231 - - [10/Nov/2024:00:52:00 +0100] "GET /ticket2/opencms/en/buy/?comcatid=A17713B6-D984-201A-4143-ED4DB5ED5C2E&catid=&npage=1 HTTP/1.1" 200 249095
128.14.231.72 - - [10/Nov/2024:00:52:01 +0100] "GET /favicon.ico HTTP/1.1" 404 -
128.14.231.72 - - [10/Nov/2024:00:52:01 +0100] "GET /robots.txt HTTP/1.1" 404 -
128.14.231.72 - - [10/Nov/2024:00:52:01 +0100] "GET /sitemap.xml HTTP/1.1" 404 -
192.95.30.177 - - [10/Nov/2024:00:52:02 +0100] "GET /ticket2/opencms/dk/en/buy/?page=1&edid=57167F7F-4EB4-5901-6C5F-EA435292B23F HTTP/1.1" 404 -
217.113.194.218 - - [10/Nov/2024:00:52:03 +0100] "GET /ticket2/opencms/dk/buy?page=1&edid=1ABC406A-92BD-FDCF-3BD6-80A52E60B34F HTTP/1.1" 200 133818
54.36.149.37 - - [10/Nov/2024:00:52:04 +0100] "GET /ticket2/opencms/sv/buy/?page=1&edid=F640204D-1694-0162-ABD6-AAC74A7D8DE6 HTTP/1.1" 200 100978
66.249.79.103 - - [10/Nov/2024:00:52:05 +0100] "GET /ticket2/opencms/ga/buy/?page=1&edid=B990B2A8-DD94-E8BA-431E-F03C663D5228 HTTP/1.1" 200 108625
66.249.79.36 - - [10/Nov/2024:00:52:07 +0100] "GET /ticket2/opencms/no/buy/?page=1&edid=157437D9-3645-4E55-4CCB-67CAF0815146 HTTP/1.1" 200 101409
192.95.30.177 - - [10/Nov/2024:00:52:08 +0100] "GET /ticket2/opencms/dk/en/buy/?page=1&edid=5877502F-33A9-B911-A118-3E4D91F5A611&sortorder=asc&column=row HTTP/1.1" 404 -
217.113.194.218 - - [10/Nov/2024:00:52:11 +0100] "GET /ticket2/opencms/dk/buy?page=1&edid=1F2F884A-E0AC-4C3D-F294-0BE2EBB6E0EA HTTP/1.1" 200 97397
54.36.148.182 - - [10/Nov/2024:00:52:12 +0100] "GET /ticket2/opencms/sv/buy/?page=1&edid=D402E731-16BD-6054-BEC0-D195836DBFA5 HTTP/1.1" 200 109429
192.95.30.177 - - [10/Nov/2024:00:52:13 +0100] "GET /ticket2/opencms/dk/en/buy/?page=1&edid=58849721-189F-D09B-851E-CCAD1153A6C9 HTTP/1.1" 404 -
40.77.167.41 - - [10/Nov/2024:00:52:15 +0100] "GET /ticket2/opencms/et/buy?page=1&edid=5041CDE3-2272-6A36-53C0-61757073FB1A HTTP/1.1" 200 98540
207.46.13.36 - - [10/Nov/2024:00:52:15 +0100] "GET /ticket2/opencms/sv/buy/?page=1&edid=AE716F73-508D-DEB7-E6E2-5D76473CBEAD HTTP/1.1" 200 101490
192.95.30.177 - - [10/Nov/2024:00:52:19 +0100] "GET /ticket2/opencms/dk/en/buy/?page=1&edid=5A9B32FB-C20E-2874-9C42-0B1D1553465A&sortorder=asc&column=price HTTP/1.1" 404 -
217.113.194.213 - - [10/Nov/2024:00:52:20 +0100] "GET /ticket2/opencms/dk/buy?page=1&edid=2E10707D-C051-6138-1E62-3BA0A6C4D8EB HTTP/1.1" 200 123517
54.36.148.133 - - [10/Nov/2024:00:52:20 +0100] "GET /ticket2/opencms/en/buy/?page=1&edid=E27713F6-A278-DECD-523E-C74BE094406E HTTP/1.1" 200 108611
54.36.148.109 - - [10/Nov/2024:00:52:23 +0100] "GET /ticket2/opencms/en/buy/?page=1&edid=26467E66-E432-3709-0425-A75E81B5021A HTTP/1.1" 200 129129
192.95.30.177 - - [10/Nov/2024:00:52:24 +0100] "GET /ticket2/opencms/dk/en/buy/?page=1&edid=5E100F11-07B4-ABAF-8BB0-5EC601120162&sortorder=asc&column=section HTTP/1.1" 404 -
217.113.194.214 - - [10/Nov/2024:00:52:29 +0100] "GET /ticket2/opencms/dk/buy?page=1&edid=2FC0C730-CDF2-92B9-F11A-5B4B69410553 HTTP/1.1" 200 113239
54.36.148.91 - - [10/Nov/2024:00:52:29 +0100] "GET /ticket2/opencms/nl/buy/?page=1&edid=65FEF73C-F65F-4957-0F47-673C50411D15 HTTP/1.1" 200 108656
192.95.30.177 - - [10/Nov/2024:00:52:30 +0100] "GET /ticket2/opencms/dk/en/buy/?page=1&edid=633F0BF9-678F-0996-1DD1-D6E4D9F5D5DF&sortorder=asc&column=price HTTP/1.1" 404 -
5.9.55.228 - - [10/Nov/2024:00:52:32 +0100] "GET /ticket2/opencms/de/buy?catid=2e79aed8-ff58-b4e8-afb0-43e7cebe7864&comcatid=97eca65a-72da-f9af-9dbb-245d3cfed1be&page=6 HTTP/1.1" 200 83351
157.55.39.204 - - [10/Nov/2024:00:52:33 +0100] "GET /ticket2/opencms/et/buy?page=1&edid=730A8AEC-BD3E-D604-64CB-3F2EC6555AA0 HTTP/1.1" 200 100931
54.36.148.175 - - [10/Nov/2024:00:52:33 +0100] "GET /ticket2/opencms/cs/?page=6&comcatid=A17713B6-D984-201A-4143-ED4DB5ED5C2E&catid=36394212-F82E-F845-399B-42BED55969CC&eventid=19AD6356-6E10-9C9F-9FF7-23862BF7038B HTTP/1.1" 200 96185
192.95.30.177 - - [10/Nov/2024:00:52:35 +0100] "GET /ticket2/opencms/dk/en/buy/?page=1&edid=6479D966-2793-7C7E-D24A-D27EA93264A1 HTTP/1.1" 404 -
54.36.148.107 - - [10/Nov/2024:00:52:37 +0100] "GET /ticket2/opencms/cs/?page=6&comcatid=A17713B6-D984-201A-4143-ED4DB5ED5C2E&catid=36394212-F82E-F845-399B-42BED55969CC&eventid=1C0FC89D-D539-28E4-3F58-11BCE29E4CA8 HTTP/1.1" 200 96185
217.113.194.221 - - [10/Nov/2024:00:52:37 +0100] "GET /ticket2/opencms/dk/buy?page=1&edid=2AC421C6-0DD9-73DD-0C29-416B5CC98DFF HTTP/1.1" 200 100412
185.191.171.14 - - [10/Nov/2024:00:52:38 +0100] "GET /ticket2/opencms/sv/magazine/article?title=linoel-messis-sista-sasong HTTP/1.1" 200 84963
207.46.13.160 - - [10/Nov/2024:00:52:38 +0100] "GET /ticket2/opencms/sv/buy/?comcatid=A17713B6-D984-201A-4143-ED4DB5ED5C2E&catid=739BFC5D-78FA-6834-D764-6CE64CA5F9EC HTTP/1.1" 200 92966
192.95.30.177 - - [10/Nov/2024:00:52:41 +0100] "GET /ticket2/opencms/dk/en/buy/?page=1&edid=6629938D-A6E5-DFC1-3AB0-2416CB373D79&sortorder=desc&column=price HTTP/1.1" 404 -
54.36.148.31 - - [10/Nov/2024:00:52:41 +0100] "GET /ticket2/opencms/cs/?page=6&comcatid=A17713B6-D984-201A-4143-ED4DB5ED5C2E&catid=36394212-F82E-F845-399B-42BED55969CC&eventid=29425CD0-51B2-1314-2678-3AB7A21FD119 HTTP/1.1" 200 96185
217.113.194.217 - - [10/Nov/2024:00:52:46 +0100] "GET /ticket2/opencms/dk/buy?page=1&edid=294968E7-670E-500D-EF6F-F776CC397F5A HTTP/1.1" 200 109894
54.36.148.182 - - [10/Nov/2024:00:52:46 +0100] "GET /ticket2/opencms/cs/?page=6&comcatid=A17713B6-D984-201A-4143-ED4DB5ED5C2E&catid=36394212-F82E-F845-399B-42BED55969CC&eventid=8089A138-5EE7-E43F-C342-AAB9352CA1D1 HTTP/1.1" 200 96185
192.95.30.177 - - [10/Nov/2024:00:52:46 +0100] "GET /ticket2/opencms/dk/en/buy/?page=1&edid=6629938D-A6E5-DFC1-3AB0-2416CB373D79&sortorder=desc&column=row HTTP/1.1" 404 -
54.36.148.96 - - [10/Nov/2024:00:52:51 +0100] "GET /ticket2/opencms/cs/?page=6&comcatid=A17713B6-D984-201A-4143-ED4DB5ED5C2E&catid=36394212-F82E-F845-399B-42BED55969CC&eventid=B45AC244-DB10-0539-6625-12AA68C37378 HTTP/1.1" 200 96185
192.95.30.177 - - [10/Nov/2024:00:52:52 +0100] "GET /ticket2/opencms/dk/en/buy/?page=1&edid=6629938D-A6E5-DFC1-3AB0-2416CB373D79&sortorder=desc&column=section HTTP/1.1" 404 -
217.113.194.216 - - [10/Nov/2024:00:52:54 +0100] "GET /ticket2/opencms/dk/buy?page=1&edid=263D4480-7F04-EAFA-CBED-4922A9A413D8 HTTP/1.1" 200 100421
192.95.30.177 - - [10/Nov/2024:00:52:57 +0100] "GET /ticket2/opencms/dk/en/buy/?page=1&edid=66EA5353-0EED-D56D-04FB-B3F43B6CCED9 HTTP/1.1" 404 -
54.36.148.107 - - [10/Nov/2024:00:52:57 +0100] "GET /ticket2/opencms/cs/?page=6&comcatid=A17713B6-D984-201A-4143-ED4DB5ED5C2E&catid=36394212-F82E-F845-399B-42BED55969CC&eventid=FF812D0C-FCB2-7645-0CFD-1ACFB0013262 HTTP/1.1" 200 96185
66.249.76.224 - - [10/Nov/2024:00:53:01 +0100] "GET /ticket2/opencms/is/buy?page=1&edid=CCC52869-7D07-37D3-E716-0EF1AC21BCE4 HTTP/1.1" 200 123480
54.36.148.170 - - [10/Nov/2024:00:53:02 +0100] "GET /ticket2/opencms/sv/buy/?page=1&edid=0BDC77E8-1941-E214-5BA6-B191DFAB752D HTTP/1.1" 200 100311
216.244.66.238 - - [10/Nov/2024:00:53:02 +0100] "GET /ticket2/opencms/fi/venue/?venueid=920488DA-5A31-2C02-38B5-7EC9E48B6D06 HTTP/1.1" 200 78539
192.95.30.177 - - [10/Nov/2024:00:53:02 +0100] "GET /ticket2/opencms/dk/en/buy/?page=1&edid=6749405D-9034-3134-6FC9-C3C39C417375&sortorder=desc&column=price HTTP/1.1" 404 -
217.113.194.220 - - [10/Nov/2024:00:53:03 +0100] "GET /ticket2/opencms/dk/buy?page=1&edid=35CC7524-8A7A-7EC1-48FD-F1742720F1A5 HTTP/1.1" 200 106907
66.249.79.5 - - [10/Nov/2024:00:53:03 +0100] "GET /ticket2/opencms/lt/buy/?page=1&edid=7C302FE7-A282-8674-91A5-C39354E6B4F5 HTTP/1.1" 200 104754
54.36.148.35 - - [10/Nov/2024:00:53:06 +0100] "GET /ticket2/opencms/no/buy?page=6&comcatid=A17713B6-D984-201A-4143-ED4DB5ED5C2E&catid=A7674DEA-B39E-502C-2F76-760AE08947E9 HTTP/1.1" 200 100524
168.119.65.57 - - [10/Nov/2024:00:53:06 +0100] "GET /ticket2/opencms/system/modules/com.gridnine.opencms.ticketbrokerage.site/resources/css/ticketbrokerage.css HTTP/1.1" 200 39339
168.119.65.57 - - [10/Nov/2024:00:53:06 +0100] "GET /ticket2/opencms/system/modules/com.gridnine.opencms.ticketbrokerage.site/resources/css/jquery.fancybox.css HTTP/1.1" 200 4939
168.119.65.57 - - [10/Nov/2024:00:53:06 +0100] "GET /ticket2/opencms/system/modules/com.gridnine.opencms.ticketbrokerage.site/resources/css/standard.css HTTP/1.1" 200 73073
168.119.65.57 - - [10/Nov/2024:00:53:06 +0100] "GET /ticket2/opencms/system/modules/com.gridnine.opencms.ticketbrokerage.site/resources/css/jquery-ui.css HTTP/1.1" 200 33221
168.119.65.57 - - [10/Nov/2024:00:53:06 +0100] "GET /ticket2/opencms/system/modules/com.gridnine.opencms.ticketbrokerage.site/resources/css/calendar.css HTTP/1.1" 200 6871
168.119.65.57 - - [10/Nov/2024:00:53:06 +0100] "GET /ticket2/opencms/system/modules/com.gridnine.opencms.ticketbrokerage.site/resources/js/jquery/jquery-ui.js HTTP/1.1" 200 228088
168.119.65.57 - - [10/Nov/2024:00:53:06 +0100] "GET /ticket2/opencms/system/modules/com.gridnine.opencms.ticketbrokerage.site/resources/js/stickyfill.min.js HTTP/1.1" 200 5672
168.119.65.57 - - [10/Nov/2024:00:53:06 +0100] "GET /ticket2/opencms/system/modules/com.gridnine.opencms.ticketbrokerage.site/resources/js/calendar.js HTTP/1.1" 200 49229
168.119.65.57 - - [10/Nov/2024:00:53:06 +0100] "GET /ticket2/opencms/system/modules/com.gridnine.opencms.ticketbrokerage.site/resources/js/jquery.fancybox.pack.js HTTP/1.1" 200 23187
168.119.65.57 - - [10/Nov/2024:00:53:06 +0100] "GET /ticket2/opencms/system/modules/com.gridnine.opencms.ticketbrokerage.site/resources/js/jquery/jquery.js HTTP/1.1" 200 93868
168.119.65.57 - - [10/Nov/2024:00:53:06 +0100] "GET /ticket2/opencms/system/modules/com.gridnine.opencms.ticketbrokerage.site/resources/js/functions.js HTTP/1.1" 200 1583
168.119.65.57 - - [10/Nov/2024:00:53:07 +0100] "GET /ticket2/opencms/system/modules/com.gridnine.opencms.ticketbrokerage.site/resources/js/calendar-en.js HTTP/1.1" 200 3338
168.119.65.57 - - [10/Nov/2024:00:53:07 +0100] "GET /ticket2/opencms/system/modules/com.gridnine.opencms.ticketbrokerage.site/resources/js/standard.js HTTP/1.1" 200 3978
168.119.65.57 - - [10/Nov/2024:00:53:07 +0100] "GET /ticket2/opencms/system/modules/com.gridnine.opencms.ticketbrokerage.site/resources/js/calendar-setup.js HTTP/1.1" 200 4923
168.119.65.57 - - [10/Nov/2024:00:53:07 +0100] "GET /ticket2/opencms/system/modules/com.gridnine.opencms.ticketbrokerage.site/resources/js/jquery.placeholder.min.js HTTP/1.1" 200 1737
168.119.65.57 - - [10/Nov/2024:00:53:07 +0100] "GET /ticket2/opencms/system/modules/com.gridnine.opencms.ticketbrokerage.site/resources/js/common-ajax.js HTTP/1.1" 200 20175
168.119.65.57 - - [10/Nov/2024:00:53:07 +0100] "GET /ticket2/opencms/system/modules/com.gridnine.opencms.ticketbrokerage.site/resources/js/standard.js HTTP/1.1" 200 3978
192.95.30.177 - - [10/Nov/2024:00:53:08 +0100] "GET /ticket2/opencms/dk/en/buy/?page=1&edid=67717DD3-A306-3CBC-7304-40B4DB57C834&sortorder=asc&column=section HTTP/1.1" 404 -
154.54.249.216 - - [10/Nov/2024:00:53:11 +0100] "GET /ticket2/opencms/dk/buy?page=1&edid=35B3B189-F0EE-D44E-696E-524503E0038E HTTP/1.1" 200 103395
54.36.149.91 - - [10/Nov/2024:00:53:13 +0100] "GET /ticket2/opencms/el/?page=6&comcatid=A17713B6-D984-201A-4143-ED4DB5ED5C2E&catid=36394212-F82E-F845-399B-42BED55969CC&eventid=19AD6356-6E10-9C9F-9FF7-23862BF7038B HTTP/1.1" 200 98417
192.95.30.177 - - [10/Nov/2024:00:53:15 +0100] "GET /ticket2/opencms/dk/en/buy/?page=1&edid=67717DD3-A306-3CBC-7304-40B4DB57C834&sortorder=desc&column=section HTTP/1.1" 404 -
47.128.23.53 - - [10/Nov/2024:00:53:15 +0100] "GET /ticket2/opencms/de/buy?edid=7F799A34-A2BE-D291-CE84-29C608B78F94 HTTP/1.1" 200 80774
5.9.55.228 - - [10/Nov/2024:00:53:16 +0100] "GET /ticket2/opencms/de/buy?catid=4c4dadf0-07cc-9b24-d2d9-940ef378be99&comcatid=97eca65a-72da-f9af-9dbb-245d3cfed1be&page=6 HTTP/1.1" 200 83351
54.36.148.149 - - [10/Nov/2024:00:53:18 +0100] "GET /ticket2/opencms/el/?page=6&comcatid=A17713B6-D984-201A-4143-ED4DB5ED5C2E&catid=36394212-F82E-F845-399B-42BED55969CC&eventid=1C0FC89D-D539-28E4-3F58-11BCE29E4CA8 HTTP/1.1" 200 98417
47.128.35.154 - - [10/Nov/2024:00:53:19 +0100] "GET /ticket2/opencms/cs/buy/?edid=25BCE2B5-FEB0-D1CE-DC66-CF0DE0ECFD52 HTTP/1.1" 200 81473
217.113.194.216 - - [10/Nov/2024:00:53:20 +0100] "GET /ticket2/opencms/dk/buy?page=1&edid=65A9D458-166A-0DC5-1B44-D817185B93FC HTTP/1.1" 200 99997
192.95.30.177 - - [10/Nov/2024:00:53:21 +0100] "GET /ticket2/opencms/dk/en/buy/?page=1&edid=679592A4-F209-DF56-5774-383426253C85&sortorder=asc&column=price HTTP/1.1" 404 -
205.210.31.134 - - [10/Nov/2024:00:53:23 +0100] "GET /ticket2/opencms/de/ HTTP/1.1" 200 95823
54.36.148.40 - - [10/Nov/2024:00:53:24 +0100] "GET /ticket2/opencms/el/?page=6&comcatid=A17713B6-D984-201A-4143-ED4DB5ED5C2E&catid=36394212-F82E-F845-399B-42BED55969CC&eventid=29425CD0-51B2-1314-2678-3AB7A21FD119 HTTP/1.1" 200 98417
66.249.78.10 - - [10/Nov/2024:00:53:25 +0100] "GET /ticket2/opencms/sq/buy/?comcatid=0A6B8208-FDA4-E929-9D72-5312FD481B76&catid=412DBCF4-025D-8ABC-7A40-D7C760E055FF HTTP/1.1" 200 87492
66.249.76.233 - - [10/Nov/2024:00:53:26 +0100] "GET /ticket2/opencms/en/buy/?comcatid=A17713B6-D984-201A-4143-ED4DB5ED5C2E&catid=A4D9EA9A-192D-0274-BF26-9C98D8B902AB HTTP/1.1" 200 110859
192.95.30.177 - - [10/Nov/2024:00:53:27 +0100] "GET /ticket2/opencms/dk/en/buy/?page=1&edid=679592A4-F209-DF56-5774-383426253C85&sortorder=desc&column=price HTTP/1.1" 404 -
66.249.79.233 - - [10/Nov/2024:00:53:27 +0100] "GET /ticket2/opencms/set_aff_cookie.jsp?partner=53673ED6-1455-FA54-818F-B1F67121E37C&url=%2Fsv%2Fbuy%2Findex.html%3Fpage%3D1%26edid%3D2622E353-CCF8-0614-7644-191247788409%26hlv%3D666d6ec0-9fe8-4a2a-9c8b-0c140a01000f%23v893439728 HTTP/1.1" 200 224
217.113.194.221 - - [10/Nov/2024:00:53:28 +0100] "GET /ticket2/opencms/dk/buy?page=1&edid=91822FE2-DE87-A84A-2822-E8AA69FE74C1 HTTP/1.1" 200 103397
192.95.30.177 - - [10/Nov/2024:00:53:34 +0100] "GET /ticket2/opencms/dk/en/buy/?page=1&edid=679592A4-F209-DF56-5774-383426253C85&sortorder=desc&column=row HTTP/1.1" 404 -
135.181.74.243 - - [10/Nov/2024:00:53:36 +0100] "GET /ticket2/opencms/dk/robots.txt HTTP/1.1" 404 -
217.113.194.220 - - [10/Nov/2024:00:53:36 +0100] "GET /ticket2/opencms/dk/buy?page=1&edid=9F997AA4-4C9A-B0F5-45AE-3426BA42C8D8 HTTP/1.1" 200 100426
52.167.144.159 - - [10/Nov/2024:00:53:38 +0100] "GET /ticket2/opencms/en/venue/?venueid=AF6FD165-4F1A-7FA7-C62D-5E8440EB560A HTTP/1.1" 200 76993
54.36.148.43 - - [10/Nov/2024:00:53:40 +0100] "GET /ticket2/opencms/el/?page=6&comcatid=A17713B6-D984-201A-4143-ED4DB5ED5C2E&catid=36394212-F82E-F845-399B-42BED55969CC&eventid=8089A138-5EE7-E43F-C342-AAB9352CA1D1 HTTP/1.1" 200 98417
87.250.224.232 - - [10/Nov/2024:00:53:40 +0100] "GET /ticket2/opencms/robots.txt HTTP/1.1" 200 773
192.95.30.177 - - [10/Nov/2024:00:53:42 +0100] "GET /ticket2/opencms/dk/en/buy/?page=1&edid=679592A4-F209-DF56-5774-383426253C85&sortorder=desc&column=section HTTP/1.1" 404 -
213.180.203.128 - - [10/Nov/2024:00:53:42 +0100] "GET /ticket2/opencms/en/buy/?page=1&edid=C78E4619-1E46-CB27-6BCC-007429A12C31 HTTP/1.1" 200 133320
135.181.74.243 - - [10/Nov/2024:00:53:42 +0100] "GET /ticket2/opencms/dk/dk/buy/?page=1&edid=01361779-A215-4988-A0CA-B22E55ADBD38&sortorder=asc&column=section HTTP/1.1" 404 -
217.113.194.214 - - [10/Nov/2024:00:53:45 +0100] "GET /ticket2/opencms/dk/buy?page=1&edid=9FB29ACF-AF62-5E21-B5FC-F31B88ECED6C HTTP/1.1" 200 97357
135.181.74.243 - - [10/Nov/2024:00:53:46 +0100] "GET /ticket2/opencms/dk/fi/buy/?page=1&edid=38B35C60-3642-D9FF-D23B-B799877F4C81&sortorder=desc&column=price HTTP/1.1" 404 -
192.95.30.177 - - [10/Nov/2024:00:53:49 +0100] "GET /ticket2/opencms/dk/en/buy/?page=1&edid=67A31EC9-82B4-3111-C328-5A8583423072 HTTP/1.1" 404 -
217.113.194.221 - - [10/Nov/2024:00:53:53 +0100] "GET /ticket2/opencms/dk/buy?page=1&edid=96B51F81-BE46-EF5A-415C-0B8AE04D9391 HTTP/1.1" 200 97346
192.99.36.61 - - [10/Nov/2024:00:53:56 +0100] "GET /ticket2/opencms/dk/robots.txt HTTP/1.1" 404 -
192.95.30.177 - - [10/Nov/2024:00:53:56 +0100] "GET /ticket2/opencms/dk/en/buy/?page=1&edid=67A31EC9-82B4-3111-C328-5A8583423072&sortorder=desc&column=price HTTP/1.1" 404 -
135.181.74.243 - - [10/Nov/2024:00:53:56 +0100] "GET /ticket2/opencms/dk/fi/buy/?page=1&edid=9F33CAAA-92E0-2F06-D959-239BB7C5F362&sortorder=asc&column=section HTTP/1.1" 404 -
47.128.114.147 - - [10/Nov/2024:00:53:56 +0100] "GET /ticket2/opencms/sv/sport/fotbollsbiljetter/ligue_1/toulouse/ HTTP/1.1" 200 79458
47.128.114.147 - - [10/Nov/2024:00:53:57 +0100] "GET /ticket2/opencms/system/modules/com.gridnine.opencms.ticketbrokerage.site/resources/pics/banners/team/ligue_1/toulouse.png HTTP/1.1" 200 69349
5.9.55.228 - - [10/Nov/2024:00:53:59 +0100] "GET /ticket2/opencms/de/buy?catid=55d1256d-bdd9-cba3-47a3-0a252f702555&comcatid=97eca65a-72da-f9af-9dbb-245d3cfed1be&page=6 HTTP/1.1" 200 83351
88.90.248.233 - - [10/Nov/2024:00:54:01 +0100] "GET /ticket2/opencms/robots.txt HTTP/1.1" 200 773
217.113.194.212 - - [10/Nov/2024:00:54:02 +0100] "GET /ticket2/opencms/dk/buy?page=1&edid=9D53EF56-E094-1CE3-0FAB-D54DB419847E HTTP/1.1" 200 100874
192.99.36.61 - - [10/Nov/2024:00:54:02 +0100] "GET /ticket2/opencms/dk/en/buy/?page=1&edid=A85E030E-32CA-30D9-6C1A-21D58A3B9853&sortorder=desc&column=price HTTP/1.1" 404 -
88.90.248.233 - - [10/Nov/2024:00:54:03 +0100] "GET /ticket2/opencms/fi/buy/?page=1&edid=06C670DB-A8D1-B9FA-3FE6-95D8F01937B4&sortorder=asc&column=row HTTP/1.1" 200 103127
192.99.36.61 - - [10/Nov/2024:00:54:03 +0100] "GET /ticket2/opencms/dk/robots.txt HTTP/1.1" 404 -
135.181.74.243 - - [10/Nov/2024:00:54:04 +0100] "GET /ticket2/opencms/dk/fi/buy/?page=1&edid=A9906BBD-0C69-0408-A4BA-BF17B1215AAD&sortorder=asc&column=price HTTP/1.1" 404 -
88.90.248.233 - - [10/Nov/2024:00:54:04 +0100] "GET /ticket2/opencms/fi/buy/?page=1&edid=0704BD6D-31E9-BB79-1A42-1B64AF5D31BB&sortorder=asc&column=price HTTP/1.1" 200 103764
88.90.248.233 - - [10/Nov/2024:00:54:06 +0100] "GET /ticket2/opencms/fi/buy/?page=1&edid=0704BD6D-31E9-BB79-1A42-1B64AF5D31BB&sortorder=asc&column=section HTTP/1.1" 200 103856
88.90.248.233 - - [10/Nov/2024:00:54:07 +0100] "GET /ticket2/opencms/fi/buy/?page=1&edid=0704BD6D-31E9-BB79-1A42-1B64AF5D31BB&sortorder=desc&column=price HTTP/1.1" 200 103809
54.36.148.140 - - [10/Nov/2024:00:54:08 +0100] "GET /ticket2/opencms/el/?page=6&comcatid=A17713B6-D984-201A-4143-ED4DB5ED5C2E&catid=36394212-F82E-F845-399B-42BED55969CC&eventid=B45AC244-DB10-0539-6625-12AA68C37378 HTTP/1.1" 200 98417
192.99.36.61 - - [10/Nov/2024:00:54:09 +0100] "GET /ticket2/opencms/dk/en/buy/?page=1&edid=AB66E1DC-A30C-A1CB-3420-190A3241D003 HTTP/1.1" 404 -
88.90.248.233 - - [10/Nov/2024:00:54:09 +0100] "GET /ticket2/opencms/fi/buy/?page=1&edid=0704BD6D-31E9-BB79-1A42-1B64AF5D31BB&sortorder=desc&column=row HTTP/1.1" 200 103717
192.95.30.177 - - [10/Nov/2024:00:54:10 +0100] "GET /ticket2/opencms/dk/en/buy/?page=1&edid=67A31EC9-82B4-3111-C328-5A8583423072&sortorder=desc&column=section HTTP/1.1" 404 -
217.113.194.216 - - [10/Nov/2024:00:54:10 +0100] "GET /ticket2/opencms/dk/buy?page=1&edid=9DCC0E66-25C8-5156-35A8-BF56F5E3E1AA HTTP/1.1" 200 114123
88.90.248.233 - - [10/Nov/2024:00:54:11 +0100] "GET /ticket2/opencms/fi/buy/?page=1&edid=0704BD6D-31E9-BB79-1A42-1B64AF5D31BB&sortorder=desc&column=section HTTP/1.1" 200 103901
88.90.248.233 - - [10/Nov/2024:00:54:12 +0100] "GET /ticket2/opencms/fi/buy/?page=1&edid=07335531-3B1A-2C29-2B43-B2D35810611E&sortorder=asc&column=row HTTP/1.1" 200 99856
88.90.248.233 - - [10/Nov/2024:00:54:14 +0100] "GET /ticket2/opencms/fi/buy/?page=1&edid=07B0ACF8-58B0-8EE8-31DF-FAD574ECBFC5&sortorder=asc&column=price HTTP/1.1" 200 103674
135.181.74.243 - - [10/Nov/2024:00:54:14 +0100] "GET /ticket2/opencms/dk/fi/buy/?page=1&edid=A9906BBD-0C69-0408-A4BA-BF17B1215AAD&sortorder=asc&column=row HTTP/1.1" 404 -
192.99.36.61 - - [10/Nov/2024:00:54:15 +0100] "GET /ticket2/opencms/dk/en/buy/?page=1&edid=B3FFE65A-30FC-32DE-3E3C-769263593BC1&sortorder=asc&column=row HTTP/1.1" 404 -
88.90.248.233 - - [10/Nov/2024:00:54:15 +0100] "GET /ticket2/opencms/fi/buy/?page=1&edid=07B0ACF8-58B0-8EE8-31DF-FAD574ECBFC5&sortorder=asc&column=row HTTP/1.1" 200 103582
88.90.248.233 - - [10/Nov/2024:00:54:17 +0100] "GET /ticket2/opencms/fi/buy/?page=1&edid=07B0ACF8-58B0-8EE8-31DF-FAD574ECBFC5&sortorder=asc&column=section HTTP/1.1" 200 103766
88.90.248.233 - - [10/Nov/2024:00:54:19 +0100] "GET /ticket2/opencms/fi/buy/?page=1&edid=085B2D38-1916-B98A-79EC-D3BD25039402&sortorder=asc&column=price HTTP/1.1" 200 103744
217.113.194.221 - - [10/Nov/2024:00:54:19 +0100] "GET /ticket2/opencms/dk/buy?page=1&edid=79716713-A068-E79D-953B-9FF4A2B80AAB HTTP/1.1" 200 122822
192.95.30.177 - - [10/Nov/2024:00:54:20 +0100] "GET /ticket2/opencms/dk/en/buy/?page=1&edid=68259A3C-CF4C-844C-9035-35AC0CB3C672 HTTP/1.1" 404 -
192.99.36.61 - - [10/Nov/2024:00:54:20 +0100] "GET /ticket2/opencms/dk/en/buy/?page=1&edid=B7CD03F3-78D0-257F-84AD-A4BE61864779&sortorder=desc&column=price HTTP/1.1" 404 -
88.90.248.233 - - [10/Nov/2024:00:54:21 +0100] "GET /ticket2/opencms/fi/buy/?page=1&edid=085B2D38-1916-B98A-79EC-D3BD25039402&sortorder=asc&column=row HTTP/1.1" 200 103652
194.247.173.99 - - [10/Nov/2024:00:54:22 +0100] "GET /ticket2/opencms/dk/robots.txt HTTP/1.1" 404 -
88.90.248.233 - - [10/Nov/2024:00:54:22 +0100] "GET /ticket2/opencms/fi/buy/?page=1&edid=085B2D38-1916-B98A-79EC-D3BD25039402&sortorder=asc&column=section HTTP/1.1" 200 103836
95.217.195.123 - - [10/Nov/2024:00:54:22 +0100] "GET /ticket2/opencms/robots.txt HTTP/1.1" 200 773
213.180.203.85 - - [10/Nov/2024:00:54:23 +0100] "GET /ticket2/opencms/robots.txt HTTP/1.1" 200 773
135.181.74.243 - - [10/Nov/2024:00:54:23 +0100] "GET /ticket2/opencms/dk/fi/buy/?page=1&edid=A9906BBD-0C69-0408-A4BA-BF17B1215AAD&sortorder=asc&column=section HTTP/1.1" 404 -
88.90.248.233 - - [10/Nov/2024:00:54:24 +0100] "GET /ticket2/opencms/fi/buy/?page=1&edid=085B2D38-1916-B98A-79EC-D3BD25039402&sortorder=desc&column=price HTTP/1.1" 200 103789
213.180.203.86 - - [10/Nov/2024:00:54:25 +0100] "GET /ticket2/opencms/tr/ HTTP/1.1" 200 96286
5.255.231.27 - - [10/Nov/2024:00:54:25 +0100] "GET /ticket2/opencms/system/modules/com.gridnine.opencms.ticketbrokerage.site/resources/js/calendar-setup.js HTTP/1.1" 200 4923
88.90.248.233 - - [10/Nov/2024:00:54:26 +0100] "GET /ticket2/opencms/fi/buy/?page=1&edid=085B2D38-1916-B98A-79EC-D3BD25039402&sortorder=desc&column=row HTTP/1.1" 200 103697
192.99.36.61 - - [10/Nov/2024:00:54:26 +0100] "GET /ticket2/opencms/dk/en/buy/?page=1&edid=B7CD03F3-78D0-257F-84AD-A4BE61864779&sortorder=desc&column=row HTTP/1.1" 404 -
213.180.203.28 - - [10/Nov/2024:00:54:26 +0100] "GET /ticket2/opencms/system/modules/com.gridnine.opencms.ticketbrokerage.site/resources/js/jquery/jquery-ui.js HTTP/1.1" 200 228088
192.95.30.177 - - [10/Nov/2024:00:54:27 +0100] "GET /ticket2/opencms/dk/en/buy/?page=1&edid=68259A3C-CF4C-844C-9035-35AC0CB3C672&sortorder=desc&column=price HTTP/1.1" 404 -
95.217.195.123 - - [10/Nov/2024:00:54:27 +0100] "GET /ticket2/opencms/dk/buy/?page=1&edid=013A3620-61B8-4C37-EC2F-1743972D2160&sortorder=desc&column=section HTTP/1.1" 200 98787
88.90.248.233 - - [10/Nov/2024:00:54:27 +0100] "GET /ticket2/opencms/fi/buy/?page=1&edid=0872CDCC-19F9-14E1-6474-AB6CD6A870A9&sortorder=asc&column=price HTTP/1.1" 200 102590
217.113.194.213 - - [10/Nov/2024:00:54:27 +0100] "GET /ticket2/opencms/dk/buy?page=1&edid=6771892E-7E7D-3A4E-4779-DB1F0828DEE9 HTTP/1.1" 200 97376
88.90.248.233 - - [10/Nov/2024:00:54:29 +0100] "GET /ticket2/opencms/fi/buy/?page=1&edid=0872CDCC-19F9-14E1-6474-AB6CD6A870A9&sortorder=asc&column=row HTTP/1.1" 200 102498
88.90.248.233 - - [10/Nov/2024:00:54:31 +0100] "GET /ticket2/opencms/fi/buy/?page=1&edid=0872CDCC-19F9-14E1-6474-AB6CD6A870A9&sortorder=asc&column=section HTTP/1.1" 200 102682
95.217.195.123 - - [10/Nov/2024:00:54:31 +0100] "GET /ticket2/opencms/dk/buy/?page=1&edid=017877D6-AD6D-7619-CD21-72EA53A1F341&sortorder=desc&column=row HTTP/1.1" 200 101256
192.99.36.61 - - [10/Nov/2024:00:54:32 +0100] "GET /ticket2/opencms/dk/en/buy/?page=1&edid=B7CD03F3-78D0-257F-84AD-A4BE61864779&sortorder=desc&column=section HTTP/1.1" 404 -
88.90.248.233 - - [10/Nov/2024:00:54:32 +0100] "GET /ticket2/opencms/fi/buy/?page=1&edid=0872CDCC-19F9-14E1-6474-AB6CD6A870A9&sortorder=desc&column=price HTTP/1.1" 200 102635
54.36.148.46 - - [10/Nov/2024:00:54:33 +0100] "GET /ticket2/opencms/dk/buy/?page=1&edid=B7C31852-4938-05B8-A23C-0248E7A3D5BA HTTP/1.1" 200 122065
135.181.74.243 - - [10/Nov/2024:00:54:34 +0100] "GET /ticket2/opencms/dk/fi/buy/?page=1&edid=A9EB69E3-F598-8818-4039-B7E9BE6FE589&sortorder=asc&column=section HTTP/1.1" 404 -
207.46.13.125 - - [10/Nov/2024:00:54:34 +0100] "GET /ticket2/opencms/sv/buy?page=1&edid=63D01EA9-6118-F064-A9BE-98AD792F8DD1 HTTP/1.1" 200 97689
88.90.248.233 - - [10/Nov/2024:00:54:34 +0100] "GET /ticket2/opencms/fi/buy/?page=1&edid=0872CDCC-19F9-14E1-6474-AB6CD6A870A9&sortorder=desc&column=row HTTP/1.1" 200 102543
135.181.74.243 - - [10/Nov/2024:00:54:35 +0100] "GET /ticket2/opencms/dk/robots.txt HTTP/1.1" 404 -
88.90.248.233 - - [10/Nov/2024:00:54:36 +0100] "GET /ticket2/opencms/fi/buy/?page=1&edid=08B09CFA-7A2C-469C-4348-B6A8266760AC&sortorder=desc&column=price HTTP/1.1" 200 102285
217.113.194.214 - - [10/Nov/2024:00:54:36 +0100] "GET /ticket2/opencms/dk/buy?page=1&edid=57541A2A-A7DE-A07B-2484-0E25ED563C4B HTTP/1.1" 200 125118
54.36.149.19 - - [10/Nov/2024:00:54:37 +0100] "GET /ticket2/opencms/en/buy/?page=1&edid=125D8704-4F25-BA08-9A7D-175DE227A1FB HTTP/1.1" 200 96909
88.90.248.233 - - [10/Nov/2024:00:54:37 +0100] "GET /ticket2/opencms/fi/buy/?page=1&edid=08B09CFA-7A2C-469C-4348-B6A8266760AC&sortorder=desc&column=row HTTP/1.1" 200 102193
95.217.195.123 - - [10/Nov/2024:00:54:37 +0100] "GET /ticket2/opencms/dk/buy/?page=1&edid=025EADBA-4CCB-DA07-4742-9BE67C2EAFE5&sortorder=asc&column=section HTTP/1.1" 200 102245
47.128.58.159 - - [10/Nov/2024:00:54:38 +0100] "GET /ticket2/opencms/de/buy?edid=063774E2-DE1A-6A46-E97B-D379290B879E HTTP/1.1" 200 80774
192.99.36.61 - - [10/Nov/2024:00:54:38 +0100] "GET /ticket2/opencms/dk/en/buy/?page=1&edid=B83D277E-DD60-5908-B3D4-943667640531&sortorder=asc&column=section HTTP/1.1" 404 -
88.90.248.233 - - [10/Nov/2024:00:54:39 +0100] "GET /ticket2/opencms/fi/buy/?page=1&edid=08B09CFA-7A2C-469C-4348-B6A8266760AC&sortorder=desc&column=section HTTP/1.1" 200 102377
88.90.248.233 - - [10/Nov/2024:00:54:41 +0100] "GET /ticket2/opencms/fi/buy/?page=1&edid=097474E7-8A8F-522A-B62A-D10F10D973DA&sortorder=asc&column=section HTTP/1.1" 200 102211
192.95.30.177 - - [10/Nov/2024:00:54:41 +0100] "GET /ticket2/opencms/dk/en/buy/?page=1&edid=68259A3C-CF4C-844C-9035-35AC0CB3C672&sortorder=desc&column=section HTTP/1.1" 404 -
54.36.149.8 - - [10/Nov/2024:00:54:42 +0100] "GET /ticket2/opencms/fr/buy?page=1&edid=8D916C6C-0A69-41F7-4678-427710F013C6 HTTP/1.1" 200 128378
88.90.248.233 - - [10/Nov/2024:00:54:42 +0100] "GET /ticket2/opencms/fi/buy/?page=1&edid=0C6D37C7-8EA1-5083-AEBF-F8112D5F6F62&sortorder=asc&column=row HTTP/1.1" 200 102911
