54.36.148.164 - - [10/Nov/2024:01:25:14 +0100] "GET /ticket2/opencms/en/buy/?page=1&edid=791FDD0E-A228-3CC2-8AB8-5B3518CB8D31 HTTP/1.1" 200 115289
65.108.46.72 - - [10/Nov/2024:01:25:15 +0100] "GET /ticket2/opencms/nl/buy/?page=1&edid=21D2AFB5-938E-EEAC-97B2-16852695CE24 HTTP/1.1" 200 96406
194.247.173.99 - - [10/Nov/2024:01:25:16 +0100] "GET /ticket2/opencms/dk/ru/buy/?page=1&edid=2F880491-42B3-B2CF-F49A-9DDCD43581D2&sortorder=asc&column=price HTTP/1.1" 404 -
94.191.152.95 - - [10/Nov/2024:01:25:17 +0100] "GET /ticket2/opencms/system/modules/com.gridnine.opencms.ticketbrokerage.site/resources/css/images/ui-bg_flat_75_ffffff_40x100.png HTTP/1.1" 404 -
94.191.152.95 - - [10/Nov/2024:01:25:17 +0100] "GET /ticket2/opencms/img/icons/et.png HTTP/1.1" 304 -
192.95.30.177 - - [10/Nov/2024:01:25:18 +0100] "GET /ticket2/opencms/dk/en/login/?edid=A3EE66CB-E39D-A722-D02A-1C11DB7EB508 HTTP/1.1" 404 -
65.108.46.72 - - [10/Nov/2024:01:25:18 +0100] "GET /ticket2/opencms/nl/buy/?page=1&edid=22197FAA-D7C6-8F99-4EF8-595770C5EC77 HTTP/1.1" 200 105966
135.181.74.243 - - [10/Nov/2024:01:25:18 +0100] "GET /ticket2/opencms/dk/no/buy/?page=1&edid=930DA63B-B6EB-C65F-6A39-F4240571C002&sortorder=asc&column=row HTTP/1.1" 404 -
54.36.148.216 - - [10/Nov/2024:01:25:21 +0100] "GET /ticket2/opencms/cs/buy?page=10&eventid=53F27A05-DBF6-27A7-B680-C587F93AF7CA HTTP/1.1" 200 90504
65.108.46.72 - - [10/Nov/2024:01:25:22 +0100] "GET /ticket2/opencms/nl/buy/?page=1&edid=2293AEFD-AAFD-FAAC-12C4-CEBEFA65FFBF HTTP/1.1" 200 99703
194.247.173.99 - - [10/Nov/2024:01:25:25 +0100] "GET /ticket2/opencms/dk/ru/buy/?page=1&edid=2F880491-42B3-B2CF-F49A-9DDCD43581D2&sortorder=asc&column=section HTTP/1.1" 404 -
65.108.46.72 - - [10/Nov/2024:01:25:25 +0100] "GET /ticket2/opencms/nl/buy/?page=1&edid=23688B8D-8D21-EBA0-1897-8BC6CFFE57DE HTTP/1.1" 200 98636
135.181.74.243 - - [10/Nov/2024:01:25:25 +0100] "GET /ticket2/opencms/dk/no/buy/?page=1&edid=93736088-ECE7-725F-5EA3-C6E7817A383E&sortorder=asc&column=price HTTP/1.1" 404 -
104.28.129.56 - - [10/Nov/2024:01:25:26 +0100] "GET /ticket2/opencms/sv/buy/?page=1&edid=4660DE29-C3F1-FFBE-5E6B-4C74E874EC91 HTTP/1.1" 200 124682
192.95.30.177 - - [10/Nov/2024:01:25:26 +0100] "GET /ticket2/opencms/dk/en/login/?edid=A427F612-0464-4684-7057-AD9E0E689EC3 HTTP/1.1" 404 -
104.28.129.56 - - [10/Nov/2024:01:25:27 +0100] "GET /ticket2/opencms/system/modules/com.gridnine.opencms.ticketbrokerage.site/resources/css/images/ui-bg_flat_75_ffffff_40x100.png HTTP/1.1" 404 -
54.36.149.9 - - [10/Nov/2024:01:25:27 +0100] "GET /ticket2/opencms/nl/buy/?page=1&edid=C64002B7-B7A3-A646-1770-7E79C914EDA5 HTTP/1.1" 200 127925
65.108.46.72 - - [10/Nov/2024:01:25:28 +0100] "GET /ticket2/opencms/nl/buy/?page=1&edid=24655ACD-2857-6493-1E75-CE7F2FE875D2 HTTP/1.1" 200 109292
194.247.173.99 - - [10/Nov/2024:01:25:30 +0100] "GET /ticket2/opencms/dk/ru/buy/?page=1&edid=311245E0-2979-F390-6B29-8221626371B5&sortorder=desc&column=price HTTP/1.1" 404 -
135.181.74.243 - - [10/Nov/2024:01:25:31 +0100] "GET /ticket2/opencms/dk/no/buy/?page=1&edid=93736088-ECE7-725F-5EA3-C6E7817A383E&sortorder=asc&column=row HTTP/1.1" 404 -
65.108.46.72 - - [10/Nov/2024:01:25:32 +0100] "GET /ticket2/opencms/nl/buy/?page=1&edid=24658CB7-0503-4139-A73F-444B9F961692 HTTP/1.1" 200 96427
192.95.30.177 - - [10/Nov/2024:01:25:32 +0100] "GET /ticket2/opencms/dk/en/login/?edid=A4B939B9-02F3-15DE-1828-4B6AE5FDD036 HTTP/1.1" 404 -
54.36.148.34 - - [10/Nov/2024:01:25:33 +0100] "GET /ticket2/opencms/fi/buy?page=10&eventid=19AD6356-6E10-9C9F-9FF7-23862BF7038B&venueid=F72D7D8A-21AA-398A-828C-542FA85266B4 HTTP/1.1" 200 93974
65.108.46.72 - - [10/Nov/2024:01:25:35 +0100] "GET /ticket2/opencms/nl/buy/?page=1&edid=24A843F5-AE99-1BDD-5A34-93381BE14187 HTTP/1.1" 200 102432
194.247.173.99 - - [10/Nov/2024:01:25:36 +0100] "GET /ticket2/opencms/dk/ru/buy/?page=1&edid=32846B0D-85AA-5430-4D03-A6DB1344BE0C&sortorder=asc&column=row HTTP/1.1" 404 -
135.181.74.243 - - [10/Nov/2024:01:25:38 +0100] "GET /ticket2/opencms/dk/no/buy/?page=1&edid=93736088-ECE7-725F-5EA3-C6E7817A383E&sortorder=asc&column=section HTTP/1.1" 404 -
65.108.46.72 - - [10/Nov/2024:01:25:38 +0100] "GET /ticket2/opencms/nl/buy/?page=1&edid=25BCE2B5-FEB0-D1CE-DC66-CF0DE0ECFD52 HTTP/1.1" 200 101078
192.95.30.177 - - [10/Nov/2024:01:25:38 +0100] "GET /ticket2/opencms/dk/en/login/?edid=A848EC15-222C-39E8-21F1-435F0F918573 HTTP/1.1" 404 -
66.249.79.232 - - [10/Nov/2024:01:25:40 +0100] "GET /ticket2/opencms/lt/apie-mus/ HTTP/1.1" 200 81019
65.108.46.72 - - [10/Nov/2024:01:25:41 +0100] "GET /ticket2/opencms/nl/buy/?page=1&edid=25E480BD-3146-6437-2F16-290C8FABFD21 HTTP/1.1" 200 105703
192.95.30.177 - - [10/Nov/2024:01:25:42 +0100] "GET /ticket2/opencms/dk/en/sell/?edid=B776DA7C-BB43-92BB-597E-685DFC5D934F HTTP/1.1" 404 -
47.128.62.220 - - [10/Nov/2024:01:25:43 +0100] "GET /ticket2/opencms/ka/buy/?edid=2E6EF86D-B1C4-98D9-FD17-AB35133F21BC HTTP/1.1" 200 82774
135.181.74.243 - - [10/Nov/2024:01:25:44 +0100] "GET /ticket2/opencms/dk/no/buy/?page=1&edid=93D16233-A2B3-F73E-A92E-3387C202F68F HTTP/1.1" 404 -
65.108.46.72 - - [10/Nov/2024:01:25:45 +0100] "GET /ticket2/opencms/nl/buy/?page=1&edid=2622E353-CCF8-0614-7644-191247788409 HTTP/1.1" 200 122977
192.95.30.177 - - [10/Nov/2024:01:25:46 +0100] "GET /ticket2/opencms/dk/en/sell/?edid=B83D7B74-C1D0-8F43-FADB-CF0FE69763C3 HTTP/1.1" 404 -
54.36.148.226 - - [10/Nov/2024:01:25:47 +0100] "GET /ticket2/opencms/de/buy?page=10&eventid=53F27A05-DBF6-27A7-B680-C587F93AF7CA HTTP/1.1" 200 89844
83.191.103.19 - - [10/Nov/2024:01:25:48 +0100] "GET /ticket2/opencms/sv/buy?page=2&sodvid=66868a2e-e53c-4f1e-aed2-0d550a01000f HTTP/1.1" 200 112335
83.191.103.19 - - [10/Nov/2024:01:25:48 +0100] "GET /ticket2/opencms/system/modules/com.gridnine.opencms.ticketbrokerage.site/resources/css/ticketbrokerage.css HTTP/1.1" 200 39339
83.191.103.19 - - [10/Nov/2024:01:25:48 +0100] "GET /ticket2/opencms/system/modules/com.gridnine.opencms.ticketbrokerage.site/resources/js/calendar-setup.js HTTP/1.1" 200 4923
65.108.46.72 - - [10/Nov/2024:01:25:48 +0100] "GET /ticket2/opencms/nl/buy/?page=1&edid=2623FB3F-281B-22C8-3425-BF900A46AC08 HTTP/1.1" 200 96416
54.36.148.218 - - [10/Nov/2024:01:25:48 +0100] "GET /ticket2/opencms/no/buy/?page=6&comcatid=A17713B6-D984-201A-4143-ED4DB5ED5C2E&catid=88C381AD-5D76-A34D-AC15-A7129F8EF5BE HTTP/1.1" 200 94292
83.191.103.19 - - [10/Nov/2024:01:25:48 +0100] "GET /ticket2/opencms/system/modules/com.gridnine.opencms.ticketbrokerage.site/resources/css/calendar.css HTTP/1.1" 200 6871
83.191.103.19 - - [10/Nov/2024:01:25:49 +0100] "GET /ticket2/opencms/system/modules/com.gridnine.opencms.ticketbrokerage.site/resources/js/standard.js HTTP/1.1" 200 3978
83.191.103.19 - - [10/Nov/2024:01:25:49 +0100] "GET /ticket2/opencms/system/modules/com.gridnine.opencms.ticketbrokerage.site/resources/js/calendar-en.js HTTP/1.1" 200 3338
83.191.103.19 - - [10/Nov/2024:01:25:49 +0100] "GET /ticket2/opencms/system/modules/com.gridnine.opencms.ticketbrokerage.site/resources/js/calendar.js HTTP/1.1" 200 49229
83.191.103.19 - - [10/Nov/2024:01:25:49 +0100] "GET /ticket2/opencms/system/modules/com.gridnine.opencms.ticketbrokerage.site/resources/css/standard.css HTTP/1.1" 200 73073
83.191.103.19 - - [10/Nov/2024:01:25:49 +0100] "GET /ticket2/opencms/system/modules/com.gridnine.opencms.ticketbrokerage.site/resources/js/functions.js HTTP/1.1" 200 1583
83.191.103.19 - - [10/Nov/2024:01:25:49 +0100] "GET /ticket2/opencms/system/modules/com.gridnine.opencms.ticketbrokerage.site/resources/css/images/ui-bg_flat_75_ffffff_40x100.png HTTP/1.1" 404 -
135.181.74.243 - - [10/Nov/2024:01:25:50 +0100] "GET /ticket2/opencms/dk/no/buy/?page=1&edid=93D16233-A2B3-F73E-A92E-3387C202F68F&sortorder=desc&column=row HTTP/1.1" 404 -
193.212.4.132 - - [10/Nov/2024:01:25:51 +0100] "GET /ticket2/opencms/no/sport/fotballsbilletter/premier_league/?gad_source=5&gclid=EAIaIQobChMI_7LrsMPQiQMV_2GRBR01yR3EEAEYASAAEgImy_D_BwE HTTP/1.1" 200 89946
193.212.4.132 - - [10/Nov/2024:01:25:52 +0100] "GET /ticket2/opencms/system/modules/com.gridnine.opencms.ticketbrokerage.site/resources/css/ticketbrokerage.css HTTP/1.1" 200 39339
193.212.4.132 - - [10/Nov/2024:01:25:52 +0100] "GET /ticket2/opencms/system/modules/com.gridnine.opencms.ticketbrokerage.site/resources/css/calendar.css HTTP/1.1" 200 6871
192.95.30.177 - - [10/Nov/2024:01:25:52 +0100] "GET /ticket2/opencms/dk/en/sell/?edid=B855F550-9DEC-7B03-FDEF-C6C504BB20AE HTTP/1.1" 404 -
193.212.4.132 - - [10/Nov/2024:01:25:52 +0100] "GET /ticket2/opencms/system/modules/com.gridnine.opencms.ticketbrokerage.site/resources/css/jquery-ui.css HTTP/1.1" 200 33221
65.108.46.72 - - [10/Nov/2024:01:25:52 +0100] "GET /ticket2/opencms/nl/buy/?page=1&edid=2684212B-FA50-DC4B-3CFA-1303E9638140 HTTP/1.1" 200 118244
193.212.4.132 - - [10/Nov/2024:01:25:52 +0100] "GET /ticket2/opencms/system/modules/com.gridnine.opencms.ticketbrokerage.site/resources/css/standard.css HTTP/1.1" 200 73073
193.212.4.132 - - [10/Nov/2024:01:25:52 +0100] "GET /ticket2/opencms/system/modules/com.gridnine.opencms.ticketbrokerage.site/resources/js/jquery/jquery-ui.js HTTP/1.1" 200 228088
193.212.4.132 - - [10/Nov/2024:01:25:52 +0100] "GET /ticket2/opencms/system/modules/com.gridnine.opencms.ticketbrokerage.site/resources/css/jquery.fancybox.css HTTP/1.1" 200 4939
193.212.4.132 - - [10/Nov/2024:01:25:52 +0100] "GET /ticket2/opencms/system/modules/com.gridnine.opencms.ticketbrokerage.site/resources/js/jquery/jquery.js HTTP/1.1" 200 93868
193.212.4.132 - - [10/Nov/2024:01:25:52 +0100] "GET /ticket2/opencms/system/modules/com.gridnine.opencms.ticketbrokerage.site/resources/js/functions.js HTTP/1.1" 200 1583
193.212.4.132 - - [10/Nov/2024:01:25:52 +0100] "GET /ticket2/opencms/system/modules/com.gridnine.opencms.ticketbrokerage.site/resources/js/calendar.js HTTP/1.1" 200 49229
193.212.4.132 - - [10/Nov/2024:01:25:52 +0100] "GET /ticket2/opencms/system/modules/com.gridnine.opencms.ticketbrokerage.site/resources/js/calendar-setup.js HTTP/1.1" 200 4923
193.212.4.132 - - [10/Nov/2024:01:25:52 +0100] "GET /ticket2/opencms/system/modules/com.gridnine.opencms.ticketbrokerage.site/resources/js/calendar-en.js HTTP/1.1" 200 3338
193.212.4.132 - - [10/Nov/2024:01:25:52 +0100] "GET /ticket2/opencms/system/modules/com.gridnine.opencms.ticketbrokerage.site/resources/js/jquery.fancybox.pack.js HTTP/1.1" 200 23187
193.212.4.132 - - [10/Nov/2024:01:25:52 +0100] "GET /ticket2/opencms/system/modules/com.gridnine.opencms.ticketbrokerage.site/resources/js/stickyfill.min.js HTTP/1.1" 200 5672
193.212.4.132 - - [10/Nov/2024:01:25:53 +0100] "GET /ticket2/opencms/img/icons/en.png HTTP/1.1" 200 2415
193.212.4.132 - - [10/Nov/2024:01:25:53 +0100] "GET /ticket2/opencms/img/icons/se.png HTTP/1.1" 200 1258
193.212.4.132 - - [10/Nov/2024:01:25:53 +0100] "GET /ticket2/opencms/img/icons/fi.png HTTP/1.1" 200 1785
193.212.4.132 - - [10/Nov/2024:01:25:53 +0100] "GET /ticket2/opencms/img/icons/no.png HTTP/1.1" 200 1958
193.212.4.132 - - [10/Nov/2024:01:25:53 +0100] "GET /ticket2/opencms/system/modules/com.gridnine.opencms.ticketbrokerage.site/resources/js/standard.js HTTP/1.1" 200 3978
193.212.4.132 - - [10/Nov/2024:01:25:53 +0100] "GET /ticket2/opencms/img/icons/dk.png HTTP/1.1" 200 1706
54.36.148.239 - - [10/Nov/2024:01:25:53 +0100] "GET /ticket2/opencms/dk/buy?page=10&eventid=10A4B056-E56D-2EC6-06F9-A9715C3D8173 HTTP/1.1" 200 90398
193.212.4.132 - - [10/Nov/2024:01:25:54 +0100] "GET /ticket2/opencms/system/modules/com.gridnine.opencms.ticketbrokerage.site/resources/js/jquery.placeholder.min.js HTTP/1.1" 200 1737
193.212.4.132 - - [10/Nov/2024:01:25:55 +0100] "GET /ticket2/opencms/system/modules/com.gridnine.opencms.ticketbrokerage.site/resources/js/common-ajax.js HTTP/1.1" 200 20175
135.181.74.243 - - [10/Nov/2024:01:25:55 +0100] "GET /ticket2/opencms/dk/no/buy/?page=1&edid=93D16233-A2B3-F73E-A92E-3387C202F68F&sortorder=desc&column=section HTTP/1.1" 404 -
65.108.46.72 - - [10/Nov/2024:01:25:56 +0100] "GET /ticket2/opencms/nl/buy/?page=1&edid=268D8165-50F1-AAA8-6C6A-3ABAD53C8B35 HTTP/1.1" 200 114820
83.191.103.19 - - [10/Nov/2024:01:25:56 +0100] "GET /ticket2/opencms/sv/buy/?page=1&edid=979A80EE-C0D2-57E0-C882-1064B868BC30 HTTP/1.1" 200 116124
83.191.103.19 - - [10/Nov/2024:01:25:56 +0100] "GET /ticket2/opencms/sv/ask-form.html HTTP/1.1" 200 2950
193.212.4.132 - - [10/Nov/2024:01:25:56 +0100] "GET /ticket2/opencms/img/icons/globe-white.png HTTP/1.1" 200 947
216.244.66.238 - - [10/Nov/2024:01:25:56 +0100] "GET /ticket2/opencms/robots.txt HTTP/1.1" 200 773
192.95.30.177 - - [10/Nov/2024:01:25:56 +0100] "GET /ticket2/opencms/dk/en/sell/?edid=CECD912C-1FBC-97E3-6975-F74E67600A1F HTTP/1.1" 404 -
193.212.4.132 - - [10/Nov/2024:01:25:56 +0100] "GET /ticket2/opencms/img/icons/nl.png HTTP/1.1" 200 1255
193.212.4.132 - - [10/Nov/2024:01:25:56 +0100] "GET /ticket2/opencms/img/icons/de.png HTTP/1.1" 200 1124
193.212.4.132 - - [10/Nov/2024:01:25:57 +0100] "GET /ticket2/opencms/img/icons/fr.png HTTP/1.1" 200 1764
193.212.4.132 - - [10/Nov/2024:01:25:57 +0100] "GET /ticket2/opencms/img/icons/es.png HTTP/1.1" 200 1005
193.212.4.132 - - [10/Nov/2024:01:25:57 +0100] "GET /ticket2/opencms/img/icons/it.png HTTP/1.1" 200 2040
193.212.4.132 - - [10/Nov/2024:01:25:57 +0100] "GET /ticket2/opencms/img/icons/pl.png HTTP/1.1" 200 1578
193.212.4.132 - - [10/Nov/2024:01:25:58 +0100] "GET /ticket2/opencms/img/icons/sq.png HTTP/1.1" 200 1619
193.212.4.132 - - [10/Nov/2024:01:25:58 +0100] "GET /ticket2/opencms/img/icons/az.png HTTP/1.1" 200 1445
193.212.4.132 - - [10/Nov/2024:01:25:58 +0100] "GET /ticket2/opencms/img/icons/be.png HTTP/1.1" 200 1663
193.212.4.132 - - [10/Nov/2024:01:25:58 +0100] "GET /ticket2/opencms/img/icons/bs.png HTTP/1.1" 200 1014
193.212.4.132 - - [10/Nov/2024:01:25:58 +0100] "GET /ticket2/opencms/img/icons/bg.png HTTP/1.1" 200 788
193.212.4.132 - - [10/Nov/2024:01:25:58 +0100] "GET /ticket2/opencms/img/icons/hr.png HTTP/1.1" 200 2024
193.212.4.132 - - [10/Nov/2024:01:25:59 +0100] "GET /ticket2/opencms/img/icons/cs.png HTTP/1.1" 200 1883
193.212.4.132 - - [10/Nov/2024:01:25:59 +0100] "GET /ticket2/opencms/img/icons/et.png HTTP/1.1" 200 754
193.212.4.132 - - [10/Nov/2024:01:25:59 +0100] "GET /ticket2/opencms/img/icons/el.png HTTP/1.1" 200 1637
193.212.4.132 - - [10/Nov/2024:01:25:59 +0100] "GET /ticket2/opencms/img/icons/ka.png HTTP/1.1" 200 860
65.108.46.72 - - [10/Nov/2024:01:25:59 +0100] "GET /ticket2/opencms/nl/buy/?page=1&edid=26CFADD1-A0DC-1F95-EC1A-E3CF6C837B2E HTTP/1.1" 200 119702
193.212.4.132 - - [10/Nov/2024:01:25:59 +0100] "GET /ticket2/opencms/img/icons/hu.png HTTP/1.1" 200 733
193.212.4.132 - - [10/Nov/2024:01:25:59 +0100] "GET /ticket2/opencms/img/icons/is.png HTTP/1.1" 200 1884
193.212.4.132 - - [10/Nov/2024:01:26:00 +0100] "GET /ticket2/opencms/img/icons/ga.png HTTP/1.1" 200 1759
193.212.4.132 - - [10/Nov/2024:01:26:00 +0100] "GET /ticket2/opencms/img/icons/lv.png HTTP/1.1" 200 716
193.212.4.132 - - [10/Nov/2024:01:26:00 +0100] "GET /ticket2/opencms/img/icons/lt.png HTTP/1.1" 200 733
193.212.4.132 - - [10/Nov/2024:01:26:00 +0100] "GET /ticket2/opencms/img/icons/mt.png HTTP/1.1" 200 920
54.36.149.17 - - [10/Nov/2024:01:26:00 +0100] "GET /ticket2/opencms/es/buy/?page=1&edid=1B6F6A2B-A0DA-FF91-EC4E-3DCAA442C25B HTTP/1.1" 200 124413
193.212.4.132 - - [10/Nov/2024:01:26:00 +0100] "GET /ticket2/opencms/img/icons/mo.png HTTP/1.1" 200 1468
193.212.4.132 - - [10/Nov/2024:01:26:00 +0100] "GET /ticket2/opencms/img/icons/ro.png HTTP/1.1" 200 1393
85.224.79.38 - - [10/Nov/2024:01:26:01 +0100] "GET /ticket2/opencms/sv/sport/fotbollsbiljetter/?gad_source=1&gbraid=0AAAAADlS-t9WWup4OqoC-idVJyN6aQ1lt&gclid=EAIaIQobChMI5rv_ucPQiQMVP0iRBR0_mCTvEAAYASABEgIobPD_BwE HTTP/1.1" 200 87560
85.224.79.38 - - [10/Nov/2024:01:26:01 +0100] "GET /ticket2/opencms/system/modules/com.gridnine.opencms.ticketbrokerage.site/resources/css/ticketbrokerage.css HTTP/1.1" 200 39339
85.224.79.38 - - [10/Nov/2024:01:26:01 +0100] "GET /ticket2/opencms/system/modules/com.gridnine.opencms.ticketbrokerage.site/resources/js/jquery/jquery-ui.js HTTP/1.1" 200 228088
193.212.4.132 - - [10/Nov/2024:01:26:01 +0100] "GET /ticket2/opencms/img/icons/sr.png HTTP/1.1" 200 1602
193.212.4.132 - - [10/Nov/2024:01:26:01 +0100] "GET /ticket2/opencms/img/icons/sk.png HTTP/1.1" 200 1283
85.224.79.38 - - [10/Nov/2024:01:26:01 +0100] "GET /ticket2/opencms/system/modules/com.gridnine.opencms.ticketbrokerage.site/resources/js/functions.js HTTP/1.1" 200 1583
85.224.79.38 - - [10/Nov/2024:01:26:01 +0100] "GET /ticket2/opencms/system/modules/com.gridnine.opencms.ticketbrokerage.site/resources/css/jquery.fancybox.css HTTP/1.1" 200 4939
85.224.79.38 - - [10/Nov/2024:01:26:01 +0100] "GET /ticket2/opencms/system/modules/com.gridnine.opencms.ticketbrokerage.site/resources/js/jquery/jquery.js HTTP/1.1" 200 93868
85.224.79.38 - - [10/Nov/2024:01:26:01 +0100] "GET /ticket2/opencms/system/modules/com.gridnine.opencms.ticketbrokerage.site/resources/css/calendar.css HTTP/1.1" 200 6871
85.224.79.38 - - [10/Nov/2024:01:26:01 +0100] "GET /ticket2/opencms/system/modules/com.gridnine.opencms.ticketbrokerage.site/resources/css/standard.css HTTP/1.1" 200 73073
85.224.79.38 - - [10/Nov/2024:01:26:01 +0100] "GET /ticket2/opencms/system/modules/com.gridnine.opencms.ticketbrokerage.site/resources/css/jquery-ui.css HTTP/1.1" 200 33221
85.224.79.38 - - [10/Nov/2024:01:26:01 +0100] "GET /ticket2/opencms/system/modules/com.gridnine.opencms.ticketbrokerage.site/resources/js/calendar.js HTTP/1.1" 200 49229
85.224.79.38 - - [10/Nov/2024:01:26:01 +0100] "GET /ticket2/opencms/system/modules/com.gridnine.opencms.ticketbrokerage.site/resources/js/calendar-en.js HTTP/1.1" 200 3338
85.224.79.38 - - [10/Nov/2024:01:26:01 +0100] "GET /ticket2/opencms/system/modules/com.gridnine.opencms.ticketbrokerage.site/resources/js/calendar-setup.js HTTP/1.1" 200 4923
85.224.79.38 - - [10/Nov/2024:01:26:01 +0100] "GET /ticket2/opencms/system/modules/com.gridnine.opencms.ticketbrokerage.site/resources/js/jquery.fancybox.pack.js HTTP/1.1" 200 23187
85.224.79.38 - - [10/Nov/2024:01:26:01 +0100] "GET /ticket2/opencms/system/modules/com.gridnine.opencms.ticketbrokerage.site/resources/js/stickyfill.min.js HTTP/1.1" 200 5672
85.224.79.38 - - [10/Nov/2024:01:26:01 +0100] "GET /ticket2/opencms/system/modules/com.gridnine.opencms.ticketbrokerage.site/resources/js/standard.js HTTP/1.1" 200 3978
85.224.79.38 - - [10/Nov/2024:01:26:01 +0100] "GET /ticket2/opencms/system/modules/com.gridnine.opencms.ticketbrokerage.site/resources/js/jquery.placeholder.min.js HTTP/1.1" 200 1737
85.224.79.38 - - [10/Nov/2024:01:26:01 +0100] "GET /ticket2/opencms/system/modules/com.gridnine.opencms.ticketbrokerage.site/resources/js/common-ajax.js HTTP/1.1" 200 20175
85.224.79.38 - - [10/Nov/2024:01:26:01 +0100] "GET /ticket2/opencms/system/modules/com.gridnine.opencms.ticketbrokerage.site/resources/pics/logo-new.png HTTP/1.1" 200 13541
85.224.79.38 - - [10/Nov/2024:01:26:01 +0100] "GET /ticket2/opencms/img/insta.png HTTP/1.1" 200 3967
85.224.79.38 - - [10/Nov/2024:01:26:01 +0100] "GET /ticket2/opencms/img/icons/globe-white.png HTTP/1.1" 200 947
85.224.79.38 - - [10/Nov/2024:01:26:01 +0100] "GET /ticket2/opencms/img/fb.png HTTP/1.1" 200 1269
85.224.79.38 - - [10/Nov/2024:01:26:01 +0100] "GET /ticket2/opencms/system/modules/com.gridnine.opencms.ticketbrokerage.site/resources/pics/banners/sv/football_sv.png HTTP/1.1" 200 13104
85.224.79.38 - - [10/Nov/2024:01:26:01 +0100] "GET /ticket2/opencms/system/modules/com.gridnine.opencms.ticketbrokerage.site/resources/pics/footer-img.jpg HTTP/1.1" 200 67642
85.224.79.38 - - [10/Nov/2024:01:26:01 +0100] "GET /ticket2/opencms/img/check.png HTTP/1.1" 200 548
85.224.79.38 - - [10/Nov/2024:01:26:01 +0100] "GET /ticket2/opencms/img/icons/en.png HTTP/1.1" 200 2415
85.224.79.38 - - [10/Nov/2024:01:26:01 +0100] "GET /ticket2/opencms/img/mail.png HTTP/1.1" 200 403
85.224.79.38 - - [10/Nov/2024:01:26:01 +0100] "GET /ticket2/opencms/img/chat.png HTTP/1.1" 200 416
85.224.79.38 - - [10/Nov/2024:01:26:01 +0100] "GET /ticket2/opencms/img/arrow.png HTTP/1.1" 200 753
85.224.79.38 - - [10/Nov/2024:01:26:01 +0100] "GET /ticket2/opencms/img/icons/se.png HTTP/1.1" 200 1258
85.224.79.38 - - [10/Nov/2024:01:26:01 +0100] "GET /ticket2/opencms/img/icons/fi.png HTTP/1.1" 200 1785
193.212.4.132 - - [10/Nov/2024:01:26:01 +0100] "GET /ticket2/opencms/img/icons/sl.png HTTP/1.1" 200 966
85.224.79.38 - - [10/Nov/2024:01:26:01 +0100] "GET /ticket2/opencms/img/icons/no.png HTTP/1.1" 200 1958
85.224.79.38 - - [10/Nov/2024:01:26:01 +0100] "GET /ticket2/opencms/img/icons/dk.png HTTP/1.1" 200 1706
193.212.4.132 - - [10/Nov/2024:01:26:01 +0100] "GET /ticket2/opencms/img/icons/uk.png HTTP/1.1" 200 1272
85.224.79.38 - - [10/Nov/2024:01:26:01 +0100] "GET /ticket2/opencms/img/icons/nl.png HTTP/1.1" 200 1255
192.95.30.177 - - [10/Nov/2024:01:26:01 +0100] "GET /ticket2/opencms/dk/en/sell/?edid=D25BFDE4-199A-2A24-768C-C601FEC41E91 HTTP/1.1" 404 -
193.212.4.132 - - [10/Nov/2024:01:26:01 +0100] "GET /ticket2/opencms/system/modules/com.gridnine.opencms.ticketbrokerage.site/resources/pics/logo-new.png HTTP/1.1" 200 13541
85.224.79.38 - - [10/Nov/2024:01:26:01 +0100] "GET /ticket2/opencms/img/icons/de.png HTTP/1.1" 200 1124
193.212.4.132 - - [10/Nov/2024:01:26:02 +0100] "GET /ticket2/opencms/img/icons/tr.png HTTP/1.1" 200 1636
85.224.79.38 - - [10/Nov/2024:01:26:02 +0100] "GET /ticket2/opencms/img/icons/fr.png HTTP/1.1" 200 1764
85.224.79.38 - - [10/Nov/2024:01:26:02 +0100] "GET /ticket2/opencms/img/icons/es.png HTTP/1.1" 200 1005
135.181.74.243 - - [10/Nov/2024:01:26:02 +0100] "GET /ticket2/opencms/dk/no/buy/?page=1&edid=95CAE7DD-0DA8-CD41-1841-E9E21725E1F3&sortorder=desc&column=row HTTP/1.1" 404 -
193.212.4.132 - - [10/Nov/2024:01:26:02 +0100] "GET /ticket2/opencms/img/insta.png HTTP/1.1" 200 3967
85.224.79.38 - - [10/Nov/2024:01:26:02 +0100] "GET /ticket2/opencms/img/icons/it.png HTTP/1.1" 200 2040
193.212.4.132 - - [10/Nov/2024:01:26:02 +0100] "GET /ticket2/opencms/img/fb.png HTTP/1.1" 200 1269
85.224.79.38 - - [10/Nov/2024:01:26:02 +0100] "GET /ticket2/opencms/img/icons/pl.png HTTP/1.1" 200 1578
85.224.79.38 - - [10/Nov/2024:01:26:02 +0100] "GET /ticket2/opencms/img/icons/sq.png HTTP/1.1" 200 1619
85.224.79.38 - - [10/Nov/2024:01:26:02 +0100] "GET /ticket2/opencms/img/icons/be.png HTTP/1.1" 200 1663
85.224.79.38 - - [10/Nov/2024:01:26:02 +0100] "GET /ticket2/opencms/img/icons/az.png HTTP/1.1" 200 1445
193.212.4.132 - - [10/Nov/2024:01:26:02 +0100] "GET /ticket2/opencms/system/modules/com.gridnine.opencms.ticketbrokerage.site/resources/pics/banners/sv/premier_league_sv.png HTTP/1.1" 200 13518
85.224.79.38 - - [10/Nov/2024:01:26:02 +0100] "GET /ticket2/opencms/img/icons/el.png HTTP/1.1" 200 1637
85.224.79.38 - - [10/Nov/2024:01:26:02 +0100] "GET /ticket2/opencms/img/icons/ka.png HTTP/1.1" 200 860
85.224.79.38 - - [10/Nov/2024:01:26:02 +0100] "GET /ticket2/opencms/img/icons/bs.png HTTP/1.1" 200 1014
85.224.79.38 - - [10/Nov/2024:01:26:02 +0100] "GET /ticket2/opencms/img/icons/lv.png HTTP/1.1" 200 716
85.224.79.38 - - [10/Nov/2024:01:26:02 +0100] "GET /ticket2/opencms/img/icons/lt.png HTTP/1.1" 200 733
85.224.79.38 - - [10/Nov/2024:01:26:02 +0100] "GET /ticket2/opencms/img/icons/mt.png HTTP/1.1" 200 920
85.224.79.38 - - [10/Nov/2024:01:26:02 +0100] "GET /ticket2/opencms/img/icons/mo.png HTTP/1.1" 200 1468
193.212.4.132 - - [10/Nov/2024:01:26:02 +0100] "GET /ticket2/opencms/system/modules/com.gridnine.opencms.ticketbrokerage.site/resources/pics/footer-img.jpg HTTP/1.1" 200 67642
85.224.79.38 - - [10/Nov/2024:01:26:02 +0100] "GET /ticket2/opencms/img/icons/ro.png HTTP/1.1" 200 1393
85.224.79.38 - - [10/Nov/2024:01:26:02 +0100] "GET /ticket2/opencms/img/icons/sr.png HTTP/1.1" 200 1602
85.224.79.38 - - [10/Nov/2024:01:26:02 +0100] "GET /ticket2/opencms/img/icons/bg.png HTTP/1.1" 200 788
85.224.79.38 - - [10/Nov/2024:01:26:02 +0100] "GET /ticket2/opencms/img/icons/sk.png HTTP/1.1" 200 1283
85.224.79.38 - - [10/Nov/2024:01:26:02 +0100] "GET /ticket2/opencms/img/icons/hr.png HTTP/1.1" 200 2024
85.224.79.38 - - [10/Nov/2024:01:26:02 +0100] "GET /ticket2/opencms/img/icons/sl.png HTTP/1.1" 200 966
85.224.79.38 - - [10/Nov/2024:01:26:02 +0100] "GET /ticket2/opencms/img/icons/uk.png HTTP/1.1" 200 1272
85.224.79.38 - - [10/Nov/2024:01:26:02 +0100] "GET /ticket2/opencms/img/icons/tr.png HTTP/1.1" 200 1636
193.212.4.132 - - [10/Nov/2024:01:26:02 +0100] "GET /ticket2/opencms/img/mail.png HTTP/1.1" 200 403
193.212.4.132 - - [10/Nov/2024:01:26:02 +0100] "GET /ticket2/opencms/img/check.png HTTP/1.1" 200 548
193.212.4.132 - - [10/Nov/2024:01:26:03 +0100] "GET /ticket2/opencms/img/chat.png HTTP/1.1" 200 416
193.212.4.132 - - [10/Nov/2024:01:26:03 +0100] "GET /ticket2/opencms/img/arrow.png HTTP/1.1" 200 753
85.224.79.38 - - [10/Nov/2024:01:26:03 +0100] "GET /ticket2/opencms/img/icons/cs.png HTTP/1.1" 200 1883
85.224.79.38 - - [10/Nov/2024:01:26:03 +0100] "GET /ticket2/opencms/img/icons/et.png HTTP/1.1" 200 754
85.224.79.38 - - [10/Nov/2024:01:26:03 +0100] "GET /ticket2/opencms/img/icons/ga.png HTTP/1.1" 200 1759
85.224.79.38 - - [10/Nov/2024:01:26:03 +0100] "GET /ticket2/opencms/img/icons/is.png HTTP/1.1" 200 1884
85.224.79.38 - - [10/Nov/2024:01:26:03 +0100] "GET /ticket2/opencms/img/icons/hu.png HTTP/1.1" 200 733
85.224.79.38 - - [10/Nov/2024:01:26:03 +0100] "GET /ticket2/opencms/img/icons/ticket2.thumbnail.png HTTP/1.1" 200 21519
85.224.79.38 - - [10/Nov/2024:01:26:03 +0100] "GET /ticket2/opencms/system/modules/com.gridnine.opencms.ticketbrokerage.site/resources/js/standard.js HTTP/1.1" 200 3978
85.224.79.38 - - [10/Nov/2024:01:26:04 +0100] "GET /ticket2/opencms/system/modules/com.gridnine.opencms.ticketbrokerage.site/resources/css/images/ui-bg_flat_75_ffffff_40x100.png HTTP/1.1" 404 -
185.191.171.19 - - [10/Nov/2024:01:26:04 +0100] "GET /ticket2/opencms/robots.txt HTTP/1.1" 200 773
83.191.103.19 - - [10/Nov/2024:01:26:04 +0100] "GET /ticket2/opencms/sv/buy?page=2&sodvid=66868a2d-de20-4dde-ab0f-0d550a01000f HTTP/1.1" 200 112341
65.108.46.72 - - [10/Nov/2024:01:26:04 +0100] "GET /ticket2/opencms/nl/buy/?page=1&edid=27182C30-0424-098E-A8DB-2AA3B88A1ABD HTTP/1.1" 200 121862
83.191.103.19 - - [10/Nov/2024:01:26:05 +0100] "GET /ticket2/opencms/system/modules/com.gridnine.opencms.ticketbrokerage.site/resources/js/calendar-setup.js HTTP/1.1" 200 4923
83.191.103.19 - - [10/Nov/2024:01:26:05 +0100] "GET /ticket2/opencms/system/modules/com.gridnine.opencms.ticketbrokerage.site/resources/js/calendar-en.js HTTP/1.1" 200 3338
83.191.103.19 - - [10/Nov/2024:01:26:05 +0100] "GET /ticket2/opencms/system/modules/com.gridnine.opencms.ticketbrokerage.site/resources/js/calendar.js HTTP/1.1" 200 49229
83.191.103.19 - - [10/Nov/2024:01:26:05 +0100] "GET /ticket2/opencms/system/modules/com.gridnine.opencms.ticketbrokerage.site/resources/css/calendar.css HTTP/1.1" 200 6871
83.191.103.19 - - [10/Nov/2024:01:26:05 +0100] "GET /ticket2/opencms/system/modules/com.gridnine.opencms.ticketbrokerage.site/resources/css/standard.css HTTP/1.1" 200 73073
83.191.103.19 - - [10/Nov/2024:01:26:05 +0100] "GET /ticket2/opencms/system/modules/com.gridnine.opencms.ticketbrokerage.site/resources/css/ticketbrokerage.css HTTP/1.1" 200 39339
83.191.103.19 - - [10/Nov/2024:01:26:05 +0100] "GET /ticket2/opencms/system/modules/com.gridnine.opencms.ticketbrokerage.site/resources/js/standard.js HTTP/1.1" 200 3978
83.191.103.19 - - [10/Nov/2024:01:26:05 +0100] "GET /ticket2/opencms/system/modules/com.gridnine.opencms.ticketbrokerage.site/resources/js/functions.js HTTP/1.1" 200 1583
83.191.103.19 - - [10/Nov/2024:01:26:05 +0100] "GET /ticket2/opencms/system/modules/com.gridnine.opencms.ticketbrokerage.site/resources/css/images/ui-bg_flat_75_ffffff_40x100.png HTTP/1.1" 404 -
54.36.148.217 - - [10/Nov/2024:01:26:06 +0100] "GET /ticket2/opencms/es/buy/?page=1&edid=27182C30-0424-098E-A8DB-2AA3B88A1ABD HTTP/1.1" 200 123843
192.95.30.177 - - [10/Nov/2024:01:26:06 +0100] "GET /ticket2/opencms/dk/en/sell/?edid=D83D9EEB-6ED3-D67C-5138-5673E4AE464F HTTP/1.1" 404 -
185.191.171.9 - - [10/Nov/2024:01:26:06 +0100] "GET /ticket2/opencms/sv/sport/fotbollsbiljetter/em_2020/gruppspel.html HTTP/1.1" 200 79089
193.212.4.132 - - [10/Nov/2024:01:26:07 +0100] "GET /ticket2/opencms/system/modules/com.gridnine.opencms.ticketbrokerage.site/resources/js/standard.js HTTP/1.1" 200 3978
65.108.46.72 - - [10/Nov/2024:01:26:08 +0100] "GET /ticket2/opencms/nl/buy/?page=1&edid=27317885-98E3-8F4E-1524-D258BC93981D HTTP/1.1" 200 96438
135.181.74.243 - - [10/Nov/2024:01:26:09 +0100] "GET /ticket2/opencms/dk/no/buy/?page=1&edid=96F304D6-C838-6229-9C32-849BCF1D1447&sortorder=asc&column=row HTTP/1.1" 404 -
193.212.4.132 - - [10/Nov/2024:01:26:09 +0100] "GET /ticket2/opencms/system/modules/com.gridnine.opencms.ticketbrokerage.site/resources/css/images/ui-bg_flat_75_ffffff_40x100.png HTTP/1.1" 404 -
85.224.79.38 - - [10/Nov/2024:01:26:09 +0100] "GET /ticket2/opencms/sv/sport/fotbollsbiljetter/premier_league/ HTTP/1.1" 200 89769
85.224.79.38 - - [10/Nov/2024:01:26:09 +0100] "GET /ticket2/opencms/system/modules/com.gridnine.opencms.ticketbrokerage.site/resources/css/ticketbrokerage.css HTTP/1.1" 200 39339
85.224.79.38 - - [10/Nov/2024:01:26:09 +0100] "GET /ticket2/opencms/system/modules/com.gridnine.opencms.ticketbrokerage.site/resources/js/calendar.js HTTP/1.1" 200 49229
85.224.79.38 - - [10/Nov/2024:01:26:09 +0100] "GET /ticket2/opencms/system/modules/com.gridnine.opencms.ticketbrokerage.site/resources/js/standard.js HTTP/1.1" 200 3978
85.224.79.38 - - [10/Nov/2024:01:26:10 +0100] "GET /ticket2/opencms/system/modules/com.gridnine.opencms.ticketbrokerage.site/resources/css/calendar.css HTTP/1.1" 200 6871
85.224.79.38 - - [10/Nov/2024:01:26:10 +0100] "GET /ticket2/opencms/system/modules/com.gridnine.opencms.ticketbrokerage.site/resources/css/standard.css HTTP/1.1" 200 73073
85.224.79.38 - - [10/Nov/2024:01:26:10 +0100] "GET /ticket2/opencms/system/modules/com.gridnine.opencms.ticketbrokerage.site/resources/js/calendar-setup.js HTTP/1.1" 200 4923
85.224.79.38 - - [10/Nov/2024:01:26:10 +0100] "GET /ticket2/opencms/system/modules/com.gridnine.opencms.ticketbrokerage.site/resources/js/calendar-en.js HTTP/1.1" 200 3338
85.224.79.38 - - [10/Nov/2024:01:26:10 +0100] "GET /ticket2/opencms/system/modules/com.gridnine.opencms.ticketbrokerage.site/resources/js/functions.js HTTP/1.1" 200 1583
85.224.79.38 - - [10/Nov/2024:01:26:10 +0100] "GET /ticket2/opencms/system/modules/com.gridnine.opencms.ticketbrokerage.site/resources/pics/banners/sv/premier_league_sv.png HTTP/1.1" 200 13518
85.224.79.38 - - [10/Nov/2024:01:26:10 +0100] "GET /ticket2/opencms/system/modules/com.gridnine.opencms.ticketbrokerage.site/resources/css/images/ui-bg_flat_75_ffffff_40x100.png HTTP/1.1" 404 -
54.36.149.55 - - [10/Nov/2024:01:26:10 +0100] "GET /ticket2/opencms/be/buy?page=10&eventid=10A4B056-E56D-2EC6-06F9-A9715C3D8173 HTTP/1.1" 200 92355
192.95.30.177 - - [10/Nov/2024:01:26:11 +0100] "GET /ticket2/opencms/dk/en/sell/?edid=D8C045E7-DE27-5265-3CED-6B7D0A1ACD90 HTTP/1.1" 404 -
185.191.171.12 - - [10/Nov/2024:01:26:11 +0100] "GET /ticket2/opencms/sv/sport/fotbollsbiljetter/la_liga/huesca/ HTTP/1.1" 200 78845
65.108.64.210 - - [10/Nov/2024:01:26:11 +0100] "GET /ticket2/opencms/robots.txt HTTP/1.1" 200 773
65.108.46.72 - - [10/Nov/2024:01:26:11 +0100] "GET /ticket2/opencms/nl/buy/?page=1&edid=273354A2-650C-3851-1A58-3030AE27555E HTTP/1.1" 200 96453
83.191.103.19 - - [10/Nov/2024:01:26:12 +0100] "GET /ticket2/opencms/sv/buy/?page=1&edid=979A80EE-C0D2-57E0-C882-1064B868BC30 HTTP/1.1" 200 116124
83.191.103.19 - - [10/Nov/2024:01:26:12 +0100] "GET /ticket2/opencms/sv/ask-form.html HTTP/1.1" 200 2950
65.108.64.210 - - [10/Nov/2024:01:26:13 +0100] "GET /ticket2/opencms/fi/buy/?page=1&edid=A628DE2E-E8BC-4979-1454-875CE45B7B93&sortorder=desc&column=price HTTP/1.1" 200 103045
54.36.148.144 - - [10/Nov/2024:01:26:14 +0100] "GET /ticket2/opencms/sk/buy?page=10&eventid=19AD6356-6E10-9C9F-9FF7-23862BF7038B&venueid=F72D7D8A-21AA-398A-828C-542FA85266B4 HTTP/1.1" 200 94008
192.95.30.177 - - [10/Nov/2024:01:26:14 +0100] "GET /ticket2/opencms/dk/en/sell/?edid=DA092D51-9FFC-84BE-97A0-4DF0E8B1E89B HTTP/1.1" 404 -
65.108.64.210 - - [10/Nov/2024:01:26:14 +0100] "GET /ticket2/opencms/fi/buy/?page=1&edid=A73B240C-7D61-AA56-4D37-875DF3743FEC&sortorder=desc&column=section HTTP/1.1" 200 100085
135.181.74.243 - - [10/Nov/2024:01:26:15 +0100] "GET /ticket2/opencms/dk/no/buy/?page=1&edid=96F304D6-C838-6229-9C32-849BCF1D1447&sortorder=asc&column=section HTTP/1.1" 404 -
65.108.46.72 - - [10/Nov/2024:01:26:15 +0100] "GET /ticket2/opencms/nl/buy/?page=1&edid=28316DAE-CC28-C8B1-804B-7C9DA717030D HTTP/1.1" 200 96462
65.108.64.210 - - [10/Nov/2024:01:26:16 +0100] "GET /ticket2/opencms/fi/buy/?page=1&edid=A7645FE8-0CC9-5772-44BF-2E3DB97A6070&sortorder=asc&column=price HTTP/1.1" 200 102773
66.249.79.232 - - [10/Nov/2024:01:26:18 +0100] "GET /ticket2/opencms/de HTTP/1.1" 200 95823
65.108.64.210 - - [10/Nov/2024:01:26:18 +0100] "GET /ticket2/opencms/fi/buy/?page=1&edid=A7645FE8-0CC9-5772-44BF-2E3DB97A6070&sortorder=desc&column=price HTTP/1.1" 200 102818
65.108.46.72 - - [10/Nov/2024:01:26:18 +0100] "GET /ticket2/opencms/nl/buy/?page=1&edid=285C029F-0136-4458-3DAC-D4899E4F1B96 HTTP/1.1" 200 96434
192.95.30.177 - - [10/Nov/2024:01:26:18 +0100] "GET /ticket2/opencms/dk/en/sell/?edid=DA205E04-65EE-7F78-067D-CBCBD424C79F HTTP/1.1" 404 -
114.119.133.220 - - [10/Nov/2024:01:26:19 +0100] "GET /ticket2/opencms/en/buy/?page=1&edid=F4EDB98E-9E72-043F-CB5E-1E26BE7F1504 HTTP/1.1" 200 100410
65.108.64.210 - - [10/Nov/2024:01:26:20 +0100] "GET /ticket2/opencms/fi/buy/?page=1&edid=A7AF6F36-80E7-2954-79C8-0E09F0CBA999 HTTP/1.1" 200 102610
54.36.148.3 - - [10/Nov/2024:01:26:20 +0100] "GET /ticket2/opencms/sk/buy?page=10&eventid=8089A138-5EE7-E43F-C342-AAB9352CA1D1&venueid=152137BD-51FA-C49F-6002-B503D5181B54 HTTP/1.1" 200 93729
135.181.74.243 - - [10/Nov/2024:01:26:20 +0100] "GET /ticket2/opencms/dk/no/buy/?page=1&edid=9762A0C0-F461-9960-00F0-1DDE26BBA3DE&sortorder=asc&column=price HTTP/1.1" 404 -
65.108.46.72 - - [10/Nov/2024:01:26:21 +0100] "GET /ticket2/opencms/nl/buy/?page=1&edid=28603009-1BBB-6024-D289-76A34CC16DB3 HTTP/1.1" 200 99739
65.108.64.210 - - [10/Nov/2024:01:26:22 +0100] "GET /ticket2/opencms/fi/buy/?page=1&edid=A81194E9-4ACA-FBDF-C745-4D2D97CE0674&sortorder=asc&column=price HTTP/1.1" 200 102127
192.95.30.177 - - [10/Nov/2024:01:26:22 +0100] "GET /ticket2/opencms/dk/en/sell/?edid=E0608FC5-65F6-E8D3-5201-2E9C615F63AB HTTP/1.1" 404 -
85.224.79.38 - - [10/Nov/2024:01:26:23 +0100] "GET /ticket2/opencms/sv/sport/fotbollsbiljetter/premier_league/manchester_united/ HTTP/1.1" 200 96940
85.224.79.38 - - [10/Nov/2024:01:26:23 +0100] "GET /ticket2/opencms/system/modules/com.gridnine.opencms.ticketbrokerage.site/resources/css/ticketbrokerage.css HTTP/1.1" 200 39339
85.224.79.38 - - [10/Nov/2024:01:26:23 +0100] "GET /ticket2/opencms/system/modules/com.gridnine.opencms.ticketbrokerage.site/resources/js/calendar-setup.js HTTP/1.1" 200 4923
85.224.79.38 - - [10/Nov/2024:01:26:23 +0100] "GET /ticket2/opencms/system/modules/com.gridnine.opencms.ticketbrokerage.site/resources/js/standard.js HTTP/1.1" 200 3978
85.224.79.38 - - [10/Nov/2024:01:26:23 +0100] "GET /ticket2/opencms/system/modules/com.gridnine.opencms.ticketbrokerage.site/resources/css/calendar.css HTTP/1.1" 200 6871
85.224.79.38 - - [10/Nov/2024:01:26:23 +0100] "GET /ticket2/opencms/system/modules/com.gridnine.opencms.ticketbrokerage.site/resources/css/standard.css HTTP/1.1" 200 73073
85.224.79.38 - - [10/Nov/2024:01:26:23 +0100] "GET /ticket2/opencms/system/modules/com.gridnine.opencms.ticketbrokerage.site/resources/js/functions.js HTTP/1.1" 200 1583
85.224.79.38 - - [10/Nov/2024:01:26:23 +0100] "GET /ticket2/opencms/system/modules/com.gridnine.opencms.ticketbrokerage.site/resources/js/calendar-en.js HTTP/1.1" 200 3338
85.224.79.38 - - [10/Nov/2024:01:26:23 +0100] "GET /ticket2/opencms/system/modules/com.gridnine.opencms.ticketbrokerage.site/resources/js/calendar.js HTTP/1.1" 200 49229
85.224.79.38 - - [10/Nov/2024:01:26:23 +0100] "GET /ticket2/opencms/system/modules/com.gridnine.opencms.ticketbrokerage.site/resources/pics/banners/team/premier_league/manchester_united.png HTTP/1.1" 200 13884
85.224.79.38 - - [10/Nov/2024:01:26:23 +0100] "GET /ticket2/opencms/system/modules/com.gridnine.opencms.ticketbrokerage.site/resources/css/images/ui-bg_flat_75_ffffff_40x100.png HTTP/1.1" 404 -
65.108.64.210 - - [10/Nov/2024:01:26:23 +0100] "GET /ticket2/opencms/fi/buy/?page=1&edid=A81194E9-4ACA-FBDF-C745-4D2D97CE0674&sortorder=asc&column=row HTTP/1.1" 200 102035
54.36.148.169 - - [10/Nov/2024:01:26:24 +0100] "GET /ticket2/opencms/no/sport/fotballsbilletter/la_liga/las_palmas/ HTTP/1.1" 200 93216
65.108.46.72 - - [10/Nov/2024:01:26:25 +0100] "GET /ticket2/opencms/nl/buy/?page=1&edid=2873D448-9456-C769-305A-D313D730E942 HTTP/1.1" 200 119707
65.108.64.210 - - [10/Nov/2024:01:26:25 +0100] "GET /ticket2/opencms/fi/buy/?page=1&edid=B0327BA1-3277-D05F-6143-E026DFCBF7B3&sortorder=asc&column=price HTTP/1.1" 200 99946
135.181.74.243 - - [10/Nov/2024:01:26:26 +0100] "GET /ticket2/opencms/dk/no/buy/?page=1&edid=9762A0C0-F461-9960-00F0-1DDE26BBA3DE&sortorder=asc&column=row HTTP/1.1" 404 -
65.108.64.210 - - [10/Nov/2024:01:26:27 +0100] "GET /ticket2/opencms/fi/buy/?page=1&edid=B04F9C9F-0B5E-1B41-4BEE-8594CB1D3CAC HTTP/1.1" 200 101815
192.95.30.177 - - [10/Nov/2024:01:26:27 +0100] "GET /ticket2/opencms/dk/en/sell/?edid=E15668F5-4E3A-1346-EBDC-91E9E224E763 HTTP/1.1" 404 -
65.108.46.72 - - [10/Nov/2024:01:26:28 +0100] "GET /ticket2/opencms/nl/buy/?page=1&edid=2887ECB1-AF21-0A67-0C3C-54D013C4C3B1 HTTP/1.1" 200 96449
65.108.64.210 - - [10/Nov/2024:01:26:28 +0100] "GET /ticket2/opencms/fi/buy/?page=1&edid=B0A7B93D-B4B8-4787-14E2-3435BF39BB42 HTTP/1.1" 200 102157
47.128.124.114 - - [10/Nov/2024:01:26:28 +0100] "GET /ticket2/opencms/ga/buy/?edid=B67E5215-A1E2-04F3-F239-662C2219156F HTTP/1.1" 200 81535
185.191.171.13 - - [10/Nov/2024:01:26:30 +0100] "GET /ticket2/opencms/ka/buy?page=6 HTTP/1.1" 200 81257
65.108.64.210 - - [10/Nov/2024:01:26:30 +0100] "GET /ticket2/opencms/fi/buy/?page=1&edid=B2BF22CA-FF99-6F1A-6DFD-9AA67B6F3634&sortorder=desc&column=price HTTP/1.1" 200 103049
54.36.148.222 - - [10/Nov/2024:01:26:31 +0100] "GET /ticket2/opencms/fi/buy/?page=1&edid=719E6B6D-707F-E825-E3AA-0E552980E1EB HTTP/1.1" 200 114059
135.181.74.243 - - [10/Nov/2024:01:26:31 +0100] "GET /ticket2/opencms/dk/no/buy/?page=1&edid=9762A0C0-F461-9960-00F0-1DDE26BBA3DE&sortorder=desc&column=price HTTP/1.1" 404 -
65.108.46.72 - - [10/Nov/2024:01:26:31 +0100] "GET /ticket2/opencms/nl/buy/?page=1&edid=28EE235F-C841-C2B4-6721-3F0BBE0DFB17 HTTP/1.1" 200 119721
65.108.64.210 - - [10/Nov/2024:01:26:32 +0100] "GET /ticket2/opencms/fi/buy/?page=1&edid=B2BF22CA-FF99-6F1A-6DFD-9AA67B6F3634&sortorder=desc&column=row HTTP/1.1" 200 102957
192.95.30.177 - - [10/Nov/2024:01:26:33 +0100] "GET /ticket2/opencms/dk/en/sell/?edid=8DE70B5D-0EED-4B8F-DCC0-5FFB51FC5504 HTTP/1.1" 404 -
65.108.64.210 - - [10/Nov/2024:01:26:33 +0100] "GET /ticket2/opencms/fi/buy/?page=1&edid=B2BF22CA-FF99-6F1A-6DFD-9AA67B6F3634&sortorder=desc&column=section HTTP/1.1" 200 103141
85.224.79.38 - - [10/Nov/2024:01:26:34 +0100] "GET /ticket2/opencms/sv/sport/fotbollsbiljetter/premier_league/ HTTP/1.1" 200 89769
65.108.46.72 - - [10/Nov/2024:01:26:35 +0100] "GET /ticket2/opencms/nl/buy/?page=1&edid=294968E7-670E-500D-EF6F-F776CC397F5A HTTP/1.1" 200 108952
65.108.64.210 - - [10/Nov/2024:01:26:35 +0100] "GET /ticket2/opencms/fi/buy/?page=1&edid=B2E5BFF4-A3CD-3EDE-214C-30C8A05EA888&sortorder=asc&column=row HTTP/1.1" 200 103625
83.191.103.19 - - [10/Nov/2024:01:26:36 +0100] "GET /ticket2/opencms/img/arrow-up.png HTTP/1.1" 200 193
54.36.149.18 - - [10/Nov/2024:01:26:36 +0100] "GET /ticket2/opencms/ro/buy?page=10&eventid=10A4B056-E56D-2EC6-06F9-A9715C3D8173 HTTP/1.1" 200 91659
66.249.79.7 - - [10/Nov/2024:01:26:36 +0100] "GET /ticket2/opencms/lt/buy?page=1&edid=830F2AEC-7FB6-11C1-AD11-54BD6744D648 HTTP/1.1" 200 120689
65.108.64.210 - - [10/Nov/2024:01:26:37 +0100] "GET /ticket2/opencms/fi/buy/?page=1&edid=B2F1A754-C080-4103-4961-BC3EBF5BB7BD&sortorder=asc&column=price HTTP/1.1" 200 102102
135.181.74.243 - - [10/Nov/2024:01:26:37 +0100] "GET /ticket2/opencms/dk/no/buy/?page=1&edid=9762A0C0-F461-9960-00F0-1DDE26BBA3DE&sortorder=desc&column=row HTTP/1.1" 404 -
65.108.46.72 - - [10/Nov/2024:01:26:38 +0100] "GET /ticket2/opencms/nl/buy/?page=1&edid=2A37DE46-FFAE-D698-F339-A3B401DDEB66 HTTP/1.1" 200 96431
65.108.64.210 - - [10/Nov/2024:01:26:39 +0100] "GET /ticket2/opencms/fi/buy/?page=1&edid=B3163364-11A7-18BA-CCD8-E7AC257CF300&sortorder=asc&column=price HTTP/1.1" 200 102337
207.46.13.102 - - [10/Nov/2024:01:26:40 +0100] "GET /ticket2/opencms/ka/buy?page=1&edid=8DA9D1EA-2F7E-8136-071B-749FF836435A HTTP/1.1" 200 130938
85.224.79.38 - - [10/Nov/2024:01:26:40 +0100] "GET /ticket2/opencms/sv/sport/fotbollsbiljetter/premier_league/manchester_city/ HTTP/1.1" 200 97324
85.224.79.38 - - [10/Nov/2024:01:26:40 +0100] "GET /ticket2/opencms/system/modules/com.gridnine.opencms.ticketbrokerage.site/resources/css/ticketbrokerage.css HTTP/1.1" 200 39339
85.224.79.38 - - [10/Nov/2024:01:26:40 +0100] "GET /ticket2/opencms/system/modules/com.gridnine.opencms.ticketbrokerage.site/resources/js/calendar-en.js HTTP/1.1" 200 3338
85.224.79.38 - - [10/Nov/2024:01:26:40 +0100] "GET /ticket2/opencms/system/modules/com.gridnine.opencms.ticketbrokerage.site/resources/js/standard.js HTTP/1.1" 200 3978
85.224.79.38 - - [10/Nov/2024:01:26:40 +0100] "GET /ticket2/opencms/system/modules/com.gridnine.opencms.ticketbrokerage.site/resources/css/calendar.css HTTP/1.1" 200 6871
85.224.79.38 - - [10/Nov/2024:01:26:40 +0100] "GET /ticket2/opencms/system/modules/com.gridnine.opencms.ticketbrokerage.site/resources/css/standard.css HTTP/1.1" 200 73073
85.224.79.38 - - [10/Nov/2024:01:26:40 +0100] "GET /ticket2/opencms/system/modules/com.gridnine.opencms.ticketbrokerage.site/resources/js/functions.js HTTP/1.1" 200 1583
85.224.79.38 - - [10/Nov/2024:01:26:40 +0100] "GET /ticket2/opencms/system/modules/com.gridnine.opencms.ticketbrokerage.site/resources/js/calendar.js HTTP/1.1" 200 49229
85.224.79.38 - - [10/Nov/2024:01:26:40 +0100] "GET /ticket2/opencms/system/modules/com.gridnine.opencms.ticketbrokerage.site/resources/js/calendar-setup.js HTTP/1.1" 200 4923
192.95.30.177 - - [10/Nov/2024:01:26:40 +0100] "GET /ticket2/opencms/dk/en/sell/?edid=904A14D5-1C95-B81F-298C-0B73DA9FDE90 HTTP/1.1" 404 -
85.224.79.38 - - [10/Nov/2024:01:26:40 +0100] "GET /ticket2/opencms/system/modules/com.gridnine.opencms.ticketbrokerage.site/resources/pics/banners/Manchester_City.jpg HTTP/1.1" 200 25043
85.224.79.38 - - [10/Nov/2024:01:26:40 +0100] "GET /ticket2/opencms/system/modules/com.gridnine.opencms.ticketbrokerage.site/resources/css/images/ui-bg_flat_75_ffffff_40x100.png HTTP/1.1" 404 -
65.108.64.210 - - [10/Nov/2024:01:26:40 +0100] "GET /ticket2/opencms/fi/buy/?page=1&edid=B32AC485-6487-3239-E615-3AE2E12C4027&sortorder=asc&column=section HTTP/1.1" 200 100038
65.108.46.72 - - [10/Nov/2024:01:26:41 +0100] "GET /ticket2/opencms/nl/buy/?page=1&edid=2ACCB388-CC5F-1368-2FF5-1F1630B8D295 HTTP/1.1" 200 105962
54.36.148.85 - - [10/Nov/2024:01:26:42 +0100] "GET /ticket2/opencms/fi/buy?page=1&edid=A250B4B1-8EE0-FF45-8CB6-582F5F739AF9 HTTP/1.1" 200 126510
66.249.76.233 - - [10/Nov/2024:01:26:42 +0100] "GET /ticket2/opencms/en/buying_tickets/ HTTP/1.1" 200 81631
65.108.64.210 - - [10/Nov/2024:01:26:42 +0100] "GET /ticket2/opencms/fi/buy/?page=1&edid=B33DD1DC-05CA-B961-4569-DBEA9D57EDE4&sortorder=desc&column=price HTTP/1.1" 200 103262
128.14.231.139 - - [10/Nov/2024:01:26:42 +0100] "GET /ticket2/opencms/it/favicon.ico HTTP/1.1" 404 -
128.14.231.139 - - [10/Nov/2024:01:26:43 +0100] "GET /ticket2/opencms/it/robots.txt HTTP/1.1" 404 -
114.119.129.189 - - [10/Nov/2024:01:26:43 +0100] "GET /ticket2/opencms/en/buy?page=1&edid=0E2A8EE9-734A-887E-11A2-79733BB1EF6E HTTP/1.1" 200 100865
128.14.231.139 - - [10/Nov/2024:01:26:43 +0100] "GET /ticket2/opencms/it/sitemap.xml HTTP/1.1" 200 715529
135.181.74.243 - - [10/Nov/2024:01:26:43 +0100] "GET /ticket2/opencms/dk/no/buy/?page=1&edid=976885DC-748D-9B41-84FE-F009469512AF&sortorder=asc&column=price HTTP/1.1" 404 -
65.108.64.210 - - [10/Nov/2024:01:26:44 +0100] "GET /ticket2/opencms/fi/buy/?page=1&edid=B33DD1DC-05CA-B961-4569-DBEA9D57EDE4&sortorder=desc&column=row HTTP/1.1" 200 103170
65.108.46.72 - - [10/Nov/2024:01:26:44 +0100] "GET /ticket2/opencms/nl/buy/?page=1&edid=2B4D80E3-665D-28EB-9306-0D3E928A752F HTTP/1.1" 200 96446
85.224.79.38 - - [10/Nov/2024:01:26:45 +0100] "GET /ticket2/opencms/sv/sport/fotbollsbiljetter/premier_league/ HTTP/1.1" 200 89769
54.36.148.222 - - [10/Nov/2024:01:26:45 +0100] "GET /ticket2/opencms/no/buy?page=1&edid=8EE24D2F-4BF0-A103-6944-36103BCA6278 HTTP/1.1" 200 112009
65.108.64.210 - - [10/Nov/2024:01:26:45 +0100] "GET /ticket2/opencms/fi/buy/?page=1&edid=B37AC691-C9A4-C565-F39D-9F0E1B23ADC0&sortorder=desc&column=price HTTP/1.1" 200 103939
192.95.30.177 - - [10/Nov/2024:01:26:46 +0100] "GET /ticket2/opencms/dk/en/venue/?venueid=11F3A3F2-5F7A-8DF0-9A91-D0D485D2E890 HTTP/1.1" 404 -
65.108.64.210 - - [10/Nov/2024:01:26:47 +0100] "GET /ticket2/opencms/fi/buy/?page=1&edid=B37AC691-C9A4-C565-F39D-9F0E1B23ADC0&sortorder=desc&column=section HTTP/1.1" 200 104031
65.108.46.72 - - [10/Nov/2024:01:26:48 +0100] "GET /ticket2/opencms/nl/buy/?page=1&edid=2B9FDAA5-4F91-9556-CB1B-77F0011A2F02 HTTP/1.1" 200 124005
135.181.74.243 - - [10/Nov/2024:01:26:49 +0100] "GET /ticket2/opencms/dk/no/buy/?page=1&edid=976885DC-748D-9B41-84FE-F009469512AF&sortorder=asc&column=row HTTP/1.1" 404 -
65.108.64.210 - - [10/Nov/2024:01:26:49 +0100] "GET /ticket2/opencms/fi/buy/?page=1&edid=B3A48CEA-40D1-484D-6F9F-58918454073B HTTP/1.1" 200 100849
65.108.64.210 - - [10/Nov/2024:01:26:51 +0100] "GET /ticket2/opencms/fi/buy/?page=1&edid=B3A48CEA-40D1-484D-6F9F-58918454073B&sortorder=desc&column=price HTTP/1.1" 200 102172
114.119.154.81 - - [10/Nov/2024:01:26:52 +0100] "GET /ticket2/opencms/en/buy/?page=6&comcatid=A17713B6-D984-201A-4143-ED4DB5ED5C2E&catid=21C3854B-901E-11F9-7B7D-6838CC6AFAA4&eventid=ADB4BA94-4A6D-0826-5992-F7DEA47BAAA3 HTTP/1.1" 200 106459
65.108.46.72 - - [10/Nov/2024:01:26:52 +0100] "GET /ticket2/opencms/nl/buy/?page=1&edid=2C2E9185-38A8-EBBD-403B-609372D69EE0 HTTP/1.1" 200 121847
85.224.79.38 - - [10/Nov/2024:01:26:52 +0100] "GET /ticket2/opencms/sv/sport/fotbollsbiljetter/?gad_source=1&gbraid=0AAAAADlS-t9WWup4OqoC-idVJyN6aQ1lt&gclid=EAIaIQobChMI5rv_ucPQiQMVP0iRBR0_mCTvEAAYASABEgIobPD_BwE HTTP/1.1" 200 87560
65.108.64.210 - - [10/Nov/2024:01:26:52 +0100] "GET /ticket2/opencms/fi/buy/?page=1&edid=B3A48CEA-40D1-484D-6F9F-58918454073B&sortorder=desc&column=section HTTP/1.1" 200 102264
192.95.30.177 - - [10/Nov/2024:01:26:53 +0100] "GET /ticket2/opencms/dk/en/venue/?venueid=14B76136-894C-6221-F73D-2C8FAF5FB018 HTTP/1.1" 404 -
54.36.148.0 - - [10/Nov/2024:01:26:54 +0100] "GET /ticket2/opencms/no/buy?page=1&edid=06839E1C-8CA0-2766-B39C-B161E06D9E51 HTTP/1.1" 200 124708
65.108.64.210 - - [10/Nov/2024:01:26:54 +0100] "GET /ticket2/opencms/fi/buy/?page=1&edid=B3CE1D05-2AFF-3827-82BB-D445FA533BBD&sortorder=asc&column=price HTTP/1.1" 200 103673
135.181.74.243 - - [10/Nov/2024:01:26:55 +0100] "GET /ticket2/opencms/dk/no/buy/?page=1&edid=976885DC-748D-9B41-84FE-F009469512AF&sortorder=desc&column=price HTTP/1.1" 404 -
65.108.46.72 - - [10/Nov/2024:01:26:55 +0100] "GET /ticket2/opencms/nl/buy/?page=1&edid=2C4B9446-424B-066B-918D-EBEB23C16CCA HTTP/1.1" 200 99707
65.108.64.210 - - [10/Nov/2024:01:26:56 +0100] "GET /ticket2/opencms/fi/buy/?page=1&edid=B3CE1D05-2AFF-3827-82BB-D445FA533BBD&sortorder=asc&column=row HTTP/1.1" 200 103581
65.108.64.210 - - [10/Nov/2024:01:26:58 +0100] "GET /ticket2/opencms/fi/buy/?page=1&edid=B3CE1D05-2AFF-3827-82BB-D445FA533BBD&sortorder=asc&column=section HTTP/1.1" 200 103765
65.108.46.72 - - [10/Nov/2024:01:26:58 +0100] "GET /ticket2/opencms/nl/buy/?page=1&edid=2C538FDD-3C52-6C4F-20BD-65D603C9DD1A HTTP/1.1" 200 98829
65.108.64.210 - - [10/Nov/2024:01:26:59 +0100] "GET /ticket2/opencms/fi/buy/?page=1&edid=B3E9CF22-67BA-F1BB-114E-8C5EC129CEB7&sortorder=desc&column=row HTTP/1.1" 200 103838
192.95.30.177 - - [10/Nov/2024:01:27:00 +0100] "GET /ticket2/opencms/dk/en/venue/?venueid=86AE90BC-D8AF-A4B6-5DCE-73A3626C185F HTTP/1.1" 404 -
135.181.74.243 - - [10/Nov/2024:01:27:00 +0100] "GET /ticket2/opencms/dk/no/buy/?page=1&edid=976885DC-748D-9B41-84FE-F009469512AF&sortorder=desc&column=row HTTP/1.1" 404 -
65.108.64.210 - - [10/Nov/2024:01:27:01 +0100] "GET /ticket2/opencms/fi/buy/?page=1&edid=B3E9D9E7-B50F-08FD-E8CA-41A1BFDA893A&sortorder=asc&column=price HTTP/1.1" 200 102183
65.108.46.72 - - [10/Nov/2024:01:27:02 +0100] "GET /ticket2/opencms/nl/buy/?page=1&edid=2DF71579-8539-9953-A2E8-0E8B3100119A HTTP/1.1" 200 96446
65.108.64.210 - - [10/Nov/2024:01:27:03 +0100] "GET /ticket2/opencms/fi/buy/?page=1&edid=B4A753EA-BEA7-684D-3418-F6676D743299&sortorder=desc&column=row HTTP/1.1" 200 99874
54.36.148.150 - - [10/Nov/2024:01:27:03 +0100] "GET /ticket2/opencms/no/buy?page=1&edid=0F9D6B87-FBA2-98F6-6A11-CBBA4D2A86C1 HTTP/1.1" 200 132363
192.95.30.177 - - [10/Nov/2024:01:27:04 +0100] "GET /ticket2/opencms/dk/fi/buy/?page=1&edid=02E6797B-74DD-6A46-6871-51DA2CCD4C5A&sortorder=desc&column=price HTTP/1.1" 404 -
65.108.64.210 - - [10/Nov/2024:01:27:04 +0100] "GET /ticket2/opencms/fi/buy/?page=1&edid=B583A336-FF8A-4A69-7F8D-3295D9EDD852&sortorder=desc&column=section HTTP/1.1" 200 102733
65.108.46.72 - - [10/Nov/2024:01:27:05 +0100] "GET /ticket2/opencms/nl/buy/?page=1&edid=2E10707D-C051-6138-1E62-3BA0A6C4D8EB HTTP/1.1" 200 122547
135.181.74.243 - - [10/Nov/2024:01:27:05 +0100] "GET /ticket2/opencms/dk/no/buy/?page=1&edid=977C0C02-7B55-784E-29CC-D122464B37BC HTTP/1.1" 404 -
65.108.64.210 - - [10/Nov/2024:01:27:06 +0100] "GET /ticket2/opencms/fi/buy/?page=1&edid=BAB6F3FC-ACBF-25D4-C354-1BB75EC7FF7F HTTP/1.1" 200 101085
