95.217.195.123 - - [10/Nov/2024:01:01:02 +0100] "GET /ticket2/opencms/dk/buy/?page=1&edid=6A3C718B-AC4D-FF85-FA4B-4274829132AA&sortorder=asc&column=row HTTP/1.1" 200 101808
88.90.248.233 - - [10/Nov/2024:01:01:02 +0100] "GET /ticket2/opencms/fi/buy/?page=1&edid=7F28348B-69FB-2132-341A-600FD197AF0A HTTP/1.1" 200 100888
88.90.248.233 - - [10/Nov/2024:01:01:04 +0100] "GET /ticket2/opencms/fi/buy/?page=1&edid=7F28348B-69FB-2132-341A-600FD197AF0A&sortorder=desc&column=price HTTP/1.1" 200 102211
217.113.194.212 - - [10/Nov/2024:01:01:05 +0100] "GET /ticket2/opencms/dk/buy/?page=1&edid=D8FA606A-BD2D-E866-2511-7322C170B1CB HTTP/1.1" 200 97377
88.90.248.233 - - [10/Nov/2024:01:01:06 +0100] "GET /ticket2/opencms/fi/buy/?page=1&edid=7F28348B-69FB-2132-341A-600FD197AF0A&sortorder=desc&column=row HTTP/1.1" 200 102119
135.181.74.243 - - [10/Nov/2024:01:01:06 +0100] "GET /ticket2/opencms/dk/fi/buy/?page=1&edid=C68169A2-BAF4-9EC4-4384-5798AFBF1409&sortorder=asc&column=section HTTP/1.1" 404 -
88.90.248.233 - - [10/Nov/2024:01:01:07 +0100] "GET /ticket2/opencms/fi/buy/?page=1&edid=7F28348B-69FB-2132-341A-600FD197AF0A&sortorder=desc&column=section HTTP/1.1" 200 102303
88.90.248.233 - - [10/Nov/2024:01:01:09 +0100] "GET /ticket2/opencms/fi/buy/?page=1&edid=7F2A5B0B-89B1-FCB5-F3DF-3B5D223FE23E&sortorder=desc&column=price HTTP/1.1" 200 103791
66.249.68.33 - - [10/Nov/2024:01:01:10 +0100] "GET /ticket2/opencms/es/buy/?page=1&edid=3834B79A-5D67-764F-EEC4-EB2411D57169 HTTP/1.1" 200 98432
95.217.195.123 - - [10/Nov/2024:01:01:10 +0100] "GET /ticket2/opencms/dk/buy/?page=1&edid=6A3C718B-AC4D-FF85-FA4B-4274829132AA&sortorder=asc&column=section HTTP/1.1" 200 101992
88.90.248.233 - - [10/Nov/2024:01:01:11 +0100] "GET /ticket2/opencms/fi/buy/?page=1&edid=7F2A5B0B-89B1-FCB5-F3DF-3B5D223FE23E&sortorder=desc&column=row HTTP/1.1" 200 103699
54.36.148.80 - - [10/Nov/2024:01:01:12 +0100] "GET /ticket2/opencms/el/buy?page=6&comcatid=A17713B6-D984-201A-4143-ED4DB5ED5C2E&catid=3A7AEA37-903D-9533-4B33-21B0001FF1D1 HTTP/1.1" 200 95347
168.119.68.117 - - [10/Nov/2024:01:01:12 +0100] "GET /ticket2/opencms/system/modules/com.gridnine.opencms.ticketbrokerage.site/resources/css/calendar.css HTTP/1.1" 200 6871
168.119.68.117 - - [10/Nov/2024:01:01:12 +0100] "GET /ticket2/opencms/system/modules/com.gridnine.opencms.ticketbrokerage.site/resources/css/ticketbrokerage.css HTTP/1.1" 200 39339
168.119.68.117 - - [10/Nov/2024:01:01:12 +0100] "GET /ticket2/opencms/system/modules/com.gridnine.opencms.ticketbrokerage.site/resources/css/jquery.fancybox.css HTTP/1.1" 200 4939
168.119.68.117 - - [10/Nov/2024:01:01:12 +0100] "GET /ticket2/opencms/system/modules/com.gridnine.opencms.ticketbrokerage.site/resources/css/jquery-ui.css HTTP/1.1" 200 33221
168.119.68.117 - - [10/Nov/2024:01:01:12 +0100] "GET /ticket2/opencms/system/modules/com.gridnine.opencms.ticketbrokerage.site/resources/css/standard.css HTTP/1.1" 200 73073
168.119.68.117 - - [10/Nov/2024:01:01:12 +0100] "GET /ticket2/opencms/system/modules/com.gridnine.opencms.ticketbrokerage.site/resources/js/jquery/jquery.js HTTP/1.1" 200 93868
168.119.68.117 - - [10/Nov/2024:01:01:12 +0100] "GET /ticket2/opencms/system/modules/com.gridnine.opencms.ticketbrokerage.site/resources/js/jquery/jquery-ui.js HTTP/1.1" 200 228088
168.119.68.117 - - [10/Nov/2024:01:01:12 +0100] "GET /ticket2/opencms/system/modules/com.gridnine.opencms.ticketbrokerage.site/resources/js/functions.js HTTP/1.1" 200 1583
168.119.68.117 - - [10/Nov/2024:01:01:12 +0100] "GET /ticket2/opencms/system/modules/com.gridnine.opencms.ticketbrokerage.site/resources/js/calendar.js HTTP/1.1" 200 49229
168.119.68.117 - - [10/Nov/2024:01:01:12 +0100] "GET /ticket2/opencms/system/modules/com.gridnine.opencms.ticketbrokerage.site/resources/js/calendar-setup.js HTTP/1.1" 200 4923
168.119.68.117 - - [10/Nov/2024:01:01:12 +0100] "GET /ticket2/opencms/system/modules/com.gridnine.opencms.ticketbrokerage.site/resources/js/calendar-en.js HTTP/1.1" 200 3338
168.119.68.117 - - [10/Nov/2024:01:01:12 +0100] "GET /ticket2/opencms/system/modules/com.gridnine.opencms.ticketbrokerage.site/resources/js/jquery.fancybox.pack.js HTTP/1.1" 200 23187
168.119.68.117 - - [10/Nov/2024:01:01:12 +0100] "GET /ticket2/opencms/system/modules/com.gridnine.opencms.ticketbrokerage.site/resources/js/standard.js HTTP/1.1" 200 3978
168.119.68.117 - - [10/Nov/2024:01:01:12 +0100] "GET /ticket2/opencms/system/modules/com.gridnine.opencms.ticketbrokerage.site/resources/js/stickyfill.min.js HTTP/1.1" 200 5672
88.90.248.233 - - [10/Nov/2024:01:01:12 +0100] "GET /ticket2/opencms/fi/buy/?page=1&edid=7F2A9500-C316-2D20-DE9E-0CFC1602588E&sortorder=desc&column=price HTTP/1.1" 200 103901
168.119.68.117 - - [10/Nov/2024:01:01:12 +0100] "GET /ticket2/opencms/system/modules/com.gridnine.opencms.ticketbrokerage.site/resources/js/jquery.placeholder.min.js HTTP/1.1" 200 1737
168.119.68.117 - - [10/Nov/2024:01:01:12 +0100] "GET /ticket2/opencms/system/modules/com.gridnine.opencms.ticketbrokerage.site/resources/js/common-ajax.js HTTP/1.1" 200 20175
168.119.68.117 - - [10/Nov/2024:01:01:13 +0100] "GET /ticket2/opencms/system/modules/com.gridnine.opencms.ticketbrokerage.site/resources/js/standard.js HTTP/1.1" 200 3978
217.113.194.220 - - [10/Nov/2024:01:01:14 +0100] "GET /ticket2/opencms/dk/buy/?page=1&edid=C6A99892-7BD2-880D-4758-AF68633C2943 HTTP/1.1" 200 99619
88.90.248.233 - - [10/Nov/2024:01:01:14 +0100] "GET /ticket2/opencms/fi/buy/?page=1&edid=7F2A9500-C316-2D20-DE9E-0CFC1602588E&sortorder=desc&column=section HTTP/1.1" 200 103993
88.90.248.233 - - [10/Nov/2024:01:01:16 +0100] "GET /ticket2/opencms/fi/buy/?page=1&edid=7FC0EEA1-6F3F-9563-B3A7-BDCC9E769DFD&sortorder=desc&column=price HTTP/1.1" 200 103936
95.217.195.123 - - [10/Nov/2024:01:01:17 +0100] "GET /ticket2/opencms/dk/buy/?page=1&edid=6A52CBA9-57BC-1603-DB31-AF04EE15C1D8&sortorder=asc&column=row HTTP/1.1" 200 100968
88.90.248.233 - - [10/Nov/2024:01:01:18 +0100] "GET /ticket2/opencms/fi/buy/?page=1&edid=7FC73723-3D58-60B6-5EE1-3F17A452C0CB&sortorder=asc&column=row HTTP/1.1" 200 103127
88.90.248.233 - - [10/Nov/2024:01:01:19 +0100] "GET /ticket2/opencms/fi/buy/?page=1&edid=803FADA2-6267-5D45-5973-2D73F0852131&sortorder=asc&column=price HTTP/1.1" 200 103221
114.119.150.22 - - [10/Nov/2024:01:01:20 +0100] "GET /ticket2/opencms/en/buy/?page=1&edid=F6B5910D-137B-6FBA-4DDB-D9924D16BF6F HTTP/1.1" 200 99552
5.9.55.228 - - [10/Nov/2024:01:01:20 +0100] "GET /ticket2/opencms/es/buy?catid=6cd184e8-c8d4-e1cc-33d0-6f47e3751240&comcatid=97eca65a-72da-f9af-9dbb-245d3cfed1be&page=6 HTTP/1.1" 200 83705
54.36.148.229 - - [10/Nov/2024:01:01:20 +0100] "GET /ticket2/opencms/mt/sport/biljetti-tal-futbol/eredivisie HTTP/1.1" 500 -
135.181.74.243 - - [10/Nov/2024:01:01:21 +0100] "GET /ticket2/opencms/dk/fi/buy/?page=1&edid=C95A4E23-D889-BB67-D76E-78077A10F0E1&sortorder=asc&column=section HTTP/1.1" 404 -
88.90.248.233 - - [10/Nov/2024:01:01:21 +0100] "GET /ticket2/opencms/fi/buy/?page=1&edid=8124925D-02E4-C992-3295-AAF8E791AD8B HTTP/1.1" 200 102122
217.113.194.214 - - [10/Nov/2024:01:01:22 +0100] "GET /ticket2/opencms/dk/buy/?page=1&edid=C7AF99E0-EF64-53BB-7A83-EEE233AFFF27 HTTP/1.1" 200 97369
88.90.248.233 - - [10/Nov/2024:01:01:23 +0100] "GET /ticket2/opencms/fi/buy/?page=1&edid=8124925D-02E4-C992-3295-AAF8E791AD8B&sortorder=desc&column=price HTTP/1.1" 200 103445
95.217.195.123 - - [10/Nov/2024:01:01:24 +0100] "GET /ticket2/opencms/dk/buy/?page=1&edid=6A98F8A3-530F-283D-6838-4A9206654917&sortorder=asc&column=price HTTP/1.1" 200 101290
88.90.248.233 - - [10/Nov/2024:01:01:24 +0100] "GET /ticket2/opencms/fi/buy/?page=1&edid=81AF767F-B732-D378-E488-2E552920EDF1 HTTP/1.1" 200 97992
192.95.30.177 - - [10/Nov/2024:01:01:26 +0100] "GET /ticket2/opencms/dk/en/buy/?page=1&edid=71F4B3AC-4D73-186A-EB10-1663B04184B6&sortorder=desc&column=row HTTP/1.1" 404 -
88.90.248.233 - - [10/Nov/2024:01:01:26 +0100] "GET /ticket2/opencms/fi/buy/?page=1&edid=81AF767F-B732-D378-E488-2E552920EDF1&sortorder=asc&column=section HTTP/1.1" 200 99362
88.90.248.233 - - [10/Nov/2024:01:01:28 +0100] "GET /ticket2/opencms/fi/buy/?page=1&edid=82597B84-2EB2-AF46-93A2-C86D42BF791E HTTP/1.1" 200 102118
95.217.195.123 - - [10/Nov/2024:01:01:29 +0100] "GET /ticket2/opencms/dk/buy/?page=1&edid=7674D5B1-C2BE-FC0F-5248-FDD3C93CF04B&sortorder=desc&column=row HTTP/1.1" 200 101875
88.90.248.233 - - [10/Nov/2024:01:01:29 +0100] "GET /ticket2/opencms/fi/buy/?page=1&edid=85A9016D-9EFC-2EF7-D909-C2C300F655F0&sortorder=desc&column=row HTTP/1.1" 200 102490
66.249.79.102 - - [10/Nov/2024:01:01:30 +0100] "GET /ticket2/opencms/ga/buy/?page=1&edid=BBDCFF44-A079-9CCB-8C5C-39D3B38A634D HTTP/1.1" 200 102115
217.113.194.216 - - [10/Nov/2024:01:01:31 +0100] "GET /ticket2/opencms/dk/buy/?page=1&edid=C4A85847-D040-EB89-2141-54F1A8B66277 HTTP/1.1" 200 103419
88.90.248.233 - - [10/Nov/2024:01:01:31 +0100] "GET /ticket2/opencms/fi/buy/?page=1&edid=85C1463C-C6EC-8FA2-656A-0E74E524F5AE HTTP/1.1" 200 100162
88.90.248.233 - - [10/Nov/2024:01:01:33 +0100] "GET /ticket2/opencms/fi/buy/?page=1&edid=85C1463C-C6EC-8FA2-656A-0E74E524F5AE&sortorder=desc&column=price HTTP/1.1" 200 101485
47.128.36.189 - - [10/Nov/2024:01:01:34 +0100] "GET /ticket2/opencms/is/buy/?edid=C28B3B84-6A6E-6FCB-67EF-1F8424FD799A HTTP/1.1" 200 81480
66.249.78.2 - - [10/Nov/2024:01:01:34 +0100] "GET /ticket2/opencms/cs/buy/?page=1&edid=86A7D428-8E42-C0D0-846E-90C83426D4AE HTTP/1.1" 200 113924
88.90.248.233 - - [10/Nov/2024:01:01:34 +0100] "GET /ticket2/opencms/fi/buy/?page=1&edid=85C1463C-C6EC-8FA2-656A-0E74E524F5AE&sortorder=desc&column=row HTTP/1.1" 200 101393
54.36.148.33 - - [10/Nov/2024:01:01:34 +0100] "GET /ticket2/opencms/mt/sport/biljetti-tal-futbol/fa-cup HTTP/1.1" 404 -
66.249.68.69 - - [10/Nov/2024:01:01:35 +0100] "GET /ticket2/opencms/el/standard/ HTTP/1.1" 500 -
95.217.195.123 - - [10/Nov/2024:01:01:36 +0100] "GET /ticket2/opencms/dk/buy/?page=1&edid=78EA1F40-A0BB-F77A-A36D-DD30E4B904C1&sortorder=asc&column=price HTTP/1.1" 200 98648
88.90.248.233 - - [10/Nov/2024:01:01:36 +0100] "GET /ticket2/opencms/fi/buy/?page=1&edid=85D85DE7-7E33-49D9-3EB3-5BCB430E9732&sortorder=desc&column=price HTTP/1.1" 200 103046
135.181.74.243 - - [10/Nov/2024:01:01:36 +0100] "GET /ticket2/opencms/dk/fi/buy/?page=1&edid=C983C410-A893-1A41-94F2-2B0B8C7A2BBB&sortorder=asc&column=price HTTP/1.1" 404 -
88.90.248.233 - - [10/Nov/2024:01:01:38 +0100] "GET /ticket2/opencms/fi/buy/?page=1&edid=85D85DE7-7E33-49D9-3EB3-5BCB430E9732&sortorder=desc&column=row HTTP/1.1" 200 102954
217.113.194.221 - - [10/Nov/2024:01:01:39 +0100] "GET /ticket2/opencms/dk/buy/?page=1&edid=AA8BF936-4D33-C405-6D24-244C07F400C7 HTTP/1.1" 200 100838
88.90.248.233 - - [10/Nov/2024:01:01:39 +0100] "GET /ticket2/opencms/fi/buy/?page=1&edid=85D85DE7-7E33-49D9-3EB3-5BCB430E9732&sortorder=desc&column=section HTTP/1.1" 200 103138
95.217.195.123 - - [10/Nov/2024:01:01:40 +0100] "GET /ticket2/opencms/dk/buy/?page=1&edid=78EA1F40-A0BB-F77A-A36D-DD30E4B904C1&sortorder=asc&column=row HTTP/1.1" 200 98556
88.90.248.233 - - [10/Nov/2024:01:01:41 +0100] "GET /ticket2/opencms/fi/buy/?page=1&edid=8606E56E-9AC4-DAC2-29EF-4288C9F2BFC5&sortorder=desc&column=price HTTP/1.1" 200 102207
54.36.148.155 - - [10/Nov/2024:01:01:42 +0100] "GET /ticket2/opencms/el/buy?page=6&comcatid=A17713B6-D984-201A-4143-ED4DB5ED5C2E&catid=AE3FE643-AE41-BAA6-237D-5206D1B044A1 HTTP/1.1" 200 95343
88.90.248.233 - - [10/Nov/2024:01:01:43 +0100] "GET /ticket2/opencms/fi/buy/?page=1&edid=86D28B23-05E4-8738-71B5-972088228AE0 HTTP/1.1" 200 101059
114.119.151.50 - - [10/Nov/2024:01:01:43 +0100] "GET /ticket2/opencms/en/buy?page=1&edid=19D8DF2D-F98F-516A-0C52-7520D8E30285 HTTP/1.1" 200 100402
195.154.123.68 - - [10/Nov/2024:01:01:43 +0100] "GET /ticket2/opencms/system/modules/com.gridnine.opencms.ticketbrokerage.site/resources/css/calendar.css HTTP/1.1" 200 6871
195.154.123.68 - - [10/Nov/2024:01:01:43 +0100] "GET /ticket2/opencms/system/modules/com.gridnine.opencms.ticketbrokerage.site/resources/css/ticketbrokerage.css HTTP/1.1" 200 39339
195.154.123.68 - - [10/Nov/2024:01:01:43 +0100] "GET /ticket2/opencms/system/modules/com.gridnine.opencms.ticketbrokerage.site/resources/css/jquery-ui.css HTTP/1.1" 200 33221
195.154.123.68 - - [10/Nov/2024:01:01:43 +0100] "GET /ticket2/opencms/system/modules/com.gridnine.opencms.ticketbrokerage.site/resources/css/jquery.fancybox.css HTTP/1.1" 200 4939
195.154.123.68 - - [10/Nov/2024:01:01:43 +0100] "GET /ticket2/opencms/system/modules/com.gridnine.opencms.ticketbrokerage.site/resources/css/standard.css HTTP/1.1" 200 73073
195.154.123.68 - - [10/Nov/2024:01:01:43 +0100] "GET /ticket2/opencms/system/modules/com.gridnine.opencms.ticketbrokerage.site/resources/js/jquery/jquery-ui.js HTTP/1.1" 200 228088
195.154.123.68 - - [10/Nov/2024:01:01:43 +0100] "GET /ticket2/opencms/system/modules/com.gridnine.opencms.ticketbrokerage.site/resources/js/functions.js HTTP/1.1" 200 1583
195.154.123.68 - - [10/Nov/2024:01:01:43 +0100] "GET /ticket2/opencms/system/modules/com.gridnine.opencms.ticketbrokerage.site/resources/js/calendar.js HTTP/1.1" 200 49229
195.154.123.68 - - [10/Nov/2024:01:01:43 +0100] "GET /ticket2/opencms/system/modules/com.gridnine.opencms.ticketbrokerage.site/resources/js/calendar-en.js HTTP/1.1" 200 3338
195.154.123.68 - - [10/Nov/2024:01:01:43 +0100] "GET /ticket2/opencms/system/modules/com.gridnine.opencms.ticketbrokerage.site/resources/js/calendar-setup.js HTTP/1.1" 200 4923
195.154.123.68 - - [10/Nov/2024:01:01:43 +0100] "GET /ticket2/opencms/system/modules/com.gridnine.opencms.ticketbrokerage.site/resources/js/jquery.fancybox.pack.js HTTP/1.1" 200 23187
195.154.123.68 - - [10/Nov/2024:01:01:43 +0100] "GET /ticket2/opencms/system/modules/com.gridnine.opencms.ticketbrokerage.site/resources/js/stickyfill.min.js HTTP/1.1" 200 5672
195.154.123.68 - - [10/Nov/2024:01:01:43 +0100] "GET /ticket2/opencms/system/modules/com.gridnine.opencms.ticketbrokerage.site/resources/js/jquery/jquery.js HTTP/1.1" 200 93868
195.154.123.68 - - [10/Nov/2024:01:01:43 +0100] "GET /ticket2/opencms/system/modules/com.gridnine.opencms.ticketbrokerage.site/resources/js/standard.js HTTP/1.1" 200 3978
195.154.123.68 - - [10/Nov/2024:01:01:43 +0100] "GET /ticket2/opencms/system/modules/com.gridnine.opencms.ticketbrokerage.site/resources/js/jquery.placeholder.min.js HTTP/1.1" 200 1737
195.154.123.68 - - [10/Nov/2024:01:01:43 +0100] "GET /ticket2/opencms/system/modules/com.gridnine.opencms.ticketbrokerage.site/resources/js/common-ajax.js HTTP/1.1" 200 20175
195.154.123.68 - - [10/Nov/2024:01:01:44 +0100] "GET /ticket2/opencms/system/modules/com.gridnine.opencms.ticketbrokerage.site/resources/js/standard.js HTTP/1.1" 200 3978
95.217.195.123 - - [10/Nov/2024:01:01:44 +0100] "GET /ticket2/opencms/dk/buy/?page=1&edid=78EA1F40-A0BB-F77A-A36D-DD30E4B904C1&sortorder=desc&column=price HTTP/1.1" 200 98693
88.90.248.233 - - [10/Nov/2024:01:01:44 +0100] "GET /ticket2/opencms/fi/buy/?page=1&edid=86D28B23-05E4-8738-71B5-972088228AE0&sortorder=desc&column=row HTTP/1.1" 200 102290
88.90.248.233 - - [10/Nov/2024:01:01:46 +0100] "GET /ticket2/opencms/fi/buy/?page=1&edid=88AE85E3-914C-45FF-C0A8-644BDD25A487&sortorder=asc&column=section HTTP/1.1" 200 103841
88.90.248.233 - - [10/Nov/2024:01:01:47 +0100] "GET /ticket2/opencms/fi/buy/?page=1&edid=99DFB5E4-45A1-7731-4884-F800255E5FAB&sortorder=asc&column=price HTTP/1.1" 200 99936
217.113.194.219 - - [10/Nov/2024:01:01:48 +0100] "GET /ticket2/opencms/dk/buy/?page=1&edid=D774E566-37EE-86F6-1D9C-096C682D965E HTTP/1.1" 200 110549
88.90.248.233 - - [10/Nov/2024:01:01:49 +0100] "GET /ticket2/opencms/fi/buy/?page=1&edid=9B5FF650-6073-5E8D-792C-56A70F14541A&sortorder=asc&column=price HTTP/1.1" 200 103289
54.36.149.31 - - [10/Nov/2024:01:01:50 +0100] "GET /ticket2/opencms/nl/buy?page=6&comcatid=A17713B6-D984-201A-4143-ED4DB5ED5C2E&catid=36394212-F82E-F845-399B-42BED55969CC HTTP/1.1" 200 152909
168.119.65.114 - - [10/Nov/2024:01:01:50 +0100] "GET /ticket2/opencms/system/modules/com.gridnine.opencms.ticketbrokerage.site/resources/css/jquery-ui.css HTTP/1.1" 200 33221
168.119.65.114 - - [10/Nov/2024:01:01:50 +0100] "GET /ticket2/opencms/system/modules/com.gridnine.opencms.ticketbrokerage.site/resources/css/ticketbrokerage.css HTTP/1.1" 200 39339
168.119.65.114 - - [10/Nov/2024:01:01:50 +0100] "GET /ticket2/opencms/system/modules/com.gridnine.opencms.ticketbrokerage.site/resources/css/jquery.fancybox.css HTTP/1.1" 200 4939
168.119.65.114 - - [10/Nov/2024:01:01:50 +0100] "GET /ticket2/opencms/system/modules/com.gridnine.opencms.ticketbrokerage.site/resources/js/functions.js HTTP/1.1" 200 1583
168.119.65.114 - - [10/Nov/2024:01:01:50 +0100] "GET /ticket2/opencms/system/modules/com.gridnine.opencms.ticketbrokerage.site/resources/css/calendar.css HTTP/1.1" 200 6871
168.119.65.114 - - [10/Nov/2024:01:01:50 +0100] "GET /ticket2/opencms/system/modules/com.gridnine.opencms.ticketbrokerage.site/resources/css/standard.css HTTP/1.1" 200 73073
168.119.65.114 - - [10/Nov/2024:01:01:50 +0100] "GET /ticket2/opencms/system/modules/com.gridnine.opencms.ticketbrokerage.site/resources/js/jquery.fancybox.pack.js HTTP/1.1" 200 23187
168.119.65.114 - - [10/Nov/2024:01:01:50 +0100] "GET /ticket2/opencms/system/modules/com.gridnine.opencms.ticketbrokerage.site/resources/js/jquery/jquery-ui.js HTTP/1.1" 200 228088
168.119.65.114 - - [10/Nov/2024:01:01:50 +0100] "GET /ticket2/opencms/system/modules/com.gridnine.opencms.ticketbrokerage.site/resources/js/calendar.js HTTP/1.1" 200 49229
168.119.65.114 - - [10/Nov/2024:01:01:50 +0100] "GET /ticket2/opencms/system/modules/com.gridnine.opencms.ticketbrokerage.site/resources/js/calendar-setup.js HTTP/1.1" 200 4923
168.119.65.114 - - [10/Nov/2024:01:01:50 +0100] "GET /ticket2/opencms/system/modules/com.gridnine.opencms.ticketbrokerage.site/resources/js/calendar-en.js HTTP/1.1" 200 3338
168.119.65.114 - - [10/Nov/2024:01:01:50 +0100] "GET /ticket2/opencms/system/modules/com.gridnine.opencms.ticketbrokerage.site/resources/js/jquery/jquery.js HTTP/1.1" 200 93868
168.119.65.114 - - [10/Nov/2024:01:01:50 +0100] "GET /ticket2/opencms/system/modules/com.gridnine.opencms.ticketbrokerage.site/resources/js/stickyfill.min.js HTTP/1.1" 200 5672
168.119.65.114 - - [10/Nov/2024:01:01:50 +0100] "GET /ticket2/opencms/system/modules/com.gridnine.opencms.ticketbrokerage.site/resources/js/standard.js HTTP/1.1" 200 3978
168.119.65.114 - - [10/Nov/2024:01:01:50 +0100] "GET /ticket2/opencms/system/modules/com.gridnine.opencms.ticketbrokerage.site/resources/js/jquery.placeholder.min.js HTTP/1.1" 200 1737
168.119.65.114 - - [10/Nov/2024:01:01:50 +0100] "GET /ticket2/opencms/system/modules/com.gridnine.opencms.ticketbrokerage.site/resources/js/common-ajax.js HTTP/1.1" 200 20175
168.119.65.114 - - [10/Nov/2024:01:01:51 +0100] "GET /ticket2/opencms/system/modules/com.gridnine.opencms.ticketbrokerage.site/resources/js/standard.js HTTP/1.1" 200 3978
88.90.248.233 - - [10/Nov/2024:01:01:51 +0100] "GET /ticket2/opencms/fi/buy/?page=1&edid=9C3FBEB2-CCB3-9F79-44C9-9F6EAA5B9D4B&sortorder=asc&column=price HTTP/1.1" 200 99941
135.181.74.243 - - [10/Nov/2024:01:01:51 +0100] "GET /ticket2/opencms/dk/fi/buy/?page=1&edid=CF141FDE-B68D-3D6C-3452-11484731F326&sortorder=asc&column=price HTTP/1.1" 404 -
114.119.159.237 - - [10/Nov/2024:01:01:52 +0100] "GET /ticket2/opencms/en/buy/?page=6&comcatid=A17713B6-D984-201A-4143-ED4DB5ED5C2E&catid=3A7AEA37-903D-9533-4B33-21B0001FF1D1 HTTP/1.1" 200 92922
88.90.248.233 - - [10/Nov/2024:01:01:52 +0100] "GET /ticket2/opencms/fi/buy/?page=1&edid=9C3FBEB2-CCB3-9F79-44C9-9F6EAA5B9D4B&sortorder=asc&column=row HTTP/1.1" 200 99849
95.217.195.123 - - [10/Nov/2024:01:01:53 +0100] "GET /ticket2/opencms/dk/buy/?page=1&edid=7B7C59FE-44C3-8B94-6612-C7226873D7F7&sortorder=asc&column=price HTTP/1.1" 200 101808
88.90.248.233 - - [10/Nov/2024:01:01:54 +0100] "GET /ticket2/opencms/fi/buy/?page=1&edid=9C3FBEB2-CCB3-9F79-44C9-9F6EAA5B9D4B&sortorder=asc&column=section HTTP/1.1" 200 100033
95.217.195.123 - - [10/Nov/2024:01:01:55 +0100] "GET /ticket2/opencms/dk/buy/?page=1&edid=7B7C59FE-44C3-8B94-6612-C7226873D7F7&sortorder=asc&column=row HTTP/1.1" 200 101716
66.249.79.5 - - [10/Nov/2024:01:01:55 +0100] "GET /ticket2/opencms/cs/buy/?comcatid=97ECA65A-72DA-F9AF-9DBB-245D3CFED1BE&catid=2CCC191C-F37F-B9CA-D41C-1204E575B328 HTTP/1.1" 200 88767
64.71.166.38 - - [10/Nov/2024:01:01:55 +0100] "GET /ticket2/opencms/robots.txt HTTP/1.1" 200 773
88.90.248.233 - - [10/Nov/2024:01:01:56 +0100] "GET /ticket2/opencms/fi/buy/?page=1&edid=9D28F9B9-6904-1ABE-2B7B-B5AAE0BDC058&sortorder=desc&column=price HTTP/1.1" 200 103771
64.71.166.38 - - [10/Nov/2024:01:01:56 +0100] "GET /ticket2/opencms/en/about/press/ HTTP/1.1" 200 80407
217.113.194.215 - - [10/Nov/2024:01:01:57 +0100] "GET /ticket2/opencms/dk/buy/?page=1&edid=E86D89E6-4B76-0823-49E9-A4E0BE4014AF HTTP/1.1" 200 122905
88.90.248.233 - - [10/Nov/2024:01:01:58 +0100] "GET /ticket2/opencms/fi/buy/?page=1&edid=9E2C94FE-5D34-AB50-68DA-3224561463E2 HTTP/1.1" 200 102611
66.249.79.103 - - [10/Nov/2024:01:01:58 +0100] "GET /ticket2/opencms/nl/buy/?page=1&edid=39F65111-2D6B-8CCA-6356-10B703EAE091 HTTP/1.1" 200 96438
88.90.248.233 - - [10/Nov/2024:01:01:59 +0100] "GET /ticket2/opencms/fi/buy/?page=1&edid=9FAC9D2F-4DFA-7F20-C081-57747A3170CE&sortorder=asc&column=price HTTP/1.1" 200 103397
54.36.148.66 - - [10/Nov/2024:01:02:00 +0100] "GET /ticket2/opencms/et/buy?page=6&comcatid=A17713B6-D984-201A-4143-ED4DB5ED5C2E&catid=3A7AEA37-903D-9533-4B33-21B0001FF1D1 HTTP/1.1" 200 94538
195.154.122.44 - - [10/Nov/2024:01:02:01 +0100] "GET /ticket2/opencms/system/modules/com.gridnine.opencms.ticketbrokerage.site/resources/css/ticketbrokerage.css HTTP/1.1" 200 39339
195.154.122.44 - - [10/Nov/2024:01:02:01 +0100] "GET /ticket2/opencms/system/modules/com.gridnine.opencms.ticketbrokerage.site/resources/css/calendar.css HTTP/1.1" 200 6871
195.154.122.44 - - [10/Nov/2024:01:02:01 +0100] "GET /ticket2/opencms/system/modules/com.gridnine.opencms.ticketbrokerage.site/resources/js/jquery/jquery-ui.js HTTP/1.1" 200 228088
195.154.122.44 - - [10/Nov/2024:01:02:01 +0100] "GET /ticket2/opencms/system/modules/com.gridnine.opencms.ticketbrokerage.site/resources/js/jquery/jquery.js HTTP/1.1" 200 93868
195.154.122.44 - - [10/Nov/2024:01:02:01 +0100] "GET /ticket2/opencms/system/modules/com.gridnine.opencms.ticketbrokerage.site/resources/js/calendar.js HTTP/1.1" 200 49229
195.154.122.44 - - [10/Nov/2024:01:02:01 +0100] "GET /ticket2/opencms/system/modules/com.gridnine.opencms.ticketbrokerage.site/resources/css/standard.css HTTP/1.1" 200 73073
88.90.248.233 - - [10/Nov/2024:01:02:01 +0100] "GET /ticket2/opencms/fi/buy/?page=1&edid=A01AF9C8-1908-8574-D6FC-52FB35E50650&sortorder=desc&column=price HTTP/1.1" 200 102395
195.154.122.44 - - [10/Nov/2024:01:02:01 +0100] "GET /ticket2/opencms/system/modules/com.gridnine.opencms.ticketbrokerage.site/resources/js/jquery.fancybox.pack.js HTTP/1.1" 200 23187
195.154.122.44 - - [10/Nov/2024:01:02:01 +0100] "GET /ticket2/opencms/system/modules/com.gridnine.opencms.ticketbrokerage.site/resources/js/functions.js HTTP/1.1" 200 1583
195.154.122.44 - - [10/Nov/2024:01:02:01 +0100] "GET /ticket2/opencms/system/modules/com.gridnine.opencms.ticketbrokerage.site/resources/js/calendar-en.js HTTP/1.1" 200 3338
195.154.122.44 - - [10/Nov/2024:01:02:01 +0100] "GET /ticket2/opencms/system/modules/com.gridnine.opencms.ticketbrokerage.site/resources/js/calendar-setup.js HTTP/1.1" 200 4923
195.154.122.44 - - [10/Nov/2024:01:02:01 +0100] "GET /ticket2/opencms/system/modules/com.gridnine.opencms.ticketbrokerage.site/resources/js/standard.js HTTP/1.1" 200 3978
195.154.122.44 - - [10/Nov/2024:01:02:01 +0100] "GET /ticket2/opencms/system/modules/com.gridnine.opencms.ticketbrokerage.site/resources/js/standard.js HTTP/1.1" 200 3978
88.90.248.233 - - [10/Nov/2024:01:02:02 +0100] "GET /ticket2/opencms/fi/buy/?page=1&edid=A01AF9C8-1908-8574-D6FC-52FB35E50650&sortorder=desc&column=section HTTP/1.1" 200 102487
95.217.195.123 - - [10/Nov/2024:01:02:03 +0100] "GET /ticket2/opencms/dk/buy/?page=1&edid=7B7C59FE-44C3-8B94-6612-C7226873D7F7&sortorder=asc&column=section HTTP/1.1" 200 101900
192.95.30.177 - - [10/Nov/2024:01:02:03 +0100] "GET /ticket2/opencms/dk/en/buy/?page=1&edid=7252A51A-97AC-D81E-2DC0-946206EF80FD&sortorder=asc&column=price HTTP/1.1" 404 -
88.90.248.233 - - [10/Nov/2024:01:02:04 +0100] "GET /ticket2/opencms/fi/buy/?page=1&edid=A195A8FE-B2EE-BA5B-F976-198FF4DA9CB4&sortorder=desc&column=row HTTP/1.1" 200 102072
5.9.55.228 - - [10/Nov/2024:01:02:04 +0100] "GET /ticket2/opencms/es/buy?catid=757e2dfb-33da-9b34-8402-9f06b19d8409&comcatid=97eca65a-72da-f9af-9dbb-245d3cfed1be&page=6 HTTP/1.1" 200 83705
217.113.194.216 - - [10/Nov/2024:01:02:05 +0100] "GET /ticket2/opencms/dk/buy/?page=1&edid=E29FE338-9634-305B-C33B-0C1BF0DF939B HTTP/1.1" 200 99527
88.90.248.233 - - [10/Nov/2024:01:02:06 +0100] "GET /ticket2/opencms/fi/buy/?page=1&edid=A45094A6-B77C-C4A8-7783-12098643BADC&sortorder=desc&column=price HTTP/1.1" 200 103920
135.181.74.243 - - [10/Nov/2024:01:02:06 +0100] "GET /ticket2/opencms/dk/fi/buy/?page=1&edid=D8C7B7F8-B92D-B924-97EB-2437BB276AEB HTTP/1.1" 404 -
95.217.195.123 - - [10/Nov/2024:01:02:06 +0100] "GET /ticket2/opencms/dk/buy/?page=1&edid=7B7C59FE-44C3-8B94-6612-C7226873D7F7&sortorder=desc&column=price HTTP/1.1" 200 101853
88.90.248.233 - - [10/Nov/2024:01:02:07 +0100] "GET /ticket2/opencms/fi/buy/?page=1&edid=A493F172-CFC1-7FF7-D550-F43C62212F93&sortorder=asc&column=section HTTP/1.1" 200 100035
88.90.248.233 - - [10/Nov/2024:01:02:09 +0100] "GET /ticket2/opencms/fi/buy/?page=1&edid=A4AA9FAF-A900-49DB-5496-82F65D60D290 HTTP/1.1" 200 102481
88.90.248.233 - - [10/Nov/2024:01:02:11 +0100] "GET /ticket2/opencms/fi/buy/?page=1&edid=A4B258AC-1606-5FD3-B2FB-841EDDE64B47&sortorder=desc&column=price HTTP/1.1" 200 102142
54.36.149.39 - - [10/Nov/2024:01:02:12 +0100] "GET /ticket2/opencms/et/buy?page=6&comcatid=A17713B6-D984-201A-4143-ED4DB5ED5C2E&catid=7ACC33AD-EE7E-AAA7-9050-0F4587759B87 HTTP/1.1" 200 94539
88.90.248.233 - - [10/Nov/2024:01:02:12 +0100] "GET /ticket2/opencms/fi/buy/?page=1&edid=A4B939B9-02F3-15DE-1828-4B6AE5FDD036 HTTP/1.1" 200 101734
95.217.195.123 - - [10/Nov/2024:01:02:12 +0100] "GET /ticket2/opencms/dk/buy/?page=1&edid=7B7C59FE-44C3-8B94-6612-C7226873D7F7&sortorder=desc&column=row HTTP/1.1" 200 101761
195.154.122.31 - - [10/Nov/2024:01:02:13 +0100] "GET /ticket2/opencms/system/modules/com.gridnine.opencms.ticketbrokerage.site/resources/css/jquery-ui.css HTTP/1.1" 200 33221
195.154.122.31 - - [10/Nov/2024:01:02:13 +0100] "GET /ticket2/opencms/system/modules/com.gridnine.opencms.ticketbrokerage.site/resources/css/ticketbrokerage.css HTTP/1.1" 200 39339
195.154.122.31 - - [10/Nov/2024:01:02:13 +0100] "GET /ticket2/opencms/system/modules/com.gridnine.opencms.ticketbrokerage.site/resources/css/calendar.css HTTP/1.1" 200 6871
195.154.122.31 - - [10/Nov/2024:01:02:13 +0100] "GET /ticket2/opencms/system/modules/com.gridnine.opencms.ticketbrokerage.site/resources/css/jquery.fancybox.css HTTP/1.1" 200 4939
195.154.122.31 - - [10/Nov/2024:01:02:13 +0100] "GET /ticket2/opencms/system/modules/com.gridnine.opencms.ticketbrokerage.site/resources/js/stickyfill.min.js HTTP/1.1" 200 5672
195.154.122.31 - - [10/Nov/2024:01:02:13 +0100] "GET /ticket2/opencms/system/modules/com.gridnine.opencms.ticketbrokerage.site/resources/css/standard.css HTTP/1.1" 200 73073
195.154.122.31 - - [10/Nov/2024:01:02:13 +0100] "GET /ticket2/opencms/system/modules/com.gridnine.opencms.ticketbrokerage.site/resources/js/jquery/jquery-ui.js HTTP/1.1" 200 228088
195.154.122.31 - - [10/Nov/2024:01:02:13 +0100] "GET /ticket2/opencms/system/modules/com.gridnine.opencms.ticketbrokerage.site/resources/js/calendar.js HTTP/1.1" 200 49229
195.154.122.31 - - [10/Nov/2024:01:02:13 +0100] "GET /ticket2/opencms/system/modules/com.gridnine.opencms.ticketbrokerage.site/resources/js/calendar-setup.js HTTP/1.1" 200 4923
195.154.122.31 - - [10/Nov/2024:01:02:13 +0100] "GET /ticket2/opencms/system/modules/com.gridnine.opencms.ticketbrokerage.site/resources/js/calendar-en.js HTTP/1.1" 200 3338
195.154.122.31 - - [10/Nov/2024:01:02:13 +0100] "GET /ticket2/opencms/system/modules/com.gridnine.opencms.ticketbrokerage.site/resources/js/functions.js HTTP/1.1" 200 1583
195.154.122.31 - - [10/Nov/2024:01:02:13 +0100] "GET /ticket2/opencms/system/modules/com.gridnine.opencms.ticketbrokerage.site/resources/js/jquery/jquery.js HTTP/1.1" 200 93868
195.154.122.31 - - [10/Nov/2024:01:02:13 +0100] "GET /ticket2/opencms/system/modules/com.gridnine.opencms.ticketbrokerage.site/resources/js/jquery.fancybox.pack.js HTTP/1.1" 200 23187
195.154.122.31 - - [10/Nov/2024:01:02:13 +0100] "GET /ticket2/opencms/system/modules/com.gridnine.opencms.ticketbrokerage.site/resources/js/standard.js HTTP/1.1" 200 3978
195.154.122.31 - - [10/Nov/2024:01:02:13 +0100] "GET /ticket2/opencms/system/modules/com.gridnine.opencms.ticketbrokerage.site/resources/js/jquery.placeholder.min.js HTTP/1.1" 200 1737
195.154.122.31 - - [10/Nov/2024:01:02:13 +0100] "GET /ticket2/opencms/system/modules/com.gridnine.opencms.ticketbrokerage.site/resources/js/common-ajax.js HTTP/1.1" 200 20175
217.113.194.216 - - [10/Nov/2024:01:02:13 +0100] "GET /ticket2/opencms/dk/buy/?page=1&edid=B26C271A-4A1F-5110-8308-CDC3FD5965DB HTTP/1.1" 200 100701
195.154.122.31 - - [10/Nov/2024:01:02:14 +0100] "GET /ticket2/opencms/system/modules/com.gridnine.opencms.ticketbrokerage.site/resources/js/standard.js HTTP/1.1" 200 3978
88.90.248.233 - - [10/Nov/2024:01:02:14 +0100] "GET /ticket2/opencms/fi/buy/?page=1&edid=A51995E1-9A30-92D2-C1A3-3FD4025E1065&sortorder=desc&column=price HTTP/1.1" 200 103274
88.90.248.233 - - [10/Nov/2024:01:02:16 +0100] "GET /ticket2/opencms/fi/buy/?page=1&edid=A51995E1-9A30-92D2-C1A3-3FD4025E1065&sortorder=desc&column=section HTTP/1.1" 200 103366
47.128.45.204 - - [10/Nov/2024:01:02:16 +0100] "GET /ticket2/opencms/el/buy/?catid=A34BCF61-E19C-5C5C-445E-06F3749E1EF4&comcatid=B41CCF2B-5558-7AEE-3602-09BBDE417D65 HTTP/1.1" 200 86795
88.90.248.233 - - [10/Nov/2024:01:02:17 +0100] "GET /ticket2/opencms/fi/buy/?page=1&edid=A5900580-CE0A-F8F6-EA5C-32AB607BFC27&sortorder=desc&column=row HTTP/1.1" 200 103198
95.217.195.123 - - [10/Nov/2024:01:02:18 +0100] "GET /ticket2/opencms/dk/buy/?page=1&edid=7B7C59FE-44C3-8B94-6612-C7226873D7F7&sortorder=desc&column=section HTTP/1.1" 200 101945
88.90.248.233 - - [10/Nov/2024:01:02:19 +0100] "GET /ticket2/opencms/fi/buy/?page=1&edid=A5C4D37D-02EF-88DC-EDDC-EB65FAC9F41D HTTP/1.1" 200 101288
135.181.74.243 - - [10/Nov/2024:01:02:20 +0100] "GET /ticket2/opencms/dk/nl/buy/?page=1&edid=C2FCD713-6AE1-6CEF-FA73-C3089C99A625&sortorder=asc&column=row HTTP/1.1" 404 -
95.217.195.123 - - [10/Nov/2024:01:02:21 +0100] "GET /ticket2/opencms/dk/buy/?page=1&edid=7EB74AA3-3780-53BE-BD65-9E9E0BF77A26&sortorder=asc&column=row HTTP/1.1" 200 101835
154.54.249.216 - - [10/Nov/2024:01:02:22 +0100] "GET /ticket2/opencms/dk/buy/?page=1&edid=F6926B54-D901-FAF0-8126-EB0D6BB39E8E HTTP/1.1" 200 110548
54.36.148.231 - - [10/Nov/2024:01:02:22 +0100] "GET /ticket2/opencms/es/buy/?page=1&edid=BBDCFF44-A079-9CCB-8C5C-39D3B38A634D HTTP/1.1" 200 101483
85.208.96.207 - - [10/Nov/2024:01:02:23 +0100] "GET /ticket2/opencms/fi/urheilu/jalkapallo/premier_league/luton/ HTTP/1.1" 200 80191
192.95.30.177 - - [10/Nov/2024:01:02:27 +0100] "GET /ticket2/opencms/dk/en/buy/?page=1&edid=7254CAF4-4ECC-397A-A9A2-882C0C1CF067&sortorder=asc&column=section HTTP/1.1" 404 -
95.217.195.123 - - [10/Nov/2024:01:02:29 +0100] "GET /ticket2/opencms/dk/buy/?page=1&edid=7EB74AA3-3780-53BE-BD65-9E9E0BF77A26&sortorder=asc&column=section HTTP/1.1" 200 102019
217.113.194.218 - - [10/Nov/2024:01:02:30 +0100] "GET /ticket2/opencms/dk/buy/?page=1&edid=DF09DA20-E43F-35F9-26B1-56353C7187EA HTTP/1.1" 200 100413
95.217.195.123 - - [10/Nov/2024:01:02:33 +0100] "GET /ticket2/opencms/dk/buy/?page=1&edid=7EB74AA3-3780-53BE-BD65-9E9E0BF77A26&sortorder=desc&column=price HTTP/1.1" 200 101972
52.167.144.196 - - [10/Nov/2024:01:02:34 +0100] "GET /ticket2/opencms/hy/buy?page=1&edid=6ED08D04-7263-AC79-DA04-AFB97DC97A00 HTTP/1.1" 404 -
47.128.16.70 - - [10/Nov/2024:01:02:34 +0100] "GET /ticket2/opencms/az/buy/?edid=6312D7C5-4BBF-A97E-B93A-47328366BE18 HTTP/1.1" 200 81540
135.181.74.243 - - [10/Nov/2024:01:02:35 +0100] "GET /ticket2/opencms/dk/nl/buy/?page=1&edid=C2FCD713-6AE1-6CEF-FA73-C3089C99A625&sortorder=asc&column=section HTTP/1.1" 404 -
194.247.173.99 - - [10/Nov/2024:01:02:36 +0100] "GET /ticket2/opencms/dk/no/buy/?page=1&edid=B6E408F2-B613-C975-E8E0-700BE6FFCAC2 HTTP/1.1" 404 -
217.113.194.221 - - [10/Nov/2024:01:02:39 +0100] "GET /ticket2/opencms/dk/buy/?page=1&edid=DC067A0C-CE36-3D9C-899A-867F582FFC90 HTTP/1.1" 200 122907
54.36.148.67 - - [10/Nov/2024:01:02:40 +0100] "GET /ticket2/opencms/et/buy?page=6&comcatid=A17713B6-D984-201A-4143-ED4DB5ED5C2E&catid=AE3FE643-AE41-BAA6-237D-5206D1B044A1 HTTP/1.1" 200 94534
168.119.68.186 - - [10/Nov/2024:01:02:40 +0100] "GET /ticket2/opencms/system/modules/com.gridnine.opencms.ticketbrokerage.site/resources/css/jquery.fancybox.css HTTP/1.1" 200 4939
168.119.68.186 - - [10/Nov/2024:01:02:40 +0100] "GET /ticket2/opencms/system/modules/com.gridnine.opencms.ticketbrokerage.site/resources/css/jquery-ui.css HTTP/1.1" 200 33221
168.119.68.186 - - [10/Nov/2024:01:02:40 +0100] "GET /ticket2/opencms/system/modules/com.gridnine.opencms.ticketbrokerage.site/resources/css/calendar.css HTTP/1.1" 200 6871
168.119.68.186 - - [10/Nov/2024:01:02:40 +0100] "GET /ticket2/opencms/system/modules/com.gridnine.opencms.ticketbrokerage.site/resources/js/jquery/jquery.js HTTP/1.1" 200 93868
168.119.68.186 - - [10/Nov/2024:01:02:40 +0100] "GET /ticket2/opencms/system/modules/com.gridnine.opencms.ticketbrokerage.site/resources/css/ticketbrokerage.css HTTP/1.1" 200 39339
168.119.68.186 - - [10/Nov/2024:01:02:40 +0100] "GET /ticket2/opencms/system/modules/com.gridnine.opencms.ticketbrokerage.site/resources/css/standard.css HTTP/1.1" 200 73073
168.119.68.186 - - [10/Nov/2024:01:02:40 +0100] "GET /ticket2/opencms/system/modules/com.gridnine.opencms.ticketbrokerage.site/resources/js/jquery/jquery-ui.js HTTP/1.1" 200 228088
168.119.68.186 - - [10/Nov/2024:01:02:40 +0100] "GET /ticket2/opencms/system/modules/com.gridnine.opencms.ticketbrokerage.site/resources/js/calendar.js HTTP/1.1" 200 49229
168.119.68.186 - - [10/Nov/2024:01:02:40 +0100] "GET /ticket2/opencms/system/modules/com.gridnine.opencms.ticketbrokerage.site/resources/js/calendar-en.js HTTP/1.1" 200 3338
168.119.68.186 - - [10/Nov/2024:01:02:40 +0100] "GET /ticket2/opencms/system/modules/com.gridnine.opencms.ticketbrokerage.site/resources/js/functions.js HTTP/1.1" 200 1583
168.119.68.186 - - [10/Nov/2024:01:02:40 +0100] "GET /ticket2/opencms/system/modules/com.gridnine.opencms.ticketbrokerage.site/resources/js/calendar-setup.js HTTP/1.1" 200 4923
168.119.68.186 - - [10/Nov/2024:01:02:40 +0100] "GET /ticket2/opencms/system/modules/com.gridnine.opencms.ticketbrokerage.site/resources/js/jquery.fancybox.pack.js HTTP/1.1" 200 23187
168.119.68.186 - - [10/Nov/2024:01:02:40 +0100] "GET /ticket2/opencms/system/modules/com.gridnine.opencms.ticketbrokerage.site/resources/js/stickyfill.min.js HTTP/1.1" 200 5672
168.119.68.186 - - [10/Nov/2024:01:02:40 +0100] "GET /ticket2/opencms/system/modules/com.gridnine.opencms.ticketbrokerage.site/resources/js/standard.js HTTP/1.1" 200 3978
168.119.68.186 - - [10/Nov/2024:01:02:40 +0100] "GET /ticket2/opencms/system/modules/com.gridnine.opencms.ticketbrokerage.site/resources/js/jquery.placeholder.min.js HTTP/1.1" 200 1737
168.119.68.186 - - [10/Nov/2024:01:02:40 +0100] "GET /ticket2/opencms/system/modules/com.gridnine.opencms.ticketbrokerage.site/resources/js/common-ajax.js HTTP/1.1" 200 20175
168.119.68.186 - - [10/Nov/2024:01:02:41 +0100] "GET /ticket2/opencms/system/modules/com.gridnine.opencms.ticketbrokerage.site/resources/js/standard.js HTTP/1.1" 200 3978
194.247.173.99 - - [10/Nov/2024:01:02:41 +0100] "GET /ticket2/opencms/dk/no/buy/?page=1&edid=B7653BD0-33A8-8039-42B6-78FA5A3DEC82 HTTP/1.1" 404 -
17.241.219.240 - - [10/Nov/2024:01:02:42 +0100] "GET /ticket2/opencms/en/buy/?page=6&comcatid=A17713B6-D984-201A-4143-ED4DB5ED5C2E&catid=F2006A3D-5EE0-B40B-5749-60C15271538F HTTP/1.1" 200 92917
95.217.195.123 - - [10/Nov/2024:01:02:42 +0100] "GET /ticket2/opencms/dk/buy/?page=1&edid=803FADA2-6267-5D45-5973-2D73F0852131&sortorder=desc&column=row HTTP/1.1" 200 101885
95.217.195.123 - - [10/Nov/2024:01:02:46 +0100] "GET /ticket2/opencms/dk/buy/?page=1&edid=8058FDE5-4461-375B-C015-38BD2918BE83 HTTP/1.1" 200 97374
217.113.194.213 - - [10/Nov/2024:01:02:48 +0100] "GET /ticket2/opencms/dk/buy/?page=1&edid=B6422CBB-7AB0-D8BA-B53B-76A5D0505907 HTTP/1.1" 200 113242
194.247.173.99 - - [10/Nov/2024:01:02:48 +0100] "GET /ticket2/opencms/dk/no/buy/?page=1&edid=B7653BD0-33A8-8039-42B6-78FA5A3DEC82&sortorder=desc&column=row HTTP/1.1" 404 -
135.181.74.243 - - [10/Nov/2024:01:02:50 +0100] "GET /ticket2/opencms/dk/nl/buy/?page=1&edid=C303FEB5-3761-7D71-D52C-7424D1CD1294 HTTP/1.1" 404 -
5.9.55.228 - - [10/Nov/2024:01:02:51 +0100] "GET /ticket2/opencms/et/buy?catid=6cd184e8-c8d4-e1cc-33d0-6f47e3751240&comcatid=97eca65a-72da-f9af-9dbb-245d3cfed1be&page=6 HTTP/1.1" 200 84027
194.247.173.99 - - [10/Nov/2024:01:02:53 +0100] "GET /ticket2/opencms/dk/no/buy/?page=1&edid=B7653BD0-33A8-8039-42B6-78FA5A3DEC82&sortorder=desc&column=section HTTP/1.1" 404 -
192.95.30.177 - - [10/Nov/2024:01:02:54 +0100] "GET /ticket2/opencms/dk/en/buy/?page=1&edid=72EA71D3-6F9C-57D5-7B7F-73AA197889AE&sortorder=desc&column=row HTTP/1.1" 404 -
95.217.195.123 - - [10/Nov/2024:01:02:55 +0100] "GET /ticket2/opencms/dk/buy/?page=1&edid=818BFE3F-AC93-486D-C86E-30E2A3081A30&sortorder=desc&column=section HTTP/1.1" 200 102716
217.113.194.215 - - [10/Nov/2024:01:02:56 +0100] "GET /ticket2/opencms/dk/buy/?page=1&edid=D0B2E736-5E41-5000-10C5-7A1D185646F4 HTTP/1.1" 200 100013
47.128.22.81 - - [10/Nov/2024:01:02:57 +0100] "GET /ticket2/opencms/is/buy/?edid=B5C7399B-C087-FF38-4294-BB861C1DB4F9 HTTP/1.1" 200 81480
95.217.195.123 - - [10/Nov/2024:01:02:59 +0100] "GET /ticket2/opencms/dk/buy/?page=1&edid=82B136E6-285D-2514-CC84-CAC01A08B609&sortorder=desc&column=section HTTP/1.1" 200 98784
194.247.173.99 - - [10/Nov/2024:01:03:00 +0100] "GET /ticket2/opencms/dk/no/buy/?page=1&edid=B773A16C-17D0-FE63-38DB-4710DA79D2E5&sortorder=asc&column=price HTTP/1.1" 404 -
85.208.96.196 - - [10/Nov/2024:01:03:04 +0100] "GET /ticket2/opencms/tr/faq/ HTTP/1.1" 200 82069
217.113.194.218 - - [10/Nov/2024:01:03:05 +0100] "GET /ticket2/opencms/dk/buy/?page=1&edid=FDE2CB1B-737B-857F-7431-BD450E7D3BBB HTTP/1.1" 200 123931
194.247.173.99 - - [10/Nov/2024:01:03:06 +0100] "GET /ticket2/opencms/dk/no/buy/?page=1&edid=B773A16C-17D0-FE63-38DB-4710DA79D2E5&sortorder=asc&column=row HTTP/1.1" 404 -
95.217.195.123 - - [10/Nov/2024:01:03:07 +0100] "GET /ticket2/opencms/dk/buy/?page=1&edid=82CD5B36-CDC8-E695-F2A6-A362041AEA89&sortorder=desc&column=row HTTP/1.1" 200 98626
135.181.74.243 - - [10/Nov/2024:01:03:08 +0100] "GET /ticket2/opencms/dk/nl/buy/?page=1&edid=CC5DF088-62DD-1368-F42E-D266F3812B5F&sortorder=asc&column=price HTTP/1.1" 404 -
216.244.66.196 - - [10/Nov/2024:01:03:09 +0100] "GET /ticket2/opencms/robots.txt HTTP/1.1" 200 773
66.249.76.231 - - [10/Nov/2024:01:03:10 +0100] "GET /ticket2/opencms/fr/faq HTTP/1.1" 200 85519
95.217.195.123 - - [10/Nov/2024:01:03:12 +0100] "GET /ticket2/opencms/dk/buy/?page=1&edid=82CD5B36-CDC8-E695-F2A6-A362041AEA89&sortorder=desc&column=section HTTP/1.1" 200 98810
194.247.173.99 - - [10/Nov/2024:01:03:12 +0100] "GET /ticket2/opencms/dk/no/buy/?page=1&edid=B773A16C-17D0-FE63-38DB-4710DA79D2E5&sortorder=asc&column=section HTTP/1.1" 404 -
217.113.194.215 - - [10/Nov/2024:01:03:14 +0100] "GET /ticket2/opencms/dk/buy/?page=1&edid=CBCA6CA9-8C1C-D7C3-B499-28F20948D84A HTTP/1.1" 200 97352
207.46.13.102 - - [10/Nov/2024:01:03:14 +0100] "GET /ticket2/opencms/en/magazine/ HTTP/1.1" 200 138877
95.217.195.123 - - [10/Nov/2024:01:03:15 +0100] "GET /ticket2/opencms/dk/buy/?page=1&edid=8315527E-802D-80DC-B98F-A4B19419163D&sortorder=asc&column=price HTTP/1.1" 200 101805
194.247.173.99 - - [10/Nov/2024:01:03:19 +0100] "GET /ticket2/opencms/dk/no/buy/?page=1&edid=B776DA7C-BB43-92BB-597E-685DFC5D934F&sortorder=asc&column=section HTTP/1.1" 404 -
40.77.167.243 - - [10/Nov/2024:01:03:19 +0100] "GET /ticket2/opencms/fr/faq HTTP/1.1" 200 85519
135.181.74.243 - - [10/Nov/2024:01:03:21 +0100] "GET /ticket2/opencms/dk/nl/buy/?page=1&edid=CC5DF088-62DD-1368-F42E-D266F3812B5F&sortorder=asc&column=row HTTP/1.1" 404 -
217.113.194.220 - - [10/Nov/2024:01:03:22 +0100] "GET /ticket2/opencms/dk/buy/?page=1&edid=DB6D1CB7-1DF8-973F-4F76-040F2323C537 HTTP/1.1" 200 97369
95.217.195.123 - - [10/Nov/2024:01:03:23 +0100] "GET /ticket2/opencms/dk/buy/?page=1&edid=8315527E-802D-80DC-B98F-A4B19419163D&sortorder=desc&column=row HTTP/1.1" 200 101758
194.247.173.99 - - [10/Nov/2024:01:03:25 +0100] "GET /ticket2/opencms/dk/no/buy/?page=1&edid=B776DA7C-BB43-92BB-597E-685DFC5D934F&sortorder=desc&column=price HTTP/1.1" 404 -
95.217.195.123 - - [10/Nov/2024:01:03:27 +0100] "GET /ticket2/opencms/dk/buy/?page=1&edid=8315527E-802D-80DC-B98F-A4B19419163D&sortorder=desc&column=section HTTP/1.1" 200 101942
192.95.30.177 - - [10/Nov/2024:01:03:29 +0100] "GET /ticket2/opencms/dk/en/buy/?page=1&edid=72EA71D3-6F9C-57D5-7B7F-73AA197889AE&sortorder=desc&column=section HTTP/1.1" 404 -
217.113.194.216 - - [10/Nov/2024:01:03:30 +0100] "GET /ticket2/opencms/dk/buy/?page=1&edid=A9AA62D0-2275-36C6-E6E0-9D75C470BD5C HTTP/1.1" 200 100640
194.247.173.99 - - [10/Nov/2024:01:03:31 +0100] "GET /ticket2/opencms/dk/no/buy/?page=1&edid=B83D7B74-C1D0-8F43-FADB-CF0FE69763C3&sortorder=desc&column=price HTTP/1.1" 404 -
47.128.25.216 - - [10/Nov/2024:01:03:35 +0100] "GET /ticket2/opencms/mt/faq HTTP/1.1" 200 82299
194.247.173.99 - - [10/Nov/2024:01:03:36 +0100] "GET /ticket2/opencms/dk/no/buy/?page=1&edid=B8936E2A-2B55-9BF8-E0E7-457CCCF1DAC4&sortorder=desc&column=row HTTP/1.1" 404 -
5.9.55.228 - - [10/Nov/2024:01:03:37 +0100] "GET /ticket2/opencms/et/buy?catid=757e2dfb-33da-9b34-8402-9f06b19d8409&comcatid=97eca65a-72da-f9af-9dbb-245d3cfed1be&page=6 HTTP/1.1" 200 84027
135.181.74.243 - - [10/Nov/2024:01:03:38 +0100] "GET /ticket2/opencms/dk/nl/buy/?page=1&edid=CC5DF088-62DD-1368-F42E-D266F3812B5F&sortorder=asc&column=section HTTP/1.1" 404 -
217.113.194.220 - - [10/Nov/2024:01:03:39 +0100] "GET /ticket2/opencms/dk/buy/?page=1&edid=AF177F08-49E6-19F9-306A-D5D6CE34AFAC HTTP/1.1" 200 100871
95.217.195.123 - - [10/Nov/2024:01:03:39 +0100] "GET /ticket2/opencms/dk/buy/?page=1&edid=8583C3B4-68A3-FF6C-44E3-F622BF6F6133 HTTP/1.1" 200 99775
52.167.144.196 - - [10/Nov/2024:01:03:41 +0100] "GET /ticket2/opencms/system/modules/com.gridnine.opencms.ticketbrokerage.site/resources/js/common-ajax.js HTTP/1.1" 200 20175
194.247.173.99 - - [10/Nov/2024:01:03:42 +0100] "GET /ticket2/opencms/dk/no/buy/?page=1&edid=B8936E2A-2B55-9BF8-E0E7-457CCCF1DAC4&sortorder=desc&column=section HTTP/1.1" 404 -
157.55.39.11 - - [10/Nov/2024:01:03:42 +0100] "GET /ticket2/opencms/hu/login HTTP/1.1" 200 83233
95.217.195.123 - - [10/Nov/2024:01:03:44 +0100] "GET /ticket2/opencms/dk/buy/?page=1&edid=8588F039-0803-F98C-03A6-F1C16929D2E6&sortorder=asc&column=section HTTP/1.1" 200 102458
66.249.78.7 - - [10/Nov/2024:01:03:45 +0100] "GET /ticket2/opencms/venue/parc_des_prince.png HTTP/1.1" 200 44872
217.113.194.219 - - [10/Nov/2024:01:03:47 +0100] "GET /ticket2/opencms/dk/buy/?page=1&edid=E04C51A7-B254-2AD8-B75D-C7B1DB52808F HTTP/1.1" 200 100654
194.247.173.99 - - [10/Nov/2024:01:03:47 +0100] "GET /ticket2/opencms/dk/no/buy/?page=1&edid=B939F61B-1162-C4A7-30F7-5D013667E7F3&sortorder=asc&column=price HTTP/1.1" 404 -
135.181.74.243 - - [10/Nov/2024:01:03:51 +0100] "GET /ticket2/opencms/dk/nl/buy/?page=1&edid=CD01A5E9-1E8D-C278-2136-399AFFBDB676&sortorder=asc&column=row HTTP/1.1" 404 -
95.217.195.123 - - [10/Nov/2024:01:03:52 +0100] "GET /ticket2/opencms/dk/buy/?page=1&edid=8588F039-0803-F98C-03A6-F1C16929D2E6&sortorder=desc&column=price HTTP/1.1" 200 102411
194.247.173.99 - - [10/Nov/2024:01:03:53 +0100] "GET /ticket2/opencms/dk/no/buy/?page=1&edid=B939F61B-1162-C4A7-30F7-5D013667E7F3&sortorder=asc&column=row HTTP/1.1" 404 -
154.54.249.216 - - [10/Nov/2024:01:03:56 +0100] "GET /ticket2/opencms/dk/buy/?page=1&edid=D248C778-26A3-0A6E-A323-5C39D189EB68 HTTP/1.1" 200 97370
95.217.195.123 - - [10/Nov/2024:01:03:58 +0100] "GET /ticket2/opencms/dk/buy/?page=1&edid=8588F039-0803-F98C-03A6-F1C16929D2E6&sortorder=desc&column=row HTTP/1.1" 200 102319
194.247.173.99 - - [10/Nov/2024:01:03:59 +0100] "GET /ticket2/opencms/dk/no/buy/?page=1&edid=B939F61B-1162-C4A7-30F7-5D013667E7F3&sortorder=asc&column=section HTTP/1.1" 404 -
66.249.76.233 - - [10/Nov/2024:01:04:02 +0100] "GET /ticket2/opencms/nl/buy?page=1&edid=B98837D3-1E81-8A8C-D0BB-1E445F8B9795 HTTP/1.1" 200 99275
192.95.30.177 - - [10/Nov/2024:01:04:03 +0100] "GET /ticket2/opencms/dk/en/buy/?page=1&edid=73426CFD-7324-3576-B098-72F44B4FEBB2 HTTP/1.1" 404 -
95.217.195.123 - - [10/Nov/2024:01:04:03 +0100] "GET /ticket2/opencms/dk/buy/?page=1&edid=8658E1FC-AEE0-692C-386F-78725205AC72&sortorder=asc&column=price HTTP/1.1" 200 101921
154.54.249.216 - - [10/Nov/2024:01:04:04 +0100] "GET /ticket2/opencms/dk/buy/?page=1&edid=B0E57073-0256-98A0-79FE-FFD32FC58F4B HTTP/1.1" 200 100708
194.247.173.99 - - [10/Nov/2024:01:04:05 +0100] "GET /ticket2/opencms/dk/no/buy/?page=1&edid=BC1EC1ED-9DF8-C987-E2D9-7659501E4FC2&sortorder=desc&column=section HTTP/1.1" 404 -
135.181.74.243 - - [10/Nov/2024:01:04:06 +0100] "GET /ticket2/opencms/dk/nl/buy/?page=1&edid=CD01A5E9-1E8D-C278-2136-399AFFBDB676&sortorder=asc&column=section HTTP/1.1" 404 -
194.247.173.99 - - [10/Nov/2024:01:04:11 +0100] "GET /ticket2/opencms/dk/no/buy/?page=1&edid=BD11E61F-ECF5-D022-0EFE-67BCB464768C&sortorder=asc&column=row HTTP/1.1" 404 -
154.54.249.216 - - [10/Nov/2024:01:04:12 +0100] "GET /ticket2/opencms/dk/buy/?page=1&edid=E44FCAD0-102B-CB4A-FD91-1FF3F945F0AB HTTP/1.1" 200 101287
95.217.195.123 - - [10/Nov/2024:01:04:13 +0100] "GET /ticket2/opencms/dk/buy/?page=1&edid=8BCDA413-0A18-59D2-A3FB-49537454FAB9&sortorder=asc&column=section HTTP/1.1" 200 102674
65.108.110.26 - - [10/Nov/2024:01:04:16 +0100] "GET /ticket2/opencms/robots.txt HTTP/1.1" 200 773
194.247.173.99 - - [10/Nov/2024:01:04:18 +0100] "GET /ticket2/opencms/dk/no/buy/?page=1&edid=BE03888E-E90D-CC07-BCD5-31549D7667B8&sortorder=asc&column=price HTTP/1.1" 404 -
65.108.110.26 - - [10/Nov/2024:01:04:19 +0100] "GET /ticket2/opencms/dk/buy/?page=1&edid=10C00DD9-2619-A832-C970-E24EDAAD57C7 HTTP/1.1" 200 99622
47.128.63.25 - - [10/Nov/2024:01:04:19 +0100] "GET /ticket2/opencms/is/buy?edid=CA471414-7964-AFA7-E448-6BC4410A71E7 HTTP/1.1" 200 81480
154.54.249.216 - - [10/Nov/2024:01:04:21 +0100] "GET /ticket2/opencms/dk/buy/?page=1&edid=CF871F32-58B9-936F-E54E-3AC3FCAE5989 HTTP/1.1" 200 100636
5.9.55.228 - - [10/Nov/2024:01:04:22 +0100] "GET /ticket2/opencms/en/buy?catid=6cd184e8-c8d4-e1cc-33d0-6f47e3751240&comcatid=97eca65a-72da-f9af-9dbb-245d3cfed1be&page=6 HTTP/1.1" 200 82334
65.108.110.26 - - [10/Nov/2024:01:04:22 +0100] "GET /ticket2/opencms/dk/buy/?page=1&edid=19422468-9239-E426-DB02-7FA0504E2BEC HTTP/1.1" 200 100416
95.217.195.123 - - [10/Nov/2024:01:04:23 +0100] "GET /ticket2/opencms/dk/buy/?page=1&edid=8BCDA413-0A18-59D2-A3FB-49537454FAB9&sortorder=desc&column=price HTTP/1.1" 200 102627
135.181.74.243 - - [10/Nov/2024:01:04:23 +0100] "GET /ticket2/opencms/dk/nl/buy/?page=1&edid=CECD912C-1FBC-97E3-6975-F74E67600A1F&sortorder=desc&column=row HTTP/1.1" 404 -
66.249.79.232 - - [10/Nov/2024:01:04:23 +0100] "GET /ticket2/opencms/is/buy/?page=1&edid=463B85F1-158C-B9D0-587B-5FBBABC2ECA2 HTTP/1.1" 200 125320
194.247.173.99 - - [10/Nov/2024:01:04:24 +0100] "GET /ticket2/opencms/dk/no/buy/?page=1&edid=BE597364-D705-EB99-5903-51449427EA7F HTTP/1.1" 404 -
65.108.110.26 - - [10/Nov/2024:01:04:25 +0100] "GET /ticket2/opencms/dk/buy/?page=1&edid=361EAD73-436C-F7FD-91EE-7D353735C8BC HTTP/1.1" 200 100421
66.249.79.5 - - [10/Nov/2024:01:04:26 +0100] "GET /ticket2/opencms/fi/buy/?page=1&edid=8E43ECF6-11B9-CAF2-A331-C77F36107AD0 HTTP/1.1" 200 111534
192.95.30.177 - - [10/Nov/2024:01:04:26 +0100] "GET /ticket2/opencms/dk/en/buy/?page=1&edid=73426CFD-7324-3576-B098-72F44B4FEBB2&sortorder=desc&column=price HTTP/1.1" 404 -
95.217.195.123 - - [10/Nov/2024:01:04:26 +0100] "GET /ticket2/opencms/dk/buy/?page=1&edid=8BCDA413-0A18-59D2-A3FB-49537454FAB9&sortorder=desc&column=section HTTP/1.1" 200 102719
65.108.110.26 - - [10/Nov/2024:01:04:29 +0100] "GET /ticket2/opencms/dk/buy/?page=1&edid=46ED3103-DE6B-A6DD-76D4-FB2A3432E453 HTTP/1.1" 200 100112
217.113.194.213 - - [10/Nov/2024:01:04:29 +0100] "GET /ticket2/opencms/dk/buy/?page=1&edid=B706C05D-BD6B-FE19-B612-CFC9E579BDC9 HTTP/1.1" 200 106661
194.247.173.99 - - [10/Nov/2024:01:04:30 +0100] "GET /ticket2/opencms/dk/no/buy/?page=1&edid=BF5F17D6-5B92-3E63-CAD7-4FDCC4B92F50&sortorder=asc&column=section HTTP/1.1" 404 -
65.108.110.26 - - [10/Nov/2024:01:04:32 +0100] "GET /ticket2/opencms/dk/buy/?page=1&edid=4E3FD371-418F-2707-0FE4-F6E7006C81F9 HTTP/1.1" 200 99580
54.36.148.3 - - [10/Nov/2024:01:04:33 +0100] "GET /ticket2/opencms/cs/buy?page=6&comcatid=A17713B6-D984-201A-4143-ED4DB5ED5C2E&catid=3A7AEA37-903D-9533-4B33-21B0001FF1D1 HTTP/1.1" 200 94568
95.217.195.123 - - [10/Nov/2024:01:04:33 +0100] "GET /ticket2/opencms/dk/buy/?page=1&edid=8F7823D2-B9EB-63E8-130E-FAE7E65B9CE5&sortorder=asc&column=row HTTP/1.1" 200 101900
168.119.68.177 - - [10/Nov/2024:01:04:33 +0100] "GET /ticket2/opencms/system/modules/com.gridnine.opencms.ticketbrokerage.site/resources/css/jquery.fancybox.css HTTP/1.1" 200 4939
168.119.68.177 - - [10/Nov/2024:01:04:33 +0100] "GET /ticket2/opencms/system/modules/com.gridnine.opencms.ticketbrokerage.site/resources/css/jquery-ui.css HTTP/1.1" 200 33221
168.119.68.177 - - [10/Nov/2024:01:04:33 +0100] "GET /ticket2/opencms/system/modules/com.gridnine.opencms.ticketbrokerage.site/resources/css/calendar.css HTTP/1.1" 200 6871
