195.154.123.81 - - [10/Nov/2024:00:21:06 +0100] "GET /ticket2/opencms/system/modules/com.gridnine.opencms.ticketbrokerage.site/resources/js/standard.js HTTP/1.1" 200 3978
195.154.123.81 - - [10/Nov/2024:00:21:06 +0100] "GET /ticket2/opencms/system/modules/com.gridnine.opencms.ticketbrokerage.site/resources/js/jquery/jquery-ui.js HTTP/1.1" 200 228088
195.154.123.81 - - [10/Nov/2024:00:21:06 +0100] "GET /ticket2/opencms/system/modules/com.gridnine.opencms.ticketbrokerage.site/resources/js/functions.js HTTP/1.1" 200 1583
195.154.123.81 - - [10/Nov/2024:00:21:06 +0100] "GET /ticket2/opencms/system/modules/com.gridnine.opencms.ticketbrokerage.site/resources/js/jquery.placeholder.min.js HTTP/1.1" 200 1737
195.154.123.81 - - [10/Nov/2024:00:21:06 +0100] "GET /ticket2/opencms/system/modules/com.gridnine.opencms.ticketbrokerage.site/resources/js/common-ajax.js HTTP/1.1" 200 20175
195.154.123.81 - - [10/Nov/2024:00:21:07 +0100] "GET /ticket2/opencms/system/modules/com.gridnine.opencms.ticketbrokerage.site/resources/js/standard.js HTTP/1.1" 200 3978
37.187.89.104 - - [10/Nov/2024:00:21:08 +0100] "GET /ticket2/opencms/dk/nl/buy/?page=1&edid=ABDF7CFF-955C-3980-3713-4EA1E1421657&sortorder=asc&column=section HTTP/1.1" 404 -
66.249.79.6 - - [10/Nov/2024:00:21:10 +0100] "GET /ticket2/opencms/sq/buy/?comcatid=97ECA65A-72DA-F9AF-9DBB-245D3CFED1BE&catid=7D3BEF66-5D88-3916-5B89-0E7B139E0169 HTTP/1.1" 200 88775
54.36.148.32 - - [10/Nov/2024:00:21:11 +0100] "GET /ticket2/opencms/et/sport/ HTTP/1.1" 200 86758
37.187.89.104 - - [10/Nov/2024:00:21:12 +0100] "GET /ticket2/opencms/dk/nl/buy/?page=1&edid=AE6A3F83-5880-348D-74D5-7D0AC94C9D5E&sortorder=asc&column=row HTTP/1.1" 404 -
217.113.194.214 - - [10/Nov/2024:00:21:12 +0100] "GET /ticket2/opencms/fi/venue/?venueid=D27631CC-9A79-6271-DD99-90FDCD0CA570 HTTP/1.1" 200 78533
66.249.79.232 - - [10/Nov/2024:00:21:12 +0100] "GET /ticket2/opencms/uk/buy?page=1&edid=EEFAB7C0-3C91-2ED8-FD3D-A04D1C19AF16 HTTP/1.1" 200 103573
85.208.96.205 - - [10/Nov/2024:00:21:12 +0100] "GET /ticket2/opencms/it/login/ HTTP/1.1" 200 83026
85.208.96.196 - - [10/Nov/2024:00:21:12 +0100] "GET /ticket2/opencms/robots.txt HTTP/1.1" 200 773
85.208.96.197 - - [10/Nov/2024:00:21:13 +0100] "GET /ticket2/opencms/ka/buy_safety HTTP/1.1" 200 82181
37.187.89.104 - - [10/Nov/2024:00:21:15 +0100] "GET /ticket2/opencms/dk/nl/buy/?page=1&edid=AEEDBD7A-961C-0FB9-092F-CBFB7B36B978&sortorder=asc&column=price HTTP/1.1" 404 -
54.36.149.80 - - [10/Nov/2024:00:21:16 +0100] "GET /ticket2/opencms/en/buy/?comcatid=A17713B6-D984-201A-4143-ED4DB5ED5C2E&catid=36394212-F82E-F845-399B-42BED55969CC HTTP/1.1" 200 233482
37.187.89.104 - - [10/Nov/2024:00:21:19 +0100] "GET /ticket2/opencms/dk/nl/buy/?page=1&edid=AEEDBD7A-961C-0FB9-092F-CBFB7B36B978&sortorder=asc&column=row HTTP/1.1" 404 -
185.191.171.2 - - [10/Nov/2024:00:21:20 +0100] "GET /ticket2/opencms/nl/login/ HTTP/1.1" 200 81382
217.113.194.212 - - [10/Nov/2024:00:21:20 +0100] "GET /ticket2/opencms/fi/venue/?venueid=874CBB36-B0FB-2810-94F3-827DF6CD2D19 HTTP/1.1" 200 78566
37.187.89.104 - - [10/Nov/2024:00:21:22 +0100] "GET /ticket2/opencms/dk/nl/buy/?page=1&edid=AEEDBD7A-961C-0FB9-092F-CBFB7B36B978&sortorder=asc&column=section HTTP/1.1" 404 -
54.36.148.201 - - [10/Nov/2024:00:21:24 +0100] "GET /ticket2/opencms/en/buy?comcatid=A17713B6-D984-201A-4143-ED4DB5ED5C2E&catid=D08E96E8-A514-9E09-4E22-63713911E0B8 HTTP/1.1" 200 92077
114.119.146.220 - - [10/Nov/2024:00:21:24 +0100] "GET /ticket2/opencms/en/buy/?page=1&edid=F97EE36E-F366-44A1-2194-D9131518A2E9 HTTP/1.1" 200 100858
168.119.65.118 - - [10/Nov/2024:00:21:24 +0100] "GET /ticket2/opencms/system/modules/com.gridnine.opencms.ticketbrokerage.site/resources/css/jquery-ui.css HTTP/1.1" 200 33221
168.119.65.118 - - [10/Nov/2024:00:21:24 +0100] "GET /ticket2/opencms/system/modules/com.gridnine.opencms.ticketbrokerage.site/resources/css/calendar.css HTTP/1.1" 200 6871
168.119.65.118 - - [10/Nov/2024:00:21:24 +0100] "GET /ticket2/opencms/system/modules/com.gridnine.opencms.ticketbrokerage.site/resources/css/ticketbrokerage.css HTTP/1.1" 200 39339
168.119.65.118 - - [10/Nov/2024:00:21:24 +0100] "GET /ticket2/opencms/system/modules/com.gridnine.opencms.ticketbrokerage.site/resources/js/calendar.js HTTP/1.1" 200 49229
168.119.65.118 - - [10/Nov/2024:00:21:24 +0100] "GET /ticket2/opencms/system/modules/com.gridnine.opencms.ticketbrokerage.site/resources/css/jquery.fancybox.css HTTP/1.1" 200 4939
168.119.65.118 - - [10/Nov/2024:00:21:24 +0100] "GET /ticket2/opencms/system/modules/com.gridnine.opencms.ticketbrokerage.site/resources/css/standard.css HTTP/1.1" 200 73073
168.119.65.118 - - [10/Nov/2024:00:21:24 +0100] "GET /ticket2/opencms/system/modules/com.gridnine.opencms.ticketbrokerage.site/resources/js/calendar-setup.js HTTP/1.1" 200 4923
168.119.65.118 - - [10/Nov/2024:00:21:24 +0100] "GET /ticket2/opencms/system/modules/com.gridnine.opencms.ticketbrokerage.site/resources/js/calendar-en.js HTTP/1.1" 200 3338
168.119.65.118 - - [10/Nov/2024:00:21:24 +0100] "GET /ticket2/opencms/system/modules/com.gridnine.opencms.ticketbrokerage.site/resources/js/jquery.fancybox.pack.js HTTP/1.1" 200 23187
168.119.65.118 - - [10/Nov/2024:00:21:24 +0100] "GET /ticket2/opencms/system/modules/com.gridnine.opencms.ticketbrokerage.site/resources/js/stickyfill.min.js HTTP/1.1" 200 5672
168.119.65.118 - - [10/Nov/2024:00:21:24 +0100] "GET /ticket2/opencms/system/modules/com.gridnine.opencms.ticketbrokerage.site/resources/js/jquery/jquery.js HTTP/1.1" 200 93868
168.119.65.118 - - [10/Nov/2024:00:21:24 +0100] "GET /ticket2/opencms/system/modules/com.gridnine.opencms.ticketbrokerage.site/resources/js/jquery/jquery-ui.js HTTP/1.1" 200 228088
168.119.65.118 - - [10/Nov/2024:00:21:24 +0100] "GET /ticket2/opencms/system/modules/com.gridnine.opencms.ticketbrokerage.site/resources/js/standard.js HTTP/1.1" 200 3978
168.119.65.118 - - [10/Nov/2024:00:21:24 +0100] "GET /ticket2/opencms/system/modules/com.gridnine.opencms.ticketbrokerage.site/resources/js/functions.js HTTP/1.1" 200 1583
168.119.65.118 - - [10/Nov/2024:00:21:24 +0100] "GET /ticket2/opencms/system/modules/com.gridnine.opencms.ticketbrokerage.site/resources/js/jquery.placeholder.min.js HTTP/1.1" 200 1737
168.119.65.118 - - [10/Nov/2024:00:21:25 +0100] "GET /ticket2/opencms/system/modules/com.gridnine.opencms.ticketbrokerage.site/resources/js/common-ajax.js HTTP/1.1" 200 20175
66.249.76.238 - - [10/Nov/2024:00:21:25 +0100] "GET /ticket2/opencms/hu/buy?page=1&edid=CCC52869-7D07-37D3-E716-0EF1AC21BCE4 HTTP/1.1" 200 123525
156.59.198.135 - - [10/Nov/2024:00:21:25 +0100] "GET /ticket2/opencms/system/modules/com.gridnine.opencms.ticketbrokerage.site/resources/pics/ticket_info_button.png HTTP/1.1" 200 3820
168.119.65.118 - - [10/Nov/2024:00:21:25 +0100] "GET /ticket2/opencms/system/modules/com.gridnine.opencms.ticketbrokerage.site/resources/js/standard.js HTTP/1.1" 200 3978
37.187.89.104 - - [10/Nov/2024:00:21:25 +0100] "GET /ticket2/opencms/dk/nl/buy/?page=1&edid=B036B05F-F56C-8A57-ADED-A4E3C6B4E1C2&sortorder=asc&column=row HTTP/1.1" 404 -
5.9.55.228 - - [10/Nov/2024:00:21:27 +0100] "GET /ticket2/opencms/fr/buy?catid=2ccc191c-f37f-b9ca-d41c-1204e575b328&comcatid=97eca65a-72da-f9af-9dbb-245d3cfed1be&page=6 HTTP/1.1" 200 83473
37.187.89.104 - - [10/Nov/2024:00:21:29 +0100] "GET /ticket2/opencms/dk/nl/buy/?page=1&edid=B3A76077-0806-D5E8-3C26-FB5DC22C9C7C&sortorder=desc&column=section HTTP/1.1" 404 -
217.113.194.220 - - [10/Nov/2024:00:21:29 +0100] "GET /ticket2/opencms/fi/venue/?venueid=B018F6AA-7433-F5A3-DE82-1992F037E01C HTTP/1.1" 200 78548
37.187.89.104 - - [10/Nov/2024:00:21:32 +0100] "GET /ticket2/opencms/dk/nl/buy/?page=1&edid=B3FFE65A-30FC-32DE-3E3C-769263593BC1&sortorder=asc&column=section HTTP/1.1" 404 -
54.36.148.108 - - [10/Nov/2024:00:21:33 +0100] "GET /ticket2/opencms/en/buy?comcatid=A17713B6-D984-201A-4143-ED4DB5ED5C2E&catid=E92E6B1B-7CD1-74B1-312C-265A7D8125D0 HTTP/1.1" 200 92068
168.119.68.251 - - [10/Nov/2024:00:21:33 +0100] "GET /ticket2/opencms/system/modules/com.gridnine.opencms.ticketbrokerage.site/resources/css/jquery-ui.css HTTP/1.1" 200 33221
168.119.68.251 - - [10/Nov/2024:00:21:33 +0100] "GET /ticket2/opencms/system/modules/com.gridnine.opencms.ticketbrokerage.site/resources/css/calendar.css HTTP/1.1" 200 6871
168.119.68.251 - - [10/Nov/2024:00:21:33 +0100] "GET /ticket2/opencms/system/modules/com.gridnine.opencms.ticketbrokerage.site/resources/css/ticketbrokerage.css HTTP/1.1" 200 39339
168.119.68.251 - - [10/Nov/2024:00:21:33 +0100] "GET /ticket2/opencms/system/modules/com.gridnine.opencms.ticketbrokerage.site/resources/css/jquery.fancybox.css HTTP/1.1" 200 4939
168.119.68.251 - - [10/Nov/2024:00:21:33 +0100] "GET /ticket2/opencms/system/modules/com.gridnine.opencms.ticketbrokerage.site/resources/js/jquery/jquery.js HTTP/1.1" 200 93868
168.119.68.251 - - [10/Nov/2024:00:21:33 +0100] "GET /ticket2/opencms/system/modules/com.gridnine.opencms.ticketbrokerage.site/resources/css/standard.css HTTP/1.1" 200 73073
168.119.68.251 - - [10/Nov/2024:00:21:33 +0100] "GET /ticket2/opencms/system/modules/com.gridnine.opencms.ticketbrokerage.site/resources/js/jquery.fancybox.pack.js HTTP/1.1" 200 23187
168.119.68.251 - - [10/Nov/2024:00:21:33 +0100] "GET /ticket2/opencms/system/modules/com.gridnine.opencms.ticketbrokerage.site/resources/js/calendar-en.js HTTP/1.1" 200 3338
168.119.68.251 - - [10/Nov/2024:00:21:33 +0100] "GET /ticket2/opencms/system/modules/com.gridnine.opencms.ticketbrokerage.site/resources/js/calendar-setup.js HTTP/1.1" 200 4923
168.119.68.251 - - [10/Nov/2024:00:21:33 +0100] "GET /ticket2/opencms/system/modules/com.gridnine.opencms.ticketbrokerage.site/resources/js/stickyfill.min.js HTTP/1.1" 200 5672
168.119.68.251 - - [10/Nov/2024:00:21:33 +0100] "GET /ticket2/opencms/system/modules/com.gridnine.opencms.ticketbrokerage.site/resources/js/functions.js HTTP/1.1" 200 1583
168.119.68.251 - - [10/Nov/2024:00:21:33 +0100] "GET /ticket2/opencms/system/modules/com.gridnine.opencms.ticketbrokerage.site/resources/js/calendar.js HTTP/1.1" 200 49229
168.119.68.251 - - [10/Nov/2024:00:21:33 +0100] "GET /ticket2/opencms/system/modules/com.gridnine.opencms.ticketbrokerage.site/resources/js/jquery/jquery-ui.js HTTP/1.1" 200 228088
168.119.68.251 - - [10/Nov/2024:00:21:33 +0100] "GET /ticket2/opencms/system/modules/com.gridnine.opencms.ticketbrokerage.site/resources/js/standard.js HTTP/1.1" 200 3978
168.119.68.251 - - [10/Nov/2024:00:21:34 +0100] "GET /ticket2/opencms/system/modules/com.gridnine.opencms.ticketbrokerage.site/resources/js/jquery.placeholder.min.js HTTP/1.1" 200 1737
168.119.68.251 - - [10/Nov/2024:00:21:34 +0100] "GET /ticket2/opencms/system/modules/com.gridnine.opencms.ticketbrokerage.site/resources/js/common-ajax.js HTTP/1.1" 200 20175
168.119.68.251 - - [10/Nov/2024:00:21:34 +0100] "GET /ticket2/opencms/system/modules/com.gridnine.opencms.ticketbrokerage.site/resources/js/standard.js HTTP/1.1" 200 3978
37.187.89.104 - - [10/Nov/2024:00:21:35 +0100] "GET /ticket2/opencms/dk/nl/buy/?page=1&edid=B4285E0E-A58D-ABE6-DA17-011524A15E7C HTTP/1.1" 404 -
217.113.194.221 - - [10/Nov/2024:00:21:38 +0100] "GET /ticket2/opencms/fi/venue/?venueid=67AF8090-FC23-3E8E-CD6F-9207EBD4436E HTTP/1.1" 200 78506
54.36.148.81 - - [10/Nov/2024:00:21:38 +0100] "GET /ticket2/opencms/nl/buy/?comcatid=A17713B6-D984-201A-4143-ED4DB5ED5C2E HTTP/1.1" 200 248156
37.187.89.104 - - [10/Nov/2024:00:21:39 +0100] "GET /ticket2/opencms/dk/nl/buy/?page=1&edid=B4285E0E-A58D-ABE6-DA17-011524A15E7C&sortorder=desc&column=section HTTP/1.1" 404 -
66.249.79.233 - - [10/Nov/2024:00:21:39 +0100] "GET /ticket2/opencms/dk/buy/?comcatid=A17713B6-D984-201A-4143-ED4DB5ED5C2E&catid=21C3854B-901E-11F9-7B7D-6838CC6AFAA4 HTTP/1.1" 200 184407
94.191.136.210 - - [10/Nov/2024:00:21:39 +0100] "GET /ticket2/opencms/?utm_medium=paid&utm_source=ig&utm_id=120213022255760458&utm_content=120213022255870458&utm_term=120213022255780458&utm_campaign=120213022255760458&fbclid=PAZXh0bgNhZW0BMABhZGlkAasVG1k77xoBpqkVyxxLLmtORzx6Dx0mVB9q3E4C369ip5jm9XazLtKJ_9EiubLoWhLJ9w_aem_HopOqwSyIVIYBHKGvoJ-Ag HTTP/1.1" 302 -
94.191.136.210 - - [10/Nov/2024:00:21:40 +0100] "GET /ticket2/opencms/sv/ HTTP/1.1" 200 95535
94.191.136.210 - - [10/Nov/2024:00:21:40 +0100] "GET /ticket2/opencms/system/modules/com.gridnine.opencms.ticketbrokerage.site/resources/css/ticketbrokerage.css HTTP/1.1" 200 39339
94.191.136.210 - - [10/Nov/2024:00:21:41 +0100] "GET /ticket2/opencms/system/modules/com.gridnine.opencms.ticketbrokerage.site/resources/js/jquery/jquery-ui.js HTTP/1.1" 200 228088
94.191.136.210 - - [10/Nov/2024:00:21:41 +0100] "GET /ticket2/opencms/system/modules/com.gridnine.opencms.ticketbrokerage.site/resources/js/functions.js HTTP/1.1" 200 1583
94.191.136.210 - - [10/Nov/2024:00:21:41 +0100] "GET /ticket2/opencms/system/modules/com.gridnine.opencms.ticketbrokerage.site/resources/css/standard.css HTTP/1.1" 200 73073
94.191.136.210 - - [10/Nov/2024:00:21:41 +0100] "GET /ticket2/opencms/system/modules/com.gridnine.opencms.ticketbrokerage.site/resources/css/jquery.fancybox.css HTTP/1.1" 200 4939
94.191.136.210 - - [10/Nov/2024:00:21:41 +0100] "GET /ticket2/opencms/system/modules/com.gridnine.opencms.ticketbrokerage.site/resources/css/jquery-ui.css HTTP/1.1" 200 33221
94.191.136.210 - - [10/Nov/2024:00:21:41 +0100] "GET /ticket2/opencms/system/modules/com.gridnine.opencms.ticketbrokerage.site/resources/js/jquery/jquery.js HTTP/1.1" 200 93868
94.191.136.210 - - [10/Nov/2024:00:21:41 +0100] "GET /ticket2/opencms/system/modules/com.gridnine.opencms.ticketbrokerage.site/resources/css/calendar.css HTTP/1.1" 200 6871
94.191.136.210 - - [10/Nov/2024:00:21:41 +0100] "GET /ticket2/opencms/system/modules/com.gridnine.opencms.ticketbrokerage.site/resources/js/calendar.js HTTP/1.1" 200 49229
94.191.136.210 - - [10/Nov/2024:00:21:41 +0100] "GET /ticket2/opencms/system/modules/com.gridnine.opencms.ticketbrokerage.site/resources/js/calendar-en.js HTTP/1.1" 200 3338
94.191.136.210 - - [10/Nov/2024:00:21:41 +0100] "GET /ticket2/opencms/system/modules/com.gridnine.opencms.ticketbrokerage.site/resources/js/jquery.fancybox.pack.js HTTP/1.1" 200 23187
94.191.136.210 - - [10/Nov/2024:00:21:41 +0100] "GET /ticket2/opencms/system/modules/com.gridnine.opencms.ticketbrokerage.site/resources/js/calendar-setup.js HTTP/1.1" 200 4923
94.191.136.210 - - [10/Nov/2024:00:21:41 +0100] "GET /ticket2/opencms/system/modules/com.gridnine.opencms.ticketbrokerage.site/resources/js/standard.js HTTP/1.1" 200 3978
94.191.136.210 - - [10/Nov/2024:00:21:41 +0100] "GET /ticket2/opencms/system/modules/com.gridnine.opencms.ticketbrokerage.site/resources/js/stickyfill.min.js HTTP/1.1" 200 5672
94.191.136.210 - - [10/Nov/2024:00:21:41 +0100] "GET /ticket2/opencms/system/modules/com.gridnine.opencms.ticketbrokerage.site/resources/js/common-ajax.js HTTP/1.1" 200 20175
94.191.136.210 - - [10/Nov/2024:00:21:41 +0100] "GET /ticket2/opencms/system/modules/com.gridnine.opencms.ticketbrokerage.site/resources/js/jquery.placeholder.min.js HTTP/1.1" 200 1737
94.191.136.210 - - [10/Nov/2024:00:21:41 +0100] "GET /ticket2/opencms/system/modules/com.gridnine.opencms.ticketbrokerage.site/resources/pics/logo-new.png HTTP/1.1" 200 13541
94.191.136.210 - - [10/Nov/2024:00:21:41 +0100] "GET /ticket2/opencms/img/insta.png HTTP/1.1" 200 3967
94.191.136.210 - - [10/Nov/2024:00:21:41 +0100] "GET /ticket2/opencms/img/icons/globe-white.png HTTP/1.1" 200 947
94.191.136.210 - - [10/Nov/2024:00:21:41 +0100] "GET /ticket2/opencms/img/fb.png HTTP/1.1" 200 1269
94.191.136.210 - - [10/Nov/2024:00:21:41 +0100] "GET /ticket2/opencms/system/modules/com.gridnine.opencms.ticketbrokerage.site/resources/pics/footer-img.jpg HTTP/1.1" 200 67642
94.191.136.210 - - [10/Nov/2024:00:21:41 +0100] "GET /ticket2/opencms/img/banner-pl.jpeg HTTP/1.1" 200 41818
94.191.136.210 - - [10/Nov/2024:00:21:41 +0100] "GET /ticket2/opencms/img/check.png HTTP/1.1" 200 548
94.191.136.210 - - [10/Nov/2024:00:21:41 +0100] "GET /ticket2/opencms/img/mail.png HTTP/1.1" 200 403
94.191.136.210 - - [10/Nov/2024:00:21:41 +0100] "GET /ticket2/opencms/img/chat.png HTTP/1.1" 200 416
94.191.136.210 - - [10/Nov/2024:00:21:41 +0100] "GET /ticket2/opencms/img/icons/en.png HTTP/1.1" 200 2415
94.191.136.210 - - [10/Nov/2024:00:21:41 +0100] "GET /ticket2/opencms/img/arrow.png HTTP/1.1" 200 753
94.191.136.210 - - [10/Nov/2024:00:21:41 +0100] "GET /ticket2/opencms/img/icons/se.png HTTP/1.1" 200 1258
94.191.136.210 - - [10/Nov/2024:00:21:41 +0100] "GET /ticket2/opencms/img/icons/fi.png HTTP/1.1" 200 1785
94.191.136.210 - - [10/Nov/2024:00:21:41 +0100] "GET /ticket2/opencms/img/banner-ll.jpeg HTTP/1.1" 200 41825
94.191.136.210 - - [10/Nov/2024:00:21:41 +0100] "GET /ticket2/opencms/img/icons/no.png HTTP/1.1" 200 1958
94.191.136.210 - - [10/Nov/2024:00:21:41 +0100] "GET /ticket2/opencms/img/icons/dk.png HTTP/1.1" 200 1706
94.191.136.210 - - [10/Nov/2024:00:21:41 +0100] "GET /ticket2/opencms/img/icons/nl.png HTTP/1.1" 200 1255
94.191.136.210 - - [10/Nov/2024:00:21:41 +0100] "GET /ticket2/opencms/img/icons/de.png HTTP/1.1" 200 1124
94.191.136.210 - - [10/Nov/2024:00:21:41 +0100] "GET /ticket2/opencms/img/icons/sq.png HTTP/1.1" 200 1619
94.191.136.210 - - [10/Nov/2024:00:21:41 +0100] "GET /ticket2/opencms/img/icons/az.png HTTP/1.1" 200 1445
94.191.136.210 - - [10/Nov/2024:00:21:41 +0100] "GET /ticket2/opencms/img/icons/be.png HTTP/1.1" 200 1663
94.191.136.210 - - [10/Nov/2024:00:21:41 +0100] "GET /ticket2/opencms/img/icons/bs.png HTTP/1.1" 200 1014
94.191.136.210 - - [10/Nov/2024:00:21:42 +0100] "GET /ticket2/opencms/img/icons/hr.png HTTP/1.1" 200 2024
94.191.136.210 - - [10/Nov/2024:00:21:42 +0100] "GET /ticket2/opencms/img/icons/cs.png HTTP/1.1" 200 1883
94.191.136.210 - - [10/Nov/2024:00:21:42 +0100] "GET /ticket2/opencms/img/icons/el.png HTTP/1.1" 200 1637
94.191.136.210 - - [10/Nov/2024:00:21:42 +0100] "GET /ticket2/opencms/img/icons/ka.png HTTP/1.1" 200 860
94.191.136.210 - - [10/Nov/2024:00:21:42 +0100] "GET /ticket2/opencms/img/icons/hu.png HTTP/1.1" 200 733
94.191.136.210 - - [10/Nov/2024:00:21:42 +0100] "GET /ticket2/opencms/img/icons/is.png HTTP/1.1" 200 1884
94.191.136.210 - - [10/Nov/2024:00:21:42 +0100] "GET /ticket2/opencms/img/icons/ga.png HTTP/1.1" 200 1759
94.191.136.210 - - [10/Nov/2024:00:21:42 +0100] "GET /ticket2/opencms/img/icons/lv.png HTTP/1.1" 200 716
94.191.136.210 - - [10/Nov/2024:00:21:42 +0100] "GET /ticket2/opencms/img/icons/lt.png HTTP/1.1" 200 733
94.191.136.210 - - [10/Nov/2024:00:21:42 +0100] "GET /ticket2/opencms/img/icons/mo.png HTTP/1.1" 200 1468
94.191.136.210 - - [10/Nov/2024:00:21:42 +0100] "GET /ticket2/opencms/img/icons/mt.png HTTP/1.1" 200 920
94.191.136.210 - - [10/Nov/2024:00:21:42 +0100] "GET /ticket2/opencms/img/icons/ro.png HTTP/1.1" 200 1393
94.191.136.210 - - [10/Nov/2024:00:21:42 +0100] "GET /ticket2/opencms/img/icons/sr.png HTTP/1.1" 200 1602
94.191.136.210 - - [10/Nov/2024:00:21:42 +0100] "GET /ticket2/opencms/img/icons/sk.png HTTP/1.1" 200 1283
94.191.136.210 - - [10/Nov/2024:00:21:42 +0100] "GET /ticket2/opencms/img/icons/sl.png HTTP/1.1" 200 966
94.191.136.210 - - [10/Nov/2024:00:21:42 +0100] "GET /ticket2/opencms/img/icons/uk.png HTTP/1.1" 200 1272
94.191.136.210 - - [10/Nov/2024:00:21:42 +0100] "GET /ticket2/opencms/img/icons/tr.png HTTP/1.1" 200 1636
94.191.136.210 - - [10/Nov/2024:00:21:42 +0100] "GET /ticket2/opencms/img/banner-sa.jpeg HTTP/1.1" 200 41270
94.191.136.210 - - [10/Nov/2024:00:21:42 +0100] "GET /ticket2/opencms/img/icons/fr.png HTTP/1.1" 200 1764
94.191.136.210 - - [10/Nov/2024:00:21:42 +0100] "GET /ticket2/opencms/img/icons/it.png HTTP/1.1" 200 2040
37.187.89.104 - - [10/Nov/2024:00:21:42 +0100] "GET /ticket2/opencms/dk/nl/buy/?page=1&edid=B4B50CF0-8C5D-1A46-52F2-F3255FE168CB&sortorder=asc&column=price HTTP/1.1" 404 -
94.191.136.210 - - [10/Nov/2024:00:21:42 +0100] "GET /ticket2/opencms/img/icons/es.png HTTP/1.1" 200 1005
94.191.136.210 - - [10/Nov/2024:00:21:43 +0100] "GET /ticket2/opencms/img/icons/pl.png HTTP/1.1" 200 1578
94.191.136.210 - - [10/Nov/2024:00:21:43 +0100] "GET /ticket2/opencms/img/icons/bg.png HTTP/1.1" 200 788
94.191.136.210 - - [10/Nov/2024:00:21:43 +0100] "GET /ticket2/opencms/img/icons/et.png HTTP/1.1" 200 754
94.191.136.210 - - [10/Nov/2024:00:21:43 +0100] "GET /ticket2/opencms/system/modules/com.gridnine.opencms.ticketbrokerage.site/resources/js/standard.js HTTP/1.1" 200 3978
114.119.135.251 - - [10/Nov/2024:00:21:44 +0100] "GET /ticket2/opencms/en/buy?page=1&edid=23F1E85E-708D-D2AE-21D5-FAE0E54B224E HTTP/1.1" 200 99757
94.191.136.210 - - [10/Nov/2024:00:21:44 +0100] "GET /ticket2/opencms/system/modules/com.gridnine.opencms.ticketbrokerage.site/resources/css/images/ui-bg_flat_75_ffffff_40x100.png HTTP/1.1" 404 -
37.187.89.104 - - [10/Nov/2024:00:21:45 +0100] "GET /ticket2/opencms/dk/nl/buy/?page=1&edid=B4BD099B-7D6F-CF54-660B-2BD9058BD000&sortorder=asc&column=price HTTP/1.1" 404 -
154.54.249.216 - - [10/Nov/2024:00:21:46 +0100] "GET /ticket2/opencms/fi/venue/?venueid=72A98177-8EC1-6A88-9C99-0807532C7C07 HTTP/1.1" 200 78557
54.36.148.7 - - [10/Nov/2024:00:21:48 +0100] "GET /ticket2/opencms/fi/venue/?venueid=2570AE05-A997-F9B1-2575-52FDC964674A HTTP/1.1" 200 78530
37.187.89.104 - - [10/Nov/2024:00:21:49 +0100] "GET /ticket2/opencms/dk/nl/buy/?page=1&edid=B4BD099B-7D6F-CF54-660B-2BD9058BD000&sortorder=asc&column=row HTTP/1.1" 404 -
114.119.140.111 - - [10/Nov/2024:00:21:50 +0100] "GET /ticket2/opencms/en/buy/?page=6&comcatid=A17713B6-D984-201A-4143-ED4DB5ED5C2E&catid=7EF04817-972D-18B1-F941-DE800D088075&eventid=5B1CC88B-2BA7-8AA5-1109-77947DB3461F HTTP/1.1" 200 96879
37.187.89.104 - - [10/Nov/2024:00:21:52 +0100] "GET /ticket2/opencms/dk/nl/buy/?page=1&edid=B4C738A5-76B3-7898-6428-65EDFE327DB4&sortorder=desc&column=row HTTP/1.1" 404 -
94.191.136.210 - - [10/Nov/2024:00:21:52 +0100] "GET /ticket2/opencms/sv/sport/fotbollsbiljetter/premier_league/ HTTP/1.1" 200 89769
94.191.136.210 - - [10/Nov/2024:00:21:52 +0100] "GET /ticket2/opencms/system/modules/com.gridnine.opencms.ticketbrokerage.site/resources/css/calendar.css HTTP/1.1" 200 6871
94.191.136.210 - - [10/Nov/2024:00:21:52 +0100] "GET /ticket2/opencms/system/modules/com.gridnine.opencms.ticketbrokerage.site/resources/js/functions.js HTTP/1.1" 200 1583
94.191.136.210 - - [10/Nov/2024:00:21:52 +0100] "GET /ticket2/opencms/system/modules/com.gridnine.opencms.ticketbrokerage.site/resources/js/calendar-en.js HTTP/1.1" 200 3338
94.191.136.210 - - [10/Nov/2024:00:21:52 +0100] "GET /ticket2/opencms/system/modules/com.gridnine.opencms.ticketbrokerage.site/resources/js/standard.js HTTP/1.1" 200 3978
94.191.136.210 - - [10/Nov/2024:00:21:52 +0100] "GET /ticket2/opencms/system/modules/com.gridnine.opencms.ticketbrokerage.site/resources/css/ticketbrokerage.css HTTP/1.1" 200 39339
94.191.136.210 - - [10/Nov/2024:00:21:52 +0100] "GET /ticket2/opencms/system/modules/com.gridnine.opencms.ticketbrokerage.site/resources/css/standard.css HTTP/1.1" 200 73073
94.191.136.210 - - [10/Nov/2024:00:21:52 +0100] "GET /ticket2/opencms/system/modules/com.gridnine.opencms.ticketbrokerage.site/resources/js/calendar.js HTTP/1.1" 200 49229
94.191.136.210 - - [10/Nov/2024:00:21:52 +0100] "GET /ticket2/opencms/system/modules/com.gridnine.opencms.ticketbrokerage.site/resources/js/calendar-setup.js HTTP/1.1" 200 4923
94.191.136.210 - - [10/Nov/2024:00:21:52 +0100] "GET /ticket2/opencms/system/modules/com.gridnine.opencms.ticketbrokerage.site/resources/pics/banners/sv/premier_league_sv.png HTTP/1.1" 200 13518
94.191.136.210 - - [10/Nov/2024:00:21:52 +0100] "GET /ticket2/opencms/system/modules/com.gridnine.opencms.ticketbrokerage.site/resources/css/images/ui-bg_flat_75_ffffff_40x100.png HTTP/1.1" 404 -
54.36.148.120 - - [10/Nov/2024:00:21:54 +0100] "GET /ticket2/opencms/fi/venue/?venueid=31613234-3A5A-9089-C471-3CB6857351EF HTTP/1.1" 200 78605
217.113.194.213 - - [10/Nov/2024:00:21:55 +0100] "GET /ticket2/opencms/fi/venue/?venueid=3A97A88C-6372-9F8E-F130-07FEF2F49EA5 HTTP/1.1" 200 78561
37.187.89.104 - - [10/Nov/2024:00:21:56 +0100] "GET /ticket2/opencms/dk/nl/buy/?page=1&edid=B4EC0635-7D95-B22D-B192-3848478AFE4A&sortorder=asc&column=price HTTP/1.1" 404 -
37.187.89.104 - - [10/Nov/2024:00:22:00 +0100] "GET /ticket2/opencms/dk/nl/buy/?page=1&edid=B5ABE807-6A17-5199-1104-0EC23F805497&sortorder=asc&column=price HTTP/1.1" 404 -
54.36.148.15 - - [10/Nov/2024:00:22:01 +0100] "GET /ticket2/opencms/fi/venue/?venueid=37536D78-51ED-E1B7-F2B0-3074119C5B6B HTTP/1.1" 200 78573
37.187.89.104 - - [10/Nov/2024:00:22:03 +0100] "GET /ticket2/opencms/dk/nl/buy/?page=1&edid=B6E408F2-B613-C975-E8E0-700BE6FFCAC2&sortorder=desc&column=section HTTP/1.1" 404 -
217.113.194.218 - - [10/Nov/2024:00:22:04 +0100] "GET /ticket2/opencms/fi/venue/?venueid=66B7684A-34D7-B171-288C-D950D3063FA0 HTTP/1.1" 200 78622
54.36.148.218 - - [10/Nov/2024:00:22:05 +0100] "GET /ticket2/opencms/fi/venue/?venueid=3480DE49-E941-0709-302B-61748BF5ADE4 HTTP/1.1" 200 78525
37.187.89.104 - - [10/Nov/2024:00:22:06 +0100] "GET /ticket2/opencms/dk/nl/buy/?page=1&edid=B773A16C-17D0-FE63-38DB-4710DA79D2E5&sortorder=asc&column=price HTTP/1.1" 404 -
85.208.96.193 - - [10/Nov/2024:00:22:10 +0100] "GET /ticket2/opencms/robots.txt HTTP/1.1" 200 773
37.187.89.104 - - [10/Nov/2024:00:22:10 +0100] "GET /ticket2/opencms/dk/nl/buy/?page=1&edid=B773A16C-17D0-FE63-38DB-4710DA79D2E5&sortorder=asc&column=section HTTP/1.1" 404 -
54.36.148.204 - - [10/Nov/2024:00:22:11 +0100] "GET /ticket2/opencms/fi/venue/?venueid=C517FF86-D6DC-504E-2694-757DC653B6AB HTTP/1.1" 200 78567
85.208.96.207 - - [10/Nov/2024:00:22:11 +0100] "GET /ticket2/opencms/en/sport/football-tickets/la-liga/celta_vigo/ HTTP/1.1" 200 85972
5.9.55.228 - - [10/Nov/2024:00:22:12 +0100] "GET /ticket2/opencms/fr/buy?catid=2e79aed8-ff58-b4e8-afb0-43e7cebe7864&comcatid=97eca65a-72da-f9af-9dbb-245d3cfed1be&page=6 HTTP/1.1" 200 83473
217.113.194.212 - - [10/Nov/2024:00:22:12 +0100] "GET /ticket2/opencms/fi/venue/?venueid=CD1E4382-C9AC-7735-F8A6-8B8BE4233203 HTTP/1.1" 200 78537
37.187.89.104 - - [10/Nov/2024:00:22:14 +0100] "GET /ticket2/opencms/dk/nl/buy/?page=1&edid=B773A16C-17D0-FE63-38DB-4710DA79D2E5&sortorder=desc&column=price HTTP/1.1" 404 -
54.36.148.102 - - [10/Nov/2024:00:22:15 +0100] "GET /ticket2/opencms/fi/venue/?venueid=6F62E299-6764-CD18-03A7-BC347C9C568D HTTP/1.1" 200 78504
66.249.79.5 - - [10/Nov/2024:00:22:16 +0100] "GET /ticket2/opencms/sr/buy/?comcatid=810BB404-4103-77F2-A6C2-12D5E6C338E2 HTTP/1.1" 200 83824
37.187.89.104 - - [10/Nov/2024:00:22:17 +0100] "GET /ticket2/opencms/dk/nl/buy/?page=1&edid=B773A16C-17D0-FE63-38DB-4710DA79D2E5&sortorder=desc&column=row HTTP/1.1" 404 -
66.249.79.6 - - [10/Nov/2024:00:22:20 +0100] "GET /ticket2/opencms/sl/buy/?page=1&edid=BBDCFF44-A079-9CCB-8C5C-39D3B38A634D HTTP/1.1" 200 101550
54.36.148.99 - - [10/Nov/2024:00:22:20 +0100] "GET /ticket2/opencms/fi/venue/?venueid=3D756351-FBAD-67FE-A41F-C6999E0ACB04 HTTP/1.1" 200 78528
37.187.89.104 - - [10/Nov/2024:00:22:21 +0100] "GET /ticket2/opencms/dk/nl/buy/?page=1&edid=B773A16C-17D0-FE63-38DB-4710DA79D2E5&sortorder=desc&column=section HTTP/1.1" 404 -
217.113.194.221 - - [10/Nov/2024:00:22:21 +0100] "GET /ticket2/opencms/fi/venue/?venueid=05715F85-D32B-E5F5-DEA4-D616425C57F4 HTTP/1.1" 200 78599
37.187.89.104 - - [10/Nov/2024:00:22:24 +0100] "GET /ticket2/opencms/dk/nl/buy/?page=1&edid=B8094046-440E-3BA7-6CDD-31E2BE5BE81A&sortorder=desc&column=price HTTP/1.1" 404 -
54.36.148.96 - - [10/Nov/2024:00:22:25 +0100] "GET /ticket2/opencms/dk/buy/?page=1&edid=10D9C6ED-4239-939C-EE12-6D152DF1B2D3 HTTP/1.1" 200 106602
54.36.149.95 - - [10/Nov/2024:00:22:25 +0100] "GET /ticket2/opencms/fi/venue/?venueid=8F69F39C-B5DA-1E67-5E28-A694F58730E7 HTTP/1.1" 200 78546
185.191.171.2 - - [10/Nov/2024:00:22:26 +0100] "GET /ticket2/opencms/no/sport/fotballsbilletter/champions_league/inter/ HTTP/1.1" 200 81264
37.187.89.104 - - [10/Nov/2024:00:22:27 +0100] "GET /ticket2/opencms/dk/nl/buy/?page=1&edid=B8094046-440E-3BA7-6CDD-31E2BE5BE81A&sortorder=desc&column=row HTTP/1.1" 404 -
217.113.194.217 - - [10/Nov/2024:00:22:30 +0100] "GET /ticket2/opencms/fi/venue/?venueid=7943BD7F-85DA-A73F-DD60-967562D19B0E HTTP/1.1" 200 79091
37.187.89.104 - - [10/Nov/2024:00:22:30 +0100] "GET /ticket2/opencms/dk/nl/buy/?page=1&edid=B80C0CCB-23D4-7FF4-42F9-EDEE166252F4 HTTP/1.1" 404 -
54.36.148.196 - - [10/Nov/2024:00:22:31 +0100] "GET /ticket2/opencms/fi/venue/?venueid=A10EDB7A-AE65-48DB-7BBA-11F942FFE69D HTTP/1.1" 200 78531
37.187.89.104 - - [10/Nov/2024:00:22:33 +0100] "GET /ticket2/opencms/dk/nl/buy/?page=1&edid=B80C896F-3D40-DA68-6C10-7160D4D64520 HTTP/1.1" 404 -
54.36.148.7 - - [10/Nov/2024:00:22:35 +0100] "GET /ticket2/opencms/fi/venue/?venueid=5B5FEC4B-6A08-971E-57F6-0BCF755A9705 HTTP/1.1" 200 78522
37.187.89.104 - - [10/Nov/2024:00:22:37 +0100] "GET /ticket2/opencms/dk/nl/buy/?page=1&edid=B855F550-9DEC-7B03-FDEF-C6C504BB20AE&sortorder=asc&column=price HTTP/1.1" 404 -
217.113.194.220 - - [10/Nov/2024:00:22:38 +0100] "GET /ticket2/opencms/fi/venue/?venueid=02879B20-696D-6457-CB7D-0E942DB3F5CA HTTP/1.1" 200 78530
37.187.89.104 - - [10/Nov/2024:00:22:40 +0100] "GET /ticket2/opencms/dk/nl/buy/?page=1&edid=B855F550-9DEC-7B03-FDEF-C6C504BB20AE&sortorder=asc&column=row HTTP/1.1" 404 -
94.234.117.80 - - [10/Nov/2024:00:22:42 +0100] "GET /ticket2/opencms/sv/sport/fotbollsbiljetter/premier_league/arsenal/?gad_source=1&gbraid=0AAAAADlS-t-SsmD4XzGFbMejevt2IltVN&gclid=EAIaIQobChMIscCNpLXQiQMVFlORBR1z_CbuEAAYAyAAEgLmpvD_BwE HTTP/1.1" 200 97855
94.234.117.80 - - [10/Nov/2024:00:22:42 +0100] "GET /ticket2/opencms/system/modules/com.gridnine.opencms.ticketbrokerage.site/resources/js/jquery/jquery.js HTTP/1.1" 200 93868
94.234.117.80 - - [10/Nov/2024:00:22:42 +0100] "GET /ticket2/opencms/system/modules/com.gridnine.opencms.ticketbrokerage.site/resources/js/jquery/jquery-ui.js HTTP/1.1" 200 228088
94.234.117.80 - - [10/Nov/2024:00:22:42 +0100] "GET /ticket2/opencms/system/modules/com.gridnine.opencms.ticketbrokerage.site/resources/css/jquery-ui.css HTTP/1.1" 200 33221
94.234.117.80 - - [10/Nov/2024:00:22:42 +0100] "GET /ticket2/opencms/system/modules/com.gridnine.opencms.ticketbrokerage.site/resources/css/calendar.css HTTP/1.1" 200 6871
94.234.117.80 - - [10/Nov/2024:00:22:42 +0100] "GET /ticket2/opencms/system/modules/com.gridnine.opencms.ticketbrokerage.site/resources/css/jquery.fancybox.css HTTP/1.1" 200 4939
94.234.117.80 - - [10/Nov/2024:00:22:42 +0100] "GET /ticket2/opencms/system/modules/com.gridnine.opencms.ticketbrokerage.site/resources/css/ticketbrokerage.css HTTP/1.1" 200 39339
94.234.117.80 - - [10/Nov/2024:00:22:42 +0100] "GET /ticket2/opencms/system/modules/com.gridnine.opencms.ticketbrokerage.site/resources/css/standard.css HTTP/1.1" 200 73073
94.234.117.80 - - [10/Nov/2024:00:22:42 +0100] "GET /ticket2/opencms/system/modules/com.gridnine.opencms.ticketbrokerage.site/resources/js/functions.js HTTP/1.1" 200 1583
94.234.117.80 - - [10/Nov/2024:00:22:42 +0100] "GET /ticket2/opencms/system/modules/com.gridnine.opencms.ticketbrokerage.site/resources/js/calendar-setup.js HTTP/1.1" 200 4923
94.234.117.80 - - [10/Nov/2024:00:22:42 +0100] "GET /ticket2/opencms/system/modules/com.gridnine.opencms.ticketbrokerage.site/resources/js/calendar-en.js HTTP/1.1" 200 3338
94.234.117.80 - - [10/Nov/2024:00:22:42 +0100] "GET /ticket2/opencms/system/modules/com.gridnine.opencms.ticketbrokerage.site/resources/js/jquery.fancybox.pack.js HTTP/1.1" 200 23187
94.234.117.80 - - [10/Nov/2024:00:22:42 +0100] "GET /ticket2/opencms/system/modules/com.gridnine.opencms.ticketbrokerage.site/resources/js/calendar.js HTTP/1.1" 200 49229
94.234.117.80 - - [10/Nov/2024:00:22:42 +0100] "GET /ticket2/opencms/system/modules/com.gridnine.opencms.ticketbrokerage.site/resources/js/stickyfill.min.js HTTP/1.1" 200 5672
94.234.117.80 - - [10/Nov/2024:00:22:42 +0100] "GET /ticket2/opencms/system/modules/com.gridnine.opencms.ticketbrokerage.site/resources/js/standard.js HTTP/1.1" 200 3978
94.234.117.80 - - [10/Nov/2024:00:22:42 +0100] "GET /ticket2/opencms/system/modules/com.gridnine.opencms.ticketbrokerage.site/resources/js/jquery.placeholder.min.js HTTP/1.1" 200 1737
94.234.117.80 - - [10/Nov/2024:00:22:42 +0100] "GET /ticket2/opencms/system/modules/com.gridnine.opencms.ticketbrokerage.site/resources/js/common-ajax.js HTTP/1.1" 200 20175
94.234.117.80 - - [10/Nov/2024:00:22:42 +0100] "GET /ticket2/opencms/img/insta.png HTTP/1.1" 200 3967
94.234.117.80 - - [10/Nov/2024:00:22:42 +0100] "GET /ticket2/opencms/system/modules/com.gridnine.opencms.ticketbrokerage.site/resources/pics/logo-new.png HTTP/1.1" 200 13541
94.234.117.80 - - [10/Nov/2024:00:22:42 +0100] "GET /ticket2/opencms/img/icons/globe-white.png HTTP/1.1" 200 947
94.234.117.80 - - [10/Nov/2024:00:22:42 +0100] "GET /ticket2/opencms/img/fb.png HTTP/1.1" 200 1269
94.234.117.80 - - [10/Nov/2024:00:22:42 +0100] "GET /ticket2/opencms/system/modules/com.gridnine.opencms.ticketbrokerage.site/resources/pics/banners/arsenal.png HTTP/1.1" 200 13545
94.234.117.80 - - [10/Nov/2024:00:22:42 +0100] "GET /ticket2/opencms/img/icons/en.png HTTP/1.1" 200 2415
94.234.117.80 - - [10/Nov/2024:00:22:42 +0100] "GET /ticket2/opencms/img/check.png HTTP/1.1" 200 548
94.234.117.80 - - [10/Nov/2024:00:22:42 +0100] "GET /ticket2/opencms/system/modules/com.gridnine.opencms.ticketbrokerage.site/resources/pics/footer-img.jpg HTTP/1.1" 200 67642
94.234.117.80 - - [10/Nov/2024:00:22:42 +0100] "GET /ticket2/opencms/img/mail.png HTTP/1.1" 200 403
94.234.117.80 - - [10/Nov/2024:00:22:42 +0100] "GET /ticket2/opencms/img/chat.png HTTP/1.1" 200 416
94.234.117.80 - - [10/Nov/2024:00:22:42 +0100] "GET /ticket2/opencms/img/icons/fi.png HTTP/1.1" 200 1785
94.234.117.80 - - [10/Nov/2024:00:22:42 +0100] "GET /ticket2/opencms/img/arrow.png HTTP/1.1" 200 753
94.234.117.80 - - [10/Nov/2024:00:22:42 +0100] "GET /ticket2/opencms/img/icons/no.png HTTP/1.1" 200 1958
94.234.117.80 - - [10/Nov/2024:00:22:42 +0100] "GET /ticket2/opencms/img/icons/dk.png HTTP/1.1" 200 1706
94.234.117.80 - - [10/Nov/2024:00:22:43 +0100] "GET /ticket2/opencms/img/icons/nl.png HTTP/1.1" 200 1255
94.234.117.80 - - [10/Nov/2024:00:22:43 +0100] "GET /ticket2/opencms/img/icons/de.png HTTP/1.1" 200 1124
94.234.117.80 - - [10/Nov/2024:00:22:43 +0100] "GET /ticket2/opencms/img/icons/bg.png HTTP/1.1" 200 788
94.234.117.80 - - [10/Nov/2024:00:22:43 +0100] "GET /ticket2/opencms/img/icons/hr.png HTTP/1.1" 200 2024
94.234.117.80 - - [10/Nov/2024:00:22:43 +0100] "GET /ticket2/opencms/img/icons/cs.png HTTP/1.1" 200 1883
94.234.117.80 - - [10/Nov/2024:00:22:43 +0100] "GET /ticket2/opencms/img/icons/et.png HTTP/1.1" 200 754
94.234.117.80 - - [10/Nov/2024:00:22:43 +0100] "GET /ticket2/opencms/img/icons/el.png HTTP/1.1" 200 1637
94.234.117.80 - - [10/Nov/2024:00:22:43 +0100] "GET /ticket2/opencms/img/icons/se.png HTTP/1.1" 200 1258
94.234.117.80 - - [10/Nov/2024:00:22:43 +0100] "GET /ticket2/opencms/img/icons/ka.png HTTP/1.1" 200 860
94.234.117.80 - - [10/Nov/2024:00:22:43 +0100] "GET /ticket2/opencms/img/icons/hu.png HTTP/1.1" 200 733
94.234.117.80 - - [10/Nov/2024:00:22:43 +0100] "GET /ticket2/opencms/img/icons/ga.png HTTP/1.1" 200 1759
94.234.117.80 - - [10/Nov/2024:00:22:43 +0100] "GET /ticket2/opencms/img/icons/is.png HTTP/1.1" 200 1884
94.234.117.80 - - [10/Nov/2024:00:22:43 +0100] "GET /ticket2/opencms/img/icons/lv.png HTTP/1.1" 200 716
94.234.117.80 - - [10/Nov/2024:00:22:43 +0100] "GET /ticket2/opencms/img/icons/lt.png HTTP/1.1" 200 733
94.234.117.80 - - [10/Nov/2024:00:22:43 +0100] "GET /ticket2/opencms/img/icons/mt.png HTTP/1.1" 200 920
94.234.117.80 - - [10/Nov/2024:00:22:43 +0100] "GET /ticket2/opencms/img/icons/mo.png HTTP/1.1" 200 1468
94.234.117.80 - - [10/Nov/2024:00:22:43 +0100] "GET /ticket2/opencms/img/icons/ro.png HTTP/1.1" 200 1393
94.234.117.80 - - [10/Nov/2024:00:22:43 +0100] "GET /ticket2/opencms/img/icons/sr.png HTTP/1.1" 200 1602
94.234.117.80 - - [10/Nov/2024:00:22:43 +0100] "GET /ticket2/opencms/img/icons/sk.png HTTP/1.1" 200 1283
94.234.117.80 - - [10/Nov/2024:00:22:43 +0100] "GET /ticket2/opencms/img/icons/sl.png HTTP/1.1" 200 966
94.234.117.80 - - [10/Nov/2024:00:22:43 +0100] "GET /ticket2/opencms/img/icons/uk.png HTTP/1.1" 200 1272
94.234.117.80 - - [10/Nov/2024:00:22:43 +0100] "GET /ticket2/opencms/img/icons/tr.png HTTP/1.1" 200 1636
94.234.117.80 - - [10/Nov/2024:00:22:43 +0100] "GET /ticket2/opencms/img/icons/es.png HTTP/1.1" 200 1005
37.187.89.104 - - [10/Nov/2024:00:22:43 +0100] "GET /ticket2/opencms/dk/nl/buy/?page=1&edid=B855F550-9DEC-7B03-FDEF-C6C504BB20AE&sortorder=asc&column=section HTTP/1.1" 404 -
94.234.117.80 - - [10/Nov/2024:00:22:43 +0100] "GET /ticket2/opencms/img/icons/sq.png HTTP/1.1" 200 1619
94.234.117.80 - - [10/Nov/2024:00:22:43 +0100] "GET /ticket2/opencms/img/icons/pl.png HTTP/1.1" 200 1578
94.234.117.80 - - [10/Nov/2024:00:22:43 +0100] "GET /ticket2/opencms/img/icons/it.png HTTP/1.1" 200 2040
54.36.148.45 - - [10/Nov/2024:00:22:44 +0100] "GET /ticket2/opencms/fi/venue/?venueid=04EBBB82-240A-AF8F-DA1F-896AD50040B5 HTTP/1.1" 200 78528
94.234.117.80 - - [10/Nov/2024:00:22:44 +0100] "GET /ticket2/opencms/img/icons/fr.png HTTP/1.1" 200 1764
94.234.117.80 - - [10/Nov/2024:00:22:44 +0100] "GET /ticket2/opencms/img/icons/az.png HTTP/1.1" 200 1445
94.234.117.80 - - [10/Nov/2024:00:22:44 +0100] "GET /ticket2/opencms/img/icons/be.png HTTP/1.1" 200 1663
94.234.117.80 - - [10/Nov/2024:00:22:44 +0100] "GET /ticket2/opencms/img/icons/bs.png HTTP/1.1" 200 1014
94.234.117.80 - - [10/Nov/2024:00:22:44 +0100] "GET /ticket2/opencms/system/modules/com.gridnine.opencms.ticketbrokerage.site/resources/js/standard.js HTTP/1.1" 200 3978
94.234.117.80 - - [10/Nov/2024:00:22:45 +0100] "GET /ticket2/opencms/img/icons/ticket2.thumbnail.png HTTP/1.1" 200 21519
94.234.117.80 - - [10/Nov/2024:00:22:46 +0100] "GET /ticket2/opencms/system/modules/com.gridnine.opencms.ticketbrokerage.site/resources/css/images/ui-bg_flat_75_ffffff_40x100.png HTTP/1.1" 404 -
37.187.89.104 - - [10/Nov/2024:00:22:47 +0100] "GET /ticket2/opencms/dk/nl/buy/?page=1&edid=BC1EC1ED-9DF8-C987-E2D9-7659501E4FC2&sortorder=asc&column=row HTTP/1.1" 404 -
154.54.249.216 - - [10/Nov/2024:00:22:47 +0100] "GET /ticket2/opencms/fi/venue/?venueid=AAC9A474-6F1C-8E49-0F79-0EFC179B3230 HTTP/1.1" 200 78569
47.128.118.242 - - [10/Nov/2024:00:22:48 +0100] "GET /ticket2/opencms/no/buy?eventid=1C0FC89D-D539-28E4-3F58-11BCE29E4CA8&page=11 HTTP/1.1" 200 93343
54.36.148.99 - - [10/Nov/2024:00:22:48 +0100] "GET /ticket2/opencms/fi/venue/?venueid=82FB56D9-9B89-D5E4-78CF-E614F920BBA7 HTTP/1.1" 200 78522
37.187.89.104 - - [10/Nov/2024:00:22:50 +0100] "GET /ticket2/opencms/dk/nl/buy/?page=1&edid=BC1EC1ED-9DF8-C987-E2D9-7659501E4FC2&sortorder=asc&column=section HTTP/1.1" 404 -
37.187.89.104 - - [10/Nov/2024:00:22:53 +0100] "GET /ticket2/opencms/dk/nl/buy/?page=1&edid=BC1EC1ED-9DF8-C987-E2D9-7659501E4FC2&sortorder=desc&column=price HTTP/1.1" 404 -
94.234.117.80 - - [10/Nov/2024:00:22:53 +0100] "GET /ticket2/opencms/sv/buy/?page=1&edid=CCC52869-7D07-37D3-E716-0EF1AC21BCE4 HTTP/1.1" 200 122311
94.234.117.80 - - [10/Nov/2024:00:22:53 +0100] "GET /ticket2/opencms/system/modules/com.gridnine.opencms.ticketbrokerage.site/resources/js/calendar-setup.js HTTP/1.1" 200 4923
94.234.117.80 - - [10/Nov/2024:00:22:53 +0100] "GET /ticket2/opencms/system/modules/com.gridnine.opencms.ticketbrokerage.site/resources/js/calendar-en.js HTTP/1.1" 200 3338
94.234.117.80 - - [10/Nov/2024:00:22:53 +0100] "GET /ticket2/opencms/system/modules/com.gridnine.opencms.ticketbrokerage.site/resources/js/standard.js HTTP/1.1" 200 3978
94.234.117.80 - - [10/Nov/2024:00:22:53 +0100] "GET /ticket2/opencms/system/modules/com.gridnine.opencms.ticketbrokerage.site/resources/css/ticketbrokerage.css HTTP/1.1" 200 39339
94.234.117.80 - - [10/Nov/2024:00:22:53 +0100] "GET /ticket2/opencms/system/modules/com.gridnine.opencms.ticketbrokerage.site/resources/css/calendar.css HTTP/1.1" 200 6871
94.234.117.80 - - [10/Nov/2024:00:22:53 +0100] "GET /ticket2/opencms/system/modules/com.gridnine.opencms.ticketbrokerage.site/resources/js/calendar.js HTTP/1.1" 200 49229
94.234.117.80 - - [10/Nov/2024:00:22:53 +0100] "GET /ticket2/opencms/system/modules/com.gridnine.opencms.ticketbrokerage.site/resources/css/standard.css HTTP/1.1" 200 73073
54.36.149.80 - - [10/Nov/2024:00:22:54 +0100] "GET /ticket2/opencms/fi/venue/?venueid=1A018FD7-D956-C54F-D115-4FAB6C8C19A2 HTTP/1.1" 200 78522
94.234.117.80 - - [10/Nov/2024:00:22:54 +0100] "GET /ticket2/opencms/venue/emirates_stadium.png HTTP/1.1" 200 53537
94.234.117.80 - - [10/Nov/2024:00:22:54 +0100] "GET /ticket2/opencms/system/modules/com.gridnine.opencms.ticketbrokerage.site/resources/pics/0.gif HTTP/1.1" 200 43
94.234.117.80 - - [10/Nov/2024:00:22:54 +0100] "GET /ticket2/opencms/system/modules/com.gridnine.opencms.ticketbrokerage.site/resources/pics/two_man.png HTTP/1.1" 200 3407
94.234.117.80 - - [10/Nov/2024:00:22:54 +0100] "GET /ticket2/opencms/system/modules/com.gridnine.opencms.ticketbrokerage.site/resources/pics/ticket_info_button.png HTTP/1.1" 200 3820
94.234.117.80 - - [10/Nov/2024:00:22:54 +0100] "GET /ticket2/opencms/system/modules/com.gridnine.opencms.ticketbrokerage.site/resources/js/functions.js HTTP/1.1" 200 1583
94.234.117.80 - - [10/Nov/2024:00:22:54 +0100] "GET /ticket2/opencms/sv/ask-form.html HTTP/1.1" 200 2950
94.234.117.80 - - [10/Nov/2024:00:22:54 +0100] "GET /ticket2/opencms/system/modules/com.gridnine.opencms.ticketbrokerage.site/resources/css/images/ui-bg_flat_75_ffffff_40x100.png HTTP/1.1" 404 -
94.234.117.80 - - [10/Nov/2024:00:22:54 +0100] "GET /ticket2/opencms/system/modules/com.gridnine.opencms.ticketbrokerage.site/resources/pics/arrow.gif HTTP/1.1" 200 344
94.234.117.80 - - [10/Nov/2024:00:22:54 +0100] "GET /ticket2/opencms/system/modules/com.gridnine.opencms.ticketbrokerage.site/resources/css/ticketbrokerage.css HTTP/1.1" 200 39339
94.234.117.80 - - [10/Nov/2024:00:22:54 +0100] "GET /ticket2/opencms/system/modules/com.gridnine.opencms.ticketbrokerage.site/resources/pics/form_marker.gif HTTP/1.1" 200 43
94.234.117.80 - - [10/Nov/2024:00:22:54 +0100] "GET /ticket2/opencms/system/modules/com.gridnine.opencms.ticketbrokerage.site/resources/pics/button1_center.gif HTTP/1.1" 200 66
94.234.117.80 - - [10/Nov/2024:00:22:54 +0100] "GET /ticket2/opencms/system/modules/com.gridnine.opencms.ticketbrokerage.site/resources/pics/button1_left.gif HTTP/1.1" 200 232
94.234.117.80 - - [10/Nov/2024:00:22:54 +0100] "GET /ticket2/opencms/system/modules/com.gridnine.opencms.ticketbrokerage.site/resources/pics/button1_right.gif HTTP/1.1" 200 232
85.208.96.207 - - [10/Nov/2024:00:22:55 +0100] "GET /ticket2/opencms/no/sport/fotballsbilletter/serie_a/juventus/ HTTP/1.1" 200 86918
94.234.117.80 - - [10/Nov/2024:00:22:55 +0100] "GET /ticket2/opencms/img/icons/mk.png HTTP/1.1" 200 1405
94.234.117.80 - - [10/Nov/2024:00:22:55 +0100] "GET /ticket2/opencms/img/icons/hy.png HTTP/1.1" 200 1170
94.234.117.80 - - [10/Nov/2024:00:22:55 +0100] "GET /ticket2/opencms/img/arrow-down.png HTTP/1.1" 200 192
217.113.194.212 - - [10/Nov/2024:00:22:56 +0100] "GET /ticket2/opencms/fi/venue/?venueid=22FBA63B-CC18-3864-F1A1-268F2EA93F27 HTTP/1.1" 200 78548
66.249.79.7 - - [10/Nov/2024:00:22:56 +0100] "GET /ticket2/opencms/hu/buy?page=1&edid=0F9D6B87-FBA2-98F6-6A11-CBBA4D2A86C1 HTTP/1.1" 200 133119
37.187.89.104 - - [10/Nov/2024:00:22:56 +0100] "GET /ticket2/opencms/dk/nl/buy/?page=1&edid=BC1EC1ED-9DF8-C987-E2D9-7659501E4FC2&sortorder=desc&column=row HTTP/1.1" 404 -
5.9.55.228 - - [10/Nov/2024:00:22:57 +0100] "GET /ticket2/opencms/fr/buy?catid=4c4dadf0-07cc-9b24-d2d9-940ef378be99&comcatid=97eca65a-72da-f9af-9dbb-245d3cfed1be&page=6 HTTP/1.1" 200 83473
54.36.148.135 - - [10/Nov/2024:00:22:59 +0100] "GET /ticket2/opencms/nl/magazine/article/ HTTP/1.1" 200 79815
66.249.79.172 - - [10/Nov/2024:00:22:59 +0100] "GET /ticket2/opencms/cs/buy/?page=1&edid=083AE95D-096C-41BA-96E0-6A784C0A08FB HTTP/1.1" 200 101612
37.187.89.104 - - [10/Nov/2024:00:23:00 +0100] "GET /ticket2/opencms/dk/nl/buy/?page=1&edid=BC1EC1ED-9DF8-C987-E2D9-7659501E4FC2&sortorder=desc&column=section HTTP/1.1" 404 -
37.187.89.104 - - [10/Nov/2024:00:23:03 +0100] "GET /ticket2/opencms/dk/nl/buy/?page=1&edid=BD00BEBE-764F-EE0C-759A-E664776EFB3A&sortorder=asc&column=section HTTP/1.1" 404 -
217.113.194.218 - - [10/Nov/2024:00:23:04 +0100] "GET /ticket2/opencms/fi/venue/?venueid=22D725DE-51C6-0A7B-C9AD-59BC777D6F28 HTTP/1.1" 200 78554
54.36.148.248 - - [10/Nov/2024:00:23:04 +0100] "GET /ticket2/opencms/fi/venue/?venueid=044124AA-8517-9D68-740C-14F5017956EC HTTP/1.1" 200 78516
37.187.89.104 - - [10/Nov/2024:00:23:06 +0100] "GET /ticket2/opencms/dk/nl/buy/?page=1&edid=BD6F7BC1-237E-9E9B-0DFF-4AC91197CDED HTTP/1.1" 404 -
37.187.89.104 - - [10/Nov/2024:00:23:09 +0100] "GET /ticket2/opencms/dk/nl/buy/?page=1&edid=BD6F7BC1-237E-9E9B-0DFF-4AC91197CDED&sortorder=asc&column=price HTTP/1.1" 404 -
54.36.149.46 - - [10/Nov/2024:00:23:12 +0100] "GET /ticket2/opencms/en/buy?comcatid=A17713B6-D984-201A-4143-ED4DB5ED5C2E&catid=E961462E-5AC2-64D6-5850-A310C9DEAA06 HTTP/1.1" 200 92074
195.154.123.11 - - [10/Nov/2024:00:23:12 +0100] "GET /ticket2/opencms/system/modules/com.gridnine.opencms.ticketbrokerage.site/resources/css/calendar.css HTTP/1.1" 200 6871
195.154.123.11 - - [10/Nov/2024:00:23:12 +0100] "GET /ticket2/opencms/system/modules/com.gridnine.opencms.ticketbrokerage.site/resources/css/ticketbrokerage.css HTTP/1.1" 200 39339
195.154.123.11 - - [10/Nov/2024:00:23:12 +0100] "GET /ticket2/opencms/system/modules/com.gridnine.opencms.ticketbrokerage.site/resources/css/jquery-ui.css HTTP/1.1" 200 33221
195.154.123.11 - - [10/Nov/2024:00:23:12 +0100] "GET /ticket2/opencms/system/modules/com.gridnine.opencms.ticketbrokerage.site/resources/css/jquery.fancybox.css HTTP/1.1" 200 4939
195.154.123.11 - - [10/Nov/2024:00:23:12 +0100] "GET /ticket2/opencms/system/modules/com.gridnine.opencms.ticketbrokerage.site/resources/js/jquery/jquery-ui.js HTTP/1.1" 200 228088
195.154.123.11 - - [10/Nov/2024:00:23:12 +0100] "GET /ticket2/opencms/system/modules/com.gridnine.opencms.ticketbrokerage.site/resources/css/standard.css HTTP/1.1" 200 73073
195.154.123.11 - - [10/Nov/2024:00:23:12 +0100] "GET /ticket2/opencms/system/modules/com.gridnine.opencms.ticketbrokerage.site/resources/js/functions.js HTTP/1.1" 200 1583
195.154.123.11 - - [10/Nov/2024:00:23:12 +0100] "GET /ticket2/opencms/system/modules/com.gridnine.opencms.ticketbrokerage.site/resources/js/calendar.js HTTP/1.1" 200 49229
195.154.123.11 - - [10/Nov/2024:00:23:12 +0100] "GET /ticket2/opencms/system/modules/com.gridnine.opencms.ticketbrokerage.site/resources/js/jquery/jquery.js HTTP/1.1" 200 93868
195.154.123.11 - - [10/Nov/2024:00:23:12 +0100] "GET /ticket2/opencms/system/modules/com.gridnine.opencms.ticketbrokerage.site/resources/js/calendar-en.js HTTP/1.1" 200 3338
195.154.123.11 - - [10/Nov/2024:00:23:12 +0100] "GET /ticket2/opencms/system/modules/com.gridnine.opencms.ticketbrokerage.site/resources/js/calendar-setup.js HTTP/1.1" 200 4923
195.154.123.11 - - [10/Nov/2024:00:23:12 +0100] "GET /ticket2/opencms/system/modules/com.gridnine.opencms.ticketbrokerage.site/resources/js/jquery.fancybox.pack.js HTTP/1.1" 200 23187
195.154.123.11 - - [10/Nov/2024:00:23:12 +0100] "GET /ticket2/opencms/system/modules/com.gridnine.opencms.ticketbrokerage.site/resources/js/stickyfill.min.js HTTP/1.1" 200 5672
195.154.123.11 - - [10/Nov/2024:00:23:12 +0100] "GET /ticket2/opencms/system/modules/com.gridnine.opencms.ticketbrokerage.site/resources/js/standard.js HTTP/1.1" 200 3978
37.187.89.104 - - [10/Nov/2024:00:23:13 +0100] "GET /ticket2/opencms/dk/nl/buy/?page=1&edid=BD6F7BC1-237E-9E9B-0DFF-4AC91197CDED&sortorder=asc&column=row HTTP/1.1" 404 -
195.154.123.11 - - [10/Nov/2024:00:23:13 +0100] "GET /ticket2/opencms/system/modules/com.gridnine.opencms.ticketbrokerage.site/resources/js/common-ajax.js HTTP/1.1" 200 20175
195.154.123.11 - - [10/Nov/2024:00:23:13 +0100] "GET /ticket2/opencms/system/modules/com.gridnine.opencms.ticketbrokerage.site/resources/js/jquery.placeholder.min.js HTTP/1.1" 200 1737
217.113.194.212 - - [10/Nov/2024:00:23:13 +0100] "GET /ticket2/opencms/fi/venue/?venueid=498C90F3-607E-EF53-F9E3-58E2CED85E08 HTTP/1.1" 200 78518
195.154.123.11 - - [10/Nov/2024:00:23:14 +0100] "GET /ticket2/opencms/system/modules/com.gridnine.opencms.ticketbrokerage.site/resources/js/standard.js HTTP/1.1" 200 3978
47.128.99.192 - - [10/Nov/2024:00:23:14 +0100] "GET /ticket2/opencms/bg/buy/?edid=27182C30-0424-098E-A8DB-2AA3B88A1ABD HTTP/1.1" 200 81909
85.208.96.207 - - [10/Nov/2024:00:23:14 +0100] "GET /ticket2/opencms/fr/magazine/article?title=decouvrez-la-liga-en-direct-achetez-des-billets-sur-ticket2 HTTP/1.1" 200 84903
66.249.79.5 - - [10/Nov/2024:00:23:14 +0100] "GET /ticket2/opencms/fi/buy/?page=1&edid=73A88563-7759-0E47-FDEF-C8A00CE04F94 HTTP/1.1" 200 111539
37.187.89.104 - - [10/Nov/2024:00:23:16 +0100] "GET /ticket2/opencms/dk/nl/buy/?page=1&edid=BD6F7BC1-237E-9E9B-0DFF-4AC91197CDED&sortorder=asc&column=section HTTP/1.1" 404 -
54.36.148.77 - - [10/Nov/2024:00:23:19 +0100] "GET /ticket2/opencms/fi/venue/?venueid=209EC433-E0F9-AA7F-D92A-802704727288 HTTP/1.1" 200 78549
37.187.89.104 - - [10/Nov/2024:00:23:19 +0100] "GET /ticket2/opencms/dk/nl/buy/?page=1&edid=BE3516C7-ADBD-11A4-9F00-23F9105F8FF3&sortorder=asc&column=section HTTP/1.1" 404 -
89.246.241.14 - - [10/Nov/2024:00:23:20 +0100] "GET /ticket2/opencms/es/deporte/entradas-futbol/premier-league/tottenham HTTP/1.1" 200 96756
217.113.194.213 - - [10/Nov/2024:00:23:22 +0100] "GET /ticket2/opencms/fi/venue/?venueid=51311201-5880-D74E-C1B9-F9DC8FAA206E HTTP/1.1" 200 78528
66.249.76.238 - - [10/Nov/2024:00:23:22 +0100] "GET /ticket2/opencms/lv/buy?page=1&edid=E9DB3A42-82BF-9B65-3ED4-EE5A32871388 HTTP/1.1" 200 121689
37.187.89.104 - - [10/Nov/2024:00:23:22 +0100] "GET /ticket2/opencms/dk/nl/buy/?page=1&edid=BE3516C7-ADBD-11A4-9F00-23F9105F8FF3&sortorder=desc&column=price HTTP/1.1" 404 -
54.36.148.204 - - [10/Nov/2024:00:23:23 +0100] "GET /ticket2/opencms/fi/venue/?venueid=196999C5-886C-4588-9491-CE0295A8D3C2 HTTP/1.1" 200 78522
