65.108.110.26 - - [10/Nov/2024:01:11:40 +0100] "GET /ticket2/opencms/it/buy/?comcatid=97ECA65A-72DA-F9AF-9DBB-245D3CFED1BE&catid=D414C6A5-7A03-3389-42A8-D7B7FE32BB37 HTTP/1.1" 200 88323
194.247.173.99 - - [10/Nov/2024:01:11:41 +0100] "GET /ticket2/opencms/dk/ru/buy/?page=1&edid=59D3380F-782C-B2BC-F538-368054435CF5&sortorder=desc&column=row HTTP/1.1" 404 -
95.217.195.123 - - [10/Nov/2024:01:11:41 +0100] "GET /ticket2/opencms/en/buy/?page=1&edid=5432ED02-FAD8-0258-AF31-52B1290A487D&sortorder=desc&column=price HTTP/1.1" 200 101502
65.108.110.26 - - [10/Nov/2024:01:11:43 +0100] "GET /ticket2/opencms/it/buy/?comcatid=97ECA65A-72DA-F9AF-9DBB-245D3CFED1BE&catid=DA31441B-C568-3C77-D08C-698809032494 HTTP/1.1" 200 88310
81.167.26.57 - - [10/Nov/2024:01:11:43 +0100] "GET /ticket2/opencms/is/buy/?page=1&edid=EDCAEF56-BB28-CA21-E73A-84906B6960A7 HTTP/1.1" 200 125479
135.181.74.243 - - [10/Nov/2024:01:11:44 +0100] "GET /ticket2/opencms/dk/no/buy/?page=1&edid=0BC258C2-9774-A591-F927-B1529ED5241B&sortorder=asc&column=section HTTP/1.1" 404 -
194.247.173.99 - - [10/Nov/2024:01:11:44 +0100] "GET /ticket2/opencms/dk/ru/buy/?page=1&edid=5A9B32FB-C20E-2874-9C42-0B1D1553465A&sortorder=desc&column=section HTTP/1.1" 404 -
95.217.195.123 - - [10/Nov/2024:01:11:44 +0100] "GET /ticket2/opencms/en/buy/?page=1&edid=56620ABF-F3DD-4A9B-E6C4-076728889E50&sortorder=asc&column=price HTTP/1.1" 200 100847
114.119.152.134 - - [10/Nov/2024:01:11:45 +0100] "GET /ticket2/opencms/en/buy?page=1&edid=1225FE11-2668-52FD-3819-4A1F490A9FFE HTTP/1.1" 200 100737
54.36.148.3 - - [10/Nov/2024:01:11:46 +0100] "GET /ticket2/opencms/es/buy/?page=1&edid=87A2FE39-F475-6FCD-8F85-64E23F35FA22 HTTP/1.1" 200 102421
65.108.110.26 - - [10/Nov/2024:01:11:46 +0100] "GET /ticket2/opencms/it/buy/?comcatid=97ECA65A-72DA-F9AF-9DBB-245D3CFED1BE&catid=E3105E1E-3982-291E-5523-1C1DF161E9B7 HTTP/1.1" 200 88312
81.167.26.57 - - [10/Nov/2024:01:11:47 +0100] "GET /ticket2/opencms/is/buy/?page=1&edid=F2CDADC4-EF6C-C259-F9D1-EA671C511115 HTTP/1.1" 200 98824
95.217.195.123 - - [10/Nov/2024:01:11:47 +0100] "GET /ticket2/opencms/en/buy/?page=1&edid=56620ABF-F3DD-4A9B-E6C4-076728889E50&sortorder=asc&column=row HTTP/1.1" 200 100755
194.247.173.99 - - [10/Nov/2024:01:11:49 +0100] "GET /ticket2/opencms/dk/ru/buy/?page=1&edid=620907EC-3A39-4A79-FEFF-F2397A9221F9 HTTP/1.1" 404 -
95.217.195.123 - - [10/Nov/2024:01:11:49 +0100] "GET /ticket2/opencms/en/buy/?page=1&edid=59F0DE00-1B53-7658-FC68-FAEBC9123383&sortorder=asc&column=price HTTP/1.1" 200 99460
47.128.57.112 - - [10/Nov/2024:01:11:50 +0100] "GET /ticket2/opencms/lv/buy/?edid=4BB86639-5E8A-308E-E195-0856E56FD3F8 HTTP/1.1" 200 81476
65.108.110.26 - - [10/Nov/2024:01:11:50 +0100] "GET /ticket2/opencms/it/buy/?comcatid=97ECA65A-72DA-F9AF-9DBB-245D3CFED1BE&catid=F4D223A4-C027-46DC-3DE5-726A23E30A62 HTTP/1.1" 200 88309
192.95.30.177 - - [10/Nov/2024:01:11:50 +0100] "GET /ticket2/opencms/dk/en/buy/?page=1&edid=7970CEEB-4E13-87EE-C1A6-2DDE981B3D64&sortorder=desc&column=section HTTP/1.1" 404 -
54.36.148.220 - - [10/Nov/2024:01:11:50 +0100] "GET /ticket2/opencms/lv/buy?page=10&eventid=8089A138-5EE7-E43F-C342-AAB9352CA1D1&venueid=152137BD-51FA-C49F-6002-B503D5181B54 HTTP/1.1" 200 93682
81.167.26.57 - - [10/Nov/2024:01:11:50 +0100] "GET /ticket2/opencms/mo/buy/?page=1&edid=1046C14E-D95C-B350-CBCD-2ECE5F3DCC46 HTTP/1.1" 200 114130
95.217.195.123 - - [10/Nov/2024:01:11:51 +0100] "GET /ticket2/opencms/en/buy/?page=1&edid=5DDAAFAF-0C1D-546A-0056-5BD029F51A17&sortorder=asc&column=price HTTP/1.1" 200 100914
194.247.173.99 - - [10/Nov/2024:01:11:52 +0100] "GET /ticket2/opencms/dk/ru/buy/?page=1&edid=64440914-4E90-FA96-F683-7E671AB5B4CA&sortorder=desc&column=price HTTP/1.1" 404 -
114.119.159.129 - - [10/Nov/2024:01:11:52 +0100] "GET /ticket2/opencms/en/buy/?page=6&comcatid=A17713B6-D984-201A-4143-ED4DB5ED5C2E&catid=36394212-F82E-F845-399B-42BED55969CC&eventid=19AD6356-6E10-9C9F-9FF7-23862BF7038B HTTP/1.1" 200 106781
135.181.74.243 - - [10/Nov/2024:01:11:53 +0100] "GET /ticket2/opencms/dk/no/buy/?page=1&edid=0C6D37C7-8EA1-5083-AEBF-F8112D5F6F62&sortorder=asc&column=price HTTP/1.1" 404 -
40.77.167.68 - - [10/Nov/2024:01:11:53 +0100] "GET /ticket2/opencms/sq/login/ HTTP/1.1" 200 83194
65.108.110.26 - - [10/Nov/2024:01:11:53 +0100] "GET /ticket2/opencms/it/buy/?comcatid=97ECA65A-72DA-F9AF-9DBB-245D3CFED1BE&catid=F7F89B9B-6697-7881-54AE-4C39276BF1B8 HTTP/1.1" 200 88314
95.217.195.123 - - [10/Nov/2024:01:11:53 +0100] "GET /ticket2/opencms/en/buy/?page=1&edid=5DDAAFAF-0C1D-546A-0056-5BD029F51A17&sortorder=asc&column=section HTTP/1.1" 200 101006
81.167.26.57 - - [10/Nov/2024:01:11:54 +0100] "GET /ticket2/opencms/mo/buy/?page=1&edid=1EC9B49C-3E71-53D7-479D-7C922516D58E HTTP/1.1" 200 126376
54.36.148.201 - - [10/Nov/2024:01:11:54 +0100] "GET /ticket2/opencms/fi/buy/?page=1&edid=E9A36455-AEA7-B86C-20AA-DBAA963F875E HTTP/1.1" 200 101936
194.247.173.99 - - [10/Nov/2024:01:11:56 +0100] "GET /ticket2/opencms/dk/ru/buy/?page=1&edid=7DAE74E8-C4A2-8C27-1B6F-A1C7846A527A&sortorder=desc&column=row HTTP/1.1" 404 -
95.217.195.123 - - [10/Nov/2024:01:11:56 +0100] "GET /ticket2/opencms/en/buy/?page=1&edid=62BA1B24-FE28-14A9-746C-0509EF670DD2&sortorder=asc&column=section HTTP/1.1" 200 100662
65.108.110.26 - - [10/Nov/2024:01:11:56 +0100] "GET /ticket2/opencms/it/buy/?comcatid=97ECA65A-72DA-F9AF-9DBB-245D3CFED1BE&catid=F7FF413B-5FDF-82CF-E5BB-CD4AB6027974 HTTP/1.1" 200 88309
81.167.26.57 - - [10/Nov/2024:01:11:58 +0100] "GET /ticket2/opencms/mo/buy/?page=1&edid=1EFD0E7A-2573-5125-E517-9DC9F24CAF34 HTTP/1.1" 200 125228
95.217.195.123 - - [10/Nov/2024:01:11:58 +0100] "GET /ticket2/opencms/en/buy/?page=1&edid=62BA1B24-FE28-14A9-746C-0509EF670DD2&sortorder=desc&column=price HTTP/1.1" 200 100615
185.191.171.8 - - [10/Nov/2024:01:11:58 +0100] "GET /ticket2/opencms/ro/buying_tickets/ HTTP/1.1" 200 80705
194.247.173.99 - - [10/Nov/2024:01:11:59 +0100] "GET /ticket2/opencms/dk/ru/buy/?page=1&edid=810B6533-981A-01A9-9FFA-4E176258122F&sortorder=asc&column=row HTTP/1.1" 404 -
135.181.74.243 - - [10/Nov/2024:01:11:59 +0100] "GET /ticket2/opencms/dk/no/buy/?page=1&edid=0C6D37C7-8EA1-5083-AEBF-F8112D5F6F62&sortorder=asc&column=row HTTP/1.1" 404 -
65.108.110.26 - - [10/Nov/2024:01:11:59 +0100] "GET /ticket2/opencms/it/buy/?comcatid=A17713B6-D984-201A-4143-ED4DB5ED5C2E&catid=&npage=1 HTTP/1.1" 200 250978
54.36.148.223 - - [10/Nov/2024:01:12:00 +0100] "GET /ticket2/opencms/lv/buy?page=10&eventid=10A4B056-E56D-2EC6-06F9-A9715C3D8173 HTTP/1.1" 200 91585
95.217.195.123 - - [10/Nov/2024:01:12:01 +0100] "GET /ticket2/opencms/en/buy/?page=1&edid=634076B4-32CF-CB6D-4015-7F823660D56E HTTP/1.1" 200 100137
81.167.26.57 - - [10/Nov/2024:01:12:01 +0100] "GET /ticket2/opencms/mo/buy/?page=1&edid=1F2F884A-E0AC-4C3D-F294-0BE2EBB6E0EA HTTP/1.1" 200 98795
95.217.195.123 - - [10/Nov/2024:01:12:02 +0100] "GET /ticket2/opencms/en/buy/?page=1&edid=6629938D-A6E5-DFC1-3AB0-2416CB373D79&sortorder=desc&column=section HTTP/1.1" 200 102114
194.247.173.99 - - [10/Nov/2024:01:12:03 +0100] "GET /ticket2/opencms/dk/ru/buy/?page=1&edid=8124925D-02E4-C992-3295-AAF8E791AD8B&sortorder=asc&column=price HTTP/1.1" 404 -
65.108.110.26 - - [10/Nov/2024:01:12:03 +0100] "GET /ticket2/opencms/it/buy/?comcatid=A17713B6-D984-201A-4143-ED4DB5ED5C2E&catid=&npage=2 HTTP/1.1" 200 251004
95.217.195.123 - - [10/Nov/2024:01:12:04 +0100] "GET /ticket2/opencms/en/buy/?page=1&edid=674BD1C0-8CCF-FAF6-8C5F-0BB09BB6852A&sortorder=asc&column=price HTTP/1.1" 200 100827
81.167.26.57 - - [10/Nov/2024:01:12:04 +0100] "GET /ticket2/opencms/mo/buy/?page=1&edid=27BD86C3-7872-0F2C-F4EA-C29B4E4DC0EF HTTP/1.1" 200 111045
192.95.30.177 - - [10/Nov/2024:01:12:05 +0100] "GET /ticket2/opencms/dk/en/buy/?page=1&edid=79A9A1E5-4D03-03CB-B5B5-89A68C5D2E2C HTTP/1.1" 404 -
194.247.173.99 - - [10/Nov/2024:01:12:06 +0100] "GET /ticket2/opencms/dk/ru/buy/?page=1&edid=8124925D-02E4-C992-3295-AAF8E791AD8B&sortorder=asc&column=row HTTP/1.1" 404 -
65.108.110.26 - - [10/Nov/2024:01:12:06 +0100] "GET /ticket2/opencms/it/buy/?comcatid=A17713B6-D984-201A-4143-ED4DB5ED5C2E&catid=&npage=3 HTTP/1.1" 200 251083
135.181.74.243 - - [10/Nov/2024:01:12:07 +0100] "GET /ticket2/opencms/dk/no/buy/?page=1&edid=C2E2A345-1805-9628-50E3-0D8B812CD139&sortorder=asc&column=section HTTP/1.1" 404 -
95.217.195.123 - - [10/Nov/2024:01:12:07 +0100] "GET /ticket2/opencms/en/buy/?page=1&edid=68990A86-D741-9689-B00B-FC485A932524&sortorder=asc&column=price HTTP/1.1" 200 102005
81.167.26.57 - - [10/Nov/2024:01:12:07 +0100] "GET /ticket2/opencms/mo/buy/?page=1&edid=28316DAE-CC28-C8B1-804B-7C9DA717030D HTTP/1.1" 200 98793
54.36.148.220 - - [10/Nov/2024:01:12:08 +0100] "GET /ticket2/opencms/sv/venue/?venueid=373A8158-EF4F-C52F-8418-B13477C2157B HTTP/1.1" 200 77906
194.247.173.99 - - [10/Nov/2024:01:12:09 +0100] "GET /ticket2/opencms/dk/ru/buy/?page=1&edid=81AF767F-B732-D378-E488-2E552920EDF1&sortorder=desc&column=row HTTP/1.1" 404 -
65.108.110.26 - - [10/Nov/2024:01:12:09 +0100] "GET /ticket2/opencms/it/buy/?comcatid=A17713B6-D984-201A-4143-ED4DB5ED5C2E&catid=&npage=4 HTTP/1.1" 200 251002
85.167.227.134 - - [10/Nov/2024:01:12:10 +0100] "GET /ticket2/opencms/no/buying_tickets?gad_source=1&gclid=Cj0KCQiArby5BhCDARIsAIJvjIRPZDTXTqlvcwkZnUDCMfyiX4pNhX0xrt75SBYNmRP4d1EAu3O3a64aAkdCEALw_wcB HTTP/1.1" 200 82464
85.167.227.134 - - [10/Nov/2024:01:12:10 +0100] "GET /ticket2/opencms/system/modules/com.gridnine.opencms.ticketbrokerage.site/resources/css/ticketbrokerage.css HTTP/1.1" 200 39339
85.167.227.134 - - [10/Nov/2024:01:12:10 +0100] "GET /ticket2/opencms/system/modules/com.gridnine.opencms.ticketbrokerage.site/resources/css/calendar.css HTTP/1.1" 200 6871
85.167.227.134 - - [10/Nov/2024:01:12:10 +0100] "GET /ticket2/opencms/system/modules/com.gridnine.opencms.ticketbrokerage.site/resources/css/jquery.fancybox.css HTTP/1.1" 200 4939
85.167.227.134 - - [10/Nov/2024:01:12:10 +0100] "GET /ticket2/opencms/system/modules/com.gridnine.opencms.ticketbrokerage.site/resources/css/standard.css HTTP/1.1" 200 73073
85.167.227.134 - - [10/Nov/2024:01:12:10 +0100] "GET /ticket2/opencms/system/modules/com.gridnine.opencms.ticketbrokerage.site/resources/css/jquery-ui.css HTTP/1.1" 200 33221
85.167.227.134 - - [10/Nov/2024:01:12:10 +0100] "GET /ticket2/opencms/system/modules/com.gridnine.opencms.ticketbrokerage.site/resources/js/jquery/jquery-ui.js HTTP/1.1" 200 228088
85.167.227.134 - - [10/Nov/2024:01:12:10 +0100] "GET /ticket2/opencms/system/modules/com.gridnine.opencms.ticketbrokerage.site/resources/js/jquery/jquery.js HTTP/1.1" 200 93868
95.217.195.123 - - [10/Nov/2024:01:12:10 +0100] "GET /ticket2/opencms/en/buy/?page=1&edid=68990A86-D741-9689-B00B-FC485A932524&sortorder=desc&column=price HTTP/1.1" 200 102050
85.167.227.134 - - [10/Nov/2024:01:12:10 +0100] "GET /ticket2/opencms/system/modules/com.gridnine.opencms.ticketbrokerage.site/resources/js/functions.js HTTP/1.1" 200 1583
85.167.227.134 - - [10/Nov/2024:01:12:10 +0100] "GET /ticket2/opencms/system/modules/com.gridnine.opencms.ticketbrokerage.site/resources/js/calendar-en.js HTTP/1.1" 200 3338
85.167.227.134 - - [10/Nov/2024:01:12:10 +0100] "GET /ticket2/opencms/system/modules/com.gridnine.opencms.ticketbrokerage.site/resources/js/calendar-setup.js HTTP/1.1" 200 4923
85.167.227.134 - - [10/Nov/2024:01:12:10 +0100] "GET /ticket2/opencms/system/modules/com.gridnine.opencms.ticketbrokerage.site/resources/js/calendar.js HTTP/1.1" 200 49229
85.167.227.134 - - [10/Nov/2024:01:12:11 +0100] "GET /ticket2/opencms/system/modules/com.gridnine.opencms.ticketbrokerage.site/resources/js/jquery.fancybox.pack.js HTTP/1.1" 200 23187
85.167.227.134 - - [10/Nov/2024:01:12:11 +0100] "GET /ticket2/opencms/system/modules/com.gridnine.opencms.ticketbrokerage.site/resources/js/stickyfill.min.js HTTP/1.1" 200 5672
85.167.227.134 - - [10/Nov/2024:01:12:11 +0100] "GET /ticket2/opencms/img/icons/se.png HTTP/1.1" 200 1258
85.167.227.134 - - [10/Nov/2024:01:12:11 +0100] "GET /ticket2/opencms/img/icons/en.png HTTP/1.1" 200 2415
85.167.227.134 - - [10/Nov/2024:01:12:11 +0100] "GET /ticket2/opencms/system/modules/com.gridnine.opencms.ticketbrokerage.site/resources/js/standard.js HTTP/1.1" 200 3978
85.167.227.134 - - [10/Nov/2024:01:12:11 +0100] "GET /ticket2/opencms/system/modules/com.gridnine.opencms.ticketbrokerage.site/resources/js/jquery.placeholder.min.js HTTP/1.1" 200 1737
85.167.227.134 - - [10/Nov/2024:01:12:11 +0100] "GET /ticket2/opencms/system/modules/com.gridnine.opencms.ticketbrokerage.site/resources/js/common-ajax.js HTTP/1.1" 200 20175
85.167.227.134 - - [10/Nov/2024:01:12:11 +0100] "GET /ticket2/opencms/img/icons/fi.png HTTP/1.1" 200 1785
85.167.227.134 - - [10/Nov/2024:01:12:11 +0100] "GET /ticket2/opencms/img/insta.png HTTP/1.1" 200 3967
85.167.227.134 - - [10/Nov/2024:01:12:11 +0100] "GET /ticket2/opencms/system/modules/com.gridnine.opencms.ticketbrokerage.site/resources/pics/logo-new.png HTTP/1.1" 200 13541
85.167.227.134 - - [10/Nov/2024:01:12:11 +0100] "GET /ticket2/opencms/img/fb.png HTTP/1.1" 200 1269
85.167.227.134 - - [10/Nov/2024:01:12:11 +0100] "GET /ticket2/opencms/system/modules/com.gridnine.opencms.ticketbrokerage.site/resources/css/images/event-banner.png HTTP/1.1" 404 -
85.167.227.134 - - [10/Nov/2024:01:12:11 +0100] "GET /ticket2/opencms/system/modules/com.gridnine.opencms.ticketbrokerage.site/resources/pics/content/buy_tickets_no.png HTTP/1.1" 200 16655
85.167.227.134 - - [10/Nov/2024:01:12:11 +0100] "GET /ticket2/opencms/img/check.png HTTP/1.1" 200 548
85.167.227.134 - - [10/Nov/2024:01:12:11 +0100] "GET /ticket2/opencms/system/modules/com.gridnine.opencms.ticketbrokerage.site/resources/pics/footer-img.jpg HTTP/1.1" 200 67642
85.167.227.134 - - [10/Nov/2024:01:12:11 +0100] "GET /ticket2/opencms/img/mail.png HTTP/1.1" 200 403
85.167.227.134 - - [10/Nov/2024:01:12:11 +0100] "GET /ticket2/opencms/img/chat.png HTTP/1.1" 200 416
85.167.227.134 - - [10/Nov/2024:01:12:11 +0100] "GET /ticket2/opencms/img/arrow.png HTTP/1.1" 200 753
81.167.26.57 - - [10/Nov/2024:01:12:11 +0100] "GET /ticket2/opencms/mo/buy/?page=1&edid=28603009-1BBB-6024-D289-76A34CC16DB3 HTTP/1.1" 200 102094
85.167.227.134 - - [10/Nov/2024:01:12:11 +0100] "GET /ticket2/opencms/img/icons/no.png HTTP/1.1" 200 1958
85.167.227.134 - - [10/Nov/2024:01:12:11 +0100] "GET /ticket2/opencms/img/icons/fi.png HTTP/1.1" 200 1785
85.167.227.134 - - [10/Nov/2024:01:12:11 +0100] "GET /ticket2/opencms/img/icons/globe-white.png HTTP/1.1" 200 947
85.167.227.134 - - [10/Nov/2024:01:12:11 +0100] "GET /ticket2/opencms/img/icons/dk.png HTTP/1.1" 200 1706
85.167.227.134 - - [10/Nov/2024:01:12:11 +0100] "GET /ticket2/opencms/img/icons/nl.png HTTP/1.1" 200 1255
85.167.227.134 - - [10/Nov/2024:01:12:11 +0100] "GET /ticket2/opencms/img/icons/de.png HTTP/1.1" 200 1124
85.167.227.134 - - [10/Nov/2024:01:12:11 +0100] "GET /ticket2/opencms/img/icons/es.png HTTP/1.1" 200 1005
85.167.227.134 - - [10/Nov/2024:01:12:11 +0100] "GET /ticket2/opencms/img/icons/fr.png HTTP/1.1" 200 1764
85.167.227.134 - - [10/Nov/2024:01:12:11 +0100] "GET /ticket2/opencms/img/icons/pl.png HTTP/1.1" 200 1578
85.167.227.134 - - [10/Nov/2024:01:12:11 +0100] "GET /ticket2/opencms/img/icons/it.png HTTP/1.1" 200 2040
85.167.227.134 - - [10/Nov/2024:01:12:11 +0100] "GET /ticket2/opencms/img/icons/sq.png HTTP/1.1" 200 1619
85.167.227.134 - - [10/Nov/2024:01:12:11 +0100] "GET /ticket2/opencms/img/icons/az.png HTTP/1.1" 200 1445
85.167.227.134 - - [10/Nov/2024:01:12:11 +0100] "GET /ticket2/opencms/img/icons/bs.png HTTP/1.1" 200 1014
85.167.227.134 - - [10/Nov/2024:01:12:11 +0100] "GET /ticket2/opencms/img/icons/hr.png HTTP/1.1" 200 2024
85.167.227.134 - - [10/Nov/2024:01:12:11 +0100] "GET /ticket2/opencms/img/icons/be.png HTTP/1.1" 200 1663
85.167.227.134 - - [10/Nov/2024:01:12:11 +0100] "GET /ticket2/opencms/img/icons/bg.png HTTP/1.1" 200 788
85.167.227.134 - - [10/Nov/2024:01:12:11 +0100] "GET /ticket2/opencms/img/icons/cs.png HTTP/1.1" 200 1883
85.167.227.134 - - [10/Nov/2024:01:12:11 +0100] "GET /ticket2/opencms/img/icons/et.png HTTP/1.1" 200 754
85.167.227.134 - - [10/Nov/2024:01:12:11 +0100] "GET /ticket2/opencms/img/icons/ka.png HTTP/1.1" 200 860
85.167.227.134 - - [10/Nov/2024:01:12:11 +0100] "GET /ticket2/opencms/img/icons/el.png HTTP/1.1" 200 1637
85.167.227.134 - - [10/Nov/2024:01:12:11 +0100] "GET /ticket2/opencms/img/icons/is.png HTTP/1.1" 200 1884
85.167.227.134 - - [10/Nov/2024:01:12:11 +0100] "GET /ticket2/opencms/img/icons/hu.png HTTP/1.1" 200 733
85.167.227.134 - - [10/Nov/2024:01:12:11 +0100] "GET /ticket2/opencms/img/icons/ga.png HTTP/1.1" 200 1759
85.167.227.134 - - [10/Nov/2024:01:12:11 +0100] "GET /ticket2/opencms/img/icons/lv.png HTTP/1.1" 200 716
85.167.227.134 - - [10/Nov/2024:01:12:11 +0100] "GET /ticket2/opencms/img/icons/mt.png HTTP/1.1" 200 920
85.167.227.134 - - [10/Nov/2024:01:12:11 +0100] "GET /ticket2/opencms/img/icons/lt.png HTTP/1.1" 200 733
85.167.227.134 - - [10/Nov/2024:01:12:11 +0100] "GET /ticket2/opencms/img/icons/ro.png HTTP/1.1" 200 1393
85.167.227.134 - - [10/Nov/2024:01:12:11 +0100] "GET /ticket2/opencms/img/icons/mo.png HTTP/1.1" 200 1468
85.167.227.134 - - [10/Nov/2024:01:12:11 +0100] "GET /ticket2/opencms/img/icons/sr.png HTTP/1.1" 200 1602
85.167.227.134 - - [10/Nov/2024:01:12:11 +0100] "GET /ticket2/opencms/img/icons/sk.png HTTP/1.1" 200 1283
85.167.227.134 - - [10/Nov/2024:01:12:11 +0100] "GET /ticket2/opencms/img/icons/sl.png HTTP/1.1" 200 966
85.167.227.134 - - [10/Nov/2024:01:12:11 +0100] "GET /ticket2/opencms/img/icons/uk.png HTTP/1.1" 200 1272
85.167.227.134 - - [10/Nov/2024:01:12:11 +0100] "GET /ticket2/opencms/img/icons/tr.png HTTP/1.1" 200 1636
85.167.227.134 - - [10/Nov/2024:01:12:12 +0100] "GET /ticket2/opencms/system/modules/com.gridnine.opencms.ticketbrokerage.site/resources/js/standard.js HTTP/1.1" 200 3978
85.167.227.134 - - [10/Nov/2024:01:12:12 +0100] "GET /ticket2/opencms/img/icons/ticket2.thumbnail.png HTTP/1.1" 200 21519
65.108.110.26 - - [10/Nov/2024:01:12:13 +0100] "GET /ticket2/opencms/it/buy/?comcatid=A17713B6-D984-201A-4143-ED4DB5ED5C2E&catid=&npage=5 HTTP/1.1" 200 251098
85.167.227.134 - - [10/Nov/2024:01:12:13 +0100] "GET /ticket2/opencms/system/modules/com.gridnine.opencms.ticketbrokerage.site/resources/css/images/ui-bg_flat_75_ffffff_40x100.png HTTP/1.1" 404 -
194.247.173.99 - - [10/Nov/2024:01:12:13 +0100] "GET /ticket2/opencms/dk/ru/buy/?page=1&edid=81C43494-E044-CAD1-6388-497B66514F97&sortorder=asc&column=section HTTP/1.1" 404 -
95.217.195.123 - - [10/Nov/2024:01:12:13 +0100] "GET /ticket2/opencms/en/buy/?page=1&edid=68990A86-D741-9689-B00B-FC485A932524&sortorder=desc&column=row HTTP/1.1" 200 101958
66.249.79.5 - - [10/Nov/2024:01:12:14 +0100] "GET /ticket2/opencms/lt/buy/?page=1&edid=953A294D-6567-BF40-A983-70777896E678 HTTP/1.1" 200 111582
81.167.26.57 - - [10/Nov/2024:01:12:14 +0100] "GET /ticket2/opencms/mo/buy/?page=1&edid=2887ECB1-AF21-0A67-0C3C-54D013C4C3B1 HTTP/1.1" 200 98780
135.181.74.243 - - [10/Nov/2024:01:12:14 +0100] "GET /ticket2/opencms/dk/no/buy/?page=1&edid=C41C22F3-5460-B81F-E039-B18C2C81F32A&sortorder=desc&column=price HTTP/1.1" 404 -
95.217.195.123 - - [10/Nov/2024:01:12:15 +0100] "GET /ticket2/opencms/en/buy/?page=1&edid=68990A86-D741-9689-B00B-FC485A932524&sortorder=desc&column=section HTTP/1.1" 200 102142
54.36.148.160 - - [10/Nov/2024:01:12:16 +0100] "GET /ticket2/opencms/fi/venue/?venueid=7017A2F5-FDAD-0EE7-3D35-B52980248ADD HTTP/1.1" 200 78587
65.108.110.26 - - [10/Nov/2024:01:12:16 +0100] "GET /ticket2/opencms/it/buy/?comcatid=A17713B6-D984-201A-4143-ED4DB5ED5C2E&catid=0A6C99D2-F5BD-7A18-9A5F-5668827042E0&npage=1 HTTP/1.1" 200 252293
194.247.173.99 - - [10/Nov/2024:01:12:16 +0100] "GET /ticket2/opencms/dk/ru/buy/?page=1&edid=82C986F9-0D6E-C921-C10B-10465651AE1E&sortorder=asc&column=row HTTP/1.1" 404 -
5.9.55.228 - - [10/Nov/2024:01:12:17 +0100] "GET /ticket2/opencms/is/buy?catid=2ccc191c-f37f-b9ca-d41c-1204e575b328&comcatid=97eca65a-72da-f9af-9dbb-245d3cfed1be&page=6 HTTP/1.1" 200 84057
81.167.26.57 - - [10/Nov/2024:01:12:18 +0100] "GET /ticket2/opencms/mo/buy/?page=1&edid=28EE235F-C841-C2B4-6721-3F0BBE0DFB17 HTTP/1.1" 200 121943
192.95.30.177 - - [10/Nov/2024:01:12:18 +0100] "GET /ticket2/opencms/dk/en/buy/?page=1&edid=79A9A1E5-4D03-03CB-B5B5-89A68C5D2E2C&sortorder=desc&column=price HTTP/1.1" 404 -
95.217.195.123 - - [10/Nov/2024:01:12:18 +0100] "GET /ticket2/opencms/en/buy/?page=1&edid=68B3EC6D-B3A7-A420-1EC7-14830BCFA78A HTTP/1.1" 200 100697
65.108.110.26 - - [10/Nov/2024:01:12:19 +0100] "GET /ticket2/opencms/it/buy/?comcatid=B41CCF2B-5558-7AEE-3602-09BBDE417D65&catid=36DC4BE2-91A2-6146-2BE9-47B6F3C44EDB HTTP/1.1" 200 85532
135.181.74.243 - - [10/Nov/2024:01:12:20 +0100] "GET /ticket2/opencms/dk/no/buy/?page=1&edid=CA586440-2614-3334-BC2E-BE71BA9F9152&sortorder=asc&column=row HTTP/1.1" 404 -
194.247.173.99 - - [10/Nov/2024:01:12:20 +0100] "GET /ticket2/opencms/dk/ru/buy/?page=1&edid=82C986F9-0D6E-C921-C10B-10465651AE1E&sortorder=asc&column=section HTTP/1.1" 404 -
95.217.195.123 - - [10/Nov/2024:01:12:20 +0100] "GET /ticket2/opencms/en/buy/?page=1&edid=68B3EC6D-B3A7-A420-1EC7-14830BCFA78A&sortorder=asc&column=row HTTP/1.1" 200 101883
40.77.167.65 - - [10/Nov/2024:01:12:21 +0100] "GET /ticket2/opencms/sl/buy?page=1&edid=522F9F87-9B4B-A8C7-36F6-A1D54591B259 HTTP/1.1" 200 101793
81.167.26.57 - - [10/Nov/2024:01:12:21 +0100] "GET /ticket2/opencms/mo/buy/?page=1&edid=294968E7-670E-500D-EF6F-F776CC397F5A HTTP/1.1" 200 111260
95.217.195.123 - - [10/Nov/2024:01:12:22 +0100] "GET /ticket2/opencms/en/buy/?page=1&edid=68B3EC6D-B3A7-A420-1EC7-14830BCFA78A&sortorder=asc&column=section HTTP/1.1" 200 102067
54.36.148.19 - - [10/Nov/2024:01:12:22 +0100] "GET /ticket2/opencms/fi/venue/?venueid=FBAFDD4B-DAD3-1027-F610-2E658B7C0EA4 HTTP/1.1" 200 78615
65.108.110.26 - - [10/Nov/2024:01:12:22 +0100] "GET /ticket2/opencms/it/buy/?comcatid=B41CCF2B-5558-7AEE-3602-09BBDE417D65&catid=A34BCF61-E19C-5C5C-445E-06F3749E1EF4 HTTP/1.1" 200 85545
194.247.173.99 - - [10/Nov/2024:01:12:23 +0100] "GET /ticket2/opencms/dk/ru/buy/?page=1&edid=82F19FA2-FA7A-0459-E232-50321BC9E2B5&sortorder=asc&column=price HTTP/1.1" 404 -
81.167.26.57 - - [10/Nov/2024:01:12:24 +0100] "GET /ticket2/opencms/mo/buy/?page=1&edid=2A37DE46-FFAE-D698-F339-A3B401DDEB66 HTTP/1.1" 200 98762
95.217.195.123 - - [10/Nov/2024:01:12:24 +0100] "GET /ticket2/opencms/en/buy/?page=1&edid=A082D9A0-E4D1-0360-423C-F14EC7DAC615&sortorder=asc&column=section HTTP/1.1" 200 98304
157.55.39.50 - - [10/Nov/2024:01:12:25 +0100] "GET /ticket2/opencms/it/buy?page=1&edid=674A96E1-4B9C-1EEC-4D35-A637DDEAF802 HTTP/1.1" 200 102011
65.108.110.26 - - [10/Nov/2024:01:12:26 +0100] "GET /ticket2/opencms/it/buy/?comcatid=B41CCF2B-5558-7AEE-3602-09BBDE417D65&catid=BF886BAE-FC84-8CB3-A193-6DFA251F7985 HTTP/1.1" 200 85540
95.217.195.123 - - [10/Nov/2024:01:12:27 +0100] "GET /ticket2/opencms/en/buy/?page=1&edid=A11B886E-58FD-585E-C844-3A5188D11667&sortorder=desc&column=row HTTP/1.1" 200 101396
194.247.173.99 - - [10/Nov/2024:01:12:27 +0100] "GET /ticket2/opencms/dk/ru/buy/?page=1&edid=82F19FA2-FA7A-0459-E232-50321BC9E2B5&sortorder=asc&column=row HTTP/1.1" 404 -
52.167.144.159 - - [10/Nov/2024:01:12:28 +0100] "GET /ticket2/opencms/is/buy?page=1&edid=B5C7399B-C087-FF38-4294-BB861C1DB4F9 HTTP/1.1" 200 125479
81.167.26.57 - - [10/Nov/2024:01:12:28 +0100] "GET /ticket2/opencms/mo/buy/?page=1&edid=2A51ECF8-5DB5-F349-CC30-BF574AC78AE1 HTTP/1.1" 200 111268
54.36.148.213 - - [10/Nov/2024:01:12:28 +0100] "GET /ticket2/opencms/fi/venue/?venueid=F8EFDBCE-B1FF-C34F-BAE0-79E90F8EC2C1 HTTP/1.1" 200 78584
95.217.195.123 - - [10/Nov/2024:01:12:29 +0100] "GET /ticket2/opencms/en/buy/?page=1&edid=A195A8FE-B2EE-BA5B-F976-198FF4DA9CB4&sortorder=asc&column=section HTTP/1.1" 200 100452
135.181.74.243 - - [10/Nov/2024:01:12:29 +0100] "GET /ticket2/opencms/dk/no/buy/?page=1&edid=CA586440-2614-3334-BC2E-BE71BA9F9152&sortorder=asc&column=section HTTP/1.1" 404 -
65.108.110.26 - - [10/Nov/2024:01:12:29 +0100] "GET /ticket2/opencms/it/buy/?comcatid=B41CCF2B-5558-7AEE-3602-09BBDE417D65&catid=E03F2203-3943-A0F0-A47D-D9E7CDA79C6B HTTP/1.1" 200 85554
85.208.96.193 - - [10/Nov/2024:01:12:29 +0100] "GET /ticket2/opencms/ka/about/press/ HTTP/1.1" 200 81518
194.247.173.99 - - [10/Nov/2024:01:12:30 +0100] "GET /ticket2/opencms/dk/ru/buy/?page=1&edid=82F19FA2-FA7A-0459-E232-50321BC9E2B5&sortorder=asc&column=section HTTP/1.1" 404 -
95.217.195.123 - - [10/Nov/2024:01:12:30 +0100] "GET /ticket2/opencms/en/buy/?page=1&edid=A426BA6C-DA03-08DF-D7B3-655AA13EBE13&sortorder=desc&column=price HTTP/1.1" 200 102165
81.167.26.57 - - [10/Nov/2024:01:12:31 +0100] "GET /ticket2/opencms/mo/buy/?page=1&edid=2ACCB388-CC5F-1368-2FF5-1F1630B8D295 HTTP/1.1" 200 108308
192.95.30.177 - - [10/Nov/2024:01:12:32 +0100] "GET /ticket2/opencms/dk/en/buy/?page=1&edid=79A9A1E5-4D03-03CB-B5B5-89A68C5D2E2C&sortorder=desc&column=row HTTP/1.1" 404 -
65.108.110.26 - - [10/Nov/2024:01:12:32 +0100] "GET /ticket2/opencms/it/buy/?page=1&edid=00111C9B-5E02-77E7-9B39-8EFC1235AF29 HTTP/1.1" 200 107707
95.217.195.123 - - [10/Nov/2024:01:12:33 +0100] "GET /ticket2/opencms/en/buy/?page=1&edid=A5A7051D-8776-CDCC-F30E-FC88ECBAF73F&sortorder=asc&column=price HTTP/1.1" 200 102128
194.247.173.99 - - [10/Nov/2024:01:12:34 +0100] "GET /ticket2/opencms/dk/ru/buy/?page=1&edid=8708166C-A68B-329E-FCEA-CB568697383B&sortorder=asc&column=price HTTP/1.1" 404 -
54.36.148.107 - - [10/Nov/2024:01:12:34 +0100] "GET /ticket2/opencms/fi/venue/?venueid=70CF0C71-242F-3CB8-3E8B-757E40B6417C HTTP/1.1" 200 78608
135.181.74.243 - - [10/Nov/2024:01:12:34 +0100] "GET /ticket2/opencms/dk/no/buy/?page=1&edid=CA6EF36A-6385-DFBE-FFD1-54DF296DF33B&sortorder=desc&column=row HTTP/1.1" 404 -
81.167.26.57 - - [10/Nov/2024:01:12:34 +0100] "GET /ticket2/opencms/mo/buy/?page=1&edid=2B4D80E3-665D-28EB-9306-0D3E928A752F HTTP/1.1" 200 98777
65.108.110.26 - - [10/Nov/2024:01:12:36 +0100] "GET /ticket2/opencms/it/buy/?page=1&edid=024D7C2D-2C94-4F3D-036F-1C2D91C6E2B4 HTTP/1.1" 200 104718
95.217.195.123 - - [10/Nov/2024:01:12:36 +0100] "GET /ticket2/opencms/en/buy/?page=1&edid=A5A7051D-8776-CDCC-F30E-FC88ECBAF73F&sortorder=asc&column=section HTTP/1.1" 200 102220
194.247.173.99 - - [10/Nov/2024:01:12:37 +0100] "GET /ticket2/opencms/dk/ru/buy/?page=1&edid=8708166C-A68B-329E-FCEA-CB568697383B&sortorder=asc&column=row HTTP/1.1" 404 -
47.128.115.2 - - [10/Nov/2024:01:12:38 +0100] "GET /ticket2/opencms/is/buy/?edid=91870084-7155-79A9-A57C-A68AF475B93F HTTP/1.1" 200 81480
95.217.195.123 - - [10/Nov/2024:01:12:38 +0100] "GET /ticket2/opencms/en/buy/?page=1&edid=A5C87E21-32F5-7B2C-081E-311610BF30DA&sortorder=asc&column=price HTTP/1.1" 200 102110
81.167.26.57 - - [10/Nov/2024:01:12:38 +0100] "GET /ticket2/opencms/mo/buy/?page=1&edid=2C495116-CB98-C9E3-B9E8-389135800397 HTTP/1.1" 200 124577
65.108.110.26 - - [10/Nov/2024:01:12:39 +0100] "GET /ticket2/opencms/it/buy/?page=1&edid=039D4473-D662-2ED5-D620-F30FCE116F43 HTTP/1.1" 200 101037
54.36.148.206 - - [10/Nov/2024:01:12:40 +0100] "GET /ticket2/opencms/nl/buy/?page=1&edid=71FF0DDB-994C-2EA5-7C18-3DECE9AE5101 HTTP/1.1" 200 125793
95.217.195.123 - - [10/Nov/2024:01:12:40 +0100] "GET /ticket2/opencms/en/buy/?page=1&edid=A5C87E21-32F5-7B2C-081E-311610BF30DA&sortorder=asc&column=row HTTP/1.1" 200 102018
194.247.173.99 - - [10/Nov/2024:01:12:41 +0100] "GET /ticket2/opencms/dk/ru/buy/?page=1&edid=8867FCC5-91CC-4F4B-65F3-12F18C7B3482&sortorder=desc&column=price HTTP/1.1" 404 -
81.167.26.57 - - [10/Nov/2024:01:12:41 +0100] "GET /ticket2/opencms/mo/buy/?page=1&edid=2C4B9446-424B-066B-918D-EBEB23C16CCA HTTP/1.1" 200 102062
31.204.74.192 - - [10/Nov/2024:01:12:42 +0100] "GET /ticket2/opencms/no/buy/?page=1&edid=24DA4365-06A3-2349-F7E6-CA02D31FCB88&hlv=66d593cf-6e14-4cf4-8d96-4c190a01000f HTTP/1.1" 200 127032
135.181.74.243 - - [10/Nov/2024:01:12:42 +0100] "GET /ticket2/opencms/dk/no/buy/?page=1&edid=CCCC75B3-B115-4484-EAA1-179BE65E4AE6&sortorder=asc&column=price HTTP/1.1" 404 -
65.108.110.26 - - [10/Nov/2024:01:12:42 +0100] "GET /ticket2/opencms/it/buy/?page=1&edid=04B0DB48-8735-9FEB-09F8-41C9C1D4D32E HTTP/1.1" 200 107514
95.217.195.123 - - [10/Nov/2024:01:12:43 +0100] "GET /ticket2/opencms/en/buy/?page=1&edid=A6F0405B-6F91-7436-17DE-B2C293A2F2A2&sortorder=asc&column=section HTTP/1.1" 200 102234
194.247.173.99 - - [10/Nov/2024:01:12:44 +0100] "GET /ticket2/opencms/dk/ru/buy/?page=1&edid=8871F39D-CC75-6BEB-E911-E7E368F4B404&sortorder=desc&column=price HTTP/1.1" 404 -
81.167.26.57 - - [10/Nov/2024:01:12:45 +0100] "GET /ticket2/opencms/mo/buy/?page=1&edid=2E411FE0-1373-6C6F-7ECE-3BF98DA0CFAB HTTP/1.1" 200 104778
65.108.110.26 - - [10/Nov/2024:01:12:46 +0100] "GET /ticket2/opencms/it/buy/?page=1&edid=06705915-48BC-4B18-DCA3-6852610647C3 HTTP/1.1" 200 104245
95.217.195.123 - - [10/Nov/2024:01:12:47 +0100] "GET /ticket2/opencms/en/buy/?page=1&edid=B33DD1DC-05CA-B961-4569-DBEA9D57EDE4&sortorder=asc&column=row HTTP/1.1" 200 101356
40.77.167.36 - - [10/Nov/2024:01:12:47 +0100] "GET /ticket2/opencms/it/buy/?page=1&edid=0C1979DA-50CA-ECE7-2406-93F50E7E04D2 HTTP/1.1" 200 98193
54.36.148.120 - - [10/Nov/2024:01:12:47 +0100] "GET /ticket2/opencms/fi/venue/?venueid=7608D27A-AB31-0DEE-7A44-070EA75BF3B4 HTTP/1.1" 200 78495
194.247.173.99 - - [10/Nov/2024:01:12:48 +0100] "GET /ticket2/opencms/dk/ru/buy/?page=1&edid=89512C49-9985-8A64-3ABD-3F9CEE88DFB0&sortorder=asc&column=price HTTP/1.1" 404 -
81.167.26.57 - - [10/Nov/2024:01:12:48 +0100] "GET /ticket2/opencms/mo/buy/?page=1&edid=2E75356B-0466-ED51-C4D5-4A7F24AD43A4 HTTP/1.1" 200 100933
135.181.74.243 - - [10/Nov/2024:01:12:49 +0100] "GET /ticket2/opencms/dk/no/buy/?page=1&edid=CCCC75B3-B115-4484-EAA1-179BE65E4AE6&sortorder=asc&column=row HTTP/1.1" 404 -
65.108.110.26 - - [10/Nov/2024:01:12:49 +0100] "GET /ticket2/opencms/it/buy/?page=1&edid=070182EB-30EF-F34B-AE41-C4B61E82D2C9 HTTP/1.1" 200 113526
95.217.195.123 - - [10/Nov/2024:01:12:50 +0100] "GET /ticket2/opencms/en/buy/?page=1&edid=B348577C-7A08-4586-2EDA-C313D1FA270E&sortorder=asc&column=price HTTP/1.1" 200 100570
81.167.26.57 - - [10/Nov/2024:01:12:51 +0100] "GET /ticket2/opencms/mo/buy/?page=1&edid=2E8924E6-28D0-1DDA-A1D1-EAAA09293C64 HTTP/1.1" 200 101809
194.247.173.99 - - [10/Nov/2024:01:12:52 +0100] "GET /ticket2/opencms/dk/ru/buy/?page=1&edid=89512C49-9985-8A64-3ABD-3F9CEE88DFB0&sortorder=asc&column=section HTTP/1.1" 404 -
65.108.110.26 - - [10/Nov/2024:01:12:53 +0100] "GET /ticket2/opencms/it/buy/?page=1&edid=0AB966ED-711A-1DD6-BBD9-5029029D10A0 HTTP/1.1" 200 111355
192.95.30.177 - - [10/Nov/2024:01:12:53 +0100] "GET /ticket2/opencms/dk/en/buy/?page=1&edid=79B1C579-9EED-0F82-FA86-4C612C45B721 HTTP/1.1" 404 -
185.191.171.10 - - [10/Nov/2024:01:12:53 +0100] "GET /ticket2/opencms/dk/sport/fodboldbilletter/premier-league/arsenal/ HTTP/1.1" 200 95463
95.217.195.123 - - [10/Nov/2024:01:12:54 +0100] "GET /ticket2/opencms/en/buy/?page=1&edid=B348577C-7A08-4586-2EDA-C313D1FA270E&sortorder=asc&column=row HTTP/1.1" 200 100478
135.181.74.243 - - [10/Nov/2024:01:12:55 +0100] "GET /ticket2/opencms/dk/no/buy/?page=1&edid=CCCC75B3-B115-4484-EAA1-179BE65E4AE6&sortorder=asc&column=section HTTP/1.1" 404 -
81.167.26.57 - - [10/Nov/2024:01:12:55 +0100] "GET /ticket2/opencms/mo/buy/?page=1&edid=2E9700A3-1FCD-CE83-B786-B3F02A037955 HTTP/1.1" 200 98778
65.108.110.26 - - [10/Nov/2024:01:12:56 +0100] "GET /ticket2/opencms/it/buy/?page=1&edid=0BE732AB-67CD-FDAE-FCB3-FFE731054A7F HTTP/1.1" 200 104188
95.217.195.123 - - [10/Nov/2024:01:12:57 +0100] "GET /ticket2/opencms/en/buy/?page=1&edid=B348577C-7A08-4586-2EDA-C313D1FA270E&sortorder=asc&column=section HTTP/1.1" 200 100662
54.36.149.59 - - [10/Nov/2024:01:12:57 +0100] "GET /ticket2/opencms/fi/venue/?venueid=955ADC9C-78E1-F9EA-9BBA-CAE06CDA40D4 HTTP/1.1" 200 78542
194.247.173.99 - - [10/Nov/2024:01:12:58 +0100] "GET /ticket2/opencms/dk/ru/buy/?page=1&edid=8AE5D156-FC63-438F-34F8-237E20433F6C&sortorder=asc&column=price HTTP/1.1" 404 -
81.167.26.57 - - [10/Nov/2024:01:12:58 +0100] "GET /ticket2/opencms/mo/buy/?page=1&edid=2EB15005-07E4-0DB7-1EF8-52C1740D2595 HTTP/1.1" 200 108310
65.108.110.26 - - [10/Nov/2024:01:12:59 +0100] "GET /ticket2/opencms/it/buy/?page=1&edid=0C675B35-F010-2227-D951-9B816929F720 HTTP/1.1" 200 107472
95.217.195.123 - - [10/Nov/2024:01:13:00 +0100] "GET /ticket2/opencms/en/buy/?page=1&edid=B34FC5D8-17C2-148F-346E-D5A9AE0C7EAA&sortorder=asc&column=price HTTP/1.1" 200 101410
194.247.173.99 - - [10/Nov/2024:01:13:01 +0100] "GET /ticket2/opencms/dk/ru/buy/?page=1&edid=8BC1C66B-97CD-0682-218C-2DF42CFC3091&sortorder=asc&column=section HTTP/1.1" 404 -
135.181.74.243 - - [10/Nov/2024:01:13:01 +0100] "GET /ticket2/opencms/dk/no/buy/?page=1&edid=CFA7B791-9078-B078-FFE1-6B59C4CC5805&sortorder=asc&column=price HTTP/1.1" 404 -
5.9.55.228 - - [10/Nov/2024:01:13:02 +0100] "GET /ticket2/opencms/is/buy?catid=2e79aed8-ff58-b4e8-afb0-43e7cebe7864&comcatid=97eca65a-72da-f9af-9dbb-245d3cfed1be&page=6 HTTP/1.1" 200 84057
95.217.195.123 - - [10/Nov/2024:01:13:02 +0100] "GET /ticket2/opencms/en/buy/?page=1&edid=B34FC5D8-17C2-148F-346E-D5A9AE0C7EAA&sortorder=asc&column=row HTTP/1.1" 200 101318
81.167.26.57 - - [10/Nov/2024:01:13:02 +0100] "GET /ticket2/opencms/mo/buy/?page=1&edid=2F89DE74-66D3-F2EE-BBA0-20A3C149309A HTTP/1.1" 200 121944
65.108.110.26 - - [10/Nov/2024:01:13:03 +0100] "GET /ticket2/opencms/it/buy/?page=1&edid=0CBED0CE-AD48-5853-8CA7-767C378C5971 HTTP/1.1" 200 107697
192.95.30.177 - - [10/Nov/2024:01:13:04 +0100] "GET /ticket2/opencms/dk/en/buy/?page=1&edid=79B1C579-9EED-0F82-FA86-4C612C45B721&sortorder=asc&column=row HTTP/1.1" 404 -
194.247.173.99 - - [10/Nov/2024:01:13:05 +0100] "GET /ticket2/opencms/dk/ru/buy/?page=1&edid=8BC1C66B-97CD-0682-218C-2DF42CFC3091&sortorder=desc&column=section HTTP/1.1" 404 -
54.36.149.61 - - [10/Nov/2024:01:13:05 +0100] "GET /ticket2/opencms/fi/venue/?venueid=185C55E4-BE26-92A6-03B7-D923D0F500C6 HTTP/1.1" 200 78609
81.167.26.57 - - [10/Nov/2024:01:13:06 +0100] "GET /ticket2/opencms/mo/buy/?page=1&edid=2F8A1F6C-BB6B-28D1-66EB-00F711E0CBA3 HTTP/1.1" 200 106742
95.217.195.123 - - [10/Nov/2024:01:13:06 +0100] "GET /ticket2/opencms/en/buy/?page=1&edid=B34FC5D8-17C2-148F-346E-D5A9AE0C7EAA&sortorder=asc&column=section HTTP/1.1" 200 101502
65.108.110.26 - - [10/Nov/2024:01:13:06 +0100] "GET /ticket2/opencms/it/buy/?page=1&edid=10404C2E-90F1-82CF-4642-1D2B3FC97049 HTTP/1.1" 200 107491
135.181.74.243 - - [10/Nov/2024:01:13:06 +0100] "GET /ticket2/opencms/dk/no/buy/?page=1&edid=CFA7B791-9078-B078-FFE1-6B59C4CC5805&sortorder=asc&column=row HTTP/1.1" 404 -
185.191.171.6 - - [10/Nov/2024:01:13:07 +0100] "GET /ticket2/opencms/sr/sport/fudbalske-karte/premier-league/crystal_palace/ HTTP/1.1" 200 97673
46.230.128.12 - - [10/Nov/2024:01:13:07 +0100] "GET /ticket2/opencms/no/sport/fotballsbilletter/premier_league/?gad_source=5&gclid=EAIaIQobChMIovWLyMDQiQMVdw6iAx3UxwHNEAEYASAAEgIGXPD_BwE HTTP/1.1" 200 89946
46.230.128.12 - - [10/Nov/2024:01:13:08 +0100] "GET /ticket2/opencms/system/modules/com.gridnine.opencms.ticketbrokerage.site/resources/css/ticketbrokerage.css HTTP/1.1" 200 39339
46.230.128.12 - - [10/Nov/2024:01:13:08 +0100] "GET /ticket2/opencms/system/modules/com.gridnine.opencms.ticketbrokerage.site/resources/js/jquery/jquery.js HTTP/1.1" 200 93868
46.230.128.12 - - [10/Nov/2024:01:13:08 +0100] "GET /ticket2/opencms/system/modules/com.gridnine.opencms.ticketbrokerage.site/resources/css/calendar.css HTTP/1.1" 200 6871
46.230.128.12 - - [10/Nov/2024:01:13:08 +0100] "GET /ticket2/opencms/system/modules/com.gridnine.opencms.ticketbrokerage.site/resources/js/jquery.placeholder.min.js HTTP/1.1" 200 1737
46.230.128.12 - - [10/Nov/2024:01:13:08 +0100] "GET /ticket2/opencms/system/modules/com.gridnine.opencms.ticketbrokerage.site/resources/js/functions.js HTTP/1.1" 200 1583
46.230.128.12 - - [10/Nov/2024:01:13:08 +0100] "GET /ticket2/opencms/system/modules/com.gridnine.opencms.ticketbrokerage.site/resources/css/jquery-ui.css HTTP/1.1" 200 33221
46.230.128.12 - - [10/Nov/2024:01:13:08 +0100] "GET /ticket2/opencms/system/modules/com.gridnine.opencms.ticketbrokerage.site/resources/css/jquery.fancybox.css HTTP/1.1" 200 4939
46.230.128.12 - - [10/Nov/2024:01:13:08 +0100] "GET /ticket2/opencms/system/modules/com.gridnine.opencms.ticketbrokerage.site/resources/js/jquery/jquery-ui.js HTTP/1.1" 200 228088
46.230.128.12 - - [10/Nov/2024:01:13:08 +0100] "GET /ticket2/opencms/system/modules/com.gridnine.opencms.ticketbrokerage.site/resources/css/standard.css HTTP/1.1" 200 73073
46.230.128.12 - - [10/Nov/2024:01:13:08 +0100] "GET /ticket2/opencms/system/modules/com.gridnine.opencms.ticketbrokerage.site/resources/js/calendar-en.js HTTP/1.1" 200 3338
46.230.128.12 - - [10/Nov/2024:01:13:08 +0100] "GET /ticket2/opencms/system/modules/com.gridnine.opencms.ticketbrokerage.site/resources/js/calendar.js HTTP/1.1" 200 49229
46.230.128.12 - - [10/Nov/2024:01:13:08 +0100] "GET /ticket2/opencms/system/modules/com.gridnine.opencms.ticketbrokerage.site/resources/js/calendar-setup.js HTTP/1.1" 200 4923
46.230.128.12 - - [10/Nov/2024:01:13:08 +0100] "GET /ticket2/opencms/system/modules/com.gridnine.opencms.ticketbrokerage.site/resources/js/common-ajax.js HTTP/1.1" 200 20175
46.230.128.12 - - [10/Nov/2024:01:13:08 +0100] "GET /ticket2/opencms/system/modules/com.gridnine.opencms.ticketbrokerage.site/resources/js/stickyfill.min.js HTTP/1.1" 200 5672
46.230.128.12 - - [10/Nov/2024:01:13:08 +0100] "GET /ticket2/opencms/system/modules/com.gridnine.opencms.ticketbrokerage.site/resources/js/jquery.fancybox.pack.js HTTP/1.1" 200 23187
46.230.128.12 - - [10/Nov/2024:01:13:08 +0100] "GET /ticket2/opencms/system/modules/com.gridnine.opencms.ticketbrokerage.site/resources/js/standard.js HTTP/1.1" 200 3978
46.230.128.12 - - [10/Nov/2024:01:13:08 +0100] "GET /ticket2/opencms/system/modules/com.gridnine.opencms.ticketbrokerage.site/resources/pics/logo-new.png HTTP/1.1" 200 13541
46.230.128.12 - - [10/Nov/2024:01:13:08 +0100] "GET /ticket2/opencms/img/fb.png HTTP/1.1" 200 1269
46.230.128.12 - - [10/Nov/2024:01:13:08 +0100] "GET /ticket2/opencms/system/modules/com.gridnine.opencms.ticketbrokerage.site/resources/pics/footer-img.jpg HTTP/1.1" 200 67642
46.230.128.12 - - [10/Nov/2024:01:13:08 +0100] "GET /ticket2/opencms/img/insta.png HTTP/1.1" 200 3967
46.230.128.12 - - [10/Nov/2024:01:13:08 +0100] "GET /ticket2/opencms/system/modules/com.gridnine.opencms.ticketbrokerage.site/resources/pics/banners/sv/premier_league_sv.png HTTP/1.1" 200 13518
194.247.173.99 - - [10/Nov/2024:01:13:08 +0100] "GET /ticket2/opencms/dk/ru/buy/?page=1&edid=8D10ED70-17CE-64D1-6B0A-A49372BFC93B&sortorder=desc&column=row HTTP/1.1" 404 -
95.217.195.123 - - [10/Nov/2024:01:13:09 +0100] "GET /ticket2/opencms/en/buy/?page=1&edid=B36BDAB4-5EB1-A013-C6F6-87527CDF5E2D&sortorder=asc&column=row HTTP/1.1" 200 101134
46.230.128.12 - - [10/Nov/2024:01:13:09 +0100] "GET /ticket2/opencms/img/check.png HTTP/1.1" 200 548
46.230.128.12 - - [10/Nov/2024:01:13:09 +0100] "GET /ticket2/opencms/img/arrow.png HTTP/1.1" 200 753
46.230.128.12 - - [10/Nov/2024:01:13:09 +0100] "GET /ticket2/opencms/img/mail.png HTTP/1.1" 200 403
46.230.128.12 - - [10/Nov/2024:01:13:09 +0100] "GET /ticket2/opencms/img/chat.png HTTP/1.1" 200 416
81.167.26.57 - - [10/Nov/2024:01:13:09 +0100] "GET /ticket2/opencms/mo/buy/?page=1&edid=2F903B76-B444-9E06-66EB-768066A106B0 HTTP/1.1" 200 98778
46.230.128.12 - - [10/Nov/2024:01:13:09 +0100] "GET /ticket2/opencms/img/icons/ticket2.thumbnail.png HTTP/1.1" 200 21519
65.108.110.26 - - [10/Nov/2024:01:13:10 +0100] "GET /ticket2/opencms/it/buy/?page=1&edid=1046C14E-D95C-B350-CBCD-2ECE5F3DCC46 HTTP/1.1" 200 113524
46.230.128.12 - - [10/Nov/2024:01:13:10 +0100] "GET /ticket2/opencms/img/icons/en.png HTTP/1.1" 200 2415
46.230.128.12 - - [10/Nov/2024:01:13:10 +0100] "GET /ticket2/opencms/img/icons/globe-white.png HTTP/1.1" 200 947
46.230.128.12 - - [10/Nov/2024:01:13:10 +0100] "GET /ticket2/opencms/img/icons/nl.png HTTP/1.1" 200 1255
46.230.128.12 - - [10/Nov/2024:01:13:10 +0100] "GET /ticket2/opencms/img/icons/se.png HTTP/1.1" 200 1258
46.230.128.12 - - [10/Nov/2024:01:13:10 +0100] "GET /ticket2/opencms/img/icons/fi.png HTTP/1.1" 200 1785
46.230.128.12 - - [10/Nov/2024:01:13:10 +0100] "GET /ticket2/opencms/img/icons/de.png HTTP/1.1" 200 1124
46.230.128.12 - - [10/Nov/2024:01:13:10 +0100] "GET /ticket2/opencms/img/icons/fr.png HTTP/1.1" 200 1764
46.230.128.12 - - [10/Nov/2024:01:13:10 +0100] "GET /ticket2/opencms/img/icons/it.png HTTP/1.1" 200 2040
46.230.128.12 - - [10/Nov/2024:01:13:10 +0100] "GET /ticket2/opencms/img/icons/pl.png HTTP/1.1" 200 1578
46.230.128.12 - - [10/Nov/2024:01:13:10 +0100] "GET /ticket2/opencms/img/icons/es.png HTTP/1.1" 200 1005
46.230.128.12 - - [10/Nov/2024:01:13:10 +0100] "GET /ticket2/opencms/img/icons/sq.png HTTP/1.1" 200 1619
46.230.128.12 - - [10/Nov/2024:01:13:10 +0100] "GET /ticket2/opencms/img/icons/az.png HTTP/1.1" 200 1445
46.230.128.12 - - [10/Nov/2024:01:13:10 +0100] "GET /ticket2/opencms/img/icons/bs.png HTTP/1.1" 200 1014
46.230.128.12 - - [10/Nov/2024:01:13:10 +0100] "GET /ticket2/opencms/img/icons/be.png HTTP/1.1" 200 1663
46.230.128.12 - - [10/Nov/2024:01:13:10 +0100] "GET /ticket2/opencms/img/icons/bg.png HTTP/1.1" 200 788
46.230.128.12 - - [10/Nov/2024:01:13:10 +0100] "GET /ticket2/opencms/img/icons/cs.png HTTP/1.1" 200 1883
46.230.128.12 - - [10/Nov/2024:01:13:10 +0100] "GET /ticket2/opencms/img/icons/et.png HTTP/1.1" 200 754
46.230.128.12 - - [10/Nov/2024:01:13:10 +0100] "GET /ticket2/opencms/img/icons/hr.png HTTP/1.1" 200 2024
46.230.128.12 - - [10/Nov/2024:01:13:10 +0100] "GET /ticket2/opencms/img/icons/el.png HTTP/1.1" 200 1637
46.230.128.12 - - [10/Nov/2024:01:13:10 +0100] "GET /ticket2/opencms/img/icons/ka.png HTTP/1.1" 200 860
46.230.128.12 - - [10/Nov/2024:01:13:10 +0100] "GET /ticket2/opencms/img/icons/hu.png HTTP/1.1" 200 733
46.230.128.12 - - [10/Nov/2024:01:13:10 +0100] "GET /ticket2/opencms/img/icons/is.png HTTP/1.1" 200 1884
46.230.128.12 - - [10/Nov/2024:01:13:10 +0100] "GET /ticket2/opencms/img/icons/ga.png HTTP/1.1" 200 1759
46.230.128.12 - - [10/Nov/2024:01:13:10 +0100] "GET /ticket2/opencms/img/icons/lt.png HTTP/1.1" 200 733
46.230.128.12 - - [10/Nov/2024:01:13:10 +0100] "GET /ticket2/opencms/img/icons/lv.png HTTP/1.1" 200 716
46.230.128.12 - - [10/Nov/2024:01:13:10 +0100] "GET /ticket2/opencms/img/icons/mt.png HTTP/1.1" 200 920
46.230.128.12 - - [10/Nov/2024:01:13:10 +0100] "GET /ticket2/opencms/img/icons/mo.png HTTP/1.1" 200 1468
46.230.128.12 - - [10/Nov/2024:01:13:10 +0100] "GET /ticket2/opencms/img/icons/ro.png HTTP/1.1" 200 1393
46.230.128.12 - - [10/Nov/2024:01:13:10 +0100] "GET /ticket2/opencms/img/icons/sr.png HTTP/1.1" 200 1602
46.230.128.12 - - [10/Nov/2024:01:13:10 +0100] "GET /ticket2/opencms/img/icons/sk.png HTTP/1.1" 200 1283
46.230.128.12 - - [10/Nov/2024:01:13:10 +0100] "GET /ticket2/opencms/img/icons/sl.png HTTP/1.1" 200 966
46.230.128.12 - - [10/Nov/2024:01:13:10 +0100] "GET /ticket2/opencms/img/icons/uk.png HTTP/1.1" 200 1272
46.230.128.12 - - [10/Nov/2024:01:13:10 +0100] "GET /ticket2/opencms/img/icons/tr.png HTTP/1.1" 200 1636
46.230.128.12 - - [10/Nov/2024:01:13:11 +0100] "GET /ticket2/opencms/img/icons/no.png HTTP/1.1" 200 1958
46.230.128.12 - - [10/Nov/2024:01:13:11 +0100] "GET /ticket2/opencms/img/icons/dk.png HTTP/1.1" 200 1706
54.36.148.141 - - [10/Nov/2024:01:13:11 +0100] "GET /ticket2/opencms/fi/venue/?venueid=D2C20C7F-68AD-13DD-DE5C-40A1EAAE528A HTTP/1.1" 200 78530
81.167.26.57 - - [10/Nov/2024:01:13:12 +0100] "GET /ticket2/opencms/mo/buy/?page=1&edid=2F959FEF-0277-463A-7AA1-8B479CA506D8 HTTP/1.1" 200 98765
46.230.128.12 - - [10/Nov/2024:01:13:12 +0100] "GET /ticket2/opencms/system/modules/com.gridnine.opencms.ticketbrokerage.site/resources/css/images/ui-bg_flat_75_ffffff_40x100.png HTTP/1.1" 404 -
194.247.173.99 - - [10/Nov/2024:01:13:13 +0100] "GET /ticket2/opencms/dk/ru/buy/?page=1&edid=8D399335-C84B-CDD2-683F-085DB5766ED1&sortorder=asc&column=price HTTP/1.1" 404 -
135.181.74.243 - - [10/Nov/2024:01:13:13 +0100] "GET /ticket2/opencms/dk/no/buy/?page=1&edid=CFA7B791-9078-B078-FFE1-6B59C4CC5805&sortorder=asc&column=section HTTP/1.1" 404 -
95.217.195.123 - - [10/Nov/2024:01:13:13 +0100] "GET /ticket2/opencms/en/buy/?page=1&edid=B36BDAB4-5EB1-A013-C6F6-87527CDF5E2D&sortorder=asc&column=section HTTP/1.1" 200 101318
65.108.110.26 - - [10/Nov/2024:01:13:14 +0100] "GET /ticket2/opencms/it/buy/?page=1&edid=10597F35-2AC7-31D2-FB61-15A36BB6D73B HTTP/1.1" 200 125689
192.95.30.177 - - [10/Nov/2024:01:13:15 +0100] "GET /ticket2/opencms/dk/en/buy/?page=1&edid=79B1C579-9EED-0F82-FA86-4C612C45B721&sortorder=desc&column=row HTTP/1.1" 404 -
95.217.195.123 - - [10/Nov/2024:01:13:16 +0100] "GET /ticket2/opencms/en/buy/?page=1&edid=B644B343-4234-392B-FFCD-C3ACE3A0B2E7&sortorder=desc&column=price HTTP/1.1" 200 100378
81.167.26.57 - - [10/Nov/2024:01:13:16 +0100] "GET /ticket2/opencms/mo/buy/?page=1&edid=2FC0C730-CDF2-92B9-F11A-5B4B69410553 HTTP/1.1" 200 114546
194.247.173.99 - - [10/Nov/2024:01:13:16 +0100] "GET /ticket2/opencms/dk/ru/buy/?page=1&edid=8D6CB2E5-17F5-541B-ED1D-516FC39C57B8&sortorder=asc&column=price HTTP/1.1" 404 -
65.108.110.26 - - [10/Nov/2024:01:13:17 +0100] "GET /ticket2/opencms/it/buy/?page=1&edid=10C00DD9-2619-A832-C970-E24EDAAD57C7 HTTP/1.1" 200 100437
194.247.173.99 - - [10/Nov/2024:01:13:19 +0100] "GET /ticket2/opencms/dk/ru/buy/?page=1&edid=8D6CB2E5-17F5-541B-ED1D-516FC39C57B8&sortorder=asc&column=row HTTP/1.1" 404 -
81.167.26.57 - - [10/Nov/2024:01:13:19 +0100] "GET /ticket2/opencms/mo/buy/?page=1&edid=30C733D6-B654-EB7B-CA40-DF4ED4D7D98D HTTP/1.1" 200 103407
54.36.149.29 - - [10/Nov/2024:01:13:20 +0100] "GET /ticket2/opencms/fi/venue/?venueid=80B2E1FA-5C12-5CA8-5156-ED69E629CB1C HTTP/1.1" 200 78579
95.217.195.123 - - [10/Nov/2024:01:13:20 +0100] "GET /ticket2/opencms/en/buy/?page=1&edid=B866CB00-06FF-ABA5-8ECA-28AAD56A2D49&sortorder=asc&column=section HTTP/1.1" 200 102227
65.108.110.26 - - [10/Nov/2024:01:13:20 +0100] "GET /ticket2/opencms/it/buy/?page=1&edid=10D2F1A4-37B5-63BF-BBD7-BDB95680D6AA HTTP/1.1" 200 104188
135.181.74.243 - - [10/Nov/2024:01:13:21 +0100] "GET /ticket2/opencms/dk/no/buy/?page=1&edid=CFB099CF-6336-0F06-79C8-1BF5A160C387&sortorder=asc&column=price HTTP/1.1" 404 -
194.247.173.99 - - [10/Nov/2024:01:13:22 +0100] "GET /ticket2/opencms/dk/ru/buy/?page=1&edid=8D6CB2E5-17F5-541B-ED1D-516FC39C57B8&sortorder=asc&column=section HTTP/1.1" 404 -
81.167.26.57 - - [10/Nov/2024:01:13:23 +0100] "GET /ticket2/opencms/mo/buy/?page=1&edid=31032CFA-9DB7-AFEB-3095-C18129EF0D6C HTTP/1.1" 200 101188
95.217.195.123 - - [10/Nov/2024:01:13:23 +0100] "GET /ticket2/opencms/en/buy/?page=1&edid=B866CB00-06FF-ABA5-8ECA-28AAD56A2D49&sortorder=desc&column=price HTTP/1.1" 200 102180
65.108.110.26 - - [10/Nov/2024:01:13:23 +0100] "GET /ticket2/opencms/it/buy/?page=1&edid=1291CD6B-4651-52CC-8D36-B0FB58FEEDFA HTTP/1.1" 200 119507
95.217.195.123 - - [10/Nov/2024:01:13:25 +0100] "GET /ticket2/opencms/en/buy/?page=1&edid=CFBDE424-B72D-37DB-05E9-2B9CDDD08A8B&sortorder=asc&column=section HTTP/1.1" 200 101619
40.77.167.36 - - [10/Nov/2024:01:13:25 +0100] "GET /ticket2/opencms/mt/buy?page=6&comcatid=97ECA65A-72DA-F9AF-9DBB-245D3CFED1BE&catid=81B744E7-1FEE-E757-C0AB-C7AF73CDE252 HTTP/1.1" 200 88932
54.36.149.52 - - [10/Nov/2024:01:13:26 +0100] "GET /ticket2/opencms/fi/venue/?venueid=73D30778-E729-2B5E-6F67-7A83775E811A HTTP/1.1" 200 78521
194.247.173.99 - - [10/Nov/2024:01:13:26 +0100] "GET /ticket2/opencms/dk/ru/buy/?page=1&edid=8DA352BB-DB51-9EC0-B0E1-B948448A62C6&sortorder=asc&column=row HTTP/1.1" 404 -
81.167.26.57 - - [10/Nov/2024:01:13:26 +0100] "GET /ticket2/opencms/mo/buy/?page=1&edid=312E2B30-1BE8-80F9-5587-64D580752ED3 HTTP/1.1" 200 108271
65.108.110.26 - - [10/Nov/2024:01:13:27 +0100] "GET /ticket2/opencms/it/buy/?page=1&edid=139F3535-86E9-B228-454D-FE0034AF61D0 HTTP/1.1" 200 109928
135.181.74.243 - - [10/Nov/2024:01:13:27 +0100] "GET /ticket2/opencms/dk/no/buy/?page=1&edid=CFB099CF-6336-0F06-79C8-1BF5A160C387&sortorder=asc&column=row HTTP/1.1" 404 -
192.95.30.177 - - [10/Nov/2024:01:13:27 +0100] "GET /ticket2/opencms/dk/en/buy/?page=1&edid=79B1C579-9EED-0F82-FA86-4C612C45B721&sortorder=desc&column=section HTTP/1.1" 404 -
95.217.195.123 - - [10/Nov/2024:01:13:27 +0100] "GET /ticket2/opencms/en/buy/?page=1&edid=D0C52E1D-8DAD-F095-7BFA-BB37BED635A0&sortorder=asc&column=section HTTP/1.1" 200 100664
95.217.195.123 - - [10/Nov/2024:01:13:29 +0100] "GET /ticket2/opencms/en/buy/?page=1&edid=D156CAE1-A0B1-59DD-D44A-719128E6266A&sortorder=asc&column=row HTTP/1.1" 200 100732
81.167.26.57 - - [10/Nov/2024:01:13:30 +0100] "GET /ticket2/opencms/mo/buy/?page=1&edid=31B9C446-A8DC-95DD-A849-35A34B746A74 HTTP/1.1" 200 121936
65.108.110.26 - - [10/Nov/2024:01:13:30 +0100] "GET /ticket2/opencms/it/buy/?page=1&edid=1451D7F8-73F8-CDFB-097A-1DC5AB9EA78D HTTP/1.1" 200 110713
194.247.173.99 - - [10/Nov/2024:01:13:30 +0100] "GET /ticket2/opencms/dk/ru/buy/?page=1&edid=8DA352BB-DB51-9EC0-B0E1-B948448A62C6&sortorder=asc&column=section HTTP/1.1" 404 -
95.217.195.123 - - [10/Nov/2024:01:13:33 +0100] "GET /ticket2/opencms/en/buy/?page=1&edid=DAFDD77A-6D0A-08E5-2794-012E560891FE&sortorder=asc&column=price HTTP/1.1" 200 101015
81.167.26.57 - - [10/Nov/2024:01:13:33 +0100] "GET /ticket2/opencms/mo/buy/?page=1&edid=32359E59-20A4-8706-5D64-A284D441A719 HTTP/1.1" 200 113870
194.247.173.99 - - [10/Nov/2024:01:13:34 +0100] "GET /ticket2/opencms/dk/ru/buy/?page=1&edid=8DDE8B67-2000-FC13-BC50-206499AE7292&sortorder=asc&column=price HTTP/1.1" 404 -
54.36.148.145 - - [10/Nov/2024:01:13:34 +0100] "GET /ticket2/opencms/fi/venue/?venueid=84B906DE-B460-D444-68C7-D7444F9F1F9B HTTP/1.1" 200 78566
65.108.110.26 - - [10/Nov/2024:01:13:34 +0100] "GET /ticket2/opencms/it/buy/?page=1&edid=150C2B47-38EB-0C0E-C664-5F863E9426DB HTTP/1.1" 200 124790
95.217.195.123 - - [10/Nov/2024:01:13:35 +0100] "GET /ticket2/opencms/en/buy/?page=1&edid=DB57BF20-55CC-03D7-EC26-06E9610CC056&sortorder=asc&column=price HTTP/1.1" 200 101442
135.181.74.243 - - [10/Nov/2024:01:13:36 +0100] "GET /ticket2/opencms/dk/no/buy/?page=1&edid=CFB099CF-6336-0F06-79C8-1BF5A160C387&sortorder=asc&column=section HTTP/1.1" 404 -
