54.36.148.157 - - [10/Nov/2024:01:27:07 +0100] "GET /ticket2/opencms/no/buy?page=1&edid=19422468-9239-E426-DB02-7FA0504E2BEC HTTP/1.1" 200 101177
192.95.30.177 - - [10/Nov/2024:01:27:08 +0100] "GET /ticket2/opencms/dk/fi/buy/?page=1&edid=035EA6C4-0B9C-9EE2-0E21-91544FF197C8&sortorder=asc&column=section HTTP/1.1" 404 -
52.167.144.145 - - [10/Nov/2024:01:27:08 +0100] "GET /ticket2/opencms/lt/buy?page=1&edid=3332FDE7-1F4A-7217-A205-4DAC5ABE8927 HTTP/1.1" 200 108023
65.108.64.210 - - [10/Nov/2024:01:27:08 +0100] "GET /ticket2/opencms/fi/buy/?page=1&edid=BAD2A333-B983-1C4F-085D-667F2BDD36E6&sortorder=asc&column=price HTTP/1.1" 200 99949
65.108.46.72 - - [10/Nov/2024:01:27:09 +0100] "GET /ticket2/opencms/nl/buy/?page=1&edid=2E411FE0-1373-6C6F-7ECE-3BF98DA0CFAB HTTP/1.1" 200 102440
65.108.64.210 - - [10/Nov/2024:01:27:10 +0100] "GET /ticket2/opencms/fi/buy/?page=1&edid=BB1EC027-667A-D516-1408-190AC626767E HTTP/1.1" 200 101286
65.108.64.210 - - [10/Nov/2024:01:27:12 +0100] "GET /ticket2/opencms/fi/buy/?page=1&edid=BB1EC027-667A-D516-1408-190AC626767E&sortorder=desc&column=row HTTP/1.1" 200 102517
135.181.74.243 - - [10/Nov/2024:01:27:12 +0100] "GET /ticket2/opencms/dk/no/buy/?page=1&edid=983F1E93-C933-1496-A170-52B6E59EB310&sortorder=desc&column=section HTTP/1.1" 404 -
65.108.46.72 - - [10/Nov/2024:01:27:12 +0100] "GET /ticket2/opencms/nl/buy/?page=1&edid=2E75356B-0466-ED51-C4D5-4A7F24AD43A4 HTTP/1.1" 200 98580
192.95.30.177 - - [10/Nov/2024:01:27:12 +0100] "GET /ticket2/opencms/dk/fi/buy/?page=1&edid=050CB67E-35BA-437D-E1E2-B5E18B72F0DE&sortorder=desc&column=row HTTP/1.1" 404 -
65.108.64.210 - - [10/Nov/2024:01:27:13 +0100] "GET /ticket2/opencms/fi/buy/?page=1&edid=BB1EC027-667A-D516-1408-190AC626767E&sortorder=desc&column=section HTTP/1.1" 200 102701
54.36.149.1 - - [10/Nov/2024:01:27:14 +0100] "GET /ticket2/opencms/no/buy?page=1&edid=2197E523-8740-2A01-BD5D-12E3C3F2DBFE HTTP/1.1" 200 135801
65.108.64.210 - - [10/Nov/2024:01:27:15 +0100] "GET /ticket2/opencms/fi/buy/?page=1&edid=BC0640B2-F0A4-FC1E-E720-5165EC166C36&sortorder=asc&column=row HTTP/1.1" 200 99831
65.108.46.72 - - [10/Nov/2024:01:27:15 +0100] "GET /ticket2/opencms/nl/buy/?page=1&edid=2E8924E6-28D0-1DDA-A1D1-EAAA09293C64 HTTP/1.1" 200 99476
47.128.33.119 - - [10/Nov/2024:01:27:16 +0100] "GET /ticket2/opencms/fr/login/ HTTP/1.1" 200 83188
192.95.30.177 - - [10/Nov/2024:01:27:16 +0100] "GET /ticket2/opencms/dk/fi/buy/?page=1&edid=51B34877-7C9F-78FD-7C5F-EE108BC846BA&sortorder=desc&column=section HTTP/1.1" 404 -
65.108.64.210 - - [10/Nov/2024:01:27:17 +0100] "GET /ticket2/opencms/fi/buy/?page=1&edid=BCC7AB07-6188-52F3-EF1C-AE99BA796177&sortorder=desc&column=price HTTP/1.1" 200 102615
135.181.74.243 - - [10/Nov/2024:01:27:17 +0100] "GET /ticket2/opencms/dk/no/buy/?page=1&edid=9851F89D-25C5-636F-1201-72CBFD364D7C&sortorder=desc&column=row HTTP/1.1" 404 -
47.128.33.119 - - [10/Nov/2024:01:27:18 +0100] "GET /ticket2/opencms/system/modules/com.gridnine.opencms.ticketbrokerage.site/resources/pics/button1_left.gif HTTP/1.1" 200 232
65.108.64.210 - - [10/Nov/2024:01:27:18 +0100] "GET /ticket2/opencms/fi/buy/?page=1&edid=BD00BEBE-764F-EE0C-759A-E664776EFB3A HTTP/1.1" 200 100891
65.108.46.72 - - [10/Nov/2024:01:27:18 +0100] "GET /ticket2/opencms/nl/buy/?page=1&edid=2E9700A3-1FCD-CE83-B786-B3F02A037955 HTTP/1.1" 200 96447
65.108.64.210 - - [10/Nov/2024:01:27:20 +0100] "GET /ticket2/opencms/fi/buy/?page=1&edid=BD31577E-89AE-21C8-EC43-EC092DF762EE HTTP/1.1" 200 102472
192.95.30.177 - - [10/Nov/2024:01:27:20 +0100] "GET /ticket2/opencms/dk/fi/buy/?page=1&edid=52E9C51D-192F-C954-8F05-403EF150A75E HTTP/1.1" 404 -
54.36.149.13 - - [10/Nov/2024:01:27:20 +0100] "GET /ticket2/opencms/no/buy?page=1&edid=2684212B-FA50-DC4B-3CFA-1303E9638140 HTTP/1.1" 200 119958
65.108.64.210 - - [10/Nov/2024:01:27:22 +0100] "GET /ticket2/opencms/fi/buy/?page=1&edid=BD31577E-89AE-21C8-EC43-EC092DF762EE&sortorder=desc&column=price HTTP/1.1" 200 103795
65.108.46.72 - - [10/Nov/2024:01:27:22 +0100] "GET /ticket2/opencms/nl/buy/?page=1&edid=2EB15005-07E4-0DB7-1EF8-52C1740D2595 HTTP/1.1" 200 105964
135.181.74.243 - - [10/Nov/2024:01:27:23 +0100] "GET /ticket2/opencms/dk/no/buy/?page=1&edid=99E4E057-784A-91C1-7B12-45802B1F86CF&sortorder=asc&column=row HTTP/1.1" 404 -
65.108.64.210 - - [10/Nov/2024:01:27:24 +0100] "GET /ticket2/opencms/fi/buy/?page=1&edid=BD31577E-89AE-21C8-EC43-EC092DF762EE&sortorder=desc&column=row HTTP/1.1" 200 103703
192.95.30.177 - - [10/Nov/2024:01:27:24 +0100] "GET /ticket2/opencms/dk/fi/buy/?page=1&edid=6CC3E9A8-1436-5A17-00B4-F4DF53732709&sortorder=asc&column=price HTTP/1.1" 404 -
65.108.64.210 - - [10/Nov/2024:01:27:25 +0100] "GET /ticket2/opencms/fi/buy/?page=1&edid=C799E6C1-9FB5-137E-5D19-A5AD9D6CA02D HTTP/1.1" 200 102151
54.36.148.32 - - [10/Nov/2024:01:27:26 +0100] "GET /ticket2/opencms/no/buy?page=1&edid=3583D5C7-607A-E528-A709-844E6A72DC1B HTTP/1.1" 200 130391
65.108.46.72 - - [10/Nov/2024:01:27:26 +0100] "GET /ticket2/opencms/nl/buy/?page=1&edid=2F89DE74-66D3-F2EE-BBA0-20A3C149309A HTTP/1.1" 200 119722
65.108.64.210 - - [10/Nov/2024:01:27:27 +0100] "GET /ticket2/opencms/fi/buy/?page=1&edid=E67DD6CD-AF7F-D6DE-87EF-529B2AEFCE16&sortorder=asc&column=price HTTP/1.1" 200 103672
135.181.74.243 - - [10/Nov/2024:01:27:28 +0100] "GET /ticket2/opencms/dk/no/buy/?page=1&edid=9AD13E7F-5D82-866E-76B8-DBF6F4BC3E55&sortorder=desc&column=section HTTP/1.1" 404 -
192.95.30.177 - - [10/Nov/2024:01:27:28 +0100] "GET /ticket2/opencms/dk/fi/buy/?page=1&edid=6CE73640-861F-E63B-F569-7CD77E2D3806&sortorder=asc&column=section HTTP/1.1" 404 -
65.108.64.210 - - [10/Nov/2024:01:27:29 +0100] "GET /ticket2/opencms/fi/buy/?page=1&edid=E6A668E7-B929-77A0-D776-692476BCB2EF&sortorder=asc&column=section HTTP/1.1" 200 102692
65.108.46.72 - - [10/Nov/2024:01:27:29 +0100] "GET /ticket2/opencms/nl/buy/?page=1&edid=2F8A1F6C-BB6B-28D1-66EB-00F711E0CBA3 HTTP/1.1" 200 104399
54.36.149.60 - - [10/Nov/2024:01:27:31 +0100] "GET /ticket2/opencms/sk/buy?page=10&eventid=10A4B056-E56D-2EC6-06F9-A9715C3D8173 HTTP/1.1" 200 91632
65.108.64.210 - - [10/Nov/2024:01:27:31 +0100] "GET /ticket2/opencms/fi/buy/?page=1&edid=F62458EA-DB34-886B-037E-58EA518FDDA0&sortorder=desc&column=row HTTP/1.1" 200 102137
65.108.64.210 - - [10/Nov/2024:01:27:32 +0100] "GET /ticket2/opencms/fi/buy/?page=1&edid=F820E6E8-08EB-7308-36DD-F8C38F8FB7F4&sortorder=desc&column=price HTTP/1.1" 200 99990
192.95.30.177 - - [10/Nov/2024:01:27:33 +0100] "GET /ticket2/opencms/dk/fi/buy/?page=1&edid=6CFC6D67-8616-D322-16CD-04AF153E55FB&sortorder=asc&column=row HTTP/1.1" 404 -
65.108.46.72 - - [10/Nov/2024:01:27:33 +0100] "GET /ticket2/opencms/nl/buy/?page=1&edid=2F903B76-B444-9E06-66EB-768066A106B0 HTTP/1.1" 200 96447
135.181.74.243 - - [10/Nov/2024:01:27:34 +0100] "GET /ticket2/opencms/dk/no/buy/?page=1&edid=9AFE2803-9D25-C6E6-8BD9-C9F1130FF6D1&sortorder=desc&column=price HTTP/1.1" 404 -
54.36.149.69 - - [10/Nov/2024:01:27:34 +0100] "GET /ticket2/opencms/no/buy?page=1&edid=6AEAF6C2-C57A-0447-5B0A-20959D8DCFDD HTTP/1.1" 200 101174
65.108.64.210 - - [10/Nov/2024:01:27:34 +0100] "GET /ticket2/opencms/fi/buy/?page=1&edid=F97C1826-5392-3CE0-1ADA-E9A2A8C4A192 HTTP/1.1" 200 101517
47.128.39.72 - - [10/Nov/2024:01:27:35 +0100] "GET /ticket2/opencms/cs/buy/?comcatid=810BB404-4103-77F2-A6C2-12D5E6C338E2 HTTP/1.1" 200 83410
65.108.64.210 - - [10/Nov/2024:01:27:36 +0100] "GET /ticket2/opencms/fi/buy/?page=1&edid=F97C1826-5392-3CE0-1ADA-E9A2A8C4A192&sortorder=desc&column=section HTTP/1.1" 200 102932
65.108.46.72 - - [10/Nov/2024:01:27:36 +0100] "GET /ticket2/opencms/nl/buy/?page=1&edid=2F959FEF-0277-463A-7AA1-8B479CA506D8 HTTP/1.1" 200 96434
192.95.30.177 - - [10/Nov/2024:01:27:37 +0100] "GET /ticket2/opencms/dk/fi/buy/?page=1&edid=6CFC6D67-8616-D322-16CD-04AF153E55FB&sortorder=asc&column=section HTTP/1.1" 404 -
65.108.64.210 - - [10/Nov/2024:01:27:38 +0100] "GET /ticket2/opencms/fi/buy/?page=1&edid=F9848465-BCEF-16F2-151C-E77261BB7A1C HTTP/1.1" 200 101288
83.191.103.19 - - [10/Nov/2024:01:27:38 +0100] "GET /ticket2/opencms/sv/buy?page=2&sodvid=null HTTP/1.1" 200 105244
83.191.103.19 - - [10/Nov/2024:01:27:39 +0100] "GET /ticket2/opencms/system/modules/com.gridnine.opencms.ticketbrokerage.site/resources/css/ticketbrokerage.css HTTP/1.1" 200 39339
83.191.103.19 - - [10/Nov/2024:01:27:39 +0100] "GET /ticket2/opencms/system/modules/com.gridnine.opencms.ticketbrokerage.site/resources/js/calendar-setup.js HTTP/1.1" 200 4923
83.191.103.19 - - [10/Nov/2024:01:27:39 +0100] "GET /ticket2/opencms/system/modules/com.gridnine.opencms.ticketbrokerage.site/resources/js/standard.js HTTP/1.1" 200 3978
83.191.103.19 - - [10/Nov/2024:01:27:39 +0100] "GET /ticket2/opencms/system/modules/com.gridnine.opencms.ticketbrokerage.site/resources/css/calendar.css HTTP/1.1" 200 6871
83.191.103.19 - - [10/Nov/2024:01:27:39 +0100] "GET /ticket2/opencms/system/modules/com.gridnine.opencms.ticketbrokerage.site/resources/js/functions.js HTTP/1.1" 200 1583
83.191.103.19 - - [10/Nov/2024:01:27:39 +0100] "GET /ticket2/opencms/system/modules/com.gridnine.opencms.ticketbrokerage.site/resources/js/calendar.js HTTP/1.1" 200 49229
83.191.103.19 - - [10/Nov/2024:01:27:39 +0100] "GET /ticket2/opencms/system/modules/com.gridnine.opencms.ticketbrokerage.site/resources/js/calendar-en.js HTTP/1.1" 200 3338
83.191.103.19 - - [10/Nov/2024:01:27:39 +0100] "GET /ticket2/opencms/system/modules/com.gridnine.opencms.ticketbrokerage.site/resources/css/standard.css HTTP/1.1" 200 73073
83.191.103.19 - - [10/Nov/2024:01:27:39 +0100] "GET /ticket2/opencms/system/modules/com.gridnine.opencms.ticketbrokerage.site/resources/css/images/ui-bg_flat_75_ffffff_40x100.png HTTP/1.1" 404 -
65.108.64.210 - - [10/Nov/2024:01:27:39 +0100] "GET /ticket2/opencms/fi/buy/?page=1&edid=FF2B86C5-202C-F6A1-F44E-1F4D4F393656&sortorder=desc&column=price HTTP/1.1" 200 102812
135.181.74.243 - - [10/Nov/2024:01:27:40 +0100] "GET /ticket2/opencms/dk/no/buy/?page=1&edid=9AFE2803-9D25-C6E6-8BD9-C9F1130FF6D1&sortorder=desc&column=row HTTP/1.1" 404 -
65.108.46.72 - - [10/Nov/2024:01:27:40 +0100] "GET /ticket2/opencms/nl/buy/?page=1&edid=2FB70CE5-901D-FB66-7FC4-208504D406B6 HTTP/1.1" 200 102428
65.108.64.210 - - [10/Nov/2024:01:27:41 +0100] "GET /ticket2/opencms/fi/buy/?page=1&edid=FF2B86C5-202C-F6A1-F44E-1F4D4F393656&sortorder=desc&column=row HTTP/1.1" 200 102720
192.95.30.177 - - [10/Nov/2024:01:27:41 +0100] "GET /ticket2/opencms/dk/fi/buy/?page=1&edid=6CFC6D67-8616-D322-16CD-04AF153E55FB&sortorder=desc&column=price HTTP/1.1" 404 -
65.108.46.72 - - [10/Nov/2024:01:27:43 +0100] "GET /ticket2/opencms/nl/buy/?page=1&edid=2FC0C730-CDF2-92B9-F11A-5B4B69410553 HTTP/1.1" 200 112269
65.108.64.210 - - [10/Nov/2024:01:27:44 +0100] "GET /ticket2/opencms/fi/login/?edid=9ECCE84D-E8D2-2779-1ABF-7A130178E990 HTTP/1.1" 200 83511
83.191.103.19 - - [10/Nov/2024:01:27:45 +0100] "GET /ticket2/opencms/sv/buy/?page=1&edid=979A80EE-C0D2-57E0-C882-1064B868BC30 HTTP/1.1" 200 116124
83.191.103.19 - - [10/Nov/2024:01:27:45 +0100] "GET /ticket2/opencms/sv/ask-form.html HTTP/1.1" 200 2950
192.95.30.177 - - [10/Nov/2024:01:27:46 +0100] "GET /ticket2/opencms/dk/fi/buy/?page=1&edid=6CFC6D67-8616-D322-16CD-04AF153E55FB&sortorder=desc&column=section HTTP/1.1" 404 -
135.181.74.243 - - [10/Nov/2024:01:27:46 +0100] "GET /ticket2/opencms/dk/no/buy/?page=1&edid=9AFE2803-9D25-C6E6-8BD9-C9F1130FF6D1&sortorder=desc&column=section HTTP/1.1" 404 -
65.108.46.72 - - [10/Nov/2024:01:27:47 +0100] "GET /ticket2/opencms/nl/buy/?page=1&edid=30C733D6-B654-EB7B-CA40-DF4ED4D7D98D HTTP/1.1" 200 101081
65.108.64.210 - - [10/Nov/2024:01:27:48 +0100] "GET /ticket2/opencms/fi/login/?edid=A00C9276-DA84-E347-31DB-F5E1E3066925 HTTP/1.1" 200 83511
83.191.103.19 - - [10/Nov/2024:01:27:48 +0100] "GET /ticket2/opencms/sv/buy?page=2&sodvid=66868a2e-e8c8-4820-a06c-0d550a01000f HTTP/1.1" 200 112335
83.191.103.19 - - [10/Nov/2024:01:27:48 +0100] "GET /ticket2/opencms/system/modules/com.gridnine.opencms.ticketbrokerage.site/resources/css/calendar.css HTTP/1.1" 200 6871
83.191.103.19 - - [10/Nov/2024:01:27:48 +0100] "GET /ticket2/opencms/system/modules/com.gridnine.opencms.ticketbrokerage.site/resources/js/calendar-setup.js HTTP/1.1" 200 4923
83.191.103.19 - - [10/Nov/2024:01:27:48 +0100] "GET /ticket2/opencms/system/modules/com.gridnine.opencms.ticketbrokerage.site/resources/css/standard.css HTTP/1.1" 200 73073
83.191.103.19 - - [10/Nov/2024:01:27:48 +0100] "GET /ticket2/opencms/system/modules/com.gridnine.opencms.ticketbrokerage.site/resources/js/standard.js HTTP/1.1" 200 3978
83.191.103.19 - - [10/Nov/2024:01:27:48 +0100] "GET /ticket2/opencms/system/modules/com.gridnine.opencms.ticketbrokerage.site/resources/js/calendar-en.js HTTP/1.1" 200 3338
83.191.103.19 - - [10/Nov/2024:01:27:48 +0100] "GET /ticket2/opencms/system/modules/com.gridnine.opencms.ticketbrokerage.site/resources/css/ticketbrokerage.css HTTP/1.1" 200 39339
83.191.103.19 - - [10/Nov/2024:01:27:48 +0100] "GET /ticket2/opencms/system/modules/com.gridnine.opencms.ticketbrokerage.site/resources/js/functions.js HTTP/1.1" 200 1583
83.191.103.19 - - [10/Nov/2024:01:27:48 +0100] "GET /ticket2/opencms/system/modules/com.gridnine.opencms.ticketbrokerage.site/resources/js/calendar.js HTTP/1.1" 200 49229
83.191.103.19 - - [10/Nov/2024:01:27:48 +0100] "GET /ticket2/opencms/system/modules/com.gridnine.opencms.ticketbrokerage.site/resources/css/images/ui-bg_flat_75_ffffff_40x100.png HTTP/1.1" 404 -
192.95.30.177 - - [10/Nov/2024:01:27:50 +0100] "GET /ticket2/opencms/dk/fi/buy/?page=1&edid=6D363951-24DE-E3AF-D834-DF89F89CF77E&sortorder=asc&column=section HTTP/1.1" 404 -
65.108.46.72 - - [10/Nov/2024:01:27:50 +0100] "GET /ticket2/opencms/nl/buy/?page=1&edid=31032CFA-9DB7-AFEB-3095-C18129EF0D6C HTTP/1.1" 200 98832
65.108.64.210 - - [10/Nov/2024:01:27:51 +0100] "GET /ticket2/opencms/fi/login/?edid=C9E992D1-DCF0-D375-5200-28B15D555217 HTTP/1.1" 200 83511
47.128.28.137 - - [10/Nov/2024:01:27:52 +0100] "GET /ticket2/opencms/mt/buy/?edid=2D66E153-7DA0-9C9B-3BBB-E00F30BBA98C HTTP/1.1" 200 81495
135.181.74.243 - - [10/Nov/2024:01:27:52 +0100] "GET /ticket2/opencms/dk/no/buy/?page=1&edid=9C0D0C60-3B30-A8CB-F04F-8F7739681D1C&sortorder=desc&column=row HTTP/1.1" 404 -
65.108.64.210 - - [10/Nov/2024:01:27:53 +0100] "GET /ticket2/opencms/no/buy/?comcatid=97ECA65A-72DA-F9AF-9DBB-245D3CFED1BE&catid=8B6802AF-1ADE-4BE1-A1F7-7671190CFB4F HTTP/1.1" 200 88386
54.36.148.176 - - [10/Nov/2024:01:27:53 +0100] "GET /ticket2/opencms/no/buy?page=1&edid=BE8C7FA0-9E48-EAB3-3A70-9E9F9EA30F95 HTTP/1.1" 200 135804
65.108.46.72 - - [10/Nov/2024:01:27:53 +0100] "GET /ticket2/opencms/nl/buy/?page=1&edid=312E2B30-1BE8-80F9-5587-64D580752ED3 HTTP/1.1" 200 105926
192.95.30.177 - - [10/Nov/2024:01:27:54 +0100] "GET /ticket2/opencms/dk/fi/buy/?page=1&edid=6DE6F49B-9DDC-AE93-D3C4-D0745D66A6AA&sortorder=asc&column=section HTTP/1.1" 404 -
65.108.64.210 - - [10/Nov/2024:01:27:55 +0100] "GET /ticket2/opencms/no/buy/?comcatid=97ECA65A-72DA-F9AF-9DBB-245D3CFED1BE&catid=E3105E1E-3982-291E-5523-1C1DF161E9B7 HTTP/1.1" 200 88382
66.249.79.7 - - [10/Nov/2024:01:27:55 +0100] "GET /ticket2/opencms/lt/buy/?page=1&edid=3E614CE3-7605-80A5-EDE5-1940F2DB48F5 HTTP/1.1" 200 106715
65.108.64.210 - - [10/Nov/2024:01:27:56 +0100] "GET /ticket2/opencms/no/buy/?page=1&edid=054983DD-B81A-7D3F-365C-83D4087186D5&sortorder=asc&column=section HTTP/1.1" 200 99540
66.249.79.233 - - [10/Nov/2024:01:27:57 +0100] "GET /ticket2/opencms/mo/buy?page=1&edid=7F453E70-42C2-9829-6707-8F3A9E689502 HTTP/1.1" 200 101597
65.108.46.72 - - [10/Nov/2024:01:27:57 +0100] "GET /ticket2/opencms/nl/buy/?page=1&edid=31B9C446-A8DC-95DD-A849-35A34B746A74 HTTP/1.1" 200 119714
192.95.30.177 - - [10/Nov/2024:01:27:57 +0100] "GET /ticket2/opencms/dk/fi/buy/?page=1&edid=6E0677CA-2B90-911F-BF29-2D63F1A636AB HTTP/1.1" 404 -
65.108.64.210 - - [10/Nov/2024:01:27:58 +0100] "GET /ticket2/opencms/no/buy/?page=1&edid=18B0B583-A470-76E9-9DCA-AF15E53284F6 HTTP/1.1" 200 102096
135.181.74.243 - - [10/Nov/2024:01:27:59 +0100] "GET /ticket2/opencms/dk/no/buy/?page=1&edid=9CCA4649-2FF5-6A0F-596D-CB67A9F0D3DA&sortorder=asc&column=row HTTP/1.1" 404 -
65.108.64.210 - - [10/Nov/2024:01:28:00 +0100] "GET /ticket2/opencms/no/buy/?page=1&edid=18BDD0ED-2331-8826-E623-DFC5F27BD898 HTTP/1.1" 200 100317
54.36.148.42 - - [10/Nov/2024:01:28:00 +0100] "GET /ticket2/opencms/no/buy/?page=1&edid=D11D82D4-28DA-1768-D317-EF521A2F97E6 HTTP/1.1" 200 130384
65.108.46.72 - - [10/Nov/2024:01:28:00 +0100] "GET /ticket2/opencms/nl/buy/?page=1&edid=31FDA527-9BE5-CC0F-08BA-BAC5423FB404 HTTP/1.1" 200 96427
40.77.167.131 - - [10/Nov/2024:01:28:01 +0100] "GET /ticket2/opencms/uk/sell/ HTTP/1.1" 302 -
65.108.64.210 - - [10/Nov/2024:01:28:01 +0100] "GET /ticket2/opencms/no/buy/?page=1&edid=1922F4C1-0D89-1ACA-A50D-EFC3C58AA17B&sortorder=asc&column=row HTTP/1.1" 200 102578
47.128.99.245 - - [10/Nov/2024:01:28:02 +0100] "GET /ticket2/opencms/el/buy/?edid=5B798669-5101-DFDA-74DC-0F364B61FBD5 HTTP/1.1" 200 82211
192.95.30.177 - - [10/Nov/2024:01:28:02 +0100] "GET /ticket2/opencms/dk/fi/buy/?page=1&edid=6F24A253-3956-04ED-15B8-80704EC94F79&sortorder=desc&column=row HTTP/1.1" 404 -
65.108.64.210 - - [10/Nov/2024:01:28:03 +0100] "GET /ticket2/opencms/no/buy/?page=1&edid=19C49911-D96E-9B7C-6316-E149EFD71C8E&sortorder=asc&column=price HTTP/1.1" 200 101809
40.77.167.131 - - [10/Nov/2024:01:28:03 +0100] "GET /ticket2/opencms/uk/login/?url=/uk/sell/ HTTP/1.1" 200 83760
65.108.46.72 - - [10/Nov/2024:01:28:04 +0100] "GET /ticket2/opencms/nl/buy/?page=1&edid=32C765D3-F869-7E5E-98A4-5E68576F52A5 HTTP/1.1" 200 122970
65.108.64.210 - - [10/Nov/2024:01:28:05 +0100] "GET /ticket2/opencms/no/buy/?page=1&edid=19C49911-D96E-9B7C-6316-E149EFD71C8E&sortorder=asc&column=row HTTP/1.1" 200 101717
192.95.30.177 - - [10/Nov/2024:01:28:05 +0100] "GET /ticket2/opencms/dk/fi/buy/?page=1&edid=6F24A253-3956-04ED-15B8-80704EC94F79&sortorder=desc&column=section HTTP/1.1" 404 -
65.108.64.210 - - [10/Nov/2024:01:28:06 +0100] "GET /ticket2/opencms/no/buy/?page=1&edid=19D66BA5-648A-C46A-DE8D-5430B81B6BBB&sortorder=desc&column=price HTTP/1.1" 200 99513
135.181.74.243 - - [10/Nov/2024:01:28:07 +0100] "GET /ticket2/opencms/dk/no/buy/?page=1&edid=9CCA4649-2FF5-6A0F-596D-CB67A9F0D3DA&sortorder=desc&column=row HTTP/1.1" 404 -
65.108.46.72 - - [10/Nov/2024:01:28:07 +0100] "GET /ticket2/opencms/nl/buy/?page=1&edid=3332FDE7-1F4A-7217-A205-4DAC5ABE8927 HTTP/1.1" 200 105713
65.108.64.210 - - [10/Nov/2024:01:28:08 +0100] "GET /ticket2/opencms/no/buy/?page=1&edid=19D66BA5-648A-C46A-DE8D-5430B81B6BBB&sortorder=desc&column=row HTTP/1.1" 200 99421
52.167.144.150 - - [10/Nov/2024:01:28:09 +0100] "GET /ticket2/opencms/en/venue/?countryid=C83BD7D3-147E-EEE7-3AB4-19E8D9E56196 HTTP/1.1" 200 106384
52.167.144.19 - - [10/Nov/2024:01:28:10 +0100] "GET /ticket2/opencms/mo/buy/?page=1&edid=678EC144-6017-5CDC-9245-1F7DDAFF75F2 HTTP/1.1" 200 102069
192.95.30.177 - - [10/Nov/2024:01:28:10 +0100] "GET /ticket2/opencms/dk/fi/buy/?page=1&edid=6F8AC81B-19DA-62DA-1ED2-E92A4D6140CF HTTP/1.1" 404 -
65.108.64.210 - - [10/Nov/2024:01:28:10 +0100] "GET /ticket2/opencms/no/buy/?page=1&edid=19D66BA5-648A-C46A-DE8D-5430B81B6BBB&sortorder=desc&column=section HTTP/1.1" 200 99605
65.108.46.72 - - [10/Nov/2024:01:28:10 +0100] "GET /ticket2/opencms/nl/buy/?page=1&edid=3396D07B-AC6D-141E-71F3-9DE65C0FEDF0 HTTP/1.1" 200 102959
54.36.148.17 - - [10/Nov/2024:01:28:11 +0100] "GET /ticket2/opencms/no/buy?page=1&edid=D96122AD-C3AA-80F5-DDA8-935E03AE952D HTTP/1.1" 200 124288
65.108.64.210 - - [10/Nov/2024:01:28:12 +0100] "GET /ticket2/opencms/no/buy/?page=1&edid=1A0F9343-6154-1DA9-CEE8-3CEC5610C673&sortorder=desc&column=section HTTP/1.1" 200 102821
135.181.74.243 - - [10/Nov/2024:01:28:12 +0100] "GET /ticket2/opencms/dk/no/buy/?page=1&edid=9ECCE84D-E8D2-2779-1ABF-7A130178E990&sortorder=asc&column=price HTTP/1.1" 404 -
65.108.64.210 - - [10/Nov/2024:01:28:14 +0100] "GET /ticket2/opencms/no/buy/?page=1&edid=1A5C4612-24B2-C604-5F17-8FFC090B7C18&sortorder=asc&column=price HTTP/1.1" 200 101581
192.95.30.177 - - [10/Nov/2024:01:28:14 +0100] "GET /ticket2/opencms/dk/fi/buy/?page=1&edid=6F8AC81B-19DA-62DA-1ED2-E92A4D6140CF&sortorder=desc&column=price HTTP/1.1" 404 -
65.108.46.72 - - [10/Nov/2024:01:28:14 +0100] "GET /ticket2/opencms/nl/buy/?page=1&edid=33CFCCFE-A22A-4A2C-1202-26E0FBDCB686 HTTP/1.1" 200 108984
65.108.64.210 - - [10/Nov/2024:01:28:16 +0100] "GET /ticket2/opencms/no/buy/?page=1&edid=1A5C4612-24B2-C604-5F17-8FFC090B7C18&sortorder=asc&column=row HTTP/1.1" 200 101489
65.108.46.72 - - [10/Nov/2024:01:28:17 +0100] "GET /ticket2/opencms/nl/buy/?page=1&edid=348589F6-F332-E9FC-C0E9-6C296BB448B5 HTTP/1.1" 200 102479
135.181.74.243 - - [10/Nov/2024:01:28:17 +0100] "GET /ticket2/opencms/dk/no/buy/?page=1&edid=9ECCE84D-E8D2-2779-1ABF-7A130178E990&sortorder=asc&column=row HTTP/1.1" 404 -
65.108.64.210 - - [10/Nov/2024:01:28:17 +0100] "GET /ticket2/opencms/no/buy/?page=1&edid=1A5C4612-24B2-C604-5F17-8FFC090B7C18&sortorder=asc&column=section HTTP/1.1" 200 101673
84.243.4.4 - - [10/Nov/2024:01:28:18 +0100] "GET /ticket2/opencms/no/sport/fotballsbilletter/premier_league/tottenham/ HTTP/1.1" 200 94528
72.240.108.36 - - [10/Nov/2024:01:28:18 +0100] "GET /ticket2/opencms/no/sport/fotballsbilletter/premier_league/tottenham/ HTTP/1.1" 200 94528
84.243.4.4 - - [10/Nov/2024:01:28:19 +0100] "GET /ticket2/opencms/system/modules/com.gridnine.opencms.ticketbrokerage.site/resources/css/ticketbrokerage.css HTTP/1.1" 200 39339
192.95.30.177 - - [10/Nov/2024:01:28:19 +0100] "GET /ticket2/opencms/dk/fi/buy/?page=1&edid=6F8AC81B-19DA-62DA-1ED2-E92A4D6140CF&sortorder=desc&column=row HTTP/1.1" 404 -
213.153.34.132 - - [10/Nov/2024:01:28:19 +0100] "GET /ticket2/opencms/no/sport/fotballsbilletter/premier_league/tottenham/ HTTP/1.1" 200 94528
84.243.4.4 - - [10/Nov/2024:01:28:19 +0100] "GET /ticket2/opencms/system/modules/com.gridnine.opencms.ticketbrokerage.site/resources/css/calendar.css HTTP/1.1" 200 6871
54.36.148.166 - - [10/Nov/2024:01:28:19 +0100] "GET /ticket2/opencms/no/buy?page=1&edid=DD14CC82-883B-BD06-4306-EBD494AA1804 HTTP/1.1" 200 125666
65.108.64.210 - - [10/Nov/2024:01:28:19 +0100] "GET /ticket2/opencms/no/buy/?page=1&edid=1AAE6FA6-D4A8-0009-7E1D-D07F9AFE308D&sortorder=asc&column=price HTTP/1.1" 200 103352
213.153.34.132 - - [10/Nov/2024:01:28:19 +0100] "GET /ticket2/opencms/system/modules/com.gridnine.opencms.ticketbrokerage.site/resources/css/ticketbrokerage.css HTTP/1.1" 200 39339
84.243.4.4 - - [10/Nov/2024:01:28:19 +0100] "GET /ticket2/opencms/system/modules/com.gridnine.opencms.ticketbrokerage.site/resources/css/jquery-ui.css HTTP/1.1" 200 33221
72.240.108.36 - - [10/Nov/2024:01:28:19 +0100] "GET /ticket2/opencms/system/modules/com.gridnine.opencms.ticketbrokerage.site/resources/css/ticketbrokerage.css HTTP/1.1" 200 39339
84.243.4.4 - - [10/Nov/2024:01:28:19 +0100] "GET /ticket2/opencms/system/modules/com.gridnine.opencms.ticketbrokerage.site/resources/css/standard.css HTTP/1.1" 200 73073
84.243.4.4 - - [10/Nov/2024:01:28:19 +0100] "GET /ticket2/opencms/system/modules/com.gridnine.opencms.ticketbrokerage.site/resources/js/jquery/jquery.js HTTP/1.1" 200 93868
84.243.4.4 - - [10/Nov/2024:01:28:19 +0100] "GET /ticket2/opencms/system/modules/com.gridnine.opencms.ticketbrokerage.site/resources/css/jquery.fancybox.css HTTP/1.1" 200 4939
213.153.34.132 - - [10/Nov/2024:01:28:19 +0100] "GET /ticket2/opencms/system/modules/com.gridnine.opencms.ticketbrokerage.site/resources/css/calendar.css HTTP/1.1" 200 6871
84.243.4.4 - - [10/Nov/2024:01:28:19 +0100] "GET /ticket2/opencms/system/modules/com.gridnine.opencms.ticketbrokerage.site/resources/js/jquery/jquery-ui.js HTTP/1.1" 200 228088
84.243.4.4 - - [10/Nov/2024:01:28:19 +0100] "GET /ticket2/opencms/system/modules/com.gridnine.opencms.ticketbrokerage.site/resources/js/functions.js HTTP/1.1" 200 1583
84.243.4.4 - - [10/Nov/2024:01:28:19 +0100] "GET /ticket2/opencms/system/modules/com.gridnine.opencms.ticketbrokerage.site/resources/js/calendar-en.js HTTP/1.1" 200 3338
84.243.4.4 - - [10/Nov/2024:01:28:19 +0100] "GET /ticket2/opencms/system/modules/com.gridnine.opencms.ticketbrokerage.site/resources/js/calendar.js HTTP/1.1" 200 49229
84.243.4.4 - - [10/Nov/2024:01:28:19 +0100] "GET /ticket2/opencms/system/modules/com.gridnine.opencms.ticketbrokerage.site/resources/js/calendar-setup.js HTTP/1.1" 200 4923
72.240.108.36 - - [10/Nov/2024:01:28:19 +0100] "GET /ticket2/opencms/system/modules/com.gridnine.opencms.ticketbrokerage.site/resources/css/calendar.css HTTP/1.1" 200 6871
213.153.34.132 - - [10/Nov/2024:01:28:19 +0100] "GET /ticket2/opencms/system/modules/com.gridnine.opencms.ticketbrokerage.site/resources/css/jquery-ui.css HTTP/1.1" 200 33221
84.243.4.4 - - [10/Nov/2024:01:28:19 +0100] "GET /ticket2/opencms/system/modules/com.gridnine.opencms.ticketbrokerage.site/resources/js/jquery.fancybox.pack.js HTTP/1.1" 200 23187
84.243.4.4 - - [10/Nov/2024:01:28:20 +0100] "GET /ticket2/opencms/system/modules/com.gridnine.opencms.ticketbrokerage.site/resources/js/stickyfill.min.js HTTP/1.1" 200 5672
84.243.4.4 - - [10/Nov/2024:01:28:20 +0100] "GET /ticket2/opencms/img/icons/en.png HTTP/1.1" 200 2415
84.243.4.4 - - [10/Nov/2024:01:28:20 +0100] "GET /ticket2/opencms/img/icons/se.png HTTP/1.1" 200 1258
72.240.108.36 - - [10/Nov/2024:01:28:20 +0100] "GET /ticket2/opencms/system/modules/com.gridnine.opencms.ticketbrokerage.site/resources/css/jquery-ui.css HTTP/1.1" 200 33221
72.240.108.36 - - [10/Nov/2024:01:28:20 +0100] "GET /ticket2/opencms/system/modules/com.gridnine.opencms.ticketbrokerage.site/resources/css/standard.css HTTP/1.1" 200 73073
213.153.34.132 - - [10/Nov/2024:01:28:20 +0100] "GET /ticket2/opencms/system/modules/com.gridnine.opencms.ticketbrokerage.site/resources/css/standard.css HTTP/1.1" 200 73073
72.240.108.36 - - [10/Nov/2024:01:28:20 +0100] "GET /ticket2/opencms/system/modules/com.gridnine.opencms.ticketbrokerage.site/resources/css/jquery.fancybox.css HTTP/1.1" 200 4939
72.240.108.36 - - [10/Nov/2024:01:28:20 +0100] "GET /ticket2/opencms/system/modules/com.gridnine.opencms.ticketbrokerage.site/resources/js/jquery/jquery.js HTTP/1.1" 200 93868
213.153.34.132 - - [10/Nov/2024:01:28:20 +0100] "GET /ticket2/opencms/system/modules/com.gridnine.opencms.ticketbrokerage.site/resources/css/jquery.fancybox.css HTTP/1.1" 200 4939
72.240.108.36 - - [10/Nov/2024:01:28:20 +0100] "GET /ticket2/opencms/system/modules/com.gridnine.opencms.ticketbrokerage.site/resources/js/functions.js HTTP/1.1" 200 1583
84.243.4.4 - - [10/Nov/2024:01:28:20 +0100] "GET /ticket2/opencms/img/icons/no.png HTTP/1.1" 200 1958
84.243.4.4 - - [10/Nov/2024:01:28:20 +0100] "GET /ticket2/opencms/img/icons/fi.png HTTP/1.1" 200 1785
72.240.108.36 - - [10/Nov/2024:01:28:20 +0100] "GET /ticket2/opencms/system/modules/com.gridnine.opencms.ticketbrokerage.site/resources/js/jquery/jquery-ui.js HTTP/1.1" 200 228088
213.153.34.132 - - [10/Nov/2024:01:28:20 +0100] "GET /ticket2/opencms/system/modules/com.gridnine.opencms.ticketbrokerage.site/resources/js/jquery/jquery.js HTTP/1.1" 200 93868
72.240.108.36 - - [10/Nov/2024:01:28:20 +0100] "GET /ticket2/opencms/system/modules/com.gridnine.opencms.ticketbrokerage.site/resources/js/calendar.js HTTP/1.1" 200 49229
72.240.108.36 - - [10/Nov/2024:01:28:20 +0100] "GET /ticket2/opencms/system/modules/com.gridnine.opencms.ticketbrokerage.site/resources/js/calendar-en.js HTTP/1.1" 200 3338
84.243.4.4 - - [10/Nov/2024:01:28:20 +0100] "GET /ticket2/opencms/system/modules/com.gridnine.opencms.ticketbrokerage.site/resources/js/standard.js HTTP/1.1" 200 3978
213.153.34.132 - - [10/Nov/2024:01:28:20 +0100] "GET /ticket2/opencms/system/modules/com.gridnine.opencms.ticketbrokerage.site/resources/js/jquery/jquery-ui.js HTTP/1.1" 200 228088
84.243.4.4 - - [10/Nov/2024:01:28:20 +0100] "GET /ticket2/opencms/img/icons/dk.png HTTP/1.1" 200 1706
213.153.34.132 - - [10/Nov/2024:01:28:20 +0100] "GET /ticket2/opencms/system/modules/com.gridnine.opencms.ticketbrokerage.site/resources/js/functions.js HTTP/1.1" 200 1583
72.240.108.36 - - [10/Nov/2024:01:28:20 +0100] "GET /ticket2/opencms/system/modules/com.gridnine.opencms.ticketbrokerage.site/resources/js/jquery.fancybox.pack.js HTTP/1.1" 200 23187
72.240.108.36 - - [10/Nov/2024:01:28:20 +0100] "GET /ticket2/opencms/system/modules/com.gridnine.opencms.ticketbrokerage.site/resources/js/stickyfill.min.js HTTP/1.1" 200 5672
72.240.108.36 - - [10/Nov/2024:01:28:20 +0100] "GET /ticket2/opencms/system/modules/com.gridnine.opencms.ticketbrokerage.site/resources/js/calendar-setup.js HTTP/1.1" 200 4923
213.153.34.132 - - [10/Nov/2024:01:28:20 +0100] "GET /ticket2/opencms/system/modules/com.gridnine.opencms.ticketbrokerage.site/resources/js/calendar.js HTTP/1.1" 200 49229
213.153.34.132 - - [10/Nov/2024:01:28:20 +0100] "GET /ticket2/opencms/system/modules/com.gridnine.opencms.ticketbrokerage.site/resources/js/calendar-en.js HTTP/1.1" 200 3338
213.153.34.132 - - [10/Nov/2024:01:28:20 +0100] "GET /ticket2/opencms/system/modules/com.gridnine.opencms.ticketbrokerage.site/resources/js/calendar-setup.js HTTP/1.1" 200 4923
213.153.34.132 - - [10/Nov/2024:01:28:21 +0100] "GET /ticket2/opencms/system/modules/com.gridnine.opencms.ticketbrokerage.site/resources/js/jquery.fancybox.pack.js HTTP/1.1" 200 23187
213.153.34.132 - - [10/Nov/2024:01:28:21 +0100] "GET /ticket2/opencms/system/modules/com.gridnine.opencms.ticketbrokerage.site/resources/js/stickyfill.min.js HTTP/1.1" 200 5672
84.243.4.4 - - [10/Nov/2024:01:28:21 +0100] "GET /ticket2/opencms/system/modules/com.gridnine.opencms.ticketbrokerage.site/resources/js/jquery.placeholder.min.js HTTP/1.1" 200 1737
84.243.4.4 - - [10/Nov/2024:01:28:21 +0100] "GET /ticket2/opencms/system/modules/com.gridnine.opencms.ticketbrokerage.site/resources/js/common-ajax.js HTTP/1.1" 200 20175
65.108.64.210 - - [10/Nov/2024:01:28:22 +0100] "GET /ticket2/opencms/no/buy/?page=1&edid=1AAE6FA6-D4A8-0009-7E1D-D07F9AFE308D&sortorder=asc&column=row HTTP/1.1" 200 103260
65.108.46.72 - - [10/Nov/2024:01:28:22 +0100] "GET /ticket2/opencms/nl/buy/?page=1&edid=348C0D4F-C07E-3755-DFEC-416D881A5AC9 HTTP/1.1" 200 109596
72.240.108.36 - - [10/Nov/2024:01:28:23 +0100] "GET /ticket2/opencms/img/icons/en.png HTTP/1.1" 200 2415
213.153.34.132 - - [10/Nov/2024:01:28:23 +0100] "GET /ticket2/opencms/img/icons/en.png HTTP/1.1" 200 2415
213.153.34.132 - - [10/Nov/2024:01:28:23 +0100] "GET /ticket2/opencms/img/icons/se.png HTTP/1.1" 200 1258
84.243.4.4 - - [10/Nov/2024:01:28:23 +0100] "GET /ticket2/opencms/img/icons/globe-white.png HTTP/1.1" 200 947
72.240.108.36 - - [10/Nov/2024:01:28:23 +0100] "GET /ticket2/opencms/img/icons/se.png HTTP/1.1" 200 1258
72.240.108.36 - - [10/Nov/2024:01:28:23 +0100] "GET /ticket2/opencms/img/icons/fi.png HTTP/1.1" 200 1785
213.153.34.132 - - [10/Nov/2024:01:28:23 +0100] "GET /ticket2/opencms/img/icons/no.png HTTP/1.1" 200 1958
213.153.34.132 - - [10/Nov/2024:01:28:23 +0100] "GET /ticket2/opencms/img/icons/fi.png HTTP/1.1" 200 1785
84.243.4.4 - - [10/Nov/2024:01:28:23 +0100] "GET /ticket2/opencms/img/icons/de.png HTTP/1.1" 200 1124
84.243.4.4 - - [10/Nov/2024:01:28:23 +0100] "GET /ticket2/opencms/img/icons/nl.png HTTP/1.1" 200 1255
213.153.34.132 - - [10/Nov/2024:01:28:23 +0100] "GET /ticket2/opencms/system/modules/com.gridnine.opencms.ticketbrokerage.site/resources/js/standard.js HTTP/1.1" 200 3978
72.240.108.36 - - [10/Nov/2024:01:28:23 +0100] "GET /ticket2/opencms/img/icons/no.png HTTP/1.1" 200 1958
213.153.34.132 - - [10/Nov/2024:01:28:23 +0100] "GET /ticket2/opencms/img/icons/dk.png HTTP/1.1" 200 1706
72.240.108.36 - - [10/Nov/2024:01:28:23 +0100] "GET /ticket2/opencms/img/icons/dk.png HTTP/1.1" 200 1706
72.240.108.36 - - [10/Nov/2024:01:28:23 +0100] "GET /ticket2/opencms/system/modules/com.gridnine.opencms.ticketbrokerage.site/resources/js/standard.js HTTP/1.1" 200 3978
84.243.4.4 - - [10/Nov/2024:01:28:23 +0100] "GET /ticket2/opencms/img/icons/es.png HTTP/1.1" 200 1005
84.243.4.4 - - [10/Nov/2024:01:28:23 +0100] "GET /ticket2/opencms/img/icons/fr.png HTTP/1.1" 200 1764
84.243.4.4 - - [10/Nov/2024:01:28:24 +0100] "GET /ticket2/opencms/img/icons/it.png HTTP/1.1" 200 2040
84.243.4.4 - - [10/Nov/2024:01:28:24 +0100] "GET /ticket2/opencms/img/icons/pl.png HTTP/1.1" 200 1578
72.240.108.36 - - [10/Nov/2024:01:28:24 +0100] "GET /ticket2/opencms/system/modules/com.gridnine.opencms.ticketbrokerage.site/resources/js/jquery.placeholder.min.js HTTP/1.1" 200 1737
65.108.64.210 - - [10/Nov/2024:01:28:24 +0100] "GET /ticket2/opencms/no/buy/?page=1&edid=1AAE6FA6-D4A8-0009-7E1D-D07F9AFE308D&sortorder=asc&column=section HTTP/1.1" 200 103444
72.240.108.36 - - [10/Nov/2024:01:28:24 +0100] "GET /ticket2/opencms/system/modules/com.gridnine.opencms.ticketbrokerage.site/resources/js/common-ajax.js HTTP/1.1" 200 20175
213.153.34.132 - - [10/Nov/2024:01:28:24 +0100] "GET /ticket2/opencms/system/modules/com.gridnine.opencms.ticketbrokerage.site/resources/js/jquery.placeholder.min.js HTTP/1.1" 200 1737
84.243.4.4 - - [10/Nov/2024:01:28:24 +0100] "GET /ticket2/opencms/img/icons/sq.png HTTP/1.1" 200 1619
84.243.4.4 - - [10/Nov/2024:01:28:24 +0100] "GET /ticket2/opencms/img/icons/az.png HTTP/1.1" 200 1445
213.153.34.132 - - [10/Nov/2024:01:28:24 +0100] "GET /ticket2/opencms/system/modules/com.gridnine.opencms.ticketbrokerage.site/resources/js/common-ajax.js HTTP/1.1" 200 20175
84.243.4.4 - - [10/Nov/2024:01:28:25 +0100] "GET /ticket2/opencms/img/icons/be.png HTTP/1.1" 200 1663
84.243.4.4 - - [10/Nov/2024:01:28:25 +0100] "GET /ticket2/opencms/img/icons/bs.png HTTP/1.1" 200 1014
192.95.30.177 - - [10/Nov/2024:01:28:25 +0100] "GET /ticket2/opencms/dk/fi/buy/?page=1&edid=6F8AC81B-19DA-62DA-1ED2-E92A4D6140CF&sortorder=desc&column=section HTTP/1.1" 404 -
72.240.108.36 - - [10/Nov/2024:01:28:25 +0100] "GET /ticket2/opencms/img/icons/globe-white.png HTTP/1.1" 200 947
135.181.74.243 - - [10/Nov/2024:01:28:25 +0100] "GET /ticket2/opencms/dk/no/buy/?page=1&edid=A00C9276-DA84-E347-31DB-F5E1E3066925&sortorder=asc&column=price HTTP/1.1" 404 -
84.243.4.4 - - [10/Nov/2024:01:28:25 +0100] "GET /ticket2/opencms/img/icons/bg.png HTTP/1.1" 200 788
72.240.108.36 - - [10/Nov/2024:01:28:25 +0100] "GET /ticket2/opencms/img/icons/nl.png HTTP/1.1" 200 1255
84.243.4.4 - - [10/Nov/2024:01:28:25 +0100] "GET /ticket2/opencms/img/icons/hr.png HTTP/1.1" 200 2024
72.240.108.36 - - [10/Nov/2024:01:28:25 +0100] "GET /ticket2/opencms/img/icons/de.png HTTP/1.1" 200 1124
54.36.148.213 - - [10/Nov/2024:01:28:25 +0100] "GET /ticket2/opencms/no/buy?page=1&edid=E9DB3A42-82BF-9B65-3ED4-EE5A32871388 HTTP/1.1" 200 121019
84.243.4.4 - - [10/Nov/2024:01:28:25 +0100] "GET /ticket2/opencms/img/icons/cs.png HTTP/1.1" 200 1883
72.240.108.36 - - [10/Nov/2024:01:28:25 +0100] "GET /ticket2/opencms/img/icons/fr.png HTTP/1.1" 200 1764
84.243.4.4 - - [10/Nov/2024:01:28:25 +0100] "GET /ticket2/opencms/img/icons/et.png HTTP/1.1" 200 754
72.240.108.36 - - [10/Nov/2024:01:28:25 +0100] "GET /ticket2/opencms/img/icons/es.png HTTP/1.1" 200 1005
84.243.4.4 - - [10/Nov/2024:01:28:26 +0100] "GET /ticket2/opencms/img/icons/el.png HTTP/1.1" 200 1637
213.153.34.132 - - [10/Nov/2024:01:28:26 +0100] "GET /ticket2/opencms/img/icons/globe-white.png HTTP/1.1" 200 947
84.243.4.4 - - [10/Nov/2024:01:28:26 +0100] "GET /ticket2/opencms/img/icons/ka.png HTTP/1.1" 200 860
72.240.108.36 - - [10/Nov/2024:01:28:26 +0100] "GET /ticket2/opencms/img/icons/it.png HTTP/1.1" 200 2040
72.240.108.36 - - [10/Nov/2024:01:28:26 +0100] "GET /ticket2/opencms/img/icons/pl.png HTTP/1.1" 200 1578
84.243.4.4 - - [10/Nov/2024:01:28:26 +0100] "GET /ticket2/opencms/img/icons/hu.png HTTP/1.1" 200 733
65.108.64.210 - - [10/Nov/2024:01:28:26 +0100] "GET /ticket2/opencms/no/buy/?page=1&edid=1B0840D6-2F71-B58C-3433-DBF603BC8CEC&sortorder=asc&column=price HTTP/1.1" 200 99422
213.153.34.132 - - [10/Nov/2024:01:28:26 +0100] "GET /ticket2/opencms/img/icons/nl.png HTTP/1.1" 200 1255
84.243.4.4 - - [10/Nov/2024:01:28:26 +0100] "GET /ticket2/opencms/img/icons/is.png HTTP/1.1" 200 1884
65.108.46.72 - - [10/Nov/2024:01:28:26 +0100] "GET /ticket2/opencms/nl/buy/?page=1&edid=34D2BBB8-FB45-0D0E-564E-E2214021F35A HTTP/1.1" 200 122968
213.153.34.132 - - [10/Nov/2024:01:28:26 +0100] "GET /ticket2/opencms/img/icons/de.png HTTP/1.1" 200 1124
72.240.108.36 - - [10/Nov/2024:01:28:26 +0100] "GET /ticket2/opencms/img/icons/sq.png HTTP/1.1" 200 1619
84.243.4.4 - - [10/Nov/2024:01:28:26 +0100] "GET /ticket2/opencms/img/icons/ga.png HTTP/1.1" 200 1759
213.153.34.132 - - [10/Nov/2024:01:28:26 +0100] "GET /ticket2/opencms/img/icons/fr.png HTTP/1.1" 200 1764
84.243.4.4 - - [10/Nov/2024:01:28:26 +0100] "GET /ticket2/opencms/img/icons/lv.png HTTP/1.1" 200 716
72.240.108.36 - - [10/Nov/2024:01:28:26 +0100] "GET /ticket2/opencms/img/icons/az.png HTTP/1.1" 200 1445
213.153.34.132 - - [10/Nov/2024:01:28:26 +0100] "GET /ticket2/opencms/img/icons/es.png HTTP/1.1" 200 1005
72.240.108.36 - - [10/Nov/2024:01:28:27 +0100] "GET /ticket2/opencms/img/icons/be.png HTTP/1.1" 200 1663
84.243.4.4 - - [10/Nov/2024:01:28:27 +0100] "GET /ticket2/opencms/img/icons/lt.png HTTP/1.1" 200 733
213.153.34.132 - - [10/Nov/2024:01:28:27 +0100] "GET /ticket2/opencms/img/icons/it.png HTTP/1.1" 200 2040
84.243.4.4 - - [10/Nov/2024:01:28:27 +0100] "GET /ticket2/opencms/img/icons/mt.png HTTP/1.1" 200 920
72.240.108.36 - - [10/Nov/2024:01:28:27 +0100] "GET /ticket2/opencms/img/icons/bs.png HTTP/1.1" 200 1014
213.153.34.132 - - [10/Nov/2024:01:28:27 +0100] "GET /ticket2/opencms/img/icons/pl.png HTTP/1.1" 200 1578
72.240.108.36 - - [10/Nov/2024:01:28:27 +0100] "GET /ticket2/opencms/img/icons/bg.png HTTP/1.1" 200 788
84.243.4.4 - - [10/Nov/2024:01:28:27 +0100] "GET /ticket2/opencms/img/icons/mo.png HTTP/1.1" 200 1468
213.153.34.132 - - [10/Nov/2024:01:28:27 +0100] "GET /ticket2/opencms/img/icons/sq.png HTTP/1.1" 200 1619
84.243.4.4 - - [10/Nov/2024:01:28:27 +0100] "GET /ticket2/opencms/img/icons/ro.png HTTP/1.1" 200 1393
213.153.34.132 - - [10/Nov/2024:01:28:27 +0100] "GET /ticket2/opencms/img/icons/az.png HTTP/1.1" 200 1445
72.240.108.36 - - [10/Nov/2024:01:28:27 +0100] "GET /ticket2/opencms/img/icons/hr.png HTTP/1.1" 200 2024
72.240.108.36 - - [10/Nov/2024:01:28:27 +0100] "GET /ticket2/opencms/img/icons/cs.png HTTP/1.1" 200 1883
84.243.4.4 - - [10/Nov/2024:01:28:27 +0100] "GET /ticket2/opencms/img/icons/sr.png HTTP/1.1" 200 1602
213.153.34.132 - - [10/Nov/2024:01:28:27 +0100] "GET /ticket2/opencms/img/icons/be.png HTTP/1.1" 200 1663
207.46.13.102 - - [10/Nov/2024:01:28:27 +0100] "GET /ticket2/opencms/sv/buy/?page=1&edid=62370AB9-0CBA-CC14-E7E4-93595D77D918 HTTP/1.1" 200 97682
84.243.4.4 - - [10/Nov/2024:01:28:27 +0100] "GET /ticket2/opencms/img/icons/sk.png HTTP/1.1" 200 1283
213.153.34.132 - - [10/Nov/2024:01:28:27 +0100] "GET /ticket2/opencms/img/icons/bs.png HTTP/1.1" 200 1014
72.240.108.36 - - [10/Nov/2024:01:28:28 +0100] "GET /ticket2/opencms/img/icons/et.png HTTP/1.1" 200 754
84.243.4.4 - - [10/Nov/2024:01:28:28 +0100] "GET /ticket2/opencms/img/icons/sl.png HTTP/1.1" 200 966
213.153.34.132 - - [10/Nov/2024:01:28:28 +0100] "GET /ticket2/opencms/img/icons/bg.png HTTP/1.1" 200 788
72.240.108.36 - - [10/Nov/2024:01:28:28 +0100] "GET /ticket2/opencms/img/icons/el.png HTTP/1.1" 200 1637
84.243.4.4 - - [10/Nov/2024:01:28:28 +0100] "GET /ticket2/opencms/img/icons/uk.png HTTP/1.1" 200 1272
213.153.34.132 - - [10/Nov/2024:01:28:28 +0100] "GET /ticket2/opencms/img/icons/hr.png HTTP/1.1" 200 2024
65.108.64.210 - - [10/Nov/2024:01:28:28 +0100] "GET /ticket2/opencms/no/buy/?page=1&edid=1B0840D6-2F71-B58C-3433-DBF603BC8CEC&sortorder=asc&column=row HTTP/1.1" 200 99330
72.240.108.36 - - [10/Nov/2024:01:28:28 +0100] "GET /ticket2/opencms/img/icons/ka.png HTTP/1.1" 200 860
84.243.4.4 - - [10/Nov/2024:01:28:28 +0100] "GET /ticket2/opencms/system/modules/com.gridnine.opencms.ticketbrokerage.site/resources/pics/logo-new.png HTTP/1.1" 200 13541
84.243.4.4 - - [10/Nov/2024:01:28:28 +0100] "GET /ticket2/opencms/img/icons/tr.png HTTP/1.1" 200 1636
213.153.34.132 - - [10/Nov/2024:01:28:28 +0100] "GET /ticket2/opencms/img/icons/cs.png HTTP/1.1" 200 1883
84.243.4.4 - - [10/Nov/2024:01:28:28 +0100] "GET /ticket2/opencms/img/insta.png HTTP/1.1" 200 3967
72.240.108.36 - - [10/Nov/2024:01:28:28 +0100] "GET /ticket2/opencms/img/icons/hu.png HTTP/1.1" 200 733
84.243.4.4 - - [10/Nov/2024:01:28:28 +0100] "GET /ticket2/opencms/img/fb.png HTTP/1.1" 200 1269
213.153.34.132 - - [10/Nov/2024:01:28:28 +0100] "GET /ticket2/opencms/img/icons/et.png HTTP/1.1" 200 754
84.243.4.4 - - [10/Nov/2024:01:28:28 +0100] "GET /ticket2/opencms/system/modules/com.gridnine.opencms.ticketbrokerage.site/resources/pics/banners/Tottenham.jpg HTTP/1.1" 200 13797
72.240.108.36 - - [10/Nov/2024:01:28:28 +0100] "GET /ticket2/opencms/img/icons/is.png HTTP/1.1" 200 1884
84.243.4.4 - - [10/Nov/2024:01:28:28 +0100] "GET /ticket2/opencms/system/modules/com.gridnine.opencms.ticketbrokerage.site/resources/pics/footer-img.jpg HTTP/1.1" 200 67642
213.153.34.132 - - [10/Nov/2024:01:28:28 +0100] "GET /ticket2/opencms/img/icons/el.png HTTP/1.1" 200 1637
72.240.108.36 - - [10/Nov/2024:01:28:28 +0100] "GET /ticket2/opencms/img/icons/ga.png HTTP/1.1" 200 1759
213.153.34.132 - - [10/Nov/2024:01:28:29 +0100] "GET /ticket2/opencms/img/icons/ka.png HTTP/1.1" 200 860
72.240.108.36 - - [10/Nov/2024:01:28:29 +0100] "GET /ticket2/opencms/img/icons/lv.png HTTP/1.1" 200 716
192.95.30.177 - - [10/Nov/2024:01:28:29 +0100] "GET /ticket2/opencms/dk/fi/buy/?page=1&edid=6FADD656-FBFB-1F21-DD15-6EE5C996F1F8&sortorder=asc&column=price HTTP/1.1" 404 -
213.153.34.132 - - [10/Nov/2024:01:28:29 +0100] "GET /ticket2/opencms/img/icons/hu.png HTTP/1.1" 200 733
213.153.34.132 - - [10/Nov/2024:01:28:29 +0100] "GET /ticket2/opencms/img/icons/is.png HTTP/1.1" 200 1884
72.240.108.36 - - [10/Nov/2024:01:28:29 +0100] "GET /ticket2/opencms/img/icons/lt.png HTTP/1.1" 200 733
84.243.4.4 - - [10/Nov/2024:01:28:29 +0100] "GET /ticket2/opencms/img/mail.png HTTP/1.1" 200 403
84.243.4.4 - - [10/Nov/2024:01:28:29 +0100] "GET /ticket2/opencms/img/check.png HTTP/1.1" 200 548
72.240.108.36 - - [10/Nov/2024:01:28:29 +0100] "GET /ticket2/opencms/img/icons/mt.png HTTP/1.1" 200 920
84.243.4.4 - - [10/Nov/2024:01:28:29 +0100] "GET /ticket2/opencms/img/chat.png HTTP/1.1" 200 416
213.153.34.132 - - [10/Nov/2024:01:28:29 +0100] "GET /ticket2/opencms/img/icons/ga.png HTTP/1.1" 200 1759
84.243.4.4 - - [10/Nov/2024:01:28:29 +0100] "GET /ticket2/opencms/img/arrow.png HTTP/1.1" 200 753
213.153.34.132 - - [10/Nov/2024:01:28:29 +0100] "GET /ticket2/opencms/img/icons/lv.png HTTP/1.1" 200 716
72.240.108.36 - - [10/Nov/2024:01:28:29 +0100] "GET /ticket2/opencms/img/icons/mo.png HTTP/1.1" 200 1468
17.241.219.19 - - [10/Nov/2024:01:28:29 +0100] "GET /ticket2/opencms/sv/sport/fotbollsbiljetter/bundesliga/fortuna_dusseldorf/ HTTP/1.1" 200 78775
65.108.46.72 - - [10/Nov/2024:01:28:29 +0100] "GET /ticket2/opencms/nl/buy/?page=1&edid=353A8607-D64B-76FC-86CE-3A4804789969 HTTP/1.1" 200 96437
72.240.108.36 - - [10/Nov/2024:01:28:29 +0100] "GET /ticket2/opencms/img/icons/ro.png HTTP/1.1" 200 1393
65.108.64.210 - - [10/Nov/2024:01:28:30 +0100] "GET /ticket2/opencms/no/buy/?page=1&edid=1B0840D6-2F71-B58C-3433-DBF603BC8CEC&sortorder=asc&column=section HTTP/1.1" 200 99514
213.153.34.132 - - [10/Nov/2024:01:28:30 +0100] "GET /ticket2/opencms/img/icons/lt.png HTTP/1.1" 200 733
72.240.108.36 - - [10/Nov/2024:01:28:30 +0100] "GET /ticket2/opencms/img/icons/sr.png HTTP/1.1" 200 1602
213.153.34.132 - - [10/Nov/2024:01:28:30 +0100] "GET /ticket2/opencms/img/icons/mt.png HTTP/1.1" 200 920
135.181.74.243 - - [10/Nov/2024:01:28:30 +0100] "GET /ticket2/opencms/dk/no/buy/?page=1&edid=A00C9276-DA84-E347-31DB-F5E1E3066925&sortorder=asc&column=row HTTP/1.1" 404 -
72.240.108.36 - - [10/Nov/2024:01:28:30 +0100] "GET /ticket2/opencms/img/icons/sk.png HTTP/1.1" 200 1283
213.153.34.132 - - [10/Nov/2024:01:28:30 +0100] "GET /ticket2/opencms/img/icons/mo.png HTTP/1.1" 200 1468
213.153.34.132 - - [10/Nov/2024:01:28:30 +0100] "GET /ticket2/opencms/img/icons/ro.png HTTP/1.1" 200 1393
72.240.108.36 - - [10/Nov/2024:01:28:30 +0100] "GET /ticket2/opencms/img/icons/sl.png HTTP/1.1" 200 966
72.240.108.36 - - [10/Nov/2024:01:28:30 +0100] "GET /ticket2/opencms/img/icons/uk.png HTTP/1.1" 200 1272
213.153.34.132 - - [10/Nov/2024:01:28:30 +0100] "GET /ticket2/opencms/img/icons/sr.png HTTP/1.1" 200 1602
213.153.34.132 - - [10/Nov/2024:01:28:30 +0100] "GET /ticket2/opencms/img/icons/sk.png HTTP/1.1" 200 1283
72.240.108.36 - - [10/Nov/2024:01:28:30 +0100] "GET /ticket2/opencms/system/modules/com.gridnine.opencms.ticketbrokerage.site/resources/pics/logo-new.png HTTP/1.1" 200 13541
72.240.108.36 - - [10/Nov/2024:01:28:30 +0100] "GET /ticket2/opencms/img/icons/tr.png HTTP/1.1" 200 1636
213.153.34.132 - - [10/Nov/2024:01:28:31 +0100] "GET /ticket2/opencms/img/icons/sl.png HTTP/1.1" 200 966
72.240.108.36 - - [10/Nov/2024:01:28:31 +0100] "GET /ticket2/opencms/img/insta.png HTTP/1.1" 200 3967
213.153.34.132 - - [10/Nov/2024:01:28:31 +0100] "GET /ticket2/opencms/img/icons/uk.png HTTP/1.1" 200 1272
72.240.108.36 - - [10/Nov/2024:01:28:31 +0100] "GET /ticket2/opencms/img/fb.png HTTP/1.1" 200 1269
72.240.108.36 - - [10/Nov/2024:01:28:31 +0100] "GET /ticket2/opencms/system/modules/com.gridnine.opencms.ticketbrokerage.site/resources/pics/banners/Tottenham.jpg HTTP/1.1" 200 13797
213.153.34.132 - - [10/Nov/2024:01:28:31 +0100] "GET /ticket2/opencms/system/modules/com.gridnine.opencms.ticketbrokerage.site/resources/pics/logo-new.png HTTP/1.1" 200 13541
72.240.108.36 - - [10/Nov/2024:01:28:31 +0100] "GET /ticket2/opencms/system/modules/com.gridnine.opencms.ticketbrokerage.site/resources/pics/footer-img.jpg HTTP/1.1" 200 67642
213.153.34.132 - - [10/Nov/2024:01:28:31 +0100] "GET /ticket2/opencms/img/icons/tr.png HTTP/1.1" 200 1636
213.153.34.132 - - [10/Nov/2024:01:28:31 +0100] "GET /ticket2/opencms/img/insta.png HTTP/1.1" 200 3967
213.153.34.132 - - [10/Nov/2024:01:28:31 +0100] "GET /ticket2/opencms/img/fb.png HTTP/1.1" 200 1269
65.108.64.210 - - [10/Nov/2024:01:28:31 +0100] "GET /ticket2/opencms/no/buy/?page=1&edid=1C36F885-B0DA-599D-85B2-4A2C8FCB715F HTTP/1.1" 200 100437
213.153.34.132 - - [10/Nov/2024:01:28:31 +0100] "GET /ticket2/opencms/system/modules/com.gridnine.opencms.ticketbrokerage.site/resources/pics/banners/Tottenham.jpg HTTP/1.1" 200 13797
213.153.34.132 - - [10/Nov/2024:01:28:31 +0100] "GET /ticket2/opencms/system/modules/com.gridnine.opencms.ticketbrokerage.site/resources/pics/footer-img.jpg HTTP/1.1" 200 67642
72.240.108.36 - - [10/Nov/2024:01:28:31 +0100] "GET /ticket2/opencms/img/mail.png HTTP/1.1" 200 403
72.240.108.36 - - [10/Nov/2024:01:28:31 +0100] "GET /ticket2/opencms/img/check.png HTTP/1.1" 200 548
72.240.108.36 - - [10/Nov/2024:01:28:32 +0100] "GET /ticket2/opencms/img/chat.png HTTP/1.1" 200 416
54.36.149.22 - - [10/Nov/2024:01:28:32 +0100] "GET /ticket2/opencms/es/buy/?page=1&edid=BCB4C6BC-01F1-9B82-B9A0-788195DE1926 HTTP/1.1" 200 110253
72.240.108.36 - - [10/Nov/2024:01:28:32 +0100] "GET /ticket2/opencms/img/arrow.png HTTP/1.1" 200 753
213.153.34.132 - - [10/Nov/2024:01:28:32 +0100] "GET /ticket2/opencms/img/arrow.png HTTP/1.1" 200 753
213.153.34.132 - - [10/Nov/2024:01:28:32 +0100] "GET /ticket2/opencms/img/mail.png HTTP/1.1" 200 403
213.153.34.132 - - [10/Nov/2024:01:28:32 +0100] "GET /ticket2/opencms/img/check.png HTTP/1.1" 200 548
213.153.34.132 - - [10/Nov/2024:01:28:32 +0100] "GET /ticket2/opencms/img/chat.png HTTP/1.1" 200 416
65.108.64.210 - - [10/Nov/2024:01:28:33 +0100] "GET /ticket2/opencms/no/buy/?page=1&edid=1C36F885-B0DA-599D-85B2-4A2C8FCB715F&sortorder=desc&column=price HTTP/1.1" 200 101760
192.95.30.177 - - [10/Nov/2024:01:28:33 +0100] "GET /ticket2/opencms/dk/fi/buy/?page=1&edid=6FADD656-FBFB-1F21-DD15-6EE5C996F1F8&sortorder=asc&column=row HTTP/1.1" 404 -
65.108.46.72 - - [10/Nov/2024:01:28:33 +0100] "GET /ticket2/opencms/nl/buy/?page=1&edid=3554D6C4-2FFC-457C-507A-C2BD7C1E41FE HTTP/1.1" 200 122993
84.243.4.4 - - [10/Nov/2024:01:28:34 +0100] "GET /ticket2/opencms/system/modules/com.gridnine.opencms.ticketbrokerage.site/resources/js/standard.js HTTP/1.1" 200 3978
72.240.108.36 - - [10/Nov/2024:01:28:34 +0100] "GET /ticket2/opencms/system/modules/com.gridnine.opencms.ticketbrokerage.site/resources/js/standard.js HTTP/1.1" 200 3978
66.249.76.233 - - [10/Nov/2024:01:28:34 +0100] "GET /ticket2/opencms/no/konsertbilletter/coldplay/ HTTP/1.1" 200 79726
65.108.64.210 - - [10/Nov/2024:01:28:35 +0100] "GET /ticket2/opencms/no/buy/?page=1&edid=1C36F885-B0DA-599D-85B2-4A2C8FCB715F&sortorder=desc&column=row HTTP/1.1" 200 101668
72.240.108.36 - - [10/Nov/2024:01:28:35 +0100] "GET /ticket2/opencms/system/modules/com.gridnine.opencms.ticketbrokerage.site/resources/css/images/ui-bg_flat_75_ffffff_40x100.png HTTP/1.1" 404 -
84.243.4.4 - - [10/Nov/2024:01:28:36 +0100] "GET /ticket2/opencms/system/modules/com.gridnine.opencms.ticketbrokerage.site/resources/css/images/ui-bg_flat_75_ffffff_40x100.png HTTP/1.1" 404 -
213.153.34.132 - - [10/Nov/2024:01:28:36 +0100] "GET /ticket2/opencms/system/modules/com.gridnine.opencms.ticketbrokerage.site/resources/js/standard.js HTTP/1.1" 200 3978
65.108.46.72 - - [10/Nov/2024:01:28:36 +0100] "GET /ticket2/opencms/nl/buy/?page=1&edid=355D3270-70A4-08B0-6A25-52C4305F40B2 HTTP/1.1" 200 96431
135.181.74.243 - - [10/Nov/2024:01:28:36 +0100] "GET /ticket2/opencms/dk/no/buy/?page=1&edid=A00C9276-DA84-E347-31DB-F5E1E3066925&sortorder=asc&column=section HTTP/1.1" 404 -
65.108.64.210 - - [10/Nov/2024:01:28:36 +0100] "GET /ticket2/opencms/no/buy/?page=1&edid=1C36F885-B0DA-599D-85B2-4A2C8FCB715F&sortorder=desc&column=section HTTP/1.1" 200 101852
54.36.149.47 - - [10/Nov/2024:01:28:37 +0100] "GET /ticket2/opencms/no/buy?page=1&edid=F1463EBE-6C18-CF49-B2AE-F79868BCA4F5 HTTP/1.1" 200 130382
213.153.34.132 - - [10/Nov/2024:01:28:38 +0100] "GET /ticket2/opencms/system/modules/com.gridnine.opencms.ticketbrokerage.site/resources/css/images/ui-bg_flat_75_ffffff_40x100.png HTTP/1.1" 404 -
