194.247.173.99 - - [10/Nov/2024:01:10:55 +0100] "GET /ticket2/opencms/dk/ru/buy/?page=1&edid=47765F02-5EE4-F2A0-55C6-9B445E387E6A&sortorder=asc&column=price HTTP/1.1" 404 -
95.217.195.123 - - [10/Nov/2024:01:10:56 +0100] "GET /ticket2/opencms/en/buy/?page=1&edid=3F7DE1D7-4CD8-C30E-0BB4-B44660F8DBF2&sortorder=desc&column=price HTTP/1.1" 200 101284
54.36.148.115 - - [10/Nov/2024:01:10:56 +0100] "GET /ticket2/opencms/sv/sport/fotbollsbiljetter/premier_league/west_ham_united/manchester_city.html HTTP/1.1" 200 78565
180.102.110.145 - - [10/Nov/2024:01:10:57 +0100] "GET /ticket2/opencms/ HTTP/1.1" 302 -
65.108.110.26 - - [10/Nov/2024:01:10:58 +0100] "GET /ticket2/opencms/it/buy/?comcatid=97ECA65A-72DA-F9AF-9DBB-245D3CFED1BE&catid=1656E964-1E02-9A38-D092-65384E60B6EA HTTP/1.1" 200 88310
194.247.173.99 - - [10/Nov/2024:01:10:58 +0100] "GET /ticket2/opencms/dk/ru/buy/?page=1&edid=47765F02-5EE4-F2A0-55C6-9B445E387E6A&sortorder=desc&column=row HTTP/1.1" 404 -
95.217.195.123 - - [10/Nov/2024:01:10:59 +0100] "GET /ticket2/opencms/en/buy/?page=1&edid=3F7DE1D7-4CD8-C30E-0BB4-B44660F8DBF2&sortorder=desc&column=section HTTP/1.1" 200 101376
54.36.149.28 - - [10/Nov/2024:01:10:59 +0100] "GET /ticket2/opencms/sv/sport/fotbollsbiljetter/premier_league/west_ham_united/newcastle-united.html HTTP/1.1" 200 78546
135.181.74.243 - - [10/Nov/2024:01:10:59 +0100] "GET /ticket2/opencms/dk/no/buy/?page=1&edid=0B083C51-2D6B-8CD2-8763-C3F4DB186FAB&sortorder=desc&column=price HTTP/1.1" 404 -
180.102.110.145 - - [10/Nov/2024:01:11:00 +0100] "GET /ticket2/opencms/en/ HTTP/1.1" 200 94763
217.113.194.218 - - [10/Nov/2024:01:11:00 +0100] "GET /ticket2/opencms/dk/buy/?page=1&edid=6144D2E2-A89E-6984-1B3A-F23A284C729C HTTP/1.1" 200 100673
65.108.110.26 - - [10/Nov/2024:01:11:01 +0100] "GET /ticket2/opencms/it/buy/?comcatid=97ECA65A-72DA-F9AF-9DBB-245D3CFED1BE&catid=2CCC191C-F37F-B9CA-D41C-1204E575B328 HTTP/1.1" 200 88314
194.247.173.99 - - [10/Nov/2024:01:11:02 +0100] "GET /ticket2/opencms/dk/ru/buy/?page=1&edid=47765F02-5EE4-F2A0-55C6-9B445E387E6A&sortorder=desc&column=section HTTP/1.1" 404 -
95.217.195.123 - - [10/Nov/2024:01:11:03 +0100] "GET /ticket2/opencms/en/buy/?page=1&edid=3F822738-BD55-10B1-3185-42149CD278B9&sortorder=desc&column=price HTTP/1.1" 200 101507
135.181.74.243 - - [10/Nov/2024:01:11:03 +0100] "GET /ticket2/opencms/dk/no/buy/?page=1&edid=0B083C51-2D6B-8CD2-8763-C3F4DB186FAB&sortorder=desc&column=row HTTP/1.1" 404 -
65.108.110.26 - - [10/Nov/2024:01:11:04 +0100] "GET /ticket2/opencms/it/buy/?comcatid=97ECA65A-72DA-F9AF-9DBB-245D3CFED1BE&catid=2E79AED8-FF58-B4E8-AFB0-43E7CEBE7864 HTTP/1.1" 200 88310
194.247.173.99 - - [10/Nov/2024:01:11:05 +0100] "GET /ticket2/opencms/dk/ru/buy/?page=1&edid=5049F443-2967-4BC4-9DF8-22395FCF3C8C&sortorder=asc&column=price HTTP/1.1" 404 -
95.217.195.123 - - [10/Nov/2024:01:11:06 +0100] "GET /ticket2/opencms/en/buy/?page=1&edid=4F19228F-1A25-8882-BBD6-E8279B72A577&sortorder=desc&column=section HTTP/1.1" 200 98340
54.36.148.184 - - [10/Nov/2024:01:11:06 +0100] "GET /ticket2/opencms/sv/buy/?page=1&edid=953A294D-6567-BF40-A983-70777896E678 HTTP/1.1" 200 110550
65.108.110.26 - - [10/Nov/2024:01:11:07 +0100] "GET /ticket2/opencms/it/buy/?comcatid=97ECA65A-72DA-F9AF-9DBB-245D3CFED1BE&catid=43171577-14C8-6B19-25D9-DF372BFFCBFA HTTP/1.1" 200 88313
217.113.194.213 - - [10/Nov/2024:01:11:09 +0100] "GET /ticket2/opencms/dk/buy/?page=1&edid=414A5CD1-3806-4BA5-EEEA-D1AE179DFAE3 HTTP/1.1" 200 97378
194.247.173.99 - - [10/Nov/2024:01:11:09 +0100] "GET /ticket2/opencms/dk/ru/buy/?page=1&edid=505EEAF3-02F8-8C22-3EC2-04E5EB6C21DD&sortorder=desc&column=price HTTP/1.1" 404 -
95.217.195.123 - - [10/Nov/2024:01:11:10 +0100] "GET /ticket2/opencms/en/buy/?page=1&edid=51629190-7D64-7FD5-6B85-7E2940B9E0CA&sortorder=asc&column=section HTTP/1.1" 200 101337
64.62.243.165 - - [10/Nov/2024:01:11:10 +0100] "GET /ticket2/opencms/robots.txt HTTP/1.1" 200 773
65.108.110.26 - - [10/Nov/2024:01:11:11 +0100] "GET /ticket2/opencms/it/buy/?comcatid=97ECA65A-72DA-F9AF-9DBB-245D3CFED1BE&catid=4C4DADF0-07CC-9B24-D2D9-940EF378BE99 HTTP/1.1" 200 88311
64.62.243.165 - - [10/Nov/2024:01:11:11 +0100] "GET /ticket2/opencms/az/haqqimizda HTTP/1.1" 200 81294
95.217.195.123 - - [10/Nov/2024:01:11:12 +0100] "GET /ticket2/opencms/en/buy/?page=1&edid=51629190-7D64-7FD5-6B85-7E2940B9E0CA&sortorder=desc&column=price HTTP/1.1" 200 101290
194.247.173.99 - - [10/Nov/2024:01:11:12 +0100] "GET /ticket2/opencms/dk/ru/buy/?page=1&edid=505EEAF3-02F8-8C22-3EC2-04E5EB6C21DD&sortorder=desc&column=row HTTP/1.1" 404 -
64.62.158.119 - - [10/Nov/2024:01:11:13 +0100] "GET /ticket2/opencms/az/haqqimizda HTTP/1.1" 200 81294
135.181.74.243 - - [10/Nov/2024:01:11:13 +0100] "GET /ticket2/opencms/dk/no/buy/?page=1&edid=0B083C51-2D6B-8CD2-8763-C3F4DB186FAB&sortorder=desc&column=section HTTP/1.1" 404 -
216.244.66.196 - - [10/Nov/2024:01:11:13 +0100] "GET /ticket2/opencms/be/buy?page=1&edid=FD4DCA3B-ED43-1043-8648-63C229A27832 HTTP/1.1" 200 132138
64.62.158.119 - - [10/Nov/2024:01:11:13 +0100] "GET /ticket2/opencms/system/modules/com.gridnine.opencms.ticketbrokerage.site/resources/css/ticketbrokerage.css HTTP/1.1" 200 39339
64.62.158.119 - - [10/Nov/2024:01:11:13 +0100] "GET /ticket2/opencms/system/modules/com.gridnine.opencms.ticketbrokerage.site/resources/css/calendar.css HTTP/1.1" 200 6871
64.62.158.119 - - [10/Nov/2024:01:11:13 +0100] "GET /ticket2/opencms/system/modules/com.gridnine.opencms.ticketbrokerage.site/resources/css/jquery.fancybox.css HTTP/1.1" 200 4939
64.62.158.119 - - [10/Nov/2024:01:11:13 +0100] "GET /ticket2/opencms/system/modules/com.gridnine.opencms.ticketbrokerage.site/resources/css/standard.css HTTP/1.1" 200 73073
64.62.158.119 - - [10/Nov/2024:01:11:14 +0100] "GET /ticket2/opencms/system/modules/com.gridnine.opencms.ticketbrokerage.site/resources/css/jquery-ui.css HTTP/1.1" 200 33221
64.62.158.119 - - [10/Nov/2024:01:11:14 +0100] "GET /ticket2/opencms/system/modules/com.gridnine.opencms.ticketbrokerage.site/resources/js/jquery/jquery-ui.js HTTP/1.1" 200 228088
64.62.158.119 - - [10/Nov/2024:01:11:14 +0100] "GET /ticket2/opencms/system/modules/com.gridnine.opencms.ticketbrokerage.site/resources/js/functions.js HTTP/1.1" 200 1583
192.95.30.177 - - [10/Nov/2024:01:11:14 +0100] "GET /ticket2/opencms/dk/en/buy/?page=1&edid=7970CEEB-4E13-87EE-C1A6-2DDE981B3D64&sortorder=desc&column=price HTTP/1.1" 404 -
65.108.110.26 - - [10/Nov/2024:01:11:14 +0100] "GET /ticket2/opencms/it/buy/?comcatid=97ECA65A-72DA-F9AF-9DBB-245D3CFED1BE&catid=55D1256D-BDD9-CBA3-47A3-0A252F702555 HTTP/1.1" 200 88316
64.62.158.119 - - [10/Nov/2024:01:11:14 +0100] "GET /ticket2/opencms/system/modules/com.gridnine.opencms.ticketbrokerage.site/resources/js/jquery/jquery.js HTTP/1.1" 200 93868
64.62.158.119 - - [10/Nov/2024:01:11:14 +0100] "GET /ticket2/opencms/system/modules/com.gridnine.opencms.ticketbrokerage.site/resources/js/calendar.js HTTP/1.1" 200 49229
64.62.158.119 - - [10/Nov/2024:01:11:14 +0100] "GET /ticket2/opencms/system/modules/com.gridnine.opencms.ticketbrokerage.site/resources/js/calendar-en.js HTTP/1.1" 200 3338
64.62.158.119 - - [10/Nov/2024:01:11:14 +0100] "GET /ticket2/opencms/system/modules/com.gridnine.opencms.ticketbrokerage.site/resources/js/calendar-setup.js HTTP/1.1" 200 4923
64.62.158.119 - - [10/Nov/2024:01:11:14 +0100] "GET /ticket2/opencms/system/modules/com.gridnine.opencms.ticketbrokerage.site/resources/js/jquery.fancybox.pack.js HTTP/1.1" 200 23187
64.62.158.119 - - [10/Nov/2024:01:11:14 +0100] "GET /ticket2/opencms/system/modules/com.gridnine.opencms.ticketbrokerage.site/resources/js/stickyfill.min.js HTTP/1.1" 200 5672
64.62.158.119 - - [10/Nov/2024:01:11:14 +0100] "GET /ticket2/opencms/system/modules/com.gridnine.opencms.ticketbrokerage.site/resources/js/common-ajax.js HTTP/1.1" 200 20175
64.62.158.119 - - [10/Nov/2024:01:11:14 +0100] "GET /ticket2/opencms/system/modules/com.gridnine.opencms.ticketbrokerage.site/resources/pics/logo-new.png HTTP/1.1" 200 13541
64.62.158.119 - - [10/Nov/2024:01:11:14 +0100] "GET /ticket2/opencms/system/modules/com.gridnine.opencms.ticketbrokerage.site/resources/js/standard.js HTTP/1.1" 200 3978
64.62.158.119 - - [10/Nov/2024:01:11:14 +0100] "GET /ticket2/opencms/system/modules/com.gridnine.opencms.ticketbrokerage.site/resources/js/jquery.placeholder.min.js HTTP/1.1" 200 1737
64.62.158.119 - - [10/Nov/2024:01:11:14 +0100] "GET /ticket2/opencms/img/fb.png HTTP/1.1" 200 1269
64.62.158.119 - - [10/Nov/2024:01:11:14 +0100] "GET /ticket2/opencms/img/insta.png HTTP/1.1" 200 3967
64.62.158.119 - - [10/Nov/2024:01:11:14 +0100] "GET /ticket2/opencms/img/check.png HTTP/1.1" 200 548
64.62.158.119 - - [10/Nov/2024:01:11:14 +0100] "GET /ticket2/opencms/img/mail.png HTTP/1.1" 200 403
64.62.158.119 - - [10/Nov/2024:01:11:15 +0100] "GET /ticket2/opencms/img/chat.png HTTP/1.1" 200 416
64.62.158.119 - - [10/Nov/2024:01:11:15 +0100] "GET /ticket2/opencms/system/modules/com.gridnine.opencms.ticketbrokerage.site/resources/css/images/ui-bg_flat_75_ffffff_40x100.png HTTP/1.1" 404 -
64.62.158.119 - - [10/Nov/2024:01:11:15 +0100] "GET /ticket2/opencms/img/arrow.png HTTP/1.1" 200 753
47.128.125.205 - - [10/Nov/2024:01:11:15 +0100] "GET /ticket2/opencms/fi/buy/?edid=2293AEFD-AAFD-FAAC-12C4-CEBEFA65FFBF HTTP/1.1" 200 81458
64.62.158.119 - - [10/Nov/2024:01:11:16 +0100] "GET /ticket2/opencms/system/modules/com.gridnine.opencms.ticketbrokerage.site/resources/pics/footer-img.jpg HTTP/1.1" 200 67642
194.247.173.99 - - [10/Nov/2024:01:11:16 +0100] "GET /ticket2/opencms/dk/ru/buy/?page=1&edid=505EEAF3-02F8-8C22-3EC2-04E5EB6C21DD&sortorder=desc&column=section HTTP/1.1" 404 -
54.36.148.74 - - [10/Nov/2024:01:11:16 +0100] "GET /ticket2/opencms/ga/buy?page=6&comcatid=A17713B6-D984-201A-4143-ED4DB5ED5C2E&catid=AE3FE643-AE41-BAA6-237D-5206D1B044A1 HTTP/1.1" 200 94614
64.62.243.165 - - [10/Nov/2024:01:11:16 +0100] "GET /ticket2/opencms/it/about/press HTTP/1.1" 200 82695
168.119.68.181 - - [10/Nov/2024:01:11:16 +0100] "GET /ticket2/opencms/system/modules/com.gridnine.opencms.ticketbrokerage.site/resources/css/jquery.fancybox.css HTTP/1.1" 200 4939
168.119.68.181 - - [10/Nov/2024:01:11:16 +0100] "GET /ticket2/opencms/system/modules/com.gridnine.opencms.ticketbrokerage.site/resources/css/ticketbrokerage.css HTTP/1.1" 200 39339
168.119.68.181 - - [10/Nov/2024:01:11:16 +0100] "GET /ticket2/opencms/system/modules/com.gridnine.opencms.ticketbrokerage.site/resources/css/calendar.css HTTP/1.1" 200 6871
168.119.68.181 - - [10/Nov/2024:01:11:16 +0100] "GET /ticket2/opencms/system/modules/com.gridnine.opencms.ticketbrokerage.site/resources/css/standard.css HTTP/1.1" 200 73073
168.119.68.181 - - [10/Nov/2024:01:11:16 +0100] "GET /ticket2/opencms/system/modules/com.gridnine.opencms.ticketbrokerage.site/resources/js/functions.js HTTP/1.1" 200 1583
168.119.68.181 - - [10/Nov/2024:01:11:16 +0100] "GET /ticket2/opencms/system/modules/com.gridnine.opencms.ticketbrokerage.site/resources/css/jquery-ui.css HTTP/1.1" 200 33221
168.119.68.181 - - [10/Nov/2024:01:11:16 +0100] "GET /ticket2/opencms/system/modules/com.gridnine.opencms.ticketbrokerage.site/resources/js/calendar.js HTTP/1.1" 200 49229
168.119.68.181 - - [10/Nov/2024:01:11:16 +0100] "GET /ticket2/opencms/system/modules/com.gridnine.opencms.ticketbrokerage.site/resources/js/calendar-en.js HTTP/1.1" 200 3338
168.119.68.181 - - [10/Nov/2024:01:11:16 +0100] "GET /ticket2/opencms/system/modules/com.gridnine.opencms.ticketbrokerage.site/resources/js/jquery/jquery.js HTTP/1.1" 200 93868
168.119.68.181 - - [10/Nov/2024:01:11:16 +0100] "GET /ticket2/opencms/system/modules/com.gridnine.opencms.ticketbrokerage.site/resources/js/jquery/jquery-ui.js HTTP/1.1" 200 228088
95.217.195.123 - - [10/Nov/2024:01:11:16 +0100] "GET /ticket2/opencms/en/buy/?page=1&edid=532372F3-CD24-8B47-ABFE-5DFDFC4BEFF5&sortorder=asc&column=row HTTP/1.1" 200 101241
168.119.68.181 - - [10/Nov/2024:01:11:16 +0100] "GET /ticket2/opencms/system/modules/com.gridnine.opencms.ticketbrokerage.site/resources/js/calendar-setup.js HTTP/1.1" 200 4923
168.119.68.181 - - [10/Nov/2024:01:11:16 +0100] "GET /ticket2/opencms/system/modules/com.gridnine.opencms.ticketbrokerage.site/resources/js/jquery.fancybox.pack.js HTTP/1.1" 200 23187
168.119.68.181 - - [10/Nov/2024:01:11:16 +0100] "GET /ticket2/opencms/system/modules/com.gridnine.opencms.ticketbrokerage.site/resources/js/stickyfill.min.js HTTP/1.1" 200 5672
168.119.68.181 - - [10/Nov/2024:01:11:16 +0100] "GET /ticket2/opencms/system/modules/com.gridnine.opencms.ticketbrokerage.site/resources/js/standard.js HTTP/1.1" 200 3978
168.119.68.181 - - [10/Nov/2024:01:11:16 +0100] "GET /ticket2/opencms/system/modules/com.gridnine.opencms.ticketbrokerage.site/resources/js/jquery.placeholder.min.js HTTP/1.1" 200 1737
168.119.68.181 - - [10/Nov/2024:01:11:17 +0100] "GET /ticket2/opencms/system/modules/com.gridnine.opencms.ticketbrokerage.site/resources/js/common-ajax.js HTTP/1.1" 200 20175
168.119.68.181 - - [10/Nov/2024:01:11:17 +0100] "GET /ticket2/opencms/system/modules/com.gridnine.opencms.ticketbrokerage.site/resources/js/standard.js HTTP/1.1" 200 3978
85.208.96.209 - - [10/Nov/2024:01:11:17 +0100] "GET /ticket2/opencms/sv/magazine/article?title=om-fotbollslaget-liverpool-fc HTTP/1.1" 200 86480
65.108.110.26 - - [10/Nov/2024:01:11:18 +0100] "GET /ticket2/opencms/it/buy/?comcatid=97ECA65A-72DA-F9AF-9DBB-245D3CFED1BE&catid=6CD184E8-C8D4-E1CC-33D0-6F47E3751240 HTTP/1.1" 200 88314
217.113.194.217 - - [10/Nov/2024:01:11:18 +0100] "GET /ticket2/opencms/dk/buy/?page=1&edid=7975E09A-C343-2FEA-3C35-F701F700BEBC HTTP/1.1" 200 97356
64.71.166.37 - - [10/Nov/2024:01:11:18 +0100] "GET /ticket2/opencms/it/about/press HTTP/1.1" 200 82695
64.71.166.37 - - [10/Nov/2024:01:11:18 +0100] "GET /ticket2/opencms/system/modules/com.gridnine.opencms.ticketbrokerage.site/resources/css/ticketbrokerage.css HTTP/1.1" 200 39339
64.71.166.37 - - [10/Nov/2024:01:11:19 +0100] "GET /ticket2/opencms/system/modules/com.gridnine.opencms.ticketbrokerage.site/resources/css/calendar.css HTTP/1.1" 200 6871
64.71.166.37 - - [10/Nov/2024:01:11:19 +0100] "GET /ticket2/opencms/system/modules/com.gridnine.opencms.ticketbrokerage.site/resources/css/jquery-ui.css HTTP/1.1" 200 33221
64.71.166.37 - - [10/Nov/2024:01:11:19 +0100] "GET /ticket2/opencms/system/modules/com.gridnine.opencms.ticketbrokerage.site/resources/css/jquery.fancybox.css HTTP/1.1" 200 4939
64.71.166.37 - - [10/Nov/2024:01:11:19 +0100] "GET /ticket2/opencms/system/modules/com.gridnine.opencms.ticketbrokerage.site/resources/css/standard.css HTTP/1.1" 200 73073
64.71.166.37 - - [10/Nov/2024:01:11:19 +0100] "GET /ticket2/opencms/system/modules/com.gridnine.opencms.ticketbrokerage.site/resources/js/jquery/jquery.js HTTP/1.1" 200 93868
64.71.166.37 - - [10/Nov/2024:01:11:19 +0100] "GET /ticket2/opencms/system/modules/com.gridnine.opencms.ticketbrokerage.site/resources/js/jquery/jquery-ui.js HTTP/1.1" 200 228088
64.71.166.37 - - [10/Nov/2024:01:11:19 +0100] "GET /ticket2/opencms/system/modules/com.gridnine.opencms.ticketbrokerage.site/resources/js/functions.js HTTP/1.1" 200 1583
64.71.166.37 - - [10/Nov/2024:01:11:19 +0100] "GET /ticket2/opencms/system/modules/com.gridnine.opencms.ticketbrokerage.site/resources/js/calendar.js HTTP/1.1" 200 49229
64.71.166.37 - - [10/Nov/2024:01:11:19 +0100] "GET /ticket2/opencms/system/modules/com.gridnine.opencms.ticketbrokerage.site/resources/js/calendar-en.js HTTP/1.1" 200 3338
64.71.166.37 - - [10/Nov/2024:01:11:19 +0100] "GET /ticket2/opencms/system/modules/com.gridnine.opencms.ticketbrokerage.site/resources/js/calendar-setup.js HTTP/1.1" 200 4923
64.71.166.37 - - [10/Nov/2024:01:11:19 +0100] "GET /ticket2/opencms/system/modules/com.gridnine.opencms.ticketbrokerage.site/resources/js/jquery.fancybox.pack.js HTTP/1.1" 200 23187
64.71.166.37 - - [10/Nov/2024:01:11:19 +0100] "GET /ticket2/opencms/system/modules/com.gridnine.opencms.ticketbrokerage.site/resources/js/stickyfill.min.js HTTP/1.1" 200 5672
64.71.166.37 - - [10/Nov/2024:01:11:19 +0100] "GET /ticket2/opencms/img/icons/en.png HTTP/1.1" 200 2415
64.71.166.37 - - [10/Nov/2024:01:11:19 +0100] "GET /ticket2/opencms/img/icons/se.png HTTP/1.1" 200 1258
64.71.166.37 - - [10/Nov/2024:01:11:19 +0100] "GET /ticket2/opencms/system/modules/com.gridnine.opencms.ticketbrokerage.site/resources/js/jquery.placeholder.min.js HTTP/1.1" 200 1737
64.71.166.37 - - [10/Nov/2024:01:11:19 +0100] "GET /ticket2/opencms/system/modules/com.gridnine.opencms.ticketbrokerage.site/resources/js/common-ajax.js HTTP/1.1" 200 20175
64.71.166.37 - - [10/Nov/2024:01:11:19 +0100] "GET /ticket2/opencms/system/modules/com.gridnine.opencms.ticketbrokerage.site/resources/js/standard.js HTTP/1.1" 200 3978
64.71.166.37 - - [10/Nov/2024:01:11:19 +0100] "GET /ticket2/opencms/system/modules/com.gridnine.opencms.ticketbrokerage.site/resources/pics/logo-new.png HTTP/1.1" 200 13541
114.119.140.85 - - [10/Nov/2024:01:11:19 +0100] "GET /ticket2/opencms/en/buy/?page=1&edid=F689CB56-9071-FE7C-055A-10AD3E1E390D HTTP/1.1" 200 96920
64.71.166.37 - - [10/Nov/2024:01:11:19 +0100] "GET /ticket2/opencms/img/insta.png HTTP/1.1" 200 3967
64.71.166.37 - - [10/Nov/2024:01:11:19 +0100] "GET /ticket2/opencms/img/fb.png HTTP/1.1" 200 1269
95.217.195.123 - - [10/Nov/2024:01:11:19 +0100] "GET /ticket2/opencms/en/buy/?page=1&edid=532372F3-CD24-8B47-ABFE-5DFDFC4BEFF5&sortorder=asc&column=section HTTP/1.1" 200 101425
64.71.166.37 - - [10/Nov/2024:01:11:19 +0100] "GET /ticket2/opencms/img/chat.png HTTP/1.1" 200 416
64.71.166.37 - - [10/Nov/2024:01:11:19 +0100] "GET /ticket2/opencms/img/check.png HTTP/1.1" 200 548
64.71.166.37 - - [10/Nov/2024:01:11:19 +0100] "GET /ticket2/opencms/img/mail.png HTTP/1.1" 200 403
64.71.166.37 - - [10/Nov/2024:01:11:20 +0100] "GET /ticket2/opencms/img/icons/fi.png HTTP/1.1" 200 1785
64.71.166.37 - - [10/Nov/2024:01:11:20 +0100] "GET /ticket2/opencms/system/modules/com.gridnine.opencms.ticketbrokerage.site/resources/pics/footer-img.jpg HTTP/1.1" 200 67642
64.71.166.37 - - [10/Nov/2024:01:11:20 +0100] "GET /ticket2/opencms/img/icons/no.png HTTP/1.1" 200 1958
64.71.166.37 - - [10/Nov/2024:01:11:20 +0100] "GET /ticket2/opencms/img/arrow.png HTTP/1.1" 200 753
64.71.166.37 - - [10/Nov/2024:01:11:20 +0100] "GET /ticket2/opencms/img/icons/globe-white.png HTTP/1.1" 200 947
64.71.166.37 - - [10/Nov/2024:01:11:20 +0100] "GET /ticket2/opencms/system/modules/com.gridnine.opencms.ticketbrokerage.site/resources/css/images/ui-bg_flat_75_ffffff_40x100.png HTTP/1.1" 404 -
64.71.166.37 - - [10/Nov/2024:01:11:20 +0100] "GET /ticket2/opencms/it/about/linear-gradient(rgba(0,%2051,%20101,%200.8),%20rgba(0,%2075,%20101,%200.8)),%20https://ticket2.com/img/hero-team.jpeg HTTP/1.1" 404 -
194.247.173.99 - - [10/Nov/2024:01:11:20 +0100] "GET /ticket2/opencms/dk/ru/buy/?page=1&edid=50C0023B-61A7-4684-18AF-AEB17F1F3E03&sortorder=asc&column=row HTTP/1.1" 404 -
64.71.166.37 - - [10/Nov/2024:01:11:20 +0100] "GET /ticket2/opencms/img/hero-team.jpeg HTTP/1.1" 200 73065
64.71.166.37 - - [10/Nov/2024:01:11:20 +0100] "GET /ticket2/opencms/img/icons/dk.png HTTP/1.1" 200 1706
64.71.166.37 - - [10/Nov/2024:01:11:20 +0100] "GET /ticket2/opencms/img/icons/de.png HTTP/1.1" 200 1124
64.71.166.37 - - [10/Nov/2024:01:11:20 +0100] "GET /ticket2/opencms/img/icons/nl.png HTTP/1.1" 200 1255
64.71.166.37 - - [10/Nov/2024:01:11:20 +0100] "GET /ticket2/opencms/img/icons/fr.png HTTP/1.1" 200 1764
64.71.166.37 - - [10/Nov/2024:01:11:20 +0100] "GET /ticket2/opencms/img/icons/es.png HTTP/1.1" 200 1005
64.71.166.37 - - [10/Nov/2024:01:11:20 +0100] "GET /ticket2/opencms/img/icons/sq.png HTTP/1.1" 200 1619
64.71.166.37 - - [10/Nov/2024:01:11:20 +0100] "GET /ticket2/opencms/img/icons/pl.png HTTP/1.1" 200 1578
64.71.166.37 - - [10/Nov/2024:01:11:20 +0100] "GET /ticket2/opencms/img/icons/az.png HTTP/1.1" 200 1445
64.71.166.37 - - [10/Nov/2024:01:11:20 +0100] "GET /ticket2/opencms/img/icons/it.png HTTP/1.1" 200 2040
64.71.166.37 - - [10/Nov/2024:01:11:20 +0100] "GET /ticket2/opencms/img/icons/be.png HTTP/1.1" 200 1663
64.71.166.37 - - [10/Nov/2024:01:11:20 +0100] "GET /ticket2/opencms/img/icons/bs.png HTTP/1.1" 200 1014
65.108.110.26 - - [10/Nov/2024:01:11:21 +0100] "GET /ticket2/opencms/it/buy/?comcatid=97ECA65A-72DA-F9AF-9DBB-245D3CFED1BE&catid=757E2DFB-33DA-9B34-8402-9F06B19D8409 HTTP/1.1" 200 88318
64.71.166.37 - - [10/Nov/2024:01:11:21 +0100] "GET /ticket2/opencms/img/icons/hr.png HTTP/1.1" 200 2024
64.71.166.37 - - [10/Nov/2024:01:11:21 +0100] "GET /ticket2/opencms/img/icons/et.png HTTP/1.1" 200 754
64.71.166.37 - - [10/Nov/2024:01:11:21 +0100] "GET /ticket2/opencms/img/icons/bg.png HTTP/1.1" 200 788
64.71.166.37 - - [10/Nov/2024:01:11:21 +0100] "GET /ticket2/opencms/img/icons/cs.png HTTP/1.1" 200 1883
64.71.166.37 - - [10/Nov/2024:01:11:21 +0100] "GET /ticket2/opencms/img/icons/el.png HTTP/1.1" 200 1637
64.71.166.37 - - [10/Nov/2024:01:11:21 +0100] "GET /ticket2/opencms/img/icons/ka.png HTTP/1.1" 200 860
64.71.166.37 - - [10/Nov/2024:01:11:21 +0100] "GET /ticket2/opencms/img/icons/is.png HTTP/1.1" 200 1884
64.71.166.37 - - [10/Nov/2024:01:11:21 +0100] "GET /ticket2/opencms/img/icons/hu.png HTTP/1.1" 200 733
64.71.166.37 - - [10/Nov/2024:01:11:21 +0100] "GET /ticket2/opencms/img/icons/ga.png HTTP/1.1" 200 1759
64.71.166.37 - - [10/Nov/2024:01:11:21 +0100] "GET /ticket2/opencms/img/icons/lv.png HTTP/1.1" 200 716
64.71.166.37 - - [10/Nov/2024:01:11:21 +0100] "GET /ticket2/opencms/img/icons/lt.png HTTP/1.1" 200 733
64.71.166.37 - - [10/Nov/2024:01:11:21 +0100] "GET /ticket2/opencms/img/icons/mt.png HTTP/1.1" 200 920
64.71.166.37 - - [10/Nov/2024:01:11:21 +0100] "GET /ticket2/opencms/img/icons/ro.png HTTP/1.1" 200 1393
64.71.166.37 - - [10/Nov/2024:01:11:21 +0100] "GET /ticket2/opencms/img/icons/mo.png HTTP/1.1" 200 1468
64.71.166.37 - - [10/Nov/2024:01:11:21 +0100] "GET /ticket2/opencms/img/icons/sk.png HTTP/1.1" 200 1283
64.71.166.37 - - [10/Nov/2024:01:11:21 +0100] "GET /ticket2/opencms/img/icons/sr.png HTTP/1.1" 200 1602
64.71.166.37 - - [10/Nov/2024:01:11:21 +0100] "GET /ticket2/opencms/img/icons/sl.png HTTP/1.1" 200 966
64.71.166.37 - - [10/Nov/2024:01:11:21 +0100] "GET /ticket2/opencms/img/icons/uk.png HTTP/1.1" 200 1272
135.181.74.243 - - [10/Nov/2024:01:11:23 +0100] "GET /ticket2/opencms/dk/no/buy/?page=1&edid=0B5745BA-B7A8-B4EB-CD0C-AFC19ED3EC86&sortorder=asc&column=price HTTP/1.1" 404 -
194.247.173.99 - - [10/Nov/2024:01:11:23 +0100] "GET /ticket2/opencms/dk/ru/buy/?page=1&edid=50C0023B-61A7-4684-18AF-AEB17F1F3E03&sortorder=asc&column=section HTTP/1.1" 404 -
95.217.195.123 - - [10/Nov/2024:01:11:24 +0100] "GET /ticket2/opencms/en/buy/?page=1&edid=532372F3-CD24-8B47-ABFE-5DFDFC4BEFF5&sortorder=desc&column=price HTTP/1.1" 200 101378
65.108.110.26 - - [10/Nov/2024:01:11:24 +0100] "GET /ticket2/opencms/it/buy/?comcatid=97ECA65A-72DA-F9AF-9DBB-245D3CFED1BE&catid=7D3BEF66-5D88-3916-5B89-0E7B139E0169 HTTP/1.1" 200 88315
85.230.116.211 - - [10/Nov/2024:01:11:24 +0100] "GET /ticket2/opencms/ HTTP/1.1" 302 -
85.230.116.211 - - [10/Nov/2024:01:11:26 +0100] "GET /ticket2/opencms/sv/ HTTP/1.1" 200 95535
85.230.116.211 - - [10/Nov/2024:01:11:26 +0100] "GET /ticket2/opencms/system/modules/com.gridnine.opencms.ticketbrokerage.site/resources/css/ticketbrokerage.css HTTP/1.1" 200 39339
85.230.116.211 - - [10/Nov/2024:01:11:26 +0100] "GET /ticket2/opencms/system/modules/com.gridnine.opencms.ticketbrokerage.site/resources/js/jquery/jquery-ui.js HTTP/1.1" 200 228088
85.230.116.211 - - [10/Nov/2024:01:11:26 +0100] "GET /ticket2/opencms/system/modules/com.gridnine.opencms.ticketbrokerage.site/resources/css/jquery-ui.css HTTP/1.1" 200 33221
85.230.116.211 - - [10/Nov/2024:01:11:26 +0100] "GET /ticket2/opencms/system/modules/com.gridnine.opencms.ticketbrokerage.site/resources/css/jquery.fancybox.css HTTP/1.1" 200 4939
85.230.116.211 - - [10/Nov/2024:01:11:26 +0100] "GET /ticket2/opencms/system/modules/com.gridnine.opencms.ticketbrokerage.site/resources/js/jquery/jquery.js HTTP/1.1" 200 93868
85.230.116.211 - - [10/Nov/2024:01:11:26 +0100] "GET /ticket2/opencms/system/modules/com.gridnine.opencms.ticketbrokerage.site/resources/css/calendar.css HTTP/1.1" 200 6871
85.230.116.211 - - [10/Nov/2024:01:11:26 +0100] "GET /ticket2/opencms/system/modules/com.gridnine.opencms.ticketbrokerage.site/resources/css/standard.css HTTP/1.1" 200 73073
54.36.148.109 - - [10/Nov/2024:01:11:26 +0100] "GET /ticket2/opencms/hr/buy?page=6&comcatid=A17713B6-D984-201A-4143-ED4DB5ED5C2E&catid=3A7AEA37-903D-9533-4B33-21B0001FF1D1 HTTP/1.1" 200 94517
85.230.116.211 - - [10/Nov/2024:01:11:26 +0100] "GET /ticket2/opencms/system/modules/com.gridnine.opencms.ticketbrokerage.site/resources/js/functions.js HTTP/1.1" 200 1583
85.230.116.211 - - [10/Nov/2024:01:11:26 +0100] "GET /ticket2/opencms/system/modules/com.gridnine.opencms.ticketbrokerage.site/resources/js/calendar.js HTTP/1.1" 200 49229
85.230.116.211 - - [10/Nov/2024:01:11:26 +0100] "GET /ticket2/opencms/system/modules/com.gridnine.opencms.ticketbrokerage.site/resources/js/calendar-en.js HTTP/1.1" 200 3338
85.230.116.211 - - [10/Nov/2024:01:11:26 +0100] "GET /ticket2/opencms/system/modules/com.gridnine.opencms.ticketbrokerage.site/resources/js/calendar-setup.js HTTP/1.1" 200 4923
85.230.116.211 - - [10/Nov/2024:01:11:26 +0100] "GET /ticket2/opencms/system/modules/com.gridnine.opencms.ticketbrokerage.site/resources/js/jquery.fancybox.pack.js HTTP/1.1" 200 23187
85.230.116.211 - - [10/Nov/2024:01:11:26 +0100] "GET /ticket2/opencms/system/modules/com.gridnine.opencms.ticketbrokerage.site/resources/js/stickyfill.min.js HTTP/1.1" 200 5672
85.230.116.211 - - [10/Nov/2024:01:11:26 +0100] "GET /ticket2/opencms/system/modules/com.gridnine.opencms.ticketbrokerage.site/resources/js/jquery.placeholder.min.js HTTP/1.1" 200 1737
85.230.116.211 - - [10/Nov/2024:01:11:26 +0100] "GET /ticket2/opencms/system/modules/com.gridnine.opencms.ticketbrokerage.site/resources/js/standard.js HTTP/1.1" 200 3978
85.230.116.211 - - [10/Nov/2024:01:11:26 +0100] "GET /ticket2/opencms/system/modules/com.gridnine.opencms.ticketbrokerage.site/resources/js/common-ajax.js HTTP/1.1" 200 20175
85.230.116.211 - - [10/Nov/2024:01:11:26 +0100] "GET /ticket2/opencms/system/modules/com.gridnine.opencms.ticketbrokerage.site/resources/pics/logo-new.png HTTP/1.1" 200 13541
85.230.116.211 - - [10/Nov/2024:01:11:26 +0100] "GET /ticket2/opencms/img/insta.png HTTP/1.1" 200 3967
85.230.116.211 - - [10/Nov/2024:01:11:26 +0100] "GET /ticket2/opencms/img/icons/globe-white.png HTTP/1.1" 200 947
85.230.116.211 - - [10/Nov/2024:01:11:26 +0100] "GET /ticket2/opencms/img/fb.png HTTP/1.1" 200 1269
85.230.116.211 - - [10/Nov/2024:01:11:26 +0100] "GET /ticket2/opencms/system/modules/com.gridnine.opencms.ticketbrokerage.site/resources/pics/footer-img.jpg HTTP/1.1" 200 67642
85.230.116.211 - - [10/Nov/2024:01:11:26 +0100] "GET /ticket2/opencms/img/check.png HTTP/1.1" 200 548
85.230.116.211 - - [10/Nov/2024:01:11:26 +0100] "GET /ticket2/opencms/img/icons/se.png HTTP/1.1" 200 1258
168.119.68.175 - - [10/Nov/2024:01:11:26 +0100] "GET /ticket2/opencms/system/modules/com.gridnine.opencms.ticketbrokerage.site/resources/css/calendar.css HTTP/1.1" 200 6871
168.119.68.175 - - [10/Nov/2024:01:11:26 +0100] "GET /ticket2/opencms/system/modules/com.gridnine.opencms.ticketbrokerage.site/resources/css/ticketbrokerage.css HTTP/1.1" 200 39339
168.119.68.175 - - [10/Nov/2024:01:11:26 +0100] "GET /ticket2/opencms/system/modules/com.gridnine.opencms.ticketbrokerage.site/resources/css/jquery-ui.css HTTP/1.1" 200 33221
168.119.68.175 - - [10/Nov/2024:01:11:26 +0100] "GET /ticket2/opencms/system/modules/com.gridnine.opencms.ticketbrokerage.site/resources/css/jquery.fancybox.css HTTP/1.1" 200 4939
168.119.68.175 - - [10/Nov/2024:01:11:26 +0100] "GET /ticket2/opencms/system/modules/com.gridnine.opencms.ticketbrokerage.site/resources/js/functions.js HTTP/1.1" 200 1583
168.119.68.175 - - [10/Nov/2024:01:11:26 +0100] "GET /ticket2/opencms/system/modules/com.gridnine.opencms.ticketbrokerage.site/resources/css/standard.css HTTP/1.1" 200 73073
85.230.116.211 - - [10/Nov/2024:01:11:26 +0100] "GET /ticket2/opencms/img/mail.png HTTP/1.1" 200 403
85.230.116.211 - - [10/Nov/2024:01:11:26 +0100] "GET /ticket2/opencms/img/icons/en.png HTTP/1.1" 200 2415
168.119.68.175 - - [10/Nov/2024:01:11:26 +0100] "GET /ticket2/opencms/system/modules/com.gridnine.opencms.ticketbrokerage.site/resources/js/calendar.js HTTP/1.1" 200 49229
168.119.68.175 - - [10/Nov/2024:01:11:26 +0100] "GET /ticket2/opencms/system/modules/com.gridnine.opencms.ticketbrokerage.site/resources/js/calendar-en.js HTTP/1.1" 200 3338
168.119.68.175 - - [10/Nov/2024:01:11:26 +0100] "GET /ticket2/opencms/system/modules/com.gridnine.opencms.ticketbrokerage.site/resources/js/stickyfill.min.js HTTP/1.1" 200 5672
168.119.68.175 - - [10/Nov/2024:01:11:26 +0100] "GET /ticket2/opencms/system/modules/com.gridnine.opencms.ticketbrokerage.site/resources/js/jquery.fancybox.pack.js HTTP/1.1" 200 23187
168.119.68.175 - - [10/Nov/2024:01:11:26 +0100] "GET /ticket2/opencms/system/modules/com.gridnine.opencms.ticketbrokerage.site/resources/js/calendar-setup.js HTTP/1.1" 200 4923
168.119.68.175 - - [10/Nov/2024:01:11:26 +0100] "GET /ticket2/opencms/system/modules/com.gridnine.opencms.ticketbrokerage.site/resources/js/jquery/jquery.js HTTP/1.1" 200 93868
85.230.116.211 - - [10/Nov/2024:01:11:26 +0100] "GET /ticket2/opencms/img/chat.png HTTP/1.1" 200 416
168.119.68.175 - - [10/Nov/2024:01:11:26 +0100] "GET /ticket2/opencms/system/modules/com.gridnine.opencms.ticketbrokerage.site/resources/js/jquery/jquery-ui.js HTTP/1.1" 200 228088
168.119.68.175 - - [10/Nov/2024:01:11:26 +0100] "GET /ticket2/opencms/system/modules/com.gridnine.opencms.ticketbrokerage.site/resources/js/standard.js HTTP/1.1" 200 3978
85.230.116.211 - - [10/Nov/2024:01:11:26 +0100] "GET /ticket2/opencms/img/icons/fi.png HTTP/1.1" 200 1785
194.247.173.99 - - [10/Nov/2024:01:11:27 +0100] "GET /ticket2/opencms/dk/ru/buy/?page=1&edid=5479A2BE-D2B1-73D0-27F5-2C328C470E50&sortorder=asc&column=row HTTP/1.1" 404 -
85.230.116.211 - - [10/Nov/2024:01:11:27 +0100] "GET /ticket2/opencms/img/arrow.png HTTP/1.1" 200 753
85.230.116.211 - - [10/Nov/2024:01:11:27 +0100] "GET /ticket2/opencms/img/icons/no.png HTTP/1.1" 200 1958
168.119.68.175 - - [10/Nov/2024:01:11:27 +0100] "GET /ticket2/opencms/system/modules/com.gridnine.opencms.ticketbrokerage.site/resources/js/jquery.placeholder.min.js HTTP/1.1" 200 1737
85.230.116.211 - - [10/Nov/2024:01:11:27 +0100] "GET /ticket2/opencms/img/icons/dk.png HTTP/1.1" 200 1706
168.119.68.175 - - [10/Nov/2024:01:11:27 +0100] "GET /ticket2/opencms/system/modules/com.gridnine.opencms.ticketbrokerage.site/resources/js/common-ajax.js HTTP/1.1" 200 20175
85.230.116.211 - - [10/Nov/2024:01:11:27 +0100] "GET /ticket2/opencms/img/icons/nl.png HTTP/1.1" 200 1255
85.230.116.211 - - [10/Nov/2024:01:11:27 +0100] "GET /ticket2/opencms/img/icons/de.png HTTP/1.1" 200 1124
85.230.116.211 - - [10/Nov/2024:01:11:27 +0100] "GET /ticket2/opencms/img/icons/fr.png HTTP/1.1" 200 1764
85.230.116.211 - - [10/Nov/2024:01:11:27 +0100] "GET /ticket2/opencms/img/icons/es.png HTTP/1.1" 200 1005
85.230.116.211 - - [10/Nov/2024:01:11:27 +0100] "GET /ticket2/opencms/img/icons/it.png HTTP/1.1" 200 2040
85.230.116.211 - - [10/Nov/2024:01:11:27 +0100] "GET /ticket2/opencms/img/icons/pl.png HTTP/1.1" 200 1578
95.217.195.123 - - [10/Nov/2024:01:11:27 +0100] "GET /ticket2/opencms/en/buy/?page=1&edid=5392E939-2913-1A6E-CFC5-064780F64648&sortorder=asc&column=row HTTP/1.1" 200 101136
168.119.68.175 - - [10/Nov/2024:01:11:27 +0100] "GET /ticket2/opencms/system/modules/com.gridnine.opencms.ticketbrokerage.site/resources/js/standard.js HTTP/1.1" 200 3978
85.230.116.211 - - [10/Nov/2024:01:11:27 +0100] "GET /ticket2/opencms/img/icons/sq.png HTTP/1.1" 200 1619
85.230.116.211 - - [10/Nov/2024:01:11:27 +0100] "GET /ticket2/opencms/img/icons/az.png HTTP/1.1" 200 1445
85.230.116.211 - - [10/Nov/2024:01:11:27 +0100] "GET /ticket2/opencms/img/icons/be.png HTTP/1.1" 200 1663
85.230.116.211 - - [10/Nov/2024:01:11:27 +0100] "GET /ticket2/opencms/img/icons/bs.png HTTP/1.1" 200 1014
217.113.194.218 - - [10/Nov/2024:01:11:27 +0100] "GET /ticket2/opencms/dk/buy/?page=1&edid=79716713-A068-E79D-953B-9FF4A2B80AAB HTTP/1.1" 200 122822
85.230.116.211 - - [10/Nov/2024:01:11:27 +0100] "GET /ticket2/opencms/img/icons/hr.png HTTP/1.1" 200 2024
85.230.116.211 - - [10/Nov/2024:01:11:27 +0100] "GET /ticket2/opencms/img/icons/bg.png HTTP/1.1" 200 788
85.230.116.211 - - [10/Nov/2024:01:11:27 +0100] "GET /ticket2/opencms/img/icons/cs.png HTTP/1.1" 200 1883
85.230.116.211 - - [10/Nov/2024:01:11:27 +0100] "GET /ticket2/opencms/img/icons/et.png HTTP/1.1" 200 754
65.108.110.26 - - [10/Nov/2024:01:11:27 +0100] "GET /ticket2/opencms/it/buy/?comcatid=97ECA65A-72DA-F9AF-9DBB-245D3CFED1BE&catid=81B744E7-1FEE-E757-C0AB-C7AF73CDE252 HTTP/1.1" 200 88309
85.230.116.211 - - [10/Nov/2024:01:11:27 +0100] "GET /ticket2/opencms/img/icons/ka.png HTTP/1.1" 200 860
85.230.116.211 - - [10/Nov/2024:01:11:27 +0100] "GET /ticket2/opencms/img/icons/el.png HTTP/1.1" 200 1637
85.230.116.211 - - [10/Nov/2024:01:11:27 +0100] "GET /ticket2/opencms/img/icons/hu.png HTTP/1.1" 200 733
85.230.116.211 - - [10/Nov/2024:01:11:27 +0100] "GET /ticket2/opencms/img/icons/is.png HTTP/1.1" 200 1884
85.230.116.211 - - [10/Nov/2024:01:11:27 +0100] "GET /ticket2/opencms/img/icons/ga.png HTTP/1.1" 200 1759
85.230.116.211 - - [10/Nov/2024:01:11:27 +0100] "GET /ticket2/opencms/img/icons/lv.png HTTP/1.1" 200 716
85.230.116.211 - - [10/Nov/2024:01:11:27 +0100] "GET /ticket2/opencms/img/icons/sl.png HTTP/1.1" 200 966
85.230.116.211 - - [10/Nov/2024:01:11:27 +0100] "GET /ticket2/opencms/img/icons/lt.png HTTP/1.1" 200 733
85.230.116.211 - - [10/Nov/2024:01:11:27 +0100] "GET /ticket2/opencms/img/banner-pl.jpeg HTTP/1.1" 200 41818
85.230.116.211 - - [10/Nov/2024:01:11:27 +0100] "GET /ticket2/opencms/img/banner-ll.jpeg HTTP/1.1" 200 41825
85.230.116.211 - - [10/Nov/2024:01:11:27 +0100] "GET /ticket2/opencms/img/icons/mo.png HTTP/1.1" 200 1468
85.230.116.211 - - [10/Nov/2024:01:11:27 +0100] "GET /ticket2/opencms/img/icons/mt.png HTTP/1.1" 200 920
85.230.116.211 - - [10/Nov/2024:01:11:27 +0100] "GET /ticket2/opencms/img/icons/ro.png HTTP/1.1" 200 1393
85.230.116.211 - - [10/Nov/2024:01:11:27 +0100] "GET /ticket2/opencms/img/banner-sa.jpeg HTTP/1.1" 200 41270
85.230.116.211 - - [10/Nov/2024:01:11:27 +0100] "GET /ticket2/opencms/img/icons/sk.png HTTP/1.1" 200 1283
85.230.116.211 - - [10/Nov/2024:01:11:27 +0100] "GET /ticket2/opencms/img/icons/sr.png HTTP/1.1" 200 1602
85.230.116.211 - - [10/Nov/2024:01:11:28 +0100] "GET /ticket2/opencms/img/icons/uk.png HTTP/1.1" 200 1272
85.230.116.211 - - [10/Nov/2024:01:11:28 +0100] "GET /ticket2/opencms/img/icons/tr.png HTTP/1.1" 200 1636
85.230.116.211 - - [10/Nov/2024:01:11:28 +0100] "GET /ticket2/opencms/system/modules/com.gridnine.opencms.ticketbrokerage.site/resources/js/standard.js HTTP/1.1" 200 3978
85.230.116.211 - - [10/Nov/2024:01:11:28 +0100] "GET /ticket2/opencms/img/icons/ticket2.thumbnail.png HTTP/1.1" 200 21519
85.230.116.211 - - [10/Nov/2024:01:11:29 +0100] "GET /ticket2/opencms/system/modules/com.gridnine.opencms.ticketbrokerage.site/resources/css/images/ui-bg_flat_75_ffffff_40x100.png HTTP/1.1" 404 -
216.244.66.196 - - [10/Nov/2024:01:11:29 +0100] "GET /ticket2/opencms/is/buy?page=1&edid=8EE24D2F-4BF0-A103-6944-36103BCA6278 HTTP/1.1" 200 112643
194.247.173.99 - - [10/Nov/2024:01:11:30 +0100] "GET /ticket2/opencms/dk/ru/buy/?page=1&edid=5479A2BE-D2B1-73D0-27F5-2C328C470E50&sortorder=asc&column=section HTTP/1.1" 404 -
135.181.74.243 - - [10/Nov/2024:01:11:30 +0100] "GET /ticket2/opencms/dk/no/buy/?page=1&edid=0B5745BA-B7A8-B4EB-CD0C-AFC19ED3EC86&sortorder=asc&column=section HTTP/1.1" 404 -
65.108.110.26 - - [10/Nov/2024:01:11:30 +0100] "GET /ticket2/opencms/it/buy/?comcatid=97ECA65A-72DA-F9AF-9DBB-245D3CFED1BE&catid=8732E72C-A028-EA8C-4D4D-DEB44E2A28A8 HTTP/1.1" 200 88312
95.217.195.123 - - [10/Nov/2024:01:11:30 +0100] "GET /ticket2/opencms/en/buy/?page=1&edid=53A4F60A-5020-5992-D57A-858942F437ED&sortorder=desc&column=price HTTP/1.1" 200 101468
81.167.85.33 - - [10/Nov/2024:01:11:31 +0100] "GET /ticket2/opencms/no/sport/fotballsbilletter/premier_league/?gad_source=5&gclid=EAIaIQobChMI6obwmcDQiQMV_2GRBR01yR3EEAEYASAAEgIbbvD_BwE HTTP/1.1" 200 89946
81.167.85.33 - - [10/Nov/2024:01:11:31 +0100] "GET /ticket2/opencms/system/modules/com.gridnine.opencms.ticketbrokerage.site/resources/css/ticketbrokerage.css HTTP/1.1" 200 39339
81.167.85.33 - - [10/Nov/2024:01:11:31 +0100] "GET /ticket2/opencms/system/modules/com.gridnine.opencms.ticketbrokerage.site/resources/css/calendar.css HTTP/1.1" 200 6871
81.167.85.33 - - [10/Nov/2024:01:11:31 +0100] "GET /ticket2/opencms/system/modules/com.gridnine.opencms.ticketbrokerage.site/resources/css/jquery-ui.css HTTP/1.1" 200 33221
81.167.85.33 - - [10/Nov/2024:01:11:31 +0100] "GET /ticket2/opencms/system/modules/com.gridnine.opencms.ticketbrokerage.site/resources/css/standard.css HTTP/1.1" 200 73073
81.167.85.33 - - [10/Nov/2024:01:11:31 +0100] "GET /ticket2/opencms/system/modules/com.gridnine.opencms.ticketbrokerage.site/resources/js/jquery/jquery-ui.js HTTP/1.1" 200 228088
81.167.85.33 - - [10/Nov/2024:01:11:31 +0100] "GET /ticket2/opencms/system/modules/com.gridnine.opencms.ticketbrokerage.site/resources/css/jquery.fancybox.css HTTP/1.1" 200 4939
81.167.85.33 - - [10/Nov/2024:01:11:31 +0100] "GET /ticket2/opencms/system/modules/com.gridnine.opencms.ticketbrokerage.site/resources/js/jquery/jquery.js HTTP/1.1" 200 93868
81.167.85.33 - - [10/Nov/2024:01:11:31 +0100] "GET /ticket2/opencms/system/modules/com.gridnine.opencms.ticketbrokerage.site/resources/js/functions.js HTTP/1.1" 200 1583
81.167.85.33 - - [10/Nov/2024:01:11:31 +0100] "GET /ticket2/opencms/system/modules/com.gridnine.opencms.ticketbrokerage.site/resources/js/calendar.js HTTP/1.1" 200 49229
81.167.85.33 - - [10/Nov/2024:01:11:31 +0100] "GET /ticket2/opencms/system/modules/com.gridnine.opencms.ticketbrokerage.site/resources/js/calendar-en.js HTTP/1.1" 200 3338
81.167.85.33 - - [10/Nov/2024:01:11:31 +0100] "GET /ticket2/opencms/system/modules/com.gridnine.opencms.ticketbrokerage.site/resources/js/calendar-setup.js HTTP/1.1" 200 4923
81.167.85.33 - - [10/Nov/2024:01:11:31 +0100] "GET /ticket2/opencms/system/modules/com.gridnine.opencms.ticketbrokerage.site/resources/js/jquery.fancybox.pack.js HTTP/1.1" 200 23187
81.167.85.33 - - [10/Nov/2024:01:11:31 +0100] "GET /ticket2/opencms/system/modules/com.gridnine.opencms.ticketbrokerage.site/resources/js/stickyfill.min.js HTTP/1.1" 200 5672
81.167.85.33 - - [10/Nov/2024:01:11:31 +0100] "GET /ticket2/opencms/img/icons/se.png HTTP/1.1" 200 1258
81.167.85.33 - - [10/Nov/2024:01:11:31 +0100] "GET /ticket2/opencms/img/icons/en.png HTTP/1.1" 200 2415
81.167.85.33 - - [10/Nov/2024:01:11:31 +0100] "GET /ticket2/opencms/system/modules/com.gridnine.opencms.ticketbrokerage.site/resources/js/standard.js HTTP/1.1" 200 3978
81.167.85.33 - - [10/Nov/2024:01:11:32 +0100] "GET /ticket2/opencms/system/modules/com.gridnine.opencms.ticketbrokerage.site/resources/js/jquery.placeholder.min.js HTTP/1.1" 200 1737
81.167.85.33 - - [10/Nov/2024:01:11:32 +0100] "GET /ticket2/opencms/system/modules/com.gridnine.opencms.ticketbrokerage.site/resources/js/common-ajax.js HTTP/1.1" 200 20175
81.167.85.33 - - [10/Nov/2024:01:11:32 +0100] "GET /ticket2/opencms/img/icons/dk.png HTTP/1.1" 200 1706
81.167.85.33 - - [10/Nov/2024:01:11:32 +0100] "GET /ticket2/opencms/img/icons/no.png HTTP/1.1" 200 1958
81.167.85.33 - - [10/Nov/2024:01:11:32 +0100] "GET /ticket2/opencms/img/icons/fi.png HTTP/1.1" 200 1785
81.167.85.33 - - [10/Nov/2024:01:11:32 +0100] "GET /ticket2/opencms/system/modules/com.gridnine.opencms.ticketbrokerage.site/resources/pics/logo-new.png HTTP/1.1" 200 13541
81.167.85.33 - - [10/Nov/2024:01:11:32 +0100] "GET /ticket2/opencms/img/insta.png HTTP/1.1" 200 3967
81.167.85.33 - - [10/Nov/2024:01:11:32 +0100] "GET /ticket2/opencms/img/fb.png HTTP/1.1" 200 1269
81.167.85.33 - - [10/Nov/2024:01:11:32 +0100] "GET /ticket2/opencms/system/modules/com.gridnine.opencms.ticketbrokerage.site/resources/pics/banners/sv/premier_league_sv.png HTTP/1.1" 200 13518
81.167.85.33 - - [10/Nov/2024:01:11:32 +0100] "GET /ticket2/opencms/img/check.png HTTP/1.1" 200 548
81.167.85.33 - - [10/Nov/2024:01:11:32 +0100] "GET /ticket2/opencms/system/modules/com.gridnine.opencms.ticketbrokerage.site/resources/pics/footer-img.jpg HTTP/1.1" 200 67642
81.167.85.33 - - [10/Nov/2024:01:11:32 +0100] "GET /ticket2/opencms/img/chat.png HTTP/1.1" 200 416
81.167.85.33 - - [10/Nov/2024:01:11:32 +0100] "GET /ticket2/opencms/img/arrow.png HTTP/1.1" 200 753
81.167.85.33 - - [10/Nov/2024:01:11:32 +0100] "GET /ticket2/opencms/img/mail.png HTTP/1.1" 200 403
81.167.85.33 - - [10/Nov/2024:01:11:32 +0100] "GET /ticket2/opencms/img/icons/no.png HTTP/1.1" 200 1958
81.167.85.33 - - [10/Nov/2024:01:11:32 +0100] "GET /ticket2/opencms/img/icons/dk.png HTTP/1.1" 200 1706
81.167.85.33 - - [10/Nov/2024:01:11:32 +0100] "GET /ticket2/opencms/img/icons/fi.png HTTP/1.1" 200 1785
81.167.85.33 - - [10/Nov/2024:01:11:32 +0100] "GET /ticket2/opencms/img/icons/nl.png HTTP/1.1" 200 1255
81.167.85.33 - - [10/Nov/2024:01:11:32 +0100] "GET /ticket2/opencms/img/icons/de.png HTTP/1.1" 200 1124
81.167.85.33 - - [10/Nov/2024:01:11:32 +0100] "GET /ticket2/opencms/img/icons/globe-white.png HTTP/1.1" 200 947
5.9.55.228 - - [10/Nov/2024:01:11:32 +0100] "GET /ticket2/opencms/is/buy?catid=078f99d4-0b9e-e323-5a07-d7b70f6e8874&comcatid=97eca65a-72da-f9af-9dbb-245d3cfed1be&page=6 HTTP/1.1" 200 84057
81.167.85.33 - - [10/Nov/2024:01:11:32 +0100] "GET /ticket2/opencms/img/icons/es.png HTTP/1.1" 200 1005
81.167.85.33 - - [10/Nov/2024:01:11:32 +0100] "GET /ticket2/opencms/img/icons/fr.png HTTP/1.1" 200 1764
81.167.85.33 - - [10/Nov/2024:01:11:33 +0100] "GET /ticket2/opencms/img/icons/pl.png HTTP/1.1" 200 1578
81.167.85.33 - - [10/Nov/2024:01:11:33 +0100] "GET /ticket2/opencms/img/icons/it.png HTTP/1.1" 200 2040
81.167.85.33 - - [10/Nov/2024:01:11:33 +0100] "GET /ticket2/opencms/img/icons/sq.png HTTP/1.1" 200 1619
81.167.85.33 - - [10/Nov/2024:01:11:33 +0100] "GET /ticket2/opencms/img/icons/az.png HTTP/1.1" 200 1445
81.167.85.33 - - [10/Nov/2024:01:11:33 +0100] "GET /ticket2/opencms/img/icons/bs.png HTTP/1.1" 200 1014
81.167.85.33 - - [10/Nov/2024:01:11:33 +0100] "GET /ticket2/opencms/img/icons/be.png HTTP/1.1" 200 1663
81.167.85.33 - - [10/Nov/2024:01:11:33 +0100] "GET /ticket2/opencms/img/icons/bg.png HTTP/1.1" 200 788
81.167.85.33 - - [10/Nov/2024:01:11:33 +0100] "GET /ticket2/opencms/img/icons/hr.png HTTP/1.1" 200 2024
81.167.85.33 - - [10/Nov/2024:01:11:33 +0100] "GET /ticket2/opencms/img/icons/cs.png HTTP/1.1" 200 1883
81.167.85.33 - - [10/Nov/2024:01:11:33 +0100] "GET /ticket2/opencms/img/icons/et.png HTTP/1.1" 200 754
81.167.85.33 - - [10/Nov/2024:01:11:33 +0100] "GET /ticket2/opencms/img/icons/el.png HTTP/1.1" 200 1637
81.167.85.33 - - [10/Nov/2024:01:11:33 +0100] "GET /ticket2/opencms/img/icons/ka.png HTTP/1.1" 200 860
81.167.85.33 - - [10/Nov/2024:01:11:33 +0100] "GET /ticket2/opencms/img/icons/hu.png HTTP/1.1" 200 733
81.167.85.33 - - [10/Nov/2024:01:11:33 +0100] "GET /ticket2/opencms/img/icons/is.png HTTP/1.1" 200 1884
81.167.85.33 - - [10/Nov/2024:01:11:33 +0100] "GET /ticket2/opencms/img/icons/ga.png HTTP/1.1" 200 1759
81.167.85.33 - - [10/Nov/2024:01:11:33 +0100] "GET /ticket2/opencms/img/icons/lv.png HTTP/1.1" 200 716
81.167.85.33 - - [10/Nov/2024:01:11:33 +0100] "GET /ticket2/opencms/img/icons/mt.png HTTP/1.1" 200 920
81.167.85.33 - - [10/Nov/2024:01:11:33 +0100] "GET /ticket2/opencms/img/icons/lt.png HTTP/1.1" 200 733
81.167.85.33 - - [10/Nov/2024:01:11:33 +0100] "GET /ticket2/opencms/img/icons/ro.png HTTP/1.1" 200 1393
81.167.85.33 - - [10/Nov/2024:01:11:33 +0100] "GET /ticket2/opencms/img/icons/mo.png HTTP/1.1" 200 1468
81.167.85.33 - - [10/Nov/2024:01:11:33 +0100] "GET /ticket2/opencms/img/icons/sr.png HTTP/1.1" 200 1602
81.167.85.33 - - [10/Nov/2024:01:11:33 +0100] "GET /ticket2/opencms/img/icons/uk.png HTTP/1.1" 200 1272
81.167.85.33 - - [10/Nov/2024:01:11:33 +0100] "GET /ticket2/opencms/img/icons/sk.png HTTP/1.1" 200 1283
81.167.85.33 - - [10/Nov/2024:01:11:33 +0100] "GET /ticket2/opencms/img/icons/tr.png HTTP/1.1" 200 1636
81.167.85.33 - - [10/Nov/2024:01:11:33 +0100] "GET /ticket2/opencms/img/icons/sl.png HTTP/1.1" 200 966
95.217.195.123 - - [10/Nov/2024:01:11:33 +0100] "GET /ticket2/opencms/en/buy/?page=1&edid=53A4F60A-5020-5992-D57A-858942F437ED&sortorder=desc&column=row HTTP/1.1" 200 101376
194.247.173.99 - - [10/Nov/2024:01:11:33 +0100] "GET /ticket2/opencms/dk/ru/buy/?page=1&edid=5559CAE7-D755-DF3F-82CF-F2C1574D6712&sortorder=asc&column=price HTTP/1.1" 404 -
54.36.148.180 - - [10/Nov/2024:01:11:34 +0100] "GET /ticket2/opencms/de/buy/?page=1&edid=077A4D05-90D5-AF2A-B689-A4F52E73EBA2 HTTP/1.1" 200 101969
65.108.110.26 - - [10/Nov/2024:01:11:34 +0100] "GET /ticket2/opencms/it/buy/?comcatid=97ECA65A-72DA-F9AF-9DBB-245D3CFED1BE&catid=8B6802AF-1ADE-4BE1-A1F7-7671190CFB4F HTTP/1.1" 200 88316
81.167.85.33 - - [10/Nov/2024:01:11:34 +0100] "GET /ticket2/opencms/system/modules/com.gridnine.opencms.ticketbrokerage.site/resources/js/standard.js HTTP/1.1" 200 3978
81.167.85.33 - - [10/Nov/2024:01:11:34 +0100] "GET /ticket2/opencms/img/icons/ticket2.thumbnail.png HTTP/1.1" 200 21519
72.14.199.233 - - [10/Nov/2024:01:11:34 +0100] "GET /ticket2/opencms/dk/sport/fodboldbilletter/ligue_1/paris_saint_germain HTTP/1.1" 200 85606
47.128.111.240 - - [10/Nov/2024:01:11:34 +0100] "GET /ticket2/opencms/tr/buy/?catid=F03B8ADD-988E-AE6A-8DBA-AF502C691C60&comcatid=A17713B6-D984-201A-4143-ED4DB5ED5C2E HTTP/1.1" 200 93860
81.167.85.33 - - [10/Nov/2024:01:11:35 +0100] "GET /ticket2/opencms/system/modules/com.gridnine.opencms.ticketbrokerage.site/resources/css/images/ui-bg_flat_75_ffffff_40x100.png HTTP/1.1" 404 -
192.95.30.177 - - [10/Nov/2024:01:11:36 +0100] "GET /ticket2/opencms/dk/en/buy/?page=1&edid=7970CEEB-4E13-87EE-C1A6-2DDE981B3D64&sortorder=desc&column=row HTTP/1.1" 404 -
65.108.110.26 - - [10/Nov/2024:01:11:37 +0100] "GET /ticket2/opencms/it/buy/?comcatid=97ECA65A-72DA-F9AF-9DBB-245D3CFED1BE&catid=9457695E-36ED-A63E-7A88-32963954E2C7 HTTP/1.1" 200 88317
95.217.195.123 - - [10/Nov/2024:01:11:37 +0100] "GET /ticket2/opencms/en/buy/?page=1&edid=53F1C9A8-2D1D-3189-618A-5E7F1C0716CF HTTP/1.1" 200 99087
135.181.74.243 - - [10/Nov/2024:01:11:37 +0100] "GET /ticket2/opencms/dk/no/buy/?page=1&edid=0BC258C2-9774-A591-F927-B1529ED5241B&sortorder=asc&column=row HTTP/1.1" 404 -
194.247.173.99 - - [10/Nov/2024:01:11:37 +0100] "GET /ticket2/opencms/dk/ru/buy/?page=1&edid=570BC029-41A3-AC83-7093-0DFFF0210D10&sortorder=asc&column=section HTTP/1.1" 404 -
54.36.148.112 - - [10/Nov/2024:01:11:38 +0100] "GET /ticket2/opencms/dk/buy?page=6&comcatid=A17713B6-D984-201A-4143-ED4DB5ED5C2E&catid=A3372871-3019-08B8-80CE-74B78F441ACA HTTP/1.1" 200 94834
168.119.65.60 - - [10/Nov/2024:01:11:38 +0100] "GET /ticket2/opencms/system/modules/com.gridnine.opencms.ticketbrokerage.site/resources/css/jquery.fancybox.css HTTP/1.1" 200 4939
168.119.65.60 - - [10/Nov/2024:01:11:38 +0100] "GET /ticket2/opencms/system/modules/com.gridnine.opencms.ticketbrokerage.site/resources/css/jquery-ui.css HTTP/1.1" 200 33221
168.119.65.60 - - [10/Nov/2024:01:11:38 +0100] "GET /ticket2/opencms/system/modules/com.gridnine.opencms.ticketbrokerage.site/resources/css/calendar.css HTTP/1.1" 200 6871
168.119.65.60 - - [10/Nov/2024:01:11:38 +0100] "GET /ticket2/opencms/system/modules/com.gridnine.opencms.ticketbrokerage.site/resources/css/ticketbrokerage.css HTTP/1.1" 200 39339
168.119.65.60 - - [10/Nov/2024:01:11:38 +0100] "GET /ticket2/opencms/system/modules/com.gridnine.opencms.ticketbrokerage.site/resources/js/jquery/jquery.js HTTP/1.1" 200 93868
168.119.65.60 - - [10/Nov/2024:01:11:38 +0100] "GET /ticket2/opencms/system/modules/com.gridnine.opencms.ticketbrokerage.site/resources/css/standard.css HTTP/1.1" 200 73073
168.119.65.60 - - [10/Nov/2024:01:11:38 +0100] "GET /ticket2/opencms/system/modules/com.gridnine.opencms.ticketbrokerage.site/resources/js/functions.js HTTP/1.1" 200 1583
168.119.65.60 - - [10/Nov/2024:01:11:38 +0100] "GET /ticket2/opencms/system/modules/com.gridnine.opencms.ticketbrokerage.site/resources/js/jquery/jquery-ui.js HTTP/1.1" 200 228088
168.119.65.60 - - [10/Nov/2024:01:11:38 +0100] "GET /ticket2/opencms/system/modules/com.gridnine.opencms.ticketbrokerage.site/resources/js/calendar.js HTTP/1.1" 200 49229
168.119.65.60 - - [10/Nov/2024:01:11:38 +0100] "GET /ticket2/opencms/system/modules/com.gridnine.opencms.ticketbrokerage.site/resources/js/calendar-setup.js HTTP/1.1" 200 4923
168.119.65.60 - - [10/Nov/2024:01:11:38 +0100] "GET /ticket2/opencms/system/modules/com.gridnine.opencms.ticketbrokerage.site/resources/js/calendar-en.js HTTP/1.1" 200 3338
168.119.65.60 - - [10/Nov/2024:01:11:39 +0100] "GET /ticket2/opencms/system/modules/com.gridnine.opencms.ticketbrokerage.site/resources/js/jquery.fancybox.pack.js HTTP/1.1" 200 23187
168.119.65.60 - - [10/Nov/2024:01:11:39 +0100] "GET /ticket2/opencms/system/modules/com.gridnine.opencms.ticketbrokerage.site/resources/js/stickyfill.min.js HTTP/1.1" 200 5672
168.119.65.60 - - [10/Nov/2024:01:11:39 +0100] "GET /ticket2/opencms/system/modules/com.gridnine.opencms.ticketbrokerage.site/resources/js/standard.js HTTP/1.1" 200 3978
168.119.65.60 - - [10/Nov/2024:01:11:39 +0100] "GET /ticket2/opencms/system/modules/com.gridnine.opencms.ticketbrokerage.site/resources/js/jquery.placeholder.min.js HTTP/1.1" 200 1737
168.119.65.60 - - [10/Nov/2024:01:11:39 +0100] "GET /ticket2/opencms/system/modules/com.gridnine.opencms.ticketbrokerage.site/resources/js/common-ajax.js HTTP/1.1" 200 20175
168.119.65.60 - - [10/Nov/2024:01:11:39 +0100] "GET /ticket2/opencms/system/modules/com.gridnine.opencms.ticketbrokerage.site/resources/js/standard.js HTTP/1.1" 200 3978
81.167.26.57 - - [10/Nov/2024:01:11:40 +0100] "GET /ticket2/opencms/robots.txt HTTP/1.1" 200 773
