195.154.122.34 - - [10/Nov/2024:00:18:13 +0100] "GET /ticket2/opencms/system/modules/com.gridnine.opencms.ticketbrokerage.site/resources/js/common-ajax.js HTTP/1.1" 200 20175
94.191.152.44 - - [10/Nov/2024:00:18:13 +0100] "GET /ticket2/opencms/system/modules/com.gridnine.opencms.ticketbrokerage.site/resources/css/ticketbrokerage.css HTTP/1.1" 200 39339
195.154.122.34 - - [10/Nov/2024:00:18:15 +0100] "GET /ticket2/opencms/system/modules/com.gridnine.opencms.ticketbrokerage.site/resources/js/standard.js HTTP/1.1" 200 3978
54.36.148.220 - - [10/Nov/2024:00:18:17 +0100] "GET /ticket2/opencms/fi/venue/?venueid=0725E5C4-26A9-F67A-29C9-2E7909757F42 HTTP/1.1" 200 78569
37.187.89.104 - - [10/Nov/2024:00:18:19 +0100] "GET /ticket2/opencms/dk/nl/buy/?page=1&edid=5C8B3B85-933A-05F1-6523-80053ADA509F&sortorder=asc&column=section HTTP/1.1" 404 -
217.113.194.221 - - [10/Nov/2024:00:18:19 +0100] "GET /ticket2/opencms/fi/venue/?venueid=ADCD705E-60C1-B5B7-06CB-C114610D2494 HTTP/1.1" 200 78513
5.255.231.46 - - [10/Nov/2024:00:18:20 +0100] "GET /ticket2/opencms/robots.txt HTTP/1.1" 200 773
85.208.96.193 - - [10/Nov/2024:00:18:21 +0100] "GET /ticket2/opencms/lv/sport/futbola-biletes/la-liga/valencia/ HTTP/1.1" 200 95311
213.180.203.147 - - [10/Nov/2024:00:18:21 +0100] "GET /ticket2/opencms/en/buy/?page=1&edid=B9A56D83-AD94-045F-A8C5-86B02F52A7C5 HTTP/1.1" 200 133316
5.9.55.228 - - [10/Nov/2024:00:18:22 +0100] "GET /ticket2/opencms/lv/buy?catid=6cd184e8-c8d4-e1cc-33d0-6f47e3751240&comcatid=97eca65a-72da-f9af-9dbb-245d3cfed1be&page=6 HTTP/1.1" 200 84053
54.36.148.155 - - [10/Nov/2024:00:18:27 +0100] "GET /ticket2/opencms/it/ HTTP/1.1" 200 96075
217.113.194.214 - - [10/Nov/2024:00:18:28 +0100] "GET /ticket2/opencms/fi/venue/?venueid=F8078854-6367-8924-C9B6-285A2F3B6E0C HTTP/1.1" 200 78551
195.154.123.119 - - [10/Nov/2024:00:18:28 +0100] "GET /ticket2/opencms/system/modules/com.gridnine.opencms.ticketbrokerage.site/resources/css/standard.css HTTP/1.1" 200 73073
195.154.123.119 - - [10/Nov/2024:00:18:28 +0100] "GET /ticket2/opencms/system/modules/com.gridnine.opencms.ticketbrokerage.site/resources/css/ticketbrokerage.css HTTP/1.1" 200 39339
195.154.123.119 - - [10/Nov/2024:00:18:28 +0100] "GET /ticket2/opencms/system/modules/com.gridnine.opencms.ticketbrokerage.site/resources/js/jquery/jquery.js HTTP/1.1" 200 93868
195.154.123.119 - - [10/Nov/2024:00:18:28 +0100] "GET /ticket2/opencms/system/modules/com.gridnine.opencms.ticketbrokerage.site/resources/css/jquery-ui.css HTTP/1.1" 200 33221
195.154.123.119 - - [10/Nov/2024:00:18:28 +0100] "GET /ticket2/opencms/system/modules/com.gridnine.opencms.ticketbrokerage.site/resources/css/calendar.css HTTP/1.1" 200 6871
195.154.123.119 - - [10/Nov/2024:00:18:28 +0100] "GET /ticket2/opencms/system/modules/com.gridnine.opencms.ticketbrokerage.site/resources/css/jquery.fancybox.css HTTP/1.1" 200 4939
195.154.123.119 - - [10/Nov/2024:00:18:28 +0100] "GET /ticket2/opencms/system/modules/com.gridnine.opencms.ticketbrokerage.site/resources/js/jquery/jquery-ui.js HTTP/1.1" 200 228088
195.154.123.119 - - [10/Nov/2024:00:18:28 +0100] "GET /ticket2/opencms/system/modules/com.gridnine.opencms.ticketbrokerage.site/resources/js/functions.js HTTP/1.1" 200 1583
195.154.123.119 - - [10/Nov/2024:00:18:28 +0100] "GET /ticket2/opencms/system/modules/com.gridnine.opencms.ticketbrokerage.site/resources/js/calendar.js HTTP/1.1" 200 49229
195.154.123.119 - - [10/Nov/2024:00:18:28 +0100] "GET /ticket2/opencms/system/modules/com.gridnine.opencms.ticketbrokerage.site/resources/js/calendar-en.js HTTP/1.1" 200 3338
195.154.123.119 - - [10/Nov/2024:00:18:28 +0100] "GET /ticket2/opencms/system/modules/com.gridnine.opencms.ticketbrokerage.site/resources/js/calendar-setup.js HTTP/1.1" 200 4923
195.154.123.119 - - [10/Nov/2024:00:18:28 +0100] "GET /ticket2/opencms/system/modules/com.gridnine.opencms.ticketbrokerage.site/resources/js/jquery.fancybox.pack.js HTTP/1.1" 200 23187
195.154.123.119 - - [10/Nov/2024:00:18:28 +0100] "GET /ticket2/opencms/system/modules/com.gridnine.opencms.ticketbrokerage.site/resources/js/stickyfill.min.js HTTP/1.1" 200 5672
195.154.123.119 - - [10/Nov/2024:00:18:28 +0100] "GET /ticket2/opencms/system/modules/com.gridnine.opencms.ticketbrokerage.site/resources/js/standard.js HTTP/1.1" 200 3978
195.154.123.119 - - [10/Nov/2024:00:18:28 +0100] "GET /ticket2/opencms/system/modules/com.gridnine.opencms.ticketbrokerage.site/resources/js/jquery.placeholder.min.js HTTP/1.1" 200 1737
195.154.123.119 - - [10/Nov/2024:00:18:28 +0100] "GET /ticket2/opencms/system/modules/com.gridnine.opencms.ticketbrokerage.site/resources/js/common-ajax.js HTTP/1.1" 200 20175
195.154.123.119 - - [10/Nov/2024:00:18:29 +0100] "GET /ticket2/opencms/system/modules/com.gridnine.opencms.ticketbrokerage.site/resources/js/standard.js HTTP/1.1" 200 3978
207.46.13.54 - - [10/Nov/2024:00:18:29 +0100] "GET /ticket2/opencms/mo/buy?page=1&edid=FEE3D7E7-2BD7-4C4E-F8AA-4CF084DCC12E HTTP/1.1" 200 98780
37.187.89.104 - - [10/Nov/2024:00:18:32 +0100] "GET /ticket2/opencms/dk/nl/buy/?page=1&edid=5C8B3B85-933A-05F1-6523-80053ADA509F&sortorder=desc&column=price HTTP/1.1" 404 -
54.36.149.88 - - [10/Nov/2024:00:18:33 +0100] "GET /ticket2/opencms/ga/about/contact/ HTTP/1.1" 200 77878
47.128.59.39 - - [10/Nov/2024:00:18:36 +0100] "GET /ticket2/opencms/hr/buy/?edid=C49A930A-3CDD-7FC6-981C-4D6ED2E66AA8 HTTP/1.1" 200 81431
217.113.194.214 - - [10/Nov/2024:00:18:36 +0100] "GET /ticket2/opencms/fi/venue/?venueid=C27F76E3-3F9A-0BED-08D5-C441FC72394F HTTP/1.1" 200 78525
47.128.121.91 - - [10/Nov/2024:00:18:37 +0100] "GET /ticket2/opencms/ga/buy/?edid=141CBD95-4293-294B-CF07-71BC79C50A54 HTTP/1.1" 200 81535
54.36.148.250 - - [10/Nov/2024:00:18:37 +0100] "GET /ticket2/opencms/hr/buying_tickets/ HTTP/1.1" 200 80590
185.191.171.2 - - [10/Nov/2024:00:18:38 +0100] "GET /ticket2/opencms/tr/faq HTTP/1.1" 200 82069
37.187.89.104 - - [10/Nov/2024:00:18:42 +0100] "GET /ticket2/opencms/dk/nl/buy/?page=1&edid=5C8B3B85-933A-05F1-6523-80053ADA509F&sortorder=desc&column=row HTTP/1.1" 404 -
54.36.148.176 - - [10/Nov/2024:00:18:44 +0100] "GET /ticket2/opencms/fi/venue/?venueid=8C3A154B-2F7E-FD19-F863-0D39CE53C467 HTTP/1.1" 200 78563
217.113.194.215 - - [10/Nov/2024:00:18:45 +0100] "GET /ticket2/opencms/fi/venue/?venueid=734040E5-A24F-A3CB-551E-29ED256DF723 HTTP/1.1" 200 78554
37.187.89.104 - - [10/Nov/2024:00:18:48 +0100] "GET /ticket2/opencms/dk/nl/buy/?page=1&edid=5C8B3B85-933A-05F1-6523-80053ADA509F&sortorder=desc&column=section HTTP/1.1" 404 -
54.36.149.91 - - [10/Nov/2024:00:18:48 +0100] "GET /ticket2/opencms/en/venue/?venueid=6D0642BB-05FC-BA80-36B9-6F63B86457CB HTTP/1.1" 200 77068
66.249.76.231 - - [10/Nov/2024:00:18:52 +0100] "GET /ticket2/opencms/en/buy/?page=6&comcatid=A17713B6-D984-201A-4143-ED4DB5ED5C2E&catid=06324577-7173-BAB0-146D-E644C912F7C1&eventid=2B77360C-773A-8230-F965-6A3D913481EC HTTP/1.1" 200 107720
37.187.89.104 - - [10/Nov/2024:00:18:52 +0100] "GET /ticket2/opencms/dk/nl/buy/?page=1&edid=5C92C6E0-2663-716F-10A1-8E116E00763F&sortorder=asc&column=price HTTP/1.1" 404 -
217.113.194.218 - - [10/Nov/2024:00:18:53 +0100] "GET /ticket2/opencms/fi/venue/?venueid=82569560-FA1B-5710-0BCD-EA4E2D8FFED5 HTTP/1.1" 200 78533
54.36.148.207 - - [10/Nov/2024:00:18:54 +0100] "GET /ticket2/opencms/es/buy/?page=1&edid=5CEA98CB-80E1-9ACA-6E51-8C7E3E9275D3 HTTP/1.1" 200 110986
37.187.89.104 - - [10/Nov/2024:00:18:56 +0100] "GET /ticket2/opencms/dk/nl/buy/?page=1&edid=5C92C6E0-2663-716F-10A1-8E116E00763F&sortorder=asc&column=row HTTP/1.1" 404 -
54.36.149.106 - - [10/Nov/2024:00:18:59 +0100] "GET /ticket2/opencms/fi/buy/?page=1&edid=7D35F583-5000-190C-B2DC-8632905AF321 HTTP/1.1" 200 117087
37.187.89.104 - - [10/Nov/2024:00:18:59 +0100] "GET /ticket2/opencms/dk/nl/buy/?page=1&edid=5CEC90DE-18E3-4908-D475-972C322264CF&sortorder=asc&column=section HTTP/1.1" 404 -
217.113.194.215 - - [10/Nov/2024:00:19:02 +0100] "GET /ticket2/opencms/fi/venue/?venueid=BCC58979-A0BB-82A8-394D-152CD294A8FC HTTP/1.1" 200 78581
37.187.89.104 - - [10/Nov/2024:00:19:02 +0100] "GET /ticket2/opencms/dk/nl/buy/?page=1&edid=5CEC90DE-18E3-4908-D475-972C322264CF&sortorder=desc&column=row HTTP/1.1" 404 -
54.36.149.69 - - [10/Nov/2024:00:19:03 +0100] "GET /ticket2/opencms/no/buy/?comcatid=A17713B6-D984-201A-4143-ED4DB5ED5C2E&catid=D08E96E8-A514-9E09-4E22-63713911E0B8 HTTP/1.1" 200 93448
157.55.39.194 - - [10/Nov/2024:00:19:04 +0100] "GET /ticket2/opencms/dk/buy/?page=1&edid=10C00DD9-2619-A832-C970-E24EDAAD57C7 HTTP/1.1" 200 99622
37.187.89.104 - - [10/Nov/2024:00:19:05 +0100] "GET /ticket2/opencms/dk/nl/buy/?page=1&edid=5CEC90DE-18E3-4908-D475-972C322264CF&sortorder=desc&column=section HTTP/1.1" 404 -
5.9.55.228 - - [10/Nov/2024:00:19:08 +0100] "GET /ticket2/opencms/ka/buy?comcatid=97eca65a-72da-f9af-9dbb-245d3cfed1be&page=6 HTTP/1.1" 200 83373
37.187.89.104 - - [10/Nov/2024:00:19:09 +0100] "GET /ticket2/opencms/dk/nl/buy/?page=1&edid=5D1E6341-9E15-1B70-94F1-6D5375385314&sortorder=desc&column=price HTTP/1.1" 404 -
54.36.148.201 - - [10/Nov/2024:00:19:09 +0100] "GET /ticket2/opencms/no/buy/?comcatid=A17713B6-D984-201A-4143-ED4DB5ED5C2E&catid=FF8D7FE7-4B09-7305-01C7-2D47F7913EB8 HTTP/1.1" 200 93437
217.113.194.212 - - [10/Nov/2024:00:19:11 +0100] "GET /ticket2/opencms/fi/venue/?venueid=F70F08EA-0F3A-95EA-07F1-FD6D52373424 HTTP/1.1" 200 78533
37.187.89.104 - - [10/Nov/2024:00:19:12 +0100] "GET /ticket2/opencms/dk/nl/buy/?page=1&edid=5D1E6341-9E15-1B70-94F1-6D5375385314&sortorder=desc&column=row HTTP/1.1" 404 -
54.36.148.160 - - [10/Nov/2024:00:19:14 +0100] "GET /ticket2/opencms/es/buy/?page=1&edid=27BD86C3-7872-0F2C-F4EA-C29B4E4DC0EF HTTP/1.1" 200 110809
37.187.89.104 - - [10/Nov/2024:00:19:15 +0100] "GET /ticket2/opencms/dk/nl/buy/?page=1&edid=5D1E6341-9E15-1B70-94F1-6D5375385314&sortorder=desc&column=section HTTP/1.1" 404 -
66.249.76.238 - - [10/Nov/2024:00:19:16 +0100] "GET /ticket2/opencms/hu/buy?page=1&edid=F1463EBE-6C18-CF49-B2AE-F79868BCA4F5 HTTP/1.1" 200 131150
154.54.249.216 - - [10/Nov/2024:00:19:19 +0100] "GET /ticket2/opencms/fi/venue/?venueid=0CC87D32-3D29-5809-F3E9-5889619E3A38 HTTP/1.1" 200 78525
37.187.89.104 - - [10/Nov/2024:00:19:19 +0100] "GET /ticket2/opencms/dk/nl/buy/?page=1&edid=5D316A17-67AE-AB26-3845-7466FBF7E082&sortorder=asc&column=price HTTP/1.1" 404 -
54.36.148.45 - - [10/Nov/2024:00:19:20 +0100] "GET /ticket2/opencms/fi/venue/?venueid=AAA2050F-EB9C-D448-55D3-9C97F26928FB HTTP/1.1" 200 78590
37.187.89.104 - - [10/Nov/2024:00:19:24 +0100] "GET /ticket2/opencms/dk/nl/buy/?page=1&edid=5D316A17-67AE-AB26-3845-7466FBF7E082&sortorder=asc&column=row HTTP/1.1" 404 -
54.36.149.27 - - [10/Nov/2024:00:19:26 +0100] "GET /ticket2/opencms/fi/venue/?venueid=41B62F3E-7DE4-EA7C-9C65-EF5D363871DC HTTP/1.1" 200 78516
217.113.194.212 - - [10/Nov/2024:00:19:28 +0100] "GET /ticket2/opencms/fi/venue/?venueid=5E03C312-201F-EA86-FC06-30C04764E9A3 HTTP/1.1" 200 78546
37.187.89.104 - - [10/Nov/2024:00:19:28 +0100] "GET /ticket2/opencms/dk/nl/buy/?page=1&edid=5D316A17-67AE-AB26-3845-7466FBF7E082&sortorder=asc&column=section HTTP/1.1" 404 -
66.249.76.232 - - [10/Nov/2024:00:19:30 +0100] "GET /ticket2/opencms/de/sport/fussball-tickets/premier_league/west_ham_united HTTP/1.1" 200 96376
37.187.89.104 - - [10/Nov/2024:00:19:33 +0100] "GET /ticket2/opencms/dk/nl/buy/?page=1&edid=5D5A9ACE-4EDC-A590-3590-39AF7C33AC8D&sortorder=asc&column=price HTTP/1.1" 404 -
47.128.121.73 - - [10/Nov/2024:00:19:34 +0100] "GET /ticket2/opencms/mt/buy/?catid=95AE85B5-8979-BB11-643C-430ACC6D50F9&comcatid=810BB404-4103-77F2-A6C2-12D5E6C338E2 HTTP/1.1" 200 85469
217.113.194.218 - - [10/Nov/2024:00:19:36 +0100] "GET /ticket2/opencms/fi/venue/?venueid=3E052964-D5DB-7727-FFA4-1BA16C172E21 HTTP/1.1" 200 78519
37.187.89.104 - - [10/Nov/2024:00:19:36 +0100] "GET /ticket2/opencms/dk/nl/buy/?page=1&edid=5D5A9ACE-4EDC-A590-3590-39AF7C33AC8D&sortorder=asc&column=section HTTP/1.1" 404 -
54.36.148.183 - - [10/Nov/2024:00:19:37 +0100] "GET /ticket2/opencms/en/buy/?page=1&edid=8A15C340-B6C2-2F43-473C-6069B2AC1544 HTTP/1.1" 200 124496
185.191.171.11 - - [10/Nov/2024:00:19:38 +0100] "GET /ticket2/opencms/sv/sport/hockeybiljetter/nhl/la-kings/ HTTP/1.1" 200 79621
37.187.89.104 - - [10/Nov/2024:00:19:40 +0100] "GET /ticket2/opencms/dk/nl/buy/?page=1&edid=5EFE4758-40B9-C290-CA38-A3710C02114C&sortorder=desc&column=price HTTP/1.1" 404 -
37.187.89.104 - - [10/Nov/2024:00:19:44 +0100] "GET /ticket2/opencms/dk/nl/buy/?page=1&edid=60D43F42-D1EF-C1AD-08FA-36635BC6C8AF&sortorder=desc&column=section HTTP/1.1" 404 -
66.249.76.225 - - [10/Nov/2024:00:19:44 +0100] "GET /ticket2/opencms/sq/buy/?comcatid=97ECA65A-72DA-F9AF-9DBB-245D3CFED1BE&catid=F7FF413B-5FDF-82CF-E5BB-CD4AB6027974 HTTP/1.1" 200 88769
54.36.148.217 - - [10/Nov/2024:00:19:44 +0100] "GET /ticket2/opencms/fi/venue/?venueid=B5425E3E-A83E-2358-1060-BB53AC7EEFC3 HTTP/1.1" 200 78573
217.113.194.212 - - [10/Nov/2024:00:19:45 +0100] "GET /ticket2/opencms/fi/venue/?venueid=01B4BBD4-836E-BB66-E9AB-3202ED3B7243 HTTP/1.1" 200 78558
37.187.89.104 - - [10/Nov/2024:00:19:49 +0100] "GET /ticket2/opencms/dk/nl/buy/?page=1&edid=6148A2B2-D232-D389-97F0-A33D279676EB&sortorder=asc&column=price HTTP/1.1" 404 -
83.185.45.243 - - [10/Nov/2024:00:19:50 +0100] "GET /ticket2/opencms/set_aff_cookie.jsp?partner=53673ED6-1455-FA54-818F-B1F67121E37C&url=/sv/buy/index.html%3Fpage%3D1%26edid%3DEE1094B0-5F8D-7F5A-3592-6F4F9BDBF532%26hlv%3D666cb144-1790-452c-a600-3b820a01000f%23v748484973 HTTP/1.1" 200 224
83.185.45.243 - - [10/Nov/2024:00:19:51 +0100] "GET /ticket2/opencms/sv/buy/?page=1&edid=EE1094B0-5F8D-7F5A-3592-6F4F9BDBF532&hlv=666cb144-1790-452c-a600-3b820a01000f HTTP/1.1" 200 131043
83.185.45.243 - - [10/Nov/2024:00:19:51 +0100] "GET /ticket2/opencms/system/modules/com.gridnine.opencms.ticketbrokerage.site/resources/css/ticketbrokerage.css HTTP/1.1" 200 39339
83.185.45.243 - - [10/Nov/2024:00:19:51 +0100] "GET /ticket2/opencms/system/modules/com.gridnine.opencms.ticketbrokerage.site/resources/js/calendar-setup.js HTTP/1.1" 200 4923
83.185.45.243 - - [10/Nov/2024:00:19:51 +0100] "GET /ticket2/opencms/system/modules/com.gridnine.opencms.ticketbrokerage.site/resources/js/standard.js HTTP/1.1" 200 3978
83.185.45.243 - - [10/Nov/2024:00:19:51 +0100] "GET /ticket2/opencms/system/modules/com.gridnine.opencms.ticketbrokerage.site/resources/css/calendar.css HTTP/1.1" 200 6871
83.185.45.243 - - [10/Nov/2024:00:19:51 +0100] "GET /ticket2/opencms/system/modules/com.gridnine.opencms.ticketbrokerage.site/resources/css/standard.css HTTP/1.1" 200 73073
83.185.45.243 - - [10/Nov/2024:00:19:51 +0100] "GET /ticket2/opencms/system/modules/com.gridnine.opencms.ticketbrokerage.site/resources/js/functions.js HTTP/1.1" 200 1583
83.185.45.243 - - [10/Nov/2024:00:19:51 +0100] "GET /ticket2/opencms/system/modules/com.gridnine.opencms.ticketbrokerage.site/resources/js/calendar-en.js HTTP/1.1" 200 3338
83.185.45.243 - - [10/Nov/2024:00:19:51 +0100] "GET /ticket2/opencms/system/modules/com.gridnine.opencms.ticketbrokerage.site/resources/js/calendar.js HTTP/1.1" 200 49229
83.185.45.243 - - [10/Nov/2024:00:19:51 +0100] "GET /ticket2/opencms/system/modules/com.gridnine.opencms.ticketbrokerage.site/resources/css/images/ui-bg_flat_75_ffffff_40x100.png HTTP/1.1" 404 -
83.185.45.243 - - [10/Nov/2024:00:19:51 +0100] "GET /ticket2/opencms/sv/ask-form.html HTTP/1.1" 200 2950
83.185.45.243 - - [10/Nov/2024:00:19:51 +0100] "GET /ticket2/opencms/system/modules/com.gridnine.opencms.ticketbrokerage.site/resources/css/ticketbrokerage.css HTTP/1.1" 200 39339
37.187.89.104 - - [10/Nov/2024:00:19:52 +0100] "GET /ticket2/opencms/dk/nl/buy/?page=1&edid=6148A2B2-D232-D389-97F0-A33D279676EB&sortorder=asc&column=row HTTP/1.1" 404 -
217.113.194.212 - - [10/Nov/2024:00:19:54 +0100] "GET /ticket2/opencms/fi/venue/?venueid=BCA44AE3-0AA2-97FD-825B-60825F01067E HTTP/1.1" 200 78584
5.9.55.228 - - [10/Nov/2024:00:19:54 +0100] "GET /ticket2/opencms/fr/buy?catid=078f99d4-0b9e-e323-5a07-d7b70f6e8874&comcatid=97eca65a-72da-f9af-9dbb-245d3cfed1be&page=6 HTTP/1.1" 200 83473
37.187.89.104 - - [10/Nov/2024:00:19:57 +0100] "GET /ticket2/opencms/dk/nl/buy/?page=1&edid=62BA155C-F29C-151E-4E65-60DE9487BEFC&sortorder=desc&column=section HTTP/1.1" 404 -
66.249.79.232 - - [10/Nov/2024:00:19:58 +0100] "GET /ticket2/opencms/el/magazine/sv/sport/fotbollsbiljetter/premier_league/liverpool/ HTTP/1.1" 404 -
54.36.148.74 - - [10/Nov/2024:00:19:59 +0100] "GET /ticket2/opencms/en/buy?comcatid=A17713B6-D984-201A-4143-ED4DB5ED5C2E&catid=A3372871-3019-08B8-80CE-74B78F441ACA HTTP/1.1" 200 92740
195.154.122.206 - - [10/Nov/2024:00:20:00 +0100] "GET /ticket2/opencms/system/modules/com.gridnine.opencms.ticketbrokerage.site/resources/css/jquery-ui.css HTTP/1.1" 200 33221
195.154.122.206 - - [10/Nov/2024:00:20:00 +0100] "GET /ticket2/opencms/system/modules/com.gridnine.opencms.ticketbrokerage.site/resources/css/calendar.css HTTP/1.1" 200 6871
195.154.122.206 - - [10/Nov/2024:00:20:00 +0100] "GET /ticket2/opencms/system/modules/com.gridnine.opencms.ticketbrokerage.site/resources/css/jquery.fancybox.css HTTP/1.1" 200 4939
195.154.122.206 - - [10/Nov/2024:00:20:00 +0100] "GET /ticket2/opencms/system/modules/com.gridnine.opencms.ticketbrokerage.site/resources/css/standard.css HTTP/1.1" 200 73073
195.154.122.206 - - [10/Nov/2024:00:20:00 +0100] "GET /ticket2/opencms/system/modules/com.gridnine.opencms.ticketbrokerage.site/resources/css/ticketbrokerage.css HTTP/1.1" 200 39339
195.154.122.206 - - [10/Nov/2024:00:20:00 +0100] "GET /ticket2/opencms/system/modules/com.gridnine.opencms.ticketbrokerage.site/resources/js/jquery/jquery.js HTTP/1.1" 200 93868
195.154.122.206 - - [10/Nov/2024:00:20:00 +0100] "GET /ticket2/opencms/system/modules/com.gridnine.opencms.ticketbrokerage.site/resources/js/jquery/jquery-ui.js HTTP/1.1" 200 228088
195.154.122.206 - - [10/Nov/2024:00:20:00 +0100] "GET /ticket2/opencms/system/modules/com.gridnine.opencms.ticketbrokerage.site/resources/js/calendar-en.js HTTP/1.1" 200 3338
195.154.122.206 - - [10/Nov/2024:00:20:00 +0100] "GET /ticket2/opencms/system/modules/com.gridnine.opencms.ticketbrokerage.site/resources/js/calendar.js HTTP/1.1" 200 49229
195.154.122.206 - - [10/Nov/2024:00:20:00 +0100] "GET /ticket2/opencms/system/modules/com.gridnine.opencms.ticketbrokerage.site/resources/js/calendar-setup.js HTTP/1.1" 200 4923
195.154.122.206 - - [10/Nov/2024:00:20:00 +0100] "GET /ticket2/opencms/system/modules/com.gridnine.opencms.ticketbrokerage.site/resources/js/functions.js HTTP/1.1" 200 1583
195.154.122.206 - - [10/Nov/2024:00:20:00 +0100] "GET /ticket2/opencms/system/modules/com.gridnine.opencms.ticketbrokerage.site/resources/js/jquery.fancybox.pack.js HTTP/1.1" 200 23187
195.154.122.206 - - [10/Nov/2024:00:20:00 +0100] "GET /ticket2/opencms/system/modules/com.gridnine.opencms.ticketbrokerage.site/resources/js/stickyfill.min.js HTTP/1.1" 200 5672
195.154.122.206 - - [10/Nov/2024:00:20:00 +0100] "GET /ticket2/opencms/system/modules/com.gridnine.opencms.ticketbrokerage.site/resources/js/standard.js HTTP/1.1" 200 3978
195.154.122.206 - - [10/Nov/2024:00:20:00 +0100] "GET /ticket2/opencms/system/modules/com.gridnine.opencms.ticketbrokerage.site/resources/js/jquery.placeholder.min.js HTTP/1.1" 200 1737
195.154.122.206 - - [10/Nov/2024:00:20:00 +0100] "GET /ticket2/opencms/system/modules/com.gridnine.opencms.ticketbrokerage.site/resources/js/common-ajax.js HTTP/1.1" 200 20175
37.187.89.104 - - [10/Nov/2024:00:20:00 +0100] "GET /ticket2/opencms/dk/nl/buy/?page=1&edid=631B7B95-4A80-92E3-56CC-8C92B2697E4D&sortorder=asc&column=price HTTP/1.1" 404 -
47.128.98.191 - - [10/Nov/2024:00:20:00 +0100] "GET /ticket2/opencms/fi/buy/?edid=10D9C6ED-4239-939C-EE12-6D152DF1B2D3 HTTP/1.1" 200 81458
195.154.122.206 - - [10/Nov/2024:00:20:01 +0100] "GET /ticket2/opencms/system/modules/com.gridnine.opencms.ticketbrokerage.site/resources/js/standard.js HTTP/1.1" 200 3978
217.113.194.216 - - [10/Nov/2024:00:20:03 +0100] "GET /ticket2/opencms/fi/venue/?venueid=75885D15-264E-60FB-5DAC-D1D386082DD7 HTTP/1.1" 200 78546
37.187.89.104 - - [10/Nov/2024:00:20:03 +0100] "GET /ticket2/opencms/dk/nl/buy/?page=1&edid=631B7B95-4A80-92E3-56CC-8C92B2697E4D&sortorder=asc&column=row HTTP/1.1" 404 -
40.77.167.65 - - [10/Nov/2024:00:20:06 +0100] "GET /ticket2/opencms/de/buy?page=1&edid=E2BA261D-8AA4-C0D3-44EE-1FFEB3ECFAE6 HTTP/1.1" 200 124709
54.36.149.50 - - [10/Nov/2024:00:20:07 +0100] "GET /ticket2/opencms/no/sport/fotballsbilletter/champions_league/ HTTP/1.1" 200 84708
37.187.89.104 - - [10/Nov/2024:00:20:08 +0100] "GET /ticket2/opencms/dk/nl/buy/?page=1&edid=631B7B95-4A80-92E3-56CC-8C92B2697E4D&sortorder=asc&column=section HTTP/1.1" 404 -
37.187.89.104 - - [10/Nov/2024:00:20:11 +0100] "GET /ticket2/opencms/dk/nl/buy/?page=1&edid=631B7B95-4A80-92E3-56CC-8C92B2697E4D&sortorder=desc&column=price HTTP/1.1" 404 -
217.113.194.213 - - [10/Nov/2024:00:20:12 +0100] "GET /ticket2/opencms/fi/venue/?venueid=C453511B-2F35-C695-62F9-B0A9CA8C57AD HTTP/1.1" 200 78528
37.187.89.104 - - [10/Nov/2024:00:20:15 +0100] "GET /ticket2/opencms/dk/nl/buy/?page=1&edid=631B7B95-4A80-92E3-56CC-8C92B2697E4D&sortorder=desc&column=row HTTP/1.1" 404 -
54.36.148.254 - - [10/Nov/2024:00:20:15 +0100] "GET /ticket2/opencms/en/buy?comcatid=A17713B6-D984-201A-4143-ED4DB5ED5C2E&catid=AE3FE643-AE41-BAA6-237D-5206D1B044A1 HTTP/1.1" 200 92077
195.154.123.39 - - [10/Nov/2024:00:20:16 +0100] "GET /ticket2/opencms/system/modules/com.gridnine.opencms.ticketbrokerage.site/resources/css/jquery-ui.css HTTP/1.1" 200 33221
195.154.123.39 - - [10/Nov/2024:00:20:16 +0100] "GET /ticket2/opencms/system/modules/com.gridnine.opencms.ticketbrokerage.site/resources/css/jquery.fancybox.css HTTP/1.1" 200 4939
195.154.123.39 - - [10/Nov/2024:00:20:16 +0100] "GET /ticket2/opencms/system/modules/com.gridnine.opencms.ticketbrokerage.site/resources/js/stickyfill.min.js HTTP/1.1" 200 5672
195.154.123.39 - - [10/Nov/2024:00:20:16 +0100] "GET /ticket2/opencms/system/modules/com.gridnine.opencms.ticketbrokerage.site/resources/css/ticketbrokerage.css HTTP/1.1" 200 39339
195.154.123.39 - - [10/Nov/2024:00:20:16 +0100] "GET /ticket2/opencms/system/modules/com.gridnine.opencms.ticketbrokerage.site/resources/css/calendar.css HTTP/1.1" 200 6871
195.154.123.39 - - [10/Nov/2024:00:20:16 +0100] "GET /ticket2/opencms/system/modules/com.gridnine.opencms.ticketbrokerage.site/resources/css/standard.css HTTP/1.1" 200 73073
195.154.123.39 - - [10/Nov/2024:00:20:16 +0100] "GET /ticket2/opencms/system/modules/com.gridnine.opencms.ticketbrokerage.site/resources/js/functions.js HTTP/1.1" 200 1583
195.154.123.39 - - [10/Nov/2024:00:20:16 +0100] "GET /ticket2/opencms/system/modules/com.gridnine.opencms.ticketbrokerage.site/resources/js/jquery/jquery-ui.js HTTP/1.1" 200 228088
195.154.123.39 - - [10/Nov/2024:00:20:16 +0100] "GET /ticket2/opencms/system/modules/com.gridnine.opencms.ticketbrokerage.site/resources/js/calendar.js HTTP/1.1" 200 49229
195.154.123.39 - - [10/Nov/2024:00:20:16 +0100] "GET /ticket2/opencms/system/modules/com.gridnine.opencms.ticketbrokerage.site/resources/js/jquery/jquery.js HTTP/1.1" 200 93868
195.154.123.39 - - [10/Nov/2024:00:20:16 +0100] "GET /ticket2/opencms/system/modules/com.gridnine.opencms.ticketbrokerage.site/resources/js/calendar-en.js HTTP/1.1" 200 3338
195.154.123.39 - - [10/Nov/2024:00:20:16 +0100] "GET /ticket2/opencms/system/modules/com.gridnine.opencms.ticketbrokerage.site/resources/js/calendar-setup.js HTTP/1.1" 200 4923
195.154.123.39 - - [10/Nov/2024:00:20:16 +0100] "GET /ticket2/opencms/system/modules/com.gridnine.opencms.ticketbrokerage.site/resources/js/jquery.fancybox.pack.js HTTP/1.1" 200 23187
195.154.123.39 - - [10/Nov/2024:00:20:16 +0100] "GET /ticket2/opencms/system/modules/com.gridnine.opencms.ticketbrokerage.site/resources/js/standard.js HTTP/1.1" 200 3978
195.154.123.39 - - [10/Nov/2024:00:20:16 +0100] "GET /ticket2/opencms/system/modules/com.gridnine.opencms.ticketbrokerage.site/resources/js/jquery.placeholder.min.js HTTP/1.1" 200 1737
195.154.123.39 - - [10/Nov/2024:00:20:16 +0100] "GET /ticket2/opencms/system/modules/com.gridnine.opencms.ticketbrokerage.site/resources/js/common-ajax.js HTTP/1.1" 200 20175
195.154.123.39 - - [10/Nov/2024:00:20:16 +0100] "GET /ticket2/opencms/system/modules/com.gridnine.opencms.ticketbrokerage.site/resources/js/standard.js HTTP/1.1" 200 3978
37.187.89.104 - - [10/Nov/2024:00:20:18 +0100] "GET /ticket2/opencms/dk/nl/buy/?page=1&edid=631B7B95-4A80-92E3-56CC-8C92B2697E4D&sortorder=desc&column=section HTTP/1.1" 404 -
217.113.194.217 - - [10/Nov/2024:00:20:20 +0100] "GET /ticket2/opencms/fi/venue/?venueid=7E97277D-1DCB-20AA-8AE9-51535192889A HTTP/1.1" 200 78534
54.36.148.88 - - [10/Nov/2024:00:20:22 +0100] "GET /ticket2/opencms/en/buy?comcatid=A17713B6-D984-201A-4143-ED4DB5ED5C2E&catid=B0817F4C-4B6F-A68C-6229-209BB05F84D4 HTTP/1.1" 200 92061
37.187.89.104 - - [10/Nov/2024:00:20:22 +0100] "GET /ticket2/opencms/dk/nl/buy/?page=1&edid=6391B8D2-4805-E3DF-858D-572DEDE95203&sortorder=asc&column=price HTTP/1.1" 404 -
195.154.122.167 - - [10/Nov/2024:00:20:22 +0100] "GET /ticket2/opencms/system/modules/com.gridnine.opencms.ticketbrokerage.site/resources/css/jquery-ui.css HTTP/1.1" 200 33221
195.154.122.167 - - [10/Nov/2024:00:20:22 +0100] "GET /ticket2/opencms/system/modules/com.gridnine.opencms.ticketbrokerage.site/resources/css/jquery.fancybox.css HTTP/1.1" 200 4939
195.154.122.167 - - [10/Nov/2024:00:20:22 +0100] "GET /ticket2/opencms/system/modules/com.gridnine.opencms.ticketbrokerage.site/resources/css/calendar.css HTTP/1.1" 200 6871
195.154.122.167 - - [10/Nov/2024:00:20:22 +0100] "GET /ticket2/opencms/system/modules/com.gridnine.opencms.ticketbrokerage.site/resources/css/ticketbrokerage.css HTTP/1.1" 200 39339
195.154.122.167 - - [10/Nov/2024:00:20:22 +0100] "GET /ticket2/opencms/system/modules/com.gridnine.opencms.ticketbrokerage.site/resources/js/jquery/jquery.js HTTP/1.1" 200 93868
195.154.122.167 - - [10/Nov/2024:00:20:22 +0100] "GET /ticket2/opencms/system/modules/com.gridnine.opencms.ticketbrokerage.site/resources/css/standard.css HTTP/1.1" 200 73073
195.154.122.167 - - [10/Nov/2024:00:20:22 +0100] "GET /ticket2/opencms/system/modules/com.gridnine.opencms.ticketbrokerage.site/resources/js/functions.js HTTP/1.1" 200 1583
195.154.122.167 - - [10/Nov/2024:00:20:22 +0100] "GET /ticket2/opencms/system/modules/com.gridnine.opencms.ticketbrokerage.site/resources/js/calendar.js HTTP/1.1" 200 49229
195.154.122.167 - - [10/Nov/2024:00:20:22 +0100] "GET /ticket2/opencms/system/modules/com.gridnine.opencms.ticketbrokerage.site/resources/js/calendar-en.js HTTP/1.1" 200 3338
195.154.122.167 - - [10/Nov/2024:00:20:22 +0100] "GET /ticket2/opencms/system/modules/com.gridnine.opencms.ticketbrokerage.site/resources/js/calendar-setup.js HTTP/1.1" 200 4923
195.154.122.167 - - [10/Nov/2024:00:20:22 +0100] "GET /ticket2/opencms/system/modules/com.gridnine.opencms.ticketbrokerage.site/resources/js/jquery/jquery-ui.js HTTP/1.1" 200 228088
195.154.122.167 - - [10/Nov/2024:00:20:23 +0100] "GET /ticket2/opencms/system/modules/com.gridnine.opencms.ticketbrokerage.site/resources/js/jquery.fancybox.pack.js HTTP/1.1" 200 23187
195.154.122.167 - - [10/Nov/2024:00:20:23 +0100] "GET /ticket2/opencms/system/modules/com.gridnine.opencms.ticketbrokerage.site/resources/js/stickyfill.min.js HTTP/1.1" 200 5672
195.154.122.167 - - [10/Nov/2024:00:20:23 +0100] "GET /ticket2/opencms/system/modules/com.gridnine.opencms.ticketbrokerage.site/resources/js/standard.js HTTP/1.1" 200 3978
195.154.122.167 - - [10/Nov/2024:00:20:23 +0100] "GET /ticket2/opencms/system/modules/com.gridnine.opencms.ticketbrokerage.site/resources/js/jquery.placeholder.min.js HTTP/1.1" 200 1737
195.154.122.167 - - [10/Nov/2024:00:20:23 +0100] "GET /ticket2/opencms/system/modules/com.gridnine.opencms.ticketbrokerage.site/resources/js/common-ajax.js HTTP/1.1" 200 20175
195.154.122.167 - - [10/Nov/2024:00:20:23 +0100] "GET /ticket2/opencms/system/modules/com.gridnine.opencms.ticketbrokerage.site/resources/js/standard.js HTTP/1.1" 200 3978
37.187.89.104 - - [10/Nov/2024:00:20:25 +0100] "GET /ticket2/opencms/dk/nl/buy/?page=1&edid=6391B8D2-4805-E3DF-858D-572DEDE95203&sortorder=asc&column=row HTTP/1.1" 404 -
37.187.89.104 - - [10/Nov/2024:00:20:28 +0100] "GET /ticket2/opencms/dk/nl/buy/?page=1&edid=6479D966-2793-7C7E-D24A-D27EA93264A1&sortorder=asc&column=price HTTP/1.1" 404 -
217.113.194.216 - - [10/Nov/2024:00:20:29 +0100] "GET /ticket2/opencms/fi/venue/?venueid=7E3A2D74-DA88-871F-895E-1180E253F56F HTTP/1.1" 200 78539
54.36.148.19 - - [10/Nov/2024:00:20:31 +0100] "GET /ticket2/opencms/en/buy?comcatid=A17713B6-D984-201A-4143-ED4DB5ED5C2E&catid=C0DF818C-DB21-6E2E-4056-DB751FFE0C41 HTTP/1.1" 200 92068
195.154.122.121 - - [10/Nov/2024:00:20:31 +0100] "GET /ticket2/opencms/system/modules/com.gridnine.opencms.ticketbrokerage.site/resources/css/standard.css HTTP/1.1" 200 73073
195.154.122.121 - - [10/Nov/2024:00:20:31 +0100] "GET /ticket2/opencms/system/modules/com.gridnine.opencms.ticketbrokerage.site/resources/css/jquery.fancybox.css HTTP/1.1" 200 4939
195.154.122.121 - - [10/Nov/2024:00:20:31 +0100] "GET /ticket2/opencms/system/modules/com.gridnine.opencms.ticketbrokerage.site/resources/css/ticketbrokerage.css HTTP/1.1" 200 39339
195.154.122.121 - - [10/Nov/2024:00:20:31 +0100] "GET /ticket2/opencms/system/modules/com.gridnine.opencms.ticketbrokerage.site/resources/js/jquery/jquery.js HTTP/1.1" 200 93868
195.154.122.121 - - [10/Nov/2024:00:20:31 +0100] "GET /ticket2/opencms/system/modules/com.gridnine.opencms.ticketbrokerage.site/resources/css/jquery-ui.css HTTP/1.1" 200 33221
195.154.122.121 - - [10/Nov/2024:00:20:31 +0100] "GET /ticket2/opencms/system/modules/com.gridnine.opencms.ticketbrokerage.site/resources/css/calendar.css HTTP/1.1" 200 6871
195.154.122.121 - - [10/Nov/2024:00:20:31 +0100] "GET /ticket2/opencms/system/modules/com.gridnine.opencms.ticketbrokerage.site/resources/js/jquery/jquery-ui.js HTTP/1.1" 200 228088
195.154.122.121 - - [10/Nov/2024:00:20:31 +0100] "GET /ticket2/opencms/system/modules/com.gridnine.opencms.ticketbrokerage.site/resources/js/functions.js HTTP/1.1" 200 1583
195.154.122.121 - - [10/Nov/2024:00:20:31 +0100] "GET /ticket2/opencms/system/modules/com.gridnine.opencms.ticketbrokerage.site/resources/js/calendar-en.js HTTP/1.1" 200 3338
195.154.122.121 - - [10/Nov/2024:00:20:31 +0100] "GET /ticket2/opencms/system/modules/com.gridnine.opencms.ticketbrokerage.site/resources/js/calendar.js HTTP/1.1" 200 49229
195.154.122.121 - - [10/Nov/2024:00:20:31 +0100] "GET /ticket2/opencms/system/modules/com.gridnine.opencms.ticketbrokerage.site/resources/js/calendar-setup.js HTTP/1.1" 200 4923
195.154.122.121 - - [10/Nov/2024:00:20:32 +0100] "GET /ticket2/opencms/system/modules/com.gridnine.opencms.ticketbrokerage.site/resources/js/jquery.fancybox.pack.js HTTP/1.1" 200 23187
195.154.122.121 - - [10/Nov/2024:00:20:32 +0100] "GET /ticket2/opencms/system/modules/com.gridnine.opencms.ticketbrokerage.site/resources/js/stickyfill.min.js HTTP/1.1" 200 5672
195.154.122.121 - - [10/Nov/2024:00:20:32 +0100] "GET /ticket2/opencms/system/modules/com.gridnine.opencms.ticketbrokerage.site/resources/js/standard.js HTTP/1.1" 200 3978
195.154.122.121 - - [10/Nov/2024:00:20:32 +0100] "GET /ticket2/opencms/system/modules/com.gridnine.opencms.ticketbrokerage.site/resources/js/jquery.placeholder.min.js HTTP/1.1" 200 1737
195.154.122.121 - - [10/Nov/2024:00:20:32 +0100] "GET /ticket2/opencms/system/modules/com.gridnine.opencms.ticketbrokerage.site/resources/js/common-ajax.js HTTP/1.1" 200 20175
195.154.122.121 - - [10/Nov/2024:00:20:33 +0100] "GET /ticket2/opencms/system/modules/com.gridnine.opencms.ticketbrokerage.site/resources/js/standard.js HTTP/1.1" 200 3978
37.187.89.104 - - [10/Nov/2024:00:20:33 +0100] "GET /ticket2/opencms/dk/nl/buy/?page=1&edid=6479D966-2793-7C7E-D24A-D27EA93264A1&sortorder=asc&column=row HTTP/1.1" 404 -
47.128.20.229 - - [10/Nov/2024:00:20:36 +0100] "GET /ticket2/opencms/fi/buy/?eventid=265F6746-CFC4-3148-B232-5753484890DA&page=11&venueid=78D0C4A5-99DA-B045-D1D7-45F70CE9F600 HTTP/1.1" 200 85553
54.36.148.233 - - [10/Nov/2024:00:20:36 +0100] "GET /ticket2/opencms/en/buy?comcatid=A17713B6-D984-201A-4143-ED4DB5ED5C2E&catid=C48671DB-5AEB-8CE2-928E-38417FFBE085 HTTP/1.1" 200 92067
195.154.123.48 - - [10/Nov/2024:00:20:37 +0100] "GET /ticket2/opencms/system/modules/com.gridnine.opencms.ticketbrokerage.site/resources/css/jquery-ui.css HTTP/1.1" 200 33221
195.154.123.48 - - [10/Nov/2024:00:20:37 +0100] "GET /ticket2/opencms/system/modules/com.gridnine.opencms.ticketbrokerage.site/resources/css/calendar.css HTTP/1.1" 200 6871
195.154.123.48 - - [10/Nov/2024:00:20:37 +0100] "GET /ticket2/opencms/system/modules/com.gridnine.opencms.ticketbrokerage.site/resources/css/ticketbrokerage.css HTTP/1.1" 200 39339
195.154.123.48 - - [10/Nov/2024:00:20:37 +0100] "GET /ticket2/opencms/system/modules/com.gridnine.opencms.ticketbrokerage.site/resources/css/jquery.fancybox.css HTTP/1.1" 200 4939
195.154.123.48 - - [10/Nov/2024:00:20:37 +0100] "GET /ticket2/opencms/system/modules/com.gridnine.opencms.ticketbrokerage.site/resources/css/standard.css HTTP/1.1" 200 73073
195.154.123.48 - - [10/Nov/2024:00:20:37 +0100] "GET /ticket2/opencms/system/modules/com.gridnine.opencms.ticketbrokerage.site/resources/js/jquery/jquery.js HTTP/1.1" 200 93868
195.154.123.48 - - [10/Nov/2024:00:20:37 +0100] "GET /ticket2/opencms/system/modules/com.gridnine.opencms.ticketbrokerage.site/resources/js/stickyfill.min.js HTTP/1.1" 200 5672
195.154.123.48 - - [10/Nov/2024:00:20:37 +0100] "GET /ticket2/opencms/system/modules/com.gridnine.opencms.ticketbrokerage.site/resources/js/jquery/jquery-ui.js HTTP/1.1" 200 228088
195.154.123.48 - - [10/Nov/2024:00:20:37 +0100] "GET /ticket2/opencms/system/modules/com.gridnine.opencms.ticketbrokerage.site/resources/js/functions.js HTTP/1.1" 200 1583
195.154.123.48 - - [10/Nov/2024:00:20:37 +0100] "GET /ticket2/opencms/system/modules/com.gridnine.opencms.ticketbrokerage.site/resources/js/calendar-en.js HTTP/1.1" 200 3338
195.154.123.48 - - [10/Nov/2024:00:20:37 +0100] "GET /ticket2/opencms/system/modules/com.gridnine.opencms.ticketbrokerage.site/resources/js/calendar.js HTTP/1.1" 200 49229
195.154.123.48 - - [10/Nov/2024:00:20:37 +0100] "GET /ticket2/opencms/system/modules/com.gridnine.opencms.ticketbrokerage.site/resources/js/calendar-setup.js HTTP/1.1" 200 4923
195.154.123.48 - - [10/Nov/2024:00:20:37 +0100] "GET /ticket2/opencms/system/modules/com.gridnine.opencms.ticketbrokerage.site/resources/js/jquery.fancybox.pack.js HTTP/1.1" 200 23187
195.154.123.48 - - [10/Nov/2024:00:20:37 +0100] "GET /ticket2/opencms/system/modules/com.gridnine.opencms.ticketbrokerage.site/resources/js/standard.js HTTP/1.1" 200 3978
195.154.123.48 - - [10/Nov/2024:00:20:37 +0100] "GET /ticket2/opencms/system/modules/com.gridnine.opencms.ticketbrokerage.site/resources/js/jquery.placeholder.min.js HTTP/1.1" 200 1737
195.154.123.48 - - [10/Nov/2024:00:20:37 +0100] "GET /ticket2/opencms/system/modules/com.gridnine.opencms.ticketbrokerage.site/resources/js/common-ajax.js HTTP/1.1" 200 20175
37.187.89.104 - - [10/Nov/2024:00:20:37 +0100] "GET /ticket2/opencms/dk/nl/buy/?page=1&edid=6479D966-2793-7C7E-D24A-D27EA93264A1&sortorder=asc&column=section HTTP/1.1" 404 -
195.154.123.48 - - [10/Nov/2024:00:20:37 +0100] "GET /ticket2/opencms/system/modules/com.gridnine.opencms.ticketbrokerage.site/resources/js/standard.js HTTP/1.1" 200 3978
217.113.194.216 - - [10/Nov/2024:00:20:37 +0100] "GET /ticket2/opencms/fi/venue/?venueid=BD2383E2-D470-0DE4-1584-B3BAF90D1F5C HTTP/1.1" 200 78516
5.9.55.228 - - [10/Nov/2024:00:20:39 +0100] "GET /ticket2/opencms/is/buy?catid=1656e964-1e02-9a38-d092-65384e60b6ea&comcatid=97eca65a-72da-f9af-9dbb-245d3cfed1be&page=6 HTTP/1.1" 200 84057
37.187.89.104 - - [10/Nov/2024:00:20:40 +0100] "GET /ticket2/opencms/dk/nl/buy/?page=1&edid=64D27571-56AC-6DBD-97C1-AA8F4E5FC92F&sortorder=desc&column=section HTTP/1.1" 404 -
66.249.79.7 - - [10/Nov/2024:00:20:42 +0100] "GET /ticket2/opencms/hu/buy?page=1&edid=E9DB3A42-82BF-9B65-3ED4-EE5A32871388 HTTP/1.1" 200 121774
54.36.148.220 - - [10/Nov/2024:00:20:44 +0100] "GET /ticket2/opencms/en/buy?comcatid=A17713B6-D984-201A-4143-ED4DB5ED5C2E&catid=2DE12DDA-A5FB-C1C6-CB20-FBF873FB032B HTTP/1.1" 200 92082
37.187.89.104 - - [10/Nov/2024:00:20:44 +0100] "GET /ticket2/opencms/dk/nl/buy/?page=1&edid=6693B23E-64D7-5841-C273-FB0E8F77BEEF&sortorder=asc&column=section HTTP/1.1" 404 -
168.119.64.246 - - [10/Nov/2024:00:20:45 +0100] "GET /ticket2/opencms/system/modules/com.gridnine.opencms.ticketbrokerage.site/resources/css/jquery-ui.css HTTP/1.1" 200 33221
168.119.64.246 - - [10/Nov/2024:00:20:45 +0100] "GET /ticket2/opencms/system/modules/com.gridnine.opencms.ticketbrokerage.site/resources/css/calendar.css HTTP/1.1" 200 6871
168.119.64.246 - - [10/Nov/2024:00:20:45 +0100] "GET /ticket2/opencms/system/modules/com.gridnine.opencms.ticketbrokerage.site/resources/css/standard.css HTTP/1.1" 200 73073
168.119.64.246 - - [10/Nov/2024:00:20:45 +0100] "GET /ticket2/opencms/system/modules/com.gridnine.opencms.ticketbrokerage.site/resources/css/jquery.fancybox.css HTTP/1.1" 200 4939
168.119.64.246 - - [10/Nov/2024:00:20:45 +0100] "GET /ticket2/opencms/system/modules/com.gridnine.opencms.ticketbrokerage.site/resources/css/ticketbrokerage.css HTTP/1.1" 200 39339
168.119.64.246 - - [10/Nov/2024:00:20:45 +0100] "GET /ticket2/opencms/system/modules/com.gridnine.opencms.ticketbrokerage.site/resources/js/calendar.js HTTP/1.1" 200 49229
168.119.64.246 - - [10/Nov/2024:00:20:45 +0100] "GET /ticket2/opencms/system/modules/com.gridnine.opencms.ticketbrokerage.site/resources/js/functions.js HTTP/1.1" 200 1583
168.119.64.246 - - [10/Nov/2024:00:20:45 +0100] "GET /ticket2/opencms/system/modules/com.gridnine.opencms.ticketbrokerage.site/resources/js/jquery/jquery.js HTTP/1.1" 200 93868
168.119.64.246 - - [10/Nov/2024:00:20:45 +0100] "GET /ticket2/opencms/system/modules/com.gridnine.opencms.ticketbrokerage.site/resources/js/calendar-en.js HTTP/1.1" 200 3338
168.119.64.246 - - [10/Nov/2024:00:20:45 +0100] "GET /ticket2/opencms/system/modules/com.gridnine.opencms.ticketbrokerage.site/resources/js/jquery/jquery-ui.js HTTP/1.1" 200 228088
168.119.64.246 - - [10/Nov/2024:00:20:45 +0100] "GET /ticket2/opencms/system/modules/com.gridnine.opencms.ticketbrokerage.site/resources/js/calendar-setup.js HTTP/1.1" 200 4923
168.119.64.246 - - [10/Nov/2024:00:20:45 +0100] "GET /ticket2/opencms/system/modules/com.gridnine.opencms.ticketbrokerage.site/resources/js/standard.js HTTP/1.1" 200 3978
168.119.64.246 - - [10/Nov/2024:00:20:45 +0100] "GET /ticket2/opencms/system/modules/com.gridnine.opencms.ticketbrokerage.site/resources/js/jquery.fancybox.pack.js HTTP/1.1" 200 23187
168.119.64.246 - - [10/Nov/2024:00:20:45 +0100] "GET /ticket2/opencms/system/modules/com.gridnine.opencms.ticketbrokerage.site/resources/js/stickyfill.min.js HTTP/1.1" 200 5672
168.119.64.246 - - [10/Nov/2024:00:20:45 +0100] "GET /ticket2/opencms/system/modules/com.gridnine.opencms.ticketbrokerage.site/resources/js/jquery.placeholder.min.js HTTP/1.1" 200 1737
168.119.64.246 - - [10/Nov/2024:00:20:45 +0100] "GET /ticket2/opencms/system/modules/com.gridnine.opencms.ticketbrokerage.site/resources/js/common-ajax.js HTTP/1.1" 200 20175
168.119.64.246 - - [10/Nov/2024:00:20:45 +0100] "GET /ticket2/opencms/system/modules/com.gridnine.opencms.ticketbrokerage.site/resources/js/standard.js HTTP/1.1" 200 3978
217.113.194.220 - - [10/Nov/2024:00:20:46 +0100] "GET /ticket2/opencms/fi/venue/?venueid=B5ED1183-D33E-1EF0-6122-306DBE64D14C HTTP/1.1" 200 78560
37.187.89.104 - - [10/Nov/2024:00:20:48 +0100] "GET /ticket2/opencms/dk/nl/buy/?page=1&edid=84E60CC0-07DC-E0F0-0E9B-E329E5C69FB8&sortorder=asc&column=section HTTP/1.1" 404 -
40.77.167.9 - - [10/Nov/2024:00:20:50 +0100] "GET /ticket2/opencms/en/buy/?page=1&edid=5841328A-911D-5943-EBD4-7800C7848F54 HTTP/1.1" 200 100164
37.187.89.104 - - [10/Nov/2024:00:20:52 +0100] "GET /ticket2/opencms/dk/nl/buy/?page=1&edid=A098D6B2-660B-4A91-CD88-E211CF0A7F9F&sortorder=asc&column=price HTTP/1.1" 404 -
54.36.148.2 - - [10/Nov/2024:00:20:55 +0100] "GET /ticket2/opencms/en/buy?comcatid=A17713B6-D984-201A-4143-ED4DB5ED5C2E&catid=3A7AEA37-903D-9533-4B33-21B0001FF1D1 HTTP/1.1" 200 92071
217.113.194.213 - - [10/Nov/2024:00:20:55 +0100] "GET /ticket2/opencms/fi/venue/?venueid=DEE00DFC-893F-245B-8985-D3EB9461E0DA HTTP/1.1" 200 78539
47.128.116.118 - - [10/Nov/2024:00:20:55 +0100] "GET /ticket2/opencms/be/buy/?edid=6F5FD32A-E6AE-DCD8-EFFA-25CCEF6A46F1 HTTP/1.1" 200 82069
37.187.89.104 - - [10/Nov/2024:00:20:55 +0100] "GET /ticket2/opencms/dk/nl/buy/?page=1&edid=A098D6B2-660B-4A91-CD88-E211CF0A7F9F&sortorder=asc&column=section HTTP/1.1" 404 -
168.119.68.119 - - [10/Nov/2024:00:20:55 +0100] "GET /ticket2/opencms/system/modules/com.gridnine.opencms.ticketbrokerage.site/resources/css/jquery-ui.css HTTP/1.1" 200 33221
168.119.68.119 - - [10/Nov/2024:00:20:55 +0100] "GET /ticket2/opencms/system/modules/com.gridnine.opencms.ticketbrokerage.site/resources/css/jquery.fancybox.css HTTP/1.1" 200 4939
168.119.68.119 - - [10/Nov/2024:00:20:55 +0100] "GET /ticket2/opencms/system/modules/com.gridnine.opencms.ticketbrokerage.site/resources/css/calendar.css HTTP/1.1" 200 6871
168.119.68.119 - - [10/Nov/2024:00:20:55 +0100] "GET /ticket2/opencms/system/modules/com.gridnine.opencms.ticketbrokerage.site/resources/css/ticketbrokerage.css HTTP/1.1" 200 39339
168.119.68.119 - - [10/Nov/2024:00:20:55 +0100] "GET /ticket2/opencms/system/modules/com.gridnine.opencms.ticketbrokerage.site/resources/css/standard.css HTTP/1.1" 200 73073
168.119.68.119 - - [10/Nov/2024:00:20:55 +0100] "GET /ticket2/opencms/system/modules/com.gridnine.opencms.ticketbrokerage.site/resources/js/jquery/jquery-ui.js HTTP/1.1" 200 228088
168.119.68.119 - - [10/Nov/2024:00:20:55 +0100] "GET /ticket2/opencms/system/modules/com.gridnine.opencms.ticketbrokerage.site/resources/js/stickyfill.min.js HTTP/1.1" 200 5672
168.119.68.119 - - [10/Nov/2024:00:20:55 +0100] "GET /ticket2/opencms/system/modules/com.gridnine.opencms.ticketbrokerage.site/resources/js/calendar-setup.js HTTP/1.1" 200 4923
168.119.68.119 - - [10/Nov/2024:00:20:55 +0100] "GET /ticket2/opencms/system/modules/com.gridnine.opencms.ticketbrokerage.site/resources/js/calendar-en.js HTTP/1.1" 200 3338
168.119.68.119 - - [10/Nov/2024:00:20:55 +0100] "GET /ticket2/opencms/system/modules/com.gridnine.opencms.ticketbrokerage.site/resources/js/jquery.fancybox.pack.js HTTP/1.1" 200 23187
168.119.68.119 - - [10/Nov/2024:00:20:55 +0100] "GET /ticket2/opencms/system/modules/com.gridnine.opencms.ticketbrokerage.site/resources/js/calendar.js HTTP/1.1" 200 49229
168.119.68.119 - - [10/Nov/2024:00:20:55 +0100] "GET /ticket2/opencms/system/modules/com.gridnine.opencms.ticketbrokerage.site/resources/js/jquery/jquery.js HTTP/1.1" 200 93868
168.119.68.119 - - [10/Nov/2024:00:20:55 +0100] "GET /ticket2/opencms/system/modules/com.gridnine.opencms.ticketbrokerage.site/resources/js/standard.js HTTP/1.1" 200 3978
168.119.68.119 - - [10/Nov/2024:00:20:55 +0100] "GET /ticket2/opencms/system/modules/com.gridnine.opencms.ticketbrokerage.site/resources/js/functions.js HTTP/1.1" 200 1583
168.119.68.119 - - [10/Nov/2024:00:20:55 +0100] "GET /ticket2/opencms/system/modules/com.gridnine.opencms.ticketbrokerage.site/resources/js/jquery.placeholder.min.js HTTP/1.1" 200 1737
168.119.68.119 - - [10/Nov/2024:00:20:55 +0100] "GET /ticket2/opencms/system/modules/com.gridnine.opencms.ticketbrokerage.site/resources/js/common-ajax.js HTTP/1.1" 200 20175
168.119.68.119 - - [10/Nov/2024:00:20:56 +0100] "GET /ticket2/opencms/system/modules/com.gridnine.opencms.ticketbrokerage.site/resources/js/standard.js HTTP/1.1" 200 3978
66.249.79.233 - - [10/Nov/2024:00:20:56 +0100] "GET /ticket2/opencms/dk/sport/fodboldbilletter/premier-league/everton HTTP/1.1" 200 93465
37.187.89.104 - - [10/Nov/2024:00:20:59 +0100] "GET /ticket2/opencms/dk/nl/buy/?page=1&edid=A0E1E3C5-926E-8F6B-8EB6-E38355A23A9B&sortorder=desc&column=price HTTP/1.1" 404 -
54.36.149.53 - - [10/Nov/2024:00:20:59 +0100] "GET /ticket2/opencms/en/buy?comcatid=A17713B6-D984-201A-4143-ED4DB5ED5C2E&catid=42C82D82-D02A-8562-E55C-48ADB3771882 HTTP/1.1" 200 92087
195.154.122.199 - - [10/Nov/2024:00:21:00 +0100] "GET /ticket2/opencms/system/modules/com.gridnine.opencms.ticketbrokerage.site/resources/css/ticketbrokerage.css HTTP/1.1" 200 39339
195.154.122.199 - - [10/Nov/2024:00:21:00 +0100] "GET /ticket2/opencms/system/modules/com.gridnine.opencms.ticketbrokerage.site/resources/css/jquery-ui.css HTTP/1.1" 200 33221
195.154.122.199 - - [10/Nov/2024:00:21:00 +0100] "GET /ticket2/opencms/system/modules/com.gridnine.opencms.ticketbrokerage.site/resources/css/jquery.fancybox.css HTTP/1.1" 200 4939
195.154.122.199 - - [10/Nov/2024:00:21:00 +0100] "GET /ticket2/opencms/system/modules/com.gridnine.opencms.ticketbrokerage.site/resources/js/jquery/jquery.js HTTP/1.1" 200 93868
195.154.122.199 - - [10/Nov/2024:00:21:00 +0100] "GET /ticket2/opencms/system/modules/com.gridnine.opencms.ticketbrokerage.site/resources/css/calendar.css HTTP/1.1" 200 6871
195.154.122.199 - - [10/Nov/2024:00:21:00 +0100] "GET /ticket2/opencms/system/modules/com.gridnine.opencms.ticketbrokerage.site/resources/css/standard.css HTTP/1.1" 200 73073
195.154.122.199 - - [10/Nov/2024:00:21:00 +0100] "GET /ticket2/opencms/system/modules/com.gridnine.opencms.ticketbrokerage.site/resources/js/jquery/jquery-ui.js HTTP/1.1" 200 228088
195.154.122.199 - - [10/Nov/2024:00:21:00 +0100] "GET /ticket2/opencms/system/modules/com.gridnine.opencms.ticketbrokerage.site/resources/js/functions.js HTTP/1.1" 200 1583
195.154.122.199 - - [10/Nov/2024:00:21:00 +0100] "GET /ticket2/opencms/system/modules/com.gridnine.opencms.ticketbrokerage.site/resources/js/calendar-en.js HTTP/1.1" 200 3338
195.154.122.199 - - [10/Nov/2024:00:21:00 +0100] "GET /ticket2/opencms/system/modules/com.gridnine.opencms.ticketbrokerage.site/resources/js/calendar.js HTTP/1.1" 200 49229
195.154.122.199 - - [10/Nov/2024:00:21:00 +0100] "GET /ticket2/opencms/system/modules/com.gridnine.opencms.ticketbrokerage.site/resources/js/calendar-setup.js HTTP/1.1" 200 4923
195.154.122.199 - - [10/Nov/2024:00:21:00 +0100] "GET /ticket2/opencms/system/modules/com.gridnine.opencms.ticketbrokerage.site/resources/js/jquery.fancybox.pack.js HTTP/1.1" 200 23187
195.154.122.199 - - [10/Nov/2024:00:21:00 +0100] "GET /ticket2/opencms/system/modules/com.gridnine.opencms.ticketbrokerage.site/resources/js/stickyfill.min.js HTTP/1.1" 200 5672
195.154.122.199 - - [10/Nov/2024:00:21:00 +0100] "GET /ticket2/opencms/system/modules/com.gridnine.opencms.ticketbrokerage.site/resources/js/standard.js HTTP/1.1" 200 3978
195.154.122.199 - - [10/Nov/2024:00:21:00 +0100] "GET /ticket2/opencms/system/modules/com.gridnine.opencms.ticketbrokerage.site/resources/js/jquery.placeholder.min.js HTTP/1.1" 200 1737
195.154.122.199 - - [10/Nov/2024:00:21:00 +0100] "GET /ticket2/opencms/system/modules/com.gridnine.opencms.ticketbrokerage.site/resources/js/common-ajax.js HTTP/1.1" 200 20175
195.154.122.199 - - [10/Nov/2024:00:21:01 +0100] "GET /ticket2/opencms/system/modules/com.gridnine.opencms.ticketbrokerage.site/resources/js/standard.js HTTP/1.1" 200 3978
37.187.89.104 - - [10/Nov/2024:00:21:02 +0100] "GET /ticket2/opencms/dk/nl/buy/?page=1&edid=A75BF47D-61CA-1D9C-AE7B-88EFFA7FFEA4&sortorder=desc&column=price HTTP/1.1" 404 -
154.54.249.216 - - [10/Nov/2024:00:21:03 +0100] "GET /ticket2/opencms/fi/venue/?venueid=CC8EBEE0-20C4-450E-B0B6-DECB88FE890B HTTP/1.1" 200 78567
85.208.96.195 - - [10/Nov/2024:00:21:05 +0100] "GET /ticket2/opencms/fi/urheilu/jalkapallo/premier_league/chelsea/ HTTP/1.1" 200 93973
37.187.89.104 - - [10/Nov/2024:00:21:05 +0100] "GET /ticket2/opencms/dk/nl/buy/?page=1&edid=ABDF7CFF-955C-3980-3713-4EA1E1421657&sortorder=asc&column=row HTTP/1.1" 404 -
54.36.148.87 - - [10/Nov/2024:00:21:05 +0100] "GET /ticket2/opencms/en/buy?comcatid=A17713B6-D984-201A-4143-ED4DB5ED5C2E&catid=6E0E0CA4-3F14-9697-92B9-3687047BE453 HTTP/1.1" 200 92072
195.154.123.81 - - [10/Nov/2024:00:21:06 +0100] "GET /ticket2/opencms/system/modules/com.gridnine.opencms.ticketbrokerage.site/resources/css/jquery-ui.css HTTP/1.1" 200 33221
195.154.123.81 - - [10/Nov/2024:00:21:06 +0100] "GET /ticket2/opencms/system/modules/com.gridnine.opencms.ticketbrokerage.site/resources/css/calendar.css HTTP/1.1" 200 6871
195.154.123.81 - - [10/Nov/2024:00:21:06 +0100] "GET /ticket2/opencms/system/modules/com.gridnine.opencms.ticketbrokerage.site/resources/css/standard.css HTTP/1.1" 200 73073
195.154.123.81 - - [10/Nov/2024:00:21:06 +0100] "GET /ticket2/opencms/system/modules/com.gridnine.opencms.ticketbrokerage.site/resources/css/jquery.fancybox.css HTTP/1.1" 200 4939
195.154.123.81 - - [10/Nov/2024:00:21:06 +0100] "GET /ticket2/opencms/system/modules/com.gridnine.opencms.ticketbrokerage.site/resources/js/calendar.js HTTP/1.1" 200 49229
195.154.123.81 - - [10/Nov/2024:00:21:06 +0100] "GET /ticket2/opencms/system/modules/com.gridnine.opencms.ticketbrokerage.site/resources/css/ticketbrokerage.css HTTP/1.1" 200 39339
195.154.123.81 - - [10/Nov/2024:00:21:06 +0100] "GET /ticket2/opencms/system/modules/com.gridnine.opencms.ticketbrokerage.site/resources/js/calendar-en.js HTTP/1.1" 200 3338
195.154.123.81 - - [10/Nov/2024:00:21:06 +0100] "GET /ticket2/opencms/system/modules/com.gridnine.opencms.ticketbrokerage.site/resources/js/calendar-setup.js HTTP/1.1" 200 4923
195.154.123.81 - - [10/Nov/2024:00:21:06 +0100] "GET /ticket2/opencms/system/modules/com.gridnine.opencms.ticketbrokerage.site/resources/js/jquery.fancybox.pack.js HTTP/1.1" 200 23187
195.154.123.81 - - [10/Nov/2024:00:21:06 +0100] "GET /ticket2/opencms/system/modules/com.gridnine.opencms.ticketbrokerage.site/resources/js/jquery/jquery.js HTTP/1.1" 200 93868
195.154.123.81 - - [10/Nov/2024:00:21:06 +0100] "GET /ticket2/opencms/system/modules/com.gridnine.opencms.ticketbrokerage.site/resources/js/stickyfill.min.js HTTP/1.1" 200 5672
