83.191.103.19 - - [10/Nov/2024:01:23:34 +0100] "GET /ticket2/opencms/system/modules/com.gridnine.opencms.ticketbrokerage.site/resources/pics/bank_1_nordea.png HTTP/1.1" 200 4807
83.191.103.19 - - [10/Nov/2024:01:23:34 +0100] "GET /ticket2/opencms/system/modules/com.gridnine.opencms.ticketbrokerage.site/resources/pics/bank_2_handelsbanken.png HTTP/1.1" 200 4509
83.191.103.19 - - [10/Nov/2024:01:23:34 +0100] "GET /ticket2/opencms/sv/ask-form.html HTTP/1.1" 200 2950
83.191.103.19 - - [10/Nov/2024:01:23:34 +0100] "GET /ticket2/opencms/system/modules/com.gridnine.opencms.ticketbrokerage.site/resources/pics/bank_3_swedbank.png HTTP/1.1" 200 5740
83.191.103.19 - - [10/Nov/2024:01:23:34 +0100] "GET /ticket2/opencms/system/modules/com.gridnine.opencms.ticketbrokerage.site/resources/pics/bank_4_seb.png HTTP/1.1" 200 2487
83.191.103.19 - - [10/Nov/2024:01:23:34 +0100] "GET /ticket2/opencms/system/modules/com.gridnine.opencms.ticketbrokerage.site/resources/pics/bank_5_visa_mastercard.png HTTP/1.1" 200 8196
83.191.103.19 - - [10/Nov/2024:01:23:34 +0100] "GET /ticket2/opencms/system/modules/com.gridnine.opencms.ticketbrokerage.site/resources/pics/bank_6_american_express.png HTTP/1.1" 200 5570
83.191.103.19 - - [10/Nov/2024:01:23:34 +0100] "GET /ticket2/opencms/system/modules/com.gridnine.opencms.ticketbrokerage.site/resources/css/images/ui-bg_flat_75_ffffff_40x100.png HTTP/1.1" 404 -
83.191.103.19 - - [10/Nov/2024:01:23:34 +0100] "GET /ticket2/opencms/system/modules/com.gridnine.opencms.ticketbrokerage.site/resources/css/ticketbrokerage.css HTTP/1.1" 200 39339
194.247.173.99 - - [10/Nov/2024:01:23:34 +0100] "GET /ticket2/opencms/dk/ru/buy/?page=1&edid=2C374FAE-36BA-DB93-1E49-DFF2E010224D&sortorder=asc&column=price HTTP/1.1" 404 -
47.128.59.162 - - [10/Nov/2024:01:23:34 +0100] "GET /ticket2/opencms/ka/buy/?catid=36DC4BE2-91A2-6146-2BE9-47B6F3C44EDB&comcatid=B41CCF2B-5558-7AEE-3602-09BBDE417D65 HTTP/1.1" 200 87422
192.95.30.177 - - [10/Nov/2024:01:23:35 +0100] "GET /ticket2/opencms/dk/en/buy/?page=1&edid=AF37BFAD-6D02-A253-4372-038F6B4EF62F HTTP/1.1" 404 -
81.167.26.57 - - [10/Nov/2024:01:23:36 +0100] "GET /ticket2/opencms/mo/buy/?page=1&edid=7011CD73-0694-9A63-C506-082352979D62 HTTP/1.1" 200 98750
65.108.46.72 - - [10/Nov/2024:01:23:37 +0100] "GET /ticket2/opencms/nl/buy/?page=1&edid=1B6F6A2B-A0DA-FF91-EC4E-3DCAA442C25B HTTP/1.1" 200 122364
83.191.103.19 - - [10/Nov/2024:01:23:39 +0100] "GET /ticket2/opencms/system/modules/com.gridnine.opencms.ticketbrokerage.site/resources/pics/button1_right.gif HTTP/1.1" 200 232
83.191.103.19 - - [10/Nov/2024:01:23:39 +0100] "GET /ticket2/opencms/system/modules/com.gridnine.opencms.ticketbrokerage.site/resources/pics/button1_left.gif HTTP/1.1" 200 232
83.191.103.19 - - [10/Nov/2024:01:23:39 +0100] "GET /ticket2/opencms/system/modules/com.gridnine.opencms.ticketbrokerage.site/resources/pics/button1_center.gif HTTP/1.1" 200 66
194.247.173.99 - - [10/Nov/2024:01:23:40 +0100] "GET /ticket2/opencms/dk/ru/buy/?page=1&edid=2C374FAE-36BA-DB93-1E49-DFF2E010224D&sortorder=asc&column=section HTTP/1.1" 404 -
65.108.46.72 - - [10/Nov/2024:01:23:40 +0100] "GET /ticket2/opencms/nl/buy/?page=1&edid=1B758EC3-A0AE-5D81-985E-920903B76379 HTTP/1.1" 200 122969
135.181.74.243 - - [10/Nov/2024:01:23:41 +0100] "GET /ticket2/opencms/dk/no/buy/?page=1&edid=8F4BEAA0-83ED-6BF0-7416-BE1C1D72F4F7&sortorder=asc&column=price HTTP/1.1" 404 -
47.128.115.88 - - [10/Nov/2024:01:23:42 +0100] "GET /ticket2/opencms/is/buy?edid=791FDD0E-A228-3CC2-8AB8-5B3518CB8D31 HTTP/1.1" 200 81480
192.95.30.177 - - [10/Nov/2024:01:23:42 +0100] "GET /ticket2/opencms/dk/en/buy/?page=1&edid=AF37BFAD-6D02-A253-4372-038F6B4EF62F&sortorder=desc&column=section HTTP/1.1" 404 -
65.108.46.72 - - [10/Nov/2024:01:23:43 +0100] "GET /ticket2/opencms/nl/buy/?page=1&edid=1B836A42-4F20-7A0F-05D1-08388A470666 HTTP/1.1" 200 98829
83.191.103.19 - - [10/Nov/2024:01:23:44 +0100] "GET /ticket2/opencms/system/modules/com.gridnine.opencms.ticketbrokerage.site/resources/css/images/ui-bg_glass_75_dadada_1x400.png HTTP/1.1" 404 -
194.247.173.99 - - [10/Nov/2024:01:23:45 +0100] "GET /ticket2/opencms/dk/ru/buy/?page=1&edid=2D38B293-6E7E-C864-3493-2CA274C1E20F&sortorder=asc&column=price HTTP/1.1" 404 -
83.191.103.19 - - [10/Nov/2024:01:23:45 +0100] "GET /ticket2/opencms/sv/search.html?searchQuery=Real+Madrid&submit= HTTP/1.1" 200 113395
83.191.103.19 - - [10/Nov/2024:01:23:46 +0100] "GET /ticket2/opencms/system/modules/com.gridnine.opencms.ticketbrokerage.site/resources/js/calendar-en.js HTTP/1.1" 200 3338
135.181.74.243 - - [10/Nov/2024:01:23:46 +0100] "GET /ticket2/opencms/dk/no/buy/?page=1&edid=8F4BEAA0-83ED-6BF0-7416-BE1C1D72F4F7&sortorder=asc&column=row HTTP/1.1" 404 -
83.191.103.19 - - [10/Nov/2024:01:23:46 +0100] "GET /ticket2/opencms/system/modules/com.gridnine.opencms.ticketbrokerage.site/resources/js/calendar-setup.js HTTP/1.1" 200 4923
83.191.103.19 - - [10/Nov/2024:01:23:46 +0100] "GET /ticket2/opencms/system/modules/com.gridnine.opencms.ticketbrokerage.site/resources/js/standard.js HTTP/1.1" 200 3978
83.191.103.19 - - [10/Nov/2024:01:23:46 +0100] "GET /ticket2/opencms/system/modules/com.gridnine.opencms.ticketbrokerage.site/resources/css/standard.css HTTP/1.1" 200 73073
83.191.103.19 - - [10/Nov/2024:01:23:46 +0100] "GET /ticket2/opencms/system/modules/com.gridnine.opencms.ticketbrokerage.site/resources/css/calendar.css HTTP/1.1" 200 6871
83.191.103.19 - - [10/Nov/2024:01:23:46 +0100] "GET /ticket2/opencms/system/modules/com.gridnine.opencms.ticketbrokerage.site/resources/js/calendar.js HTTP/1.1" 200 49229
83.191.103.19 - - [10/Nov/2024:01:23:46 +0100] "GET /ticket2/opencms/system/modules/com.gridnine.opencms.ticketbrokerage.site/resources/js/functions.js HTTP/1.1" 200 1583
83.191.103.19 - - [10/Nov/2024:01:23:46 +0100] "GET /ticket2/opencms/system/modules/com.gridnine.opencms.ticketbrokerage.site/resources/css/ticketbrokerage.css HTTP/1.1" 200 39339
66.249.76.224 - - [10/Nov/2024:01:23:46 +0100] "GET /ticket2/opencms/lt/buy?page=1&edid=D11D82D4-28DA-1768-D317-EF521A2F97E6 HTTP/1.1" 200 131112
83.191.103.19 - - [10/Nov/2024:01:23:46 +0100] "GET /ticket2/opencms/sv/ask-form.html HTTP/1.1" 200 2950
83.191.103.19 - - [10/Nov/2024:01:23:46 +0100] "GET /ticket2/opencms/system/modules/com.gridnine.opencms.ticketbrokerage.site/resources/css/images/ui-bg_flat_75_ffffff_40x100.png HTTP/1.1" 404 -
83.191.103.19 - - [10/Nov/2024:01:23:46 +0100] "GET /ticket2/opencms/system/modules/com.gridnine.opencms.ticketbrokerage.site/resources/css/ticketbrokerage.css HTTP/1.1" 200 39339
83.191.103.19 - - [10/Nov/2024:01:23:46 +0100] "GET /ticket2/opencms/system/modules/com.gridnine.opencms.ticketbrokerage.site/resources/pics/arrow.gif HTTP/1.1" 200 344
83.191.103.19 - - [10/Nov/2024:01:23:46 +0100] "GET /ticket2/opencms/system/modules/com.gridnine.opencms.ticketbrokerage.site/resources/pics/form_marker.gif HTTP/1.1" 200 43
83.191.103.19 - - [10/Nov/2024:01:23:46 +0100] "GET /ticket2/opencms/img/icons/ticket2.thumbnail.png HTTP/1.1" 200 21519
77.16.79.195 - - [10/Nov/2024:01:23:47 +0100] "GET /ticket2/opencms/no/sport/fotballsbilletter/premier_league/arsenal/?gad_source=5&gclid=EAIaIQobChMI3vPL_cHQiQMV-A-iAx2nRR_UEAEYASAAEgKAavD_BwE HTTP/1.1" 200 96495
54.36.149.6 - - [10/Nov/2024:01:23:47 +0100] "GET /ticket2/opencms/no/buy?page=10&eventid=53F27A05-DBF6-27A7-B680-C587F93AF7CA HTTP/1.1" 200 90153
77.16.79.195 - - [10/Nov/2024:01:23:47 +0100] "GET /ticket2/opencms/system/modules/com.gridnine.opencms.ticketbrokerage.site/resources/css/ticketbrokerage.css HTTP/1.1" 200 39339
77.16.79.195 - - [10/Nov/2024:01:23:47 +0100] "GET /ticket2/opencms/system/modules/com.gridnine.opencms.ticketbrokerage.site/resources/css/calendar.css HTTP/1.1" 200 6871
77.16.79.195 - - [10/Nov/2024:01:23:47 +0100] "GET /ticket2/opencms/system/modules/com.gridnine.opencms.ticketbrokerage.site/resources/css/jquery-ui.css HTTP/1.1" 200 33221
77.16.79.195 - - [10/Nov/2024:01:23:47 +0100] "GET /ticket2/opencms/system/modules/com.gridnine.opencms.ticketbrokerage.site/resources/css/standard.css HTTP/1.1" 200 73073
77.16.79.195 - - [10/Nov/2024:01:23:47 +0100] "GET /ticket2/opencms/system/modules/com.gridnine.opencms.ticketbrokerage.site/resources/css/jquery.fancybox.css HTTP/1.1" 200 4939
77.16.79.195 - - [10/Nov/2024:01:23:47 +0100] "GET /ticket2/opencms/system/modules/com.gridnine.opencms.ticketbrokerage.site/resources/js/jquery/jquery.js HTTP/1.1" 200 93868
77.16.79.195 - - [10/Nov/2024:01:23:47 +0100] "GET /ticket2/opencms/system/modules/com.gridnine.opencms.ticketbrokerage.site/resources/js/functions.js HTTP/1.1" 200 1583
77.16.79.195 - - [10/Nov/2024:01:23:47 +0100] "GET /ticket2/opencms/system/modules/com.gridnine.opencms.ticketbrokerage.site/resources/js/jquery/jquery-ui.js HTTP/1.1" 200 228088
77.16.79.195 - - [10/Nov/2024:01:23:47 +0100] "GET /ticket2/opencms/system/modules/com.gridnine.opencms.ticketbrokerage.site/resources/js/calendar.js HTTP/1.1" 200 49229
77.16.79.195 - - [10/Nov/2024:01:23:47 +0100] "GET /ticket2/opencms/system/modules/com.gridnine.opencms.ticketbrokerage.site/resources/js/calendar-en.js HTTP/1.1" 200 3338
77.16.79.195 - - [10/Nov/2024:01:23:47 +0100] "GET /ticket2/opencms/system/modules/com.gridnine.opencms.ticketbrokerage.site/resources/js/calendar-setup.js HTTP/1.1" 200 4923
65.108.46.72 - - [10/Nov/2024:01:23:47 +0100] "GET /ticket2/opencms/nl/buy/?page=1&edid=1B8F518C-70C1-6862-0544-4A1418DD424D HTTP/1.1" 200 108139
77.16.79.195 - - [10/Nov/2024:01:23:47 +0100] "GET /ticket2/opencms/system/modules/com.gridnine.opencms.ticketbrokerage.site/resources/js/jquery.fancybox.pack.js HTTP/1.1" 200 23187
77.16.79.195 - - [10/Nov/2024:01:23:47 +0100] "GET /ticket2/opencms/system/modules/com.gridnine.opencms.ticketbrokerage.site/resources/js/stickyfill.min.js HTTP/1.1" 200 5672
77.16.79.195 - - [10/Nov/2024:01:23:47 +0100] "GET /ticket2/opencms/system/modules/com.gridnine.opencms.ticketbrokerage.site/resources/js/standard.js HTTP/1.1" 200 3978
77.16.79.195 - - [10/Nov/2024:01:23:48 +0100] "GET /ticket2/opencms/system/modules/com.gridnine.opencms.ticketbrokerage.site/resources/js/jquery.placeholder.min.js HTTP/1.1" 200 1737
77.16.79.195 - - [10/Nov/2024:01:23:48 +0100] "GET /ticket2/opencms/system/modules/com.gridnine.opencms.ticketbrokerage.site/resources/pics/logo-new.png HTTP/1.1" 200 13541
77.16.79.195 - - [10/Nov/2024:01:23:48 +0100] "GET /ticket2/opencms/system/modules/com.gridnine.opencms.ticketbrokerage.site/resources/js/common-ajax.js HTTP/1.1" 200 20175
77.16.79.195 - - [10/Nov/2024:01:23:48 +0100] "GET /ticket2/opencms/img/insta.png HTTP/1.1" 200 3967
77.16.79.195 - - [10/Nov/2024:01:23:48 +0100] "GET /ticket2/opencms/img/fb.png HTTP/1.1" 200 1269
77.16.79.195 - - [10/Nov/2024:01:23:48 +0100] "GET /ticket2/opencms/system/modules/com.gridnine.opencms.ticketbrokerage.site/resources/pics/banners/arsenal.png HTTP/1.1" 200 13545
77.16.79.195 - - [10/Nov/2024:01:23:48 +0100] "GET /ticket2/opencms/system/modules/com.gridnine.opencms.ticketbrokerage.site/resources/pics/footer-img.jpg HTTP/1.1" 200 67642
77.16.79.195 - - [10/Nov/2024:01:23:48 +0100] "GET /ticket2/opencms/img/check.png HTTP/1.1" 200 548
77.16.79.195 - - [10/Nov/2024:01:23:48 +0100] "GET /ticket2/opencms/img/mail.png HTTP/1.1" 200 403
77.16.79.195 - - [10/Nov/2024:01:23:48 +0100] "GET /ticket2/opencms/img/chat.png HTTP/1.1" 200 416
77.16.79.195 - - [10/Nov/2024:01:23:48 +0100] "GET /ticket2/opencms/img/arrow.png HTTP/1.1" 200 753
192.95.30.177 - - [10/Nov/2024:01:23:48 +0100] "GET /ticket2/opencms/dk/en/login/?edid=90C1A66E-428C-A76C-A159-667BE9685E00 HTTP/1.1" 404 -
77.16.79.195 - - [10/Nov/2024:01:23:49 +0100] "GET /ticket2/opencms/img/icons/globe-white.png HTTP/1.1" 200 947
77.16.79.195 - - [10/Nov/2024:01:23:49 +0100] "GET /ticket2/opencms/img/icons/en.png HTTP/1.1" 200 2415
77.16.79.195 - - [10/Nov/2024:01:23:49 +0100] "GET /ticket2/opencms/img/icons/se.png HTTP/1.1" 200 1258
77.16.79.195 - - [10/Nov/2024:01:23:49 +0100] "GET /ticket2/opencms/img/icons/no.png HTTP/1.1" 200 1958
77.16.79.195 - - [10/Nov/2024:01:23:49 +0100] "GET /ticket2/opencms/img/icons/fi.png HTTP/1.1" 200 1785
77.16.79.195 - - [10/Nov/2024:01:23:49 +0100] "GET /ticket2/opencms/img/icons/dk.png HTTP/1.1" 200 1706
77.16.79.195 - - [10/Nov/2024:01:23:49 +0100] "GET /ticket2/opencms/img/icons/nl.png HTTP/1.1" 200 1255
77.16.79.195 - - [10/Nov/2024:01:23:49 +0100] "GET /ticket2/opencms/img/icons/de.png HTTP/1.1" 200 1124
77.16.79.195 - - [10/Nov/2024:01:23:49 +0100] "GET /ticket2/opencms/img/icons/fr.png HTTP/1.1" 200 1764
77.16.79.195 - - [10/Nov/2024:01:23:49 +0100] "GET /ticket2/opencms/img/icons/es.png HTTP/1.1" 200 1005
77.16.79.195 - - [10/Nov/2024:01:23:49 +0100] "GET /ticket2/opencms/img/icons/pl.png HTTP/1.1" 200 1578
77.16.79.195 - - [10/Nov/2024:01:23:49 +0100] "GET /ticket2/opencms/img/icons/it.png HTTP/1.1" 200 2040
77.16.79.195 - - [10/Nov/2024:01:23:49 +0100] "GET /ticket2/opencms/img/icons/sq.png HTTP/1.1" 200 1619
77.16.79.195 - - [10/Nov/2024:01:23:49 +0100] "GET /ticket2/opencms/img/icons/az.png HTTP/1.1" 200 1445
77.16.79.195 - - [10/Nov/2024:01:23:49 +0100] "GET /ticket2/opencms/img/icons/be.png HTTP/1.1" 200 1663
77.16.79.195 - - [10/Nov/2024:01:23:49 +0100] "GET /ticket2/opencms/img/icons/bg.png HTTP/1.1" 200 788
77.16.79.195 - - [10/Nov/2024:01:23:49 +0100] "GET /ticket2/opencms/img/icons/hr.png HTTP/1.1" 200 2024
77.16.79.195 - - [10/Nov/2024:01:23:49 +0100] "GET /ticket2/opencms/img/icons/bs.png HTTP/1.1" 200 1014
77.16.79.195 - - [10/Nov/2024:01:23:50 +0100] "GET /ticket2/opencms/img/icons/cs.png HTTP/1.1" 200 1883
77.16.79.195 - - [10/Nov/2024:01:23:50 +0100] "GET /ticket2/opencms/img/icons/et.png HTTP/1.1" 200 754
77.16.79.195 - - [10/Nov/2024:01:23:50 +0100] "GET /ticket2/opencms/img/icons/el.png HTTP/1.1" 200 1637
77.16.79.195 - - [10/Nov/2024:01:23:50 +0100] "GET /ticket2/opencms/img/icons/ka.png HTTP/1.1" 200 860
77.16.79.195 - - [10/Nov/2024:01:23:50 +0100] "GET /ticket2/opencms/img/icons/hu.png HTTP/1.1" 200 733
77.16.79.195 - - [10/Nov/2024:01:23:50 +0100] "GET /ticket2/opencms/img/icons/is.png HTTP/1.1" 200 1884
77.16.79.195 - - [10/Nov/2024:01:23:50 +0100] "GET /ticket2/opencms/img/icons/ga.png HTTP/1.1" 200 1759
77.16.79.195 - - [10/Nov/2024:01:23:50 +0100] "GET /ticket2/opencms/img/icons/lt.png HTTP/1.1" 200 733
77.16.79.195 - - [10/Nov/2024:01:23:50 +0100] "GET /ticket2/opencms/img/icons/lv.png HTTP/1.1" 200 716
77.16.79.195 - - [10/Nov/2024:01:23:50 +0100] "GET /ticket2/opencms/img/icons/mt.png HTTP/1.1" 200 920
77.16.79.195 - - [10/Nov/2024:01:23:50 +0100] "GET /ticket2/opencms/img/icons/mo.png HTTP/1.1" 200 1468
77.16.79.195 - - [10/Nov/2024:01:23:50 +0100] "GET /ticket2/opencms/img/icons/ro.png HTTP/1.1" 200 1393
85.208.96.205 - - [10/Nov/2024:01:23:50 +0100] "GET /ticket2/opencms/uk/sport/kvytky-na-futbol/serie-a/lecce/ HTTP/1.1" 200 88721
77.16.79.195 - - [10/Nov/2024:01:23:50 +0100] "GET /ticket2/opencms/img/icons/sr.png HTTP/1.1" 200 1602
77.16.79.195 - - [10/Nov/2024:01:23:50 +0100] "GET /ticket2/opencms/img/icons/sl.png HTTP/1.1" 200 966
77.16.79.195 - - [10/Nov/2024:01:23:50 +0100] "GET /ticket2/opencms/img/icons/sk.png HTTP/1.1" 200 1283
77.16.79.195 - - [10/Nov/2024:01:23:50 +0100] "GET /ticket2/opencms/img/icons/tr.png HTTP/1.1" 200 1636
77.16.79.195 - - [10/Nov/2024:01:23:50 +0100] "GET /ticket2/opencms/img/icons/uk.png HTTP/1.1" 200 1272
135.181.74.243 - - [10/Nov/2024:01:23:50 +0100] "GET /ticket2/opencms/dk/no/buy/?page=1&edid=8F4BEAA0-83ED-6BF0-7416-BE1C1D72F4F7&sortorder=asc&column=section HTTP/1.1" 404 -
65.108.46.72 - - [10/Nov/2024:01:23:50 +0100] "GET /ticket2/opencms/nl/buy/?page=1&edid=1BA9B6DE-06FA-AA46-3146-23F15C17019E HTTP/1.1" 200 119704
77.16.79.195 - - [10/Nov/2024:01:23:51 +0100] "GET /ticket2/opencms/img/icons/ticket2.thumbnail.png HTTP/1.1" 200 21519
77.16.79.195 - - [10/Nov/2024:01:23:51 +0100] "GET /ticket2/opencms/system/modules/com.gridnine.opencms.ticketbrokerage.site/resources/js/standard.js HTTP/1.1" 200 3978
146.75.181.86 - - [10/Nov/2024:01:23:51 +0100] "GET /ticket2/opencms/set_aff_cookie.jsp?partner=53673ED6-1455-FA54-818F-B1F67121E37C&url=/sv/buy/index.html%3Fpage%3D1%26edid%3D7C16C78F-F9EE-B2A9-0C9E-990B916B48DD%26hlv%3D66caed81-9d9c-4b37-8ef1-275d0a01000f%23v_1281525161 HTTP/1.1" 200 226
146.75.181.86 - - [10/Nov/2024:01:23:51 +0100] "GET /ticket2/opencms/sv/buy/?page=1&edid=7C16C78F-F9EE-B2A9-0C9E-990B916B48DD&hlv=66caed81-9d9c-4b37-8ef1-275d0a01000f HTTP/1.1" 200 127198
194.247.173.99 - - [10/Nov/2024:01:23:52 +0100] "GET /ticket2/opencms/dk/ru/buy/?page=1&edid=2D38B293-6E7E-C864-3493-2CA274C1E20F&sortorder=asc&column=row HTTP/1.1" 404 -
66.249.79.5 - - [10/Nov/2024:01:23:52 +0100] "GET /ticket2/opencms/is/buy?page=1&edid=2684212B-FA50-DC4B-3CFA-1303E9638140 HTTP/1.1" 200 120669
65.108.46.72 - - [10/Nov/2024:01:23:54 +0100] "GET /ticket2/opencms/nl/buy/?page=1&edid=1BDE69E9-911B-D7B1-5E4E-80296443BB3B HTTP/1.1" 200 96420
54.36.148.70 - - [10/Nov/2024:01:23:54 +0100] "GET /ticket2/opencms/az/buy?page=10&eventid=53F27A05-DBF6-27A7-B680-C587F93AF7CA HTTP/1.1" 200 90496
83.191.103.19 - - [10/Nov/2024:01:23:54 +0100] "GET /ticket2/opencms/sv/buy/?page=1&edid=979A80EE-C0D2-57E0-C882-1064B868BC30 HTTP/1.1" 200 116124
146.75.181.86 - - [10/Nov/2024:01:23:54 +0100] "GET /ticket2/opencms/set_aff_cookie.jsp?partner=53673ED6-1455-FA54-818F-B1F67121E37C&url=/sv/buy/index.html%3Fpage%3D1%26edid%3D7C16C78F-F9EE-B2A9-0C9E-990B916B48DD%26hlv%3D66caed81-9d9c-4b37-8ef1-275d0a01000f%23v_1281525161 HTTP/1.1" 200 226
83.191.103.19 - - [10/Nov/2024:01:23:54 +0100] "GET /ticket2/opencms/system/modules/com.gridnine.opencms.ticketbrokerage.site/resources/css/calendar.css HTTP/1.1" 200 6871
83.191.103.19 - - [10/Nov/2024:01:23:54 +0100] "GET /ticket2/opencms/system/modules/com.gridnine.opencms.ticketbrokerage.site/resources/js/calendar-en.js HTTP/1.1" 200 3338
83.191.103.19 - - [10/Nov/2024:01:23:54 +0100] "GET /ticket2/opencms/system/modules/com.gridnine.opencms.ticketbrokerage.site/resources/js/calendar-setup.js HTTP/1.1" 200 4923
83.191.103.19 - - [10/Nov/2024:01:23:54 +0100] "GET /ticket2/opencms/system/modules/com.gridnine.opencms.ticketbrokerage.site/resources/js/standard.js HTTP/1.1" 200 3978
83.191.103.19 - - [10/Nov/2024:01:23:54 +0100] "GET /ticket2/opencms/system/modules/com.gridnine.opencms.ticketbrokerage.site/resources/js/calendar.js HTTP/1.1" 200 49229
83.191.103.19 - - [10/Nov/2024:01:23:54 +0100] "GET /ticket2/opencms/system/modules/com.gridnine.opencms.ticketbrokerage.site/resources/css/ticketbrokerage.css HTTP/1.1" 200 39339
83.191.103.19 - - [10/Nov/2024:01:23:54 +0100] "GET /ticket2/opencms/system/modules/com.gridnine.opencms.ticketbrokerage.site/resources/js/functions.js HTTP/1.1" 200 1583
83.191.103.19 - - [10/Nov/2024:01:23:54 +0100] "GET /ticket2/opencms/system/modules/com.gridnine.opencms.ticketbrokerage.site/resources/css/standard.css HTTP/1.1" 200 73073
83.191.103.19 - - [10/Nov/2024:01:23:55 +0100] "GET /ticket2/opencms/img/icons/hy.png HTTP/1.1" 200 1170
83.191.103.19 - - [10/Nov/2024:01:23:55 +0100] "GET /ticket2/opencms/venue/santiago-bernabeu.jpg HTTP/1.1" 200 223960
83.191.103.19 - - [10/Nov/2024:01:23:55 +0100] "GET /ticket2/opencms/system/modules/com.gridnine.opencms.ticketbrokerage.site/resources/pics/0.gif HTTP/1.1" 200 43
83.191.103.19 - - [10/Nov/2024:01:23:55 +0100] "GET /ticket2/opencms/sv/ask-form.html HTTP/1.1" 200 2950
146.75.181.86 - - [10/Nov/2024:01:23:55 +0100] "GET /ticket2/opencms/sv/buy/?page=1&edid=7C16C78F-F9EE-B2A9-0C9E-990B916B48DD&hlv=66caed81-9d9c-4b37-8ef1-275d0a01000f HTTP/1.1" 200 127198
146.75.181.86 - - [10/Nov/2024:01:23:55 +0100] "GET /ticket2/opencms/system/modules/com.gridnine.opencms.ticketbrokerage.site/resources/js/jquery/jquery.js HTTP/1.1" 200 93868
83.191.103.19 - - [10/Nov/2024:01:23:55 +0100] "GET /ticket2/opencms/img/arrow-down.png HTTP/1.1" 200 192
146.75.181.86 - - [10/Nov/2024:01:23:55 +0100] "GET /ticket2/opencms/system/modules/com.gridnine.opencms.ticketbrokerage.site/resources/css/ticketbrokerage.css HTTP/1.1" 200 39339
146.75.181.86 - - [10/Nov/2024:01:23:55 +0100] "GET /ticket2/opencms/system/modules/com.gridnine.opencms.ticketbrokerage.site/resources/js/jquery/jquery-ui.js HTTP/1.1" 200 228088
83.191.103.19 - - [10/Nov/2024:01:23:55 +0100] "GET /ticket2/opencms/system/modules/com.gridnine.opencms.ticketbrokerage.site/resources/pics/two_man.png HTTP/1.1" 200 3407
146.75.181.86 - - [10/Nov/2024:01:23:55 +0100] "GET /ticket2/opencms/system/modules/com.gridnine.opencms.ticketbrokerage.site/resources/css/jquery-ui.css HTTP/1.1" 200 33221
83.191.103.19 - - [10/Nov/2024:01:23:55 +0100] "GET /ticket2/opencms/system/modules/com.gridnine.opencms.ticketbrokerage.site/resources/css/ticketbrokerage.css HTTP/1.1" 200 39339
146.75.181.86 - - [10/Nov/2024:01:23:55 +0100] "GET /ticket2/opencms/system/modules/com.gridnine.opencms.ticketbrokerage.site/resources/js/functions.js HTTP/1.1" 200 1583
146.75.181.86 - - [10/Nov/2024:01:23:55 +0100] "GET /ticket2/opencms/system/modules/com.gridnine.opencms.ticketbrokerage.site/resources/css/calendar.css HTTP/1.1" 200 6871
146.75.181.86 - - [10/Nov/2024:01:23:55 +0100] "GET /ticket2/opencms/system/modules/com.gridnine.opencms.ticketbrokerage.site/resources/js/calendar.js HTTP/1.1" 200 49229
146.75.181.86 - - [10/Nov/2024:01:23:55 +0100] "GET /ticket2/opencms/system/modules/com.gridnine.opencms.ticketbrokerage.site/resources/js/calendar-en.js HTTP/1.1" 200 3338
146.75.181.86 - - [10/Nov/2024:01:23:55 +0100] "GET /ticket2/opencms/system/modules/com.gridnine.opencms.ticketbrokerage.site/resources/js/calendar-setup.js HTTP/1.1" 200 4923
146.75.181.86 - - [10/Nov/2024:01:23:55 +0100] "GET /ticket2/opencms/system/modules/com.gridnine.opencms.ticketbrokerage.site/resources/js/jquery.fancybox.pack.js HTTP/1.1" 200 23187
146.75.181.86 - - [10/Nov/2024:01:23:55 +0100] "GET /ticket2/opencms/system/modules/com.gridnine.opencms.ticketbrokerage.site/resources/js/stickyfill.min.js HTTP/1.1" 200 5672
83.191.103.19 - - [10/Nov/2024:01:23:55 +0100] "GET /ticket2/opencms/img/icons/mk.png HTTP/1.1" 200 1405
146.75.181.86 - - [10/Nov/2024:01:23:55 +0100] "GET /ticket2/opencms/system/modules/com.gridnine.opencms.ticketbrokerage.site/resources/js/standard.js HTTP/1.1" 200 3978
146.75.181.86 - - [10/Nov/2024:01:23:55 +0100] "GET /ticket2/opencms/system/modules/com.gridnine.opencms.ticketbrokerage.site/resources/js/jquery.placeholder.min.js HTTP/1.1" 200 1737
146.75.181.86 - - [10/Nov/2024:01:23:55 +0100] "GET /ticket2/opencms/system/modules/com.gridnine.opencms.ticketbrokerage.site/resources/js/common-ajax.js HTTP/1.1" 200 20175
83.191.103.19 - - [10/Nov/2024:01:23:55 +0100] "GET /ticket2/opencms/system/modules/com.gridnine.opencms.ticketbrokerage.site/resources/pics/ticket_info_button.png HTTP/1.1" 200 3820
146.75.181.86 - - [10/Nov/2024:01:23:56 +0100] "GET /ticket2/opencms/system/modules/com.gridnine.opencms.ticketbrokerage.site/resources/css/standard.css HTTP/1.1" 200 73073
146.75.181.86 - - [10/Nov/2024:01:23:56 +0100] "GET /ticket2/opencms/system/modules/com.gridnine.opencms.ticketbrokerage.site/resources/css/jquery.fancybox.css HTTP/1.1" 200 4939
146.75.181.86 - - [10/Nov/2024:01:23:56 +0100] "GET /ticket2/opencms/img/icons/globe-white.png HTTP/1.1" 200 947
146.75.181.86 - - [10/Nov/2024:01:23:56 +0100] "GET /ticket2/opencms/system/modules/com.gridnine.opencms.ticketbrokerage.site/resources/pics/logo-new.png HTTP/1.1" 200 13541
146.75.181.86 - - [10/Nov/2024:01:23:56 +0100] "GET /ticket2/opencms/img/insta.png HTTP/1.1" 200 3967
146.75.181.86 - - [10/Nov/2024:01:23:56 +0100] "GET /ticket2/opencms/img/fb.png HTTP/1.1" 200 1269
146.75.181.86 - - [10/Nov/2024:01:23:56 +0100] "GET /ticket2/opencms/system/modules/com.gridnine.opencms.ticketbrokerage.site/resources/pics/0.gif HTTP/1.1" 200 43
146.75.181.86 - - [10/Nov/2024:01:23:56 +0100] "GET /ticket2/opencms/img/icons/fi.png HTTP/1.1" 200 1785
146.75.181.86 - - [10/Nov/2024:01:23:56 +0100] "GET /ticket2/opencms/img/icons/en.png HTTP/1.1" 200 2415
146.75.181.86 - - [10/Nov/2024:01:23:56 +0100] "GET /ticket2/opencms/system/modules/com.gridnine.opencms.ticketbrokerage.site/resources/pics/two_man.png HTTP/1.1" 200 3407
146.75.181.86 - - [10/Nov/2024:01:23:56 +0100] "GET /ticket2/opencms/venue/emirates_stadium.png HTTP/1.1" 200 53537
146.75.181.86 - - [10/Nov/2024:01:23:56 +0100] "GET /ticket2/opencms/sv/ask-form.html HTTP/1.1" 200 2950
135.181.74.243 - - [10/Nov/2024:01:23:56 +0100] "GET /ticket2/opencms/dk/no/buy/?page=1&edid=8F4BEAA0-83ED-6BF0-7416-BE1C1D72F4F7&sortorder=desc&column=row HTTP/1.1" 404 -
146.75.181.86 - - [10/Nov/2024:01:23:56 +0100] "GET /ticket2/opencms/img/icons/no.png HTTP/1.1" 200 1958
146.75.181.86 - - [10/Nov/2024:01:23:56 +0100] "GET /ticket2/opencms/img/icons/dk.png HTTP/1.1" 200 1706
146.75.181.86 - - [10/Nov/2024:01:23:56 +0100] "GET /ticket2/opencms/system/modules/com.gridnine.opencms.ticketbrokerage.site/resources/pics/ticket_info_button.png HTTP/1.1" 200 3820
146.75.181.86 - - [10/Nov/2024:01:23:56 +0100] "GET /ticket2/opencms/system/modules/com.gridnine.opencms.ticketbrokerage.site/resources/pics/footer-img.jpg HTTP/1.1" 200 67642
146.75.181.86 - - [10/Nov/2024:01:23:56 +0100] "GET /ticket2/opencms/img/check.png HTTP/1.1" 200 548
146.75.181.86 - - [10/Nov/2024:01:23:56 +0100] "GET /ticket2/opencms/system/modules/com.gridnine.opencms.ticketbrokerage.site/resources/css/ticketbrokerage.css HTTP/1.1" 200 39339
146.75.181.86 - - [10/Nov/2024:01:23:56 +0100] "GET /ticket2/opencms/img/icons/nl.png HTTP/1.1" 200 1255
146.75.181.86 - - [10/Nov/2024:01:23:56 +0100] "GET /ticket2/opencms/img/icons/de.png HTTP/1.1" 200 1124
146.75.181.86 - - [10/Nov/2024:01:23:56 +0100] "GET /ticket2/opencms/img/mail.png HTTP/1.1" 200 403
146.75.181.86 - - [10/Nov/2024:01:23:56 +0100] "GET /ticket2/opencms/img/chat.png HTTP/1.1" 200 416
146.75.181.86 - - [10/Nov/2024:01:23:56 +0100] "GET /ticket2/opencms/img/arrow.png HTTP/1.1" 200 753
146.75.181.86 - - [10/Nov/2024:01:23:56 +0100] "GET /ticket2/opencms/system/modules/com.gridnine.opencms.ticketbrokerage.site/resources/pics/arrow.gif HTTP/1.1" 200 344
192.95.30.177 - - [10/Nov/2024:01:23:56 +0100] "GET /ticket2/opencms/dk/en/login/?edid=91F28024-0974-7E9E-59FA-0DC7AD851AE2 HTTP/1.1" 404 -
146.75.181.86 - - [10/Nov/2024:01:23:56 +0100] "GET /ticket2/opencms/system/modules/com.gridnine.opencms.ticketbrokerage.site/resources/pics/form_marker.gif HTTP/1.1" 200 43
146.75.181.86 - - [10/Nov/2024:01:23:56 +0100] "GET /ticket2/opencms/img/icons/fr.png HTTP/1.1" 200 1764
146.75.181.86 - - [10/Nov/2024:01:23:56 +0100] "GET /ticket2/opencms/system/modules/com.gridnine.opencms.ticketbrokerage.site/resources/pics/button1_left.gif HTTP/1.1" 200 232
146.75.181.86 - - [10/Nov/2024:01:23:56 +0100] "GET /ticket2/opencms/img/icons/es.png HTTP/1.1" 200 1005
66.249.79.171 - - [10/Nov/2024:01:23:57 +0100] "GET /ticket2/opencms/es/buy/?page=1&edid=D9F3E493-85D4-4EDA-BB49-AC676967BE73 HTTP/1.1" 200 98424
65.108.46.72 - - [10/Nov/2024:01:23:57 +0100] "GET /ticket2/opencms/nl/buy/?page=1&edid=1BEE5A38-DD94-3509-3225-C4A2986A386D HTTP/1.1" 200 98837
194.247.173.99 - - [10/Nov/2024:01:23:58 +0100] "GET /ticket2/opencms/dk/ru/buy/?page=1&edid=2DED7F6B-68C5-9FFA-DD15-822B450F9317&sortorder=asc&column=row HTTP/1.1" 404 -
83.191.103.19 - - [10/Nov/2024:01:24:00 +0100] "GET /ticket2/opencms/system/modules/com.gridnine.opencms.ticketbrokerage.site/resources/css/images/ui-bg_flat_75_ffffff_40x100.png HTTP/1.1" 404 -
135.181.74.243 - - [10/Nov/2024:01:24:00 +0100] "GET /ticket2/opencms/dk/no/buy/?page=1&edid=90E73B01-D791-586F-6F20-3478BF142147&sortorder=asc&column=price HTTP/1.1" 404 -
54.36.148.38 - - [10/Nov/2024:01:24:01 +0100] "GET /ticket2/opencms/nl/buy/?page=1&edid=A492339E-0658-D77B-570A-6146F24F8C0A HTTP/1.1" 200 99044
66.249.79.5 - - [10/Nov/2024:01:24:01 +0100] "GET /ticket2/opencms/sv/buy/?page=1&edid=E1CACBEB-5FB5-F359-D95F-1110648BB53A HTTP/1.1" 200 125313
65.108.46.72 - - [10/Nov/2024:01:24:01 +0100] "GET /ticket2/opencms/nl/buy/?page=1&edid=1C109B19-215B-025B-D9B8-6D4E44843BBC HTTP/1.1" 200 119701
192.95.30.177 - - [10/Nov/2024:01:24:02 +0100] "GET /ticket2/opencms/dk/en/login/?edid=926F727C-C5D2-34B9-5459-6E7B041674A9 HTTP/1.1" 404 -
194.247.173.99 - - [10/Nov/2024:01:24:03 +0100] "GET /ticket2/opencms/dk/ru/buy/?page=1&edid=2DED7F6B-68C5-9FFA-DD15-822B450F9317&sortorder=asc&column=section HTTP/1.1" 404 -
65.108.46.72 - - [10/Nov/2024:01:24:05 +0100] "GET /ticket2/opencms/nl/buy/?page=1&edid=1C10CC18-4291-CEF7-0875-B8ABB6B6CC74 HTTP/1.1" 200 96465
135.181.74.243 - - [10/Nov/2024:01:24:05 +0100] "GET /ticket2/opencms/dk/no/buy/?page=1&edid=90E73B01-D791-586F-6F20-3478BF142147&sortorder=asc&column=row HTTP/1.1" 404 -
40.77.167.44 - - [10/Nov/2024:01:24:06 +0100] "GET /ticket2/opencms/lt/buy?page=1&edid=6491C4B6-5C45-20F3-BDEC-54EE4BA903D5 HTTP/1.1" 200 125906
65.108.46.72 - - [10/Nov/2024:01:24:08 +0100] "GET /ticket2/opencms/nl/buy/?page=1&edid=1C60B6C6-EC08-CBB2-DDAD-2D7ECA90977D HTTP/1.1" 200 96423
54.36.148.114 - - [10/Nov/2024:01:24:08 +0100] "GET /ticket2/opencms/pl/buy?page=10&eventid=19AD6356-6E10-9C9F-9FF7-23862BF7038B&venueid=F72D7D8A-21AA-398A-828C-542FA85266B4 HTTP/1.1" 200 94024
192.95.30.177 - - [10/Nov/2024:01:24:09 +0100] "GET /ticket2/opencms/dk/en/login/?edid=92D9A674-EDB4-A0FB-C5DF-A3BAFA7768AC HTTP/1.1" 404 -
194.247.173.99 - - [10/Nov/2024:01:24:10 +0100] "GET /ticket2/opencms/dk/ru/buy/?page=1&edid=2E507560-4116-98C2-2DA7-8FBA6FB533EE&sortorder=asc&column=price HTTP/1.1" 404 -
135.181.74.243 - - [10/Nov/2024:01:24:10 +0100] "GET /ticket2/opencms/dk/no/buy/?page=1&edid=90E73B01-D791-586F-6F20-3478BF142147&sortorder=asc&column=section HTTP/1.1" 404 -
83.191.103.19 - - [10/Nov/2024:01:24:11 +0100] "GET /ticket2/opencms/system/modules/com.gridnine.opencms.ticketbrokerage.site/resources/css/fancybox_sprite@2x.png HTTP/1.1" 404 -
83.191.103.19 - - [10/Nov/2024:01:24:11 +0100] "GET /ticket2/opencms/system/modules/com.gridnine.opencms.ticketbrokerage.site/resources/css/fancybox_loading@2x.gif HTTP/1.1" 404 -
83.191.103.19 - - [10/Nov/2024:01:24:11 +0100] "GET /ticket2/opencms/system/modules/com.gridnine.opencms.ticketbrokerage.site/resources/css/fancybox_overlay.png HTTP/1.1" 200 1003
65.108.46.72 - - [10/Nov/2024:01:24:12 +0100] "GET /ticket2/opencms/nl/buy/?page=1&edid=1C663B38-AAE8-15E5-78AB-F7247D2C67D4 HTTP/1.1" 200 121859
192.95.30.177 - - [10/Nov/2024:01:24:14 +0100] "GET /ticket2/opencms/dk/en/login/?edid=963219A7-E7A4-B62C-96E6-73E898823459 HTTP/1.1" 404 -
65.108.46.72 - - [10/Nov/2024:01:24:15 +0100] "GET /ticket2/opencms/nl/buy/?page=1&edid=1C8D471F-21ED-D5C9-7736-BE6D50F9BA85 HTTP/1.1" 200 96440
194.247.173.99 - - [10/Nov/2024:01:24:15 +0100] "GET /ticket2/opencms/dk/ru/buy/?page=1&edid=2E507560-4116-98C2-2DA7-8FBA6FB533EE&sortorder=asc&column=row HTTP/1.1" 404 -
135.181.74.243 - - [10/Nov/2024:01:24:16 +0100] "GET /ticket2/opencms/dk/no/buy/?page=1&edid=9108A0D1-4492-5675-1415-44028FC5FB8E&sortorder=asc&column=price HTTP/1.1" 404 -
66.249.79.5 - - [10/Nov/2024:01:24:18 +0100] "GET /ticket2/opencms/lt/buy/?page=1&edid=055941D5-AAA9-3559-090F-26D27D65FBDA HTTP/1.1" 200 111579
54.36.149.9 - - [10/Nov/2024:01:24:18 +0100] "GET /ticket2/opencms/nl/buy/?page=1&edid=4D569333-A725-AF23-311D-520AB9757B29 HTTP/1.1" 200 99783
65.108.46.72 - - [10/Nov/2024:01:24:18 +0100] "GET /ticket2/opencms/nl/buy/?page=1&edid=1CC0D9C1-2148-F78D-4F9B-D68A95263358 HTTP/1.1" 200 96460
135.181.74.243 - - [10/Nov/2024:01:24:21 +0100] "GET /ticket2/opencms/dk/no/buy/?page=1&edid=9108A0D1-4492-5675-1415-44028FC5FB8E&sortorder=asc&column=row HTTP/1.1" 404 -
194.247.173.99 - - [10/Nov/2024:01:24:21 +0100] "GET /ticket2/opencms/dk/ru/buy/?page=1&edid=2E507560-4116-98C2-2DA7-8FBA6FB533EE&sortorder=asc&column=section HTTP/1.1" 404 -
192.95.30.177 - - [10/Nov/2024:01:24:21 +0100] "GET /ticket2/opencms/dk/en/login/?edid=9851F89D-25C5-636F-1201-72CBFD364D7C HTTP/1.1" 404 -
65.108.46.72 - - [10/Nov/2024:01:24:22 +0100] "GET /ticket2/opencms/nl/buy/?page=1&edid=1D5F9EE1-797F-37B3-641C-E2D7E9D08ACF HTTP/1.1" 200 96417
85.208.96.194 - - [10/Nov/2024:01:24:24 +0100] "GET /ticket2/opencms/az/about/contact/ HTTP/1.1" 200 77905
65.108.46.72 - - [10/Nov/2024:01:24:25 +0100] "GET /ticket2/opencms/nl/buy/?page=1&edid=1D97A6C5-B565-99A4-C85C-5A13E05496B9 HTTP/1.1" 200 119706
83.191.103.19 - - [10/Nov/2024:01:24:26 +0100] "GET /ticket2/opencms/venue/santiago-bernabeu.jpg HTTP/1.1" 200 223960
135.181.74.243 - - [10/Nov/2024:01:24:27 +0100] "GET /ticket2/opencms/dk/no/buy/?page=1&edid=9108A0D1-4492-5675-1415-44028FC5FB8E&sortorder=asc&column=section HTTP/1.1" 404 -
194.247.173.99 - - [10/Nov/2024:01:24:27 +0100] "GET /ticket2/opencms/dk/ru/buy/?page=1&edid=2E507560-4116-98C2-2DA7-8FBA6FB533EE&sortorder=desc&column=section HTTP/1.1" 404 -
54.36.148.36 - - [10/Nov/2024:01:24:27 +0100] "GET /ticket2/opencms/pl/buy?page=10&eventid=8089A138-5EE7-E43F-C342-AAB9352CA1D1&venueid=152137BD-51FA-C49F-6002-B503D5181B54 HTTP/1.1" 200 93745
192.95.30.177 - - [10/Nov/2024:01:24:28 +0100] "GET /ticket2/opencms/dk/en/login/?edid=9AD4B11B-4601-F5E9-C96F-7BECC055632D HTTP/1.1" 404 -
85.208.96.193 - - [10/Nov/2024:01:24:28 +0100] "GET /ticket2/opencms/az/faq HTTP/1.1" 200 82090
65.108.46.72 - - [10/Nov/2024:01:24:29 +0100] "GET /ticket2/opencms/nl/buy/?page=1&edid=1DC40ECC-FC78-CDB2-9510-7E73DAAD0489 HTTP/1.1" 200 105763
85.208.96.206 - - [10/Nov/2024:01:24:29 +0100] "GET /ticket2/opencms/sr/sport/fudbalske-karte/premier-league/west-ham-united/ HTTP/1.1" 200 96690
83.187.181.23 - - [10/Nov/2024:01:24:30 +0100] "GET /ticket2/opencms/sv/terms_of_service/ HTTP/1.1" 200 89664
83.187.181.23 - - [10/Nov/2024:01:24:30 +0100] "GET /ticket2/opencms/system/modules/com.gridnine.opencms.ticketbrokerage.site/resources/css/standard.css HTTP/1.1" 200 73073
83.187.181.23 - - [10/Nov/2024:01:24:30 +0100] "GET /ticket2/opencms/system/modules/com.gridnine.opencms.ticketbrokerage.site/resources/css/ticketbrokerage.css HTTP/1.1" 200 39339
83.187.181.23 - - [10/Nov/2024:01:24:30 +0100] "GET /ticket2/opencms/system/modules/com.gridnine.opencms.ticketbrokerage.site/resources/js/functions.js HTTP/1.1" 200 1583
83.187.181.23 - - [10/Nov/2024:01:24:30 +0100] "GET /ticket2/opencms/system/modules/com.gridnine.opencms.ticketbrokerage.site/resources/js/calendar-setup.js HTTP/1.1" 200 4923
83.187.181.23 - - [10/Nov/2024:01:24:30 +0100] "GET /ticket2/opencms/system/modules/com.gridnine.opencms.ticketbrokerage.site/resources/js/calendar-en.js HTTP/1.1" 200 3338
83.187.181.23 - - [10/Nov/2024:01:24:30 +0100] "GET /ticket2/opencms/system/modules/com.gridnine.opencms.ticketbrokerage.site/resources/js/calendar.js HTTP/1.1" 200 49229
83.187.181.23 - - [10/Nov/2024:01:24:30 +0100] "GET /ticket2/opencms/system/modules/com.gridnine.opencms.ticketbrokerage.site/resources/js/standard.js HTTP/1.1" 200 3978
83.187.181.23 - - [10/Nov/2024:01:24:30 +0100] "GET /ticket2/opencms/img/icons/se.png HTTP/1.1" 200 1258
65.108.46.72 - - [10/Nov/2024:01:24:32 +0100] "GET /ticket2/opencms/nl/buy/?page=1&edid=1E8CD446-2E9F-5A21-E2F4-251CB3C89182 HTTP/1.1" 200 96406
135.181.74.243 - - [10/Nov/2024:01:24:33 +0100] "GET /ticket2/opencms/dk/no/buy/?page=1&edid=91A90965-919C-FABC-5A4B-CBD685A20054&sortorder=asc&column=price HTTP/1.1" 404 -
194.247.173.99 - - [10/Nov/2024:01:24:33 +0100] "GET /ticket2/opencms/dk/ru/buy/?page=1&edid=2E56A8B0-155D-976C-348E-93E1C4B4957D&sortorder=asc&column=price HTTP/1.1" 404 -
192.95.30.177 - - [10/Nov/2024:01:24:33 +0100] "GET /ticket2/opencms/dk/en/login/?edid=9B063FAC-18A1-0083-3F00-C83D29618E99 HTTP/1.1" 404 -
65.108.46.72 - - [10/Nov/2024:01:24:35 +0100] "GET /ticket2/opencms/nl/buy/?page=1&edid=1E92A8C8-B0AD-5FE7-B7EF-0C8AA0F43370 HTTP/1.1" 200 101075
65.108.46.72 - - [10/Nov/2024:01:24:39 +0100] "GET /ticket2/opencms/nl/buy/?page=1&edid=1EFD0E7A-2573-5125-E517-9DC9F24CAF34 HTTP/1.1" 200 122982
135.181.74.243 - - [10/Nov/2024:01:24:39 +0100] "GET /ticket2/opencms/dk/no/buy/?page=1&edid=91A90965-919C-FABC-5A4B-CBD685A20054&sortorder=asc&column=row HTTP/1.1" 404 -
194.247.173.99 - - [10/Nov/2024:01:24:39 +0100] "GET /ticket2/opencms/dk/ru/buy/?page=1&edid=2E56A8B0-155D-976C-348E-93E1C4B4957D&sortorder=asc&column=row HTTP/1.1" 404 -
192.95.30.177 - - [10/Nov/2024:01:24:40 +0100] "GET /ticket2/opencms/dk/en/login/?edid=9C0D0C60-3B30-A8CB-F04F-8F7739681D1C HTTP/1.1" 404 -
65.108.46.72 - - [10/Nov/2024:01:24:42 +0100] "GET /ticket2/opencms/nl/buy/?page=1&edid=1F5DDBE6-23AB-F5E5-34B5-37D25394F454 HTTP/1.1" 200 106438
54.36.148.65 - - [10/Nov/2024:01:24:43 +0100] "GET /ticket2/opencms/mt/buy?page=10&eventid=53F27A05-DBF6-27A7-B680-C587F93AF7CA HTTP/1.1" 200 90527
192.95.30.177 - - [10/Nov/2024:01:24:45 +0100] "GET /ticket2/opencms/dk/en/login/?edid=9C5757BB-1F90-FE2F-A8D1-6C821A4E65C7 HTTP/1.1" 404 -
194.247.173.99 - - [10/Nov/2024:01:24:45 +0100] "GET /ticket2/opencms/dk/ru/buy/?page=1&edid=2E56A8B0-155D-976C-348E-93E1C4B4957D&sortorder=asc&column=section HTTP/1.1" 404 -
65.108.46.72 - - [10/Nov/2024:01:24:46 +0100] "GET /ticket2/opencms/nl/buy/?page=1&edid=1FC397CE-A835-91DE-8251-09DE1CD1F661 HTTP/1.1" 200 119711
135.181.74.243 - - [10/Nov/2024:01:24:46 +0100] "GET /ticket2/opencms/dk/no/buy/?page=1&edid=91A90965-919C-FABC-5A4B-CBD685A20054&sortorder=asc&column=section HTTP/1.1" 404 -
65.108.46.72 - - [10/Nov/2024:01:24:49 +0100] "GET /ticket2/opencms/nl/buy/?page=1&edid=2000B814-5798-93BD-839A-CF4F349DB54F HTTP/1.1" 200 109288
54.36.148.116 - - [10/Nov/2024:01:24:50 +0100] "GET /ticket2/opencms/dk/buy?page=10&eventid=19AD6356-6E10-9C9F-9FF7-23862BF7038B&venueid=F72D7D8A-21AA-398A-828C-542FA85266B4 HTTP/1.1" 200 92774
194.247.173.99 - - [10/Nov/2024:01:24:51 +0100] "GET /ticket2/opencms/dk/ru/buy/?page=1&edid=2E7C3DB6-FDBC-8B55-9268-E31142D44B61&sortorder=asc&column=row HTTP/1.1" 404 -
192.95.30.177 - - [10/Nov/2024:01:24:52 +0100] "GET /ticket2/opencms/dk/en/login/?edid=9CB88255-C1D7-A550-4F71-3BA9C5085A0C HTTP/1.1" 404 -
65.108.46.72 - - [10/Nov/2024:01:24:52 +0100] "GET /ticket2/opencms/nl/buy/?page=1&edid=2002154A-0979-63C2-6DA2-C28E7B6E108E HTTP/1.1" 200 105753
135.181.74.243 - - [10/Nov/2024:01:24:53 +0100] "GET /ticket2/opencms/dk/no/buy/?page=1&edid=92345A32-026D-C8EF-B39E-A12A13FE7F80&sortorder=asc&column=row HTTP/1.1" 404 -
54.36.148.36 - - [10/Nov/2024:01:24:54 +0100] "GET /ticket2/opencms/dk/buy?page=10&eventid=8089A138-5EE7-E43F-C342-AAB9352CA1D1&venueid=152137BD-51FA-C49F-6002-B503D5181B54 HTTP/1.1" 200 92495
65.108.46.72 - - [10/Nov/2024:01:24:56 +0100] "GET /ticket2/opencms/nl/buy/?page=1&edid=206775FB-5EFC-40BC-11F8-888FF769B2A9 HTTP/1.1" 200 109295
194.247.173.99 - - [10/Nov/2024:01:24:57 +0100] "GET /ticket2/opencms/dk/ru/buy/?page=1&edid=2E7C3DB6-FDBC-8B55-9268-E31142D44B61&sortorder=asc&column=section HTTP/1.1" 404 -
66.249.79.233 - - [10/Nov/2024:01:24:58 +0100] "GET /ticket2/opencms/sv/sport/fotbollsbiljetter/premier_league/chelsea/liverpool.html HTTP/1.1" 200 87497
192.95.30.177 - - [10/Nov/2024:01:24:58 +0100] "GET /ticket2/opencms/dk/en/login/?edid=9D57977A-C6E0-190A-9C6F-59CDEB875974 HTTP/1.1" 404 -
135.181.74.243 - - [10/Nov/2024:01:24:59 +0100] "GET /ticket2/opencms/dk/no/buy/?page=1&edid=9299132E-90F0-56A5-D529-43F63700D464&sortorder=asc&column=row HTTP/1.1" 404 -
65.108.46.72 - - [10/Nov/2024:01:24:59 +0100] "GET /ticket2/opencms/nl/buy/?page=1&edid=207C2646-D7DC-44FF-090D-40B991F2D67E HTTP/1.1" 200 96431
66.249.79.6 - - [10/Nov/2024:01:24:59 +0100] "GET /ticket2/opencms/mt/buy/?page=1&edid=31B9C446-A8DC-95DD-A849-35A34B746A74 HTTP/1.1" 200 122145
54.36.149.83 - - [10/Nov/2024:01:25:00 +0100] "GET /ticket2/opencms/be/buy?page=10&eventid=53F27A05-DBF6-27A7-B680-C587F93AF7CA HTTP/1.1" 200 91266
194.247.173.99 - - [10/Nov/2024:01:25:02 +0100] "GET /ticket2/opencms/dk/ru/buy/?page=1&edid=2F091351-AF20-DF8B-A6F9-E8968C10B28F&sortorder=asc&column=row HTTP/1.1" 404 -
66.249.76.232 - - [10/Nov/2024:01:25:03 +0100] "GET /ticket2/opencms/bg/buy/?page=1&edid=FC000D61-FABC-A881-9E2E-0971242A71A3 HTTP/1.1" 200 103043
65.108.46.72 - - [10/Nov/2024:01:25:03 +0100] "GET /ticket2/opencms/nl/buy/?page=1&edid=20F87A8A-06D8-8F92-A22B-FA3C785DF454 HTTP/1.1" 200 119713
192.95.30.177 - - [10/Nov/2024:01:25:04 +0100] "GET /ticket2/opencms/dk/en/login/?edid=A26C8801-6D64-B14F-3D1B-6E1107BED6DB HTTP/1.1" 404 -
47.128.25.111 - - [10/Nov/2024:01:25:05 +0100] "GET /ticket2/opencms/mt/sell/?edid=8551F24F-7E36-E365-707B-96D4F958640A HTTP/1.1" 302 -
135.181.74.243 - - [10/Nov/2024:01:25:05 +0100] "GET /ticket2/opencms/dk/no/buy/?page=1&edid=92EFA20E-7096-FBC0-93F9-AE2CB1C6652E HTTP/1.1" 404 -
54.36.148.183 - - [10/Nov/2024:01:25:06 +0100] "GET /ticket2/opencms/bs/buy?page=10&eventid=53F27A05-DBF6-27A7-B680-C587F93AF7CA HTTP/1.1" 200 90436
2.71.102.141 - - [10/Nov/2024:01:25:06 +0100] "GET /ticket2/opencms/?fbclid=PAZXh0bgNhZW0BMABhZGlkAasVG1k77xoBpsR56Z6tc2VXEvVmPLoAa7bBqt1xvmyWZZg-Pbtjk3A01Gj5lmrfiIxong_aem_rxUnQCYjCfLCla9v1RCEdg HTTP/1.1" 302 -
65.108.46.72 - - [10/Nov/2024:01:25:06 +0100] "GET /ticket2/opencms/nl/buy/?page=1&edid=21664951-3617-51F0-41B0-94AF06741E29 HTTP/1.1" 200 99703
47.128.25.111 - - [10/Nov/2024:01:25:07 +0100] "GET /ticket2/opencms/mt/login/?url=/mt/sell/ HTTP/1.1" 200 83224
2.71.102.141 - - [10/Nov/2024:01:25:08 +0100] "GET /ticket2/opencms/sv/ HTTP/1.1" 200 95535
2.71.102.141 - - [10/Nov/2024:01:25:08 +0100] "GET /ticket2/opencms/system/modules/com.gridnine.opencms.ticketbrokerage.site/resources/js/jquery/jquery.js HTTP/1.1" 200 93868
194.247.173.99 - - [10/Nov/2024:01:25:08 +0100] "GET /ticket2/opencms/dk/ru/buy/?page=1&edid=2F091351-AF20-DF8B-A6F9-E8968C10B28F&sortorder=asc&column=section HTTP/1.1" 404 -
2.71.102.141 - - [10/Nov/2024:01:25:08 +0100] "GET /ticket2/opencms/system/modules/com.gridnine.opencms.ticketbrokerage.site/resources/js/jquery/jquery-ui.js HTTP/1.1" 200 228088
2.71.102.141 - - [10/Nov/2024:01:25:08 +0100] "GET /ticket2/opencms/system/modules/com.gridnine.opencms.ticketbrokerage.site/resources/css/ticketbrokerage.css HTTP/1.1" 200 39339
2.71.102.141 - - [10/Nov/2024:01:25:08 +0100] "GET /ticket2/opencms/system/modules/com.gridnine.opencms.ticketbrokerage.site/resources/css/calendar.css HTTP/1.1" 200 6871
2.71.102.141 - - [10/Nov/2024:01:25:08 +0100] "GET /ticket2/opencms/system/modules/com.gridnine.opencms.ticketbrokerage.site/resources/css/jquery-ui.css HTTP/1.1" 200 33221
2.71.102.141 - - [10/Nov/2024:01:25:08 +0100] "GET /ticket2/opencms/system/modules/com.gridnine.opencms.ticketbrokerage.site/resources/css/jquery.fancybox.css HTTP/1.1" 200 4939
2.71.102.141 - - [10/Nov/2024:01:25:08 +0100] "GET /ticket2/opencms/system/modules/com.gridnine.opencms.ticketbrokerage.site/resources/css/standard.css HTTP/1.1" 200 73073
2.71.102.141 - - [10/Nov/2024:01:25:08 +0100] "GET /ticket2/opencms/system/modules/com.gridnine.opencms.ticketbrokerage.site/resources/js/functions.js HTTP/1.1" 200 1583
2.71.102.141 - - [10/Nov/2024:01:25:08 +0100] "GET /ticket2/opencms/system/modules/com.gridnine.opencms.ticketbrokerage.site/resources/js/calendar.js HTTP/1.1" 200 49229
2.71.102.141 - - [10/Nov/2024:01:25:08 +0100] "GET /ticket2/opencms/system/modules/com.gridnine.opencms.ticketbrokerage.site/resources/js/calendar-en.js HTTP/1.1" 200 3338
2.71.102.141 - - [10/Nov/2024:01:25:08 +0100] "GET /ticket2/opencms/system/modules/com.gridnine.opencms.ticketbrokerage.site/resources/js/calendar-setup.js HTTP/1.1" 200 4923
2.71.102.141 - - [10/Nov/2024:01:25:08 +0100] "GET /ticket2/opencms/system/modules/com.gridnine.opencms.ticketbrokerage.site/resources/js/jquery.fancybox.pack.js HTTP/1.1" 200 23187
2.71.102.141 - - [10/Nov/2024:01:25:08 +0100] "GET /ticket2/opencms/system/modules/com.gridnine.opencms.ticketbrokerage.site/resources/js/stickyfill.min.js HTTP/1.1" 200 5672
2.71.102.141 - - [10/Nov/2024:01:25:08 +0100] "GET /ticket2/opencms/system/modules/com.gridnine.opencms.ticketbrokerage.site/resources/js/jquery.placeholder.min.js HTTP/1.1" 200 1737
2.71.102.141 - - [10/Nov/2024:01:25:08 +0100] "GET /ticket2/opencms/system/modules/com.gridnine.opencms.ticketbrokerage.site/resources/js/standard.js HTTP/1.1" 200 3978
2.71.102.141 - - [10/Nov/2024:01:25:08 +0100] "GET /ticket2/opencms/system/modules/com.gridnine.opencms.ticketbrokerage.site/resources/js/common-ajax.js HTTP/1.1" 200 20175
2.71.102.141 - - [10/Nov/2024:01:25:08 +0100] "GET /ticket2/opencms/img/insta.png HTTP/1.1" 200 3967
2.71.102.141 - - [10/Nov/2024:01:25:08 +0100] "GET /ticket2/opencms/system/modules/com.gridnine.opencms.ticketbrokerage.site/resources/pics/logo-new.png HTTP/1.1" 200 13541
2.71.102.141 - - [10/Nov/2024:01:25:08 +0100] "GET /ticket2/opencms/system/modules/com.gridnine.opencms.ticketbrokerage.site/resources/pics/footer-img.jpg HTTP/1.1" 200 67642
2.71.102.141 - - [10/Nov/2024:01:25:08 +0100] "GET /ticket2/opencms/img/fb.png HTTP/1.1" 200 1269
2.71.102.141 - - [10/Nov/2024:01:25:08 +0100] "GET /ticket2/opencms/img/check.png HTTP/1.1" 200 548
2.71.102.141 - - [10/Nov/2024:01:25:08 +0100] "GET /ticket2/opencms/img/mail.png HTTP/1.1" 200 403
2.71.102.141 - - [10/Nov/2024:01:25:08 +0100] "GET /ticket2/opencms/img/chat.png HTTP/1.1" 200 416
2.71.102.141 - - [10/Nov/2024:01:25:08 +0100] "GET /ticket2/opencms/img/arrow.png HTTP/1.1" 200 753
2.71.102.141 - - [10/Nov/2024:01:25:09 +0100] "GET /ticket2/opencms/img/icons/globe-white.png HTTP/1.1" 200 947
2.71.102.141 - - [10/Nov/2024:01:25:09 +0100] "GET /ticket2/opencms/img/icons/se.png HTTP/1.1" 200 1258
2.71.102.141 - - [10/Nov/2024:01:25:09 +0100] "GET /ticket2/opencms/img/icons/fi.png HTTP/1.1" 200 1785
2.71.102.141 - - [10/Nov/2024:01:25:09 +0100] "GET /ticket2/opencms/img/icons/no.png HTTP/1.1" 200 1958
2.71.102.141 - - [10/Nov/2024:01:25:09 +0100] "GET /ticket2/opencms/img/icons/nl.png HTTP/1.1" 200 1255
2.71.102.141 - - [10/Nov/2024:01:25:09 +0100] "GET /ticket2/opencms/img/icons/pl.png HTTP/1.1" 200 1578
2.71.102.141 - - [10/Nov/2024:01:25:09 +0100] "GET /ticket2/opencms/img/icons/az.png HTTP/1.1" 200 1445
2.71.102.141 - - [10/Nov/2024:01:25:09 +0100] "GET /ticket2/opencms/img/icons/bs.png HTTP/1.1" 200 1014
2.71.102.141 - - [10/Nov/2024:01:25:09 +0100] "GET /ticket2/opencms/img/icons/hr.png HTTP/1.1" 200 2024
2.71.102.141 - - [10/Nov/2024:01:25:10 +0100] "GET /ticket2/opencms/img/icons/cs.png HTTP/1.1" 200 1883
2.71.102.141 - - [10/Nov/2024:01:25:10 +0100] "GET /ticket2/opencms/img/icons/et.png HTTP/1.1" 200 754
2.71.102.141 - - [10/Nov/2024:01:25:10 +0100] "GET /ticket2/opencms/img/icons/el.png HTTP/1.1" 200 1637
2.71.102.141 - - [10/Nov/2024:01:25:10 +0100] "GET /ticket2/opencms/img/icons/ka.png HTTP/1.1" 200 860
2.71.102.141 - - [10/Nov/2024:01:25:10 +0100] "GET /ticket2/opencms/img/icons/hu.png HTTP/1.1" 200 733
2.71.102.141 - - [10/Nov/2024:01:25:10 +0100] "GET /ticket2/opencms/img/icons/is.png HTTP/1.1" 200 1884
2.71.102.141 - - [10/Nov/2024:01:25:10 +0100] "GET /ticket2/opencms/img/icons/ga.png HTTP/1.1" 200 1759
2.71.102.141 - - [10/Nov/2024:01:25:10 +0100] "GET /ticket2/opencms/img/icons/lv.png HTTP/1.1" 200 716
2.71.102.141 - - [10/Nov/2024:01:25:10 +0100] "GET /ticket2/opencms/img/icons/lt.png HTTP/1.1" 200 733
2.71.102.141 - - [10/Nov/2024:01:25:10 +0100] "GET /ticket2/opencms/img/icons/mt.png HTTP/1.1" 200 920
2.71.102.141 - - [10/Nov/2024:01:25:10 +0100] "GET /ticket2/opencms/img/icons/mo.png HTTP/1.1" 200 1468
2.71.102.141 - - [10/Nov/2024:01:25:10 +0100] "GET /ticket2/opencms/img/icons/ro.png HTTP/1.1" 200 1393
2.71.102.141 - - [10/Nov/2024:01:25:10 +0100] "GET /ticket2/opencms/img/icons/sr.png HTTP/1.1" 200 1602
2.71.102.141 - - [10/Nov/2024:01:25:10 +0100] "GET /ticket2/opencms/img/icons/sk.png HTTP/1.1" 200 1283
2.71.102.141 - - [10/Nov/2024:01:25:10 +0100] "GET /ticket2/opencms/img/icons/sl.png HTTP/1.1" 200 966
2.71.102.141 - - [10/Nov/2024:01:25:10 +0100] "GET /ticket2/opencms/img/icons/uk.png HTTP/1.1" 200 1272
2.71.102.141 - - [10/Nov/2024:01:25:10 +0100] "GET /ticket2/opencms/img/icons/tr.png HTTP/1.1" 200 1636
2.71.102.141 - - [10/Nov/2024:01:25:10 +0100] "GET /ticket2/opencms/img/banner-pl.jpeg HTTP/1.1" 200 41818
2.71.102.141 - - [10/Nov/2024:01:25:10 +0100] "GET /ticket2/opencms/img/banner-ll.jpeg HTTP/1.1" 200 41825
2.71.102.141 - - [10/Nov/2024:01:25:10 +0100] "GET /ticket2/opencms/img/banner-sa.jpeg HTTP/1.1" 200 41270
2.71.102.141 - - [10/Nov/2024:01:25:11 +0100] "GET /ticket2/opencms/img/icons/en.png HTTP/1.1" 200 2415
2.71.102.141 - - [10/Nov/2024:01:25:11 +0100] "GET /ticket2/opencms/img/icons/de.png HTTP/1.1" 200 1124
2.71.102.141 - - [10/Nov/2024:01:25:11 +0100] "GET /ticket2/opencms/img/icons/es.png HTTP/1.1" 200 1005
2.71.102.141 - - [10/Nov/2024:01:25:12 +0100] "GET /ticket2/opencms/img/icons/be.png HTTP/1.1" 200 1663
2.71.102.141 - - [10/Nov/2024:01:25:12 +0100] "GET /ticket2/opencms/img/icons/dk.png HTTP/1.1" 200 1706
2.71.102.141 - - [10/Nov/2024:01:25:12 +0100] "GET /ticket2/opencms/img/icons/bg.png HTTP/1.1" 200 788
2.71.102.141 - - [10/Nov/2024:01:25:12 +0100] "GET /ticket2/opencms/img/icons/sq.png HTTP/1.1" 200 1619
2.71.102.141 - - [10/Nov/2024:01:25:12 +0100] "GET /ticket2/opencms/img/icons/fr.png HTTP/1.1" 200 1764
2.71.102.141 - - [10/Nov/2024:01:25:12 +0100] "GET /ticket2/opencms/img/icons/it.png HTTP/1.1" 200 2040
2.71.102.141 - - [10/Nov/2024:01:25:12 +0100] "GET /ticket2/opencms/system/modules/com.gridnine.opencms.ticketbrokerage.site/resources/js/standard.js HTTP/1.1" 200 3978
65.108.46.72 - - [10/Nov/2024:01:25:12 +0100] "GET /ticket2/opencms/nl/buy/?page=1&edid=21B44A76-F6AD-9457-4190-937757888EEA HTTP/1.1" 200 102425
135.181.74.243 - - [10/Nov/2024:01:25:12 +0100] "GET /ticket2/opencms/dk/no/buy/?page=1&edid=930DA63B-B6EB-C65F-6A39-F4240571C002&sortorder=asc&column=price HTTP/1.1" 404 -
192.95.30.177 - - [10/Nov/2024:01:25:12 +0100] "GET /ticket2/opencms/dk/en/login/?edid=A39379DA-1375-E962-6BB8-A36C2BDDD0AC HTTP/1.1" 404 -
85.208.96.199 - - [10/Nov/2024:01:25:13 +0100] "GET /ticket2/opencms/no/sport/fotballsbilletter/champions_league/sevilla/ HTTP/1.1" 200 80193
54.36.148.206 - - [10/Nov/2024:01:25:13 +0100] "GET /ticket2/opencms/pl/buy?page=10&eventid=10A4B056-E56D-2EC6-06F9-A9715C3D8173 HTTP/1.1" 200 91648
