195.154.123.61 - - [10/Nov/2024:01:33:40 +0100] "GET /ticket2/opencms/system/modules/com.gridnine.opencms.ticketbrokerage.site/resources/js/jquery/jquery-ui.js HTTP/1.1" 200 228088
195.154.123.61 - - [10/Nov/2024:01:33:40 +0100] "GET /ticket2/opencms/system/modules/com.gridnine.opencms.ticketbrokerage.site/resources/js/calendar-en.js HTTP/1.1" 200 3338
195.154.123.61 - - [10/Nov/2024:01:33:40 +0100] "GET /ticket2/opencms/system/modules/com.gridnine.opencms.ticketbrokerage.site/resources/js/calendar-setup.js HTTP/1.1" 200 4923
195.154.123.61 - - [10/Nov/2024:01:33:40 +0100] "GET /ticket2/opencms/system/modules/com.gridnine.opencms.ticketbrokerage.site/resources/js/jquery.fancybox.pack.js HTTP/1.1" 200 23187
195.154.123.61 - - [10/Nov/2024:01:33:40 +0100] "GET /ticket2/opencms/system/modules/com.gridnine.opencms.ticketbrokerage.site/resources/js/stickyfill.min.js HTTP/1.1" 200 5672
195.154.123.61 - - [10/Nov/2024:01:33:40 +0100] "GET /ticket2/opencms/system/modules/com.gridnine.opencms.ticketbrokerage.site/resources/js/standard.js HTTP/1.1" 200 3978
195.154.123.61 - - [10/Nov/2024:01:33:40 +0100] "GET /ticket2/opencms/system/modules/com.gridnine.opencms.ticketbrokerage.site/resources/js/jquery.placeholder.min.js HTTP/1.1" 200 1737
195.154.123.61 - - [10/Nov/2024:01:33:40 +0100] "GET /ticket2/opencms/system/modules/com.gridnine.opencms.ticketbrokerage.site/resources/js/common-ajax.js HTTP/1.1" 200 20175
65.108.46.72 - - [10/Nov/2024:01:33:40 +0100] "GET /ticket2/opencms/nl/buy/?page=1&edid=51218E22-B416-8A45-FFDA-8364D5067E03 HTTP/1.1" 200 99473
195.154.123.61 - - [10/Nov/2024:01:33:40 +0100] "GET /ticket2/opencms/system/modules/com.gridnine.opencms.ticketbrokerage.site/resources/js/standard.js HTTP/1.1" 200 3978
135.181.74.243 - - [10/Nov/2024:01:33:42 +0100] "GET /ticket2/opencms/dk/no/buy/?page=1&edid=B5487927-5D9E-47A1-7B61-6B84BE8D3FED HTTP/1.1" 404 -
65.108.46.72 - - [10/Nov/2024:01:33:44 +0100] "GET /ticket2/opencms/nl/buy/?page=1&edid=5130AA30-8F4F-96F4-18F0-73196247FCC5 HTTP/1.1" 200 96431
65.108.46.72 - - [10/Nov/2024:01:33:47 +0100] "GET /ticket2/opencms/nl/buy/?page=1&edid=51B4378F-6A88-5221-C69B-C34E0BB6A16E HTTP/1.1" 200 105652
135.181.74.243 - - [10/Nov/2024:01:33:47 +0100] "GET /ticket2/opencms/dk/no/buy/?page=1&edid=B5487927-5D9E-47A1-7B61-6B84BE8D3FED&sortorder=desc&column=price HTTP/1.1" 404 -
216.244.66.238 - - [10/Nov/2024:01:33:48 +0100] "GET /ticket2/opencms/ro/sport/bilete-fotbal/bundesliga/werder-bremen HTTP/1.1" 200 95980
66.249.79.37 - - [10/Nov/2024:01:33:49 +0100] "GET /ticket2/opencms/sv/sport/fotbollsbiljetter/uefa-champions-league/final/ HTTP/1.1" 200 79149
54.36.148.168 - - [10/Nov/2024:01:33:49 +0100] "GET /ticket2/opencms/en/buy?page=6&comcatid=A17713B6-D984-201A-4143-ED4DB5ED5C2E&catid=AE3FE643-AE41-BAA6-237D-5206D1B044A1 HTTP/1.1" 200 92928
195.154.123.49 - - [10/Nov/2024:01:33:50 +0100] "GET /ticket2/opencms/system/modules/com.gridnine.opencms.ticketbrokerage.site/resources/css/jquery-ui.css HTTP/1.1" 200 33221
195.154.123.49 - - [10/Nov/2024:01:33:50 +0100] "GET /ticket2/opencms/system/modules/com.gridnine.opencms.ticketbrokerage.site/resources/css/jquery.fancybox.css HTTP/1.1" 200 4939
195.154.123.49 - - [10/Nov/2024:01:33:50 +0100] "GET /ticket2/opencms/system/modules/com.gridnine.opencms.ticketbrokerage.site/resources/css/standard.css HTTP/1.1" 200 73073
195.154.123.49 - - [10/Nov/2024:01:33:50 +0100] "GET /ticket2/opencms/system/modules/com.gridnine.opencms.ticketbrokerage.site/resources/js/functions.js HTTP/1.1" 200 1583
195.154.123.49 - - [10/Nov/2024:01:33:50 +0100] "GET /ticket2/opencms/system/modules/com.gridnine.opencms.ticketbrokerage.site/resources/css/ticketbrokerage.css HTTP/1.1" 200 39339
195.154.123.49 - - [10/Nov/2024:01:33:50 +0100] "GET /ticket2/opencms/system/modules/com.gridnine.opencms.ticketbrokerage.site/resources/css/calendar.css HTTP/1.1" 200 6871
195.154.123.49 - - [10/Nov/2024:01:33:50 +0100] "GET /ticket2/opencms/system/modules/com.gridnine.opencms.ticketbrokerage.site/resources/js/calendar-en.js HTTP/1.1" 200 3338
195.154.123.49 - - [10/Nov/2024:01:33:50 +0100] "GET /ticket2/opencms/system/modules/com.gridnine.opencms.ticketbrokerage.site/resources/js/calendar-setup.js HTTP/1.1" 200 4923
195.154.123.49 - - [10/Nov/2024:01:33:50 +0100] "GET /ticket2/opencms/system/modules/com.gridnine.opencms.ticketbrokerage.site/resources/js/jquery.fancybox.pack.js HTTP/1.1" 200 23187
195.154.123.49 - - [10/Nov/2024:01:33:50 +0100] "GET /ticket2/opencms/system/modules/com.gridnine.opencms.ticketbrokerage.site/resources/js/stickyfill.min.js HTTP/1.1" 200 5672
195.154.123.49 - - [10/Nov/2024:01:33:50 +0100] "GET /ticket2/opencms/system/modules/com.gridnine.opencms.ticketbrokerage.site/resources/js/jquery/jquery-ui.js HTTP/1.1" 200 228088
195.154.123.49 - - [10/Nov/2024:01:33:50 +0100] "GET /ticket2/opencms/system/modules/com.gridnine.opencms.ticketbrokerage.site/resources/js/jquery/jquery.js HTTP/1.1" 200 93868
195.154.123.49 - - [10/Nov/2024:01:33:50 +0100] "GET /ticket2/opencms/system/modules/com.gridnine.opencms.ticketbrokerage.site/resources/js/calendar.js HTTP/1.1" 200 49229
195.154.123.49 - - [10/Nov/2024:01:33:50 +0100] "GET /ticket2/opencms/system/modules/com.gridnine.opencms.ticketbrokerage.site/resources/js/standard.js HTTP/1.1" 200 3978
195.154.123.49 - - [10/Nov/2024:01:33:50 +0100] "GET /ticket2/opencms/system/modules/com.gridnine.opencms.ticketbrokerage.site/resources/js/jquery.placeholder.min.js HTTP/1.1" 200 1737
195.154.123.49 - - [10/Nov/2024:01:33:50 +0100] "GET /ticket2/opencms/system/modules/com.gridnine.opencms.ticketbrokerage.site/resources/js/common-ajax.js HTTP/1.1" 200 20175
65.108.46.72 - - [10/Nov/2024:01:33:50 +0100] "GET /ticket2/opencms/nl/buy/?page=1&edid=51B4567B-19F2-A242-D969-4CD8EDBD80C5 HTTP/1.1" 200 105926
195.154.123.49 - - [10/Nov/2024:01:33:51 +0100] "GET /ticket2/opencms/system/modules/com.gridnine.opencms.ticketbrokerage.site/resources/js/standard.js HTTP/1.1" 200 3978
135.181.74.243 - - [10/Nov/2024:01:33:51 +0100] "GET /ticket2/opencms/dk/no/buy/?page=1&edid=B5487927-5D9E-47A1-7B61-6B84BE8D3FED&sortorder=desc&column=row HTTP/1.1" 404 -
54.36.148.197 - - [10/Nov/2024:01:33:53 +0100] "GET /ticket2/opencms/sq/buy?page=10&eventid=10A4B056-E56D-2EC6-06F9-A9715C3D8173 HTTP/1.1" 200 91614
65.108.46.72 - - [10/Nov/2024:01:33:53 +0100] "GET /ticket2/opencms/nl/buy/?page=1&edid=52097123-D272-930E-ACDD-5F9218EDFF4D HTTP/1.1" 200 96423
185.191.171.8 - - [10/Nov/2024:01:33:55 +0100] "GET /ticket2/opencms/ticket2/ticket2/sites/ticketbrokerage/fi/handbook_seller/ HTTP/1.1" 404 -
135.181.74.243 - - [10/Nov/2024:01:33:56 +0100] "GET /ticket2/opencms/dk/no/buy/?page=1&edid=B5867527-E4E8-2B72-A634-6B0BB4ADFC64&sortorder=asc&column=row HTTP/1.1" 404 -
65.108.46.72 - - [10/Nov/2024:01:33:56 +0100] "GET /ticket2/opencms/nl/buy/?page=1&edid=5222C7D8-8DAE-E54F-3083-BC30D29D0922 HTTP/1.1" 200 98581
66.249.76.238 - - [10/Nov/2024:01:33:56 +0100] "GET /ticket2/opencms/sr/buy/?page=1&edid=FEF01E45-FEE5-DB5B-D058-BDEFBF8946F4 HTTP/1.1" 200 99134
54.36.148.178 - - [10/Nov/2024:01:33:59 +0100] "GET /ticket2/opencms/fr/buy?page=10&eventid=19AD6356-6E10-9C9F-9FF7-23862BF7038B&venueid=F72D7D8A-21AA-398A-828C-542FA85266B4 HTTP/1.1" 200 93390
65.108.46.72 - - [10/Nov/2024:01:34:00 +0100] "GET /ticket2/opencms/nl/buy/?page=1&edid=52F83580-0FD4-F06F-050A-AE1CCE4A20C1 HTTP/1.1" 200 109291
135.181.74.243 - - [10/Nov/2024:01:34:01 +0100] "GET /ticket2/opencms/dk/no/buy/?page=1&edid=B5E212FA-75B2-874E-9151-2C0F6C91543F HTTP/1.1" 404 -
54.36.148.202 - - [10/Nov/2024:01:34:03 +0100] "GET /ticket2/opencms/fr/buy?page=10&eventid=8089A138-5EE7-E43F-C342-AAB9352CA1D1&venueid=152137BD-51FA-C49F-6002-B503D5181B54 HTTP/1.1" 200 93111
65.108.46.72 - - [10/Nov/2024:01:34:03 +0100] "GET /ticket2/opencms/nl/buy/?page=1&edid=53230D30-911E-6420-06CB-53E53CF4F63A HTTP/1.1" 200 96406
135.181.74.243 - - [10/Nov/2024:01:34:05 +0100] "GET /ticket2/opencms/dk/no/buy/?page=1&edid=B5E212FA-75B2-874E-9151-2C0F6C91543F&sortorder=desc&column=price HTTP/1.1" 404 -
65.108.46.72 - - [10/Nov/2024:01:34:06 +0100] "GET /ticket2/opencms/nl/buy/?page=1&edid=533C9666-8CEC-6A87-EB2B-BCF155BFF94A HTTP/1.1" 200 109261
54.36.148.125 - - [10/Nov/2024:01:34:06 +0100] "GET /ticket2/opencms/sl/buy?page=10&eventid=53F27A05-DBF6-27A7-B680-C587F93AF7CA HTTP/1.1" 200 90403
65.108.46.72 - - [10/Nov/2024:01:34:09 +0100] "GET /ticket2/opencms/nl/buy/?page=1&edid=5373B514-9338-569F-0BEB-077FE0734007 HTTP/1.1" 200 96434
135.181.74.243 - - [10/Nov/2024:01:34:10 +0100] "GET /ticket2/opencms/dk/no/buy/?page=1&edid=B5E212FA-75B2-874E-9151-2C0F6C91543F&sortorder=desc&column=row HTTP/1.1" 404 -
54.36.149.48 - - [10/Nov/2024:01:34:11 +0100] "GET /ticket2/opencms/de/buy/?page=1&edid=95423F1B-D1AB-68DD-A58C-5DE97CA2D553 HTTP/1.1" 200 100815
65.108.46.72 - - [10/Nov/2024:01:34:12 +0100] "GET /ticket2/opencms/nl/buy/?page=1&edid=545D0E01-FDAE-BAF6-88EE-1B0726F33A23 HTTP/1.1" 200 98586
54.36.148.185 - - [10/Nov/2024:01:34:14 +0100] "GET /ticket2/opencms/sr/buy?page=10&eventid=10A4B056-E56D-2EC6-06F9-A9715C3D8173 HTTP/1.1" 200 92076
135.181.74.243 - - [10/Nov/2024:01:34:14 +0100] "GET /ticket2/opencms/dk/no/buy/?page=1&edid=B5E212FA-75B2-874E-9151-2C0F6C91543F&sortorder=desc&column=section HTTP/1.1" 404 -
65.108.46.72 - - [10/Nov/2024:01:34:16 +0100] "GET /ticket2/opencms/nl/buy/?page=1&edid=54DC2629-FE89-0ED9-A566-828C55EBE838 HTTP/1.1" 200 99744
135.181.74.243 - - [10/Nov/2024:01:34:19 +0100] "GET /ticket2/opencms/dk/no/buy/?page=1&edid=B66201C6-47A2-1FD6-6A7A-29C47396EC5D HTTP/1.1" 404 -
65.108.46.72 - - [10/Nov/2024:01:34:19 +0100] "GET /ticket2/opencms/nl/buy/?page=1&edid=552202FE-6CC9-18FE-8F33-9429723BB7EB HTTP/1.1" 200 107517
54.36.148.206 - - [10/Nov/2024:01:34:21 +0100] "GET /ticket2/opencms/es/buy?page=10&eventid=10A4B056-E56D-2EC6-06F9-A9715C3D8173 HTTP/1.1" 200 91244
65.108.46.72 - - [10/Nov/2024:01:34:23 +0100] "GET /ticket2/opencms/nl/buy/?page=1&edid=55D1893A-18D7-BF3D-C95C-B7BB78833B39 HTTP/1.1" 200 123038
54.36.148.125 - - [10/Nov/2024:01:34:25 +0100] "GET /ticket2/opencms/en/buy?page=10&eventid=19AD6356-6E10-9C9F-9FF7-23862BF7038B&venueid=F72D7D8A-21AA-398A-828C-542FA85266B4 HTTP/1.1" 200 92170
65.108.46.72 - - [10/Nov/2024:01:34:26 +0100] "GET /ticket2/opencms/nl/buy/?page=1&edid=5605B728-A815-14DD-9E19-09BABDE81131 HTTP/1.1" 200 122749
65.108.46.72 - - [10/Nov/2024:01:34:30 +0100] "GET /ticket2/opencms/nl/buy/?page=1&edid=5660FC95-DEFD-E31A-427A-FEF42882AD54 HTTP/1.1" 200 96405
54.36.148.122 - - [10/Nov/2024:01:34:30 +0100] "GET /ticket2/opencms/en/buy?page=10&eventid=8089A138-5EE7-E43F-C342-AAB9352CA1D1&venueid=152137BD-51FA-C49F-6002-B503D5181B54 HTTP/1.1" 200 91891
65.108.46.72 - - [10/Nov/2024:01:34:33 +0100] "GET /ticket2/opencms/nl/buy/?page=1&edid=56BEA2AB-D62C-F232-ADFB-5CF7A178E68C HTTP/1.1" 200 119712
66.249.79.233 - - [10/Nov/2024:01:34:33 +0100] "GET /ticket2/opencms/hr/sport/nogometne-ulaznice/premier-league/liverpool HTTP/1.1" 200 96061
173.44.141.100 - - [10/Nov/2024:01:34:36 +0100] "GET /ticket2/opencms/de/.env HTTP/1.1" 404 -
65.108.46.72 - - [10/Nov/2024:01:34:37 +0100] "GET /ticket2/opencms/nl/buy/?page=1&edid=570FD6B1-ED73-103F-2272-3F6F4728ECCF HTTP/1.1" 200 96455
54.36.148.113 - - [10/Nov/2024:01:34:37 +0100] "GET /ticket2/opencms/fr/buy?page=10&eventid=10A4B056-E56D-2EC6-06F9-A9715C3D8173 HTTP/1.1" 200 91014
65.108.46.72 - - [10/Nov/2024:01:34:40 +0100] "GET /ticket2/opencms/nl/buy/?page=1&edid=578ABCE9-06EA-4939-3CFF-C4F189A950CC HTTP/1.1" 200 96432
40.77.167.155 - - [10/Nov/2024:01:34:42 +0100] "GET /ticket2/opencms/de/sport/fussball-tickets/la_liga/atletico-madrid/ HTTP/1.1" 200 96702
54.36.149.78 - - [10/Nov/2024:01:34:42 +0100] "GET /ticket2/opencms/az/sport/ HTTP/1.1" 200 86930
65.108.46.72 - - [10/Nov/2024:01:34:44 +0100] "GET /ticket2/opencms/nl/buy/?page=1&edid=579B49FD-6D7C-4BF3-CF9E-91183D7BCE4C HTTP/1.1" 200 96426
47.128.127.51 - - [10/Nov/2024:01:34:46 +0100] "GET /ticket2/opencms/lt/buy?edid=EC2BC309-3510-AA04-CA0C-F3088D5C1D31 HTTP/1.1" 200 81490
54.36.148.213 - - [10/Nov/2024:01:34:47 +0100] "GET /ticket2/opencms/fi/buy/?page=1&edid=FF0F20E9-4ECC-8A4E-F200-09858CA7BE69 HTTP/1.1" 200 102152
65.108.46.72 - - [10/Nov/2024:01:34:47 +0100] "GET /ticket2/opencms/nl/buy/?page=1&edid=582C4192-AED1-C43A-6B53-0F2BB3B8E830 HTTP/1.1" 200 96452
85.208.96.198 - - [10/Nov/2024:01:34:50 +0100] "GET /ticket2/opencms/ro/login HTTP/1.1" 200 83283
65.108.46.72 - - [10/Nov/2024:01:34:50 +0100] "GET /ticket2/opencms/nl/buy/?page=1&edid=584BB9A7-DBF0-6EF0-6765-CB1D784ABB18 HTTP/1.1" 200 108134
66.249.76.196 - - [10/Nov/2024:01:34:54 +0100] "GET /ticket2/opencms/es/buy/?page=1&edid=ACE9CA7D-7806-FEA9-5C42-376512A5CAAD HTTP/1.1" 200 100614
65.108.46.72 - - [10/Nov/2024:01:34:54 +0100] "GET /ticket2/opencms/nl/buy/?page=1&edid=58BBF638-5A76-A8D6-7263-FAE40850FA7F HTTP/1.1" 200 105653
185.191.171.11 - - [10/Nov/2024:01:34:55 +0100] "GET /ticket2/opencms/en/sport/football-tickets/english-championship/cardiff HTTP/1.1" 500 -
65.108.46.72 - - [10/Nov/2024:01:34:57 +0100] "GET /ticket2/opencms/nl/buy/?page=1&edid=59510E33-7947-2FED-CC14-F0612B76476A HTTP/1.1" 200 102473
47.128.43.97 - - [10/Nov/2024:01:34:58 +0100] "GET /ticket2/opencms/mo/buy/?edid=91822FE2-DE87-A84A-2822-E8AA69FE74C1 HTTP/1.1" 200 81521
54.36.149.7 - - [10/Nov/2024:01:34:59 +0100] "GET /ticket2/opencms/en/buy/?page=1&edid=718A7A5B-0864-7BB0-17EA-7D1DFF1DCA73 HTTP/1.1" 200 100195
65.108.46.72 - - [10/Nov/2024:01:35:00 +0100] "GET /ticket2/opencms/nl/buy/?page=1&edid=59EE7C1E-928C-0B67-F8CD-0935739262E0 HTTP/1.1" 200 108139
65.108.46.72 - - [10/Nov/2024:01:35:04 +0100] "GET /ticket2/opencms/nl/buy/?page=1&edid=5A1AA50E-FB02-4BE6-58BC-EF15D7C57463 HTTP/1.1" 200 96441
54.36.148.200 - - [10/Nov/2024:01:35:06 +0100] "GET /ticket2/opencms/dk/buy/?page=1&edid=C781C90E-2A4A-BE38-23EB-6039DE2F5FA8 HTTP/1.1" 200 124331
65.108.46.72 - - [10/Nov/2024:01:35:07 +0100] "GET /ticket2/opencms/nl/buy/?page=1&edid=5B1EBD64-AC5B-1705-53F4-E0FEF8B73423 HTTP/1.1" 200 99744
65.108.46.72 - - [10/Nov/2024:01:35:10 +0100] "GET /ticket2/opencms/nl/buy/?page=1&edid=5B76833E-2E71-FA6D-0004-1CC4E0B9EF88 HTTP/1.1" 200 105719
66.249.76.5 - - [10/Nov/2024:01:35:13 +0100] "GET /ticket2/opencms/no/sport/fotballsbilletter/premier_league/tottenham/ HTTP/1.1" 200 94528
65.108.46.72 - - [10/Nov/2024:01:35:14 +0100] "GET /ticket2/opencms/nl/buy/?page=1&edid=5B798669-5101-DFDA-74DC-0F364B61FBD5 HTTP/1.1" 200 108134
66.249.76.231 - - [10/Nov/2024:01:35:14 +0100] "GET /ticket2/opencms/sl/magazine/article?title=vinicius-jr HTTP/1.1" 200 83677
54.36.148.10 - - [10/Nov/2024:01:35:14 +0100] "GET /ticket2/opencms/uk/buy?page=10&eventid=8089A138-5EE7-E43F-C342-AAB9352CA1D1&venueid=152137BD-51FA-C49F-6002-B503D5181B54 HTTP/1.1" 200 94416
65.108.46.72 - - [10/Nov/2024:01:35:17 +0100] "GET /ticket2/opencms/nl/buy/?page=1&edid=5BB1055C-4C5F-5A4F-CCFB-6D0F529C929D HTTP/1.1" 200 104264
54.36.148.80 - - [10/Nov/2024:01:35:20 +0100] "GET /ticket2/opencms/en/buy?page=10&eventid=10A4B056-E56D-2EC6-06F9-A9715C3D8173 HTTP/1.1" 200 89794
65.108.46.72 - - [10/Nov/2024:01:35:21 +0100] "GET /ticket2/opencms/nl/buy/?page=1&edid=5C16C231-B966-190F-EDF0-005493349D4E HTTP/1.1" 200 119711
216.244.66.238 - - [10/Nov/2024:01:35:22 +0100] "GET /ticket2/opencms/pl/buy?comcatid=A17713B6-D984-201A-4143-ED4DB5ED5C2E&catid=FF8D7FE7-4B09-7305-01C7-2D47F7913EB8 HTTP/1.1" 200 93805
185.191.171.14 - - [10/Nov/2024:01:35:22 +0100] "GET /ticket2/opencms/dk/buying_tickets HTTP/1.1" 200 81689
65.108.46.72 - - [10/Nov/2024:01:35:24 +0100] "GET /ticket2/opencms/nl/buy/?page=1&edid=5CA6204E-B944-1C9C-2A91-E87C8D0203BC HTTP/1.1" 200 121866
54.36.148.230 - - [10/Nov/2024:01:35:26 +0100] "GET /ticket2/opencms/ga/buy?page=10&eventid=19AD6356-6E10-9C9F-9FF7-23862BF7038B&venueid=F72D7D8A-21AA-398A-828C-542FA85266B4 HTTP/1.1" 200 94039
65.108.46.72 - - [10/Nov/2024:01:35:27 +0100] "GET /ticket2/opencms/nl/buy/?page=1&edid=5CB7C15B-7DAE-E95F-7D37-A833DC753156 HTTP/1.1" 200 96447
85.208.96.208 - - [10/Nov/2024:01:35:29 +0100] "GET /ticket2/opencms/sv/sport/fotbollsbiljetter/la_liga/barcelona/tenerife.html HTTP/1.1" 200 88290
54.36.148.24 - - [10/Nov/2024:01:35:30 +0100] "GET /ticket2/opencms/ga/buy?page=10&eventid=8089A138-5EE7-E43F-C342-AAB9352CA1D1&venueid=152137BD-51FA-C49F-6002-B503D5181B54 HTTP/1.1" 200 93760
65.108.46.72 - - [10/Nov/2024:01:35:31 +0100] "GET /ticket2/opencms/nl/buy/?page=1&edid=5CB80305-FAB3-0B17-6A63-E12060ABE282 HTTP/1.1" 200 122549
54.36.148.150 - - [10/Nov/2024:01:35:34 +0100] "GET /ticket2/opencms/no/buy/?page=1&edid=39289D35-63FA-63A2-5B00-1BD8BF9346B7 HTTP/1.1" 200 100779
65.108.46.72 - - [10/Nov/2024:01:35:34 +0100] "GET /ticket2/opencms/nl/buy/?page=1&edid=5CC4C245-B3B0-1B51-B1DB-D9E8D9C1C476 HTTP/1.1" 200 112715
47.128.56.179 - - [10/Nov/2024:01:35:35 +0100] "GET /ticket2/opencms/fi/urheilu/jalkapallo/la-liga/granada/ HTTP/1.1" 200 80302
47.128.56.179 - - [10/Nov/2024:01:35:36 +0100] "GET /ticket2/opencms/system/modules/com.gridnine.opencms.ticketbrokerage.site/resources/pics/banners/team/la_liga/granada.png HTTP/1.1" 200 68697
47.128.46.125 - - [10/Nov/2024:01:35:36 +0100] "GET /ticket2/opencms/sr/buy/?catid=88C381AD-5D76-A34D-AC15-A7129F8EF5BE&comcatid=A17713B6-D984-201A-4143-ED4DB5ED5C2E HTTP/1.1" 200 94228
65.108.46.72 - - [10/Nov/2024:01:35:37 +0100] "GET /ticket2/opencms/nl/buy/?page=1&edid=5CEA98CB-80E1-9ACA-6E51-8C7E3E9275D3 HTTP/1.1" 200 108992
54.36.149.55 - - [10/Nov/2024:01:35:39 +0100] "GET /ticket2/opencms/nl/buy/?page=1&edid=077A4D05-90D5-AF2A-B689-A4F52E73EBA2 HTTP/1.1" 200 100229
65.108.46.72 - - [10/Nov/2024:01:35:41 +0100] "GET /ticket2/opencms/nl/buy/?page=1&edid=5CF6EA2B-2B90-CEA1-959D-43D59F6F27D8 HTTP/1.1" 200 96425
54.36.148.64 - - [10/Nov/2024:01:35:42 +0100] "GET /ticket2/opencms/el/buy?page=10&eventid=53F27A05-DBF6-27A7-B680-C587F93AF7CA HTTP/1.1" 200 91388
185.191.171.10 - - [10/Nov/2024:01:35:42 +0100] "GET /ticket2/opencms/mo/sport/bilete-la-fotbal/bundesliga/stuttgart HTTP/1.1" 200 95029
65.108.46.72 - - [10/Nov/2024:01:35:44 +0100] "GET /ticket2/opencms/nl/buy/?page=1&edid=5D2C7F0A-6D8C-4B20-24D2-21DDAC599D86 HTTP/1.1" 200 96442
185.191.171.1 - - [10/Nov/2024:01:35:46 +0100] "GET /ticket2/opencms/hu/about/press/ HTTP/1.1" 200 80333
54.36.149.1 - - [10/Nov/2024:01:35:47 +0100] "GET /ticket2/opencms/tr/buy?page=10&eventid=10A4B056-E56D-2EC6-06F9-A9715C3D8173 HTTP/1.1" 200 91637
65.108.46.72 - - [10/Nov/2024:01:35:47 +0100] "GET /ticket2/opencms/nl/buy/?page=1&edid=5D4ED722-E7EE-750F-EB84-B354A599964F HTTP/1.1" 200 105746
65.108.46.72 - - [10/Nov/2024:01:35:50 +0100] "GET /ticket2/opencms/nl/buy/?page=1&edid=5D555BC1-782B-38D6-8CD8-930BAA85F969 HTTP/1.1" 200 96424
54.36.148.128 - - [10/Nov/2024:01:35:51 +0100] "GET /ticket2/opencms/sv/buy?page=10&eventid=10A4B056-E56D-2EC6-06F9-A9715C3D8173 HTTP/1.1" 200 90750
66.249.79.171 - - [10/Nov/2024:01:35:52 +0100] "GET /ticket2/opencms/en/buying_tickets HTTP/1.1" 200 81631
65.108.46.72 - - [10/Nov/2024:01:35:54 +0100] "GET /ticket2/opencms/nl/buy/?page=1&edid=5DA3AEB7-05B3-5C75-7735-219D0A706090 HTTP/1.1" 200 105927
54.36.149.86 - - [10/Nov/2024:01:35:55 +0100] "GET /ticket2/opencms/az/sell/ HTTP/1.1" 302 -
65.108.46.72 - - [10/Nov/2024:01:35:57 +0100] "GET /ticket2/opencms/nl/buy/?page=1&edid=5DBB4F23-1DC6-5854-92A3-8C0AF6152B4D HTTP/1.1" 200 112265
65.108.46.72 - - [10/Nov/2024:01:36:01 +0100] "GET /ticket2/opencms/nl/buy/?page=1&edid=5ED2EB91-C7BF-DB4E-E8CC-C708B8706497 HTTP/1.1" 200 96429
54.36.149.33 - - [10/Nov/2024:01:36:03 +0100] "GET /ticket2/opencms/uk/buy?page=10&eventid=10A4B056-E56D-2EC6-06F9-A9715C3D8173 HTTP/1.1" 200 92319
65.108.46.72 - - [10/Nov/2024:01:36:04 +0100] "GET /ticket2/opencms/nl/buy/?page=1&edid=5EDAD7EF-4482-E566-628C-36CFA67969B0 HTTP/1.1" 200 102441
65.108.46.72 - - [10/Nov/2024:01:36:07 +0100] "GET /ticket2/opencms/nl/buy/?page=1&edid=5F4B97F6-9B8A-0848-D630-5BFFEEB61AF7 HTTP/1.1" 200 105713
47.128.33.119 - - [10/Nov/2024:01:36:09 +0100] "GET /ticket2/opencms/lt/buy?edid=D5993B62-7816-676A-D732-F9106CE20C20 HTTP/1.1" 200 81490
65.108.46.72 - - [10/Nov/2024:01:36:11 +0100] "GET /ticket2/opencms/nl/buy/?page=1&edid=5F5129B2-1702-C675-5051-34240EBE11DF HTTP/1.1" 200 96423
54.36.148.69 - - [10/Nov/2024:01:36:11 +0100] "GET /ticket2/opencms/de/sport/fussball-tickets/serie_a/empoli/ HTTP/1.1" 200 87947
66.249.79.6 - - [10/Nov/2024:01:36:13 +0100] "GET /ticket2/opencms/sk/buy/?page=1&edid=2C2E9185-38A8-EBBD-403B-609372D69EE0 HTTP/1.1" 200 124360
65.108.46.72 - - [10/Nov/2024:01:36:14 +0100] "GET /ticket2/opencms/nl/buy/?page=1&edid=601F2318-7477-7FC8-2487-EFF4A82C960F HTTP/1.1" 200 96436
65.108.46.72 - - [10/Nov/2024:01:36:17 +0100] "GET /ticket2/opencms/nl/buy/?page=1&edid=6035F022-2AFB-0DF4-0C8B-8C092D9D990D HTTP/1.1" 200 122927
85.208.96.194 - - [10/Nov/2024:01:36:18 +0100] "GET /ticket2/opencms/lv/buy_safety/ HTTP/1.1" 200 80960
54.36.148.181 - - [10/Nov/2024:01:36:19 +0100] "GET /ticket2/opencms/ga/buy?page=10&eventid=10A4B056-E56D-2EC6-06F9-A9715C3D8173 HTTP/1.1" 200 91663
65.108.46.72 - - [10/Nov/2024:01:36:21 +0100] "GET /ticket2/opencms/nl/buy/?page=1&edid=605F0713-F5C5-5844-2344-BCDD5B5AC0EC HTTP/1.1" 200 112621
114.119.140.85 - - [10/Nov/2024:01:36:21 +0100] "GET /ticket2/opencms/en/buy/?page=1&edid=F37F27EF-B877-D2DD-F026-A7C11540EC54 HTTP/1.1" 200 99564
54.36.148.4 - - [10/Nov/2024:01:36:22 +0100] "GET /ticket2/opencms/en/sport/football-tickets/la-liga/barcelona/ HTTP/1.1" 200 93010
185.191.171.4 - - [10/Nov/2024:01:36:23 +0100] "GET /ticket2/opencms/sl/sport/nogometne-vstopnice/english-championship/millwall HTTP/1.1" 200 96851
65.108.46.72 - - [10/Nov/2024:01:36:24 +0100] "GET /ticket2/opencms/nl/buy/?page=1&edid=60F178DE-34D0-F541-48CD-E75B1D1E51B1 HTTP/1.1" 200 96417
54.36.149.20 - - [10/Nov/2024:01:36:26 +0100] "GET /ticket2/opencms/es/buy/?page=1&edid=10D9C6ED-4239-939C-EE12-6D152DF1B2D3 HTTP/1.1" 200 107779
65.108.46.72 - - [10/Nov/2024:01:36:27 +0100] "GET /ticket2/opencms/nl/buy/?page=1&edid=6148B729-620A-0104-5C35-7B49F49164F4 HTTP/1.1" 200 122551
5.9.55.228 - - [10/Nov/2024:01:36:29 +0100] "GET /ticket2/opencms/robots.txt HTTP/1.1" 200 773
65.108.46.72 - - [10/Nov/2024:01:36:31 +0100] "GET /ticket2/opencms/nl/buy/?page=1&edid=62132CB0-BE29-78AA-38D9-C99EEE6C98B0 HTTP/1.1" 200 104401
54.36.148.115 - - [10/Nov/2024:01:36:32 +0100] "GET /ticket2/opencms/fi/magazine/article?title=yhdeksan-voittoa-kymmenesta-ottelusta HTTP/1.1" 200 84158
52.167.144.173 - - [10/Nov/2024:01:36:33 +0100] "GET /ticket2/opencms/mt/buy?page=1&edid=08134107-A430-5E4C-8313-5084A279B461 HTTP/1.1" 200 101510
65.108.46.72 - - [10/Nov/2024:01:36:34 +0100] "GET /ticket2/opencms/nl/buy/?page=1&edid=627DD27E-C54C-E728-A0EA-5E098C44319A HTTP/1.1" 200 109588
54.36.148.90 - - [10/Nov/2024:01:36:37 +0100] "GET /ticket2/opencms/hr/buy?page=10&eventid=19AD6356-6E10-9C9F-9FF7-23862BF7038B&venueid=F72D7D8A-21AA-398A-828C-542FA85266B4 HTTP/1.1" 200 93890
65.108.46.72 - - [10/Nov/2024:01:36:37 +0100] "GET /ticket2/opencms/nl/buy/?page=1&edid=63B3C27F-3402-BA64-D032-5846FD6DB5B5 HTTP/1.1" 200 99466
65.108.46.72 - - [10/Nov/2024:01:36:40 +0100] "GET /ticket2/opencms/nl/buy/?page=1&edid=63D25C1E-F945-3D8C-F981-1BC33FDCD607 HTTP/1.1" 200 105648
54.36.148.113 - - [10/Nov/2024:01:36:43 +0100] "GET /ticket2/opencms/hr/buy?page=10&eventid=8089A138-5EE7-E43F-C342-AAB9352CA1D1&venueid=152137BD-51FA-C49F-6002-B503D5181B54 HTTP/1.1" 200 93611
65.108.46.72 - - [10/Nov/2024:01:36:44 +0100] "GET /ticket2/opencms/nl/buy/?page=1&edid=6491C4B6-5C45-20F3-BDEC-54EE4BA903D5 HTTP/1.1" 200 123427
114.119.139.202 - - [10/Nov/2024:01:36:45 +0100] "GET /ticket2/opencms/en/buy?page=1&edid=0B2D5024-5EB0-1CCB-783B-D7552DC4925D HTTP/1.1" 200 100735
65.108.46.72 - - [10/Nov/2024:01:36:47 +0100] "GET /ticket2/opencms/nl/buy/?page=1&edid=64ED0EC9-75A5-F773-0C16-11EBB640A9D8 HTTP/1.1" 200 98580
54.36.149.101 - - [10/Nov/2024:01:36:49 +0100] "GET /ticket2/opencms/fi/buy/?page=1&edid=C9919F63-312E-C4DF-29D6-DA1CE80EC9A2 HTTP/1.1" 200 117089
65.108.46.72 - - [10/Nov/2024:01:36:50 +0100] "GET /ticket2/opencms/nl/buy/?page=1&edid=650A0D78-456F-EC5A-28FD-BB522C4AB0A0 HTTP/1.1" 200 98835
114.119.150.49 - - [10/Nov/2024:01:36:53 +0100] "GET /ticket2/opencms/en/buy/?page=6&comcatid=A17713B6-D984-201A-4143-ED4DB5ED5C2E&catid=21C3854B-901E-11F9-7B7D-6838CC6AFAA4&eventid=2D54F0A4-B7E5-1986-E461-A23A05E27C76 HTTP/1.1" 200 108005
65.108.46.72 - - [10/Nov/2024:01:36:53 +0100] "GET /ticket2/opencms/nl/buy/?page=1&edid=659056BB-BE87-24B6-C829-F3AEABED7D72 HTTP/1.1" 200 117318
54.36.148.53 - - [10/Nov/2024:01:36:54 +0100] "GET /ticket2/opencms/en/venue/?venueid=47C3688D-5FD9-F68A-3F31-2E2C94F37DE5 HTTP/1.1" 200 76993
65.108.46.72 - - [10/Nov/2024:01:36:57 +0100] "GET /ticket2/opencms/nl/buy/?page=1&edid=65FEF73C-F65F-4957-0F47-673C50411D15 HTTP/1.1" 200 108656
54.36.148.99 - - [10/Nov/2024:01:36:59 +0100] "GET /ticket2/opencms/en/venue/?venueid=2D159EC0-7C39-A337-F7BF-550728BB7B9B HTTP/1.1" 200 76966
65.108.46.72 - - [10/Nov/2024:01:37:00 +0100] "GET /ticket2/opencms/nl/buy/?page=1&edid=660EB9E2-5EAA-DCDE-B75E-74855AFB1F01 HTTP/1.1" 200 96421
65.108.46.72 - - [10/Nov/2024:01:37:03 +0100] "GET /ticket2/opencms/nl/buy/?page=1&edid=66269336-049A-BDB0-D600-40EA18A6C9C0 HTTP/1.1" 200 96451
65.108.46.72 - - [10/Nov/2024:01:37:06 +0100] "GET /ticket2/opencms/nl/buy/?page=1&edid=66639F01-2DC3-AE31-937D-1F5B14F403FD HTTP/1.1" 200 96443
66.249.68.69 - - [10/Nov/2024:01:37:08 +0100] "GET /ticket2/opencms/fi/buy/?page=10&eventid=E31CD708-FD95-F485-CDCC-6597CCC5D7AD HTTP/1.1" 200 83112
54.36.149.36 - - [10/Nov/2024:01:37:08 +0100] "GET /ticket2/opencms/no/buy/?comcatid=66708183-7480-3365-06BF-DBF60280AB45&catid=05A94519-01D1-C86F-9031-84936B0B9DAE HTTP/1.1" 200 85446
65.108.46.72 - - [10/Nov/2024:01:37:09 +0100] "GET /ticket2/opencms/nl/buy/?page=1&edid=66A41D1B-B106-948F-4ECF-7F8A993B5B86 HTTP/1.1" 200 96433
65.108.46.72 - - [10/Nov/2024:01:37:13 +0100] "GET /ticket2/opencms/nl/buy/?page=1&edid=66FFE717-0C93-3F01-2AC8-8E7FC5F9BAB1 HTTP/1.1" 200 105703
65.108.46.72 - - [10/Nov/2024:01:37:16 +0100] "GET /ticket2/opencms/nl/buy/?page=1&edid=670DDB77-CAC3-4ADF-B3FC-CE012EDDA850 HTTP/1.1" 200 105961
54.36.148.38 - - [10/Nov/2024:01:37:16 +0100] "GET /ticket2/opencms/en/venue/?venueid=7F775268-FDCE-3365-1815-747D9CD711D9 HTTP/1.1" 200 76995
47.128.40.108 - - [10/Nov/2024:01:37:17 +0100] "GET /ticket2/opencms/lt/buy/?catid=64756941-02D2-3538-2077-8C2508F4A3A8&comcatid=A17713B6-D984-201A-4143-ED4DB5ED5C2E HTTP/1.1" 200 93830
65.108.46.72 - - [10/Nov/2024:01:37:19 +0100] "GET /ticket2/opencms/nl/buy/?page=1&edid=6713F743-CFE1-C987-288D-AC8AB79C37B8 HTTP/1.1" 200 105752
65.108.46.72 - - [10/Nov/2024:01:37:23 +0100] "GET /ticket2/opencms/nl/buy/?page=1&edid=68509658-F432-C2D3-40D1-EAC6A14AC448 HTTP/1.1" 200 96424
54.36.148.47 - - [10/Nov/2024:01:37:23 +0100] "GET /ticket2/opencms/et/buy?page=10&eventid=53F27A05-DBF6-27A7-B680-C587F93AF7CA HTTP/1.1" 200 90450
65.108.46.72 - - [10/Nov/2024:01:37:26 +0100] "GET /ticket2/opencms/nl/buy/?page=1&edid=6900F69D-285C-3BF9-3103-7DA1DE82E367 HTTP/1.1" 200 109589
54.36.149.15 - - [10/Nov/2024:01:37:29 +0100] "GET /ticket2/opencms/sv/buy/?page=1&edid=1B6F6A2B-A0DA-FF91-EC4E-3DCAA442C25B HTTP/1.1" 200 123620
65.108.46.72 - - [10/Nov/2024:01:37:29 +0100] "GET /ticket2/opencms/nl/buy/?page=1&edid=696D5B95-E686-DB57-A55C-2EEBDCC864DE HTTP/1.1" 200 99480
47.128.53.84 - - [10/Nov/2024:01:37:32 +0100] "GET /ticket2/opencms/cs/buy?edid=F27BC96F-F1F5-05C1-68F8-6E14A730C02D HTTP/1.1" 200 81473
65.108.46.72 - - [10/Nov/2024:01:37:33 +0100] "GET /ticket2/opencms/nl/buy/?page=1&edid=697BE447-74B7-A748-152F-A1818DA4BEC9 HTTP/1.1" 200 122973
54.36.148.98 - - [10/Nov/2024:01:37:33 +0100] "GET /ticket2/opencms/no/buy/?comcatid=66708183-7480-3365-06BF-DBF60280AB45&catid=8C381435-A1E8-94AF-2C58-D133FCA44A31 HTTP/1.1" 200 85452
185.191.171.7 - - [10/Nov/2024:01:37:35 +0100] "GET /ticket2/opencms/dk/sport/fodboldbilletter/premier-league/chelsea/ HTTP/1.1" 200 94751
65.108.46.72 - - [10/Nov/2024:01:37:36 +0100] "GET /ticket2/opencms/nl/buy/?page=1&edid=69802F7E-2013-4656-113E-ECD53B17933B HTTP/1.1" 200 109588
54.36.148.58 - - [10/Nov/2024:01:37:38 +0100] "GET /ticket2/opencms/hr/buy?page=10&eventid=10A4B056-E56D-2EC6-06F9-A9715C3D8173 HTTP/1.1" 200 91514
65.108.46.72 - - [10/Nov/2024:01:37:40 +0100] "GET /ticket2/opencms/nl/buy/?page=1&edid=69C4AD8E-60B2-A255-9B8E-BD4F83D22F14 HTTP/1.1" 200 121863
54.36.148.102 - - [10/Nov/2024:01:37:42 +0100] "GET /ticket2/opencms/mo/buy?page=10&eventid=19AD6356-6E10-9C9F-9FF7-23862BF7038B&venueid=F72D7D8A-21AA-398A-828C-542FA85266B4 HTTP/1.1" 200 94021
65.108.46.72 - - [10/Nov/2024:01:37:43 +0100] "GET /ticket2/opencms/nl/buy/?page=1&edid=6ABC64C2-B7BD-3F6D-DD46-2C8F1F69889E HTTP/1.1" 200 96408
54.36.149.9 - - [10/Nov/2024:01:37:45 +0100] "GET /ticket2/opencms/sv/venue/?venueid=78D0C4A5-99DA-B045-D1D7-45F70CE9F600 HTTP/1.1" 200 77836
65.108.46.72 - - [10/Nov/2024:01:37:46 +0100] "GET /ticket2/opencms/nl/buy/?page=1&edid=6AEFB7A0-F37F-58B3-3513-56D665572920 HTTP/1.1" 200 101074
65.108.46.72 - - [10/Nov/2024:01:37:49 +0100] "GET /ticket2/opencms/nl/buy/?page=1&edid=6B023766-ECB3-24CC-F992-263AD5C5EB2E HTTP/1.1" 200 99691
65.108.46.72 - - [10/Nov/2024:01:37:52 +0100] "GET /ticket2/opencms/nl/buy/?page=1&edid=6C0AA1CC-8488-7981-DA23-AD8E06F80ABD HTTP/1.1" 200 123039
54.36.148.10 - - [10/Nov/2024:01:37:54 +0100] "GET /ticket2/opencms/fi/magazine/article?title=painajainen-manchester-citylle HTTP/1.1" 200 86527
65.108.46.72 - - [10/Nov/2024:01:37:56 +0100] "GET /ticket2/opencms/nl/buy/?page=1&edid=6C1ED87B-DDA5-3BB2-3EDA-87860E37D5E0 HTTP/1.1" 200 105769
54.36.149.16 - - [10/Nov/2024:01:37:57 +0100] "GET /ticket2/opencms/fi/magazine/article?title=thomas-tuchelista-tulee-englannin-uusi-paavalmentaja HTTP/1.1" 200 83838
65.108.46.72 - - [10/Nov/2024:01:37:59 +0100] "GET /ticket2/opencms/nl/buy/?page=1&edid=6C755BD2-3E40-1F18-AF57-4283F42FB67F HTTP/1.1" 200 99479
66.249.79.7 - - [10/Nov/2024:01:38:02 +0100] "GET /ticket2/opencms/fi/buy/?page=10&eventid=E31CD708-FD95-F485-CDCC-6597CCC5D7AD HTTP/1.1" 200 83112
65.108.46.72 - - [10/Nov/2024:01:38:02 +0100] "GET /ticket2/opencms/nl/buy/?page=1&edid=6C967880-E08B-3121-25D0-F145A5542A49 HTTP/1.1" 200 114826
54.36.148.89 - - [10/Nov/2024:01:38:03 +0100] "GET /ticket2/opencms/fi/buy/?page=1&edid=4D95C4E4-B7FF-C71E-110D-D09544A9044A HTTP/1.1" 200 124706
65.108.46.72 - - [10/Nov/2024:01:38:06 +0100] "GET /ticket2/opencms/nl/buy/?page=1&edid=6CF16ABF-31A5-8D51-A63B-3077208955EB HTTP/1.1" 200 117133
65.108.46.72 - - [10/Nov/2024:01:38:09 +0100] "GET /ticket2/opencms/nl/buy/?page=1&edid=6D553E3C-BACA-E048-6D4A-5E9D197667EC HTTP/1.1" 200 124164
65.108.46.72 - - [10/Nov/2024:01:38:13 +0100] "GET /ticket2/opencms/nl/buy/?page=1&edid=6DC3E8B1-EB9E-3B74-1E36-CDC7B60DF336 HTTP/1.1" 200 96438
54.36.149.101 - - [10/Nov/2024:01:38:14 +0100] "GET /ticket2/opencms/en/venue/?venueid=70DCD869-5BA7-F3C6-AAAA-0FB61E169734 HTTP/1.1" 200 76971
65.108.46.72 - - [10/Nov/2024:01:38:16 +0100] "GET /ticket2/opencms/nl/buy/?page=1&edid=6ED08D04-7263-AC79-DA04-AFB97DC97A00 HTTP/1.1" 200 122989
65.108.46.72 - - [10/Nov/2024:01:38:20 +0100] "GET /ticket2/opencms/nl/buy/?page=1&edid=6F379414-70C4-400F-51D2-AFD37C8F2BC7 HTTP/1.1" 200 122969
54.36.148.78 - - [10/Nov/2024:01:38:21 +0100] "GET /ticket2/opencms/en/venue/?venueid=E3220E32-8510-74FA-4DA4-34193B5D3082 HTTP/1.1" 200 77004
65.108.46.72 - - [10/Nov/2024:01:38:23 +0100] "GET /ticket2/opencms/nl/buy/?page=1&edid=6F6062BE-21E9-FCCC-41A7-E76CFE6D47E3 HTTP/1.1" 200 119708
66.249.79.171 - - [10/Nov/2024:01:38:23 +0100] "GET /ticket2/opencms/cs/buy/?page=1&edid=36B8587B-9BD4-1599-9368-E59F9780F9A9 HTTP/1.1" 200 135436
216.244.66.238 - - [10/Nov/2024:01:38:24 +0100] "GET /ticket2/opencms/es/buy?page=1&edid=DC909086-9C5C-EBAF-0F10-7C4FD4D0055C HTTP/1.1" 200 100618
46.254.213.13 - - [10/Nov/2024:01:38:26 +0100] "GET /ticket2/opencms/fi/urheilu/jalkapallo/premier_league/?gad_source=1&gclid=EAIaIQobChMI553sncbQiQMVYlCRBR3soTXbEAAYASAAEgJwpvD_BwE HTTP/1.1" 200 89380
46.254.213.13 - - [10/Nov/2024:01:38:26 +0100] "GET /ticket2/opencms/system/modules/com.gridnine.opencms.ticketbrokerage.site/resources/css/ticketbrokerage.css HTTP/1.1" 200 39339
46.254.213.13 - - [10/Nov/2024:01:38:26 +0100] "GET /ticket2/opencms/system/modules/com.gridnine.opencms.ticketbrokerage.site/resources/css/jquery-ui.css HTTP/1.1" 200 33221
46.254.213.13 - - [10/Nov/2024:01:38:26 +0100] "GET /ticket2/opencms/system/modules/com.gridnine.opencms.ticketbrokerage.site/resources/js/jquery/jquery.js HTTP/1.1" 200 93868
46.254.213.13 - - [10/Nov/2024:01:38:26 +0100] "GET /ticket2/opencms/system/modules/com.gridnine.opencms.ticketbrokerage.site/resources/css/jquery.fancybox.css HTTP/1.1" 200 4939
46.254.213.13 - - [10/Nov/2024:01:38:26 +0100] "GET /ticket2/opencms/system/modules/com.gridnine.opencms.ticketbrokerage.site/resources/css/standard.css HTTP/1.1" 200 73073
46.254.213.13 - - [10/Nov/2024:01:38:26 +0100] "GET /ticket2/opencms/system/modules/com.gridnine.opencms.ticketbrokerage.site/resources/css/calendar.css HTTP/1.1" 200 6871
46.254.213.13 - - [10/Nov/2024:01:38:26 +0100] "GET /ticket2/opencms/system/modules/com.gridnine.opencms.ticketbrokerage.site/resources/js/functions.js HTTP/1.1" 200 1583
46.254.213.13 - - [10/Nov/2024:01:38:26 +0100] "GET /ticket2/opencms/system/modules/com.gridnine.opencms.ticketbrokerage.site/resources/js/jquery/jquery-ui.js HTTP/1.1" 200 228088
46.254.213.13 - - [10/Nov/2024:01:38:26 +0100] "GET /ticket2/opencms/system/modules/com.gridnine.opencms.ticketbrokerage.site/resources/js/jquery.placeholder.min.js HTTP/1.1" 200 1737
46.254.213.13 - - [10/Nov/2024:01:38:26 +0100] "GET /ticket2/opencms/system/modules/com.gridnine.opencms.ticketbrokerage.site/resources/js/common-ajax.js HTTP/1.1" 200 20175
46.254.213.13 - - [10/Nov/2024:01:38:26 +0100] "GET /ticket2/opencms/system/modules/com.gridnine.opencms.ticketbrokerage.site/resources/js/calendar-en.js HTTP/1.1" 200 3338
46.254.213.13 - - [10/Nov/2024:01:38:26 +0100] "GET /ticket2/opencms/system/modules/com.gridnine.opencms.ticketbrokerage.site/resources/js/calendar.js HTTP/1.1" 200 49229
46.254.213.13 - - [10/Nov/2024:01:38:26 +0100] "GET /ticket2/opencms/system/modules/com.gridnine.opencms.ticketbrokerage.site/resources/js/calendar-setup.js HTTP/1.1" 200 4923
46.254.213.13 - - [10/Nov/2024:01:38:26 +0100] "GET /ticket2/opencms/system/modules/com.gridnine.opencms.ticketbrokerage.site/resources/js/jquery.fancybox.pack.js HTTP/1.1" 200 23187
46.254.213.13 - - [10/Nov/2024:01:38:26 +0100] "GET /ticket2/opencms/system/modules/com.gridnine.opencms.ticketbrokerage.site/resources/js/stickyfill.min.js HTTP/1.1" 200 5672
46.254.213.13 - - [10/Nov/2024:01:38:26 +0100] "GET /ticket2/opencms/system/modules/com.gridnine.opencms.ticketbrokerage.site/resources/js/standard.js HTTP/1.1" 200 3978
46.254.213.13 - - [10/Nov/2024:01:38:26 +0100] "GET /ticket2/opencms/system/modules/com.gridnine.opencms.ticketbrokerage.site/resources/pics/banners/sv/premier_league_sv.png HTTP/1.1" 200 13518
46.254.213.13 - - [10/Nov/2024:01:38:26 +0100] "GET /ticket2/opencms/system/modules/com.gridnine.opencms.ticketbrokerage.site/resources/pics/logo-new.png HTTP/1.1" 200 13541
46.254.213.13 - - [10/Nov/2024:01:38:26 +0100] "GET /ticket2/opencms/img/insta.png HTTP/1.1" 200 3967
46.254.213.13 - - [10/Nov/2024:01:38:26 +0100] "GET /ticket2/opencms/img/fb.png HTTP/1.1" 200 1269
46.254.213.13 - - [10/Nov/2024:01:38:26 +0100] "GET /ticket2/opencms/system/modules/com.gridnine.opencms.ticketbrokerage.site/resources/pics/footer-img.jpg HTTP/1.1" 200 67642
46.254.213.13 - - [10/Nov/2024:01:38:26 +0100] "GET /ticket2/opencms/img/icons/sq.png HTTP/1.1" 200 1619
46.254.213.13 - - [10/Nov/2024:01:38:26 +0100] "GET /ticket2/opencms/img/icons/lv.png HTTP/1.1" 200 716
46.254.213.13 - - [10/Nov/2024:01:38:26 +0100] "GET /ticket2/opencms/img/icons/az.png HTTP/1.1" 200 1445
46.254.213.13 - - [10/Nov/2024:01:38:27 +0100] "GET /ticket2/opencms/img/check.png HTTP/1.1" 200 548
46.254.213.13 - - [10/Nov/2024:01:38:27 +0100] "GET /ticket2/opencms/img/mail.png HTTP/1.1" 200 403
46.254.213.13 - - [10/Nov/2024:01:38:27 +0100] "GET /ticket2/opencms/img/chat.png HTTP/1.1" 200 416
46.254.213.13 - - [10/Nov/2024:01:38:27 +0100] "GET /ticket2/opencms/img/arrow.png HTTP/1.1" 200 753
46.254.213.13 - - [10/Nov/2024:01:38:27 +0100] "GET /ticket2/opencms/img/icons/bg.png HTTP/1.1" 200 788
46.254.213.13 - - [10/Nov/2024:01:38:27 +0100] "GET /ticket2/opencms/system/modules/com.gridnine.opencms.ticketbrokerage.site/resources/css/images/ui-bg_flat_75_ffffff_40x100.png HTTP/1.1" 404 -
46.254.213.13 - - [10/Nov/2024:01:38:27 +0100] "GET /ticket2/opencms/img/icons/cs.png HTTP/1.1" 200 1883
46.254.213.13 - - [10/Nov/2024:01:38:27 +0100] "GET /ticket2/opencms/img/icons/be.png HTTP/1.1" 200 1663
46.254.213.13 - - [10/Nov/2024:01:38:27 +0100] "GET /ticket2/opencms/img/icons/el.png HTTP/1.1" 200 1637
46.254.213.13 - - [10/Nov/2024:01:38:27 +0100] "GET /ticket2/opencms/img/icons/mt.png HTTP/1.1" 200 920
46.254.213.13 - - [10/Nov/2024:01:38:27 +0100] "GET /ticket2/opencms/img/icons/ka.png HTTP/1.1" 200 860
46.254.213.13 - - [10/Nov/2024:01:38:27 +0100] "GET /ticket2/opencms/img/icons/hu.png HTTP/1.1" 200 733
46.254.213.13 - - [10/Nov/2024:01:38:27 +0100] "GET /ticket2/opencms/img/icons/ga.png HTTP/1.1" 200 1759
46.254.213.13 - - [10/Nov/2024:01:38:27 +0100] "GET /ticket2/opencms/img/icons/is.png HTTP/1.1" 200 1884
46.254.213.13 - - [10/Nov/2024:01:38:27 +0100] "GET /ticket2/opencms/img/icons/lt.png HTTP/1.1" 200 733
46.254.213.13 - - [10/Nov/2024:01:38:27 +0100] "GET /ticket2/opencms/img/icons/mo.png HTTP/1.1" 200 1468
46.254.213.13 - - [10/Nov/2024:01:38:27 +0100] "GET /ticket2/opencms/img/icons/sr.png HTTP/1.1" 200 1602
46.254.213.13 - - [10/Nov/2024:01:38:27 +0100] "GET /ticket2/opencms/img/icons/ro.png HTTP/1.1" 200 1393
46.254.213.13 - - [10/Nov/2024:01:38:27 +0100] "GET /ticket2/opencms/img/icons/sl.png HTTP/1.1" 200 966
46.254.213.13 - - [10/Nov/2024:01:38:27 +0100] "GET /ticket2/opencms/img/icons/globe-white.png HTTP/1.1" 200 947
46.254.213.13 - - [10/Nov/2024:01:38:27 +0100] "GET /ticket2/opencms/img/icons/uk.png HTTP/1.1" 200 1272
46.254.213.13 - - [10/Nov/2024:01:38:27 +0100] "GET /ticket2/opencms/img/icons/en.png HTTP/1.1" 200 2415
46.254.213.13 - - [10/Nov/2024:01:38:27 +0100] "GET /ticket2/opencms/img/icons/se.png HTTP/1.1" 200 1258
46.254.213.13 - - [10/Nov/2024:01:38:27 +0100] "GET /ticket2/opencms/img/icons/fi.png HTTP/1.1" 200 1785
46.254.213.13 - - [10/Nov/2024:01:38:27 +0100] "GET /ticket2/opencms/img/icons/dk.png HTTP/1.1" 200 1706
46.254.213.13 - - [10/Nov/2024:01:38:27 +0100] "GET /ticket2/opencms/img/icons/no.png HTTP/1.1" 200 1958
46.254.213.13 - - [10/Nov/2024:01:38:27 +0100] "GET /ticket2/opencms/img/icons/et.png HTTP/1.1" 200 754
46.254.213.13 - - [10/Nov/2024:01:38:27 +0100] "GET /ticket2/opencms/img/icons/nl.png HTTP/1.1" 200 1255
46.254.213.13 - - [10/Nov/2024:01:38:27 +0100] "GET /ticket2/opencms/img/icons/fr.png HTTP/1.1" 200 1764
46.254.213.13 - - [10/Nov/2024:01:38:27 +0100] "GET /ticket2/opencms/img/icons/de.png HTTP/1.1" 200 1124
46.254.213.13 - - [10/Nov/2024:01:38:27 +0100] "GET /ticket2/opencms/img/icons/es.png HTTP/1.1" 200 1005
46.254.213.13 - - [10/Nov/2024:01:38:27 +0100] "GET /ticket2/opencms/img/icons/it.png HTTP/1.1" 200 2040
46.254.213.13 - - [10/Nov/2024:01:38:27 +0100] "GET /ticket2/opencms/img/icons/pl.png HTTP/1.1" 200 1578
46.254.213.13 - - [10/Nov/2024:01:38:27 +0100] "GET /ticket2/opencms/img/icons/sk.png HTTP/1.1" 200 1283
46.254.213.13 - - [10/Nov/2024:01:38:27 +0100] "GET /ticket2/opencms/img/icons/bs.png HTTP/1.1" 200 1014
46.254.213.13 - - [10/Nov/2024:01:38:27 +0100] "GET /ticket2/opencms/img/icons/hr.png HTTP/1.1" 200 2024
65.108.46.72 - - [10/Nov/2024:01:38:27 +0100] "GET /ticket2/opencms/nl/buy/?page=1&edid=6FB1B961-213D-A498-EACB-FFF2ED7E731F HTTP/1.1" 200 99485
46.254.213.13 - - [10/Nov/2024:01:38:27 +0100] "GET /ticket2/opencms/img/icons/tr.png HTTP/1.1" 200 1636
46.254.213.13 - - [10/Nov/2024:01:38:27 +0100] "GET /ticket2/opencms/img/icons/ticket2.thumbnail.png HTTP/1.1" 200 21519
54.36.148.24 - - [10/Nov/2024:01:38:28 +0100] "GET /ticket2/opencms/en/venue/?venueid=8F5E4425-8141-7E8A-A807-2D9CCA042D40 HTTP/1.1" 200 77007
65.108.46.72 - - [10/Nov/2024:01:38:30 +0100] "GET /ticket2/opencms/nl/buy/?page=1&edid=7010A18C-5A4A-0E34-BEAB-2260102DF0D3 HTTP/1.1" 200 96432
65.108.46.72 - - [10/Nov/2024:01:38:33 +0100] "GET /ticket2/opencms/nl/buy/?page=1&edid=70818629-9551-6DC7-FD0C-3665BC11B0F8 HTTP/1.1" 200 108143
65.108.46.72 - - [10/Nov/2024:01:38:37 +0100] "GET /ticket2/opencms/nl/buy/?page=1&edid=70EF0ABB-9A80-4CE0-EE48-CC9265C1B361 HTTP/1.1" 200 119721
46.254.213.13 - - [10/Nov/2024:01:38:37 +0100] "GET /ticket2/opencms/fi/urheilu/jalkapallo/premier_league/manchester_city/ HTTP/1.1" 200 95822
46.254.213.13 - - [10/Nov/2024:01:38:38 +0100] "GET /ticket2/opencms/system/modules/com.gridnine.opencms.ticketbrokerage.site/resources/css/calendar.css HTTP/1.1" 200 6871
46.254.213.13 - - [10/Nov/2024:01:38:38 +0100] "GET /ticket2/opencms/system/modules/com.gridnine.opencms.ticketbrokerage.site/resources/css/ticketbrokerage.css HTTP/1.1" 200 39339
46.254.213.13 - - [10/Nov/2024:01:38:38 +0100] "GET /ticket2/opencms/system/modules/com.gridnine.opencms.ticketbrokerage.site/resources/css/jquery.fancybox.css HTTP/1.1" 200 4939
46.254.213.13 - - [10/Nov/2024:01:38:38 +0100] "GET /ticket2/opencms/system/modules/com.gridnine.opencms.ticketbrokerage.site/resources/js/functions.js HTTP/1.1" 200 1583
46.254.213.13 - - [10/Nov/2024:01:38:38 +0100] "GET /ticket2/opencms/system/modules/com.gridnine.opencms.ticketbrokerage.site/resources/css/jquery-ui.css HTTP/1.1" 200 33221
46.254.213.13 - - [10/Nov/2024:01:38:38 +0100] "GET /ticket2/opencms/system/modules/com.gridnine.opencms.ticketbrokerage.site/resources/css/standard.css HTTP/1.1" 200 73073
46.254.213.13 - - [10/Nov/2024:01:38:38 +0100] "GET /ticket2/opencms/system/modules/com.gridnine.opencms.ticketbrokerage.site/resources/js/calendar.js HTTP/1.1" 200 49229
46.254.213.13 - - [10/Nov/2024:01:38:38 +0100] "GET /ticket2/opencms/system/modules/com.gridnine.opencms.ticketbrokerage.site/resources/js/calendar-en.js HTTP/1.1" 200 3338
46.254.213.13 - - [10/Nov/2024:01:38:38 +0100] "GET /ticket2/opencms/system/modules/com.gridnine.opencms.ticketbrokerage.site/resources/js/calendar-setup.js HTTP/1.1" 200 4923
46.254.213.13 - - [10/Nov/2024:01:38:38 +0100] "GET /ticket2/opencms/system/modules/com.gridnine.opencms.ticketbrokerage.site/resources/pics/footer-img.jpg HTTP/1.1" 200 67642
46.254.213.13 - - [10/Nov/2024:01:38:38 +0100] "GET /ticket2/opencms/img/insta.png HTTP/1.1" 200 3967
46.254.213.13 - - [10/Nov/2024:01:38:38 +0100] "GET /ticket2/opencms/system/modules/com.gridnine.opencms.ticketbrokerage.site/resources/js/standard.js HTTP/1.1" 200 3978
46.254.213.13 - - [10/Nov/2024:01:38:38 +0100] "GET /ticket2/opencms/img/fb.png HTTP/1.1" 200 1269
46.254.213.13 - - [10/Nov/2024:01:38:38 +0100] "GET /ticket2/opencms/system/modules/com.gridnine.opencms.ticketbrokerage.site/resources/pics/banners/team/premier_league/manchester_city.png HTTP/1.1" 200 13474
46.254.213.13 - - [10/Nov/2024:01:38:38 +0100] "GET /ticket2/opencms/system/modules/com.gridnine.opencms.ticketbrokerage.site/resources/pics/logo-new.png HTTP/1.1" 200 13541
46.254.213.13 - - [10/Nov/2024:01:38:38 +0100] "GET /ticket2/opencms/img/icons/sr.png HTTP/1.1" 200 1602
46.254.213.13 - - [10/Nov/2024:01:38:38 +0100] "GET /ticket2/opencms/img/icons/pl.png HTTP/1.1" 200 1578
46.254.213.13 - - [10/Nov/2024:01:38:38 +0100] "GET /ticket2/opencms/img/icons/fi.png HTTP/1.1" 200 1785
46.254.213.13 - - [10/Nov/2024:01:38:38 +0100] "GET /ticket2/opencms/img/icons/es.png HTTP/1.1" 200 1005
46.254.213.13 - - [10/Nov/2024:01:38:38 +0100] "GET /ticket2/opencms/img/check.png HTTP/1.1" 200 548
46.254.213.13 - - [10/Nov/2024:01:38:38 +0100] "GET /ticket2/opencms/img/mail.png HTTP/1.1" 200 403
46.254.213.13 - - [10/Nov/2024:01:38:38 +0100] "GET /ticket2/opencms/img/icons/et.png HTTP/1.1" 200 754
46.254.213.13 - - [10/Nov/2024:01:38:38 +0100] "GET /ticket2/opencms/img/chat.png HTTP/1.1" 200 416
46.254.213.13 - - [10/Nov/2024:01:38:38 +0100] "GET /ticket2/opencms/img/arrow.png HTTP/1.1" 200 753
46.254.213.13 - - [10/Nov/2024:01:38:38 +0100] "GET /ticket2/opencms/img/icons/hr.png HTTP/1.1" 200 2024
46.254.213.13 - - [10/Nov/2024:01:38:38 +0100] "GET /ticket2/opencms/system/modules/com.gridnine.opencms.ticketbrokerage.site/resources/css/images/ui-bg_flat_75_ffffff_40x100.png HTTP/1.1" 404 -
46.254.213.13 - - [10/Nov/2024:01:38:38 +0100] "GET /ticket2/opencms/img/icons/el.png HTTP/1.1" 200 1637
46.254.213.13 - - [10/Nov/2024:01:38:38 +0100] "GET /ticket2/opencms/img/icons/be.png HTTP/1.1" 200 1663
46.254.213.13 - - [10/Nov/2024:01:38:38 +0100] "GET /ticket2/opencms/img/icons/bs.png HTTP/1.1" 200 1014
46.254.213.13 - - [10/Nov/2024:01:38:38 +0100] "GET /ticket2/opencms/img/icons/az.png HTTP/1.1" 200 1445
46.254.213.13 - - [10/Nov/2024:01:38:38 +0100] "GET /ticket2/opencms/img/icons/it.png HTTP/1.1" 200 2040
46.254.213.13 - - [10/Nov/2024:01:38:38 +0100] "GET /ticket2/opencms/img/icons/bg.png HTTP/1.1" 200 788
46.254.213.13 - - [10/Nov/2024:01:38:38 +0100] "GET /ticket2/opencms/img/icons/cs.png HTTP/1.1" 200 1883
46.254.213.13 - - [10/Nov/2024:01:38:38 +0100] "GET /ticket2/opencms/img/icons/hu.png HTTP/1.1" 200 733
46.254.213.13 - - [10/Nov/2024:01:38:38 +0100] "GET /ticket2/opencms/img/icons/ka.png HTTP/1.1" 200 860
46.254.213.13 - - [10/Nov/2024:01:38:38 +0100] "GET /ticket2/opencms/img/icons/is.png HTTP/1.1" 200 1884
46.254.213.13 - - [10/Nov/2024:01:38:38 +0100] "GET /ticket2/opencms/img/icons/ga.png HTTP/1.1" 200 1759
46.254.213.13 - - [10/Nov/2024:01:38:38 +0100] "GET /ticket2/opencms/img/icons/sq.png HTTP/1.1" 200 1619
46.254.213.13 - - [10/Nov/2024:01:38:38 +0100] "GET /ticket2/opencms/img/icons/lv.png HTTP/1.1" 200 716
46.254.213.13 - - [10/Nov/2024:01:38:38 +0100] "GET /ticket2/opencms/img/icons/lt.png HTTP/1.1" 200 733
46.254.213.13 - - [10/Nov/2024:01:38:38 +0100] "GET /ticket2/opencms/img/icons/mt.png HTTP/1.1" 200 920
46.254.213.13 - - [10/Nov/2024:01:38:38 +0100] "GET /ticket2/opencms/img/icons/ro.png HTTP/1.1" 200 1393
46.254.213.13 - - [10/Nov/2024:01:38:38 +0100] "GET /ticket2/opencms/img/icons/mo.png HTTP/1.1" 200 1468
46.254.213.13 - - [10/Nov/2024:01:38:38 +0100] "GET /ticket2/opencms/img/icons/sk.png HTTP/1.1" 200 1283
46.254.213.13 - - [10/Nov/2024:01:38:38 +0100] "GET /ticket2/opencms/img/icons/sl.png HTTP/1.1" 200 966
46.254.213.13 - - [10/Nov/2024:01:38:38 +0100] "GET /ticket2/opencms/img/icons/globe-white.png HTTP/1.1" 200 947
46.254.213.13 - - [10/Nov/2024:01:38:38 +0100] "GET /ticket2/opencms/img/icons/en.png HTTP/1.1" 200 2415
46.254.213.13 - - [10/Nov/2024:01:38:38 +0100] "GET /ticket2/opencms/img/icons/uk.png HTTP/1.1" 200 1272
46.254.213.13 - - [10/Nov/2024:01:38:38 +0100] "GET /ticket2/opencms/img/icons/se.png HTTP/1.1" 200 1258
46.254.213.13 - - [10/Nov/2024:01:38:38 +0100] "GET /ticket2/opencms/img/icons/no.png HTTP/1.1" 200 1958
46.254.213.13 - - [10/Nov/2024:01:38:38 +0100] "GET /ticket2/opencms/img/icons/dk.png HTTP/1.1" 200 1706
46.254.213.13 - - [10/Nov/2024:01:38:38 +0100] "GET /ticket2/opencms/img/icons/nl.png HTTP/1.1" 200 1255
46.254.213.13 - - [10/Nov/2024:01:38:38 +0100] "GET /ticket2/opencms/img/icons/de.png HTTP/1.1" 200 1124
46.254.213.13 - - [10/Nov/2024:01:38:39 +0100] "GET /ticket2/opencms/img/icons/fr.png HTTP/1.1" 200 1764
54.36.148.168 - - [10/Nov/2024:01:38:40 +0100] "GET /ticket2/opencms/hu/buy?page=10&eventid=8089A138-5EE7-E43F-C342-AAB9352CA1D1&venueid=152137BD-51FA-C49F-6002-B503D5181B54 HTTP/1.1" 200 93765
65.108.46.72 - - [10/Nov/2024:01:38:40 +0100] "GET /ticket2/opencms/nl/buy/?page=1&edid=7122E03D-6477-8F00-8197-FB4687732D5A HTTP/1.1" 200 109300
66.249.79.6 - - [10/Nov/2024:01:38:43 +0100] "GET /ticket2/opencms/en/buying_tickets HTTP/1.1" 200 81631
65.108.46.72 - - [10/Nov/2024:01:38:43 +0100] "GET /ticket2/opencms/nl/buy/?page=1&edid=71729821-BB19-CC1B-BEDD-F4658D5AB210 HTTP/1.1" 200 105715
65.108.46.72 - - [10/Nov/2024:01:38:47 +0100] "GET /ticket2/opencms/nl/buy/?page=1&edid=719E6B6D-707F-E825-E3AA-0E552980E1EB HTTP/1.1" 200 111799
66.249.79.5 - - [10/Nov/2024:01:38:47 +0100] "GET /ticket2/opencms/system/modules/com.gridnine.opencms.ticketbrokerage.site/resources/css/standard.css HTTP/1.1" 200 73073
54.36.148.170 - - [10/Nov/2024:01:38:50 +0100] "GET /ticket2/opencms/en/venue/?venueid=D8748AFA-5CFF-8E2A-FC7D-F16F92ED4536 HTTP/1.1" 200 76992
65.108.46.72 - - [10/Nov/2024:01:38:50 +0100] "GET /ticket2/opencms/nl/buy/?page=1&edid=71A5516F-6BB3-FB63-461B-A9493E3B32DA HTTP/1.1" 200 111799
216.244.66.238 - - [10/Nov/2024:01:38:51 +0100] "GET /ticket2/opencms/mk/buy?page=1&edid=1DC40ECC-FC78-CDB2-9510-7E73DAAD0489 HTTP/1.1" 404 -
65.108.46.72 - - [10/Nov/2024:01:38:54 +0100] "GET /ticket2/opencms/nl/buy/?page=1&edid=71BCEC0A-D8F2-3C62-D68C-0DCA751BB9B9 HTTP/1.1" 200 96406
5.9.55.228 - - [10/Nov/2024:01:38:54 +0100] "GET /ticket2/opencms/sites/ticketbrokerage/sv/sport/fotbollsbiljetter/premier_league/tottenham/manchester_city.html HTTP/1.1" 404 -
47.128.55.233 - - [10/Nov/2024:01:38:56 +0100] "GET /ticket2/opencms/sk/buy/?edid=230CADCB-DB49-F1F9-9B0E-24AB279FB9A0 HTTP/1.1" 200 81501
54.36.148.199 - - [10/Nov/2024:01:38:57 +0100] "GET /ticket2/opencms/en/venue/?venueid=38BF0C40-6823-C6D1-9FFB-8896B6F987BE HTTP/1.1" 200 77037
65.108.46.72 - - [10/Nov/2024:01:38:57 +0100] "GET /ticket2/opencms/nl/buy/?page=1&edid=71F3FE54-10D0-F1E8-DD77-D63D4BE2C9CF HTTP/1.1" 200 124792
65.108.46.72 - - [10/Nov/2024:01:39:01 +0100] "GET /ticket2/opencms/nl/buy/?page=1&edid=72150D07-CC34-2767-CCE3-D5CBAEB5F5C9 HTTP/1.1" 200 96464
54.36.148.2 - - [10/Nov/2024:01:39:02 +0100] "GET /ticket2/opencms/sr/buy?page=10&eventid=53F27A05-DBF6-27A7-B680-C587F93AF7CA HTTP/1.1" 200 90993
