95.217.195.123 - - [10/Nov/2024:01:16:14 +0100] "GET /ticket2/opencms/fi/buy/?page=1&edid=045E9839-F527-B1BF-B532-802EBDA5A6EC&sortorder=desc&column=section HTTP/1.1" 200 102739
52.167.144.184 - - [10/Nov/2024:01:16:15 +0100] "GET /ticket2/opencms/no/ HTTP/1.1" 200 96122
81.167.26.57 - - [10/Nov/2024:01:16:16 +0100] "GET /ticket2/opencms/mo/buy/?page=1&edid=45154ED5-FA84-B67F-49E1-915F660F7EFF HTTP/1.1" 200 98756
65.108.110.26 - - [10/Nov/2024:01:16:16 +0100] "GET /ticket2/opencms/it/buy/?page=1&edid=38BD011F-E307-1808-7BE3-74470A609319 HTTP/1.1" 200 98194
95.217.195.123 - - [10/Nov/2024:01:16:17 +0100] "GET /ticket2/opencms/fi/buy/?page=1&edid=06C670DB-A8D1-B9FA-3FE6-95D8F01937B4&sortorder=asc&column=price HTTP/1.1" 200 103219
54.36.149.18 - - [10/Nov/2024:01:16:18 +0100] "GET /ticket2/opencms/no/buy/?page=1&edid=341262D8-7A59-5821-1DA8-A5F36D843BF9 HTTP/1.1" 200 132258
66.249.76.224 - - [10/Nov/2024:01:16:18 +0100] "GET /ticket2/opencms/lt/buy/?page=1&edid=E2D9A408-8935-6A15-C054-9FB347B10142 HTTP/1.1" 200 111577
194.247.173.99 - - [10/Nov/2024:01:16:19 +0100] "GET /ticket2/opencms/dk/ru/buy/?page=1&edid=15663D62-2271-4E56-54F8-D55FBC72F26B HTTP/1.1" 404 -
81.167.26.57 - - [10/Nov/2024:01:16:19 +0100] "GET /ticket2/opencms/mo/buy/?page=1&edid=4583F62C-F880-E6C3-C3F7-F692CC3F1DC2 HTTP/1.1" 200 106743
65.108.110.26 - - [10/Nov/2024:01:16:19 +0100] "GET /ticket2/opencms/it/buy/?page=1&edid=3E614CE3-7605-80A5-EDE5-1940F2DB48F5 HTTP/1.1" 200 106150
114.119.146.220 - - [10/Nov/2024:01:16:20 +0100] "GET /ticket2/opencms/en/buy/?page=1&edid=F61A2A71-4492-3768-1967-C586B0069229 HTTP/1.1" 200 99300
192.95.30.177 - - [10/Nov/2024:01:16:21 +0100] "GET /ticket2/opencms/dk/en/buy/?page=1&edid=7EB7D19E-C990-6DA8-8C2A-EF97BD202DB8&sortorder=desc&column=section HTTP/1.1" 404 -
65.108.110.26 - - [10/Nov/2024:01:16:23 +0100] "GET /ticket2/opencms/it/buy/?page=1&edid=3F2482EE-6B7A-310D-17CE-1C7E3CC58C7F HTTP/1.1" 200 111357
81.167.26.57 - - [10/Nov/2024:01:16:23 +0100] "GET /ticket2/opencms/mo/buy/?page=1&edid=459129C1-A0F8-2D8B-54E1-F5067FEFFAF4 HTTP/1.1" 200 121931
135.181.74.243 - - [10/Nov/2024:01:16:23 +0100] "GET /ticket2/opencms/dk/no/buy/?page=1&edid=2E602F15-8DB1-8A7E-BB82-1387A272CE4B&sortorder=asc&column=section HTTP/1.1" 404 -
157.55.39.50 - - [10/Nov/2024:01:16:26 +0100] "GET /ticket2/opencms/fi/buy?page=1&edid=E776A00C-D3F1-2828-91C2-D234EAF400D2 HTTP/1.1" 200 106928
65.108.110.26 - - [10/Nov/2024:01:16:26 +0100] "GET /ticket2/opencms/it/buy/?page=1&edid=402D4ADF-F1A8-8EDD-0E47-FAEC0616E1C7 HTTP/1.1" 200 107471
54.36.148.222 - - [10/Nov/2024:01:16:26 +0100] "GET /ticket2/opencms/fi/urheilu/jalkapallo/premier_league/nottingham/ HTTP/1.1" 200 87787
194.247.173.99 - - [10/Nov/2024:01:16:26 +0100] "GET /ticket2/opencms/dk/ru/buy/?page=1&edid=15AF8D2B-EC86-F832-6A25-EDE861BB730F HTTP/1.1" 404 -
81.167.26.57 - - [10/Nov/2024:01:16:27 +0100] "GET /ticket2/opencms/mo/buy/?page=1&edid=462C13B4-D520-FF5C-33C4-1D131FBF3162 HTTP/1.1" 200 108096
47.128.53.161 - - [10/Nov/2024:01:16:27 +0100] "GET /ticket2/opencms/lv/buy/?edid=0B61E12F-3357-9D4A-8CE6-56FAB7BA659C HTTP/1.1" 200 81476
89.246.241.14 - - [10/Nov/2024:01:16:29 +0100] "GET /ticket2/opencms/bs/ HTTP/1.1" 200 96025
65.108.110.26 - - [10/Nov/2024:01:16:30 +0100] "GET /ticket2/opencms/it/buy/?page=1&edid=4100BC31-B21E-692B-10F2-5632E9B20F37 HTTP/1.1" 200 107526
81.167.26.57 - - [10/Nov/2024:01:16:30 +0100] "GET /ticket2/opencms/mo/buy/?page=1&edid=46387882-96DC-F7A5-D33D-152A1A6DE740 HTTP/1.1" 200 98736
192.95.30.177 - - [10/Nov/2024:01:16:31 +0100] "GET /ticket2/opencms/dk/en/buy/?page=1&edid=7F2A5B0B-89B1-FCB5-F3DF-3B5D223FE23E&sortorder=desc&column=row HTTP/1.1" 404 -
54.36.148.166 - - [10/Nov/2024:01:16:31 +0100] "GET /ticket2/opencms/en/buy/?page=1&edid=F7607B70-C7D1-859A-AF1D-90ACBF6F99CC HTTP/1.1" 200 106237
54.36.148.138 - - [10/Nov/2024:01:16:31 +0100] "GET /ticket2/opencms/dk/buy?page=6&comcatid=A17713B6-D984-201A-4143-ED4DB5ED5C2E&catid=A7674DEA-B39E-502C-2F76-760AE08947E9 HTTP/1.1" 200 99689
194.247.173.99 - - [10/Nov/2024:01:16:32 +0100] "GET /ticket2/opencms/dk/ru/buy/?page=1&edid=16B1D3A1-F16E-54A2-63C4-43295D45DD77&sortorder=asc&column=row HTTP/1.1" 404 -
135.181.74.243 - - [10/Nov/2024:01:16:32 +0100] "GET /ticket2/opencms/dk/no/buy/?page=1&edid=3176E62D-2ABE-1AEC-AE78-5501F2AB2BE9&sortorder=asc&column=section HTTP/1.1" 404 -
195.154.122.101 - - [10/Nov/2024:01:16:32 +0100] "GET /ticket2/opencms/system/modules/com.gridnine.opencms.ticketbrokerage.site/resources/css/ticketbrokerage.css HTTP/1.1" 200 39339
195.154.122.101 - - [10/Nov/2024:01:16:32 +0100] "GET /ticket2/opencms/system/modules/com.gridnine.opencms.ticketbrokerage.site/resources/css/jquery-ui.css HTTP/1.1" 200 33221
195.154.122.101 - - [10/Nov/2024:01:16:32 +0100] "GET /ticket2/opencms/system/modules/com.gridnine.opencms.ticketbrokerage.site/resources/css/standard.css HTTP/1.1" 200 73073
195.154.122.101 - - [10/Nov/2024:01:16:32 +0100] "GET /ticket2/opencms/system/modules/com.gridnine.opencms.ticketbrokerage.site/resources/css/calendar.css HTTP/1.1" 200 6871
195.154.122.101 - - [10/Nov/2024:01:16:32 +0100] "GET /ticket2/opencms/system/modules/com.gridnine.opencms.ticketbrokerage.site/resources/css/jquery.fancybox.css HTTP/1.1" 200 4939
195.154.122.101 - - [10/Nov/2024:01:16:32 +0100] "GET /ticket2/opencms/system/modules/com.gridnine.opencms.ticketbrokerage.site/resources/js/functions.js HTTP/1.1" 200 1583
195.154.122.101 - - [10/Nov/2024:01:16:32 +0100] "GET /ticket2/opencms/system/modules/com.gridnine.opencms.ticketbrokerage.site/resources/js/calendar.js HTTP/1.1" 200 49229
195.154.122.101 - - [10/Nov/2024:01:16:32 +0100] "GET /ticket2/opencms/system/modules/com.gridnine.opencms.ticketbrokerage.site/resources/js/calendar-en.js HTTP/1.1" 200 3338
195.154.122.101 - - [10/Nov/2024:01:16:32 +0100] "GET /ticket2/opencms/system/modules/com.gridnine.opencms.ticketbrokerage.site/resources/js/calendar-setup.js HTTP/1.1" 200 4923
195.154.122.101 - - [10/Nov/2024:01:16:32 +0100] "GET /ticket2/opencms/system/modules/com.gridnine.opencms.ticketbrokerage.site/resources/js/jquery.fancybox.pack.js HTTP/1.1" 200 23187
195.154.122.101 - - [10/Nov/2024:01:16:32 +0100] "GET /ticket2/opencms/system/modules/com.gridnine.opencms.ticketbrokerage.site/resources/js/stickyfill.min.js HTTP/1.1" 200 5672
195.154.122.101 - - [10/Nov/2024:01:16:32 +0100] "GET /ticket2/opencms/system/modules/com.gridnine.opencms.ticketbrokerage.site/resources/js/jquery/jquery.js HTTP/1.1" 200 93868
195.154.122.101 - - [10/Nov/2024:01:16:32 +0100] "GET /ticket2/opencms/system/modules/com.gridnine.opencms.ticketbrokerage.site/resources/js/jquery/jquery-ui.js HTTP/1.1" 200 228088
195.154.122.101 - - [10/Nov/2024:01:16:32 +0100] "GET /ticket2/opencms/system/modules/com.gridnine.opencms.ticketbrokerage.site/resources/js/standard.js HTTP/1.1" 200 3978
195.154.122.101 - - [10/Nov/2024:01:16:32 +0100] "GET /ticket2/opencms/system/modules/com.gridnine.opencms.ticketbrokerage.site/resources/js/jquery.placeholder.min.js HTTP/1.1" 200 1737
195.154.122.101 - - [10/Nov/2024:01:16:32 +0100] "GET /ticket2/opencms/system/modules/com.gridnine.opencms.ticketbrokerage.site/resources/js/common-ajax.js HTTP/1.1" 200 20175
40.77.167.65 - - [10/Nov/2024:01:16:33 +0100] "GET /ticket2/opencms/hu/buy/?page=1&edid=4E3FD371-418F-2707-0FE4-F6E7006C81F9 HTTP/1.1" 200 100974
65.108.110.26 - - [10/Nov/2024:01:16:33 +0100] "GET /ticket2/opencms/it/buy/?page=1&edid=41223DA8-F64F-F12A-66D9-9E5666E9DFB2 HTTP/1.1" 200 107490
195.154.122.101 - - [10/Nov/2024:01:16:34 +0100] "GET /ticket2/opencms/system/modules/com.gridnine.opencms.ticketbrokerage.site/resources/js/standard.js HTTP/1.1" 200 3978
81.167.26.57 - - [10/Nov/2024:01:16:34 +0100] "GET /ticket2/opencms/mo/buy/?page=1&edid=463B85F1-158C-B9D0-587B-5FBBABC2ECA2 HTTP/1.1" 200 125208
65.108.110.26 - - [10/Nov/2024:01:16:37 +0100] "GET /ticket2/opencms/it/buy/?page=1&edid=4130944B-8419-6A0B-A839-9FB45260F568 HTTP/1.1" 200 100591
81.167.26.57 - - [10/Nov/2024:01:16:37 +0100] "GET /ticket2/opencms/mo/buy/?page=1&edid=467AD8BD-9746-1FC6-18BE-8BFA3E2345DF HTTP/1.1" 200 98765
192.95.30.177 - - [10/Nov/2024:01:16:37 +0100] "GET /ticket2/opencms/dk/en/buy/?page=1&edid=8315527E-802D-80DC-B98F-A4B19419163D&sortorder=asc&column=price HTTP/1.1" 404 -
54.36.149.80 - - [10/Nov/2024:01:16:38 +0100] "GET /ticket2/opencms/dk/buy?page=6&comcatid=A17713B6-D984-201A-4143-ED4DB5ED5C2E&catid=3A7AEA37-903D-9533-4B33-21B0001FF1D1 HTTP/1.1" 200 93484
168.119.65.110 - - [10/Nov/2024:01:16:38 +0100] "GET /ticket2/opencms/system/modules/com.gridnine.opencms.ticketbrokerage.site/resources/css/ticketbrokerage.css HTTP/1.1" 200 39339
168.119.65.110 - - [10/Nov/2024:01:16:38 +0100] "GET /ticket2/opencms/system/modules/com.gridnine.opencms.ticketbrokerage.site/resources/js/jquery/jquery.js HTTP/1.1" 200 93868
168.119.65.110 - - [10/Nov/2024:01:16:38 +0100] "GET /ticket2/opencms/system/modules/com.gridnine.opencms.ticketbrokerage.site/resources/css/jquery.fancybox.css HTTP/1.1" 200 4939
168.119.65.110 - - [10/Nov/2024:01:16:38 +0100] "GET /ticket2/opencms/system/modules/com.gridnine.opencms.ticketbrokerage.site/resources/css/jquery-ui.css HTTP/1.1" 200 33221
168.119.65.110 - - [10/Nov/2024:01:16:38 +0100] "GET /ticket2/opencms/system/modules/com.gridnine.opencms.ticketbrokerage.site/resources/css/calendar.css HTTP/1.1" 200 6871
168.119.65.110 - - [10/Nov/2024:01:16:38 +0100] "GET /ticket2/opencms/system/modules/com.gridnine.opencms.ticketbrokerage.site/resources/css/standard.css HTTP/1.1" 200 73073
168.119.65.110 - - [10/Nov/2024:01:16:39 +0100] "GET /ticket2/opencms/system/modules/com.gridnine.opencms.ticketbrokerage.site/resources/js/functions.js HTTP/1.1" 200 1583
168.119.65.110 - - [10/Nov/2024:01:16:39 +0100] "GET /ticket2/opencms/system/modules/com.gridnine.opencms.ticketbrokerage.site/resources/js/calendar.js HTTP/1.1" 200 49229
168.119.65.110 - - [10/Nov/2024:01:16:39 +0100] "GET /ticket2/opencms/system/modules/com.gridnine.opencms.ticketbrokerage.site/resources/js/calendar-setup.js HTTP/1.1" 200 4923
168.119.65.110 - - [10/Nov/2024:01:16:39 +0100] "GET /ticket2/opencms/system/modules/com.gridnine.opencms.ticketbrokerage.site/resources/js/calendar-en.js HTTP/1.1" 200 3338
168.119.65.110 - - [10/Nov/2024:01:16:39 +0100] "GET /ticket2/opencms/system/modules/com.gridnine.opencms.ticketbrokerage.site/resources/js/jquery/jquery-ui.js HTTP/1.1" 200 228088
168.119.65.110 - - [10/Nov/2024:01:16:39 +0100] "GET /ticket2/opencms/system/modules/com.gridnine.opencms.ticketbrokerage.site/resources/js/jquery.fancybox.pack.js HTTP/1.1" 200 23187
168.119.65.110 - - [10/Nov/2024:01:16:39 +0100] "GET /ticket2/opencms/system/modules/com.gridnine.opencms.ticketbrokerage.site/resources/js/stickyfill.min.js HTTP/1.1" 200 5672
168.119.65.110 - - [10/Nov/2024:01:16:39 +0100] "GET /ticket2/opencms/system/modules/com.gridnine.opencms.ticketbrokerage.site/resources/js/standard.js HTTP/1.1" 200 3978
194.247.173.99 - - [10/Nov/2024:01:16:39 +0100] "GET /ticket2/opencms/dk/ru/buy/?page=1&edid=16DC67F5-9434-FD84-70BE-618276292715&sortorder=asc&column=price HTTP/1.1" 404 -
168.119.65.110 - - [10/Nov/2024:01:16:39 +0100] "GET /ticket2/opencms/system/modules/com.gridnine.opencms.ticketbrokerage.site/resources/js/jquery.placeholder.min.js HTTP/1.1" 200 1737
168.119.65.110 - - [10/Nov/2024:01:16:39 +0100] "GET /ticket2/opencms/system/modules/com.gridnine.opencms.ticketbrokerage.site/resources/js/common-ajax.js HTTP/1.1" 200 20175
168.119.65.110 - - [10/Nov/2024:01:16:39 +0100] "GET /ticket2/opencms/system/modules/com.gridnine.opencms.ticketbrokerage.site/resources/js/standard.js HTTP/1.1" 200 3978
81.167.26.57 - - [10/Nov/2024:01:16:40 +0100] "GET /ticket2/opencms/mo/buy/?page=1&edid=469C358C-9841-0666-81F6-722FE887E89C HTTP/1.1" 200 98795
65.108.110.26 - - [10/Nov/2024:01:16:40 +0100] "GET /ticket2/opencms/it/buy/?page=1&edid=41CD7066-237A-B852-387D-3D5D7B688DF9 HTTP/1.1" 200 129662
5.9.55.228 - - [10/Nov/2024:01:16:41 +0100] "GET /ticket2/opencms/it/buy?catid=078f99d4-0b9e-e323-5a07-d7b70f6e8874&comcatid=97eca65a-72da-f9af-9dbb-245d3cfed1be&page=6 HTTP/1.1" 200 83617
135.181.74.243 - - [10/Nov/2024:01:16:41 +0100] "GET /ticket2/opencms/dk/no/buy/?page=1&edid=330F2908-F2E8-6925-771A-2D5FC8A92AD5&sortorder=asc&column=price HTTP/1.1" 404 -
54.36.148.212 - - [10/Nov/2024:01:16:42 +0100] "GET /ticket2/opencms/system/modules/com.gridnine.opencms.ticketbrokerage.site/resources/pics/banners/sv/premier_league_sv.png HTTP/1.1" 200 13518
114.119.154.207 - - [10/Nov/2024:01:16:43 +0100] "GET /ticket2/opencms/en/buy?page=1&edid=118E47BF-C955-525A-E288-4BE392C3F248 HTTP/1.1" 200 96912
81.167.26.57 - - [10/Nov/2024:01:16:43 +0100] "GET /ticket2/opencms/mo/buy/?page=1&edid=46A0A34E-8D3F-1FC3-D540-5ED6BED24380 HTTP/1.1" 200 98755
54.36.149.71 - - [10/Nov/2024:01:16:44 +0100] "GET /ticket2/opencms/az/buy?page=10&eventid=19AD6356-6E10-9C9F-9FF7-23862BF7038B&venueid=F72D7D8A-21AA-398A-828C-542FA85266B4 HTTP/1.1" 200 93940
65.108.110.26 - - [10/Nov/2024:01:16:44 +0100] "GET /ticket2/opencms/it/buy/?page=1&edid=43648EFF-F203-5C8B-C74A-806DA7871A83 HTTP/1.1" 200 114065
194.247.173.99 - - [10/Nov/2024:01:16:46 +0100] "GET /ticket2/opencms/dk/ru/buy/?page=1&edid=16DC67F5-9434-FD84-70BE-618276292715&sortorder=asc&column=row HTTP/1.1" 404 -
47.128.122.99 - - [10/Nov/2024:01:16:47 +0100] "GET /ticket2/opencms/is/buy?edid=5605B728-A815-14DD-9E19-09BABDE81131 HTTP/1.1" 200 81480
81.167.26.57 - - [10/Nov/2024:01:16:47 +0100] "GET /ticket2/opencms/mo/buy/?page=1&edid=46F37BE7-B2F6-BEA5-12C9-E1FFD36B0DD0 HTTP/1.1" 200 108043
65.108.110.26 - - [10/Nov/2024:01:16:47 +0100] "GET /ticket2/opencms/it/buy/?page=1&edid=4583F62C-F880-E6C3-C3F7-F692CC3F1DC2 HTTP/1.1" 200 106141
192.95.30.177 - - [10/Nov/2024:01:16:48 +0100] "GET /ticket2/opencms/dk/en/buy/?page=1&edid=8315527E-802D-80DC-B98F-A4B19419163D&sortorder=asc&column=row HTTP/1.1" 404 -
135.181.74.243 - - [10/Nov/2024:01:16:49 +0100] "GET /ticket2/opencms/dk/no/buy/?page=1&edid=330F2908-F2E8-6925-771A-2D5FC8A92AD5&sortorder=asc&column=row HTTP/1.1" 404 -
20.15.133.164 - - [10/Nov/2024:01:16:49 +0100] "GET /ticket2/opencms/robots.txt HTTP/1.1" 200 773
147.185.132.22 - - [10/Nov/2024:01:16:49 +0100] "GET / HTTP/1.0" 404 -
20.15.133.164 - - [10/Nov/2024:01:16:50 +0100] "GET /ticket2/opencms/robots.txt HTTP/1.1" 200 773
81.167.26.57 - - [10/Nov/2024:01:16:50 +0100] "GET /ticket2/opencms/mo/buy/?page=1&edid=473B0CA2-5DEF-8724-CEB4-D099FD62177B HTTP/1.1" 200 98756
65.108.110.26 - - [10/Nov/2024:01:16:51 +0100] "GET /ticket2/opencms/it/buy/?page=1&edid=462C13B4-D520-FF5C-33C4-1D131FBF3162 HTTP/1.1" 200 107518
54.36.148.255 - - [10/Nov/2024:01:16:51 +0100] "GET /ticket2/opencms/az/buy?page=10&eventid=8089A138-5EE7-E43F-C342-AAB9352CA1D1&venueid=152137BD-51FA-C49F-6002-B503D5181B54 HTTP/1.1" 200 93661
194.247.173.99 - - [10/Nov/2024:01:16:52 +0100] "GET /ticket2/opencms/dk/ru/buy/?page=1&edid=16DC67F5-9434-FD84-70BE-618276292715&sortorder=asc&column=section HTTP/1.1" 404 -
185.191.171.16 - - [10/Nov/2024:01:16:52 +0100] "GET /ticket2/opencms/bg/about/press HTTP/1.1" 200 80742
114.119.159.237 - - [10/Nov/2024:01:16:53 +0100] "GET /ticket2/opencms/en/buy/?page=6&comcatid=A17713B6-D984-201A-4143-ED4DB5ED5C2E&catid=21C3854B-901E-11F9-7B7D-6838CC6AFAA4&eventid=D0B62F92-773A-01D8-AF39-BADE4098B080 HTTP/1.1" 200 107255
81.167.26.57 - - [10/Nov/2024:01:16:53 +0100] "GET /ticket2/opencms/mo/buy/?page=1&edid=47721D14-2C82-CD87-6865-EDC5A8129AF3 HTTP/1.1" 200 98756
65.108.110.26 - - [10/Nov/2024:01:16:54 +0100] "GET /ticket2/opencms/it/buy/?page=1&edid=46ED3103-DE6B-A6DD-76D4-FB2A3432E453 HTTP/1.1" 200 100919
66.249.79.231 - - [10/Nov/2024:01:16:55 +0100] "GET /ticket2/opencms/mk/buy?page=1&edid=54477DFC-A823-7169-8BE6-7FEB2AAE61EA&hlv=66d5ecb6-0eb4-4071-a7fd-28980a01000f HTTP/1.1" 404 -
81.167.26.57 - - [10/Nov/2024:01:16:57 +0100] "GET /ticket2/opencms/mo/buy/?page=1&edid=47897DF9-E5EE-B446-181C-40A80CD54BEB HTTP/1.1" 200 121927
65.108.110.26 - - [10/Nov/2024:01:16:57 +0100] "GET /ticket2/opencms/it/buy/?page=1&edid=46F37BE7-B2F6-BEA5-12C9-E1FFD36B0DD0 HTTP/1.1" 200 107435
194.247.173.99 - - [10/Nov/2024:01:16:58 +0100] "GET /ticket2/opencms/dk/ru/buy/?page=1&edid=1702263D-D572-F8BF-DE0E-23917DE6133F HTTP/1.1" 404 -
192.95.30.177 - - [10/Nov/2024:01:16:58 +0100] "GET /ticket2/opencms/dk/en/buy/?page=1&edid=8315527E-802D-80DC-B98F-A4B19419163D&sortorder=asc&column=section HTTP/1.1" 404 -
135.181.74.243 - - [10/Nov/2024:01:16:59 +0100] "GET /ticket2/opencms/dk/no/buy/?page=1&edid=330F2908-F2E8-6925-771A-2D5FC8A92AD5&sortorder=asc&column=section HTTP/1.1" 404 -
54.36.149.69 - - [10/Nov/2024:01:17:00 +0100] "GET /ticket2/opencms/dk/buy?page=6&comcatid=A17713B6-D984-201A-4143-ED4DB5ED5C2E&catid=7ACC33AD-EE7E-AAA7-9050-0F4587759B87 HTTP/1.1" 200 93485
195.154.122.133 - - [10/Nov/2024:01:17:00 +0100] "GET /ticket2/opencms/system/modules/com.gridnine.opencms.ticketbrokerage.site/resources/css/jquery.fancybox.css HTTP/1.1" 200 4939
195.154.122.133 - - [10/Nov/2024:01:17:00 +0100] "GET /ticket2/opencms/system/modules/com.gridnine.opencms.ticketbrokerage.site/resources/css/ticketbrokerage.css HTTP/1.1" 200 39339
195.154.122.133 - - [10/Nov/2024:01:17:00 +0100] "GET /ticket2/opencms/system/modules/com.gridnine.opencms.ticketbrokerage.site/resources/css/jquery-ui.css HTTP/1.1" 200 33221
195.154.122.133 - - [10/Nov/2024:01:17:00 +0100] "GET /ticket2/opencms/system/modules/com.gridnine.opencms.ticketbrokerage.site/resources/css/standard.css HTTP/1.1" 200 73073
195.154.122.133 - - [10/Nov/2024:01:17:00 +0100] "GET /ticket2/opencms/system/modules/com.gridnine.opencms.ticketbrokerage.site/resources/css/calendar.css HTTP/1.1" 200 6871
195.154.122.133 - - [10/Nov/2024:01:17:00 +0100] "GET /ticket2/opencms/system/modules/com.gridnine.opencms.ticketbrokerage.site/resources/js/calendar-en.js HTTP/1.1" 200 3338
81.167.26.57 - - [10/Nov/2024:01:17:00 +0100] "GET /ticket2/opencms/mo/buy/?page=1&edid=478DA7E3-5E72-614D-155A-B45A5AC4AA8D HTTP/1.1" 200 98781
195.154.122.133 - - [10/Nov/2024:01:17:00 +0100] "GET /ticket2/opencms/system/modules/com.gridnine.opencms.ticketbrokerage.site/resources/js/calendar-setup.js HTTP/1.1" 200 4923
195.154.122.133 - - [10/Nov/2024:01:17:00 +0100] "GET /ticket2/opencms/system/modules/com.gridnine.opencms.ticketbrokerage.site/resources/js/stickyfill.min.js HTTP/1.1" 200 5672
195.154.122.133 - - [10/Nov/2024:01:17:00 +0100] "GET /ticket2/opencms/system/modules/com.gridnine.opencms.ticketbrokerage.site/resources/js/jquery/jquery.js HTTP/1.1" 200 93868
195.154.122.133 - - [10/Nov/2024:01:17:00 +0100] "GET /ticket2/opencms/system/modules/com.gridnine.opencms.ticketbrokerage.site/resources/js/jquery.fancybox.pack.js HTTP/1.1" 200 23187
195.154.122.133 - - [10/Nov/2024:01:17:00 +0100] "GET /ticket2/opencms/system/modules/com.gridnine.opencms.ticketbrokerage.site/resources/js/calendar.js HTTP/1.1" 200 49229
195.154.122.133 - - [10/Nov/2024:01:17:00 +0100] "GET /ticket2/opencms/system/modules/com.gridnine.opencms.ticketbrokerage.site/resources/js/functions.js HTTP/1.1" 200 1583
195.154.122.133 - - [10/Nov/2024:01:17:00 +0100] "GET /ticket2/opencms/system/modules/com.gridnine.opencms.ticketbrokerage.site/resources/js/jquery/jquery-ui.js HTTP/1.1" 200 228088
195.154.122.133 - - [10/Nov/2024:01:17:00 +0100] "GET /ticket2/opencms/system/modules/com.gridnine.opencms.ticketbrokerage.site/resources/js/standard.js HTTP/1.1" 200 3978
195.154.122.133 - - [10/Nov/2024:01:17:01 +0100] "GET /ticket2/opencms/system/modules/com.gridnine.opencms.ticketbrokerage.site/resources/js/jquery.placeholder.min.js HTTP/1.1" 200 1737
195.154.122.133 - - [10/Nov/2024:01:17:01 +0100] "GET /ticket2/opencms/system/modules/com.gridnine.opencms.ticketbrokerage.site/resources/js/common-ajax.js HTTP/1.1" 200 20175
65.108.110.26 - - [10/Nov/2024:01:17:01 +0100] "GET /ticket2/opencms/it/buy/?page=1&edid=4800554E-FCD8-CA52-DDBF-1B3255DB288E HTTP/1.1" 200 107731
195.154.122.133 - - [10/Nov/2024:01:17:01 +0100] "GET /ticket2/opencms/system/modules/com.gridnine.opencms.ticketbrokerage.site/resources/js/standard.js HTTP/1.1" 200 3978
20.15.133.191 - - [10/Nov/2024:01:17:03 +0100] "GET /ticket2/opencms/dk/sport/fodboldbilletter/champions_league/napoli/ HTTP/1.1" 200 79243
194.247.173.99 - - [10/Nov/2024:01:17:03 +0100] "GET /ticket2/opencms/dk/ru/buy/?page=1&edid=187B4056-96F3-D93D-8767-3AE331DE390D&sortorder=asc&column=price HTTP/1.1" 404 -
81.167.26.57 - - [10/Nov/2024:01:17:04 +0100] "GET /ticket2/opencms/mo/buy/?page=1&edid=47EBAE6F-817A-37A2-D93C-48B4FE4F8A77 HTTP/1.1" 200 125234
65.108.110.26 - - [10/Nov/2024:01:17:05 +0100] "GET /ticket2/opencms/it/buy/?page=1&edid=48E72B51-00CE-CE36-D8BB-29D37358C55B HTTP/1.1" 200 123610
54.36.149.11 - - [10/Nov/2024:01:17:05 +0100] "GET /ticket2/opencms/es/buy/?page=1&edid=F73B99E5-B80D-7F20-3343-FD9C622F3B77 HTTP/1.1" 200 104493
135.181.74.243 - - [10/Nov/2024:01:17:06 +0100] "GET /ticket2/opencms/dk/no/buy/?page=1&edid=356B89ED-8C47-F470-B89D-02FAEFE4B7E6&sortorder=asc&column=row HTTP/1.1" 404 -
192.95.30.177 - - [10/Nov/2024:01:17:08 +0100] "GET /ticket2/opencms/dk/en/buy/?page=1&edid=8315527E-802D-80DC-B98F-A4B19419163D&sortorder=desc&column=price HTTP/1.1" 404 -
81.167.26.57 - - [10/Nov/2024:01:17:08 +0100] "GET /ticket2/opencms/mo/buy/?page=1&edid=47F5B60C-8368-4B7A-53D3-C8F8857816DC HTTP/1.1" 200 121930
65.108.110.26 - - [10/Nov/2024:01:17:08 +0100] "GET /ticket2/opencms/it/buy/?page=1&edid=492C270D-AAEA-3890-F385-951BFDA8F433 HTTP/1.1" 200 113524
194.247.173.99 - - [10/Nov/2024:01:17:08 +0100] "GET /ticket2/opencms/dk/ru/buy/?page=1&edid=187B4056-96F3-D93D-8767-3AE331DE390D&sortorder=asc&column=row HTTP/1.1" 404 -
80.203.59.87 - - [10/Nov/2024:01:17:09 +0100] "GET /ticket2/opencms/sv/buy/?page=1&edid=2684212B-FA50-DC4B-3CFA-1303E9638140 HTTP/1.1" 200 119505
80.203.59.87 - - [10/Nov/2024:01:17:10 +0100] "GET /ticket2/opencms/system/modules/com.gridnine.opencms.ticketbrokerage.site/resources/css/ticketbrokerage.css HTTP/1.1" 200 39339
80.203.59.87 - - [10/Nov/2024:01:17:10 +0100] "GET /ticket2/opencms/system/modules/com.gridnine.opencms.ticketbrokerage.site/resources/js/calendar-setup.js HTTP/1.1" 200 4923
80.203.59.87 - - [10/Nov/2024:01:17:10 +0100] "GET /ticket2/opencms/system/modules/com.gridnine.opencms.ticketbrokerage.site/resources/js/stickyfill.min.js HTTP/1.1" 200 5672
80.203.59.87 - - [10/Nov/2024:01:17:10 +0100] "GET /ticket2/opencms/system/modules/com.gridnine.opencms.ticketbrokerage.site/resources/js/standard.js HTTP/1.1" 200 3978
80.203.59.87 - - [10/Nov/2024:01:17:10 +0100] "GET /ticket2/opencms/system/modules/com.gridnine.opencms.ticketbrokerage.site/resources/js/jquery/jquery.js HTTP/1.1" 200 93868
80.203.59.87 - - [10/Nov/2024:01:17:10 +0100] "GET /ticket2/opencms/system/modules/com.gridnine.opencms.ticketbrokerage.site/resources/js/jquery.placeholder.min.js HTTP/1.1" 200 1737
80.203.59.87 - - [10/Nov/2024:01:17:10 +0100] "GET /ticket2/opencms/system/modules/com.gridnine.opencms.ticketbrokerage.site/resources/js/calendar-en.js HTTP/1.1" 200 3338
80.203.59.87 - - [10/Nov/2024:01:17:10 +0100] "GET /ticket2/opencms/system/modules/com.gridnine.opencms.ticketbrokerage.site/resources/css/calendar.css HTTP/1.1" 200 6871
80.203.59.87 - - [10/Nov/2024:01:17:10 +0100] "GET /ticket2/opencms/system/modules/com.gridnine.opencms.ticketbrokerage.site/resources/js/calendar.js HTTP/1.1" 200 49229
80.203.59.87 - - [10/Nov/2024:01:17:10 +0100] "GET /ticket2/opencms/system/modules/com.gridnine.opencms.ticketbrokerage.site/resources/css/jquery.fancybox.css HTTP/1.1" 200 4939
80.203.59.87 - - [10/Nov/2024:01:17:10 +0100] "GET /ticket2/opencms/system/modules/com.gridnine.opencms.ticketbrokerage.site/resources/js/common-ajax.js HTTP/1.1" 200 20175
80.203.59.87 - - [10/Nov/2024:01:17:10 +0100] "GET /ticket2/opencms/system/modules/com.gridnine.opencms.ticketbrokerage.site/resources/pics/logo-new.png HTTP/1.1" 200 13541
80.203.59.87 - - [10/Nov/2024:01:17:10 +0100] "GET /ticket2/opencms/img/insta.png HTTP/1.1" 200 3967
80.203.59.87 - - [10/Nov/2024:01:17:10 +0100] "GET /ticket2/opencms/img/fb.png HTTP/1.1" 200 1269
80.203.59.87 - - [10/Nov/2024:01:17:10 +0100] "GET /ticket2/opencms/venue/etihad_stadium.png HTTP/1.1" 200 50176
80.203.59.87 - - [10/Nov/2024:01:17:10 +0100] "GET /ticket2/opencms/img/icons/globe-white.png HTTP/1.1" 200 947
80.203.59.87 - - [10/Nov/2024:01:17:10 +0100] "GET /ticket2/opencms/img/icons/de.png HTTP/1.1" 200 1124
80.203.59.87 - - [10/Nov/2024:01:17:10 +0100] "GET /ticket2/opencms/img/icons/nl.png HTTP/1.1" 200 1255
80.203.59.87 - - [10/Nov/2024:01:17:10 +0100] "GET /ticket2/opencms/sv/ask-form.html HTTP/1.1" 200 2950
80.203.59.87 - - [10/Nov/2024:01:17:10 +0100] "GET /ticket2/opencms/img/icons/fr.png HTTP/1.1" 200 1764
80.203.59.87 - - [10/Nov/2024:01:17:10 +0100] "GET /ticket2/opencms/img/icons/pl.png HTTP/1.1" 200 1578
80.203.59.87 - - [10/Nov/2024:01:17:10 +0100] "GET /ticket2/opencms/img/icons/no.png HTTP/1.1" 200 1958
80.203.59.87 - - [10/Nov/2024:01:17:10 +0100] "GET /ticket2/opencms/img/icons/fi.png HTTP/1.1" 200 1785
80.203.59.87 - - [10/Nov/2024:01:17:10 +0100] "GET /ticket2/opencms/img/icons/hy.png HTTP/1.1" 200 1170
80.203.59.87 - - [10/Nov/2024:01:17:10 +0100] "GET /ticket2/opencms/img/icons/cs.png HTTP/1.1" 200 1883
80.203.59.87 - - [10/Nov/2024:01:17:10 +0100] "GET /ticket2/opencms/img/icons/bg.png HTTP/1.1" 200 788
80.203.59.87 - - [10/Nov/2024:01:17:10 +0100] "GET /ticket2/opencms/img/icons/lv.png HTTP/1.1" 200 716
80.203.59.87 - - [10/Nov/2024:01:17:10 +0100] "GET /ticket2/opencms/img/icons/et.png HTTP/1.1" 200 754
80.203.59.87 - - [10/Nov/2024:01:17:10 +0100] "GET /ticket2/opencms/img/icons/ga.png HTTP/1.1" 200 1759
80.203.59.87 - - [10/Nov/2024:01:17:10 +0100] "GET /ticket2/opencms/img/icons/dk.png HTTP/1.1" 200 1706
80.203.59.87 - - [10/Nov/2024:01:17:10 +0100] "GET /ticket2/opencms/img/icons/es.png HTTP/1.1" 200 1005
80.203.59.87 - - [10/Nov/2024:01:17:10 +0100] "GET /ticket2/opencms/img/icons/lt.png HTTP/1.1" 200 733
80.203.59.87 - - [10/Nov/2024:01:17:10 +0100] "GET /ticket2/opencms/img/icons/mk.png HTTP/1.1" 200 1405
80.203.59.87 - - [10/Nov/2024:01:17:10 +0100] "GET /ticket2/opencms/img/icons/mt.png HTTP/1.1" 200 920
80.203.59.87 - - [10/Nov/2024:01:17:10 +0100] "GET /ticket2/opencms/img/icons/ro.png HTTP/1.1" 200 1393
80.203.59.87 - - [10/Nov/2024:01:17:10 +0100] "GET /ticket2/opencms/img/icons/tr.png HTTP/1.1" 200 1636
80.203.59.87 - - [10/Nov/2024:01:17:10 +0100] "GET /ticket2/opencms/img/icons/be.png HTTP/1.1" 200 1663
80.203.59.87 - - [10/Nov/2024:01:17:10 +0100] "GET /ticket2/opencms/img/icons/it.png HTTP/1.1" 200 2040
80.203.59.87 - - [10/Nov/2024:01:17:10 +0100] "GET /ticket2/opencms/img/icons/sk.png HTTP/1.1" 200 1283
80.203.59.87 - - [10/Nov/2024:01:17:10 +0100] "GET /ticket2/opencms/img/check.png HTTP/1.1" 200 548
80.203.59.87 - - [10/Nov/2024:01:17:10 +0100] "GET /ticket2/opencms/img/mail.png HTTP/1.1" 200 403
80.203.59.87 - - [10/Nov/2024:01:17:10 +0100] "GET /ticket2/opencms/img/chat.png HTTP/1.1" 200 416
80.203.59.87 - - [10/Nov/2024:01:17:10 +0100] "GET /ticket2/opencms/img/icons/bs.png HTTP/1.1" 200 1014
80.203.59.87 - - [10/Nov/2024:01:17:10 +0100] "GET /ticket2/opencms/img/arrow.png HTTP/1.1" 200 753
80.203.59.87 - - [10/Nov/2024:01:17:10 +0100] "GET /ticket2/opencms/system/modules/com.gridnine.opencms.ticketbrokerage.site/resources/css/images/ui-bg_flat_75_ffffff_40x100.png HTTP/1.1" 404 -
80.203.59.87 - - [10/Nov/2024:01:17:10 +0100] "GET /ticket2/opencms/system/modules/com.gridnine.opencms.ticketbrokerage.site/resources/pics/arrow.gif HTTP/1.1" 200 344
80.203.59.87 - - [10/Nov/2024:01:17:10 +0100] "GET /ticket2/opencms/system/modules/com.gridnine.opencms.ticketbrokerage.site/resources/pics/form_marker.gif HTTP/1.1" 200 43
80.203.59.87 - - [10/Nov/2024:01:17:10 +0100] "GET /ticket2/opencms/img/icons/hr.png HTTP/1.1" 200 2024
80.203.59.87 - - [10/Nov/2024:01:17:10 +0100] "GET /ticket2/opencms/system/modules/com.gridnine.opencms.ticketbrokerage.site/resources/pics/button1_left.gif HTTP/1.1" 200 232
80.203.59.87 - - [10/Nov/2024:01:17:10 +0100] "GET /ticket2/opencms/system/modules/com.gridnine.opencms.ticketbrokerage.site/resources/pics/button1_right.gif HTTP/1.1" 200 232
80.203.59.87 - - [10/Nov/2024:01:17:10 +0100] "GET /ticket2/opencms/img/icons/el.png HTTP/1.1" 200 1637
80.203.59.87 - - [10/Nov/2024:01:17:10 +0100] "GET /ticket2/opencms/img/icons/ka.png HTTP/1.1" 200 860
80.203.59.87 - - [10/Nov/2024:01:17:10 +0100] "GET /ticket2/opencms/img/icons/hu.png HTTP/1.1" 200 733
80.203.59.87 - - [10/Nov/2024:01:17:10 +0100] "GET /ticket2/opencms/img/icons/mo.png HTTP/1.1" 200 1468
80.203.59.87 - - [10/Nov/2024:01:17:10 +0100] "GET /ticket2/opencms/img/icons/sr.png HTTP/1.1" 200 1602
80.203.59.87 - - [10/Nov/2024:01:17:10 +0100] "GET /ticket2/opencms/img/icons/sl.png HTTP/1.1" 200 966
80.203.59.87 - - [10/Nov/2024:01:17:10 +0100] "GET /ticket2/opencms/img/icons/uk.png HTTP/1.1" 200 1272
80.203.59.87 - - [10/Nov/2024:01:17:10 +0100] "GET /ticket2/opencms/img/arrow-down.png HTTP/1.1" 200 192
81.167.26.57 - - [10/Nov/2024:01:17:11 +0100] "GET /ticket2/opencms/mo/buy/?page=1&edid=4814AF54-3FC1-5F59-61CB-54A43FF24393 HTTP/1.1" 200 98773
65.108.110.26 - - [10/Nov/2024:01:17:11 +0100] "GET /ticket2/opencms/it/buy/?page=1&edid=49D8C017-6E14-30F3-126A-0488D76DB7BC HTTP/1.1" 200 107433
135.181.74.243 - - [10/Nov/2024:01:17:12 +0100] "GET /ticket2/opencms/dk/no/buy/?page=1&edid=356B89ED-8C47-F470-B89D-02FAEFE4B7E6&sortorder=asc&column=section HTTP/1.1" 404 -
80.203.59.87 - - [10/Nov/2024:01:17:12 +0100] "GET /ticket2/opencms/sv/buy/?page=1&edid=2684212B-FA50-DC4B-3CFA-1303E9638140 HTTP/1.1" 200 119505
80.203.59.87 - - [10/Nov/2024:01:17:12 +0100] "GET /ticket2/opencms/system/modules/com.gridnine.opencms.ticketbrokerage.site/resources/js/jquery/jquery-ui.js HTTP/1.1" 304 -
80.203.59.87 - - [10/Nov/2024:01:17:12 +0100] "GET /ticket2/opencms/system/modules/com.gridnine.opencms.ticketbrokerage.site/resources/css/calendar.css HTTP/1.1" 200 6871
80.203.59.87 - - [10/Nov/2024:01:17:12 +0100] "GET /ticket2/opencms/system/modules/com.gridnine.opencms.ticketbrokerage.site/resources/css/jquery-ui.css HTTP/1.1" 304 -
80.203.59.87 - - [10/Nov/2024:01:17:12 +0100] "GET /ticket2/opencms/system/modules/com.gridnine.opencms.ticketbrokerage.site/resources/js/calendar-en.js HTTP/1.1" 200 3338
80.203.59.87 - - [10/Nov/2024:01:17:12 +0100] "GET /ticket2/opencms/system/modules/com.gridnine.opencms.ticketbrokerage.site/resources/css/ticketbrokerage.css HTTP/1.1" 200 39339
80.203.59.87 - - [10/Nov/2024:01:17:12 +0100] "GET /ticket2/opencms/system/modules/com.gridnine.opencms.ticketbrokerage.site/resources/css/standard.css HTTP/1.1" 200 73073
80.203.59.87 - - [10/Nov/2024:01:17:12 +0100] "GET /ticket2/opencms/system/modules/com.gridnine.opencms.ticketbrokerage.site/resources/js/functions.js HTTP/1.1" 200 1583
80.203.59.87 - - [10/Nov/2024:01:17:12 +0100] "GET /ticket2/opencms/system/modules/com.gridnine.opencms.ticketbrokerage.site/resources/js/calendar-setup.js HTTP/1.1" 200 4923
80.203.59.87 - - [10/Nov/2024:01:17:12 +0100] "GET /ticket2/opencms/system/modules/com.gridnine.opencms.ticketbrokerage.site/resources/js/standard.js HTTP/1.1" 200 3978
80.203.59.87 - - [10/Nov/2024:01:17:12 +0100] "GET /ticket2/opencms/system/modules/com.gridnine.opencms.ticketbrokerage.site/resources/js/jquery.fancybox.pack.js HTTP/1.1" 304 -
80.203.59.87 - - [10/Nov/2024:01:17:12 +0100] "GET /ticket2/opencms/system/modules/com.gridnine.opencms.ticketbrokerage.site/resources/js/calendar.js HTTP/1.1" 200 49229
80.203.59.87 - - [10/Nov/2024:01:17:12 +0100] "GET /ticket2/opencms/system/modules/com.gridnine.opencms.ticketbrokerage.site/resources/pics/0.gif HTTP/1.1" 304 -
80.203.59.87 - - [10/Nov/2024:01:17:12 +0100] "GET /ticket2/opencms/system/modules/com.gridnine.opencms.ticketbrokerage.site/resources/pics/ticket_info_button.png HTTP/1.1" 304 -
80.203.59.87 - - [10/Nov/2024:01:17:12 +0100] "GET /ticket2/opencms/system/modules/com.gridnine.opencms.ticketbrokerage.site/resources/pics/two_man.png HTTP/1.1" 304 -
80.203.59.87 - - [10/Nov/2024:01:17:12 +0100] "GET /ticket2/opencms/system/modules/com.gridnine.opencms.ticketbrokerage.site/resources/pics/footer-img.jpg HTTP/1.1" 304 -
80.203.59.87 - - [10/Nov/2024:01:17:12 +0100] "GET /ticket2/opencms/img/icons/en.png HTTP/1.1" 200 2415
80.203.59.87 - - [10/Nov/2024:01:17:12 +0100] "GET /ticket2/opencms/img/icons/sq.png HTTP/1.1" 200 1619
80.203.59.87 - - [10/Nov/2024:01:17:12 +0100] "GET /ticket2/opencms/sv/ask-form.html HTTP/1.1" 200 2950
80.203.59.87 - - [10/Nov/2024:01:17:12 +0100] "GET /ticket2/opencms/img/icons/is.png HTTP/1.1" 200 1884
80.203.59.87 - - [10/Nov/2024:01:17:12 +0100] "GET /ticket2/opencms/img/icons/az.png HTTP/1.1" 200 1445
80.203.59.87 - - [10/Nov/2024:01:17:13 +0100] "GET /ticket2/opencms/system/modules/com.gridnine.opencms.ticketbrokerage.site/resources/css/images/ui-bg_flat_75_ffffff_40x100.png HTTP/1.1" 404 -
80.203.59.87 - - [10/Nov/2024:01:17:13 +0100] "GET /ticket2/opencms/system/modules/com.gridnine.opencms.ticketbrokerage.site/resources/css/ticketbrokerage.css HTTP/1.1" 200 39339
80.203.59.87 - - [10/Nov/2024:01:17:13 +0100] "GET /ticket2/opencms/system/modules/com.gridnine.opencms.ticketbrokerage.site/resources/pics/button1_center.gif HTTP/1.1" 304 -
54.36.149.83 - - [10/Nov/2024:01:17:14 +0100] "GET /ticket2/opencms/dk/buy?page=6&comcatid=A17713B6-D984-201A-4143-ED4DB5ED5C2E&catid=AE3FE643-AE41-BAA6-237D-5206D1B044A1 HTTP/1.1" 200 93490
66.249.79.232 - - [10/Nov/2024:01:17:14 +0100] "GET /ticket2/opencms/az/sport/futbol-biletleri/premier-league/tottenham HTTP/1.1" 200 96549
194.247.173.99 - - [10/Nov/2024:01:17:14 +0100] "GET /ticket2/opencms/dk/ru/buy/?page=1&edid=187B4056-96F3-D93D-8767-3AE331DE390D&sortorder=asc&column=section HTTP/1.1" 404 -
195.154.122.114 - - [10/Nov/2024:01:17:14 +0100] "GET /ticket2/opencms/system/modules/com.gridnine.opencms.ticketbrokerage.site/resources/css/jquery-ui.css HTTP/1.1" 200 33221
195.154.122.114 - - [10/Nov/2024:01:17:14 +0100] "GET /ticket2/opencms/system/modules/com.gridnine.opencms.ticketbrokerage.site/resources/css/standard.css HTTP/1.1" 200 73073
195.154.122.114 - - [10/Nov/2024:01:17:14 +0100] "GET /ticket2/opencms/system/modules/com.gridnine.opencms.ticketbrokerage.site/resources/css/jquery.fancybox.css HTTP/1.1" 200 4939
195.154.122.114 - - [10/Nov/2024:01:17:14 +0100] "GET /ticket2/opencms/system/modules/com.gridnine.opencms.ticketbrokerage.site/resources/css/ticketbrokerage.css HTTP/1.1" 200 39339
195.154.122.114 - - [10/Nov/2024:01:17:14 +0100] "GET /ticket2/opencms/system/modules/com.gridnine.opencms.ticketbrokerage.site/resources/js/jquery/jquery.js HTTP/1.1" 200 93868
195.154.122.114 - - [10/Nov/2024:01:17:14 +0100] "GET /ticket2/opencms/system/modules/com.gridnine.opencms.ticketbrokerage.site/resources/css/calendar.css HTTP/1.1" 200 6871
195.154.122.114 - - [10/Nov/2024:01:17:14 +0100] "GET /ticket2/opencms/system/modules/com.gridnine.opencms.ticketbrokerage.site/resources/js/jquery/jquery-ui.js HTTP/1.1" 200 228088
195.154.122.114 - - [10/Nov/2024:01:17:14 +0100] "GET /ticket2/opencms/system/modules/com.gridnine.opencms.ticketbrokerage.site/resources/js/calendar-en.js HTTP/1.1" 200 3338
195.154.122.114 - - [10/Nov/2024:01:17:14 +0100] "GET /ticket2/opencms/system/modules/com.gridnine.opencms.ticketbrokerage.site/resources/js/functions.js HTTP/1.1" 200 1583
195.154.122.114 - - [10/Nov/2024:01:17:14 +0100] "GET /ticket2/opencms/system/modules/com.gridnine.opencms.ticketbrokerage.site/resources/js/calendar-setup.js HTTP/1.1" 200 4923
195.154.122.114 - - [10/Nov/2024:01:17:14 +0100] "GET /ticket2/opencms/system/modules/com.gridnine.opencms.ticketbrokerage.site/resources/js/calendar.js HTTP/1.1" 200 49229
195.154.122.114 - - [10/Nov/2024:01:17:14 +0100] "GET /ticket2/opencms/system/modules/com.gridnine.opencms.ticketbrokerage.site/resources/js/jquery.fancybox.pack.js HTTP/1.1" 200 23187
195.154.122.114 - - [10/Nov/2024:01:17:14 +0100] "GET /ticket2/opencms/system/modules/com.gridnine.opencms.ticketbrokerage.site/resources/js/stickyfill.min.js HTTP/1.1" 200 5672
195.154.122.114 - - [10/Nov/2024:01:17:14 +0100] "GET /ticket2/opencms/system/modules/com.gridnine.opencms.ticketbrokerage.site/resources/js/standard.js HTTP/1.1" 200 3978
195.154.122.114 - - [10/Nov/2024:01:17:15 +0100] "GET /ticket2/opencms/system/modules/com.gridnine.opencms.ticketbrokerage.site/resources/js/jquery.placeholder.min.js HTTP/1.1" 200 1737
195.154.122.114 - - [10/Nov/2024:01:17:15 +0100] "GET /ticket2/opencms/system/modules/com.gridnine.opencms.ticketbrokerage.site/resources/js/common-ajax.js HTTP/1.1" 200 20175
81.167.26.57 - - [10/Nov/2024:01:17:15 +0100] "GET /ticket2/opencms/mo/buy/?page=1&edid=4850D7A2-1335-E7AC-9D3F-41B304FBAA4C HTTP/1.1" 200 121926
195.154.122.114 - - [10/Nov/2024:01:17:15 +0100] "GET /ticket2/opencms/system/modules/com.gridnine.opencms.ticketbrokerage.site/resources/js/standard.js HTTP/1.1" 200 3978
65.108.110.26 - - [10/Nov/2024:01:17:15 +0100] "GET /ticket2/opencms/it/buy/?page=1&edid=4A8989F3-1686-5872-E1B8-5372AB312373 HTTP/1.1" 200 108201
52.167.144.184 - - [10/Nov/2024:01:17:16 +0100] "GET /ticket2/opencms/en/buy?page=1&edid=E4669A58-D392-0EC8-F9B7-256D36456739 HTTP/1.1" 200 96917
192.95.30.177 - - [10/Nov/2024:01:17:17 +0100] "GET /ticket2/opencms/dk/en/buy/?page=1&edid=8315527E-802D-80DC-B98F-A4B19419163D&sortorder=desc&column=row HTTP/1.1" 404 -
81.167.26.57 - - [10/Nov/2024:01:17:19 +0100] "GET /ticket2/opencms/mo/buy/?page=1&edid=48F110A0-CF55-13C3-BFB3-A057F2A6E27A HTTP/1.1" 200 125183
65.108.110.26 - - [10/Nov/2024:01:17:19 +0100] "GET /ticket2/opencms/it/buy/?page=1&edid=4BB86639-5E8A-308E-E195-0856E56FD3F8 HTTP/1.1" 200 109931
80.203.59.87 - - [10/Nov/2024:01:17:19 +0100] "GET /ticket2/opencms/sv/buy?page=2&sodvid=666d3be6-6f54-4dfe-a35e-5c070a01000f HTTP/1.1" 200 112368
135.181.74.243 - - [10/Nov/2024:01:17:19 +0100] "GET /ticket2/opencms/dk/no/buy/?page=1&edid=47D4702F-48AA-DF69-B934-17BA6AAC0460&sortorder=desc&column=row HTTP/1.1" 404 -
80.203.59.87 - - [10/Nov/2024:01:17:19 +0100] "GET /ticket2/opencms/system/modules/com.gridnine.opencms.ticketbrokerage.site/resources/css/ticketbrokerage.css HTTP/1.1" 200 39339
80.203.59.87 - - [10/Nov/2024:01:17:19 +0100] "GET /ticket2/opencms/system/modules/com.gridnine.opencms.ticketbrokerage.site/resources/js/calendar-setup.js HTTP/1.1" 200 4923
80.203.59.87 - - [10/Nov/2024:01:17:19 +0100] "GET /ticket2/opencms/system/modules/com.gridnine.opencms.ticketbrokerage.site/resources/js/standard.js HTTP/1.1" 200 3978
80.203.59.87 - - [10/Nov/2024:01:17:19 +0100] "GET /ticket2/opencms/system/modules/com.gridnine.opencms.ticketbrokerage.site/resources/css/calendar.css HTTP/1.1" 200 6871
80.203.59.87 - - [10/Nov/2024:01:17:19 +0100] "GET /ticket2/opencms/system/modules/com.gridnine.opencms.ticketbrokerage.site/resources/js/calendar.js HTTP/1.1" 200 49229
80.203.59.87 - - [10/Nov/2024:01:17:19 +0100] "GET /ticket2/opencms/system/modules/com.gridnine.opencms.ticketbrokerage.site/resources/js/functions.js HTTP/1.1" 200 1583
80.203.59.87 - - [10/Nov/2024:01:17:19 +0100] "GET /ticket2/opencms/system/modules/com.gridnine.opencms.ticketbrokerage.site/resources/js/calendar-en.js HTTP/1.1" 200 3338
80.203.59.87 - - [10/Nov/2024:01:17:19 +0100] "GET /ticket2/opencms/system/modules/com.gridnine.opencms.ticketbrokerage.site/resources/css/standard.css HTTP/1.1" 200 73073
54.36.149.71 - - [10/Nov/2024:01:17:20 +0100] "GET /ticket2/opencms/es/buy/?page=1&edid=A097D631-1638-67A3-75EF-ECE1312263EC HTTP/1.1" 200 104487
80.203.59.87 - - [10/Nov/2024:01:17:20 +0100] "GET /ticket2/opencms/system/modules/com.gridnine.opencms.ticketbrokerage.site/resources/css/images/ui-bg_flat_75_ffffff_40x100.png HTTP/1.1" 404 -
194.247.173.99 - - [10/Nov/2024:01:17:21 +0100] "GET /ticket2/opencms/dk/ru/buy/?page=1&edid=187B4056-96F3-D93D-8767-3AE331DE390D&sortorder=desc&column=price HTTP/1.1" 404 -
81.167.26.57 - - [10/Nov/2024:01:17:22 +0100] "GET /ticket2/opencms/mo/buy/?page=1&edid=48F26EF6-82A1-E8D4-CC6F-2F1AD5851418 HTTP/1.1" 200 98779
65.108.110.26 - - [10/Nov/2024:01:17:22 +0100] "GET /ticket2/opencms/it/buy/?page=1&edid=4CDBC715-BC6C-15EB-10EF-16147FA80F71 HTTP/1.1" 200 108203
54.36.148.186 - - [10/Nov/2024:01:17:25 +0100] "GET /ticket2/opencms/dk/buy/?page=1&edid=979A80EE-C0D2-57E0-C882-1064B868BC30 HTTP/1.1" 200 115791
81.167.26.57 - - [10/Nov/2024:01:17:26 +0100] "GET /ticket2/opencms/mo/buy/?page=1&edid=490280ED-96FA-5EC6-1DCC-A75EC34A3EFC HTTP/1.1" 200 111255
65.108.110.26 - - [10/Nov/2024:01:17:26 +0100] "GET /ticket2/opencms/it/buy/?page=1&edid=4D0E8B6F-4A4C-13EE-EC78-4C4A42CB13B0 HTTP/1.1" 200 100394
192.95.30.177 - - [10/Nov/2024:01:17:26 +0100] "GET /ticket2/opencms/dk/en/buy/?page=1&edid=8315527E-802D-80DC-B98F-A4B19419163D&sortorder=desc&column=section HTTP/1.1" 404 -
194.247.173.99 - - [10/Nov/2024:01:17:27 +0100] "GET /ticket2/opencms/dk/ru/buy/?page=1&edid=18908639-C334-8D37-23D3-F8AC9105A9E3&sortorder=asc&column=row HTTP/1.1" 404 -
5.9.55.228 - - [10/Nov/2024:01:17:28 +0100] "GET /ticket2/opencms/it/buy?catid=1656e964-1e02-9a38-d092-65384e60b6ea&comcatid=97eca65a-72da-f9af-9dbb-245d3cfed1be&page=6 HTTP/1.1" 200 83617
65.108.110.26 - - [10/Nov/2024:01:17:29 +0100] "GET /ticket2/opencms/it/buy/?page=1&edid=4E3FD371-418F-2707-0FE4-F6E7006C81F9 HTTP/1.1" 200 100395
81.167.26.57 - - [10/Nov/2024:01:17:29 +0100] "GET /ticket2/opencms/mo/buy/?page=1&edid=490A3EB7-122E-45F6-B34E-808127A7B906 HTTP/1.1" 200 111618
135.181.74.243 - - [10/Nov/2024:01:17:29 +0100] "GET /ticket2/opencms/dk/no/buy/?page=1&edid=4AECE806-ED85-4753-01F5-684957AFF442&sortorder=asc&column=price HTTP/1.1" 404 -
54.36.149.93 - - [10/Nov/2024:01:17:30 +0100] "GET /ticket2/opencms/es/buy/?page=1&edid=D80510A1-AB6B-073C-B548-208C3C93C317 HTTP/1.1" 200 101935
65.108.110.26 - - [10/Nov/2024:01:17:32 +0100] "GET /ticket2/opencms/it/buy/?page=1&edid=4EFD7CD3-3CCD-738E-DDE8-5250B4FC1DE6 HTTP/1.1" 200 107730
66.249.76.224 - - [10/Nov/2024:01:17:32 +0100] "GET /ticket2/opencms/lt/buy?page=1&edid=1EC9B49C-3E71-53D7-479D-7C922516D58E HTTP/1.1" 200 126614
81.167.26.57 - - [10/Nov/2024:01:17:33 +0100] "GET /ticket2/opencms/mo/buy/?page=1&edid=49599CA7-0844-E2DA-A659-546B6DDC9473 HTTP/1.1" 200 98757
194.247.173.99 - - [10/Nov/2024:01:17:33 +0100] "GET /ticket2/opencms/dk/ru/buy/?page=1&edid=1964B21D-BF30-22BC-8931-DEC6C4EDF1DE HTTP/1.1" 404 -
65.108.110.26 - - [10/Nov/2024:01:17:35 +0100] "GET /ticket2/opencms/it/buy/?page=1&edid=5013A1E7-6B46-F1F8-6B39-0131EFEB0CDA HTTP/1.1" 200 108202
135.181.74.243 - - [10/Nov/2024:01:17:36 +0100] "GET /ticket2/opencms/dk/no/buy/?page=1&edid=4AECE806-ED85-4753-01F5-684957AFF442&sortorder=asc&column=section HTTP/1.1" 404 -
81.167.26.57 - - [10/Nov/2024:01:17:36 +0100] "GET /ticket2/opencms/mo/buy/?page=1&edid=4A20FC8C-AAFC-FDF0-B2AF-D242A54B9394 HTTP/1.1" 200 108064
185.191.171.4 - - [10/Nov/2024:01:17:36 +0100] "GET /ticket2/opencms/dk/search.html?searchQuery=Real%2BMadrid&submit HTTP/1.1" 200 99832
194.247.173.99 - - [10/Nov/2024:01:17:38 +0100] "GET /ticket2/opencms/dk/ru/buy/?page=1&edid=19E1E130-239D-825F-A5F3-74E3C641B339&sortorder=asc&column=row HTTP/1.1" 404 -
65.108.110.26 - - [10/Nov/2024:01:17:39 +0100] "GET /ticket2/opencms/it/buy/?page=1&edid=50375D23-8B44-5172-3FB1-755B660EE76F HTTP/1.1" 200 104240
81.167.26.57 - - [10/Nov/2024:01:17:39 +0100] "GET /ticket2/opencms/mo/buy/?page=1&edid=4A2B37C9-3D90-F2FE-13EA-D5249A2BEA8E HTTP/1.1" 200 98782
192.95.30.177 - - [10/Nov/2024:01:17:41 +0100] "GET /ticket2/opencms/dk/en/buy/?page=1&edid=84E60CC0-07DC-E0F0-0E9B-E329E5C69FB8&sortorder=asc&column=section HTTP/1.1" 404 -
66.249.79.5 - - [10/Nov/2024:01:17:41 +0100] "GET /ticket2/opencms/lt/buy/?page=1&edid=D712D542-2FD7-63E8-3EB9-EC4508B2CBC4 HTTP/1.1" 200 98777
80.203.59.87 - - [10/Nov/2024:01:17:41 +0100] "GET /ticket2/opencms/sv/buy/?page=1&edid=2684212B-FA50-DC4B-3CFA-1303E9638140 HTTP/1.1" 200 119505
80.203.59.87 - - [10/Nov/2024:01:17:42 +0100] "GET /ticket2/opencms/sv/ask-form.html HTTP/1.1" 200 2950
135.181.74.243 - - [10/Nov/2024:01:17:42 +0100] "GET /ticket2/opencms/dk/no/buy/?page=1&edid=8315527E-802D-80DC-B98F-A4B19419163D&sortorder=asc&column=price HTTP/1.1" 404 -
65.108.110.26 - - [10/Nov/2024:01:17:42 +0100] "GET /ticket2/opencms/it/buy/?page=1&edid=51B4378F-6A88-5221-C69B-C34E0BB6A16E HTTP/1.1" 200 107440
54.36.148.172 - - [10/Nov/2024:01:17:43 +0100] "GET /ticket2/opencms/be/buy?page=10&eventid=19AD6356-6E10-9C9F-9FF7-23862BF7038B&venueid=F72D7D8A-21AA-398A-828C-542FA85266B4 HTTP/1.1" 200 94731
81.167.26.57 - - [10/Nov/2024:01:17:43 +0100] "GET /ticket2/opencms/mo/buy/?page=1&edid=4A8989F3-1686-5872-E1B8-5372AB312373 HTTP/1.1" 200 108801
194.247.173.99 - - [10/Nov/2024:01:17:43 +0100] "GET /ticket2/opencms/dk/ru/buy/?page=1&edid=19E1E130-239D-825F-A5F3-74E3C641B339&sortorder=asc&column=section HTTP/1.1" 404 -
54.36.148.226 - - [10/Nov/2024:01:17:45 +0100] "GET /ticket2/opencms/es/buy/?page=1&edid=2E4F6694-4C6B-92DF-9C77-6D35DA0F2BB8 HTTP/1.1" 200 101936
65.108.110.26 - - [10/Nov/2024:01:17:46 +0100] "GET /ticket2/opencms/it/buy/?page=1&edid=51B4567B-19F2-A242-D969-4CD8EDBD80C5 HTTP/1.1" 200 107697
81.167.26.57 - - [10/Nov/2024:01:17:46 +0100] "GET /ticket2/opencms/mo/buy/?page=1&edid=4AD725E8-32BF-557B-C84C-ACBE0C56CBE4 HTTP/1.1" 200 102056
194.247.173.99 - - [10/Nov/2024:01:17:49 +0100] "GET /ticket2/opencms/dk/ru/buy/?page=1&edid=19E1E130-239D-825F-A5F3-74E3C641B339&sortorder=desc&column=row HTTP/1.1" 404 -
54.36.149.28 - - [10/Nov/2024:01:17:49 +0100] "GET /ticket2/opencms/be/buy?page=10&eventid=8089A138-5EE7-E43F-C342-AAB9352CA1D1&venueid=152137BD-51FA-C49F-6002-B503D5181B54 HTTP/1.1" 200 94452
65.108.110.26 - - [10/Nov/2024:01:17:49 +0100] "GET /ticket2/opencms/it/buy/?page=1&edid=525D0FCC-BA7F-4819-E364-A743609D8A75 HTTP/1.1" 200 107493
135.181.74.243 - - [10/Nov/2024:01:17:50 +0100] "GET /ticket2/opencms/dk/no/buy/?page=1&edid=8315527E-802D-80DC-B98F-A4B19419163D&sortorder=asc&column=row HTTP/1.1" 404 -
81.167.26.57 - - [10/Nov/2024:01:17:50 +0100] "GET /ticket2/opencms/mo/buy/?page=1&edid=4BB86639-5E8A-308E-E195-0856E56FD3F8 HTTP/1.1" 200 110436
65.108.110.26 - - [10/Nov/2024:01:17:52 +0100] "GET /ticket2/opencms/it/buy/?page=1&edid=545500C1-BB0B-5A7A-19F5-5BE1D1D185C5 HTTP/1.1" 200 107520
81.167.26.57 - - [10/Nov/2024:01:17:53 +0100] "GET /ticket2/opencms/mo/buy/?page=1&edid=4BF6A542-B6C8-E36E-90B2-447AC159728B HTTP/1.1" 200 98757
54.36.149.39 - - [10/Nov/2024:01:17:54 +0100] "GET /ticket2/opencms/no/buy?page=10&eventid=19AD6356-6E10-9C9F-9FF7-23862BF7038B&venueid=F72D7D8A-21AA-398A-828C-542FA85266B4 HTTP/1.1" 200 93606
192.95.30.177 - - [10/Nov/2024:01:17:54 +0100] "GET /ticket2/opencms/dk/en/buy/?page=1&edid=8583C3B4-68A3-FF6C-44E3-F622BF6F6133&sortorder=asc&column=section HTTP/1.1" 404 -
194.247.173.99 - - [10/Nov/2024:01:17:54 +0100] "GET /ticket2/opencms/dk/ru/buy/?page=1&edid=1B0DA330-38AA-5CD6-6C89-F2963014EF68&sortorder=asc&column=price HTTP/1.1" 404 -
135.181.74.243 - - [10/Nov/2024:01:17:56 +0100] "GET /ticket2/opencms/dk/no/buy/?page=1&edid=83770C76-3A87-E77A-A1A7-35E5BF583B35 HTTP/1.1" 404 -
65.108.110.26 - - [10/Nov/2024:01:17:56 +0100] "GET /ticket2/opencms/it/buy/?page=1&edid=57449F59-3EAF-BBAB-4AC9-B7A456A32485 HTTP/1.1" 200 113523
81.167.26.57 - - [10/Nov/2024:01:17:56 +0100] "GET /ticket2/opencms/mo/buy/?page=1&edid=4CA369BE-7848-7A9B-1CC8-A6F58FD34D24 HTTP/1.1" 200 113346
185.191.171.8 - - [10/Nov/2024:01:17:59 +0100] "GET /ticket2/opencms/dk/sport/fodboldbilletter/bundesliga/union_berlin/ HTTP/1.1" 200 92434
85.208.96.206 - - [10/Nov/2024:01:17:59 +0100] "GET /ticket2/opencms/cs/magazine/ HTTP/1.1" 200 121804
194.247.173.99 - - [10/Nov/2024:01:18:00 +0100] "GET /ticket2/opencms/dk/ru/buy/?page=1&edid=1B0DA330-38AA-5CD6-6C89-F2963014EF68&sortorder=asc&column=section HTTP/1.1" 404 -
65.108.110.26 - - [10/Nov/2024:01:18:00 +0100] "GET /ticket2/opencms/it/buy/?page=1&edid=58BBF638-5A76-A8D6-7263-FAE40850FA7F HTTP/1.1" 200 107441
81.167.26.57 - - [10/Nov/2024:01:18:01 +0100] "GET /ticket2/opencms/mo/buy/?page=1&edid=4CDBC715-BC6C-15EB-10EF-16147FA80F71 HTTP/1.1" 200 108803
85.208.96.211 - - [10/Nov/2024:01:18:01 +0100] "GET /ticket2/opencms/dk/sport/fodboldbilletter/premier-league/west_ham_united/ HTTP/1.1" 200 92851
54.36.148.94 - - [10/Nov/2024:01:18:01 +0100] "GET /ticket2/opencms/no/buy?page=10&eventid=8089A138-5EE7-E43F-C342-AAB9352CA1D1&venueid=152137BD-51FA-C49F-6002-B503D5181B54 HTTP/1.1" 200 93327
66.249.79.232 - - [10/Nov/2024:01:18:02 +0100] "GET /ticket2/opencms/bg/sport/futbolni-bileti/premier-league/tottenham HTTP/1.1" 200 97835
135.181.74.243 - - [10/Nov/2024:01:18:03 +0100] "GET /ticket2/opencms/dk/no/buy/?page=1&edid=84D443D8-F76D-EE4D-E188-432AA89346F4&sortorder=asc&column=price HTTP/1.1" 404 -
65.108.110.26 - - [10/Nov/2024:01:18:03 +0100] "GET /ticket2/opencms/it/buy/?page=1&edid=59510E33-7947-2FED-CC14-F0612B76476A HTTP/1.1" 200 104236
192.95.30.177 - - [10/Nov/2024:01:18:03 +0100] "GET /ticket2/opencms/dk/en/buy/?page=1&edid=867E5C69-A11C-A0A4-176A-7AA1621CA972 HTTP/1.1" 404 -
66.249.79.233 - - [10/Nov/2024:01:18:03 +0100] "GET /ticket2/opencms/cs/buy/?page=1&edid=112C184D-3A94-44FA-B313-A385348972F5 HTTP/1.1" 200 98600
81.167.26.57 - - [10/Nov/2024:01:18:04 +0100] "GET /ticket2/opencms/mo/buy/?page=1&edid=4DAA35EF-C139-DEFB-5916-EBE779C23EE3 HTTP/1.1" 200 121938
194.247.173.99 - - [10/Nov/2024:01:18:05 +0100] "GET /ticket2/opencms/dk/ru/buy/?page=1&edid=1B0DA330-38AA-5CD6-6C89-F2963014EF68&sortorder=desc&column=section HTTP/1.1" 404 -
54.36.148.103 - - [10/Nov/2024:01:18:05 +0100] "GET /ticket2/opencms/mt/buy?page=10&eventid=19AD6356-6E10-9C9F-9FF7-23862BF7038B&venueid=F72D7D8A-21AA-398A-828C-542FA85266B4 HTTP/1.1" 200 93978
65.108.110.26 - - [10/Nov/2024:01:18:07 +0100] "GET /ticket2/opencms/it/buy/?page=1&edid=59C05F18-21F2-267C-D1EB-43CE0819C99D HTTP/1.1" 200 114934
