65.108.64.210 - - [10/Nov/2024:01:28:38 +0100] "GET /ticket2/opencms/no/buy/?page=1&edid=1CEB7967-C20C-A921-EEEC-CF529EC1E8C1&sortorder=desc&column=row HTTP/1.1" 200 102409
192.95.30.177 - - [10/Nov/2024:01:28:39 +0100] "GET /ticket2/opencms/dk/fi/buy/?page=1&edid=6FB2CE89-5252-7849-74B5-62D30B694F3F&sortorder=desc&column=price HTTP/1.1" 404 -
65.108.46.72 - - [10/Nov/2024:01:28:39 +0100] "GET /ticket2/opencms/nl/buy/?page=1&edid=358070B4-8C45-0881-BDE4-7E85113C242B HTTP/1.1" 200 96427
65.108.64.210 - - [10/Nov/2024:01:28:40 +0100] "GET /ticket2/opencms/no/buy/?page=1&edid=1CEB7967-C20C-A921-EEEC-CF529EC1E8C1&sortorder=desc&column=section HTTP/1.1" 200 102593
65.108.64.210 - - [10/Nov/2024:01:28:42 +0100] "GET /ticket2/opencms/no/buy/?page=1&edid=1D9C4E83-75C7-ABF5-F43E-B206803FFAA5&sortorder=asc&column=price HTTP/1.1" 200 99458
54.36.149.25 - - [10/Nov/2024:01:28:42 +0100] "GET /ticket2/opencms/no/buy?page=1&edid=FD4DCA3B-ED43-1043-8648-63C229A27832 HTTP/1.1" 200 129478
192.95.30.177 - - [10/Nov/2024:01:28:42 +0100] "GET /ticket2/opencms/dk/fi/buy/?page=1&edid=6FB2CE89-5252-7849-74B5-62D30B694F3F&sortorder=desc&column=section HTTP/1.1" 404 -
135.181.74.243 - - [10/Nov/2024:01:28:43 +0100] "GET /ticket2/opencms/dk/no/buy/?page=1&edid=A0E1E3C5-926E-8F6B-8EB6-E38355A23A9B&sortorder=asc&column=price HTTP/1.1" 404 -
65.108.46.72 - - [10/Nov/2024:01:28:43 +0100] "GET /ticket2/opencms/nl/buy/?page=1&edid=3590293B-3580-7B39-A58A-6ECDB1E34543 HTTP/1.1" 200 121982
65.108.64.210 - - [10/Nov/2024:01:28:43 +0100] "GET /ticket2/opencms/no/buy/?page=1&edid=1D9C4E83-75C7-ABF5-F43E-B206803FFAA5&sortorder=asc&column=row HTTP/1.1" 200 99366
65.108.64.210 - - [10/Nov/2024:01:28:45 +0100] "GET /ticket2/opencms/no/buy/?page=1&edid=1D9C4E83-75C7-ABF5-F43E-B206803FFAA5&sortorder=asc&column=section HTTP/1.1" 200 99550
192.95.30.177 - - [10/Nov/2024:01:28:46 +0100] "GET /ticket2/opencms/dk/fi/buy/?page=1&edid=6FCA7C97-0DDE-F0C5-370E-597E0259B177&sortorder=asc&column=price HTTP/1.1" 404 -
65.108.46.72 - - [10/Nov/2024:01:28:46 +0100] "GET /ticket2/opencms/nl/buy/?page=1&edid=35CC7524-8A7A-7EC1-48FD-F1742720F1A5 HTTP/1.1" 200 105959
65.108.64.210 - - [10/Nov/2024:01:28:47 +0100] "GET /ticket2/opencms/no/buy/?page=1&edid=1D9CA4BE-FB3D-C126-7D02-F28EBE7434B9 HTTP/1.1" 200 101635
54.36.148.196 - - [10/Nov/2024:01:28:47 +0100] "GET /ticket2/opencms/es/buy/?page=1&edid=A4CA2F1E-95F7-CE47-5A50-DF7E2BC18D85 HTTP/1.1" 200 110254
52.167.144.222 - - [10/Nov/2024:01:28:48 +0100] "GET /ticket2/opencms/system/modules/com.gridnine.opencms.ticketbrokerage.site/resources/css/calendar.css HTTP/1.1" 200 6871
52.167.144.222 - - [10/Nov/2024:01:28:48 +0100] "GET /ticket2/opencms/system/modules/com.gridnine.opencms.ticketbrokerage.site/resources/css/jquery-ui.css HTTP/1.1" 200 33221
135.181.74.243 - - [10/Nov/2024:01:28:48 +0100] "GET /ticket2/opencms/dk/no/buy/?page=1&edid=A0E1E3C5-926E-8F6B-8EB6-E38355A23A9B&sortorder=asc&column=row HTTP/1.1" 404 -
65.108.64.210 - - [10/Nov/2024:01:28:48 +0100] "GET /ticket2/opencms/no/buy/?page=1&edid=1E25B326-4F8F-7BA0-5AB1-018D89AC8C22&sortorder=asc&column=price HTTP/1.1" 200 102269
65.108.46.72 - - [10/Nov/2024:01:28:50 +0100] "GET /ticket2/opencms/nl/buy/?page=1&edid=3624BB9D-BDA3-C6BF-E8FF-2DF1F5C3F73A HTTP/1.1" 200 96428
65.108.64.210 - - [10/Nov/2024:01:28:50 +0100] "GET /ticket2/opencms/no/buy/?page=1&edid=1E25B326-4F8F-7BA0-5AB1-018D89AC8C22&sortorder=asc&column=row HTTP/1.1" 200 102177
192.95.30.177 - - [10/Nov/2024:01:28:51 +0100] "GET /ticket2/opencms/dk/fi/buy/?page=1&edid=6FCA7C97-0DDE-F0C5-370E-597E0259B177&sortorder=asc&column=row HTTP/1.1" 404 -
65.108.64.210 - - [10/Nov/2024:01:28:52 +0100] "GET /ticket2/opencms/no/buy/?page=1&edid=1E25B326-4F8F-7BA0-5AB1-018D89AC8C22&sortorder=asc&column=section HTTP/1.1" 200 102361
40.77.167.131 - - [10/Nov/2024:01:28:52 +0100] "GET /ticket2/opencms/system/modules/com.gridnine.opencms.ticketbrokerage.site/resources/css/jquery.fancybox.css HTTP/1.1" 200 4939
65.108.46.72 - - [10/Nov/2024:01:28:53 +0100] "GET /ticket2/opencms/nl/buy/?page=1&edid=36AF1B5E-5A99-17FA-F2C9-AE0F1234F398 HTTP/1.1" 200 112275
65.108.64.210 - - [10/Nov/2024:01:28:53 +0100] "GET /ticket2/opencms/no/buy/?page=1&edid=1E3D68D0-19F7-185F-FFBF-951DC098077A HTTP/1.1" 200 100775
54.36.148.113 - - [10/Nov/2024:01:28:54 +0100] "GET /ticket2/opencms/no/buy?page=1&edid=11EFBC55-130A-2310-B776-C5D86878BDAB HTTP/1.1" 200 129627
40.77.167.131 - - [10/Nov/2024:01:28:54 +0100] "GET /ticket2/opencms/system/modules/com.gridnine.opencms.ticketbrokerage.site/resources/css/ticketbrokerage.css HTTP/1.1" 200 39339
135.181.74.243 - - [10/Nov/2024:01:28:55 +0100] "GET /ticket2/opencms/dk/no/buy/?page=1&edid=A0E1E3C5-926E-8F6B-8EB6-E38355A23A9B&sortorder=asc&column=section HTTP/1.1" 404 -
192.95.30.177 - - [10/Nov/2024:01:28:55 +0100] "GET /ticket2/opencms/dk/fi/buy/?page=1&edid=7044174B-9D59-EC54-D559-9C7BAD39A582&sortorder=asc&column=price HTTP/1.1" 404 -
65.108.64.210 - - [10/Nov/2024:01:28:55 +0100] "GET /ticket2/opencms/no/buy/?page=1&edid=1E5D761A-BBDD-587C-9352-411FED007F8A&sortorder=asc&column=price HTTP/1.1" 200 99467
65.108.46.72 - - [10/Nov/2024:01:28:57 +0100] "GET /ticket2/opencms/nl/buy/?page=1&edid=3706597D-01C1-24D2-0A1C-59FBD9F8851C HTTP/1.1" 200 99468
65.108.64.210 - - [10/Nov/2024:01:28:57 +0100] "GET /ticket2/opencms/no/buy/?page=1&edid=1E5D761A-BBDD-587C-9352-411FED007F8A&sortorder=asc&column=row HTTP/1.1" 200 99375
40.77.167.241 - - [10/Nov/2024:01:28:57 +0100] "GET /ticket2/opencms/system/modules/com.gridnine.opencms.ticketbrokerage.site/resources/css/standard.css HTTP/1.1" 200 73073
54.36.149.18 - - [10/Nov/2024:01:28:58 +0100] "GET /ticket2/opencms/no/buy?page=1&edid=DE6EAF1E-F0E3-BCEF-6FE9-789554B2D96C HTTP/1.1" 200 113512
65.108.64.210 - - [10/Nov/2024:01:28:59 +0100] "GET /ticket2/opencms/no/buy/?page=1&edid=1E5D761A-BBDD-587C-9352-411FED007F8A&sortorder=asc&column=section HTTP/1.1" 200 99559
192.95.30.177 - - [10/Nov/2024:01:28:59 +0100] "GET /ticket2/opencms/dk/fi/buy/?page=1&edid=7096723F-3AA2-C6C7-432B-FA3E62922FD4&sortorder=desc&column=price HTTP/1.1" 404 -
135.181.74.243 - - [10/Nov/2024:01:29:00 +0100] "GET /ticket2/opencms/dk/no/buy/?page=1&edid=A0E1E3C5-926E-8F6B-8EB6-E38355A23A9B&sortorder=desc&column=section HTTP/1.1" 404 -
65.108.46.72 - - [10/Nov/2024:01:29:00 +0100] "GET /ticket2/opencms/nl/buy/?page=1&edid=37459553-F765-6A83-58BB-25CA313B1325 HTTP/1.1" 200 98835
65.108.64.210 - - [10/Nov/2024:01:29:00 +0100] "GET /ticket2/opencms/no/buy/?page=1&edid=1FBDB794-B347-DB02-D8D5-2A81C43AD27B&sortorder=desc&column=price HTTP/1.1" 200 102717
65.108.64.210 - - [10/Nov/2024:01:29:02 +0100] "GET /ticket2/opencms/no/buy/?page=1&edid=208620A3-CAD7-367C-C114-D9C4D84F40F8&sortorder=asc&column=price HTTP/1.1" 200 101575
85.208.96.210 - - [10/Nov/2024:01:29:02 +0100] "GET /ticket2/opencms/fi/standard HTTP/1.1" 200 91851
192.95.30.177 - - [10/Nov/2024:01:29:03 +0100] "GET /ticket2/opencms/dk/fi/buy/?page=1&edid=7096723F-3AA2-C6C7-432B-FA3E62922FD4&sortorder=desc&column=section HTTP/1.1" 404 -
65.108.46.72 - - [10/Nov/2024:01:29:03 +0100] "GET /ticket2/opencms/nl/buy/?page=1&edid=37E2A4DD-118F-C378-83A2-20232412AB9C HTTP/1.1" 200 98637
54.36.148.119 - - [10/Nov/2024:01:29:03 +0100] "GET /ticket2/opencms/es/buy/?page=1&edid=70818629-9551-6DC7-FD0C-3665BC11B0F8 HTTP/1.1" 200 110255
216.244.66.237 - - [10/Nov/2024:01:29:04 +0100] "GET /ticket2/opencms/dk/robots.txt HTTP/1.1" 404 -
216.244.66.237 - - [10/Nov/2024:01:29:04 +0100] "GET /ticket2/opencms/dk/robots.txt HTTP/1.1" 404 -
65.108.64.210 - - [10/Nov/2024:01:29:04 +0100] "GET /ticket2/opencms/no/buy/?page=1&edid=20D0A50F-DC01-8C36-3990-4CFF36FD7BF1&sortorder=asc&column=price HTTP/1.1" 200 102269
135.181.74.243 - - [10/Nov/2024:01:29:05 +0100] "GET /ticket2/opencms/dk/no/buy/?page=1&edid=A1C79C52-AF0F-CE73-6268-8CCB4E600AB4&sortorder=asc&column=section HTTP/1.1" 404 -
65.108.64.210 - - [10/Nov/2024:01:29:06 +0100] "GET /ticket2/opencms/no/buy/?page=1&edid=20D0A50F-DC01-8C36-3990-4CFF36FD7BF1&sortorder=asc&column=row HTTP/1.1" 200 102177
65.108.46.72 - - [10/Nov/2024:01:29:06 +0100] "GET /ticket2/opencms/nl/buy/?page=1&edid=380022DF-63A1-5DA8-425A-027B0E0314C7 HTTP/1.1" 200 96426
192.95.30.177 - - [10/Nov/2024:01:29:07 +0100] "GET /ticket2/opencms/dk/fi/buy/?page=1&edid=709A2CF9-B8E5-0552-2285-BFE6641E87DD&sortorder=desc&column=row HTTP/1.1" 404 -
94.191.136.1 - - [10/Nov/2024:01:29:07 +0100] "GET /ticket2/opencms/sv/sport/fotbollsbiljetter/ HTTP/1.1" 200 87560
54.36.149.52 - - [10/Nov/2024:01:29:07 +0100] "GET /ticket2/opencms/sq/buy?page=10&eventid=19AD6356-6E10-9C9F-9FF7-23862BF7038B&venueid=F72D7D8A-21AA-398A-828C-542FA85266B4 HTTP/1.1" 200 93990
94.191.136.1 - - [10/Nov/2024:01:29:07 +0100] "GET /ticket2/opencms/system/modules/com.gridnine.opencms.ticketbrokerage.site/resources/js/jquery/jquery.js HTTP/1.1" 200 93868
94.191.136.1 - - [10/Nov/2024:01:29:07 +0100] "GET /ticket2/opencms/system/modules/com.gridnine.opencms.ticketbrokerage.site/resources/js/jquery/jquery-ui.js HTTP/1.1" 200 228088
94.191.136.1 - - [10/Nov/2024:01:29:07 +0100] "GET /ticket2/opencms/system/modules/com.gridnine.opencms.ticketbrokerage.site/resources/css/ticketbrokerage.css HTTP/1.1" 200 39339
94.191.136.1 - - [10/Nov/2024:01:29:07 +0100] "GET /ticket2/opencms/system/modules/com.gridnine.opencms.ticketbrokerage.site/resources/css/calendar.css HTTP/1.1" 200 6871
94.191.136.1 - - [10/Nov/2024:01:29:07 +0100] "GET /ticket2/opencms/system/modules/com.gridnine.opencms.ticketbrokerage.site/resources/css/jquery-ui.css HTTP/1.1" 200 33221
94.191.136.1 - - [10/Nov/2024:01:29:07 +0100] "GET /ticket2/opencms/system/modules/com.gridnine.opencms.ticketbrokerage.site/resources/css/jquery.fancybox.css HTTP/1.1" 200 4939
94.191.136.1 - - [10/Nov/2024:01:29:07 +0100] "GET /ticket2/opencms/system/modules/com.gridnine.opencms.ticketbrokerage.site/resources/css/standard.css HTTP/1.1" 200 73073
94.191.136.1 - - [10/Nov/2024:01:29:07 +0100] "GET /ticket2/opencms/system/modules/com.gridnine.opencms.ticketbrokerage.site/resources/js/functions.js HTTP/1.1" 200 1583
94.191.136.1 - - [10/Nov/2024:01:29:07 +0100] "GET /ticket2/opencms/system/modules/com.gridnine.opencms.ticketbrokerage.site/resources/js/calendar-en.js HTTP/1.1" 200 3338
94.191.136.1 - - [10/Nov/2024:01:29:07 +0100] "GET /ticket2/opencms/system/modules/com.gridnine.opencms.ticketbrokerage.site/resources/js/calendar.js HTTP/1.1" 200 49229
94.191.136.1 - - [10/Nov/2024:01:29:07 +0100] "GET /ticket2/opencms/system/modules/com.gridnine.opencms.ticketbrokerage.site/resources/js/calendar-setup.js HTTP/1.1" 200 4923
94.191.136.1 - - [10/Nov/2024:01:29:07 +0100] "GET /ticket2/opencms/system/modules/com.gridnine.opencms.ticketbrokerage.site/resources/js/jquery.fancybox.pack.js HTTP/1.1" 200 23187
94.191.136.1 - - [10/Nov/2024:01:29:07 +0100] "GET /ticket2/opencms/system/modules/com.gridnine.opencms.ticketbrokerage.site/resources/js/stickyfill.min.js HTTP/1.1" 200 5672
94.191.136.1 - - [10/Nov/2024:01:29:07 +0100] "GET /ticket2/opencms/system/modules/com.gridnine.opencms.ticketbrokerage.site/resources/js/jquery.placeholder.min.js HTTP/1.1" 200 1737
94.191.136.1 - - [10/Nov/2024:01:29:07 +0100] "GET /ticket2/opencms/system/modules/com.gridnine.opencms.ticketbrokerage.site/resources/js/standard.js HTTP/1.1" 200 3978
94.191.136.1 - - [10/Nov/2024:01:29:07 +0100] "GET /ticket2/opencms/system/modules/com.gridnine.opencms.ticketbrokerage.site/resources/js/common-ajax.js HTTP/1.1" 200 20175
94.191.136.1 - - [10/Nov/2024:01:29:08 +0100] "GET /ticket2/opencms/img/insta.png HTTP/1.1" 200 3967
94.191.136.1 - - [10/Nov/2024:01:29:08 +0100] "GET /ticket2/opencms/system/modules/com.gridnine.opencms.ticketbrokerage.site/resources/pics/logo-new.png HTTP/1.1" 200 13541
65.108.64.210 - - [10/Nov/2024:01:29:08 +0100] "GET /ticket2/opencms/no/buy/?page=1&edid=216BD13C-1C5D-1537-D6A7-092E68FD6924&sortorder=desc&column=price HTTP/1.1" 200 99487
94.191.136.1 - - [10/Nov/2024:01:29:08 +0100] "GET /ticket2/opencms/img/icons/globe-white.png HTTP/1.1" 200 947
94.191.136.1 - - [10/Nov/2024:01:29:08 +0100] "GET /ticket2/opencms/system/modules/com.gridnine.opencms.ticketbrokerage.site/resources/pics/banners/sv/football_sv.png HTTP/1.1" 200 13104
94.191.136.1 - - [10/Nov/2024:01:29:08 +0100] "GET /ticket2/opencms/img/fb.png HTTP/1.1" 200 1269
94.191.136.1 - - [10/Nov/2024:01:29:08 +0100] "GET /ticket2/opencms/system/modules/com.gridnine.opencms.ticketbrokerage.site/resources/pics/footer-img.jpg HTTP/1.1" 200 67642
94.191.136.1 - - [10/Nov/2024:01:29:08 +0100] "GET /ticket2/opencms/img/icons/en.png HTTP/1.1" 200 2415
94.191.136.1 - - [10/Nov/2024:01:29:08 +0100] "GET /ticket2/opencms/img/check.png HTTP/1.1" 200 548
94.191.136.1 - - [10/Nov/2024:01:29:08 +0100] "GET /ticket2/opencms/img/mail.png HTTP/1.1" 200 403
94.191.136.1 - - [10/Nov/2024:01:29:08 +0100] "GET /ticket2/opencms/img/chat.png HTTP/1.1" 200 416
94.191.136.1 - - [10/Nov/2024:01:29:08 +0100] "GET /ticket2/opencms/img/arrow.png HTTP/1.1" 200 753
94.191.136.1 - - [10/Nov/2024:01:29:08 +0100] "GET /ticket2/opencms/img/icons/fi.png HTTP/1.1" 200 1785
94.191.136.1 - - [10/Nov/2024:01:29:08 +0100] "GET /ticket2/opencms/img/icons/se.png HTTP/1.1" 200 1258
94.191.136.1 - - [10/Nov/2024:01:29:08 +0100] "GET /ticket2/opencms/img/icons/no.png HTTP/1.1" 200 1958
94.191.136.1 - - [10/Nov/2024:01:29:08 +0100] "GET /ticket2/opencms/img/icons/dk.png HTTP/1.1" 200 1706
94.191.136.1 - - [10/Nov/2024:01:29:08 +0100] "GET /ticket2/opencms/img/icons/nl.png HTTP/1.1" 200 1255
94.191.136.1 - - [10/Nov/2024:01:29:08 +0100] "GET /ticket2/opencms/img/icons/de.png HTTP/1.1" 200 1124
94.191.136.1 - - [10/Nov/2024:01:29:08 +0100] "GET /ticket2/opencms/img/icons/es.png HTTP/1.1" 200 1005
94.191.136.1 - - [10/Nov/2024:01:29:08 +0100] "GET /ticket2/opencms/img/icons/fr.png HTTP/1.1" 200 1764
94.191.136.1 - - [10/Nov/2024:01:29:08 +0100] "GET /ticket2/opencms/img/icons/bg.png HTTP/1.1" 200 788
94.191.136.1 - - [10/Nov/2024:01:29:08 +0100] "GET /ticket2/opencms/img/icons/hr.png HTTP/1.1" 200 2024
94.191.136.1 - - [10/Nov/2024:01:29:08 +0100] "GET /ticket2/opencms/img/icons/cs.png HTTP/1.1" 200 1883
94.191.136.1 - - [10/Nov/2024:01:29:08 +0100] "GET /ticket2/opencms/img/icons/el.png HTTP/1.1" 200 1637
94.191.136.1 - - [10/Nov/2024:01:29:08 +0100] "GET /ticket2/opencms/img/icons/ka.png HTTP/1.1" 200 860
94.191.136.1 - - [10/Nov/2024:01:29:08 +0100] "GET /ticket2/opencms/img/icons/is.png HTTP/1.1" 200 1884
94.191.136.1 - - [10/Nov/2024:01:29:08 +0100] "GET /ticket2/opencms/img/icons/ga.png HTTP/1.1" 200 1759
94.191.136.1 - - [10/Nov/2024:01:29:08 +0100] "GET /ticket2/opencms/img/icons/lv.png HTTP/1.1" 200 716
94.191.136.1 - - [10/Nov/2024:01:29:08 +0100] "GET /ticket2/opencms/img/icons/lt.png HTTP/1.1" 200 733
94.191.136.1 - - [10/Nov/2024:01:29:08 +0100] "GET /ticket2/opencms/img/icons/mt.png HTTP/1.1" 200 920
94.191.136.1 - - [10/Nov/2024:01:29:08 +0100] "GET /ticket2/opencms/img/icons/mo.png HTTP/1.1" 200 1468
94.191.136.1 - - [10/Nov/2024:01:29:08 +0100] "GET /ticket2/opencms/img/icons/ro.png HTTP/1.1" 200 1393
94.191.136.1 - - [10/Nov/2024:01:29:08 +0100] "GET /ticket2/opencms/img/icons/sr.png HTTP/1.1" 200 1602
94.191.136.1 - - [10/Nov/2024:01:29:08 +0100] "GET /ticket2/opencms/img/icons/sk.png HTTP/1.1" 200 1283
94.191.136.1 - - [10/Nov/2024:01:29:08 +0100] "GET /ticket2/opencms/img/icons/sl.png HTTP/1.1" 200 966
94.191.136.1 - - [10/Nov/2024:01:29:08 +0100] "GET /ticket2/opencms/img/icons/uk.png HTTP/1.1" 200 1272
94.191.136.1 - - [10/Nov/2024:01:29:08 +0100] "GET /ticket2/opencms/img/icons/tr.png HTTP/1.1" 200 1636
94.191.136.1 - - [10/Nov/2024:01:29:09 +0100] "GET /ticket2/opencms/img/icons/it.png HTTP/1.1" 200 2040
94.191.136.1 - - [10/Nov/2024:01:29:09 +0100] "GET /ticket2/opencms/img/icons/be.png HTTP/1.1" 200 1663
94.191.136.1 - - [10/Nov/2024:01:29:09 +0100] "GET /ticket2/opencms/img/icons/bs.png HTTP/1.1" 200 1014
94.191.136.1 - - [10/Nov/2024:01:29:09 +0100] "GET /ticket2/opencms/img/icons/et.png HTTP/1.1" 200 754
94.191.136.1 - - [10/Nov/2024:01:29:09 +0100] "GET /ticket2/opencms/img/icons/pl.png HTTP/1.1" 200 1578
94.191.136.1 - - [10/Nov/2024:01:29:09 +0100] "GET /ticket2/opencms/img/icons/sq.png HTTP/1.1" 200 1619
94.191.136.1 - - [10/Nov/2024:01:29:09 +0100] "GET /ticket2/opencms/img/icons/az.png HTTP/1.1" 200 1445
94.191.136.1 - - [10/Nov/2024:01:29:09 +0100] "GET /ticket2/opencms/img/icons/hu.png HTTP/1.1" 200 733
94.191.136.1 - - [10/Nov/2024:01:29:10 +0100] "GET /ticket2/opencms/system/modules/com.gridnine.opencms.ticketbrokerage.site/resources/js/standard.js HTTP/1.1" 200 3978
94.191.136.1 - - [10/Nov/2024:01:29:10 +0100] "GET /ticket2/opencms/img/icons/ticket2.thumbnail.png HTTP/1.1" 200 21519
65.108.64.210 - - [10/Nov/2024:01:29:10 +0100] "GET /ticket2/opencms/no/buy/?page=1&edid=216BD13C-1C5D-1537-D6A7-092E68FD6924&sortorder=desc&column=section HTTP/1.1" 200 99579
65.108.46.72 - - [10/Nov/2024:01:29:10 +0100] "GET /ticket2/opencms/nl/buy/?page=1&edid=380D9DCE-9F52-6635-EF3F-C6491C4BBEEF HTTP/1.1" 200 122959
135.181.74.243 - - [10/Nov/2024:01:29:11 +0100] "GET /ticket2/opencms/dk/no/buy/?page=1&edid=A248E444-59E2-CA58-6E5B-307E0CB67082&sortorder=asc&column=price HTTP/1.1" 404 -
192.95.30.177 - - [10/Nov/2024:01:29:11 +0100] "GET /ticket2/opencms/dk/fi/buy/?page=1&edid=709A2CF9-B8E5-0552-2285-BFE6641E87DD&sortorder=desc&column=section HTTP/1.1" 404 -
94.191.136.1 - - [10/Nov/2024:01:29:11 +0100] "GET /ticket2/opencms/system/modules/com.gridnine.opencms.ticketbrokerage.site/resources/css/images/ui-bg_flat_75_ffffff_40x100.png HTTP/1.1" 404 -
65.108.64.210 - - [10/Nov/2024:01:29:12 +0100] "GET /ticket2/opencms/no/buy/?page=1&edid=2175AB22-B4EA-B727-B0F8-7317ABD0AD46&sortorder=desc&column=price HTTP/1.1" 200 99461
54.36.148.58 - - [10/Nov/2024:01:29:13 +0100] "GET /ticket2/opencms/no/buy?page=1&edid=3289C097-2261-9433-8644-DF033A9EE354 HTTP/1.1" 200 130383
65.108.64.210 - - [10/Nov/2024:01:29:14 +0100] "GET /ticket2/opencms/no/buy/?page=1&edid=21EF92CB-3081-F814-3BC2-7D65056D85F1 HTTP/1.1" 200 102101
65.108.46.72 - - [10/Nov/2024:01:29:14 +0100] "GET /ticket2/opencms/nl/buy/?page=1&edid=382200F9-A319-F215-14F8-C7B4677A39A9 HTTP/1.1" 200 96468
47.128.43.5 - - [10/Nov/2024:01:29:14 +0100] "GET /ticket2/opencms/is/buy/?edid=C51DC9BA-8ED0-8D5F-A005-77B2B61DA7C9 HTTP/1.1" 200 81480
192.95.30.177 - - [10/Nov/2024:01:29:15 +0100] "GET /ticket2/opencms/dk/fi/buy/?page=1&edid=70AA95CC-0F01-4970-97B9-5BD4C290D6AC HTTP/1.1" 404 -
65.108.64.210 - - [10/Nov/2024:01:29:15 +0100] "GET /ticket2/opencms/no/buy/?page=1&edid=22AC4A95-2CD1-FED9-FA96-6996ADA21A0F HTTP/1.1" 200 100318
94.191.136.1 - - [10/Nov/2024:01:29:15 +0100] "GET /ticket2/opencms/system/modules/com.gridnine.opencms.ticketbrokerage.site/resources/css/images/ui-bg_glass_75_dadada_1x400.png HTTP/1.1" 404 -
135.181.74.243 - - [10/Nov/2024:01:29:17 +0100] "GET /ticket2/opencms/dk/no/buy/?page=1&edid=A248E444-59E2-CA58-6E5B-307E0CB67082&sortorder=asc&column=row HTTP/1.1" 404 -
65.108.64.210 - - [10/Nov/2024:01:29:17 +0100] "GET /ticket2/opencms/no/buy/?page=1&edid=2378B1DF-05D3-A4D5-C075-773EAEDDDB51&sortorder=asc&column=section HTTP/1.1" 200 102153
65.108.46.72 - - [10/Nov/2024:01:29:17 +0100] "GET /ticket2/opencms/nl/buy/?page=1&edid=38B8C558-DD1D-6008-21F8-CA8931E9D013 HTTP/1.1" 200 102423
54.36.149.70 - - [10/Nov/2024:01:29:17 +0100] "GET /ticket2/opencms/de/sport/fussball-tickets/serie_a/torino/ HTTP/1.1" 200 88725
94.191.136.1 - - [10/Nov/2024:01:29:17 +0100] "GET /ticket2/opencms/sv/search.html?searchQuery=Liverpool&submit= HTTP/1.1" 200 117980
94.191.136.1 - - [10/Nov/2024:01:29:18 +0100] "GET /ticket2/opencms/system/modules/com.gridnine.opencms.ticketbrokerage.site/resources/css/ticketbrokerage.css HTTP/1.1" 200 39339
94.191.136.1 - - [10/Nov/2024:01:29:18 +0100] "GET /ticket2/opencms/system/modules/com.gridnine.opencms.ticketbrokerage.site/resources/js/calendar-setup.js HTTP/1.1" 200 4923
94.191.136.1 - - [10/Nov/2024:01:29:18 +0100] "GET /ticket2/opencms/system/modules/com.gridnine.opencms.ticketbrokerage.site/resources/css/calendar.css HTTP/1.1" 200 6871
94.191.136.1 - - [10/Nov/2024:01:29:18 +0100] "GET /ticket2/opencms/system/modules/com.gridnine.opencms.ticketbrokerage.site/resources/js/standard.js HTTP/1.1" 200 3978
94.191.136.1 - - [10/Nov/2024:01:29:18 +0100] "GET /ticket2/opencms/system/modules/com.gridnine.opencms.ticketbrokerage.site/resources/js/calendar.js HTTP/1.1" 200 49229
94.191.136.1 - - [10/Nov/2024:01:29:18 +0100] "GET /ticket2/opencms/system/modules/com.gridnine.opencms.ticketbrokerage.site/resources/css/standard.css HTTP/1.1" 200 73073
94.191.136.1 - - [10/Nov/2024:01:29:18 +0100] "GET /ticket2/opencms/system/modules/com.gridnine.opencms.ticketbrokerage.site/resources/js/functions.js HTTP/1.1" 200 1583
94.191.136.1 - - [10/Nov/2024:01:29:18 +0100] "GET /ticket2/opencms/system/modules/com.gridnine.opencms.ticketbrokerage.site/resources/js/calendar-en.js HTTP/1.1" 200 3338
94.191.136.1 - - [10/Nov/2024:01:29:18 +0100] "GET /ticket2/opencms/system/modules/com.gridnine.opencms.ticketbrokerage.site/resources/pics/bank_1_nordea.png HTTP/1.1" 200 4807
94.191.136.1 - - [10/Nov/2024:01:29:18 +0100] "GET /ticket2/opencms/system/modules/com.gridnine.opencms.ticketbrokerage.site/resources/pics/bank_2_handelsbanken.png HTTP/1.1" 200 4509
94.191.136.1 - - [10/Nov/2024:01:29:18 +0100] "GET /ticket2/opencms/system/modules/com.gridnine.opencms.ticketbrokerage.site/resources/pics/bank_3_swedbank.png HTTP/1.1" 200 5740
94.191.136.1 - - [10/Nov/2024:01:29:18 +0100] "GET /ticket2/opencms/system/modules/com.gridnine.opencms.ticketbrokerage.site/resources/pics/bank_4_seb.png HTTP/1.1" 200 2487
94.191.136.1 - - [10/Nov/2024:01:29:18 +0100] "GET /ticket2/opencms/sv/ask-form.html HTTP/1.1" 200 2950
94.191.136.1 - - [10/Nov/2024:01:29:18 +0100] "GET /ticket2/opencms/system/modules/com.gridnine.opencms.ticketbrokerage.site/resources/pics/bank_5_visa_mastercard.png HTTP/1.1" 200 8196
94.191.136.1 - - [10/Nov/2024:01:29:18 +0100] "GET /ticket2/opencms/system/modules/com.gridnine.opencms.ticketbrokerage.site/resources/pics/bank_6_american_express.png HTTP/1.1" 200 5570
94.191.136.1 - - [10/Nov/2024:01:29:18 +0100] "GET /ticket2/opencms/system/modules/com.gridnine.opencms.ticketbrokerage.site/resources/pics/arrow.gif HTTP/1.1" 200 344
94.191.136.1 - - [10/Nov/2024:01:29:18 +0100] "GET /ticket2/opencms/system/modules/com.gridnine.opencms.ticketbrokerage.site/resources/pics/form_marker.gif HTTP/1.1" 200 43
94.191.136.1 - - [10/Nov/2024:01:29:18 +0100] "GET /ticket2/opencms/system/modules/com.gridnine.opencms.ticketbrokerage.site/resources/css/ticketbrokerage.css HTTP/1.1" 200 39339
94.191.136.1 - - [10/Nov/2024:01:29:18 +0100] "GET /ticket2/opencms/system/modules/com.gridnine.opencms.ticketbrokerage.site/resources/pics/button1_left.gif HTTP/1.1" 200 232
94.191.136.1 - - [10/Nov/2024:01:29:18 +0100] "GET /ticket2/opencms/system/modules/com.gridnine.opencms.ticketbrokerage.site/resources/pics/button1_center.gif HTTP/1.1" 200 66
94.191.136.1 - - [10/Nov/2024:01:29:18 +0100] "GET /ticket2/opencms/system/modules/com.gridnine.opencms.ticketbrokerage.site/resources/pics/button1_right.gif HTTP/1.1" 200 232
192.95.30.177 - - [10/Nov/2024:01:29:18 +0100] "GET /ticket2/opencms/dk/fi/buy/?page=1&edid=70AA95CC-0F01-4970-97B9-5BD4C290D6AC&sortorder=desc&column=price HTTP/1.1" 404 -
65.108.64.210 - - [10/Nov/2024:01:29:19 +0100] "GET /ticket2/opencms/no/buy/?page=1&edid=2387A9F6-2893-0EA8-6B0C-F585494E177E&sortorder=desc&column=price HTTP/1.1" 200 102743
85.208.96.198 - - [10/Nov/2024:01:29:19 +0100] "GET /ticket2/opencms/hr/login/ HTTP/1.1" 200 83168
94.191.136.1 - - [10/Nov/2024:01:29:19 +0100] "GET /ticket2/opencms/system/modules/com.gridnine.opencms.ticketbrokerage.site/resources/css/images/ui-bg_flat_75_ffffff_40x100.png HTTP/1.1" 404 -
40.77.167.71 - - [10/Nov/2024:01:29:19 +0100] "GET /ticket2/opencms/ka/login HTTP/1.1" 200 84391
65.108.64.210 - - [10/Nov/2024:01:29:20 +0100] "GET /ticket2/opencms/no/buy/?page=1&edid=2387A9F6-2893-0EA8-6B0C-F585494E177E&sortorder=desc&column=row HTTP/1.1" 200 102651
65.108.46.72 - - [10/Nov/2024:01:29:20 +0100] "GET /ticket2/opencms/nl/buy/?page=1&edid=38BD011F-E307-1808-7BE3-74470A609319 HTTP/1.1" 200 96436
54.36.148.55 - - [10/Nov/2024:01:29:22 +0100] "GET /ticket2/opencms/sq/buy?page=10&eventid=8089A138-5EE7-E43F-C342-AAB9352CA1D1&venueid=152137BD-51FA-C49F-6002-B503D5181B54 HTTP/1.1" 200 93711
65.108.64.210 - - [10/Nov/2024:01:29:22 +0100] "GET /ticket2/opencms/no/buy/?page=1&edid=244792DB-2B95-DDFE-17C6-89F982F2033C&sortorder=desc&column=row HTTP/1.1" 200 99400
192.95.30.177 - - [10/Nov/2024:01:29:22 +0100] "GET /ticket2/opencms/dk/fi/buy/?page=1&edid=70AA95CC-0F01-4970-97B9-5BD4C290D6AC&sortorder=desc&column=section HTTP/1.1" 404 -
135.181.74.243 - - [10/Nov/2024:01:29:23 +0100] "GET /ticket2/opencms/dk/no/buy/?page=1&edid=A248E444-59E2-CA58-6E5B-307E0CB67082&sortorder=asc&column=section HTTP/1.1" 404 -
65.108.64.210 - - [10/Nov/2024:01:29:24 +0100] "GET /ticket2/opencms/no/buy/?page=1&edid=244792DB-2B95-DDFE-17C6-89F982F2033C&sortorder=desc&column=section HTTP/1.1" 200 99584
65.108.46.72 - - [10/Nov/2024:01:29:24 +0100] "GET /ticket2/opencms/nl/buy/?page=1&edid=397521D5-C7AB-930B-258F-17E9104F07FF HTTP/1.1" 200 99737
65.108.64.210 - - [10/Nov/2024:01:29:25 +0100] "GET /ticket2/opencms/no/buy/?page=1&edid=24C6651D-049D-EEC7-C880-1C8505D9B8E1&sortorder=asc&column=price HTTP/1.1" 200 99464
192.95.30.177 - - [10/Nov/2024:01:29:26 +0100] "GET /ticket2/opencms/dk/fi/buy/?page=1&edid=70E42281-FC73-018D-66E6-731A7D90AA13 HTTP/1.1" 404 -
65.108.64.210 - - [10/Nov/2024:01:29:27 +0100] "GET /ticket2/opencms/no/buy/?page=1&edid=24C6651D-049D-EEC7-C880-1C8505D9B8E1&sortorder=asc&column=section HTTP/1.1" 200 99556
65.108.46.72 - - [10/Nov/2024:01:29:28 +0100] "GET /ticket2/opencms/nl/buy/?page=1&edid=39CE598D-FC19-9CD8-F22D-3F7964FACAB9 HTTP/1.1" 200 112611
135.181.74.243 - - [10/Nov/2024:01:29:28 +0100] "GET /ticket2/opencms/dk/no/buy/?page=1&edid=A248E444-59E2-CA58-6E5B-307E0CB67082&sortorder=desc&column=row HTTP/1.1" 404 -
65.108.64.210 - - [10/Nov/2024:01:29:29 +0100] "GET /ticket2/opencms/no/buy/?page=1&edid=2580EFD9-5BA4-738B-D051-8FCD624442F6&sortorder=desc&column=section HTTP/1.1" 200 102813
192.95.30.177 - - [10/Nov/2024:01:29:30 +0100] "GET /ticket2/opencms/dk/fi/buy/?page=1&edid=71698F2E-1C68-DC0D-22EE-FD9B2AEF4453&sortorder=asc&column=price HTTP/1.1" 404 -
54.36.148.90 - - [10/Nov/2024:01:29:30 +0100] "GET /ticket2/opencms/es/buy/?page=1&edid=25E480BD-3146-6437-2F16-290C8FABFD21 HTTP/1.1" 200 107730
65.108.64.210 - - [10/Nov/2024:01:29:31 +0100] "GET /ticket2/opencms/no/buy/?page=1&edid=2660205E-3046-2335-41BF-48416E2E0F4C&sortorder=asc&column=section HTTP/1.1" 200 102140
65.108.46.72 - - [10/Nov/2024:01:29:31 +0100] "GET /ticket2/opencms/nl/buy/?page=1&edid=3A899F3D-4563-653B-4B43-C09A35CA2BD9 HTTP/1.1" 200 121981
66.249.78.2 - - [10/Nov/2024:01:29:32 +0100] "GET /ticket2/opencms/cs/buy/?page=1&edid=72113169-CE1D-B963-8867-381A95276A39 HTTP/1.1" 200 134901
65.108.64.210 - - [10/Nov/2024:01:29:32 +0100] "GET /ticket2/opencms/no/buy/?page=1&edid=266863E9-0D4A-8983-3D6E-89AEC4F0BA41 HTTP/1.1" 200 101934
135.181.74.243 - - [10/Nov/2024:01:29:32 +0100] "GET /ticket2/opencms/dk/no/buy/?page=1&edid=A42468F2-2132-FBF5-F067-C842FEC4FD25&sortorder=desc&column=section HTTP/1.1" 404 -
66.249.79.5 - - [10/Nov/2024:01:29:33 +0100] "GET /ticket2/opencms/lt/faq HTTP/1.1" 200 81943
192.95.30.177 - - [10/Nov/2024:01:29:34 +0100] "GET /ticket2/opencms/dk/fi/buy/?page=1&edid=716F15C9-42CE-5192-C005-50D592325C6C&sortorder=asc&column=price HTTP/1.1" 404 -
65.108.64.210 - - [10/Nov/2024:01:29:34 +0100] "GET /ticket2/opencms/no/buy/?page=1&edid=266863E9-0D4A-8983-3D6E-89AEC4F0BA41&sortorder=desc&column=price HTTP/1.1" 200 103257
65.108.46.72 - - [10/Nov/2024:01:29:34 +0100] "GET /ticket2/opencms/nl/buy/?page=1&edid=3AAD2194-7D27-1E14-1F37-DA3A90110F57 HTTP/1.1" 200 96427
54.36.149.60 - - [10/Nov/2024:01:29:35 +0100] "GET /ticket2/opencms/sl/buy?page=10&eventid=19AD6356-6E10-9C9F-9FF7-23862BF7038B&venueid=F72D7D8A-21AA-398A-828C-542FA85266B4 HTTP/1.1" 200 93852
85.208.96.210 - - [10/Nov/2024:01:29:35 +0100] "GET /ticket2/opencms/en/terms_of_service/ HTTP/1.1" 200 87895
65.108.64.210 - - [10/Nov/2024:01:29:36 +0100] "GET /ticket2/opencms/no/buy/?page=1&edid=266863E9-0D4A-8983-3D6E-89AEC4F0BA41&sortorder=desc&column=row HTTP/1.1" 200 103165
135.181.74.243 - - [10/Nov/2024:01:29:37 +0100] "GET /ticket2/opencms/dk/no/buy/?page=1&edid=A4D94636-D345-18DC-127A-DB6942A49412&sortorder=desc&column=price HTTP/1.1" 404 -
65.108.64.210 - - [10/Nov/2024:01:29:38 +0100] "GET /ticket2/opencms/no/buy/?page=1&edid=266863E9-0D4A-8983-3D6E-89AEC4F0BA41&sortorder=desc&column=section HTTP/1.1" 200 103349
94.191.136.1 - - [10/Nov/2024:01:29:38 +0100] "GET /ticket2/opencms/sv/buy/?page=1&edid=11EFBC55-130A-2310-B776-C5D86878BDAB HTTP/1.1" 200 129167
94.191.136.1 - - [10/Nov/2024:01:29:38 +0100] "GET /ticket2/opencms/system/modules/com.gridnine.opencms.ticketbrokerage.site/resources/css/calendar.css HTTP/1.1" 200 6871
94.191.136.1 - - [10/Nov/2024:01:29:38 +0100] "GET /ticket2/opencms/system/modules/com.gridnine.opencms.ticketbrokerage.site/resources/css/ticketbrokerage.css HTTP/1.1" 200 39339
94.191.136.1 - - [10/Nov/2024:01:29:38 +0100] "GET /ticket2/opencms/system/modules/com.gridnine.opencms.ticketbrokerage.site/resources/js/calendar-en.js HTTP/1.1" 200 3338
94.191.136.1 - - [10/Nov/2024:01:29:38 +0100] "GET /ticket2/opencms/system/modules/com.gridnine.opencms.ticketbrokerage.site/resources/css/standard.css HTTP/1.1" 200 73073
65.108.46.72 - - [10/Nov/2024:01:29:38 +0100] "GET /ticket2/opencms/nl/buy/?page=1&edid=3B157B14-2ACC-30A7-0D5C-8313AB0A1A32 HTTP/1.1" 200 123037
94.191.136.1 - - [10/Nov/2024:01:29:38 +0100] "GET /ticket2/opencms/system/modules/com.gridnine.opencms.ticketbrokerage.site/resources/js/functions.js HTTP/1.1" 200 1583
94.191.136.1 - - [10/Nov/2024:01:29:38 +0100] "GET /ticket2/opencms/system/modules/com.gridnine.opencms.ticketbrokerage.site/resources/js/calendar.js HTTP/1.1" 200 49229
94.191.136.1 - - [10/Nov/2024:01:29:38 +0100] "GET /ticket2/opencms/system/modules/com.gridnine.opencms.ticketbrokerage.site/resources/js/calendar-setup.js HTTP/1.1" 200 4923
94.191.136.1 - - [10/Nov/2024:01:29:38 +0100] "GET /ticket2/opencms/venue/anfield.png HTTP/1.1" 200 21218
94.191.136.1 - - [10/Nov/2024:01:29:38 +0100] "GET /ticket2/opencms/system/modules/com.gridnine.opencms.ticketbrokerage.site/resources/pics/0.gif HTTP/1.1" 200 43
94.191.136.1 - - [10/Nov/2024:01:29:38 +0100] "GET /ticket2/opencms/img/icons/hy.png HTTP/1.1" 200 1170
94.191.136.1 - - [10/Nov/2024:01:29:38 +0100] "GET /ticket2/opencms/system/modules/com.gridnine.opencms.ticketbrokerage.site/resources/pics/two_man.png HTTP/1.1" 200 3407
94.191.136.1 - - [10/Nov/2024:01:29:38 +0100] "GET /ticket2/opencms/system/modules/com.gridnine.opencms.ticketbrokerage.site/resources/pics/ticket_info_button.png HTTP/1.1" 200 3820
94.191.136.1 - - [10/Nov/2024:01:29:38 +0100] "GET /ticket2/opencms/sv/ask-form.html HTTP/1.1" 200 2950
94.191.136.1 - - [10/Nov/2024:01:29:38 +0100] "GET /ticket2/opencms/img/icons/mk.png HTTP/1.1" 200 1405
94.191.136.1 - - [10/Nov/2024:01:29:38 +0100] "GET /ticket2/opencms/img/arrow-down.png HTTP/1.1" 200 192
94.191.136.1 - - [10/Nov/2024:01:29:38 +0100] "GET /ticket2/opencms/system/modules/com.gridnine.opencms.ticketbrokerage.site/resources/css/ticketbrokerage.css HTTP/1.1" 200 39339
192.95.30.177 - - [10/Nov/2024:01:29:39 +0100] "GET /ticket2/opencms/dk/fi/buy/?page=1&edid=716F15C9-42CE-5192-C005-50D592325C6C&sortorder=asc&column=row HTTP/1.1" 404 -
54.36.148.211 - - [10/Nov/2024:01:29:39 +0100] "GET /ticket2/opencms/es/buy?page=10&eventid=19AD6356-6E10-9C9F-9FF7-23862BF7038B&venueid=F72D7D8A-21AA-398A-828C-542FA85266B4 HTTP/1.1" 200 93620
65.108.64.210 - - [10/Nov/2024:01:29:39 +0100] "GET /ticket2/opencms/no/buy/?page=1&edid=266EF3DD-CC6D-8D2B-78A3-67D5640F9FA5 HTTP/1.1" 200 101926
94.191.136.1 - - [10/Nov/2024:01:29:40 +0100] "GET /ticket2/opencms/system/modules/com.gridnine.opencms.ticketbrokerage.site/resources/css/images/ui-bg_flat_75_ffffff_40x100.png HTTP/1.1" 404 -
65.108.64.210 - - [10/Nov/2024:01:29:41 +0100] "GET /ticket2/opencms/no/buy/?page=1&edid=266EF3DD-CC6D-8D2B-78A3-67D5640F9FA5&sortorder=desc&column=price HTTP/1.1" 200 103249
65.108.46.72 - - [10/Nov/2024:01:29:42 +0100] "GET /ticket2/opencms/nl/buy/?page=1&edid=3B2DD9A6-8906-C64F-74F1-E2152AA05C80 HTTP/1.1" 200 105961
135.181.74.243 - - [10/Nov/2024:01:29:42 +0100] "GET /ticket2/opencms/dk/no/buy/?page=1&edid=A4D94636-D345-18DC-127A-DB6942A49412&sortorder=desc&column=section HTTP/1.1" 404 -
192.95.30.177 - - [10/Nov/2024:01:29:42 +0100] "GET /ticket2/opencms/dk/fi/buy/?page=1&edid=716F15C9-42CE-5192-C005-50D592325C6C&sortorder=asc&column=section HTTP/1.1" 404 -
65.108.64.210 - - [10/Nov/2024:01:29:43 +0100] "GET /ticket2/opencms/no/buy/?page=1&edid=266EF3DD-CC6D-8D2B-78A3-67D5640F9FA5&sortorder=desc&column=row HTTP/1.1" 200 103157
65.108.64.210 - - [10/Nov/2024:01:29:45 +0100] "GET /ticket2/opencms/no/buy/?page=1&edid=268F6694-F84C-E40C-EBC1-404E5051D05D&sortorder=desc&column=price HTTP/1.1" 200 103224
65.108.46.72 - - [10/Nov/2024:01:29:45 +0100] "GET /ticket2/opencms/nl/buy/?page=1&edid=3BDAF33D-50D2-45C6-26D6-3F2B5E36F1B0 HTTP/1.1" 200 96465
54.36.149.51 - - [10/Nov/2024:01:29:45 +0100] "GET /ticket2/opencms/es/buy?page=10&eventid=8089A138-5EE7-E43F-C342-AAB9352CA1D1&venueid=152137BD-51FA-C49F-6002-B503D5181B54 HTTP/1.1" 200 93341
65.108.64.210 - - [10/Nov/2024:01:29:46 +0100] "GET /ticket2/opencms/no/buy/?page=1&edid=268F6694-F84C-E40C-EBC1-404E5051D05D&sortorder=desc&column=row HTTP/1.1" 200 103132
135.181.74.243 - - [10/Nov/2024:01:29:46 +0100] "GET /ticket2/opencms/dk/no/buy/?page=1&edid=A65992FA-C69F-7F2B-140A-AAB5DFE65FDB&sortorder=asc&column=row HTTP/1.1" 404 -
192.95.30.177 - - [10/Nov/2024:01:29:46 +0100] "GET /ticket2/opencms/dk/fi/buy/?page=1&edid=71F4B3AC-4D73-186A-EB10-1663B04184B6 HTTP/1.1" 404 -
65.108.64.210 - - [10/Nov/2024:01:29:48 +0100] "GET /ticket2/opencms/no/buy/?page=1&edid=268F6694-F84C-E40C-EBC1-404E5051D05D&sortorder=desc&column=section HTTP/1.1" 200 103316
65.108.46.72 - - [10/Nov/2024:01:29:48 +0100] "GET /ticket2/opencms/nl/buy/?page=1&edid=3CD7956F-5F28-BF4C-1F66-E07360DC71F8 HTTP/1.1" 200 96428
54.36.148.172 - - [10/Nov/2024:01:29:50 +0100] "GET /ticket2/opencms/sl/buy?page=10&eventid=8089A138-5EE7-E43F-C342-AAB9352CA1D1&venueid=152137BD-51FA-C49F-6002-B503D5181B54 HTTP/1.1" 200 93573
65.108.64.210 - - [10/Nov/2024:01:29:50 +0100] "GET /ticket2/opencms/no/buy/?page=1&edid=26946324-80EA-5BC2-A081-74A9001A9422&sortorder=asc&column=price HTTP/1.1" 200 103374
192.95.30.177 - - [10/Nov/2024:01:29:50 +0100] "GET /ticket2/opencms/dk/fi/buy/?page=1&edid=71F4B3AC-4D73-186A-EB10-1663B04184B6&sortorder=asc&column=price HTTP/1.1" 404 -
135.181.74.243 - - [10/Nov/2024:01:29:51 +0100] "GET /ticket2/opencms/dk/no/buy/?page=1&edid=A78A72B3-2814-DC13-6F59-77132C171711&sortorder=asc&column=price HTTP/1.1" 404 -
65.108.64.210 - - [10/Nov/2024:01:29:51 +0100] "GET /ticket2/opencms/no/buy/?page=1&edid=26946324-80EA-5BC2-A081-74A9001A9422&sortorder=asc&column=row HTTP/1.1" 200 103282
65.108.46.72 - - [10/Nov/2024:01:29:51 +0100] "GET /ticket2/opencms/nl/buy/?page=1&edid=3D561669-CE76-F355-781D-8E2E1C0C9894 HTTP/1.1" 200 112611
65.108.64.210 - - [10/Nov/2024:01:29:53 +0100] "GET /ticket2/opencms/no/buy/?page=1&edid=26946324-80EA-5BC2-A081-74A9001A9422&sortorder=asc&column=section HTTP/1.1" 200 103466
54.36.149.61 - - [10/Nov/2024:01:29:54 +0100] "GET /ticket2/opencms/fi/buy/?page=1&edid=E66B1558-C5A6-CDDD-B7DD-6060381B0F38 HTTP/1.1" 200 111835
192.95.30.177 - - [10/Nov/2024:01:29:55 +0100] "GET /ticket2/opencms/dk/fi/buy/?page=1&edid=71F4B3AC-4D73-186A-EB10-1663B04184B6&sortorder=asc&column=section HTTP/1.1" 404 -
65.108.64.210 - - [10/Nov/2024:01:29:55 +0100] "GET /ticket2/opencms/no/buy/?page=1&edid=26946324-80EA-5BC2-A081-74A9001A9422&sortorder=desc&column=section HTTP/1.1" 200 103511
65.108.46.72 - - [10/Nov/2024:01:29:55 +0100] "GET /ticket2/opencms/nl/buy/?page=1&edid=3F245B75-1DCF-320F-93F3-D63AC2E239C1 HTTP/1.1" 200 105761
135.181.74.243 - - [10/Nov/2024:01:29:55 +0100] "GET /ticket2/opencms/dk/no/buy/?page=1&edid=A78A72B3-2814-DC13-6F59-77132C171711&sortorder=asc&column=row HTTP/1.1" 404 -
65.108.64.210 - - [10/Nov/2024:01:29:57 +0100] "GET /ticket2/opencms/no/buy/?page=1&edid=26B722A8-A37B-F70B-4316-1551E2D204EA&sortorder=asc&column=price HTTP/1.1" 200 103377
65.108.46.72 - - [10/Nov/2024:01:29:58 +0100] "GET /ticket2/opencms/nl/buy/?page=1&edid=3F2482EE-6B7A-310D-17CE-1C7E3CC58C7F HTTP/1.1" 200 109588
65.108.64.210 - - [10/Nov/2024:01:29:58 +0100] "GET /ticket2/opencms/no/buy/?page=1&edid=26B722A8-A37B-F70B-4316-1551E2D204EA&sortorder=asc&column=row HTTP/1.1" 200 103285
216.244.66.238 - - [10/Nov/2024:01:29:59 +0100] "GET /ticket2/opencms/lv/buy?page=1&edid=F2BB5427-1D4A-AECD-9787-90D94712CD18 HTTP/1.1" 200 124953
192.95.30.177 - - [10/Nov/2024:01:29:59 +0100] "GET /ticket2/opencms/dk/fi/buy/?page=1&edid=71F4B3AC-4D73-186A-EB10-1663B04184B6&sortorder=desc&column=price HTTP/1.1" 404 -
65.108.64.210 - - [10/Nov/2024:01:30:00 +0100] "GET /ticket2/opencms/no/buy/?page=1&edid=26B722A8-A37B-F70B-4316-1551E2D204EA&sortorder=asc&column=section HTTP/1.1" 200 103469
135.181.74.243 - - [10/Nov/2024:01:30:00 +0100] "GET /ticket2/opencms/dk/no/buy/?page=1&edid=A78A72B3-2814-DC13-6F59-77132C171711&sortorder=asc&column=section HTTP/1.1" 404 -
54.36.148.220 - - [10/Nov/2024:01:30:01 +0100] "GET /ticket2/opencms/es/buy/?page=1&edid=C3C2958F-64DF-91F9-F3D9-8F3CEBC7A797 HTTP/1.1" 200 107731
65.108.64.210 - - [10/Nov/2024:01:30:02 +0100] "GET /ticket2/opencms/no/buy/?page=1&edid=271A438D-A4BA-64C1-3CAA-7AA8B8DABB44&sortorder=desc&column=price HTTP/1.1" 200 102319
65.108.46.72 - - [10/Nov/2024:01:30:02 +0100] "GET /ticket2/opencms/nl/buy/?page=1&edid=3F2D99A8-7547-83C1-C9EB-9D79E7CF5003 HTTP/1.1" 200 122989
192.95.30.177 - - [10/Nov/2024:01:30:03 +0100] "GET /ticket2/opencms/dk/fi/buy/?page=1&edid=724247B2-796B-C977-0062-C004D5C1A4FC HTTP/1.1" 404 -
65.108.64.210 - - [10/Nov/2024:01:30:03 +0100] "GET /ticket2/opencms/no/buy/?page=1&edid=271A438D-A4BA-64C1-3CAA-7AA8B8DABB44&sortorder=desc&column=row HTTP/1.1" 200 102227
54.36.148.33 - - [10/Nov/2024:01:30:05 +0100] "GET /ticket2/opencms/no/buy/?comcatid=A17713B6-D984-201A-4143-ED4DB5ED5C2E&catid=3B549160-8B9C-E872-44A9-20FEA86B30E8 HTTP/1.1" 200 93437
135.181.74.243 - - [10/Nov/2024:01:30:05 +0100] "GET /ticket2/opencms/dk/no/buy/?page=1&edid=A848EC15-222C-39E8-21F1-435F0F918573&sortorder=asc&column=price HTTP/1.1" 404 -
65.108.64.210 - - [10/Nov/2024:01:30:05 +0100] "GET /ticket2/opencms/no/buy/?page=1&edid=271A438D-A4BA-64C1-3CAA-7AA8B8DABB44&sortorder=desc&column=section HTTP/1.1" 200 102411
65.108.46.72 - - [10/Nov/2024:01:30:05 +0100] "GET /ticket2/opencms/nl/buy/?page=1&edid=3F498AA2-1CAE-128B-F418-8D3BA0711D36 HTTP/1.1" 200 96410
192.95.30.177 - - [10/Nov/2024:01:30:07 +0100] "GET /ticket2/opencms/dk/fi/buy/?page=1&edid=724247B2-796B-C977-0062-C004D5C1A4FC&sortorder=desc&column=price HTTP/1.1" 404 -
65.108.64.210 - - [10/Nov/2024:01:30:07 +0100] "GET /ticket2/opencms/no/buy/?page=1&edid=2726D1A4-E82E-5B8F-1A2A-9D68D5495BFB&sortorder=asc&column=row HTTP/1.1" 200 99330
65.108.46.72 - - [10/Nov/2024:01:30:09 +0100] "GET /ticket2/opencms/nl/buy/?page=1&edid=3F963FD5-1ED2-6ECC-F4D2-23E1A97126FB HTTP/1.1" 200 99487
65.108.64.210 - - [10/Nov/2024:01:30:09 +0100] "GET /ticket2/opencms/no/buy/?page=1&edid=272F2CE0-5DF9-24B7-E045-32BAD90FF217 HTTP/1.1" 200 102091
135.181.74.243 - - [10/Nov/2024:01:30:09 +0100] "GET /ticket2/opencms/dk/no/buy/?page=1&edid=A848EC15-222C-39E8-21F1-435F0F918573&sortorder=asc&column=row HTTP/1.1" 404 -
66.249.68.39 - - [10/Nov/2024:01:30:10 +0100] "GET /ticket2/opencms/sv/venue/?countryid=A758EE03-9751-87FA-5392-033D41724B17 HTTP/1.1" 200 107212
216.244.66.238 - - [10/Nov/2024:01:30:10 +0100] "GET /ticket2/opencms/el/buy?page=1&edid=39CE598D-FC19-9CD8-F22D-3F7964FACAB9 HTTP/1.1" 200 117909
65.108.64.210 - - [10/Nov/2024:01:30:10 +0100] "GET /ticket2/opencms/no/buy/?page=1&edid=27E722B7-DF70-9526-36C2-D7354E0E8726&sortorder=desc&column=section HTTP/1.1" 200 99588
192.95.30.177 - - [10/Nov/2024:01:30:11 +0100] "GET /ticket2/opencms/dk/fi/buy/?page=1&edid=724247B2-796B-C977-0062-C004D5C1A4FC&sortorder=desc&column=row HTTP/1.1" 404 -
54.36.148.206 - - [10/Nov/2024:01:30:12 +0100] "GET /ticket2/opencms/es/buy/?page=1&edid=EEAC8E12-92AA-F0EF-B799-26ACAA3ACC20 HTTP/1.1" 200 107732
65.108.46.72 - - [10/Nov/2024:01:30:12 +0100] "GET /ticket2/opencms/nl/buy/?page=1&edid=3FB52ADD-0B76-D8A6-EF8F-19BF0AABB668 HTTP/1.1" 200 98839
65.108.64.210 - - [10/Nov/2024:01:30:12 +0100] "GET /ticket2/opencms/no/buy/?page=1&edid=2805B143-5BD4-3E91-BE21-9A634E35D3AE HTTP/1.1" 200 100970
65.108.64.210 - - [10/Nov/2024:01:30:14 +0100] "GET /ticket2/opencms/no/buy/?page=1&edid=2805B143-5BD4-3E91-BE21-9A634E35D3AE&sortorder=desc&column=price HTTP/1.1" 200 102293
135.181.74.243 - - [10/Nov/2024:01:30:14 +0100] "GET /ticket2/opencms/dk/no/buy/?page=1&edid=A848EC15-222C-39E8-21F1-435F0F918573&sortorder=asc&column=section HTTP/1.1" 404 -
192.95.30.177 - - [10/Nov/2024:01:30:15 +0100] "GET /ticket2/opencms/dk/fi/buy/?page=1&edid=724247B2-796B-C977-0062-C004D5C1A4FC&sortorder=desc&column=section HTTP/1.1" 404 -
65.108.46.72 - - [10/Nov/2024:01:30:15 +0100] "GET /ticket2/opencms/nl/buy/?page=1&edid=402D4ADF-F1A8-8EDD-0E47-FAEC0616E1C7 HTTP/1.1" 200 105711
65.108.64.210 - - [10/Nov/2024:01:30:16 +0100] "GET /ticket2/opencms/no/buy/?page=1&edid=2805B143-5BD4-3E91-BE21-9A634E35D3AE&sortorder=desc&column=section HTTP/1.1" 200 102385
65.108.64.210 - - [10/Nov/2024:01:30:17 +0100] "GET /ticket2/opencms/no/buy/?page=1&edid=2FD48537-60A4-0DC2-BE15-66B133E49E64&sortorder=desc&column=row HTTP/1.1" 200 99385
54.36.148.241 - - [10/Nov/2024:01:30:18 +0100] "GET /ticket2/opencms/fi/buy?comcatid=66708183-7480-3365-06BF-DBF60280AB45&catid=8C381435-A1E8-94AF-2C58-D133FCA44A31 HTTP/1.1" 200 85827
135.181.74.243 - - [10/Nov/2024:01:30:18 +0100] "GET /ticket2/opencms/dk/no/buy/?page=1&edid=A89D2390-AEFB-D829-D3B2-55BB0CCB910E&sortorder=asc&column=price HTTP/1.1" 404 -
168.119.68.183 - - [10/Nov/2024:01:30:18 +0100] "GET /ticket2/opencms/system/modules/com.gridnine.opencms.ticketbrokerage.site/resources/css/standard.css HTTP/1.1" 200 73073
168.119.68.183 - - [10/Nov/2024:01:30:18 +0100] "GET /ticket2/opencms/system/modules/com.gridnine.opencms.ticketbrokerage.site/resources/css/ticketbrokerage.css HTTP/1.1" 200 39339
168.119.68.183 - - [10/Nov/2024:01:30:18 +0100] "GET /ticket2/opencms/system/modules/com.gridnine.opencms.ticketbrokerage.site/resources/css/calendar.css HTTP/1.1" 200 6871
168.119.68.183 - - [10/Nov/2024:01:30:18 +0100] "GET /ticket2/opencms/system/modules/com.gridnine.opencms.ticketbrokerage.site/resources/css/jquery-ui.css HTTP/1.1" 200 33221
168.119.68.183 - - [10/Nov/2024:01:30:18 +0100] "GET /ticket2/opencms/system/modules/com.gridnine.opencms.ticketbrokerage.site/resources/css/jquery.fancybox.css HTTP/1.1" 200 4939
168.119.68.183 - - [10/Nov/2024:01:30:18 +0100] "GET /ticket2/opencms/system/modules/com.gridnine.opencms.ticketbrokerage.site/resources/js/jquery/jquery-ui.js HTTP/1.1" 200 228088
192.95.30.177 - - [10/Nov/2024:01:30:18 +0100] "GET /ticket2/opencms/dk/fi/buy/?page=1&edid=7254CAF4-4ECC-397A-A9A2-882C0C1CF067&sortorder=asc&column=row HTTP/1.1" 404 -
168.119.68.183 - - [10/Nov/2024:01:30:18 +0100] "GET /ticket2/opencms/system/modules/com.gridnine.opencms.ticketbrokerage.site/resources/js/functions.js HTTP/1.1" 200 1583
168.119.68.183 - - [10/Nov/2024:01:30:18 +0100] "GET /ticket2/opencms/system/modules/com.gridnine.opencms.ticketbrokerage.site/resources/js/calendar-setup.js HTTP/1.1" 200 4923
65.108.46.72 - - [10/Nov/2024:01:30:18 +0100] "GET /ticket2/opencms/nl/buy/?page=1&edid=403C6528-29E0-E7F0-69C0-963918D78FCD HTTP/1.1" 200 96419
168.119.68.183 - - [10/Nov/2024:01:30:18 +0100] "GET /ticket2/opencms/system/modules/com.gridnine.opencms.ticketbrokerage.site/resources/js/jquery/jquery.js HTTP/1.1" 200 93868
168.119.68.183 - - [10/Nov/2024:01:30:18 +0100] "GET /ticket2/opencms/system/modules/com.gridnine.opencms.ticketbrokerage.site/resources/js/calendar.js HTTP/1.1" 200 49229
168.119.68.183 - - [10/Nov/2024:01:30:18 +0100] "GET /ticket2/opencms/system/modules/com.gridnine.opencms.ticketbrokerage.site/resources/js/calendar-en.js HTTP/1.1" 200 3338
168.119.68.183 - - [10/Nov/2024:01:30:18 +0100] "GET /ticket2/opencms/system/modules/com.gridnine.opencms.ticketbrokerage.site/resources/js/jquery.fancybox.pack.js HTTP/1.1" 200 23187
168.119.68.183 - - [10/Nov/2024:01:30:18 +0100] "GET /ticket2/opencms/system/modules/com.gridnine.opencms.ticketbrokerage.site/resources/js/stickyfill.min.js HTTP/1.1" 200 5672
168.119.68.183 - - [10/Nov/2024:01:30:18 +0100] "GET /ticket2/opencms/system/modules/com.gridnine.opencms.ticketbrokerage.site/resources/js/standard.js HTTP/1.1" 200 3978
168.119.68.183 - - [10/Nov/2024:01:30:18 +0100] "GET /ticket2/opencms/system/modules/com.gridnine.opencms.ticketbrokerage.site/resources/js/jquery.placeholder.min.js HTTP/1.1" 200 1737
168.119.68.183 - - [10/Nov/2024:01:30:18 +0100] "GET /ticket2/opencms/system/modules/com.gridnine.opencms.ticketbrokerage.site/resources/js/common-ajax.js HTTP/1.1" 200 20175
168.119.68.183 - - [10/Nov/2024:01:30:19 +0100] "GET /ticket2/opencms/system/modules/com.gridnine.opencms.ticketbrokerage.site/resources/js/standard.js HTTP/1.1" 200 3978
216.244.66.238 - - [10/Nov/2024:01:30:19 +0100] "GET /ticket2/opencms/mk/buy?page=1&edid=BA6A690A-3E4C-7B0E-F103-AC3CC3F63074 HTTP/1.1" 404 -
65.108.64.210 - - [10/Nov/2024:01:30:19 +0100] "GET /ticket2/opencms/no/buy/?page=1&edid=3025056F-4067-0F4A-D49A-357DB6ABA7BA HTTP/1.1" 200 102097
47.128.31.162 - - [10/Nov/2024:01:30:21 +0100] "GET /ticket2/opencms/et/buy/?catid=E92E6B1B-7CD1-74B1-312C-265A7D8125D0&comcatid=A17713B6-D984-201A-4143-ED4DB5ED5C2E HTTP/1.1" 200 93786
65.108.64.210 - - [10/Nov/2024:01:30:21 +0100] "GET /ticket2/opencms/no/buy/?page=1&edid=32383021-E0A1-F77B-1AA6-B356381F213B&sortorder=desc&column=price HTTP/1.1" 200 102104
65.108.46.72 - - [10/Nov/2024:01:30:21 +0100] "GET /ticket2/opencms/nl/buy/?page=1&edid=40635446-3A1B-F16A-9B72-5E5BD25B028F HTTP/1.1" 200 96434
192.95.30.177 - - [10/Nov/2024:01:30:22 +0100] "GET /ticket2/opencms/dk/fi/buy/?page=1&edid=7254CAF4-4ECC-397A-A9A2-882C0C1CF067&sortorder=asc&column=section HTTP/1.1" 404 -
65.108.64.210 - - [10/Nov/2024:01:30:22 +0100] "GET /ticket2/opencms/no/buy/?page=1&edid=32383021-E0A1-F77B-1AA6-B356381F213B&sortorder=desc&column=row HTTP/1.1" 200 102012
135.181.74.243 - - [10/Nov/2024:01:30:23 +0100] "GET /ticket2/opencms/dk/no/buy/?page=1&edid=A89D2390-AEFB-D829-D3B2-55BB0CCB910E&sortorder=asc&column=row HTTP/1.1" 404 -
65.108.64.210 - - [10/Nov/2024:01:30:24 +0100] "GET /ticket2/opencms/no/buy/?page=1&edid=32383021-E0A1-F77B-1AA6-B356381F213B&sortorder=desc&column=section HTTP/1.1" 200 102196
65.108.46.72 - - [10/Nov/2024:01:30:25 +0100] "GET /ticket2/opencms/nl/buy/?page=1&edid=40C0E1B7-ADB1-62A5-2AFA-BC9667D7636D HTTP/1.1" 200 96438
65.108.64.210 - - [10/Nov/2024:01:30:26 +0100] "GET /ticket2/opencms/no/buy/?page=1&edid=32733024-1A70-1A8E-A3DD-B8EE80D33C10&sortorder=desc&column=price HTTP/1.1" 200 102960
192.95.30.177 - - [10/Nov/2024:01:30:26 +0100] "GET /ticket2/opencms/dk/fi/buy/?page=1&edid=7281C2E7-E4D7-23F7-1971-03EC28244FFF HTTP/1.1" 404 -
216.244.66.238 - - [10/Nov/2024:01:30:26 +0100] "GET /ticket2/opencms/mo/buy?page=1&edid=7A598B9C-F2D5-14CB-B337-B4B5F910E2F7 HTTP/1.1" 200 126340
54.36.148.0 - - [10/Nov/2024:01:30:27 +0100] "GET /ticket2/opencms/sl/buy?page=10&eventid=10A4B056-E56D-2EC6-06F9-A9715C3D8173 HTTP/1.1" 200 91476
135.181.74.243 - - [10/Nov/2024:01:30:27 +0100] "GET /ticket2/opencms/dk/no/buy/?page=1&edid=A89D2390-AEFB-D829-D3B2-55BB0CCB910E&sortorder=asc&column=section HTTP/1.1" 404 -
207.46.13.102 - - [10/Nov/2024:01:30:27 +0100] "GET /ticket2/opencms/en/buy/?page=1&edid=BF4FD546-C4DE-EDCA-D8F8-B2B17DB7AC99 HTTP/1.1" 200 123461
65.108.64.210 - - [10/Nov/2024:01:30:28 +0100] "GET /ticket2/opencms/no/buy/?page=1&edid=32733024-1A70-1A8E-A3DD-B8EE80D33C10&sortorder=desc&column=row HTTP/1.1" 200 102868
65.108.46.72 - - [10/Nov/2024:01:30:28 +0100] "GET /ticket2/opencms/nl/buy/?page=1&edid=411D3DBB-027B-B862-22E5-46D3DA36810A HTTP/1.1" 200 96440
94.191.136.1 - - [10/Nov/2024:01:30:28 +0100] "GET /ticket2/opencms/sv/buy?page=2&sodvid=666cb66d-7298-4813-b7ed-4b340a01000f HTTP/1.1" 200 112348
94.191.136.1 - - [10/Nov/2024:01:30:28 +0100] "GET /ticket2/opencms/system/modules/com.gridnine.opencms.ticketbrokerage.site/resources/css/ticketbrokerage.css HTTP/1.1" 200 39339
94.191.136.1 - - [10/Nov/2024:01:30:28 +0100] "GET /ticket2/opencms/system/modules/com.gridnine.opencms.ticketbrokerage.site/resources/js/functions.js HTTP/1.1" 200 1583
94.191.136.1 - - [10/Nov/2024:01:30:28 +0100] "GET /ticket2/opencms/system/modules/com.gridnine.opencms.ticketbrokerage.site/resources/css/calendar.css HTTP/1.1" 200 6871
94.191.136.1 - - [10/Nov/2024:01:30:28 +0100] "GET /ticket2/opencms/system/modules/com.gridnine.opencms.ticketbrokerage.site/resources/css/standard.css HTTP/1.1" 200 73073
94.191.136.1 - - [10/Nov/2024:01:30:28 +0100] "GET /ticket2/opencms/system/modules/com.gridnine.opencms.ticketbrokerage.site/resources/js/calendar-setup.js HTTP/1.1" 200 4923
94.191.136.1 - - [10/Nov/2024:01:30:28 +0100] "GET /ticket2/opencms/system/modules/com.gridnine.opencms.ticketbrokerage.site/resources/js/calendar-en.js HTTP/1.1" 200 3338
94.191.136.1 - - [10/Nov/2024:01:30:28 +0100] "GET /ticket2/opencms/system/modules/com.gridnine.opencms.ticketbrokerage.site/resources/js/calendar.js HTTP/1.1" 200 49229
