81.167.26.57 - - [10/Nov/2024:01:13:37 +0100] "GET /ticket2/opencms/mo/buy/?page=1&edid=3332FDE7-1F4A-7217-A205-4DAC5ABE8927 HTTP/1.1" 200 108060
65.108.110.26 - - [10/Nov/2024:01:13:37 +0100] "GET /ticket2/opencms/it/buy/?page=1&edid=1571DB1B-206B-93FC-5429-333D7E9FCB65 HTTP/1.1" 200 107732
95.217.195.123 - - [10/Nov/2024:01:13:37 +0100] "GET /ticket2/opencms/en/buy/?page=1&edid=DB57BF20-55CC-03D7-EC26-06E9610CC056&sortorder=asc&column=row HTTP/1.1" 200 101350
194.247.173.99 - - [10/Nov/2024:01:13:38 +0100] "GET /ticket2/opencms/dk/ru/buy/?page=1&edid=8DDE8B67-2000-FC13-BC50-206499AE7292&sortorder=asc&column=row HTTP/1.1" 404 -
192.95.30.177 - - [10/Nov/2024:01:13:39 +0100] "GET /ticket2/opencms/dk/en/buy/?page=1&edid=79FF727E-612E-3C04-A008-7FA1968B75C1&sortorder=desc&column=price HTTP/1.1" 404 -
95.217.195.123 - - [10/Nov/2024:01:13:39 +0100] "GET /ticket2/opencms/en/buy/?page=1&edid=DB653943-ECFB-7118-47D3-55EBC2A526B9&sortorder=asc&column=price HTTP/1.1" 200 101979
54.36.148.212 - - [10/Nov/2024:01:13:40 +0100] "GET /ticket2/opencms/fi/venue/?venueid=C3E4CC75-3C9F-601D-8995-33AEDA27699E HTTP/1.1" 200 78575
81.167.26.57 - - [10/Nov/2024:01:13:40 +0100] "GET /ticket2/opencms/mo/buy/?page=1&edid=3396D07B-AC6D-141E-71F3-9DE65C0FEDF0 HTTP/1.1" 200 105307
65.108.110.26 - - [10/Nov/2024:01:13:41 +0100] "GET /ticket2/opencms/it/buy/?page=1&edid=1725DD81-AB30-210C-691A-5E56E0E70527 HTTP/1.1" 200 107521
194.247.173.99 - - [10/Nov/2024:01:13:41 +0100] "GET /ticket2/opencms/dk/ru/buy/?page=1&edid=8DDE8B67-2000-FC13-BC50-206499AE7292&sortorder=asc&column=section HTTP/1.1" 404 -
95.217.195.123 - - [10/Nov/2024:01:13:42 +0100] "GET /ticket2/opencms/en/buy/?page=1&edid=DB653943-ECFB-7118-47D3-55EBC2A526B9&sortorder=asc&column=row HTTP/1.1" 200 101887
81.167.26.57 - - [10/Nov/2024:01:13:43 +0100] "GET /ticket2/opencms/mo/buy/?page=1&edid=33CFCCFE-A22A-4A2C-1202-26E0FBDCB686 HTTP/1.1" 200 111315
65.108.110.26 - - [10/Nov/2024:01:13:44 +0100] "GET /ticket2/opencms/it/buy/?page=1&edid=176C6667-42C1-1632-7378-F783D5B7C94D HTTP/1.1" 200 101448
194.247.173.99 - - [10/Nov/2024:01:13:45 +0100] "GET /ticket2/opencms/dk/ru/buy/?page=1&edid=8DE387F0-06FB-904A-E7B6-733A953A8AFF&sortorder=asc&column=price HTTP/1.1" 404 -
95.217.195.123 - - [10/Nov/2024:01:13:45 +0100] "GET /ticket2/opencms/en/buy/?page=1&edid=DB653943-ECFB-7118-47D3-55EBC2A526B9&sortorder=asc&column=section HTTP/1.1" 200 102071
51.222.253.14 - - [10/Nov/2024:01:13:46 +0100] "GET /ticket2/opencms/robots.txt HTTP/1.1" 200 773
95.217.195.123 - - [10/Nov/2024:01:13:47 +0100] "GET /ticket2/opencms/en/buy/?page=1&edid=DB653943-ECFB-7118-47D3-55EBC2A526B9&sortorder=desc&column=price HTTP/1.1" 200 102024
65.108.110.26 - - [10/Nov/2024:01:13:48 +0100] "GET /ticket2/opencms/it/buy/?page=1&edid=18631B4D-241F-1419-AEC9-B2739BCE7CC3 HTTP/1.1" 200 114065
81.167.26.57 - - [10/Nov/2024:01:13:48 +0100] "GET /ticket2/opencms/mo/buy/?page=1&edid=341262D8-7A59-5821-1DA8-A5F36D843BF9 HTTP/1.1" 200 132748
83.250.76.239 - - [10/Nov/2024:01:13:49 +0100] "GET /ticket2/opencms/?utm_medium=paid&utm_source=ig&utm_id=120213022255760458&utm_content=120213022255870458&utm_term=120213022255780458&utm_campaign=120213022255760458&fbclid=PAZXh0bgNhZW0BMABhZGlkAasVG1k77xoBplUJFJHdpREG1_fbq_I7YLs3wbwB9BJH0Yy1GJ2ZFekv2gCwAwj65sHg2A_aem_q9A8Y7hNynfvG0GXbo7g2A HTTP/1.1" 302 -
83.250.76.239 - - [10/Nov/2024:01:13:49 +0100] "GET /ticket2/opencms/sv/ HTTP/1.1" 200 95535
83.250.76.239 - - [10/Nov/2024:01:13:49 +0100] "GET /ticket2/opencms/system/modules/com.gridnine.opencms.ticketbrokerage.site/resources/css/ticketbrokerage.css HTTP/1.1" 200 39339
83.250.76.239 - - [10/Nov/2024:01:13:49 +0100] "GET /ticket2/opencms/system/modules/com.gridnine.opencms.ticketbrokerage.site/resources/js/jquery/jquery-ui.js HTTP/1.1" 200 228088
194.247.173.99 - - [10/Nov/2024:01:13:49 +0100] "GET /ticket2/opencms/dk/ru/buy/?page=1&edid=8E57ADB5-FD60-6D77-3B65-4D1A45F76D57&sortorder=asc&column=price HTTP/1.1" 404 -
83.250.76.239 - - [10/Nov/2024:01:13:49 +0100] "GET /ticket2/opencms/system/modules/com.gridnine.opencms.ticketbrokerage.site/resources/js/functions.js HTTP/1.1" 200 1583
83.250.76.239 - - [10/Nov/2024:01:13:49 +0100] "GET /ticket2/opencms/system/modules/com.gridnine.opencms.ticketbrokerage.site/resources/css/calendar.css HTTP/1.1" 200 6871
83.250.76.239 - - [10/Nov/2024:01:13:49 +0100] "GET /ticket2/opencms/system/modules/com.gridnine.opencms.ticketbrokerage.site/resources/css/standard.css HTTP/1.1" 200 73073
83.250.76.239 - - [10/Nov/2024:01:13:49 +0100] "GET /ticket2/opencms/system/modules/com.gridnine.opencms.ticketbrokerage.site/resources/css/jquery-ui.css HTTP/1.1" 200 33221
83.250.76.239 - - [10/Nov/2024:01:13:49 +0100] "GET /ticket2/opencms/system/modules/com.gridnine.opencms.ticketbrokerage.site/resources/js/jquery/jquery.js HTTP/1.1" 200 93868
83.250.76.239 - - [10/Nov/2024:01:13:49 +0100] "GET /ticket2/opencms/system/modules/com.gridnine.opencms.ticketbrokerage.site/resources/css/jquery.fancybox.css HTTP/1.1" 200 4939
83.250.76.239 - - [10/Nov/2024:01:13:49 +0100] "GET /ticket2/opencms/system/modules/com.gridnine.opencms.ticketbrokerage.site/resources/js/calendar.js HTTP/1.1" 200 49229
83.250.76.239 - - [10/Nov/2024:01:13:49 +0100] "GET /ticket2/opencms/system/modules/com.gridnine.opencms.ticketbrokerage.site/resources/js/stickyfill.min.js HTTP/1.1" 200 5672
83.250.76.239 - - [10/Nov/2024:01:13:49 +0100] "GET /ticket2/opencms/system/modules/com.gridnine.opencms.ticketbrokerage.site/resources/js/calendar-setup.js HTTP/1.1" 200 4923
83.250.76.239 - - [10/Nov/2024:01:13:49 +0100] "GET /ticket2/opencms/system/modules/com.gridnine.opencms.ticketbrokerage.site/resources/js/calendar-en.js HTTP/1.1" 200 3338
83.250.76.239 - - [10/Nov/2024:01:13:49 +0100] "GET /ticket2/opencms/system/modules/com.gridnine.opencms.ticketbrokerage.site/resources/js/jquery.fancybox.pack.js HTTP/1.1" 200 23187
83.250.76.239 - - [10/Nov/2024:01:13:49 +0100] "GET /ticket2/opencms/system/modules/com.gridnine.opencms.ticketbrokerage.site/resources/js/standard.js HTTP/1.1" 200 3978
85.208.96.199 - - [10/Nov/2024:01:13:49 +0100] "GET /ticket2/opencms/sl/login HTTP/1.1" 200 83137
83.250.76.239 - - [10/Nov/2024:01:13:49 +0100] "GET /ticket2/opencms/system/modules/com.gridnine.opencms.ticketbrokerage.site/resources/js/jquery.placeholder.min.js HTTP/1.1" 200 1737
83.250.76.239 - - [10/Nov/2024:01:13:49 +0100] "GET /ticket2/opencms/system/modules/com.gridnine.opencms.ticketbrokerage.site/resources/js/common-ajax.js HTTP/1.1" 200 20175
83.250.76.239 - - [10/Nov/2024:01:13:49 +0100] "GET /ticket2/opencms/system/modules/com.gridnine.opencms.ticketbrokerage.site/resources/pics/logo-new.png HTTP/1.1" 200 13541
83.250.76.239 - - [10/Nov/2024:01:13:49 +0100] "GET /ticket2/opencms/img/insta.png HTTP/1.1" 200 3967
83.250.76.239 - - [10/Nov/2024:01:13:49 +0100] "GET /ticket2/opencms/img/fb.png HTTP/1.1" 200 1269
83.250.76.239 - - [10/Nov/2024:01:13:49 +0100] "GET /ticket2/opencms/system/modules/com.gridnine.opencms.ticketbrokerage.site/resources/pics/footer-img.jpg HTTP/1.1" 200 67642
83.250.76.239 - - [10/Nov/2024:01:13:49 +0100] "GET /ticket2/opencms/img/check.png HTTP/1.1" 200 548
83.250.76.239 - - [10/Nov/2024:01:13:49 +0100] "GET /ticket2/opencms/img/mail.png HTTP/1.1" 200 403
83.250.76.239 - - [10/Nov/2024:01:13:49 +0100] "GET /ticket2/opencms/img/chat.png HTTP/1.1" 200 416
135.181.74.243 - - [10/Nov/2024:01:13:49 +0100] "GET /ticket2/opencms/dk/no/buy/?page=1&edid=068DCA06-79F3-7135-4E7E-55E4900338C2&sortorder=asc&column=row HTTP/1.1" 404 -
83.250.76.239 - - [10/Nov/2024:01:13:49 +0100] "GET /ticket2/opencms/img/arrow.png HTTP/1.1" 200 753
83.250.76.239 - - [10/Nov/2024:01:13:49 +0100] "GET /ticket2/opencms/img/icons/globe-white.png HTTP/1.1" 200 947
95.217.195.123 - - [10/Nov/2024:01:13:49 +0100] "GET /ticket2/opencms/en/buy/?page=1&edid=DB653943-ECFB-7118-47D3-55EBC2A526B9&sortorder=desc&column=row HTTP/1.1" 200 101932
83.250.76.239 - - [10/Nov/2024:01:13:50 +0100] "GET /ticket2/opencms/img/icons/en.png HTTP/1.1" 200 2415
83.250.76.239 - - [10/Nov/2024:01:13:50 +0100] "GET /ticket2/opencms/img/icons/se.png HTTP/1.1" 200 1258
83.250.76.239 - - [10/Nov/2024:01:13:50 +0100] "GET /ticket2/opencms/img/icons/fi.png HTTP/1.1" 200 1785
83.250.76.239 - - [10/Nov/2024:01:13:50 +0100] "GET /ticket2/opencms/img/icons/no.png HTTP/1.1" 200 1958
83.250.76.239 - - [10/Nov/2024:01:13:50 +0100] "GET /ticket2/opencms/img/icons/dk.png HTTP/1.1" 200 1706
83.250.76.239 - - [10/Nov/2024:01:13:50 +0100] "GET /ticket2/opencms/img/icons/nl.png HTTP/1.1" 200 1255
83.250.76.239 - - [10/Nov/2024:01:13:50 +0100] "GET /ticket2/opencms/img/icons/de.png HTTP/1.1" 200 1124
83.250.76.239 - - [10/Nov/2024:01:13:51 +0100] "GET /ticket2/opencms/img/icons/fr.png HTTP/1.1" 200 1764
83.250.76.239 - - [10/Nov/2024:01:13:51 +0100] "GET /ticket2/opencms/img/icons/es.png HTTP/1.1" 200 1005
83.250.76.239 - - [10/Nov/2024:01:13:51 +0100] "GET /ticket2/opencms/img/icons/it.png HTTP/1.1" 200 2040
83.250.76.239 - - [10/Nov/2024:01:13:51 +0100] "GET /ticket2/opencms/img/banner-pl.jpeg HTTP/1.1" 200 41818
192.95.30.177 - - [10/Nov/2024:01:13:51 +0100] "GET /ticket2/opencms/dk/en/buy/?page=1&edid=79FF727E-612E-3C04-A008-7FA1968B75C1&sortorder=desc&column=section HTTP/1.1" 404 -
83.250.76.239 - - [10/Nov/2024:01:13:51 +0100] "GET /ticket2/opencms/img/icons/pl.png HTTP/1.1" 200 1578
83.250.76.239 - - [10/Nov/2024:01:13:51 +0100] "GET /ticket2/opencms/img/icons/sq.png HTTP/1.1" 200 1619
83.250.76.239 - - [10/Nov/2024:01:13:51 +0100] "GET /ticket2/opencms/img/icons/az.png HTTP/1.1" 200 1445
83.250.76.239 - - [10/Nov/2024:01:13:51 +0100] "GET /ticket2/opencms/img/icons/et.png HTTP/1.1" 200 754
83.250.76.239 - - [10/Nov/2024:01:13:51 +0100] "GET /ticket2/opencms/img/icons/cs.png HTTP/1.1" 200 1883
83.250.76.239 - - [10/Nov/2024:01:13:51 +0100] "GET /ticket2/opencms/img/icons/el.png HTTP/1.1" 200 1637
83.250.76.239 - - [10/Nov/2024:01:13:51 +0100] "GET /ticket2/opencms/img/icons/hu.png HTTP/1.1" 200 733
83.250.76.239 - - [10/Nov/2024:01:13:51 +0100] "GET /ticket2/opencms/img/icons/is.png HTTP/1.1" 200 1884
83.250.76.239 - - [10/Nov/2024:01:13:51 +0100] "GET /ticket2/opencms/img/icons/ga.png HTTP/1.1" 200 1759
83.250.76.239 - - [10/Nov/2024:01:13:51 +0100] "GET /ticket2/opencms/img/icons/lv.png HTTP/1.1" 200 716
83.250.76.239 - - [10/Nov/2024:01:13:51 +0100] "GET /ticket2/opencms/img/icons/lt.png HTTP/1.1" 200 733
83.250.76.239 - - [10/Nov/2024:01:13:51 +0100] "GET /ticket2/opencms/img/icons/mt.png HTTP/1.1" 200 920
83.250.76.239 - - [10/Nov/2024:01:13:51 +0100] "GET /ticket2/opencms/img/icons/ro.png HTTP/1.1" 200 1393
83.250.76.239 - - [10/Nov/2024:01:13:51 +0100] "GET /ticket2/opencms/img/icons/mo.png HTTP/1.1" 200 1468
81.167.26.57 - - [10/Nov/2024:01:13:51 +0100] "GET /ticket2/opencms/mo/buy/?page=1&edid=348589F6-F332-E9FC-C0E9-6C296BB448B5 HTTP/1.1" 200 104817
83.250.76.239 - - [10/Nov/2024:01:13:51 +0100] "GET /ticket2/opencms/img/icons/sr.png HTTP/1.1" 200 1602
83.250.76.239 - - [10/Nov/2024:01:13:51 +0100] "GET /ticket2/opencms/img/icons/sk.png HTTP/1.1" 200 1283
83.250.76.239 - - [10/Nov/2024:01:13:51 +0100] "GET /ticket2/opencms/img/icons/sl.png HTTP/1.1" 200 966
83.250.76.239 - - [10/Nov/2024:01:13:52 +0100] "GET /ticket2/opencms/img/icons/uk.png HTTP/1.1" 200 1272
83.250.76.239 - - [10/Nov/2024:01:13:52 +0100] "GET /ticket2/opencms/img/icons/tr.png HTTP/1.1" 200 1636
83.250.76.239 - - [10/Nov/2024:01:13:52 +0100] "GET /ticket2/opencms/img/banner-ll.jpeg HTTP/1.1" 200 41825
83.250.76.239 - - [10/Nov/2024:01:13:52 +0100] "GET /ticket2/opencms/img/banner-sa.jpeg HTTP/1.1" 200 41270
83.250.76.239 - - [10/Nov/2024:01:13:52 +0100] "GET /ticket2/opencms/img/icons/bs.png HTTP/1.1" 200 1014
65.108.110.26 - - [10/Nov/2024:01:13:52 +0100] "GET /ticket2/opencms/it/buy/?page=1&edid=192B2692-9E9C-E45B-C641-B3FED8E2B94F HTTP/1.1" 200 107726
83.250.76.239 - - [10/Nov/2024:01:13:52 +0100] "GET /ticket2/opencms/img/icons/be.png HTTP/1.1" 200 1663
83.250.76.239 - - [10/Nov/2024:01:13:52 +0100] "GET /ticket2/opencms/img/icons/hr.png HTTP/1.1" 200 2024
83.250.76.239 - - [10/Nov/2024:01:13:52 +0100] "GET /ticket2/opencms/img/icons/bg.png HTTP/1.1" 200 788
83.250.76.239 - - [10/Nov/2024:01:13:52 +0100] "GET /ticket2/opencms/img/icons/ka.png HTTP/1.1" 200 860
83.250.76.239 - - [10/Nov/2024:01:13:52 +0100] "GET /ticket2/opencms/system/modules/com.gridnine.opencms.ticketbrokerage.site/resources/js/standard.js HTTP/1.1" 200 3978
83.250.76.239 - - [10/Nov/2024:01:13:53 +0100] "GET /ticket2/opencms/system/modules/com.gridnine.opencms.ticketbrokerage.site/resources/css/images/ui-bg_flat_75_ffffff_40x100.png HTTP/1.1" 404 -
54.36.148.102 - - [10/Nov/2024:01:13:53 +0100] "GET /ticket2/opencms/fi/venue/?venueid=8CFC3D89-30A6-4F45-212C-6A9F575010B5 HTTP/1.1" 200 78551
194.247.173.99 - - [10/Nov/2024:01:13:53 +0100] "GET /ticket2/opencms/dk/ru/buy/?page=1&edid=8EE24D2F-4BF0-A103-6944-36103BCA6278&sortorder=asc&column=price HTTP/1.1" 404 -
95.217.195.123 - - [10/Nov/2024:01:13:54 +0100] "GET /ticket2/opencms/en/buy/?page=1&edid=DB8E6B8B-D5E6-2798-B4FA-A83F6B0F61B9 HTTP/1.1" 200 100864
81.167.26.57 - - [10/Nov/2024:01:13:55 +0100] "GET /ticket2/opencms/mo/buy/?page=1&edid=348C0D4F-C07E-3755-DFEC-416D881A5AC9 HTTP/1.1" 200 111967
69.171.249.7 - - [10/Nov/2024:01:13:55 +0100] "GET /ticket2/opencms/en/sport/football-tickets/la-liga/ HTTP/1.1" 200 87944
65.108.110.26 - - [10/Nov/2024:01:13:56 +0100] "GET /ticket2/opencms/it/buy/?page=1&edid=1ABC406A-92BD-FDCF-3BD6-80A52E60B34F HTTP/1.1" 200 134599
95.217.195.123 - - [10/Nov/2024:01:13:56 +0100] "GET /ticket2/opencms/en/buy/?page=1&edid=DB8E6B8B-D5E6-2798-B4FA-A83F6B0F61B9&sortorder=desc&column=row HTTP/1.1" 200 102095
194.247.173.99 - - [10/Nov/2024:01:13:57 +0100] "GET /ticket2/opencms/dk/ru/buy/?page=1&edid=8EE24D2F-4BF0-A103-6944-36103BCA6278&sortorder=asc&column=row HTTP/1.1" 404 -
54.36.148.185 - - [10/Nov/2024:01:13:58 +0100] "GET /ticket2/opencms/fi/venue/?venueid=0DAE72BE-DDB2-1AEE-67A0-D0641E7711CD HTTP/1.1" 200 78558
95.217.195.123 - - [10/Nov/2024:01:13:58 +0100] "GET /ticket2/opencms/en/buy/?page=1&edid=DBA24EC4-064E-38F3-96E4-34C95A0CD27F&sortorder=desc&column=price HTTP/1.1" 200 101533
81.167.26.57 - - [10/Nov/2024:01:13:59 +0100] "GET /ticket2/opencms/mo/buy/?page=1&edid=34D2BBB8-FB45-0D0E-564E-E2214021F35A HTTP/1.1" 200 125214
65.108.110.26 - - [10/Nov/2024:01:13:59 +0100] "GET /ticket2/opencms/it/buy/?page=1&edid=1AD4E11C-C792-1721-4D1A-2229101A30FD HTTP/1.1" 200 134603
47.128.26.60 - - [10/Nov/2024:01:14:01 +0100] "GET /ticket2/opencms/mt/buy/?edid=81CABF18-BA6D-C79B-B74D-94D66EB07C86 HTTP/1.1" 200 81495
135.181.74.243 - - [10/Nov/2024:01:14:01 +0100] "GET /ticket2/opencms/dk/no/buy/?page=1&edid=09D32DCC-F7AA-08A6-BBA1-FACD82581843&sortorder=asc&column=section HTTP/1.1" 404 -
194.247.173.99 - - [10/Nov/2024:01:14:01 +0100] "GET /ticket2/opencms/dk/ru/buy/?page=1&edid=8EE24D2F-4BF0-A103-6944-36103BCA6278&sortorder=asc&column=section HTTP/1.1" 404 -
192.95.30.177 - - [10/Nov/2024:01:14:02 +0100] "GET /ticket2/opencms/dk/en/buy/?page=1&edid=7AC6ABB3-09AC-6373-722A-4325330B2FBA&sortorder=asc&column=row HTTP/1.1" 404 -
95.217.195.123 - - [10/Nov/2024:01:14:02 +0100] "GET /ticket2/opencms/en/buy/?page=1&edid=DBA24EC4-064E-38F3-96E4-34C95A0CD27F&sortorder=desc&column=row HTTP/1.1" 200 101441
81.167.26.57 - - [10/Nov/2024:01:14:02 +0100] "GET /ticket2/opencms/mo/buy/?page=1&edid=353A8607-D64B-76FC-86CE-3A4804789969 HTTP/1.1" 200 98768
54.36.149.72 - - [10/Nov/2024:01:14:03 +0100] "GET /ticket2/opencms/fi/venue/?venueid=8243A401-23BF-39C5-8D76-982AC5019BE4 HTTP/1.1" 200 78524
65.108.110.26 - - [10/Nov/2024:01:14:03 +0100] "GET /ticket2/opencms/it/buy/?page=1&edid=1AEC2618-DE69-59D6-4D54-AF36D227A6D5 HTTP/1.1" 200 111356
95.217.195.123 - - [10/Nov/2024:01:14:04 +0100] "GET /ticket2/opencms/en/buy/?page=1&edid=DBA24EC4-064E-38F3-96E4-34C95A0CD27F&sortorder=desc&column=section HTTP/1.1" 200 101625
194.247.173.99 - - [10/Nov/2024:01:14:05 +0100] "GET /ticket2/opencms/dk/ru/buy/?page=1&edid=8EFE8A71-5F67-3802-3BCC-41DE3A06C76D&sortorder=asc&column=price HTTP/1.1" 404 -
81.167.26.57 - - [10/Nov/2024:01:14:06 +0100] "GET /ticket2/opencms/mo/buy/?page=1&edid=3554D6C4-2FFC-457C-507A-C2BD7C1E41FE HTTP/1.1" 200 125239
65.108.110.26 - - [10/Nov/2024:01:14:06 +0100] "GET /ticket2/opencms/it/buy/?page=1&edid=1B1B1FC4-4D35-11C5-5D85-DF2C3A11720F HTTP/1.1" 200 100392
207.46.13.6 - - [10/Nov/2024:01:14:06 +0100] "GET /ticket2/opencms/dk/ HTTP/1.1" 200 95336
54.36.149.7 - - [10/Nov/2024:01:14:07 +0100] "GET /ticket2/opencms/fi/venue/?venueid=593AF726-0A01-6DBE-E6B0-2BCB42342E04 HTTP/1.1" 200 78551
95.217.195.123 - - [10/Nov/2024:01:14:08 +0100] "GET /ticket2/opencms/en/buy/?page=1&edid=DC0F3611-C833-A6F6-70F7-1A8DE9CE1F0E&sortorder=desc&column=row HTTP/1.1" 200 101413
47.128.126.95 - - [10/Nov/2024:01:14:09 +0100] "GET /ticket2/opencms/el/buy/?edid=72150D07-CC34-2767-CCE3-D5CBAEB5F5C9 HTTP/1.1" 200 82211
65.108.110.26 - - [10/Nov/2024:01:14:09 +0100] "GET /ticket2/opencms/it/buy/?page=1&edid=1B836A42-4F20-7A0F-05D1-08388A470666 HTTP/1.1" 200 100593
194.247.173.99 - - [10/Nov/2024:01:14:09 +0100] "GET /ticket2/opencms/dk/ru/buy/?page=1&edid=8F20E4A2-9446-8C15-E6D6-191BA8C6686F&sortorder=asc&column=row HTTP/1.1" 404 -
81.167.26.57 - - [10/Nov/2024:01:14:09 +0100] "GET /ticket2/opencms/mo/buy/?page=1&edid=3571A1A0-959E-2767-C9C5-76572809AC2B HTTP/1.1" 200 100579
135.181.74.243 - - [10/Nov/2024:01:14:10 +0100] "GET /ticket2/opencms/dk/no/buy/?page=1&edid=0B03E436-9F7E-8E6D-25A3-B11FCF7475C3&sortorder=asc&column=price HTTP/1.1" 404 -
95.217.195.123 - - [10/Nov/2024:01:14:10 +0100] "GET /ticket2/opencms/en/buy/?page=1&edid=DCA97FA2-CCDF-A455-0A9B-CB6F2CDFE2CD&sortorder=asc&column=row HTTP/1.1" 200 101245
54.36.148.138 - - [10/Nov/2024:01:14:12 +0100] "GET /ticket2/opencms/fi/venue/?venueid=0CC87D32-3D29-5809-F3E9-5889619E3A38 HTTP/1.1" 200 78525
81.167.26.57 - - [10/Nov/2024:01:14:13 +0100] "GET /ticket2/opencms/mo/buy/?page=1&edid=358070B4-8C45-0881-BDE4-7E85113C242B HTTP/1.1" 200 98758
65.108.110.26 - - [10/Nov/2024:01:14:13 +0100] "GET /ticket2/opencms/it/buy/?page=1&edid=1C663B38-AAE8-15E5-78AB-F7247D2C67D4 HTTP/1.1" 200 123610
194.247.173.99 - - [10/Nov/2024:01:14:13 +0100] "GET /ticket2/opencms/dk/ru/buy/?page=1&edid=926BFD29-18E3-952E-0BD4-BEAEB20DA20D&sortorder=asc&column=row HTTP/1.1" 404 -
192.95.30.177 - - [10/Nov/2024:01:14:13 +0100] "GET /ticket2/opencms/dk/en/buy/?page=1&edid=7AC6ABB3-09AC-6373-722A-4325330B2FBA&sortorder=asc&column=section HTTP/1.1" 404 -
52.167.144.221 - - [10/Nov/2024:01:14:14 +0100] "GET /ticket2/opencms/es/login/?url=/cs/sell/ HTTP/1.1" 200 83127
95.217.195.123 - - [10/Nov/2024:01:14:14 +0100] "GET /ticket2/opencms/en/buy/?page=1&edid=DED8B8D3-5A2A-3FF7-3F3B-8C7FAC67E2E1&sortorder=asc&column=price HTTP/1.1" 200 100366
81.167.26.57 - - [10/Nov/2024:01:14:16 +0100] "GET /ticket2/opencms/mo/buy/?page=1&edid=35B3B189-F0EE-D44E-696E-524503E0038E HTTP/1.1" 200 104783
65.108.110.26 - - [10/Nov/2024:01:14:17 +0100] "GET /ticket2/opencms/it/buy/?page=1&edid=1DC40ECC-FC78-CDB2-9510-7E73DAAD0489 HTTP/1.1" 200 107523
95.217.195.123 - - [10/Nov/2024:01:14:17 +0100] "GET /ticket2/opencms/en/buy/?page=1&edid=DF97ECA4-1113-3B69-FF5A-21F981747AAD&sortorder=asc&column=section HTTP/1.1" 200 100933
194.247.173.99 - - [10/Nov/2024:01:14:18 +0100] "GET /ticket2/opencms/dk/ru/buy/?page=1&edid=92D7B757-A51C-01B4-DEF0-576B5ED68075&sortorder=asc&column=price HTTP/1.1" 404 -
135.181.74.243 - - [10/Nov/2024:01:14:19 +0100] "GET /ticket2/opencms/dk/no/buy/?page=1&edid=0B03E436-9F7E-8E6D-25A3-B11FCF7475C3&sortorder=asc&column=row HTTP/1.1" 404 -
81.167.26.57 - - [10/Nov/2024:01:14:19 +0100] "GET /ticket2/opencms/mo/buy/?page=1&edid=35CC7524-8A7A-7EC1-48FD-F1742720F1A5 HTTP/1.1" 200 108305
65.108.110.26 - - [10/Nov/2024:01:14:20 +0100] "GET /ticket2/opencms/it/buy/?page=1&edid=1F5DDBE6-23AB-F5E5-34B5-37D25394F454 HTTP/1.1" 200 108205
95.217.195.123 - - [10/Nov/2024:01:14:21 +0100] "GET /ticket2/opencms/en/buy/?page=1&edid=E0A93109-5CBA-0BDC-5A03-F3B1B8D8FE01&sortorder=asc&column=section HTTP/1.1" 200 101624
194.247.173.99 - - [10/Nov/2024:01:14:22 +0100] "GET /ticket2/opencms/dk/ru/buy/?page=1&edid=93A8E489-AE58-726C-E39F-173A5C4AC3E8&sortorder=asc&column=row HTTP/1.1" 404 -
66.249.79.77 - - [10/Nov/2024:01:14:22 +0100] "GET /ticket2/opencms/sv/magazine/article?title=vanliga-begrepp-inom-fotboll HTTP/1.1" 200 91716
54.36.148.81 - - [10/Nov/2024:01:14:23 +0100] "GET /ticket2/opencms/fi/venue/?venueid=9BA72295-2DDF-9809-9F6B-30A7553066D1 HTTP/1.1" 200 78530
81.167.26.57 - - [10/Nov/2024:01:14:23 +0100] "GET /ticket2/opencms/mo/buy/?page=1&edid=3624BB9D-BDA3-C6BF-E8FF-2DF1F5C3F73A HTTP/1.1" 200 98759
95.217.195.123 - - [10/Nov/2024:01:14:23 +0100] "GET /ticket2/opencms/en/buy/?page=1&edid=E43BD243-BC53-05EF-2493-D8DF1122B8B4&sortorder=asc&column=row HTTP/1.1" 200 101811
65.108.110.26 - - [10/Nov/2024:01:14:24 +0100] "GET /ticket2/opencms/it/buy/?page=1&edid=2002154A-0979-63C2-6DA2-C28E7B6E108E HTTP/1.1" 200 107516
81.167.26.57 - - [10/Nov/2024:01:14:26 +0100] "GET /ticket2/opencms/mo/buy/?page=1&edid=367697E8-9CE6-4DE1-99C6-92AA7A0AA7C2 HTTP/1.1" 200 98772
95.217.195.123 - - [10/Nov/2024:01:14:26 +0100] "GET /ticket2/opencms/en/buy/?page=1&edid=E43BD243-BC53-05EF-2493-D8DF1122B8B4&sortorder=desc&column=price HTTP/1.1" 200 101948
135.181.74.243 - - [10/Nov/2024:01:14:26 +0100] "GET /ticket2/opencms/dk/no/buy/?page=1&edid=0B03E436-9F7E-8E6D-25A3-B11FCF7475C3&sortorder=asc&column=section HTTP/1.1" 404 -
192.95.30.177 - - [10/Nov/2024:01:14:26 +0100] "GET /ticket2/opencms/dk/en/buy/?page=1&edid=7AF7D8B7-92A4-0C81-79E8-64285D78E9F8 HTTP/1.1" 404 -
194.247.173.99 - - [10/Nov/2024:01:14:26 +0100] "GET /ticket2/opencms/dk/ru/buy/?page=1&edid=94971A0F-269F-0AFA-AE86-83A94774C753 HTTP/1.1" 404 -
65.108.110.26 - - [10/Nov/2024:01:14:27 +0100] "GET /ticket2/opencms/it/buy/?page=1&edid=20146FB3-A7AB-AA61-9E1A-7C70A530633D HTTP/1.1" 200 114928
95.217.195.123 - - [10/Nov/2024:01:14:29 +0100] "GET /ticket2/opencms/en/buy/?page=1&edid=E43BD243-BC53-05EF-2493-D8DF1122B8B4&sortorder=desc&column=row HTTP/1.1" 200 101856
81.167.26.57 - - [10/Nov/2024:01:14:29 +0100] "GET /ticket2/opencms/mo/buy/?page=1&edid=36AF1B5E-5A99-17FA-F2C9-AE0F1234F398 HTTP/1.1" 200 114552
194.247.173.99 - - [10/Nov/2024:01:14:30 +0100] "GET /ticket2/opencms/dk/ru/buy/?page=1&edid=94971A0F-269F-0AFA-AE86-83A94774C753&sortorder=asc&column=price HTTP/1.1" 404 -
5.9.55.228 - - [10/Nov/2024:01:14:31 +0100] "GET /ticket2/opencms/is/buy?catid=4c4dadf0-07cc-9b24-d2d9-940ef378be99&comcatid=97eca65a-72da-f9af-9dbb-245d3cfed1be&page=6 HTTP/1.1" 200 84057
65.108.110.26 - - [10/Nov/2024:01:14:31 +0100] "GET /ticket2/opencms/it/buy/?page=1&edid=22197FAA-D7C6-8F99-4EF8-595770C5EC77 HTTP/1.1" 200 107734
54.36.149.36 - - [10/Nov/2024:01:14:31 +0100] "GET /ticket2/opencms/fi/venue/?venueid=480A6B99-5B8C-629A-4599-8DBE2732DD37 HTTP/1.1" 200 78516
95.217.195.123 - - [10/Nov/2024:01:14:31 +0100] "GET /ticket2/opencms/en/buy/?page=1&edid=E43BD243-BC53-05EF-2493-D8DF1122B8B4&sortorder=desc&column=section HTTP/1.1" 200 102040
81.167.26.57 - - [10/Nov/2024:01:14:33 +0100] "GET /ticket2/opencms/mo/buy/?page=1&edid=3706597D-01C1-24D2-0A1C-59FBD9F8851C HTTP/1.1" 200 101802
194.247.173.99 - - [10/Nov/2024:01:14:34 +0100] "GET /ticket2/opencms/dk/ru/buy/?page=1&edid=94971A0F-269F-0AFA-AE86-83A94774C753&sortorder=asc&column=row HTTP/1.1" 404 -
65.108.110.26 - - [10/Nov/2024:01:14:34 +0100] "GET /ticket2/opencms/it/buy/?page=1&edid=24A843F5-AE99-1BDD-5A34-93381BE14187 HTTP/1.1" 200 104195
135.181.74.243 - - [10/Nov/2024:01:14:35 +0100] "GET /ticket2/opencms/dk/no/buy/?page=1&edid=0B083C51-2D6B-8CD2-8763-C3F4DB186FAB&sortorder=desc&column=row HTTP/1.1" 404 -
95.217.195.123 - - [10/Nov/2024:01:14:36 +0100] "GET /ticket2/opencms/en/buy/?page=1&edid=E4915448-0650-97C7-D024-84A720D83423&sortorder=desc&column=price HTTP/1.1" 200 101687
81.167.26.57 - - [10/Nov/2024:01:14:36 +0100] "GET /ticket2/opencms/mo/buy/?page=1&edid=380022DF-63A1-5DA8-425A-027B0E0314C7 HTTP/1.1" 200 98757
194.247.173.99 - - [10/Nov/2024:01:14:37 +0100] "GET /ticket2/opencms/dk/ru/buy/?page=1&edid=94971A0F-269F-0AFA-AE86-83A94774C753&sortorder=asc&column=section HTTP/1.1" 404 -
54.36.149.34 - - [10/Nov/2024:01:14:37 +0100] "GET /ticket2/opencms/fi/venue/?venueid=B8FCE929-249C-C67B-84CE-487EF2E25D2B HTTP/1.1" 200 78533
192.95.30.177 - - [10/Nov/2024:01:14:37 +0100] "GET /ticket2/opencms/dk/en/buy/?page=1&edid=7AF7D8B7-92A4-0C81-79E8-64285D78E9F8&sortorder=desc&column=price HTTP/1.1" 404 -
65.108.110.26 - - [10/Nov/2024:01:14:38 +0100] "GET /ticket2/opencms/it/buy/?page=1&edid=25666712-CB7E-CDDD-4626-F1CD96C38316 HTTP/1.1" 200 134600
185.191.171.10 - - [10/Nov/2024:01:14:38 +0100] "GET /ticket2/opencms/sk/sport/futbalove-listky/la-liga/mallorca/ HTTP/1.1" 200 95500
95.217.195.123 - - [10/Nov/2024:01:14:39 +0100] "GET /ticket2/opencms/en/buy/?page=1&edid=E4DD18A9-E2C7-8937-EAB2-A958CD187E94&sortorder=asc&column=price HTTP/1.1" 200 98206
81.167.26.57 - - [10/Nov/2024:01:14:39 +0100] "GET /ticket2/opencms/mo/buy/?page=1&edid=38D3E8DB-58C1-6EB0-5381-C6ED5AE10DA5 HTTP/1.1" 200 98745
85.208.96.193 - - [10/Nov/2024:01:14:41 +0100] "GET /ticket2/opencms/fr/sport/ HTTP/1.1" 200 86929
194.247.173.99 - - [10/Nov/2024:01:14:41 +0100] "GET /ticket2/opencms/dk/ru/buy/?page=1&edid=94971A0F-269F-0AFA-AE86-83A94774C753&sortorder=desc&column=price HTTP/1.1" 404 -
65.108.110.26 - - [10/Nov/2024:01:14:41 +0100] "GET /ticket2/opencms/it/buy/?page=1&edid=25E480BD-3146-6437-2F16-290C8FABFD21 HTTP/1.1" 200 107463
54.36.149.5 - - [10/Nov/2024:01:14:41 +0100] "GET /ticket2/opencms/fi/venue/?venueid=624AC056-160F-0167-065E-997275B2D428 HTTP/1.1" 200 78521
81.167.26.57 - - [10/Nov/2024:01:14:43 +0100] "GET /ticket2/opencms/mo/buy/?page=1&edid=39F65111-2D6B-8CCA-6356-10B703EAE091 HTTP/1.1" 200 98769
95.217.195.123 - - [10/Nov/2024:01:14:43 +0100] "GET /ticket2/opencms/en/buy/?page=1&edid=E688318C-8BD2-52B1-8214-3B9499EE0B50&sortorder=asc&column=section HTTP/1.1" 200 101331
135.181.74.243 - - [10/Nov/2024:01:14:43 +0100] "GET /ticket2/opencms/dk/no/buy/?page=1&edid=10515F0B-6422-A692-0748-D7547F0F118B&sortorder=asc&column=price HTTP/1.1" 404 -
194.247.173.99 - - [10/Nov/2024:01:14:45 +0100] "GET /ticket2/opencms/dk/ru/buy/?page=1&edid=94971A0F-269F-0AFA-AE86-83A94774C753&sortorder=desc&column=row HTTP/1.1" 404 -
65.108.110.26 - - [10/Nov/2024:01:14:45 +0100] "GET /ticket2/opencms/it/buy/?page=1&edid=26467E66-E432-3709-0425-A75E81B5021A HTTP/1.1" 200 130435
95.217.195.123 - - [10/Nov/2024:01:14:46 +0100] "GET /ticket2/opencms/en/buy/?page=1&edid=E688318C-8BD2-52B1-8214-3B9499EE0B50&sortorder=desc&column=section HTTP/1.1" 200 101376
81.167.26.57 - - [10/Nov/2024:01:14:46 +0100] "GET /ticket2/opencms/mo/buy/?page=1&edid=3A9780A5-BD38-4C21-77F6-3CFD161A5931 HTTP/1.1" 200 98777
47.128.115.254 - - [10/Nov/2024:01:14:46 +0100] "GET /ticket2/opencms/fr/magazine/article?title=tottenham-burnley-2024-05-11 HTTP/1.1" 200 82802
85.208.96.197 - - [10/Nov/2024:01:14:47 +0100] "GET /ticket2/opencms/de/robots.txt HTTP/1.1" 404 -
95.217.195.123 - - [10/Nov/2024:01:14:48 +0100] "GET /ticket2/opencms/en/buy/?page=1&edid=E7560AB3-0BA2-E806-DEFE-5D8CC4C6CAA3&sortorder=desc&column=price HTTP/1.1" 200 101509
194.247.173.99 - - [10/Nov/2024:01:14:48 +0100] "GET /ticket2/opencms/dk/ru/buy/?page=1&edid=94971A0F-269F-0AFA-AE86-83A94774C753&sortorder=desc&column=section HTTP/1.1" 404 -
65.108.110.26 - - [10/Nov/2024:01:14:49 +0100] "GET /ticket2/opencms/it/buy/?page=1&edid=268D8165-50F1-AAA8-6C6A-3ABAD53C8B35 HTTP/1.1" 200 116625
54.36.148.227 - - [10/Nov/2024:01:14:49 +0100] "GET /ticket2/opencms/fi/venue/?venueid=4E57517D-EB34-B5C4-C05B-4A4E6641D62F HTTP/1.1" 200 78545
81.167.26.57 - - [10/Nov/2024:01:14:49 +0100] "GET /ticket2/opencms/mo/buy/?page=1&edid=3AAD2194-7D27-1E14-1F37-DA3A90110F57 HTTP/1.1" 200 98758
85.208.96.197 - - [10/Nov/2024:01:14:50 +0100] "GET /ticket2/opencms/robots.txt HTTP/1.1" 200 773
95.217.195.123 - - [10/Nov/2024:01:14:50 +0100] "GET /ticket2/opencms/en/buy/?page=1&edid=E7560AB3-0BA2-E806-DEFE-5D8CC4C6CAA3&sortorder=desc&column=section HTTP/1.1" 200 101601
85.208.96.193 - - [10/Nov/2024:01:14:51 +0100] "GET /ticket2/opencms/de/fi/buy_safety HTTP/1.1" 404 -
194.247.173.99 - - [10/Nov/2024:01:14:52 +0100] "GET /ticket2/opencms/dk/ru/buy/?page=1&edid=95E6E611-0374-63DE-1FB9-733C295CC9A7&sortorder=asc&column=price HTTP/1.1" 404 -
95.217.195.123 - - [10/Nov/2024:01:14:52 +0100] "GET /ticket2/opencms/en/buy/?page=1&edid=EA22A313-8EAF-86C7-31A1-A4D029D5E9C9&sortorder=desc&column=row HTTP/1.1" 200 101374
65.108.110.26 - - [10/Nov/2024:01:14:52 +0100] "GET /ticket2/opencms/it/buy/?page=1&edid=27182C30-0424-098E-A8DB-2AA3B88A1ABD HTTP/1.1" 200 123630
135.181.74.243 - - [10/Nov/2024:01:14:52 +0100] "GET /ticket2/opencms/dk/no/buy/?page=1&edid=2590C4CB-47EB-F4EE-50D8-146B8816D391&sortorder=desc&column=price HTTP/1.1" 404 -
81.167.26.57 - - [10/Nov/2024:01:14:53 +0100] "GET /ticket2/opencms/mo/buy/?page=1&edid=3B157B14-2ACC-30A7-0D5C-8313AB0A1A32 HTTP/1.1" 200 125234
192.95.30.177 - - [10/Nov/2024:01:14:53 +0100] "GET /ticket2/opencms/dk/en/buy/?page=1&edid=7AF7D8B7-92A4-0C81-79E8-64285D78E9F8&sortorder=desc&column=row HTTP/1.1" 404 -
95.217.195.123 - - [10/Nov/2024:01:14:54 +0100] "GET /ticket2/opencms/en/buy/?page=1&edid=EB592836-3B3C-DB5C-2862-32483E1FB13E&sortorder=desc&column=row HTTP/1.1" 200 100526
194.247.173.99 - - [10/Nov/2024:01:14:55 +0100] "GET /ticket2/opencms/dk/ru/buy/?page=1&edid=95E6E611-0374-63DE-1FB9-733C295CC9A7&sortorder=asc&column=row HTTP/1.1" 404 -
65.108.110.26 - - [10/Nov/2024:01:14:56 +0100] "GET /ticket2/opencms/it/buy/?page=1&edid=27BD86C3-7872-0F2C-F4EA-C29B4E4DC0EF HTTP/1.1" 200 110447
81.167.26.57 - - [10/Nov/2024:01:14:56 +0100] "GET /ticket2/opencms/mo/buy/?page=1&edid=3B2DD9A6-8906-C64F-74F1-E2152AA05C80 HTTP/1.1" 200 108307
95.217.195.123 - - [10/Nov/2024:01:14:58 +0100] "GET /ticket2/opencms/en/buy/?page=1&edid=EB592836-3B3C-DB5C-2862-32483E1FB13E&sortorder=desc&column=section HTTP/1.1" 200 100710
65.108.110.26 - - [10/Nov/2024:01:14:59 +0100] "GET /ticket2/opencms/it/buy/?page=1&edid=285C029F-0136-4458-3DAC-D4899E4F1B96 HTTP/1.1" 200 98192
54.36.148.175 - - [10/Nov/2024:01:14:59 +0100] "GET /ticket2/opencms/fi/venue/?venueid=40BC3D00-46E6-20A0-5D8C-1C84088AAF36 HTTP/1.1" 200 78510
194.247.173.99 - - [10/Nov/2024:01:14:59 +0100] "GET /ticket2/opencms/dk/ru/buy/?page=1&edid=95E6E611-0374-63DE-1FB9-733C295CC9A7&sortorder=asc&column=section HTTP/1.1" 404 -
81.167.26.57 - - [10/Nov/2024:01:15:00 +0100] "GET /ticket2/opencms/mo/buy/?page=1&edid=3BDAF33D-50D2-45C6-26D6-3F2B5E36F1B0 HTTP/1.1" 200 98796
95.217.195.123 - - [10/Nov/2024:01:15:00 +0100] "GET /ticket2/opencms/en/buy/?page=1&edid=EBDE16C3-D52D-1A2B-5ECC-1FCB64F51698&sortorder=desc&column=row HTTP/1.1" 200 101172
66.249.79.233 - - [10/Nov/2024:01:15:00 +0100] "GET /ticket2/opencms/bg/sport/futbolni-bileti/premier-league/wolverhampton HTTP/1.1" 200 98155
65.108.110.26 - - [10/Nov/2024:01:15:02 +0100] "GET /ticket2/opencms/it/buy/?page=1&edid=294968E7-670E-500D-EF6F-F776CC397F5A HTTP/1.1" 200 110729
95.217.195.123 - - [10/Nov/2024:01:15:02 +0100] "GET /ticket2/opencms/en/buy/?page=1&edid=EBDEE9E2-D38E-19A0-77CC-0353B5EDD49E HTTP/1.1" 200 100214
192.95.30.177 - - [10/Nov/2024:01:15:03 +0100] "GET /ticket2/opencms/dk/en/buy/?page=1&edid=7AF7D8B7-92A4-0C81-79E8-64285D78E9F8&sortorder=desc&column=section HTTP/1.1" 404 -
81.167.26.57 - - [10/Nov/2024:01:15:03 +0100] "GET /ticket2/opencms/mo/buy/?page=1&edid=3CD7956F-5F28-BF4C-1F66-E07360DC71F8 HTTP/1.1" 200 98759
194.247.173.99 - - [10/Nov/2024:01:15:03 +0100] "GET /ticket2/opencms/dk/ru/buy/?page=1&edid=96F30A5D-14BE-BD60-0E2F-BB513D88813E&sortorder=desc&column=section HTTP/1.1" 404 -
66.249.76.224 - - [10/Nov/2024:01:15:03 +0100] "GET /ticket2/opencms/sl/buy/?page=1&edid=E3166D36-0533-1C67-661A-CD0D8BD7BA8C HTTP/1.1" 200 125049
95.217.195.123 - - [10/Nov/2024:01:15:04 +0100] "GET /ticket2/opencms/en/buy/?page=1&edid=EBDEE9E2-D38E-19A0-77CC-0353B5EDD49E&sortorder=desc&column=price HTTP/1.1" 200 101537
54.36.148.105 - - [10/Nov/2024:01:15:05 +0100] "GET /ticket2/opencms/fi/venue/?venueid=D3139A8D-6B53-89E5-64EC-7E77C0A47043 HTTP/1.1" 200 78504
135.181.74.243 - - [10/Nov/2024:01:15:05 +0100] "GET /ticket2/opencms/dk/no/buy/?page=1&edid=26C8B2C6-A707-F683-C614-F836DAE4D61B&sortorder=asc&column=section HTTP/1.1" 404 -
65.108.110.26 - - [10/Nov/2024:01:15:06 +0100] "GET /ticket2/opencms/it/buy/?page=1&edid=2A51ECF8-5DB5-F349-CC30-BF574AC78AE1 HTTP/1.1" 200 110737
81.167.26.57 - - [10/Nov/2024:01:15:06 +0100] "GET /ticket2/opencms/mo/buy/?page=1&edid=3D561669-CE76-F355-781D-8E2E1C0C9894 HTTP/1.1" 200 116902
157.55.39.50 - - [10/Nov/2024:01:15:07 +0100] "GET /ticket2/opencms/no/buy/?page=1&edid=570FD6B1-ED73-103F-2272-3F6F4728ECCF HTTP/1.1" 200 98186
95.217.195.123 - - [10/Nov/2024:01:15:08 +0100] "GET /ticket2/opencms/en/buy/?page=1&edid=EBDEE9E2-D38E-19A0-77CC-0353B5EDD49E&sortorder=desc&column=section HTTP/1.1" 200 101629
194.247.173.99 - - [10/Nov/2024:01:15:09 +0100] "GET /ticket2/opencms/dk/ru/buy/?page=1&edid=97090501-1E61-49E3-928B-F233AE55277C&sortorder=desc&column=section HTTP/1.1" 404 -
65.108.110.26 - - [10/Nov/2024:01:15:09 +0100] "GET /ticket2/opencms/it/buy/?page=1&edid=2ACCB388-CC5F-1368-2FF5-1F1630B8D295 HTTP/1.1" 200 107730
81.167.26.57 - - [10/Nov/2024:01:15:10 +0100] "GET /ticket2/opencms/mo/buy/?page=1&edid=3D90558B-59E5-DB4E-10D0-F79B6C89B78E HTTP/1.1" 200 124568
95.217.195.123 - - [10/Nov/2024:01:15:10 +0100] "GET /ticket2/opencms/en/buy/?page=1&edid=F488B6B7-F65E-2A9C-F46B-E6910C7895D3&sortorder=asc&column=price HTTP/1.1" 200 100360
185.191.171.3 - - [10/Nov/2024:01:15:11 +0100] "GET /ticket2/opencms/de/en/faq/ HTTP/1.1" 404 -
54.36.148.124 - - [10/Nov/2024:01:15:12 +0100] "GET /ticket2/opencms/fi/venue/?venueid=C5834F34-3BBB-2A93-0E8E-D95E38C86A64 HTTP/1.1" 200 78578
65.108.110.26 - - [10/Nov/2024:01:15:13 +0100] "GET /ticket2/opencms/it/buy/?page=1&edid=2C2E9185-38A8-EBBD-403B-609372D69EE0 HTTP/1.1" 200 123618
95.217.195.123 - - [10/Nov/2024:01:15:13 +0100] "GET /ticket2/opencms/en/buy/?page=1&edid=F4A838CD-C7EB-CDA8-6118-FDD4414B7F98 HTTP/1.1" 200 100251
81.167.26.57 - - [10/Nov/2024:01:15:13 +0100] "GET /ticket2/opencms/mo/buy/?page=1&edid=3DA4D4F8-D0E8-FA39-BB7D-9FB474CBAB05 HTTP/1.1" 200 101184
194.247.173.99 - - [10/Nov/2024:01:15:14 +0100] "GET /ticket2/opencms/dk/ru/buy/?page=1&edid=9761E1FD-698D-925B-75F2-8957E68FD205&sortorder=desc&column=row HTTP/1.1" 404 -
192.95.30.177 - - [10/Nov/2024:01:15:14 +0100] "GET /ticket2/opencms/dk/en/buy/?page=1&edid=7B7C59FE-44C3-8B94-6612-C7226873D7F7 HTTP/1.1" 404 -
5.9.55.228 - - [10/Nov/2024:01:15:15 +0100] "GET /ticket2/opencms/is/buy?catid=55d1256d-bdd9-cba3-47a3-0a252f702555&comcatid=97eca65a-72da-f9af-9dbb-245d3cfed1be&page=6 HTTP/1.1" 200 84057
135.181.74.243 - - [10/Nov/2024:01:15:15 +0100] "GET /ticket2/opencms/dk/no/buy/?page=1&edid=294F17B7-744E-4BB6-3486-8E45BFCF45D8&sortorder=asc&column=price HTTP/1.1" 404 -
95.217.195.123 - - [10/Nov/2024:01:15:15 +0100] "GET /ticket2/opencms/en/buy/?page=1&edid=F4A838CD-C7EB-CDA8-6118-FDD4414B7F98&sortorder=desc&column=price HTTP/1.1" 200 101574
65.108.110.26 - - [10/Nov/2024:01:15:17 +0100] "GET /ticket2/opencms/it/buy/?page=1&edid=2CEA0497-8D50-22F6-0E98-33BE3EC14F1E HTTP/1.1" 200 115485
81.167.26.57 - - [10/Nov/2024:01:15:17 +0100] "GET /ticket2/opencms/mo/buy/?page=1&edid=3E614CE3-7605-80A5-EDE5-1940F2DB48F5 HTTP/1.1" 200 106752
54.36.149.103 - - [10/Nov/2024:01:15:17 +0100] "GET /ticket2/opencms/fi/venue/?venueid=196FB588-3DD3-A39A-5871-20BDD46513E4 HTTP/1.1" 200 78519
194.247.173.99 - - [10/Nov/2024:01:15:17 +0100] "GET /ticket2/opencms/dk/ru/buy/?page=1&edid=97BBEAE3-84A6-961D-E0ED-041396994F7B&sortorder=asc&column=row HTTP/1.1" 404 -
95.217.195.123 - - [10/Nov/2024:01:15:17 +0100] "GET /ticket2/opencms/en/buy/?page=1&edid=F4A838CD-C7EB-CDA8-6118-FDD4414B7F98&sortorder=desc&column=row HTTP/1.1" 200 101482
81.167.26.57 - - [10/Nov/2024:01:15:20 +0100] "GET /ticket2/opencms/mo/buy/?page=1&edid=3E695278-3633-41A9-153A-2392BD9FC689 HTTP/1.1" 200 98759
65.108.110.26 - - [10/Nov/2024:01:15:20 +0100] "GET /ticket2/opencms/it/buy/?page=1&edid=2E10707D-C051-6138-1E62-3BA0A6C4D8EB HTTP/1.1" 200 124297
95.217.195.123 - - [10/Nov/2024:01:15:21 +0100] "GET /ticket2/opencms/en/buy/?page=1&edid=F4A838CD-C7EB-CDA8-6118-FDD4414B7F98&sortorder=desc&column=section HTTP/1.1" 200 101666
194.247.173.99 - - [10/Nov/2024:01:15:21 +0100] "GET /ticket2/opencms/dk/ru/buy/?page=1&edid=97FD3FB4-D972-2B5D-29FB-AD22F8A4FAFB&sortorder=asc&column=row HTTP/1.1" 404 -
54.36.148.156 - - [10/Nov/2024:01:15:22 +0100] "GET /ticket2/opencms/fi/venue/?venueid=EF9A381D-E146-D5CF-CC6A-B0B8DD77CAB7 HTTP/1.1" 200 78566
95.217.195.123 - - [10/Nov/2024:01:15:23 +0100] "GET /ticket2/opencms/en/buy/?page=1&edid=F4C61204-D1C7-427C-4F65-1F077CA01CD3 HTTP/1.1" 200 100864
47.128.58.148 - - [10/Nov/2024:01:15:23 +0100] "GET /ticket2/opencms/is/buy?edid=A457FF13-7A37-0365-AFA9-2CC7C635642A HTTP/1.1" 200 81480
81.167.26.57 - - [10/Nov/2024:01:15:24 +0100] "GET /ticket2/opencms/mo/buy/?page=1&edid=3F245B75-1DCF-320F-93F3-D63AC2E239C1 HTTP/1.1" 200 108123
65.108.110.26 - - [10/Nov/2024:01:15:24 +0100] "GET /ticket2/opencms/it/buy/?page=1&edid=2E411FE0-1373-6C6F-7ECE-3BF98DA0CFAB HTTP/1.1" 200 104203
194.247.173.99 - - [10/Nov/2024:01:15:25 +0100] "GET /ticket2/opencms/dk/ru/buy/?page=1&edid=9855A2C3-650C-23D8-F314-126B4A227928&sortorder=asc&column=price HTTP/1.1" 404 -
135.181.74.243 - - [10/Nov/2024:01:15:25 +0100] "GET /ticket2/opencms/dk/no/buy/?page=1&edid=294F17B7-744E-4BB6-3486-8E45BFCF45D8&sortorder=asc&column=section HTTP/1.1" 404 -
192.95.30.177 - - [10/Nov/2024:01:15:26 +0100] "GET /ticket2/opencms/dk/en/buy/?page=1&edid=7B7C59FE-44C3-8B94-6612-C7226873D7F7&sortorder=asc&column=row HTTP/1.1" 404 -
95.217.195.123 - - [10/Nov/2024:01:15:26 +0100] "GET /ticket2/opencms/en/buy/?page=1&edid=F4C61204-D1C7-427C-4F65-1F077CA01CD3&sortorder=desc&column=section HTTP/1.1" 200 102279
54.36.149.53 - - [10/Nov/2024:01:15:27 +0100] "GET /ticket2/opencms/fi/venue/?venueid=E6204074-AB92-38FC-E60D-184F55E9757A HTTP/1.1" 200 78563
81.167.26.57 - - [10/Nov/2024:01:15:27 +0100] "GET /ticket2/opencms/mo/buy/?page=1&edid=3F2482EE-6B7A-310D-17CE-1C7E3CC58C7F HTTP/1.1" 200 111959
65.108.110.26 - - [10/Nov/2024:01:15:27 +0100] "GET /ticket2/opencms/it/buy/?page=1&edid=2E4F6694-4C6B-92DF-9C77-6D35DA0F2BB8 HTTP/1.1" 200 101651
194.247.173.99 - - [10/Nov/2024:01:15:29 +0100] "GET /ticket2/opencms/dk/ru/buy/?page=1&edid=9855A2C3-650C-23D8-F314-126B4A227928&sortorder=asc&column=row HTTP/1.1" 404 -
95.217.195.123 - - [10/Nov/2024:01:15:29 +0100] "GET /ticket2/opencms/en/buy/?page=1&edid=F4D78D53-5514-188C-B61F-73CDE03BF980&sortorder=asc&column=row HTTP/1.1" 200 101816
65.108.110.26 - - [10/Nov/2024:01:15:31 +0100] "GET /ticket2/opencms/it/buy/?page=1&edid=2EB15005-07E4-0DB7-1EF8-52C1740D2595 HTTP/1.1" 200 107732
95.217.195.123 - - [10/Nov/2024:01:15:31 +0100] "GET /ticket2/opencms/en/buy/?page=1&edid=F50E99A8-AE8A-A436-09D8-96A1685B0F24&sortorder=desc&column=price HTTP/1.1" 200 98258
81.167.26.57 - - [10/Nov/2024:01:15:31 +0100] "GET /ticket2/opencms/mo/buy/?page=1&edid=3F2D99A8-7547-83C1-C9EB-9D79E7CF5003 HTTP/1.1" 200 125235
54.36.149.8 - - [10/Nov/2024:01:15:32 +0100] "GET /ticket2/opencms/mo/buy?page=10&eventid=8089A138-5EE7-E43F-C342-AAB9352CA1D1&venueid=152137BD-51FA-C49F-6002-B503D5181B54 HTTP/1.1" 200 93742
194.247.173.99 - - [10/Nov/2024:01:15:32 +0100] "GET /ticket2/opencms/dk/ru/buy/?page=1&edid=99648415-648F-DB49-A6FC-5B7B0B13A0E2&sortorder=asc&column=price HTTP/1.1" 404 -
135.181.74.243 - - [10/Nov/2024:01:15:33 +0100] "GET /ticket2/opencms/dk/no/buy/?page=1&edid=2AC7EE87-58A0-4C23-A991-128666D45412&sortorder=asc&column=price HTTP/1.1" 404 -
95.217.195.123 - - [10/Nov/2024:01:15:34 +0100] "GET /ticket2/opencms/en/buy/?page=1&edid=F5457626-650E-91F7-8E0A-573DA573BFB0&sortorder=desc&column=row HTTP/1.1" 200 100531
65.108.110.26 - - [10/Nov/2024:01:15:34 +0100] "GET /ticket2/opencms/it/buy/?page=1&edid=2F8A1F6C-BB6B-28D1-66EB-00F711E0CBA3 HTTP/1.1" 200 106140
81.167.26.57 - - [10/Nov/2024:01:15:35 +0100] "GET /ticket2/opencms/mo/buy/?page=1&edid=3F498AA2-1CAE-128B-F418-8D3BA0711D36 HTTP/1.1" 200 98741
47.128.39.38 - - [10/Nov/2024:01:15:35 +0100] "GET /ticket2/opencms/fr/magazine/article?title=kevin-de-bruyne HTTP/1.1" 200 85055
95.217.195.123 - - [10/Nov/2024:01:15:35 +0100] "GET /ticket2/opencms/en/buy/?page=1&edid=F5DB4B46-45B6-9A1B-2E14-108B2B95E084&sortorder=desc&column=section HTTP/1.1" 200 98338
192.95.30.177 - - [10/Nov/2024:01:15:36 +0100] "GET /ticket2/opencms/dk/en/buy/?page=1&edid=7B7C59FE-44C3-8B94-6612-C7226873D7F7&sortorder=asc&column=section HTTP/1.1" 404 -
95.217.195.123 - - [10/Nov/2024:01:15:38 +0100] "GET /ticket2/opencms/en/buy/?page=1&edid=F6211F52-67B3-65D8-A11D-822849AB2187&sortorder=desc&column=row HTTP/1.1" 200 101388
85.208.96.212 - - [10/Nov/2024:01:15:38 +0100] "GET /ticket2/opencms/nl/sport/voetbal-tickets/serie_a/cagliari/ HTTP/1.1" 200 78392
194.247.173.99 - - [10/Nov/2024:01:15:38 +0100] "GET /ticket2/opencms/dk/ru/buy/?page=1&edid=0B813C59-BEEE-247A-4323-96A834637DDB HTTP/1.1" 404 -
65.108.110.26 - - [10/Nov/2024:01:15:38 +0100] "GET /ticket2/opencms/it/buy/?page=1&edid=312E2B30-1BE8-80F9-5587-64D580752ED3 HTTP/1.1" 200 107697
81.167.26.57 - - [10/Nov/2024:01:15:38 +0100] "GET /ticket2/opencms/mo/buy/?page=1&edid=3F80EEF6-13FB-8F2D-B087-5BBAE74B636E HTTP/1.1" 200 121927
95.217.195.123 - - [10/Nov/2024:01:15:39 +0100] "GET /ticket2/opencms/en/buy/?page=1&edid=F68975D8-2DB7-B52A-F7B9-092BBCD03C6B&sortorder=desc&column=row HTTP/1.1" 200 100533
65.108.110.26 - - [10/Nov/2024:01:15:41 +0100] "GET /ticket2/opencms/it/buy/?page=1&edid=32359E59-20A4-8706-5D64-A284D441A719 HTTP/1.1" 200 113264
95.217.195.123 - - [10/Nov/2024:01:15:42 +0100] "GET /ticket2/opencms/en/buy/?page=1&edid=F7B8BE92-D516-BEF0-162F-E147FE8DEFE4 HTTP/1.1" 200 100856
81.167.26.57 - - [10/Nov/2024:01:15:42 +0100] "GET /ticket2/opencms/mo/buy/?page=1&edid=3F963FD5-1ED2-6ECC-F4D2-23E1A97126FB HTTP/1.1" 200 101820
135.181.74.243 - - [10/Nov/2024:01:15:43 +0100] "GET /ticket2/opencms/dk/no/buy/?page=1&edid=2AC7EE87-58A0-4C23-A991-128666D45412&sortorder=asc&column=row HTTP/1.1" 404 -
95.217.195.123 - - [10/Nov/2024:01:15:44 +0100] "GET /ticket2/opencms/en/buy/?page=1&edid=F7B8BE92-D516-BEF0-162F-E147FE8DEFE4&sortorder=asc&column=price HTTP/1.1" 200 102134
194.247.173.99 - - [10/Nov/2024:01:15:44 +0100] "GET /ticket2/opencms/dk/ru/buy/?page=1&edid=0B96E2DD-25FC-BCDF-58F0-8F3CC908DB91&sortorder=asc&column=price HTTP/1.1" 404 -
65.108.110.26 - - [10/Nov/2024:01:15:45 +0100] "GET /ticket2/opencms/it/buy/?page=1&edid=3289C097-2261-9433-8644-DF033A9EE354 HTTP/1.1" 200 130430
81.167.26.57 - - [10/Nov/2024:01:15:45 +0100] "GET /ticket2/opencms/mo/buy/?page=1&edid=402D4ADF-F1A8-8EDD-0E47-FAEC0616E1C7 HTTP/1.1" 200 108073
95.217.195.123 - - [10/Nov/2024:01:15:46 +0100] "GET /ticket2/opencms/en/buy/?page=1&edid=F7B8BE92-D516-BEF0-162F-E147FE8DEFE4&sortorder=asc&column=row HTTP/1.1" 200 102042
192.95.30.177 - - [10/Nov/2024:01:15:46 +0100] "GET /ticket2/opencms/dk/en/buy/?page=1&edid=7B7C59FE-44C3-8B94-6612-C7226873D7F7&sortorder=desc&column=price HTTP/1.1" 404 -
65.108.110.26 - - [10/Nov/2024:01:15:49 +0100] "GET /ticket2/opencms/it/buy/?page=1&edid=3396D07B-AC6D-141E-71F3-9DE65C0FEDF0 HTTP/1.1" 200 104719
81.167.26.57 - - [10/Nov/2024:01:15:49 +0100] "GET /ticket2/opencms/mo/buy/?page=1&edid=403C6528-29E0-E7F0-69C0-963918D78FCD HTTP/1.1" 200 98750
95.217.195.123 - - [10/Nov/2024:01:15:49 +0100] "GET /ticket2/opencms/fi/buy/?page=1&edid=000D793F-1AC0-34C5-B57A-39C22A80DC95&sortorder=desc&column=price HTTP/1.1" 200 103267
194.247.173.99 - - [10/Nov/2024:01:15:49 +0100] "GET /ticket2/opencms/dk/ru/buy/?page=1&edid=0B96E2DD-25FC-BCDF-58F0-8F3CC908DB91&sortorder=asc&column=row HTTP/1.1" 404 -
135.181.74.243 - - [10/Nov/2024:01:15:51 +0100] "GET /ticket2/opencms/dk/no/buy/?page=1&edid=2B6D3461-C9C0-9978-9EF6-117AE7BAD9C4&sortorder=asc&column=price HTTP/1.1" 404 -
95.217.195.123 - - [10/Nov/2024:01:15:51 +0100] "GET /ticket2/opencms/fi/buy/?page=1&edid=000D793F-1AC0-34C5-B57A-39C22A80DC95&sortorder=desc&column=row HTTP/1.1" 200 103175
81.167.26.57 - - [10/Nov/2024:01:15:52 +0100] "GET /ticket2/opencms/mo/buy/?page=1&edid=40635446-3A1B-F16A-9B72-5E5BD25B028F HTTP/1.1" 200 98765
65.108.110.26 - - [10/Nov/2024:01:15:52 +0100] "GET /ticket2/opencms/it/buy/?page=1&edid=33CFCCFE-A22A-4A2C-1202-26E0FBDCB686 HTTP/1.1" 200 110709
66.249.79.7 - - [10/Nov/2024:01:15:53 +0100] "GET /ticket2/opencms/is/buying_tickets HTTP/1.1" 200 80639
95.217.195.123 - - [10/Nov/2024:01:15:54 +0100] "GET /ticket2/opencms/fi/buy/?page=1&edid=000D793F-1AC0-34C5-B57A-39C22A80DC95&sortorder=desc&column=section HTTP/1.1" 200 103359
194.247.173.99 - - [10/Nov/2024:01:15:55 +0100] "GET /ticket2/opencms/dk/ru/buy/?page=1&edid=0B96E2DD-25FC-BCDF-58F0-8F3CC908DB91&sortorder=asc&column=section HTTP/1.1" 404 -
81.167.26.57 - - [10/Nov/2024:01:15:55 +0100] "GET /ticket2/opencms/mo/buy/?page=1&edid=411D3DBB-027B-B862-22E5-46D3DA36810A HTTP/1.1" 200 98771
65.108.110.26 - - [10/Nov/2024:01:15:56 +0100] "GET /ticket2/opencms/it/buy/?page=1&edid=35B3B189-F0EE-D44E-696E-524503E0038E HTTP/1.1" 200 104208
95.217.195.123 - - [10/Nov/2024:01:15:57 +0100] "GET /ticket2/opencms/fi/buy/?page=1&edid=001A924D-51B3-F6EA-12AD-5B5FF406C83C&sortorder=desc&column=section HTTP/1.1" 200 103349
66.249.79.233 - - [10/Nov/2024:01:15:58 +0100] "GET /ticket2/opencms/sr/magazine/article?title=bukajo-ajojinka-t-m-saka HTTP/1.1" 200 85988
192.95.30.177 - - [10/Nov/2024:01:15:58 +0100] "GET /ticket2/opencms/dk/en/buy/?page=1&edid=7B7C59FE-44C3-8B94-6612-C7226873D7F7&sortorder=desc&column=row HTTP/1.1" 404 -
65.108.110.26 - - [10/Nov/2024:01:15:59 +0100] "GET /ticket2/opencms/it/buy/?page=1&edid=361EAD73-436C-F7FD-91EE-7D353735C8BC HTTP/1.1" 200 101234
81.167.26.57 - - [10/Nov/2024:01:15:59 +0100] "GET /ticket2/opencms/mo/buy/?page=1&edid=41223DA8-F64F-F12A-66D9-9E5666E9DFB2 HTTP/1.1" 200 108092
5.9.55.228 - - [10/Nov/2024:01:15:59 +0100] "GET /ticket2/opencms/is/buy?comcatid=97eca65a-72da-f9af-9dbb-245d3cfed1be&page=6 HTTP/1.1" 200 82079
95.217.195.123 - - [10/Nov/2024:01:16:00 +0100] "GET /ticket2/opencms/fi/buy/?page=1&edid=00BF24A8-B574-FBFD-89A8-C3542359D5CF&sortorder=desc&column=price HTTP/1.1" 200 102409
135.181.74.243 - - [10/Nov/2024:01:16:01 +0100] "GET /ticket2/opencms/dk/no/buy/?page=1&edid=2E602F15-8DB1-8A7E-BB82-1387A272CE4B&sortorder=asc&column=price HTTP/1.1" 404 -
194.247.173.99 - - [10/Nov/2024:01:16:01 +0100] "GET /ticket2/opencms/dk/ru/buy/?page=1&edid=0CE65760-D75C-1E4C-DE34-E03273F5FD83&sortorder=asc&column=section HTTP/1.1" 404 -
54.36.148.62 - - [10/Nov/2024:01:16:01 +0100] "GET /ticket2/opencms/fi/buy/?page=1&edid=71A5516F-6BB3-FB63-461B-A9493E3B32DA HTTP/1.1" 200 114059
81.167.26.57 - - [10/Nov/2024:01:16:02 +0100] "GET /ticket2/opencms/mo/buy/?page=1&edid=421EF6BF-D580-6FA1-0E7A-4B469073E0C9 HTTP/1.1" 200 98756
65.108.110.26 - - [10/Nov/2024:01:16:02 +0100] "GET /ticket2/opencms/it/buy/?page=1&edid=36AF1B5E-5A99-17FA-F2C9-AE0F1234F398 HTTP/1.1" 200 114076
95.217.195.123 - - [10/Nov/2024:01:16:03 +0100] "GET /ticket2/opencms/fi/buy/?page=1&edid=00BF24A8-B574-FBFD-89A8-C3542359D5CF&sortorder=desc&column=section HTTP/1.1" 200 102501
95.217.195.123 - - [10/Nov/2024:01:16:05 +0100] "GET /ticket2/opencms/fi/buy/?page=1&edid=01DC58A2-CDD7-A66B-D97D-21A1B390E122&sortorder=desc&column=section HTTP/1.1" 200 100082
81.167.26.57 - - [10/Nov/2024:01:16:05 +0100] "GET /ticket2/opencms/mo/buy/?page=1&edid=42E8617D-7ECE-B375-F977-D5B4ED32BE05 HTTP/1.1" 200 98765
54.36.148.165 - - [10/Nov/2024:01:16:06 +0100] "GET /ticket2/opencms/fi/buy/?page=1&edid=42C5D83C-45F5-510D-23C9-7B4CE8796C8F HTTP/1.1" 200 102487
65.108.110.26 - - [10/Nov/2024:01:16:06 +0100] "GET /ticket2/opencms/it/buy/?page=1&edid=36B8587B-9BD4-1599-9368-E59F9780F9A9 HTTP/1.1" 200 134597
194.247.173.99 - - [10/Nov/2024:01:16:07 +0100] "GET /ticket2/opencms/dk/ru/buy/?page=1&edid=13DB05F1-0C0B-D605-D977-62215450F241&sortorder=asc&column=row HTTP/1.1" 404 -
95.217.195.123 - - [10/Nov/2024:01:16:08 +0100] "GET /ticket2/opencms/fi/buy/?page=1&edid=0208EA06-1928-8719-E882-37479D9BCB53&sortorder=desc&column=price HTTP/1.1" 200 103315
81.167.26.57 - - [10/Nov/2024:01:16:09 +0100] "GET /ticket2/opencms/mo/buy/?page=1&edid=43648BE5-AFA4-732B-7692-9089D01AA770 HTTP/1.1" 200 101159
65.108.110.26 - - [10/Nov/2024:01:16:09 +0100] "GET /ticket2/opencms/it/buy/?page=1&edid=37E2A4DD-118F-C378-83A2-20232412AB9C HTTP/1.1" 200 100395
192.95.30.177 - - [10/Nov/2024:01:16:10 +0100] "GET /ticket2/opencms/dk/en/buy/?page=1&edid=7B7C59FE-44C3-8B94-6612-C7226873D7F7&sortorder=desc&column=section HTTP/1.1" 404 -
95.217.195.123 - - [10/Nov/2024:01:16:10 +0100] "GET /ticket2/opencms/fi/buy/?page=1&edid=0208EA06-1928-8719-E882-37479D9BCB53&sortorder=desc&column=row HTTP/1.1" 200 103223
135.181.74.243 - - [10/Nov/2024:01:16:12 +0100] "GET /ticket2/opencms/dk/no/buy/?page=1&edid=2E602F15-8DB1-8A7E-BB82-1387A272CE4B&sortorder=asc&column=row HTTP/1.1" 404 -
54.36.148.182 - - [10/Nov/2024:01:16:12 +0100] "GET /ticket2/opencms/en/buy/?page=1&edid=5B798669-5101-DFDA-74DC-0F364B61FBD5 HTTP/1.1" 200 108605
95.217.195.123 - - [10/Nov/2024:01:16:12 +0100] "GET /ticket2/opencms/fi/buy/?page=1&edid=0435AA01-DEED-F5D9-39FC-322BF9B9D7E3&sortorder=asc&column=section HTTP/1.1" 200 100038
81.167.26.57 - - [10/Nov/2024:01:16:13 +0100] "GET /ticket2/opencms/mo/buy/?page=1&edid=44D167E7-554F-DC29-C45D-3596737FE6BB HTTP/1.1" 200 125174
65.108.110.26 - - [10/Nov/2024:01:16:13 +0100] "GET /ticket2/opencms/it/buy/?page=1&edid=38B8C558-DD1D-6008-21F8-CA8931E9D013 HTTP/1.1" 200 104186
194.247.173.99 - - [10/Nov/2024:01:16:14 +0100] "GET /ticket2/opencms/dk/ru/buy/?page=1&edid=13DB05F1-0C0B-D605-D977-62215450F241&sortorder=asc&column=section HTTP/1.1" 404 -
