65.108.110.26 - - [10/Nov/2024:01:08:28 +0100] "GET /ticket2/opencms/fi/venue/?venueid=3CE0E128-5996-3CEF-9D6D-3E9490863BCD HTTP/1.1" 200 78558
135.181.74.243 - - [10/Nov/2024:01:08:28 +0100] "GET /ticket2/opencms/dk/nl/buy/?page=1&edid=F4167223-BE9D-8076-FAEB-44CE8CD5CEB9&sortorder=asc&column=section HTTP/1.1" 404 -
47.128.18.38 - - [10/Nov/2024:01:08:29 +0100] "GET /ticket2/opencms/mt/buy/?edid=C1B4DE4D-4494-9BEC-4210-90FDC1962906 HTTP/1.1" 200 81495
95.217.195.123 - - [10/Nov/2024:01:08:30 +0100] "GET /ticket2/opencms/dk/buy/?page=1&edid=FB730AA6-A470-8EFB-27FE-924D530AC7B8 HTTP/1.1" 200 100421
65.108.110.26 - - [10/Nov/2024:01:08:31 +0100] "GET /ticket2/opencms/fi/venue/?venueid=3D607064-676F-4AF0-20B6-ACDBA986D231 HTTP/1.1" 200 78525
95.217.195.123 - - [10/Nov/2024:01:08:33 +0100] "GET /ticket2/opencms/dk/buy/?page=1&edid=FFB17C01-ED75-27AF-8C5A-B4FCC8F6A8DC&sortorder=desc&column=price HTTP/1.1" 200 101340
54.36.148.138 - - [10/Nov/2024:01:08:33 +0100] "GET /ticket2/opencms/es/buy?page=6&comcatid=A17713B6-D984-201A-4143-ED4DB5ED5C2E&catid=3A7AEA37-903D-9533-4B33-21B0001FF1D1 HTTP/1.1" 200 94211
194.247.173.99 - - [10/Nov/2024:01:08:33 +0100] "GET /ticket2/opencms/dk/no/buy/?page=1&edid=FA79E9D9-43CE-DD01-4489-F857336B8E9C&sortorder=asc&column=section HTTP/1.1" 404 -
168.119.64.248 - - [10/Nov/2024:01:08:33 +0100] "GET /ticket2/opencms/system/modules/com.gridnine.opencms.ticketbrokerage.site/resources/css/standard.css HTTP/1.1" 200 73073
168.119.64.248 - - [10/Nov/2024:01:08:33 +0100] "GET /ticket2/opencms/system/modules/com.gridnine.opencms.ticketbrokerage.site/resources/css/calendar.css HTTP/1.1" 200 6871
168.119.64.248 - - [10/Nov/2024:01:08:33 +0100] "GET /ticket2/opencms/system/modules/com.gridnine.opencms.ticketbrokerage.site/resources/css/jquery-ui.css HTTP/1.1" 200 33221
168.119.64.248 - - [10/Nov/2024:01:08:33 +0100] "GET /ticket2/opencms/system/modules/com.gridnine.opencms.ticketbrokerage.site/resources/css/ticketbrokerage.css HTTP/1.1" 200 39339
168.119.64.248 - - [10/Nov/2024:01:08:33 +0100] "GET /ticket2/opencms/system/modules/com.gridnine.opencms.ticketbrokerage.site/resources/css/jquery.fancybox.css HTTP/1.1" 200 4939
168.119.64.248 - - [10/Nov/2024:01:08:33 +0100] "GET /ticket2/opencms/system/modules/com.gridnine.opencms.ticketbrokerage.site/resources/js/jquery/jquery.js HTTP/1.1" 200 93868
168.119.64.248 - - [10/Nov/2024:01:08:33 +0100] "GET /ticket2/opencms/system/modules/com.gridnine.opencms.ticketbrokerage.site/resources/js/jquery/jquery-ui.js HTTP/1.1" 200 228088
168.119.64.248 - - [10/Nov/2024:01:08:33 +0100] "GET /ticket2/opencms/system/modules/com.gridnine.opencms.ticketbrokerage.site/resources/js/functions.js HTTP/1.1" 200 1583
168.119.64.248 - - [10/Nov/2024:01:08:33 +0100] "GET /ticket2/opencms/system/modules/com.gridnine.opencms.ticketbrokerage.site/resources/js/calendar.js HTTP/1.1" 200 49229
168.119.64.248 - - [10/Nov/2024:01:08:33 +0100] "GET /ticket2/opencms/system/modules/com.gridnine.opencms.ticketbrokerage.site/resources/js/calendar-en.js HTTP/1.1" 200 3338
168.119.64.248 - - [10/Nov/2024:01:08:34 +0100] "GET /ticket2/opencms/system/modules/com.gridnine.opencms.ticketbrokerage.site/resources/js/calendar-setup.js HTTP/1.1" 200 4923
168.119.64.248 - - [10/Nov/2024:01:08:34 +0100] "GET /ticket2/opencms/system/modules/com.gridnine.opencms.ticketbrokerage.site/resources/js/jquery.fancybox.pack.js HTTP/1.1" 200 23187
168.119.64.248 - - [10/Nov/2024:01:08:34 +0100] "GET /ticket2/opencms/system/modules/com.gridnine.opencms.ticketbrokerage.site/resources/js/stickyfill.min.js HTTP/1.1" 200 5672
168.119.64.248 - - [10/Nov/2024:01:08:34 +0100] "GET /ticket2/opencms/system/modules/com.gridnine.opencms.ticketbrokerage.site/resources/js/standard.js HTTP/1.1" 200 3978
168.119.64.248 - - [10/Nov/2024:01:08:34 +0100] "GET /ticket2/opencms/system/modules/com.gridnine.opencms.ticketbrokerage.site/resources/js/jquery.placeholder.min.js HTTP/1.1" 200 1737
168.119.64.248 - - [10/Nov/2024:01:08:34 +0100] "GET /ticket2/opencms/system/modules/com.gridnine.opencms.ticketbrokerage.site/resources/js/common-ajax.js HTTP/1.1" 200 20175
168.119.64.248 - - [10/Nov/2024:01:08:34 +0100] "GET /ticket2/opencms/system/modules/com.gridnine.opencms.ticketbrokerage.site/resources/js/standard.js HTTP/1.1" 200 3978
65.108.110.26 - - [10/Nov/2024:01:08:35 +0100] "GET /ticket2/opencms/fi/venue/?venueid=3D756351-FBAD-67FE-A41F-C6999E0ACB04 HTTP/1.1" 200 78528
95.217.195.123 - - [10/Nov/2024:01:08:35 +0100] "GET /ticket2/opencms/dk/buy/?page=1&edid=FFB17C01-ED75-27AF-8C5A-B4FCC8F6A8DC&sortorder=desc&column=row HTTP/1.1" 200 101248
217.113.194.216 - - [10/Nov/2024:01:08:36 +0100] "GET /ticket2/opencms/dk/buy/?page=1&edid=3F2D99A8-7547-83C1-C9EB-9D79E7CF5003 HTTP/1.1" 200 123949
65.108.110.26 - - [10/Nov/2024:01:08:38 +0100] "GET /ticket2/opencms/fi/venue/?venueid=3D925761-81E3-9DF6-D2BD-9A2237888F8A HTTP/1.1" 200 78533
194.247.173.99 - - [10/Nov/2024:01:08:39 +0100] "GET /ticket2/opencms/dk/no/buy/?page=6&comcatid=A17713B6-D984-201A-4143-ED4DB5ED5C2E&catid=3A7AEA37-903D-9533-4B33-21B0001FF1D1 HTTP/1.1" 404 -
54.36.148.128 - - [10/Nov/2024:01:08:39 +0100] "GET /ticket2/opencms/sv/sport/fotbollsbiljetter/premier_league/bolton_wanderers/wolverhampton.html HTTP/1.1" 200 81275
95.217.195.123 - - [10/Nov/2024:01:08:40 +0100] "GET /ticket2/opencms/en/buy/?page=1&edid=01F2A948-87CA-060B-030E-779FF6FBE9B2&sortorder=asc&column=row HTTP/1.1" 200 102018
65.108.110.26 - - [10/Nov/2024:01:08:41 +0100] "GET /ticket2/opencms/fi/venue/?venueid=3DDFA073-4C38-5EE7-7723-B0FB0CD0E69B HTTP/1.1" 200 78552
85.208.96.206 - - [10/Nov/2024:01:08:42 +0100] "GET /ticket2/opencms/no/sport/fotballsbilletter/ligue_1/lyon/ HTTP/1.1" 200 79108
95.217.195.123 - - [10/Nov/2024:01:08:42 +0100] "GET /ticket2/opencms/en/buy/?page=1&edid=01F2A948-87CA-060B-030E-779FF6FBE9B2&sortorder=asc&column=section HTTP/1.1" 200 102202
135.181.74.243 - - [10/Nov/2024:01:08:43 +0100] "GET /ticket2/opencms/dk/nl/buy/?page=1&edid=F4EDB98E-9E72-043F-CB5E-1E26BE7F1504&sortorder=asc&column=price HTTP/1.1" 404 -
54.36.149.61 - - [10/Nov/2024:01:08:44 +0100] "GET /ticket2/opencms/es/buy?page=6&comcatid=A17713B6-D984-201A-4143-ED4DB5ED5C2E&catid=7ACC33AD-EE7E-AAA7-9050-0F4587759B87 HTTP/1.1" 200 94212
194.247.173.99 - - [10/Nov/2024:01:08:44 +0100] "GET /ticket2/opencms/dk/no/buy/?page=6&comcatid=A17713B6-D984-201A-4143-ED4DB5ED5C2E&catid=3B549160-8B9C-E872-44A9-20FEA86B30E8 HTTP/1.1" 404 -
168.119.64.245 - - [10/Nov/2024:01:08:44 +0100] "GET /ticket2/opencms/system/modules/com.gridnine.opencms.ticketbrokerage.site/resources/css/jquery-ui.css HTTP/1.1" 200 33221
168.119.64.245 - - [10/Nov/2024:01:08:44 +0100] "GET /ticket2/opencms/system/modules/com.gridnine.opencms.ticketbrokerage.site/resources/css/jquery.fancybox.css HTTP/1.1" 200 4939
168.119.64.245 - - [10/Nov/2024:01:08:44 +0100] "GET /ticket2/opencms/system/modules/com.gridnine.opencms.ticketbrokerage.site/resources/css/ticketbrokerage.css HTTP/1.1" 200 39339
168.119.64.245 - - [10/Nov/2024:01:08:44 +0100] "GET /ticket2/opencms/system/modules/com.gridnine.opencms.ticketbrokerage.site/resources/css/calendar.css HTTP/1.1" 200 6871
168.119.64.245 - - [10/Nov/2024:01:08:44 +0100] "GET /ticket2/opencms/system/modules/com.gridnine.opencms.ticketbrokerage.site/resources/css/standard.css HTTP/1.1" 200 73073
168.119.64.245 - - [10/Nov/2024:01:08:44 +0100] "GET /ticket2/opencms/system/modules/com.gridnine.opencms.ticketbrokerage.site/resources/js/jquery/jquery.js HTTP/1.1" 200 93868
168.119.64.245 - - [10/Nov/2024:01:08:44 +0100] "GET /ticket2/opencms/system/modules/com.gridnine.opencms.ticketbrokerage.site/resources/js/jquery/jquery-ui.js HTTP/1.1" 200 228088
168.119.64.245 - - [10/Nov/2024:01:08:44 +0100] "GET /ticket2/opencms/system/modules/com.gridnine.opencms.ticketbrokerage.site/resources/js/functions.js HTTP/1.1" 200 1583
168.119.64.245 - - [10/Nov/2024:01:08:44 +0100] "GET /ticket2/opencms/system/modules/com.gridnine.opencms.ticketbrokerage.site/resources/js/calendar.js HTTP/1.1" 200 49229
168.119.64.245 - - [10/Nov/2024:01:08:44 +0100] "GET /ticket2/opencms/system/modules/com.gridnine.opencms.ticketbrokerage.site/resources/js/calendar-setup.js HTTP/1.1" 200 4923
168.119.64.245 - - [10/Nov/2024:01:08:44 +0100] "GET /ticket2/opencms/system/modules/com.gridnine.opencms.ticketbrokerage.site/resources/js/calendar-en.js HTTP/1.1" 200 3338
168.119.64.245 - - [10/Nov/2024:01:08:44 +0100] "GET /ticket2/opencms/system/modules/com.gridnine.opencms.ticketbrokerage.site/resources/js/jquery.fancybox.pack.js HTTP/1.1" 200 23187
168.119.64.245 - - [10/Nov/2024:01:08:44 +0100] "GET /ticket2/opencms/system/modules/com.gridnine.opencms.ticketbrokerage.site/resources/js/stickyfill.min.js HTTP/1.1" 200 5672
168.119.64.245 - - [10/Nov/2024:01:08:44 +0100] "GET /ticket2/opencms/system/modules/com.gridnine.opencms.ticketbrokerage.site/resources/js/standard.js HTTP/1.1" 200 3978
168.119.64.245 - - [10/Nov/2024:01:08:44 +0100] "GET /ticket2/opencms/system/modules/com.gridnine.opencms.ticketbrokerage.site/resources/js/jquery.placeholder.min.js HTTP/1.1" 200 1737
168.119.64.245 - - [10/Nov/2024:01:08:44 +0100] "GET /ticket2/opencms/system/modules/com.gridnine.opencms.ticketbrokerage.site/resources/js/common-ajax.js HTTP/1.1" 200 20175
65.108.110.26 - - [10/Nov/2024:01:08:44 +0100] "GET /ticket2/opencms/fi/venue/?venueid=3E802A88-E379-6B54-CC97-5C7F82981C82 HTTP/1.1" 200 78525
168.119.64.245 - - [10/Nov/2024:01:08:44 +0100] "GET /ticket2/opencms/system/modules/com.gridnine.opencms.ticketbrokerage.site/resources/js/standard.js HTTP/1.1" 200 3978
217.113.194.214 - - [10/Nov/2024:01:08:45 +0100] "GET /ticket2/opencms/dk/buy/?page=1&edid=3A899F3D-4563-653B-4B43-C09A35CA2BD9 HTTP/1.1" 200 122957
95.217.195.123 - - [10/Nov/2024:01:08:45 +0100] "GET /ticket2/opencms/en/buy/?page=1&edid=0547F085-8C1B-46DF-AD9F-504A808516FF&sortorder=asc&column=price HTTP/1.1" 200 98207
192.95.30.177 - - [10/Nov/2024:01:08:47 +0100] "GET /ticket2/opencms/dk/en/buy/?page=1&edid=795439CB-1079-EF10-3DF9-C5841B99EAC5&sortorder=asc&column=section HTTP/1.1" 404 -
65.108.110.26 - - [10/Nov/2024:01:08:48 +0100] "GET /ticket2/opencms/fi/venue/?venueid=3F352629-D603-9A9F-41C0-31A82023F3CF HTTP/1.1" 200 78551
95.217.195.123 - - [10/Nov/2024:01:08:49 +0100] "GET /ticket2/opencms/en/buy/?page=1&edid=08B09CFA-7A2C-469C-4348-B6A8266760AC&sortorder=desc&column=price HTTP/1.1" 200 100526
54.36.148.101 - - [10/Nov/2024:01:08:50 +0100] "GET /ticket2/opencms/es/buy?page=6&comcatid=A17713B6-D984-201A-4143-ED4DB5ED5C2E&catid=AE3FE643-AE41-BAA6-237D-5206D1B044A1 HTTP/1.1" 200 94207
194.247.173.99 - - [10/Nov/2024:01:08:50 +0100] "GET /ticket2/opencms/dk/no/buy/?page=6&comcatid=A17713B6-D984-201A-4143-ED4DB5ED5C2E&catid=A3372871-3019-08B8-80CE-74B78F441ACA HTTP/1.1" 404 -
168.119.68.173 - - [10/Nov/2024:01:08:50 +0100] "GET /ticket2/opencms/system/modules/com.gridnine.opencms.ticketbrokerage.site/resources/css/jquery-ui.css HTTP/1.1" 200 33221
168.119.68.173 - - [10/Nov/2024:01:08:50 +0100] "GET /ticket2/opencms/system/modules/com.gridnine.opencms.ticketbrokerage.site/resources/css/jquery.fancybox.css HTTP/1.1" 200 4939
168.119.68.173 - - [10/Nov/2024:01:08:50 +0100] "GET /ticket2/opencms/system/modules/com.gridnine.opencms.ticketbrokerage.site/resources/css/ticketbrokerage.css HTTP/1.1" 200 39339
168.119.68.173 - - [10/Nov/2024:01:08:50 +0100] "GET /ticket2/opencms/system/modules/com.gridnine.opencms.ticketbrokerage.site/resources/css/calendar.css HTTP/1.1" 200 6871
168.119.68.173 - - [10/Nov/2024:01:08:50 +0100] "GET /ticket2/opencms/system/modules/com.gridnine.opencms.ticketbrokerage.site/resources/css/standard.css HTTP/1.1" 200 73073
168.119.68.173 - - [10/Nov/2024:01:08:50 +0100] "GET /ticket2/opencms/system/modules/com.gridnine.opencms.ticketbrokerage.site/resources/js/jquery/jquery.js HTTP/1.1" 200 93868
168.119.68.173 - - [10/Nov/2024:01:08:50 +0100] "GET /ticket2/opencms/system/modules/com.gridnine.opencms.ticketbrokerage.site/resources/js/functions.js HTTP/1.1" 200 1583
168.119.68.173 - - [10/Nov/2024:01:08:50 +0100] "GET /ticket2/opencms/system/modules/com.gridnine.opencms.ticketbrokerage.site/resources/js/jquery/jquery-ui.js HTTP/1.1" 200 228088
168.119.68.173 - - [10/Nov/2024:01:08:50 +0100] "GET /ticket2/opencms/system/modules/com.gridnine.opencms.ticketbrokerage.site/resources/js/calendar-en.js HTTP/1.1" 200 3338
168.119.68.173 - - [10/Nov/2024:01:08:50 +0100] "GET /ticket2/opencms/system/modules/com.gridnine.opencms.ticketbrokerage.site/resources/js/calendar.js HTTP/1.1" 200 49229
168.119.68.173 - - [10/Nov/2024:01:08:50 +0100] "GET /ticket2/opencms/system/modules/com.gridnine.opencms.ticketbrokerage.site/resources/js/calendar-setup.js HTTP/1.1" 200 4923
168.119.68.173 - - [10/Nov/2024:01:08:50 +0100] "GET /ticket2/opencms/system/modules/com.gridnine.opencms.ticketbrokerage.site/resources/js/jquery.fancybox.pack.js HTTP/1.1" 200 23187
168.119.68.173 - - [10/Nov/2024:01:08:50 +0100] "GET /ticket2/opencms/system/modules/com.gridnine.opencms.ticketbrokerage.site/resources/js/stickyfill.min.js HTTP/1.1" 200 5672
168.119.68.173 - - [10/Nov/2024:01:08:50 +0100] "GET /ticket2/opencms/system/modules/com.gridnine.opencms.ticketbrokerage.site/resources/js/standard.js HTTP/1.1" 200 3978
168.119.68.173 - - [10/Nov/2024:01:08:50 +0100] "GET /ticket2/opencms/system/modules/com.gridnine.opencms.ticketbrokerage.site/resources/js/jquery.placeholder.min.js HTTP/1.1" 200 1737
168.119.68.173 - - [10/Nov/2024:01:08:50 +0100] "GET /ticket2/opencms/system/modules/com.gridnine.opencms.ticketbrokerage.site/resources/js/common-ajax.js HTTP/1.1" 200 20175
168.119.68.173 - - [10/Nov/2024:01:08:51 +0100] "GET /ticket2/opencms/system/modules/com.gridnine.opencms.ticketbrokerage.site/resources/js/standard.js HTTP/1.1" 200 3978
65.108.110.26 - - [10/Nov/2024:01:08:51 +0100] "GET /ticket2/opencms/fi/venue/?venueid=43D2F0FD-4066-254E-0122-3FDE8FBBF12D HTTP/1.1" 200 78548
217.113.194.215 - - [10/Nov/2024:01:08:53 +0100] "GET /ticket2/opencms/dk/buy/?page=1&edid=4E3FD371-418F-2707-0FE4-F6E7006C81F9 HTTP/1.1" 200 99580
95.217.195.123 - - [10/Nov/2024:01:08:54 +0100] "GET /ticket2/opencms/en/buy/?page=1&edid=08B09CFA-7A2C-469C-4348-B6A8266760AC&sortorder=desc&column=section HTTP/1.1" 200 100618
135.181.74.243 - - [10/Nov/2024:01:08:54 +0100] "GET /ticket2/opencms/dk/no/buy/?page=1&edid=0315A394-98DA-79AA-0B5F-DE572DDD2CC1&sortorder=asc&column=section HTTP/1.1" 404 -
65.108.110.26 - - [10/Nov/2024:01:08:55 +0100] "GET /ticket2/opencms/fi/venue/?venueid=43E46141-15E1-3762-0B24-518B95D780B0 HTTP/1.1" 200 78551
194.247.173.99 - - [10/Nov/2024:01:08:55 +0100] "GET /ticket2/opencms/dk/no/sell/?amp;edid=86DE6743-86A9-DC16-207D-050557FF8E35 HTTP/1.1" 404 -
54.36.148.169 - - [10/Nov/2024:01:08:57 +0100] "GET /ticket2/opencms/it/buy?page=6&comcatid=A17713B6-D984-201A-4143-ED4DB5ED5C2E&catid=3A7AEA37-903D-9533-4B33-21B0001FF1D1 HTTP/1.1" 200 94122
195.154.122.231 - - [10/Nov/2024:01:08:58 +0100] "GET /ticket2/opencms/system/modules/com.gridnine.opencms.ticketbrokerage.site/resources/css/jquery-ui.css HTTP/1.1" 200 33221
195.154.122.231 - - [10/Nov/2024:01:08:58 +0100] "GET /ticket2/opencms/system/modules/com.gridnine.opencms.ticketbrokerage.site/resources/css/jquery.fancybox.css HTTP/1.1" 200 4939
195.154.122.231 - - [10/Nov/2024:01:08:58 +0100] "GET /ticket2/opencms/system/modules/com.gridnine.opencms.ticketbrokerage.site/resources/css/calendar.css HTTP/1.1" 200 6871
195.154.122.231 - - [10/Nov/2024:01:08:58 +0100] "GET /ticket2/opencms/system/modules/com.gridnine.opencms.ticketbrokerage.site/resources/css/ticketbrokerage.css HTTP/1.1" 200 39339
195.154.122.231 - - [10/Nov/2024:01:08:58 +0100] "GET /ticket2/opencms/system/modules/com.gridnine.opencms.ticketbrokerage.site/resources/css/standard.css HTTP/1.1" 200 73073
195.154.122.231 - - [10/Nov/2024:01:08:58 +0100] "GET /ticket2/opencms/system/modules/com.gridnine.opencms.ticketbrokerage.site/resources/js/calendar-en.js HTTP/1.1" 200 3338
66.249.79.6 - - [10/Nov/2024:01:08:58 +0100] "GET /ticket2/opencms/lt/buy/?page=1&edid=F056D8D3-0A78-F8DD-AF89-486FA1EA1B58 HTTP/1.1" 200 108319
195.154.122.231 - - [10/Nov/2024:01:08:58 +0100] "GET /ticket2/opencms/system/modules/com.gridnine.opencms.ticketbrokerage.site/resources/js/calendar-setup.js HTTP/1.1" 200 4923
195.154.122.231 - - [10/Nov/2024:01:08:58 +0100] "GET /ticket2/opencms/system/modules/com.gridnine.opencms.ticketbrokerage.site/resources/js/jquery.fancybox.pack.js HTTP/1.1" 200 23187
195.154.122.231 - - [10/Nov/2024:01:08:58 +0100] "GET /ticket2/opencms/system/modules/com.gridnine.opencms.ticketbrokerage.site/resources/js/jquery/jquery.js HTTP/1.1" 200 93868
195.154.122.231 - - [10/Nov/2024:01:08:58 +0100] "GET /ticket2/opencms/system/modules/com.gridnine.opencms.ticketbrokerage.site/resources/js/jquery/jquery-ui.js HTTP/1.1" 200 228088
195.154.122.231 - - [10/Nov/2024:01:08:58 +0100] "GET /ticket2/opencms/system/modules/com.gridnine.opencms.ticketbrokerage.site/resources/js/functions.js HTTP/1.1" 200 1583
195.154.122.231 - - [10/Nov/2024:01:08:58 +0100] "GET /ticket2/opencms/system/modules/com.gridnine.opencms.ticketbrokerage.site/resources/js/calendar.js HTTP/1.1" 200 49229
195.154.122.231 - - [10/Nov/2024:01:08:58 +0100] "GET /ticket2/opencms/system/modules/com.gridnine.opencms.ticketbrokerage.site/resources/js/stickyfill.min.js HTTP/1.1" 200 5672
195.154.122.231 - - [10/Nov/2024:01:08:58 +0100] "GET /ticket2/opencms/system/modules/com.gridnine.opencms.ticketbrokerage.site/resources/js/standard.js HTTP/1.1" 200 3978
195.154.122.231 - - [10/Nov/2024:01:08:58 +0100] "GET /ticket2/opencms/system/modules/com.gridnine.opencms.ticketbrokerage.site/resources/js/jquery.placeholder.min.js HTTP/1.1" 200 1737
195.154.122.231 - - [10/Nov/2024:01:08:58 +0100] "GET /ticket2/opencms/system/modules/com.gridnine.opencms.ticketbrokerage.site/resources/js/common-ajax.js HTTP/1.1" 200 20175
95.217.195.123 - - [10/Nov/2024:01:08:58 +0100] "GET /ticket2/opencms/en/buy/?page=1&edid=09135A70-77B1-23BF-E129-7745373EE14A&sortorder=desc&column=section HTTP/1.1" 200 100709
65.108.110.26 - - [10/Nov/2024:01:08:58 +0100] "GET /ticket2/opencms/fi/venue/?venueid=458A6284-D8D4-7921-D2F2-F8FD9B51F9EB HTTP/1.1" 200 78573
195.154.122.231 - - [10/Nov/2024:01:08:59 +0100] "GET /ticket2/opencms/system/modules/com.gridnine.opencms.ticketbrokerage.site/resources/js/standard.js HTTP/1.1" 200 3978
194.247.173.99 - - [10/Nov/2024:01:09:00 +0100] "GET /ticket2/opencms/dk/no/sell/?amp;edid=8A4EBAB5-7784-A12C-19D5-1DF992DA45FB HTTP/1.1" 404 -
66.249.79.37 - - [10/Nov/2024:01:09:02 +0100] "GET /ticket2/opencms/nl/faq HTTP/1.1" 200 84229
65.108.110.26 - - [10/Nov/2024:01:09:02 +0100] "GET /ticket2/opencms/fi/venue/?venueid=4640DAEA-8174-AC11-F7AA-B7BB125A39E8 HTTP/1.1" 200 78522
217.113.194.213 - - [10/Nov/2024:01:09:02 +0100] "GET /ticket2/opencms/dk/buy/?page=1&edid=9B951DAE-FD0B-A28B-8034-A3644D2DCEA1 HTTP/1.1" 200 101333
95.217.195.123 - - [10/Nov/2024:01:09:02 +0100] "GET /ticket2/opencms/en/buy/?page=1&edid=09142E54-038D-8954-B126-D9F5B1E34144&sortorder=desc&column=section HTTP/1.1" 200 100475
54.36.148.148 - - [10/Nov/2024:01:09:02 +0100] "GET /ticket2/opencms/it/buy?page=6&comcatid=A17713B6-D984-201A-4143-ED4DB5ED5C2E&catid=7ACC33AD-EE7E-AAA7-9050-0F4587759B87 HTTP/1.1" 200 94123
66.249.79.233 - - [10/Nov/2024:01:09:03 +0100] "GET /ticket2/opencms/sv/buy/?page=1&edid=2622E353-CCF8-0614-7644-191247788409&hlv=666d6ec0-9fe8-4a2a-9c8b-0c140a01000f HTTP/1.1" 200 126133
195.154.122.92 - - [10/Nov/2024:01:09:03 +0100] "GET /ticket2/opencms/system/modules/com.gridnine.opencms.ticketbrokerage.site/resources/css/jquery.fancybox.css HTTP/1.1" 200 4939
195.154.122.92 - - [10/Nov/2024:01:09:03 +0100] "GET /ticket2/opencms/system/modules/com.gridnine.opencms.ticketbrokerage.site/resources/css/calendar.css HTTP/1.1" 200 6871
195.154.122.92 - - [10/Nov/2024:01:09:03 +0100] "GET /ticket2/opencms/system/modules/com.gridnine.opencms.ticketbrokerage.site/resources/css/standard.css HTTP/1.1" 200 73073
195.154.122.92 - - [10/Nov/2024:01:09:03 +0100] "GET /ticket2/opencms/system/modules/com.gridnine.opencms.ticketbrokerage.site/resources/css/ticketbrokerage.css HTTP/1.1" 200 39339
195.154.122.92 - - [10/Nov/2024:01:09:03 +0100] "GET /ticket2/opencms/system/modules/com.gridnine.opencms.ticketbrokerage.site/resources/css/jquery-ui.css HTTP/1.1" 200 33221
195.154.122.92 - - [10/Nov/2024:01:09:03 +0100] "GET /ticket2/opencms/system/modules/com.gridnine.opencms.ticketbrokerage.site/resources/js/calendar.js HTTP/1.1" 200 49229
195.154.122.92 - - [10/Nov/2024:01:09:03 +0100] "GET /ticket2/opencms/system/modules/com.gridnine.opencms.ticketbrokerage.site/resources/js/jquery.fancybox.pack.js HTTP/1.1" 200 23187
195.154.122.92 - - [10/Nov/2024:01:09:03 +0100] "GET /ticket2/opencms/system/modules/com.gridnine.opencms.ticketbrokerage.site/resources/js/stickyfill.min.js HTTP/1.1" 200 5672
195.154.122.92 - - [10/Nov/2024:01:09:03 +0100] "GET /ticket2/opencms/system/modules/com.gridnine.opencms.ticketbrokerage.site/resources/js/calendar-setup.js HTTP/1.1" 200 4923
195.154.122.92 - - [10/Nov/2024:01:09:03 +0100] "GET /ticket2/opencms/system/modules/com.gridnine.opencms.ticketbrokerage.site/resources/js/jquery/jquery.js HTTP/1.1" 200 93868
195.154.122.92 - - [10/Nov/2024:01:09:03 +0100] "GET /ticket2/opencms/system/modules/com.gridnine.opencms.ticketbrokerage.site/resources/js/functions.js HTTP/1.1" 200 1583
195.154.122.92 - - [10/Nov/2024:01:09:03 +0100] "GET /ticket2/opencms/system/modules/com.gridnine.opencms.ticketbrokerage.site/resources/js/jquery/jquery-ui.js HTTP/1.1" 200 228088
195.154.122.92 - - [10/Nov/2024:01:09:03 +0100] "GET /ticket2/opencms/system/modules/com.gridnine.opencms.ticketbrokerage.site/resources/js/calendar-en.js HTTP/1.1" 200 3338
195.154.122.92 - - [10/Nov/2024:01:09:03 +0100] "GET /ticket2/opencms/system/modules/com.gridnine.opencms.ticketbrokerage.site/resources/js/standard.js HTTP/1.1" 200 3978
195.154.122.92 - - [10/Nov/2024:01:09:03 +0100] "GET /ticket2/opencms/system/modules/com.gridnine.opencms.ticketbrokerage.site/resources/js/jquery.placeholder.min.js HTTP/1.1" 200 1737
195.154.122.92 - - [10/Nov/2024:01:09:03 +0100] "GET /ticket2/opencms/system/modules/com.gridnine.opencms.ticketbrokerage.site/resources/js/common-ajax.js HTTP/1.1" 200 20175
195.154.122.92 - - [10/Nov/2024:01:09:04 +0100] "GET /ticket2/opencms/system/modules/com.gridnine.opencms.ticketbrokerage.site/resources/js/standard.js HTTP/1.1" 200 3978
40.77.167.36 - - [10/Nov/2024:01:09:05 +0100] "GET /ticket2/opencms/it/buy/?comcatid=97ECA65A-72DA-F9AF-9DBB-245D3CFED1BE&catid=2CCC191C-F37F-B9CA-D41C-1204E575B328 HTTP/1.1" 200 88314
65.108.110.26 - - [10/Nov/2024:01:09:05 +0100] "GET /ticket2/opencms/fi/venue/?venueid=499F974B-9C10-9479-63CC-4EE8F0CFE55B HTTP/1.1" 200 78546
135.181.74.243 - - [10/Nov/2024:01:09:06 +0100] "GET /ticket2/opencms/dk/no/buy/?page=1&edid=05C0128A-02F8-C30A-2654-0B16EDFDCD9B&sortorder=asc&column=price HTTP/1.1" 404 -
95.217.195.123 - - [10/Nov/2024:01:09:06 +0100] "GET /ticket2/opencms/en/buy/?page=1&edid=18642667-B644-4550-4524-16937EA7149D HTTP/1.1" 200 100803
194.247.173.99 - - [10/Nov/2024:01:09:06 +0100] "GET /ticket2/opencms/dk/no/sell/?edid=72F52499-6966-8EB0-C68B-7596A7AF510E HTTP/1.1" 404 -
65.108.110.26 - - [10/Nov/2024:01:09:09 +0100] "GET /ticket2/opencms/fi/venue/?venueid=4BC8A4F7-B275-C48F-5201-9432C06891B2 HTTP/1.1" 200 78560
54.36.149.8 - - [10/Nov/2024:01:09:09 +0100] "GET /ticket2/opencms/lt/buy?page=10&eventid=19AD6356-6E10-9C9F-9FF7-23862BF7038B&venueid=F72D7D8A-21AA-398A-828C-542FA85266B4 HTTP/1.1" 200 93996
217.113.194.220 - - [10/Nov/2024:01:09:10 +0100] "GET /ticket2/opencms/dk/buy/?page=1&edid=9F1254C7-9A2E-B916-8C00-ED68B0BB55E9 HTTP/1.1" 200 97377
95.217.195.123 - - [10/Nov/2024:01:09:11 +0100] "GET /ticket2/opencms/en/buy/?page=1&edid=1D37BA09-C305-846D-EDD4-0046D1E26EC2&sortorder=asc&column=section HTTP/1.1" 200 100664
65.108.110.26 - - [10/Nov/2024:01:09:12 +0100] "GET /ticket2/opencms/fi/venue/?venueid=4E39CE7D-BC63-4F01-AE7F-1A3BEBF78AB4 HTTP/1.1" 200 78546
194.247.173.99 - - [10/Nov/2024:01:09:12 +0100] "GET /ticket2/opencms/dk/no/sell/?edid=780F8CE2-F284-3E21-E913-E40014058D0E HTTP/1.1" 404 -
5.9.55.228 - - [10/Nov/2024:01:09:13 +0100] "GET /ticket2/opencms/hy/buy?catid=4c4dadf0-07cc-9b24-d2d9-940ef378be99&comcatid=97eca65a-72da-f9af-9dbb-245d3cfed1be&page=6 HTTP/1.1" 404 -
95.217.195.123 - - [10/Nov/2024:01:09:15 +0100] "GET /ticket2/opencms/en/buy/?page=1&edid=1D9C4E83-75C7-ABF5-F43E-B206803FFAA5&sortorder=asc&column=price HTTP/1.1" 200 98211
65.108.110.26 - - [10/Nov/2024:01:09:15 +0100] "GET /ticket2/opencms/fi/venue/?venueid=60EF2BCB-0E01-4983-A081-A6DB18A55985 HTTP/1.1" 200 78534
135.181.74.243 - - [10/Nov/2024:01:09:16 +0100] "GET /ticket2/opencms/dk/no/buy/?page=1&edid=05C0128A-02F8-C30A-2654-0B16EDFDCD9B&sortorder=asc&column=section HTTP/1.1" 404 -
194.247.173.99 - - [10/Nov/2024:01:09:17 +0100] "GET /ticket2/opencms/dk/no/sell/?edid=7A1E17B1-B5B2-E6F5-808A-6BA83A0C88FB HTTP/1.1" 404 -
54.36.149.84 - - [10/Nov/2024:01:09:18 +0100] "GET /ticket2/opencms/lt/buy?page=10&eventid=8089A138-5EE7-E43F-C342-AAB9352CA1D1&venueid=152137BD-51FA-C49F-6002-B503D5181B54 HTTP/1.1" 200 93717
217.113.194.221 - - [10/Nov/2024:01:09:19 +0100] "GET /ticket2/opencms/dk/buy/?page=1&edid=8827E8E9-E1D0-1F80-F126-335292DFFB01 HTTP/1.1" 200 101337
65.108.110.26 - - [10/Nov/2024:01:09:19 +0100] "GET /ticket2/opencms/fi/venue/?venueid=6215BF0C-EB8F-CBD7-E039-846055B527B8 HTTP/1.1" 200 78552
95.217.195.123 - - [10/Nov/2024:01:09:19 +0100] "GET /ticket2/opencms/en/buy/?page=1&edid=1D9CA4BE-FB3D-C126-7D02-F28EBE7434B9&sortorder=desc&column=row HTTP/1.1" 200 101632
192.95.30.177 - - [10/Nov/2024:01:09:20 +0100] "GET /ticket2/opencms/dk/en/buy/?page=1&edid=795439CB-1079-EF10-3DF9-C5841B99EAC5&sortorder=desc&column=price HTTP/1.1" 404 -
135.181.74.243 - - [10/Nov/2024:01:09:20 +0100] "GET /ticket2/opencms/dk/no/buy/?page=1&edid=05C0128A-02F8-C30A-2654-0B16EDFDCD9B&sortorder=desc&column=price HTTP/1.1" 404 -
52.167.144.202 - - [10/Nov/2024:01:09:21 +0100] "GET /ticket2/opencms/en/buy/?page=1&edid=D4255A3F-2F8B-4985-F818-B5C578B0FF1C HTTP/1.1" 200 99966
95.217.195.123 - - [10/Nov/2024:01:09:22 +0100] "GET /ticket2/opencms/en/buy/?page=1&edid=1DBF14B5-C823-5399-D365-712859C1D3D3 HTTP/1.1" 200 100403
65.108.110.26 - - [10/Nov/2024:01:09:22 +0100] "GET /ticket2/opencms/fi/venue/?venueid=627689FB-7CBA-64B6-7657-6F6CD9393A37 HTTP/1.1" 200 78534
194.247.173.99 - - [10/Nov/2024:01:09:22 +0100] "GET /ticket2/opencms/dk/no/sell/?edid=7B0D0761-40A5-BAAD-A8B0-EBA63FD50851 HTTP/1.1" 404 -
54.36.148.246 - - [10/Nov/2024:01:09:25 +0100] "GET /ticket2/opencms/it/buy?page=6&comcatid=A17713B6-D984-201A-4143-ED4DB5ED5C2E&catid=AE3FE643-AE41-BAA6-237D-5206D1B044A1 HTTP/1.1" 200 94118
195.154.122.42 - - [10/Nov/2024:01:09:25 +0100] "GET /ticket2/opencms/system/modules/com.gridnine.opencms.ticketbrokerage.site/resources/css/jquery.fancybox.css HTTP/1.1" 200 4939
195.154.122.42 - - [10/Nov/2024:01:09:25 +0100] "GET /ticket2/opencms/system/modules/com.gridnine.opencms.ticketbrokerage.site/resources/css/standard.css HTTP/1.1" 200 73073
195.154.122.42 - - [10/Nov/2024:01:09:25 +0100] "GET /ticket2/opencms/system/modules/com.gridnine.opencms.ticketbrokerage.site/resources/css/jquery-ui.css HTTP/1.1" 200 33221
195.154.122.42 - - [10/Nov/2024:01:09:25 +0100] "GET /ticket2/opencms/system/modules/com.gridnine.opencms.ticketbrokerage.site/resources/css/calendar.css HTTP/1.1" 200 6871
195.154.122.42 - - [10/Nov/2024:01:09:25 +0100] "GET /ticket2/opencms/system/modules/com.gridnine.opencms.ticketbrokerage.site/resources/js/calendar-setup.js HTTP/1.1" 200 4923
195.154.122.42 - - [10/Nov/2024:01:09:25 +0100] "GET /ticket2/opencms/system/modules/com.gridnine.opencms.ticketbrokerage.site/resources/css/ticketbrokerage.css HTTP/1.1" 200 39339
195.154.122.42 - - [10/Nov/2024:01:09:25 +0100] "GET /ticket2/opencms/system/modules/com.gridnine.opencms.ticketbrokerage.site/resources/js/jquery.fancybox.pack.js HTTP/1.1" 200 23187
195.154.122.42 - - [10/Nov/2024:01:09:25 +0100] "GET /ticket2/opencms/system/modules/com.gridnine.opencms.ticketbrokerage.site/resources/js/stickyfill.min.js HTTP/1.1" 200 5672
195.154.122.42 - - [10/Nov/2024:01:09:25 +0100] "GET /ticket2/opencms/system/modules/com.gridnine.opencms.ticketbrokerage.site/resources/js/functions.js HTTP/1.1" 200 1583
195.154.122.42 - - [10/Nov/2024:01:09:25 +0100] "GET /ticket2/opencms/system/modules/com.gridnine.opencms.ticketbrokerage.site/resources/js/jquery/jquery.js HTTP/1.1" 200 93868
195.154.122.42 - - [10/Nov/2024:01:09:25 +0100] "GET /ticket2/opencms/system/modules/com.gridnine.opencms.ticketbrokerage.site/resources/js/jquery/jquery-ui.js HTTP/1.1" 200 228088
195.154.122.42 - - [10/Nov/2024:01:09:25 +0100] "GET /ticket2/opencms/system/modules/com.gridnine.opencms.ticketbrokerage.site/resources/js/calendar.js HTTP/1.1" 200 49229
195.154.122.42 - - [10/Nov/2024:01:09:25 +0100] "GET /ticket2/opencms/system/modules/com.gridnine.opencms.ticketbrokerage.site/resources/js/standard.js HTTP/1.1" 200 3978
195.154.122.42 - - [10/Nov/2024:01:09:25 +0100] "GET /ticket2/opencms/system/modules/com.gridnine.opencms.ticketbrokerage.site/resources/js/calendar-en.js HTTP/1.1" 200 3338
195.154.122.42 - - [10/Nov/2024:01:09:25 +0100] "GET /ticket2/opencms/system/modules/com.gridnine.opencms.ticketbrokerage.site/resources/js/jquery.placeholder.min.js HTTP/1.1" 200 1737
195.154.122.42 - - [10/Nov/2024:01:09:25 +0100] "GET /ticket2/opencms/system/modules/com.gridnine.opencms.ticketbrokerage.site/resources/js/common-ajax.js HTTP/1.1" 200 20175
65.108.110.26 - - [10/Nov/2024:01:09:26 +0100] "GET /ticket2/opencms/fi/venue/?venueid=630E70AB-B3E3-ED18-A61B-E2859D17F940 HTTP/1.1" 200 78548
195.154.122.42 - - [10/Nov/2024:01:09:27 +0100] "GET /ticket2/opencms/system/modules/com.gridnine.opencms.ticketbrokerage.site/resources/js/standard.js HTTP/1.1" 200 3978
217.113.194.217 - - [10/Nov/2024:01:09:27 +0100] "GET /ticket2/opencms/dk/buy/?page=1&edid=54744D91-6949-7A05-9B17-906C1CF5E575 HTTP/1.1" 200 97364
95.217.195.123 - - [10/Nov/2024:01:09:27 +0100] "GET /ticket2/opencms/en/buy/?page=1&edid=1DBF14B5-C823-5399-D365-712859C1D3D3&sortorder=desc&column=section HTTP/1.1" 200 101818
194.247.173.99 - - [10/Nov/2024:01:09:28 +0100] "GET /ticket2/opencms/dk/no/sell/?edid=7B9C6FA8-91D2-65F7-5CDA-971C669FF529 HTTP/1.1" 404 -
65.108.110.26 - - [10/Nov/2024:01:09:29 +0100] "GET /ticket2/opencms/fi/venue/?venueid=6379B58C-0142-402C-4D0E-AD80B641DF88 HTTP/1.1" 200 78522
54.36.149.31 - - [10/Nov/2024:01:09:29 +0100] "GET /ticket2/opencms/es/buy/?page=1&edid=91822FE2-DE87-A84A-2822-E8AA69FE74C1 HTTP/1.1" 200 104460
135.181.74.243 - - [10/Nov/2024:01:09:31 +0100] "GET /ticket2/opencms/dk/no/buy/?page=1&edid=05C0128A-02F8-C30A-2654-0B16EDFDCD9B&sortorder=desc&column=row HTTP/1.1" 404 -
47.128.62.223 - - [10/Nov/2024:01:09:31 +0100] "GET /ticket2/opencms/bg/buy/?edid=7E6B20C5-BD2D-407F-42B7-8CC29EE36D66 HTTP/1.1" 200 81909
95.217.195.123 - - [10/Nov/2024:01:09:31 +0100] "GET /ticket2/opencms/en/buy/?page=1&edid=1E25B326-4F8F-7BA0-5AB1-018D89AC8C22 HTTP/1.1" 200 99759
194.247.173.99 - - [10/Nov/2024:01:09:31 +0100] "GET /ticket2/opencms/dk/prissammenligning HTTP/1.1" 404 -
65.108.110.26 - - [10/Nov/2024:01:09:32 +0100] "GET /ticket2/opencms/fi/venue/?venueid=64779FD9-2136-580E-BBD9-F422639CB144 HTTP/1.1" 200 78504
194.247.173.99 - - [10/Nov/2024:01:09:34 +0100] "GET /ticket2/opencms/dk/productSearch?category=100327323 HTTP/1.1" 404 -
66.249.76.224 - - [10/Nov/2024:01:09:35 +0100] "GET /ticket2/opencms/is/buy?page=1&edid=57541A2A-A7DE-A07B-2484-0E25ED563C4B HTTP/1.1" 200 126641
217.113.194.219 - - [10/Nov/2024:01:09:35 +0100] "GET /ticket2/opencms/dk/buy/?page=1&edid=4955C57D-F2DF-09B3-F5D4-0E9BE56A0217 HTTP/1.1" 200 97365
65.108.110.26 - - [10/Nov/2024:01:09:36 +0100] "GET /ticket2/opencms/fi/venue/?venueid=67AF8090-FC23-3E8E-CD6F-9207EBD4436E HTTP/1.1" 200 78506
95.217.195.123 - - [10/Nov/2024:01:09:36 +0100] "GET /ticket2/opencms/en/buy/?page=1&edid=1E25B326-4F8F-7BA0-5AB1-018D89AC8C22&sortorder=desc&column=price HTTP/1.1" 200 101082
54.36.148.192 - - [10/Nov/2024:01:09:36 +0100] "GET /ticket2/opencms/es/buy/?page=1&edid=EACAB49B-0521-3552-A3D3-3DE7421945A6 HTTP/1.1" 200 102415
194.247.173.99 - - [10/Nov/2024:01:09:38 +0100] "GET /ticket2/opencms/dk/productSearch?category=100564713 HTTP/1.1" 404 -
65.108.110.26 - - [10/Nov/2024:01:09:39 +0100] "GET /ticket2/opencms/fi/venue/?venueid=67D31A6A-394A-8D69-C03A-43821313BB28 HTTP/1.1" 200 78519
135.181.74.243 - - [10/Nov/2024:01:09:39 +0100] "GET /ticket2/opencms/dk/no/buy/?page=1&edid=068DCA06-79F3-7135-4E7E-55E4900338C2&sortorder=asc&column=price HTTP/1.1" 404 -
66.249.79.5 - - [10/Nov/2024:01:09:39 +0100] "GET /ticket2/opencms/lt/buy/?page=1&edid=4B89AA06-472F-50BD-2557-E83252BE3048 HTTP/1.1" 200 98752
95.217.195.123 - - [10/Nov/2024:01:09:40 +0100] "GET /ticket2/opencms/en/buy/?page=1&edid=1E498197-A80E-41C4-F7D6-0B75E6B404DF HTTP/1.1" 200 100159
194.247.173.99 - - [10/Nov/2024:01:09:41 +0100] "GET /ticket2/opencms/dk/productSearch?refinement=12716113&block=Butik&category=134301 HTTP/1.1" 404 -
65.108.110.26 - - [10/Nov/2024:01:09:43 +0100] "GET /ticket2/opencms/fi/venue/?venueid=680079F6-3D84-3124-6D4E-6A5AE95CB384 HTTP/1.1" 200 78579
95.217.195.123 - - [10/Nov/2024:01:09:44 +0100] "GET /ticket2/opencms/en/buy/?page=1&edid=1E498197-A80E-41C4-F7D6-0B75E6B404DF&sortorder=desc&column=row HTTP/1.1" 200 101390
217.113.194.221 - - [10/Nov/2024:01:09:44 +0100] "GET /ticket2/opencms/dk/buy/?page=1&edid=6771892E-7E7D-3A4E-4779-DB1F0828DEE9 HTTP/1.1" 200 97376
194.247.173.99 - - [10/Nov/2024:01:09:44 +0100] "GET /ticket2/opencms/dk/productSearch?refinement=12721213&block=Butik&category=134301 HTTP/1.1" 404 -
54.36.148.165 - - [10/Nov/2024:01:09:45 +0100] "GET /ticket2/opencms/es/buy/?page=1&edid=9FCD2C43-2244-3625-94C8-510BD6902DE9 HTTP/1.1" 200 102417
192.95.30.177 - - [10/Nov/2024:01:09:45 +0100] "GET /ticket2/opencms/dk/en/buy/?page=1&edid=795439CB-1079-EF10-3DF9-C5841B99EAC5&sortorder=desc&column=row HTTP/1.1" 404 -
65.108.110.26 - - [10/Nov/2024:01:09:46 +0100] "GET /ticket2/opencms/fi/venue/?venueid=689B24E3-EC07-27D9-31E9-D3BC81562DCF HTTP/1.1" 200 78525
95.217.195.123 - - [10/Nov/2024:01:09:47 +0100] "GET /ticket2/opencms/en/buy/?page=1&edid=1E498197-A80E-41C4-F7D6-0B75E6B404DF&sortorder=desc&column=section HTTP/1.1" 200 101574
194.247.173.99 - - [10/Nov/2024:01:09:47 +0100] "GET /ticket2/opencms/dk/productSearch?refinement=12725813&block=Butik&category=134301 HTTP/1.1" 404 -
135.181.74.243 - - [10/Nov/2024:01:09:49 +0100] "GET /ticket2/opencms/dk/no/buy/?page=1&edid=068DCA06-79F3-7135-4E7E-55E4900338C2&sortorder=asc&column=row HTTP/1.1" 404 -
65.108.110.26 - - [10/Nov/2024:01:09:49 +0100] "GET /ticket2/opencms/fi/venue/?venueid=69923349-A528-C93F-2999-4DA35CF7FB58 HTTP/1.1" 200 78563
194.247.173.99 - - [10/Nov/2024:01:09:51 +0100] "GET /ticket2/opencms/dk/productSearch?refinement=12727213&block=Butik&category=134301 HTTP/1.1" 404 -
95.217.195.123 - - [10/Nov/2024:01:09:51 +0100] "GET /ticket2/opencms/en/buy/?page=1&edid=25D5EB27-A5AE-DC2F-0708-63A5307D4EF7&sortorder=desc&column=price HTTP/1.1" 200 102182
47.128.113.180 - - [10/Nov/2024:01:09:51 +0100] "GET /ticket2/opencms/is/buy?edid=8495D901-F688-6503-156B-B04AA3A623B4 HTTP/1.1" 200 81480
217.113.194.218 - - [10/Nov/2024:01:09:52 +0100] "GET /ticket2/opencms/dk/buy/?page=1&edid=850C8A8B-2F46-2A88-A8B6-9412FF2064CB HTTP/1.1" 200 97385
65.108.110.26 - - [10/Nov/2024:01:09:53 +0100] "GET /ticket2/opencms/fi/venue/?venueid=6C55D1E9-72F5-889C-F1F5-1AEF3FBCF763 HTTP/1.1" 200 78530
194.247.173.99 - - [10/Nov/2024:01:09:54 +0100] "GET /ticket2/opencms/dk/productSearch?refinement=12765613&block=Butik&category=134301 HTTP/1.1" 404 -
65.108.110.26 - - [10/Nov/2024:01:09:56 +0100] "GET /ticket2/opencms/fi/venue/?venueid=70BCEFF3-3FFD-32AD-3733-0F6287343BFC HTTP/1.1" 200 78531
95.217.195.123 - - [10/Nov/2024:01:09:57 +0100] "GET /ticket2/opencms/en/buy/?page=1&edid=25D5EB27-A5AE-DC2F-0708-63A5307D4EF7&sortorder=desc&column=row HTTP/1.1" 200 102090
194.247.173.99 - - [10/Nov/2024:01:09:57 +0100] "GET /ticket2/opencms/dk/productSearch?refinement=12766113&block=Butik&category=134301 HTTP/1.1" 404 -
135.181.74.243 - - [10/Nov/2024:01:09:58 +0100] "GET /ticket2/opencms/dk/no/buy/?page=1&edid=068DCA06-79F3-7135-4E7E-55E4900338C2&sortorder=asc&column=section HTTP/1.1" 404 -
5.9.55.228 - - [10/Nov/2024:01:09:58 +0100] "GET /ticket2/opencms/hy/buy?catid=55d1256d-bdd9-cba3-47a3-0a252f702555&comcatid=97eca65a-72da-f9af-9dbb-245d3cfed1be&page=6 HTTP/1.1" 404 -
66.249.79.171 - - [10/Nov/2024:01:10:00 +0100] "GET /ticket2/opencms/nl/faq/ HTTP/1.1" 200 84229
65.108.110.26 - - [10/Nov/2024:01:10:00 +0100] "GET /ticket2/opencms/fi/venue/?venueid=70DCED0C-DAFB-4CDB-B5CE-E31A25F4FE56 HTTP/1.1" 200 78507
194.247.173.99 - - [10/Nov/2024:01:10:00 +0100] "GET /ticket2/opencms/dk/productSearch?refinement=12769313&block=Butik&category=134301 HTTP/1.1" 404 -
217.113.194.216 - - [10/Nov/2024:01:10:01 +0100] "GET /ticket2/opencms/dk/buy/?page=1&edid=890CCDBB-BBBF-11B0-1E79-EA111E8EF281 HTTP/1.1" 200 109098
95.217.195.123 - - [10/Nov/2024:01:10:02 +0100] "GET /ticket2/opencms/en/buy/?page=1&edid=25D5EB27-A5AE-DC2F-0708-63A5307D4EF7&sortorder=desc&column=section HTTP/1.1" 200 102274
194.247.173.99 - - [10/Nov/2024:01:10:03 +0100] "GET /ticket2/opencms/dk/productSearch?refinement=12791213&block=Butik&category=134301 HTTP/1.1" 404 -
65.108.110.26 - - [10/Nov/2024:01:10:04 +0100] "GET /ticket2/opencms/fi/venue/?venueid=737F9F7B-5133-4683-A21D-F97D14F13C48 HTTP/1.1" 200 78550
54.36.148.130 - - [10/Nov/2024:01:10:04 +0100] "GET /ticket2/opencms/en/buy/?page=1&edid=86A7D428-8E42-C0D0-846E-90C83426D4AE HTTP/1.1" 200 112234
95.217.195.123 - - [10/Nov/2024:01:10:07 +0100] "GET /ticket2/opencms/en/buy/?page=1&edid=266863E9-0D4A-8983-3D6E-89AEC4F0BA41&sortorder=asc&column=price HTTP/1.1" 200 102006
194.247.173.99 - - [10/Nov/2024:01:10:07 +0100] "GET /ticket2/opencms/dk/productSearch?refinement=12945413&block=Butik&category=134301 HTTP/1.1" 404 -
65.108.110.26 - - [10/Nov/2024:01:10:07 +0100] "GET /ticket2/opencms/it/buy/?comcatid=0A6B8208-FDA4-E929-9D72-5312FD481B76&catid=1DB7F66B-473B-B427-F752-358FEEFE8EC0 HTTP/1.1" 200 87032
135.181.74.243 - - [10/Nov/2024:01:10:07 +0100] "GET /ticket2/opencms/dk/no/buy/?page=1&edid=06AB1029-8E21-0855-E286-967CAD2386CB&sortorder=asc&column=price HTTP/1.1" 404 -
154.54.249.216 - - [10/Nov/2024:01:10:09 +0100] "GET /ticket2/opencms/dk/buy/?page=1&edid=808C4AEE-16F2-300A-1DD0-5C4D09E0DA01 HTTP/1.1" 200 97394
95.217.195.123 - - [10/Nov/2024:01:10:09 +0100] "GET /ticket2/opencms/en/buy/?page=1&edid=266863E9-0D4A-8983-3D6E-89AEC4F0BA41&sortorder=asc&column=section HTTP/1.1" 200 102098
194.247.173.99 - - [10/Nov/2024:01:10:10 +0100] "GET /ticket2/opencms/dk/productSearch?refinement=134501&block=Kategori&category=134301 HTTP/1.1" 404 -
65.108.110.26 - - [10/Nov/2024:01:10:10 +0100] "GET /ticket2/opencms/it/buy/?comcatid=0A6B8208-FDA4-E929-9D72-5312FD481B76&catid=26594C33-56CE-F529-FAF3-61AB33F74A3B HTTP/1.1" 200 87028
65.108.110.26 - - [10/Nov/2024:01:10:13 +0100] "GET /ticket2/opencms/it/buy/?comcatid=0A6B8208-FDA4-E929-9D72-5312FD481B76&catid=3A56B1C2-6FFB-C8D1-B229-B3914D5FF8DF HTTP/1.1" 200 87033
194.247.173.99 - - [10/Nov/2024:01:10:13 +0100] "GET /ticket2/opencms/dk/productSearch?refinement=137701&block=Kategori&category=134301 HTTP/1.1" 404 -
54.36.148.155 - - [10/Nov/2024:01:10:14 +0100] "GET /ticket2/opencms/nl/buy/?page=1&edid=C9919F63-312E-C4DF-29D6-DA1CE80EC9A2 HTTP/1.1" 200 114822
95.217.195.123 - - [10/Nov/2024:01:10:14 +0100] "GET /ticket2/opencms/en/buy/?page=1&edid=266863E9-0D4A-8983-3D6E-89AEC4F0BA41&sortorder=desc&column=price HTTP/1.1" 200 102051
135.181.74.243 - - [10/Nov/2024:01:10:16 +0100] "GET /ticket2/opencms/dk/no/buy/?page=1&edid=06AB1029-8E21-0855-E286-967CAD2386CB&sortorder=asc&column=row HTTP/1.1" 404 -
65.108.110.26 - - [10/Nov/2024:01:10:16 +0100] "GET /ticket2/opencms/it/buy/?comcatid=0A6B8208-FDA4-E929-9D72-5312FD481B76&catid=412DBCF4-025D-8ABC-7A40-D7C760E055FF HTTP/1.1" 200 87032
194.247.173.99 - - [10/Nov/2024:01:10:16 +0100] "GET /ticket2/opencms/dk/productSearch?refinement=138201&block=Kategori&category=134301 HTTP/1.1" 404 -
217.113.194.220 - - [10/Nov/2024:01:10:18 +0100] "GET /ticket2/opencms/dk/buy/?page=1&edid=830F2AEC-7FB6-11C1-AD11-54BD6744D648 HTTP/1.1" 200 119200
185.191.171.9 - - [10/Nov/2024:01:10:19 +0100] "GET /ticket2/opencms/sv/sport/fotbollsbiljetter/english-championship/brentford/ HTTP/1.1" 200 78442
95.217.195.123 - - [10/Nov/2024:01:10:19 +0100] "GET /ticket2/opencms/en/buy/?page=1&edid=266863E9-0D4A-8983-3D6E-89AEC4F0BA41&sortorder=desc&column=row HTTP/1.1" 200 101959
192.95.30.177 - - [10/Nov/2024:01:10:20 +0100] "GET /ticket2/opencms/dk/en/buy/?page=1&edid=795439CB-1079-EF10-3DF9-C5841B99EAC5&sortorder=desc&column=section HTTP/1.1" 404 -
194.247.173.99 - - [10/Nov/2024:01:10:20 +0100] "GET /ticket2/opencms/dk/productSearch?refinement=138301&block=Kategori&category=134301 HTTP/1.1" 404 -
65.108.110.26 - - [10/Nov/2024:01:10:20 +0100] "GET /ticket2/opencms/it/buy/?comcatid=0A6B8208-FDA4-E929-9D72-5312FD481B76&catid=465306FD-802C-5175-10FF-40E426DD2769 HTTP/1.1" 200 87025
65.108.110.26 - - [10/Nov/2024:01:10:23 +0100] "GET /ticket2/opencms/it/buy/?comcatid=0A6B8208-FDA4-E929-9D72-5312FD481B76&catid=53E7B32E-5CAA-6CE7-D6AA-FFC41D70EE01 HTTP/1.1" 200 97770
194.247.173.99 - - [10/Nov/2024:01:10:23 +0100] "GET /ticket2/opencms/dk/productSearch?refinement=143101&block=Kategori&category=134301 HTTP/1.1" 404 -
135.181.74.243 - - [10/Nov/2024:01:10:23 +0100] "GET /ticket2/opencms/dk/no/buy/?page=1&edid=06AB1029-8E21-0855-E286-967CAD2386CB&sortorder=asc&column=section HTTP/1.1" 404 -
95.217.195.123 - - [10/Nov/2024:01:10:23 +0100] "GET /ticket2/opencms/en/buy/?page=1&edid=266EF3DD-CC6D-8D2B-78A3-67D5640F9FA5&sortorder=asc&column=price HTTP/1.1" 200 101977
54.36.148.54 - - [10/Nov/2024:01:10:23 +0100] "GET /ticket2/opencms/nl/buy/?page=1&edid=B8EF6180-227A-800A-63E5-9809623FC791 HTTP/1.1" 200 114827
65.108.110.26 - - [10/Nov/2024:01:10:26 +0100] "GET /ticket2/opencms/it/buy/?comcatid=0A6B8208-FDA4-E929-9D72-5312FD481B76&catid=5ED34547-492C-90DA-709D-448345844685 HTTP/1.1" 200 87030
217.113.194.213 - - [10/Nov/2024:01:10:26 +0100] "GET /ticket2/opencms/dk/buy/?page=1&edid=348589F6-F332-E9FC-C0E9-6C296BB448B5 HTTP/1.1" 200 103429
194.247.173.99 - - [10/Nov/2024:01:10:26 +0100] "GET /ticket2/opencms/dk/ru/buy/?page=1&edid=3E844C64-2B32-A35E-237A-EDAC48338BDA&sortorder=desc&column=section HTTP/1.1" 404 -
95.217.195.123 - - [10/Nov/2024:01:10:28 +0100] "GET /ticket2/opencms/en/buy/?page=1&edid=266EF3DD-CC6D-8D2B-78A3-67D5640F9FA5&sortorder=asc&column=row HTTP/1.1" 200 101885
65.108.110.26 - - [10/Nov/2024:01:10:29 +0100] "GET /ticket2/opencms/it/buy/?comcatid=0A6B8208-FDA4-E929-9D72-5312FD481B76&catid=8E4972FC-6E2C-77A4-BB9D-D67BD270A641 HTTP/1.1" 200 87021
194.247.173.99 - - [10/Nov/2024:01:10:30 +0100] "GET /ticket2/opencms/dk/ru/buy/?page=1&edid=3EE82812-88E0-47E5-57E4-6CB801A92703&sortorder=asc&column=section HTTP/1.1" 404 -
95.217.195.123 - - [10/Nov/2024:01:10:31 +0100] "GET /ticket2/opencms/en/buy/?page=1&edid=266EF3DD-CC6D-8D2B-78A3-67D5640F9FA5&sortorder=asc&column=section HTTP/1.1" 200 102069
135.181.74.243 - - [10/Nov/2024:01:10:31 +0100] "GET /ticket2/opencms/dk/no/buy/?page=1&edid=09D32DCC-F7AA-08A6-BBA1-FACD82581843&sortorder=asc&column=section HTTP/1.1" 404 -
65.108.110.26 - - [10/Nov/2024:01:10:32 +0100] "GET /ticket2/opencms/it/buy/?comcatid=0A6B8208-FDA4-E929-9D72-5312FD481B76&catid=A05A53F7-423D-23BE-575E-EA7B67DE22D9 HTTP/1.1" 200 87030
54.36.149.99 - - [10/Nov/2024:01:10:33 +0100] "GET /ticket2/opencms/es/buy/?page=1&edid=0F5B2278-CB2B-6519-1D28-92A45D61B015 HTTP/1.1" 200 102416
40.77.167.78 - - [10/Nov/2024:01:10:33 +0100] "GET /ticket2/opencms/mo/buy?page=1&edid=2197E523-8740-2A01-BD5D-12E3C3F2DBFE HTTP/1.1" 200 136270
194.247.173.99 - - [10/Nov/2024:01:10:34 +0100] "GET /ticket2/opencms/dk/ru/buy/?page=1&edid=3F2C8D5E-7438-2D70-0996-42F9CB6F4E20&sortorder=desc&column=price HTTP/1.1" 404 -
217.113.194.220 - - [10/Nov/2024:01:10:35 +0100] "GET /ticket2/opencms/dk/buy/?page=1&edid=348C0D4F-C07E-3755-DFEC-416D881A5AC9 HTTP/1.1" 200 110558
65.108.110.26 - - [10/Nov/2024:01:10:36 +0100] "GET /ticket2/opencms/it/buy/?comcatid=0A6B8208-FDA4-E929-9D72-5312FD481B76&catid=AD8E612F-0F0B-03C9-5236-E4F8B6523945 HTTP/1.1" 200 87030
95.217.195.123 - - [10/Nov/2024:01:10:36 +0100] "GET /ticket2/opencms/en/buy/?page=1&edid=268F6694-F84C-E40C-EBC1-404E5051D05D HTTP/1.1" 200 100663
47.128.35.124 - - [10/Nov/2024:01:10:36 +0100] "GET /ticket2/opencms/sk/about/press HTTP/1.1" 200 80332
135.181.74.243 - - [10/Nov/2024:01:10:37 +0100] "GET /ticket2/opencms/dk/no/buy/?page=1&edid=0B03E436-9F7E-8E6D-25A3-B11FCF7475C3&sortorder=asc&column=price HTTP/1.1" 404 -
54.36.148.52 - - [10/Nov/2024:01:10:37 +0100] "GET /ticket2/opencms/lt/buy?page=10&eventid=10A4B056-E56D-2EC6-06F9-A9715C3D8173 HTTP/1.1" 200 91620
47.128.35.124 - - [10/Nov/2024:01:10:37 +0100] "GET /ticket2/opencms/system/modules/com.gridnine.opencms.ticketbrokerage.site/resources/css/images/event-banner.png HTTP/1.1" 404 -
194.247.173.99 - - [10/Nov/2024:01:10:38 +0100] "GET /ticket2/opencms/dk/ru/buy/?page=1&edid=44FFBFC9-1B8A-5A9D-1686-BF1700915FD9 HTTP/1.1" 404 -
65.108.110.26 - - [10/Nov/2024:01:10:39 +0100] "GET /ticket2/opencms/it/buy/?comcatid=0A6B8208-FDA4-E929-9D72-5312FD481B76&catid=CB847559-7ECA-CC50-D7D2-064AF0C06FB1 HTTP/1.1" 200 87030
40.77.167.65 - - [10/Nov/2024:01:10:40 +0100] "GET /ticket2/opencms/mt/buy?page=1&edid=5F15F12F-96FE-A0D6-26C4-28716D38AA1C HTTP/1.1" 200 98840
194.247.173.99 - - [10/Nov/2024:01:10:42 +0100] "GET /ticket2/opencms/dk/ru/buy/?page=1&edid=457A4AFF-A6EF-C071-9DEF-1F13C05D6B21&sortorder=desc&column=row HTTP/1.1" 404 -
95.217.195.123 - - [10/Nov/2024:01:10:42 +0100] "GET /ticket2/opencms/en/buy/?page=1&edid=268F6694-F84C-E40C-EBC1-404E5051D05D&sortorder=desc&column=price HTTP/1.1" 200 101986
40.77.167.65 - - [10/Nov/2024:01:10:42 +0100] "GET /ticket2/opencms/pl/buy/?page=1&edid=21BADD47-9DF1-089A-9149-B7D8F893FCB4 HTTP/1.1" 200 101954
65.108.110.26 - - [10/Nov/2024:01:10:42 +0100] "GET /ticket2/opencms/it/buy/?comcatid=0A6B8208-FDA4-E929-9D72-5312FD481B76&catid=FCA7FF95-260A-464B-B6FF-A820FCE7DFEF HTTP/1.1" 200 87030
40.77.167.65 - - [10/Nov/2024:01:10:43 +0100] "GET /ticket2/opencms/sv/buy?page=1&edid=2320C2D3-9D35-20EF-A582-07094703BF31 HTTP/1.1" 200 97704
54.36.149.86 - - [10/Nov/2024:01:10:43 +0100] "GET /ticket2/opencms/fi/buy/?page=1&edid=3583D5C7-607A-E528-A709-844E6A72DC1B HTTP/1.1" 200 130927
217.113.194.219 - - [10/Nov/2024:01:10:43 +0100] "GET /ticket2/opencms/dk/buy/?page=1&edid=5053E429-37C6-6922-FE45-2F7B4E327AEF HTTP/1.1" 200 107402
95.217.195.123 - - [10/Nov/2024:01:10:44 +0100] "GET /ticket2/opencms/en/buy/?page=1&edid=3C401EE2-0221-FC2B-B3C7-067DD6B2E9FD&sortorder=asc&column=section HTTP/1.1" 200 101735
5.9.55.228 - - [10/Nov/2024:01:10:45 +0100] "GET /ticket2/opencms/hy/buy?comcatid=97eca65a-72da-f9af-9dbb-245d3cfed1be&page=6 HTTP/1.1" 404 -
194.247.173.99 - - [10/Nov/2024:01:10:45 +0100] "GET /ticket2/opencms/dk/ru/buy/?page=1&edid=46D76B29-FAEB-68DD-CFAD-97926EF88CBB&sortorder=asc&column=price HTTP/1.1" 404 -
65.108.110.26 - - [10/Nov/2024:01:10:45 +0100] "GET /ticket2/opencms/it/buy/?comcatid=66708183-7480-3365-06BF-DBF60280AB45&catid=05A94519-01D1-C86F-9031-84936B0B9DAE HTTP/1.1" 200 85376
135.181.74.243 - - [10/Nov/2024:01:10:45 +0100] "GET /ticket2/opencms/dk/no/buy/?page=1&edid=0B03E436-9F7E-8E6D-25A3-B11FCF7475C3&sortorder=asc&column=row HTTP/1.1" 404 -
95.217.195.123 - - [10/Nov/2024:01:10:48 +0100] "GET /ticket2/opencms/en/buy/?page=1&edid=3F0125BA-1C61-4BFF-2467-AF8AB47237AF&sortorder=desc&column=row HTTP/1.1" 200 101853
194.247.173.99 - - [10/Nov/2024:01:10:48 +0100] "GET /ticket2/opencms/dk/ru/buy/?page=1&edid=46D76B29-FAEB-68DD-CFAD-97926EF88CBB&sortorder=asc&column=section HTTP/1.1" 404 -
54.36.148.244 - - [10/Nov/2024:01:10:48 +0100] "GET /ticket2/opencms/lv/buy?page=10&eventid=19AD6356-6E10-9C9F-9FF7-23862BF7038B&venueid=F72D7D8A-21AA-398A-828C-542FA85266B4 HTTP/1.1" 200 93961
65.108.110.26 - - [10/Nov/2024:01:10:48 +0100] "GET /ticket2/opencms/it/buy/?comcatid=66708183-7480-3365-06BF-DBF60280AB45&catid=30D5812D-0858-4843-8F45-C38AE504153C HTTP/1.1" 200 85377
66.249.79.5 - - [10/Nov/2024:01:10:49 +0100] "GET /ticket2/opencms/is/buy?page=1&edid=A492339E-0658-D77B-570A-6146F24F8C0A HTTP/1.1" 200 101437
128.14.231.139 - - [10/Nov/2024:01:10:49 +0100] "GET /ticket2/opencms/it/favicon.ico HTTP/1.1" 404 -
128.14.231.139 - - [10/Nov/2024:01:10:50 +0100] "GET /ticket2/opencms/it/robots.txt HTTP/1.1" 404 -
128.14.231.139 - - [10/Nov/2024:01:10:51 +0100] "GET /ticket2/opencms/it/sitemap.xml HTTP/1.1" 200 715529
95.217.195.123 - - [10/Nov/2024:01:10:51 +0100] "GET /ticket2/opencms/en/buy/?page=1&edid=3F0125BA-1C61-4BFF-2467-AF8AB47237AF&sortorder=desc&column=section HTTP/1.1" 200 102037
65.108.110.26 - - [10/Nov/2024:01:10:52 +0100] "GET /ticket2/opencms/it/buy/?comcatid=66708183-7480-3365-06BF-DBF60280AB45&catid=8C381435-A1E8-94AF-2C58-D133FCA44A31 HTTP/1.1" 200 85381
194.247.173.99 - - [10/Nov/2024:01:10:52 +0100] "GET /ticket2/opencms/dk/ru/buy/?page=1&edid=46F5EC85-5B62-6DBE-6122-EC5082A83D53&sortorder=asc&column=price HTTP/1.1" 404 -
217.113.194.218 - - [10/Nov/2024:01:10:52 +0100] "GET /ticket2/opencms/dk/buy/?page=1&edid=57541A2A-A7DE-A07B-2484-0E25ED563C4B HTTP/1.1" 200 125118
135.181.74.243 - - [10/Nov/2024:01:10:52 +0100] "GET /ticket2/opencms/dk/no/buy/?page=1&edid=0B03E436-9F7E-8E6D-25A3-B11FCF7475C3&sortorder=asc&column=section HTTP/1.1" 404 -
65.108.110.26 - - [10/Nov/2024:01:10:55 +0100] "GET /ticket2/opencms/it/buy/?comcatid=97ECA65A-72DA-F9AF-9DBB-245D3CFED1BE&catid=078F99D4-0B9E-E323-5A07-D7B70F6E8874 HTTP/1.1" 200 88312
