188.119.81.92 - - [10/Nov/2024:00:59:48 +0100] "GET /ticket2/opencms/system/modules/com.gridnine.opencms.ticketbrokerage.site/resources/css/images/ui-bg_flat_75_ffffff_40x100.png HTTP/1.1" 404 -
88.90.248.233 - - [10/Nov/2024:00:59:50 +0100] "GET /ticket2/opencms/fi/buy/?page=1&edid=54ED7F3E-87E9-B49D-0FE3-F4BDCE94BCDC&sortorder=asc&column=row HTTP/1.1" 200 102000
217.113.194.213 - - [10/Nov/2024:00:59:50 +0100] "GET /ticket2/opencms/dk/buy/?page=1&edid=87B4B119-9DCA-AA29-817A-5FE0438EB9E5 HTTP/1.1" 200 97345
66.249.78.10 - - [10/Nov/2024:00:59:50 +0100] "GET /ticket2/opencms/cs/buy/?page=1&edid=983940D7-A886-9864-BF70-6F5D578B4A87 HTTP/1.1" 200 124400
5.9.55.228 - - [10/Nov/2024:00:59:51 +0100] "GET /ticket2/opencms/el/buy?catid=6cd184e8-c8d4-e1cc-33d0-6f47e3751240&comcatid=97eca65a-72da-f9af-9dbb-245d3cfed1be&page=6 HTTP/1.1" 200 84788
88.90.248.233 - - [10/Nov/2024:00:59:51 +0100] "GET /ticket2/opencms/fi/buy/?page=1&edid=58E3E177-9309-B5D9-8336-F7BD3BF87B4F&sortorder=desc&column=row HTTP/1.1" 200 103818
192.99.36.61 - - [10/Nov/2024:00:59:52 +0100] "GET /ticket2/opencms/dk/nl/buy/?page=1&edid=F7C7CE5C-27F1-F940-8336-0E32FA4FF112&sortorder=desc&column=section HTTP/1.1" 404 -
135.181.74.243 - - [10/Nov/2024:00:59:52 +0100] "GET /ticket2/opencms/dk/fi/buy/?page=1&edid=C0FFA6FD-32FA-9A10-CB6E-3A2F4E87A6FA&sortorder=desc&column=price HTTP/1.1" 404 -
88.90.248.233 - - [10/Nov/2024:00:59:53 +0100] "GET /ticket2/opencms/fi/buy/?page=1&edid=58E3E177-9309-B5D9-8336-F7BD3BF87B4F&sortorder=desc&column=section HTTP/1.1" 200 104002
95.217.195.123 - - [10/Nov/2024:00:59:53 +0100] "GET /ticket2/opencms/dk/buy/?page=1&edid=66B6FB17-4C70-8B35-3D9C-B87B9C32022F&sortorder=desc&column=price HTTP/1.1" 200 102197
88.90.248.233 - - [10/Nov/2024:00:59:55 +0100] "GET /ticket2/opencms/fi/buy/?page=1&edid=593507C1-1A99-FF80-5E07-098D778AB1E4&sortorder=asc&column=row HTTP/1.1" 200 103122
88.90.248.233 - - [10/Nov/2024:00:59:56 +0100] "GET /ticket2/opencms/fi/buy/?page=1&edid=593507C1-1A99-FF80-5E07-098D778AB1E4&sortorder=asc&column=section HTTP/1.1" 200 103306
185.191.171.7 - - [10/Nov/2024:00:59:57 +0100] "GET /ticket2/opencms/nl/sport/voetbal-tickets/serie_a/salernitana/ HTTP/1.1" 200 78455
88.90.248.233 - - [10/Nov/2024:00:59:58 +0100] "GET /ticket2/opencms/fi/buy/?page=1&edid=594672A3-89C3-110F-3D02-A7FC8F11BE3B&sortorder=desc&column=row HTTP/1.1" 200 102947
217.113.194.215 - - [10/Nov/2024:00:59:58 +0100] "GET /ticket2/opencms/dk/buy/?page=1&edid=224E301E-62C2-7FAB-1E09-EB70E2A87B16 HTTP/1.1" 200 97349
54.36.148.150 - - [10/Nov/2024:00:59:59 +0100] "GET /ticket2/opencms/be/buy?page=6&comcatid=A17713B6-D984-201A-4143-ED4DB5ED5C2E&catid=7ACC33AD-EE7E-AAA7-9050-0F4587759B87 HTTP/1.1" 200 95186
168.119.68.248 - - [10/Nov/2024:00:59:59 +0100] "GET /ticket2/opencms/system/modules/com.gridnine.opencms.ticketbrokerage.site/resources/css/jquery.fancybox.css HTTP/1.1" 200 4939
168.119.68.248 - - [10/Nov/2024:00:59:59 +0100] "GET /ticket2/opencms/system/modules/com.gridnine.opencms.ticketbrokerage.site/resources/css/jquery-ui.css HTTP/1.1" 200 33221
168.119.68.248 - - [10/Nov/2024:00:59:59 +0100] "GET /ticket2/opencms/system/modules/com.gridnine.opencms.ticketbrokerage.site/resources/css/ticketbrokerage.css HTTP/1.1" 200 39339
168.119.68.248 - - [10/Nov/2024:00:59:59 +0100] "GET /ticket2/opencms/system/modules/com.gridnine.opencms.ticketbrokerage.site/resources/css/calendar.css HTTP/1.1" 200 6871
168.119.68.248 - - [10/Nov/2024:00:59:59 +0100] "GET /ticket2/opencms/system/modules/com.gridnine.opencms.ticketbrokerage.site/resources/css/standard.css HTTP/1.1" 200 73073
168.119.68.248 - - [10/Nov/2024:00:59:59 +0100] "GET /ticket2/opencms/system/modules/com.gridnine.opencms.ticketbrokerage.site/resources/js/jquery/jquery.js HTTP/1.1" 200 93868
88.90.248.233 - - [10/Nov/2024:00:59:59 +0100] "GET /ticket2/opencms/fi/buy/?page=1&edid=595C46C0-D3BA-2547-81CC-6E8E4E9524D3&sortorder=asc&column=price HTTP/1.1" 200 103285
168.119.68.248 - - [10/Nov/2024:00:59:59 +0100] "GET /ticket2/opencms/system/modules/com.gridnine.opencms.ticketbrokerage.site/resources/js/functions.js HTTP/1.1" 200 1583
168.119.68.248 - - [10/Nov/2024:00:59:59 +0100] "GET /ticket2/opencms/system/modules/com.gridnine.opencms.ticketbrokerage.site/resources/js/calendar-en.js HTTP/1.1" 200 3338
168.119.68.248 - - [10/Nov/2024:00:59:59 +0100] "GET /ticket2/opencms/system/modules/com.gridnine.opencms.ticketbrokerage.site/resources/js/calendar-setup.js HTTP/1.1" 200 4923
168.119.68.248 - - [10/Nov/2024:00:59:59 +0100] "GET /ticket2/opencms/system/modules/com.gridnine.opencms.ticketbrokerage.site/resources/js/calendar.js HTTP/1.1" 200 49229
168.119.68.248 - - [10/Nov/2024:00:59:59 +0100] "GET /ticket2/opencms/system/modules/com.gridnine.opencms.ticketbrokerage.site/resources/js/jquery/jquery-ui.js HTTP/1.1" 200 228088
168.119.68.248 - - [10/Nov/2024:01:00:00 +0100] "GET /ticket2/opencms/system/modules/com.gridnine.opencms.ticketbrokerage.site/resources/js/jquery.fancybox.pack.js HTTP/1.1" 200 23187
168.119.68.248 - - [10/Nov/2024:01:00:00 +0100] "GET /ticket2/opencms/system/modules/com.gridnine.opencms.ticketbrokerage.site/resources/js/stickyfill.min.js HTTP/1.1" 200 5672
168.119.68.248 - - [10/Nov/2024:01:00:00 +0100] "GET /ticket2/opencms/system/modules/com.gridnine.opencms.ticketbrokerage.site/resources/js/standard.js HTTP/1.1" 200 3978
168.119.68.248 - - [10/Nov/2024:01:00:00 +0100] "GET /ticket2/opencms/system/modules/com.gridnine.opencms.ticketbrokerage.site/resources/js/jquery.placeholder.min.js HTTP/1.1" 200 1737
168.119.68.248 - - [10/Nov/2024:01:00:00 +0100] "GET /ticket2/opencms/system/modules/com.gridnine.opencms.ticketbrokerage.site/resources/js/common-ajax.js HTTP/1.1" 200 20175
168.119.68.248 - - [10/Nov/2024:01:00:00 +0100] "GET /ticket2/opencms/system/modules/com.gridnine.opencms.ticketbrokerage.site/resources/js/standard.js HTTP/1.1" 200 3978
88.90.248.233 - - [10/Nov/2024:01:00:01 +0100] "GET /ticket2/opencms/fi/buy/?page=1&edid=595C46C0-D3BA-2547-81CC-6E8E4E9524D3&sortorder=desc&column=row HTTP/1.1" 200 103238
95.217.195.123 - - [10/Nov/2024:01:00:01 +0100] "GET /ticket2/opencms/dk/buy/?page=1&edid=66B6FB17-4C70-8B35-3D9C-B87B9C32022F&sortorder=desc&column=row HTTP/1.1" 200 102105
192.99.36.61 - - [10/Nov/2024:01:00:02 +0100] "GET /ticket2/opencms/dk/nl/buy/?page=1&edid=F9957417-808C-BFE8-DAF7-21430BD5D954&sortorder=asc&column=section HTTP/1.1" 404 -
88.90.248.233 - - [10/Nov/2024:01:00:03 +0100] "GET /ticket2/opencms/fi/buy/?page=1&edid=647AC9E5-CFA1-4A48-4305-61E9496CED96&sortorder=asc&column=row HTTP/1.1" 200 103108
88.90.248.233 - - [10/Nov/2024:01:00:04 +0100] "GET /ticket2/opencms/fi/buy/?page=1&edid=647AC9E5-CFA1-4A48-4305-61E9496CED96&sortorder=asc&column=section HTTP/1.1" 200 103292
88.90.248.233 - - [10/Nov/2024:01:00:06 +0100] "GET /ticket2/opencms/fi/buy/?page=1&edid=64C1AC91-6B5E-EF7A-74E3-5FE0FCEB79F6&sortorder=desc&column=row HTTP/1.1" 200 103054
217.113.194.216 - - [10/Nov/2024:01:00:07 +0100] "GET /ticket2/opencms/dk/buy/?page=1&edid=0E487947-8D2A-A553-BF9C-F44B73D05AC1 HTTP/1.1" 200 97363
192.99.36.61 - - [10/Nov/2024:01:00:07 +0100] "GET /ticket2/opencms/dk/nl/buy/?page=1&edid=F9BBE6C5-FC76-172B-1A0C-2F0C14E7CDB9 HTTP/1.1" 404 -
88.90.248.233 - - [10/Nov/2024:01:00:08 +0100] "GET /ticket2/opencms/fi/buy/?page=1&edid=66E46139-8D49-9A29-A971-ADEC6B4EB9D6&sortorder=desc&column=price HTTP/1.1" 200 99992
88.90.248.233 - - [10/Nov/2024:01:00:09 +0100] "GET /ticket2/opencms/fi/buy/?page=1&edid=671CE644-9201-9B8A-7204-3D3D5A9B0840 HTTP/1.1" 200 100909
89.246.241.14 - - [10/Nov/2024:01:00:10 +0100] "GET /ticket2/opencms/es/deporte/entradas-futbol/premier-league HTTP/1.1" 200 94724
66.249.78.8 - - [10/Nov/2024:01:00:10 +0100] "GET /ticket2/opencms/fi/venue/?venueid=F948084C-F7DA-FF17-09AE-6FAF87CBA934 HTTP/1.1" 200 78563
47.128.23.205 - - [10/Nov/2024:01:00:11 +0100] "GET /ticket2/opencms/sk/buy/?edid=35CC7524-8A7A-7EC1-48FD-F1742720F1A5 HTTP/1.1" 200 81501
95.217.195.123 - - [10/Nov/2024:01:00:11 +0100] "GET /ticket2/opencms/dk/buy/?page=1&edid=66E46139-8D49-9A29-A971-ADEC6B4EB9D6&sortorder=asc&column=price HTTP/1.1" 200 98654
54.36.149.21 - - [10/Nov/2024:01:00:11 +0100] "GET /ticket2/opencms/be/buy?page=6&comcatid=A17713B6-D984-201A-4143-ED4DB5ED5C2E&catid=AE3FE643-AE41-BAA6-237D-5206D1B044A1 HTTP/1.1" 200 95181
88.90.248.233 - - [10/Nov/2024:01:00:11 +0100] "GET /ticket2/opencms/fi/buy/?page=1&edid=672A3C6F-40D0-0A91-661F-3F64D5642035 HTTP/1.1" 200 100881
135.181.74.243 - - [10/Nov/2024:01:00:11 +0100] "GET /ticket2/opencms/dk/fi/buy/?page=1&edid=C2B88E14-0168-2B6D-C607-2DF08C9E7129&sortorder=desc&column=price HTTP/1.1" 404 -
195.154.126.90 - - [10/Nov/2024:01:00:12 +0100] "GET /ticket2/opencms/system/modules/com.gridnine.opencms.ticketbrokerage.site/resources/css/calendar.css HTTP/1.1" 200 6871
195.154.126.90 - - [10/Nov/2024:01:00:12 +0100] "GET /ticket2/opencms/system/modules/com.gridnine.opencms.ticketbrokerage.site/resources/css/jquery-ui.css HTTP/1.1" 200 33221
195.154.126.90 - - [10/Nov/2024:01:00:12 +0100] "GET /ticket2/opencms/system/modules/com.gridnine.opencms.ticketbrokerage.site/resources/js/stickyfill.min.js HTTP/1.1" 200 5672
195.154.126.90 - - [10/Nov/2024:01:00:12 +0100] "GET /ticket2/opencms/system/modules/com.gridnine.opencms.ticketbrokerage.site/resources/css/jquery.fancybox.css HTTP/1.1" 200 4939
195.154.126.90 - - [10/Nov/2024:01:00:12 +0100] "GET /ticket2/opencms/system/modules/com.gridnine.opencms.ticketbrokerage.site/resources/css/standard.css HTTP/1.1" 200 73073
195.154.126.90 - - [10/Nov/2024:01:00:12 +0100] "GET /ticket2/opencms/system/modules/com.gridnine.opencms.ticketbrokerage.site/resources/css/ticketbrokerage.css HTTP/1.1" 200 39339
195.154.126.90 - - [10/Nov/2024:01:00:12 +0100] "GET /ticket2/opencms/system/modules/com.gridnine.opencms.ticketbrokerage.site/resources/js/calendar-setup.js HTTP/1.1" 200 4923
195.154.126.90 - - [10/Nov/2024:01:00:12 +0100] "GET /ticket2/opencms/system/modules/com.gridnine.opencms.ticketbrokerage.site/resources/js/jquery.fancybox.pack.js HTTP/1.1" 200 23187
195.154.126.90 - - [10/Nov/2024:01:00:12 +0100] "GET /ticket2/opencms/system/modules/com.gridnine.opencms.ticketbrokerage.site/resources/js/functions.js HTTP/1.1" 200 1583
195.154.126.90 - - [10/Nov/2024:01:00:12 +0100] "GET /ticket2/opencms/system/modules/com.gridnine.opencms.ticketbrokerage.site/resources/js/jquery/jquery.js HTTP/1.1" 200 93868
195.154.126.90 - - [10/Nov/2024:01:00:12 +0100] "GET /ticket2/opencms/system/modules/com.gridnine.opencms.ticketbrokerage.site/resources/js/jquery/jquery-ui.js HTTP/1.1" 200 228088
195.154.126.90 - - [10/Nov/2024:01:00:12 +0100] "GET /ticket2/opencms/system/modules/com.gridnine.opencms.ticketbrokerage.site/resources/js/calendar-en.js HTTP/1.1" 200 3338
195.154.126.90 - - [10/Nov/2024:01:00:12 +0100] "GET /ticket2/opencms/system/modules/com.gridnine.opencms.ticketbrokerage.site/resources/js/calendar.js HTTP/1.1" 200 49229
195.154.126.90 - - [10/Nov/2024:01:00:12 +0100] "GET /ticket2/opencms/system/modules/com.gridnine.opencms.ticketbrokerage.site/resources/js/standard.js HTTP/1.1" 200 3978
195.154.126.90 - - [10/Nov/2024:01:00:12 +0100] "GET /ticket2/opencms/system/modules/com.gridnine.opencms.ticketbrokerage.site/resources/js/jquery.placeholder.min.js HTTP/1.1" 200 1737
195.154.126.90 - - [10/Nov/2024:01:00:12 +0100] "GET /ticket2/opencms/system/modules/com.gridnine.opencms.ticketbrokerage.site/resources/js/common-ajax.js HTTP/1.1" 200 20175
192.95.30.177 - - [10/Nov/2024:01:00:12 +0100] "GET /ticket2/opencms/dk/en/buy/?page=1&edid=71E66324-0F6E-EB4F-E8BD-271F4B49C83D&sortorder=desc&column=section HTTP/1.1" 404 -
195.154.126.90 - - [10/Nov/2024:01:00:12 +0100] "GET /ticket2/opencms/system/modules/com.gridnine.opencms.ticketbrokerage.site/resources/js/standard.js HTTP/1.1" 200 3978
88.90.248.233 - - [10/Nov/2024:01:00:13 +0100] "GET /ticket2/opencms/fi/buy/?page=1&edid=6746D547-58E0-E059-5EA6-B180F3DC37DC&sortorder=desc&column=price HTTP/1.1" 200 103263
88.90.248.233 - - [10/Nov/2024:01:00:14 +0100] "GET /ticket2/opencms/fi/buy/?page=1&edid=6749405D-9034-3134-6FC9-C3C39C417375&sortorder=desc&column=row HTTP/1.1" 200 102956
95.217.195.123 - - [10/Nov/2024:01:00:14 +0100] "GET /ticket2/opencms/dk/buy/?page=1&edid=674BD1C0-8CCF-FAF6-8C5F-0BB09BB6852A&sortorder=asc&column=row HTTP/1.1" 200 101206
54.36.149.103 - - [10/Nov/2024:01:00:15 +0100] "GET /ticket2/opencms/bg/buy?page=6&comcatid=A17713B6-D984-201A-4143-ED4DB5ED5C2E&catid=3A7AEA37-903D-9533-4B33-21B0001FF1D1 HTTP/1.1" 200 95019
192.99.36.61 - - [10/Nov/2024:01:00:15 +0100] "GET /ticket2/opencms/dk/nl/buy/?page=1&edid=F9BBE6C5-FC76-172B-1A0C-2F0C14E7CDB9&sortorder=desc&column=price HTTP/1.1" 404 -
217.113.194.214 - - [10/Nov/2024:01:00:15 +0100] "GET /ticket2/opencms/dk/buy/?page=1&edid=014240CC-CE67-CDFD-9730-2B04B9CAA223 HTTP/1.1" 200 99550
168.119.65.48 - - [10/Nov/2024:01:00:15 +0100] "GET /ticket2/opencms/system/modules/com.gridnine.opencms.ticketbrokerage.site/resources/css/calendar.css HTTP/1.1" 200 6871
168.119.65.48 - - [10/Nov/2024:01:00:15 +0100] "GET /ticket2/opencms/system/modules/com.gridnine.opencms.ticketbrokerage.site/resources/css/jquery-ui.css HTTP/1.1" 200 33221
168.119.65.48 - - [10/Nov/2024:01:00:15 +0100] "GET /ticket2/opencms/system/modules/com.gridnine.opencms.ticketbrokerage.site/resources/css/ticketbrokerage.css HTTP/1.1" 200 39339
168.119.65.48 - - [10/Nov/2024:01:00:15 +0100] "GET /ticket2/opencms/system/modules/com.gridnine.opencms.ticketbrokerage.site/resources/css/jquery.fancybox.css HTTP/1.1" 200 4939
168.119.65.48 - - [10/Nov/2024:01:00:15 +0100] "GET /ticket2/opencms/system/modules/com.gridnine.opencms.ticketbrokerage.site/resources/js/jquery/jquery.js HTTP/1.1" 200 93868
168.119.65.48 - - [10/Nov/2024:01:00:15 +0100] "GET /ticket2/opencms/system/modules/com.gridnine.opencms.ticketbrokerage.site/resources/css/standard.css HTTP/1.1" 200 73073
168.119.65.48 - - [10/Nov/2024:01:00:15 +0100] "GET /ticket2/opencms/system/modules/com.gridnine.opencms.ticketbrokerage.site/resources/js/jquery/jquery-ui.js HTTP/1.1" 200 228088
168.119.65.48 - - [10/Nov/2024:01:00:15 +0100] "GET /ticket2/opencms/system/modules/com.gridnine.opencms.ticketbrokerage.site/resources/js/functions.js HTTP/1.1" 200 1583
168.119.65.48 - - [10/Nov/2024:01:00:15 +0100] "GET /ticket2/opencms/system/modules/com.gridnine.opencms.ticketbrokerage.site/resources/js/calendar.js HTTP/1.1" 200 49229
168.119.65.48 - - [10/Nov/2024:01:00:15 +0100] "GET /ticket2/opencms/system/modules/com.gridnine.opencms.ticketbrokerage.site/resources/js/calendar-en.js HTTP/1.1" 200 3338
47.128.25.252 - - [10/Nov/2024:01:00:15 +0100] "GET /ticket2/opencms/cs/buy/?edid=BF8D38D6-BFC5-94DC-F957-47D6FB3C9AF0 HTTP/1.1" 200 81473
168.119.65.48 - - [10/Nov/2024:01:00:15 +0100] "GET /ticket2/opencms/system/modules/com.gridnine.opencms.ticketbrokerage.site/resources/js/calendar-setup.js HTTP/1.1" 200 4923
168.119.65.48 - - [10/Nov/2024:01:00:15 +0100] "GET /ticket2/opencms/system/modules/com.gridnine.opencms.ticketbrokerage.site/resources/js/jquery.fancybox.pack.js HTTP/1.1" 200 23187
168.119.65.48 - - [10/Nov/2024:01:00:15 +0100] "GET /ticket2/opencms/system/modules/com.gridnine.opencms.ticketbrokerage.site/resources/js/stickyfill.min.js HTTP/1.1" 200 5672
168.119.65.48 - - [10/Nov/2024:01:00:15 +0100] "GET /ticket2/opencms/system/modules/com.gridnine.opencms.ticketbrokerage.site/resources/js/standard.js HTTP/1.1" 200 3978
168.119.65.48 - - [10/Nov/2024:01:00:15 +0100] "GET /ticket2/opencms/system/modules/com.gridnine.opencms.ticketbrokerage.site/resources/js/common-ajax.js HTTP/1.1" 200 20175
168.119.65.48 - - [10/Nov/2024:01:00:15 +0100] "GET /ticket2/opencms/system/modules/com.gridnine.opencms.ticketbrokerage.site/resources/js/jquery.placeholder.min.js HTTP/1.1" 200 1737
168.119.65.48 - - [10/Nov/2024:01:00:15 +0100] "GET /ticket2/opencms/system/modules/com.gridnine.opencms.ticketbrokerage.site/resources/js/standard.js HTTP/1.1" 200 3978
88.90.248.233 - - [10/Nov/2024:01:00:16 +0100] "GET /ticket2/opencms/fi/buy/?page=1&edid=6749405D-9034-3134-6FC9-C3C39C417375&sortorder=desc&column=section HTTP/1.1" 200 103140
88.90.248.233 - - [10/Nov/2024:01:00:18 +0100] "GET /ticket2/opencms/fi/buy/?page=1&edid=678CB4E4-A3AE-D7C4-66AA-9D60A5E8F007&sortorder=desc&column=price HTTP/1.1" 200 102404
88.90.248.233 - - [10/Nov/2024:01:00:19 +0100] "GET /ticket2/opencms/fi/buy/?page=1&edid=678CB4E4-A3AE-D7C4-66AA-9D60A5E8F007&sortorder=desc&column=row HTTP/1.1" 200 102312
54.36.148.172 - - [10/Nov/2024:01:00:20 +0100] "GET /ticket2/opencms/bg/buy?page=6&comcatid=A17713B6-D984-201A-4143-ED4DB5ED5C2E&catid=7ACC33AD-EE7E-AAA7-9050-0F4587759B87 HTTP/1.1" 200 95020
95.217.195.123 - - [10/Nov/2024:01:00:20 +0100] "GET /ticket2/opencms/dk/buy/?page=1&edid=69316806-FAD8-F470-2F12-AA6D133A3A86&sortorder=asc&column=section HTTP/1.1" 200 102453
195.154.123.23 - - [10/Nov/2024:01:00:20 +0100] "GET /ticket2/opencms/system/modules/com.gridnine.opencms.ticketbrokerage.site/resources/css/jquery.fancybox.css HTTP/1.1" 200 4939
195.154.123.23 - - [10/Nov/2024:01:00:20 +0100] "GET /ticket2/opencms/system/modules/com.gridnine.opencms.ticketbrokerage.site/resources/css/standard.css HTTP/1.1" 200 73073
195.154.123.23 - - [10/Nov/2024:01:00:20 +0100] "GET /ticket2/opencms/system/modules/com.gridnine.opencms.ticketbrokerage.site/resources/css/jquery-ui.css HTTP/1.1" 200 33221
195.154.123.23 - - [10/Nov/2024:01:00:20 +0100] "GET /ticket2/opencms/system/modules/com.gridnine.opencms.ticketbrokerage.site/resources/css/ticketbrokerage.css HTTP/1.1" 200 39339
195.154.123.23 - - [10/Nov/2024:01:00:20 +0100] "GET /ticket2/opencms/system/modules/com.gridnine.opencms.ticketbrokerage.site/resources/css/calendar.css HTTP/1.1" 200 6871
195.154.123.23 - - [10/Nov/2024:01:00:20 +0100] "GET /ticket2/opencms/system/modules/com.gridnine.opencms.ticketbrokerage.site/resources/js/jquery/jquery-ui.js HTTP/1.1" 200 228088
195.154.123.23 - - [10/Nov/2024:01:00:21 +0100] "GET /ticket2/opencms/system/modules/com.gridnine.opencms.ticketbrokerage.site/resources/js/functions.js HTTP/1.1" 200 1583
195.154.123.23 - - [10/Nov/2024:01:00:21 +0100] "GET /ticket2/opencms/system/modules/com.gridnine.opencms.ticketbrokerage.site/resources/js/calendar.js HTTP/1.1" 200 49229
195.154.123.23 - - [10/Nov/2024:01:00:21 +0100] "GET /ticket2/opencms/system/modules/com.gridnine.opencms.ticketbrokerage.site/resources/js/calendar-en.js HTTP/1.1" 200 3338
195.154.123.23 - - [10/Nov/2024:01:00:21 +0100] "GET /ticket2/opencms/system/modules/com.gridnine.opencms.ticketbrokerage.site/resources/js/jquery.fancybox.pack.js HTTP/1.1" 200 23187
195.154.123.23 - - [10/Nov/2024:01:00:21 +0100] "GET /ticket2/opencms/system/modules/com.gridnine.opencms.ticketbrokerage.site/resources/js/calendar-setup.js HTTP/1.1" 200 4923
195.154.123.23 - - [10/Nov/2024:01:00:21 +0100] "GET /ticket2/opencms/system/modules/com.gridnine.opencms.ticketbrokerage.site/resources/js/jquery/jquery.js HTTP/1.1" 200 93868
195.154.123.23 - - [10/Nov/2024:01:00:21 +0100] "GET /ticket2/opencms/system/modules/com.gridnine.opencms.ticketbrokerage.site/resources/js/stickyfill.min.js HTTP/1.1" 200 5672
195.154.123.23 - - [10/Nov/2024:01:00:21 +0100] "GET /ticket2/opencms/system/modules/com.gridnine.opencms.ticketbrokerage.site/resources/js/standard.js HTTP/1.1" 200 3978
195.154.123.23 - - [10/Nov/2024:01:00:21 +0100] "GET /ticket2/opencms/system/modules/com.gridnine.opencms.ticketbrokerage.site/resources/js/jquery.placeholder.min.js HTTP/1.1" 200 1737
195.154.123.23 - - [10/Nov/2024:01:00:21 +0100] "GET /ticket2/opencms/system/modules/com.gridnine.opencms.ticketbrokerage.site/resources/js/common-ajax.js HTTP/1.1" 200 20175
88.90.248.233 - - [10/Nov/2024:01:00:21 +0100] "GET /ticket2/opencms/fi/buy/?page=1&edid=678CB4E4-A3AE-D7C4-66AA-9D60A5E8F007&sortorder=desc&column=section HTTP/1.1" 200 102496
195.154.123.23 - - [10/Nov/2024:01:00:21 +0100] "GET /ticket2/opencms/system/modules/com.gridnine.opencms.ticketbrokerage.site/resources/js/standard.js HTTP/1.1" 200 3978
192.99.36.61 - - [10/Nov/2024:01:00:21 +0100] "GET /ticket2/opencms/dk/nl/buy/?page=1&edid=F9BBE6C5-FC76-172B-1A0C-2F0C14E7CDB9&sortorder=desc&column=row HTTP/1.1" 404 -
88.90.248.233 - - [10/Nov/2024:01:00:23 +0100] "GET /ticket2/opencms/fi/buy/?page=1&edid=68259A3C-CF4C-844C-9035-35AC0CB3C672&sortorder=asc&column=price HTTP/1.1" 200 102362
217.113.194.215 - - [10/Nov/2024:01:00:23 +0100] "GET /ticket2/opencms/dk/buy/?page=1&edid=0165985F-E205-E991-0EDD-8260BA28ED00 HTTP/1.1" 200 97348
88.90.248.233 - - [10/Nov/2024:01:00:24 +0100] "GET /ticket2/opencms/fi/buy/?page=1&edid=68259A3C-CF4C-844C-9035-35AC0CB3C672&sortorder=asc&column=section HTTP/1.1" 200 102454
95.217.195.123 - - [10/Nov/2024:01:00:25 +0100] "GET /ticket2/opencms/dk/buy/?page=1&edid=69316806-FAD8-F470-2F12-AA6D133A3A86&sortorder=desc&column=section HTTP/1.1" 200 102498
54.36.149.20 - - [10/Nov/2024:01:00:26 +0100] "GET /ticket2/opencms/fi/buy/?page=1&edid=F8A721FB-6959-3E3B-0E9C-2BF5336E70F2 HTTP/1.1" 200 128047
88.90.248.233 - - [10/Nov/2024:01:00:26 +0100] "GET /ticket2/opencms/fi/buy/?page=1&edid=68AF64D9-DC10-F854-39FA-84D5E1F2F070&sortorder=asc&column=price HTTP/1.1" 200 103285
192.99.36.61 - - [10/Nov/2024:01:00:26 +0100] "GET /ticket2/opencms/dk/nl/buy/?page=1&edid=F9BBE6C5-FC76-172B-1A0C-2F0C14E7CDB9&sortorder=desc&column=section HTTP/1.1" 404 -
88.90.248.233 - - [10/Nov/2024:01:00:28 +0100] "GET /ticket2/opencms/fi/buy/?page=1&edid=6B6D252D-7905-47FC-7A02-DBC6FFA89A32&sortorder=asc&column=row HTTP/1.1" 200 103082
54.36.149.19 - - [10/Nov/2024:01:00:28 +0100] "GET /ticket2/opencms/bg/buy?page=6&comcatid=A17713B6-D984-201A-4143-ED4DB5ED5C2E&catid=AE3FE643-AE41-BAA6-237D-5206D1B044A1 HTTP/1.1" 200 95015
95.217.195.123 - - [10/Nov/2024:01:00:29 +0100] "GET /ticket2/opencms/dk/buy/?page=1&edid=695D986D-E4F3-2AC4-2770-3CEB3137AC00&sortorder=asc&column=price HTTP/1.1" 200 98667
195.154.122.241 - - [10/Nov/2024:01:00:29 +0100] "GET /ticket2/opencms/system/modules/com.gridnine.opencms.ticketbrokerage.site/resources/css/jquery.fancybox.css HTTP/1.1" 200 4939
195.154.122.241 - - [10/Nov/2024:01:00:29 +0100] "GET /ticket2/opencms/system/modules/com.gridnine.opencms.ticketbrokerage.site/resources/css/calendar.css HTTP/1.1" 200 6871
195.154.122.241 - - [10/Nov/2024:01:00:29 +0100] "GET /ticket2/opencms/system/modules/com.gridnine.opencms.ticketbrokerage.site/resources/css/ticketbrokerage.css HTTP/1.1" 200 39339
195.154.122.241 - - [10/Nov/2024:01:00:29 +0100] "GET /ticket2/opencms/system/modules/com.gridnine.opencms.ticketbrokerage.site/resources/css/standard.css HTTP/1.1" 200 73073
195.154.122.241 - - [10/Nov/2024:01:00:29 +0100] "GET /ticket2/opencms/system/modules/com.gridnine.opencms.ticketbrokerage.site/resources/css/jquery-ui.css HTTP/1.1" 200 33221
195.154.122.241 - - [10/Nov/2024:01:00:29 +0100] "GET /ticket2/opencms/system/modules/com.gridnine.opencms.ticketbrokerage.site/resources/js/jquery/jquery.js HTTP/1.1" 200 93868
195.154.122.241 - - [10/Nov/2024:01:00:29 +0100] "GET /ticket2/opencms/system/modules/com.gridnine.opencms.ticketbrokerage.site/resources/js/jquery/jquery-ui.js HTTP/1.1" 200 228088
195.154.122.241 - - [10/Nov/2024:01:00:29 +0100] "GET /ticket2/opencms/system/modules/com.gridnine.opencms.ticketbrokerage.site/resources/js/functions.js HTTP/1.1" 200 1583
195.154.122.241 - - [10/Nov/2024:01:00:29 +0100] "GET /ticket2/opencms/system/modules/com.gridnine.opencms.ticketbrokerage.site/resources/js/calendar.js HTTP/1.1" 200 49229
195.154.122.241 - - [10/Nov/2024:01:00:29 +0100] "GET /ticket2/opencms/system/modules/com.gridnine.opencms.ticketbrokerage.site/resources/js/calendar-en.js HTTP/1.1" 200 3338
195.154.122.241 - - [10/Nov/2024:01:00:29 +0100] "GET /ticket2/opencms/system/modules/com.gridnine.opencms.ticketbrokerage.site/resources/js/calendar-setup.js HTTP/1.1" 200 4923
195.154.122.241 - - [10/Nov/2024:01:00:29 +0100] "GET /ticket2/opencms/system/modules/com.gridnine.opencms.ticketbrokerage.site/resources/js/jquery.fancybox.pack.js HTTP/1.1" 200 23187
195.154.122.241 - - [10/Nov/2024:01:00:29 +0100] "GET /ticket2/opencms/system/modules/com.gridnine.opencms.ticketbrokerage.site/resources/js/stickyfill.min.js HTTP/1.1" 200 5672
195.154.122.241 - - [10/Nov/2024:01:00:29 +0100] "GET /ticket2/opencms/system/modules/com.gridnine.opencms.ticketbrokerage.site/resources/js/standard.js HTTP/1.1" 200 3978
195.154.122.241 - - [10/Nov/2024:01:00:29 +0100] "GET /ticket2/opencms/system/modules/com.gridnine.opencms.ticketbrokerage.site/resources/js/jquery.placeholder.min.js HTTP/1.1" 200 1737
88.90.248.233 - - [10/Nov/2024:01:00:29 +0100] "GET /ticket2/opencms/fi/buy/?page=1&edid=6B6D252D-7905-47FC-7A02-DBC6FFA89A32&sortorder=asc&column=section HTTP/1.1" 200 103266
195.154.122.241 - - [10/Nov/2024:01:00:29 +0100] "GET /ticket2/opencms/system/modules/com.gridnine.opencms.ticketbrokerage.site/resources/js/common-ajax.js HTTP/1.1" 200 20175
195.154.122.241 - - [10/Nov/2024:01:00:30 +0100] "GET /ticket2/opencms/system/modules/com.gridnine.opencms.ticketbrokerage.site/resources/js/standard.js HTTP/1.1" 200 3978
192.99.36.61 - - [10/Nov/2024:01:00:31 +0100] "GET /ticket2/opencms/dk/nl/buy/?page=1&edid=FA79E9D9-43CE-DD01-4489-F857336B8E9C&sortorder=asc&column=price HTTP/1.1" 404 -
88.90.248.233 - - [10/Nov/2024:01:00:31 +0100] "GET /ticket2/opencms/fi/buy/?page=1&edid=737F88F7-7F18-93CC-306A-5F33631B3F9F&sortorder=asc&column=row HTTP/1.1" 200 103132
66.249.79.67 - - [10/Nov/2024:01:00:31 +0100] "GET /ticket2/opencms/ga/buy/?page=1&edid=AD0E3D9F-2910-5DC4-03D7-A91917CC0ADD HTTP/1.1" 200 122533
217.113.194.212 - - [10/Nov/2024:01:00:32 +0100] "GET /ticket2/opencms/dk/buy/?page=1&edid=06052F99-C333-F027-F64C-57DDAC9A4F0E HTTP/1.1" 200 100623
88.90.248.233 - - [10/Nov/2024:01:00:33 +0100] "GET /ticket2/opencms/fi/buy/?page=1&edid=737F88F7-7F18-93CC-306A-5F33631B3F9F&sortorder=desc&column=price HTTP/1.1" 200 103269
135.181.74.243 - - [10/Nov/2024:01:00:34 +0100] "GET /ticket2/opencms/dk/fi/buy/?page=1&edid=C2B88E14-0168-2B6D-C607-2DF08C9E7129&sortorder=desc&column=section HTTP/1.1" 404 -
95.217.195.123 - - [10/Nov/2024:01:00:34 +0100] "GET /ticket2/opencms/dk/buy/?page=1&edid=695D986D-E4F3-2AC4-2770-3CEB3137AC00&sortorder=asc&column=row HTTP/1.1" 200 98575
88.90.248.233 - - [10/Nov/2024:01:00:34 +0100] "GET /ticket2/opencms/fi/buy/?page=1&edid=737F88F7-7F18-93CC-306A-5F33631B3F9F&sortorder=desc&column=row HTTP/1.1" 200 103177
5.9.55.228 - - [10/Nov/2024:01:00:34 +0100] "GET /ticket2/opencms/bs/buy?catid=55d1256d-bdd9-cba3-47a3-0a252f702555&comcatid=97eca65a-72da-f9af-9dbb-245d3cfed1be&page=6 HTTP/1.1" 200 84003
192.99.36.61 - - [10/Nov/2024:01:00:35 +0100] "GET /ticket2/opencms/dk/nl/buy/?page=1&edid=FA79E9D9-43CE-DD01-4489-F857336B8E9C&sortorder=asc&column=row HTTP/1.1" 404 -
54.36.149.80 - - [10/Nov/2024:01:00:36 +0100] "GET /ticket2/opencms/bs/buy?page=6&comcatid=A17713B6-D984-201A-4143-ED4DB5ED5C2E&catid=3A7AEA37-903D-9533-4B33-21B0001FF1D1 HTTP/1.1" 200 94510
88.90.248.233 - - [10/Nov/2024:01:00:36 +0100] "GET /ticket2/opencms/fi/buy/?page=1&edid=7B14CF76-71A6-C2E3-60CB-8C556CB920FD&sortorder=desc&column=row HTTP/1.1" 200 103810
168.119.68.177 - - [10/Nov/2024:01:00:36 +0100] "GET /ticket2/opencms/system/modules/com.gridnine.opencms.ticketbrokerage.site/resources/css/jquery-ui.css HTTP/1.1" 200 33221
168.119.68.177 - - [10/Nov/2024:01:00:36 +0100] "GET /ticket2/opencms/system/modules/com.gridnine.opencms.ticketbrokerage.site/resources/css/calendar.css HTTP/1.1" 200 6871
168.119.68.177 - - [10/Nov/2024:01:00:36 +0100] "GET /ticket2/opencms/system/modules/com.gridnine.opencms.ticketbrokerage.site/resources/css/jquery.fancybox.css HTTP/1.1" 200 4939
168.119.68.177 - - [10/Nov/2024:01:00:36 +0100] "GET /ticket2/opencms/system/modules/com.gridnine.opencms.ticketbrokerage.site/resources/js/jquery/jquery.js HTTP/1.1" 200 93868
168.119.68.177 - - [10/Nov/2024:01:00:36 +0100] "GET /ticket2/opencms/system/modules/com.gridnine.opencms.ticketbrokerage.site/resources/css/standard.css HTTP/1.1" 200 73073
168.119.68.177 - - [10/Nov/2024:01:00:36 +0100] "GET /ticket2/opencms/system/modules/com.gridnine.opencms.ticketbrokerage.site/resources/css/ticketbrokerage.css HTTP/1.1" 200 39339
168.119.68.177 - - [10/Nov/2024:01:00:36 +0100] "GET /ticket2/opencms/system/modules/com.gridnine.opencms.ticketbrokerage.site/resources/js/jquery/jquery-ui.js HTTP/1.1" 200 228088
168.119.68.177 - - [10/Nov/2024:01:00:36 +0100] "GET /ticket2/opencms/system/modules/com.gridnine.opencms.ticketbrokerage.site/resources/js/functions.js HTTP/1.1" 200 1583
168.119.68.177 - - [10/Nov/2024:01:00:36 +0100] "GET /ticket2/opencms/system/modules/com.gridnine.opencms.ticketbrokerage.site/resources/js/calendar-en.js HTTP/1.1" 200 3338
168.119.68.177 - - [10/Nov/2024:01:00:36 +0100] "GET /ticket2/opencms/system/modules/com.gridnine.opencms.ticketbrokerage.site/resources/js/calendar.js HTTP/1.1" 200 49229
168.119.68.177 - - [10/Nov/2024:01:00:36 +0100] "GET /ticket2/opencms/system/modules/com.gridnine.opencms.ticketbrokerage.site/resources/js/calendar-setup.js HTTP/1.1" 200 4923
168.119.68.177 - - [10/Nov/2024:01:00:36 +0100] "GET /ticket2/opencms/system/modules/com.gridnine.opencms.ticketbrokerage.site/resources/js/jquery.fancybox.pack.js HTTP/1.1" 200 23187
168.119.68.177 - - [10/Nov/2024:01:00:36 +0100] "GET /ticket2/opencms/system/modules/com.gridnine.opencms.ticketbrokerage.site/resources/js/standard.js HTTP/1.1" 200 3978
168.119.68.177 - - [10/Nov/2024:01:00:36 +0100] "GET /ticket2/opencms/system/modules/com.gridnine.opencms.ticketbrokerage.site/resources/js/stickyfill.min.js HTTP/1.1" 200 5672
168.119.68.177 - - [10/Nov/2024:01:00:37 +0100] "GET /ticket2/opencms/system/modules/com.gridnine.opencms.ticketbrokerage.site/resources/js/jquery.placeholder.min.js HTTP/1.1" 200 1737
168.119.68.177 - - [10/Nov/2024:01:00:37 +0100] "GET /ticket2/opencms/system/modules/com.gridnine.opencms.ticketbrokerage.site/resources/js/common-ajax.js HTTP/1.1" 200 20175
168.119.68.177 - - [10/Nov/2024:01:00:37 +0100] "GET /ticket2/opencms/system/modules/com.gridnine.opencms.ticketbrokerage.site/resources/js/standard.js HTTP/1.1" 200 3978
88.90.248.233 - - [10/Nov/2024:01:00:38 +0100] "GET /ticket2/opencms/fi/buy/?page=1&edid=7B3AC7D7-1526-4F6F-CBCE-129EE69ABE1E HTTP/1.1" 200 102153
95.217.195.123 - - [10/Nov/2024:01:00:39 +0100] "GET /ticket2/opencms/dk/buy/?page=1&edid=695D986D-E4F3-2AC4-2770-3CEB3137AC00&sortorder=desc&column=price HTTP/1.1" 200 98712
88.90.248.233 - - [10/Nov/2024:01:00:39 +0100] "GET /ticket2/opencms/fi/buy/?page=1&edid=7B3AC7D7-1526-4F6F-CBCE-129EE69ABE1E&sortorder=desc&column=row HTTP/1.1" 200 103384
85.208.96.204 - - [10/Nov/2024:01:00:40 +0100] "GET /ticket2/opencms/fi/buy_safety/ HTTP/1.1" 200 83341
217.113.194.212 - - [10/Nov/2024:01:00:40 +0100] "GET /ticket2/opencms/dk/buy/?page=1&edid=076411AC-E16D-03B5-E9C0-15F71C5D24A8 HTTP/1.1" 200 97358
52.167.144.173 - - [10/Nov/2024:01:00:41 +0100] "GET /ticket2/opencms/ga/buy?page=1&edid=3583D5C7-607A-E528-A709-844E6A72DC1B HTTP/1.1" 200 131536
88.90.248.233 - - [10/Nov/2024:01:00:41 +0100] "GET /ticket2/opencms/fi/buy/?page=1&edid=7BBCA819-F42E-0079-8C80-51174B40B9F6&sortorder=desc&column=price HTTP/1.1" 200 103048
54.36.149.17 - - [10/Nov/2024:01:00:41 +0100] "GET /ticket2/opencms/bs/buy?page=6&comcatid=A17713B6-D984-201A-4143-ED4DB5ED5C2E&catid=7ACC33AD-EE7E-AAA7-9050-0F4587759B87 HTTP/1.1" 200 94511
168.119.68.178 - - [10/Nov/2024:01:00:42 +0100] "GET /ticket2/opencms/system/modules/com.gridnine.opencms.ticketbrokerage.site/resources/css/jquery-ui.css HTTP/1.1" 200 33221
168.119.68.178 - - [10/Nov/2024:01:00:42 +0100] "GET /ticket2/opencms/system/modules/com.gridnine.opencms.ticketbrokerage.site/resources/css/calendar.css HTTP/1.1" 200 6871
168.119.68.178 - - [10/Nov/2024:01:00:42 +0100] "GET /ticket2/opencms/system/modules/com.gridnine.opencms.ticketbrokerage.site/resources/js/calendar.js HTTP/1.1" 200 49229
168.119.68.178 - - [10/Nov/2024:01:00:42 +0100] "GET /ticket2/opencms/system/modules/com.gridnine.opencms.ticketbrokerage.site/resources/css/standard.css HTTP/1.1" 200 73073
168.119.68.178 - - [10/Nov/2024:01:00:42 +0100] "GET /ticket2/opencms/system/modules/com.gridnine.opencms.ticketbrokerage.site/resources/css/jquery.fancybox.css HTTP/1.1" 200 4939
168.119.68.178 - - [10/Nov/2024:01:00:42 +0100] "GET /ticket2/opencms/system/modules/com.gridnine.opencms.ticketbrokerage.site/resources/css/ticketbrokerage.css HTTP/1.1" 200 39339
168.119.68.178 - - [10/Nov/2024:01:00:42 +0100] "GET /ticket2/opencms/system/modules/com.gridnine.opencms.ticketbrokerage.site/resources/js/jquery.fancybox.pack.js HTTP/1.1" 200 23187
168.119.68.178 - - [10/Nov/2024:01:00:42 +0100] "GET /ticket2/opencms/system/modules/com.gridnine.opencms.ticketbrokerage.site/resources/js/functions.js HTTP/1.1" 200 1583
168.119.68.178 - - [10/Nov/2024:01:00:42 +0100] "GET /ticket2/opencms/system/modules/com.gridnine.opencms.ticketbrokerage.site/resources/js/calendar-setup.js HTTP/1.1" 200 4923
168.119.68.178 - - [10/Nov/2024:01:00:42 +0100] "GET /ticket2/opencms/system/modules/com.gridnine.opencms.ticketbrokerage.site/resources/js/calendar-en.js HTTP/1.1" 200 3338
168.119.68.178 - - [10/Nov/2024:01:00:42 +0100] "GET /ticket2/opencms/system/modules/com.gridnine.opencms.ticketbrokerage.site/resources/js/jquery/jquery-ui.js HTTP/1.1" 200 228088
168.119.68.178 - - [10/Nov/2024:01:00:42 +0100] "GET /ticket2/opencms/system/modules/com.gridnine.opencms.ticketbrokerage.site/resources/js/stickyfill.min.js HTTP/1.1" 200 5672
168.119.68.178 - - [10/Nov/2024:01:00:42 +0100] "GET /ticket2/opencms/system/modules/com.gridnine.opencms.ticketbrokerage.site/resources/js/jquery/jquery.js HTTP/1.1" 200 93868
168.119.68.178 - - [10/Nov/2024:01:00:42 +0100] "GET /ticket2/opencms/system/modules/com.gridnine.opencms.ticketbrokerage.site/resources/js/standard.js HTTP/1.1" 200 3978
168.119.68.178 - - [10/Nov/2024:01:00:42 +0100] "GET /ticket2/opencms/system/modules/com.gridnine.opencms.ticketbrokerage.site/resources/js/jquery.placeholder.min.js HTTP/1.1" 200 1737
168.119.68.178 - - [10/Nov/2024:01:00:42 +0100] "GET /ticket2/opencms/system/modules/com.gridnine.opencms.ticketbrokerage.site/resources/js/common-ajax.js HTTP/1.1" 200 20175
168.119.68.178 - - [10/Nov/2024:01:00:42 +0100] "GET /ticket2/opencms/system/modules/com.gridnine.opencms.ticketbrokerage.site/resources/js/standard.js HTTP/1.1" 200 3978
88.90.248.233 - - [10/Nov/2024:01:00:43 +0100] "GET /ticket2/opencms/fi/buy/?page=1&edid=7BBCA819-F42E-0079-8C80-51174B40B9F6&sortorder=desc&column=row HTTP/1.1" 200 102956
88.90.248.233 - - [10/Nov/2024:01:00:44 +0100] "GET /ticket2/opencms/fi/buy/?page=1&edid=7D0648F8-3AD0-8F78-E994-E700AC212971&sortorder=desc&column=price HTTP/1.1" 200 102405
192.99.36.61 - - [10/Nov/2024:01:00:45 +0100] "GET /ticket2/opencms/dk/nl/buy/?page=1&edid=FA79E9D9-43CE-DD01-4489-F857336B8E9C&sortorder=desc&column=row HTTP/1.1" 404 -
95.217.195.123 - - [10/Nov/2024:01:00:46 +0100] "GET /ticket2/opencms/dk/buy/?page=1&edid=69BA26E1-9E2C-2341-0407-4A0E35BDAFE6&sortorder=asc&column=row HTTP/1.1" 200 98559
88.90.248.233 - - [10/Nov/2024:01:00:46 +0100] "GET /ticket2/opencms/fi/buy/?page=1&edid=7D0CD565-A51C-3B57-C547-06C53308F8CE&sortorder=desc&column=price HTTP/1.1" 200 103302
54.36.148.175 - - [10/Nov/2024:01:00:46 +0100] "GET /ticket2/opencms/bs/buy?page=6&comcatid=A17713B6-D984-201A-4143-ED4DB5ED5C2E&catid=AE3FE643-AE41-BAA6-237D-5206D1B044A1 HTTP/1.1" 200 94506
195.154.122.169 - - [10/Nov/2024:01:00:47 +0100] "GET /ticket2/opencms/system/modules/com.gridnine.opencms.ticketbrokerage.site/resources/css/calendar.css HTTP/1.1" 200 6871
195.154.122.169 - - [10/Nov/2024:01:00:47 +0100] "GET /ticket2/opencms/system/modules/com.gridnine.opencms.ticketbrokerage.site/resources/css/jquery.fancybox.css HTTP/1.1" 200 4939
195.154.122.169 - - [10/Nov/2024:01:00:47 +0100] "GET /ticket2/opencms/system/modules/com.gridnine.opencms.ticketbrokerage.site/resources/css/jquery-ui.css HTTP/1.1" 200 33221
195.154.122.169 - - [10/Nov/2024:01:00:47 +0100] "GET /ticket2/opencms/system/modules/com.gridnine.opencms.ticketbrokerage.site/resources/css/ticketbrokerage.css HTTP/1.1" 200 39339
195.154.122.169 - - [10/Nov/2024:01:00:47 +0100] "GET /ticket2/opencms/system/modules/com.gridnine.opencms.ticketbrokerage.site/resources/js/functions.js HTTP/1.1" 200 1583
195.154.122.169 - - [10/Nov/2024:01:00:47 +0100] "GET /ticket2/opencms/system/modules/com.gridnine.opencms.ticketbrokerage.site/resources/css/standard.css HTTP/1.1" 200 73073
195.154.122.169 - - [10/Nov/2024:01:00:47 +0100] "GET /ticket2/opencms/system/modules/com.gridnine.opencms.ticketbrokerage.site/resources/js/jquery/jquery-ui.js HTTP/1.1" 200 228088
195.154.122.169 - - [10/Nov/2024:01:00:47 +0100] "GET /ticket2/opencms/system/modules/com.gridnine.opencms.ticketbrokerage.site/resources/js/jquery/jquery.js HTTP/1.1" 200 93868
195.154.122.169 - - [10/Nov/2024:01:00:47 +0100] "GET /ticket2/opencms/system/modules/com.gridnine.opencms.ticketbrokerage.site/resources/js/calendar-setup.js HTTP/1.1" 200 4923
195.154.122.169 - - [10/Nov/2024:01:00:47 +0100] "GET /ticket2/opencms/system/modules/com.gridnine.opencms.ticketbrokerage.site/resources/js/calendar.js HTTP/1.1" 200 49229
195.154.122.169 - - [10/Nov/2024:01:00:47 +0100] "GET /ticket2/opencms/system/modules/com.gridnine.opencms.ticketbrokerage.site/resources/js/calendar-en.js HTTP/1.1" 200 3338
195.154.122.169 - - [10/Nov/2024:01:00:47 +0100] "GET /ticket2/opencms/system/modules/com.gridnine.opencms.ticketbrokerage.site/resources/js/jquery.fancybox.pack.js HTTP/1.1" 200 23187
195.154.122.169 - - [10/Nov/2024:01:00:47 +0100] "GET /ticket2/opencms/system/modules/com.gridnine.opencms.ticketbrokerage.site/resources/js/stickyfill.min.js HTTP/1.1" 200 5672
195.154.122.169 - - [10/Nov/2024:01:00:47 +0100] "GET /ticket2/opencms/system/modules/com.gridnine.opencms.ticketbrokerage.site/resources/js/standard.js HTTP/1.1" 200 3978
195.154.122.169 - - [10/Nov/2024:01:00:47 +0100] "GET /ticket2/opencms/system/modules/com.gridnine.opencms.ticketbrokerage.site/resources/js/jquery.placeholder.min.js HTTP/1.1" 200 1737
195.154.122.169 - - [10/Nov/2024:01:00:47 +0100] "GET /ticket2/opencms/system/modules/com.gridnine.opencms.ticketbrokerage.site/resources/js/common-ajax.js HTTP/1.1" 200 20175
195.154.122.169 - - [10/Nov/2024:01:00:47 +0100] "GET /ticket2/opencms/system/modules/com.gridnine.opencms.ticketbrokerage.site/resources/js/standard.js HTTP/1.1" 200 3978
88.90.248.233 - - [10/Nov/2024:01:00:48 +0100] "GET /ticket2/opencms/fi/buy/?page=1&edid=7D0CD565-A51C-3B57-C547-06C53308F8CE&sortorder=desc&column=section HTTP/1.1" 200 103394
217.113.194.212 - - [10/Nov/2024:01:00:49 +0100] "GET /ticket2/opencms/dk/buy/?page=1&edid=E2D9A408-8935-6A15-C054-9FB347B10142 HTTP/1.1" 200 110216
192.99.36.61 - - [10/Nov/2024:01:00:49 +0100] "GET /ticket2/opencms/dk/nl/buy/?page=1&edid=FABCE528-F916-4368-C148-CD3FBF7DABD2&sortorder=desc&column=row HTTP/1.1" 404 -
88.90.248.233 - - [10/Nov/2024:01:00:49 +0100] "GET /ticket2/opencms/fi/buy/?page=1&edid=7DF77E99-8194-C3D0-5A00-8A12D492E581&sortorder=desc&column=section HTTP/1.1" 200 103530
95.217.195.123 - - [10/Nov/2024:01:00:51 +0100] "GET /ticket2/opencms/dk/buy/?page=1&edid=69BA26E1-9E2C-2341-0407-4A0E35BDAFE6&sortorder=asc&column=section HTTP/1.1" 200 98743
88.90.248.233 - - [10/Nov/2024:01:00:51 +0100] "GET /ticket2/opencms/fi/buy/?page=1&edid=7E8E8E09-8964-EEF0-B932-B97C485B7E7D&sortorder=desc&column=price HTTP/1.1" 200 103478
135.181.74.243 - - [10/Nov/2024:01:00:51 +0100] "GET /ticket2/opencms/dk/fi/buy/?page=1&edid=C68169A2-BAF4-9EC4-4384-5798AFBF1409&sortorder=asc&column=row HTTP/1.1" 404 -
66.249.79.5 - - [10/Nov/2024:01:00:51 +0100] "GET /ticket2/opencms/lv/buy?page=1&edid=A492339E-0658-D77B-570A-6146F24F8C0A HTTP/1.1" 200 101387
54.36.149.4 - - [10/Nov/2024:01:00:52 +0100] "GET /ticket2/opencms/de/buy?page=6&comcatid=A17713B6-D984-201A-4143-ED4DB5ED5C2E&catid=3A7AEA37-903D-9533-4B33-21B0001FF1D1 HTTP/1.1" 200 93872
168.119.65.48 - - [10/Nov/2024:01:00:52 +0100] "GET /ticket2/opencms/system/modules/com.gridnine.opencms.ticketbrokerage.site/resources/css/calendar.css HTTP/1.1" 200 6871
168.119.65.48 - - [10/Nov/2024:01:00:52 +0100] "GET /ticket2/opencms/system/modules/com.gridnine.opencms.ticketbrokerage.site/resources/js/calendar-setup.js HTTP/1.1" 200 4923
168.119.65.48 - - [10/Nov/2024:01:00:52 +0100] "GET /ticket2/opencms/system/modules/com.gridnine.opencms.ticketbrokerage.site/resources/css/ticketbrokerage.css HTTP/1.1" 200 39339
168.119.65.48 - - [10/Nov/2024:01:00:52 +0100] "GET /ticket2/opencms/system/modules/com.gridnine.opencms.ticketbrokerage.site/resources/js/calendar-en.js HTTP/1.1" 200 3338
168.119.65.48 - - [10/Nov/2024:01:00:52 +0100] "GET /ticket2/opencms/system/modules/com.gridnine.opencms.ticketbrokerage.site/resources/js/calendar.js HTTP/1.1" 200 49229
168.119.65.48 - - [10/Nov/2024:01:00:52 +0100] "GET /ticket2/opencms/system/modules/com.gridnine.opencms.ticketbrokerage.site/resources/css/standard.css HTTP/1.1" 200 73073
168.119.65.48 - - [10/Nov/2024:01:00:52 +0100] "GET /ticket2/opencms/system/modules/com.gridnine.opencms.ticketbrokerage.site/resources/js/jquery/jquery.js HTTP/1.1" 200 93868
168.119.65.48 - - [10/Nov/2024:01:00:52 +0100] "GET /ticket2/opencms/system/modules/com.gridnine.opencms.ticketbrokerage.site/resources/js/standard.js HTTP/1.1" 200 3978
168.119.65.48 - - [10/Nov/2024:01:00:52 +0100] "GET /ticket2/opencms/system/modules/com.gridnine.opencms.ticketbrokerage.site/resources/js/functions.js HTTP/1.1" 200 1583
168.119.65.48 - - [10/Nov/2024:01:00:52 +0100] "GET /ticket2/opencms/system/modules/com.gridnine.opencms.ticketbrokerage.site/resources/js/jquery/jquery-ui.js HTTP/1.1" 200 228088
192.95.30.177 - - [10/Nov/2024:01:00:53 +0100] "GET /ticket2/opencms/dk/en/buy/?page=1&edid=71F4B3AC-4D73-186A-EB10-1663B04184B6&sortorder=desc&column=price HTTP/1.1" 404 -
88.90.248.233 - - [10/Nov/2024:01:00:53 +0100] "GET /ticket2/opencms/fi/buy/?page=1&edid=7E8E8E09-8964-EEF0-B932-B97C485B7E7D&sortorder=desc&column=section HTTP/1.1" 200 103570
168.119.65.48 - - [10/Nov/2024:01:00:53 +0100] "GET /ticket2/opencms/system/modules/com.gridnine.opencms.ticketbrokerage.site/resources/js/standard.js HTTP/1.1" 200 3978
88.90.248.233 - - [10/Nov/2024:01:00:54 +0100] "GET /ticket2/opencms/fi/buy/?page=1&edid=7E9C13B6-0C50-6FEF-1D5E-4F25333EB049&sortorder=desc&column=row HTTP/1.1" 200 99900
88.90.248.233 - - [10/Nov/2024:01:00:56 +0100] "GET /ticket2/opencms/fi/buy/?page=1&edid=7F0ECB6A-15F2-EC93-88B3-6C4F49E44CFE&sortorder=desc&column=price HTTP/1.1" 200 103440
54.36.148.92 - - [10/Nov/2024:01:00:56 +0100] "GET /ticket2/opencms/de/buy?page=6&comcatid=A17713B6-D984-201A-4143-ED4DB5ED5C2E&catid=7ACC33AD-EE7E-AAA7-9050-0F4587759B87 HTTP/1.1" 200 93873
195.154.122.108 - - [10/Nov/2024:01:00:57 +0100] "GET /ticket2/opencms/system/modules/com.gridnine.opencms.ticketbrokerage.site/resources/css/jquery.fancybox.css HTTP/1.1" 200 4939
195.154.122.108 - - [10/Nov/2024:01:00:57 +0100] "GET /ticket2/opencms/system/modules/com.gridnine.opencms.ticketbrokerage.site/resources/css/jquery-ui.css HTTP/1.1" 200 33221
195.154.122.108 - - [10/Nov/2024:01:00:57 +0100] "GET /ticket2/opencms/system/modules/com.gridnine.opencms.ticketbrokerage.site/resources/css/calendar.css HTTP/1.1" 200 6871
195.154.122.108 - - [10/Nov/2024:01:00:57 +0100] "GET /ticket2/opencms/system/modules/com.gridnine.opencms.ticketbrokerage.site/resources/css/standard.css HTTP/1.1" 200 73073
195.154.122.108 - - [10/Nov/2024:01:00:57 +0100] "GET /ticket2/opencms/system/modules/com.gridnine.opencms.ticketbrokerage.site/resources/css/ticketbrokerage.css HTTP/1.1" 200 39339
195.154.122.108 - - [10/Nov/2024:01:00:57 +0100] "GET /ticket2/opencms/system/modules/com.gridnine.opencms.ticketbrokerage.site/resources/js/calendar.js HTTP/1.1" 200 49229
195.154.122.108 - - [10/Nov/2024:01:00:57 +0100] "GET /ticket2/opencms/system/modules/com.gridnine.opencms.ticketbrokerage.site/resources/js/calendar-en.js HTTP/1.1" 200 3338
195.154.122.108 - - [10/Nov/2024:01:00:57 +0100] "GET /ticket2/opencms/system/modules/com.gridnine.opencms.ticketbrokerage.site/resources/js/calendar-setup.js HTTP/1.1" 200 4923
195.154.122.108 - - [10/Nov/2024:01:00:57 +0100] "GET /ticket2/opencms/system/modules/com.gridnine.opencms.ticketbrokerage.site/resources/js/jquery.fancybox.pack.js HTTP/1.1" 200 23187
195.154.122.108 - - [10/Nov/2024:01:00:57 +0100] "GET /ticket2/opencms/system/modules/com.gridnine.opencms.ticketbrokerage.site/resources/js/stickyfill.min.js HTTP/1.1" 200 5672
217.113.194.216 - - [10/Nov/2024:01:00:57 +0100] "GET /ticket2/opencms/dk/buy/?page=1&edid=D6BA25E1-A509-502D-0E54-BAB009CB8284 HTTP/1.1" 200 97341
195.154.122.108 - - [10/Nov/2024:01:00:57 +0100] "GET /ticket2/opencms/system/modules/com.gridnine.opencms.ticketbrokerage.site/resources/js/jquery/jquery.js HTTP/1.1" 200 93868
195.154.122.108 - - [10/Nov/2024:01:00:57 +0100] "GET /ticket2/opencms/system/modules/com.gridnine.opencms.ticketbrokerage.site/resources/js/jquery/jquery-ui.js HTTP/1.1" 200 228088
195.154.122.108 - - [10/Nov/2024:01:00:57 +0100] "GET /ticket2/opencms/system/modules/com.gridnine.opencms.ticketbrokerage.site/resources/js/functions.js HTTP/1.1" 200 1583
195.154.122.108 - - [10/Nov/2024:01:00:57 +0100] "GET /ticket2/opencms/system/modules/com.gridnine.opencms.ticketbrokerage.site/resources/js/standard.js HTTP/1.1" 200 3978
195.154.122.108 - - [10/Nov/2024:01:00:57 +0100] "GET /ticket2/opencms/system/modules/com.gridnine.opencms.ticketbrokerage.site/resources/js/jquery.placeholder.min.js HTTP/1.1" 200 1737
195.154.122.108 - - [10/Nov/2024:01:00:57 +0100] "GET /ticket2/opencms/system/modules/com.gridnine.opencms.ticketbrokerage.site/resources/js/common-ajax.js HTTP/1.1" 200 20175
88.90.248.233 - - [10/Nov/2024:01:00:58 +0100] "GET /ticket2/opencms/fi/buy/?page=1&edid=7F14D294-3112-8B51-F7D2-1F3F577F37CF&sortorder=asc&column=section HTTP/1.1" 200 103527
95.217.195.123 - - [10/Nov/2024:01:00:58 +0100] "GET /ticket2/opencms/dk/buy/?page=1&edid=6A3C718B-AC4D-FF85-FA4B-4274829132AA&sortorder=asc&column=price HTTP/1.1" 200 101900
195.154.122.108 - - [10/Nov/2024:01:00:59 +0100] "GET /ticket2/opencms/system/modules/com.gridnine.opencms.ticketbrokerage.site/resources/js/standard.js HTTP/1.1" 200 3978
88.90.248.233 - - [10/Nov/2024:01:00:59 +0100] "GET /ticket2/opencms/fi/buy/?page=1&edid=7F14D294-3112-8B51-F7D2-1F3F577F37CF&sortorder=desc&column=row HTTP/1.1" 200 103388
54.36.148.89 - - [10/Nov/2024:01:01:00 +0100] "GET /ticket2/opencms/de/buy?page=6&comcatid=A17713B6-D984-201A-4143-ED4DB5ED5C2E&catid=AE3FE643-AE41-BAA6-237D-5206D1B044A1 HTTP/1.1" 200 93868
168.119.65.53 - - [10/Nov/2024:01:01:00 +0100] "GET /ticket2/opencms/system/modules/com.gridnine.opencms.ticketbrokerage.site/resources/js/jquery/jquery.js HTTP/1.1" 200 93868
168.119.65.53 - - [10/Nov/2024:01:01:00 +0100] "GET /ticket2/opencms/system/modules/com.gridnine.opencms.ticketbrokerage.site/resources/css/ticketbrokerage.css HTTP/1.1" 200 39339
168.119.65.53 - - [10/Nov/2024:01:01:00 +0100] "GET /ticket2/opencms/system/modules/com.gridnine.opencms.ticketbrokerage.site/resources/css/standard.css HTTP/1.1" 200 73073
168.119.65.53 - - [10/Nov/2024:01:01:00 +0100] "GET /ticket2/opencms/system/modules/com.gridnine.opencms.ticketbrokerage.site/resources/css/jquery.fancybox.css HTTP/1.1" 200 4939
168.119.65.53 - - [10/Nov/2024:01:01:00 +0100] "GET /ticket2/opencms/system/modules/com.gridnine.opencms.ticketbrokerage.site/resources/css/jquery-ui.css HTTP/1.1" 200 33221
168.119.65.53 - - [10/Nov/2024:01:01:00 +0100] "GET /ticket2/opencms/system/modules/com.gridnine.opencms.ticketbrokerage.site/resources/css/calendar.css HTTP/1.1" 200 6871
168.119.65.53 - - [10/Nov/2024:01:01:01 +0100] "GET /ticket2/opencms/system/modules/com.gridnine.opencms.ticketbrokerage.site/resources/js/calendar-en.js HTTP/1.1" 200 3338
168.119.65.53 - - [10/Nov/2024:01:01:01 +0100] "GET /ticket2/opencms/system/modules/com.gridnine.opencms.ticketbrokerage.site/resources/js/calendar.js HTTP/1.1" 200 49229
168.119.65.53 - - [10/Nov/2024:01:01:01 +0100] "GET /ticket2/opencms/system/modules/com.gridnine.opencms.ticketbrokerage.site/resources/js/calendar-setup.js HTTP/1.1" 200 4923
168.119.65.53 - - [10/Nov/2024:01:01:01 +0100] "GET /ticket2/opencms/system/modules/com.gridnine.opencms.ticketbrokerage.site/resources/js/functions.js HTTP/1.1" 200 1583
168.119.65.53 - - [10/Nov/2024:01:01:01 +0100] "GET /ticket2/opencms/system/modules/com.gridnine.opencms.ticketbrokerage.site/resources/js/jquery/jquery-ui.js HTTP/1.1" 200 228088
168.119.65.53 - - [10/Nov/2024:01:01:01 +0100] "GET /ticket2/opencms/system/modules/com.gridnine.opencms.ticketbrokerage.site/resources/js/jquery.fancybox.pack.js HTTP/1.1" 200 23187
168.119.65.53 - - [10/Nov/2024:01:01:01 +0100] "GET /ticket2/opencms/system/modules/com.gridnine.opencms.ticketbrokerage.site/resources/js/stickyfill.min.js HTTP/1.1" 200 5672
168.119.65.53 - - [10/Nov/2024:01:01:01 +0100] "GET /ticket2/opencms/system/modules/com.gridnine.opencms.ticketbrokerage.site/resources/js/standard.js HTTP/1.1" 200 3978
168.119.65.53 - - [10/Nov/2024:01:01:01 +0100] "GET /ticket2/opencms/system/modules/com.gridnine.opencms.ticketbrokerage.site/resources/js/jquery.placeholder.min.js HTTP/1.1" 200 1737
168.119.65.53 - - [10/Nov/2024:01:01:01 +0100] "GET /ticket2/opencms/system/modules/com.gridnine.opencms.ticketbrokerage.site/resources/js/common-ajax.js HTTP/1.1" 200 20175
88.90.248.233 - - [10/Nov/2024:01:01:01 +0100] "GET /ticket2/opencms/fi/buy/?page=1&edid=7F14D294-3112-8B51-F7D2-1F3F577F37CF&sortorder=desc&column=section HTTP/1.1" 200 103572
168.119.65.53 - - [10/Nov/2024:01:01:01 +0100] "GET /ticket2/opencms/system/modules/com.gridnine.opencms.ticketbrokerage.site/resources/js/standard.js HTTP/1.1" 200 3978
