195.154.122.77 - - [10/Nov/2024:00:29:20 +0100] "GET /ticket2/opencms/system/modules/com.gridnine.opencms.ticketbrokerage.site/resources/js/standard.js HTTP/1.1" 200 3978
195.154.122.77 - - [10/Nov/2024:00:29:20 +0100] "GET /ticket2/opencms/system/modules/com.gridnine.opencms.ticketbrokerage.site/resources/js/jquery.placeholder.min.js HTTP/1.1" 200 1737
195.154.122.77 - - [10/Nov/2024:00:29:20 +0100] "GET /ticket2/opencms/system/modules/com.gridnine.opencms.ticketbrokerage.site/resources/js/common-ajax.js HTTP/1.1" 200 20175
195.154.122.77 - - [10/Nov/2024:00:29:21 +0100] "GET /ticket2/opencms/system/modules/com.gridnine.opencms.ticketbrokerage.site/resources/js/standard.js HTTP/1.1" 200 3978
52.167.144.158 - - [10/Nov/2024:00:29:21 +0100] "GET /ticket2/opencms/sv/buy/?page=1&edid=A34637F6-A2D0-912E-26B6-F992C4C5FF72 HTTP/1.1" 200 101409
37.187.89.104 - - [10/Nov/2024:00:29:22 +0100] "GET /ticket2/opencms/dk/nl/buy/?page=1&edid=CFA7B791-9078-B078-FFE1-6B59C4CC5805&sortorder=desc&column=section HTTP/1.1" 404 -
54.36.148.74 - - [10/Nov/2024:00:29:23 +0100] "GET /ticket2/opencms/de/magazine/article?title=wie-soll-manchester-united-die-krise-bewaltigen HTTP/1.1" 200 83144
89.8.44.209 - - [10/Nov/2024:00:29:24 +0100] "GET /ticket2/opencms/no/sport/fotballsbilletter/premier_league/?gad_source=5&gclid=EAIaIQobChMI6-T_37bQiQMVGx-iAx0pux1SEAEYASAAEgIX9vD_BwE HTTP/1.1" 200 89946
89.8.44.209 - - [10/Nov/2024:00:29:24 +0100] "GET /ticket2/opencms/system/modules/com.gridnine.opencms.ticketbrokerage.site/resources/css/ticketbrokerage.css HTTP/1.1" 200 39339
89.8.44.209 - - [10/Nov/2024:00:29:24 +0100] "GET /ticket2/opencms/system/modules/com.gridnine.opencms.ticketbrokerage.site/resources/css/calendar.css HTTP/1.1" 200 6871
89.8.44.209 - - [10/Nov/2024:00:29:24 +0100] "GET /ticket2/opencms/system/modules/com.gridnine.opencms.ticketbrokerage.site/resources/css/jquery-ui.css HTTP/1.1" 200 33221
89.8.44.209 - - [10/Nov/2024:00:29:24 +0100] "GET /ticket2/opencms/system/modules/com.gridnine.opencms.ticketbrokerage.site/resources/css/standard.css HTTP/1.1" 200 73073
89.8.44.209 - - [10/Nov/2024:00:29:25 +0100] "GET /ticket2/opencms/system/modules/com.gridnine.opencms.ticketbrokerage.site/resources/css/jquery.fancybox.css HTTP/1.1" 200 4939
89.8.44.209 - - [10/Nov/2024:00:29:25 +0100] "GET /ticket2/opencms/system/modules/com.gridnine.opencms.ticketbrokerage.site/resources/js/jquery/jquery.js HTTP/1.1" 200 93868
89.8.44.209 - - [10/Nov/2024:00:29:25 +0100] "GET /ticket2/opencms/system/modules/com.gridnine.opencms.ticketbrokerage.site/resources/js/jquery/jquery-ui.js HTTP/1.1" 200 228088
89.8.44.209 - - [10/Nov/2024:00:29:25 +0100] "GET /ticket2/opencms/system/modules/com.gridnine.opencms.ticketbrokerage.site/resources/js/functions.js HTTP/1.1" 200 1583
89.8.44.209 - - [10/Nov/2024:00:29:25 +0100] "GET /ticket2/opencms/system/modules/com.gridnine.opencms.ticketbrokerage.site/resources/js/calendar.js HTTP/1.1" 200 49229
89.8.44.209 - - [10/Nov/2024:00:29:25 +0100] "GET /ticket2/opencms/system/modules/com.gridnine.opencms.ticketbrokerage.site/resources/js/calendar-en.js HTTP/1.1" 200 3338
89.8.44.209 - - [10/Nov/2024:00:29:25 +0100] "GET /ticket2/opencms/system/modules/com.gridnine.opencms.ticketbrokerage.site/resources/js/jquery.fancybox.pack.js HTTP/1.1" 200 23187
89.8.44.209 - - [10/Nov/2024:00:29:25 +0100] "GET /ticket2/opencms/system/modules/com.gridnine.opencms.ticketbrokerage.site/resources/js/calendar-setup.js HTTP/1.1" 200 4923
89.8.44.209 - - [10/Nov/2024:00:29:25 +0100] "GET /ticket2/opencms/system/modules/com.gridnine.opencms.ticketbrokerage.site/resources/js/stickyfill.min.js HTTP/1.1" 200 5672
89.8.44.209 - - [10/Nov/2024:00:29:25 +0100] "GET /ticket2/opencms/img/icons/en.png HTTP/1.1" 200 2415
89.8.44.209 - - [10/Nov/2024:00:29:25 +0100] "GET /ticket2/opencms/system/modules/com.gridnine.opencms.ticketbrokerage.site/resources/js/standard.js HTTP/1.1" 200 3978
89.8.44.209 - - [10/Nov/2024:00:29:26 +0100] "GET /ticket2/opencms/system/modules/com.gridnine.opencms.ticketbrokerage.site/resources/pics/banners/sv/premier_league_sv.png HTTP/1.1" 200 13518
89.8.44.209 - - [10/Nov/2024:00:29:26 +0100] "GET /ticket2/opencms/system/modules/com.gridnine.opencms.ticketbrokerage.site/resources/pics/logo-new.png HTTP/1.1" 200 13541
89.8.44.209 - - [10/Nov/2024:00:29:26 +0100] "GET /ticket2/opencms/system/modules/com.gridnine.opencms.ticketbrokerage.site/resources/js/jquery.placeholder.min.js HTTP/1.1" 200 1737
89.8.44.209 - - [10/Nov/2024:00:29:26 +0100] "GET /ticket2/opencms/system/modules/com.gridnine.opencms.ticketbrokerage.site/resources/js/common-ajax.js HTTP/1.1" 200 20175
89.8.44.209 - - [10/Nov/2024:00:29:26 +0100] "GET /ticket2/opencms/img/insta.png HTTP/1.1" 200 3967
89.8.44.209 - - [10/Nov/2024:00:29:26 +0100] "GET /ticket2/opencms/img/fb.png HTTP/1.1" 200 1269
89.8.44.209 - - [10/Nov/2024:00:29:26 +0100] "GET /ticket2/opencms/system/modules/com.gridnine.opencms.ticketbrokerage.site/resources/pics/footer-img.jpg HTTP/1.1" 200 67642
89.8.44.209 - - [10/Nov/2024:00:29:26 +0100] "GET /ticket2/opencms/img/check.png HTTP/1.1" 200 548
37.187.89.104 - - [10/Nov/2024:00:29:26 +0100] "GET /ticket2/opencms/dk/nl/buy/?page=1&edid=D28D3824-9820-76C4-21D7-4144BF3DCE08&sortorder=asc&column=row HTTP/1.1" 404 -
217.113.194.218 - - [10/Nov/2024:00:29:26 +0100] "GET /ticket2/opencms/fi/venue/?venueid=332BD0A1-A96B-D704-DDE6-43C2DB68EECD HTTP/1.1" 200 78545
89.8.44.209 - - [10/Nov/2024:00:29:26 +0100] "GET /ticket2/opencms/img/mail.png HTTP/1.1" 200 403
89.8.44.209 - - [10/Nov/2024:00:29:26 +0100] "GET /ticket2/opencms/img/chat.png HTTP/1.1" 200 416
89.8.44.209 - - [10/Nov/2024:00:29:26 +0100] "GET /ticket2/opencms/img/arrow.png HTTP/1.1" 200 753
89.8.44.209 - - [10/Nov/2024:00:29:27 +0100] "GET /ticket2/opencms/img/icons/globe-white.png HTTP/1.1" 200 947
89.8.44.209 - - [10/Nov/2024:00:29:27 +0100] "GET /ticket2/opencms/img/icons/en.png HTTP/1.1" 200 2415
89.8.44.209 - - [10/Nov/2024:00:29:27 +0100] "GET /ticket2/opencms/img/icons/se.png HTTP/1.1" 200 1258
89.8.44.209 - - [10/Nov/2024:00:29:27 +0100] "GET /ticket2/opencms/img/icons/fi.png HTTP/1.1" 200 1785
89.8.44.209 - - [10/Nov/2024:00:29:28 +0100] "GET /ticket2/opencms/img/icons/no.png HTTP/1.1" 200 1958
89.8.44.209 - - [10/Nov/2024:00:29:28 +0100] "GET /ticket2/opencms/img/icons/dk.png HTTP/1.1" 200 1706
89.8.44.209 - - [10/Nov/2024:00:29:28 +0100] "GET /ticket2/opencms/img/icons/nl.png HTTP/1.1" 200 1255
89.8.44.209 - - [10/Nov/2024:00:29:28 +0100] "GET /ticket2/opencms/img/icons/de.png HTTP/1.1" 200 1124
89.8.44.209 - - [10/Nov/2024:00:29:28 +0100] "GET /ticket2/opencms/img/icons/fr.png HTTP/1.1" 200 1764
89.8.44.209 - - [10/Nov/2024:00:29:28 +0100] "GET /ticket2/opencms/img/icons/es.png HTTP/1.1" 200 1005
89.8.44.209 - - [10/Nov/2024:00:29:28 +0100] "GET /ticket2/opencms/img/icons/it.png HTTP/1.1" 200 2040
89.8.44.209 - - [10/Nov/2024:00:29:28 +0100] "GET /ticket2/opencms/img/icons/pl.png HTTP/1.1" 200 1578
89.8.44.209 - - [10/Nov/2024:00:29:28 +0100] "GET /ticket2/opencms/img/icons/sq.png HTTP/1.1" 200 1619
89.8.44.209 - - [10/Nov/2024:00:29:28 +0100] "GET /ticket2/opencms/img/icons/az.png HTTP/1.1" 200 1445
89.8.44.209 - - [10/Nov/2024:00:29:28 +0100] "GET /ticket2/opencms/img/icons/be.png HTTP/1.1" 200 1663
89.8.44.209 - - [10/Nov/2024:00:29:28 +0100] "GET /ticket2/opencms/img/icons/bs.png HTTP/1.1" 200 1014
89.8.44.209 - - [10/Nov/2024:00:29:28 +0100] "GET /ticket2/opencms/img/icons/bg.png HTTP/1.1" 200 788
89.8.44.209 - - [10/Nov/2024:00:29:28 +0100] "GET /ticket2/opencms/img/icons/hr.png HTTP/1.1" 200 2024
89.8.44.209 - - [10/Nov/2024:00:29:28 +0100] "GET /ticket2/opencms/img/icons/cs.png HTTP/1.1" 200 1883
89.8.44.209 - - [10/Nov/2024:00:29:28 +0100] "GET /ticket2/opencms/img/icons/et.png HTTP/1.1" 200 754
89.8.44.209 - - [10/Nov/2024:00:29:28 +0100] "GET /ticket2/opencms/img/icons/el.png HTTP/1.1" 200 1637
89.8.44.209 - - [10/Nov/2024:00:29:28 +0100] "GET /ticket2/opencms/img/icons/ka.png HTTP/1.1" 200 860
89.8.44.209 - - [10/Nov/2024:00:29:28 +0100] "GET /ticket2/opencms/img/icons/hu.png HTTP/1.1" 200 733
89.8.44.209 - - [10/Nov/2024:00:29:29 +0100] "GET /ticket2/opencms/img/icons/is.png HTTP/1.1" 200 1884
89.8.44.209 - - [10/Nov/2024:00:29:29 +0100] "GET /ticket2/opencms/img/icons/ga.png HTTP/1.1" 200 1759
89.8.44.209 - - [10/Nov/2024:00:29:29 +0100] "GET /ticket2/opencms/img/icons/lv.png HTTP/1.1" 200 716
54.36.148.71 - - [10/Nov/2024:00:29:29 +0100] "GET /ticket2/opencms/no/?page=6&comcatid=A17713B6-D984-201A-4143-ED4DB5ED5C2E&catid=06324577-7173-BAB0-146D-E644C912F7C1&eventid=74BCBAD0-8578-84A3-6EAB-F4305E844FCD HTTP/1.1" 200 96122
89.8.44.209 - - [10/Nov/2024:00:29:29 +0100] "GET /ticket2/opencms/img/icons/mt.png HTTP/1.1" 200 920
89.8.44.209 - - [10/Nov/2024:00:29:29 +0100] "GET /ticket2/opencms/img/icons/lt.png HTTP/1.1" 200 733
89.8.44.209 - - [10/Nov/2024:00:29:29 +0100] "GET /ticket2/opencms/img/icons/mo.png HTTP/1.1" 200 1468
89.8.44.209 - - [10/Nov/2024:00:29:29 +0100] "GET /ticket2/opencms/img/icons/sr.png HTTP/1.1" 200 1602
89.8.44.209 - - [10/Nov/2024:00:29:29 +0100] "GET /ticket2/opencms/img/icons/ro.png HTTP/1.1" 200 1393
89.8.44.209 - - [10/Nov/2024:00:29:29 +0100] "GET /ticket2/opencms/img/icons/sk.png HTTP/1.1" 200 1283
89.8.44.209 - - [10/Nov/2024:00:29:29 +0100] "GET /ticket2/opencms/img/icons/sl.png HTTP/1.1" 200 966
89.8.44.209 - - [10/Nov/2024:00:29:29 +0100] "GET /ticket2/opencms/img/icons/uk.png HTTP/1.1" 200 1272
89.8.44.209 - - [10/Nov/2024:00:29:29 +0100] "GET /ticket2/opencms/img/icons/tr.png HTTP/1.1" 200 1636
89.8.44.209 - - [10/Nov/2024:00:29:30 +0100] "GET /ticket2/opencms/system/modules/com.gridnine.opencms.ticketbrokerage.site/resources/js/standard.js HTTP/1.1" 200 3978
89.8.44.209 - - [10/Nov/2024:00:29:30 +0100] "GET /ticket2/opencms/img/icons/ticket2.thumbnail.png HTTP/1.1" 200 21519
5.255.231.158 - - [10/Nov/2024:00:29:30 +0100] "GET /ticket2/opencms/en/about/contact/ HTTP/1.1" 200 79663
89.8.44.209 - - [10/Nov/2024:00:29:32 +0100] "GET /ticket2/opencms/system/modules/com.gridnine.opencms.ticketbrokerage.site/resources/css/images/ui-bg_flat_75_ffffff_40x100.png HTTP/1.1" 404 -
54.36.149.29 - - [10/Nov/2024:00:29:32 +0100] "GET /ticket2/opencms/fi/venue/?venueid=83E0A857-EC5E-1D5A-B4A5-5210D07C98C1 HTTP/1.1" 200 78537
66.249.79.6 - - [10/Nov/2024:00:29:32 +0100] "GET /ticket2/opencms/hu/buy?page=1&edid=1EC9B49C-3E71-53D7-479D-7C922516D58E HTTP/1.1" 200 126644
37.187.89.104 - - [10/Nov/2024:00:29:35 +0100] "GET /ticket2/opencms/dk/nl/buy/?page=1&edid=D2A0C1B8-B35F-B87E-561A-18E19C3ECF40&sortorder=asc&column=price HTTP/1.1" 404 -
217.113.194.220 - - [10/Nov/2024:00:29:35 +0100] "GET /ticket2/opencms/fi/venue/?venueid=746CCE1D-277E-E4D6-B842-3BD4A3960F1B HTTP/1.1" 200 78581
54.36.148.115 - - [10/Nov/2024:00:29:38 +0100] "GET /ticket2/opencms/fi/venue/?venueid=2CC3C565-7AA7-01B3-4822-8F5EC3F5CADB HTTP/1.1" 200 78566
5.9.55.228 - - [10/Nov/2024:00:29:39 +0100] "GET /ticket2/opencms/ga/buy?catid=078f99d4-0b9e-e323-5a07-d7b70f6e8874&comcatid=97eca65a-72da-f9af-9dbb-245d3cfed1be&page=6 HTTP/1.1" 200 84112
37.187.89.104 - - [10/Nov/2024:00:29:41 +0100] "GET /ticket2/opencms/dk/nl/buy/?page=1&edid=D3E72C5E-B547-4435-D0E1-AA20A6C0D9D5&sortorder=asc&column=section HTTP/1.1" 404 -
47.128.31.44 - - [10/Nov/2024:00:29:43 +0100] "GET /ticket2/opencms/hr/buy?edid=E63D59DE-C626-8BE9-FDFD-E25A89D23277 HTTP/1.1" 200 81431
207.46.13.154 - - [10/Nov/2024:00:29:44 +0100] "GET /ticket2/opencms/fi/sell/?edid=36AF1B5E-5A99-17FA-F2C9-AE0F1234F398 HTTP/1.1" 302 -
217.113.194.216 - - [10/Nov/2024:00:29:44 +0100] "GET /ticket2/opencms/fi/venue/?venueid=35DC5316-B52E-D8CB-55D2-7DC4685C4349 HTTP/1.1" 200 78539
54.36.149.74 - - [10/Nov/2024:00:29:44 +0100] "GET /ticket2/opencms/fi/venue/?venueid=F7C7B813-65CC-75A1-88FA-A5B025A08445 HTTP/1.1" 200 78539
37.187.89.104 - - [10/Nov/2024:00:29:44 +0100] "GET /ticket2/opencms/dk/nl/buy/?page=1&edid=D3E72C5E-B547-4435-D0E1-AA20A6C0D9D5&sortorder=desc&column=price HTTP/1.1" 404 -
66.249.76.232 - - [10/Nov/2024:00:29:44 +0100] "GET /ticket2/opencms/fi/faq HTTP/1.1" 200 86690
207.46.13.154 - - [10/Nov/2024:00:29:47 +0100] "GET /ticket2/opencms/fi/login/?url=/fi/sell/ HTTP/1.1" 200 83511
54.36.148.151 - - [10/Nov/2024:00:29:47 +0100] "GET /ticket2/opencms/fi/buy/?page=1&edid=24655ACD-2857-6493-1E75-CE7F2FE875D2 HTTP/1.1" 200 111566
37.187.89.104 - - [10/Nov/2024:00:29:47 +0100] "GET /ticket2/opencms/dk/nl/buy/?page=1&edid=D3E72C5E-B547-4435-D0E1-AA20A6C0D9D5&sortorder=desc&column=row HTTP/1.1" 404 -
40.77.167.65 - - [10/Nov/2024:00:29:49 +0100] "GET /ticket2/opencms/bs/login/ HTTP/1.1" 200 83166
37.187.89.104 - - [10/Nov/2024:00:29:51 +0100] "GET /ticket2/opencms/dk/nl/buy/?page=1&edid=D3E72C5E-B547-4435-D0E1-AA20A6C0D9D5&sortorder=desc&column=section HTTP/1.1" 404 -
54.36.148.199 - - [10/Nov/2024:00:29:51 +0100] "GET /ticket2/opencms/fi/buy/?page=1&edid=F6926B54-D901-FAF0-8126-EB0D6BB39E8E HTTP/1.1" 200 111836
83.185.45.243 - - [10/Nov/2024:00:29:51 +0100] "GET /ticket2/opencms/set_aff_cookie.jsp?partner=53673ED6-1455-FA54-818F-B1F67121E37C&url=/sv/buy/index.html%3Fpage%3D1%26edid%3DEE1094B0-5F8D-7F5A-3592-6F4F9BDBF532%26hlv%3D666cb144-1790-452c-a600-3b820a01000f%23v748484973 HTTP/1.1" 200 224
83.185.45.243 - - [10/Nov/2024:00:29:52 +0100] "GET /ticket2/opencms/sv/buy/?page=1&edid=EE1094B0-5F8D-7F5A-3592-6F4F9BDBF532&hlv=666cb144-1790-452c-a600-3b820a01000f HTTP/1.1" 200 131043
217.113.194.213 - - [10/Nov/2024:00:29:52 +0100] "GET /ticket2/opencms/fi/venue/?venueid=64823F37-C894-99FC-7FB9-1CA1007A4F17 HTTP/1.1" 200 78629
83.185.45.243 - - [10/Nov/2024:00:29:52 +0100] "GET /ticket2/opencms/system/modules/com.gridnine.opencms.ticketbrokerage.site/resources/css/calendar.css HTTP/1.1" 200 6871
83.185.45.243 - - [10/Nov/2024:00:29:52 +0100] "GET /ticket2/opencms/system/modules/com.gridnine.opencms.ticketbrokerage.site/resources/js/calendar-setup.js HTTP/1.1" 200 4923
83.185.45.243 - - [10/Nov/2024:00:29:52 +0100] "GET /ticket2/opencms/system/modules/com.gridnine.opencms.ticketbrokerage.site/resources/css/standard.css HTTP/1.1" 200 73073
83.185.45.243 - - [10/Nov/2024:00:29:52 +0100] "GET /ticket2/opencms/system/modules/com.gridnine.opencms.ticketbrokerage.site/resources/js/standard.js HTTP/1.1" 200 3978
83.185.45.243 - - [10/Nov/2024:00:29:52 +0100] "GET /ticket2/opencms/system/modules/com.gridnine.opencms.ticketbrokerage.site/resources/js/calendar-en.js HTTP/1.1" 200 3338
83.185.45.243 - - [10/Nov/2024:00:29:53 +0100] "GET /ticket2/opencms/system/modules/com.gridnine.opencms.ticketbrokerage.site/resources/css/ticketbrokerage.css HTTP/1.1" 200 39339
83.185.45.243 - - [10/Nov/2024:00:29:53 +0100] "GET /ticket2/opencms/system/modules/com.gridnine.opencms.ticketbrokerage.site/resources/js/calendar.js HTTP/1.1" 200 49229
83.185.45.243 - - [10/Nov/2024:00:29:53 +0100] "GET /ticket2/opencms/system/modules/com.gridnine.opencms.ticketbrokerage.site/resources/js/functions.js HTTP/1.1" 200 1583
83.185.45.243 - - [10/Nov/2024:00:29:53 +0100] "GET /ticket2/opencms/system/modules/com.gridnine.opencms.ticketbrokerage.site/resources/css/images/ui-bg_flat_75_ffffff_40x100.png HTTP/1.1" 404 -
83.185.45.243 - - [10/Nov/2024:00:29:53 +0100] "GET /ticket2/opencms/sv/ask-form.html HTTP/1.1" 200 2950
83.185.45.243 - - [10/Nov/2024:00:29:53 +0100] "GET /ticket2/opencms/system/modules/com.gridnine.opencms.ticketbrokerage.site/resources/css/ticketbrokerage.css HTTP/1.1" 200 39339
37.187.89.104 - - [10/Nov/2024:00:29:54 +0100] "GET /ticket2/opencms/dk/nl/buy/?page=1&edid=D44C1EAC-032A-C470-5ABD-2C1702AAE63F HTTP/1.1" 404 -
54.36.148.38 - - [10/Nov/2024:00:29:55 +0100] "GET /ticket2/opencms/dk/venue/?venueid=50DAC20F-40DE-CF88-E5C9-6C2C12662F21 HTTP/1.1" 200 77482
37.187.89.104 - - [10/Nov/2024:00:29:57 +0100] "GET /ticket2/opencms/dk/nl/buy/?page=1&edid=D479275F-7CFD-352D-4C79-1F4CCDB6EA24 HTTP/1.1" 404 -
66.249.79.5 - - [10/Nov/2024:00:29:58 +0100] "GET /ticket2/opencms/en/venue/?countryid=577F4BE1-D660-BA06-FD83-D505059D70AB HTTP/1.1" 200 106384
54.36.149.63 - - [10/Nov/2024:00:29:59 +0100] "GET /ticket2/opencms/no/sport/fotballsbilletter/serie_a/torino/ HTTP/1.1" 200 80203
37.187.89.104 - - [10/Nov/2024:00:30:00 +0100] "GET /ticket2/opencms/dk/nl/buy/?page=1&edid=D4AC13D6-94F6-4D57-E253-C52E8FB7E099&sortorder=asc&column=price HTTP/1.1" 404 -
217.113.194.218 - - [10/Nov/2024:00:30:01 +0100] "GET /ticket2/opencms/fi/venue/?venueid=364B4CF5-A40E-22B8-2221-EA8BDED4766A HTTP/1.1" 200 78534
37.187.89.104 - - [10/Nov/2024:00:30:03 +0100] "GET /ticket2/opencms/dk/nl/buy/?page=1&edid=D4C7AC0F-4655-637F-6856-019F194DAF52 HTTP/1.1" 404 -
54.36.148.200 - - [10/Nov/2024:00:30:03 +0100] "GET /ticket2/opencms/en/venue/?venueid=57D0E584-1B4F-48E5-84BA-640FB823E78C HTTP/1.1" 200 76972
37.187.89.104 - - [10/Nov/2024:00:30:06 +0100] "GET /ticket2/opencms/dk/nl/buy/?page=1&edid=D4D26C4E-A84B-5BB2-4BAA-D4ED25416260&sortorder=asc&column=row HTTP/1.1" 404 -
54.36.148.250 - - [10/Nov/2024:00:30:09 +0100] "GET /ticket2/opencms/fi/buy/?page=1&edid=533C9666-8CEC-6A87-EB2B-BCF155BFF94A HTTP/1.1" 200 111535
37.187.89.104 - - [10/Nov/2024:00:30:09 +0100] "GET /ticket2/opencms/dk/nl/buy/?page=1&edid=D4D26C4E-A84B-5BB2-4BAA-D4ED25416260&sortorder=asc&column=section HTTP/1.1" 404 -
217.113.194.212 - - [10/Nov/2024:00:30:10 +0100] "GET /ticket2/opencms/fi/venue/?venueid=96825B33-1E92-88A1-6D91-B347D9BE81FE HTTP/1.1" 200 78533
89.246.241.14 - - [10/Nov/2024:00:30:10 +0100] "GET /ticket2/opencms/de/affiliateprogram.html HTTP/1.1" 200 82067
47.128.16.252 - - [10/Nov/2024:00:30:10 +0100] "GET /ticket2/opencms/mo/buy/?edid=1499F703-DFC9-3CEE-AC19-8B22C17A288A HTTP/1.1" 200 81521
37.187.89.104 - - [10/Nov/2024:00:30:13 +0100] "GET /ticket2/opencms/dk/nl/buy/?page=1&edid=D4D26C4E-A84B-5BB2-4BAA-D4ED25416260&sortorder=desc&column=price HTTP/1.1" 404 -
54.36.148.204 - - [10/Nov/2024:00:30:13 +0100] "GET /ticket2/opencms/no/buy/?page=1&edid=C05AA481-967A-A4D1-E287-ECBF3F52D776 HTTP/1.1" 200 101476
89.246.241.14 - - [10/Nov/2024:00:30:15 +0100] "GET /ticket2/opencms/en/buy?page=1&edid=19422468-9239-E426-DB02-7FA0504E2BEC HTTP/1.1" 200 99963
37.187.89.104 - - [10/Nov/2024:00:30:16 +0100] "GET /ticket2/opencms/dk/nl/buy/?page=1&edid=D4D26C4E-A84B-5BB2-4BAA-D4ED25416260&sortorder=desc&column=section HTTP/1.1" 404 -
54.36.149.106 - - [10/Nov/2024:00:30:17 +0100] "GET /ticket2/opencms/fi/buy/?page=1&edid=2CEA0497-8D50-22F6-0E98-33BE3EC14F1E HTTP/1.1" 200 115962
154.54.249.216 - - [10/Nov/2024:00:30:18 +0100] "GET /ticket2/opencms/fi/venue/?venueid=234AF655-CBEF-566E-AA95-4ED8FB9CA8D3 HTTP/1.1" 200 78561
37.187.89.104 - - [10/Nov/2024:00:30:19 +0100] "GET /ticket2/opencms/dk/nl/buy/?page=1&edid=D61D354B-F215-E04D-E63F-DA7A292BF693&sortorder=desc&column=row HTTP/1.1" 404 -
5.9.55.228 - - [10/Nov/2024:00:30:21 +0100] "GET /ticket2/opencms/ga/buy?catid=1656e964-1e02-9a38-d092-65384e60b6ea&comcatid=97eca65a-72da-f9af-9dbb-245d3cfed1be&page=6 HTTP/1.1" 200 84112
54.36.148.107 - - [10/Nov/2024:00:30:22 +0100] "GET /ticket2/opencms/fi/buy/?page=1&edid=D774E566-37EE-86F6-1D9C-096C682D965E HTTP/1.1" 200 111837
37.187.89.104 - - [10/Nov/2024:00:30:22 +0100] "GET /ticket2/opencms/dk/nl/buy/?page=1&edid=D672F7D1-01D6-F6D2-87C7-737510695195&sortorder=asc&column=row HTTP/1.1" 404 -
66.249.79.6 - - [10/Nov/2024:00:30:22 +0100] "GET /ticket2/opencms/hu/buy?page=1&edid=24DA4365-06A3-2349-F7E6-CA02D31FCB88 HTTP/1.1" 200 125902
157.55.39.50 - - [10/Nov/2024:00:30:23 +0100] "GET /ticket2/opencms/fi/urheilu/tennis/ HTTP/1.1" 200 81061
37.187.89.104 - - [10/Nov/2024:00:30:25 +0100] "GET /ticket2/opencms/dk/nl/buy/?page=1&edid=D672F7D1-01D6-F6D2-87C7-737510695195&sortorder=desc&column=row HTTP/1.1" 404 -
217.113.194.220 - - [10/Nov/2024:00:30:27 +0100] "GET /ticket2/opencms/fi/venue/?venueid=209EC433-E0F9-AA7F-D92A-802704727288 HTTP/1.1" 200 78549
54.36.148.72 - - [10/Nov/2024:00:30:28 +0100] "GET /ticket2/opencms/nl/buy/?page=1&edid=27BD86C3-7872-0F2C-F4EA-C29B4E4DC0EF HTTP/1.1" 200 108654
37.187.89.104 - - [10/Nov/2024:00:30:28 +0100] "GET /ticket2/opencms/dk/nl/buy/?page=1&edid=D6C9D1FC-CFAA-0738-F5D6-79629F2703BD HTTP/1.1" 404 -
37.187.89.104 - - [10/Nov/2024:00:30:32 +0100] "GET /ticket2/opencms/dk/nl/buy/?page=1&edid=D83D543C-26F5-1FF2-6B40-9A4027C56CF1&sortorder=asc&column=row HTTP/1.1" 404 -
37.187.89.104 - - [10/Nov/2024:00:30:35 +0100] "GET /ticket2/opencms/dk/nl/buy/?page=1&edid=D8F04668-09B4-05BA-3C85-70D727A5DDB7&sortorder=asc&column=price HTTP/1.1" 404 -
217.113.194.214 - - [10/Nov/2024:00:30:35 +0100] "GET /ticket2/opencms/fi/venue/?venueid=2093F44A-5602-34FE-CA0A-0A611F93B4B6 HTTP/1.1" 200 78492
37.187.89.104 - - [10/Nov/2024:00:30:38 +0100] "GET /ticket2/opencms/dk/nl/buy/?page=1&edid=D8F04668-09B4-05BA-3C85-70D727A5DDB7&sortorder=asc&column=row HTTP/1.1" 404 -
54.36.149.51 - - [10/Nov/2024:00:30:40 +0100] "GET /ticket2/opencms/sv/sport/fotbollsbiljetter/uefa-champions-league/ HTTP/1.1" 200 85485
37.187.89.104 - - [10/Nov/2024:00:30:41 +0100] "GET /ticket2/opencms/dk/nl/buy/?page=1&edid=D8F04668-09B4-05BA-3C85-70D727A5DDB7&sortorder=asc&column=section HTTP/1.1" 404 -
54.36.148.198 - - [10/Nov/2024:00:30:41 +0100] "GET /ticket2/opencms/es/buy/?page=1&edid=DEFA2AD2-016C-1372-5474-1CAB7DBED5A5 HTTP/1.1" 200 98433
217.215.91.114 - - [10/Nov/2024:00:30:42 +0100] "GET /ticket2/opencms/?utm_medium=paid&utm_source=ig&utm_id=120213023140040458&utm_content=120213023140280458&utm_term=120213023140150458&utm_campaign=120213023140040458&fbclid=PAZXh0bgNhZW0BMABhZGlkAasVG4379loBphOTOo5VejP4livRTi9cay3eGQ-6vX4nq9BhTROIqKJxygDG_1zZwKIR9A_aem_TKIYhUgmqzTxp-ubIQosOA HTTP/1.1" 302 -
217.215.91.114 - - [10/Nov/2024:00:30:44 +0100] "GET /ticket2/opencms/sv/ HTTP/1.1" 200 95535
217.215.91.114 - - [10/Nov/2024:00:30:44 +0100] "GET /ticket2/opencms/system/modules/com.gridnine.opencms.ticketbrokerage.site/resources/css/ticketbrokerage.css HTTP/1.1" 200 39339
217.215.91.114 - - [10/Nov/2024:00:30:44 +0100] "GET /ticket2/opencms/system/modules/com.gridnine.opencms.ticketbrokerage.site/resources/js/jquery/jquery-ui.js HTTP/1.1" 200 228088
217.215.91.114 - - [10/Nov/2024:00:30:44 +0100] "GET /ticket2/opencms/system/modules/com.gridnine.opencms.ticketbrokerage.site/resources/js/functions.js HTTP/1.1" 200 1583
217.215.91.114 - - [10/Nov/2024:00:30:44 +0100] "GET /ticket2/opencms/system/modules/com.gridnine.opencms.ticketbrokerage.site/resources/js/calendar.js HTTP/1.1" 200 49229
217.215.91.114 - - [10/Nov/2024:00:30:44 +0100] "GET /ticket2/opencms/system/modules/com.gridnine.opencms.ticketbrokerage.site/resources/js/jquery/jquery.js HTTP/1.1" 200 93868
217.215.91.114 - - [10/Nov/2024:00:30:44 +0100] "GET /ticket2/opencms/system/modules/com.gridnine.opencms.ticketbrokerage.site/resources/css/calendar.css HTTP/1.1" 200 6871
217.215.91.114 - - [10/Nov/2024:00:30:44 +0100] "GET /ticket2/opencms/system/modules/com.gridnine.opencms.ticketbrokerage.site/resources/css/jquery-ui.css HTTP/1.1" 200 33221
217.215.91.114 - - [10/Nov/2024:00:30:44 +0100] "GET /ticket2/opencms/system/modules/com.gridnine.opencms.ticketbrokerage.site/resources/css/standard.css HTTP/1.1" 200 73073
217.215.91.114 - - [10/Nov/2024:00:30:44 +0100] "GET /ticket2/opencms/system/modules/com.gridnine.opencms.ticketbrokerage.site/resources/css/jquery.fancybox.css HTTP/1.1" 200 4939
217.215.91.114 - - [10/Nov/2024:00:30:44 +0100] "GET /ticket2/opencms/system/modules/com.gridnine.opencms.ticketbrokerage.site/resources/js/calendar-en.js HTTP/1.1" 200 3338
217.215.91.114 - - [10/Nov/2024:00:30:44 +0100] "GET /ticket2/opencms/system/modules/com.gridnine.opencms.ticketbrokerage.site/resources/js/calendar-setup.js HTTP/1.1" 200 4923
217.215.91.114 - - [10/Nov/2024:00:30:44 +0100] "GET /ticket2/opencms/system/modules/com.gridnine.opencms.ticketbrokerage.site/resources/js/jquery.fancybox.pack.js HTTP/1.1" 200 23187
217.215.91.114 - - [10/Nov/2024:00:30:44 +0100] "GET /ticket2/opencms/system/modules/com.gridnine.opencms.ticketbrokerage.site/resources/js/stickyfill.min.js HTTP/1.1" 200 5672
217.215.91.114 - - [10/Nov/2024:00:30:44 +0100] "GET /ticket2/opencms/system/modules/com.gridnine.opencms.ticketbrokerage.site/resources/js/standard.js HTTP/1.1" 200 3978
217.215.91.114 - - [10/Nov/2024:00:30:44 +0100] "GET /ticket2/opencms/system/modules/com.gridnine.opencms.ticketbrokerage.site/resources/js/jquery.placeholder.min.js HTTP/1.1" 200 1737
217.215.91.114 - - [10/Nov/2024:00:30:44 +0100] "GET /ticket2/opencms/system/modules/com.gridnine.opencms.ticketbrokerage.site/resources/js/common-ajax.js HTTP/1.1" 200 20175
217.215.91.114 - - [10/Nov/2024:00:30:44 +0100] "GET /ticket2/opencms/system/modules/com.gridnine.opencms.ticketbrokerage.site/resources/pics/logo-new.png HTTP/1.1" 200 13541
217.215.91.114 - - [10/Nov/2024:00:30:44 +0100] "GET /ticket2/opencms/img/insta.png HTTP/1.1" 200 3967
217.215.91.114 - - [10/Nov/2024:00:30:44 +0100] "GET /ticket2/opencms/img/fb.png HTTP/1.1" 200 1269
217.215.91.114 - - [10/Nov/2024:00:30:44 +0100] "GET /ticket2/opencms/system/modules/com.gridnine.opencms.ticketbrokerage.site/resources/pics/footer-img.jpg HTTP/1.1" 200 67642
217.215.91.114 - - [10/Nov/2024:00:30:44 +0100] "GET /ticket2/opencms/img/check.png HTTP/1.1" 200 548
217.215.91.114 - - [10/Nov/2024:00:30:44 +0100] "GET /ticket2/opencms/img/mail.png HTTP/1.1" 200 403
217.215.91.114 - - [10/Nov/2024:00:30:44 +0100] "GET /ticket2/opencms/img/chat.png HTTP/1.1" 200 416
154.54.249.216 - - [10/Nov/2024:00:30:44 +0100] "GET /ticket2/opencms/fi/venue/?venueid=99EB5D09-9A33-95A7-F158-1EC6D2BA2BAD HTTP/1.1" 200 78582
217.215.91.114 - - [10/Nov/2024:00:30:44 +0100] "GET /ticket2/opencms/img/arrow.png HTTP/1.1" 200 753
37.187.89.104 - - [10/Nov/2024:00:30:44 +0100] "GET /ticket2/opencms/dk/nl/buy/?page=1&edid=D8F04668-09B4-05BA-3C85-70D727A5DDB7&sortorder=desc&column=row HTTP/1.1" 404 -
217.215.91.114 - - [10/Nov/2024:00:30:44 +0100] "GET /ticket2/opencms/img/icons/globe-white.png HTTP/1.1" 200 947
217.215.91.114 - - [10/Nov/2024:00:30:44 +0100] "GET /ticket2/opencms/img/icons/en.png HTTP/1.1" 200 2415
217.215.91.114 - - [10/Nov/2024:00:30:45 +0100] "GET /ticket2/opencms/img/icons/se.png HTTP/1.1" 200 1258
217.215.91.114 - - [10/Nov/2024:00:30:45 +0100] "GET /ticket2/opencms/img/banner-pl.jpeg HTTP/1.1" 200 41818
217.215.91.114 - - [10/Nov/2024:00:30:45 +0100] "GET /ticket2/opencms/img/icons/fi.png HTTP/1.1" 200 1785
217.215.91.114 - - [10/Nov/2024:00:30:45 +0100] "GET /ticket2/opencms/img/icons/no.png HTTP/1.1" 200 1958
217.215.91.114 - - [10/Nov/2024:00:30:45 +0100] "GET /ticket2/opencms/img/icons/dk.png HTTP/1.1" 200 1706
217.215.91.114 - - [10/Nov/2024:00:30:45 +0100] "GET /ticket2/opencms/img/icons/de.png HTTP/1.1" 200 1124
217.215.91.114 - - [10/Nov/2024:00:30:45 +0100] "GET /ticket2/opencms/img/icons/nl.png HTTP/1.1" 200 1255
217.215.91.114 - - [10/Nov/2024:00:30:45 +0100] "GET /ticket2/opencms/img/icons/fr.png HTTP/1.1" 200 1764
217.215.91.114 - - [10/Nov/2024:00:30:45 +0100] "GET /ticket2/opencms/img/icons/es.png HTTP/1.1" 200 1005
217.215.91.114 - - [10/Nov/2024:00:30:45 +0100] "GET /ticket2/opencms/img/icons/bg.png HTTP/1.1" 200 788
217.215.91.114 - - [10/Nov/2024:00:30:45 +0100] "GET /ticket2/opencms/img/icons/hr.png HTTP/1.1" 200 2024
217.215.91.114 - - [10/Nov/2024:00:30:45 +0100] "GET /ticket2/opencms/img/icons/el.png HTTP/1.1" 200 1637
217.215.91.114 - - [10/Nov/2024:00:30:45 +0100] "GET /ticket2/opencms/img/icons/ka.png HTTP/1.1" 200 860
217.215.91.114 - - [10/Nov/2024:00:30:45 +0100] "GET /ticket2/opencms/img/icons/hu.png HTTP/1.1" 200 733
217.215.91.114 - - [10/Nov/2024:00:30:45 +0100] "GET /ticket2/opencms/img/icons/is.png HTTP/1.1" 200 1884
217.215.91.114 - - [10/Nov/2024:00:30:45 +0100] "GET /ticket2/opencms/img/icons/ga.png HTTP/1.1" 200 1759
217.215.91.114 - - [10/Nov/2024:00:30:45 +0100] "GET /ticket2/opencms/img/icons/lv.png HTTP/1.1" 200 716
217.215.91.114 - - [10/Nov/2024:00:30:45 +0100] "GET /ticket2/opencms/img/icons/lt.png HTTP/1.1" 200 733
217.215.91.114 - - [10/Nov/2024:00:30:45 +0100] "GET /ticket2/opencms/img/icons/mt.png HTTP/1.1" 200 920
217.215.91.114 - - [10/Nov/2024:00:30:45 +0100] "GET /ticket2/opencms/img/icons/ro.png HTTP/1.1" 200 1393
217.215.91.114 - - [10/Nov/2024:00:30:45 +0100] "GET /ticket2/opencms/img/icons/mo.png HTTP/1.1" 200 1468
217.215.91.114 - - [10/Nov/2024:00:30:45 +0100] "GET /ticket2/opencms/img/icons/sr.png HTTP/1.1" 200 1602
217.215.91.114 - - [10/Nov/2024:00:30:45 +0100] "GET /ticket2/opencms/img/icons/sk.png HTTP/1.1" 200 1283
37.187.89.104 - - [10/Nov/2024:00:30:47 +0100] "GET /ticket2/opencms/dk/nl/buy/?page=1&edid=D8F04668-09B4-05BA-3C85-70D727A5DDB7&sortorder=desc&column=section HTTP/1.1" 404 -
66.249.79.101 - - [10/Nov/2024:00:30:48 +0100] "GET /ticket2/opencms/ga/buy/?page=1&edid=55071255-F1B1-83D4-CE10-06DA54270E48 HTTP/1.1" 200 99080
37.187.89.104 - - [10/Nov/2024:00:30:51 +0100] "GET /ticket2/opencms/dk/nl/buy/?page=1&edid=DAAE01DD-AEC2-AF3C-F667-C3DD2DC0B098&sortorder=asc&column=price HTTP/1.1" 404 -
85.208.96.206 - - [10/Nov/2024:00:30:52 +0100] "GET /ticket2/opencms/fr/magazine/article?title=comment-cela-fonctionne-t-il-sur-le-terrain-de-football HTTP/1.1" 200 84888
217.113.194.216 - - [10/Nov/2024:00:30:53 +0100] "GET /ticket2/opencms/fi/venue/?venueid=5140D794-43DA-3C61-8B9C-5AAEA73CFD84 HTTP/1.1" 200 78542
37.187.89.104 - - [10/Nov/2024:00:30:54 +0100] "GET /ticket2/opencms/dk/nl/buy/?page=1&edid=DAAE01DD-AEC2-AF3C-F667-C3DD2DC0B098&sortorder=asc&column=row HTTP/1.1" 404 -
85.208.96.202 - - [10/Nov/2024:00:30:56 +0100] "GET /ticket2/opencms/ro/about/contact/ HTTP/1.1" 200 77891
37.187.89.104 - - [10/Nov/2024:00:30:57 +0100] "GET /ticket2/opencms/dk/nl/buy/?page=1&edid=DAAE01DD-AEC2-AF3C-F667-C3DD2DC0B098&sortorder=asc&column=section HTTP/1.1" 404 -
37.187.89.104 - - [10/Nov/2024:00:31:00 +0100] "GET /ticket2/opencms/dk/nl/buy/?page=1&edid=DAE1D142-8E21-0CBD-ED28-2E6B637D45E1&sortorder=asc&column=price HTTP/1.1" 404 -
217.113.194.219 - - [10/Nov/2024:00:31:01 +0100] "GET /ticket2/opencms/is/buy?comcatid=97ECA65A-72DA-F9AF-9DBB-245D3CFED1BE HTTP/1.1" 200 86739
66.249.79.233 - - [10/Nov/2024:00:31:02 +0100] "GET /ticket2/opencms/hu/magazine HTTP/1.1" 200 121714
37.187.89.104 - - [10/Nov/2024:00:31:03 +0100] "GET /ticket2/opencms/dk/nl/buy/?page=1&edid=DAE1D142-8E21-0CBD-ED28-2E6B637D45E1&sortorder=asc&column=row HTTP/1.1" 404 -
5.9.55.228 - - [10/Nov/2024:00:31:03 +0100] "GET /ticket2/opencms/ga/buy?catid=2ccc191c-f37f-b9ca-d41c-1204e575b328&comcatid=97eca65a-72da-f9af-9dbb-245d3cfed1be&page=6 HTTP/1.1" 200 84112
54.36.148.142 - - [10/Nov/2024:00:31:05 +0100] "GET /ticket2/opencms/fi/buy/?page=1&edid=2000B814-5798-93BD-839A-CF4F349DB54F HTTP/1.1" 200 111562
37.187.89.104 - - [10/Nov/2024:00:31:06 +0100] "GET /ticket2/opencms/dk/nl/buy/?page=1&edid=DAE1D142-8E21-0CBD-ED28-2E6B637D45E1&sortorder=asc&column=section HTTP/1.1" 404 -
47.128.18.1 - - [10/Nov/2024:00:31:07 +0100] "GET /ticket2/opencms/fi/buy/?edid=A250B4B1-8EE0-FF45-8CB6-582F5F739AF9 HTTP/1.1" 200 81458
185.191.171.12 - - [10/Nov/2024:00:31:07 +0100] "GET /ticket2/opencms/nl/sport/voetbal-tickets/serie_a/cagliari/ HTTP/1.1" 200 78392
72.14.199.231 - - [10/Nov/2024:00:31:07 +0100] "GET /ticket2/opencms/sv/sport/fotbollsbiljetter/ HTTP/1.1" 200 87560
17.241.75.222 - - [10/Nov/2024:00:31:09 +0100] "GET /ticket2/opencms/be/sport/futbol-kvitki HTTP/1.1" 200 88659
217.113.194.219 - - [10/Nov/2024:00:31:10 +0100] "GET /ticket2/opencms/is/buy?page=1&edid=87B4B119-9DCA-AA29-817A-5FE0438EB9E5 HTTP/1.1" 200 98789
37.187.89.104 - - [10/Nov/2024:00:31:10 +0100] "GET /ticket2/opencms/dk/nl/buy/?page=1&edid=DAE1D142-8E21-0CBD-ED28-2E6B637D45E1&sortorder=desc&column=price HTTP/1.1" 404 -
54.36.149.47 - - [10/Nov/2024:00:31:11 +0100] "GET /ticket2/opencms/es/deporte/entradas-futbol/premier-league/wolverhampton/ HTTP/1.1" 200 97220
37.187.89.104 - - [10/Nov/2024:00:31:13 +0100] "GET /ticket2/opencms/dk/nl/buy/?page=1&edid=DAE1D142-8E21-0CBD-ED28-2E6B637D45E1&sortorder=desc&column=section HTTP/1.1" 404 -
54.36.149.101 - - [10/Nov/2024:00:31:15 +0100] "GET /ticket2/opencms/es/deporte/entradas-futbol/premier-league/manchester-city/ HTTP/1.1" 200 98362
37.187.89.104 - - [10/Nov/2024:00:31:17 +0100] "GET /ticket2/opencms/dk/nl/buy/?page=1&edid=DEEBE987-BAB9-018B-0F8C-E6B1F6B890F7&sortorder=asc&column=price HTTP/1.1" 404 -
217.113.194.216 - - [10/Nov/2024:00:31:18 +0100] "GET /ticket2/opencms/is/buy?page=1&edid=48F26EF6-82A1-E8D4-CC6F-2F1AD5851418 HTTP/1.1" 200 98825
114.119.146.220 - - [10/Nov/2024:00:31:19 +0100] "GET /ticket2/opencms/en/buy/?page=1&edid=F966EE79-E5E7-C6EC-E8F4-5820F12458AE HTTP/1.1" 200 96922
83.185.45.243 - - [10/Nov/2024:00:31:20 +0100] "GET /ticket2/opencms/sv/buy?page=2&sodvid=666cb146-250c-45f3-91f6-3b820a01000f HTTP/1.1" 200 112339
83.185.45.243 - - [10/Nov/2024:00:31:20 +0100] "GET /ticket2/opencms/system/modules/com.gridnine.opencms.ticketbrokerage.site/resources/css/ticketbrokerage.css HTTP/1.1" 200 39339
83.185.45.243 - - [10/Nov/2024:00:31:20 +0100] "GET /ticket2/opencms/system/modules/com.gridnine.opencms.ticketbrokerage.site/resources/js/calendar-setup.js HTTP/1.1" 200 4923
37.187.89.104 - - [10/Nov/2024:00:31:20 +0100] "GET /ticket2/opencms/dk/nl/buy/?page=1&edid=DF02524D-6D73-C81F-DAF2-1835F879AE07&sortorder=desc&column=price HTTP/1.1" 404 -
83.185.45.243 - - [10/Nov/2024:00:31:20 +0100] "GET /ticket2/opencms/system/modules/com.gridnine.opencms.ticketbrokerage.site/resources/css/calendar.css HTTP/1.1" 200 6871
83.185.45.243 - - [10/Nov/2024:00:31:20 +0100] "GET /ticket2/opencms/system/modules/com.gridnine.opencms.ticketbrokerage.site/resources/js/standard.js HTTP/1.1" 200 3978
83.185.45.243 - - [10/Nov/2024:00:31:20 +0100] "GET /ticket2/opencms/system/modules/com.gridnine.opencms.ticketbrokerage.site/resources/js/calendar.js HTTP/1.1" 200 49229
83.185.45.243 - - [10/Nov/2024:00:31:20 +0100] "GET /ticket2/opencms/system/modules/com.gridnine.opencms.ticketbrokerage.site/resources/js/functions.js HTTP/1.1" 200 1583
83.185.45.243 - - [10/Nov/2024:00:31:20 +0100] "GET /ticket2/opencms/system/modules/com.gridnine.opencms.ticketbrokerage.site/resources/css/standard.css HTTP/1.1" 200 73073
83.185.45.243 - - [10/Nov/2024:00:31:20 +0100] "GET /ticket2/opencms/system/modules/com.gridnine.opencms.ticketbrokerage.site/resources/js/calendar-en.js HTTP/1.1" 200 3338
83.185.45.243 - - [10/Nov/2024:00:31:20 +0100] "GET /ticket2/opencms/system/modules/com.gridnine.opencms.ticketbrokerage.site/resources/css/images/ui-bg_flat_75_ffffff_40x100.png HTTP/1.1" 404 -
54.36.148.88 - - [10/Nov/2024:00:31:22 +0100] "GET /ticket2/opencms/es/deporte/entradas-futbol/premier-league/everton/ HTTP/1.1" 200 97326
37.187.89.104 - - [10/Nov/2024:00:31:25 +0100] "GET /ticket2/opencms/dk/nl/buy/?page=1&edid=04B62BE8-DBA1-6837-BCBE-53D7E0288921&sortorder=desc&column=section HTTP/1.1" 404 -
54.36.149.83 - - [10/Nov/2024:00:31:26 +0100] "GET /ticket2/opencms/sv/buy/?page=10&eventid=2A88ACA5-F2CC-5A54-E5C1-288C49B66BCA&venueid=BBFDFA62-30E5-0CF7-5C31-22BFF847E1A4 HTTP/1.1" 200 86165
217.113.194.218 - - [10/Nov/2024:00:31:27 +0100] "GET /ticket2/opencms/is/buy?page=1&edid=FDE2CB1B-737B-857F-7431-BD450E7D3BBB HTTP/1.1" 200 125374
66.249.79.7 - - [10/Nov/2024:00:31:28 +0100] "GET /ticket2/opencms/en/venue/?countryid=E8C1CB18-01B3-A5D8-BA63-2D05631C3548 HTTP/1.1" 200 106384
37.187.89.104 - - [10/Nov/2024:00:31:30 +0100] "GET /ticket2/opencms/dk/nl/buy/?page=1&edid=04B7ADC8-C119-4290-CF2E-7631F5EE7D6C&sortorder=asc&column=price HTTP/1.1" 404 -
54.36.149.56 - - [10/Nov/2024:00:31:33 +0100] "GET /ticket2/opencms/fi/venue/?venueid=9285D1CB-1730-2C66-6A41-4ED501D8B1BF HTTP/1.1" 200 78557
83.185.45.243 - - [10/Nov/2024:00:31:34 +0100] "GET /ticket2/opencms/sv/buy/?page=1&edid=EE1094B0-5F8D-7F5A-3592-6F4F9BDBF532&hlv=666cb144-1790-452c-a600-3b820a01000f HTTP/1.1" 200 130909
83.185.45.243 - - [10/Nov/2024:00:31:34 +0100] "GET /ticket2/opencms/sv/ask-form.html HTTP/1.1" 200 2950
37.187.89.104 - - [10/Nov/2024:00:31:35 +0100] "GET /ticket2/opencms/dk/nl/buy/?page=1&edid=04B7ADC8-C119-4290-CF2E-7631F5EE7D6C&sortorder=asc&column=section HTTP/1.1" 404 -
217.113.194.217 - - [10/Nov/2024:00:31:36 +0100] "GET /ticket2/opencms/is/buy?page=1&edid=ACE60170-3B81-6901-5B58-6E9A7D7EDB8D HTTP/1.1" 200 102778
85.208.96.203 - - [10/Nov/2024:00:31:38 +0100] "GET /ticket2/opencms/ga/faq/ HTTP/1.1" 200 82219
37.187.89.104 - - [10/Nov/2024:00:31:40 +0100] "GET /ticket2/opencms/dk/nl/buy/?page=1&edid=0A0433F4-F687-A1E5-59C6-9848148A91CB&sortorder=asc&column=row HTTP/1.1" 404 -
54.36.148.169 - - [10/Nov/2024:00:31:40 +0100] "GET /ticket2/opencms/en/buy/?page=1&edid=65C03F06-B4E6-0D65-D535-E007A0321D02 HTTP/1.1" 200 112238
66.249.79.232 - - [10/Nov/2024:00:31:43 +0100] "GET /ticket2/opencms/es/buy/?comcatid=A17713B6-D984-201A-4143-ED4DB5ED5C2E&catid=&npage=3 HTTP/1.1" 200 251373
114.119.129.189 - - [10/Nov/2024:00:31:43 +0100] "GET /ticket2/opencms/en/buy?page=1&edid=224E301E-62C2-7FAB-1E09-EB70E2A87B16 HTTP/1.1" 200 96900
217.113.194.219 - - [10/Nov/2024:00:31:44 +0100] "GET /ticket2/opencms/is/buy?page=1&edid=BD3D4222-DD36-C1A0-EF58-456D0FFDAB97 HTTP/1.1" 200 102042
37.187.89.104 - - [10/Nov/2024:00:31:45 +0100] "GET /ticket2/opencms/dk/nl/buy/?page=1&edid=0A0433F4-F687-A1E5-59C6-9848148A91CB&sortorder=desc&column=row HTTP/1.1" 404 -
5.9.55.228 - - [10/Nov/2024:00:31:45 +0100] "GET /ticket2/opencms/ga/buy?catid=2e79aed8-ff58-b4e8-afb0-43e7cebe7864&comcatid=97eca65a-72da-f9af-9dbb-245d3cfed1be&page=6 HTTP/1.1" 200 84112
54.36.149.79 - - [10/Nov/2024:00:31:48 +0100] "GET /ticket2/opencms/nl/buy/?page=1&edid=F31096E7-8F2F-9813-2244-EEE168082D1E HTTP/1.1" 200 99705
37.187.89.104 - - [10/Nov/2024:00:31:50 +0100] "GET /ticket2/opencms/dk/nl/buy/?page=1&edid=0A6F6809-BCD9-C757-92AF-682C157889A7&sortorder=asc&column=price HTTP/1.1" 404 -
114.119.130.23 - - [10/Nov/2024:00:31:51 +0100] "GET /ticket2/opencms/en/buy/?page=6&comcatid=A17713B6-D984-201A-4143-ED4DB5ED5C2E&catid=7CF2D645-F785-0CBB-1B7C-C4711617EAAD HTTP/1.1" 200 92924
54.36.148.48 - - [10/Nov/2024:00:31:53 +0100] "GET /ticket2/opencms/es/deporte/entradas-futbol/premier-league/leicester/ HTTP/1.1" 200 97394
217.113.194.212 - - [10/Nov/2024:00:31:53 +0100] "GET /ticket2/opencms/is/buy?page=1&edid=BA65675B-ADB5-F482-B91D-06897B158EA1 HTTP/1.1" 200 126441
37.187.89.104 - - [10/Nov/2024:00:31:55 +0100] "GET /ticket2/opencms/dk/nl/buy/?page=1&edid=0A6F6809-BCD9-C757-92AF-682C157889A7&sortorder=asc&column=row HTTP/1.1" 404 -
37.187.89.104 - - [10/Nov/2024:00:32:00 +0100] "GET /ticket2/opencms/dk/nl/buy/?page=1&edid=0E07B67C-7C0E-8F08-1509-BCCF12475FA8&sortorder=asc&column=row HTTP/1.1" 404 -
54.36.148.114 - - [10/Nov/2024:00:32:00 +0100] "GET /ticket2/opencms/en/buy/?page=1&edid=32359E59-20A4-8706-5D64-A284D441A719 HTTP/1.1" 200 111969
217.113.194.219 - - [10/Nov/2024:00:32:02 +0100] "GET /ticket2/opencms/is/buy?page=1&edid=B706C05D-BD6B-FE19-B612-CFC9E579BDC9 HTTP/1.1" 200 108079
37.187.89.104 - - [10/Nov/2024:00:32:05 +0100] "GET /ticket2/opencms/dk/nl/buy/?page=1&edid=4C057F1A-F8DE-8654-F39E-9DF6A45A6174&sortorder=asc&column=price HTTP/1.1" 404 -
66.249.79.6 - - [10/Nov/2024:00:32:08 +0100] "GET /ticket2/opencms/hu/buy?page=1&edid=8D916C6C-0A69-41F7-4678-427710F013C6 HTTP/1.1" 200 128454
54.36.148.3 - - [10/Nov/2024:00:32:09 +0100] "GET /ticket2/opencms/es/deporte/entradas-futbol/premier-league/fulham/ HTTP/1.1" 200 97082
37.187.89.104 - - [10/Nov/2024:00:32:10 +0100] "GET /ticket2/opencms/dk/nl/buy/?page=1&edid=A098D6B2-660B-4A91-CD88-E211CF0A7F9F&sortorder=asc&column=row HTTP/1.1" 404 -
217.113.194.218 - - [10/Nov/2024:00:32:10 +0100] "GET /ticket2/opencms/is/buy?page=1&edid=A01C5367-36A0-1D6C-DF3C-6C0AF2FF4AC1 HTTP/1.1" 200 102080
185.191.171.15 - - [10/Nov/2024:00:32:14 +0100] "GET /ticket2/opencms/fi/urheilu/jalkapallo/la-liga/athletic_bilbao/ HTTP/1.1" 200 87180
85.208.96.195 - - [10/Nov/2024:00:32:14 +0100] "GET /ticket2/opencms/dk/sport/fodboldbilletter/la-liga/fc_barcelona/ HTTP/1.1" 200 94442
37.187.89.104 - - [10/Nov/2024:00:32:15 +0100] "GET /ticket2/opencms/dk/nl/buy/?page=1&edid=A0E1E3C5-926E-8F6B-8EB6-E38355A23A9B&sortorder=desc&column=row HTTP/1.1" 404 -
47.128.49.71 - - [10/Nov/2024:00:32:15 +0100] "GET /ticket2/opencms/tr/buy/?catid=C871EAE3-C584-718A-9795-07CDEF43FA75&comcatid=A17713B6-D984-201A-4143-ED4DB5ED5C2E HTTP/1.1" 200 93847
54.36.148.112 - - [10/Nov/2024:00:32:19 +0100] "GET /ticket2/opencms/uk/?page=6&comcatid=A17713B6-D984-201A-4143-ED4DB5ED5C2E&catid=06324577-7173-BAB0-146D-E644C912F7C1&eventid=CF1981BE-D0AD-DC7E-0BC6-4A062B691166 HTTP/1.1" 200 96980
217.113.194.216 - - [10/Nov/2024:00:32:19 +0100] "GET /ticket2/opencms/is/buy?page=1&edid=AFEF3C90-B443-6FD8-C991-19B7D0D5CE48 HTTP/1.1" 200 102261
37.187.89.104 - - [10/Nov/2024:00:32:20 +0100] "GET /ticket2/opencms/dk/nl/buy/?page=1&edid=A0F2CE57-C687-A8F6-EE0E-D013BC53E883&sortorder=asc&column=price HTTP/1.1" 404 -
54.36.149.72 - - [10/Nov/2024:00:32:23 +0100] "GET /ticket2/opencms/fi/buy/?page=1&edid=1AEC2618-DE69-59D6-4D54-AF36D227A6D5 HTTP/1.1" 200 111837
37.187.89.104 - - [10/Nov/2024:00:32:25 +0100] "GET /ticket2/opencms/dk/nl/buy/?page=1&edid=A0F2CE57-C687-A8F6-EE0E-D013BC53E883&sortorder=asc&column=row HTTP/1.1" 404 -
217.113.194.217 - - [10/Nov/2024:00:32:28 +0100] "GET /ticket2/opencms/is/buy?page=1&edid=E2D9A408-8935-6A15-C054-9FB347B10142 HTTP/1.1" 200 111628
47.128.44.44 - - [10/Nov/2024:00:32:29 +0100] "GET /ticket2/opencms/ga/buy/?edid=1E92A8C8-B0AD-5FE7-B7EF-0C8AA0F43370 HTTP/1.1" 200 81535
54.36.149.45 - - [10/Nov/2024:00:32:29 +0100] "GET /ticket2/opencms/es/buy/?page=1&edid=ACFE5269-826A-FF79-28D4-8876A969800F HTTP/1.1" 200 107779
47.128.28.23 - - [10/Nov/2024:00:32:29 +0100] "GET /ticket2/opencms/hr/buy?edid=921154C3-BF4F-9061-5CFB-8ECC0A8A34AE HTTP/1.1" 200 81431
37.187.89.104 - - [10/Nov/2024:00:32:30 +0100] "GET /ticket2/opencms/dk/nl/buy/?page=1&edid=A0F2CE57-C687-A8F6-EE0E-D013BC53E883&sortorder=asc&column=section HTTP/1.1" 404 -
66.249.79.5 - - [10/Nov/2024:00:32:35 +0100] "GET /ticket2/opencms/en/venue/?countryid=BCA33F4B-7509-BC45-DAD2-4CA6BF14FC82 HTTP/1.1" 200 107512
37.187.89.104 - - [10/Nov/2024:00:32:36 +0100] "GET /ticket2/opencms/dk/nl/buy/?page=1&edid=A0FF03C8-8420-0877-2FE6-0C9E8902BC6D&sortorder=asc&column=row HTTP/1.1" 404 -
217.113.194.216 - - [10/Nov/2024:00:32:36 +0100] "GET /ticket2/opencms/is/buy?page=1&edid=E9A5D231-5C52-F752-E3A2-DEF92167B2C3 HTTP/1.1" 200 102078
54.36.148.254 - - [10/Nov/2024:00:32:38 +0100] "GET /ticket2/opencms/en/buy/?page=1&edid=70818629-9551-6DC7-FD0C-3665BC11B0F8 HTTP/1.1" 200 108614
37.187.89.104 - - [10/Nov/2024:00:32:41 +0100] "GET /ticket2/opencms/dk/nl/buy/?page=1&edid=A0FF03C8-8420-0877-2FE6-0C9E8902BC6D&sortorder=asc&column=section HTTP/1.1" 404 -
217.113.194.213 - - [10/Nov/2024:00:32:45 +0100] "GET /ticket2/opencms/is/buy?page=1&edid=C4A85847-D040-EB89-2141-54F1A8B66277 HTTP/1.1" 200 104860
54.36.149.96 - - [10/Nov/2024:00:32:45 +0100] "GET /ticket2/opencms/fi/venue/?venueid=3846EEC6-D71E-F10C-9733-AF9AE6463F86 HTTP/1.1" 200 78537
37.187.89.104 - - [10/Nov/2024:00:32:46 +0100] "GET /ticket2/opencms/dk/nl/buy/?page=1&edid=A113B61A-B5C1-60FF-81C6-AFD814B7CD4E&sortorder=asc&column=row HTTP/1.1" 404 -
37.187.89.104 - - [10/Nov/2024:00:32:50 +0100] "GET /ticket2/opencms/dk/nl/buy/?page=1&edid=A248E444-59E2-CA58-6E5B-307E0CB67082&sortorder=desc&column=price HTTP/1.1" 404 -
85.208.96.196 - - [10/Nov/2024:00:32:52 +0100] "GET /ticket2/opencms/de/dk HTTP/1.1" 404 -
54.36.149.4 - - [10/Nov/2024:00:32:53 +0100] "GET /ticket2/opencms/en/buy/?page=1&edid=1B8F518C-70C1-6862-0544-4A1418DD424D HTTP/1.1" 200 108610
217.113.194.215 - - [10/Nov/2024:00:32:53 +0100] "GET /ticket2/opencms/is/buy?page=1&edid=E09857B3-0F9E-7B02-8232-83B35FF16CE1 HTTP/1.1" 200 98810
37.187.89.104 - - [10/Nov/2024:00:32:55 +0100] "GET /ticket2/opencms/dk/nl/buy/?page=1&edid=A248E444-59E2-CA58-6E5B-307E0CB67082&sortorder=desc&column=row HTTP/1.1" 404 -
37.187.89.104 - - [10/Nov/2024:00:33:00 +0100] "GET /ticket2/opencms/dk/nl/buy/?page=1&edid=A248E444-59E2-CA58-6E5B-307E0CB67082&sortorder=desc&column=section HTTP/1.1" 404 -
217.113.194.212 - - [10/Nov/2024:00:33:01 +0100] "GET /ticket2/opencms/is/buy?page=1&edid=E49B589D-45FC-C2EF-4068-6BD5BCBBC683 HTTP/1.1" 200 98808
37.187.89.104 - - [10/Nov/2024:00:33:05 +0100] "GET /ticket2/opencms/dk/nl/buy/?page=1&edid=A24D0DA7-71BD-F9A1-6BB3-71061AAB8BC1&sortorder=asc&column=price HTTP/1.1" 404 -
54.36.149.66 - - [10/Nov/2024:00:33:06 +0100] "GET /ticket2/opencms/no/buy/?page=1&edid=953A294D-6567-BF40-A983-70777896E678 HTTP/1.1" 200 111003
54.36.148.137 - - [10/Nov/2024:00:33:07 +0100] "GET /ticket2/opencms/en/buy/?page=1&edid=F31096E7-8F2F-9813-2244-EEE168082D1E HTTP/1.1" 200 100178
47.128.116.235 - - [10/Nov/2024:00:33:07 +0100] "GET /ticket2/opencms/it/?comcatid=B41CCF2B-5558-7AEE-3602-09BBDE417D65 HTTP/1.1" 200 96075
5.9.55.228 - - [10/Nov/2024:00:33:08 +0100] "GET /ticket2/opencms/az/buy?catid=2e79aed8-ff58-b4e8-afb0-43e7cebe7864&comcatid=97eca65a-72da-f9af-9dbb-245d3cfed1be&page=6 HTTP/1.1" 200 84117
37.187.89.104 - - [10/Nov/2024:00:33:10 +0100] "GET /ticket2/opencms/dk/nl/buy/?page=1&edid=A26C8801-6D64-B14F-3D1B-6E1107BED6DB&sortorder=asc&column=price HTTP/1.1" 404 -
217.113.194.216 - - [10/Nov/2024:00:33:10 +0100] "GET /ticket2/opencms/is/buy?page=1&edid=B51B8EA5-4FAB-429D-8F87-8FA02FE2429D HTTP/1.1" 200 98814
54.36.148.154 - - [10/Nov/2024:00:33:10 +0100] "GET /ticket2/opencms/dk/buy/?page=1&edid=71FF0DDB-994C-2EA5-7C18-3DECE9AE5101 HTTP/1.1" 200 126734
66.249.76.238 - - [10/Nov/2024:00:33:12 +0100] "GET /ticket2/opencms/cs/buy/?comcatid=97ECA65A-72DA-F9AF-9DBB-245D3CFED1BE&catid=8732E72C-A028-EA8C-4D4D-DEB44E2A28A8 HTTP/1.1" 200 88765
54.36.148.84 - - [10/Nov/2024:00:33:14 +0100] "GET /ticket2/opencms/es/buy/?page=1&edid=F31096E7-8F2F-9813-2244-EEE168082D1E HTTP/1.1" 200 101724
66.249.79.231 - - [10/Nov/2024:00:33:14 +0100] "GET /ticket2/opencms/bg/sport/futbolni-bileti/la-liga/atletico-madrid HTTP/1.1" 200 97761
37.187.89.104 - - [10/Nov/2024:00:33:15 +0100] "GET /ticket2/opencms/dk/nl/buy/?page=1&edid=A26C8801-6D64-B14F-3D1B-6E1107BED6DB&sortorder=asc&column=row HTTP/1.1" 404 -
85.208.96.207 - - [10/Nov/2024:00:33:15 +0100] "GET /ticket2/opencms/fi/urheilu/jalkapallo/premier_league/west_ham_united/ HTTP/1.1" 200 93857
217.113.194.214 - - [10/Nov/2024:00:33:18 +0100] "GET /ticket2/opencms/is/buy?page=1&edid=BE205C18-AB59-5ED1-BF23-6632C9BAFEED HTTP/1.1" 200 98817
54.36.148.100 - - [10/Nov/2024:00:33:20 +0100] "GET /ticket2/opencms/nl/buy/?page=1&edid=159AEE85-969E-7453-4999-69FCFD2915E6 HTTP/1.1" 200 100152
37.187.89.104 - - [10/Nov/2024:00:33:20 +0100] "GET /ticket2/opencms/dk/nl/buy/?page=1&edid=A26C8801-6D64-B14F-3D1B-6E1107BED6DB&sortorder=asc&column=section HTTP/1.1" 404 -
37.187.89.104 - - [10/Nov/2024:00:33:24 +0100] "GET /ticket2/opencms/dk/nl/buy/?page=1&edid=A26C8801-6D64-B14F-3D1B-6E1107BED6DB&sortorder=desc&column=price HTTP/1.1" 404 -
54.36.149.84 - - [10/Nov/2024:00:33:26 +0100] "GET /ticket2/opencms/es/deporte/entradas-futbol/premier-league/brighton/ HTTP/1.1" 200 96475
217.113.194.221 - - [10/Nov/2024:00:33:27 +0100] "GET /ticket2/opencms/is/buy?page=1&edid=A1978D3B-15EE-9B98-13D3-4A0276E452D7 HTTP/1.1" 200 114765
37.187.89.104 - - [10/Nov/2024:00:33:29 +0100] "GET /ticket2/opencms/dk/nl/buy/?page=1&edid=A26C8801-6D64-B14F-3D1B-6E1107BED6DB&sortorder=desc&column=row HTTP/1.1" 404 -
54.36.148.177 - - [10/Nov/2024:00:33:30 +0100] "GET /ticket2/opencms/es/buy/?page=1&edid=9CF0F0F7-E52F-C803-4AE8-4F1A3B811071 HTTP/1.1" 200 98448
37.187.89.104 - - [10/Nov/2024:00:33:34 +0100] "GET /ticket2/opencms/dk/nl/buy/?page=1&edid=A2EBEE55-0F02-EF65-FACF-A4CB04DC02EA&sortorder=asc&column=price HTTP/1.1" 404 -
217.113.194.219 - - [10/Nov/2024:00:33:35 +0100] "GET /ticket2/opencms/is/buy?page=1&edid=DAC26FFD-8A53-E219-368F-E55DCE3D870C HTTP/1.1" 200 98821
40.77.167.37 - - [10/Nov/2024:00:33:36 +0100] "GET /ticket2/opencms/en/buy/?comcatid=A17713B6-D984-201A-4143-ED4DB5ED5C2E&catid=515A9A29-35A0-2DB8-262B-AEF122DB04F6 HTTP/1.1" 200 92067
54.36.148.123 - - [10/Nov/2024:00:33:37 +0100] "GET /ticket2/opencms/en/venue/?venueid=E9B2F5F3-6701-DB0F-DD0D-6D02A497E772 HTTP/1.1" 200 77019
37.187.89.104 - - [10/Nov/2024:00:33:39 +0100] "GET /ticket2/opencms/dk/nl/buy/?page=1&edid=B3A76077-0806-D5E8-3C26-FB5DC22C9C7C&sortorder=desc&column=row HTTP/1.1" 404 -
72.14.199.128 - - [10/Nov/2024:00:33:41 +0100] "GET /ticket2/opencms/system/modules/com.gridnine.opencms.ticketbrokerage.site/resources/css/jquery.fancybox.css HTTP/1.1" 304 -
54.36.148.194 - - [10/Nov/2024:00:33:42 +0100] "GET /ticket2/opencms/fi/buy/?page=1&edid=627DD27E-C54C-E728-A0EA-5E098C44319A HTTP/1.1" 200 111838
72.14.199.128 - - [10/Nov/2024:00:33:42 +0100] "GET /ticket2/opencms/system/modules/com.gridnine.opencms.ticketbrokerage.site/resources/css/ticketbrokerage.css HTTP/1.1" 200 39339
72.14.199.141 - - [10/Nov/2024:00:33:44 +0100] "GET /ticket2/opencms/system/modules/com.gridnine.opencms.ticketbrokerage.site/resources/js/functions.js HTTP/1.1" 200 1583
217.113.194.218 - - [10/Nov/2024:00:33:44 +0100] "GET /ticket2/opencms/is/buy?page=1&edid=F1EEEC67-D1C4-E916-20F3-F210A97B2C57 HTTP/1.1" 200 124933
72.14.199.141 - - [10/Nov/2024:00:33:45 +0100] "GET /ticket2/opencms/system/modules/com.gridnine.opencms.ticketbrokerage.site/resources/js/stickyfill.min.js HTTP/1.1" 304 -
72.14.199.141 - - [10/Nov/2024:00:33:46 +0100] "GET /ticket2/opencms/system/modules/com.gridnine.opencms.ticketbrokerage.site/resources/css/calendar.css HTTP/1.1" 200 6871
54.36.148.40 - - [10/Nov/2024:00:33:47 +0100] "GET /ticket2/opencms/it/buy/?page=1&edid=063774E2-DE1A-6A46-E97B-D379290B879E HTTP/1.1" 200 125693
72.14.199.141 - - [10/Nov/2024:00:33:47 +0100] "GET /ticket2/opencms/system/modules/com.gridnine.opencms.ticketbrokerage.site/resources/js/jquery/jquery-ui.js HTTP/1.1" 304 -
72.14.199.140 - - [10/Nov/2024:00:33:49 +0100] "GET /ticket2/opencms/system/modules/com.gridnine.opencms.ticketbrokerage.site/resources/js/standard.js HTTP/1.1" 200 3978
