202.8.41.186 - - [05/Jan/2025:01:17:51 +0100] "GET /ticket2/opencms/system/modules/com.gridnine.opencms.ticketbrokerage.site/resources/js/standard.js HTTP/1.1" 200 3978
202.8.41.186 - - [05/Jan/2025:01:17:51 +0100] "GET /ticket2/opencms/system/modules/com.gridnine.opencms.ticketbrokerage.site/resources/js/jquery.placeholder.min.js HTTP/1.1" 200 1737
202.8.41.186 - - [05/Jan/2025:01:17:51 +0100] "GET /ticket2/opencms/system/modules/com.gridnine.opencms.ticketbrokerage.site/resources/js/common-ajax.js HTTP/1.1" 200 20175
202.8.41.186 - - [05/Jan/2025:01:17:51 +0100] "GET /ticket2/opencms/fr/ask-form.html HTTP/1.1" 200 3156
202.8.41.186 - - [05/Jan/2025:01:17:51 +0100] "GET /ticket2/opencms/fr/ask-form.html HTTP/1.1" 200 3156
202.8.41.186 - - [05/Jan/2025:01:17:51 +0100] "GET /ticket2/opencms/system/modules/com.gridnine.opencms.ticketbrokerage.site/resources/css/ticketbrokerage.css HTTP/1.1" 200 39339
188.165.217.198 - - [05/Jan/2025:01:17:55 +0100] "GET /ticket2/opencms/fi/login/?edid=3F2C8D5E-7438-2D70-0996-42F9CB6F4E20 HTTP/1.1" 200 91717
54.36.148.202 - - [05/Jan/2025:01:17:58 +0100] "GET /ticket2/opencms/uk/buy?comcatid=0A6B8208-FDA4-E929-9D72-5312FD481B76&catid=5ED34547-492C-90DA-709D-448345844685 HTTP/1.1" 200 6410
192.99.35.94 - - [05/Jan/2025:01:17:58 +0100] "GET /ticket2/opencms/mt/buy/?page=1&edid=B706C05D-BD6B-FE19-B612-CFC9E579BDC9 HTTP/1.1" 200 119440
188.165.217.198 - - [05/Jan/2025:01:18:02 +0100] "GET /ticket2/opencms/fi/login/?edid=3F666EA8-3582-CA4F-7916-99CDCAA57E7F HTTP/1.1" 200 91613
37.123.143.180 - - [05/Jan/2025:01:18:04 +0100] "GET /ticket2/opencms/sv/buy/?page=1&edid=BFAFDC2C-908C-DD1E-38F3-2E405A281188 HTTP/1.1" 200 135397
37.123.143.180 - - [05/Jan/2025:01:18:04 +0100] "GET /ticket2/opencms/system/modules/com.gridnine.opencms.ticketbrokerage.site/resources/pics/0.gif HTTP/1.1" 200 43
37.123.143.180 - - [05/Jan/2025:01:18:04 +0100] "GET /ticket2/opencms/venue/anfield.png HTTP/1.1" 200 21218
37.123.143.180 - - [05/Jan/2025:01:18:04 +0100] "GET /ticket2/opencms/system/modules/com.gridnine.opencms.ticketbrokerage.site/resources/js/calendar.js HTTP/1.1" 200 49229
37.123.143.180 - - [05/Jan/2025:01:18:04 +0100] "GET /ticket2/opencms/system/modules/com.gridnine.opencms.ticketbrokerage.site/resources/js/calendar-en.js HTTP/1.1" 200 3338
37.123.143.180 - - [05/Jan/2025:01:18:04 +0100] "GET /ticket2/opencms/system/modules/com.gridnine.opencms.ticketbrokerage.site/resources/js/calendar-setup.js HTTP/1.1" 200 4923
37.123.143.180 - - [05/Jan/2025:01:18:04 +0100] "GET /ticket2/opencms/system/modules/com.gridnine.opencms.ticketbrokerage.site/resources/js/standard.js HTTP/1.1" 200 3978
37.123.143.180 - - [05/Jan/2025:01:18:04 +0100] "GET /ticket2/opencms/system/modules/com.gridnine.opencms.ticketbrokerage.site/resources/css/ticketbrokerage.css HTTP/1.1" 200 39339
37.123.143.180 - - [05/Jan/2025:01:18:04 +0100] "GET /ticket2/opencms/system/modules/com.gridnine.opencms.ticketbrokerage.site/resources/js/functions.js HTTP/1.1" 200 1583
37.123.143.180 - - [05/Jan/2025:01:18:04 +0100] "GET /ticket2/opencms/system/modules/com.gridnine.opencms.ticketbrokerage.site/resources/css/calendar.css HTTP/1.1" 200 6871
37.123.143.180 - - [05/Jan/2025:01:18:04 +0100] "GET /ticket2/opencms/system/modules/com.gridnine.opencms.ticketbrokerage.site/resources/css/standard.css HTTP/1.1" 200 73081
37.123.143.180 - - [05/Jan/2025:01:18:04 +0100] "GET /ticket2/opencms/img/icons/hy.png HTTP/1.1" 200 1170
37.123.143.180 - - [05/Jan/2025:01:18:04 +0100] "GET /ticket2/opencms/system/modules/com.gridnine.opencms.ticketbrokerage.site/resources/pics/two_man.png HTTP/1.1" 200 3407
37.123.143.180 - - [05/Jan/2025:01:18:04 +0100] "GET /ticket2/opencms/system/modules/com.gridnine.opencms.ticketbrokerage.site/resources/pics/ticket_info_button.png HTTP/1.1" 200 3820
37.123.143.180 - - [05/Jan/2025:01:18:04 +0100] "GET /ticket2/opencms/sv/ask-form.html HTTP/1.1" 200 2950
37.123.143.180 - - [05/Jan/2025:01:18:04 +0100] "GET /ticket2/opencms/img/arrow-down.png HTTP/1.1" 200 192
37.123.143.180 - - [05/Jan/2025:01:18:04 +0100] "GET /ticket2/opencms/img/icons/mk.png HTTP/1.1" 200 1405
37.123.143.180 - - [05/Jan/2025:01:18:04 +0100] "GET /ticket2/opencms/system/modules/com.gridnine.opencms.ticketbrokerage.site/resources/css/ticketbrokerage.css HTTP/1.1" 200 39339
37.123.143.180 - - [05/Jan/2025:01:18:04 +0100] "GET /ticket2/opencms/system/modules/com.gridnine.opencms.ticketbrokerage.site/resources/pics/arrow.gif HTTP/1.1" 200 344
37.123.143.180 - - [05/Jan/2025:01:18:04 +0100] "GET /ticket2/opencms/system/modules/com.gridnine.opencms.ticketbrokerage.site/resources/pics/form_marker.gif HTTP/1.1" 200 43
37.123.143.180 - - [05/Jan/2025:01:18:04 +0100] "GET /ticket2/opencms/system/modules/com.gridnine.opencms.ticketbrokerage.site/resources/pics/button1_left.gif HTTP/1.1" 200 232
37.123.143.180 - - [05/Jan/2025:01:18:04 +0100] "GET /ticket2/opencms/system/modules/com.gridnine.opencms.ticketbrokerage.site/resources/pics/button1_center.gif HTTP/1.1" 200 66
37.123.143.180 - - [05/Jan/2025:01:18:04 +0100] "GET /ticket2/opencms/system/modules/com.gridnine.opencms.ticketbrokerage.site/resources/pics/button1_right.gif HTTP/1.1" 200 232
188.165.217.198 - - [05/Jan/2025:01:18:04 +0100] "GET /ticket2/opencms/no/buy/?page=1&edid=497CFADB-43B9-65B9-4674-F7F3D004A91F&sortorder=asc&column=section HTTP/1.1" 200 115054
54.36.149.88 - - [05/Jan/2025:01:18:05 +0100] "GET /ticket2/opencms/it/buy?page=1&edid=BCC39325-B7C7-D529-D58D-9C58F3219EB4 HTTP/1.1" 200 109255
202.8.43.31 - - [05/Jan/2025:01:18:06 +0100] "GET /ticket2/opencms/system/modules/com.gridnine.opencms.ticketbrokerage.site/resources/css/standard.css HTTP/1.1" 200 73081
202.8.43.31 - - [05/Jan/2025:01:18:06 +0100] "GET /ticket2/opencms/system/modules/com.gridnine.opencms.ticketbrokerage.site/resources/css/calendar.css HTTP/1.1" 200 6871
202.8.43.31 - - [05/Jan/2025:01:18:06 +0100] "GET /ticket2/opencms/system/modules/com.gridnine.opencms.ticketbrokerage.site/resources/css/jquery-ui.css HTTP/1.1" 200 33221
202.8.43.31 - - [05/Jan/2025:01:18:06 +0100] "GET /ticket2/opencms/system/modules/com.gridnine.opencms.ticketbrokerage.site/resources/css/ticketbrokerage.css HTTP/1.1" 200 39339
202.8.43.31 - - [05/Jan/2025:01:18:06 +0100] "GET /ticket2/opencms/system/modules/com.gridnine.opencms.ticketbrokerage.site/resources/css/jquery.fancybox.css HTTP/1.1" 200 4939
202.8.43.31 - - [05/Jan/2025:01:18:06 +0100] "GET /ticket2/opencms/system/modules/com.gridnine.opencms.ticketbrokerage.site/resources/js/functions.js HTTP/1.1" 200 1583
202.8.43.31 - - [05/Jan/2025:01:18:06 +0100] "GET /ticket2/opencms/system/modules/com.gridnine.opencms.ticketbrokerage.site/resources/js/calendar.js HTTP/1.1" 200 49229
202.8.43.31 - - [05/Jan/2025:01:18:06 +0100] "GET /ticket2/opencms/system/modules/com.gridnine.opencms.ticketbrokerage.site/resources/js/jquery/jquery-ui.js HTTP/1.1" 200 228088
202.8.43.31 - - [05/Jan/2025:01:18:06 +0100] "GET /ticket2/opencms/system/modules/com.gridnine.opencms.ticketbrokerage.site/resources/js/jquery/jquery.js HTTP/1.1" 200 93868
202.8.43.31 - - [05/Jan/2025:01:18:06 +0100] "GET /ticket2/opencms/system/modules/com.gridnine.opencms.ticketbrokerage.site/resources/js/calendar-en.js HTTP/1.1" 200 3338
202.8.43.31 - - [05/Jan/2025:01:18:06 +0100] "GET /ticket2/opencms/system/modules/com.gridnine.opencms.ticketbrokerage.site/resources/js/calendar-setup.js HTTP/1.1" 200 4923
202.8.43.31 - - [05/Jan/2025:01:18:06 +0100] "GET /ticket2/opencms/system/modules/com.gridnine.opencms.ticketbrokerage.site/resources/js/jquery.fancybox.pack.js HTTP/1.1" 200 23187
202.8.43.31 - - [05/Jan/2025:01:18:06 +0100] "GET /ticket2/opencms/system/modules/com.gridnine.opencms.ticketbrokerage.site/resources/js/stickyfill.min.js HTTP/1.1" 200 5672
202.8.43.31 - - [05/Jan/2025:01:18:06 +0100] "GET /ticket2/opencms/system/modules/com.gridnine.opencms.ticketbrokerage.site/resources/js/standard.js HTTP/1.1" 200 3978
202.8.43.31 - - [05/Jan/2025:01:18:06 +0100] "GET /ticket2/opencms/system/modules/com.gridnine.opencms.ticketbrokerage.site/resources/js/jquery.placeholder.min.js HTTP/1.1" 200 1737
202.8.43.31 - - [05/Jan/2025:01:18:07 +0100] "GET /ticket2/opencms/system/modules/com.gridnine.opencms.ticketbrokerage.site/resources/js/common-ajax.js HTTP/1.1" 200 20175
202.8.43.31 - - [05/Jan/2025:01:18:07 +0100] "GET /ticket2/opencms/it/ask-form.html HTTP/1.1" 200 3156
202.8.43.31 - - [05/Jan/2025:01:18:07 +0100] "GET /ticket2/opencms/it/ask-form.html HTTP/1.1" 200 3156
202.8.43.31 - - [05/Jan/2025:01:18:07 +0100] "GET /ticket2/opencms/system/modules/com.gridnine.opencms.ticketbrokerage.site/resources/css/ticketbrokerage.css HTTP/1.1" 200 39339
188.165.217.198 - - [05/Jan/2025:01:18:08 +0100] "GET /ticket2/opencms/no/buy/?page=1&edid=49AED064-B86D-465C-FC24-B9E6E7276FC8 HTTP/1.1" 200 112709
66.249.74.1 - - [05/Jan/2025:01:18:10 +0100] "GET /ticket2/opencms/robots.txt HTTP/1.1" 200 773
188.165.217.198 - - [05/Jan/2025:01:18:10 +0100] "GET /ticket2/opencms/no/buy/?page=1&edid=4BE51C11-6242-0667-4C84-D3822EC503E1&sortorder=desc&column=section HTTP/1.1" 200 114710
40.77.167.15 - - [05/Jan/2025:01:18:11 +0100] "GET /ticket2/opencms/es/magazine/article?title=semifinal-francia-vs-espana HTTP/1.1" 200 95270
66.249.74.2 - - [05/Jan/2025:01:18:12 +0100] "GET /ticket2/opencms/nl/buy?page=1&edid=D96122AD-C3AA-80F5-DDA8-935E03AE952D HTTP/1.1" 200 133549
85.239.238.198 - - [05/Jan/2025:01:18:13 +0100] "GET /ticket2/opencms/robots.txt HTTP/1.1" 200 773
188.165.217.198 - - [05/Jan/2025:01:18:14 +0100] "GET /ticket2/opencms/no/buy/?page=1&edid=4BE59970-EC47-0861-6205-BA251FD6ECF0&sortorder=asc&column=price HTTP/1.1" 200 115015
192.99.35.94 - - [05/Jan/2025:01:18:16 +0100] "GET /ticket2/opencms/mt/buy/?page=1&edid=B753AC58-8832-296F-1C07-92C9F45E2BCE HTTP/1.1" 200 110077
85.239.238.198 - - [05/Jan/2025:01:18:17 +0100] "GET /ticket2/opencms/az/magazine/ HTTP/1.1" 200 150818
188.165.217.198 - - [05/Jan/2025:01:18:17 +0100] "GET /ticket2/opencms/no/buy/?page=1&edid=8970AC92-C5AA-B7C6-D963-8BFE17682D77&sortorder=asc&column=price HTTP/1.1" 200 114728
85.239.238.198 - - [05/Jan/2025:01:18:19 +0100] "GET /ticket2/opencms/az/magazine/article/ HTTP/1.1" 200 88765
188.165.217.198 - - [05/Jan/2025:01:18:21 +0100] "GET /ticket2/opencms/no/buy/?page=1&edid=8970AC92-C5AA-B7C6-D963-8BFE17682D77&sortorder=asc&column=row HTTP/1.1" 200 114601
185.191.171.15 - - [05/Jan/2025:01:18:21 +0100] "GET /ticket2/opencms/ga/magazine/article?title=arsenal-ne-tottenham-y-ma-mu-w-epik-4-4-asm-so-no-mu-w-29-oktooba-2008 HTTP/1.1" 200 96025
85.239.238.198 - - [05/Jan/2025:01:18:21 +0100] "GET /ticket2/opencms/az/magazine/article?%20Error%20reading%20resource%20from%20path HTTP/1.1" 200 88718
188.165.217.198 - - [05/Jan/2025:01:18:23 +0100] "GET /ticket2/opencms/no/buy/?page=1&edid=8970AC92-C5AA-B7C6-D963-8BFE17682D77&sortorder=asc&column=section HTTP/1.1" 200 114893
85.208.96.200 - - [05/Jan/2025:01:18:24 +0100] "GET /ticket2/opencms/lv/sport/futbola-biletes/champions-league/benfica HTTP/1.1" 200 95367
54.36.148.241 - - [05/Jan/2025:01:18:24 +0100] "GET /ticket2/opencms/lv/magazine/article?title=ballon-dor-uzvaretajs-2024 HTTP/1.1" 200 92852
202.8.41.145 - - [05/Jan/2025:01:18:25 +0100] "GET /ticket2/opencms/system/modules/com.gridnine.opencms.ticketbrokerage.site/resources/css/standard.css HTTP/1.1" 200 73081
202.8.41.145 - - [05/Jan/2025:01:18:25 +0100] "GET /ticket2/opencms/system/modules/com.gridnine.opencms.ticketbrokerage.site/resources/css/jquery.fancybox.css HTTP/1.1" 200 4939
202.8.41.145 - - [05/Jan/2025:01:18:25 +0100] "GET /ticket2/opencms/system/modules/com.gridnine.opencms.ticketbrokerage.site/resources/css/calendar.css HTTP/1.1" 200 6871
202.8.41.145 - - [05/Jan/2025:01:18:25 +0100] "GET /ticket2/opencms/system/modules/com.gridnine.opencms.ticketbrokerage.site/resources/css/ticketbrokerage.css HTTP/1.1" 200 39339
202.8.41.145 - - [05/Jan/2025:01:18:25 +0100] "GET /ticket2/opencms/system/modules/com.gridnine.opencms.ticketbrokerage.site/resources/css/jquery-ui.css HTTP/1.1" 200 33221
202.8.41.145 - - [05/Jan/2025:01:18:25 +0100] "GET /ticket2/opencms/system/modules/com.gridnine.opencms.ticketbrokerage.site/resources/js/jquery/jquery.js HTTP/1.1" 200 93868
202.8.41.145 - - [05/Jan/2025:01:18:25 +0100] "GET /ticket2/opencms/system/modules/com.gridnine.opencms.ticketbrokerage.site/resources/js/jquery/jquery-ui.js HTTP/1.1" 200 228088
202.8.41.145 - - [05/Jan/2025:01:18:25 +0100] "GET /ticket2/opencms/system/modules/com.gridnine.opencms.ticketbrokerage.site/resources/js/functions.js HTTP/1.1" 200 1583
202.8.41.145 - - [05/Jan/2025:01:18:25 +0100] "GET /ticket2/opencms/system/modules/com.gridnine.opencms.ticketbrokerage.site/resources/js/calendar-en.js HTTP/1.1" 200 3338
202.8.41.145 - - [05/Jan/2025:01:18:25 +0100] "GET /ticket2/opencms/system/modules/com.gridnine.opencms.ticketbrokerage.site/resources/js/calendar.js HTTP/1.1" 200 49229
202.8.41.145 - - [05/Jan/2025:01:18:25 +0100] "GET /ticket2/opencms/system/modules/com.gridnine.opencms.ticketbrokerage.site/resources/js/calendar-setup.js HTTP/1.1" 200 4923
202.8.41.145 - - [05/Jan/2025:01:18:26 +0100] "GET /ticket2/opencms/system/modules/com.gridnine.opencms.ticketbrokerage.site/resources/js/jquery.fancybox.pack.js HTTP/1.1" 200 23187
202.8.41.145 - - [05/Jan/2025:01:18:26 +0100] "GET /ticket2/opencms/system/modules/com.gridnine.opencms.ticketbrokerage.site/resources/js/standard.js HTTP/1.1" 200 3978
202.8.41.145 - - [05/Jan/2025:01:18:26 +0100] "GET /ticket2/opencms/system/modules/com.gridnine.opencms.ticketbrokerage.site/resources/js/stickyfill.min.js HTTP/1.1" 200 5672
202.8.41.145 - - [05/Jan/2025:01:18:26 +0100] "GET /ticket2/opencms/system/modules/com.gridnine.opencms.ticketbrokerage.site/resources/js/jquery.placeholder.min.js HTTP/1.1" 200 1737
202.8.41.145 - - [05/Jan/2025:01:18:26 +0100] "GET /ticket2/opencms/system/modules/com.gridnine.opencms.ticketbrokerage.site/resources/js/common-ajax.js HTTP/1.1" 200 20175
188.165.217.198 - - [05/Jan/2025:01:18:26 +0100] "GET /ticket2/opencms/no/buy/?page=1&edid=897211BD-6892-D833-1096-CE6140C23AFB&sortorder=asc&column=row HTTP/1.1" 200 113095
209.85.238.72 - - [05/Jan/2025:01:18:26 +0100] "GET /ticket2/opencms/dk/sport/fodboldbilletter/ HTTP/1.1" 200 94066
202.8.41.145 - - [05/Jan/2025:01:18:26 +0100] "GET /ticket2/opencms/system/modules/com.gridnine.opencms.ticketbrokerage.site/resources/js/standard.js HTTP/1.1" 200 3978
85.239.238.198 - - [05/Jan/2025:01:18:26 +0100] "GET /ticket2/opencms/az/magazine/ HTTP/1.1" 200 150871
85.208.96.196 - - [05/Jan/2025:01:18:28 +0100] "GET /ticket2/opencms/bg/sport/futbolni-bileti/champions-league/bayern-munchen HTTP/1.1" 200 98322
85.239.238.198 - - [05/Jan/2025:01:18:29 +0100] "GET /ticket2/opencms/be/magazine/ HTTP/1.1" 200 149991
188.165.217.198 - - [05/Jan/2025:01:18:29 +0100] "GET /ticket2/opencms/sv/buy/?page=1&edid=E5717319-73D8-DE0E-B7AA-AA889F763447&sortorder=asc&column=row HTTP/1.1" 200 113836
54.36.149.65 - - [05/Jan/2025:01:18:29 +0100] "GET /ticket2/opencms/en/magazine/article?title=champions-league-tickets-on-ticket2 HTTP/1.1" 200 95380
54.36.149.67 - - [05/Jan/2025:01:18:30 +0100] "GET /ticket2/opencms/de/magazine/article?title=manchester-city-riskiert-den-abstieg HTTP/1.1" 200 91868
202.8.42.168 - - [05/Jan/2025:01:18:31 +0100] "GET /ticket2/opencms/system/modules/com.gridnine.opencms.ticketbrokerage.site/resources/css/jquery-ui.css HTTP/1.1" 200 33221
202.8.42.168 - - [05/Jan/2025:01:18:31 +0100] "GET /ticket2/opencms/system/modules/com.gridnine.opencms.ticketbrokerage.site/resources/css/calendar.css HTTP/1.1" 200 6871
202.8.42.168 - - [05/Jan/2025:01:18:31 +0100] "GET /ticket2/opencms/system/modules/com.gridnine.opencms.ticketbrokerage.site/resources/js/jquery/jquery.js HTTP/1.1" 200 93868
202.8.42.168 - - [05/Jan/2025:01:18:31 +0100] "GET /ticket2/opencms/system/modules/com.gridnine.opencms.ticketbrokerage.site/resources/css/ticketbrokerage.css HTTP/1.1" 200 39339
202.8.42.168 - - [05/Jan/2025:01:18:31 +0100] "GET /ticket2/opencms/system/modules/com.gridnine.opencms.ticketbrokerage.site/resources/css/jquery.fancybox.css HTTP/1.1" 200 4939
202.8.42.168 - - [05/Jan/2025:01:18:31 +0100] "GET /ticket2/opencms/system/modules/com.gridnine.opencms.ticketbrokerage.site/resources/css/standard.css HTTP/1.1" 200 73081
202.8.42.168 - - [05/Jan/2025:01:18:31 +0100] "GET /ticket2/opencms/system/modules/com.gridnine.opencms.ticketbrokerage.site/resources/js/jquery/jquery-ui.js HTTP/1.1" 200 228088
202.8.42.168 - - [05/Jan/2025:01:18:31 +0100] "GET /ticket2/opencms/system/modules/com.gridnine.opencms.ticketbrokerage.site/resources/js/functions.js HTTP/1.1" 200 1583
202.8.42.168 - - [05/Jan/2025:01:18:31 +0100] "GET /ticket2/opencms/system/modules/com.gridnine.opencms.ticketbrokerage.site/resources/js/calendar-en.js HTTP/1.1" 200 3338
202.8.42.168 - - [05/Jan/2025:01:18:31 +0100] "GET /ticket2/opencms/system/modules/com.gridnine.opencms.ticketbrokerage.site/resources/js/calendar.js HTTP/1.1" 200 49229
202.8.41.240 - - [05/Jan/2025:01:18:31 +0100] "GET /ticket2/opencms/system/modules/com.gridnine.opencms.ticketbrokerage.site/resources/css/calendar.css HTTP/1.1" 200 6871
202.8.41.240 - - [05/Jan/2025:01:18:31 +0100] "GET /ticket2/opencms/system/modules/com.gridnine.opencms.ticketbrokerage.site/resources/css/jquery-ui.css HTTP/1.1" 200 33221
202.8.42.168 - - [05/Jan/2025:01:18:31 +0100] "GET /ticket2/opencms/system/modules/com.gridnine.opencms.ticketbrokerage.site/resources/js/calendar-setup.js HTTP/1.1" 200 4923
202.8.41.240 - - [05/Jan/2025:01:18:31 +0100] "GET /ticket2/opencms/system/modules/com.gridnine.opencms.ticketbrokerage.site/resources/css/jquery.fancybox.css HTTP/1.1" 200 4939
202.8.41.240 - - [05/Jan/2025:01:18:31 +0100] "GET /ticket2/opencms/system/modules/com.gridnine.opencms.ticketbrokerage.site/resources/css/ticketbrokerage.css HTTP/1.1" 200 39339
202.8.41.240 - - [05/Jan/2025:01:18:31 +0100] "GET /ticket2/opencms/system/modules/com.gridnine.opencms.ticketbrokerage.site/resources/css/standard.css HTTP/1.1" 200 73081
202.8.42.168 - - [05/Jan/2025:01:18:31 +0100] "GET /ticket2/opencms/system/modules/com.gridnine.opencms.ticketbrokerage.site/resources/js/jquery.fancybox.pack.js HTTP/1.1" 200 23187
202.8.42.168 - - [05/Jan/2025:01:18:31 +0100] "GET /ticket2/opencms/system/modules/com.gridnine.opencms.ticketbrokerage.site/resources/js/standard.js HTTP/1.1" 200 3978
202.8.42.168 - - [05/Jan/2025:01:18:31 +0100] "GET /ticket2/opencms/system/modules/com.gridnine.opencms.ticketbrokerage.site/resources/js/stickyfill.min.js HTTP/1.1" 200 5672
202.8.41.240 - - [05/Jan/2025:01:18:31 +0100] "GET /ticket2/opencms/system/modules/com.gridnine.opencms.ticketbrokerage.site/resources/js/functions.js HTTP/1.1" 200 1583
202.8.41.240 - - [05/Jan/2025:01:18:31 +0100] "GET /ticket2/opencms/system/modules/com.gridnine.opencms.ticketbrokerage.site/resources/js/jquery/jquery-ui.js HTTP/1.1" 200 228088
202.8.41.240 - - [05/Jan/2025:01:18:31 +0100] "GET /ticket2/opencms/system/modules/com.gridnine.opencms.ticketbrokerage.site/resources/js/calendar.js HTTP/1.1" 200 49229
202.8.41.240 - - [05/Jan/2025:01:18:31 +0100] "GET /ticket2/opencms/system/modules/com.gridnine.opencms.ticketbrokerage.site/resources/js/jquery/jquery.js HTTP/1.1" 200 93868
202.8.41.240 - - [05/Jan/2025:01:18:31 +0100] "GET /ticket2/opencms/system/modules/com.gridnine.opencms.ticketbrokerage.site/resources/js/calendar-en.js HTTP/1.1" 200 3338
202.8.42.168 - - [05/Jan/2025:01:18:31 +0100] "GET /ticket2/opencms/system/modules/com.gridnine.opencms.ticketbrokerage.site/resources/js/jquery.placeholder.min.js HTTP/1.1" 200 1737
202.8.41.240 - - [05/Jan/2025:01:18:31 +0100] "GET /ticket2/opencms/system/modules/com.gridnine.opencms.ticketbrokerage.site/resources/js/calendar-setup.js HTTP/1.1" 200 4923
202.8.41.240 - - [05/Jan/2025:01:18:31 +0100] "GET /ticket2/opencms/system/modules/com.gridnine.opencms.ticketbrokerage.site/resources/js/jquery.fancybox.pack.js HTTP/1.1" 200 23187
202.8.42.168 - - [05/Jan/2025:01:18:31 +0100] "GET /ticket2/opencms/system/modules/com.gridnine.opencms.ticketbrokerage.site/resources/js/common-ajax.js HTTP/1.1" 200 20175
202.8.41.240 - - [05/Jan/2025:01:18:31 +0100] "GET /ticket2/opencms/system/modules/com.gridnine.opencms.ticketbrokerage.site/resources/js/stickyfill.min.js HTTP/1.1" 200 5672
202.8.41.240 - - [05/Jan/2025:01:18:31 +0100] "GET /ticket2/opencms/system/modules/com.gridnine.opencms.ticketbrokerage.site/resources/js/standard.js HTTP/1.1" 200 3978
85.239.238.198 - - [05/Jan/2025:01:18:31 +0100] "GET /ticket2/opencms/be/magazine/article/ HTTP/1.1" 200 89243
202.8.41.240 - - [05/Jan/2025:01:18:31 +0100] "GET /ticket2/opencms/system/modules/com.gridnine.opencms.ticketbrokerage.site/resources/js/jquery.placeholder.min.js HTTP/1.1" 200 1737
202.8.41.240 - - [05/Jan/2025:01:18:31 +0100] "GET /ticket2/opencms/system/modules/com.gridnine.opencms.ticketbrokerage.site/resources/js/common-ajax.js HTTP/1.1" 200 20175
188.165.217.198 - - [05/Jan/2025:01:18:32 +0100] "GET /ticket2/opencms/sv/buy/?page=1&edid=E5717319-73D8-DE0E-B7AA-AA889F763447&sortorder=asc&column=section HTTP/1.1" 200 113978
54.36.148.87 - - [05/Jan/2025:01:18:33 +0100] "GET /ticket2/opencms/nl/buy?page=1&edid=BCC39325-B7C7-D529-D58D-9C58F3219EB4 HTTP/1.1" 200 107527
37.123.143.180 - - [05/Jan/2025:01:18:33 +0100] "GET /ticket2/opencms/img/arrow-up.png HTTP/1.1" 200 193
85.239.238.198 - - [05/Jan/2025:01:18:33 +0100] "GET /ticket2/opencms/be/magazine/article?%20Error%20reading%20resource%20from%20path HTTP/1.1" 200 89275
202.8.41.66 - - [05/Jan/2025:01:18:34 +0100] "GET /ticket2/opencms/system/modules/com.gridnine.opencms.ticketbrokerage.site/resources/css/ticketbrokerage.css HTTP/1.1" 200 39339
202.8.41.66 - - [05/Jan/2025:01:18:34 +0100] "GET /ticket2/opencms/system/modules/com.gridnine.opencms.ticketbrokerage.site/resources/css/standard.css HTTP/1.1" 200 73081
202.8.41.66 - - [05/Jan/2025:01:18:34 +0100] "GET /ticket2/opencms/system/modules/com.gridnine.opencms.ticketbrokerage.site/resources/css/calendar.css HTTP/1.1" 200 6871
202.8.41.66 - - [05/Jan/2025:01:18:34 +0100] "GET /ticket2/opencms/system/modules/com.gridnine.opencms.ticketbrokerage.site/resources/css/jquery-ui.css HTTP/1.1" 200 33221
202.8.41.66 - - [05/Jan/2025:01:18:34 +0100] "GET /ticket2/opencms/system/modules/com.gridnine.opencms.ticketbrokerage.site/resources/css/jquery.fancybox.css HTTP/1.1" 200 4939
202.8.41.66 - - [05/Jan/2025:01:18:34 +0100] "GET /ticket2/opencms/system/modules/com.gridnine.opencms.ticketbrokerage.site/resources/js/jquery/jquery.js HTTP/1.1" 200 93868
202.8.41.66 - - [05/Jan/2025:01:18:34 +0100] "GET /ticket2/opencms/system/modules/com.gridnine.opencms.ticketbrokerage.site/resources/js/calendar.js HTTP/1.1" 200 49229
202.8.41.66 - - [05/Jan/2025:01:18:34 +0100] "GET /ticket2/opencms/system/modules/com.gridnine.opencms.ticketbrokerage.site/resources/js/jquery/jquery-ui.js HTTP/1.1" 200 228088
202.8.41.66 - - [05/Jan/2025:01:18:34 +0100] "GET /ticket2/opencms/system/modules/com.gridnine.opencms.ticketbrokerage.site/resources/js/functions.js HTTP/1.1" 200 1583
202.8.41.66 - - [05/Jan/2025:01:18:34 +0100] "GET /ticket2/opencms/system/modules/com.gridnine.opencms.ticketbrokerage.site/resources/js/calendar-en.js HTTP/1.1" 200 3338
202.8.41.66 - - [05/Jan/2025:01:18:34 +0100] "GET /ticket2/opencms/system/modules/com.gridnine.opencms.ticketbrokerage.site/resources/js/stickyfill.min.js HTTP/1.1" 200 5672
202.8.41.66 - - [05/Jan/2025:01:18:34 +0100] "GET /ticket2/opencms/system/modules/com.gridnine.opencms.ticketbrokerage.site/resources/js/jquery.fancybox.pack.js HTTP/1.1" 200 23187
202.8.41.66 - - [05/Jan/2025:01:18:34 +0100] "GET /ticket2/opencms/system/modules/com.gridnine.opencms.ticketbrokerage.site/resources/js/calendar-setup.js HTTP/1.1" 200 4923
202.8.41.66 - - [05/Jan/2025:01:18:34 +0100] "GET /ticket2/opencms/system/modules/com.gridnine.opencms.ticketbrokerage.site/resources/js/standard.js HTTP/1.1" 200 3978
202.8.41.66 - - [05/Jan/2025:01:18:34 +0100] "GET /ticket2/opencms/system/modules/com.gridnine.opencms.ticketbrokerage.site/resources/js/jquery.placeholder.min.js HTTP/1.1" 200 1737
202.8.41.66 - - [05/Jan/2025:01:18:34 +0100] "GET /ticket2/opencms/system/modules/com.gridnine.opencms.ticketbrokerage.site/resources/js/common-ajax.js HTTP/1.1" 200 20175
202.8.41.66 - - [05/Jan/2025:01:18:35 +0100] "GET /ticket2/opencms/nl/ask-form.html HTTP/1.1" 200 3015
202.8.41.66 - - [05/Jan/2025:01:18:35 +0100] "GET /ticket2/opencms/system/modules/com.gridnine.opencms.ticketbrokerage.site/resources/css/ticketbrokerage.css HTTP/1.1" 200 39339
52.167.144.198 - - [05/Jan/2025:01:18:35 +0100] "GET /ticket2/opencms/pl/magazine/article???%20Error%20reading%20resource%20from%20path HTTP/1.1" 200 88595
209.85.238.71 - - [05/Jan/2025:01:18:35 +0100] "GET /ticket2/opencms/sv/sport/fotbollsbiljetter/serie_a/roma/lazio.html HTTP/1.1" 200 93435
188.165.217.198 - - [05/Jan/2025:01:18:35 +0100] "GET /ticket2/opencms/sv/buy/?page=1&edid=E616C922-D35B-E8A3-7710-EAD27B127A97&sortorder=asc&column=price HTTP/1.1" 200 114355
54.36.148.73 - - [05/Jan/2025:01:18:37 +0100] "GET /ticket2/opencms/en/buy/?page=1&edid=FA7F94B4-317A-0ECF-FA42-3F7BBDB83D52 HTTP/1.1" 200 107981
202.8.42.210 - - [05/Jan/2025:01:18:39 +0100] "GET /ticket2/opencms/system/modules/com.gridnine.opencms.ticketbrokerage.site/resources/css/standard.css HTTP/1.1" 200 73081
202.8.42.210 - - [05/Jan/2025:01:18:39 +0100] "GET /ticket2/opencms/system/modules/com.gridnine.opencms.ticketbrokerage.site/resources/css/jquery-ui.css HTTP/1.1" 200 33221
202.8.42.210 - - [05/Jan/2025:01:18:39 +0100] "GET /ticket2/opencms/system/modules/com.gridnine.opencms.ticketbrokerage.site/resources/css/calendar.css HTTP/1.1" 200 6871
202.8.42.210 - - [05/Jan/2025:01:18:39 +0100] "GET /ticket2/opencms/system/modules/com.gridnine.opencms.ticketbrokerage.site/resources/js/jquery/jquery.js HTTP/1.1" 200 93868
202.8.42.210 - - [05/Jan/2025:01:18:39 +0100] "GET /ticket2/opencms/system/modules/com.gridnine.opencms.ticketbrokerage.site/resources/css/ticketbrokerage.css HTTP/1.1" 200 39339
202.8.42.210 - - [05/Jan/2025:01:18:39 +0100] "GET /ticket2/opencms/system/modules/com.gridnine.opencms.ticketbrokerage.site/resources/css/jquery.fancybox.css HTTP/1.1" 200 4939
209.85.238.71 - - [05/Jan/2025:01:18:39 +0100] "GET /ticket2/opencms/sv/sport/basketbiljetter/nba/ HTTP/1.1" 200 88462
192.99.35.94 - - [05/Jan/2025:01:18:39 +0100] "GET /ticket2/opencms/mt/buy/?page=1&edid=B77FE1E7-5650-33DC-BECF-5C05072625BA HTTP/1.1" 200 113339
202.8.42.210 - - [05/Jan/2025:01:18:39 +0100] "GET /ticket2/opencms/system/modules/com.gridnine.opencms.ticketbrokerage.site/resources/js/jquery/jquery-ui.js HTTP/1.1" 200 228088
202.8.42.210 - - [05/Jan/2025:01:18:39 +0100] "GET /ticket2/opencms/system/modules/com.gridnine.opencms.ticketbrokerage.site/resources/js/functions.js HTTP/1.1" 200 1583
202.8.42.210 - - [05/Jan/2025:01:18:39 +0100] "GET /ticket2/opencms/system/modules/com.gridnine.opencms.ticketbrokerage.site/resources/js/calendar-setup.js HTTP/1.1" 200 4923
202.8.42.210 - - [05/Jan/2025:01:18:39 +0100] "GET /ticket2/opencms/system/modules/com.gridnine.opencms.ticketbrokerage.site/resources/js/calendar-en.js HTTP/1.1" 200 3338
202.8.42.210 - - [05/Jan/2025:01:18:39 +0100] "GET /ticket2/opencms/system/modules/com.gridnine.opencms.ticketbrokerage.site/resources/js/calendar.js HTTP/1.1" 200 49229
85.239.238.198 - - [05/Jan/2025:01:18:39 +0100] "GET /ticket2/opencms/be/magazine/ HTTP/1.1" 200 150042
202.8.42.210 - - [05/Jan/2025:01:18:39 +0100] "GET /ticket2/opencms/system/modules/com.gridnine.opencms.ticketbrokerage.site/resources/js/jquery.fancybox.pack.js HTTP/1.1" 200 23187
202.8.42.210 - - [05/Jan/2025:01:18:39 +0100] "GET /ticket2/opencms/system/modules/com.gridnine.opencms.ticketbrokerage.site/resources/js/stickyfill.min.js HTTP/1.1" 200 5672
202.8.42.210 - - [05/Jan/2025:01:18:39 +0100] "GET /ticket2/opencms/system/modules/com.gridnine.opencms.ticketbrokerage.site/resources/js/standard.js HTTP/1.1" 200 3978
202.8.42.210 - - [05/Jan/2025:01:18:39 +0100] "GET /ticket2/opencms/system/modules/com.gridnine.opencms.ticketbrokerage.site/resources/js/jquery.placeholder.min.js HTTP/1.1" 200 1737
202.8.42.210 - - [05/Jan/2025:01:18:39 +0100] "GET /ticket2/opencms/system/modules/com.gridnine.opencms.ticketbrokerage.site/resources/js/common-ajax.js HTTP/1.1" 200 20175
202.8.42.210 - - [05/Jan/2025:01:18:39 +0100] "GET /ticket2/opencms/en/ask-form.html HTTP/1.1" 200 3146
202.8.42.210 - - [05/Jan/2025:01:18:39 +0100] "GET /ticket2/opencms/en/ask-form.html HTTP/1.1" 200 3146
202.8.42.210 - - [05/Jan/2025:01:18:39 +0100] "GET /ticket2/opencms/system/modules/com.gridnine.opencms.ticketbrokerage.site/resources/css/ticketbrokerage.css HTTP/1.1" 200 39339
188.165.217.198 - - [05/Jan/2025:01:18:40 +0100] "GET /ticket2/opencms/sv/buy/?page=1&edid=E616C922-D35B-E8A3-7710-EAD27B127A97&sortorder=asc&column=row HTTP/1.1" 200 114173
114.119.136.30 - - [05/Jan/2025:01:18:40 +0100] "GET /ticket2/opencms/mk/buy?page=1&edid=E3251761-EB52-79D3-066B-585D4F470E3B HTTP/1.1" 404 -
85.239.238.198 - - [05/Jan/2025:01:18:42 +0100] "GET /ticket2/opencms/bg/magazine/ HTTP/1.1" 200 157461
188.165.217.198 - - [05/Jan/2025:01:18:42 +0100] "GET /ticket2/opencms/sv/buy/?page=1&edid=E97574C5-2ECA-77FA-53C0-82F31E103FEE&sortorder=asc&column=section HTTP/1.1" 200 114517
66.249.76.1 - - [05/Jan/2025:01:18:44 +0100] "GET /ticket2/opencms/lt/buy?page=1&edid=8085E80D-BC8F-CDCF-7CC8-2F497FE082D3 HTTP/1.1" 200 137767
54.36.148.188 - - [05/Jan/2025:01:18:45 +0100] "GET /ticket2/opencms/ro/buy?page=1&edid=28603009-1BBB-6024-D289-76A34CC16DB3 HTTP/1.1" 200 113397
188.165.217.198 - - [05/Jan/2025:01:18:46 +0100] "GET /ticket2/opencms/sv/buy/?page=1&edid=EBDCEC51-E03B-2248-9BCD-1064C94BFE84&sortorder=asc&column=price HTTP/1.1" 200 114110
85.239.238.198 - - [05/Jan/2025:01:18:46 +0100] "GET /ticket2/opencms/bg/magazine/article/ HTTP/1.1" 200 89636
66.249.65.193 - - [05/Jan/2025:01:18:47 +0100] "GET /ticket2/opencms/lt/ask-form.html HTTP/1.1" 200 3156
47.128.98.252 - - [05/Jan/2025:01:18:47 +0100] "GET /ticket2/opencms/en/magazine/article?title=champions-league-tickets-on-ticket2 HTTP/1.1" 200 95412
85.239.238.198 - - [05/Jan/2025:01:18:48 +0100] "GET /ticket2/opencms/bg/magazine/article?%20Error%20reading%20resource%20from%20path HTTP/1.1" 200 89584
188.165.217.198 - - [05/Jan/2025:01:18:49 +0100] "GET /ticket2/opencms/sv/buy/?page=1&edid=EBDCEC51-E03B-2248-9BCD-1064C94BFE84&sortorder=asc&column=row HTTP/1.1" 200 113925
202.8.41.154 - - [05/Jan/2025:01:18:49 +0100] "GET /ticket2/opencms/system/modules/com.gridnine.opencms.ticketbrokerage.site/resources/css/jquery-ui.css HTTP/1.1" 200 33221
202.8.41.154 - - [05/Jan/2025:01:18:49 +0100] "GET /ticket2/opencms/system/modules/com.gridnine.opencms.ticketbrokerage.site/resources/css/ticketbrokerage.css HTTP/1.1" 200 39339
202.8.41.154 - - [05/Jan/2025:01:18:49 +0100] "GET /ticket2/opencms/system/modules/com.gridnine.opencms.ticketbrokerage.site/resources/css/calendar.css HTTP/1.1" 200 6871
202.8.41.154 - - [05/Jan/2025:01:18:49 +0100] "GET /ticket2/opencms/system/modules/com.gridnine.opencms.ticketbrokerage.site/resources/css/standard.css HTTP/1.1" 200 73081
202.8.41.154 - - [05/Jan/2025:01:18:49 +0100] "GET /ticket2/opencms/system/modules/com.gridnine.opencms.ticketbrokerage.site/resources/css/jquery.fancybox.css HTTP/1.1" 200 4939
202.8.41.154 - - [05/Jan/2025:01:18:49 +0100] "GET /ticket2/opencms/system/modules/com.gridnine.opencms.ticketbrokerage.site/resources/js/jquery/jquery.js HTTP/1.1" 200 93868
202.8.41.154 - - [05/Jan/2025:01:18:50 +0100] "GET /ticket2/opencms/system/modules/com.gridnine.opencms.ticketbrokerage.site/resources/js/functions.js HTTP/1.1" 200 1583
202.8.41.154 - - [05/Jan/2025:01:18:50 +0100] "GET /ticket2/opencms/system/modules/com.gridnine.opencms.ticketbrokerage.site/resources/js/jquery/jquery-ui.js HTTP/1.1" 200 228088
202.8.41.154 - - [05/Jan/2025:01:18:50 +0100] "GET /ticket2/opencms/system/modules/com.gridnine.opencms.ticketbrokerage.site/resources/js/calendar.js HTTP/1.1" 200 49229
202.8.41.154 - - [05/Jan/2025:01:18:50 +0100] "GET /ticket2/opencms/system/modules/com.gridnine.opencms.ticketbrokerage.site/resources/js/calendar-en.js HTTP/1.1" 200 3338
202.8.41.154 - - [05/Jan/2025:01:18:50 +0100] "GET /ticket2/opencms/system/modules/com.gridnine.opencms.ticketbrokerage.site/resources/js/calendar-setup.js HTTP/1.1" 200 4923
202.8.41.154 - - [05/Jan/2025:01:18:50 +0100] "GET /ticket2/opencms/system/modules/com.gridnine.opencms.ticketbrokerage.site/resources/js/jquery.fancybox.pack.js HTTP/1.1" 200 23187
202.8.41.154 - - [05/Jan/2025:01:18:50 +0100] "GET /ticket2/opencms/system/modules/com.gridnine.opencms.ticketbrokerage.site/resources/js/stickyfill.min.js HTTP/1.1" 200 5672
202.8.41.154 - - [05/Jan/2025:01:18:50 +0100] "GET /ticket2/opencms/system/modules/com.gridnine.opencms.ticketbrokerage.site/resources/js/standard.js HTTP/1.1" 200 3978
202.8.41.154 - - [05/Jan/2025:01:18:50 +0100] "GET /ticket2/opencms/system/modules/com.gridnine.opencms.ticketbrokerage.site/resources/js/jquery.placeholder.min.js HTTP/1.1" 200 1737
202.8.41.154 - - [05/Jan/2025:01:18:50 +0100] "GET /ticket2/opencms/system/modules/com.gridnine.opencms.ticketbrokerage.site/resources/js/common-ajax.js HTTP/1.1" 200 20175
202.8.41.154 - - [05/Jan/2025:01:18:50 +0100] "GET /ticket2/opencms/ro/ask-form.html HTTP/1.1" 200 3156
202.8.41.154 - - [05/Jan/2025:01:18:50 +0100] "GET /ticket2/opencms/ro/ask-form.html HTTP/1.1" 200 3156
47.128.52.247 - - [05/Jan/2025:01:18:50 +0100] "GET /ticket2/opencms/sl/sport/nogometne-vstopnice/english-championship/leeds HTTP/1.1" 200 101977
202.8.41.154 - - [05/Jan/2025:01:18:50 +0100] "GET /ticket2/opencms/system/modules/com.gridnine.opencms.ticketbrokerage.site/resources/css/ticketbrokerage.css HTTP/1.1" 200 39339
54.36.148.214 - - [05/Jan/2025:01:18:50 +0100] "GET /ticket2/opencms/de/buy?page=1&edid=F6626DB9-CF49-C060-B5A0-E4907286C489 HTTP/1.1" 200 109213
47.128.98.252 - - [05/Jan/2025:01:18:51 +0100] "GET /ticket2/opencms/img/IMG_9358.jpeg HTTP/1.1" 200 3656426
202.8.42.210 - - [05/Jan/2025:01:18:51 +0100] "GET /ticket2/opencms/system/modules/com.gridnine.opencms.ticketbrokerage.site/resources/js/standard.js HTTP/1.1" 200 3978
202.8.42.97 - - [05/Jan/2025:01:18:52 +0100] "GET /ticket2/opencms/system/modules/com.gridnine.opencms.ticketbrokerage.site/resources/css/standard.css HTTP/1.1" 200 73081
202.8.42.97 - - [05/Jan/2025:01:18:52 +0100] "GET /ticket2/opencms/system/modules/com.gridnine.opencms.ticketbrokerage.site/resources/css/ticketbrokerage.css HTTP/1.1" 200 39339
202.8.42.97 - - [05/Jan/2025:01:18:52 +0100] "GET /ticket2/opencms/system/modules/com.gridnine.opencms.ticketbrokerage.site/resources/css/jquery.fancybox.css HTTP/1.1" 200 4939
202.8.42.97 - - [05/Jan/2025:01:18:52 +0100] "GET /ticket2/opencms/system/modules/com.gridnine.opencms.ticketbrokerage.site/resources/css/calendar.css HTTP/1.1" 200 6871
47.128.52.247 - - [05/Jan/2025:01:18:52 +0100] "GET /ticket2/opencms/img/hero-team.jpeg HTTP/1.1" 200 73065
202.8.42.97 - - [05/Jan/2025:01:18:52 +0100] "GET /ticket2/opencms/system/modules/com.gridnine.opencms.ticketbrokerage.site/resources/css/jquery-ui.css HTTP/1.1" 200 33221
202.8.42.97 - - [05/Jan/2025:01:18:52 +0100] "GET /ticket2/opencms/system/modules/com.gridnine.opencms.ticketbrokerage.site/resources/js/jquery/jquery.js HTTP/1.1" 200 93868
202.8.42.97 - - [05/Jan/2025:01:18:52 +0100] "GET /ticket2/opencms/system/modules/com.gridnine.opencms.ticketbrokerage.site/resources/js/jquery/jquery-ui.js HTTP/1.1" 200 228088
202.8.42.97 - - [05/Jan/2025:01:18:53 +0100] "GET /ticket2/opencms/system/modules/com.gridnine.opencms.ticketbrokerage.site/resources/js/functions.js HTTP/1.1" 200 1583
202.8.42.97 - - [05/Jan/2025:01:18:53 +0100] "GET /ticket2/opencms/system/modules/com.gridnine.opencms.ticketbrokerage.site/resources/js/calendar.js HTTP/1.1" 200 49229
202.8.42.97 - - [05/Jan/2025:01:18:53 +0100] "GET /ticket2/opencms/system/modules/com.gridnine.opencms.ticketbrokerage.site/resources/js/calendar-en.js HTTP/1.1" 200 3338
202.8.42.97 - - [05/Jan/2025:01:18:53 +0100] "GET /ticket2/opencms/system/modules/com.gridnine.opencms.ticketbrokerage.site/resources/js/calendar-setup.js HTTP/1.1" 200 4923
202.8.42.97 - - [05/Jan/2025:01:18:53 +0100] "GET /ticket2/opencms/system/modules/com.gridnine.opencms.ticketbrokerage.site/resources/js/jquery.fancybox.pack.js HTTP/1.1" 200 23187
202.8.42.97 - - [05/Jan/2025:01:18:53 +0100] "GET /ticket2/opencms/system/modules/com.gridnine.opencms.ticketbrokerage.site/resources/js/stickyfill.min.js HTTP/1.1" 200 5672
202.8.42.97 - - [05/Jan/2025:01:18:53 +0100] "GET /ticket2/opencms/system/modules/com.gridnine.opencms.ticketbrokerage.site/resources/js/standard.js HTTP/1.1" 200 3978
202.8.42.97 - - [05/Jan/2025:01:18:53 +0100] "GET /ticket2/opencms/system/modules/com.gridnine.opencms.ticketbrokerage.site/resources/js/common-ajax.js HTTP/1.1" 200 20175
202.8.42.97 - - [05/Jan/2025:01:18:53 +0100] "GET /ticket2/opencms/system/modules/com.gridnine.opencms.ticketbrokerage.site/resources/js/jquery.placeholder.min.js HTTP/1.1" 200 1737
188.165.217.198 - - [05/Jan/2025:01:18:54 +0100] "GET /ticket2/opencms/sv/buy/?page=1&edid=EBDCEC51-E03B-2248-9BCD-1064C94BFE84&sortorder=asc&column=section HTTP/1.1" 200 114233
202.8.42.97 - - [05/Jan/2025:01:18:55 +0100] "GET /ticket2/opencms/de/ask-form.html HTTP/1.1" 200 3156
202.8.42.97 - - [05/Jan/2025:01:18:55 +0100] "GET /ticket2/opencms/system/modules/com.gridnine.opencms.ticketbrokerage.site/resources/css/ticketbrokerage.css HTTP/1.1" 200 39339
85.239.238.198 - - [05/Jan/2025:01:18:55 +0100] "GET /ticket2/opencms/bg/magazine/ HTTP/1.1" 200 157549
192.99.35.94 - - [05/Jan/2025:01:18:55 +0100] "GET /ticket2/opencms/mt/buy/?page=1&edid=B7B5EA21-D0E1-5D4C-90B1-C2CC29A8B7DF HTTP/1.1" 200 119582
85.239.238.198 - - [05/Jan/2025:01:18:58 +0100] "GET /ticket2/opencms/bs/magazine/ HTTP/1.1" 200 148390
188.165.217.198 - - [05/Jan/2025:01:18:58 +0100] "GET /ticket2/opencms/sv/buy/?page=1&edid=EE417B89-64C4-7CA0-5804-69CEB33A53C3&sortorder=asc&column=price HTTP/1.1" 200 114450
54.36.148.70 - - [05/Jan/2025:01:18:59 +0100] "GET /ticket2/opencms/mt/buy/?page=1&edid=921154C3-BF4F-9061-5CFB-8ECC0A8A34AE HTTP/1.1" 200 110076
202.8.40.62 - - [05/Jan/2025:01:19:00 +0100] "GET /ticket2/opencms/system/modules/com.gridnine.opencms.ticketbrokerage.site/resources/css/jquery-ui.css HTTP/1.1" 200 33221
202.8.40.62 - - [05/Jan/2025:01:19:00 +0100] "GET /ticket2/opencms/system/modules/com.gridnine.opencms.ticketbrokerage.site/resources/css/jquery.fancybox.css HTTP/1.1" 200 4939
202.8.40.62 - - [05/Jan/2025:01:19:00 +0100] "GET /ticket2/opencms/system/modules/com.gridnine.opencms.ticketbrokerage.site/resources/css/ticketbrokerage.css HTTP/1.1" 200 39339
202.8.40.62 - - [05/Jan/2025:01:19:00 +0100] "GET /ticket2/opencms/system/modules/com.gridnine.opencms.ticketbrokerage.site/resources/css/calendar.css HTTP/1.1" 200 6871
202.8.40.62 - - [05/Jan/2025:01:19:00 +0100] "GET /ticket2/opencms/system/modules/com.gridnine.opencms.ticketbrokerage.site/resources/css/standard.css HTTP/1.1" 200 73081
202.8.40.62 - - [05/Jan/2025:01:19:00 +0100] "GET /ticket2/opencms/system/modules/com.gridnine.opencms.ticketbrokerage.site/resources/js/jquery/jquery.js HTTP/1.1" 200 93868
202.8.40.62 - - [05/Jan/2025:01:19:00 +0100] "GET /ticket2/opencms/system/modules/com.gridnine.opencms.ticketbrokerage.site/resources/js/jquery/jquery-ui.js HTTP/1.1" 200 228088
202.8.40.62 - - [05/Jan/2025:01:19:00 +0100] "GET /ticket2/opencms/system/modules/com.gridnine.opencms.ticketbrokerage.site/resources/js/functions.js HTTP/1.1" 200 1583
202.8.40.62 - - [05/Jan/2025:01:19:00 +0100] "GET /ticket2/opencms/system/modules/com.gridnine.opencms.ticketbrokerage.site/resources/js/calendar.js HTTP/1.1" 200 49229
202.8.40.62 - - [05/Jan/2025:01:19:00 +0100] "GET /ticket2/opencms/system/modules/com.gridnine.opencms.ticketbrokerage.site/resources/js/calendar-en.js HTTP/1.1" 200 3338
202.8.40.62 - - [05/Jan/2025:01:19:00 +0100] "GET /ticket2/opencms/system/modules/com.gridnine.opencms.ticketbrokerage.site/resources/js/calendar-setup.js HTTP/1.1" 200 4923
202.8.40.62 - - [05/Jan/2025:01:19:00 +0100] "GET /ticket2/opencms/system/modules/com.gridnine.opencms.ticketbrokerage.site/resources/js/jquery.fancybox.pack.js HTTP/1.1" 200 23187
202.8.40.62 - - [05/Jan/2025:01:19:00 +0100] "GET /ticket2/opencms/system/modules/com.gridnine.opencms.ticketbrokerage.site/resources/js/stickyfill.min.js HTTP/1.1" 200 5672
202.8.40.62 - - [05/Jan/2025:01:19:00 +0100] "GET /ticket2/opencms/system/modules/com.gridnine.opencms.ticketbrokerage.site/resources/js/standard.js HTTP/1.1" 200 3978
85.239.238.198 - - [05/Jan/2025:01:19:00 +0100] "GET /ticket2/opencms/bs/magazine/article/ HTTP/1.1" 200 88477
202.8.40.62 - - [05/Jan/2025:01:19:00 +0100] "GET /ticket2/opencms/system/modules/com.gridnine.opencms.ticketbrokerage.site/resources/js/jquery.placeholder.min.js HTTP/1.1" 200 1737
202.8.40.62 - - [05/Jan/2025:01:19:00 +0100] "GET /ticket2/opencms/system/modules/com.gridnine.opencms.ticketbrokerage.site/resources/js/common-ajax.js HTTP/1.1" 200 20175
202.8.40.62 - - [05/Jan/2025:01:19:01 +0100] "GET /ticket2/opencms/mt/ask-form.html HTTP/1.1" 200 3156
202.8.40.62 - - [05/Jan/2025:01:19:01 +0100] "GET /ticket2/opencms/system/modules/com.gridnine.opencms.ticketbrokerage.site/resources/css/ticketbrokerage.css HTTP/1.1" 200 39339
192.99.35.94 - - [05/Jan/2025:01:19:01 +0100] "GET /ticket2/opencms/mt/buy/?page=1&edid=B7C31852-4938-05B8-A23C-0248E7A3D5BA HTTP/1.1" 200 134828
188.165.217.198 - - [05/Jan/2025:01:19:02 +0100] "GET /ticket2/opencms/sv/buy/?page=1&edid=EE417B89-64C4-7CA0-5804-69CEB33A53C3&sortorder=asc&column=row HTTP/1.1" 200 114270
85.239.238.198 - - [05/Jan/2025:01:19:02 +0100] "GET /ticket2/opencms/bs/magazine/article?%20Error%20reading%20resource%20from%20path HTTP/1.1" 200 88519
188.165.217.198 - - [05/Jan/2025:01:19:04 +0100] "GET /ticket2/opencms/sv/buy/?page=1&edid=EE417B89-64C4-7CA0-5804-69CEB33A53C3&sortorder=asc&column=section HTTP/1.1" 200 114463
185.191.171.12 - - [05/Jan/2025:01:19:04 +0100] "GET /ticket2/opencms/el/magazine/article?title=cole-palmer-apofasizei-ton-agwna-kai-o-alexander-isak-epistrefei HTTP/1.1" 200 95784
54.36.149.36 - - [05/Jan/2025:01:19:05 +0100] "GET /ticket2/opencms/dk/buy?page=1&edid=3583D5C7-607A-E528-A709-844E6A72DC1B HTTP/1.1" 200 140809
202.8.42.30 - - [05/Jan/2025:01:19:06 +0100] "GET /ticket2/opencms/system/modules/com.gridnine.opencms.ticketbrokerage.site/resources/css/jquery-ui.css HTTP/1.1" 200 33221
202.8.42.30 - - [05/Jan/2025:01:19:06 +0100] "GET /ticket2/opencms/system/modules/com.gridnine.opencms.ticketbrokerage.site/resources/css/ticketbrokerage.css HTTP/1.1" 200 39339
202.8.42.30 - - [05/Jan/2025:01:19:06 +0100] "GET /ticket2/opencms/system/modules/com.gridnine.opencms.ticketbrokerage.site/resources/css/jquery.fancybox.css HTTP/1.1" 200 4939
202.8.42.30 - - [05/Jan/2025:01:19:06 +0100] "GET /ticket2/opencms/system/modules/com.gridnine.opencms.ticketbrokerage.site/resources/js/jquery/jquery.js HTTP/1.1" 200 93868
202.8.42.30 - - [05/Jan/2025:01:19:06 +0100] "GET /ticket2/opencms/system/modules/com.gridnine.opencms.ticketbrokerage.site/resources/css/standard.css HTTP/1.1" 200 73081
202.8.42.30 - - [05/Jan/2025:01:19:06 +0100] "GET /ticket2/opencms/system/modules/com.gridnine.opencms.ticketbrokerage.site/resources/css/calendar.css HTTP/1.1" 200 6871
202.8.42.30 - - [05/Jan/2025:01:19:06 +0100] "GET /ticket2/opencms/system/modules/com.gridnine.opencms.ticketbrokerage.site/resources/js/jquery/jquery-ui.js HTTP/1.1" 200 228088
202.8.42.30 - - [05/Jan/2025:01:19:06 +0100] "GET /ticket2/opencms/system/modules/com.gridnine.opencms.ticketbrokerage.site/resources/js/functions.js HTTP/1.1" 200 1583
202.8.42.30 - - [05/Jan/2025:01:19:06 +0100] "GET /ticket2/opencms/system/modules/com.gridnine.opencms.ticketbrokerage.site/resources/js/calendar.js HTTP/1.1" 200 49229
202.8.42.30 - - [05/Jan/2025:01:19:06 +0100] "GET /ticket2/opencms/system/modules/com.gridnine.opencms.ticketbrokerage.site/resources/js/calendar-en.js HTTP/1.1" 200 3338
202.8.42.30 - - [05/Jan/2025:01:19:06 +0100] "GET /ticket2/opencms/system/modules/com.gridnine.opencms.ticketbrokerage.site/resources/js/calendar-setup.js HTTP/1.1" 200 4923
202.8.42.30 - - [05/Jan/2025:01:19:06 +0100] "GET /ticket2/opencms/system/modules/com.gridnine.opencms.ticketbrokerage.site/resources/js/jquery.fancybox.pack.js HTTP/1.1" 200 23187
202.8.42.30 - - [05/Jan/2025:01:19:06 +0100] "GET /ticket2/opencms/system/modules/com.gridnine.opencms.ticketbrokerage.site/resources/js/stickyfill.min.js HTTP/1.1" 200 5672
202.8.42.30 - - [05/Jan/2025:01:19:06 +0100] "GET /ticket2/opencms/system/modules/com.gridnine.opencms.ticketbrokerage.site/resources/js/standard.js HTTP/1.1" 200 3978
188.165.217.198 - - [05/Jan/2025:01:19:06 +0100] "GET /ticket2/opencms/sv/buy/?page=1&edid=EEAD356B-3645-CE9D-FC5B-B616EA0D555C&sortorder=asc&column=price HTTP/1.1" 200 114041
202.8.42.30 - - [05/Jan/2025:01:19:07 +0100] "GET /ticket2/opencms/system/modules/com.gridnine.opencms.ticketbrokerage.site/resources/js/jquery.placeholder.min.js HTTP/1.1" 200 1737
202.8.42.30 - - [05/Jan/2025:01:19:07 +0100] "GET /ticket2/opencms/system/modules/com.gridnine.opencms.ticketbrokerage.site/resources/js/common-ajax.js HTTP/1.1" 200 20175
202.8.42.30 - - [05/Jan/2025:01:19:07 +0100] "GET /ticket2/opencms/dk/ask-form.html HTTP/1.1" 200 2971
202.8.42.30 - - [05/Jan/2025:01:19:07 +0100] "GET /ticket2/opencms/dk/ask-form.html HTTP/1.1" 200 2971
202.8.42.30 - - [05/Jan/2025:01:19:07 +0100] "GET /ticket2/opencms/system/modules/com.gridnine.opencms.ticketbrokerage.site/resources/css/ticketbrokerage.css HTTP/1.1" 200 39339
85.239.238.198 - - [05/Jan/2025:01:19:08 +0100] "GET /ticket2/opencms/bs/magazine/ HTTP/1.1" 200 148402
192.99.35.94 - - [05/Jan/2025:01:19:08 +0100] "GET /ticket2/opencms/mt/buy/?page=1&edid=B7E87373-4E91-4192-46CD-A0665726782B HTTP/1.1" 200 112965
188.165.217.198 - - [05/Jan/2025:01:19:09 +0100] "GET /ticket2/opencms/sv/buy/?page=1&edid=EEAD356B-3645-CE9D-FC5B-B616EA0D555C&sortorder=asc&column=row HTTP/1.1" 200 113900
85.239.238.198 - - [05/Jan/2025:01:19:10 +0100] "GET /ticket2/opencms/cs/magazine/ HTTP/1.1" 200 150680
54.36.148.208 - - [05/Jan/2025:01:19:11 +0100] "GET /ticket2/opencms/fi/buy/?page=1&edid=696D5B95-E686-DB57-A55C-2EEBDCC864DE HTTP/1.1" 200 112654
202.8.40.159 - - [05/Jan/2025:01:19:12 +0100] "GET /ticket2/opencms/system/modules/com.gridnine.opencms.ticketbrokerage.site/resources/css/jquery.fancybox.css HTTP/1.1" 200 4939
202.8.40.159 - - [05/Jan/2025:01:19:12 +0100] "GET /ticket2/opencms/system/modules/com.gridnine.opencms.ticketbrokerage.site/resources/css/calendar.css HTTP/1.1" 200 6871
202.8.40.159 - - [05/Jan/2025:01:19:12 +0100] "GET /ticket2/opencms/system/modules/com.gridnine.opencms.ticketbrokerage.site/resources/css/jquery-ui.css HTTP/1.1" 200 33221
202.8.40.159 - - [05/Jan/2025:01:19:12 +0100] "GET /ticket2/opencms/system/modules/com.gridnine.opencms.ticketbrokerage.site/resources/css/standard.css HTTP/1.1" 200 73081
202.8.40.159 - - [05/Jan/2025:01:19:12 +0100] "GET /ticket2/opencms/system/modules/com.gridnine.opencms.ticketbrokerage.site/resources/css/ticketbrokerage.css HTTP/1.1" 200 39339
202.8.40.159 - - [05/Jan/2025:01:19:12 +0100] "GET /ticket2/opencms/system/modules/com.gridnine.opencms.ticketbrokerage.site/resources/js/calendar.js HTTP/1.1" 200 49229
202.8.40.159 - - [05/Jan/2025:01:19:12 +0100] "GET /ticket2/opencms/system/modules/com.gridnine.opencms.ticketbrokerage.site/resources/js/calendar-setup.js HTTP/1.1" 200 4923
202.8.40.159 - - [05/Jan/2025:01:19:12 +0100] "GET /ticket2/opencms/system/modules/com.gridnine.opencms.ticketbrokerage.site/resources/js/jquery/jquery-ui.js HTTP/1.1" 200 228088
202.8.40.159 - - [05/Jan/2025:01:19:12 +0100] "GET /ticket2/opencms/system/modules/com.gridnine.opencms.ticketbrokerage.site/resources/js/calendar-en.js HTTP/1.1" 200 3338
202.8.40.159 - - [05/Jan/2025:01:19:12 +0100] "GET /ticket2/opencms/system/modules/com.gridnine.opencms.ticketbrokerage.site/resources/js/functions.js HTTP/1.1" 200 1583
202.8.40.159 - - [05/Jan/2025:01:19:12 +0100] "GET /ticket2/opencms/system/modules/com.gridnine.opencms.ticketbrokerage.site/resources/js/jquery.fancybox.pack.js HTTP/1.1" 200 23187
202.8.40.159 - - [05/Jan/2025:01:19:12 +0100] "GET /ticket2/opencms/system/modules/com.gridnine.opencms.ticketbrokerage.site/resources/js/stickyfill.min.js HTTP/1.1" 200 5672
202.8.40.159 - - [05/Jan/2025:01:19:12 +0100] "GET /ticket2/opencms/system/modules/com.gridnine.opencms.ticketbrokerage.site/resources/js/standard.js HTTP/1.1" 200 3978
202.8.40.159 - - [05/Jan/2025:01:19:12 +0100] "GET /ticket2/opencms/system/modules/com.gridnine.opencms.ticketbrokerage.site/resources/js/jquery/jquery.js HTTP/1.1" 200 93868
85.239.238.198 - - [05/Jan/2025:01:19:12 +0100] "GET /ticket2/opencms/cs/magazine/article/ HTTP/1.1" 200 88667
202.8.40.159 - - [05/Jan/2025:01:19:12 +0100] "GET /ticket2/opencms/system/modules/com.gridnine.opencms.ticketbrokerage.site/resources/js/jquery.placeholder.min.js HTTP/1.1" 200 1737
202.8.40.159 - - [05/Jan/2025:01:19:12 +0100] "GET /ticket2/opencms/system/modules/com.gridnine.opencms.ticketbrokerage.site/resources/js/common-ajax.js HTTP/1.1" 200 20175
202.8.40.159 - - [05/Jan/2025:01:19:13 +0100] "GET /ticket2/opencms/fi/ask-form.html HTTP/1.1" 200 3012
202.8.40.159 - - [05/Jan/2025:01:19:13 +0100] "GET /ticket2/opencms/system/modules/com.gridnine.opencms.ticketbrokerage.site/resources/css/ticketbrokerage.css HTTP/1.1" 200 39339
192.99.35.94 - - [05/Jan/2025:01:19:14 +0100] "GET /ticket2/opencms/mt/buy/?page=1&edid=B8A6965B-216E-27C8-9A3D-21241346030F HTTP/1.1" 200 116134
85.239.238.198 - - [05/Jan/2025:01:19:15 +0100] "GET /ticket2/opencms/cs/magazine/article?%20Error%20reading%20resource%20from%20path HTTP/1.1" 200 88725
