202.8.43.14 - - [08/Jan/2025:00:47:08 +0100] "GET /ticket2/opencms/system/modules/com.gridnine.opencms.ticketbrokerage.site/resources/js/standard.js HTTP/1.1" 200 3978
202.8.43.14 - - [08/Jan/2025:00:47:08 +0100] "GET /ticket2/opencms/system/modules/com.gridnine.opencms.ticketbrokerage.site/resources/js/jquery.placeholder.min.js HTTP/1.1" 200 1737
52.167.144.228 - - [08/Jan/2025:00:47:08 +0100] "GET /ticket2/opencms/fi/?page=6&comcatid=A17713B6-D984-201A-4143-ED4DB5ED5C2E&catid=0A6C99D2-F5BD-7A18-9A5F-5668827042E0&eventid=04745230-C0F0-DC87-23F9-862A2DFE2F25 HTTP/1.1" 200 100811
202.8.43.14 - - [08/Jan/2025:00:47:08 +0100] "GET /ticket2/opencms/system/modules/com.gridnine.opencms.ticketbrokerage.site/resources/js/common-ajax.js HTTP/1.1" 200 20175
114.119.138.214 - - [08/Jan/2025:00:47:09 +0100] "GET /ticket2/opencms/en/venue/?venueid=D6B932F5-AC31-3BF8-6049-E431104053F1 HTTP/1.1" 200 85021
81.17.57.144 - - [08/Jan/2025:00:47:10 +0100] "GET /ticket2/opencms/en/buy/?page=1&edid=1CD45B26-42BC-1DAA-4F00-6506E7EEA7FD&sortorder=asc&column=section HTTP/1.1" 200 109986
52.167.144.228 - - [08/Jan/2025:00:47:13 +0100] "GET /ticket2/opencms/bg/?page=6&comcatid=A17713B6-D984-201A-4143-ED4DB5ED5C2E&catid=515A9A29-35A0-2DB8-262B-AEF122DB04F6 HTTP/1.1" 200 102488
81.17.57.144 - - [08/Jan/2025:00:47:14 +0100] "GET /ticket2/opencms/en/buy/?page=1&edid=206ED6C7-3CE7-5CA0-4BB3-B7330F14E50F&sortorder=desc&column=price HTTP/1.1" 200 109898
81.17.57.144 - - [08/Jan/2025:00:47:18 +0100] "GET /ticket2/opencms/en/buy/?page=1&edid=206ED6C7-3CE7-5CA0-4BB3-B7330F14E50F&sortorder=desc&column=section HTTP/1.1" 200 110098
81.17.57.144 - - [08/Jan/2025:00:47:21 +0100] "GET /ticket2/opencms/en/buy/?page=1&edid=218B4836-28FD-C72A-82AC-AAD1AAADA47F&sortorder=desc&column=row HTTP/1.1" 200 113036
81.17.57.144 - - [08/Jan/2025:00:47:25 +0100] "GET /ticket2/opencms/en/buy/?page=1&edid=21AF03A2-2F1D-66D0-BFA2-40F5742741D8&sortorder=desc&column=row HTTP/1.1" 200 111949
81.17.57.144 - - [08/Jan/2025:00:47:30 +0100] "GET /ticket2/opencms/en/buy/?page=1&edid=21CACDC7-0438-FD22-526F-6D42C4B91AF7&sortorder=asc&column=row HTTP/1.1" 200 112976
185.191.171.11 - - [08/Jan/2025:00:47:34 +0100] "GET /ticket2/opencms/sr/magazine/article?title=kilijan-mbape HTTP/1.1" 200 93508
81.17.57.144 - - [08/Jan/2025:00:47:34 +0100] "GET /ticket2/opencms/en/buy/?page=1&edid=27ED3A9B-C3A0-FC96-5824-D0E156DC38BF&sortorder=desc&column=price HTTP/1.1" 200 113781
81.17.57.144 - - [08/Jan/2025:00:47:38 +0100] "GET /ticket2/opencms/en/buy/?page=1&edid=2946B44C-614C-B458-AD25-19BAB8520213&sortorder=asc&column=price HTTP/1.1" 200 111111
52.167.144.18 - - [08/Jan/2025:00:47:40 +0100] "GET /ticket2/opencms/mo/buy?page=1&edid=F70FF3E6-2D68-06C1-2E1B-CFF8AEEA395A HTTP/1.1" 200 124967
81.17.57.144 - - [08/Jan/2025:00:47:42 +0100] "GET /ticket2/opencms/en/buy/?page=1&edid=294F17B7-744E-4BB6-3486-8E45BFCF45D8&sortorder=desc&column=price HTTP/1.1" 200 113381
114.119.139.202 - - [08/Jan/2025:00:47:42 +0100] "GET /ticket2/opencms/en/buy?page=10&eventid=9F2135C0-926A-6F2D-349D-384B068ADC1C&venueid=66E1E988-5937-F001-455A-788C6919D4BB HTTP/1.1" 200 6410
81.17.57.144 - - [08/Jan/2025:00:47:46 +0100] "GET /ticket2/opencms/en/buy/?page=1&edid=2EED34F6-5C2B-A7AD-06F9-0E781DE8D640&sortorder=asc&column=section HTTP/1.1" 200 113033
81.17.57.144 - - [08/Jan/2025:00:47:50 +0100] "GET /ticket2/opencms/en/buy/?page=1&edid=2F2A5072-295A-D707-553D-D36BF8CA313B HTTP/1.1" 200 111407
81.17.57.144 - - [08/Jan/2025:00:47:54 +0100] "GET /ticket2/opencms/en/buy/?page=1&edid=367C01C8-55E8-5761-77A6-1E1A5784FE1B&sortorder=asc&column=section HTTP/1.1" 200 113756
66.249.76.160 - - [08/Jan/2025:00:47:55 +0100] "GET /ticket2/opencms/set_aff_cookie.jsp?partner=6F250EA7-4505-FA01-D601-8847F2573405&url=%252Fsv%252Fbuy%252Findex.html%253Fpage%253D1%2526edid%253D399D5857-E3F3-B9C2-E01C-0D17705EC245%2526hlv%253D60f81f51-1fb4-4e51-b82e-602a0a01000f%2523v1150884459 HTTP/1.1" 200 246
81.17.57.144 - - [08/Jan/2025:00:47:58 +0100] "GET /ticket2/opencms/en/buy/?page=1&edid=3689E117-05AE-6AA6-970E-FD9977AC75C7&sortorder=asc&column=price HTTP/1.1" 200 113138
81.17.57.144 - - [08/Jan/2025:00:48:02 +0100] "GET /ticket2/opencms/en/buy/?page=1&edid=3689E117-05AE-6AA6-970E-FD9977AC75C7&sortorder=asc&column=row HTTP/1.1" 200 112940
81.17.57.144 - - [08/Jan/2025:00:48:06 +0100] "GET /ticket2/opencms/en/buy/?page=1&edid=62609C30-7BA6-57E0-FB27-59BBE9048E9D&sortorder=desc&column=price HTTP/1.1" 200 113700
193.70.81.116 - - [08/Jan/2025:00:48:06 +0100] "GET /ticket2/opencms/robots.txt HTTP/1.1" 200 773
193.70.81.116 - - [08/Jan/2025:00:48:08 +0100] "GET /ticket2/opencms/el/magazine/article?%20Error%20reading%20resource%20from%20path HTTP/1.1" 200 90715
81.17.57.144 - - [08/Jan/2025:00:48:10 +0100] "GET /ticket2/opencms/en/buy/?page=1&edid=65DE09A5-CD2E-4A41-80F5-C70B8B080A91&sortorder=desc&column=price HTTP/1.1" 200 109897
81.17.57.144 - - [08/Jan/2025:00:48:13 +0100] "GET /ticket2/opencms/en/buy/?page=1&edid=6B1C747D-2234-E897-0F34-AC6F796C34A5&sortorder=desc&column=section HTTP/1.1" 200 112827
216.244.66.238 - - [08/Jan/2025:00:48:17 +0100] "GET /ticket2/opencms/no/buy?page=1&edid=BA98F497-79D9-0BA1-3E19-B45BB0763E07 HTTP/1.1" 200 112894
81.17.57.144 - - [08/Jan/2025:00:48:18 +0100] "GET /ticket2/opencms/en/buy/?page=1&edid=6B3BF078-C100-90F5-6150-C146B5879A8A&sortorder=asc&column=row HTTP/1.1" 200 111979
40.77.167.20 - - [08/Jan/2025:00:48:20 +0100] "GET /ticket2/opencms/de/buy/?page=1&edid=E66C4511-572E-0FE6-424C-55176043377C HTTP/1.1" 200 109197
81.17.57.144 - - [08/Jan/2025:00:48:21 +0100] "GET /ticket2/opencms/en/buy/?page=1&edid=75B1AAC4-1735-8EB6-727D-C58CD7B8C873&sortorder=asc&column=section HTTP/1.1" 200 113287
81.17.57.144 - - [08/Jan/2025:00:48:25 +0100] "GET /ticket2/opencms/en/buy/?page=1&edid=7B851125-AE77-B307-573A-420FFBA49AB8&sortorder=asc&column=row HTTP/1.1" 200 112935
81.17.57.144 - - [08/Jan/2025:00:48:29 +0100] "GET /ticket2/opencms/en/buy/?page=1&edid=7BE80F00-2774-9750-D835-26047A5CC0BC&sortorder=desc&column=row HTTP/1.1" 200 113058
81.17.57.144 - - [08/Jan/2025:00:48:33 +0100] "GET /ticket2/opencms/en/buy/?page=1&edid=7CC9F686-E01E-7AA7-6B2C-57C81D223169&sortorder=asc&column=price HTTP/1.1" 200 111997
81.17.57.144 - - [08/Jan/2025:00:48:37 +0100] "GET /ticket2/opencms/en/buy/?page=1&edid=7D0648F8-3AD0-8F78-E994-E700AC212971&sortorder=asc&column=price HTTP/1.1" 200 112252
81.17.57.144 - - [08/Jan/2025:00:48:41 +0100] "GET /ticket2/opencms/en/buy/?page=1&edid=7D0648F8-3AD0-8F78-E994-E700AC212971&sortorder=asc&column=row HTTP/1.1" 200 112151
40.77.167.20 - - [08/Jan/2025:00:48:41 +0100] "GET /ticket2/opencms/sr/?page=6&comcatid=A17713B6-D984-201A-4143-ED4DB5ED5C2E&catid=70B37487-FE30-D476-CAE7-E6AFEA3153F2 HTTP/1.1" 200 101590
81.17.57.144 - - [08/Jan/2025:00:48:45 +0100] "GET /ticket2/opencms/en/buy/?page=1&edid=7D0648F8-3AD0-8F78-E994-E700AC212971&sortorder=asc&column=section HTTP/1.1" 200 112374
81.17.57.144 - - [08/Jan/2025:00:48:48 +0100] "GET /ticket2/opencms/en/buy/?page=1&edid=7D0648F8-3AD0-8F78-E994-E700AC212971&sortorder=desc&column=row HTTP/1.1" 200 112221
81.17.57.144 - - [08/Jan/2025:00:48:52 +0100] "GET /ticket2/opencms/en/buy/?page=1&edid=7DAE74E8-C4A2-8C27-1B6F-A1C7846A527A&sortorder=asc&column=row HTTP/1.1" 200 113012
54.36.148.129 - - [08/Jan/2025:00:48:55 +0100] "GET /ticket2/opencms/dk/buy?page=1&edid=92DC823E-E3EC-5F8E-9A75-457391D3E143 HTTP/1.1" 200 111632
81.17.57.144 - - [08/Jan/2025:00:48:56 +0100] "GET /ticket2/opencms/en/buy/?page=1&edid=7DAE74E8-C4A2-8C27-1B6F-A1C7846A527A&sortorder=asc&column=section HTTP/1.1" 200 113223
202.8.40.12 - - [08/Jan/2025:00:48:56 +0100] "GET /ticket2/opencms/system/modules/com.gridnine.opencms.ticketbrokerage.site/resources/css/jquery.fancybox.css HTTP/1.1" 200 4939
202.8.40.12 - - [08/Jan/2025:00:48:56 +0100] "GET /ticket2/opencms/system/modules/com.gridnine.opencms.ticketbrokerage.site/resources/css/calendar.css HTTP/1.1" 200 6871
202.8.40.12 - - [08/Jan/2025:00:48:56 +0100] "GET /ticket2/opencms/system/modules/com.gridnine.opencms.ticketbrokerage.site/resources/css/ticketbrokerage.css HTTP/1.1" 200 39339
202.8.40.12 - - [08/Jan/2025:00:48:56 +0100] "GET /ticket2/opencms/system/modules/com.gridnine.opencms.ticketbrokerage.site/resources/css/jquery-ui.css HTTP/1.1" 200 33221
202.8.40.12 - - [08/Jan/2025:00:48:56 +0100] "GET /ticket2/opencms/system/modules/com.gridnine.opencms.ticketbrokerage.site/resources/css/standard.css HTTP/1.1" 200 73081
202.8.40.12 - - [08/Jan/2025:00:48:56 +0100] "GET /ticket2/opencms/system/modules/com.gridnine.opencms.ticketbrokerage.site/resources/js/jquery/jquery-ui.js HTTP/1.1" 200 228088
202.8.40.12 - - [08/Jan/2025:00:48:56 +0100] "GET /ticket2/opencms/system/modules/com.gridnine.opencms.ticketbrokerage.site/resources/js/jquery/jquery.js HTTP/1.1" 200 93868
202.8.40.12 - - [08/Jan/2025:00:48:56 +0100] "GET /ticket2/opencms/system/modules/com.gridnine.opencms.ticketbrokerage.site/resources/js/functions.js HTTP/1.1" 200 1583
202.8.40.12 - - [08/Jan/2025:00:48:56 +0100] "GET /ticket2/opencms/system/modules/com.gridnine.opencms.ticketbrokerage.site/resources/js/calendar.js HTTP/1.1" 200 49229
202.8.40.12 - - [08/Jan/2025:00:48:56 +0100] "GET /ticket2/opencms/system/modules/com.gridnine.opencms.ticketbrokerage.site/resources/js/calendar-en.js HTTP/1.1" 200 3338
202.8.40.12 - - [08/Jan/2025:00:48:56 +0100] "GET /ticket2/opencms/system/modules/com.gridnine.opencms.ticketbrokerage.site/resources/js/calendar-setup.js HTTP/1.1" 200 4923
202.8.40.12 - - [08/Jan/2025:00:48:56 +0100] "GET /ticket2/opencms/system/modules/com.gridnine.opencms.ticketbrokerage.site/resources/js/jquery.fancybox.pack.js HTTP/1.1" 200 23187
202.8.40.12 - - [08/Jan/2025:00:48:56 +0100] "GET /ticket2/opencms/system/modules/com.gridnine.opencms.ticketbrokerage.site/resources/js/stickyfill.min.js HTTP/1.1" 200 5672
202.8.40.12 - - [08/Jan/2025:00:48:56 +0100] "GET /ticket2/opencms/system/modules/com.gridnine.opencms.ticketbrokerage.site/resources/js/standard.js HTTP/1.1" 200 3978
202.8.40.12 - - [08/Jan/2025:00:48:57 +0100] "GET /ticket2/opencms/system/modules/com.gridnine.opencms.ticketbrokerage.site/resources/js/jquery.placeholder.min.js HTTP/1.1" 200 1737
202.8.40.12 - - [08/Jan/2025:00:48:57 +0100] "GET /ticket2/opencms/system/modules/com.gridnine.opencms.ticketbrokerage.site/resources/js/common-ajax.js HTTP/1.1" 200 20175
202.8.40.12 - - [08/Jan/2025:00:48:57 +0100] "GET /ticket2/opencms/dk/ask-form.html HTTP/1.1" 200 2971
202.8.40.12 - - [08/Jan/2025:00:48:57 +0100] "GET /ticket2/opencms/system/modules/com.gridnine.opencms.ticketbrokerage.site/resources/css/ticketbrokerage.css HTTP/1.1" 200 39339
81.17.57.144 - - [08/Jan/2025:00:49:00 +0100] "GET /ticket2/opencms/en/buy/?page=1&edid=7DC826F0-98C8-2BE2-03D7-B9ADA43AB965&sortorder=desc&column=row HTTP/1.1" 200 111930
81.17.57.144 - - [08/Jan/2025:00:49:04 +0100] "GET /ticket2/opencms/en/buy/?page=1&edid=7FEF6961-5BF1-9DFB-5660-72619EFFF882&sortorder=desc&column=price HTTP/1.1" 200 113187
81.17.57.144 - - [08/Jan/2025:00:49:08 +0100] "GET /ticket2/opencms/en/buy/?page=1&edid=8306671B-449D-8B18-B5D8-8654F10E1EF6&sortorder=desc&column=section HTTP/1.1" 200 112899
114.119.130.210 - - [08/Jan/2025:00:49:09 +0100] "GET /ticket2/opencms/en/buy/?page=1&edid=EFFA6D90-67E6-CFC8-37C5-2E2A99D4EF6A HTTP/1.1" 200 108065
216.244.66.238 - - [08/Jan/2025:00:49:10 +0100] "GET /ticket2/opencms/nl/magazine/article?title=champions-league-tickets-op-ticket2 HTTP/1.1" 200 95254
54.36.149.47 - - [08/Jan/2025:00:49:11 +0100] "GET /ticket2/opencms/es/buy?comcatid=A17713B6-D984-201A-4143-ED4DB5ED5C2E&catid=F2006A3D-5EE0-B40B-5749-60C15271538F HTTP/1.1" 200 6410
81.17.57.144 - - [08/Jan/2025:00:49:12 +0100] "GET /ticket2/opencms/en/buy/?page=1&edid=8CB9900F-6E27-0F63-4F92-A00CD27ED235&sortorder=asc&column=row HTTP/1.1" 200 112201
66.249.79.171 - - [08/Jan/2025:00:49:14 +0100] "GET /ticket2/opencms/sv/buy?page=1&edid=CA58C888-F6D9-C60F-ADB8-6143B0EE43C9 HTTP/1.1" 200 110951
81.17.57.144 - - [08/Jan/2025:00:49:16 +0100] "GET /ticket2/opencms/en/buy/?page=1&edid=8D0833AE-2B01-AC15-150E-0BB34ED20EA0&sortorder=desc&column=price HTTP/1.1" 200 113164
81.17.57.144 - - [08/Jan/2025:00:49:19 +0100] "GET /ticket2/opencms/en/buy/?page=1&edid=8D0833AE-2B01-AC15-150E-0BB34ED20EA0&sortorder=desc&column=row HTTP/1.1" 200 112995
47.128.127.151 - - [08/Jan/2025:00:49:20 +0100] "GET /ticket2/opencms/hu/buy/?edid=125D8704-4F25-BA08-9A7D-175DE227A1FB HTTP/1.1" 200 92719
185.191.171.3 - - [08/Jan/2025:00:49:23 +0100] "GET /ticket2/opencms/ro/sport/bilete-fotbal/champions-league/arsenal/ HTTP/1.1" 200 97169
81.17.57.144 - - [08/Jan/2025:00:49:23 +0100] "GET /ticket2/opencms/en/buy/?page=1&edid=8D0833AE-2B01-AC15-150E-0BB34ED20EA0&sortorder=desc&column=section HTTP/1.1" 200 113348
54.36.148.93 - - [08/Jan/2025:00:49:27 +0100] "GET /ticket2/opencms/el/buy?page=1&edid=92A56E78-70A5-4E7F-4A0E-86D90A27FA9E HTTP/1.1" 200 123157
81.17.57.144 - - [08/Jan/2025:00:49:28 +0100] "GET /ticket2/opencms/en/buy/?page=1&edid=8D9E628C-2B42-F543-B013-065370EDE85E&sortorder=asc&column=price HTTP/1.1" 200 112013
202.8.43.114 - - [08/Jan/2025:00:49:28 +0100] "GET /ticket2/opencms/system/modules/com.gridnine.opencms.ticketbrokerage.site/resources/css/standard.css HTTP/1.1" 200 73081
202.8.43.114 - - [08/Jan/2025:00:49:28 +0100] "GET /ticket2/opencms/system/modules/com.gridnine.opencms.ticketbrokerage.site/resources/css/ticketbrokerage.css HTTP/1.1" 200 39339
202.8.43.114 - - [08/Jan/2025:00:49:28 +0100] "GET /ticket2/opencms/system/modules/com.gridnine.opencms.ticketbrokerage.site/resources/css/calendar.css HTTP/1.1" 200 6871
202.8.43.114 - - [08/Jan/2025:00:49:28 +0100] "GET /ticket2/opencms/system/modules/com.gridnine.opencms.ticketbrokerage.site/resources/css/jquery-ui.css HTTP/1.1" 200 33221
202.8.43.114 - - [08/Jan/2025:00:49:28 +0100] "GET /ticket2/opencms/system/modules/com.gridnine.opencms.ticketbrokerage.site/resources/css/jquery.fancybox.css HTTP/1.1" 200 4939
202.8.43.114 - - [08/Jan/2025:00:49:28 +0100] "GET /ticket2/opencms/system/modules/com.gridnine.opencms.ticketbrokerage.site/resources/js/jquery/jquery.js HTTP/1.1" 200 93868
202.8.43.114 - - [08/Jan/2025:00:49:29 +0100] "GET /ticket2/opencms/system/modules/com.gridnine.opencms.ticketbrokerage.site/resources/js/jquery/jquery-ui.js HTTP/1.1" 200 228088
202.8.43.114 - - [08/Jan/2025:00:49:29 +0100] "GET /ticket2/opencms/system/modules/com.gridnine.opencms.ticketbrokerage.site/resources/js/functions.js HTTP/1.1" 200 1583
202.8.43.114 - - [08/Jan/2025:00:49:29 +0100] "GET /ticket2/opencms/system/modules/com.gridnine.opencms.ticketbrokerage.site/resources/js/calendar.js HTTP/1.1" 200 49229
202.8.43.114 - - [08/Jan/2025:00:49:29 +0100] "GET /ticket2/opencms/system/modules/com.gridnine.opencms.ticketbrokerage.site/resources/js/calendar-setup.js HTTP/1.1" 200 4923
202.8.43.114 - - [08/Jan/2025:00:49:29 +0100] "GET /ticket2/opencms/system/modules/com.gridnine.opencms.ticketbrokerage.site/resources/js/calendar-en.js HTTP/1.1" 200 3338
202.8.43.114 - - [08/Jan/2025:00:49:29 +0100] "GET /ticket2/opencms/system/modules/com.gridnine.opencms.ticketbrokerage.site/resources/js/jquery.fancybox.pack.js HTTP/1.1" 200 23187
202.8.43.114 - - [08/Jan/2025:00:49:29 +0100] "GET /ticket2/opencms/system/modules/com.gridnine.opencms.ticketbrokerage.site/resources/js/stickyfill.min.js HTTP/1.1" 200 5672
202.8.43.114 - - [08/Jan/2025:00:49:29 +0100] "GET /ticket2/opencms/system/modules/com.gridnine.opencms.ticketbrokerage.site/resources/js/standard.js HTTP/1.1" 200 3978
202.8.43.114 - - [08/Jan/2025:00:49:29 +0100] "GET /ticket2/opencms/system/modules/com.gridnine.opencms.ticketbrokerage.site/resources/js/jquery.placeholder.min.js HTTP/1.1" 200 1737
202.8.43.114 - - [08/Jan/2025:00:49:29 +0100] "GET /ticket2/opencms/system/modules/com.gridnine.opencms.ticketbrokerage.site/resources/js/common-ajax.js HTTP/1.1" 200 20175
202.8.43.114 - - [08/Jan/2025:00:49:29 +0100] "GET /ticket2/opencms/el/ask-form.html HTTP/1.1" 200 3156
202.8.43.114 - - [08/Jan/2025:00:49:29 +0100] "GET /ticket2/opencms/system/modules/com.gridnine.opencms.ticketbrokerage.site/resources/css/ticketbrokerage.css HTTP/1.1" 200 39339
202.8.43.114 - - [08/Jan/2025:00:49:29 +0100] "GET /ticket2/opencms/system/modules/com.gridnine.opencms.ticketbrokerage.site/resources/js/standard.js HTTP/1.1" 200 3978
81.17.57.144 - - [08/Jan/2025:00:49:31 +0100] "GET /ticket2/opencms/en/buy/?page=1&edid=8D9E628C-2B42-F543-B013-065370EDE85E&sortorder=asc&column=row HTTP/1.1" 200 111869
81.17.57.144 - - [08/Jan/2025:00:49:35 +0100] "GET /ticket2/opencms/en/buy/?page=1&edid=8D9E628C-2B42-F543-B013-065370EDE85E&sortorder=asc&column=section HTTP/1.1" 200 112133
81.17.57.144 - - [08/Jan/2025:00:49:39 +0100] "GET /ticket2/opencms/en/buy/?page=1&edid=90E73B01-D791-586F-6F20-3478BF142147&sortorder=asc&column=price HTTP/1.1" 200 112049
81.17.57.144 - - [08/Jan/2025:00:49:43 +0100] "GET /ticket2/opencms/en/buy/?page=1&edid=912B3FC9-0EC2-60E5-B474-C1C5F229ED3D&sortorder=asc&column=price HTTP/1.1" 200 113231
114.119.141.178 - - [08/Jan/2025:00:49:43 +0100] "GET /ticket2/opencms/cs/buy?page=1&edid=D0B2E736-5E41-5000-10C5-7A1D185646F4 HTTP/1.1" 200 112600
54.36.148.143 - - [08/Jan/2025:00:49:44 +0100] "GET /ticket2/opencms/ro/buy?page=1&edid=BE9538C3-9C42-28A4-854A-5FADE060382A HTTP/1.1" 200 112217
202.8.42.66 - - [08/Jan/2025:00:49:45 +0100] "GET /ticket2/opencms/system/modules/com.gridnine.opencms.ticketbrokerage.site/resources/css/jquery.fancybox.css HTTP/1.1" 200 4939
202.8.42.66 - - [08/Jan/2025:00:49:45 +0100] "GET /ticket2/opencms/system/modules/com.gridnine.opencms.ticketbrokerage.site/resources/css/calendar.css HTTP/1.1" 200 6871
202.8.42.66 - - [08/Jan/2025:00:49:45 +0100] "GET /ticket2/opencms/system/modules/com.gridnine.opencms.ticketbrokerage.site/resources/css/jquery-ui.css HTTP/1.1" 200 33221
202.8.42.66 - - [08/Jan/2025:00:49:45 +0100] "GET /ticket2/opencms/system/modules/com.gridnine.opencms.ticketbrokerage.site/resources/css/standard.css HTTP/1.1" 200 73081
202.8.42.66 - - [08/Jan/2025:00:49:45 +0100] "GET /ticket2/opencms/system/modules/com.gridnine.opencms.ticketbrokerage.site/resources/js/jquery/jquery-ui.js HTTP/1.1" 200 228088
202.8.42.66 - - [08/Jan/2025:00:49:45 +0100] "GET /ticket2/opencms/system/modules/com.gridnine.opencms.ticketbrokerage.site/resources/css/ticketbrokerage.css HTTP/1.1" 200 39339
202.8.42.66 - - [08/Jan/2025:00:49:45 +0100] "GET /ticket2/opencms/system/modules/com.gridnine.opencms.ticketbrokerage.site/resources/js/functions.js HTTP/1.1" 200 1583
202.8.42.66 - - [08/Jan/2025:00:49:45 +0100] "GET /ticket2/opencms/system/modules/com.gridnine.opencms.ticketbrokerage.site/resources/js/jquery/jquery.js HTTP/1.1" 200 93868
202.8.42.66 - - [08/Jan/2025:00:49:45 +0100] "GET /ticket2/opencms/system/modules/com.gridnine.opencms.ticketbrokerage.site/resources/js/calendar-setup.js HTTP/1.1" 200 4923
202.8.42.66 - - [08/Jan/2025:00:49:45 +0100] "GET /ticket2/opencms/system/modules/com.gridnine.opencms.ticketbrokerage.site/resources/js/calendar-en.js HTTP/1.1" 200 3338
202.8.42.66 - - [08/Jan/2025:00:49:45 +0100] "GET /ticket2/opencms/system/modules/com.gridnine.opencms.ticketbrokerage.site/resources/js/calendar.js HTTP/1.1" 200 49229
202.8.42.66 - - [08/Jan/2025:00:49:45 +0100] "GET /ticket2/opencms/system/modules/com.gridnine.opencms.ticketbrokerage.site/resources/js/jquery.fancybox.pack.js HTTP/1.1" 200 23187
202.8.42.66 - - [08/Jan/2025:00:49:45 +0100] "GET /ticket2/opencms/system/modules/com.gridnine.opencms.ticketbrokerage.site/resources/js/stickyfill.min.js HTTP/1.1" 200 5672
202.8.42.66 - - [08/Jan/2025:00:49:45 +0100] "GET /ticket2/opencms/system/modules/com.gridnine.opencms.ticketbrokerage.site/resources/js/standard.js HTTP/1.1" 200 3978
202.8.42.66 - - [08/Jan/2025:00:49:45 +0100] "GET /ticket2/opencms/system/modules/com.gridnine.opencms.ticketbrokerage.site/resources/js/jquery.placeholder.min.js HTTP/1.1" 200 1737
202.8.42.66 - - [08/Jan/2025:00:49:45 +0100] "GET /ticket2/opencms/system/modules/com.gridnine.opencms.ticketbrokerage.site/resources/js/common-ajax.js HTTP/1.1" 200 20175
202.8.42.66 - - [08/Jan/2025:00:49:45 +0100] "GET /ticket2/opencms/ro/ask-form.html HTTP/1.1" 200 3156
81.17.57.144 - - [08/Jan/2025:00:49:47 +0100] "GET /ticket2/opencms/en/buy/?page=1&edid=92EFA20E-7096-FBC0-93F9-AE2CB1C6652E HTTP/1.1" 200 111466
47.128.98.160 - - [08/Jan/2025:00:49:50 +0100] "GET /ticket2/opencms/fi/venue/ HTTP/1.1" 200 358251
81.17.57.144 - - [08/Jan/2025:00:49:51 +0100] "GET /ticket2/opencms/en/buy/?page=1&edid=96CFE589-81C3-7666-ACE1-6B7AA155DF9D&sortorder=asc&column=section HTTP/1.1" 200 113828
216.244.66.238 - - [08/Jan/2025:00:49:53 +0100] "GET /ticket2/opencms/nl/buy?page=1&edid=65351025-5BC0-55C2-C214-BB8E62D801B4 HTTP/1.1" 200 109845
47.128.27.58 - - [08/Jan/2025:00:49:54 +0100] "GET /ticket2/opencms/is/buy?page=1&edid=D11D82D4-28DA-1768-D317-EF521A2F97E6 HTTP/1.1" 200 113613
114.119.136.146 - - [08/Jan/2025:00:49:54 +0100] "GET /ticket2/opencms/en/venue/?venueid=1E1536E8-AE90-57CE-2DC3-A96AB80E9F2E HTTP/1.1" 200 85034
81.17.57.144 - - [08/Jan/2025:00:49:55 +0100] "GET /ticket2/opencms/en/buy/?page=1&edid=96CFE589-81C3-7666-ACE1-6B7AA155DF9D&sortorder=desc&column=price HTTP/1.1" 200 113707
47.128.27.58 - - [08/Jan/2025:00:49:55 +0100] "GET /ticket2/opencms/is/ask-form.html HTTP/1.1" 200 3156
47.128.27.58 - - [08/Jan/2025:00:49:57 +0100] "GET /ticket2/opencms/venue/old_trafford.png HTTP/1.1" 200 89001
185.191.171.3 - - [08/Jan/2025:00:49:57 +0100] "GET /ticket2/opencms/az/sport/futbol-biletleri/serie-a/inter/ HTTP/1.1" 200 99340
54.36.148.94 - - [08/Jan/2025:00:49:58 +0100] "GET /ticket2/opencms/fr/magazine/article?title=arsenal-se-rapproche-de-liverpool HTTP/1.1" 200 93006
202.8.40.223 - - [08/Jan/2025:00:49:59 +0100] "GET /ticket2/opencms/system/modules/com.gridnine.opencms.ticketbrokerage.site/resources/css/jquery.fancybox.css HTTP/1.1" 200 4939
202.8.40.223 - - [08/Jan/2025:00:49:59 +0100] "GET /ticket2/opencms/system/modules/com.gridnine.opencms.ticketbrokerage.site/resources/css/ticketbrokerage.css HTTP/1.1" 200 39339
202.8.40.223 - - [08/Jan/2025:00:49:59 +0100] "GET /ticket2/opencms/system/modules/com.gridnine.opencms.ticketbrokerage.site/resources/css/jquery-ui.css HTTP/1.1" 200 33221
202.8.40.223 - - [08/Jan/2025:00:49:59 +0100] "GET /ticket2/opencms/system/modules/com.gridnine.opencms.ticketbrokerage.site/resources/css/calendar.css HTTP/1.1" 200 6871
202.8.40.223 - - [08/Jan/2025:00:49:59 +0100] "GET /ticket2/opencms/system/modules/com.gridnine.opencms.ticketbrokerage.site/resources/css/standard.css HTTP/1.1" 200 73081
202.8.40.223 - - [08/Jan/2025:00:49:59 +0100] "GET /ticket2/opencms/system/modules/com.gridnine.opencms.ticketbrokerage.site/resources/js/jquery/jquery.js HTTP/1.1" 200 93868
202.8.40.223 - - [08/Jan/2025:00:49:59 +0100] "GET /ticket2/opencms/system/modules/com.gridnine.opencms.ticketbrokerage.site/resources/js/jquery/jquery-ui.js HTTP/1.1" 200 228088
202.8.40.223 - - [08/Jan/2025:00:49:59 +0100] "GET /ticket2/opencms/system/modules/com.gridnine.opencms.ticketbrokerage.site/resources/js/functions.js HTTP/1.1" 200 1583
202.8.40.223 - - [08/Jan/2025:00:49:59 +0100] "GET /ticket2/opencms/system/modules/com.gridnine.opencms.ticketbrokerage.site/resources/js/calendar.js HTTP/1.1" 200 49229
202.8.40.223 - - [08/Jan/2025:00:49:59 +0100] "GET /ticket2/opencms/system/modules/com.gridnine.opencms.ticketbrokerage.site/resources/js/calendar-en.js HTTP/1.1" 200 3338
202.8.40.223 - - [08/Jan/2025:00:49:59 +0100] "GET /ticket2/opencms/system/modules/com.gridnine.opencms.ticketbrokerage.site/resources/js/calendar-setup.js HTTP/1.1" 200 4923
202.8.40.223 - - [08/Jan/2025:00:49:59 +0100] "GET /ticket2/opencms/system/modules/com.gridnine.opencms.ticketbrokerage.site/resources/js/jquery.fancybox.pack.js HTTP/1.1" 200 23187
202.8.40.223 - - [08/Jan/2025:00:49:59 +0100] "GET /ticket2/opencms/system/modules/com.gridnine.opencms.ticketbrokerage.site/resources/js/stickyfill.min.js HTTP/1.1" 200 5672
202.8.40.223 - - [08/Jan/2025:00:49:59 +0100] "GET /ticket2/opencms/system/modules/com.gridnine.opencms.ticketbrokerage.site/resources/js/standard.js HTTP/1.1" 200 3978
81.17.57.144 - - [08/Jan/2025:00:49:59 +0100] "GET /ticket2/opencms/en/buy/?page=1&edid=9C0D0C60-3B30-A8CB-F04F-8F7739681D1C&sortorder=desc&column=price HTTP/1.1" 200 112354
202.8.40.223 - - [08/Jan/2025:00:49:59 +0100] "GET /ticket2/opencms/system/modules/com.gridnine.opencms.ticketbrokerage.site/resources/js/jquery.placeholder.min.js HTTP/1.1" 200 1737
202.8.40.223 - - [08/Jan/2025:00:49:59 +0100] "GET /ticket2/opencms/system/modules/com.gridnine.opencms.ticketbrokerage.site/resources/js/common-ajax.js HTTP/1.1" 200 20175
54.36.148.253 - - [08/Jan/2025:00:50:00 +0100] "GET /ticket2/opencms/no/buy?page=1&edid=207C2646-D7DC-44FF-090D-40B991F2D67E HTTP/1.1" 200 109184
202.8.43.128 - - [08/Jan/2025:00:50:01 +0100] "GET /ticket2/opencms/system/modules/com.gridnine.opencms.ticketbrokerage.site/resources/css/calendar.css HTTP/1.1" 200 6871
202.8.43.128 - - [08/Jan/2025:00:50:01 +0100] "GET /ticket2/opencms/system/modules/com.gridnine.opencms.ticketbrokerage.site/resources/css/ticketbrokerage.css HTTP/1.1" 200 39339
202.8.43.128 - - [08/Jan/2025:00:50:01 +0100] "GET /ticket2/opencms/system/modules/com.gridnine.opencms.ticketbrokerage.site/resources/css/jquery.fancybox.css HTTP/1.1" 200 4939
202.8.43.128 - - [08/Jan/2025:00:50:01 +0100] "GET /ticket2/opencms/system/modules/com.gridnine.opencms.ticketbrokerage.site/resources/js/jquery/jquery.js HTTP/1.1" 200 93868
202.8.43.128 - - [08/Jan/2025:00:50:01 +0100] "GET /ticket2/opencms/system/modules/com.gridnine.opencms.ticketbrokerage.site/resources/css/jquery-ui.css HTTP/1.1" 200 33221
202.8.43.128 - - [08/Jan/2025:00:50:01 +0100] "GET /ticket2/opencms/system/modules/com.gridnine.opencms.ticketbrokerage.site/resources/css/standard.css HTTP/1.1" 200 73081
202.8.43.128 - - [08/Jan/2025:00:50:01 +0100] "GET /ticket2/opencms/system/modules/com.gridnine.opencms.ticketbrokerage.site/resources/js/jquery/jquery-ui.js HTTP/1.1" 200 228088
202.8.43.128 - - [08/Jan/2025:00:50:01 +0100] "GET /ticket2/opencms/system/modules/com.gridnine.opencms.ticketbrokerage.site/resources/js/calendar.js HTTP/1.1" 200 49229
202.8.43.128 - - [08/Jan/2025:00:50:01 +0100] "GET /ticket2/opencms/system/modules/com.gridnine.opencms.ticketbrokerage.site/resources/js/calendar-en.js HTTP/1.1" 200 3338
202.8.43.128 - - [08/Jan/2025:00:50:01 +0100] "GET /ticket2/opencms/system/modules/com.gridnine.opencms.ticketbrokerage.site/resources/js/functions.js HTTP/1.1" 200 1583
202.8.43.128 - - [08/Jan/2025:00:50:01 +0100] "GET /ticket2/opencms/system/modules/com.gridnine.opencms.ticketbrokerage.site/resources/js/calendar-setup.js HTTP/1.1" 200 4923
202.8.43.128 - - [08/Jan/2025:00:50:02 +0100] "GET /ticket2/opencms/system/modules/com.gridnine.opencms.ticketbrokerage.site/resources/js/stickyfill.min.js HTTP/1.1" 200 5672
202.8.43.128 - - [08/Jan/2025:00:50:02 +0100] "GET /ticket2/opencms/system/modules/com.gridnine.opencms.ticketbrokerage.site/resources/js/jquery.fancybox.pack.js HTTP/1.1" 200 23187
202.8.43.128 - - [08/Jan/2025:00:50:02 +0100] "GET /ticket2/opencms/system/modules/com.gridnine.opencms.ticketbrokerage.site/resources/js/standard.js HTTP/1.1" 200 3978
202.8.43.128 - - [08/Jan/2025:00:50:02 +0100] "GET /ticket2/opencms/system/modules/com.gridnine.opencms.ticketbrokerage.site/resources/js/jquery.placeholder.min.js HTTP/1.1" 200 1737
202.8.43.128 - - [08/Jan/2025:00:50:02 +0100] "GET /ticket2/opencms/system/modules/com.gridnine.opencms.ticketbrokerage.site/resources/js/common-ajax.js HTTP/1.1" 200 20175
202.8.43.128 - - [08/Jan/2025:00:50:02 +0100] "GET /ticket2/opencms/no/ask-form.html HTTP/1.1" 200 2919
202.8.43.128 - - [08/Jan/2025:00:50:02 +0100] "GET /ticket2/opencms/no/ask-form.html HTTP/1.1" 200 2919
202.8.43.128 - - [08/Jan/2025:00:50:02 +0100] "GET /ticket2/opencms/system/modules/com.gridnine.opencms.ticketbrokerage.site/resources/css/ticketbrokerage.css HTTP/1.1" 200 39339
110.238.111.240 - - [08/Jan/2025:00:50:03 +0100] "GET /ticket2/opencms/en/buy/?page=1&edid=D3CFC94C-099A-20DC-B2B6-57B9CC37DA19 HTTP/1.1" 200 108017
81.17.57.144 - - [08/Jan/2025:00:50:03 +0100] "GET /ticket2/opencms/en/buy/?page=1&edid=A00C9276-DA84-E347-31DB-F5E1E3066925 HTTP/1.1" 200 111169
81.17.57.144 - - [08/Jan/2025:00:50:07 +0100] "GET /ticket2/opencms/en/buy/?page=1&edid=A00C9276-DA84-E347-31DB-F5E1E3066925&sortorder=desc&column=price HTTP/1.1" 200 113123
52.167.144.229 - - [08/Jan/2025:00:50:08 +0100] "GET /ticket2/opencms/dk/magazine/article?title=manchester-city-7-kampe-uden-sejr HTTP/1.1" 200 93573
81.17.57.144 - - [08/Jan/2025:00:50:11 +0100] "GET /ticket2/opencms/en/buy/?page=1&edid=A00C9276-DA84-E347-31DB-F5E1E3066925&sortorder=desc&column=row HTTP/1.1" 200 113083
81.17.57.144 - - [08/Jan/2025:00:50:15 +0100] "GET /ticket2/opencms/en/buy/?page=1&edid=A00C9276-DA84-E347-31DB-F5E1E3066925&sortorder=desc&column=section HTTP/1.1" 200 113288
69.164.217.38 - - [08/Jan/2025:00:50:18 +0100] "GET /ticket2/opencms/ HTTP/1.1" 302 -
81.17.57.144 - - [08/Jan/2025:00:50:19 +0100] "GET /ticket2/opencms/en/buy/?page=1&edid=A0181B24-3F5A-DFFE-D682-01608EA56A2F&sortorder=asc&column=price HTTP/1.1" 200 112247
69.164.217.38 - - [08/Jan/2025:00:50:19 +0100] "GET /ticket2/opencms/en/ HTTP/1.1" 200 99355
54.36.148.104 - - [08/Jan/2025:00:50:20 +0100] "GET /ticket2/opencms/de/buy?page=1&edid=E5A432C8-DA4B-0B1D-D158-7FE1F332A199 HTTP/1.1" 200 109136
69.164.217.38 - - [08/Jan/2025:00:50:21 +0100] "GET /ticket2/opencms/en/ HTTP/1.1" 200 99347
69.164.217.38 - - [08/Jan/2025:00:50:21 +0100] "GET /ticket2/opencms/system/modules/com.gridnine.opencms.ticketbrokerage.site/resources/css/ticketbrokerage.css HTTP/1.1" 200 39339
69.164.217.38 - - [08/Jan/2025:00:50:21 +0100] "GET /ticket2/opencms/system/modules/com.gridnine.opencms.ticketbrokerage.site/resources/css/calendar.css HTTP/1.1" 200 6871
202.8.40.217 - - [08/Jan/2025:00:50:21 +0100] "GET /ticket2/opencms/system/modules/com.gridnine.opencms.ticketbrokerage.site/resources/css/jquery-ui.css HTTP/1.1" 200 33221
202.8.40.217 - - [08/Jan/2025:00:50:21 +0100] "GET /ticket2/opencms/system/modules/com.gridnine.opencms.ticketbrokerage.site/resources/css/ticketbrokerage.css HTTP/1.1" 200 39339
202.8.40.217 - - [08/Jan/2025:00:50:21 +0100] "GET /ticket2/opencms/system/modules/com.gridnine.opencms.ticketbrokerage.site/resources/css/calendar.css HTTP/1.1" 200 6871
202.8.40.217 - - [08/Jan/2025:00:50:22 +0100] "GET /ticket2/opencms/system/modules/com.gridnine.opencms.ticketbrokerage.site/resources/css/standard.css HTTP/1.1" 200 73081
202.8.40.217 - - [08/Jan/2025:00:50:22 +0100] "GET /ticket2/opencms/system/modules/com.gridnine.opencms.ticketbrokerage.site/resources/js/jquery/jquery.js HTTP/1.1" 200 93868
202.8.40.217 - - [08/Jan/2025:00:50:22 +0100] "GET /ticket2/opencms/system/modules/com.gridnine.opencms.ticketbrokerage.site/resources/css/jquery.fancybox.css HTTP/1.1" 200 4939
69.164.217.38 - - [08/Jan/2025:00:50:22 +0100] "GET /ticket2/opencms/system/modules/com.gridnine.opencms.ticketbrokerage.site/resources/css/jquery-ui.css HTTP/1.1" 200 33221
69.164.217.38 - - [08/Jan/2025:00:50:22 +0100] "GET /ticket2/opencms/system/modules/com.gridnine.opencms.ticketbrokerage.site/resources/css/standard.css HTTP/1.1" 200 73081
69.164.217.38 - - [08/Jan/2025:00:50:22 +0100] "GET /ticket2/opencms/system/modules/com.gridnine.opencms.ticketbrokerage.site/resources/css/jquery.fancybox.css HTTP/1.1" 200 4939
202.8.40.217 - - [08/Jan/2025:00:50:22 +0100] "GET /ticket2/opencms/system/modules/com.gridnine.opencms.ticketbrokerage.site/resources/js/functions.js HTTP/1.1" 200 1583
202.8.40.217 - - [08/Jan/2025:00:50:22 +0100] "GET /ticket2/opencms/system/modules/com.gridnine.opencms.ticketbrokerage.site/resources/js/jquery/jquery-ui.js HTTP/1.1" 200 228088
202.8.40.217 - - [08/Jan/2025:00:50:22 +0100] "GET /ticket2/opencms/system/modules/com.gridnine.opencms.ticketbrokerage.site/resources/js/calendar.js HTTP/1.1" 200 49229
202.8.40.217 - - [08/Jan/2025:00:50:22 +0100] "GET /ticket2/opencms/system/modules/com.gridnine.opencms.ticketbrokerage.site/resources/js/calendar-setup.js HTTP/1.1" 200 4923
202.8.40.217 - - [08/Jan/2025:00:50:22 +0100] "GET /ticket2/opencms/system/modules/com.gridnine.opencms.ticketbrokerage.site/resources/js/calendar-en.js HTTP/1.1" 200 3338
69.164.217.38 - - [08/Jan/2025:00:50:22 +0100] "GET /ticket2/opencms/system/modules/com.gridnine.opencms.ticketbrokerage.site/resources/js/jquery/jquery.js HTTP/1.1" 200 93868
85.208.96.212 - - [08/Jan/2025:00:50:22 +0100] "GET /ticket2/opencms/nl/sport/voetbal-tickets/bundesliga/borussia-monchengladbach/ HTTP/1.1" 200 99047
69.164.217.38 - - [08/Jan/2025:00:50:22 +0100] "GET /ticket2/opencms/system/modules/com.gridnine.opencms.ticketbrokerage.site/resources/js/jquery/jquery-ui.js HTTP/1.1" 200 228088
202.8.40.217 - - [08/Jan/2025:00:50:22 +0100] "GET /ticket2/opencms/system/modules/com.gridnine.opencms.ticketbrokerage.site/resources/js/jquery.fancybox.pack.js HTTP/1.1" 200 23187
202.8.40.217 - - [08/Jan/2025:00:50:22 +0100] "GET /ticket2/opencms/system/modules/com.gridnine.opencms.ticketbrokerage.site/resources/js/stickyfill.min.js HTTP/1.1" 200 5672
202.8.40.217 - - [08/Jan/2025:00:50:22 +0100] "GET /ticket2/opencms/system/modules/com.gridnine.opencms.ticketbrokerage.site/resources/js/standard.js HTTP/1.1" 200 3978
69.164.217.38 - - [08/Jan/2025:00:50:22 +0100] "GET /ticket2/opencms/system/modules/com.gridnine.opencms.ticketbrokerage.site/resources/js/functions.js HTTP/1.1" 200 1583
202.8.40.217 - - [08/Jan/2025:00:50:22 +0100] "GET /ticket2/opencms/system/modules/com.gridnine.opencms.ticketbrokerage.site/resources/js/jquery.placeholder.min.js HTTP/1.1" 200 1737
69.164.217.38 - - [08/Jan/2025:00:50:22 +0100] "GET /ticket2/opencms/system/modules/com.gridnine.opencms.ticketbrokerage.site/resources/js/calendar.js HTTP/1.1" 200 49229
69.164.217.38 - - [08/Jan/2025:00:50:22 +0100] "GET /ticket2/opencms/system/modules/com.gridnine.opencms.ticketbrokerage.site/resources/js/calendar-setup.js HTTP/1.1" 200 4923
69.164.217.38 - - [08/Jan/2025:00:50:22 +0100] "GET /ticket2/opencms/system/modules/com.gridnine.opencms.ticketbrokerage.site/resources/js/calendar-en.js HTTP/1.1" 200 3338
202.8.40.217 - - [08/Jan/2025:00:50:22 +0100] "GET /ticket2/opencms/system/modules/com.gridnine.opencms.ticketbrokerage.site/resources/js/common-ajax.js HTTP/1.1" 200 20175
69.164.217.38 - - [08/Jan/2025:00:50:22 +0100] "GET /ticket2/opencms/system/modules/com.gridnine.opencms.ticketbrokerage.site/resources/js/jquery.fancybox.pack.js HTTP/1.1" 200 23187
69.164.217.38 - - [08/Jan/2025:00:50:22 +0100] "GET /ticket2/opencms/system/modules/com.gridnine.opencms.ticketbrokerage.site/resources/js/stickyfill.min.js HTTP/1.1" 200 5672
69.164.217.38 - - [08/Jan/2025:00:50:22 +0100] "GET /ticket2/opencms/system/modules/com.gridnine.opencms.ticketbrokerage.site/resources/js/standard.js HTTP/1.1" 200 3978
202.8.40.217 - - [08/Jan/2025:00:50:22 +0100] "GET /ticket2/opencms/de/ask-form.html HTTP/1.1" 200 3156
202.8.40.217 - - [08/Jan/2025:00:50:22 +0100] "GET /ticket2/opencms/system/modules/com.gridnine.opencms.ticketbrokerage.site/resources/js/standard.js HTTP/1.1" 200 3978
69.164.217.38 - - [08/Jan/2025:00:50:23 +0100] "GET /ticket2/opencms/system/modules/com.gridnine.opencms.ticketbrokerage.site/resources/js/common-ajax.js HTTP/1.1" 200 20175
69.164.217.38 - - [08/Jan/2025:00:50:23 +0100] "GET /ticket2/opencms/system/modules/com.gridnine.opencms.ticketbrokerage.site/resources/js/jquery.placeholder.min.js HTTP/1.1" 200 1737
69.164.217.38 - - [08/Jan/2025:00:50:23 +0100] "GET /ticket2/opencms/img/insta.png HTTP/1.1" 200 3967
69.164.217.38 - - [08/Jan/2025:00:50:23 +0100] "GET /ticket2/opencms/system/modules/com.gridnine.opencms.ticketbrokerage.site/resources/pics/logo-new.png HTTP/1.1" 200 13541
202.8.40.217 - - [08/Jan/2025:00:50:23 +0100] "GET /ticket2/opencms/system/modules/com.gridnine.opencms.ticketbrokerage.site/resources/css/ticketbrokerage.css HTTP/1.1" 200 39339
69.164.217.38 - - [08/Jan/2025:00:50:23 +0100] "GET /ticket2/opencms/img/fb.png HTTP/1.1" 200 1269
69.164.217.38 - - [08/Jan/2025:00:50:23 +0100] "GET /ticket2/opencms/system/modules/com.gridnine.opencms.ticketbrokerage.site/resources/pics/footer-img.jpg HTTP/1.1" 200 67642
69.164.217.38 - - [08/Jan/2025:00:50:23 +0100] "GET /ticket2/opencms/img/check.png HTTP/1.1" 200 548
69.164.217.38 - - [08/Jan/2025:00:50:23 +0100] "GET /ticket2/opencms/img/mail.png HTTP/1.1" 200 403
69.164.217.38 - - [08/Jan/2025:00:50:23 +0100] "GET /ticket2/opencms/img/arrow.png HTTP/1.1" 200 753
69.164.217.38 - - [08/Jan/2025:00:50:23 +0100] "GET /ticket2/opencms/img/chat.png HTTP/1.1" 200 416
69.164.217.38 - - [08/Jan/2025:00:50:23 +0100] "GET /ticket2/opencms/img/banner-pl.jpeg HTTP/1.1" 200 41818
69.164.217.38 - - [08/Jan/2025:00:50:23 +0100] "GET /ticket2/opencms/img/banner-ll.jpeg HTTP/1.1" 200 41825
69.164.217.38 - - [08/Jan/2025:00:50:24 +0100] "GET /ticket2/opencms/img/icons/globe-white.png HTTP/1.1" 200 947
69.164.217.38 - - [08/Jan/2025:00:50:24 +0100] "GET /ticket2/opencms/img/banner-sa.jpeg HTTP/1.1" 200 41270
69.164.217.38 - - [08/Jan/2025:00:50:24 +0100] "GET /ticket2/opencms/img/icons/se.png HTTP/1.1" 200 1258
69.164.217.38 - - [08/Jan/2025:00:50:24 +0100] "GET /ticket2/opencms/img/icons/fi.png HTTP/1.1" 200 1785
69.164.217.38 - - [08/Jan/2025:00:50:24 +0100] "GET /ticket2/opencms/img/icons/dk.png HTTP/1.1" 200 1706
69.164.217.38 - - [08/Jan/2025:00:50:24 +0100] "GET /ticket2/opencms/img/icons/en.png HTTP/1.1" 200 2415
69.164.217.38 - - [08/Jan/2025:00:50:24 +0100] "GET /ticket2/opencms/img/icons/no.png HTTP/1.1" 200 1958
69.164.217.38 - - [08/Jan/2025:00:50:24 +0100] "GET /ticket2/opencms/img/icons/de.png HTTP/1.1" 200 1124
69.164.217.38 - - [08/Jan/2025:00:50:24 +0100] "GET /ticket2/opencms/img/icons/nl.png HTTP/1.1" 200 1255
69.164.217.38 - - [08/Jan/2025:00:50:24 +0100] "GET /ticket2/opencms/img/icons/es.png HTTP/1.1" 200 1005
69.164.217.38 - - [08/Jan/2025:00:50:24 +0100] "GET /ticket2/opencms/img/icons/fr.png HTTP/1.1" 200 1764
69.164.217.38 - - [08/Jan/2025:00:50:24 +0100] "GET /ticket2/opencms/img/icons/it.png HTTP/1.1" 200 2040
69.164.217.38 - - [08/Jan/2025:00:50:24 +0100] "GET /ticket2/opencms/img/icons/pl.png HTTP/1.1" 200 1578
69.164.217.38 - - [08/Jan/2025:00:50:25 +0100] "GET /ticket2/opencms/img/icons/sq.png HTTP/1.1" 200 1619
69.164.217.38 - - [08/Jan/2025:00:50:25 +0100] "GET /ticket2/opencms/img/icons/az.png HTTP/1.1" 200 1445
69.164.217.38 - - [08/Jan/2025:00:50:25 +0100] "GET /ticket2/opencms/img/icons/bs.png HTTP/1.1" 200 1014
69.164.217.38 - - [08/Jan/2025:00:50:25 +0100] "GET /ticket2/opencms/img/icons/be.png HTTP/1.1" 200 1663
81.17.57.144 - - [08/Jan/2025:00:50:25 +0100] "GET /ticket2/opencms/en/buy/?page=1&edid=A0181B24-3F5A-DFFE-D682-01608EA56A2F&sortorder=asc&column=row HTTP/1.1" 200 112130
69.164.217.38 - - [08/Jan/2025:00:50:25 +0100] "GET /ticket2/opencms/img/icons/bg.png HTTP/1.1" 200 788
69.164.217.38 - - [08/Jan/2025:00:50:25 +0100] "GET /ticket2/opencms/img/icons/hr.png HTTP/1.1" 200 2024
69.164.217.38 - - [08/Jan/2025:00:50:25 +0100] "GET /ticket2/opencms/img/icons/cs.png HTTP/1.1" 200 1883
69.164.217.38 - - [08/Jan/2025:00:50:25 +0100] "GET /ticket2/opencms/img/icons/et.png HTTP/1.1" 200 754
69.164.217.38 - - [08/Jan/2025:00:50:25 +0100] "GET /ticket2/opencms/img/icons/el.png HTTP/1.1" 200 1637
69.164.217.38 - - [08/Jan/2025:00:50:25 +0100] "GET /ticket2/opencms/img/icons/ka.png HTTP/1.1" 200 860
69.164.217.38 - - [08/Jan/2025:00:50:25 +0100] "GET /ticket2/opencms/img/icons/hu.png HTTP/1.1" 200 733
69.164.217.38 - - [08/Jan/2025:00:50:25 +0100] "GET /ticket2/opencms/img/icons/is.png HTTP/1.1" 200 1884
69.164.217.38 - - [08/Jan/2025:00:50:25 +0100] "GET /ticket2/opencms/img/icons/ga.png HTTP/1.1" 200 1759
69.164.217.38 - - [08/Jan/2025:00:50:25 +0100] "GET /ticket2/opencms/img/icons/lv.png HTTP/1.1" 200 716
69.164.217.38 - - [08/Jan/2025:00:50:25 +0100] "GET /ticket2/opencms/img/icons/lt.png HTTP/1.1" 200 733
69.164.217.38 - - [08/Jan/2025:00:50:25 +0100] "GET /ticket2/opencms/img/icons/mt.png HTTP/1.1" 200 920
69.164.217.38 - - [08/Jan/2025:00:50:26 +0100] "GET /ticket2/opencms/img/icons/mo.png HTTP/1.1" 200 1468
69.164.217.38 - - [08/Jan/2025:00:50:26 +0100] "GET /ticket2/opencms/img/icons/ro.png HTTP/1.1" 200 1393
69.164.217.38 - - [08/Jan/2025:00:50:26 +0100] "GET /ticket2/opencms/img/icons/sk.png HTTP/1.1" 200 1283
69.164.217.38 - - [08/Jan/2025:00:50:26 +0100] "GET /ticket2/opencms/img/icons/sr.png HTTP/1.1" 200 1602
69.164.217.38 - - [08/Jan/2025:00:50:26 +0100] "GET /ticket2/opencms/img/icons/uk.png HTTP/1.1" 200 1272
69.164.217.38 - - [08/Jan/2025:00:50:26 +0100] "GET /ticket2/opencms/img/icons/sl.png HTTP/1.1" 200 966
69.164.217.38 - - [08/Jan/2025:00:50:26 +0100] "GET /ticket2/opencms/img/icons/tr.png HTTP/1.1" 200 1636
69.164.217.38 - - [08/Jan/2025:00:50:26 +0100] "GET /ticket2/opencms/system/modules/com.gridnine.opencms.ticketbrokerage.site/resources/js/standard.js HTTP/1.1" 200 3978
81.17.57.144 - - [08/Jan/2025:00:50:29 +0100] "GET /ticket2/opencms/en/buy/?page=1&edid=A098D6B2-660B-4A91-CD88-E211CF0A7F9F&sortorder=asc&column=section HTTP/1.1" 200 109978
216.244.66.238 - - [08/Jan/2025:00:50:31 +0100] "GET /ticket2/opencms/sk/buy?page=1&edid=AE24AEB1-1B13-3324-4DF1-2648DAEC10CA HTTP/1.1" 200 109817
81.17.57.144 - - [08/Jan/2025:00:50:33 +0100] "GET /ticket2/opencms/en/buy/?page=1&edid=A098D6B2-660B-4A91-CD88-E211CF0A7F9F&sortorder=desc&column=price HTTP/1.1" 200 109935
81.17.57.144 - - [08/Jan/2025:00:50:36 +0100] "GET /ticket2/opencms/en/buy/?page=1&edid=A5392617-A8A6-5394-B72C-AA82A5C556B3&sortorder=desc&column=price HTTP/1.1" 200 113016
114.119.159.129 - - [08/Jan/2025:00:50:40 +0100] "GET /ticket2/opencms/en/venue/?venueid=9E5F9B8A-02D0-6B7A-04EF-1FC0DDE91264 HTTP/1.1" 200 85026
81.17.57.144 - - [08/Jan/2025:00:50:40 +0100] "GET /ticket2/opencms/en/buy/?page=1&edid=A5425041-15AD-37BB-552C-D8E28A45D934&sortorder=asc&column=section HTTP/1.1" 200 113770
114.119.148.14 - - [08/Jan/2025:00:50:41 +0100] "GET /ticket2/opencms/en/venue/?venueid=FBAFDD4B-DAD3-1027-F610-2E658B7C0EA4 HTTP/1.1" 200 85097
216.244.66.238 - - [08/Jan/2025:00:50:43 +0100] "GET /ticket2/opencms/es/buy?page=1&edid=94790AB2-B839-2F93-471F-1E7E243A33D6 HTTP/1.1" 200 112301
81.17.57.144 - - [08/Jan/2025:00:50:44 +0100] "GET /ticket2/opencms/en/buy/?page=1&edid=A5D6403A-2192-A066-0B24-46AA66CD4EA5&sortorder=desc&column=section HTTP/1.1" 200 112290
81.17.57.144 - - [08/Jan/2025:00:50:48 +0100] "GET /ticket2/opencms/en/buy/?page=1&edid=A809A44F-A266-CA54-62CA-E5FD1CCB3AAE&sortorder=desc&column=price HTTP/1.1" 200 112931
81.17.57.144 - - [08/Jan/2025:00:50:52 +0100] "GET /ticket2/opencms/en/buy/?page=1&edid=A809A44F-A266-CA54-62CA-E5FD1CCB3AAE&sortorder=desc&column=row HTTP/1.1" 200 112812
81.17.57.144 - - [08/Jan/2025:00:50:56 +0100] "GET /ticket2/opencms/en/buy/?page=1&edid=AC0C32F1-30A3-A666-FA0E-78D0F2526183&sortorder=asc&column=section HTTP/1.1" 200 112759
40.77.167.20 - - [08/Jan/2025:00:50:59 +0100] "GET /ticket2/opencms/system/galleries/pics/fpl.png HTTP/1.1" 200 17510
81.17.57.144 - - [08/Jan/2025:00:51:00 +0100] "GET /ticket2/opencms/en/buy/?page=1&edid=AE81E476-FF13-CCAC-0EBC-D7B148925068&sortorder=asc&column=row HTTP/1.1" 200 112956
54.36.148.48 - - [08/Jan/2025:00:51:01 +0100] "GET /ticket2/opencms/nl/buy?comcatid=B41CCF2B-5558-7AEE-3602-09BBDE417D65&catid=36DC4BE2-91A2-6146-2BE9-47B6F3C44EDB HTTP/1.1" 200 6410
62.83.119.47 - - [08/Jan/2025:00:51:02 +0100] "GET /ticket2/opencms/img/shutterstock_1559114345.jpg HTTP/1.1" 200 1583836
146.120.161.147 - - [08/Jan/2025:00:51:03 +0100] "GET /ticket2/opencms/ HTTP/1.0" 302 -
81.17.57.144 - - [08/Jan/2025:00:51:04 +0100] "GET /ticket2/opencms/en/buy/?page=1&edid=AF10138E-A60F-F322-730E-45CBD84A9C2C&sortorder=desc&column=row HTTP/1.1" 200 113054
146.120.161.147 - - [08/Jan/2025:00:51:05 +0100] "GET /ticket2/opencms/nl/ HTTP/1.0" 200 98678
216.244.66.238 - - [08/Jan/2025:00:51:05 +0100] "GET /ticket2/opencms/it/buy?page=1&edid=7CA6325F-CFC3-0DED-6F90-EDC1F4DF553C HTTP/1.1" 200 112493
81.17.57.144 - - [08/Jan/2025:00:51:07 +0100] "GET /ticket2/opencms/en/buy/?page=1&edid=AF10138E-A60F-F322-730E-45CBD84A9C2C&sortorder=desc&column=section HTTP/1.1" 200 113374
146.120.161.147 - - [08/Jan/2025:00:51:07 +0100] "GET /ticket2/opencms/nl/about/contact HTTP/1.0" 200 87141
81.17.57.144 - - [08/Jan/2025:00:51:11 +0100] "GET /ticket2/opencms/en/buy/?page=1&edid=AF1AEE1B-4EFB-D5BB-549A-A360FE966DC5&sortorder=asc&column=section HTTP/1.1" 200 113823
54.36.148.124 - - [08/Jan/2025:00:51:15 +0100] "GET /ticket2/opencms/fr/magazine/article?title=bergvall-et-kulusevski-impressionnent HTTP/1.1" 200 94475
81.17.57.144 - - [08/Jan/2025:00:51:16 +0100] "GET /ticket2/opencms/en/buy/?page=1&edid=B0D5163C-4275-4174-A853-F0FCD7B54F1F&sortorder=desc&column=price HTTP/1.1" 200 112335
54.36.148.17 - - [08/Jan/2025:00:51:16 +0100] "GET /ticket2/opencms/es/deporte/entradas-futbol/serie-a/cagliari HTTP/1.1" 200 96462
202.8.40.131 - - [08/Jan/2025:00:51:17 +0100] "GET /ticket2/opencms/system/modules/com.gridnine.opencms.ticketbrokerage.site/resources/css/jquery-ui.css HTTP/1.1" 200 33221
202.8.40.131 - - [08/Jan/2025:00:51:17 +0100] "GET /ticket2/opencms/system/modules/com.gridnine.opencms.ticketbrokerage.site/resources/css/standard.css HTTP/1.1" 200 73081
202.8.40.131 - - [08/Jan/2025:00:51:17 +0100] "GET /ticket2/opencms/system/modules/com.gridnine.opencms.ticketbrokerage.site/resources/css/jquery.fancybox.css HTTP/1.1" 200 4939
202.8.40.131 - - [08/Jan/2025:00:51:17 +0100] "GET /ticket2/opencms/system/modules/com.gridnine.opencms.ticketbrokerage.site/resources/css/ticketbrokerage.css HTTP/1.1" 200 39339
202.8.40.131 - - [08/Jan/2025:00:51:17 +0100] "GET /ticket2/opencms/system/modules/com.gridnine.opencms.ticketbrokerage.site/resources/css/calendar.css HTTP/1.1" 200 6871
202.8.40.131 - - [08/Jan/2025:00:51:17 +0100] "GET /ticket2/opencms/system/modules/com.gridnine.opencms.ticketbrokerage.site/resources/js/calendar-en.js HTTP/1.1" 200 3338
202.8.40.131 - - [08/Jan/2025:00:51:17 +0100] "GET /ticket2/opencms/system/modules/com.gridnine.opencms.ticketbrokerage.site/resources/js/functions.js HTTP/1.1" 200 1583
202.8.40.131 - - [08/Jan/2025:00:51:17 +0100] "GET /ticket2/opencms/system/modules/com.gridnine.opencms.ticketbrokerage.site/resources/js/calendar.js HTTP/1.1" 200 49229
202.8.40.131 - - [08/Jan/2025:00:51:17 +0100] "GET /ticket2/opencms/system/modules/com.gridnine.opencms.ticketbrokerage.site/resources/js/jquery/jquery.js HTTP/1.1" 200 93868
202.8.40.131 - - [08/Jan/2025:00:51:17 +0100] "GET /ticket2/opencms/system/modules/com.gridnine.opencms.ticketbrokerage.site/resources/js/jquery/jquery-ui.js HTTP/1.1" 200 228088
202.8.40.131 - - [08/Jan/2025:00:51:17 +0100] "GET /ticket2/opencms/system/modules/com.gridnine.opencms.ticketbrokerage.site/resources/js/jquery.fancybox.pack.js HTTP/1.1" 200 23187
202.8.40.131 - - [08/Jan/2025:00:51:17 +0100] "GET /ticket2/opencms/system/modules/com.gridnine.opencms.ticketbrokerage.site/resources/js/calendar-setup.js HTTP/1.1" 200 4923
202.8.40.131 - - [08/Jan/2025:00:51:17 +0100] "GET /ticket2/opencms/system/modules/com.gridnine.opencms.ticketbrokerage.site/resources/js/stickyfill.min.js HTTP/1.1" 200 5672
202.8.40.131 - - [08/Jan/2025:00:51:17 +0100] "GET /ticket2/opencms/system/modules/com.gridnine.opencms.ticketbrokerage.site/resources/js/standard.js HTTP/1.1" 200 3978
202.8.40.131 - - [08/Jan/2025:00:51:17 +0100] "GET /ticket2/opencms/system/modules/com.gridnine.opencms.ticketbrokerage.site/resources/js/jquery.placeholder.min.js HTTP/1.1" 200 1737
202.8.40.126 - - [08/Jan/2025:00:51:17 +0100] "GET /ticket2/opencms/system/modules/com.gridnine.opencms.ticketbrokerage.site/resources/css/ticketbrokerage.css HTTP/1.1" 200 39339
202.8.40.126 - - [08/Jan/2025:00:51:17 +0100] "GET /ticket2/opencms/system/modules/com.gridnine.opencms.ticketbrokerage.site/resources/css/calendar.css HTTP/1.1" 200 6871
202.8.40.126 - - [08/Jan/2025:00:51:17 +0100] "GET /ticket2/opencms/system/modules/com.gridnine.opencms.ticketbrokerage.site/resources/css/jquery.fancybox.css HTTP/1.1" 200 4939
202.8.40.126 - - [08/Jan/2025:00:51:17 +0100] "GET /ticket2/opencms/system/modules/com.gridnine.opencms.ticketbrokerage.site/resources/css/standard.css HTTP/1.1" 200 73081
202.8.40.131 - - [08/Jan/2025:00:51:17 +0100] "GET /ticket2/opencms/system/modules/com.gridnine.opencms.ticketbrokerage.site/resources/js/common-ajax.js HTTP/1.1" 200 20175
202.8.40.126 - - [08/Jan/2025:00:51:17 +0100] "GET /ticket2/opencms/system/modules/com.gridnine.opencms.ticketbrokerage.site/resources/css/jquery-ui.css HTTP/1.1" 200 33221
202.8.40.126 - - [08/Jan/2025:00:51:17 +0100] "GET /ticket2/opencms/system/modules/com.gridnine.opencms.ticketbrokerage.site/resources/js/jquery/jquery.js HTTP/1.1" 200 93868
202.8.40.126 - - [08/Jan/2025:00:51:17 +0100] "GET /ticket2/opencms/system/modules/com.gridnine.opencms.ticketbrokerage.site/resources/js/functions.js HTTP/1.1" 200 1583
202.8.40.126 - - [08/Jan/2025:00:51:17 +0100] "GET /ticket2/opencms/system/modules/com.gridnine.opencms.ticketbrokerage.site/resources/js/jquery/jquery-ui.js HTTP/1.1" 200 228088
202.8.40.126 - - [08/Jan/2025:00:51:17 +0100] "GET /ticket2/opencms/system/modules/com.gridnine.opencms.ticketbrokerage.site/resources/js/calendar.js HTTP/1.1" 200 49229
202.8.40.126 - - [08/Jan/2025:00:51:17 +0100] "GET /ticket2/opencms/system/modules/com.gridnine.opencms.ticketbrokerage.site/resources/js/calendar-en.js HTTP/1.1" 200 3338
202.8.40.126 - - [08/Jan/2025:00:51:17 +0100] "GET /ticket2/opencms/system/modules/com.gridnine.opencms.ticketbrokerage.site/resources/js/calendar-setup.js HTTP/1.1" 200 4923
202.8.40.126 - - [08/Jan/2025:00:51:17 +0100] "GET /ticket2/opencms/system/modules/com.gridnine.opencms.ticketbrokerage.site/resources/js/jquery.fancybox.pack.js HTTP/1.1" 200 23187
