47.128.19.186 - - [08/Jan/2025:01:42:10 +0100] "GET /ticket2/opencms/sr/buy/?edid=7122E03D-6477-8F00-8197-FB4687732D5A HTTP/1.1" 200 93027
81.17.57.144 - - [08/Jan/2025:01:42:10 +0100] "GET /ticket2/opencms/be/buy/?page=1&edid=F2971CC3-8714-3DC4-0355-85018375B4CB HTTP/1.1" 200 114260
188.165.212.137 - - [08/Jan/2025:01:42:10 +0100] "GET /ticket2/opencms/sv/login/?edid=0F484790-35E4-1F59-EA8B-B93E16E6B1AE HTTP/1.1" 200 90697
54.36.148.56 - - [08/Jan/2025:01:42:12 +0100] "GET /ticket2/opencms/uk/buy?page=1&edid=BBD878B9-BE73-D542-F1BC-32A8FBDE1770 HTTP/1.1" 200 112101
188.165.212.137 - - [08/Jan/2025:01:42:12 +0100] "GET /ticket2/opencms/sv/sell/?edid=17687D32-5E2D-8573-6D52-BE9A2F51FA8D HTTP/1.1" 302 -
202.8.42.236 - - [08/Jan/2025:01:42:13 +0100] "GET /ticket2/opencms/system/modules/com.gridnine.opencms.ticketbrokerage.site/resources/css/ticketbrokerage.css HTTP/1.1" 200 39339
202.8.42.236 - - [08/Jan/2025:01:42:13 +0100] "GET /ticket2/opencms/system/modules/com.gridnine.opencms.ticketbrokerage.site/resources/css/jquery-ui.css HTTP/1.1" 200 33221
202.8.42.236 - - [08/Jan/2025:01:42:13 +0100] "GET /ticket2/opencms/system/modules/com.gridnine.opencms.ticketbrokerage.site/resources/css/jquery.fancybox.css HTTP/1.1" 200 4939
202.8.42.236 - - [08/Jan/2025:01:42:13 +0100] "GET /ticket2/opencms/system/modules/com.gridnine.opencms.ticketbrokerage.site/resources/css/calendar.css HTTP/1.1" 200 6871
202.8.42.236 - - [08/Jan/2025:01:42:13 +0100] "GET /ticket2/opencms/system/modules/com.gridnine.opencms.ticketbrokerage.site/resources/css/standard.css HTTP/1.1" 200 73081
202.8.42.236 - - [08/Jan/2025:01:42:13 +0100] "GET /ticket2/opencms/system/modules/com.gridnine.opencms.ticketbrokerage.site/resources/js/jquery/jquery.js HTTP/1.1" 200 93868
202.8.42.236 - - [08/Jan/2025:01:42:13 +0100] "GET /ticket2/opencms/system/modules/com.gridnine.opencms.ticketbrokerage.site/resources/js/functions.js HTTP/1.1" 200 1583
202.8.42.236 - - [08/Jan/2025:01:42:13 +0100] "GET /ticket2/opencms/system/modules/com.gridnine.opencms.ticketbrokerage.site/resources/js/jquery/jquery-ui.js HTTP/1.1" 200 228088
202.8.42.236 - - [08/Jan/2025:01:42:13 +0100] "GET /ticket2/opencms/system/modules/com.gridnine.opencms.ticketbrokerage.site/resources/js/calendar-en.js HTTP/1.1" 200 3338
202.8.42.236 - - [08/Jan/2025:01:42:13 +0100] "GET /ticket2/opencms/system/modules/com.gridnine.opencms.ticketbrokerage.site/resources/js/calendar.js HTTP/1.1" 200 49229
202.8.42.236 - - [08/Jan/2025:01:42:13 +0100] "GET /ticket2/opencms/system/modules/com.gridnine.opencms.ticketbrokerage.site/resources/js/jquery.fancybox.pack.js HTTP/1.1" 200 23187
202.8.42.236 - - [08/Jan/2025:01:42:13 +0100] "GET /ticket2/opencms/system/modules/com.gridnine.opencms.ticketbrokerage.site/resources/js/stickyfill.min.js HTTP/1.1" 200 5672
202.8.42.236 - - [08/Jan/2025:01:42:13 +0100] "GET /ticket2/opencms/system/modules/com.gridnine.opencms.ticketbrokerage.site/resources/js/calendar-setup.js HTTP/1.1" 200 4923
202.8.42.236 - - [08/Jan/2025:01:42:13 +0100] "GET /ticket2/opencms/system/modules/com.gridnine.opencms.ticketbrokerage.site/resources/js/standard.js HTTP/1.1" 200 3978
202.8.42.236 - - [08/Jan/2025:01:42:13 +0100] "GET /ticket2/opencms/system/modules/com.gridnine.opencms.ticketbrokerage.site/resources/js/jquery.placeholder.min.js HTTP/1.1" 200 1737
202.8.42.236 - - [08/Jan/2025:01:42:13 +0100] "GET /ticket2/opencms/system/modules/com.gridnine.opencms.ticketbrokerage.site/resources/js/common-ajax.js HTTP/1.1" 200 20175
81.17.57.144 - - [08/Jan/2025:01:42:14 +0100] "GET /ticket2/opencms/be/buy/?page=1&edid=F2B75FFE-B503-FA6C-066A-879F06B1D185 HTTP/1.1" 200 114908
202.8.42.236 - - [08/Jan/2025:01:42:15 +0100] "GET /ticket2/opencms/uk/ask-form.html HTTP/1.1" 200 3156
202.8.42.236 - - [08/Jan/2025:01:42:16 +0100] "GET /ticket2/opencms/system/modules/com.gridnine.opencms.ticketbrokerage.site/resources/css/ticketbrokerage.css HTTP/1.1" 200 39339
188.165.212.137 - - [08/Jan/2025:01:42:16 +0100] "GET /ticket2/opencms/sv/login/?edid=17687D32-5E2D-8573-6D52-BE9A2F51FA8D HTTP/1.1" 200 90617
188.165.212.137 - - [08/Jan/2025:01:42:18 +0100] "GET /ticket2/opencms/sv/sell/?edid=1B0FD2CF-7989-14DE-F7CF-3A2E39F20BD8 HTTP/1.1" 302 -
81.17.57.144 - - [08/Jan/2025:01:42:18 +0100] "GET /ticket2/opencms/be/buy/?page=1&edid=F2BB5427-1D4A-AECD-9787-90D94712CD18 HTTP/1.1" 200 138164
47.128.111.240 - - [08/Jan/2025:01:42:20 +0100] "GET /ticket2/opencms/dk/buy?edid=CEC3CC84-E2A0-FA7E-2440-748B95840967 HTTP/1.1" 200 91183
188.165.212.137 - - [08/Jan/2025:01:42:22 +0100] "GET /ticket2/opencms/sv/login/?edid=1B0FD2CF-7989-14DE-F7CF-3A2E39F20BD8 HTTP/1.1" 200 90666
81.17.57.144 - - [08/Jan/2025:01:42:23 +0100] "GET /ticket2/opencms/be/buy/?page=1&edid=F2CDADC4-EF6C-C259-F9D1-EA671C511115 HTTP/1.1" 200 111940
188.165.212.137 - - [08/Jan/2025:01:42:24 +0100] "GET /ticket2/opencms/sv/sell/?edid=1C8120DD-47D6-1EED-A45B-D7BF1573D158 HTTP/1.1" 302 -
81.17.57.144 - - [08/Jan/2025:01:42:27 +0100] "GET /ticket2/opencms/be/buy/?page=1&edid=F2D85B77-0146-9383-AAB8-AFEF60C3B51B HTTP/1.1" 200 137624
188.165.212.137 - - [08/Jan/2025:01:42:27 +0100] "GET /ticket2/opencms/sv/login/?edid=1C8120DD-47D6-1EED-A45B-D7BF1573D158 HTTP/1.1" 200 90744
188.165.212.137 - - [08/Jan/2025:01:42:31 +0100] "GET /ticket2/opencms/sv/sell/?edid=1D1F6410-E683-A360-6E10-EB3B1EDE1568 HTTP/1.1" 302 -
81.17.57.144 - - [08/Jan/2025:01:42:31 +0100] "GET /ticket2/opencms/be/buy/?page=1&edid=F34F0F82-8666-22C0-D441-2DD1CFDD313F HTTP/1.1" 200 111894
66.249.76.161 - - [08/Jan/2025:01:42:34 +0100] "GET /ticket2/opencms/it/buy/?page=1&edid=AB8370A1-7B61-771A-DB42-EBED86488B81 HTTP/1.1" 200 112362
188.165.212.137 - - [08/Jan/2025:01:42:34 +0100] "GET /ticket2/opencms/sv/login/?edid=1D1F6410-E683-A360-6E10-EB3B1EDE1568 HTTP/1.1" 200 90695
81.17.57.144 - - [08/Jan/2025:01:42:35 +0100] "GET /ticket2/opencms/be/buy/?page=1&edid=F41FCF25-2A66-9DAB-4635-0085E6F77AE7 HTTP/1.1" 200 111943
188.165.212.137 - - [08/Jan/2025:01:42:37 +0100] "GET /ticket2/opencms/sv/sell/?edid=2FABA4FD-BD5C-248A-2380-C7F2BF85A6F9 HTTP/1.1" 302 -
54.36.149.98 - - [08/Jan/2025:01:42:38 +0100] "GET /ticket2/opencms/is/buy?page=1&edid=19EA038B-40C5-A758-4121-DC981BEF8929 HTTP/1.1" 200 109857
202.8.43.210 - - [08/Jan/2025:01:42:39 +0100] "GET /ticket2/opencms/system/modules/com.gridnine.opencms.ticketbrokerage.site/resources/css/standard.css HTTP/1.1" 200 73081
202.8.43.210 - - [08/Jan/2025:01:42:39 +0100] "GET /ticket2/opencms/system/modules/com.gridnine.opencms.ticketbrokerage.site/resources/css/jquery-ui.css HTTP/1.1" 200 33221
202.8.43.210 - - [08/Jan/2025:01:42:39 +0100] "GET /ticket2/opencms/system/modules/com.gridnine.opencms.ticketbrokerage.site/resources/css/jquery.fancybox.css HTTP/1.1" 200 4939
202.8.43.210 - - [08/Jan/2025:01:42:39 +0100] "GET /ticket2/opencms/system/modules/com.gridnine.opencms.ticketbrokerage.site/resources/css/ticketbrokerage.css HTTP/1.1" 200 39339
202.8.43.210 - - [08/Jan/2025:01:42:39 +0100] "GET /ticket2/opencms/system/modules/com.gridnine.opencms.ticketbrokerage.site/resources/css/calendar.css HTTP/1.1" 200 6871
202.8.43.210 - - [08/Jan/2025:01:42:39 +0100] "GET /ticket2/opencms/system/modules/com.gridnine.opencms.ticketbrokerage.site/resources/js/jquery/jquery.js HTTP/1.1" 200 93868
202.8.43.210 - - [08/Jan/2025:01:42:39 +0100] "GET /ticket2/opencms/system/modules/com.gridnine.opencms.ticketbrokerage.site/resources/js/functions.js HTTP/1.1" 200 1583
202.8.43.210 - - [08/Jan/2025:01:42:39 +0100] "GET /ticket2/opencms/system/modules/com.gridnine.opencms.ticketbrokerage.site/resources/js/calendar-en.js HTTP/1.1" 200 3338
202.8.43.210 - - [08/Jan/2025:01:42:39 +0100] "GET /ticket2/opencms/system/modules/com.gridnine.opencms.ticketbrokerage.site/resources/js/calendar-setup.js HTTP/1.1" 200 4923
202.8.43.210 - - [08/Jan/2025:01:42:39 +0100] "GET /ticket2/opencms/system/modules/com.gridnine.opencms.ticketbrokerage.site/resources/js/calendar.js HTTP/1.1" 200 49229
202.8.43.210 - - [08/Jan/2025:01:42:39 +0100] "GET /ticket2/opencms/system/modules/com.gridnine.opencms.ticketbrokerage.site/resources/js/jquery/jquery-ui.js HTTP/1.1" 200 228088
81.17.57.144 - - [08/Jan/2025:01:42:39 +0100] "GET /ticket2/opencms/be/buy/?page=1&edid=F470DBBF-86C7-739C-C511-DD5626B6BC19 HTTP/1.1" 200 114447
202.8.43.210 - - [08/Jan/2025:01:42:39 +0100] "GET /ticket2/opencms/system/modules/com.gridnine.opencms.ticketbrokerage.site/resources/js/stickyfill.min.js HTTP/1.1" 200 5672
202.8.43.210 - - [08/Jan/2025:01:42:39 +0100] "GET /ticket2/opencms/system/modules/com.gridnine.opencms.ticketbrokerage.site/resources/js/standard.js HTTP/1.1" 200 3978
202.8.43.210 - - [08/Jan/2025:01:42:39 +0100] "GET /ticket2/opencms/system/modules/com.gridnine.opencms.ticketbrokerage.site/resources/js/jquery.fancybox.pack.js HTTP/1.1" 200 23187
202.8.43.210 - - [08/Jan/2025:01:42:39 +0100] "GET /ticket2/opencms/system/modules/com.gridnine.opencms.ticketbrokerage.site/resources/js/jquery.placeholder.min.js HTTP/1.1" 200 1737
202.8.43.210 - - [08/Jan/2025:01:42:39 +0100] "GET /ticket2/opencms/system/modules/com.gridnine.opencms.ticketbrokerage.site/resources/js/common-ajax.js HTTP/1.1" 200 20175
202.8.43.210 - - [08/Jan/2025:01:42:39 +0100] "GET /ticket2/opencms/is/ask-form.html HTTP/1.1" 200 3156
202.8.43.210 - - [08/Jan/2025:01:42:39 +0100] "GET /ticket2/opencms/is/ask-form.html HTTP/1.1" 200 3156
202.8.43.210 - - [08/Jan/2025:01:42:40 +0100] "GET /ticket2/opencms/system/modules/com.gridnine.opencms.ticketbrokerage.site/resources/css/ticketbrokerage.css HTTP/1.1" 200 39339
188.165.212.137 - - [08/Jan/2025:01:42:42 +0100] "GET /ticket2/opencms/sv/login/?edid=2FABA4FD-BD5C-248A-2380-C7F2BF85A6F9 HTTP/1.1" 200 90640
81.17.57.144 - - [08/Jan/2025:01:42:43 +0100] "GET /ticket2/opencms/be/buy/?page=1&edid=F56E127D-A378-06F4-84E7-3510C0A2494A HTTP/1.1" 200 111863
188.165.212.137 - - [08/Jan/2025:01:42:44 +0100] "GET /ticket2/opencms/sv/sell/?edid=44C48A0E-0A68-7D3F-8873-815B24226A4B HTTP/1.1" 302 -
114.119.145.123 - - [08/Jan/2025:01:42:46 +0100] "GET /ticket2/opencms/en/venue/?venueid=647BD788-7B05-E059-BBD3-E91B79E1D17A HTTP/1.1" 200 85013
185.191.171.11 - - [08/Jan/2025:01:42:47 +0100] "GET /ticket2/opencms/sv/sport/fotbollsbiljetter/serie_a/frosinone HTTP/1.1" 200 93145
81.17.57.144 - - [08/Jan/2025:01:42:48 +0100] "GET /ticket2/opencms/be/buy/?page=1&edid=F6626DB9-CF49-C060-B5A0-E4907286C489 HTTP/1.1" 200 111906
188.165.212.137 - - [08/Jan/2025:01:42:49 +0100] "GET /ticket2/opencms/sv/login/?edid=44C48A0E-0A68-7D3F-8873-815B24226A4B HTTP/1.1" 200 90710
188.165.212.137 - - [08/Jan/2025:01:42:51 +0100] "GET /ticket2/opencms/sv/sell/?edid=58B537D2-7EDD-B82C-2631-2D9BB6C7315B HTTP/1.1" 302 -
81.17.57.144 - - [08/Jan/2025:01:42:52 +0100] "GET /ticket2/opencms/be/buy/?page=1&edid=F6926B54-D901-FAF0-8126-EB0D6BB39E8E HTTP/1.1" 200 125157
188.165.212.137 - - [08/Jan/2025:01:42:55 +0100] "GET /ticket2/opencms/sv/login/?edid=58B537D2-7EDD-B82C-2631-2D9BB6C7315B HTTP/1.1" 200 90657
81.17.57.144 - - [08/Jan/2025:01:42:56 +0100] "GET /ticket2/opencms/be/buy/?page=1&edid=F6B52729-D385-1BA8-C061-8869A2499C82 HTTP/1.1" 200 111840
188.165.212.137 - - [08/Jan/2025:01:42:56 +0100] "GET /ticket2/opencms/sv/sell/?edid=63DEF0F5-392B-69D7-5B97-DE249A0B3B8B HTTP/1.1" 302 -
81.17.57.144 - - [08/Jan/2025:01:43:00 +0100] "GET /ticket2/opencms/be/buy/?page=1&edid=F6F96A56-F5DB-5CCB-7CBF-891CB25B6D4A HTTP/1.1" 200 111962
188.165.212.137 - - [08/Jan/2025:01:43:00 +0100] "GET /ticket2/opencms/sv/login/?edid=63DEF0F5-392B-69D7-5B97-DE249A0B3B8B HTTP/1.1" 200 90613
54.36.149.92 - - [08/Jan/2025:01:43:01 +0100] "GET /ticket2/opencms/be/buy?page=1&edid=19EA038B-40C5-A758-4121-DC981BEF8929 HTTP/1.1" 200 111870
202.8.40.201 - - [08/Jan/2025:01:43:02 +0100] "GET /ticket2/opencms/system/modules/com.gridnine.opencms.ticketbrokerage.site/resources/css/jquery-ui.css HTTP/1.1" 200 33221
202.8.40.201 - - [08/Jan/2025:01:43:02 +0100] "GET /ticket2/opencms/system/modules/com.gridnine.opencms.ticketbrokerage.site/resources/css/calendar.css HTTP/1.1" 200 6871
202.8.40.201 - - [08/Jan/2025:01:43:02 +0100] "GET /ticket2/opencms/system/modules/com.gridnine.opencms.ticketbrokerage.site/resources/css/ticketbrokerage.css HTTP/1.1" 200 39339
202.8.40.201 - - [08/Jan/2025:01:43:02 +0100] "GET /ticket2/opencms/system/modules/com.gridnine.opencms.ticketbrokerage.site/resources/css/standard.css HTTP/1.1" 200 73081
202.8.40.201 - - [08/Jan/2025:01:43:02 +0100] "GET /ticket2/opencms/system/modules/com.gridnine.opencms.ticketbrokerage.site/resources/css/jquery.fancybox.css HTTP/1.1" 200 4939
202.8.40.201 - - [08/Jan/2025:01:43:02 +0100] "GET /ticket2/opencms/system/modules/com.gridnine.opencms.ticketbrokerage.site/resources/js/jquery/jquery.js HTTP/1.1" 200 93868
202.8.40.201 - - [08/Jan/2025:01:43:02 +0100] "GET /ticket2/opencms/system/modules/com.gridnine.opencms.ticketbrokerage.site/resources/js/jquery/jquery-ui.js HTTP/1.1" 200 228088
202.8.40.201 - - [08/Jan/2025:01:43:02 +0100] "GET /ticket2/opencms/system/modules/com.gridnine.opencms.ticketbrokerage.site/resources/js/calendar.js HTTP/1.1" 200 49229
202.8.40.201 - - [08/Jan/2025:01:43:02 +0100] "GET /ticket2/opencms/system/modules/com.gridnine.opencms.ticketbrokerage.site/resources/js/functions.js HTTP/1.1" 200 1583
202.8.40.201 - - [08/Jan/2025:01:43:02 +0100] "GET /ticket2/opencms/system/modules/com.gridnine.opencms.ticketbrokerage.site/resources/js/calendar-en.js HTTP/1.1" 200 3338
202.8.40.201 - - [08/Jan/2025:01:43:02 +0100] "GET /ticket2/opencms/system/modules/com.gridnine.opencms.ticketbrokerage.site/resources/js/calendar-setup.js HTTP/1.1" 200 4923
188.165.212.137 - - [08/Jan/2025:01:43:02 +0100] "GET /ticket2/opencms/sv/sell/?edid=71EE099C-7687-5A08-B204-7EA14D124AB2 HTTP/1.1" 302 -
202.8.40.201 - - [08/Jan/2025:01:43:02 +0100] "GET /ticket2/opencms/system/modules/com.gridnine.opencms.ticketbrokerage.site/resources/js/jquery.fancybox.pack.js HTTP/1.1" 200 23187
202.8.40.201 - - [08/Jan/2025:01:43:02 +0100] "GET /ticket2/opencms/system/modules/com.gridnine.opencms.ticketbrokerage.site/resources/js/stickyfill.min.js HTTP/1.1" 200 5672
202.8.40.201 - - [08/Jan/2025:01:43:02 +0100] "GET /ticket2/opencms/system/modules/com.gridnine.opencms.ticketbrokerage.site/resources/js/standard.js HTTP/1.1" 200 3978
202.8.40.201 - - [08/Jan/2025:01:43:02 +0100] "GET /ticket2/opencms/system/modules/com.gridnine.opencms.ticketbrokerage.site/resources/js/jquery.placeholder.min.js HTTP/1.1" 200 1737
202.8.40.201 - - [08/Jan/2025:01:43:02 +0100] "GET /ticket2/opencms/system/modules/com.gridnine.opencms.ticketbrokerage.site/resources/js/common-ajax.js HTTP/1.1" 200 20175
202.8.40.201 - - [08/Jan/2025:01:43:02 +0100] "GET /ticket2/opencms/be/ask-form.html HTTP/1.1" 200 3156
202.8.40.201 - - [08/Jan/2025:01:43:02 +0100] "GET /ticket2/opencms/be/ask-form.html HTTP/1.1" 200 3156
202.8.40.201 - - [08/Jan/2025:01:43:02 +0100] "GET /ticket2/opencms/system/modules/com.gridnine.opencms.ticketbrokerage.site/resources/css/ticketbrokerage.css HTTP/1.1" 200 39339
202.8.40.201 - - [08/Jan/2025:01:43:03 +0100] "GET /ticket2/opencms/system/modules/com.gridnine.opencms.ticketbrokerage.site/resources/js/standard.js HTTP/1.1" 200 3978
81.17.57.144 - - [08/Jan/2025:01:43:05 +0100] "GET /ticket2/opencms/be/buy/?page=1&edid=F70FF3E6-2D68-06C1-2E1B-CFF8AEEA395A HTTP/1.1" 200 127343
188.165.212.137 - - [08/Jan/2025:01:43:05 +0100] "GET /ticket2/opencms/sv/login/?edid=71EE099C-7687-5A08-B204-7EA14D124AB2 HTTP/1.1" 200 90683
188.165.212.137 - - [08/Jan/2025:01:43:07 +0100] "GET /ticket2/opencms/sv/sell/?edid=724FE1B6-4193-89FA-1AFC-FD88F07C0653 HTTP/1.1" 302 -
81.17.57.144 - - [08/Jan/2025:01:43:08 +0100] "GET /ticket2/opencms/be/buy/?page=1&edid=F7378244-15B7-A239-317C-1FF50D66CBB3 HTTP/1.1" 200 111881
188.165.212.137 - - [08/Jan/2025:01:43:10 +0100] "GET /ticket2/opencms/sv/login/?edid=724FE1B6-4193-89FA-1AFC-FD88F07C0653 HTTP/1.1" 200 90621
188.165.212.137 - - [08/Jan/2025:01:43:12 +0100] "GET /ticket2/opencms/sv/sell/?edid=AE6A3F83-5880-348D-74D5-7D0AC94C9D5E HTTP/1.1" 302 -
81.17.57.144 - - [08/Jan/2025:01:43:12 +0100] "GET /ticket2/opencms/be/buy/?page=1&edid=F73B99E5-B80D-7F20-3343-FD9C622F3B77 HTTP/1.1" 200 111864
81.17.57.144 - - [08/Jan/2025:01:43:17 +0100] "GET /ticket2/opencms/be/buy/?page=1&edid=F75A8704-39CC-1233-9E9B-2121B4DFC51E HTTP/1.1" 200 115749
188.165.212.137 - - [08/Jan/2025:01:43:17 +0100] "GET /ticket2/opencms/sv/login/?edid=AE6A3F83-5880-348D-74D5-7D0AC94C9D5E HTTP/1.1" 200 90650
188.165.212.137 - - [08/Jan/2025:01:43:19 +0100] "GET /ticket2/opencms/sv/sell/?edid=BF4305B4-CDA1-1B90-839B-8A069F8FBF24 HTTP/1.1" 302 -
81.17.57.144 - - [08/Jan/2025:01:43:21 +0100] "GET /ticket2/opencms/be/buy/?page=1&edid=F7607B70-C7D1-859A-AF1D-90ACBF6F99CC HTTP/1.1" 200 121357
188.165.212.137 - - [08/Jan/2025:01:43:23 +0100] "GET /ticket2/opencms/sv/login/?edid=BF4305B4-CDA1-1B90-839B-8A069F8FBF24 HTTP/1.1" 200 90671
54.36.148.56 - - [08/Jan/2025:01:43:24 +0100] "GET /ticket2/opencms/cs/buy?page=1&edid=8C15C2A6-6F0D-F124-996B-0D6AF34B41CB HTTP/1.1" 200 109847
195.3.223.55 - - [08/Jan/2025:01:43:25 +0100] "GET / HTTP/1.1" 404 -
188.165.212.137 - - [08/Jan/2025:01:43:25 +0100] "GET /ticket2/opencms/sv/sell/?edid=EA00FCBA-5B6E-62D4-1F16-BFE669B6AE6B HTTP/1.1" 302 -
202.8.40.10 - - [08/Jan/2025:01:43:25 +0100] "GET /ticket2/opencms/system/modules/com.gridnine.opencms.ticketbrokerage.site/resources/css/standard.css HTTP/1.1" 200 73081
202.8.40.10 - - [08/Jan/2025:01:43:25 +0100] "GET /ticket2/opencms/system/modules/com.gridnine.opencms.ticketbrokerage.site/resources/css/jquery.fancybox.css HTTP/1.1" 200 4939
202.8.40.10 - - [08/Jan/2025:01:43:25 +0100] "GET /ticket2/opencms/system/modules/com.gridnine.opencms.ticketbrokerage.site/resources/css/calendar.css HTTP/1.1" 200 6871
202.8.40.10 - - [08/Jan/2025:01:43:25 +0100] "GET /ticket2/opencms/system/modules/com.gridnine.opencms.ticketbrokerage.site/resources/css/jquery-ui.css HTTP/1.1" 200 33221
202.8.40.10 - - [08/Jan/2025:01:43:25 +0100] "GET /ticket2/opencms/system/modules/com.gridnine.opencms.ticketbrokerage.site/resources/css/ticketbrokerage.css HTTP/1.1" 200 39339
202.8.40.10 - - [08/Jan/2025:01:43:25 +0100] "GET /ticket2/opencms/system/modules/com.gridnine.opencms.ticketbrokerage.site/resources/js/jquery/jquery.js HTTP/1.1" 200 93868
202.8.40.10 - - [08/Jan/2025:01:43:25 +0100] "GET /ticket2/opencms/system/modules/com.gridnine.opencms.ticketbrokerage.site/resources/js/jquery/jquery-ui.js HTTP/1.1" 200 228088
202.8.40.10 - - [08/Jan/2025:01:43:25 +0100] "GET /ticket2/opencms/system/modules/com.gridnine.opencms.ticketbrokerage.site/resources/js/functions.js HTTP/1.1" 200 1583
202.8.40.10 - - [08/Jan/2025:01:43:25 +0100] "GET /ticket2/opencms/system/modules/com.gridnine.opencms.ticketbrokerage.site/resources/js/calendar.js HTTP/1.1" 200 49229
202.8.40.10 - - [08/Jan/2025:01:43:25 +0100] "GET /ticket2/opencms/system/modules/com.gridnine.opencms.ticketbrokerage.site/resources/js/calendar-en.js HTTP/1.1" 200 3338
202.8.40.10 - - [08/Jan/2025:01:43:25 +0100] "GET /ticket2/opencms/system/modules/com.gridnine.opencms.ticketbrokerage.site/resources/js/calendar-setup.js HTTP/1.1" 200 4923
81.17.57.144 - - [08/Jan/2025:01:43:25 +0100] "GET /ticket2/opencms/be/buy/?page=1&edid=F7660972-1F1F-59FF-1410-FAEC9F9D74B8 HTTP/1.1" 200 133364
202.8.40.10 - - [08/Jan/2025:01:43:25 +0100] "GET /ticket2/opencms/system/modules/com.gridnine.opencms.ticketbrokerage.site/resources/js/jquery.fancybox.pack.js HTTP/1.1" 200 23187
202.8.40.10 - - [08/Jan/2025:01:43:25 +0100] "GET /ticket2/opencms/system/modules/com.gridnine.opencms.ticketbrokerage.site/resources/js/stickyfill.min.js HTTP/1.1" 200 5672
202.8.40.10 - - [08/Jan/2025:01:43:25 +0100] "GET /ticket2/opencms/system/modules/com.gridnine.opencms.ticketbrokerage.site/resources/js/standard.js HTTP/1.1" 200 3978
202.8.40.10 - - [08/Jan/2025:01:43:26 +0100] "GET /ticket2/opencms/system/modules/com.gridnine.opencms.ticketbrokerage.site/resources/js/jquery.placeholder.min.js HTTP/1.1" 200 1737
202.8.40.10 - - [08/Jan/2025:01:43:26 +0100] "GET /ticket2/opencms/system/modules/com.gridnine.opencms.ticketbrokerage.site/resources/js/common-ajax.js HTTP/1.1" 200 20175
202.8.40.10 - - [08/Jan/2025:01:43:26 +0100] "GET /ticket2/opencms/cs/ask-form.html HTTP/1.1" 200 3156
202.8.40.10 - - [08/Jan/2025:01:43:26 +0100] "GET /ticket2/opencms/cs/ask-form.html HTTP/1.1" 200 3156
202.8.40.10 - - [08/Jan/2025:01:43:26 +0100] "GET /ticket2/opencms/system/modules/com.gridnine.opencms.ticketbrokerage.site/resources/css/ticketbrokerage.css HTTP/1.1" 200 39339
188.165.212.137 - - [08/Jan/2025:01:43:30 +0100] "GET /ticket2/opencms/sv/login/?edid=EA00FCBA-5B6E-62D4-1F16-BFE669B6AE6B HTTP/1.1" 200 90786
81.17.57.144 - - [08/Jan/2025:01:43:30 +0100] "GET /ticket2/opencms/be/buy/?page=1&edid=F8093B0F-0671-8BAD-4914-C12550D964A6 HTTP/1.1" 200 120040
188.165.212.137 - - [08/Jan/2025:01:43:32 +0100] "GET /ticket2/opencms/sv/sell/?edid=EA6F0027-F4B4-AD6E-83BF-C2C4C89F04D0 HTTP/1.1" 302 -
81.17.57.144 - - [08/Jan/2025:01:43:34 +0100] "GET /ticket2/opencms/be/buy/?page=1&edid=F83ACB1F-A834-FC8E-AC9B-B9250F8FA653 HTTP/1.1" 200 127929
188.165.212.137 - - [08/Jan/2025:01:43:37 +0100] "GET /ticket2/opencms/sv/login/?edid=EA6F0027-F4B4-AD6E-83BF-C2C4C89F04D0 HTTP/1.1" 200 90735
81.17.57.144 - - [08/Jan/2025:01:43:38 +0100] "GET /ticket2/opencms/be/buy/?page=1&edid=F86B9858-FECA-8B69-0345-5BABEB4E1340 HTTP/1.1" 200 120377
54.36.149.94 - - [08/Jan/2025:01:43:40 +0100] "GET /ticket2/opencms/dk/buy?page=1&edid=8302A2CB-D3FF-EC40-FAFE-E99E29DF82E1 HTTP/1.1" 200 108418
202.8.43.188 - - [08/Jan/2025:01:43:41 +0100] "GET /ticket2/opencms/system/modules/com.gridnine.opencms.ticketbrokerage.site/resources/css/calendar.css HTTP/1.1" 200 6871
202.8.43.188 - - [08/Jan/2025:01:43:41 +0100] "GET /ticket2/opencms/system/modules/com.gridnine.opencms.ticketbrokerage.site/resources/css/jquery-ui.css HTTP/1.1" 200 33221
202.8.43.188 - - [08/Jan/2025:01:43:41 +0100] "GET /ticket2/opencms/system/modules/com.gridnine.opencms.ticketbrokerage.site/resources/css/standard.css HTTP/1.1" 200 73081
202.8.43.188 - - [08/Jan/2025:01:43:41 +0100] "GET /ticket2/opencms/system/modules/com.gridnine.opencms.ticketbrokerage.site/resources/css/ticketbrokerage.css HTTP/1.1" 200 39339
202.8.43.188 - - [08/Jan/2025:01:43:41 +0100] "GET /ticket2/opencms/system/modules/com.gridnine.opencms.ticketbrokerage.site/resources/css/jquery.fancybox.css HTTP/1.1" 200 4939
202.8.43.188 - - [08/Jan/2025:01:43:41 +0100] "GET /ticket2/opencms/system/modules/com.gridnine.opencms.ticketbrokerage.site/resources/js/jquery/jquery.js HTTP/1.1" 200 93868
202.8.43.188 - - [08/Jan/2025:01:43:41 +0100] "GET /ticket2/opencms/system/modules/com.gridnine.opencms.ticketbrokerage.site/resources/js/functions.js HTTP/1.1" 200 1583
202.8.43.188 - - [08/Jan/2025:01:43:41 +0100] "GET /ticket2/opencms/system/modules/com.gridnine.opencms.ticketbrokerage.site/resources/js/calendar-setup.js HTTP/1.1" 200 4923
202.8.43.188 - - [08/Jan/2025:01:43:41 +0100] "GET /ticket2/opencms/system/modules/com.gridnine.opencms.ticketbrokerage.site/resources/js/calendar.js HTTP/1.1" 200 49229
202.8.43.188 - - [08/Jan/2025:01:43:41 +0100] "GET /ticket2/opencms/system/modules/com.gridnine.opencms.ticketbrokerage.site/resources/js/calendar-en.js HTTP/1.1" 200 3338
202.8.43.188 - - [08/Jan/2025:01:43:41 +0100] "GET /ticket2/opencms/system/modules/com.gridnine.opencms.ticketbrokerage.site/resources/js/jquery/jquery-ui.js HTTP/1.1" 200 228088
47.128.117.78 - - [08/Jan/2025:01:43:41 +0100] "GET /ticket2/opencms/ga/magazine/article?title=chelsea-fansen-reagerar-med-frustration HTTP/1.1" 200 93136
202.8.43.188 - - [08/Jan/2025:01:43:42 +0100] "GET /ticket2/opencms/system/modules/com.gridnine.opencms.ticketbrokerage.site/resources/js/jquery.fancybox.pack.js HTTP/1.1" 200 23187
202.8.43.188 - - [08/Jan/2025:01:43:42 +0100] "GET /ticket2/opencms/system/modules/com.gridnine.opencms.ticketbrokerage.site/resources/js/stickyfill.min.js HTTP/1.1" 200 5672
202.8.43.188 - - [08/Jan/2025:01:43:42 +0100] "GET /ticket2/opencms/system/modules/com.gridnine.opencms.ticketbrokerage.site/resources/js/standard.js HTTP/1.1" 200 3978
202.8.43.188 - - [08/Jan/2025:01:43:42 +0100] "GET /ticket2/opencms/system/modules/com.gridnine.opencms.ticketbrokerage.site/resources/js/jquery.placeholder.min.js HTTP/1.1" 200 1737
202.8.43.188 - - [08/Jan/2025:01:43:42 +0100] "GET /ticket2/opencms/system/modules/com.gridnine.opencms.ticketbrokerage.site/resources/js/common-ajax.js HTTP/1.1" 200 20175
202.8.43.188 - - [08/Jan/2025:01:43:42 +0100] "GET /ticket2/opencms/dk/ask-form.html HTTP/1.1" 200 2971
202.8.43.188 - - [08/Jan/2025:01:43:42 +0100] "GET /ticket2/opencms/dk/ask-form.html HTTP/1.1" 200 2971
202.8.43.188 - - [08/Jan/2025:01:43:42 +0100] "GET /ticket2/opencms/system/modules/com.gridnine.opencms.ticketbrokerage.site/resources/css/ticketbrokerage.css HTTP/1.1" 200 39339
202.8.43.188 - - [08/Jan/2025:01:43:42 +0100] "GET /ticket2/opencms/system/modules/com.gridnine.opencms.ticketbrokerage.site/resources/js/standard.js HTTP/1.1" 200 3978
81.17.57.144 - - [08/Jan/2025:01:43:42 +0100] "GET /ticket2/opencms/be/buy/?page=1&edid=F884C8FF-51A8-4CC4-8646-12CD96EC51B8 HTTP/1.1" 200 111844
47.128.117.78 - - [08/Jan/2025:01:43:44 +0100] "GET /ticket2/opencms/img/null HTTP/1.1" 404 -
39.180.88.25 - - [08/Jan/2025:01:43:46 +0100] "GET /ticket2/opencms/demodata.php HTTP/1.1" 404 -
39.180.88.25 - - [08/Jan/2025:01:43:46 +0100] "GET /ticket2/opencms/guanli.php HTTP/1.1" 404 -
81.17.57.144 - - [08/Jan/2025:01:43:46 +0100] "GET /ticket2/opencms/be/buy/?page=1&edid=F884FEFF-C45C-1CDF-A963-092F452C875D HTTP/1.1" 200 116522
39.180.88.25 - - [08/Jan/2025:01:43:47 +0100] "GET /ticket2/opencms/wdf.php HTTP/1.1" 404 -
39.180.88.25 - - [08/Jan/2025:01:43:47 +0100] "GET /ticket2/opencms/eodvn.php HTTP/1.1" 404 -
39.180.88.25 - - [08/Jan/2025:01:43:47 +0100] "GET /ticket2/opencms/aa.php HTTP/1.1" 404 -
39.180.88.25 - - [08/Jan/2025:01:43:47 +0100] "GET /ticket2/opencms/2.php HTTP/1.1" 404 -
39.180.88.25 - - [08/Jan/2025:01:43:48 +0100] "GET /ticket2/opencms/sy.php HTTP/1.1" 404 -
39.180.88.25 - - [08/Jan/2025:01:43:48 +0100] "GET /ticket2/opencms/z.php HTTP/1.1" 404 -
39.180.88.25 - - [08/Jan/2025:01:43:48 +0100] "GET /ticket2/opencms/crin.php HTTP/1.1" 404 -
39.180.88.25 - - [08/Jan/2025:01:43:49 +0100] "GET /ticket2/opencms/install.php HTTP/1.1" 404 -
39.180.88.25 - - [08/Jan/2025:01:43:49 +0100] "GET /ticket2/opencms/add.php HTTP/1.1" 404 -
39.180.88.25 - - [08/Jan/2025:01:43:50 +0100] "GET /ticket2/opencms/55.php HTTP/1.1" 404 -
39.180.88.25 - - [08/Jan/2025:01:43:51 +0100] "GET /ticket2/opencms/5.php HTTP/1.1" 404 -
39.180.88.25 - - [08/Jan/2025:01:43:51 +0100] "GET /ticket2/opencms/adminxm.php HTTP/1.1" 404 -
39.180.88.25 - - [08/Jan/2025:01:43:51 +0100] "GET /ticket2/opencms/xxx.php HTTP/1.1" 404 -
81.17.57.144 - - [08/Jan/2025:01:43:51 +0100] "GET /ticket2/opencms/be/buy/?page=1&edid=F8A721FB-6959-3E3B-0E9C-2BF5336E70F2 HTTP/1.1" 200 142484
39.180.88.25 - - [08/Jan/2025:01:43:51 +0100] "GET /ticket2/opencms/phpwu.php HTTP/1.1" 404 -
39.180.88.25 - - [08/Jan/2025:01:43:52 +0100] "GET /ticket2/opencms/lilian.php HTTP/1.1" 404 -
39.180.88.25 - - [08/Jan/2025:01:43:52 +0100] "GET /ticket2/opencms/nginx.php HTTP/1.1" 404 -
39.180.88.25 - - [08/Jan/2025:01:43:52 +0100] "GET /ticket2/opencms/css.php HTTP/1.1" 404 -
39.180.88.25 - - [08/Jan/2025:01:43:53 +0100] "GET /ticket2/opencms/back.php HTTP/1.1" 404 -
39.180.88.25 - - [08/Jan/2025:01:43:53 +0100] "GET /ticket2/opencms/da.php HTTP/1.1" 404 -
39.180.88.25 - - [08/Jan/2025:01:43:54 +0100] "GET /ticket2/opencms/3.php HTTP/1.1" 404 -
81.17.57.144 - - [08/Jan/2025:01:43:55 +0100] "GET /ticket2/opencms/be/buy/?page=1&edid=F8BC8905-1376-F330-5CD7-CD86B15D1AC7 HTTP/1.1" 200 111892
81.17.57.144 - - [08/Jan/2025:01:44:00 +0100] "GET /ticket2/opencms/be/buy/?page=1&edid=F93A2292-3F60-7656-2C0B-2AB157A0BB0B HTTP/1.1" 200 137935
216.244.66.238 - - [08/Jan/2025:01:44:00 +0100] "GET /ticket2/opencms/bs/buy?page=1&edid=5DD7BC42-DB22-EC66-CE5D-0464D20DDDB4 HTTP/1.1" 200 110795
81.17.57.144 - - [08/Jan/2025:01:44:04 +0100] "GET /ticket2/opencms/be/buy/?page=1&edid=F96EC4CB-A7BC-CFD8-70A7-924DB40FAA5B HTTP/1.1" 200 111845
47.128.120.141 - - [08/Jan/2025:01:44:05 +0100] "GET /ticket2/opencms/fi/venue/?venueid=F8A78116-13FC-A58C-1378-740C94006FEA HTTP/1.1" 200 86530
114.119.151.93 - - [08/Jan/2025:01:44:05 +0100] "GET /ticket2/opencms/en/buy/?page=6&comcatid=A17713B6-D984-201A-4143-ED4DB5ED5C2E&catid=36394212-F82E-F845-399B-42BED55969CC&eventid=FF812D0C-FCB2-7645-0CFD-1ACFB0013262 HTTP/1.1" 200 6410
81.17.57.144 - - [08/Jan/2025:01:44:08 +0100] "GET /ticket2/opencms/be/buy/?page=1&edid=F9CBDA74-1975-ACB0-9F7B-F63B7B1D5539 HTTP/1.1" 200 114416
54.36.148.46 - - [08/Jan/2025:01:44:12 +0100] "GET /ticket2/opencms/lt/buy?page=1&edid=BBD878B9-BE73-D542-F1BC-32A8FBDE1770 HTTP/1.1" 200 109891
202.8.41.95 - - [08/Jan/2025:01:44:13 +0100] "GET /ticket2/opencms/system/modules/com.gridnine.opencms.ticketbrokerage.site/resources/css/jquery-ui.css HTTP/1.1" 200 33221
202.8.41.95 - - [08/Jan/2025:01:44:13 +0100] "GET /ticket2/opencms/system/modules/com.gridnine.opencms.ticketbrokerage.site/resources/css/calendar.css HTTP/1.1" 200 6871
202.8.41.95 - - [08/Jan/2025:01:44:13 +0100] "GET /ticket2/opencms/system/modules/com.gridnine.opencms.ticketbrokerage.site/resources/css/ticketbrokerage.css HTTP/1.1" 200 39339
202.8.41.95 - - [08/Jan/2025:01:44:13 +0100] "GET /ticket2/opencms/system/modules/com.gridnine.opencms.ticketbrokerage.site/resources/css/standard.css HTTP/1.1" 200 73081
202.8.41.95 - - [08/Jan/2025:01:44:13 +0100] "GET /ticket2/opencms/system/modules/com.gridnine.opencms.ticketbrokerage.site/resources/css/jquery.fancybox.css HTTP/1.1" 200 4939
81.17.57.144 - - [08/Jan/2025:01:44:13 +0100] "GET /ticket2/opencms/be/buy/?page=1&edid=FA047031-F510-E911-0280-BC3ADCB159FC HTTP/1.1" 200 115230
202.8.41.95 - - [08/Jan/2025:01:44:13 +0100] "GET /ticket2/opencms/system/modules/com.gridnine.opencms.ticketbrokerage.site/resources/js/jquery/jquery-ui.js HTTP/1.1" 200 228088
202.8.41.95 - - [08/Jan/2025:01:44:13 +0100] "GET /ticket2/opencms/system/modules/com.gridnine.opencms.ticketbrokerage.site/resources/js/calendar-en.js HTTP/1.1" 200 3338
202.8.41.95 - - [08/Jan/2025:01:44:13 +0100] "GET /ticket2/opencms/system/modules/com.gridnine.opencms.ticketbrokerage.site/resources/js/calendar-setup.js HTTP/1.1" 200 4923
202.8.41.95 - - [08/Jan/2025:01:44:13 +0100] "GET /ticket2/opencms/system/modules/com.gridnine.opencms.ticketbrokerage.site/resources/js/functions.js HTTP/1.1" 200 1583
202.8.41.95 - - [08/Jan/2025:01:44:13 +0100] "GET /ticket2/opencms/system/modules/com.gridnine.opencms.ticketbrokerage.site/resources/js/calendar.js HTTP/1.1" 200 49229
202.8.41.95 - - [08/Jan/2025:01:44:13 +0100] "GET /ticket2/opencms/system/modules/com.gridnine.opencms.ticketbrokerage.site/resources/js/jquery.fancybox.pack.js HTTP/1.1" 200 23187
202.8.41.95 - - [08/Jan/2025:01:44:13 +0100] "GET /ticket2/opencms/system/modules/com.gridnine.opencms.ticketbrokerage.site/resources/js/stickyfill.min.js HTTP/1.1" 200 5672
202.8.41.95 - - [08/Jan/2025:01:44:13 +0100] "GET /ticket2/opencms/system/modules/com.gridnine.opencms.ticketbrokerage.site/resources/js/jquery/jquery.js HTTP/1.1" 200 93868
202.8.41.95 - - [08/Jan/2025:01:44:13 +0100] "GET /ticket2/opencms/system/modules/com.gridnine.opencms.ticketbrokerage.site/resources/js/standard.js HTTP/1.1" 200 3978
202.8.41.95 - - [08/Jan/2025:01:44:14 +0100] "GET /ticket2/opencms/system/modules/com.gridnine.opencms.ticketbrokerage.site/resources/js/jquery.placeholder.min.js HTTP/1.1" 200 1737
202.8.41.95 - - [08/Jan/2025:01:44:14 +0100] "GET /ticket2/opencms/system/modules/com.gridnine.opencms.ticketbrokerage.site/resources/js/common-ajax.js HTTP/1.1" 200 20175
202.8.41.95 - - [08/Jan/2025:01:44:14 +0100] "GET /ticket2/opencms/lt/ask-form.html HTTP/1.1" 200 3156
202.8.41.95 - - [08/Jan/2025:01:44:14 +0100] "GET /ticket2/opencms/lt/ask-form.html HTTP/1.1" 200 3156
202.8.41.95 - - [08/Jan/2025:01:44:14 +0100] "GET /ticket2/opencms/system/modules/com.gridnine.opencms.ticketbrokerage.site/resources/css/ticketbrokerage.css HTTP/1.1" 200 39339
81.17.57.144 - - [08/Jan/2025:01:44:17 +0100] "GET /ticket2/opencms/be/buy/?page=1&edid=FA7F94B4-317A-0ECF-FA42-3F7BBDB83D52 HTTP/1.1" 200 111893
52.167.144.17 - - [08/Jan/2025:01:44:18 +0100] "GET /ticket2/opencms/sv/search.html?searchQuery=2024 HTTP/1.1" 200 96824
54.36.148.37 - - [08/Jan/2025:01:44:19 +0100] "GET /ticket2/opencms/sq/magazine/article?title=arsenal-po-i-afrohet-liverpoolit HTTP/1.1" 200 92961
202.8.40.235 - - [08/Jan/2025:01:44:20 +0100] "GET /ticket2/opencms/system/modules/com.gridnine.opencms.ticketbrokerage.site/resources/css/jquery.fancybox.css HTTP/1.1" 200 4939
202.8.40.235 - - [08/Jan/2025:01:44:20 +0100] "GET /ticket2/opencms/system/modules/com.gridnine.opencms.ticketbrokerage.site/resources/css/jquery-ui.css HTTP/1.1" 200 33221
202.8.40.235 - - [08/Jan/2025:01:44:20 +0100] "GET /ticket2/opencms/system/modules/com.gridnine.opencms.ticketbrokerage.site/resources/css/standard.css HTTP/1.1" 200 73081
202.8.40.235 - - [08/Jan/2025:01:44:20 +0100] "GET /ticket2/opencms/system/modules/com.gridnine.opencms.ticketbrokerage.site/resources/css/calendar.css HTTP/1.1" 200 6871
202.8.40.235 - - [08/Jan/2025:01:44:20 +0100] "GET /ticket2/opencms/system/modules/com.gridnine.opencms.ticketbrokerage.site/resources/css/ticketbrokerage.css HTTP/1.1" 200 39339
202.8.40.235 - - [08/Jan/2025:01:44:20 +0100] "GET /ticket2/opencms/system/modules/com.gridnine.opencms.ticketbrokerage.site/resources/js/jquery/jquery.js HTTP/1.1" 200 93868
202.8.40.235 - - [08/Jan/2025:01:44:20 +0100] "GET /ticket2/opencms/system/modules/com.gridnine.opencms.ticketbrokerage.site/resources/js/jquery/jquery-ui.js HTTP/1.1" 200 228088
202.8.40.235 - - [08/Jan/2025:01:44:20 +0100] "GET /ticket2/opencms/system/modules/com.gridnine.opencms.ticketbrokerage.site/resources/js/calendar.js HTTP/1.1" 200 49229
202.8.40.235 - - [08/Jan/2025:01:44:20 +0100] "GET /ticket2/opencms/system/modules/com.gridnine.opencms.ticketbrokerage.site/resources/js/calendar-en.js HTTP/1.1" 200 3338
202.8.40.235 - - [08/Jan/2025:01:44:20 +0100] "GET /ticket2/opencms/system/modules/com.gridnine.opencms.ticketbrokerage.site/resources/js/functions.js HTTP/1.1" 200 1583
202.8.40.235 - - [08/Jan/2025:01:44:20 +0100] "GET /ticket2/opencms/system/modules/com.gridnine.opencms.ticketbrokerage.site/resources/js/calendar-setup.js HTTP/1.1" 200 4923
202.8.40.235 - - [08/Jan/2025:01:44:20 +0100] "GET /ticket2/opencms/system/modules/com.gridnine.opencms.ticketbrokerage.site/resources/js/jquery.fancybox.pack.js HTTP/1.1" 200 23187
202.8.40.235 - - [08/Jan/2025:01:44:20 +0100] "GET /ticket2/opencms/system/modules/com.gridnine.opencms.ticketbrokerage.site/resources/js/stickyfill.min.js HTTP/1.1" 200 5672
202.8.40.235 - - [08/Jan/2025:01:44:20 +0100] "GET /ticket2/opencms/system/modules/com.gridnine.opencms.ticketbrokerage.site/resources/js/standard.js HTTP/1.1" 200 3978
202.8.40.235 - - [08/Jan/2025:01:44:20 +0100] "GET /ticket2/opencms/system/modules/com.gridnine.opencms.ticketbrokerage.site/resources/js/jquery.placeholder.min.js HTTP/1.1" 200 1737
202.8.40.235 - - [08/Jan/2025:01:44:21 +0100] "GET /ticket2/opencms/system/modules/com.gridnine.opencms.ticketbrokerage.site/resources/js/common-ajax.js HTTP/1.1" 200 20175
81.17.57.144 - - [08/Jan/2025:01:44:22 +0100] "GET /ticket2/opencms/be/buy/?page=1&edid=FABE4148-094C-7239-F6DD-5F6F4EB97A09 HTTP/1.1" 200 138525
81.17.57.144 - - [08/Jan/2025:01:44:26 +0100] "GET /ticket2/opencms/be/buy/?page=1&edid=FADD67F3-76CC-D117-2ADC-BEBED308D46A HTTP/1.1" 200 115243
47.128.55.56 - - [08/Jan/2025:01:44:27 +0100] "GET /ticket2/opencms/is/buy?edid=1AD4E11C-C792-1721-4D1A-2229101A30FD HTTP/1.1" 200 92407
81.17.57.144 - - [08/Jan/2025:01:44:31 +0100] "GET /ticket2/opencms/be/buy/?page=1&edid=FB5480CB-FDB3-16C8-62C0-C378411EBA39 HTTP/1.1" 200 135113
81.17.57.144 - - [08/Jan/2025:01:44:35 +0100] "GET /ticket2/opencms/be/buy/?page=1&edid=FB619D25-A569-B2D3-A138-064ED3A662B4 HTTP/1.1" 200 121819
216.244.66.238 - - [08/Jan/2025:01:44:35 +0100] "GET /ticket2/opencms/mo/buy?page=1&edid=5DD7BC42-DB22-EC66-CE5D-0464D20DDDB4 HTTP/1.1" 200 111110
81.17.57.144 - - [08/Jan/2025:01:44:39 +0100] "GET /ticket2/opencms/be/buy/?page=1&edid=FB9F4ED8-C630-5135-3D9B-F4FFAB39B4C4 HTTP/1.1" 200 117918
216.244.66.238 - - [08/Jan/2025:01:44:42 +0100] "GET /ticket2/opencms/sk/buy?page=1&edid=5DD7BC42-DB22-EC66-CE5D-0464D20DDDB4 HTTP/1.1" 200 111175
81.17.57.144 - - [08/Jan/2025:01:44:43 +0100] "GET /ticket2/opencms/be/buy/?page=1&edid=FBCB4DB4-95C2-2162-161E-CFE6F76BC5CD HTTP/1.1" 200 111879
81.17.57.144 - - [08/Jan/2025:01:44:47 +0100] "GET /ticket2/opencms/be/buy/?page=1&edid=FBDD6D75-E50D-E656-DD0D-140A87A57CDC HTTP/1.1" 200 114898
54.36.148.99 - - [08/Jan/2025:01:44:47 +0100] "GET /ticket2/opencms/mt/buy?page=1&edid=19EA038B-40C5-A758-4121-DC981BEF8929 HTTP/1.1" 200 110059
202.8.42.40 - - [08/Jan/2025:01:44:48 +0100] "GET /ticket2/opencms/system/modules/com.gridnine.opencms.ticketbrokerage.site/resources/css/ticketbrokerage.css HTTP/1.1" 200 39339
202.8.42.40 - - [08/Jan/2025:01:44:48 +0100] "GET /ticket2/opencms/system/modules/com.gridnine.opencms.ticketbrokerage.site/resources/css/calendar.css HTTP/1.1" 200 6871
202.8.42.40 - - [08/Jan/2025:01:44:48 +0100] "GET /ticket2/opencms/system/modules/com.gridnine.opencms.ticketbrokerage.site/resources/css/jquery.fancybox.css HTTP/1.1" 200 4939
202.8.42.40 - - [08/Jan/2025:01:44:48 +0100] "GET /ticket2/opencms/system/modules/com.gridnine.opencms.ticketbrokerage.site/resources/css/jquery-ui.css HTTP/1.1" 200 33221
202.8.42.40 - - [08/Jan/2025:01:44:48 +0100] "GET /ticket2/opencms/system/modules/com.gridnine.opencms.ticketbrokerage.site/resources/css/standard.css HTTP/1.1" 200 73081
202.8.42.40 - - [08/Jan/2025:01:44:48 +0100] "GET /ticket2/opencms/system/modules/com.gridnine.opencms.ticketbrokerage.site/resources/js/jquery/jquery.js HTTP/1.1" 200 93868
202.8.42.40 - - [08/Jan/2025:01:44:48 +0100] "GET /ticket2/opencms/system/modules/com.gridnine.opencms.ticketbrokerage.site/resources/js/jquery/jquery-ui.js HTTP/1.1" 200 228088
202.8.42.40 - - [08/Jan/2025:01:44:48 +0100] "GET /ticket2/opencms/system/modules/com.gridnine.opencms.ticketbrokerage.site/resources/js/calendar-en.js HTTP/1.1" 200 3338
202.8.42.40 - - [08/Jan/2025:01:44:48 +0100] "GET /ticket2/opencms/system/modules/com.gridnine.opencms.ticketbrokerage.site/resources/js/functions.js HTTP/1.1" 200 1583
202.8.42.40 - - [08/Jan/2025:01:44:48 +0100] "GET /ticket2/opencms/system/modules/com.gridnine.opencms.ticketbrokerage.site/resources/js/calendar.js HTTP/1.1" 200 49229
202.8.42.40 - - [08/Jan/2025:01:44:48 +0100] "GET /ticket2/opencms/system/modules/com.gridnine.opencms.ticketbrokerage.site/resources/js/calendar-setup.js HTTP/1.1" 200 4923
202.8.42.40 - - [08/Jan/2025:01:44:48 +0100] "GET /ticket2/opencms/system/modules/com.gridnine.opencms.ticketbrokerage.site/resources/js/stickyfill.min.js HTTP/1.1" 200 5672
202.8.42.40 - - [08/Jan/2025:01:44:48 +0100] "GET /ticket2/opencms/system/modules/com.gridnine.opencms.ticketbrokerage.site/resources/js/jquery.fancybox.pack.js HTTP/1.1" 200 23187
202.8.42.40 - - [08/Jan/2025:01:44:48 +0100] "GET /ticket2/opencms/system/modules/com.gridnine.opencms.ticketbrokerage.site/resources/js/standard.js HTTP/1.1" 200 3978
202.8.42.40 - - [08/Jan/2025:01:44:48 +0100] "GET /ticket2/opencms/system/modules/com.gridnine.opencms.ticketbrokerage.site/resources/js/jquery.placeholder.min.js HTTP/1.1" 200 1737
202.8.42.40 - - [08/Jan/2025:01:44:49 +0100] "GET /ticket2/opencms/system/modules/com.gridnine.opencms.ticketbrokerage.site/resources/js/common-ajax.js HTTP/1.1" 200 20175
202.8.42.40 - - [08/Jan/2025:01:44:49 +0100] "GET /ticket2/opencms/mt/ask-form.html HTTP/1.1" 200 3156
202.8.42.40 - - [08/Jan/2025:01:44:50 +0100] "GET /ticket2/opencms/mt/ask-form.html HTTP/1.1" 200 3156
202.8.42.40 - - [08/Jan/2025:01:44:50 +0100] "GET /ticket2/opencms/system/modules/com.gridnine.opencms.ticketbrokerage.site/resources/css/ticketbrokerage.css HTTP/1.1" 200 39339
81.17.57.144 - - [08/Jan/2025:01:44:51 +0100] "GET /ticket2/opencms/be/buy/?page=1&edid=FC000D61-FABC-A881-9E2E-0971242A71A3 HTTP/1.1" 200 114571
81.17.57.144 - - [08/Jan/2025:01:44:55 +0100] "GET /ticket2/opencms/be/buy/?page=1&edid=FC400B0C-3F35-28FE-BA32-45A117020656 HTTP/1.1" 200 115354
81.17.57.144 - - [08/Jan/2025:01:45:00 +0100] "GET /ticket2/opencms/be/buy/?page=1&edid=FC797166-D971-D25F-0FB0-A6DA82828914 HTTP/1.1" 200 128057
47.128.120.207 - - [08/Jan/2025:01:45:02 +0100] "GET /ticket2/opencms/mo/buy?edid=382200F9-A319-F215-14F8-C7B4677A39A9 HTTP/1.1" 200 92534
81.17.57.144 - - [08/Jan/2025:01:45:04 +0100] "GET /ticket2/opencms/be/buy/?page=1&edid=FC7C15A4-04FF-B871-AC9F-BAD355747F99 HTTP/1.1" 200 111918
66.249.79.171 - - [08/Jan/2025:01:45:05 +0100] "GET /ticket2/opencms/lt/affiliateprogram.html HTTP/1.1" 200 87216
81.17.57.144 - - [08/Jan/2025:01:45:08 +0100] "GET /ticket2/opencms/en/sell/?edid=C51DC9BA-8ED0-8D5F-A005-77B2B61DA7C9 HTTP/1.1" 302 -
81.17.57.144 - - [08/Jan/2025:01:45:12 +0100] "GET /ticket2/opencms/en/login/?edid=C51DC9BA-8ED0-8D5F-A005-77B2B61DA7C9 HTTP/1.1" 200 89817
52.167.144.187 - - [08/Jan/2025:01:45:14 +0100] "GET /ticket2/opencms/dk/magazine/article?title=newcastle HTTP/1.1" 200 89131
54.36.148.38 - - [08/Jan/2025:01:45:15 +0100] "GET /ticket2/opencms/el/buy?page=1&edid=C3C2958F-64DF-91F9-F3D9-8F3CEBC7A797 HTTP/1.1" 200 122941
81.17.57.144 - - [08/Jan/2025:01:45:16 +0100] "GET /ticket2/opencms/en/sell/?edid=C78E4619-1E46-CB27-6BCC-007429A12C31 HTTP/1.1" 302 -
202.8.43.97 - - [08/Jan/2025:01:45:16 +0100] "GET /ticket2/opencms/system/modules/com.gridnine.opencms.ticketbrokerage.site/resources/css/standard.css HTTP/1.1" 200 73081
202.8.43.97 - - [08/Jan/2025:01:45:16 +0100] "GET /ticket2/opencms/system/modules/com.gridnine.opencms.ticketbrokerage.site/resources/css/jquery-ui.css HTTP/1.1" 200 33221
202.8.43.97 - - [08/Jan/2025:01:45:16 +0100] "GET /ticket2/opencms/system/modules/com.gridnine.opencms.ticketbrokerage.site/resources/css/jquery.fancybox.css HTTP/1.1" 200 4939
202.8.43.97 - - [08/Jan/2025:01:45:16 +0100] "GET /ticket2/opencms/system/modules/com.gridnine.opencms.ticketbrokerage.site/resources/css/calendar.css HTTP/1.1" 200 6871
202.8.43.97 - - [08/Jan/2025:01:45:16 +0100] "GET /ticket2/opencms/system/modules/com.gridnine.opencms.ticketbrokerage.site/resources/js/jquery/jquery-ui.js HTTP/1.1" 200 228088
202.8.43.97 - - [08/Jan/2025:01:45:16 +0100] "GET /ticket2/opencms/system/modules/com.gridnine.opencms.ticketbrokerage.site/resources/css/ticketbrokerage.css HTTP/1.1" 200 39339
202.8.43.97 - - [08/Jan/2025:01:45:16 +0100] "GET /ticket2/opencms/system/modules/com.gridnine.opencms.ticketbrokerage.site/resources/js/jquery/jquery.js HTTP/1.1" 200 93868
202.8.43.97 - - [08/Jan/2025:01:45:16 +0100] "GET /ticket2/opencms/system/modules/com.gridnine.opencms.ticketbrokerage.site/resources/js/functions.js HTTP/1.1" 200 1583
202.8.43.97 - - [08/Jan/2025:01:45:16 +0100] "GET /ticket2/opencms/system/modules/com.gridnine.opencms.ticketbrokerage.site/resources/js/calendar-en.js HTTP/1.1" 200 3338
202.8.43.97 - - [08/Jan/2025:01:45:16 +0100] "GET /ticket2/opencms/system/modules/com.gridnine.opencms.ticketbrokerage.site/resources/js/calendar.js HTTP/1.1" 200 49229
202.8.43.97 - - [08/Jan/2025:01:45:16 +0100] "GET /ticket2/opencms/system/modules/com.gridnine.opencms.ticketbrokerage.site/resources/js/calendar-setup.js HTTP/1.1" 200 4923
202.8.43.97 - - [08/Jan/2025:01:45:16 +0100] "GET /ticket2/opencms/system/modules/com.gridnine.opencms.ticketbrokerage.site/resources/js/jquery.fancybox.pack.js HTTP/1.1" 200 23187
202.8.43.97 - - [08/Jan/2025:01:45:16 +0100] "GET /ticket2/opencms/system/modules/com.gridnine.opencms.ticketbrokerage.site/resources/js/stickyfill.min.js HTTP/1.1" 200 5672
202.8.43.97 - - [08/Jan/2025:01:45:16 +0100] "GET /ticket2/opencms/system/modules/com.gridnine.opencms.ticketbrokerage.site/resources/js/standard.js HTTP/1.1" 200 3978
202.8.43.97 - - [08/Jan/2025:01:45:16 +0100] "GET /ticket2/opencms/system/modules/com.gridnine.opencms.ticketbrokerage.site/resources/js/common-ajax.js HTTP/1.1" 200 20175
202.8.43.97 - - [08/Jan/2025:01:45:16 +0100] "GET /ticket2/opencms/system/modules/com.gridnine.opencms.ticketbrokerage.site/resources/js/jquery.placeholder.min.js HTTP/1.1" 200 1737
202.8.43.97 - - [08/Jan/2025:01:45:16 +0100] "GET /ticket2/opencms/el/ask-form.html HTTP/1.1" 200 3156
202.8.43.97 - - [08/Jan/2025:01:45:17 +0100] "GET /ticket2/opencms/el/ask-form.html HTTP/1.1" 200 3156
202.8.43.97 - - [08/Jan/2025:01:45:17 +0100] "GET /ticket2/opencms/system/modules/com.gridnine.opencms.ticketbrokerage.site/resources/css/ticketbrokerage.css HTTP/1.1" 200 39339
81.17.57.144 - - [08/Jan/2025:01:45:20 +0100] "GET /ticket2/opencms/en/login/?edid=C78E4619-1E46-CB27-6BCC-007429A12C31 HTTP/1.1" 200 89829
40.77.167.10 - - [08/Jan/2025:01:45:24 +0100] "GET /ticket2/opencms/fr/?page=6&comcatid=A17713B6-D984-201A-4143-ED4DB5ED5C2E&catid=515A9A29-35A0-2DB8-262B-AEF122DB04F6 HTTP/1.1" 200 100946
81.17.57.144 - - [08/Jan/2025:01:45:24 +0100] "GET /ticket2/opencms/et/buy/?page=1&edid=6035F022-2AFB-0DF4-0C8B-8C092D9D990D HTTP/1.1" 200 112925
81.17.57.144 - - [08/Jan/2025:01:45:28 +0100] "GET /ticket2/opencms/et/buy/?page=1&edid=63B3C27F-3402-BA64-D032-5846FD6DB5B5 HTTP/1.1" 200 112817
185.191.171.17 - - [08/Jan/2025:01:45:29 +0100] "GET /ticket2/opencms/sv/sport/fotbollsbiljetter/la_liga/sevilla/barcelona.html HTTP/1.1" 200 86684
52.167.144.222 - - [08/Jan/2025:01:45:29 +0100] "GET /ticket2/opencms/be/buy/?page=1&edid=27182C30-0424-098E-A8DB-2AA3B88A1ABD HTTP/1.1" 200 137556
81.17.57.144 - - [08/Jan/2025:01:45:32 +0100] "GET /ticket2/opencms/et/buy/?page=1&edid=63D25C1E-F945-3D8C-F981-1BC33FDCD607 HTTP/1.1" 200 119024
114.119.136.8 - - [08/Jan/2025:01:45:35 +0100] "GET /ticket2/opencms/en/buy/?page=1&edid=8E7E988F-0CBB-24A6-EB31-1B5F9AB22CBD HTTP/1.1" 200 107935
81.17.57.144 - - [08/Jan/2025:01:45:37 +0100] "GET /ticket2/opencms/et/buy/?page=1&edid=6491C4B6-5C45-20F3-BDEC-54EE4BA903D5 HTTP/1.1" 200 136972
185.191.171.16 - - [08/Jan/2025:01:45:37 +0100] "GET /ticket2/opencms/is/magazine/article?title=thyda-eftirfarandi-texta-a-islensku-luton HTTP/1.1" 200 92610
81.17.57.144 - - [08/Jan/2025:01:45:40 +0100] "GET /ticket2/opencms/et/buy/?page=1&edid=64ED0EC9-75A5-F773-0C16-11EBB640A9D8 HTTP/1.1" 200 111915
114.119.148.14 - - [08/Jan/2025:01:45:42 +0100] "GET /ticket2/opencms/en/venue/?venueid=E063D77E-F5E5-437C-9144-084D408D5EA1 HTTP/1.1" 200 85019
114.119.132.9 - - [08/Jan/2025:01:45:44 +0100] "GET /ticket2/opencms/en/venue/?venueid=A5A743EB-AD74-4583-AFF2-141D1363F7B4 HTTP/1.1" 200 85008
81.17.57.144 - - [08/Jan/2025:01:45:45 +0100] "GET /ticket2/opencms/et/buy/?page=1&edid=650A0D78-456F-EC5A-28FD-BB522C4AB0A0 HTTP/1.1" 200 112186
54.36.148.33 - - [08/Jan/2025:01:45:46 +0100] "GET /ticket2/opencms/es/buy?page=1&edid=E6F60BFF-04E2-DA87-AC4B-5DAF020D1574 HTTP/1.1" 200 115630
202.8.40.143 - - [08/Jan/2025:01:45:47 +0100] "GET /ticket2/opencms/system/modules/com.gridnine.opencms.ticketbrokerage.site/resources/css/calendar.css HTTP/1.1" 200 6871
202.8.40.143 - - [08/Jan/2025:01:45:47 +0100] "GET /ticket2/opencms/system/modules/com.gridnine.opencms.ticketbrokerage.site/resources/css/jquery-ui.css HTTP/1.1" 200 33221
202.8.40.143 - - [08/Jan/2025:01:45:47 +0100] "GET /ticket2/opencms/system/modules/com.gridnine.opencms.ticketbrokerage.site/resources/css/standard.css HTTP/1.1" 200 73081
202.8.40.143 - - [08/Jan/2025:01:45:47 +0100] "GET /ticket2/opencms/system/modules/com.gridnine.opencms.ticketbrokerage.site/resources/css/jquery.fancybox.css HTTP/1.1" 200 4939
202.8.40.143 - - [08/Jan/2025:01:45:47 +0100] "GET /ticket2/opencms/system/modules/com.gridnine.opencms.ticketbrokerage.site/resources/css/ticketbrokerage.css HTTP/1.1" 200 39339
202.8.40.143 - - [08/Jan/2025:01:45:47 +0100] "GET /ticket2/opencms/system/modules/com.gridnine.opencms.ticketbrokerage.site/resources/js/jquery/jquery.js HTTP/1.1" 200 93868
202.8.40.143 - - [08/Jan/2025:01:45:47 +0100] "GET /ticket2/opencms/system/modules/com.gridnine.opencms.ticketbrokerage.site/resources/js/functions.js HTTP/1.1" 200 1583
202.8.40.143 - - [08/Jan/2025:01:45:47 +0100] "GET /ticket2/opencms/system/modules/com.gridnine.opencms.ticketbrokerage.site/resources/js/jquery/jquery-ui.js HTTP/1.1" 200 228088
202.8.40.143 - - [08/Jan/2025:01:45:47 +0100] "GET /ticket2/opencms/system/modules/com.gridnine.opencms.ticketbrokerage.site/resources/js/calendar-en.js HTTP/1.1" 200 3338
202.8.40.143 - - [08/Jan/2025:01:45:48 +0100] "GET /ticket2/opencms/system/modules/com.gridnine.opencms.ticketbrokerage.site/resources/js/calendar.js HTTP/1.1" 200 49229
202.8.40.143 - - [08/Jan/2025:01:45:48 +0100] "GET /ticket2/opencms/system/modules/com.gridnine.opencms.ticketbrokerage.site/resources/js/calendar-setup.js HTTP/1.1" 200 4923
202.8.40.143 - - [08/Jan/2025:01:45:48 +0100] "GET /ticket2/opencms/system/modules/com.gridnine.opencms.ticketbrokerage.site/resources/js/jquery.fancybox.pack.js HTTP/1.1" 200 23187
202.8.40.143 - - [08/Jan/2025:01:45:48 +0100] "GET /ticket2/opencms/system/modules/com.gridnine.opencms.ticketbrokerage.site/resources/js/stickyfill.min.js HTTP/1.1" 200 5672
202.8.40.143 - - [08/Jan/2025:01:45:48 +0100] "GET /ticket2/opencms/system/modules/com.gridnine.opencms.ticketbrokerage.site/resources/js/standard.js HTTP/1.1" 200 3978
202.8.40.143 - - [08/Jan/2025:01:45:48 +0100] "GET /ticket2/opencms/system/modules/com.gridnine.opencms.ticketbrokerage.site/resources/js/jquery.placeholder.min.js HTTP/1.1" 200 1737
202.8.40.143 - - [08/Jan/2025:01:45:48 +0100] "GET /ticket2/opencms/system/modules/com.gridnine.opencms.ticketbrokerage.site/resources/js/common-ajax.js HTTP/1.1" 200 20175
