81.17.57.144 - - [08/Jan/2025:01:39:03 +0100] "GET /ticket2/opencms/be/buy/?page=1&edid=E5A432C8-DA4B-0B1D-D158-7FE1F332A199 HTTP/1.1" 200 111868
174.246.128.60 - - [08/Jan/2025:01:39:03 +0100] "GET /ticket2/opencms/system/modules/com.gridnine.opencms.ticketbrokerage.site/resources/css/calendar.css HTTP/1.1" 200 6871
174.246.128.60 - - [08/Jan/2025:01:39:03 +0100] "GET /ticket2/opencms/system/modules/com.gridnine.opencms.ticketbrokerage.site/resources/css/jquery-ui.css HTTP/1.1" 200 33221
174.246.128.60 - - [08/Jan/2025:01:39:03 +0100] "GET /ticket2/opencms/system/modules/com.gridnine.opencms.ticketbrokerage.site/resources/css/standard.css HTTP/1.1" 200 73081
174.246.128.60 - - [08/Jan/2025:01:39:03 +0100] "GET /ticket2/opencms/system/modules/com.gridnine.opencms.ticketbrokerage.site/resources/css/jquery.fancybox.css HTTP/1.1" 200 4939
188.165.212.137 - - [08/Jan/2025:01:39:03 +0100] "GET /ticket2/opencms/sv/buy/?page=6&comcatid=A17713B6-D984-201A-4143-ED4DB5ED5C2E&catid=A7674DEA-B39E-502C-2F76-760AE08947E9 HTTP/1.1" 200 6410
174.246.128.60 - - [08/Jan/2025:01:39:03 +0100] "GET /ticket2/opencms/system/modules/com.gridnine.opencms.ticketbrokerage.site/resources/js/jquery/jquery.js HTTP/1.1" 200 93868
174.246.128.60 - - [08/Jan/2025:01:39:03 +0100] "GET /ticket2/opencms/system/modules/com.gridnine.opencms.ticketbrokerage.site/resources/js/jquery/jquery-ui.js HTTP/1.1" 200 228088
174.246.128.60 - - [08/Jan/2025:01:39:03 +0100] "GET /ticket2/opencms/system/modules/com.gridnine.opencms.ticketbrokerage.site/resources/js/functions.js HTTP/1.1" 200 1583
174.246.128.60 - - [08/Jan/2025:01:39:04 +0100] "GET /ticket2/opencms/system/modules/com.gridnine.opencms.ticketbrokerage.site/resources/js/calendar.js HTTP/1.1" 200 49229
174.246.128.60 - - [08/Jan/2025:01:39:04 +0100] "GET /ticket2/opencms/system/modules/com.gridnine.opencms.ticketbrokerage.site/resources/js/calendar-en.js HTTP/1.1" 200 3338
174.246.128.60 - - [08/Jan/2025:01:39:04 +0100] "GET /ticket2/opencms/system/modules/com.gridnine.opencms.ticketbrokerage.site/resources/js/calendar-setup.js HTTP/1.1" 200 4923
174.246.128.60 - - [08/Jan/2025:01:39:04 +0100] "GET /ticket2/opencms/system/modules/com.gridnine.opencms.ticketbrokerage.site/resources/js/jquery.fancybox.pack.js HTTP/1.1" 200 23187
174.246.128.60 - - [08/Jan/2025:01:39:04 +0100] "GET /ticket2/opencms/system/modules/com.gridnine.opencms.ticketbrokerage.site/resources/js/stickyfill.min.js HTTP/1.1" 200 5672
174.246.128.60 - - [08/Jan/2025:01:39:04 +0100] "GET /ticket2/opencms/img/icons/en.png HTTP/1.1" 200 2415
174.246.128.60 - - [08/Jan/2025:01:39:04 +0100] "GET /ticket2/opencms/img/icons/se.png HTTP/1.1" 200 1258
174.246.128.60 - - [08/Jan/2025:01:39:05 +0100] "GET /ticket2/opencms/img/icons/fi.png HTTP/1.1" 200 1785
174.246.128.60 - - [08/Jan/2025:01:39:05 +0100] "GET /ticket2/opencms/system/modules/com.gridnine.opencms.ticketbrokerage.site/resources/js/standard.js HTTP/1.1" 200 3978
174.246.128.60 - - [08/Jan/2025:01:39:05 +0100] "GET /ticket2/opencms/system/modules/com.gridnine.opencms.ticketbrokerage.site/resources/js/jquery.placeholder.min.js HTTP/1.1" 200 1737
174.246.128.60 - - [08/Jan/2025:01:39:05 +0100] "GET /ticket2/opencms/system/modules/com.gridnine.opencms.ticketbrokerage.site/resources/js/common-ajax.js HTTP/1.1" 200 20175
174.246.128.60 - - [08/Jan/2025:01:39:05 +0100] "GET /ticket2/opencms/system/modules/com.gridnine.opencms.ticketbrokerage.site/resources/pics/logo-new.png HTTP/1.1" 200 13541
174.246.128.60 - - [08/Jan/2025:01:39:05 +0100] "GET /ticket2/opencms/img/insta.png HTTP/1.1" 200 3967
66.249.79.193 - - [08/Jan/2025:01:39:05 +0100] "GET /ticket2/opencms/sv/venue/?venueid=08007F9C-6923-D8D9-D5B3-14DE4E4F8940 HTTP/1.1" 200 85847
54.36.148.236 - - [08/Jan/2025:01:39:05 +0100] "GET /ticket2/opencms/ga/buy?page=1&edid=11EFBC55-130A-2310-B776-C5D86878BDAB HTTP/1.1" 200 113308
174.246.128.60 - - [08/Jan/2025:01:39:05 +0100] "GET /ticket2/opencms/img/fb.png HTTP/1.1" 200 1269
174.246.128.60 - - [08/Jan/2025:01:39:05 +0100] "GET /ticket2/opencms/system/modules/com.gridnine.opencms.ticketbrokerage.site/resources/pics/footer-img.jpg HTTP/1.1" 200 67642
174.246.128.60 - - [08/Jan/2025:01:39:05 +0100] "GET /ticket2/opencms/img/check.png HTTP/1.1" 200 548
174.246.128.60 - - [08/Jan/2025:01:39:05 +0100] "GET /ticket2/opencms/img/mail.png HTTP/1.1" 200 403
54.36.148.218 - - [08/Jan/2025:01:39:06 +0100] "GET /ticket2/opencms/bs/buy?page=1&edid=19EA038B-40C5-A758-4121-DC981BEF8929 HTTP/1.1" 200 109628
174.246.128.60 - - [08/Jan/2025:01:39:06 +0100] "GET /ticket2/opencms/img/hero-team.jpeg HTTP/1.1" 200 73065
174.246.128.60 - - [08/Jan/2025:01:39:06 +0100] "GET /ticket2/opencms/img/chat.png HTTP/1.1" 200 416
174.246.128.60 - - [08/Jan/2025:01:39:06 +0100] "GET /ticket2/opencms/img/arrow.png HTTP/1.1" 200 753
202.8.42.205 - - [08/Jan/2025:01:39:06 +0100] "GET /ticket2/opencms/system/modules/com.gridnine.opencms.ticketbrokerage.site/resources/css/jquery-ui.css HTTP/1.1" 200 33221
202.8.42.205 - - [08/Jan/2025:01:39:06 +0100] "GET /ticket2/opencms/system/modules/com.gridnine.opencms.ticketbrokerage.site/resources/css/standard.css HTTP/1.1" 200 73081
202.8.42.205 - - [08/Jan/2025:01:39:06 +0100] "GET /ticket2/opencms/system/modules/com.gridnine.opencms.ticketbrokerage.site/resources/css/calendar.css HTTP/1.1" 200 6871
202.8.42.205 - - [08/Jan/2025:01:39:06 +0100] "GET /ticket2/opencms/system/modules/com.gridnine.opencms.ticketbrokerage.site/resources/css/ticketbrokerage.css HTTP/1.1" 200 39339
202.8.42.205 - - [08/Jan/2025:01:39:06 +0100] "GET /ticket2/opencms/system/modules/com.gridnine.opencms.ticketbrokerage.site/resources/css/jquery.fancybox.css HTTP/1.1" 200 4939
202.8.42.205 - - [08/Jan/2025:01:39:06 +0100] "GET /ticket2/opencms/system/modules/com.gridnine.opencms.ticketbrokerage.site/resources/js/jquery/jquery-ui.js HTTP/1.1" 200 228088
202.8.42.205 - - [08/Jan/2025:01:39:06 +0100] "GET /ticket2/opencms/system/modules/com.gridnine.opencms.ticketbrokerage.site/resources/js/calendar-en.js HTTP/1.1" 200 3338
202.8.42.205 - - [08/Jan/2025:01:39:06 +0100] "GET /ticket2/opencms/system/modules/com.gridnine.opencms.ticketbrokerage.site/resources/js/calendar.js HTTP/1.1" 200 49229
202.8.42.205 - - [08/Jan/2025:01:39:06 +0100] "GET /ticket2/opencms/system/modules/com.gridnine.opencms.ticketbrokerage.site/resources/js/functions.js HTTP/1.1" 200 1583
202.8.42.205 - - [08/Jan/2025:01:39:06 +0100] "GET /ticket2/opencms/system/modules/com.gridnine.opencms.ticketbrokerage.site/resources/js/jquery/jquery.js HTTP/1.1" 200 93868
202.8.42.205 - - [08/Jan/2025:01:39:06 +0100] "GET /ticket2/opencms/system/modules/com.gridnine.opencms.ticketbrokerage.site/resources/js/calendar-setup.js HTTP/1.1" 200 4923
202.8.42.205 - - [08/Jan/2025:01:39:06 +0100] "GET /ticket2/opencms/system/modules/com.gridnine.opencms.ticketbrokerage.site/resources/js/jquery.fancybox.pack.js HTTP/1.1" 200 23187
202.8.42.205 - - [08/Jan/2025:01:39:06 +0100] "GET /ticket2/opencms/system/modules/com.gridnine.opencms.ticketbrokerage.site/resources/js/stickyfill.min.js HTTP/1.1" 200 5672
202.8.42.205 - - [08/Jan/2025:01:39:06 +0100] "GET /ticket2/opencms/system/modules/com.gridnine.opencms.ticketbrokerage.site/resources/js/standard.js HTTP/1.1" 200 3978
202.8.42.205 - - [08/Jan/2025:01:39:07 +0100] "GET /ticket2/opencms/system/modules/com.gridnine.opencms.ticketbrokerage.site/resources/js/jquery.placeholder.min.js HTTP/1.1" 200 1737
202.8.42.205 - - [08/Jan/2025:01:39:07 +0100] "GET /ticket2/opencms/system/modules/com.gridnine.opencms.ticketbrokerage.site/resources/js/common-ajax.js HTTP/1.1" 200 20175
202.8.42.205 - - [08/Jan/2025:01:39:07 +0100] "GET /ticket2/opencms/ga/ask-form.html HTTP/1.1" 200 3156
202.8.40.202 - - [08/Jan/2025:01:39:07 +0100] "GET /ticket2/opencms/system/modules/com.gridnine.opencms.ticketbrokerage.site/resources/css/standard.css HTTP/1.1" 200 73081
202.8.40.202 - - [08/Jan/2025:01:39:07 +0100] "GET /ticket2/opencms/system/modules/com.gridnine.opencms.ticketbrokerage.site/resources/css/ticketbrokerage.css HTTP/1.1" 200 39339
202.8.40.202 - - [08/Jan/2025:01:39:07 +0100] "GET /ticket2/opencms/system/modules/com.gridnine.opencms.ticketbrokerage.site/resources/css/calendar.css HTTP/1.1" 200 6871
202.8.40.202 - - [08/Jan/2025:01:39:07 +0100] "GET /ticket2/opencms/system/modules/com.gridnine.opencms.ticketbrokerage.site/resources/css/jquery.fancybox.css HTTP/1.1" 200 4939
202.8.40.202 - - [08/Jan/2025:01:39:08 +0100] "GET /ticket2/opencms/system/modules/com.gridnine.opencms.ticketbrokerage.site/resources/css/jquery-ui.css HTTP/1.1" 200 33221
202.8.40.202 - - [08/Jan/2025:01:39:08 +0100] "GET /ticket2/opencms/system/modules/com.gridnine.opencms.ticketbrokerage.site/resources/js/calendar.js HTTP/1.1" 200 49229
202.8.40.202 - - [08/Jan/2025:01:39:08 +0100] "GET /ticket2/opencms/system/modules/com.gridnine.opencms.ticketbrokerage.site/resources/js/jquery/jquery.js HTTP/1.1" 200 93868
202.8.40.202 - - [08/Jan/2025:01:39:08 +0100] "GET /ticket2/opencms/system/modules/com.gridnine.opencms.ticketbrokerage.site/resources/js/jquery/jquery-ui.js HTTP/1.1" 200 228088
202.8.40.202 - - [08/Jan/2025:01:39:08 +0100] "GET /ticket2/opencms/system/modules/com.gridnine.opencms.ticketbrokerage.site/resources/js/functions.js HTTP/1.1" 200 1583
202.8.40.202 - - [08/Jan/2025:01:39:08 +0100] "GET /ticket2/opencms/system/modules/com.gridnine.opencms.ticketbrokerage.site/resources/js/calendar-en.js HTTP/1.1" 200 3338
202.8.40.202 - - [08/Jan/2025:01:39:08 +0100] "GET /ticket2/opencms/system/modules/com.gridnine.opencms.ticketbrokerage.site/resources/js/calendar-setup.js HTTP/1.1" 200 4923
202.8.40.202 - - [08/Jan/2025:01:39:08 +0100] "GET /ticket2/opencms/system/modules/com.gridnine.opencms.ticketbrokerage.site/resources/js/jquery.fancybox.pack.js HTTP/1.1" 200 23187
202.8.40.202 - - [08/Jan/2025:01:39:08 +0100] "GET /ticket2/opencms/system/modules/com.gridnine.opencms.ticketbrokerage.site/resources/js/stickyfill.min.js HTTP/1.1" 200 5672
202.8.40.202 - - [08/Jan/2025:01:39:08 +0100] "GET /ticket2/opencms/system/modules/com.gridnine.opencms.ticketbrokerage.site/resources/js/standard.js HTTP/1.1" 200 3978
202.8.40.202 - - [08/Jan/2025:01:39:08 +0100] "GET /ticket2/opencms/system/modules/com.gridnine.opencms.ticketbrokerage.site/resources/js/jquery.placeholder.min.js HTTP/1.1" 200 1737
202.8.40.202 - - [08/Jan/2025:01:39:08 +0100] "GET /ticket2/opencms/system/modules/com.gridnine.opencms.ticketbrokerage.site/resources/js/common-ajax.js HTTP/1.1" 200 20175
202.8.40.202 - - [08/Jan/2025:01:39:08 +0100] "GET /ticket2/opencms/bs/ask-form.html HTTP/1.1" 200 3156
202.8.40.202 - - [08/Jan/2025:01:39:09 +0100] "GET /ticket2/opencms/bs/ask-form.html HTTP/1.1" 200 3156
174.246.128.60 - - [08/Jan/2025:01:39:09 +0100] "GET /ticket2/opencms/img/icons/fi.png HTTP/1.1" 200 1785
202.8.40.202 - - [08/Jan/2025:01:39:09 +0100] "GET /ticket2/opencms/system/modules/com.gridnine.opencms.ticketbrokerage.site/resources/css/ticketbrokerage.css HTTP/1.1" 200 39339
81.17.57.144 - - [08/Jan/2025:01:39:09 +0100] "GET /ticket2/opencms/be/buy/?page=1&edid=E5C71AA1-7B1A-D9BE-470B-940D9CED866E HTTP/1.1" 200 111808
174.246.128.60 - - [08/Jan/2025:01:39:09 +0100] "GET /ticket2/opencms/img/icons/no.png HTTP/1.1" 200 1958
174.246.128.60 - - [08/Jan/2025:01:39:09 +0100] "GET /ticket2/opencms/img/icons/globe-white.png HTTP/1.1" 200 947
66.249.76.8 - - [08/Jan/2025:01:39:09 +0100] "GET /ticket2/opencms/system/modules/com.gridnine.opencms.ticketbrokerage.site/resources/css/calendar.css HTTP/1.1" 200 6871
174.246.128.60 - - [08/Jan/2025:01:39:09 +0100] "GET /ticket2/opencms/img/icons/dk.png HTTP/1.1" 200 1706
174.246.128.60 - - [08/Jan/2025:01:39:09 +0100] "GET /ticket2/opencms/img/icons/nl.png HTTP/1.1" 200 1255
188.165.212.137 - - [08/Jan/2025:01:39:09 +0100] "GET /ticket2/opencms/sv/buy/?page=6&comcatid=A17713B6-D984-201A-4143-ED4DB5ED5C2E&catid=AE3FE643-AE41-BAA6-237D-5206D1B044A1 HTTP/1.1" 200 6410
174.246.128.60 - - [08/Jan/2025:01:39:09 +0100] "GET /ticket2/opencms/img/icons/de.png HTTP/1.1" 200 1124
174.246.128.60 - - [08/Jan/2025:01:39:10 +0100] "GET /ticket2/opencms/img/icons/fr.png HTTP/1.1" 200 1764
66.249.79.8 - - [08/Jan/2025:01:39:10 +0100] "GET /ticket2/opencms/system/modules/com.gridnine.opencms.ticketbrokerage.site/resources/js/standard.js HTTP/1.1" 200 3978
174.246.128.60 - - [08/Jan/2025:01:39:10 +0100] "GET /ticket2/opencms/img/icons/es.png HTTP/1.1" 200 1005
174.246.128.60 - - [08/Jan/2025:01:39:10 +0100] "GET /ticket2/opencms/img/icons/it.png HTTP/1.1" 200 2040
174.246.128.60 - - [08/Jan/2025:01:39:11 +0100] "GET /ticket2/opencms/img/icons/pl.png HTTP/1.1" 200 1578
174.246.128.60 - - [08/Jan/2025:01:39:11 +0100] "GET /ticket2/opencms/img/icons/sq.png HTTP/1.1" 200 1619
174.246.128.60 - - [08/Jan/2025:01:39:11 +0100] "GET /ticket2/opencms/img/icons/az.png HTTP/1.1" 200 1445
66.249.68.8 - - [08/Jan/2025:01:39:11 +0100] "GET /ticket2/opencms/system/modules/com.gridnine.opencms.ticketbrokerage.site/resources/js/jquery/jquery-ui.js HTTP/1.1" 200 228088
174.246.128.60 - - [08/Jan/2025:01:39:11 +0100] "GET /ticket2/opencms/img/icons/be.png HTTP/1.1" 200 1663
174.246.128.60 - - [08/Jan/2025:01:39:11 +0100] "GET /ticket2/opencms/img/icons/bs.png HTTP/1.1" 200 1014
174.246.128.60 - - [08/Jan/2025:01:39:12 +0100] "GET /ticket2/opencms/img/icons/bg.png HTTP/1.1" 200 788
174.246.128.60 - - [08/Jan/2025:01:39:12 +0100] "GET /ticket2/opencms/img/icons/hr.png HTTP/1.1" 200 2024
174.246.128.60 - - [08/Jan/2025:01:39:12 +0100] "GET /ticket2/opencms/img/icons/cs.png HTTP/1.1" 200 1883
174.246.128.60 - - [08/Jan/2025:01:39:12 +0100] "GET /ticket2/opencms/img/icons/et.png HTTP/1.1" 200 754
81.17.57.144 - - [08/Jan/2025:01:39:13 +0100] "GET /ticket2/opencms/be/buy/?page=1&edid=E5EF9377-5B91-6B93-FCE0-C5E2E0DD63D6 HTTP/1.1" 200 111972
188.165.212.137 - - [08/Jan/2025:01:39:15 +0100] "GET /ticket2/opencms/sv/buy/?page=6&comcatid=A17713B6-D984-201A-4143-ED4DB5ED5C2E&catid=B0817F4C-4B6F-A68C-6229-209BB05F84D4 HTTP/1.1" 200 6410
174.246.128.60 - - [08/Jan/2025:01:39:15 +0100] "GET /ticket2/opencms/img/icons/is.png HTTP/1.1" 200 1884
174.246.128.60 - - [08/Jan/2025:01:39:16 +0100] "GET /ticket2/opencms/img/icons/el.png HTTP/1.1" 200 1637
174.246.128.60 - - [08/Jan/2025:01:39:16 +0100] "GET /ticket2/opencms/img/icons/ka.png HTTP/1.1" 200 860
174.246.128.60 - - [08/Jan/2025:01:39:16 +0100] "GET /ticket2/opencms/img/icons/ga.png HTTP/1.1" 200 1759
174.246.128.60 - - [08/Jan/2025:01:39:16 +0100] "GET /ticket2/opencms/img/icons/lv.png HTTP/1.1" 200 716
174.246.128.60 - - [08/Jan/2025:01:39:16 +0100] "GET /ticket2/opencms/img/icons/lt.png HTTP/1.1" 200 733
174.246.128.60 - - [08/Jan/2025:01:39:16 +0100] "GET /ticket2/opencms/img/icons/hu.png HTTP/1.1" 200 733
174.246.128.60 - - [08/Jan/2025:01:39:16 +0100] "GET /ticket2/opencms/img/icons/mt.png HTTP/1.1" 200 920
174.246.128.60 - - [08/Jan/2025:01:39:16 +0100] "GET /ticket2/opencms/img/icons/mo.png HTTP/1.1" 200 1468
40.77.167.20 - - [08/Jan/2025:01:39:16 +0100] "GET /ticket2/opencms/fi/?page=6&comcatid=A17713B6-D984-201A-4143-ED4DB5ED5C2E&catid=C871EAE3-C584-718A-9795-07CDEF43FA75 HTTP/1.1" 200 100905
174.246.128.60 - - [08/Jan/2025:01:39:16 +0100] "GET /ticket2/opencms/img/icons/sr.png HTTP/1.1" 200 1602
174.246.128.60 - - [08/Jan/2025:01:39:16 +0100] "GET /ticket2/opencms/img/icons/ro.png HTTP/1.1" 200 1393
174.246.128.60 - - [08/Jan/2025:01:39:17 +0100] "GET /ticket2/opencms/img/icons/sk.png HTTP/1.1" 200 1283
174.246.128.60 - - [08/Jan/2025:01:39:17 +0100] "GET /ticket2/opencms/img/icons/sl.png HTTP/1.1" 200 966
174.246.128.60 - - [08/Jan/2025:01:39:17 +0100] "GET /ticket2/opencms/img/icons/uk.png HTTP/1.1" 200 1272
174.246.128.60 - - [08/Jan/2025:01:39:17 +0100] "GET /ticket2/opencms/img/icons/tr.png HTTP/1.1" 200 1636
81.17.57.144 - - [08/Jan/2025:01:39:17 +0100] "GET /ticket2/opencms/be/buy/?page=1&edid=E63D59DE-C626-8BE9-FDFD-E25A89D23277 HTTP/1.1" 200 115581
188.165.212.137 - - [08/Jan/2025:01:39:20 +0100] "GET /ticket2/opencms/sv/buy/?page=6&comcatid=A17713B6-D984-201A-4143-ED4DB5ED5C2E&catid=BDD8C04C-DD99-1C07-B5F3-F2AB98D157E8 HTTP/1.1" 200 6410
81.17.57.144 - - [08/Jan/2025:01:39:21 +0100] "GET /ticket2/opencms/be/buy/?page=1&edid=E66170CD-15EA-25FF-64F4-4C19A47AC0BA HTTP/1.1" 200 115286
114.119.132.57 - - [08/Jan/2025:01:39:23 +0100] "GET /ticket2/opencms/en/buy/?page=1&edid=2FC0C730-CDF2-92B9-F11A-5B4B69410553 HTTP/1.1" 200 123813
188.165.212.137 - - [08/Jan/2025:01:39:25 +0100] "GET /ticket2/opencms/sv/buy/?page=6&comcatid=A17713B6-D984-201A-4143-ED4DB5ED5C2E&catid=BE041FBE-C1A7-918C-EB61-99ED02D12F5B HTTP/1.1" 200 6410
81.17.57.144 - - [08/Jan/2025:01:39:25 +0100] "GET /ticket2/opencms/be/buy/?page=1&edid=E66B1558-C5A6-CDDD-B7DD-6060381B0F38 HTTP/1.1" 200 125180
188.165.212.137 - - [08/Jan/2025:01:39:28 +0100] "GET /ticket2/opencms/sv/buy/?page=6&comcatid=A17713B6-D984-201A-4143-ED4DB5ED5C2E&catid=C0DF818C-DB21-6E2E-4056-DB751FFE0C41 HTTP/1.1" 200 6410
81.17.57.144 - - [08/Jan/2025:01:39:30 +0100] "GET /ticket2/opencms/be/buy/?page=1&edid=E66C4511-572E-0FE6-424C-55176043377C HTTP/1.1" 200 111943
188.165.212.137 - - [08/Jan/2025:01:39:32 +0100] "GET /ticket2/opencms/sv/buy/?page=6&comcatid=A17713B6-D984-201A-4143-ED4DB5ED5C2E&catid=C48671DB-5AEB-8CE2-928E-38417FFBE085 HTTP/1.1" 200 6410
81.17.57.144 - - [08/Jan/2025:01:39:34 +0100] "GET /ticket2/opencms/be/buy/?page=1&edid=E6BF5AD1-BE0F-B988-8995-E2E5D8BDCA2A HTTP/1.1" 200 121792
188.165.212.137 - - [08/Jan/2025:01:39:36 +0100] "GET /ticket2/opencms/sv/buy/?page=6&comcatid=A17713B6-D984-201A-4143-ED4DB5ED5C2E&catid=C871EAE3-C584-718A-9795-07CDEF43FA75 HTTP/1.1" 200 6410
54.36.149.82 - - [08/Jan/2025:01:39:36 +0100] "GET /ticket2/opencms/sk/buy?page=1&edid=BBD878B9-BE73-D542-F1BC-32A8FBDE1770 HTTP/1.1" 200 109967
40.77.167.152 - - [08/Jan/2025:01:39:37 +0100] "GET /ticket2/opencms/dk/magazine/article?title=en-imponerende-kamp-hvor-svenskeren-kulusevski-fortsaetter-med-at-levere HTTP/1.1" 200 93177
81.17.57.144 - - [08/Jan/2025:01:39:37 +0100] "GET /ticket2/opencms/be/buy/?page=1&edid=E6F60BFF-04E2-DA87-AC4B-5DAF020D1574 HTTP/1.1" 200 117874
54.36.149.88 - - [08/Jan/2025:01:39:37 +0100] "GET /ticket2/opencms/sq/ask-form.html HTTP/1.1" 200 3156
202.8.40.131 - - [08/Jan/2025:01:39:38 +0100] "GET /ticket2/opencms/system/modules/com.gridnine.opencms.ticketbrokerage.site/resources/css/jquery.fancybox.css HTTP/1.1" 200 4939
202.8.40.131 - - [08/Jan/2025:01:39:38 +0100] "GET /ticket2/opencms/system/modules/com.gridnine.opencms.ticketbrokerage.site/resources/css/ticketbrokerage.css HTTP/1.1" 200 39339
202.8.40.131 - - [08/Jan/2025:01:39:38 +0100] "GET /ticket2/opencms/system/modules/com.gridnine.opencms.ticketbrokerage.site/resources/css/standard.css HTTP/1.1" 200 73081
202.8.40.131 - - [08/Jan/2025:01:39:38 +0100] "GET /ticket2/opencms/system/modules/com.gridnine.opencms.ticketbrokerage.site/resources/css/jquery-ui.css HTTP/1.1" 200 33221
202.8.40.131 - - [08/Jan/2025:01:39:38 +0100] "GET /ticket2/opencms/system/modules/com.gridnine.opencms.ticketbrokerage.site/resources/css/calendar.css HTTP/1.1" 200 6871
202.8.40.131 - - [08/Jan/2025:01:39:38 +0100] "GET /ticket2/opencms/system/modules/com.gridnine.opencms.ticketbrokerage.site/resources/js/calendar.js HTTP/1.1" 200 49229
202.8.40.131 - - [08/Jan/2025:01:39:38 +0100] "GET /ticket2/opencms/system/modules/com.gridnine.opencms.ticketbrokerage.site/resources/js/jquery/jquery-ui.js HTTP/1.1" 200 228088
202.8.40.131 - - [08/Jan/2025:01:39:38 +0100] "GET /ticket2/opencms/system/modules/com.gridnine.opencms.ticketbrokerage.site/resources/js/jquery/jquery.js HTTP/1.1" 200 93868
202.8.40.131 - - [08/Jan/2025:01:39:38 +0100] "GET /ticket2/opencms/system/modules/com.gridnine.opencms.ticketbrokerage.site/resources/js/calendar-en.js HTTP/1.1" 200 3338
202.8.40.131 - - [08/Jan/2025:01:39:38 +0100] "GET /ticket2/opencms/system/modules/com.gridnine.opencms.ticketbrokerage.site/resources/js/calendar-setup.js HTTP/1.1" 200 4923
202.8.40.131 - - [08/Jan/2025:01:39:38 +0100] "GET /ticket2/opencms/system/modules/com.gridnine.opencms.ticketbrokerage.site/resources/js/functions.js HTTP/1.1" 200 1583
202.8.40.131 - - [08/Jan/2025:01:39:38 +0100] "GET /ticket2/opencms/system/modules/com.gridnine.opencms.ticketbrokerage.site/resources/js/jquery.fancybox.pack.js HTTP/1.1" 200 23187
202.8.40.131 - - [08/Jan/2025:01:39:38 +0100] "GET /ticket2/opencms/system/modules/com.gridnine.opencms.ticketbrokerage.site/resources/js/stickyfill.min.js HTTP/1.1" 200 5672
202.8.40.131 - - [08/Jan/2025:01:39:38 +0100] "GET /ticket2/opencms/system/modules/com.gridnine.opencms.ticketbrokerage.site/resources/js/standard.js HTTP/1.1" 200 3978
202.8.40.131 - - [08/Jan/2025:01:39:38 +0100] "GET /ticket2/opencms/system/modules/com.gridnine.opencms.ticketbrokerage.site/resources/js/jquery.placeholder.min.js HTTP/1.1" 200 1737
202.8.40.131 - - [08/Jan/2025:01:39:38 +0100] "GET /ticket2/opencms/system/modules/com.gridnine.opencms.ticketbrokerage.site/resources/js/common-ajax.js HTTP/1.1" 200 20175
202.8.40.131 - - [08/Jan/2025:01:39:38 +0100] "GET /ticket2/opencms/sk/ask-form.html HTTP/1.1" 200 3156
202.8.40.131 - - [08/Jan/2025:01:39:38 +0100] "GET /ticket2/opencms/system/modules/com.gridnine.opencms.ticketbrokerage.site/resources/css/ticketbrokerage.css HTTP/1.1" 200 39339
47.128.48.241 - - [08/Jan/2025:01:39:39 +0100] "GET /ticket2/opencms/nl/buy?edid=AC996AD7-E82D-D922-E0F1-608A8CC76E7A HTTP/1.1" 200 90344
188.165.212.137 - - [08/Jan/2025:01:39:39 +0100] "GET /ticket2/opencms/sv/buy/?page=6&comcatid=A17713B6-D984-201A-4143-ED4DB5ED5C2E&catid=D08E96E8-A514-9E09-4E22-63713911E0B8 HTTP/1.1" 200 6410
81.17.57.144 - - [08/Jan/2025:01:39:41 +0100] "GET /ticket2/opencms/be/buy/?page=1&edid=E776A00C-D3F1-2828-91C2-D234EAF400D2 HTTP/1.1" 200 111929
188.165.212.137 - - [08/Jan/2025:01:39:44 +0100] "GET /ticket2/opencms/sv/buy/?page=6&comcatid=A17713B6-D984-201A-4143-ED4DB5ED5C2E&catid=D8B345C9-F7A5-E620-4B43-C34EB0D6885B HTTP/1.1" 200 6410
81.17.57.144 - - [08/Jan/2025:01:39:45 +0100] "GET /ticket2/opencms/be/buy/?page=1&edid=E81E710D-F6C6-BEBB-C141-3F278F7FA314 HTTP/1.1" 200 111878
188.165.212.137 - - [08/Jan/2025:01:39:48 +0100] "GET /ticket2/opencms/sv/buy/?page=6&comcatid=A17713B6-D984-201A-4143-ED4DB5ED5C2E&catid=E92E6B1B-7CD1-74B1-312C-265A7D8125D0 HTTP/1.1" 200 6410
81.17.57.144 - - [08/Jan/2025:01:39:50 +0100] "GET /ticket2/opencms/be/buy/?page=1&edid=E8492630-5817-95C8-DBCF-47EFEEBEB25B HTTP/1.1" 200 138522
47.128.49.117 - - [08/Jan/2025:01:39:52 +0100] "GET /ticket2/opencms/en/sport/football-tickets/bundesliga/borussia_dortmund/ HTTP/1.1" 200 98938
188.165.212.137 - - [08/Jan/2025:01:39:53 +0100] "GET /ticket2/opencms/sv/buy/?page=6&comcatid=A17713B6-D984-201A-4143-ED4DB5ED5C2E&catid=F03B8ADD-988E-AE6A-8DBA-AF502C691C60 HTTP/1.1" 200 6410
47.128.51.11 - - [08/Jan/2025:01:39:54 +0100] "GET /ticket2/opencms/sv/magazine/article?title=brighton-and-hove-albion HTTP/1.1" 200 91935
81.17.57.144 - - [08/Jan/2025:01:39:55 +0100] "GET /ticket2/opencms/be/buy/?page=1&edid=E86D89E6-4B76-0823-49E9-A4E0BE4014AF HTTP/1.1" 200 137614
188.165.212.137 - - [08/Jan/2025:01:39:56 +0100] "GET /ticket2/opencms/sv/buy/?page=6&comcatid=A17713B6-D984-201A-4143-ED4DB5ED5C2E&catid=F2006A3D-5EE0-B40B-5749-60C15271538F HTTP/1.1" 200 6410
81.17.57.144 - - [08/Jan/2025:01:39:59 +0100] "GET /ticket2/opencms/be/buy/?page=1&edid=E86F0F7D-1756-1185-7E08-E94436C5DD8E HTTP/1.1" 200 130654
188.165.212.137 - - [08/Jan/2025:01:40:00 +0100] "GET /ticket2/opencms/sv/buy/?page=6&comcatid=A17713B6-D984-201A-4143-ED4DB5ED5C2E&catid=FF8D7FE7-4B09-7305-01C7-2D47F7913EB8 HTTP/1.1" 200 6410
81.17.57.144 - - [08/Jan/2025:01:40:04 +0100] "GET /ticket2/opencms/be/buy/?page=1&edid=E8BA54CC-B112-3D61-BE02-1B4D1E4F63D1 HTTP/1.1" 200 137459
188.165.212.137 - - [08/Jan/2025:01:40:05 +0100] "GET /ticket2/opencms/sv/buy/?page=6&comcatid=B41CCF2B-5558-7AEE-3602-09BBDE417D65 HTTP/1.1" 200 6410
98.82.188.123 - - [08/Jan/2025:01:40:07 +0100] "GET /ticket2/opencms/de/sport/fussball-tickets/premier_league/tottenham/?gad_source=5 HTTP/1.1" 200 95067
81.17.57.144 - - [08/Jan/2025:01:40:08 +0100] "GET /ticket2/opencms/be/buy/?page=1&edid=E8C34E6F-F034-0C2A-D437-ABD4D0BC81CD HTTP/1.1" 200 115247
98.82.188.123 - - [08/Jan/2025:01:40:08 +0100] "GET /ticket2/opencms/de/sport/fussball-tickets/premier_league/tottenham/?gad_source=5 HTTP/1.1" 200 95005
188.165.212.137 - - [08/Jan/2025:01:40:10 +0100] "GET /ticket2/opencms/sv/handbook_buyer/ HTTP/1.1" 200 93315
54.36.148.204 - - [08/Jan/2025:01:40:11 +0100] "GET /ticket2/opencms/pl/buy?page=1&edid=C3C2958F-64DF-91F9-F3D9-8F3CEBC7A797 HTTP/1.1" 200 119022
202.8.41.141 - - [08/Jan/2025:01:40:12 +0100] "GET /ticket2/opencms/system/modules/com.gridnine.opencms.ticketbrokerage.site/resources/css/jquery.fancybox.css HTTP/1.1" 200 4939
202.8.41.141 - - [08/Jan/2025:01:40:12 +0100] "GET /ticket2/opencms/system/modules/com.gridnine.opencms.ticketbrokerage.site/resources/css/ticketbrokerage.css HTTP/1.1" 200 39339
202.8.41.141 - - [08/Jan/2025:01:40:12 +0100] "GET /ticket2/opencms/system/modules/com.gridnine.opencms.ticketbrokerage.site/resources/css/calendar.css HTTP/1.1" 200 6871
202.8.41.141 - - [08/Jan/2025:01:40:12 +0100] "GET /ticket2/opencms/system/modules/com.gridnine.opencms.ticketbrokerage.site/resources/css/standard.css HTTP/1.1" 200 73081
202.8.41.141 - - [08/Jan/2025:01:40:12 +0100] "GET /ticket2/opencms/system/modules/com.gridnine.opencms.ticketbrokerage.site/resources/css/jquery-ui.css HTTP/1.1" 200 33221
202.8.41.141 - - [08/Jan/2025:01:40:12 +0100] "GET /ticket2/opencms/system/modules/com.gridnine.opencms.ticketbrokerage.site/resources/js/jquery/jquery.js HTTP/1.1" 200 93868
202.8.41.141 - - [08/Jan/2025:01:40:12 +0100] "GET /ticket2/opencms/system/modules/com.gridnine.opencms.ticketbrokerage.site/resources/js/jquery/jquery-ui.js HTTP/1.1" 200 228088
202.8.41.141 - - [08/Jan/2025:01:40:12 +0100] "GET /ticket2/opencms/system/modules/com.gridnine.opencms.ticketbrokerage.site/resources/js/calendar.js HTTP/1.1" 200 49229
202.8.41.141 - - [08/Jan/2025:01:40:12 +0100] "GET /ticket2/opencms/system/modules/com.gridnine.opencms.ticketbrokerage.site/resources/js/functions.js HTTP/1.1" 200 1583
202.8.41.141 - - [08/Jan/2025:01:40:12 +0100] "GET /ticket2/opencms/system/modules/com.gridnine.opencms.ticketbrokerage.site/resources/js/calendar-en.js HTTP/1.1" 200 3338
202.8.41.141 - - [08/Jan/2025:01:40:12 +0100] "GET /ticket2/opencms/system/modules/com.gridnine.opencms.ticketbrokerage.site/resources/js/calendar-setup.js HTTP/1.1" 200 4923
202.8.41.141 - - [08/Jan/2025:01:40:12 +0100] "GET /ticket2/opencms/system/modules/com.gridnine.opencms.ticketbrokerage.site/resources/js/jquery.fancybox.pack.js HTTP/1.1" 200 23187
202.8.41.141 - - [08/Jan/2025:01:40:12 +0100] "GET /ticket2/opencms/system/modules/com.gridnine.opencms.ticketbrokerage.site/resources/js/stickyfill.min.js HTTP/1.1" 200 5672
202.8.41.141 - - [08/Jan/2025:01:40:12 +0100] "GET /ticket2/opencms/system/modules/com.gridnine.opencms.ticketbrokerage.site/resources/js/standard.js HTTP/1.1" 200 3978
202.8.41.141 - - [08/Jan/2025:01:40:13 +0100] "GET /ticket2/opencms/system/modules/com.gridnine.opencms.ticketbrokerage.site/resources/js/jquery.placeholder.min.js HTTP/1.1" 200 1737
202.8.41.141 - - [08/Jan/2025:01:40:13 +0100] "GET /ticket2/opencms/system/modules/com.gridnine.opencms.ticketbrokerage.site/resources/js/common-ajax.js HTTP/1.1" 200 20175
202.8.41.141 - - [08/Jan/2025:01:40:13 +0100] "GET /ticket2/opencms/pl/ask-form.html HTTP/1.1" 200 3156
202.8.41.141 - - [08/Jan/2025:01:40:13 +0100] "GET /ticket2/opencms/pl/ask-form.html HTTP/1.1" 200 3156
81.17.57.144 - - [08/Jan/2025:01:40:13 +0100] "GET /ticket2/opencms/be/buy/?page=1&edid=E929D76A-4B90-77D0-40D9-CD97C2AEF58C HTTP/1.1" 200 138504
202.8.41.141 - - [08/Jan/2025:01:40:13 +0100] "GET /ticket2/opencms/system/modules/com.gridnine.opencms.ticketbrokerage.site/resources/css/ticketbrokerage.css HTTP/1.1" 200 39339
188.165.212.137 - - [08/Jan/2025:01:40:15 +0100] "GET /ticket2/opencms/sv/handbook_seller/ HTTP/1.1" 200 94042
81.17.57.144 - - [08/Jan/2025:01:40:17 +0100] "GET /ticket2/opencms/be/buy/?page=1&edid=E9B7DED4-B9B3-1D5B-302C-EBD67027CF78 HTTP/1.1" 200 138558
81.17.57.144 - - [08/Jan/2025:01:40:22 +0100] "GET /ticket2/opencms/be/buy/?page=1&edid=E9DB3A42-82BF-9B65-3ED4-EE5A32871388 HTTP/1.1" 200 136697
188.165.212.137 - - [08/Jan/2025:01:40:22 +0100] "GET /ticket2/opencms/sv/legal_info/ HTTP/1.1" 200 86999
202.8.41.141 - - [08/Jan/2025:01:40:24 +0100] "GET /ticket2/opencms/system/modules/com.gridnine.opencms.ticketbrokerage.site/resources/js/standard.js HTTP/1.1" 200 3978
81.17.57.144 - - [08/Jan/2025:01:40:26 +0100] "GET /ticket2/opencms/be/buy/?page=1&edid=E9F0B041-BF0A-CE11-045F-89CD49D4FA7D HTTP/1.1" 200 117904
114.119.153.152 - - [08/Jan/2025:01:40:27 +0100] "GET /ticket2/opencms/be/buy?page=1&=E0FF39C3-181C-EDEC-0EFB-D8D41D058E59 HTTP/1.1" 200 6507
188.165.212.137 - - [08/Jan/2025:01:40:29 +0100] "GET /ticket2/opencms/sv/login/?edid=0F484790-35E4-1F59-EA8B-B93E16E6B1AE HTTP/1.1" 200 90644
81.17.57.144 - - [08/Jan/2025:01:40:31 +0100] "GET /ticket2/opencms/be/buy/?page=1&edid=EACD81AE-0B8C-E534-1D39-A4F8A9E4D5C4 HTTP/1.1" 200 115263
81.17.57.144 - - [08/Jan/2025:01:40:35 +0100] "GET /ticket2/opencms/be/buy/?page=1&edid=EB4DE1F4-F429-D890-6213-A5B01648901D HTTP/1.1" 200 114704
188.165.212.137 - - [08/Jan/2025:01:40:36 +0100] "GET /ticket2/opencms/sv/login/?edid=17687D32-5E2D-8573-6D52-BE9A2F51FA8D HTTP/1.1" 200 90653
81.17.57.144 - - [08/Jan/2025:01:40:39 +0100] "GET /ticket2/opencms/be/buy/?page=1&edid=EBF1342E-BB1A-F042-231F-198A898B67BA HTTP/1.1" 200 124529
185.191.171.19 - - [08/Jan/2025:01:40:41 +0100] "GET /ticket2/opencms/et/sport/jalgpallipiletid/bundesliga/darmstadt HTTP/1.1" 200 96001
81.17.57.144 - - [08/Jan/2025:01:40:43 +0100] "GET /ticket2/opencms/be/buy/?page=1&edid=EC2BC309-3510-AA04-CA0C-F3088D5C1D31 HTTP/1.1" 200 127398
54.36.148.240 - - [08/Jan/2025:01:40:45 +0100] "GET /ticket2/opencms/hr/buy?page=1&edid=C3C2958F-64DF-91F9-F3D9-8F3CEBC7A797 HTTP/1.1" 200 118889
114.119.150.22 - - [08/Jan/2025:01:40:45 +0100] "GET /ticket2/opencms/en/venue/?venueid=EBFB4757-1947-9B19-888A-253E3264D06D HTTP/1.1" 200 85106
114.119.141.206 - - [08/Jan/2025:01:40:45 +0100] "GET /ticket2/opencms/en/venue/?venueid=A7C35E41-A8DE-46DC-9A98-EA794BBC27B7 HTTP/1.1" 200 84997
188.165.212.137 - - [08/Jan/2025:01:40:46 +0100] "GET /ticket2/opencms/sv/login/?edid=1B0FD2CF-7989-14DE-F7CF-3A2E39F20BD8 HTTP/1.1" 200 90705
202.8.42.219 - - [08/Jan/2025:01:40:46 +0100] "GET /ticket2/opencms/system/modules/com.gridnine.opencms.ticketbrokerage.site/resources/css/jquery.fancybox.css HTTP/1.1" 200 4939
202.8.42.219 - - [08/Jan/2025:01:40:46 +0100] "GET /ticket2/opencms/system/modules/com.gridnine.opencms.ticketbrokerage.site/resources/css/calendar.css HTTP/1.1" 200 6871
202.8.42.219 - - [08/Jan/2025:01:40:46 +0100] "GET /ticket2/opencms/system/modules/com.gridnine.opencms.ticketbrokerage.site/resources/css/jquery-ui.css HTTP/1.1" 200 33221
202.8.42.219 - - [08/Jan/2025:01:40:46 +0100] "GET /ticket2/opencms/system/modules/com.gridnine.opencms.ticketbrokerage.site/resources/css/ticketbrokerage.css HTTP/1.1" 200 39339
202.8.42.219 - - [08/Jan/2025:01:40:46 +0100] "GET /ticket2/opencms/system/modules/com.gridnine.opencms.ticketbrokerage.site/resources/js/jquery/jquery.js HTTP/1.1" 200 93868
202.8.42.219 - - [08/Jan/2025:01:40:46 +0100] "GET /ticket2/opencms/system/modules/com.gridnine.opencms.ticketbrokerage.site/resources/css/standard.css HTTP/1.1" 200 73081
202.8.42.219 - - [08/Jan/2025:01:40:46 +0100] "GET /ticket2/opencms/system/modules/com.gridnine.opencms.ticketbrokerage.site/resources/js/jquery/jquery-ui.js HTTP/1.1" 200 228088
202.8.42.219 - - [08/Jan/2025:01:40:46 +0100] "GET /ticket2/opencms/system/modules/com.gridnine.opencms.ticketbrokerage.site/resources/js/functions.js HTTP/1.1" 200 1583
202.8.42.219 - - [08/Jan/2025:01:40:46 +0100] "GET /ticket2/opencms/system/modules/com.gridnine.opencms.ticketbrokerage.site/resources/js/calendar-en.js HTTP/1.1" 200 3338
202.8.42.219 - - [08/Jan/2025:01:40:46 +0100] "GET /ticket2/opencms/system/modules/com.gridnine.opencms.ticketbrokerage.site/resources/js/calendar.js HTTP/1.1" 200 49229
202.8.42.219 - - [08/Jan/2025:01:40:46 +0100] "GET /ticket2/opencms/system/modules/com.gridnine.opencms.ticketbrokerage.site/resources/js/calendar-setup.js HTTP/1.1" 200 4923
202.8.42.219 - - [08/Jan/2025:01:40:46 +0100] "GET /ticket2/opencms/system/modules/com.gridnine.opencms.ticketbrokerage.site/resources/js/jquery.fancybox.pack.js HTTP/1.1" 200 23187
202.8.42.219 - - [08/Jan/2025:01:40:46 +0100] "GET /ticket2/opencms/system/modules/com.gridnine.opencms.ticketbrokerage.site/resources/js/stickyfill.min.js HTTP/1.1" 200 5672
202.8.42.219 - - [08/Jan/2025:01:40:46 +0100] "GET /ticket2/opencms/system/modules/com.gridnine.opencms.ticketbrokerage.site/resources/js/standard.js HTTP/1.1" 200 3978
202.8.42.219 - - [08/Jan/2025:01:40:47 +0100] "GET /ticket2/opencms/system/modules/com.gridnine.opencms.ticketbrokerage.site/resources/js/jquery.placeholder.min.js HTTP/1.1" 200 1737
202.8.42.219 - - [08/Jan/2025:01:40:47 +0100] "GET /ticket2/opencms/system/modules/com.gridnine.opencms.ticketbrokerage.site/resources/js/common-ajax.js HTTP/1.1" 200 20175
81.17.57.144 - - [08/Jan/2025:01:40:48 +0100] "GET /ticket2/opencms/be/buy/?page=1&edid=EC2D4B4A-A0C7-0522-F532-8706D9BB8618 HTTP/1.1" 200 138524
202.8.42.219 - - [08/Jan/2025:01:40:48 +0100] "GET /ticket2/opencms/hr/ask-form.html HTTP/1.1" 200 3156
202.8.42.219 - - [08/Jan/2025:01:40:48 +0100] "GET /ticket2/opencms/system/modules/com.gridnine.opencms.ticketbrokerage.site/resources/css/ticketbrokerage.css HTTP/1.1" 200 39339
81.17.57.144 - - [08/Jan/2025:01:40:52 +0100] "GET /ticket2/opencms/be/buy/?page=1&edid=EC9F155C-D7A4-D175-1C63-F69B97D44FFB HTTP/1.1" 200 135177
185.191.171.9 - - [08/Jan/2025:01:40:54 +0100] "GET /ticket2/opencms/sv/sport/fotbollsbiljetter/premier_league/manchester_city/fulham.html HTTP/1.1" 200 93381
188.165.212.137 - - [08/Jan/2025:01:40:55 +0100] "GET /ticket2/opencms/sv/login/?edid=1C8120DD-47D6-1EED-A45B-D7BF1573D158 HTTP/1.1" 200 90628
81.17.57.144 - - [08/Jan/2025:01:40:56 +0100] "GET /ticket2/opencms/be/buy/?page=1&edid=ED6B033E-FAAE-D3A6-3006-A43EA8437C62 HTTP/1.1" 200 119984
81.17.57.144 - - [08/Jan/2025:01:41:01 +0100] "GET /ticket2/opencms/be/buy/?page=1&edid=EDCAEF56-BB28-CA21-E73A-84906B6960A7 HTTP/1.1" 200 114634
188.165.212.137 - - [08/Jan/2025:01:41:03 +0100] "GET /ticket2/opencms/sv/login/?edid=1D1F6410-E683-A360-6E10-EB3B1EDE1568 HTTP/1.1" 200 90600
47.128.97.156 - - [08/Jan/2025:01:41:03 +0100] "GET /ticket2/opencms/robots.txt HTTP/1.1" 200 773
81.17.57.144 - - [08/Jan/2025:01:41:05 +0100] "GET /ticket2/opencms/be/buy/?page=1&edid=EE1094B0-5F8D-7F5A-3592-6F4F9BDBF532 HTTP/1.1" 200 138582
66.249.68.39 - - [08/Jan/2025:01:41:06 +0100] "GET /ticket2/opencms/no/magazine/article?title=eredivisie HTTP/1.1" 200 94628
66.249.76.161 - - [08/Jan/2025:01:41:09 +0100] "GET /ticket2/opencms/set_aff_cookie.jsp?partner=2E02071B-A8C3-4CBA-3097-C27D61C02ED8&url=%252Fdk%252Fbuy%252Findex.html%253Fpage%253D1%2526edid%253DD11D82D4-28DA-1768-D317-EF521A2F97E6%2526hlv%253D666c5c74-637c-475d-ae48-4d4b0a01000f%2523v1103977183 HTTP/1.1" 200 246
81.17.57.144 - - [08/Jan/2025:01:41:10 +0100] "GET /ticket2/opencms/be/buy/?page=1&edid=EE9D378D-B608-D0C3-023E-19EA1CC71BB7 HTTP/1.1" 200 111895
188.165.212.137 - - [08/Jan/2025:01:41:10 +0100] "GET /ticket2/opencms/sv/login/?edid=2FABA4FD-BD5C-248A-2380-C7F2BF85A6F9 HTTP/1.1" 200 90697
54.36.149.55 - - [08/Jan/2025:01:41:11 +0100] "GET /ticket2/opencms/sk/buy?page=1&edid=19EA038B-40C5-A758-4121-DC981BEF8929 HTTP/1.1" 200 109863
202.8.41.248 - - [08/Jan/2025:01:41:12 +0100] "GET /ticket2/opencms/system/modules/com.gridnine.opencms.ticketbrokerage.site/resources/css/calendar.css HTTP/1.1" 200 6871
202.8.41.248 - - [08/Jan/2025:01:41:12 +0100] "GET /ticket2/opencms/system/modules/com.gridnine.opencms.ticketbrokerage.site/resources/css/jquery.fancybox.css HTTP/1.1" 200 4939
202.8.41.248 - - [08/Jan/2025:01:41:12 +0100] "GET /ticket2/opencms/system/modules/com.gridnine.opencms.ticketbrokerage.site/resources/css/jquery-ui.css HTTP/1.1" 200 33221
202.8.41.248 - - [08/Jan/2025:01:41:12 +0100] "GET /ticket2/opencms/system/modules/com.gridnine.opencms.ticketbrokerage.site/resources/css/ticketbrokerage.css HTTP/1.1" 200 39339
202.8.41.248 - - [08/Jan/2025:01:41:12 +0100] "GET /ticket2/opencms/system/modules/com.gridnine.opencms.ticketbrokerage.site/resources/js/jquery/jquery.js HTTP/1.1" 200 93868
202.8.41.248 - - [08/Jan/2025:01:41:12 +0100] "GET /ticket2/opencms/system/modules/com.gridnine.opencms.ticketbrokerage.site/resources/css/standard.css HTTP/1.1" 200 73081
202.8.41.248 - - [08/Jan/2025:01:41:12 +0100] "GET /ticket2/opencms/system/modules/com.gridnine.opencms.ticketbrokerage.site/resources/js/jquery/jquery-ui.js HTTP/1.1" 200 228088
202.8.41.248 - - [08/Jan/2025:01:41:12 +0100] "GET /ticket2/opencms/system/modules/com.gridnine.opencms.ticketbrokerage.site/resources/js/functions.js HTTP/1.1" 200 1583
202.8.41.248 - - [08/Jan/2025:01:41:12 +0100] "GET /ticket2/opencms/system/modules/com.gridnine.opencms.ticketbrokerage.site/resources/js/calendar.js HTTP/1.1" 200 49229
202.8.41.248 - - [08/Jan/2025:01:41:12 +0100] "GET /ticket2/opencms/system/modules/com.gridnine.opencms.ticketbrokerage.site/resources/js/calendar-en.js HTTP/1.1" 200 3338
202.8.41.248 - - [08/Jan/2025:01:41:12 +0100] "GET /ticket2/opencms/system/modules/com.gridnine.opencms.ticketbrokerage.site/resources/js/calendar-setup.js HTTP/1.1" 200 4923
202.8.41.248 - - [08/Jan/2025:01:41:12 +0100] "GET /ticket2/opencms/system/modules/com.gridnine.opencms.ticketbrokerage.site/resources/js/jquery.fancybox.pack.js HTTP/1.1" 200 23187
202.8.41.248 - - [08/Jan/2025:01:41:12 +0100] "GET /ticket2/opencms/system/modules/com.gridnine.opencms.ticketbrokerage.site/resources/js/stickyfill.min.js HTTP/1.1" 200 5672
202.8.41.248 - - [08/Jan/2025:01:41:12 +0100] "GET /ticket2/opencms/system/modules/com.gridnine.opencms.ticketbrokerage.site/resources/js/standard.js HTTP/1.1" 200 3978
202.8.41.248 - - [08/Jan/2025:01:41:12 +0100] "GET /ticket2/opencms/system/modules/com.gridnine.opencms.ticketbrokerage.site/resources/js/jquery.placeholder.min.js HTTP/1.1" 200 1737
202.8.41.248 - - [08/Jan/2025:01:41:12 +0100] "GET /ticket2/opencms/system/modules/com.gridnine.opencms.ticketbrokerage.site/resources/js/common-ajax.js HTTP/1.1" 200 20175
202.8.41.248 - - [08/Jan/2025:01:41:12 +0100] "GET /ticket2/opencms/sk/ask-form.html HTTP/1.1" 200 3156
202.8.41.248 - - [08/Jan/2025:01:41:12 +0100] "GET /ticket2/opencms/system/modules/com.gridnine.opencms.ticketbrokerage.site/resources/css/ticketbrokerage.css HTTP/1.1" 200 39339
202.8.41.248 - - [08/Jan/2025:01:41:13 +0100] "GET /ticket2/opencms/system/modules/com.gridnine.opencms.ticketbrokerage.site/resources/js/standard.js HTTP/1.1" 200 3978
81.17.57.144 - - [08/Jan/2025:01:41:14 +0100] "GET /ticket2/opencms/be/buy/?page=1&edid=EEAC8E12-92AA-F0EF-B799-26ACAA3ACC20 HTTP/1.1" 200 121372
188.165.212.137 - - [08/Jan/2025:01:41:15 +0100] "GET /ticket2/opencms/sv/login/?edid=58B537D2-7EDD-B82C-2631-2D9BB6C7315B HTTP/1.1" 200 90687
52.167.144.22 - - [08/Jan/2025:01:41:17 +0100] "GET /ticket2/opencms/sq/?page=6&comcatid=A17713B6-D984-201A-4143-ED4DB5ED5C2E&catid=2DE12DDA-A5FB-C1C6-CB20-FBF873FB032B HTTP/1.1" 200 100940
81.17.57.144 - - [08/Jan/2025:01:41:18 +0100] "GET /ticket2/opencms/be/buy/?page=1&edid=EEE973BA-8DC4-78CF-0AA2-8C97FEFEA03F HTTP/1.1" 200 138569
185.191.171.15 - - [08/Jan/2025:01:41:19 +0100] "GET /ticket2/opencms/es/affiliateprogram.html HTTP/1.1" 200 90510
188.165.212.137 - - [08/Jan/2025:01:41:19 +0100] "GET /ticket2/opencms/sv/login/?edid=63DEF0F5-392B-69D7-5B97-DE249A0B3B8B HTTP/1.1" 200 90675
85.208.96.208 - - [08/Jan/2025:01:41:21 +0100] "GET /ticket2/opencms/dk/sport/fodboldbilletter/serie-a/napoli HTTP/1.1" 200 95947
81.17.57.144 - - [08/Jan/2025:01:41:22 +0100] "GET /ticket2/opencms/be/buy/?page=1&edid=EF89CCE1-4D67-63A5-1697-6B7EBB76F5C8 HTTP/1.1" 200 117967
188.165.212.137 - - [08/Jan/2025:01:41:24 +0100] "GET /ticket2/opencms/sv/login/?edid=71EE099C-7687-5A08-B204-7EA14D124AB2 HTTP/1.1" 200 90695
81.17.57.144 - - [08/Jan/2025:01:41:26 +0100] "GET /ticket2/opencms/be/buy/?page=1&edid=EFAD6268-83FA-7979-AAB3-785B7208F10D HTTP/1.1" 200 111858
81.17.57.144 - - [08/Jan/2025:01:41:31 +0100] "GET /ticket2/opencms/be/buy/?page=1&edid=EFCA122E-EFD5-12F8-6F83-6930A0BC1F37 HTTP/1.1" 200 127386
188.165.212.137 - - [08/Jan/2025:01:41:32 +0100] "GET /ticket2/opencms/sv/login/?edid=724FE1B6-4193-89FA-1AFC-FD88F07C0653 HTTP/1.1" 200 90733
81.17.57.144 - - [08/Jan/2025:01:41:35 +0100] "GET /ticket2/opencms/be/buy/?page=1&edid=F03BC80C-51C9-D5C8-6DEC-FA800785943C HTTP/1.1" 200 115098
54.36.148.133 - - [08/Jan/2025:01:41:35 +0100] "GET /ticket2/opencms/sr/buy?page=1&edid=BBD878B9-BE73-D542-F1BC-32A8FBDE1770 HTTP/1.1" 200 110302
202.8.41.110 - - [08/Jan/2025:01:41:36 +0100] "GET /ticket2/opencms/system/modules/com.gridnine.opencms.ticketbrokerage.site/resources/css/jquery.fancybox.css HTTP/1.1" 200 4939
202.8.41.110 - - [08/Jan/2025:01:41:36 +0100] "GET /ticket2/opencms/system/modules/com.gridnine.opencms.ticketbrokerage.site/resources/css/ticketbrokerage.css HTTP/1.1" 200 39339
202.8.41.110 - - [08/Jan/2025:01:41:36 +0100] "GET /ticket2/opencms/system/modules/com.gridnine.opencms.ticketbrokerage.site/resources/css/standard.css HTTP/1.1" 200 73081
202.8.41.110 - - [08/Jan/2025:01:41:36 +0100] "GET /ticket2/opencms/system/modules/com.gridnine.opencms.ticketbrokerage.site/resources/css/calendar.css HTTP/1.1" 200 6871
202.8.41.110 - - [08/Jan/2025:01:41:37 +0100] "GET /ticket2/opencms/system/modules/com.gridnine.opencms.ticketbrokerage.site/resources/css/jquery-ui.css HTTP/1.1" 200 33221
202.8.41.110 - - [08/Jan/2025:01:41:37 +0100] "GET /ticket2/opencms/system/modules/com.gridnine.opencms.ticketbrokerage.site/resources/js/stickyfill.min.js HTTP/1.1" 200 5672
202.8.41.110 - - [08/Jan/2025:01:41:37 +0100] "GET /ticket2/opencms/system/modules/com.gridnine.opencms.ticketbrokerage.site/resources/js/jquery/jquery.js HTTP/1.1" 200 93868
202.8.41.110 - - [08/Jan/2025:01:41:37 +0100] "GET /ticket2/opencms/system/modules/com.gridnine.opencms.ticketbrokerage.site/resources/js/jquery/jquery-ui.js HTTP/1.1" 200 228088
202.8.41.110 - - [08/Jan/2025:01:41:37 +0100] "GET /ticket2/opencms/system/modules/com.gridnine.opencms.ticketbrokerage.site/resources/js/functions.js HTTP/1.1" 200 1583
202.8.41.110 - - [08/Jan/2025:01:41:37 +0100] "GET /ticket2/opencms/system/modules/com.gridnine.opencms.ticketbrokerage.site/resources/js/calendar-en.js HTTP/1.1" 200 3338
202.8.41.110 - - [08/Jan/2025:01:41:37 +0100] "GET /ticket2/opencms/system/modules/com.gridnine.opencms.ticketbrokerage.site/resources/js/calendar.js HTTP/1.1" 200 49229
202.8.41.110 - - [08/Jan/2025:01:41:37 +0100] "GET /ticket2/opencms/system/modules/com.gridnine.opencms.ticketbrokerage.site/resources/js/calendar-setup.js HTTP/1.1" 200 4923
202.8.41.110 - - [08/Jan/2025:01:41:37 +0100] "GET /ticket2/opencms/system/modules/com.gridnine.opencms.ticketbrokerage.site/resources/js/jquery.fancybox.pack.js HTTP/1.1" 200 23187
202.8.41.110 - - [08/Jan/2025:01:41:37 +0100] "GET /ticket2/opencms/system/modules/com.gridnine.opencms.ticketbrokerage.site/resources/js/standard.js HTTP/1.1" 200 3978
202.8.41.110 - - [08/Jan/2025:01:41:37 +0100] "GET /ticket2/opencms/system/modules/com.gridnine.opencms.ticketbrokerage.site/resources/js/jquery.placeholder.min.js HTTP/1.1" 200 1737
202.8.41.110 - - [08/Jan/2025:01:41:37 +0100] "GET /ticket2/opencms/system/modules/com.gridnine.opencms.ticketbrokerage.site/resources/js/common-ajax.js HTTP/1.1" 200 20175
202.8.41.110 - - [08/Jan/2025:01:41:37 +0100] "GET /ticket2/opencms/sr/ask-form.html HTTP/1.1" 200 3156
202.8.41.110 - - [08/Jan/2025:01:41:37 +0100] "GET /ticket2/opencms/sr/ask-form.html HTTP/1.1" 200 3156
202.8.41.110 - - [08/Jan/2025:01:41:37 +0100] "GET /ticket2/opencms/system/modules/com.gridnine.opencms.ticketbrokerage.site/resources/css/ticketbrokerage.css HTTP/1.1" 200 39339
188.165.212.137 - - [08/Jan/2025:01:41:37 +0100] "GET /ticket2/opencms/sv/login/?edid=AE6A3F83-5880-348D-74D5-7D0AC94C9D5E HTTP/1.1" 200 90608
81.17.57.144 - - [08/Jan/2025:01:41:39 +0100] "GET /ticket2/opencms/be/buy/?page=1&edid=F056D8D3-0A78-F8DD-AF89-486FA1EA1B58 HTTP/1.1" 200 121790
85.208.96.209 - - [08/Jan/2025:01:41:42 +0100] "GET /ticket2/opencms/sq/search.html HTTP/1.1" 200 96473
81.17.57.144 - - [08/Jan/2025:01:41:44 +0100] "GET /ticket2/opencms/be/buy/?page=1&edid=F096D1AD-EE12-C298-2137-D6BD382A6C8C HTTP/1.1" 200 139352
188.165.212.137 - - [08/Jan/2025:01:41:44 +0100] "GET /ticket2/opencms/sv/login/?edid=BF4305B4-CDA1-1B90-839B-8A069F8FBF24 HTTP/1.1" 200 90712
202.8.41.110 - - [08/Jan/2025:01:41:47 +0100] "GET /ticket2/opencms/system/modules/com.gridnine.opencms.ticketbrokerage.site/resources/js/standard.js HTTP/1.1" 200 3978
81.17.57.144 - - [08/Jan/2025:01:41:48 +0100] "GET /ticket2/opencms/be/buy/?page=1&edid=F124BA86-A27C-2AAF-548B-4E7CAF608D73 HTTP/1.1" 200 111840
188.165.212.137 - - [08/Jan/2025:01:41:48 +0100] "GET /ticket2/opencms/sv/login/?edid=EA00FCBA-5B6E-62D4-1F16-BFE669B6AE6B HTTP/1.1" 200 90617
81.17.57.144 - - [08/Jan/2025:01:41:52 +0100] "GET /ticket2/opencms/be/buy/?page=1&edid=F1463EBE-6C18-CF49-B2AE-F79868BCA4F5 HTTP/1.1" 200 144385
188.165.212.137 - - [08/Jan/2025:01:41:53 +0100] "GET /ticket2/opencms/sv/login/?edid=EA6F0027-F4B4-AD6E-83BF-C2C4C89F04D0 HTTP/1.1" 200 90600
47.128.119.11 - - [08/Jan/2025:01:41:56 +0100] "GET /ticket2/opencms/hu/ HTTP/1.1" 200 100853
81.17.57.144 - - [08/Jan/2025:01:41:57 +0100] "GET /ticket2/opencms/be/buy/?page=1&edid=F25FBBE3-B880-5730-A316-AE0E479B4D0A HTTP/1.1" 200 135262
188.165.212.137 - - [08/Jan/2025:01:41:57 +0100] "GET /ticket2/opencms/sv/login/?edid=ED57BEDE-AC99-0658-577F-2C431201D740 HTTP/1.1" 200 90649
81.17.57.144 - - [08/Jan/2025:01:42:01 +0100] "GET /ticket2/opencms/be/buy/?page=1&edid=F267BE64-0678-3C51-6F26-6987170C70AB HTTP/1.1" 200 111912
188.165.212.137 - - [08/Jan/2025:01:42:01 +0100] "GET /ticket2/opencms/sv/login/?edid=F7285C8B-A3C4-2AD3-AE62-5BC7D6BC7F7A HTTP/1.1" 200 90718
188.165.212.137 - - [08/Jan/2025:01:42:05 +0100] "GET /ticket2/opencms/sv/login/?edid=FB1F4DEA-31FA-0C23-0E41-67BE2FD4BB9B HTTP/1.1" 200 90640
81.17.57.144 - - [08/Jan/2025:01:42:05 +0100] "GET /ticket2/opencms/be/buy/?page=1&edid=F26F7624-B3C7-3F2B-5F3B-CAEEB7F1CB7F HTTP/1.1" 200 138179
54.36.148.117 - - [08/Jan/2025:01:42:07 +0100] "GET /ticket2/opencms/sq/magazine/article?title=a-mund-te-largohet-viktor-gyokeres-nga-sporting-me-heret-se-sa-ishte-planifikuar HTTP/1.1" 200 94199
188.165.212.137 - - [08/Jan/2025:01:42:07 +0100] "GET /ticket2/opencms/sv/sell/?edid=0F484790-35E4-1F59-EA8B-B93E16E6B1AE HTTP/1.1" 302 -
202.8.42.156 - - [08/Jan/2025:01:42:08 +0100] "GET /ticket2/opencms/system/modules/com.gridnine.opencms.ticketbrokerage.site/resources/css/jquery-ui.css HTTP/1.1" 200 33221
202.8.42.156 - - [08/Jan/2025:01:42:08 +0100] "GET /ticket2/opencms/system/modules/com.gridnine.opencms.ticketbrokerage.site/resources/css/ticketbrokerage.css HTTP/1.1" 200 39339
202.8.42.156 - - [08/Jan/2025:01:42:08 +0100] "GET /ticket2/opencms/system/modules/com.gridnine.opencms.ticketbrokerage.site/resources/css/calendar.css HTTP/1.1" 200 6871
202.8.42.156 - - [08/Jan/2025:01:42:08 +0100] "GET /ticket2/opencms/system/modules/com.gridnine.opencms.ticketbrokerage.site/resources/js/jquery/jquery.js HTTP/1.1" 200 93868
202.8.42.156 - - [08/Jan/2025:01:42:08 +0100] "GET /ticket2/opencms/system/modules/com.gridnine.opencms.ticketbrokerage.site/resources/css/jquery.fancybox.css HTTP/1.1" 200 4939
202.8.42.156 - - [08/Jan/2025:01:42:08 +0100] "GET /ticket2/opencms/system/modules/com.gridnine.opencms.ticketbrokerage.site/resources/css/standard.css HTTP/1.1" 200 73081
202.8.42.156 - - [08/Jan/2025:01:42:08 +0100] "GET /ticket2/opencms/system/modules/com.gridnine.opencms.ticketbrokerage.site/resources/js/calendar-en.js HTTP/1.1" 200 3338
202.8.42.156 - - [08/Jan/2025:01:42:08 +0100] "GET /ticket2/opencms/system/modules/com.gridnine.opencms.ticketbrokerage.site/resources/js/jquery/jquery-ui.js HTTP/1.1" 200 228088
202.8.42.156 - - [08/Jan/2025:01:42:08 +0100] "GET /ticket2/opencms/system/modules/com.gridnine.opencms.ticketbrokerage.site/resources/js/functions.js HTTP/1.1" 200 1583
202.8.42.156 - - [08/Jan/2025:01:42:08 +0100] "GET /ticket2/opencms/system/modules/com.gridnine.opencms.ticketbrokerage.site/resources/js/calendar.js HTTP/1.1" 200 49229
202.8.42.156 - - [08/Jan/2025:01:42:08 +0100] "GET /ticket2/opencms/system/modules/com.gridnine.opencms.ticketbrokerage.site/resources/js/calendar-setup.js HTTP/1.1" 200 4923
202.8.42.156 - - [08/Jan/2025:01:42:08 +0100] "GET /ticket2/opencms/system/modules/com.gridnine.opencms.ticketbrokerage.site/resources/js/jquery.fancybox.pack.js HTTP/1.1" 200 23187
202.8.42.156 - - [08/Jan/2025:01:42:08 +0100] "GET /ticket2/opencms/system/modules/com.gridnine.opencms.ticketbrokerage.site/resources/js/stickyfill.min.js HTTP/1.1" 200 5672
202.8.42.156 - - [08/Jan/2025:01:42:08 +0100] "GET /ticket2/opencms/system/modules/com.gridnine.opencms.ticketbrokerage.site/resources/js/standard.js HTTP/1.1" 200 3978
202.8.42.156 - - [08/Jan/2025:01:42:09 +0100] "GET /ticket2/opencms/system/modules/com.gridnine.opencms.ticketbrokerage.site/resources/js/jquery.placeholder.min.js HTTP/1.1" 200 1737
202.8.42.156 - - [08/Jan/2025:01:42:09 +0100] "GET /ticket2/opencms/system/modules/com.gridnine.opencms.ticketbrokerage.site/resources/js/common-ajax.js HTTP/1.1" 200 20175
202.8.42.156 - - [08/Jan/2025:01:42:09 +0100] "GET /ticket2/opencms/system/modules/com.gridnine.opencms.ticketbrokerage.site/resources/js/standard.js HTTP/1.1" 200 3978
