202.8.43.86 - - [10/Jan/2025:01:30:19 +0100] "GET /ticket2/opencms/system/modules/com.gridnine.opencms.ticketbrokerage.site/resources/css/jquery.fancybox.css HTTP/1.1" 200 4939
202.8.43.86 - - [10/Jan/2025:01:30:19 +0100] "GET /ticket2/opencms/system/modules/com.gridnine.opencms.ticketbrokerage.site/resources/js/functions.js HTTP/1.1" 200 1583
202.8.43.86 - - [10/Jan/2025:01:30:19 +0100] "GET /ticket2/opencms/system/modules/com.gridnine.opencms.ticketbrokerage.site/resources/js/jquery.fancybox.pack.js HTTP/1.1" 200 23187
202.8.43.86 - - [10/Jan/2025:01:30:19 +0100] "GET /ticket2/opencms/system/modules/com.gridnine.opencms.ticketbrokerage.site/resources/js/jquery/jquery-ui.js HTTP/1.1" 200 228088
202.8.43.86 - - [10/Jan/2025:01:30:19 +0100] "GET /ticket2/opencms/system/modules/com.gridnine.opencms.ticketbrokerage.site/resources/js/calendar-en.js HTTP/1.1" 200 3338
202.8.43.86 - - [10/Jan/2025:01:30:19 +0100] "GET /ticket2/opencms/system/modules/com.gridnine.opencms.ticketbrokerage.site/resources/js/calendar-setup.js HTTP/1.1" 200 4923
202.8.43.86 - - [10/Jan/2025:01:30:19 +0100] "GET /ticket2/opencms/system/modules/com.gridnine.opencms.ticketbrokerage.site/resources/js/jquery/jquery.js HTTP/1.1" 200 93868
202.8.43.86 - - [10/Jan/2025:01:30:19 +0100] "GET /ticket2/opencms/system/modules/com.gridnine.opencms.ticketbrokerage.site/resources/js/calendar.js HTTP/1.1" 200 49229
202.8.43.86 - - [10/Jan/2025:01:30:20 +0100] "GET /ticket2/opencms/system/modules/com.gridnine.opencms.ticketbrokerage.site/resources/js/stickyfill.min.js HTTP/1.1" 200 5672
202.8.43.86 - - [10/Jan/2025:01:30:20 +0100] "GET /ticket2/opencms/system/modules/com.gridnine.opencms.ticketbrokerage.site/resources/js/standard.js HTTP/1.1" 200 3978
193.70.81.110 - - [10/Jan/2025:01:30:20 +0100] "GET /ticket2/opencms/fi/buy/?page=1&edid=74AFB488-3C09-C655-FDE8-D701D9A35954&sortorder=asc&column=price HTTP/1.1" 200 114626
202.8.43.86 - - [10/Jan/2025:01:30:20 +0100] "GET /ticket2/opencms/system/modules/com.gridnine.opencms.ticketbrokerage.site/resources/js/jquery.placeholder.min.js HTTP/1.1" 200 1737
202.8.43.86 - - [10/Jan/2025:01:30:20 +0100] "GET /ticket2/opencms/system/modules/com.gridnine.opencms.ticketbrokerage.site/resources/js/common-ajax.js HTTP/1.1" 200 20175
202.8.43.86 - - [10/Jan/2025:01:30:20 +0100] "GET /ticket2/opencms/ka/ask-form.html HTTP/1.1" 200 3156
202.8.43.86 - - [10/Jan/2025:01:30:20 +0100] "GET /ticket2/opencms/ka/ask-form.html HTTP/1.1" 200 3156
202.8.43.86 - - [10/Jan/2025:01:30:20 +0100] "GET /ticket2/opencms/system/modules/com.gridnine.opencms.ticketbrokerage.site/resources/css/ticketbrokerage.css HTTP/1.1" 200 39339
65.21.113.194 - - [10/Jan/2025:01:30:22 +0100] "GET /ticket2/opencms/sv/buy/?page=1&edid=E53C8E7A-C1C8-80DF-ED27-96FEFF6B5147 HTTP/1.1" 200 134993
193.70.81.110 - - [10/Jan/2025:01:30:23 +0100] "GET /ticket2/opencms/fi/buy/?page=1&edid=75FF687A-3DBB-F476-3881-CF5D7FFEBAC0&sortorder=asc&column=section HTTP/1.1" 200 114307
79.160.218.171 - - [10/Jan/2025:01:30:25 +0100] "GET /ticket2/opencms/no/sport/fotballsbilletter/premier_league/?gad_source=5&gclid=EAIaIQobChMI5u-kv_PpigMVRUyRBR2VdDfyEAEYASAAEgIexPD_BwE HTTP/1.1" 200 97973
79.160.218.171 - - [10/Jan/2025:01:30:25 +0100] "GET /ticket2/opencms/system/modules/com.gridnine.opencms.ticketbrokerage.site/resources/css/ticketbrokerage.css HTTP/1.1" 200 39339
79.160.218.171 - - [10/Jan/2025:01:30:25 +0100] "GET /ticket2/opencms/system/modules/com.gridnine.opencms.ticketbrokerage.site/resources/js/jquery/jquery-ui.js HTTP/1.1" 200 228088
79.160.218.171 - - [10/Jan/2025:01:30:25 +0100] "GET /ticket2/opencms/system/modules/com.gridnine.opencms.ticketbrokerage.site/resources/css/jquery.fancybox.css HTTP/1.1" 200 4939
79.160.218.171 - - [10/Jan/2025:01:30:25 +0100] "GET /ticket2/opencms/system/modules/com.gridnine.opencms.ticketbrokerage.site/resources/css/jquery-ui.css HTTP/1.1" 200 33221
79.160.218.171 - - [10/Jan/2025:01:30:25 +0100] "GET /ticket2/opencms/system/modules/com.gridnine.opencms.ticketbrokerage.site/resources/js/jquery/jquery.js HTTP/1.1" 200 93868
79.160.218.171 - - [10/Jan/2025:01:30:25 +0100] "GET /ticket2/opencms/system/modules/com.gridnine.opencms.ticketbrokerage.site/resources/js/functions.js HTTP/1.1" 200 1583
79.160.218.171 - - [10/Jan/2025:01:30:25 +0100] "GET /ticket2/opencms/system/modules/com.gridnine.opencms.ticketbrokerage.site/resources/css/calendar.css HTTP/1.1" 200 6871
79.160.218.171 - - [10/Jan/2025:01:30:25 +0100] "GET /ticket2/opencms/system/modules/com.gridnine.opencms.ticketbrokerage.site/resources/css/standard.css HTTP/1.1" 200 73081
79.160.218.171 - - [10/Jan/2025:01:30:25 +0100] "GET /ticket2/opencms/system/modules/com.gridnine.opencms.ticketbrokerage.site/resources/js/calendar.js HTTP/1.1" 200 49229
79.160.218.171 - - [10/Jan/2025:01:30:25 +0100] "GET /ticket2/opencms/system/modules/com.gridnine.opencms.ticketbrokerage.site/resources/js/calendar-en.js HTTP/1.1" 200 3338
79.160.218.171 - - [10/Jan/2025:01:30:25 +0100] "GET /ticket2/opencms/system/modules/com.gridnine.opencms.ticketbrokerage.site/resources/js/jquery.fancybox.pack.js HTTP/1.1" 200 23187
79.160.218.171 - - [10/Jan/2025:01:30:25 +0100] "GET /ticket2/opencms/system/modules/com.gridnine.opencms.ticketbrokerage.site/resources/js/calendar-setup.js HTTP/1.1" 200 4923
79.160.218.171 - - [10/Jan/2025:01:30:25 +0100] "GET /ticket2/opencms/system/modules/com.gridnine.opencms.ticketbrokerage.site/resources/js/stickyfill.min.js HTTP/1.1" 200 5672
79.160.218.171 - - [10/Jan/2025:01:30:25 +0100] "GET /ticket2/opencms/system/modules/com.gridnine.opencms.ticketbrokerage.site/resources/js/standard.js HTTP/1.1" 200 3978
79.160.218.171 - - [10/Jan/2025:01:30:25 +0100] "GET /ticket2/opencms/system/modules/com.gridnine.opencms.ticketbrokerage.site/resources/js/jquery.placeholder.min.js HTTP/1.1" 200 1737
79.160.218.171 - - [10/Jan/2025:01:30:25 +0100] "GET /ticket2/opencms/system/modules/com.gridnine.opencms.ticketbrokerage.site/resources/js/common-ajax.js HTTP/1.1" 200 20175
79.160.218.171 - - [10/Jan/2025:01:30:25 +0100] "GET /ticket2/opencms/system/modules/com.gridnine.opencms.ticketbrokerage.site/resources/pics/logo-new.png HTTP/1.1" 200 13541
79.160.218.171 - - [10/Jan/2025:01:30:25 +0100] "GET /ticket2/opencms/img/insta.png HTTP/1.1" 200 3967
79.160.218.171 - - [10/Jan/2025:01:30:25 +0100] "GET /ticket2/opencms/img/fb.png HTTP/1.1" 200 1269
79.160.218.171 - - [10/Jan/2025:01:30:25 +0100] "GET /ticket2/opencms/system/modules/com.gridnine.opencms.ticketbrokerage.site/resources/pics/banners/sv/premier_league_sv.png HTTP/1.1" 200 13518
79.160.218.171 - - [10/Jan/2025:01:30:25 +0100] "GET /ticket2/opencms/system/modules/com.gridnine.opencms.ticketbrokerage.site/resources/pics/footer-img.jpg HTTP/1.1" 200 67642
79.160.218.171 - - [10/Jan/2025:01:30:25 +0100] "GET /ticket2/opencms/img/check.png HTTP/1.1" 200 548
79.160.218.171 - - [10/Jan/2025:01:30:25 +0100] "GET /ticket2/opencms/img/mail.png HTTP/1.1" 200 403
79.160.218.171 - - [10/Jan/2025:01:30:25 +0100] "GET /ticket2/opencms/img/chat.png HTTP/1.1" 200 416
79.160.218.171 - - [10/Jan/2025:01:30:25 +0100] "GET /ticket2/opencms/img/arrow.png HTTP/1.1" 200 753
65.21.113.194 - - [10/Jan/2025:01:30:25 +0100] "GET /ticket2/opencms/sv/buy/?page=1&edid=E5C71AA1-7B1A-D9BE-470B-940D9CED866E HTTP/1.1" 200 108728
79.160.218.171 - - [10/Jan/2025:01:30:26 +0100] "GET /ticket2/opencms/img/icons/globe-white.png HTTP/1.1" 200 947
79.160.218.171 - - [10/Jan/2025:01:30:26 +0100] "GET /ticket2/opencms/img/icons/se.png HTTP/1.1" 200 1258
79.160.218.171 - - [10/Jan/2025:01:30:26 +0100] "GET /ticket2/opencms/img/icons/it.png HTTP/1.1" 200 2040
79.160.218.171 - - [10/Jan/2025:01:30:26 +0100] "GET /ticket2/opencms/img/icons/sq.png HTTP/1.1" 200 1619
79.160.218.171 - - [10/Jan/2025:01:30:26 +0100] "GET /ticket2/opencms/img/icons/az.png HTTP/1.1" 200 1445
79.160.218.171 - - [10/Jan/2025:01:30:26 +0100] "GET /ticket2/opencms/img/icons/be.png HTTP/1.1" 200 1663
79.160.218.171 - - [10/Jan/2025:01:30:26 +0100] "GET /ticket2/opencms/img/icons/bs.png HTTP/1.1" 200 1014
79.160.218.171 - - [10/Jan/2025:01:30:26 +0100] "GET /ticket2/opencms/img/icons/bg.png HTTP/1.1" 200 788
79.160.218.171 - - [10/Jan/2025:01:30:26 +0100] "GET /ticket2/opencms/img/icons/hr.png HTTP/1.1" 200 2024
79.160.218.171 - - [10/Jan/2025:01:30:26 +0100] "GET /ticket2/opencms/img/icons/cs.png HTTP/1.1" 200 1883
79.160.218.171 - - [10/Jan/2025:01:30:26 +0100] "GET /ticket2/opencms/img/icons/et.png HTTP/1.1" 200 754
79.160.218.171 - - [10/Jan/2025:01:30:26 +0100] "GET /ticket2/opencms/img/icons/el.png HTTP/1.1" 200 1637
79.160.218.171 - - [10/Jan/2025:01:30:26 +0100] "GET /ticket2/opencms/img/icons/ka.png HTTP/1.1" 200 860
79.160.218.171 - - [10/Jan/2025:01:30:26 +0100] "GET /ticket2/opencms/img/icons/hu.png HTTP/1.1" 200 733
79.160.218.171 - - [10/Jan/2025:01:30:26 +0100] "GET /ticket2/opencms/img/icons/is.png HTTP/1.1" 200 1884
79.160.218.171 - - [10/Jan/2025:01:30:26 +0100] "GET /ticket2/opencms/img/icons/ga.png HTTP/1.1" 200 1759
79.160.218.171 - - [10/Jan/2025:01:30:26 +0100] "GET /ticket2/opencms/img/icons/lv.png HTTP/1.1" 200 716
79.160.218.171 - - [10/Jan/2025:01:30:26 +0100] "GET /ticket2/opencms/img/icons/lt.png HTTP/1.1" 200 733
79.160.218.171 - - [10/Jan/2025:01:30:26 +0100] "GET /ticket2/opencms/img/icons/mt.png HTTP/1.1" 200 920
79.160.218.171 - - [10/Jan/2025:01:30:26 +0100] "GET /ticket2/opencms/img/icons/mo.png HTTP/1.1" 200 1468
79.160.218.171 - - [10/Jan/2025:01:30:26 +0100] "GET /ticket2/opencms/img/icons/ro.png HTTP/1.1" 200 1393
79.160.218.171 - - [10/Jan/2025:01:30:26 +0100] "GET /ticket2/opencms/img/icons/sr.png HTTP/1.1" 200 1602
79.160.218.171 - - [10/Jan/2025:01:30:26 +0100] "GET /ticket2/opencms/img/icons/sk.png HTTP/1.1" 200 1283
79.160.218.171 - - [10/Jan/2025:01:30:26 +0100] "GET /ticket2/opencms/img/icons/sl.png HTTP/1.1" 200 966
79.160.218.171 - - [10/Jan/2025:01:30:26 +0100] "GET /ticket2/opencms/img/icons/uk.png HTTP/1.1" 200 1272
79.160.218.171 - - [10/Jan/2025:01:30:26 +0100] "GET /ticket2/opencms/img/icons/tr.png HTTP/1.1" 200 1636
79.160.218.171 - - [10/Jan/2025:01:30:26 +0100] "GET /ticket2/opencms/img/icons/en.png HTTP/1.1" 200 2415
79.160.218.171 - - [10/Jan/2025:01:30:26 +0100] "GET /ticket2/opencms/img/icons/no.png HTTP/1.1" 200 1958
79.160.218.171 - - [10/Jan/2025:01:30:27 +0100] "GET /ticket2/opencms/img/icons/dk.png HTTP/1.1" 200 1706
79.160.218.171 - - [10/Jan/2025:01:30:27 +0100] "GET /ticket2/opencms/img/icons/nl.png HTTP/1.1" 200 1255
79.160.218.171 - - [10/Jan/2025:01:30:27 +0100] "GET /ticket2/opencms/img/icons/de.png HTTP/1.1" 200 1124
79.160.218.171 - - [10/Jan/2025:01:30:27 +0100] "GET /ticket2/opencms/img/icons/fi.png HTTP/1.1" 200 1785
79.160.218.171 - - [10/Jan/2025:01:30:27 +0100] "GET /ticket2/opencms/img/icons/fr.png HTTP/1.1" 200 1764
79.160.218.171 - - [10/Jan/2025:01:30:28 +0100] "GET /ticket2/opencms/img/icons/pl.png HTTP/1.1" 200 1578
79.160.218.171 - - [10/Jan/2025:01:30:28 +0100] "GET /ticket2/opencms/img/icons/es.png HTTP/1.1" 200 1005
79.160.218.171 - - [10/Jan/2025:01:30:28 +0100] "GET /ticket2/opencms/system/modules/com.gridnine.opencms.ticketbrokerage.site/resources/js/standard.js HTTP/1.1" 200 3978
193.70.81.110 - - [10/Jan/2025:01:30:28 +0100] "GET /ticket2/opencms/fi/buy/?page=1&edid=82126C57-17A8-5DFA-CA0B-F524096F6163&sortorder=desc&column=row HTTP/1.1" 200 114640
216.244.66.238 - - [10/Jan/2025:01:30:29 +0100] "GET /ticket2/opencms/de/buy?page=1&edid=1AA9A739-E060-64BB-CDD8-EA47C8746F4F HTTP/1.1" 200 113234
65.21.113.194 - - [10/Jan/2025:01:30:29 +0100] "GET /ticket2/opencms/sv/buy/?page=1&edid=E6BF5AD1-BE0F-B988-8995-E2E5D8BDCA2A HTTP/1.1" 200 118315
66.249.64.97 - - [10/Jan/2025:01:30:30 +0100] "GET /ticket2/opencms/es/magazine/article?title=conceptos-comunes-en-el-futbol HTTP/1.1" 200 99401
193.70.81.110 - - [10/Jan/2025:01:30:32 +0100] "GET /ticket2/opencms/fi/buy/?page=1&edid=830EDC92-4B16-CDC6-6C3E-65134AF2D57E HTTP/1.1" 200 112935
65.21.113.194 - - [10/Jan/2025:01:30:34 +0100] "GET /ticket2/opencms/sv/buy/?page=1&edid=E6F60BFF-04E2-DA87-AC4B-5DAF020D1574 HTTP/1.1" 200 114650
193.70.81.110 - - [10/Jan/2025:01:30:35 +0100] "GET /ticket2/opencms/fi/buy/?page=1&edid=85A4DCD9-6E31-82C1-385B-900A2C9467CE&sortorder=asc&column=price HTTP/1.1" 200 114970
85.208.96.208 - - [10/Jan/2025:01:30:36 +0100] "GET /ticket2/opencms/hr/magazine/article?title=liga-nacija-je-u-punom-jeku HTTP/1.1" 200 93810
40.77.167.65 - - [10/Jan/2025:01:30:38 +0100] "GET /ticket2/opencms/bs/faq HTTP/1.1" 200 89692
65.21.113.194 - - [10/Jan/2025:01:30:38 +0100] "GET /ticket2/opencms/sv/buy/?page=1&edid=E81E710D-F6C6-BEBB-C141-3F278F7FA314 HTTP/1.1" 200 108656
193.70.81.110 - - [10/Jan/2025:01:30:39 +0100] "GET /ticket2/opencms/fi/buy/?page=1&edid=85A4DCD9-6E31-82C1-385B-900A2C9467CE&sortorder=asc&column=row HTTP/1.1" 200 114908
193.70.81.110 - - [10/Jan/2025:01:30:42 +0100] "GET /ticket2/opencms/fi/buy/?page=1&edid=85A4DCD9-6E31-82C1-385B-900A2C9467CE&sortorder=asc&column=section HTTP/1.1" 200 115233
65.21.113.194 - - [10/Jan/2025:01:30:43 +0100] "GET /ticket2/opencms/sv/buy/?page=1&edid=E86D89E6-4B76-0823-49E9-A4E0BE4014AF HTTP/1.1" 200 134323
207.46.13.54 - - [10/Jan/2025:01:30:44 +0100] "GET /ticket2/opencms/sv/buy/?comcatid=A17713B6-D984-201A-4143-ED4DB5ED5C2E&catid=0A6C99D2-F5BD-7A18-9A5F-5668827042E0 HTTP/1.1" 200 6410
40.77.167.76 - - [10/Jan/2025:01:30:45 +0100] "GET /ticket2/opencms/en/venue/?venueid=DEFE0925-F5A3-8A9D-0742-7ECD104E27FF HTTP/1.1" 200 85072
47.128.17.7 - - [10/Jan/2025:01:30:46 +0100] "GET /ticket2/opencms/en/sport/football-tickets/premier_league/aston_villa/ HTTP/1.1" 200 98609
193.70.81.110 - - [10/Jan/2025:01:30:46 +0100] "GET /ticket2/opencms/fi/buy/?page=1&edid=864966C0-6945-AA58-A6C7-9273AE6642E0&sortorder=asc&column=price HTTP/1.1" 200 113792
65.21.113.194 - - [10/Jan/2025:01:30:47 +0100] "GET /ticket2/opencms/sv/buy/?page=1&edid=E86F0F7D-1756-1185-7E08-E94436C5DD8E HTTP/1.1" 200 127291
193.70.81.110 - - [10/Jan/2025:01:30:50 +0100] "GET /ticket2/opencms/fi/buy/?page=1&edid=864966C0-6945-AA58-A6C7-9273AE6642E0&sortorder=asc&column=row HTTP/1.1" 200 113779
47.128.122.215 - - [10/Jan/2025:01:30:52 +0100] "GET /ticket2/opencms/hu/buy/?edid=EE1094B0-5F8D-7F5A-3592-6F4F9BDBF532 HTTP/1.1" 200 92661
193.70.81.110 - - [10/Jan/2025:01:30:54 +0100] "GET /ticket2/opencms/fi/buy/?page=1&edid=864966C0-6945-AA58-A6C7-9273AE6642E0&sortorder=asc&column=section HTTP/1.1" 200 114004
193.70.81.110 - - [10/Jan/2025:01:30:57 +0100] "GET /ticket2/opencms/fi/buy/?page=1&edid=866FFC50-DF27-5378-DBAB-F17893C3BF22&sortorder=asc&column=price HTTP/1.1" 200 114569
65.21.113.194 - - [10/Jan/2025:01:30:58 +0100] "GET /ticket2/opencms/sv/buy/?page=1&edid=E8BA54CC-B112-3D61-BE02-1B4D1E4F63D1 HTTP/1.1" 200 134147
193.70.81.110 - - [10/Jan/2025:01:31:01 +0100] "GET /ticket2/opencms/fi/buy/?page=1&edid=8726A379-C8DC-9B54-87A3-8A69D71865CA HTTP/1.1" 200 112369
65.21.113.194 - - [10/Jan/2025:01:31:03 +0100] "GET /ticket2/opencms/sv/buy/?page=1&edid=E9F0B041-BF0A-CE11-045F-89CD49D4FA7D HTTP/1.1" 200 114745
193.70.81.110 - - [10/Jan/2025:01:31:05 +0100] "GET /ticket2/opencms/fi/buy/?page=1&edid=90576D05-78F1-8149-3F68-239887C22A3C&sortorder=asc&column=price HTTP/1.1" 200 111591
185.191.171.1 - - [10/Jan/2025:01:31:06 +0100] "GET /ticket2/opencms/mo/magazine/article?title=chelsea-vs-tottenham-2-0 HTTP/1.1" 200 95328
193.70.81.110 - - [10/Jan/2025:01:31:09 +0100] "GET /ticket2/opencms/fi/buy/?page=1&edid=90576D05-78F1-8149-3F68-239887C22A3C&sortorder=asc&column=row HTTP/1.1" 200 111385
185.191.171.3 - - [10/Jan/2025:01:31:09 +0100] "GET /ticket2/opencms/tr/magazine/article?title=crystal-palace-premier-leaguein-en-iyi-taraftarlari-mi HTTP/1.1" 200 94428
65.21.113.194 - - [10/Jan/2025:01:31:09 +0100] "GET /ticket2/opencms/sv/buy/?page=1&edid=EAA98A6E-20F3-6D01-3D0B-DC007380F0E3 HTTP/1.1" 200 111479
85.208.96.205 - - [10/Jan/2025:01:31:12 +0100] "GET /ticket2/opencms/nl/magazine/article?title=jurgen-klopp-verlaat-liverpool-een-succesverhaal-op-anfield HTTP/1.1" 200 93751
193.70.81.110 - - [10/Jan/2025:01:31:13 +0100] "GET /ticket2/opencms/fi/buy/?page=1&edid=9348CE70-7162-E676-E9B5-E8A801BBB8E7 HTTP/1.1" 200 112581
65.21.113.194 - - [10/Jan/2025:01:31:13 +0100] "GET /ticket2/opencms/sv/buy/?page=1&edid=ED6B033E-FAAE-D3A6-3006-A43EA8437C62 HTTP/1.1" 200 116717
66.249.89.68 - - [10/Jan/2025:01:31:15 +0100] "GET /ticket2/opencms/system/modules/com.gridnine.opencms.ticketbrokerage.site/resources/js/jquery.fancybox.pack.js HTTP/1.1" 200 23187
66.249.89.66 - - [10/Jan/2025:01:31:16 +0100] "GET /ticket2/opencms/system/modules/com.gridnine.opencms.ticketbrokerage.site/resources/css/standard.css HTTP/1.1" 200 73081
193.70.81.110 - - [10/Jan/2025:01:31:16 +0100] "GET /ticket2/opencms/fi/buy/?page=1&edid=963895FF-8589-B7C5-5491-D5A774B04B1A&sortorder=asc&column=section HTTP/1.1" 200 115030
66.249.89.67 - - [10/Jan/2025:01:31:16 +0100] "GET /ticket2/opencms/system/modules/com.gridnine.opencms.ticketbrokerage.site/resources/js/calendar-en.js HTTP/1.1" 200 3338
66.249.89.67 - - [10/Jan/2025:01:31:17 +0100] "GET /ticket2/opencms/system/modules/com.gridnine.opencms.ticketbrokerage.site/resources/css/calendar.css HTTP/1.1" 200 6871
65.21.113.194 - - [10/Jan/2025:01:31:17 +0100] "GET /ticket2/opencms/sv/buy/?page=1&edid=EE9D378D-B608-D0C3-023E-19EA1CC71BB7 HTTP/1.1" 200 108636
66.249.89.68 - - [10/Jan/2025:01:31:18 +0100] "GET /ticket2/opencms/system/modules/com.gridnine.opencms.ticketbrokerage.site/resources/js/calendar.js HTTP/1.1" 200 49229
66.249.89.66 - - [10/Jan/2025:01:31:18 +0100] "GET /ticket2/opencms/system/modules/com.gridnine.opencms.ticketbrokerage.site/resources/js/jquery/jquery.js HTTP/1.1" 200 93868
66.249.89.66 - - [10/Jan/2025:01:31:19 +0100] "GET /ticket2/opencms/system/modules/com.gridnine.opencms.ticketbrokerage.site/resources/js/stickyfill.min.js HTTP/1.1" 200 5672
54.36.149.95 - - [10/Jan/2025:01:31:19 +0100] "GET /ticket2/opencms/cs/buy?page=1&edid=E8C34E6F-F034-0C2A-D437-ABD4D0BC81CD HTTP/1.1" 200 113154
66.249.89.66 - - [10/Jan/2025:01:31:20 +0100] "GET /ticket2/opencms/system/modules/com.gridnine.opencms.ticketbrokerage.site/resources/css/ticketbrokerage.css HTTP/1.1" 200 39339
193.70.81.110 - - [10/Jan/2025:01:31:20 +0100] "GET /ticket2/opencms/fi/buy/?page=1&edid=98D6C99F-F8F5-DE71-7D09-3A72246C9A50 HTTP/1.1" 200 112309
66.249.89.66 - - [10/Jan/2025:01:31:20 +0100] "GET /ticket2/opencms/system/modules/com.gridnine.opencms.ticketbrokerage.site/resources/css/jquery.fancybox.css HTTP/1.1" 200 4939
202.8.40.54 - - [10/Jan/2025:01:31:21 +0100] "GET /ticket2/opencms/system/modules/com.gridnine.opencms.ticketbrokerage.site/resources/css/ticketbrokerage.css HTTP/1.1" 200 39339
202.8.40.54 - - [10/Jan/2025:01:31:21 +0100] "GET /ticket2/opencms/system/modules/com.gridnine.opencms.ticketbrokerage.site/resources/css/jquery.fancybox.css HTTP/1.1" 200 4939
202.8.40.54 - - [10/Jan/2025:01:31:21 +0100] "GET /ticket2/opencms/system/modules/com.gridnine.opencms.ticketbrokerage.site/resources/css/standard.css HTTP/1.1" 200 73081
202.8.40.54 - - [10/Jan/2025:01:31:21 +0100] "GET /ticket2/opencms/system/modules/com.gridnine.opencms.ticketbrokerage.site/resources/css/calendar.css HTTP/1.1" 200 6871
202.8.40.54 - - [10/Jan/2025:01:31:21 +0100] "GET /ticket2/opencms/system/modules/com.gridnine.opencms.ticketbrokerage.site/resources/js/jquery/jquery.js HTTP/1.1" 200 93868
202.8.40.54 - - [10/Jan/2025:01:31:21 +0100] "GET /ticket2/opencms/system/modules/com.gridnine.opencms.ticketbrokerage.site/resources/css/jquery-ui.css HTTP/1.1" 200 33221
202.8.40.54 - - [10/Jan/2025:01:31:21 +0100] "GET /ticket2/opencms/system/modules/com.gridnine.opencms.ticketbrokerage.site/resources/js/functions.js HTTP/1.1" 200 1583
202.8.40.54 - - [10/Jan/2025:01:31:21 +0100] "GET /ticket2/opencms/system/modules/com.gridnine.opencms.ticketbrokerage.site/resources/js/jquery/jquery-ui.js HTTP/1.1" 200 228088
202.8.40.54 - - [10/Jan/2025:01:31:21 +0100] "GET /ticket2/opencms/system/modules/com.gridnine.opencms.ticketbrokerage.site/resources/js/calendar.js HTTP/1.1" 200 49229
202.8.40.54 - - [10/Jan/2025:01:31:21 +0100] "GET /ticket2/opencms/system/modules/com.gridnine.opencms.ticketbrokerage.site/resources/js/calendar-en.js HTTP/1.1" 200 3338
202.8.40.54 - - [10/Jan/2025:01:31:21 +0100] "GET /ticket2/opencms/system/modules/com.gridnine.opencms.ticketbrokerage.site/resources/js/calendar-setup.js HTTP/1.1" 200 4923
202.8.40.54 - - [10/Jan/2025:01:31:21 +0100] "GET /ticket2/opencms/system/modules/com.gridnine.opencms.ticketbrokerage.site/resources/js/jquery.fancybox.pack.js HTTP/1.1" 200 23187
202.8.40.54 - - [10/Jan/2025:01:31:21 +0100] "GET /ticket2/opencms/system/modules/com.gridnine.opencms.ticketbrokerage.site/resources/js/stickyfill.min.js HTTP/1.1" 200 5672
202.8.40.54 - - [10/Jan/2025:01:31:21 +0100] "GET /ticket2/opencms/system/modules/com.gridnine.opencms.ticketbrokerage.site/resources/js/standard.js HTTP/1.1" 200 3978
202.8.40.54 - - [10/Jan/2025:01:31:21 +0100] "GET /ticket2/opencms/system/modules/com.gridnine.opencms.ticketbrokerage.site/resources/js/jquery.placeholder.min.js HTTP/1.1" 200 1737
202.8.40.54 - - [10/Jan/2025:01:31:21 +0100] "GET /ticket2/opencms/system/modules/com.gridnine.opencms.ticketbrokerage.site/resources/js/common-ajax.js HTTP/1.1" 200 20175
202.8.40.54 - - [10/Jan/2025:01:31:21 +0100] "GET /ticket2/opencms/cs/ask-form.html HTTP/1.1" 200 3156
65.21.113.194 - - [10/Jan/2025:01:31:21 +0100] "GET /ticket2/opencms/sv/buy/?page=1&edid=EEAC8E12-92AA-F0EF-B799-26ACAA3ACC20 HTTP/1.1" 200 117994
202.8.40.54 - - [10/Jan/2025:01:31:21 +0100] "GET /ticket2/opencms/system/modules/com.gridnine.opencms.ticketbrokerage.site/resources/css/ticketbrokerage.css HTTP/1.1" 200 39339
66.249.89.66 - - [10/Jan/2025:01:31:21 +0100] "GET /ticket2/opencms/system/modules/com.gridnine.opencms.ticketbrokerage.site/resources/js/functions.js HTTP/1.1" 200 1583
66.249.89.66 - - [10/Jan/2025:01:31:22 +0100] "GET /ticket2/opencms/system/modules/com.gridnine.opencms.ticketbrokerage.site/resources/js/jquery/jquery-ui.js HTTP/1.1" 200 228088
66.249.89.66 - - [10/Jan/2025:01:31:23 +0100] "GET /ticket2/opencms/system/modules/com.gridnine.opencms.ticketbrokerage.site/resources/js/calendar-setup.js HTTP/1.1" 200 4923
193.70.81.110 - - [10/Jan/2025:01:31:24 +0100] "GET /ticket2/opencms/fi/buy/?page=1&edid=99B50F9B-1D3F-89A8-66B0-19EC5F544B5E&sortorder=asc&column=row HTTP/1.1" 200 115311
66.249.89.66 - - [10/Jan/2025:01:31:24 +0100] "GET /ticket2/opencms/system/modules/com.gridnine.opencms.ticketbrokerage.site/resources/js/standard.js HTTP/1.1" 200 3978
66.249.89.66 - - [10/Jan/2025:01:31:25 +0100] "GET /ticket2/opencms/system/modules/com.gridnine.opencms.ticketbrokerage.site/resources/css/jquery-ui.css HTTP/1.1" 200 33221
66.249.89.66 - - [10/Jan/2025:01:31:25 +0100] "GET /ticket2/opencms/system/modules/com.gridnine.opencms.ticketbrokerage.site/resources/js/jquery.placeholder.min.js HTTP/1.1" 200 1737
40.77.167.65 - - [10/Jan/2025:01:31:26 +0100] "GET /ticket2/opencms/sv/buy?page=1&edid=C4C24026-3ADF-F23A-0ABB-D3544847DDA2 HTTP/1.1" 200 108791
65.21.113.194 - - [10/Jan/2025:01:31:26 +0100] "GET /ticket2/opencms/sv/buy/?page=1&edid=EF89CCE1-4D67-63A5-1697-6B7EBB76F5C8 HTTP/1.1" 200 114736
66.249.89.66 - - [10/Jan/2025:01:31:26 +0100] "GET /ticket2/opencms/system/modules/com.gridnine.opencms.ticketbrokerage.site/resources/js/common-ajax.js HTTP/1.1" 200 20175
114.119.150.22 - - [10/Jan/2025:01:31:26 +0100] "GET /ticket2/opencms/en/venue/?countryid=4F919533-4A01-8CFD-B333-C95FA433589C HTTP/1.1" 200 114391
40.77.167.65 - - [10/Jan/2025:01:31:28 +0100] "GET /ticket2/opencms/no/buy?page=1&edid=20599C7A-7B16-1AE0-93EB-CF44D71F2D6D HTTP/1.1" 200 113134
193.70.81.110 - - [10/Jan/2025:01:31:28 +0100] "GET /ticket2/opencms/fi/buy/?page=1&edid=99C24877-53C4-AB74-6606-A857CC7C6177&sortorder=asc&column=price HTTP/1.1" 200 115463
65.21.113.194 - - [10/Jan/2025:01:31:30 +0100] "GET /ticket2/opencms/robots.txt HTTP/1.1" 200 773
65.21.113.194 - - [10/Jan/2025:01:31:30 +0100] "GET /ticket2/opencms/sv/buy/?page=1&edid=EFAD6268-83FA-7979-AAB3-785B7208F10D HTTP/1.1" 200 108715
193.70.81.110 - - [10/Jan/2025:01:31:31 +0100] "GET /ticket2/opencms/fi/buy/?page=1&edid=99C24877-53C4-AB74-6606-A857CC7C6177&sortorder=asc&column=section HTTP/1.1" 200 115547
65.21.113.194 - - [10/Jan/2025:01:31:34 +0100] "GET /ticket2/opencms/sv/buy/?page=1&edid=F056D8D3-0A78-F8DD-AF89-486FA1EA1B58 HTTP/1.1" 200 118230
85.208.96.204 - - [10/Jan/2025:01:31:34 +0100] "GET /ticket2/opencms/tr/magazine/article?title=chelsea-fcnin-ve-onlarin-istikrar-mucadelesi HTTP/1.1" 200 93712
193.70.81.110 - - [10/Jan/2025:01:31:35 +0100] "GET /ticket2/opencms/fi/buy/?page=1&edid=9C589BE5-32B6-0F24-5C54-F4DE03E51AC7 HTTP/1.1" 200 112828
114.119.140.111 - - [10/Jan/2025:01:31:36 +0100] "GET /ticket2/opencms/en/venue/?venueid=1535A920-4849-7208-022C-F1B3FD090F79 HTTP/1.1" 200 85027
193.70.81.110 - - [10/Jan/2025:01:31:38 +0100] "GET /ticket2/opencms/fi/buy/?page=1&edid=A02342C9-A4EA-CCC7-213E-E3ED131C9C47&sortorder=asc&column=price HTTP/1.1" 200 113748
65.21.113.194 - - [10/Jan/2025:01:31:39 +0100] "GET /ticket2/opencms/sv/buy/?page=1&edid=F26F7624-B3C7-3F2B-5F3B-CAEEB7F1CB7F HTTP/1.1" 200 134803
47.128.115.137 - - [10/Jan/2025:01:31:40 +0100] "GET /ticket2/opencms/fi/venue/?venueid=A60FB51F-D5E6-BD90-6801-0B7458E63156 HTTP/1.1" 200 86622
216.244.66.238 - - [10/Jan/2025:01:31:40 +0100] "GET /ticket2/opencms/dk/sv/venue/?venueid=A003754C-3E1C-9E13-64E9-6F827A08D00B HTTP/1.1" 404 -
193.70.81.110 - - [10/Jan/2025:01:31:42 +0100] "GET /ticket2/opencms/fi/buy/?page=1&edid=A02342C9-A4EA-CCC7-213E-E3ED131C9C47&sortorder=asc&column=section HTTP/1.1" 200 113884
40.77.167.230 - - [10/Jan/2025:01:31:45 +0100] "GET /ticket2/opencms/lv/buy?page=1&edid=812FD49D-304A-7328-3A5E-992562A1F44A HTTP/1.1" 200 113102
193.70.81.110 - - [10/Jan/2025:01:31:46 +0100] "GET /ticket2/opencms/fi/buy/?page=1&edid=CD8C65AB-F506-0A9E-001A-2A1B6DBD3092&sortorder=asc&column=row HTTP/1.1" 200 115258
207.46.13.102 - - [10/Jan/2025:01:31:46 +0100] "GET /ticket2/opencms/sq/magazine/article?title=premier-league-kalimet-me-interesante-te-transferimeve-te-dritares HTTP/1.1" 200 95598
40.77.167.65 - - [10/Jan/2025:01:31:49 +0100] "GET /ticket2/opencms/nl/buy?page=1&edid=BA2F917F-043D-1A44-67B8-E01E2AF1A0F1 HTTP/1.1" 200 107472
193.70.81.110 - - [10/Jan/2025:01:31:50 +0100] "GET /ticket2/opencms/fi/buy/?page=1&edid=CD8C65AB-F506-0A9E-001A-2A1B6DBD3092&sortorder=desc&column=price HTTP/1.1" 200 115289
65.21.113.194 - - [10/Jan/2025:01:31:51 +0100] "GET /ticket2/opencms/sv/buy/?page=1&edid=F2B75FFE-B503-FA6C-066A-879F06B1D185 HTTP/1.1" 200 108773
185.191.171.13 - - [10/Jan/2025:01:31:52 +0100] "GET /ticket2/opencms/sr/buying_tickets/ HTTP/1.1" 200 89115
193.70.81.110 - - [10/Jan/2025:01:31:53 +0100] "GET /ticket2/opencms/fi/buy/?page=1&edid=CD8C65AB-F506-0A9E-001A-2A1B6DBD3092&sortorder=desc&column=row HTTP/1.1" 200 115305
65.21.113.194 - - [10/Jan/2025:01:31:55 +0100] "GET /ticket2/opencms/sv/buy/?page=1&edid=F2BB5427-1D4A-AECD-9787-90D94712CD18 HTTP/1.1" 200 134850
193.70.81.110 - - [10/Jan/2025:01:31:57 +0100] "GET /ticket2/opencms/fi/buy/?page=1&edid=CFC2AA71-77AF-B6F9-E3AC-B5C5B74CC33A&sortorder=asc&column=price HTTP/1.1" 200 113780
194.230.148.217 - - [10/Jan/2025:01:31:57 +0100] "GET /ticket2/opencms/set_aff_cookie.jsp?partner=53673ED6-1455-FA54-818F-B1F67121E37C&url=/it/buy/index.html%3Fpage%3D1%26edid%3D8CF7B327-CBF8-6902-00E4-357348B3DB32%26hlv%3D66d5fb93-42e4-4746-85aa-33460a01000f%23v1595102060 HTTP/1.1" 200 225
194.230.148.217 - - [10/Jan/2025:01:31:58 +0100] "GET /ticket2/opencms/it/buy/?page=1&edid=8CF7B327-CBF8-6902-00E4-357348B3DB32&hlv=66d5fb93-42e4-4746-85aa-33460a01000f HTTP/1.1" 200 130122
194.230.148.217 - - [10/Jan/2025:01:31:58 +0100] "GET /ticket2/opencms/system/modules/com.gridnine.opencms.ticketbrokerage.site/resources/js/jquery/jquery.js HTTP/1.1" 200 93868
194.230.148.217 - - [10/Jan/2025:01:31:58 +0100] "GET /ticket2/opencms/system/modules/com.gridnine.opencms.ticketbrokerage.site/resources/js/jquery/jquery-ui.js HTTP/1.1" 200 228088
194.230.148.217 - - [10/Jan/2025:01:31:58 +0100] "GET /ticket2/opencms/system/modules/com.gridnine.opencms.ticketbrokerage.site/resources/css/jquery.fancybox.css HTTP/1.1" 200 4939
194.230.148.217 - - [10/Jan/2025:01:31:58 +0100] "GET /ticket2/opencms/system/modules/com.gridnine.opencms.ticketbrokerage.site/resources/css/ticketbrokerage.css HTTP/1.1" 200 39339
194.230.148.217 - - [10/Jan/2025:01:31:58 +0100] "GET /ticket2/opencms/system/modules/com.gridnine.opencms.ticketbrokerage.site/resources/css/calendar.css HTTP/1.1" 200 6871
194.230.148.217 - - [10/Jan/2025:01:31:58 +0100] "GET /ticket2/opencms/system/modules/com.gridnine.opencms.ticketbrokerage.site/resources/css/standard.css HTTP/1.1" 200 73081
194.230.148.217 - - [10/Jan/2025:01:31:58 +0100] "GET /ticket2/opencms/system/modules/com.gridnine.opencms.ticketbrokerage.site/resources/css/jquery-ui.css HTTP/1.1" 200 33221
194.230.148.217 - - [10/Jan/2025:01:31:58 +0100] "GET /ticket2/opencms/system/modules/com.gridnine.opencms.ticketbrokerage.site/resources/js/calendar.js HTTP/1.1" 200 49229
194.230.148.217 - - [10/Jan/2025:01:31:58 +0100] "GET /ticket2/opencms/system/modules/com.gridnine.opencms.ticketbrokerage.site/resources/js/calendar-en.js HTTP/1.1" 200 3338
194.230.148.217 - - [10/Jan/2025:01:31:58 +0100] "GET /ticket2/opencms/system/modules/com.gridnine.opencms.ticketbrokerage.site/resources/js/functions.js HTTP/1.1" 200 1583
194.230.148.217 - - [10/Jan/2025:01:31:58 +0100] "GET /ticket2/opencms/system/modules/com.gridnine.opencms.ticketbrokerage.site/resources/js/calendar-setup.js HTTP/1.1" 200 4923
194.230.148.217 - - [10/Jan/2025:01:31:58 +0100] "GET /ticket2/opencms/system/modules/com.gridnine.opencms.ticketbrokerage.site/resources/js/jquery.fancybox.pack.js HTTP/1.1" 200 23187
194.230.148.217 - - [10/Jan/2025:01:31:58 +0100] "GET /ticket2/opencms/system/modules/com.gridnine.opencms.ticketbrokerage.site/resources/js/stickyfill.min.js HTTP/1.1" 200 5672
194.230.148.217 - - [10/Jan/2025:01:31:58 +0100] "GET /ticket2/opencms/system/modules/com.gridnine.opencms.ticketbrokerage.site/resources/js/standard.js HTTP/1.1" 200 3978
194.230.148.217 - - [10/Jan/2025:01:31:58 +0100] "GET /ticket2/opencms/system/modules/com.gridnine.opencms.ticketbrokerage.site/resources/js/jquery.placeholder.min.js HTTP/1.1" 200 1737
194.230.148.217 - - [10/Jan/2025:01:31:58 +0100] "GET /ticket2/opencms/system/modules/com.gridnine.opencms.ticketbrokerage.site/resources/js/common-ajax.js HTTP/1.1" 200 20175
194.230.148.217 - - [10/Jan/2025:01:31:58 +0100] "GET /ticket2/opencms/system/modules/com.gridnine.opencms.ticketbrokerage.site/resources/pics/logo-new.png HTTP/1.1" 200 13541
194.230.148.217 - - [10/Jan/2025:01:31:58 +0100] "GET /ticket2/opencms/img/insta.png HTTP/1.1" 200 3967
194.230.148.217 - - [10/Jan/2025:01:31:58 +0100] "GET /ticket2/opencms/venue/san_siro.jpg HTTP/1.1" 200 61662
194.230.148.217 - - [10/Jan/2025:01:31:58 +0100] "GET /ticket2/opencms/system/modules/com.gridnine.opencms.ticketbrokerage.site/resources/pics/0.gif HTTP/1.1" 200 43
194.230.148.217 - - [10/Jan/2025:01:31:58 +0100] "GET /ticket2/opencms/img/icons/globe-white.png HTTP/1.1" 200 947
194.230.148.217 - - [10/Jan/2025:01:31:58 +0100] "GET /ticket2/opencms/img/fb.png HTTP/1.1" 200 1269
194.230.148.217 - - [10/Jan/2025:01:31:59 +0100] "GET /ticket2/opencms/system/modules/com.gridnine.opencms.ticketbrokerage.site/resources/pics/two_man.png HTTP/1.1" 200 3407
194.230.148.217 - - [10/Jan/2025:01:31:59 +0100] "GET /ticket2/opencms/img/icons/se.png HTTP/1.1" 200 1258
194.230.148.217 - - [10/Jan/2025:01:31:59 +0100] "GET /ticket2/opencms/system/modules/com.gridnine.opencms.ticketbrokerage.site/resources/pics/ticket_info_button.png HTTP/1.1" 200 3820
194.230.148.217 - - [10/Jan/2025:01:31:59 +0100] "GET /ticket2/opencms/img/icons/en.png HTTP/1.1" 200 2415
194.230.148.217 - - [10/Jan/2025:01:31:59 +0100] "GET /ticket2/opencms/system/modules/com.gridnine.opencms.ticketbrokerage.site/resources/pics/footer-img.jpg HTTP/1.1" 200 67642
194.230.148.217 - - [10/Jan/2025:01:31:59 +0100] "GET /ticket2/opencms/it/ask-form.html HTTP/1.1" 200 3156
194.230.148.217 - - [10/Jan/2025:01:31:59 +0100] "GET /ticket2/opencms/img/check.png HTTP/1.1" 200 548
194.230.148.217 - - [10/Jan/2025:01:31:59 +0100] "GET /ticket2/opencms/img/mail.png HTTP/1.1" 200 403
194.230.148.217 - - [10/Jan/2025:01:31:59 +0100] "GET /ticket2/opencms/img/icons/fi.png HTTP/1.1" 200 1785
194.230.148.217 - - [10/Jan/2025:01:31:59 +0100] "GET /ticket2/opencms/system/modules/com.gridnine.opencms.ticketbrokerage.site/resources/css/ticketbrokerage.css HTTP/1.1" 200 39339
194.230.148.217 - - [10/Jan/2025:01:31:59 +0100] "GET /ticket2/opencms/img/icons/no.png HTTP/1.1" 200 1958
194.230.148.217 - - [10/Jan/2025:01:31:59 +0100] "GET /ticket2/opencms/img/arrow.png HTTP/1.1" 200 753
194.230.148.217 - - [10/Jan/2025:01:31:59 +0100] "GET /ticket2/opencms/img/chat.png HTTP/1.1" 200 416
194.230.148.217 - - [10/Jan/2025:01:31:59 +0100] "GET /ticket2/opencms/system/modules/com.gridnine.opencms.ticketbrokerage.site/resources/pics/button1_left.gif HTTP/1.1" 200 232
194.230.148.217 - - [10/Jan/2025:01:31:59 +0100] "GET /ticket2/opencms/system/modules/com.gridnine.opencms.ticketbrokerage.site/resources/pics/arrow.gif HTTP/1.1" 200 344
194.230.148.217 - - [10/Jan/2025:01:31:59 +0100] "GET /ticket2/opencms/system/modules/com.gridnine.opencms.ticketbrokerage.site/resources/pics/button1_center.gif HTTP/1.1" 200 66
194.230.148.217 - - [10/Jan/2025:01:31:59 +0100] "GET /ticket2/opencms/system/modules/com.gridnine.opencms.ticketbrokerage.site/resources/pics/button1_right.gif HTTP/1.1" 200 232
194.230.148.217 - - [10/Jan/2025:01:31:59 +0100] "GET /ticket2/opencms/img/icons/dk.png HTTP/1.1" 200 1706
194.230.148.217 - - [10/Jan/2025:01:31:59 +0100] "GET /ticket2/opencms/img/icons/nl.png HTTP/1.1" 200 1255
194.230.148.217 - - [10/Jan/2025:01:31:59 +0100] "GET /ticket2/opencms/img/icons/hy.png HTTP/1.1" 200 1170
194.230.148.217 - - [10/Jan/2025:01:31:59 +0100] "GET /ticket2/opencms/img/icons/az.png HTTP/1.1" 200 1445
194.230.148.217 - - [10/Jan/2025:01:31:59 +0100] "GET /ticket2/opencms/img/icons/be.png HTTP/1.1" 200 1663
194.230.148.217 - - [10/Jan/2025:01:31:59 +0100] "GET /ticket2/opencms/img/icons/bg.png HTTP/1.1" 200 788
194.230.148.217 - - [10/Jan/2025:01:31:59 +0100] "GET /ticket2/opencms/img/icons/pl.png HTTP/1.1" 200 1578
194.230.148.217 - - [10/Jan/2025:01:31:59 +0100] "GET /ticket2/opencms/img/icons/cs.png HTTP/1.1" 200 1883
194.230.148.217 - - [10/Jan/2025:01:31:59 +0100] "GET /ticket2/opencms/img/icons/fr.png HTTP/1.1" 200 1764
194.230.148.217 - - [10/Jan/2025:01:32:00 +0100] "GET /ticket2/opencms/img/icons/el.png HTTP/1.1" 200 1637
194.230.148.217 - - [10/Jan/2025:01:32:00 +0100] "GET /ticket2/opencms/img/icons/et.png HTTP/1.1" 200 754
194.230.148.217 - - [10/Jan/2025:01:32:00 +0100] "GET /ticket2/opencms/img/icons/ka.png HTTP/1.1" 200 860
194.230.148.217 - - [10/Jan/2025:01:32:00 +0100] "GET /ticket2/opencms/img/icons/hu.png HTTP/1.1" 200 733
194.230.148.217 - - [10/Jan/2025:01:32:00 +0100] "GET /ticket2/opencms/img/icons/lv.png HTTP/1.1" 200 716
194.230.148.217 - - [10/Jan/2025:01:32:00 +0100] "GET /ticket2/opencms/img/icons/ga.png HTTP/1.1" 200 1759
194.230.148.217 - - [10/Jan/2025:01:32:00 +0100] "GET /ticket2/opencms/img/icons/mk.png HTTP/1.1" 200 1405
194.230.148.217 - - [10/Jan/2025:01:32:00 +0100] "GET /ticket2/opencms/img/icons/is.png HTTP/1.1" 200 1884
194.230.148.217 - - [10/Jan/2025:01:32:00 +0100] "GET /ticket2/opencms/img/icons/lt.png HTTP/1.1" 200 733
194.230.148.217 - - [10/Jan/2025:01:32:00 +0100] "GET /ticket2/opencms/img/icons/sr.png HTTP/1.1" 200 1602
194.230.148.217 - - [10/Jan/2025:01:32:00 +0100] "GET /ticket2/opencms/img/icons/bs.png HTTP/1.1" 200 1014
194.230.148.217 - - [10/Jan/2025:01:32:00 +0100] "GET /ticket2/opencms/img/icons/ro.png HTTP/1.1" 200 1393
194.230.148.217 - - [10/Jan/2025:01:32:00 +0100] "GET /ticket2/opencms/img/icons/mo.png HTTP/1.1" 200 1468
194.230.148.217 - - [10/Jan/2025:01:32:00 +0100] "GET /ticket2/opencms/img/icons/hr.png HTTP/1.1" 200 2024
194.230.148.217 - - [10/Jan/2025:01:32:00 +0100] "GET /ticket2/opencms/img/icons/es.png HTTP/1.1" 200 1005
194.230.148.217 - - [10/Jan/2025:01:32:00 +0100] "GET /ticket2/opencms/img/icons/sq.png HTTP/1.1" 200 1619
194.230.148.217 - - [10/Jan/2025:01:32:00 +0100] "GET /ticket2/opencms/img/icons/uk.png HTTP/1.1" 200 1272
194.230.148.217 - - [10/Jan/2025:01:32:00 +0100] "GET /ticket2/opencms/img/icons/sl.png HTTP/1.1" 200 966
194.230.148.217 - - [10/Jan/2025:01:32:00 +0100] "GET /ticket2/opencms/img/icons/tr.png HTTP/1.1" 200 1636
194.230.148.217 - - [10/Jan/2025:01:32:00 +0100] "GET /ticket2/opencms/img/icons/mt.png HTTP/1.1" 200 920
194.230.148.217 - - [10/Jan/2025:01:32:00 +0100] "GET /ticket2/opencms/img/arrow-down.png HTTP/1.1" 200 192
194.230.148.217 - - [10/Jan/2025:01:32:00 +0100] "GET /ticket2/opencms/img/icons/sk.png HTTP/1.1" 200 1283
194.230.148.217 - - [10/Jan/2025:01:32:00 +0100] "GET /ticket2/opencms/img/icons/de.png HTTP/1.1" 200 1124
194.230.148.217 - - [10/Jan/2025:01:32:01 +0100] "GET /ticket2/opencms/img/icons/ticket2.thumbnail.png HTTP/1.1" 200 21519
194.230.148.217 - - [10/Jan/2025:01:32:01 +0100] "GET /ticket2/opencms/system/modules/com.gridnine.opencms.ticketbrokerage.site/resources/js/standard.js HTTP/1.1" 200 3978
193.70.81.110 - - [10/Jan/2025:01:32:01 +0100] "GET /ticket2/opencms/fi/buy/?page=1&edid=D16DA74F-82BD-078A-CF3E-3033D52E5AD2&sortorder=asc&column=row HTTP/1.1" 200 115109
193.70.81.110 - - [10/Jan/2025:01:32:05 +0100] "GET /ticket2/opencms/fi/buy/?page=1&edid=D53C14AE-0EBF-8581-75EE-52BDB1483CBF&sortorder=asc&column=section HTTP/1.1" 200 114082
47.128.53.218 - - [10/Jan/2025:01:32:07 +0100] "GET /ticket2/opencms/en/sport/football-tickets/la-liga/girona/ HTTP/1.1" 200 92791
65.21.113.194 - - [10/Jan/2025:01:32:07 +0100] "GET /ticket2/opencms/sv/buy/?page=1&edid=F2D85B77-0146-9383-AAB8-AFEF60C3B51B HTTP/1.1" 200 134260
193.70.81.110 - - [10/Jan/2025:01:32:08 +0100] "GET /ticket2/opencms/fi/buy/?page=1&edid=D53C14AE-0EBF-8581-75EE-52BDB1483CBF&sortorder=desc&column=price HTTP/1.1" 200 114070
85.208.96.198 - - [10/Jan/2025:01:32:09 +0100] "GET /ticket2/opencms/tr/magazine/article?title=luton HTTP/1.1" 200 92394
65.21.113.194 - - [10/Jan/2025:01:32:12 +0100] "GET /ticket2/opencms/sv/buy/?page=1&edid=F56E127D-A378-06F4-84E7-3510C0A2494A HTTP/1.1" 200 108638
193.70.81.110 - - [10/Jan/2025:01:32:12 +0100] "GET /ticket2/opencms/fi/buy/?page=1&edid=E3B11CF1-FF18-4988-8A73-D260C31213AE&sortorder=asc&column=price HTTP/1.1" 200 113832
193.70.81.110 - - [10/Jan/2025:01:32:16 +0100] "GET /ticket2/opencms/fi/buy/?page=1&edid=E633D85E-2631-44B3-2B1B-38B280DE86F7&sortorder=asc&column=section HTTP/1.1" 200 115128
65.21.113.194 - - [10/Jan/2025:01:32:16 +0100] "GET /ticket2/opencms/sv/buy/?page=1&edid=F6626DB9-CF49-C060-B5A0-E4907286C489 HTTP/1.1" 200 108720
185.191.171.14 - - [10/Jan/2025:01:32:17 +0100] "GET /ticket2/opencms/nl/magazine/article?title=aston-villa-een-van-de-oudste-clubs-in-de-premier-league HTTP/1.1" 200 92020
54.36.148.177 - - [10/Jan/2025:01:32:18 +0100] "GET /ticket2/opencms/bs/buy?page=1&edid=E8C34E6F-F034-0C2A-D437-ABD4D0BC81CD HTTP/1.1" 200 112876
185.191.171.4 - - [10/Jan/2025:01:32:19 +0100] "GET /ticket2/opencms/ga/about/press/ HTTP/1.1" 200 88479
202.8.42.97 - - [10/Jan/2025:01:32:19 +0100] "GET /ticket2/opencms/system/modules/com.gridnine.opencms.ticketbrokerage.site/resources/css/jquery-ui.css HTTP/1.1" 200 33221
202.8.42.97 - - [10/Jan/2025:01:32:19 +0100] "GET /ticket2/opencms/system/modules/com.gridnine.opencms.ticketbrokerage.site/resources/css/calendar.css HTTP/1.1" 200 6871
202.8.42.97 - - [10/Jan/2025:01:32:19 +0100] "GET /ticket2/opencms/system/modules/com.gridnine.opencms.ticketbrokerage.site/resources/css/ticketbrokerage.css HTTP/1.1" 200 39339
202.8.42.97 - - [10/Jan/2025:01:32:19 +0100] "GET /ticket2/opencms/system/modules/com.gridnine.opencms.ticketbrokerage.site/resources/css/standard.css HTTP/1.1" 200 73081
202.8.42.97 - - [10/Jan/2025:01:32:19 +0100] "GET /ticket2/opencms/system/modules/com.gridnine.opencms.ticketbrokerage.site/resources/css/jquery.fancybox.css HTTP/1.1" 200 4939
202.8.42.97 - - [10/Jan/2025:01:32:19 +0100] "GET /ticket2/opencms/system/modules/com.gridnine.opencms.ticketbrokerage.site/resources/js/jquery/jquery.js HTTP/1.1" 200 93868
202.8.42.97 - - [10/Jan/2025:01:32:19 +0100] "GET /ticket2/opencms/system/modules/com.gridnine.opencms.ticketbrokerage.site/resources/js/jquery/jquery-ui.js HTTP/1.1" 200 228088
202.8.42.97 - - [10/Jan/2025:01:32:19 +0100] "GET /ticket2/opencms/system/modules/com.gridnine.opencms.ticketbrokerage.site/resources/js/calendar-en.js HTTP/1.1" 200 3338
202.8.42.97 - - [10/Jan/2025:01:32:19 +0100] "GET /ticket2/opencms/system/modules/com.gridnine.opencms.ticketbrokerage.site/resources/js/calendar-setup.js HTTP/1.1" 200 4923
202.8.42.97 - - [10/Jan/2025:01:32:19 +0100] "GET /ticket2/opencms/system/modules/com.gridnine.opencms.ticketbrokerage.site/resources/js/functions.js HTTP/1.1" 200 1583
202.8.42.97 - - [10/Jan/2025:01:32:19 +0100] "GET /ticket2/opencms/system/modules/com.gridnine.opencms.ticketbrokerage.site/resources/js/calendar.js HTTP/1.1" 200 49229
202.8.42.97 - - [10/Jan/2025:01:32:19 +0100] "GET /ticket2/opencms/system/modules/com.gridnine.opencms.ticketbrokerage.site/resources/js/jquery.fancybox.pack.js HTTP/1.1" 200 23187
202.8.42.97 - - [10/Jan/2025:01:32:19 +0100] "GET /ticket2/opencms/system/modules/com.gridnine.opencms.ticketbrokerage.site/resources/js/stickyfill.min.js HTTP/1.1" 200 5672
202.8.42.97 - - [10/Jan/2025:01:32:19 +0100] "GET /ticket2/opencms/system/modules/com.gridnine.opencms.ticketbrokerage.site/resources/js/standard.js HTTP/1.1" 200 3978
202.8.42.97 - - [10/Jan/2025:01:32:19 +0100] "GET /ticket2/opencms/system/modules/com.gridnine.opencms.ticketbrokerage.site/resources/js/jquery.placeholder.min.js HTTP/1.1" 200 1737
65.21.113.194 - - [10/Jan/2025:01:32:19 +0100] "GET /ticket2/opencms/sv/buy/?page=1&edid=F6B52729-D385-1BA8-C061-8869A2499C82 HTTP/1.1" 200 108704
202.8.42.97 - - [10/Jan/2025:01:32:19 +0100] "GET /ticket2/opencms/system/modules/com.gridnine.opencms.ticketbrokerage.site/resources/js/common-ajax.js HTTP/1.1" 200 20175
202.8.42.97 - - [10/Jan/2025:01:32:20 +0100] "GET /ticket2/opencms/bs/ask-form.html HTTP/1.1" 200 3156
202.8.42.97 - - [10/Jan/2025:01:32:20 +0100] "GET /ticket2/opencms/system/modules/com.gridnine.opencms.ticketbrokerage.site/resources/css/ticketbrokerage.css HTTP/1.1" 200 39339
157.55.39.9 - - [10/Jan/2025:01:32:21 +0100] "GET /ticket2/opencms/no/buy/?page=1&edid=533C9666-8CEC-6A87-EB2B-BCF155BFF94A HTTP/1.1" 200 122034
65.21.113.194 - - [10/Jan/2025:01:32:24 +0100] "GET /ticket2/opencms/sv/buy/?page=1&edid=F6F96A56-F5DB-5CCB-7CBF-891CB25B6D4A HTTP/1.1" 200 108793
185.191.171.12 - - [10/Jan/2025:01:32:27 +0100] "GET /ticket2/opencms/tr/magazine/article?title=cristiano-ronaldo HTTP/1.1" 200 93425
65.21.113.194 - - [10/Jan/2025:01:32:35 +0100] "GET /ticket2/opencms/sv/buy/?page=1&edid=F7378244-15B7-A239-317C-1FF50D66CBB3 HTTP/1.1" 200 108685
207.46.13.102 - - [10/Jan/2025:01:32:37 +0100] "GET /ticket2/opencms/sv/buy?page=1&edid=299450e2-fdad-4e2b-0058-6290a7a2b57d HTTP/1.1" 200 8134
65.21.113.194 - - [10/Jan/2025:01:32:45 +0100] "GET /ticket2/opencms/sv/buy/?page=1&edid=F7607B70-C7D1-859A-AF1D-90ACBF6F99CC HTTP/1.1" 200 118060
65.21.113.194 - - [10/Jan/2025:01:32:49 +0100] "GET /ticket2/opencms/sv/buy/?page=1&edid=F8093B0F-0671-8BAD-4914-C12550D964A6 HTTP/1.1" 200 116697
65.21.113.194 - - [10/Jan/2025:01:32:54 +0100] "GET /ticket2/opencms/sv/buy/?page=1&edid=F83ACB1F-A834-FC8E-AC9B-B9250F8FA653 HTTP/1.1" 200 124584
65.21.113.194 - - [10/Jan/2025:01:32:58 +0100] "GET /ticket2/opencms/sv/buy/?page=1&edid=F86B9858-FECA-8B69-0345-5BABEB4E1340 HTTP/1.1" 200 117095
185.191.171.16 - - [10/Jan/2025:01:32:59 +0100] "GET /ticket2/opencms/az/magazine/article?title=maximilian-ibrahimovic-ac-milanin-ikinci-komandasi-ile-muqavile-imzalayir HTTP/1.1" 200 95774
65.21.113.194 - - [10/Jan/2025:01:33:03 +0100] "GET /ticket2/opencms/sv/buy/?page=1&edid=F96EC4CB-A7BC-CFD8-70A7-924DB40FAA5B HTTP/1.1" 200 108687
85.208.96.201 - - [10/Jan/2025:01:33:03 +0100] "GET /ticket2/opencms/sl/about/press HTTP/1.1" 200 88363
66.249.64.226 - - [10/Jan/2025:01:33:06 +0100] "GET /ticket2/opencms/ga/buy/?page=1&edid=1AEC2618-DE69-59D6-4D54-AF36D227A6D5 HTTP/1.1" 200 114354
54.36.148.142 - - [10/Jan/2025:01:33:06 +0100] "GET /ticket2/opencms/mo/buy?page=1&edid=E8C34E6F-F034-0C2A-D437-ABD4D0BC81CD HTTP/1.1" 200 112936
65.21.113.194 - - [10/Jan/2025:01:33:07 +0100] "GET /ticket2/opencms/sv/buy/?page=1&edid=FB619D25-A569-B2D3-A138-064ED3A662B4 HTTP/1.1" 200 118281
202.8.40.240 - - [10/Jan/2025:01:33:08 +0100] "GET /ticket2/opencms/system/modules/com.gridnine.opencms.ticketbrokerage.site/resources/css/jquery-ui.css HTTP/1.1" 200 33221
202.8.40.240 - - [10/Jan/2025:01:33:08 +0100] "GET /ticket2/opencms/system/modules/com.gridnine.opencms.ticketbrokerage.site/resources/css/standard.css HTTP/1.1" 200 73081
202.8.40.240 - - [10/Jan/2025:01:33:08 +0100] "GET /ticket2/opencms/system/modules/com.gridnine.opencms.ticketbrokerage.site/resources/css/calendar.css HTTP/1.1" 200 6871
202.8.40.240 - - [10/Jan/2025:01:33:08 +0100] "GET /ticket2/opencms/system/modules/com.gridnine.opencms.ticketbrokerage.site/resources/css/jquery.fancybox.css HTTP/1.1" 200 4939
202.8.40.240 - - [10/Jan/2025:01:33:08 +0100] "GET /ticket2/opencms/system/modules/com.gridnine.opencms.ticketbrokerage.site/resources/css/ticketbrokerage.css HTTP/1.1" 200 39339
202.8.40.240 - - [10/Jan/2025:01:33:08 +0100] "GET /ticket2/opencms/system/modules/com.gridnine.opencms.ticketbrokerage.site/resources/js/jquery/jquery.js HTTP/1.1" 200 93868
202.8.40.240 - - [10/Jan/2025:01:33:08 +0100] "GET /ticket2/opencms/system/modules/com.gridnine.opencms.ticketbrokerage.site/resources/js/jquery/jquery-ui.js HTTP/1.1" 200 228088
202.8.40.240 - - [10/Jan/2025:01:33:08 +0100] "GET /ticket2/opencms/system/modules/com.gridnine.opencms.ticketbrokerage.site/resources/js/functions.js HTTP/1.1" 200 1583
202.8.40.240 - - [10/Jan/2025:01:33:08 +0100] "GET /ticket2/opencms/system/modules/com.gridnine.opencms.ticketbrokerage.site/resources/js/calendar.js HTTP/1.1" 200 49229
202.8.40.240 - - [10/Jan/2025:01:33:08 +0100] "GET /ticket2/opencms/system/modules/com.gridnine.opencms.ticketbrokerage.site/resources/js/calendar-en.js HTTP/1.1" 200 3338
202.8.40.240 - - [10/Jan/2025:01:33:08 +0100] "GET /ticket2/opencms/system/modules/com.gridnine.opencms.ticketbrokerage.site/resources/js/calendar-setup.js HTTP/1.1" 200 4923
202.8.40.240 - - [10/Jan/2025:01:33:08 +0100] "GET /ticket2/opencms/system/modules/com.gridnine.opencms.ticketbrokerage.site/resources/js/jquery.fancybox.pack.js HTTP/1.1" 200 23187
202.8.40.240 - - [10/Jan/2025:01:33:08 +0100] "GET /ticket2/opencms/system/modules/com.gridnine.opencms.ticketbrokerage.site/resources/js/stickyfill.min.js HTTP/1.1" 200 5672
202.8.40.240 - - [10/Jan/2025:01:33:08 +0100] "GET /ticket2/opencms/system/modules/com.gridnine.opencms.ticketbrokerage.site/resources/js/standard.js HTTP/1.1" 200 3978
202.8.40.240 - - [10/Jan/2025:01:33:08 +0100] "GET /ticket2/opencms/system/modules/com.gridnine.opencms.ticketbrokerage.site/resources/js/jquery.placeholder.min.js HTTP/1.1" 200 1737
202.8.40.240 - - [10/Jan/2025:01:33:08 +0100] "GET /ticket2/opencms/system/modules/com.gridnine.opencms.ticketbrokerage.site/resources/js/common-ajax.js HTTP/1.1" 200 20175
202.8.40.240 - - [10/Jan/2025:01:33:08 +0100] "GET /ticket2/opencms/mo/ask-form.html HTTP/1.1" 200 3156
202.8.40.240 - - [10/Jan/2025:01:33:08 +0100] "GET /ticket2/opencms/mo/ask-form.html HTTP/1.1" 200 3156
202.8.40.240 - - [10/Jan/2025:01:33:08 +0100] "GET /ticket2/opencms/system/modules/com.gridnine.opencms.ticketbrokerage.site/resources/css/ticketbrokerage.css HTTP/1.1" 200 39339
202.8.40.240 - - [10/Jan/2025:01:33:08 +0100] "GET /ticket2/opencms/system/modules/com.gridnine.opencms.ticketbrokerage.site/resources/js/standard.js HTTP/1.1" 200 3978
47.128.57.184 - - [10/Jan/2025:01:33:09 +0100] "GET /ticket2/opencms/mo/buy/?edid=462C13B4-D520-FF5C-33C4-1D131FBF3162 HTTP/1.1" 200 92395
194.230.148.217 - - [10/Jan/2025:01:33:11 +0100] "GET /ticket2/opencms/set_aff_cookie.jsp?partner=53673ED6-1455-FA54-818F-B1F67121E37C&url=/it/buy/index.html%3Fpage%3D1%26edid%3D8CF7B327-CBF8-6902-00E4-357348B3DB32%26hlv%3D66d5fb93-42e4-4746-85aa-33460a01000f%23v1595102060 HTTP/1.1" 200 225
65.21.113.194 - - [10/Jan/2025:01:33:12 +0100] "GET /ticket2/opencms/sv/buy/?page=1&edid=FB9F4ED8-C630-5135-3D9B-F4FFAB39B4C4 HTTP/1.1" 200 114453
194.230.148.217 - - [10/Jan/2025:01:33:12 +0100] "GET /ticket2/opencms/it/buy/?page=1&edid=8CF7B327-CBF8-6902-00E4-357348B3DB32&hlv=66d5fb93-42e4-4746-85aa-33460a01000f HTTP/1.1" 200 130061
194.230.148.217 - - [10/Jan/2025:01:33:13 +0100] "GET /ticket2/opencms/system/modules/com.gridnine.opencms.ticketbrokerage.site/resources/js/calendar-setup.js HTTP/1.1" 200 4923
194.230.148.217 - - [10/Jan/2025:01:33:13 +0100] "GET /ticket2/opencms/system/modules/com.gridnine.opencms.ticketbrokerage.site/resources/css/ticketbrokerage.css HTTP/1.1" 200 39339
194.230.148.217 - - [10/Jan/2025:01:33:13 +0100] "GET /ticket2/opencms/system/modules/com.gridnine.opencms.ticketbrokerage.site/resources/css/standard.css HTTP/1.1" 200 73081
194.230.148.217 - - [10/Jan/2025:01:33:13 +0100] "GET /ticket2/opencms/system/modules/com.gridnine.opencms.ticketbrokerage.site/resources/js/calendar.js HTTP/1.1" 200 49229
194.230.148.217 - - [10/Jan/2025:01:33:13 +0100] "GET /ticket2/opencms/system/modules/com.gridnine.opencms.ticketbrokerage.site/resources/css/calendar.css HTTP/1.1" 200 6871
194.230.148.217 - - [10/Jan/2025:01:33:13 +0100] "GET /ticket2/opencms/system/modules/com.gridnine.opencms.ticketbrokerage.site/resources/js/calendar-en.js HTTP/1.1" 200 3338
