193.70.81.110 - - [10/Jan/2025:02:02:29 +0100] "GET /ticket2/opencms/ka/buy/?page=1&edid=D8011C50-93A6-4225-F35F-417FEFE3121C HTTP/1.1" 200 115626
65.21.232.254 - - [10/Jan/2025:02:02:30 +0100] "GET /ticket2/opencms/en/buy/?page=1&edid=462C13B4-D520-FF5C-33C4-1D131FBF3162 HTTP/1.1" 200 111174
193.70.81.110 - - [10/Jan/2025:02:02:31 +0100] "GET /ticket2/opencms/ka/buy/?page=1&edid=D80510A1-AB6B-073C-B548-208C3C93C317 HTTP/1.1" 200 119255
65.21.232.254 - - [10/Jan/2025:02:02:32 +0100] "GET /ticket2/opencms/en/buy/?page=1&edid=47C0370F-9915-7673-E038-7AD65907592C HTTP/1.1" 200 133931
65.21.113.194 - - [10/Jan/2025:02:02:32 +0100] "GET /ticket2/opencms/tr/buy/?page=1&edid=6C967880-E08B-3121-25D0-F145A5542A49 HTTP/1.1" 200 128717
193.70.81.110 - - [10/Jan/2025:02:02:34 +0100] "GET /ticket2/opencms/ka/buy/?page=1&edid=D814CF62-738F-086E-5F89-CA83500DBA7B HTTP/1.1" 200 125315
65.21.232.254 - - [10/Jan/2025:02:02:34 +0100] "GET /ticket2/opencms/en/buy/?page=1&edid=4800554E-FCD8-CA52-DDBF-1B3255DB288E HTTP/1.1" 200 111428
47.128.34.15 - - [10/Jan/2025:02:02:34 +0100] "GET /ticket2/opencms/it/magazine/article?title=la-liga-real-madrid-ha-vinto-piu-titoli HTTP/1.1" 200 94416
193.70.81.110 - - [10/Jan/2025:02:02:36 +0100] "GET /ticket2/opencms/ka/buy/?page=1&edid=D82A55E9-700E-0A50-F575-755C8E3E7147 HTTP/1.1" 200 118292
65.21.232.254 - - [10/Jan/2025:02:02:36 +0100] "GET /ticket2/opencms/en/buy/?page=1&edid=486EB1CD-95BE-ED77-9E64-4E49BB28C6F8 HTTP/1.1" 200 110212
65.21.232.254 - - [10/Jan/2025:02:02:38 +0100] "GET /ticket2/opencms/en/buy/?page=1&edid=4A8989F3-1686-5872-E1B8-5372AB312373 HTTP/1.1" 200 111871
193.70.81.110 - - [10/Jan/2025:02:02:38 +0100] "GET /ticket2/opencms/ka/buy/?page=1&edid=D851167B-5139-D2C3-4973-777C1648A7C8 HTTP/1.1" 200 119194
65.21.113.194 - - [10/Jan/2025:02:02:38 +0100] "GET /ticket2/opencms/tr/buy/?page=1&edid=719E6B6D-707F-E825-E3AA-0E552980E1EB HTTP/1.1" 200 125727
65.21.232.254 - - [10/Jan/2025:02:02:40 +0100] "GET /ticket2/opencms/en/buy/?page=1&edid=4CDBC715-BC6C-15EB-10EF-16147FA80F71 HTTP/1.1" 200 118000
193.70.81.110 - - [10/Jan/2025:02:02:41 +0100] "GET /ticket2/opencms/ka/buy/?page=1&edid=D8A9B55B-90B1-065C-5A4F-22204AB6F0EC HTTP/1.1" 200 117043
65.21.232.254 - - [10/Jan/2025:02:02:42 +0100] "GET /ticket2/opencms/en/buy/?page=1&edid=4EFD7CD3-3CCD-738E-DDE8-5250B4FC1DE6 HTTP/1.1" 200 111434
65.21.113.194 - - [10/Jan/2025:02:02:42 +0100] "GET /ticket2/opencms/robots.txt HTTP/1.1" 200 773
65.21.113.194 - - [10/Jan/2025:02:02:42 +0100] "GET /ticket2/opencms/tr/buy/?page=1&edid=71A5516F-6BB3-FB63-461B-A9493E3B32DA HTTP/1.1" 200 125557
193.70.81.110 - - [10/Jan/2025:02:02:43 +0100] "GET /ticket2/opencms/ka/buy/?page=1&edid=D90F2F2C-0185-1952-C0BA-E46B3AE532D5 HTTP/1.1" 200 118601
65.21.232.254 - - [10/Jan/2025:02:02:43 +0100] "GET /ticket2/opencms/en/buy/?page=1&edid=5066B61F-02EE-32E6-4312-320F42EFA97E HTTP/1.1" 200 111381
65.21.232.254 - - [10/Jan/2025:02:02:45 +0100] "GET /ticket2/opencms/en/buy/?page=1&edid=51B4567B-19F2-A242-D969-4CD8EDBD80C5 HTTP/1.1" 200 117459
193.70.81.110 - - [10/Jan/2025:02:02:46 +0100] "GET /ticket2/opencms/ka/buy/?page=1&edid=D9483F7A-81C2-71D7-77DF-D2197B102901 HTTP/1.1" 200 115333
65.21.232.254 - - [10/Jan/2025:02:02:47 +0100] "GET /ticket2/opencms/en/buy/?page=1&edid=525D0FCC-BA7F-4819-E364-A743609D8A75 HTTP/1.1" 200 111308
66.249.76.44 - - [10/Jan/2025:02:02:47 +0100] "GET /ticket2/opencms/robots.txt HTTP/1.1" 200 773
66.249.64.110 - - [10/Jan/2025:02:02:48 +0100] "GET /ticket2/opencms/sl/buy/?page=1&edid=72A75E6D-B3C3-ED2C-0014-AD12C76904B2 HTTP/1.1" 200 109726
65.21.232.254 - - [10/Jan/2025:02:02:49 +0100] "GET /ticket2/opencms/en/buy/?page=1&edid=54477DFC-A823-7169-8BE6-7FEB2AAE61EA HTTP/1.1" 200 111899
193.70.81.110 - - [10/Jan/2025:02:02:49 +0100] "GET /ticket2/opencms/ka/buy/?page=1&edid=D96122AD-C3AA-80F5-DDA8-935E03AE952D HTTP/1.1" 200 142569
65.21.232.254 - - [10/Jan/2025:02:02:51 +0100] "GET /ticket2/opencms/en/buy/?page=1&edid=582C4192-AED1-C43A-6B53-0F2BB3B8E830 HTTP/1.1" 200 108015
193.70.81.110 - - [10/Jan/2025:02:02:52 +0100] "GET /ticket2/opencms/ka/buy/?page=1&edid=D99ADA8F-DD19-1ED8-19FA-1322A123D964 HTTP/1.1" 200 115440
65.21.232.254 - - [10/Jan/2025:02:02:52 +0100] "GET /ticket2/opencms/en/buy/?page=1&edid=5841328A-911D-5943-EBD4-7800C7848F54 HTTP/1.1" 200 111198
193.70.81.110 - - [10/Jan/2025:02:02:54 +0100] "GET /ticket2/opencms/ka/buy/?page=1&edid=DA6CC5BF-D136-7366-202C-2FA8DA7045EB HTTP/1.1" 200 115468
65.21.232.254 - - [10/Jan/2025:02:02:54 +0100] "GET /ticket2/opencms/en/buy/?page=1&edid=5D4ED722-E7EE-750F-EB84-B354A599964F HTTP/1.1" 200 117207
65.21.113.194 - - [10/Jan/2025:02:02:54 +0100] "GET /ticket2/opencms/tr/buy/?page=1&edid=73ADC408-1051-3D3B-0D53-5DA8E608120E HTTP/1.1" 200 136603
65.21.232.254 - - [10/Jan/2025:02:02:56 +0100] "GET /ticket2/opencms/en/buy/?page=1&edid=5DA3AEB7-05B3-5C75-7735-219D0A706090 HTTP/1.1" 200 117393
193.70.81.110 - - [10/Jan/2025:02:02:57 +0100] "GET /ticket2/opencms/ka/buy/?page=1&edid=DA983286-A535-726A-C0DF-C6AC98A1A255 HTTP/1.1" 200 119215
65.21.232.254 - - [10/Jan/2025:02:02:58 +0100] "GET /ticket2/opencms/en/buy/?page=1&edid=627DD27E-C54C-E728-A0EA-5E098C44319A HTTP/1.1" 200 121113
193.70.81.110 - - [10/Jan/2025:02:02:59 +0100] "GET /ticket2/opencms/ka/buy/?page=1&edid=DAA8035A-6393-A965-2F25-D7CF65416E07 HTTP/1.1" 200 115324
65.21.232.254 - - [10/Jan/2025:02:03:00 +0100] "GET /ticket2/opencms/en/buy/?page=1&edid=64A60FC5-9144-9005-5A1D-3785642C58BF HTTP/1.1" 200 111920
193.70.81.110 - - [10/Jan/2025:02:03:01 +0100] "GET /ticket2/opencms/ka/buy/?page=1&edid=E0DA4C4E-70A8-AB6F-171E-3FF387E35F29 HTTP/1.1" 200 119180
65.21.232.254 - - [10/Jan/2025:02:03:02 +0100] "GET /ticket2/opencms/en/buy/?page=1&edid=6713F743-CFE1-C987-288D-AC8AB79C37B8 HTTP/1.1" 200 117251
47.128.35.48 - - [10/Jan/2025:02:03:02 +0100] "GET /ticket2/opencms/it/ HTTP/1.1" 200 100690
54.36.148.175 - - [10/Jan/2025:02:03:03 +0100] "GET /ticket2/opencms/sl/buy?page=1&edid=E8C34E6F-F034-0C2A-D437-ABD4D0BC81CD HTTP/1.1" 200 112968
65.21.232.254 - - [10/Jan/2025:02:03:04 +0100] "GET /ticket2/opencms/en/buy/?page=1&edid=680428DE-8DF5-D7C6-9B59-B64E328605BF HTTP/1.1" 200 111915
193.70.81.110 - - [10/Jan/2025:02:03:04 +0100] "GET /ticket2/opencms/ka/buy/?page=1&edid=F057D3FD-1A5A-352D-1941-A98E52C4BA86 HTTP/1.1" 200 118921
202.8.43.107 - - [10/Jan/2025:02:03:04 +0100] "GET /ticket2/opencms/system/modules/com.gridnine.opencms.ticketbrokerage.site/resources/css/jquery-ui.css HTTP/1.1" 200 33221
202.8.43.107 - - [10/Jan/2025:02:03:04 +0100] "GET /ticket2/opencms/system/modules/com.gridnine.opencms.ticketbrokerage.site/resources/css/calendar.css HTTP/1.1" 200 6871
202.8.43.107 - - [10/Jan/2025:02:03:04 +0100] "GET /ticket2/opencms/system/modules/com.gridnine.opencms.ticketbrokerage.site/resources/css/ticketbrokerage.css HTTP/1.1" 200 39339
202.8.43.107 - - [10/Jan/2025:02:03:04 +0100] "GET /ticket2/opencms/system/modules/com.gridnine.opencms.ticketbrokerage.site/resources/css/standard.css HTTP/1.1" 200 73081
202.8.43.107 - - [10/Jan/2025:02:03:04 +0100] "GET /ticket2/opencms/system/modules/com.gridnine.opencms.ticketbrokerage.site/resources/css/jquery.fancybox.css HTTP/1.1" 200 4939
202.8.43.107 - - [10/Jan/2025:02:03:04 +0100] "GET /ticket2/opencms/system/modules/com.gridnine.opencms.ticketbrokerage.site/resources/js/jquery.fancybox.pack.js HTTP/1.1" 200 23187
202.8.43.107 - - [10/Jan/2025:02:03:04 +0100] "GET /ticket2/opencms/system/modules/com.gridnine.opencms.ticketbrokerage.site/resources/js/stickyfill.min.js HTTP/1.1" 200 5672
202.8.43.107 - - [10/Jan/2025:02:03:04 +0100] "GET /ticket2/opencms/system/modules/com.gridnine.opencms.ticketbrokerage.site/resources/js/calendar-en.js HTTP/1.1" 200 3338
202.8.43.107 - - [10/Jan/2025:02:03:05 +0100] "GET /ticket2/opencms/system/modules/com.gridnine.opencms.ticketbrokerage.site/resources/js/calendar.js HTTP/1.1" 200 49229
202.8.43.107 - - [10/Jan/2025:02:03:05 +0100] "GET /ticket2/opencms/system/modules/com.gridnine.opencms.ticketbrokerage.site/resources/js/functions.js HTTP/1.1" 200 1583
202.8.43.107 - - [10/Jan/2025:02:03:05 +0100] "GET /ticket2/opencms/system/modules/com.gridnine.opencms.ticketbrokerage.site/resources/js/jquery/jquery-ui.js HTTP/1.1" 200 228088
202.8.43.107 - - [10/Jan/2025:02:03:05 +0100] "GET /ticket2/opencms/system/modules/com.gridnine.opencms.ticketbrokerage.site/resources/js/jquery/jquery.js HTTP/1.1" 200 93868
202.8.43.107 - - [10/Jan/2025:02:03:05 +0100] "GET /ticket2/opencms/system/modules/com.gridnine.opencms.ticketbrokerage.site/resources/js/calendar-setup.js HTTP/1.1" 200 4923
202.8.43.107 - - [10/Jan/2025:02:03:05 +0100] "GET /ticket2/opencms/system/modules/com.gridnine.opencms.ticketbrokerage.site/resources/js/standard.js HTTP/1.1" 200 3978
202.8.43.107 - - [10/Jan/2025:02:03:05 +0100] "GET /ticket2/opencms/system/modules/com.gridnine.opencms.ticketbrokerage.site/resources/js/jquery.placeholder.min.js HTTP/1.1" 200 1737
202.8.43.107 - - [10/Jan/2025:02:03:05 +0100] "GET /ticket2/opencms/system/modules/com.gridnine.opencms.ticketbrokerage.site/resources/js/common-ajax.js HTTP/1.1" 200 20175
52.167.144.194 - - [10/Jan/2025:02:03:05 +0100] "GET /ticket2/opencms/mo/buy?page=1&edid=DBD5B340-93B7-5294-7C36-56A47B904277 HTTP/1.1" 200 109795
202.8.43.107 - - [10/Jan/2025:02:03:05 +0100] "GET /ticket2/opencms/sl/ask-form.html HTTP/1.1" 200 3156
202.8.43.107 - - [10/Jan/2025:02:03:05 +0100] "GET /ticket2/opencms/system/modules/com.gridnine.opencms.ticketbrokerage.site/resources/css/ticketbrokerage.css HTTP/1.1" 200 39339
65.21.232.254 - - [10/Jan/2025:02:03:06 +0100] "GET /ticket2/opencms/en/buy/?page=1&edid=6900F69D-285C-3BF9-3103-7DA1DE82E367 HTTP/1.1" 200 121159
193.70.81.110 - - [10/Jan/2025:02:03:06 +0100] "GET /ticket2/opencms/ka/buy/?page=1&edid=F069D68B-E4A8-725C-97EC-77766FEFBA80 HTTP/1.1" 200 115452
65.21.113.194 - - [10/Jan/2025:02:03:06 +0100] "GET /ticket2/opencms/tr/buy/?page=1&edid=750C6040-29F7-425D-A24F-51B977F415A3 HTTP/1.1" 200 137603
65.21.232.254 - - [10/Jan/2025:02:03:08 +0100] "GET /ticket2/opencms/en/buy/?page=1&edid=696D5B95-E686-DB57-A55C-2EEBDCC864DE HTTP/1.1" 200 111008
193.70.81.110 - - [10/Jan/2025:02:03:08 +0100] "GET /ticket2/opencms/ka/buy/?page=1&edid=F08C0FE4-B194-24A9-4957-1E151EDAC340 HTTP/1.1" 200 115456
65.21.232.254 - - [10/Jan/2025:02:03:10 +0100] "GET /ticket2/opencms/en/buy/?page=1&edid=697BE447-74B7-A748-152F-A1818DA4BEC9 HTTP/1.1" 200 134488
193.70.81.110 - - [10/Jan/2025:02:03:11 +0100] "GET /ticket2/opencms/ka/buy/?page=1&edid=F096D1AD-EE12-C298-2137-D6BD382A6C8C HTTP/1.1" 200 143792
65.21.232.254 - - [10/Jan/2025:02:03:12 +0100] "GET /ticket2/opencms/en/buy/?page=1&edid=750C6040-29F7-425D-A24F-51B977F415A3 HTTP/1.1" 200 135285
185.191.171.19 - - [10/Jan/2025:02:03:13 +0100] "GET /ticket2/opencms/fi/magazine/article?title=chelsea-fanit-reagoivat-turhautuneena HTTP/1.1" 200 92899
65.21.232.254 - - [10/Jan/2025:02:03:14 +0100] "GET /ticket2/opencms/en/buy/?page=1&edid=76AC12AC-4686-41BA-93AB-CDA5668851B1 HTTP/1.1" 200 117422
65.21.232.254 - - [10/Jan/2025:02:03:16 +0100] "GET /ticket2/opencms/en/buy/?page=1&edid=76EAECA7-64F4-2580-38CA-B14BCC95A1C5 HTTP/1.1" 200 117228
40.77.167.121 - - [10/Jan/2025:02:03:17 +0100] "GET /ticket2/opencms/no/sport/fotballsbilletter/la_liga/sevilla/ HTTP/1.1" 200 93287
65.21.113.194 - - [10/Jan/2025:02:03:18 +0100] "GET /ticket2/opencms/tr/buy/?page=1&edid=7568E602-7C67-35D2-952F-D243F8930169 HTTP/1.1" 200 136609
65.21.232.254 - - [10/Jan/2025:02:03:18 +0100] "GET /ticket2/opencms/en/buy/?page=1&edid=79B5950A-8F2F-84F8-FCAC-0BA8722B353B HTTP/1.1" 200 117972
65.21.232.254 - - [10/Jan/2025:02:03:20 +0100] "GET /ticket2/opencms/en/buy/?page=1&edid=81800969-8323-7DD5-2FF1-1DA61540AE9E HTTP/1.1" 200 107964
185.191.171.19 - - [10/Jan/2025:02:03:22 +0100] "GET /ticket2/opencms/lt/sport/futbolo-bilietai/champions-league/manchester-city HTTP/1.1" 200 96837
65.21.232.254 - - [10/Jan/2025:02:03:22 +0100] "GET /ticket2/opencms/en/buy/?page=1&edid=81ED6DDC-8A95-C021-CA9A-A72788EB9E3B HTTP/1.1" 200 111379
207.46.13.87 - - [10/Jan/2025:02:03:22 +0100] "GET /ticket2/opencms/ro/buy?page=1&edid=F802385F-04E1-0D34-0575-FF8B6B848750 HTTP/1.1" 200 113166
65.21.232.254 - - [10/Jan/2025:02:03:23 +0100] "GET /ticket2/opencms/en/buy/?page=1&edid=87A2FE39-F475-6FCD-8F85-64E23F35FA22 HTTP/1.1" 200 111946
65.21.232.254 - - [10/Jan/2025:02:03:25 +0100] "GET /ticket2/opencms/en/buy/?page=1&edid=88425711-85E0-F060-738C-F8CF4B007BB9 HTTP/1.1" 200 111446
85.208.96.199 - - [10/Jan/2025:02:03:27 +0100] "GET /ticket2/opencms/fi/search.html?searchQuery=carolina%2Bhurricanes&submit.x=0&submit.y=0 HTTP/1.1" 200 98049
65.21.113.194 - - [10/Jan/2025:02:03:27 +0100] "GET /ticket2/opencms/tr/buy/?page=1&edid=7D35F583-5000-190C-B2DC-8632905AF321 HTTP/1.1" 200 128734
65.21.232.254 - - [10/Jan/2025:02:03:27 +0100] "GET /ticket2/opencms/en/buy/?page=1&edid=8A676299-B54E-C301-442A-823ABEA189C5 HTTP/1.1" 200 117478
65.21.232.254 - - [10/Jan/2025:02:03:29 +0100] "GET /ticket2/opencms/en/buy/?page=1&edid=8A787324-CD72-C476-64CB-87071CD71C2F HTTP/1.1" 200 134308
20.169.171.118 - - [10/Jan/2025:02:03:29 +0100] "GET /ticket2/opencms/venue/West_Ham_original.png HTTP/1.1" 200 51057
20.169.171.118 - - [10/Jan/2025:02:03:30 +0100] "GET /ticket2/opencms/system/modules/com.gridnine.opencms.ticketbrokerage.site/resources/pics/bank_3_swedbank.png HTTP/1.1" 200 5740
65.21.232.254 - - [10/Jan/2025:02:03:31 +0100] "GET /ticket2/opencms/en/buy/?page=1&edid=8A915ADF-75E4-0EA8-F2E1-13EED016F0C7 HTTP/1.1" 200 117499
65.21.113.194 - - [10/Jan/2025:02:03:31 +0100] "GET /ticket2/opencms/tr/buy/?page=1&edid=7F2B1FEA-20FE-7448-32AC-111154CA401B HTTP/1.1" 200 137752
65.21.232.254 - - [10/Jan/2025:02:03:33 +0100] "GET /ticket2/opencms/en/buy/?page=1&edid=8B2EF130-37EC-A547-CC41-754692687217 HTTP/1.1" 200 111930
65.21.232.254 - - [10/Jan/2025:02:03:35 +0100] "GET /ticket2/opencms/en/buy/?page=1&edid=8C15C2A6-6F0D-F124-996B-0D6AF34B41CB HTTP/1.1" 200 107988
65.21.113.194 - - [10/Jan/2025:02:03:36 +0100] "GET /ticket2/opencms/tr/buy/?page=1&edid=7F8DD7AE-C02D-DBD7-A437-1943525E7DF2 HTTP/1.1" 200 136608
65.21.232.254 - - [10/Jan/2025:02:03:37 +0100] "GET /ticket2/opencms/en/buy/?page=1&edid=8E087689-30A7-E7AD-9853-CFBC4F6216DD HTTP/1.1" 200 133538
114.119.129.189 - - [10/Jan/2025:02:03:37 +0100] "GET /ticket2/opencms/en/venue/?countryid=160EC1E3-9CD9-D675-7FCF-474C7815EC7B HTTP/1.1" 200 125505
47.128.58.34 - - [10/Jan/2025:02:03:40 +0100] "GET /ticket2/opencms/fi/venue/?venueid=C31E5819-00A1-AFA0-208F-0A3EF9D0F0D5 HTTP/1.1" 200 86583
65.21.113.194 - - [10/Jan/2025:02:03:42 +0100] "GET /ticket2/opencms/tr/buy/?page=1&edid=8085E80D-BC8F-CDCF-7CC8-2F497FE082D3 HTTP/1.1" 200 137770
48.216.196.145 - - [01/Jan/1970:00:59:59 +0100] "-" 400 -
65.21.113.194 - - [10/Jan/2025:02:03:46 +0100] "GET /ticket2/opencms/tr/buy/?page=1&edid=81CABF18-BA6D-C79B-B74D-94D66EB07C86 HTTP/1.1" 200 136409
65.21.113.194 - - [10/Jan/2025:02:03:51 +0100] "GET /ticket2/opencms/tr/buy/?page=1&edid=85FEE197-56BE-9C34-A3B3-D08AF509D2AB HTTP/1.1" 200 136145
47.128.127.53 - - [10/Jan/2025:02:03:56 +0100] "GET /ticket2/opencms/sq/buy/?edid=2C2E9185-38A8-EBBD-403B-609372D69EE0 HTTP/1.1" 200 92647
65.21.113.194 - - [10/Jan/2025:02:03:56 +0100] "GET /ticket2/opencms/tr/buy/?page=1&edid=86A7D428-8E42-C0D0-846E-90C83426D4AE HTTP/1.1" 200 125382
185.191.171.16 - - [10/Jan/2025:02:03:59 +0100] "GET /ticket2/opencms/fi/urheilu/jalkapallo/bundesliga/ HTTP/1.1" 200 101815
65.21.113.194 - - [10/Jan/2025:02:04:01 +0100] "GET /ticket2/opencms/tr/buy/?page=1&edid=8A787324-CD72-C476-64CB-87071CD71C2F HTTP/1.1" 200 136347
85.208.96.209 - - [10/Jan/2025:02:04:01 +0100] "GET /ticket2/opencms/fi/magazine/article?title=newcastle HTTP/1.1" 200 90802
65.21.113.194 - - [10/Jan/2025:02:04:08 +0100] "GET /ticket2/opencms/tr/buy/?page=1&edid=8D58C9DD-E967-B351-A76A-68EF419B5A93 HTTP/1.1" 200 131484
85.208.96.194 - - [10/Jan/2025:02:04:08 +0100] "GET /ticket2/opencms/fi/magazine/article?title=newcastle-upon-tyne HTTP/1.1" 200 92572
20.169.171.118 - - [10/Jan/2025:02:04:09 +0100] "GET /ticket2/opencms/system/modules/com.gridnine.opencms.ticketbrokerage.site/resources/pics/banners/sv/concert_sv.png HTTP/1.1" 200 10077
217.182.175.120 - - [10/Jan/2025:02:04:12 +0100] "GET /ticket2/opencms/no/buy/?page=1&edid=9FB7859D-DDE8-10E7-3804-37A1874573F9 HTTP/1.1" 200 111418
65.21.113.194 - - [10/Jan/2025:02:04:15 +0100] "GET /ticket2/opencms/tr/buy/?page=1&edid=8D916C6C-0A69-41F7-4678-427710F013C6 HTTP/1.1" 200 139255
217.182.175.120 - - [10/Jan/2025:02:04:15 +0100] "GET /ticket2/opencms/no/buy/?page=1&edid=9FFDAC01-B0FC-4CC8-75F3-62FF03E006BC HTTP/1.1" 200 112099
185.191.171.9 - - [10/Jan/2025:02:04:15 +0100] "GET /ticket2/opencms/hr/faq HTTP/1.1" 200 89875
217.182.175.120 - - [10/Jan/2025:02:04:20 +0100] "GET /ticket2/opencms/no/buy/?page=1&edid=A009B866-7BEE-4963-BBDC-2C8442B36819 HTTP/1.1" 200 111883
157.55.39.193 - - [10/Jan/2025:02:04:21 +0100] "GET /ticket2/opencms/mo/magazine/article?title=jurgen-kloppliverpool-anfield HTTP/1.1" 200 95931
114.119.157.43 - - [10/Jan/2025:02:04:22 +0100] "GET /ticket2/opencms/cs/buy?page=1&=79B5950A-8F2F-84F8-FCAC-0BA8722B353B HTTP/1.1" 200 6507
217.182.175.120 - - [10/Jan/2025:02:04:23 +0100] "GET /ticket2/opencms/no/buy/?page=1&edid=A01C5367-36A0-1D6C-DF3C-6C0AF2FF4AC1 HTTP/1.1" 200 112497
65.21.113.194 - - [10/Jan/2025:02:04:26 +0100] "GET /ticket2/opencms/tr/buy/?page=1&edid=8E8E9404-172C-6C57-7F68-EAFC3F95D1AC HTTP/1.1" 200 137681
217.182.175.120 - - [10/Jan/2025:02:04:27 +0100] "GET /ticket2/opencms/no/buy/?page=1&edid=A020F676-2C0B-0D31-6DCA-C1C1F2BD9ACC HTTP/1.1" 200 112952
217.182.175.120 - - [10/Jan/2025:02:04:31 +0100] "GET /ticket2/opencms/no/buy/?page=1&edid=A020F676-2C0B-0D31-6DCA-C1C1F2BD9ACC&sortorder=desc&column=section HTTP/1.1" 200 115104
65.21.113.194 - - [10/Jan/2025:02:04:33 +0100] "GET /ticket2/opencms/tr/buy/?page=1&edid=8EDDEFFC-C774-BA86-C4CF-809A20DBCDCB HTTP/1.1" 200 123369
217.182.175.120 - - [10/Jan/2025:02:04:35 +0100] "GET /ticket2/opencms/no/buy/?page=1&edid=A036D254-48CA-326A-6976-9EF3C3BCC6BC HTTP/1.1" 200 112887
65.21.113.194 - - [10/Jan/2025:02:04:37 +0100] "GET /ticket2/opencms/tr/buy/?page=1&edid=8EF7EC9D-9BC8-1DEC-C27C-0541D5C5F471 HTTP/1.1" 200 128605
217.182.175.120 - - [10/Jan/2025:02:04:40 +0100] "GET /ticket2/opencms/no/buy/?page=1&edid=A03EAA2C-2EFF-45A8-B381-DF86A299AA05 HTTP/1.1" 200 111868
65.21.113.194 - - [10/Jan/2025:02:04:42 +0100] "GET /ticket2/opencms/tr/buy/?page=1&edid=8F340A1C-D664-7FDD-8257-FE31525DAB7C HTTP/1.1" 200 137621
217.182.175.120 - - [10/Jan/2025:02:04:44 +0100] "GET /ticket2/opencms/no/buy/?page=1&edid=A03EAA2C-2EFF-45A8-B381-DF86A299AA05&sortorder=asc&column=section HTTP/1.1" 200 113761
65.21.113.194 - - [10/Jan/2025:02:04:47 +0100] "GET /ticket2/opencms/robots.txt HTTP/1.1" 200 773
65.21.113.194 - - [10/Jan/2025:02:04:48 +0100] "GET /ticket2/opencms/tr/buy/?page=1&edid=9905BE36-3483-E35C-D446-E28B848EF37B HTTP/1.1" 200 123160
217.182.175.120 - - [10/Jan/2025:02:04:49 +0100] "GET /ticket2/opencms/no/buy/?page=1&edid=A04A8B2E-0BE0-48FB-BBE8-7FD01334D08A HTTP/1.1" 200 112840
185.191.171.13 - - [10/Jan/2025:02:04:53 +0100] "GET /ticket2/opencms/sv/konsertbiljetter/madonna/ HTTP/1.1" 200 88245
217.182.175.120 - - [10/Jan/2025:02:04:53 +0100] "GET /ticket2/opencms/no/buy/?page=1&edid=A04A8B2E-0BE0-48FB-BBE8-7FD01334D08A&sortorder=asc&column=section HTTP/1.1" 200 114932
20.169.171.118 - - [10/Jan/2025:02:04:54 +0100] "GET /ticket2/opencms/system/modules/com.gridnine.opencms.ticketbrokerage.site/resources/pics/content/sell_tickets_sv.png HTTP/1.1" 200 17797
65.21.113.194 - - [10/Jan/2025:02:04:54 +0100] "GET /ticket2/opencms/tr/buy/?page=1&edid=99C77A16-8AF9-4675-97DE-42A41C4ECB4F HTTP/1.1" 200 132157
217.182.175.120 - - [10/Jan/2025:02:04:57 +0100] "GET /ticket2/opencms/no/buy/?page=1&edid=A04A8B2E-0BE0-48FB-BBE8-7FD01334D08A&sortorder=desc&column=section HTTP/1.1" 200 114999
66.249.64.98 - - [10/Jan/2025:02:05:00 +0100] "GET /ticket2/opencms/hr/ask-form.html HTTP/1.1" 200 3156
65.21.113.194 - - [10/Jan/2025:02:05:00 +0100] "GET /ticket2/opencms/tr/buy/?page=1&edid=99D270B3-917E-FD4A-2998-A2CE577033E4 HTTP/1.1" 200 112564
217.182.175.120 - - [10/Jan/2025:02:05:01 +0100] "GET /ticket2/opencms/no/buy/?page=1&edid=A098D6B2-660B-4A91-CD88-E211CF0A7F9F HTTP/1.1" 200 109246
217.182.175.120 - - [10/Jan/2025:02:05:07 +0100] "GET /ticket2/opencms/no/buy/?page=1&edid=A0E1E3C5-926E-8F6B-8EB6-E38355A23A9B HTTP/1.1" 200 112378
65.21.113.194 - - [10/Jan/2025:02:05:11 +0100] "GET /ticket2/opencms/tr/buy/?page=1&edid=9A56F165-F35D-9973-F50A-5FE9863E2B16 HTTP/1.1" 200 112576
217.182.175.120 - - [10/Jan/2025:02:05:12 +0100] "GET /ticket2/opencms/no/buy/?page=1&edid=A0E1E3C5-926E-8F6B-8EB6-E38355A23A9B&sortorder=asc&column=price HTTP/1.1" 200 114326
85.208.96.199 - - [10/Jan/2025:02:05:16 +0100] "GET /ticket2/opencms/de/about/contact/ HTTP/1.1" 200 88696
85.208.96.195 - - [10/Jan/2025:02:05:17 +0100] "GET /ticket2/opencms/is HTTP/1.1" 200 100344
40.77.167.121 - - [10/Jan/2025:02:05:17 +0100] "GET /ticket2/opencms/de/buy/?page=1&edid=BA65675B-ADB5-F482-B91D-06897B158EA1 HTTP/1.1" 200 111388
47.128.110.211 - - [10/Jan/2025:02:05:18 +0100] "GET /ticket2/opencms/sq/?catid=26594C33-56CE-F529-FAF3-61AB33F74A3B&comcatid=0A6B8208-FDA4-E929-9D72-5312FD481B76 HTTP/1.1" 200 100932
217.182.175.120 - - [10/Jan/2025:02:05:18 +0100] "GET /ticket2/opencms/no/buy/?page=1&edid=A0E1E3C5-926E-8F6B-8EB6-E38355A23A9B&sortorder=asc&column=section HTTP/1.1" 200 114504
54.36.149.64 - - [10/Jan/2025:02:05:18 +0100] "GET /ticket2/opencms/dk/buy?page=1&edid=ABE0D196-5A84-0064-2AAA-8BE846913E3B HTTP/1.1" 200 135033
47.128.38.123 - - [10/Jan/2025:02:05:19 +0100] "GET /ticket2/opencms/hr/buy/?edid=B63A2D15-1363-3F7D-6FAD-9E0AE65FC077 HTTP/1.1" 200 92560
202.8.40.111 - - [10/Jan/2025:02:05:20 +0100] "GET /ticket2/opencms/system/modules/com.gridnine.opencms.ticketbrokerage.site/resources/css/jquery.fancybox.css HTTP/1.1" 200 4939
202.8.40.111 - - [10/Jan/2025:02:05:20 +0100] "GET /ticket2/opencms/system/modules/com.gridnine.opencms.ticketbrokerage.site/resources/css/ticketbrokerage.css HTTP/1.1" 200 39339
202.8.40.111 - - [10/Jan/2025:02:05:20 +0100] "GET /ticket2/opencms/system/modules/com.gridnine.opencms.ticketbrokerage.site/resources/css/standard.css HTTP/1.1" 200 73081
202.8.40.111 - - [10/Jan/2025:02:05:20 +0100] "GET /ticket2/opencms/system/modules/com.gridnine.opencms.ticketbrokerage.site/resources/css/calendar.css HTTP/1.1" 200 6871
202.8.40.111 - - [10/Jan/2025:02:05:20 +0100] "GET /ticket2/opencms/system/modules/com.gridnine.opencms.ticketbrokerage.site/resources/css/jquery-ui.css HTTP/1.1" 200 33221
202.8.40.111 - - [10/Jan/2025:02:05:20 +0100] "GET /ticket2/opencms/system/modules/com.gridnine.opencms.ticketbrokerage.site/resources/js/jquery/jquery.js HTTP/1.1" 200 93868
202.8.40.111 - - [10/Jan/2025:02:05:20 +0100] "GET /ticket2/opencms/system/modules/com.gridnine.opencms.ticketbrokerage.site/resources/js/jquery/jquery-ui.js HTTP/1.1" 200 228088
202.8.40.111 - - [10/Jan/2025:02:05:20 +0100] "GET /ticket2/opencms/system/modules/com.gridnine.opencms.ticketbrokerage.site/resources/js/calendar.js HTTP/1.1" 200 49229
202.8.40.111 - - [10/Jan/2025:02:05:20 +0100] "GET /ticket2/opencms/system/modules/com.gridnine.opencms.ticketbrokerage.site/resources/js/calendar-en.js HTTP/1.1" 200 3338
202.8.40.111 - - [10/Jan/2025:02:05:20 +0100] "GET /ticket2/opencms/system/modules/com.gridnine.opencms.ticketbrokerage.site/resources/js/functions.js HTTP/1.1" 200 1583
202.8.40.111 - - [10/Jan/2025:02:05:21 +0100] "GET /ticket2/opencms/system/modules/com.gridnine.opencms.ticketbrokerage.site/resources/js/calendar-setup.js HTTP/1.1" 200 4923
202.8.40.111 - - [10/Jan/2025:02:05:21 +0100] "GET /ticket2/opencms/system/modules/com.gridnine.opencms.ticketbrokerage.site/resources/js/jquery.fancybox.pack.js HTTP/1.1" 200 23187
202.8.40.111 - - [10/Jan/2025:02:05:21 +0100] "GET /ticket2/opencms/system/modules/com.gridnine.opencms.ticketbrokerage.site/resources/js/stickyfill.min.js HTTP/1.1" 200 5672
202.8.40.111 - - [10/Jan/2025:02:05:21 +0100] "GET /ticket2/opencms/system/modules/com.gridnine.opencms.ticketbrokerage.site/resources/js/standard.js HTTP/1.1" 200 3978
202.8.40.111 - - [10/Jan/2025:02:05:21 +0100] "GET /ticket2/opencms/system/modules/com.gridnine.opencms.ticketbrokerage.site/resources/js/jquery.placeholder.min.js HTTP/1.1" 200 1737
202.8.40.111 - - [10/Jan/2025:02:05:21 +0100] "GET /ticket2/opencms/dk/ask-form.html HTTP/1.1" 200 2971
202.8.40.111 - - [10/Jan/2025:02:05:21 +0100] "GET /ticket2/opencms/system/modules/com.gridnine.opencms.ticketbrokerage.site/resources/js/common-ajax.js HTTP/1.1" 200 20175
202.8.40.111 - - [10/Jan/2025:02:05:21 +0100] "GET /ticket2/opencms/system/modules/com.gridnine.opencms.ticketbrokerage.site/resources/css/ticketbrokerage.css HTTP/1.1" 200 39339
65.21.113.194 - - [10/Jan/2025:02:05:23 +0100] "GET /ticket2/opencms/tr/buy/?page=1&edid=9AF29D4D-BF71-6182-1EBD-FF49E6DA3ECE HTTP/1.1" 200 112422
217.182.175.120 - - [10/Jan/2025:02:05:23 +0100] "GET /ticket2/opencms/no/buy/?page=1&edid=A0E1E3C5-926E-8F6B-8EB6-E38355A23A9B&sortorder=desc&column=price HTTP/1.1" 200 114312
185.191.171.1 - - [10/Jan/2025:02:05:25 +0100] "GET /ticket2/opencms/ka/magazine/article?title=niderlandebi-vs-anglia-semifinalshi HTTP/1.1" 200 97061
217.182.175.120 - - [10/Jan/2025:02:05:28 +0100] "GET /ticket2/opencms/no/buy/?page=1&edid=A0E1E3C5-926E-8F6B-8EB6-E38355A23A9B&sortorder=desc&column=section HTTP/1.1" 200 114523
217.182.175.120 - - [10/Jan/2025:02:05:33 +0100] "GET /ticket2/opencms/no/buy/?page=1&edid=A0F0676A-EA05-A680-79E6-77B8520AE457 HTTP/1.1" 200 111478
47.128.35.67 - - [10/Jan/2025:02:05:34 +0100] "GET /ticket2/opencms/de/ HTTP/1.1" 200 100393
65.21.113.194 - - [10/Jan/2025:02:05:35 +0100] "GET /ticket2/opencms/tr/buy/?page=1&edid=9CB65BAE-DCD8-2D95-397D-813CF31BA500 HTTP/1.1" 200 136519
85.208.96.193 - - [10/Jan/2025:02:05:35 +0100] "GET /ticket2/opencms/nl/magazine/article/ HTTP/1.1" 200 86817
217.182.175.120 - - [10/Jan/2025:02:05:39 +0100] "GET /ticket2/opencms/no/buy/?page=1&edid=A0F2CE57-C687-A8F6-EE0E-D013BC53E883 HTTP/1.1" 200 112390
65.21.113.194 - - [10/Jan/2025:02:05:40 +0100] "GET /ticket2/opencms/tr/buy/?page=1&edid=A2A4078E-C8E8-C113-199B-69C1FEB231B0 HTTP/1.1" 200 137129
66.249.89.66 - - [10/Jan/2025:02:05:41 +0100] "GET /ticket2/opencms/sv/sport/fotbollsbiljetter/premier_league/west_ham_united/ HTTP/1.1" 200 100813
217.182.175.120 - - [10/Jan/2025:02:05:43 +0100] "GET /ticket2/opencms/no/buy/?page=1&edid=A0F2CE57-C687-A8F6-EE0E-D013BC53E883&sortorder=desc&column=price HTTP/1.1" 200 114384
65.21.113.194 - - [10/Jan/2025:02:05:45 +0100] "GET /ticket2/opencms/tr/buy/?page=1&edid=A9140ADD-E008-579D-7865-3C1E6B6E78F6 HTTP/1.1" 200 112558
66.249.89.66 - - [10/Jan/2025:02:05:47 +0100] "GET /ticket2/opencms/system/modules/com.gridnine.opencms.ticketbrokerage.site/resources/css/ticketbrokerage.css HTTP/1.1" 200 39339
66.249.89.67 - - [10/Jan/2025:02:05:48 +0100] "GET /ticket2/opencms/system/modules/com.gridnine.opencms.ticketbrokerage.site/resources/css/jquery.fancybox.css HTTP/1.1" 200 4939
66.249.89.66 - - [10/Jan/2025:02:05:48 +0100] "GET /ticket2/opencms/system/modules/com.gridnine.opencms.ticketbrokerage.site/resources/js/calendar-setup.js HTTP/1.1" 200 4923
217.182.175.120 - - [10/Jan/2025:02:05:48 +0100] "GET /ticket2/opencms/no/buy/?page=1&edid=A0F2CE57-C687-A8F6-EE0E-D013BC53E883&sortorder=desc&column=row HTTP/1.1" 200 114243
66.249.89.67 - - [10/Jan/2025:02:05:48 +0100] "GET /ticket2/opencms/system/modules/com.gridnine.opencms.ticketbrokerage.site/resources/js/stickyfill.min.js HTTP/1.1" 200 5672
193.70.81.110 - - [10/Jan/2025:02:05:49 +0100] "GET /ticket2/opencms/ka/buy/?page=1&edid=F124BA86-A27C-2AAF-548B-4E7CAF608D73 HTTP/1.1" 200 115385
66.249.89.67 - - [10/Jan/2025:02:05:49 +0100] "GET /ticket2/opencms/system/modules/com.gridnine.opencms.ticketbrokerage.site/resources/css/calendar.css HTTP/1.1" 200 6871
66.249.89.66 - - [10/Jan/2025:02:05:50 +0100] "GET /ticket2/opencms/system/modules/com.gridnine.opencms.ticketbrokerage.site/resources/js/jquery.fancybox.pack.js HTTP/1.1" 200 23187
65.21.113.194 - - [10/Jan/2025:02:05:50 +0100] "GET /ticket2/opencms/tr/buy/?page=1&edid=B089B4B8-933D-AB70-BE65-2A133877E5AC HTTP/1.1" 200 137583
66.249.89.66 - - [10/Jan/2025:02:05:50 +0100] "GET /ticket2/opencms/system/modules/com.gridnine.opencms.ticketbrokerage.site/resources/css/jquery-ui.css HTTP/1.1" 200 33221
54.36.148.5 - - [10/Jan/2025:02:05:50 +0100] "GET /ticket2/opencms/hr/buy?page=1&edid=3AAD2194-7D27-1E14-1F37-DA3A90110F57 HTTP/1.1" 200 109690
66.249.89.67 - - [10/Jan/2025:02:05:51 +0100] "GET /ticket2/opencms/system/modules/com.gridnine.opencms.ticketbrokerage.site/resources/js/calendar-en.js HTTP/1.1" 200 3338
66.249.89.66 - - [10/Jan/2025:02:05:51 +0100] "GET /ticket2/opencms/system/modules/com.gridnine.opencms.ticketbrokerage.site/resources/js/jquery/jquery-ui.js HTTP/1.1" 200 228088
193.70.81.110 - - [10/Jan/2025:02:05:51 +0100] "GET /ticket2/opencms/ka/buy/?page=1&edid=F1463EBE-6C18-CF49-B2AE-F79868BCA4F5 HTTP/1.1" 200 149011
202.8.43.102 - - [10/Jan/2025:02:05:51 +0100] "GET /ticket2/opencms/system/modules/com.gridnine.opencms.ticketbrokerage.site/resources/css/jquery.fancybox.css HTTP/1.1" 200 4939
202.8.43.102 - - [10/Jan/2025:02:05:51 +0100] "GET /ticket2/opencms/system/modules/com.gridnine.opencms.ticketbrokerage.site/resources/css/ticketbrokerage.css HTTP/1.1" 200 39339
202.8.43.102 - - [10/Jan/2025:02:05:51 +0100] "GET /ticket2/opencms/system/modules/com.gridnine.opencms.ticketbrokerage.site/resources/css/standard.css HTTP/1.1" 200 73081
202.8.43.102 - - [10/Jan/2025:02:05:51 +0100] "GET /ticket2/opencms/system/modules/com.gridnine.opencms.ticketbrokerage.site/resources/js/jquery/jquery.js HTTP/1.1" 200 93868
202.8.43.102 - - [10/Jan/2025:02:05:51 +0100] "GET /ticket2/opencms/system/modules/com.gridnine.opencms.ticketbrokerage.site/resources/css/jquery-ui.css HTTP/1.1" 200 33221
202.8.43.102 - - [10/Jan/2025:02:05:51 +0100] "GET /ticket2/opencms/system/modules/com.gridnine.opencms.ticketbrokerage.site/resources/css/calendar.css HTTP/1.1" 200 6871
202.8.43.102 - - [10/Jan/2025:02:05:51 +0100] "GET /ticket2/opencms/system/modules/com.gridnine.opencms.ticketbrokerage.site/resources/js/functions.js HTTP/1.1" 200 1583
202.8.43.102 - - [10/Jan/2025:02:05:51 +0100] "GET /ticket2/opencms/system/modules/com.gridnine.opencms.ticketbrokerage.site/resources/js/jquery/jquery-ui.js HTTP/1.1" 200 228088
202.8.43.102 - - [10/Jan/2025:02:05:51 +0100] "GET /ticket2/opencms/system/modules/com.gridnine.opencms.ticketbrokerage.site/resources/js/calendar-en.js HTTP/1.1" 200 3338
202.8.43.102 - - [10/Jan/2025:02:05:51 +0100] "GET /ticket2/opencms/system/modules/com.gridnine.opencms.ticketbrokerage.site/resources/js/calendar-setup.js HTTP/1.1" 200 4923
202.8.43.102 - - [10/Jan/2025:02:05:51 +0100] "GET /ticket2/opencms/system/modules/com.gridnine.opencms.ticketbrokerage.site/resources/js/calendar.js HTTP/1.1" 200 49229
66.249.89.66 - - [10/Jan/2025:02:05:52 +0100] "GET /ticket2/opencms/system/modules/com.gridnine.opencms.ticketbrokerage.site/resources/js/jquery/jquery.js HTTP/1.1" 200 93868
202.8.43.102 - - [10/Jan/2025:02:05:52 +0100] "GET /ticket2/opencms/system/modules/com.gridnine.opencms.ticketbrokerage.site/resources/js/jquery.fancybox.pack.js HTTP/1.1" 200 23187
202.8.43.102 - - [10/Jan/2025:02:05:52 +0100] "GET /ticket2/opencms/system/modules/com.gridnine.opencms.ticketbrokerage.site/resources/js/stickyfill.min.js HTTP/1.1" 200 5672
202.8.43.102 - - [10/Jan/2025:02:05:52 +0100] "GET /ticket2/opencms/system/modules/com.gridnine.opencms.ticketbrokerage.site/resources/js/standard.js HTTP/1.1" 200 3978
202.8.43.102 - - [10/Jan/2025:02:05:52 +0100] "GET /ticket2/opencms/system/modules/com.gridnine.opencms.ticketbrokerage.site/resources/js/jquery.placeholder.min.js HTTP/1.1" 200 1737
202.8.43.102 - - [10/Jan/2025:02:05:52 +0100] "GET /ticket2/opencms/system/modules/com.gridnine.opencms.ticketbrokerage.site/resources/js/common-ajax.js HTTP/1.1" 200 20175
202.8.43.102 - - [10/Jan/2025:02:05:52 +0100] "GET /ticket2/opencms/hr/ask-form.html HTTP/1.1" 200 3156
202.8.43.102 - - [10/Jan/2025:02:05:52 +0100] "GET /ticket2/opencms/hr/ask-form.html HTTP/1.1" 200 3156
66.249.89.66 - - [10/Jan/2025:02:05:52 +0100] "GET /ticket2/opencms/system/modules/com.gridnine.opencms.ticketbrokerage.site/resources/js/calendar.js HTTP/1.1" 200 49229
202.8.43.102 - - [10/Jan/2025:02:05:52 +0100] "GET /ticket2/opencms/system/modules/com.gridnine.opencms.ticketbrokerage.site/resources/css/ticketbrokerage.css HTTP/1.1" 200 39339
202.8.43.102 - - [10/Jan/2025:02:05:52 +0100] "GET /ticket2/opencms/system/modules/com.gridnine.opencms.ticketbrokerage.site/resources/js/standard.js HTTP/1.1" 200 3978
66.249.89.66 - - [10/Jan/2025:02:05:52 +0100] "GET /ticket2/opencms/system/modules/com.gridnine.opencms.ticketbrokerage.site/resources/js/standard.js HTTP/1.1" 200 3978
66.249.89.66 - - [10/Jan/2025:02:05:53 +0100] "GET /ticket2/opencms/system/modules/com.gridnine.opencms.ticketbrokerage.site/resources/css/standard.css HTTP/1.1" 200 73081
34.75.55.252 - - [10/Jan/2025:02:05:53 +0100] "GET /ticket2/opencms/en/magazine/article?title=legend-in-heated-exchange-with-supporter HTTP/1.0" 200 92126
193.70.81.110 - - [10/Jan/2025:02:05:53 +0100] "GET /ticket2/opencms/ka/buy/?page=1&edid=F15A949D-6277-A938-D14A-9E0944A0FFF9 HTTP/1.1" 200 118950
65.21.113.194 - - [10/Jan/2025:02:05:53 +0100] "GET /ticket2/opencms/tr/buy/?page=1&edid=B12376C6-BA7F-3D61-F970-EF51106430AB HTTP/1.1" 200 131543
217.182.175.120 - - [10/Jan/2025:02:05:53 +0100] "GET /ticket2/opencms/no/buy/?page=1&edid=A0F2CE57-C687-A8F6-EE0E-D013BC53E883&sortorder=desc&column=section HTTP/1.1" 200 114493
66.249.89.66 - - [10/Jan/2025:02:05:53 +0100] "GET /ticket2/opencms/system/modules/com.gridnine.opencms.ticketbrokerage.site/resources/js/functions.js HTTP/1.1" 200 1583
66.249.89.66 - - [10/Jan/2025:02:05:54 +0100] "GET /ticket2/opencms/system/modules/com.gridnine.opencms.ticketbrokerage.site/resources/js/jquery.placeholder.min.js HTTP/1.1" 200 1737
66.249.89.66 - - [10/Jan/2025:02:05:54 +0100] "GET /ticket2/opencms/system/modules/com.gridnine.opencms.ticketbrokerage.site/resources/js/common-ajax.js HTTP/1.1" 200 20175
166.108.193.71 - - [10/Jan/2025:02:05:55 +0100] "GET /ticket2/opencms/it/sport/biglietti-calcio/english-championship/cardiff HTTP/1.1" 200 102946
193.70.81.110 - - [10/Jan/2025:02:05:56 +0100] "GET /ticket2/opencms/ka/buy/?page=1&edid=F25FBBE3-B880-5730-A316-AE0E479B4D0A HTTP/1.1" 200 139314
193.70.81.110 - - [10/Jan/2025:02:05:57 +0100] "GET /ticket2/opencms/ka/buy/?page=1&edid=F267BE64-0678-3C51-6F26-6987170C70AB HTTP/1.1" 200 115478
65.21.113.194 - - [10/Jan/2025:02:05:58 +0100] "GET /ticket2/opencms/tr/buy/?page=1&edid=B7C31852-4938-05B8-A23C-0248E7A3D5BA HTTP/1.1" 200 134894
193.70.81.110 - - [10/Jan/2025:02:06:00 +0100] "GET /ticket2/opencms/ka/buy/?page=1&edid=F26F7624-B3C7-3F2B-5F3B-CAEEB7F1CB7F HTTP/1.1" 200 142550
193.70.81.110 - - [10/Jan/2025:02:06:01 +0100] "GET /ticket2/opencms/ka/buy/?page=1&edid=F2971CC3-8714-3DC4-0355-85018375B4CB HTTP/1.1" 200 118209
52.167.144.194 - - [10/Jan/2025:02:06:03 +0100] "GET /ticket2/opencms/ro/?page=6&comcatid=A17713B6-D984-201A-4143-ED4DB5ED5C2E&catid=0A6C99D2-F5BD-7A18-9A5F-5668827042E0&eventid=56CBA715-B928-D58F-6A08-8D95645745F0 HTTP/1.1" 200 101036
65.21.113.194 - - [10/Jan/2025:02:06:03 +0100] "GET /ticket2/opencms/tr/buy/?page=1&edid=B8EF6180-227A-800A-63E5-9809623FC791 HTTP/1.1" 200 128745
193.70.81.110 - - [10/Jan/2025:02:06:03 +0100] "GET /ticket2/opencms/ka/buy/?page=1&edid=F2B75FFE-B503-FA6C-066A-879F06B1D185 HTTP/1.1" 200 115357
193.70.81.110 - - [10/Jan/2025:02:06:06 +0100] "GET /ticket2/opencms/ka/buy/?page=1&edid=F2BB5427-1D4A-AECD-9787-90D94712CD18 HTTP/1.1" 200 142773
193.70.81.110 - - [10/Jan/2025:02:06:07 +0100] "GET /ticket2/opencms/ka/buy/?page=1&edid=F2CDADC4-EF6C-C259-F9D1-EA671C511115 HTTP/1.1" 200 115498
65.21.113.194 - - [10/Jan/2025:02:06:08 +0100] "GET /ticket2/opencms/tr/buy/?page=1&edid=B9A56D83-AD94-045F-A8C5-86B02F52A7C5 HTTP/1.1" 200 146524
185.191.171.7 - - [10/Jan/2025:02:06:09 +0100] "GET /ticket2/opencms/lt/magazine/article?title=atraskite-la-liga-gyvai-bilietus-isigykite-ticket2 HTTP/1.1" 200 93799
185.191.171.1 - - [10/Jan/2025:02:06:10 +0100] "GET /ticket2/opencms/be/buy_safety HTTP/1.1" 200 89606
193.70.81.110 - - [10/Jan/2025:02:06:10 +0100] "GET /ticket2/opencms/ka/buy/?page=1&edid=F2D85B77-0146-9383-AAB8-AFEF60C3B51B HTTP/1.1" 200 142151
193.70.81.110 - - [10/Jan/2025:02:06:12 +0100] "GET /ticket2/opencms/ka/buy/?page=1&edid=F34F0F82-8666-22C0-D441-2DD1CFDD313F HTTP/1.1" 200 115380
65.21.113.194 - - [10/Jan/2025:02:06:12 +0100] "GET /ticket2/opencms/tr/buy/?page=1&edid=BEA9D3E5-A93E-146C-1904-24495F6A8B39 HTTP/1.1" 200 131564
193.70.81.110 - - [10/Jan/2025:02:06:14 +0100] "GET /ticket2/opencms/ka/buy/?page=1&edid=F41FCF25-2A66-9DAB-4635-0085E6F77AE7 HTTP/1.1" 200 115313
193.70.81.110 - - [10/Jan/2025:02:06:15 +0100] "GET /ticket2/opencms/ka/buy/?page=1&edid=F470DBBF-86C7-739C-C511-DD5626B6BC19 HTTP/1.1" 200 118241
193.70.81.110 - - [10/Jan/2025:02:06:17 +0100] "GET /ticket2/opencms/ka/buy/?page=1&edid=F4C7EFF8-C5DC-C540-AEBA-14F365BADAA9 HTTP/1.1" 200 115613
65.21.113.194 - - [10/Jan/2025:02:06:17 +0100] "GET /ticket2/opencms/tr/buy/?page=1&edid=BFAFDC2C-908C-DD1E-38F3-2E405A281188 HTTP/1.1" 200 136789
193.70.81.110 - - [10/Jan/2025:02:06:19 +0100] "GET /ticket2/opencms/ka/buy/?page=1&edid=F4EBEB69-FF72-F763-336C-E8A05C228178 HTTP/1.1" 200 115273
193.70.81.110 - - [10/Jan/2025:02:06:20 +0100] "GET /ticket2/opencms/ka/buy/?page=1&edid=F56E127D-A378-06F4-84E7-3510C0A2494A HTTP/1.1" 200 115338
34.75.55.252 - - [10/Jan/2025:02:06:21 +0100] "GET /ticket2/opencms/en/login/ HTTP/1.0" 200 89798
65.21.113.194 - - [10/Jan/2025:02:06:22 +0100] "GET /ticket2/opencms/tr/buy/?page=1&edid=C28B3B84-6A6E-6FCB-67EF-1F8424FD799A HTTP/1.1" 200 125482
193.70.81.110 - - [10/Jan/2025:02:06:22 +0100] "GET /ticket2/opencms/ka/buy/?page=1&edid=F640204D-1694-0162-ABD6-AAC74A7D8DE6 HTTP/1.1" 200 118913
185.191.171.16 - - [10/Jan/2025:02:06:24 +0100] "GET /ticket2/opencms/nl/magazine/article?title=everton HTTP/1.1" 200 89829
193.70.81.110 - - [10/Jan/2025:02:06:24 +0100] "GET /ticket2/opencms/ka/buy/?page=1&edid=FEF01E45-FEE5-DB5B-D058-BDEFBF8946F4 HTTP/1.1" 200 115520
193.70.81.110 - - [10/Jan/2025:02:06:26 +0100] "GET /ticket2/opencms/ka/buy/?page=1&edid=FF079107-CBD4-B70B-EC76-A896DEC733A2 HTTP/1.1" 200 128630
65.21.113.194 - - [10/Jan/2025:02:06:28 +0100] "GET /ticket2/opencms/tr/buy/?page=1&edid=C2E0FED9-872C-CDB5-EA69-F93F12F9C91F HTTP/1.1" 200 125563
54.36.148.233 - - [10/Jan/2025:02:06:28 +0100] "GET /ticket2/opencms/lt/buy?page=1&edid=ABE0D196-5A84-0064-2AAA-8BE846913E3B HTTP/1.1" 200 136740
114.119.130.91 - - [10/Jan/2025:02:06:28 +0100] "GET /ticket2/opencms/en/sell/?edid=E32CB158-4010-F4CB-7CEA-BC61CA678038 HTTP/1.1" 302 -
193.70.81.110 - - [10/Jan/2025:02:06:28 +0100] "GET /ticket2/opencms/ka/buy/?page=1&edid=FF0B58BB-4754-B119-52E9-C2F4B119009E HTTP/1.1" 200 118887
202.8.41.240 - - [10/Jan/2025:02:06:29 +0100] "GET /ticket2/opencms/system/modules/com.gridnine.opencms.ticketbrokerage.site/resources/css/jquery.fancybox.css HTTP/1.1" 200 4939
202.8.41.240 - - [10/Jan/2025:02:06:29 +0100] "GET /ticket2/opencms/system/modules/com.gridnine.opencms.ticketbrokerage.site/resources/css/ticketbrokerage.css HTTP/1.1" 200 39339
202.8.41.240 - - [10/Jan/2025:02:06:29 +0100] "GET /ticket2/opencms/system/modules/com.gridnine.opencms.ticketbrokerage.site/resources/css/calendar.css HTTP/1.1" 200 6871
202.8.41.240 - - [10/Jan/2025:02:06:29 +0100] "GET /ticket2/opencms/system/modules/com.gridnine.opencms.ticketbrokerage.site/resources/css/jquery-ui.css HTTP/1.1" 200 33221
202.8.41.240 - - [10/Jan/2025:02:06:29 +0100] "GET /ticket2/opencms/system/modules/com.gridnine.opencms.ticketbrokerage.site/resources/css/standard.css HTTP/1.1" 200 73081
202.8.41.240 - - [10/Jan/2025:02:06:29 +0100] "GET /ticket2/opencms/system/modules/com.gridnine.opencms.ticketbrokerage.site/resources/js/jquery/jquery.js HTTP/1.1" 200 93868
202.8.41.240 - - [10/Jan/2025:02:06:29 +0100] "GET /ticket2/opencms/system/modules/com.gridnine.opencms.ticketbrokerage.site/resources/js/jquery/jquery-ui.js HTTP/1.1" 200 228088
202.8.41.240 - - [10/Jan/2025:02:06:29 +0100] "GET /ticket2/opencms/system/modules/com.gridnine.opencms.ticketbrokerage.site/resources/js/calendar.js HTTP/1.1" 200 49229
202.8.41.240 - - [10/Jan/2025:02:06:29 +0100] "GET /ticket2/opencms/system/modules/com.gridnine.opencms.ticketbrokerage.site/resources/js/calendar-en.js HTTP/1.1" 200 3338
202.8.41.240 - - [10/Jan/2025:02:06:29 +0100] "GET /ticket2/opencms/system/modules/com.gridnine.opencms.ticketbrokerage.site/resources/js/functions.js HTTP/1.1" 200 1583
202.8.41.240 - - [10/Jan/2025:02:06:29 +0100] "GET /ticket2/opencms/system/modules/com.gridnine.opencms.ticketbrokerage.site/resources/js/calendar-setup.js HTTP/1.1" 200 4923
202.8.41.240 - - [10/Jan/2025:02:06:29 +0100] "GET /ticket2/opencms/system/modules/com.gridnine.opencms.ticketbrokerage.site/resources/js/stickyfill.min.js HTTP/1.1" 200 5672
202.8.41.240 - - [10/Jan/2025:02:06:29 +0100] "GET /ticket2/opencms/system/modules/com.gridnine.opencms.ticketbrokerage.site/resources/js/standard.js HTTP/1.1" 200 3978
202.8.41.240 - - [10/Jan/2025:02:06:29 +0100] "GET /ticket2/opencms/system/modules/com.gridnine.opencms.ticketbrokerage.site/resources/js/jquery.fancybox.pack.js HTTP/1.1" 200 23187
202.8.41.240 - - [10/Jan/2025:02:06:29 +0100] "GET /ticket2/opencms/system/modules/com.gridnine.opencms.ticketbrokerage.site/resources/js/jquery.placeholder.min.js HTTP/1.1" 200 1737
202.8.41.240 - - [10/Jan/2025:02:06:29 +0100] "GET /ticket2/opencms/system/modules/com.gridnine.opencms.ticketbrokerage.site/resources/js/common-ajax.js HTTP/1.1" 200 20175
202.8.41.240 - - [10/Jan/2025:02:06:29 +0100] "GET /ticket2/opencms/lt/ask-form.html HTTP/1.1" 200 3156
202.8.41.240 - - [10/Jan/2025:02:06:29 +0100] "GET /ticket2/opencms/lt/ask-form.html HTTP/1.1" 200 3156
202.8.41.240 - - [10/Jan/2025:02:06:30 +0100] "GET /ticket2/opencms/system/modules/com.gridnine.opencms.ticketbrokerage.site/resources/css/ticketbrokerage.css HTTP/1.1" 200 39339
193.70.81.110 - - [10/Jan/2025:02:06:30 +0100] "GET /ticket2/opencms/ka/buy/?page=1&edid=FF1B1F16-B60A-CB20-3635-FAA393A69F1C HTTP/1.1" 200 121422
114.119.130.91 - - [10/Jan/2025:02:06:32 +0100] "GET /ticket2/opencms/en/login/?url=/en/sell/ HTTP/1.1" 200 89786
193.70.81.110 - - [10/Jan/2025:02:06:33 +0100] "GET /ticket2/opencms/ka/buy/?page=1&edid=FF312D4E-5B6B-8FA5-BA69-635DC61A8F79 HTTP/1.1" 200 142452
65.21.113.194 - - [10/Jan/2025:02:06:33 +0100] "GET /ticket2/opencms/tr/buy/?page=1&edid=C64002B7-B7A3-A646-1770-7E79C914EDA5 HTTP/1.1" 200 136956
193.70.81.110 - - [10/Jan/2025:02:06:35 +0100] "GET /ticket2/opencms/lt/buy/?comcatid=0A6B8208-FDA4-E929-9D72-5312FD481B76&catid=FCA7FF95-260A-464B-B6FF-A820FCE7DFEF HTTP/1.1" 200 6410
193.70.81.110 - - [10/Jan/2025:02:06:36 +0100] "GET /ticket2/opencms/lt/buy/?comcatid=97ECA65A-72DA-F9AF-9DBB-245D3CFED1BE&catid=D414C6A5-7A03-3389-42A8-D7B7FE32BB37 HTTP/1.1" 200 6410
47.128.48.151 - - [10/Jan/2025:02:06:37 +0100] "GET /ticket2/opencms/be/magazine/article?title=chelsea-vs-tottenham-2-0 HTTP/1.1" 200 93762
193.70.81.110 - - [10/Jan/2025:02:06:38 +0100] "GET /ticket2/opencms/lt/buy/?comcatid=97ECA65A-72DA-F9AF-9DBB-245D3CFED1BE&catid=E3105E1E-3982-291E-5523-1C1DF161E9B7 HTTP/1.1" 200 6410
34.75.55.252 - - [10/Jan/2025:02:06:38 +0100] "GET /ticket2/opencms/robots.txt HTTP/1.1" 200 773
114.119.159.129 - - [10/Jan/2025:02:06:39 +0100] "GET /ticket2/opencms/en/buy_safety/ HTTP/1.1" 200 88603
193.70.81.110 - - [10/Jan/2025:02:06:40 +0100] "GET /ticket2/opencms/lt/buy/?comcatid=97ECA65A-72DA-F9AF-9DBB-245D3CFED1BE&catid=F4D223A4-C027-46DC-3DE5-726A23E30A62 HTTP/1.1" 200 6410
202.8.41.240 - - [10/Jan/2025:02:06:41 +0100] "GET /ticket2/opencms/system/modules/com.gridnine.opencms.ticketbrokerage.site/resources/js/standard.js HTTP/1.1" 200 3978
193.70.81.110 - - [10/Jan/2025:02:06:41 +0100] "GET /ticket2/opencms/lt/buy/?comcatid=97ECA65A-72DA-F9AF-9DBB-245D3CFED1BE&catid=F7F89B9B-6697-7881-54AE-4C39276BF1B8 HTTP/1.1" 200 6410
65.21.113.194 - - [10/Jan/2025:02:06:42 +0100] "GET /ticket2/opencms/tr/buy/?page=1&edid=C781C90E-2A4A-BE38-23EB-6039DE2F5FA8 HTTP/1.1" 200 137067
193.70.81.110 - - [10/Jan/2025:02:06:43 +0100] "GET /ticket2/opencms/lt/buy/?comcatid=97ECA65A-72DA-F9AF-9DBB-245D3CFED1BE&catid=F7FF413B-5FDF-82CF-E5BB-CD4AB6027974 HTTP/1.1" 200 6410
193.70.81.110 - - [10/Jan/2025:02:06:45 +0100] "GET /ticket2/opencms/lt/buy/?comcatid=A17713B6-D984-201A-4143-ED4DB5ED5C2E&catid=&npage=1 HTTP/1.1" 200 6410
193.70.81.110 - - [10/Jan/2025:02:06:46 +0100] "GET /ticket2/opencms/lt/buy/?comcatid=A17713B6-D984-201A-4143-ED4DB5ED5C2E&catid=&npage=2 HTTP/1.1" 200 6410
65.21.113.194 - - [10/Jan/2025:02:06:47 +0100] "GET /ticket2/opencms/tr/buy/?page=1&edid=C8463748-B145-33AD-CEE6-A9DF95CEBC4A HTTP/1.1" 200 123340
185.191.171.14 - - [10/Jan/2025:02:06:47 +0100] "GET /ticket2/opencms/sq/sport/bileta-per-futboll/la-liga/real_betis HTTP/1.1" 200 103354
193.70.81.110 - - [10/Jan/2025:02:06:48 +0100] "GET /ticket2/opencms/lt/buy/?comcatid=A17713B6-D984-201A-4143-ED4DB5ED5C2E&catid=&npage=3 HTTP/1.1" 200 6410
193.70.81.110 - - [10/Jan/2025:02:06:49 +0100] "GET /ticket2/opencms/lt/buy/?comcatid=A17713B6-D984-201A-4143-ED4DB5ED5C2E&catid=&npage=4 HTTP/1.1" 200 6410
65.21.113.194 - - [10/Jan/2025:02:06:50 +0100] "GET /ticket2/opencms/robots.txt HTTP/1.1" 200 773
193.70.81.110 - - [10/Jan/2025:02:06:51 +0100] "GET /ticket2/opencms/lt/buy/?comcatid=A17713B6-D984-201A-4143-ED4DB5ED5C2E&catid=&npage=5 HTTP/1.1" 200 6410
65.21.113.194 - - [10/Jan/2025:02:06:51 +0100] "GET /ticket2/opencms/tr/buy/?page=1&edid=C9919F63-312E-C4DF-29D6-DA1CE80EC9A2 HTTP/1.1" 200 128803
185.191.171.10 - - [10/Jan/2025:02:06:51 +0100] "GET /ticket2/opencms/lt/magazine/article?title=manchester-city-rizikuoja-buti-iskelti-i-zemesne-lyga HTTP/1.1" 200 92004
193.70.81.110 - - [10/Jan/2025:02:06:53 +0100] "GET /ticket2/opencms/lt/buy/?comcatid=A17713B6-D984-201A-4143-ED4DB5ED5C2E&catid=&npage=6 HTTP/1.1" 200 6410
193.70.81.110 - - [10/Jan/2025:02:06:54 +0100] "GET /ticket2/opencms/lt/buy/?comcatid=A17713B6-D984-201A-4143-ED4DB5ED5C2E&catid=061607E6-22B7-6FFA-03FD-A4B8B13A943F HTTP/1.1" 200 6410
193.70.81.110 - - [10/Jan/2025:02:06:56 +0100] "GET /ticket2/opencms/lt/buy/?comcatid=A17713B6-D984-201A-4143-ED4DB5ED5C2E&catid=06324577-7173-BAB0-146D-E644C912F7C1 HTTP/1.1" 200 6410
20.169.171.118 - - [10/Jan/2025:02:06:57 +0100] "GET /ticket2/opencms/system/modules/com.gridnine.opencms.ticketbrokerage.site/resources/pics/banners/Om_Ticket2.jpg HTTP/1.1" 200 22578
193.70.81.110 - - [10/Jan/2025:02:06:57 +0100] "GET /ticket2/opencms/lt/buy/?comcatid=A17713B6-D984-201A-4143-ED4DB5ED5C2E&catid=06324577-7173-BAB0-146D-E644C912F7C1&npage=2 HTTP/1.1" 200 6410
65.21.113.194 - - [10/Jan/2025:02:06:58 +0100] "GET /ticket2/opencms/tr/buy/?page=1&edid=CC748805-AA77-5D07-7352-96CD97D4F5AC HTTP/1.1" 200 138453
193.70.81.110 - - [10/Jan/2025:02:06:59 +0100] "GET /ticket2/opencms/lt/buy/?comcatid=A17713B6-D984-201A-4143-ED4DB5ED5C2E&catid=08F27F2A-1872-A39F-A97C-63093E77B18A HTTP/1.1" 200 6410
193.70.81.110 - - [10/Jan/2025:02:07:01 +0100] "GET /ticket2/opencms/lt/buy/?comcatid=A17713B6-D984-201A-4143-ED4DB5ED5C2E&catid=0A6C99D2-F5BD-7A18-9A5F-5668827042E0 HTTP/1.1" 200 6410
193.70.81.110 - - [10/Jan/2025:02:07:03 +0100] "GET /ticket2/opencms/lt/buy/?comcatid=A17713B6-D984-201A-4143-ED4DB5ED5C2E&catid=0A6C99D2-F5BD-7A18-9A5F-5668827042E0&npage=2 HTTP/1.1" 200 6410
114.119.130.154 - - [10/Jan/2025:02:07:03 +0100] "GET /ticket2/opencms/tr/buy?page=1&=9CCEE39F-D610-CA60-DF33-9FF51513E64C HTTP/1.1" 200 6507
65.21.113.194 - - [10/Jan/2025:02:07:04 +0100] "GET /ticket2/opencms/tr/buy/?page=1&edid=D4F26649-49E7-D9AD-008F-6A1EF16B5F3C HTTP/1.1" 200 128725
193.70.81.110 - - [10/Jan/2025:02:07:04 +0100] "GET /ticket2/opencms/lt/buy/?comcatid=A17713B6-D984-201A-4143-ED4DB5ED5C2E&catid=0A9E385E-33D9-328E-DC79-CA2C7009C829 HTTP/1.1" 200 6410
193.70.81.110 - - [10/Jan/2025:02:07:06 +0100] "GET /ticket2/opencms/lt/buy/?comcatid=A17713B6-D984-201A-4143-ED4DB5ED5C2E&catid=24AC1CA6-1C09-0BE5-C04A-9DCCDB15D5E9 HTTP/1.1" 200 6410
193.70.81.110 - - [10/Jan/2025:02:07:08 +0100] "GET /ticket2/opencms/lt/buy/?comcatid=A17713B6-D984-201A-4143-ED4DB5ED5C2E&catid=2DE12DDA-A5FB-C1C6-CB20-FBF873FB032B HTTP/1.1" 200 6410
85.208.96.196 - - [10/Jan/2025:02:07:09 +0100] "GET /ticket2/opencms/en/sport/football-tickets/serie_a/lazio/ HTTP/1.1" 200 97199
65.21.113.194 - - [10/Jan/2025:02:07:09 +0100] "GET /ticket2/opencms/tr/buy/?page=1&edid=DCF22239-47F2-2282-C13B-85FCE1D7C913 HTTP/1.1" 200 137690
193.70.81.110 - - [10/Jan/2025:02:07:09 +0100] "GET /ticket2/opencms/lt/buy/?comcatid=A17713B6-D984-201A-4143-ED4DB5ED5C2E&catid=36394212-F82E-F845-399B-42BED55969CC HTTP/1.1" 200 6410
193.70.81.110 - - [10/Jan/2025:02:07:11 +0100] "GET /ticket2/opencms/lt/buy/?comcatid=A17713B6-D984-201A-4143-ED4DB5ED5C2E&catid=36394212-F82E-F845-399B-42BED55969CC&npage=2 HTTP/1.1" 200 6410
185.191.171.2 - - [10/Jan/2025:02:07:12 +0100] "GET /ticket2/opencms/nl/magazine/article?title=het-transferwindow-eerder-sluiten HTTP/1.1" 200 90378
193.70.81.110 - - [10/Jan/2025:02:07:12 +0100] "GET /ticket2/opencms/lt/buy/?comcatid=A17713B6-D984-201A-4143-ED4DB5ED5C2E&catid=3A7AEA37-903D-9533-4B33-21B0001FF1D1 HTTP/1.1" 200 6410
193.70.81.110 - - [10/Jan/2025:02:07:14 +0100] "GET /ticket2/opencms/lt/buy/?comcatid=A17713B6-D984-201A-4143-ED4DB5ED5C2E&catid=3B549160-8B9C-E872-44A9-20FEA86B30E8 HTTP/1.1" 200 6410
65.21.113.194 - - [10/Jan/2025:02:07:15 +0100] "GET /ticket2/opencms/tr/buy/?page=1&edid=DD14CC82-883B-BD06-4306-EBD494AA1804 HTTP/1.1" 200 137729
