202.8.42.194 - - [10/Jan/2025:02:41:15 +0100] "GET /ticket2/opencms/system/modules/com.gridnine.opencms.ticketbrokerage.site/resources/css/jquery.fancybox.css HTTP/1.1" 200 4939
202.8.42.194 - - [10/Jan/2025:02:41:15 +0100] "GET /ticket2/opencms/system/modules/com.gridnine.opencms.ticketbrokerage.site/resources/js/calendar-setup.js HTTP/1.1" 200 4923
202.8.42.194 - - [10/Jan/2025:02:41:15 +0100] "GET /ticket2/opencms/system/modules/com.gridnine.opencms.ticketbrokerage.site/resources/js/functions.js HTTP/1.1" 200 1583
202.8.42.194 - - [10/Jan/2025:02:41:15 +0100] "GET /ticket2/opencms/system/modules/com.gridnine.opencms.ticketbrokerage.site/resources/js/jquery/jquery-ui.js HTTP/1.1" 200 228088
202.8.42.194 - - [10/Jan/2025:02:41:15 +0100] "GET /ticket2/opencms/system/modules/com.gridnine.opencms.ticketbrokerage.site/resources/js/calendar.js HTTP/1.1" 200 49229
202.8.42.194 - - [10/Jan/2025:02:41:15 +0100] "GET /ticket2/opencms/system/modules/com.gridnine.opencms.ticketbrokerage.site/resources/js/calendar-en.js HTTP/1.1" 200 3338
202.8.42.194 - - [10/Jan/2025:02:41:15 +0100] "GET /ticket2/opencms/system/modules/com.gridnine.opencms.ticketbrokerage.site/resources/js/jquery.fancybox.pack.js HTTP/1.1" 200 23187
202.8.42.194 - - [10/Jan/2025:02:41:15 +0100] "GET /ticket2/opencms/system/modules/com.gridnine.opencms.ticketbrokerage.site/resources/js/standard.js HTTP/1.1" 200 3978
202.8.42.194 - - [10/Jan/2025:02:41:15 +0100] "GET /ticket2/opencms/system/modules/com.gridnine.opencms.ticketbrokerage.site/resources/js/stickyfill.min.js HTTP/1.1" 200 5672
202.8.42.194 - - [10/Jan/2025:02:41:15 +0100] "GET /ticket2/opencms/system/modules/com.gridnine.opencms.ticketbrokerage.site/resources/js/jquery.placeholder.min.js HTTP/1.1" 200 1737
202.8.42.194 - - [10/Jan/2025:02:41:16 +0100] "GET /ticket2/opencms/system/modules/com.gridnine.opencms.ticketbrokerage.site/resources/js/common-ajax.js HTTP/1.1" 200 20175
202.8.42.194 - - [10/Jan/2025:02:41:17 +0100] "GET /ticket2/opencms/et/ask-form.html HTTP/1.1" 200 3156
202.8.42.194 - - [10/Jan/2025:02:41:17 +0100] "GET /ticket2/opencms/system/modules/com.gridnine.opencms.ticketbrokerage.site/resources/css/ticketbrokerage.css HTTP/1.1" 200 39339
65.21.113.194 - - [10/Jan/2025:02:41:20 +0100] "GET /ticket2/opencms/uk/buy/?page=1&edid=F70FF3E6-2D68-06C1-2E1B-CFF8AEEA395A HTTP/1.1" 200 127403
34.75.55.252 - - [10/Jan/2025:02:41:23 +0100] "GET /ticket2/opencms/en/about/contact HTTP/1.0" 200 87760
65.21.113.194 - - [10/Jan/2025:02:41:25 +0100] "GET /ticket2/opencms/uk/buy/?page=1&edid=F7660972-1F1F-59FF-1410-FAEC9F9D74B8 HTTP/1.1" 200 133588
114.119.146.220 - - [10/Jan/2025:02:41:30 +0100] "GET /ticket2/opencms/en/venue/?venueid=52D842B3-7FB7-16D9-C928-E0FBBB2FAC8C HTTP/1.1" 200 85008
65.21.113.194 - - [10/Jan/2025:02:41:30 +0100] "GET /ticket2/opencms/uk/buy/?page=1&edid=F8A721FB-6959-3E3B-0E9C-2BF5336E70F2 HTTP/1.1" 200 142710
185.191.171.9 - - [10/Jan/2025:02:41:34 +0100] "GET /ticket2/opencms/sv/sport/fotbollsbiljetter/bundesliga/borussia-dortmund/ HTTP/1.1" 200 98495
65.21.113.194 - - [10/Jan/2025:02:41:35 +0100] "GET /ticket2/opencms/uk/buy/?page=1&edid=FC000D61-FABC-A881-9E2E-0971242A71A3 HTTP/1.1" 200 114556
47.128.52.227 - - [10/Jan/2025:02:41:37 +0100] "GET /ticket2/opencms/lv/ HTTP/1.1" 200 100701
114.119.141.206 - - [10/Jan/2025:02:41:38 +0100] "GET /ticket2/opencms/en/venue/?venueid=18FD821D-6DDA-C3F8-586C-11DB373981E5 HTTP/1.1" 200 85131
185.191.171.5 - - [10/Jan/2025:02:41:38 +0100] "GET /ticket2/opencms/de/sport/fussball-tickets/serie_a/torino/ HTTP/1.1" 200 96013
65.21.113.194 - - [10/Jan/2025:02:41:40 +0100] "GET /ticket2/opencms/robots.txt HTTP/1.1" 200 773
65.21.113.194 - - [10/Jan/2025:02:41:40 +0100] "GET /ticket2/opencms/uk/buy?page=1&edid=063774E2-DE1A-6A46-E97B-D379290B879E HTTP/1.1" 200 139715
47.128.52.227 - - [10/Jan/2025:02:41:40 +0100] "GET /ticket2/opencms/img/banner-pl.jpeg HTTP/1.1" 200 41818
47.128.52.227 - - [10/Jan/2025:02:41:40 +0100] "GET /ticket2/opencms/img/banner-ll.jpeg HTTP/1.1" 200 41825
47.128.52.227 - - [10/Jan/2025:02:41:43 +0100] "GET /ticket2/opencms/img/banner-sa.jpeg HTTP/1.1" 200 41270
47.128.116.81 - - [10/Jan/2025:02:41:43 +0100] "GET /ticket2/opencms/de/robots.txt HTTP/1.1" 404 -
65.21.113.194 - - [10/Jan/2025:02:41:46 +0100] "GET /ticket2/opencms/uk/buy?page=1&edid=069EC406-6DFD-08ED-B6CC-A7E203415919 HTTP/1.1" 200 138902
185.191.171.11 - - [10/Jan/2025:02:41:48 +0100] "GET /ticket2/opencms/fi/urheilu/jalkapallo/serie_a/inter/ HTTP/1.1" 200 97433
65.21.113.194 - - [10/Jan/2025:02:41:51 +0100] "GET /ticket2/opencms/uk/buy?page=1&edid=08E96509-F113-0E6A-21FE-AD8C7D1444D0 HTTP/1.1" 200 130569
65.21.113.194 - - [10/Jan/2025:02:41:56 +0100] "GET /ticket2/opencms/uk/buy?page=1&edid=1046C14E-D95C-B350-CBCD-2ECE5F3DCC46 HTTP/1.1" 200 127559
85.208.96.207 - - [10/Jan/2025:02:41:56 +0100] "GET /ticket2/opencms/robots.txt HTTP/1.1" 200 773
185.191.171.14 - - [10/Jan/2025:02:41:57 +0100] "GET /ticket2/opencms/sq/magazine/article?title=koncepte-te-zakonshme-ne-futboll HTTP/1.1" 200 95996
65.21.113.194 - - [10/Jan/2025:02:42:02 +0100] "GET /ticket2/opencms/uk/buy?page=1&edid=10597F35-2AC7-31D2-FB61-15A36BB6D73B HTTP/1.1" 200 139736
188.146.251.106 - - [10/Jan/2025:02:42:03 +0100] "GET /ticket2/opencms/set_aff_cookie.jsp?partner=53673ED6-1455-FA54-818F-B1F67121E37C&url=/pl/buy/index.html%3Fpage%3D1%26edid%3DF26F7624-B3C7-3F2B-5F3B-CAEEB7F1CB7F%26hlv%3D666dbbe9-3ab0-4a1a-ab4f-4e800a01000f%23v_1659355551 HTTP/1.1" 200 226
47.128.63.191 - - [10/Jan/2025:02:42:04 +0100] "GET /ticket2/opencms/hu/buy/?edid=8F340A1C-D664-7FDD-8257-FE31525DAB7C HTTP/1.1" 200 92614
52.167.144.138 - - [10/Jan/2025:02:42:06 +0100] "GET /ticket2/opencms/el/athlitismos/eisitiria-podosfairou/champions-league/inter HTTP/1.1" 200 94422
65.21.113.194 - - [10/Jan/2025:02:42:08 +0100] "GET /ticket2/opencms/uk/buy?page=1&edid=11EFBC55-130A-2310-B776-C5D86878BDAB HTTP/1.1" 200 115224
52.167.144.220 - - [10/Jan/2025:02:42:11 +0100] "GET /ticket2/opencms/ga/magazine/article?title=abdul-fatawu-bt-so-asiesie-no-nyinaa HTTP/1.1" 200 93251
54.36.148.115 - - [10/Jan/2025:02:42:14 +0100] "GET /ticket2/opencms/ka/buy?page=1&edid=C448ACCE-4E2F-44DD-92FC-D2C00A7DD0E5 HTTP/1.1" 200 117760
185.191.171.11 - - [10/Jan/2025:02:42:17 +0100] "GET /ticket2/opencms/es/magazine/article?title=ganador-del-balon-de-oro-2024 HTTP/1.1" 200 93599
202.8.40.197 - - [10/Jan/2025:02:42:19 +0100] "GET /ticket2/opencms/system/modules/com.gridnine.opencms.ticketbrokerage.site/resources/css/ticketbrokerage.css HTTP/1.1" 200 39339
202.8.40.197 - - [10/Jan/2025:02:42:19 +0100] "GET /ticket2/opencms/system/modules/com.gridnine.opencms.ticketbrokerage.site/resources/css/calendar.css HTTP/1.1" 200 6871
202.8.40.197 - - [10/Jan/2025:02:42:19 +0100] "GET /ticket2/opencms/system/modules/com.gridnine.opencms.ticketbrokerage.site/resources/css/jquery.fancybox.css HTTP/1.1" 200 4939
202.8.40.197 - - [10/Jan/2025:02:42:19 +0100] "GET /ticket2/opencms/system/modules/com.gridnine.opencms.ticketbrokerage.site/resources/css/jquery-ui.css HTTP/1.1" 200 33221
202.8.40.197 - - [10/Jan/2025:02:42:19 +0100] "GET /ticket2/opencms/system/modules/com.gridnine.opencms.ticketbrokerage.site/resources/js/jquery/jquery.js HTTP/1.1" 200 93868
202.8.40.197 - - [10/Jan/2025:02:42:19 +0100] "GET /ticket2/opencms/system/modules/com.gridnine.opencms.ticketbrokerage.site/resources/css/standard.css HTTP/1.1" 200 73081
202.8.40.197 - - [10/Jan/2025:02:42:19 +0100] "GET /ticket2/opencms/system/modules/com.gridnine.opencms.ticketbrokerage.site/resources/js/functions.js HTTP/1.1" 200 1583
202.8.40.197 - - [10/Jan/2025:02:42:19 +0100] "GET /ticket2/opencms/system/modules/com.gridnine.opencms.ticketbrokerage.site/resources/js/jquery/jquery-ui.js HTTP/1.1" 200 228088
202.8.40.197 - - [10/Jan/2025:02:42:19 +0100] "GET /ticket2/opencms/system/modules/com.gridnine.opencms.ticketbrokerage.site/resources/js/calendar-en.js HTTP/1.1" 200 3338
202.8.40.197 - - [10/Jan/2025:02:42:19 +0100] "GET /ticket2/opencms/system/modules/com.gridnine.opencms.ticketbrokerage.site/resources/js/calendar.js HTTP/1.1" 200 49229
202.8.40.197 - - [10/Jan/2025:02:42:19 +0100] "GET /ticket2/opencms/system/modules/com.gridnine.opencms.ticketbrokerage.site/resources/js/calendar-setup.js HTTP/1.1" 200 4923
202.8.40.197 - - [10/Jan/2025:02:42:19 +0100] "GET /ticket2/opencms/system/modules/com.gridnine.opencms.ticketbrokerage.site/resources/js/jquery.fancybox.pack.js HTTP/1.1" 200 23187
202.8.40.197 - - [10/Jan/2025:02:42:19 +0100] "GET /ticket2/opencms/system/modules/com.gridnine.opencms.ticketbrokerage.site/resources/js/standard.js HTTP/1.1" 200 3978
202.8.40.197 - - [10/Jan/2025:02:42:19 +0100] "GET /ticket2/opencms/system/modules/com.gridnine.opencms.ticketbrokerage.site/resources/js/stickyfill.min.js HTTP/1.1" 200 5672
202.8.40.197 - - [10/Jan/2025:02:42:19 +0100] "GET /ticket2/opencms/system/modules/com.gridnine.opencms.ticketbrokerage.site/resources/js/jquery.placeholder.min.js HTTP/1.1" 200 1737
202.8.40.197 - - [10/Jan/2025:02:42:19 +0100] "GET /ticket2/opencms/system/modules/com.gridnine.opencms.ticketbrokerage.site/resources/js/common-ajax.js HTTP/1.1" 200 20175
202.8.40.197 - - [10/Jan/2025:02:42:19 +0100] "GET /ticket2/opencms/ka/ask-form.html HTTP/1.1" 200 3156
202.8.40.197 - - [10/Jan/2025:02:42:19 +0100] "GET /ticket2/opencms/ka/ask-form.html HTTP/1.1" 200 3156
202.8.40.197 - - [10/Jan/2025:02:42:19 +0100] "GET /ticket2/opencms/system/modules/com.gridnine.opencms.ticketbrokerage.site/resources/css/ticketbrokerage.css HTTP/1.1" 200 39339
65.21.113.194 - - [10/Jan/2025:02:42:20 +0100] "GET /ticket2/opencms/uk/buy?page=1&edid=160DAC9A-2A77-6FDC-52B8-296352B1ABF1 HTTP/1.1" 200 141004
85.208.96.200 - - [10/Jan/2025:02:42:21 +0100] "GET /ticket2/opencms/ka/magazine/article?title=chelsea-fc-s-da-mati-brdzola-stabilurobistvis HTTP/1.1" 200 96730
185.191.171.12 - - [10/Jan/2025:02:42:25 +0100] "GET /ticket2/opencms/hr/buy_safety/ HTTP/1.1" 200 89098
65.21.113.194 - - [10/Jan/2025:02:42:31 +0100] "GET /ticket2/opencms/uk/buy?page=1&edid=1ABC406A-92BD-FDCF-3BD6-80A52E60B34F HTTP/1.1" 200 148567
40.77.167.25 - - [10/Jan/2025:02:42:35 +0100] "GET /ticket2/opencms/es/magazine/article?title=manchester-united HTTP/1.1" 200 91274
52.167.144.219 - - [10/Jan/2025:02:42:36 +0100] "GET /ticket2/opencms/es/magazine/article?title=manchester-city-7-partidos-sin-ganar HTTP/1.1" 200 94744
65.21.113.194 - - [10/Jan/2025:02:42:36 +0100] "GET /ticket2/opencms/uk/buy?page=1&edid=1AD4E11C-C792-1721-4D1A-2229101A30FD HTTP/1.1" 200 148586
65.21.113.194 - - [10/Jan/2025:02:42:47 +0100] "GET /ticket2/opencms/uk/buy?page=1&edid=1B836A42-4F20-7A0F-05D1-08388A470666 HTTP/1.1" 200 114579
66.220.149.30 - - [10/Jan/2025:02:42:47 +0100] "GET /ticket2/opencms/en/magazine/article?title=la-liga-real-madrid-has-won-the-most-titles HTTP/1.1" 200 92907
66.249.64.131 - - [10/Jan/2025:02:42:56 +0100] "GET /ticket2/opencms/sk/?page=6&comcatid=810BB404-4103-77F2-A6C2-12D5E6C338E2 HTTP/1.1" 200 101022
65.21.113.194 - - [10/Jan/2025:02:42:58 +0100] "GET /ticket2/opencms/uk/buy?page=1&edid=25666712-CB7E-CDDD-4626-F1CD96C38316 HTTP/1.1" 200 148623
54.36.148.219 - - [10/Jan/2025:02:42:58 +0100] "GET /ticket2/opencms/sk/buy?page=1&edid=C448ACCE-4E2F-44DD-92FC-D2C00A7DD0E5 HTTP/1.1" 200 112002
202.8.43.100 - - [10/Jan/2025:02:42:59 +0100] "GET /ticket2/opencms/system/modules/com.gridnine.opencms.ticketbrokerage.site/resources/css/calendar.css HTTP/1.1" 200 6871
202.8.43.100 - - [10/Jan/2025:02:42:59 +0100] "GET /ticket2/opencms/system/modules/com.gridnine.opencms.ticketbrokerage.site/resources/css/ticketbrokerage.css HTTP/1.1" 200 39339
202.8.43.100 - - [10/Jan/2025:02:42:59 +0100] "GET /ticket2/opencms/system/modules/com.gridnine.opencms.ticketbrokerage.site/resources/css/jquery-ui.css HTTP/1.1" 200 33221
202.8.43.100 - - [10/Jan/2025:02:42:59 +0100] "GET /ticket2/opencms/system/modules/com.gridnine.opencms.ticketbrokerage.site/resources/css/standard.css HTTP/1.1" 200 73081
202.8.43.100 - - [10/Jan/2025:02:42:59 +0100] "GET /ticket2/opencms/system/modules/com.gridnine.opencms.ticketbrokerage.site/resources/js/jquery/jquery.js HTTP/1.1" 200 93868
202.8.43.100 - - [10/Jan/2025:02:42:59 +0100] "GET /ticket2/opencms/system/modules/com.gridnine.opencms.ticketbrokerage.site/resources/css/jquery.fancybox.css HTTP/1.1" 200 4939
202.8.43.100 - - [10/Jan/2025:02:43:00 +0100] "GET /ticket2/opencms/system/modules/com.gridnine.opencms.ticketbrokerage.site/resources/js/jquery/jquery-ui.js HTTP/1.1" 200 228088
202.8.43.100 - - [10/Jan/2025:02:43:00 +0100] "GET /ticket2/opencms/system/modules/com.gridnine.opencms.ticketbrokerage.site/resources/js/calendar.js HTTP/1.1" 200 49229
202.8.43.100 - - [10/Jan/2025:02:43:00 +0100] "GET /ticket2/opencms/system/modules/com.gridnine.opencms.ticketbrokerage.site/resources/js/functions.js HTTP/1.1" 200 1583
202.8.43.100 - - [10/Jan/2025:02:43:00 +0100] "GET /ticket2/opencms/system/modules/com.gridnine.opencms.ticketbrokerage.site/resources/js/calendar-en.js HTTP/1.1" 200 3338
202.8.43.100 - - [10/Jan/2025:02:43:00 +0100] "GET /ticket2/opencms/system/modules/com.gridnine.opencms.ticketbrokerage.site/resources/js/calendar-setup.js HTTP/1.1" 200 4923
202.8.43.100 - - [10/Jan/2025:02:43:00 +0100] "GET /ticket2/opencms/system/modules/com.gridnine.opencms.ticketbrokerage.site/resources/js/jquery.fancybox.pack.js HTTP/1.1" 200 23187
202.8.43.100 - - [10/Jan/2025:02:43:00 +0100] "GET /ticket2/opencms/system/modules/com.gridnine.opencms.ticketbrokerage.site/resources/js/standard.js HTTP/1.1" 200 3978
202.8.43.100 - - [10/Jan/2025:02:43:00 +0100] "GET /ticket2/opencms/system/modules/com.gridnine.opencms.ticketbrokerage.site/resources/js/stickyfill.min.js HTTP/1.1" 200 5672
202.8.43.100 - - [10/Jan/2025:02:43:00 +0100] "GET /ticket2/opencms/system/modules/com.gridnine.opencms.ticketbrokerage.site/resources/js/jquery.placeholder.min.js HTTP/1.1" 200 1737
202.8.43.100 - - [10/Jan/2025:02:43:00 +0100] "GET /ticket2/opencms/system/modules/com.gridnine.opencms.ticketbrokerage.site/resources/js/common-ajax.js HTTP/1.1" 200 20175
202.8.43.100 - - [10/Jan/2025:02:43:00 +0100] "GET /ticket2/opencms/sk/ask-form.html HTTP/1.1" 200 3156
202.8.43.100 - - [10/Jan/2025:02:43:00 +0100] "GET /ticket2/opencms/sk/ask-form.html HTTP/1.1" 200 3156
202.8.43.100 - - [10/Jan/2025:02:43:00 +0100] "GET /ticket2/opencms/system/modules/com.gridnine.opencms.ticketbrokerage.site/resources/css/ticketbrokerage.css HTTP/1.1" 200 39339
65.21.113.194 - - [10/Jan/2025:02:43:04 +0100] "GET /ticket2/opencms/uk/buy?page=1&edid=26467E66-E432-3709-0425-A75E81B5021A HTTP/1.1" 200 144474
40.77.167.7 - - [10/Jan/2025:02:43:10 +0100] "GET /ticket2/opencms/fr/ HTTP/1.1" 200 100854
66.249.64.132 - - [10/Jan/2025:02:43:13 +0100] "GET /ticket2/opencms/es/deporte/entradas-futbol/ligue-1/paris-saint-germain HTTP/1.1" 200 96257
185.191.171.11 - - [10/Jan/2025:02:43:15 +0100] "GET /ticket2/opencms/lt/sport/futbolo-bilietai/premier-league/wolverhampton HTTP/1.1" 200 101706
65.21.113.194 - - [10/Jan/2025:02:43:17 +0100] "GET /ticket2/opencms/uk/buy?page=1&edid=268D8165-50F1-AAA8-6C6A-3ABAD53C8B35 HTTP/1.1" 200 130557
66.249.76.1 - - [10/Jan/2025:02:43:17 +0100] "GET /ticket2/opencms/no/sport/fotballsbilletter/champions_league/atletico_madrid/ HTTP/1.1" 200 88271
194.38.23.18 - - [10/Jan/2025:02:43:21 +0100] "GET /ticket2/opencms/se/assets/js/elfinder/php/connector.php HTTP/1.1" 404 -
52.167.144.138 - - [10/Jan/2025:02:43:24 +0100] "GET /ticket2/opencms/fr/ HTTP/1.1" 200 100978
65.21.113.194 - - [10/Jan/2025:02:43:25 +0100] "GET /ticket2/opencms/uk/buy?page=1&edid=299450E2-FDAD-4E2B-0058-6290A7A2B57D HTTP/1.1" 200 156337
66.249.64.162 - - [10/Jan/2025:02:43:29 +0100] "GET /ticket2/opencms/dk/venue/?venueid=6379B58C-0142-402C-4D0E-AD80B641DF88 HTTP/1.1" 200 85356
65.21.113.194 - - [10/Jan/2025:02:43:30 +0100] "GET /ticket2/opencms/uk/buy?page=1&edid=2B44308E-1778-CFAE-7385-18758823F6EB HTTP/1.1" 200 150374
65.21.113.194 - - [10/Jan/2025:02:43:34 +0100] "GET /ticket2/opencms/uk/buy?page=1&edid=2C538FDD-3C52-6C4F-20BD-65D603C9DD1A HTTP/1.1" 200 114600
65.21.113.194 - - [10/Jan/2025:02:43:39 +0100] "GET /ticket2/opencms/uk/buy?page=1&edid=3289C097-2261-9433-8644-DF033A9EE354 HTTP/1.1" 200 144486
114.119.130.178 - - [10/Jan/2025:02:43:40 +0100] "GET /ticket2/opencms/en/venue/?venueid=624AC056-160F-0167-065E-997275B2D428 HTTP/1.1" 200 84953
47.128.124.118 - - [10/Jan/2025:02:43:40 +0100] "GET /ticket2/opencms/fi/venue/?venueid=4127EEBD-FCE3-EDFF-3B26-3C946EF7942B HTTP/1.1" 200 86677
85.208.96.196 - - [10/Jan/2025:02:43:42 +0100] "GET /ticket2/opencms/uk/about/press HTTP/1.1" 200 88950
65.21.113.194 - - [10/Jan/2025:02:43:45 +0100] "GET /ticket2/opencms/robots.txt HTTP/1.1" 200 773
65.21.113.194 - - [10/Jan/2025:02:43:45 +0100] "GET /ticket2/opencms/uk/buy?page=1&edid=348C0D4F-C07E-3755-DFEC-416D881A5AC9 HTTP/1.1" 200 125434
65.21.113.194 - - [10/Jan/2025:02:43:50 +0100] "GET /ticket2/opencms/uk/buy?page=1&edid=3583D5C7-607A-E528-A709-844E6A72DC1B HTTP/1.1" 200 144610
85.208.96.202 - - [10/Jan/2025:02:43:54 +0100] "GET /ticket2/opencms/sv/sport/fotbollsbiljetter/premier_league/wolverhampton/ HTTP/1.1" 200 99622
65.21.113.194 - - [10/Jan/2025:02:43:56 +0100] "GET /ticket2/opencms/uk/buy?page=1&edid=3F2482EE-6B7A-310D-17CE-1C7E3CC58C7F HTTP/1.1" 200 125360
85.208.96.202 - - [10/Jan/2025:02:43:59 +0100] "GET /ticket2/opencms/de/magazine/article?title=viktor-gyokeres-zu-manchester-united HTTP/1.1" 200 92256
65.21.113.194 - - [10/Jan/2025:02:43:59 +0100] "GET /ticket2/opencms/uk/buy?page=1&edid=4130944B-8419-6A0B-A839-9FB45260F568 HTTP/1.1" 200 114584
65.21.113.194 - - [10/Jan/2025:02:44:05 +0100] "GET /ticket2/opencms/uk/buy?page=1&edid=41CD7066-237A-B852-387D-3D5D7B688DF9 HTTP/1.1" 200 138869
65.21.113.194 - - [10/Jan/2025:02:44:09 +0100] "GET /ticket2/opencms/uk/buy?page=1&edid=4DFD725A-4EAE-5578-E2C8-F093AEA223CD HTTP/1.1" 200 144491
66.249.64.161 - - [10/Jan/2025:02:44:13 +0100] "GET /ticket2/opencms/dk/venue/?venueid=BCC58979-A0BB-82A8-394D-152CD294A8FC HTTP/1.1" 200 85478
65.21.113.194 - - [10/Jan/2025:02:44:18 +0100] "GET /ticket2/opencms/uk/buy?page=1&edid=5605B728-A815-14DD-9E19-09BABDE81131 HTTP/1.1" 200 138578
185.191.171.13 - - [10/Jan/2025:02:44:19 +0100] "GET /ticket2/opencms/sv/sport/fotbollsbiljetter/eredivisie/ HTTP/1.1" 200 91619
47.128.115.93 - - [10/Jan/2025:02:44:21 +0100] "GET /ticket2/opencms/be/buy?edid=B7C31852-4938-05B8-A23C-0248E7A3D5BA HTTP/1.1" 200 93125
40.77.167.45 - - [10/Jan/2025:02:44:22 +0100] "GET /ticket2/opencms/ro/magazine/article?title=liverpool-tottenham HTTP/1.1" 200 92381
66.249.64.161 - - [10/Jan/2025:02:44:22 +0100] "GET /ticket2/opencms/dk/venue/?venueid=255EC0A2-CFF1-A438-835D-B03A710178CE HTTP/1.1" 200 85441
65.21.113.194 - - [10/Jan/2025:02:44:23 +0100] "GET /ticket2/opencms/uk/buy?page=1&edid=56B38CDE-C52C-9D5C-A997-D65F4CB742AB HTTP/1.1" 200 144436
65.21.113.194 - - [10/Jan/2025:02:44:27 +0100] "GET /ticket2/opencms/uk/buy?page=1&edid=57449F59-3EAF-BBAB-4AC9-B7A456A32485 HTTP/1.1" 200 127582
85.208.96.199 - - [10/Jan/2025:02:44:32 +0100] "GET /ticket2/opencms/en/about/press/ HTTP/1.1" 200 88449
65.21.113.194 - - [10/Jan/2025:02:44:33 +0100] "GET /ticket2/opencms/uk/buy?page=1&edid=57C8D150-DCBD-4911-196A-160A37952FA8 HTTP/1.1" 200 138889
54.36.148.93 - - [10/Jan/2025:02:44:35 +0100] "GET /ticket2/opencms/no/buy?comcatid=A17713B6-D984-201A-4143-ED4DB5ED5C2E&catid=0A6C99D2-F5BD-7A18-9A5F-5668827042E0 HTTP/1.1" 200 6410
65.21.113.194 - - [10/Jan/2025:02:44:38 +0100] "GET /ticket2/opencms/uk/buy?page=1&edid=5CBB442D-D365-7F4F-B999-AA88D946C632 HTTP/1.1" 200 144439
65.21.113.194 - - [10/Jan/2025:02:44:42 +0100] "GET /ticket2/opencms/uk/buy?page=1&edid=5E608C7A-903B-E4BB-4868-5D83917347B8 HTTP/1.1" 200 152291
65.21.113.194 - - [10/Jan/2025:02:44:48 +0100] "GET /ticket2/opencms/uk/buy?page=1&edid=627DD27E-C54C-E728-A0EA-5E098C44319A HTTP/1.1" 200 125336
185.191.171.14 - - [10/Jan/2025:02:44:51 +0100] "GET /ticket2/opencms/es/magazine/article?title=everton HTTP/1.1" 200 91993
65.21.113.194 - - [10/Jan/2025:02:44:53 +0100] "GET /ticket2/opencms/uk/buy?page=1&edid=65C03F06-B4E6-0D65-D535-E007A0321D02 HTTP/1.1" 200 127606
65.21.113.194 - - [10/Jan/2025:02:44:59 +0100] "GET /ticket2/opencms/uk/buy?page=1&edid=66C22035-E7EA-E10A-4BFC-2C30733037DC HTTP/1.1" 200 139772
65.21.113.194 - - [10/Jan/2025:02:45:04 +0100] "GET /ticket2/opencms/uk/buy?page=1&edid=68B485F7-9483-6E4F-656D-602EE2AC621D HTTP/1.1" 200 139742
185.191.171.19 - - [10/Jan/2025:02:45:06 +0100] "GET /ticket2/opencms/fi/magazine/article?title=lionel-messin-viimeinen-kausi HTTP/1.1" 200 94242
85.208.96.193 - - [10/Jan/2025:02:45:06 +0100] "GET /ticket2/opencms/hr/magazine/article?title=otkrijte-la-ligu-uzivo-kupite-ulaznice-na-ticket2 HTTP/1.1" 200 93613
65.21.113.194 - - [10/Jan/2025:02:45:09 +0100] "GET /ticket2/opencms/uk/buy?page=1&edid=6900F69D-285C-3BF9-3103-7DA1DE82E367 HTTP/1.1" 200 125370
52.167.144.145 - - [10/Jan/2025:02:45:13 +0100] "GET /ticket2/opencms/et/buy/?page=1&edid=7D165939-BF98-0026-A2D4-02E534C6E447 HTTP/1.1" 200 111936
65.21.113.194 - - [10/Jan/2025:02:45:13 +0100] "GET /ticket2/opencms/uk/buy?page=1&edid=69802F7E-2013-4656-113E-ECD53B17933B HTTP/1.1" 200 125391
65.21.113.194 - - [10/Jan/2025:02:45:18 +0100] "GET /ticket2/opencms/uk/buy?page=1&edid=6A920F16-DD42-2262-3AA2-B83D5743F13A HTTP/1.1" 200 143694
185.191.171.11 - - [10/Jan/2025:02:45:23 +0100] "GET /ticket2/opencms/dk/magazine/article?title=om-fodboldholdet-liverpool-fc HTTP/1.1" 200 93134
185.191.171.13 - - [10/Jan/2025:02:45:24 +0100] "GET /ticket2/opencms/be/magazine/ HTTP/1.1" 200 150023
65.21.113.194 - - [10/Jan/2025:02:45:25 +0100] "GET /ticket2/opencms/uk/buy?page=1&edid=6C967880-E08B-3121-25D0-F145A5542A49 HTTP/1.1" 200 130643
185.191.171.16 - - [10/Jan/2025:02:45:27 +0100] "GET /ticket2/opencms/it/magazine/article?title=declan-rice HTTP/1.1" 200 92650
65.21.113.194 - - [10/Jan/2025:02:45:29 +0100] "GET /ticket2/opencms/uk/buy?page=1&edid=719E6B6D-707F-E825-E3AA-0E552980E1EB HTTP/1.1" 200 127540
185.191.171.6 - - [10/Jan/2025:02:45:30 +0100] "GET /ticket2/opencms/pl/magazine/article?title=brentford-fc-drugi-w-championship HTTP/1.1" 200 92484
85.208.96.201 - - [10/Jan/2025:02:45:32 +0100] "GET /ticket2/opencms/ka/magazine/article?title=em-motamasheebi-romlebits-gamoirchevian HTTP/1.1" 200 96606
66.249.64.130 - - [10/Jan/2025:02:45:34 +0100] "GET /ticket2/opencms/set_aff_cookie.jsp?partner=692E2C6A-EC6F-1C93-AFCC-C5ACC23A93EA&url=%252Fsv%252Fbuy%252Findex.html%253Fpage%253D1%2526edid%253D73A88563-7759-0E47-FDEF-C8A00CE04F94%2526hlv%253D66d038b1-d9f8-4e7b-98a7-738f0a01000f%2523v1524216946 HTTP/1.1" 200 246
85.208.96.197 - - [10/Jan/2025:02:45:37 +0100] "GET /ticket2/opencms/mo/magazine/article?title=manchester-city-7 HTTP/1.1" 200 95996
65.21.113.194 - - [10/Jan/2025:02:45:37 +0100] "GET /ticket2/opencms/uk/buy?page=1&edid=71A5516F-6BB3-FB63-461B-A9493E3B32DA HTTP/1.1" 200 127617
47.128.20.90 - - [10/Jan/2025:02:45:37 +0100] "GET /ticket2/opencms/ro/ HTTP/1.1" 200 100920
54.36.148.95 - - [10/Jan/2025:02:45:43 +0100] "GET /ticket2/opencms/sl/buy?page=1&edid=C448ACCE-4E2F-44DD-92FC-D2C00A7DD0E5 HTTP/1.1" 200 111837
66.249.89.67 - - [10/Jan/2025:02:45:44 +0100] "GET /ticket2/opencms/dk/sport/fodboldbilletter/ligue_1/paris_saint_germain/ HTTP/1.1" 200 91985
202.8.42.184 - - [10/Jan/2025:02:45:44 +0100] "GET /ticket2/opencms/system/modules/com.gridnine.opencms.ticketbrokerage.site/resources/css/jquery-ui.css HTTP/1.1" 200 33221
202.8.42.184 - - [10/Jan/2025:02:45:44 +0100] "GET /ticket2/opencms/system/modules/com.gridnine.opencms.ticketbrokerage.site/resources/css/jquery.fancybox.css HTTP/1.1" 200 4939
202.8.42.184 - - [10/Jan/2025:02:45:44 +0100] "GET /ticket2/opencms/system/modules/com.gridnine.opencms.ticketbrokerage.site/resources/css/calendar.css HTTP/1.1" 200 6871
202.8.42.184 - - [10/Jan/2025:02:45:44 +0100] "GET /ticket2/opencms/system/modules/com.gridnine.opencms.ticketbrokerage.site/resources/js/calendar-en.js HTTP/1.1" 200 3338
202.8.42.184 - - [10/Jan/2025:02:45:44 +0100] "GET /ticket2/opencms/system/modules/com.gridnine.opencms.ticketbrokerage.site/resources/css/ticketbrokerage.css HTTP/1.1" 200 39339
202.8.42.184 - - [10/Jan/2025:02:45:44 +0100] "GET /ticket2/opencms/system/modules/com.gridnine.opencms.ticketbrokerage.site/resources/css/standard.css HTTP/1.1" 200 73081
202.8.42.184 - - [10/Jan/2025:02:45:45 +0100] "GET /ticket2/opencms/system/modules/com.gridnine.opencms.ticketbrokerage.site/resources/js/calendar.js HTTP/1.1" 200 49229
202.8.42.184 - - [10/Jan/2025:02:45:45 +0100] "GET /ticket2/opencms/system/modules/com.gridnine.opencms.ticketbrokerage.site/resources/js/jquery/jquery-ui.js HTTP/1.1" 200 228088
202.8.42.184 - - [10/Jan/2025:02:45:45 +0100] "GET /ticket2/opencms/system/modules/com.gridnine.opencms.ticketbrokerage.site/resources/js/jquery.fancybox.pack.js HTTP/1.1" 200 23187
202.8.42.184 - - [10/Jan/2025:02:45:45 +0100] "GET /ticket2/opencms/system/modules/com.gridnine.opencms.ticketbrokerage.site/resources/js/stickyfill.min.js HTTP/1.1" 200 5672
202.8.42.184 - - [10/Jan/2025:02:45:45 +0100] "GET /ticket2/opencms/system/modules/com.gridnine.opencms.ticketbrokerage.site/resources/js/jquery/jquery.js HTTP/1.1" 200 93868
202.8.42.184 - - [10/Jan/2025:02:45:45 +0100] "GET /ticket2/opencms/system/modules/com.gridnine.opencms.ticketbrokerage.site/resources/js/functions.js HTTP/1.1" 200 1583
202.8.42.184 - - [10/Jan/2025:02:45:45 +0100] "GET /ticket2/opencms/system/modules/com.gridnine.opencms.ticketbrokerage.site/resources/js/calendar-setup.js HTTP/1.1" 200 4923
202.8.42.184 - - [10/Jan/2025:02:45:45 +0100] "GET /ticket2/opencms/system/modules/com.gridnine.opencms.ticketbrokerage.site/resources/js/standard.js HTTP/1.1" 200 3978
202.8.42.184 - - [10/Jan/2025:02:45:45 +0100] "GET /ticket2/opencms/system/modules/com.gridnine.opencms.ticketbrokerage.site/resources/js/jquery.placeholder.min.js HTTP/1.1" 200 1737
202.8.42.184 - - [10/Jan/2025:02:45:45 +0100] "GET /ticket2/opencms/system/modules/com.gridnine.opencms.ticketbrokerage.site/resources/js/common-ajax.js HTTP/1.1" 200 20175
202.8.42.184 - - [10/Jan/2025:02:45:45 +0100] "GET /ticket2/opencms/sl/ask-form.html HTTP/1.1" 200 3156
202.8.42.184 - - [10/Jan/2025:02:45:45 +0100] "GET /ticket2/opencms/sl/ask-form.html HTTP/1.1" 200 3156
47.128.41.83 - - [10/Jan/2025:02:45:45 +0100] "GET /ticket2/opencms/de/robots.txt HTTP/1.1" 404 -
202.8.42.184 - - [10/Jan/2025:02:45:45 +0100] "GET /ticket2/opencms/system/modules/com.gridnine.opencms.ticketbrokerage.site/resources/css/ticketbrokerage.css HTTP/1.1" 200 39339
202.8.42.184 - - [10/Jan/2025:02:45:45 +0100] "GET /ticket2/opencms/system/modules/com.gridnine.opencms.ticketbrokerage.site/resources/js/standard.js HTTP/1.1" 200 3978
65.21.113.194 - - [10/Jan/2025:02:45:48 +0100] "GET /ticket2/opencms/robots.txt HTTP/1.1" 200 773
65.21.113.194 - - [10/Jan/2025:02:45:49 +0100] "GET /ticket2/opencms/uk/buy?page=1&edid=72113169-CE1D-B963-8867-381A95276A39 HTTP/1.1" 200 115522
52.167.144.142 - - [10/Jan/2025:02:45:53 +0100] "GET /ticket2/opencms/de/buy/?page=1&edid=7FEA53CC-561A-BB4C-6D04-2BF6EF6C2401 HTTP/1.1" 200 109184
65.21.113.194 - - [10/Jan/2025:02:45:54 +0100] "GET /ticket2/opencms/uk/buy?page=1&edid=73ADC408-1051-3D3B-0D53-5DA8E608120E HTTP/1.1" 200 138549
52.167.144.142 - - [10/Jan/2025:02:45:55 +0100] "GET /ticket2/opencms/bs/ HTTP/1.1" 200 100657
65.21.113.194 - - [10/Jan/2025:02:46:01 +0100] "GET /ticket2/opencms/uk/buy?page=1&edid=750C6040-29F7-425D-A24F-51B977F415A3 HTTP/1.1" 200 139536
85.208.96.195 - - [10/Jan/2025:02:46:02 +0100] "GET /ticket2/opencms/nl/magazine/article?title=liverpool-vs-tottenham HTTP/1.1" 200 89754
65.21.113.194 - - [10/Jan/2025:02:46:07 +0100] "GET /ticket2/opencms/uk/buy?page=1&edid=7568E602-7C67-35D2-952F-D243F8930169 HTTP/1.1" 200 138546
66.249.64.130 - - [10/Jan/2025:02:46:08 +0100] "GET /ticket2/opencms/fi/buy/?page=1&edid=96E1C346-5B27-E6ED-B287-765781F576E7 HTTP/1.1" 200 112857
65.21.113.194 - - [10/Jan/2025:02:46:12 +0100] "GET /ticket2/opencms/uk/buy?page=1&edid=78E4B91C-1F75-6F0B-081E-2F48F65F6C41 HTTP/1.1" 200 114578
207.46.13.102 - - [10/Jan/2025:02:46:22 +0100] "GET /ticket2/opencms/sr/buy?page=1&edid=C4C24026-3ADF-F23A-0ABB-D3544847DDA2 HTTP/1.1" 200 110248
65.21.113.194 - - [10/Jan/2025:02:46:23 +0100] "GET /ticket2/opencms/uk/buy?page=1&edid=7D35F583-5000-190C-B2DC-8632905AF321 HTTP/1.1" 200 130638
101.44.24.76 - - [10/Jan/2025:02:46:26 +0100] "GET /ticket2/opencms/sv/konsertbiljetter/sting/ HTTP/1.1" 200 87425
114.119.146.220 - - [10/Jan/2025:02:46:29 +0100] "GET /ticket2/opencms/en/venue/?venueid=214162D4-F755-2444-761E-1B8A12025521 HTTP/1.1" 200 85027
65.21.113.194 - - [10/Jan/2025:02:46:30 +0100] "GET /ticket2/opencms/uk/buy?page=1&edid=7F2B1FEA-20FE-7448-32AC-111154CA401B HTTP/1.1" 200 139701
52.167.144.145 - - [10/Jan/2025:02:46:32 +0100] "GET /ticket2/opencms/uk/magazine/article?title=chelsea-fcs-and-their-fight-for-stability HTTP/1.1" 200 93755
52.167.144.219 - - [10/Jan/2025:02:46:35 +0100] "GET /ticket2/opencms/en/buy/?page=1&edid=50B41314-485A-DCFC-6E02-326077D4DE43 HTTP/1.1" 200 115977
114.119.141.206 - - [10/Jan/2025:02:46:36 +0100] "GET /ticket2/opencms/en/venue/?venueid=161A25A1-F416-8A38-C48B-CA3253B2326B HTTP/1.1" 200 85061
47.128.119.90 - - [10/Jan/2025:02:46:39 +0100] "GET /ticket2/opencms/hr/buy/?edid=E86F0F7D-1756-1185-7E08-E94436C5DD8E HTTP/1.1" 200 92608
65.21.113.194 - - [10/Jan/2025:02:46:42 +0100] "GET /ticket2/opencms/uk/buy?page=1&edid=7F8DD7AE-C02D-DBD7-A437-1943525E7DF2 HTTP/1.1" 200 138577
149.202.65.183 - - [10/Jan/2025:02:46:42 +0100] "GET /ticket2/opencms/robots.txt HTTP/1.1" 200 773
149.202.65.183 - - [10/Jan/2025:02:46:45 +0100] "GET /ticket2/opencms/lt/buy/?page=1&edid=FF78E5AF-B575-E137-254B-7D951914395E HTTP/1.1" 200 113258
85.208.96.197 - - [10/Jan/2025:02:46:47 +0100] "GET /ticket2/opencms/sl/login/?url=%25252Fsl%25252Fsell%25252F HTTP/1.1" 200 91257
65.21.113.194 - - [10/Jan/2025:02:46:47 +0100] "GET /ticket2/opencms/uk/buy?page=1&edid=8085E80D-BC8F-CDCF-7CC8-2F497FE082D3 HTTP/1.1" 200 139807
149.202.65.183 - - [10/Jan/2025:02:46:47 +0100] "GET /ticket2/opencms/lv/buy/?page=1&edid=511F4D14-32A6-951A-CF83-6CDB1707BEA4 HTTP/1.1" 200 109855
149.202.65.183 - - [10/Jan/2025:02:46:49 +0100] "GET /ticket2/opencms/lv/buy/?page=1&edid=54477DFC-A823-7169-8BE6-7FEB2AAE61EA HTTP/1.1" 200 113776
149.202.65.183 - - [10/Jan/2025:02:46:52 +0100] "GET /ticket2/opencms/lv/buy/?page=1&edid=71D4E1BC-3E8B-FCA3-2D7E-6A2406C27FA6 HTTP/1.1" 200 113193
65.21.113.194 - - [10/Jan/2025:02:46:53 +0100] "GET /ticket2/opencms/uk/buy?page=1&edid=81CABF18-BA6D-C79B-B74D-94D66EB07C86 HTTP/1.1" 200 138613
149.202.65.183 - - [10/Jan/2025:02:46:54 +0100] "GET /ticket2/opencms/lv/buy/?page=1&edid=72D44309-5F0D-DDAA-4152-51321DBF919E HTTP/1.1" 200 109068
185.191.171.13 - - [10/Jan/2025:02:46:56 +0100] "GET /ticket2/opencms/sv/sport/fotbollsbiljetter/premier_league/aston_villa/ HTTP/1.1" 200 99383
149.202.65.183 - - [10/Jan/2025:02:46:57 +0100] "GET /ticket2/opencms/lv/buy/?page=1&edid=76C5B12B-5A01-4B43-4951-01FB8B03F367 HTTP/1.1" 200 113126
65.21.113.194 - - [10/Jan/2025:02:46:58 +0100] "GET /ticket2/opencms/uk/buy?page=1&edid=86A7D428-8E42-C0D0-846E-90C83426D4AE HTTP/1.1" 200 127551
149.202.65.183 - - [10/Jan/2025:02:46:59 +0100] "GET /ticket2/opencms/lv/buy/?page=1&edid=78DAC12B-37C2-8767-69E1-3ACF75009F29 HTTP/1.1" 200 113162
149.202.65.183 - - [10/Jan/2025:02:47:02 +0100] "GET /ticket2/opencms/lv/buy/?page=1&edid=7A1DF71C-A099-266B-FA44-13983A11D037 HTTP/1.1" 200 109020
54.36.148.221 - - [10/Jan/2025:02:47:02 +0100] "GET /ticket2/opencms/hu/buy?page=1&edid=C448ACCE-4E2F-44DD-92FC-D2C00A7DD0E5 HTTP/1.1" 200 112283
65.21.113.194 - - [10/Jan/2025:02:47:03 +0100] "GET /ticket2/opencms/uk/buy?page=1&edid=8D916C6C-0A69-41F7-4678-427710F013C6 HTTP/1.1" 200 141181
202.8.41.227 - - [10/Jan/2025:02:47:04 +0100] "GET /ticket2/opencms/system/modules/com.gridnine.opencms.ticketbrokerage.site/resources/css/ticketbrokerage.css HTTP/1.1" 200 39339
202.8.41.227 - - [10/Jan/2025:02:47:04 +0100] "GET /ticket2/opencms/system/modules/com.gridnine.opencms.ticketbrokerage.site/resources/css/jquery-ui.css HTTP/1.1" 200 33221
202.8.41.227 - - [10/Jan/2025:02:47:04 +0100] "GET /ticket2/opencms/system/modules/com.gridnine.opencms.ticketbrokerage.site/resources/css/calendar.css HTTP/1.1" 200 6871
202.8.41.227 - - [10/Jan/2025:02:47:04 +0100] "GET /ticket2/opencms/system/modules/com.gridnine.opencms.ticketbrokerage.site/resources/css/standard.css HTTP/1.1" 200 73081
202.8.41.227 - - [10/Jan/2025:02:47:04 +0100] "GET /ticket2/opencms/system/modules/com.gridnine.opencms.ticketbrokerage.site/resources/css/jquery.fancybox.css HTTP/1.1" 200 4939
202.8.41.227 - - [10/Jan/2025:02:47:04 +0100] "GET /ticket2/opencms/system/modules/com.gridnine.opencms.ticketbrokerage.site/resources/js/jquery/jquery.js HTTP/1.1" 200 93868
202.8.41.227 - - [10/Jan/2025:02:47:04 +0100] "GET /ticket2/opencms/system/modules/com.gridnine.opencms.ticketbrokerage.site/resources/js/functions.js HTTP/1.1" 200 1583
202.8.41.227 - - [10/Jan/2025:02:47:04 +0100] "GET /ticket2/opencms/system/modules/com.gridnine.opencms.ticketbrokerage.site/resources/js/calendar-en.js HTTP/1.1" 200 3338
202.8.41.227 - - [10/Jan/2025:02:47:04 +0100] "GET /ticket2/opencms/system/modules/com.gridnine.opencms.ticketbrokerage.site/resources/js/jquery/jquery-ui.js HTTP/1.1" 200 228088
202.8.41.227 - - [10/Jan/2025:02:47:04 +0100] "GET /ticket2/opencms/system/modules/com.gridnine.opencms.ticketbrokerage.site/resources/js/calendar.js HTTP/1.1" 200 49229
202.8.41.227 - - [10/Jan/2025:02:47:04 +0100] "GET /ticket2/opencms/system/modules/com.gridnine.opencms.ticketbrokerage.site/resources/js/calendar-setup.js HTTP/1.1" 200 4923
202.8.41.227 - - [10/Jan/2025:02:47:04 +0100] "GET /ticket2/opencms/system/modules/com.gridnine.opencms.ticketbrokerage.site/resources/js/stickyfill.min.js HTTP/1.1" 200 5672
202.8.41.227 - - [10/Jan/2025:02:47:04 +0100] "GET /ticket2/opencms/system/modules/com.gridnine.opencms.ticketbrokerage.site/resources/js/jquery.fancybox.pack.js HTTP/1.1" 200 23187
202.8.41.227 - - [10/Jan/2025:02:47:04 +0100] "GET /ticket2/opencms/system/modules/com.gridnine.opencms.ticketbrokerage.site/resources/js/standard.js HTTP/1.1" 200 3978
202.8.41.227 - - [10/Jan/2025:02:47:04 +0100] "GET /ticket2/opencms/system/modules/com.gridnine.opencms.ticketbrokerage.site/resources/js/jquery.placeholder.min.js HTTP/1.1" 200 1737
202.8.41.227 - - [10/Jan/2025:02:47:04 +0100] "GET /ticket2/opencms/system/modules/com.gridnine.opencms.ticketbrokerage.site/resources/js/common-ajax.js HTTP/1.1" 200 20175
202.8.41.227 - - [10/Jan/2025:02:47:04 +0100] "GET /ticket2/opencms/hu/ask-form.html HTTP/1.1" 200 3156
202.8.41.227 - - [10/Jan/2025:02:47:04 +0100] "GET /ticket2/opencms/system/modules/com.gridnine.opencms.ticketbrokerage.site/resources/css/ticketbrokerage.css HTTP/1.1" 200 39339
149.202.65.183 - - [10/Jan/2025:02:47:06 +0100] "GET /ticket2/opencms/lv/buy/?page=1&edid=7BAEEA3D-18C2-CB24-B052-7EDDE423375B HTTP/1.1" 200 112941
149.202.65.183 - - [10/Jan/2025:02:47:09 +0100] "GET /ticket2/opencms/lv/buy/?page=1&edid=7BE90269-DBC0-BFB1-C2F9-B69F286E753D HTTP/1.1" 200 113804
65.21.113.194 - - [10/Jan/2025:02:47:09 +0100] "GET /ticket2/opencms/uk/buy?page=1&edid=8E8E9404-172C-6C57-7F68-EAFC3F95D1AC HTTP/1.1" 200 139715
54.36.148.235 - - [10/Jan/2025:02:47:10 +0100] "GET /ticket2/opencms/be HTTP/1.1" 200 102225
202.8.40.11 - - [10/Jan/2025:02:47:12 +0100] "GET /ticket2/opencms/system/modules/com.gridnine.opencms.ticketbrokerage.site/resources/css/calendar.css HTTP/1.1" 200 6871
202.8.40.11 - - [10/Jan/2025:02:47:12 +0100] "GET /ticket2/opencms/system/modules/com.gridnine.opencms.ticketbrokerage.site/resources/css/jquery-ui.css HTTP/1.1" 200 33221
202.8.40.11 - - [10/Jan/2025:02:47:12 +0100] "GET /ticket2/opencms/system/modules/com.gridnine.opencms.ticketbrokerage.site/resources/css/ticketbrokerage.css HTTP/1.1" 200 39339
202.8.40.11 - - [10/Jan/2025:02:47:12 +0100] "GET /ticket2/opencms/system/modules/com.gridnine.opencms.ticketbrokerage.site/resources/css/standard.css HTTP/1.1" 200 73081
202.8.40.11 - - [10/Jan/2025:02:47:12 +0100] "GET /ticket2/opencms/system/modules/com.gridnine.opencms.ticketbrokerage.site/resources/css/jquery.fancybox.css HTTP/1.1" 200 4939
202.8.40.11 - - [10/Jan/2025:02:47:12 +0100] "GET /ticket2/opencms/system/modules/com.gridnine.opencms.ticketbrokerage.site/resources/js/jquery/jquery.js HTTP/1.1" 200 93868
149.202.65.183 - - [10/Jan/2025:02:47:12 +0100] "GET /ticket2/opencms/lv/buy/?page=1&edid=7C4137B7-7BEA-6AEA-3744-9326C854C47E HTTP/1.1" 200 109826
202.8.40.11 - - [10/Jan/2025:02:47:12 +0100] "GET /ticket2/opencms/system/modules/com.gridnine.opencms.ticketbrokerage.site/resources/js/jquery/jquery-ui.js HTTP/1.1" 200 228088
202.8.40.11 - - [10/Jan/2025:02:47:12 +0100] "GET /ticket2/opencms/system/modules/com.gridnine.opencms.ticketbrokerage.site/resources/js/calendar.js HTTP/1.1" 200 49229
202.8.40.11 - - [10/Jan/2025:02:47:12 +0100] "GET /ticket2/opencms/system/modules/com.gridnine.opencms.ticketbrokerage.site/resources/js/functions.js HTTP/1.1" 200 1583
202.8.40.11 - - [10/Jan/2025:02:47:12 +0100] "GET /ticket2/opencms/system/modules/com.gridnine.opencms.ticketbrokerage.site/resources/js/calendar-en.js HTTP/1.1" 200 3338
202.8.40.11 - - [10/Jan/2025:02:47:12 +0100] "GET /ticket2/opencms/system/modules/com.gridnine.opencms.ticketbrokerage.site/resources/js/calendar-setup.js HTTP/1.1" 200 4923
202.8.40.11 - - [10/Jan/2025:02:47:12 +0100] "GET /ticket2/opencms/system/modules/com.gridnine.opencms.ticketbrokerage.site/resources/js/stickyfill.min.js HTTP/1.1" 200 5672
202.8.40.11 - - [10/Jan/2025:02:47:12 +0100] "GET /ticket2/opencms/system/modules/com.gridnine.opencms.ticketbrokerage.site/resources/js/jquery.fancybox.pack.js HTTP/1.1" 200 23187
202.8.40.11 - - [10/Jan/2025:02:47:12 +0100] "GET /ticket2/opencms/system/modules/com.gridnine.opencms.ticketbrokerage.site/resources/js/standard.js HTTP/1.1" 200 3978
202.8.40.11 - - [10/Jan/2025:02:47:12 +0100] "GET /ticket2/opencms/system/modules/com.gridnine.opencms.ticketbrokerage.site/resources/js/jquery.placeholder.min.js HTTP/1.1" 200 1737
202.8.40.11 - - [10/Jan/2025:02:47:12 +0100] "GET /ticket2/opencms/system/modules/com.gridnine.opencms.ticketbrokerage.site/resources/js/common-ajax.js HTTP/1.1" 200 20175
54.36.148.153 - - [10/Jan/2025:02:47:14 +0100] "GET /ticket2/opencms/uk/buy?page=1&edid=C448ACCE-4E2F-44DD-92FC-D2C00A7DD0E5 HTTP/1.1" 200 114399
149.202.65.183 - - [10/Jan/2025:02:47:14 +0100] "GET /ticket2/opencms/lv/buy/?page=1&edid=7C66830B-04B4-AE40-EDE3-9E8728F88692 HTTP/1.1" 200 109780
202.8.40.229 - - [10/Jan/2025:02:47:15 +0100] "GET /ticket2/opencms/system/modules/com.gridnine.opencms.ticketbrokerage.site/resources/css/calendar.css HTTP/1.1" 200 6871
202.8.40.229 - - [10/Jan/2025:02:47:15 +0100] "GET /ticket2/opencms/system/modules/com.gridnine.opencms.ticketbrokerage.site/resources/css/jquery.fancybox.css HTTP/1.1" 200 4939
202.8.40.229 - - [10/Jan/2025:02:47:15 +0100] "GET /ticket2/opencms/system/modules/com.gridnine.opencms.ticketbrokerage.site/resources/css/jquery-ui.css HTTP/1.1" 200 33221
202.8.40.229 - - [10/Jan/2025:02:47:15 +0100] "GET /ticket2/opencms/system/modules/com.gridnine.opencms.ticketbrokerage.site/resources/css/ticketbrokerage.css HTTP/1.1" 200 39339
202.8.40.229 - - [10/Jan/2025:02:47:15 +0100] "GET /ticket2/opencms/system/modules/com.gridnine.opencms.ticketbrokerage.site/resources/css/standard.css HTTP/1.1" 200 73081
202.8.40.229 - - [10/Jan/2025:02:47:15 +0100] "GET /ticket2/opencms/system/modules/com.gridnine.opencms.ticketbrokerage.site/resources/js/jquery/jquery.js HTTP/1.1" 200 93868
202.8.40.229 - - [10/Jan/2025:02:47:15 +0100] "GET /ticket2/opencms/system/modules/com.gridnine.opencms.ticketbrokerage.site/resources/js/jquery/jquery-ui.js HTTP/1.1" 200 228088
202.8.40.229 - - [10/Jan/2025:02:47:15 +0100] "GET /ticket2/opencms/system/modules/com.gridnine.opencms.ticketbrokerage.site/resources/js/calendar.js HTTP/1.1" 200 49229
202.8.40.229 - - [10/Jan/2025:02:47:15 +0100] "GET /ticket2/opencms/system/modules/com.gridnine.opencms.ticketbrokerage.site/resources/js/functions.js HTTP/1.1" 200 1583
202.8.40.229 - - [10/Jan/2025:02:47:15 +0100] "GET /ticket2/opencms/system/modules/com.gridnine.opencms.ticketbrokerage.site/resources/js/calendar-en.js HTTP/1.1" 200 3338
202.8.40.229 - - [10/Jan/2025:02:47:15 +0100] "GET /ticket2/opencms/system/modules/com.gridnine.opencms.ticketbrokerage.site/resources/js/calendar-setup.js HTTP/1.1" 200 4923
202.8.40.229 - - [10/Jan/2025:02:47:15 +0100] "GET /ticket2/opencms/system/modules/com.gridnine.opencms.ticketbrokerage.site/resources/js/stickyfill.min.js HTTP/1.1" 200 5672
202.8.40.229 - - [10/Jan/2025:02:47:15 +0100] "GET /ticket2/opencms/system/modules/com.gridnine.opencms.ticketbrokerage.site/resources/js/jquery.fancybox.pack.js HTTP/1.1" 200 23187
202.8.40.229 - - [10/Jan/2025:02:47:15 +0100] "GET /ticket2/opencms/system/modules/com.gridnine.opencms.ticketbrokerage.site/resources/js/standard.js HTTP/1.1" 200 3978
202.8.40.229 - - [10/Jan/2025:02:47:15 +0100] "GET /ticket2/opencms/system/modules/com.gridnine.opencms.ticketbrokerage.site/resources/js/jquery.placeholder.min.js HTTP/1.1" 200 1737
202.8.40.229 - - [10/Jan/2025:02:47:16 +0100] "GET /ticket2/opencms/system/modules/com.gridnine.opencms.ticketbrokerage.site/resources/js/common-ajax.js HTTP/1.1" 200 20175
202.8.40.229 - - [10/Jan/2025:02:47:16 +0100] "GET /ticket2/opencms/uk/ask-form.html HTTP/1.1" 200 3156
202.8.40.229 - - [10/Jan/2025:02:47:16 +0100] "GET /ticket2/opencms/system/modules/com.gridnine.opencms.ticketbrokerage.site/resources/css/ticketbrokerage.css HTTP/1.1" 200 39339
149.202.65.183 - - [10/Jan/2025:02:47:17 +0100] "GET /ticket2/opencms/lv/buy/?page=1&edid=7E0CE59A-F22E-9FBB-1FD3-8B411A5307E8 HTTP/1.1" 200 109842
65.21.113.194 - - [10/Jan/2025:02:47:20 +0100] "GET /ticket2/opencms/uk/buy?page=1&edid=8EDDEFFC-C774-BA86-C4CF-809A20DBCDCB HTTP/1.1" 200 125360
149.202.65.183 - - [10/Jan/2025:02:47:20 +0100] "GET /ticket2/opencms/lv/buy/?page=1&edid=7E6B20C5-BD2D-407F-42B7-8CC29EE36D66 HTTP/1.1" 200 109888
185.191.171.2 - - [10/Jan/2025:02:47:23 +0100] "GET /ticket2/opencms/robots.txt HTTP/1.1" 200 773
149.202.65.183 - - [10/Jan/2025:02:47:23 +0100] "GET /ticket2/opencms/lv/buy/?page=1&edid=7F799A34-A2BE-D291-CE84-29C608B78F94 HTTP/1.1" 200 113028
185.191.171.6 - - [10/Jan/2025:02:47:24 +0100] "GET /ticket2/opencms/ka/magazine/article?title=lionel-messi-ert-erti-qvela-drois-qvelaze-sasurveli-talanti HTTP/1.1" 200 97832
65.21.113.194 - - [10/Jan/2025:02:47:25 +0100] "GET /ticket2/opencms/uk/buy?page=1&edid=8EF7EC9D-9BC8-1DEC-C27C-0541D5C5F471 HTTP/1.1" 200 130593
149.202.65.183 - - [10/Jan/2025:02:47:26 +0100] "GET /ticket2/opencms/lv/buy/?page=1&edid=82294719-A884-72E5-3D48-302FB79F968E HTTP/1.1" 200 113058
149.202.65.183 - - [10/Jan/2025:02:47:29 +0100] "GET /ticket2/opencms/lv/buy/?page=1&edid=850C8A8B-2F46-2A88-A8B6-9412FF2064CB HTTP/1.1" 200 109868
149.202.65.183 - - [10/Jan/2025:02:47:31 +0100] "GET /ticket2/opencms/lv/buy/?page=1&edid=8511D7F3-A63B-C276-6B14-62BF43C406E7 HTTP/1.1" 200 109737
65.21.113.194 - - [10/Jan/2025:02:47:32 +0100] "GET /ticket2/opencms/uk/buy?page=1&edid=8F340A1C-D664-7FDD-8257-FE31525DAB7C HTTP/1.1" 200 139505
149.202.65.183 - - [10/Jan/2025:02:47:34 +0100] "GET /ticket2/opencms/lv/buy/?page=1&edid=86551C8A-2BF5-6EB9-E5C9-54A1AFF44009 HTTP/1.1" 200 113077
65.21.113.194 - - [10/Jan/2025:02:47:36 +0100] "GET /ticket2/opencms/uk/buy?page=1&edid=9905BE36-3483-E35C-D446-E28B848EF37B HTTP/1.1" 200 125374
149.202.65.183 - - [10/Jan/2025:02:47:37 +0100] "GET /ticket2/opencms/lv/buy/?page=1&edid=87A2FE39-F475-6FCD-8F85-64E23F35FA22 HTTP/1.1" 200 113817
149.202.65.183 - - [10/Jan/2025:02:47:39 +0100] "GET /ticket2/opencms/lv/buy/?page=1&edid=88425711-85E0-F060-738C-F8CF4B007BB9 HTTP/1.1" 200 113265
47.128.16.30 - - [10/Jan/2025:02:47:39 +0100] "GET /ticket2/opencms/is/buying_tickets HTTP/1.1" 200 88571
47.128.16.30 - - [10/Jan/2025:02:47:41 +0100] "GET /ticket2/opencms/system/modules/com.gridnine.opencms.ticketbrokerage.site/resources/pics/logo-new.png HTTP/1.1" 200 13541
47.128.16.30 - - [10/Jan/2025:02:47:41 +0100] "GET /ticket2/opencms/system/modules/com.gridnine.opencms.ticketbrokerage.site/resources/css/images/event-banner.png HTTP/1.1" 404 -
65.21.113.194 - - [10/Jan/2025:02:47:42 +0100] "GET /ticket2/opencms/uk/buy?page=1&edid=99C77A16-8AF9-4675-97DE-42A41C4ECB4F HTTP/1.1" 200 134158
149.202.65.183 - - [10/Jan/2025:02:47:42 +0100] "GET /ticket2/opencms/lv/buy/?page=1&edid=8A4BD3C0-720E-C7F3-26B8-C1C8D72D0618 HTTP/1.1" 200 111985
149.202.65.183 - - [10/Jan/2025:02:47:45 +0100] "GET /ticket2/opencms/lv/buy/?page=1&edid=8B25B5F1-10DD-C634-68A4-F2AA7802B8FF HTTP/1.1" 200 113080
65.21.113.194 - - [10/Jan/2025:02:47:47 +0100] "GET /ticket2/opencms/uk/buy?page=1&edid=99D270B3-917E-FD4A-2998-A2CE577033E4 HTTP/1.1" 200 114636
149.202.65.183 - - [10/Jan/2025:02:47:48 +0100] "GET /ticket2/opencms/lv/buy/?page=1&edid=8B2EF130-37EC-A547-CC41-754692687217 HTTP/1.1" 200 113717
149.202.65.183 - - [10/Jan/2025:02:47:51 +0100] "GET /ticket2/opencms/lv/buy/?page=1&edid=8DA9D1EA-2F7E-8136-071B-749FF836435A HTTP/1.1" 200 112487
149.202.65.183 - - [10/Jan/2025:02:47:54 +0100] "GET /ticket2/opencms/lv/buy/?page=1&edid=8DE7A210-45E0-8C09-63EA-28CBA5412C0E HTTP/1.1" 200 112889
65.21.113.194 - - [10/Jan/2025:02:47:54 +0100] "GET /ticket2/opencms/robots.txt HTTP/1.1" 200 773
65.21.113.194 - - [10/Jan/2025:02:47:54 +0100] "GET /ticket2/opencms/uk/buy?page=1&edid=9A56F165-F35D-9973-F50A-5FE9863E2B16 HTTP/1.1" 200 114636
149.202.65.183 - - [10/Jan/2025:02:47:57 +0100] "GET /ticket2/opencms/lv/buy/?page=1&edid=8F667742-82CA-58AF-CDE5-8AF8B975D8C3 HTTP/1.1" 200 109865
149.202.65.183 - - [10/Jan/2025:02:48:00 +0100] "GET /ticket2/opencms/lv/buy/?page=1&edid=91870084-7155-79A9-A57C-A68AF475B93F HTTP/1.1" 200 112538
149.202.65.183 - - [10/Jan/2025:02:48:03 +0100] "GET /ticket2/opencms/lv/buy/?page=1&edid=9298EE47-1A7F-20BC-182D-AD5062126FDE HTTP/1.1" 200 112807
54.36.148.169 - - [10/Jan/2025:02:48:03 +0100] "GET /ticket2/opencms/hr/buy?page=1&edid=59FF6FC0-0E24-887E-599D-D93F8931961C HTTP/1.1" 200 111847
65.21.113.194 - - [10/Jan/2025:02:48:05 +0100] "GET /ticket2/opencms/uk/buy?page=1&edid=9CB65BAE-DCD8-2D95-397D-813CF31BA500 HTTP/1.1" 200 138518
149.202.65.183 - - [10/Jan/2025:02:48:06 +0100] "GET /ticket2/opencms/lv/buy/?page=1&edid=92DF4928-935F-6F67-3394-E1ED2A861E35 HTTP/1.1" 200 113174
185.191.171.3 - - [10/Jan/2025:02:48:07 +0100] "GET /ticket2/opencms/el/magazine/article?title=pws-prepei-h-mantsester-gioynaitent-na-diaxeiristei-thn-krish HTTP/1.1" 200 95223
149.202.65.183 - - [10/Jan/2025:02:48:09 +0100] "GET /ticket2/opencms/lv/buy/?page=1&edid=9C1842C0-A65C-9F9B-BA5D-DF1D7B676CD8 HTTP/1.1" 200 109816
185.191.171.3 - - [10/Jan/2025:02:48:09 +0100] "GET /ticket2/opencms/mt/buy_safety/ HTTP/1.1" 200 89211
65.21.113.194 - - [10/Jan/2025:02:48:11 +0100] "GET /ticket2/opencms/uk/buy?page=1&edid=A2A4078E-C8E8-C113-199B-69C1FEB231B0 HTTP/1.1" 200 139113
149.202.65.183 - - [10/Jan/2025:02:48:11 +0100] "GET /ticket2/opencms/lv/buy/?page=1&edid=9CCD077D-37B3-9B78-6C00-638D5EF944FD HTTP/1.1" 200 109712
149.202.65.183 - - [10/Jan/2025:02:48:14 +0100] "GET /ticket2/opencms/lv/buy/?page=1&edid=9CF0F0F7-E52F-C803-4AE8-4F1A3B811071 HTTP/1.1" 200 109816
65.21.113.194 - - [10/Jan/2025:02:48:18 +0100] "GET /ticket2/opencms/uk/buy?page=1&edid=A9140ADD-E008-579D-7865-3C1E6B6E78F6 HTTP/1.1" 200 114563
65.21.113.194 - - [10/Jan/2025:02:48:23 +0100] "GET /ticket2/opencms/uk/buy?page=1&edid=B089B4B8-933D-AB70-BE65-2A133877E5AC HTTP/1.1" 200 139746
85.208.96.195 - - [10/Jan/2025:02:48:23 +0100] "GET /ticket2/opencms/it/buy_safety HTTP/1.1" 200 91970
52.167.144.145 - - [10/Jan/2025:02:48:24 +0100] "GET /ticket2/opencms/en/buy/?id=FCA7FF95-260A-464B-B6FF-A820FCE7DFEF HTTP/1.1" 200 6410
85.208.96.199 - - [10/Jan/2025:02:48:25 +0100] "GET /ticket2/opencms/pl/magazine/article?title=mecz-pelen-dramaturgii-pomiedzy-tottenhamem-a-chelsea HTTP/1.1" 200 93913
65.21.113.194 - - [10/Jan/2025:02:48:30 +0100] "GET /ticket2/opencms/uk/buy?page=1&edid=B7C31852-4938-05B8-A23C-0248E7A3D5BA HTTP/1.1" 200 136807
85.208.96.198 - - [10/Jan/2025:02:48:30 +0100] "GET /ticket2/opencms/fi/magazine/article?title=milta-nayttaa-alexander-isakin-tulevaisuus HTTP/1.1" 200 93066
65.21.113.194 - - [10/Jan/2025:02:48:34 +0100] "GET /ticket2/opencms/uk/buy?page=1&edid=B8EF6180-227A-800A-63E5-9809623FC791 HTTP/1.1" 200 130574
114.119.152.134 - - [10/Jan/2025:02:48:36 +0100] "GET /ticket2/opencms/en/venue/?venueid=4B59E4CA-1599-6119-1C68-7B9E529278FF HTTP/1.1" 200 85049
185.191.171.18 - - [10/Jan/2025:02:48:37 +0100] "GET /ticket2/opencms/en/search.html?searchQuery=liverpool&submit HTTP/1.1" 200 107761
65.21.113.194 - - [10/Jan/2025:02:48:41 +0100] "GET /ticket2/opencms/uk/buy?page=1&edid=B922C762-2087-3C97-2B1F-F0A83EAFF02E HTTP/1.1" 200 111189
85.208.96.193 - - [10/Jan/2025:02:48:46 +0100] "GET /ticket2/opencms/de/magazine/article?title=analyse-so-sehr-haben-sich-die-ticketpreise-der-premier-league-erhoht-liverpool-und-arsenal-sind-am-teuersten HTTP/1.1" 200 100533
157.55.39.196 - - [10/Jan/2025:02:48:52 +0100] "GET /ticket2/opencms/be/buy/?page=1&edid=8A15C340-B6C2-2F43-473C-6069B2AC1544 HTTP/1.1" 200 114213
65.21.113.194 - - [10/Jan/2025:02:48:53 +0100] "GET /ticket2/opencms/uk/buy?page=1&edid=B9A56D83-AD94-045F-A8C5-86B02F52A7C5 HTTP/1.1" 200 148599
47.128.32.255 - - [10/Jan/2025:02:48:57 +0100] "GET /ticket2/opencms/ka/buy/?edid=4D95C4E4-B7FF-C71E-110D-D09544A9044A HTTP/1.1" 200 94697
190.233.133.184 - - [10/Jan/2025:02:49:00 +0100] "GET /ticket2/opencms/img/isak_newcastle.jpg HTTP/1.1" 200 1187862
