81.167.26.57 - - [10/Jan/2025:00:49:39 +0100] "GET /ticket2/opencms/no/sport/fotballsbilletter/champions_league/valencia/ HTTP/1.1" 200 88349
85.208.96.205 - - [10/Jan/2025:00:49:41 +0100] "GET /ticket2/opencms/sk/magazine/article?title=kupte-si-listky-na-bundesligu-na-ticket2com HTTP/1.1" 200 92817
94.23.203.86 - - [10/Jan/2025:00:49:42 +0100] "GET /ticket2/opencms/en/login/?edid=0ECA6A8B-636A-1FBD-9689-7CD6F548B266 HTTP/1.1" 200 89823
81.167.26.57 - - [10/Jan/2025:00:49:43 +0100] "GET /ticket2/opencms/sv/login/?edid=4FA830E2-C33E-85F2-48C9-4764419401D5 HTTP/1.1" 200 90687
85.208.96.193 - - [10/Jan/2025:00:49:43 +0100] "GET /ticket2/opencms/en/magazine/article?title=manchester-united-vs-arsenal HTTP/1.1" 200 90795
65.21.113.194 - - [10/Jan/2025:00:49:44 +0100] "GET /ticket2/opencms/sv/buy/?page=1&edid=0637523A-01E7-1EC6-C82E-6B403F8C3BC7 HTTP/1.1" 200 108671
216.244.66.238 - - [10/Jan/2025:00:49:45 +0100] "GET /ticket2/opencms/dk/sv/venue/?venueid=C3D39467-A630-2C6E-5B84-720FB12B944B HTTP/1.1" 404 -
81.167.26.57 - - [10/Jan/2025:00:49:46 +0100] "GET /ticket2/opencms/sv/login/?edid=5588B8CD-BB26-BC2D-8DA2-0851F243FD51 HTTP/1.1" 200 90710
81.167.26.57 - - [10/Jan/2025:00:49:48 +0100] "GET /ticket2/opencms/sv/sport/fotbollsbiljetter/english-championship/cardiff/ HTTP/1.1" 200 93482
157.55.39.196 - - [10/Jan/2025:00:49:48 +0100] "GET /ticket2/opencms/ga/buy?page=1&edid=3DC10428-EBBF-D3B7-0A78-4C48F7A09E58 HTTP/1.1" 200 110249
94.23.203.86 - - [10/Jan/2025:00:49:49 +0100] "GET /ticket2/opencms/en/login/?edid=1089C851-3ADB-FA6E-BF29-ABD5EF108944 HTTP/1.1" 200 89841
65.21.113.194 - - [10/Jan/2025:00:49:50 +0100] "GET /ticket2/opencms/sv/buy/?page=1&edid=06705915-48BC-4B18-DCA3-6852610647C3 HTTP/1.1" 200 114680
85.208.96.201 - - [10/Jan/2025:00:49:51 +0100] "GET /ticket2/opencms/ga/magazine/article?title=raphael-varane-nyaa-ne-nnema-mu-31-af-ase HTTP/1.1" 200 93355
85.208.96.202 - - [10/Jan/2025:00:49:52 +0100] "GET /ticket2/opencms/robots.txt HTTP/1.1" 200 773
216.244.66.238 - - [10/Jan/2025:00:49:52 +0100] "GET /ticket2/opencms/is/buy?page=1&edid=39D2D755-8464-8F52-377C-8885A51D4032 HTTP/1.1" 200 112489
85.208.96.203 - - [10/Jan/2025:00:49:53 +0100] "GET /ticket2/opencms/tr/magazine/article?title=kylian-mbappe HTTP/1.1" 200 93754
65.21.113.194 - - [10/Jan/2025:00:49:55 +0100] "GET /ticket2/opencms/sv/buy/?page=1&edid=06DFD1FD-C998-D215-F69E-5752E4CF3A89 HTTP/1.1" 200 108751
157.55.39.200 - - [10/Jan/2025:00:49:56 +0100] "GET /ticket2/opencms/tr/buy?page=1&edid=D96122AD-C3AA-80F5-DDA8-935E03AE952D HTTP/1.1" 200 136233
94.23.203.86 - - [10/Jan/2025:00:49:56 +0100] "GET /ticket2/opencms/en/login/?edid=10C3AE1B-7EC1-3568-BA3C-B22A28F31934 HTTP/1.1" 200 89771
65.21.113.194 - - [10/Jan/2025:00:50:00 +0100] "GET /ticket2/opencms/sv/buy/?page=1&edid=076A36E1-8459-8F83-1ADB-054D354A81CB HTTP/1.1" 200 108762
54.36.149.33 - - [10/Jan/2025:00:50:00 +0100] "GET /ticket2/opencms/sq/buy?page=1&edid=E8C34E6F-F034-0C2A-D437-ABD4D0BC81CD HTTP/1.1" 200 113361
202.8.43.210 - - [10/Jan/2025:00:50:01 +0100] "GET /ticket2/opencms/system/modules/com.gridnine.opencms.ticketbrokerage.site/resources/css/ticketbrokerage.css HTTP/1.1" 200 39339
202.8.43.210 - - [10/Jan/2025:00:50:01 +0100] "GET /ticket2/opencms/system/modules/com.gridnine.opencms.ticketbrokerage.site/resources/css/jquery.fancybox.css HTTP/1.1" 200 4939
202.8.43.210 - - [10/Jan/2025:00:50:01 +0100] "GET /ticket2/opencms/system/modules/com.gridnine.opencms.ticketbrokerage.site/resources/css/jquery-ui.css HTTP/1.1" 200 33221
202.8.43.210 - - [10/Jan/2025:00:50:01 +0100] "GET /ticket2/opencms/system/modules/com.gridnine.opencms.ticketbrokerage.site/resources/css/calendar.css HTTP/1.1" 200 6871
202.8.43.210 - - [10/Jan/2025:00:50:01 +0100] "GET /ticket2/opencms/system/modules/com.gridnine.opencms.ticketbrokerage.site/resources/js/jquery/jquery.js HTTP/1.1" 200 93868
202.8.43.210 - - [10/Jan/2025:00:50:01 +0100] "GET /ticket2/opencms/system/modules/com.gridnine.opencms.ticketbrokerage.site/resources/css/standard.css HTTP/1.1" 200 73081
202.8.43.210 - - [10/Jan/2025:00:50:01 +0100] "GET /ticket2/opencms/system/modules/com.gridnine.opencms.ticketbrokerage.site/resources/js/jquery/jquery-ui.js HTTP/1.1" 200 228088
202.8.43.210 - - [10/Jan/2025:00:50:01 +0100] "GET /ticket2/opencms/system/modules/com.gridnine.opencms.ticketbrokerage.site/resources/js/functions.js HTTP/1.1" 200 1583
202.8.43.210 - - [10/Jan/2025:00:50:01 +0100] "GET /ticket2/opencms/system/modules/com.gridnine.opencms.ticketbrokerage.site/resources/js/calendar-en.js HTTP/1.1" 200 3338
202.8.43.210 - - [10/Jan/2025:00:50:01 +0100] "GET /ticket2/opencms/system/modules/com.gridnine.opencms.ticketbrokerage.site/resources/js/calendar-setup.js HTTP/1.1" 200 4923
202.8.43.210 - - [10/Jan/2025:00:50:01 +0100] "GET /ticket2/opencms/system/modules/com.gridnine.opencms.ticketbrokerage.site/resources/js/calendar.js HTTP/1.1" 200 49229
202.8.43.210 - - [10/Jan/2025:00:50:01 +0100] "GET /ticket2/opencms/system/modules/com.gridnine.opencms.ticketbrokerage.site/resources/js/stickyfill.min.js HTTP/1.1" 200 5672
202.8.43.210 - - [10/Jan/2025:00:50:01 +0100] "GET /ticket2/opencms/system/modules/com.gridnine.opencms.ticketbrokerage.site/resources/js/jquery.fancybox.pack.js HTTP/1.1" 200 23187
202.8.43.210 - - [10/Jan/2025:00:50:01 +0100] "GET /ticket2/opencms/system/modules/com.gridnine.opencms.ticketbrokerage.site/resources/js/standard.js HTTP/1.1" 200 3978
202.8.43.210 - - [10/Jan/2025:00:50:02 +0100] "GET /ticket2/opencms/system/modules/com.gridnine.opencms.ticketbrokerage.site/resources/js/jquery.placeholder.min.js HTTP/1.1" 200 1737
202.8.43.210 - - [10/Jan/2025:00:50:02 +0100] "GET /ticket2/opencms/system/modules/com.gridnine.opencms.ticketbrokerage.site/resources/js/common-ajax.js HTTP/1.1" 200 20175
202.8.43.210 - - [10/Jan/2025:00:50:02 +0100] "GET /ticket2/opencms/sq/ask-form.html HTTP/1.1" 200 3156
202.8.43.210 - - [10/Jan/2025:00:50:02 +0100] "GET /ticket2/opencms/sq/ask-form.html HTTP/1.1" 200 3156
202.8.43.210 - - [10/Jan/2025:00:50:02 +0100] "GET /ticket2/opencms/system/modules/com.gridnine.opencms.ticketbrokerage.site/resources/css/ticketbrokerage.css HTTP/1.1" 200 39339
202.8.43.210 - - [10/Jan/2025:00:50:02 +0100] "GET /ticket2/opencms/system/modules/com.gridnine.opencms.ticketbrokerage.site/resources/js/standard.js HTTP/1.1" 200 3978
94.23.203.86 - - [10/Jan/2025:00:50:03 +0100] "GET /ticket2/opencms/en/login/?edid=11D64526-C538-E0E6-8B7C-0E56AE6B204B HTTP/1.1" 200 89791
185.191.171.6 - - [10/Jan/2025:00:50:03 +0100] "GET /ticket2/opencms/no/sport/fotballsbilletter/champions_league/sevilla/ HTTP/1.1" 200 88298
216.244.66.238 - - [10/Jan/2025:00:50:04 +0100] "GET /ticket2/opencms/lt/buy?page=1&edid=95062A1B-0899-EFAC-D737-2DEF9A6E1B20 HTTP/1.1" 200 112587
65.21.113.194 - - [10/Jan/2025:00:50:05 +0100] "GET /ticket2/opencms/sv/buy/?page=1&edid=079D9B9A-D8A5-58CA-F00E-5A1AF812E471 HTTP/1.1" 200 124522
157.55.39.196 - - [10/Jan/2025:00:50:06 +0100] "GET /ticket2/opencms/bs/?page=6&comcatid=A17713B6-D984-201A-4143-ED4DB5ED5C2E&catid=0A6C99D2-F5BD-7A18-9A5F-5668827042E0&eventid=2D882524-F20E-911C-330E-DB5F72C129F5 HTTP/1.1" 200 100656
94.23.203.86 - - [10/Jan/2025:00:50:09 +0100] "GET /ticket2/opencms/en/login/?edid=1944070F-2A5D-1909-DE14-B309AE8F4483 HTTP/1.1" 200 89829
65.21.113.194 - - [10/Jan/2025:00:50:12 +0100] "GET /ticket2/opencms/sv/buy/?page=1&edid=07DEB2A3-DF25-51E6-57DE-19F2D68F0F1B HTTP/1.1" 200 108703
94.23.203.86 - - [10/Jan/2025:00:50:16 +0100] "GET /ticket2/opencms/en/login/?edid=194D64DE-E32A-EF63-082C-5D0B8F236DDA HTTP/1.1" 200 89806
216.244.66.238 - - [10/Jan/2025:00:50:16 +0100] "GET /ticket2/opencms/pl/buy?page=1&edid=95062A1B-0899-EFAC-D737-2DEF9A6E1B20 HTTP/1.1" 200 112330
54.36.149.30 - - [10/Jan/2025:00:50:17 +0100] "GET /ticket2/opencms/mt/buy?page=1&edid=D3AB0CA8-3C40-1AB9-8BEC-7D01F349EB4E HTTP/1.1" 200 137649
202.8.40.207 - - [10/Jan/2025:00:50:18 +0100] "GET /ticket2/opencms/system/modules/com.gridnine.opencms.ticketbrokerage.site/resources/css/calendar.css HTTP/1.1" 200 6871
202.8.40.207 - - [10/Jan/2025:00:50:18 +0100] "GET /ticket2/opencms/system/modules/com.gridnine.opencms.ticketbrokerage.site/resources/css/ticketbrokerage.css HTTP/1.1" 200 39339
202.8.40.207 - - [10/Jan/2025:00:50:18 +0100] "GET /ticket2/opencms/system/modules/com.gridnine.opencms.ticketbrokerage.site/resources/css/standard.css HTTP/1.1" 200 73081
202.8.40.207 - - [10/Jan/2025:00:50:18 +0100] "GET /ticket2/opencms/system/modules/com.gridnine.opencms.ticketbrokerage.site/resources/css/jquery-ui.css HTTP/1.1" 200 33221
202.8.40.207 - - [10/Jan/2025:00:50:19 +0100] "GET /ticket2/opencms/system/modules/com.gridnine.opencms.ticketbrokerage.site/resources/css/jquery.fancybox.css HTTP/1.1" 200 4939
202.8.40.207 - - [10/Jan/2025:00:50:19 +0100] "GET /ticket2/opencms/system/modules/com.gridnine.opencms.ticketbrokerage.site/resources/js/jquery/jquery.js HTTP/1.1" 200 93868
65.21.113.194 - - [10/Jan/2025:00:50:19 +0100] "GET /ticket2/opencms/sv/buy/?page=1&edid=083AE95D-096C-41BA-96E0-6A784C0A08FB HTTP/1.1" 200 111745
202.8.40.207 - - [10/Jan/2025:00:50:19 +0100] "GET /ticket2/opencms/system/modules/com.gridnine.opencms.ticketbrokerage.site/resources/js/functions.js HTTP/1.1" 200 1583
202.8.40.207 - - [10/Jan/2025:00:50:19 +0100] "GET /ticket2/opencms/system/modules/com.gridnine.opencms.ticketbrokerage.site/resources/js/jquery/jquery-ui.js HTTP/1.1" 200 228088
202.8.40.207 - - [10/Jan/2025:00:50:19 +0100] "GET /ticket2/opencms/system/modules/com.gridnine.opencms.ticketbrokerage.site/resources/js/calendar.js HTTP/1.1" 200 49229
202.8.40.207 - - [10/Jan/2025:00:50:19 +0100] "GET /ticket2/opencms/system/modules/com.gridnine.opencms.ticketbrokerage.site/resources/js/calendar-en.js HTTP/1.1" 200 3338
202.8.40.207 - - [10/Jan/2025:00:50:19 +0100] "GET /ticket2/opencms/system/modules/com.gridnine.opencms.ticketbrokerage.site/resources/js/calendar-setup.js HTTP/1.1" 200 4923
202.8.40.207 - - [10/Jan/2025:00:50:19 +0100] "GET /ticket2/opencms/system/modules/com.gridnine.opencms.ticketbrokerage.site/resources/js/jquery.fancybox.pack.js HTTP/1.1" 200 23187
202.8.40.207 - - [10/Jan/2025:00:50:19 +0100] "GET /ticket2/opencms/system/modules/com.gridnine.opencms.ticketbrokerage.site/resources/js/stickyfill.min.js HTTP/1.1" 200 5672
202.8.40.207 - - [10/Jan/2025:00:50:19 +0100] "GET /ticket2/opencms/system/modules/com.gridnine.opencms.ticketbrokerage.site/resources/js/standard.js HTTP/1.1" 200 3978
202.8.40.207 - - [10/Jan/2025:00:50:19 +0100] "GET /ticket2/opencms/system/modules/com.gridnine.opencms.ticketbrokerage.site/resources/js/jquery.placeholder.min.js HTTP/1.1" 200 1737
202.8.40.207 - - [10/Jan/2025:00:50:19 +0100] "GET /ticket2/opencms/system/modules/com.gridnine.opencms.ticketbrokerage.site/resources/js/common-ajax.js HTTP/1.1" 200 20175
202.8.40.207 - - [10/Jan/2025:00:50:19 +0100] "GET /ticket2/opencms/mt/ask-form.html HTTP/1.1" 200 3156
202.8.40.207 - - [10/Jan/2025:00:50:19 +0100] "GET /ticket2/opencms/mt/ask-form.html HTTP/1.1" 200 3156
202.8.40.207 - - [10/Jan/2025:00:50:19 +0100] "GET /ticket2/opencms/system/modules/com.gridnine.opencms.ticketbrokerage.site/resources/css/ticketbrokerage.css HTTP/1.1" 200 39339
52.167.144.222 - - [10/Jan/2025:00:50:20 +0100] "GET /ticket2/opencms/no/buy?page=1&edid=042BC021-36D6-73D9-19EF-5A196C199ABC HTTP/1.1" 200 112419
52.167.144.160 - - [10/Jan/2025:00:50:21 +0100] "GET /ticket2/opencms/no/magazine/article?title=om-tottenham-hotspur-stadium HTTP/1.1" 200 98010
65.21.113.194 - - [10/Jan/2025:00:50:25 +0100] "GET /ticket2/opencms/sv/buy/?page=1&edid=096598FE-DA35-4351-DFEE-DC9ACA0F0EF9 HTTP/1.1" 200 135278
216.244.66.238 - - [10/Jan/2025:00:50:25 +0100] "GET /ticket2/opencms/pl/buy?page=1&edid=B085D153-83BD-3CC8-8BE4-2FDCDC21AC71 HTTP/1.1" 200 113494
157.55.39.196 - - [10/Jan/2025:00:50:26 +0100] "GET /ticket2/opencms/sl/buy?page=1&edid=C6A3430C-A1F7-956B-F26F-DB287A52AC18 HTTP/1.1" 200 109708
94.23.203.86 - - [10/Jan/2025:00:50:26 +0100] "GET /ticket2/opencms/en/login/?edid=1A82C8B3-D894-CCBC-5C74-BE426CBA229B HTTP/1.1" 200 89742
65.21.113.194 - - [10/Jan/2025:00:50:29 +0100] "GET /ticket2/opencms/robots.txt HTTP/1.1" 200 773
65.21.113.194 - - [10/Jan/2025:00:50:30 +0100] "GET /ticket2/opencms/sv/buy/?page=1&edid=0AF1C6C0-A1C3-739A-0A12-42406989AD79 HTTP/1.1" 200 108666
216.244.66.238 - - [10/Jan/2025:00:50:34 +0100] "GET /ticket2/opencms/se/en/venue/?venueid=2D159EC0-7C39-A337-F7BF-550728BB7B9B HTTP/1.1" 404 -
65.21.113.194 - - [10/Jan/2025:00:50:35 +0100] "GET /ticket2/opencms/sv/buy/?page=1&edid=0BD2537E-8D85-BBF5-463D-38EAF0609D0E HTTP/1.1" 200 108647
94.23.203.86 - - [10/Jan/2025:00:50:35 +0100] "GET /ticket2/opencms/en/login/?edid=1C2F60F9-81F4-AA62-7B86-999715633926 HTTP/1.1" 200 89799
40.77.167.154 - - [10/Jan/2025:00:50:37 +0100] "GET /ticket2/opencms/es/buy?page=1&edid=8AA383AF-FCAB-DE19-87CF-A34E5FF0030A HTTP/1.1" 200 112996
185.191.171.16 - - [10/Jan/2025:00:50:41 +0100] "GET /ticket2/opencms/it/magazine/article?title=come-dovrebbe-il-manchester-united-gestire-la-crisi HTTP/1.1" 200 92371
216.244.66.238 - - [10/Jan/2025:00:50:41 +0100] "GET /ticket2/opencms/se/sv/sport/fotbollsbiljetter/serie_a/chievo/ HTTP/1.1" 404 -
65.21.113.194 - - [10/Jan/2025:00:50:41 +0100] "GET /ticket2/opencms/sv/buy/?page=1&edid=0BE732AB-67CD-FDAE-FCB3-FFE731054A7F HTTP/1.1" 200 114712
207.46.13.151 - - [10/Jan/2025:00:50:42 +0100] "GET /ticket2/opencms/mo/magazine/article?title=bergvall-kulusevski HTTP/1.1" 200 95225
94.23.203.86 - - [10/Jan/2025:00:50:42 +0100] "GET /ticket2/opencms/en/login/?edid=1DD2FB8C-6182-8BDB-87C5-B8D6E862FA4D HTTP/1.1" 200 89745
65.21.113.194 - - [10/Jan/2025:00:50:48 +0100] "GET /ticket2/opencms/sv/buy/?page=1&edid=0C1979DA-50CA-ECE7-2406-93F50E7E04D2 HTTP/1.1" 200 108677
94.23.203.86 - - [10/Jan/2025:00:50:49 +0100] "GET /ticket2/opencms/en/login/?edid=23F1E85E-708D-D2AE-21D5-FAE0E54B224E HTTP/1.1" 200 89765
114.119.138.214 - - [10/Jan/2025:00:50:49 +0100] "GET /ticket2/opencms/en/buy/?page=1&edid=8A676299-B54E-C301-442A-823ABEA189C5 HTTP/1.1" 200 117507
65.21.113.194 - - [10/Jan/2025:00:50:52 +0100] "GET /ticket2/opencms/sv/buy/?page=1&edid=0C675B35-F010-2227-D951-9B816929F720 HTTP/1.1" 200 118017
85.208.96.201 - - [10/Jan/2025:00:50:52 +0100] "GET /ticket2/opencms/hu/buy_safety HTTP/1.1" 200 89241
94.23.203.86 - - [10/Jan/2025:00:50:54 +0100] "GET /ticket2/opencms/en/login/?edid=24A0474C-0E94-45BE-FC4D-B791EA0F3040 HTTP/1.1" 200 89841
65.21.113.194 - - [10/Jan/2025:00:50:57 +0100] "GET /ticket2/opencms/sv/buy/?page=1&edid=0C94170C-17F1-0823-E8AC-91EC149F33EC HTTP/1.1" 200 135241
66.249.89.67 - - [10/Jan/2025:00:50:58 +0100] "GET /ticket2/opencms/sv/sport/fotbollsbiljetter/premier_league/london/ HTTP/1.1" 200 91959
94.23.203.86 - - [10/Jan/2025:00:51:01 +0100] "GET /ticket2/opencms/en/login/?edid=263D4480-7F04-EAFA-CBED-4922A9A413D8 HTTP/1.1" 200 89792
65.21.113.194 - - [10/Jan/2025:00:51:04 +0100] "GET /ticket2/opencms/sv/buy/?page=1&edid=0CBED0CE-AD48-5853-8CA7-767C378C5971 HTTP/1.1" 200 118216
94.23.203.86 - - [10/Jan/2025:00:51:08 +0100] "GET /ticket2/opencms/en/login/?edid=2D2A6F4D-211F-8E0A-3D6E-1E0E85606D0F HTTP/1.1" 200 89849
65.21.113.194 - - [10/Jan/2025:00:51:09 +0100] "GET /ticket2/opencms/sv/buy/?page=1&edid=0D37E384-2B78-1FC5-2B22-30B553C53918 HTTP/1.1" 200 108694
94.23.203.86 - - [10/Jan/2025:00:51:14 +0100] "GET /ticket2/opencms/en/login/?edid=377638C4-CF4C-7A89-38AB-182E3E4B92CA HTTP/1.1" 200 89884
65.21.113.194 - - [10/Jan/2025:00:51:15 +0100] "GET /ticket2/opencms/sv/buy/?page=1&edid=0DC29C5C-A273-34CB-58F3-441C87554AF1 HTTP/1.1" 200 124489
94.23.203.86 - - [10/Jan/2025:00:51:20 +0100] "GET /ticket2/opencms/en/login/?edid=37F1518A-751D-1DFB-3EA7-46BDCE1D156B HTTP/1.1" 200 89771
65.21.113.194 - - [10/Jan/2025:00:51:20 +0100] "GET /ticket2/opencms/sv/buy/?page=1&edid=0E2185D1-6D42-D80F-0E47-29A01B6B0415 HTTP/1.1" 200 108723
85.208.96.211 - - [10/Jan/2025:00:51:23 +0100] "GET /ticket2/opencms/hr/magazine/article?title=pep-guardiolina-nogometna-revolucija-utjecaj-taktickog-majstora HTTP/1.1" 200 94147
54.36.148.136 - - [10/Jan/2025:00:51:23 +0100] "GET /ticket2/opencms/tr/buy?page=1&edid=D3AB0CA8-3C40-1AB9-8BEC-7D01F349EB4E HTTP/1.1" 200 137596
202.8.41.58 - - [10/Jan/2025:00:51:25 +0100] "GET /ticket2/opencms/system/modules/com.gridnine.opencms.ticketbrokerage.site/resources/css/jquery-ui.css HTTP/1.1" 200 33221
202.8.41.58 - - [10/Jan/2025:00:51:25 +0100] "GET /ticket2/opencms/system/modules/com.gridnine.opencms.ticketbrokerage.site/resources/css/ticketbrokerage.css HTTP/1.1" 200 39339
202.8.41.58 - - [10/Jan/2025:00:51:25 +0100] "GET /ticket2/opencms/system/modules/com.gridnine.opencms.ticketbrokerage.site/resources/css/standard.css HTTP/1.1" 200 73081
202.8.41.58 - - [10/Jan/2025:00:51:25 +0100] "GET /ticket2/opencms/system/modules/com.gridnine.opencms.ticketbrokerage.site/resources/css/calendar.css HTTP/1.1" 200 6871
202.8.41.58 - - [10/Jan/2025:00:51:25 +0100] "GET /ticket2/opencms/system/modules/com.gridnine.opencms.ticketbrokerage.site/resources/js/jquery/jquery.js HTTP/1.1" 200 93868
202.8.41.58 - - [10/Jan/2025:00:51:25 +0100] "GET /ticket2/opencms/system/modules/com.gridnine.opencms.ticketbrokerage.site/resources/css/jquery.fancybox.css HTTP/1.1" 200 4939
202.8.41.58 - - [10/Jan/2025:00:51:25 +0100] "GET /ticket2/opencms/system/modules/com.gridnine.opencms.ticketbrokerage.site/resources/js/functions.js HTTP/1.1" 200 1583
202.8.41.58 - - [10/Jan/2025:00:51:25 +0100] "GET /ticket2/opencms/system/modules/com.gridnine.opencms.ticketbrokerage.site/resources/js/calendar.js HTTP/1.1" 200 49229
202.8.41.58 - - [10/Jan/2025:00:51:25 +0100] "GET /ticket2/opencms/system/modules/com.gridnine.opencms.ticketbrokerage.site/resources/js/jquery/jquery-ui.js HTTP/1.1" 200 228088
202.8.41.58 - - [10/Jan/2025:00:51:25 +0100] "GET /ticket2/opencms/system/modules/com.gridnine.opencms.ticketbrokerage.site/resources/js/calendar-setup.js HTTP/1.1" 200 4923
202.8.41.58 - - [10/Jan/2025:00:51:25 +0100] "GET /ticket2/opencms/system/modules/com.gridnine.opencms.ticketbrokerage.site/resources/js/calendar-en.js HTTP/1.1" 200 3338
202.8.41.58 - - [10/Jan/2025:00:51:25 +0100] "GET /ticket2/opencms/system/modules/com.gridnine.opencms.ticketbrokerage.site/resources/js/jquery.fancybox.pack.js HTTP/1.1" 200 23187
202.8.41.58 - - [10/Jan/2025:00:51:25 +0100] "GET /ticket2/opencms/system/modules/com.gridnine.opencms.ticketbrokerage.site/resources/js/stickyfill.min.js HTTP/1.1" 200 5672
202.8.41.58 - - [10/Jan/2025:00:51:25 +0100] "GET /ticket2/opencms/system/modules/com.gridnine.opencms.ticketbrokerage.site/resources/js/standard.js HTTP/1.1" 200 3978
202.8.41.58 - - [10/Jan/2025:00:51:25 +0100] "GET /ticket2/opencms/system/modules/com.gridnine.opencms.ticketbrokerage.site/resources/js/jquery.placeholder.min.js HTTP/1.1" 200 1737
202.8.41.58 - - [10/Jan/2025:00:51:25 +0100] "GET /ticket2/opencms/system/modules/com.gridnine.opencms.ticketbrokerage.site/resources/js/common-ajax.js HTTP/1.1" 200 20175
202.8.41.58 - - [10/Jan/2025:00:51:25 +0100] "GET /ticket2/opencms/es/ask-form.html HTTP/1.1" 200 3156
202.8.41.58 - - [10/Jan/2025:00:51:25 +0100] "GET /ticket2/opencms/es/ask-form.html HTTP/1.1" 200 3156
114.119.148.14 - - [10/Jan/2025:00:51:25 +0100] "GET /ticket2/opencms/en/sell/?edid=EAA01E7C-6083-95E6-AAA6-6C41D506ECE6 HTTP/1.1" 302 -
202.8.41.58 - - [10/Jan/2025:00:51:25 +0100] "GET /ticket2/opencms/system/modules/com.gridnine.opencms.ticketbrokerage.site/resources/css/ticketbrokerage.css HTTP/1.1" 200 39339
65.21.113.194 - - [10/Jan/2025:00:51:26 +0100] "GET /ticket2/opencms/sv/buy/?page=1&edid=0E487947-8D2A-A553-BF9C-F44B73D05AC1 HTTP/1.1" 200 108766
94.23.203.86 - - [10/Jan/2025:00:51:27 +0100] "GET /ticket2/opencms/en/login/?edid=391E8F77-0345-E2F5-869C-543F72982348 HTTP/1.1" 200 89788
40.77.167.18 - - [10/Jan/2025:00:51:29 +0100] "GET /ticket2/opencms/en/venue/?venueid=CE950E29-A25C-9C04-155F-BFEE5FA8962A HTTP/1.1" 200 85028
114.119.148.14 - - [10/Jan/2025:00:51:30 +0100] "GET /ticket2/opencms/en/login/?url=/en/sell/ HTTP/1.1" 200 89809
65.21.113.194 - - [10/Jan/2025:00:51:31 +0100] "GET /ticket2/opencms/sv/buy/?page=1&edid=0EEA539C-CE62-5C9B-1748-3C47F0459AFF HTTP/1.1" 200 117989
94.23.203.86 - - [10/Jan/2025:00:51:34 +0100] "GET /ticket2/opencms/en/login/?edid=3BA20414-ADAE-2294-387A-76AE64EFF757 HTTP/1.1" 200 89801
114.119.159.129 - - [10/Jan/2025:00:51:36 +0100] "GET /ticket2/opencms/en/ HTTP/1.1" 200 99343
65.21.113.194 - - [10/Jan/2025:00:51:37 +0100] "GET /ticket2/opencms/sv/buy/?page=1&edid=102FC15A-4406-C66D-55EB-877612BDD22A HTTP/1.1" 200 108640
185.191.171.15 - - [10/Jan/2025:00:51:38 +0100] "GET /ticket2/opencms/dk/magazine/article?title=em-stjernerne-der-googles-mest-og-er-storst-pa-instagram HTTP/1.1" 200 94958
47.128.118.48 - - [10/Jan/2025:00:51:40 +0100] "GET /ticket2/opencms/fi/venue/?venueid=A38779A4-047C-EFB7-4E80-FADC80B2E4EA HTTP/1.1" 200 86583
94.23.203.86 - - [10/Jan/2025:00:51:40 +0100] "GET /ticket2/opencms/en/login/?edid=3C13F1FD-29EE-4E4B-1DE9-B1BC691B594F HTTP/1.1" 200 89817
47.128.118.48 - - [10/Jan/2025:00:51:41 +0100] "GET /ticket2/opencms/system/modules/com.gridnine.opencms.ticketbrokerage.site/resources/css/jquery.fancybox.css HTTP/1.1" 200 4939
65.21.113.194 - - [10/Jan/2025:00:51:42 +0100] "GET /ticket2/opencms/sv/buy/?page=1&edid=10404C2E-90F1-82CF-4642-1D2B3FC97049 HTTP/1.1" 200 118089
5.255.231.169 - - [10/Jan/2025:00:51:42 +0100] "GET /ticket2/opencms/robots.txt HTTP/1.1" 200 773
85.208.96.196 - - [10/Jan/2025:00:51:46 +0100] "GET /ticket2/opencms/no/sport/fotballsbilletter/premier_league/burnley/ HTTP/1.1" 200 88477
65.21.113.194 - - [10/Jan/2025:00:51:46 +0100] "GET /ticket2/opencms/sv/buy/?page=1&edid=1086B72F-DBD6-9692-F63A-F48C5075D0F2 HTTP/1.1" 200 135318
94.23.203.86 - - [10/Jan/2025:00:51:48 +0100] "GET /ticket2/opencms/en/login/?edid=3D3DA07F-41D6-4102-026A-DF2EE5E45526 HTTP/1.1" 200 89769
47.128.60.59 - - [10/Jan/2025:00:51:49 +0100] "GET /ticket2/opencms/sr/buy/?edid=FC797166-D971-D25F-0FB0-A6DA82828914 HTTP/1.1" 200 93027
52.167.144.218 - - [10/Jan/2025:00:51:49 +0100] "GET /ticket2/opencms/no/buy?page=1&edid=B6E408F2-B613-C975-E8E0-700BE6FFCAC2 HTTP/1.1" 200 112622
52.167.144.218 - - [10/Jan/2025:00:51:50 +0100] "GET /ticket2/opencms/de/buy?page=1&edid=6BF7FCF3-2460-2F8B-3EB7-F58E605E2728 HTTP/1.1" 200 112155
65.21.113.194 - - [10/Jan/2025:00:51:52 +0100] "GET /ticket2/opencms/sv/buy/?page=1&edid=10D2F1A4-37B5-63BF-BBD7-BDB95680D6AA HTTP/1.1" 200 114711
85.208.96.209 - - [10/Jan/2025:00:51:52 +0100] "GET /ticket2/opencms/sv/tickets/stoke/West_Ham.html HTTP/1.1" 200 87626
94.23.203.86 - - [10/Jan/2025:00:51:54 +0100] "GET /ticket2/opencms/en/login/?edid=664DECE5-56C6-FDB8-9AB3-6B9D16C699CD HTTP/1.1" 200 89810
66.249.64.130 - - [10/Jan/2025:00:51:54 +0100] "GET /ticket2/opencms/bg/buy/?page=1&edid=7EE6FDFE-D5C7-871C-1D44-A83A22170314 HTTP/1.1" 200 135729
65.21.113.194 - - [10/Jan/2025:00:51:58 +0100] "GET /ticket2/opencms/sv/buy/?page=1&edid=10D9C6ED-4239-939C-EE12-6D152DF1B2D3 HTTP/1.1" 200 117904
213.32.243.50 - - [10/Jan/2025:00:52:00 +0100] "GET /ticket2/opencms/set_aff_cookie.jsp?partner=53673ED6-1455-FA54-818F-B1F67121E37C&url=/dk/buy/index.html%3Fpage%3D1%26edid%3DE0AF4582-F291-60D7-7793-C6DEB6EAEA8A%26hlv%3D66cb72e2-9a00-435a-8fed-04260a01000f%23v_2143476819 HTTP/1.1" 200 226
213.32.243.50 - - [10/Jan/2025:00:52:00 +0100] "GET /ticket2/opencms/dk/buy/?page=1&edid=E0AF4582-F291-60D7-7793-C6DEB6EAEA8A&hlv=66cb72e2-9a00-435a-8fed-04260a01000f HTTP/1.1" 200 143340
213.32.243.50 - - [10/Jan/2025:00:52:00 +0100] "GET /ticket2/opencms/system/modules/com.gridnine.opencms.ticketbrokerage.site/resources/css/ticketbrokerage.css HTTP/1.1" 200 39339
213.32.243.50 - - [10/Jan/2025:00:52:00 +0100] "GET /ticket2/opencms/system/modules/com.gridnine.opencms.ticketbrokerage.site/resources/css/calendar.css HTTP/1.1" 200 6871
213.32.243.50 - - [10/Jan/2025:00:52:00 +0100] "GET /ticket2/opencms/system/modules/com.gridnine.opencms.ticketbrokerage.site/resources/css/jquery-ui.css HTTP/1.1" 200 33221
213.32.243.50 - - [10/Jan/2025:00:52:00 +0100] "GET /ticket2/opencms/system/modules/com.gridnine.opencms.ticketbrokerage.site/resources/css/standard.css HTTP/1.1" 200 73081
213.32.243.50 - - [10/Jan/2025:00:52:00 +0100] "GET /ticket2/opencms/system/modules/com.gridnine.opencms.ticketbrokerage.site/resources/css/jquery.fancybox.css HTTP/1.1" 200 4939
213.32.243.50 - - [10/Jan/2025:00:52:00 +0100] "GET /ticket2/opencms/system/modules/com.gridnine.opencms.ticketbrokerage.site/resources/js/jquery/jquery-ui.js HTTP/1.1" 200 228088
213.32.243.50 - - [10/Jan/2025:00:52:00 +0100] "GET /ticket2/opencms/system/modules/com.gridnine.opencms.ticketbrokerage.site/resources/js/jquery/jquery.js HTTP/1.1" 200 93868
213.32.243.50 - - [10/Jan/2025:00:52:00 +0100] "GET /ticket2/opencms/system/modules/com.gridnine.opencms.ticketbrokerage.site/resources/js/functions.js HTTP/1.1" 200 1583
213.32.243.50 - - [10/Jan/2025:00:52:00 +0100] "GET /ticket2/opencms/system/modules/com.gridnine.opencms.ticketbrokerage.site/resources/js/calendar-en.js HTTP/1.1" 200 3338
213.32.243.50 - - [10/Jan/2025:00:52:00 +0100] "GET /ticket2/opencms/system/modules/com.gridnine.opencms.ticketbrokerage.site/resources/js/calendar.js HTTP/1.1" 200 49229
213.32.243.50 - - [10/Jan/2025:00:52:00 +0100] "GET /ticket2/opencms/system/modules/com.gridnine.opencms.ticketbrokerage.site/resources/js/calendar-setup.js HTTP/1.1" 200 4923
213.32.243.50 - - [10/Jan/2025:00:52:00 +0100] "GET /ticket2/opencms/system/modules/com.gridnine.opencms.ticketbrokerage.site/resources/js/jquery.fancybox.pack.js HTTP/1.1" 200 23187
213.32.243.50 - - [10/Jan/2025:00:52:00 +0100] "GET /ticket2/opencms/system/modules/com.gridnine.opencms.ticketbrokerage.site/resources/js/stickyfill.min.js HTTP/1.1" 200 5672
213.32.243.50 - - [10/Jan/2025:00:52:01 +0100] "GET /ticket2/opencms/img/icons/en.png HTTP/1.1" 200 2415
213.32.243.50 - - [10/Jan/2025:00:52:01 +0100] "GET /ticket2/opencms/img/icons/se.png HTTP/1.1" 200 1258
213.32.243.50 - - [10/Jan/2025:00:52:01 +0100] "GET /ticket2/opencms/img/icons/fi.png HTTP/1.1" 200 1785
213.32.243.50 - - [10/Jan/2025:00:52:01 +0100] "GET /ticket2/opencms/img/icons/no.png HTTP/1.1" 200 1958
213.32.243.50 - - [10/Jan/2025:00:52:01 +0100] "GET /ticket2/opencms/img/icons/nl.png HTTP/1.1" 200 1255
213.32.243.50 - - [10/Jan/2025:00:52:01 +0100] "GET /ticket2/opencms/system/modules/com.gridnine.opencms.ticketbrokerage.site/resources/js/standard.js HTTP/1.1" 200 3978
213.32.243.50 - - [10/Jan/2025:00:52:01 +0100] "GET /ticket2/opencms/system/modules/com.gridnine.opencms.ticketbrokerage.site/resources/js/jquery.placeholder.min.js HTTP/1.1" 200 1737
213.32.243.50 - - [10/Jan/2025:00:52:01 +0100] "GET /ticket2/opencms/system/modules/com.gridnine.opencms.ticketbrokerage.site/resources/js/common-ajax.js HTTP/1.1" 200 20175
213.32.243.50 - - [10/Jan/2025:00:52:01 +0100] "GET /ticket2/opencms/system/modules/com.gridnine.opencms.ticketbrokerage.site/resources/pics/0.gif HTTP/1.1" 200 43
213.32.243.50 - - [10/Jan/2025:00:52:01 +0100] "GET /ticket2/opencms/img/fb.png HTTP/1.1" 200 1269
213.32.243.50 - - [10/Jan/2025:00:52:01 +0100] "GET /ticket2/opencms/img/insta.png HTTP/1.1" 200 3967
213.32.243.50 - - [10/Jan/2025:00:52:01 +0100] "GET /ticket2/opencms/venue/old_trafford.png HTTP/1.1" 200 89001
213.32.243.50 - - [10/Jan/2025:00:52:01 +0100] "GET /ticket2/opencms/system/modules/com.gridnine.opencms.ticketbrokerage.site/resources/pics/logo-new.png HTTP/1.1" 200 13541
213.32.243.50 - - [10/Jan/2025:00:52:01 +0100] "GET /ticket2/opencms/system/modules/com.gridnine.opencms.ticketbrokerage.site/resources/pics/two_man.png HTTP/1.1" 200 3407
213.32.243.50 - - [10/Jan/2025:00:52:01 +0100] "GET /ticket2/opencms/img/check.png HTTP/1.1" 200 548
213.32.243.50 - - [10/Jan/2025:00:52:01 +0100] "GET /ticket2/opencms/img/mail.png HTTP/1.1" 200 403
213.32.243.50 - - [10/Jan/2025:00:52:01 +0100] "GET /ticket2/opencms/img/arrow.png HTTP/1.1" 200 753
213.32.243.50 - - [10/Jan/2025:00:52:01 +0100] "GET /ticket2/opencms/img/chat.png HTTP/1.1" 200 416
213.32.243.50 - - [10/Jan/2025:00:52:01 +0100] "GET /ticket2/opencms/system/modules/com.gridnine.opencms.ticketbrokerage.site/resources/pics/ticket_info_button.png HTTP/1.1" 200 3820
213.32.243.50 - - [10/Jan/2025:00:52:01 +0100] "GET /ticket2/opencms/system/modules/com.gridnine.opencms.ticketbrokerage.site/resources/pics/footer-img.jpg HTTP/1.1" 200 67642
213.32.243.50 - - [10/Jan/2025:00:52:01 +0100] "GET /ticket2/opencms/img/arrow-down.png HTTP/1.1" 200 192
94.23.203.86 - - [10/Jan/2025:00:52:01 +0100] "GET /ticket2/opencms/en/login/?edid=666E929F-63B6-20BD-9CD8-ED0A6F4B03E6 HTTP/1.1" 200 89798
213.32.243.50 - - [10/Jan/2025:00:52:01 +0100] "GET /ticket2/opencms/dk/ask-form.html HTTP/1.1" 200 2971
213.32.243.50 - - [10/Jan/2025:00:52:01 +0100] "GET /ticket2/opencms/img/icons/fr.png HTTP/1.1" 200 1764
213.32.243.50 - - [10/Jan/2025:00:52:01 +0100] "GET /ticket2/opencms/img/icons/de.png HTTP/1.1" 200 1124
213.32.243.50 - - [10/Jan/2025:00:52:01 +0100] "GET /ticket2/opencms/img/icons/globe-white.png HTTP/1.1" 200 947
213.32.243.50 - - [10/Jan/2025:00:52:01 +0100] "GET /ticket2/opencms/system/modules/com.gridnine.opencms.ticketbrokerage.site/resources/pics/arrow.gif HTTP/1.1" 200 344
213.32.243.50 - - [10/Jan/2025:00:52:01 +0100] "GET /ticket2/opencms/system/modules/com.gridnine.opencms.ticketbrokerage.site/resources/pics/form_marker.gif HTTP/1.1" 200 43
213.32.243.50 - - [10/Jan/2025:00:52:01 +0100] "GET /ticket2/opencms/system/modules/com.gridnine.opencms.ticketbrokerage.site/resources/css/ticketbrokerage.css HTTP/1.1" 200 39339
213.32.243.50 - - [10/Jan/2025:00:52:01 +0100] "GET /ticket2/opencms/img/icons/es.png HTTP/1.1" 200 1005
213.32.243.50 - - [10/Jan/2025:00:52:01 +0100] "GET /ticket2/opencms/img/icons/pl.png HTTP/1.1" 200 1578
213.32.243.50 - - [10/Jan/2025:00:52:01 +0100] "GET /ticket2/opencms/img/icons/it.png HTTP/1.1" 200 2040
213.32.243.50 - - [10/Jan/2025:00:52:02 +0100] "GET /ticket2/opencms/img/icons/bs.png HTTP/1.1" 200 1014
213.32.243.50 - - [10/Jan/2025:00:52:02 +0100] "GET /ticket2/opencms/img/icons/az.png HTTP/1.1" 200 1445
213.32.243.50 - - [10/Jan/2025:00:52:02 +0100] "GET /ticket2/opencms/img/icons/be.png HTTP/1.1" 200 1663
213.32.243.50 - - [10/Jan/2025:00:52:02 +0100] "GET /ticket2/opencms/img/icons/sq.png HTTP/1.1" 200 1619
213.32.243.50 - - [10/Jan/2025:00:52:02 +0100] "GET /ticket2/opencms/img/icons/hy.png HTTP/1.1" 200 1170
213.32.243.50 - - [10/Jan/2025:00:52:02 +0100] "GET /ticket2/opencms/img/icons/bg.png HTTP/1.1" 200 788
213.32.243.50 - - [10/Jan/2025:00:52:02 +0100] "GET /ticket2/opencms/img/icons/hu.png HTTP/1.1" 200 733
213.32.243.50 - - [10/Jan/2025:00:52:02 +0100] "GET /ticket2/opencms/img/icons/et.png HTTP/1.1" 200 754
213.32.243.50 - - [10/Jan/2025:00:52:02 +0100] "GET /ticket2/opencms/img/icons/hr.png HTTP/1.1" 200 2024
213.32.243.50 - - [10/Jan/2025:00:52:02 +0100] "GET /ticket2/opencms/img/icons/ka.png HTTP/1.1" 200 860
213.32.243.50 - - [10/Jan/2025:00:52:02 +0100] "GET /ticket2/opencms/img/icons/cs.png HTTP/1.1" 200 1883
213.32.243.50 - - [10/Jan/2025:00:52:02 +0100] "GET /ticket2/opencms/img/icons/el.png HTTP/1.1" 200 1637
213.32.243.50 - - [10/Jan/2025:00:52:02 +0100] "GET /ticket2/opencms/img/icons/mt.png HTTP/1.1" 200 920
213.32.243.50 - - [10/Jan/2025:00:52:02 +0100] "GET /ticket2/opencms/img/icons/mk.png HTTP/1.1" 200 1405
213.32.243.50 - - [10/Jan/2025:00:52:02 +0100] "GET /ticket2/opencms/img/icons/ga.png HTTP/1.1" 200 1759
213.32.243.50 - - [10/Jan/2025:00:52:02 +0100] "GET /ticket2/opencms/img/icons/lv.png HTTP/1.1" 200 716
213.32.243.50 - - [10/Jan/2025:00:52:02 +0100] "GET /ticket2/opencms/img/icons/lt.png HTTP/1.1" 200 733
213.32.243.50 - - [10/Jan/2025:00:52:02 +0100] "GET /ticket2/opencms/img/icons/is.png HTTP/1.1" 200 1884
213.32.243.50 - - [10/Jan/2025:00:52:02 +0100] "GET /ticket2/opencms/img/icons/mo.png HTTP/1.1" 200 1468
213.32.243.50 - - [10/Jan/2025:00:52:02 +0100] "GET /ticket2/opencms/img/icons/sr.png HTTP/1.1" 200 1602
213.32.243.50 - - [10/Jan/2025:00:52:02 +0100] "GET /ticket2/opencms/img/icons/ro.png HTTP/1.1" 200 1393
213.32.243.50 - - [10/Jan/2025:00:52:02 +0100] "GET /ticket2/opencms/img/icons/sl.png HTTP/1.1" 200 966
213.32.243.50 - - [10/Jan/2025:00:52:02 +0100] "GET /ticket2/opencms/img/icons/uk.png HTTP/1.1" 200 1272
213.32.243.50 - - [10/Jan/2025:00:52:02 +0100] "GET /ticket2/opencms/img/icons/sk.png HTTP/1.1" 200 1283
213.32.243.50 - - [10/Jan/2025:00:52:02 +0100] "GET /ticket2/opencms/img/icons/tr.png HTTP/1.1" 200 1636
213.32.243.50 - - [10/Jan/2025:00:52:02 +0100] "GET /ticket2/opencms/img/icons/ticket2.thumbnail.png HTTP/1.1" 200 21519
213.32.243.50 - - [10/Jan/2025:00:52:02 +0100] "GET /ticket2/opencms/system/modules/com.gridnine.opencms.ticketbrokerage.site/resources/js/standard.js HTTP/1.1" 200 3978
65.21.113.194 - - [10/Jan/2025:00:52:02 +0100] "GET /ticket2/opencms/sv/buy/?page=1&edid=11EE072D-8BDA-AD9E-6DE3-4565DECD9282 HTTP/1.1" 200 121231
114.119.139.78 - - [10/Jan/2025:00:52:05 +0100] "GET /ticket2/opencms/en/buy/?page=1&edid=D2A0C1B8-B35F-B87E-561A-18E19C3ECF40 HTTP/1.1" 200 111224
213.32.243.50 - - [10/Jan/2025:00:52:07 +0100] "GET /ticket2/opencms/favicon.ico HTTP/1.1" 200 15406
94.23.203.86 - - [10/Jan/2025:00:52:07 +0100] "GET /ticket2/opencms/en/login/?edid=66BA55C6-331D-78D9-618D-FC28E5D751CC HTTP/1.1" 200 89836
85.208.96.205 - - [10/Jan/2025:00:52:08 +0100] "GET /ticket2/opencms/pl/magazine/article?title=arsenal-zbliza-sie-do-liverpoolu HTTP/1.1" 200 92428
65.21.113.194 - - [10/Jan/2025:00:52:09 +0100] "GET /ticket2/opencms/sv/buy/?page=1&edid=125D5AA8-AD90-8CAC-0060-B35EE32435FE HTTP/1.1" 200 108701
52.167.144.191 - - [10/Jan/2025:00:52:10 +0100] "GET /ticket2/opencms/el/magazine/article?title=pws-diagrafetai-to-mellon-gia-ton-alexander-isak HTTP/1.1" 200 95401
94.23.203.86 - - [10/Jan/2025:00:52:12 +0100] "GET /ticket2/opencms/en/login/?edid=68820B87-7695-C244-A291-2DDF7B034AF9 HTTP/1.1" 200 89779
213.32.243.50 - - [10/Jan/2025:00:52:14 +0100] "GET /ticket2/opencms/dk/buy/?page=1&edid=E0AF4582-F291-60D7-7793-C6DEB6EAEA8A&hlv=66cb72e2-9a00-435a-8fed-04260a01000f HTTP/1.1" 200 143312
213.32.243.50 - - [10/Jan/2025:00:52:15 +0100] "GET /ticket2/opencms/dk/ask-form.html HTTP/1.1" 200 2971
66.249.64.162 - - [10/Jan/2025:00:52:17 +0100] "GET /ticket2/opencms/de/magazine/article?title=cole-palmer-entscheidet-das-spiel-und-alexander-isak-ist-zuruck HTTP/1.1" 200 92849
94.23.203.86 - - [10/Jan/2025:00:52:18 +0100] "GET /ticket2/opencms/en/login/?edid=6A7E5CA0-26D8-D651-BDF3-D4C6E67202D6 HTTP/1.1" 200 89773
5.91.168.22 - - [10/Jan/2025:00:52:19 +0100] "GET /ticket2/opencms/set_aff_cookie.jsp?partner=53673ED6-1455-FA54-818F-B1F67121E37C&url=/it/buy/index.html%3Fpage%3D1%26edid%3DC5944089-4BA1-6638-58B6-EE4373B33715%26hlv%3D66902288-6fbc-489d-ac7a-22ea0a01000f%23v_1304954131 HTTP/1.1" 200 226
5.91.168.22 - - [10/Jan/2025:00:52:20 +0100] "GET /ticket2/opencms/it/buy/?page=1&edid=C5944089-4BA1-6638-58B6-EE4373B33715&hlv=66902288-6fbc-489d-ac7a-22ea0a01000f HTTP/1.1" 200 121567
5.91.168.22 - - [10/Jan/2025:00:52:20 +0100] "GET /ticket2/opencms/system/modules/com.gridnine.opencms.ticketbrokerage.site/resources/js/jquery/jquery-ui.js HTTP/1.1" 200 228088
65.21.113.194 - - [10/Jan/2025:00:52:21 +0100] "GET /ticket2/opencms/sv/buy/?page=1&edid=12E0AD86-DC28-E34C-4681-77C2F67FD00B HTTP/1.1" 200 108758
5.91.168.22 - - [10/Jan/2025:00:52:21 +0100] "GET /ticket2/opencms/system/modules/com.gridnine.opencms.ticketbrokerage.site/resources/js/functions.js HTTP/1.1" 200 1583
5.91.168.22 - - [10/Jan/2025:00:52:21 +0100] "GET /ticket2/opencms/system/modules/com.gridnine.opencms.ticketbrokerage.site/resources/css/jquery-ui.css HTTP/1.1" 200 33221
5.91.168.22 - - [10/Jan/2025:00:52:21 +0100] "GET /ticket2/opencms/system/modules/com.gridnine.opencms.ticketbrokerage.site/resources/css/ticketbrokerage.css HTTP/1.1" 200 39339
5.91.168.22 - - [10/Jan/2025:00:52:21 +0100] "GET /ticket2/opencms/system/modules/com.gridnine.opencms.ticketbrokerage.site/resources/js/jquery/jquery.js HTTP/1.1" 200 93868
5.91.168.22 - - [10/Jan/2025:00:52:21 +0100] "GET /ticket2/opencms/system/modules/com.gridnine.opencms.ticketbrokerage.site/resources/js/jquery.placeholder.min.js HTTP/1.1" 200 1737
5.91.168.22 - - [10/Jan/2025:00:52:21 +0100] "GET /ticket2/opencms/system/modules/com.gridnine.opencms.ticketbrokerage.site/resources/css/calendar.css HTTP/1.1" 200 6871
5.91.168.22 - - [10/Jan/2025:00:52:21 +0100] "GET /ticket2/opencms/system/modules/com.gridnine.opencms.ticketbrokerage.site/resources/css/jquery.fancybox.css HTTP/1.1" 200 4939
5.91.168.22 - - [10/Jan/2025:00:52:21 +0100] "GET /ticket2/opencms/system/modules/com.gridnine.opencms.ticketbrokerage.site/resources/js/calendar.js HTTP/1.1" 200 49229
5.91.168.22 - - [10/Jan/2025:00:52:21 +0100] "GET /ticket2/opencms/system/modules/com.gridnine.opencms.ticketbrokerage.site/resources/js/calendar-setup.js HTTP/1.1" 200 4923
5.91.168.22 - - [10/Jan/2025:00:52:21 +0100] "GET /ticket2/opencms/system/modules/com.gridnine.opencms.ticketbrokerage.site/resources/js/jquery.fancybox.pack.js HTTP/1.1" 200 23187
5.91.168.22 - - [10/Jan/2025:00:52:21 +0100] "GET /ticket2/opencms/system/modules/com.gridnine.opencms.ticketbrokerage.site/resources/js/calendar-en.js HTTP/1.1" 200 3338
5.91.168.22 - - [10/Jan/2025:00:52:21 +0100] "GET /ticket2/opencms/system/modules/com.gridnine.opencms.ticketbrokerage.site/resources/js/common-ajax.js HTTP/1.1" 200 20175
5.91.168.22 - - [10/Jan/2025:00:52:21 +0100] "GET /ticket2/opencms/system/modules/com.gridnine.opencms.ticketbrokerage.site/resources/js/stickyfill.min.js HTTP/1.1" 200 5672
5.91.168.22 - - [10/Jan/2025:00:52:21 +0100] "GET /ticket2/opencms/system/modules/com.gridnine.opencms.ticketbrokerage.site/resources/css/standard.css HTTP/1.1" 200 73081
5.91.168.22 - - [10/Jan/2025:00:52:21 +0100] "GET /ticket2/opencms/system/modules/com.gridnine.opencms.ticketbrokerage.site/resources/js/standard.js HTTP/1.1" 200 3978
5.91.168.22 - - [10/Jan/2025:00:52:21 +0100] "GET /ticket2/opencms/img/icons/globe-white.png HTTP/1.1" 200 947
5.91.168.22 - - [10/Jan/2025:00:52:21 +0100] "GET /ticket2/opencms/system/modules/com.gridnine.opencms.ticketbrokerage.site/resources/pics/logo-new.png HTTP/1.1" 200 13541
5.91.168.22 - - [10/Jan/2025:00:52:21 +0100] "GET /ticket2/opencms/img/insta.png HTTP/1.1" 200 3967
5.91.168.22 - - [10/Jan/2025:00:52:21 +0100] "GET /ticket2/opencms/venue/juventus_stadium.png HTTP/1.1" 200 31832
5.91.168.22 - - [10/Jan/2025:00:52:21 +0100] "GET /ticket2/opencms/system/modules/com.gridnine.opencms.ticketbrokerage.site/resources/pics/0.gif HTTP/1.1" 200 43
5.91.168.22 - - [10/Jan/2025:00:52:21 +0100] "GET /ticket2/opencms/img/icons/se.png HTTP/1.1" 200 1258
5.91.168.22 - - [10/Jan/2025:00:52:22 +0100] "GET /ticket2/opencms/img/fb.png HTTP/1.1" 200 1269
5.91.168.22 - - [10/Jan/2025:00:52:22 +0100] "GET /ticket2/opencms/img/icons/en.png HTTP/1.1" 200 2415
5.91.168.22 - - [10/Jan/2025:00:52:22 +0100] "GET /ticket2/opencms/it/ask-form.html HTTP/1.1" 200 3156
5.91.168.22 - - [10/Jan/2025:00:52:22 +0100] "GET /ticket2/opencms/system/modules/com.gridnine.opencms.ticketbrokerage.site/resources/css/ticketbrokerage.css HTTP/1.1" 200 39339
185.191.171.5 - - [10/Jan/2025:00:52:23 +0100] "GET /ticket2/opencms/dk/sport/fodboldbilletter/premier-league/leicester/ HTTP/1.1" 200 99327
5.91.168.22 - - [10/Jan/2025:00:52:23 +0100] "GET /ticket2/opencms/system/modules/com.gridnine.opencms.ticketbrokerage.site/resources/pics/footer-img.jpg HTTP/1.1" 200 67642
5.91.168.22 - - [10/Jan/2025:00:52:23 +0100] "GET /ticket2/opencms/img/check.png HTTP/1.1" 200 548
5.91.168.22 - - [10/Jan/2025:00:52:23 +0100] "GET /ticket2/opencms/img/mail.png HTTP/1.1" 200 403
5.91.168.22 - - [10/Jan/2025:00:52:23 +0100] "GET /ticket2/opencms/img/chat.png HTTP/1.1" 200 416
5.91.168.22 - - [10/Jan/2025:00:52:23 +0100] "GET /ticket2/opencms/img/arrow.png HTTP/1.1" 200 753
5.91.168.22 - - [10/Jan/2025:00:52:23 +0100] "GET /ticket2/opencms/system/modules/com.gridnine.opencms.ticketbrokerage.site/resources/pics/button1_left.gif HTTP/1.1" 200 232
5.91.168.22 - - [10/Jan/2025:00:52:23 +0100] "GET /ticket2/opencms/system/modules/com.gridnine.opencms.ticketbrokerage.site/resources/pics/arrow.gif HTTP/1.1" 200 344
5.91.168.22 - - [10/Jan/2025:00:52:23 +0100] "GET /ticket2/opencms/system/modules/com.gridnine.opencms.ticketbrokerage.site/resources/pics/button1_center.gif HTTP/1.1" 200 66
5.91.168.22 - - [10/Jan/2025:00:52:23 +0100] "GET /ticket2/opencms/system/modules/com.gridnine.opencms.ticketbrokerage.site/resources/pics/button1_right.gif HTTP/1.1" 200 232
5.91.168.22 - - [10/Jan/2025:00:52:23 +0100] "GET /ticket2/opencms/img/icons/dk.png HTTP/1.1" 200 1706
5.91.168.22 - - [10/Jan/2025:00:52:24 +0100] "GET /ticket2/opencms/img/icons/sq.png HTTP/1.1" 200 1619
5.91.168.22 - - [10/Jan/2025:00:52:24 +0100] "GET /ticket2/opencms/img/icons/nl.png HTTP/1.1" 200 1255
5.91.168.22 - - [10/Jan/2025:00:52:24 +0100] "GET /ticket2/opencms/img/icons/hy.png HTTP/1.1" 200 1170
114.119.157.43 - - [10/Jan/2025:00:52:24 +0100] "GET /ticket2/opencms/mk/buy?page=1&=58EE8D11-44A9-1757-A415-2FA40E7DD2E6 HTTP/1.1" 404 -
5.91.168.22 - - [10/Jan/2025:00:52:24 +0100] "GET /ticket2/opencms/img/icons/de.png HTTP/1.1" 200 1124
5.91.168.22 - - [10/Jan/2025:00:52:24 +0100] "GET /ticket2/opencms/img/icons/az.png HTTP/1.1" 200 1445
5.91.168.22 - - [10/Jan/2025:00:52:24 +0100] "GET /ticket2/opencms/img/icons/fr.png HTTP/1.1" 200 1764
5.91.168.22 - - [10/Jan/2025:00:52:24 +0100] "GET /ticket2/opencms/img/icons/pl.png HTTP/1.1" 200 1578
5.91.168.22 - - [10/Jan/2025:00:52:24 +0100] "GET /ticket2/opencms/img/icons/es.png HTTP/1.1" 200 1005
5.91.168.22 - - [10/Jan/2025:00:52:24 +0100] "GET /ticket2/opencms/img/icons/be.png HTTP/1.1" 200 1663
5.91.168.22 - - [10/Jan/2025:00:52:24 +0100] "GET /ticket2/opencms/img/icons/bs.png HTTP/1.1" 200 1014
5.91.168.22 - - [10/Jan/2025:00:52:24 +0100] "GET /ticket2/opencms/img/icons/bg.png HTTP/1.1" 200 788
5.91.168.22 - - [10/Jan/2025:00:52:24 +0100] "GET /ticket2/opencms/img/icons/hr.png HTTP/1.1" 200 2024
5.91.168.22 - - [10/Jan/2025:00:52:24 +0100] "GET /ticket2/opencms/img/icons/et.png HTTP/1.1" 200 754
5.91.168.22 - - [10/Jan/2025:00:52:24 +0100] "GET /ticket2/opencms/img/icons/el.png HTTP/1.1" 200 1637
5.91.168.22 - - [10/Jan/2025:00:52:24 +0100] "GET /ticket2/opencms/img/icons/cs.png HTTP/1.1" 200 1883
5.91.168.22 - - [10/Jan/2025:00:52:24 +0100] "GET /ticket2/opencms/img/icons/ka.png HTTP/1.1" 200 860
94.23.203.86 - - [10/Jan/2025:00:52:25 +0100] "GET /ticket2/opencms/en/login/?edid=7A84F380-D61B-E8A3-BBE7-B6EF5AF48A30 HTTP/1.1" 200 89805
207.46.13.151 - - [10/Jan/2025:00:52:27 +0100] "GET /ticket2/opencms/pl/magazine/article?title=kibice-chelsea-reaguja-frustracja HTTP/1.1" 200 92751
157.55.39.196 - - [10/Jan/2025:00:52:28 +0100] "GET /ticket2/opencms/ro/buy?page=1&edid=2BF6E643-E634-803F-5E85-36ED669FBD74 HTTP/1.1" 200 113443
65.21.113.194 - - [10/Jan/2025:00:52:32 +0100] "GET /ticket2/opencms/robots.txt HTTP/1.1" 200 773
94.23.203.86 - - [10/Jan/2025:00:52:32 +0100] "GET /ticket2/opencms/en/login/?edid=7B3F7649-A433-87A5-0017-3BE35209D234 HTTP/1.1" 200 89822
65.21.113.194 - - [10/Jan/2025:00:52:32 +0100] "GET /ticket2/opencms/sv/buy/?page=1&edid=133B893E-0B2E-BEF9-99B1-9E25283FAB9D HTTP/1.1" 200 111087
5.91.168.22 - - [10/Jan/2025:00:52:36 +0100] "GET /ticket2/opencms/venue/juventus_stadium.png HTTP/1.1" 200 31832
5.91.168.22 - - [10/Jan/2025:00:52:36 +0100] "GET /ticket2/opencms/favicon.ico HTTP/1.1" 200 15406
65.21.113.194 - - [10/Jan/2025:00:52:37 +0100] "GET /ticket2/opencms/sv/buy/?page=1&edid=13FD52ED-2424-BEB8-F194-ACEDB9434F70 HTTP/1.1" 200 118202
94.23.203.86 - - [10/Jan/2025:00:52:40 +0100] "GET /ticket2/opencms/en/login/?edid=7BDD513D-C42F-5416-CDF2-0CE1EB8D2C84 HTTP/1.1" 200 89816
5.91.168.22 - - [10/Jan/2025:00:52:44 +0100] "GET /ticket2/opencms/it/buy/?page=1&edid=C5944089-4BA1-6638-58B6-EE4373B33715&hlv=66902288-6fbc-489d-ac7a-22ea0a01000f HTTP/1.1" 200 121579
5.91.168.22 - - [10/Jan/2025:00:52:45 +0100] "GET /ticket2/opencms/system/modules/com.gridnine.opencms.ticketbrokerage.site/resources/css/ticketbrokerage.css HTTP/1.1" 200 39339
5.91.168.22 - - [10/Jan/2025:00:52:45 +0100] "GET /ticket2/opencms/system/modules/com.gridnine.opencms.ticketbrokerage.site/resources/css/calendar.css HTTP/1.1" 200 6871
5.91.168.22 - - [10/Jan/2025:00:52:45 +0100] "GET /ticket2/opencms/system/modules/com.gridnine.opencms.ticketbrokerage.site/resources/css/standard.css HTTP/1.1" 200 73081
5.91.168.22 - - [10/Jan/2025:00:52:45 +0100] "GET /ticket2/opencms/system/modules/com.gridnine.opencms.ticketbrokerage.site/resources/js/functions.js HTTP/1.1" 200 1583
5.91.168.22 - - [10/Jan/2025:00:52:45 +0100] "GET /ticket2/opencms/system/modules/com.gridnine.opencms.ticketbrokerage.site/resources/js/calendar.js HTTP/1.1" 200 49229
5.91.168.22 - - [10/Jan/2025:00:52:45 +0100] "GET /ticket2/opencms/system/modules/com.gridnine.opencms.ticketbrokerage.site/resources/js/calendar-setup.js HTTP/1.1" 200 4923
5.91.168.22 - - [10/Jan/2025:00:52:45 +0100] "GET /ticket2/opencms/system/modules/com.gridnine.opencms.ticketbrokerage.site/resources/js/calendar-en.js HTTP/1.1" 200 3338
5.91.168.22 - - [10/Jan/2025:00:52:45 +0100] "GET /ticket2/opencms/system/modules/com.gridnine.opencms.ticketbrokerage.site/resources/js/standard.js HTTP/1.1" 200 3978
5.91.168.22 - - [10/Jan/2025:00:52:45 +0100] "GET /ticket2/opencms/system/modules/com.gridnine.opencms.ticketbrokerage.site/resources/css/ticketbrokerage.css HTTP/1.1" 200 39339
5.91.168.22 - - [10/Jan/2025:00:52:45 +0100] "GET /ticket2/opencms/system/modules/com.gridnine.opencms.ticketbrokerage.site/resources/css/standard.css HTTP/1.1" 200 73081
5.91.168.22 - - [10/Jan/2025:00:52:45 +0100] "GET /ticket2/opencms/system/modules/com.gridnine.opencms.ticketbrokerage.site/resources/css/calendar.css HTTP/1.1" 200 6871
5.91.168.22 - - [10/Jan/2025:00:52:45 +0100] "GET /ticket2/opencms/system/modules/com.gridnine.opencms.ticketbrokerage.site/resources/js/calendar-en.js HTTP/1.1" 200 3338
5.91.168.22 - - [10/Jan/2025:00:52:45 +0100] "GET /ticket2/opencms/system/modules/com.gridnine.opencms.ticketbrokerage.site/resources/js/calendar.js HTTP/1.1" 200 49229
5.91.168.22 - - [10/Jan/2025:00:52:45 +0100] "GET /ticket2/opencms/system/modules/com.gridnine.opencms.ticketbrokerage.site/resources/js/functions.js HTTP/1.1" 200 1583
5.91.168.22 - - [10/Jan/2025:00:52:45 +0100] "GET /ticket2/opencms/system/modules/com.gridnine.opencms.ticketbrokerage.site/resources/js/calendar-setup.js HTTP/1.1" 200 4923
5.91.168.22 - - [10/Jan/2025:00:52:45 +0100] "GET /ticket2/opencms/system/modules/com.gridnine.opencms.ticketbrokerage.site/resources/pics/two_man.png HTTP/1.1" 200 3407
5.91.168.22 - - [10/Jan/2025:00:52:45 +0100] "GET /ticket2/opencms/img/icons/fi.png HTTP/1.1" 200 1785
5.91.168.22 - - [10/Jan/2025:00:52:45 +0100] "GET /ticket2/opencms/it/ask-form.html HTTP/1.1" 200 3156
5.91.168.22 - - [10/Jan/2025:00:52:45 +0100] "GET /ticket2/opencms/img/icons/no.png HTTP/1.1" 200 1958
5.91.168.22 - - [10/Jan/2025:00:52:45 +0100] "GET /ticket2/opencms/img/icons/hu.png HTTP/1.1" 200 733
5.91.168.22 - - [10/Jan/2025:00:52:45 +0100] "GET /ticket2/opencms/system/modules/com.gridnine.opencms.ticketbrokerage.site/resources/css/ticketbrokerage.css HTTP/1.1" 200 39339
5.91.168.22 - - [10/Jan/2025:00:52:45 +0100] "GET /ticket2/opencms/img/icons/is.png HTTP/1.1" 200 1884
5.91.168.22 - - [10/Jan/2025:00:52:46 +0100] "GET /ticket2/opencms/img/icons/ga.png HTTP/1.1" 200 1759
5.91.168.22 - - [10/Jan/2025:00:52:46 +0100] "GET /ticket2/opencms/img/icons/lv.png HTTP/1.1" 200 716
5.91.168.22 - - [10/Jan/2025:00:52:46 +0100] "GET /ticket2/opencms/img/icons/lt.png HTTP/1.1" 200 733
5.91.168.22 - - [10/Jan/2025:00:52:46 +0100] "GET /ticket2/opencms/img/icons/mk.png HTTP/1.1" 200 1405
5.91.168.22 - - [10/Jan/2025:00:52:46 +0100] "GET /ticket2/opencms/img/icons/mt.png HTTP/1.1" 200 920
5.91.168.22 - - [10/Jan/2025:00:52:46 +0100] "GET /ticket2/opencms/img/icons/sr.png HTTP/1.1" 200 1602
5.91.168.22 - - [10/Jan/2025:00:52:46 +0100] "GET /ticket2/opencms/img/icons/sk.png HTTP/1.1" 200 1283
5.91.168.22 - - [10/Jan/2025:00:52:46 +0100] "GET /ticket2/opencms/img/icons/uk.png HTTP/1.1" 200 1272
5.91.168.22 - - [10/Jan/2025:00:52:46 +0100] "GET /ticket2/opencms/img/icons/sl.png HTTP/1.1" 200 966
5.91.168.22 - - [10/Jan/2025:00:52:46 +0100] "GET /ticket2/opencms/img/icons/tr.png HTTP/1.1" 200 1636
5.91.168.22 - - [10/Jan/2025:00:52:46 +0100] "GET /ticket2/opencms/system/modules/com.gridnine.opencms.ticketbrokerage.site/resources/pics/ticket_info_button.png HTTP/1.1" 200 3820
94.23.203.86 - - [10/Jan/2025:00:52:47 +0100] "GET /ticket2/opencms/en/login/?edid=7CBC2073-43B3-6AB9-9406-E231332EAC38 HTTP/1.1" 200 89808
65.21.113.194 - - [10/Jan/2025:00:52:48 +0100] "GET /ticket2/opencms/sv/buy/?page=1&edid=14013EF7-6169-73E5-B4B7-580B3204AD77 HTTP/1.1" 200 110817
185.191.171.16 - - [10/Jan/2025:00:52:50 +0100] "GET /ticket2/opencms/az/magazine/article?title=brighton-ve-hove-albion HTTP/1.1" 200 92736
65.21.113.194 - - [10/Jan/2025:00:52:52 +0100] "GET /ticket2/opencms/sv/buy/?page=1&edid=141CBD95-4293-294B-CF07-71BC79C50A54 HTTP/1.1" 200 108707
94.23.203.86 - - [10/Jan/2025:00:52:53 +0100] "GET /ticket2/opencms/en/login/?edid=7FD7B983-A676-9DB5-DDC8-EBA42E6C40FA HTTP/1.1" 200 89844
65.21.113.194 - - [10/Jan/2025:00:52:55 +0100] "GET /ticket2/opencms/sv/buy/?page=1&edid=1451D7F8-73F8-CDFB-097A-1DC5AB9EA78D HTTP/1.1" 200 121282
185.191.171.8 - - [10/Jan/2025:00:52:55 +0100] "GET /ticket2/opencms/pl/magazine/article?title=co-to-jest-pilka-nozna HTTP/1.1" 200 94830
65.21.113.194 - - [10/Jan/2025:00:53:00 +0100] "GET /ticket2/opencms/sv/buy/?page=1&edid=1499F703-DFC9-3CEE-AC19-8B22C17A288A HTTP/1.1" 200 108721
94.23.203.86 - - [10/Jan/2025:00:53:01 +0100] "GET /ticket2/opencms/en/login/?edid=7FF68D3D-FBD7-BDCD-7F04-B0527DB5835B HTTP/1.1" 200 89741
