66.249.64.130 - - [10/Jan/2025:03:03:54 +0100] "GET /ticket2/opencms/system/modules/com.gridnine.opencms.ticketbrokerage.site/resources/js/jquery/jquery-ui.js HTTP/1.1" 200 228088
66.249.64.130 - - [10/Jan/2025:03:03:55 +0100] "GET /ticket2/opencms/system/modules/com.gridnine.opencms.ticketbrokerage.site/resources/css/jquery-ui.css HTTP/1.1" 200 33221
66.249.64.130 - - [10/Jan/2025:03:03:55 +0100] "GET /ticket2/opencms/system/modules/com.gridnine.opencms.ticketbrokerage.site/resources/js/standard.js HTTP/1.1" 200 3978
66.249.76.170 - - [10/Jan/2025:03:03:56 +0100] "GET /ticket2/opencms/system/modules/com.gridnine.opencms.ticketbrokerage.site/resources/js/calendar-setup.js HTTP/1.1" 200 4923
66.249.64.130 - - [10/Jan/2025:03:03:56 +0100] "GET /ticket2/opencms/system/modules/com.gridnine.opencms.ticketbrokerage.site/resources/css/jquery.fancybox.css HTTP/1.1" 200 4939
66.249.76.170 - - [10/Jan/2025:03:03:57 +0100] "GET /ticket2/opencms/system/modules/com.gridnine.opencms.ticketbrokerage.site/resources/js/calendar-en.js HTTP/1.1" 200 3338
66.249.64.130 - - [10/Jan/2025:03:03:57 +0100] "GET /ticket2/opencms/system/modules/com.gridnine.opencms.ticketbrokerage.site/resources/css/standard.css HTTP/1.1" 200 73081
66.249.64.130 - - [10/Jan/2025:03:03:58 +0100] "GET /ticket2/opencms/system/modules/com.gridnine.opencms.ticketbrokerage.site/resources/js/calendar.js HTTP/1.1" 200 49229
66.249.64.130 - - [10/Jan/2025:03:03:59 +0100] "GET /ticket2/opencms/system/modules/com.gridnine.opencms.ticketbrokerage.site/resources/js/functions.js HTTP/1.1" 200 1583
157.55.39.193 - - [10/Jan/2025:03:03:59 +0100] "GET /ticket2/opencms/dk/magazine/article?title=aston-villa-en-af-de-aeldste-klubber-i-premier-league HTTP/1.1" 200 92904
66.249.64.130 - - [10/Jan/2025:03:03:59 +0100] "GET /ticket2/opencms/system/modules/com.gridnine.opencms.ticketbrokerage.site/resources/js/jquery.placeholder.min.js HTTP/1.1" 200 1737
65.21.113.194 - - [10/Jan/2025:03:03:59 +0100] "GET /ticket2/opencms/uk/sport/kvytky-na-futbol/serie-a/lazio HTTP/1.1" 200 100583
66.249.64.130 - - [10/Jan/2025:03:03:59 +0100] "GET /ticket2/opencms/system/modules/com.gridnine.opencms.ticketbrokerage.site/resources/js/common-ajax.js HTTP/1.1" 200 20175
216.244.66.238 - - [10/Jan/2025:03:04:01 +0100] "GET /ticket2/opencms/dk/en/sell/?edid=C2A51360-6A0D-EA25-5FF4-CC9351F00343 HTTP/1.1" 404 -
65.21.113.194 - - [10/Jan/2025:03:04:09 +0100] "GET /ticket2/opencms/robots.txt HTTP/1.1" 200 773
65.21.113.194 - - [10/Jan/2025:03:04:09 +0100] "GET /ticket2/opencms/uk/sport/kvytky-na-futbol/serie-a/lecce HTTP/1.1" 200 96529
54.36.148.240 - - [10/Jan/2025:03:04:11 +0100] "GET /ticket2/opencms/uk/buy?comcatid=A17713B6-D984-201A-4143-ED4DB5ED5C2E&catid=0A6C99D2-F5BD-7A18-9A5F-5668827042E0 HTTP/1.1" 200 6410
85.208.96.193 - - [10/Jan/2025:03:04:12 +0100] "GET /ticket2/opencms/pl/magazine/article?title=emirates-stadium-ikoniczna-arena HTTP/1.1" 200 95267
65.21.113.194 - - [10/Jan/2025:03:04:19 +0100] "GET /ticket2/opencms/uk/sport/kvytky-na-futbol/serie-a/milan/ HTTP/1.1" 200 100585
114.119.135.171 - - [10/Jan/2025:03:04:22 +0100] "GET /ticket2/opencms/en/buy/?page=1&edid=025EDADF-A6F5-941C-F1A5-97BAE37E9D91 HTTP/1.1" 200 110861
216.244.66.238 - - [10/Jan/2025:03:04:24 +0100] "GET /ticket2/opencms/dk/en/venue/?venueid=BF81F57B-2AD9-D1E3-4885-A9DA4B970272 HTTP/1.1" 404 -
47.128.123.168 - - [10/Jan/2025:03:04:29 +0100] "GET /ticket2/opencms/lv/buy?edid=8EE24D2F-4BF0-A103-6944-36103BCA6278 HTTP/1.1" 200 92442
185.191.171.19 - - [10/Jan/2025:03:04:30 +0100] "GET /ticket2/opencms/de/en/search.html?searchQuery=chelsea&submit HTTP/1.1" 404 -
65.21.113.194 - - [10/Jan/2025:03:04:34 +0100] "GET /ticket2/opencms/uk/sport/kvytky-na-futbol/serie-a/monza HTTP/1.1" 200 93492
65.21.113.194 - - [10/Jan/2025:03:04:42 +0100] "GET /ticket2/opencms/uk/sport/kvytky-na-futbol/serie-a/napoli HTTP/1.1" 200 100645
52.167.144.54 - - [10/Jan/2025:03:04:46 +0100] "GET /ticket2/opencms/robots.txt HTTP/1.1" 200 773
52.167.144.54 - - [10/Jan/2025:03:04:46 +0100] "GET /ticket2/opencms/robots.txt HTTP/1.1" 200 773
65.21.113.194 - - [10/Jan/2025:03:04:50 +0100] "GET /ticket2/opencms/uk/sport/kvytky-na-futbol/serie-a/roma HTTP/1.1" 200 101923
157.55.39.55 - - [10/Jan/2025:03:04:54 +0100] "GET /ticket2/opencms/sv/ HTTP/1.1" 200 100185
40.77.167.65 - - [10/Jan/2025:03:04:56 +0100] "GET /ticket2/opencms/ro/buy?page=1&edid=DD06A750-81DC-2084-5EA7-F99D030C75E7 HTTP/1.1" 200 136674
65.21.113.194 - - [10/Jan/2025:03:04:57 +0100] "GET /ticket2/opencms/uk/sport/kvytky-na-futbol/serie-a/salernitana HTTP/1.1" 200 96998
47.128.119.95 - - [10/Jan/2025:03:05:02 +0100] "GET /ticket2/opencms/lv/buy/?edid=DE0D0DE3-BA42-3783-5C74-6058213C61AE HTTP/1.1" 200 92479
40.77.167.65 - - [10/Jan/2025:03:05:02 +0100] "GET /ticket2/opencms/el/buy?page=1&edid=14805192-13F7-E3EE-F077-AC4C1ACF4064 HTTP/1.1" 200 116547
65.21.113.194 - - [10/Jan/2025:03:05:07 +0100] "GET /ticket2/opencms/uk/sport/kvytky-na-futbol/serie-a/sassuolo HTTP/1.1" 200 96799
66.249.64.46 - - [10/Jan/2025:03:05:07 +0100] "GET /ticket2/opencms/ga/buy/?page=1&edid=EB4DE1F4-F429-D890-6213-A5B01648901D HTTP/1.1" 200 113157
66.249.64.131 - - [10/Jan/2025:03:05:08 +0100] "GET /ticket2/opencms/de/buy?page=1&edid=64A60FC5-9144-9005-5A1D-3785642C58BF&hlv=66d5eb7d-2b80-4a71-a893-28390a01000f HTTP/1.1" 200 116010
185.191.171.16 - - [10/Jan/2025:03:05:15 +0100] "GET /ticket2/opencms/sv/sport/fotbollsbiljetter/premier_league/manchester_city/ HTTP/1.1" 200 102268
65.21.113.194 - - [10/Jan/2025:03:05:19 +0100] "GET /ticket2/opencms/uk/sport/kvytky-na-futbol/serie-a/torino HTTP/1.1" 200 96694
40.77.167.136 - - [10/Jan/2025:03:05:20 +0100] "GET /ticket2/opencms/az/buy/?page=6&comcatid=A17713B6-D984-201A-4143-ED4DB5ED5C2E&catid=0A6C99D2-F5BD-7A18-9A5F-5668827042E0 HTTP/1.1" 200 6410
52.167.144.17 - - [10/Jan/2025:03:05:20 +0100] "GET /ticket2/opencms/system/modules/com.gridnine.opencms.ticketbrokerage.site/resources/js/calendar-en.js HTTP/1.1" 200 3338
52.167.144.17 - - [10/Jan/2025:03:05:20 +0100] "GET /ticket2/opencms/system/modules/com.gridnine.opencms.ticketbrokerage.site/resources/js/calendar.js HTTP/1.1" 200 49229
52.167.144.17 - - [10/Jan/2025:03:05:21 +0100] "GET /ticket2/opencms/system/modules/com.gridnine.opencms.ticketbrokerage.site/resources/js/standard.js HTTP/1.1" 200 3978
52.167.144.17 - - [10/Jan/2025:03:05:21 +0100] "GET /ticket2/opencms/system/modules/com.gridnine.opencms.ticketbrokerage.site/resources/js/stickyfill.min.js HTTP/1.1" 200 5672
52.167.144.210 - - [10/Jan/2025:03:05:22 +0100] "GET /ticket2/opencms/system/modules/com.gridnine.opencms.ticketbrokerage.site/resources/js/jquery.placeholder.min.js HTTP/1.1" 200 1737
66.249.64.131 - - [10/Jan/2025:03:05:23 +0100] "GET /ticket2/opencms/es/buy?page=1&edid=0AAE8E6C-1DFD-C224-2012-57D81AADBDD7 HTTP/1.1" 200 112892
65.21.113.194 - - [10/Jan/2025:03:05:25 +0100] "GET /ticket2/opencms/uk/sport/kvytky-na-futbol/serie-a/udinese HTTP/1.1" 200 96629
157.55.39.55 - - [10/Jan/2025:03:05:26 +0100] "GET /ticket2/opencms/system/modules/com.gridnine.opencms.ticketbrokerage.site/resources/js/calendar-setup.js HTTP/1.1" 200 4923
185.191.171.8 - - [10/Jan/2025:03:05:26 +0100] "GET /ticket2/opencms/fr/magazine/article?title=abdul-fatawu-va-manquer-le-reste-de-la-saison HTTP/1.1" 200 94346
157.55.39.55 - - [10/Jan/2025:03:05:27 +0100] "GET /ticket2/opencms/system/modules/com.gridnine.opencms.ticketbrokerage.site/resources/js/common-ajax.js HTTP/1.1" 200 20175
157.55.39.55 - - [10/Jan/2025:03:05:28 +0100] "GET /ticket2/opencms/system/modules/com.gridnine.opencms.ticketbrokerage.site/resources/js/jquery.fancybox.pack.js HTTP/1.1" 200 23187
65.21.113.194 - - [10/Jan/2025:03:05:29 +0100] "GET /ticket2/opencms/uk/standard/ HTTP/1.1" 500 -
54.36.148.243 - - [10/Jan/2025:03:05:30 +0100] "GET /ticket2/opencms/sq/buy?page=1&edid=CFE3AD1D-4887-F2C9-CE30-778894EF867F HTTP/1.1" 200 119150
157.55.39.55 - - [10/Jan/2025:03:05:31 +0100] "GET /ticket2/opencms/system/modules/com.gridnine.opencms.ticketbrokerage.site/resources/js/functions.js HTTP/1.1" 200 1583
202.8.42.99 - - [10/Jan/2025:03:05:31 +0100] "GET /ticket2/opencms/system/modules/com.gridnine.opencms.ticketbrokerage.site/resources/css/calendar.css HTTP/1.1" 200 6871
202.8.42.99 - - [10/Jan/2025:03:05:31 +0100] "GET /ticket2/opencms/system/modules/com.gridnine.opencms.ticketbrokerage.site/resources/css/jquery.fancybox.css HTTP/1.1" 200 4939
202.8.42.99 - - [10/Jan/2025:03:05:31 +0100] "GET /ticket2/opencms/system/modules/com.gridnine.opencms.ticketbrokerage.site/resources/js/calendar-setup.js HTTP/1.1" 200 4923
202.8.42.99 - - [10/Jan/2025:03:05:31 +0100] "GET /ticket2/opencms/system/modules/com.gridnine.opencms.ticketbrokerage.site/resources/css/standard.css HTTP/1.1" 200 73081
202.8.42.99 - - [10/Jan/2025:03:05:31 +0100] "GET /ticket2/opencms/system/modules/com.gridnine.opencms.ticketbrokerage.site/resources/css/jquery-ui.css HTTP/1.1" 200 33221
202.8.42.99 - - [10/Jan/2025:03:05:31 +0100] "GET /ticket2/opencms/system/modules/com.gridnine.opencms.ticketbrokerage.site/resources/css/ticketbrokerage.css HTTP/1.1" 200 39339
202.8.42.99 - - [10/Jan/2025:03:05:32 +0100] "GET /ticket2/opencms/system/modules/com.gridnine.opencms.ticketbrokerage.site/resources/js/jquery.fancybox.pack.js HTTP/1.1" 200 23187
202.8.42.99 - - [10/Jan/2025:03:05:32 +0100] "GET /ticket2/opencms/system/modules/com.gridnine.opencms.ticketbrokerage.site/resources/js/calendar-en.js HTTP/1.1" 200 3338
202.8.42.99 - - [10/Jan/2025:03:05:32 +0100] "GET /ticket2/opencms/system/modules/com.gridnine.opencms.ticketbrokerage.site/resources/js/functions.js HTTP/1.1" 200 1583
202.8.42.99 - - [10/Jan/2025:03:05:32 +0100] "GET /ticket2/opencms/system/modules/com.gridnine.opencms.ticketbrokerage.site/resources/js/jquery/jquery.js HTTP/1.1" 200 93868
202.8.42.99 - - [10/Jan/2025:03:05:32 +0100] "GET /ticket2/opencms/system/modules/com.gridnine.opencms.ticketbrokerage.site/resources/js/jquery/jquery-ui.js HTTP/1.1" 200 228088
202.8.42.99 - - [10/Jan/2025:03:05:32 +0100] "GET /ticket2/opencms/system/modules/com.gridnine.opencms.ticketbrokerage.site/resources/js/calendar.js HTTP/1.1" 200 49229
202.8.42.99 - - [10/Jan/2025:03:05:32 +0100] "GET /ticket2/opencms/system/modules/com.gridnine.opencms.ticketbrokerage.site/resources/js/stickyfill.min.js HTTP/1.1" 200 5672
202.8.42.99 - - [10/Jan/2025:03:05:32 +0100] "GET /ticket2/opencms/system/modules/com.gridnine.opencms.ticketbrokerage.site/resources/js/standard.js HTTP/1.1" 200 3978
202.8.42.99 - - [10/Jan/2025:03:05:32 +0100] "GET /ticket2/opencms/system/modules/com.gridnine.opencms.ticketbrokerage.site/resources/js/jquery.placeholder.min.js HTTP/1.1" 200 1737
202.8.42.99 - - [10/Jan/2025:03:05:32 +0100] "GET /ticket2/opencms/system/modules/com.gridnine.opencms.ticketbrokerage.site/resources/js/common-ajax.js HTTP/1.1" 200 20175
202.8.42.99 - - [10/Jan/2025:03:05:32 +0100] "GET /ticket2/opencms/sq/ask-form.html HTTP/1.1" 200 3156
202.8.42.99 - - [10/Jan/2025:03:05:32 +0100] "GET /ticket2/opencms/sq/ask-form.html HTTP/1.1" 200 3156
202.8.42.99 - - [10/Jan/2025:03:05:32 +0100] "GET /ticket2/opencms/system/modules/com.gridnine.opencms.ticketbrokerage.site/resources/css/ticketbrokerage.css HTTP/1.1" 200 39339
52.167.144.210 - - [10/Jan/2025:03:05:32 +0100] "GET /ticket2/opencms/system/modules/com.gridnine.opencms.ticketbrokerage.site/resources/js/jquery/jquery.js HTTP/1.1" 200 93868
65.21.113.194 - - [10/Jan/2025:03:05:34 +0100] "GET /ticket2/opencms/uk/zv-yazhit-sya-z-namy/ HTTP/1.1" 200 89617
54.36.149.4 - - [10/Jan/2025:03:05:36 +0100] "GET /ticket2/opencms/es/buy?page=1&edid=C8C69015-BCBB-8460-663E-8B2E58614425 HTTP/1.1" 200 112767
186.77.205.187 - - [10/Jan/2025:03:05:36 +0100] "GET /ticket2/opencms/img/shutterstock_1559114345.jpg HTTP/1.1" 200 1583836
202.8.43.7 - - [10/Jan/2025:03:05:37 +0100] "GET /ticket2/opencms/system/modules/com.gridnine.opencms.ticketbrokerage.site/resources/css/standard.css HTTP/1.1" 200 73081
202.8.43.7 - - [10/Jan/2025:03:05:37 +0100] "GET /ticket2/opencms/system/modules/com.gridnine.opencms.ticketbrokerage.site/resources/css/ticketbrokerage.css HTTP/1.1" 200 39339
202.8.43.7 - - [10/Jan/2025:03:05:37 +0100] "GET /ticket2/opencms/system/modules/com.gridnine.opencms.ticketbrokerage.site/resources/css/jquery.fancybox.css HTTP/1.1" 200 4939
202.8.43.7 - - [10/Jan/2025:03:05:37 +0100] "GET /ticket2/opencms/system/modules/com.gridnine.opencms.ticketbrokerage.site/resources/css/calendar.css HTTP/1.1" 200 6871
202.8.43.7 - - [10/Jan/2025:03:05:37 +0100] "GET /ticket2/opencms/system/modules/com.gridnine.opencms.ticketbrokerage.site/resources/css/jquery-ui.css HTTP/1.1" 200 33221
202.8.43.7 - - [10/Jan/2025:03:05:37 +0100] "GET /ticket2/opencms/system/modules/com.gridnine.opencms.ticketbrokerage.site/resources/js/jquery/jquery.js HTTP/1.1" 200 93868
202.8.43.7 - - [10/Jan/2025:03:05:37 +0100] "GET /ticket2/opencms/system/modules/com.gridnine.opencms.ticketbrokerage.site/resources/js/jquery/jquery-ui.js HTTP/1.1" 200 228088
202.8.43.7 - - [10/Jan/2025:03:05:37 +0100] "GET /ticket2/opencms/system/modules/com.gridnine.opencms.ticketbrokerage.site/resources/js/functions.js HTTP/1.1" 200 1583
202.8.43.7 - - [10/Jan/2025:03:05:37 +0100] "GET /ticket2/opencms/system/modules/com.gridnine.opencms.ticketbrokerage.site/resources/js/calendar.js HTTP/1.1" 200 49229
202.8.43.7 - - [10/Jan/2025:03:05:37 +0100] "GET /ticket2/opencms/system/modules/com.gridnine.opencms.ticketbrokerage.site/resources/js/calendar-en.js HTTP/1.1" 200 3338
202.8.43.7 - - [10/Jan/2025:03:05:37 +0100] "GET /ticket2/opencms/system/modules/com.gridnine.opencms.ticketbrokerage.site/resources/js/calendar-setup.js HTTP/1.1" 200 4923
202.8.43.7 - - [10/Jan/2025:03:05:37 +0100] "GET /ticket2/opencms/system/modules/com.gridnine.opencms.ticketbrokerage.site/resources/js/jquery.fancybox.pack.js HTTP/1.1" 200 23187
202.8.43.7 - - [10/Jan/2025:03:05:37 +0100] "GET /ticket2/opencms/system/modules/com.gridnine.opencms.ticketbrokerage.site/resources/js/stickyfill.min.js HTTP/1.1" 200 5672
202.8.43.7 - - [10/Jan/2025:03:05:37 +0100] "GET /ticket2/opencms/system/modules/com.gridnine.opencms.ticketbrokerage.site/resources/js/standard.js HTTP/1.1" 200 3978
202.8.43.7 - - [10/Jan/2025:03:05:38 +0100] "GET /ticket2/opencms/system/modules/com.gridnine.opencms.ticketbrokerage.site/resources/js/jquery.placeholder.min.js HTTP/1.1" 200 1737
40.77.167.136 - - [10/Jan/2025:03:05:38 +0100] "GET /ticket2/opencms/ka/buy/?page=1&edid=32B0E66E-AA41-6185-F74C-E7405E9AF1F9 HTTP/1.1" 200 115447
202.8.43.7 - - [10/Jan/2025:03:05:38 +0100] "GET /ticket2/opencms/system/modules/com.gridnine.opencms.ticketbrokerage.site/resources/js/common-ajax.js HTTP/1.1" 200 20175
202.8.43.7 - - [10/Jan/2025:03:05:38 +0100] "GET /ticket2/opencms/es/ask-form.html HTTP/1.1" 200 3156
202.8.43.7 - - [10/Jan/2025:03:05:38 +0100] "GET /ticket2/opencms/es/ask-form.html HTTP/1.1" 200 3156
202.8.43.7 - - [10/Jan/2025:03:05:38 +0100] "GET /ticket2/opencms/system/modules/com.gridnine.opencms.ticketbrokerage.site/resources/css/ticketbrokerage.css HTTP/1.1" 200 39339
47.128.117.8 - - [10/Jan/2025:03:05:38 +0100] "GET /ticket2/opencms/fi/login HTTP/1.1" 200 91630
149.202.65.183 - - [10/Jan/2025:03:05:39 +0100] "GET /ticket2/opencms/lv/buy/?page=1&edid=C019DBB8-FF11-8C7C-90B0-E1EB2510B252 HTTP/1.1" 200 113127
149.202.65.183 - - [10/Jan/2025:03:05:40 +0100] "GET /ticket2/opencms/lv/buy/?page=1&edid=D62723EE-1857-617C-CCAD-CE486EF9BB11 HTTP/1.1" 200 109810
149.202.65.183 - - [10/Jan/2025:03:05:42 +0100] "GET /ticket2/opencms/lv/buy/?page=1&edid=D82A55E9-700E-0A50-F575-755C8E3E7147 HTTP/1.1" 200 112267
65.21.113.194 - - [10/Jan/2025:03:05:43 +0100] "GET /ticket2/opencms/robots.txt HTTP/1.1" 200 773
65.21.113.194 - - [10/Jan/2025:03:05:43 +0100] "GET /ticket2/opencms/tb/opencms/sv/?partner=8D97A890-4D02-4995-6EB5-36A379530ABF HTTP/1.1" 404 -
149.202.65.183 - - [10/Jan/2025:03:05:44 +0100] "GET /ticket2/opencms/lv/buy/?page=1&edid=D8A9B55B-90B1-065C-5A4F-22204AB6F0EC HTTP/1.1" 200 111643
149.202.65.183 - - [10/Jan/2025:03:05:46 +0100] "GET /ticket2/opencms/lv/buy/?page=1&edid=D9D05721-8C0C-4CB5-6005-A4BE25E9F94F HTTP/1.1" 200 109756
157.55.39.55 - - [10/Jan/2025:03:05:46 +0100] "GET /ticket2/opencms/es/buy?page=1&edid=7E364FB9-5265-5297-954B-387D331A0D6F HTTP/1.1" 200 114163
185.191.171.1 - - [10/Jan/2025:03:05:47 +0100] "GET /ticket2/opencms/it/magazine/article?title=bergvall-e-kulusevski-impressionano HTTP/1.1" 200 93813
157.55.39.55 - - [10/Jan/2025:03:05:48 +0100] "GET /ticket2/opencms/hr/buy?page=1&edid=38471BC2-DC35-5637-FC07-B139F30174B0 HTTP/1.1" 200 113449
114.119.151.93 - - [10/Jan/2025:03:05:48 +0100] "GET /ticket2/opencms/en/buy/?page=1&edid=F966EE79-E5E7-C6EC-E8F4-5820F12458AE HTTP/1.1" 200 107964
52.167.144.182 - - [10/Jan/2025:03:05:48 +0100] "GET /ticket2/opencms/en/buy?page=1&edid=556B94F2-FD76-AB6F-089E-5820CD9C75C1 HTTP/1.1" 200 110637
149.202.65.183 - - [10/Jan/2025:03:05:49 +0100] "GET /ticket2/opencms/lv/buy/?page=1&edid=DA2AFD28-6AA1-4222-20E5-CCCE4BF9B981 HTTP/1.1" 200 113555
157.55.39.55 - - [10/Jan/2025:03:05:49 +0100] "GET /ticket2/opencms/it/buy/?page=1&edid=2E10707D-C051-6138-1E62-3BA0A6C4D8EB HTTP/1.1" 200 135413
47.128.21.194 - - [10/Jan/2025:03:05:50 +0100] "GET /ticket2/opencms/es/deporte/entradas-futbol/english-championship/ipswich-town HTTP/1.1" 200 97564
149.202.65.183 - - [10/Jan/2025:03:05:51 +0100] "GET /ticket2/opencms/lv/buy/?page=1&edid=DAC26FFD-8A53-E219-368F-E55DCE3D870C HTTP/1.1" 200 109735
149.202.65.183 - - [10/Jan/2025:03:05:54 +0100] "GET /ticket2/opencms/lv/buy/?page=1&edid=DC909086-9C5C-EBAF-0F10-7C4FD4D0055C HTTP/1.1" 200 111930
149.202.65.183 - - [10/Jan/2025:03:05:56 +0100] "GET /ticket2/opencms/lv/buy/?page=1&edid=DD124899-FC9F-398B-F2C1-EEB825B7C9FD HTTP/1.1" 200 113264
217.15.163.8 - - [10/Jan/2025:03:05:57 +0100] "GET /ticket2/opencms/en/buy/?comcatid=A17713B6-D984-201A-4143-ED4DB5ED5C2E&catid=&column=venueName%2527&sortorder=asc&npage=7 HTTP/1.1" 200 6410
217.15.163.8 - - [10/Jan/2025:03:05:57 +0100] "GET /ticket2/opencms/en/buy/?comcatid=A17713B6-D984-201A-4143-ED4DB5ED5C2E&catid=&column=venueName&sortorder=asc&npage=7%2527 HTTP/1.1" 200 6410
217.15.163.8 - - [10/Jan/2025:03:05:58 +0100] "GET /ticket2/opencms/en/buy/?comcatid=%2527A17713B6-D984-201A-4143-ED4DB5ED5C2E&catid=%2527&column=venueName&sortorder=asc&npage=7 HTTP/1.1" 200 6410
217.15.163.8 - - [10/Jan/2025:03:05:58 +0100] "GET /ticket2/opencms/en/buy/?comcatid=A17713B6-D984-201A-4143-ED4DB5ED5C2E%2527&catid=&column=venueName&sortorder=asc&npage=7 HTTP/1.1" 200 6410
217.15.163.8 - - [10/Jan/2025:03:05:58 +0100] "GET /ticket2/opencms/en/buy/?comcatid=A17713B6-D984-201A-4143-ED4DB5ED5C2E&catid=&column=venueName&sortorder=asc%2527&npage=7 HTTP/1.1" 200 6410
149.202.65.183 - - [10/Jan/2025:03:05:58 +0100] "GET /ticket2/opencms/lv/buy/?page=1&edid=DE5B6A64-DD53-E533-1C9F-682C000226C9 HTTP/1.1" 200 112967
149.202.65.183 - - [10/Jan/2025:03:06:00 +0100] "GET /ticket2/opencms/lv/buy/?page=1&edid=DE73DB51-4178-AA85-D066-1C5C2E4D27B9 HTTP/1.1" 200 112033
149.202.65.183 - - [10/Jan/2025:03:06:02 +0100] "GET /ticket2/opencms/lv/buy/?page=1&edid=DEFA2AD2-016C-1372-5474-1CAB7DBED5A5 HTTP/1.1" 200 109799
149.202.65.183 - - [10/Jan/2025:03:06:05 +0100] "GET /ticket2/opencms/lv/buy/?page=1&edid=E04C51A7-B254-2AD8-B75D-C7B1DB52808F HTTP/1.1" 200 113021
149.202.65.183 - - [10/Jan/2025:03:06:07 +0100] "GET /ticket2/opencms/lv/buy/?page=1&edid=E191F800-BEBE-94E3-2A9A-C8072A850396 HTTP/1.1" 200 113051
149.202.65.183 - - [10/Jan/2025:03:06:09 +0100] "GET /ticket2/opencms/lv/buy/?page=1&edid=E20DC4B2-605C-6B27-A096-414FF2522D6E HTTP/1.1" 200 113054
66.249.64.46 - - [10/Jan/2025:03:06:10 +0100] "GET /ticket2/opencms/lt/buy/?comcatid=A17713B6-D984-201A-4143-ED4DB5ED5C2E&catid=0A6C99D2-F5BD-7A18-9A5F-5668827042E0&npage=2 HTTP/1.1" 200 6410
149.202.65.183 - - [10/Jan/2025:03:06:11 +0100] "GET /ticket2/opencms/lv/buy/?page=1&edid=E3166D36-0533-1C67-661A-CD0D8BD7BA8C HTTP/1.1" 200 113049
85.208.96.199 - - [10/Jan/2025:03:06:13 +0100] "GET /ticket2/opencms/hu/magazine/article?title=arsenal-fc-reflexio HTTP/1.1" 200 94625
149.202.65.183 - - [10/Jan/2025:03:06:13 +0100] "GET /ticket2/opencms/lv/buy/?page=1&edid=E724794C-91AD-697E-76E5-8DFED16A69F3 HTTP/1.1" 200 109780
149.202.65.183 - - [10/Jan/2025:03:06:15 +0100] "GET /ticket2/opencms/lv/buy/?page=1&edid=E8FB6514-EFD8-EB72-BE17-25BC8A0EBD80 HTTP/1.1" 200 113083
157.55.39.55 - - [10/Jan/2025:03:06:15 +0100] "GET /ticket2/opencms/pl/buy?page=1&edid=9AF29D4D-BF71-6182-1EBD-FF49E6DA3ECE HTTP/1.1" 200 112193
149.202.65.183 - - [10/Jan/2025:03:06:18 +0100] "GET /ticket2/opencms/lv/buy/?page=1&edid=E9ADDD4B-2D5C-5990-7858-03EAA4240B08 HTTP/1.1" 200 113061
54.36.149.102 - - [10/Jan/2025:03:06:18 +0100] "GET /ticket2/opencms/bs/buy?page=1&edid=2197E523-8740-2A01-BD5D-12E3C3F2DBFE HTTP/1.1" 200 112946
40.77.167.136 - - [10/Jan/2025:03:06:19 +0100] "GET /ticket2/opencms/no/search.html?searchQuery=2025 HTTP/1.1" 200 97427
202.8.41.10 - - [10/Jan/2025:03:06:19 +0100] "GET /ticket2/opencms/system/modules/com.gridnine.opencms.ticketbrokerage.site/resources/css/calendar.css HTTP/1.1" 200 6871
202.8.41.10 - - [10/Jan/2025:03:06:19 +0100] "GET /ticket2/opencms/system/modules/com.gridnine.opencms.ticketbrokerage.site/resources/css/standard.css HTTP/1.1" 200 73081
202.8.41.10 - - [10/Jan/2025:03:06:19 +0100] "GET /ticket2/opencms/system/modules/com.gridnine.opencms.ticketbrokerage.site/resources/css/ticketbrokerage.css HTTP/1.1" 200 39339
202.8.41.10 - - [10/Jan/2025:03:06:19 +0100] "GET /ticket2/opencms/system/modules/com.gridnine.opencms.ticketbrokerage.site/resources/css/jquery-ui.css HTTP/1.1" 200 33221
202.8.41.10 - - [10/Jan/2025:03:06:19 +0100] "GET /ticket2/opencms/system/modules/com.gridnine.opencms.ticketbrokerage.site/resources/js/jquery/jquery.js HTTP/1.1" 200 93868
202.8.41.10 - - [10/Jan/2025:03:06:19 +0100] "GET /ticket2/opencms/system/modules/com.gridnine.opencms.ticketbrokerage.site/resources/css/jquery.fancybox.css HTTP/1.1" 200 4939
202.8.41.10 - - [10/Jan/2025:03:06:19 +0100] "GET /ticket2/opencms/system/modules/com.gridnine.opencms.ticketbrokerage.site/resources/js/functions.js HTTP/1.1" 200 1583
202.8.41.10 - - [10/Jan/2025:03:06:19 +0100] "GET /ticket2/opencms/system/modules/com.gridnine.opencms.ticketbrokerage.site/resources/js/jquery/jquery-ui.js HTTP/1.1" 200 228088
202.8.41.10 - - [10/Jan/2025:03:06:19 +0100] "GET /ticket2/opencms/system/modules/com.gridnine.opencms.ticketbrokerage.site/resources/js/calendar.js HTTP/1.1" 200 49229
202.8.41.10 - - [10/Jan/2025:03:06:19 +0100] "GET /ticket2/opencms/system/modules/com.gridnine.opencms.ticketbrokerage.site/resources/js/calendar-en.js HTTP/1.1" 200 3338
202.8.41.10 - - [10/Jan/2025:03:06:19 +0100] "GET /ticket2/opencms/system/modules/com.gridnine.opencms.ticketbrokerage.site/resources/js/calendar-setup.js HTTP/1.1" 200 4923
202.8.41.10 - - [10/Jan/2025:03:06:19 +0100] "GET /ticket2/opencms/system/modules/com.gridnine.opencms.ticketbrokerage.site/resources/js/jquery.fancybox.pack.js HTTP/1.1" 200 23187
202.8.41.10 - - [10/Jan/2025:03:06:19 +0100] "GET /ticket2/opencms/system/modules/com.gridnine.opencms.ticketbrokerage.site/resources/js/stickyfill.min.js HTTP/1.1" 200 5672
202.8.41.10 - - [10/Jan/2025:03:06:19 +0100] "GET /ticket2/opencms/system/modules/com.gridnine.opencms.ticketbrokerage.site/resources/js/standard.js HTTP/1.1" 200 3978
202.8.41.10 - - [10/Jan/2025:03:06:20 +0100] "GET /ticket2/opencms/system/modules/com.gridnine.opencms.ticketbrokerage.site/resources/js/jquery.placeholder.min.js HTTP/1.1" 200 1737
202.8.41.10 - - [10/Jan/2025:03:06:20 +0100] "GET /ticket2/opencms/system/modules/com.gridnine.opencms.ticketbrokerage.site/resources/js/common-ajax.js HTTP/1.1" 200 20175
149.202.65.183 - - [10/Jan/2025:03:06:20 +0100] "GET /ticket2/opencms/lv/buy/?page=1&edid=EACAB49B-0521-3552-A3D3-3DE7421945A6 HTTP/1.1" 200 113761
40.77.167.136 - - [10/Jan/2025:03:06:20 +0100] "GET /ticket2/opencms/cs/buy?page=1&edid=7970CEEB-4E13-87EE-C1A6-2DDE981B3D64 HTTP/1.1" 200 113797
202.8.41.10 - - [10/Jan/2025:03:06:20 +0100] "GET /ticket2/opencms/bs/ask-form.html HTTP/1.1" 200 3156
202.8.41.10 - - [10/Jan/2025:03:06:20 +0100] "GET /ticket2/opencms/bs/ask-form.html HTTP/1.1" 200 3156
202.8.41.10 - - [10/Jan/2025:03:06:20 +0100] "GET /ticket2/opencms/system/modules/com.gridnine.opencms.ticketbrokerage.site/resources/css/ticketbrokerage.css HTTP/1.1" 200 39339
202.8.41.10 - - [10/Jan/2025:03:06:20 +0100] "GET /ticket2/opencms/system/modules/com.gridnine.opencms.ticketbrokerage.site/resources/js/standard.js HTTP/1.1" 200 3978
149.202.65.183 - - [10/Jan/2025:03:06:22 +0100] "GET /ticket2/opencms/lv/buy/?page=1&edid=EB31C882-2BE6-C517-726C-D721EBC90088 HTTP/1.1" 200 113163
149.202.65.183 - - [10/Jan/2025:03:06:24 +0100] "GET /ticket2/opencms/lv/buy/?page=1&edid=EF1A8051-02D1-4881-866E-65E64956F4A4 HTTP/1.1" 200 109886
185.191.171.3 - - [10/Jan/2025:03:06:25 +0100] "GET /ticket2/opencms/ro/magazine/article?title=semifinala-franta-vs-spania HTTP/1.1" 200 95589
114.119.141.34 - - [10/Jan/2025:03:06:26 +0100] "GET /ticket2/opencms/en/sell?edid=FED98890-38A2-BE27-329F-29074A06DF0E HTTP/1.1" 302 -
149.202.65.183 - - [10/Jan/2025:03:06:26 +0100] "GET /ticket2/opencms/lv/buy/?page=1&edid=F057D3FD-1A5A-352D-1941-A98E52C4BA86 HTTP/1.1" 200 113027
40.77.167.65 - - [10/Jan/2025:03:06:27 +0100] "GET /ticket2/opencms/fi/?page=6&comcatid=A17713B6-D984-201A-4143-ED4DB5ED5C2E&catid=C871EAE3-C584-718A-9795-07CDEF43FA75 HTTP/1.1" 200 100880
149.202.65.183 - - [10/Jan/2025:03:06:28 +0100] "GET /ticket2/opencms/lv/buy/?page=1&edid=F069D68B-E4A8-725C-97EC-77766FEFBA80 HTTP/1.1" 200 109708
114.119.141.34 - - [10/Jan/2025:03:06:30 +0100] "GET /ticket2/opencms/en/login/?url=/en/sell/ HTTP/1.1" 200 89807
149.202.65.183 - - [10/Jan/2025:03:06:30 +0100] "GET /ticket2/opencms/lv/buy/?page=1&edid=F08C0FE4-B194-24A9-4957-1E151EDAC340 HTTP/1.1" 200 109840
149.202.65.183 - - [10/Jan/2025:03:06:32 +0100] "GET /ticket2/opencms/lv/buy/?page=1&edid=F0EFBD65-77E6-B7AA-81F6-50717F1EFF56 HTTP/1.1" 200 109825
149.202.65.183 - - [10/Jan/2025:03:06:34 +0100] "GET /ticket2/opencms/lv/buy/?page=1&edid=F15A949D-6277-A938-D14A-9E0944A0FFF9 HTTP/1.1" 200 112811
149.202.65.183 - - [10/Jan/2025:03:06:36 +0100] "GET /ticket2/opencms/lv/buy/?page=1&edid=F1EEEC67-D1C4-E916-20F3-F210A97B2C57 HTTP/1.1" 200 112702
185.191.171.13 - - [10/Jan/2025:03:06:37 +0100] "GET /ticket2/opencms/uk/sport/kvytky-na-futbol/bundesliga/freiburg/ HTTP/1.1" 200 102569
149.202.65.183 - - [10/Jan/2025:03:06:39 +0100] "GET /ticket2/opencms/lv/buy/?page=1&edid=F31096E7-8F2F-9813-2244-EEE168082D1E HTTP/1.1" 200 113130
40.77.167.65 - - [10/Jan/2025:03:06:40 +0100] "GET /ticket2/opencms/sl/buy?page=1&edid=C262803E-53E3-59F5-B823-073E92AA6CFB HTTP/1.1" 200 109703
114.119.154.81 - - [10/Jan/2025:03:06:40 +0100] "GET /ticket2/opencms/en/buy?page=1&edid=FD6E8518-2A79-98CA-DCA7-35679521856E HTTP/1.1" 200 111269
149.202.65.183 - - [10/Jan/2025:03:06:41 +0100] "GET /ticket2/opencms/lv/buy/?page=1&edid=F34F0F82-8666-22C0-D441-2DD1CFDD313F HTTP/1.1" 200 109837
85.208.96.203 - - [10/Jan/2025:03:06:42 +0100] "GET /ticket2/opencms/fi/about/press HTTP/1.1" 200 90528
166.108.228.209 - - [10/Jan/2025:03:06:42 +0100] "GET /ticket2/opencms/sk/sport/futbalove-listky/la-liga/getafe/ HTTP/1.1" 200 101610
149.202.65.183 - - [10/Jan/2025:03:06:43 +0100] "GET /ticket2/opencms/lv/buy/?page=1&edid=F4C7EFF8-C5DC-C540-AEBA-14F365BADAA9 HTTP/1.1" 200 109816
149.202.65.183 - - [10/Jan/2025:03:06:45 +0100] "GET /ticket2/opencms/lv/buy/?page=1&edid=F4EBEB69-FF72-F763-336C-E8A05C228178 HTTP/1.1" 200 109721
149.202.65.183 - - [10/Jan/2025:03:06:48 +0100] "GET /ticket2/opencms/lv/buy/?page=1&edid=F640204D-1694-0162-ABD6-AAC74A7D8DE6 HTTP/1.1" 200 113063
149.202.65.183 - - [10/Jan/2025:03:06:50 +0100] "GET /ticket2/opencms/lv/buy/?page=1&edid=F71823CC-F687-3618-A9A5-95AE0EE67E20 HTTP/1.1" 200 112676
149.202.65.183 - - [10/Jan/2025:03:06:52 +0100] "GET /ticket2/opencms/lv/buy/?page=1&edid=F74997E7-1F81-8144-BC19-7CD40E7B47F7 HTTP/1.1" 200 113098
149.202.65.183 - - [10/Jan/2025:03:06:54 +0100] "GET /ticket2/opencms/lv/buy/?page=1&edid=F75A8704-39CC-1233-9E9B-2121B4DFC51E HTTP/1.1" 200 113694
149.202.65.183 - - [10/Jan/2025:03:06:56 +0100] "GET /ticket2/opencms/lv/buy/?page=1&edid=F8F37030-8B84-C4F6-82B3-8003A46F30AE HTTP/1.1" 200 109800
149.202.65.183 - - [10/Jan/2025:03:06:58 +0100] "GET /ticket2/opencms/lv/buy/?page=1&edid=FB201BEF-97AC-F5AA-1C79-FCD23FE64214 HTTP/1.1" 200 113586
149.202.65.183 - - [10/Jan/2025:03:07:00 +0100] "GET /ticket2/opencms/lv/buy/?page=1&edid=FC7C15A4-04FF-B871-AC9F-BAD355747F99 HTTP/1.1" 200 109783
149.202.65.183 - - [10/Jan/2025:03:07:03 +0100] "GET /ticket2/opencms/lv/buy/?page=1&edid=FE117A19-2599-D785-7313-91BD00B94619 HTTP/1.1" 200 113085
149.202.65.183 - - [10/Jan/2025:03:07:05 +0100] "GET /ticket2/opencms/lv/buy/?page=1&edid=FF0F20E9-4ECC-8A4E-F200-09858CA7BE69 HTTP/1.1" 200 113261
149.202.65.183 - - [10/Jan/2025:03:07:07 +0100] "GET /ticket2/opencms/mo/buy/?comcatid=0A6B8208-FDA4-E929-9D72-5312FD481B76&catid=1DB7F66B-473B-B427-F752-358FEEFE8EC0 HTTP/1.1" 200 6410
149.202.65.183 - - [10/Jan/2025:03:07:08 +0100] "GET /ticket2/opencms/mo/buy/?comcatid=0A6B8208-FDA4-E929-9D72-5312FD481B76&catid=26594C33-56CE-F529-FAF3-61AB33F74A3B HTTP/1.1" 200 6410
185.191.171.9 - - [10/Jan/2025:03:07:08 +0100] "GET /ticket2/opencms/hr/magazine/article?title=emirates-stadium-ikonicna-arena HTTP/1.1" 200 94849
149.202.65.183 - - [10/Jan/2025:03:07:10 +0100] "GET /ticket2/opencms/mo/buy/?comcatid=0A6B8208-FDA4-E929-9D72-5312FD481B76&catid=3A56B1C2-6FFB-C8D1-B229-B3914D5FF8DF HTTP/1.1" 200 6410
47.128.56.144 - - [10/Jan/2025:03:07:11 +0100] "GET /ticket2/opencms/sl/sport/nogometne-vstopnice/english-championship/swansea-city/ HTTP/1.1" 200 96804
185.191.171.16 - - [10/Jan/2025:03:07:11 +0100] "GET /ticket2/opencms/ro/magazine/article?title=reflectie-asupra-sezonului-manchester-united-202324 HTTP/1.1" 200 93562
149.202.65.183 - - [10/Jan/2025:03:07:12 +0100] "GET /ticket2/opencms/mo/buy/?comcatid=0A6B8208-FDA4-E929-9D72-5312FD481B76&catid=412DBCF4-025D-8ABC-7A40-D7C760E055FF HTTP/1.1" 200 6410
149.202.65.183 - - [10/Jan/2025:03:07:14 +0100] "GET /ticket2/opencms/mo/buy/?comcatid=0A6B8208-FDA4-E929-9D72-5312FD481B76&catid=465306FD-802C-5175-10FF-40E426DD2769 HTTP/1.1" 200 6410
149.202.65.183 - - [10/Jan/2025:03:07:16 +0100] "GET /ticket2/opencms/mo/buy/?comcatid=0A6B8208-FDA4-E929-9D72-5312FD481B76&catid=53E7B32E-5CAA-6CE7-D6AA-FFC41D70EE01 HTTP/1.1" 200 6410
149.202.65.183 - - [10/Jan/2025:03:07:18 +0100] "GET /ticket2/opencms/mo/buy/?comcatid=0A6B8208-FDA4-E929-9D72-5312FD481B76&catid=5ED34547-492C-90DA-709D-448345844685 HTTP/1.1" 200 6410
47.128.57.232 - - [10/Jan/2025:03:07:19 +0100] "GET /ticket2/opencms/be/buy/?edid=B706C05D-BD6B-FE19-B612-CFC9E579BDC9 HTTP/1.1" 200 93149
149.202.65.183 - - [10/Jan/2025:03:07:20 +0100] "GET /ticket2/opencms/mo/buy/?comcatid=0A6B8208-FDA4-E929-9D72-5312FD481B76&catid=8E4972FC-6E2C-77A4-BB9D-D67BD270A641 HTTP/1.1" 200 6410
149.202.65.183 - - [10/Jan/2025:03:07:22 +0100] "GET /ticket2/opencms/mo/buy/?comcatid=0A6B8208-FDA4-E929-9D72-5312FD481B76&catid=A05A53F7-423D-23BE-575E-EA7B67DE22D9 HTTP/1.1" 200 6410
149.202.65.183 - - [10/Jan/2025:03:07:24 +0100] "GET /ticket2/opencms/mo/buy/?comcatid=0A6B8208-FDA4-E929-9D72-5312FD481B76&catid=AD8E612F-0F0B-03C9-5236-E4F8B6523945 HTTP/1.1" 200 6410
149.202.65.183 - - [10/Jan/2025:03:07:26 +0100] "GET /ticket2/opencms/mo/buy/?comcatid=0A6B8208-FDA4-E929-9D72-5312FD481B76&catid=CB847559-7ECA-CC50-D7D2-064AF0C06FB1 HTTP/1.1" 200 6410
216.244.66.238 - - [10/Jan/2025:03:07:27 +0100] "GET /ticket2/opencms/no/sport/fotballsbilletter/serie_a/fiorentina/ HTTP/1.1" 200 99015
54.36.149.90 - - [10/Jan/2025:03:07:28 +0100] "GET /ticket2/opencms/lv/buy?comcatid=A17713B6-D984-201A-4143-ED4DB5ED5C2E&catid=0A6C99D2-F5BD-7A18-9A5F-5668827042E0 HTTP/1.1" 200 6410
149.202.65.183 - - [10/Jan/2025:03:07:29 +0100] "GET /ticket2/opencms/mo/buy/?comcatid=0A6B8208-FDA4-E929-9D72-5312FD481B76&catid=FCA7FF95-260A-464B-B6FF-A820FCE7DFEF HTTP/1.1" 200 6410
149.202.65.183 - - [10/Jan/2025:03:07:30 +0100] "GET /ticket2/opencms/mo/buy/?comcatid=66708183-7480-3365-06BF-DBF60280AB45&catid=05A94519-01D1-C86F-9031-84936B0B9DAE HTTP/1.1" 200 6410
149.202.65.183 - - [10/Jan/2025:03:07:33 +0100] "GET /ticket2/opencms/mo/buy/?comcatid=66708183-7480-3365-06BF-DBF60280AB45&catid=30D5812D-0858-4843-8F45-C38AE504153C HTTP/1.1" 200 6410
149.202.65.183 - - [10/Jan/2025:03:07:35 +0100] "GET /ticket2/opencms/mo/buy/?comcatid=66708183-7480-3365-06BF-DBF60280AB45&catid=8C381435-A1E8-94AF-2C58-D133FCA44A31 HTTP/1.1" 200 6410
149.202.65.183 - - [10/Jan/2025:03:07:37 +0100] "GET /ticket2/opencms/mo/buy/?comcatid=810BB404-4103-77F2-A6C2-12D5E6C338E2&catid=95AE85B5-8979-BB11-643C-430ACC6D50F9 HTTP/1.1" 200 6410
40.77.167.136 - - [10/Jan/2025:03:07:39 +0100] "GET /ticket2/opencms/lt/buy?page=1&edid=E02C8E3D-6C2E-8F38-64B9-3AC023D42EA2&sortorder=asc&column=section HTTP/1.1" 200 115250
149.202.65.183 - - [10/Jan/2025:03:07:39 +0100] "GET /ticket2/opencms/mo/buy/?comcatid=97ECA65A-72DA-F9AF-9DBB-245D3CFED1BE&catid=078F99D4-0B9E-E323-5A07-D7B70F6E8874 HTTP/1.1" 200 6410
47.128.62.68 - - [10/Jan/2025:03:07:39 +0100] "GET /ticket2/opencms/nl/buy?page=1&edid=19422468-9239-E426-DB02-7FA0504E2BEC HTTP/1.1" 200 110455
47.128.62.68 - - [10/Jan/2025:03:07:40 +0100] "GET /ticket2/opencms/nl/ask-form.html HTTP/1.1" 200 3015
149.202.65.183 - - [10/Jan/2025:03:07:42 +0100] "GET /ticket2/opencms/mo/buy/?comcatid=97ECA65A-72DA-F9AF-9DBB-245D3CFED1BE&catid=1656E964-1E02-9A38-D092-65384E60B6EA HTTP/1.1" 200 6410
149.202.65.183 - - [10/Jan/2025:03:07:44 +0100] "GET /ticket2/opencms/mo/buy/?comcatid=97ECA65A-72DA-F9AF-9DBB-245D3CFED1BE&catid=2CCC191C-F37F-B9CA-D41C-1204E575B328 HTTP/1.1" 200 6410
85.208.96.201 - - [10/Jan/2025:03:07:44 +0100] "GET /ticket2/opencms/el/about/contact HTTP/1.1" 200 87573
149.202.65.183 - - [10/Jan/2025:03:07:46 +0100] "GET /ticket2/opencms/mo/buy/?comcatid=97ECA65A-72DA-F9AF-9DBB-245D3CFED1BE&catid=2E79AED8-FF58-B4E8-AFB0-43E7CEBE7864 HTTP/1.1" 200 6410
85.208.96.199 - - [10/Jan/2025:03:07:47 +0100] "GET /ticket2/opencms/sv/sport/fotbollsbiljetter/uefa-champions-league/psg/ HTTP/1.1" 200 87519
149.202.65.183 - - [10/Jan/2025:03:07:48 +0100] "GET /ticket2/opencms/mo/buy/?comcatid=97ECA65A-72DA-F9AF-9DBB-245D3CFED1BE&catid=43171577-14C8-6B19-25D9-DF372BFFCBFA HTTP/1.1" 200 6410
85.208.96.193 - - [10/Jan/2025:03:07:49 +0100] "GET /ticket2/opencms/de/sport/fussball-tickets/premier_league/west_ham_united/ HTTP/1.1" 200 101609
149.202.65.183 - - [10/Jan/2025:03:07:50 +0100] "GET /ticket2/opencms/mo/buy/?comcatid=97ECA65A-72DA-F9AF-9DBB-245D3CFED1BE&catid=4C4DADF0-07CC-9B24-D2D9-940EF378BE99 HTTP/1.1" 200 6410
149.202.65.183 - - [10/Jan/2025:03:07:52 +0100] "GET /ticket2/opencms/mo/buy/?comcatid=97ECA65A-72DA-F9AF-9DBB-245D3CFED1BE&catid=55D1256D-BDD9-CBA3-47A3-0A252F702555 HTTP/1.1" 200 6410
149.202.65.183 - - [10/Jan/2025:03:07:54 +0100] "GET /ticket2/opencms/mo/buy/?comcatid=97ECA65A-72DA-F9AF-9DBB-245D3CFED1BE&catid=6CD184E8-C8D4-E1CC-33D0-6F47E3751240 HTTP/1.1" 200 6410
149.202.65.183 - - [10/Jan/2025:03:07:56 +0100] "GET /ticket2/opencms/mo/buy/?comcatid=97ECA65A-72DA-F9AF-9DBB-245D3CFED1BE&catid=757E2DFB-33DA-9B34-8402-9F06B19D8409 HTTP/1.1" 200 6410
149.202.65.183 - - [10/Jan/2025:03:07:59 +0100] "GET /ticket2/opencms/mo/buy/?comcatid=97ECA65A-72DA-F9AF-9DBB-245D3CFED1BE&catid=7D3BEF66-5D88-3916-5B89-0E7B139E0169 HTTP/1.1" 200 6410
168.90.110.75 - - [10/Jan/2025:03:08:00 +0100] "GET /ticket2/opencms/sk/buy?page=1&edid=9D66FD67-419E-CC30-8F44-B7D097CB8073&sortorder=asc&column=price HTTP/1.1" 200 115048
149.202.65.183 - - [10/Jan/2025:03:08:01 +0100] "GET /ticket2/opencms/mo/buy/?comcatid=97ECA65A-72DA-F9AF-9DBB-245D3CFED1BE&catid=81B744E7-1FEE-E757-C0AB-C7AF73CDE252 HTTP/1.1" 200 6410
149.202.65.183 - - [10/Jan/2025:03:08:03 +0100] "GET /ticket2/opencms/mo/buy/?comcatid=97ECA65A-72DA-F9AF-9DBB-245D3CFED1BE&catid=8732E72C-A028-EA8C-4D4D-DEB44E2A28A8 HTTP/1.1" 200 6410
216.244.66.238 - - [10/Jan/2025:03:08:05 +0100] "GET /ticket2/opencms/dk/en/venue/?countryid=6941D863-6987-AFB6-0EB8-DD9A02005855 HTTP/1.1" 404 -
149.202.65.183 - - [10/Jan/2025:03:08:05 +0100] "GET /ticket2/opencms/mo/buy/?comcatid=97ECA65A-72DA-F9AF-9DBB-245D3CFED1BE&catid=8B6802AF-1ADE-4BE1-A1F7-7671190CFB4F HTTP/1.1" 200 6410
149.202.65.183 - - [10/Jan/2025:03:08:07 +0100] "GET /ticket2/opencms/mo/buy/?comcatid=97ECA65A-72DA-F9AF-9DBB-245D3CFED1BE&catid=9457695E-36ED-A63E-7A88-32963954E2C7 HTTP/1.1" 200 6410
149.202.65.183 - - [10/Jan/2025:03:08:09 +0100] "GET /ticket2/opencms/mo/buy/?comcatid=97ECA65A-72DA-F9AF-9DBB-245D3CFED1BE&catid=D414C6A5-7A03-3389-42A8-D7B7FE32BB37 HTTP/1.1" 200 6410
40.77.167.136 - - [10/Jan/2025:03:08:09 +0100] "GET /ticket2/opencms/ro/?comcatid=A17713B6-D984-201A-4143-ED4DB5ED5C2E&catid=061607E6-22B7-6FFA-03FD-A4B8B13A943F HTTP/1.1" 200 101038
185.191.171.8 - - [10/Jan/2025:03:08:10 +0100] "GET /ticket2/opencms/es/magazine/article?title=neymar-una-de-las-contrataciones-mas-caras-del-mundo HTTP/1.1" 200 90768
149.202.65.183 - - [10/Jan/2025:03:08:11 +0100] "GET /ticket2/opencms/mo/buy/?comcatid=97ECA65A-72DA-F9AF-9DBB-245D3CFED1BE&catid=DA31441B-C568-3C77-D08C-698809032494 HTTP/1.1" 200 6410
149.202.65.183 - - [10/Jan/2025:03:08:13 +0100] "GET /ticket2/opencms/mo/buy/?comcatid=97ECA65A-72DA-F9AF-9DBB-245D3CFED1BE&catid=E3105E1E-3982-291E-5523-1C1DF161E9B7 HTTP/1.1" 200 6410
149.202.65.183 - - [10/Jan/2025:03:08:15 +0100] "GET /ticket2/opencms/mo/buy/?comcatid=97ECA65A-72DA-F9AF-9DBB-245D3CFED1BE&catid=F4D223A4-C027-46DC-3DE5-726A23E30A62 HTTP/1.1" 200 6410
185.191.171.19 - - [10/Jan/2025:03:08:17 +0100] "GET /ticket2/opencms/sk/magazine/article?title=everton HTTP/1.1" 200 92322
149.202.65.183 - - [10/Jan/2025:03:08:17 +0100] "GET /ticket2/opencms/mo/buy/?comcatid=97ECA65A-72DA-F9AF-9DBB-245D3CFED1BE&catid=F7F89B9B-6697-7881-54AE-4C39276BF1B8 HTTP/1.1" 200 6410
149.202.65.183 - - [10/Jan/2025:03:08:19 +0100] "GET /ticket2/opencms/mo/buy/?comcatid=97ECA65A-72DA-F9AF-9DBB-245D3CFED1BE&catid=F7FF413B-5FDF-82CF-E5BB-CD4AB6027974 HTTP/1.1" 200 6410
149.202.65.183 - - [10/Jan/2025:03:08:22 +0100] "GET /ticket2/opencms/mo/buy/?comcatid=A17713B6-D984-201A-4143-ED4DB5ED5C2E&catid=&npage=2 HTTP/1.1" 200 6410
85.208.96.193 - - [10/Jan/2025:03:08:22 +0100] "GET /ticket2/opencms/tr/magazine/article?title=viktor-gyokeres-manchester-uniteda-mi HTTP/1.1" 200 92707
149.202.65.183 - - [10/Jan/2025:03:08:23 +0100] "GET /ticket2/opencms/mo/buy/?comcatid=A17713B6-D984-201A-4143-ED4DB5ED5C2E&catid=&npage=3 HTTP/1.1" 200 6410
149.202.65.183 - - [10/Jan/2025:03:08:25 +0100] "GET /ticket2/opencms/mo/buy/?comcatid=A17713B6-D984-201A-4143-ED4DB5ED5C2E&catid=&npage=4 HTTP/1.1" 200 6410
149.202.65.183 - - [10/Jan/2025:03:08:28 +0100] "GET /ticket2/opencms/mo/buy/?comcatid=A17713B6-D984-201A-4143-ED4DB5ED5C2E&catid=&npage=5 HTTP/1.1" 200 6410
149.202.65.183 - - [10/Jan/2025:03:08:30 +0100] "GET /ticket2/opencms/mo/buy/?comcatid=A17713B6-D984-201A-4143-ED4DB5ED5C2E&catid=&npage=6 HTTP/1.1" 200 6410
149.202.65.183 - - [10/Jan/2025:03:08:32 +0100] "GET /ticket2/opencms/mo/buy/?comcatid=A17713B6-D984-201A-4143-ED4DB5ED5C2E&catid=061607E6-22B7-6FFA-03FD-A4B8B13A943F HTTP/1.1" 200 6410
47.128.33.90 - - [10/Jan/2025:03:08:32 +0100] "GET /ticket2/opencms/be/sell/?edid=EBF1342E-BB1A-F042-231F-198A898B67BA HTTP/1.1" 302 -
47.128.33.90 - - [10/Jan/2025:03:08:33 +0100] "GET /ticket2/opencms/be/login/?url=/be/sell/ HTTP/1.1" 200 91815
149.202.65.183 - - [10/Jan/2025:03:08:34 +0100] "GET /ticket2/opencms/mo/buy/?comcatid=A17713B6-D984-201A-4143-ED4DB5ED5C2E&catid=06324577-7173-BAB0-146D-E644C912F7C1 HTTP/1.1" 200 6410
149.202.65.183 - - [10/Jan/2025:03:08:36 +0100] "GET /ticket2/opencms/mo/buy/?comcatid=A17713B6-D984-201A-4143-ED4DB5ED5C2E&catid=08F27F2A-1872-A39F-A97C-63093E77B18A HTTP/1.1" 200 6410
114.119.129.189 - - [10/Jan/2025:03:08:36 +0100] "GET /ticket2/opencms/en/sell/?edid=EDCAEF56-BB28-CA21-E73A-84906B6960A7 HTTP/1.1" 302 -
149.202.65.183 - - [10/Jan/2025:03:08:38 +0100] "GET /ticket2/opencms/mo/buy/?comcatid=A17713B6-D984-201A-4143-ED4DB5ED5C2E&catid=0A6C99D2-F5BD-7A18-9A5F-5668827042E0 HTTP/1.1" 200 6410
149.202.65.183 - - [10/Jan/2025:03:08:40 +0100] "GET /ticket2/opencms/mo/buy/?comcatid=A17713B6-D984-201A-4143-ED4DB5ED5C2E&catid=0A9E385E-33D9-328E-DC79-CA2C7009C829 HTTP/1.1" 200 6410
114.119.129.189 - - [10/Jan/2025:03:08:41 +0100] "GET /ticket2/opencms/en/login/?url=/en/sell/ HTTP/1.1" 200 89805
149.202.65.183 - - [10/Jan/2025:03:08:42 +0100] "GET /ticket2/opencms/mo/buy/?comcatid=A17713B6-D984-201A-4143-ED4DB5ED5C2E&catid=21C3854B-901E-11F9-7B7D-6838CC6AFAA4 HTTP/1.1" 200 6410
54.36.149.7 - - [10/Jan/2025:03:08:44 +0100] "GET /ticket2/opencms/dk/buy?page=1&edid=852280F2-7607-55CD-719D-C17DB253385B HTTP/1.1" 200 108445
185.191.171.4 - - [10/Jan/2025:03:08:44 +0100] "GET /ticket2/opencms/uk/magazine/article?title=nine-wins-in-ten-matches HTTP/1.1" 200 92851
202.8.40.37 - - [10/Jan/2025:03:08:45 +0100] "GET /ticket2/opencms/system/modules/com.gridnine.opencms.ticketbrokerage.site/resources/css/jquery-ui.css HTTP/1.1" 200 33221
202.8.40.37 - - [10/Jan/2025:03:08:45 +0100] "GET /ticket2/opencms/system/modules/com.gridnine.opencms.ticketbrokerage.site/resources/css/standard.css HTTP/1.1" 200 73081
202.8.40.37 - - [10/Jan/2025:03:08:45 +0100] "GET /ticket2/opencms/system/modules/com.gridnine.opencms.ticketbrokerage.site/resources/js/stickyfill.min.js HTTP/1.1" 200 5672
202.8.40.37 - - [10/Jan/2025:03:08:45 +0100] "GET /ticket2/opencms/system/modules/com.gridnine.opencms.ticketbrokerage.site/resources/css/jquery.fancybox.css HTTP/1.1" 200 4939
202.8.40.37 - - [10/Jan/2025:03:08:45 +0100] "GET /ticket2/opencms/system/modules/com.gridnine.opencms.ticketbrokerage.site/resources/css/ticketbrokerage.css HTTP/1.1" 200 39339
202.8.40.37 - - [10/Jan/2025:03:08:45 +0100] "GET /ticket2/opencms/system/modules/com.gridnine.opencms.ticketbrokerage.site/resources/css/calendar.css HTTP/1.1" 200 6871
114.119.153.152 - - [10/Jan/2025:03:08:45 +0100] "GET /ticket2/opencms/be/buy?page=1&=E250529A-1DDD-AE95-4941-50FB7D17DDA1 HTTP/1.1" 200 6507
202.8.40.37 - - [10/Jan/2025:03:08:45 +0100] "GET /ticket2/opencms/system/modules/com.gridnine.opencms.ticketbrokerage.site/resources/js/jquery/jquery-ui.js HTTP/1.1" 200 228088
202.8.40.37 - - [10/Jan/2025:03:08:45 +0100] "GET /ticket2/opencms/system/modules/com.gridnine.opencms.ticketbrokerage.site/resources/js/jquery/jquery.js HTTP/1.1" 200 93868
202.8.40.37 - - [10/Jan/2025:03:08:45 +0100] "GET /ticket2/opencms/system/modules/com.gridnine.opencms.ticketbrokerage.site/resources/js/calendar-en.js HTTP/1.1" 200 3338
202.8.40.37 - - [10/Jan/2025:03:08:45 +0100] "GET /ticket2/opencms/system/modules/com.gridnine.opencms.ticketbrokerage.site/resources/js/functions.js HTTP/1.1" 200 1583
202.8.40.37 - - [10/Jan/2025:03:08:45 +0100] "GET /ticket2/opencms/system/modules/com.gridnine.opencms.ticketbrokerage.site/resources/js/calendar-setup.js HTTP/1.1" 200 4923
202.8.40.37 - - [10/Jan/2025:03:08:45 +0100] "GET /ticket2/opencms/system/modules/com.gridnine.opencms.ticketbrokerage.site/resources/js/calendar.js HTTP/1.1" 200 49229
157.55.39.48 - - [10/Jan/2025:03:08:45 +0100] "GET /ticket2/opencms/nl/magazine/article/ HTTP/1.1" 200 86725
202.8.40.37 - - [10/Jan/2025:03:08:45 +0100] "GET /ticket2/opencms/system/modules/com.gridnine.opencms.ticketbrokerage.site/resources/js/jquery.fancybox.pack.js HTTP/1.1" 200 23187
202.8.40.37 - - [10/Jan/2025:03:08:45 +0100] "GET /ticket2/opencms/system/modules/com.gridnine.opencms.ticketbrokerage.site/resources/js/standard.js HTTP/1.1" 200 3978
202.8.40.37 - - [10/Jan/2025:03:08:45 +0100] "GET /ticket2/opencms/system/modules/com.gridnine.opencms.ticketbrokerage.site/resources/js/jquery.placeholder.min.js HTTP/1.1" 200 1737
202.8.40.37 - - [10/Jan/2025:03:08:46 +0100] "GET /ticket2/opencms/system/modules/com.gridnine.opencms.ticketbrokerage.site/resources/js/common-ajax.js HTTP/1.1" 200 20175
202.8.40.37 - - [10/Jan/2025:03:08:46 +0100] "GET /ticket2/opencms/dk/ask-form.html HTTP/1.1" 200 2971
202.8.40.37 - - [10/Jan/2025:03:08:46 +0100] "GET /ticket2/opencms/dk/ask-form.html HTTP/1.1" 200 2971
202.8.40.37 - - [10/Jan/2025:03:08:46 +0100] "GET /ticket2/opencms/system/modules/com.gridnine.opencms.ticketbrokerage.site/resources/css/ticketbrokerage.css HTTP/1.1" 200 39339
157.55.39.55 - - [10/Jan/2025:03:08:46 +0100] "GET /ticket2/opencms/uk/buy?page=1&edid=2EF450B0-DF91-3D32-83BE-3864AECD3DBC HTTP/1.1" 200 115450
40.77.167.15 - - [10/Jan/2025:03:08:47 +0100] "GET /ticket2/opencms/et/magazine/article?title=raphael-varane-lopetab-oma-karjaari-31-aastaselt HTTP/1.1" 200 92853
85.208.96.201 - - [10/Jan/2025:03:08:49 +0100] "GET /ticket2/opencms/ro/magazine/article?title=kevin-de-bruyne HTTP/1.1" 200 92927
54.36.148.13 - - [10/Jan/2025:03:08:49 +0100] "GET /ticket2/opencms/az/buy?comcatid=A17713B6-D984-201A-4143-ED4DB5ED5C2E&catid=D8B345C9-F7A5-E620-4B43-C34EB0D6885B HTTP/1.1" 200 6410
173.252.87.9 - - [10/Jan/2025:03:08:54 +0100] "GET /ticket2/opencms/hr/sport/nogometne-ulaznice/english-championship/norwich-city HTTP/1.1" 404 -
185.191.171.18 - - [10/Jan/2025:03:08:55 +0100] "GET /ticket2/opencms/es/magazine/article?title=conceptos-comunes-en-el-futbol HTTP/1.1" 200 99555
185.191.171.4 - - [10/Jan/2025:03:09:08 +0100] "GET /ticket2/opencms/lv/magazine/article?title=futbols HTTP/1.1" 200 93301
85.208.96.212 - - [10/Jan/2025:03:09:28 +0100] "GET /ticket2/opencms/dk/legal_info/ HTTP/1.1" 200 86775
85.208.96.201 - - [10/Jan/2025:03:09:31 +0100] "GET /ticket2/opencms/fr/sport/billets-football/premier_league/newcastle-united HTTP/1.1" 200 97183
52.167.144.160 - - [10/Jan/2025:03:09:32 +0100] "GET /ticket2/opencms/sq/?page=6&comcatid=A17713B6-D984-201A-4143-ED4DB5ED5C2E&catid=2DE12DDA-A5FB-C1C6-CB20-FBF873FB032B HTTP/1.1" 200 101009
157.55.39.200 - - [10/Jan/2025:03:09:36 +0100] "GET /ticket2/opencms/no/buy/?page=1&edid=78389174-E892-6AC2-A01D-F4A0A4AFE0D2 HTTP/1.1" 200 109262
47.128.20.194 - - [10/Jan/2025:03:09:37 +0100] "GET /ticket2/opencms/hu/buy/?edid=F8093B0F-0671-8BAD-4914-C12550D964A6 HTTP/1.1" 200 92745
47.128.18.130 - - [10/Jan/2025:03:09:39 +0100] "GET /ticket2/opencms/is/ HTTP/1.1" 200 100350
52.167.144.160 - - [10/Jan/2025:03:09:49 +0100] "GET /ticket2/opencms/tr/buy?page=1&edid=AFB59A30-FFD0-EEC1-92CB-8FE6048D4EF0 HTTP/1.1" 200 112555
85.208.96.202 - - [10/Jan/2025:03:09:50 +0100] "GET /ticket2/opencms/de/sport/fussball-tickets/la_liga/cadiz/ HTTP/1.1" 200 86876
47.128.116.35 - - [10/Jan/2025:03:09:53 +0100] "GET /ticket2/opencms/et/buy/?edid=DE88C997-F247-5EDB-AB8C-0BF21F57525F HTTP/1.1" 200 92575
66.249.76.170 - - [10/Jan/2025:03:09:56 +0100] "GET /ticket2/opencms/no/buy/?page=1&edid=8EE24D2F-4BF0-A103-6944-36103BCA6278 HTTP/1.1" 200 123112
207.46.13.102 - - [10/Jan/2025:03:10:17 +0100] "GET /ticket2/opencms/nl/magazine/article?title=jurgen-klopp-verlaat-liverpool-een-succesverhaal-op-anfield HTTP/1.1" 200 93713
185.191.171.14 - - [10/Jan/2025:03:10:22 +0100] "GET /ticket2/opencms/pl/magazine/article?title=nowy-kontrakt-dla-archiego-graya-18-lat HTTP/1.1" 200 91152
207.46.13.87 - - [10/Jan/2025:03:10:22 +0100] "GET /ticket2/opencms/en/magazine/article?title=how-should-manchester-united-handle-the-crisis HTTP/1.1" 200 91032
54.36.148.53 - - [10/Jan/2025:03:10:41 +0100] "GET /ticket2/opencms/en/buy?page=1&edid=47E4C29F-87ED-56B6-4058-D325184E756B HTTP/1.1" 200 111306
202.8.42.6 - - [10/Jan/2025:03:10:43 +0100] "GET /ticket2/opencms/system/modules/com.gridnine.opencms.ticketbrokerage.site/resources/css/ticketbrokerage.css HTTP/1.1" 200 39339
202.8.42.6 - - [10/Jan/2025:03:10:43 +0100] "GET /ticket2/opencms/system/modules/com.gridnine.opencms.ticketbrokerage.site/resources/css/jquery.fancybox.css HTTP/1.1" 200 4939
202.8.42.6 - - [10/Jan/2025:03:10:43 +0100] "GET /ticket2/opencms/system/modules/com.gridnine.opencms.ticketbrokerage.site/resources/css/jquery-ui.css HTTP/1.1" 200 33221
202.8.42.6 - - [10/Jan/2025:03:10:43 +0100] "GET /ticket2/opencms/system/modules/com.gridnine.opencms.ticketbrokerage.site/resources/css/calendar.css HTTP/1.1" 200 6871
202.8.42.6 - - [10/Jan/2025:03:10:43 +0100] "GET /ticket2/opencms/system/modules/com.gridnine.opencms.ticketbrokerage.site/resources/js/jquery/jquery.js HTTP/1.1" 200 93868
202.8.42.6 - - [10/Jan/2025:03:10:43 +0100] "GET /ticket2/opencms/system/modules/com.gridnine.opencms.ticketbrokerage.site/resources/css/standard.css HTTP/1.1" 200 73081
202.8.42.6 - - [10/Jan/2025:03:10:43 +0100] "GET /ticket2/opencms/system/modules/com.gridnine.opencms.ticketbrokerage.site/resources/js/jquery/jquery-ui.js HTTP/1.1" 200 228088
202.8.42.6 - - [10/Jan/2025:03:10:43 +0100] "GET /ticket2/opencms/system/modules/com.gridnine.opencms.ticketbrokerage.site/resources/js/functions.js HTTP/1.1" 200 1583
202.8.42.6 - - [10/Jan/2025:03:10:43 +0100] "GET /ticket2/opencms/system/modules/com.gridnine.opencms.ticketbrokerage.site/resources/js/calendar-setup.js HTTP/1.1" 200 4923
202.8.42.6 - - [10/Jan/2025:03:10:43 +0100] "GET /ticket2/opencms/system/modules/com.gridnine.opencms.ticketbrokerage.site/resources/js/calendar-en.js HTTP/1.1" 200 3338
202.8.42.6 - - [10/Jan/2025:03:10:43 +0100] "GET /ticket2/opencms/system/modules/com.gridnine.opencms.ticketbrokerage.site/resources/js/calendar.js HTTP/1.1" 200 49229
202.8.42.6 - - [10/Jan/2025:03:10:43 +0100] "GET /ticket2/opencms/system/modules/com.gridnine.opencms.ticketbrokerage.site/resources/js/jquery.fancybox.pack.js HTTP/1.1" 200 23187
202.8.42.6 - - [10/Jan/2025:03:10:43 +0100] "GET /ticket2/opencms/system/modules/com.gridnine.opencms.ticketbrokerage.site/resources/js/stickyfill.min.js HTTP/1.1" 200 5672
202.8.42.6 - - [10/Jan/2025:03:10:43 +0100] "GET /ticket2/opencms/system/modules/com.gridnine.opencms.ticketbrokerage.site/resources/js/standard.js HTTP/1.1" 200 3978
