65.21.113.194 - - [10/Jan/2025:00:53:04 +0100] "GET /ticket2/opencms/sv/buy/?page=1&edid=14FC1DD8-00FF-2C22-C253-E035F775712B HTTP/1.1" 200 108659
5.91.168.22 - - [10/Jan/2025:00:53:06 +0100] "GET /ticket2/opencms/set_aff_cookie.jsp?partner=53673ED6-1455-FA54-818F-B1F67121E37C&url=/it/buy/index.html%3Fpage%3D1%26edid%3DC5944089-4BA1-6638-58B6-EE4373B33715%26hlv%3D66902288-6fbc-489d-ac7a-22ea0a01000f%23v_1304954131 HTTP/1.1" 200 226
5.91.168.22 - - [10/Jan/2025:00:53:07 +0100] "GET /ticket2/opencms/it/buy/?page=1&edid=C5944089-4BA1-6638-58B6-EE4373B33715&hlv=66902288-6fbc-489d-ac7a-22ea0a01000f HTTP/1.1" 200 121636
5.91.168.22 - - [10/Jan/2025:00:53:07 +0100] "GET /ticket2/opencms/system/modules/com.gridnine.opencms.ticketbrokerage.site/resources/js/standard.js HTTP/1.1" 200 3978
5.91.168.22 - - [10/Jan/2025:00:53:07 +0100] "GET /ticket2/opencms/system/modules/com.gridnine.opencms.ticketbrokerage.site/resources/js/calendar-en.js HTTP/1.1" 200 3338
5.91.168.22 - - [10/Jan/2025:00:53:07 +0100] "GET /ticket2/opencms/system/modules/com.gridnine.opencms.ticketbrokerage.site/resources/js/calendar.js HTTP/1.1" 200 49229
5.91.168.22 - - [10/Jan/2025:00:53:07 +0100] "GET /ticket2/opencms/system/modules/com.gridnine.opencms.ticketbrokerage.site/resources/js/calendar-setup.js HTTP/1.1" 200 4923
5.91.168.22 - - [10/Jan/2025:00:53:07 +0100] "GET /ticket2/opencms/system/modules/com.gridnine.opencms.ticketbrokerage.site/resources/js/standard.js HTTP/1.1" 200 3978
5.91.168.22 - - [10/Jan/2025:00:53:07 +0100] "GET /ticket2/opencms/system/modules/com.gridnine.opencms.ticketbrokerage.site/resources/js/functions.js HTTP/1.1" 200 1583
5.91.168.22 - - [10/Jan/2025:00:53:07 +0100] "GET /ticket2/opencms/system/modules/com.gridnine.opencms.ticketbrokerage.site/resources/css/ticketbrokerage.css HTTP/1.1" 200 39339
5.91.168.22 - - [10/Jan/2025:00:53:07 +0100] "GET /ticket2/opencms/system/modules/com.gridnine.opencms.ticketbrokerage.site/resources/css/calendar.css HTTP/1.1" 200 6871
5.91.168.22 - - [10/Jan/2025:00:53:07 +0100] "GET /ticket2/opencms/system/modules/com.gridnine.opencms.ticketbrokerage.site/resources/css/standard.css HTTP/1.1" 200 73081
5.91.168.22 - - [10/Jan/2025:00:53:07 +0100] "GET /ticket2/opencms/img/icons/mo.png HTTP/1.1" 200 1468
94.23.203.86 - - [10/Jan/2025:00:53:07 +0100] "GET /ticket2/opencms/en/login/?edid=81E94D3E-92EC-550C-1C65-7552799ACFF9 HTTP/1.1" 200 89751
5.91.168.22 - - [10/Jan/2025:00:53:07 +0100] "GET /ticket2/opencms/img/icons/ro.png HTTP/1.1" 200 1393
5.91.168.22 - - [10/Jan/2025:00:53:07 +0100] "GET /ticket2/opencms/it/ask-form.html HTTP/1.1" 200 3156
5.91.168.22 - - [10/Jan/2025:00:53:07 +0100] "GET /ticket2/opencms/img/arrow-down.png HTTP/1.1" 200 192
5.91.168.22 - - [10/Jan/2025:00:53:08 +0100] "GET /ticket2/opencms/system/modules/com.gridnine.opencms.ticketbrokerage.site/resources/css/ticketbrokerage.css HTTP/1.1" 200 39339
5.91.168.22 - - [10/Jan/2025:00:53:08 +0100] "GET /ticket2/opencms/img/icons/ticket2.thumbnail.png HTTP/1.1" 200 21519
65.21.113.194 - - [10/Jan/2025:00:53:08 +0100] "GET /ticket2/opencms/sv/buy/?page=1&edid=151755CC-6470-A9AF-4FE7-BAC9FAA3C886 HTTP/1.1" 200 110768
66.249.64.132 - - [10/Jan/2025:00:53:10 +0100] "GET /ticket2/opencms/bg/buy/?page=1&edid=24DA4365-06A3-2349-F7E6-CA02D31FCB88&hlv=66d59460-22c0-495d-b981-4dcf0a01000f HTTP/1.1" 200 118128
65.21.113.194 - - [10/Jan/2025:00:53:12 +0100] "GET /ticket2/opencms/sv/buy/?page=1&edid=1571DB1B-206B-93FC-5429-333D7E9FCB65 HTTP/1.1" 200 118224
94.23.203.86 - - [10/Jan/2025:00:53:14 +0100] "GET /ticket2/opencms/en/login/?edid=829CDCF4-D1A4-0F33-1F9C-11C9B643ADAD HTTP/1.1" 200 89824
65.21.113.194 - - [10/Jan/2025:00:53:16 +0100] "GET /ticket2/opencms/sv/buy/?page=1&edid=16BA48F9-E787-F00A-EC7D-F97A99AECBFB HTTP/1.1" 200 121463
94.23.203.86 - - [10/Jan/2025:00:53:19 +0100] "GET /ticket2/opencms/en/login/?edid=86917495-454F-F8D8-29B1-D5B1E65C7C19 HTTP/1.1" 200 89794
65.21.113.194 - - [10/Jan/2025:00:53:20 +0100] "GET /ticket2/opencms/sv/buy/?page=1&edid=1725DD81-AB30-210C-691A-5E56E0E70527 HTTP/1.1" 200 118063
94.23.203.86 - - [10/Jan/2025:00:53:26 +0100] "GET /ticket2/opencms/en/login/?edid=889DA93B-6CCB-4785-D7E5-2D4770A5C1EC HTTP/1.1" 200 89785
54.36.149.104 - - [10/Jan/2025:00:53:29 +0100] "GET /ticket2/opencms/it/buy?page=1&edid=4D0E8B6F-4A4C-13EE-EC78-4C4A42CB13B0 HTTP/1.1" 200 111528
202.8.41.6 - - [10/Jan/2025:00:53:31 +0100] "GET /ticket2/opencms/system/modules/com.gridnine.opencms.ticketbrokerage.site/resources/css/ticketbrokerage.css HTTP/1.1" 200 39339
202.8.41.6 - - [10/Jan/2025:00:53:31 +0100] "GET /ticket2/opencms/system/modules/com.gridnine.opencms.ticketbrokerage.site/resources/css/jquery-ui.css HTTP/1.1" 200 33221
202.8.41.6 - - [10/Jan/2025:00:53:31 +0100] "GET /ticket2/opencms/system/modules/com.gridnine.opencms.ticketbrokerage.site/resources/css/calendar.css HTTP/1.1" 200 6871
202.8.41.6 - - [10/Jan/2025:00:53:31 +0100] "GET /ticket2/opencms/system/modules/com.gridnine.opencms.ticketbrokerage.site/resources/css/standard.css HTTP/1.1" 200 73081
202.8.41.6 - - [10/Jan/2025:00:53:31 +0100] "GET /ticket2/opencms/system/modules/com.gridnine.opencms.ticketbrokerage.site/resources/css/jquery.fancybox.css HTTP/1.1" 200 4939
202.8.41.6 - - [10/Jan/2025:00:53:31 +0100] "GET /ticket2/opencms/system/modules/com.gridnine.opencms.ticketbrokerage.site/resources/js/functions.js HTTP/1.1" 200 1583
202.8.41.6 - - [10/Jan/2025:00:53:31 +0100] "GET /ticket2/opencms/system/modules/com.gridnine.opencms.ticketbrokerage.site/resources/js/jquery/jquery.js HTTP/1.1" 200 93868
202.8.41.6 - - [10/Jan/2025:00:53:31 +0100] "GET /ticket2/opencms/system/modules/com.gridnine.opencms.ticketbrokerage.site/resources/js/calendar.js HTTP/1.1" 200 49229
202.8.41.6 - - [10/Jan/2025:00:53:31 +0100] "GET /ticket2/opencms/system/modules/com.gridnine.opencms.ticketbrokerage.site/resources/js/jquery/jquery-ui.js HTTP/1.1" 200 228088
202.8.41.6 - - [10/Jan/2025:00:53:31 +0100] "GET /ticket2/opencms/system/modules/com.gridnine.opencms.ticketbrokerage.site/resources/js/jquery.fancybox.pack.js HTTP/1.1" 200 23187
202.8.41.6 - - [10/Jan/2025:00:53:31 +0100] "GET /ticket2/opencms/system/modules/com.gridnine.opencms.ticketbrokerage.site/resources/js/calendar-en.js HTTP/1.1" 200 3338
202.8.41.6 - - [10/Jan/2025:00:53:31 +0100] "GET /ticket2/opencms/system/modules/com.gridnine.opencms.ticketbrokerage.site/resources/js/calendar-setup.js HTTP/1.1" 200 4923
65.21.113.194 - - [10/Jan/2025:00:53:31 +0100] "GET /ticket2/opencms/sv/buy/?page=1&edid=176C6667-42C1-1632-7378-F783D5B7C94D HTTP/1.1" 200 111921
202.8.41.6 - - [10/Jan/2025:00:53:31 +0100] "GET /ticket2/opencms/system/modules/com.gridnine.opencms.ticketbrokerage.site/resources/js/stickyfill.min.js HTTP/1.1" 200 5672
202.8.41.6 - - [10/Jan/2025:00:53:31 +0100] "GET /ticket2/opencms/system/modules/com.gridnine.opencms.ticketbrokerage.site/resources/js/standard.js HTTP/1.1" 200 3978
202.8.41.6 - - [10/Jan/2025:00:53:31 +0100] "GET /ticket2/opencms/system/modules/com.gridnine.opencms.ticketbrokerage.site/resources/js/jquery.placeholder.min.js HTTP/1.1" 200 1737
202.8.41.6 - - [10/Jan/2025:00:53:31 +0100] "GET /ticket2/opencms/system/modules/com.gridnine.opencms.ticketbrokerage.site/resources/js/common-ajax.js HTTP/1.1" 200 20175
202.8.41.6 - - [10/Jan/2025:00:53:31 +0100] "GET /ticket2/opencms/it/ask-form.html HTTP/1.1" 200 3156
202.8.41.6 - - [10/Jan/2025:00:53:31 +0100] "GET /ticket2/opencms/it/ask-form.html HTTP/1.1" 200 3156
202.8.41.6 - - [10/Jan/2025:00:53:31 +0100] "GET /ticket2/opencms/system/modules/com.gridnine.opencms.ticketbrokerage.site/resources/css/ticketbrokerage.css HTTP/1.1" 200 39339
54.36.149.93 - - [10/Jan/2025:00:53:32 +0100] "GET /ticket2/opencms/nl/buy?page=1&edid=5CF6EA2B-2B90-CEA1-959D-43D59F6F27D8 HTTP/1.1" 200 107413
94.23.203.86 - - [10/Jan/2025:00:53:33 +0100] "GET /ticket2/opencms/en/login/?edid=8A139653-3F2A-117F-5226-9B729662EFF1 HTTP/1.1" 200 89767
114.119.152.134 - - [10/Jan/2025:00:53:33 +0100] "GET /ticket2/opencms/en/sell/?edid=7A3CD351-A560-8CF2-BF26-DCCC095832BA HTTP/1.1" 302 -
62.198.135.130 - - [10/Jan/2025:00:53:34 +0100] "GET /ticket2/opencms/set_aff_cookie.jsp?partner=53673ED6-1455-FA54-818F-B1F67121E37C&url=/dk/buy/index.html%3Fpage%3D1%26edid%3DDE6EAF1E-F0E3-BCEF-6FE9-789554B2D96C%26hlv%3D668669b8-144c-4533-925f-6d2c0a01000f%23v_1439562429 HTTP/1.1" 200 226
62.198.135.130 - - [10/Jan/2025:00:53:34 +0100] "GET /ticket2/opencms/dk/buy/?page=1&edid=DE6EAF1E-F0E3-BCEF-6FE9-789554B2D96C&hlv=668669b8-144c-4533-925f-6d2c0a01000f HTTP/1.1" 200 126512
62.198.135.130 - - [10/Jan/2025:00:53:34 +0100] "GET /ticket2/opencms/system/modules/com.gridnine.opencms.ticketbrokerage.site/resources/js/jquery/jquery.js HTTP/1.1" 200 93868
62.198.135.130 - - [10/Jan/2025:00:53:34 +0100] "GET /ticket2/opencms/system/modules/com.gridnine.opencms.ticketbrokerage.site/resources/js/jquery/jquery-ui.js HTTP/1.1" 200 228088
62.198.135.130 - - [10/Jan/2025:00:53:34 +0100] "GET /ticket2/opencms/system/modules/com.gridnine.opencms.ticketbrokerage.site/resources/css/calendar.css HTTP/1.1" 200 6871
62.198.135.130 - - [10/Jan/2025:00:53:34 +0100] "GET /ticket2/opencms/system/modules/com.gridnine.opencms.ticketbrokerage.site/resources/css/jquery.fancybox.css HTTP/1.1" 200 4939
62.198.135.130 - - [10/Jan/2025:00:53:34 +0100] "GET /ticket2/opencms/system/modules/com.gridnine.opencms.ticketbrokerage.site/resources/css/ticketbrokerage.css HTTP/1.1" 200 39339
62.198.135.130 - - [10/Jan/2025:00:53:34 +0100] "GET /ticket2/opencms/system/modules/com.gridnine.opencms.ticketbrokerage.site/resources/css/jquery-ui.css HTTP/1.1" 200 33221
62.198.135.130 - - [10/Jan/2025:00:53:34 +0100] "GET /ticket2/opencms/system/modules/com.gridnine.opencms.ticketbrokerage.site/resources/css/standard.css HTTP/1.1" 200 73081
62.198.135.130 - - [10/Jan/2025:00:53:34 +0100] "GET /ticket2/opencms/system/modules/com.gridnine.opencms.ticketbrokerage.site/resources/js/functions.js HTTP/1.1" 200 1583
62.198.135.130 - - [10/Jan/2025:00:53:35 +0100] "GET /ticket2/opencms/system/modules/com.gridnine.opencms.ticketbrokerage.site/resources/js/calendar-en.js HTTP/1.1" 200 3338
62.198.135.130 - - [10/Jan/2025:00:53:35 +0100] "GET /ticket2/opencms/system/modules/com.gridnine.opencms.ticketbrokerage.site/resources/js/calendar.js HTTP/1.1" 200 49229
62.198.135.130 - - [10/Jan/2025:00:53:35 +0100] "GET /ticket2/opencms/system/modules/com.gridnine.opencms.ticketbrokerage.site/resources/js/calendar-setup.js HTTP/1.1" 200 4923
62.198.135.130 - - [10/Jan/2025:00:53:35 +0100] "GET /ticket2/opencms/system/modules/com.gridnine.opencms.ticketbrokerage.site/resources/js/stickyfill.min.js HTTP/1.1" 200 5672
62.198.135.130 - - [10/Jan/2025:00:53:35 +0100] "GET /ticket2/opencms/system/modules/com.gridnine.opencms.ticketbrokerage.site/resources/js/jquery.fancybox.pack.js HTTP/1.1" 200 23187
62.198.135.130 - - [10/Jan/2025:00:53:35 +0100] "GET /ticket2/opencms/system/modules/com.gridnine.opencms.ticketbrokerage.site/resources/js/standard.js HTTP/1.1" 200 3978
62.198.135.130 - - [10/Jan/2025:00:53:35 +0100] "GET /ticket2/opencms/system/modules/com.gridnine.opencms.ticketbrokerage.site/resources/js/jquery.placeholder.min.js HTTP/1.1" 200 1737
62.198.135.130 - - [10/Jan/2025:00:53:35 +0100] "GET /ticket2/opencms/system/modules/com.gridnine.opencms.ticketbrokerage.site/resources/js/common-ajax.js HTTP/1.1" 200 20175
62.198.135.130 - - [10/Jan/2025:00:53:35 +0100] "GET /ticket2/opencms/system/modules/com.gridnine.opencms.ticketbrokerage.site/resources/pics/logo-new.png HTTP/1.1" 200 13541
62.198.135.130 - - [10/Jan/2025:00:53:35 +0100] "GET /ticket2/opencms/img/insta.png HTTP/1.1" 200 3967
62.198.135.130 - - [10/Jan/2025:00:53:35 +0100] "GET /ticket2/opencms/venue/barca_new.png HTTP/1.1" 200 314972
62.198.135.130 - - [10/Jan/2025:00:53:35 +0100] "GET /ticket2/opencms/img/fb.png HTTP/1.1" 200 1269
62.198.135.130 - - [10/Jan/2025:00:53:35 +0100] "GET /ticket2/opencms/system/modules/com.gridnine.opencms.ticketbrokerage.site/resources/pics/0.gif HTTP/1.1" 200 43
62.198.135.130 - - [10/Jan/2025:00:53:35 +0100] "GET /ticket2/opencms/system/modules/com.gridnine.opencms.ticketbrokerage.site/resources/pics/two_man.png HTTP/1.1" 200 3407
62.198.135.130 - - [10/Jan/2025:00:53:35 +0100] "GET /ticket2/opencms/system/modules/com.gridnine.opencms.ticketbrokerage.site/resources/pics/ticket_info_button.png HTTP/1.1" 200 3820
62.198.135.130 - - [10/Jan/2025:00:53:35 +0100] "GET /ticket2/opencms/img/icons/globe-white.png HTTP/1.1" 200 947
62.198.135.130 - - [10/Jan/2025:00:53:35 +0100] "GET /ticket2/opencms/system/modules/com.gridnine.opencms.ticketbrokerage.site/resources/pics/footer-img.jpg HTTP/1.1" 200 67642
62.198.135.130 - - [10/Jan/2025:00:53:35 +0100] "GET /ticket2/opencms/img/check.png HTTP/1.1" 200 548
62.198.135.130 - - [10/Jan/2025:00:53:35 +0100] "GET /ticket2/opencms/img/mail.png HTTP/1.1" 200 403
62.198.135.130 - - [10/Jan/2025:00:53:35 +0100] "GET /ticket2/opencms/img/chat.png HTTP/1.1" 200 416
62.198.135.130 - - [10/Jan/2025:00:53:35 +0100] "GET /ticket2/opencms/img/icons/se.png HTTP/1.1" 200 1258
62.198.135.130 - - [10/Jan/2025:00:53:35 +0100] "GET /ticket2/opencms/dk/ask-form.html HTTP/1.1" 200 2971
62.198.135.130 - - [10/Jan/2025:00:53:35 +0100] "GET /ticket2/opencms/img/arrow.png HTTP/1.1" 200 753
62.198.135.130 - - [10/Jan/2025:00:53:35 +0100] "GET /ticket2/opencms/system/modules/com.gridnine.opencms.ticketbrokerage.site/resources/pics/arrow.gif HTTP/1.1" 200 344
62.198.135.130 - - [10/Jan/2025:00:53:35 +0100] "GET /ticket2/opencms/system/modules/com.gridnine.opencms.ticketbrokerage.site/resources/css/ticketbrokerage.css HTTP/1.1" 200 39339
62.198.135.130 - - [10/Jan/2025:00:53:35 +0100] "GET /ticket2/opencms/img/icons/fi.png HTTP/1.1" 200 1785
62.198.135.130 - - [10/Jan/2025:00:53:35 +0100] "GET /ticket2/opencms/system/modules/com.gridnine.opencms.ticketbrokerage.site/resources/pics/form_marker.gif HTTP/1.1" 200 43
62.198.135.130 - - [10/Jan/2025:00:53:35 +0100] "GET /ticket2/opencms/system/modules/com.gridnine.opencms.ticketbrokerage.site/resources/pics/button1_left.gif HTTP/1.1" 200 232
62.198.135.130 - - [10/Jan/2025:00:53:35 +0100] "GET /ticket2/opencms/system/modules/com.gridnine.opencms.ticketbrokerage.site/resources/pics/button1_center.gif HTTP/1.1" 200 66
62.198.135.130 - - [10/Jan/2025:00:53:35 +0100] "GET /ticket2/opencms/img/icons/no.png HTTP/1.1" 200 1958
62.198.135.130 - - [10/Jan/2025:00:53:35 +0100] "GET /ticket2/opencms/system/modules/com.gridnine.opencms.ticketbrokerage.site/resources/pics/button1_right.gif HTTP/1.1" 200 232
65.21.113.194 - - [10/Jan/2025:00:53:35 +0100] "GET /ticket2/opencms/sv/buy/?page=1&edid=1848722C-7496-89CC-162E-A03E4F33CA8A HTTP/1.1" 200 108757
62.198.135.130 - - [10/Jan/2025:00:53:35 +0100] "GET /ticket2/opencms/img/icons/nl.png HTTP/1.1" 200 1255
62.198.135.130 - - [10/Jan/2025:00:53:35 +0100] "GET /ticket2/opencms/img/icons/de.png HTTP/1.1" 200 1124
62.198.135.130 - - [10/Jan/2025:00:53:35 +0100] "GET /ticket2/opencms/img/icons/fr.png HTTP/1.1" 200 1764
62.198.135.130 - - [10/Jan/2025:00:53:36 +0100] "GET /ticket2/opencms/img/icons/en.png HTTP/1.1" 200 2415
62.198.135.130 - - [10/Jan/2025:00:53:36 +0100] "GET /ticket2/opencms/img/icons/es.png HTTP/1.1" 200 1005
62.198.135.130 - - [10/Jan/2025:00:53:36 +0100] "GET /ticket2/opencms/img/icons/it.png HTTP/1.1" 200 2040
62.198.135.130 - - [10/Jan/2025:00:53:36 +0100] "GET /ticket2/opencms/img/icons/pl.png HTTP/1.1" 200 1578
62.198.135.130 - - [10/Jan/2025:00:53:36 +0100] "GET /ticket2/opencms/img/icons/sq.png HTTP/1.1" 200 1619
62.198.135.130 - - [10/Jan/2025:00:53:36 +0100] "GET /ticket2/opencms/img/icons/hy.png HTTP/1.1" 200 1170
62.198.135.130 - - [10/Jan/2025:00:53:36 +0100] "GET /ticket2/opencms/img/icons/az.png HTTP/1.1" 200 1445
62.198.135.130 - - [10/Jan/2025:00:53:36 +0100] "GET /ticket2/opencms/img/icons/cs.png HTTP/1.1" 200 1883
62.198.135.130 - - [10/Jan/2025:00:53:36 +0100] "GET /ticket2/opencms/img/icons/el.png HTTP/1.1" 200 1637
62.198.135.130 - - [10/Jan/2025:00:53:36 +0100] "GET /ticket2/opencms/img/icons/ka.png HTTP/1.1" 200 860
62.198.135.130 - - [10/Jan/2025:00:53:36 +0100] "GET /ticket2/opencms/img/icons/hu.png HTTP/1.1" 200 733
62.198.135.130 - - [10/Jan/2025:00:53:36 +0100] "GET /ticket2/opencms/img/icons/is.png HTTP/1.1" 200 1884
62.198.135.130 - - [10/Jan/2025:00:53:36 +0100] "GET /ticket2/opencms/img/icons/lv.png HTTP/1.1" 200 716
62.198.135.130 - - [10/Jan/2025:00:53:36 +0100] "GET /ticket2/opencms/img/icons/ga.png HTTP/1.1" 200 1759
62.198.135.130 - - [10/Jan/2025:00:53:36 +0100] "GET /ticket2/opencms/img/icons/mk.png HTTP/1.1" 200 1405
62.198.135.130 - - [10/Jan/2025:00:53:36 +0100] "GET /ticket2/opencms/img/icons/mt.png HTTP/1.1" 200 920
62.198.135.130 - - [10/Jan/2025:00:53:36 +0100] "GET /ticket2/opencms/img/icons/mo.png HTTP/1.1" 200 1468
62.198.135.130 - - [10/Jan/2025:00:53:36 +0100] "GET /ticket2/opencms/img/icons/sk.png HTTP/1.1" 200 1283
62.198.135.130 - - [10/Jan/2025:00:53:36 +0100] "GET /ticket2/opencms/img/icons/sl.png HTTP/1.1" 200 966
62.198.135.130 - - [10/Jan/2025:00:53:36 +0100] "GET /ticket2/opencms/img/icons/tr.png HTTP/1.1" 200 1636
62.198.135.130 - - [10/Jan/2025:00:53:36 +0100] "GET /ticket2/opencms/img/icons/uk.png HTTP/1.1" 200 1272
62.198.135.130 - - [10/Jan/2025:00:53:36 +0100] "GET /ticket2/opencms/img/arrow-down.png HTTP/1.1" 200 192
62.198.135.130 - - [10/Jan/2025:00:53:37 +0100] "GET /ticket2/opencms/img/icons/bs.png HTTP/1.1" 200 1014
62.198.135.130 - - [10/Jan/2025:00:53:37 +0100] "GET /ticket2/opencms/img/icons/et.png HTTP/1.1" 200 754
62.198.135.130 - - [10/Jan/2025:00:53:37 +0100] "GET /ticket2/opencms/img/icons/bg.png HTTP/1.1" 200 788
62.198.135.130 - - [10/Jan/2025:00:53:37 +0100] "GET /ticket2/opencms/img/icons/hr.png HTTP/1.1" 200 2024
62.198.135.130 - - [10/Jan/2025:00:53:37 +0100] "GET /ticket2/opencms/img/icons/be.png HTTP/1.1" 200 1663
62.198.135.130 - - [10/Jan/2025:00:53:38 +0100] "GET /ticket2/opencms/img/icons/lt.png HTTP/1.1" 200 733
62.198.135.130 - - [10/Jan/2025:00:53:38 +0100] "GET /ticket2/opencms/img/icons/ro.png HTTP/1.1" 200 1393
62.198.135.130 - - [10/Jan/2025:00:53:38 +0100] "GET /ticket2/opencms/img/icons/sr.png HTTP/1.1" 200 1602
62.198.135.130 - - [10/Jan/2025:00:53:38 +0100] "GET /ticket2/opencms/img/icons/ticket2.thumbnail.png HTTP/1.1" 200 21519
62.198.135.130 - - [10/Jan/2025:00:53:38 +0100] "GET /ticket2/opencms/system/modules/com.gridnine.opencms.ticketbrokerage.site/resources/js/standard.js HTTP/1.1" 200 3978
94.23.203.86 - - [10/Jan/2025:00:53:38 +0100] "GET /ticket2/opencms/en/login/?edid=8D1D6CEE-AFE2-1FB4-E378-1C71A0852032 HTTP/1.1" 200 89860
114.119.152.134 - - [10/Jan/2025:00:53:39 +0100] "GET /ticket2/opencms/en/login/?url=/en/sell/ HTTP/1.1" 200 89823
65.21.113.194 - - [10/Jan/2025:00:53:41 +0100] "GET /ticket2/opencms/sv/buy/?page=1&edid=18631B4D-241F-1419-AEC9-B2739BCE7CC3 HTTP/1.1" 200 124606
185.191.171.5 - - [10/Jan/2025:00:53:43 +0100] "GET /ticket2/opencms/sv/about/press HTTP/1.1" 200 90562
94.23.203.86 - - [10/Jan/2025:00:53:43 +0100] "GET /ticket2/opencms/en/login/?edid=8E99D440-8A14-8CFA-023A-DD2039BB9EB8 HTTP/1.1" 200 89808
85.208.96.201 - - [10/Jan/2025:00:53:46 +0100] "GET /ticket2/opencms/lt/about/press HTTP/1.1" 200 88521
65.21.113.194 - - [10/Jan/2025:00:53:46 +0100] "GET /ticket2/opencms/sv/buy/?page=1&edid=192B2692-9E9C-E45B-C641-B3FED8E2B94F HTTP/1.1" 200 118243
40.77.167.154 - - [10/Jan/2025:00:53:46 +0100] "GET /ticket2/opencms/it/buy?page=1&edid=33E897C7-A5CE-1BF0-B567-E134125C5950 HTTP/1.1" 200 109244
94.23.203.86 - - [10/Jan/2025:00:53:50 +0100] "GET /ticket2/opencms/en/login/?edid=8F905FAC-F76E-69F9-0EF7-DBFB02031472 HTTP/1.1" 200 89820
65.21.113.194 - - [10/Jan/2025:00:53:50 +0100] "GET /ticket2/opencms/sv/buy/?page=1&edid=1A6DF76F-066D-5DDA-945D-30F59CAC86E5 HTTP/1.1" 200 108759
40.77.167.154 - - [10/Jan/2025:00:53:51 +0100] "GET /ticket2/opencms/no/sport/fotballsbilletter/serie_a/milan HTTP/1.1" 200 98712
65.21.113.194 - - [10/Jan/2025:00:53:55 +0100] "GET /ticket2/opencms/sv/buy/?page=1&edid=1B05BB04-EDFF-893A-3423-98B4A4A95E64 HTTP/1.1" 200 108682
94.23.203.86 - - [10/Jan/2025:00:53:59 +0100] "GET /ticket2/opencms/en/login/?edid=8FCD35F0-8E12-2973-163C-4E40E7B9297B HTTP/1.1" 200 89773
65.21.113.194 - - [10/Jan/2025:00:54:00 +0100] "GET /ticket2/opencms/sv/buy/?page=1&edid=1B66F7E9-6D68-7258-D0DB-383034F8302F HTTP/1.1" 200 135221
85.208.96.212 - - [10/Jan/2025:00:54:04 +0100] "GET /ticket2/opencms/no/magazine/article?title=en-imponerende-kamp-der-svensken-kulusevski-fortsetter-a-levere HTTP/1.1" 200 93936
65.21.113.194 - - [10/Jan/2025:00:54:05 +0100] "GET /ticket2/opencms/sv/buy/?page=1&edid=1B8F518C-70C1-6862-0544-4A1418DD424D HTTP/1.1" 200 120417
47.128.48.213 - - [10/Jan/2025:00:54:07 +0100] "GET /ticket2/opencms/is/buy/?edid=76AC12AC-4686-41BA-93AB-CDA5668851B1 HTTP/1.1" 200 92547
85.208.96.206 - - [10/Jan/2025:00:54:08 +0100] "GET /ticket2/opencms/no/magazine/article?title=chelsea-mot-tottenham-2-0 HTTP/1.1" 200 93874
94.23.203.86 - - [10/Jan/2025:00:54:11 +0100] "GET /ticket2/opencms/en/login/?edid=9042479A-254A-F760-0970-B15A807A4F1B HTTP/1.1" 200 89808
185.191.171.16 - - [10/Jan/2025:00:54:14 +0100] "GET /ticket2/opencms/en/sport/football-tickets/bundesliga/hoffenheim/ HTTP/1.1" 200 97790
185.191.171.7 - - [10/Jan/2025:00:54:16 +0100] "GET /ticket2/opencms/pl/magazine/article?title=stadion-emirates HTTP/1.1" 200 94393
54.36.148.16 - - [10/Jan/2025:00:54:27 +0100] "GET /ticket2/opencms/el/buy?page=1&edid=E8C34E6F-F034-0C2A-D437-ABD4D0BC81CD HTTP/1.1" 200 116965
157.55.39.196 - - [10/Jan/2025:00:54:28 +0100] "GET /ticket2/opencms/ka/buy?page=1&edid=158E9EFC-96A0-FA70-0728-0C4C5382F12E HTTP/1.1" 200 115400
202.8.41.99 - - [10/Jan/2025:00:54:28 +0100] "GET /ticket2/opencms/system/modules/com.gridnine.opencms.ticketbrokerage.site/resources/css/ticketbrokerage.css HTTP/1.1" 200 39339
202.8.41.99 - - [10/Jan/2025:00:54:28 +0100] "GET /ticket2/opencms/system/modules/com.gridnine.opencms.ticketbrokerage.site/resources/css/calendar.css HTTP/1.1" 200 6871
202.8.41.99 - - [10/Jan/2025:00:54:28 +0100] "GET /ticket2/opencms/system/modules/com.gridnine.opencms.ticketbrokerage.site/resources/css/jquery.fancybox.css HTTP/1.1" 200 4939
202.8.41.99 - - [10/Jan/2025:00:54:28 +0100] "GET /ticket2/opencms/system/modules/com.gridnine.opencms.ticketbrokerage.site/resources/css/jquery-ui.css HTTP/1.1" 200 33221
202.8.41.99 - - [10/Jan/2025:00:54:28 +0100] "GET /ticket2/opencms/system/modules/com.gridnine.opencms.ticketbrokerage.site/resources/css/standard.css HTTP/1.1" 200 73081
202.8.41.99 - - [10/Jan/2025:00:54:28 +0100] "GET /ticket2/opencms/system/modules/com.gridnine.opencms.ticketbrokerage.site/resources/js/jquery/jquery-ui.js HTTP/1.1" 200 228088
202.8.41.99 - - [10/Jan/2025:00:54:28 +0100] "GET /ticket2/opencms/system/modules/com.gridnine.opencms.ticketbrokerage.site/resources/js/jquery/jquery.js HTTP/1.1" 200 93868
202.8.41.99 - - [10/Jan/2025:00:54:28 +0100] "GET /ticket2/opencms/system/modules/com.gridnine.opencms.ticketbrokerage.site/resources/js/calendar.js HTTP/1.1" 200 49229
202.8.41.99 - - [10/Jan/2025:00:54:28 +0100] "GET /ticket2/opencms/system/modules/com.gridnine.opencms.ticketbrokerage.site/resources/js/calendar-en.js HTTP/1.1" 200 3338
202.8.41.99 - - [10/Jan/2025:00:54:28 +0100] "GET /ticket2/opencms/system/modules/com.gridnine.opencms.ticketbrokerage.site/resources/js/functions.js HTTP/1.1" 200 1583
202.8.41.99 - - [10/Jan/2025:00:54:28 +0100] "GET /ticket2/opencms/system/modules/com.gridnine.opencms.ticketbrokerage.site/resources/js/calendar-setup.js HTTP/1.1" 200 4923
202.8.41.99 - - [10/Jan/2025:00:54:28 +0100] "GET /ticket2/opencms/system/modules/com.gridnine.opencms.ticketbrokerage.site/resources/js/jquery.fancybox.pack.js HTTP/1.1" 200 23187
202.8.41.99 - - [10/Jan/2025:00:54:28 +0100] "GET /ticket2/opencms/system/modules/com.gridnine.opencms.ticketbrokerage.site/resources/js/stickyfill.min.js HTTP/1.1" 200 5672
202.8.41.99 - - [10/Jan/2025:00:54:28 +0100] "GET /ticket2/opencms/system/modules/com.gridnine.opencms.ticketbrokerage.site/resources/js/standard.js HTTP/1.1" 200 3978
202.8.41.99 - - [10/Jan/2025:00:54:29 +0100] "GET /ticket2/opencms/system/modules/com.gridnine.opencms.ticketbrokerage.site/resources/js/jquery.placeholder.min.js HTTP/1.1" 200 1737
202.8.41.99 - - [10/Jan/2025:00:54:29 +0100] "GET /ticket2/opencms/system/modules/com.gridnine.opencms.ticketbrokerage.site/resources/js/common-ajax.js HTTP/1.1" 200 20175
202.8.41.99 - - [10/Jan/2025:00:54:29 +0100] "GET /ticket2/opencms/el/ask-form.html HTTP/1.1" 200 3156
202.8.41.99 - - [10/Jan/2025:00:54:29 +0100] "GET /ticket2/opencms/system/modules/com.gridnine.opencms.ticketbrokerage.site/resources/css/ticketbrokerage.css HTTP/1.1" 200 39339
94.23.203.86 - - [10/Jan/2025:00:54:31 +0100] "GET /ticket2/opencms/en/login/?edid=907CF4D4-B973-A3B0-65B6-6295DAF15BAB HTTP/1.1" 200 89868
65.21.113.194 - - [10/Jan/2025:00:54:41 +0100] "GET /ticket2/opencms/robots.txt HTTP/1.1" 200 773
65.21.113.194 - - [10/Jan/2025:00:54:41 +0100] "GET /ticket2/opencms/sv/buy/?page=1&edid=1BDE69E9-911B-D7B1-5E4E-80296443BB3B HTTP/1.1" 200 108691
94.23.203.86 - - [10/Jan/2025:00:54:46 +0100] "GET /ticket2/opencms/en/login/?edid=90ECD66C-C911-E023-FDD4-A285886FB22C HTTP/1.1" 200 89779
114.119.165.226 - - [10/Jan/2025:00:54:52 +0100] "GET /ticket2/opencms/en/buy/?page=1&edid=46F37BE7-B2F6-BEA5-12C9-E1FFD36B0DD0 HTTP/1.1" 200 117226
94.23.203.86 - - [10/Jan/2025:00:54:58 +0100] "GET /ticket2/opencms/en/login/?edid=920C28C2-0673-D94D-F164-8E2A4F301B72 HTTP/1.1" 200 89820
185.191.171.2 - - [10/Jan/2025:00:54:58 +0100] "GET /ticket2/opencms/az/magazine/article?title=transfer-penceresini-daha-tez-baglamaq HTTP/1.1" 200 92606
85.208.96.212 - - [10/Jan/2025:00:54:58 +0100] "GET /ticket2/opencms/fr/magazine/article?title=vinicius-jr HTTP/1.1" 200 91798
114.119.151.93 - - [10/Jan/2025:00:55:08 +0100] "GET /ticket2/opencms/dk/buy?page=1&edid=A347B02B-B436-1BEB-8AE0-5D697393ED67 HTTP/1.1" 200 108445
94.23.203.86 - - [10/Jan/2025:00:55:15 +0100] "GET /ticket2/opencms/en/login/?edid=9252AFA0-65A5-5406-DF68-FCF1AD67F3F1 HTTP/1.1" 200 89744
65.21.113.194 - - [10/Jan/2025:00:55:17 +0100] "GET /ticket2/opencms/sv/buy/?page=1&edid=1C60B6C6-EC08-CBB2-DDAD-2D7ECA90977D HTTP/1.1" 200 108753
62.198.135.130 - - [10/Jan/2025:00:55:20 +0100] "GET /ticket2/opencms/set_aff_cookie.jsp?partner=53673ED6-1455-FA54-818F-B1F67121E37C&url=/dk/buy/index.html%3Fpage%3D1%26edid%3DDE6EAF1E-F0E3-BCEF-6FE9-789554B2D96C%26hlv%3D668669b8-144c-4533-925f-6d2c0a01000f%23v_1439562429 HTTP/1.1" 200 226
62.198.135.130 - - [10/Jan/2025:00:55:21 +0100] "GET /ticket2/opencms/dk/buy/?page=1&edid=DE6EAF1E-F0E3-BCEF-6FE9-789554B2D96C&hlv=668669b8-144c-4533-925f-6d2c0a01000f HTTP/1.1" 200 126515
62.198.135.130 - - [10/Jan/2025:00:55:21 +0100] "GET /ticket2/opencms/system/modules/com.gridnine.opencms.ticketbrokerage.site/resources/js/functions.js HTTP/1.1" 200 1583
62.198.135.130 - - [10/Jan/2025:00:55:21 +0100] "GET /ticket2/opencms/system/modules/com.gridnine.opencms.ticketbrokerage.site/resources/js/calendar.js HTTP/1.1" 200 49229
62.198.135.130 - - [10/Jan/2025:00:55:21 +0100] "GET /ticket2/opencms/system/modules/com.gridnine.opencms.ticketbrokerage.site/resources/css/standard.css HTTP/1.1" 200 73081
62.198.135.130 - - [10/Jan/2025:00:55:21 +0100] "GET /ticket2/opencms/system/modules/com.gridnine.opencms.ticketbrokerage.site/resources/js/standard.js HTTP/1.1" 200 3978
62.198.135.130 - - [10/Jan/2025:00:55:21 +0100] "GET /ticket2/opencms/system/modules/com.gridnine.opencms.ticketbrokerage.site/resources/js/calendar-en.js HTTP/1.1" 200 3338
62.198.135.130 - - [10/Jan/2025:00:55:21 +0100] "GET /ticket2/opencms/system/modules/com.gridnine.opencms.ticketbrokerage.site/resources/css/calendar.css HTTP/1.1" 200 6871
62.198.135.130 - - [10/Jan/2025:00:55:21 +0100] "GET /ticket2/opencms/system/modules/com.gridnine.opencms.ticketbrokerage.site/resources/js/calendar-setup.js HTTP/1.1" 200 4923
62.198.135.130 - - [10/Jan/2025:00:55:21 +0100] "GET /ticket2/opencms/system/modules/com.gridnine.opencms.ticketbrokerage.site/resources/css/ticketbrokerage.css HTTP/1.1" 200 39339
62.198.135.130 - - [10/Jan/2025:00:55:21 +0100] "GET /ticket2/opencms/dk/ask-form.html HTTP/1.1" 200 2971
62.198.135.130 - - [10/Jan/2025:00:55:21 +0100] "GET /ticket2/opencms/system/modules/com.gridnine.opencms.ticketbrokerage.site/resources/css/ticketbrokerage.css HTTP/1.1" 200 39339
65.21.113.194 - - [10/Jan/2025:00:55:24 +0100] "GET /ticket2/opencms/sv/buy/?page=1&edid=1C663B38-AAE8-15E5-78AB-F7247D2C67D4 HTTP/1.1" 200 134117
65.21.113.194 - - [10/Jan/2025:00:55:28 +0100] "GET /ticket2/opencms/sv/buy/?page=1&edid=1D5F9EE1-797F-37B3-641C-E2D7E9D08ACF HTTP/1.1" 200 108738
157.55.39.201 - - [10/Jan/2025:00:55:28 +0100] "GET /ticket2/opencms/en/buy/?page=1&edid=3154B2DC-DDED-7B1C-A782-48596F56A078 HTTP/1.1" 200 108010
94.23.203.86 - - [10/Jan/2025:00:55:29 +0100] "GET /ticket2/opencms/en/login/?edid=9291C533-6179-8D87-1FBB-9C9ECA73A6F7 HTTP/1.1" 200 89790
62.198.135.130 - - [10/Jan/2025:00:55:29 +0100] "GET /ticket2/opencms/set_aff_cookie.jsp?partner=53673ED6-1455-FA54-818F-B1F67121E37C&url=/dk/buy/index.html%3Fpage%3D1%26edid%3DDE6EAF1E-F0E3-BCEF-6FE9-789554B2D96C%26hlv%3D668669b8-144c-4533-925f-6d2c0a01000f%23v_1439562429 HTTP/1.1" 200 226
62.198.135.130 - - [10/Jan/2025:00:55:30 +0100] "GET /ticket2/opencms/dk/buy/?page=1&edid=DE6EAF1E-F0E3-BCEF-6FE9-789554B2D96C&hlv=668669b8-144c-4533-925f-6d2c0a01000f HTTP/1.1" 200 126462
62.198.135.130 - - [10/Jan/2025:00:55:30 +0100] "GET /ticket2/opencms/system/modules/com.gridnine.opencms.ticketbrokerage.site/resources/js/calendar-en.js HTTP/1.1" 200 3338
62.198.135.130 - - [10/Jan/2025:00:55:30 +0100] "GET /ticket2/opencms/system/modules/com.gridnine.opencms.ticketbrokerage.site/resources/js/calendar-setup.js HTTP/1.1" 200 4923
62.198.135.130 - - [10/Jan/2025:00:55:30 +0100] "GET /ticket2/opencms/system/modules/com.gridnine.opencms.ticketbrokerage.site/resources/js/standard.js HTTP/1.1" 200 3978
62.198.135.130 - - [10/Jan/2025:00:55:30 +0100] "GET /ticket2/opencms/system/modules/com.gridnine.opencms.ticketbrokerage.site/resources/js/calendar.js HTTP/1.1" 200 49229
62.198.135.130 - - [10/Jan/2025:00:55:30 +0100] "GET /ticket2/opencms/system/modules/com.gridnine.opencms.ticketbrokerage.site/resources/css/ticketbrokerage.css HTTP/1.1" 200 39339
62.198.135.130 - - [10/Jan/2025:00:55:30 +0100] "GET /ticket2/opencms/system/modules/com.gridnine.opencms.ticketbrokerage.site/resources/css/standard.css HTTP/1.1" 200 73081
62.198.135.130 - - [10/Jan/2025:00:55:30 +0100] "GET /ticket2/opencms/system/modules/com.gridnine.opencms.ticketbrokerage.site/resources/css/calendar.css HTTP/1.1" 200 6871
62.198.135.130 - - [10/Jan/2025:00:55:30 +0100] "GET /ticket2/opencms/system/modules/com.gridnine.opencms.ticketbrokerage.site/resources/js/functions.js HTTP/1.1" 200 1583
62.198.135.130 - - [10/Jan/2025:00:55:30 +0100] "GET /ticket2/opencms/dk/ask-form.html HTTP/1.1" 200 2971
62.198.135.130 - - [10/Jan/2025:00:55:31 +0100] "GET /ticket2/opencms/system/modules/com.gridnine.opencms.ticketbrokerage.site/resources/css/ticketbrokerage.css HTTP/1.1" 200 39339
54.36.148.82 - - [10/Jan/2025:00:55:31 +0100] "GET /ticket2/opencms/lv/buy?page=1&edid=D3AB0CA8-3C40-1AB9-8BEC-7D01F349EB4E HTTP/1.1" 200 137326
202.8.43.175 - - [10/Jan/2025:00:55:32 +0100] "GET /ticket2/opencms/system/modules/com.gridnine.opencms.ticketbrokerage.site/resources/css/standard.css HTTP/1.1" 200 73081
202.8.43.175 - - [10/Jan/2025:00:55:32 +0100] "GET /ticket2/opencms/system/modules/com.gridnine.opencms.ticketbrokerage.site/resources/css/calendar.css HTTP/1.1" 200 6871
202.8.43.175 - - [10/Jan/2025:00:55:32 +0100] "GET /ticket2/opencms/system/modules/com.gridnine.opencms.ticketbrokerage.site/resources/css/jquery.fancybox.css HTTP/1.1" 200 4939
202.8.43.175 - - [10/Jan/2025:00:55:32 +0100] "GET /ticket2/opencms/system/modules/com.gridnine.opencms.ticketbrokerage.site/resources/css/jquery-ui.css HTTP/1.1" 200 33221
202.8.43.175 - - [10/Jan/2025:00:55:32 +0100] "GET /ticket2/opencms/system/modules/com.gridnine.opencms.ticketbrokerage.site/resources/css/ticketbrokerage.css HTTP/1.1" 200 39339
202.8.43.175 - - [10/Jan/2025:00:55:32 +0100] "GET /ticket2/opencms/system/modules/com.gridnine.opencms.ticketbrokerage.site/resources/js/jquery/jquery.js HTTP/1.1" 200 93868
202.8.43.175 - - [10/Jan/2025:00:55:32 +0100] "GET /ticket2/opencms/system/modules/com.gridnine.opencms.ticketbrokerage.site/resources/js/jquery/jquery-ui.js HTTP/1.1" 200 228088
202.8.43.175 - - [10/Jan/2025:00:55:32 +0100] "GET /ticket2/opencms/system/modules/com.gridnine.opencms.ticketbrokerage.site/resources/js/calendar.js HTTP/1.1" 200 49229
202.8.43.175 - - [10/Jan/2025:00:55:32 +0100] "GET /ticket2/opencms/system/modules/com.gridnine.opencms.ticketbrokerage.site/resources/js/calendar-setup.js HTTP/1.1" 200 4923
202.8.43.175 - - [10/Jan/2025:00:55:32 +0100] "GET /ticket2/opencms/system/modules/com.gridnine.opencms.ticketbrokerage.site/resources/js/functions.js HTTP/1.1" 200 1583
202.8.43.175 - - [10/Jan/2025:00:55:32 +0100] "GET /ticket2/opencms/system/modules/com.gridnine.opencms.ticketbrokerage.site/resources/js/calendar-en.js HTTP/1.1" 200 3338
202.8.43.175 - - [10/Jan/2025:00:55:33 +0100] "GET /ticket2/opencms/system/modules/com.gridnine.opencms.ticketbrokerage.site/resources/js/stickyfill.min.js HTTP/1.1" 200 5672
202.8.43.175 - - [10/Jan/2025:00:55:33 +0100] "GET /ticket2/opencms/system/modules/com.gridnine.opencms.ticketbrokerage.site/resources/js/jquery.fancybox.pack.js HTTP/1.1" 200 23187
202.8.43.175 - - [10/Jan/2025:00:55:33 +0100] "GET /ticket2/opencms/system/modules/com.gridnine.opencms.ticketbrokerage.site/resources/js/standard.js HTTP/1.1" 200 3978
202.8.43.175 - - [10/Jan/2025:00:55:33 +0100] "GET /ticket2/opencms/system/modules/com.gridnine.opencms.ticketbrokerage.site/resources/js/jquery.placeholder.min.js HTTP/1.1" 200 1737
65.21.113.194 - - [10/Jan/2025:00:55:33 +0100] "GET /ticket2/opencms/sv/buy/?page=1&edid=1DC40ECC-FC78-CDB2-9510-7E73DAAD0489 HTTP/1.1" 200 118065
202.8.43.175 - - [10/Jan/2025:00:55:33 +0100] "GET /ticket2/opencms/system/modules/com.gridnine.opencms.ticketbrokerage.site/resources/js/common-ajax.js HTTP/1.1" 200 20175
202.8.43.175 - - [10/Jan/2025:00:55:33 +0100] "GET /ticket2/opencms/lv/ask-form.html HTTP/1.1" 200 3156
202.8.43.175 - - [10/Jan/2025:00:55:33 +0100] "GET /ticket2/opencms/lv/ask-form.html HTTP/1.1" 200 3156
202.8.43.175 - - [10/Jan/2025:00:55:33 +0100] "GET /ticket2/opencms/system/modules/com.gridnine.opencms.ticketbrokerage.site/resources/css/ticketbrokerage.css HTTP/1.1" 200 39339
62.198.135.130 - - [10/Jan/2025:00:55:38 +0100] "GET /ticket2/opencms/set_aff_cookie.jsp?partner=53673ED6-1455-FA54-818F-B1F67121E37C&url=/dk/buy/index.html%3Fpage%3D1%26edid%3DDE6EAF1E-F0E3-BCEF-6FE9-789554B2D96C%26hlv%3D668669b8-144c-4533-925f-6d2c0a01000f%23v_1439562429 HTTP/1.1" 200 226
65.21.113.194 - - [10/Jan/2025:00:55:38 +0100] "GET /ticket2/opencms/sv/buy/?page=1&edid=1E8CD446-2E9F-5A21-E2F4-251CB3C89182 HTTP/1.1" 200 108720
40.77.167.61 - - [10/Jan/2025:00:55:38 +0100] "GET /ticket2/opencms/dk/buy?page=1&edid=206775FB-5EFC-40BC-11F8-888FF769B2A9 HTTP/1.1" 200 121184
62.198.135.130 - - [10/Jan/2025:00:55:38 +0100] "GET /ticket2/opencms/dk/buy/?page=1&edid=DE6EAF1E-F0E3-BCEF-6FE9-789554B2D96C&hlv=668669b8-144c-4533-925f-6d2c0a01000f HTTP/1.1" 200 126545
62.198.135.130 - - [10/Jan/2025:00:55:39 +0100] "GET /ticket2/opencms/system/modules/com.gridnine.opencms.ticketbrokerage.site/resources/js/calendar.js HTTP/1.1" 200 49229
62.198.135.130 - - [10/Jan/2025:00:55:39 +0100] "GET /ticket2/opencms/system/modules/com.gridnine.opencms.ticketbrokerage.site/resources/js/functions.js HTTP/1.1" 200 1583
62.198.135.130 - - [10/Jan/2025:00:55:39 +0100] "GET /ticket2/opencms/system/modules/com.gridnine.opencms.ticketbrokerage.site/resources/js/standard.js HTTP/1.1" 200 3978
62.198.135.130 - - [10/Jan/2025:00:55:39 +0100] "GET /ticket2/opencms/system/modules/com.gridnine.opencms.ticketbrokerage.site/resources/js/calendar-en.js HTTP/1.1" 200 3338
62.198.135.130 - - [10/Jan/2025:00:55:39 +0100] "GET /ticket2/opencms/system/modules/com.gridnine.opencms.ticketbrokerage.site/resources/css/calendar.css HTTP/1.1" 200 6871
62.198.135.130 - - [10/Jan/2025:00:55:39 +0100] "GET /ticket2/opencms/system/modules/com.gridnine.opencms.ticketbrokerage.site/resources/js/calendar-setup.js HTTP/1.1" 200 4923
62.198.135.130 - - [10/Jan/2025:00:55:39 +0100] "GET /ticket2/opencms/system/modules/com.gridnine.opencms.ticketbrokerage.site/resources/css/standard.css HTTP/1.1" 200 73081
62.198.135.130 - - [10/Jan/2025:00:55:39 +0100] "GET /ticket2/opencms/system/modules/com.gridnine.opencms.ticketbrokerage.site/resources/css/ticketbrokerage.css HTTP/1.1" 200 39339
62.198.135.130 - - [10/Jan/2025:00:55:39 +0100] "GET /ticket2/opencms/dk/ask-form.html HTTP/1.1" 200 2971
62.198.135.130 - - [10/Jan/2025:00:55:39 +0100] "GET /ticket2/opencms/system/modules/com.gridnine.opencms.ticketbrokerage.site/resources/css/ticketbrokerage.css HTTP/1.1" 200 39339
47.128.18.200 - - [10/Jan/2025:00:55:39 +0100] "GET /ticket2/opencms/is/buy?page=1&edid=2197E523-8740-2A01-BD5D-12E3C3F2DBFE HTTP/1.1" 200 113146
47.128.18.200 - - [10/Jan/2025:00:55:40 +0100] "GET /ticket2/opencms/venue/Tottanham_Hotspur_Stadium.png HTTP/1.1" 200 43726
94.23.203.86 - - [10/Jan/2025:00:55:41 +0100] "GET /ticket2/opencms/sv/login/?edid=461BF5DE-D197-0535-AD1D-670247DE9844 HTTP/1.1" 200 90659
47.128.18.200 - - [10/Jan/2025:00:55:41 +0100] "GET /ticket2/opencms/is/ask-form.html HTTP/1.1" 200 3156
65.21.113.194 - - [10/Jan/2025:00:55:43 +0100] "GET /ticket2/opencms/sv/buy/?page=1&edid=1F5DDBE6-23AB-F5E5-34B5-37D25394F454 HTTP/1.1" 200 118751
65.21.113.194 - - [10/Jan/2025:00:55:47 +0100] "GET /ticket2/opencms/sv/buy/?page=1&edid=2000B814-5798-93BD-839A-CF4F349DB54F HTTP/1.1" 200 121583
65.21.113.194 - - [10/Jan/2025:00:55:51 +0100] "GET /ticket2/opencms/sv/buy/?page=1&edid=2002154A-0979-63C2-6DA2-C28E7B6E108E HTTP/1.1" 200 111992
185.191.171.1 - - [10/Jan/2025:00:55:55 +0100] "GET /ticket2/opencms/sv/sport/fotbollsbiljetter/la_liga/ HTTP/1.1" 200 96564
65.21.113.194 - - [10/Jan/2025:00:55:56 +0100] "GET /ticket2/opencms/sv/buy/?page=1&edid=20146FB3-A7AB-AA61-9E1A-7C70A530633D HTTP/1.1" 200 125438
94.23.203.86 - - [10/Jan/2025:00:55:56 +0100] "GET /ticket2/opencms/sv/login/?edid=B459D4AC-6CA8-D8BF-73CF-7E8267472403 HTTP/1.1" 200 90671
85.208.96.199 - - [10/Jan/2025:00:55:57 +0100] "GET /ticket2/opencms/sl/magazine/article?title=erling-braut-haaland HTTP/1.1" 200 92637
65.21.113.194 - - [10/Jan/2025:00:56:00 +0100] "GET /ticket2/opencms/sv/buy/?page=1&edid=206775FB-5EFC-40BC-11F8-888FF769B2A9 HTTP/1.1" 200 121586
185.191.171.9 - - [10/Jan/2025:00:56:04 +0100] "GET /ticket2/opencms/nl/magazine/article?title=de-lijst-van-genomineerden-voor-de-ballon-dor HTTP/1.1" 200 92601
65.21.113.194 - - [10/Jan/2025:00:56:05 +0100] "GET /ticket2/opencms/sv/buy/?page=1&edid=21B44A76-F6AD-9457-4190-937757888EEA HTTP/1.1" 200 114705
85.208.96.200 - - [10/Jan/2025:00:56:08 +0100] "GET /ticket2/opencms/hr/magazine/article?title=chelsea-protiv-tottenhama-2-0 HTTP/1.1" 200 93131
65.21.113.194 - - [10/Jan/2025:00:56:09 +0100] "GET /ticket2/opencms/sv/buy/?page=1&edid=21D2AFB5-938E-EEAC-97B2-16852695CE24 HTTP/1.1" 200 108743
157.55.39.6 - - [10/Jan/2025:00:56:10 +0100] "GET /ticket2/opencms/tr/magazine/article?title=premier-lig-transfer-penceresinin-en-ilginc-transferleri HTTP/1.1" 200 95117
65.21.113.194 - - [10/Jan/2025:00:56:14 +0100] "GET /ticket2/opencms/sv/buy/?page=1&edid=24655ACD-2857-6493-1E75-CE7F2FE875D2 HTTP/1.1" 200 121570
94.23.203.86 - - [10/Jan/2025:00:56:18 +0100] "GET /ticket2/opencms/sv/login/?edid=C5B6D10C-C98E-8FC6-FCF8-321DA7B1AA92 HTTP/1.1" 200 90663
65.21.113.194 - - [10/Jan/2025:00:56:19 +0100] "GET /ticket2/opencms/sv/buy/?page=1&edid=24658CB7-0503-4139-A73F-444B9F961692 HTTP/1.1" 200 108674
185.191.171.9 - - [10/Jan/2025:00:56:20 +0100] "GET /ticket2/opencms/nl/magazine/article?title=voetbal HTTP/1.1" 200 91824
54.36.149.60 - - [10/Jan/2025:00:56:24 +0100] "GET /ticket2/opencms/pl/buy?page=1&edid=D3AB0CA8-3C40-1AB9-8BEC-7D01F349EB4E HTTP/1.1" 200 137364
47.128.120.212 - - [10/Jan/2025:00:56:25 +0100] "GET /ticket2/opencms/ga/buy/?edid=2F89DE74-66D3-F2EE-BBA0-20A3C149309A HTTP/1.1" 200 92785
202.8.42.253 - - [10/Jan/2025:00:56:25 +0100] "GET /ticket2/opencms/system/modules/com.gridnine.opencms.ticketbrokerage.site/resources/css/calendar.css HTTP/1.1" 200 6871
202.8.42.253 - - [10/Jan/2025:00:56:25 +0100] "GET /ticket2/opencms/system/modules/com.gridnine.opencms.ticketbrokerage.site/resources/css/jquery.fancybox.css HTTP/1.1" 200 4939
202.8.42.253 - - [10/Jan/2025:00:56:25 +0100] "GET /ticket2/opencms/system/modules/com.gridnine.opencms.ticketbrokerage.site/resources/css/jquery-ui.css HTTP/1.1" 200 33221
202.8.42.253 - - [10/Jan/2025:00:56:25 +0100] "GET /ticket2/opencms/system/modules/com.gridnine.opencms.ticketbrokerage.site/resources/css/ticketbrokerage.css HTTP/1.1" 200 39339
202.8.42.253 - - [10/Jan/2025:00:56:25 +0100] "GET /ticket2/opencms/system/modules/com.gridnine.opencms.ticketbrokerage.site/resources/css/standard.css HTTP/1.1" 200 73081
202.8.42.253 - - [10/Jan/2025:00:56:25 +0100] "GET /ticket2/opencms/system/modules/com.gridnine.opencms.ticketbrokerage.site/resources/js/jquery/jquery.js HTTP/1.1" 200 93868
202.8.42.253 - - [10/Jan/2025:00:56:25 +0100] "GET /ticket2/opencms/system/modules/com.gridnine.opencms.ticketbrokerage.site/resources/js/jquery/jquery-ui.js HTTP/1.1" 200 228088
202.8.42.253 - - [10/Jan/2025:00:56:25 +0100] "GET /ticket2/opencms/system/modules/com.gridnine.opencms.ticketbrokerage.site/resources/js/functions.js HTTP/1.1" 200 1583
202.8.42.253 - - [10/Jan/2025:00:56:25 +0100] "GET /ticket2/opencms/system/modules/com.gridnine.opencms.ticketbrokerage.site/resources/js/calendar-setup.js HTTP/1.1" 200 4923
202.8.42.253 - - [10/Jan/2025:00:56:25 +0100] "GET /ticket2/opencms/system/modules/com.gridnine.opencms.ticketbrokerage.site/resources/js/calendar.js HTTP/1.1" 200 49229
202.8.42.253 - - [10/Jan/2025:00:56:25 +0100] "GET /ticket2/opencms/system/modules/com.gridnine.opencms.ticketbrokerage.site/resources/js/calendar-en.js HTTP/1.1" 200 3338
202.8.42.253 - - [10/Jan/2025:00:56:25 +0100] "GET /ticket2/opencms/system/modules/com.gridnine.opencms.ticketbrokerage.site/resources/js/stickyfill.min.js HTTP/1.1" 200 5672
202.8.42.253 - - [10/Jan/2025:00:56:25 +0100] "GET /ticket2/opencms/system/modules/com.gridnine.opencms.ticketbrokerage.site/resources/js/jquery.fancybox.pack.js HTTP/1.1" 200 23187
202.8.42.253 - - [10/Jan/2025:00:56:25 +0100] "GET /ticket2/opencms/system/modules/com.gridnine.opencms.ticketbrokerage.site/resources/js/standard.js HTTP/1.1" 200 3978
202.8.42.253 - - [10/Jan/2025:00:56:25 +0100] "GET /ticket2/opencms/system/modules/com.gridnine.opencms.ticketbrokerage.site/resources/js/jquery.placeholder.min.js HTTP/1.1" 200 1737
202.8.42.253 - - [10/Jan/2025:00:56:25 +0100] "GET /ticket2/opencms/system/modules/com.gridnine.opencms.ticketbrokerage.site/resources/js/common-ajax.js HTTP/1.1" 200 20175
202.8.42.253 - - [10/Jan/2025:00:56:25 +0100] "GET /ticket2/opencms/pl/ask-form.html HTTP/1.1" 200 3156
202.8.42.253 - - [10/Jan/2025:00:56:25 +0100] "GET /ticket2/opencms/pl/ask-form.html HTTP/1.1" 200 3156
202.8.42.253 - - [10/Jan/2025:00:56:25 +0100] "GET /ticket2/opencms/system/modules/com.gridnine.opencms.ticketbrokerage.site/resources/css/ticketbrokerage.css HTTP/1.1" 200 39339
65.21.113.194 - - [10/Jan/2025:00:56:31 +0100] "GET /ticket2/opencms/sv/buy/?page=1&edid=24A843F5-AE99-1BDD-5A34-93381BE14187 HTTP/1.1" 200 114728
185.191.171.13 - - [10/Jan/2025:00:56:33 +0100] "GET /ticket2/opencms/sk/magazine/article?title=jude-bellingham HTTP/1.1" 200 92526
94.23.203.86 - - [10/Jan/2025:00:56:34 +0100] "GET /ticket2/opencms/sv/login/?edid=C7960F2A-CA8B-3E2B-B6ED-76225840381B HTTP/1.1" 200 90672
114.119.154.81 - - [10/Jan/2025:00:56:39 +0100] "GET /ticket2/opencms/en/venue/?venueid=F01492AB-E24E-0642-65F1-7BCAAE719FAD HTTP/1.1" 200 84976
114.119.148.14 - - [10/Jan/2025:00:56:39 +0100] "GET /ticket2/opencms/en/venue/?venueid=9BA11813-1BA7-6819-B15A-123C5E3D834D HTTP/1.1" 200 84987
66.249.64.130 - - [10/Jan/2025:00:56:40 +0100] "GET /ticket2/opencms/nl/magazine/article?title=jurgen-klopp-verlaat-liverpool-een-succesverhaal-op-anfield HTTP/1.1" 200 93782
157.55.39.196 - - [10/Jan/2025:00:56:40 +0100] "GET /ticket2/opencms/ka/buy?page=1&edid=B6792C71-3777-835A-6A12-E2C6ABE580AB HTTP/1.1" 200 118984
65.21.113.194 - - [10/Jan/2025:00:56:44 +0100] "GET /ticket2/opencms/robots.txt HTTP/1.1" 200 773
65.21.113.194 - - [10/Jan/2025:00:56:44 +0100] "GET /ticket2/opencms/sv/buy/?page=1&edid=2623FB3F-281B-22C8-3425-BF900A46AC08 HTTP/1.1" 200 108658
65.21.113.194 - - [10/Jan/2025:00:56:51 +0100] "GET /ticket2/opencms/sv/buy/?page=1&edid=273354A2-650C-3851-1A58-3030AE27555E HTTP/1.1" 200 108711
94.23.203.86 - - [10/Jan/2025:00:56:51 +0100] "GET /ticket2/opencms/sv/login/?edid=C7DE54F7-2B3F-EDB1-E01F-4C2E6464E665 HTTP/1.1" 200 90657
52.167.144.218 - - [10/Jan/2025:00:56:52 +0100] "GET /ticket2/opencms/hu/buy?page=6&comcatid=97ECA65A-72DA-F9AF-9DBB-245D3CFED1BE&catid=F4D223A4-C027-46DC-3DE5-726A23E30A62 HTTP/1.1" 200 6410
85.208.96.206 - - [10/Jan/2025:00:56:52 +0100] "GET /ticket2/opencms/dk/magazine/article?title=thomas-tuchel-bliver-englands-nye-landstraener HTTP/1.1" 200 91993
85.208.96.193 - - [10/Jan/2025:00:56:55 +0100] "GET /ticket2/opencms/sk/magazine/article?title=buducnost-technologie-vo-futbale HTTP/1.1" 200 95506
66.249.64.130 - - [10/Jan/2025:00:56:55 +0100] "GET /ticket2/opencms/az/magazine/article?title=petas-kilian-mbappe HTTP/1.1" 200 92650
65.21.113.194 - - [10/Jan/2025:00:57:02 +0100] "GET /ticket2/opencms/sv/buy/?page=1&edid=28603009-1BBB-6024-D289-76A34CC16DB3 HTTP/1.1" 200 112021
94.23.203.86 - - [10/Jan/2025:00:57:03 +0100] "GET /ticket2/opencms/sv/login/?edid=C844DE58-F0CA-2564-7F6D-C9762E669426 HTTP/1.1" 200 90657
65.21.113.194 - - [10/Jan/2025:00:57:14 +0100] "GET /ticket2/opencms/sv/buy/?page=1&edid=2887ECB1-AF21-0A67-0C3C-54D013C4C3B1 HTTP/1.1" 200 108675
114.119.150.22 - - [10/Jan/2025:00:57:14 +0100] "GET /ticket2/opencms/en/buy/?page=1&=2B44308E-1778-CFAE-7385-18758823F6EB HTTP/1.1" 200 6507
94.23.203.86 - - [10/Jan/2025:00:57:18 +0100] "GET /ticket2/opencms/sv/login/?edid=D80743E0-8285-D4ED-834A-4A12B7A12415 HTTP/1.1" 200 90668
185.191.171.1 - - [10/Jan/2025:00:57:20 +0100] "GET /ticket2/opencms/fi/magazine/article?title=chelsea-fanit-reagoivat-turhautuneena HTTP/1.1" 200 92989
65.21.113.194 - - [10/Jan/2025:00:57:26 +0100] "GET /ticket2/opencms/sv/buy/?page=1&edid=2ACCB388-CC5F-1368-2FF5-1F1630B8D295 HTTP/1.1" 200 118266
157.55.39.196 - - [10/Jan/2025:00:57:29 +0100] "GET /ticket2/opencms/nl/buy?page=1&edid=E8FB6514-EFD8-EB72-BE17-25BC8A0EBD80 HTTP/1.1" 200 110717
94.23.203.86 - - [10/Jan/2025:00:57:30 +0100] "GET /ticket2/opencms/sv/login/?edid=D9257C26-0B9E-2D6D-F356-D4A6183F3425 HTTP/1.1" 200 90640
85.208.96.208 - - [10/Jan/2025:00:57:31 +0100] "GET /ticket2/opencms/nl/magazine/article?title=nachtmerrrie-voor-manchester-city HTTP/1.1" 200 92306
52.167.144.218 - - [10/Jan/2025:00:57:32 +0100] "GET /ticket2/opencms/bg/?page=6&comcatid=B41CCF2B-5558-7AEE-3602-09BBDE417D65 HTTP/1.1" 200 102582
54.36.149.52 - - [10/Jan/2025:00:57:32 +0100] "GET /ticket2/opencms/lt/buy?page=1&edid=D3AB0CA8-3C40-1AB9-8BEC-7D01F349EB4E HTTP/1.1" 200 137634
207.46.13.18 - - [10/Jan/2025:00:57:32 +0100] "GET /ticket2/opencms/nl/magazine/article?title=newcastle HTTP/1.1" 200 88345
202.8.41.53 - - [10/Jan/2025:00:57:33 +0100] "GET /ticket2/opencms/system/modules/com.gridnine.opencms.ticketbrokerage.site/resources/css/calendar.css HTTP/1.1" 200 6871
202.8.41.53 - - [10/Jan/2025:00:57:33 +0100] "GET /ticket2/opencms/system/modules/com.gridnine.opencms.ticketbrokerage.site/resources/css/ticketbrokerage.css HTTP/1.1" 200 39339
202.8.41.53 - - [10/Jan/2025:00:57:33 +0100] "GET /ticket2/opencms/system/modules/com.gridnine.opencms.ticketbrokerage.site/resources/css/jquery-ui.css HTTP/1.1" 200 33221
202.8.41.53 - - [10/Jan/2025:00:57:33 +0100] "GET /ticket2/opencms/system/modules/com.gridnine.opencms.ticketbrokerage.site/resources/css/standard.css HTTP/1.1" 200 73081
202.8.41.53 - - [10/Jan/2025:00:57:33 +0100] "GET /ticket2/opencms/system/modules/com.gridnine.opencms.ticketbrokerage.site/resources/css/jquery.fancybox.css HTTP/1.1" 200 4939
202.8.41.53 - - [10/Jan/2025:00:57:33 +0100] "GET /ticket2/opencms/system/modules/com.gridnine.opencms.ticketbrokerage.site/resources/js/jquery/jquery-ui.js HTTP/1.1" 200 228088
202.8.41.53 - - [10/Jan/2025:00:57:33 +0100] "GET /ticket2/opencms/system/modules/com.gridnine.opencms.ticketbrokerage.site/resources/js/functions.js HTTP/1.1" 200 1583
202.8.41.53 - - [10/Jan/2025:00:57:33 +0100] "GET /ticket2/opencms/system/modules/com.gridnine.opencms.ticketbrokerage.site/resources/js/calendar-en.js HTTP/1.1" 200 3338
202.8.41.53 - - [10/Jan/2025:00:57:33 +0100] "GET /ticket2/opencms/system/modules/com.gridnine.opencms.ticketbrokerage.site/resources/js/jquery.fancybox.pack.js HTTP/1.1" 200 23187
202.8.41.53 - - [10/Jan/2025:00:57:33 +0100] "GET /ticket2/opencms/system/modules/com.gridnine.opencms.ticketbrokerage.site/resources/js/calendar-setup.js HTTP/1.1" 200 4923
202.8.41.53 - - [10/Jan/2025:00:57:33 +0100] "GET /ticket2/opencms/system/modules/com.gridnine.opencms.ticketbrokerage.site/resources/js/calendar.js HTTP/1.1" 200 49229
202.8.41.53 - - [10/Jan/2025:00:57:33 +0100] "GET /ticket2/opencms/system/modules/com.gridnine.opencms.ticketbrokerage.site/resources/js/stickyfill.min.js HTTP/1.1" 200 5672
202.8.41.53 - - [10/Jan/2025:00:57:33 +0100] "GET /ticket2/opencms/system/modules/com.gridnine.opencms.ticketbrokerage.site/resources/js/standard.js HTTP/1.1" 200 3978
