193.70.81.110 - - [10/Jan/2025:01:44:13 +0100] "GET /ticket2/opencms/mt/buy/?page=1&edid=39289D35-63FA-63A2-5B00-1BD8BF9346B7 HTTP/1.1" 200 112740
47.128.99.9 - - [10/Jan/2025:01:44:14 +0100] "GET /ticket2/opencms/system/modules/com.gridnine.opencms.ticketbrokerage.site/resources/pics/footer-img.jpg HTTP/1.1" 200 67642
47.128.99.9 - - [10/Jan/2025:01:44:14 +0100] "GET /ticket2/opencms/img/arrow.png HTTP/1.1" 200 753
217.182.175.120 - - [10/Jan/2025:01:44:15 +0100] "GET /ticket2/opencms/en/buy/?page=1&edid=610DF567-85B0-E3A6-D581-BF1998D73A30&sortorder=asc&column=section HTTP/1.1" 200 113770
193.70.81.110 - - [10/Jan/2025:01:44:15 +0100] "GET /ticket2/opencms/mt/buy/?page=1&edid=399418E8-6E3D-931D-332C-421F255BE54B HTTP/1.1" 200 113385
193.70.81.110 - - [10/Jan/2025:01:44:17 +0100] "GET /ticket2/opencms/mt/buy/?page=1&edid=39F65111-2D6B-8CCA-6356-10B703EAE091 HTTP/1.1" 200 110021
193.70.81.110 - - [10/Jan/2025:01:44:19 +0100] "GET /ticket2/opencms/mt/buy/?page=1&edid=3DBC817B-58FA-AA1C-2983-B86016C9BCF9 HTTP/1.1" 200 110049
193.70.81.110 - - [10/Jan/2025:01:44:21 +0100] "GET /ticket2/opencms/mt/buy/?page=1&edid=3EACF9E2-ABC6-108D-E866-9803A85B9A14 HTTP/1.1" 200 109388
217.182.175.120 - - [10/Jan/2025:01:44:22 +0100] "GET /ticket2/opencms/en/buy/?page=1&edid=6148A2B2-D232-D389-97F0-A33D279676EB&sortorder=asc&column=section HTTP/1.1" 200 113346
193.70.81.110 - - [10/Jan/2025:01:44:22 +0100] "GET /ticket2/opencms/mt/buy/?page=1&edid=3EE40B04-362D-C903-589C-1E4175AF5083 HTTP/1.1" 200 110049
65.21.113.194 - - [10/Jan/2025:01:44:23 +0100] "GET /ticket2/opencms/sv/buy?page=1&edid=F9CBDA74-1975-ACB0-9F7B-F63B7B1D5539 HTTP/1.1" 200 111122
193.70.81.110 - - [10/Jan/2025:01:44:24 +0100] "GET /ticket2/opencms/mt/buy/?page=1&edid=4014222D-402E-25E3-0225-E4402DF849A6 HTTP/1.1" 200 113146
193.70.81.110 - - [10/Jan/2025:01:44:26 +0100] "GET /ticket2/opencms/mt/buy/?page=1&edid=434B3C2D-9CD8-AFEA-B58E-B738E272C6E3 HTTP/1.1" 200 110116
65.21.113.194 - - [10/Jan/2025:01:44:27 +0100] "GET /ticket2/opencms/sv/buy?page=1&edid=FEE25E36-04D3-46C8-6D56-05013D91539C HTTP/1.1" 200 108768
193.70.81.110 - - [10/Jan/2025:01:44:28 +0100] "GET /ticket2/opencms/mt/buy/?page=1&edid=43648EFF-F203-5C8B-C74A-806DA7871A83 HTTP/1.1" 200 113854
217.182.175.120 - - [10/Jan/2025:01:44:28 +0100] "GET /ticket2/opencms/en/buy/?page=1&edid=61A920BB-7501-6BA5-BF61-F395A116E7BC&sortorder=asc&column=price HTTP/1.1" 200 109884
85.208.96.199 - - [10/Jan/2025:01:44:29 +0100] "GET /ticket2/opencms/sv/sport/fotbollsbiljetter/bundesliga/wolfsburg/ HTTP/1.1" 200 93159
185.191.171.5 - - [10/Jan/2025:01:44:29 +0100] "GET /ticket2/opencms/de/magazine/article?title=ruben-amorim-wurde-neuer-trainer-von-manchester-united HTTP/1.1" 200 92994
193.70.81.110 - - [10/Jan/2025:01:44:30 +0100] "GET /ticket2/opencms/mt/buy/?page=1&edid=46DDC203-41AB-936F-F42F-3447B1C39BFC HTTP/1.1" 200 112236
157.55.39.9 - - [10/Jan/2025:01:44:30 +0100] "GET /ticket2/opencms/bs/buy/?page=1&edid=AD14D102-9A59-3E48-721F-B8412449464B HTTP/1.1" 200 111823
65.21.113.194 - - [10/Jan/2025:01:44:31 +0100] "GET /ticket2/opencms/sv/buy?page=1&edidB12376C6-BA7F-3D61-F970-EF51106430AB HTTP/1.1" 200 6507
193.70.81.110 - - [10/Jan/2025:01:44:32 +0100] "GET /ticket2/opencms/mt/buy/?page=1&edid=46ED3103-DE6B-A6DD-76D4-FB2A3432E453 HTTP/1.1" 200 112825
193.70.81.110 - - [10/Jan/2025:01:44:35 +0100] "GET /ticket2/opencms/mt/buy/?page=1&edid=4800554E-FCD8-CA52-DDBF-1B3255DB288E HTTP/1.1" 200 113619
217.182.175.120 - - [10/Jan/2025:01:44:35 +0100] "GET /ticket2/opencms/en/buy/?page=1&edid=61A920BB-7501-6BA5-BF61-F395A116E7BC&sortorder=asc&column=section HTTP/1.1" 200 110002
65.21.113.194 - - [10/Jan/2025:01:44:35 +0100] "GET /ticket2/opencms/sv/buy?page=1&edidBDF141E0-5E55-1E49-4955-1BD69DA544CA HTTP/1.1" 200 6507
85.208.96.212 - - [10/Jan/2025:01:44:36 +0100] "GET /ticket2/opencms/pl/magazine/article?title=o-arsenal-fc HTTP/1.1" 200 93074
193.70.81.110 - - [10/Jan/2025:01:44:37 +0100] "GET /ticket2/opencms/mt/buy/?page=1&edid=48068E02-4FA3-02E2-3D63-5475325BD481 HTTP/1.1" 200 110096
47.128.63.204 - - [10/Jan/2025:01:44:38 +0100] "GET /ticket2/opencms/cs/buy/?edid=0EEA539C-CE62-5C9B-1748-3C47F0459AFF HTTP/1.1" 200 92676
193.70.81.110 - - [10/Jan/2025:01:44:39 +0100] "GET /ticket2/opencms/mt/buy/?page=1&edid=489B0CEB-113D-2614-E16B-9EAAADCDC906 HTTP/1.1" 200 112383
65.21.113.194 - - [10/Jan/2025:01:44:39 +0100] "GET /ticket2/opencms/sv/buy?page=1&edidBEA9D3E5-A93E-146C-1904-24495F6A8B39 HTTP/1.1" 200 6507
193.70.81.110 - - [10/Jan/2025:01:44:41 +0100] "GET /ticket2/opencms/mt/buy/?page=1&edid=496CD62B-3F1C-D34A-3597-57C5C053F18F HTTP/1.1" 200 122454
54.36.148.158 - - [10/Jan/2025:01:44:41 +0100] "GET /ticket2/opencms/it/buy?page=1&edid=5CF6EA2B-2B90-CEA1-959D-43D59F6F27D8 HTTP/1.1" 200 109340
202.8.41.130 - - [10/Jan/2025:01:44:43 +0100] "GET /ticket2/opencms/system/modules/com.gridnine.opencms.ticketbrokerage.site/resources/css/jquery.fancybox.css HTTP/1.1" 200 4939
202.8.41.130 - - [10/Jan/2025:01:44:43 +0100] "GET /ticket2/opencms/system/modules/com.gridnine.opencms.ticketbrokerage.site/resources/css/ticketbrokerage.css HTTP/1.1" 200 39339
202.8.41.130 - - [10/Jan/2025:01:44:43 +0100] "GET /ticket2/opencms/system/modules/com.gridnine.opencms.ticketbrokerage.site/resources/css/standard.css HTTP/1.1" 200 73081
202.8.41.130 - - [10/Jan/2025:01:44:43 +0100] "GET /ticket2/opencms/system/modules/com.gridnine.opencms.ticketbrokerage.site/resources/css/jquery-ui.css HTTP/1.1" 200 33221
202.8.41.130 - - [10/Jan/2025:01:44:43 +0100] "GET /ticket2/opencms/system/modules/com.gridnine.opencms.ticketbrokerage.site/resources/css/calendar.css HTTP/1.1" 200 6871
202.8.41.130 - - [10/Jan/2025:01:44:43 +0100] "GET /ticket2/opencms/system/modules/com.gridnine.opencms.ticketbrokerage.site/resources/js/jquery/jquery.js HTTP/1.1" 200 93868
185.191.171.15 - - [10/Jan/2025:01:44:43 +0100] "GET /ticket2/opencms/fi/magazine/article?title=chelsea HTTP/1.1" 200 94386
217.182.175.120 - - [10/Jan/2025:01:44:43 +0100] "GET /ticket2/opencms/en/buy/?page=1&edid=61A920BB-7501-6BA5-BF61-F395A116E7BC&sortorder=desc&column=section HTTP/1.1" 200 110102
202.8.41.130 - - [10/Jan/2025:01:44:43 +0100] "GET /ticket2/opencms/system/modules/com.gridnine.opencms.ticketbrokerage.site/resources/js/jquery/jquery-ui.js HTTP/1.1" 200 228088
202.8.41.130 - - [10/Jan/2025:01:44:43 +0100] "GET /ticket2/opencms/system/modules/com.gridnine.opencms.ticketbrokerage.site/resources/js/functions.js HTTP/1.1" 200 1583
202.8.41.130 - - [10/Jan/2025:01:44:43 +0100] "GET /ticket2/opencms/system/modules/com.gridnine.opencms.ticketbrokerage.site/resources/js/calendar.js HTTP/1.1" 200 49229
202.8.41.130 - - [10/Jan/2025:01:44:43 +0100] "GET /ticket2/opencms/system/modules/com.gridnine.opencms.ticketbrokerage.site/resources/js/calendar-en.js HTTP/1.1" 200 3338
202.8.41.130 - - [10/Jan/2025:01:44:43 +0100] "GET /ticket2/opencms/system/modules/com.gridnine.opencms.ticketbrokerage.site/resources/js/calendar-setup.js HTTP/1.1" 200 4923
202.8.41.130 - - [10/Jan/2025:01:44:43 +0100] "GET /ticket2/opencms/system/modules/com.gridnine.opencms.ticketbrokerage.site/resources/js/jquery.fancybox.pack.js HTTP/1.1" 200 23187
202.8.41.130 - - [10/Jan/2025:01:44:43 +0100] "GET /ticket2/opencms/system/modules/com.gridnine.opencms.ticketbrokerage.site/resources/js/stickyfill.min.js HTTP/1.1" 200 5672
202.8.41.130 - - [10/Jan/2025:01:44:43 +0100] "GET /ticket2/opencms/system/modules/com.gridnine.opencms.ticketbrokerage.site/resources/js/standard.js HTTP/1.1" 200 3978
202.8.41.130 - - [10/Jan/2025:01:44:43 +0100] "GET /ticket2/opencms/system/modules/com.gridnine.opencms.ticketbrokerage.site/resources/js/jquery.placeholder.min.js HTTP/1.1" 200 1737
65.21.113.194 - - [10/Jan/2025:01:44:43 +0100] "GET /ticket2/opencms/sv/buy?page=1&edidD3AB0CA8-3C40-1AB9-8BEC-7D01F349EB4E HTTP/1.1" 200 6507
202.8.41.130 - - [10/Jan/2025:01:44:43 +0100] "GET /ticket2/opencms/system/modules/com.gridnine.opencms.ticketbrokerage.site/resources/js/common-ajax.js HTTP/1.1" 200 20175
193.70.81.110 - - [10/Jan/2025:01:44:43 +0100] "GET /ticket2/opencms/mt/buy/?page=1&edid=4B1D3147-0626-1199-3684-B75D2E6533A2 HTTP/1.1" 200 110049
202.8.41.130 - - [10/Jan/2025:01:44:43 +0100] "GET /ticket2/opencms/it/ask-form.html HTTP/1.1" 200 3156
202.8.41.130 - - [10/Jan/2025:01:44:43 +0100] "GET /ticket2/opencms/it/ask-form.html HTTP/1.1" 200 3156
202.8.41.130 - - [10/Jan/2025:01:44:43 +0100] "GET /ticket2/opencms/system/modules/com.gridnine.opencms.ticketbrokerage.site/resources/css/ticketbrokerage.css HTTP/1.1" 200 39339
207.46.13.151 - - [10/Jan/2025:01:44:44 +0100] "GET /ticket2/opencms/mo/magazine/article?title=emirates-stadium HTTP/1.1" 200 96004
193.70.81.110 - - [10/Jan/2025:01:44:45 +0100] "GET /ticket2/opencms/mt/buy/?page=1&edid=4B89AA06-472F-50BD-2557-E83252BE3048 HTTP/1.1" 200 110051
185.191.171.12 - - [10/Jan/2025:01:44:46 +0100] "GET /ticket2/opencms/nl/magazine/article?title=nederland-vs-engeland-in-de-halve-finale HTTP/1.1" 200 93441
193.70.81.110 - - [10/Jan/2025:01:44:47 +0100] "GET /ticket2/opencms/mt/buy/?page=1&edid=4BA78F1B-E48D-30C2-5D4F-CB6F294B5082 HTTP/1.1" 200 112450
65.21.113.194 - - [10/Jan/2025:01:44:47 +0100] "GET /ticket2/opencms/sv/buy?page=1&edidD9F2239E-EF6A-EAF8-CB00-12A5392DA498 HTTP/1.1" 200 6507
185.191.171.13 - - [10/Jan/2025:01:44:48 +0100] "GET /ticket2/opencms/dk/magazine/article?title=bergvall-og-kulusevski-imponerer HTTP/1.1" 200 92854
217.182.175.120 - - [10/Jan/2025:01:44:49 +0100] "GET /ticket2/opencms/en/buy/?page=1&edid=61C23625-4DC8-71C0-2E4C-7B57A56D449E HTTP/1.1" 200 109109
193.70.81.110 - - [10/Jan/2025:01:44:49 +0100] "GET /ticket2/opencms/mt/buy/?page=1&edid=4CC7453F-C63E-6008-8856-0A2D44DEDEAD HTTP/1.1" 200 110019
65.21.113.194 - - [10/Jan/2025:01:44:51 +0100] "GET /ticket2/opencms/sv/buy?page=1&edidE11E1E12-66BC-E0C5-F313-3E777C16F760 HTTP/1.1" 200 6507
193.70.81.110 - - [10/Jan/2025:01:44:51 +0100] "GET /ticket2/opencms/mt/buy/?page=1&edid=4D294C0A-8C1C-4A83-BF3D-F12FF4C4C095 HTTP/1.1" 200 110066
193.70.81.110 - - [10/Jan/2025:01:44:53 +0100] "GET /ticket2/opencms/mt/buy/?page=1&edid=4E121EC7-87EA-ACE7-3E61-53A747B52A04 HTTP/1.1" 200 109376
217.182.175.120 - - [10/Jan/2025:01:44:54 +0100] "GET /ticket2/opencms/en/buy/?page=1&edid=61E71578-689B-B247-38A0-8B93EBFFC4CC&sortorder=desc&column=price HTTP/1.1" 200 113187
65.21.113.194 - - [10/Jan/2025:01:44:56 +0100] "GET /ticket2/opencms/sv/buy?page=1&edidF7660972-1F1F-59FF-1410-FAEC9F9D74B8 HTTP/1.1" 200 6507
193.70.81.110 - - [10/Jan/2025:01:44:56 +0100] "GET /ticket2/opencms/mt/buy/?page=1&edid=4E3FD371-418F-2707-0FE4-F6E7006C81F9 HTTP/1.1" 200 112188
207.46.13.83 - - [10/Jan/2025:01:44:58 +0100] "GET /ticket2/opencms/bg/login/ HTTP/1.1" 200 92158
193.70.81.110 - - [10/Jan/2025:01:44:58 +0100] "GET /ticket2/opencms/mt/buy/?page=1&edid=5066B61F-02EE-32E6-4312-320F42EFA97E HTTP/1.1" 200 113477
185.191.171.7 - - [10/Jan/2025:01:44:59 +0100] "GET /ticket2/opencms/fi/magazine/article?title=declan-rice HTTP/1.1" 200 93177
193.70.81.110 - - [10/Jan/2025:01:45:00 +0100] "GET /ticket2/opencms/mt/buy/?page=1&edid=509FEEF0-A681-4182-A33B-D247D315C9CD HTTP/1.1" 200 113290
157.55.39.9 - - [10/Jan/2025:01:45:01 +0100] "GET /ticket2/opencms/ga/buy?page=6&comcatid=B41CCF2B-5558-7AEE-3602-09BBDE417D65&catid=A34BCF61-E19C-5C5C-445E-06F3749E1EF4 HTTP/1.1" 200 6410
65.21.113.194 - - [10/Jan/2025:01:45:01 +0100] "GET /ticket2/opencms/sv/buy_safety/leverans/ HTTP/1.1" 200 86875
114.119.157.112 - - [10/Jan/2025:01:45:01 +0100] "GET /ticket2/opencms/en/buy/?page=1&edid=B640AD0F-A431-B9B5-5584-242D23E4F6FB HTTP/1.1" 200 107954
66.249.64.130 - - [10/Jan/2025:01:45:02 +0100] "GET /ticket2/opencms/fr/buy?page=1&edid=E9A36455-AEA7-B86C-20AA-DBAA963F875E&hlv=66868984-c704-42b6-a29e-18d40a01000f HTTP/1.1" 200 115687
217.182.175.120 - - [10/Jan/2025:01:45:02 +0100] "GET /ticket2/opencms/en/buy/?page=1&edid=62609C30-7BA6-57E0-FB27-59BBE9048E9D HTTP/1.1" 200 111785
193.70.81.110 - - [10/Jan/2025:01:45:02 +0100] "GET /ticket2/opencms/mt/buy/?page=1&edid=511F4D14-32A6-951A-CF83-6CDB1707BEA4 HTTP/1.1" 200 110006
193.70.81.110 - - [10/Jan/2025:01:45:05 +0100] "GET /ticket2/opencms/mt/buy/?page=1&edid=527D0B62-C497-70C6-CDAB-CB9B8D10FFA6 HTTP/1.1" 200 110072
193.70.81.110 - - [10/Jan/2025:01:45:07 +0100] "GET /ticket2/opencms/mt/buy/?page=1&edid=54477DFC-A823-7169-8BE6-7FEB2AAE61EA HTTP/1.1" 200 114043
65.21.113.194 - - [10/Jan/2025:01:45:07 +0100] "GET /ticket2/opencms/sv/customer_testimonials/ HTTP/1.1" 200 85029
217.182.175.120 - - [10/Jan/2025:01:45:09 +0100] "GET /ticket2/opencms/en/buy/?page=1&edid=62BE3192-E5CE-ECA4-48A4-F4D04C6999AF&sortorder=asc&column=price HTTP/1.1" 200 112229
193.70.81.110 - - [10/Jan/2025:01:45:09 +0100] "GET /ticket2/opencms/mt/buy/?page=1&edid=551618B5-3860-8837-909D-AC46BA2A0628 HTTP/1.1" 200 112727
65.21.113.194 - - [10/Jan/2025:01:45:11 +0100] "GET /ticket2/opencms/sv/login/?url=/fi/sell/ HTTP/1.1" 200 90739
193.70.81.110 - - [10/Jan/2025:01:45:12 +0100] "GET /ticket2/opencms/mt/buy/?page=1&edid=573FB22B-2B7E-CE20-BB1B-B3AE15AF0D11 HTTP/1.1" 200 113263
193.70.81.110 - - [10/Jan/2025:01:45:14 +0100] "GET /ticket2/opencms/mt/buy/?page=1&edid=57412838-C1A6-98A6-E9C0-312135C0092F HTTP/1.1" 200 110036
65.21.113.194 - - [10/Jan/2025:01:45:14 +0100] "GET /ticket2/opencms/sv/magazine/Arsenal%20slutade%20p%C3%A5%20andra%20plats%20i%20Premier%20League%20f%C3%B6r%20andra%20%C3%A5ret%20i%20rad,%20och%20vill%20nu%20ta%20nya%20tag. HTTP/1.1" 404 -
217.182.175.120 - - [10/Jan/2025:01:45:14 +0100] "GET /ticket2/opencms/en/buy/?page=1&edid=63A8A6EF-214B-02FC-498E-67A296EE3821&sortorder=asc&column=row HTTP/1.1" 200 111906
20.169.171.118 - - [10/Jan/2025:01:45:15 +0100] "GET /ticket2/opencms/venue/den.png HTTP/1.1" 200 209166
193.70.81.110 - - [10/Jan/2025:01:45:16 +0100] "GET /ticket2/opencms/mt/buy/?page=1&edid=5841328A-911D-5943-EBD4-7800C7848F54 HTTP/1.1" 200 113326
193.70.81.110 - - [10/Jan/2025:01:45:18 +0100] "GET /ticket2/opencms/mt/buy/?page=1&edid=5898EBC5-1500-259D-0A19-82B4AAC44697 HTTP/1.1" 200 110079
65.21.113.194 - - [10/Jan/2025:01:45:18 +0100] "GET /ticket2/opencms/sv/magazine/Liverpool HTTP/1.1" 404 -
20.169.171.118 - - [10/Jan/2025:01:45:18 +0100] "GET /ticket2/opencms/venue/emirates_stadium.png HTTP/1.1" 200 53537
193.70.81.110 - - [10/Jan/2025:01:45:20 +0100] "GET /ticket2/opencms/mt/buy/?page=1&edid=5AE1E1C5-B07B-6D50-8513-BCAC624C78CE HTTP/1.1" 200 110003
193.70.81.110 - - [10/Jan/2025:01:45:22 +0100] "GET /ticket2/opencms/mt/buy/?page=1&edid=5CA212A9-5EDB-CCAD-DF13-49AC99A9E66C HTTP/1.1" 200 111929
65.21.113.194 - - [10/Jan/2025:01:45:22 +0100] "GET /ticket2/opencms/sv/magazine/Liverpool%20FC%20tar%20emot%20Tottenham%20p%C3%A5%20Anfieled%202024-05-05 HTTP/1.1" 404 -
193.70.81.110 - - [10/Jan/2025:01:45:24 +0100] "GET /ticket2/opencms/mt/buy/?page=1&edid=5DE0E1FA-1A06-1735-F873-02CEFED6DB6A HTTP/1.1" 200 109998
65.21.113.194 - - [10/Jan/2025:01:45:25 +0100] "GET /ticket2/opencms/sv/magazine/Vanliga%20begrepp%20inom%20fotboll HTTP/1.1" 404 -
193.70.81.110 - - [10/Jan/2025:01:45:26 +0100] "GET /ticket2/opencms/mt/buy/?page=1&edid=5F15F12F-96FE-A0D6-26C4-28716D38AA1C HTTP/1.1" 200 110027
193.70.81.110 - - [10/Jan/2025:01:45:28 +0100] "GET /ticket2/opencms/mt/buy/?page=1&edid=61903C96-F8B6-482A-0523-00721D5B62AF HTTP/1.1" 200 110068
65.21.113.194 - - [10/Jan/2025:01:45:29 +0100] "GET /ticket2/opencms/sv/magazine/article?title=lionel-messi HTTP/1.1" 200 88034
193.70.81.110 - - [10/Jan/2025:01:45:30 +0100] "GET /ticket2/opencms/mt/buy/?page=1&edid=6212DF4D-4668-E736-5D5B-91D288A2C1AE HTTP/1.1" 200 110010
47.128.114.125 - - [10/Jan/2025:01:45:31 +0100] "GET /ticket2/opencms/uk/sport/kvytky-na-futbol/champions-league/arsenal HTTP/1.1" 404 -
47.128.26.23 - - [10/Jan/2025:01:45:31 +0100] "GET /ticket2/opencms/fi/selling_tickets/ HTTP/1.1" 200 87529
47.128.26.23 - - [10/Jan/2025:01:45:32 +0100] "GET /ticket2/opencms/system/modules/com.gridnine.opencms.ticketbrokerage.site/resources/pics/content/sell_tickets_fi.png HTTP/1.1" 200 17412
47.128.26.23 - - [10/Jan/2025:01:45:32 +0100] "GET /ticket2/opencms/system/modules/com.gridnine.opencms.ticketbrokerage.site/resources/css/images/event-banner.png HTTP/1.1" 404 -
193.70.81.110 - - [10/Jan/2025:01:45:32 +0100] "GET /ticket2/opencms/mt/buy/?page=1&edid=64A60FC5-9144-9005-5A1D-3785642C58BF HTTP/1.1" 200 113997
65.21.113.194 - - [10/Jan/2025:01:45:33 +0100] "GET /ticket2/opencms/sv/magazine/article?title=manchester-city HTTP/1.1" 200 87981
193.70.81.110 - - [10/Jan/2025:01:45:34 +0100] "GET /ticket2/opencms/mt/buy/?page=1&edid=65E7B63A-82AD-5350-7913-2D26A32C5940 HTTP/1.1" 200 112184
111.119.217.132 - - [10/Jan/2025:01:45:35 +0100] "GET /ticket2/opencms/sv/konsertbiljetter/rihanna/ HTTP/1.1" 200 87422
193.70.81.110 - - [10/Jan/2025:01:45:36 +0100] "GET /ticket2/opencms/mt/buy/?page=1&edid=6690BAE2-0BB2-2F72-0EFC-ADA3FDF70123 HTTP/1.1" 200 110003
65.21.113.194 - - [10/Jan/2025:01:45:37 +0100] "GET /ticket2/opencms/sv/magazine/article?title=nottingham-forest HTTP/1.1" 200 88077
193.70.81.110 - - [10/Jan/2025:01:45:38 +0100] "GET /ticket2/opencms/mt/buy/?page=1&edid=678EC144-6017-5CDC-9245-1F7DDAFF75F2 HTTP/1.1" 200 113241
66.249.89.68 - - [10/Jan/2025:01:45:38 +0100] "GET /ticket2/opencms/sv/sport/fotbollsbiljetter/la_liga/barcelona/restips_camp_nou/ HTTP/1.1" 200 91979
193.70.81.110 - - [10/Jan/2025:01:45:40 +0100] "GET /ticket2/opencms/mt/buy/?page=1&edid=6AEAF6C2-C57A-0447-5B0A-20959D8DCFDD HTTP/1.1" 200 113134
157.55.39.63 - - [10/Jan/2025:01:45:41 +0100] "GET /ticket2/opencms/et/selling_tickets/ HTTP/1.1" 500 -
65.21.113.194 - - [10/Jan/2025:01:45:41 +0100] "GET /ticket2/opencms/sv/magazine/sv/sport/fotbollsbiljetter/premier_league/chelsea/ HTTP/1.1" 404 -
54.36.149.74 - - [10/Jan/2025:01:45:41 +0100] "GET /ticket2/opencms/fi/buy?page=1&edid=69802F7E-2013-4656-113E-ECD53B17933B HTTP/1.1" 200 122795
193.70.81.110 - - [10/Jan/2025:01:45:42 +0100] "GET /ticket2/opencms/mt/buy/?page=1&edid=6BB08CE9-0D81-41FE-EE1F-F84E2D4B4721 HTTP/1.1" 200 111911
202.8.40.229 - - [10/Jan/2025:01:45:43 +0100] "GET /ticket2/opencms/system/modules/com.gridnine.opencms.ticketbrokerage.site/resources/css/jquery-ui.css HTTP/1.1" 200 33221
202.8.40.229 - - [10/Jan/2025:01:45:43 +0100] "GET /ticket2/opencms/system/modules/com.gridnine.opencms.ticketbrokerage.site/resources/css/ticketbrokerage.css HTTP/1.1" 200 39339
202.8.40.229 - - [10/Jan/2025:01:45:43 +0100] "GET /ticket2/opencms/system/modules/com.gridnine.opencms.ticketbrokerage.site/resources/css/calendar.css HTTP/1.1" 200 6871
202.8.40.229 - - [10/Jan/2025:01:45:43 +0100] "GET /ticket2/opencms/system/modules/com.gridnine.opencms.ticketbrokerage.site/resources/css/jquery.fancybox.css HTTP/1.1" 200 4939
202.8.40.229 - - [10/Jan/2025:01:45:43 +0100] "GET /ticket2/opencms/system/modules/com.gridnine.opencms.ticketbrokerage.site/resources/css/standard.css HTTP/1.1" 200 73081
202.8.40.229 - - [10/Jan/2025:01:45:43 +0100] "GET /ticket2/opencms/system/modules/com.gridnine.opencms.ticketbrokerage.site/resources/js/jquery/jquery.js HTTP/1.1" 200 93868
202.8.40.229 - - [10/Jan/2025:01:45:43 +0100] "GET /ticket2/opencms/system/modules/com.gridnine.opencms.ticketbrokerage.site/resources/js/calendar.js HTTP/1.1" 200 49229
202.8.40.229 - - [10/Jan/2025:01:45:43 +0100] "GET /ticket2/opencms/system/modules/com.gridnine.opencms.ticketbrokerage.site/resources/js/calendar-setup.js HTTP/1.1" 200 4923
202.8.40.229 - - [10/Jan/2025:01:45:43 +0100] "GET /ticket2/opencms/system/modules/com.gridnine.opencms.ticketbrokerage.site/resources/js/calendar-en.js HTTP/1.1" 200 3338
202.8.40.229 - - [10/Jan/2025:01:45:43 +0100] "GET /ticket2/opencms/system/modules/com.gridnine.opencms.ticketbrokerage.site/resources/js/functions.js HTTP/1.1" 200 1583
202.8.40.229 - - [10/Jan/2025:01:45:43 +0100] "GET /ticket2/opencms/system/modules/com.gridnine.opencms.ticketbrokerage.site/resources/js/jquery/jquery-ui.js HTTP/1.1" 200 228088
202.8.40.229 - - [10/Jan/2025:01:45:43 +0100] "GET /ticket2/opencms/system/modules/com.gridnine.opencms.ticketbrokerage.site/resources/js/jquery.fancybox.pack.js HTTP/1.1" 200 23187
202.8.40.229 - - [10/Jan/2025:01:45:43 +0100] "GET /ticket2/opencms/system/modules/com.gridnine.opencms.ticketbrokerage.site/resources/js/stickyfill.min.js HTTP/1.1" 200 5672
202.8.40.229 - - [10/Jan/2025:01:45:43 +0100] "GET /ticket2/opencms/system/modules/com.gridnine.opencms.ticketbrokerage.site/resources/js/standard.js HTTP/1.1" 200 3978
202.8.40.229 - - [10/Jan/2025:01:45:43 +0100] "GET /ticket2/opencms/system/modules/com.gridnine.opencms.ticketbrokerage.site/resources/js/jquery.placeholder.min.js HTTP/1.1" 200 1737
202.8.40.229 - - [10/Jan/2025:01:45:43 +0100] "GET /ticket2/opencms/system/modules/com.gridnine.opencms.ticketbrokerage.site/resources/js/common-ajax.js HTTP/1.1" 200 20175
202.8.40.229 - - [10/Jan/2025:01:45:43 +0100] "GET /ticket2/opencms/fi/ask-form.html HTTP/1.1" 200 3012
202.8.40.229 - - [10/Jan/2025:01:45:43 +0100] "GET /ticket2/opencms/fi/ask-form.html HTTP/1.1" 200 3012
202.8.40.229 - - [10/Jan/2025:01:45:43 +0100] "GET /ticket2/opencms/system/modules/com.gridnine.opencms.ticketbrokerage.site/resources/css/ticketbrokerage.css HTTP/1.1" 200 39339
193.70.81.110 - - [10/Jan/2025:01:45:44 +0100] "GET /ticket2/opencms/mt/buy/?page=1&edid=6BBAE4DE-24A6-422E-624E-5BBE6D20E9BA HTTP/1.1" 200 112195
65.21.113.194 - - [10/Jan/2025:01:45:45 +0100] "GET /ticket2/opencms/sv/magazine/sv/sport/fotbollsbiljetter/premier_league/liverpool/ HTTP/1.1" 404 -
185.191.171.12 - - [10/Jan/2025:01:45:45 +0100] "GET /ticket2/opencms/fr/magazine/article?title=neymar-lune-des-acquisitions-les-plus-cheres-au-monde HTTP/1.1" 200 91393
85.208.96.194 - - [10/Jan/2025:01:45:46 +0100] "GET /ticket2/opencms/az/about/press HTTP/1.1" 200 88616
193.70.81.110 - - [10/Jan/2025:01:45:46 +0100] "GET /ticket2/opencms/mt/buy/?page=1&edid=6C65D9CC-9B89-C95A-A424-46CA69CBD3BE HTTP/1.1" 200 110108
65.21.113.194 - - [10/Jan/2025:01:45:48 +0100] "GET /ticket2/opencms/sv/sell/?edid=0F484790-35E4-1F59-EA8B-B93E16E6B1AE HTTP/1.1" 302 -
193.70.81.110 - - [10/Jan/2025:01:45:49 +0100] "GET /ticket2/opencms/mt/buy/?page=1&edid=6DFFB718-11C1-53C4-2A79-C844FA7A064D HTTP/1.1" 200 113321
65.21.113.194 - - [10/Jan/2025:01:45:49 +0100] "GET /ticket2/opencms/sv/login/?url=/sv/sell/ HTTP/1.1" 200 90697
193.70.81.110 - - [10/Jan/2025:01:45:51 +0100] "GET /ticket2/opencms/mt/buy/?page=1&edid=718A7A5B-0864-7BB0-17EA-7D1DFF1DCA73 HTTP/1.1" 200 113381
193.70.81.110 - - [10/Jan/2025:01:45:53 +0100] "GET /ticket2/opencms/mt/buy/?page=1&edid=71C79ACD-0285-5AF2-11C7-A105F21A476A HTTP/1.1" 200 109995
65.21.113.194 - - [10/Jan/2025:01:45:54 +0100] "GET /ticket2/opencms/sv/sell/?edid=17687D32-5E2D-8573-6D52-BE9A2F51FA8D HTTP/1.1" 302 -
65.21.113.194 - - [10/Jan/2025:01:45:54 +0100] "GET /ticket2/opencms/sv/login/?url=/sv/sell/ HTTP/1.1" 200 90655
193.70.81.110 - - [10/Jan/2025:01:45:55 +0100] "GET /ticket2/opencms/mt/buy/?page=1&edid=71D4E1BC-3E8B-FCA3-2D7E-6A2406C27FA6 HTTP/1.1" 200 113379
193.70.81.110 - - [10/Jan/2025:01:45:57 +0100] "GET /ticket2/opencms/mt/buy/?page=1&edid=72D44309-5F0D-DDAA-4152-51321DBF919E HTTP/1.1" 200 109361
20.169.171.118 - - [10/Jan/2025:01:45:57 +0100] "GET /ticket2/opencms/system/modules/com.gridnine.opencms.ticketbrokerage.site/resources/pics/two_man.png HTTP/1.1" 200 3407
65.21.113.194 - - [10/Jan/2025:01:45:58 +0100] "GET /ticket2/opencms/sv/sell/?edid=1B0FD2CF-7989-14DE-F7CF-3A2E39F20BD8 HTTP/1.1" 302 -
65.21.113.194 - - [10/Jan/2025:01:45:58 +0100] "GET /ticket2/opencms/sv/login/?url=/sv/sell/ HTTP/1.1" 200 90602
193.70.81.110 - - [10/Jan/2025:01:45:59 +0100] "GET /ticket2/opencms/mt/buy/?page=1&edid=76C5B12B-5A01-4B43-4951-01FB8B03F367 HTTP/1.1" 200 113311
20.169.171.118 - - [10/Jan/2025:01:46:00 +0100] "GET /ticket2/opencms/system/galleries/pics/falmer_stadium_ticket2.png HTTP/1.1" 200 36176
65.21.113.194 - - [10/Jan/2025:01:46:02 +0100] "GET /ticket2/opencms/sv/sell/?edid=1C8120DD-47D6-1EED-A45B-D7BF1573D158 HTTP/1.1" 302 -
193.70.81.110 - - [10/Jan/2025:01:46:02 +0100] "GET /ticket2/opencms/mt/buy/?page=1&edid=78DAC12B-37C2-8767-69E1-3ACF75009F29 HTTP/1.1" 200 113286
65.21.113.194 - - [10/Jan/2025:01:46:02 +0100] "GET /ticket2/opencms/sv/login/?url=/sv/sell/ HTTP/1.1" 200 90684
157.55.39.9 - - [10/Jan/2025:01:46:03 +0100] "GET /ticket2/opencms/bg/buy/?page=1&edid=E289F96B-BF69-A88E-30C1-E3CA6BC29D6C HTTP/1.1" 200 127567
193.70.81.110 - - [10/Jan/2025:01:46:04 +0100] "GET /ticket2/opencms/nl/buy/?page=1&edid=076A36E1-8459-8F83-1ADB-054D354A81CB HTTP/1.1" 200 107530
193.70.81.110 - - [10/Jan/2025:01:46:06 +0100] "GET /ticket2/opencms/nl/buy/?page=1&edid=0DB0B92F-3B3A-E824-76FA-F690AF646C74 HTTP/1.1" 200 107386
65.21.113.194 - - [10/Jan/2025:01:46:08 +0100] "GET /ticket2/opencms/robots.txt HTTP/1.1" 200 773
65.21.113.194 - - [10/Jan/2025:01:46:08 +0100] "GET /ticket2/opencms/sv/sell/?edid=1D1F6410-E683-A360-6E10-EB3B1EDE1568 HTTP/1.1" 302 -
65.21.113.194 - - [10/Jan/2025:01:46:08 +0100] "GET /ticket2/opencms/sv/login/?url=/sv/sell/ HTTP/1.1" 200 90752
193.70.81.110 - - [10/Jan/2025:01:46:08 +0100] "GET /ticket2/opencms/nl/buy/?page=1&edid=102FC15A-4406-C66D-55EB-877612BDD22A HTTP/1.1" 200 107388
193.70.81.110 - - [10/Jan/2025:01:46:11 +0100] "GET /ticket2/opencms/nl/buy/?page=1&edid=14013EF7-6169-73E5-B4B7-580B3204AD77 HTTP/1.1" 200 109553
193.70.81.110 - - [10/Jan/2025:01:46:13 +0100] "GET /ticket2/opencms/nl/buy/?page=1&edid=1499F703-DFC9-3CEE-AC19-8B22C17A288A HTTP/1.1" 200 107424
65.21.113.194 - - [10/Jan/2025:01:46:14 +0100] "GET /ticket2/opencms/sv/sell/?edid=2FABA4FD-BD5C-248A-2380-C7F2BF85A6F9 HTTP/1.1" 302 -
65.21.113.194 - - [10/Jan/2025:01:46:14 +0100] "GET /ticket2/opencms/sv/login/?url=/sv/sell/ HTTP/1.1" 200 90709
193.70.81.110 - - [10/Jan/2025:01:46:15 +0100] "GET /ticket2/opencms/nl/buy/?page=1&edid=151755CC-6470-A9AF-4FE7-BAC9FAA3C886 HTTP/1.1" 200 109624
185.191.171.9 - - [10/Jan/2025:01:46:17 +0100] "GET /ticket2/opencms/ga/about/contact/ HTTP/1.1" 200 85992
193.70.81.110 - - [10/Jan/2025:01:46:17 +0100] "GET /ticket2/opencms/nl/buy/?page=1&edid=1E8CD446-2E9F-5A21-E2F4-251CB3C89182 HTTP/1.1" 200 107409
65.21.113.194 - - [10/Jan/2025:01:46:18 +0100] "GET /ticket2/opencms/sv/sell/?edid=44C48A0E-0A68-7D3F-8873-815B24226A4B HTTP/1.1" 302 -
65.21.113.194 - - [10/Jan/2025:01:46:19 +0100] "GET /ticket2/opencms/sv/login/?url=/sv/sell/ HTTP/1.1" 200 90612
193.70.81.110 - - [10/Jan/2025:01:46:19 +0100] "GET /ticket2/opencms/nl/buy/?page=1&edid=2887ECB1-AF21-0A67-0C3C-54D013C4C3B1 HTTP/1.1" 200 107509
20.169.171.118 - - [10/Jan/2025:01:46:19 +0100] "GET /ticket2/opencms/venue/allianz_arena.png HTTP/1.1" 200 55702
193.70.81.110 - - [10/Jan/2025:01:46:21 +0100] "GET /ticket2/opencms/nl/buy/?page=1&edid=2DF71579-8539-9953-A2E8-0E8B3100119A HTTP/1.1" 200 107363
65.21.113.194 - - [10/Jan/2025:01:46:22 +0100] "GET /ticket2/opencms/sv/sell/?edid=58B537D2-7EDD-B82C-2631-2D9BB6C7315B HTTP/1.1" 302 -
65.21.113.194 - - [10/Jan/2025:01:46:23 +0100] "GET /ticket2/opencms/sv/login/?url=/sv/sell/ HTTP/1.1" 200 90692
193.70.81.110 - - [10/Jan/2025:01:46:23 +0100] "GET /ticket2/opencms/nl/buy/?page=1&edid=2E75356B-0466-ED51-C4D5-4A7F24AD43A4 HTTP/1.1" 200 109641
114.119.146.220 - - [10/Jan/2025:01:46:24 +0100] "GET /ticket2/opencms/en/sell?edid=83F2E8A0-DC7B-A3A3-A729-75E740E82055 HTTP/1.1" 302 -
193.70.81.110 - - [10/Jan/2025:01:46:25 +0100] "GET /ticket2/opencms/nl/buy/?page=1&edid=E0DCB6F1-32E5-4B69-7659-12DFC9BB0380 HTTP/1.1" 200 109569
65.21.113.194 - - [10/Jan/2025:01:46:27 +0100] "GET /ticket2/opencms/sv/sell/?edid=63DEF0F5-392B-69D7-5B97-DE249A0B3B8B HTTP/1.1" 302 -
65.21.113.194 - - [10/Jan/2025:01:46:27 +0100] "GET /ticket2/opencms/sv/login/?url=/sv/sell/ HTTP/1.1" 200 90695
193.70.81.110 - - [10/Jan/2025:01:46:27 +0100] "GET /ticket2/opencms/nl/buy/?page=1&edid=F2CDADC4-EF6C-C259-F9D1-EA671C511115 HTTP/1.1" 200 107541
114.119.146.220 - - [10/Jan/2025:01:46:28 +0100] "GET /ticket2/opencms/en/login/?url=/en/sell/ HTTP/1.1" 200 89773
193.70.81.110 - - [10/Jan/2025:01:46:29 +0100] "GET /ticket2/opencms/nl/buy/?page=1&edid=F4EBEB69-FF72-F763-336C-E8A05C228178 HTTP/1.1" 200 107385
65.21.113.194 - - [10/Jan/2025:01:46:31 +0100] "GET /ticket2/opencms/sv/sell/?edid=71EE099C-7687-5A08-B204-7EA14D124AB2 HTTP/1.1" 302 -
193.70.81.110 - - [10/Jan/2025:01:46:31 +0100] "GET /ticket2/opencms/nl/buy/?page=1&edid=F56E127D-A378-06F4-84E7-3510C0A2494A HTTP/1.1" 200 107439
65.21.113.194 - - [10/Jan/2025:01:46:32 +0100] "GET /ticket2/opencms/sv/login/?url=/sv/sell/ HTTP/1.1" 200 90674
185.191.171.11 - - [10/Jan/2025:01:46:32 +0100] "GET /ticket2/opencms/hr/buying_tickets/ HTTP/1.1" 200 88735
193.70.81.110 - - [10/Jan/2025:01:46:33 +0100] "GET /ticket2/opencms/nl/buy/?page=1&edid=F8BC8905-1376-F330-5CD7-CD86B15D1AC7 HTTP/1.1" 200 107356
52.167.144.17 - - [10/Jan/2025:01:46:34 +0100] "GET /ticket2/opencms/el/buy?page=1&edid=E81C7558-893E-CB93-7500-00B0602E7698 HTTP/1.1" 200 117003
65.21.113.194 - - [10/Jan/2025:01:46:35 +0100] "GET /ticket2/opencms/sv/sell/?edid=724FE1B6-4193-89FA-1AFC-FD88F07C0653 HTTP/1.1" 302 -
193.70.81.110 - - [10/Jan/2025:01:46:36 +0100] "GET /ticket2/opencms/nl/buy/?page=1&edid=FC7C15A4-04FF-B871-AC9F-BAD355747F99 HTTP/1.1" 200 107398
65.21.113.194 - - [10/Jan/2025:01:46:36 +0100] "GET /ticket2/opencms/sv/login/?url=/sv/sell/ HTTP/1.1" 200 90615
193.70.81.110 - - [10/Jan/2025:01:46:38 +0100] "GET /ticket2/opencms/pl/about/contact HTTP/1.1" 200 85854
114.119.130.23 - - [10/Jan/2025:01:46:38 +0100] "GET /ticket2/opencms/en/sport/football-tickets/premier_league/ HTTP/1.1" 200 95995
65.21.113.194 - - [10/Jan/2025:01:46:40 +0100] "GET /ticket2/opencms/sv/sell/?edid=AE6A3F83-5880-348D-74D5-7D0AC94C9D5E HTTP/1.1" 302 -
193.70.81.110 - - [10/Jan/2025:01:46:40 +0100] "GET /ticket2/opencms/pl/about/press HTTP/1.1" 200 88297
65.21.113.194 - - [10/Jan/2025:01:46:40 +0100] "GET /ticket2/opencms/sv/login/?url=/sv/sell/ HTTP/1.1" 200 90617
193.70.81.110 - - [10/Jan/2025:01:46:42 +0100] "GET /ticket2/opencms/pl/affiliateprogram.html HTTP/1.1" 200 87080
65.21.113.194 - - [10/Jan/2025:01:46:43 +0100] "GET /ticket2/opencms/sv/sell/?edid=BF4305B4-CDA1-1B90-839B-8A069F8FBF24 HTTP/1.1" 302 -
65.21.113.194 - - [10/Jan/2025:01:46:44 +0100] "GET /ticket2/opencms/sv/login/?url=/sv/sell/ HTTP/1.1" 200 90640
193.70.81.110 - - [10/Jan/2025:01:46:44 +0100] "GET /ticket2/opencms/pl/buy_safety HTTP/1.1" 200 88948
193.70.81.110 - - [10/Jan/2025:01:46:46 +0100] "GET /ticket2/opencms/pl/buying_tickets HTTP/1.1" 200 88723
54.36.148.145 - - [10/Jan/2025:01:46:47 +0100] "GET /ticket2/opencms/et/buy?page=1&edid=37E2A4DD-118F-C378-83A2-20232412AB9C HTTP/1.1" 200 111977
85.208.96.195 - - [10/Jan/2025:01:46:47 +0100] "GET /ticket2/opencms/lt/magazine/article?title=futbolo-technologiju-ateitis HTTP/1.1" 200 94493
202.8.40.165 - - [10/Jan/2025:01:46:48 +0100] "GET /ticket2/opencms/system/modules/com.gridnine.opencms.ticketbrokerage.site/resources/css/calendar.css HTTP/1.1" 200 6871
202.8.40.165 - - [10/Jan/2025:01:46:48 +0100] "GET /ticket2/opencms/system/modules/com.gridnine.opencms.ticketbrokerage.site/resources/css/ticketbrokerage.css HTTP/1.1" 200 39339
202.8.40.165 - - [10/Jan/2025:01:46:48 +0100] "GET /ticket2/opencms/system/modules/com.gridnine.opencms.ticketbrokerage.site/resources/css/jquery-ui.css HTTP/1.1" 200 33221
202.8.40.165 - - [10/Jan/2025:01:46:48 +0100] "GET /ticket2/opencms/system/modules/com.gridnine.opencms.ticketbrokerage.site/resources/css/jquery.fancybox.css HTTP/1.1" 200 4939
202.8.40.165 - - [10/Jan/2025:01:46:48 +0100] "GET /ticket2/opencms/system/modules/com.gridnine.opencms.ticketbrokerage.site/resources/js/stickyfill.min.js HTTP/1.1" 200 5672
202.8.40.165 - - [10/Jan/2025:01:46:48 +0100] "GET /ticket2/opencms/system/modules/com.gridnine.opencms.ticketbrokerage.site/resources/css/standard.css HTTP/1.1" 200 73081
202.8.40.165 - - [10/Jan/2025:01:46:48 +0100] "GET /ticket2/opencms/system/modules/com.gridnine.opencms.ticketbrokerage.site/resources/js/jquery/jquery.js HTTP/1.1" 200 93868
202.8.40.165 - - [10/Jan/2025:01:46:48 +0100] "GET /ticket2/opencms/system/modules/com.gridnine.opencms.ticketbrokerage.site/resources/js/jquery/jquery-ui.js HTTP/1.1" 200 228088
202.8.40.165 - - [10/Jan/2025:01:46:48 +0100] "GET /ticket2/opencms/system/modules/com.gridnine.opencms.ticketbrokerage.site/resources/js/functions.js HTTP/1.1" 200 1583
202.8.40.165 - - [10/Jan/2025:01:46:48 +0100] "GET /ticket2/opencms/system/modules/com.gridnine.opencms.ticketbrokerage.site/resources/js/calendar-setup.js HTTP/1.1" 200 4923
202.8.40.165 - - [10/Jan/2025:01:46:48 +0100] "GET /ticket2/opencms/system/modules/com.gridnine.opencms.ticketbrokerage.site/resources/js/calendar-en.js HTTP/1.1" 200 3338
202.8.40.165 - - [10/Jan/2025:01:46:48 +0100] "GET /ticket2/opencms/system/modules/com.gridnine.opencms.ticketbrokerage.site/resources/js/calendar.js HTTP/1.1" 200 49229
193.70.81.110 - - [10/Jan/2025:01:46:48 +0100] "GET /ticket2/opencms/pl/faq HTTP/1.1" 200 89677
65.21.113.194 - - [10/Jan/2025:01:46:48 +0100] "GET /ticket2/opencms/sv/sell/?edid=ED57BEDE-AC99-0658-577F-2C431201D740 HTTP/1.1" 302 -
202.8.40.165 - - [10/Jan/2025:01:46:48 +0100] "GET /ticket2/opencms/system/modules/com.gridnine.opencms.ticketbrokerage.site/resources/js/jquery.fancybox.pack.js HTTP/1.1" 200 23187
202.8.40.165 - - [10/Jan/2025:01:46:48 +0100] "GET /ticket2/opencms/system/modules/com.gridnine.opencms.ticketbrokerage.site/resources/js/standard.js HTTP/1.1" 200 3978
202.8.40.165 - - [10/Jan/2025:01:46:48 +0100] "GET /ticket2/opencms/system/modules/com.gridnine.opencms.ticketbrokerage.site/resources/js/jquery.placeholder.min.js HTTP/1.1" 200 1737
202.8.40.165 - - [10/Jan/2025:01:46:48 +0100] "GET /ticket2/opencms/system/modules/com.gridnine.opencms.ticketbrokerage.site/resources/js/common-ajax.js HTTP/1.1" 200 20175
65.21.113.194 - - [10/Jan/2025:01:46:48 +0100] "GET /ticket2/opencms/sv/login/?url=/sv/sell/ HTTP/1.1" 200 90718
202.8.40.165 - - [10/Jan/2025:01:46:49 +0100] "GET /ticket2/opencms/et/ask-form.html HTTP/1.1" 200 3156
202.8.40.165 - - [10/Jan/2025:01:46:49 +0100] "GET /ticket2/opencms/system/modules/com.gridnine.opencms.ticketbrokerage.site/resources/css/ticketbrokerage.css HTTP/1.1" 200 39339
193.70.81.110 - - [10/Jan/2025:01:46:50 +0100] "GET /ticket2/opencms/pl/login/ HTTP/1.1" 200 91240
185.191.171.6 - - [10/Jan/2025:01:46:51 +0100] "GET /ticket2/opencms/en/magazine/article?title=discover-la-liga-live-buy-tickets-at-ticket2 HTTP/1.1" 200 92280
193.70.81.110 - - [10/Jan/2025:01:46:52 +0100] "GET /ticket2/opencms/sk/buy/?comcatid=0A6B8208-FDA4-E929-9D72-5312FD481B76&catid=1DB7F66B-473B-B427-F752-358FEEFE8EC0 HTTP/1.1" 200 6410
47.128.49.148 - - [10/Jan/2025:01:46:52 +0100] "GET /ticket2/opencms/sq/buy/?edid=64ED0EC9-75A5-F773-0C16-11EBB640A9D8 HTTP/1.1" 200 92809
193.70.81.110 - - [10/Jan/2025:01:46:53 +0100] "GET /ticket2/opencms/sk/buy/?comcatid=0A6B8208-FDA4-E929-9D72-5312FD481B76&catid=26594C33-56CE-F529-FAF3-61AB33F74A3B HTTP/1.1" 200 6410
65.21.113.194 - - [10/Jan/2025:01:46:54 +0100] "GET /ticket2/opencms/sv/sell/?edid=F7285C8B-A3C4-2AD3-AE62-5BC7D6BC7F7A HTTP/1.1" 302 -
217.182.175.120 - - [10/Jan/2025:01:46:54 +0100] "GET /ticket2/opencms/en/buy/?page=1&edid=641BEECB-F7D4-30E5-61C7-A9976E3D0361&sortorder=desc&column=price HTTP/1.1" 200 112314
65.21.113.194 - - [10/Jan/2025:01:46:55 +0100] "GET /ticket2/opencms/sv/login/?url=/sv/sell/ HTTP/1.1" 200 90715
193.70.81.110 - - [10/Jan/2025:01:46:55 +0100] "GET /ticket2/opencms/sk/buy/?comcatid=0A6B8208-FDA4-E929-9D72-5312FD481B76&catid=3A56B1C2-6FFB-C8D1-B229-B3914D5FF8DF HTTP/1.1" 200 6410
193.70.81.110 - - [10/Jan/2025:01:46:56 +0100] "GET /ticket2/opencms/sk/buy/?comcatid=0A6B8208-FDA4-E929-9D72-5312FD481B76&catid=412DBCF4-025D-8ABC-7A40-D7C760E055FF HTTP/1.1" 200 6410
47.128.59.213 - - [10/Jan/2025:01:46:57 +0100] "GET /ticket2/opencms/is/buy?edid=DE6EAF1E-F0E3-BCEF-6FE9-789554B2D96C HTTP/1.1" 200 92464
193.70.81.110 - - [10/Jan/2025:01:46:58 +0100] "GET /ticket2/opencms/sk/buy/?comcatid=0A6B8208-FDA4-E929-9D72-5312FD481B76&catid=465306FD-802C-5175-10FF-40E426DD2769 HTTP/1.1" 200 6410
157.55.39.9 - - [10/Jan/2025:01:46:59 +0100] "GET /ticket2/opencms/mo/?page=6&comcatid=B41CCF2B-5558-7AEE-3602-09BBDE417D65 HTTP/1.1" 200 100834
65.21.113.194 - - [10/Jan/2025:01:46:59 +0100] "GET /ticket2/opencms/sv/sport/fotbollsbiljetter HTTP/1.1" 200 95615
217.182.175.120 - - [10/Jan/2025:01:46:59 +0100] "GET /ticket2/opencms/en/buy/?page=1&edid=6CCB3B2B-C597-0081-CCDE-BB0833D99828&sortorder=desc&column=section HTTP/1.1" 200 112718
193.70.81.110 - - [10/Jan/2025:01:47:00 +0100] "GET /ticket2/opencms/sk/buy/?comcatid=0A6B8208-FDA4-E929-9D72-5312FD481B76&catid=53E7B32E-5CAA-6CE7-D6AA-FFC41D70EE01 HTTP/1.1" 200 6410
40.77.167.78 - - [10/Jan/2025:01:47:01 +0100] "GET /ticket2/opencms/sv/buy?page=1&edid=2b44308e-1778-cfae-7385-18758823f6eb HTTP/1.1" 200 8134
193.70.81.110 - - [10/Jan/2025:01:47:01 +0100] "GET /ticket2/opencms/sk/buy/?comcatid=0A6B8208-FDA4-E929-9D72-5312FD481B76&catid=5ED34547-492C-90DA-709D-448345844685 HTTP/1.1" 200 6410
193.70.81.110 - - [10/Jan/2025:01:47:03 +0100] "GET /ticket2/opencms/sk/buy/?comcatid=0A6B8208-FDA4-E929-9D72-5312FD481B76&catid=8E4972FC-6E2C-77A4-BB9D-D67BD270A641 HTTP/1.1" 200 6410
65.21.113.194 - - [10/Jan/2025:01:47:04 +0100] "GET /ticket2/opencms/sv/sport/fotbollsbiljetter/bundesliga/augsburg HTTP/1.1" 200 97978
217.182.175.120 - - [10/Jan/2025:01:47:04 +0100] "GET /ticket2/opencms/en/buy/?page=1&edid=6E0677CA-2B90-911F-BF29-2D63F1A636AB&sortorder=desc&column=row HTTP/1.1" 200 113052
193.70.81.110 - - [10/Jan/2025:01:47:04 +0100] "GET /ticket2/opencms/sk/buy/?comcatid=0A6B8208-FDA4-E929-9D72-5312FD481B76&catid=A05A53F7-423D-23BE-575E-EA7B67DE22D9 HTTP/1.1" 200 6410
193.70.81.110 - - [10/Jan/2025:01:47:06 +0100] "GET /ticket2/opencms/sk/buy/?comcatid=0A6B8208-FDA4-E929-9D72-5312FD481B76&catid=AD8E612F-0F0B-03C9-5236-E4F8B6523945 HTTP/1.1" 200 6410
185.191.171.7 - - [10/Jan/2025:01:47:06 +0100] "GET /ticket2/opencms/sv/fotbollsresor/premier_league/arsenal/sunderland.html HTTP/1.1" 200 93424
65.21.113.194 - - [10/Jan/2025:01:47:07 +0100] "GET /ticket2/opencms/sv/sport/fotbollsbiljetter/bundesliga/bayer-leverkusen HTTP/1.1" 200 98903
193.70.81.110 - - [10/Jan/2025:01:47:08 +0100] "GET /ticket2/opencms/sk/buy/?comcatid=97ECA65A-72DA-F9AF-9DBB-245D3CFED1BE&catid=8B6802AF-1ADE-4BE1-A1F7-7671190CFB4F HTTP/1.1" 200 6410
85.208.96.204 - - [10/Jan/2025:01:47:09 +0100] "GET /ticket2/opencms/hu/sport/focijegyek/english-championship/birmingham HTTP/1.1" 200 93971
217.182.175.120 - - [10/Jan/2025:01:47:09 +0100] "GET /ticket2/opencms/en/buy/?page=1&edid=72BBEF2E-3C1D-620B-FDA3-39E4087FDFE0&sortorder=asc&column=row HTTP/1.1" 200 109754
193.70.81.110 - - [10/Jan/2025:01:47:09 +0100] "GET /ticket2/opencms/sk/buy/?comcatid=97ECA65A-72DA-F9AF-9DBB-245D3CFED1BE&catid=9457695E-36ED-A63E-7A88-32963954E2C7 HTTP/1.1" 200 6410
193.70.81.110 - - [10/Jan/2025:01:47:11 +0100] "GET /ticket2/opencms/sk/buy/?comcatid=97ECA65A-72DA-F9AF-9DBB-245D3CFED1BE&catid=D414C6A5-7A03-3389-42A8-D7B7FE32BB37 HTTP/1.1" 200 6410
65.21.113.194 - - [10/Jan/2025:01:47:12 +0100] "GET /ticket2/opencms/sv/sport/fotbollsbiljetter/bundesliga/bayern-munchen HTTP/1.1" 200 101011
193.70.81.110 - - [10/Jan/2025:01:47:13 +0100] "GET /ticket2/opencms/sk/buy/?comcatid=A17713B6-D984-201A-4143-ED4DB5ED5C2E&catid=&npage=3 HTTP/1.1" 200 6410
217.182.175.120 - - [10/Jan/2025:01:47:13 +0100] "GET /ticket2/opencms/en/buy/?page=1&edid=7401E449-5F42-A0A3-909B-A3DA89BF541A&sortorder=asc&column=section HTTP/1.1" 200 112636
193.70.81.110 - - [10/Jan/2025:01:47:14 +0100] "GET /ticket2/opencms/sk/buy/?comcatid=A17713B6-D984-201A-4143-ED4DB5ED5C2E&catid=&npage=4 HTTP/1.1" 200 6410
65.21.113.194 - - [10/Jan/2025:01:47:16 +0100] "GET /ticket2/opencms/sv/sport/fotbollsbiljetter/bundesliga/bochum HTTP/1.1" 200 98750
193.70.81.110 - - [10/Jan/2025:01:47:16 +0100] "GET /ticket2/opencms/sk/buy/?comcatid=A17713B6-D984-201A-4143-ED4DB5ED5C2E&catid=&npage=5 HTTP/1.1" 200 6410
114.119.136.30 - - [10/Jan/2025:01:47:17 +0100] "GET /ticket2/opencms/en/venue/?venueid=66B7684A-34D7-B171-288C-D950D3063FA0 HTTP/1.1" 200 85102
193.70.81.110 - - [10/Jan/2025:01:47:18 +0100] "GET /ticket2/opencms/sk/buy/?comcatid=A17713B6-D984-201A-4143-ED4DB5ED5C2E&catid=061607E6-22B7-6FFA-03FD-A4B8B13A943F HTTP/1.1" 200 6410
217.182.175.120 - - [10/Jan/2025:01:47:18 +0100] "GET /ticket2/opencms/en/buy/?page=1&edid=7422BB76-D50D-112B-59E4-17DC58B2A2B5&sortorder=asc&column=section HTTP/1.1" 200 113208
185.191.171.7 - - [10/Jan/2025:01:47:19 +0100] "GET /ticket2/opencms/cs/login/ HTTP/1.1" 200 91438
193.70.81.110 - - [10/Jan/2025:01:47:19 +0100] "GET /ticket2/opencms/sk/buy/?comcatid=A17713B6-D984-201A-4143-ED4DB5ED5C2E&catid=7ACC33AD-EE7E-AAA7-9050-0F4587759B87 HTTP/1.1" 200 6410
65.21.113.194 - - [10/Jan/2025:01:47:20 +0100] "GET /ticket2/opencms/sv/sport/fotbollsbiljetter/bundesliga/borussia-dortmund HTTP/1.1" 200 98419
207.46.13.83 - - [10/Jan/2025:01:47:21 +0100] "GET /ticket2/opencms/en/buy/?page=1&edid=5DBB4F23-1DC6-5854-92A3-8C0AF6152B4D HTTP/1.1" 200 123793
193.70.81.110 - - [10/Jan/2025:01:47:21 +0100] "GET /ticket2/opencms/sk/buy/?comcatid=A17713B6-D984-201A-4143-ED4DB5ED5C2E&catid=7BADFFFB-57C5-5DBC-E7EB-B45075B3D8F9 HTTP/1.1" 200 6410
217.182.175.120 - - [10/Jan/2025:01:47:23 +0100] "GET /ticket2/opencms/en/buy/?page=1&edid=7A7AA818-DDC7-0640-E83C-722520D16871&sortorder=asc&column=section HTTP/1.1" 200 113488
193.70.81.110 - - [10/Jan/2025:01:47:23 +0100] "GET /ticket2/opencms/sk/buy/?comcatid=A17713B6-D984-201A-4143-ED4DB5ED5C2E&catid=7CF2D645-F785-0CBB-1B7C-C4711617EAAD HTTP/1.1" 200 6410
193.70.81.110 - - [10/Jan/2025:01:47:25 +0100] "GET /ticket2/opencms/sk/buy/?comcatid=A17713B6-D984-201A-4143-ED4DB5ED5C2E&catid=7EF04817-972D-18B1-F941-DE800D088075 HTTP/1.1" 200 6410
65.21.113.194 - - [10/Jan/2025:01:47:25 +0100] "GET /ticket2/opencms/sv/sport/fotbollsbiljetter/bundesliga/borussia-monchengladbach HTTP/1.1" 200 99003
193.70.81.110 - - [10/Jan/2025:01:47:26 +0100] "GET /ticket2/opencms/sk/buy/?comcatid=A17713B6-D984-201A-4143-ED4DB5ED5C2E&catid=82F804FA-9F69-CB6B-D41D-7BF7C716058B HTTP/1.1" 200 6410
185.191.171.12 - - [10/Jan/2025:01:47:26 +0100] "GET /ticket2/opencms/tr/magazine/article?title=luka-modric-real-madridde-kaliyor HTTP/1.1" 200 95437
193.70.81.110 - - [10/Jan/2025:01:47:28 +0100] "GET /ticket2/opencms/sk/buy/?comcatid=A17713B6-D984-201A-4143-ED4DB5ED5C2E&catid=88C381AD-5D76-A34D-AC15-A7129F8EF5BE HTTP/1.1" 200 6410
217.182.175.120 - - [10/Jan/2025:01:47:29 +0100] "GET /ticket2/opencms/en/buy/?page=1&edid=7BE80F00-2774-9750-D835-26047A5CC0BC&sortorder=desc&column=section HTTP/1.1" 200 113400
193.70.81.110 - - [10/Jan/2025:01:47:29 +0100] "GET /ticket2/opencms/sk/buy/?comcatid=A17713B6-D984-201A-4143-ED4DB5ED5C2E&catid=8AA488FA-6797-D710-8108-3088D6948FC1 HTTP/1.1" 200 6410
65.21.113.194 - - [10/Jan/2025:01:47:29 +0100] "GET /ticket2/opencms/sv/sport/fotbollsbiljetter/bundesliga/darmstadt HTTP/1.1" 200 93677
193.70.81.110 - - [10/Jan/2025:01:47:31 +0100] "GET /ticket2/opencms/sk/buy/?comcatid=A17713B6-D984-201A-4143-ED4DB5ED5C2E&catid=B0817F4C-4B6F-A68C-6229-209BB05F84D4 HTTP/1.1" 200 6410
193.70.81.110 - - [10/Jan/2025:01:47:32 +0100] "GET /ticket2/opencms/sk/buy/?comcatid=A17713B6-D984-201A-4143-ED4DB5ED5C2E&catid=BDD8C04C-DD99-1C07-B5F3-F2AB98D157E8 HTTP/1.1" 200 6410
217.182.175.120 - - [10/Jan/2025:01:47:33 +0100] "GET /ticket2/opencms/en/buy/?page=1&edid=7BFAA4DD-59F4-CFC0-8A75-4C1976E082E5&sortorder=asc&column=price HTTP/1.1" 200 113655
65.21.113.194 - - [10/Jan/2025:01:47:33 +0100] "GET /ticket2/opencms/sv/sport/fotbollsbiljetter/bundesliga/eintracht_frankfurt HTTP/1.1" 200 99926
193.70.81.110 - - [10/Jan/2025:01:47:34 +0100] "GET /ticket2/opencms/sk/buy/?comcatid=A17713B6-D984-201A-4143-ED4DB5ED5C2E&catid=BE041FBE-C1A7-918C-EB61-99ED02D12F5B HTTP/1.1" 200 6410
193.70.81.110 - - [10/Jan/2025:01:47:35 +0100] "GET /ticket2/opencms/sk/buy/?comcatid=A17713B6-D984-201A-4143-ED4DB5ED5C2E&catid=C0DF818C-DB21-6E2E-4056-DB751FFE0C41 HTTP/1.1" 200 6410
51.8.102.251 - - [10/Jan/2025:01:47:36 +0100] "GET /ticket2/opencms/sv/sport/fotbollsbiljetter/la_liga/barcelona/ HTTP/1.1" 200 96845
193.70.81.110 - - [10/Jan/2025:01:47:37 +0100] "GET /ticket2/opencms/sk/buy/?comcatid=A17713B6-D984-201A-4143-ED4DB5ED5C2E&catid=C48671DB-5AEB-8CE2-928E-38417FFBE085 HTTP/1.1" 200 6410
52.167.144.17 - - [10/Jan/2025:01:47:38 +0100] "GET /ticket2/opencms/dk/buy?page=1&edid=B63C0569-62A4-A2F9-573E-726702ED62D3 HTTP/1.1" 200 111739
65.21.113.194 - - [10/Jan/2025:01:47:38 +0100] "GET /ticket2/opencms/sv/sport/fotbollsbiljetter/bundesliga/freiburg HTTP/1.1" 200 98628
217.182.175.120 - - [10/Jan/2025:01:47:38 +0100] "GET /ticket2/opencms/en/buy/?page=1&edid=864966C0-6945-AA58-A6C7-9273AE6642E0&sortorder=desc&column=section HTTP/1.1" 200 112513
193.70.81.110 - - [10/Jan/2025:01:47:39 +0100] "GET /ticket2/opencms/sk/buy/?comcatid=A17713B6-D984-201A-4143-ED4DB5ED5C2E&catid=C871EAE3-C584-718A-9795-07CDEF43FA75 HTTP/1.1" 200 6410
47.128.29.3 - - [10/Jan/2025:01:47:39 +0100] "GET /ticket2/opencms/fi/venue/?venueid=F0E9F0F3-AE69-E180-6663-501508165B7A HTTP/1.1" 200 86584
193.70.81.110 - - [10/Jan/2025:01:47:40 +0100] "GET /ticket2/opencms/sk/buy/?comcatid=A17713B6-D984-201A-4143-ED4DB5ED5C2E&catid=D08E96E8-A514-9E09-4E22-63713911E0B8 HTTP/1.1" 200 6410
193.70.81.110 - - [10/Jan/2025:01:47:42 +0100] "GET /ticket2/opencms/sk/buy/?comcatid=A17713B6-D984-201A-4143-ED4DB5ED5C2E&catid=D8B345C9-F7A5-E620-4B43-C34EB0D6885B HTTP/1.1" 200 6410
65.21.113.194 - - [10/Jan/2025:01:47:42 +0100] "GET /ticket2/opencms/sv/sport/fotbollsbiljetter/bundesliga/heidenheim HTTP/1.1" 200 99214
193.70.81.110 - - [10/Jan/2025:01:47:44 +0100] "GET /ticket2/opencms/sk/buy/?page=1&edid=077A4D05-90D5-AF2A-B689-A4F52E73EBA2 HTTP/1.1" 200 113840
217.182.175.120 - - [10/Jan/2025:01:47:45 +0100] "GET /ticket2/opencms/en/buy/?page=1&edid=8D9E628C-2B42-F543-B013-065370EDE85E&sortorder=desc&column=price HTTP/1.1" 200 112058
54.36.148.78 - - [10/Jan/2025:01:47:46 +0100] "GET /ticket2/opencms/hu/buy?page=1&edid=37E2A4DD-118F-C378-83A2-20232412AB9C HTTP/1.1" 200 112287
65.21.113.194 - - [10/Jan/2025:01:47:46 +0100] "GET /ticket2/opencms/sv/sport/fotbollsbiljetter/bundesliga/hoffenheim HTTP/1.1" 200 97937
193.70.81.110 - - [10/Jan/2025:01:47:46 +0100] "GET /ticket2/opencms/sk/buy/?page=1&edid=079D9B9A-D8A5-58CA-F00E-5A1AF812E471 HTTP/1.1" 200 126127
202.8.42.207 - - [10/Jan/2025:01:47:47 +0100] "GET /ticket2/opencms/system/modules/com.gridnine.opencms.ticketbrokerage.site/resources/css/jquery.fancybox.css HTTP/1.1" 200 4939
202.8.42.207 - - [10/Jan/2025:01:47:47 +0100] "GET /ticket2/opencms/system/modules/com.gridnine.opencms.ticketbrokerage.site/resources/css/ticketbrokerage.css HTTP/1.1" 200 39339
202.8.42.207 - - [10/Jan/2025:01:47:47 +0100] "GET /ticket2/opencms/system/modules/com.gridnine.opencms.ticketbrokerage.site/resources/css/jquery-ui.css HTTP/1.1" 200 33221
202.8.42.207 - - [10/Jan/2025:01:47:47 +0100] "GET /ticket2/opencms/system/modules/com.gridnine.opencms.ticketbrokerage.site/resources/css/calendar.css HTTP/1.1" 200 6871
202.8.42.207 - - [10/Jan/2025:01:47:47 +0100] "GET /ticket2/opencms/system/modules/com.gridnine.opencms.ticketbrokerage.site/resources/css/standard.css HTTP/1.1" 200 73081
202.8.42.207 - - [10/Jan/2025:01:47:47 +0100] "GET /ticket2/opencms/system/modules/com.gridnine.opencms.ticketbrokerage.site/resources/js/jquery/jquery.js HTTP/1.1" 200 93868
202.8.42.207 - - [10/Jan/2025:01:47:48 +0100] "GET /ticket2/opencms/system/modules/com.gridnine.opencms.ticketbrokerage.site/resources/js/jquery/jquery-ui.js HTTP/1.1" 200 228088
202.8.42.207 - - [10/Jan/2025:01:47:48 +0100] "GET /ticket2/opencms/system/modules/com.gridnine.opencms.ticketbrokerage.site/resources/js/functions.js HTTP/1.1" 200 1583
202.8.42.207 - - [10/Jan/2025:01:47:48 +0100] "GET /ticket2/opencms/system/modules/com.gridnine.opencms.ticketbrokerage.site/resources/js/calendar.js HTTP/1.1" 200 49229
202.8.42.207 - - [10/Jan/2025:01:47:48 +0100] "GET /ticket2/opencms/system/modules/com.gridnine.opencms.ticketbrokerage.site/resources/js/calendar-en.js HTTP/1.1" 200 3338
202.8.42.207 - - [10/Jan/2025:01:47:48 +0100] "GET /ticket2/opencms/system/modules/com.gridnine.opencms.ticketbrokerage.site/resources/js/calendar-setup.js HTTP/1.1" 200 4923
202.8.42.207 - - [10/Jan/2025:01:47:48 +0100] "GET /ticket2/opencms/system/modules/com.gridnine.opencms.ticketbrokerage.site/resources/js/jquery.fancybox.pack.js HTTP/1.1" 200 23187
202.8.42.207 - - [10/Jan/2025:01:47:48 +0100] "GET /ticket2/opencms/system/modules/com.gridnine.opencms.ticketbrokerage.site/resources/js/stickyfill.min.js HTTP/1.1" 200 5672
202.8.42.207 - - [10/Jan/2025:01:47:48 +0100] "GET /ticket2/opencms/system/modules/com.gridnine.opencms.ticketbrokerage.site/resources/js/standard.js HTTP/1.1" 200 3978
202.8.42.207 - - [10/Jan/2025:01:47:48 +0100] "GET /ticket2/opencms/system/modules/com.gridnine.opencms.ticketbrokerage.site/resources/js/jquery.placeholder.min.js HTTP/1.1" 200 1737
202.8.42.207 - - [10/Jan/2025:01:47:48 +0100] "GET /ticket2/opencms/system/modules/com.gridnine.opencms.ticketbrokerage.site/resources/js/common-ajax.js HTTP/1.1" 200 20175
202.8.42.207 - - [10/Jan/2025:01:47:48 +0100] "GET /ticket2/opencms/hu/ask-form.html HTTP/1.1" 200 3156
202.8.42.207 - - [10/Jan/2025:01:47:48 +0100] "GET /ticket2/opencms/hu/ask-form.html HTTP/1.1" 200 3156
202.8.42.207 - - [10/Jan/2025:01:47:48 +0100] "GET /ticket2/opencms/system/modules/com.gridnine.opencms.ticketbrokerage.site/resources/css/ticketbrokerage.css HTTP/1.1" 200 39339
193.70.81.110 - - [10/Jan/2025:01:47:48 +0100] "GET /ticket2/opencms/sk/buy/?page=1&edid=08134107-A430-5E4C-8313-5084A279B461 HTTP/1.1" 200 112609
193.70.81.110 - - [10/Jan/2025:01:47:50 +0100] "GET /ticket2/opencms/sk/buy/?page=1&edid=11EE072D-8BDA-AD9E-6DE3-4565DECD9282 HTTP/1.1" 200 122387
