202.8.41.9 - - [10/Jan/2025:02:10:11 +0100] "GET /ticket2/opencms/system/modules/com.gridnine.opencms.ticketbrokerage.site/resources/js/common-ajax.js HTTP/1.1" 200 20175
202.8.41.9 - - [10/Jan/2025:02:10:11 +0100] "GET /ticket2/opencms/nl/ask-form.html HTTP/1.1" 200 3015
202.8.41.9 - - [10/Jan/2025:02:10:11 +0100] "GET /ticket2/opencms/system/modules/com.gridnine.opencms.ticketbrokerage.site/resources/css/ticketbrokerage.css HTTP/1.1" 200 39339
193.70.81.110 - - [10/Jan/2025:02:10:12 +0100] "GET /ticket2/opencms/lt/buy/?page=1&edid=12E0AD86-DC28-E34C-4681-77C2F67FD00B HTTP/1.1" 200 109952
65.21.113.194 - - [10/Jan/2025:02:10:14 +0100] "GET /ticket2/opencms/tr/buy?page=1&edid=25666712-CB7E-CDDD-4626-F1CD96C38316 HTTP/1.1" 200 146529
193.70.81.110 - - [10/Jan/2025:02:10:14 +0100] "GET /ticket2/opencms/lt/buy/?page=1&edid=133B893E-0B2E-BEF9-99B1-9E25283FAB9D HTTP/1.1" 200 112269
193.70.81.110 - - [10/Jan/2025:02:10:16 +0100] "GET /ticket2/opencms/lt/buy/?page=1&edid=139F3535-86E9-B228-454D-FE0034AF61D0 HTTP/1.1" 200 112680
193.70.81.110 - - [10/Jan/2025:02:10:18 +0100] "GET /ticket2/opencms/lt/buy/?page=1&edid=13FD52ED-2424-BEB8-F194-ACEDB9434F70 HTTP/1.1" 200 119428
65.21.113.194 - - [10/Jan/2025:02:10:19 +0100] "GET /ticket2/opencms/tr/buy?page=1&edid=26467E66-E432-3709-0425-A75E81B5021A HTTP/1.1" 200 142321
193.70.81.110 - - [10/Jan/2025:02:10:20 +0100] "GET /ticket2/opencms/lt/buy/?page=1&edid=14013EF7-6169-73E5-B4B7-580B3204AD77 HTTP/1.1" 200 112125
193.70.81.110 - - [10/Jan/2025:02:10:22 +0100] "GET /ticket2/opencms/lt/buy/?page=1&edid=1405C6F6-8A57-7B27-F4AD-AC07240D90C6 HTTP/1.1" 200 110048
193.70.81.110 - - [10/Jan/2025:02:10:24 +0100] "GET /ticket2/opencms/lt/buy/?page=1&edid=141CBD95-4293-294B-CF07-71BC79C50A54 HTTP/1.1" 200 109945
65.21.113.194 - - [10/Jan/2025:02:10:25 +0100] "GET /ticket2/opencms/tr/buy?page=1&edid=268D8165-50F1-AAA8-6C6A-3ABAD53C8B35 HTTP/1.1" 200 128614
193.70.81.110 - - [10/Jan/2025:02:10:26 +0100] "GET /ticket2/opencms/lt/buy/?page=1&edid=14427B33-9BB8-BBB7-1EBA-73EE86A692A4 HTTP/1.1" 200 119244
193.70.81.110 - - [10/Jan/2025:02:10:29 +0100] "GET /ticket2/opencms/lt/buy/?page=1&edid=1451D7F8-73F8-CDFB-097A-1DC5AB9EA78D HTTP/1.1" 200 122488
185.191.171.18 - - [10/Jan/2025:02:10:29 +0100] "GET /ticket2/opencms/fr/magazine/article?title=chelsea HTTP/1.1" 200 94539
65.21.113.194 - - [10/Jan/2025:02:10:30 +0100] "GET /ticket2/opencms/tr/buy?page=1&edid=299450E2-FDAD-4E2B-0058-6290A7A2B57D HTTP/1.1" 200 154244
20.169.171.118 - - [10/Jan/2025:02:10:30 +0100] "GET /ticket2/opencms/venue/parc_des_prince.png HTTP/1.1" 200 44872
193.70.81.110 - - [10/Jan/2025:02:10:30 +0100] "GET /ticket2/opencms/lt/buy/?page=1&edid=1499F703-DFC9-3CEE-AC19-8B22C17A288A HTTP/1.1" 200 110033
193.70.81.110 - - [10/Jan/2025:02:10:32 +0100] "GET /ticket2/opencms/lt/buy/?page=1&edid=14FC1DD8-00FF-2C22-C253-E035F775712B HTTP/1.1" 200 109948
52.167.144.194 - - [10/Jan/2025:02:10:33 +0100] "GET /ticket2/opencms/fi/magazine/article?title=bukayo-ayoyinka-t-m-saka HTTP/1.1" 200 93686
193.70.81.110 - - [10/Jan/2025:02:10:35 +0100] "GET /ticket2/opencms/lt/buy/?page=1&edid=150C2B47-38EB-0C0E-C664-5F863E9426DB HTTP/1.1" 200 136825
65.21.113.194 - - [10/Jan/2025:02:10:36 +0100] "GET /ticket2/opencms/tr/buy?page=1&edid=2B44308E-1778-CFAE-7385-18758823F6EB HTTP/1.1" 200 148237
193.70.81.110 - - [10/Jan/2025:02:10:37 +0100] "GET /ticket2/opencms/lt/buy/?page=1&edid=151755CC-6470-A9AF-4FE7-BAC9FAA3C886 HTTP/1.1" 200 112153
193.70.81.110 - - [10/Jan/2025:02:10:39 +0100] "GET /ticket2/opencms/lt/buy/?page=1&edid=1571DB1B-206B-93FC-5429-333D7E9FCB65 HTTP/1.1" 200 119457
47.128.35.5 - - [10/Jan/2025:02:10:40 +0100] "GET /ticket2/opencms/lv/buy?edid=DE6EAF1E-F0E3-BCEF-6FE9-789554B2D96C HTTP/1.1" 200 92468
193.70.81.110 - - [10/Jan/2025:02:10:41 +0100] "GET /ticket2/opencms/lt/buy/?page=1&edid=157437D9-3645-4E55-4CCB-67CAF0815146 HTTP/1.1" 200 113209
47.128.35.5 - - [10/Jan/2025:02:10:41 +0100] "GET /ticket2/opencms/img/arrow.png HTTP/1.1" 200 753
65.21.113.194 - - [10/Jan/2025:02:10:42 +0100] "GET /ticket2/opencms/tr/buy?page=1&edid=2C538FDD-3C52-6C4F-20BD-65D603C9DD1A HTTP/1.1" 200 112461
193.70.81.110 - - [10/Jan/2025:02:10:43 +0100] "GET /ticket2/opencms/lt/buy/?page=1&edid=159AEE85-969E-7453-4999-69FCFD2915E6 HTTP/1.1" 200 113654
193.70.81.110 - - [10/Jan/2025:02:10:46 +0100] "GET /ticket2/opencms/lt/buy/?page=1&edid=160DAC9A-2A77-6FDC-52B8-296352B1ABF1 HTTP/1.1" 200 138914
65.21.113.194 - - [10/Jan/2025:02:10:47 +0100] "GET /ticket2/opencms/tr/buy?page=1&edid=3289C097-2261-9433-8644-DF033A9EE354 HTTP/1.1" 200 142406
193.70.81.110 - - [10/Jan/2025:02:10:48 +0100] "GET /ticket2/opencms/lt/buy/?page=1&edid=16343486-D199-EE91-1004-52E02A9487CB HTTP/1.1" 200 112263
66.249.64.131 - - [10/Jan/2025:02:10:48 +0100] "GET /ticket2/opencms/mt/?comcatid=0A6B8208-FDA4-E929-9D72-5312FD481B76&catid=53E7B32E-5CAA-6CE7-D6AA-FFC41D70EE01 HTTP/1.1" 200 100926
193.70.81.110 - - [10/Jan/2025:02:10:50 +0100] "GET /ticket2/opencms/lt/buy/?page=1&edid=16BA48F9-E787-F00A-EC7D-F97A99AECBFB HTTP/1.1" 200 122752
193.70.81.110 - - [10/Jan/2025:02:10:52 +0100] "GET /ticket2/opencms/lt/buy/?page=1&edid=16F89E14-C93B-5426-9D05-8B8B52774D6F HTTP/1.1" 200 109955
65.21.113.194 - - [10/Jan/2025:02:10:53 +0100] "GET /ticket2/opencms/tr/buy?page=1&edid=348C0D4F-C07E-3755-DFEC-416D881A5AC9 HTTP/1.1" 200 123189
40.77.167.151 - - [10/Jan/2025:02:10:53 +0100] "GET /ticket2/opencms/mt/magazine/article?title=logba-drammatika-bejn-tottenham-u-chelsea HTTP/1.1" 200 93954
193.70.81.110 - - [10/Jan/2025:02:10:54 +0100] "GET /ticket2/opencms/lt/buy/?page=1&edid=1725DD81-AB30-210C-691A-5E56E0E70527 HTTP/1.1" 200 119393
193.70.81.110 - - [10/Jan/2025:02:10:57 +0100] "GET /ticket2/opencms/lt/buy/?page=1&edid=17260F4F-A849-5FCD-F08C-3E4A05EF4080 HTTP/1.1" 200 110014
65.21.113.194 - - [10/Jan/2025:02:10:58 +0100] "GET /ticket2/opencms/robots.txt HTTP/1.1" 200 773
193.70.81.110 - - [10/Jan/2025:02:10:59 +0100] "GET /ticket2/opencms/lt/buy/?page=1&edid=176C6667-42C1-1632-7378-F783D5B7C94D HTTP/1.1" 200 113202
65.21.113.194 - - [10/Jan/2025:02:10:59 +0100] "GET /ticket2/opencms/tr/buy?page=1&edid=3583D5C7-607A-E528-A709-844E6A72DC1B HTTP/1.1" 200 142620
114.119.147.32 - - [10/Jan/2025:02:11:00 +0100] "GET /ticket2/opencms/en/buy/?page=1&edid=63B3C27F-3402-BA64-D032-5846FD6DB5B5 HTTP/1.1" 200 110972
157.55.39.9 - - [10/Jan/2025:02:11:00 +0100] "GET /ticket2/opencms/dk/buy/?comcatid=A17713B6-D984-201A-4143-ED4DB5ED5C2E HTTP/1.1" 200 6410
193.70.81.110 - - [10/Jan/2025:02:11:01 +0100] "GET /ticket2/opencms/lt/buy/?page=1&edid=17C60B20-E0E7-E85A-0B9A-F8B1FEF30825 HTTP/1.1" 200 113175
85.208.96.198 - - [10/Jan/2025:02:11:01 +0100] "GET /ticket2/opencms/el/magazine/article?title=o-ma3imilianos-impraimobits-ypografei-gia-th-deyterh-omada-ths-as-milano HTTP/1.1" 200 98540
193.70.81.110 - - [10/Jan/2025:02:11:03 +0100] "GET /ticket2/opencms/lt/buy/?page=1&edid=17C93539-DAE9-7AD8-0195-8468AFF11DBB HTTP/1.1" 200 113191
185.191.171.6 - - [10/Jan/2025:02:11:05 +0100] "GET /ticket2/opencms/fr/magazine/article?title=liverpool-contre-tottenham HTTP/1.1" 200 91943
193.70.81.110 - - [10/Jan/2025:02:11:05 +0100] "GET /ticket2/opencms/lt/buy/?page=1&edid=1848722C-7496-89CC-162E-A03E4F33CA8A HTTP/1.1" 200 109964
65.21.113.194 - - [10/Jan/2025:02:11:06 +0100] "GET /ticket2/opencms/tr/buy?page=1&edid=3F2482EE-6B7A-310D-17CE-1C7E3CC58C7F HTTP/1.1" 200 123197
40.77.167.2 - - [10/Jan/2025:02:11:07 +0100] "GET /ticket2/opencms/ka/buy/?page=1&edid=F2B75FFE-B503-FA6C-066A-879F06B1D185 HTTP/1.1" 200 115476
193.70.81.110 - - [10/Jan/2025:02:11:08 +0100] "GET /ticket2/opencms/lt/buy/?page=1&edid=1862566B-2998-338F-A641-7BC143FBEEE7 HTTP/1.1" 200 136613
40.77.167.2 - - [10/Jan/2025:02:11:09 +0100] "GET /ticket2/opencms/az/buy?page=1&edid=D16DA74F-82BD-078A-CF3E-3033D52E5AD2&sortorder=asc&column=row HTTP/1.1" 200 115765
193.70.81.110 - - [10/Jan/2025:02:11:10 +0100] "GET /ticket2/opencms/lt/buy/?page=1&edid=18631B4D-241F-1419-AEC9-B2739BCE7CC3 HTTP/1.1" 200 125927
65.21.113.194 - - [10/Jan/2025:02:11:12 +0100] "GET /ticket2/opencms/tr/buy?page=1&edid=4130944B-8419-6A0B-A839-9FB45260F568 HTTP/1.1" 200 112630
193.70.81.110 - - [10/Jan/2025:02:11:12 +0100] "GET /ticket2/opencms/lt/buy/?page=1&edid=192B2692-9E9C-E45B-C641-B3FED8E2B94F HTTP/1.1" 200 119571
20.169.171.118 - - [10/Jan/2025:02:11:13 +0100] "GET /ticket2/opencms/system/modules/com.gridnine.opencms.ticketbrokerage.site/resources/pics/bank_1_nordea.png HTTP/1.1" 200 4807
54.36.148.205 - - [10/Jan/2025:02:11:14 +0100] "GET /ticket2/opencms/az/buy?page=1&edid=E8C34E6F-F034-0C2A-D437-ABD4D0BC81CD HTTP/1.1" 200 113524
193.70.81.110 - - [10/Jan/2025:02:11:15 +0100] "GET /ticket2/opencms/lt/buy/?page=1&edid=19422468-9239-E426-DB02-7FA0504E2BEC HTTP/1.1" 200 113026
202.8.43.86 - - [10/Jan/2025:02:11:15 +0100] "GET /ticket2/opencms/system/modules/com.gridnine.opencms.ticketbrokerage.site/resources/css/calendar.css HTTP/1.1" 200 6871
202.8.43.86 - - [10/Jan/2025:02:11:15 +0100] "GET /ticket2/opencms/system/modules/com.gridnine.opencms.ticketbrokerage.site/resources/css/jquery.fancybox.css HTTP/1.1" 200 4939
202.8.43.86 - - [10/Jan/2025:02:11:15 +0100] "GET /ticket2/opencms/system/modules/com.gridnine.opencms.ticketbrokerage.site/resources/js/jquery/jquery.js HTTP/1.1" 200 93868
202.8.43.86 - - [10/Jan/2025:02:11:15 +0100] "GET /ticket2/opencms/system/modules/com.gridnine.opencms.ticketbrokerage.site/resources/css/standard.css HTTP/1.1" 200 73081
202.8.43.86 - - [10/Jan/2025:02:11:15 +0100] "GET /ticket2/opencms/system/modules/com.gridnine.opencms.ticketbrokerage.site/resources/css/jquery-ui.css HTTP/1.1" 200 33221
202.8.43.86 - - [10/Jan/2025:02:11:15 +0100] "GET /ticket2/opencms/system/modules/com.gridnine.opencms.ticketbrokerage.site/resources/css/ticketbrokerage.css HTTP/1.1" 200 39339
202.8.43.86 - - [10/Jan/2025:02:11:15 +0100] "GET /ticket2/opencms/system/modules/com.gridnine.opencms.ticketbrokerage.site/resources/js/functions.js HTTP/1.1" 200 1583
202.8.43.86 - - [10/Jan/2025:02:11:15 +0100] "GET /ticket2/opencms/system/modules/com.gridnine.opencms.ticketbrokerage.site/resources/js/calendar-en.js HTTP/1.1" 200 3338
202.8.43.86 - - [10/Jan/2025:02:11:15 +0100] "GET /ticket2/opencms/system/modules/com.gridnine.opencms.ticketbrokerage.site/resources/js/jquery/jquery-ui.js HTTP/1.1" 200 228088
202.8.43.86 - - [10/Jan/2025:02:11:15 +0100] "GET /ticket2/opencms/system/modules/com.gridnine.opencms.ticketbrokerage.site/resources/js/calendar.js HTTP/1.1" 200 49229
202.8.43.86 - - [10/Jan/2025:02:11:15 +0100] "GET /ticket2/opencms/system/modules/com.gridnine.opencms.ticketbrokerage.site/resources/js/calendar-setup.js HTTP/1.1" 200 4923
202.8.43.86 - - [10/Jan/2025:02:11:15 +0100] "GET /ticket2/opencms/system/modules/com.gridnine.opencms.ticketbrokerage.site/resources/js/jquery.fancybox.pack.js HTTP/1.1" 200 23187
202.8.43.86 - - [10/Jan/2025:02:11:15 +0100] "GET /ticket2/opencms/system/modules/com.gridnine.opencms.ticketbrokerage.site/resources/js/stickyfill.min.js HTTP/1.1" 200 5672
202.8.43.86 - - [10/Jan/2025:02:11:15 +0100] "GET /ticket2/opencms/system/modules/com.gridnine.opencms.ticketbrokerage.site/resources/js/standard.js HTTP/1.1" 200 3978
202.8.43.86 - - [10/Jan/2025:02:11:15 +0100] "GET /ticket2/opencms/system/modules/com.gridnine.opencms.ticketbrokerage.site/resources/js/jquery.placeholder.min.js HTTP/1.1" 200 1737
202.8.43.86 - - [10/Jan/2025:02:11:16 +0100] "GET /ticket2/opencms/system/modules/com.gridnine.opencms.ticketbrokerage.site/resources/js/common-ajax.js HTTP/1.1" 200 20175
202.8.43.86 - - [10/Jan/2025:02:11:16 +0100] "GET /ticket2/opencms/az/ask-form.html HTTP/1.1" 200 3156
202.8.43.86 - - [10/Jan/2025:02:11:16 +0100] "GET /ticket2/opencms/system/modules/com.gridnine.opencms.ticketbrokerage.site/resources/css/ticketbrokerage.css HTTP/1.1" 200 39339
193.70.81.110 - - [10/Jan/2025:02:11:17 +0100] "GET /ticket2/opencms/lt/buy/?page=1&edid=19A761E2-EB58-E3A3-8138-A7C6E39C2D3E HTTP/1.1" 200 109908
185.191.171.2 - - [10/Jan/2025:02:11:17 +0100] "GET /ticket2/opencms/is/buy_safety/ HTTP/1.1" 200 88928
85.208.96.194 - - [10/Jan/2025:02:11:18 +0100] "GET /ticket2/opencms/fi/magazine/article?title=la-liga-real-madrid-voittanut-eniten-mestaruuksia HTTP/1.1" 200 94533
193.70.81.110 - - [10/Jan/2025:02:11:19 +0100] "GET /ticket2/opencms/lt/buy/?page=1&edid=19EA038B-40C5-A758-4121-DC981BEF8929 HTTP/1.1" 200 110037
65.21.113.194 - - [10/Jan/2025:02:11:19 +0100] "GET /ticket2/opencms/tr/buy?page=1&edid=41CD7066-237A-B852-387D-3D5D7B688DF9 HTTP/1.1" 200 136978
193.70.81.110 - - [10/Jan/2025:02:11:21 +0100] "GET /ticket2/opencms/lt/buy/?page=1&edid=1A6DF76F-066D-5DDA-945D-30F59CAC86E5 HTTP/1.1" 200 110003
20.169.171.118 - - [10/Jan/2025:02:11:23 +0100] "GET /ticket2/opencms/system/modules/com.gridnine.opencms.ticketbrokerage.site/resources/pics/ticket_info_button.png HTTP/1.1" 200 3820
193.70.81.110 - - [10/Jan/2025:02:11:23 +0100] "GET /ticket2/opencms/lt/buy/?page=1&edid=1ABC406A-92BD-FDCF-3BD6-80A52E60B34F HTTP/1.1" 200 146493
65.21.113.194 - - [10/Jan/2025:02:11:24 +0100] "GET /ticket2/opencms/tr/buy?page=1&edid=4DFD725A-4EAE-5578-E2C8-F093AEA223CD HTTP/1.1" 200 142338
85.208.96.210 - - [10/Jan/2025:02:11:24 +0100] "GET /ticket2/opencms/no/magazine/article?title=emirates-stadium-en-ikonisk-arena HTTP/1.1" 200 94876
185.191.171.2 - - [10/Jan/2025:02:11:26 +0100] "GET /ticket2/opencms/fr/sport/billets-football/champions-league/celtic HTTP/1.1" 200 96765
193.70.81.110 - - [10/Jan/2025:02:11:26 +0100] "GET /ticket2/opencms/lt/buy/?page=1&edid=1AD4E11C-C792-1721-4D1A-2229101A30FD HTTP/1.1" 200 146504
193.70.81.110 - - [10/Jan/2025:02:11:28 +0100] "GET /ticket2/opencms/lt/buy/?page=1&edid=1AEC2618-DE69-59D6-4D54-AF36D227A6D5 HTTP/1.1" 200 113958
217.182.175.120 - - [10/Jan/2025:02:11:28 +0100] "GET /ticket2/opencms/no/buy/?page=1&edid=A0F8530C-88CE-F45C-5515-DD5BC52A4F5F HTTP/1.1" 200 109209
65.21.113.194 - - [10/Jan/2025:02:11:29 +0100] "GET /ticket2/opencms/tr/buy?page=1&edid=5605B728-A815-14DD-9E19-09BABDE81131 HTTP/1.1" 200 136563
193.70.81.110 - - [10/Jan/2025:02:11:30 +0100] "GET /ticket2/opencms/lt/buy/?page=1&edid=1B05BB04-EDFF-893A-3423-98B4A4A95E64 HTTP/1.1" 200 109976
217.182.175.120 - - [10/Jan/2025:02:11:31 +0100] "GET /ticket2/opencms/no/buy/?page=1&edid=A0F8530C-88CE-F45C-5515-DD5BC52A4F5F&sortorder=desc&column=price HTTP/1.1" 200 111160
114.119.130.91 - - [10/Jan/2025:02:11:31 +0100] "GET /ticket2/opencms/en/sell/?edid=DE4904C5-7D6D-0A94-9EF1-CEB0137BB8A5 HTTP/1.1" 302 -
193.70.81.110 - - [10/Jan/2025:02:11:31 +0100] "GET /ticket2/opencms/lt/buy/?page=1&edid=1B1B1FC4-4D35-11C5-5D85-DF2C3A11720F HTTP/1.1" 200 112136
193.70.81.110 - - [10/Jan/2025:02:11:34 +0100] "GET /ticket2/opencms/lt/buy/?page=1&edid=1B66F7E9-6D68-7258-D0DB-383034F8302F HTTP/1.1" 200 136589
217.182.175.120 - - [10/Jan/2025:02:11:35 +0100] "GET /ticket2/opencms/no/buy/?page=1&edid=A0FF03C8-8420-0877-2FE6-0C9E8902BC6D&sortorder=asc&column=price HTTP/1.1" 200 114619
65.21.113.194 - - [10/Jan/2025:02:11:35 +0100] "GET /ticket2/opencms/tr/buy?page=1&edid=56B38CDE-C52C-9D5C-A997-D65F4CB742AB HTTP/1.1" 200 142500
114.119.130.91 - - [10/Jan/2025:02:11:36 +0100] "GET /ticket2/opencms/en/login/?url=/en/sell/ HTTP/1.1" 200 89800
193.70.81.110 - - [10/Jan/2025:02:11:36 +0100] "GET /ticket2/opencms/lt/buy/?page=1&edid=1B6F6A2B-A0DA-FF91-EC4E-3DCAA442C25B HTTP/1.1" 200 137998
114.119.159.237 - - [10/Jan/2025:02:11:38 +0100] "GET /ticket2/opencms/en/buy_safety HTTP/1.1" 200 88714
217.182.175.120 - - [10/Jan/2025:02:11:39 +0100] "GET /ticket2/opencms/no/buy/?page=1&edid=A113B61A-B5C1-60FF-81C6-AFD814B7CD4E&sortorder=desc&column=row HTTP/1.1" 200 110936
193.70.81.110 - - [10/Jan/2025:02:11:39 +0100] "GET /ticket2/opencms/lt/buy/?page=1&edid=1B758EC3-A0AE-5D81-985E-920903B76379 HTTP/1.1" 200 136631
47.128.96.119 - - [10/Jan/2025:02:11:40 +0100] "GET /ticket2/opencms/fi/venue/?venueid=9B137520-72B4-1150-AC79-9BCA4FCF5EB1 HTTP/1.1" 200 86663
65.21.113.194 - - [10/Jan/2025:02:11:40 +0100] "GET /ticket2/opencms/tr/buy?page=1&edid=57449F59-3EAF-BBAB-4AC9-B7A456A32485 HTTP/1.1" 200 125518
193.70.81.110 - - [10/Jan/2025:02:11:41 +0100] "GET /ticket2/opencms/lt/buy/?page=1&edid=1B836A42-4F20-7A0F-05D1-08388A470666 HTTP/1.1" 200 112374
217.182.175.120 - - [10/Jan/2025:02:11:42 +0100] "GET /ticket2/opencms/no/buy/?page=1&edid=A14306CB-74D0-0A5A-1BAB-0EBF2C3505C9 HTTP/1.1" 200 109211
193.70.81.110 - - [10/Jan/2025:02:11:43 +0100] "GET /ticket2/opencms/lt/buy/?page=1&edid=1B8F518C-70C1-6862-0544-4A1418DD424D HTTP/1.1" 200 121757
65.21.113.194 - - [10/Jan/2025:02:11:44 +0100] "GET /ticket2/opencms/tr/buy?page=1&edid=57C8D150-DCBD-4911-196A-160A37952FA8 HTTP/1.1" 200 136866
193.70.81.110 - - [10/Jan/2025:02:11:46 +0100] "GET /ticket2/opencms/lt/buy/?page=1&edid=1BA9B6DE-06FA-AA46-3146-23F15C17019E HTTP/1.1" 200 133314
217.182.175.120 - - [10/Jan/2025:02:11:46 +0100] "GET /ticket2/opencms/no/buy/?page=1&edid=A14306CB-74D0-0A5A-1BAB-0EBF2C3505C9&sortorder=asc&column=price HTTP/1.1" 200 111054
54.36.148.215 - - [10/Jan/2025:02:11:47 +0100] "GET /ticket2/opencms/sv/buy/?page=1&edid=8E8E9404-172C-6C57-7F68-EAFC3F95D1AC HTTP/1.1" 200 136270
193.70.81.110 - - [10/Jan/2025:02:11:48 +0100] "GET /ticket2/opencms/lt/buy/?page=1&edid=1BDA6D08-38AF-6470-7423-555F9C3DEC73 HTTP/1.1" 200 113772
54.36.149.72 - - [10/Jan/2025:02:11:48 +0100] "GET /ticket2/opencms/hu/buy?page=1&edid=D3AB0CA8-3C40-1AB9-8BEC-7D01F349EB4E HTTP/1.1" 200 137680
85.208.96.206 - - [10/Jan/2025:02:11:48 +0100] "GET /ticket2/opencms/sl/magazine/article?title=luka-modric-ostaja-pri-real-madridu HTTP/1.1" 200 94534
202.8.40.50 - - [10/Jan/2025:02:11:49 +0100] "GET /ticket2/opencms/system/modules/com.gridnine.opencms.ticketbrokerage.site/resources/css/ticketbrokerage.css HTTP/1.1" 200 39339
202.8.40.50 - - [10/Jan/2025:02:11:49 +0100] "GET /ticket2/opencms/system/modules/com.gridnine.opencms.ticketbrokerage.site/resources/css/jquery.fancybox.css HTTP/1.1" 200 4939
202.8.40.50 - - [10/Jan/2025:02:11:49 +0100] "GET /ticket2/opencms/system/modules/com.gridnine.opencms.ticketbrokerage.site/resources/css/standard.css HTTP/1.1" 200 73081
202.8.40.50 - - [10/Jan/2025:02:11:49 +0100] "GET /ticket2/opencms/system/modules/com.gridnine.opencms.ticketbrokerage.site/resources/css/calendar.css HTTP/1.1" 200 6871
202.8.40.50 - - [10/Jan/2025:02:11:49 +0100] "GET /ticket2/opencms/system/modules/com.gridnine.opencms.ticketbrokerage.site/resources/css/jquery-ui.css HTTP/1.1" 200 33221
202.8.40.50 - - [10/Jan/2025:02:11:49 +0100] "GET /ticket2/opencms/system/modules/com.gridnine.opencms.ticketbrokerage.site/resources/js/jquery/jquery.js HTTP/1.1" 200 93868
202.8.40.50 - - [10/Jan/2025:02:11:49 +0100] "GET /ticket2/opencms/system/modules/com.gridnine.opencms.ticketbrokerage.site/resources/js/functions.js HTTP/1.1" 200 1583
202.8.40.50 - - [10/Jan/2025:02:11:49 +0100] "GET /ticket2/opencms/system/modules/com.gridnine.opencms.ticketbrokerage.site/resources/js/jquery/jquery-ui.js HTTP/1.1" 200 228088
202.8.40.50 - - [10/Jan/2025:02:11:49 +0100] "GET /ticket2/opencms/system/modules/com.gridnine.opencms.ticketbrokerage.site/resources/js/calendar.js HTTP/1.1" 200 49229
202.8.40.50 - - [10/Jan/2025:02:11:49 +0100] "GET /ticket2/opencms/system/modules/com.gridnine.opencms.ticketbrokerage.site/resources/js/calendar-en.js HTTP/1.1" 200 3338
202.8.40.50 - - [10/Jan/2025:02:11:49 +0100] "GET /ticket2/opencms/system/modules/com.gridnine.opencms.ticketbrokerage.site/resources/js/calendar-setup.js HTTP/1.1" 200 4923
202.8.40.50 - - [10/Jan/2025:02:11:49 +0100] "GET /ticket2/opencms/system/modules/com.gridnine.opencms.ticketbrokerage.site/resources/js/jquery.fancybox.pack.js HTTP/1.1" 200 23187
202.8.40.50 - - [10/Jan/2025:02:11:49 +0100] "GET /ticket2/opencms/system/modules/com.gridnine.opencms.ticketbrokerage.site/resources/js/stickyfill.min.js HTTP/1.1" 200 5672
202.8.40.50 - - [10/Jan/2025:02:11:49 +0100] "GET /ticket2/opencms/system/modules/com.gridnine.opencms.ticketbrokerage.site/resources/js/standard.js HTTP/1.1" 200 3978
202.8.40.50 - - [10/Jan/2025:02:11:49 +0100] "GET /ticket2/opencms/system/modules/com.gridnine.opencms.ticketbrokerage.site/resources/js/jquery.placeholder.min.js HTTP/1.1" 200 1737
202.8.40.50 - - [10/Jan/2025:02:11:49 +0100] "GET /ticket2/opencms/system/modules/com.gridnine.opencms.ticketbrokerage.site/resources/js/common-ajax.js HTTP/1.1" 200 20175
202.8.43.191 - - [10/Jan/2025:02:11:49 +0100] "GET /ticket2/opencms/system/modules/com.gridnine.opencms.ticketbrokerage.site/resources/css/ticketbrokerage.css HTTP/1.1" 200 39339
202.8.40.50 - - [10/Jan/2025:02:11:49 +0100] "GET /ticket2/opencms/sv/ask-form.html HTTP/1.1" 200 2950
202.8.43.191 - - [10/Jan/2025:02:11:49 +0100] "GET /ticket2/opencms/system/modules/com.gridnine.opencms.ticketbrokerage.site/resources/css/jquery-ui.css HTTP/1.1" 200 33221
202.8.43.191 - - [10/Jan/2025:02:11:49 +0100] "GET /ticket2/opencms/system/modules/com.gridnine.opencms.ticketbrokerage.site/resources/css/calendar.css HTTP/1.1" 200 6871
202.8.43.191 - - [10/Jan/2025:02:11:49 +0100] "GET /ticket2/opencms/system/modules/com.gridnine.opencms.ticketbrokerage.site/resources/css/jquery.fancybox.css HTTP/1.1" 200 4939
202.8.43.191 - - [10/Jan/2025:02:11:49 +0100] "GET /ticket2/opencms/system/modules/com.gridnine.opencms.ticketbrokerage.site/resources/css/standard.css HTTP/1.1" 200 73081
202.8.43.191 - - [10/Jan/2025:02:11:49 +0100] "GET /ticket2/opencms/system/modules/com.gridnine.opencms.ticketbrokerage.site/resources/js/jquery/jquery-ui.js HTTP/1.1" 200 228088
202.8.43.191 - - [10/Jan/2025:02:11:49 +0100] "GET /ticket2/opencms/system/modules/com.gridnine.opencms.ticketbrokerage.site/resources/js/stickyfill.min.js HTTP/1.1" 200 5672
202.8.43.191 - - [10/Jan/2025:02:11:49 +0100] "GET /ticket2/opencms/system/modules/com.gridnine.opencms.ticketbrokerage.site/resources/js/jquery.fancybox.pack.js HTTP/1.1" 200 23187
202.8.43.191 - - [10/Jan/2025:02:11:49 +0100] "GET /ticket2/opencms/system/modules/com.gridnine.opencms.ticketbrokerage.site/resources/js/calendar-en.js HTTP/1.1" 200 3338
202.8.43.191 - - [10/Jan/2025:02:11:49 +0100] "GET /ticket2/opencms/system/modules/com.gridnine.opencms.ticketbrokerage.site/resources/js/calendar.js HTTP/1.1" 200 49229
202.8.43.191 - - [10/Jan/2025:02:11:49 +0100] "GET /ticket2/opencms/system/modules/com.gridnine.opencms.ticketbrokerage.site/resources/js/functions.js HTTP/1.1" 200 1583
202.8.43.191 - - [10/Jan/2025:02:11:49 +0100] "GET /ticket2/opencms/system/modules/com.gridnine.opencms.ticketbrokerage.site/resources/js/jquery/jquery.js HTTP/1.1" 200 93868
202.8.43.191 - - [10/Jan/2025:02:11:49 +0100] "GET /ticket2/opencms/system/modules/com.gridnine.opencms.ticketbrokerage.site/resources/js/calendar-setup.js HTTP/1.1" 200 4923
193.70.81.110 - - [10/Jan/2025:02:11:50 +0100] "GET /ticket2/opencms/lt/buy/?page=1&edid=1BDE69E9-911B-D7B1-5E4E-80296443BB3B HTTP/1.1" 200 109901
202.8.43.191 - - [10/Jan/2025:02:11:50 +0100] "GET /ticket2/opencms/system/modules/com.gridnine.opencms.ticketbrokerage.site/resources/js/standard.js HTTP/1.1" 200 3978
202.8.43.191 - - [10/Jan/2025:02:11:50 +0100] "GET /ticket2/opencms/system/modules/com.gridnine.opencms.ticketbrokerage.site/resources/js/jquery.placeholder.min.js HTTP/1.1" 200 1737
202.8.43.191 - - [10/Jan/2025:02:11:50 +0100] "GET /ticket2/opencms/system/modules/com.gridnine.opencms.ticketbrokerage.site/resources/js/common-ajax.js HTTP/1.1" 200 20175
217.182.175.120 - - [10/Jan/2025:02:11:50 +0100] "GET /ticket2/opencms/no/buy/?page=1&edid=A14306CB-74D0-0A5A-1BAB-0EBF2C3505C9&sortorder=desc&column=row HTTP/1.1" 200 111056
202.8.43.191 - - [10/Jan/2025:02:11:51 +0100] "GET /ticket2/opencms/hu/ask-form.html HTTP/1.1" 200 3156
65.21.113.194 - - [10/Jan/2025:02:11:51 +0100] "GET /ticket2/opencms/tr/buy?page=1&edid=5CBB442D-D365-7F4F-B999-AA88D946C632 HTTP/1.1" 200 142571
202.8.43.191 - - [10/Jan/2025:02:11:51 +0100] "GET /ticket2/opencms/system/modules/com.gridnine.opencms.ticketbrokerage.site/resources/css/ticketbrokerage.css HTTP/1.1" 200 39339
193.70.81.110 - - [10/Jan/2025:02:11:52 +0100] "GET /ticket2/opencms/lt/buy/?page=1&edid=1BEE5A38-DD94-3509-3225-C4A2986A386D HTTP/1.1" 200 112304
202.8.40.50 - - [10/Jan/2025:02:11:52 +0100] "GET /ticket2/opencms/sv/ask-form.html HTTP/1.1" 200 2950
202.8.40.50 - - [10/Jan/2025:02:11:52 +0100] "GET /ticket2/opencms/system/modules/com.gridnine.opencms.ticketbrokerage.site/resources/js/standard.js HTTP/1.1" 200 3978
202.8.40.50 - - [10/Jan/2025:02:11:52 +0100] "GET /ticket2/opencms/system/modules/com.gridnine.opencms.ticketbrokerage.site/resources/css/ticketbrokerage.css HTTP/1.1" 200 39339
52.167.144.194 - - [10/Jan/2025:02:11:52 +0100] "GET /ticket2/opencms/ka/buy/?page=1&edid=26B5B341-FB40-FF92-A06B-966F91DC0894 HTTP/1.1" 200 115388
193.70.81.110 - - [10/Jan/2025:02:11:54 +0100] "GET /ticket2/opencms/lt/buy/?page=1&edid=1C109B19-215B-025B-D9B8-6D4E44843BBC HTTP/1.1" 200 133296
217.182.175.120 - - [10/Jan/2025:02:11:54 +0100] "GET /ticket2/opencms/no/buy/?page=1&edid=A172CB19-4E01-B0D9-FC0A-53E2305912D9 HTTP/1.1" 200 110516
185.191.171.3 - - [10/Jan/2025:02:11:55 +0100] "GET /ticket2/opencms/de/robots.txt HTTP/1.1" 404 -
185.191.171.2 - - [10/Jan/2025:02:11:57 +0100] "GET /ticket2/opencms/robots.txt HTTP/1.1" 200 773
65.21.113.194 - - [10/Jan/2025:02:11:57 +0100] "GET /ticket2/opencms/tr/buy?page=1&edid=5E608C7A-903B-E4BB-4868-5D83917347B8 HTTP/1.1" 200 149972
207.46.13.31 - - [10/Jan/2025:02:11:58 +0100] "GET /ticket2/opencms/en/buy/?page=1&edid=89EB4F09-7DFA-DE60-A799-1F1B9F2BAA97 HTTP/1.1" 200 107988
217.182.175.120 - - [10/Jan/2025:02:11:58 +0100] "GET /ticket2/opencms/no/buy/?page=1&edid=A18B7AA2-BC88-9685-D882-F3ACFA423D12 HTTP/1.1" 200 112475
85.208.96.201 - - [10/Jan/2025:02:11:59 +0100] "GET /ticket2/opencms/de/no/sport/fotballsbilletter/serie_a/udinese/ HTTP/1.1" 404 -
157.55.39.9 - - [10/Jan/2025:02:12:01 +0100] "GET /ticket2/opencms/lt/sport/futbolo-bilietai/champions-league/liverpool HTTP/1.1" 200 96860
47.128.120.66 - - [10/Jan/2025:02:12:01 +0100] "GET /ticket2/opencms/ro/contactati-ne/ HTTP/1.1" 200 88890
217.182.175.120 - - [10/Jan/2025:02:12:03 +0100] "GET /ticket2/opencms/no/buy/?page=1&edid=A18B7AA2-BC88-9685-D882-F3ACFA423D12&sortorder=desc&column=section HTTP/1.1" 200 114506
65.21.113.194 - - [10/Jan/2025:02:12:03 +0100] "GET /ticket2/opencms/tr/buy?page=1&edid=627DD27E-C54C-E728-A0EA-5E098C44319A HTTP/1.1" 200 123190
185.191.171.13 - - [10/Jan/2025:02:12:06 +0100] "GET /ticket2/opencms/robots.txt HTTP/1.1" 200 773
217.182.175.120 - - [10/Jan/2025:02:12:07 +0100] "GET /ticket2/opencms/no/buy/?page=1&edid=A195A8FE-B2EE-BA5B-F976-198FF4DA9CB4 HTTP/1.1" 200 111319
185.191.171.9 - - [10/Jan/2025:02:12:07 +0100] "GET /ticket2/opencms/es/magazine/article?title=sobre-el-arsenal-fc HTTP/1.1" 200 93417
65.21.113.194 - - [10/Jan/2025:02:12:10 +0100] "GET /ticket2/opencms/tr/buy?page=1&edid=6491C4B6-5C45-20F3-BDEC-54EE4BA903D5 HTTP/1.1" 200 137150
185.191.171.4 - - [10/Jan/2025:02:12:10 +0100] "GET /ticket2/opencms/pl/magazine/article?title=ostatni-sezon-lionela-messiego HTTP/1.1" 200 93660
217.182.175.120 - - [10/Jan/2025:02:12:11 +0100] "GET /ticket2/opencms/no/buy/?page=1&edid=A1D2C259-DC72-E258-6E1C-38A00CB49F74 HTTP/1.1" 200 112109
85.208.96.208 - - [10/Jan/2025:02:12:12 +0100] "GET /ticket2/opencms/mt/affiliateprogram.html HTTP/1.1" 200 87337
47.128.113.62 - - [10/Jan/2025:02:12:12 +0100] "GET /ticket2/opencms/lv/buy/?edid=46ED3103-DE6B-A6DD-76D4-FB2A3432E453 HTTP/1.1" 200 92448
217.182.175.120 - - [10/Jan/2025:02:12:14 +0100] "GET /ticket2/opencms/no/buy/?page=1&edid=A26C8801-6D64-B14F-3D1B-6E1107BED6DB HTTP/1.1" 200 112362
65.21.113.194 - - [10/Jan/2025:02:12:14 +0100] "GET /ticket2/opencms/tr/buy?page=1&edid=65C03F06-B4E6-0D65-D535-E007A0321D02 HTTP/1.1" 200 125505
20.169.171.118 - - [10/Jan/2025:02:12:16 +0100] "GET /ticket2/opencms/venue/Tottanham_Hotspur_Stadium.png HTTP/1.1" 200 43726
216.244.66.238 - - [10/Jan/2025:02:12:18 +0100] "GET /ticket2/opencms/sv/sport/fotbollsbiljetter/bundesliga/bayern-munchen/ HTTP/1.1" 200 101048
217.182.175.120 - - [10/Jan/2025:02:12:19 +0100] "GET /ticket2/opencms/no/buy/?page=1&edid=A2BD900A-7781-85CC-B266-10CD17F4A1CE HTTP/1.1" 200 111638
65.21.113.194 - - [10/Jan/2025:02:12:20 +0100] "GET /ticket2/opencms/tr/buy?page=1&edid=66C22035-E7EA-E10A-4BFC-2C30733037DC HTTP/1.1" 200 137576
217.182.175.120 - - [10/Jan/2025:02:12:23 +0100] "GET /ticket2/opencms/no/buy/?page=1&edid=A2BD900A-7781-85CC-B266-10CD17F4A1CE&sortorder=desc&column=row HTTP/1.1" 200 113301
216.244.66.238 - - [10/Jan/2025:02:12:23 +0100] "GET /ticket2/opencms/et/sport/jalgpallipiletid/premier-league/chelsea HTTP/1.1" 200 102137
40.77.167.30 - - [10/Jan/2025:02:12:24 +0100] "GET /ticket2/opencms/sites/ticketbrokerage/sv/tickets/lazio/atalanta.html HTTP/1.1" 404 -
157.55.39.9 - - [10/Jan/2025:02:12:25 +0100] "GET /ticket2/opencms/sl/buy?page=1&edid=E44DC375-BF25-5777-5BCC-50DEE64DB819 HTTP/1.1" 200 112862
217.182.175.120 - - [10/Jan/2025:02:12:26 +0100] "GET /ticket2/opencms/no/buy/?page=1&edid=A2BD900A-7781-85CC-B266-10CD17F4A1CE&sortorder=desc&column=section HTTP/1.1" 200 113599
65.21.113.194 - - [10/Jan/2025:02:12:26 +0100] "GET /ticket2/opencms/tr/buy?page=1&edid=68B485F7-9483-6E4F-656D-602EE2AC621D HTTP/1.1" 200 137572
217.182.175.120 - - [10/Jan/2025:02:12:30 +0100] "GET /ticket2/opencms/no/buy/?page=1&edid=A2BE7168-4845-F8FA-2E68-63757EE4B44F&sortorder=asc&column=row HTTP/1.1" 200 113628
65.21.113.194 - - [10/Jan/2025:02:12:32 +0100] "GET /ticket2/opencms/tr/buy?page=1&edid=6900F69D-285C-3BF9-3103-7DA1DE82E367 HTTP/1.1" 200 123402
217.182.175.120 - - [10/Jan/2025:02:12:34 +0100] "GET /ticket2/opencms/no/buy/?page=1&edid=A2DDA4E4-44CC-604A-D0E5-6CFEACA7D15C HTTP/1.1" 200 112999
85.208.96.194 - - [10/Jan/2025:02:12:37 +0100] "GET /ticket2/opencms/no/magazine/article?title=hvordan-ser-framtiden-ut-for-alexander-isak HTTP/1.1" 200 92389
65.21.113.194 - - [10/Jan/2025:02:12:37 +0100] "GET /ticket2/opencms/tr/buy?page=1&edid=69802F7E-2013-4656-113E-ECD53B17933B HTTP/1.1" 200 123392
40.77.167.2 - - [10/Jan/2025:02:12:38 +0100] "GET /ticket2/opencms/fi/magazine/article???%20Error%20reading%20resource%20from%20path HTTP/1.1" 200 88986
217.182.175.120 - - [10/Jan/2025:02:12:38 +0100] "GET /ticket2/opencms/no/buy/?page=1&edid=A2DDA4E4-44CC-604A-D0E5-6CFEACA7D15C&sortorder=asc&column=price HTTP/1.1" 200 114849
217.182.175.120 - - [10/Jan/2025:02:12:41 +0100] "GET /ticket2/opencms/no/buy/?page=1&edid=A2DDA4E4-44CC-604A-D0E5-6CFEACA7D15C&sortorder=asc&column=row HTTP/1.1" 200 114706
65.21.113.194 - - [10/Jan/2025:02:12:43 +0100] "GET /ticket2/opencms/tr/buy?page=1&edid=6A920F16-DD42-2262-3AA2-B83D5743F13A HTTP/1.1" 200 141479
217.182.175.120 - - [10/Jan/2025:02:12:45 +0100] "GET /ticket2/opencms/no/buy/?page=1&edid=A2DDA4E4-44CC-604A-D0E5-6CFEACA7D15C&sortorder=asc&column=section HTTP/1.1" 200 114941
114.119.157.43 - - [10/Jan/2025:02:12:48 +0100] "GET /ticket2/opencms/en/buy/?page=1&edid=D583178E-43D8-7D50-04FC-EBCEB3BBF6F0 HTTP/1.1" 200 110157
65.21.113.194 - - [10/Jan/2025:02:12:49 +0100] "GET /ticket2/opencms/tr/buy?page=1&edid=6C0AA1CC-8488-7981-DA23-AD8E06F80ABD HTTP/1.1" 200 136755
217.182.175.120 - - [10/Jan/2025:02:12:49 +0100] "GET /ticket2/opencms/no/buy/?page=1&edid=A3190A63-6FBC-ADA1-B1CD-CF47F8FAB5EA&sortorder=desc&column=price HTTP/1.1" 200 114215
217.182.175.120 - - [10/Jan/2025:02:12:53 +0100] "GET /ticket2/opencms/no/buy/?page=1&edid=A3190A63-6FBC-ADA1-B1CD-CF47F8FAB5EA&sortorder=desc&column=section HTTP/1.1" 200 114278
65.21.113.194 - - [10/Jan/2025:02:12:55 +0100] "GET /ticket2/opencms/tr/buy?page=1&edid=6C967880-E08B-3121-25D0-F145A5542A49 HTTP/1.1" 200 128761
217.182.175.120 - - [10/Jan/2025:02:12:57 +0100] "GET /ticket2/opencms/no/buy/?page=1&edid=A3C9C39A-D58E-E88B-771B-8E4C4FF57183 HTTP/1.1" 200 111619
65.21.113.194 - - [10/Jan/2025:02:12:59 +0100] "GET /ticket2/opencms/robots.txt HTTP/1.1" 200 773
65.21.113.194 - - [10/Jan/2025:02:13:00 +0100] "GET /ticket2/opencms/tr/buy?page=1&edid=719E6B6D-707F-E825-E3AA-0E552980E1EB HTTP/1.1" 200 125708
185.191.171.7 - - [10/Jan/2025:02:13:00 +0100] "GET /ticket2/opencms/cs/magazine/article?title=abdul-fatawu-bude-chybet-zbytek-sezony HTTP/1.1" 200 94229
217.182.175.120 - - [10/Jan/2025:02:13:01 +0100] "GET /ticket2/opencms/no/buy/?page=1&edid=A3E42FD5-75D6-99FD-0A53-D3BAFC034D71 HTTP/1.1" 200 112486
65.21.113.194 - - [10/Jan/2025:02:13:04 +0100] "GET /ticket2/opencms/tr/buy?page=1&edid=71A5516F-6BB3-FB63-461B-A9493E3B32DA HTTP/1.1" 200 125480
217.182.175.120 - - [10/Jan/2025:02:13:05 +0100] "GET /ticket2/opencms/no/buy/?page=1&edid=A3E42FD5-75D6-99FD-0A53-D3BAFC034D71&sortorder=desc&column=price HTTP/1.1" 200 114409
217.182.175.120 - - [10/Jan/2025:02:13:09 +0100] "GET /ticket2/opencms/no/buy/?page=1&edid=A42468F2-2132-FBF5-F067-C842FEC4FD25 HTTP/1.1" 200 112563
65.21.113.194 - - [10/Jan/2025:02:13:10 +0100] "GET /ticket2/opencms/tr/buy?page=1&edid=72113169-CE1D-B963-8867-381A95276A39 HTTP/1.1" 200 113474
217.182.175.120 - - [10/Jan/2025:02:13:13 +0100] "GET /ticket2/opencms/no/buy/?page=1&edid=A42468F2-2132-FBF5-F067-C842FEC4FD25&sortorder=desc&column=price HTTP/1.1" 200 114376
217.182.175.120 - - [10/Jan/2025:02:13:17 +0100] "GET /ticket2/opencms/no/buy/?page=1&edid=A5591D9F-77E5-42D4-12B2-88E4BA8C9520 HTTP/1.1" 200 112240
65.21.113.194 - - [10/Jan/2025:02:13:17 +0100] "GET /ticket2/opencms/tr/buy?page=1&edid=73ADC408-1051-3D3B-0D53-5DA8E608120E HTTP/1.1" 200 136495
217.182.175.120 - - [10/Jan/2025:02:13:20 +0100] "GET /ticket2/opencms/no/buy/?page=1&edid=A633271C-B67E-BBE4-ABBF-029D739BC729&sortorder=desc&column=row HTTP/1.1" 200 114865
47.128.110.120 - - [10/Jan/2025:02:13:21 +0100] "GET /ticket2/opencms/ro/buy?catid=A4D9EA9A-192D-0274-BF26-9C98D8B902AB&comcatid=A17713B6-D984-201A-4143-ED4DB5ED5C2E HTTP/1.1" 200 6410
217.182.175.120 - - [10/Jan/2025:02:13:24 +0100] "GET /ticket2/opencms/no/buy/?page=1&edid=A633271C-B67E-BBE4-ABBF-029D739BC729&sortorder=desc&column=section HTTP/1.1" 200 115110
217.182.175.120 - - [10/Jan/2025:02:13:28 +0100] "GET /ticket2/opencms/no/buy/?page=1&edid=A6AEE026-3893-5CA2-6069-AD804B310580 HTTP/1.1" 200 112417
65.21.113.194 - - [10/Jan/2025:02:13:28 +0100] "GET /ticket2/opencms/tr/buy?page=1&edid=750C6040-29F7-425D-A24F-51B977F415A3 HTTP/1.1" 200 137445
217.182.175.120 - - [10/Jan/2025:02:13:32 +0100] "GET /ticket2/opencms/no/buy/?page=1&edid=A6BB718A-C4BD-3D5C-72E2-D776690BA6E7 HTTP/1.1" 200 111468
47.128.97.68 - - [10/Jan/2025:02:13:34 +0100] "GET /ticket2/opencms/nl/magazine/article?title=bergvall-en-kulusevski-maken-indruk HTTP/1.1" 200 91945
114.119.139.202 - - [10/Jan/2025:02:13:34 +0100] "GET /ticket2/opencms/en/sport/football-tickets/premier_league/brentford/ HTTP/1.1" 200 92386
54.36.148.74 - - [10/Jan/2025:02:13:34 +0100] "GET /ticket2/opencms/nl/buy?page=1&edid=ABE0D196-5A84-0064-2AAA-8BE846913E3B HTTP/1.1" 200 133983
65.21.113.194 - - [10/Jan/2025:02:13:35 +0100] "GET /ticket2/opencms/tr/buy?page=1&edid=7568E602-7C67-35D2-952F-D243F8930169 HTTP/1.1" 200 136541
217.182.175.120 - - [10/Jan/2025:02:13:36 +0100] "GET /ticket2/opencms/no/buy/?page=1&edid=A704B95C-FE59-5574-5696-780991A0B69A HTTP/1.1" 200 112865
202.8.42.191 - - [10/Jan/2025:02:13:36 +0100] "GET /ticket2/opencms/system/modules/com.gridnine.opencms.ticketbrokerage.site/resources/css/jquery.fancybox.css HTTP/1.1" 200 4939
202.8.42.191 - - [10/Jan/2025:02:13:36 +0100] "GET /ticket2/opencms/system/modules/com.gridnine.opencms.ticketbrokerage.site/resources/css/ticketbrokerage.css HTTP/1.1" 200 39339
202.8.42.191 - - [10/Jan/2025:02:13:36 +0100] "GET /ticket2/opencms/system/modules/com.gridnine.opencms.ticketbrokerage.site/resources/css/calendar.css HTTP/1.1" 200 6871
202.8.42.191 - - [10/Jan/2025:02:13:36 +0100] "GET /ticket2/opencms/system/modules/com.gridnine.opencms.ticketbrokerage.site/resources/css/jquery-ui.css HTTP/1.1" 200 33221
202.8.42.191 - - [10/Jan/2025:02:13:37 +0100] "GET /ticket2/opencms/system/modules/com.gridnine.opencms.ticketbrokerage.site/resources/css/standard.css HTTP/1.1" 200 73081
202.8.42.191 - - [10/Jan/2025:02:13:37 +0100] "GET /ticket2/opencms/system/modules/com.gridnine.opencms.ticketbrokerage.site/resources/js/jquery/jquery-ui.js HTTP/1.1" 200 228088
202.8.42.191 - - [10/Jan/2025:02:13:37 +0100] "GET /ticket2/opencms/system/modules/com.gridnine.opencms.ticketbrokerage.site/resources/js/jquery/jquery.js HTTP/1.1" 200 93868
202.8.42.191 - - [10/Jan/2025:02:13:37 +0100] "GET /ticket2/opencms/system/modules/com.gridnine.opencms.ticketbrokerage.site/resources/js/functions.js HTTP/1.1" 200 1583
202.8.42.191 - - [10/Jan/2025:02:13:37 +0100] "GET /ticket2/opencms/system/modules/com.gridnine.opencms.ticketbrokerage.site/resources/js/calendar.js HTTP/1.1" 200 49229
202.8.42.191 - - [10/Jan/2025:02:13:37 +0100] "GET /ticket2/opencms/system/modules/com.gridnine.opencms.ticketbrokerage.site/resources/js/calendar-en.js HTTP/1.1" 200 3338
202.8.42.191 - - [10/Jan/2025:02:13:37 +0100] "GET /ticket2/opencms/system/modules/com.gridnine.opencms.ticketbrokerage.site/resources/js/calendar-setup.js HTTP/1.1" 200 4923
202.8.42.191 - - [10/Jan/2025:02:13:37 +0100] "GET /ticket2/opencms/system/modules/com.gridnine.opencms.ticketbrokerage.site/resources/js/jquery.fancybox.pack.js HTTP/1.1" 200 23187
202.8.42.191 - - [10/Jan/2025:02:13:37 +0100] "GET /ticket2/opencms/system/modules/com.gridnine.opencms.ticketbrokerage.site/resources/js/stickyfill.min.js HTTP/1.1" 200 5672
202.8.42.191 - - [10/Jan/2025:02:13:37 +0100] "GET /ticket2/opencms/system/modules/com.gridnine.opencms.ticketbrokerage.site/resources/js/standard.js HTTP/1.1" 200 3978
202.8.42.191 - - [10/Jan/2025:02:13:37 +0100] "GET /ticket2/opencms/system/modules/com.gridnine.opencms.ticketbrokerage.site/resources/js/jquery.placeholder.min.js HTTP/1.1" 200 1737
202.8.42.191 - - [10/Jan/2025:02:13:37 +0100] "GET /ticket2/opencms/system/modules/com.gridnine.opencms.ticketbrokerage.site/resources/js/common-ajax.js HTTP/1.1" 200 20175
202.8.42.191 - - [10/Jan/2025:02:13:37 +0100] "GET /ticket2/opencms/nl/ask-form.html HTTP/1.1" 200 3015
202.8.42.191 - - [10/Jan/2025:02:13:37 +0100] "GET /ticket2/opencms/nl/ask-form.html HTTP/1.1" 200 3015
202.8.42.191 - - [10/Jan/2025:02:13:37 +0100] "GET /ticket2/opencms/system/modules/com.gridnine.opencms.ticketbrokerage.site/resources/css/ticketbrokerage.css HTTP/1.1" 200 39339
85.208.96.196 - - [10/Jan/2025:02:13:38 +0100] "GET /ticket2/opencms/nl/sport/voetbal-tickets/bundesliga/union_berlin/ HTTP/1.1" 200 92588
85.208.96.195 - - [10/Jan/2025:02:13:39 +0100] "GET /ticket2/opencms/az/magazine/article?title=manchester-united-vs-arsenal HTTP/1.1" 200 92626
65.21.113.194 - - [10/Jan/2025:02:13:40 +0100] "GET /ticket2/opencms/tr/buy?page=1&edid=78E4B91C-1F75-6F0B-081E-2F48F65F6C41 HTTP/1.1" 200 112538
217.182.175.120 - - [10/Jan/2025:02:13:40 +0100] "GET /ticket2/opencms/no/buy/?page=1&edid=A75BF47D-61CA-1D9C-AE7B-88EFFA7FFEA4 HTTP/1.1" 200 109124
217.182.175.120 - - [10/Jan/2025:02:13:43 +0100] "GET /ticket2/opencms/no/buy/?page=1&edid=A7647A3B-5681-23C0-0CD0-725DC40D7D52 HTTP/1.1" 200 112154
65.21.113.194 - - [10/Jan/2025:02:13:44 +0100] "GET /ticket2/opencms/tr/buy?page=1&edid=7D35F583-5000-190C-B2DC-8632905AF321 HTTP/1.1" 200 128699
202.8.42.191 - - [10/Jan/2025:02:13:46 +0100] "GET /ticket2/opencms/system/modules/com.gridnine.opencms.ticketbrokerage.site/resources/js/standard.js HTTP/1.1" 200 3978
217.182.175.120 - - [10/Jan/2025:02:13:47 +0100] "GET /ticket2/opencms/no/buy/?page=1&edid=A7AF6F36-80E7-2954-79C8-0E09F0CBA999 HTTP/1.1" 200 113079
65.21.113.194 - - [10/Jan/2025:02:13:49 +0100] "GET /ticket2/opencms/tr/buy?page=1&edid=7F2B1FEA-20FE-7448-32AC-111154CA401B HTTP/1.1" 200 137585
217.182.175.120 - - [10/Jan/2025:02:13:51 +0100] "GET /ticket2/opencms/no/buy/?page=1&edid=A7F1A7EE-4449-7331-753F-36F9CB2473E4 HTTP/1.1" 200 112649
185.191.171.4 - - [10/Jan/2025:02:13:53 +0100] "GET /ticket2/opencms/cs/magazine/article?title=joao-palhinha-do-bayernu-mnichov-nova-sila-ve-stredu-pole-prichazi-na-allianz-arenu HTTP/1.1" 200 96509
65.21.113.194 - - [10/Jan/2025:02:13:54 +0100] "GET /ticket2/opencms/tr/buy?page=1&edid=7F8DD7AE-C02D-DBD7-A437-1943525E7DF2 HTTP/1.1" 200 136443
217.182.175.120 - - [10/Jan/2025:02:13:55 +0100] "GET /ticket2/opencms/no/buy/?page=1&edid=A80AAEB1-9C7B-A055-B815-2D7EDD05E0CE HTTP/1.1" 200 109252
198.235.24.115 - - [10/Jan/2025:02:13:56 +0100] "GET /ticket2/opencms/de/ HTTP/1.1" 200 100402
66.249.76.45 - - [10/Jan/2025:02:13:57 +0100] "GET /ticket2/opencms/robots.txt HTTP/1.1" 200 773
217.182.175.120 - - [10/Jan/2025:02:13:58 +0100] "GET /ticket2/opencms/no/buy/?page=1&edid=A829FE1F-6A28-AF43-85C9-A10373B8D0AC HTTP/1.1" 200 112153
65.21.113.194 - - [10/Jan/2025:02:13:58 +0100] "GET /ticket2/opencms/tr/buy?page=1&edid=8085E80D-BC8F-CDCF-7CC8-2F497FE082D3 HTTP/1.1" 200 137873
217.182.175.120 - - [10/Jan/2025:02:14:02 +0100] "GET /ticket2/opencms/no/buy/?page=1&edid=A858554C-F78F-7E97-68A1-73B374CB569E&sortorder=desc&column=price HTTP/1.1" 200 114485
65.21.113.194 - - [10/Jan/2025:02:14:03 +0100] "GET /ticket2/opencms/tr/buy?page=1&edid=81CABF18-BA6D-C79B-B74D-94D66EB07C86 HTTP/1.1" 200 136415
207.46.13.31 - - [10/Jan/2025:02:14:04 +0100] "GET /ticket2/opencms/fr/login/ HTTP/1.1" 200 91449
217.182.175.120 - - [10/Jan/2025:02:14:06 +0100] "GET /ticket2/opencms/no/buy/?page=1&edid=A858554C-F78F-7E97-68A1-73B374CB569E&sortorder=desc&column=row HTTP/1.1" 200 114403
65.21.113.194 - - [10/Jan/2025:02:14:07 +0100] "GET /ticket2/opencms/tr/buy?page=1&edid=86A7D428-8E42-C0D0-846E-90C83426D4AE HTTP/1.1" 200 125481
40.77.167.136 - - [10/Jan/2025:02:14:09 +0100] "GET /ticket2/opencms/en/venue/?venueid=37CBE37C-7D6F-4665-1B80-1F6AC01C8EBD HTTP/1.1" 200 85024
217.182.175.120 - - [10/Jan/2025:02:14:10 +0100] "GET /ticket2/opencms/no/buy/?page=1&edid=A858554C-F78F-7E97-68A1-73B374CB569E&sortorder=desc&column=section HTTP/1.1" 200 114613
66.249.76.161 - - [10/Jan/2025:02:14:10 +0100] "GET /ticket2/opencms/en/sport/football-tickets/champions-league/tottenham HTTP/1.1" 500 -
65.21.113.194 - - [10/Jan/2025:02:14:12 +0100] "GET /ticket2/opencms/tr/buy?page=1&edid=8D916C6C-0A69-41F7-4678-427710F013C6 HTTP/1.1" 200 139301
185.191.171.8 - - [10/Jan/2025:02:14:13 +0100] "GET /ticket2/opencms/nl/buy_safety/leverantie/ HTTP/1.1" 200 85643
217.182.175.120 - - [10/Jan/2025:02:14:14 +0100] "GET /ticket2/opencms/no/buy/?page=1&edid=A9039682-4C16-64FC-E8D1-21B0A6ABCB2B&sortorder=asc&column=section HTTP/1.1" 200 114940
216.244.66.238 - - [10/Jan/2025:02:14:17 +0100] "GET /ticket2/opencms/sv/sport/fotbollsbiljetter/bundesliga/bayer-leverkusen/ HTTP/1.1" 200 98869
65.21.113.194 - - [10/Jan/2025:02:14:17 +0100] "GET /ticket2/opencms/tr/buy?page=1&edid=8E8E9404-172C-6C57-7F68-EAFC3F95D1AC HTTP/1.1" 200 137606
85.208.96.210 - - [10/Jan/2025:02:14:17 +0100] "GET /ticket2/opencms/en/magazine/article?title=about-the-football-team-liverpool-fc HTTP/1.1" 200 93417
217.182.175.120 - - [10/Jan/2025:02:14:17 +0100] "GET /ticket2/opencms/no/buy/?page=1&edid=ACE41844-B5C3-4C9F-A5E8-DD10BD6170CE&sortorder=desc&column=row HTTP/1.1" 200 114917
217.182.175.120 - - [10/Jan/2025:02:14:21 +0100] "GET /ticket2/opencms/no/buy/?page=1&edid=B085D153-83BD-3CC8-8BE4-2FDCDC21AC71 HTTP/1.1" 200 113068
65.21.113.194 - - [10/Jan/2025:02:14:21 +0100] "GET /ticket2/opencms/tr/buy?page=1&edid=8EDDEFFC-C774-BA86-C4CF-809A20DBCDCB HTTP/1.1" 200 123306
185.191.171.4 - - [10/Jan/2025:02:14:23 +0100] "GET /ticket2/opencms/robots.txt HTTP/1.1" 200 773
185.191.171.5 - - [10/Jan/2025:02:14:24 +0100] "GET /ticket2/opencms/el/magazine/article?title=fulham-fc HTTP/1.1" 200 95371
54.36.148.81 - - [10/Jan/2025:02:14:25 +0100] "GET /ticket2/opencms/nl/buy?page=1&edid=D3AB0CA8-3C40-1AB9-8BEC-7D01F349EB4E HTTP/1.1" 200 134881
217.182.175.120 - - [10/Jan/2025:02:14:25 +0100] "GET /ticket2/opencms/no/buy/?page=1&edid=B0E4D276-C8CE-F4B4-2DC5-6BEA44E190B2 HTTP/1.1" 200 111848
157.55.39.9 - - [10/Jan/2025:02:14:25 +0100] "GET /ticket2/opencms/be/buy?page=1&edid=6692A379-0511-A257-F6C4-1D33D4808436 HTTP/1.1" 200 115935
65.21.113.194 - - [10/Jan/2025:02:14:26 +0100] "GET /ticket2/opencms/tr/buy?page=1&edid=8EE24D2F-4BF0-A103-6944-36103BCA6278 HTTP/1.1" 200 124118
202.8.42.133 - - [10/Jan/2025:02:14:26 +0100] "GET /ticket2/opencms/system/modules/com.gridnine.opencms.ticketbrokerage.site/resources/css/ticketbrokerage.css HTTP/1.1" 200 39339
202.8.42.133 - - [10/Jan/2025:02:14:26 +0100] "GET /ticket2/opencms/system/modules/com.gridnine.opencms.ticketbrokerage.site/resources/css/jquery.fancybox.css HTTP/1.1" 200 4939
202.8.42.133 - - [10/Jan/2025:02:14:26 +0100] "GET /ticket2/opencms/system/modules/com.gridnine.opencms.ticketbrokerage.site/resources/css/standard.css HTTP/1.1" 200 73081
202.8.42.133 - - [10/Jan/2025:02:14:26 +0100] "GET /ticket2/opencms/system/modules/com.gridnine.opencms.ticketbrokerage.site/resources/css/calendar.css HTTP/1.1" 200 6871
202.8.42.133 - - [10/Jan/2025:02:14:26 +0100] "GET /ticket2/opencms/system/modules/com.gridnine.opencms.ticketbrokerage.site/resources/css/jquery-ui.css HTTP/1.1" 200 33221
202.8.42.133 - - [10/Jan/2025:02:14:26 +0100] "GET /ticket2/opencms/system/modules/com.gridnine.opencms.ticketbrokerage.site/resources/js/jquery/jquery.js HTTP/1.1" 200 93868
202.8.42.133 - - [10/Jan/2025:02:14:26 +0100] "GET /ticket2/opencms/system/modules/com.gridnine.opencms.ticketbrokerage.site/resources/js/functions.js HTTP/1.1" 200 1583
202.8.42.133 - - [10/Jan/2025:02:14:26 +0100] "GET /ticket2/opencms/system/modules/com.gridnine.opencms.ticketbrokerage.site/resources/js/calendar-en.js HTTP/1.1" 200 3338
202.8.42.133 - - [10/Jan/2025:02:14:26 +0100] "GET /ticket2/opencms/system/modules/com.gridnine.opencms.ticketbrokerage.site/resources/js/calendar.js HTTP/1.1" 200 49229
202.8.42.133 - - [10/Jan/2025:02:14:26 +0100] "GET /ticket2/opencms/system/modules/com.gridnine.opencms.ticketbrokerage.site/resources/js/calendar-setup.js HTTP/1.1" 200 4923
202.8.42.133 - - [10/Jan/2025:02:14:26 +0100] "GET /ticket2/opencms/system/modules/com.gridnine.opencms.ticketbrokerage.site/resources/js/jquery/jquery-ui.js HTTP/1.1" 200 228088
202.8.42.133 - - [10/Jan/2025:02:14:26 +0100] "GET /ticket2/opencms/system/modules/com.gridnine.opencms.ticketbrokerage.site/resources/js/jquery.fancybox.pack.js HTTP/1.1" 200 23187
202.8.42.133 - - [10/Jan/2025:02:14:26 +0100] "GET /ticket2/opencms/system/modules/com.gridnine.opencms.ticketbrokerage.site/resources/js/stickyfill.min.js HTTP/1.1" 200 5672
202.8.42.133 - - [10/Jan/2025:02:14:26 +0100] "GET /ticket2/opencms/system/modules/com.gridnine.opencms.ticketbrokerage.site/resources/js/standard.js HTTP/1.1" 200 3978
202.8.42.133 - - [10/Jan/2025:02:14:26 +0100] "GET /ticket2/opencms/system/modules/com.gridnine.opencms.ticketbrokerage.site/resources/js/jquery.placeholder.min.js HTTP/1.1" 200 1737
202.8.42.133 - - [10/Jan/2025:02:14:26 +0100] "GET /ticket2/opencms/system/modules/com.gridnine.opencms.ticketbrokerage.site/resources/js/common-ajax.js HTTP/1.1" 200 20175
202.8.42.133 - - [10/Jan/2025:02:14:26 +0100] "GET /ticket2/opencms/nl/ask-form.html HTTP/1.1" 200 3015
202.8.42.133 - - [10/Jan/2025:02:14:28 +0100] "GET /ticket2/opencms/nl/ask-form.html HTTP/1.1" 200 3015
202.8.42.133 - - [10/Jan/2025:02:14:28 +0100] "GET /ticket2/opencms/system/modules/com.gridnine.opencms.ticketbrokerage.site/resources/css/ticketbrokerage.css HTTP/1.1" 200 39339
217.182.175.120 - - [10/Jan/2025:02:14:29 +0100] "GET /ticket2/opencms/no/buy/?page=1&edid=B0E4D276-C8CE-F4B4-2DC5-6BEA44E190B2&sortorder=asc&column=price HTTP/1.1" 200 113706
47.128.121.85 - - [10/Jan/2025:02:14:30 +0100] "GET /ticket2/opencms/hu/buy/?edid=78E4B91C-1F75-6F0B-081E-2F48F65F6C41 HTTP/1.1" 200 92622
65.21.113.194 - - [10/Jan/2025:02:14:31 +0100] "GET /ticket2/opencms/tr/buy?page=1&edid=8EF7EC9D-9BC8-1DEC-C27C-0541D5C5F471 HTTP/1.1" 200 128744
20.169.171.118 - - [10/Jan/2025:02:14:32 +0100] "GET /ticket2/opencms/system/modules/com.gridnine.opencms.ticketbrokerage.site/resources/pics/content/faq_en.png HTTP/1.1" 200 14226
217.182.175.120 - - [10/Jan/2025:02:14:33 +0100] "GET /ticket2/opencms/no/buy/?page=1&edid=B0E4D276-C8CE-F4B4-2DC5-6BEA44E190B2&sortorder=desc&column=price HTTP/1.1" 200 113679
65.21.113.194 - - [10/Jan/2025:02:14:36 +0100] "GET /ticket2/opencms/tr/buy?page=1&edid=8F340A1C-D664-7FDD-8257-FE31525DAB7C HTTP/1.1" 200 137581
40.77.167.30 - - [10/Jan/2025:02:14:36 +0100] "GET /ticket2/opencms/ka/buy?page=1&edid=A77D4A9A-572B-6875-CF0A-71BAB849C655 HTTP/1.1" 200 118113
217.182.175.120 - - [10/Jan/2025:02:14:37 +0100] "GET /ticket2/opencms/no/buy/?page=1&edid=B0E57073-0256-98A0-79FE-FFD32FC58F4B HTTP/1.1" 200 112421
40.77.167.30 - - [10/Jan/2025:02:14:37 +0100] "GET /ticket2/opencms/it/buy/?page=1&edid=ACD8BB97-D036-9F05-30AE-FB95B40B4D64 HTTP/1.1" 200 111463
217.182.175.120 - - [10/Jan/2025:02:14:40 +0100] "GET /ticket2/opencms/no/buy/?page=1&edid=B1DFC9EC-D2C4-76B2-A8EC-9DB1DA34315C&sortorder=asc&column=price HTTP/1.1" 200 115020
47.128.121.78 - - [10/Jan/2025:02:14:43 +0100] "GET /ticket2/opencms/it/magazine/article?title=puo-viktor-gyokeres-lasciare-lo-sporting-prima-del-previsto HTTP/1.1" 200 93479
217.182.175.120 - - [10/Jan/2025:02:14:44 +0100] "GET /ticket2/opencms/no/buy/?page=1&edid=B1DFC9EC-D2C4-76B2-A8EC-9DB1DA34315C&sortorder=asc&column=row HTTP/1.1" 200 114844
65.21.113.194 - - [10/Jan/2025:02:14:44 +0100] "GET /ticket2/opencms/tr/buy?page=1&edid=9905BE36-3483-E35C-D446-E28B848EF37B HTTP/1.1" 200 123305
185.191.171.2 - - [10/Jan/2025:02:14:47 +0100] "GET /ticket2/opencms/bs/sport/fudbalske-karte/premier-league/brighton HTTP/1.1" 200 101036
217.182.175.120 - - [10/Jan/2025:02:14:48 +0100] "GET /ticket2/opencms/no/buy/?page=1&edid=B1DFC9EC-D2C4-76B2-A8EC-9DB1DA34315C&sortorder=asc&column=section HTTP/1.1" 200 115087
66.249.64.132 - - [10/Jan/2025:02:14:50 +0100] "GET /ticket2/opencms/it/faq HTTP/1.1" 200 93150
