202.8.43.81 - - [10/Jan/2025:01:58:28 +0100] "GET /ticket2/opencms/system/modules/com.gridnine.opencms.ticketbrokerage.site/resources/css/jquery.fancybox.css HTTP/1.1" 200 4939
202.8.43.81 - - [10/Jan/2025:01:58:28 +0100] "GET /ticket2/opencms/system/modules/com.gridnine.opencms.ticketbrokerage.site/resources/css/ticketbrokerage.css HTTP/1.1" 200 39339
202.8.43.81 - - [10/Jan/2025:01:58:28 +0100] "GET /ticket2/opencms/system/modules/com.gridnine.opencms.ticketbrokerage.site/resources/css/calendar.css HTTP/1.1" 200 6871
202.8.43.81 - - [10/Jan/2025:01:58:28 +0100] "GET /ticket2/opencms/system/modules/com.gridnine.opencms.ticketbrokerage.site/resources/css/jquery-ui.css HTTP/1.1" 200 33221
202.8.43.81 - - [10/Jan/2025:01:58:28 +0100] "GET /ticket2/opencms/system/modules/com.gridnine.opencms.ticketbrokerage.site/resources/js/jquery/jquery.js HTTP/1.1" 200 93868
202.8.43.81 - - [10/Jan/2025:01:58:28 +0100] "GET /ticket2/opencms/system/modules/com.gridnine.opencms.ticketbrokerage.site/resources/js/jquery/jquery-ui.js HTTP/1.1" 200 228088
202.8.43.81 - - [10/Jan/2025:01:58:28 +0100] "GET /ticket2/opencms/system/modules/com.gridnine.opencms.ticketbrokerage.site/resources/js/functions.js HTTP/1.1" 200 1583
202.8.43.81 - - [10/Jan/2025:01:58:28 +0100] "GET /ticket2/opencms/system/modules/com.gridnine.opencms.ticketbrokerage.site/resources/js/calendar.js HTTP/1.1" 200 49229
202.8.43.81 - - [10/Jan/2025:01:58:28 +0100] "GET /ticket2/opencms/system/modules/com.gridnine.opencms.ticketbrokerage.site/resources/js/calendar-en.js HTTP/1.1" 200 3338
202.8.43.81 - - [10/Jan/2025:01:58:29 +0100] "GET /ticket2/opencms/system/modules/com.gridnine.opencms.ticketbrokerage.site/resources/js/calendar-setup.js HTTP/1.1" 200 4923
202.8.43.81 - - [10/Jan/2025:01:58:29 +0100] "GET /ticket2/opencms/system/modules/com.gridnine.opencms.ticketbrokerage.site/resources/js/jquery.fancybox.pack.js HTTP/1.1" 200 23187
202.8.43.81 - - [10/Jan/2025:01:58:29 +0100] "GET /ticket2/opencms/system/modules/com.gridnine.opencms.ticketbrokerage.site/resources/js/stickyfill.min.js HTTP/1.1" 200 5672
202.8.43.81 - - [10/Jan/2025:01:58:29 +0100] "GET /ticket2/opencms/system/modules/com.gridnine.opencms.ticketbrokerage.site/resources/js/standard.js HTTP/1.1" 200 3978
202.8.43.81 - - [10/Jan/2025:01:58:29 +0100] "GET /ticket2/opencms/system/modules/com.gridnine.opencms.ticketbrokerage.site/resources/js/jquery.placeholder.min.js HTTP/1.1" 200 1737
202.8.43.81 - - [10/Jan/2025:01:58:29 +0100] "GET /ticket2/opencms/system/modules/com.gridnine.opencms.ticketbrokerage.site/resources/js/common-ajax.js HTTP/1.1" 200 20175
202.8.43.81 - - [10/Jan/2025:01:58:29 +0100] "GET /ticket2/opencms/lv/ask-form.html HTTP/1.1" 200 3156
202.8.43.81 - - [10/Jan/2025:01:58:29 +0100] "GET /ticket2/opencms/lv/ask-form.html HTTP/1.1" 200 3156
202.8.43.81 - - [10/Jan/2025:01:58:29 +0100] "GET /ticket2/opencms/system/modules/com.gridnine.opencms.ticketbrokerage.site/resources/css/ticketbrokerage.css HTTP/1.1" 200 39339
65.21.232.254 - - [10/Jan/2025:01:58:29 +0100] "GET /ticket2/opencms/bg/buy/?page=1&edid=AF177F08-49E6-19F9-306A-D5D6CE34AFAC HTTP/1.1" 200 115786
217.182.175.120 - - [10/Jan/2025:01:58:30 +0100] "GET /ticket2/opencms/no/buy/?page=1&edid=9F9C0C45-FC74-0F38-4494-CACACDB7B612 HTTP/1.1" 200 109207
202.8.43.81 - - [10/Jan/2025:01:58:30 +0100] "GET /ticket2/opencms/system/modules/com.gridnine.opencms.ticketbrokerage.site/resources/js/standard.js HTTP/1.1" 200 3978
65.21.113.194 - - [10/Jan/2025:01:58:30 +0100] "GET /ticket2/opencms/tr/buy/?page=1&edid=063774E2-DE1A-6A46-E97B-D379290B879E HTTP/1.1" 200 137750
65.21.232.254 - - [10/Jan/2025:01:58:31 +0100] "GET /ticket2/opencms/bg/buy/?page=1&edid=AF39FAB5-FE06-5368-91B7-FED96ACA064E HTTP/1.1" 200 114496
20.169.171.118 - - [10/Jan/2025:01:58:31 +0100] "GET /ticket2/opencms/venue/eur.png HTTP/1.1" 200 167373
65.21.232.254 - - [10/Jan/2025:01:58:33 +0100] "GET /ticket2/opencms/de/buy/?page=1&edid=00653391-A813-563B-EC42-2A1E972F6570 HTTP/1.1" 200 111261
65.21.113.194 - - [10/Jan/2025:01:58:34 +0100] "GET /ticket2/opencms/robots.txt HTTP/1.1" 200 773
65.21.232.254 - - [10/Jan/2025:01:58:34 +0100] "GET /ticket2/opencms/de/buy/?page=1&edid=12474983-5AA1-F5EA-A884-C295416C9EFF HTTP/1.1" 200 111301
65.21.113.194 - - [10/Jan/2025:01:58:35 +0100] "GET /ticket2/opencms/tr/buy/?page=1&edid=069EC406-6DFD-08ED-B6CC-A7E203415919 HTTP/1.1" 200 136883
40.77.167.121 - - [10/Jan/2025:01:58:35 +0100] "GET /ticket2/opencms/sr/buy?page=6&comcatid=97ECA65A-72DA-F9AF-9DBB-245D3CFED1BE&catid=8732E72C-A028-EA8C-4D4D-DEB44E2A28A8 HTTP/1.1" 200 6410
114.119.151.50 - - [10/Jan/2025:01:58:35 +0100] "GET /ticket2/opencms/en/venue/?countryid=7A0460DD-50B2-C9A6-7233-3106FD73A000 HTTP/1.1" 200 114474
65.21.232.254 - - [10/Jan/2025:01:58:36 +0100] "GET /ticket2/opencms/de/buy/?page=1&edid=D8011C50-93A6-4225-F35F-417FEFE3121C HTTP/1.1" 200 109211
65.21.232.254 - - [10/Jan/2025:01:58:38 +0100] "GET /ticket2/opencms/dk/buy/?page=1&edid=2AC421C6-0DD9-73DD-0C29-416B5CC98DFF HTTP/1.1" 200 111366
65.21.232.254 - - [10/Jan/2025:01:58:40 +0100] "GET /ticket2/opencms/dk/buy/?page=1&edid=C1C161ED-392A-057B-99A1-EFB930A82112 HTTP/1.1" 200 111628
65.21.113.194 - - [10/Jan/2025:01:58:41 +0100] "GET /ticket2/opencms/tr/buy/?page=1&edid=08E96509-F113-0E6A-21FE-AD8C7D1444D0 HTTP/1.1" 200 128671
65.21.113.194 - - [10/Jan/2025:01:58:45 +0100] "GET /ticket2/opencms/tr/buy/?page=1&edid=0B61E12F-3357-9D4A-8CE6-56FAB7BA659C HTTP/1.1" 200 131504
65.21.113.194 - - [10/Jan/2025:01:58:49 +0100] "GET /ticket2/opencms/tr/buy/?page=1&edid=1046C14E-D95C-B350-CBCD-2ECE5F3DCC46 HTTP/1.1" 200 125477
193.70.81.110 - - [10/Jan/2025:01:58:52 +0100] "GET /ticket2/opencms/en/buy/?page=1&edid=98593F83-45B8-4B7A-425F-06B7BFD3D9F1 HTTP/1.1" 200 111449
193.70.81.110 - - [10/Jan/2025:01:58:54 +0100] "GET /ticket2/opencms/en/buy/?page=1&edid=9905BE36-3483-E35C-D446-E28B848EF37B HTTP/1.1" 200 121127
65.21.113.194 - - [10/Jan/2025:01:58:54 +0100] "GET /ticket2/opencms/tr/buy/?page=1&edid=10597F35-2AC7-31D2-FB61-15A36BB6D73B HTTP/1.1" 200 137718
193.70.81.110 - - [10/Jan/2025:01:58:56 +0100] "GET /ticket2/opencms/en/buy/?page=1&edid=9FCD2C43-2244-3625-94C8-510BD6902DE9 HTTP/1.1" 200 111933
193.70.81.110 - - [10/Jan/2025:01:58:57 +0100] "GET /ticket2/opencms/en/buy/?page=1&edid=A0A7CA58-454E-5143-39D9-E12AD1AFDC1A HTTP/1.1" 200 111417
65.21.113.194 - - [10/Jan/2025:01:58:58 +0100] "GET /ticket2/opencms/tr/buy/?page=1&edid=1291CD6B-4651-52CC-8D36-B0FB58FEEDFA HTTP/1.1" 200 131371
193.70.81.110 - - [10/Jan/2025:01:58:59 +0100] "GET /ticket2/opencms/en/buy/?page=1&edid=A8F677E6-A548-E0DF-93F9-55173D9897A9 HTTP/1.1" 200 117987
193.70.81.110 - - [10/Jan/2025:01:59:01 +0100] "GET /ticket2/opencms/en/buy/?page=1&edid=AF177F08-49E6-19F9-306A-D5D6CE34AFAC HTTP/1.1" 200 111446
193.70.81.110 - - [10/Jan/2025:01:59:03 +0100] "GET /ticket2/opencms/en/buy/?page=1&edid=B7B5EA21-D0E1-5D4C-90B1-C2CC29A8B7DF HTTP/1.1" 200 117524
65.21.113.194 - - [10/Jan/2025:01:59:03 +0100] "GET /ticket2/opencms/tr/buy/?page=1&edid=160DAC9A-2A77-6FDC-52B8-296352B1ABF1 HTTP/1.1" 200 139044
193.70.81.110 - - [10/Jan/2025:01:59:05 +0100] "GET /ticket2/opencms/en/buy/?page=1&edid=B938704A-C364-E3C3-6D83-C5254E1A3103 HTTP/1.1" 200 111486
65.21.232.254 - - [10/Jan/2025:01:59:06 +0100] "GET /ticket2/opencms/dk/sport/fodboldbilletter/bundesliga/augsburg/ HTTP/1.1" 200 97487
193.70.81.110 - - [10/Jan/2025:01:59:07 +0100] "GET /ticket2/opencms/en/buy/?page=1&edid=B990B2A8-DD94-E8BA-431E-F03C663D5228 HTTP/1.1" 200 111386
85.208.96.193 - - [10/Jan/2025:01:59:08 +0100] "GET /ticket2/opencms/de/magazine/article?title=albtraum-fur-manchester-city HTTP/1.1" 200 94258
65.21.232.254 - - [10/Jan/2025:01:59:08 +0100] "GET /ticket2/opencms/dk/sport/fodboldbilletter/bundesliga/bochum/ HTTP/1.1" 200 97950
65.21.113.194 - - [10/Jan/2025:01:59:08 +0100] "GET /ticket2/opencms/tr/buy/?page=1&edid=1ABC406A-92BD-FDCF-3BD6-80A52E60B34F HTTP/1.1" 200 146312
193.70.81.110 - - [10/Jan/2025:01:59:09 +0100] "GET /ticket2/opencms/en/buy/?page=1&edid=BABB7B15-4A6B-2CD0-A4E6-6F9CC954F92B HTTP/1.1" 200 107965
65.21.232.254 - - [10/Jan/2025:01:59:10 +0100] "GET /ticket2/opencms/dk/sport/fodboldbilletter/bundesliga/darmstadt/ HTTP/1.1" 200 93074
185.191.171.3 - - [10/Jan/2025:01:59:10 +0100] "GET /ticket2/opencms/pl/magazine/article?title=raphael-varane-konczy-kariere-w-wieku-31-lat HTTP/1.1" 200 92537
20.169.171.118 - - [10/Jan/2025:01:59:11 +0100] "GET /ticket2/opencms/venue/selhurst_park.png HTTP/1.1" 200 26892
193.70.81.110 - - [10/Jan/2025:01:59:11 +0100] "GET /ticket2/opencms/en/buy/?page=1&edid=BC5D7CD2-EB5B-8786-D71A-5AE6232D27A7 HTTP/1.1" 200 117528
65.21.232.254 - - [10/Jan/2025:01:59:12 +0100] "GET /ticket2/opencms/dk/sport/fodboldbilletter/bundesliga/dortmund/ HTTP/1.1" 200 97753
65.21.113.194 - - [10/Jan/2025:01:59:13 +0100] "GET /ticket2/opencms/tr/buy/?page=1&edid=1AD4E11C-C792-1721-4D1A-2229101A30FD HTTP/1.1" 200 146529
193.70.81.110 - - [10/Jan/2025:01:59:13 +0100] "GET /ticket2/opencms/en/buy/?page=1&edid=BD5ED709-E550-ECCC-FE1D-2E85747011DF HTTP/1.1" 200 117975
65.21.232.254 - - [10/Jan/2025:01:59:14 +0100] "GET /ticket2/opencms/dk/sport/fodboldbilletter/bundesliga/frankfurt/ HTTP/1.1" 200 99669
193.70.81.110 - - [10/Jan/2025:01:59:15 +0100] "GET /ticket2/opencms/en/buy/?page=1&edid=BD719054-11F0-C21F-E1D7-4BD8F12BE51A HTTP/1.1" 200 117967
65.21.232.254 - - [10/Jan/2025:01:59:16 +0100] "GET /ticket2/opencms/dk/sport/fodboldbilletter/bundesliga/koln/ HTTP/1.1" 200 92604
65.21.113.194 - - [10/Jan/2025:01:59:17 +0100] "GET /ticket2/opencms/tr/buy/?page=1&edid=1B836A42-4F20-7A0F-05D1-08388A470666 HTTP/1.1" 200 112504
193.70.81.110 - - [10/Jan/2025:01:59:17 +0100] "GET /ticket2/opencms/en/buy/?page=1&edid=C1B4DE4D-4494-9BEC-4210-90FDC1962906 HTTP/1.1" 200 111186
65.21.232.254 - - [10/Jan/2025:01:59:18 +0100] "GET /ticket2/opencms/dk/sport/fodboldbilletter/bundesliga/mainz/ HTTP/1.1" 200 97297
65.21.232.254 - - [10/Jan/2025:01:59:19 +0100] "GET /ticket2/opencms/dk/sport/fodboldbilletter/bundesliga/monchengladbach/ HTTP/1.1" 200 98773
193.70.81.110 - - [10/Jan/2025:01:59:20 +0100] "GET /ticket2/opencms/en/buy/?page=1&edid=C5944089-4BA1-6638-58B6-EE4373B33715 HTTP/1.1" 200 117481
65.21.232.254 - - [10/Jan/2025:01:59:21 +0100] "GET /ticket2/opencms/dk/sport/fodboldbilletter/bundesliga/wolfsburg/ HTTP/1.1" 200 92930
193.70.81.110 - - [10/Jan/2025:01:59:22 +0100] "GET /ticket2/opencms/en/buy/?page=1&edid=C6D4CC33-AAEC-647E-DD83-3DF39108FACF HTTP/1.1" 200 107907
65.21.113.194 - - [10/Jan/2025:01:59:22 +0100] "GET /ticket2/opencms/tr/buy/?page=1&edid=25666712-CB7E-CDDD-4626-F1CD96C38316 HTTP/1.1" 200 146334
65.21.232.254 - - [10/Jan/2025:01:59:23 +0100] "GET /ticket2/opencms/dk/sport/fodboldbilletter/la-liga/getafe/ HTTP/1.1" 200 97809
193.70.81.110 - - [10/Jan/2025:01:59:24 +0100] "GET /ticket2/opencms/en/buy/?page=1&edid=CD8DD483-1991-1E61-700A-98F06CAA8968 HTTP/1.1" 200 111877
65.21.232.254 - - [10/Jan/2025:01:59:25 +0100] "GET /ticket2/opencms/dk/sport/fodboldbilletter/la-liga/girona/ HTTP/1.1" 200 92087
193.70.81.110 - - [10/Jan/2025:01:59:26 +0100] "GET /ticket2/opencms/en/buy/?page=1&edid=CF85F428-766F-D675-E16A-795E19713900 HTTP/1.1" 200 107994
65.21.232.254 - - [10/Jan/2025:01:59:27 +0100] "GET /ticket2/opencms/dk/sport/fodboldbilletter/la-liga/osasuna/ HTTP/1.1" 200 97846
65.21.113.194 - - [10/Jan/2025:01:59:27 +0100] "GET /ticket2/opencms/tr/buy/?page=1&edid=26467E66-E432-3709-0425-A75E81B5021A HTTP/1.1" 200 142514
193.70.81.110 - - [10/Jan/2025:01:59:28 +0100] "GET /ticket2/opencms/en/buy/?page=1&edid=D32E6E8F-4267-4ED8-F70D-962BC1F391DE HTTP/1.1" 200 110406
185.191.171.11 - - [10/Jan/2025:01:59:29 +0100] "GET /ticket2/opencms/de/fr/sport/billets-football/premier_league/ HTTP/1.1" 404 -
65.21.232.254 - - [10/Jan/2025:01:59:29 +0100] "GET /ticket2/opencms/dk/sport/fodboldbilletter/la-liga/sevilla/ HTTP/1.1" 200 92162
185.191.171.19 - - [10/Jan/2025:01:59:30 +0100] "GET /ticket2/opencms/no/magazine/article?title=emirates-stadium-en-ikonisk-arena HTTP/1.1" 200 94838
193.70.81.110 - - [10/Jan/2025:01:59:31 +0100] "GET /ticket2/opencms/en/buy/?page=1&edid=D402E731-16BD-6054-BEC0-D195836DBFA5 HTTP/1.1" 200 119623
65.21.232.254 - - [10/Jan/2025:01:59:31 +0100] "GET /ticket2/opencms/dk/sport/fodboldbilletter/la-liga/valencia/ HTTP/1.1" 200 93029
65.21.113.194 - - [10/Jan/2025:01:59:33 +0100] "GET /ticket2/opencms/tr/buy/?page=1&edid=268D8165-50F1-AAA8-6C6A-3ABAD53C8B35 HTTP/1.1" 200 128607
193.70.81.110 - - [10/Jan/2025:01:59:33 +0100] "GET /ticket2/opencms/en/buy/?page=1&edid=D774E566-37EE-86F6-1D9C-096C682D965E HTTP/1.1" 200 111935
65.21.232.254 - - [10/Jan/2025:01:59:33 +0100] "GET /ticket2/opencms/dk/sport/fodboldbilletter/premier-league/aston-villa/ HTTP/1.1" 200 98450
193.70.81.110 - - [10/Jan/2025:01:59:35 +0100] "GET /ticket2/opencms/en/buy/?page=1&edid=DCF22239-47F2-2282-C13B-85FCE1D7C913 HTTP/1.1" 200 135469
65.21.232.254 - - [10/Jan/2025:01:59:35 +0100] "GET /ticket2/opencms/dk/sport/fodboldbilletter/premier-league/bournemouth/ HTTP/1.1" 200 98125
40.77.167.224 - - [10/Jan/2025:01:59:36 +0100] "GET /ticket2/opencms/no/buy?page=1&edid=7D165939-BF98-0026-A2D4-02E534C6E447 HTTP/1.1" 200 111476
185.191.171.14 - - [10/Jan/2025:01:59:37 +0100] "GET /ticket2/opencms/es/magazine/article?title=la-ultima-temporada-de-lionel-messi HTTP/1.1" 200 94048
65.21.232.254 - - [10/Jan/2025:01:59:37 +0100] "GET /ticket2/opencms/dk/sport/fodboldbilletter/premier-league/brighton/ HTTP/1.1" 200 97779
193.70.81.110 - - [10/Jan/2025:01:59:37 +0100] "GET /ticket2/opencms/en/buy/?page=1&edid=E0A8CE5D-A2DA-F5EB-6814-85F787FE51D7 HTTP/1.1" 200 111182
40.77.167.224 - - [10/Jan/2025:01:59:37 +0100] "GET /ticket2/opencms/no/venue/?venueid=F72D7D8A-21AA-398A-828C-542FA85266B4 HTTP/1.1" 200 86370
65.21.113.194 - - [10/Jan/2025:01:59:38 +0100] "GET /ticket2/opencms/tr/buy/?page=1&edid=299450E2-FDAD-4E2B-0058-6290A7A2B57D HTTP/1.1" 200 154274
65.21.232.254 - - [10/Jan/2025:01:59:39 +0100] "GET /ticket2/opencms/dk/sport/fodboldbilletter/premier-league/crystal_palace/ HTTP/1.1" 200 98360
193.70.81.110 - - [10/Jan/2025:01:59:39 +0100] "GET /ticket2/opencms/en/buy/?page=1&edid=E0DAA801-3BC1-402D-BBEC-117F14E7966A HTTP/1.1" 200 107948
47.128.61.124 - - [10/Jan/2025:01:59:40 +0100] "GET /ticket2/opencms/fi/venue/?venueid=D2E7742E-B3AB-CC80-7552-271DAD847F3D HTTP/1.1" 200 86580
65.21.232.254 - - [10/Jan/2025:01:59:41 +0100] "GET /ticket2/opencms/dk/sport/fodboldbilletter/premier-league/everton/ HTTP/1.1" 200 98658
193.70.81.110 - - [10/Jan/2025:01:59:41 +0100] "GET /ticket2/opencms/en/buy/?page=1&edid=E123F66C-0D4C-91CD-D0A4-BF13FE729FE0 HTTP/1.1" 200 118029
65.21.113.194 - - [10/Jan/2025:01:59:42 +0100] "GET /ticket2/opencms/tr/buy/?page=1&edid=2B44308E-1778-CFAE-7385-18758823F6EB HTTP/1.1" 200 148325
65.21.232.254 - - [10/Jan/2025:01:59:43 +0100] "GET /ticket2/opencms/dk/sport/fodboldbilletter/premier-league/fulham/ HTTP/1.1" 200 98068
193.70.81.110 - - [10/Jan/2025:01:59:44 +0100] "GET /ticket2/opencms/en/buy/?page=1&edid=E53C8E7A-C1C8-80DF-ED27-96FEFF6B5147 HTTP/1.1" 200 134278
65.21.232.254 - - [10/Jan/2025:01:59:45 +0100] "GET /ticket2/opencms/dk/sport/fodboldbilletter/premier-league/ipswich/ HTTP/1.1" 200 98892
85.208.96.208 - - [10/Jan/2025:01:59:45 +0100] "GET /ticket2/opencms/dk HTTP/1.1" 200 99824
193.70.81.110 - - [10/Jan/2025:01:59:46 +0100] "GET /ticket2/opencms/en/buy/?page=1&edid=E66B1558-C5A6-CDDD-B7DD-6060381B0F38 HTTP/1.1" 200 121082
65.21.232.254 - - [10/Jan/2025:01:59:47 +0100] "GET /ticket2/opencms/en/buy/?comcatid=A17713B6-D984-201A-4143-ED4DB5ED5C2E&catid=&npage=6 HTTP/1.1" 200 6410
85.208.96.206 - - [10/Jan/2025:01:59:48 +0100] "GET /ticket2/opencms/dk/magazine/article?title=svenske-fodboldspillere-i-premier-league HTTP/1.1" 200 93777
193.70.81.110 - - [10/Jan/2025:01:59:48 +0100] "GET /ticket2/opencms/en/buy/?page=1&edid=E6BF5AD1-BE0F-B988-8995-E2E5D8BDCA2A HTTP/1.1" 200 117458
65.21.232.254 - - [10/Jan/2025:01:59:48 +0100] "GET /ticket2/opencms/en/buy/?comcatid=A17713B6-D984-201A-4143-ED4DB5ED5C2E&catid=06324577-7173-BAB0-146D-E644C912F7C1&npage=1 HTTP/1.1" 200 6410
66.249.64.131 - - [10/Jan/2025:01:59:49 +0100] "GET /ticket2/opencms/ HTTP/1.1" 302 -
66.249.64.130 - - [10/Jan/2025:01:59:50 +0100] "GET /ticket2/opencms/en/ HTTP/1.1" 200 99314
65.21.232.254 - - [10/Jan/2025:01:59:50 +0100] "GET /ticket2/opencms/en/buy/?comcatid=A17713B6-D984-201A-4143-ED4DB5ED5C2E&catid=0A6C99D2-F5BD-7A18-9A5F-5668827042E0&npage=1 HTTP/1.1" 200 6410
193.70.81.110 - - [10/Jan/2025:01:59:50 +0100] "GET /ticket2/opencms/en/buy/?page=1&edid=EACAB49B-0521-3552-A3D3-3DE7421945A6 HTTP/1.1" 200 111973
66.249.64.131 - - [10/Jan/2025:01:59:51 +0100] "GET /ticket2/opencms/system/modules/com.gridnine.opencms.ticketbrokerage.site/resources/js/calendar-en.js HTTP/1.1" 200 3338
65.21.232.254 - - [10/Jan/2025:01:59:52 +0100] "GET /ticket2/opencms/en/buy/?comcatid=A17713B6-D984-201A-4143-ED4DB5ED5C2E&catid=36394212-F82E-F845-399B-42BED55969CC&npage=1 HTTP/1.1" 200 6410
66.249.64.130 - - [10/Jan/2025:01:59:52 +0100] "GET /ticket2/opencms/system/modules/com.gridnine.opencms.ticketbrokerage.site/resources/css/calendar.css HTTP/1.1" 200 6871
66.249.76.170 - - [10/Jan/2025:01:59:53 +0100] "GET /ticket2/opencms/system/modules/com.gridnine.opencms.ticketbrokerage.site/resources/js/jquery/jquery.js HTTP/1.1" 200 93868
66.249.64.131 - - [10/Jan/2025:01:59:53 +0100] "GET /ticket2/opencms/system/modules/com.gridnine.opencms.ticketbrokerage.site/resources/js/jquery/jquery-ui.js HTTP/1.1" 200 228088
193.70.81.110 - - [10/Jan/2025:01:59:53 +0100] "GET /ticket2/opencms/en/buy/?page=1&edid=F056D8D3-0A78-F8DD-AF89-486FA1EA1B58 HTTP/1.1" 200 117519
54.36.149.28 - - [10/Jan/2025:01:59:53 +0100] "GET /ticket2/opencms/sl/buy?page=1&edid=37E2A4DD-118F-C378-83A2-20232412AB9C HTTP/1.1" 200 111951
65.21.232.254 - - [10/Jan/2025:01:59:53 +0100] "GET /ticket2/opencms/en/buy/?comcatid=A17713B6-D984-201A-4143-ED4DB5ED5C2E&catid=D8B345C9-F7A5-E620-4B43-C34EB0D6885B&npage=1 HTTP/1.1" 200 6410
66.249.76.160 - - [10/Jan/2025:01:59:53 +0100] "GET /ticket2/opencms/system/modules/com.gridnine.opencms.ticketbrokerage.site/resources/css/jquery-ui.css HTTP/1.1" 200 33221
66.249.64.131 - - [10/Jan/2025:01:59:54 +0100] "GET /ticket2/opencms/system/modules/com.gridnine.opencms.ticketbrokerage.site/resources/css/jquery.fancybox.css HTTP/1.1" 200 4939
65.21.113.194 - - [10/Jan/2025:01:59:54 +0100] "GET /ticket2/opencms/tr/buy/?page=1&edid=2C538FDD-3C52-6C4F-20BD-65D603C9DD1A HTTP/1.1" 200 112426
202.8.41.48 - - [10/Jan/2025:01:59:54 +0100] "GET /ticket2/opencms/system/modules/com.gridnine.opencms.ticketbrokerage.site/resources/css/jquery-ui.css HTTP/1.1" 200 33221
202.8.41.48 - - [10/Jan/2025:01:59:54 +0100] "GET /ticket2/opencms/system/modules/com.gridnine.opencms.ticketbrokerage.site/resources/css/ticketbrokerage.css HTTP/1.1" 200 39339
202.8.41.48 - - [10/Jan/2025:01:59:54 +0100] "GET /ticket2/opencms/system/modules/com.gridnine.opencms.ticketbrokerage.site/resources/css/standard.css HTTP/1.1" 200 73081
202.8.41.48 - - [10/Jan/2025:01:59:54 +0100] "GET /ticket2/opencms/system/modules/com.gridnine.opencms.ticketbrokerage.site/resources/css/calendar.css HTTP/1.1" 200 6871
202.8.41.48 - - [10/Jan/2025:01:59:54 +0100] "GET /ticket2/opencms/system/modules/com.gridnine.opencms.ticketbrokerage.site/resources/js/jquery/jquery.js HTTP/1.1" 200 93868
202.8.41.48 - - [10/Jan/2025:01:59:54 +0100] "GET /ticket2/opencms/system/modules/com.gridnine.opencms.ticketbrokerage.site/resources/css/jquery.fancybox.css HTTP/1.1" 200 4939
202.8.41.48 - - [10/Jan/2025:01:59:54 +0100] "GET /ticket2/opencms/system/modules/com.gridnine.opencms.ticketbrokerage.site/resources/js/jquery/jquery-ui.js HTTP/1.1" 200 228088
202.8.41.48 - - [10/Jan/2025:01:59:54 +0100] "GET /ticket2/opencms/system/modules/com.gridnine.opencms.ticketbrokerage.site/resources/js/functions.js HTTP/1.1" 200 1583
202.8.41.48 - - [10/Jan/2025:01:59:54 +0100] "GET /ticket2/opencms/system/modules/com.gridnine.opencms.ticketbrokerage.site/resources/js/calendar.js HTTP/1.1" 200 49229
202.8.41.48 - - [10/Jan/2025:01:59:54 +0100] "GET /ticket2/opencms/system/modules/com.gridnine.opencms.ticketbrokerage.site/resources/js/jquery.fancybox.pack.js HTTP/1.1" 200 23187
66.249.64.131 - - [10/Jan/2025:01:59:54 +0100] "GET /ticket2/opencms/system/modules/com.gridnine.opencms.ticketbrokerage.site/resources/js/jquery.fancybox.pack.js HTTP/1.1" 200 23187
202.8.41.48 - - [10/Jan/2025:01:59:54 +0100] "GET /ticket2/opencms/system/modules/com.gridnine.opencms.ticketbrokerage.site/resources/js/calendar-en.js HTTP/1.1" 200 3338
202.8.41.48 - - [10/Jan/2025:01:59:54 +0100] "GET /ticket2/opencms/system/modules/com.gridnine.opencms.ticketbrokerage.site/resources/js/calendar-setup.js HTTP/1.1" 200 4923
202.8.41.48 - - [10/Jan/2025:01:59:54 +0100] "GET /ticket2/opencms/system/modules/com.gridnine.opencms.ticketbrokerage.site/resources/js/stickyfill.min.js HTTP/1.1" 200 5672
202.8.41.48 - - [10/Jan/2025:01:59:54 +0100] "GET /ticket2/opencms/system/modules/com.gridnine.opencms.ticketbrokerage.site/resources/js/standard.js HTTP/1.1" 200 3978
202.8.41.48 - - [10/Jan/2025:01:59:55 +0100] "GET /ticket2/opencms/system/modules/com.gridnine.opencms.ticketbrokerage.site/resources/js/jquery.placeholder.min.js HTTP/1.1" 200 1737
202.8.41.48 - - [10/Jan/2025:01:59:55 +0100] "GET /ticket2/opencms/system/modules/com.gridnine.opencms.ticketbrokerage.site/resources/js/common-ajax.js HTTP/1.1" 200 20175
202.8.41.48 - - [10/Jan/2025:01:59:55 +0100] "GET /ticket2/opencms/sl/ask-form.html HTTP/1.1" 200 3156
65.21.232.254 - - [10/Jan/2025:01:59:55 +0100] "GET /ticket2/opencms/en/buy/?comcatid=B41CCF2B-5558-7AEE-3602-09BBDE417D65&catid=36DC4BE2-91A2-6146-2BE9-47B6F3C44EDB HTTP/1.1" 200 6410
202.8.41.48 - - [10/Jan/2025:01:59:55 +0100] "GET /ticket2/opencms/sl/ask-form.html HTTP/1.1" 200 3156
66.249.76.170 - - [10/Jan/2025:01:59:55 +0100] "GET /ticket2/opencms/system/modules/com.gridnine.opencms.ticketbrokerage.site/resources/js/stickyfill.min.js HTTP/1.1" 200 5672
202.8.41.48 - - [10/Jan/2025:01:59:55 +0100] "GET /ticket2/opencms/system/modules/com.gridnine.opencms.ticketbrokerage.site/resources/css/ticketbrokerage.css HTTP/1.1" 200 39339
66.249.64.131 - - [10/Jan/2025:01:59:55 +0100] "GET /ticket2/opencms/system/modules/com.gridnine.opencms.ticketbrokerage.site/resources/js/standard.js HTTP/1.1" 200 3978
193.70.81.110 - - [10/Jan/2025:01:59:55 +0100] "GET /ticket2/opencms/en/buy/?page=1&edid=F069D68B-E4A8-725C-97EC-77766FEFBA80 HTTP/1.1" 200 107979
66.249.76.160 - - [10/Jan/2025:01:59:56 +0100] "GET /ticket2/opencms/system/modules/com.gridnine.opencms.ticketbrokerage.site/resources/js/jquery.placeholder.min.js HTTP/1.1" 200 1737
40.77.167.121 - - [10/Jan/2025:01:59:56 +0100] "GET /ticket2/opencms/be/buy/?page=1&edid=D3AB0CA8-3C40-1AB9-8BEC-7D01F349EB4E HTTP/1.1" 200 139513
65.21.232.254 - - [10/Jan/2025:01:59:56 +0100] "GET /ticket2/opencms/en/buy/?comcatid=B41CCF2B-5558-7AEE-3602-09BBDE417D65&catid=A34BCF61-E19C-5C5C-445E-06F3749E1EF4 HTTP/1.1" 200 6410
66.249.64.130 - - [10/Jan/2025:01:59:57 +0100] "GET /ticket2/opencms/system/modules/com.gridnine.opencms.ticketbrokerage.site/resources/js/common-ajax.js HTTP/1.1" 200 20175
193.70.81.110 - - [10/Jan/2025:01:59:58 +0100] "GET /ticket2/opencms/en/buy/?page=1&edid=F6926B54-D901-FAF0-8126-EB0D6BB39E8E HTTP/1.1" 200 121146
193.70.81.110 - - [10/Jan/2025:02:00:00 +0100] "GET /ticket2/opencms/en/buy/?page=1&edid=F7660972-1F1F-59FF-1410-FAEC9F9D74B8 HTTP/1.1" 200 129229
65.21.113.194 - - [10/Jan/2025:02:00:01 +0100] "GET /ticket2/opencms/tr/buy/?page=1&edid=3289C097-2261-9433-8644-DF033A9EE354 HTTP/1.1" 200 142390
174.129.118.181 - - [10/Jan/2025:02:00:02 +0100] "GET /ticket2/opencms/fi/ HTTP/1.1" 200 100924
65.21.232.254 - - [10/Jan/2025:02:00:02 +0100] "GET /ticket2/opencms/en/buy/?comcatid=B41CCF2B-5558-7AEE-3602-09BBDE417D65&catid=BF886BAE-FC84-8CB3-A193-6DFA251F7985 HTTP/1.1" 200 6410
193.70.81.110 - - [10/Jan/2025:02:00:02 +0100] "GET /ticket2/opencms/en/buy/?page=1&edid=F7746772-F541-A59A-7BB4-488ADCB549FC HTTP/1.1" 200 108010
65.21.232.254 - - [10/Jan/2025:02:00:04 +0100] "GET /ticket2/opencms/en/buy/?comcatid=B41CCF2B-5558-7AEE-3602-09BBDE417D65&catid=E03F2203-3943-A0F0-A47D-D9E7CDA79C6B HTTP/1.1" 200 6410
40.77.167.224 - - [10/Jan/2025:02:00:05 +0100] "GET /ticket2/opencms/tb/opencms/en/archive/events/frolunda_hc/2006_12_19_19_00/ HTTP/1.1" 404 -
193.70.81.110 - - [10/Jan/2025:02:00:05 +0100] "GET /ticket2/opencms/en/buy/?page=1&edid=F93A2292-3F60-7656-2C0B-2AB157A0BB0B HTTP/1.1" 200 133944
85.208.96.197 - - [10/Jan/2025:02:00:06 +0100] "GET /ticket2/opencms/sl/magazine/article?title=chelsea-fc-in-njihov-boj-za-stabilnost HTTP/1.1" 200 93013
65.21.232.254 - - [10/Jan/2025:02:00:06 +0100] "GET /ticket2/opencms/en/buy/?page=1&edid=0C94170C-17F1-0823-E8AC-91EC149F33EC HTTP/1.1" 200 134527
20.169.171.118 - - [10/Jan/2025:02:00:06 +0100] "GET /ticket2/opencms/venue/etihad_stadium.png HTTP/1.1" 200 50176
40.77.167.224 - - [10/Jan/2025:02:00:06 +0100] "GET /ticket2/opencms/sr/buy/?page=1&edid=2887ECB1-AF21-0A67-0C3C-54D013C4C3B1 HTTP/1.1" 200 110220
193.70.81.110 - - [10/Jan/2025:02:00:07 +0100] "GET /ticket2/opencms/en/buy/?page=1&edid=FA6F95C7-9080-870C-723D-76629BBF54DD HTTP/1.1" 200 111384
174.129.118.181 - - [10/Jan/2025:02:00:07 +0100] "GET /ticket2/opencms/fr/ HTTP/1.1" 200 100856
40.77.167.224 - - [10/Jan/2025:02:00:08 +0100] "GET /ticket2/opencms/bs/?page=6&comcatid=A17713B6-D984-201A-4143-ED4DB5ED5C2E&catid=0A6C99D2-F5BD-7A18-9A5F-5668827042E0&eventid=AF9FA49A-6673-4DB3-CFBA-78E9C1C516AC HTTP/1.1" 200 100616
65.21.232.254 - - [10/Jan/2025:02:00:08 +0100] "GET /ticket2/opencms/en/buy/?page=1&edid=1291CD6B-4651-52CC-8D36-B0FB58FEEDFA HTTP/1.1" 200 129306
193.70.81.110 - - [10/Jan/2025:02:00:09 +0100] "GET /ticket2/opencms/en/buy/?page=1&edid=FB619D25-A569-B2D3-A138-064ED3A662B4 HTTP/1.1" 200 117446
65.21.232.254 - - [10/Jan/2025:02:00:10 +0100] "GET /ticket2/opencms/en/buy/?page=1&edid=1B3EA826-2D29-6935-1F59-59E496DEEE70 HTTP/1.1" 200 111457
85.208.96.208 - - [10/Jan/2025:02:00:10 +0100] "GET /ticket2/opencms/es/magazine/article?title=eredivisie HTTP/1.1" 200 95145
65.21.232.254 - - [10/Jan/2025:02:00:12 +0100] "GET /ticket2/opencms/en/buy/?page=1&edid=230CADCB-DB49-F1F9-9B0E-24AB279FB9A0 HTTP/1.1" 200 111240
193.70.81.110 - - [10/Jan/2025:02:00:12 +0100] "GET /ticket2/opencms/en/buy/?page=1&edid=FE117A19-2599-D785-7313-91BD00B94619 HTTP/1.1" 200 111267
65.21.113.194 - - [10/Jan/2025:02:00:12 +0100] "GET /ticket2/opencms/tr/buy/?page=1&edid=348C0D4F-C07E-3755-DFEC-416D881A5AC9 HTTP/1.1" 200 123396
65.21.232.254 - - [10/Jan/2025:02:00:13 +0100] "GET /ticket2/opencms/en/buy/?page=1&edid=24658CB7-0503-4139-A73F-444B9F961692 HTTP/1.1" 200 108001
193.70.81.110 - - [10/Jan/2025:02:00:14 +0100] "GET /ticket2/opencms/en/buy/?page=1&edid=FF0F20E9-4ECC-8A4E-F200-09858CA7BE69 HTTP/1.1" 200 111485
65.21.113.194 - - [10/Jan/2025:02:00:16 +0100] "GET /ticket2/opencms/tr/buy/?page=1&edid=3583D5C7-607A-E528-A709-844E6A72DC1B HTTP/1.1" 200 142582
193.70.81.110 - - [10/Jan/2025:02:00:16 +0100] "GET /ticket2/opencms/ka/buy/?page=1&edid=3FB52ADD-0B76-D8A6-EF8F-19BF0AABB668 HTTP/1.1" 200 118258
54.36.148.47 - - [10/Jan/2025:02:00:17 +0100] "GET /ticket2/opencms/tr/buy?page=1&edid=ABE0D196-5A84-0064-2AAA-8BE846913E3B HTTP/1.1" 200 136664
202.8.41.109 - - [10/Jan/2025:02:00:19 +0100] "GET /ticket2/opencms/system/modules/com.gridnine.opencms.ticketbrokerage.site/resources/css/jquery.fancybox.css HTTP/1.1" 200 4939
202.8.41.109 - - [10/Jan/2025:02:00:19 +0100] "GET /ticket2/opencms/system/modules/com.gridnine.opencms.ticketbrokerage.site/resources/css/standard.css HTTP/1.1" 200 73081
202.8.41.109 - - [10/Jan/2025:02:00:19 +0100] "GET /ticket2/opencms/system/modules/com.gridnine.opencms.ticketbrokerage.site/resources/css/jquery-ui.css HTTP/1.1" 200 33221
202.8.41.109 - - [10/Jan/2025:02:00:19 +0100] "GET /ticket2/opencms/system/modules/com.gridnine.opencms.ticketbrokerage.site/resources/css/ticketbrokerage.css HTTP/1.1" 200 39339
202.8.41.109 - - [10/Jan/2025:02:00:19 +0100] "GET /ticket2/opencms/system/modules/com.gridnine.opencms.ticketbrokerage.site/resources/css/calendar.css HTTP/1.1" 200 6871
202.8.41.109 - - [10/Jan/2025:02:00:19 +0100] "GET /ticket2/opencms/system/modules/com.gridnine.opencms.ticketbrokerage.site/resources/js/functions.js HTTP/1.1" 200 1583
193.70.81.110 - - [10/Jan/2025:02:00:19 +0100] "GET /ticket2/opencms/ka/buy/?page=1&edid=B074E9A0-B62F-B78E-8307-B337944E8023 HTTP/1.1" 200 115406
202.8.41.109 - - [10/Jan/2025:02:00:19 +0100] "GET /ticket2/opencms/system/modules/com.gridnine.opencms.ticketbrokerage.site/resources/js/jquery/jquery.js HTTP/1.1" 200 93868
202.8.41.109 - - [10/Jan/2025:02:00:19 +0100] "GET /ticket2/opencms/system/modules/com.gridnine.opencms.ticketbrokerage.site/resources/js/calendar.js HTTP/1.1" 200 49229
202.8.41.109 - - [10/Jan/2025:02:00:19 +0100] "GET /ticket2/opencms/system/modules/com.gridnine.opencms.ticketbrokerage.site/resources/js/jquery/jquery-ui.js HTTP/1.1" 200 228088
202.8.41.109 - - [10/Jan/2025:02:00:19 +0100] "GET /ticket2/opencms/system/modules/com.gridnine.opencms.ticketbrokerage.site/resources/js/jquery.fancybox.pack.js HTTP/1.1" 200 23187
202.8.41.109 - - [10/Jan/2025:02:00:19 +0100] "GET /ticket2/opencms/system/modules/com.gridnine.opencms.ticketbrokerage.site/resources/js/calendar-en.js HTTP/1.1" 200 3338
202.8.41.109 - - [10/Jan/2025:02:00:19 +0100] "GET /ticket2/opencms/system/modules/com.gridnine.opencms.ticketbrokerage.site/resources/js/calendar-setup.js HTTP/1.1" 200 4923
202.8.41.109 - - [10/Jan/2025:02:00:19 +0100] "GET /ticket2/opencms/system/modules/com.gridnine.opencms.ticketbrokerage.site/resources/js/stickyfill.min.js HTTP/1.1" 200 5672
202.8.41.109 - - [10/Jan/2025:02:00:19 +0100] "GET /ticket2/opencms/system/modules/com.gridnine.opencms.ticketbrokerage.site/resources/js/standard.js HTTP/1.1" 200 3978
202.8.41.109 - - [10/Jan/2025:02:00:19 +0100] "GET /ticket2/opencms/system/modules/com.gridnine.opencms.ticketbrokerage.site/resources/js/jquery.placeholder.min.js HTTP/1.1" 200 1737
202.8.41.109 - - [10/Jan/2025:02:00:19 +0100] "GET /ticket2/opencms/system/modules/com.gridnine.opencms.ticketbrokerage.site/resources/js/common-ajax.js HTTP/1.1" 200 20175
202.8.41.109 - - [10/Jan/2025:02:00:19 +0100] "GET /ticket2/opencms/es/ask-form.html HTTP/1.1" 200 3156
202.8.41.109 - - [10/Jan/2025:02:00:19 +0100] "GET /ticket2/opencms/es/ask-form.html HTTP/1.1" 200 3156
202.8.41.109 - - [10/Jan/2025:02:00:19 +0100] "GET /ticket2/opencms/system/modules/com.gridnine.opencms.ticketbrokerage.site/resources/css/ticketbrokerage.css HTTP/1.1" 200 39339
193.70.81.110 - - [10/Jan/2025:02:00:22 +0100] "GET /ticket2/opencms/ka/buy/?page=1&edid=B089B4B8-933D-AB70-BE65-2A133877E5AC HTTP/1.1" 200 144157
65.21.113.194 - - [10/Jan/2025:02:00:22 +0100] "GET /ticket2/opencms/tr/buy/?page=1&edid=36B8587B-9BD4-1599-9368-E59F9780F9A9 HTTP/1.1" 200 146465
193.70.81.110 - - [10/Jan/2025:02:00:24 +0100] "GET /ticket2/opencms/ka/buy/?page=1&edid=B0CCF8F9-8001-9A63-8533-008DCC3A6040 HTTP/1.1" 200 115271
193.70.81.110 - - [10/Jan/2025:02:00:26 +0100] "GET /ticket2/opencms/ka/buy/?page=1&edid=B12376C6-BA7F-3D61-F970-EF51106430AB HTTP/1.1" 200 137175
65.21.113.194 - - [10/Jan/2025:02:00:28 +0100] "GET /ticket2/opencms/tr/buy/?page=1&edid=3F2482EE-6B7A-310D-17CE-1C7E3CC58C7F HTTP/1.1" 200 123354
85.208.96.204 - - [10/Jan/2025:02:00:28 +0100] "GET /ticket2/opencms/sk/magazine/article?title=declan-rice HTTP/1.1" 200 93134
193.70.81.110 - - [10/Jan/2025:02:00:29 +0100] "GET /ticket2/opencms/ka/buy/?page=1&edid=B1B260FB-CC2B-FBC8-401E-5012AB84C2A6 HTTP/1.1" 200 121496
202.8.41.109 - - [10/Jan/2025:02:00:31 +0100] "GET /ticket2/opencms/system/modules/com.gridnine.opencms.ticketbrokerage.site/resources/js/standard.js HTTP/1.1" 200 3978
52.167.144.190 - - [10/Jan/2025:02:00:31 +0100] "GET /ticket2/opencms/en/buy/?page=6&comcatid=A17713B6-D984-201A-4143-ED4DB5ED5C2E&catid=573B7747-EE85-D769-C87D-F3F61FB64AA5 HTTP/1.1" 200 6410
193.70.81.110 - - [10/Jan/2025:02:00:31 +0100] "GET /ticket2/opencms/ka/buy/?page=1&edid=B221A7A0-0672-9C92-94FE-8BC4C1F907CD HTTP/1.1" 200 124862
207.46.13.87 - - [10/Jan/2025:02:00:31 +0100] "GET /ticket2/opencms/nl/?page=10&eventid=2E8FEED6-8FAD-B0D7-22BA-E6EFDA36827A&venueid=696CF794-7D31-9FC6-0B42-8ABB3E78F390 HTTP/1.1" 200 98605
65.21.232.254 - - [10/Jan/2025:02:00:33 +0100] "GET /ticket2/opencms/en/buy/?page=1&edid=2B56803E-AC8C-A7B6-6677-DE3656BCFC2C HTTP/1.1" 200 110359
193.70.81.110 - - [10/Jan/2025:02:00:34 +0100] "GET /ticket2/opencms/ka/buy/?page=1&edid=B22DFFFD-27DD-8BC9-9860-876B64180B5D HTTP/1.1" 200 118215
95.214.55.226 - - [10/Jan/2025:02:00:34 +0100] "GET / HTTP/1.1" 404 -
65.21.232.254 - - [10/Jan/2025:02:00:35 +0100] "GET /ticket2/opencms/en/buy/?page=1&edid=2B9FDAA5-4F91-9556-CB1B-77F0011A2F02 HTTP/1.1" 200 135590
193.70.81.110 - - [10/Jan/2025:02:00:36 +0100] "GET /ticket2/opencms/ka/buy/?page=1&edid=B26325D5-7C37-90D0-9866-C127BDE9586D HTTP/1.1" 200 115513
65.21.232.254 - - [10/Jan/2025:02:00:37 +0100] "GET /ticket2/opencms/en/buy/?page=1&edid=2E84E3FC-1C34-B2DE-D3EB-B8B283411021 HTTP/1.1" 200 111274
193.70.81.110 - - [10/Jan/2025:02:00:38 +0100] "GET /ticket2/opencms/ka/buy/?page=1&edid=B26C271A-4A1F-5110-8308-CDC3FD5965DB HTTP/1.1" 200 119296
20.169.171.118 - - [10/Jan/2025:02:00:38 +0100] "GET /ticket2/opencms/img/insta.png HTTP/1.1" 200 3967
65.21.232.254 - - [10/Jan/2025:02:00:39 +0100] "GET /ticket2/opencms/en/buy/?page=1&edid=312E2B30-1BE8-80F9-5587-64D580752ED3 HTTP/1.1" 200 117487
65.21.113.194 - - [10/Jan/2025:02:00:39 +0100] "GET /ticket2/opencms/robots.txt HTTP/1.1" 200 773
65.21.113.194 - - [10/Jan/2025:02:00:40 +0100] "GET /ticket2/opencms/tr/buy/?page=1&edid=4130944B-8419-6A0B-A839-9FB45260F568 HTTP/1.1" 200 112459
193.70.81.110 - - [10/Jan/2025:02:00:41 +0100] "GET /ticket2/opencms/ka/buy/?page=1&edid=B37AA1BF-8757-3784-2FC6-212DE9498BDD HTTP/1.1" 200 118533
65.21.232.254 - - [10/Jan/2025:02:00:41 +0100] "GET /ticket2/opencms/en/buy/?page=1&edid=3396D07B-AC6D-141E-71F3-9DE65C0FEDF0 HTTP/1.1" 200 114486
65.21.232.254 - - [10/Jan/2025:02:00:43 +0100] "GET /ticket2/opencms/en/buy/?page=1&edid=348C0D4F-C07E-3755-DFEC-416D881A5AC9 HTTP/1.1" 200 121103
193.70.81.110 - - [10/Jan/2025:02:00:43 +0100] "GET /ticket2/opencms/ka/buy/?page=1&edid=B386D539-2AE4-5E25-8B69-DC3E34789331 HTTP/1.1" 200 118511
47.128.118.126 - - [10/Jan/2025:02:00:43 +0100] "GET /ticket2/opencms/el/buy?edid=718A7A5B-0864-7BB0-17EA-7D1DFF1DCA73 HTTP/1.1" 200 94289
65.21.232.254 - - [10/Jan/2025:02:00:45 +0100] "GET /ticket2/opencms/en/buy/?page=1&edid=3590293B-3580-7B39-A58A-6ECDB1E34543 HTTP/1.1" 200 133469
193.70.81.110 - - [10/Jan/2025:02:00:46 +0100] "GET /ticket2/opencms/ka/buy/?page=1&edid=B44043BA-2040-09B9-A403-A3534377665F HTTP/1.1" 200 115404
65.21.113.194 - - [10/Jan/2025:02:00:46 +0100] "GET /ticket2/opencms/tr/buy/?page=1&edid=41CD7066-237A-B852-387D-3D5D7B688DF9 HTTP/1.1" 200 136968
65.21.232.254 - - [10/Jan/2025:02:00:47 +0100] "GET /ticket2/opencms/en/buy/?page=1&edid=35CC7524-8A7A-7EC1-48FD-F1742720F1A5 HTTP/1.1" 200 117541
193.70.81.110 - - [10/Jan/2025:02:00:48 +0100] "GET /ticket2/opencms/ka/buy/?page=1&edid=B4EC420A-C31F-BB54-840D-5C41F8E7FC1C HTTP/1.1" 200 115539
65.21.232.254 - - [10/Jan/2025:02:00:49 +0100] "GET /ticket2/opencms/en/buy/?page=1&edid=3DE00F0C-D064-F580-0B18-1943C6741906 HTTP/1.1" 200 111489
74.125.208.100 - - [10/Jan/2025:02:00:50 +0100] "GET /ticket2/opencms/.well-known/traffic-advice HTTP/1.1" 404 -
193.70.81.110 - - [10/Jan/2025:02:00:50 +0100] "GET /ticket2/opencms/ka/buy/?page=1&edid=B566C61B-5438-BBCE-B4D3-8DE9C2913E81 HTTP/1.1" 200 132902
72.14.201.56 - - [10/Jan/2025:02:00:51 +0100] "GET /ticket2/opencms/it/sport/biglietti-calcio/serie-a/lecce HTTP/1.1" 200 95663
65.21.113.194 - - [10/Jan/2025:02:00:51 +0100] "GET /ticket2/opencms/tr/buy/?page=1&edid=4DFD725A-4EAE-5578-E2C8-F093AEA223CD HTTP/1.1" 200 142462
193.70.81.110 - - [10/Jan/2025:02:00:53 +0100] "GET /ticket2/opencms/ka/buy/?page=1&edid=B5C73525-3464-86C0-6556-AF81CD6951F1 HTTP/1.1" 200 142910
193.70.81.110 - - [10/Jan/2025:02:00:56 +0100] "GET /ticket2/opencms/ka/buy/?page=1&edid=B5C7399B-C087-FF38-4294-BB861C1DB4F9 HTTP/1.1" 200 118705
65.21.113.194 - - [10/Jan/2025:02:00:56 +0100] "GET /ticket2/opencms/tr/buy/?page=1&edid=5605B728-A815-14DD-9E19-09BABDE81131 HTTP/1.1" 200 136401
185.191.171.11 - - [10/Jan/2025:02:00:58 +0100] "GET /ticket2/opencms/be/magazine/article?title=manchester-city-contra-queens-park-rangers HTTP/1.1" 200 94642
20.169.171.118 - - [10/Jan/2025:02:00:58 +0100] "GET /ticket2/opencms/venue/Wembley_stadium.jpg HTTP/1.1" 200 134034
193.70.81.110 - - [10/Jan/2025:02:00:58 +0100] "GET /ticket2/opencms/ka/buy/?page=1&edid=B62F8ADF-FB26-8030-EC23-674FBF49AA39 HTTP/1.1" 200 115369
193.70.81.110 - - [10/Jan/2025:02:01:00 +0100] "GET /ticket2/opencms/ka/buy/?page=1&edid=B63A2D15-1363-3F7D-6FAD-9E0AE65FC077 HTTP/1.1" 200 118162
85.208.96.194 - - [10/Jan/2025:02:01:01 +0100] "GET /ticket2/opencms/cs/magazine/article?title=petas-kylian-mbappe HTTP/1.1" 200 92766
65.21.113.194 - - [10/Jan/2025:02:01:02 +0100] "GET /ticket2/opencms/tr/buy/?page=1&edid=56B38CDE-C52C-9D5C-A997-D65F4CB742AB HTTP/1.1" 200 142474
185.191.171.16 - - [10/Jan/2025:02:01:02 +0100] "GET /ticket2/opencms/sv/sport/fotbollsbiljetter/uefa-champions-league/zenit/ HTTP/1.1" 200 87391
193.70.81.110 - - [10/Jan/2025:02:01:03 +0100] "GET /ticket2/opencms/ka/buy/?page=1&edid=B63FBD1D-6B97-230F-8D9B-F709B95E5FDA HTTP/1.1" 200 115486
193.70.81.110 - - [10/Jan/2025:02:01:05 +0100] "GET /ticket2/opencms/ka/buy/?page=1&edid=B6422CBB-7AB0-D8BA-B53B-76A5D0505907 HTTP/1.1" 200 119789
66.249.64.131 - - [10/Jan/2025:02:01:06 +0100] "GET /ticket2/opencms/fr/buy?page=1&edid=9576732A-F5D5-F141-9D9C-CCA5D74DCCC4 HTTP/1.1" 200 112409
65.21.113.194 - - [10/Jan/2025:02:01:07 +0100] "GET /ticket2/opencms/tr/buy/?page=1&edid=57449F59-3EAF-BBAB-4AC9-B7A456A32485 HTTP/1.1" 200 125526
193.70.81.110 - - [10/Jan/2025:02:01:07 +0100] "GET /ticket2/opencms/ka/buy/?page=1&edid=B64E0F34-8F38-7972-6429-A3CAB0BC032F HTTP/1.1" 200 119047
193.70.81.110 - - [10/Jan/2025:02:01:10 +0100] "GET /ticket2/opencms/ka/buy/?page=1&edid=B67E5215-A1E2-04F3-F239-662C2219156F HTTP/1.1" 200 115482
85.208.96.202 - - [10/Jan/2025:02:01:11 +0100] "GET /ticket2/opencms/nl/sport/voetbal-tickets/serie_a/milan/ HTTP/1.1" 200 96597
193.70.81.110 - - [10/Jan/2025:02:01:13 +0100] "GET /ticket2/opencms/ka/buy/?page=1&edid=B706C05D-BD6B-FE19-B612-CFC9E579BDC9 HTTP/1.1" 200 119005
193.70.81.110 - - [10/Jan/2025:02:01:15 +0100] "GET /ticket2/opencms/ka/buy/?page=1&edid=BE18676F-AB94-E65E-A849-408190E75353 HTTP/1.1" 200 124838
193.70.81.110 - - [10/Jan/2025:02:01:18 +0100] "GET /ticket2/opencms/ka/buy/?page=1&edid=C2E0FED9-872C-CDB5-EA69-F93F12F9C91F HTTP/1.1" 200 131002
65.21.113.194 - - [10/Jan/2025:02:01:18 +0100] "GET /ticket2/opencms/tr/buy/?page=1&edid=57C8D150-DCBD-4911-196A-160A37952FA8 HTTP/1.1" 200 136756
47.128.61.172 - - [10/Jan/2025:02:01:20 +0100] "GET /ticket2/opencms/robots.txt HTTP/1.1" 200 773
193.70.81.110 - - [10/Jan/2025:02:01:21 +0100] "GET /ticket2/opencms/ka/buy/?page=1&edid=C68D3A19-7AB1-B0F6-2F8E-E937CB754241 HTTP/1.1" 200 139492
193.70.81.110 - - [10/Jan/2025:02:01:23 +0100] "GET /ticket2/opencms/ka/buy/?page=1&edid=C6A3430C-A1F7-956B-F26F-DB287A52AC18 HTTP/1.1" 200 115450
65.21.113.194 - - [10/Jan/2025:02:01:25 +0100] "GET /ticket2/opencms/tr/buy/?page=1&edid=5CBB442D-D365-7F4F-B999-AA88D946C632 HTTP/1.1" 200 142486
193.70.81.110 - - [10/Jan/2025:02:01:26 +0100] "GET /ticket2/opencms/ka/buy/?page=1&edid=C9919F63-312E-C4DF-29D6-DA1CE80EC9A2 HTTP/1.1" 200 134878
193.70.81.110 - - [10/Jan/2025:02:01:29 +0100] "GET /ticket2/opencms/ka/buy/?page=1&edid=CB2F98AB-2A36-6804-D7EE-05DAE30031CC HTTP/1.1" 200 118274
20.169.171.118 - - [10/Jan/2025:02:01:31 +0100] "GET /ticket2/opencms/venue/old_trafford.png HTTP/1.1" 200 89001
193.70.81.110 - - [10/Jan/2025:02:01:31 +0100] "GET /ticket2/opencms/ka/buy/?page=1&edid=CB9583C2-830F-C234-1777-18BB6FF1FE1C HTTP/1.1" 200 115442
185.191.171.6 - - [10/Jan/2025:02:01:32 +0100] "GET /ticket2/opencms/en/sport/football-tickets/serie_a/ac_milan/ HTTP/1.1" 200 96756
47.128.20.16 - - [10/Jan/2025:02:01:32 +0100] "GET /ticket2/opencms/nl/ HTTP/1.1" 200 98610
193.70.81.110 - - [10/Jan/2025:02:01:34 +0100] "GET /ticket2/opencms/ka/buy/?page=1&edid=CBDF47AD-F7D8-A677-7E8E-783C31186D97 HTTP/1.1" 200 115448
114.119.159.237 - - [10/Jan/2025:02:01:34 +0100] "GET /ticket2/opencms/en/buying_tickets/ HTTP/1.1" 200 89709
193.70.81.110 - - [10/Jan/2025:02:01:37 +0100] "GET /ticket2/opencms/ka/buy/?page=1&edid=CC748805-AA77-5D07-7352-96CD97D4F5AC HTTP/1.1" 200 144831
114.119.148.14 - - [10/Jan/2025:02:01:37 +0100] "GET /ticket2/opencms/en/sell/?edid=E3F85EA2-7497-BB5C-3EC3-22E3D2CF7FB8 HTTP/1.1" 302 -
65.21.113.194 - - [10/Jan/2025:02:01:37 +0100] "GET /ticket2/opencms/tr/buy/?page=1&edid=5E608C7A-903B-E4BB-4868-5D83917347B8 HTTP/1.1" 200 150174
193.70.81.110 - - [10/Jan/2025:02:01:39 +0100] "GET /ticket2/opencms/ka/buy/?page=1&edid=CCBA408F-28FE-E1B7-45C2-0BA14CFCEBA4 HTTP/1.1" 200 115368
114.119.148.14 - - [10/Jan/2025:02:01:41 +0100] "GET /ticket2/opencms/en/login/?url=/en/sell/ HTTP/1.1" 200 89817
193.70.81.110 - - [10/Jan/2025:02:01:41 +0100] "GET /ticket2/opencms/ka/buy/?page=1&edid=CCC52869-7D07-37D3-E716-0EF1AC21BCE4 HTTP/1.1" 200 119954
193.70.81.110 - - [10/Jan/2025:02:01:44 +0100] "GET /ticket2/opencms/ka/buy/?page=1&edid=CCC5617F-257E-D2AC-C3EC-1D14BF51F54A HTTP/1.1" 200 120109
193.70.81.110 - - [10/Jan/2025:02:01:47 +0100] "GET /ticket2/opencms/ka/buy/?page=1&edid=CD8DD483-1991-1E61-700A-98F06CAA8968 HTTP/1.1" 200 119641
185.191.171.6 - - [10/Jan/2025:02:01:47 +0100] "GET /ticket2/opencms/tr/magazine/article?title=uluslar-ligi-tum-hiziyla-devam-ediyor HTTP/1.1" 200 94212
54.36.149.47 - - [10/Jan/2025:02:01:47 +0100] "GET /ticket2/opencms/hr/buy?page=1&edid=ABE0D196-5A84-0064-2AAA-8BE846913E3B HTTP/1.1" 200 136241
65.21.113.194 - - [10/Jan/2025:02:01:48 +0100] "GET /ticket2/opencms/tr/buy/?page=1&edid=627DD27E-C54C-E728-A0EA-5E098C44319A HTTP/1.1" 200 123390
202.8.42.99 - - [10/Jan/2025:02:01:48 +0100] "GET /ticket2/opencms/system/modules/com.gridnine.opencms.ticketbrokerage.site/resources/css/jquery-ui.css HTTP/1.1" 200 33221
202.8.42.99 - - [10/Jan/2025:02:01:48 +0100] "GET /ticket2/opencms/system/modules/com.gridnine.opencms.ticketbrokerage.site/resources/css/standard.css HTTP/1.1" 200 73081
202.8.42.99 - - [10/Jan/2025:02:01:48 +0100] "GET /ticket2/opencms/system/modules/com.gridnine.opencms.ticketbrokerage.site/resources/css/ticketbrokerage.css HTTP/1.1" 200 39339
202.8.42.99 - - [10/Jan/2025:02:01:48 +0100] "GET /ticket2/opencms/system/modules/com.gridnine.opencms.ticketbrokerage.site/resources/css/calendar.css HTTP/1.1" 200 6871
202.8.42.99 - - [10/Jan/2025:02:01:48 +0100] "GET /ticket2/opencms/system/modules/com.gridnine.opencms.ticketbrokerage.site/resources/css/jquery.fancybox.css HTTP/1.1" 200 4939
202.8.42.99 - - [10/Jan/2025:02:01:48 +0100] "GET /ticket2/opencms/system/modules/com.gridnine.opencms.ticketbrokerage.site/resources/js/jquery/jquery.js HTTP/1.1" 200 93868
202.8.42.99 - - [10/Jan/2025:02:01:48 +0100] "GET /ticket2/opencms/system/modules/com.gridnine.opencms.ticketbrokerage.site/resources/js/functions.js HTTP/1.1" 200 1583
202.8.42.99 - - [10/Jan/2025:02:01:48 +0100] "GET /ticket2/opencms/system/modules/com.gridnine.opencms.ticketbrokerage.site/resources/js/jquery/jquery-ui.js HTTP/1.1" 200 228088
202.8.42.99 - - [10/Jan/2025:02:01:48 +0100] "GET /ticket2/opencms/system/modules/com.gridnine.opencms.ticketbrokerage.site/resources/js/calendar-setup.js HTTP/1.1" 200 4923
202.8.42.99 - - [10/Jan/2025:02:01:48 +0100] "GET /ticket2/opencms/system/modules/com.gridnine.opencms.ticketbrokerage.site/resources/js/calendar-en.js HTTP/1.1" 200 3338
202.8.42.99 - - [10/Jan/2025:02:01:48 +0100] "GET /ticket2/opencms/system/modules/com.gridnine.opencms.ticketbrokerage.site/resources/js/calendar.js HTTP/1.1" 200 49229
202.8.42.99 - - [10/Jan/2025:02:01:49 +0100] "GET /ticket2/opencms/system/modules/com.gridnine.opencms.ticketbrokerage.site/resources/js/jquery.fancybox.pack.js HTTP/1.1" 200 23187
193.70.81.110 - - [10/Jan/2025:02:01:49 +0100] "GET /ticket2/opencms/ka/buy/?page=1&edid=CDA38C41-6DE4-D71D-343E-7BC83BD91DA2 HTTP/1.1" 200 115467
202.8.42.99 - - [10/Jan/2025:02:01:49 +0100] "GET /ticket2/opencms/system/modules/com.gridnine.opencms.ticketbrokerage.site/resources/js/stickyfill.min.js HTTP/1.1" 200 5672
202.8.42.99 - - [10/Jan/2025:02:01:49 +0100] "GET /ticket2/opencms/system/modules/com.gridnine.opencms.ticketbrokerage.site/resources/js/standard.js HTTP/1.1" 200 3978
202.8.42.99 - - [10/Jan/2025:02:01:49 +0100] "GET /ticket2/opencms/system/modules/com.gridnine.opencms.ticketbrokerage.site/resources/js/jquery.placeholder.min.js HTTP/1.1" 200 1737
202.8.42.99 - - [10/Jan/2025:02:01:49 +0100] "GET /ticket2/opencms/system/modules/com.gridnine.opencms.ticketbrokerage.site/resources/js/common-ajax.js HTTP/1.1" 200 20175
202.8.42.99 - - [10/Jan/2025:02:01:49 +0100] "GET /ticket2/opencms/hr/ask-form.html HTTP/1.1" 200 3156
202.8.42.99 - - [10/Jan/2025:02:01:51 +0100] "GET /ticket2/opencms/hr/ask-form.html HTTP/1.1" 200 3156
202.8.42.99 - - [10/Jan/2025:02:01:51 +0100] "GET /ticket2/opencms/system/modules/com.gridnine.opencms.ticketbrokerage.site/resources/css/ticketbrokerage.css HTTP/1.1" 200 39339
202.8.42.99 - - [10/Jan/2025:02:01:51 +0100] "GET /ticket2/opencms/system/modules/com.gridnine.opencms.ticketbrokerage.site/resources/js/standard.js HTTP/1.1" 200 3978
193.70.81.110 - - [10/Jan/2025:02:01:51 +0100] "GET /ticket2/opencms/ka/buy/?page=1&edid=CE176BC6-607A-1F10-781B-B350B44BEDAB HTTP/1.1" 200 119711
193.70.81.110 - - [10/Jan/2025:02:01:53 +0100] "GET /ticket2/opencms/ka/buy/?page=1&edid=CEC3CC84-E2A0-FA7E-2440-748B95840967 HTTP/1.1" 200 119120
193.70.81.110 - - [10/Jan/2025:02:01:55 +0100] "GET /ticket2/opencms/ka/buy/?page=1&edid=D04A2A75-C354-C952-6F83-6468E82B896B HTTP/1.1" 200 132547
85.208.96.193 - - [10/Jan/2025:02:01:56 +0100] "GET /ticket2/opencms/es/magazine/article?title=manchester-city-arriesga-el-descenso HTTP/1.1" 200 92197
193.70.81.110 - - [10/Jan/2025:02:01:58 +0100] "GET /ticket2/opencms/ka/buy/?page=1&edid=D11D82D4-28DA-1768-D317-EF521A2F97E6 HTTP/1.1" 200 119709
65.21.113.194 - - [10/Jan/2025:02:01:59 +0100] "GET /ticket2/opencms/tr/buy/?page=1&edid=65C03F06-B4E6-0D65-D535-E007A0321D02 HTTP/1.1" 200 125493
193.70.81.110 - - [10/Jan/2025:02:02:00 +0100] "GET /ticket2/opencms/ka/buy/?page=1&edid=D16CBD56-F9C4-0265-CE8D-3642D2270494 HTTP/1.1" 200 115433
193.70.81.110 - - [10/Jan/2025:02:02:02 +0100] "GET /ticket2/opencms/ka/buy/?page=1&edid=D2F30FD8-0864-E7E5-43A2-A4369C9456A3 HTTP/1.1" 200 115578
193.70.81.110 - - [10/Jan/2025:02:02:04 +0100] "GET /ticket2/opencms/ka/buy/?page=1&edid=D30BED09-6070-2632-277D-0992609B7A1B HTTP/1.1" 200 115568
40.77.167.121 - - [10/Jan/2025:02:02:05 +0100] "GET /ticket2/opencms/dk/buy?page=1&edid=6491c4b6-5c45-20f3-bdec-54ee4ba903d5 HTTP/1.1" 200 8134
193.70.81.110 - - [10/Jan/2025:02:02:07 +0100] "GET /ticket2/opencms/ka/buy/?page=1&edid=D32E6E8F-4267-4ED8-F70D-962BC1F391DE HTTP/1.1" 200 118260
185.191.171.12 - - [10/Jan/2025:02:02:07 +0100] "GET /ticket2/opencms/ga HTTP/1.1" 200 101000
193.70.81.110 - - [10/Jan/2025:02:02:10 +0100] "GET /ticket2/opencms/ka/buy/?page=1&edid=D3AB0CA8-3C40-1AB9-8BEC-7D01F349EB4E HTTP/1.1" 200 143900
65.21.113.194 - - [10/Jan/2025:02:02:10 +0100] "GET /ticket2/opencms/tr/buy/?page=1&edid=66C22035-E7EA-E10A-4BFC-2C30733037DC HTTP/1.1" 200 137771
193.70.81.110 - - [10/Jan/2025:02:02:12 +0100] "GET /ticket2/opencms/ka/buy/?page=1&edid=D3BB5206-D09C-E9EC-0247-A3E56EA24028 HTTP/1.1" 200 118946
66.249.64.105 - - [10/Jan/2025:02:02:14 +0100] "GET /ticket2/opencms/ HTTP/1.1" 302 -
66.249.64.105 - - [10/Jan/2025:02:02:15 +0100] "GET /ticket2/opencms/en/ HTTP/1.1" 200 99357
65.21.113.194 - - [10/Jan/2025:02:02:15 +0100] "GET /ticket2/opencms/tr/buy/?page=1&edid=68B485F7-9483-6E4F-656D-602EE2AC621D HTTP/1.1" 200 137801
193.70.81.110 - - [10/Jan/2025:02:02:15 +0100] "GET /ticket2/opencms/ka/buy/?page=1&edid=D3CFC94C-099A-20DC-B2B6-57B9CC37DA19 HTTP/1.1" 200 115437
193.70.81.110 - - [10/Jan/2025:02:02:17 +0100] "GET /ticket2/opencms/ka/buy/?page=1&edid=D402E731-16BD-6054-BEC0-D195836DBFA5 HTTP/1.1" 200 127734
65.21.113.194 - - [10/Jan/2025:02:02:20 +0100] "GET /ticket2/opencms/tr/buy/?page=1&edid=6900F69D-285C-3BF9-3103-7DA1DE82E367 HTTP/1.1" 200 123310
193.70.81.110 - - [10/Jan/2025:02:02:20 +0100] "GET /ticket2/opencms/ka/buy/?page=1&edid=D45BCB35-EE91-062B-5384-4218890EBB45 HTTP/1.1" 200 139627
193.70.81.110 - - [10/Jan/2025:02:02:22 +0100] "GET /ticket2/opencms/ka/buy/?page=1&edid=D4BE10A7-6729-8D10-7D71-DF05ECBB68C6 HTTP/1.1" 200 115492
65.21.113.194 - - [10/Jan/2025:02:02:23 +0100] "GET /ticket2/opencms/tr/buy/?page=1&edid=69802F7E-2013-4656-113E-ECD53B17933B HTTP/1.1" 200 123407
65.21.232.254 - - [10/Jan/2025:02:02:24 +0100] "GET /ticket2/opencms/en/buy/?page=1&edid=3F2482EE-6B7A-310D-17CE-1C7E3CC58C7F HTTP/1.1" 200 121095
193.70.81.110 - - [10/Jan/2025:02:02:25 +0100] "GET /ticket2/opencms/ka/buy/?page=1&edid=D774E566-37EE-86F6-1D9C-096C682D965E HTTP/1.1" 200 119727
65.21.232.254 - - [10/Jan/2025:02:02:26 +0100] "GET /ticket2/opencms/en/buy/?page=1&edid=403B436C-97BC-2EFB-A98B-42727D330360 HTTP/1.1" 200 111250
193.70.81.110 - - [10/Jan/2025:02:02:27 +0100] "GET /ticket2/opencms/ka/buy/?page=1&edid=D7A0CE52-984B-ED7D-3C37-01DBFEE471D2 HTTP/1.1" 200 125437
65.21.232.254 - - [10/Jan/2025:02:02:28 +0100] "GET /ticket2/opencms/en/buy/?page=1&edid=41223DA8-F64F-F12A-66D9-9E5666E9DFB2 HTTP/1.1" 200 111260
65.21.113.194 - - [10/Jan/2025:02:02:28 +0100] "GET /ticket2/opencms/tr/buy/?page=1&edid=6A920F16-DD42-2262-3AA2-B83D5743F13A HTTP/1.1" 200 141567
