151.38.113.192 - - [10/Jan/2025:01:07:49 +0100] "GET /ticket2/opencms/it/buy?page=2&sodvid=66900fc6-c414-4b9a-b5dd-18030a01000f HTTP/1.1" 200 128656
202.8.42.88 - - [10/Jan/2025:01:07:49 +0100] "GET /ticket2/opencms/system/modules/com.gridnine.opencms.ticketbrokerage.site/resources/js/calendar-en.js HTTP/1.1" 200 3338
202.8.42.88 - - [10/Jan/2025:01:07:49 +0100] "GET /ticket2/opencms/system/modules/com.gridnine.opencms.ticketbrokerage.site/resources/js/jquery/jquery.js HTTP/1.1" 200 93868
202.8.42.88 - - [10/Jan/2025:01:07:49 +0100] "GET /ticket2/opencms/system/modules/com.gridnine.opencms.ticketbrokerage.site/resources/js/jquery.fancybox.pack.js HTTP/1.1" 200 23187
202.8.42.88 - - [10/Jan/2025:01:07:49 +0100] "GET /ticket2/opencms/system/modules/com.gridnine.opencms.ticketbrokerage.site/resources/js/functions.js HTTP/1.1" 200 1583
202.8.42.88 - - [10/Jan/2025:01:07:49 +0100] "GET /ticket2/opencms/system/modules/com.gridnine.opencms.ticketbrokerage.site/resources/js/calendar.js HTTP/1.1" 200 49229
202.8.42.88 - - [10/Jan/2025:01:07:49 +0100] "GET /ticket2/opencms/system/modules/com.gridnine.opencms.ticketbrokerage.site/resources/js/stickyfill.min.js HTTP/1.1" 200 5672
202.8.42.88 - - [10/Jan/2025:01:07:49 +0100] "GET /ticket2/opencms/system/modules/com.gridnine.opencms.ticketbrokerage.site/resources/js/calendar-setup.js HTTP/1.1" 200 4923
202.8.42.88 - - [10/Jan/2025:01:07:49 +0100] "GET /ticket2/opencms/system/modules/com.gridnine.opencms.ticketbrokerage.site/resources/js/standard.js HTTP/1.1" 200 3978
151.38.113.192 - - [10/Jan/2025:01:07:49 +0100] "GET /ticket2/opencms/system/modules/com.gridnine.opencms.ticketbrokerage.site/resources/js/calendar-en.js HTTP/1.1" 200 3338
202.8.42.88 - - [10/Jan/2025:01:07:49 +0100] "GET /ticket2/opencms/system/modules/com.gridnine.opencms.ticketbrokerage.site/resources/js/jquery.placeholder.min.js HTTP/1.1" 200 1737
202.8.42.88 - - [10/Jan/2025:01:07:49 +0100] "GET /ticket2/opencms/system/modules/com.gridnine.opencms.ticketbrokerage.site/resources/js/common-ajax.js HTTP/1.1" 200 20175
151.38.113.192 - - [10/Jan/2025:01:07:49 +0100] "GET /ticket2/opencms/system/modules/com.gridnine.opencms.ticketbrokerage.site/resources/js/calendar-setup.js HTTP/1.1" 200 4923
151.38.113.192 - - [10/Jan/2025:01:07:50 +0100] "GET /ticket2/opencms/system/modules/com.gridnine.opencms.ticketbrokerage.site/resources/js/standard.js HTTP/1.1" 200 3978
151.38.113.192 - - [10/Jan/2025:01:07:50 +0100] "GET /ticket2/opencms/system/modules/com.gridnine.opencms.ticketbrokerage.site/resources/css/calendar.css HTTP/1.1" 200 6871
151.38.113.192 - - [10/Jan/2025:01:07:50 +0100] "GET /ticket2/opencms/system/modules/com.gridnine.opencms.ticketbrokerage.site/resources/css/standard.css HTTP/1.1" 200 73081
151.38.113.192 - - [10/Jan/2025:01:07:50 +0100] "GET /ticket2/opencms/system/modules/com.gridnine.opencms.ticketbrokerage.site/resources/css/ticketbrokerage.css HTTP/1.1" 200 39339
151.38.113.192 - - [10/Jan/2025:01:07:50 +0100] "GET /ticket2/opencms/system/modules/com.gridnine.opencms.ticketbrokerage.site/resources/js/functions.js HTTP/1.1" 200 1583
151.38.113.192 - - [10/Jan/2025:01:07:50 +0100] "GET /ticket2/opencms/system/modules/com.gridnine.opencms.ticketbrokerage.site/resources/js/calendar.js HTTP/1.1" 200 49229
151.38.113.192 - - [10/Jan/2025:01:07:50 +0100] "GET /ticket2/opencms/system/modules/com.gridnine.opencms.ticketbrokerage.site/resources/css/images/ui-bg_flat_75_ffffff_40x100.png HTTP/1.1" 404 -
65.21.113.194 - - [10/Jan/2025:01:07:52 +0100] "GET /ticket2/opencms/sv/buy/?page=1&edid=5DBB4F23-1DC6-5854-92A3-8C0AF6152B4D HTTP/1.1" 200 124575
47.128.36.21 - - [10/Jan/2025:01:07:54 +0100] "GET /ticket2/opencms/az/buy/?edid=D3CFC94C-099A-20DC-B2B6-57B9CC37DA19 HTTP/1.1" 200 92704
65.21.113.194 - - [10/Jan/2025:01:07:58 +0100] "GET /ticket2/opencms/sv/buy/?page=1&edid=5ED2EB91-C7BF-DB4E-E8CC-C708B8706497 HTTP/1.1" 200 108735
85.208.96.203 - - [10/Jan/2025:01:08:02 +0100] "GET /ticket2/opencms/fi/magazine/article?title=emirates-stadium-ikooninen-areena HTTP/1.1" 200 95724
185.191.171.11 - - [10/Jan/2025:01:08:02 +0100] "GET /ticket2/opencms/cs/magazine/article?title=hvezdy-me-ktere-se-nejvice-vyhledavaji-na-googlu-a-jsou-nejvetsi-na-instagramu HTTP/1.1" 200 99215
65.21.113.194 - - [10/Jan/2025:01:08:02 +0100] "GET /ticket2/opencms/sv/buy/?page=1&edid=5EDAD7EF-4482-E566-628C-36CFA67969B0 HTTP/1.1" 200 114773
66.249.64.132 - - [10/Jan/2025:01:08:03 +0100] "GET /ticket2/opencms/set_aff_cookie.jsp?partner=8F6DE15D-D831-5787-AE7E-FEFF53476F85&url=%252Fno%252Fbuy%252Findex.html%253Fpage%253D1%2526edid%253D30C733D6-B654-EB7B-CA40-DF4ED4D7D98D%2526hlv%253D66c3864c-be14-48d6-a561-675b0a01000f%2523v1906830580 HTTP/1.1" 200 246
85.208.96.208 - - [10/Jan/2025:01:08:05 +0100] "GET /ticket2/opencms/mt/sport/biljetti-tal-futbol/premier-league/southampton HTTP/1.1" 200 95043
66.249.64.130 - - [10/Jan/2025:01:08:06 +0100] "GET /ticket2/opencms/system/modules/com.gridnine.opencms.ticketbrokerage.site/resources/js/stickyfill.min.js HTTP/1.1" 200 5672
151.38.113.192 - - [10/Jan/2025:01:08:07 +0100] "GET /ticket2/opencms/it/buy/?page=1&edid=76AC12AC-4686-41BA-93AB-CDA5668851B1&hlv=66900fc6-dc74-489a-b2be-18030a01000f HTTP/1.1" 200 121600
151.38.113.192 - - [10/Jan/2025:01:08:07 +0100] "GET /ticket2/opencms/it/ask-form.html HTTP/1.1" 200 3156
65.21.113.194 - - [10/Jan/2025:01:08:07 +0100] "GET /ticket2/opencms/sv/buy/?page=1&edid=5F5129B2-1702-C675-5051-34240EBE11DF HTTP/1.1" 200 108739
65.21.113.194 - - [10/Jan/2025:01:08:12 +0100] "GET /ticket2/opencms/sv/buy/?page=1&edid=601F2318-7477-7FC8-2487-EFF4A82C960F HTTP/1.1" 200 108747
88.94.71.124 - - [10/Jan/2025:01:08:13 +0100] "GET /ticket2/opencms/no/sport/fotballsbilletter/premier_league/?gad_source=5 HTTP/1.1" 200 97908
88.94.71.124 - - [10/Jan/2025:01:08:13 +0100] "GET /ticket2/opencms/system/modules/com.gridnine.opencms.ticketbrokerage.site/resources/js/jquery/jquery.js HTTP/1.1" 200 93868
88.94.71.124 - - [10/Jan/2025:01:08:13 +0100] "GET /ticket2/opencms/system/modules/com.gridnine.opencms.ticketbrokerage.site/resources/js/jquery/jquery-ui.js HTTP/1.1" 200 228088
88.94.71.124 - - [10/Jan/2025:01:08:13 +0100] "GET /ticket2/opencms/system/modules/com.gridnine.opencms.ticketbrokerage.site/resources/css/jquery-ui.css HTTP/1.1" 200 33221
88.94.71.124 - - [10/Jan/2025:01:08:13 +0100] "GET /ticket2/opencms/system/modules/com.gridnine.opencms.ticketbrokerage.site/resources/css/calendar.css HTTP/1.1" 200 6871
88.94.71.124 - - [10/Jan/2025:01:08:13 +0100] "GET /ticket2/opencms/system/modules/com.gridnine.opencms.ticketbrokerage.site/resources/css/ticketbrokerage.css HTTP/1.1" 200 39339
88.94.71.124 - - [10/Jan/2025:01:08:13 +0100] "GET /ticket2/opencms/system/modules/com.gridnine.opencms.ticketbrokerage.site/resources/css/standard.css HTTP/1.1" 200 73081
88.94.71.124 - - [10/Jan/2025:01:08:13 +0100] "GET /ticket2/opencms/system/modules/com.gridnine.opencms.ticketbrokerage.site/resources/css/jquery.fancybox.css HTTP/1.1" 200 4939
88.94.71.124 - - [10/Jan/2025:01:08:13 +0100] "GET /ticket2/opencms/system/modules/com.gridnine.opencms.ticketbrokerage.site/resources/js/functions.js HTTP/1.1" 200 1583
88.94.71.124 - - [10/Jan/2025:01:08:13 +0100] "GET /ticket2/opencms/system/modules/com.gridnine.opencms.ticketbrokerage.site/resources/js/jquery.placeholder.min.js HTTP/1.1" 200 1737
88.94.71.124 - - [10/Jan/2025:01:08:13 +0100] "GET /ticket2/opencms/system/modules/com.gridnine.opencms.ticketbrokerage.site/resources/js/calendar.js HTTP/1.1" 200 49229
88.94.71.124 - - [10/Jan/2025:01:08:13 +0100] "GET /ticket2/opencms/system/modules/com.gridnine.opencms.ticketbrokerage.site/resources/js/calendar-en.js HTTP/1.1" 200 3338
88.94.71.124 - - [10/Jan/2025:01:08:13 +0100] "GET /ticket2/opencms/system/modules/com.gridnine.opencms.ticketbrokerage.site/resources/js/common-ajax.js HTTP/1.1" 200 20175
88.94.71.124 - - [10/Jan/2025:01:08:13 +0100] "GET /ticket2/opencms/system/modules/com.gridnine.opencms.ticketbrokerage.site/resources/js/calendar-setup.js HTTP/1.1" 200 4923
88.94.71.124 - - [10/Jan/2025:01:08:13 +0100] "GET /ticket2/opencms/system/modules/com.gridnine.opencms.ticketbrokerage.site/resources/js/stickyfill.min.js HTTP/1.1" 200 5672
88.94.71.124 - - [10/Jan/2025:01:08:13 +0100] "GET /ticket2/opencms/system/modules/com.gridnine.opencms.ticketbrokerage.site/resources/js/jquery.fancybox.pack.js HTTP/1.1" 200 23187
88.94.71.124 - - [10/Jan/2025:01:08:13 +0100] "GET /ticket2/opencms/system/modules/com.gridnine.opencms.ticketbrokerage.site/resources/js/standard.js HTTP/1.1" 200 3978
88.94.71.124 - - [10/Jan/2025:01:08:13 +0100] "GET /ticket2/opencms/system/modules/com.gridnine.opencms.ticketbrokerage.site/resources/pics/logo-new.png HTTP/1.1" 200 13541
88.94.71.124 - - [10/Jan/2025:01:08:13 +0100] "GET /ticket2/opencms/img/insta.png HTTP/1.1" 200 3967
88.94.71.124 - - [10/Jan/2025:01:08:13 +0100] "GET /ticket2/opencms/img/icons/globe-white.png HTTP/1.1" 200 947
88.94.71.124 - - [10/Jan/2025:01:08:13 +0100] "GET /ticket2/opencms/img/fb.png HTTP/1.1" 200 1269
88.94.71.124 - - [10/Jan/2025:01:08:13 +0100] "GET /ticket2/opencms/system/modules/com.gridnine.opencms.ticketbrokerage.site/resources/pics/banners/sv/premier_league_sv.png HTTP/1.1" 200 13518
88.94.71.124 - - [10/Jan/2025:01:08:13 +0100] "GET /ticket2/opencms/img/icons/se.png HTTP/1.1" 200 1258
88.94.71.124 - - [10/Jan/2025:01:08:13 +0100] "GET /ticket2/opencms/system/modules/com.gridnine.opencms.ticketbrokerage.site/resources/pics/footer-img.jpg HTTP/1.1" 200 67642
88.94.71.124 - - [10/Jan/2025:01:08:13 +0100] "GET /ticket2/opencms/img/check.png HTTP/1.1" 200 548
88.94.71.124 - - [10/Jan/2025:01:08:13 +0100] "GET /ticket2/opencms/img/icons/en.png HTTP/1.1" 200 2415
88.94.71.124 - - [10/Jan/2025:01:08:13 +0100] "GET /ticket2/opencms/img/mail.png HTTP/1.1" 200 403
88.94.71.124 - - [10/Jan/2025:01:08:13 +0100] "GET /ticket2/opencms/img/chat.png HTTP/1.1" 200 416
88.94.71.124 - - [10/Jan/2025:01:08:13 +0100] "GET /ticket2/opencms/img/icons/fi.png HTTP/1.1" 200 1785
88.94.71.124 - - [10/Jan/2025:01:08:13 +0100] "GET /ticket2/opencms/img/arrow.png HTTP/1.1" 200 753
88.94.71.124 - - [10/Jan/2025:01:08:14 +0100] "GET /ticket2/opencms/img/icons/no.png HTTP/1.1" 200 1958
88.94.71.124 - - [10/Jan/2025:01:08:14 +0100] "GET /ticket2/opencms/img/icons/dk.png HTTP/1.1" 200 1706
88.94.71.124 - - [10/Jan/2025:01:08:14 +0100] "GET /ticket2/opencms/img/icons/nl.png HTTP/1.1" 200 1255
88.94.71.124 - - [10/Jan/2025:01:08:14 +0100] "GET /ticket2/opencms/img/icons/pl.png HTTP/1.1" 200 1578
88.94.71.124 - - [10/Jan/2025:01:08:14 +0100] "GET /ticket2/opencms/img/icons/sq.png HTTP/1.1" 200 1619
88.94.71.124 - - [10/Jan/2025:01:08:14 +0100] "GET /ticket2/opencms/img/icons/az.png HTTP/1.1" 200 1445
88.94.71.124 - - [10/Jan/2025:01:08:14 +0100] "GET /ticket2/opencms/img/icons/be.png HTTP/1.1" 200 1663
88.94.71.124 - - [10/Jan/2025:01:08:14 +0100] "GET /ticket2/opencms/img/icons/bs.png HTTP/1.1" 200 1014
88.94.71.124 - - [10/Jan/2025:01:08:14 +0100] "GET /ticket2/opencms/img/icons/fr.png HTTP/1.1" 200 1764
88.94.71.124 - - [10/Jan/2025:01:08:14 +0100] "GET /ticket2/opencms/img/icons/bg.png HTTP/1.1" 200 788
88.94.71.124 - - [10/Jan/2025:01:08:14 +0100] "GET /ticket2/opencms/img/icons/cs.png HTTP/1.1" 200 1883
88.94.71.124 - - [10/Jan/2025:01:08:14 +0100] "GET /ticket2/opencms/img/icons/hr.png HTTP/1.1" 200 2024
88.94.71.124 - - [10/Jan/2025:01:08:14 +0100] "GET /ticket2/opencms/img/icons/de.png HTTP/1.1" 200 1124
88.94.71.124 - - [10/Jan/2025:01:08:14 +0100] "GET /ticket2/opencms/img/icons/et.png HTTP/1.1" 200 754
88.94.71.124 - - [10/Jan/2025:01:08:14 +0100] "GET /ticket2/opencms/img/icons/el.png HTTP/1.1" 200 1637
88.94.71.124 - - [10/Jan/2025:01:08:14 +0100] "GET /ticket2/opencms/img/icons/ka.png HTTP/1.1" 200 860
88.94.71.124 - - [10/Jan/2025:01:08:14 +0100] "GET /ticket2/opencms/img/icons/hu.png HTTP/1.1" 200 733
88.94.71.124 - - [10/Jan/2025:01:08:14 +0100] "GET /ticket2/opencms/img/icons/is.png HTTP/1.1" 200 1884
88.94.71.124 - - [10/Jan/2025:01:08:14 +0100] "GET /ticket2/opencms/img/icons/ga.png HTTP/1.1" 200 1759
88.94.71.124 - - [10/Jan/2025:01:08:14 +0100] "GET /ticket2/opencms/img/icons/lv.png HTTP/1.1" 200 716
88.94.71.124 - - [10/Jan/2025:01:08:14 +0100] "GET /ticket2/opencms/img/icons/lt.png HTTP/1.1" 200 733
88.94.71.124 - - [10/Jan/2025:01:08:14 +0100] "GET /ticket2/opencms/img/icons/mt.png HTTP/1.1" 200 920
88.94.71.124 - - [10/Jan/2025:01:08:14 +0100] "GET /ticket2/opencms/img/icons/mo.png HTTP/1.1" 200 1468
88.94.71.124 - - [10/Jan/2025:01:08:14 +0100] "GET /ticket2/opencms/img/icons/ro.png HTTP/1.1" 200 1393
88.94.71.124 - - [10/Jan/2025:01:08:14 +0100] "GET /ticket2/opencms/img/icons/es.png HTTP/1.1" 200 1005
88.94.71.124 - - [10/Jan/2025:01:08:14 +0100] "GET /ticket2/opencms/img/icons/sr.png HTTP/1.1" 200 1602
88.94.71.124 - - [10/Jan/2025:01:08:14 +0100] "GET /ticket2/opencms/img/icons/sk.png HTTP/1.1" 200 1283
88.94.71.124 - - [10/Jan/2025:01:08:14 +0100] "GET /ticket2/opencms/img/icons/sl.png HTTP/1.1" 200 966
88.94.71.124 - - [10/Jan/2025:01:08:14 +0100] "GET /ticket2/opencms/img/icons/tr.png HTTP/1.1" 200 1636
88.94.71.124 - - [10/Jan/2025:01:08:14 +0100] "GET /ticket2/opencms/img/icons/uk.png HTTP/1.1" 200 1272
88.94.71.124 - - [10/Jan/2025:01:08:15 +0100] "GET /ticket2/opencms/img/icons/it.png HTTP/1.1" 200 2040
88.94.71.124 - - [10/Jan/2025:01:08:15 +0100] "GET /ticket2/opencms/img/icons/ticket2.thumbnail.png HTTP/1.1" 200 21519
88.94.71.124 - - [10/Jan/2025:01:08:15 +0100] "GET /ticket2/opencms/system/modules/com.gridnine.opencms.ticketbrokerage.site/resources/js/standard.js HTTP/1.1" 200 3978
65.21.113.194 - - [10/Jan/2025:01:08:17 +0100] "GET /ticket2/opencms/sv/buy/?page=1&edid=605F0713-F5C5-5844-2344-BCDD5B5AC0EC HTTP/1.1" 200 124912
85.208.96.204 - - [10/Jan/2025:01:08:17 +0100] "GET /ticket2/opencms/et/magazine/article?title=kevin-de-bruyne HTTP/1.1" 200 92644
65.21.113.194 - - [10/Jan/2025:01:08:21 +0100] "GET /ticket2/opencms/sv/buy/?page=1&edid=60F178DE-34D0-F541-48CD-E75B1D1E51B1 HTTP/1.1" 200 108712
65.21.113.194 - - [10/Jan/2025:01:08:26 +0100] "GET /ticket2/opencms/sv/buy/?page=1&edid=6148B729-620A-0104-5C35-7B49F49164F4 HTTP/1.1" 200 134864
54.36.148.88 - - [10/Jan/2025:01:08:28 +0100] "GET /ticket2/opencms/sl/buy?page=1&edid=ABE0D196-5A84-0064-2AAA-8BE846913E3B HTTP/1.1" 200 136332
202.8.42.46 - - [10/Jan/2025:01:08:29 +0100] "GET /ticket2/opencms/system/modules/com.gridnine.opencms.ticketbrokerage.site/resources/css/ticketbrokerage.css HTTP/1.1" 200 39339
202.8.42.46 - - [10/Jan/2025:01:08:29 +0100] "GET /ticket2/opencms/system/modules/com.gridnine.opencms.ticketbrokerage.site/resources/css/jquery.fancybox.css HTTP/1.1" 200 4939
202.8.42.46 - - [10/Jan/2025:01:08:29 +0100] "GET /ticket2/opencms/system/modules/com.gridnine.opencms.ticketbrokerage.site/resources/css/calendar.css HTTP/1.1" 200 6871
202.8.42.46 - - [10/Jan/2025:01:08:29 +0100] "GET /ticket2/opencms/system/modules/com.gridnine.opencms.ticketbrokerage.site/resources/css/standard.css HTTP/1.1" 200 73081
202.8.42.46 - - [10/Jan/2025:01:08:29 +0100] "GET /ticket2/opencms/system/modules/com.gridnine.opencms.ticketbrokerage.site/resources/css/jquery-ui.css HTTP/1.1" 200 33221
202.8.42.46 - - [10/Jan/2025:01:08:29 +0100] "GET /ticket2/opencms/system/modules/com.gridnine.opencms.ticketbrokerage.site/resources/js/jquery/jquery.js HTTP/1.1" 200 93868
202.8.42.46 - - [10/Jan/2025:01:08:30 +0100] "GET /ticket2/opencms/system/modules/com.gridnine.opencms.ticketbrokerage.site/resources/js/functions.js HTTP/1.1" 200 1583
202.8.42.46 - - [10/Jan/2025:01:08:30 +0100] "GET /ticket2/opencms/system/modules/com.gridnine.opencms.ticketbrokerage.site/resources/js/jquery/jquery-ui.js HTTP/1.1" 200 228088
202.8.42.46 - - [10/Jan/2025:01:08:30 +0100] "GET /ticket2/opencms/system/modules/com.gridnine.opencms.ticketbrokerage.site/resources/js/calendar.js HTTP/1.1" 200 49229
202.8.42.46 - - [10/Jan/2025:01:08:30 +0100] "GET /ticket2/opencms/system/modules/com.gridnine.opencms.ticketbrokerage.site/resources/js/calendar-en.js HTTP/1.1" 200 3338
202.8.42.46 - - [10/Jan/2025:01:08:30 +0100] "GET /ticket2/opencms/system/modules/com.gridnine.opencms.ticketbrokerage.site/resources/js/calendar-setup.js HTTP/1.1" 200 4923
202.8.42.46 - - [10/Jan/2025:01:08:30 +0100] "GET /ticket2/opencms/system/modules/com.gridnine.opencms.ticketbrokerage.site/resources/js/jquery.fancybox.pack.js HTTP/1.1" 200 23187
202.8.42.46 - - [10/Jan/2025:01:08:30 +0100] "GET /ticket2/opencms/system/modules/com.gridnine.opencms.ticketbrokerage.site/resources/js/stickyfill.min.js HTTP/1.1" 200 5672
202.8.42.46 - - [10/Jan/2025:01:08:30 +0100] "GET /ticket2/opencms/system/modules/com.gridnine.opencms.ticketbrokerage.site/resources/js/standard.js HTTP/1.1" 200 3978
202.8.42.46 - - [10/Jan/2025:01:08:30 +0100] "GET /ticket2/opencms/system/modules/com.gridnine.opencms.ticketbrokerage.site/resources/js/jquery.placeholder.min.js HTTP/1.1" 200 1737
202.8.42.46 - - [10/Jan/2025:01:08:30 +0100] "GET /ticket2/opencms/system/modules/com.gridnine.opencms.ticketbrokerage.site/resources/js/common-ajax.js HTTP/1.1" 200 20175
202.8.42.46 - - [10/Jan/2025:01:08:30 +0100] "GET /ticket2/opencms/sl/ask-form.html HTTP/1.1" 200 3156
202.8.42.46 - - [10/Jan/2025:01:08:31 +0100] "GET /ticket2/opencms/system/modules/com.gridnine.opencms.ticketbrokerage.site/resources/js/standard.js HTTP/1.1" 200 3978
202.8.42.46 - - [10/Jan/2025:01:08:31 +0100] "GET /ticket2/opencms/sl/ask-form.html HTTP/1.1" 200 3156
202.8.42.46 - - [10/Jan/2025:01:08:31 +0100] "GET /ticket2/opencms/system/modules/com.gridnine.opencms.ticketbrokerage.site/resources/css/ticketbrokerage.css HTTP/1.1" 200 39339
65.21.113.194 - - [10/Jan/2025:01:08:32 +0100] "GET /ticket2/opencms/sv/buy/?page=1&edid=62132CB0-BE29-78AA-38D9-C99EEE6C98B0 HTTP/1.1" 200 116629
40.77.167.154 - - [10/Jan/2025:01:08:32 +0100] "GET /ticket2/opencms/lv/buy/?page=1&edid=4DFD725A-4EAE-5578-E2C8-F093AEA223CD HTTP/1.1" 200 142122
40.77.167.154 - - [10/Jan/2025:01:08:33 +0100] "GET /ticket2/opencms/hr/buy?page=1&edid=34865868-F4E5-B9DA-7FA1-A23C9F87B67A HTTP/1.1" 200 109727
114.119.151.50 - - [10/Jan/2025:01:08:35 +0100] "GET /ticket2/opencms/en/venue/?venueid=F3839010-FA04-80EF-00C0-301AFB1437AD HTTP/1.1" 200 85162
85.208.96.195 - - [10/Jan/2025:01:08:35 +0100] "GET /ticket2/opencms/uk/magazine/article?title=pro-stadion-tottengem-gotspur HTTP/1.1" 200 98885
65.21.113.194 - - [10/Jan/2025:01:08:36 +0100] "GET /ticket2/opencms/sv/buy/?page=1&edid=63B3C27F-3402-BA64-D032-5846FD6DB5B5 HTTP/1.1" 200 111764
65.21.113.194 - - [10/Jan/2025:01:08:41 +0100] "GET /ticket2/opencms/sv/buy/?page=1&edid=63D25C1E-F945-3D8C-F981-1BC33FDCD607 HTTP/1.1" 200 117998
65.21.113.194 - - [10/Jan/2025:01:08:46 +0100] "GET /ticket2/opencms/sv/buy/?page=1&edid=64ED0EC9-75A5-F773-0C16-11EBB640A9D8 HTTP/1.1" 200 110894
85.208.96.200 - - [10/Jan/2025:01:08:48 +0100] "GET /ticket2/opencms/de/sport/fussball-tickets/la_liga/real_madrid/ HTTP/1.1" 200 95896
65.21.113.194 - - [10/Jan/2025:01:08:53 +0100] "GET /ticket2/opencms/sv/buy/?page=1&edid=65603CB8-D89B-8162-91B3-4F3F1A541713 HTTP/1.1" 200 125426
151.38.113.192 - - [10/Jan/2025:01:08:55 +0100] "GET /ticket2/opencms/set_aff_cookie.jsp?partner=53673ED6-1455-FA54-818F-B1F67121E37C&url=/it/buy/index.html%3Fpage%3D1%26edid%3D76AC12AC-4686-41BA-93AB-CDA5668851B1%26hlv%3D66900fc6-dc74-489a-b2be-18030a01000f%23v307986511 HTTP/1.1" 200 224
151.38.113.192 - - [10/Jan/2025:01:08:56 +0100] "GET /ticket2/opencms/it/buy/?page=1&edid=76AC12AC-4686-41BA-93AB-CDA5668851B1&hlv=66900fc6-dc74-489a-b2be-18030a01000f HTTP/1.1" 200 121591
151.38.113.192 - - [10/Jan/2025:01:08:56 +0100] "GET /ticket2/opencms/system/modules/com.gridnine.opencms.ticketbrokerage.site/resources/js/calendar-en.js HTTP/1.1" 200 3338
151.38.113.192 - - [10/Jan/2025:01:08:56 +0100] "GET /ticket2/opencms/system/modules/com.gridnine.opencms.ticketbrokerage.site/resources/js/calendar-setup.js HTTP/1.1" 200 4923
151.38.113.192 - - [10/Jan/2025:01:08:57 +0100] "GET /ticket2/opencms/system/modules/com.gridnine.opencms.ticketbrokerage.site/resources/js/standard.js HTTP/1.1" 200 3978
151.38.113.192 - - [10/Jan/2025:01:08:57 +0100] "GET /ticket2/opencms/system/modules/com.gridnine.opencms.ticketbrokerage.site/resources/css/calendar.css HTTP/1.1" 200 6871
151.38.113.192 - - [10/Jan/2025:01:08:57 +0100] "GET /ticket2/opencms/system/modules/com.gridnine.opencms.ticketbrokerage.site/resources/css/ticketbrokerage.css HTTP/1.1" 200 39339
151.38.113.192 - - [10/Jan/2025:01:08:57 +0100] "GET /ticket2/opencms/system/modules/com.gridnine.opencms.ticketbrokerage.site/resources/css/standard.css HTTP/1.1" 200 73081
151.38.113.192 - - [10/Jan/2025:01:08:57 +0100] "GET /ticket2/opencms/system/modules/com.gridnine.opencms.ticketbrokerage.site/resources/js/functions.js HTTP/1.1" 200 1583
151.38.113.192 - - [10/Jan/2025:01:08:57 +0100] "GET /ticket2/opencms/system/modules/com.gridnine.opencms.ticketbrokerage.site/resources/js/calendar.js HTTP/1.1" 200 49229
151.38.113.192 - - [10/Jan/2025:01:08:57 +0100] "GET /ticket2/opencms/it/ask-form.html HTTP/1.1" 200 3156
151.38.113.192 - - [10/Jan/2025:01:08:57 +0100] "GET /ticket2/opencms/system/modules/com.gridnine.opencms.ticketbrokerage.site/resources/css/ticketbrokerage.css HTTP/1.1" 200 39339
65.21.113.194 - - [10/Jan/2025:01:09:00 +0100] "GET /ticket2/opencms/sv/buy/?page=1&edid=659056BB-BE87-24B6-C829-F3AEABED7D72 HTTP/1.1" 200 129630
151.38.113.192 - - [10/Jan/2025:01:09:03 +0100] "GET /ticket2/opencms/set_aff_cookie.jsp?partner=53673ED6-1455-FA54-818F-B1F67121E37C&url=/it/buy/index.html%3Fpage%3D1%26edid%3D76AC12AC-4686-41BA-93AB-CDA5668851B1%26hlv%3D66900fc6-dc74-489a-b2be-18030a01000f%23v307986511 HTTP/1.1" 200 224
151.38.113.192 - - [10/Jan/2025:01:09:04 +0100] "GET /ticket2/opencms/it/buy/?page=1&edid=76AC12AC-4686-41BA-93AB-CDA5668851B1&hlv=66900fc6-dc74-489a-b2be-18030a01000f HTTP/1.1" 200 121584
151.38.113.192 - - [10/Jan/2025:01:09:04 +0100] "GET /ticket2/opencms/system/modules/com.gridnine.opencms.ticketbrokerage.site/resources/js/calendar-en.js HTTP/1.1" 200 3338
151.38.113.192 - - [10/Jan/2025:01:09:04 +0100] "GET /ticket2/opencms/system/modules/com.gridnine.opencms.ticketbrokerage.site/resources/js/calendar-setup.js HTTP/1.1" 200 4923
151.38.113.192 - - [10/Jan/2025:01:09:04 +0100] "GET /ticket2/opencms/system/modules/com.gridnine.opencms.ticketbrokerage.site/resources/js/standard.js HTTP/1.1" 200 3978
151.38.113.192 - - [10/Jan/2025:01:09:04 +0100] "GET /ticket2/opencms/system/modules/com.gridnine.opencms.ticketbrokerage.site/resources/css/standard.css HTTP/1.1" 200 73081
151.38.113.192 - - [10/Jan/2025:01:09:04 +0100] "GET /ticket2/opencms/system/modules/com.gridnine.opencms.ticketbrokerage.site/resources/js/calendar.js HTTP/1.1" 200 49229
151.38.113.192 - - [10/Jan/2025:01:09:04 +0100] "GET /ticket2/opencms/system/modules/com.gridnine.opencms.ticketbrokerage.site/resources/css/ticketbrokerage.css HTTP/1.1" 200 39339
151.38.113.192 - - [10/Jan/2025:01:09:04 +0100] "GET /ticket2/opencms/system/modules/com.gridnine.opencms.ticketbrokerage.site/resources/css/calendar.css HTTP/1.1" 200 6871
151.38.113.192 - - [10/Jan/2025:01:09:04 +0100] "GET /ticket2/opencms/system/modules/com.gridnine.opencms.ticketbrokerage.site/resources/js/functions.js HTTP/1.1" 200 1583
151.38.113.192 - - [10/Jan/2025:01:09:05 +0100] "GET /ticket2/opencms/it/ask-form.html HTTP/1.1" 200 3156
151.38.113.192 - - [10/Jan/2025:01:09:05 +0100] "GET /ticket2/opencms/system/modules/com.gridnine.opencms.ticketbrokerage.site/resources/css/ticketbrokerage.css HTTP/1.1" 200 39339
185.191.171.10 - - [10/Jan/2025:01:09:05 +0100] "GET /ticket2/opencms/is/magazine/article?title=allsvenskan-premier-league-saenska-fotboltans HTTP/1.1" 200 93223
65.21.113.194 - - [10/Jan/2025:01:09:05 +0100] "GET /ticket2/opencms/robots.txt HTTP/1.1" 200 773
65.21.113.194 - - [10/Jan/2025:01:09:06 +0100] "GET /ticket2/opencms/sv/buy/?page=1&edid=65FEF73C-F65F-4957-0F47-673C50411D15 HTTP/1.1" 200 121008
65.21.113.194 - - [10/Jan/2025:01:09:12 +0100] "GET /ticket2/opencms/sv/buy/?page=1&edid=660EB9E2-5EAA-DCDE-B75E-74855AFB1F01 HTTP/1.1" 200 108645
85.208.96.201 - - [10/Jan/2025:01:09:13 +0100] "GET /ticket2/opencms/sl/magazine/article?title=eredivisie HTTP/1.1" 200 94216
65.21.113.194 - - [10/Jan/2025:01:09:16 +0100] "GET /ticket2/opencms/sv/buy/?page=1&edid=66269336-049A-BDB0-D600-40EA18A6C9C0 HTTP/1.1" 200 108834
85.208.96.196 - - [10/Jan/2025:01:09:18 +0100] "GET /ticket2/opencms/nl/magazine/article?title=brighton-and-hove-albion HTTP/1.1" 200 89971
65.21.113.194 - - [10/Jan/2025:01:09:21 +0100] "GET /ticket2/opencms/sv/buy/?page=1&edid=66639F01-2DC3-AE31-937D-1F5B14F403FD HTTP/1.1" 200 108749
66.249.64.130 - - [10/Jan/2025:01:09:22 +0100] "GET /ticket2/opencms/az/magazine/article?title=aston-villa-premier-liqanin-en-qedim-klublarindan-biri HTTP/1.1" 200 93808
85.208.96.196 - - [10/Jan/2025:01:09:25 +0100] "GET /ticket2/opencms/de/magazine/article?title=william-alain-andre-gabriel-saliba HTTP/1.1" 200 93889
216.244.66.238 - - [10/Jan/2025:01:09:25 +0100] "GET /ticket2/opencms/robots.txt HTTP/1.1" 200 773
65.21.113.194 - - [10/Jan/2025:01:09:26 +0100] "GET /ticket2/opencms/sv/buy/?page=1&edid=66C24011-32A3-EE83-DB81-98818915F278 HTTP/1.1" 200 111793
157.55.39.55 - - [10/Jan/2025:01:09:27 +0100] "GET /ticket2/opencms/dk/buy?page=1&edid=2EF450B0-DF91-3D32-83BE-3864AECD3DBC HTTP/1.1" 200 111568
157.55.39.55 - - [10/Jan/2025:01:09:29 +0100] "GET /ticket2/opencms/ka/buy/?page=1&edid=128622B7-EDDD-3A5E-9897-BCB852F1E8F1 HTTP/1.1" 200 118001
65.21.113.194 - - [10/Jan/2025:01:09:30 +0100] "GET /ticket2/opencms/sv/buy/?page=1&edid=66FFE717-0C93-3F01-2AC8-8E7FC5F9BAB1 HTTP/1.1" 200 118024
65.21.113.194 - - [10/Jan/2025:01:09:35 +0100] "GET /ticket2/opencms/sv/buy/?page=1&edid=670DDB77-CAC3-4ADF-B3FC-CE012EDDA850 HTTP/1.1" 200 118237
65.21.113.194 - - [10/Jan/2025:01:09:39 +0100] "GET /ticket2/opencms/sv/buy/?page=1&edid=6713F743-CFE1-C987-288D-AC8AB79C37B8 HTTP/1.1" 200 118048
114.119.157.43 - - [10/Jan/2025:01:09:45 +0100] "GET /ticket2/opencms/ro/buy?page=1&=993ECB6B-5437-7FFC-177B-D4101C1148EA HTTP/1.1" 200 6507
65.21.113.194 - - [10/Jan/2025:01:09:45 +0100] "GET /ticket2/opencms/sv/buy/?page=1&edid=674F234C-D4CA-999E-97DA-0BB9782A36CC HTTP/1.1" 200 108742
54.36.148.36 - - [10/Jan/2025:01:09:47 +0100] "GET /ticket2/opencms/sr/buy?page=1&edid=ABE0D196-5A84-0064-2AAA-8BE846913E3B HTTP/1.1" 200 137047
202.8.41.73 - - [10/Jan/2025:01:09:48 +0100] "GET /ticket2/opencms/system/modules/com.gridnine.opencms.ticketbrokerage.site/resources/css/ticketbrokerage.css HTTP/1.1" 200 39339
202.8.41.73 - - [10/Jan/2025:01:09:48 +0100] "GET /ticket2/opencms/system/modules/com.gridnine.opencms.ticketbrokerage.site/resources/css/calendar.css HTTP/1.1" 200 6871
202.8.41.73 - - [10/Jan/2025:01:09:48 +0100] "GET /ticket2/opencms/system/modules/com.gridnine.opencms.ticketbrokerage.site/resources/css/standard.css HTTP/1.1" 200 73081
202.8.41.73 - - [10/Jan/2025:01:09:48 +0100] "GET /ticket2/opencms/system/modules/com.gridnine.opencms.ticketbrokerage.site/resources/css/jquery-ui.css HTTP/1.1" 200 33221
202.8.41.73 - - [10/Jan/2025:01:09:48 +0100] "GET /ticket2/opencms/system/modules/com.gridnine.opencms.ticketbrokerage.site/resources/css/jquery.fancybox.css HTTP/1.1" 200 4939
202.8.41.73 - - [10/Jan/2025:01:09:48 +0100] "GET /ticket2/opencms/system/modules/com.gridnine.opencms.ticketbrokerage.site/resources/js/jquery/jquery-ui.js HTTP/1.1" 200 228088
202.8.41.73 - - [10/Jan/2025:01:09:48 +0100] "GET /ticket2/opencms/system/modules/com.gridnine.opencms.ticketbrokerage.site/resources/js/functions.js HTTP/1.1" 200 1583
202.8.41.73 - - [10/Jan/2025:01:09:49 +0100] "GET /ticket2/opencms/system/modules/com.gridnine.opencms.ticketbrokerage.site/resources/js/calendar.js HTTP/1.1" 200 49229
202.8.41.73 - - [10/Jan/2025:01:09:49 +0100] "GET /ticket2/opencms/system/modules/com.gridnine.opencms.ticketbrokerage.site/resources/js/calendar-en.js HTTP/1.1" 200 3338
202.8.41.73 - - [10/Jan/2025:01:09:49 +0100] "GET /ticket2/opencms/system/modules/com.gridnine.opencms.ticketbrokerage.site/resources/js/calendar-setup.js HTTP/1.1" 200 4923
202.8.41.73 - - [10/Jan/2025:01:09:49 +0100] "GET /ticket2/opencms/system/modules/com.gridnine.opencms.ticketbrokerage.site/resources/js/jquery.fancybox.pack.js HTTP/1.1" 200 23187
202.8.41.73 - - [10/Jan/2025:01:09:49 +0100] "GET /ticket2/opencms/system/modules/com.gridnine.opencms.ticketbrokerage.site/resources/js/stickyfill.min.js HTTP/1.1" 200 5672
202.8.41.73 - - [10/Jan/2025:01:09:49 +0100] "GET /ticket2/opencms/system/modules/com.gridnine.opencms.ticketbrokerage.site/resources/js/standard.js HTTP/1.1" 200 3978
202.8.41.73 - - [10/Jan/2025:01:09:49 +0100] "GET /ticket2/opencms/system/modules/com.gridnine.opencms.ticketbrokerage.site/resources/js/jquery/jquery.js HTTP/1.1" 200 93868
202.8.41.73 - - [10/Jan/2025:01:09:49 +0100] "GET /ticket2/opencms/system/modules/com.gridnine.opencms.ticketbrokerage.site/resources/js/jquery.placeholder.min.js HTTP/1.1" 200 1737
202.8.41.73 - - [10/Jan/2025:01:09:49 +0100] "GET /ticket2/opencms/system/modules/com.gridnine.opencms.ticketbrokerage.site/resources/js/common-ajax.js HTTP/1.1" 200 20175
202.8.41.73 - - [10/Jan/2025:01:09:49 +0100] "GET /ticket2/opencms/sr/ask-form.html HTTP/1.1" 200 3156
202.8.41.73 - - [10/Jan/2025:01:09:49 +0100] "GET /ticket2/opencms/sr/ask-form.html HTTP/1.1" 200 3156
65.21.113.194 - - [10/Jan/2025:01:09:49 +0100] "GET /ticket2/opencms/sv/buy/?page=1&edid=68509658-F432-C2D3-40D1-EAC6A14AC448 HTTP/1.1" 200 108693
202.8.41.73 - - [10/Jan/2025:01:09:49 +0100] "GET /ticket2/opencms/system/modules/com.gridnine.opencms.ticketbrokerage.site/resources/css/ticketbrokerage.css HTTP/1.1" 200 39339
65.21.113.194 - - [10/Jan/2025:01:09:54 +0100] "GET /ticket2/opencms/sv/buy/?page=1&edid=696D5B95-E686-DB57-A55C-2EEBDCC864DE HTTP/1.1" 200 111708
66.249.64.130 - - [10/Jan/2025:01:09:56 +0100] "GET /ticket2/opencms/sl/buy/?page=1&edid=8A676299-B54E-C301-442A-823ABEA189C5 HTTP/1.1" 200 119195
65.21.113.194 - - [10/Jan/2025:01:09:58 +0100] "GET /ticket2/opencms/sv/buy/?page=1&edid=697BE447-74B7-A748-152F-A1818DA4BEC9 HTTP/1.1" 200 135207
65.21.113.194 - - [10/Jan/2025:01:10:03 +0100] "GET /ticket2/opencms/sv/buy/?page=1&edid=6A452FCB-E86D-3985-3F4E-F9948D3BEE08 HTTP/1.1" 200 108637
65.21.113.194 - - [10/Jan/2025:01:10:08 +0100] "GET /ticket2/opencms/sv/buy/?page=1&edid=6ABC64C2-B7BD-3F6D-DD46-2C8F1F69889E HTTP/1.1" 200 108735
47.128.20.117 - - [10/Jan/2025:01:10:11 +0100] "GET /ticket2/opencms/is/buy/?edid=E289F96B-BF69-A88E-30C1-E3CA6BC29D6C HTTP/1.1" 200 92482
65.21.113.194 - - [10/Jan/2025:01:10:13 +0100] "GET /ticket2/opencms/sv/buy/?page=1&edid=6B023766-ECB3-24CC-F992-263AD5C5EB2E HTTP/1.1" 200 111959
65.21.113.194 - - [10/Jan/2025:01:10:18 +0100] "GET /ticket2/opencms/sv/buy/?page=1&edid=6C1ED87B-DDA5-3BB2-3EDA-87860E37D5E0 HTTP/1.1" 200 118049
185.191.171.7 - - [10/Jan/2025:01:10:19 +0100] "GET /ticket2/opencms/ro/magazine/article?title=cole-palmer-decide-meciul-si-alexander-isak-revine HTTP/1.1" 200 93118
65.21.113.194 - - [10/Jan/2025:01:10:23 +0100] "GET /ticket2/opencms/sv/buy/?page=1&edid=6C755BD2-3E40-1F18-AF57-4283F42FB67F HTTP/1.1" 200 111778
65.21.113.194 - - [10/Jan/2025:01:10:27 +0100] "GET /ticket2/opencms/sv/buy/?page=1&edid=6DC3E8B1-EB9E-3B74-1E36-CDC7B60DF336 HTTP/1.1" 200 108718
185.191.171.6 - - [10/Jan/2025:01:10:31 +0100] "GET /ticket2/opencms/ka/buy_safety HTTP/1.1" 200 91151
65.21.113.194 - - [10/Jan/2025:01:10:32 +0100] "GET /ticket2/opencms/sv/buy/?page=1&edid=6F379414-70C4-400F-51D2-AFD37C8F2BC7 HTTP/1.1" 200 135191
185.191.171.15 - - [10/Jan/2025:01:10:35 +0100] "GET /ticket2/opencms/pl/magazine/article?title=zamkniecie-okna-transferowego-wczesniej HTTP/1.1" 200 92131
54.36.149.48 - - [10/Jan/2025:01:10:36 +0100] "GET /ticket2/opencms/is/buy?page=1&edid=D3AB0CA8-3C40-1AB9-8BEC-7D01F349EB4E HTTP/1.1" 200 137385
65.21.113.194 - - [10/Jan/2025:01:10:37 +0100] "GET /ticket2/opencms/sv/buy/?page=1&edid=6FB1B961-213D-A498-EACB-FFF2ED7E731F HTTP/1.1" 200 111823
202.8.40.52 - - [10/Jan/2025:01:10:37 +0100] "GET /ticket2/opencms/system/modules/com.gridnine.opencms.ticketbrokerage.site/resources/css/ticketbrokerage.css HTTP/1.1" 200 39339
202.8.40.52 - - [10/Jan/2025:01:10:37 +0100] "GET /ticket2/opencms/system/modules/com.gridnine.opencms.ticketbrokerage.site/resources/css/jquery-ui.css HTTP/1.1" 200 33221
202.8.40.52 - - [10/Jan/2025:01:10:37 +0100] "GET /ticket2/opencms/system/modules/com.gridnine.opencms.ticketbrokerage.site/resources/css/jquery.fancybox.css HTTP/1.1" 200 4939
202.8.40.52 - - [10/Jan/2025:01:10:37 +0100] "GET /ticket2/opencms/system/modules/com.gridnine.opencms.ticketbrokerage.site/resources/css/standard.css HTTP/1.1" 200 73081
202.8.40.52 - - [10/Jan/2025:01:10:37 +0100] "GET /ticket2/opencms/system/modules/com.gridnine.opencms.ticketbrokerage.site/resources/css/calendar.css HTTP/1.1" 200 6871
202.8.40.52 - - [10/Jan/2025:01:10:37 +0100] "GET /ticket2/opencms/system/modules/com.gridnine.opencms.ticketbrokerage.site/resources/js/jquery/jquery.js HTTP/1.1" 200 93868
202.8.40.52 - - [10/Jan/2025:01:10:38 +0100] "GET /ticket2/opencms/system/modules/com.gridnine.opencms.ticketbrokerage.site/resources/js/functions.js HTTP/1.1" 200 1583
202.8.40.52 - - [10/Jan/2025:01:10:38 +0100] "GET /ticket2/opencms/system/modules/com.gridnine.opencms.ticketbrokerage.site/resources/js/calendar.js HTTP/1.1" 200 49229
202.8.40.52 - - [10/Jan/2025:01:10:38 +0100] "GET /ticket2/opencms/system/modules/com.gridnine.opencms.ticketbrokerage.site/resources/js/calendar-setup.js HTTP/1.1" 200 4923
202.8.40.52 - - [10/Jan/2025:01:10:38 +0100] "GET /ticket2/opencms/system/modules/com.gridnine.opencms.ticketbrokerage.site/resources/js/calendar-en.js HTTP/1.1" 200 3338
202.8.40.52 - - [10/Jan/2025:01:10:38 +0100] "GET /ticket2/opencms/system/modules/com.gridnine.opencms.ticketbrokerage.site/resources/js/jquery/jquery-ui.js HTTP/1.1" 200 228088
202.8.40.52 - - [10/Jan/2025:01:10:38 +0100] "GET /ticket2/opencms/system/modules/com.gridnine.opencms.ticketbrokerage.site/resources/js/jquery.fancybox.pack.js HTTP/1.1" 200 23187
202.8.40.52 - - [10/Jan/2025:01:10:38 +0100] "GET /ticket2/opencms/system/modules/com.gridnine.opencms.ticketbrokerage.site/resources/js/stickyfill.min.js HTTP/1.1" 200 5672
202.8.40.52 - - [10/Jan/2025:01:10:38 +0100] "GET /ticket2/opencms/system/modules/com.gridnine.opencms.ticketbrokerage.site/resources/js/standard.js HTTP/1.1" 200 3978
202.8.40.52 - - [10/Jan/2025:01:10:38 +0100] "GET /ticket2/opencms/system/modules/com.gridnine.opencms.ticketbrokerage.site/resources/js/jquery.placeholder.min.js HTTP/1.1" 200 1737
202.8.40.52 - - [10/Jan/2025:01:10:38 +0100] "GET /ticket2/opencms/system/modules/com.gridnine.opencms.ticketbrokerage.site/resources/js/common-ajax.js HTTP/1.1" 200 20175
202.8.40.52 - - [10/Jan/2025:01:10:38 +0100] "GET /ticket2/opencms/is/ask-form.html HTTP/1.1" 200 3156
202.8.40.52 - - [10/Jan/2025:01:10:38 +0100] "GET /ticket2/opencms/is/ask-form.html HTTP/1.1" 200 3156
202.8.40.52 - - [10/Jan/2025:01:10:38 +0100] "GET /ticket2/opencms/system/modules/com.gridnine.opencms.ticketbrokerage.site/resources/css/ticketbrokerage.css HTTP/1.1" 200 39339
202.8.40.52 - - [10/Jan/2025:01:10:38 +0100] "GET /ticket2/opencms/system/modules/com.gridnine.opencms.ticketbrokerage.site/resources/js/standard.js HTTP/1.1" 200 3978
65.21.113.194 - - [10/Jan/2025:01:10:41 +0100] "GET /ticket2/opencms/sv/buy/?page=1&edid=7010A18C-5A4A-0E34-BEAB-2260102DF0D3 HTTP/1.1" 200 108692
185.191.171.3 - - [10/Jan/2025:01:10:41 +0100] "GET /ticket2/opencms/ka/about/press/ HTTP/1.1" 200 90589
65.21.113.194 - - [10/Jan/2025:01:10:45 +0100] "GET /ticket2/opencms/sv/buy/?page=1&edid=7011CD73-0694-9A63-C506-082352979D62 HTTP/1.1" 200 108765
65.21.113.194 - - [10/Jan/2025:01:10:57 +0100] "GET /ticket2/opencms/sv/buy/?page=1&edid=7122E03D-6477-8F00-8197-FB4687732D5A HTTP/1.1" 200 121633
54.36.148.4 - - [10/Jan/2025:01:11:01 +0100] "GET /ticket2/opencms/sl/buy?page=1&edid=D3AB0CA8-3C40-1AB9-8BEC-7D01F349EB4E HTTP/1.1" 200 137182
202.8.41.181 - - [10/Jan/2025:01:11:03 +0100] "GET /ticket2/opencms/system/modules/com.gridnine.opencms.ticketbrokerage.site/resources/css/ticketbrokerage.css HTTP/1.1" 200 39339
202.8.41.181 - - [10/Jan/2025:01:11:03 +0100] "GET /ticket2/opencms/system/modules/com.gridnine.opencms.ticketbrokerage.site/resources/css/jquery-ui.css HTTP/1.1" 200 33221
202.8.41.181 - - [10/Jan/2025:01:11:03 +0100] "GET /ticket2/opencms/system/modules/com.gridnine.opencms.ticketbrokerage.site/resources/css/standard.css HTTP/1.1" 200 73081
202.8.41.181 - - [10/Jan/2025:01:11:03 +0100] "GET /ticket2/opencms/system/modules/com.gridnine.opencms.ticketbrokerage.site/resources/css/jquery.fancybox.css HTTP/1.1" 200 4939
202.8.41.181 - - [10/Jan/2025:01:11:03 +0100] "GET /ticket2/opencms/system/modules/com.gridnine.opencms.ticketbrokerage.site/resources/css/calendar.css HTTP/1.1" 200 6871
202.8.41.181 - - [10/Jan/2025:01:11:03 +0100] "GET /ticket2/opencms/system/modules/com.gridnine.opencms.ticketbrokerage.site/resources/js/jquery/jquery-ui.js HTTP/1.1" 200 228088
202.8.41.181 - - [10/Jan/2025:01:11:03 +0100] "GET /ticket2/opencms/system/modules/com.gridnine.opencms.ticketbrokerage.site/resources/js/jquery/jquery.js HTTP/1.1" 200 93868
202.8.41.181 - - [10/Jan/2025:01:11:03 +0100] "GET /ticket2/opencms/system/modules/com.gridnine.opencms.ticketbrokerage.site/resources/js/functions.js HTTP/1.1" 200 1583
202.8.41.181 - - [10/Jan/2025:01:11:03 +0100] "GET /ticket2/opencms/system/modules/com.gridnine.opencms.ticketbrokerage.site/resources/js/calendar.js HTTP/1.1" 200 49229
202.8.41.181 - - [10/Jan/2025:01:11:03 +0100] "GET /ticket2/opencms/system/modules/com.gridnine.opencms.ticketbrokerage.site/resources/js/calendar-setup.js HTTP/1.1" 200 4923
202.8.41.181 - - [10/Jan/2025:01:11:03 +0100] "GET /ticket2/opencms/system/modules/com.gridnine.opencms.ticketbrokerage.site/resources/js/calendar-en.js HTTP/1.1" 200 3338
202.8.41.181 - - [10/Jan/2025:01:11:03 +0100] "GET /ticket2/opencms/system/modules/com.gridnine.opencms.ticketbrokerage.site/resources/js/jquery.fancybox.pack.js HTTP/1.1" 200 23187
202.8.41.181 - - [10/Jan/2025:01:11:03 +0100] "GET /ticket2/opencms/system/modules/com.gridnine.opencms.ticketbrokerage.site/resources/js/stickyfill.min.js HTTP/1.1" 200 5672
202.8.41.181 - - [10/Jan/2025:01:11:03 +0100] "GET /ticket2/opencms/system/modules/com.gridnine.opencms.ticketbrokerage.site/resources/js/standard.js HTTP/1.1" 200 3978
202.8.41.181 - - [10/Jan/2025:01:11:03 +0100] "GET /ticket2/opencms/system/modules/com.gridnine.opencms.ticketbrokerage.site/resources/js/jquery.placeholder.min.js HTTP/1.1" 200 1737
202.8.41.181 - - [10/Jan/2025:01:11:03 +0100] "GET /ticket2/opencms/system/modules/com.gridnine.opencms.ticketbrokerage.site/resources/js/common-ajax.js HTTP/1.1" 200 20175
202.8.41.181 - - [10/Jan/2025:01:11:03 +0100] "GET /ticket2/opencms/sl/ask-form.html HTTP/1.1" 200 3156
202.8.41.181 - - [10/Jan/2025:01:11:03 +0100] "GET /ticket2/opencms/sl/ask-form.html HTTP/1.1" 200 3156
202.8.41.181 - - [10/Jan/2025:01:11:03 +0100] "GET /ticket2/opencms/system/modules/com.gridnine.opencms.ticketbrokerage.site/resources/css/ticketbrokerage.css HTTP/1.1" 200 39339
66.249.89.67 - - [10/Jan/2025:01:11:07 +0100] "GET /ticket2/opencms/sv/sport/fotbollsbiljetter/la_liga/ HTTP/1.1" 200 96549
65.21.113.194 - - [10/Jan/2025:01:11:08 +0100] "GET /ticket2/opencms/robots.txt HTTP/1.1" 200 773
65.21.113.194 - - [10/Jan/2025:01:11:08 +0100] "GET /ticket2/opencms/sv/buy/?page=1&edid=71BCEC0A-D8F2-3C62-D68C-0DCA751BB9B9 HTTP/1.1" 200 108710
66.249.64.132 - - [10/Jan/2025:01:11:16 +0100] "GET /ticket2/opencms/de/buy/?page=1&edid=BE765CF2-E26F-2AA1-7F08-B0402508BB0C HTTP/1.1" 200 109193
66.249.76.170 - - [10/Jan/2025:01:11:20 +0100] "GET /ticket2/opencms/system/modules/com.gridnine.opencms.ticketbrokerage.site/resources/js/stickyfill.min.js HTTP/1.1" 200 5672
65.21.113.194 - - [10/Jan/2025:01:11:20 +0100] "GET /ticket2/opencms/sv/buy/?page=1&edid=72DAABB5-5728-E783-69FF-77938E46CA8B HTTP/1.1" 200 118221
65.21.113.194 - - [10/Jan/2025:01:11:25 +0100] "GET /ticket2/opencms/sv/buy/?page=1&edid=72EC4B5C-B2CA-AC72-96A0-7759E1692CB2 HTTP/1.1" 200 125093
185.191.171.1 - - [10/Jan/2025:01:11:26 +0100] "GET /ticket2/opencms/sv/sport/fotbollsbiljetter/bundesliga/freiburg/ HTTP/1.1" 200 98555
114.119.134.48 - - [10/Jan/2025:01:11:27 +0100] "GET /ticket2/opencms/en/venue/?venueid=549D1F21-57F6-6965-4AE0-C027D23DF3A5 HTTP/1.1" 200 85122
185.191.171.1 - - [10/Jan/2025:01:11:27 +0100] "GET /ticket2/opencms/be/faq/ HTTP/1.1" 200 91861
185.191.171.5 - - [10/Jan/2025:01:11:28 +0100] "GET /ticket2/opencms/robots.txt HTTP/1.1" 200 773
85.208.96.193 - - [10/Jan/2025:01:11:29 +0100] "GET /ticket2/opencms/no/sport/fotballsbilletter/la_liga/athletic-bilbao/ HTTP/1.1" 200 91865
34.75.55.252 - - [10/Jan/2025:01:11:29 +0100] "GET /ticket2/opencms/it/ HTTP/1.0" 200 100781
114.119.150.49 - - [10/Jan/2025:01:11:34 +0100] "GET /ticket2/opencms/en/venue/?venueid=A301B0C2-F71E-4DB0-24CC-ECF0C1A755C2 HTTP/1.1" 200 85001
157.55.39.55 - - [10/Jan/2025:01:11:36 +0100] "GET /ticket2/opencms/sq/?page=6&comcatid=A17713B6-D984-201A-4143-ED4DB5ED5C2E&catid=0A6C99D2-F5BD-7A18-9A5F-5668827042E0 HTTP/1.1" 200 100937
65.21.113.194 - - [10/Jan/2025:01:11:37 +0100] "GET /ticket2/opencms/sv/buy/?page=1&edid=73A88563-7759-0E47-FDEF-C8A00CE04F94 HTTP/1.1" 200 111914
47.128.110.52 - - [10/Jan/2025:01:11:39 +0100] "GET /ticket2/opencms/fi/venue/?venueid=FACE899F-59EF-482C-BA13-20EDA4B8894D HTTP/1.1" 200 86685
65.21.113.194 - - [10/Jan/2025:01:11:42 +0100] "GET /ticket2/opencms/sv/buy/?page=1&edid=73ADC408-1051-3D3B-0D53-5DA8E608120E HTTP/1.1" 200 135088
85.208.96.197 - - [10/Jan/2025:01:11:42 +0100] "GET /ticket2/opencms/robots.txt HTTP/1.1" 200 773
185.191.171.3 - - [10/Jan/2025:01:11:43 +0100] "GET /ticket2/opencms/fi/magazine/article?title=kylian-mbappe HTTP/1.1" 200 93949
52.167.144.160 - - [10/Jan/2025:01:11:44 +0100] "GET /ticket2/opencms/en/buy/?page=1&edid=076411AC-E16D-03B5-E9C0-15F71C5D24A8 HTTP/1.1" 200 107958
65.21.113.194 - - [10/Jan/2025:01:11:46 +0100] "GET /ticket2/opencms/sv/buy/?page=1&edid=74430233-0066-0F2D-297C-6BDDB67075CE HTTP/1.1" 200 121555
65.21.113.194 - - [10/Jan/2025:01:11:50 +0100] "GET /ticket2/opencms/sv/buy/?page=1&edid=74E49DAD-D5D9-E384-43C3-EB5A046F4603 HTTP/1.1" 200 108724
65.21.113.194 - - [10/Jan/2025:01:11:54 +0100] "GET /ticket2/opencms/sv/buy/?page=1&edid=7536ED49-D47D-D875-3F14-B754DE19451B HTTP/1.1" 200 108656
114.119.136.30 - - [10/Jan/2025:01:11:59 +0100] "GET /ticket2/opencms/bs/buy?page=1&=9DEE033A-D434-E6B4-46E2-BA7E7CD9433A HTTP/1.1" 200 6507
65.21.113.194 - - [10/Jan/2025:01:11:59 +0100] "GET /ticket2/opencms/sv/buy/?page=1&edid=7568E602-7C67-35D2-952F-D243F8930169 HTTP/1.1" 200 135060
54.36.148.86 - - [10/Jan/2025:01:12:00 +0100] "GET /ticket2/opencms/is/buy?page=1&edid=E8C34E6F-F034-0C2A-D437-ABD4D0BC81CD HTTP/1.1" 200 113020
202.8.43.27 - - [10/Jan/2025:01:12:01 +0100] "GET /ticket2/opencms/system/modules/com.gridnine.opencms.ticketbrokerage.site/resources/css/jquery.fancybox.css HTTP/1.1" 200 4939
202.8.43.27 - - [10/Jan/2025:01:12:01 +0100] "GET /ticket2/opencms/system/modules/com.gridnine.opencms.ticketbrokerage.site/resources/css/jquery-ui.css HTTP/1.1" 200 33221
202.8.43.27 - - [10/Jan/2025:01:12:01 +0100] "GET /ticket2/opencms/system/modules/com.gridnine.opencms.ticketbrokerage.site/resources/css/standard.css HTTP/1.1" 200 73081
202.8.43.27 - - [10/Jan/2025:01:12:01 +0100] "GET /ticket2/opencms/system/modules/com.gridnine.opencms.ticketbrokerage.site/resources/css/ticketbrokerage.css HTTP/1.1" 200 39339
202.8.43.27 - - [10/Jan/2025:01:12:01 +0100] "GET /ticket2/opencms/system/modules/com.gridnine.opencms.ticketbrokerage.site/resources/css/calendar.css HTTP/1.1" 200 6871
202.8.43.27 - - [10/Jan/2025:01:12:01 +0100] "GET /ticket2/opencms/system/modules/com.gridnine.opencms.ticketbrokerage.site/resources/js/jquery/jquery-ui.js HTTP/1.1" 200 228088
202.8.43.27 - - [10/Jan/2025:01:12:01 +0100] "GET /ticket2/opencms/system/modules/com.gridnine.opencms.ticketbrokerage.site/resources/js/calendar-en.js HTTP/1.1" 200 3338
202.8.43.27 - - [10/Jan/2025:01:12:02 +0100] "GET /ticket2/opencms/system/modules/com.gridnine.opencms.ticketbrokerage.site/resources/js/stickyfill.min.js HTTP/1.1" 200 5672
202.8.43.27 - - [10/Jan/2025:01:12:02 +0100] "GET /ticket2/opencms/system/modules/com.gridnine.opencms.ticketbrokerage.site/resources/js/jquery.fancybox.pack.js HTTP/1.1" 200 23187
202.8.43.27 - - [10/Jan/2025:01:12:02 +0100] "GET /ticket2/opencms/system/modules/com.gridnine.opencms.ticketbrokerage.site/resources/js/calendar.js HTTP/1.1" 200 49229
202.8.43.27 - - [10/Jan/2025:01:12:02 +0100] "GET /ticket2/opencms/system/modules/com.gridnine.opencms.ticketbrokerage.site/resources/js/calendar-setup.js HTTP/1.1" 200 4923
202.8.43.27 - - [10/Jan/2025:01:12:02 +0100] "GET /ticket2/opencms/system/modules/com.gridnine.opencms.ticketbrokerage.site/resources/js/functions.js HTTP/1.1" 200 1583
202.8.43.27 - - [10/Jan/2025:01:12:02 +0100] "GET /ticket2/opencms/system/modules/com.gridnine.opencms.ticketbrokerage.site/resources/js/jquery/jquery.js HTTP/1.1" 200 93868
202.8.43.27 - - [10/Jan/2025:01:12:02 +0100] "GET /ticket2/opencms/system/modules/com.gridnine.opencms.ticketbrokerage.site/resources/js/standard.js HTTP/1.1" 200 3978
202.8.43.27 - - [10/Jan/2025:01:12:02 +0100] "GET /ticket2/opencms/system/modules/com.gridnine.opencms.ticketbrokerage.site/resources/js/jquery.placeholder.min.js HTTP/1.1" 200 1737
202.8.43.27 - - [10/Jan/2025:01:12:02 +0100] "GET /ticket2/opencms/system/modules/com.gridnine.opencms.ticketbrokerage.site/resources/js/common-ajax.js HTTP/1.1" 200 20175
202.8.43.27 - - [10/Jan/2025:01:12:02 +0100] "GET /ticket2/opencms/is/ask-form.html HTTP/1.1" 200 3156
202.8.43.27 - - [10/Jan/2025:01:12:02 +0100] "GET /ticket2/opencms/system/modules/com.gridnine.opencms.ticketbrokerage.site/resources/css/ticketbrokerage.css HTTP/1.1" 200 39339
52.167.144.160 - - [10/Jan/2025:01:12:04 +0100] "GET /ticket2/opencms/sq/sport/bileta-per-futboll/premier-league/arsenal HTTP/1.1" 200 96845
65.21.113.194 - - [10/Jan/2025:01:12:05 +0100] "GET /ticket2/opencms/sv/buy/?page=1&edid=7608A35C-00D9-64A3-BF47-D099F0A5B944 HTTP/1.1" 200 108736
65.21.113.194 - - [10/Jan/2025:01:12:12 +0100] "GET /ticket2/opencms/sv/buy/?page=1&edid=7624E370-717C-E67C-7863-0581645F3814 HTTP/1.1" 200 114702
65.21.113.194 - - [10/Jan/2025:01:12:16 +0100] "GET /ticket2/opencms/sv/buy/?page=1&edid=76AC12AC-4686-41BA-93AB-CDA5668851B1 HTTP/1.1" 200 118292
65.21.113.194 - - [10/Jan/2025:01:12:21 +0100] "GET /ticket2/opencms/sv/buy/?page=1&edid=76B00707-D3EA-3D94-DEEA-CEE4CD43DF30 HTTP/1.1" 200 108676
65.21.113.194 - - [10/Jan/2025:01:12:26 +0100] "GET /ticket2/opencms/sv/buy/?page=1&edid=76EAECA7-64F4-2580-38CA-B14BCC95A1C5 HTTP/1.1" 200 117963
47.128.44.83 - - [10/Jan/2025:01:12:29 +0100] "GET /ticket2/opencms/is/buy/?edid=D9B6DEA1-0C13-FA80-469E-162654611A15 HTTP/1.1" 200 92444
114.119.136.30 - - [10/Jan/2025:01:12:30 +0100] "GET /ticket2/opencms/be/buy?page=1&=9CCA4649-2FF5-6A0F-596D-CB67A9F0D3DA HTTP/1.1" 200 6507
185.191.171.1 - - [10/Jan/2025:01:12:31 +0100] "GET /ticket2/opencms/fr/magazine/article?title=la-liga-le-real-madrid-a-remporte-le-plus-de-titres HTTP/1.1" 200 95279
65.21.113.194 - - [10/Jan/2025:01:12:36 +0100] "GET /ticket2/opencms/sv/buy/?page=1&edid=77C4D918-1D56-22F2-EE92-38BD6ED4FF46 HTTP/1.1" 200 121524
85.208.96.208 - - [10/Jan/2025:01:12:41 +0100] "GET /ticket2/opencms/cs/magazine/article?title=o-fotbalovem-klubu-liverpool-fc HTTP/1.1" 200 96512
65.21.113.194 - - [10/Jan/2025:01:12:42 +0100] "GET /ticket2/opencms/sv/buy/?page=1&edid=78314AF0-4634-069B-617B-0BA727735BF7 HTTP/1.1" 200 108677
185.191.171.10 - - [10/Jan/2025:01:12:42 +0100] "GET /ticket2/opencms/mt/magazine/article?title=brentford-fc-it-tieni-fil-championship HTTP/1.1" 200 92700
65.21.113.194 - - [10/Jan/2025:01:12:47 +0100] "GET /ticket2/opencms/sv/buy/?page=1&edid=78389174-E892-6AC2-A01D-F4A0A4AFE0D2 HTTP/1.1" 200 108795
185.191.171.2 - - [10/Jan/2025:01:12:51 +0100] "GET /ticket2/opencms/en/magazine/article?title=raphael-varane-retires-aged-31 HTTP/1.1" 200 91273
65.21.113.194 - - [10/Jan/2025:01:12:51 +0100] "GET /ticket2/opencms/sv/buy/?page=1&edid=78F53753-F856-B158-388A-6B70B4CA55C8 HTTP/1.1" 200 116626
65.21.113.194 - - [10/Jan/2025:01:12:56 +0100] "GET /ticket2/opencms/sv/buy/?page=1&edid=79716713-A068-E79D-953B-9FF4A2B80AAB HTTP/1.1" 200 134152
65.21.113.194 - - [10/Jan/2025:01:13:02 +0100] "GET /ticket2/opencms/sv/buy/?page=1&edid=7989D951-D5D2-7F28-EC94-576AD8E37318 HTTP/1.1" 200 114723
54.36.148.52 - - [10/Jan/2025:01:13:05 +0100] "GET /ticket2/opencms/fi/buy?page=1&edid=ABE0D196-5A84-0064-2AAA-8BE846913E3B HTTP/1.1" 200 136333
202.8.42.218 - - [10/Jan/2025:01:13:06 +0100] "GET /ticket2/opencms/system/modules/com.gridnine.opencms.ticketbrokerage.site/resources/css/jquery-ui.css HTTP/1.1" 200 33221
202.8.42.218 - - [10/Jan/2025:01:13:06 +0100] "GET /ticket2/opencms/system/modules/com.gridnine.opencms.ticketbrokerage.site/resources/css/calendar.css HTTP/1.1" 200 6871
202.8.42.218 - - [10/Jan/2025:01:13:06 +0100] "GET /ticket2/opencms/system/modules/com.gridnine.opencms.ticketbrokerage.site/resources/css/ticketbrokerage.css HTTP/1.1" 200 39339
202.8.42.218 - - [10/Jan/2025:01:13:06 +0100] "GET /ticket2/opencms/system/modules/com.gridnine.opencms.ticketbrokerage.site/resources/css/standard.css HTTP/1.1" 200 73081
202.8.42.218 - - [10/Jan/2025:01:13:06 +0100] "GET /ticket2/opencms/system/modules/com.gridnine.opencms.ticketbrokerage.site/resources/css/jquery.fancybox.css HTTP/1.1" 200 4939
202.8.42.218 - - [10/Jan/2025:01:13:06 +0100] "GET /ticket2/opencms/system/modules/com.gridnine.opencms.ticketbrokerage.site/resources/js/jquery/jquery.js HTTP/1.1" 200 93868
