202.8.42.218 - - [10/Jan/2025:01:13:06 +0100] "GET /ticket2/opencms/system/modules/com.gridnine.opencms.ticketbrokerage.site/resources/js/jquery/jquery-ui.js HTTP/1.1" 200 228088
202.8.42.218 - - [10/Jan/2025:01:13:06 +0100] "GET /ticket2/opencms/system/modules/com.gridnine.opencms.ticketbrokerage.site/resources/js/functions.js HTTP/1.1" 200 1583
202.8.42.218 - - [10/Jan/2025:01:13:06 +0100] "GET /ticket2/opencms/system/modules/com.gridnine.opencms.ticketbrokerage.site/resources/js/calendar.js HTTP/1.1" 200 49229
202.8.42.218 - - [10/Jan/2025:01:13:06 +0100] "GET /ticket2/opencms/system/modules/com.gridnine.opencms.ticketbrokerage.site/resources/js/calendar-en.js HTTP/1.1" 200 3338
202.8.42.218 - - [10/Jan/2025:01:13:06 +0100] "GET /ticket2/opencms/system/modules/com.gridnine.opencms.ticketbrokerage.site/resources/js/calendar-setup.js HTTP/1.1" 200 4923
202.8.42.218 - - [10/Jan/2025:01:13:06 +0100] "GET /ticket2/opencms/system/modules/com.gridnine.opencms.ticketbrokerage.site/resources/js/jquery.fancybox.pack.js HTTP/1.1" 200 23187
202.8.42.218 - - [10/Jan/2025:01:13:06 +0100] "GET /ticket2/opencms/system/modules/com.gridnine.opencms.ticketbrokerage.site/resources/js/stickyfill.min.js HTTP/1.1" 200 5672
202.8.42.218 - - [10/Jan/2025:01:13:06 +0100] "GET /ticket2/opencms/system/modules/com.gridnine.opencms.ticketbrokerage.site/resources/js/standard.js HTTP/1.1" 200 3978
202.8.42.218 - - [10/Jan/2025:01:13:06 +0100] "GET /ticket2/opencms/system/modules/com.gridnine.opencms.ticketbrokerage.site/resources/js/jquery.placeholder.min.js HTTP/1.1" 200 1737
202.8.42.218 - - [10/Jan/2025:01:13:07 +0100] "GET /ticket2/opencms/system/modules/com.gridnine.opencms.ticketbrokerage.site/resources/js/common-ajax.js HTTP/1.1" 200 20175
202.8.42.218 - - [10/Jan/2025:01:13:07 +0100] "GET /ticket2/opencms/fi/ask-form.html HTTP/1.1" 200 3012
202.8.42.218 - - [10/Jan/2025:01:13:07 +0100] "GET /ticket2/opencms/fi/ask-form.html HTTP/1.1" 200 3012
202.8.42.218 - - [10/Jan/2025:01:13:07 +0100] "GET /ticket2/opencms/system/modules/com.gridnine.opencms.ticketbrokerage.site/resources/css/ticketbrokerage.css HTTP/1.1" 200 39339
185.191.171.5 - - [10/Jan/2025:01:13:08 +0100] "GET /ticket2/opencms/sq/magazine/article?title=liga-e-kampioneve-bileta-ne-ticket2 HTTP/1.1" 200 97948
212.102.39.197 - - [10/Jan/2025:01:13:09 +0100] "GET /ticket2/opencms/ HTTP/1.0" 302 -
34.91.246.146 - - [10/Jan/2025:01:13:09 +0100] "GET /ticket2/opencms/sv/ HTTP/1.1" 200 100199
212.102.39.197 - - [10/Jan/2025:01:13:09 +0100] "GET /ticket2/opencms/it/ HTTP/1.0" 200 100813
212.102.39.197 - - [10/Jan/2025:01:13:10 +0100] "GET /ticket2/opencms/it/about/contact HTTP/1.0" 200 88831
85.208.96.195 - - [10/Jan/2025:01:13:13 +0100] "GET /ticket2/opencms/sk/faq/ HTTP/1.1" 200 90289
65.21.113.194 - - [10/Jan/2025:01:13:13 +0100] "GET /ticket2/opencms/robots.txt HTTP/1.1" 200 773
65.21.113.194 - - [10/Jan/2025:01:13:14 +0100] "GET /ticket2/opencms/sv/buy/?page=1&edid=79B5950A-8F2F-84F8-FCAC-0BA8722B353B HTTP/1.1" 200 118731
65.21.113.194 - - [10/Jan/2025:01:13:21 +0100] "GET /ticket2/opencms/sv/buy/?page=1&edid=7A0C4CE7-DF50-29C3-D447-032204091A27 HTTP/1.1" 200 108607
34.147.16.58 - - [10/Jan/2025:01:13:22 +0100] "GET /ticket2/opencms/fr/ HTTP/1.1" 200 100855
65.21.113.194 - - [10/Jan/2025:01:13:25 +0100] "GET /ticket2/opencms/sv/buy/?page=1&edid=7A0F0D40-9DB7-378F-AD47-13D628B3BD24 HTTP/1.1" 200 108636
65.21.113.194 - - [10/Jan/2025:01:13:32 +0100] "GET /ticket2/opencms/sv/buy/?page=1&edid=7B357C96-D15A-7330-3CD7-9115EBD86CB2 HTTP/1.1" 200 134254
40.77.167.74 - - [10/Jan/2025:01:13:35 +0100] "GET /ticket2/opencms/sv/buy?page=1&edid=5F78C39B-4186-FE18-0E0D-7E9A9CDFF515 HTTP/1.1" 200 111785
114.119.130.178 - - [10/Jan/2025:01:13:37 +0100] "GET /ticket2/opencms/en/venue/?venueid=EF46960E-40F0-93E3-4C59-3165FC2C860D HTTP/1.1" 200 84989
65.21.113.194 - - [10/Jan/2025:01:13:44 +0100] "GET /ticket2/opencms/sv/buy/?page=1&edid=7BBDFB0E-EE23-5294-44DC-2CB1E8C1A24F HTTP/1.1" 200 120450
185.191.171.2 - - [10/Jan/2025:01:13:52 +0100] "GET /ticket2/opencms/az/magazine/article?title=yarimfinal-fransa-vs-ispaniya HTTP/1.1" 200 95956
85.208.96.195 - - [10/Jan/2025:01:13:52 +0100] "GET /ticket2/opencms/fi/magazine/article?title=chelsea-fanit-reagoivat-turhautuneina HTTP/1.1" 200 93300
216.244.66.238 - - [10/Jan/2025:01:13:54 +0100] "GET /ticket2/opencms/ka/ HTTP/1.1" 200 104918
65.21.113.194 - - [10/Jan/2025:01:13:54 +0100] "GET /ticket2/opencms/sv/buy/?page=1&edid=7C302FE7-A282-8674-91A5-C39354E6B4F5 HTTP/1.1" 200 114690
54.36.148.113 - - [10/Jan/2025:01:13:59 +0100] "GET /ticket2/opencms/cs/buy?page=1&edid=C8463748-B145-33AD-CEE6-A9DF95CEBC4A HTTP/1.1" 200 122950
202.8.42.138 - - [10/Jan/2025:01:14:01 +0100] "GET /ticket2/opencms/system/modules/com.gridnine.opencms.ticketbrokerage.site/resources/css/ticketbrokerage.css HTTP/1.1" 200 39339
202.8.42.138 - - [10/Jan/2025:01:14:01 +0100] "GET /ticket2/opencms/system/modules/com.gridnine.opencms.ticketbrokerage.site/resources/css/jquery-ui.css HTTP/1.1" 200 33221
202.8.42.138 - - [10/Jan/2025:01:14:01 +0100] "GET /ticket2/opencms/system/modules/com.gridnine.opencms.ticketbrokerage.site/resources/css/calendar.css HTTP/1.1" 200 6871
202.8.42.138 - - [10/Jan/2025:01:14:01 +0100] "GET /ticket2/opencms/system/modules/com.gridnine.opencms.ticketbrokerage.site/resources/js/jquery/jquery.js HTTP/1.1" 200 93868
202.8.42.138 - - [10/Jan/2025:01:14:01 +0100] "GET /ticket2/opencms/system/modules/com.gridnine.opencms.ticketbrokerage.site/resources/css/jquery.fancybox.css HTTP/1.1" 200 4939
202.8.42.138 - - [10/Jan/2025:01:14:01 +0100] "GET /ticket2/opencms/system/modules/com.gridnine.opencms.ticketbrokerage.site/resources/css/standard.css HTTP/1.1" 200 73081
202.8.42.138 - - [10/Jan/2025:01:14:01 +0100] "GET /ticket2/opencms/system/modules/com.gridnine.opencms.ticketbrokerage.site/resources/js/calendar-setup.js HTTP/1.1" 200 4923
202.8.42.138 - - [10/Jan/2025:01:14:01 +0100] "GET /ticket2/opencms/system/modules/com.gridnine.opencms.ticketbrokerage.site/resources/js/jquery/jquery-ui.js HTTP/1.1" 200 228088
202.8.42.138 - - [10/Jan/2025:01:14:01 +0100] "GET /ticket2/opencms/system/modules/com.gridnine.opencms.ticketbrokerage.site/resources/js/functions.js HTTP/1.1" 200 1583
202.8.42.138 - - [10/Jan/2025:01:14:01 +0100] "GET /ticket2/opencms/system/modules/com.gridnine.opencms.ticketbrokerage.site/resources/js/calendar-en.js HTTP/1.1" 200 3338
202.8.42.138 - - [10/Jan/2025:01:14:01 +0100] "GET /ticket2/opencms/system/modules/com.gridnine.opencms.ticketbrokerage.site/resources/js/calendar.js HTTP/1.1" 200 49229
202.8.42.138 - - [10/Jan/2025:01:14:01 +0100] "GET /ticket2/opencms/system/modules/com.gridnine.opencms.ticketbrokerage.site/resources/js/jquery.fancybox.pack.js HTTP/1.1" 200 23187
202.8.42.138 - - [10/Jan/2025:01:14:01 +0100] "GET /ticket2/opencms/system/modules/com.gridnine.opencms.ticketbrokerage.site/resources/js/stickyfill.min.js HTTP/1.1" 200 5672
202.8.42.138 - - [10/Jan/2025:01:14:01 +0100] "GET /ticket2/opencms/system/modules/com.gridnine.opencms.ticketbrokerage.site/resources/js/standard.js HTTP/1.1" 200 3978
216.244.66.238 - - [10/Jan/2025:01:14:01 +0100] "GET /ticket2/opencms/sv/sell/ HTTP/1.1" 302 -
202.8.42.138 - - [10/Jan/2025:01:14:01 +0100] "GET /ticket2/opencms/system/modules/com.gridnine.opencms.ticketbrokerage.site/resources/js/jquery.placeholder.min.js HTTP/1.1" 200 1737
202.8.42.138 - - [10/Jan/2025:01:14:01 +0100] "GET /ticket2/opencms/system/modules/com.gridnine.opencms.ticketbrokerage.site/resources/js/common-ajax.js HTTP/1.1" 200 20175
202.8.42.138 - - [10/Jan/2025:01:14:01 +0100] "GET /ticket2/opencms/cs/ask-form.html HTTP/1.1" 200 3156
202.8.42.138 - - [10/Jan/2025:01:14:01 +0100] "GET /ticket2/opencms/cs/ask-form.html HTTP/1.1" 200 3156
202.8.42.138 - - [10/Jan/2025:01:14:02 +0100] "GET /ticket2/opencms/system/modules/com.gridnine.opencms.ticketbrokerage.site/resources/css/ticketbrokerage.css HTTP/1.1" 200 39339
193.70.81.110 - - [10/Jan/2025:01:14:05 +0100] "GET /ticket2/opencms/robots.txt HTTP/1.1" 200 773
65.21.113.194 - - [10/Jan/2025:01:14:06 +0100] "GET /ticket2/opencms/sv/buy/?page=1&edid=7C42EA11-98ED-FE3B-C61D-8A61C7F14A1C HTTP/1.1" 200 108708
193.70.81.110 - - [10/Jan/2025:01:14:08 +0100] "GET /ticket2/opencms/dk/buy/?page=1&edid=05170EF4-F87C-31BE-DC1D-EA038D308ECD&sortorder=asc&column=price HTTP/1.1" 200 113501
65.21.113.194 - - [10/Jan/2025:01:14:11 +0100] "GET /ticket2/opencms/sv/buy/?page=1&edid=7CC55054-B229-E12C-9C70-B1612FE653BC HTTP/1.1" 200 112422
193.70.81.110 - - [10/Jan/2025:01:14:13 +0100] "GET /ticket2/opencms/dk/buy/?page=1&edid=0BBD1918-205C-0140-CCFC-EC796EAE162A&sortorder=asc&column=section HTTP/1.1" 200 114271
94.191.137.103 - - [10/Jan/2025:01:14:15 +0100] "GET /ticket2/opencms/sv/tickets/milan/inter.html?gad_source=1&gbraid=0AAAAADlS-t9u8BaJtToh67CHhMgU3VK_L&gclid=EAIaIQobChMI6O3O-O_pigMVG0KRBR2e4ggeEAAYAyAAEgJ0mfD_BwE HTTP/1.1" 200 93826
94.191.137.103 - - [10/Jan/2025:01:14:15 +0100] "GET /ticket2/opencms/system/modules/com.gridnine.opencms.ticketbrokerage.site/resources/js/jquery/jquery.js HTTP/1.1" 200 93868
94.191.137.103 - - [10/Jan/2025:01:14:16 +0100] "GET /ticket2/opencms/system/modules/com.gridnine.opencms.ticketbrokerage.site/resources/js/jquery/jquery-ui.js HTTP/1.1" 200 228088
94.191.137.103 - - [10/Jan/2025:01:14:16 +0100] "GET /ticket2/opencms/system/modules/com.gridnine.opencms.ticketbrokerage.site/resources/css/ticketbrokerage.css HTTP/1.1" 200 39339
94.191.137.103 - - [10/Jan/2025:01:14:16 +0100] "GET /ticket2/opencms/system/modules/com.gridnine.opencms.ticketbrokerage.site/resources/css/calendar.css HTTP/1.1" 200 6871
94.191.137.103 - - [10/Jan/2025:01:14:16 +0100] "GET /ticket2/opencms/system/modules/com.gridnine.opencms.ticketbrokerage.site/resources/css/jquery.fancybox.css HTTP/1.1" 200 4939
94.191.137.103 - - [10/Jan/2025:01:14:16 +0100] "GET /ticket2/opencms/system/modules/com.gridnine.opencms.ticketbrokerage.site/resources/css/standard.css HTTP/1.1" 200 73081
94.191.137.103 - - [10/Jan/2025:01:14:16 +0100] "GET /ticket2/opencms/system/modules/com.gridnine.opencms.ticketbrokerage.site/resources/css/jquery-ui.css HTTP/1.1" 200 33221
94.191.137.103 - - [10/Jan/2025:01:14:16 +0100] "GET /ticket2/opencms/system/modules/com.gridnine.opencms.ticketbrokerage.site/resources/js/functions.js HTTP/1.1" 200 1583
94.191.137.103 - - [10/Jan/2025:01:14:16 +0100] "GET /ticket2/opencms/system/modules/com.gridnine.opencms.ticketbrokerage.site/resources/js/calendar.js HTTP/1.1" 200 49229
94.191.137.103 - - [10/Jan/2025:01:14:16 +0100] "GET /ticket2/opencms/system/modules/com.gridnine.opencms.ticketbrokerage.site/resources/js/calendar-en.js HTTP/1.1" 200 3338
94.191.137.103 - - [10/Jan/2025:01:14:16 +0100] "GET /ticket2/opencms/system/modules/com.gridnine.opencms.ticketbrokerage.site/resources/js/calendar-setup.js HTTP/1.1" 200 4923
94.191.137.103 - - [10/Jan/2025:01:14:16 +0100] "GET /ticket2/opencms/system/modules/com.gridnine.opencms.ticketbrokerage.site/resources/js/jquery.fancybox.pack.js HTTP/1.1" 200 23187
94.191.137.103 - - [10/Jan/2025:01:14:16 +0100] "GET /ticket2/opencms/system/modules/com.gridnine.opencms.ticketbrokerage.site/resources/js/stickyfill.min.js HTTP/1.1" 200 5672
94.191.137.103 - - [10/Jan/2025:01:14:16 +0100] "GET /ticket2/opencms/system/modules/com.gridnine.opencms.ticketbrokerage.site/resources/js/standard.js HTTP/1.1" 200 3978
94.191.137.103 - - [10/Jan/2025:01:14:16 +0100] "GET /ticket2/opencms/system/modules/com.gridnine.opencms.ticketbrokerage.site/resources/js/jquery.placeholder.min.js HTTP/1.1" 200 1737
94.191.137.103 - - [10/Jan/2025:01:14:16 +0100] "GET /ticket2/opencms/system/modules/com.gridnine.opencms.ticketbrokerage.site/resources/js/common-ajax.js HTTP/1.1" 200 20175
94.191.137.103 - - [10/Jan/2025:01:14:16 +0100] "GET /ticket2/opencms/system/modules/com.gridnine.opencms.ticketbrokerage.site/resources/pics/logo-new.png HTTP/1.1" 200 13541
94.191.137.103 - - [10/Jan/2025:01:14:16 +0100] "GET /ticket2/opencms/img/insta.png HTTP/1.1" 200 3967
94.191.137.103 - - [10/Jan/2025:01:14:16 +0100] "GET /ticket2/opencms/img/fb.png HTTP/1.1" 200 1269
94.191.137.103 - - [10/Jan/2025:01:14:16 +0100] "GET /ticket2/opencms/system/modules/com.gridnine.opencms.ticketbrokerage.site/resources/pics/banners/team/serie_a/ac_milan.png HTTP/1.1" 200 75044
94.191.137.103 - - [10/Jan/2025:01:14:16 +0100] "GET /ticket2/opencms/system/modules/com.gridnine.opencms.ticketbrokerage.site/resources/pics/footer-img.jpg HTTP/1.1" 200 67642
94.191.137.103 - - [10/Jan/2025:01:14:16 +0100] "GET /ticket2/opencms/img/check.png HTTP/1.1" 200 548
193.70.81.110 - - [10/Jan/2025:01:14:16 +0100] "GET /ticket2/opencms/dk/buy/?page=1&edid=10ACC236-9050-224D-9B74-CD4488885E9B&sortorder=asc&column=section HTTP/1.1" 200 113705
94.191.137.103 - - [10/Jan/2025:01:14:16 +0100] "GET /ticket2/opencms/img/mail.png HTTP/1.1" 200 403
94.191.137.103 - - [10/Jan/2025:01:14:16 +0100] "GET /ticket2/opencms/img/chat.png HTTP/1.1" 200 416
94.191.137.103 - - [10/Jan/2025:01:14:16 +0100] "GET /ticket2/opencms/img/arrow.png HTTP/1.1" 200 753
94.191.137.103 - - [10/Jan/2025:01:14:16 +0100] "GET /ticket2/opencms/img/icons/globe-white.png HTTP/1.1" 200 947
94.191.137.103 - - [10/Jan/2025:01:14:17 +0100] "GET /ticket2/opencms/img/icons/en.png HTTP/1.1" 200 2415
94.191.137.103 - - [10/Jan/2025:01:14:17 +0100] "GET /ticket2/opencms/img/icons/se.png HTTP/1.1" 200 1258
94.191.137.103 - - [10/Jan/2025:01:14:17 +0100] "GET /ticket2/opencms/img/icons/fi.png HTTP/1.1" 200 1785
94.191.137.103 - - [10/Jan/2025:01:14:17 +0100] "GET /ticket2/opencms/img/icons/es.png HTTP/1.1" 200 1005
94.191.137.103 - - [10/Jan/2025:01:14:17 +0100] "GET /ticket2/opencms/img/icons/it.png HTTP/1.1" 200 2040
94.191.137.103 - - [10/Jan/2025:01:14:17 +0100] "GET /ticket2/opencms/img/icons/sq.png HTTP/1.1" 200 1619
94.191.137.103 - - [10/Jan/2025:01:14:17 +0100] "GET /ticket2/opencms/img/icons/az.png HTTP/1.1" 200 1445
94.191.137.103 - - [10/Jan/2025:01:14:17 +0100] "GET /ticket2/opencms/img/icons/bs.png HTTP/1.1" 200 1014
94.191.137.103 - - [10/Jan/2025:01:14:17 +0100] "GET /ticket2/opencms/img/icons/hr.png HTTP/1.1" 200 2024
94.191.137.103 - - [10/Jan/2025:01:14:17 +0100] "GET /ticket2/opencms/img/icons/cs.png HTTP/1.1" 200 1883
94.191.137.103 - - [10/Jan/2025:01:14:17 +0100] "GET /ticket2/opencms/img/icons/et.png HTTP/1.1" 200 754
94.191.137.103 - - [10/Jan/2025:01:14:17 +0100] "GET /ticket2/opencms/img/icons/ka.png HTTP/1.1" 200 860
94.191.137.103 - - [10/Jan/2025:01:14:17 +0100] "GET /ticket2/opencms/img/icons/el.png HTTP/1.1" 200 1637
94.191.137.103 - - [10/Jan/2025:01:14:17 +0100] "GET /ticket2/opencms/img/icons/is.png HTTP/1.1" 200 1884
94.191.137.103 - - [10/Jan/2025:01:14:17 +0100] "GET /ticket2/opencms/img/icons/hu.png HTTP/1.1" 200 733
94.191.137.103 - - [10/Jan/2025:01:14:18 +0100] "GET /ticket2/opencms/img/icons/no.png HTTP/1.1" 200 1958
94.191.137.103 - - [10/Jan/2025:01:14:18 +0100] "GET /ticket2/opencms/img/icons/ga.png HTTP/1.1" 200 1759
94.191.137.103 - - [10/Jan/2025:01:14:18 +0100] "GET /ticket2/opencms/img/icons/lv.png HTTP/1.1" 200 716
94.191.137.103 - - [10/Jan/2025:01:14:18 +0100] "GET /ticket2/opencms/img/icons/lt.png HTTP/1.1" 200 733
94.191.137.103 - - [10/Jan/2025:01:14:18 +0100] "GET /ticket2/opencms/img/icons/mt.png HTTP/1.1" 200 920
94.191.137.103 - - [10/Jan/2025:01:14:18 +0100] "GET /ticket2/opencms/img/icons/dk.png HTTP/1.1" 200 1706
94.191.137.103 - - [10/Jan/2025:01:14:18 +0100] "GET /ticket2/opencms/img/icons/mo.png HTTP/1.1" 200 1468
94.191.137.103 - - [10/Jan/2025:01:14:18 +0100] "GET /ticket2/opencms/img/icons/ro.png HTTP/1.1" 200 1393
94.191.137.103 - - [10/Jan/2025:01:14:18 +0100] "GET /ticket2/opencms/img/icons/sr.png HTTP/1.1" 200 1602
94.191.137.103 - - [10/Jan/2025:01:14:18 +0100] "GET /ticket2/opencms/img/icons/sk.png HTTP/1.1" 200 1283
94.191.137.103 - - [10/Jan/2025:01:14:18 +0100] "GET /ticket2/opencms/img/icons/sl.png HTTP/1.1" 200 966
94.191.137.103 - - [10/Jan/2025:01:14:18 +0100] "GET /ticket2/opencms/img/icons/pl.png HTTP/1.1" 200 1578
94.191.137.103 - - [10/Jan/2025:01:14:18 +0100] "GET /ticket2/opencms/img/icons/fr.png HTTP/1.1" 200 1764
94.191.137.103 - - [10/Jan/2025:01:14:18 +0100] "GET /ticket2/opencms/img/icons/be.png HTTP/1.1" 200 1663
94.191.137.103 - - [10/Jan/2025:01:14:18 +0100] "GET /ticket2/opencms/img/icons/uk.png HTTP/1.1" 200 1272
94.191.137.103 - - [10/Jan/2025:01:14:18 +0100] "GET /ticket2/opencms/img/icons/bg.png HTTP/1.1" 200 788
94.191.137.103 - - [10/Jan/2025:01:14:18 +0100] "GET /ticket2/opencms/img/icons/tr.png HTTP/1.1" 200 1636
94.191.137.103 - - [10/Jan/2025:01:14:18 +0100] "GET /ticket2/opencms/img/icons/nl.png HTTP/1.1" 200 1255
94.191.137.103 - - [10/Jan/2025:01:14:18 +0100] "GET /ticket2/opencms/img/icons/de.png HTTP/1.1" 200 1124
94.191.137.103 - - [10/Jan/2025:01:14:19 +0100] "GET /ticket2/opencms/system/modules/com.gridnine.opencms.ticketbrokerage.site/resources/js/standard.js HTTP/1.1" 200 3978
94.191.137.103 - - [10/Jan/2025:01:14:19 +0100] "GET /ticket2/opencms/img/icons/ticket2.thumbnail.png HTTP/1.1" 200 21519
65.21.113.194 - - [10/Jan/2025:01:14:20 +0100] "GET /ticket2/opencms/sv/buy/?page=1&edid=7D705009-28C3-DAA4-6025-94ED0AAA4FB6 HTTP/1.1" 200 108723
193.70.81.110 - - [10/Jan/2025:01:14:21 +0100] "GET /ticket2/opencms/dk/buy/?page=1&edid=10FB1C4A-BD03-D935-D381-D59A9F05AA1D&sortorder=desc&column=price HTTP/1.1" 200 114012
185.191.171.16 - - [10/Jan/2025:01:14:21 +0100] "GET /ticket2/opencms/robots.txt HTTP/1.1" 200 773
185.191.171.10 - - [10/Jan/2025:01:14:22 +0100] "GET /ticket2/opencms/ka/sport/pekhburti-biletebi/english-championship/birmingham HTTP/1.1" 200 96725
94.191.137.103 - - [10/Jan/2025:01:14:23 +0100] "GET /ticket2/opencms/sv/buy/?page=1&edid=6900F69D-285C-3BF9-3103-7DA1DE82E367 HTTP/1.1" 200 121908
94.191.137.103 - - [10/Jan/2025:01:14:23 +0100] "GET /ticket2/opencms/system/modules/com.gridnine.opencms.ticketbrokerage.site/resources/css/ticketbrokerage.css HTTP/1.1" 200 39339
94.191.137.103 - - [10/Jan/2025:01:14:23 +0100] "GET /ticket2/opencms/system/modules/com.gridnine.opencms.ticketbrokerage.site/resources/js/calendar.js HTTP/1.1" 200 49229
94.191.137.103 - - [10/Jan/2025:01:14:24 +0100] "GET /ticket2/opencms/system/modules/com.gridnine.opencms.ticketbrokerage.site/resources/js/calendar-setup.js HTTP/1.1" 200 4923
94.191.137.103 - - [10/Jan/2025:01:14:24 +0100] "GET /ticket2/opencms/system/modules/com.gridnine.opencms.ticketbrokerage.site/resources/js/calendar-en.js HTTP/1.1" 200 3338
94.191.137.103 - - [10/Jan/2025:01:14:24 +0100] "GET /ticket2/opencms/system/modules/com.gridnine.opencms.ticketbrokerage.site/resources/js/functions.js HTTP/1.1" 200 1583
94.191.137.103 - - [10/Jan/2025:01:14:24 +0100] "GET /ticket2/opencms/system/modules/com.gridnine.opencms.ticketbrokerage.site/resources/js/standard.js HTTP/1.1" 200 3978
94.191.137.103 - - [10/Jan/2025:01:14:24 +0100] "GET /ticket2/opencms/system/modules/com.gridnine.opencms.ticketbrokerage.site/resources/css/calendar.css HTTP/1.1" 200 6871
94.191.137.103 - - [10/Jan/2025:01:14:24 +0100] "GET /ticket2/opencms/system/modules/com.gridnine.opencms.ticketbrokerage.site/resources/css/standard.css HTTP/1.1" 200 73081
94.191.137.103 - - [10/Jan/2025:01:14:24 +0100] "GET /ticket2/opencms/venue/san_siro.jpg HTTP/1.1" 200 61662
94.191.137.103 - - [10/Jan/2025:01:14:24 +0100] "GET /ticket2/opencms/img/icons/mk.png HTTP/1.1" 200 1405
94.191.137.103 - - [10/Jan/2025:01:14:24 +0100] "GET /ticket2/opencms/system/modules/com.gridnine.opencms.ticketbrokerage.site/resources/pics/0.gif HTTP/1.1" 200 43
94.191.137.103 - - [10/Jan/2025:01:14:24 +0100] "GET /ticket2/opencms/system/modules/com.gridnine.opencms.ticketbrokerage.site/resources/pics/two_man.png HTTP/1.1" 200 3407
94.191.137.103 - - [10/Jan/2025:01:14:24 +0100] "GET /ticket2/opencms/sv/ask-form.html HTTP/1.1" 200 2950
94.191.137.103 - - [10/Jan/2025:01:14:24 +0100] "GET /ticket2/opencms/img/arrow-down.png HTTP/1.1" 200 192
94.191.137.103 - - [10/Jan/2025:01:14:24 +0100] "GET /ticket2/opencms/system/modules/com.gridnine.opencms.ticketbrokerage.site/resources/pics/ticket_info_button.png HTTP/1.1" 200 3820
94.191.137.103 - - [10/Jan/2025:01:14:24 +0100] "GET /ticket2/opencms/img/icons/hy.png HTTP/1.1" 200 1170
94.191.137.103 - - [10/Jan/2025:01:14:24 +0100] "GET /ticket2/opencms/system/modules/com.gridnine.opencms.ticketbrokerage.site/resources/pics/arrow.gif HTTP/1.1" 200 344
94.191.137.103 - - [10/Jan/2025:01:14:24 +0100] "GET /ticket2/opencms/system/modules/com.gridnine.opencms.ticketbrokerage.site/resources/css/ticketbrokerage.css HTTP/1.1" 200 39339
94.191.137.103 - - [10/Jan/2025:01:14:24 +0100] "GET /ticket2/opencms/system/modules/com.gridnine.opencms.ticketbrokerage.site/resources/pics/form_marker.gif HTTP/1.1" 200 43
94.191.137.103 - - [10/Jan/2025:01:14:24 +0100] "GET /ticket2/opencms/system/modules/com.gridnine.opencms.ticketbrokerage.site/resources/pics/button1_center.gif HTTP/1.1" 200 66
94.191.137.103 - - [10/Jan/2025:01:14:24 +0100] "GET /ticket2/opencms/system/modules/com.gridnine.opencms.ticketbrokerage.site/resources/pics/button1_left.gif HTTP/1.1" 200 232
94.191.137.103 - - [10/Jan/2025:01:14:24 +0100] "GET /ticket2/opencms/system/modules/com.gridnine.opencms.ticketbrokerage.site/resources/pics/button1_right.gif HTTP/1.1" 200 232
65.21.113.194 - - [10/Jan/2025:01:14:24 +0100] "GET /ticket2/opencms/sv/buy/?page=1&edid=7E220B35-85A5-A2FD-5BA1-267E725AAC4D HTTP/1.1" 200 111938
193.70.81.110 - - [10/Jan/2025:01:14:25 +0100] "GET /ticket2/opencms/dk/buy/?page=1&edid=1154DCB7-5A2A-A6AE-4672-BBF2DE0C9EC8&sortorder=asc&column=price HTTP/1.1" 200 112438
216.244.66.238 - - [10/Jan/2025:01:14:27 +0100] "GET /ticket2/opencms/system/galleries/pics/anoeta.png HTTP/1.1" 200 27267
66.249.64.131 - - [10/Jan/2025:01:14:27 +0100] "GET /ticket2/opencms/fr/buy?page=1&edid=552202FE-6CC9-18FE-8F33-9429723BB7EB&hlv=66d03918-ca28-4a11-9352-738e0a01000f HTTP/1.1" 200 123513
65.21.113.194 - - [10/Jan/2025:01:14:29 +0100] "GET /ticket2/opencms/sv/buy/?page=1&edid=7F81DFFD-55C6-D2FC-F00B-F19E7FB109AB HTTP/1.1" 200 108694
193.70.81.110 - - [10/Jan/2025:01:14:29 +0100] "GET /ticket2/opencms/dk/buy/?page=1&edid=1154DCB7-5A2A-A6AE-4672-BBF2DE0C9EC8&sortorder=asc&column=section HTTP/1.1" 200 112538
66.249.64.132 - - [10/Jan/2025:01:14:30 +0100] "GET /ticket2/opencms/system/modules/com.gridnine.opencms.ticketbrokerage.site/resources/js/stickyfill.min.js HTTP/1.1" 200 5672
193.70.81.110 - - [10/Jan/2025:01:14:33 +0100] "GET /ticket2/opencms/dk/buy/?page=1&edid=151CC0D8-0351-C859-2F0C-08FDFAB76DE7&sortorder=asc&column=price HTTP/1.1" 200 113281
65.21.113.194 - - [10/Jan/2025:01:14:34 +0100] "GET /ticket2/opencms/sv/buy/?page=1&edid=7F8DD7AE-C02D-DBD7-A437-1943525E7DF2 HTTP/1.1" 200 135120
176.141.131.119 - - [10/Jan/2025:01:14:36 +0100] "GET /ticket2/opencms/set_aff_cookie.jsp?partner=53673ED6-1455-FA54-818F-B1F67121E37C&url=/fr/buy/index.html%3Fpage%3D1%26edid%3DDE6EAF1E-F0E3-BCEF-6FE9-789554B2D96C%26hlv%3D668669b8-144c-4533-925f-6d2c0a01000f%23v_1439562429 HTTP/1.1" 200 226
176.141.131.119 - - [10/Jan/2025:01:14:36 +0100] "GET /ticket2/opencms/favicon.ico HTTP/1.1" 200 15406
157.55.39.55 - - [10/Jan/2025:01:14:37 +0100] "GET /ticket2/opencms/et/?page=6&comcatid=A17713B6-D984-201A-4143-ED4DB5ED5C2E&catid=8AA488FA-6797-D710-8108-3088D6948FC1 HTTP/1.1" 200 100818
176.141.131.119 - - [10/Jan/2025:01:14:37 +0100] "GET /ticket2/opencms/fr/buy/?page=1&edid=DE6EAF1E-F0E3-BCEF-6FE9-789554B2D96C&hlv=668669b8-144c-4533-925f-6d2c0a01000f HTTP/1.1" 200 127725
193.70.81.110 - - [10/Jan/2025:01:14:37 +0100] "GET /ticket2/opencms/dk/buy/?page=1&edid=151CC0D8-0351-C859-2F0C-08FDFAB76DE7&sortorder=asc&column=row HTTP/1.1" 200 113133
176.141.131.119 - - [10/Jan/2025:01:14:37 +0100] "GET /ticket2/opencms/system/modules/com.gridnine.opencms.ticketbrokerage.site/resources/js/jquery/jquery.js HTTP/1.1" 200 93868
176.141.131.119 - - [10/Jan/2025:01:14:37 +0100] "GET /ticket2/opencms/system/modules/com.gridnine.opencms.ticketbrokerage.site/resources/js/jquery/jquery-ui.js HTTP/1.1" 200 228088
176.141.131.119 - - [10/Jan/2025:01:14:37 +0100] "GET /ticket2/opencms/system/modules/com.gridnine.opencms.ticketbrokerage.site/resources/css/jquery.fancybox.css HTTP/1.1" 200 4939
176.141.131.119 - - [10/Jan/2025:01:14:37 +0100] "GET /ticket2/opencms/system/modules/com.gridnine.opencms.ticketbrokerage.site/resources/css/ticketbrokerage.css HTTP/1.1" 200 39339
176.141.131.119 - - [10/Jan/2025:01:14:37 +0100] "GET /ticket2/opencms/system/modules/com.gridnine.opencms.ticketbrokerage.site/resources/css/standard.css HTTP/1.1" 200 73081
176.141.131.119 - - [10/Jan/2025:01:14:37 +0100] "GET /ticket2/opencms/system/modules/com.gridnine.opencms.ticketbrokerage.site/resources/css/calendar.css HTTP/1.1" 200 6871
176.141.131.119 - - [10/Jan/2025:01:14:37 +0100] "GET /ticket2/opencms/system/modules/com.gridnine.opencms.ticketbrokerage.site/resources/css/jquery-ui.css HTTP/1.1" 200 33221
176.141.131.119 - - [10/Jan/2025:01:14:37 +0100] "GET /ticket2/opencms/system/modules/com.gridnine.opencms.ticketbrokerage.site/resources/js/functions.js HTTP/1.1" 200 1583
176.141.131.119 - - [10/Jan/2025:01:14:37 +0100] "GET /ticket2/opencms/system/modules/com.gridnine.opencms.ticketbrokerage.site/resources/js/calendar.js HTTP/1.1" 200 49229
176.141.131.119 - - [10/Jan/2025:01:14:37 +0100] "GET /ticket2/opencms/system/modules/com.gridnine.opencms.ticketbrokerage.site/resources/js/calendar-en.js HTTP/1.1" 200 3338
176.141.131.119 - - [10/Jan/2025:01:14:37 +0100] "GET /ticket2/opencms/system/modules/com.gridnine.opencms.ticketbrokerage.site/resources/js/calendar-setup.js HTTP/1.1" 200 4923
176.141.131.119 - - [10/Jan/2025:01:14:37 +0100] "GET /ticket2/opencms/system/modules/com.gridnine.opencms.ticketbrokerage.site/resources/js/jquery.fancybox.pack.js HTTP/1.1" 200 23187
176.141.131.119 - - [10/Jan/2025:01:14:37 +0100] "GET /ticket2/opencms/system/modules/com.gridnine.opencms.ticketbrokerage.site/resources/js/stickyfill.min.js HTTP/1.1" 200 5672
176.141.131.119 - - [10/Jan/2025:01:14:37 +0100] "GET /ticket2/opencms/system/modules/com.gridnine.opencms.ticketbrokerage.site/resources/js/standard.js HTTP/1.1" 200 3978
176.141.131.119 - - [10/Jan/2025:01:14:37 +0100] "GET /ticket2/opencms/system/modules/com.gridnine.opencms.ticketbrokerage.site/resources/js/jquery.placeholder.min.js HTTP/1.1" 200 1737
176.141.131.119 - - [10/Jan/2025:01:14:37 +0100] "GET /ticket2/opencms/system/modules/com.gridnine.opencms.ticketbrokerage.site/resources/js/common-ajax.js HTTP/1.1" 200 20175
176.141.131.119 - - [10/Jan/2025:01:14:38 +0100] "GET /ticket2/opencms/system/modules/com.gridnine.opencms.ticketbrokerage.site/resources/pics/logo-new.png HTTP/1.1" 200 13541
176.141.131.119 - - [10/Jan/2025:01:14:38 +0100] "GET /ticket2/opencms/img/insta.png HTTP/1.1" 200 3967
176.141.131.119 - - [10/Jan/2025:01:14:38 +0100] "GET /ticket2/opencms/venue/barca_new.png HTTP/1.1" 200 314972
176.141.131.119 - - [10/Jan/2025:01:14:38 +0100] "GET /ticket2/opencms/system/modules/com.gridnine.opencms.ticketbrokerage.site/resources/pics/0.gif HTTP/1.1" 200 43
176.141.131.119 - - [10/Jan/2025:01:14:38 +0100] "GET /ticket2/opencms/img/icons/globe-white.png HTTP/1.1" 200 947
176.141.131.119 - - [10/Jan/2025:01:14:38 +0100] "GET /ticket2/opencms/system/modules/com.gridnine.opencms.ticketbrokerage.site/resources/pics/two_man.png HTTP/1.1" 200 3407
176.141.131.119 - - [10/Jan/2025:01:14:38 +0100] "GET /ticket2/opencms/img/icons/en.png HTTP/1.1" 200 2415
176.141.131.119 - - [10/Jan/2025:01:14:38 +0100] "GET /ticket2/opencms/img/fb.png HTTP/1.1" 200 1269
176.141.131.119 - - [10/Jan/2025:01:14:38 +0100] "GET /ticket2/opencms/img/icons/ticket2.thumbnail.png HTTP/1.1" 200 21519
176.141.131.119 - - [10/Jan/2025:01:14:38 +0100] "GET /ticket2/opencms/fr/ask-form.html HTTP/1.1" 200 3156
176.141.131.119 - - [10/Jan/2025:01:14:38 +0100] "GET /ticket2/opencms/system/modules/com.gridnine.opencms.ticketbrokerage.site/resources/pics/ticket_info_button.png HTTP/1.1" 200 3820
176.141.131.119 - - [10/Jan/2025:01:14:38 +0100] "GET /ticket2/opencms/img/icons/se.png HTTP/1.1" 200 1258
176.141.131.119 - - [10/Jan/2025:01:14:38 +0100] "GET /ticket2/opencms/img/icons/fi.png HTTP/1.1" 200 1785
176.141.131.119 - - [10/Jan/2025:01:14:38 +0100] "GET /ticket2/opencms/system/modules/com.gridnine.opencms.ticketbrokerage.site/resources/pics/footer-img.jpg HTTP/1.1" 200 67642
176.141.131.119 - - [10/Jan/2025:01:14:38 +0100] "GET /ticket2/opencms/img/check.png HTTP/1.1" 200 548
176.141.131.119 - - [10/Jan/2025:01:14:38 +0100] "GET /ticket2/opencms/img/icons/dk.png HTTP/1.1" 200 1706
176.141.131.119 - - [10/Jan/2025:01:14:38 +0100] "GET /ticket2/opencms/img/icons/no.png HTTP/1.1" 200 1958
176.141.131.119 - - [10/Jan/2025:01:14:38 +0100] "GET /ticket2/opencms/img/mail.png HTTP/1.1" 200 403
176.141.131.119 - - [10/Jan/2025:01:14:38 +0100] "GET /ticket2/opencms/img/chat.png HTTP/1.1" 200 416
176.141.131.119 - - [10/Jan/2025:01:14:38 +0100] "GET /ticket2/opencms/system/modules/com.gridnine.opencms.ticketbrokerage.site/resources/css/ticketbrokerage.css HTTP/1.1" 200 39339
176.141.131.119 - - [10/Jan/2025:01:14:38 +0100] "GET /ticket2/opencms/img/arrow.png HTTP/1.1" 200 753
176.141.131.119 - - [10/Jan/2025:01:14:38 +0100] "GET /ticket2/opencms/system/modules/com.gridnine.opencms.ticketbrokerage.site/resources/pics/arrow.gif HTTP/1.1" 200 344
65.21.113.194 - - [10/Jan/2025:01:14:38 +0100] "GET /ticket2/opencms/sv/buy/?page=1&edid=80629047-5380-DFBF-02A3-7565A4409F20 HTTP/1.1" 200 108692
176.141.131.119 - - [10/Jan/2025:01:14:38 +0100] "GET /ticket2/opencms/img/icons/nl.png HTTP/1.1" 200 1255
176.141.131.119 - - [10/Jan/2025:01:14:38 +0100] "GET /ticket2/opencms/img/icons/de.png HTTP/1.1" 200 1124
176.141.131.119 - - [10/Jan/2025:01:14:38 +0100] "GET /ticket2/opencms/system/modules/com.gridnine.opencms.ticketbrokerage.site/resources/pics/button1_left.gif HTTP/1.1" 200 232
176.141.131.119 - - [10/Jan/2025:01:14:38 +0100] "GET /ticket2/opencms/system/modules/com.gridnine.opencms.ticketbrokerage.site/resources/pics/button1_center.gif HTTP/1.1" 200 66
176.141.131.119 - - [10/Jan/2025:01:14:38 +0100] "GET /ticket2/opencms/system/modules/com.gridnine.opencms.ticketbrokerage.site/resources/pics/button1_right.gif HTTP/1.1" 200 232
176.141.131.119 - - [10/Jan/2025:01:14:38 +0100] "GET /ticket2/opencms/img/icons/it.png HTTP/1.1" 200 2040
176.141.131.119 - - [10/Jan/2025:01:14:38 +0100] "GET /ticket2/opencms/img/icons/es.png HTTP/1.1" 200 1005
176.141.131.119 - - [10/Jan/2025:01:14:38 +0100] "GET /ticket2/opencms/img/icons/bg.png HTTP/1.1" 200 788
176.141.131.119 - - [10/Jan/2025:01:14:38 +0100] "GET /ticket2/opencms/img/icons/hr.png HTTP/1.1" 200 2024
176.141.131.119 - - [10/Jan/2025:01:14:39 +0100] "GET /ticket2/opencms/img/icons/et.png HTTP/1.1" 200 754
176.141.131.119 - - [10/Jan/2025:01:14:39 +0100] "GET /ticket2/opencms/img/icons/el.png HTTP/1.1" 200 1637
176.141.131.119 - - [10/Jan/2025:01:14:39 +0100] "GET /ticket2/opencms/img/icons/ka.png HTTP/1.1" 200 860
176.141.131.119 - - [10/Jan/2025:01:14:39 +0100] "GET /ticket2/opencms/img/icons/hu.png HTTP/1.1" 200 733
176.141.131.119 - - [10/Jan/2025:01:14:39 +0100] "GET /ticket2/opencms/img/icons/sq.png HTTP/1.1" 200 1619
176.141.131.119 - - [10/Jan/2025:01:14:39 +0100] "GET /ticket2/opencms/img/icons/is.png HTTP/1.1" 200 1884
176.141.131.119 - - [10/Jan/2025:01:14:39 +0100] "GET /ticket2/opencms/img/icons/ga.png HTTP/1.1" 200 1759
176.141.131.119 - - [10/Jan/2025:01:14:39 +0100] "GET /ticket2/opencms/img/icons/lv.png HTTP/1.1" 200 716
176.141.131.119 - - [10/Jan/2025:01:14:39 +0100] "GET /ticket2/opencms/img/icons/lt.png HTTP/1.1" 200 733
176.141.131.119 - - [10/Jan/2025:01:14:39 +0100] "GET /ticket2/opencms/img/icons/mk.png HTTP/1.1" 200 1405
176.141.131.119 - - [10/Jan/2025:01:14:39 +0100] "GET /ticket2/opencms/img/icons/mt.png HTTP/1.1" 200 920
176.141.131.119 - - [10/Jan/2025:01:14:39 +0100] "GET /ticket2/opencms/img/icons/mo.png HTTP/1.1" 200 1468
176.141.131.119 - - [10/Jan/2025:01:14:39 +0100] "GET /ticket2/opencms/img/icons/ro.png HTTP/1.1" 200 1393
176.141.131.119 - - [10/Jan/2025:01:14:39 +0100] "GET /ticket2/opencms/img/icons/sr.png HTTP/1.1" 200 1602
176.141.131.119 - - [10/Jan/2025:01:14:39 +0100] "GET /ticket2/opencms/img/icons/sk.png HTTP/1.1" 200 1283
176.141.131.119 - - [10/Jan/2025:01:14:39 +0100] "GET /ticket2/opencms/img/icons/sl.png HTTP/1.1" 200 966
176.141.131.119 - - [10/Jan/2025:01:14:39 +0100] "GET /ticket2/opencms/img/icons/uk.png HTTP/1.1" 200 1272
176.141.131.119 - - [10/Jan/2025:01:14:39 +0100] "GET /ticket2/opencms/img/icons/tr.png HTTP/1.1" 200 1636
176.141.131.119 - - [10/Jan/2025:01:14:39 +0100] "GET /ticket2/opencms/img/arrow-down.png HTTP/1.1" 200 192
176.141.131.119 - - [10/Jan/2025:01:14:40 +0100] "GET /ticket2/opencms/img/icons/be.png HTTP/1.1" 200 1663
176.141.131.119 - - [10/Jan/2025:01:14:40 +0100] "GET /ticket2/opencms/img/icons/bs.png HTTP/1.1" 200 1014
176.141.131.119 - - [10/Jan/2025:01:14:40 +0100] "GET /ticket2/opencms/img/icons/az.png HTTP/1.1" 200 1445
176.141.131.119 - - [10/Jan/2025:01:14:40 +0100] "GET /ticket2/opencms/img/icons/hy.png HTTP/1.1" 200 1170
176.141.131.119 - - [10/Jan/2025:01:14:41 +0100] "GET /ticket2/opencms/img/icons/pl.png HTTP/1.1" 200 1578
176.141.131.119 - - [10/Jan/2025:01:14:41 +0100] "GET /ticket2/opencms/img/icons/cs.png HTTP/1.1" 200 1883
176.141.131.119 - - [10/Jan/2025:01:14:41 +0100] "GET /ticket2/opencms/system/modules/com.gridnine.opencms.ticketbrokerage.site/resources/js/standard.js HTTP/1.1" 200 3978
193.70.81.110 - - [10/Jan/2025:01:14:41 +0100] "GET /ticket2/opencms/dk/buy/?page=1&edid=151CC0D8-0351-C859-2F0C-08FDFAB76DE7&sortorder=asc&column=section HTTP/1.1" 200 113426
65.21.113.194 - - [10/Jan/2025:01:14:42 +0100] "GET /ticket2/opencms/sv/buy/?page=1&edid=812FD49D-304A-7328-3A5E-992562A1F44A HTTP/1.1" 200 112020
114.119.130.61 - - [10/Jan/2025:01:14:44 +0100] "GET /ticket2/opencms/en/sell/?edid=13CEE059-8BDC-0A5A-CA01-BB02D06808BB HTTP/1.1" 302 -
193.70.81.110 - - [10/Jan/2025:01:14:45 +0100] "GET /ticket2/opencms/dk/buy/?page=1&edid=1A0D0579-4E59-3474-5A13-81F3BA1DEBCE&sortorder=asc&column=section HTTP/1.1" 200 114163
65.21.113.194 - - [10/Jan/2025:01:14:47 +0100] "GET /ticket2/opencms/sv/buy/?page=1&edid=81800969-8323-7DD5-2FF1-1DA61540AE9E HTTP/1.1" 200 108695
47.128.117.195 - - [10/Jan/2025:01:14:47 +0100] "GET /ticket2/opencms/lt/buy/?edid=9CCD077D-37B3-9B78-6C00-638D5EF944FD HTTP/1.1" 200 92547
114.119.130.61 - - [10/Jan/2025:01:14:48 +0100] "GET /ticket2/opencms/en/login/?url=/en/sell/ HTTP/1.1" 200 89860
193.70.81.110 - - [10/Jan/2025:01:14:50 +0100] "GET /ticket2/opencms/dk/buy/?page=1&edid=1B5229A1-3642-B3BE-C5FD-E41CB0238BCE&sortorder=asc&column=row HTTP/1.1" 200 112290
65.21.113.194 - - [10/Jan/2025:01:14:52 +0100] "GET /ticket2/opencms/sv/buy/?page=1&edid=81CABF18-BA6D-C79B-B74D-94D66EB07C86 HTTP/1.1" 200 135021
193.70.81.110 - - [10/Jan/2025:01:14:54 +0100] "GET /ticket2/opencms/dk/buy/?page=1&edid=1B85E671-6747-EEED-C5AD-3D35965D294E&sortorder=asc&column=section HTTP/1.1" 200 114012
65.21.113.194 - - [10/Jan/2025:01:14:56 +0100] "GET /ticket2/opencms/sv/buy/?page=1&edid=820E820B-37CC-F66B-02F7-31FA2470012D HTTP/1.1" 200 111893
193.70.81.110 - - [10/Jan/2025:01:14:58 +0100] "GET /ticket2/opencms/dk/buy/?page=1&edid=443A5BE5-6E1B-92D8-CAE5-906AF16A59E7&sortorder=asc&column=row HTTP/1.1" 200 113169
66.249.64.46 - - [10/Jan/2025:01:14:59 +0100] "GET /ticket2/opencms/lt/buy/?page=1&edid=4D046EC3-3569-AF35-BEE2-37E289C85DAB HTTP/1.1" 200 112360
65.21.113.194 - - [10/Jan/2025:01:15:00 +0100] "GET /ticket2/opencms/sv/buy/?page=1&edid=84ABEF98-5B99-FE9A-F3A3-E305A7E3217D HTTP/1.1" 200 134071
193.70.81.110 - - [10/Jan/2025:01:15:01 +0100] "GET /ticket2/opencms/dk/buy/?page=1&edid=46369855-29B7-27EF-3C22-12B854D98B93 HTTP/1.1" 200 111197
65.21.113.194 - - [10/Jan/2025:01:15:04 +0100] "GET /ticket2/opencms/sv/buy/?page=1&edid=8513AB1B-B933-9792-1D4C-C887E0E5F59A HTTP/1.1" 200 108674
193.70.81.110 - - [10/Jan/2025:01:15:05 +0100] "GET /ticket2/opencms/dk/buy/?page=1&edid=46369855-29B7-27EF-3C22-12B854D98B93&sortorder=asc&column=price HTTP/1.1" 200 113075
157.55.39.55 - - [10/Jan/2025:01:15:06 +0100] "GET /ticket2/opencms/hr/buy?page=1&edid=7BDF5FBF-D958-27AA-DC3E-12B0666E0820 HTTP/1.1" 200 111812
193.70.81.110 - - [10/Jan/2025:01:15:09 +0100] "GET /ticket2/opencms/dk/buy/?page=1&edid=4780BD51-BE59-D2D1-2E7C-44E378F7FCDC&sortorder=asc&column=row HTTP/1.1" 200 112243
85.208.96.195 - - [10/Jan/2025:01:15:10 +0100] "GET /ticket2/opencms/no/magazine/article?title=emirates-stadium-en-ikonisk-arena HTTP/1.1" 200 94853
193.70.81.110 - - [10/Jan/2025:01:15:13 +0100] "GET /ticket2/opencms/dk/buy/?page=1&edid=4DE3EC8A-357C-4B99-65AF-B4A313132CD8&sortorder=asc&column=row HTTP/1.1" 200 113398
65.21.113.194 - - [10/Jan/2025:01:15:16 +0100] "GET /ticket2/opencms/robots.txt HTTP/1.1" 200 773
65.21.113.194 - - [10/Jan/2025:01:15:16 +0100] "GET /ticket2/opencms/sv/buy/?page=1&edid=852280F2-7607-55CD-719D-C17DB253385B HTTP/1.1" 200 108748
193.70.81.110 - - [10/Jan/2025:01:15:17 +0100] "GET /ticket2/opencms/dk/buy/?page=1&edid=526D1171-6FDC-BC49-23A8-17627BBD580A&sortorder=asc&column=row HTTP/1.1" 200 113909
114.119.141.178 - - [10/Jan/2025:01:15:18 +0100] "GET /ticket2/opencms/ro/buy?page=1&=F86DC6C7-BB6C-B6B3-BE8B-026623A0DCBE HTTP/1.1" 200 6507
193.70.81.110 - - [10/Jan/2025:01:15:21 +0100] "GET /ticket2/opencms/dk/buy/?page=1&edid=5F93E8E8-0A3C-E7C6-799E-7FAC313A5B3D&sortorder=asc&column=row HTTP/1.1" 200 113351
193.70.81.110 - - [10/Jan/2025:01:15:24 +0100] "GET /ticket2/opencms/dk/buy/?page=1&edid=62D29AB4-3F52-2532-8D7A-5A829A33E67B HTTP/1.1" 200 111173
85.208.96.198 - - [10/Jan/2025:01:15:26 +0100] "GET /ticket2/opencms/fi/urheilu/jalkapallo/premier_league/bournemouth HTTP/1.1" 200 99099
65.21.113.194 - - [10/Jan/2025:01:15:27 +0100] "GET /ticket2/opencms/sv/buy/?page=1&edid=8551F24F-7E36-E365-707B-96D4F958640A HTTP/1.1" 200 121234
193.70.81.110 - - [10/Jan/2025:01:15:28 +0100] "GET /ticket2/opencms/dk/buy/?page=1&edid=63801669-9764-13A7-B058-055F32A0BC14&sortorder=asc&column=price HTTP/1.1" 200 113490
85.208.96.201 - - [10/Jan/2025:01:15:30 +0100] "GET /ticket2/opencms/en/magazine/article?title=cristiano-ronaldo HTTP/1.1" 200 91705
52.167.144.194 - - [10/Jan/2025:01:15:30 +0100] "GET /ticket2/opencms/en/buy/?page=1&edid=47204AA8-991B-CC72-47D7-98A5A0A901A7 HTTP/1.1" 200 111280
216.244.66.238 - - [10/Jan/2025:01:15:31 +0100] "GET /ticket2/opencms/et/sport/jalgpallipiletid/ligue-1 HTTP/1.1" 500 -
193.70.81.110 - - [10/Jan/2025:01:15:32 +0100] "GET /ticket2/opencms/dk/buy/?page=1&edid=641CA65E-6B6F-BD6B-0286-A4DF4BE623A9&sortorder=asc&column=price HTTP/1.1" 200 112443
193.70.81.110 - - [10/Jan/2025:01:15:36 +0100] "GET /ticket2/opencms/dk/buy/?page=1&edid=671D6D35-C6CF-A718-CE96-A40CDF33711B&sortorder=asc&column=section HTTP/1.1" 200 113652
157.55.39.55 - - [10/Jan/2025:01:15:38 +0100] "GET /ticket2/opencms/no/sport/fotballsbilletter/serie_a/palermo/ HTTP/1.1" 200 87266
65.21.113.194 - - [10/Jan/2025:01:15:39 +0100] "GET /ticket2/opencms/sv/buy/?page=1&edid=855AA881-22DD-B532-D219-E200D0C8F678 HTTP/1.1" 200 108689
193.70.81.110 - - [10/Jan/2025:01:15:39 +0100] "GET /ticket2/opencms/dk/buy/?page=1&edid=674A96E1-4B9C-1EEC-4D35-A637DDEAF802&sortorder=desc&column=price HTTP/1.1" 200 114175
47.128.37.203 - - [10/Jan/2025:01:15:40 +0100] "GET /ticket2/opencms/fi/venue/?venueid=79ABCF29-8849-375A-51D4-EF1F6E582A69 HTTP/1.1" 200 86725
185.191.171.17 - - [10/Jan/2025:01:15:41 +0100] "GET /ticket2/opencms/pl/about/press/ HTTP/1.1" 200 88411
47.128.37.203 - - [10/Jan/2025:01:15:42 +0100] "GET /ticket2/opencms/venue/mall.jpg HTTP/1.1" 200 87520
193.70.81.110 - - [10/Jan/2025:01:15:43 +0100] "GET /ticket2/opencms/dk/buy/?page=1&edid=6A8EB813-C26B-F0F1-ED63-653DAD90B60C&sortorder=asc&column=row HTTP/1.1" 200 112247
193.70.81.110 - - [10/Jan/2025:01:15:46 +0100] "GET /ticket2/opencms/dk/buy/?page=1&edid=6A8EB813-C26B-F0F1-ED63-653DAD90B60C&sortorder=asc&column=section HTTP/1.1" 200 112563
65.21.113.194 - - [10/Jan/2025:01:15:49 +0100] "GET /ticket2/opencms/sv/buy/?page=1&edid=86016FCC-B629-DB25-1B97-EF7601F07523 HTTP/1.1" 200 108775
193.70.81.110 - - [10/Jan/2025:01:15:50 +0100] "GET /ticket2/opencms/dk/buy/?page=1&edid=6B13DB12-697F-ED15-97E7-605831F2F2D1&sortorder=asc&column=price HTTP/1.1" 200 113784
193.70.81.110 - - [10/Jan/2025:01:15:53 +0100] "GET /ticket2/opencms/dk/buy/?page=1&edid=6B13DB12-697F-ED15-97E7-605831F2F2D1&sortorder=asc&column=row HTTP/1.1" 200 113600
193.70.81.110 - - [10/Jan/2025:01:15:57 +0100] "GET /ticket2/opencms/dk/buy/?page=1&edid=6B13DB12-697F-ED15-97E7-605831F2F2D1&sortorder=asc&column=section HTTP/1.1" 200 113829
185.191.171.7 - - [10/Jan/2025:01:15:57 +0100] "GET /ticket2/opencms/dk/magazine/article?title=abdul-fatawu-kommer-til-at-ga-glip-af-resten-af-saesonen HTTP/1.1" 200 92986
54.36.148.99 - - [10/Jan/2025:01:15:58 +0100] "GET /ticket2/opencms/it/buy?comcatid=A17713B6-D984-201A-4143-ED4DB5ED5C2E&catid=0A6C99D2-F5BD-7A18-9A5F-5668827042E0 HTTP/1.1" 200 6410
193.70.81.110 - - [10/Jan/2025:01:16:00 +0100] "GET /ticket2/opencms/dk/buy/?page=1&edid=6B6E52BF-4071-3702-DC7B-B987006BF503&sortorder=asc&column=price HTTP/1.1" 200 113124
65.21.113.194 - - [10/Jan/2025:01:16:01 +0100] "GET /ticket2/opencms/sv/buy/?page=1&edid=8637C090-8488-5902-952D-020E3ADF8CC0 HTTP/1.1" 200 108754
193.70.81.110 - - [10/Jan/2025:01:16:04 +0100] "GET /ticket2/opencms/dk/buy/?page=1&edid=6BB5D925-7637-CF92-181F-94B35FC14C77&sortorder=asc&column=section HTTP/1.1" 200 112588
54.36.148.10 - - [10/Jan/2025:01:16:05 +0100] "GET /ticket2/opencms/mo/buy?page=1&edid=ABE0D196-5A84-0064-2AAA-8BE846913E3B HTTP/1.1" 200 136229
202.8.41.161 - - [10/Jan/2025:01:16:06 +0100] "GET /ticket2/opencms/system/modules/com.gridnine.opencms.ticketbrokerage.site/resources/css/jquery.fancybox.css HTTP/1.1" 200 4939
202.8.41.161 - - [10/Jan/2025:01:16:06 +0100] "GET /ticket2/opencms/system/modules/com.gridnine.opencms.ticketbrokerage.site/resources/css/jquery-ui.css HTTP/1.1" 200 33221
202.8.41.161 - - [10/Jan/2025:01:16:06 +0100] "GET /ticket2/opencms/system/modules/com.gridnine.opencms.ticketbrokerage.site/resources/css/ticketbrokerage.css HTTP/1.1" 200 39339
202.8.41.161 - - [10/Jan/2025:01:16:06 +0100] "GET /ticket2/opencms/system/modules/com.gridnine.opencms.ticketbrokerage.site/resources/css/calendar.css HTTP/1.1" 200 6871
202.8.41.161 - - [10/Jan/2025:01:16:06 +0100] "GET /ticket2/opencms/system/modules/com.gridnine.opencms.ticketbrokerage.site/resources/css/standard.css HTTP/1.1" 200 73081
202.8.41.161 - - [10/Jan/2025:01:16:06 +0100] "GET /ticket2/opencms/system/modules/com.gridnine.opencms.ticketbrokerage.site/resources/js/jquery/jquery.js HTTP/1.1" 200 93868
202.8.41.161 - - [10/Jan/2025:01:16:06 +0100] "GET /ticket2/opencms/system/modules/com.gridnine.opencms.ticketbrokerage.site/resources/js/calendar.js HTTP/1.1" 200 49229
202.8.41.161 - - [10/Jan/2025:01:16:06 +0100] "GET /ticket2/opencms/system/modules/com.gridnine.opencms.ticketbrokerage.site/resources/js/functions.js HTTP/1.1" 200 1583
202.8.41.161 - - [10/Jan/2025:01:16:06 +0100] "GET /ticket2/opencms/system/modules/com.gridnine.opencms.ticketbrokerage.site/resources/js/calendar-en.js HTTP/1.1" 200 3338
202.8.41.161 - - [10/Jan/2025:01:16:06 +0100] "GET /ticket2/opencms/system/modules/com.gridnine.opencms.ticketbrokerage.site/resources/js/jquery/jquery-ui.js HTTP/1.1" 200 228088
202.8.41.161 - - [10/Jan/2025:01:16:06 +0100] "GET /ticket2/opencms/system/modules/com.gridnine.opencms.ticketbrokerage.site/resources/js/calendar-setup.js HTTP/1.1" 200 4923
202.8.41.161 - - [10/Jan/2025:01:16:06 +0100] "GET /ticket2/opencms/system/modules/com.gridnine.opencms.ticketbrokerage.site/resources/js/jquery.fancybox.pack.js HTTP/1.1" 200 23187
202.8.41.161 - - [10/Jan/2025:01:16:06 +0100] "GET /ticket2/opencms/system/modules/com.gridnine.opencms.ticketbrokerage.site/resources/js/stickyfill.min.js HTTP/1.1" 200 5672
202.8.41.161 - - [10/Jan/2025:01:16:06 +0100] "GET /ticket2/opencms/system/modules/com.gridnine.opencms.ticketbrokerage.site/resources/js/standard.js HTTP/1.1" 200 3978
202.8.41.161 - - [10/Jan/2025:01:16:06 +0100] "GET /ticket2/opencms/system/modules/com.gridnine.opencms.ticketbrokerage.site/resources/js/jquery.placeholder.min.js HTTP/1.1" 200 1737
202.8.41.161 - - [10/Jan/2025:01:16:06 +0100] "GET /ticket2/opencms/system/modules/com.gridnine.opencms.ticketbrokerage.site/resources/js/common-ajax.js HTTP/1.1" 200 20175
202.8.41.161 - - [10/Jan/2025:01:16:06 +0100] "GET /ticket2/opencms/mo/ask-form.html HTTP/1.1" 200 3156
202.8.41.161 - - [10/Jan/2025:01:16:07 +0100] "GET /ticket2/opencms/mo/ask-form.html HTTP/1.1" 200 3156
202.8.41.161 - - [10/Jan/2025:01:16:07 +0100] "GET /ticket2/opencms/system/modules/com.gridnine.opencms.ticketbrokerage.site/resources/css/ticketbrokerage.css HTTP/1.1" 200 39339
193.70.81.110 - - [10/Jan/2025:01:16:08 +0100] "GET /ticket2/opencms/dk/buy/?page=1&edid=6CD7DFFC-8C83-7819-2B09-2552175CE812&sortorder=asc&column=price HTTP/1.1" 200 113759
85.208.96.211 - - [10/Jan/2025:01:16:08 +0100] "GET /ticket2/opencms/az/login HTTP/1.1" 200 91316
193.70.81.110 - - [10/Jan/2025:01:16:11 +0100] "GET /ticket2/opencms/dk/buy/?page=1&edid=6D659B0C-D907-0405-67DC-00DF3824F864&sortorder=asc&column=row HTTP/1.1" 200 110143
65.21.113.194 - - [10/Jan/2025:01:16:11 +0100] "GET /ticket2/opencms/sv/buy/?page=1&edid=866ED0B0-A67C-9147-4D6A-B6162F21CEF8 HTTP/1.1" 200 114771
85.208.96.211 - - [10/Jan/2025:01:16:14 +0100] "GET /ticket2/opencms/sv/terms_of_service/ HTTP/1.1" 200 97732
193.70.81.110 - - [10/Jan/2025:01:16:14 +0100] "GET /ticket2/opencms/dk/buy/?page=1&edid=6DA75030-6EA2-83E3-DB99-AFEEFF38FF71&sortorder=asc&column=price HTTP/1.1" 200 113757
65.21.113.194 - - [10/Jan/2025:01:16:16 +0100] "GET /ticket2/opencms/sv/buy/?page=1&edid=871D7AC8-C2FD-89A7-A9D7-71A8AD06F3BB HTTP/1.1" 200 108698
40.77.167.74 - - [10/Jan/2025:01:16:16 +0100] "GET /ticket2/opencms/ro/magazine/article?title=bergvall-si-kulusevski-impresioneaza HTTP/1.1" 200 93974
185.191.171.3 - - [10/Jan/2025:01:16:16 +0100] "GET /ticket2/opencms/mo/login/ HTTP/1.1" 200 91306
85.208.96.201 - - [10/Jan/2025:01:16:16 +0100] "GET /ticket2/opencms/mo/faq/ HTTP/1.1" 200 90013
193.70.81.110 - - [10/Jan/2025:01:16:18 +0100] "GET /ticket2/opencms/dk/buy/?page=1&edid=6DA75030-6EA2-83E3-DB99-AFEEFF38FF71&sortorder=asc&column=row HTTP/1.1" 200 113579
65.21.113.194 - - [10/Jan/2025:01:16:20 +0100] "GET /ticket2/opencms/sv/buy/?page=1&edid=872A1CAC-EC9F-5A17-CC81-87C861412BDF HTTP/1.1" 200 111897
193.70.81.110 - - [10/Jan/2025:01:16:21 +0100] "GET /ticket2/opencms/dk/buy/?page=1&edid=6DA75030-6EA2-83E3-DB99-AFEEFF38FF71&sortorder=asc&column=section HTTP/1.1" 200 113926
85.208.96.212 - - [10/Jan/2025:01:16:23 +0100] "GET /ticket2/opencms/ro/magazine/article?title=bergvall-si-kulusevski-impresioneaza HTTP/1.1" 200 93880
65.21.113.194 - - [10/Jan/2025:01:16:24 +0100] "GET /ticket2/opencms/sv/buy/?page=1&edid=87DA8067-258E-93BF-F8B0-6A2011EF3D80 HTTP/1.1" 200 134194
193.70.81.110 - - [10/Jan/2025:01:16:25 +0100] "GET /ticket2/opencms/dk/buy/?page=1&edid=6FB99050-2EB2-BC0F-C20F-EFDA643A2994&sortorder=asc&column=row HTTP/1.1" 200 113397
193.70.81.110 - - [10/Jan/2025:01:16:28 +0100] "GET /ticket2/opencms/dk/buy/?page=1&edid=6FB99050-2EB2-BC0F-C20F-EFDA643A2994&sortorder=asc&column=section HTTP/1.1" 200 113688
65.21.113.194 - - [10/Jan/2025:01:16:29 +0100] "GET /ticket2/opencms/sv/buy/?page=1&edid=885A2607-A223-24CC-17AE-7C8ECDA8D47C HTTP/1.1" 200 134261
114.119.146.220 - - [10/Jan/2025:01:16:29 +0100] "GET /ticket2/opencms/en/venue/?venueid=499F974B-9C10-9479-63CC-4EE8F0CFE55B HTTP/1.1" 200 85001
193.70.81.110 - - [10/Jan/2025:01:16:32 +0100] "GET /ticket2/opencms/dk/buy/?page=1&edid=6FB99050-2EB2-BC0F-C20F-EFDA643A2994&sortorder=desc&column=price HTTP/1.1" 200 113529
65.21.113.194 - - [10/Jan/2025:01:16:33 +0100] "GET /ticket2/opencms/sv/buy/?page=1&edid=890CCDBB-BBBF-11B0-1E79-EA111E8EF281 HTTP/1.1" 200 120378
17.241.219.239 - - [10/Jan/2025:01:16:33 +0100] "GET /ticket2/opencms/dk/sport/fodboldbilletter/la-liga/ HTTP/1.1" 200 94981
114.119.140.111 - - [10/Jan/2025:01:16:35 +0100] "GET /ticket2/opencms/en/venue/?venueid=A2143F04-641C-B311-284A-E01DFC7E06B3 HTTP/1.1" 200 85076
193.70.81.110 - - [10/Jan/2025:01:16:35 +0100] "GET /ticket2/opencms/dk/buy/?page=1&edid=6FB99050-2EB2-BC0F-C20F-EFDA643A2994&sortorder=desc&column=section HTTP/1.1" 200 113739
65.21.113.194 - - [10/Jan/2025:01:16:37 +0100] "GET /ticket2/opencms/sv/buy/?page=1&edid=89104551-08D3-D9BB-EFEB-4D500F270FD9 HTTP/1.1" 200 111114
157.55.39.55 - - [10/Jan/2025:01:16:38 +0100] "GET /ticket2/opencms/hu/buy?page=1&edid=24E797AC-F1A2-3631-6E04-E34EA5A8D055 HTTP/1.1" 200 112096
193.70.81.110 - - [10/Jan/2025:01:16:39 +0100] "GET /ticket2/opencms/dk/buy/?page=1&edid=71F8EE29-FA8F-FD46-7D27-26F4014317BC&sortorder=asc&column=row HTTP/1.1" 200 113850
65.21.113.194 - - [10/Jan/2025:01:16:41 +0100] "GET /ticket2/opencms/sv/buy/?page=1&edid=89EB4F09-7DFA-DE60-A799-1F1B9F2BAA97 HTTP/1.1" 200 108717
193.70.81.110 - - [10/Jan/2025:01:16:42 +0100] "GET /ticket2/opencms/dk/buy/?page=1&edid=76854C9C-B592-CA0A-F67C-231FB6E47209&sortorder=desc&column=section HTTP/1.1" 200 113459
40.77.167.154 - - [10/Jan/2025:01:16:43 +0100] "GET /ticket2/opencms/sv/buy?page=1&edid=1abc406a-92bd-fdcf-3bd6-80a52e60b34f HTTP/1.1" 200 8134
193.70.81.110 - - [10/Jan/2025:01:16:46 +0100] "GET /ticket2/opencms/dk/buy/?page=1&edid=77108354-7E24-A866-7C4A-6FA47CD8880C&sortorder=desc&column=price HTTP/1.1" 200 114237
65.21.113.194 - - [10/Jan/2025:01:16:48 +0100] "GET /ticket2/opencms/sv/buy/?page=1&edid=8A676299-B54E-C301-442A-823ABEA189C5 HTTP/1.1" 200 118127
193.70.81.110 - - [10/Jan/2025:01:16:50 +0100] "GET /ticket2/opencms/dk/buy/?page=1&edid=80921F64-47FC-3ACE-1B5F-30A7D074EB2E&sortorder=asc&column=price HTTP/1.1" 200 112420
