114.119.129.189 - - [10/Jan/2025:00:43:33 +0100] "GET /ticket2/opencms/en/sell/?edid=829CDCF4-D1A4-0F33-1F9C-11C9B643ADAD HTTP/1.1" 302 -
85.208.96.205 - - [10/Jan/2025:00:43:36 +0100] "GET /ticket2/opencms/sv/musikal/guys_and_dolls/ HTTP/1.1" 200 91019
66.249.70.167 - - [10/Jan/2025:00:43:37 +0100] "GET /ticket2/opencms/venue/wembley_arena.gif HTTP/1.1" 200 8194
114.119.157.43 - - [10/Jan/2025:00:43:37 +0100] "GET /ticket2/opencms/en/buy/?page=1&edid=9EDB7F86-26E1-C3B9-F18D-B7CE7EC54CD3 HTTP/1.1" 200 108021
114.119.129.189 - - [10/Jan/2025:00:43:38 +0100] "GET /ticket2/opencms/en/login/?url=/en/sell/ HTTP/1.1" 200 89875
47.128.127.78 - - [10/Jan/2025:00:43:40 +0100] "GET /ticket2/opencms/tr/buy/?catid=6CD184E8-C8D4-E1CC-33D0-6F47E3751240&comcatid=97ECA65A-72DA-F9AF-9DBB-245D3CFED1BE HTTP/1.1" 200 6410
216.244.66.245 - - [10/Jan/2025:00:43:45 +0100] "GET /ticket2/opencms/se/robots.txt HTTP/1.1" 404 -
54.36.148.12 - - [10/Jan/2025:00:43:48 +0100] "GET /ticket2/opencms/es/buy?page=1&edid=8D58C9DD-E967-B351-A76A-68EF419B5A93 HTTP/1.1" 200 130991
202.8.42.228 - - [10/Jan/2025:00:43:49 +0100] "GET /ticket2/opencms/system/modules/com.gridnine.opencms.ticketbrokerage.site/resources/css/standard.css HTTP/1.1" 200 73081
202.8.42.228 - - [10/Jan/2025:00:43:49 +0100] "GET /ticket2/opencms/system/modules/com.gridnine.opencms.ticketbrokerage.site/resources/css/jquery-ui.css HTTP/1.1" 200 33221
202.8.42.228 - - [10/Jan/2025:00:43:49 +0100] "GET /ticket2/opencms/system/modules/com.gridnine.opencms.ticketbrokerage.site/resources/css/jquery.fancybox.css HTTP/1.1" 200 4939
202.8.42.228 - - [10/Jan/2025:00:43:49 +0100] "GET /ticket2/opencms/system/modules/com.gridnine.opencms.ticketbrokerage.site/resources/css/calendar.css HTTP/1.1" 200 6871
202.8.42.228 - - [10/Jan/2025:00:43:49 +0100] "GET /ticket2/opencms/system/modules/com.gridnine.opencms.ticketbrokerage.site/resources/js/jquery/jquery.js HTTP/1.1" 200 93868
202.8.42.228 - - [10/Jan/2025:00:43:49 +0100] "GET /ticket2/opencms/system/modules/com.gridnine.opencms.ticketbrokerage.site/resources/css/ticketbrokerage.css HTTP/1.1" 200 39339
202.8.42.228 - - [10/Jan/2025:00:43:49 +0100] "GET /ticket2/opencms/system/modules/com.gridnine.opencms.ticketbrokerage.site/resources/js/jquery/jquery-ui.js HTTP/1.1" 200 228088
202.8.42.228 - - [10/Jan/2025:00:43:49 +0100] "GET /ticket2/opencms/system/modules/com.gridnine.opencms.ticketbrokerage.site/resources/js/functions.js HTTP/1.1" 200 1583
202.8.42.228 - - [10/Jan/2025:00:43:49 +0100] "GET /ticket2/opencms/system/modules/com.gridnine.opencms.ticketbrokerage.site/resources/js/calendar.js HTTP/1.1" 200 49229
202.8.42.228 - - [10/Jan/2025:00:43:49 +0100] "GET /ticket2/opencms/system/modules/com.gridnine.opencms.ticketbrokerage.site/resources/js/calendar-setup.js HTTP/1.1" 200 4923
202.8.42.228 - - [10/Jan/2025:00:43:49 +0100] "GET /ticket2/opencms/system/modules/com.gridnine.opencms.ticketbrokerage.site/resources/js/calendar-en.js HTTP/1.1" 200 3338
202.8.42.228 - - [10/Jan/2025:00:43:49 +0100] "GET /ticket2/opencms/system/modules/com.gridnine.opencms.ticketbrokerage.site/resources/js/jquery.fancybox.pack.js HTTP/1.1" 200 23187
202.8.42.228 - - [10/Jan/2025:00:43:49 +0100] "GET /ticket2/opencms/system/modules/com.gridnine.opencms.ticketbrokerage.site/resources/js/stickyfill.min.js HTTP/1.1" 200 5672
202.8.42.228 - - [10/Jan/2025:00:43:49 +0100] "GET /ticket2/opencms/system/modules/com.gridnine.opencms.ticketbrokerage.site/resources/js/standard.js HTTP/1.1" 200 3978
202.8.42.228 - - [10/Jan/2025:00:43:49 +0100] "GET /ticket2/opencms/system/modules/com.gridnine.opencms.ticketbrokerage.site/resources/js/jquery.placeholder.min.js HTTP/1.1" 200 1737
202.8.42.228 - - [10/Jan/2025:00:43:50 +0100] "GET /ticket2/opencms/system/modules/com.gridnine.opencms.ticketbrokerage.site/resources/js/common-ajax.js HTTP/1.1" 200 20175
202.8.42.228 - - [10/Jan/2025:00:43:50 +0100] "GET /ticket2/opencms/es/ask-form.html HTTP/1.1" 200 3156
202.8.42.228 - - [10/Jan/2025:00:43:50 +0100] "GET /ticket2/opencms/es/ask-form.html HTTP/1.1" 200 3156
202.8.42.228 - - [10/Jan/2025:00:43:50 +0100] "GET /ticket2/opencms/system/modules/com.gridnine.opencms.ticketbrokerage.site/resources/css/ticketbrokerage.css HTTP/1.1" 200 39339
202.8.42.228 - - [10/Jan/2025:00:43:50 +0100] "GET /ticket2/opencms/system/modules/com.gridnine.opencms.ticketbrokerage.site/resources/js/standard.js HTTP/1.1" 200 3978
85.208.96.193 - - [10/Jan/2025:00:43:54 +0100] "GET /ticket2/opencms/el/magazine/article?title=programma-agwnwn-gia-thn-premier-league-agwnes-premier-league-20242025 HTTP/1.1" 200 94786
114.119.157.43 - - [10/Jan/2025:00:44:07 +0100] "GET /ticket2/opencms/uk/buy?page=1&edid=5CB52156-5806-1511-4443-FA573AEB360B HTTP/1.1" 200 115490
66.249.64.110 - - [10/Jan/2025:00:44:10 +0100] "GET /ticket2/opencms/system/modules/com.gridnine.opencms.ticketbrokerage.site/resources/css/standard.css HTTP/1.1" 200 73081
65.21.113.194 - - [10/Jan/2025:00:44:10 +0100] "GET /ticket2/opencms/sv/buy/?page=1&edid=69802F7E-2013-4656-113E-ECD53B17933B HTTP/1.1" 200 121924
207.46.13.151 - - [10/Jan/2025:00:44:11 +0100] "GET /ticket2/opencms/mo/magazine/article?title=manchester-united-erik-ten-hag HTTP/1.1" 200 97050
193.34.212.75 - - [10/Jan/2025:00:44:16 +0100] "GET / HTTP/1.1" 404 -
65.21.113.194 - - [10/Jan/2025:00:44:17 +0100] "GET /ticket2/opencms/robots.txt HTTP/1.1" 200 773
65.21.113.194 - - [10/Jan/2025:00:44:17 +0100] "GET /ticket2/opencms/sv/buy/?page=1&edid=6A920F16-DD42-2262-3AA2-B83D5743F13A HTTP/1.1" 200 140136
65.21.113.194 - - [10/Jan/2025:00:44:22 +0100] "GET /ticket2/opencms/sv/buy/?page=1&edid=6C967880-E08B-3121-25D0-F145A5542A49 HTTP/1.1" 200 127185
54.36.148.14 - - [10/Jan/2025:00:44:25 +0100] "GET /ticket2/opencms/sv/buy?page=1&edid=5CF6EA2B-2B90-CEA1-959D-43D59F6F27D8 HTTP/1.1" 200 108634
185.191.171.2 - - [10/Jan/2025:00:44:26 +0100] "GET /ticket2/opencms/bg/magazine/article?title=manchester-city-shampioni-za-chetvurta-poredna-godina HTTP/1.1" 200 96364
65.21.113.194 - - [10/Jan/2025:00:44:26 +0100] "GET /ticket2/opencms/sv/buy/?page=1&edid=719E6B6D-707F-E825-E3AA-0E552980E1EB HTTP/1.1" 200 124068
202.8.41.91 - - [10/Jan/2025:00:44:26 +0100] "GET /ticket2/opencms/system/modules/com.gridnine.opencms.ticketbrokerage.site/resources/css/ticketbrokerage.css HTTP/1.1" 200 39339
202.8.41.91 - - [10/Jan/2025:00:44:26 +0100] "GET /ticket2/opencms/system/modules/com.gridnine.opencms.ticketbrokerage.site/resources/css/standard.css HTTP/1.1" 200 73081
202.8.41.91 - - [10/Jan/2025:00:44:26 +0100] "GET /ticket2/opencms/system/modules/com.gridnine.opencms.ticketbrokerage.site/resources/css/calendar.css HTTP/1.1" 200 6871
202.8.41.91 - - [10/Jan/2025:00:44:26 +0100] "GET /ticket2/opencms/system/modules/com.gridnine.opencms.ticketbrokerage.site/resources/css/jquery-ui.css HTTP/1.1" 200 33221
202.8.41.91 - - [10/Jan/2025:00:44:26 +0100] "GET /ticket2/opencms/system/modules/com.gridnine.opencms.ticketbrokerage.site/resources/js/stickyfill.min.js HTTP/1.1" 200 5672
202.8.41.91 - - [10/Jan/2025:00:44:26 +0100] "GET /ticket2/opencms/system/modules/com.gridnine.opencms.ticketbrokerage.site/resources/css/jquery.fancybox.css HTTP/1.1" 200 4939
202.8.41.91 - - [10/Jan/2025:00:44:26 +0100] "GET /ticket2/opencms/system/modules/com.gridnine.opencms.ticketbrokerage.site/resources/js/jquery/jquery-ui.js HTTP/1.1" 200 228088
202.8.41.91 - - [10/Jan/2025:00:44:26 +0100] "GET /ticket2/opencms/system/modules/com.gridnine.opencms.ticketbrokerage.site/resources/js/functions.js HTTP/1.1" 200 1583
202.8.41.91 - - [10/Jan/2025:00:44:27 +0100] "GET /ticket2/opencms/system/modules/com.gridnine.opencms.ticketbrokerage.site/resources/js/jquery/jquery.js HTTP/1.1" 200 93868
202.8.41.91 - - [10/Jan/2025:00:44:27 +0100] "GET /ticket2/opencms/system/modules/com.gridnine.opencms.ticketbrokerage.site/resources/js/calendar.js HTTP/1.1" 200 49229
202.8.41.91 - - [10/Jan/2025:00:44:27 +0100] "GET /ticket2/opencms/system/modules/com.gridnine.opencms.ticketbrokerage.site/resources/js/calendar-en.js HTTP/1.1" 200 3338
202.8.41.91 - - [10/Jan/2025:00:44:27 +0100] "GET /ticket2/opencms/system/modules/com.gridnine.opencms.ticketbrokerage.site/resources/js/calendar-setup.js HTTP/1.1" 200 4923
202.8.41.91 - - [10/Jan/2025:00:44:27 +0100] "GET /ticket2/opencms/system/modules/com.gridnine.opencms.ticketbrokerage.site/resources/js/jquery.fancybox.pack.js HTTP/1.1" 200 23187
202.8.41.91 - - [10/Jan/2025:00:44:27 +0100] "GET /ticket2/opencms/system/modules/com.gridnine.opencms.ticketbrokerage.site/resources/js/standard.js HTTP/1.1" 200 3978
202.8.41.91 - - [10/Jan/2025:00:44:27 +0100] "GET /ticket2/opencms/system/modules/com.gridnine.opencms.ticketbrokerage.site/resources/js/jquery.placeholder.min.js HTTP/1.1" 200 1737
202.8.41.91 - - [10/Jan/2025:00:44:27 +0100] "GET /ticket2/opencms/system/modules/com.gridnine.opencms.ticketbrokerage.site/resources/js/common-ajax.js HTTP/1.1" 200 20175
202.8.41.91 - - [10/Jan/2025:00:44:27 +0100] "GET /ticket2/opencms/sv/ask-form.html HTTP/1.1" 200 2950
202.8.41.91 - - [10/Jan/2025:00:44:27 +0100] "GET /ticket2/opencms/sv/ask-form.html HTTP/1.1" 200 2950
202.8.41.91 - - [10/Jan/2025:00:44:27 +0100] "GET /ticket2/opencms/system/modules/com.gridnine.opencms.ticketbrokerage.site/resources/css/ticketbrokerage.css HTTP/1.1" 200 39339
65.21.113.194 - - [10/Jan/2025:00:44:31 +0100] "GET /ticket2/opencms/sv/buy/?page=1&edid=71A5516F-6BB3-FB63-461B-A9493E3B32DA HTTP/1.1" 200 124100
65.21.113.194 - - [10/Jan/2025:00:44:36 +0100] "GET /ticket2/opencms/sv/buy/?page=1&edid=750C6040-29F7-425D-A24F-51B977F415A3 HTTP/1.1" 200 136054
65.21.113.194 - - [10/Jan/2025:00:44:40 +0100] "GET /ticket2/opencms/sv/buy/?page=1&edid=7D35F583-5000-190C-B2DC-8632905AF321 HTTP/1.1" 200 127129
166.108.202.169 - - [10/Jan/2025:00:44:45 +0100] "GET /ticket2/opencms/sv/sport/hockeybiljetter/nhl/StLouis_Blues_/ HTTP/1.1" 200 88070
65.21.113.194 - - [10/Jan/2025:00:44:45 +0100] "GET /ticket2/opencms/sv/buy/?page=1&edid=7F2B1FEA-20FE-7448-32AC-111154CA401B HTTP/1.1" 200 136273
47.128.24.33 - - [10/Jan/2025:00:44:47 +0100] "GET /ticket2/opencms/ro/buy?catid=AE3FE643-AE41-BAA6-237D-5206D1B044A1&comcatid=A17713B6-D984-201A-4143-ED4DB5ED5C2E HTTP/1.1" 200 6410
65.21.113.194 - - [10/Jan/2025:00:44:53 +0100] "GET /ticket2/opencms/sv/buy/?page=1&edid=8085E80D-BC8F-CDCF-7CC8-2F497FE082D3 HTTP/1.1" 200 136334
185.191.171.11 - - [10/Jan/2025:00:44:54 +0100] "GET /ticket2/opencms/fi/magazine/article?title=luton HTTP/1.1" 200 92259
47.128.112.14 - - [10/Jan/2025:00:44:56 +0100] "GET /ticket2/opencms/is/buy?edid=8D916C6C-0A69-41F7-4678-427710F013C6 HTTP/1.1" 200 92389
65.21.113.194 - - [10/Jan/2025:00:44:57 +0100] "GET /ticket2/opencms/sv/buy/?page=1&edid=86A7D428-8E42-C0D0-846E-90C83426D4AE HTTP/1.1" 200 124100
185.191.171.1 - - [10/Jan/2025:00:45:00 +0100] "GET /ticket2/opencms/de/magazine/article?title=em-spieler-die-herausstechen HTTP/1.1" 200 92054
65.21.113.194 - - [10/Jan/2025:00:45:02 +0100] "GET /ticket2/opencms/sv/buy/?page=1&edid=8D916C6C-0A69-41F7-4678-427710F013C6 HTTP/1.1" 200 137803
65.21.113.194 - - [10/Jan/2025:00:45:10 +0100] "GET /ticket2/opencms/sv/buy/?page=1&edid=8E8E9404-172C-6C57-7F68-EAFC3F95D1AC HTTP/1.1" 200 136208
207.46.13.154 - - [10/Jan/2025:00:45:12 +0100] "GET /ticket2/opencms/no/buy?page=1&edid=e9db3a42-82bf-9b65-3ed4-ee5a32871388 HTTP/1.1" 200 8134
65.21.113.194 - - [10/Jan/2025:00:45:14 +0100] "GET /ticket2/opencms/sv/buy/?page=1&edid=8EDDEFFC-C774-BA86-C4CF-809A20DBCDCB HTTP/1.1" 200 121860
65.21.113.194 - - [10/Jan/2025:00:45:18 +0100] "GET /ticket2/opencms/sv/buy/?page=1&edid=8EF7EC9D-9BC8-1DEC-C27C-0541D5C5F471 HTTP/1.1" 200 127115
65.21.113.194 - - [10/Jan/2025:00:45:23 +0100] "GET /ticket2/opencms/sv/buy/?page=1&edid=8F340A1C-D664-7FDD-8257-FE31525DAB7C HTTP/1.1" 200 136138
66.249.64.131 - - [10/Jan/2025:00:45:26 +0100] "GET /ticket2/opencms/de/magazine/article?title=kaufe-bundesliga-tickets-auf-ticket2com HTTP/1.1" 200 92171
65.21.113.194 - - [10/Jan/2025:00:45:27 +0100] "GET /ticket2/opencms/sv/buy/?page=1&edid=9905BE36-3483-E35C-D446-E28B848EF37B HTTP/1.1" 200 121915
65.21.113.194 - - [10/Jan/2025:00:45:31 +0100] "GET /ticket2/opencms/sv/buy/?page=1&edid=99C77A16-8AF9-4675-97DE-42A41C4ECB4F HTTP/1.1" 200 130644
85.208.96.208 - - [10/Jan/2025:00:45:33 +0100] "GET /ticket2/opencms/en/login/?url=%25252Fen%25252Fsell%25252F HTTP/1.1" 200 89875
85.208.96.196 - - [10/Jan/2025:00:45:34 +0100] "GET /ticket2/opencms/bg/magazine/article?title=hugo-larsson-20-godishniyat-kojto-vurvi-ot-uspeh-kum-uspeh HTTP/1.1" 200 98295
40.77.167.154 - - [10/Jan/2025:00:45:44 +0100] "GET /ticket2/opencms/bs/buy/?page=1&edid=D3AB0CA8-3C40-1AB9-8BEC-7D01F349EB4E HTTP/1.1" 200 137033
65.21.113.194 - - [10/Jan/2025:00:45:45 +0100] "GET /ticket2/opencms/sv/buy/?page=1&edid=A2A4078E-C8E8-C113-199B-69C1FEB231B0 HTTP/1.1" 200 135733
65.21.113.194 - - [10/Jan/2025:00:45:49 +0100] "GET /ticket2/opencms/sv/buy/?page=1&edid=B089B4B8-933D-AB70-BE65-2A133877E5AC HTTP/1.1" 200 136214
216.244.66.238 - - [10/Jan/2025:00:45:52 +0100] "GET /ticket2/opencms/dk/en/venue/?countryid=3074CB3F-D378-D1B1-5E17-3ED6547AC5E1 HTTP/1.1" 404 -
65.21.113.194 - - [10/Jan/2025:00:46:01 +0100] "GET /ticket2/opencms/sv/buy/?page=1&edid=B7C31852-4938-05B8-A23C-0248E7A3D5BA HTTP/1.1" 200 133345
216.244.66.238 - - [10/Jan/2025:00:46:02 +0100] "GET /ticket2/opencms/en/sport/football-tickets/premier_league/aston_villa/ HTTP/1.1" 200 98608
47.128.30.41 - - [10/Jan/2025:00:46:08 +0100] "GET /ticket2/opencms/de/buy?catid=C871EAE3-C584-718A-9795-07CDEF43FA75&comcatid=A17713B6-D984-201A-4143-ED4DB5ED5C2E HTTP/1.1" 200 6410
40.77.167.53 - - [10/Jan/2025:00:46:10 +0100] "GET /ticket2/opencms/mo/login HTTP/1.1" 200 91318
65.21.113.194 - - [10/Jan/2025:00:46:12 +0100] "GET /ticket2/opencms/sv/buy/?page=1&edid=B8EF6180-227A-800A-63E5-9809623FC791 HTTP/1.1" 200 127121
85.208.96.211 - - [10/Jan/2025:00:46:22 +0100] "GET /ticket2/opencms/az/magazine/article?title=2024-cu-il-avropa-cempionatinin-finali HTTP/1.1" 200 94611
114.119.133.220 - - [10/Jan/2025:00:46:23 +0100] "GET /ticket2/opencms/en/sell?edid=0704BD6D-31E9-BB79-1A42-1B64AF5D31BB HTTP/1.1" 302 -
47.128.41.94 - - [10/Jan/2025:00:46:24 +0100] "GET /ticket2/opencms/en/sport/football-tickets/la-liga/atletico_madrid/ HTTP/1.1" 200 92449
54.36.148.232 - - [10/Jan/2025:00:46:24 +0100] "GET /ticket2/opencms/bs/search.html HTTP/1.1" 200 96417
65.21.113.194 - - [10/Jan/2025:00:46:24 +0100] "GET /ticket2/opencms/robots.txt HTTP/1.1" 200 773
65.21.113.194 - - [10/Jan/2025:00:46:25 +0100] "GET /ticket2/opencms/sv/buy/?page=1&edid=B9A56D83-AD94-045F-A8C5-86B02F52A7C5 HTTP/1.1" 200 145089
202.8.42.72 - - [10/Jan/2025:00:46:25 +0100] "GET /ticket2/opencms/system/modules/com.gridnine.opencms.ticketbrokerage.site/resources/css/standard.css HTTP/1.1" 200 73081
202.8.42.72 - - [10/Jan/2025:00:46:25 +0100] "GET /ticket2/opencms/system/modules/com.gridnine.opencms.ticketbrokerage.site/resources/css/calendar.css HTTP/1.1" 200 6871
202.8.42.72 - - [10/Jan/2025:00:46:25 +0100] "GET /ticket2/opencms/system/modules/com.gridnine.opencms.ticketbrokerage.site/resources/css/ticketbrokerage.css HTTP/1.1" 200 39339
202.8.42.72 - - [10/Jan/2025:00:46:25 +0100] "GET /ticket2/opencms/system/modules/com.gridnine.opencms.ticketbrokerage.site/resources/css/jquery-ui.css HTTP/1.1" 200 33221
202.8.42.72 - - [10/Jan/2025:00:46:25 +0100] "GET /ticket2/opencms/system/modules/com.gridnine.opencms.ticketbrokerage.site/resources/js/jquery.placeholder.min.js HTTP/1.1" 200 1737
202.8.42.72 - - [10/Jan/2025:00:46:25 +0100] "GET /ticket2/opencms/system/modules/com.gridnine.opencms.ticketbrokerage.site/resources/js/functions.js HTTP/1.1" 200 1583
202.8.42.72 - - [10/Jan/2025:00:46:25 +0100] "GET /ticket2/opencms/system/modules/com.gridnine.opencms.ticketbrokerage.site/resources/js/jquery/jquery-ui.js HTTP/1.1" 200 228088
202.8.42.72 - - [10/Jan/2025:00:46:25 +0100] "GET /ticket2/opencms/system/modules/com.gridnine.opencms.ticketbrokerage.site/resources/js/jquery/jquery.js HTTP/1.1" 200 93868
202.8.42.72 - - [10/Jan/2025:00:46:25 +0100] "GET /ticket2/opencms/system/modules/com.gridnine.opencms.ticketbrokerage.site/resources/js/calendar.js HTTP/1.1" 200 49229
202.8.42.72 - - [10/Jan/2025:00:46:25 +0100] "GET /ticket2/opencms/system/modules/com.gridnine.opencms.ticketbrokerage.site/resources/js/calendar-setup.js HTTP/1.1" 200 4923
202.8.42.72 - - [10/Jan/2025:00:46:25 +0100] "GET /ticket2/opencms/system/modules/com.gridnine.opencms.ticketbrokerage.site/resources/js/calendar-en.js HTTP/1.1" 200 3338
202.8.42.72 - - [10/Jan/2025:00:46:26 +0100] "GET /ticket2/opencms/system/modules/com.gridnine.opencms.ticketbrokerage.site/resources/js/common-ajax.js HTTP/1.1" 200 20175
202.8.42.72 - - [10/Jan/2025:00:46:26 +0100] "GET /ticket2/opencms/system/modules/com.gridnine.opencms.ticketbrokerage.site/resources/js/stickyfill.min.js HTTP/1.1" 200 5672
202.8.42.72 - - [10/Jan/2025:00:46:26 +0100] "GET /ticket2/opencms/system/modules/com.gridnine.opencms.ticketbrokerage.site/resources/js/jquery.fancybox.pack.js HTTP/1.1" 200 23187
202.8.42.72 - - [10/Jan/2025:00:46:26 +0100] "GET /ticket2/opencms/system/modules/com.gridnine.opencms.ticketbrokerage.site/resources/js/standard.js HTTP/1.1" 200 3978
202.8.42.72 - - [10/Jan/2025:00:46:26 +0100] "GET /ticket2/opencms/bs/ask-form.html HTTP/1.1" 200 3156
202.8.42.72 - - [10/Jan/2025:00:46:27 +0100] "GET /ticket2/opencms/system/modules/com.gridnine.opencms.ticketbrokerage.site/resources/js/standard.js HTTP/1.1" 200 3978
202.8.42.72 - - [10/Jan/2025:00:46:27 +0100] "GET /ticket2/opencms/bs/ask-form.html HTTP/1.1" 200 3156
202.8.42.72 - - [10/Jan/2025:00:46:27 +0100] "GET /ticket2/opencms/system/modules/com.gridnine.opencms.ticketbrokerage.site/resources/css/ticketbrokerage.css HTTP/1.1" 200 39339
54.36.148.118 - - [10/Jan/2025:00:46:28 +0100] "GET /ticket2/opencms/bs/buy?page=1&edid=84A5FE5E-FE66-D83A-8A7D-B9483A93F0F3 HTTP/1.1" 200 112612
54.36.149.47 - - [10/Jan/2025:00:46:29 +0100] "GET /ticket2/opencms/uk/buy?page=1&edid=D3AB0CA8-3C40-1AB9-8BEC-7D01F349EB4E HTTP/1.1" 200 139673
202.8.43.228 - - [10/Jan/2025:00:46:29 +0100] "GET /ticket2/opencms/system/modules/com.gridnine.opencms.ticketbrokerage.site/resources/css/jquery.fancybox.css HTTP/1.1" 200 4939
202.8.43.228 - - [10/Jan/2025:00:46:30 +0100] "GET /ticket2/opencms/system/modules/com.gridnine.opencms.ticketbrokerage.site/resources/css/calendar.css HTTP/1.1" 200 6871
202.8.43.228 - - [10/Jan/2025:00:46:30 +0100] "GET /ticket2/opencms/system/modules/com.gridnine.opencms.ticketbrokerage.site/resources/css/ticketbrokerage.css HTTP/1.1" 200 39339
202.8.43.228 - - [10/Jan/2025:00:46:30 +0100] "GET /ticket2/opencms/system/modules/com.gridnine.opencms.ticketbrokerage.site/resources/css/standard.css HTTP/1.1" 200 73081
202.8.43.228 - - [10/Jan/2025:00:46:30 +0100] "GET /ticket2/opencms/system/modules/com.gridnine.opencms.ticketbrokerage.site/resources/css/jquery-ui.css HTTP/1.1" 200 33221
202.8.43.228 - - [10/Jan/2025:00:46:30 +0100] "GET /ticket2/opencms/system/modules/com.gridnine.opencms.ticketbrokerage.site/resources/js/calendar.js HTTP/1.1" 200 49229
202.8.43.228 - - [10/Jan/2025:00:46:30 +0100] "GET /ticket2/opencms/system/modules/com.gridnine.opencms.ticketbrokerage.site/resources/js/functions.js HTTP/1.1" 200 1583
202.8.43.228 - - [10/Jan/2025:00:46:30 +0100] "GET /ticket2/opencms/system/modules/com.gridnine.opencms.ticketbrokerage.site/resources/js/calendar-en.js HTTP/1.1" 200 3338
202.8.43.228 - - [10/Jan/2025:00:46:30 +0100] "GET /ticket2/opencms/system/modules/com.gridnine.opencms.ticketbrokerage.site/resources/js/calendar-setup.js HTTP/1.1" 200 4923
202.8.43.228 - - [10/Jan/2025:00:46:30 +0100] "GET /ticket2/opencms/system/modules/com.gridnine.opencms.ticketbrokerage.site/resources/js/jquery/jquery.js HTTP/1.1" 200 93868
202.8.43.228 - - [10/Jan/2025:00:46:30 +0100] "GET /ticket2/opencms/system/modules/com.gridnine.opencms.ticketbrokerage.site/resources/js/jquery/jquery-ui.js HTTP/1.1" 200 228088
202.8.43.228 - - [10/Jan/2025:00:46:30 +0100] "GET /ticket2/opencms/system/modules/com.gridnine.opencms.ticketbrokerage.site/resources/js/jquery.fancybox.pack.js HTTP/1.1" 200 23187
202.8.43.228 - - [10/Jan/2025:00:46:30 +0100] "GET /ticket2/opencms/system/modules/com.gridnine.opencms.ticketbrokerage.site/resources/js/stickyfill.min.js HTTP/1.1" 200 5672
202.8.43.228 - - [10/Jan/2025:00:46:30 +0100] "GET /ticket2/opencms/system/modules/com.gridnine.opencms.ticketbrokerage.site/resources/js/standard.js HTTP/1.1" 200 3978
202.8.43.228 - - [10/Jan/2025:00:46:30 +0100] "GET /ticket2/opencms/system/modules/com.gridnine.opencms.ticketbrokerage.site/resources/js/jquery.placeholder.min.js HTTP/1.1" 200 1737
202.8.40.116 - - [10/Jan/2025:00:46:30 +0100] "GET /ticket2/opencms/system/modules/com.gridnine.opencms.ticketbrokerage.site/resources/css/jquery-ui.css HTTP/1.1" 200 33221
202.8.40.116 - - [10/Jan/2025:00:46:30 +0100] "GET /ticket2/opencms/system/modules/com.gridnine.opencms.ticketbrokerage.site/resources/css/jquery.fancybox.css HTTP/1.1" 200 4939
202.8.40.116 - - [10/Jan/2025:00:46:30 +0100] "GET /ticket2/opencms/system/modules/com.gridnine.opencms.ticketbrokerage.site/resources/css/ticketbrokerage.css HTTP/1.1" 200 39339
202.8.40.116 - - [10/Jan/2025:00:46:30 +0100] "GET /ticket2/opencms/system/modules/com.gridnine.opencms.ticketbrokerage.site/resources/css/calendar.css HTTP/1.1" 200 6871
202.8.40.116 - - [10/Jan/2025:00:46:30 +0100] "GET /ticket2/opencms/system/modules/com.gridnine.opencms.ticketbrokerage.site/resources/css/standard.css HTTP/1.1" 200 73081
202.8.40.116 - - [10/Jan/2025:00:46:30 +0100] "GET /ticket2/opencms/system/modules/com.gridnine.opencms.ticketbrokerage.site/resources/js/jquery/jquery.js HTTP/1.1" 200 93868
202.8.43.228 - - [10/Jan/2025:00:46:30 +0100] "GET /ticket2/opencms/system/modules/com.gridnine.opencms.ticketbrokerage.site/resources/js/common-ajax.js HTTP/1.1" 200 20175
202.8.40.116 - - [10/Jan/2025:00:46:30 +0100] "GET /ticket2/opencms/system/modules/com.gridnine.opencms.ticketbrokerage.site/resources/js/calendar-en.js HTTP/1.1" 200 3338
202.8.40.116 - - [10/Jan/2025:00:46:30 +0100] "GET /ticket2/opencms/system/modules/com.gridnine.opencms.ticketbrokerage.site/resources/js/jquery/jquery-ui.js HTTP/1.1" 200 228088
202.8.40.116 - - [10/Jan/2025:00:46:30 +0100] "GET /ticket2/opencms/system/modules/com.gridnine.opencms.ticketbrokerage.site/resources/js/calendar.js HTTP/1.1" 200 49229
202.8.40.116 - - [10/Jan/2025:00:46:30 +0100] "GET /ticket2/opencms/system/modules/com.gridnine.opencms.ticketbrokerage.site/resources/js/functions.js HTTP/1.1" 200 1583
202.8.40.116 - - [10/Jan/2025:00:46:30 +0100] "GET /ticket2/opencms/system/modules/com.gridnine.opencms.ticketbrokerage.site/resources/js/calendar-setup.js HTTP/1.1" 200 4923
202.8.40.116 - - [10/Jan/2025:00:46:30 +0100] "GET /ticket2/opencms/system/modules/com.gridnine.opencms.ticketbrokerage.site/resources/js/jquery.fancybox.pack.js HTTP/1.1" 200 23187
202.8.40.116 - - [10/Jan/2025:00:46:30 +0100] "GET /ticket2/opencms/system/modules/com.gridnine.opencms.ticketbrokerage.site/resources/js/stickyfill.min.js HTTP/1.1" 200 5672
202.8.40.116 - - [10/Jan/2025:00:46:30 +0100] "GET /ticket2/opencms/system/modules/com.gridnine.opencms.ticketbrokerage.site/resources/js/standard.js HTTP/1.1" 200 3978
202.8.40.116 - - [10/Jan/2025:00:46:30 +0100] "GET /ticket2/opencms/system/modules/com.gridnine.opencms.ticketbrokerage.site/resources/js/jquery.placeholder.min.js HTTP/1.1" 200 1737
202.8.43.228 - - [10/Jan/2025:00:46:30 +0100] "GET /ticket2/opencms/bs/ask-form.html HTTP/1.1" 200 3156
202.8.40.116 - - [10/Jan/2025:00:46:30 +0100] "GET /ticket2/opencms/system/modules/com.gridnine.opencms.ticketbrokerage.site/resources/js/common-ajax.js HTTP/1.1" 200 20175
202.8.43.228 - - [10/Jan/2025:00:46:31 +0100] "GET /ticket2/opencms/system/modules/com.gridnine.opencms.ticketbrokerage.site/resources/css/ticketbrokerage.css HTTP/1.1" 200 39339
202.8.40.116 - - [10/Jan/2025:00:46:31 +0100] "GET /ticket2/opencms/uk/ask-form.html HTTP/1.1" 200 3156
202.8.40.116 - - [10/Jan/2025:00:46:31 +0100] "GET /ticket2/opencms/uk/ask-form.html HTTP/1.1" 200 3156
202.8.40.116 - - [10/Jan/2025:00:46:31 +0100] "GET /ticket2/opencms/system/modules/com.gridnine.opencms.ticketbrokerage.site/resources/css/ticketbrokerage.css HTTP/1.1" 200 39339
114.119.133.220 - - [10/Jan/2025:00:46:31 +0100] "GET /ticket2/opencms/en/login/?url=/en/sell/ HTTP/1.1" 200 89810
114.119.140.111 - - [10/Jan/2025:00:46:34 +0100] "GET /ticket2/opencms/en/login/ HTTP/1.1" 200 89782
65.21.113.194 - - [10/Jan/2025:00:46:37 +0100] "GET /ticket2/opencms/sv/buy/?page=1&edid=BFAFDC2C-908C-DD1E-38F3-2E405A281188 HTTP/1.1" 200 135381
185.191.171.1 - - [10/Jan/2025:00:46:45 +0100] "GET /ticket2/opencms/fr/magazine/article?title=erling-braut-haaland HTTP/1.1" 200 93432
114.119.153.152 - - [10/Jan/2025:00:46:48 +0100] "GET /ticket2/opencms/ga/buy?page=1&edid=CF6EA115-6C45-986A-A05A-8A614E59548E HTTP/1.1" 200 112571
65.21.113.194 - - [10/Jan/2025:00:46:48 +0100] "GET /ticket2/opencms/sv/buy/?page=1&edid=C28B3B84-6A6E-6FCB-67EF-1F8424FD799A HTTP/1.1" 200 124021
66.249.70.167 - - [10/Jan/2025:00:46:52 +0100] "GET /ticket2/opencms/cs/buy/?page=1&edid=DEB17795-4FDC-842A-0A1E-90CABF711519 HTTP/1.1" 200 113116
185.191.171.19 - - [10/Jan/2025:00:46:53 +0100] "GET /ticket2/opencms/no/magazine/article?title=ni-seire-pa-ti-kamper HTTP/1.1" 200 92167
95.214.55.39 - - [10/Jan/2025:00:46:57 +0100] "GET /ticket2/opencms/de/cgi-bin/luci/;stok=/locale HTTP/1.1" 404 -
65.21.113.194 - - [10/Jan/2025:00:46:59 +0100] "GET /ticket2/opencms/sv/buy/?page=1&edid=C2E0FED9-872C-CDB5-EA69-F93F12F9C91F HTTP/1.1" 200 124050
185.191.171.8 - - [10/Jan/2025:00:47:07 +0100] "GET /ticket2/opencms/pl/sport/bilety-futbol/bundesliga/borussia-dortmund/ HTTP/1.1" 200 101491
65.21.113.194 - - [10/Jan/2025:00:47:11 +0100] "GET /ticket2/opencms/sv/buy/?page=1&edid=C64002B7-B7A3-A646-1770-7E79C914EDA5 HTTP/1.1" 200 135445
47.128.125.96 - - [10/Jan/2025:00:47:13 +0100] "GET /ticket2/opencms/bg/buy/?edid=84A5FE5E-FE66-D83A-8A7D-B9483A93F0F3 HTTP/1.1" 200 93376
65.21.113.194 - - [10/Jan/2025:00:47:17 +0100] "GET /ticket2/opencms/sv/buy/?page=1&edid=C781C90E-2A4A-BE38-23EB-6039DE2F5FA8 HTTP/1.1" 200 135611
65.21.113.194 - - [10/Jan/2025:00:47:22 +0100] "GET /ticket2/opencms/sv/buy/?page=1&edid=C8463748-B145-33AD-CEE6-A9DF95CEBC4A HTTP/1.1" 200 121897
157.55.39.196 - - [10/Jan/2025:00:47:22 +0100] "GET /ticket2/opencms/no/?comcatid=A17713B6-D984-201A-4143-ED4DB5ED5C2E&catid=7CF2D645-F785-0CBB-1B7C-C4711617EAAD HTTP/1.1" 200 100639
54.36.148.103 - - [10/Jan/2025:00:47:25 +0100] "GET /ticket2/opencms/es/buy?page=1&edid=A9C35541-ABB7-0662-52F4-8AD61BAC9B1C HTTP/1.1" 200 136474
202.8.42.246 - - [10/Jan/2025:00:47:26 +0100] "GET /ticket2/opencms/system/modules/com.gridnine.opencms.ticketbrokerage.site/resources/css/ticketbrokerage.css HTTP/1.1" 200 39339
202.8.42.246 - - [10/Jan/2025:00:47:26 +0100] "GET /ticket2/opencms/system/modules/com.gridnine.opencms.ticketbrokerage.site/resources/css/calendar.css HTTP/1.1" 200 6871
202.8.42.246 - - [10/Jan/2025:00:47:26 +0100] "GET /ticket2/opencms/system/modules/com.gridnine.opencms.ticketbrokerage.site/resources/css/standard.css HTTP/1.1" 200 73081
202.8.42.246 - - [10/Jan/2025:00:47:26 +0100] "GET /ticket2/opencms/system/modules/com.gridnine.opencms.ticketbrokerage.site/resources/css/jquery-ui.css HTTP/1.1" 200 33221
202.8.42.246 - - [10/Jan/2025:00:47:26 +0100] "GET /ticket2/opencms/system/modules/com.gridnine.opencms.ticketbrokerage.site/resources/css/jquery.fancybox.css HTTP/1.1" 200 4939
202.8.42.246 - - [10/Jan/2025:00:47:26 +0100] "GET /ticket2/opencms/system/modules/com.gridnine.opencms.ticketbrokerage.site/resources/js/jquery/jquery-ui.js HTTP/1.1" 200 228088
202.8.42.246 - - [10/Jan/2025:00:47:26 +0100] "GET /ticket2/opencms/system/modules/com.gridnine.opencms.ticketbrokerage.site/resources/js/jquery.fancybox.pack.js HTTP/1.1" 200 23187
202.8.42.246 - - [10/Jan/2025:00:47:26 +0100] "GET /ticket2/opencms/system/modules/com.gridnine.opencms.ticketbrokerage.site/resources/js/functions.js HTTP/1.1" 200 1583
202.8.42.246 - - [10/Jan/2025:00:47:26 +0100] "GET /ticket2/opencms/system/modules/com.gridnine.opencms.ticketbrokerage.site/resources/js/calendar.js HTTP/1.1" 200 49229
202.8.42.246 - - [10/Jan/2025:00:47:26 +0100] "GET /ticket2/opencms/system/modules/com.gridnine.opencms.ticketbrokerage.site/resources/js/calendar-en.js HTTP/1.1" 200 3338
202.8.42.246 - - [10/Jan/2025:00:47:26 +0100] "GET /ticket2/opencms/system/modules/com.gridnine.opencms.ticketbrokerage.site/resources/js/calendar-setup.js HTTP/1.1" 200 4923
202.8.42.246 - - [10/Jan/2025:00:47:26 +0100] "GET /ticket2/opencms/system/modules/com.gridnine.opencms.ticketbrokerage.site/resources/js/standard.js HTTP/1.1" 200 3978
202.8.42.246 - - [10/Jan/2025:00:47:26 +0100] "GET /ticket2/opencms/system/modules/com.gridnine.opencms.ticketbrokerage.site/resources/js/stickyfill.min.js HTTP/1.1" 200 5672
202.8.42.246 - - [10/Jan/2025:00:47:26 +0100] "GET /ticket2/opencms/system/modules/com.gridnine.opencms.ticketbrokerage.site/resources/js/jquery/jquery.js HTTP/1.1" 200 93868
202.8.42.246 - - [10/Jan/2025:00:47:27 +0100] "GET /ticket2/opencms/system/modules/com.gridnine.opencms.ticketbrokerage.site/resources/js/jquery.placeholder.min.js HTTP/1.1" 200 1737
202.8.42.246 - - [10/Jan/2025:00:47:27 +0100] "GET /ticket2/opencms/system/modules/com.gridnine.opencms.ticketbrokerage.site/resources/js/common-ajax.js HTTP/1.1" 200 20175
202.8.42.246 - - [10/Jan/2025:00:47:27 +0100] "GET /ticket2/opencms/es/ask-form.html HTTP/1.1" 200 3156
202.8.42.246 - - [10/Jan/2025:00:47:27 +0100] "GET /ticket2/opencms/es/ask-form.html HTTP/1.1" 200 3156
202.8.42.246 - - [10/Jan/2025:00:47:27 +0100] "GET /ticket2/opencms/system/modules/com.gridnine.opencms.ticketbrokerage.site/resources/css/ticketbrokerage.css HTTP/1.1" 200 39339
65.21.113.194 - - [10/Jan/2025:00:47:29 +0100] "GET /ticket2/opencms/sv/buy/?page=1&edid=C9919F63-312E-C4DF-29D6-DA1CE80EC9A2 HTTP/1.1" 200 127141
185.191.171.6 - - [10/Jan/2025:00:47:33 +0100] "GET /ticket2/opencms/ro/magazine/article?title=analiza-cat-de-mult-au-crescut-preturile-biletelor-din-premier-league-liverpool-si-arsenal-sunt-cele-mai-scumpe HTTP/1.1" 200 100039
65.21.113.194 - - [10/Jan/2025:00:47:34 +0100] "GET /ticket2/opencms/sv/buy/?page=1&edid=CC748805-AA77-5D07-7352-96CD97D4F5AC HTTP/1.1" 200 137078
157.55.39.196 - - [10/Jan/2025:00:47:34 +0100] "GET /ticket2/opencms/nl/buy?page=1&edid=9334D162-A4DD-2F09-EA14-2FF8FE8F4CA2 HTTP/1.1" 200 110166
65.21.113.194 - - [10/Jan/2025:00:47:38 +0100] "GET /ticket2/opencms/sv/buy/?page=1&edid=D4F26649-49E7-D9AD-008F-6A1EF16B5F3C HTTP/1.1" 200 127110
66.249.76.170 - - [10/Jan/2025:00:47:39 +0100] "GET /ticket2/opencms/is/sport/fotbolti/champions-league/liverpool HTTP/1.1" 200 97518
47.128.18.230 - - [10/Jan/2025:00:47:40 +0100] "GET /ticket2/opencms/fi/venue/?venueid=7BE3C2C4-D724-A14C-90CC-9D0A992F74AC HTTP/1.1" 200 86643
65.21.113.194 - - [10/Jan/2025:00:47:43 +0100] "GET /ticket2/opencms/sv/buy/?page=1&edid=DCF22239-47F2-2282-C13B-85FCE1D7C913 HTTP/1.1" 200 136115
185.191.171.6 - - [10/Jan/2025:00:47:44 +0100] "GET /ticket2/opencms/en/magazine/article?title=premier-league-fixtures-premier-league-fixtures-20242025 HTTP/1.1" 200 90890
40.77.167.154 - - [10/Jan/2025:00:47:47 +0100] "GET /ticket2/opencms/sv/buy?page=1&edid=1634BCBF-AA11-8172-081F-BB741D819BCB HTTP/1.1" 200 108664
65.21.113.194 - - [10/Jan/2025:00:47:48 +0100] "GET /ticket2/opencms/sv/buy/?page=1&edid=DD14CC82-883B-BD06-4306-EBD494AA1804 HTTP/1.1" 200 136289
40.77.167.154 - - [10/Jan/2025:00:47:49 +0100] "GET /ticket2/opencms/hr/buy?page=1&edid=D3ED59F6-69C7-E5EC-F202-69DF5BFAD162 HTTP/1.1" 200 109771
52.167.144.222 - - [10/Jan/2025:00:47:50 +0100] "GET /ticket2/opencms/de/buy?page=1&edid=F8BC8905-1376-F330-5CD7-CD86B15D1AC7 HTTP/1.1" 200 109184
185.191.171.12 - - [10/Jan/2025:00:47:52 +0100] "GET /ticket2/opencms/it/magazine/article?title=aston-villa-uno-dei-club-piu-anziani-della-premier-league HTTP/1.1" 200 93832
65.21.113.194 - - [10/Jan/2025:00:47:54 +0100] "GET /ticket2/opencms/sv/buy/?page=1&edid=DE6EAF1E-F0E3-BCEF-6FE9-789554B2D96C HTTP/1.1" 200 124039
65.21.113.194 - - [10/Jan/2025:00:47:58 +0100] "GET /ticket2/opencms/sv/buy/?page=1&edid=E0AF4582-F291-60D7-7793-C6DEB6EAEA8A HTTP/1.1" 200 140842
65.21.113.194 - - [10/Jan/2025:00:48:02 +0100] "GET /ticket2/opencms/sv/buy/?page=1&edid=E1CACBEB-5FB5-F359-D95F-1110648BB53A HTTP/1.1" 200 135987
54.36.148.161 - - [10/Jan/2025:00:48:05 +0100] "GET /ticket2/opencms/ro/buy?page=1&edid=5CF6EA2B-2B90-CEA1-959D-43D59F6F27D8 HTTP/1.1" 200 109985
202.8.40.152 - - [10/Jan/2025:00:48:06 +0100] "GET /ticket2/opencms/system/modules/com.gridnine.opencms.ticketbrokerage.site/resources/css/jquery-ui.css HTTP/1.1" 200 33221
202.8.40.152 - - [10/Jan/2025:00:48:06 +0100] "GET /ticket2/opencms/system/modules/com.gridnine.opencms.ticketbrokerage.site/resources/css/calendar.css HTTP/1.1" 200 6871
202.8.40.152 - - [10/Jan/2025:00:48:06 +0100] "GET /ticket2/opencms/system/modules/com.gridnine.opencms.ticketbrokerage.site/resources/css/standard.css HTTP/1.1" 200 73081
202.8.40.152 - - [10/Jan/2025:00:48:06 +0100] "GET /ticket2/opencms/system/modules/com.gridnine.opencms.ticketbrokerage.site/resources/css/jquery.fancybox.css HTTP/1.1" 200 4939
202.8.40.152 - - [10/Jan/2025:00:48:06 +0100] "GET /ticket2/opencms/system/modules/com.gridnine.opencms.ticketbrokerage.site/resources/js/calendar-en.js HTTP/1.1" 200 3338
202.8.40.152 - - [10/Jan/2025:00:48:06 +0100] "GET /ticket2/opencms/system/modules/com.gridnine.opencms.ticketbrokerage.site/resources/css/ticketbrokerage.css HTTP/1.1" 200 39339
202.8.40.152 - - [10/Jan/2025:00:48:06 +0100] "GET /ticket2/opencms/system/modules/com.gridnine.opencms.ticketbrokerage.site/resources/js/calendar.js HTTP/1.1" 200 49229
202.8.40.152 - - [10/Jan/2025:00:48:06 +0100] "GET /ticket2/opencms/system/modules/com.gridnine.opencms.ticketbrokerage.site/resources/js/functions.js HTTP/1.1" 200 1583
202.8.40.152 - - [10/Jan/2025:00:48:06 +0100] "GET /ticket2/opencms/system/modules/com.gridnine.opencms.ticketbrokerage.site/resources/js/jquery/jquery-ui.js HTTP/1.1" 200 228088
202.8.40.152 - - [10/Jan/2025:00:48:06 +0100] "GET /ticket2/opencms/system/modules/com.gridnine.opencms.ticketbrokerage.site/resources/js/jquery/jquery.js HTTP/1.1" 200 93868
202.8.40.152 - - [10/Jan/2025:00:48:06 +0100] "GET /ticket2/opencms/system/modules/com.gridnine.opencms.ticketbrokerage.site/resources/js/jquery.fancybox.pack.js HTTP/1.1" 200 23187
202.8.40.152 - - [10/Jan/2025:00:48:06 +0100] "GET /ticket2/opencms/system/modules/com.gridnine.opencms.ticketbrokerage.site/resources/js/calendar-setup.js HTTP/1.1" 200 4923
202.8.40.152 - - [10/Jan/2025:00:48:06 +0100] "GET /ticket2/opencms/system/modules/com.gridnine.opencms.ticketbrokerage.site/resources/js/stickyfill.min.js HTTP/1.1" 200 5672
202.8.40.152 - - [10/Jan/2025:00:48:06 +0100] "GET /ticket2/opencms/system/modules/com.gridnine.opencms.ticketbrokerage.site/resources/js/standard.js HTTP/1.1" 200 3978
202.8.40.152 - - [10/Jan/2025:00:48:06 +0100] "GET /ticket2/opencms/system/modules/com.gridnine.opencms.ticketbrokerage.site/resources/js/jquery.placeholder.min.js HTTP/1.1" 200 1737
202.8.40.152 - - [10/Jan/2025:00:48:06 +0100] "GET /ticket2/opencms/system/modules/com.gridnine.opencms.ticketbrokerage.site/resources/js/common-ajax.js HTTP/1.1" 200 20175
202.8.40.152 - - [10/Jan/2025:00:48:06 +0100] "GET /ticket2/opencms/ro/ask-form.html HTTP/1.1" 200 3156
202.8.40.152 - - [10/Jan/2025:00:48:06 +0100] "GET /ticket2/opencms/ro/ask-form.html HTTP/1.1" 200 3156
202.8.40.152 - - [10/Jan/2025:00:48:06 +0100] "GET /ticket2/opencms/system/modules/com.gridnine.opencms.ticketbrokerage.site/resources/css/ticketbrokerage.css HTTP/1.1" 200 39339
185.191.171.12 - - [10/Jan/2025:00:48:07 +0100] "GET /ticket2/opencms/ro/magazine/article?title=despre-tottenham-hotspur-stadium HTTP/1.1" 200 97585
202.8.40.152 - - [10/Jan/2025:00:48:07 +0100] "GET /ticket2/opencms/system/modules/com.gridnine.opencms.ticketbrokerage.site/resources/js/standard.js HTTP/1.1" 200 3978
65.21.113.194 - - [10/Jan/2025:00:48:07 +0100] "GET /ticket2/opencms/sv/buy/?page=1&edid=E289F96B-BF69-A88E-30C1-E3CA6BC29D6C HTTP/1.1" 200 124025
52.167.144.175 - - [10/Jan/2025:00:48:07 +0100] "GET /ticket2/opencms/dk/magazine/article?title=emirates-stadium-en-ikonisk-arena HTTP/1.1" 200 94094
85.208.96.197 - - [10/Jan/2025:00:48:10 +0100] "GET /ticket2/opencms/is/sport/fotbolti/premier-league/leicester HTTP/1.1" 200 102456
81.167.26.57 - - [10/Jan/2025:00:48:13 +0100] "GET /ticket2/opencms/robots.txt HTTP/1.1" 200 773
85.208.96.195 - - [10/Jan/2025:00:48:13 +0100] "GET /ticket2/opencms/sv/magazine/article?title=listan-over-de-nominerade-till-ballon-dor HTTP/1.1" 200 93894
65.21.113.194 - - [10/Jan/2025:00:48:13 +0100] "GET /ticket2/opencms/sv/buy/?page=1&edid=E66B1558-C5A6-CDDD-B7DD-6060381B0F38 HTTP/1.1" 200 121828
81.167.26.57 - - [10/Jan/2025:00:48:15 +0100] "GET /ticket2/opencms/fi/login/?edid=75FF6D71-09F5-D46B-0F5F-60B05A57DEC1 HTTP/1.1" 200 91463
40.77.167.154 - - [10/Jan/2025:00:48:16 +0100] "GET /ticket2/opencms/sk/buy?page=1&edid=87A2FE39-F475-6FCD-8F85-64E23F35FA22 HTTP/1.1" 200 113906
81.167.26.57 - - [10/Jan/2025:00:48:16 +0100] "GET /ticket2/opencms/fi/login/?edid=AC293095-F943-6E2E-6AFF-DB98FBD22E45 HTTP/1.1" 200 91573
81.167.26.57 - - [10/Jan/2025:00:48:18 +0100] "GET /ticket2/opencms/fi/login/?edid=DE77F923-33DD-F680-B03C-157F39802E52 HTTP/1.1" 200 91571
65.21.113.194 - - [10/Jan/2025:00:48:19 +0100] "GET /ticket2/opencms/sv/buy/?page=1&edid=E9DB3A42-82BF-9B65-3ED4-EE5A32871388 HTTP/1.1" 200 133277
81.167.26.57 - - [10/Jan/2025:00:48:20 +0100] "GET /ticket2/opencms/fi/login/?edid=F02C7F98-D962-4F16-67CC-B88BF13049A1 HTTP/1.1" 200 91558
85.208.96.211 - - [10/Jan/2025:00:48:22 +0100] "GET /ticket2/opencms/robots.txt HTTP/1.1" 200 773
185.191.171.7 - - [10/Jan/2025:00:48:23 +0100] "GET /ticket2/opencms/ga/magazine/article?title=an-feidir-le-viktor-gyokeres-imeacht-o-sporting-nios-luaithe-na-mar-a-bhi-beartaithe HTTP/1.1" 200 94220
81.167.26.57 - - [10/Jan/2025:00:48:23 +0100] "GET /ticket2/opencms/fi/login/?edid=976885DC-748D-9B41-84FE-F009469512AF HTTP/1.1" 200 91565
65.21.113.194 - - [10/Jan/2025:00:48:24 +0100] "GET /ticket2/opencms/sv/buy/?page=1&edid=EC2BC309-3510-AA04-CA0C-F3088D5C1D31 HTTP/1.1" 200 124137
81.167.26.57 - - [10/Jan/2025:00:48:27 +0100] "GET /ticket2/opencms/fi/login/?edid=C0DADECE-3739-FBB2-2554-F9E21C47A21A HTTP/1.1" 200 91661
65.21.113.194 - - [10/Jan/2025:00:48:28 +0100] "GET /ticket2/opencms/robots.txt HTTP/1.1" 200 773
65.21.113.194 - - [10/Jan/2025:00:48:29 +0100] "GET /ticket2/opencms/sv/buy/?page=1&edid=EE1094B0-5F8D-7F5A-3592-6F4F9BDBF532 HTTP/1.1" 200 135248
81.167.26.57 - - [10/Jan/2025:00:48:30 +0100] "GET /ticket2/opencms/fi/login/?edid=C2910EC2-9592-90B0-A42D-A344DFC6DED1 HTTP/1.1" 200 91564
65.21.113.194 - - [10/Jan/2025:00:48:33 +0100] "GET /ticket2/opencms/sv/buy/?page=1&edid=EFCA122E-EFD5-12F8-6F83-6930A0BC1F37 HTTP/1.1" 200 124143
216.244.66.238 - - [10/Jan/2025:00:48:33 +0100] "GET /ticket2/opencms/ga/buy?page=1&edid=770FF926-02D3-9794-A140-0536536482FF HTTP/1.1" 200 113692
81.167.26.57 - - [10/Jan/2025:00:48:34 +0100] "GET /ticket2/opencms/fi/login/?edid=CA3FABDD-43B5-8DDC-6DAC-2917B68B145E HTTP/1.1" 200 91619
94.23.203.86 - - [10/Jan/2025:00:48:34 +0100] "GET /ticket2/opencms/robots.txt HTTP/1.1" 200 773
114.119.129.189 - - [10/Jan/2025:00:48:37 +0100] "GET /ticket2/opencms/en/sell/?edid=7FF1B39E-633B-78E9-D7CF-938FA162614A HTTP/1.1" 302 -
65.21.113.194 - - [10/Jan/2025:00:48:37 +0100] "GET /ticket2/opencms/sv/buy/?page=1&edid=F1463EBE-6C18-CF49-B2AE-F79868BCA4F5 HTTP/1.1" 200 141006
81.167.26.57 - - [10/Jan/2025:00:48:37 +0100] "GET /ticket2/opencms/fi/login/?edid=CAEC01E6-0D3F-6B15-E791-555064E8C8FC HTTP/1.1" 200 91537
94.23.203.86 - - [10/Jan/2025:00:48:39 +0100] "GET /ticket2/opencms/en/login/?edid=0885085C-E17A-9EBD-840E-2E2D8669488B HTTP/1.1" 200 89838
52.167.144.222 - - [10/Jan/2025:00:48:39 +0100] "GET /ticket2/opencms/ga/buy?page=1&edid=DC4450D6-9DF5-C966-75BC-2DB9B2B69FF0 HTTP/1.1" 200 110273
66.249.76.161 - - [10/Jan/2025:00:48:40 +0100] "GET /ticket2/opencms/sq/magazine/article?title=manchester-city-7-ndeshje-pa-fitore HTTP/1.1" 200 95276
81.167.26.57 - - [10/Jan/2025:00:48:41 +0100] "GET /ticket2/opencms/fi/login/?edid=CC33A6F6-C64B-FC65-C420-F12FE93D0E9E HTTP/1.1" 200 91481
65.21.113.194 - - [10/Jan/2025:00:48:41 +0100] "GET /ticket2/opencms/sv/buy/?page=1&edid=F6926B54-D901-FAF0-8126-EB0D6BB39E8E HTTP/1.1" 200 121887
114.119.129.189 - - [10/Jan/2025:00:48:42 +0100] "GET /ticket2/opencms/en/login/?url=/en/sell/ HTTP/1.1" 200 89765
85.208.96.211 - - [10/Jan/2025:00:48:44 +0100] "GET /ticket2/opencms/de/magazine/article?title=zweiter-platz-das-zweite-jahr-in-folge HTTP/1.1" 200 88238
81.167.26.57 - - [10/Jan/2025:00:48:44 +0100] "GET /ticket2/opencms/fi/login/?edid=CE621028-1A2D-9083-AA96-1570F3BDC434 HTTP/1.1" 200 91590
65.21.113.194 - - [10/Jan/2025:00:48:45 +0100] "GET /ticket2/opencms/sv/buy/?page=1&edid=F70FF3E6-2D68-06C1-2E1B-CFF8AEEA395A HTTP/1.1" 200 123881
94.23.203.86 - - [10/Jan/2025:00:48:47 +0100] "GET /ticket2/opencms/en/login/?edid=08A6D28A-216B-89F4-18C7-53163A124C6A HTTP/1.1" 200 89837
81.167.26.57 - - [10/Jan/2025:00:48:48 +0100] "GET /ticket2/opencms/fi/login/?edid=F6FD153F-1035-6D33-2FE5-1AD00791E5A6 HTTP/1.1" 200 91590
81.167.26.57 - - [10/Jan/2025:00:48:50 +0100] "GET /ticket2/opencms/fi/urheilu/jalkapallo/premier_league/wolverhampton/ HTTP/1.1" 200 99574
185.191.171.4 - - [10/Jan/2025:00:48:51 +0100] "GET /ticket2/opencms/no/sport/fotballsbilletter/bundesliga/hertha/ HTTP/1.1" 200 87160
81.167.26.57 - - [10/Jan/2025:00:48:51 +0100] "GET /ticket2/opencms/fi/venue/?countryid=3F9833FD-26F3-F144-E677-9F4203CED4E3 HTTP/1.1" 200 115955
81.167.26.57 - - [10/Jan/2025:00:48:53 +0100] "GET /ticket2/opencms/no/buy/?page=1&edid=00D840A6-5C32-FD15-931E-9A005230C9CF&sortorder=desc&column=section HTTP/1.1" 200 114474
65.21.113.194 - - [10/Jan/2025:00:48:53 +0100] "GET /ticket2/opencms/sv/buy/?page=1&edid=F8A721FB-6959-3E3B-0E9C-2BF5336E70F2 HTTP/1.1" 200 139196
94.23.203.86 - - [10/Jan/2025:00:48:55 +0100] "GET /ticket2/opencms/en/login/?edid=0958DA87-37ED-7F94-D151-9C09820627D0 HTTP/1.1" 200 89786
81.167.26.57 - - [10/Jan/2025:00:48:55 +0100] "GET /ticket2/opencms/no/buy/?page=1&edid=00E46ACE-4E1A-25FB-61C9-5EB2142305DE&sortorder=desc&column=row HTTP/1.1" 200 111006
81.167.26.57 - - [10/Jan/2025:00:48:57 +0100] "GET /ticket2/opencms/no/buy/?page=1&edid=01A262FE-CD75-96BC-EB3A-7D77798F3053 HTTP/1.1" 200 113056
65.21.113.194 - - [10/Jan/2025:00:48:57 +0100] "GET /ticket2/opencms/sv/buy/?page=1&edid=00111C9B-5E02-77E7-9B39-8EFC1235AF29 HTTP/1.1" 200 118245
81.167.26.57 - - [10/Jan/2025:00:48:58 +0100] "GET /ticket2/opencms/no/buy/?page=1&edid=01E41408-AB56-3A6A-EAEA-5426D6E9DD0E HTTP/1.1" 200 112955
81.167.26.57 - - [10/Jan/2025:00:49:00 +0100] "GET /ticket2/opencms/no/buy/?page=1&edid=02013735-73ED-40FA-90F3-7305F7F53475 HTTP/1.1" 200 112397
85.208.96.209 - - [10/Jan/2025:00:49:01 +0100] "GET /ticket2/opencms/fi/urheilu/jalkapallo/la-liga/sevilla/ HTTP/1.1" 200 95172
81.167.26.57 - - [10/Jan/2025:00:49:02 +0100] "GET /ticket2/opencms/no/buy/?page=1&edid=02057AB5-02FC-6F90-9153-B3AF0AF861F1 HTTP/1.1" 200 111305
85.208.96.199 - - [10/Jan/2025:00:49:02 +0100] "GET /ticket2/opencms/az/login/ HTTP/1.1" 200 91448
94.23.203.86 - - [10/Jan/2025:00:49:03 +0100] "GET /ticket2/opencms/en/login/?edid=09652453-91AD-2522-4E3F-C4E432AD91B5 HTTP/1.1" 200 89829
81.167.26.57 - - [10/Jan/2025:00:49:03 +0100] "GET /ticket2/opencms/no/buy/?page=1&edid=0331FABF-937C-A28B-1B71-61F7E8D0C892&sortorder=desc&column=row HTTP/1.1" 200 114775
65.21.113.194 - - [10/Jan/2025:00:49:05 +0100] "GET /ticket2/opencms/sv/buy/?page=1&edid=0165985F-E205-E991-0EDD-8260BA28ED00 HTTP/1.1" 200 108687
81.167.26.57 - - [10/Jan/2025:00:49:05 +0100] "GET /ticket2/opencms/no/buy/?page=1&edid=0331FABF-937C-A28B-1B71-61F7E8D0C892&sortorder=desc&column=section HTTP/1.1" 200 115101
157.55.39.196 - - [10/Jan/2025:00:49:07 +0100] "GET /ticket2/opencms/no/buy/?page=1&edid=096598FE-DA35-4351-DFEE-DC9ACA0F0EF9 HTTP/1.1" 200 135723
81.167.26.57 - - [10/Jan/2025:00:49:07 +0100] "GET /ticket2/opencms/no/buy/?page=1&edid=0415C45A-63CA-260A-2123-85A9DAAFCE72&sortorder=asc&column=price HTTP/1.1" 200 114031
81.167.26.57 - - [10/Jan/2025:00:49:08 +0100] "GET /ticket2/opencms/no/buy/?page=1&edid=0415C45A-63CA-260A-2123-85A9DAAFCE72&sortorder=asc&column=row HTTP/1.1" 200 113980
157.55.39.48 - - [10/Jan/2025:00:49:09 +0100] "GET /ticket2/opencms/mt/buy/?page=1&edid=E5EF9377-5B91-6B93-FCE0-C5E2E0DD63D6 HTTP/1.1" 200 110086
65.21.113.194 - - [10/Jan/2025:00:49:10 +0100] "GET /ticket2/opencms/sv/buy/?page=1&edid=039D4473-D662-2ED5-D620-F30FCE116F43 HTTP/1.1" 200 111545
52.167.144.222 - - [10/Jan/2025:00:49:10 +0100] "GET /ticket2/opencms/no/sport/fotballsbilletter/la_liga/fc_barcelona/ HTTP/1.1" 200 96544
81.167.26.57 - - [10/Jan/2025:00:49:10 +0100] "GET /ticket2/opencms/no/buy/?page=1&edid=04B38726-6042-FA9B-C517-A5FC914517A7&sortorder=desc&column=price HTTP/1.1" 200 114380
94.23.203.86 - - [10/Jan/2025:00:49:10 +0100] "GET /ticket2/opencms/en/login/?edid=09FE5788-4688-927B-6E7E-78103CC2E4DA HTTP/1.1" 200 89858
51.8.102.111 - - [10/Jan/2025:00:49:11 +0100] "GET /ticket2/opencms/robots.txt HTTP/1.1" 304 -
81.167.26.57 - - [10/Jan/2025:00:49:12 +0100] "GET /ticket2/opencms/no/buy/?page=1&edid=05170EF4-F87C-31BE-DC1D-EA038D308ECD&sortorder=asc&column=price HTTP/1.1" 200 114324
81.167.26.57 - - [10/Jan/2025:00:49:14 +0100] "GET /ticket2/opencms/no/buy/?page=1&edid=081EE01A-3277-D451-A064-8BE12CA4E327&sortorder=desc&column=price HTTP/1.1" 200 114324
65.21.113.194 - - [10/Jan/2025:00:49:14 +0100] "GET /ticket2/opencms/sv/buy/?page=1&edid=03ACD253-26FD-D5DA-1042-959F5F219816 HTTP/1.1" 200 118084
81.167.26.57 - - [10/Jan/2025:00:49:15 +0100] "GET /ticket2/opencms/no/buy/?page=1&edid=081EE01A-3277-D451-A064-8BE12CA4E327&sortorder=desc&column=row HTTP/1.1" 200 114185
66.249.64.130 - - [10/Jan/2025:00:49:16 +0100] "GET /ticket2/opencms/bg/magazine/article?title=aston-villa-edin-ot-naj-starite-klubove-v-premiur-lijg HTTP/1.1" 200 95880
81.167.26.57 - - [10/Jan/2025:00:49:17 +0100] "GET /ticket2/opencms/no/buy/?page=1&edid=081FC70B-AB51-238E-BE49-DE333F2022B9 HTTP/1.1" 200 112421
81.167.26.57 - - [10/Jan/2025:00:49:19 +0100] "GET /ticket2/opencms/no/buy/?page=1&edid=083412B6-9EF2-E01A-24FB-4AAAB2DEF1B1&sortorder=asc&column=row HTTP/1.1" 200 114300
94.23.203.86 - - [10/Jan/2025:00:49:19 +0100] "GET /ticket2/opencms/en/login/?edid=0B2F6ECF-10CB-F609-2978-08C4F312C919 HTTP/1.1" 200 89782
65.21.113.194 - - [10/Jan/2025:00:49:20 +0100] "GET /ticket2/opencms/sv/buy/?page=1&edid=03E017AA-DD08-1C4A-8F15-CD16B72CB89B HTTP/1.1" 200 125110
81.167.26.57 - - [10/Jan/2025:00:49:20 +0100] "GET /ticket2/opencms/no/buy/?page=1&edid=09D32DCC-F7AA-08A6-BBA1-FACD82581843 HTTP/1.1" 200 113169
81.167.26.57 - - [10/Jan/2025:00:49:22 +0100] "GET /ticket2/opencms/no/buy/?page=1&edid=09E39E18-DB9D-9181-82D5-02F92B498E01&sortorder=desc&column=row HTTP/1.1" 200 114693
81.167.26.57 - - [10/Jan/2025:00:49:24 +0100] "GET /ticket2/opencms/no/buy/?page=1&edid=0ED1EF7C-0A26-4874-75D0-5C707B461913&sortorder=desc&column=price HTTP/1.1" 200 114613
65.21.113.194 - - [10/Jan/2025:00:49:25 +0100] "GET /ticket2/opencms/sv/buy/?page=1&edid=04B0DB48-8735-9FEB-09F8-41C9C1D4D32E HTTP/1.1" 200 117977
81.167.26.57 - - [10/Jan/2025:00:49:25 +0100] "GET /ticket2/opencms/no/buy/?page=1&edid=0F17BCAD-3084-AC58-8EE9-146E1CEBAC51&sortorder=desc&column=row HTTP/1.1" 200 113635
94.23.203.86 - - [10/Jan/2025:00:49:27 +0100] "GET /ticket2/opencms/en/login/?edid=0C4F10F5-312F-8D3B-4A7A-0CC75795C506 HTTP/1.1" 200 89807
81.167.26.57 - - [10/Jan/2025:00:49:27 +0100] "GET /ticket2/opencms/no/buy/?page=1&edid=12968C36-EF0E-52F6-FF93-EF3AF0F97431&sortorder=desc&column=row HTTP/1.1" 200 114705
81.167.26.57 - - [10/Jan/2025:00:49:29 +0100] "GET /ticket2/opencms/no/buy/?page=1&edid=12968C36-EF0E-52F6-FF93-EF3AF0F97431&sortorder=desc&column=section HTTP/1.1" 200 115147
65.21.113.194 - - [10/Jan/2025:00:49:30 +0100] "GET /ticket2/opencms/sv/buy/?page=1&edid=055941D5-AAA9-3559-090F-26D27D65FBDA HTTP/1.1" 200 121526
52.167.144.222 - - [10/Jan/2025:00:49:30 +0100] "GET /ticket2/opencms/pl/buy?page=1&edid=80FE665C-27C4-7FE0-7238-5FC906A2C819 HTTP/1.1" 200 113644
47.128.57.181 - - [10/Jan/2025:00:49:31 +0100] "GET /ticket2/opencms/ga/buy/?edid=FF312D4E-5B6B-8FA5-BA69-635DC61A8F79 HTTP/1.1" 200 92678
85.208.96.204 - - [10/Jan/2025:00:49:31 +0100] "GET /ticket2/opencms/sv/sport/fotbollsbiljetter/uefa-champions-league/zenit/ HTTP/1.1" 200 87302
81.167.26.57 - - [10/Jan/2025:00:49:32 +0100] "GET /ticket2/opencms/no/buy/?page=1&edid=FD5A4147-3064-3A22-5465-AF24C521B032&sortorder=asc&column=section HTTP/1.1" 200 114219
114.119.151.93 - - [10/Jan/2025:00:49:33 +0100] "GET /ticket2/opencms/fi/buy?page=1&=993ECB6B-5437-7FFC-177B-D4101C1148EA HTTP/1.1" 200 6507
81.167.26.57 - - [10/Jan/2025:00:49:34 +0100] "GET /ticket2/opencms/no/konsertbilletter/ HTTP/1.1" 200 88027
94.23.203.86 - - [10/Jan/2025:00:49:34 +0100] "GET /ticket2/opencms/en/login/?edid=0C5C9043-4446-42CC-4F8E-C746AC0B1F53 HTTP/1.1" 200 89803
81.167.26.57 - - [10/Jan/2025:00:49:36 +0100] "GET /ticket2/opencms/no/sport/fotballsbilletter/champions_league/celtic/ HTTP/1.1" 200 87938
65.21.113.194 - - [10/Jan/2025:00:49:37 +0100] "GET /ticket2/opencms/sv/buy/?page=1&edid=05D0BF65-0ACD-F8DF-E1ED-172C77D65348 HTTP/1.1" 200 108730
81.167.26.57 - - [10/Jan/2025:00:49:37 +0100] "GET /ticket2/opencms/no/sport/fotballsbilletter/champions_league/psg/ HTTP/1.1" 200 88251
216.244.66.238 - - [10/Jan/2025:00:49:39 +0100] "GET /ticket2/opencms/dk/en/venue/?venueid=9D84887A-3E38-5E6C-5F2C-BA93851DE9A4 HTTP/1.1" 404 -
