37.187.73.123 - - [10/Jan/2025:00:02:22 +0100] "GET /ticket2/opencms/ka/buy/?page=1&edid=E8492630-5817-95C8-DBCF-47EFEEBEB25B HTTP/1.1" 200 143005
66.249.70.170 - - [10/Jan/2025:00:02:23 +0100] "GET /ticket2/opencms/et/magazine/article?title=poolfinaal-prantsusmaa-vs-hispaania HTTP/1.1" 200 95507
114.119.130.154 - - [10/Jan/2025:00:02:24 +0100] "GET /ticket2/opencms/en/buy/?page=1&edid=91A90965-919C-FABC-5A4B-CBD685A20054 HTTP/1.1" 200 111870
37.187.73.123 - - [10/Jan/2025:00:02:30 +0100] "GET /ticket2/opencms/ka/buy/?page=1&edid=E86D89E6-4B76-0823-49E9-A4E0BE4014AF HTTP/1.1" 200 141905
65.21.113.194 - - [10/Jan/2025:00:02:32 +0100] "GET /ticket2/opencms/sr/buy/?page=1&edid=7568E602-7C67-35D2-952F-D243F8930169 HTTP/1.1" 200 136788
52.167.144.138 - - [10/Jan/2025:00:02:32 +0100] "GET /ticket2/opencms/pl/buy?page=1&edid=CE3DD33A-7186-3BFF-79C5-A0B5274832DB HTTP/1.1" 200 109816
85.208.96.194 - - [10/Jan/2025:00:02:35 +0100] "GET /ticket2/opencms/it/magazine/article?title=kylian-mbappe HTTP/1.1" 200 93416
37.187.73.123 - - [10/Jan/2025:00:02:36 +0100] "GET /ticket2/opencms/ka/buy/?page=1&edid=E86F0F7D-1756-1185-7E08-E94436C5DD8E HTTP/1.1" 200 134567
82.99.19.69 - - [10/Jan/2025:00:02:37 +0100] "GET /ticket2/opencms/sv/sport/fotbollsbiljetter/premier_league/arsenal/ HTTP/1.1" 200 103527
82.99.19.69 - - [10/Jan/2025:00:02:37 +0100] "GET /ticket2/opencms/system/modules/com.gridnine.opencms.ticketbrokerage.site/resources/css/calendar.css HTTP/1.1" 200 6871
82.99.19.69 - - [10/Jan/2025:00:02:37 +0100] "GET /ticket2/opencms/system/modules/com.gridnine.opencms.ticketbrokerage.site/resources/css/ticketbrokerage.css HTTP/1.1" 200 39339
82.99.19.69 - - [10/Jan/2025:00:02:37 +0100] "GET /ticket2/opencms/system/modules/com.gridnine.opencms.ticketbrokerage.site/resources/css/standard.css HTTP/1.1" 200 73081
82.99.19.69 - - [10/Jan/2025:00:02:37 +0100] "GET /ticket2/opencms/system/modules/com.gridnine.opencms.ticketbrokerage.site/resources/js/calendar.js HTTP/1.1" 200 49229
82.99.19.69 - - [10/Jan/2025:00:02:37 +0100] "GET /ticket2/opencms/system/modules/com.gridnine.opencms.ticketbrokerage.site/resources/js/calendar-en.js HTTP/1.1" 200 3338
82.99.19.69 - - [10/Jan/2025:00:02:37 +0100] "GET /ticket2/opencms/system/modules/com.gridnine.opencms.ticketbrokerage.site/resources/js/functions.js HTTP/1.1" 200 1583
82.99.19.69 - - [10/Jan/2025:00:02:37 +0100] "GET /ticket2/opencms/system/modules/com.gridnine.opencms.ticketbrokerage.site/resources/js/calendar-setup.js HTTP/1.1" 200 4923
82.99.19.69 - - [10/Jan/2025:00:02:37 +0100] "GET /ticket2/opencms/system/modules/com.gridnine.opencms.ticketbrokerage.site/resources/js/standard.js HTTP/1.1" 200 3978
37.187.73.123 - - [10/Jan/2025:00:02:41 +0100] "GET /ticket2/opencms/ka/buy/?page=1&edid=E8BA54CC-B112-3D61-BE02-1B4D1E4F63D1 HTTP/1.1" 200 141868
66.249.64.226 - - [10/Jan/2025:00:02:47 +0100] "GET /ticket2/opencms/system/modules/com.gridnine.opencms.ticketbrokerage.site/resources/css/calendar.css HTTP/1.1" 200 6871
37.187.73.123 - - [10/Jan/2025:00:02:49 +0100] "GET /ticket2/opencms/ka/buy/?page=1&edid=E8C34E6F-F034-0C2A-D437-ABD4D0BC81CD HTTP/1.1" 200 118894
54.36.149.66 - - [10/Jan/2025:00:02:49 +0100] "GET /ticket2/opencms/sl/buy?comcatid=A17713B6-D984-201A-4143-ED4DB5ED5C2E&catid=0A6C99D2-F5BD-7A18-9A5F-5668827042E0 HTTP/1.1" 200 6410
37.187.73.123 - - [10/Jan/2025:00:02:53 +0100] "GET /ticket2/opencms/ka/buy/?page=1&edid=E8FB6514-EFD8-EB72-BE17-25BC8A0EBD80 HTTP/1.1" 200 119066
82.99.19.69 - - [10/Jan/2025:00:02:58 +0100] "GET /ticket2/opencms/sv/buy/?page=1&edid=E1CACBEB-5FB5-F359-D95F-1110648BB53A HTTP/1.1" 200 135998
82.99.19.69 - - [10/Jan/2025:00:02:58 +0100] "GET /ticket2/opencms/system/modules/com.gridnine.opencms.ticketbrokerage.site/resources/css/calendar.css HTTP/1.1" 200 6871
82.99.19.69 - - [10/Jan/2025:00:02:58 +0100] "GET /ticket2/opencms/system/modules/com.gridnine.opencms.ticketbrokerage.site/resources/css/ticketbrokerage.css HTTP/1.1" 200 39339
82.99.19.69 - - [10/Jan/2025:00:02:58 +0100] "GET /ticket2/opencms/system/modules/com.gridnine.opencms.ticketbrokerage.site/resources/css/standard.css HTTP/1.1" 200 73081
82.99.19.69 - - [10/Jan/2025:00:02:58 +0100] "GET /ticket2/opencms/system/modules/com.gridnine.opencms.ticketbrokerage.site/resources/js/functions.js HTTP/1.1" 200 1583
82.99.19.69 - - [10/Jan/2025:00:02:58 +0100] "GET /ticket2/opencms/system/modules/com.gridnine.opencms.ticketbrokerage.site/resources/js/calendar-setup.js HTTP/1.1" 200 4923
82.99.19.69 - - [10/Jan/2025:00:02:58 +0100] "GET /ticket2/opencms/system/modules/com.gridnine.opencms.ticketbrokerage.site/resources/js/calendar.js HTTP/1.1" 200 49229
82.99.19.69 - - [10/Jan/2025:00:02:58 +0100] "GET /ticket2/opencms/system/modules/com.gridnine.opencms.ticketbrokerage.site/resources/js/calendar-en.js HTTP/1.1" 200 3338
82.99.19.69 - - [10/Jan/2025:00:02:58 +0100] "GET /ticket2/opencms/system/modules/com.gridnine.opencms.ticketbrokerage.site/resources/js/standard.js HTTP/1.1" 200 3978
82.99.19.69 - - [10/Jan/2025:00:02:58 +0100] "GET /ticket2/opencms/system/modules/com.gridnine.opencms.ticketbrokerage.site/resources/pics/0.gif HTTP/1.1" 200 43
82.99.19.69 - - [10/Jan/2025:00:02:58 +0100] "GET /ticket2/opencms/system/modules/com.gridnine.opencms.ticketbrokerage.site/resources/pics/two_man.png HTTP/1.1" 200 3407
82.99.19.69 - - [10/Jan/2025:00:02:58 +0100] "GET /ticket2/opencms/system/modules/com.gridnine.opencms.ticketbrokerage.site/resources/pics/ticket_info_button.png HTTP/1.1" 200 3820
82.99.19.69 - - [10/Jan/2025:00:02:58 +0100] "GET /ticket2/opencms/venue/emirates_stadium.png HTTP/1.1" 200 53537
82.99.19.69 - - [10/Jan/2025:00:02:58 +0100] "GET /ticket2/opencms/sv/ask-form.html HTTP/1.1" 200 2950
82.99.19.69 - - [10/Jan/2025:00:02:58 +0100] "GET /ticket2/opencms/img/icons/hy.png HTTP/1.1" 200 1170
82.99.19.69 - - [10/Jan/2025:00:02:58 +0100] "GET /ticket2/opencms/system/modules/com.gridnine.opencms.ticketbrokerage.site/resources/pics/arrow.gif HTTP/1.1" 200 344
82.99.19.69 - - [10/Jan/2025:00:02:58 +0100] "GET /ticket2/opencms/img/icons/mk.png HTTP/1.1" 200 1405
82.99.19.69 - - [10/Jan/2025:00:02:58 +0100] "GET /ticket2/opencms/system/modules/com.gridnine.opencms.ticketbrokerage.site/resources/css/ticketbrokerage.css HTTP/1.1" 200 39339
82.99.19.69 - - [10/Jan/2025:00:02:58 +0100] "GET /ticket2/opencms/img/arrow-down.png HTTP/1.1" 200 192
82.99.19.69 - - [10/Jan/2025:00:02:58 +0100] "GET /ticket2/opencms/system/modules/com.gridnine.opencms.ticketbrokerage.site/resources/pics/form_marker.gif HTTP/1.1" 200 43
65.21.113.194 - - [10/Jan/2025:00:02:59 +0100] "GET /ticket2/opencms/robots.txt HTTP/1.1" 200 773
65.21.113.194 - - [10/Jan/2025:00:02:59 +0100] "GET /ticket2/opencms/sr/buy/?page=1&edid=78E4B91C-1F75-6F0B-081E-2F48F65F6C41 HTTP/1.1" 200 112887
37.187.73.123 - - [10/Jan/2025:00:03:03 +0100] "GET /ticket2/opencms/ka/buy/?page=1&edid=E929D76A-4B90-77D0-40D9-CD97C2AEF58C HTTP/1.1" 200 142921
52.167.144.160 - - [10/Jan/2025:00:03:06 +0100] "GET /ticket2/opencms/sq/?page=6&comcatid=A17713B6-D984-201A-4143-ED4DB5ED5C2E&catid=7EF04817-972D-18B1-F941-DE800D088075 HTTP/1.1" 200 100999
37.187.73.123 - - [10/Jan/2025:00:03:08 +0100] "GET /ticket2/opencms/ka/buy/?page=1&edid=E9ADDD4B-2D5C-5990-7858-03EAA4240B08 HTTP/1.1" 200 119024
37.187.73.123 - - [10/Jan/2025:00:03:12 +0100] "GET /ticket2/opencms/ka/buy/?page=1&edid=E9B7DED4-B9B3-1D5B-302C-EBD67027CF78 HTTP/1.1" 200 143019
37.187.73.123 - - [10/Jan/2025:00:03:15 +0100] "GET /ticket2/opencms/ka/buy/?page=1&edid=E9DB3A42-82BF-9B65-3ED4-EE5A32871388 HTTP/1.1" 200 141186
85.208.96.206 - - [10/Jan/2025:00:03:18 +0100] "GET /ticket2/opencms/no/magazine/article?title=chelsea-mot-tottenham-2-0 HTTP/1.1" 200 93916
185.191.171.13 - - [10/Jan/2025:00:03:19 +0100] "GET /ticket2/opencms/sv/magazine/article?title=michail-antonio-skadad-efter-bilolycka HTTP/1.1" 200 92660
65.21.113.194 - - [10/Jan/2025:00:03:20 +0100] "GET /ticket2/opencms/sr/buy/?page=1&edid=7D35F583-5000-190C-B2DC-8632905AF321 HTTP/1.1" 200 128887
185.191.171.12 - - [10/Jan/2025:00:03:20 +0100] "GET /ticket2/opencms/dk/login HTTP/1.1" 200 90328
66.249.76.167 - - [10/Jan/2025:00:03:22 +0100] "GET /ticket2/opencms/sv/magazine/article?title=nations-league-ar-i-full-gang HTTP/1.1" 200 93415
37.187.73.123 - - [10/Jan/2025:00:03:22 +0100] "GET /ticket2/opencms/ka/buy/?page=1&edid=E9F0B041-BF0A-CE11-045F-89CD49D4FA7D HTTP/1.1" 200 121429
37.187.73.123 - - [10/Jan/2025:00:03:27 +0100] "GET /ticket2/opencms/ka/buy/?page=1&edid=EACAB49B-0521-3552-A3D3-3DE7421945A6 HTTP/1.1" 200 119628
54.36.149.11 - - [10/Jan/2025:00:03:28 +0100] "GET /ticket2/opencms/ro/buy?page=1&edid=D3AB0CA8-3C40-1AB9-8BEC-7D01F349EB4E HTTP/1.1" 200 137804
37.187.73.123 - - [10/Jan/2025:00:03:29 +0100] "GET /ticket2/opencms/ka/buy/?page=1&edid=EACD81AE-0B8C-E534-1D39-A4F8A9E4D5C4 HTTP/1.1" 200 119072
66.249.64.33 - - [10/Jan/2025:00:03:30 +0100] "GET /ticket2/opencms/dk/sport/ HTTP/1.1" 200 87809
54.36.148.95 - - [10/Jan/2025:00:03:30 +0100] "GET /ticket2/opencms/is/magazine/article?title=dramatiskur-leikur-a-milli-tottenham-og-chelsea HTTP/1.1" 200 94226
202.8.41.229 - - [10/Jan/2025:00:03:30 +0100] "GET /ticket2/opencms/system/modules/com.gridnine.opencms.ticketbrokerage.site/resources/css/jquery-ui.css HTTP/1.1" 200 33221
202.8.41.229 - - [10/Jan/2025:00:03:30 +0100] "GET /ticket2/opencms/system/modules/com.gridnine.opencms.ticketbrokerage.site/resources/css/jquery.fancybox.css HTTP/1.1" 200 4939
202.8.41.229 - - [10/Jan/2025:00:03:30 +0100] "GET /ticket2/opencms/system/modules/com.gridnine.opencms.ticketbrokerage.site/resources/css/calendar.css HTTP/1.1" 200 6871
202.8.41.229 - - [10/Jan/2025:00:03:30 +0100] "GET /ticket2/opencms/system/modules/com.gridnine.opencms.ticketbrokerage.site/resources/css/ticketbrokerage.css HTTP/1.1" 200 39339
202.8.41.229 - - [10/Jan/2025:00:03:30 +0100] "GET /ticket2/opencms/system/modules/com.gridnine.opencms.ticketbrokerage.site/resources/css/standard.css HTTP/1.1" 200 73081
202.8.41.229 - - [10/Jan/2025:00:03:30 +0100] "GET /ticket2/opencms/system/modules/com.gridnine.opencms.ticketbrokerage.site/resources/js/jquery/jquery.js HTTP/1.1" 200 93868
202.8.41.229 - - [10/Jan/2025:00:03:30 +0100] "GET /ticket2/opencms/system/modules/com.gridnine.opencms.ticketbrokerage.site/resources/js/functions.js HTTP/1.1" 200 1583
202.8.41.229 - - [10/Jan/2025:00:03:30 +0100] "GET /ticket2/opencms/system/modules/com.gridnine.opencms.ticketbrokerage.site/resources/js/calendar.js HTTP/1.1" 200 49229
202.8.41.229 - - [10/Jan/2025:00:03:30 +0100] "GET /ticket2/opencms/system/modules/com.gridnine.opencms.ticketbrokerage.site/resources/js/jquery/jquery-ui.js HTTP/1.1" 200 228088
202.8.41.229 - - [10/Jan/2025:00:03:30 +0100] "GET /ticket2/opencms/system/modules/com.gridnine.opencms.ticketbrokerage.site/resources/js/calendar-en.js HTTP/1.1" 200 3338
202.8.41.229 - - [10/Jan/2025:00:03:30 +0100] "GET /ticket2/opencms/system/modules/com.gridnine.opencms.ticketbrokerage.site/resources/js/calendar-setup.js HTTP/1.1" 200 4923
202.8.41.229 - - [10/Jan/2025:00:03:30 +0100] "GET /ticket2/opencms/system/modules/com.gridnine.opencms.ticketbrokerage.site/resources/js/jquery.fancybox.pack.js HTTP/1.1" 200 23187
202.8.41.229 - - [10/Jan/2025:00:03:30 +0100] "GET /ticket2/opencms/system/modules/com.gridnine.opencms.ticketbrokerage.site/resources/js/standard.js HTTP/1.1" 200 3978
202.8.41.229 - - [10/Jan/2025:00:03:30 +0100] "GET /ticket2/opencms/system/modules/com.gridnine.opencms.ticketbrokerage.site/resources/js/stickyfill.min.js HTTP/1.1" 200 5672
202.8.41.229 - - [10/Jan/2025:00:03:30 +0100] "GET /ticket2/opencms/system/modules/com.gridnine.opencms.ticketbrokerage.site/resources/js/jquery.placeholder.min.js HTTP/1.1" 200 1737
202.8.41.229 - - [10/Jan/2025:00:03:30 +0100] "GET /ticket2/opencms/system/modules/com.gridnine.opencms.ticketbrokerage.site/resources/js/common-ajax.js HTTP/1.1" 200 20175
202.8.41.229 - - [10/Jan/2025:00:03:30 +0100] "GET /ticket2/opencms/ro/ask-form.html HTTP/1.1" 200 3156
202.8.41.229 - - [10/Jan/2025:00:03:30 +0100] "GET /ticket2/opencms/ro/ask-form.html HTTP/1.1" 200 3156
202.8.41.229 - - [10/Jan/2025:00:03:30 +0100] "GET /ticket2/opencms/system/modules/com.gridnine.opencms.ticketbrokerage.site/resources/css/ticketbrokerage.css HTTP/1.1" 200 39339
202.8.41.56 - - [10/Jan/2025:00:03:31 +0100] "GET /ticket2/opencms/system/modules/com.gridnine.opencms.ticketbrokerage.site/resources/css/jquery.fancybox.css HTTP/1.1" 200 4939
202.8.41.56 - - [10/Jan/2025:00:03:31 +0100] "GET /ticket2/opencms/system/modules/com.gridnine.opencms.ticketbrokerage.site/resources/css/calendar.css HTTP/1.1" 200 6871
202.8.41.56 - - [10/Jan/2025:00:03:31 +0100] "GET /ticket2/opencms/system/modules/com.gridnine.opencms.ticketbrokerage.site/resources/css/jquery-ui.css HTTP/1.1" 200 33221
202.8.41.56 - - [10/Jan/2025:00:03:31 +0100] "GET /ticket2/opencms/system/modules/com.gridnine.opencms.ticketbrokerage.site/resources/css/standard.css HTTP/1.1" 200 73081
202.8.41.56 - - [10/Jan/2025:00:03:31 +0100] "GET /ticket2/opencms/system/modules/com.gridnine.opencms.ticketbrokerage.site/resources/css/ticketbrokerage.css HTTP/1.1" 200 39339
202.8.41.56 - - [10/Jan/2025:00:03:31 +0100] "GET /ticket2/opencms/system/modules/com.gridnine.opencms.ticketbrokerage.site/resources/js/jquery/jquery.js HTTP/1.1" 200 93868
202.8.41.56 - - [10/Jan/2025:00:03:31 +0100] "GET /ticket2/opencms/system/modules/com.gridnine.opencms.ticketbrokerage.site/resources/js/jquery/jquery-ui.js HTTP/1.1" 200 228088
202.8.41.56 - - [10/Jan/2025:00:03:31 +0100] "GET /ticket2/opencms/system/modules/com.gridnine.opencms.ticketbrokerage.site/resources/js/functions.js HTTP/1.1" 200 1583
202.8.41.56 - - [10/Jan/2025:00:03:31 +0100] "GET /ticket2/opencms/system/modules/com.gridnine.opencms.ticketbrokerage.site/resources/js/calendar.js HTTP/1.1" 200 49229
202.8.41.56 - - [10/Jan/2025:00:03:31 +0100] "GET /ticket2/opencms/system/modules/com.gridnine.opencms.ticketbrokerage.site/resources/js/calendar-en.js HTTP/1.1" 200 3338
202.8.41.56 - - [10/Jan/2025:00:03:31 +0100] "GET /ticket2/opencms/system/modules/com.gridnine.opencms.ticketbrokerage.site/resources/js/jquery.fancybox.pack.js HTTP/1.1" 200 23187
202.8.41.56 - - [10/Jan/2025:00:03:31 +0100] "GET /ticket2/opencms/system/modules/com.gridnine.opencms.ticketbrokerage.site/resources/js/calendar-setup.js HTTP/1.1" 200 4923
202.8.41.56 - - [10/Jan/2025:00:03:31 +0100] "GET /ticket2/opencms/system/modules/com.gridnine.opencms.ticketbrokerage.site/resources/js/stickyfill.min.js HTTP/1.1" 200 5672
202.8.41.56 - - [10/Jan/2025:00:03:31 +0100] "GET /ticket2/opencms/system/modules/com.gridnine.opencms.ticketbrokerage.site/resources/js/standard.js HTTP/1.1" 200 3978
202.8.41.56 - - [10/Jan/2025:00:03:31 +0100] "GET /ticket2/opencms/system/modules/com.gridnine.opencms.ticketbrokerage.site/resources/js/jquery.placeholder.min.js HTTP/1.1" 200 1737
202.8.41.56 - - [10/Jan/2025:00:03:31 +0100] "GET /ticket2/opencms/system/modules/com.gridnine.opencms.ticketbrokerage.site/resources/js/common-ajax.js HTTP/1.1" 200 20175
54.36.149.80 - - [10/Jan/2025:00:03:32 +0100] "GET /ticket2/opencms/sv/buy/?page=1&edid=26467E66-E432-3709-0425-A75E81B5021A HTTP/1.1" 200 140983
66.249.64.132 - - [10/Jan/2025:00:03:32 +0100] "GET /ticket2/opencms/sk/buy?page=1&edid=3EB861B6-E18E-9E71-7780-7E9C719C08F8 HTTP/1.1" 200 112356
202.8.43.108 - - [10/Jan/2025:00:03:33 +0100] "GET /ticket2/opencms/system/modules/com.gridnine.opencms.ticketbrokerage.site/resources/css/calendar.css HTTP/1.1" 200 6871
202.8.43.108 - - [10/Jan/2025:00:03:33 +0100] "GET /ticket2/opencms/system/modules/com.gridnine.opencms.ticketbrokerage.site/resources/css/jquery-ui.css HTTP/1.1" 200 33221
202.8.43.108 - - [10/Jan/2025:00:03:33 +0100] "GET /ticket2/opencms/system/modules/com.gridnine.opencms.ticketbrokerage.site/resources/css/standard.css HTTP/1.1" 200 73081
202.8.43.108 - - [10/Jan/2025:00:03:33 +0100] "GET /ticket2/opencms/system/modules/com.gridnine.opencms.ticketbrokerage.site/resources/css/ticketbrokerage.css HTTP/1.1" 200 39339
202.8.43.108 - - [10/Jan/2025:00:03:33 +0100] "GET /ticket2/opencms/system/modules/com.gridnine.opencms.ticketbrokerage.site/resources/css/jquery.fancybox.css HTTP/1.1" 200 4939
202.8.43.108 - - [10/Jan/2025:00:03:33 +0100] "GET /ticket2/opencms/system/modules/com.gridnine.opencms.ticketbrokerage.site/resources/js/jquery/jquery.js HTTP/1.1" 200 93868
202.8.43.108 - - [10/Jan/2025:00:03:33 +0100] "GET /ticket2/opencms/system/modules/com.gridnine.opencms.ticketbrokerage.site/resources/js/jquery/jquery-ui.js HTTP/1.1" 200 228088
202.8.43.108 - - [10/Jan/2025:00:03:33 +0100] "GET /ticket2/opencms/system/modules/com.gridnine.opencms.ticketbrokerage.site/resources/js/functions.js HTTP/1.1" 200 1583
202.8.43.108 - - [10/Jan/2025:00:03:33 +0100] "GET /ticket2/opencms/system/modules/com.gridnine.opencms.ticketbrokerage.site/resources/js/calendar.js HTTP/1.1" 200 49229
202.8.43.108 - - [10/Jan/2025:00:03:33 +0100] "GET /ticket2/opencms/system/modules/com.gridnine.opencms.ticketbrokerage.site/resources/js/calendar-en.js HTTP/1.1" 200 3338
202.8.43.108 - - [10/Jan/2025:00:03:33 +0100] "GET /ticket2/opencms/system/modules/com.gridnine.opencms.ticketbrokerage.site/resources/js/calendar-setup.js HTTP/1.1" 200 4923
202.8.43.108 - - [10/Jan/2025:00:03:33 +0100] "GET /ticket2/opencms/system/modules/com.gridnine.opencms.ticketbrokerage.site/resources/js/jquery.fancybox.pack.js HTTP/1.1" 200 23187
202.8.43.108 - - [10/Jan/2025:00:03:33 +0100] "GET /ticket2/opencms/system/modules/com.gridnine.opencms.ticketbrokerage.site/resources/js/stickyfill.min.js HTTP/1.1" 200 5672
202.8.43.108 - - [10/Jan/2025:00:03:33 +0100] "GET /ticket2/opencms/system/modules/com.gridnine.opencms.ticketbrokerage.site/resources/js/standard.js HTTP/1.1" 200 3978
202.8.43.108 - - [10/Jan/2025:00:03:34 +0100] "GET /ticket2/opencms/system/modules/com.gridnine.opencms.ticketbrokerage.site/resources/js/jquery.placeholder.min.js HTTP/1.1" 200 1737
202.8.43.108 - - [10/Jan/2025:00:03:34 +0100] "GET /ticket2/opencms/system/modules/com.gridnine.opencms.ticketbrokerage.site/resources/js/common-ajax.js HTTP/1.1" 200 20175
202.8.43.108 - - [10/Jan/2025:00:03:34 +0100] "GET /ticket2/opencms/sv/ask-form.html HTTP/1.1" 200 2950
114.119.130.178 - - [10/Jan/2025:00:03:34 +0100] "GET /ticket2/opencms/en/sell/?edid=F45DD25D-A755-0DD0-7D1E-67A5B8BC201E HTTP/1.1" 302 -
66.249.64.46 - - [10/Jan/2025:00:03:35 +0100] "GET /ticket2/opencms/no/magazine/article?title=ipswichs-forste-seier-i-premier-league-pa-22-ar HTTP/1.1" 200 93187
47.128.96.245 - - [10/Jan/2025:00:03:35 +0100] "GET /ticket2/opencms/sk/buy/?edid=51141EB3-B375-D16D-CA84-E949B19945AA HTTP/1.1" 200 92640
114.119.130.178 - - [10/Jan/2025:00:03:38 +0100] "GET /ticket2/opencms/en/login/?url=/en/sell/ HTTP/1.1" 200 89764
37.187.73.123 - - [10/Jan/2025:00:03:38 +0100] "GET /ticket2/opencms/ka/buy/?page=1&edid=EB31C882-2BE6-C517-726C-D721EBC90088 HTTP/1.1" 200 119097
47.128.28.139 - - [10/Jan/2025:00:03:40 +0100] "GET /ticket2/opencms/dk/faq HTTP/1.1" 200 92566
47.128.28.139 - - [10/Jan/2025:00:03:41 +0100] "GET /ticket2/opencms/system/modules/com.gridnine.opencms.ticketbrokerage.site/resources/css/images/event-banner.png HTTP/1.1" 404 -
47.128.28.139 - - [10/Jan/2025:00:03:41 +0100] "GET /ticket2/opencms/system/modules/com.gridnine.opencms.ticketbrokerage.site/resources/pics/content/faq_dk.png HTTP/1.1" 200 19524
65.21.113.194 - - [10/Jan/2025:00:03:42 +0100] "GET /ticket2/opencms/sr/buy/?page=1&edid=7F2B1FEA-20FE-7448-32AC-111154CA401B HTTP/1.1" 200 137917
37.187.73.123 - - [10/Jan/2025:00:03:44 +0100] "GET /ticket2/opencms/ka/buy/?page=1&edid=EB4DE1F4-F429-D890-6213-A5B01648901D HTTP/1.1" 200 118563
114.119.138.214 - - [10/Jan/2025:00:03:48 +0100] "GET /ticket2/opencms/en/venue/?venueid=8D532909-C41C-2A7C-5336-DE83887C261B HTTP/1.1" 200 85058
37.187.73.123 - - [10/Jan/2025:00:03:48 +0100] "GET /ticket2/opencms/ka/buy/?page=1&edid=EBF1342E-BB1A-F042-231F-198A898B67BA HTTP/1.1" 200 128680
37.187.73.123 - - [10/Jan/2025:00:03:51 +0100] "GET /ticket2/opencms/ka/buy/?page=1&edid=EC2BC309-3510-AA04-CA0C-F3088D5C1D31 HTTP/1.1" 200 131292
65.21.113.194 - - [10/Jan/2025:00:03:56 +0100] "GET /ticket2/opencms/sr/buy/?page=1&edid=7F8DD7AE-C02D-DBD7-A437-1943525E7DF2 HTTP/1.1" 200 136750
37.187.73.123 - - [10/Jan/2025:00:03:59 +0100] "GET /ticket2/opencms/ka/buy/?page=1&edid=EC2D4B4A-A0C7-0522-F532-8706D9BB8618 HTTP/1.1" 200 142835
52.167.144.160 - - [10/Jan/2025:00:04:06 +0100] "GET /ticket2/opencms/hr/?page=6&comcatid=A17713B6-D984-201A-4143-ED4DB5ED5C2E&catid=573B7747-EE85-D769-C87D-F3F61FB64AA5 HTTP/1.1" 200 100886
65.21.113.194 - - [10/Jan/2025:00:04:06 +0100] "GET /ticket2/opencms/sr/buy/?page=1&edid=8085E80D-BC8F-CDCF-7CC8-2F497FE082D3 HTTP/1.1" 200 138050
37.187.73.123 - - [10/Jan/2025:00:04:08 +0100] "GET /ticket2/opencms/ka/buy/?page=1&edid=EC9F155C-D7A4-D175-1C63-F69B97D44FFB HTTP/1.1" 200 139603
207.46.13.107 - - [10/Jan/2025:00:04:09 +0100] "GET /ticket2/opencms/es/buy?page=1&edid=EA816F6B-6A1D-732A-7451-ECC7162E72C9 HTTP/1.1" 200 113029
207.46.13.107 - - [10/Jan/2025:00:04:10 +0100] "GET /ticket2/opencms/el/buy?page=1&edid=E0AE80B3-D973-1C4A-1E4A-4F34E588C3A0 HTTP/1.1" 200 113525
111.119.210.246 - - [10/Jan/2025:00:04:11 +0100] "GET /ticket2/opencms/uk/magazine/article?title=manchester-city-wins-the-premier-league HTTP/1.1" 200 92913
52.167.144.138 - - [10/Jan/2025:00:04:14 +0100] "GET /ticket2/opencms/de/buy?page=1&edid=58191E9F-859F-D479-F3B3-FBCE20F76FBB HTTP/1.1" 200 111620
82.99.19.69 - - [10/Jan/2025:00:04:17 +0100] "GET /ticket2/opencms/sv/buy/?page=1&edid=E1CACBEB-5FB5-F359-D95F-1110648BB53A HTTP/1.1" 200 136101
82.99.19.69 - - [10/Jan/2025:00:04:18 +0100] "GET /ticket2/opencms/system/modules/com.gridnine.opencms.ticketbrokerage.site/resources/css/calendar.css HTTP/1.1" 200 6871
82.99.19.69 - - [10/Jan/2025:00:04:18 +0100] "GET /ticket2/opencms/system/modules/com.gridnine.opencms.ticketbrokerage.site/resources/css/ticketbrokerage.css HTTP/1.1" 200 39339
82.99.19.69 - - [10/Jan/2025:00:04:18 +0100] "GET /ticket2/opencms/system/modules/com.gridnine.opencms.ticketbrokerage.site/resources/css/standard.css HTTP/1.1" 200 73081
82.99.19.69 - - [10/Jan/2025:00:04:18 +0100] "GET /ticket2/opencms/system/modules/com.gridnine.opencms.ticketbrokerage.site/resources/js/functions.js HTTP/1.1" 200 1583
82.99.19.69 - - [10/Jan/2025:00:04:18 +0100] "GET /ticket2/opencms/system/modules/com.gridnine.opencms.ticketbrokerage.site/resources/js/calendar-en.js HTTP/1.1" 200 3338
82.99.19.69 - - [10/Jan/2025:00:04:18 +0100] "GET /ticket2/opencms/system/modules/com.gridnine.opencms.ticketbrokerage.site/resources/js/calendar.js HTTP/1.1" 200 49229
82.99.19.69 - - [10/Jan/2025:00:04:18 +0100] "GET /ticket2/opencms/system/modules/com.gridnine.opencms.ticketbrokerage.site/resources/js/calendar-setup.js HTTP/1.1" 200 4923
82.99.19.69 - - [10/Jan/2025:00:04:18 +0100] "GET /ticket2/opencms/system/modules/com.gridnine.opencms.ticketbrokerage.site/resources/js/standard.js HTTP/1.1" 200 3978
82.99.19.69 - - [10/Jan/2025:00:04:18 +0100] "GET /ticket2/opencms/sv/ask-form.html HTTP/1.1" 200 2950
82.99.19.69 - - [10/Jan/2025:00:04:18 +0100] "GET /ticket2/opencms/system/modules/com.gridnine.opencms.ticketbrokerage.site/resources/css/ticketbrokerage.css HTTP/1.1" 200 39339
37.187.73.123 - - [10/Jan/2025:00:04:19 +0100] "GET /ticket2/opencms/ka/buy/?page=1&edid=ED6B033E-FAAE-D3A6-3006-A43EA8437C62 HTTP/1.1" 200 123681
66.249.76.132 - - [10/Jan/2025:00:04:22 +0100] "GET /ticket2/opencms/fi/magazine/article?title=michail-antonio-loukkaantui-autokolarissa HTTP/1.1" 200 93457
65.21.113.194 - - [10/Jan/2025:00:04:24 +0100] "GET /ticket2/opencms/sr/buy/?page=1&edid=81CABF18-BA6D-C79B-B74D-94D66EB07C86 HTTP/1.1" 200 136733
66.249.64.162 - - [10/Jan/2025:00:04:24 +0100] "GET /ticket2/opencms/sv/magazine/article?title=nio-segrar-pa-tio-matcher HTTP/1.1" 200 91684
37.187.73.123 - - [10/Jan/2025:00:04:24 +0100] "GET /ticket2/opencms/ka/buy/?page=1&edid=EDCAEF56-BB28-CA21-E73A-84906B6960A7 HTTP/1.1" 200 118442
37.187.73.123 - - [10/Jan/2025:00:04:29 +0100] "GET /ticket2/opencms/ka/buy/?page=1&edid=EFCA122E-EFD5-12F8-6F83-6930A0BC1F37 HTTP/1.1" 200 131217
66.249.64.32 - - [10/Jan/2025:00:04:29 +0100] "GET /ticket2/opencms/fr/magazine/article?title=victor-gyokeres-peut-il-quitter-le-sporting-plus-tot-que-prevu HTTP/1.1" 200 93843
37.187.73.123 - - [10/Jan/2025:00:04:33 +0100] "GET /ticket2/opencms/ka/buy/?page=1&edid=F03BC80C-51C9-D5C8-6DEC-FA800785943C HTTP/1.1" 200 118831
65.21.113.194 - - [10/Jan/2025:00:04:34 +0100] "GET /ticket2/opencms/sr/buy/?page=1&edid=85FEE197-56BE-9C34-A3B3-D08AF509D2AB HTTP/1.1" 200 136478
37.187.73.123 - - [10/Jan/2025:00:04:36 +0100] "GET /ticket2/opencms/ka/buy/?page=1&edid=F056D8D3-0A78-F8DD-AF89-486FA1EA1B58 HTTP/1.1" 200 125444
207.46.13.107 - - [10/Jan/2025:00:04:37 +0100] "GET /ticket2/opencms/nl/buy/?page=1&edid=12ACB34A-BBB3-F801-5DD6-AEBE7A59BBA4 HTTP/1.1" 200 110739
85.208.96.205 - - [10/Jan/2025:00:04:39 +0100] "GET /ticket2/opencms/mo/magazine/article?title=luka-modric-fica-no-real-madrid HTTP/1.1" 200 94004
37.187.73.123 - - [10/Jan/2025:00:04:40 +0100] "GET /ticket2/opencms/ka/buy/?page=1&edid=F0EFBD65-77E6-B7AA-81F6-50717F1EFF56 HTTP/1.1" 200 115462
65.21.113.194 - - [10/Jan/2025:00:04:42 +0100] "GET /ticket2/opencms/sr/buy/?page=1&edid=86A7D428-8E42-C0D0-846E-90C83426D4AE HTTP/1.1" 200 125736
85.208.96.194 - - [10/Jan/2025:00:04:43 +0100] "GET /ticket2/opencms/de/magazine/article?title=joao-palhinha-zu-bayern-munchen-eine-neue-mittelfeldkraft-kommt-in-die-allianz-arena HTTP/1.1" 200 95723
37.187.73.123 - - [10/Jan/2025:00:04:46 +0100] "GET /ticket2/opencms/lt/buy/?page=1&edid=B98837D3-1E81-8A8C-D0BB-1E445F8B9795 HTTP/1.1" 200 112819
65.21.113.194 - - [10/Jan/2025:00:04:50 +0100] "GET /ticket2/opencms/sr/buy/?page=1&edid=8A787324-CD72-C476-64CB-87071CD71C2F HTTP/1.1" 200 136870
37.187.73.123 - - [10/Jan/2025:00:04:52 +0100] "GET /ticket2/opencms/lt/buy/?page=1&edid=BE388851-096B-2B4D-C281-DAEB16275376 HTTP/1.1" 200 112857
37.187.73.123 - - [10/Jan/2025:00:04:56 +0100] "GET /ticket2/opencms/lt/buy/?page=1&edid=BE765CF2-E26F-2AA1-7F08-B0402508BB0C HTTP/1.1" 200 109959
45.156.128.43 - - [10/Jan/2025:00:04:58 +0100] "GET /ticket2/opencms/de/ HTTP/1.1" 200 100439
65.21.113.194 - - [10/Jan/2025:00:04:59 +0100] "GET /ticket2/opencms/robots.txt HTTP/1.1" 200 773
65.21.113.194 - - [10/Jan/2025:00:05:00 +0100] "GET /ticket2/opencms/sr/buy/?page=1&edid=8D58C9DD-E967-B351-A76A-68EF419B5A93 HTTP/1.1" 200 131760
37.187.73.123 - - [10/Jan/2025:00:05:00 +0100] "GET /ticket2/opencms/lt/buy/?page=1&edid=BE9D8283-8353-3049-DA1C-50EC3CD6221D HTTP/1.1" 200 113268
37.187.73.123 - - [10/Jan/2025:00:05:03 +0100] "GET /ticket2/opencms/lt/buy/?page=1&edid=BF8D38D6-BFC5-94DC-F957-47D6FB3C9AF0 HTTP/1.1" 200 109245
54.36.148.198 - - [10/Jan/2025:00:05:03 +0100] "GET /ticket2/opencms/mt/buy?page=1&edid=ABE0D196-5A84-0064-2AAA-8BE846913E3B HTTP/1.1" 200 136699
202.8.42.8 - - [10/Jan/2025:00:05:05 +0100] "GET /ticket2/opencms/system/modules/com.gridnine.opencms.ticketbrokerage.site/resources/css/calendar.css HTTP/1.1" 200 6871
202.8.42.8 - - [10/Jan/2025:00:05:05 +0100] "GET /ticket2/opencms/system/modules/com.gridnine.opencms.ticketbrokerage.site/resources/css/jquery-ui.css HTTP/1.1" 200 33221
202.8.42.8 - - [10/Jan/2025:00:05:05 +0100] "GET /ticket2/opencms/system/modules/com.gridnine.opencms.ticketbrokerage.site/resources/css/ticketbrokerage.css HTTP/1.1" 200 39339
202.8.42.8 - - [10/Jan/2025:00:05:05 +0100] "GET /ticket2/opencms/system/modules/com.gridnine.opencms.ticketbrokerage.site/resources/css/jquery.fancybox.css HTTP/1.1" 200 4939
202.8.42.8 - - [10/Jan/2025:00:05:05 +0100] "GET /ticket2/opencms/system/modules/com.gridnine.opencms.ticketbrokerage.site/resources/css/standard.css HTTP/1.1" 200 73081
202.8.42.8 - - [10/Jan/2025:00:05:05 +0100] "GET /ticket2/opencms/system/modules/com.gridnine.opencms.ticketbrokerage.site/resources/js/jquery/jquery-ui.js HTTP/1.1" 200 228088
202.8.42.8 - - [10/Jan/2025:00:05:05 +0100] "GET /ticket2/opencms/system/modules/com.gridnine.opencms.ticketbrokerage.site/resources/js/functions.js HTTP/1.1" 200 1583
202.8.42.8 - - [10/Jan/2025:00:05:05 +0100] "GET /ticket2/opencms/system/modules/com.gridnine.opencms.ticketbrokerage.site/resources/js/calendar.js HTTP/1.1" 200 49229
202.8.42.8 - - [10/Jan/2025:00:05:05 +0100] "GET /ticket2/opencms/system/modules/com.gridnine.opencms.ticketbrokerage.site/resources/js/calendar-en.js HTTP/1.1" 200 3338
202.8.42.8 - - [10/Jan/2025:00:05:05 +0100] "GET /ticket2/opencms/system/modules/com.gridnine.opencms.ticketbrokerage.site/resources/js/jquery/jquery.js HTTP/1.1" 200 93868
202.8.42.8 - - [10/Jan/2025:00:05:05 +0100] "GET /ticket2/opencms/system/modules/com.gridnine.opencms.ticketbrokerage.site/resources/js/calendar-setup.js HTTP/1.1" 200 4923
202.8.42.8 - - [10/Jan/2025:00:05:05 +0100] "GET /ticket2/opencms/system/modules/com.gridnine.opencms.ticketbrokerage.site/resources/js/stickyfill.min.js HTTP/1.1" 200 5672
202.8.42.8 - - [10/Jan/2025:00:05:05 +0100] "GET /ticket2/opencms/system/modules/com.gridnine.opencms.ticketbrokerage.site/resources/js/jquery.fancybox.pack.js HTTP/1.1" 200 23187
202.8.42.8 - - [10/Jan/2025:00:05:05 +0100] "GET /ticket2/opencms/system/modules/com.gridnine.opencms.ticketbrokerage.site/resources/js/standard.js HTTP/1.1" 200 3978
202.8.42.8 - - [10/Jan/2025:00:05:05 +0100] "GET /ticket2/opencms/system/modules/com.gridnine.opencms.ticketbrokerage.site/resources/js/jquery.placeholder.min.js HTTP/1.1" 200 1737
202.8.42.8 - - [10/Jan/2025:00:05:05 +0100] "GET /ticket2/opencms/system/modules/com.gridnine.opencms.ticketbrokerage.site/resources/js/common-ajax.js HTTP/1.1" 200 20175
202.8.42.8 - - [10/Jan/2025:00:05:05 +0100] "GET /ticket2/opencms/mt/ask-form.html HTTP/1.1" 200 3156
202.8.42.8 - - [10/Jan/2025:00:05:05 +0100] "GET /ticket2/opencms/mt/ask-form.html HTTP/1.1" 200 3156
202.8.42.8 - - [10/Jan/2025:00:05:05 +0100] "GET /ticket2/opencms/system/modules/com.gridnine.opencms.ticketbrokerage.site/resources/css/ticketbrokerage.css HTTP/1.1" 200 39339
202.8.42.8 - - [10/Jan/2025:00:05:06 +0100] "GET /ticket2/opencms/system/modules/com.gridnine.opencms.ticketbrokerage.site/resources/js/standard.js HTTP/1.1" 200 3978
37.187.73.123 - - [10/Jan/2025:00:05:07 +0100] "GET /ticket2/opencms/lt/buy/?page=1&edid=BFE72954-2A70-2A16-94D9-4D26476203BB HTTP/1.1" 200 109904
37.187.73.123 - - [10/Jan/2025:00:05:09 +0100] "GET /ticket2/opencms/lt/buy/?page=1&edid=C019DBB8-FF11-8C7C-90B0-E1EB2510B252 HTTP/1.1" 200 113261
52.167.144.138 - - [10/Jan/2025:00:05:13 +0100] "GET /ticket2/opencms/hu/buy?page=6&comcatid=A17713B6-D984-201A-4143-ED4DB5ED5C2E&catid=06324577-7173-BAB0-146D-E644C912F7C1&eventid=98E4EE5B-2FEF-B0A7-2AB8-16B16B7EEE99 HTTP/1.1" 200 6410
37.187.73.123 - - [10/Jan/2025:00:05:14 +0100] "GET /ticket2/opencms/lt/buy/?page=1&edid=C05AA481-967A-A4D1-E287-ECBF3F52D776 HTTP/1.1" 200 113305
114.119.141.178 - - [10/Jan/2025:00:05:14 +0100] "GET /ticket2/opencms/en/buy/?page=1&edid=8D01C916-357E-FA54-5633-1AB3A280726B HTTP/1.1" 200 110615
65.21.113.194 - - [10/Jan/2025:00:05:15 +0100] "GET /ticket2/opencms/sr/buy/?page=1&edid=8D916C6C-0A69-41F7-4678-427710F013C6 HTTP/1.1" 200 139589
37.187.73.123 - - [10/Jan/2025:00:05:19 +0100] "GET /ticket2/opencms/lt/buy/?page=1&edid=C1B4DE4D-4494-9BEC-4210-90FDC1962906 HTTP/1.1" 200 113224
207.46.13.107 - - [10/Jan/2025:00:05:19 +0100] "GET /ticket2/opencms/mt/buy?page=1&edid=5e608c7a-903b-e4bb-4868-5d83917347b8 HTTP/1.1" 200 8134
37.187.73.123 - - [10/Jan/2025:00:05:22 +0100] "GET /ticket2/opencms/lt/buy/?page=1&edid=C38C9EAF-E0B0-6534-4013-4D91325C6AD1 HTTP/1.1" 200 109919
85.208.96.207 - - [10/Jan/2025:00:05:26 +0100] "GET /ticket2/opencms/sv/sport/ HTTP/1.1" 200 95185
85.208.96.207 - - [10/Jan/2025:00:05:28 +0100] "GET /ticket2/opencms/lt/sport/futbolo-bilietai/la-liga/villareal HTTP/1.1" 200 101425
37.187.73.123 - - [10/Jan/2025:00:05:29 +0100] "GET /ticket2/opencms/lt/buy/?page=1&edid=C3F8785D-23A5-4B26-442F-40215DF06D66 HTTP/1.1" 200 113097
85.208.96.193 - - [10/Jan/2025:00:05:31 +0100] "GET /ticket2/opencms/de/sport/fussball-tickets/serie_a/salernitana/ HTTP/1.1" 200 96350
37.187.73.123 - - [10/Jan/2025:00:05:32 +0100] "GET /ticket2/opencms/lt/buy/?page=1&edid=C6D4CC33-AAEC-647E-DD83-3DF39108FACF HTTP/1.1" 200 109931
66.249.76.160 - - [10/Jan/2025:00:05:33 +0100] "GET /ticket2/opencms/az/magazine/article?title=manchester-city-tenezzul-riski-ile-uzlesir HTTP/1.1" 200 92210
37.187.73.123 - - [10/Jan/2025:00:05:37 +0100] "GET /ticket2/opencms/lt/buy/?page=1&edid=C8C840D6-311D-B766-15D7-39B5A0F3C6FE HTTP/1.1" 200 113293
37.187.73.123 - - [10/Jan/2025:00:05:44 +0100] "GET /ticket2/opencms/lt/buy/?page=1&edid=D26CE87D-3D36-4995-7255-CD274E3D4B38 HTTP/1.1" 200 113213
37.187.73.123 - - [10/Jan/2025:00:05:46 +0100] "GET /ticket2/opencms/lt/buy/?page=1&edid=D99ADA8F-DD19-1ED8-19FA-1322A123D964 HTTP/1.1" 200 109992
37.187.73.123 - - [10/Jan/2025:00:05:50 +0100] "GET /ticket2/opencms/lt/buy/?page=1&edid=D9B6DEA1-0C13-FA80-469E-162654611A15 HTTP/1.1" 200 119337
65.21.113.194 - - [10/Jan/2025:00:05:52 +0100] "GET /ticket2/opencms/sr/buy/?page=1&edid=8E8E9404-172C-6C57-7F68-EAFC3F95D1AC HTTP/1.1" 200 137865
185.191.171.17 - - [10/Jan/2025:00:05:53 +0100] "GET /ticket2/opencms/et/magazine/article?title=pep-guardiola-jalgpallirevolutsioon-taktikalise-meistri-moju HTTP/1.1" 200 94213
47.128.24.252 - - [10/Jan/2025:00:05:53 +0100] "GET /ticket2/opencms/az/buy/?edid=A4CA2F1E-95F7-CE47-5A50-DF7E2BC18D85 HTTP/1.1" 200 92817
65.21.113.194 - - [10/Jan/2025:00:05:58 +0100] "GET /ticket2/opencms/sr/buy/?page=1&edid=8EDDEFFC-C774-BA86-C4CF-809A20DBCDCB HTTP/1.1" 200 123584
185.191.171.8 - - [10/Jan/2025:00:05:58 +0100] "GET /ticket2/opencms/bg/magazine/article?title=fulum-fk HTTP/1.1" 200 94161
65.21.113.194 - - [10/Jan/2025:00:06:01 +0100] "GET /ticket2/opencms/sr/buy/?page=1&edid=8EF7EC9D-9BC8-1DEC-C27C-0541D5C5F471 HTTP/1.1" 200 128838
185.191.171.13 - - [10/Jan/2025:00:06:02 +0100] "GET /ticket2/opencms/tr/magazine/article?title=lionel-messi-tum-zamanlarin-en-cok-aranan-yeteneklerinden-biri HTTP/1.1" 200 93798
47.128.41.164 - - [10/Jan/2025:00:06:04 +0100] "GET /ticket2/opencms/fi/venue/?venueid=B8FCE929-249C-C67B-84CE-487EF2E25D2B HTTP/1.1" 200 86518
65.21.113.194 - - [10/Jan/2025:00:06:05 +0100] "GET /ticket2/opencms/sr/buy/?page=1&edid=8F340A1C-D664-7FDD-8257-FE31525DAB7C HTTP/1.1" 200 137773
51.174.68.120 - - [10/Jan/2025:00:06:05 +0100] "GET /ticket2/opencms/no/sport/fotballsbilletter/premier_league/arsenal/?gad_source=1&gclid=CjwKCAiAhP67BhAVEiwA2E_9g-o4JitMHx0HcGtVkhYNyAn6JnP1HFOvR49kUO1iHVoO4OmNwgjfphoCM90QAvD_BwE HTTP/1.1" 200 95795
51.174.68.120 - - [10/Jan/2025:00:06:05 +0100] "GET /ticket2/opencms/system/modules/com.gridnine.opencms.ticketbrokerage.site/resources/css/ticketbrokerage.css HTTP/1.1" 200 39339
51.174.68.120 - - [10/Jan/2025:00:06:05 +0100] "GET /ticket2/opencms/system/modules/com.gridnine.opencms.ticketbrokerage.site/resources/css/calendar.css HTTP/1.1" 200 6871
51.174.68.120 - - [10/Jan/2025:00:06:05 +0100] "GET /ticket2/opencms/system/modules/com.gridnine.opencms.ticketbrokerage.site/resources/css/jquery-ui.css HTTP/1.1" 200 33221
51.174.68.120 - - [10/Jan/2025:00:06:05 +0100] "GET /ticket2/opencms/system/modules/com.gridnine.opencms.ticketbrokerage.site/resources/css/jquery.fancybox.css HTTP/1.1" 200 4939
51.174.68.120 - - [10/Jan/2025:00:06:05 +0100] "GET /ticket2/opencms/system/modules/com.gridnine.opencms.ticketbrokerage.site/resources/js/functions.js HTTP/1.1" 200 1583
51.174.68.120 - - [10/Jan/2025:00:06:05 +0100] "GET /ticket2/opencms/system/modules/com.gridnine.opencms.ticketbrokerage.site/resources/js/jquery/jquery-ui.js HTTP/1.1" 200 228088
51.174.68.120 - - [10/Jan/2025:00:06:05 +0100] "GET /ticket2/opencms/system/modules/com.gridnine.opencms.ticketbrokerage.site/resources/js/jquery/jquery.js HTTP/1.1" 200 93868
51.174.68.120 - - [10/Jan/2025:00:06:05 +0100] "GET /ticket2/opencms/system/modules/com.gridnine.opencms.ticketbrokerage.site/resources/css/standard.css HTTP/1.1" 200 73081
51.174.68.120 - - [10/Jan/2025:00:06:05 +0100] "GET /ticket2/opencms/system/modules/com.gridnine.opencms.ticketbrokerage.site/resources/js/calendar.js HTTP/1.1" 200 49229
51.174.68.120 - - [10/Jan/2025:00:06:05 +0100] "GET /ticket2/opencms/system/modules/com.gridnine.opencms.ticketbrokerage.site/resources/js/calendar-en.js HTTP/1.1" 200 3338
51.174.68.120 - - [10/Jan/2025:00:06:05 +0100] "GET /ticket2/opencms/system/modules/com.gridnine.opencms.ticketbrokerage.site/resources/js/calendar-setup.js HTTP/1.1" 200 4923
51.174.68.120 - - [10/Jan/2025:00:06:05 +0100] "GET /ticket2/opencms/system/modules/com.gridnine.opencms.ticketbrokerage.site/resources/js/jquery.fancybox.pack.js HTTP/1.1" 200 23187
51.174.68.120 - - [10/Jan/2025:00:06:05 +0100] "GET /ticket2/opencms/system/modules/com.gridnine.opencms.ticketbrokerage.site/resources/js/stickyfill.min.js HTTP/1.1" 200 5672
51.174.68.120 - - [10/Jan/2025:00:06:06 +0100] "GET /ticket2/opencms/system/modules/com.gridnine.opencms.ticketbrokerage.site/resources/js/jquery.placeholder.min.js HTTP/1.1" 200 1737
51.174.68.120 - - [10/Jan/2025:00:06:06 +0100] "GET /ticket2/opencms/system/modules/com.gridnine.opencms.ticketbrokerage.site/resources/js/standard.js HTTP/1.1" 200 3978
51.174.68.120 - - [10/Jan/2025:00:06:06 +0100] "GET /ticket2/opencms/system/modules/com.gridnine.opencms.ticketbrokerage.site/resources/js/common-ajax.js HTTP/1.1" 200 20175
51.174.68.120 - - [10/Jan/2025:00:06:06 +0100] "GET /ticket2/opencms/system/modules/com.gridnine.opencms.ticketbrokerage.site/resources/pics/logo-new.png HTTP/1.1" 200 13541
51.174.68.120 - - [10/Jan/2025:00:06:06 +0100] "GET /ticket2/opencms/img/insta.png HTTP/1.1" 200 3967
51.174.68.120 - - [10/Jan/2025:00:06:06 +0100] "GET /ticket2/opencms/img/fb.png HTTP/1.1" 200 1269
51.174.68.120 - - [10/Jan/2025:00:06:06 +0100] "GET /ticket2/opencms/system/modules/com.gridnine.opencms.ticketbrokerage.site/resources/pics/banners/arsenal.png HTTP/1.1" 200 13545
51.174.68.120 - - [10/Jan/2025:00:06:06 +0100] "GET /ticket2/opencms/system/modules/com.gridnine.opencms.ticketbrokerage.site/resources/pics/footer-img.jpg HTTP/1.1" 200 67642
51.174.68.120 - - [10/Jan/2025:00:06:06 +0100] "GET /ticket2/opencms/img/check.png HTTP/1.1" 200 548
51.174.68.120 - - [10/Jan/2025:00:06:06 +0100] "GET /ticket2/opencms/img/mail.png HTTP/1.1" 200 403
51.174.68.120 - - [10/Jan/2025:00:06:06 +0100] "GET /ticket2/opencms/img/arrow.png HTTP/1.1" 200 753
51.174.68.120 - - [10/Jan/2025:00:06:06 +0100] "GET /ticket2/opencms/img/chat.png HTTP/1.1" 200 416
51.174.68.120 - - [10/Jan/2025:00:06:07 +0100] "GET /ticket2/opencms/img/icons/en.png HTTP/1.1" 200 2415
51.174.68.120 - - [10/Jan/2025:00:06:07 +0100] "GET /ticket2/opencms/img/icons/globe-white.png HTTP/1.1" 200 947
51.174.68.120 - - [10/Jan/2025:00:06:07 +0100] "GET /ticket2/opencms/img/icons/se.png HTTP/1.1" 200 1258
51.174.68.120 - - [10/Jan/2025:00:06:07 +0100] "GET /ticket2/opencms/img/icons/fi.png HTTP/1.1" 200 1785
51.174.68.120 - - [10/Jan/2025:00:06:07 +0100] "GET /ticket2/opencms/img/icons/no.png HTTP/1.1" 200 1958
51.174.68.120 - - [10/Jan/2025:00:06:07 +0100] "GET /ticket2/opencms/img/icons/dk.png HTTP/1.1" 200 1706
51.174.68.120 - - [10/Jan/2025:00:06:07 +0100] "GET /ticket2/opencms/img/icons/nl.png HTTP/1.1" 200 1255
51.174.68.120 - - [10/Jan/2025:00:06:07 +0100] "GET /ticket2/opencms/img/icons/de.png HTTP/1.1" 200 1124
51.174.68.120 - - [10/Jan/2025:00:06:07 +0100] "GET /ticket2/opencms/img/icons/fr.png HTTP/1.1" 200 1764
51.174.68.120 - - [10/Jan/2025:00:06:07 +0100] "GET /ticket2/opencms/img/icons/es.png HTTP/1.1" 200 1005
51.174.68.120 - - [10/Jan/2025:00:06:08 +0100] "GET /ticket2/opencms/img/icons/it.png HTTP/1.1" 200 2040
51.174.68.120 - - [10/Jan/2025:00:06:08 +0100] "GET /ticket2/opencms/img/icons/pl.png HTTP/1.1" 200 1578
51.174.68.120 - - [10/Jan/2025:00:06:08 +0100] "GET /ticket2/opencms/img/icons/sq.png HTTP/1.1" 200 1619
51.174.68.120 - - [10/Jan/2025:00:06:08 +0100] "GET /ticket2/opencms/img/icons/az.png HTTP/1.1" 200 1445
51.174.68.120 - - [10/Jan/2025:00:06:08 +0100] "GET /ticket2/opencms/img/icons/be.png HTTP/1.1" 200 1663
51.174.68.120 - - [10/Jan/2025:00:06:08 +0100] "GET /ticket2/opencms/img/icons/bs.png HTTP/1.1" 200 1014
51.174.68.120 - - [10/Jan/2025:00:06:08 +0100] "GET /ticket2/opencms/img/icons/bg.png HTTP/1.1" 200 788
51.174.68.120 - - [10/Jan/2025:00:06:08 +0100] "GET /ticket2/opencms/img/icons/hr.png HTTP/1.1" 200 2024
51.174.68.120 - - [10/Jan/2025:00:06:08 +0100] "GET /ticket2/opencms/img/icons/cs.png HTTP/1.1" 200 1883
51.174.68.120 - - [10/Jan/2025:00:06:08 +0100] "GET /ticket2/opencms/img/icons/et.png HTTP/1.1" 200 754
51.174.68.120 - - [10/Jan/2025:00:06:08 +0100] "GET /ticket2/opencms/img/icons/el.png HTTP/1.1" 200 1637
51.174.68.120 - - [10/Jan/2025:00:06:08 +0100] "GET /ticket2/opencms/img/icons/ka.png HTTP/1.1" 200 860
51.174.68.120 - - [10/Jan/2025:00:06:08 +0100] "GET /ticket2/opencms/img/icons/hu.png HTTP/1.1" 200 733
51.174.68.120 - - [10/Jan/2025:00:06:08 +0100] "GET /ticket2/opencms/img/icons/is.png HTTP/1.1" 200 1884
51.174.68.120 - - [10/Jan/2025:00:06:08 +0100] "GET /ticket2/opencms/img/icons/ga.png HTTP/1.1" 200 1759
51.174.68.120 - - [10/Jan/2025:00:06:08 +0100] "GET /ticket2/opencms/img/icons/lv.png HTTP/1.1" 200 716
51.174.68.120 - - [10/Jan/2025:00:06:08 +0100] "GET /ticket2/opencms/img/icons/lt.png HTTP/1.1" 200 733
51.174.68.120 - - [10/Jan/2025:00:06:08 +0100] "GET /ticket2/opencms/img/icons/mt.png HTTP/1.1" 200 920
51.174.68.120 - - [10/Jan/2025:00:06:08 +0100] "GET /ticket2/opencms/img/icons/mo.png HTTP/1.1" 200 1468
51.174.68.120 - - [10/Jan/2025:00:06:08 +0100] "GET /ticket2/opencms/img/icons/ro.png HTTP/1.1" 200 1393
51.174.68.120 - - [10/Jan/2025:00:06:08 +0100] "GET /ticket2/opencms/img/icons/sr.png HTTP/1.1" 200 1602
51.174.68.120 - - [10/Jan/2025:00:06:08 +0100] "GET /ticket2/opencms/img/icons/sk.png HTTP/1.1" 200 1283
51.174.68.120 - - [10/Jan/2025:00:06:08 +0100] "GET /ticket2/opencms/img/icons/sl.png HTTP/1.1" 200 966
51.174.68.120 - - [10/Jan/2025:00:06:08 +0100] "GET /ticket2/opencms/img/icons/uk.png HTTP/1.1" 200 1272
51.174.68.120 - - [10/Jan/2025:00:06:08 +0100] "GET /ticket2/opencms/img/icons/tr.png HTTP/1.1" 200 1636
51.174.68.120 - - [10/Jan/2025:00:06:08 +0100] "GET /ticket2/opencms/img/icons/ticket2.thumbnail.png HTTP/1.1" 200 21519
51.174.68.120 - - [10/Jan/2025:00:06:08 +0100] "GET /ticket2/opencms/system/modules/com.gridnine.opencms.ticketbrokerage.site/resources/js/standard.js HTTP/1.1" 200 3978
54.36.148.164 - - [10/Jan/2025:00:06:10 +0100] "GET /ticket2/opencms/dk/buy?page=1&edid=E8C34E6F-F034-0C2A-D437-ABD4D0BC81CD HTTP/1.1" 200 111630
65.21.113.194 - - [10/Jan/2025:00:06:10 +0100] "GET /ticket2/opencms/sr/buy/?page=1&edid=9905BE36-3483-E35C-D446-E28B848EF37B HTTP/1.1" 200 123619
185.191.171.12 - - [10/Jan/2025:00:06:11 +0100] "GET /ticket2/opencms/lv/sport/futbola-biletes/champions-league/benfica/ HTTP/1.1" 200 95509
202.8.40.76 - - [10/Jan/2025:00:06:11 +0100] "GET /ticket2/opencms/system/modules/com.gridnine.opencms.ticketbrokerage.site/resources/css/ticketbrokerage.css HTTP/1.1" 200 39339
202.8.40.76 - - [10/Jan/2025:00:06:11 +0100] "GET /ticket2/opencms/system/modules/com.gridnine.opencms.ticketbrokerage.site/resources/css/standard.css HTTP/1.1" 200 73081
202.8.40.76 - - [10/Jan/2025:00:06:11 +0100] "GET /ticket2/opencms/system/modules/com.gridnine.opencms.ticketbrokerage.site/resources/css/calendar.css HTTP/1.1" 200 6871
202.8.40.76 - - [10/Jan/2025:00:06:11 +0100] "GET /ticket2/opencms/system/modules/com.gridnine.opencms.ticketbrokerage.site/resources/js/jquery/jquery.js HTTP/1.1" 200 93868
202.8.40.76 - - [10/Jan/2025:00:06:11 +0100] "GET /ticket2/opencms/system/modules/com.gridnine.opencms.ticketbrokerage.site/resources/css/jquery.fancybox.css HTTP/1.1" 200 4939
202.8.40.76 - - [10/Jan/2025:00:06:11 +0100] "GET /ticket2/opencms/system/modules/com.gridnine.opencms.ticketbrokerage.site/resources/css/jquery-ui.css HTTP/1.1" 200 33221
202.8.40.76 - - [10/Jan/2025:00:06:11 +0100] "GET /ticket2/opencms/system/modules/com.gridnine.opencms.ticketbrokerage.site/resources/js/jquery/jquery-ui.js HTTP/1.1" 200 228088
202.8.40.76 - - [10/Jan/2025:00:06:11 +0100] "GET /ticket2/opencms/system/modules/com.gridnine.opencms.ticketbrokerage.site/resources/js/functions.js HTTP/1.1" 200 1583
202.8.40.76 - - [10/Jan/2025:00:06:11 +0100] "GET /ticket2/opencms/system/modules/com.gridnine.opencms.ticketbrokerage.site/resources/js/calendar.js HTTP/1.1" 200 49229
202.8.40.76 - - [10/Jan/2025:00:06:11 +0100] "GET /ticket2/opencms/system/modules/com.gridnine.opencms.ticketbrokerage.site/resources/js/calendar-en.js HTTP/1.1" 200 3338
202.8.40.76 - - [10/Jan/2025:00:06:11 +0100] "GET /ticket2/opencms/system/modules/com.gridnine.opencms.ticketbrokerage.site/resources/js/calendar-setup.js HTTP/1.1" 200 4923
202.8.40.76 - - [10/Jan/2025:00:06:11 +0100] "GET /ticket2/opencms/system/modules/com.gridnine.opencms.ticketbrokerage.site/resources/js/jquery.fancybox.pack.js HTTP/1.1" 200 23187
202.8.40.76 - - [10/Jan/2025:00:06:11 +0100] "GET /ticket2/opencms/system/modules/com.gridnine.opencms.ticketbrokerage.site/resources/js/stickyfill.min.js HTTP/1.1" 200 5672
202.8.40.76 - - [10/Jan/2025:00:06:11 +0100] "GET /ticket2/opencms/system/modules/com.gridnine.opencms.ticketbrokerage.site/resources/js/standard.js HTTP/1.1" 200 3978
202.8.40.76 - - [10/Jan/2025:00:06:11 +0100] "GET /ticket2/opencms/system/modules/com.gridnine.opencms.ticketbrokerage.site/resources/js/jquery.placeholder.min.js HTTP/1.1" 200 1737
202.8.40.76 - - [10/Jan/2025:00:06:11 +0100] "GET /ticket2/opencms/system/modules/com.gridnine.opencms.ticketbrokerage.site/resources/js/common-ajax.js HTTP/1.1" 200 20175
202.8.40.76 - - [10/Jan/2025:00:06:11 +0100] "GET /ticket2/opencms/dk/ask-form.html HTTP/1.1" 200 2971
202.8.40.76 - - [10/Jan/2025:00:06:11 +0100] "GET /ticket2/opencms/dk/ask-form.html HTTP/1.1" 200 2971
202.8.40.76 - - [10/Jan/2025:00:06:11 +0100] "GET /ticket2/opencms/system/modules/com.gridnine.opencms.ticketbrokerage.site/resources/css/ticketbrokerage.css HTTP/1.1" 200 39339
202.8.40.76 - - [10/Jan/2025:00:06:12 +0100] "GET /ticket2/opencms/system/modules/com.gridnine.opencms.ticketbrokerage.site/resources/js/standard.js HTTP/1.1" 200 3978
114.119.146.36 - - [10/Jan/2025:00:06:12 +0100] "GET /ticket2/opencms/en/sell/?edid=35B50084-B9AA-1B2B-99FE-C3FBA2700019 HTTP/1.1" 302 -
85.208.96.211 - - [10/Jan/2025:00:06:14 +0100] "GET /ticket2/opencms/be/magazine/article?title=jurgen-klopp-leaves-liverpool-a-success-story-at-anfield HTTP/1.1" 200 95966
65.21.113.194 - - [10/Jan/2025:00:06:15 +0100] "GET /ticket2/opencms/sr/buy/?page=1&edid=99C77A16-8AF9-4675-97DE-42A41C4ECB4F HTTP/1.1" 200 132420
114.119.146.36 - - [10/Jan/2025:00:06:17 +0100] "GET /ticket2/opencms/en/login/?url=/en/sell/ HTTP/1.1" 200 89786
65.21.113.194 - - [10/Jan/2025:00:06:18 +0100] "GET /ticket2/opencms/sr/buy/?page=1&edid=99D270B3-917E-FD4A-2998-A2CE577033E4 HTTP/1.1" 200 112838
51.174.68.120 - - [10/Jan/2025:00:06:21 +0100] "GET /ticket2/opencms/no/buy/?page=1&edid=750C6040-29F7-425D-A24F-51B977F415A3 HTTP/1.1" 200 136512
51.174.68.120 - - [10/Jan/2025:00:06:22 +0100] "GET /ticket2/opencms/system/modules/com.gridnine.opencms.ticketbrokerage.site/resources/css/calendar.css HTTP/1.1" 200 6871
51.174.68.120 - - [10/Jan/2025:00:06:22 +0100] "GET /ticket2/opencms/system/modules/com.gridnine.opencms.ticketbrokerage.site/resources/css/ticketbrokerage.css HTTP/1.1" 200 39339
51.174.68.120 - - [10/Jan/2025:00:06:22 +0100] "GET /ticket2/opencms/system/modules/com.gridnine.opencms.ticketbrokerage.site/resources/css/standard.css HTTP/1.1" 200 73081
51.174.68.120 - - [10/Jan/2025:00:06:22 +0100] "GET /ticket2/opencms/system/modules/com.gridnine.opencms.ticketbrokerage.site/resources/js/functions.js HTTP/1.1" 200 1583
51.174.68.120 - - [10/Jan/2025:00:06:22 +0100] "GET /ticket2/opencms/system/modules/com.gridnine.opencms.ticketbrokerage.site/resources/js/calendar-en.js HTTP/1.1" 200 3338
51.174.68.120 - - [10/Jan/2025:00:06:22 +0100] "GET /ticket2/opencms/system/modules/com.gridnine.opencms.ticketbrokerage.site/resources/js/calendar-setup.js HTTP/1.1" 200 4923
51.174.68.120 - - [10/Jan/2025:00:06:22 +0100] "GET /ticket2/opencms/system/modules/com.gridnine.opencms.ticketbrokerage.site/resources/js/standard.js HTTP/1.1" 200 3978
51.174.68.120 - - [10/Jan/2025:00:06:22 +0100] "GET /ticket2/opencms/system/modules/com.gridnine.opencms.ticketbrokerage.site/resources/js/calendar.js HTTP/1.1" 200 49229
51.174.68.120 - - [10/Jan/2025:00:06:22 +0100] "GET /ticket2/opencms/system/modules/com.gridnine.opencms.ticketbrokerage.site/resources/pics/0.gif HTTP/1.1" 200 43
51.174.68.120 - - [10/Jan/2025:00:06:22 +0100] "GET /ticket2/opencms/venue/emirates_stadium.png HTTP/1.1" 200 53537
51.174.68.120 - - [10/Jan/2025:00:06:22 +0100] "GET /ticket2/opencms/system/modules/com.gridnine.opencms.ticketbrokerage.site/resources/pics/two_man.png HTTP/1.1" 200 3407
51.174.68.120 - - [10/Jan/2025:00:06:22 +0100] "GET /ticket2/opencms/system/modules/com.gridnine.opencms.ticketbrokerage.site/resources/pics/ticket_info_button.png HTTP/1.1" 200 3820
51.174.68.120 - - [10/Jan/2025:00:06:22 +0100] "GET /ticket2/opencms/img/icons/hy.png HTTP/1.1" 200 1170
51.174.68.120 - - [10/Jan/2025:00:06:22 +0100] "GET /ticket2/opencms/no/ask-form.html HTTP/1.1" 200 2919
51.174.68.120 - - [10/Jan/2025:00:06:22 +0100] "GET /ticket2/opencms/img/icons/mk.png HTTP/1.1" 200 1405
51.174.68.120 - - [10/Jan/2025:00:06:22 +0100] "GET /ticket2/opencms/system/modules/com.gridnine.opencms.ticketbrokerage.site/resources/pics/arrow.gif HTTP/1.1" 200 344
51.174.68.120 - - [10/Jan/2025:00:06:22 +0100] "GET /ticket2/opencms/system/modules/com.gridnine.opencms.ticketbrokerage.site/resources/css/ticketbrokerage.css HTTP/1.1" 200 39339
