54.36.149.75 - - [10/Jan/2025:01:21:03 +0100] "GET /ticket2/opencms/ka/buy?page=1&edid=D3AB0CA8-3C40-1AB9-8BEC-7D01F349EB4E HTTP/1.1" 200 143837
202.8.43.34 - - [10/Jan/2025:01:21:04 +0100] "GET /ticket2/opencms/system/modules/com.gridnine.opencms.ticketbrokerage.site/resources/css/jquery-ui.css HTTP/1.1" 200 33221
202.8.43.34 - - [10/Jan/2025:01:21:04 +0100] "GET /ticket2/opencms/system/modules/com.gridnine.opencms.ticketbrokerage.site/resources/css/calendar.css HTTP/1.1" 200 6871
202.8.43.34 - - [10/Jan/2025:01:21:04 +0100] "GET /ticket2/opencms/system/modules/com.gridnine.opencms.ticketbrokerage.site/resources/css/ticketbrokerage.css HTTP/1.1" 200 39339
202.8.43.34 - - [10/Jan/2025:01:21:04 +0100] "GET /ticket2/opencms/system/modules/com.gridnine.opencms.ticketbrokerage.site/resources/css/standard.css HTTP/1.1" 200 73081
202.8.43.34 - - [10/Jan/2025:01:21:04 +0100] "GET /ticket2/opencms/system/modules/com.gridnine.opencms.ticketbrokerage.site/resources/css/jquery.fancybox.css HTTP/1.1" 200 4939
202.8.43.34 - - [10/Jan/2025:01:21:04 +0100] "GET /ticket2/opencms/system/modules/com.gridnine.opencms.ticketbrokerage.site/resources/js/jquery/jquery.js HTTP/1.1" 200 93868
202.8.43.34 - - [10/Jan/2025:01:21:04 +0100] "GET /ticket2/opencms/system/modules/com.gridnine.opencms.ticketbrokerage.site/resources/js/functions.js HTTP/1.1" 200 1583
202.8.43.34 - - [10/Jan/2025:01:21:04 +0100] "GET /ticket2/opencms/system/modules/com.gridnine.opencms.ticketbrokerage.site/resources/js/calendar.js HTTP/1.1" 200 49229
202.8.43.34 - - [10/Jan/2025:01:21:04 +0100] "GET /ticket2/opencms/system/modules/com.gridnine.opencms.ticketbrokerage.site/resources/js/jquery/jquery-ui.js HTTP/1.1" 200 228088
202.8.43.34 - - [10/Jan/2025:01:21:04 +0100] "GET /ticket2/opencms/system/modules/com.gridnine.opencms.ticketbrokerage.site/resources/js/calendar-en.js HTTP/1.1" 200 3338
202.8.43.34 - - [10/Jan/2025:01:21:04 +0100] "GET /ticket2/opencms/system/modules/com.gridnine.opencms.ticketbrokerage.site/resources/js/calendar-setup.js HTTP/1.1" 200 4923
202.8.43.34 - - [10/Jan/2025:01:21:05 +0100] "GET /ticket2/opencms/system/modules/com.gridnine.opencms.ticketbrokerage.site/resources/js/jquery.fancybox.pack.js HTTP/1.1" 200 23187
202.8.43.34 - - [10/Jan/2025:01:21:05 +0100] "GET /ticket2/opencms/system/modules/com.gridnine.opencms.ticketbrokerage.site/resources/js/stickyfill.min.js HTTP/1.1" 200 5672
202.8.43.34 - - [10/Jan/2025:01:21:05 +0100] "GET /ticket2/opencms/system/modules/com.gridnine.opencms.ticketbrokerage.site/resources/js/standard.js HTTP/1.1" 200 3978
202.8.43.34 - - [10/Jan/2025:01:21:05 +0100] "GET /ticket2/opencms/system/modules/com.gridnine.opencms.ticketbrokerage.site/resources/js/jquery.placeholder.min.js HTTP/1.1" 200 1737
202.8.43.34 - - [10/Jan/2025:01:21:05 +0100] "GET /ticket2/opencms/system/modules/com.gridnine.opencms.ticketbrokerage.site/resources/js/common-ajax.js HTTP/1.1" 200 20175
202.8.43.34 - - [10/Jan/2025:01:21:05 +0100] "GET /ticket2/opencms/ka/ask-form.html HTTP/1.1" 200 3156
202.8.43.34 - - [10/Jan/2025:01:21:05 +0100] "GET /ticket2/opencms/ka/ask-form.html HTTP/1.1" 200 3156
202.8.43.34 - - [10/Jan/2025:01:21:05 +0100] "GET /ticket2/opencms/system/modules/com.gridnine.opencms.ticketbrokerage.site/resources/css/ticketbrokerage.css HTTP/1.1" 200 39339
193.70.81.110 - - [10/Jan/2025:01:21:05 +0100] "GET /ticket2/opencms/en/buy/?page=1&edid=0355475E-204C-21F4-51DB-E12261686749 HTTP/1.1" 200 110071
65.21.113.194 - - [10/Jan/2025:01:21:07 +0100] "GET /ticket2/opencms/sv/buy/?page=1&edid=A0FFAF50-E61F-DDD9-D6DC-77947313B0DE HTTP/1.1" 200 118700
85.208.96.200 - - [10/Jan/2025:01:21:08 +0100] "GET /ticket2/opencms/no/sport/fotballsbilletter/bundesliga/fortuna_dusseldorf/ HTTP/1.1" 200 87456
193.70.81.110 - - [10/Jan/2025:01:21:09 +0100] "GET /ticket2/opencms/en/buy/?page=1&edid=0355475E-204C-21F4-51DB-E12261686749&sortorder=desc&column=price HTTP/1.1" 200 112080
193.70.81.110 - - [10/Jan/2025:01:21:13 +0100] "GET /ticket2/opencms/en/buy/?page=1&edid=0355475E-204C-21F4-51DB-E12261686749&sortorder=desc&column=section HTTP/1.1" 200 112213
65.21.113.194 - - [10/Jan/2025:01:21:13 +0100] "GET /ticket2/opencms/sv/buy/?page=1&edid=A1978D3B-15EE-9B98-13D3-4A0276E452D7 HTTP/1.1" 200 124587
40.77.167.17 - - [10/Jan/2025:01:21:15 +0100] "GET /ticket2/opencms/sq/buy?page=1&edid=28778BA3-9F9A-CFF0-ACA3-13CC71675A86 HTTP/1.1" 200 110063
193.70.81.110 - - [10/Jan/2025:01:21:16 +0100] "GET /ticket2/opencms/en/buy/?page=1&edid=035EA6C4-0B9C-9EE2-0E21-91544FF197C8&sortorder=desc&column=price HTTP/1.1" 200 113336
65.21.113.194 - - [10/Jan/2025:01:21:18 +0100] "GET /ticket2/opencms/sv/buy/?page=1&edid=A27091AD-1422-96A9-33A7-74A8DECA25F3 HTTP/1.1" 200 134803
193.70.81.110 - - [10/Jan/2025:01:21:20 +0100] "GET /ticket2/opencms/en/buy/?page=1&edid=035EA6C4-0B9C-9EE2-0E21-91544FF197C8&sortorder=desc&column=section HTTP/1.1" 200 113518
47.128.124.14 - - [10/Jan/2025:01:21:20 +0100] "GET /ticket2/opencms/it/magazine/article?title=scopri-la-liga-dal-vivo-acquista-biglietti-su-ticket2 HTTP/1.1" 200 93787
65.21.113.194 - - [10/Jan/2025:01:21:22 +0100] "GET /ticket2/opencms/robots.txt HTTP/1.1" 200 773
65.21.113.194 - - [10/Jan/2025:01:21:23 +0100] "GET /ticket2/opencms/sv/buy/?page=1&edid=A457FF13-7A37-0365-AFA9-2CC7C635642A HTTP/1.1" 200 111104
193.70.81.110 - - [10/Jan/2025:01:21:23 +0100] "GET /ticket2/opencms/en/buy/?page=1&edid=0435AA01-DEED-F5D9-39FC-322BF9B9D7E3&sortorder=asc&column=price HTTP/1.1" 200 109857
114.119.133.220 - - [10/Jan/2025:01:21:26 +0100] "GET /ticket2/opencms/en/venue/?venueid=22A38509-349B-CEBC-EA2F-719FED9069C4 HTTP/1.1" 200 85053
193.70.81.110 - - [10/Jan/2025:01:21:27 +0100] "GET /ticket2/opencms/en/buy/?page=1&edid=0435AA01-DEED-F5D9-39FC-322BF9B9D7E3&sortorder=asc&column=row HTTP/1.1" 200 109701
65.21.113.194 - - [10/Jan/2025:01:21:27 +0100] "GET /ticket2/opencms/sv/buy/?page=1&edid=A4CA2F1E-95F7-CE47-5A50-DF7E2BC18D85 HTTP/1.1" 200 120473
193.70.81.110 - - [10/Jan/2025:01:21:30 +0100] "GET /ticket2/opencms/en/buy/?page=1&edid=0435AA01-DEED-F5D9-39FC-322BF9B9D7E3&sortorder=asc&column=section HTTP/1.1" 200 109995
66.249.64.96 - - [10/Jan/2025:01:21:30 +0100] "GET /ticket2/opencms/lt/magazine/article?title=bergvall-ir-kulusevski-ispudingai-zaidzia HTTP/1.1" 200 93770
47.128.22.76 - - [10/Jan/2025:01:21:32 +0100] "GET /ticket2/opencms/ka/?comcatid=810BB404-4103-77F2-A6C2-12D5E6C338E2 HTTP/1.1" 200 105189
65.21.113.194 - - [10/Jan/2025:01:21:32 +0100] "GET /ticket2/opencms/sv/buy/?page=1&edid=A4DFE9CB-2E84-468B-F20F-CE22DA0AA124 HTTP/1.1" 200 108761
193.70.81.110 - - [10/Jan/2025:01:21:34 +0100] "GET /ticket2/opencms/en/buy/?page=1&edid=04645337-150A-D677-8193-863115283FA6&sortorder=desc&column=price HTTP/1.1" 200 113422
65.21.113.194 - - [10/Jan/2025:01:21:36 +0100] "GET /ticket2/opencms/sv/buy/?page=1&edid=A613B971-014E-0A66-B74F-2B30F695BCED HTTP/1.1" 200 114661
209.190.95.226 - - [10/Jan/2025:01:21:37 +0100] "GET /ticket2/opencms/no/sport/fotballsbilletter/premier_league/?gad_source=5 HTTP/1.1" 200 97938
209.190.95.226 - - [10/Jan/2025:01:21:37 +0100] "GET /ticket2/opencms/no/sport/fotballsbilletter/premier_league/?gad_source=5 HTTP/1.1" 200 98014
193.70.81.110 - - [10/Jan/2025:01:21:37 +0100] "GET /ticket2/opencms/en/buy/?page=1&edid=04645337-150A-D677-8193-863115283FA6&sortorder=desc&column=section HTTP/1.1" 200 113588
114.119.159.237 - - [10/Jan/2025:01:21:37 +0100] "GET /ticket2/opencms/en/venue/?venueid=9BA72295-2DDF-9809-9F6B-30A7553066D1 HTTP/1.1" 200 85095
47.128.40.164 - - [10/Jan/2025:01:21:41 +0100] "GET /ticket2/opencms/be/buy/?edid=5D555BC1-782B-38D6-8CD8-930BAA85F969 HTTP/1.1" 200 93118
193.70.81.110 - - [10/Jan/2025:01:21:41 +0100] "GET /ticket2/opencms/en/buy/?page=1&edid=04B38726-6042-FA9B-C517-A5FC914517A7&sortorder=desc&column=price HTTP/1.1" 200 113149
65.21.113.194 - - [10/Jan/2025:01:21:41 +0100] "GET /ticket2/opencms/sv/buy/?page=1&edid=A8F677E6-A548-E0DF-93F9-55173D9897A9 HTTP/1.1" 200 118761
193.70.81.110 - - [10/Jan/2025:01:21:45 +0100] "GET /ticket2/opencms/en/buy/?page=1&edid=04B38726-6042-FA9B-C517-A5FC914517A7&sortorder=desc&column=row HTTP/1.1" 200 113059
65.21.113.194 - - [10/Jan/2025:01:21:46 +0100] "GET /ticket2/opencms/sv/buy/?page=1&edid=AA408C72-2073-316B-FBC7-E94200A17373 HTTP/1.1" 200 108663
193.70.81.110 - - [10/Jan/2025:01:21:48 +0100] "GET /ticket2/opencms/en/buy/?page=1&edid=04B38726-6042-FA9B-C517-A5FC914517A7&sortorder=desc&column=section HTTP/1.1" 200 113341
185.191.171.15 - - [10/Jan/2025:01:21:49 +0100] "GET /ticket2/opencms/ga/magazine/article?title=bukayo-ayoyinka-t-m-saka HTTP/1.1" 200 93833
65.21.113.194 - - [10/Jan/2025:01:21:51 +0100] "GET /ticket2/opencms/sv/buy/?page=1&edid=AA8C5089-9B5D-0C1A-1662-169B0C579120 HTTP/1.1" 200 121482
193.70.81.110 - - [10/Jan/2025:01:21:52 +0100] "GET /ticket2/opencms/en/buy/?page=1&edid=04B7A43F-4145-4709-C003-EEEDE827D091&sortorder=asc&column=price HTTP/1.1" 200 112238
193.70.81.110 - - [10/Jan/2025:01:21:55 +0100] "GET /ticket2/opencms/en/buy/?page=1&edid=04B7A43F-4145-4709-C003-EEEDE827D091&sortorder=asc&column=row HTTP/1.1" 200 112046
65.21.113.194 - - [10/Jan/2025:01:21:56 +0100] "GET /ticket2/opencms/sv/buy/?page=1&edid=AC44825D-2793-0C67-BD3C-7AB6359F86DA HTTP/1.1" 200 118008
193.70.81.110 - - [10/Jan/2025:01:21:59 +0100] "GET /ticket2/opencms/en/buy/?page=1&edid=08F90C2E-7385-CD70-094C-D2E9D1C3FC27&sortorder=desc&column=section HTTP/1.1" 200 112758
65.21.113.194 - - [10/Jan/2025:01:22:00 +0100] "GET /ticket2/opencms/sv/buy/?page=1&edid=AC8F7448-8C97-BB58-DCF6-B6425E43C512 HTTP/1.1" 200 108725
193.70.81.110 - - [10/Jan/2025:01:22:02 +0100] "GET /ticket2/opencms/en/buy/?page=1&edid=09B756CA-6975-6B23-36EC-46D44034B07E&sortorder=asc&column=row HTTP/1.1" 200 113541
65.21.113.194 - - [10/Jan/2025:01:22:06 +0100] "GET /ticket2/opencms/sv/buy/?page=1&edid=ACE9CA7D-7806-FEA9-5C42-376512A5CAAD HTTP/1.1" 200 110823
193.70.81.110 - - [10/Jan/2025:01:22:06 +0100] "GET /ticket2/opencms/en/buy/?page=1&edid=0B083C51-2D6B-8CD2-8763-C3F4DB186FAB&sortorder=desc&column=section HTTP/1.1" 200 112148
54.36.148.79 - - [10/Jan/2025:01:22:07 +0100] "GET /ticket2/opencms/sq/buy?page=1&edid=ABE0D196-5A84-0064-2AAA-8BE846913E3B HTTP/1.1" 200 136834
202.8.40.48 - - [10/Jan/2025:01:22:08 +0100] "GET /ticket2/opencms/system/modules/com.gridnine.opencms.ticketbrokerage.site/resources/css/jquery.fancybox.css HTTP/1.1" 200 4939
202.8.40.48 - - [10/Jan/2025:01:22:08 +0100] "GET /ticket2/opencms/system/modules/com.gridnine.opencms.ticketbrokerage.site/resources/css/ticketbrokerage.css HTTP/1.1" 200 39339
202.8.40.48 - - [10/Jan/2025:01:22:08 +0100] "GET /ticket2/opencms/system/modules/com.gridnine.opencms.ticketbrokerage.site/resources/css/calendar.css HTTP/1.1" 200 6871
202.8.40.48 - - [10/Jan/2025:01:22:08 +0100] "GET /ticket2/opencms/system/modules/com.gridnine.opencms.ticketbrokerage.site/resources/css/jquery-ui.css HTTP/1.1" 200 33221
202.8.40.48 - - [10/Jan/2025:01:22:08 +0100] "GET /ticket2/opencms/system/modules/com.gridnine.opencms.ticketbrokerage.site/resources/js/jquery/jquery.js HTTP/1.1" 200 93868
202.8.40.48 - - [10/Jan/2025:01:22:08 +0100] "GET /ticket2/opencms/system/modules/com.gridnine.opencms.ticketbrokerage.site/resources/css/standard.css HTTP/1.1" 200 73081
202.8.40.48 - - [10/Jan/2025:01:22:08 +0100] "GET /ticket2/opencms/system/modules/com.gridnine.opencms.ticketbrokerage.site/resources/js/jquery/jquery-ui.js HTTP/1.1" 200 228088
202.8.40.48 - - [10/Jan/2025:01:22:08 +0100] "GET /ticket2/opencms/system/modules/com.gridnine.opencms.ticketbrokerage.site/resources/js/functions.js HTTP/1.1" 200 1583
202.8.40.48 - - [10/Jan/2025:01:22:08 +0100] "GET /ticket2/opencms/system/modules/com.gridnine.opencms.ticketbrokerage.site/resources/js/calendar-en.js HTTP/1.1" 200 3338
202.8.40.48 - - [10/Jan/2025:01:22:08 +0100] "GET /ticket2/opencms/system/modules/com.gridnine.opencms.ticketbrokerage.site/resources/js/calendar.js HTTP/1.1" 200 49229
202.8.40.48 - - [10/Jan/2025:01:22:08 +0100] "GET /ticket2/opencms/system/modules/com.gridnine.opencms.ticketbrokerage.site/resources/js/calendar-setup.js HTTP/1.1" 200 4923
202.8.40.48 - - [10/Jan/2025:01:22:08 +0100] "GET /ticket2/opencms/system/modules/com.gridnine.opencms.ticketbrokerage.site/resources/js/jquery.fancybox.pack.js HTTP/1.1" 200 23187
202.8.40.48 - - [10/Jan/2025:01:22:08 +0100] "GET /ticket2/opencms/system/modules/com.gridnine.opencms.ticketbrokerage.site/resources/js/stickyfill.min.js HTTP/1.1" 200 5672
202.8.40.48 - - [10/Jan/2025:01:22:08 +0100] "GET /ticket2/opencms/system/modules/com.gridnine.opencms.ticketbrokerage.site/resources/js/standard.js HTTP/1.1" 200 3978
202.8.40.48 - - [10/Jan/2025:01:22:08 +0100] "GET /ticket2/opencms/system/modules/com.gridnine.opencms.ticketbrokerage.site/resources/js/jquery.placeholder.min.js HTTP/1.1" 200 1737
202.8.40.48 - - [10/Jan/2025:01:22:08 +0100] "GET /ticket2/opencms/system/modules/com.gridnine.opencms.ticketbrokerage.site/resources/js/common-ajax.js HTTP/1.1" 200 20175
202.8.40.48 - - [10/Jan/2025:01:22:08 +0100] "GET /ticket2/opencms/sq/ask-form.html HTTP/1.1" 200 3156
202.8.40.48 - - [10/Jan/2025:01:22:08 +0100] "GET /ticket2/opencms/sq/ask-form.html HTTP/1.1" 200 3156
202.8.40.48 - - [10/Jan/2025:01:22:09 +0100] "GET /ticket2/opencms/system/modules/com.gridnine.opencms.ticketbrokerage.site/resources/css/ticketbrokerage.css HTTP/1.1" 200 39339
193.70.81.110 - - [10/Jan/2025:01:22:10 +0100] "GET /ticket2/opencms/en/buy/?page=1&edid=0C28B946-89B1-3A13-3265-4F6F9906ECC1 HTTP/1.1" 200 111707
65.21.113.194 - - [10/Jan/2025:01:22:11 +0100] "GET /ticket2/opencms/sv/buy/?page=1&edid=ACFE5269-826A-FF79-28D4-8876A969800F HTTP/1.1" 200 117882
185.191.171.16 - - [10/Jan/2025:01:22:11 +0100] "GET /ticket2/opencms/dk/sport/fodboldbilletter/champions_league/manchester_city/ HTTP/1.1" 200 87666
193.70.81.110 - - [10/Jan/2025:01:22:13 +0100] "GET /ticket2/opencms/en/buy/?page=1&edid=0E98AFAB-3E5F-6C96-44B2-FA610656A721 HTTP/1.1" 200 108033
65.21.113.194 - - [10/Jan/2025:01:22:16 +0100] "GET /ticket2/opencms/sv/buy/?page=1&edid=AD0E3D9F-2910-5DC4-03D7-A91917CC0ADD HTTP/1.1" 200 131947
193.70.81.110 - - [10/Jan/2025:01:22:17 +0100] "GET /ticket2/opencms/en/buy/?page=1&edid=15EB8492-E613-A503-0EBC-61EBB18066B8&sortorder=asc&column=price HTTP/1.1" 200 112552
185.191.171.10 - - [10/Jan/2025:01:22:18 +0100] "GET /ticket2/opencms/dk/magazine/article?title=tottenham-burnley-2024-05-11 HTTP/1.1" 200 90399
202.8.40.48 - - [10/Jan/2025:01:22:20 +0100] "GET /ticket2/opencms/system/modules/com.gridnine.opencms.ticketbrokerage.site/resources/js/standard.js HTTP/1.1" 200 3978
193.70.81.110 - - [10/Jan/2025:01:22:20 +0100] "GET /ticket2/opencms/en/buy/?page=1&edid=1964B21D-BF30-22BC-8931-DEC6C4EDF1DE&sortorder=asc&column=section HTTP/1.1" 200 113962
65.21.113.194 - - [10/Jan/2025:01:22:21 +0100] "GET /ticket2/opencms/sv/buy/?page=1&edid=AD613CBA-6D24-6402-05D7-A2D3C1E6CD55 HTTP/1.1" 200 111793
185.191.171.15 - - [10/Jan/2025:01:22:21 +0100] "GET /ticket2/opencms/sv/sport/fotbollsbiljetter/ligue_1/lyon/ HTTP/1.1" 200 86907
85.208.96.195 - - [10/Jan/2025:01:22:23 +0100] "GET /ticket2/opencms/fi/magazine/article?title=william-alain-andre-gabriel-saliba HTTP/1.1" 200 94137
193.70.81.110 - - [10/Jan/2025:01:22:24 +0100] "GET /ticket2/opencms/en/buy/?page=1&edid=197FC2D3-DD51-5963-00AB-841E5325644D&sortorder=desc&column=section HTTP/1.1" 200 112377
65.21.113.194 - - [10/Jan/2025:01:22:25 +0100] "GET /ticket2/opencms/sv/buy/?page=1&edid=AEC0087E-2966-11F0-0CA3-900795ADDDAD HTTP/1.1" 200 108712
193.70.81.110 - - [10/Jan/2025:01:22:28 +0100] "GET /ticket2/opencms/en/buy/?page=1&edid=199EDE4E-5A92-8B6F-9481-A1A89D98DFB8&sortorder=asc&column=section HTTP/1.1" 200 113026
65.21.113.194 - - [10/Jan/2025:01:22:30 +0100] "GET /ticket2/opencms/sv/buy/?page=1&edid=B07556EE-85E6-A902-E46B-ABCA49980DB1 HTTP/1.1" 200 111947
193.70.81.110 - - [10/Jan/2025:01:22:31 +0100] "GET /ticket2/opencms/en/buy/?page=1&edid=19D8DF2D-F98F-516A-0C52-7520D8E30285&sortorder=asc&column=price HTTP/1.1" 200 113304
193.70.81.110 - - [10/Jan/2025:01:22:34 +0100] "GET /ticket2/opencms/en/buy/?page=1&edid=19D8DF2D-F98F-516A-0C52-7520D8E30285&sortorder=asc&column=row HTTP/1.1" 200 113250
65.21.113.194 - - [10/Jan/2025:01:22:37 +0100] "GET /ticket2/opencms/sv/buy/?page=1&edid=B1B260FB-CC2B-FBC8-401E-5012AB84C2A6 HTTP/1.1" 200 114758
193.70.81.110 - - [10/Jan/2025:01:22:38 +0100] "GET /ticket2/opencms/en/buy/?page=1&edid=1A086566-BE6F-4F39-4972-9570A5588CB6&sortorder=desc&column=section HTTP/1.1" 200 112709
47.128.39.89 - - [10/Jan/2025:01:22:41 +0100] "GET /ticket2/opencms/ru/buy/?comcatid=B41CCF2B-5558-7AEE-3602-09BBDE417D65 HTTP/1.1" 200 6410
193.70.81.110 - - [10/Jan/2025:01:22:42 +0100] "GET /ticket2/opencms/en/buy/?page=1&edid=1B0D0DF7-1352-FC6A-B87B-EA7A0BA88E11&sortorder=desc&column=section HTTP/1.1" 200 112426
65.21.113.194 - - [10/Jan/2025:01:22:44 +0100] "GET /ticket2/opencms/sv/buy/?page=1&edid=B221A7A0-0672-9C92-94FE-8BC4C1F907CD HTTP/1.1" 200 118048
193.70.81.110 - - [10/Jan/2025:01:22:46 +0100] "GET /ticket2/opencms/en/buy/?page=1&edid=1B2497C9-50FD-C481-B810-5D82DC9B4FE5&sortorder=asc&column=row HTTP/1.1" 200 112729
65.21.113.194 - - [10/Jan/2025:01:22:48 +0100] "GET /ticket2/opencms/sv/buy/?page=1&edid=B26325D5-7C37-90D0-9866-C127BDE9586D HTTP/1.1" 200 108842
193.70.81.110 - - [10/Jan/2025:01:22:49 +0100] "GET /ticket2/opencms/en/buy/?page=1&edid=1B5229A1-3642-B3BE-C5FD-E41CB0238BCE&sortorder=desc&column=row HTTP/1.1" 200 111887
185.191.171.15 - - [10/Jan/2025:01:22:52 +0100] "GET /ticket2/opencms/be/sport/futbol-kvitki/la-liga/osasuna HTTP/1.1" 200 102187
65.21.113.194 - - [10/Jan/2025:01:22:52 +0100] "GET /ticket2/opencms/sv/buy/?page=1&edid=B4EC420A-C31F-BB54-840D-5C41F8E7FC1C HTTP/1.1" 200 108770
193.70.81.110 - - [10/Jan/2025:01:22:53 +0100] "GET /ticket2/opencms/en/buy/?page=1&edid=1B5229A1-3642-B3BE-C5FD-E41CB0238BCE&sortorder=desc&column=section HTTP/1.1" 200 112139
193.70.81.110 - - [10/Jan/2025:01:22:57 +0100] "GET /ticket2/opencms/en/buy/?page=1&edid=1B9244E9-8C0B-2DA1-E79A-E8F28C679EE1&sortorder=desc&column=section HTTP/1.1" 200 110048
40.77.167.17 - - [10/Jan/2025:01:22:58 +0100] "GET /ticket2/opencms/be/?comcatid=97ECA65A-72DA-F9AF-9DBB-245D3CFED1BE&catid=2E79AED8-FF58-B4E8-AFB0-43E7CEBE7864 HTTP/1.1" 200 102241
40.77.167.74 - - [10/Jan/2025:01:22:58 +0100] "GET /ticket2/opencms/fr/buy?page=1&edid=7BBDFB0E-EE23-5294-44DC-2CB1E8C1A24F HTTP/1.1" 200 121667
65.21.113.194 - - [10/Jan/2025:01:22:59 +0100] "GET /ticket2/opencms/sv/buy/?page=1&edid=B566C61B-5438-BBCE-B4D3-8DE9C2913E81 HTTP/1.1" 200 125486
193.70.81.110 - - [10/Jan/2025:01:23:00 +0100] "GET /ticket2/opencms/en/buy/?page=1&edid=21AF03A2-2F1D-66D0-BFA2-40F5742741D8&sortorder=desc&column=section HTTP/1.1" 200 112243
65.21.113.194 - - [10/Jan/2025:01:23:03 +0100] "GET /ticket2/opencms/sv/buy/?page=1&edid=B64E0F34-8F38-7972-6429-A3CAB0BC032F HTTP/1.1" 200 111960
193.70.81.110 - - [10/Jan/2025:01:23:04 +0100] "GET /ticket2/opencms/en/buy/?page=1&edid=2575916B-6579-ECDB-CD33-6F8E4E970260 HTTP/1.1" 200 111319
40.77.167.74 - - [10/Jan/2025:01:23:07 +0100] "GET /ticket2/opencms/fr/buy/?page=1&edid=68509658-F432-C2D3-40D1-EAC6A14AC448 HTTP/1.1" 200 109539
193.70.81.110 - - [10/Jan/2025:01:23:08 +0100] "GET /ticket2/opencms/en/buy/?page=1&edid=2575916B-6579-ECDB-CD33-6F8E4E970260&sortorder=desc&column=price HTTP/1.1" 200 113242
66.249.89.68 - - [10/Jan/2025:01:23:09 +0100] "GET /ticket2/opencms/dk/sport/fodboldbilletter/bundesliga/ HTTP/1.1" 200 94768
193.70.81.110 - - [10/Jan/2025:01:23:11 +0100] "GET /ticket2/opencms/en/buy/?page=1&edid=26318D33-76A2-8F06-B34D-C783FFEA2844&sortorder=desc&column=price HTTP/1.1" 200 113355
65.21.113.194 - - [10/Jan/2025:01:23:14 +0100] "GET /ticket2/opencms/sv/buy/?page=1&edid=B706C05D-BD6B-FE19-B612-CFC9E579BDC9 HTTP/1.1" 200 112004
193.70.81.110 - - [10/Jan/2025:01:23:15 +0100] "GET /ticket2/opencms/en/buy/?page=1&edid=2694EE91-5EDB-4075-84B2-357BB2F59007&sortorder=desc&column=section HTTP/1.1" 200 113387
40.77.167.17 - - [10/Jan/2025:01:23:18 +0100] "GET /ticket2/opencms/ro/buy/?page=1&edid=BBB940B6-8B69-6BE4-C45F-7EE004DD79A8 HTTP/1.1" 200 122537
193.70.81.110 - - [10/Jan/2025:01:23:18 +0100] "GET /ticket2/opencms/en/buy/?page=1&edid=2946B44C-614C-B458-AD25-19BAB8520213&sortorder=asc&column=row HTTP/1.1" 200 110986
65.21.113.194 - - [10/Jan/2025:01:23:19 +0100] "GET /ticket2/opencms/sv/buy/?page=1&edid=B753AC58-8832-296F-1C07-92C9F45E2BCE HTTP/1.1" 200 108714
66.249.64.132 - - [10/Jan/2025:01:23:19 +0100] "GET /ticket2/opencms/sl/buy/?page=1&edid=D474FB0B-C3F6-48EF-274D-DD0DE7C305C1 HTTP/1.1" 200 111868
40.77.167.17 - - [10/Jan/2025:01:23:19 +0100] "GET /ticket2/opencms/et/buy?page=1&edid=E8C62B3E-7329-C36F-00AE-A7B0114D0DDD HTTP/1.1" 200 112980
193.70.81.110 - - [10/Jan/2025:01:23:22 +0100] "GET /ticket2/opencms/en/buy/?page=1&edid=2946B44C-614C-B458-AD25-19BAB8520213&sortorder=asc&column=section HTTP/1.1" 200 111154
65.21.113.194 - - [10/Jan/2025:01:23:24 +0100] "GET /ticket2/opencms/robots.txt HTTP/1.1" 200 773
65.21.113.194 - - [10/Jan/2025:01:23:24 +0100] "GET /ticket2/opencms/sv/buy/?page=1&edid=B7B5EA21-D0E1-5D4C-90B1-C2CC29A8B7DF HTTP/1.1" 200 118199
193.70.81.110 - - [10/Jan/2025:01:23:25 +0100] "GET /ticket2/opencms/en/buy/?page=1&edid=294F17B7-744E-4BB6-3486-8E45BFCF45D8&sortorder=desc&column=row HTTP/1.1" 200 113296
65.21.113.194 - - [10/Jan/2025:01:23:29 +0100] "GET /ticket2/opencms/sv/buy/?page=1&edid=B8A6965B-216E-27C8-9A3D-21241346030F HTTP/1.1" 200 114766
193.70.81.110 - - [10/Jan/2025:01:23:29 +0100] "GET /ticket2/opencms/en/buy/?page=1&edid=294F17B7-744E-4BB6-3486-8E45BFCF45D8&sortorder=desc&column=section HTTP/1.1" 200 113504
185.191.171.15 - - [10/Jan/2025:01:23:32 +0100] "GET /ticket2/opencms/bg/login/ HTTP/1.1" 200 92255
193.70.81.110 - - [10/Jan/2025:01:23:33 +0100] "GET /ticket2/opencms/en/buy/?page=1&edid=295D0B4F-9C66-266F-5540-9251F65A1527&sortorder=asc&column=price HTTP/1.1" 200 112034
54.36.148.122 - - [10/Jan/2025:01:23:33 +0100] "GET /ticket2/opencms/bs/buy?page=1&edid=59FF6FC0-0E24-887E-599D-D93F8931961C HTTP/1.1" 200 111804
65.21.113.194 - - [10/Jan/2025:01:23:34 +0100] "GET /ticket2/opencms/sv/buy/?page=1&edid=B971CA22-B907-9DDA-615B-B7F75124D039 HTTP/1.1" 200 108747
114.119.130.178 - - [10/Jan/2025:01:23:34 +0100] "GET /ticket2/opencms/en/venue/?venueid=D744A0E6-974D-7D9B-E6CA-EB969D419414 HTTP/1.1" 200 84978
193.70.81.110 - - [10/Jan/2025:01:23:37 +0100] "GET /ticket2/opencms/en/buy/?page=1&edid=5C50ECB1-C172-E904-ECBC-6CD309D8DD4A&sortorder=asc&column=section HTTP/1.1" 200 113261
65.21.113.194 - - [10/Jan/2025:01:23:39 +0100] "GET /ticket2/opencms/sv/buy/?page=1&edid=BA7B077D-41E0-093C-1E58-FE5BDBAE9EE8 HTTP/1.1" 200 121558
47.128.115.199 - - [10/Jan/2025:01:23:39 +0100] "GET /ticket2/opencms/dk/sport/fodboldbilletter/bundesliga/mainz/ HTTP/1.1" 200 97334
193.70.81.110 - - [10/Jan/2025:01:23:40 +0100] "GET /ticket2/opencms/en/buy/?page=1&edid=5C92C6E0-2663-716F-10A1-8E116E00763F&sortorder=desc&column=price HTTP/1.1" 200 112044
47.128.115.199 - - [10/Jan/2025:01:23:41 +0100] "GET /ticket2/opencms/system/modules/com.gridnine.opencms.ticketbrokerage.site/resources/pics/banners/sv/FSV_Mainz_05.jpg HTTP/1.1" 200 35116
65.21.113.194 - - [10/Jan/2025:01:23:43 +0100] "GET /ticket2/opencms/sv/buy/?page=1&edid=BAABB633-B2E8-EF46-E62A-5B4F0947927C HTTP/1.1" 200 112096
193.70.81.110 - - [10/Jan/2025:01:23:43 +0100] "GET /ticket2/opencms/en/buy/?page=1&edid=5C92C6E0-2663-716F-10A1-8E116E00763F&sortorder=desc&column=row HTTP/1.1" 200 111918
185.191.171.15 - - [10/Jan/2025:01:23:45 +0100] "GET /ticket2/opencms/es/magazine/article?title=lucas-bergvall-un-nuevo-david-beckham HTTP/1.1" 200 93034
85.225.20.229 - - [10/Jan/2025:01:23:46 +0100] "GET /ticket2/opencms/sv/ HTTP/1.1" 200 100139
65.21.113.194 - - [10/Jan/2025:01:23:47 +0100] "GET /ticket2/opencms/sv/buy/?page=1&edid=BB439D2C-76B4-AD0C-0FC4-79A0CD539AA0 HTTP/1.1" 200 134330
193.70.81.110 - - [10/Jan/2025:01:23:47 +0100] "GET /ticket2/opencms/en/buy/?page=1&edid=5D49B05B-F2B1-3FBA-8865-04BD3A1B16DD HTTP/1.1" 200 110152
193.70.81.110 - - [10/Jan/2025:01:23:51 +0100] "GET /ticket2/opencms/en/buy/?page=1&edid=5E44F4FF-203D-4B11-88AE-65BFB1964492&sortorder=desc&column=row HTTP/1.1" 200 112167
65.21.113.194 - - [10/Jan/2025:01:23:51 +0100] "GET /ticket2/opencms/sv/buy/?page=1&edid=BBB940B6-8B69-6BE4-C45F-7EE004DD79A8 HTTP/1.1" 200 121191
193.70.81.110 - - [10/Jan/2025:01:23:54 +0100] "GET /ticket2/opencms/en/buy/?page=1&edid=6CCB3B2B-C597-0081-CCDE-BB0833D99828&sortorder=asc&column=row HTTP/1.1" 200 112289
40.77.167.65 - - [10/Jan/2025:01:23:56 +0100] "GET /ticket2/opencms/sv/buy?page=1&edid=25666712-cb7e-cddd-4626-f1cd96c38316 HTTP/1.1" 200 8134
193.70.81.110 - - [10/Jan/2025:01:23:58 +0100] "GET /ticket2/opencms/en/buy/?page=1&edid=6CCB3B2B-C597-0081-CCDE-BB0833D99828&sortorder=asc&column=section HTTP/1.1" 200 112620
40.84.221.239 - - [10/Jan/2025:01:23:59 +0100] "GET /ticket2/opencms/robots.txt HTTP/1.1" 200 773
47.128.118.59 - - [10/Jan/2025:01:23:59 +0100] "GET /ticket2/opencms/sk/buy?edid=68B485F7-9483-6E4F-656D-602EE2AC621D HTTP/1.1" 200 92730
40.84.221.237 - - [10/Jan/2025:01:24:00 +0100] "GET /ticket2/opencms/pl/sport/bilety-futbol/la-liga/barcelona HTTP/1.1" 200 96568
193.70.81.110 - - [10/Jan/2025:01:24:02 +0100] "GET /ticket2/opencms/en/buy/?page=1&edid=6CCB3B2B-C597-0081-CCDE-BB0833D99828&sortorder=desc&column=price HTTP/1.1" 200 112464
47.128.114.217 - - [10/Jan/2025:01:24:02 +0100] "GET /ticket2/opencms/sq/buy/?edid=055941D5-AAA9-3559-090F-26D27D65FBDA HTTP/1.1" 200 92723
65.21.113.194 - - [10/Jan/2025:01:24:03 +0100] "GET /ticket2/opencms/sv/buy/?page=1&edid=BC5D7CD2-EB5B-8786-D71A-5AE6232D27A7 HTTP/1.1" 200 118277
193.70.81.110 - - [10/Jan/2025:01:24:05 +0100] "GET /ticket2/opencms/en/buy/?page=1&edid=6CCB3B2B-C597-0081-CCDE-BB0833D99828&sortorder=desc&column=row HTTP/1.1" 200 112371
54.36.148.201 - - [10/Jan/2025:01:24:08 +0100] "GET /ticket2/opencms/uk/buy?page=1&edid=E8C34E6F-F034-0C2A-D437-ABD4D0BC81CD HTTP/1.1" 200 115442
66.249.76.160 - - [10/Jan/2025:01:24:08 +0100] "GET /ticket2/opencms/en/venue/?venueid=9B137520-72B4-1150-AC79-9BCA4FCF5EB1 HTTP/1.1" 200 84977
193.70.81.110 - - [10/Jan/2025:01:24:09 +0100] "GET /ticket2/opencms/en/buy/?page=1&edid=73A0CE9A-5EBB-FE53-CE06-D8F253C63B51&sortorder=asc&column=price HTTP/1.1" 200 112254
202.8.41.131 - - [10/Jan/2025:01:24:09 +0100] "GET /ticket2/opencms/system/modules/com.gridnine.opencms.ticketbrokerage.site/resources/css/calendar.css HTTP/1.1" 200 6871
202.8.41.131 - - [10/Jan/2025:01:24:09 +0100] "GET /ticket2/opencms/system/modules/com.gridnine.opencms.ticketbrokerage.site/resources/css/ticketbrokerage.css HTTP/1.1" 200 39339
202.8.41.131 - - [10/Jan/2025:01:24:09 +0100] "GET /ticket2/opencms/system/modules/com.gridnine.opencms.ticketbrokerage.site/resources/css/jquery-ui.css HTTP/1.1" 200 33221
202.8.41.131 - - [10/Jan/2025:01:24:09 +0100] "GET /ticket2/opencms/system/modules/com.gridnine.opencms.ticketbrokerage.site/resources/css/standard.css HTTP/1.1" 200 73081
202.8.41.131 - - [10/Jan/2025:01:24:09 +0100] "GET /ticket2/opencms/system/modules/com.gridnine.opencms.ticketbrokerage.site/resources/css/jquery.fancybox.css HTTP/1.1" 200 4939
202.8.41.131 - - [10/Jan/2025:01:24:09 +0100] "GET /ticket2/opencms/system/modules/com.gridnine.opencms.ticketbrokerage.site/resources/js/jquery/jquery.js HTTP/1.1" 200 93868
202.8.41.131 - - [10/Jan/2025:01:24:09 +0100] "GET /ticket2/opencms/system/modules/com.gridnine.opencms.ticketbrokerage.site/resources/js/jquery/jquery-ui.js HTTP/1.1" 200 228088
202.8.41.131 - - [10/Jan/2025:01:24:09 +0100] "GET /ticket2/opencms/system/modules/com.gridnine.opencms.ticketbrokerage.site/resources/js/functions.js HTTP/1.1" 200 1583
202.8.41.131 - - [10/Jan/2025:01:24:09 +0100] "GET /ticket2/opencms/system/modules/com.gridnine.opencms.ticketbrokerage.site/resources/js/calendar.js HTTP/1.1" 200 49229
202.8.41.131 - - [10/Jan/2025:01:24:09 +0100] "GET /ticket2/opencms/system/modules/com.gridnine.opencms.ticketbrokerage.site/resources/js/calendar-en.js HTTP/1.1" 200 3338
202.8.41.131 - - [10/Jan/2025:01:24:09 +0100] "GET /ticket2/opencms/system/modules/com.gridnine.opencms.ticketbrokerage.site/resources/js/calendar-setup.js HTTP/1.1" 200 4923
202.8.41.131 - - [10/Jan/2025:01:24:09 +0100] "GET /ticket2/opencms/system/modules/com.gridnine.opencms.ticketbrokerage.site/resources/js/jquery.fancybox.pack.js HTTP/1.1" 200 23187
202.8.41.131 - - [10/Jan/2025:01:24:09 +0100] "GET /ticket2/opencms/system/modules/com.gridnine.opencms.ticketbrokerage.site/resources/js/stickyfill.min.js HTTP/1.1" 200 5672
202.8.41.131 - - [10/Jan/2025:01:24:09 +0100] "GET /ticket2/opencms/system/modules/com.gridnine.opencms.ticketbrokerage.site/resources/js/standard.js HTTP/1.1" 200 3978
202.8.41.131 - - [10/Jan/2025:01:24:09 +0100] "GET /ticket2/opencms/system/modules/com.gridnine.opencms.ticketbrokerage.site/resources/js/jquery.placeholder.min.js HTTP/1.1" 200 1737
202.8.41.131 - - [10/Jan/2025:01:24:09 +0100] "GET /ticket2/opencms/system/modules/com.gridnine.opencms.ticketbrokerage.site/resources/js/common-ajax.js HTTP/1.1" 200 20175
202.8.41.131 - - [10/Jan/2025:01:24:09 +0100] "GET /ticket2/opencms/uk/ask-form.html HTTP/1.1" 200 3156
202.8.41.131 - - [10/Jan/2025:01:24:09 +0100] "GET /ticket2/opencms/uk/ask-form.html HTTP/1.1" 200 3156
202.8.41.131 - - [10/Jan/2025:01:24:09 +0100] "GET /ticket2/opencms/system/modules/com.gridnine.opencms.ticketbrokerage.site/resources/css/ticketbrokerage.css HTTP/1.1" 200 39339
193.70.81.110 - - [10/Jan/2025:01:24:12 +0100] "GET /ticket2/opencms/en/buy/?page=1&edid=73A0CE9A-5EBB-FE53-CE06-D8F253C63B51&sortorder=asc&column=row HTTP/1.1" 200 112130
65.21.113.194 - - [10/Jan/2025:01:24:15 +0100] "GET /ticket2/opencms/sv/buy/?page=1&edid=BC781D5C-058D-8CA8-2F4E-240C11D0769A HTTP/1.1" 200 118059
193.70.81.110 - - [10/Jan/2025:01:24:16 +0100] "GET /ticket2/opencms/en/buy/?page=1&edid=73A0CE9A-5EBB-FE53-CE06-D8F253C63B51&sortorder=asc&column=section HTTP/1.1" 200 112299
85.208.96.200 - - [10/Jan/2025:01:24:18 +0100] "GET /ticket2/opencms/hr/magazine/article?title=svedski-talent-lucas-bergvall-spreman-za-tottenham-hotspur HTTP/1.1" 200 95043
193.70.81.110 - - [10/Jan/2025:01:24:19 +0100] "GET /ticket2/opencms/en/buy/?page=1&edid=81817D53-8529-171B-1834-A4DFAF1D5D05&sortorder=asc&column=price HTTP/1.1" 200 113220
65.21.113.194 - - [10/Jan/2025:01:24:20 +0100] "GET /ticket2/opencms/sv/buy/?page=1&edid=BCB4C6BC-01F1-9B82-B9A0-788195DE1926 HTTP/1.1" 200 120496
193.70.81.110 - - [10/Jan/2025:01:24:23 +0100] "GET /ticket2/opencms/en/buy/?page=1&edid=848CB31F-051E-0C52-99D8-9C591CC87204 HTTP/1.1" 200 108040
193.70.81.110 - - [10/Jan/2025:01:24:27 +0100] "GET /ticket2/opencms/en/buy/?page=1&edid=848CB31F-051E-0C52-99D8-9C591CC87204&sortorder=desc&column=price HTTP/1.1" 200 110003
40.77.167.65 - - [10/Jan/2025:01:24:27 +0100] "GET /ticket2/opencms/en/buy?page=1&edid=D9D9A3C8-5FC6-C7A1-C780-991E9911A268 HTTP/1.1" 200 111004
205.210.31.57 - - [10/Jan/2025:01:24:30 +0100] "GET / HTTP/1.1" 404 -
193.70.81.110 - - [10/Jan/2025:01:24:30 +0100] "GET /ticket2/opencms/en/buy/?page=1&edid=848CB31F-051E-0C52-99D8-9C591CC87204&sortorder=desc&column=section HTTP/1.1" 200 110094
65.21.113.194 - - [10/Jan/2025:01:24:31 +0100] "GET /ticket2/opencms/sv/buy/?page=1&edid=BD28444D-8483-F179-3965-1E8A674294B4 HTTP/1.1" 200 124985
193.70.81.110 - - [10/Jan/2025:01:24:34 +0100] "GET /ticket2/opencms/en/buy/?page=1&edid=8E9E8C37-EF46-7ED5-7B7A-E42AF5200133&sortorder=desc&column=price HTTP/1.1" 200 112286
40.77.167.17 - - [10/Jan/2025:01:24:35 +0100] "GET /ticket2/opencms/hr/buy?page=1&edid=921154C3-BF4F-9061-5CFB-8ECC0A8A34AE HTTP/1.1" 200 109639
65.21.113.194 - - [10/Jan/2025:01:24:36 +0100] "GET /ticket2/opencms/sv/buy/?page=1&edid=BD48505E-E559-55E9-6DFD-077C302A0A13 HTTP/1.1" 200 129001
193.70.81.110 - - [10/Jan/2025:01:24:37 +0100] "GET /ticket2/opencms/en/buy/?page=1&edid=90E73B01-D791-586F-6F20-3478BF142147&sortorder=asc&column=row HTTP/1.1" 200 111903
193.70.81.110 - - [10/Jan/2025:01:24:41 +0100] "GET /ticket2/opencms/en/buy/?page=1&edid=90E73B01-D791-586F-6F20-3478BF142147&sortorder=asc&column=section HTTP/1.1" 200 112146
94.103.125.176 - - [10/Jan/2025:01:24:43 +0100] "CONNECT 193.149.189.126:7227 HTTP/1.1" 400 -
193.70.81.110 - - [10/Jan/2025:01:24:44 +0100] "GET /ticket2/opencms/en/buy/?page=1&edid=913E4DAD-A4C6-5A85-F460-A5A7913D5C05&sortorder=asc&column=row HTTP/1.1" 200 111945
40.77.167.65 - - [10/Jan/2025:01:24:46 +0100] "GET /ticket2/opencms/bs/sport/fudbalske-karte/champions-league/dinamo-zagreb HTTP/1.1" 302 -
65.21.113.194 - - [10/Jan/2025:01:24:46 +0100] "GET /ticket2/opencms/sv/buy/?page=1&edid=BD5ED709-E550-ECCC-FE1D-2E85747011DF HTTP/1.1" 200 118709
40.77.167.65 - - [10/Jan/2025:01:24:48 +0100] "GET /ticket2/opencms/de/sport/fussball-tickets/la_liga/atletico-madrid/ HTTP/1.1" 200 95605
193.70.81.110 - - [10/Jan/2025:01:24:48 +0100] "GET /ticket2/opencms/en/buy/?page=1&edid=91A90965-919C-FABC-5A4B-CBD685A20054&sortorder=asc&column=row HTTP/1.1" 200 113643
193.70.81.110 - - [10/Jan/2025:01:24:52 +0100] "GET /ticket2/opencms/en/buy/?page=1&edid=92355A80-5648-BA8F-E667-C416A90E3DD0&sortorder=desc&column=section HTTP/1.1" 200 112441
193.70.81.110 - - [10/Jan/2025:01:24:55 +0100] "GET /ticket2/opencms/en/buy/?page=1&edid=9269E4E8-F0FC-CA07-8C2F-0DE80FBAAA7B&sortorder=asc&column=section HTTP/1.1" 200 113930
85.208.96.194 - - [10/Jan/2025:01:24:55 +0100] "GET /ticket2/opencms/nl/magazine/article?title=arsenal-en-tottenham-delen-de-punten-in-een-epische-4-4-wedstrijd-op-29-oktober-2008 HTTP/1.1" 200 92843
65.21.113.194 - - [10/Jan/2025:01:24:58 +0100] "GET /ticket2/opencms/sv/buy/?page=1&edid=BD719054-11F0-C21F-E1D7-4BD8F12BE51A HTTP/1.1" 200 118684
193.70.81.110 - - [10/Jan/2025:01:24:59 +0100] "GET /ticket2/opencms/en/buy/?page=1&edid=9269E4E8-F0FC-CA07-8C2F-0DE80FBAAA7B&sortorder=desc&column=section HTTP/1.1" 200 113997
40.77.167.17 - - [10/Jan/2025:01:25:00 +0100] "GET /ticket2/opencms/ro/buy?page=1&edid=CBAF1A8A-A599-AAE9-8D31-B8707E07D44E HTTP/1.1" 200 109939
193.70.81.110 - - [10/Jan/2025:01:25:02 +0100] "GET /ticket2/opencms/en/buy/?page=1&edid=9334D162-A4DD-2F09-EA14-2FF8FE8F4CA2&sortorder=desc&column=section HTTP/1.1" 200 112857
54.36.148.166 - - [10/Jan/2025:01:25:06 +0100] "GET /ticket2/opencms/nl/buy?page=1&edid=BDF141E0-5E55-1E49-4955-1BD69DA544CA HTTP/1.1" 200 110243
193.70.81.110 - - [10/Jan/2025:01:25:06 +0100] "GET /ticket2/opencms/en/buy/?page=1&edid=93A8E489-AE58-726C-E39F-173A5C4AC3E8&sortorder=desc&column=price HTTP/1.1" 200 112200
202.8.43.132 - - [10/Jan/2025:01:25:07 +0100] "GET /ticket2/opencms/system/modules/com.gridnine.opencms.ticketbrokerage.site/resources/css/jquery-ui.css HTTP/1.1" 200 33221
202.8.43.132 - - [10/Jan/2025:01:25:07 +0100] "GET /ticket2/opencms/system/modules/com.gridnine.opencms.ticketbrokerage.site/resources/css/ticketbrokerage.css HTTP/1.1" 200 39339
202.8.43.132 - - [10/Jan/2025:01:25:07 +0100] "GET /ticket2/opencms/system/modules/com.gridnine.opencms.ticketbrokerage.site/resources/js/functions.js HTTP/1.1" 200 1583
202.8.43.132 - - [10/Jan/2025:01:25:07 +0100] "GET /ticket2/opencms/system/modules/com.gridnine.opencms.ticketbrokerage.site/resources/js/calendar-en.js HTTP/1.1" 200 3338
202.8.43.132 - - [10/Jan/2025:01:25:07 +0100] "GET /ticket2/opencms/system/modules/com.gridnine.opencms.ticketbrokerage.site/resources/css/calendar.css HTTP/1.1" 200 6871
202.8.43.132 - - [10/Jan/2025:01:25:07 +0100] "GET /ticket2/opencms/system/modules/com.gridnine.opencms.ticketbrokerage.site/resources/css/standard.css HTTP/1.1" 200 73081
202.8.43.132 - - [10/Jan/2025:01:25:07 +0100] "GET /ticket2/opencms/system/modules/com.gridnine.opencms.ticketbrokerage.site/resources/js/calendar-setup.js HTTP/1.1" 200 4923
202.8.43.132 - - [10/Jan/2025:01:25:07 +0100] "GET /ticket2/opencms/system/modules/com.gridnine.opencms.ticketbrokerage.site/resources/js/jquery/jquery.js HTTP/1.1" 200 93868
202.8.43.132 - - [10/Jan/2025:01:25:07 +0100] "GET /ticket2/opencms/system/modules/com.gridnine.opencms.ticketbrokerage.site/resources/js/jquery.fancybox.pack.js HTTP/1.1" 200 23187
202.8.43.132 - - [10/Jan/2025:01:25:07 +0100] "GET /ticket2/opencms/system/modules/com.gridnine.opencms.ticketbrokerage.site/resources/js/jquery/jquery-ui.js HTTP/1.1" 200 228088
202.8.43.132 - - [10/Jan/2025:01:25:07 +0100] "GET /ticket2/opencms/system/modules/com.gridnine.opencms.ticketbrokerage.site/resources/js/calendar.js HTTP/1.1" 200 49229
202.8.43.132 - - [10/Jan/2025:01:25:07 +0100] "GET /ticket2/opencms/system/modules/com.gridnine.opencms.ticketbrokerage.site/resources/js/standard.js HTTP/1.1" 200 3978
202.8.43.132 - - [10/Jan/2025:01:25:08 +0100] "GET /ticket2/opencms/system/modules/com.gridnine.opencms.ticketbrokerage.site/resources/js/jquery.placeholder.min.js HTTP/1.1" 200 1737
202.8.43.132 - - [10/Jan/2025:01:25:08 +0100] "GET /ticket2/opencms/system/modules/com.gridnine.opencms.ticketbrokerage.site/resources/js/common-ajax.js HTTP/1.1" 200 20175
65.21.113.194 - - [10/Jan/2025:01:25:09 +0100] "GET /ticket2/opencms/sv/buy/?page=1&edid=C2472D62-5082-1F11-D8B7-FFCB03AF0060 HTTP/1.1" 200 110808
202.8.43.132 - - [10/Jan/2025:01:25:09 +0100] "GET /ticket2/opencms/nl/ask-form.html HTTP/1.1" 200 3015
185.191.171.12 - - [10/Jan/2025:01:25:09 +0100] "GET /ticket2/opencms/ka/magazine/article?title=cole-palmer-amartlebs-matchs-da-alexander-isak-dabrunda HTTP/1.1" 200 97088
193.70.81.110 - - [10/Jan/2025:01:25:09 +0100] "GET /ticket2/opencms/en/buy/?page=1&edid=9436F676-D007-3EC8-B7AD-41F5E4AABF15&sortorder=asc&column=row HTTP/1.1" 200 112996
193.70.81.110 - - [10/Jan/2025:01:25:13 +0100] "GET /ticket2/opencms/en/buy/?page=1&edid=96929D0A-4CC9-A8E9-DBC2-1666F308A685&sortorder=asc&column=section HTTP/1.1" 200 112245
193.70.81.110 - - [10/Jan/2025:01:25:17 +0100] "GET /ticket2/opencms/en/buy/?page=1&edid=96929D0A-4CC9-A8E9-DBC2-1666F308A685&sortorder=desc&column=row HTTP/1.1" 200 111989
124.243.176.32 - - [10/Jan/2025:01:25:19 +0100] "GET /ticket2/opencms/lt/buy?page=1&edid=2684212B-FA50-DC4B-3CFA-1303E9638140 HTTP/1.1" 200 131984
114.119.141.178 - - [10/Jan/2025:01:25:20 +0100] "GET /ticket2/opencms/en/buy/?page=1&edid=B34FC5D8-17C2-148F-346E-D5A9AE0C7EAA HTTP/1.1" 200 111159
193.70.81.110 - - [10/Jan/2025:01:25:20 +0100] "GET /ticket2/opencms/en/buy/?page=1&edid=96929D0A-4CC9-A8E9-DBC2-1666F308A685&sortorder=desc&column=section HTTP/1.1" 200 112242
65.21.113.194 - - [10/Jan/2025:01:25:20 +0100] "GET /ticket2/opencms/sv/buy/?page=1&edid=C2FB40E1-BEEF-E1A4-6ED5-33C8A69FD5CE HTTP/1.1" 200 111961
47.128.49.22 - - [10/Jan/2025:01:25:23 +0100] "GET /ticket2/opencms/hu/buy/?edid=DB78564C-15B8-80D7-4417-3A2B0F9689F8 HTTP/1.1" 200 92687
40.77.167.17 - - [10/Jan/2025:01:25:23 +0100] "GET /ticket2/opencms/no/buy/?page=1&edid=43648EFF-F203-5C8B-C74A-806DA7871A83 HTTP/1.1" 200 112956
193.70.81.110 - - [10/Jan/2025:01:25:24 +0100] "GET /ticket2/opencms/en/buy/?page=1&edid=96CFE589-81C3-7666-ACE1-6B7AA155DF9D&sortorder=asc&column=price HTTP/1.1" 200 113688
54.36.148.132 - - [10/Jan/2025:01:25:24 +0100] "GET /ticket2/opencms/robots.txt HTTP/1.1" 200 773
65.21.113.194 - - [10/Jan/2025:01:25:25 +0100] "GET /ticket2/opencms/robots.txt HTTP/1.1" 200 773
65.21.113.194 - - [10/Jan/2025:01:25:25 +0100] "GET /ticket2/opencms/sv/buy/?page=1&edid=C3C2958F-64DF-91F9-F3D9-8F3CEBC7A797 HTTP/1.1" 200 118018
193.70.81.110 - - [10/Jan/2025:01:25:27 +0100] "GET /ticket2/opencms/en/buy/?page=1&edid=96CFE589-81C3-7666-ACE1-6B7AA155DF9D&sortorder=asc&column=row HTTP/1.1" 200 113602
193.70.81.110 - - [10/Jan/2025:01:25:31 +0100] "GET /ticket2/opencms/en/buy/?page=1&edid=98DC6CAD-77AD-4620-6783-1D5582C34842&sortorder=asc&column=section HTTP/1.1" 200 112223
47.128.50.187 - - [10/Jan/2025:01:25:31 +0100] "GET /ticket2/opencms/fi/venue/?venueid=5A418B6B-801E-D3D5-FCE2-DE803F28D272 HTTP/1.1" 200 86578
65.21.113.194 - - [10/Jan/2025:01:25:31 +0100] "GET /ticket2/opencms/sv/buy/?page=1&edid=C4141B0C-454E-2CA8-556F-909E6DA54D22 HTTP/1.1" 200 134763
52.167.144.24 - - [10/Jan/2025:01:25:32 +0100] "GET /ticket2/opencms/et/buy/?page=1&edid=B63A2D15-1363-3F7D-6FAD-9E0AE65FC077 HTTP/1.1" 200 111984
193.70.81.110 - - [10/Jan/2025:01:25:34 +0100] "GET /ticket2/opencms/en/buy/?page=1&edid=99E4E057-784A-91C1-7B12-45802B1F86CF&sortorder=desc&column=price HTTP/1.1" 200 113219
65.21.113.194 - - [10/Jan/2025:01:25:36 +0100] "GET /ticket2/opencms/sv/buy/?page=1&edid=C49A930A-3CDD-7FC6-981C-4D6ED2E66AA8 HTTP/1.1" 200 111916
193.70.81.110 - - [10/Jan/2025:01:25:38 +0100] "GET /ticket2/opencms/en/buy/?page=1&edid=99E4E057-784A-91C1-7B12-45802B1F86CF&sortorder=desc&column=row HTTP/1.1" 200 113087
65.21.113.194 - - [10/Jan/2025:01:25:40 +0100] "GET /ticket2/opencms/sv/buy/?page=1&edid=C4A85847-D040-EB89-2141-54F1A8B66277 HTTP/1.1" 200 114714
193.70.81.110 - - [10/Jan/2025:01:25:42 +0100] "GET /ticket2/opencms/en/buy/?page=1&edid=99E4E057-784A-91C1-7B12-45802B1F86CF&sortorder=desc&column=section HTTP/1.1" 200 113293
65.21.113.194 - - [10/Jan/2025:01:25:44 +0100] "GET /ticket2/opencms/sv/buy/?page=1&edid=C5373375-4DE5-4C49-7106-5A73E303534C HTTP/1.1" 200 108742
193.70.81.110 - - [10/Jan/2025:01:25:46 +0100] "GET /ticket2/opencms/en/buy/?page=1&edid=99E9CEAD-E564-4C9C-3F3B-25F0D20C4C8C&sortorder=asc&column=price HTTP/1.1" 200 112551
52.167.144.24 - - [10/Jan/2025:01:25:46 +0100] "GET /ticket2/opencms/bg/magazine/article?title=viktor-gokeres-v-manchestur-yunajted HTTP/1.1" 200 94192
65.21.113.194 - - [10/Jan/2025:01:25:49 +0100] "GET /ticket2/opencms/sv/buy/?page=1&edid=C5944089-4BA1-6638-58B6-EE4373B33715 HTTP/1.1" 200 118158
193.70.81.110 - - [10/Jan/2025:01:25:49 +0100] "GET /ticket2/opencms/en/buy/?page=1&edid=99E9CEAD-E564-4C9C-3F3B-25F0D20C4C8C&sortorder=asc&column=row HTTP/1.1" 200 112467
85.208.96.197 - - [10/Jan/2025:01:25:51 +0100] "GET /ticket2/opencms/es/magazine/article?title=william-alain-andre-gabriel-saliba HTTP/1.1" 200 94081
216.244.66.238 - - [10/Jan/2025:01:25:51 +0100] "GET /ticket2/opencms/dk/sv/sell/?edid=F675517E-77A1-26BF-A8E7-E48FFFB49370 HTTP/1.1" 404 -
193.70.81.110 - - [10/Jan/2025:01:25:53 +0100] "GET /ticket2/opencms/en/buy/?page=1&edid=99E9CEAD-E564-4C9C-3F3B-25F0D20C4C8C&sortorder=asc&column=section HTTP/1.1" 200 112727
65.21.113.194 - - [10/Jan/2025:01:25:53 +0100] "GET /ticket2/opencms/sv/buy/?page=1&edid=C5E6BD6B-6997-F99C-5497-F6687FA84598 HTTP/1.1" 200 108669
85.208.96.200 - - [10/Jan/2025:01:25:54 +0100] "GET /ticket2/opencms/sv/sport/fotbollsbiljetter/uefa-europa-league/liverpool/ HTTP/1.1" 200 87081
193.70.81.110 - - [10/Jan/2025:01:25:56 +0100] "GET /ticket2/opencms/en/buy/?page=1&edid=9A05EF4D-4376-E584-2657-07D966D7B743&sortorder=asc&column=price HTTP/1.1" 200 112913
65.21.113.194 - - [10/Jan/2025:01:25:57 +0100] "GET /ticket2/opencms/sv/buy/?page=1&edid=C8B54E4D-ACCA-9CAC-8303-90318E9CF170 HTTP/1.1" 200 111748
193.70.81.110 - - [10/Jan/2025:01:26:00 +0100] "GET /ticket2/opencms/en/buy/?page=1&edid=9AD4B11B-4601-F5E9-C96F-7BECC055632D&sortorder=asc&column=row HTTP/1.1" 200 113475
207.46.13.157 - - [10/Jan/2025:01:26:00 +0100] "GET /ticket2/opencms/lt/buy?page=6&comcatid=A17713B6-D984-201A-4143-ED4DB5ED5C2E&catid=D8B345C9-F7A5-E620-4B43-C34EB0D6885B&eventid=79608D61-AAF5-D175-02C0-7A0FB72F565C HTTP/1.1" 200 6410
66.249.64.130 - - [10/Jan/2025:01:26:00 +0100] "GET /ticket2/opencms/dk/buy/?page=1&edid=19A761E2-EB58-E3A3-8138-A7C6E39C2D3E HTTP/1.1" 200 108438
65.21.113.194 - - [10/Jan/2025:01:26:02 +0100] "GET /ticket2/opencms/sv/buy/?page=1&edid=CA5B0C82-DB36-D129-88EF-15CA8AFD33CA HTTP/1.1" 200 108677
216.244.66.196 - - [10/Jan/2025:01:26:02 +0100] "GET /ticket2/opencms/robots.txt HTTP/1.1" 200 773
193.70.81.110 - - [10/Jan/2025:01:26:03 +0100] "GET /ticket2/opencms/en/buy/?page=1&edid=A24D0DA7-71BD-F9A1-6BB3-71061AAB8BC1&sortorder=desc&column=row HTTP/1.1" 200 113048
193.70.81.110 - - [10/Jan/2025:01:26:07 +0100] "GET /ticket2/opencms/en/buy/?page=1&edid=A2BE7168-4845-F8FA-2E68-63757EE4B44F&sortorder=asc&column=price HTTP/1.1" 200 112531
85.208.96.210 - - [10/Jan/2025:01:26:07 +0100] "GET /ticket2/opencms/en/buy_safety HTTP/1.1" 200 88717
65.21.113.194 - - [10/Jan/2025:01:26:08 +0100] "GET /ticket2/opencms/sv/buy/?page=1&edid=CA75E809-BFD6-00F7-5534-3C8924D19545 HTTP/1.1" 200 108686
185.191.171.15 - - [10/Jan/2025:01:26:08 +0100] "GET /ticket2/opencms/at/buying_tickets HTTP/1.1" 200 86077
54.36.149.48 - - [10/Jan/2025:01:26:10 +0100] "GET /ticket2/opencms/cs/buy?page=1&edid=DE7FBF5B-9DCC-CEE2-6DAD-A4ECB73A57FF HTTP/1.1" 200 136746
193.70.81.110 - - [10/Jan/2025:01:26:10 +0100] "GET /ticket2/opencms/en/buy/?page=1&edid=A4EE11B1-B3D4-D52A-3C61-6012CDBB96C3&sortorder=asc&column=price HTTP/1.1" 200 111980
202.8.41.48 - - [10/Jan/2025:01:26:11 +0100] "GET /ticket2/opencms/system/modules/com.gridnine.opencms.ticketbrokerage.site/resources/css/standard.css HTTP/1.1" 200 73081
202.8.41.48 - - [10/Jan/2025:01:26:11 +0100] "GET /ticket2/opencms/system/modules/com.gridnine.opencms.ticketbrokerage.site/resources/css/calendar.css HTTP/1.1" 200 6871
202.8.41.48 - - [10/Jan/2025:01:26:11 +0100] "GET /ticket2/opencms/system/modules/com.gridnine.opencms.ticketbrokerage.site/resources/css/jquery-ui.css HTTP/1.1" 200 33221
202.8.41.48 - - [10/Jan/2025:01:26:11 +0100] "GET /ticket2/opencms/system/modules/com.gridnine.opencms.ticketbrokerage.site/resources/css/jquery.fancybox.css HTTP/1.1" 200 4939
202.8.41.48 - - [10/Jan/2025:01:26:12 +0100] "GET /ticket2/opencms/system/modules/com.gridnine.opencms.ticketbrokerage.site/resources/css/ticketbrokerage.css HTTP/1.1" 200 39339
202.8.41.48 - - [10/Jan/2025:01:26:12 +0100] "GET /ticket2/opencms/system/modules/com.gridnine.opencms.ticketbrokerage.site/resources/js/jquery/jquery.js HTTP/1.1" 200 93868
202.8.41.48 - - [10/Jan/2025:01:26:12 +0100] "GET /ticket2/opencms/system/modules/com.gridnine.opencms.ticketbrokerage.site/resources/js/calendar-en.js HTTP/1.1" 200 3338
202.8.41.48 - - [10/Jan/2025:01:26:12 +0100] "GET /ticket2/opencms/system/modules/com.gridnine.opencms.ticketbrokerage.site/resources/js/calendar.js HTTP/1.1" 200 49229
202.8.41.48 - - [10/Jan/2025:01:26:12 +0100] "GET /ticket2/opencms/system/modules/com.gridnine.opencms.ticketbrokerage.site/resources/js/jquery/jquery-ui.js HTTP/1.1" 200 228088
202.8.41.48 - - [10/Jan/2025:01:26:12 +0100] "GET /ticket2/opencms/system/modules/com.gridnine.opencms.ticketbrokerage.site/resources/js/calendar-setup.js HTTP/1.1" 200 4923
202.8.41.48 - - [10/Jan/2025:01:26:12 +0100] "GET /ticket2/opencms/system/modules/com.gridnine.opencms.ticketbrokerage.site/resources/js/jquery.fancybox.pack.js HTTP/1.1" 200 23187
202.8.41.48 - - [10/Jan/2025:01:26:12 +0100] "GET /ticket2/opencms/system/modules/com.gridnine.opencms.ticketbrokerage.site/resources/js/stickyfill.min.js HTTP/1.1" 200 5672
202.8.41.48 - - [10/Jan/2025:01:26:12 +0100] "GET /ticket2/opencms/system/modules/com.gridnine.opencms.ticketbrokerage.site/resources/js/functions.js HTTP/1.1" 200 1583
202.8.41.48 - - [10/Jan/2025:01:26:12 +0100] "GET /ticket2/opencms/system/modules/com.gridnine.opencms.ticketbrokerage.site/resources/js/standard.js HTTP/1.1" 200 3978
202.8.41.48 - - [10/Jan/2025:01:26:12 +0100] "GET /ticket2/opencms/system/modules/com.gridnine.opencms.ticketbrokerage.site/resources/js/jquery.placeholder.min.js HTTP/1.1" 200 1737
202.8.41.48 - - [10/Jan/2025:01:26:12 +0100] "GET /ticket2/opencms/system/modules/com.gridnine.opencms.ticketbrokerage.site/resources/js/common-ajax.js HTTP/1.1" 200 20175
202.8.41.48 - - [10/Jan/2025:01:26:12 +0100] "GET /ticket2/opencms/cs/ask-form.html HTTP/1.1" 200 3156
202.8.41.48 - - [10/Jan/2025:01:26:12 +0100] "GET /ticket2/opencms/cs/ask-form.html HTTP/1.1" 200 3156
65.21.113.194 - - [10/Jan/2025:01:26:12 +0100] "GET /ticket2/opencms/sv/buy/?page=1&edid=CA915B50-9092-CC2A-1D54-906B1D5B9927 HTTP/1.1" 200 108655
202.8.41.48 - - [10/Jan/2025:01:26:12 +0100] "GET /ticket2/opencms/system/modules/com.gridnine.opencms.ticketbrokerage.site/resources/css/ticketbrokerage.css HTTP/1.1" 200 39339
34.75.55.252 - - [10/Jan/2025:01:26:14 +0100] "GET /ticket2/opencms/bg/ HTTP/1.0" 200 102432
193.70.81.110 - - [10/Jan/2025:01:26:14 +0100] "GET /ticket2/opencms/en/buy/?page=1&edid=A4EE11B1-B3D4-D52A-3C61-6012CDBB96C3&sortorder=desc&column=row HTTP/1.1" 200 112011
47.128.40.23 - - [10/Jan/2025:01:26:16 +0100] "GET /ticket2/opencms/sr/buy/?edid=BBDCFF44-A079-9CCB-8C5C-39D3B38A634D HTTP/1.1" 200 92965
65.21.113.194 - - [10/Jan/2025:01:26:17 +0100] "GET /ticket2/opencms/sv/buy/?page=1&edid=CB9583C2-830F-C234-1777-18BB6FF1FE1C HTTP/1.1" 200 108716
193.70.81.110 - - [10/Jan/2025:01:26:17 +0100] "GET /ticket2/opencms/en/buy/?page=1&edid=A53DD4D4-5550-1BDF-998A-437CE126B517&sortorder=desc&column=price HTTP/1.1" 200 113179
193.70.81.110 - - [10/Jan/2025:01:26:21 +0100] "GET /ticket2/opencms/en/buy/?page=1&edid=A53DD4D4-5550-1BDF-998A-437CE126B517&sortorder=desc&column=row HTTP/1.1" 200 113076
65.21.113.194 - - [10/Jan/2025:01:26:22 +0100] "GET /ticket2/opencms/sv/buy/?page=1&edid=CBDF47AD-F7D8-A677-7E8E-783C31186D97 HTTP/1.1" 200 108729
193.70.81.110 - - [10/Jan/2025:01:26:25 +0100] "GET /ticket2/opencms/en/buy/?page=1&edid=A5425041-15AD-37BB-552C-D8E28A45D934&sortorder=desc&column=section HTTP/1.1" 200 113828
114.119.148.14 - - [10/Jan/2025:01:26:26 +0100] "GET /ticket2/opencms/en/venue/?countryid=DB82417F-35E8-BF3C-287A-21ECAFBB9DD1 HTTP/1.1" 200 114343
65.21.113.194 - - [10/Jan/2025:01:26:26 +0100] "GET /ticket2/opencms/sv/buy/?page=1&edid=CDC8380D-9E34-4AA8-C5EB-B98118612E7B HTTP/1.1" 200 121567
193.70.81.110 - - [10/Jan/2025:01:26:29 +0100] "GET /ticket2/opencms/en/buy/?page=1&edid=A78A72B3-2814-DC13-6F59-77132C171711&sortorder=desc&column=price HTTP/1.1" 200 113161
65.21.113.194 - - [10/Jan/2025:01:26:31 +0100] "GET /ticket2/opencms/sv/buy/?page=1&edid=CE14821B-D021-D288-1C4B-D1BD4F4FA42F HTTP/1.1" 200 111800
