194.230.148.217 - - [10/Jan/2025:01:33:13 +0100] "GET /ticket2/opencms/system/modules/com.gridnine.opencms.ticketbrokerage.site/resources/js/functions.js HTTP/1.1" 200 1583
194.230.148.217 - - [10/Jan/2025:01:33:13 +0100] "GET /ticket2/opencms/system/modules/com.gridnine.opencms.ticketbrokerage.site/resources/js/standard.js HTTP/1.1" 200 3978
194.230.148.217 - - [10/Jan/2025:01:33:13 +0100] "GET /ticket2/opencms/it/ask-form.html HTTP/1.1" 200 3156
194.230.148.217 - - [10/Jan/2025:01:33:13 +0100] "GET /ticket2/opencms/system/modules/com.gridnine.opencms.ticketbrokerage.site/resources/css/ticketbrokerage.css HTTP/1.1" 200 39339
65.21.113.194 - - [10/Jan/2025:01:33:17 +0100] "GET /ticket2/opencms/sv/buy/?page=1&edid=FBCB4DB4-95C2-2162-161E-CFE6F76BC5CD HTTP/1.1" 200 108659
65.21.113.194 - - [10/Jan/2025:01:33:21 +0100] "GET /ticket2/opencms/sv/buy/?page=1&edid=FBDD6D75-E50D-E656-DD0D-140A87A57CDC HTTP/1.1" 200 111665
65.21.113.194 - - [10/Jan/2025:01:33:25 +0100] "GET /ticket2/opencms/sv/buy/?page=1&edid=FC400B0C-3F35-28FE-BA32-45A117020656 HTTP/1.1" 200 112022
216.244.66.238 - - [10/Jan/2025:01:33:27 +0100] "GET /ticket2/opencms/fi/search.html?searchQuery=Calgary+Flames HTTP/1.1" 200 97644
47.128.38.242 - - [10/Jan/2025:01:33:28 +0100] "GET /ticket2/opencms/hu/buy/?edid=2FC0C730-CDF2-92B9-F11A-5B4B69410553 HTTP/1.1" 200 92661
65.21.113.194 - - [10/Jan/2025:01:33:30 +0100] "GET /ticket2/opencms/sv/buy/?page=1&edid=FCEB71A3-C27D-C49F-469F-2CB5939452EE HTTP/1.1" 200 134268
47.128.99.139 - - [10/Jan/2025:01:33:31 +0100] "GET /ticket2/opencms/sk/about/press HTTP/1.1" 200 88521
47.128.99.139 - - [10/Jan/2025:01:33:32 +0100] "GET /ticket2/opencms/system/modules/com.gridnine.opencms.ticketbrokerage.site/resources/css/images/event-banner.png HTTP/1.1" 404 -
65.21.113.194 - - [10/Jan/2025:01:33:34 +0100] "GET /ticket2/opencms/robots.txt HTTP/1.1" 200 773
65.21.113.194 - - [10/Jan/2025:01:33:34 +0100] "GET /ticket2/opencms/sv/buy/?page=1&edid=FCF728A3-440F-219A-F294-671476E9F932 HTTP/1.1" 200 114745
114.119.154.207 - - [10/Jan/2025:01:33:35 +0100] "GET /ticket2/opencms/en/venue/?venueid=9C7E5E60-E5C4-2B9C-9F16-945F0107847B HTTP/1.1" 200 85139
65.21.113.194 - - [10/Jan/2025:01:33:38 +0100] "GET /ticket2/opencms/sv/buy/?page=1&edid=FDBFACD9-E01A-CBEB-FBF2-160E9CEDBACD HTTP/1.1" 200 108809
143.58.221.3 - - [10/Jan/2025:01:33:39 +0100] "GET /ticket2/opencms/set_aff_cookie.jsp?partner=53673ED6-1455-FA54-818F-B1F67121E37C&url=/en/buy/index.html%3Fpage%3D1%26edid%3D8E8E9404-172C-6C57-7F68-EAFC3F95D1AC%26hlv%3D666d44fb-f2f4-4aee-a95d-5bd20a01000f%23v1032899897 HTTP/1.1" 200 225
54.36.148.141 - - [10/Jan/2025:01:33:39 +0100] "GET /ticket2/opencms/sk/buy?page=1&edid=D3AB0CA8-3C40-1AB9-8BEC-7D01F349EB4E HTTP/1.1" 200 137643
143.58.221.3 - - [10/Jan/2025:01:33:40 +0100] "GET /ticket2/opencms/en/buy/?page=1&edid=8E8E9404-172C-6C57-7F68-EAFC3F95D1AC&hlv=666d44fb-f2f4-4aee-a95d-5bd20a01000f HTTP/1.1" 200 138271
143.58.221.3 - - [10/Jan/2025:01:33:40 +0100] "GET /ticket2/opencms/system/modules/com.gridnine.opencms.ticketbrokerage.site/resources/js/jquery/jquery.js HTTP/1.1" 200 93868
202.8.40.168 - - [10/Jan/2025:01:33:40 +0100] "GET /ticket2/opencms/system/modules/com.gridnine.opencms.ticketbrokerage.site/resources/css/jquery.fancybox.css HTTP/1.1" 200 4939
202.8.40.168 - - [10/Jan/2025:01:33:40 +0100] "GET /ticket2/opencms/system/modules/com.gridnine.opencms.ticketbrokerage.site/resources/css/jquery-ui.css HTTP/1.1" 200 33221
202.8.40.168 - - [10/Jan/2025:01:33:40 +0100] "GET /ticket2/opencms/system/modules/com.gridnine.opencms.ticketbrokerage.site/resources/css/standard.css HTTP/1.1" 200 73081
202.8.40.168 - - [10/Jan/2025:01:33:40 +0100] "GET /ticket2/opencms/system/modules/com.gridnine.opencms.ticketbrokerage.site/resources/css/calendar.css HTTP/1.1" 200 6871
202.8.40.168 - - [10/Jan/2025:01:33:40 +0100] "GET /ticket2/opencms/system/modules/com.gridnine.opencms.ticketbrokerage.site/resources/css/ticketbrokerage.css HTTP/1.1" 200 39339
202.8.40.168 - - [10/Jan/2025:01:33:40 +0100] "GET /ticket2/opencms/system/modules/com.gridnine.opencms.ticketbrokerage.site/resources/js/jquery/jquery.js HTTP/1.1" 200 93868
143.58.221.3 - - [10/Jan/2025:01:33:40 +0100] "GET /ticket2/opencms/system/modules/com.gridnine.opencms.ticketbrokerage.site/resources/js/jquery/jquery-ui.js HTTP/1.1" 200 228088
143.58.221.3 - - [10/Jan/2025:01:33:40 +0100] "GET /ticket2/opencms/system/modules/com.gridnine.opencms.ticketbrokerage.site/resources/css/jquery-ui.css HTTP/1.1" 200 33221
143.58.221.3 - - [10/Jan/2025:01:33:40 +0100] "GET /ticket2/opencms/system/modules/com.gridnine.opencms.ticketbrokerage.site/resources/css/ticketbrokerage.css HTTP/1.1" 200 39339
143.58.221.3 - - [10/Jan/2025:01:33:40 +0100] "GET /ticket2/opencms/system/modules/com.gridnine.opencms.ticketbrokerage.site/resources/css/calendar.css HTTP/1.1" 200 6871
143.58.221.3 - - [10/Jan/2025:01:33:40 +0100] "GET /ticket2/opencms/system/modules/com.gridnine.opencms.ticketbrokerage.site/resources/css/jquery.fancybox.css HTTP/1.1" 200 4939
143.58.221.3 - - [10/Jan/2025:01:33:40 +0100] "GET /ticket2/opencms/system/modules/com.gridnine.opencms.ticketbrokerage.site/resources/css/standard.css HTTP/1.1" 200 73081
202.8.40.168 - - [10/Jan/2025:01:33:40 +0100] "GET /ticket2/opencms/system/modules/com.gridnine.opencms.ticketbrokerage.site/resources/js/jquery/jquery-ui.js HTTP/1.1" 200 228088
202.8.40.168 - - [10/Jan/2025:01:33:40 +0100] "GET /ticket2/opencms/system/modules/com.gridnine.opencms.ticketbrokerage.site/resources/js/functions.js HTTP/1.1" 200 1583
202.8.40.168 - - [10/Jan/2025:01:33:40 +0100] "GET /ticket2/opencms/system/modules/com.gridnine.opencms.ticketbrokerage.site/resources/js/calendar-en.js HTTP/1.1" 200 3338
202.8.40.168 - - [10/Jan/2025:01:33:40 +0100] "GET /ticket2/opencms/system/modules/com.gridnine.opencms.ticketbrokerage.site/resources/js/calendar.js HTTP/1.1" 200 49229
202.8.40.168 - - [10/Jan/2025:01:33:40 +0100] "GET /ticket2/opencms/system/modules/com.gridnine.opencms.ticketbrokerage.site/resources/js/calendar-setup.js HTTP/1.1" 200 4923
143.58.221.3 - - [10/Jan/2025:01:33:40 +0100] "GET /ticket2/opencms/system/modules/com.gridnine.opencms.ticketbrokerage.site/resources/js/functions.js HTTP/1.1" 200 1583
143.58.221.3 - - [10/Jan/2025:01:33:40 +0100] "GET /ticket2/opencms/system/modules/com.gridnine.opencms.ticketbrokerage.site/resources/js/calendar.js HTTP/1.1" 200 49229
143.58.221.3 - - [10/Jan/2025:01:33:40 +0100] "GET /ticket2/opencms/system/modules/com.gridnine.opencms.ticketbrokerage.site/resources/js/calendar-en.js HTTP/1.1" 200 3338
143.58.221.3 - - [10/Jan/2025:01:33:40 +0100] "GET /ticket2/opencms/system/modules/com.gridnine.opencms.ticketbrokerage.site/resources/js/calendar-setup.js HTTP/1.1" 200 4923
143.58.221.3 - - [10/Jan/2025:01:33:40 +0100] "GET /ticket2/opencms/system/modules/com.gridnine.opencms.ticketbrokerage.site/resources/js/jquery.fancybox.pack.js HTTP/1.1" 200 23187
143.58.221.3 - - [10/Jan/2025:01:33:40 +0100] "GET /ticket2/opencms/system/modules/com.gridnine.opencms.ticketbrokerage.site/resources/js/stickyfill.min.js HTTP/1.1" 200 5672
202.8.40.168 - - [10/Jan/2025:01:33:40 +0100] "GET /ticket2/opencms/system/modules/com.gridnine.opencms.ticketbrokerage.site/resources/js/standard.js HTTP/1.1" 200 3978
202.8.40.168 - - [10/Jan/2025:01:33:40 +0100] "GET /ticket2/opencms/system/modules/com.gridnine.opencms.ticketbrokerage.site/resources/js/jquery.fancybox.pack.js HTTP/1.1" 200 23187
143.58.221.3 - - [10/Jan/2025:01:33:40 +0100] "GET /ticket2/opencms/system/modules/com.gridnine.opencms.ticketbrokerage.site/resources/js/standard.js HTTP/1.1" 200 3978
202.8.40.168 - - [10/Jan/2025:01:33:40 +0100] "GET /ticket2/opencms/system/modules/com.gridnine.opencms.ticketbrokerage.site/resources/js/stickyfill.min.js HTTP/1.1" 200 5672
143.58.221.3 - - [10/Jan/2025:01:33:40 +0100] "GET /ticket2/opencms/system/modules/com.gridnine.opencms.ticketbrokerage.site/resources/js/jquery.placeholder.min.js HTTP/1.1" 200 1737
143.58.221.3 - - [10/Jan/2025:01:33:40 +0100] "GET /ticket2/opencms/system/modules/com.gridnine.opencms.ticketbrokerage.site/resources/js/common-ajax.js HTTP/1.1" 200 20175
143.58.221.3 - - [10/Jan/2025:01:33:40 +0100] "GET /ticket2/opencms/img/insta.png HTTP/1.1" 200 3967
143.58.221.3 - - [10/Jan/2025:01:33:40 +0100] "GET /ticket2/opencms/system/modules/com.gridnine.opencms.ticketbrokerage.site/resources/pics/logo-new.png HTTP/1.1" 200 13541
202.8.40.168 - - [10/Jan/2025:01:33:40 +0100] "GET /ticket2/opencms/system/modules/com.gridnine.opencms.ticketbrokerage.site/resources/js/jquery.placeholder.min.js HTTP/1.1" 200 1737
143.58.221.3 - - [10/Jan/2025:01:33:40 +0100] "GET /ticket2/opencms/system/modules/com.gridnine.opencms.ticketbrokerage.site/resources/pics/0.gif HTTP/1.1" 200 43
143.58.221.3 - - [10/Jan/2025:01:33:40 +0100] "GET /ticket2/opencms/venue/stamford_bridge.png HTTP/1.1" 200 51972
143.58.221.3 - - [10/Jan/2025:01:33:40 +0100] "GET /ticket2/opencms/img/icons/globe-white.png HTTP/1.1" 200 947
143.58.221.3 - - [10/Jan/2025:01:33:41 +0100] "GET /ticket2/opencms/en/ask-form.html HTTP/1.1" 200 3146
202.8.40.168 - - [10/Jan/2025:01:33:41 +0100] "GET /ticket2/opencms/system/modules/com.gridnine.opencms.ticketbrokerage.site/resources/js/common-ajax.js HTTP/1.1" 200 20175
202.8.40.168 - - [10/Jan/2025:01:33:41 +0100] "GET /ticket2/opencms/sk/ask-form.html HTTP/1.1" 200 3156
143.58.221.3 - - [10/Jan/2025:01:33:41 +0100] "GET /ticket2/opencms/img/icons/fi.png HTTP/1.1" 200 1785
202.8.40.168 - - [10/Jan/2025:01:33:41 +0100] "GET /ticket2/opencms/sk/ask-form.html HTTP/1.1" 200 3156
143.58.221.3 - - [10/Jan/2025:01:33:41 +0100] "GET /ticket2/opencms/img/fb.png HTTP/1.1" 200 1269
143.58.221.3 - - [10/Jan/2025:01:33:41 +0100] "GET /ticket2/opencms/system/modules/com.gridnine.opencms.ticketbrokerage.site/resources/css/ticketbrokerage.css HTTP/1.1" 200 39339
143.58.221.3 - - [10/Jan/2025:01:33:41 +0100] "GET /ticket2/opencms/img/icons/se.png HTTP/1.1" 200 1258
143.58.221.3 - - [10/Jan/2025:01:33:41 +0100] "GET /ticket2/opencms/system/modules/com.gridnine.opencms.ticketbrokerage.site/resources/pics/ticket_info_button.png HTTP/1.1" 200 3820
143.58.221.3 - - [10/Jan/2025:01:33:41 +0100] "GET /ticket2/opencms/system/modules/com.gridnine.opencms.ticketbrokerage.site/resources/pics/two_man.png HTTP/1.1" 200 3407
202.8.40.168 - - [10/Jan/2025:01:33:41 +0100] "GET /ticket2/opencms/system/modules/com.gridnine.opencms.ticketbrokerage.site/resources/css/ticketbrokerage.css HTTP/1.1" 200 39339
143.58.221.3 - - [10/Jan/2025:01:33:41 +0100] "GET /ticket2/opencms/img/icons/no.png HTTP/1.1" 200 1958
143.58.221.3 - - [10/Jan/2025:01:33:41 +0100] "GET /ticket2/opencms/system/modules/com.gridnine.opencms.ticketbrokerage.site/resources/pics/footer-img.jpg HTTP/1.1" 200 67642
143.58.221.3 - - [10/Jan/2025:01:33:41 +0100] "GET /ticket2/opencms/img/chat.png HTTP/1.1" 200 416
143.58.221.3 - - [10/Jan/2025:01:33:41 +0100] "GET /ticket2/opencms/img/mail.png HTTP/1.1" 200 403
143.58.221.3 - - [10/Jan/2025:01:33:41 +0100] "GET /ticket2/opencms/img/icons/dk.png HTTP/1.1" 200 1706
143.58.221.3 - - [10/Jan/2025:01:33:41 +0100] "GET /ticket2/opencms/img/check.png HTTP/1.1" 200 548
143.58.221.3 - - [10/Jan/2025:01:33:41 +0100] "GET /ticket2/opencms/img/arrow.png HTTP/1.1" 200 753
143.58.221.3 - - [10/Jan/2025:01:33:41 +0100] "GET /ticket2/opencms/img/icons/de.png HTTP/1.1" 200 1124
143.58.221.3 - - [10/Jan/2025:01:33:41 +0100] "GET /ticket2/opencms/system/modules/com.gridnine.opencms.ticketbrokerage.site/resources/pics/arrow.gif HTTP/1.1" 200 344
143.58.221.3 - - [10/Jan/2025:01:33:41 +0100] "GET /ticket2/opencms/system/modules/com.gridnine.opencms.ticketbrokerage.site/resources/pics/button1_left.gif HTTP/1.1" 200 232
143.58.221.3 - - [10/Jan/2025:01:33:41 +0100] "GET /ticket2/opencms/system/modules/com.gridnine.opencms.ticketbrokerage.site/resources/pics/form_marker.gif HTTP/1.1" 200 43
143.58.221.3 - - [10/Jan/2025:01:33:41 +0100] "GET /ticket2/opencms/system/modules/com.gridnine.opencms.ticketbrokerage.site/resources/pics/button1_center.gif HTTP/1.1" 200 66
143.58.221.3 - - [10/Jan/2025:01:33:41 +0100] "GET /ticket2/opencms/img/icons/sq.png HTTP/1.1" 200 1619
143.58.221.3 - - [10/Jan/2025:01:33:41 +0100] "GET /ticket2/opencms/system/modules/com.gridnine.opencms.ticketbrokerage.site/resources/pics/button1_right.gif HTTP/1.1" 200 232
85.208.96.196 - - [10/Jan/2025:01:33:41 +0100] "GET /ticket2/opencms/it/magazine/article?title=manchester-city-7-partite-senza-vittoria HTTP/1.1" 200 94336
143.58.221.3 - - [10/Jan/2025:01:33:41 +0100] "GET /ticket2/opencms/img/icons/be.png HTTP/1.1" 200 1663
143.58.221.3 - - [10/Jan/2025:01:33:41 +0100] "GET /ticket2/opencms/img/icons/es.png HTTP/1.1" 200 1005
143.58.221.3 - - [10/Jan/2025:01:33:41 +0100] "GET /ticket2/opencms/img/icons/bs.png HTTP/1.1" 200 1014
143.58.221.3 - - [10/Jan/2025:01:33:41 +0100] "GET /ticket2/opencms/img/icons/hr.png HTTP/1.1" 200 2024
143.58.221.3 - - [10/Jan/2025:01:33:41 +0100] "GET /ticket2/opencms/img/icons/nl.png HTTP/1.1" 200 1255
143.58.221.3 - - [10/Jan/2025:01:33:41 +0100] "GET /ticket2/opencms/img/icons/it.png HTTP/1.1" 200 2040
143.58.221.3 - - [10/Jan/2025:01:33:41 +0100] "GET /ticket2/opencms/img/icons/fr.png HTTP/1.1" 200 1764
143.58.221.3 - - [10/Jan/2025:01:33:41 +0100] "GET /ticket2/opencms/img/icons/pl.png HTTP/1.1" 200 1578
143.58.221.3 - - [10/Jan/2025:01:33:41 +0100] "GET /ticket2/opencms/img/icons/cs.png HTTP/1.1" 200 1883
143.58.221.3 - - [10/Jan/2025:01:33:41 +0100] "GET /ticket2/opencms/img/icons/et.png HTTP/1.1" 200 754
143.58.221.3 - - [10/Jan/2025:01:33:41 +0100] "GET /ticket2/opencms/img/icons/el.png HTTP/1.1" 200 1637
143.58.221.3 - - [10/Jan/2025:01:33:41 +0100] "GET /ticket2/opencms/img/icons/ka.png HTTP/1.1" 200 860
143.58.221.3 - - [10/Jan/2025:01:33:41 +0100] "GET /ticket2/opencms/img/icons/hy.png HTTP/1.1" 200 1170
143.58.221.3 - - [10/Jan/2025:01:33:41 +0100] "GET /ticket2/opencms/img/icons/hu.png HTTP/1.1" 200 733
143.58.221.3 - - [10/Jan/2025:01:33:41 +0100] "GET /ticket2/opencms/img/icons/bg.png HTTP/1.1" 200 788
143.58.221.3 - - [10/Jan/2025:01:33:41 +0100] "GET /ticket2/opencms/img/icons/is.png HTTP/1.1" 200 1884
143.58.221.3 - - [10/Jan/2025:01:33:41 +0100] "GET /ticket2/opencms/img/icons/az.png HTTP/1.1" 200 1445
143.58.221.3 - - [10/Jan/2025:01:33:41 +0100] "GET /ticket2/opencms/img/icons/lv.png HTTP/1.1" 200 716
143.58.221.3 - - [10/Jan/2025:01:33:41 +0100] "GET /ticket2/opencms/img/icons/lt.png HTTP/1.1" 200 733
143.58.221.3 - - [10/Jan/2025:01:33:41 +0100] "GET /ticket2/opencms/img/icons/mk.png HTTP/1.1" 200 1405
143.58.221.3 - - [10/Jan/2025:01:33:41 +0100] "GET /ticket2/opencms/img/icons/ga.png HTTP/1.1" 200 1759
143.58.221.3 - - [10/Jan/2025:01:33:41 +0100] "GET /ticket2/opencms/img/icons/mt.png HTTP/1.1" 200 920
143.58.221.3 - - [10/Jan/2025:01:33:41 +0100] "GET /ticket2/opencms/img/icons/mo.png HTTP/1.1" 200 1468
143.58.221.3 - - [10/Jan/2025:01:33:41 +0100] "GET /ticket2/opencms/img/icons/ro.png HTTP/1.1" 200 1393
143.58.221.3 - - [10/Jan/2025:01:33:41 +0100] "GET /ticket2/opencms/img/icons/sr.png HTTP/1.1" 200 1602
143.58.221.3 - - [10/Jan/2025:01:33:41 +0100] "GET /ticket2/opencms/img/icons/sl.png HTTP/1.1" 200 966
143.58.221.3 - - [10/Jan/2025:01:33:41 +0100] "GET /ticket2/opencms/img/icons/sk.png HTTP/1.1" 200 1283
143.58.221.3 - - [10/Jan/2025:01:33:41 +0100] "GET /ticket2/opencms/img/icons/uk.png HTTP/1.1" 200 1272
143.58.221.3 - - [10/Jan/2025:01:33:41 +0100] "GET /ticket2/opencms/img/icons/tr.png HTTP/1.1" 200 1636
143.58.221.3 - - [10/Jan/2025:01:33:41 +0100] "GET /ticket2/opencms/img/arrow-down.png HTTP/1.1" 200 192
143.58.221.3 - - [10/Jan/2025:01:33:42 +0100] "GET /ticket2/opencms/system/modules/com.gridnine.opencms.ticketbrokerage.site/resources/js/standard.js HTTP/1.1" 200 3978
65.21.113.194 - - [10/Jan/2025:01:33:43 +0100] "GET /ticket2/opencms/sv/buy/?page=1&edid=FDE2CB1B-737B-857F-7431-BD450E7D3BBB HTTP/1.1" 200 135185
65.21.113.194 - - [10/Jan/2025:01:33:47 +0100] "GET /ticket2/opencms/sv/buy/?page=1&edid=FE0CD987-06E5-1E24-DE22-C166E40B11F9 HTTP/1.1" 200 108713
202.8.40.168 - - [10/Jan/2025:01:33:51 +0100] "GET /ticket2/opencms/system/modules/com.gridnine.opencms.ticketbrokerage.site/resources/js/standard.js HTTP/1.1" 200 3978
65.21.113.194 - - [10/Jan/2025:01:33:52 +0100] "GET /ticket2/opencms/sv/buy/?page=1&edid=FEF01E45-FEE5-DB5B-D058-BDEFBF8946F4 HTTP/1.1" 200 108778
65.21.113.194 - - [10/Jan/2025:01:33:57 +0100] "GET /ticket2/opencms/sv/buy/?page=1&edid=FF079107-CBD4-B70B-EC76-A896DEC733A2 HTTP/1.1" 200 121498
65.21.113.194 - - [10/Jan/2025:01:34:01 +0100] "GET /ticket2/opencms/sv/buy/?page=1&edid=FF0B58BB-4754-B119-52E9-C2F4B119009E HTTP/1.1" 200 111957
65.21.113.194 - - [10/Jan/2025:01:34:07 +0100] "GET /ticket2/opencms/sv/buy/?page=1&edid=FF1B1F16-B60A-CB20-3635-FAA393A69F1C HTTP/1.1" 200 114752
143.58.221.3 - - [10/Jan/2025:01:34:09 +0100] "GET /ticket2/opencms/set_aff_cookie.jsp?partner=53673ED6-1455-FA54-818F-B1F67121E37C&url=/en/buy/index.html%3Fpage%3D1%26edid%3D8E8E9404-172C-6C57-7F68-EAFC3F95D1AC%26hlv%3D666d44fb-f2f4-4aee-a95d-5bd20a01000f%23v1032899897 HTTP/1.1" 200 225
143.58.221.3 - - [10/Jan/2025:01:34:10 +0100] "GET /ticket2/opencms/en/buy/?page=1&edid=8E8E9404-172C-6C57-7F68-EAFC3F95D1AC&hlv=666d44fb-f2f4-4aee-a95d-5bd20a01000f HTTP/1.1" 200 138268
143.58.221.3 - - [10/Jan/2025:01:34:10 +0100] "GET /ticket2/opencms/system/modules/com.gridnine.opencms.ticketbrokerage.site/resources/js/calendar-setup.js HTTP/1.1" 200 4923
143.58.221.3 - - [10/Jan/2025:01:34:10 +0100] "GET /ticket2/opencms/system/modules/com.gridnine.opencms.ticketbrokerage.site/resources/js/calendar.js HTTP/1.1" 200 49229
143.58.221.3 - - [10/Jan/2025:01:34:10 +0100] "GET /ticket2/opencms/system/modules/com.gridnine.opencms.ticketbrokerage.site/resources/js/standard.js HTTP/1.1" 200 3978
143.58.221.3 - - [10/Jan/2025:01:34:10 +0100] "GET /ticket2/opencms/system/modules/com.gridnine.opencms.ticketbrokerage.site/resources/css/ticketbrokerage.css HTTP/1.1" 200 39339
143.58.221.3 - - [10/Jan/2025:01:34:10 +0100] "GET /ticket2/opencms/system/modules/com.gridnine.opencms.ticketbrokerage.site/resources/css/calendar.css HTTP/1.1" 200 6871
143.58.221.3 - - [10/Jan/2025:01:34:10 +0100] "GET /ticket2/opencms/system/modules/com.gridnine.opencms.ticketbrokerage.site/resources/js/functions.js HTTP/1.1" 200 1583
143.58.221.3 - - [10/Jan/2025:01:34:10 +0100] "GET /ticket2/opencms/system/modules/com.gridnine.opencms.ticketbrokerage.site/resources/css/standard.css HTTP/1.1" 200 73081
143.58.221.3 - - [10/Jan/2025:01:34:10 +0100] "GET /ticket2/opencms/system/modules/com.gridnine.opencms.ticketbrokerage.site/resources/js/calendar-en.js HTTP/1.1" 200 3338
143.58.221.3 - - [10/Jan/2025:01:34:10 +0100] "GET /ticket2/opencms/en/ask-form.html HTTP/1.1" 200 3146
143.58.221.3 - - [10/Jan/2025:01:34:10 +0100] "GET /ticket2/opencms/system/modules/com.gridnine.opencms.ticketbrokerage.site/resources/css/ticketbrokerage.css HTTP/1.1" 200 39339
65.21.113.194 - - [10/Jan/2025:01:34:11 +0100] "GET /ticket2/opencms/sv/buy/?page=1&edid=FF78E5AF-B575-E137-254B-7D951914395E HTTP/1.1" 200 112045
40.77.167.230 - - [10/Jan/2025:01:34:13 +0100] "GET /ticket2/opencms/sk/buy?page=1&edid=39CE18F1-523A-9D20-B500-C2DA07819EFF HTTP/1.1" 200 112788
216.244.66.238 - - [10/Jan/2025:01:34:14 +0100] "GET /ticket2/opencms/dk/ru/sport/ HTTP/1.1" 404 -
65.21.113.194 - - [10/Jan/2025:01:34:14 +0100] "GET /ticket2/opencms/sv/buy?page=1&edd=0B61E12F-3357-9D4A-8CE6-56FAB7BA659C HTTP/1.1" 200 6507
185.191.171.8 - - [10/Jan/2025:01:34:15 +0100] "GET /ticket2/opencms/it/sport/biglietti-calcio/la-liga/atletico-madrid/ HTTP/1.1" 200 95581
40.77.167.230 - - [10/Jan/2025:01:34:15 +0100] "GET /ticket2/opencms/pl/buy/?page=1&edid=D7A0CE52-984B-ED7D-3C37-01DBFEE471D2 HTTP/1.1" 200 119235
65.21.113.194 - - [10/Jan/2025:01:34:19 +0100] "GET /ticket2/opencms/sv/buy?page=1&edd=1291CD6B-4651-52CC-8D36-B0FB58FEEDFA HTTP/1.1" 200 6507
85.208.96.209 - - [10/Jan/2025:01:34:19 +0100] "GET /ticket2/opencms/sq/sport/bileta-per-futboll/serie-a/bologna HTTP/1.1" 200 96677
65.21.113.194 - - [10/Jan/2025:01:34:23 +0100] "GET /ticket2/opencms/sv/buy?page=1&edd=85FEE197-56BE-9C34-A3B3-D08AF509D2AB HTTP/1.1" 200 6507
216.244.66.238 - - [10/Jan/2025:01:34:24 +0100] "GET /ticket2/opencms/en/buy?page=1&edid=DA6B2098-64A1-C57B-1361-E1F4F593AA34 HTTP/1.1" 200 111270
185.191.171.15 - - [10/Jan/2025:01:34:26 +0100] "GET /ticket2/opencms/ga/login/ HTTP/1.1" 200 91425
65.21.113.194 - - [10/Jan/2025:01:34:26 +0100] "GET /ticket2/opencms/sv/buy?page=1&edd=8D58C9DD-E967-B351-A76A-68EF419B5A93 HTTP/1.1" 200 6507
185.191.171.12 - - [10/Jan/2025:01:34:29 +0100] "GET /ticket2/opencms/bg/magazine/article?title=kilian-mbape HTTP/1.1" 200 96056
114.119.165.226 - - [10/Jan/2025:01:34:30 +0100] "GET /ticket2/opencms/en/sell/?edid=E8A6FEBD-20FD-7AED-771C-A002676D837A HTTP/1.1" 302 -
185.191.171.19 - - [10/Jan/2025:01:34:32 +0100] "GET /ticket2/opencms/sk/magazine/article?title=rozpis-zapasov-premier-league-premier-league-zapasy-20242025 HTTP/1.1" 200 92582
114.119.165.226 - - [10/Jan/2025:01:34:34 +0100] "GET /ticket2/opencms/en/login/?url=/en/sell/ HTTP/1.1" 200 89751
54.36.149.63 - - [10/Jan/2025:01:34:35 +0100] "GET /ticket2/opencms/sk/buy?page=1&edid=E8C34E6F-F034-0C2A-D437-ABD4D0BC81CD HTTP/1.1" 200 113141
202.8.42.122 - - [10/Jan/2025:01:34:36 +0100] "GET /ticket2/opencms/system/modules/com.gridnine.opencms.ticketbrokerage.site/resources/css/jquery.fancybox.css HTTP/1.1" 200 4939
202.8.42.122 - - [10/Jan/2025:01:34:36 +0100] "GET /ticket2/opencms/system/modules/com.gridnine.opencms.ticketbrokerage.site/resources/css/jquery-ui.css HTTP/1.1" 200 33221
202.8.42.122 - - [10/Jan/2025:01:34:36 +0100] "GET /ticket2/opencms/system/modules/com.gridnine.opencms.ticketbrokerage.site/resources/css/standard.css HTTP/1.1" 200 73081
202.8.42.122 - - [10/Jan/2025:01:34:36 +0100] "GET /ticket2/opencms/system/modules/com.gridnine.opencms.ticketbrokerage.site/resources/css/ticketbrokerage.css HTTP/1.1" 200 39339
202.8.42.122 - - [10/Jan/2025:01:34:36 +0100] "GET /ticket2/opencms/system/modules/com.gridnine.opencms.ticketbrokerage.site/resources/css/calendar.css HTTP/1.1" 200 6871
202.8.42.122 - - [10/Jan/2025:01:34:36 +0100] "GET /ticket2/opencms/system/modules/com.gridnine.opencms.ticketbrokerage.site/resources/js/jquery/jquery.js HTTP/1.1" 200 93868
202.8.42.122 - - [10/Jan/2025:01:34:36 +0100] "GET /ticket2/opencms/system/modules/com.gridnine.opencms.ticketbrokerage.site/resources/js/functions.js HTTP/1.1" 200 1583
202.8.42.122 - - [10/Jan/2025:01:34:36 +0100] "GET /ticket2/opencms/system/modules/com.gridnine.opencms.ticketbrokerage.site/resources/js/jquery/jquery-ui.js HTTP/1.1" 200 228088
202.8.42.122 - - [10/Jan/2025:01:34:36 +0100] "GET /ticket2/opencms/system/modules/com.gridnine.opencms.ticketbrokerage.site/resources/js/calendar-en.js HTTP/1.1" 200 3338
202.8.42.122 - - [10/Jan/2025:01:34:36 +0100] "GET /ticket2/opencms/system/modules/com.gridnine.opencms.ticketbrokerage.site/resources/js/calendar.js HTTP/1.1" 200 49229
202.8.42.122 - - [10/Jan/2025:01:34:36 +0100] "GET /ticket2/opencms/system/modules/com.gridnine.opencms.ticketbrokerage.site/resources/js/calendar-setup.js HTTP/1.1" 200 4923
202.8.42.122 - - [10/Jan/2025:01:34:36 +0100] "GET /ticket2/opencms/system/modules/com.gridnine.opencms.ticketbrokerage.site/resources/js/jquery.fancybox.pack.js HTTP/1.1" 200 23187
202.8.42.122 - - [10/Jan/2025:01:34:36 +0100] "GET /ticket2/opencms/system/modules/com.gridnine.opencms.ticketbrokerage.site/resources/js/stickyfill.min.js HTTP/1.1" 200 5672
202.8.42.122 - - [10/Jan/2025:01:34:36 +0100] "GET /ticket2/opencms/system/modules/com.gridnine.opencms.ticketbrokerage.site/resources/js/standard.js HTTP/1.1" 200 3978
202.8.42.122 - - [10/Jan/2025:01:34:36 +0100] "GET /ticket2/opencms/system/modules/com.gridnine.opencms.ticketbrokerage.site/resources/js/jquery.placeholder.min.js HTTP/1.1" 200 1737
202.8.42.122 - - [10/Jan/2025:01:34:36 +0100] "GET /ticket2/opencms/system/modules/com.gridnine.opencms.ticketbrokerage.site/resources/js/common-ajax.js HTTP/1.1" 200 20175
202.8.42.122 - - [10/Jan/2025:01:34:36 +0100] "GET /ticket2/opencms/sk/ask-form.html HTTP/1.1" 200 3156
202.8.42.122 - - [10/Jan/2025:01:34:36 +0100] "GET /ticket2/opencms/system/modules/com.gridnine.opencms.ticketbrokerage.site/resources/css/ticketbrokerage.css HTTP/1.1" 200 39339
65.21.113.194 - - [10/Jan/2025:01:34:37 +0100] "GET /ticket2/opencms/sv/buy?page=1&edd=B12376C6-BA7F-3D61-F970-EF51106430AB HTTP/1.1" 200 6507
207.46.13.102 - - [10/Jan/2025:01:34:37 +0100] "GET /ticket2/opencms/ro/buy?page=1&edid=47C0370F-9915-7673-E038-7AD65907592C HTTP/1.1" 200 135993
207.46.13.102 - - [10/Jan/2025:01:34:38 +0100] "GET /ticket2/opencms/sv/buy?page=1&edid=36b8587b-9bd4-1599-9368-e59f9780f9a9 HTTP/1.1" 200 8134
216.244.66.238 - - [10/Jan/2025:01:34:39 +0100] "GET /ticket2/opencms/hr/buy?page=1&edid=770FF926-02D3-9794-A140-0536536482FF HTTP/1.1" 200 113038
107.140.18.145 - - [10/Jan/2025:01:34:44 +0100] "GET / HTTP/1.0" 404 -
52.167.144.209 - - [10/Jan/2025:01:34:46 +0100] "GET /ticket2/opencms/sr/magazine/article?title=buducnost-tehnologije-u-fudbalu HTTP/1.1" 200 94740
65.21.113.194 - - [10/Jan/2025:01:34:47 +0100] "GET /ticket2/opencms/sv/buy?page=1&edd=BEA9D3E5-A93E-146C-1904-24495F6A8B39 HTTP/1.1" 200 6507
216.244.66.238 - - [10/Jan/2025:01:34:50 +0100] "GET /ticket2/opencms/se/ru/buying_tickets/ HTTP/1.1" 404 -
40.77.167.230 - - [10/Jan/2025:01:34:51 +0100] "GET /ticket2/opencms/sv/buy?page=1&edid=BBC9E6CA-B1D9-1FBB-70CA-BD39F7126BAB HTTP/1.1" 200 112717
65.21.113.194 - - [10/Jan/2025:01:34:57 +0100] "GET /ticket2/opencms/sv/buy?page=1&edd=E11E1E12-66BC-E0C5-F313-3E777C16F760 HTTP/1.1" 200 6507
216.244.66.238 - - [10/Jan/2025:01:34:58 +0100] "GET /ticket2/opencms/sv/tickets/aston_villa/stoke.html HTTP/1.1" 200 92280
52.167.144.162 - - [10/Jan/2025:01:35:02 +0100] "GET /ticket2/opencms/de/buy/?comcatid=A17713B6-D984-201A-4143-ED4DB5ED5C2E&catid=7EF04817-972D-18B1-F941-DE800D088075 HTTP/1.1" 200 6410
85.208.96.208 - - [10/Jan/2025:01:35:05 +0100] "GET /ticket2/opencms/sl/magazine/article?title=manchester-city-7-tekem-brez-zmage HTTP/1.1" 200 93945
65.21.113.194 - - [10/Jan/2025:01:35:08 +0100] "GET /ticket2/opencms/sv/buy?page=1&edd=F7660972-1F1F-59FF-1410-FAEC9F9D74B8 HTTP/1.1" 200 6507
185.191.171.2 - - [10/Jan/2025:01:35:10 +0100] "GET /ticket2/opencms/fi/urheilu/jalkapallo/la-liga/barcelona/ HTTP/1.1" 200 95601
216.244.66.238 - - [10/Jan/2025:01:35:12 +0100] "GET /ticket2/opencms/sv/tickets/aston_villa/tottenham.html HTTP/1.1" 200 92244
85.208.96.193 - - [10/Jan/2025:01:35:17 +0100] "GET /ticket2/opencms/en/magazine/article?title=common-concepts-in-football HTTP/1.1" 200 97294
65.21.113.194 - - [10/Jan/2025:01:35:19 +0100] "GET /ticket2/opencms/sv/buy?page=1&edi=047E0311-281A-A7AE-E87D-50033F4F70CA HTTP/1.1" 200 6507
65.21.113.194 - - [10/Jan/2025:01:35:23 +0100] "GET /ticket2/opencms/sv/buy?page=1&edi=0B61E12F-3357-9D4A-8CE6-56FAB7BA659C HTTP/1.1" 200 6507
47.128.99.89 - - [10/Jan/2025:01:35:27 +0100] "GET /ticket2/opencms/sk/buy/?edid=D32E6E8F-4267-4ED8-F70D-962BC1F391DE HTTP/1.1" 200 92686
54.36.148.38 - - [10/Jan/2025:01:35:29 +0100] "GET /ticket2/opencms/el/buy?page=1&edid=37E2A4DD-118F-C378-83A2-20232412AB9C HTTP/1.1" 200 115902
202.8.42.186 - - [10/Jan/2025:01:35:30 +0100] "GET /ticket2/opencms/system/modules/com.gridnine.opencms.ticketbrokerage.site/resources/css/jquery.fancybox.css HTTP/1.1" 200 4939
202.8.42.186 - - [10/Jan/2025:01:35:30 +0100] "GET /ticket2/opencms/system/modules/com.gridnine.opencms.ticketbrokerage.site/resources/css/ticketbrokerage.css HTTP/1.1" 200 39339
202.8.42.186 - - [10/Jan/2025:01:35:30 +0100] "GET /ticket2/opencms/system/modules/com.gridnine.opencms.ticketbrokerage.site/resources/css/standard.css HTTP/1.1" 200 73081
202.8.42.186 - - [10/Jan/2025:01:35:30 +0100] "GET /ticket2/opencms/system/modules/com.gridnine.opencms.ticketbrokerage.site/resources/css/calendar.css HTTP/1.1" 200 6871
202.8.42.186 - - [10/Jan/2025:01:35:30 +0100] "GET /ticket2/opencms/system/modules/com.gridnine.opencms.ticketbrokerage.site/resources/css/jquery-ui.css HTTP/1.1" 200 33221
40.77.167.154 - - [10/Jan/2025:01:35:30 +0100] "GET /ticket2/opencms/az/buy?page=1&edid=FFAAA239-0E9E-BD40-91CF-CB4C6549214A HTTP/1.1" 200 114116
202.8.42.186 - - [10/Jan/2025:01:35:30 +0100] "GET /ticket2/opencms/system/modules/com.gridnine.opencms.ticketbrokerage.site/resources/js/jquery/jquery.js HTTP/1.1" 200 93868
202.8.42.186 - - [10/Jan/2025:01:35:30 +0100] "GET /ticket2/opencms/system/modules/com.gridnine.opencms.ticketbrokerage.site/resources/js/functions.js HTTP/1.1" 200 1583
202.8.42.186 - - [10/Jan/2025:01:35:30 +0100] "GET /ticket2/opencms/system/modules/com.gridnine.opencms.ticketbrokerage.site/resources/js/jquery/jquery-ui.js HTTP/1.1" 200 228088
202.8.42.186 - - [10/Jan/2025:01:35:30 +0100] "GET /ticket2/opencms/system/modules/com.gridnine.opencms.ticketbrokerage.site/resources/js/calendar-en.js HTTP/1.1" 200 3338
202.8.42.186 - - [10/Jan/2025:01:35:30 +0100] "GET /ticket2/opencms/system/modules/com.gridnine.opencms.ticketbrokerage.site/resources/js/calendar.js HTTP/1.1" 200 49229
202.8.42.186 - - [10/Jan/2025:01:35:30 +0100] "GET /ticket2/opencms/system/modules/com.gridnine.opencms.ticketbrokerage.site/resources/js/calendar-setup.js HTTP/1.1" 200 4923
202.8.42.186 - - [10/Jan/2025:01:35:30 +0100] "GET /ticket2/opencms/system/modules/com.gridnine.opencms.ticketbrokerage.site/resources/js/jquery.fancybox.pack.js HTTP/1.1" 200 23187
202.8.42.186 - - [10/Jan/2025:01:35:30 +0100] "GET /ticket2/opencms/system/modules/com.gridnine.opencms.ticketbrokerage.site/resources/js/stickyfill.min.js HTTP/1.1" 200 5672
202.8.42.186 - - [10/Jan/2025:01:35:30 +0100] "GET /ticket2/opencms/system/modules/com.gridnine.opencms.ticketbrokerage.site/resources/js/standard.js HTTP/1.1" 200 3978
202.8.42.186 - - [10/Jan/2025:01:35:30 +0100] "GET /ticket2/opencms/system/modules/com.gridnine.opencms.ticketbrokerage.site/resources/js/jquery.placeholder.min.js HTTP/1.1" 200 1737
202.8.42.186 - - [10/Jan/2025:01:35:30 +0100] "GET /ticket2/opencms/system/modules/com.gridnine.opencms.ticketbrokerage.site/resources/js/common-ajax.js HTTP/1.1" 200 20175
202.8.42.186 - - [10/Jan/2025:01:35:30 +0100] "GET /ticket2/opencms/el/ask-form.html HTTP/1.1" 200 3156
202.8.42.186 - - [10/Jan/2025:01:35:32 +0100] "GET /ticket2/opencms/el/ask-form.html HTTP/1.1" 200 3156
202.8.42.186 - - [10/Jan/2025:01:35:32 +0100] "GET /ticket2/opencms/system/modules/com.gridnine.opencms.ticketbrokerage.site/resources/css/ticketbrokerage.css HTTP/1.1" 200 39339
65.21.113.194 - - [10/Jan/2025:01:35:33 +0100] "GET /ticket2/opencms/sv/buy?page=1&edi=1291CD6B-4651-52CC-8D36-B0FB58FEEDFA HTTP/1.1" 200 6507
40.77.167.230 - - [10/Jan/2025:01:35:38 +0100] "GET /ticket2/opencms/sr/buy?page=1&edid=4DFADB48-D949-97F7-B374-193C167D2333 HTTP/1.1" 200 112787
47.128.34.42 - - [10/Jan/2025:01:35:39 +0100] "GET /ticket2/opencms/nl/buy?page=1&edid=1BDA6D08-38AF-6470-7423-555F9C3DEC73 HTTP/1.1" 200 111247
217.182.175.120 - - [10/Jan/2025:01:35:40 +0100] "GET /ticket2/opencms/robots.txt HTTP/1.1" 200 773
47.128.34.42 - - [10/Jan/2025:01:35:41 +0100] "GET /ticket2/opencms/nl/ask-form.html HTTP/1.1" 200 3015
65.21.113.194 - - [10/Jan/2025:01:35:44 +0100] "GET /ticket2/opencms/robots.txt HTTP/1.1" 200 773
65.21.113.194 - - [10/Jan/2025:01:35:44 +0100] "GET /ticket2/opencms/sv/buy?page=1&edi=8D58C9DD-E967-B351-A76A-68EF419B5A93 HTTP/1.1" 200 6507
217.182.175.120 - - [10/Jan/2025:01:35:44 +0100] "GET /ticket2/opencms/dk/buy/?page=1&edid=0318FBA9-8FFF-BC30-E67D-5568E5F27D3B&sortorder=asc&column=row HTTP/1.1" 200 112751
217.182.175.120 - - [10/Jan/2025:01:35:48 +0100] "GET /ticket2/opencms/dk/buy/?page=1&edid=09EE96B0-CD8C-CFD6-7FFB-CA08AF021FC9&sortorder=asc&column=price HTTP/1.1" 200 112918
207.46.13.102 - - [10/Jan/2025:01:35:49 +0100] "GET /ticket2/opencms/ga/?page=6&comcatid=A17713B6-D984-201A-4143-ED4DB5ED5C2E&catid=515A9A29-35A0-2DB8-262B-AEF122DB04F6 HTTP/1.1" 200 101023
193.70.81.110 - - [10/Jan/2025:01:35:50 +0100] "GET /ticket2/opencms/robots.txt HTTP/1.1" 200 773
216.244.66.238 - - [10/Jan/2025:01:35:50 +0100] "GET /ticket2/opencms/bs/buy?page=1&edid=B66AC9AE-4465-F98B-BE2A-C27B5A4B2257 HTTP/1.1" 200 113410
85.208.96.212 - - [10/Jan/2025:01:35:54 +0100] "GET /ticket2/opencms/mt/magazine/article?title=hugo-larsson-iz-zagzug-ta-20-sena-li-qed-jimxi-minn-suess-gal-ieor HTTP/1.1" 200 95439
217.182.175.120 - - [10/Jan/2025:01:35:54 +0100] "GET /ticket2/opencms/dk/buy/?page=1&edid=09EE96B0-CD8C-CFD6-7FFB-CA08AF021FC9&sortorder=asc&column=row HTTP/1.1" 200 112815
65.21.113.194 - - [10/Jan/2025:01:35:54 +0100] "GET /ticket2/opencms/sv/buy?page=1&edi=B12376C6-BA7F-3D61-F970-EF51106430AB HTTP/1.1" 200 6507
193.70.81.110 - - [10/Jan/2025:01:35:54 +0100] "GET /ticket2/opencms/en/buy/?page=1&edid=8EDDEFFC-C774-BA86-C4CF-809A20DBCDCB HTTP/1.1" 200 121116
193.70.81.110 - - [10/Jan/2025:01:35:57 +0100] "GET /ticket2/opencms/en/buy/?page=1&edid=91131440-6E9B-EF94-52C2-EDE415172430 HTTP/1.1" 200 117418
217.182.175.120 - - [10/Jan/2025:01:35:59 +0100] "GET /ticket2/opencms/dk/buy/?page=1&edid=0BBD1918-205C-0140-CCFC-EC796EAE162A&sortorder=desc&column=price HTTP/1.1" 200 114212
85.208.96.208 - - [10/Jan/2025:01:36:00 +0100] "GET /ticket2/opencms/es/magazine/article?title=neymar-una-de-las-contrataciones-mas-caras-del-mundo HTTP/1.1" 200 90774
193.70.81.110 - - [10/Jan/2025:01:36:01 +0100] "GET /ticket2/opencms/en/buy/?page=1&edid=94B60579-7540-1D04-4C12-AD3E425B736D HTTP/1.1" 200 111406
65.21.113.194 - - [10/Jan/2025:01:36:05 +0100] "GET /ticket2/opencms/sv/buy?page=1&edi=BEA9D3E5-A93E-146C-1904-24495F6A8B39 HTTP/1.1" 200 6507
217.182.175.120 - - [10/Jan/2025:01:36:06 +0100] "GET /ticket2/opencms/dk/buy/?page=1&edid=133C755F-7180-13CC-FCBB-7D53D7F560DC&sortorder=asc&column=section HTTP/1.1" 200 114208
193.70.81.110 - - [10/Jan/2025:01:36:08 +0100] "GET /ticket2/opencms/en/buy/?page=1&edid=94BF6567-82BD-183E-36C5-53634C762F53 HTTP/1.1" 200 117213
217.182.175.120 - - [10/Jan/2025:01:36:13 +0100] "GET /ticket2/opencms/dk/buy/?page=1&edid=2DEDC008-A8E2-8338-9113-89CEDCB5E81A&sortorder=desc&column=row HTTP/1.1" 200 114026
193.70.81.110 - - [10/Jan/2025:01:36:14 +0100] "GET /ticket2/opencms/en/buy/?page=1&edid=94C5B0A9-45EC-824F-7DFB-E52A893ACA3D HTTP/1.1" 200 135610
85.208.96.209 - - [10/Jan/2025:01:36:15 +0100] "GET /ticket2/opencms/robots.txt HTTP/1.1" 200 773
65.21.113.194 - - [10/Jan/2025:01:36:16 +0100] "GET /ticket2/opencms/sv/buy?page=1&edi=DC067A0C-CE36-3D9C-899A-867F582FFC90 HTTP/1.1" 200 6507
85.208.96.209 - - [10/Jan/2025:01:36:18 +0100] "GET /ticket2/opencms/el/magazine/article?title=oi-star-toy-eyrwpaikoy-prwta8lhmatos-poy-anazhtoyntai-perissotero-sto-google-kai-exoyn-toys-perissoteroys-akoloy8oys-sto-instagram HTTP/1.1" 200 99378
40.77.167.44 - - [10/Jan/2025:01:36:18 +0100] "GET /ticket2/opencms/es/magazine/article?title=kylian-mbappe HTTP/1.1" 200 93701
40.77.167.154 - - [10/Jan/2025:01:36:19 +0100] "GET /ticket2/opencms/bs/buy?page=1&edid=53AAD1DD-DAB5-D05E-8DAD-A50F40AC9A87 HTTP/1.1" 200 112607
65.21.113.194 - - [10/Jan/2025:01:36:20 +0100] "GET /ticket2/opencms/sv/buy?page=1&edi=E11E1E12-66BC-E0C5-F313-3E777C16F760 HTTP/1.1" 200 6507
216.244.66.238 - - [10/Jan/2025:01:36:23 +0100] "GET /ticket2/opencms/dk/en/sell/?edid=76FD3EFB-A8F6-9E6D-D658-FD18EAF673A9 HTTP/1.1" 404 -
85.208.96.212 - - [10/Jan/2025:01:36:23 +0100] "GET /ticket2/opencms/lv/magazine/article?title=joao-palhinha-pievienojas-bayern-munchen-jauna-viduslauka-speka-ierasanas-allianz-arena HTTP/1.1" 200 95599
66.249.64.110 - - [10/Jan/2025:01:36:24 +0100] "GET /ticket2/opencms/hu/buy/?page=1&edid=1B66F7E9-6D68-7258-D0DB-383034F8302F HTTP/1.1" 200 136808
217.182.175.120 - - [10/Jan/2025:01:36:24 +0100] "GET /ticket2/opencms/dk/buy/?page=1&edid=2EED34F6-5C2B-A7AD-06F9-0E781DE8D640&sortorder=asc&column=section HTTP/1.1" 200 113420
85.208.96.202 - - [10/Jan/2025:01:36:25 +0100] "GET /ticket2/opencms/bg/magazine/article?title=chesto-sreshani-ponyatiya-vuv-futbola HTTP/1.1" 200 99208
66.249.64.110 - - [10/Jan/2025:01:36:30 +0100] "GET /ticket2/opencms/system/modules/com.gridnine.opencms.ticketbrokerage.site/resources/js/stickyfill.min.js HTTP/1.1" 200 5672
66.249.64.110 - - [10/Jan/2025:01:36:30 +0100] "GET /ticket2/opencms/system/modules/com.gridnine.opencms.ticketbrokerage.site/resources/js/calendar-setup.js HTTP/1.1" 200 4923
65.21.113.194 - - [10/Jan/2025:01:36:30 +0100] "GET /ticket2/opencms/sv/buy?page=1&edi=F7660972-1F1F-59FF-1410-FAEC9F9D74B8 HTTP/1.1" 200 6507
114.119.141.34 - - [10/Jan/2025:01:36:33 +0100] "GET /ticket2/opencms/en/venue/?countryid=4B450FD2-0462-34B9-7186-638797EC0F09 HTTP/1.1" 200 114350
65.21.113.194 - - [10/Jan/2025:01:36:34 +0100] "GET /ticket2/opencms/sv/buy?page=1&edid047E0311-281A-A7AE-E87D-50033F4F70CA HTTP/1.1" 200 6507
217.182.175.120 - - [10/Jan/2025:01:36:34 +0100] "GET /ticket2/opencms/dk/buy/?page=1&edid=476B3685-5506-7751-C38E-7E1FBCA83AB4&sortorder=desc&column=row HTTP/1.1" 200 112880
114.119.154.81 - - [10/Jan/2025:01:36:35 +0100] "GET /ticket2/opencms/en/venue/?countryid=FA8BEB57-7287-7F81-B4E1-A4D5981068EB HTTP/1.1" 200 114452
216.244.66.238 - - [10/Jan/2025:01:36:35 +0100] "GET /ticket2/opencms/dk/sv/venue/?venueid=5949849E-0AEC-C63E-5500-600C02F1FC5F HTTP/1.1" 404 -
65.21.113.194 - - [10/Jan/2025:01:36:38 +0100] "GET /ticket2/opencms/sv/buy?page=1&edid0B61E12F-3357-9D4A-8CE6-56FAB7BA659C HTTP/1.1" 200 6507
54.36.148.136 - - [10/Jan/2025:01:36:39 +0100] "GET /ticket2/opencms/pl/buy?page=1&edid=37E2A4DD-118F-C378-83A2-20232412AB9C HTTP/1.1" 200 111948
202.8.43.109 - - [10/Jan/2025:01:36:41 +0100] "GET /ticket2/opencms/system/modules/com.gridnine.opencms.ticketbrokerage.site/resources/css/calendar.css HTTP/1.1" 200 6871
202.8.43.109 - - [10/Jan/2025:01:36:41 +0100] "GET /ticket2/opencms/system/modules/com.gridnine.opencms.ticketbrokerage.site/resources/css/standard.css HTTP/1.1" 200 73081
202.8.43.109 - - [10/Jan/2025:01:36:41 +0100] "GET /ticket2/opencms/system/modules/com.gridnine.opencms.ticketbrokerage.site/resources/css/jquery.fancybox.css HTTP/1.1" 200 4939
202.8.43.109 - - [10/Jan/2025:01:36:41 +0100] "GET /ticket2/opencms/system/modules/com.gridnine.opencms.ticketbrokerage.site/resources/css/ticketbrokerage.css HTTP/1.1" 200 39339
202.8.43.109 - - [10/Jan/2025:01:36:41 +0100] "GET /ticket2/opencms/system/modules/com.gridnine.opencms.ticketbrokerage.site/resources/css/jquery-ui.css HTTP/1.1" 200 33221
202.8.43.109 - - [10/Jan/2025:01:36:41 +0100] "GET /ticket2/opencms/system/modules/com.gridnine.opencms.ticketbrokerage.site/resources/js/jquery/jquery.js HTTP/1.1" 200 93868
202.8.43.109 - - [10/Jan/2025:01:36:41 +0100] "GET /ticket2/opencms/system/modules/com.gridnine.opencms.ticketbrokerage.site/resources/js/calendar-en.js HTTP/1.1" 200 3338
202.8.43.109 - - [10/Jan/2025:01:36:41 +0100] "GET /ticket2/opencms/system/modules/com.gridnine.opencms.ticketbrokerage.site/resources/js/functions.js HTTP/1.1" 200 1583
202.8.43.109 - - [10/Jan/2025:01:36:41 +0100] "GET /ticket2/opencms/system/modules/com.gridnine.opencms.ticketbrokerage.site/resources/js/jquery/jquery-ui.js HTTP/1.1" 200 228088
202.8.43.109 - - [10/Jan/2025:01:36:41 +0100] "GET /ticket2/opencms/system/modules/com.gridnine.opencms.ticketbrokerage.site/resources/js/calendar-setup.js HTTP/1.1" 200 4923
202.8.43.109 - - [10/Jan/2025:01:36:41 +0100] "GET /ticket2/opencms/system/modules/com.gridnine.opencms.ticketbrokerage.site/resources/js/calendar.js HTTP/1.1" 200 49229
202.8.43.109 - - [10/Jan/2025:01:36:41 +0100] "GET /ticket2/opencms/system/modules/com.gridnine.opencms.ticketbrokerage.site/resources/js/jquery.fancybox.pack.js HTTP/1.1" 200 23187
202.8.43.109 - - [10/Jan/2025:01:36:41 +0100] "GET /ticket2/opencms/system/modules/com.gridnine.opencms.ticketbrokerage.site/resources/js/stickyfill.min.js HTTP/1.1" 200 5672
202.8.43.109 - - [10/Jan/2025:01:36:41 +0100] "GET /ticket2/opencms/system/modules/com.gridnine.opencms.ticketbrokerage.site/resources/js/standard.js HTTP/1.1" 200 3978
202.8.43.109 - - [10/Jan/2025:01:36:41 +0100] "GET /ticket2/opencms/system/modules/com.gridnine.opencms.ticketbrokerage.site/resources/js/jquery.placeholder.min.js HTTP/1.1" 200 1737
202.8.43.109 - - [10/Jan/2025:01:36:41 +0100] "GET /ticket2/opencms/system/modules/com.gridnine.opencms.ticketbrokerage.site/resources/js/common-ajax.js HTTP/1.1" 200 20175
202.8.43.109 - - [10/Jan/2025:01:36:41 +0100] "GET /ticket2/opencms/pl/ask-form.html HTTP/1.1" 200 3156
202.8.43.109 - - [10/Jan/2025:01:36:41 +0100] "GET /ticket2/opencms/pl/ask-form.html HTTP/1.1" 200 3156
202.8.43.109 - - [10/Jan/2025:01:36:41 +0100] "GET /ticket2/opencms/system/modules/com.gridnine.opencms.ticketbrokerage.site/resources/css/ticketbrokerage.css HTTP/1.1" 200 39339
217.182.175.120 - - [10/Jan/2025:01:36:42 +0100] "GET /ticket2/opencms/dk/buy/?page=1&edid=63198291-7B51-5C06-A4B8-F136F690F083&sortorder=asc&column=price HTTP/1.1" 200 114175
65.21.113.194 - - [10/Jan/2025:01:36:42 +0100] "GET /ticket2/opencms/sv/buy?page=1&edid0E015037-AEA8-A77C-F644-58B0F482ADCC HTTP/1.1" 200 6507
65.21.113.194 - - [10/Jan/2025:01:36:45 +0100] "GET /ticket2/opencms/sv/buy?page=1&edid1291CD6B-4651-52CC-8D36-B0FB58FEEDFA HTTP/1.1" 200 6507
217.182.175.120 - - [10/Jan/2025:01:36:48 +0100] "GET /ticket2/opencms/dk/buy/?page=1&edid=66EA5353-0EED-D56D-04FB-B3F43B6CCED9&sortorder=desc&column=section HTTP/1.1" 200 114348
216.244.66.238 - - [10/Jan/2025:01:36:49 +0100] "GET /ticket2/opencms/dk/sv/venue/?venueid=8016D2EB-5A30-A503-2E51-C1845CAF0467 HTTP/1.1" 404 -
65.21.113.194 - - [10/Jan/2025:01:36:49 +0100] "GET /ticket2/opencms/sv/buy?page=1&edid27182C30-0424-098E-A8DB-2AA3B88A1ABD HTTP/1.1" 200 6507
202.8.43.109 - - [10/Jan/2025:01:36:52 +0100] "GET /ticket2/opencms/system/modules/com.gridnine.opencms.ticketbrokerage.site/resources/js/standard.js HTTP/1.1" 200 3978
65.21.113.194 - - [10/Jan/2025:01:36:53 +0100] "GET /ticket2/opencms/sv/buy?page=1&edid2B9FDAA5-4F91-9556-CB1B-77F0011A2F02 HTTP/1.1" 200 6507
185.191.171.11 - - [10/Jan/2025:01:36:54 +0100] "GET /ticket2/opencms/sv/sport/hockeybiljetter/nhl/Pittsburgh_Penguins/ HTTP/1.1" 200 88154
217.182.175.120 - - [10/Jan/2025:01:36:55 +0100] "GET /ticket2/opencms/dk/buy/?page=1&edid=76EC6065-A9FD-2158-21EE-D9457194B3F1&sortorder=asc&column=section HTTP/1.1" 200 113760
154.213.187.52 - - [10/Jan/2025:01:36:57 +0100] "CONNECT google.com:443 HTTP/1.1" 400 -
65.21.113.194 - - [10/Jan/2025:01:36:57 +0100] "GET /ticket2/opencms/sv/buy?page=1&edid3590293B-3580-7B39-A58A-6ECDB1E34543 HTTP/1.1" 200 6507
23.98.179.17 - - [10/Jan/2025:01:37:00 +0100] "GET /ticket2/opencms/robots.txt HTTP/1.1" 200 773
216.244.66.238 - - [10/Jan/2025:01:37:00 +0100] "GET /ticket2/opencms/dk/sv/venue/?venueid=93FD60CE-1709-3387-040C-1949E388590B HTTP/1.1" 404 -
217.182.175.120 - - [10/Jan/2025:01:37:01 +0100] "GET /ticket2/opencms/dk/buy/?page=1&edid=91246C97-CA83-470A-EC88-8754CCCCF460&sortorder=asc&column=row HTTP/1.1" 200 112326
65.21.113.194 - - [10/Jan/2025:01:37:01 +0100] "GET /ticket2/opencms/sv/buy?page=1&edid6CF16ABF-31A5-8D51-A63B-3077208955EB HTTP/1.1" 200 6507
23.98.179.17 - - [10/Jan/2025:01:37:02 +0100] "GET /ticket2/opencms/sv/sport/fotbollsbiljetter/la_liga/real_madrid/ HTTP/1.1" 200 95645
157.55.39.9 - - [10/Jan/2025:01:37:05 +0100] "GET /ticket2/opencms/en/venue/?venueid=99C7EEC7-7361-4062-BBA0-33757DC608E1 HTTP/1.1" 200 84996
65.21.113.194 - - [10/Jan/2025:01:37:05 +0100] "GET /ticket2/opencms/sv/buy?page=1&edid7A598B9C-F2D5-14CB-B337-B4B5F910E2F7 HTTP/1.1" 200 6507
65.21.113.194 - - [10/Jan/2025:01:37:10 +0100] "GET /ticket2/opencms/sv/buy?page=1&edid7C194BAF-9FF0-6E1C-8CF4-2340665F2A6E HTTP/1.1" 200 6507
185.191.171.17 - - [10/Jan/2025:01:37:10 +0100] "GET /ticket2/opencms/mo/magazine/article?title=viktor-gyokeres HTTP/1.1" 200 93376
216.244.66.238 - - [10/Jan/2025:01:37:11 +0100] "GET /ticket2/opencms/dk/sv/venue/?venueid=EEC9C18B-9209-5406-9714-41066401B581 HTTP/1.1" 404 -
217.182.175.120 - - [10/Jan/2025:01:37:12 +0100] "GET /ticket2/opencms/dk/buy/?page=1&edid=912B3FC9-0EC2-60E5-B474-C1C5F229ED3D&sortorder=desc&column=section HTTP/1.1" 200 113805
65.21.113.194 - - [10/Jan/2025:01:37:14 +0100] "GET /ticket2/opencms/sv/buy?page=1&edid8D58C9DD-E967-B351-A76A-68EF419B5A93 HTTP/1.1" 200 6507
45.227.255.158 - - [10/Jan/2025:01:37:15 +0100] "GET /ticket2/opencms/de/adminer.php HTTP/1.1" 404 -
65.21.113.194 - - [10/Jan/2025:01:37:17 +0100] "GET /ticket2/opencms/sv/buy?page=1&edid94C5B0A9-45EC-824F-7DFB-E52A893ACA3D HTTP/1.1" 200 6507
216.244.66.238 - - [10/Jan/2025:01:37:20 +0100] "GET /ticket2/opencms/ga/buy?page=1&edid=410E5D45-3554-9686-AC44-296535144611 HTTP/1.1" 200 113365
65.21.113.194 - - [10/Jan/2025:01:37:20 +0100] "GET /ticket2/opencms/sv/buy?page=1&edid9BFFFF0C-C809-CAED-9589-C9537A82DE22 HTTP/1.1" 200 6507
217.182.175.120 - - [10/Jan/2025:01:37:23 +0100] "GET /ticket2/opencms/dk/buy/?page=1&edid=ADBA15E4-3F4A-A815-69DB-A98CDD1E67EB&sortorder=asc&column=row HTTP/1.1" 200 113181
65.21.113.194 - - [10/Jan/2025:01:37:25 +0100] "GET /ticket2/opencms/sv/buy?page=1&edid=047E0311-281A-A7AE-E87D-50033F4F70CA HTTP/1.1" 200 140837
65.21.113.194 - - [10/Jan/2025:01:37:29 +0100] "GET /ticket2/opencms/sv/buy?page=1&edid=076317A2-E374-F6BE-C2AE-88F75CAA72F3 HTTP/1.1" 200 108771
47.128.122.58 - - [10/Jan/2025:01:37:30 +0100] "GET /ticket2/opencms/fi/search.html?searchQuery=St+Louis HTTP/1.1" 200 97957
216.244.66.238 - - [10/Jan/2025:01:37:31 +0100] "GET /ticket2/opencms/nl/buy?page=1&edid=410E5D45-3554-9686-AC44-296535144611 HTTP/1.1" 200 110522
47.128.122.58 - - [10/Jan/2025:01:37:32 +0100] "GET /ticket2/opencms/fi/ask-form.html HTTP/1.1" 200 3012
65.21.113.194 - - [10/Jan/2025:01:37:33 +0100] "GET /ticket2/opencms/sv/buy?page=1&edid=0B61E12F-3357-9D4A-8CE6-56FAB7BA659C HTTP/1.1" 200 130100
217.182.175.120 - - [10/Jan/2025:01:37:35 +0100] "GET /ticket2/opencms/dk/buy/?page=1&edid=C554114C-47FA-79EF-3E2E-BACC1D20AAFA&sortorder=asc&column=section HTTP/1.1" 200 112875
185.191.171.12 - - [10/Jan/2025:01:37:36 +0100] "GET /ticket2/opencms/hu/magazine/article?title=a-chelsea-szurkolok-frusztracioval-reagalnak HTTP/1.1" 200 92997
65.21.113.194 - - [10/Jan/2025:01:37:37 +0100] "GET /ticket2/opencms/sv/buy?page=1&edid=0B8FB8B2-1ADA-9758-EA1A-28D2373F0ADF HTTP/1.1" 200 111117
65.21.113.194 - - [10/Jan/2025:01:37:42 +0100] "GET /ticket2/opencms/sv/buy?page=1&edid=0E015037-AEA8-A77C-F644-58B0F482ADCC HTTP/1.1" 200 136287
47.128.112.201 - - [10/Jan/2025:01:37:45 +0100] "GET /ticket2/opencms/cs/buy?edid=718A7A5B-0864-7BB0-17EA-7D1DFF1DCA73 HTTP/1.1" 200 92621
65.21.113.194 - - [10/Jan/2025:01:37:46 +0100] "GET /ticket2/opencms/robots.txt HTTP/1.1" 200 773
65.21.113.194 - - [10/Jan/2025:01:37:47 +0100] "GET /ticket2/opencms/sv/buy?page=1&edid=1291CD6B-4651-52CC-8D36-B0FB58FEEDFA HTTP/1.1" 200 130042
217.182.175.120 - - [10/Jan/2025:01:37:47 +0100] "GET /ticket2/opencms/dk/buy/?page=1&edid=C5BE8910-C31D-1B7A-D498-4C5862D3F5A8&sortorder=asc&column=section HTTP/1.1" 200 113426
185.191.171.14 - - [10/Jan/2025:01:37:49 +0100] "GET /ticket2/opencms/robots.txt HTTP/1.1" 200 773
216.244.66.238 - - [10/Jan/2025:01:37:49 +0100] "GET /ticket2/opencms/pl/buy?page=1&edid=39D2D755-8464-8F52-377C-8885A51D4032 HTTP/1.1" 200 112413
85.208.96.208 - - [10/Jan/2025:01:37:50 +0100] "GET /ticket2/opencms/el/magazine/article?title=koines-ennoies-sto-podosfairo HTTP/1.1" 200 97283
65.21.113.194 - - [10/Jan/2025:01:37:52 +0100] "GET /ticket2/opencms/sv/buy?page=1&edid=150C2B47-38EB-0C0E-C664-5F863E9426DB HTTP/1.1" 200 135260
65.21.113.194 - - [10/Jan/2025:01:37:56 +0100] "GET /ticket2/opencms/sv/buy?page=1&edid=16343486-D199-EE91-1004-52E02A9487CB HTTP/1.1" 200 110940
65.21.113.194 - - [10/Jan/2025:01:38:00 +0100] "GET /ticket2/opencms/sv/buy?page=1&edid=19EA038B-40C5-A758-4121-DC981BEF8929 HTTP/1.1" 200 108703
85.208.96.210 - - [10/Jan/2025:01:38:03 +0100] "GET /ticket2/opencms/pl/magazine/article?title=liverpool-tottenham HTTP/1.1" 200 92033
65.21.113.194 - - [10/Jan/2025:01:38:05 +0100] "GET /ticket2/opencms/sv/buy?page=1&edid=1B1B1FC4-4D35-11C5-5D85-DF2C3A11720F HTTP/1.1" 200 110950
216.244.66.238 - - [10/Jan/2025:01:38:08 +0100] "GET /ticket2/opencms/dk/fi/urheilu/jalkapallo/premier_league/manchester_city/ HTTP/1.1" 404 -
217.182.175.120 - - [10/Jan/2025:01:38:08 +0100] "GET /ticket2/opencms/dk/buy/?page=1&edid=C9C1865A-DE34-5640-AA00-B81C127F699C&sortorder=desc&column=row HTTP/1.1" 200 113437
65.21.113.194 - - [10/Jan/2025:01:38:10 +0100] "GET /ticket2/opencms/sv/buy?page=1&edid=1BEE5A38-DD94-3509-3225-C4A2986A386D HTTP/1.1" 200 111100
65.21.113.194 - - [10/Jan/2025:01:38:15 +0100] "GET /ticket2/opencms/sv/buy?page=1&edid=23688B8D-8D21-EBA0-1897-8BC6CFFE57DE HTTP/1.1" 200 110978
195.191.219.131 - - [10/Jan/2025:01:38:17 +0100] "GET /ticket2/opencms/robots.txt HTTP/1.1" 200 773
85.208.96.210 - - [10/Jan/2025:01:38:19 +0100] "GET /ticket2/opencms/mt/magazine/article?title=logba-drammatika-bejn-tottenham-u-chelsea HTTP/1.1" 200 93920
217.182.175.120 - - [10/Jan/2025:01:38:19 +0100] "GET /ticket2/opencms/dk/buy/?page=1&edid=E00292B9-289F-EBF1-CED0-AB7E0F333572 HTTP/1.1" 200 112241
85.208.96.212 - - [10/Jan/2025:01:38:20 +0100] "GET /ticket2/opencms/et/magazine/article?title=em-finaal-2024 HTTP/1.1" 200 94107
65.21.113.194 - - [10/Jan/2025:01:38:20 +0100] "GET /ticket2/opencms/sv/buy?page=1&edid=27182C30-0424-098E-A8DB-2AA3B88A1ABD HTTP/1.1" 200 134183
216.244.66.238 - - [10/Jan/2025:01:38:21 +0100] "GET /ticket2/opencms/se/no/sport/fotballsbilletter/premier_league/wolverhampton/ HTTP/1.1" 404 -
195.191.219.131 - - [10/Jan/2025:01:38:21 +0100] "GET /ticket2/opencms/ HTTP/1.1" 302 -
195.191.219.131 - - [10/Jan/2025:01:38:24 +0100] "GET /ticket2/opencms/en/ HTTP/1.1" 200 99332
54.36.148.121 - - [10/Jan/2025:01:38:24 +0100] "GET /ticket2/opencms/be/buy?page=1&edid=37E2A4DD-118F-C378-83A2-20232412AB9C HTTP/1.1" 200 114240
