193.70.81.110 - - [10/Jan/2025:01:16:53 +0100] "GET /ticket2/opencms/dk/buy/?page=1&edid=80921F64-47FC-3ACE-1B5F-30A7D074EB2E&sortorder=asc&column=row HTTP/1.1" 200 112289
65.21.113.194 - - [10/Jan/2025:01:16:55 +0100] "GET /ticket2/opencms/sv/buy/?page=1&edid=8A915ADF-75E4-0EA8-F2E1-13EED016F0C7 HTTP/1.1" 200 118193
193.70.81.110 - - [10/Jan/2025:01:16:57 +0100] "GET /ticket2/opencms/dk/buy/?page=1&edid=82E5C37F-CC9B-4569-1B88-1DB63DDA58A5&sortorder=desc&column=price HTTP/1.1" 200 113613
85.208.96.197 - - [10/Jan/2025:01:16:58 +0100] "GET /ticket2/opencms/es/magazine/article?title=kevin-de-bruyne HTTP/1.1" 200 92867
54.36.149.71 - - [10/Jan/2025:01:17:00 +0100] "GET /ticket2/opencms/es/buy?comcatid=A17713B6-D984-201A-4143-ED4DB5ED5C2E&catid=0A6C99D2-F5BD-7A18-9A5F-5668827042E0 HTTP/1.1" 200 6410
193.70.81.110 - - [10/Jan/2025:01:17:00 +0100] "GET /ticket2/opencms/dk/buy/?page=1&edid=897A4092-F118-F8F6-2F09-41780CC3D6D2&sortorder=asc&column=price HTTP/1.1" 200 110302
65.21.113.194 - - [10/Jan/2025:01:17:03 +0100] "GET /ticket2/opencms/sv/buy/?page=1&edid=8B884D00-0090-F7F9-0339-733FDDA065DC HTTP/1.1" 200 111732
193.70.81.110 - - [10/Jan/2025:01:17:04 +0100] "GET /ticket2/opencms/dk/buy/?page=1&edid=89FE7505-90F7-E10A-4E29-615C9B572E94&sortorder=asc&column=price HTTP/1.1" 200 113616
47.128.97.72 - - [10/Jan/2025:01:17:05 +0100] "GET /ticket2/opencms/lv/buy/?edid=DD14CC82-883B-BD06-4306-EBD494AA1804 HTTP/1.1" 200 92467
34.75.55.252 - - [10/Jan/2025:01:17:07 +0100] "GET /ticket2/opencms/en/magazine/article?title=manchester-city-7-matches-without-a-win HTTP/1.0" 200 92735
193.70.81.110 - - [10/Jan/2025:01:17:07 +0100] "GET /ticket2/opencms/dk/buy/?page=1&edid=A27C2B2E-F075-0571-43BC-97EB95815DE9&sortorder=desc&column=section HTTP/1.1" 200 112724
157.55.39.12 - - [10/Jan/2025:01:17:08 +0100] "GET /ticket2/opencms/sq/ HTTP/1.1" 200 100964
65.21.113.194 - - [10/Jan/2025:01:17:10 +0100] "GET /ticket2/opencms/sv/buy/?page=1&edid=8C15C2A6-6F0D-F124-996B-0D6AF34B41CB HTTP/1.1" 200 108628
193.70.81.110 - - [10/Jan/2025:01:17:11 +0100] "GET /ticket2/opencms/dk/buy/?page=1&edid=A2BD900A-7781-85CC-B266-10CD17F4A1CE&sortorder=asc&column=price HTTP/1.1" 200 112661
193.70.81.110 - - [10/Jan/2025:01:17:14 +0100] "GET /ticket2/opencms/dk/buy/?page=1&edid=A2BD900A-7781-85CC-B266-10CD17F4A1CE&sortorder=desc&column=row HTTP/1.1" 200 112624
40.77.167.74 - - [10/Jan/2025:01:17:14 +0100] "GET /ticket2/opencms/cs/buy?page=1&edid=E1332E4A-0A6D-DD3D-14BF-DB0907B051D5 HTTP/1.1" 200 112640
85.208.96.211 - - [10/Jan/2025:01:17:15 +0100] "GET /ticket2/opencms/lt/magazine/article?title=allsvenskan-svedijos-futbolo-premier-lyga HTTP/1.1" 200 92866
85.208.96.212 - - [10/Jan/2025:01:17:16 +0100] "GET /ticket2/opencms/robots.txt HTTP/1.1" 200 773
65.21.113.194 - - [10/Jan/2025:01:17:17 +0100] "GET /ticket2/opencms/robots.txt HTTP/1.1" 200 773
65.21.113.194 - - [10/Jan/2025:01:17:18 +0100] "GET /ticket2/opencms/sv/buy/?page=1&edid=8C8B6CAD-0E9C-D59D-F548-EF8ED0013C05 HTTP/1.1" 200 111964
193.70.81.110 - - [10/Jan/2025:01:17:18 +0100] "GET /ticket2/opencms/dk/buy/?page=1&edid=A2BD900A-7781-85CC-B266-10CD17F4A1CE&sortorder=desc&column=section HTTP/1.1" 200 112946
85.208.96.204 - - [10/Jan/2025:01:17:18 +0100] "GET /ticket2/opencms/lv/magazine/article?title=fulham-fc HTTP/1.1" 200 91533
85.208.96.208 - - [10/Jan/2025:01:17:18 +0100] "GET /ticket2/opencms/no/sport/fotballsbilletter/premier_league/bournemouth/ HTTP/1.1" 200 99746
185.191.171.2 - - [10/Jan/2025:01:17:19 +0100] "GET /ticket2/opencms/nl/sport/voetbal-tickets/premier_league/sheffield/ HTTP/1.1" 200 86622
193.70.81.110 - - [10/Jan/2025:01:17:21 +0100] "GET /ticket2/opencms/dk/buy/?page=1&edid=A2FF267A-5FC6-AA5D-3446-6D9BF83F1742&sortorder=desc&column=row HTTP/1.1" 200 113567
66.249.76.42 - - [10/Jan/2025:01:17:23 +0100] "GET /ticket2/opencms/it/buy/?page=1&edid=51141EB3-B375-D16D-CA84-E949B19945AA HTTP/1.1" 200 109352
193.70.81.110 - - [10/Jan/2025:01:17:25 +0100] "GET /ticket2/opencms/dk/buy/?page=1&edid=AA77BD4E-C2F1-33E9-4851-2BA88F77A335&sortorder=asc&column=section HTTP/1.1" 200 112752
65.21.113.194 - - [10/Jan/2025:01:17:29 +0100] "GET /ticket2/opencms/sv/buy/?page=1&edid=8D067D33-4AB8-CD99-805B-FBEC01127522 HTTP/1.1" 200 108748
193.70.81.110 - - [10/Jan/2025:01:17:29 +0100] "GET /ticket2/opencms/dk/buy/?page=1&edid=AC0C32F1-30A3-A666-FA0E-78D0F2526183&sortorder=asc&column=price HTTP/1.1" 200 113040
185.191.171.3 - - [10/Jan/2025:01:17:29 +0100] "GET /ticket2/opencms/pl/magazine/article?title=premier-league-najciekawsze-transfery-okna-transferowego HTTP/1.1" 200 94671
47.128.118.122 - - [10/Jan/2025:01:17:31 +0100] "GET /ticket2/opencms/sv/magazine/article?title=chelsea-fcs-och-deras-kamp-for-stabilitet HTTP/1.1" 200 92950
193.70.81.110 - - [10/Jan/2025:01:17:33 +0100] "GET /ticket2/opencms/dk/buy/?page=1&edid=AC0C32F1-30A3-A666-FA0E-78D0F2526183&sortorder=asc&column=row HTTP/1.1" 200 112967
65.21.113.194 - - [10/Jan/2025:01:17:35 +0100] "GET /ticket2/opencms/sv/buy/?page=1&edid=8D24B546-C583-0AE0-A1BF-4A34E2FE9CC5 HTTP/1.1" 200 112048
78.186.134.161 - - [10/Jan/2025:01:17:35 +0100] "GET / HTTP/1.0" 404 -
193.70.81.110 - - [10/Jan/2025:01:17:36 +0100] "GET /ticket2/opencms/dk/buy/?page=1&edid=AC0C32F1-30A3-A666-FA0E-78D0F2526183&sortorder=asc&column=section HTTP/1.1" 200 113192
54.36.148.249 - - [10/Jan/2025:01:17:38 +0100] "GET /ticket2/opencms/sr/buy?page=1&edid=E8C34E6F-F034-0C2A-D437-ABD4D0BC81CD HTTP/1.1" 200 113587
66.249.76.160 - - [10/Jan/2025:01:17:39 +0100] "GET /ticket2/opencms/cs/buy?page=6&comcatid=A17713B6-D984-201A-4143-ED4DB5ED5C2E&catid=0A6C99D2-F5BD-7A18-9A5F-5668827042E0&eventid=6F6C209F-41CD-D584-D276-D5324683B59C HTTP/1.1" 200 6410
202.8.42.198 - - [10/Jan/2025:01:17:39 +0100] "GET /ticket2/opencms/system/modules/com.gridnine.opencms.ticketbrokerage.site/resources/css/ticketbrokerage.css HTTP/1.1" 200 39339
202.8.42.198 - - [10/Jan/2025:01:17:39 +0100] "GET /ticket2/opencms/system/modules/com.gridnine.opencms.ticketbrokerage.site/resources/css/jquery-ui.css HTTP/1.1" 200 33221
202.8.42.198 - - [10/Jan/2025:01:17:39 +0100] "GET /ticket2/opencms/system/modules/com.gridnine.opencms.ticketbrokerage.site/resources/css/jquery.fancybox.css HTTP/1.1" 200 4939
202.8.42.198 - - [10/Jan/2025:01:17:39 +0100] "GET /ticket2/opencms/system/modules/com.gridnine.opencms.ticketbrokerage.site/resources/css/standard.css HTTP/1.1" 200 73081
202.8.42.198 - - [10/Jan/2025:01:17:39 +0100] "GET /ticket2/opencms/system/modules/com.gridnine.opencms.ticketbrokerage.site/resources/css/calendar.css HTTP/1.1" 200 6871
202.8.42.198 - - [10/Jan/2025:01:17:39 +0100] "GET /ticket2/opencms/system/modules/com.gridnine.opencms.ticketbrokerage.site/resources/js/jquery/jquery.js HTTP/1.1" 200 93868
202.8.42.198 - - [10/Jan/2025:01:17:40 +0100] "GET /ticket2/opencms/system/modules/com.gridnine.opencms.ticketbrokerage.site/resources/js/calendar-en.js HTTP/1.1" 200 3338
202.8.42.198 - - [10/Jan/2025:01:17:40 +0100] "GET /ticket2/opencms/system/modules/com.gridnine.opencms.ticketbrokerage.site/resources/js/functions.js HTTP/1.1" 200 1583
202.8.42.198 - - [10/Jan/2025:01:17:40 +0100] "GET /ticket2/opencms/system/modules/com.gridnine.opencms.ticketbrokerage.site/resources/js/calendar.js HTTP/1.1" 200 49229
202.8.42.198 - - [10/Jan/2025:01:17:40 +0100] "GET /ticket2/opencms/system/modules/com.gridnine.opencms.ticketbrokerage.site/resources/js/jquery/jquery-ui.js HTTP/1.1" 200 228088
202.8.42.198 - - [10/Jan/2025:01:17:40 +0100] "GET /ticket2/opencms/system/modules/com.gridnine.opencms.ticketbrokerage.site/resources/js/calendar-setup.js HTTP/1.1" 200 4923
193.70.81.110 - - [10/Jan/2025:01:17:40 +0100] "GET /ticket2/opencms/dk/buy/?page=1&edid=AFC32FFD-1720-90C6-B617-5D601DF0900B&sortorder=asc&column=price HTTP/1.1" 200 113111
202.8.42.198 - - [10/Jan/2025:01:17:40 +0100] "GET /ticket2/opencms/system/modules/com.gridnine.opencms.ticketbrokerage.site/resources/js/jquery.fancybox.pack.js HTTP/1.1" 200 23187
202.8.42.198 - - [10/Jan/2025:01:17:40 +0100] "GET /ticket2/opencms/system/modules/com.gridnine.opencms.ticketbrokerage.site/resources/js/stickyfill.min.js HTTP/1.1" 200 5672
202.8.42.198 - - [10/Jan/2025:01:17:40 +0100] "GET /ticket2/opencms/system/modules/com.gridnine.opencms.ticketbrokerage.site/resources/js/standard.js HTTP/1.1" 200 3978
202.8.42.198 - - [10/Jan/2025:01:17:40 +0100] "GET /ticket2/opencms/system/modules/com.gridnine.opencms.ticketbrokerage.site/resources/js/jquery.placeholder.min.js HTTP/1.1" 200 1737
202.8.42.198 - - [10/Jan/2025:01:17:40 +0100] "GET /ticket2/opencms/system/modules/com.gridnine.opencms.ticketbrokerage.site/resources/js/common-ajax.js HTTP/1.1" 200 20175
202.8.42.198 - - [10/Jan/2025:01:17:40 +0100] "GET /ticket2/opencms/sr/ask-form.html HTTP/1.1" 200 3156
202.8.42.198 - - [10/Jan/2025:01:17:40 +0100] "GET /ticket2/opencms/sr/ask-form.html HTTP/1.1" 200 3156
202.8.42.198 - - [10/Jan/2025:01:17:40 +0100] "GET /ticket2/opencms/system/modules/com.gridnine.opencms.ticketbrokerage.site/resources/css/ticketbrokerage.css HTTP/1.1" 200 39339
202.8.42.198 - - [10/Jan/2025:01:17:40 +0100] "GET /ticket2/opencms/system/modules/com.gridnine.opencms.ticketbrokerage.site/resources/js/standard.js HTTP/1.1" 200 3978
65.21.113.194 - - [10/Jan/2025:01:17:43 +0100] "GET /ticket2/opencms/sv/buy/?page=1&edid=8DF36092-1262-D852-3FA6-D00FC4F478AA HTTP/1.1" 200 108716
193.70.81.110 - - [10/Jan/2025:01:17:43 +0100] "GET /ticket2/opencms/dk/buy/?page=1&edid=B18027D6-B45A-F7C3-86D8-199E36269DA4&sortorder=asc&column=price HTTP/1.1" 200 110285
40.77.167.17 - - [10/Jan/2025:01:17:44 +0100] "GET /ticket2/opencms/bs/buy?page=1&edid=8146A7B3-741F-33FE-A603-D6B5616C3E8B HTTP/1.1" 200 109707
193.70.81.110 - - [10/Jan/2025:01:17:47 +0100] "GET /ticket2/opencms/dk/buy/?page=1&edid=B1D3C0ED-5FAA-9B4F-A8C8-686E7CCB159F&sortorder=asc&column=section HTTP/1.1" 200 112550
193.70.81.110 - - [10/Jan/2025:01:17:51 +0100] "GET /ticket2/opencms/dk/buy/?page=1&edid=B3E9CF22-67BA-F1BB-114E-8C5EC129CEB7&sortorder=asc&column=price HTTP/1.1" 200 114227
66.249.76.160 - - [10/Jan/2025:01:17:51 +0100] "GET /ticket2/opencms/sv/buy?page=1&edid=56F28A7B-F2BA-A987-F0EA-6526B22962C8 HTTP/1.1" 200 112471
65.21.113.194 - - [10/Jan/2025:01:17:52 +0100] "GET /ticket2/opencms/sv/buy/?page=1&edid=8E087689-30A7-E7AD-9853-CFBC4F6216DD HTTP/1.1" 200 134144
193.70.81.110 - - [10/Jan/2025:01:17:54 +0100] "GET /ticket2/opencms/dk/buy/?page=1&edid=B4FD3B53-8032-0E58-F439-012FAD8AA274&sortorder=desc&column=price HTTP/1.1" 200 112954
193.70.81.110 - - [10/Jan/2025:01:17:58 +0100] "GET /ticket2/opencms/dk/buy/?page=1&edid=B5E212FA-75B2-874E-9151-2C0F6C91543F HTTP/1.1" 200 110789
65.21.113.194 - - [10/Jan/2025:01:17:58 +0100] "GET /ticket2/opencms/sv/buy/?page=1&edid=8E10E53D-20CB-D950-05F1-34EA3BA03F55 HTTP/1.1" 200 108712
85.208.96.193 - - [10/Jan/2025:01:18:00 +0100] "GET /ticket2/opencms/sv/sport/fotbollsbiljetter/serie_a/lazio/ HTTP/1.1" 200 97818
193.70.81.110 - - [10/Jan/2025:01:18:02 +0100] "GET /ticket2/opencms/dk/buy/?page=1&edid=B7653BD0-33A8-8039-42B6-78FA5A3DEC82&sortorder=desc&column=price HTTP/1.1" 200 114075
114.119.153.152 - - [10/Jan/2025:01:18:04 +0100] "GET /ticket2/opencms/is/buy?page=1&edid=0B2D5024-5EB0-1CCB-783B-D7552DC4925D HTTP/1.1" 200 113588
193.70.81.110 - - [10/Jan/2025:01:18:05 +0100] "GET /ticket2/opencms/dk/buy/?page=1&edid=B7653BD0-33A8-8039-42B6-78FA5A3DEC82&sortorder=desc&column=section HTTP/1.1" 200 114199
193.70.81.110 - - [10/Jan/2025:01:18:09 +0100] "GET /ticket2/opencms/dk/buy/?page=1&edid=B76689E3-2006-DC7E-9251-A101A359ED2F&sortorder=desc&column=section HTTP/1.1" 200 113302
85.208.96.200 - - [10/Jan/2025:01:18:11 +0100] "GET /ticket2/opencms/en/sport/football-tickets/serie_a/ac_milan/ HTTP/1.1" 200 96777
54.36.148.10 - - [10/Jan/2025:01:18:12 +0100] "GET /ticket2/opencms/be/buy?page=1&edid=E8C34E6F-F034-0C2A-D437-ABD4D0BC81CD HTTP/1.1" 200 115335
193.70.81.110 - - [10/Jan/2025:01:18:12 +0100] "GET /ticket2/opencms/dk/buy/?page=1&edid=C7654A00-432E-825A-5BDE-96494DB341B8&sortorder=asc&column=section HTTP/1.1" 200 112673
216.244.66.238 - - [10/Jan/2025:01:18:13 +0100] "GET /ticket2/opencms/az/buy?page=1&edid=3DE00F0C-D064-F580-0B18-1943C6741906 HTTP/1.1" 200 113694
202.8.41.70 - - [10/Jan/2025:01:18:13 +0100] "GET /ticket2/opencms/system/modules/com.gridnine.opencms.ticketbrokerage.site/resources/css/jquery.fancybox.css HTTP/1.1" 200 4939
202.8.41.70 - - [10/Jan/2025:01:18:13 +0100] "GET /ticket2/opencms/system/modules/com.gridnine.opencms.ticketbrokerage.site/resources/css/calendar.css HTTP/1.1" 200 6871
202.8.41.70 - - [10/Jan/2025:01:18:13 +0100] "GET /ticket2/opencms/system/modules/com.gridnine.opencms.ticketbrokerage.site/resources/css/jquery-ui.css HTTP/1.1" 200 33221
202.8.41.70 - - [10/Jan/2025:01:18:13 +0100] "GET /ticket2/opencms/system/modules/com.gridnine.opencms.ticketbrokerage.site/resources/css/ticketbrokerage.css HTTP/1.1" 200 39339
202.8.41.70 - - [10/Jan/2025:01:18:13 +0100] "GET /ticket2/opencms/system/modules/com.gridnine.opencms.ticketbrokerage.site/resources/css/standard.css HTTP/1.1" 200 73081
202.8.41.70 - - [10/Jan/2025:01:18:13 +0100] "GET /ticket2/opencms/system/modules/com.gridnine.opencms.ticketbrokerage.site/resources/js/jquery.fancybox.pack.js HTTP/1.1" 200 23187
202.8.41.70 - - [10/Jan/2025:01:18:13 +0100] "GET /ticket2/opencms/system/modules/com.gridnine.opencms.ticketbrokerage.site/resources/js/functions.js HTTP/1.1" 200 1583
202.8.41.70 - - [10/Jan/2025:01:18:13 +0100] "GET /ticket2/opencms/system/modules/com.gridnine.opencms.ticketbrokerage.site/resources/js/calendar-en.js HTTP/1.1" 200 3338
202.8.41.70 - - [10/Jan/2025:01:18:13 +0100] "GET /ticket2/opencms/system/modules/com.gridnine.opencms.ticketbrokerage.site/resources/js/jquery/jquery-ui.js HTTP/1.1" 200 228088
202.8.41.70 - - [10/Jan/2025:01:18:13 +0100] "GET /ticket2/opencms/system/modules/com.gridnine.opencms.ticketbrokerage.site/resources/js/calendar.js HTTP/1.1" 200 49229
202.8.41.70 - - [10/Jan/2025:01:18:13 +0100] "GET /ticket2/opencms/system/modules/com.gridnine.opencms.ticketbrokerage.site/resources/js/stickyfill.min.js HTTP/1.1" 200 5672
202.8.41.70 - - [10/Jan/2025:01:18:13 +0100] "GET /ticket2/opencms/system/modules/com.gridnine.opencms.ticketbrokerage.site/resources/js/jquery/jquery.js HTTP/1.1" 200 93868
202.8.41.70 - - [10/Jan/2025:01:18:13 +0100] "GET /ticket2/opencms/system/modules/com.gridnine.opencms.ticketbrokerage.site/resources/js/standard.js HTTP/1.1" 200 3978
202.8.41.70 - - [10/Jan/2025:01:18:13 +0100] "GET /ticket2/opencms/system/modules/com.gridnine.opencms.ticketbrokerage.site/resources/js/calendar-setup.js HTTP/1.1" 200 4923
202.8.41.70 - - [10/Jan/2025:01:18:14 +0100] "GET /ticket2/opencms/system/modules/com.gridnine.opencms.ticketbrokerage.site/resources/js/jquery.placeholder.min.js HTTP/1.1" 200 1737
202.8.41.70 - - [10/Jan/2025:01:18:14 +0100] "GET /ticket2/opencms/system/modules/com.gridnine.opencms.ticketbrokerage.site/resources/js/common-ajax.js HTTP/1.1" 200 20175
202.8.41.70 - - [10/Jan/2025:01:18:14 +0100] "GET /ticket2/opencms/be/ask-form.html HTTP/1.1" 200 3156
65.21.113.194 - - [10/Jan/2025:01:18:14 +0100] "GET /ticket2/opencms/sv/buy/?page=1&edid=8E43ECF6-11B9-CAF2-A331-C77F36107AD0 HTTP/1.1" 200 121565
202.8.41.70 - - [10/Jan/2025:01:18:14 +0100] "GET /ticket2/opencms/system/modules/com.gridnine.opencms.ticketbrokerage.site/resources/css/ticketbrokerage.css HTTP/1.1" 200 39339
193.70.81.110 - - [10/Jan/2025:01:18:16 +0100] "GET /ticket2/opencms/dk/buy/?page=1&edid=C7A7C915-381D-19BD-EDE4-9DFD4C1BFCFC&sortorder=asc&column=price HTTP/1.1" 200 113158
85.208.96.205 - - [10/Jan/2025:01:18:17 +0100] "GET /ticket2/opencms/de/magazine/ HTTP/1.1" 200 157378
193.70.81.110 - - [10/Jan/2025:01:18:19 +0100] "GET /ticket2/opencms/dk/buy/?page=1&edid=C7A7C915-381D-19BD-EDE4-9DFD4C1BFCFC&sortorder=asc&column=row HTTP/1.1" 200 113051
193.70.81.110 - - [10/Jan/2025:01:18:23 +0100] "GET /ticket2/opencms/dk/buy/?page=1&edid=C8198374-0577-0427-4408-233F54C3C751&sortorder=asc&column=section HTTP/1.1" 200 114181
40.77.167.74 - - [10/Jan/2025:01:18:25 +0100] "GET /ticket2/opencms/et/buy?page=1&edid=76EAECA7-64F4-2580-38CA-B14BCC95A1C5 HTTP/1.1" 200 119085
193.70.81.110 - - [10/Jan/2025:01:18:27 +0100] "GET /ticket2/opencms/dk/buy/?page=1&edid=C8E5B5BA-0B51-B98E-737F-2DD864F6D95E&sortorder=desc&column=price HTTP/1.1" 200 113240
157.55.39.51 - - [10/Jan/2025:01:18:28 +0100] "GET /ticket2/opencms/en/buy/?page=1&edid=4F9A3001-AB84-33D9-A8C7-E5516BAA54A8 HTTP/1.1" 200 111193
185.191.171.12 - - [10/Jan/2025:01:18:28 +0100] "GET /ticket2/opencms/sv/sport/baseballbiljetter/ny-mets/ HTTP/1.1" 200 85683
216.244.66.238 - - [10/Jan/2025:01:18:30 +0100] "GET /ticket2/opencms/el/buy?page=1&edid=A250B4B1-8EE0-FF45-8CB6-582F5F739AF9 HTTP/1.1" 200 141959
193.70.81.110 - - [10/Jan/2025:01:18:31 +0100] "GET /ticket2/opencms/dk/buy/?page=1&edid=C983C410-A893-1A41-94F2-2B0B8C7A2BBB&sortorder=asc&column=row HTTP/1.1" 200 112802
185.191.171.15 - - [10/Jan/2025:01:18:32 +0100] "GET /ticket2/opencms/cs/sport/fotbalove-listky/premier-league/brighton HTTP/1.1" 200 101971
40.77.167.17 - - [10/Jan/2025:01:18:34 +0100] "GET /ticket2/opencms/sr/buy?page=1&edid=1634BCBF-AA11-8172-081F-BB741D819BCB HTTP/1.1" 200 110279
193.70.81.110 - - [10/Jan/2025:01:18:34 +0100] "GET /ticket2/opencms/dk/buy/?page=1&edid=C9C1865A-DE34-5640-AA00-B81C127F699C&sortorder=asc&column=price HTTP/1.1" 200 113503
114.119.151.50 - - [10/Jan/2025:01:18:34 +0100] "GET /ticket2/opencms/en/venue/?venueid=E3220E32-8510-74FA-4DA4-34193B5D3082 HTTP/1.1" 200 85050
85.208.96.199 - - [10/Jan/2025:01:18:35 +0100] "GET /ticket2/opencms/nl/magazine/article?title=manchester-city-loopt-het-risico-op-degradatie HTTP/1.1" 200 90133
193.70.81.110 - - [10/Jan/2025:01:18:38 +0100] "GET /ticket2/opencms/dk/buy/?page=1&edid=C9C1865A-DE34-5640-AA00-B81C127F699C&sortorder=asc&column=row HTTP/1.1" 200 113335
193.70.81.110 - - [10/Jan/2025:01:18:41 +0100] "GET /ticket2/opencms/dk/buy/?page=1&edid=C9C1865A-DE34-5640-AA00-B81C127F699C&sortorder=asc&column=section HTTP/1.1" 200 113593
193.70.81.110 - - [10/Jan/2025:01:18:45 +0100] "GET /ticket2/opencms/dk/buy/?page=1&edid=C9C1865A-DE34-5640-AA00-B81C127F699C&sortorder=desc&column=section HTTP/1.1" 200 113668
216.244.66.238 - - [10/Jan/2025:01:18:47 +0100] "GET /ticket2/opencms/et/buy?page=1&edid=6491C4B6-5C45-20F3-BDEC-54EE4BA903D5 HTTP/1.1" 200 136940
193.70.81.110 - - [10/Jan/2025:01:18:49 +0100] "GET /ticket2/opencms/dk/buy/?page=1&edid=CB7979F8-A9BA-84FB-0C37-F2D398888A8F&sortorder=asc&column=price HTTP/1.1" 200 112840
65.21.113.194 - - [10/Jan/2025:01:18:50 +0100] "GET /ticket2/opencms/sv/buy/?page=1&edid=8E60715C-679D-D409-2BE9-46EB77599BF4 HTTP/1.1" 200 125545
193.70.81.110 - - [10/Jan/2025:01:18:52 +0100] "GET /ticket2/opencms/dk/buy/?page=1&edid=CC406F24-F0D4-1A0D-7C4A-0C89C209E0B9&sortorder=asc&column=section HTTP/1.1" 200 110451
40.77.167.17 - - [10/Jan/2025:01:18:52 +0100] "GET /ticket2/opencms/bs/buy?page=1&edid=22C25D4A-8612-C952-E05F-F353DFA896EE HTTP/1.1" 200 109566
193.70.81.110 - - [10/Jan/2025:01:18:55 +0100] "GET /ticket2/opencms/dk/buy/?page=1&edid=CCEFC4C2-ED9A-19C6-C9B8-FD929DA2F74D HTTP/1.1" 200 110624
85.208.96.206 - - [10/Jan/2025:01:18:56 +0100] "GET /ticket2/opencms/en/search.html?searchQuery=chelsea&submit HTTP/1.1" 200 107437
65.21.113.194 - - [10/Jan/2025:01:18:57 +0100] "GET /ticket2/opencms/sv/buy/?page=1&edid=8E7E988F-0CBB-24A6-EB31-1B5F9AB22CBD HTTP/1.1" 200 108792
193.70.81.110 - - [10/Jan/2025:01:18:59 +0100] "GET /ticket2/opencms/dk/buy/?page=1&edid=CD01A5E9-1E8D-C278-2136-399AFFBDB676&sortorder=desc&column=price HTTP/1.1" 200 113144
65.21.113.194 - - [10/Jan/2025:01:19:01 +0100] "GET /ticket2/opencms/sv/buy/?page=1&edid=8EC06780-2F1B-062D-0558-60639CB8BA1F HTTP/1.1" 200 108661
193.70.81.110 - - [10/Jan/2025:01:19:03 +0100] "GET /ticket2/opencms/dk/buy/?page=1&edid=CD3AD857-8EEC-6EA5-99A5-A50D6E3B925C&sortorder=asc&column=row HTTP/1.1" 200 113477
65.21.113.194 - - [10/Jan/2025:01:19:05 +0100] "GET /ticket2/opencms/sv/buy/?page=1&edid=91131440-6E9B-EF94-52C2-EDE415172430 HTTP/1.1" 200 118301
193.70.81.110 - - [10/Jan/2025:01:19:06 +0100] "GET /ticket2/opencms/dk/buy/?page=1&edid=CD6EABFF-F2F6-FE26-CC78-420DEA1CEE33&sortorder=asc&column=row HTTP/1.1" 200 113181
193.70.81.110 - - [10/Jan/2025:01:19:10 +0100] "GET /ticket2/opencms/dk/buy/?page=1&edid=CD6EABFF-F2F6-FE26-CC78-420DEA1CEE33&sortorder=asc&column=section HTTP/1.1" 200 113440
65.21.113.194 - - [10/Jan/2025:01:19:11 +0100] "GET /ticket2/opencms/sv/buy/?page=1&edid=921154C3-BF4F-9061-5CFB-8ECC0A8A34AE HTTP/1.1" 200 108696
54.36.148.38 - - [10/Jan/2025:01:19:12 +0100] "GET /ticket2/opencms/et/buy?page=1&edid=E8C34E6F-F034-0C2A-D437-ABD4D0BC81CD HTTP/1.1" 200 112898
193.70.81.110 - - [10/Jan/2025:01:19:13 +0100] "GET /ticket2/opencms/dk/buy/?page=1&edid=CD8C65AB-F506-0A9E-001A-2A1B6DBD3092&sortorder=asc&column=row HTTP/1.1" 200 113954
202.8.43.210 - - [10/Jan/2025:01:19:14 +0100] "GET /ticket2/opencms/system/modules/com.gridnine.opencms.ticketbrokerage.site/resources/css/calendar.css HTTP/1.1" 200 6871
202.8.43.210 - - [10/Jan/2025:01:19:14 +0100] "GET /ticket2/opencms/system/modules/com.gridnine.opencms.ticketbrokerage.site/resources/css/standard.css HTTP/1.1" 200 73081
202.8.43.210 - - [10/Jan/2025:01:19:14 +0100] "GET /ticket2/opencms/system/modules/com.gridnine.opencms.ticketbrokerage.site/resources/css/jquery.fancybox.css HTTP/1.1" 200 4939
202.8.43.210 - - [10/Jan/2025:01:19:14 +0100] "GET /ticket2/opencms/system/modules/com.gridnine.opencms.ticketbrokerage.site/resources/js/jquery/jquery.js HTTP/1.1" 200 93868
202.8.43.210 - - [10/Jan/2025:01:19:14 +0100] "GET /ticket2/opencms/system/modules/com.gridnine.opencms.ticketbrokerage.site/resources/css/jquery-ui.css HTTP/1.1" 200 33221
202.8.43.210 - - [10/Jan/2025:01:19:14 +0100] "GET /ticket2/opencms/system/modules/com.gridnine.opencms.ticketbrokerage.site/resources/css/ticketbrokerage.css HTTP/1.1" 200 39339
202.8.43.210 - - [10/Jan/2025:01:19:14 +0100] "GET /ticket2/opencms/system/modules/com.gridnine.opencms.ticketbrokerage.site/resources/js/functions.js HTTP/1.1" 200 1583
202.8.43.210 - - [10/Jan/2025:01:19:14 +0100] "GET /ticket2/opencms/system/modules/com.gridnine.opencms.ticketbrokerage.site/resources/js/jquery/jquery-ui.js HTTP/1.1" 200 228088
202.8.43.210 - - [10/Jan/2025:01:19:14 +0100] "GET /ticket2/opencms/system/modules/com.gridnine.opencms.ticketbrokerage.site/resources/js/calendar-en.js HTTP/1.1" 200 3338
202.8.43.210 - - [10/Jan/2025:01:19:14 +0100] "GET /ticket2/opencms/system/modules/com.gridnine.opencms.ticketbrokerage.site/resources/js/calendar.js HTTP/1.1" 200 49229
202.8.43.210 - - [10/Jan/2025:01:19:14 +0100] "GET /ticket2/opencms/system/modules/com.gridnine.opencms.ticketbrokerage.site/resources/js/calendar-setup.js HTTP/1.1" 200 4923
202.8.43.210 - - [10/Jan/2025:01:19:14 +0100] "GET /ticket2/opencms/system/modules/com.gridnine.opencms.ticketbrokerage.site/resources/js/stickyfill.min.js HTTP/1.1" 200 5672
202.8.43.210 - - [10/Jan/2025:01:19:14 +0100] "GET /ticket2/opencms/system/modules/com.gridnine.opencms.ticketbrokerage.site/resources/js/jquery.fancybox.pack.js HTTP/1.1" 200 23187
202.8.43.210 - - [10/Jan/2025:01:19:14 +0100] "GET /ticket2/opencms/system/modules/com.gridnine.opencms.ticketbrokerage.site/resources/js/standard.js HTTP/1.1" 200 3978
202.8.43.210 - - [10/Jan/2025:01:19:14 +0100] "GET /ticket2/opencms/system/modules/com.gridnine.opencms.ticketbrokerage.site/resources/js/jquery.placeholder.min.js HTTP/1.1" 200 1737
202.8.43.210 - - [10/Jan/2025:01:19:14 +0100] "GET /ticket2/opencms/system/modules/com.gridnine.opencms.ticketbrokerage.site/resources/js/common-ajax.js HTTP/1.1" 200 20175
202.8.43.210 - - [10/Jan/2025:01:19:14 +0100] "GET /ticket2/opencms/et/ask-form.html HTTP/1.1" 200 3156
202.8.43.210 - - [10/Jan/2025:01:19:14 +0100] "GET /ticket2/opencms/system/modules/com.gridnine.opencms.ticketbrokerage.site/resources/css/ticketbrokerage.css HTTP/1.1" 200 39339
65.21.113.194 - - [10/Jan/2025:01:19:16 +0100] "GET /ticket2/opencms/sv/buy/?page=1&edid=9250B98C-3D5F-37E6-7B39-001C84B580C7 HTTP/1.1" 200 116686
193.70.81.110 - - [10/Jan/2025:01:19:16 +0100] "GET /ticket2/opencms/dk/buy/?page=1&edid=CD8C65AB-F506-0A9E-001A-2A1B6DBD3092&sortorder=desc&column=row HTTP/1.1" 200 114075
17.246.15.221 - - [10/Jan/2025:01:19:17 +0100] "GET /ticket2/opencms/system/modules/com.gridnine.opencms.ticketbrokerage.site/resources/css/calendar.css HTTP/1.1" 200 6871
157.55.39.55 - - [10/Jan/2025:01:19:17 +0100] "GET /ticket2/opencms/es/buy/?page=1&edid=BE17ACCD-373E-3D61-3E0D-59C7799F3E1D HTTP/1.1" 200 112942
17.246.23.244 - - [10/Jan/2025:01:19:18 +0100] "GET /ticket2/opencms/system/modules/com.gridnine.opencms.ticketbrokerage.site/resources/css/standard.css HTTP/1.1" 200 73081
17.246.19.150 - - [10/Jan/2025:01:19:18 +0100] "GET /ticket2/opencms/system/modules/com.gridnine.opencms.ticketbrokerage.site/resources/css/ticketbrokerage.css HTTP/1.1" 200 39339
17.246.23.207 - - [10/Jan/2025:01:19:19 +0100] "GET /ticket2/opencms/system/modules/com.gridnine.opencms.ticketbrokerage.site/resources/js/functions.js HTTP/1.1" 200 1583
54.36.149.72 - - [10/Jan/2025:01:19:19 +0100] "GET /ticket2/opencms/ga/buy?page=1&edid=E8C34E6F-F034-0C2A-D437-ABD4D0BC81CD HTTP/1.1" 200 113482
17.246.15.4 - - [10/Jan/2025:01:19:19 +0100] "GET /ticket2/opencms/system/modules/com.gridnine.opencms.ticketbrokerage.site/resources/js/calendar.js HTTP/1.1" 200 49229
17.246.23.4 - - [10/Jan/2025:01:19:20 +0100] "GET /ticket2/opencms/system/modules/com.gridnine.opencms.ticketbrokerage.site/resources/js/calendar-en.js HTTP/1.1" 200 3338
193.70.81.110 - - [10/Jan/2025:01:19:20 +0100] "GET /ticket2/opencms/dk/buy/?page=1&edid=D9F3D901-EF0D-5550-64E0-AAA42CF6945A&sortorder=asc&column=price HTTP/1.1" 200 112811
202.8.40.190 - - [10/Jan/2025:01:19:20 +0100] "GET /ticket2/opencms/system/modules/com.gridnine.opencms.ticketbrokerage.site/resources/css/ticketbrokerage.css HTTP/1.1" 200 39339
202.8.40.190 - - [10/Jan/2025:01:19:20 +0100] "GET /ticket2/opencms/system/modules/com.gridnine.opencms.ticketbrokerage.site/resources/css/jquery.fancybox.css HTTP/1.1" 200 4939
202.8.40.190 - - [10/Jan/2025:01:19:20 +0100] "GET /ticket2/opencms/system/modules/com.gridnine.opencms.ticketbrokerage.site/resources/css/jquery-ui.css HTTP/1.1" 200 33221
202.8.40.190 - - [10/Jan/2025:01:19:20 +0100] "GET /ticket2/opencms/system/modules/com.gridnine.opencms.ticketbrokerage.site/resources/css/calendar.css HTTP/1.1" 200 6871
202.8.40.190 - - [10/Jan/2025:01:19:20 +0100] "GET /ticket2/opencms/system/modules/com.gridnine.opencms.ticketbrokerage.site/resources/css/standard.css HTTP/1.1" 200 73081
202.8.40.190 - - [10/Jan/2025:01:19:20 +0100] "GET /ticket2/opencms/system/modules/com.gridnine.opencms.ticketbrokerage.site/resources/js/stickyfill.min.js HTTP/1.1" 200 5672
202.8.40.190 - - [10/Jan/2025:01:19:20 +0100] "GET /ticket2/opencms/system/modules/com.gridnine.opencms.ticketbrokerage.site/resources/js/functions.js HTTP/1.1" 200 1583
202.8.40.190 - - [10/Jan/2025:01:19:20 +0100] "GET /ticket2/opencms/system/modules/com.gridnine.opencms.ticketbrokerage.site/resources/js/calendar.js HTTP/1.1" 200 49229
202.8.40.190 - - [10/Jan/2025:01:19:20 +0100] "GET /ticket2/opencms/system/modules/com.gridnine.opencms.ticketbrokerage.site/resources/js/jquery/jquery-ui.js HTTP/1.1" 200 228088
202.8.40.190 - - [10/Jan/2025:01:19:20 +0100] "GET /ticket2/opencms/system/modules/com.gridnine.opencms.ticketbrokerage.site/resources/js/jquery/jquery.js HTTP/1.1" 200 93868
202.8.40.190 - - [10/Jan/2025:01:19:20 +0100] "GET /ticket2/opencms/system/modules/com.gridnine.opencms.ticketbrokerage.site/resources/js/calendar-en.js HTTP/1.1" 200 3338
202.8.40.190 - - [10/Jan/2025:01:19:20 +0100] "GET /ticket2/opencms/system/modules/com.gridnine.opencms.ticketbrokerage.site/resources/js/calendar-setup.js HTTP/1.1" 200 4923
202.8.40.190 - - [10/Jan/2025:01:19:20 +0100] "GET /ticket2/opencms/system/modules/com.gridnine.opencms.ticketbrokerage.site/resources/js/jquery.fancybox.pack.js HTTP/1.1" 200 23187
202.8.40.190 - - [10/Jan/2025:01:19:20 +0100] "GET /ticket2/opencms/system/modules/com.gridnine.opencms.ticketbrokerage.site/resources/js/standard.js HTTP/1.1" 200 3978
202.8.40.190 - - [10/Jan/2025:01:19:20 +0100] "GET /ticket2/opencms/system/modules/com.gridnine.opencms.ticketbrokerage.site/resources/js/jquery.placeholder.min.js HTTP/1.1" 200 1737
202.8.40.190 - - [10/Jan/2025:01:19:20 +0100] "GET /ticket2/opencms/system/modules/com.gridnine.opencms.ticketbrokerage.site/resources/js/common-ajax.js HTTP/1.1" 200 20175
202.8.40.190 - - [10/Jan/2025:01:19:21 +0100] "GET /ticket2/opencms/ga/ask-form.html HTTP/1.1" 200 3156
202.8.40.190 - - [10/Jan/2025:01:19:21 +0100] "GET /ticket2/opencms/ga/ask-form.html HTTP/1.1" 200 3156
202.8.40.190 - - [10/Jan/2025:01:19:21 +0100] "GET /ticket2/opencms/system/modules/com.gridnine.opencms.ticketbrokerage.site/resources/css/ticketbrokerage.css HTTP/1.1" 200 39339
17.246.23.48 - - [10/Jan/2025:01:19:21 +0100] "GET /ticket2/opencms/system/modules/com.gridnine.opencms.ticketbrokerage.site/resources/js/calendar-setup.js HTTP/1.1" 200 4923
65.21.113.194 - - [10/Jan/2025:01:19:21 +0100] "GET /ticket2/opencms/robots.txt HTTP/1.1" 200 773
17.246.15.238 - - [10/Jan/2025:01:19:21 +0100] "GET /ticket2/opencms/system/modules/com.gridnine.opencms.ticketbrokerage.site/resources/js/standard.js HTTP/1.1" 200 3978
65.21.113.194 - - [10/Jan/2025:01:19:21 +0100] "GET /ticket2/opencms/sv/buy/?page=1&edid=92A56E78-70A5-4E7F-4A0E-86D90A27FA9E HTTP/1.1" 200 118029
47.128.38.82 - - [10/Jan/2025:01:19:22 +0100] "GET /ticket2/opencms/el/buy/?edid=7BD09287-6936-CE68-B356-5961050B6456 HTTP/1.1" 200 94135
193.70.81.110 - - [10/Jan/2025:01:19:23 +0100] "GET /ticket2/opencms/dk/buy/?page=1&edid=DA544182-AA79-F548-64ED-2C067A356729&sortorder=asc&column=row HTTP/1.1" 200 113169
65.21.113.194 - - [10/Jan/2025:01:19:26 +0100] "GET /ticket2/opencms/sv/buy/?page=1&edid=92C32EFB-1ABC-12BA-1886-A9767DA4FF70 HTTP/1.1" 200 108763
193.70.81.110 - - [10/Jan/2025:01:19:27 +0100] "GET /ticket2/opencms/dk/buy/?page=1&edid=DB9464FB-86A5-10EB-70F4-441EA85AA18E&sortorder=desc&column=price HTTP/1.1" 200 110382
193.70.81.110 - - [10/Jan/2025:01:19:31 +0100] "GET /ticket2/opencms/dk/buy/?page=1&edid=DB9464FB-86A5-10EB-70F4-441EA85AA18E&sortorder=desc&column=row HTTP/1.1" 200 110256
65.21.113.194 - - [10/Jan/2025:01:19:31 +0100] "GET /ticket2/opencms/sv/buy/?page=1&edid=93838642-5250-2673-0C4C-CF34056B55BD HTTP/1.1" 200 115027
193.70.81.110 - - [10/Jan/2025:01:19:35 +0100] "GET /ticket2/opencms/dk/buy/?page=1&edid=DCBA862D-C641-83C3-073B-674B49C90711&sortorder=asc&column=price HTTP/1.1" 200 110231
85.208.96.202 - - [10/Jan/2025:01:19:35 +0100] "GET /ticket2/opencms/sl/magazine/article?title=razpored-tekem-za-premier-league-premier-league-fixtures-20242025 HTTP/1.1" 200 92242
65.21.113.194 - - [10/Jan/2025:01:19:36 +0100] "GET /ticket2/opencms/sv/buy/?page=1&edid=94BF6567-82BD-183E-36C5-53634C762F53 HTTP/1.1" 200 117985
193.70.81.110 - - [10/Jan/2025:01:19:38 +0100] "GET /ticket2/opencms/dk/buy/?page=1&edid=E147E814-DDBC-A46E-9493-AE9F0C493DDF&sortorder=asc&column=price HTTP/1.1" 200 113505
74.125.208.105 - - [10/Jan/2025:01:19:39 +0100] "GET /ticket2/opencms/set_aff_cookie.jsp?partner=53673ED6-1455-FA54-818F-B1F67121E37C&url=/it/buy/index.html%3Fpage%3D1%26edid%3D0EEA539C-CE62-5C9B-1748-3C47F0459AFF%26hlv%3D668ee269-82dc-4255-8b5b-1b650a01000f%23v706725123 HTTP/1.1" 200 224
74.125.208.103 - - [10/Jan/2025:01:19:39 +0100] "GET /ticket2/opencms/set_aff_cookie.jsp?partner=53673ED6-1455-FA54-818F-B1F67121E37C&url=/it/buy/index.html%3Fpage%3D1%26edid%3D0EEA539C-CE62-5C9B-1748-3C47F0459AFF%26hlv%3D668ee269-82dc-4255-8b5b-1b650a01000f%23v706725123 HTTP/1.1" 200 224
74.125.208.103 - - [10/Jan/2025:01:19:39 +0100] "GET /ticket2/opencms/it/buy/?page=1&edid=0EEA539C-CE62-5C9B-1748-3C47F0459AFF&hlv=668ee269-82dc-4255-8b5b-1b650a01000f HTTP/1.1" 200 121361
74.125.208.103 - - [10/Jan/2025:01:19:39 +0100] "GET /ticket2/opencms/it/ask-form.html HTTP/1.1" 200 3156
47.128.111.254 - - [10/Jan/2025:01:19:40 +0100] "GET /ticket2/opencms/fi/venue/?venueid=DBF697FB-88C2-E56A-2177-E2C114E7E434 HTTP/1.1" 200 86610
74.125.208.104 - - [10/Jan/2025:01:19:40 +0100] "GET /ticket2/opencms/it/ask-form.html HTTP/1.1" 200 3156
74.125.208.105 - - [10/Jan/2025:01:19:40 +0100] "GET /ticket2/opencms/system/modules/com.gridnine.opencms.ticketbrokerage.site/resources/css/ticketbrokerage.css HTTP/1.1" 200 39339
80.183.66.89 - - [10/Jan/2025:01:19:41 +0100] "GET /ticket2/opencms/set_aff_cookie.jsp?partner=53673ED6-1455-FA54-818F-B1F67121E37C&url=/it/buy/index.html%3Fpage%3D1%26edid%3D0EEA539C-CE62-5C9B-1748-3C47F0459AFF%26hlv%3D668ee269-82dc-4255-8b5b-1b650a01000f%23v706725123 HTTP/1.1" 200 224
80.183.66.89 - - [10/Jan/2025:01:19:42 +0100] "GET /ticket2/opencms/it/buy/?page=1&edid=0EEA539C-CE62-5C9B-1748-3C47F0459AFF&hlv=668ee269-82dc-4255-8b5b-1b650a01000f HTTP/1.1" 200 121358
193.70.81.110 - - [10/Jan/2025:01:19:42 +0100] "GET /ticket2/opencms/dk/buy/?page=1&edid=E147E814-DDBC-A46E-9493-AE9F0C493DDF&sortorder=asc&column=section HTTP/1.1" 200 113546
80.183.66.89 - - [10/Jan/2025:01:19:42 +0100] "GET /ticket2/opencms/system/modules/com.gridnine.opencms.ticketbrokerage.site/resources/js/jquery/jquery.js HTTP/1.1" 200 93868
80.183.66.89 - - [10/Jan/2025:01:19:42 +0100] "GET /ticket2/opencms/system/modules/com.gridnine.opencms.ticketbrokerage.site/resources/js/jquery/jquery-ui.js HTTP/1.1" 200 228088
80.183.66.89 - - [10/Jan/2025:01:19:42 +0100] "GET /ticket2/opencms/system/modules/com.gridnine.opencms.ticketbrokerage.site/resources/css/calendar.css HTTP/1.1" 200 6871
80.183.66.89 - - [10/Jan/2025:01:19:42 +0100] "GET /ticket2/opencms/system/modules/com.gridnine.opencms.ticketbrokerage.site/resources/css/jquery-ui.css HTTP/1.1" 200 33221
80.183.66.89 - - [10/Jan/2025:01:19:42 +0100] "GET /ticket2/opencms/system/modules/com.gridnine.opencms.ticketbrokerage.site/resources/css/jquery.fancybox.css HTTP/1.1" 200 4939
80.183.66.89 - - [10/Jan/2025:01:19:42 +0100] "GET /ticket2/opencms/system/modules/com.gridnine.opencms.ticketbrokerage.site/resources/css/standard.css HTTP/1.1" 200 73081
80.183.66.89 - - [10/Jan/2025:01:19:42 +0100] "GET /ticket2/opencms/system/modules/com.gridnine.opencms.ticketbrokerage.site/resources/css/ticketbrokerage.css HTTP/1.1" 200 39339
80.183.66.89 - - [10/Jan/2025:01:19:42 +0100] "GET /ticket2/opencms/system/modules/com.gridnine.opencms.ticketbrokerage.site/resources/js/functions.js HTTP/1.1" 200 1583
80.183.66.89 - - [10/Jan/2025:01:19:42 +0100] "GET /ticket2/opencms/system/modules/com.gridnine.opencms.ticketbrokerage.site/resources/js/calendar.js HTTP/1.1" 200 49229
80.183.66.89 - - [10/Jan/2025:01:19:42 +0100] "GET /ticket2/opencms/system/modules/com.gridnine.opencms.ticketbrokerage.site/resources/js/calendar-en.js HTTP/1.1" 200 3338
80.183.66.89 - - [10/Jan/2025:01:19:42 +0100] "GET /ticket2/opencms/system/modules/com.gridnine.opencms.ticketbrokerage.site/resources/js/jquery.fancybox.pack.js HTTP/1.1" 200 23187
80.183.66.89 - - [10/Jan/2025:01:19:42 +0100] "GET /ticket2/opencms/system/modules/com.gridnine.opencms.ticketbrokerage.site/resources/js/calendar-setup.js HTTP/1.1" 200 4923
80.183.66.89 - - [10/Jan/2025:01:19:42 +0100] "GET /ticket2/opencms/system/modules/com.gridnine.opencms.ticketbrokerage.site/resources/js/stickyfill.min.js HTTP/1.1" 200 5672
80.183.66.89 - - [10/Jan/2025:01:19:42 +0100] "GET /ticket2/opencms/system/modules/com.gridnine.opencms.ticketbrokerage.site/resources/js/standard.js HTTP/1.1" 200 3978
80.183.66.89 - - [10/Jan/2025:01:19:42 +0100] "GET /ticket2/opencms/system/modules/com.gridnine.opencms.ticketbrokerage.site/resources/js/jquery.placeholder.min.js HTTP/1.1" 200 1737
80.183.66.89 - - [10/Jan/2025:01:19:43 +0100] "GET /ticket2/opencms/system/modules/com.gridnine.opencms.ticketbrokerage.site/resources/js/common-ajax.js HTTP/1.1" 200 20175
80.183.66.89 - - [10/Jan/2025:01:19:43 +0100] "GET /ticket2/opencms/system/modules/com.gridnine.opencms.ticketbrokerage.site/resources/pics/logo-new.png HTTP/1.1" 200 13541
80.183.66.89 - - [10/Jan/2025:01:19:43 +0100] "GET /ticket2/opencms/img/insta.png HTTP/1.1" 200 3967
80.183.66.89 - - [10/Jan/2025:01:19:43 +0100] "GET /ticket2/opencms/system/modules/com.gridnine.opencms.ticketbrokerage.site/resources/pics/0.gif HTTP/1.1" 200 43
80.183.66.89 - - [10/Jan/2025:01:19:43 +0100] "GET /ticket2/opencms/venue/ata.png HTTP/1.1" 200 71506
80.183.66.89 - - [10/Jan/2025:01:19:43 +0100] "GET /ticket2/opencms/img/fb.png HTTP/1.1" 200 1269
80.183.66.89 - - [10/Jan/2025:01:19:43 +0100] "GET /ticket2/opencms/system/modules/com.gridnine.opencms.ticketbrokerage.site/resources/pics/two_man.png HTTP/1.1" 200 3407
80.183.66.89 - - [10/Jan/2025:01:19:43 +0100] "GET /ticket2/opencms/it/ask-form.html HTTP/1.1" 200 3156
80.183.66.89 - - [10/Jan/2025:01:19:43 +0100] "GET /ticket2/opencms/system/modules/com.gridnine.opencms.ticketbrokerage.site/resources/pics/ticket_info_button.png HTTP/1.1" 200 3820
80.183.66.89 - - [10/Jan/2025:01:19:43 +0100] "GET /ticket2/opencms/system/modules/com.gridnine.opencms.ticketbrokerage.site/resources/pics/footer-img.jpg HTTP/1.1" 200 67642
193.70.81.110 - - [10/Jan/2025:01:19:46 +0100] "GET /ticket2/opencms/dk/buy/?page=1&edid=EC74E210-A5EE-51AE-1B8A-E040E50F22D8&sortorder=desc&column=row HTTP/1.1" 200 110155
80.183.66.89 - - [10/Jan/2025:01:19:46 +0100] "GET /ticket2/opencms/set_aff_cookie.jsp?partner=53673ED6-1455-FA54-818F-B1F67121E37C&url=/it/buy/index.html%3Fpage%3D1%26edid%3D0EEA539C-CE62-5C9B-1748-3C47F0459AFF%26hlv%3D668ee269-82dc-4255-8b5b-1b650a01000f%23v706725123 HTTP/1.1" 200 224
65.21.113.194 - - [10/Jan/2025:01:19:47 +0100] "GET /ticket2/opencms/sv/buy/?page=1&edid=959254C8-9F5F-6179-1CA1-062F7936CA77 HTTP/1.1" 200 108740
80.183.66.89 - - [10/Jan/2025:01:19:47 +0100] "GET /ticket2/opencms/it/buy/?page=1&edid=0EEA539C-CE62-5C9B-1748-3C47F0459AFF&hlv=668ee269-82dc-4255-8b5b-1b650a01000f HTTP/1.1" 200 121392
80.183.66.89 - - [10/Jan/2025:01:19:47 +0100] "GET /ticket2/opencms/system/modules/com.gridnine.opencms.ticketbrokerage.site/resources/css/calendar.css HTTP/1.1" 200 6871
80.183.66.89 - - [10/Jan/2025:01:19:47 +0100] "GET /ticket2/opencms/system/modules/com.gridnine.opencms.ticketbrokerage.site/resources/css/ticketbrokerage.css HTTP/1.1" 200 39339
80.183.66.89 - - [10/Jan/2025:01:19:47 +0100] "GET /ticket2/opencms/system/modules/com.gridnine.opencms.ticketbrokerage.site/resources/css/standard.css HTTP/1.1" 200 73081
80.183.66.89 - - [10/Jan/2025:01:19:47 +0100] "GET /ticket2/opencms/system/modules/com.gridnine.opencms.ticketbrokerage.site/resources/js/calendar-en.js HTTP/1.1" 200 3338
80.183.66.89 - - [10/Jan/2025:01:19:47 +0100] "GET /ticket2/opencms/system/modules/com.gridnine.opencms.ticketbrokerage.site/resources/js/calendar-setup.js HTTP/1.1" 200 4923
80.183.66.89 - - [10/Jan/2025:01:19:47 +0100] "GET /ticket2/opencms/system/modules/com.gridnine.opencms.ticketbrokerage.site/resources/js/standard.js HTTP/1.1" 200 3978
80.183.66.89 - - [10/Jan/2025:01:19:47 +0100] "GET /ticket2/opencms/system/modules/com.gridnine.opencms.ticketbrokerage.site/resources/js/functions.js HTTP/1.1" 200 1583
80.183.66.89 - - [10/Jan/2025:01:19:47 +0100] "GET /ticket2/opencms/system/modules/com.gridnine.opencms.ticketbrokerage.site/resources/js/calendar.js HTTP/1.1" 200 49229
80.183.66.89 - - [10/Jan/2025:01:19:47 +0100] "GET /ticket2/opencms/system/modules/com.gridnine.opencms.ticketbrokerage.site/resources/pics/ticket_info_button.png HTTP/1.1" 200 3820
80.183.66.89 - - [10/Jan/2025:01:19:47 +0100] "GET /ticket2/opencms/system/modules/com.gridnine.opencms.ticketbrokerage.site/resources/pics/footer-img.jpg HTTP/1.1" 200 67642
80.183.66.89 - - [10/Jan/2025:01:19:47 +0100] "GET /ticket2/opencms/img/check.png HTTP/1.1" 200 548
80.183.66.89 - - [10/Jan/2025:01:19:47 +0100] "GET /ticket2/opencms/it/ask-form.html HTTP/1.1" 200 3156
80.183.66.89 - - [10/Jan/2025:01:19:48 +0100] "GET /ticket2/opencms/img/mail.png HTTP/1.1" 200 403
80.183.66.89 - - [10/Jan/2025:01:19:48 +0100] "GET /ticket2/opencms/img/icons/en.png HTTP/1.1" 200 2415
80.183.66.89 - - [10/Jan/2025:01:19:48 +0100] "GET /ticket2/opencms/img/chat.png HTTP/1.1" 200 416
80.183.66.89 - - [10/Jan/2025:01:19:48 +0100] "GET /ticket2/opencms/system/modules/com.gridnine.opencms.ticketbrokerage.site/resources/css/ticketbrokerage.css HTTP/1.1" 200 39339
80.183.66.89 - - [10/Jan/2025:01:19:48 +0100] "GET /ticket2/opencms/img/arrow.png HTTP/1.1" 200 753
80.183.66.89 - - [10/Jan/2025:01:19:48 +0100] "GET /ticket2/opencms/system/modules/com.gridnine.opencms.ticketbrokerage.site/resources/pics/arrow.gif HTTP/1.1" 200 344
80.183.66.89 - - [10/Jan/2025:01:19:48 +0100] "GET /ticket2/opencms/img/icons/globe-white.png HTTP/1.1" 200 947
80.183.66.89 - - [10/Jan/2025:01:19:48 +0100] "GET /ticket2/opencms/img/icons/se.png HTTP/1.1" 200 1258
80.183.66.89 - - [10/Jan/2025:01:19:48 +0100] "GET /ticket2/opencms/system/modules/com.gridnine.opencms.ticketbrokerage.site/resources/pics/button1_left.gif HTTP/1.1" 200 232
80.183.66.89 - - [10/Jan/2025:01:19:48 +0100] "GET /ticket2/opencms/system/modules/com.gridnine.opencms.ticketbrokerage.site/resources/pics/button1_center.gif HTTP/1.1" 200 66
80.183.66.89 - - [10/Jan/2025:01:19:48 +0100] "GET /ticket2/opencms/system/modules/com.gridnine.opencms.ticketbrokerage.site/resources/pics/button1_right.gif HTTP/1.1" 200 232
80.183.66.89 - - [10/Jan/2025:01:19:48 +0100] "GET /ticket2/opencms/img/icons/fi.png HTTP/1.1" 200 1785
80.183.66.89 - - [10/Jan/2025:01:19:48 +0100] "GET /ticket2/opencms/img/icons/no.png HTTP/1.1" 200 1958
80.183.66.89 - - [10/Jan/2025:01:19:48 +0100] "GET /ticket2/opencms/img/icons/dk.png HTTP/1.1" 200 1706
80.183.66.89 - - [10/Jan/2025:01:19:48 +0100] "GET /ticket2/opencms/img/icons/nl.png HTTP/1.1" 200 1255
80.183.66.89 - - [10/Jan/2025:01:19:48 +0100] "GET /ticket2/opencms/img/icons/de.png HTTP/1.1" 200 1124
80.183.66.89 - - [10/Jan/2025:01:19:48 +0100] "GET /ticket2/opencms/img/icons/az.png HTTP/1.1" 200 1445
80.183.66.89 - - [10/Jan/2025:01:19:48 +0100] "GET /ticket2/opencms/img/icons/bg.png HTTP/1.1" 200 788
80.183.66.89 - - [10/Jan/2025:01:19:48 +0100] "GET /ticket2/opencms/img/icons/pl.png HTTP/1.1" 200 1578
80.183.66.89 - - [10/Jan/2025:01:19:48 +0100] "GET /ticket2/opencms/img/icons/hr.png HTTP/1.1" 200 2024
80.183.66.89 - - [10/Jan/2025:01:19:48 +0100] "GET /ticket2/opencms/img/icons/fr.png HTTP/1.1" 200 1764
80.183.66.89 - - [10/Jan/2025:01:19:48 +0100] "GET /ticket2/opencms/img/icons/cs.png HTTP/1.1" 200 1883
80.183.66.89 - - [10/Jan/2025:01:19:48 +0100] "GET /ticket2/opencms/img/icons/et.png HTTP/1.1" 200 754
193.70.81.110 - - [10/Jan/2025:01:19:49 +0100] "GET /ticket2/opencms/dk/buy/?page=1&edid=ED2A68D6-7E95-4C65-943E-3E074BF2268A&sortorder=asc&column=section HTTP/1.1" 200 110527
65.21.113.194 - - [10/Jan/2025:01:19:51 +0100] "GET /ticket2/opencms/sv/buy/?page=1&edid=9662AEC5-C2DE-EE5D-5D3B-AAB4B46EF79E HTTP/1.1" 200 108701
193.70.81.110 - - [10/Jan/2025:01:19:53 +0100] "GET /ticket2/opencms/dk/buy/?page=1&edid=EF861438-67E0-49D5-A813-ED658965F997&sortorder=asc&column=section HTTP/1.1" 200 113899
40.77.167.17 - - [10/Jan/2025:01:19:55 +0100] "GET /ticket2/opencms/sq/buy/?page=1&edid=87DA8067-258E-93BF-F8B0-6A2011EF3D80 HTTP/1.1" 200 135884
65.21.113.194 - - [10/Jan/2025:01:19:56 +0100] "GET /ticket2/opencms/sv/buy/?page=1&edid=9AA6E90F-1A8F-8723-F266-C4056D23056B HTTP/1.1" 200 124116
193.70.81.110 - - [10/Jan/2025:01:19:56 +0100] "GET /ticket2/opencms/dk/buy/?page=1&edid=F61A2A71-4492-3768-1967-C586B0069229&sortorder=asc&column=row HTTP/1.1" 200 112545
66.249.76.161 - - [10/Jan/2025:01:20:00 +0100] "GET /ticket2/opencms/lv/buy/?page=1&edid=54DC2629-FE89-0ED9-A566-828C55EBE838 HTTP/1.1" 200 113068
193.70.81.110 - - [10/Jan/2025:01:20:00 +0100] "GET /ticket2/opencms/dk/buy/?page=1&edid=F62458EA-DB34-886B-037E-58EA518FDDA0&sortorder=asc&column=row HTTP/1.1" 200 112395
193.70.81.110 - - [10/Jan/2025:01:20:03 +0100] "GET /ticket2/opencms/dk/buy/?page=1&edid=F7C28787-C79E-A778-7717-A28F67DFBF72&sortorder=asc&column=row HTTP/1.1" 200 113857
65.21.113.194 - - [10/Jan/2025:01:20:07 +0100] "GET /ticket2/opencms/sv/buy/?page=1&edid=9BBBC99D-9BE8-492C-BD4A-8B73CDBF11B6 HTTP/1.1" 200 108760
193.70.81.110 - - [10/Jan/2025:01:20:07 +0100] "GET /ticket2/opencms/dk/buy/?page=1&edid=F8A58921-37D9-5DD3-7954-6ED3B358CB7A&sortorder=asc&column=price HTTP/1.1" 200 112679
193.70.81.110 - - [10/Jan/2025:01:20:11 +0100] "GET /ticket2/opencms/dk/buy/?page=1&edid=F8A58921-37D9-5DD3-7954-6ED3B358CB7A&sortorder=asc&column=section HTTP/1.1" 200 112777
185.191.171.4 - - [10/Jan/2025:01:20:14 +0100] "GET /ticket2/opencms/uk/magazine/article?title=arsenal-approaches-liverpool HTTP/1.1" 200 93006
193.70.81.110 - - [10/Jan/2025:01:20:15 +0100] "GET /ticket2/opencms/dk/buy/?page=1&edid=FA7D6BC6-E757-B554-9DC3-402FA5982C97&sortorder=desc&column=price HTTP/1.1" 200 114036
65.21.113.194 - - [10/Jan/2025:01:20:15 +0100] "GET /ticket2/opencms/sv/buy/?page=1&edid=9CB65BAE-DCD8-2D95-397D-813CF31BA500 HTTP/1.1" 200 135056
85.208.96.212 - - [10/Jan/2025:01:20:16 +0100] "GET /ticket2/opencms/it/magazine/article?title=termini-comuni-nel-calcio HTTP/1.1" 200 98120
40.77.167.17 - - [10/Jan/2025:01:20:16 +0100] "GET /ticket2/opencms/sv/buy?page=1&edid=1ad4e11c-c792-1721-4d1a-2229101a30fd HTTP/1.1" 200 8134
40.77.167.17 - - [10/Jan/2025:01:20:17 +0100] "GET /ticket2/opencms/tr/buy?page=1&edid=FD871DA9-D2A2-B070-D114-4ADDF80ECF0E HTTP/1.1" 200 113363
193.70.81.110 - - [10/Jan/2025:01:20:18 +0100] "GET /ticket2/opencms/dk/buy/?page=1&edid=FA7D6BC6-E757-B554-9DC3-402FA5982C97&sortorder=desc&column=row HTTP/1.1" 200 113930
65.21.113.194 - - [10/Jan/2025:01:20:19 +0100] "GET /ticket2/opencms/sv/buy/?page=1&edid=9D89B626-BE34-D0AA-2430-149AC630E583 HTTP/1.1" 200 108667
185.191.171.9 - - [10/Jan/2025:01:20:20 +0100] "GET /ticket2/opencms/de/magazine/article?title=abdul-fatawu-wird-den-rest-der-saison-verpassen HTTP/1.1" 200 93678
193.70.81.110 - - [10/Jan/2025:01:20:22 +0100] "GET /ticket2/opencms/dk/buy/?page=1&edid=FC9B216F-B877-F7C1-34F3-A428EECDEFA0&sortorder=asc&column=section HTTP/1.1" 200 113655
193.70.81.110 - - [10/Jan/2025:01:20:25 +0100] "GET /ticket2/opencms/dk/buy/?page=1&edid=FE851C0F-8BE6-7C2D-6D94-6FDB8CB7C40B&sortorder=asc&column=price HTTP/1.1" 200 114018
193.70.81.110 - - [10/Jan/2025:01:20:29 +0100] "GET /ticket2/opencms/dk/buy/?page=1&edid=FFE07777-DDB9-5433-81AF-71356C59190F&sortorder=asc&column=price HTTP/1.1" 200 112619
65.21.113.194 - - [10/Jan/2025:01:20:30 +0100] "GET /ticket2/opencms/sv/buy/?page=1&edid=9DBCDD83-DFF7-0F0A-E3AC-44814FB4671B HTTP/1.1" 200 116739
114.119.157.112 - - [10/Jan/2025:01:20:30 +0100] "GET /ticket2/opencms/en/buy/?page=1&edid=62370AB9-0CBA-CC14-E7E4-93595D77D918 HTTP/1.1" 200 107906
193.70.81.110 - - [10/Jan/2025:01:20:32 +0100] "GET /ticket2/opencms/en/buy/?comcatid=A17713B6-D984-201A-4143-ED4DB5ED5C2E&catid=0A6C99D2-F5BD-7A18-9A5F-5668827042E0&npage=1 HTTP/1.1" 200 6410
85.208.96.201 - - [10/Jan/2025:01:20:35 +0100] "GET /ticket2/opencms/bs/magazine/article?title=crystal-palace-najbolji-navijaci-premier-lige HTTP/1.1" 200 93447
193.70.81.110 - - [10/Jan/2025:01:20:36 +0100] "GET /ticket2/opencms/en/buy/?page=1&edid=00BA3A64-EDC5-90ED-4A19-9BAB3786C088&sortorder=desc&column=row HTTP/1.1" 200 111980
193.70.81.110 - - [10/Jan/2025:01:20:39 +0100] "GET /ticket2/opencms/en/buy/?page=1&edid=01A262FE-CD75-96BC-EB3A-7D77798F3053&sortorder=desc&column=section HTTP/1.1" 200 113820
65.21.113.194 - - [10/Jan/2025:01:20:40 +0100] "GET /ticket2/opencms/sv/buy/?page=1&edid=9DCC0E66-25C8-5156-35A8-BF56F5E3E1AA HTTP/1.1" 200 125481
40.77.167.17 - - [10/Jan/2025:01:20:41 +0100] "GET /ticket2/opencms/ka/buy?page=1&edid=55F09E63-1021-B54D-20C9-3B1B1EF45D76 HTTP/1.1" 200 115563
193.70.81.110 - - [10/Jan/2025:01:20:43 +0100] "GET /ticket2/opencms/en/buy/?page=1&edid=0300249E-0859-EC89-FAF2-5149FFD18BE5&sortorder=desc&column=row HTTP/1.1" 200 109712
193.70.81.110 - - [10/Jan/2025:01:20:46 +0100] "GET /ticket2/opencms/en/buy/?page=1&edid=0315A394-98DA-79AA-0B5F-DE572DDD2CC1&sortorder=asc&column=price HTTP/1.1" 200 111980
193.70.81.110 - - [10/Jan/2025:01:20:50 +0100] "GET /ticket2/opencms/en/buy/?page=1&edid=0315A394-98DA-79AA-0B5F-DE572DDD2CC1&sortorder=asc&column=row HTTP/1.1" 200 111816
114.119.153.152 - - [10/Jan/2025:01:20:51 +0100] "GET /ticket2/opencms/az/buy?page=1&=6D7A3A4D-52E6-6485-D5D3-38CDD986A138 HTTP/1.1" 200 6507
85.208.96.193 - - [10/Jan/2025:01:20:51 +0100] "GET /ticket2/opencms/no/magazine/article?title=burnley-fc HTTP/1.1" 200 91496
65.21.113.194 - - [10/Jan/2025:01:20:51 +0100] "GET /ticket2/opencms/sv/buy/?page=1&edid=9E373ADE-B8EE-38F8-BBD8-DA1CB52F113B HTTP/1.1" 200 135205
193.70.81.110 - - [10/Jan/2025:01:20:54 +0100] "GET /ticket2/opencms/en/buy/?page=1&edid=0341AF20-4F3F-63CA-C1A9-8C1AA13C52B1&sortorder=desc&column=price HTTP/1.1" 200 113829
66.249.76.160 - - [10/Jan/2025:01:20:55 +0100] "GET /ticket2/opencms/be/buy/?page=1&edid=39F65111-2D6B-8CCA-6356-10B703EAE091 HTTP/1.1" 200 111894
193.70.81.110 - - [10/Jan/2025:01:20:57 +0100] "GET /ticket2/opencms/en/buy/?page=1&edid=0341AF20-4F3F-63CA-C1A9-8C1AA13C52B1&sortorder=desc&column=row HTTP/1.1" 200 113713
65.21.113.194 - - [10/Jan/2025:01:20:58 +0100] "GET /ticket2/opencms/sv/buy/?page=1&edid=9E48B87F-688E-01AE-F864-C3FCC26B3C24 HTTP/1.1" 200 111076
40.77.167.17 - - [10/Jan/2025:01:20:58 +0100] "GET /ticket2/opencms/es/buy?page=1&edid=9AAD367D-936A-D752-28B6-3A21E48AE335 HTTP/1.1" 200 109767
66.249.76.160 - - [10/Jan/2025:01:20:59 +0100] "GET /ticket2/opencms/be/ask-form.html HTTP/1.1" 200 3156
193.70.81.110 - - [10/Jan/2025:01:21:01 +0100] "GET /ticket2/opencms/en/buy/?page=1&edid=0341AF20-4F3F-63CA-C1A9-8C1AA13C52B1&sortorder=desc&column=section HTTP/1.1" 200 114028
65.21.113.194 - - [10/Jan/2025:01:21:02 +0100] "GET /ticket2/opencms/sv/buy/?page=1&edid=9F80D7E4-C3CD-1252-256F-CE7A7B9BF210 HTTP/1.1" 200 108741
