149.202.86.86 - - [10/Jan/2025:02:35:31 +0100] "GET /ticket2/opencms/en/login/?edid=C1C161ED-392A-057B-99A1-EFB930A82112 HTTP/1.1" 200 89816
65.21.113.194 - - [10/Jan/2025:02:35:34 +0100] "GET /ticket2/opencms/robots.txt HTTP/1.1" 200 773
65.21.113.194 - - [10/Jan/2025:02:35:34 +0100] "GET /ticket2/opencms/uk/buy/?page=1&edid=6C967880-E08B-3121-25D0-F145A5542A49 HTTP/1.1" 200 130632
149.202.86.86 - - [10/Jan/2025:02:35:34 +0100] "GET /ticket2/opencms/en/login/?edid=C28B3B84-6A6E-6FCB-67EF-1F8424FD799A HTTP/1.1" 200 89810
185.191.171.6 - - [10/Jan/2025:02:35:37 +0100] "GET /ticket2/opencms/fr/magazine/article?title=abdul-fatawu-va-manquer-le-reste-de-la-saison HTTP/1.1" 200 94350
207.46.13.154 - - [10/Jan/2025:02:35:37 +0100] "GET /ticket2/opencms/mo/magazine/article?title=chelsea-fas-reage-com-frustracao HTTP/1.1" 200 92536
149.202.86.86 - - [10/Jan/2025:02:35:38 +0100] "GET /ticket2/opencms/en/login/?edid=C2E0FED9-872C-CDB5-EA69-F93F12F9C91F HTTP/1.1" 200 89821
65.21.113.194 - - [10/Jan/2025:02:35:39 +0100] "GET /ticket2/opencms/uk/buy/?page=1&edid=719E6B6D-707F-E825-E3AA-0E552980E1EB HTTP/1.1" 200 127563
47.128.22.161 - - [10/Jan/2025:02:35:40 +0100] "GET /ticket2/opencms/fi/venue/?venueid=445A2A9B-2310-DAA8-7B45-AD2D4189EE3D HTTP/1.1" 200 86615
149.202.86.86 - - [10/Jan/2025:02:35:42 +0100] "GET /ticket2/opencms/en/login/?edid=E289F96B-BF69-A88E-30C1-E3CA6BC29D6C HTTP/1.1" 200 89808
65.21.113.194 - - [10/Jan/2025:02:35:44 +0100] "GET /ticket2/opencms/uk/buy/?page=1&edid=71A5516F-6BB3-FB63-461B-A9493E3B32DA HTTP/1.1" 200 127542
149.202.86.86 - - [10/Jan/2025:02:35:46 +0100] "GET /ticket2/opencms/en/login/?edid=E736C9F8-9994-137E-6A67-CF3119BB4296 HTTP/1.1" 200 89823
185.191.171.14 - - [10/Jan/2025:02:35:46 +0100] "GET /ticket2/opencms/pl/magazine/article?title=refleksja-sezonowa-arsenalu HTTP/1.1" 200 93883
149.202.86.86 - - [10/Jan/2025:02:35:50 +0100] "GET /ticket2/opencms/en/login/?edid=EC2BC309-3510-AA04-CA0C-F3088D5C1D31 HTTP/1.1" 200 89797
54.36.149.77 - - [10/Jan/2025:02:35:51 +0100] "GET /ticket2/opencms/bg/buy?page=1&edid=C448ACCE-4E2F-44DD-92FC-D2C00A7DD0E5 HTTP/1.1" 200 114478
65.21.113.194 - - [10/Jan/2025:02:35:51 +0100] "GET /ticket2/opencms/uk/buy/?page=1&edid=73ADC408-1051-3D3B-0D53-5DA8E608120E HTTP/1.1" 200 138518
202.8.43.228 - - [10/Jan/2025:02:35:52 +0100] "GET /ticket2/opencms/system/modules/com.gridnine.opencms.ticketbrokerage.site/resources/css/ticketbrokerage.css HTTP/1.1" 200 39339
202.8.43.228 - - [10/Jan/2025:02:35:52 +0100] "GET /ticket2/opencms/system/modules/com.gridnine.opencms.ticketbrokerage.site/resources/css/calendar.css HTTP/1.1" 200 6871
202.8.43.228 - - [10/Jan/2025:02:35:52 +0100] "GET /ticket2/opencms/system/modules/com.gridnine.opencms.ticketbrokerage.site/resources/js/jquery/jquery.js HTTP/1.1" 200 93868
202.8.43.228 - - [10/Jan/2025:02:35:52 +0100] "GET /ticket2/opencms/system/modules/com.gridnine.opencms.ticketbrokerage.site/resources/css/jquery.fancybox.css HTTP/1.1" 200 4939
202.8.43.228 - - [10/Jan/2025:02:35:52 +0100] "GET /ticket2/opencms/system/modules/com.gridnine.opencms.ticketbrokerage.site/resources/css/jquery-ui.css HTTP/1.1" 200 33221
202.8.43.228 - - [10/Jan/2025:02:35:52 +0100] "GET /ticket2/opencms/system/modules/com.gridnine.opencms.ticketbrokerage.site/resources/css/standard.css HTTP/1.1" 200 73081
202.8.43.228 - - [10/Jan/2025:02:35:52 +0100] "GET /ticket2/opencms/system/modules/com.gridnine.opencms.ticketbrokerage.site/resources/js/jquery/jquery-ui.js HTTP/1.1" 200 228088
202.8.43.228 - - [10/Jan/2025:02:35:52 +0100] "GET /ticket2/opencms/system/modules/com.gridnine.opencms.ticketbrokerage.site/resources/js/functions.js HTTP/1.1" 200 1583
202.8.43.228 - - [10/Jan/2025:02:35:52 +0100] "GET /ticket2/opencms/system/modules/com.gridnine.opencms.ticketbrokerage.site/resources/js/calendar.js HTTP/1.1" 200 49229
202.8.43.228 - - [10/Jan/2025:02:35:52 +0100] "GET /ticket2/opencms/system/modules/com.gridnine.opencms.ticketbrokerage.site/resources/js/calendar-en.js HTTP/1.1" 200 3338
202.8.43.228 - - [10/Jan/2025:02:35:52 +0100] "GET /ticket2/opencms/system/modules/com.gridnine.opencms.ticketbrokerage.site/resources/js/calendar-setup.js HTTP/1.1" 200 4923
202.8.43.228 - - [10/Jan/2025:02:35:52 +0100] "GET /ticket2/opencms/system/modules/com.gridnine.opencms.ticketbrokerage.site/resources/js/jquery.fancybox.pack.js HTTP/1.1" 200 23187
202.8.43.228 - - [10/Jan/2025:02:35:52 +0100] "GET /ticket2/opencms/system/modules/com.gridnine.opencms.ticketbrokerage.site/resources/js/stickyfill.min.js HTTP/1.1" 200 5672
202.8.43.228 - - [10/Jan/2025:02:35:52 +0100] "GET /ticket2/opencms/system/modules/com.gridnine.opencms.ticketbrokerage.site/resources/js/standard.js HTTP/1.1" 200 3978
202.8.43.228 - - [10/Jan/2025:02:35:53 +0100] "GET /ticket2/opencms/system/modules/com.gridnine.opencms.ticketbrokerage.site/resources/js/jquery.placeholder.min.js HTTP/1.1" 200 1737
202.8.43.228 - - [10/Jan/2025:02:35:53 +0100] "GET /ticket2/opencms/system/modules/com.gridnine.opencms.ticketbrokerage.site/resources/js/common-ajax.js HTTP/1.1" 200 20175
202.8.43.228 - - [10/Jan/2025:02:35:53 +0100] "GET /ticket2/opencms/bg/ask-form.html HTTP/1.1" 200 3156
202.8.43.228 - - [10/Jan/2025:02:35:53 +0100] "GET /ticket2/opencms/system/modules/com.gridnine.opencms.ticketbrokerage.site/resources/css/ticketbrokerage.css HTTP/1.1" 200 39339
149.202.86.86 - - [10/Jan/2025:02:35:54 +0100] "GET /ticket2/opencms/en/login/?edid=EFCA122E-EFD5-12F8-6F83-6930A0BC1F37 HTTP/1.1" 200 89836
185.191.171.13 - - [10/Jan/2025:02:35:57 +0100] "GET /ticket2/opencms/az/login/ HTTP/1.1" 200 91442
65.21.113.194 - - [10/Jan/2025:02:35:57 +0100] "GET /ticket2/opencms/uk/buy/?page=1&edid=750C6040-29F7-425D-A24F-51B977F415A3 HTTP/1.1" 200 139505
149.202.86.86 - - [10/Jan/2025:02:35:58 +0100] "GET /ticket2/opencms/en/login/?edid=F328EF03-4FC9-D5BC-5562-8FC9F6530FD9 HTTP/1.1" 200 89851
65.21.113.194 - - [10/Jan/2025:02:36:01 +0100] "GET /ticket2/opencms/uk/buy/?page=1&edid=7568E602-7C67-35D2-952F-D243F8930169 HTTP/1.1" 200 138532
149.202.86.86 - - [10/Jan/2025:02:36:01 +0100] "GET /ticket2/opencms/en/login/?edid=F70FF3E6-2D68-06C1-2E1B-CFF8AEEA395A HTTP/1.1" 200 89868
40.77.167.64 - - [10/Jan/2025:02:36:04 +0100] "GET /ticket2/opencms/en/magazine/article?title=crystal-palace HTTP/1.1" 200 92215
149.202.86.86 - - [10/Jan/2025:02:36:05 +0100] "GET /ticket2/opencms/en/login/?edid=FC8DA95B-D824-8615-6B5D-96BB8809EEFC HTTP/1.1" 200 89771
85.208.96.209 - - [10/Jan/2025:02:36:06 +0100] "GET /ticket2/opencms/uk/magazine/article?title=the-list-of-nominees-for-the-ballon-dor HTTP/1.1" 200 96479
65.21.113.194 - - [10/Jan/2025:02:36:06 +0100] "GET /ticket2/opencms/uk/buy/?page=1&edid=78E4B91C-1F75-6F0B-081E-2F48F65F6C41 HTTP/1.1" 200 114550
216.244.66.238 - - [10/Jan/2025:02:36:07 +0100] "GET /ticket2/opencms/hu/buy?page=1&edid=CE176BC6-607A-1F10-781B-B350B44BEDAB HTTP/1.1" 200 113826
149.202.86.86 - - [10/Jan/2025:02:36:09 +0100] "GET /ticket2/opencms/sv/login/?edid=5B6B5E7E-903A-BC1F-25CD-8C4B08455927 HTTP/1.1" 200 90653
65.21.113.194 - - [10/Jan/2025:02:36:11 +0100] "GET /ticket2/opencms/uk/buy/?page=1&edid=7D35F583-5000-190C-B2DC-8632905AF321 HTTP/1.1" 200 130664
149.202.86.86 - - [10/Jan/2025:02:36:13 +0100] "GET /ticket2/opencms/sv/login/?edid=B4AC4F8E-B457-6CFB-D422-57B9B6443109 HTTP/1.1" 200 90655
65.21.113.194 - - [10/Jan/2025:02:36:15 +0100] "GET /ticket2/opencms/uk/buy/?page=1&edid=7F2B1FEA-20FE-7448-32AC-111154CA401B HTTP/1.1" 200 139701
149.202.86.86 - - [10/Jan/2025:02:36:17 +0100] "GET /ticket2/opencms/sv/login/?edid=B4BFA7BE-C26D-960C-E8A1-32764080F58D HTTP/1.1" 200 90616
65.21.113.194 - - [10/Jan/2025:02:36:20 +0100] "GET /ticket2/opencms/uk/buy/?page=1&edid=7F8DD7AE-C02D-DBD7-A437-1943525E7DF2 HTTP/1.1" 200 138590
149.202.86.86 - - [10/Jan/2025:02:36:20 +0100] "GET /ticket2/opencms/sv/login/?edid=B4ED35E0-F6E1-A7C7-5FDD-67B8072FAF0B HTTP/1.1" 200 90649
149.202.86.86 - - [10/Jan/2025:02:36:24 +0100] "GET /ticket2/opencms/sv/login/?edid=B5396273-0742-D5DE-E385-EE98C7734E80 HTTP/1.1" 200 90697
65.21.113.194 - - [10/Jan/2025:02:36:25 +0100] "GET /ticket2/opencms/uk/buy/?page=1&edid=8085E80D-BC8F-CDCF-7CC8-2F497FE082D3 HTTP/1.1" 200 139778
114.119.140.85 - - [10/Jan/2025:02:36:28 +0100] "GET /ticket2/opencms/en/venue/?venueid=57C4265D-1F48-7073-0A99-FC101DE89128 HTTP/1.1" 200 85021
149.202.86.86 - - [10/Jan/2025:02:36:28 +0100] "GET /ticket2/opencms/sv/login/?edid=B54FF1A7-20AD-66BF-EE4D-69CB2BA49263 HTTP/1.1" 200 90665
65.21.113.194 - - [10/Jan/2025:02:36:29 +0100] "GET /ticket2/opencms/uk/buy/?page=1&edid=81CABF18-BA6D-C79B-B74D-94D66EB07C86 HTTP/1.1" 200 138527
216.244.66.238 - - [10/Jan/2025:02:36:30 +0100] "GET /ticket2/opencms/se/no/sport/fotballsbilletter/bundesliga/wolfsburg/ HTTP/1.1" 404 -
66.249.64.131 - - [10/Jan/2025:02:36:31 +0100] "GET /ticket2/opencms/de/buy/?page=1&edid=D5C3D1FE-2C65-44B3-D4BD-F3D23C2158C3 HTTP/1.1" 200 115135
149.202.86.86 - - [10/Jan/2025:02:36:32 +0100] "GET /ticket2/opencms/sv/login/?edid=B59498A4-8419-3D40-2555-E66959C52065 HTTP/1.1" 200 90689
114.119.154.13 - - [10/Jan/2025:02:36:33 +0100] "GET /ticket2/opencms/en/buy/?page=1&edid=3B157B14-2ACC-30A7-0D5C-8313AB0A1A32 HTTP/1.1" 200 110663
65.21.113.194 - - [10/Jan/2025:02:36:35 +0100] "GET /ticket2/opencms/uk/buy/?page=1&edid=85FEE197-56BE-9C34-A3B3-D08AF509D2AB HTTP/1.1" 200 138270
149.202.86.86 - - [10/Jan/2025:02:36:36 +0100] "GET /ticket2/opencms/sv/login/?edid=B66AC9AE-4465-F98B-BE2A-C27B5A4B2257 HTTP/1.1" 200 90647
114.119.159.129 - - [10/Jan/2025:02:36:37 +0100] "GET /ticket2/opencms/en/venue/?venueid=4F62933B-9DDF-0985-7B84-96B1AE723370 HTTP/1.1" 200 85067
114.119.151.93 - - [10/Jan/2025:02:36:38 +0100] "GET /ticket2/opencms/mo/buy?page=1&edid=29E18AE9-D6E0-6828-8918-77C9018A5E60 HTTP/1.1" 200 112491
149.202.86.86 - - [10/Jan/2025:02:36:39 +0100] "GET /ticket2/opencms/sv/login/?edid=C45F87A6-C29F-739D-FA64-C14A4CE73BC7 HTTP/1.1" 200 90689
65.21.113.194 - - [10/Jan/2025:02:36:40 +0100] "GET /ticket2/opencms/uk/buy/?page=1&edid=86A7D428-8E42-C0D0-846E-90C83426D4AE HTTP/1.1" 200 127573
149.202.86.86 - - [10/Jan/2025:02:36:43 +0100] "GET /ticket2/opencms/sv/login/?edid=C54B0D5C-ACD2-E60A-7D9D-220ABE238387 HTTP/1.1" 200 90661
149.202.86.86 - - [10/Jan/2025:02:36:47 +0100] "GET /ticket2/opencms/sv/login/?edid=C764B7EF-ED4B-08FD-9CE3-CB10640F618F HTTP/1.1" 200 90625
54.36.148.156 - - [10/Jan/2025:02:36:49 +0100] "GET /ticket2/opencms/pl/buy?page=1&edid=C448ACCE-4E2F-44DD-92FC-D2C00A7DD0E5 HTTP/1.1" 200 111904
202.8.41.96 - - [10/Jan/2025:02:36:50 +0100] "GET /ticket2/opencms/system/modules/com.gridnine.opencms.ticketbrokerage.site/resources/css/jquery.fancybox.css HTTP/1.1" 200 4939
202.8.41.96 - - [10/Jan/2025:02:36:50 +0100] "GET /ticket2/opencms/system/modules/com.gridnine.opencms.ticketbrokerage.site/resources/css/ticketbrokerage.css HTTP/1.1" 200 39339
202.8.41.96 - - [10/Jan/2025:02:36:50 +0100] "GET /ticket2/opencms/system/modules/com.gridnine.opencms.ticketbrokerage.site/resources/css/standard.css HTTP/1.1" 200 73081
202.8.41.96 - - [10/Jan/2025:02:36:50 +0100] "GET /ticket2/opencms/system/modules/com.gridnine.opencms.ticketbrokerage.site/resources/css/calendar.css HTTP/1.1" 200 6871
202.8.41.96 - - [10/Jan/2025:02:36:50 +0100] "GET /ticket2/opencms/system/modules/com.gridnine.opencms.ticketbrokerage.site/resources/css/jquery-ui.css HTTP/1.1" 200 33221
202.8.41.96 - - [10/Jan/2025:02:36:50 +0100] "GET /ticket2/opencms/system/modules/com.gridnine.opencms.ticketbrokerage.site/resources/js/jquery/jquery.js HTTP/1.1" 200 93868
202.8.41.96 - - [10/Jan/2025:02:36:50 +0100] "GET /ticket2/opencms/system/modules/com.gridnine.opencms.ticketbrokerage.site/resources/js/calendar.js HTTP/1.1" 200 49229
202.8.41.96 - - [10/Jan/2025:02:36:50 +0100] "GET /ticket2/opencms/system/modules/com.gridnine.opencms.ticketbrokerage.site/resources/js/jquery/jquery-ui.js HTTP/1.1" 200 228088
202.8.41.96 - - [10/Jan/2025:02:36:50 +0100] "GET /ticket2/opencms/system/modules/com.gridnine.opencms.ticketbrokerage.site/resources/js/calendar-en.js HTTP/1.1" 200 3338
202.8.41.96 - - [10/Jan/2025:02:36:50 +0100] "GET /ticket2/opencms/system/modules/com.gridnine.opencms.ticketbrokerage.site/resources/js/functions.js HTTP/1.1" 200 1583
202.8.41.96 - - [10/Jan/2025:02:36:50 +0100] "GET /ticket2/opencms/system/modules/com.gridnine.opencms.ticketbrokerage.site/resources/js/calendar-setup.js HTTP/1.1" 200 4923
202.8.41.96 - - [10/Jan/2025:02:36:50 +0100] "GET /ticket2/opencms/system/modules/com.gridnine.opencms.ticketbrokerage.site/resources/js/stickyfill.min.js HTTP/1.1" 200 5672
202.8.41.96 - - [10/Jan/2025:02:36:50 +0100] "GET /ticket2/opencms/system/modules/com.gridnine.opencms.ticketbrokerage.site/resources/js/jquery.fancybox.pack.js HTTP/1.1" 200 23187
202.8.41.96 - - [10/Jan/2025:02:36:50 +0100] "GET /ticket2/opencms/system/modules/com.gridnine.opencms.ticketbrokerage.site/resources/js/standard.js HTTP/1.1" 200 3978
149.202.86.86 - - [10/Jan/2025:02:36:50 +0100] "GET /ticket2/opencms/sv/login/?edid=D9D9A3C8-5FC6-C7A1-C780-991E9911A268 HTTP/1.1" 200 90651
202.8.41.96 - - [10/Jan/2025:02:36:50 +0100] "GET /ticket2/opencms/system/modules/com.gridnine.opencms.ticketbrokerage.site/resources/js/jquery.placeholder.min.js HTTP/1.1" 200 1737
202.8.41.96 - - [10/Jan/2025:02:36:50 +0100] "GET /ticket2/opencms/system/modules/com.gridnine.opencms.ticketbrokerage.site/resources/js/common-ajax.js HTTP/1.1" 200 20175
202.8.41.96 - - [10/Jan/2025:02:36:51 +0100] "GET /ticket2/opencms/pl/ask-form.html HTTP/1.1" 200 3156
202.8.41.96 - - [10/Jan/2025:02:36:51 +0100] "GET /ticket2/opencms/system/modules/com.gridnine.opencms.ticketbrokerage.site/resources/css/ticketbrokerage.css HTTP/1.1" 200 39339
65.21.113.194 - - [10/Jan/2025:02:36:51 +0100] "GET /ticket2/opencms/uk/buy/?page=1&edid=8A787324-CD72-C476-64CB-87071CD71C2F HTTP/1.1" 200 138496
149.202.86.86 - - [10/Jan/2025:02:36:54 +0100] "GET /ticket2/opencms/sv/login/?edid=DA2C6148-8740-A29A-86BA-E1809618A0DC HTTP/1.1" 200 90678
65.21.113.194 - - [10/Jan/2025:02:36:56 +0100] "GET /ticket2/opencms/uk/buy/?page=1&edid=8D58C9DD-E967-B351-A76A-68EF419B5A93 HTTP/1.1" 200 133566
207.46.13.18 - - [10/Jan/2025:02:36:56 +0100] "GET /ticket2/opencms/bg/buy_safety HTTP/1.1" 200 89950
149.202.86.86 - - [10/Jan/2025:02:36:58 +0100] "GET /ticket2/opencms/sv/login/?edid=DA6B2098-64A1-C57B-1361-E1F4F593AA34 HTTP/1.1" 200 90621
65.21.113.194 - - [10/Jan/2025:02:37:01 +0100] "GET /ticket2/opencms/uk/buy/?page=1&edid=8D916C6C-0A69-41F7-4678-427710F013C6 HTTP/1.1" 200 141249
149.202.86.86 - - [10/Jan/2025:02:37:02 +0100] "GET /ticket2/opencms/sv/login/?edid=DACC7237-3037-15C9-1730-2E38BAB3AE84 HTTP/1.1" 200 90713
216.244.66.196 - - [10/Jan/2025:02:37:02 +0100] "GET /ticket2/opencms/en/buy/?page=1&edid=8A0C6B9F-EF47-16F9-43A5-817E5FE8B5FC HTTP/1.1" 200 111315
207.46.13.102 - - [10/Jan/2025:02:37:03 +0100] "GET /ticket2/opencms/sk/buy?page=1&edid=0F484790-35E4-1F59-EA8B-B93E16E6B1AE HTTP/1.1" 200 109226
149.202.86.86 - - [10/Jan/2025:02:37:05 +0100] "GET /ticket2/opencms/sv/login/?edid=DBAFD05C-928A-8ED7-774B-7E320D4BC50F HTTP/1.1" 200 90678
65.21.113.194 - - [10/Jan/2025:02:37:07 +0100] "GET /ticket2/opencms/uk/buy/?page=1&edid=8E8E9404-172C-6C57-7F68-EAFC3F95D1AC HTTP/1.1" 200 139707
52.167.144.138 - - [10/Jan/2025:02:37:07 +0100] "GET /ticket2/opencms/mt/ HTTP/1.1" 200 100877
149.202.86.86 - - [10/Jan/2025:02:37:09 +0100] "GET /ticket2/opencms/sv/login/?edid=DC4450D6-9DF5-C966-75BC-2DB9B2B69FF0 HTTP/1.1" 200 90649
65.21.113.194 - - [10/Jan/2025:02:37:11 +0100] "GET /ticket2/opencms/uk/buy/?page=1&edid=8EDDEFFC-C774-BA86-C4CF-809A20DBCDCB HTTP/1.1" 200 125375
54.36.148.83 - - [10/Jan/2025:02:37:11 +0100] "GET /ticket2/opencms/is/buy?page=1&edid=C448ACCE-4E2F-44DD-92FC-D2C00A7DD0E5 HTTP/1.1" 200 112045
202.8.43.200 - - [10/Jan/2025:02:37:12 +0100] "GET /ticket2/opencms/system/modules/com.gridnine.opencms.ticketbrokerage.site/resources/css/jquery.fancybox.css HTTP/1.1" 200 4939
202.8.43.200 - - [10/Jan/2025:02:37:12 +0100] "GET /ticket2/opencms/system/modules/com.gridnine.opencms.ticketbrokerage.site/resources/css/calendar.css HTTP/1.1" 200 6871
202.8.43.200 - - [10/Jan/2025:02:37:12 +0100] "GET /ticket2/opencms/system/modules/com.gridnine.opencms.ticketbrokerage.site/resources/css/standard.css HTTP/1.1" 200 73081
202.8.43.200 - - [10/Jan/2025:02:37:12 +0100] "GET /ticket2/opencms/system/modules/com.gridnine.opencms.ticketbrokerage.site/resources/css/jquery-ui.css HTTP/1.1" 200 33221
202.8.43.200 - - [10/Jan/2025:02:37:12 +0100] "GET /ticket2/opencms/system/modules/com.gridnine.opencms.ticketbrokerage.site/resources/css/ticketbrokerage.css HTTP/1.1" 200 39339
202.8.43.200 - - [10/Jan/2025:02:37:12 +0100] "GET /ticket2/opencms/system/modules/com.gridnine.opencms.ticketbrokerage.site/resources/js/calendar-en.js HTTP/1.1" 200 3338
202.8.43.200 - - [10/Jan/2025:02:37:12 +0100] "GET /ticket2/opencms/system/modules/com.gridnine.opencms.ticketbrokerage.site/resources/js/calendar.js HTTP/1.1" 200 49229
202.8.43.200 - - [10/Jan/2025:02:37:12 +0100] "GET /ticket2/opencms/system/modules/com.gridnine.opencms.ticketbrokerage.site/resources/js/functions.js HTTP/1.1" 200 1583
202.8.43.200 - - [10/Jan/2025:02:37:12 +0100] "GET /ticket2/opencms/system/modules/com.gridnine.opencms.ticketbrokerage.site/resources/js/jquery/jquery-ui.js HTTP/1.1" 200 228088
202.8.43.200 - - [10/Jan/2025:02:37:12 +0100] "GET /ticket2/opencms/system/modules/com.gridnine.opencms.ticketbrokerage.site/resources/js/jquery.fancybox.pack.js HTTP/1.1" 200 23187
202.8.43.200 - - [10/Jan/2025:02:37:12 +0100] "GET /ticket2/opencms/system/modules/com.gridnine.opencms.ticketbrokerage.site/resources/js/jquery/jquery.js HTTP/1.1" 200 93868
202.8.43.200 - - [10/Jan/2025:02:37:12 +0100] "GET /ticket2/opencms/system/modules/com.gridnine.opencms.ticketbrokerage.site/resources/js/calendar-setup.js HTTP/1.1" 200 4923
202.8.43.200 - - [10/Jan/2025:02:37:12 +0100] "GET /ticket2/opencms/system/modules/com.gridnine.opencms.ticketbrokerage.site/resources/js/stickyfill.min.js HTTP/1.1" 200 5672
202.8.43.200 - - [10/Jan/2025:02:37:12 +0100] "GET /ticket2/opencms/system/modules/com.gridnine.opencms.ticketbrokerage.site/resources/js/standard.js HTTP/1.1" 200 3978
202.8.43.200 - - [10/Jan/2025:02:37:12 +0100] "GET /ticket2/opencms/system/modules/com.gridnine.opencms.ticketbrokerage.site/resources/js/jquery.placeholder.min.js HTTP/1.1" 200 1737
202.8.43.200 - - [10/Jan/2025:02:37:13 +0100] "GET /ticket2/opencms/system/modules/com.gridnine.opencms.ticketbrokerage.site/resources/js/common-ajax.js HTTP/1.1" 200 20175
202.8.43.200 - - [10/Jan/2025:02:37:13 +0100] "GET /ticket2/opencms/is/ask-form.html HTTP/1.1" 200 3156
202.8.43.200 - - [10/Jan/2025:02:37:13 +0100] "GET /ticket2/opencms/is/ask-form.html HTTP/1.1" 200 3156
202.8.43.200 - - [10/Jan/2025:02:37:13 +0100] "GET /ticket2/opencms/system/modules/com.gridnine.opencms.ticketbrokerage.site/resources/css/ticketbrokerage.css HTTP/1.1" 200 39339
149.202.86.86 - - [10/Jan/2025:02:37:13 +0100] "GET /ticket2/opencms/sv/login/?edid=DC7DFF93-94C2-6C63-4640-F8E824EF374F HTTP/1.1" 200 90693
157.55.39.51 - - [10/Jan/2025:02:37:13 +0100] "GET /ticket2/opencms/ro/ HTTP/1.1" 200 101008
149.202.86.86 - - [10/Jan/2025:02:37:17 +0100] "GET /ticket2/opencms/sv/login/?edid=DCF54FA8-19CD-CA17-1D1B-578519A18647 HTTP/1.1" 200 90640
65.21.113.194 - - [10/Jan/2025:02:37:19 +0100] "GET /ticket2/opencms/uk/buy/?page=1&edid=8EF7EC9D-9BC8-1DEC-C27C-0541D5C5F471 HTTP/1.1" 200 130582
149.202.86.86 - - [10/Jan/2025:02:37:20 +0100] "GET /ticket2/opencms/sv/login/?edid=DE4904C5-7D6D-0A94-9EF1-CEB0137BB8A5 HTTP/1.1" 200 90640
185.191.171.4 - - [10/Jan/2025:02:37:23 +0100] "GET /ticket2/opencms/hu/magazine/article?title=cristiano-ronaldo HTTP/1.1" 200 94305
65.21.113.194 - - [10/Jan/2025:02:37:23 +0100] "GET /ticket2/opencms/uk/buy/?page=1&edid=8F340A1C-D664-7FDD-8257-FE31525DAB7C HTTP/1.1" 200 139571
149.202.86.86 - - [10/Jan/2025:02:37:24 +0100] "GET /ticket2/opencms/sv/login/?edid=DEB0AD3F-C885-34D9-04FD-B4B560D5B6DE HTTP/1.1" 200 90660
149.202.86.86 - - [10/Jan/2025:02:37:28 +0100] "GET /ticket2/opencms/sv/login/?edid=DF6704C5-3A03-EB73-67F1-C079AC83E6B0 HTTP/1.1" 200 90704
47.128.17.24 - - [10/Jan/2025:02:37:28 +0100] "GET /ticket2/opencms/sr/buy/?edid=F124BA86-A27C-2AAF-548B-4E7CAF608D73 HTTP/1.1" 200 92975
65.21.113.194 - - [10/Jan/2025:02:37:28 +0100] "GET /ticket2/opencms/uk/buy/?page=1&edid=9905BE36-3483-E35C-D446-E28B848EF37B HTTP/1.1" 200 125269
149.202.86.86 - - [10/Jan/2025:02:37:32 +0100] "GET /ticket2/opencms/sv/login/?edid=DF831646-EB81-8030-C88A-E153CD46EDDF HTTP/1.1" 200 90687
185.191.171.4 - - [10/Jan/2025:02:37:33 +0100] "GET /ticket2/opencms/sv/tickets/swansea/west-bromwich-albion.html HTTP/1.1" 200 87736
65.21.113.194 - - [10/Jan/2025:02:37:33 +0100] "GET /ticket2/opencms/uk/buy/?page=1&edid=99C77A16-8AF9-4675-97DE-42A41C4ECB4F HTTP/1.1" 200 134143
185.191.171.18 - - [10/Jan/2025:02:37:35 +0100] "GET /ticket2/opencms/sl/magazine/article?title=tottenham-burnley-2024-05-11 HTTP/1.1" 200 91158
149.202.86.86 - - [10/Jan/2025:02:37:35 +0100] "GET /ticket2/opencms/sv/login/?edid=E002021C-E3C1-0283-3111-31CEFD0571C3 HTTP/1.1" 200 90729
47.128.112.182 - - [10/Jan/2025:02:37:36 +0100] "GET /ticket2/opencms/fi/buy/ HTTP/1.1" 200 6410
66.249.64.227 - - [10/Jan/2025:02:37:36 +0100] "GET /ticket2/opencms/ga/buy/?page=1&edid=FEF01E45-FEE5-DB5B-D058-BDEFBF8946F4 HTTP/1.1" 200 110443
65.21.113.194 - - [10/Jan/2025:02:37:39 +0100] "GET /ticket2/opencms/robots.txt HTTP/1.1" 200 773
65.21.113.194 - - [10/Jan/2025:02:37:39 +0100] "GET /ticket2/opencms/uk/buy/?page=1&edid=99D270B3-917E-FD4A-2998-A2CE577033E4 HTTP/1.1" 200 114584
149.202.86.86 - - [10/Jan/2025:02:37:39 +0100] "GET /ticket2/opencms/sv/login/?edid=E00292B9-289F-EBF1-CED0-AB7E0F333572 HTTP/1.1" 200 90689
207.46.13.154 - - [10/Jan/2025:02:37:40 +0100] "GET /ticket2/opencms/en/buy/?page=1&edid=DEAFC2C2-F426-D691-6E5C-FCBBF4DFF1AF HTTP/1.1" 200 134473
85.208.96.209 - - [10/Jan/2025:02:37:40 +0100] "GET /ticket2/opencms/sq/magazine/article?title=a-mund-te-largohet-viktor-gyokeres-nga-sporting-me-heret-se-sa-ishte-planifikuar HTTP/1.1" 200 94195
65.21.113.194 - - [10/Jan/2025:02:37:43 +0100] "GET /ticket2/opencms/uk/buy/?page=1&edid=9A56F165-F35D-9973-F50A-5FE9863E2B16 HTTP/1.1" 200 114590
185.191.171.11 - - [10/Jan/2025:02:37:43 +0100] "GET /ticket2/opencms/bs/magazine/article?title=buducnost-tehnologije-u-fudbalu HTTP/1.1" 200 94262
149.202.86.86 - - [10/Jan/2025:02:37:43 +0100] "GET /ticket2/opencms/sv/login/?edid=E085F9FD-8197-A098-B130-78C63500F473 HTTP/1.1" 200 90708
47.128.57.94 - - [10/Jan/2025:02:37:46 +0100] "GET /ticket2/opencms/de/robots.txt HTTP/1.1" 404 -
149.202.86.86 - - [10/Jan/2025:02:37:47 +0100] "GET /ticket2/opencms/sv/login/?edid=E168FE0B-1F7E-AE1E-E452-2AB0F06CA20D HTTP/1.1" 200 90699
65.21.113.194 - - [10/Jan/2025:02:37:48 +0100] "GET /ticket2/opencms/uk/buy/?page=1&edid=9AF29D4D-BF71-6182-1EBD-FF49E6DA3ECE HTTP/1.1" 200 114633
149.202.86.86 - - [10/Jan/2025:02:37:51 +0100] "GET /ticket2/opencms/sv/login/?edid=E2B87A9F-20A8-A105-0E95-1BBBA833D41E HTTP/1.1" 200 90697
149.202.86.86 - - [10/Jan/2025:02:37:54 +0100] "GET /ticket2/opencms/sv/login/?edid=E43B3411-281E-DC28-AE0F-B8BE4B0E1D49 HTTP/1.1" 200 90609
85.208.96.198 - - [10/Jan/2025:02:37:56 +0100] "GET /ticket2/opencms/no/sport/basketbilletter/nba/ HTTP/1.1" 200 87451
149.202.86.86 - - [10/Jan/2025:02:37:58 +0100] "GET /ticket2/opencms/sv/login/?edid=E45302BD-B155-B6BD-3553-033974A859B0 HTTP/1.1" 200 90672
65.21.113.194 - - [10/Jan/2025:02:37:59 +0100] "GET /ticket2/opencms/uk/buy/?page=1&edid=9CB65BAE-DCD8-2D95-397D-813CF31BA500 HTTP/1.1" 200 138552
149.202.86.86 - - [10/Jan/2025:02:38:02 +0100] "GET /ticket2/opencms/sv/login/?edid=E51B7583-7105-7C26-CFB5-91EBFE77E355 HTTP/1.1" 200 90631
85.208.96.200 - - [10/Jan/2025:02:38:03 +0100] "GET /ticket2/opencms/robots.txt HTTP/1.1" 200 773
66.249.64.130 - - [10/Jan/2025:02:38:04 +0100] "GET /ticket2/opencms/nl/magazine/article?title=londen-een-voetbalstad-van-wereldklasse HTTP/1.1" 200 90197
85.208.96.202 - - [10/Jan/2025:02:38:04 +0100] "GET /ticket2/opencms/el/magazine/article?title=o-mantsester-gioynaitent-exei-epile3ei-na-apolysei-ton-erik-ten-xag HTTP/1.1" 200 98105
85.208.96.193 - - [10/Jan/2025:02:38:05 +0100] "GET /ticket2/opencms/es/magazine/article?title=joel-matip-deja-el-liverpool-fc HTTP/1.1" 200 94500
149.202.86.86 - - [10/Jan/2025:02:38:06 +0100] "GET /ticket2/opencms/sv/login/?edid=E5C45607-2301-39E8-B90F-2982D4E1A9D2 HTTP/1.1" 200 90656
34.147.16.58 - - [10/Jan/2025:02:38:09 +0100] "GET /ticket2/opencms/de/ HTTP/1.1" 200 100426
149.202.86.86 - - [10/Jan/2025:02:38:09 +0100] "GET /ticket2/opencms/sv/login/?edid=E608E7E2-380E-8078-DBB8-D1BCCB2C343A HTTP/1.1" 200 90659
65.21.113.194 - - [10/Jan/2025:02:38:12 +0100] "GET /ticket2/opencms/uk/buy/?page=1&edid=A2A4078E-C8E8-C113-199B-69C1FEB231B0 HTTP/1.1" 200 139148
149.202.86.86 - - [10/Jan/2025:02:38:13 +0100] "GET /ticket2/opencms/sv/login/?edid=E9ADDD4B-2D5C-5990-7858-03EAA4240B08 HTTP/1.1" 200 90623
149.202.86.86 - - [10/Jan/2025:02:38:16 +0100] "GET /ticket2/opencms/sv/login/?edid=E9B7DED4-B9B3-1D5B-302C-EBD67027CF78 HTTP/1.1" 200 90662
185.191.171.17 - - [10/Jan/2025:02:38:17 +0100] "GET /ticket2/opencms/fi/magazine/article?title=otteluohjelma-premier-leaguessa-premier-leaguen-ottelut-20242025 HTTP/1.1" 200 92607
149.202.86.86 - - [10/Jan/2025:02:38:20 +0100] "GET /ticket2/opencms/sv/login/?edid=EB31C882-2BE6-C517-726C-D721EBC90088 HTTP/1.1" 200 90657
185.191.171.4 - - [10/Jan/2025:02:38:22 +0100] "GET /ticket2/opencms/robots.txt HTTP/1.1" 200 773
34.75.55.252 - - [10/Jan/2025:02:38:22 +0100] "GET /ticket2/opencms/nl/ HTTP/1.0" 200 98552
85.208.96.197 - - [10/Jan/2025:02:38:23 +0100] "GET /ticket2/opencms/no/sport/fotballsbilletter/serie_a/inter/ HTTP/1.1" 200 97661
207.46.13.168 - - [10/Jan/2025:02:38:23 +0100] "GET /ticket2/opencms/system/modules/com.gridnine.opencms.ticketbrokerage.site/resources/js/stickyfill.min.js HTTP/1.1" 200 5672
149.202.86.86 - - [10/Jan/2025:02:38:24 +0100] "GET /ticket2/opencms/sv/login/?edid=EB41B390-6AF7-F6BB-2724-9D4D4320B605 HTTP/1.1" 200 90579
149.202.86.86 - - [10/Jan/2025:02:38:27 +0100] "GET /ticket2/opencms/sv/login/?edid=EC2D4B4A-A0C7-0522-F532-8706D9BB8618 HTTP/1.1" 200 90679
65.21.113.194 - - [10/Jan/2025:02:38:28 +0100] "GET /ticket2/opencms/uk/buy/?page=1&edid=A9140ADD-E008-579D-7865-3C1E6B6E78F6 HTTP/1.1" 200 114508
66.249.64.107 - - [10/Jan/2025:02:38:31 +0100] "GET /ticket2/opencms/is/buy/?page=1&edid=BE8C7FA0-9E48-EAB3-3A70-9E9F9EA30F95 HTTP/1.1" 200 113123
149.202.86.86 - - [10/Jan/2025:02:38:31 +0100] "GET /ticket2/opencms/sv/login/?edid=EC931FC2-E0FE-B476-9B4F-E95FF2037ED9 HTTP/1.1" 200 90686
66.249.76.161 - - [10/Jan/2025:02:38:32 +0100] "GET /ticket2/opencms/ga/buy/?page=1&edid=9219490E-57C2-9B65-4F03-B2B5521A5479 HTTP/1.1" 200 110423
54.36.149.19 - - [10/Jan/2025:02:38:32 +0100] "GET /ticket2/opencms/nl/buy?page=1&edid=C8E47E46-ADCD-586A-7BE4-CF1C96256B2D HTTP/1.1" 200 111174
66.249.76.8 - - [10/Jan/2025:02:38:33 +0100] "GET /ticket2/opencms/is/magazine/article?title=manchester-united-hefur-akvedid-ad-reka-erik-ten-hag HTTP/1.1" 200 98402
202.8.42.247 - - [10/Jan/2025:02:38:33 +0100] "GET /ticket2/opencms/system/modules/com.gridnine.opencms.ticketbrokerage.site/resources/css/jquery.fancybox.css HTTP/1.1" 200 4939
202.8.42.247 - - [10/Jan/2025:02:38:33 +0100] "GET /ticket2/opencms/system/modules/com.gridnine.opencms.ticketbrokerage.site/resources/css/ticketbrokerage.css HTTP/1.1" 200 39339
202.8.42.247 - - [10/Jan/2025:02:38:33 +0100] "GET /ticket2/opencms/system/modules/com.gridnine.opencms.ticketbrokerage.site/resources/css/standard.css HTTP/1.1" 200 73081
202.8.42.247 - - [10/Jan/2025:02:38:33 +0100] "GET /ticket2/opencms/system/modules/com.gridnine.opencms.ticketbrokerage.site/resources/css/jquery-ui.css HTTP/1.1" 200 33221
65.21.113.194 - - [10/Jan/2025:02:38:33 +0100] "GET /ticket2/opencms/uk/buy/?page=1&edid=B089B4B8-933D-AB70-BE65-2A133877E5AC HTTP/1.1" 200 139609
202.8.42.247 - - [10/Jan/2025:02:38:33 +0100] "GET /ticket2/opencms/system/modules/com.gridnine.opencms.ticketbrokerage.site/resources/css/calendar.css HTTP/1.1" 200 6871
202.8.42.247 - - [10/Jan/2025:02:38:33 +0100] "GET /ticket2/opencms/system/modules/com.gridnine.opencms.ticketbrokerage.site/resources/js/jquery/jquery-ui.js HTTP/1.1" 200 228088
202.8.42.247 - - [10/Jan/2025:02:38:33 +0100] "GET /ticket2/opencms/system/modules/com.gridnine.opencms.ticketbrokerage.site/resources/js/jquery/jquery.js HTTP/1.1" 200 93868
202.8.42.247 - - [10/Jan/2025:02:38:33 +0100] "GET /ticket2/opencms/system/modules/com.gridnine.opencms.ticketbrokerage.site/resources/js/calendar.js HTTP/1.1" 200 49229
202.8.42.247 - - [10/Jan/2025:02:38:33 +0100] "GET /ticket2/opencms/system/modules/com.gridnine.opencms.ticketbrokerage.site/resources/js/functions.js HTTP/1.1" 200 1583
202.8.42.247 - - [10/Jan/2025:02:38:33 +0100] "GET /ticket2/opencms/system/modules/com.gridnine.opencms.ticketbrokerage.site/resources/js/calendar-en.js HTTP/1.1" 200 3338
202.8.42.247 - - [10/Jan/2025:02:38:33 +0100] "GET /ticket2/opencms/system/modules/com.gridnine.opencms.ticketbrokerage.site/resources/js/jquery.fancybox.pack.js HTTP/1.1" 200 23187
202.8.42.247 - - [10/Jan/2025:02:38:33 +0100] "GET /ticket2/opencms/system/modules/com.gridnine.opencms.ticketbrokerage.site/resources/js/calendar-setup.js HTTP/1.1" 200 4923
202.8.42.247 - - [10/Jan/2025:02:38:34 +0100] "GET /ticket2/opencms/system/modules/com.gridnine.opencms.ticketbrokerage.site/resources/js/stickyfill.min.js HTTP/1.1" 200 5672
202.8.42.247 - - [10/Jan/2025:02:38:34 +0100] "GET /ticket2/opencms/system/modules/com.gridnine.opencms.ticketbrokerage.site/resources/js/standard.js HTTP/1.1" 200 3978
202.8.42.247 - - [10/Jan/2025:02:38:34 +0100] "GET /ticket2/opencms/system/modules/com.gridnine.opencms.ticketbrokerage.site/resources/js/jquery.placeholder.min.js HTTP/1.1" 200 1737
202.8.42.247 - - [10/Jan/2025:02:38:34 +0100] "GET /ticket2/opencms/system/modules/com.gridnine.opencms.ticketbrokerage.site/resources/js/common-ajax.js HTTP/1.1" 200 20175
202.8.42.247 - - [10/Jan/2025:02:38:34 +0100] "GET /ticket2/opencms/nl/ask-form.html HTTP/1.1" 200 3015
149.202.86.86 - - [10/Jan/2025:02:38:35 +0100] "GET /ticket2/opencms/sv/login/?edid=EC9F155C-D7A4-D175-1C63-F69B97D44FFB HTTP/1.1" 200 90682
202.8.42.247 - - [10/Jan/2025:02:38:35 +0100] "GET /ticket2/opencms/nl/ask-form.html HTTP/1.1" 200 3015
114.119.129.189 - - [10/Jan/2025:02:38:35 +0100] "GET /ticket2/opencms/en/venue/?venueid=79787CD2-7865-34D1-58A9-E39B34651991 HTTP/1.1" 200 85057
202.8.42.247 - - [10/Jan/2025:02:38:36 +0100] "GET /ticket2/opencms/system/modules/com.gridnine.opencms.ticketbrokerage.site/resources/css/ticketbrokerage.css HTTP/1.1" 200 39339
202.8.42.247 - - [10/Jan/2025:02:38:36 +0100] "GET /ticket2/opencms/system/modules/com.gridnine.opencms.ticketbrokerage.site/resources/js/standard.js HTTP/1.1" 200 3978
65.21.113.194 - - [10/Jan/2025:02:38:38 +0100] "GET /ticket2/opencms/uk/buy/?page=1&edid=B12376C6-BA7F-3D61-F970-EF51106430AB HTTP/1.1" 200 133579
149.202.86.86 - - [10/Jan/2025:02:38:38 +0100] "GET /ticket2/opencms/sv/login/?edid=ECBEAAB4-673E-072E-175A-60CB6C74DCB1 HTTP/1.1" 200 90676
66.249.64.106 - - [10/Jan/2025:02:38:40 +0100] "GET /ticket2/opencms/is/ask-form.html HTTP/1.1" 200 3156
65.21.113.194 - - [10/Jan/2025:02:38:42 +0100] "GET /ticket2/opencms/uk/buy/?page=1&edid=B7C31852-4938-05B8-A23C-0248E7A3D5BA HTTP/1.1" 200 136851
149.202.86.86 - - [10/Jan/2025:02:38:42 +0100] "GET /ticket2/opencms/sv/login/?edid=EE1094B0-5F8D-7F5A-3592-6F4F9BDBF532 HTTP/1.1" 200 90655
149.202.86.86 - - [10/Jan/2025:02:38:46 +0100] "GET /ticket2/opencms/sv/login/?edid=EE5FBB3F-5DE5-7AF4-5DB6-F4D1706153C7 HTTP/1.1" 200 90684
65.21.113.194 - - [10/Jan/2025:02:38:46 +0100] "GET /ticket2/opencms/uk/buy/?page=1&edid=B8EF6180-227A-800A-63E5-9809623FC791 HTTP/1.1" 200 130553
185.191.171.5 - - [10/Jan/2025:02:38:50 +0100] "GET /ticket2/opencms/ga/magazine/article?title=manchester-city-by-premier-league-atwefo HTTP/1.1" 200 92692
149.202.86.86 - - [10/Jan/2025:02:38:50 +0100] "GET /ticket2/opencms/sv/login/?edid=EF8C7FA5-203F-4B2E-9E27-D19D198BFB1C HTTP/1.1" 200 90634
65.21.113.194 - - [10/Jan/2025:02:38:51 +0100] "GET /ticket2/opencms/uk/buy/?page=1&edid=B9A56D83-AD94-045F-A8C5-86B02F52A7C5 HTTP/1.1" 200 148540
157.55.39.225 - - [10/Jan/2025:02:38:53 +0100] "GET /ticket2/opencms/robots.txt HTTP/1.1" 200 773
149.202.86.86 - - [10/Jan/2025:02:38:54 +0100] "GET /ticket2/opencms/sv/login/?edid=F0397B65-B924-1891-B9FF-A24F70B922BC HTTP/1.1" 200 90691
157.55.39.225 - - [10/Jan/2025:02:38:54 +0100] "GET /ticket2/opencms/robots.txt HTTP/1.1" 200 773
65.21.113.194 - - [10/Jan/2025:02:38:56 +0100] "GET /ticket2/opencms/uk/buy/?page=1&edid=BEA9D3E5-A93E-146C-1904-24495F6A8B39 HTTP/1.1" 200 133624
185.191.171.15 - - [10/Jan/2025:02:38:57 +0100] "GET /ticket2/opencms/es/magazine/article?title=newcastle HTTP/1.1" 200 90546
149.202.86.86 - - [10/Jan/2025:02:38:57 +0100] "GET /ticket2/opencms/sv/login/?edid=F057D3FD-1A5A-352D-1941-A98E52C4BA86 HTTP/1.1" 200 90652
65.21.113.194 - - [10/Jan/2025:02:39:01 +0100] "GET /ticket2/opencms/uk/buy/?page=1&edid=BFAFDC2C-908C-DD1E-38F3-2E405A281188 HTTP/1.1" 200 138905
149.202.86.86 - - [10/Jan/2025:02:39:02 +0100] "GET /ticket2/opencms/sv/login/?edid=F0845893-AB25-79ED-E273-8681A31846EB HTTP/1.1" 200 90666
65.21.113.194 - - [10/Jan/2025:02:39:05 +0100] "GET /ticket2/opencms/uk/buy/?page=1&edid=C28B3B84-6A6E-6FCB-67EF-1F8424FD799A HTTP/1.1" 200 127608
149.202.86.86 - - [10/Jan/2025:02:39:05 +0100] "GET /ticket2/opencms/sv/login/?edid=F6B1A5E6-3A8E-2702-C092-0318528F1CAF HTTP/1.1" 200 90646
149.202.86.86 - - [10/Jan/2025:02:39:09 +0100] "GET /ticket2/opencms/sv/login/?edid=F7660972-1F1F-59FF-1410-FAEC9F9D74B8 HTTP/1.1" 200 90605
65.21.113.194 - - [10/Jan/2025:02:39:10 +0100] "GET /ticket2/opencms/uk/buy/?page=1&edid=C2E0FED9-872C-CDB5-EA69-F93F12F9C91F HTTP/1.1" 200 127543
149.202.86.86 - - [10/Jan/2025:02:39:13 +0100] "GET /ticket2/opencms/sv/login/?edid=FA141537-A3E6-B336-E690-0121B3410FD9 HTTP/1.1" 200 90717
65.21.113.194 - - [10/Jan/2025:02:39:16 +0100] "GET /ticket2/opencms/uk/buy/?page=1&edid=C64002B7-B7A3-A646-1770-7E79C914EDA5 HTTP/1.1" 200 138939
185.191.171.12 - - [10/Jan/2025:02:39:16 +0100] "GET /ticket2/opencms/sv/sport/handboll/ HTTP/1.1" 200 86323
65.21.113.194 - - [10/Jan/2025:02:39:20 +0100] "GET /ticket2/opencms/uk/buy/?page=1&edid=C781C90E-2A4A-BE38-23EB-6039DE2F5FA8 HTTP/1.1" 200 139161
65.21.113.194 - - [10/Jan/2025:02:39:25 +0100] "GET /ticket2/opencms/uk/buy/?page=1&edid=C8463748-B145-33AD-CEE6-A9DF95CEBC4A HTTP/1.1" 200 125362
114.119.153.152 - - [10/Jan/2025:02:39:28 +0100] "GET /ticket2/opencms/et/buy?page=1&edid=1C663B38-AAE8-15E5-78AB-F7247D2C67D4 HTTP/1.1" 200 135156
65.21.113.194 - - [10/Jan/2025:02:39:30 +0100] "GET /ticket2/opencms/uk/buy/?page=1&edid=C9919F63-312E-C4DF-29D6-DA1CE80EC9A2 HTTP/1.1" 200 130514
65.21.113.194 - - [10/Jan/2025:02:39:35 +0100] "GET /ticket2/opencms/uk/buy/?page=1&edid=CC748805-AA77-5D07-7352-96CD97D4F5AC HTTP/1.1" 200 140530
65.21.113.194 - - [10/Jan/2025:02:39:39 +0100] "GET /ticket2/opencms/robots.txt HTTP/1.1" 200 773
47.128.43.147 - - [10/Jan/2025:02:39:40 +0100] "GET /ticket2/opencms/fi/venue/?venueid=B0F87075-ACFA-3C5F-D431-FC592DAB148B HTTP/1.1" 200 86627
65.21.113.194 - - [10/Jan/2025:02:39:40 +0100] "GET /ticket2/opencms/uk/buy/?page=1&edid=D4F26649-49E7-D9AD-008F-6A1EF16B5F3C HTTP/1.1" 200 130611
66.249.64.132 - - [10/Jan/2025:02:39:40 +0100] "GET /ticket2/opencms/sv/buy?page=1&edid=5DE0E1FA-1A06-1735-F873-02CEFED6DB6A HTTP/1.1" 200 108715
54.36.148.219 - - [10/Jan/2025:02:39:40 +0100] "GET /ticket2/opencms/es/buy?page=1&edid=D3AB0CA8-3C40-1AB9-8BEC-7D01F349EB4E HTTP/1.1" 200 137044
202.8.41.161 - - [10/Jan/2025:02:39:41 +0100] "GET /ticket2/opencms/system/modules/com.gridnine.opencms.ticketbrokerage.site/resources/css/jquery-ui.css HTTP/1.1" 200 33221
202.8.41.161 - - [10/Jan/2025:02:39:41 +0100] "GET /ticket2/opencms/system/modules/com.gridnine.opencms.ticketbrokerage.site/resources/css/ticketbrokerage.css HTTP/1.1" 200 39339
202.8.41.161 - - [10/Jan/2025:02:39:41 +0100] "GET /ticket2/opencms/system/modules/com.gridnine.opencms.ticketbrokerage.site/resources/css/calendar.css HTTP/1.1" 200 6871
202.8.41.161 - - [10/Jan/2025:02:39:41 +0100] "GET /ticket2/opencms/system/modules/com.gridnine.opencms.ticketbrokerage.site/resources/css/standard.css HTTP/1.1" 200 73081
202.8.41.161 - - [10/Jan/2025:02:39:42 +0100] "GET /ticket2/opencms/system/modules/com.gridnine.opencms.ticketbrokerage.site/resources/css/jquery.fancybox.css HTTP/1.1" 200 4939
202.8.41.161 - - [10/Jan/2025:02:39:42 +0100] "GET /ticket2/opencms/system/modules/com.gridnine.opencms.ticketbrokerage.site/resources/js/jquery/jquery.js HTTP/1.1" 200 93868
202.8.41.161 - - [10/Jan/2025:02:39:42 +0100] "GET /ticket2/opencms/system/modules/com.gridnine.opencms.ticketbrokerage.site/resources/js/jquery/jquery-ui.js HTTP/1.1" 200 228088
202.8.41.161 - - [10/Jan/2025:02:39:42 +0100] "GET /ticket2/opencms/system/modules/com.gridnine.opencms.ticketbrokerage.site/resources/js/functions.js HTTP/1.1" 200 1583
202.8.41.161 - - [10/Jan/2025:02:39:42 +0100] "GET /ticket2/opencms/system/modules/com.gridnine.opencms.ticketbrokerage.site/resources/js/calendar.js HTTP/1.1" 200 49229
202.8.41.161 - - [10/Jan/2025:02:39:42 +0100] "GET /ticket2/opencms/system/modules/com.gridnine.opencms.ticketbrokerage.site/resources/js/calendar-en.js HTTP/1.1" 200 3338
202.8.41.161 - - [10/Jan/2025:02:39:42 +0100] "GET /ticket2/opencms/system/modules/com.gridnine.opencms.ticketbrokerage.site/resources/js/calendar-setup.js HTTP/1.1" 200 4923
202.8.41.161 - - [10/Jan/2025:02:39:42 +0100] "GET /ticket2/opencms/system/modules/com.gridnine.opencms.ticketbrokerage.site/resources/js/jquery.fancybox.pack.js HTTP/1.1" 200 23187
202.8.41.161 - - [10/Jan/2025:02:39:42 +0100] "GET /ticket2/opencms/system/modules/com.gridnine.opencms.ticketbrokerage.site/resources/js/stickyfill.min.js HTTP/1.1" 200 5672
202.8.41.161 - - [10/Jan/2025:02:39:42 +0100] "GET /ticket2/opencms/system/modules/com.gridnine.opencms.ticketbrokerage.site/resources/js/standard.js HTTP/1.1" 200 3978
202.8.41.161 - - [10/Jan/2025:02:39:42 +0100] "GET /ticket2/opencms/system/modules/com.gridnine.opencms.ticketbrokerage.site/resources/js/jquery.placeholder.min.js HTTP/1.1" 200 1737
202.8.41.161 - - [10/Jan/2025:02:39:42 +0100] "GET /ticket2/opencms/system/modules/com.gridnine.opencms.ticketbrokerage.site/resources/js/common-ajax.js HTTP/1.1" 200 20175
202.8.41.161 - - [10/Jan/2025:02:39:42 +0100] "GET /ticket2/opencms/es/ask-form.html HTTP/1.1" 200 3156
202.8.41.161 - - [10/Jan/2025:02:39:42 +0100] "GET /ticket2/opencms/system/modules/com.gridnine.opencms.ticketbrokerage.site/resources/css/ticketbrokerage.css HTTP/1.1" 200 39339
202.8.41.161 - - [10/Jan/2025:02:39:43 +0100] "GET /ticket2/opencms/system/modules/com.gridnine.opencms.ticketbrokerage.site/resources/js/standard.js HTTP/1.1" 200 3978
85.208.96.202 - - [10/Jan/2025:02:39:45 +0100] "GET /ticket2/opencms/sq/magazine/article?title=fulham-fc HTTP/1.1" 200 92670
47.128.20.111 - - [10/Jan/2025:02:39:46 +0100] "GET /ticket2/opencms/is/buy/?edid=5CA6204E-B944-1C9C-2A91-E87C8D0203BC HTTP/1.1" 200 92446
65.21.113.194 - - [10/Jan/2025:02:39:52 +0100] "GET /ticket2/opencms/uk/buy/?page=1&edid=DCF22239-47F2-2282-C13B-85FCE1D7C913 HTTP/1.1" 200 139669
65.21.113.194 - - [10/Jan/2025:02:39:57 +0100] "GET /ticket2/opencms/uk/buy/?page=1&edid=DD14CC82-883B-BD06-4306-EBD494AA1804 HTTP/1.1" 200 139763
65.21.113.194 - - [10/Jan/2025:02:40:02 +0100] "GET /ticket2/opencms/uk/buy/?page=1&edid=DE6EAF1E-F0E3-BCEF-6FE9-789554B2D96C HTTP/1.1" 200 127601
65.21.113.194 - - [10/Jan/2025:02:40:09 +0100] "GET /ticket2/opencms/uk/buy/?page=1&edid=E0AF4582-F291-60D7-7793-C6DEB6EAEA8A HTTP/1.1" 200 144408
66.249.64.130 - - [10/Jan/2025:02:40:11 +0100] "GET /ticket2/opencms/lt/buy?page=1&edid=A2A4078E-C8E8-C113-199B-69C1FEB231B0 HTTP/1.1" 200 137119
66.249.64.32 - - [10/Jan/2025:02:40:12 +0100] "GET /ticket2/opencms/ga/magazine/article?title=ni-hi-mar-ata-todhchai-alexander-isak HTTP/1.1" 200 92888
65.21.113.194 - - [10/Jan/2025:02:40:14 +0100] "GET /ticket2/opencms/uk/buy/?page=1&edid=E11E1E12-66BC-E0C5-F313-3E777C16F760 HTTP/1.1" 200 133574
54.36.148.0 - - [10/Jan/2025:02:40:15 +0100] "GET /ticket2/opencms/sv/buy/?page=1&edid=A2A4078E-C8E8-C113-199B-69C1FEB231B0 HTTP/1.1" 200 135619
202.8.43.107 - - [10/Jan/2025:02:40:16 +0100] "GET /ticket2/opencms/system/modules/com.gridnine.opencms.ticketbrokerage.site/resources/css/jquery.fancybox.css HTTP/1.1" 200 4939
202.8.43.107 - - [10/Jan/2025:02:40:16 +0100] "GET /ticket2/opencms/system/modules/com.gridnine.opencms.ticketbrokerage.site/resources/css/standard.css HTTP/1.1" 200 73081
202.8.43.107 - - [10/Jan/2025:02:40:16 +0100] "GET /ticket2/opencms/system/modules/com.gridnine.opencms.ticketbrokerage.site/resources/css/ticketbrokerage.css HTTP/1.1" 200 39339
202.8.43.107 - - [10/Jan/2025:02:40:16 +0100] "GET /ticket2/opencms/system/modules/com.gridnine.opencms.ticketbrokerage.site/resources/css/calendar.css HTTP/1.1" 200 6871
202.8.43.107 - - [10/Jan/2025:02:40:16 +0100] "GET /ticket2/opencms/system/modules/com.gridnine.opencms.ticketbrokerage.site/resources/css/jquery-ui.css HTTP/1.1" 200 33221
202.8.43.107 - - [10/Jan/2025:02:40:16 +0100] "GET /ticket2/opencms/system/modules/com.gridnine.opencms.ticketbrokerage.site/resources/js/jquery/jquery.js HTTP/1.1" 200 93868
202.8.43.107 - - [10/Jan/2025:02:40:17 +0100] "GET /ticket2/opencms/system/modules/com.gridnine.opencms.ticketbrokerage.site/resources/js/jquery/jquery-ui.js HTTP/1.1" 200 228088
202.8.43.107 - - [10/Jan/2025:02:40:17 +0100] "GET /ticket2/opencms/system/modules/com.gridnine.opencms.ticketbrokerage.site/resources/js/functions.js HTTP/1.1" 200 1583
202.8.43.107 - - [10/Jan/2025:02:40:17 +0100] "GET /ticket2/opencms/system/modules/com.gridnine.opencms.ticketbrokerage.site/resources/js/calendar.js HTTP/1.1" 200 49229
202.8.43.107 - - [10/Jan/2025:02:40:17 +0100] "GET /ticket2/opencms/system/modules/com.gridnine.opencms.ticketbrokerage.site/resources/js/calendar-setup.js HTTP/1.1" 200 4923
202.8.43.107 - - [10/Jan/2025:02:40:17 +0100] "GET /ticket2/opencms/system/modules/com.gridnine.opencms.ticketbrokerage.site/resources/js/calendar-en.js HTTP/1.1" 200 3338
202.8.43.107 - - [10/Jan/2025:02:40:17 +0100] "GET /ticket2/opencms/system/modules/com.gridnine.opencms.ticketbrokerage.site/resources/js/stickyfill.min.js HTTP/1.1" 200 5672
202.8.43.107 - - [10/Jan/2025:02:40:17 +0100] "GET /ticket2/opencms/system/modules/com.gridnine.opencms.ticketbrokerage.site/resources/js/jquery.fancybox.pack.js HTTP/1.1" 200 23187
202.8.43.107 - - [10/Jan/2025:02:40:17 +0100] "GET /ticket2/opencms/system/modules/com.gridnine.opencms.ticketbrokerage.site/resources/js/standard.js HTTP/1.1" 200 3978
202.8.43.107 - - [10/Jan/2025:02:40:17 +0100] "GET /ticket2/opencms/system/modules/com.gridnine.opencms.ticketbrokerage.site/resources/js/jquery.placeholder.min.js HTTP/1.1" 200 1737
202.8.43.107 - - [10/Jan/2025:02:40:17 +0100] "GET /ticket2/opencms/system/modules/com.gridnine.opencms.ticketbrokerage.site/resources/js/common-ajax.js HTTP/1.1" 200 20175
202.8.43.107 - - [10/Jan/2025:02:40:17 +0100] "GET /ticket2/opencms/sv/ask-form.html HTTP/1.1" 200 2950
85.208.96.197 - - [10/Jan/2025:02:40:17 +0100] "GET /ticket2/opencms/no/sport/fotballsbilletter/la_liga/huesca/ HTTP/1.1" 200 87204
65.21.113.194 - - [10/Jan/2025:02:40:21 +0100] "GET /ticket2/opencms/uk/buy/?page=1&edid=E1CACBEB-5FB5-F359-D95F-1110648BB53A HTTP/1.1" 200 139477
65.21.113.194 - - [10/Jan/2025:02:40:25 +0100] "GET /ticket2/opencms/uk/buy/?page=1&edid=E289F96B-BF69-A88E-30C1-E3CA6BC29D6C HTTP/1.1" 200 127585
65.21.113.194 - - [10/Jan/2025:02:40:30 +0100] "GET /ticket2/opencms/uk/buy/?page=1&edid=E53C8E7A-C1C8-80DF-ED27-96FEFF6B5147 HTTP/1.1" 200 138587
65.21.113.194 - - [10/Jan/2025:02:40:40 +0100] "GET /ticket2/opencms/uk/buy/?page=1&edid=E9DB3A42-82BF-9B65-3ED4-EE5A32871388 HTTP/1.1" 200 136784
207.46.13.102 - - [10/Jan/2025:02:40:43 +0100] "GET /ticket2/opencms/uk/buy?page=1&edid=C6A3430C-A1F7-956B-F26F-DB287A52AC18 HTTP/1.1" 200 112048
65.21.113.194 - - [10/Jan/2025:02:40:45 +0100] "GET /ticket2/opencms/uk/buy/?page=1&edid=EC2BC309-3510-AA04-CA0C-F3088D5C1D31 HTTP/1.1" 200 127495
65.21.113.194 - - [10/Jan/2025:02:40:51 +0100] "GET /ticket2/opencms/uk/buy/?page=1&edid=EE1094B0-5F8D-7F5A-3592-6F4F9BDBF532 HTTP/1.1" 200 138792
54.36.149.56 - - [10/Jan/2025:02:40:53 +0100] "GET /ticket2/opencms/hr/buy?page=1&edid=37E2A4DD-118F-C378-83A2-20232412AB9C HTTP/1.1" 200 111861
202.8.43.10 - - [10/Jan/2025:02:40:54 +0100] "GET /ticket2/opencms/system/modules/com.gridnine.opencms.ticketbrokerage.site/resources/css/standard.css HTTP/1.1" 200 73081
202.8.43.10 - - [10/Jan/2025:02:40:54 +0100] "GET /ticket2/opencms/system/modules/com.gridnine.opencms.ticketbrokerage.site/resources/css/calendar.css HTTP/1.1" 200 6871
202.8.43.10 - - [10/Jan/2025:02:40:54 +0100] "GET /ticket2/opencms/system/modules/com.gridnine.opencms.ticketbrokerage.site/resources/css/jquery.fancybox.css HTTP/1.1" 200 4939
202.8.43.10 - - [10/Jan/2025:02:40:54 +0100] "GET /ticket2/opencms/system/modules/com.gridnine.opencms.ticketbrokerage.site/resources/css/jquery-ui.css HTTP/1.1" 200 33221
202.8.43.10 - - [10/Jan/2025:02:40:54 +0100] "GET /ticket2/opencms/system/modules/com.gridnine.opencms.ticketbrokerage.site/resources/css/ticketbrokerage.css HTTP/1.1" 200 39339
202.8.43.10 - - [10/Jan/2025:02:40:54 +0100] "GET /ticket2/opencms/system/modules/com.gridnine.opencms.ticketbrokerage.site/resources/js/jquery/jquery.js HTTP/1.1" 200 93868
202.8.43.10 - - [10/Jan/2025:02:40:54 +0100] "GET /ticket2/opencms/system/modules/com.gridnine.opencms.ticketbrokerage.site/resources/js/jquery/jquery-ui.js HTTP/1.1" 200 228088
202.8.43.10 - - [10/Jan/2025:02:40:54 +0100] "GET /ticket2/opencms/system/modules/com.gridnine.opencms.ticketbrokerage.site/resources/js/calendar-setup.js HTTP/1.1" 200 4923
202.8.43.10 - - [10/Jan/2025:02:40:54 +0100] "GET /ticket2/opencms/system/modules/com.gridnine.opencms.ticketbrokerage.site/resources/js/functions.js HTTP/1.1" 200 1583
202.8.43.10 - - [10/Jan/2025:02:40:54 +0100] "GET /ticket2/opencms/system/modules/com.gridnine.opencms.ticketbrokerage.site/resources/js/calendar-en.js HTTP/1.1" 200 3338
202.8.43.10 - - [10/Jan/2025:02:40:54 +0100] "GET /ticket2/opencms/system/modules/com.gridnine.opencms.ticketbrokerage.site/resources/js/calendar.js HTTP/1.1" 200 49229
202.8.43.10 - - [10/Jan/2025:02:40:54 +0100] "GET /ticket2/opencms/system/modules/com.gridnine.opencms.ticketbrokerage.site/resources/js/jquery.fancybox.pack.js HTTP/1.1" 200 23187
202.8.43.10 - - [10/Jan/2025:02:40:54 +0100] "GET /ticket2/opencms/system/modules/com.gridnine.opencms.ticketbrokerage.site/resources/js/stickyfill.min.js HTTP/1.1" 200 5672
202.8.43.10 - - [10/Jan/2025:02:40:54 +0100] "GET /ticket2/opencms/system/modules/com.gridnine.opencms.ticketbrokerage.site/resources/js/standard.js HTTP/1.1" 200 3978
202.8.43.10 - - [10/Jan/2025:02:40:55 +0100] "GET /ticket2/opencms/system/modules/com.gridnine.opencms.ticketbrokerage.site/resources/js/jquery.placeholder.min.js HTTP/1.1" 200 1737
202.8.43.10 - - [10/Jan/2025:02:40:55 +0100] "GET /ticket2/opencms/system/modules/com.gridnine.opencms.ticketbrokerage.site/resources/js/common-ajax.js HTTP/1.1" 200 20175
202.8.43.10 - - [10/Jan/2025:02:40:55 +0100] "GET /ticket2/opencms/hr/ask-form.html HTTP/1.1" 200 3156
202.8.43.10 - - [10/Jan/2025:02:40:55 +0100] "GET /ticket2/opencms/system/modules/com.gridnine.opencms.ticketbrokerage.site/resources/css/ticketbrokerage.css HTTP/1.1" 200 39339
65.21.113.194 - - [10/Jan/2025:02:40:56 +0100] "GET /ticket2/opencms/uk/buy/?page=1&edid=EFCA122E-EFD5-12F8-6F83-6930A0BC1F37 HTTP/1.1" 200 127504
114.119.135.171 - - [10/Jan/2025:02:40:59 +0100] "GET /ticket2/opencms/en/venue/?venueid=619A03DD-ACCD-FE57-5807-3D17BA5AEECB HTTP/1.1" 200 85006
65.21.113.194 - - [10/Jan/2025:02:41:02 +0100] "GET /ticket2/opencms/uk/buy/?page=1&edid=F1463EBE-6C18-CF49-B2AE-F79868BCA4F5 HTTP/1.1" 200 144590
85.208.96.203 - - [10/Jan/2025:02:41:03 +0100] "GET /ticket2/opencms/bs/magazine/article?title=o-arsenal-fc HTTP/1.1" 200 92791
65.21.113.194 - - [10/Jan/2025:02:41:09 +0100] "GET /ticket2/opencms/uk/buy/?page=1&edid=F6926B54-D901-FAF0-8126-EB0D6BB39E8E HTTP/1.1" 200 125379
85.208.96.205 - - [10/Jan/2025:02:41:11 +0100] "GET /ticket2/opencms/no/magazine/article?title=luton HTTP/1.1" 200 91800
185.191.171.5 - - [10/Jan/2025:02:41:13 +0100] "GET /ticket2/opencms/en/magazine/article?title=im-sorry-but-you-did-not-provide-any-text-to-translate-please-provide-the-text-you-would-like-translated-into-english HTTP/1.1" 200 92208
54.36.148.19 - - [10/Jan/2025:02:41:14 +0100] "GET /ticket2/opencms/et/buy?page=1&edid=C448ACCE-4E2F-44DD-92FC-D2C00A7DD0E5 HTTP/1.1" 200 111910
202.8.42.194 - - [10/Jan/2025:02:41:15 +0100] "GET /ticket2/opencms/system/modules/com.gridnine.opencms.ticketbrokerage.site/resources/css/jquery-ui.css HTTP/1.1" 200 33221
202.8.42.194 - - [10/Jan/2025:02:41:15 +0100] "GET /ticket2/opencms/system/modules/com.gridnine.opencms.ticketbrokerage.site/resources/css/standard.css HTTP/1.1" 200 73081
202.8.42.194 - - [10/Jan/2025:02:41:15 +0100] "GET /ticket2/opencms/system/modules/com.gridnine.opencms.ticketbrokerage.site/resources/css/ticketbrokerage.css HTTP/1.1" 200 39339
202.8.42.194 - - [10/Jan/2025:02:41:15 +0100] "GET /ticket2/opencms/system/modules/com.gridnine.opencms.ticketbrokerage.site/resources/css/calendar.css HTTP/1.1" 200 6871
202.8.42.194 - - [10/Jan/2025:02:41:15 +0100] "GET /ticket2/opencms/system/modules/com.gridnine.opencms.ticketbrokerage.site/resources/js/jquery/jquery.js HTTP/1.1" 200 93868
