185.191.171.6 - - [10/Jan/2025:02:14:51 +0100] "GET /ticket2/opencms/hr/sport/nogometne-ulaznice/english-championship/preston-north-end/ HTTP/1.1" 200 101854
217.182.175.120 - - [10/Jan/2025:02:14:52 +0100] "GET /ticket2/opencms/no/buy/?page=1&edid=B1DFC9EC-D2C4-76B2-A8EC-9DB1DA34315C&sortorder=desc&column=price HTTP/1.1" 200 115004
65.21.113.194 - - [10/Jan/2025:02:14:55 +0100] "GET /ticket2/opencms/tr/buy?page=1&edid=99C77A16-8AF9-4675-97DE-42A41C4ECB4F HTTP/1.1" 200 132148
217.182.175.120 - - [10/Jan/2025:02:14:55 +0100] "GET /ticket2/opencms/no/buy/?page=1&edid=B1DFC9EC-D2C4-76B2-A8EC-9DB1DA34315C&sortorder=desc&column=row HTTP/1.1" 200 114895
185.191.171.5 - - [10/Jan/2025:02:14:57 +0100] "GET /ticket2/opencms/fr/sport/billets-football/ligue_1/paris_saint_germain/ HTTP/1.1" 200 95909
65.21.113.194 - - [10/Jan/2025:02:14:59 +0100] "GET /ticket2/opencms/tr/buy?page=1&edid=99D270B3-917E-FD4A-2998-A2CE577033E4 HTTP/1.1" 200 112541
217.182.175.120 - - [10/Jan/2025:02:14:59 +0100] "GET /ticket2/opencms/no/buy/?page=1&edid=B1DFC9EC-D2C4-76B2-A8EC-9DB1DA34315C&sortorder=desc&column=section HTTP/1.1" 200 115179
217.182.175.120 - - [10/Jan/2025:02:15:03 +0100] "GET /ticket2/opencms/no/buy/?page=1&edid=B2F92221-2B73-EA2C-C166-398C5B5E8EA2&sortorder=asc&column=price HTTP/1.1" 200 113751
114.119.130.154 - - [10/Jan/2025:02:15:03 +0100] "GET /ticket2/opencms/en/buy/?page=1&edid=FEE1A9C3-6DCD-56AA-743E-6C9021DC9161 HTTP/1.1" 200 111193
185.191.171.8 - - [10/Jan/2025:02:15:03 +0100] "GET /ticket2/opencms/pl/magazine/article?title=odkryj-la-liga-na-zywo-kup-bilety-na-ticket2 HTTP/1.1" 200 93730
217.182.175.120 - - [10/Jan/2025:02:15:06 +0100] "GET /ticket2/opencms/no/buy/?page=1&edid=B2F92221-2B73-EA2C-C166-398C5B5E8EA2&sortorder=asc&column=row HTTP/1.1" 200 113476
185.191.171.11 - - [10/Jan/2025:02:15:07 +0100] "GET /ticket2/opencms/de/sport/fussball-tickets/serie_a/lecce/ HTTP/1.1" 200 95795
65.21.113.194 - - [10/Jan/2025:02:15:09 +0100] "GET /ticket2/opencms/robots.txt HTTP/1.1" 200 773
65.21.113.194 - - [10/Jan/2025:02:15:10 +0100] "GET /ticket2/opencms/tr/buy?page=1&edid=9A56F165-F35D-9973-F50A-5FE9863E2B16 HTTP/1.1" 200 112368
217.182.175.120 - - [10/Jan/2025:02:15:10 +0100] "GET /ticket2/opencms/no/buy/?page=1&edid=B2F92221-2B73-EA2C-C166-398C5B5E8EA2&sortorder=asc&column=section HTTP/1.1" 200 113795
217.182.175.120 - - [10/Jan/2025:02:15:14 +0100] "GET /ticket2/opencms/no/buy/?page=1&edid=B32E852F-2EA4-4937-1F1D-CCBCF4C81793 HTTP/1.1" 200 113099
65.21.113.194 - - [10/Jan/2025:02:15:16 +0100] "GET /ticket2/opencms/tr/buy?page=1&edid=9AF29D4D-BF71-6182-1EBD-FF49E6DA3ECE HTTP/1.1" 200 112559
217.182.175.120 - - [10/Jan/2025:02:15:17 +0100] "GET /ticket2/opencms/no/buy/?page=1&edid=B36BDAB4-5EB1-A013-C6F6-87527CDF5E2D HTTP/1.1" 200 112239
65.21.113.194 - - [10/Jan/2025:02:15:20 +0100] "GET /ticket2/opencms/tr/buy?page=1&edid=9CB65BAE-DCD8-2D95-397D-813CF31BA500 HTTP/1.1" 200 136388
217.182.175.120 - - [10/Jan/2025:02:15:21 +0100] "GET /ticket2/opencms/no/buy/?page=1&edid=B37AC691-C9A4-C565-F39D-9F0E1B23ADC0&sortorder=desc&column=row HTTP/1.1" 200 114918
54.36.148.23 - - [10/Jan/2025:02:15:22 +0100] "GET /ticket2/opencms/hr/buy?page=1&edid=5CF6EA2B-2B90-CEA1-959D-43D59F6F27D8 HTTP/1.1" 200 109683
202.8.40.190 - - [10/Jan/2025:02:15:23 +0100] "GET /ticket2/opencms/system/modules/com.gridnine.opencms.ticketbrokerage.site/resources/css/calendar.css HTTP/1.1" 200 6871
202.8.40.190 - - [10/Jan/2025:02:15:23 +0100] "GET /ticket2/opencms/system/modules/com.gridnine.opencms.ticketbrokerage.site/resources/css/jquery-ui.css HTTP/1.1" 200 33221
202.8.40.190 - - [10/Jan/2025:02:15:23 +0100] "GET /ticket2/opencms/system/modules/com.gridnine.opencms.ticketbrokerage.site/resources/js/jquery/jquery.js HTTP/1.1" 200 93868
202.8.40.190 - - [10/Jan/2025:02:15:23 +0100] "GET /ticket2/opencms/system/modules/com.gridnine.opencms.ticketbrokerage.site/resources/css/standard.css HTTP/1.1" 200 73081
202.8.40.190 - - [10/Jan/2025:02:15:23 +0100] "GET /ticket2/opencms/system/modules/com.gridnine.opencms.ticketbrokerage.site/resources/css/ticketbrokerage.css HTTP/1.1" 200 39339
202.8.40.190 - - [10/Jan/2025:02:15:23 +0100] "GET /ticket2/opencms/system/modules/com.gridnine.opencms.ticketbrokerage.site/resources/css/jquery.fancybox.css HTTP/1.1" 200 4939
202.8.40.190 - - [10/Jan/2025:02:15:23 +0100] "GET /ticket2/opencms/system/modules/com.gridnine.opencms.ticketbrokerage.site/resources/js/jquery/jquery-ui.js HTTP/1.1" 200 228088
202.8.40.190 - - [10/Jan/2025:02:15:23 +0100] "GET /ticket2/opencms/system/modules/com.gridnine.opencms.ticketbrokerage.site/resources/js/functions.js HTTP/1.1" 200 1583
202.8.40.190 - - [10/Jan/2025:02:15:23 +0100] "GET /ticket2/opencms/system/modules/com.gridnine.opencms.ticketbrokerage.site/resources/js/calendar-en.js HTTP/1.1" 200 3338
202.8.40.190 - - [10/Jan/2025:02:15:23 +0100] "GET /ticket2/opencms/system/modules/com.gridnine.opencms.ticketbrokerage.site/resources/js/calendar-setup.js HTTP/1.1" 200 4923
202.8.40.190 - - [10/Jan/2025:02:15:23 +0100] "GET /ticket2/opencms/system/modules/com.gridnine.opencms.ticketbrokerage.site/resources/js/calendar.js HTTP/1.1" 200 49229
202.8.40.190 - - [10/Jan/2025:02:15:23 +0100] "GET /ticket2/opencms/system/modules/com.gridnine.opencms.ticketbrokerage.site/resources/js/jquery.fancybox.pack.js HTTP/1.1" 200 23187
202.8.40.190 - - [10/Jan/2025:02:15:23 +0100] "GET /ticket2/opencms/system/modules/com.gridnine.opencms.ticketbrokerage.site/resources/js/stickyfill.min.js HTTP/1.1" 200 5672
202.8.40.190 - - [10/Jan/2025:02:15:23 +0100] "GET /ticket2/opencms/system/modules/com.gridnine.opencms.ticketbrokerage.site/resources/js/standard.js HTTP/1.1" 200 3978
202.8.40.190 - - [10/Jan/2025:02:15:24 +0100] "GET /ticket2/opencms/system/modules/com.gridnine.opencms.ticketbrokerage.site/resources/js/jquery.placeholder.min.js HTTP/1.1" 200 1737
202.8.40.190 - - [10/Jan/2025:02:15:24 +0100] "GET /ticket2/opencms/system/modules/com.gridnine.opencms.ticketbrokerage.site/resources/js/common-ajax.js HTTP/1.1" 200 20175
202.8.40.190 - - [10/Jan/2025:02:15:24 +0100] "GET /ticket2/opencms/hr/ask-form.html HTTP/1.1" 200 3156
202.8.40.190 - - [10/Jan/2025:02:15:24 +0100] "GET /ticket2/opencms/system/modules/com.gridnine.opencms.ticketbrokerage.site/resources/css/ticketbrokerage.css HTTP/1.1" 200 39339
217.182.175.120 - - [10/Jan/2025:02:15:24 +0100] "GET /ticket2/opencms/no/buy/?page=1&edid=B37AC691-C9A4-C565-F39D-9F0E1B23ADC0&sortorder=desc&column=section HTTP/1.1" 200 115286
52.167.144.221 - - [10/Jan/2025:02:15:25 +0100] "GET /ticket2/opencms/sr/login/?url=/sr/sell/ HTTP/1.1" 200 91744
65.21.113.194 - - [10/Jan/2025:02:15:25 +0100] "GET /ticket2/opencms/tr/buy?page=1&edid=A250B4B1-8EE0-FF45-8CB6-582F5F739AF9 HTTP/1.1" 200 137907
20.169.171.118 - - [10/Jan/2025:02:15:28 +0100] "GET /ticket2/opencms/system/modules/com.gridnine.opencms.ticketbrokerage.site/resources/pics/bank_6_american_express.png HTTP/1.1" 200 5570
217.182.175.120 - - [10/Jan/2025:02:15:28 +0100] "GET /ticket2/opencms/no/buy/?page=1&edid=B3A76077-0806-D5E8-3C26-FB5DC22C9C7C HTTP/1.1" 200 113166
216.244.66.238 - - [10/Jan/2025:02:15:29 +0100] "GET /ticket2/opencms/az/buy?page=1&edid=1AD4E11C-C792-1721-4D1A-2229101A30FD HTTP/1.1" 200 146559
65.21.113.194 - - [10/Jan/2025:02:15:30 +0100] "GET /ticket2/opencms/tr/buy?page=1&edid=A2A4078E-C8E8-C113-199B-69C1FEB231B0 HTTP/1.1" 200 137250
217.182.175.120 - - [10/Jan/2025:02:15:32 +0100] "GET /ticket2/opencms/no/buy/?page=1&edid=B3E34151-6539-ECA7-BBF6-044DE2786FAA HTTP/1.1" 200 112668
217.182.175.120 - - [10/Jan/2025:02:15:35 +0100] "GET /ticket2/opencms/no/buy/?page=1&edid=B3E810E8-D051-B949-4289-ACAD08512B5A HTTP/1.1" 200 111406
65.21.113.194 - - [10/Jan/2025:02:15:36 +0100] "GET /ticket2/opencms/tr/buy?page=1&edid=A9140ADD-E008-579D-7865-3C1E6B6E78F6 HTTP/1.1" 200 112401
217.182.175.120 - - [10/Jan/2025:02:15:39 +0100] "GET /ticket2/opencms/no/buy/?page=1&edid=B3E810E8-D051-B949-4289-ACAD08512B5A&sortorder=asc&column=row HTTP/1.1" 200 113163
40.77.167.224 - - [10/Jan/2025:02:15:39 +0100] "GET /ticket2/opencms/en/buy/?page=1&edid=F884FEFF-C45C-1CDF-A963-092F452C875D HTTP/1.1" 200 112630
47.128.37.122 - - [10/Jan/2025:02:15:39 +0100] "GET /ticket2/opencms/en/magazine/article?title=ruben-amorim-became-the-new-coach-of-manchester-united HTTP/1.1" 200 91817
65.21.113.194 - - [10/Jan/2025:02:15:40 +0100] "GET /ticket2/opencms/tr/buy?page=1&edid=B089B4B8-933D-AB70-BE65-2A133877E5AC HTTP/1.1" 200 137821
66.249.89.66 - - [10/Jan/2025:02:15:42 +0100] "GET /ticket2/opencms/sv/tickets/milan/inter.html HTTP/1.1" 200 93807
217.182.175.120 - - [10/Jan/2025:02:15:42 +0100] "GET /ticket2/opencms/no/buy/?page=1&edid=B44FDB64-52B9-2FED-89FD-31A7E0881296 HTTP/1.1" 200 112340
85.208.96.194 - - [10/Jan/2025:02:15:43 +0100] "GET /ticket2/opencms/fr/sport/billets-football/serie_a/torino/ HTTP/1.1" 200 96772
65.21.113.194 - - [10/Jan/2025:02:15:45 +0100] "GET /ticket2/opencms/tr/buy?page=1&edid=B7C31852-4938-05B8-A23C-0248E7A3D5BA HTTP/1.1" 200 134896
216.244.66.238 - - [10/Jan/2025:02:15:46 +0100] "GET /ticket2/opencms/az/buy?page=1&edid=6AEAF6C2-C57A-0447-5B0A-20959D8DCFDD HTTP/1.1" 200 113331
217.182.175.120 - - [10/Jan/2025:02:15:46 +0100] "GET /ticket2/opencms/no/buy/?page=1&edid=B44FDB64-52B9-2FED-89FD-31A7E0881296&sortorder=asc&column=price HTTP/1.1" 200 114229
217.182.175.120 - - [10/Jan/2025:02:15:50 +0100] "GET /ticket2/opencms/no/buy/?page=1&edid=B459D4AC-6CA8-D8BF-73CF-7E8267472403 HTTP/1.1" 200 112978
40.77.167.2 - - [10/Jan/2025:02:15:50 +0100] "GET /ticket2/opencms/mt/buy?comcatid=97ECA65A-72DA-F9AF-9DBB-245D3CFED1BE&catid=55D1256D-BDD9-CBA3-47A3-0A252F702555 HTTP/1.1" 200 6410
65.21.113.194 - - [10/Jan/2025:02:15:50 +0100] "GET /ticket2/opencms/tr/buy?page=1&edid=B8EF6180-227A-800A-63E5-9809623FC791 HTTP/1.1" 200 128757
217.182.175.120 - - [10/Jan/2025:02:15:54 +0100] "GET /ticket2/opencms/no/buy/?page=1&edid=B45E1AD2-1369-CFCC-BA36-8169D6C56034&sortorder=desc&column=row HTTP/1.1" 200 114757
65.21.113.194 - - [10/Jan/2025:02:15:55 +0100] "GET /ticket2/opencms/tr/buy?page=1&edid=B922C762-2087-3C97-2B1F-F0A83EAFF02E HTTP/1.1" 200 109483
217.182.175.120 - - [10/Jan/2025:02:15:58 +0100] "GET /ticket2/opencms/no/buy/?page=1&edid=B49CE6E5-EC60-73D6-9A52-E6FBCFDB807B HTTP/1.1" 200 111465
216.244.66.238 - - [10/Jan/2025:02:15:59 +0100] "GET /ticket2/opencms/az/buy?page=1&edid=A492339E-0658-D77B-570A-6146F24F8C0A HTTP/1.1" 200 112895
157.55.39.51 - - [10/Jan/2025:02:15:59 +0100] "GET /ticket2/opencms/ga/selling_tickets/ HTTP/1.1" 500 -
65.21.113.194 - - [10/Jan/2025:02:15:59 +0100] "GET /ticket2/opencms/tr/buy?page=1&edid=B9A56D83-AD94-045F-A8C5-86B02F52A7C5 HTTP/1.1" 200 146498
217.182.175.120 - - [10/Jan/2025:02:16:01 +0100] "GET /ticket2/opencms/no/buy/?page=1&edid=B49CE6E5-EC60-73D6-9A52-E6FBCFDB807B&sortorder=asc&column=price HTTP/1.1" 200 113417
47.128.40.58 - - [10/Jan/2025:02:16:03 +0100] "GET /ticket2/opencms/no/buy?edid=3332FDE7-1F4A-7217-A205-4DAC5ABE8927 HTTP/1.1" 200 92085
65.21.113.194 - - [10/Jan/2025:02:16:04 +0100] "GET /ticket2/opencms/tr/buy?page=1&edid=BFAFDC2C-908C-DD1E-38F3-2E405A281188 HTTP/1.1" 200 136907
217.182.175.120 - - [10/Jan/2025:02:16:05 +0100] "GET /ticket2/opencms/no/buy/?page=1&edid=B49CE6E5-EC60-73D6-9A52-E6FBCFDB807B&sortorder=asc&column=row HTTP/1.1" 200 113314
114.119.131.180 - - [10/Jan/2025:02:16:08 +0100] "GET /ticket2/opencms/en/buy/?page=1&edid=00BF24A8-B574-FBFD-89A8-C3542359D5CF HTTP/1.1" 200 110316
217.182.175.120 - - [10/Jan/2025:02:16:09 +0100] "GET /ticket2/opencms/no/buy/?page=1&edid=B49CE6E5-EC60-73D6-9A52-E6FBCFDB807B&sortorder=desc&column=price HTTP/1.1" 200 113480
65.21.113.194 - - [10/Jan/2025:02:16:10 +0100] "GET /ticket2/opencms/tr/buy?page=1&edid=C28B3B84-6A6E-6FCB-67EF-1F8424FD799A HTTP/1.1" 200 125344
217.182.175.120 - - [10/Jan/2025:02:16:12 +0100] "GET /ticket2/opencms/no/buy/?page=1&edid=B4B50CF0-8C5D-1A46-52F2-F3255FE168CB&sortorder=asc&column=row HTTP/1.1" 200 110302
85.208.96.205 - - [10/Jan/2025:02:16:13 +0100] "GET /ticket2/opencms/hu/magazine/article?title=bajnokok-ligaja-jegyek-a-ticket2-n HTTP/1.1" 200 97792
65.21.113.194 - - [10/Jan/2025:02:16:15 +0100] "GET /ticket2/opencms/tr/buy?page=1&edid=C2E0FED9-872C-CDB5-EA69-F93F12F9C91F HTTP/1.1" 200 125520
217.182.175.120 - - [10/Jan/2025:02:16:16 +0100] "GET /ticket2/opencms/no/buy/?page=1&edid=B5623DFB-25E0-3C80-8A8E-0F5AAB65E80D&sortorder=desc&column=section HTTP/1.1" 200 113318
54.36.148.162 - - [10/Jan/2025:02:16:18 +0100] "GET /ticket2/opencms/uk/buy?page=1&edid=5CF6EA2B-2B90-CEA1-959D-43D59F6F27D8 HTTP/1.1" 200 112035
202.8.40.235 - - [10/Jan/2025:02:16:19 +0100] "GET /ticket2/opencms/system/modules/com.gridnine.opencms.ticketbrokerage.site/resources/css/jquery.fancybox.css HTTP/1.1" 200 4939
202.8.40.235 - - [10/Jan/2025:02:16:19 +0100] "GET /ticket2/opencms/system/modules/com.gridnine.opencms.ticketbrokerage.site/resources/css/jquery-ui.css HTTP/1.1" 200 33221
202.8.40.235 - - [10/Jan/2025:02:16:19 +0100] "GET /ticket2/opencms/system/modules/com.gridnine.opencms.ticketbrokerage.site/resources/css/ticketbrokerage.css HTTP/1.1" 200 39339
202.8.40.235 - - [10/Jan/2025:02:16:19 +0100] "GET /ticket2/opencms/system/modules/com.gridnine.opencms.ticketbrokerage.site/resources/css/standard.css HTTP/1.1" 200 73081
202.8.40.235 - - [10/Jan/2025:02:16:19 +0100] "GET /ticket2/opencms/system/modules/com.gridnine.opencms.ticketbrokerage.site/resources/css/calendar.css HTTP/1.1" 200 6871
202.8.40.235 - - [10/Jan/2025:02:16:19 +0100] "GET /ticket2/opencms/system/modules/com.gridnine.opencms.ticketbrokerage.site/resources/js/functions.js HTTP/1.1" 200 1583
202.8.40.235 - - [10/Jan/2025:02:16:19 +0100] "GET /ticket2/opencms/system/modules/com.gridnine.opencms.ticketbrokerage.site/resources/js/jquery/jquery-ui.js HTTP/1.1" 200 228088
202.8.40.235 - - [10/Jan/2025:02:16:19 +0100] "GET /ticket2/opencms/system/modules/com.gridnine.opencms.ticketbrokerage.site/resources/js/calendar-en.js HTTP/1.1" 200 3338
202.8.40.235 - - [10/Jan/2025:02:16:19 +0100] "GET /ticket2/opencms/system/modules/com.gridnine.opencms.ticketbrokerage.site/resources/js/jquery/jquery.js HTTP/1.1" 200 93868
202.8.40.235 - - [10/Jan/2025:02:16:19 +0100] "GET /ticket2/opencms/system/modules/com.gridnine.opencms.ticketbrokerage.site/resources/js/calendar.js HTTP/1.1" 200 49229
202.8.40.235 - - [10/Jan/2025:02:16:19 +0100] "GET /ticket2/opencms/system/modules/com.gridnine.opencms.ticketbrokerage.site/resources/js/calendar-setup.js HTTP/1.1" 200 4923
202.8.40.235 - - [10/Jan/2025:02:16:19 +0100] "GET /ticket2/opencms/system/modules/com.gridnine.opencms.ticketbrokerage.site/resources/js/jquery.fancybox.pack.js HTTP/1.1" 200 23187
202.8.40.235 - - [10/Jan/2025:02:16:19 +0100] "GET /ticket2/opencms/system/modules/com.gridnine.opencms.ticketbrokerage.site/resources/js/stickyfill.min.js HTTP/1.1" 200 5672
202.8.40.235 - - [10/Jan/2025:02:16:19 +0100] "GET /ticket2/opencms/system/modules/com.gridnine.opencms.ticketbrokerage.site/resources/js/standard.js HTTP/1.1" 200 3978
202.8.40.235 - - [10/Jan/2025:02:16:20 +0100] "GET /ticket2/opencms/system/modules/com.gridnine.opencms.ticketbrokerage.site/resources/js/jquery.placeholder.min.js HTTP/1.1" 200 1737
202.8.40.235 - - [10/Jan/2025:02:16:20 +0100] "GET /ticket2/opencms/system/modules/com.gridnine.opencms.ticketbrokerage.site/resources/js/common-ajax.js HTTP/1.1" 200 20175
202.8.40.235 - - [10/Jan/2025:02:16:20 +0100] "GET /ticket2/opencms/uk/ask-form.html HTTP/1.1" 200 3156
202.8.40.235 - - [10/Jan/2025:02:16:20 +0100] "GET /ticket2/opencms/uk/ask-form.html HTTP/1.1" 200 3156
65.21.113.194 - - [10/Jan/2025:02:16:20 +0100] "GET /ticket2/opencms/tr/buy?page=1&edid=C64002B7-B7A3-A646-1770-7E79C914EDA5 HTTP/1.1" 200 136772
202.8.40.235 - - [10/Jan/2025:02:16:20 +0100] "GET /ticket2/opencms/system/modules/com.gridnine.opencms.ticketbrokerage.site/resources/css/ticketbrokerage.css HTTP/1.1" 200 39339
217.182.175.120 - - [10/Jan/2025:02:16:20 +0100] "GET /ticket2/opencms/no/buy/?page=1&edid=B583A336-FF8A-4A69-7F8D-3295D9EDD852&sortorder=desc&column=price HTTP/1.1" 200 113724
40.77.167.2 - - [10/Jan/2025:02:16:21 +0100] "GET /ticket2/opencms/el/buy?page=1&edid=459129C1-A0F8-2D8B-54E1-F5067FEFFAF4 HTTP/1.1" 200 137190
217.182.175.120 - - [10/Jan/2025:02:16:24 +0100] "GET /ticket2/opencms/no/buy/?page=1&edid=B583A336-FF8A-4A69-7F8D-3295D9EDD852&sortorder=desc&column=row HTTP/1.1" 200 113652
65.21.113.194 - - [10/Jan/2025:02:16:24 +0100] "GET /ticket2/opencms/tr/buy?page=1&edid=C781C90E-2A4A-BE38-23EB-6039DE2F5FA8 HTTP/1.1" 200 136989
114.119.130.91 - - [10/Jan/2025:02:16:26 +0100] "GET /ticket2/opencms/en/venue/?venueid=D7CC1908-9B64-88E2-CBC1-94080245C38F HTTP/1.1" 200 85017
217.182.175.120 - - [10/Jan/2025:02:16:28 +0100] "GET /ticket2/opencms/no/buy/?page=1&edid=B59A72B6-E031-5568-9B9A-94FDDE3CF17D HTTP/1.1" 200 111799
65.21.113.194 - - [10/Jan/2025:02:16:28 +0100] "GET /ticket2/opencms/tr/buy?page=1&edid=C8463748-B145-33AD-CEE6-A9DF95CEBC4A HTTP/1.1" 200 123340
217.182.175.120 - - [10/Jan/2025:02:16:32 +0100] "GET /ticket2/opencms/no/buy/?page=1&edid=B59A72B6-E031-5568-9B9A-94FDDE3CF17D&sortorder=desc&column=price HTTP/1.1" 200 113715
65.21.113.194 - - [10/Jan/2025:02:16:33 +0100] "GET /ticket2/opencms/tr/buy?page=1&edid=C9919F63-312E-C4DF-29D6-DA1CE80EC9A2 HTTP/1.1" 200 128716
77.249.204.64 - - [10/Jan/2025:02:16:36 +0100] "GET /ticket2/opencms/nl/buy/?page=1&edid=1851EA6A-7866-6C52-4263-96E93DBF3701&hlv=62e44cfd-86e8-4165-bb1b-4d750a01000f HTTP/1.1" 200 113199
217.182.175.120 - - [10/Jan/2025:02:16:36 +0100] "GET /ticket2/opencms/no/buy/?page=1&edid=B59A72B6-E031-5568-9B9A-94FDDE3CF17D&sortorder=desc&column=row HTTP/1.1" 200 113602
77.249.204.64 - - [10/Jan/2025:02:16:36 +0100] "GET /ticket2/opencms/img/icons/ticket2.thumbnail.png HTTP/1.1" 200 21519
85.208.96.208 - - [10/Jan/2025:02:16:36 +0100] "GET /ticket2/opencms/ka/about/press/ HTTP/1.1" 200 90516
65.21.113.194 - - [10/Jan/2025:02:16:38 +0100] "GET /ticket2/opencms/tr/buy?page=1&edid=CC748805-AA77-5D07-7352-96CD97D4F5AC HTTP/1.1" 200 138575
114.119.132.9 - - [10/Jan/2025:02:16:38 +0100] "GET /ticket2/opencms/en/venue/?venueid=8C3A154B-2F7E-FD19-F863-0D39CE53C467 HTTP/1.1" 200 84981
217.182.175.120 - - [10/Jan/2025:02:16:40 +0100] "GET /ticket2/opencms/no/buy/?page=1&edid=B59A72B6-E031-5568-9B9A-94FDDE3CF17D&sortorder=desc&column=section HTTP/1.1" 200 113915
65.21.113.194 - - [10/Jan/2025:02:16:42 +0100] "GET /ticket2/opencms/tr/buy?page=1&edid=D4F26649-49E7-D9AD-008F-6A1EF16B5F3C HTTP/1.1" 200 128795
217.182.175.120 - - [10/Jan/2025:02:16:44 +0100] "GET /ticket2/opencms/no/buy/?page=1&edid=B5ABE807-6A17-5199-1104-0EC23F805497 HTTP/1.1" 200 109154
65.21.113.194 - - [10/Jan/2025:02:16:46 +0100] "GET /ticket2/opencms/tr/buy?page=1&edid=D771BB60-0217-E0E2-A4A8-756428AAA5D6 HTTP/1.1" 200 113253
217.182.175.120 - - [10/Jan/2025:02:16:48 +0100] "GET /ticket2/opencms/no/buy/?page=1&edid=B5ABE807-6A17-5199-1104-0EC23F805497&sortorder=desc&column=section HTTP/1.1" 200 111306
47.128.23.64 - - [10/Jan/2025:02:16:48 +0100] "GET /ticket2/opencms/sr/buy?edid=CCC52869-7D07-37D3-E716-0EF1AC21BCE4 HTTP/1.1" 200 92989
65.21.113.194 - - [10/Jan/2025:02:16:51 +0100] "GET /ticket2/opencms/tr/buy?page=1&edid=D96122AD-C3AA-80F5-DDA8-935E03AE952D HTTP/1.1" 200 136250
217.182.175.120 - - [10/Jan/2025:02:16:51 +0100] "GET /ticket2/opencms/no/buy/?page=1&edid=B5E1DBCF-60C9-6B74-2BC5-D9DD921875AF HTTP/1.1" 200 109147
47.128.23.64 - - [10/Jan/2025:02:16:52 +0100] "GET /ticket2/opencms/img/icons/it.png HTTP/1.1" 200 2040
47.128.23.64 - - [10/Jan/2025:02:16:52 +0100] "GET /ticket2/opencms/img/icons/bg.png HTTP/1.1" 200 788
47.128.23.64 - - [10/Jan/2025:02:16:52 +0100] "GET /ticket2/opencms/img/icons/hr.png HTTP/1.1" 200 2024
217.182.175.120 - - [10/Jan/2025:02:16:55 +0100] "GET /ticket2/opencms/no/buy/?page=1&edid=B5E1DBCF-60C9-6B74-2BC5-D9DD921875AF&sortorder=asc&column=price HTTP/1.1" 200 111127
65.21.113.194 - - [10/Jan/2025:02:16:57 +0100] "GET /ticket2/opencms/tr/buy?page=1&edid=DCF22239-47F2-2282-C13B-85FCE1D7C913 HTTP/1.1" 200 137718
217.182.175.120 - - [10/Jan/2025:02:16:59 +0100] "GET /ticket2/opencms/no/buy/?page=1&edid=B5E212FA-75B2-874E-9151-2C0F6C91543F HTTP/1.1" 200 111545
207.46.13.14 - - [10/Jan/2025:02:17:01 +0100] "GET /ticket2/opencms/lv/buy?page=1&edid=72DAABB5-5728-E783-69FF-77938E46CA8B HTTP/1.1" 200 119278
40.77.167.48 - - [10/Jan/2025:02:17:01 +0100] "GET /ticket2/opencms/sq/buy?page=1&edid=E1CACBEB-5FB5-F359-D95F-1110648BB53A HTTP/1.1" 200 137744
207.46.13.14 - - [10/Jan/2025:02:17:02 +0100] "GET /ticket2/opencms/lt/buy?page=1&edid=B386D539-2AE4-5E25-8B69-DC3E34789331 HTTP/1.1" 200 112384
217.182.175.120 - - [10/Jan/2025:02:17:03 +0100] "GET /ticket2/opencms/no/buy/?page=1&edid=B5E212FA-75B2-874E-9151-2C0F6C91543F&sortorder=desc&column=price HTTP/1.1" 200 113508
207.46.13.14 - - [10/Jan/2025:02:17:04 +0100] "GET /ticket2/opencms/uk/?page=6&comcatid=A17713B6-D984-201A-4143-ED4DB5ED5C2E&catid=82F804FA-9F69-CB6B-D41D-7BF7C716058B HTTP/1.1" 200 101611
65.21.113.194 - - [10/Jan/2025:02:17:05 +0100] "GET /ticket2/opencms/tr/buy?page=1&edid=DD14CC82-883B-BD06-4306-EBD494AA1804 HTTP/1.1" 200 137587
217.182.175.120 - - [10/Jan/2025:02:17:07 +0100] "GET /ticket2/opencms/no/buy/?page=1&edid=B5E212FA-75B2-874E-9151-2C0F6C91543F&sortorder=desc&column=row HTTP/1.1" 200 113370
40.77.167.2 - - [10/Jan/2025:02:17:10 +0100] "GET /ticket2/opencms/el/buy?page=6&comcatid=A17713B6-D984-201A-4143-ED4DB5ED5C2E&catid=D8B345C9-F7A5-E620-4B43-C34EB0D6885B&eventid=5FF016E6-EE6E-EC4B-33C6-3CE328714E1F HTTP/1.1" 200 6410
66.249.64.130 - - [10/Jan/2025:02:17:10 +0100] "GET /ticket2/opencms/sq/buy?page=1&edid=CE2E4A33-839E-736A-3B23-AEE8CBBE24E5&hlv=66d04978-3f60-49ec-9b03-05660a01000f HTTP/1.1" 200 116100
217.182.175.120 - - [10/Jan/2025:02:17:11 +0100] "GET /ticket2/opencms/no/buy/?page=1&edid=B6050510-A7B0-D4AA-D6C4-46512FF856F1 HTTP/1.1" 200 111706
65.21.113.194 - - [10/Jan/2025:02:17:11 +0100] "GET /ticket2/opencms/robots.txt HTTP/1.1" 200 773
65.21.113.194 - - [10/Jan/2025:02:17:11 +0100] "GET /ticket2/opencms/tr/buy?page=1&edid=DE6EAF1E-F0E3-BCEF-6FE9-789554B2D96C HTTP/1.1" 200 125383
217.182.175.120 - - [10/Jan/2025:02:17:14 +0100] "GET /ticket2/opencms/no/buy/?page=1&edid=B6050510-A7B0-D4AA-D6C4-46512FF856F1&sortorder=asc&column=row HTTP/1.1" 200 113579
65.21.113.194 - - [10/Jan/2025:02:17:18 +0100] "GET /ticket2/opencms/tr/buy?page=1&edid=E0AF4582-F291-60D7-7793-C6DEB6EAEA8A HTTP/1.1" 200 142332
217.182.175.120 - - [10/Jan/2025:02:17:18 +0100] "GET /ticket2/opencms/no/buy/?page=1&edid=B6050510-A7B0-D4AA-D6C4-46512FF856F1&sortorder=asc&column=section HTTP/1.1" 200 113854
85.208.96.200 - - [10/Jan/2025:02:17:21 +0100] "GET /ticket2/opencms/tr/magazine/article?title=joao-palhinha-bayern-munchene-katiliyor-allianz-arenaya-yeni-bir-orta-saha-gucu-geliyor HTTP/1.1" 200 96349
217.182.175.120 - - [10/Jan/2025:02:17:22 +0100] "GET /ticket2/opencms/no/buy/?page=1&edid=B6212AD0-3917-4B87-D77E-0A47DAD0A500 HTTP/1.1" 200 109228
54.36.148.212 - - [10/Jan/2025:02:17:22 +0100] "GET /ticket2/opencms/bg/buy?page=1&edid=5CF6EA2B-2B90-CEA1-959D-43D59F6F27D8 HTTP/1.1" 200 112096
202.8.41.201 - - [10/Jan/2025:02:17:23 +0100] "GET /ticket2/opencms/system/modules/com.gridnine.opencms.ticketbrokerage.site/resources/css/calendar.css HTTP/1.1" 200 6871
202.8.41.201 - - [10/Jan/2025:02:17:23 +0100] "GET /ticket2/opencms/system/modules/com.gridnine.opencms.ticketbrokerage.site/resources/css/jquery.fancybox.css HTTP/1.1" 200 4939
202.8.41.201 - - [10/Jan/2025:02:17:23 +0100] "GET /ticket2/opencms/system/modules/com.gridnine.opencms.ticketbrokerage.site/resources/css/jquery-ui.css HTTP/1.1" 200 33221
202.8.41.201 - - [10/Jan/2025:02:17:23 +0100] "GET /ticket2/opencms/system/modules/com.gridnine.opencms.ticketbrokerage.site/resources/css/ticketbrokerage.css HTTP/1.1" 200 39339
202.8.41.201 - - [10/Jan/2025:02:17:23 +0100] "GET /ticket2/opencms/system/modules/com.gridnine.opencms.ticketbrokerage.site/resources/css/standard.css HTTP/1.1" 200 73081
202.8.41.201 - - [10/Jan/2025:02:17:23 +0100] "GET /ticket2/opencms/system/modules/com.gridnine.opencms.ticketbrokerage.site/resources/js/calendar-en.js HTTP/1.1" 200 3338
202.8.41.201 - - [10/Jan/2025:02:17:23 +0100] "GET /ticket2/opencms/system/modules/com.gridnine.opencms.ticketbrokerage.site/resources/js/functions.js HTTP/1.1" 200 1583
202.8.41.201 - - [10/Jan/2025:02:17:23 +0100] "GET /ticket2/opencms/system/modules/com.gridnine.opencms.ticketbrokerage.site/resources/js/jquery/jquery-ui.js HTTP/1.1" 200 228088
202.8.41.201 - - [10/Jan/2025:02:17:23 +0100] "GET /ticket2/opencms/system/modules/com.gridnine.opencms.ticketbrokerage.site/resources/js/calendar.js HTTP/1.1" 200 49229
202.8.41.201 - - [10/Jan/2025:02:17:23 +0100] "GET /ticket2/opencms/system/modules/com.gridnine.opencms.ticketbrokerage.site/resources/js/jquery/jquery.js HTTP/1.1" 200 93868
202.8.41.201 - - [10/Jan/2025:02:17:23 +0100] "GET /ticket2/opencms/system/modules/com.gridnine.opencms.ticketbrokerage.site/resources/js/calendar-setup.js HTTP/1.1" 200 4923
202.8.41.201 - - [10/Jan/2025:02:17:23 +0100] "GET /ticket2/opencms/system/modules/com.gridnine.opencms.ticketbrokerage.site/resources/js/jquery.fancybox.pack.js HTTP/1.1" 200 23187
202.8.41.201 - - [10/Jan/2025:02:17:23 +0100] "GET /ticket2/opencms/system/modules/com.gridnine.opencms.ticketbrokerage.site/resources/js/stickyfill.min.js HTTP/1.1" 200 5672
202.8.41.201 - - [10/Jan/2025:02:17:23 +0100] "GET /ticket2/opencms/system/modules/com.gridnine.opencms.ticketbrokerage.site/resources/js/standard.js HTTP/1.1" 200 3978
202.8.41.201 - - [10/Jan/2025:02:17:23 +0100] "GET /ticket2/opencms/system/modules/com.gridnine.opencms.ticketbrokerage.site/resources/js/jquery.placeholder.min.js HTTP/1.1" 200 1737
202.8.41.201 - - [10/Jan/2025:02:17:24 +0100] "GET /ticket2/opencms/system/modules/com.gridnine.opencms.ticketbrokerage.site/resources/js/common-ajax.js HTTP/1.1" 200 20175
202.8.41.201 - - [10/Jan/2025:02:17:24 +0100] "GET /ticket2/opencms/bg/ask-form.html HTTP/1.1" 200 3156
202.8.41.201 - - [10/Jan/2025:02:17:24 +0100] "GET /ticket2/opencms/bg/ask-form.html HTTP/1.1" 200 3156
202.8.41.201 - - [10/Jan/2025:02:17:24 +0100] "GET /ticket2/opencms/system/modules/com.gridnine.opencms.ticketbrokerage.site/resources/css/ticketbrokerage.css HTTP/1.1" 200 39339
47.128.17.116 - - [10/Jan/2025:02:17:24 +0100] "GET /ticket2/opencms/sk/magazine/article?title=lionel-messiho-posledna-sezona HTTP/1.1" 200 94366
217.182.175.120 - - [10/Jan/2025:02:17:26 +0100] "GET /ticket2/opencms/no/buy/?page=1&edid=BB786D37-9A63-734D-1EB8-BE43F552023D&sortorder=desc&column=price HTTP/1.1" 200 115056
65.21.113.194 - - [10/Jan/2025:02:17:29 +0100] "GET /ticket2/opencms/tr/buy?page=1&edid=E1CACBEB-5FB5-F359-D95F-1110648BB53A HTTP/1.1" 200 137567
217.182.175.120 - - [10/Jan/2025:02:17:29 +0100] "GET /ticket2/opencms/no/buy/?page=1&edid=D721686E-9356-C54A-6337-70B052F2F74D&sortorder=desc&column=price HTTP/1.1" 200 113297
47.128.17.116 - - [10/Jan/2025:02:17:30 +0100] "GET /ticket2/opencms/img/icons/sr.png HTTP/1.1" 200 1602
20.169.171.118 - - [10/Jan/2025:02:17:31 +0100] "GET /ticket2/opencms/venue/berlin_olympic_stadium.png HTTP/1.1" 200 26738
66.249.64.131 - - [10/Jan/2025:02:17:32 +0100] "GET /ticket2/opencms/sk/buy/?page=1&edid=463B85F1-158C-B9D0-587B-5FBBABC2ECA2 HTTP/1.1" 200 136767
207.46.13.31 - - [10/Jan/2025:02:17:32 +0100] "GET /ticket2/opencms/mo/magazine/article?title=dejan-kulusevski HTTP/1.1" 200 91648
217.182.175.120 - - [10/Jan/2025:02:17:33 +0100] "GET /ticket2/opencms/no/buy/?page=1&edid=D73C11B6-1BC4-AF6A-4EE3-E5BD19F0898C HTTP/1.1" 200 112518
47.128.42.56 - - [10/Jan/2025:02:17:35 +0100] "GET /ticket2/opencms/dk/ HTTP/1.1" 200 99838
65.21.113.194 - - [10/Jan/2025:02:17:36 +0100] "GET /ticket2/opencms/tr/buy?page=1&edid=E289F96B-BF69-A88E-30C1-E3CA6BC29D6C HTTP/1.1" 200 125506
217.182.175.120 - - [10/Jan/2025:02:17:37 +0100] "GET /ticket2/opencms/no/buy/?page=1&edid=D77508F6-9331-A006-851B-5A867CA79BF7&sortorder=desc&column=price HTTP/1.1" 200 114342
40.77.167.30 - - [10/Jan/2025:02:17:37 +0100] "GET /ticket2/opencms/et/buy?page=1&edid=26CAA958-B6BA-D23A-1B8B-37DC92B2B0BD HTTP/1.1" 200 113060
85.208.96.209 - - [10/Jan/2025:02:17:39 +0100] "GET /ticket2/opencms/sl/magazine/article?title=crystal-palace-najboljsi-navijaci-premier-lige HTTP/1.1" 200 93693
217.182.175.120 - - [10/Jan/2025:02:17:41 +0100] "GET /ticket2/opencms/no/buy/?page=1&edid=DA497348-8727-26A8-D498-018E3982EDBC HTTP/1.1" 200 112845
20.169.171.118 - - [10/Jan/2025:02:17:41 +0100] "GET /ticket2/opencms/system/modules/com.gridnine.opencms.ticketbrokerage.site/resources/pics/banners/arsenal.png HTTP/1.1" 200 13545
65.21.113.194 - - [10/Jan/2025:02:17:43 +0100] "GET /ticket2/opencms/tr/buy?page=1&edid=E53C8E7A-C1C8-80DF-ED27-96FEFF6B5147 HTTP/1.1" 200 136500
47.128.52.93 - - [10/Jan/2025:02:17:44 +0100] "GET /ticket2/opencms/de/robots.txt HTTP/1.1" 404 -
207.46.13.14 - - [10/Jan/2025:02:17:44 +0100] "GET /ticket2/opencms/en/buy/?page=1&edid=820E820B-37CC-F66B-02F7-31FA2470012D HTTP/1.1" 200 111189
217.182.175.120 - - [10/Jan/2025:02:17:45 +0100] "GET /ticket2/opencms/no/buy/?page=1&edid=DA9C4A89-BD59-5860-6E54-5F7B1109ABBF HTTP/1.1" 200 112220
65.21.113.194 - - [10/Jan/2025:02:17:48 +0100] "GET /ticket2/opencms/tr/buy?page=1&edid=E66B1558-C5A6-CDDD-B7DD-6060381B0F38 HTTP/1.1" 200 123179
66.249.64.130 - - [10/Jan/2025:02:17:48 +0100] "GET /ticket2/opencms/sv/buy?page=1&edid=78AF1C5E-F8EA-2E8D-DBE6-BF38D5E9E2D9 HTTP/1.1" 200 111855
217.182.175.120 - - [10/Jan/2025:02:17:49 +0100] "GET /ticket2/opencms/no/buy/?page=1&edid=DA9C4A89-BD59-5860-6E54-5F7B1109ABBF&sortorder=desc&column=price HTTP/1.1" 200 114249
40.77.167.2 - - [10/Jan/2025:02:17:51 +0100] "GET /ticket2/opencms/cs/buy?page=1&edid=D720E039-4A9E-CF3F-A8B6-CE592EC53EAE HTTP/1.1" 200 113194
65.21.113.194 - - [10/Jan/2025:02:17:53 +0100] "GET /ticket2/opencms/tr/buy?page=1&edid=E78BA40C-2406-9134-FABA-A11F16887BBA HTTP/1.1" 200 111094
217.182.175.120 - - [10/Jan/2025:02:17:53 +0100] "GET /ticket2/opencms/no/buy/?page=1&edid=DA9C4A89-BD59-5860-6E54-5F7B1109ABBF&sortorder=desc&column=row HTTP/1.1" 200 114047
185.191.171.19 - - [10/Jan/2025:02:17:55 +0100] "GET /ticket2/opencms/mt/magazine/article?title=semifinali-franza-vs-spanja HTTP/1.1" 200 95180
217.182.175.120 - - [10/Jan/2025:02:17:57 +0100] "GET /ticket2/opencms/no/buy/?page=1&edid=DAAE01DD-AEC2-AF3C-F667-C3DD2DC0B098 HTTP/1.1" 200 112387
65.21.113.194 - - [10/Jan/2025:02:17:59 +0100] "GET /ticket2/opencms/tr/buy?page=1&edid=E9DB3A42-82BF-9B65-3ED4-EE5A32871388 HTTP/1.1" 200 134655
85.208.96.198 - - [10/Jan/2025:02:18:00 +0100] "GET /ticket2/opencms/sr/affiliateprogram.html HTTP/1.1" 200 87518
217.182.175.120 - - [10/Jan/2025:02:18:00 +0100] "GET /ticket2/opencms/no/buy/?page=1&edid=DAAE01DD-AEC2-AF3C-F667-C3DD2DC0B098&sortorder=desc&column=row HTTP/1.1" 200 114186
217.182.175.120 - - [10/Jan/2025:02:18:04 +0100] "GET /ticket2/opencms/no/buy/?page=1&edid=DAAE01DD-AEC2-AF3C-F667-C3DD2DC0B098&sortorder=desc&column=section HTTP/1.1" 200 114392
217.182.175.120 - - [10/Jan/2025:02:18:08 +0100] "GET /ticket2/opencms/no/buy/?page=1&edid=DAB0CF77-5AA1-9D7C-95C2-E53E9FBADCFF&sortorder=desc&column=row HTTP/1.1" 200 111120
217.182.175.120 - - [10/Jan/2025:02:18:12 +0100] "GET /ticket2/opencms/no/buy/?page=1&edid=E0FF39C3-181C-EDEC-0EFB-D8D41D058E59&sortorder=asc&column=price HTTP/1.1" 200 114308
65.21.113.194 - - [10/Jan/2025:02:18:12 +0100] "GET /ticket2/opencms/tr/buy?page=1&edid=EC2BC309-3510-AA04-CA0C-F3088D5C1D31 HTTP/1.1" 200 125543
217.182.175.120 - - [10/Jan/2025:02:18:16 +0100] "GET /ticket2/opencms/no/buy/?page=1&edid=E0FF39C3-181C-EDEC-0EFB-D8D41D058E59&sortorder=asc&column=row HTTP/1.1" 200 114220
54.36.148.246 - - [10/Jan/2025:02:18:18 +0100] "GET /ticket2/opencms/sr/buy?page=1&edid=5CF6EA2B-2B90-CEA1-959D-43D59F6F27D8 HTTP/1.1" 200 110206
185.191.171.8 - - [10/Jan/2025:02:18:18 +0100] "GET /ticket2/opencms/sv/magazine/article?title=maximilian-ibrahimovic-skriver-pa-for-ac-milans-andra-lag HTTP/1.1" 200 94913
217.182.175.120 - - [10/Jan/2025:02:18:20 +0100] "GET /ticket2/opencms/no/buy/?page=1&edid=E0FF39C3-181C-EDEC-0EFB-D8D41D058E59&sortorder=desc&column=price HTTP/1.1" 200 114369
202.8.42.6 - - [10/Jan/2025:02:18:20 +0100] "GET /ticket2/opencms/system/modules/com.gridnine.opencms.ticketbrokerage.site/resources/css/jquery.fancybox.css HTTP/1.1" 200 4939
202.8.42.6 - - [10/Jan/2025:02:18:20 +0100] "GET /ticket2/opencms/system/modules/com.gridnine.opencms.ticketbrokerage.site/resources/css/jquery-ui.css HTTP/1.1" 200 33221
202.8.42.6 - - [10/Jan/2025:02:18:20 +0100] "GET /ticket2/opencms/system/modules/com.gridnine.opencms.ticketbrokerage.site/resources/css/calendar.css HTTP/1.1" 200 6871
202.8.42.6 - - [10/Jan/2025:02:18:20 +0100] "GET /ticket2/opencms/system/modules/com.gridnine.opencms.ticketbrokerage.site/resources/css/standard.css HTTP/1.1" 200 73081
202.8.42.6 - - [10/Jan/2025:02:18:20 +0100] "GET /ticket2/opencms/system/modules/com.gridnine.opencms.ticketbrokerage.site/resources/css/ticketbrokerage.css HTTP/1.1" 200 39339
202.8.42.6 - - [10/Jan/2025:02:18:20 +0100] "GET /ticket2/opencms/system/modules/com.gridnine.opencms.ticketbrokerage.site/resources/js/jquery/jquery.js HTTP/1.1" 200 93868
202.8.42.6 - - [10/Jan/2025:02:18:20 +0100] "GET /ticket2/opencms/system/modules/com.gridnine.opencms.ticketbrokerage.site/resources/js/functions.js HTTP/1.1" 200 1583
202.8.42.6 - - [10/Jan/2025:02:18:20 +0100] "GET /ticket2/opencms/system/modules/com.gridnine.opencms.ticketbrokerage.site/resources/js/jquery/jquery-ui.js HTTP/1.1" 200 228088
202.8.42.6 - - [10/Jan/2025:02:18:20 +0100] "GET /ticket2/opencms/system/modules/com.gridnine.opencms.ticketbrokerage.site/resources/js/calendar.js HTTP/1.1" 200 49229
202.8.42.6 - - [10/Jan/2025:02:18:20 +0100] "GET /ticket2/opencms/system/modules/com.gridnine.opencms.ticketbrokerage.site/resources/js/calendar-setup.js HTTP/1.1" 200 4923
202.8.42.6 - - [10/Jan/2025:02:18:20 +0100] "GET /ticket2/opencms/system/modules/com.gridnine.opencms.ticketbrokerage.site/resources/js/calendar-en.js HTTP/1.1" 200 3338
202.8.42.6 - - [10/Jan/2025:02:18:20 +0100] "GET /ticket2/opencms/system/modules/com.gridnine.opencms.ticketbrokerage.site/resources/js/jquery.fancybox.pack.js HTTP/1.1" 200 23187
202.8.42.6 - - [10/Jan/2025:02:18:20 +0100] "GET /ticket2/opencms/system/modules/com.gridnine.opencms.ticketbrokerage.site/resources/js/stickyfill.min.js HTTP/1.1" 200 5672
202.8.42.6 - - [10/Jan/2025:02:18:20 +0100] "GET /ticket2/opencms/system/modules/com.gridnine.opencms.ticketbrokerage.site/resources/js/standard.js HTTP/1.1" 200 3978
202.8.42.6 - - [10/Jan/2025:02:18:20 +0100] "GET /ticket2/opencms/system/modules/com.gridnine.opencms.ticketbrokerage.site/resources/js/jquery.placeholder.min.js HTTP/1.1" 200 1737
202.8.42.6 - - [10/Jan/2025:02:18:20 +0100] "GET /ticket2/opencms/system/modules/com.gridnine.opencms.ticketbrokerage.site/resources/js/common-ajax.js HTTP/1.1" 200 20175
202.8.42.6 - - [10/Jan/2025:02:18:20 +0100] "GET /ticket2/opencms/sr/ask-form.html HTTP/1.1" 200 3156
202.8.42.6 - - [10/Jan/2025:02:18:20 +0100] "GET /ticket2/opencms/system/modules/com.gridnine.opencms.ticketbrokerage.site/resources/css/ticketbrokerage.css HTTP/1.1" 200 39339
65.21.113.194 - - [10/Jan/2025:02:18:21 +0100] "GET /ticket2/opencms/tr/buy?page=1&edid=EE1094B0-5F8D-7F5A-3592-6F4F9BDBF532 HTTP/1.1" 200 136663
217.182.175.120 - - [10/Jan/2025:02:18:24 +0100] "GET /ticket2/opencms/no/buy/?page=1&edid=E12F4022-1973-9A42-8144-79292D1B75BA HTTP/1.1" 200 112543
202.8.42.6 - - [10/Jan/2025:02:18:27 +0100] "GET /ticket2/opencms/system/modules/com.gridnine.opencms.ticketbrokerage.site/resources/js/standard.js HTTP/1.1" 200 3978
217.182.175.120 - - [10/Jan/2025:02:18:28 +0100] "GET /ticket2/opencms/no/buy/?page=1&edid=E12F4022-1973-9A42-8144-79292D1B75BA&sortorder=asc&column=row HTTP/1.1" 200 114295
65.21.113.194 - - [10/Jan/2025:02:18:28 +0100] "GET /ticket2/opencms/tr/buy?page=1&edid=EFCA122E-EFD5-12F8-6F83-6930A0BC1F37 HTTP/1.1" 200 125410
195.3.223.55 - - [10/Jan/2025:02:18:30 +0100] "GET / HTTP/1.1" 404 -
85.208.96.203 - - [10/Jan/2025:02:18:31 +0100] "GET /ticket2/opencms/lv/sport/futbola-biletes/la-liga/atletico-madrid HTTP/1.1" 200 94925
217.182.175.120 - - [10/Jan/2025:02:18:32 +0100] "GET /ticket2/opencms/no/buy/?page=1&edid=E12F4022-1973-9A42-8144-79292D1B75BA&sortorder=desc&column=price HTTP/1.1" 200 114533
65.21.113.194 - - [10/Jan/2025:02:18:33 +0100] "GET /ticket2/opencms/tr/buy?page=1&edid=F1463EBE-6C18-CF49-B2AE-F79868BCA4F5 HTTP/1.1" 200 142589
217.182.175.120 - - [10/Jan/2025:02:18:35 +0100] "GET /ticket2/opencms/no/buy/?page=1&edid=E147E814-DDBC-A46E-9493-AE9F0C493DDF&sortorder=asc&column=row HTTP/1.1" 200 114202
65.21.113.194 - - [10/Jan/2025:02:18:38 +0100] "GET /ticket2/opencms/tr/buy?page=1&edid=F6926B54-D901-FAF0-8126-EB0D6BB39E8E HTTP/1.1" 200 123349
85.208.96.202 - - [10/Jan/2025:02:18:39 +0100] "GET /ticket2/opencms/pl/about/contact HTTP/1.1" 200 85797
217.182.175.120 - - [10/Jan/2025:02:18:39 +0100] "GET /ticket2/opencms/no/buy/?page=1&edid=E147E814-DDBC-A46E-9493-AE9F0C493DDF&sortorder=desc&column=price HTTP/1.1" 200 114392
217.182.175.120 - - [10/Jan/2025:02:18:43 +0100] "GET /ticket2/opencms/no/buy/?page=1&edid=E3FD658B-5465-70E1-D919-E510680C4B1C&sortorder=desc&column=price HTTP/1.1" 200 114789
207.46.13.14 - - [10/Jan/2025:02:18:44 +0100] "GET /ticket2/opencms/de/buy?page=1&edid=9291C533-6179-8D87-1FBB-9C9ECA73A6F7 HTTP/1.1" 200 109136
65.21.113.194 - - [10/Jan/2025:02:18:45 +0100] "GET /ticket2/opencms/tr/buy?page=1&edid=F70FF3E6-2D68-06C1-2E1B-CFF8AEEA395A HTTP/1.1" 200 125293
47.128.40.41 - - [10/Jan/2025:02:18:45 +0100] "GET /ticket2/opencms/az/buy?catid=E92E6B1B-7CD1-74B1-312C-265A7D8125D0&comcatid=A17713B6-D984-201A-4143-ED4DB5ED5C2E HTTP/1.1" 200 6410
114.119.145.123 - - [10/Jan/2025:02:18:46 +0100] "GET /ticket2/opencms/en/venue/?venueid=E27C37A8-B6C5-D44D-C533-C3BD6E0498F9 HTTP/1.1" 200 85055
217.182.175.120 - - [10/Jan/2025:02:18:47 +0100] "GET /ticket2/opencms/no/buy/?page=1&edid=E5717319-73D8-DE0E-B7AA-AA889F763447&sortorder=desc&column=row HTTP/1.1" 200 114337
217.182.175.120 - - [10/Jan/2025:02:18:50 +0100] "GET /ticket2/opencms/no/buy/?page=1&edid=EB9627C9-52D2-61B9-CC5F-44B4B3CC8D99&sortorder=desc&column=row HTTP/1.1" 200 114426
66.249.76.160 - - [10/Jan/2025:02:18:53 +0100] "GET /ticket2/opencms/mt/magazine/article?title=nations-league-gaddejja-bl-istess-ritmu HTTP/1.1" 200 94317
217.182.175.120 - - [10/Jan/2025:02:18:54 +0100] "GET /ticket2/opencms/no/buy/?page=1&edid=EBC90CB3-65C3-EF1B-9FEE-BEBAC7CDCF65&sortorder=desc&column=price HTTP/1.1" 200 113592
65.21.113.194 - - [10/Jan/2025:02:18:57 +0100] "GET /ticket2/opencms/tr/buy?page=1&edid=F8A721FB-6959-3E3B-0E9C-2BF5336E70F2 HTTP/1.1" 200 140641
217.182.175.120 - - [10/Jan/2025:02:18:58 +0100] "GET /ticket2/opencms/no/buy/?page=1&edid=EBDCEC51-E03B-2248-9BCD-1064C94BFE84&sortorder=desc&column=section HTTP/1.1" 200 114728
40.77.167.10 - - [10/Jan/2025:02:19:01 +0100] "GET /ticket2/opencms/it/buy/?page=1&edid=F70FF3E6-2D68-06C1-2E1B-CFF8AEEA395A HTTP/1.1" 200 124526
217.182.175.120 - - [10/Jan/2025:02:19:02 +0100] "GET /ticket2/opencms/no/buy/?page=1&edid=F9496538-3E90-9D50-62AC-C255AB0550A9 HTTP/1.1" 200 112413
40.77.167.10 - - [10/Jan/2025:02:19:02 +0100] "GET /ticket2/opencms/de/buy?page=1&edid=DBCB670C-EAE9-7F44-B448-BBDB9AB99CFF HTTP/1.1" 200 112495
65.21.113.194 - - [10/Jan/2025:02:19:03 +0100] "GET /ticket2/opencms/tr/buy?page=1&edid=FC000D61-FABC-A881-9E2E-0971242A71A3 HTTP/1.1" 200 112417
217.182.175.120 - - [10/Jan/2025:02:19:05 +0100] "GET /ticket2/opencms/no/buy/?page=1&edid=F9496538-3E90-9D50-62AC-C255AB0550A9&sortorder=asc&column=price HTTP/1.1" 200 114376
47.128.23.53 - - [10/Jan/2025:02:19:07 +0100] "GET /ticket2/opencms/sl/?comcatid=66708183-7480-3365-06BF-DBF60280AB45 HTTP/1.1" 200 100939
185.191.171.12 - - [10/Jan/2025:02:19:07 +0100] "GET /ticket2/opencms/fi/magazine/article?title=kylian-mbappe HTTP/1.1" 200 94037
217.182.175.120 - - [10/Jan/2025:02:19:09 +0100] "GET /ticket2/opencms/no/buy/?page=1&edid=F9496538-3E90-9D50-62AC-C255AB0550A9&sortorder=asc&column=row HTTP/1.1" 200 114162
65.21.113.194 - - [10/Jan/2025:02:19:09 +0100] "GET /ticket2/opencms/tr/faq/ HTTP/1.1" 200 90317
114.119.136.30 - - [10/Jan/2025:02:19:12 +0100] "GET /ticket2/opencms/sl/buy?page=1&=6C0AA1CC-8488-7981-DA23-AD8E06F80ABD HTTP/1.1" 200 6507
217.182.175.120 - - [10/Jan/2025:02:19:13 +0100] "GET /ticket2/opencms/no/buy/?page=1&edid=F9496538-3E90-9D50-62AC-C255AB0550A9&sortorder=asc&column=section HTTP/1.1" 200 114498
65.21.113.194 - - [10/Jan/2025:02:19:13 +0100] "GET /ticket2/opencms/robots.txt HTTP/1.1" 200 773
185.191.171.15 - - [10/Jan/2025:02:19:14 +0100] "GET /ticket2/opencms/hr/magazine/article?title=analiza-koliko-su-se-povecale-cijene-ulaznica-premier-lige-liverpool-i-arsenal-su-najskuplji HTTP/1.1" 200 99048
65.21.113.194 - - [10/Jan/2025:02:19:14 +0100] "GET /ticket2/opencms/tr/guvenle-satin-alin/ HTTP/1.1" 200 89560
217.182.175.120 - - [10/Jan/2025:02:19:17 +0100] "GET /ticket2/opencms/no/buy/?page=1&edid=F9496538-3E90-9D50-62AC-C255AB0550A9&sortorder=desc&column=row HTTP/1.1" 200 114216
65.21.113.194 - - [10/Jan/2025:02:19:19 +0100] "GET /ticket2/opencms/tr/hakkimizda/ HTTP/1.1" 200 89148
20.169.171.118 - - [10/Jan/2025:02:19:20 +0100] "GET /ticket2/opencms/system/modules/com.gridnine.opencms.ticketbrokerage.site/resources/pics/banners/team/bundesliga/fc_bayern_munchen.png HTTP/1.1" 200 71919
217.182.175.120 - - [10/Jan/2025:02:19:20 +0100] "GET /ticket2/opencms/no/buy/?page=1&edid=F96E6CAA-6B2C-A272-DA82-260C5860E403&sortorder=desc&column=price HTTP/1.1" 200 114215
85.208.96.210 - - [10/Jan/2025:02:19:24 +0100] "GET /ticket2/opencms/en/sport/football-tickets/la-liga/alaves/ HTTP/1.1" 200 92657
217.182.175.120 - - [10/Jan/2025:02:19:24 +0100] "GET /ticket2/opencms/no/buy/?page=1&edid=F96E6CAA-6B2C-A272-DA82-260C5860E403&sortorder=desc&column=row HTTP/1.1" 200 114023
217.182.175.120 - - [10/Jan/2025:02:19:28 +0100] "GET /ticket2/opencms/no/buy/?page=1&edid=F97EE36E-F366-44A1-2194-D9131518A2E9 HTTP/1.1" 200 113088
65.21.113.194 - - [10/Jan/2025:02:19:31 +0100] "GET /ticket2/opencms/tr/login/ HTTP/1.1" 200 91453
217.182.175.120 - - [10/Jan/2025:02:19:32 +0100] "GET /ticket2/opencms/no/buy/?page=1&edid=F97EE36E-F366-44A1-2194-D9131518A2E9&sortorder=desc&column=row HTTP/1.1" 200 114954
217.182.175.120 - - [10/Jan/2025:02:19:35 +0100] "GET /ticket2/opencms/no/buy/?page=1&edid=FB3C343C-6AB6-461F-8218-82B4CC353AD4 HTTP/1.1" 200 112120
54.36.148.45 - - [10/Jan/2025:02:19:38 +0100] "GET /ticket2/opencms/en/buy?page=1&edid=D3AB0CA8-3C40-1AB9-8BEC-7D01F349EB4E HTTP/1.1" 200 135499
217.182.175.120 - - [10/Jan/2025:02:19:39 +0100] "GET /ticket2/opencms/sv/buy/?page=1&edid=82738ED1-4044-CFC0-CF18-FC52772F06E9 HTTP/1.1" 200 110847
202.8.43.125 - - [10/Jan/2025:02:19:39 +0100] "GET /ticket2/opencms/system/modules/com.gridnine.opencms.ticketbrokerage.site/resources/css/jquery-ui.css HTTP/1.1" 200 33221
202.8.43.125 - - [10/Jan/2025:02:19:39 +0100] "GET /ticket2/opencms/system/modules/com.gridnine.opencms.ticketbrokerage.site/resources/css/calendar.css HTTP/1.1" 200 6871
202.8.43.125 - - [10/Jan/2025:02:19:39 +0100] "GET /ticket2/opencms/system/modules/com.gridnine.opencms.ticketbrokerage.site/resources/css/jquery.fancybox.css HTTP/1.1" 200 4939
202.8.43.125 - - [10/Jan/2025:02:19:39 +0100] "GET /ticket2/opencms/system/modules/com.gridnine.opencms.ticketbrokerage.site/resources/js/jquery/jquery.js HTTP/1.1" 200 93868
202.8.43.125 - - [10/Jan/2025:02:19:39 +0100] "GET /ticket2/opencms/system/modules/com.gridnine.opencms.ticketbrokerage.site/resources/css/standard.css HTTP/1.1" 200 73081
202.8.43.125 - - [10/Jan/2025:02:19:39 +0100] "GET /ticket2/opencms/system/modules/com.gridnine.opencms.ticketbrokerage.site/resources/css/ticketbrokerage.css HTTP/1.1" 200 39339
202.8.43.125 - - [10/Jan/2025:02:19:39 +0100] "GET /ticket2/opencms/system/modules/com.gridnine.opencms.ticketbrokerage.site/resources/js/functions.js HTTP/1.1" 200 1583
202.8.43.125 - - [10/Jan/2025:02:19:39 +0100] "GET /ticket2/opencms/system/modules/com.gridnine.opencms.ticketbrokerage.site/resources/js/jquery/jquery-ui.js HTTP/1.1" 200 228088
202.8.43.125 - - [10/Jan/2025:02:19:39 +0100] "GET /ticket2/opencms/system/modules/com.gridnine.opencms.ticketbrokerage.site/resources/js/calendar.js HTTP/1.1" 200 49229
202.8.43.125 - - [10/Jan/2025:02:19:39 +0100] "GET /ticket2/opencms/system/modules/com.gridnine.opencms.ticketbrokerage.site/resources/js/calendar-setup.js HTTP/1.1" 200 4923
202.8.43.125 - - [10/Jan/2025:02:19:39 +0100] "GET /ticket2/opencms/system/modules/com.gridnine.opencms.ticketbrokerage.site/resources/js/calendar-en.js HTTP/1.1" 200 3338
202.8.43.125 - - [10/Jan/2025:02:19:39 +0100] "GET /ticket2/opencms/system/modules/com.gridnine.opencms.ticketbrokerage.site/resources/js/stickyfill.min.js HTTP/1.1" 200 5672
202.8.43.125 - - [10/Jan/2025:02:19:39 +0100] "GET /ticket2/opencms/system/modules/com.gridnine.opencms.ticketbrokerage.site/resources/js/jquery.fancybox.pack.js HTTP/1.1" 200 23187
202.8.43.125 - - [10/Jan/2025:02:19:39 +0100] "GET /ticket2/opencms/system/modules/com.gridnine.opencms.ticketbrokerage.site/resources/js/standard.js HTTP/1.1" 200 3978
202.8.43.125 - - [10/Jan/2025:02:19:39 +0100] "GET /ticket2/opencms/system/modules/com.gridnine.opencms.ticketbrokerage.site/resources/js/jquery.placeholder.min.js HTTP/1.1" 200 1737
202.8.43.125 - - [10/Jan/2025:02:19:40 +0100] "GET /ticket2/opencms/system/modules/com.gridnine.opencms.ticketbrokerage.site/resources/js/common-ajax.js HTTP/1.1" 200 20175
202.8.43.125 - - [10/Jan/2025:02:19:40 +0100] "GET /ticket2/opencms/en/ask-form.html HTTP/1.1" 200 3146
207.46.13.14 - - [10/Jan/2025:02:19:40 +0100] "GET /ticket2/opencms/sr/buy?page=1&edid=C4C24026-3ADF-F23A-0ABB-D3544847DDA2 HTTP/1.1" 200 110245
202.8.43.125 - - [10/Jan/2025:02:19:40 +0100] "GET /ticket2/opencms/en/ask-form.html HTTP/1.1" 200 3146
202.8.43.125 - - [10/Jan/2025:02:19:40 +0100] "GET /ticket2/opencms/system/modules/com.gridnine.opencms.ticketbrokerage.site/resources/css/ticketbrokerage.css HTTP/1.1" 200 39339
47.128.48.252 - - [10/Jan/2025:02:19:40 +0100] "GET /ticket2/opencms/fi/venue/?venueid=0A150E76-62F4-C52C-086E-D4CAD50B046E HTTP/1.1" 200 86606
65.21.113.194 - - [10/Jan/2025:02:19:40 +0100] "GET /ticket2/opencms/tr/magazine/ HTTP/1.1" 200 149151
217.182.175.120 - - [10/Jan/2025:02:19:42 +0100] "GET /ticket2/opencms/sv/buy/?page=1&edid=855E36D2-7BA8-EF82-14D7-617282170839 HTTP/1.1" 200 112437
65.21.113.194 - - [10/Jan/2025:02:19:45 +0100] "GET /ticket2/opencms/tr/magazine/article/ HTTP/1.1" 200 88653
217.182.175.120 - - [10/Jan/2025:02:19:46 +0100] "GET /ticket2/opencms/sv/buy/?page=1&edid=855E36D2-7BA8-EF82-14D7-617282170839&sortorder=desc&column=price HTTP/1.1" 200 114471
65.21.113.194 - - [10/Jan/2025:02:19:50 +0100] "GET /ticket2/opencms/tr/magazine/article???%20Error%20reading%20resource%20from%20path HTTP/1.1" 200 88738
207.46.13.14 - - [10/Jan/2025:02:19:54 +0100] "GET /ticket2/opencms/en/magazine HTTP/1.1" 200 155244
65.21.113.194 - - [10/Jan/2025:02:19:56 +0100] "GET /ticket2/opencms/tr/magazine/article?title=abdul-fatawu-sezonun-geri-kalaninda-forma-giyemeyecek HTTP/1.1" 200 94256
85.208.96.212 - - [10/Jan/2025:02:19:58 +0100] "GET /ticket2/opencms/et/magazine/article?title=thomas-tuchel-saab-inglismaa-uueks-koondise-peatreeneriks HTTP/1.1" 200 92775
65.21.113.194 - - [10/Jan/2025:02:20:00 +0100] "GET /ticket2/opencms/tr/magazine/article?title=alexander-isak-icin-gelecek-nasil-gorunuyor HTTP/1.1" 200 92858
40.77.167.10 - - [10/Jan/2025:02:20:01 +0100] "GET /ticket2/opencms/be/?page=6&comcatid=A17713B6-D984-201A-4143-ED4DB5ED5C2E&catid=0A6C99D2-F5BD-7A18-9A5F-5668827042E0&eventid=E1F7E93A-157E-48B5-16F5-20CB837CCB35 HTTP/1.1" 200 102188
185.191.171.12 - - [10/Jan/2025:02:20:04 +0100] "GET /ticket2/opencms/sq/magazine/article?title=manchester-city-fiton-premier-league HTTP/1.1" 200 92814
65.21.113.194 - - [10/Jan/2025:02:20:05 +0100] "GET /ticket2/opencms/tr/magazine/ HTTP/1.1" 200 149322
47.128.124.238 - - [10/Jan/2025:02:20:06 +0100] "GET /ticket2/opencms/dk/buy?edid=7E6B20C5-BD2D-407F-42B7-8CC29EE36D66 HTTP/1.1" 200 91203
65.21.113.194 - - [10/Jan/2025:02:20:08 +0100] "GET /ticket2/opencms/tr/ortaklik-programi HTTP/1.1" 404 -
65.21.113.194 - - [10/Jan/2025:02:20:14 +0100] "GET /ticket2/opencms/tr/satin-al/ HTTP/1.1" 200 89883
114.119.154.13 - - [10/Jan/2025:02:20:17 +0100] "GET /ticket2/opencms/en/buy/?page=1&=B9A56D83-AD94-045F-A8C5-86B02F52A7C5 HTTP/1.1" 200 6507
65.21.113.194 - - [10/Jan/2025:02:20:17 +0100] "GET /ticket2/opencms/tr/sell/ HTTP/1.1" 302 -
65.21.113.194 - - [10/Jan/2025:02:20:18 +0100] "GET /ticket2/opencms/tr/login/?url=/tr/sell/ HTTP/1.1" 200 91339
66.249.76.170 - - [10/Jan/2025:02:20:22 +0100] "GET /ticket2/opencms/cs/buy/football-tickets/facup HTTP/1.1" 404 -
40.77.167.30 - - [10/Jan/2025:02:20:27 +0100] "GET /ticket2/opencms/bs/buy?page=6&comcatid=A17713B6-D984-201A-4143-ED4DB5ED5C2E&catid=D8B345C9-F7A5-E620-4B43-C34EB0D6885B&eventid=2A33B146-61D4-9234-966A-699DDE62E68F HTTP/1.1" 200 6410
85.208.96.208 - - [10/Jan/2025:02:20:29 +0100] "GET /ticket2/opencms/hu/magazine/article?title=kylian-mbappe-a-real-madridhoz HTTP/1.1" 200 93755
65.21.113.194 - - [10/Jan/2025:02:20:29 +0100] "GET /ticket2/opencms/tr/selling_tickets/ HTTP/1.1" 500 -
65.21.113.194 - - [10/Jan/2025:02:20:34 +0100] "GET /ticket2/opencms/tr/spor HTTP/1.1" 500 -
65.21.113.194 - - [10/Jan/2025:02:20:38 +0100] "GET /ticket2/opencms/tr/spor/ HTTP/1.1" 500 -
216.244.66.238 - - [10/Jan/2025:02:20:44 +0100] "GET /ticket2/opencms/dk/en/venue/?venueid=4C9467B2-6A62-2081-D8AE-397B47B3C12E HTTP/1.1" 404 -
65.21.113.194 - - [10/Jan/2025:02:20:49 +0100] "GET /ticket2/opencms/tr/spor/futbol-biletleri HTTP/1.1" 200 90523
65.21.113.194 - - [10/Jan/2025:02:20:55 +0100] "GET /ticket2/opencms/tr/spor/futbol-biletleri/bundesliga/ HTTP/1.1" 200 101011
