193.70.81.110 - - [10/Jan/2025:02:07:16 +0100] "GET /ticket2/opencms/lt/buy/?comcatid=A17713B6-D984-201A-4143-ED4DB5ED5C2E&catid=4B941E1B-E4E2-C53E-C693-9FA91BBA9AD5 HTTP/1.1" 200 6410
185.191.171.16 - - [10/Jan/2025:02:07:17 +0100] "GET /ticket2/opencms/sl/sport/nogometne-vstopnice/serie-a/torino HTTP/1.1" 200 95329
193.70.81.110 - - [10/Jan/2025:02:07:17 +0100] "GET /ticket2/opencms/lt/buy/?comcatid=A17713B6-D984-201A-4143-ED4DB5ED5C2E&catid=515A9A29-35A0-2DB8-262B-AEF122DB04F6 HTTP/1.1" 200 6410
193.70.81.110 - - [10/Jan/2025:02:07:19 +0100] "GET /ticket2/opencms/lt/buy/?comcatid=A17713B6-D984-201A-4143-ED4DB5ED5C2E&catid=5A89E483-58AD-080E-F363-E16CE738916A HTTP/1.1" 200 6410
157.55.39.9 - - [10/Jan/2025:02:07:20 +0100] "GET /ticket2/opencms/hr/buy?page=1&edid=F74997E7-1F81-8144-BC19-7CD40E7B47F7 HTTP/1.1" 200 112973
193.70.81.110 - - [10/Jan/2025:02:07:21 +0100] "GET /ticket2/opencms/lt/buy/?comcatid=A17713B6-D984-201A-4143-ED4DB5ED5C2E&catid=64756941-02D2-3538-2077-8C2508F4A3A8 HTTP/1.1" 200 6410
65.21.113.194 - - [10/Jan/2025:02:07:22 +0100] "GET /ticket2/opencms/tr/buy/?page=1&edid=DE6EAF1E-F0E3-BCEF-6FE9-789554B2D96C HTTP/1.1" 200 125495
185.191.171.5 - - [10/Jan/2025:02:07:22 +0100] "GET /ticket2/opencms/no/magazine/article?title=declan-rice HTTP/1.1" 200 92380
193.70.81.110 - - [10/Jan/2025:02:07:22 +0100] "GET /ticket2/opencms/lt/buy/?comcatid=A17713B6-D984-201A-4143-ED4DB5ED5C2E&catid=6BD6E0B0-84AF-3A0D-3851-C1357CE9B771 HTTP/1.1" 200 6410
85.208.96.194 - - [10/Jan/2025:02:07:23 +0100] "GET /ticket2/opencms/es/magazine/article?title=kevin-de-bruyne HTTP/1.1" 200 92828
193.70.81.110 - - [10/Jan/2025:02:07:24 +0100] "GET /ticket2/opencms/lt/buy/?comcatid=A17713B6-D984-201A-4143-ED4DB5ED5C2E&catid=6E0E0CA4-3F14-9697-92B9-3687047BE453 HTTP/1.1" 200 6410
193.70.81.110 - - [10/Jan/2025:02:07:26 +0100] "GET /ticket2/opencms/lt/buy/?comcatid=A17713B6-D984-201A-4143-ED4DB5ED5C2E&catid=70B37487-FE30-D476-CAE7-E6AFEA3153F2 HTTP/1.1" 200 6410
65.21.113.194 - - [10/Jan/2025:02:07:26 +0100] "GET /ticket2/opencms/tr/buy/?page=1&edid=E0AF4582-F291-60D7-7793-C6DEB6EAEA8A HTTP/1.1" 200 142338
193.70.81.110 - - [10/Jan/2025:02:07:27 +0100] "GET /ticket2/opencms/lt/buy/?comcatid=A17713B6-D984-201A-4143-ED4DB5ED5C2E&catid=7ACC33AD-EE7E-AAA7-9050-0F4587759B87 HTTP/1.1" 200 6410
193.70.81.110 - - [10/Jan/2025:02:07:29 +0100] "GET /ticket2/opencms/lt/buy/?comcatid=A17713B6-D984-201A-4143-ED4DB5ED5C2E&catid=7BADFFFB-57C5-5DBC-E7EB-B45075B3D8F9 HTTP/1.1" 200 6410
193.70.81.110 - - [10/Jan/2025:02:07:30 +0100] "GET /ticket2/opencms/lt/buy/?comcatid=A17713B6-D984-201A-4143-ED4DB5ED5C2E&catid=7CF2D645-F785-0CBB-1B7C-C4711617EAAD HTTP/1.1" 200 6410
65.21.113.194 - - [10/Jan/2025:02:07:31 +0100] "GET /ticket2/opencms/tr/buy/?page=1&edid=E11E1E12-66BC-E0C5-F313-3E777C16F760 HTTP/1.1" 200 131545
193.70.81.110 - - [10/Jan/2025:02:07:32 +0100] "GET /ticket2/opencms/lt/buy/?comcatid=A17713B6-D984-201A-4143-ED4DB5ED5C2E&catid=7EF04817-972D-18B1-F941-DE800D088075 HTTP/1.1" 200 6410
193.70.81.110 - - [10/Jan/2025:02:07:34 +0100] "GET /ticket2/opencms/lt/buy/?comcatid=A17713B6-D984-201A-4143-ED4DB5ED5C2E&catid=82F804FA-9F69-CB6B-D41D-7BF7C716058B HTTP/1.1" 200 6410
66.249.64.132 - - [10/Jan/2025:02:07:34 +0100] "GET /ticket2/opencms/fi/buy/?comcatid=A17713B6-D984-201A-4143-ED4DB5ED5C2E&catid=36394212-F82E-F845-399B-42BED55969CC&npage=2 HTTP/1.1" 200 6410
193.70.81.110 - - [10/Jan/2025:02:07:35 +0100] "GET /ticket2/opencms/lt/buy/?comcatid=A17713B6-D984-201A-4143-ED4DB5ED5C2E&catid=88C381AD-5D76-A34D-AC15-A7129F8EF5BE HTTP/1.1" 200 6410
65.21.113.194 - - [10/Jan/2025:02:07:36 +0100] "GET /ticket2/opencms/tr/buy/?page=1&edid=E1CACBEB-5FB5-F359-D95F-1110648BB53A HTTP/1.1" 200 137398
85.208.96.195 - - [10/Jan/2025:02:07:37 +0100] "GET /ticket2/opencms/be/magazine/article?title=maximilian-ibrahimovic-signs-for-ac-milans-second-team HTTP/1.1" 200 95898
193.70.81.110 - - [10/Jan/2025:02:07:37 +0100] "GET /ticket2/opencms/lt/buy/?comcatid=A17713B6-D984-201A-4143-ED4DB5ED5C2E&catid=8AA488FA-6797-D710-8108-3088D6948FC1 HTTP/1.1" 200 6410
47.128.34.167 - - [10/Jan/2025:02:07:37 +0100] "GET /ticket2/opencms/lt/buy/?edid=2623FB3F-281B-22C8-3425-BF900A46AC08 HTTP/1.1" 200 92560
193.70.81.110 - - [10/Jan/2025:02:07:38 +0100] "GET /ticket2/opencms/lt/buy/?comcatid=A17713B6-D984-201A-4143-ED4DB5ED5C2E&catid=97608B80-50C4-18AE-7A82-0413C62E9243 HTTP/1.1" 200 6410
47.128.121.127 - - [10/Jan/2025:02:07:40 +0100] "GET /ticket2/opencms/dk/buy?page=1&edid=8DE7A210-45E0-8C09-63EA-28CBA5412C0E HTTP/1.1" 200 111305
193.70.81.110 - - [10/Jan/2025:02:07:40 +0100] "GET /ticket2/opencms/lt/buy/?comcatid=A17713B6-D984-201A-4143-ED4DB5ED5C2E&catid=A3372871-3019-08B8-80CE-74B78F441ACA HTTP/1.1" 200 6410
47.128.121.127 - - [10/Jan/2025:02:07:41 +0100] "GET /ticket2/opencms/venue/anfield.png HTTP/1.1" 200 21218
47.128.121.127 - - [10/Jan/2025:02:07:41 +0100] "GET /ticket2/opencms/dk/ask-form.html HTTP/1.1" 200 2971
193.70.81.110 - - [10/Jan/2025:02:07:42 +0100] "GET /ticket2/opencms/lt/buy/?comcatid=A17713B6-D984-201A-4143-ED4DB5ED5C2E&catid=A4D9EA9A-192D-0274-BF26-9C98D8B902AB HTTP/1.1" 200 6410
65.21.113.194 - - [10/Jan/2025:02:07:42 +0100] "GET /ticket2/opencms/tr/buy/?page=1&edid=E289F96B-BF69-A88E-30C1-E3CA6BC29D6C HTTP/1.1" 200 125497
193.70.81.110 - - [10/Jan/2025:02:07:43 +0100] "GET /ticket2/opencms/lt/buy/?comcatid=A17713B6-D984-201A-4143-ED4DB5ED5C2E&catid=A7674DEA-B39E-502C-2F76-760AE08947E9 HTTP/1.1" 200 6410
193.70.81.110 - - [10/Jan/2025:02:07:45 +0100] "GET /ticket2/opencms/lt/buy/?comcatid=A17713B6-D984-201A-4143-ED4DB5ED5C2E&catid=AE3FE643-AE41-BAA6-237D-5206D1B044A1 HTTP/1.1" 200 6410
193.70.81.110 - - [10/Jan/2025:02:07:47 +0100] "GET /ticket2/opencms/lt/buy/?comcatid=A17713B6-D984-201A-4143-ED4DB5ED5C2E&catid=F2006A3D-5EE0-B40B-5749-60C15271538F HTTP/1.1" 200 6410
216.244.66.238 - - [10/Jan/2025:02:07:47 +0100] "GET /ticket2/opencms/robots.txt HTTP/1.1" 200 773
216.244.66.238 - - [10/Jan/2025:02:07:47 +0100] "GET /ticket2/opencms/robots.txt HTTP/1.1" 200 773
65.21.113.194 - - [10/Jan/2025:02:07:48 +0100] "GET /ticket2/opencms/tr/buy/?page=1&edid=E53C8E7A-C1C8-80DF-ED27-96FEFF6B5147 HTTP/1.1" 200 136406
193.70.81.110 - - [10/Jan/2025:02:07:48 +0100] "GET /ticket2/opencms/lt/buy/?comcatid=A17713B6-D984-201A-4143-ED4DB5ED5C2E&catid=FF8D7FE7-4B09-7305-01C7-2D47F7913EB8 HTTP/1.1" 200 6410
193.70.81.110 - - [10/Jan/2025:02:07:50 +0100] "GET /ticket2/opencms/lt/buy/?comcatid=B41CCF2B-5558-7AEE-3602-09BBDE417D65&catid=36DC4BE2-91A2-6146-2BE9-47B6F3C44EDB HTTP/1.1" 200 6410
193.70.81.110 - - [10/Jan/2025:02:07:51 +0100] "GET /ticket2/opencms/lt/buy/?comcatid=B41CCF2B-5558-7AEE-3602-09BBDE417D65&catid=A34BCF61-E19C-5C5C-445E-06F3749E1EF4 HTTP/1.1" 200 6410
65.21.113.194 - - [10/Jan/2025:02:07:52 +0100] "GET /ticket2/opencms/tr/buy/?page=1&edid=E66B1558-C5A6-CDDD-B7DD-6060381B0F38 HTTP/1.1" 200 123301
193.70.81.110 - - [10/Jan/2025:02:07:53 +0100] "GET /ticket2/opencms/lt/buy/?comcatid=B41CCF2B-5558-7AEE-3602-09BBDE417D65&catid=BF886BAE-FC84-8CB3-A193-6DFA251F7985 HTTP/1.1" 200 6410
193.70.81.110 - - [10/Jan/2025:02:07:54 +0100] "GET /ticket2/opencms/lt/buy/?comcatid=B41CCF2B-5558-7AEE-3602-09BBDE417D65&catid=E03F2203-3943-A0F0-A47D-D9E7CDA79C6B HTTP/1.1" 200 6410
85.208.96.196 - - [10/Jan/2025:02:07:55 +0100] "GET /ticket2/opencms/dk/magazine/article?title=legenden-i-hed-ordveksling-med-supporter HTTP/1.1" 200 92640
65.21.113.194 - - [10/Jan/2025:02:07:56 +0100] "GET /ticket2/opencms/tr/buy/?page=1&edid=E9DB3A42-82BF-9B65-3ED4-EE5A32871388 HTTP/1.1" 200 134761
193.70.81.110 - - [10/Jan/2025:02:07:57 +0100] "GET /ticket2/opencms/lt/buy/?page=1&edid=00111C9B-5E02-77E7-9B39-8EFC1235AF29 HTTP/1.1" 200 119438
193.70.81.110 - - [10/Jan/2025:02:07:59 +0100] "GET /ticket2/opencms/lt/buy/?page=1&edid=0165985F-E205-E991-0EDD-8260BA28ED00 HTTP/1.1" 200 109944
47.128.30.127 - - [10/Jan/2025:02:07:59 +0100] "GET /ticket2/opencms/it/magazine/article?title=thomas-tuchel-diventa-il-nuovo-commissario-tecnico-dellinghilterra HTTP/1.1" 200 92921
65.21.113.194 - - [10/Jan/2025:02:08:01 +0100] "GET /ticket2/opencms/tr/buy/?page=1&edid=EC2BC309-3510-AA04-CA0C-F3088D5C1D31 HTTP/1.1" 200 125502
193.70.81.110 - - [10/Jan/2025:02:08:01 +0100] "GET /ticket2/opencms/lt/buy/?page=1&edid=047E0311-281A-A7AE-E87D-50033F4F70CA HTTP/1.1" 200 142237
52.167.144.194 - - [10/Jan/2025:02:08:02 +0100] "GET /ticket2/opencms/et/?page=6&comcatid=A17713B6-D984-201A-4143-ED4DB5ED5C2E&catid=C48671DB-5AEB-8CE2-928E-38417FFBE085 HTTP/1.1" 200 100772
193.70.81.110 - - [10/Jan/2025:02:08:03 +0100] "GET /ticket2/opencms/lt/buy/?page=1&edid=0485AAE1-8FAD-C552-CCB4-7F08984D949F HTTP/1.1" 200 110008
193.70.81.110 - - [10/Jan/2025:02:08:06 +0100] "GET /ticket2/opencms/lt/buy/?page=1&edid=04B0DB48-8735-9FEB-09F8-41C9C1D4D32E HTTP/1.1" 200 119306
65.21.113.194 - - [10/Jan/2025:02:08:06 +0100] "GET /ticket2/opencms/tr/buy/?page=1&edid=EE1094B0-5F8D-7F5A-3592-6F4F9BDBF532 HTTP/1.1" 200 136794
193.70.81.110 - - [10/Jan/2025:02:08:08 +0100] "GET /ticket2/opencms/lt/buy/?page=1&edid=055941D5-AAA9-3559-090F-26D27D65FBDA HTTP/1.1" 200 122799
185.191.171.8 - - [10/Jan/2025:02:08:08 +0100] "GET /ticket2/opencms/lt/ HTTP/1.1" 200 100995
193.70.81.110 - - [10/Jan/2025:02:08:10 +0100] "GET /ticket2/opencms/lt/buy/?page=1&edid=05D0BF65-0ACD-F8DF-E1ED-172C77D65348 HTTP/1.1" 200 109867
85.208.96.207 - - [10/Jan/2025:02:08:11 +0100] "GET /ticket2/opencms/bg/buying_tickets/ HTTP/1.1" 200 89637
193.70.81.110 - - [10/Jan/2025:02:08:12 +0100] "GET /ticket2/opencms/lt/buy/?page=1&edid=0637523A-01E7-1EC6-C82E-6B403F8C3BC7 HTTP/1.1" 200 109896
193.70.81.110 - - [10/Jan/2025:02:08:14 +0100] "GET /ticket2/opencms/lt/buy/?page=1&edid=063774E2-DE1A-6A46-E97B-D379290B879E HTTP/1.1" 200 137658
54.36.148.200 - - [10/Jan/2025:02:08:14 +0100] "GET /ticket2/opencms/fr/buy?page=1&edid=E8C34E6F-F034-0C2A-D437-ABD4D0BC81CD HTTP/1.1" 200 112826
202.8.41.111 - - [10/Jan/2025:02:08:15 +0100] "GET /ticket2/opencms/system/modules/com.gridnine.opencms.ticketbrokerage.site/resources/css/jquery-ui.css HTTP/1.1" 200 33221
202.8.41.111 - - [10/Jan/2025:02:08:15 +0100] "GET /ticket2/opencms/system/modules/com.gridnine.opencms.ticketbrokerage.site/resources/css/ticketbrokerage.css HTTP/1.1" 200 39339
202.8.41.111 - - [10/Jan/2025:02:08:15 +0100] "GET /ticket2/opencms/system/modules/com.gridnine.opencms.ticketbrokerage.site/resources/css/jquery.fancybox.css HTTP/1.1" 200 4939
202.8.41.111 - - [10/Jan/2025:02:08:15 +0100] "GET /ticket2/opencms/system/modules/com.gridnine.opencms.ticketbrokerage.site/resources/css/standard.css HTTP/1.1" 200 73081
202.8.41.111 - - [10/Jan/2025:02:08:15 +0100] "GET /ticket2/opencms/system/modules/com.gridnine.opencms.ticketbrokerage.site/resources/js/jquery/jquery.js HTTP/1.1" 200 93868
202.8.41.111 - - [10/Jan/2025:02:08:15 +0100] "GET /ticket2/opencms/system/modules/com.gridnine.opencms.ticketbrokerage.site/resources/css/calendar.css HTTP/1.1" 200 6871
202.8.41.111 - - [10/Jan/2025:02:08:15 +0100] "GET /ticket2/opencms/system/modules/com.gridnine.opencms.ticketbrokerage.site/resources/js/calendar-en.js HTTP/1.1" 200 3338
202.8.41.111 - - [10/Jan/2025:02:08:15 +0100] "GET /ticket2/opencms/system/modules/com.gridnine.opencms.ticketbrokerage.site/resources/js/calendar.js HTTP/1.1" 200 49229
202.8.41.111 - - [10/Jan/2025:02:08:15 +0100] "GET /ticket2/opencms/system/modules/com.gridnine.opencms.ticketbrokerage.site/resources/js/jquery/jquery-ui.js HTTP/1.1" 200 228088
202.8.41.111 - - [10/Jan/2025:02:08:15 +0100] "GET /ticket2/opencms/system/modules/com.gridnine.opencms.ticketbrokerage.site/resources/js/functions.js HTTP/1.1" 200 1583
202.8.41.111 - - [10/Jan/2025:02:08:15 +0100] "GET /ticket2/opencms/system/modules/com.gridnine.opencms.ticketbrokerage.site/resources/js/calendar-setup.js HTTP/1.1" 200 4923
202.8.41.111 - - [10/Jan/2025:02:08:16 +0100] "GET /ticket2/opencms/system/modules/com.gridnine.opencms.ticketbrokerage.site/resources/js/jquery.fancybox.pack.js HTTP/1.1" 200 23187
202.8.41.111 - - [10/Jan/2025:02:08:16 +0100] "GET /ticket2/opencms/system/modules/com.gridnine.opencms.ticketbrokerage.site/resources/js/stickyfill.min.js HTTP/1.1" 200 5672
202.8.41.111 - - [10/Jan/2025:02:08:16 +0100] "GET /ticket2/opencms/system/modules/com.gridnine.opencms.ticketbrokerage.site/resources/js/standard.js HTTP/1.1" 200 3978
202.8.41.111 - - [10/Jan/2025:02:08:16 +0100] "GET /ticket2/opencms/system/modules/com.gridnine.opencms.ticketbrokerage.site/resources/js/jquery.placeholder.min.js HTTP/1.1" 200 1737
202.8.41.111 - - [10/Jan/2025:02:08:16 +0100] "GET /ticket2/opencms/system/modules/com.gridnine.opencms.ticketbrokerage.site/resources/js/common-ajax.js HTTP/1.1" 200 20175
202.8.41.111 - - [10/Jan/2025:02:08:16 +0100] "GET /ticket2/opencms/fr/ask-form.html HTTP/1.1" 200 3156
193.70.81.110 - - [10/Jan/2025:02:08:16 +0100] "GET /ticket2/opencms/lt/buy/?page=1&edid=06705915-48BC-4B18-DCA3-6852610647C3 HTTP/1.1" 200 115955
202.8.41.111 - - [10/Jan/2025:02:08:16 +0100] "GET /ticket2/opencms/system/modules/com.gridnine.opencms.ticketbrokerage.site/resources/css/ticketbrokerage.css HTTP/1.1" 200 39339
54.36.148.255 - - [10/Jan/2025:02:08:17 +0100] "GET /ticket2/opencms/is/login HTTP/1.1" 200 91251
202.8.40.59 - - [10/Jan/2025:02:08:18 +0100] "GET /ticket2/opencms/system/modules/com.gridnine.opencms.ticketbrokerage.site/resources/css/standard.css HTTP/1.1" 200 73081
202.8.40.59 - - [10/Jan/2025:02:08:18 +0100] "GET /ticket2/opencms/system/modules/com.gridnine.opencms.ticketbrokerage.site/resources/css/jquery.fancybox.css HTTP/1.1" 200 4939
202.8.40.59 - - [10/Jan/2025:02:08:18 +0100] "GET /ticket2/opencms/system/modules/com.gridnine.opencms.ticketbrokerage.site/resources/css/jquery-ui.css HTTP/1.1" 200 33221
202.8.40.59 - - [10/Jan/2025:02:08:18 +0100] "GET /ticket2/opencms/system/modules/com.gridnine.opencms.ticketbrokerage.site/resources/css/ticketbrokerage.css HTTP/1.1" 200 39339
202.8.40.59 - - [10/Jan/2025:02:08:18 +0100] "GET /ticket2/opencms/system/modules/com.gridnine.opencms.ticketbrokerage.site/resources/css/calendar.css HTTP/1.1" 200 6871
202.8.40.59 - - [10/Jan/2025:02:08:18 +0100] "GET /ticket2/opencms/system/modules/com.gridnine.opencms.ticketbrokerage.site/resources/js/jquery/jquery-ui.js HTTP/1.1" 200 228088
202.8.40.59 - - [10/Jan/2025:02:08:18 +0100] "GET /ticket2/opencms/system/modules/com.gridnine.opencms.ticketbrokerage.site/resources/js/calendar.js HTTP/1.1" 200 49229
202.8.40.59 - - [10/Jan/2025:02:08:18 +0100] "GET /ticket2/opencms/system/modules/com.gridnine.opencms.ticketbrokerage.site/resources/js/jquery/jquery.js HTTP/1.1" 200 93868
202.8.40.59 - - [10/Jan/2025:02:08:18 +0100] "GET /ticket2/opencms/system/modules/com.gridnine.opencms.ticketbrokerage.site/resources/js/functions.js HTTP/1.1" 200 1583
202.8.40.59 - - [10/Jan/2025:02:08:18 +0100] "GET /ticket2/opencms/system/modules/com.gridnine.opencms.ticketbrokerage.site/resources/js/calendar-en.js HTTP/1.1" 200 3338
202.8.40.59 - - [10/Jan/2025:02:08:18 +0100] "GET /ticket2/opencms/system/modules/com.gridnine.opencms.ticketbrokerage.site/resources/js/calendar-setup.js HTTP/1.1" 200 4923
202.8.40.59 - - [10/Jan/2025:02:08:18 +0100] "GET /ticket2/opencms/system/modules/com.gridnine.opencms.ticketbrokerage.site/resources/js/jquery.fancybox.pack.js HTTP/1.1" 200 23187
193.70.81.110 - - [10/Jan/2025:02:08:18 +0100] "GET /ticket2/opencms/lt/buy/?page=1&edid=076317A2-E374-F6BE-C2AE-88F75CAA72F3 HTTP/1.1" 200 109980
202.8.40.59 - - [10/Jan/2025:02:08:18 +0100] "GET /ticket2/opencms/system/modules/com.gridnine.opencms.ticketbrokerage.site/resources/js/stickyfill.min.js HTTP/1.1" 200 5672
202.8.40.59 - - [10/Jan/2025:02:08:18 +0100] "GET /ticket2/opencms/system/modules/com.gridnine.opencms.ticketbrokerage.site/resources/js/standard.js HTTP/1.1" 200 3978
202.8.40.59 - - [10/Jan/2025:02:08:18 +0100] "GET /ticket2/opencms/system/modules/com.gridnine.opencms.ticketbrokerage.site/resources/js/jquery.placeholder.min.js HTTP/1.1" 200 1737
202.8.40.59 - - [10/Jan/2025:02:08:18 +0100] "GET /ticket2/opencms/system/modules/com.gridnine.opencms.ticketbrokerage.site/resources/js/common-ajax.js HTTP/1.1" 200 20175
193.70.81.110 - - [10/Jan/2025:02:08:20 +0100] "GET /ticket2/opencms/lt/buy/?page=1&edid=076411AC-E16D-03B5-E9C0-15F71C5D24A8 HTTP/1.1" 200 109898
54.36.148.165 - - [10/Jan/2025:02:08:20 +0100] "GET /ticket2/opencms/de/buy?page=1&edid=ABE0D196-5A84-0064-2AAA-8BE846913E3B HTTP/1.1" 200 135798
202.8.40.51 - - [10/Jan/2025:02:08:21 +0100] "GET /ticket2/opencms/system/modules/com.gridnine.opencms.ticketbrokerage.site/resources/css/jquery.fancybox.css HTTP/1.1" 200 4939
202.8.40.51 - - [10/Jan/2025:02:08:21 +0100] "GET /ticket2/opencms/system/modules/com.gridnine.opencms.ticketbrokerage.site/resources/css/standard.css HTTP/1.1" 200 73081
202.8.40.51 - - [10/Jan/2025:02:08:21 +0100] "GET /ticket2/opencms/system/modules/com.gridnine.opencms.ticketbrokerage.site/resources/css/ticketbrokerage.css HTTP/1.1" 200 39339
202.8.40.51 - - [10/Jan/2025:02:08:21 +0100] "GET /ticket2/opencms/system/modules/com.gridnine.opencms.ticketbrokerage.site/resources/css/calendar.css HTTP/1.1" 200 6871
202.8.40.51 - - [10/Jan/2025:02:08:21 +0100] "GET /ticket2/opencms/system/modules/com.gridnine.opencms.ticketbrokerage.site/resources/css/jquery-ui.css HTTP/1.1" 200 33221
202.8.40.51 - - [10/Jan/2025:02:08:21 +0100] "GET /ticket2/opencms/system/modules/com.gridnine.opencms.ticketbrokerage.site/resources/js/jquery/jquery.js HTTP/1.1" 200 93868
202.8.40.51 - - [10/Jan/2025:02:08:21 +0100] "GET /ticket2/opencms/system/modules/com.gridnine.opencms.ticketbrokerage.site/resources/js/jquery/jquery-ui.js HTTP/1.1" 200 228088
202.8.40.51 - - [10/Jan/2025:02:08:21 +0100] "GET /ticket2/opencms/system/modules/com.gridnine.opencms.ticketbrokerage.site/resources/js/functions.js HTTP/1.1" 200 1583
202.8.40.51 - - [10/Jan/2025:02:08:21 +0100] "GET /ticket2/opencms/system/modules/com.gridnine.opencms.ticketbrokerage.site/resources/js/calendar.js HTTP/1.1" 200 49229
202.8.40.51 - - [10/Jan/2025:02:08:21 +0100] "GET /ticket2/opencms/system/modules/com.gridnine.opencms.ticketbrokerage.site/resources/js/calendar-setup.js HTTP/1.1" 200 4923
202.8.40.51 - - [10/Jan/2025:02:08:21 +0100] "GET /ticket2/opencms/system/modules/com.gridnine.opencms.ticketbrokerage.site/resources/js/calendar-en.js HTTP/1.1" 200 3338
202.8.40.51 - - [10/Jan/2025:02:08:21 +0100] "GET /ticket2/opencms/system/modules/com.gridnine.opencms.ticketbrokerage.site/resources/js/stickyfill.min.js HTTP/1.1" 200 5672
202.8.40.51 - - [10/Jan/2025:02:08:21 +0100] "GET /ticket2/opencms/system/modules/com.gridnine.opencms.ticketbrokerage.site/resources/js/jquery.fancybox.pack.js HTTP/1.1" 200 23187
202.8.40.51 - - [10/Jan/2025:02:08:21 +0100] "GET /ticket2/opencms/system/modules/com.gridnine.opencms.ticketbrokerage.site/resources/js/standard.js HTTP/1.1" 200 3978
202.8.40.51 - - [10/Jan/2025:02:08:22 +0100] "GET /ticket2/opencms/system/modules/com.gridnine.opencms.ticketbrokerage.site/resources/js/jquery.placeholder.min.js HTTP/1.1" 200 1737
202.8.40.51 - - [10/Jan/2025:02:08:22 +0100] "GET /ticket2/opencms/system/modules/com.gridnine.opencms.ticketbrokerage.site/resources/js/common-ajax.js HTTP/1.1" 200 20175
202.8.40.51 - - [10/Jan/2025:02:08:22 +0100] "GET /ticket2/opencms/de/ask-form.html HTTP/1.1" 200 3156
202.8.40.51 - - [10/Jan/2025:02:08:22 +0100] "GET /ticket2/opencms/de/ask-form.html HTTP/1.1" 200 3156
202.8.40.51 - - [10/Jan/2025:02:08:22 +0100] "GET /ticket2/opencms/system/modules/com.gridnine.opencms.ticketbrokerage.site/resources/css/ticketbrokerage.css HTTP/1.1" 200 39339
193.70.81.110 - - [10/Jan/2025:02:08:22 +0100] "GET /ticket2/opencms/lt/buy/?page=1&edid=076A36E1-8459-8F83-1ADB-054D354A81CB HTTP/1.1" 200 109901
193.70.81.110 - - [10/Jan/2025:02:08:24 +0100] "GET /ticket2/opencms/lt/buy/?page=1&edid=077A4D05-90D5-AF2A-B689-A4F52E73EBA2 HTTP/1.1" 200 113753
20.169.171.118 - - [10/Jan/2025:02:08:25 +0100] "GET /ticket2/opencms/img/fb.png HTTP/1.1" 200 1269
193.70.81.110 - - [10/Jan/2025:02:08:26 +0100] "GET /ticket2/opencms/lt/buy/?page=1&edid=07DEB2A3-DF25-51E6-57DE-19F2D68F0F1B HTTP/1.1" 200 109949
193.70.81.110 - - [10/Jan/2025:02:08:28 +0100] "GET /ticket2/opencms/lt/buy/?page=1&edid=08134107-A430-5E4C-8313-5084A279B461 HTTP/1.1" 200 112648
65.21.113.194 - - [10/Jan/2025:02:08:28 +0100] "GET /ticket2/opencms/tr/buy/?page=1&edid=EFCA122E-EFD5-12F8-6F83-6930A0BC1F37 HTTP/1.1" 200 125451
193.70.81.110 - - [10/Jan/2025:02:08:30 +0100] "GET /ticket2/opencms/lt/buy/?page=1&edid=083AE95D-096C-41BA-96E0-6A784C0A08FB HTTP/1.1" 200 112954
193.70.81.110 - - [10/Jan/2025:02:08:33 +0100] "GET /ticket2/opencms/lt/buy/?page=1&edid=0859B3F5-666A-8459-68A2-BF0A731BAF06 HTTP/1.1" 200 136627
114.119.151.50 - - [10/Jan/2025:02:08:34 +0100] "GET /ticket2/opencms/en/sport/football-tickets/serie_a/atalanta/ HTTP/1.1" 200 98752
193.70.81.110 - - [10/Jan/2025:02:08:35 +0100] "GET /ticket2/opencms/lt/buy/?page=1&edid=08E96509-F113-0E6A-21FE-AD8C7D1444D0 HTTP/1.1" 200 128427
193.70.81.110 - - [10/Jan/2025:02:08:38 +0100] "GET /ticket2/opencms/lt/buy/?page=1&edid=096598FE-DA35-4351-DFEE-DC9ACA0F0EF9 HTTP/1.1" 200 136627
193.70.81.110 - - [10/Jan/2025:02:08:40 +0100] "GET /ticket2/opencms/lt/buy/?page=1&edid=0AB966ED-711A-1DD6-BBD9-5029029D10A0 HTTP/1.1" 200 113906
193.70.81.110 - - [10/Jan/2025:02:08:42 +0100] "GET /ticket2/opencms/lt/buy/?page=1&edid=0ABF5308-5A84-07C0-4649-8691D025AC4F HTTP/1.1" 200 127911
65.21.113.194 - - [10/Jan/2025:02:08:42 +0100] "GET /ticket2/opencms/tr/buy/?page=1&edid=F1463EBE-6C18-CF49-B2AE-F79868BCA4F5 HTTP/1.1" 200 142577
193.70.81.110 - - [10/Jan/2025:02:08:44 +0100] "GET /ticket2/opencms/lt/buy/?page=1&edid=0AF1C6C0-A1C3-739A-0A12-42406989AD79 HTTP/1.1" 200 109986
193.70.81.110 - - [10/Jan/2025:02:08:46 +0100] "GET /ticket2/opencms/lt/buy/?page=1&edid=0B61E12F-3357-9D4A-8CE6-56FAB7BA659C HTTP/1.1" 200 131298
65.21.113.194 - - [10/Jan/2025:02:08:48 +0100] "GET /ticket2/opencms/tr/buy/?page=1&edid=F6926B54-D901-FAF0-8126-EB0D6BB39E8E HTTP/1.1" 200 123294
193.70.81.110 - - [10/Jan/2025:02:08:48 +0100] "GET /ticket2/opencms/lt/buy/?page=1&edid=0B8FB8B2-1ADA-9758-EA1A-28D2373F0ADF HTTP/1.1" 200 112382
185.191.171.7 - - [10/Jan/2025:02:08:50 +0100] "GET /ticket2/opencms/sr/magazine/article?title=zvezde-ep-a-koje-se-najvise-googlaju-i-koje-su-najvece-na-instagramu HTTP/1.1" 200 98863
193.70.81.110 - - [10/Jan/2025:02:08:50 +0100] "GET /ticket2/opencms/lt/buy/?page=1&edid=0BD2537E-8D85-BBF5-463D-38EAF0609D0E HTTP/1.1" 200 109981
193.70.81.110 - - [10/Jan/2025:02:08:53 +0100] "GET /ticket2/opencms/lt/buy/?page=1&edid=0BE732AB-67CD-FDAE-FCB3-FFE731054A7F HTTP/1.1" 200 115941
65.21.113.194 - - [10/Jan/2025:02:08:54 +0100] "GET /ticket2/opencms/robots.txt HTTP/1.1" 200 773
65.21.113.194 - - [10/Jan/2025:02:08:55 +0100] "GET /ticket2/opencms/tr/buy/?page=1&edid=F70FF3E6-2D68-06C1-2E1B-CFF8AEEA395A HTTP/1.1" 200 125244
193.70.81.110 - - [10/Jan/2025:02:08:55 +0100] "GET /ticket2/opencms/lt/buy/?page=1&edid=0BFEF265-1561-95F2-B0AD-720F1986AD1D HTTP/1.1" 200 133424
85.208.96.193 - - [10/Jan/2025:02:08:56 +0100] "GET /ticket2/opencms/ro/magazine/article?title=premier-league-cele-mai-interesante-transferuri-ale-perioadei-de-transferuri HTTP/1.1" 200 95018
193.70.81.110 - - [10/Jan/2025:02:08:57 +0100] "GET /ticket2/opencms/lt/buy/?page=1&edid=0C1979DA-50CA-ECE7-2406-93F50E7E04D2 HTTP/1.1" 200 110012
65.21.113.194 - - [10/Jan/2025:02:08:59 +0100] "GET /ticket2/opencms/tr/buy/?page=1&edid=F7660972-1F1F-59FF-1410-FAEC9F9D74B8 HTTP/1.1" 200 131530
193.70.81.110 - - [10/Jan/2025:02:08:59 +0100] "GET /ticket2/opencms/lt/buy/?page=1&edid=0C675B35-F010-2227-D951-9B816929F720 HTTP/1.1" 200 119287
193.70.81.110 - - [10/Jan/2025:02:09:01 +0100] "GET /ticket2/opencms/lt/buy/?page=1&edid=0CBED0CE-AD48-5853-8CA7-767C378C5971 HTTP/1.1" 200 119524
85.208.96.194 - - [10/Jan/2025:02:09:02 +0100] "GET /ticket2/opencms/fi/magazine/article?title=em-tahtien-joita-googlataan-eniten-ja-jotka-ovat-suurimpia-instagramissa HTTP/1.1" 200 96092
193.70.81.110 - - [10/Jan/2025:02:09:03 +0100] "GET /ticket2/opencms/lt/buy/?page=1&edid=0DB0B92F-3B3A-E824-76FA-F690AF646C74 HTTP/1.1" 200 109894
65.21.113.194 - - [10/Jan/2025:02:09:05 +0100] "GET /ticket2/opencms/tr/buy/?page=1&edid=F8A721FB-6959-3E3B-0E9C-2BF5336E70F2 HTTP/1.1" 200 140706
193.70.81.110 - - [10/Jan/2025:02:09:06 +0100] "GET /ticket2/opencms/lt/buy/?page=1&edid=0DB336ED-B184-1B25-4EA8-B6E94BBC2DBC HTTP/1.1" 200 136566
193.70.81.110 - - [10/Jan/2025:02:09:08 +0100] "GET /ticket2/opencms/lt/buy/?page=1&edid=0DC29C5C-A273-34CB-58F3-441C87554AF1 HTTP/1.1" 200 125980
193.70.81.110 - - [10/Jan/2025:02:09:11 +0100] "GET /ticket2/opencms/lt/buy/?page=1&edid=0E015037-AEA8-A77C-F644-58B0F482ADCC HTTP/1.1" 200 137748
65.21.113.194 - - [10/Jan/2025:02:09:11 +0100] "GET /ticket2/opencms/tr/buy/?page=1&edid=FC000D61-FABC-A881-9E2E-0971242A71A3 HTTP/1.1" 200 112518
54.36.149.7 - - [10/Jan/2025:02:09:12 +0100] "GET /ticket2/opencms/sv/buy?page=1&edid=E8C34E6F-F034-0C2A-D437-ABD4D0BC81CD HTTP/1.1" 200 111921
193.70.81.110 - - [10/Jan/2025:02:09:12 +0100] "GET /ticket2/opencms/lt/buy/?page=1&edid=0E2185D1-6D42-D80F-0E47-29A01B6B0415 HTTP/1.1" 200 110007
72.222.235.217 - - [10/Jan/2025:02:09:13 +0100] "GET /ticket2/opencms/de/sport/fussball-tickets/premier_league/tottenham/?gad_source=5&gclid=EAIaIQobChMIgL-O0_vpigMVSuH9BR0ksy2sEAEYASAAEgJlU_D_BwE HTTP/1.1" 200 95059
202.8.42.184 - - [10/Jan/2025:02:09:13 +0100] "GET /ticket2/opencms/system/modules/com.gridnine.opencms.ticketbrokerage.site/resources/css/jquery.fancybox.css HTTP/1.1" 200 4939
202.8.42.184 - - [10/Jan/2025:02:09:13 +0100] "GET /ticket2/opencms/system/modules/com.gridnine.opencms.ticketbrokerage.site/resources/css/calendar.css HTTP/1.1" 200 6871
202.8.42.184 - - [10/Jan/2025:02:09:13 +0100] "GET /ticket2/opencms/system/modules/com.gridnine.opencms.ticketbrokerage.site/resources/js/jquery/jquery.js HTTP/1.1" 200 93868
202.8.42.184 - - [10/Jan/2025:02:09:13 +0100] "GET /ticket2/opencms/system/modules/com.gridnine.opencms.ticketbrokerage.site/resources/css/ticketbrokerage.css HTTP/1.1" 200 39339
202.8.42.184 - - [10/Jan/2025:02:09:13 +0100] "GET /ticket2/opencms/system/modules/com.gridnine.opencms.ticketbrokerage.site/resources/css/jquery-ui.css HTTP/1.1" 200 33221
202.8.42.184 - - [10/Jan/2025:02:09:13 +0100] "GET /ticket2/opencms/system/modules/com.gridnine.opencms.ticketbrokerage.site/resources/css/standard.css HTTP/1.1" 200 73081
202.8.42.184 - - [10/Jan/2025:02:09:14 +0100] "GET /ticket2/opencms/system/modules/com.gridnine.opencms.ticketbrokerage.site/resources/js/jquery/jquery-ui.js HTTP/1.1" 200 228088
202.8.42.184 - - [10/Jan/2025:02:09:14 +0100] "GET /ticket2/opencms/system/modules/com.gridnine.opencms.ticketbrokerage.site/resources/js/functions.js HTTP/1.1" 200 1583
202.8.42.184 - - [10/Jan/2025:02:09:14 +0100] "GET /ticket2/opencms/system/modules/com.gridnine.opencms.ticketbrokerage.site/resources/js/calendar.js HTTP/1.1" 200 49229
202.8.42.184 - - [10/Jan/2025:02:09:14 +0100] "GET /ticket2/opencms/system/modules/com.gridnine.opencms.ticketbrokerage.site/resources/js/calendar-setup.js HTTP/1.1" 200 4923
202.8.42.184 - - [10/Jan/2025:02:09:14 +0100] "GET /ticket2/opencms/system/modules/com.gridnine.opencms.ticketbrokerage.site/resources/js/calendar-en.js HTTP/1.1" 200 3338
202.8.42.184 - - [10/Jan/2025:02:09:14 +0100] "GET /ticket2/opencms/system/modules/com.gridnine.opencms.ticketbrokerage.site/resources/js/jquery.fancybox.pack.js HTTP/1.1" 200 23187
202.8.42.184 - - [10/Jan/2025:02:09:14 +0100] "GET /ticket2/opencms/system/modules/com.gridnine.opencms.ticketbrokerage.site/resources/js/stickyfill.min.js HTTP/1.1" 200 5672
202.8.42.184 - - [10/Jan/2025:02:09:14 +0100] "GET /ticket2/opencms/system/modules/com.gridnine.opencms.ticketbrokerage.site/resources/js/standard.js HTTP/1.1" 200 3978
202.8.42.184 - - [10/Jan/2025:02:09:14 +0100] "GET /ticket2/opencms/system/modules/com.gridnine.opencms.ticketbrokerage.site/resources/js/jquery.placeholder.min.js HTTP/1.1" 200 1737
202.8.42.184 - - [10/Jan/2025:02:09:14 +0100] "GET /ticket2/opencms/system/modules/com.gridnine.opencms.ticketbrokerage.site/resources/js/common-ajax.js HTTP/1.1" 200 20175
202.8.42.184 - - [10/Jan/2025:02:09:14 +0100] "GET /ticket2/opencms/sv/ask-form.html HTTP/1.1" 200 2950
72.222.235.217 - - [10/Jan/2025:02:09:14 +0100] "GET /ticket2/opencms/system/modules/com.gridnine.opencms.ticketbrokerage.site/resources/css/ticketbrokerage.css HTTP/1.1" 200 39339
72.222.235.217 - - [10/Jan/2025:02:09:14 +0100] "GET /ticket2/opencms/system/modules/com.gridnine.opencms.ticketbrokerage.site/resources/css/calendar.css HTTP/1.1" 200 6871
72.222.235.217 - - [10/Jan/2025:02:09:14 +0100] "GET /ticket2/opencms/system/modules/com.gridnine.opencms.ticketbrokerage.site/resources/css/jquery-ui.css HTTP/1.1" 200 33221
72.222.235.217 - - [10/Jan/2025:02:09:14 +0100] "GET /ticket2/opencms/de/sport/fussball-tickets/premier_league/tottenham/?gad_source=5&gclid=EAIaIQobChMIgL-O0_vpigMVSuH9BR0ksy2sEAEYASAAEgJlU_D_BwE HTTP/1.1" 200 95144
72.222.235.217 - - [10/Jan/2025:02:09:14 +0100] "GET /ticket2/opencms/system/modules/com.gridnine.opencms.ticketbrokerage.site/resources/css/standard.css HTTP/1.1" 200 73081
193.70.81.110 - - [10/Jan/2025:02:09:14 +0100] "GET /ticket2/opencms/lt/buy/?page=1&edid=0E487947-8D2A-A553-BF9C-F44B73D05AC1 HTTP/1.1" 200 109831
72.222.235.217 - - [10/Jan/2025:02:09:15 +0100] "GET /ticket2/opencms/system/modules/com.gridnine.opencms.ticketbrokerage.site/resources/css/jquery.fancybox.css HTTP/1.1" 200 4939
72.222.235.217 - - [10/Jan/2025:02:09:15 +0100] "GET /ticket2/opencms/system/modules/com.gridnine.opencms.ticketbrokerage.site/resources/js/jquery/jquery.js HTTP/1.1" 200 93868
72.222.235.217 - - [10/Jan/2025:02:09:15 +0100] "GET /ticket2/opencms/system/modules/com.gridnine.opencms.ticketbrokerage.site/resources/css/ticketbrokerage.css HTTP/1.1" 200 39339
72.222.235.217 - - [10/Jan/2025:02:09:15 +0100] "GET /ticket2/opencms/system/modules/com.gridnine.opencms.ticketbrokerage.site/resources/css/calendar.css HTTP/1.1" 200 6871
72.222.235.217 - - [10/Jan/2025:02:09:15 +0100] "GET /ticket2/opencms/system/modules/com.gridnine.opencms.ticketbrokerage.site/resources/js/jquery/jquery-ui.js HTTP/1.1" 200 228088
72.222.235.217 - - [10/Jan/2025:02:09:15 +0100] "GET /ticket2/opencms/de/sport/fussball-tickets/premier_league/tottenham/?gad_source=5&gclid=EAIaIQobChMIgL-O0_vpigMVSuH9BR0ksy2sEAEYASAAEgJlU_D_BwE HTTP/1.1" 200 95133
72.222.235.217 - - [10/Jan/2025:02:09:15 +0100] "GET /ticket2/opencms/system/modules/com.gridnine.opencms.ticketbrokerage.site/resources/css/standard.css HTTP/1.1" 200 73081
72.222.235.217 - - [10/Jan/2025:02:09:15 +0100] "GET /ticket2/opencms/system/modules/com.gridnine.opencms.ticketbrokerage.site/resources/js/functions.js HTTP/1.1" 200 1583
202.8.42.184 - - [10/Jan/2025:02:09:15 +0100] "GET /ticket2/opencms/sv/ask-form.html HTTP/1.1" 200 2950
202.8.42.184 - - [10/Jan/2025:02:09:15 +0100] "GET /ticket2/opencms/system/modules/com.gridnine.opencms.ticketbrokerage.site/resources/css/ticketbrokerage.css HTTP/1.1" 200 39339
72.222.235.217 - - [10/Jan/2025:02:09:15 +0100] "GET /ticket2/opencms/system/modules/com.gridnine.opencms.ticketbrokerage.site/resources/js/calendar.js HTTP/1.1" 200 49229
65.21.113.194 - - [10/Jan/2025:02:09:15 +0100] "GET /ticket2/opencms/tr/buy?page=1&edid=063774E2-DE1A-6A46-E97B-D379290B879E HTTP/1.1" 200 137741
72.222.235.217 - - [10/Jan/2025:02:09:16 +0100] "GET /ticket2/opencms/system/modules/com.gridnine.opencms.ticketbrokerage.site/resources/js/functions.js HTTP/1.1" 200 1583
72.222.235.217 - - [10/Jan/2025:02:09:16 +0100] "GET /ticket2/opencms/system/modules/com.gridnine.opencms.ticketbrokerage.site/resources/js/calendar.js HTTP/1.1" 200 49229
72.222.235.217 - - [10/Jan/2025:02:09:16 +0100] "GET /ticket2/opencms/system/modules/com.gridnine.opencms.ticketbrokerage.site/resources/js/calendar-en.js HTTP/1.1" 200 3338
72.222.235.217 - - [10/Jan/2025:02:09:16 +0100] "GET /ticket2/opencms/system/modules/com.gridnine.opencms.ticketbrokerage.site/resources/js/jquery.fancybox.pack.js HTTP/1.1" 200 23187
72.222.235.217 - - [10/Jan/2025:02:09:16 +0100] "GET /ticket2/opencms/system/modules/com.gridnine.opencms.ticketbrokerage.site/resources/js/stickyfill.min.js HTTP/1.1" 200 5672
72.222.235.217 - - [10/Jan/2025:02:09:16 +0100] "GET /ticket2/opencms/system/modules/com.gridnine.opencms.ticketbrokerage.site/resources/js/calendar-setup.js HTTP/1.1" 200 4923
72.222.235.217 - - [10/Jan/2025:02:09:16 +0100] "GET /ticket2/opencms/system/modules/com.gridnine.opencms.ticketbrokerage.site/resources/js/functions.js HTTP/1.1" 200 1583
72.222.235.217 - - [10/Jan/2025:02:09:16 +0100] "GET /ticket2/opencms/system/modules/com.gridnine.opencms.ticketbrokerage.site/resources/css/standard.css HTTP/1.1" 200 73081
72.222.235.217 - - [10/Jan/2025:02:09:16 +0100] "GET /ticket2/opencms/system/modules/com.gridnine.opencms.ticketbrokerage.site/resources/css/ticketbrokerage.css HTTP/1.1" 200 39339
72.222.235.217 - - [10/Jan/2025:02:09:16 +0100] "GET /ticket2/opencms/system/modules/com.gridnine.opencms.ticketbrokerage.site/resources/css/calendar.css HTTP/1.1" 200 6871
72.222.235.217 - - [10/Jan/2025:02:09:16 +0100] "GET /ticket2/opencms/system/modules/com.gridnine.opencms.ticketbrokerage.site/resources/js/calendar-en.js HTTP/1.1" 200 3338
72.222.235.217 - - [10/Jan/2025:02:09:16 +0100] "GET /ticket2/opencms/system/modules/com.gridnine.opencms.ticketbrokerage.site/resources/js/calendar.js HTTP/1.1" 200 49229
72.222.235.217 - - [10/Jan/2025:02:09:16 +0100] "GET /ticket2/opencms/system/modules/com.gridnine.opencms.ticketbrokerage.site/resources/js/calendar-en.js HTTP/1.1" 200 3338
72.222.235.217 - - [10/Jan/2025:02:09:16 +0100] "GET /ticket2/opencms/system/modules/com.gridnine.opencms.ticketbrokerage.site/resources/js/calendar-setup.js HTTP/1.1" 200 4923
193.70.81.110 - - [10/Jan/2025:02:09:17 +0100] "GET /ticket2/opencms/lt/buy/?page=1&edid=0EEA539C-CE62-5C9B-1748-3C47F0459AFF HTTP/1.1" 200 119377
72.222.235.217 - - [10/Jan/2025:02:09:17 +0100] "GET /ticket2/opencms/system/modules/com.gridnine.opencms.ticketbrokerage.site/resources/js/calendar-setup.js HTTP/1.1" 200 4923
72.222.235.217 - - [10/Jan/2025:02:09:17 +0100] "GET /ticket2/opencms/system/modules/com.gridnine.opencms.ticketbrokerage.site/resources/js/standard.js HTTP/1.1" 200 3978
72.222.235.217 - - [10/Jan/2025:02:09:17 +0100] "GET /ticket2/opencms/system/modules/com.gridnine.opencms.ticketbrokerage.site/resources/js/jquery.placeholder.min.js HTTP/1.1" 200 1737
72.222.235.217 - - [10/Jan/2025:02:09:17 +0100] "GET /ticket2/opencms/system/modules/com.gridnine.opencms.ticketbrokerage.site/resources/js/common-ajax.js HTTP/1.1" 200 20175
185.191.171.19 - - [10/Jan/2025:02:09:17 +0100] "GET /ticket2/opencms/sl/magazine/article?title=la-liga-real-madrid-osvojil-najvec-naslovov HTTP/1.1" 200 94129
72.222.235.217 - - [10/Jan/2025:02:09:18 +0100] "GET /ticket2/opencms/system/modules/com.gridnine.opencms.ticketbrokerage.site/resources/js/standard.js HTTP/1.1" 200 3978
72.222.235.217 - - [10/Jan/2025:02:09:19 +0100] "GET /ticket2/opencms/system/modules/com.gridnine.opencms.ticketbrokerage.site/resources/pics/logo-new.png HTTP/1.1" 200 13541
72.222.235.217 - - [10/Jan/2025:02:09:19 +0100] "GET /ticket2/opencms/img/insta.png HTTP/1.1" 200 3967
72.222.235.217 - - [10/Jan/2025:02:09:19 +0100] "GET /ticket2/opencms/img/fb.png HTTP/1.1" 200 1269
72.222.235.217 - - [10/Jan/2025:02:09:19 +0100] "GET /ticket2/opencms/system/modules/com.gridnine.opencms.ticketbrokerage.site/resources/pics/footer-img.jpg HTTP/1.1" 200 67642
193.70.81.110 - - [10/Jan/2025:02:09:19 +0100] "GET /ticket2/opencms/lt/buy/?page=1&edid=0F1609DC-3333-3ED5-6855-0A373223136E HTTP/1.1" 200 136638
72.222.235.217 - - [10/Jan/2025:02:09:19 +0100] "GET /ticket2/opencms/img/check.png HTTP/1.1" 200 548
47.128.54.74 - - [10/Jan/2025:02:09:19 +0100] "GET /ticket2/opencms/sq/buy/?edid=5DBB4F23-1DC6-5854-92A3-8C0AF6152B4D HTTP/1.1" 200 92786
72.222.235.217 - - [10/Jan/2025:02:09:19 +0100] "GET /ticket2/opencms/img/icons/en.png HTTP/1.1" 200 2415
72.222.235.217 - - [10/Jan/2025:02:09:20 +0100] "GET /ticket2/opencms/img/mail.png HTTP/1.1" 200 403
72.222.235.217 - - [10/Jan/2025:02:09:20 +0100] "GET /ticket2/opencms/system/modules/com.gridnine.opencms.ticketbrokerage.site/resources/js/standard.js HTTP/1.1" 200 3978
72.222.235.217 - - [10/Jan/2025:02:09:20 +0100] "GET /ticket2/opencms/img/chat.png HTTP/1.1" 200 416
65.21.113.194 - - [10/Jan/2025:02:09:20 +0100] "GET /ticket2/opencms/tr/buy?page=1&edid=069EC406-6DFD-08ED-B6CC-A7E203415919 HTTP/1.1" 200 136985
72.222.235.217 - - [10/Jan/2025:02:09:20 +0100] "GET /ticket2/opencms/img/hero-team.jpeg HTTP/1.1" 200 73065
72.222.235.217 - - [10/Jan/2025:02:09:20 +0100] "GET /ticket2/opencms/img/arrow.png HTTP/1.1" 200 753
193.70.81.110 - - [10/Jan/2025:02:09:21 +0100] "GET /ticket2/opencms/lt/buy/?page=1&edid=0F5B2278-CB2B-6519-1D28-92A45D61B015 HTTP/1.1" 200 113891
193.70.81.110 - - [10/Jan/2025:02:09:23 +0100] "GET /ticket2/opencms/lt/buy/?page=1&edid=0F75B18C-E221-E332-009D-FADB7D439839 HTTP/1.1" 200 113103
72.222.235.217 - - [10/Jan/2025:02:09:23 +0100] "GET /ticket2/opencms/img/icons/en.png HTTP/1.1" 200 2415
72.222.235.217 - - [10/Jan/2025:02:09:23 +0100] "GET /ticket2/opencms/img/icons/globe-white.png HTTP/1.1" 200 947
72.222.235.217 - - [10/Jan/2025:02:09:23 +0100] "GET /ticket2/opencms/img/icons/se.png HTTP/1.1" 200 1258
72.222.235.217 - - [10/Jan/2025:02:09:24 +0100] "GET /ticket2/opencms/img/icons/fi.png HTTP/1.1" 200 1785
72.222.235.217 - - [10/Jan/2025:02:09:24 +0100] "GET /ticket2/opencms/img/icons/no.png HTTP/1.1" 200 1958
72.222.235.217 - - [10/Jan/2025:02:09:24 +0100] "GET /ticket2/opencms/img/icons/dk.png HTTP/1.1" 200 1706
72.222.235.217 - - [10/Jan/2025:02:09:24 +0100] "GET /ticket2/opencms/img/icons/nl.png HTTP/1.1" 200 1255
72.222.235.217 - - [10/Jan/2025:02:09:24 +0100] "GET /ticket2/opencms/img/icons/de.png HTTP/1.1" 200 1124
72.222.235.217 - - [10/Jan/2025:02:09:24 +0100] "GET /ticket2/opencms/img/icons/fr.png HTTP/1.1" 200 1764
72.222.235.217 - - [10/Jan/2025:02:09:24 +0100] "GET /ticket2/opencms/img/icons/es.png HTTP/1.1" 200 1005
72.222.235.217 - - [10/Jan/2025:02:09:24 +0100] "GET /ticket2/opencms/img/icons/it.png HTTP/1.1" 200 2040
193.70.81.110 - - [10/Jan/2025:02:09:25 +0100] "GET /ticket2/opencms/lt/buy/?page=1&edid=0F9D6B87-FBA2-98F6-6A11-CBBA4D2A86C1 HTTP/1.1" 200 113660
72.222.235.217 - - [10/Jan/2025:02:09:25 +0100] "GET /ticket2/opencms/img/icons/pl.png HTTP/1.1" 200 1578
72.222.235.217 - - [10/Jan/2025:02:09:25 +0100] "GET /ticket2/opencms/img/icons/sq.png HTTP/1.1" 200 1619
72.222.235.217 - - [10/Jan/2025:02:09:25 +0100] "GET /ticket2/opencms/img/icons/az.png HTTP/1.1" 200 1445
72.222.235.217 - - [10/Jan/2025:02:09:25 +0100] "GET /ticket2/opencms/img/icons/be.png HTTP/1.1" 200 1663
72.222.235.217 - - [10/Jan/2025:02:09:25 +0100] "GET /ticket2/opencms/img/icons/bs.png HTTP/1.1" 200 1014
72.222.235.217 - - [10/Jan/2025:02:09:26 +0100] "GET /ticket2/opencms/img/icons/bg.png HTTP/1.1" 200 788
72.222.235.217 - - [10/Jan/2025:02:09:26 +0100] "GET /ticket2/opencms/img/icons/hr.png HTTP/1.1" 200 2024
72.222.235.217 - - [10/Jan/2025:02:09:26 +0100] "GET /ticket2/opencms/img/icons/et.png HTTP/1.1" 200 754
72.222.235.217 - - [10/Jan/2025:02:09:26 +0100] "GET /ticket2/opencms/img/icons/cs.png HTTP/1.1" 200 1883
72.222.235.217 - - [10/Jan/2025:02:09:26 +0100] "GET /ticket2/opencms/img/icons/el.png HTTP/1.1" 200 1637
65.21.113.194 - - [10/Jan/2025:02:09:26 +0100] "GET /ticket2/opencms/tr/buy?page=1&edid=08E96509-F113-0E6A-21FE-AD8C7D1444D0 HTTP/1.1" 200 128726
72.222.235.217 - - [10/Jan/2025:02:09:26 +0100] "GET /ticket2/opencms/img/icons/hu.png HTTP/1.1" 200 733
72.222.235.217 - - [10/Jan/2025:02:09:27 +0100] "GET /ticket2/opencms/img/icons/ka.png HTTP/1.1" 200 860
72.222.235.217 - - [10/Jan/2025:02:09:27 +0100] "GET /ticket2/opencms/img/icons/is.png HTTP/1.1" 200 1884
193.70.81.110 - - [10/Jan/2025:02:09:27 +0100] "GET /ticket2/opencms/lt/buy/?page=1&edid=0FAACBE6-EEE9-1D79-AA22-B901E0624521 HTTP/1.1" 200 109968
72.222.235.217 - - [10/Jan/2025:02:09:27 +0100] "GET /ticket2/opencms/img/icons/ga.png HTTP/1.1" 200 1759
72.222.235.217 - - [10/Jan/2025:02:09:27 +0100] "GET /ticket2/opencms/img/icons/lv.png HTTP/1.1" 200 716
72.222.235.217 - - [10/Jan/2025:02:09:27 +0100] "GET /ticket2/opencms/img/icons/lt.png HTTP/1.1" 200 733
72.222.235.217 - - [10/Jan/2025:02:09:27 +0100] "GET /ticket2/opencms/img/icons/mt.png HTTP/1.1" 200 920
72.222.235.217 - - [10/Jan/2025:02:09:27 +0100] "GET /ticket2/opencms/img/icons/mo.png HTTP/1.1" 200 1468
72.222.235.217 - - [10/Jan/2025:02:09:28 +0100] "GET /ticket2/opencms/img/icons/ro.png HTTP/1.1" 200 1393
72.222.235.217 - - [10/Jan/2025:02:09:28 +0100] "GET /ticket2/opencms/img/icons/sr.png HTTP/1.1" 200 1602
72.222.235.217 - - [10/Jan/2025:02:09:28 +0100] "GET /ticket2/opencms/img/icons/sk.png HTTP/1.1" 200 1283
72.222.235.217 - - [10/Jan/2025:02:09:28 +0100] "GET /ticket2/opencms/img/icons/sl.png HTTP/1.1" 200 966
72.222.235.217 - - [10/Jan/2025:02:09:28 +0100] "GET /ticket2/opencms/img/icons/uk.png HTTP/1.1" 200 1272
72.222.235.217 - - [10/Jan/2025:02:09:29 +0100] "GET /ticket2/opencms/img/icons/tr.png HTTP/1.1" 200 1636
193.70.81.110 - - [10/Jan/2025:02:09:29 +0100] "GET /ticket2/opencms/lt/buy/?page=1&edid=0FDE0AF4-9670-B36A-AA4D-4052EE1D47FE HTTP/1.1" 200 113217
51.8.102.176 - - [10/Jan/2025:02:09:29 +0100] "GET /ticket2/opencms/el/magazine/article?title=analysh-poso-exoyn-ay3h8ei-oi-times-twn-eisithriwn-ths-premier-league-h-liverpool-kai-h-arsenal-einai-oi-pio-akribes HTTP/1.1" 200 100880
193.70.81.110 - - [10/Jan/2025:02:09:31 +0100] "GET /ticket2/opencms/lt/buy/?page=1&edid=102FC15A-4406-C66D-55EB-877612BDD22A HTTP/1.1" 200 109908
65.21.113.194 - - [10/Jan/2025:02:09:31 +0100] "GET /ticket2/opencms/tr/buy?page=1&edid=1046C14E-D95C-B350-CBCD-2ECE5F3DCC46 HTTP/1.1" 200 125373
72.222.235.217 - - [10/Jan/2025:02:09:33 +0100] "GET /ticket2/opencms/img/icons/ticket2.thumbnail.png HTTP/1.1" 200 21519
72.222.235.217 - - [10/Jan/2025:02:09:33 +0100] "GET /ticket2/opencms/system/modules/com.gridnine.opencms.ticketbrokerage.site/resources/js/standard.js HTTP/1.1" 200 3978
193.70.81.110 - - [10/Jan/2025:02:09:33 +0100] "GET /ticket2/opencms/lt/buy/?page=1&edid=10404C2E-90F1-82CF-4642-1D2B3FC97049 HTTP/1.1" 200 119290
72.222.235.217 - - [10/Jan/2025:02:09:33 +0100] "GET /ticket2/opencms/system/modules/com.gridnine.opencms.ticketbrokerage.site/resources/js/standard.js HTTP/1.1" 200 3978
72.222.235.217 - - [10/Jan/2025:02:09:34 +0100] "GET /ticket2/opencms/system/modules/com.gridnine.opencms.ticketbrokerage.site/resources/js/standard.js HTTP/1.1" 200 3978
47.128.32.177 - - [10/Jan/2025:02:09:34 +0100] "GET /ticket2/opencms/sl/ HTTP/1.1" 200 100815
193.70.81.110 - - [10/Jan/2025:02:09:35 +0100] "GET /ticket2/opencms/lt/buy/?page=1&edid=1046C14E-D95C-B350-CBCD-2ECE5F3DCC46 HTTP/1.1" 200 125178
65.21.113.194 - - [10/Jan/2025:02:09:35 +0100] "GET /ticket2/opencms/tr/buy?page=1&edid=10597F35-2AC7-31D2-FB61-15A36BB6D73B HTTP/1.1" 200 137739
40.77.167.241 - - [10/Jan/2025:02:09:36 +0100] "GET /ticket2/opencms/nl/magazine/article?title=de-lijst-van-genomineerden-voor-de-ballon-dor HTTP/1.1" 200 92560
193.70.81.110 - - [10/Jan/2025:02:09:38 +0100] "GET /ticket2/opencms/lt/buy/?page=1&edid=10597F35-2AC7-31D2-FB61-15A36BB6D73B HTTP/1.1" 200 137774
185.191.171.7 - - [10/Jan/2025:02:09:39 +0100] "GET /ticket2/opencms/sv/sport/fotbollsbiljetter/premier_league/liverpool/restips_anfield/ HTTP/1.1" 200 90374
216.244.66.196 - - [10/Jan/2025:02:09:40 +0100] "GET /ticket2/opencms/robots.txt HTTP/1.1" 200 773
193.70.81.110 - - [10/Jan/2025:02:09:40 +0100] "GET /ticket2/opencms/lt/buy/?page=1&edid=1086B72F-DBD6-9692-F63A-F48C5075D0F2 HTTP/1.1" 200 136522
85.208.96.198 - - [10/Jan/2025:02:09:42 +0100] "GET /ticket2/opencms/mt/magazine/article?title=kylian-mbappe HTTP/1.1" 200 93414
65.21.113.194 - - [10/Jan/2025:02:09:42 +0100] "GET /ticket2/opencms/tr/buy?page=1&edid=11EFBC55-130A-2310-B776-C5D86878BDAB HTTP/1.1" 200 113178
193.70.81.110 - - [10/Jan/2025:02:09:42 +0100] "GET /ticket2/opencms/lt/buy/?page=1&edid=10D2F1A4-37B5-63BF-BBD7-BDB95680D6AA HTTP/1.1" 200 115978
193.70.81.110 - - [10/Jan/2025:02:09:45 +0100] "GET /ticket2/opencms/lt/buy/?page=1&edid=10D9C6ED-4239-939C-EE12-6D152DF1B2D3 HTTP/1.1" 200 119239
193.70.81.110 - - [10/Jan/2025:02:09:47 +0100] "GET /ticket2/opencms/lt/buy/?page=1&edid=112C184D-3A94-44FA-B313-A385348972F5 HTTP/1.1" 200 109916
193.70.81.110 - - [10/Jan/2025:02:09:49 +0100] "GET /ticket2/opencms/lt/buy/?page=1&edid=118A3802-D725-F51C-C728-F00DE572E0E3 HTTP/1.1" 200 113196
65.21.113.194 - - [10/Jan/2025:02:09:50 +0100] "GET /ticket2/opencms/tr/buy?page=1&edid=160DAC9A-2A77-6FDC-52B8-296352B1ABF1 HTTP/1.1" 200 139024
193.70.81.110 - - [10/Jan/2025:02:09:51 +0100] "GET /ticket2/opencms/lt/buy/?page=1&edid=11EE072D-8BDA-AD9E-6DE3-4565DECD9282 HTTP/1.1" 200 122382
193.70.81.110 - - [10/Jan/2025:02:09:53 +0100] "GET /ticket2/opencms/lt/buy/?page=1&edid=11EFBC55-130A-2310-B776-C5D86878BDAB HTTP/1.1" 200 113073
47.128.58.136 - - [10/Jan/2025:02:09:54 +0100] "GET /ticket2/opencms/az/buy/?edid=F4EBEB69-FF72-F763-336C-E8A05C228178 HTTP/1.1" 200 92797
193.70.81.110 - - [10/Jan/2025:02:09:55 +0100] "GET /ticket2/opencms/lt/buy/?page=1&edid=12474983-5AA1-F5EA-A884-C295416C9EFF HTTP/1.1" 200 112088
65.21.113.194 - - [10/Jan/2025:02:09:56 +0100] "GET /ticket2/opencms/tr/buy?page=1&edid=1ABC406A-92BD-FDCF-3BD6-80A52E60B34F HTTP/1.1" 200 146542
193.70.81.110 - - [10/Jan/2025:02:09:57 +0100] "GET /ticket2/opencms/lt/buy/?page=1&edid=124AB9EA-9725-B2E8-695D-AFCA1BEC6302 HTTP/1.1" 200 109860
185.191.171.3 - - [10/Jan/2025:02:09:58 +0100] "GET /ticket2/opencms/sq/buying_tickets/ HTTP/1.1" 200 88836
193.70.81.110 - - [10/Jan/2025:02:09:59 +0100] "GET /ticket2/opencms/lt/buy/?page=1&edid=125D5AA8-AD90-8CAC-0060-B35EE32435FE HTTP/1.1" 200 109994
193.70.81.110 - - [10/Jan/2025:02:10:01 +0100] "GET /ticket2/opencms/lt/buy/?page=1&edid=125D8704-4F25-BA08-9A7D-175DE227A1FB HTTP/1.1" 200 109943
65.21.113.194 - - [10/Jan/2025:02:10:02 +0100] "GET /ticket2/opencms/tr/buy?page=1&edid=1AD4E11C-C792-1721-4D1A-2229101A30FD HTTP/1.1" 200 146357
193.70.81.110 - - [10/Jan/2025:02:10:03 +0100] "GET /ticket2/opencms/lt/buy/?page=1&edid=126E7844-E6E1-432A-5140-6A6B87787BFF HTTP/1.1" 200 136152
193.70.81.110 - - [10/Jan/2025:02:10:06 +0100] "GET /ticket2/opencms/lt/buy/?page=1&edid=128622B7-EDDD-3A5E-9897-BCB852F1E8F1 HTTP/1.1" 200 112220
193.70.81.110 - - [10/Jan/2025:02:10:08 +0100] "GET /ticket2/opencms/lt/buy/?page=1&edid=1291CD6B-4651-52CC-8D36-B0FB58FEEDFA HTTP/1.1" 200 131255
65.21.113.194 - - [10/Jan/2025:02:10:09 +0100] "GET /ticket2/opencms/tr/buy?page=1&edid=1B836A42-4F20-7A0F-05D1-08388A470666 HTTP/1.1" 200 112572
54.36.148.171 - - [10/Jan/2025:02:10:09 +0100] "GET /ticket2/opencms/nl/buy?page=1&edid=E8C34E6F-F034-0C2A-D437-ABD4D0BC81CD HTTP/1.1" 200 110631
193.70.81.110 - - [10/Jan/2025:02:10:10 +0100] "GET /ticket2/opencms/lt/buy/?page=1&edid=129E6B22-9A99-A50C-D1AD-FCB6DC2836EB HTTP/1.1" 200 113179
202.8.41.9 - - [10/Jan/2025:02:10:10 +0100] "GET /ticket2/opencms/system/modules/com.gridnine.opencms.ticketbrokerage.site/resources/css/jquery.fancybox.css HTTP/1.1" 200 4939
202.8.41.9 - - [10/Jan/2025:02:10:10 +0100] "GET /ticket2/opencms/system/modules/com.gridnine.opencms.ticketbrokerage.site/resources/css/standard.css HTTP/1.1" 200 73081
202.8.41.9 - - [10/Jan/2025:02:10:10 +0100] "GET /ticket2/opencms/system/modules/com.gridnine.opencms.ticketbrokerage.site/resources/css/calendar.css HTTP/1.1" 200 6871
202.8.41.9 - - [10/Jan/2025:02:10:10 +0100] "GET /ticket2/opencms/system/modules/com.gridnine.opencms.ticketbrokerage.site/resources/css/jquery-ui.css HTTP/1.1" 200 33221
202.8.41.9 - - [10/Jan/2025:02:10:10 +0100] "GET /ticket2/opencms/system/modules/com.gridnine.opencms.ticketbrokerage.site/resources/css/ticketbrokerage.css HTTP/1.1" 200 39339
202.8.41.9 - - [10/Jan/2025:02:10:10 +0100] "GET /ticket2/opencms/system/modules/com.gridnine.opencms.ticketbrokerage.site/resources/js/jquery/jquery.js HTTP/1.1" 200 93868
202.8.41.9 - - [10/Jan/2025:02:10:10 +0100] "GET /ticket2/opencms/system/modules/com.gridnine.opencms.ticketbrokerage.site/resources/js/functions.js HTTP/1.1" 200 1583
202.8.41.9 - - [10/Jan/2025:02:10:10 +0100] "GET /ticket2/opencms/system/modules/com.gridnine.opencms.ticketbrokerage.site/resources/js/calendar.js HTTP/1.1" 200 49229
202.8.41.9 - - [10/Jan/2025:02:10:10 +0100] "GET /ticket2/opencms/system/modules/com.gridnine.opencms.ticketbrokerage.site/resources/js/calendar-en.js HTTP/1.1" 200 3338
202.8.41.9 - - [10/Jan/2025:02:10:10 +0100] "GET /ticket2/opencms/system/modules/com.gridnine.opencms.ticketbrokerage.site/resources/js/calendar-setup.js HTTP/1.1" 200 4923
202.8.41.9 - - [10/Jan/2025:02:10:10 +0100] "GET /ticket2/opencms/system/modules/com.gridnine.opencms.ticketbrokerage.site/resources/js/jquery/jquery-ui.js HTTP/1.1" 200 228088
202.8.41.9 - - [10/Jan/2025:02:10:10 +0100] "GET /ticket2/opencms/system/modules/com.gridnine.opencms.ticketbrokerage.site/resources/js/jquery.fancybox.pack.js HTTP/1.1" 200 23187
202.8.41.9 - - [10/Jan/2025:02:10:10 +0100] "GET /ticket2/opencms/system/modules/com.gridnine.opencms.ticketbrokerage.site/resources/js/standard.js HTTP/1.1" 200 3978
202.8.41.9 - - [10/Jan/2025:02:10:10 +0100] "GET /ticket2/opencms/system/modules/com.gridnine.opencms.ticketbrokerage.site/resources/js/stickyfill.min.js HTTP/1.1" 200 5672
185.191.171.13 - - [10/Jan/2025:02:10:11 +0100] "GET /ticket2/opencms/ga/magazine/article?title=bournemouth HTTP/1.1" 200 93838
202.8.41.9 - - [10/Jan/2025:02:10:11 +0100] "GET /ticket2/opencms/system/modules/com.gridnine.opencms.ticketbrokerage.site/resources/js/jquery.placeholder.min.js HTTP/1.1" 200 1737
