202.8.42.6 - - [10/Jan/2025:03:10:43 +0100] "GET /ticket2/opencms/system/modules/com.gridnine.opencms.ticketbrokerage.site/resources/js/jquery.placeholder.min.js HTTP/1.1" 200 1737
202.8.42.6 - - [10/Jan/2025:03:10:43 +0100] "GET /ticket2/opencms/system/modules/com.gridnine.opencms.ticketbrokerage.site/resources/js/common-ajax.js HTTP/1.1" 200 20175
202.8.42.6 - - [10/Jan/2025:03:10:43 +0100] "GET /ticket2/opencms/en/ask-form.html HTTP/1.1" 200 3146
202.8.42.6 - - [10/Jan/2025:03:10:43 +0100] "GET /ticket2/opencms/system/modules/com.gridnine.opencms.ticketbrokerage.site/resources/css/ticketbrokerage.css HTTP/1.1" 200 39339
85.208.96.200 - - [10/Jan/2025:03:10:44 +0100] "GET /ticket2/opencms/no/magazine/article?title=fulham-fc HTTP/1.1" 200 91713
54.36.148.1 - - [10/Jan/2025:03:10:45 +0100] "GET /ticket2/opencms/it/buy?page=1&edid=BDF141E0-5E55-1E49-4955-1BD69DA544CA HTTP/1.1" 200 112074
202.8.43.161 - - [10/Jan/2025:03:10:46 +0100] "GET /ticket2/opencms/system/modules/com.gridnine.opencms.ticketbrokerage.site/resources/css/ticketbrokerage.css HTTP/1.1" 200 39339
202.8.43.161 - - [10/Jan/2025:03:10:46 +0100] "GET /ticket2/opencms/system/modules/com.gridnine.opencms.ticketbrokerage.site/resources/css/calendar.css HTTP/1.1" 200 6871
202.8.43.161 - - [10/Jan/2025:03:10:46 +0100] "GET /ticket2/opencms/system/modules/com.gridnine.opencms.ticketbrokerage.site/resources/css/jquery-ui.css HTTP/1.1" 200 33221
202.8.43.161 - - [10/Jan/2025:03:10:46 +0100] "GET /ticket2/opencms/system/modules/com.gridnine.opencms.ticketbrokerage.site/resources/css/jquery.fancybox.css HTTP/1.1" 200 4939
202.8.43.161 - - [10/Jan/2025:03:10:46 +0100] "GET /ticket2/opencms/system/modules/com.gridnine.opencms.ticketbrokerage.site/resources/css/standard.css HTTP/1.1" 200 73081
202.8.43.161 - - [10/Jan/2025:03:10:46 +0100] "GET /ticket2/opencms/system/modules/com.gridnine.opencms.ticketbrokerage.site/resources/js/jquery/jquery-ui.js HTTP/1.1" 200 228088
202.8.43.161 - - [10/Jan/2025:03:10:46 +0100] "GET /ticket2/opencms/system/modules/com.gridnine.opencms.ticketbrokerage.site/resources/js/jquery/jquery.js HTTP/1.1" 200 93868
202.8.43.161 - - [10/Jan/2025:03:10:46 +0100] "GET /ticket2/opencms/system/modules/com.gridnine.opencms.ticketbrokerage.site/resources/js/functions.js HTTP/1.1" 200 1583
202.8.43.161 - - [10/Jan/2025:03:10:46 +0100] "GET /ticket2/opencms/system/modules/com.gridnine.opencms.ticketbrokerage.site/resources/js/calendar-setup.js HTTP/1.1" 200 4923
202.8.43.161 - - [10/Jan/2025:03:10:46 +0100] "GET /ticket2/opencms/system/modules/com.gridnine.opencms.ticketbrokerage.site/resources/js/calendar.js HTTP/1.1" 200 49229
185.191.171.5 - - [10/Jan/2025:03:10:46 +0100] "GET /ticket2/opencms/uk/magazine/article?title=joao-palhinha-to-bayern-munich-a-new-midfield-force-arrives-at-allianz-arena HTTP/1.1" 200 96338
202.8.43.161 - - [10/Jan/2025:03:10:46 +0100] "GET /ticket2/opencms/system/modules/com.gridnine.opencms.ticketbrokerage.site/resources/js/calendar-en.js HTTP/1.1" 200 3338
202.8.43.161 - - [10/Jan/2025:03:10:46 +0100] "GET /ticket2/opencms/system/modules/com.gridnine.opencms.ticketbrokerage.site/resources/js/stickyfill.min.js HTTP/1.1" 200 5672
202.8.43.161 - - [10/Jan/2025:03:10:46 +0100] "GET /ticket2/opencms/system/modules/com.gridnine.opencms.ticketbrokerage.site/resources/js/jquery.fancybox.pack.js HTTP/1.1" 200 23187
202.8.43.161 - - [10/Jan/2025:03:10:46 +0100] "GET /ticket2/opencms/system/modules/com.gridnine.opencms.ticketbrokerage.site/resources/js/standard.js HTTP/1.1" 200 3978
202.8.43.161 - - [10/Jan/2025:03:10:46 +0100] "GET /ticket2/opencms/system/modules/com.gridnine.opencms.ticketbrokerage.site/resources/js/jquery.placeholder.min.js HTTP/1.1" 200 1737
202.8.43.161 - - [10/Jan/2025:03:10:47 +0100] "GET /ticket2/opencms/system/modules/com.gridnine.opencms.ticketbrokerage.site/resources/js/common-ajax.js HTTP/1.1" 200 20175
202.8.43.161 - - [10/Jan/2025:03:10:47 +0100] "GET /ticket2/opencms/it/ask-form.html HTTP/1.1" 200 3156
202.8.43.161 - - [10/Jan/2025:03:10:47 +0100] "GET /ticket2/opencms/system/modules/com.gridnine.opencms.ticketbrokerage.site/resources/css/ticketbrokerage.css HTTP/1.1" 200 39339
85.208.96.211 - - [10/Jan/2025:03:10:49 +0100] "GET /ticket2/opencms/is/magazine/article?title=joel-matip-yfirgefur-liverpool-fc HTTP/1.1" 200 95346
85.208.96.198 - - [10/Jan/2025:03:10:52 +0100] "GET /ticket2/opencms/no/magazine/article?title=eredivisie HTTP/1.1" 200 94608
207.46.13.87 - - [10/Jan/2025:03:10:59 +0100] "GET /ticket2/opencms/mt/?comcatid=A17713B6-D984-201A-4143-ED4DB5ED5C2E&catid=8AA488FA-6797-D710-8108-3088D6948FC1 HTTP/1.1" 200 100900
207.46.13.87 - - [10/Jan/2025:03:11:07 +0100] "GET /ticket2/opencms/ga/magazine/article?title=legendaren-i-heit-ordvaxling-med-supporter HTTP/1.1" 200 94279
207.46.13.87 - - [10/Jan/2025:03:11:09 +0100] "GET /ticket2/opencms/el/buy?page=1&edid=5ACC49E3-C614-6457-C3A6-7D09F1392A5C HTTP/1.1" 200 113557
47.128.123.4 - - [10/Jan/2025:03:11:14 +0100] "GET /ticket2/opencms/be/magazine/article/ HTTP/1.1" 200 89279
85.208.96.211 - - [10/Jan/2025:03:11:15 +0100] "GET /ticket2/opencms/en/sport/football-tickets/serie_a/fiorentina/ HTTP/1.1" 200 98287
114.119.148.14 - - [10/Jan/2025:03:11:26 +0100] "GET /ticket2/opencms/en/sell/?edid=E4D70CB8-6D89-F890-43F5-E8D14DCE566A HTTP/1.1" 302 -
114.119.148.14 - - [10/Jan/2025:03:11:30 +0100] "GET /ticket2/opencms/en/login/?url=/en/sell/ HTTP/1.1" 200 89800
54.36.149.1 - - [10/Jan/2025:03:11:32 +0100] "GET /ticket2/opencms/sv/buy/?page=1&edid=F1463EBE-6C18-CF49-B2AE-F79868BCA4F5 HTTP/1.1" 200 141092
202.8.40.104 - - [10/Jan/2025:03:11:34 +0100] "GET /ticket2/opencms/system/modules/com.gridnine.opencms.ticketbrokerage.site/resources/css/ticketbrokerage.css HTTP/1.1" 200 39339
202.8.40.104 - - [10/Jan/2025:03:11:34 +0100] "GET /ticket2/opencms/system/modules/com.gridnine.opencms.ticketbrokerage.site/resources/css/jquery.fancybox.css HTTP/1.1" 200 4939
202.8.40.104 - - [10/Jan/2025:03:11:34 +0100] "GET /ticket2/opencms/system/modules/com.gridnine.opencms.ticketbrokerage.site/resources/css/standard.css HTTP/1.1" 200 73081
202.8.40.104 - - [10/Jan/2025:03:11:34 +0100] "GET /ticket2/opencms/system/modules/com.gridnine.opencms.ticketbrokerage.site/resources/css/calendar.css HTTP/1.1" 200 6871
202.8.40.104 - - [10/Jan/2025:03:11:34 +0100] "GET /ticket2/opencms/system/modules/com.gridnine.opencms.ticketbrokerage.site/resources/css/jquery-ui.css HTTP/1.1" 200 33221
202.8.40.104 - - [10/Jan/2025:03:11:34 +0100] "GET /ticket2/opencms/system/modules/com.gridnine.opencms.ticketbrokerage.site/resources/js/jquery/jquery.js HTTP/1.1" 200 93868
202.8.40.104 - - [10/Jan/2025:03:11:34 +0100] "GET /ticket2/opencms/system/modules/com.gridnine.opencms.ticketbrokerage.site/resources/js/functions.js HTTP/1.1" 200 1583
202.8.40.104 - - [10/Jan/2025:03:11:34 +0100] "GET /ticket2/opencms/system/modules/com.gridnine.opencms.ticketbrokerage.site/resources/js/jquery/jquery-ui.js HTTP/1.1" 200 228088
202.8.40.104 - - [10/Jan/2025:03:11:34 +0100] "GET /ticket2/opencms/system/modules/com.gridnine.opencms.ticketbrokerage.site/resources/js/calendar.js HTTP/1.1" 200 49229
202.8.40.104 - - [10/Jan/2025:03:11:34 +0100] "GET /ticket2/opencms/system/modules/com.gridnine.opencms.ticketbrokerage.site/resources/js/calendar-setup.js HTTP/1.1" 200 4923
202.8.40.104 - - [10/Jan/2025:03:11:34 +0100] "GET /ticket2/opencms/system/modules/com.gridnine.opencms.ticketbrokerage.site/resources/js/calendar-en.js HTTP/1.1" 200 3338
202.8.40.104 - - [10/Jan/2025:03:11:34 +0100] "GET /ticket2/opencms/system/modules/com.gridnine.opencms.ticketbrokerage.site/resources/js/jquery.fancybox.pack.js HTTP/1.1" 200 23187
202.8.40.104 - - [10/Jan/2025:03:11:34 +0100] "GET /ticket2/opencms/system/modules/com.gridnine.opencms.ticketbrokerage.site/resources/js/stickyfill.min.js HTTP/1.1" 200 5672
202.8.40.104 - - [10/Jan/2025:03:11:34 +0100] "GET /ticket2/opencms/system/modules/com.gridnine.opencms.ticketbrokerage.site/resources/js/standard.js HTTP/1.1" 200 3978
202.8.40.104 - - [10/Jan/2025:03:11:34 +0100] "GET /ticket2/opencms/system/modules/com.gridnine.opencms.ticketbrokerage.site/resources/js/jquery.placeholder.min.js HTTP/1.1" 200 1737
202.8.40.104 - - [10/Jan/2025:03:11:34 +0100] "GET /ticket2/opencms/system/modules/com.gridnine.opencms.ticketbrokerage.site/resources/js/common-ajax.js HTTP/1.1" 200 20175
202.8.40.104 - - [10/Jan/2025:03:11:34 +0100] "GET /ticket2/opencms/sv/ask-form.html HTTP/1.1" 200 2950
202.8.40.104 - - [10/Jan/2025:03:11:34 +0100] "GET /ticket2/opencms/sv/ask-form.html HTTP/1.1" 200 2950
202.8.40.104 - - [10/Jan/2025:03:11:35 +0100] "GET /ticket2/opencms/system/modules/com.gridnine.opencms.ticketbrokerage.site/resources/js/standard.js HTTP/1.1" 200 3978
202.8.40.104 - - [10/Jan/2025:03:11:35 +0100] "GET /ticket2/opencms/system/modules/com.gridnine.opencms.ticketbrokerage.site/resources/css/ticketbrokerage.css HTTP/1.1" 200 39339
114.119.140.111 - - [10/Jan/2025:03:11:36 +0100] "GET /ticket2/opencms/en/buy?page=1&edid=FBF97123-C4DC-224E-5916-1B6D9DC6C92D HTTP/1.1" 200 110757
47.128.98.40 - - [10/Jan/2025:03:11:40 +0100] "GET /ticket2/opencms/fi/venue/?venueid=FF8D2B77-C235-F0A7-6D99-CAC26AC9D392 HTTP/1.1" 200 86742
207.46.13.87 - - [10/Jan/2025:03:11:44 +0100] "GET /ticket2/opencms/sr/buy?page=1&edid=C4C24026-3ADF-F23A-0ABB-D3544847DDA2 HTTP/1.1" 200 110297
149.202.65.183 - - [10/Jan/2025:03:11:47 +0100] "GET /ticket2/opencms/mo/buy/?comcatid=A17713B6-D984-201A-4143-ED4DB5ED5C2E&catid=24AC1CA6-1C09-0BE5-C04A-9DCCDB15D5E9 HTTP/1.1" 200 6410
185.191.171.15 - - [10/Jan/2025:03:11:48 +0100] "GET /ticket2/opencms/es/magazine/article?title=la-nations-league-esta-en-pleno-desarrollo HTTP/1.1" 200 94164
149.202.65.183 - - [10/Jan/2025:03:11:48 +0100] "GET /ticket2/opencms/mo/buy/?comcatid=A17713B6-D984-201A-4143-ED4DB5ED5C2E&catid=2DE12DDA-A5FB-C1C6-CB20-FBF873FB032B HTTP/1.1" 200 6410
149.202.65.183 - - [10/Jan/2025:03:11:50 +0100] "GET /ticket2/opencms/mo/buy/?comcatid=A17713B6-D984-201A-4143-ED4DB5ED5C2E&catid=2FC3D548-EAF9-1354-0CD2-7D7619DA2334 HTTP/1.1" 200 6410
149.202.65.183 - - [10/Jan/2025:03:11:52 +0100] "GET /ticket2/opencms/mo/buy/?comcatid=A17713B6-D984-201A-4143-ED4DB5ED5C2E&catid=36394212-F82E-F845-399B-42BED55969CC HTTP/1.1" 200 6410
149.202.65.183 - - [10/Jan/2025:03:11:54 +0100] "GET /ticket2/opencms/mo/buy/?comcatid=A17713B6-D984-201A-4143-ED4DB5ED5C2E&catid=3A7AEA37-903D-9533-4B33-21B0001FF1D1 HTTP/1.1" 200 6410
149.202.65.183 - - [10/Jan/2025:03:11:55 +0100] "GET /ticket2/opencms/mo/buy/?comcatid=A17713B6-D984-201A-4143-ED4DB5ED5C2E&catid=3B549160-8B9C-E872-44A9-20FEA86B30E8 HTTP/1.1" 200 6410
85.208.96.193 - - [10/Jan/2025:03:11:56 +0100] "GET /ticket2/opencms/no/magazine/article?title=nottingham-forest HTTP/1.1" 200 88438
47.128.49.73 - - [10/Jan/2025:03:11:56 +0100] "GET /ticket2/opencms/no/?comcatid=810BB404-4103-77F2-A6C2-12D5E6C338E2 HTTP/1.1" 200 100645
149.202.65.183 - - [10/Jan/2025:03:11:57 +0100] "GET /ticket2/opencms/mo/buy/?comcatid=A17713B6-D984-201A-4143-ED4DB5ED5C2E&catid=4B941E1B-E4E2-C53E-C693-9FA91BBA9AD5 HTTP/1.1" 200 6410
185.191.171.11 - - [10/Jan/2025:03:11:58 +0100] "GET /ticket2/opencms/ro/sport/bilete-fotbal/champions-league/antwerp HTTP/1.1" 200 96445
149.202.65.183 - - [10/Jan/2025:03:11:59 +0100] "GET /ticket2/opencms/mo/buy/?comcatid=A17713B6-D984-201A-4143-ED4DB5ED5C2E&catid=515A9A29-35A0-2DB8-262B-AEF122DB04F6 HTTP/1.1" 200 6410
149.202.65.183 - - [10/Jan/2025:03:12:01 +0100] "GET /ticket2/opencms/mo/buy/?comcatid=A17713B6-D984-201A-4143-ED4DB5ED5C2E&catid=573B7747-EE85-D769-C87D-F3F61FB64AA5 HTTP/1.1" 200 6410
149.202.65.183 - - [10/Jan/2025:03:12:02 +0100] "GET /ticket2/opencms/mo/buy/?comcatid=A17713B6-D984-201A-4143-ED4DB5ED5C2E&catid=5A89E483-58AD-080E-F363-E16CE738916A HTTP/1.1" 200 6410
149.202.65.183 - - [10/Jan/2025:03:12:04 +0100] "GET /ticket2/opencms/mo/buy/?comcatid=A17713B6-D984-201A-4143-ED4DB5ED5C2E&catid=64756941-02D2-3538-2077-8C2508F4A3A8 HTTP/1.1" 200 6410
149.202.65.183 - - [10/Jan/2025:03:12:06 +0100] "GET /ticket2/opencms/mo/buy/?comcatid=A17713B6-D984-201A-4143-ED4DB5ED5C2E&catid=6BD6E0B0-84AF-3A0D-3851-C1357CE9B771 HTTP/1.1" 200 6410
149.202.65.183 - - [10/Jan/2025:03:12:08 +0100] "GET /ticket2/opencms/mo/buy/?comcatid=A17713B6-D984-201A-4143-ED4DB5ED5C2E&catid=6E0E0CA4-3F14-9697-92B9-3687047BE453 HTTP/1.1" 200 6410
149.202.65.183 - - [10/Jan/2025:03:12:10 +0100] "GET /ticket2/opencms/mo/buy/?comcatid=A17713B6-D984-201A-4143-ED4DB5ED5C2E&catid=70B37487-FE30-D476-CAE7-E6AFEA3153F2 HTTP/1.1" 200 6410
149.202.65.183 - - [10/Jan/2025:03:12:12 +0100] "GET /ticket2/opencms/mo/buy/?comcatid=A17713B6-D984-201A-4143-ED4DB5ED5C2E&catid=739BFC5D-78FA-6834-D764-6CE64CA5F9EC HTTP/1.1" 200 6410
149.202.65.183 - - [10/Jan/2025:03:12:13 +0100] "GET /ticket2/opencms/mo/buy/?comcatid=A17713B6-D984-201A-4143-ED4DB5ED5C2E&catid=7ACC33AD-EE7E-AAA7-9050-0F4587759B87 HTTP/1.1" 200 6410
149.202.65.183 - - [10/Jan/2025:03:12:15 +0100] "GET /ticket2/opencms/mo/buy/?comcatid=A17713B6-D984-201A-4143-ED4DB5ED5C2E&catid=7BADFFFB-57C5-5DBC-E7EB-B45075B3D8F9 HTTP/1.1" 200 6410
149.202.65.183 - - [10/Jan/2025:03:12:17 +0100] "GET /ticket2/opencms/mo/buy/?comcatid=A17713B6-D984-201A-4143-ED4DB5ED5C2E&catid=7CF2D645-F785-0CBB-1B7C-C4711617EAAD HTTP/1.1" 200 6410
149.202.65.183 - - [10/Jan/2025:03:12:18 +0100] "GET /ticket2/opencms/mo/buy/?comcatid=A17713B6-D984-201A-4143-ED4DB5ED5C2E&catid=7EF04817-972D-18B1-F941-DE800D088075 HTTP/1.1" 200 6410
149.202.65.183 - - [10/Jan/2025:03:12:20 +0100] "GET /ticket2/opencms/mo/buy/?comcatid=A17713B6-D984-201A-4143-ED4DB5ED5C2E&catid=82F804FA-9F69-CB6B-D41D-7BF7C716058B HTTP/1.1" 200 6410
149.202.65.183 - - [10/Jan/2025:03:12:22 +0100] "GET /ticket2/opencms/mo/buy/?comcatid=A17713B6-D984-201A-4143-ED4DB5ED5C2E&catid=88C381AD-5D76-A34D-AC15-A7129F8EF5BE HTTP/1.1" 200 6410
149.202.65.183 - - [10/Jan/2025:03:12:23 +0100] "GET /ticket2/opencms/mo/buy/?comcatid=A17713B6-D984-201A-4143-ED4DB5ED5C2E&catid=8AA488FA-6797-D710-8108-3088D6948FC1 HTTP/1.1" 200 6410
149.202.65.183 - - [10/Jan/2025:03:12:25 +0100] "GET /ticket2/opencms/mo/buy/?comcatid=A17713B6-D984-201A-4143-ED4DB5ED5C2E&catid=97608B80-50C4-18AE-7A82-0413C62E9243 HTTP/1.1" 200 6410
149.202.65.183 - - [10/Jan/2025:03:12:27 +0100] "GET /ticket2/opencms/mo/buy/?comcatid=A17713B6-D984-201A-4143-ED4DB5ED5C2E&catid=A3372871-3019-08B8-80CE-74B78F441ACA HTTP/1.1" 200 6410
149.202.65.183 - - [10/Jan/2025:03:12:29 +0100] "GET /ticket2/opencms/mo/buy/?comcatid=A17713B6-D984-201A-4143-ED4DB5ED5C2E&catid=A4D9EA9A-192D-0274-BF26-9C98D8B902AB HTTP/1.1" 200 6410
149.202.65.183 - - [10/Jan/2025:03:12:30 +0100] "GET /ticket2/opencms/mo/buy/?comcatid=A17713B6-D984-201A-4143-ED4DB5ED5C2E&catid=A7674DEA-B39E-502C-2F76-760AE08947E9 HTTP/1.1" 200 6410
149.202.65.183 - - [10/Jan/2025:03:12:32 +0100] "GET /ticket2/opencms/mo/buy/?comcatid=A17713B6-D984-201A-4143-ED4DB5ED5C2E&catid=AE3FE643-AE41-BAA6-237D-5206D1B044A1 HTTP/1.1" 200 6410
149.202.65.183 - - [10/Jan/2025:03:12:34 +0100] "GET /ticket2/opencms/mo/buy/?comcatid=A17713B6-D984-201A-4143-ED4DB5ED5C2E&catid=B0817F4C-4B6F-A68C-6229-209BB05F84D4 HTTP/1.1" 200 6410
47.128.57.220 - - [10/Jan/2025:03:12:34 +0100] "GET /ticket2/opencms/nl/buy?edid=AA8C5089-9B5D-0C1A-1662-169B0C579120 HTTP/1.1" 200 90270
149.202.65.183 - - [10/Jan/2025:03:12:35 +0100] "GET /ticket2/opencms/mo/buy/?comcatid=A17713B6-D984-201A-4143-ED4DB5ED5C2E&catid=BDD8C04C-DD99-1C07-B5F3-F2AB98D157E8 HTTP/1.1" 200 6410
66.249.64.46 - - [10/Jan/2025:03:12:36 +0100] "GET /ticket2/opencms/ro/buy?page=2&sodvid= HTTP/1.1" 200 116459
149.202.65.183 - - [10/Jan/2025:03:12:37 +0100] "GET /ticket2/opencms/mo/buy/?comcatid=A17713B6-D984-201A-4143-ED4DB5ED5C2E&catid=BE041FBE-C1A7-918C-EB61-99ED02D12F5B HTTP/1.1" 200 6410
149.202.65.183 - - [10/Jan/2025:03:12:39 +0100] "GET /ticket2/opencms/mo/buy/?comcatid=A17713B6-D984-201A-4143-ED4DB5ED5C2E&catid=C0DF818C-DB21-6E2E-4056-DB751FFE0C41 HTTP/1.1" 200 6410
52.167.144.160 - - [10/Jan/2025:03:12:40 +0100] "GET /ticket2/opencms/sv/buy/?page=1&edid=E86A1D4E-A968-0058-E9E5-93DA356CB848 HTTP/1.1" 200 111354
149.202.65.183 - - [10/Jan/2025:03:12:41 +0100] "GET /ticket2/opencms/mo/buy/?comcatid=A17713B6-D984-201A-4143-ED4DB5ED5C2E&catid=C48671DB-5AEB-8CE2-928E-38417FFBE085 HTTP/1.1" 200 6410
149.202.65.183 - - [10/Jan/2025:03:12:42 +0100] "GET /ticket2/opencms/mo/buy/?comcatid=A17713B6-D984-201A-4143-ED4DB5ED5C2E&catid=C871EAE3-C584-718A-9795-07CDEF43FA75 HTTP/1.1" 200 6410
149.202.65.183 - - [10/Jan/2025:03:12:44 +0100] "GET /ticket2/opencms/mo/buy/?comcatid=A17713B6-D984-201A-4143-ED4DB5ED5C2E&catid=D08E96E8-A514-9E09-4E22-63713911E0B8 HTTP/1.1" 200 6410
149.202.65.183 - - [10/Jan/2025:03:12:46 +0100] "GET /ticket2/opencms/mo/buy/?comcatid=A17713B6-D984-201A-4143-ED4DB5ED5C2E&catid=D8B345C9-F7A5-E620-4B43-C34EB0D6885B HTTP/1.1" 200 6410
185.191.171.6 - - [10/Jan/2025:03:12:46 +0100] "GET /ticket2/opencms/de/magazine/article?title=wie-soll-manchester-united-die-krise-bewaltigen HTTP/1.1" 200 92364
149.202.65.183 - - [10/Jan/2025:03:12:48 +0100] "GET /ticket2/opencms/mo/buy/?comcatid=A17713B6-D984-201A-4143-ED4DB5ED5C2E&catid=E92E6B1B-7CD1-74B1-312C-265A7D8125D0 HTTP/1.1" 200 6410
200.25.47.103 - - [10/Jan/2025:03:12:49 +0100] "GET /ticket2/opencms/bg/buy/?comcatid=97ECA65A-72DA-F9AF-9DBB-245D3CFED1BE&catid=43171577-14C8-6B19-25D9-DF372BFFCBFA HTTP/1.1" 200 6410
149.202.65.183 - - [10/Jan/2025:03:12:50 +0100] "GET /ticket2/opencms/mo/buy/?comcatid=A17713B6-D984-201A-4143-ED4DB5ED5C2E&catid=E961462E-5AC2-64D6-5850-A310C9DEAA06 HTTP/1.1" 200 6410
200.25.47.103 - - [10/Jan/2025:03:12:51 +0100] "GET /ticket2/opencms/bg/buy/?comcatid=97ECA65A-72DA-F9AF-9DBB-245D3CFED1BE%27nvOpzp;%20AND%201=1%20OR%20(%3C%27%22%3EiKO)),&catid=43171577-14C8-6B19-25D9-DF372BFFCBFA%27nvOpzp;%20AND%201=1%20OR%20(%3C%27%22%3EiKO)), HTTP/1.1" 200 6410
149.202.65.183 - - [10/Jan/2025:03:12:51 +0100] "GET /ticket2/opencms/mo/buy/?comcatid=A17713B6-D984-201A-4143-ED4DB5ED5C2E&catid=F03B8ADD-988E-AE6A-8DBA-AF502C691C60 HTTP/1.1" 200 6410
149.202.65.183 - - [10/Jan/2025:03:12:53 +0100] "GET /ticket2/opencms/mo/buy/?comcatid=A17713B6-D984-201A-4143-ED4DB5ED5C2E&catid=F2006A3D-5EE0-B40B-5749-60C15271538F HTTP/1.1" 200 6410
54.36.148.112 - - [10/Jan/2025:03:12:55 +0100] "GET /ticket2/opencms/es/buy?comcatid=A17713B6-D984-201A-4143-ED4DB5ED5C2E&catid=D8B345C9-F7A5-E620-4B43-C34EB0D6885B HTTP/1.1" 200 6410
149.202.65.183 - - [10/Jan/2025:03:12:55 +0100] "GET /ticket2/opencms/mo/buy/?comcatid=A17713B6-D984-201A-4143-ED4DB5ED5C2E&catid=FF8D7FE7-4B09-7305-01C7-2D47F7913EB8 HTTP/1.1" 200 6410
85.208.96.199 - - [10/Jan/2025:03:12:56 +0100] "GET /ticket2/opencms/robots.txt HTTP/1.1" 200 773
149.202.65.183 - - [10/Jan/2025:03:12:57 +0100] "GET /ticket2/opencms/mo/buy/?comcatid=B41CCF2B-5558-7AEE-3602-09BBDE417D65&catid=36DC4BE2-91A2-6146-2BE9-47B6F3C44EDB HTTP/1.1" 200 6410
85.208.96.212 - - [10/Jan/2025:03:12:57 +0100] "GET /ticket2/opencms/fr/magazine/article?title=eredivisie HTTP/1.1" 200 95357
149.202.65.183 - - [10/Jan/2025:03:12:59 +0100] "GET /ticket2/opencms/mo/buy/?comcatid=B41CCF2B-5558-7AEE-3602-09BBDE417D65&catid=A34BCF61-E19C-5C5C-445E-06F3749E1EF4 HTTP/1.1" 200 6410
216.244.66.238 - - [10/Jan/2025:03:12:59 +0100] "GET /ticket2/opencms/uk/buy?page=1&edid=8839DE43-02D6-1964-9569-34CA7978C5BC HTTP/1.1" 200 114838
185.191.171.5 - - [10/Jan/2025:03:13:00 +0100] "GET /ticket2/opencms/lt/magazine/article?title=chelsea-fanai-reaguoja-su-frustracija HTTP/1.1" 200 92426
149.202.65.183 - - [10/Jan/2025:03:13:00 +0100] "GET /ticket2/opencms/mo/buy/?comcatid=B41CCF2B-5558-7AEE-3602-09BBDE417D65&catid=BF886BAE-FC84-8CB3-A193-6DFA251F7985 HTTP/1.1" 200 6410
149.202.65.183 - - [10/Jan/2025:03:13:02 +0100] "GET /ticket2/opencms/mo/buy/?comcatid=B41CCF2B-5558-7AEE-3602-09BBDE417D65&catid=E03F2203-3943-A0F0-A47D-D9E7CDA79C6B HTTP/1.1" 200 6410
85.208.96.210 - - [10/Jan/2025:03:13:03 +0100] "GET /ticket2/opencms/az/magazine/article?title=nations-league-tam-gucu-ile-davam-edir HTTP/1.1" 200 94646
149.202.65.183 - - [10/Jan/2025:03:13:04 +0100] "GET /ticket2/opencms/mo/buy/?page=1&edid=00653391-A813-563B-EC42-2A1E972F6570 HTTP/1.1" 200 111983
149.202.65.183 - - [10/Jan/2025:03:13:07 +0100] "GET /ticket2/opencms/mo/buy/?page=1&edid=03C08C39-501F-FF78-A958-5E62ADCE683F HTTP/1.1" 200 113156
149.202.65.183 - - [10/Jan/2025:03:13:09 +0100] "GET /ticket2/opencms/mo/buy/?page=1&edid=0485AAE1-8FAD-C552-CCB4-7F08984D949F HTTP/1.1" 200 109820
149.202.65.183 - - [10/Jan/2025:03:13:11 +0100] "GET /ticket2/opencms/mo/buy/?page=1&edid=077A4D05-90D5-AF2A-B689-A4F52E73EBA2 HTTP/1.1" 200 113632
149.202.65.183 - - [10/Jan/2025:03:13:13 +0100] "GET /ticket2/opencms/mo/buy/?page=1&edid=08134107-A430-5E4C-8313-5084A279B461 HTTP/1.1" 200 112526
149.202.65.183 - - [10/Jan/2025:03:13:14 +0100] "GET /ticket2/opencms/mo/buy/?page=1&edid=0DB0B92F-3B3A-E824-76FA-F690AF646C74 HTTP/1.1" 200 109824
207.46.13.87 - - [10/Jan/2025:03:13:16 +0100] "GET /ticket2/opencms/be/buy/?page=1&edid=27182C30-0424-098E-A8DB-2AA3B88A1ABD HTTP/1.1" 200 137465
149.202.65.183 - - [10/Jan/2025:03:13:16 +0100] "GET /ticket2/opencms/mo/buy/?page=1&edid=19422468-9239-E426-DB02-7FA0504E2BEC HTTP/1.1" 200 112867
149.202.65.183 - - [10/Jan/2025:03:13:19 +0100] "GET /ticket2/opencms/mo/buy/?page=1&edid=1BDA6D08-38AF-6470-7423-555F9C3DEC73 HTTP/1.1" 200 113583
149.202.65.183 - - [10/Jan/2025:03:13:21 +0100] "GET /ticket2/opencms/mo/buy/?page=1&edid=1D0F6501-902B-331B-C80E-E853B18320F1 HTTP/1.1" 200 109698
40.77.167.159 - - [10/Jan/2025:03:13:22 +0100] "GET /ticket2/opencms/fr/?page=6&comcatid=A17713B6-D984-201A-4143-ED4DB5ED5C2E&catid=515A9A29-35A0-2DB8-262B-AEF122DB04F6 HTTP/1.1" 200 100930
66.249.64.32 - - [10/Jan/2025:03:13:22 +0100] "GET /ticket2/opencms/sv/magazine/article?title=ballon-dor-vinnare-2024 HTTP/1.1" 200 92713
149.202.65.183 - - [10/Jan/2025:03:13:22 +0100] "GET /ticket2/opencms/mo/buy/?page=1&edid=1D23C643-A704-AB76-9A40-7008F57E2B54 HTTP/1.1" 200 112976
52.167.144.137 - - [10/Jan/2025:03:13:23 +0100] "GET /ticket2/opencms/mo/magazine/article?title=brentford-fc HTTP/1.1" 200 94991
149.202.65.183 - - [10/Jan/2025:03:13:24 +0100] "GET /ticket2/opencms/mo/buy/?page=1&edid=1E7AFBDB-B9E9-CF51-FB2A-8AD63A1AF949 HTTP/1.1" 200 109811
149.202.65.183 - - [10/Jan/2025:03:13:26 +0100] "GET /ticket2/opencms/mo/buy/?page=1&edid=1E7FCF8F-72A2-5BEE-4C2A-C6C06BBCB2E9 HTTP/1.1" 200 109822
149.202.65.183 - - [10/Jan/2025:03:13:29 +0100] "GET /ticket2/opencms/mo/buy/?page=1&edid=1EC9B49C-3E71-53D7-479D-7C922516D58E HTTP/1.1" 200 113468
149.202.65.183 - - [10/Jan/2025:03:13:31 +0100] "GET /ticket2/opencms/mo/buy/?page=1&edid=1F2F884A-E0AC-4C3D-F294-0BE2EBB6E0EA HTTP/1.1" 200 109830
149.202.65.183 - - [10/Jan/2025:03:13:33 +0100] "GET /ticket2/opencms/mo/buy/?page=1&edid=20BC4682-E2EA-6331-76C5-92E438E4C4EB HTTP/1.1" 200 109868
149.202.65.183 - - [10/Jan/2025:03:13:35 +0100] "GET /ticket2/opencms/mo/buy/?page=1&edid=21BADD47-9DF1-089A-9149-B7D8F893FCB4 HTTP/1.1" 200 113138
66.249.64.131 - - [10/Jan/2025:03:13:35 +0100] "GET /ticket2/opencms/it/magazine/article?title=la-leggenda-in-un-acceso-scambio-di-parole-con-un-tifoso HTTP/1.1" 200 93613
149.202.65.183 - - [10/Jan/2025:03:13:37 +0100] "GET /ticket2/opencms/mo/buy/?page=1&edid=230CADCB-DB49-F1F9-9B0E-24AB279FB9A0 HTTP/1.1" 200 112911
114.119.145.123 - - [10/Jan/2025:03:13:37 +0100] "GET /ticket2/opencms/en/sell/?edid=CA58C888-F6D9-C60F-ADB8-6143B0EE43C9 HTTP/1.1" 302 -
185.191.171.12 - - [10/Jan/2025:03:13:38 +0100] "GET /ticket2/opencms/ga/buy_safety HTTP/1.1" 200 89298
149.202.65.183 - - [10/Jan/2025:03:13:39 +0100] "GET /ticket2/opencms/mo/buy/?page=1&edid=238B7849-3F69-4F74-DAE2-878F69503982 HTTP/1.1" 200 113098
47.128.110.96 - - [10/Jan/2025:03:13:40 +0100] "GET /ticket2/opencms/ga/ HTTP/1.1" 200 101080
54.36.148.95 - - [10/Jan/2025:03:13:41 +0100] "GET /ticket2/opencms/ro/buy?page=1&edid=CFE3AD1D-4887-F2C9-CE30-778894EF867F HTTP/1.1" 200 119342
149.202.65.183 - - [10/Jan/2025:03:13:41 +0100] "GET /ticket2/opencms/mo/buy/?page=1&edid=26D75FC9-685E-F97A-1BAD-C5A5C23D1E62 HTTP/1.1" 200 113121
202.8.40.161 - - [10/Jan/2025:03:13:42 +0100] "GET /ticket2/opencms/system/modules/com.gridnine.opencms.ticketbrokerage.site/resources/css/standard.css HTTP/1.1" 200 73081
202.8.40.161 - - [10/Jan/2025:03:13:42 +0100] "GET /ticket2/opencms/system/modules/com.gridnine.opencms.ticketbrokerage.site/resources/css/jquery-ui.css HTTP/1.1" 200 33221
202.8.40.161 - - [10/Jan/2025:03:13:42 +0100] "GET /ticket2/opencms/system/modules/com.gridnine.opencms.ticketbrokerage.site/resources/css/jquery.fancybox.css HTTP/1.1" 200 4939
202.8.40.161 - - [10/Jan/2025:03:13:42 +0100] "GET /ticket2/opencms/system/modules/com.gridnine.opencms.ticketbrokerage.site/resources/css/ticketbrokerage.css HTTP/1.1" 200 39339
202.8.40.161 - - [10/Jan/2025:03:13:42 +0100] "GET /ticket2/opencms/system/modules/com.gridnine.opencms.ticketbrokerage.site/resources/css/calendar.css HTTP/1.1" 200 6871
202.8.40.161 - - [10/Jan/2025:03:13:42 +0100] "GET /ticket2/opencms/system/modules/com.gridnine.opencms.ticketbrokerage.site/resources/js/functions.js HTTP/1.1" 200 1583
202.8.40.161 - - [10/Jan/2025:03:13:42 +0100] "GET /ticket2/opencms/system/modules/com.gridnine.opencms.ticketbrokerage.site/resources/js/jquery/jquery.js HTTP/1.1" 200 93868
202.8.40.161 - - [10/Jan/2025:03:13:42 +0100] "GET /ticket2/opencms/system/modules/com.gridnine.opencms.ticketbrokerage.site/resources/js/calendar.js HTTP/1.1" 200 49229
202.8.40.161 - - [10/Jan/2025:03:13:42 +0100] "GET /ticket2/opencms/system/modules/com.gridnine.opencms.ticketbrokerage.site/resources/js/jquery/jquery-ui.js HTTP/1.1" 200 228088
202.8.40.161 - - [10/Jan/2025:03:13:42 +0100] "GET /ticket2/opencms/system/modules/com.gridnine.opencms.ticketbrokerage.site/resources/js/calendar-en.js HTTP/1.1" 200 3338
202.8.40.161 - - [10/Jan/2025:03:13:42 +0100] "GET /ticket2/opencms/system/modules/com.gridnine.opencms.ticketbrokerage.site/resources/js/calendar-setup.js HTTP/1.1" 200 4923
202.8.40.161 - - [10/Jan/2025:03:13:42 +0100] "GET /ticket2/opencms/system/modules/com.gridnine.opencms.ticketbrokerage.site/resources/js/jquery.fancybox.pack.js HTTP/1.1" 200 23187
202.8.40.161 - - [10/Jan/2025:03:13:42 +0100] "GET /ticket2/opencms/system/modules/com.gridnine.opencms.ticketbrokerage.site/resources/js/stickyfill.min.js HTTP/1.1" 200 5672
202.8.40.161 - - [10/Jan/2025:03:13:42 +0100] "GET /ticket2/opencms/system/modules/com.gridnine.opencms.ticketbrokerage.site/resources/js/standard.js HTTP/1.1" 200 3978
202.8.40.161 - - [10/Jan/2025:03:13:42 +0100] "GET /ticket2/opencms/system/modules/com.gridnine.opencms.ticketbrokerage.site/resources/js/jquery.placeholder.min.js HTTP/1.1" 200 1737
202.8.40.161 - - [10/Jan/2025:03:13:43 +0100] "GET /ticket2/opencms/system/modules/com.gridnine.opencms.ticketbrokerage.site/resources/js/common-ajax.js HTTP/1.1" 200 20175
202.8.40.161 - - [10/Jan/2025:03:13:43 +0100] "GET /ticket2/opencms/ro/ask-form.html HTTP/1.1" 200 3156
202.8.40.161 - - [10/Jan/2025:03:13:43 +0100] "GET /ticket2/opencms/ro/ask-form.html HTTP/1.1" 200 3156
202.8.40.161 - - [10/Jan/2025:03:13:43 +0100] "GET /ticket2/opencms/system/modules/com.gridnine.opencms.ticketbrokerage.site/resources/css/ticketbrokerage.css HTTP/1.1" 200 39339
149.202.65.183 - - [10/Jan/2025:03:13:43 +0100] "GET /ticket2/opencms/mo/buy/?page=1&edid=280534F7-7BEC-A03B-446D-940CB0E70ED3 HTTP/1.1" 200 109831
114.119.145.123 - - [10/Jan/2025:03:13:44 +0100] "GET /ticket2/opencms/en/login/?url=/en/sell/ HTTP/1.1" 200 89822
85.208.96.201 - - [10/Jan/2025:03:13:44 +0100] "GET /ticket2/opencms/dk/magazine/article?title=arsenal-og-tottenham-deler-i-en-episk-4-4-kamp-den-29-oktober-2008 HTTP/1.1" 200 93922
149.202.65.183 - - [10/Jan/2025:03:13:45 +0100] "GET /ticket2/opencms/mo/buy/?page=1&edid=2971B853-B3A0-C447-DA57-F10F1DC68BB1 HTTP/1.1" 200 109679
85.208.96.197 - - [10/Jan/2025:03:13:46 +0100] "GET /ticket2/opencms/ga/magazine/article?title=la-liga-real-madrid-buanya-s-y-ade-titie-bebree HTTP/1.1" 200 95328
149.202.65.183 - - [10/Jan/2025:03:13:47 +0100] "GET /ticket2/opencms/mo/buy/?page=1&edid=2A5115AC-406A-4B75-8C58-8CC7E9F2521F HTTP/1.1" 200 109674
149.202.65.183 - - [10/Jan/2025:03:13:50 +0100] "GET /ticket2/opencms/mo/buy/?page=1&edid=2A94D260-B353-E604-8B7A-7304DE73276A HTTP/1.1" 200 113085
149.202.65.183 - - [10/Jan/2025:03:13:52 +0100] "GET /ticket2/opencms/mo/buy/?page=1&edid=2B56803E-AC8C-A7B6-6677-DE3656BCFC2C HTTP/1.1" 200 112242
149.202.65.183 - - [10/Jan/2025:03:13:54 +0100] "GET /ticket2/opencms/mo/buy/?page=1&edid=2D210BFD-73B3-FBB7-71E1-6587B60103F1 HTTP/1.1" 200 122133
47.128.42.93 - - [10/Jan/2025:03:13:55 +0100] "GET /ticket2/opencms/nl/buy?edid=92DF4928-935F-6F67-3394-E1ED2A861E35 HTTP/1.1" 200 90286
51.8.102.52 - - [10/Jan/2025:03:13:56 +0100] "GET /ticket2/opencms/cs/magazine/article?title=analyza-o-kolik-se-zvysily-ceny-vstupenek-premier-league-liverpool-a-arsenal-jsou-nejdrazsi HTTP/1.1" 200 100052
149.202.65.183 - - [10/Jan/2025:03:13:56 +0100] "GET /ticket2/opencms/mo/buy/?page=1&edid=2D66E153-7DA0-9C9B-3BBB-E00F30BBA98C HTTP/1.1" 200 113039
149.202.65.183 - - [10/Jan/2025:03:13:58 +0100] "GET /ticket2/opencms/mo/buy/?page=1&edid=2E6EF86D-B1C4-98D9-FD17-AB35133F21BC HTTP/1.1" 200 109768
149.202.65.183 - - [10/Jan/2025:03:14:01 +0100] "GET /ticket2/opencms/mo/buy/?page=1&edid=46ED3103-DE6B-A6DD-76D4-FB2A3432E453 HTTP/1.1" 200 112592
52.167.144.22 - - [10/Jan/2025:03:14:01 +0100] "GET /ticket2/opencms/en/buy/?page=1&edid=F29E626E-0493-93E2-96F6-AC5379D5046E HTTP/1.1" 200 111915
149.202.65.183 - - [10/Jan/2025:03:14:04 +0100] "GET /ticket2/opencms/mo/buy/?page=1&edid=489B0CEB-113D-2614-E16B-9EAAADCDC906 HTTP/1.1" 200 112290
85.208.96.196 - - [10/Jan/2025:03:14:05 +0100] "GET /ticket2/opencms/uk/magazine/article?title=la-liga-real-madrid-have-won-the-most-titles HTTP/1.1" 200 94940
149.202.65.183 - - [10/Jan/2025:03:14:06 +0100] "GET /ticket2/opencms/mo/buy/?page=1&edid=496CD62B-3F1C-D34A-3597-57C5C053F18F HTTP/1.1" 200 122217
149.202.65.183 - - [10/Jan/2025:03:14:08 +0100] "GET /ticket2/opencms/mo/buy/?page=1&edid=4B1D3147-0626-1199-3684-B75D2E6533A2 HTTP/1.1" 200 109729
149.202.65.183 - - [10/Jan/2025:03:14:10 +0100] "GET /ticket2/opencms/mo/buy/?page=1&edid=4B89AA06-472F-50BD-2557-E83252BE3048 HTTP/1.1" 200 109860
52.167.144.160 - - [10/Jan/2025:03:14:11 +0100] "GET /ticket2/opencms/sv/magazine/article?title=viktor-gyokeres-till-manchester-united HTTP/1.1" 200 91975
149.202.65.183 - - [10/Jan/2025:03:14:12 +0100] "GET /ticket2/opencms/mo/buy/?page=1&edid=BA180CF4-7DD4-6F44-FC82-3A82E36CC957 HTTP/1.1" 200 113602
47.128.23.14 - - [10/Jan/2025:03:14:13 +0100] "GET /ticket2/opencms/hr/buy?edid=FD4DCA3B-ED43-1043-8648-63C229A27832 HTTP/1.1" 200 92555
149.202.65.183 - - [10/Jan/2025:03:14:14 +0100] "GET /ticket2/opencms/mo/buy/?page=1&edid=BE388851-096B-2B4D-C281-DAEB16275376 HTTP/1.1" 200 112571
185.191.171.18 - - [10/Jan/2025:03:14:15 +0100] "GET /ticket2/opencms/en/sport/football-tickets/premier_league/west-ham/ HTTP/1.1" 200 98705
149.202.65.183 - - [10/Jan/2025:03:14:16 +0100] "GET /ticket2/opencms/mo/buy/?page=1&edid=BE765CF2-E26F-2AA1-7F08-B0402508BB0C HTTP/1.1" 200 109706
149.202.65.183 - - [10/Jan/2025:03:14:18 +0100] "GET /ticket2/opencms/mo/buy/?page=1&edid=BE9D8283-8353-3049-DA1C-50EC3CD6221D HTTP/1.1" 200 113075
66.249.70.33 - - [10/Jan/2025:03:14:18 +0100] "GET /ticket2/opencms/robots.txt HTTP/1.1" 200 773
66.249.70.35 - - [10/Jan/2025:03:14:19 +0100] "GET /ticket2/opencms/az/magazine/article?title=arsenal-ve-tottenham-29-oktyabr-2008-ci-ilde-epik-4-4-oyununda-bolusur HTTP/1.1" 200 95572
149.202.65.183 - - [10/Jan/2025:03:14:19 +0100] "GET /ticket2/opencms/mo/buy/?page=1&edid=D0017C8D-A42C-9E94-32C0-287112DFAD61 HTTP/1.1" 200 109772
149.202.65.183 - - [10/Jan/2025:03:14:21 +0100] "GET /ticket2/opencms/mo/buy/?page=1&edid=D26CE87D-3D36-4995-7255-CD274E3D4B38 HTTP/1.1" 200 113009
149.202.65.183 - - [10/Jan/2025:03:14:23 +0100] "GET /ticket2/opencms/mo/buy/?page=1&edid=D30BED09-6070-2632-277D-0992609B7A1B HTTP/1.1" 200 109841
185.191.171.2 - - [10/Jan/2025:03:14:24 +0100] "GET /ticket2/opencms/lt/magazine/article?title=fulham-fc HTTP/1.1" 200 91814
149.202.65.183 - - [10/Jan/2025:03:14:25 +0100] "GET /ticket2/opencms/mo/buy/?page=1&edid=D32E6E8F-4267-4ED8-F70D-962BC1F391DE HTTP/1.1" 200 112043
149.202.65.183 - - [10/Jan/2025:03:14:27 +0100] "GET /ticket2/opencms/mo/buy/?page=1&edid=D4BE10A7-6729-8D10-7D71-DF05ECBB68C6 HTTP/1.1" 200 109833
149.202.65.183 - - [10/Jan/2025:03:14:29 +0100] "GET /ticket2/opencms/mo/buy/?page=1&edid=D62723EE-1857-617C-CCAD-CE486EF9BB11 HTTP/1.1" 200 109813
205.210.31.237 - - [10/Jan/2025:03:14:30 +0100] "GET / HTTP/1.0" 404 -
149.202.65.183 - - [10/Jan/2025:03:14:31 +0100] "GET /ticket2/opencms/mo/buy/?page=1&edid=D80510A1-AB6B-073C-B548-208C3C93C317 HTTP/1.1" 200 113340
149.202.65.183 - - [10/Jan/2025:03:14:33 +0100] "GET /ticket2/opencms/mo/buy/?page=1&edid=D82A55E9-700E-0A50-F575-755C8E3E7147 HTTP/1.1" 200 112109
149.202.65.183 - - [10/Jan/2025:03:14:36 +0100] "GET /ticket2/opencms/mo/buy/?page=1&edid=D8A9B55B-90B1-065C-5A4F-22204AB6F0EC HTTP/1.1" 200 111429
149.202.65.183 - - [10/Jan/2025:03:14:38 +0100] "GET /ticket2/opencms/mo/buy/?page=1&edid=D9D05721-8C0C-4CB5-6005-A4BE25E9F94F HTTP/1.1" 200 109869
149.202.65.183 - - [10/Jan/2025:03:14:39 +0100] "GET /ticket2/opencms/mo/buy/?page=1&edid=DA2AFD28-6AA1-4222-20E5-CCCE4BF9B981 HTTP/1.1" 200 113515
149.202.65.183 - - [10/Jan/2025:03:14:41 +0100] "GET /ticket2/opencms/mo/buy/?page=1&edid=DAC26FFD-8A53-E219-368F-E55DCE3D870C HTTP/1.1" 200 109844
20.97.189.108 - - [10/Jan/2025:03:14:41 +0100] "GET /ticket2/opencms/bs/buy/?edid=5373B514-9338-569F-0BEB-077FE0734007&page=1 HTTP/1.1" 200 109608
172.203.190.131 - - [10/Jan/2025:03:14:42 +0100] "GET /ticket2/opencms/robots.txt HTTP/1.1" 304 -
149.202.65.183 - - [10/Jan/2025:03:14:43 +0100] "GET /ticket2/opencms/mo/buy/?page=1&edid=DC909086-9C5C-EBAF-0F10-7C4FD4D0055C HTTP/1.1" 200 112258
54.36.149.98 - - [10/Jan/2025:03:14:45 +0100] "GET /ticket2/opencms/de/buy?page=1&edid=37E2A4DD-118F-C378-83A2-20232412AB9C HTTP/1.1" 200 111354
149.202.65.183 - - [10/Jan/2025:03:14:45 +0100] "GET /ticket2/opencms/mo/buy/?page=1&edid=DD124899-FC9F-398B-F2C1-EEB825B7C9FD HTTP/1.1" 200 113359
202.8.41.45 - - [10/Jan/2025:03:14:46 +0100] "GET /ticket2/opencms/system/modules/com.gridnine.opencms.ticketbrokerage.site/resources/css/jquery.fancybox.css HTTP/1.1" 200 4939
202.8.41.45 - - [10/Jan/2025:03:14:46 +0100] "GET /ticket2/opencms/system/modules/com.gridnine.opencms.ticketbrokerage.site/resources/css/ticketbrokerage.css HTTP/1.1" 200 39339
202.8.41.45 - - [10/Jan/2025:03:14:46 +0100] "GET /ticket2/opencms/system/modules/com.gridnine.opencms.ticketbrokerage.site/resources/css/jquery-ui.css HTTP/1.1" 200 33221
202.8.41.45 - - [10/Jan/2025:03:14:46 +0100] "GET /ticket2/opencms/system/modules/com.gridnine.opencms.ticketbrokerage.site/resources/css/standard.css HTTP/1.1" 200 73081
202.8.41.45 - - [10/Jan/2025:03:14:46 +0100] "GET /ticket2/opencms/system/modules/com.gridnine.opencms.ticketbrokerage.site/resources/css/calendar.css HTTP/1.1" 200 6871
202.8.41.45 - - [10/Jan/2025:03:14:46 +0100] "GET /ticket2/opencms/system/modules/com.gridnine.opencms.ticketbrokerage.site/resources/js/jquery/jquery.js HTTP/1.1" 200 93868
202.8.41.45 - - [10/Jan/2025:03:14:46 +0100] "GET /ticket2/opencms/system/modules/com.gridnine.opencms.ticketbrokerage.site/resources/js/calendar.js HTTP/1.1" 200 49229
202.8.41.45 - - [10/Jan/2025:03:14:46 +0100] "GET /ticket2/opencms/system/modules/com.gridnine.opencms.ticketbrokerage.site/resources/js/functions.js HTTP/1.1" 200 1583
202.8.41.45 - - [10/Jan/2025:03:14:46 +0100] "GET /ticket2/opencms/system/modules/com.gridnine.opencms.ticketbrokerage.site/resources/js/calendar-en.js HTTP/1.1" 200 3338
202.8.41.45 - - [10/Jan/2025:03:14:46 +0100] "GET /ticket2/opencms/system/modules/com.gridnine.opencms.ticketbrokerage.site/resources/js/jquery/jquery-ui.js HTTP/1.1" 200 228088
202.8.41.45 - - [10/Jan/2025:03:14:46 +0100] "GET /ticket2/opencms/system/modules/com.gridnine.opencms.ticketbrokerage.site/resources/js/calendar-setup.js HTTP/1.1" 200 4923
202.8.41.45 - - [10/Jan/2025:03:14:46 +0100] "GET /ticket2/opencms/system/modules/com.gridnine.opencms.ticketbrokerage.site/resources/js/stickyfill.min.js HTTP/1.1" 200 5672
202.8.41.45 - - [10/Jan/2025:03:14:46 +0100] "GET /ticket2/opencms/system/modules/com.gridnine.opencms.ticketbrokerage.site/resources/js/jquery.fancybox.pack.js HTTP/1.1" 200 23187
202.8.41.45 - - [10/Jan/2025:03:14:46 +0100] "GET /ticket2/opencms/system/modules/com.gridnine.opencms.ticketbrokerage.site/resources/js/standard.js HTTP/1.1" 200 3978
202.8.41.45 - - [10/Jan/2025:03:14:46 +0100] "GET /ticket2/opencms/system/modules/com.gridnine.opencms.ticketbrokerage.site/resources/js/jquery.placeholder.min.js HTTP/1.1" 200 1737
202.8.41.45 - - [10/Jan/2025:03:14:46 +0100] "GET /ticket2/opencms/system/modules/com.gridnine.opencms.ticketbrokerage.site/resources/js/common-ajax.js HTTP/1.1" 200 20175
202.8.41.45 - - [10/Jan/2025:03:14:46 +0100] "GET /ticket2/opencms/de/ask-form.html HTTP/1.1" 200 3156
202.8.41.45 - - [10/Jan/2025:03:14:46 +0100] "GET /ticket2/opencms/de/ask-form.html HTTP/1.1" 200 3156
202.8.41.45 - - [10/Jan/2025:03:14:47 +0100] "GET /ticket2/opencms/system/modules/com.gridnine.opencms.ticketbrokerage.site/resources/css/ticketbrokerage.css HTTP/1.1" 200 39339
149.202.65.183 - - [10/Jan/2025:03:14:47 +0100] "GET /ticket2/opencms/mo/buy/?page=1&edid=DE5B6A64-DD53-E533-1C9F-682C000226C9 HTTP/1.1" 200 112865
149.202.65.183 - - [10/Jan/2025:03:14:49 +0100] "GET /ticket2/opencms/mo/buy/?page=1&edid=DE73DB51-4178-AA85-D066-1C5C2E4D27B9 HTTP/1.1" 200 112587
149.202.65.183 - - [10/Jan/2025:03:14:51 +0100] "GET /ticket2/opencms/mo/buy/?page=1&edid=DEFA2AD2-016C-1372-5474-1CAB7DBED5A5 HTTP/1.1" 200 109821
149.202.65.183 - - [10/Jan/2025:03:14:53 +0100] "GET /ticket2/opencms/mo/buy/?page=1&edid=E04C51A7-B254-2AD8-B75D-C7B1DB52808F HTTP/1.1" 200 112995
149.202.65.183 - - [10/Jan/2025:03:14:55 +0100] "GET /ticket2/opencms/mo/buy/?page=1&edid=E191F800-BEBE-94E3-2A9A-C8072A850396 HTTP/1.1" 200 113126
185.191.171.7 - - [10/Jan/2025:03:14:55 +0100] "GET /ticket2/opencms/fi/magazine/article?title=luton HTTP/1.1" 200 92151
149.202.65.183 - - [10/Jan/2025:03:14:57 +0100] "GET /ticket2/opencms/mo/buy/?page=1&edid=E20DC4B2-605C-6B27-A096-414FF2522D6E HTTP/1.1" 200 113054
149.202.65.183 - - [10/Jan/2025:03:14:59 +0100] "GET /ticket2/opencms/mo/buy/?page=1&edid=E3166D36-0533-1C67-661A-CD0D8BD7BA8C HTTP/1.1" 200 113093
149.202.65.183 - - [10/Jan/2025:03:15:02 +0100] "GET /ticket2/opencms/mo/buy/?page=1&edid=E812DC98-AE38-97F5-2101-8A924E9CC5AE HTTP/1.1" 200 122267
185.191.171.10 - - [10/Jan/2025:03:15:03 +0100] "GET /ticket2/opencms/bg/magazine/article?title=erling-braut-haaland HTTP/1.1" 200 95239
149.202.65.183 - - [10/Jan/2025:03:15:04 +0100] "GET /ticket2/opencms/mt/buy/?comcatid=97ECA65A-72DA-F9AF-9DBB-245D3CFED1BE&catid=1656E964-1E02-9A38-D092-65384E60B6EA HTTP/1.1" 200 6410
66.249.64.132 - - [10/Jan/2025:03:15:05 +0100] "GET /ticket2/opencms/en/?page=6&comcatid=810BB404-4103-77F2-A6C2-12D5E6C338E2 HTTP/1.1" 200 99297
149.202.65.183 - - [10/Jan/2025:03:15:05 +0100] "GET /ticket2/opencms/mt/buy/?comcatid=97ECA65A-72DA-F9AF-9DBB-245D3CFED1BE&catid=4C4DADF0-07CC-9B24-D2D9-940EF378BE99 HTTP/1.1" 200 6410
149.202.65.183 - - [10/Jan/2025:03:15:07 +0100] "GET /ticket2/opencms/mt/buy/?comcatid=97ECA65A-72DA-F9AF-9DBB-245D3CFED1BE&catid=55D1256D-BDD9-CBA3-47A3-0A252F702555 HTTP/1.1" 200 6410
149.202.65.183 - - [10/Jan/2025:03:15:09 +0100] "GET /ticket2/opencms/mt/buy/?comcatid=97ECA65A-72DA-F9AF-9DBB-245D3CFED1BE&catid=6CD184E8-C8D4-E1CC-33D0-6F47E3751240 HTTP/1.1" 200 6410
149.202.65.183 - - [10/Jan/2025:03:15:10 +0100] "GET /ticket2/opencms/mt/buy/?comcatid=97ECA65A-72DA-F9AF-9DBB-245D3CFED1BE&catid=757E2DFB-33DA-9B34-8402-9F06B19D8409 HTTP/1.1" 200 6410
66.249.64.106 - - [10/Jan/2025:03:15:11 +0100] "GET /ticket2/opencms/es/magazine/article?title=la-leyenda-en-acalorado-intercambio-de-palabras-con-un-aficionado HTTP/1.1" 200 94000
149.202.65.183 - - [10/Jan/2025:03:15:12 +0100] "GET /ticket2/opencms/mt/buy/?comcatid=97ECA65A-72DA-F9AF-9DBB-245D3CFED1BE&catid=7D3BEF66-5D88-3916-5B89-0E7B139E0169 HTTP/1.1" 200 6410
149.202.65.183 - - [10/Jan/2025:03:15:14 +0100] "GET /ticket2/opencms/mt/buy/?comcatid=97ECA65A-72DA-F9AF-9DBB-245D3CFED1BE&catid=81B744E7-1FEE-E757-C0AB-C7AF73CDE252 HTTP/1.1" 200 6410
149.202.65.183 - - [10/Jan/2025:03:15:15 +0100] "GET /ticket2/opencms/mt/buy/?comcatid=97ECA65A-72DA-F9AF-9DBB-245D3CFED1BE&catid=8732E72C-A028-EA8C-4D4D-DEB44E2A28A8 HTTP/1.1" 200 6410
207.46.13.87 - - [10/Jan/2025:03:15:16 +0100] "GET /ticket2/opencms/cs/buy?page=1&edid=927CFF13-9013-2F2C-4FCC-0B47A5F27F40&sortorder=asc&column=section HTTP/1.1" 200 114977
47.128.124.241 - - [10/Jan/2025:03:15:17 +0100] "GET /ticket2/opencms/el/buy/?edid=64ED0EC9-75A5-F773-0C16-11EBB640A9D8 HTTP/1.1" 200 94439
149.202.65.183 - - [10/Jan/2025:03:15:17 +0100] "GET /ticket2/opencms/mt/buy/?comcatid=97ECA65A-72DA-F9AF-9DBB-245D3CFED1BE&catid=8B6802AF-1ADE-4BE1-A1F7-7671190CFB4F HTTP/1.1" 200 6410
149.202.65.183 - - [10/Jan/2025:03:15:18 +0100] "GET /ticket2/opencms/mt/buy/?comcatid=A17713B6-D984-201A-4143-ED4DB5ED5C2E&catid=&npage=4 HTTP/1.1" 200 6410
207.46.13.87 - - [10/Jan/2025:03:15:19 +0100] "GET /ticket2/opencms/sk/?page=6&comcatid=A17713B6-D984-201A-4143-ED4DB5ED5C2E&catid=515A9A29-35A0-2DB8-262B-AEF122DB04F6 HTTP/1.1" 200 101107
52.167.144.18 - - [10/Jan/2025:03:15:19 +0100] "GET /ticket2/opencms/no/sport/fotballsbilletter/premier_league/newcastle_united/ HTTP/1.1" 200 94458
149.202.65.183 - - [10/Jan/2025:03:15:20 +0100] "GET /ticket2/opencms/mt/buy/?comcatid=A17713B6-D984-201A-4143-ED4DB5ED5C2E&catid=&npage=5 HTTP/1.1" 200 6410
185.191.171.15 - - [10/Jan/2025:03:15:21 +0100] "GET /ticket2/opencms/en/magazine/article?title=nottingham-forest HTTP/1.1" 200 87042
149.202.65.183 - - [10/Jan/2025:03:15:22 +0100] "GET /ticket2/opencms/mt/buy/?comcatid=A17713B6-D984-201A-4143-ED4DB5ED5C2E&catid=&npage=6 HTTP/1.1" 200 6410
149.202.65.183 - - [10/Jan/2025:03:15:23 +0100] "GET /ticket2/opencms/mt/buy/?comcatid=A17713B6-D984-201A-4143-ED4DB5ED5C2E&catid=061607E6-22B7-6FFA-03FD-A4B8B13A943F HTTP/1.1" 200 6410
149.202.65.183 - - [10/Jan/2025:03:15:25 +0100] "GET /ticket2/opencms/mt/buy/?comcatid=A17713B6-D984-201A-4143-ED4DB5ED5C2E&catid=06324577-7173-BAB0-146D-E644C912F7C1 HTTP/1.1" 200 6410
185.191.171.15 - - [10/Jan/2025:03:15:25 +0100] "GET /ticket2/opencms/fi/urheilu/jalkapallo/eredivisie/ HTTP/1.1" 200 88714
149.202.65.183 - - [10/Jan/2025:03:15:27 +0100] "GET /ticket2/opencms/mt/buy/?comcatid=A17713B6-D984-201A-4143-ED4DB5ED5C2E&catid=08F27F2A-1872-A39F-A97C-63093E77B18A HTTP/1.1" 200 6410
174.206.231.172 - - [10/Jan/2025:03:15:28 +0100] "GET /ticket2/opencms/de/sport/fussball-tickets/premier_league/tottenham/?gad_source=5&gclid=EAIaIQobChMI6YWWhYvqigMVb4bLAR1VaDsUEAEYASAAEgKo8PD_BwE HTTP/1.1" 200 95166
174.206.231.172 - - [10/Jan/2025:03:15:28 +0100] "GET /ticket2/opencms/system/modules/com.gridnine.opencms.ticketbrokerage.site/resources/js/jquery/jquery-ui.js HTTP/1.1" 200 228088
149.202.65.183 - - [10/Jan/2025:03:15:28 +0100] "GET /ticket2/opencms/mt/buy/?comcatid=A17713B6-D984-201A-4143-ED4DB5ED5C2E&catid=0A6C99D2-F5BD-7A18-9A5F-5668827042E0 HTTP/1.1" 200 6410
174.206.231.172 - - [10/Jan/2025:03:15:28 +0100] "GET /ticket2/opencms/system/modules/com.gridnine.opencms.ticketbrokerage.site/resources/js/functions.js HTTP/1.1" 200 1583
174.206.231.172 - - [10/Jan/2025:03:15:28 +0100] "GET /ticket2/opencms/system/modules/com.gridnine.opencms.ticketbrokerage.site/resources/css/ticketbrokerage.css HTTP/1.1" 200 39339
174.206.231.172 - - [10/Jan/2025:03:15:28 +0100] "GET /ticket2/opencms/system/modules/com.gridnine.opencms.ticketbrokerage.site/resources/js/jquery/jquery.js HTTP/1.1" 200 93868
174.206.231.172 - - [10/Jan/2025:03:15:28 +0100] "GET /ticket2/opencms/system/modules/com.gridnine.opencms.ticketbrokerage.site/resources/css/jquery-ui.css HTTP/1.1" 200 33221
174.206.231.172 - - [10/Jan/2025:03:15:28 +0100] "GET /ticket2/opencms/system/modules/com.gridnine.opencms.ticketbrokerage.site/resources/css/calendar.css HTTP/1.1" 200 6871
174.206.231.172 - - [10/Jan/2025:03:15:28 +0100] "GET /ticket2/opencms/system/modules/com.gridnine.opencms.ticketbrokerage.site/resources/css/standard.css HTTP/1.1" 200 73081
174.206.231.172 - - [10/Jan/2025:03:15:28 +0100] "GET /ticket2/opencms/system/modules/com.gridnine.opencms.ticketbrokerage.site/resources/js/calendar.js HTTP/1.1" 200 49229
174.206.231.172 - - [10/Jan/2025:03:15:28 +0100] "GET /ticket2/opencms/system/modules/com.gridnine.opencms.ticketbrokerage.site/resources/css/jquery.fancybox.css HTTP/1.1" 200 4939
174.206.231.172 - - [10/Jan/2025:03:15:28 +0100] "GET /ticket2/opencms/system/modules/com.gridnine.opencms.ticketbrokerage.site/resources/js/calendar-en.js HTTP/1.1" 200 3338
174.206.231.172 - - [10/Jan/2025:03:15:28 +0100] "GET /ticket2/opencms/system/modules/com.gridnine.opencms.ticketbrokerage.site/resources/js/calendar-setup.js HTTP/1.1" 200 4923
174.206.231.172 - - [10/Jan/2025:03:15:29 +0100] "GET /ticket2/opencms/system/modules/com.gridnine.opencms.ticketbrokerage.site/resources/js/jquery.fancybox.pack.js HTTP/1.1" 200 23187
174.206.231.172 - - [10/Jan/2025:03:15:29 +0100] "GET /ticket2/opencms/system/modules/com.gridnine.opencms.ticketbrokerage.site/resources/js/stickyfill.min.js HTTP/1.1" 200 5672
174.206.231.172 - - [10/Jan/2025:03:15:29 +0100] "GET /ticket2/opencms/system/modules/com.gridnine.opencms.ticketbrokerage.site/resources/js/standard.js HTTP/1.1" 200 3978
174.206.231.172 - - [10/Jan/2025:03:15:29 +0100] "GET /ticket2/opencms/system/modules/com.gridnine.opencms.ticketbrokerage.site/resources/js/jquery.placeholder.min.js HTTP/1.1" 200 1737
174.206.231.172 - - [10/Jan/2025:03:15:29 +0100] "GET /ticket2/opencms/system/modules/com.gridnine.opencms.ticketbrokerage.site/resources/js/common-ajax.js HTTP/1.1" 200 20175
174.206.231.172 - - [10/Jan/2025:03:15:29 +0100] "GET /ticket2/opencms/img/insta.png HTTP/1.1" 200 3967
174.206.231.172 - - [10/Jan/2025:03:15:29 +0100] "GET /ticket2/opencms/system/modules/com.gridnine.opencms.ticketbrokerage.site/resources/pics/logo-new.png HTTP/1.1" 200 13541
174.206.231.172 - - [10/Jan/2025:03:15:29 +0100] "GET /ticket2/opencms/img/icons/globe-white.png HTTP/1.1" 200 947
174.206.231.172 - - [10/Jan/2025:03:15:29 +0100] "GET /ticket2/opencms/img/fb.png HTTP/1.1" 200 1269
174.206.231.172 - - [10/Jan/2025:03:15:29 +0100] "GET /ticket2/opencms/system/modules/com.gridnine.opencms.ticketbrokerage.site/resources/pics/footer-img.jpg HTTP/1.1" 200 67642
174.206.231.172 - - [10/Jan/2025:03:15:29 +0100] "GET /ticket2/opencms/img/check.png HTTP/1.1" 200 548
174.206.231.172 - - [10/Jan/2025:03:15:29 +0100] "GET /ticket2/opencms/img/icons/en.png HTTP/1.1" 200 2415
174.206.231.172 - - [10/Jan/2025:03:15:29 +0100] "GET /ticket2/opencms/img/mail.png HTTP/1.1" 200 403
174.206.231.172 - - [10/Jan/2025:03:15:29 +0100] "GET /ticket2/opencms/img/chat.png HTTP/1.1" 200 416
174.206.231.172 - - [10/Jan/2025:03:15:29 +0100] "GET /ticket2/opencms/img/hero-team.jpeg HTTP/1.1" 200 73065
174.206.231.172 - - [10/Jan/2025:03:15:29 +0100] "GET /ticket2/opencms/img/arrow.png HTTP/1.1" 200 753
149.202.65.183 - - [10/Jan/2025:03:15:30 +0100] "GET /ticket2/opencms/mt/buy/?comcatid=A17713B6-D984-201A-4143-ED4DB5ED5C2E&catid=0A9E385E-33D9-328E-DC79-CA2C7009C829 HTTP/1.1" 200 6410
149.202.65.183 - - [10/Jan/2025:03:15:32 +0100] "GET /ticket2/opencms/mt/buy/?comcatid=A17713B6-D984-201A-4143-ED4DB5ED5C2E&catid=21C3854B-901E-11F9-7B7D-6838CC6AFAA4 HTTP/1.1" 200 6410
149.202.65.183 - - [10/Jan/2025:03:15:33 +0100] "GET /ticket2/opencms/mt/buy/?comcatid=A17713B6-D984-201A-4143-ED4DB5ED5C2E&catid=24AC1CA6-1C09-0BE5-C04A-9DCCDB15D5E9 HTTP/1.1" 200 6410
52.167.144.175 - - [10/Jan/2025:03:15:34 +0100] "GET /ticket2/opencms/de/buy/?page=1&edid=CA471414-7964-AFA7-E448-6BC4410A71E7 HTTP/1.1" 200 109120
149.202.65.183 - - [10/Jan/2025:03:15:35 +0100] "GET /ticket2/opencms/mt/buy/?comcatid=A17713B6-D984-201A-4143-ED4DB5ED5C2E&catid=2DE12DDA-A5FB-C1C6-CB20-FBF873FB032B HTTP/1.1" 200 6410
149.202.65.183 - - [10/Jan/2025:03:15:37 +0100] "GET /ticket2/opencms/mt/buy/?comcatid=A17713B6-D984-201A-4143-ED4DB5ED5C2E&catid=2FC3D548-EAF9-1354-0CD2-7D7619DA2334 HTTP/1.1" 200 6410
185.191.171.15 - - [10/Jan/2025:03:15:37 +0100] "GET /ticket2/opencms/en/magazine/article?title=fulham-fc HTTP/1.1" 200 90510
85.208.96.202 - - [10/Jan/2025:03:15:38 +0100] "GET /ticket2/opencms/cs/magazine/article?title=eredivisie HTTP/1.1" 200 95513
149.202.65.183 - - [10/Jan/2025:03:15:38 +0100] "GET /ticket2/opencms/mt/buy/?comcatid=A17713B6-D984-201A-4143-ED4DB5ED5C2E&catid=36394212-F82E-F845-399B-42BED55969CC HTTP/1.1" 200 6410
47.128.114.136 - - [10/Jan/2025:03:15:39 +0100] "GET /ticket2/opencms/de/buy?page=1&edid=8DE7A210-45E0-8C09-63EA-28CBA5412C0E HTTP/1.1" 200 112314
149.202.65.183 - - [10/Jan/2025:03:15:40 +0100] "GET /ticket2/opencms/mt/buy/?comcatid=A17713B6-D984-201A-4143-ED4DB5ED5C2E&catid=3A7AEA37-903D-9533-4B33-21B0001FF1D1 HTTP/1.1" 200 6410
85.208.96.196 - - [10/Jan/2025:03:15:40 +0100] "GET /ticket2/opencms/robots.txt HTTP/1.1" 200 773
47.128.114.136 - - [10/Jan/2025:03:15:41 +0100] "GET /ticket2/opencms/de/ask-form.html HTTP/1.1" 200 3156
85.208.96.193 - - [10/Jan/2025:03:15:41 +0100] "GET /ticket2/opencms/bg/magazine/article?title=manchester-city-sreshu-queens-park-rangers HTTP/1.1" 200 96767
149.202.65.183 - - [10/Jan/2025:03:15:41 +0100] "GET /ticket2/opencms/mt/buy/?comcatid=A17713B6-D984-201A-4143-ED4DB5ED5C2E&catid=3B549160-8B9C-E872-44A9-20FEA86B30E8 HTTP/1.1" 200 6410
149.202.65.183 - - [10/Jan/2025:03:15:43 +0100] "GET /ticket2/opencms/mt/buy/?comcatid=A17713B6-D984-201A-4143-ED4DB5ED5C2E&catid=42C82D82-D02A-8562-E55C-48ADB3771882 HTTP/1.1" 200 6410
