72.14.199.99 - - [25/Jan/2025:01:18:09 +0100] "GET /ticket2/opencms/system/modules/com.gridnine.opencms.ticketbrokerage.site/resources/js/calendar-en.js HTTP/1.1" 200 3338
72.14.199.161 - - [25/Jan/2025:01:18:09 +0100] "GET /ticket2/opencms/system/modules/com.gridnine.opencms.ticketbrokerage.site/resources/js/jquery/jquery-ui.js HTTP/1.1" 200 228088
54.36.148.132 - - [25/Jan/2025:01:18:09 +0100] "GET /ticket2/opencms/bs/buy?page=1&edid=81CABF18-BA6D-C79B-B74D-94D66EB07C86 HTTP/1.1" 200 134864
114.119.140.111 - - [25/Jan/2025:01:18:10 +0100] "GET /ticket2/opencms/en/sell/?edid=C9A8AEEB-8138-2B2A-FE7F-A0901A7D0AC8 HTTP/1.1" 302 -
72.14.199.41 - - [25/Jan/2025:01:18:10 +0100] "GET /ticket2/opencms/system/modules/com.gridnine.opencms.ticketbrokerage.site/resources/js/standard.js HTTP/1.1" 200 3983
54.38.85.37 - - [25/Jan/2025:01:18:10 +0100] "GET /ticket2/opencms/fr/buy/?page=1&edid=4CDBC715-BC6C-15EB-10EF-16147FA80F71 HTTP/1.1" 200 112451
74.125.150.4 - - [25/Jan/2025:01:18:11 +0100] "GET /ticket2/opencms/system/modules/com.gridnine.opencms.ticketbrokerage.site/resources/js/jquery.fancybox.pack.js HTTP/1.1" 200 23187
202.8.40.26 - - [25/Jan/2025:01:18:11 +0100] "GET /ticket2/opencms/system/modules/com.gridnine.opencms.ticketbrokerage.site/resources/css/jquery-ui.css HTTP/1.1" 200 33221
202.8.40.26 - - [25/Jan/2025:01:18:11 +0100] "GET /ticket2/opencms/system/modules/com.gridnine.opencms.ticketbrokerage.site/resources/css/ticketbrokerage.css HTTP/1.1" 200 39339
202.8.40.26 - - [25/Jan/2025:01:18:11 +0100] "GET /ticket2/opencms/system/modules/com.gridnine.opencms.ticketbrokerage.site/resources/css/standard.css HTTP/1.1" 200 73840
202.8.40.26 - - [25/Jan/2025:01:18:11 +0100] "GET /ticket2/opencms/system/modules/com.gridnine.opencms.ticketbrokerage.site/resources/css/jquery.fancybox.css HTTP/1.1" 200 4939
202.8.40.26 - - [25/Jan/2025:01:18:11 +0100] "GET /ticket2/opencms/system/modules/com.gridnine.opencms.ticketbrokerage.site/resources/css/calendar.css HTTP/1.1" 200 6871
202.8.40.26 - - [25/Jan/2025:01:18:11 +0100] "GET /ticket2/opencms/system/modules/com.gridnine.opencms.ticketbrokerage.site/resources/js/stickyfill.min.js HTTP/1.1" 200 5672
202.8.40.26 - - [25/Jan/2025:01:18:12 +0100] "GET /ticket2/opencms/system/modules/com.gridnine.opencms.ticketbrokerage.site/resources/js/jquery/jquery.js HTTP/1.1" 200 93868
202.8.40.26 - - [25/Jan/2025:01:18:12 +0100] "GET /ticket2/opencms/system/modules/com.gridnine.opencms.ticketbrokerage.site/resources/js/jquery/jquery-ui.js HTTP/1.1" 200 228088
202.8.40.26 - - [25/Jan/2025:01:18:12 +0100] "GET /ticket2/opencms/system/modules/com.gridnine.opencms.ticketbrokerage.site/resources/js/calendar-en.js HTTP/1.1" 200 3338
202.8.40.26 - - [25/Jan/2025:01:18:12 +0100] "GET /ticket2/opencms/system/modules/com.gridnine.opencms.ticketbrokerage.site/resources/js/functions.js HTTP/1.1" 200 1583
202.8.40.26 - - [25/Jan/2025:01:18:12 +0100] "GET /ticket2/opencms/system/modules/com.gridnine.opencms.ticketbrokerage.site/resources/js/calendar.js HTTP/1.1" 200 49229
202.8.40.26 - - [25/Jan/2025:01:18:12 +0100] "GET /ticket2/opencms/system/modules/com.gridnine.opencms.ticketbrokerage.site/resources/js/calendar-setup.js HTTP/1.1" 200 4923
202.8.40.26 - - [25/Jan/2025:01:18:12 +0100] "GET /ticket2/opencms/system/modules/com.gridnine.opencms.ticketbrokerage.site/resources/js/jquery.fancybox.pack.js HTTP/1.1" 200 23187
202.8.40.26 - - [25/Jan/2025:01:18:12 +0100] "GET /ticket2/opencms/system/modules/com.gridnine.opencms.ticketbrokerage.site/resources/js/standard.js HTTP/1.1" 200 3983
202.8.40.26 - - [25/Jan/2025:01:18:12 +0100] "GET /ticket2/opencms/system/modules/com.gridnine.opencms.ticketbrokerage.site/resources/js/jquery.placeholder.min.js HTTP/1.1" 200 1737
202.8.40.26 - - [25/Jan/2025:01:18:12 +0100] "GET /ticket2/opencms/system/modules/com.gridnine.opencms.ticketbrokerage.site/resources/js/common-ajax.js HTTP/1.1" 200 20175
202.8.40.26 - - [25/Jan/2025:01:18:12 +0100] "GET /ticket2/opencms/bs/ask-form.html HTTP/1.1" 200 3156
202.8.40.26 - - [25/Jan/2025:01:18:12 +0100] "GET /ticket2/opencms/system/modules/com.gridnine.opencms.ticketbrokerage.site/resources/css/ticketbrokerage.css HTTP/1.1" 200 39339
54.38.85.37 - - [25/Jan/2025:01:18:12 +0100] "GET /ticket2/opencms/fr/buy/?page=1&edid=4D046EC3-3569-AF35-BEE2-37E289C85DAB HTTP/1.1" 200 110916
114.119.140.111 - - [25/Jan/2025:01:18:14 +0100] "GET /ticket2/opencms/en/login/?url=/en/sell/ HTTP/1.1" 200 90212
54.38.85.37 - - [25/Jan/2025:01:18:15 +0100] "GET /ticket2/opencms/fr/buy/?page=1&edid=4DF0D9FC-63B4-BC0C-C1C6-5A8F2E684398 HTTP/1.1" 200 111453
54.38.85.37 - - [25/Jan/2025:01:18:17 +0100] "GET /ticket2/opencms/fr/buy/?page=1&edid=4E3FD371-418F-2707-0FE4-F6E7006C81F9 HTTP/1.1" 200 110798
54.36.149.27 - - [25/Jan/2025:01:18:17 +0100] "GET /ticket2/opencms/az/buy?page=1&edid=81CABF18-BA6D-C79B-B74D-94D66EB07C86 HTTP/1.1" 200 135525
202.8.40.146 - - [25/Jan/2025:01:18:19 +0100] "GET /ticket2/opencms/system/modules/com.gridnine.opencms.ticketbrokerage.site/resources/css/calendar.css HTTP/1.1" 200 6871
202.8.40.146 - - [25/Jan/2025:01:18:19 +0100] "GET /ticket2/opencms/system/modules/com.gridnine.opencms.ticketbrokerage.site/resources/css/ticketbrokerage.css HTTP/1.1" 200 39339
202.8.40.146 - - [25/Jan/2025:01:18:19 +0100] "GET /ticket2/opencms/system/modules/com.gridnine.opencms.ticketbrokerage.site/resources/css/jquery-ui.css HTTP/1.1" 200 33221
202.8.40.146 - - [25/Jan/2025:01:18:19 +0100] "GET /ticket2/opencms/system/modules/com.gridnine.opencms.ticketbrokerage.site/resources/css/standard.css HTTP/1.1" 200 73840
202.8.40.146 - - [25/Jan/2025:01:18:19 +0100] "GET /ticket2/opencms/system/modules/com.gridnine.opencms.ticketbrokerage.site/resources/css/jquery.fancybox.css HTTP/1.1" 200 4939
202.8.40.146 - - [25/Jan/2025:01:18:19 +0100] "GET /ticket2/opencms/system/modules/com.gridnine.opencms.ticketbrokerage.site/resources/js/jquery/jquery.js HTTP/1.1" 200 93868
202.8.40.146 - - [25/Jan/2025:01:18:19 +0100] "GET /ticket2/opencms/system/modules/com.gridnine.opencms.ticketbrokerage.site/resources/js/functions.js HTTP/1.1" 200 1583
202.8.40.146 - - [25/Jan/2025:01:18:19 +0100] "GET /ticket2/opencms/system/modules/com.gridnine.opencms.ticketbrokerage.site/resources/js/calendar.js HTTP/1.1" 200 49229
202.8.40.146 - - [25/Jan/2025:01:18:19 +0100] "GET /ticket2/opencms/system/modules/com.gridnine.opencms.ticketbrokerage.site/resources/js/jquery/jquery-ui.js HTTP/1.1" 200 228088
202.8.40.146 - - [25/Jan/2025:01:18:19 +0100] "GET /ticket2/opencms/system/modules/com.gridnine.opencms.ticketbrokerage.site/resources/js/calendar-setup.js HTTP/1.1" 200 4923
202.8.40.146 - - [25/Jan/2025:01:18:19 +0100] "GET /ticket2/opencms/system/modules/com.gridnine.opencms.ticketbrokerage.site/resources/js/calendar-en.js HTTP/1.1" 200 3338
202.8.40.146 - - [25/Jan/2025:01:18:19 +0100] "GET /ticket2/opencms/system/modules/com.gridnine.opencms.ticketbrokerage.site/resources/js/jquery.fancybox.pack.js HTTP/1.1" 200 23187
202.8.40.146 - - [25/Jan/2025:01:18:19 +0100] "GET /ticket2/opencms/system/modules/com.gridnine.opencms.ticketbrokerage.site/resources/js/stickyfill.min.js HTTP/1.1" 200 5672
202.8.40.146 - - [25/Jan/2025:01:18:19 +0100] "GET /ticket2/opencms/system/modules/com.gridnine.opencms.ticketbrokerage.site/resources/js/standard.js HTTP/1.1" 200 3983
54.38.85.37 - - [25/Jan/2025:01:18:19 +0100] "GET /ticket2/opencms/fr/buy/?page=1&edid=4EFD7CD3-3CCD-738E-DDE8-5250B4FC1DE6 HTTP/1.1" 200 111980
72.14.199.10 - - [25/Jan/2025:01:18:19 +0100] "GET /ticket2/opencms/system/modules/com.gridnine.opencms.ticketbrokerage.site/resources/js/common-ajax.js HTTP/1.1" 200 20175
47.128.62.204 - - [25/Jan/2025:01:18:19 +0100] "GET /ticket2/opencms/ro/magazine/article?title=joao-palhinha-la-bayern-munchen-o-noua-forta-pe-mijlocul-terenului-soseste-la-allianz-arena HTTP/1.1" 200 96435
202.8.40.146 - - [25/Jan/2025:01:18:19 +0100] "GET /ticket2/opencms/system/modules/com.gridnine.opencms.ticketbrokerage.site/resources/js/jquery.placeholder.min.js HTTP/1.1" 200 1737
202.8.40.146 - - [25/Jan/2025:01:18:19 +0100] "GET /ticket2/opencms/system/modules/com.gridnine.opencms.ticketbrokerage.site/resources/js/common-ajax.js HTTP/1.1" 200 20175
202.8.40.146 - - [25/Jan/2025:01:18:19 +0100] "GET /ticket2/opencms/az/ask-form.html HTTP/1.1" 200 3156
202.8.40.146 - - [25/Jan/2025:01:18:19 +0100] "GET /ticket2/opencms/system/modules/com.gridnine.opencms.ticketbrokerage.site/resources/css/ticketbrokerage.css HTTP/1.1" 200 39339
66.249.79.4 - - [25/Jan/2025:01:18:20 +0100] "GET /ticket2/opencms/et/sport/jalgpallipiletid/english-championship/ipswich-town HTTP/1.1" 200 97311
54.38.85.37 - - [25/Jan/2025:01:18:21 +0100] "GET /ticket2/opencms/fr/buy/?page=1&edid=5013A1E7-6B46-F1F8-6B39-0131EFEB0CDA HTTP/1.1" 200 118509
47.128.62.204 - - [25/Jan/2025:01:18:21 +0100] "GET /ticket2/opencms/img/mail.png HTTP/1.1" 200 403
54.36.149.43 - - [25/Jan/2025:01:18:22 +0100] "GET /ticket2/opencms/pl/buy?page=1&edid=6D553E3C-BACA-E048-6D4A-5E9D197667EC HTTP/1.1" 200 112416
52.167.144.171 - - [25/Jan/2025:01:18:22 +0100] "GET /ticket2/opencms/lv/buy?page=1&edid=1922F4C1-0D89-1ACA-A50D-EFC3C58AA17B HTTP/1.1" 200 111935
66.249.79.37 - - [25/Jan/2025:01:18:23 +0100] "GET /ticket2/opencms/be/buy/?page=1&edid=9DBCDD83-DFF7-0F0A-E3AC-44814FB4671B HTTP/1.1" 200 118969
54.38.85.37 - - [25/Jan/2025:01:18:23 +0100] "GET /ticket2/opencms/fr/buy/?page=1&edid=50375D23-8B44-5172-3FB1-755B660EE76F HTTP/1.1" 200 114686
202.8.40.104 - - [25/Jan/2025:01:18:23 +0100] "GET /ticket2/opencms/system/modules/com.gridnine.opencms.ticketbrokerage.site/resources/css/jquery.fancybox.css HTTP/1.1" 200 4939
202.8.40.104 - - [25/Jan/2025:01:18:23 +0100] "GET /ticket2/opencms/system/modules/com.gridnine.opencms.ticketbrokerage.site/resources/css/jquery-ui.css HTTP/1.1" 200 33221
202.8.40.104 - - [25/Jan/2025:01:18:23 +0100] "GET /ticket2/opencms/system/modules/com.gridnine.opencms.ticketbrokerage.site/resources/css/ticketbrokerage.css HTTP/1.1" 200 39339
202.8.40.104 - - [25/Jan/2025:01:18:23 +0100] "GET /ticket2/opencms/system/modules/com.gridnine.opencms.ticketbrokerage.site/resources/css/standard.css HTTP/1.1" 200 73840
202.8.40.104 - - [25/Jan/2025:01:18:23 +0100] "GET /ticket2/opencms/system/modules/com.gridnine.opencms.ticketbrokerage.site/resources/css/calendar.css HTTP/1.1" 200 6871
202.8.40.104 - - [25/Jan/2025:01:18:23 +0100] "GET /ticket2/opencms/system/modules/com.gridnine.opencms.ticketbrokerage.site/resources/js/jquery/jquery.js HTTP/1.1" 200 93868
202.8.40.104 - - [25/Jan/2025:01:18:23 +0100] "GET /ticket2/opencms/system/modules/com.gridnine.opencms.ticketbrokerage.site/resources/js/calendar-en.js HTTP/1.1" 200 3338
202.8.40.104 - - [25/Jan/2025:01:18:23 +0100] "GET /ticket2/opencms/system/modules/com.gridnine.opencms.ticketbrokerage.site/resources/js/functions.js HTTP/1.1" 200 1583
202.8.40.104 - - [25/Jan/2025:01:18:23 +0100] "GET /ticket2/opencms/system/modules/com.gridnine.opencms.ticketbrokerage.site/resources/js/calendar.js HTTP/1.1" 200 49229
202.8.40.104 - - [25/Jan/2025:01:18:23 +0100] "GET /ticket2/opencms/system/modules/com.gridnine.opencms.ticketbrokerage.site/resources/js/jquery/jquery-ui.js HTTP/1.1" 200 228088
202.8.40.104 - - [25/Jan/2025:01:18:23 +0100] "GET /ticket2/opencms/system/modules/com.gridnine.opencms.ticketbrokerage.site/resources/js/calendar-setup.js HTTP/1.1" 200 4923
202.8.40.104 - - [25/Jan/2025:01:18:23 +0100] "GET /ticket2/opencms/system/modules/com.gridnine.opencms.ticketbrokerage.site/resources/js/jquery.fancybox.pack.js HTTP/1.1" 200 23187
202.8.40.104 - - [25/Jan/2025:01:18:23 +0100] "GET /ticket2/opencms/system/modules/com.gridnine.opencms.ticketbrokerage.site/resources/js/stickyfill.min.js HTTP/1.1" 200 5672
202.8.40.104 - - [25/Jan/2025:01:18:23 +0100] "GET /ticket2/opencms/system/modules/com.gridnine.opencms.ticketbrokerage.site/resources/js/standard.js HTTP/1.1" 200 3983
202.8.40.104 - - [25/Jan/2025:01:18:24 +0100] "GET /ticket2/opencms/system/modules/com.gridnine.opencms.ticketbrokerage.site/resources/js/jquery.placeholder.min.js HTTP/1.1" 200 1737
202.8.40.104 - - [25/Jan/2025:01:18:24 +0100] "GET /ticket2/opencms/system/modules/com.gridnine.opencms.ticketbrokerage.site/resources/js/common-ajax.js HTTP/1.1" 200 20175
202.8.40.104 - - [25/Jan/2025:01:18:24 +0100] "GET /ticket2/opencms/pl/ask-form.html HTTP/1.1" 200 3156
202.8.40.104 - - [25/Jan/2025:01:18:24 +0100] "GET /ticket2/opencms/system/modules/com.gridnine.opencms.ticketbrokerage.site/resources/css/ticketbrokerage.css HTTP/1.1" 200 39339
54.36.148.107 - - [25/Jan/2025:01:18:25 +0100] "GET /ticket2/opencms/sv/sport/fotbollsbiljetter/ligue_1/paris_saint_germain/ HTTP/1.1" 200 92519
54.38.85.37 - - [25/Jan/2025:01:18:25 +0100] "GET /ticket2/opencms/fr/buy/?page=1&edid=5053E429-37C6-6922-FE45-2F7B4E327AEF HTTP/1.1" 200 118500
66.249.68.66 - - [25/Jan/2025:01:18:26 +0100] "GET /ticket2/opencms/set_aff_cookie.jsp?partner=692E2C6A-EC6F-1C93-AFCC-C5ACC23A93EA&url=%252Fsv%252Fbuy%252Findex.html%253Fpage%253D1%2526edid%253DFC9B216F-B877-F7C1-34F3-A428EECDEFA0%2526hlv%253D6141b6d2-35cc-4eb8-8592-509f0a01000f%2523v292744345 HTTP/1.1" 200 245
54.36.148.219 - - [25/Jan/2025:01:18:27 +0100] "GET /ticket2/opencms/be/buy?page=1&edid=81CABF18-BA6D-C79B-B74D-94D66EB07C86 HTTP/1.1" 200 137306
54.38.85.37 - - [25/Jan/2025:01:18:27 +0100] "GET /ticket2/opencms/fr/buy/?page=1&edid=50E84B3D-9D0C-3B92-7082-59B92FD223D3 HTTP/1.1" 200 114546
185.191.171.17 - - [25/Jan/2025:01:18:27 +0100] "GET /ticket2/opencms/de/magazine/article?title=manchester-united-gegen-arsenal HTTP/1.1" 200 92817
202.8.41.68 - - [25/Jan/2025:01:18:28 +0100] "GET /ticket2/opencms/system/modules/com.gridnine.opencms.ticketbrokerage.site/resources/css/jquery.fancybox.css HTTP/1.1" 200 4939
202.8.41.68 - - [25/Jan/2025:01:18:28 +0100] "GET /ticket2/opencms/system/modules/com.gridnine.opencms.ticketbrokerage.site/resources/css/calendar.css HTTP/1.1" 200 6871
202.8.41.68 - - [25/Jan/2025:01:18:28 +0100] "GET /ticket2/opencms/system/modules/com.gridnine.opencms.ticketbrokerage.site/resources/css/ticketbrokerage.css HTTP/1.1" 200 39339
202.8.41.68 - - [25/Jan/2025:01:18:28 +0100] "GET /ticket2/opencms/system/modules/com.gridnine.opencms.ticketbrokerage.site/resources/css/jquery-ui.css HTTP/1.1" 200 33221
202.8.41.68 - - [25/Jan/2025:01:18:28 +0100] "GET /ticket2/opencms/system/modules/com.gridnine.opencms.ticketbrokerage.site/resources/css/standard.css HTTP/1.1" 200 73840
202.8.41.68 - - [25/Jan/2025:01:18:28 +0100] "GET /ticket2/opencms/system/modules/com.gridnine.opencms.ticketbrokerage.site/resources/js/jquery/jquery.js HTTP/1.1" 200 93868
202.8.41.68 - - [25/Jan/2025:01:18:28 +0100] "GET /ticket2/opencms/system/modules/com.gridnine.opencms.ticketbrokerage.site/resources/js/jquery/jquery-ui.js HTTP/1.1" 200 228088
202.8.41.68 - - [25/Jan/2025:01:18:28 +0100] "GET /ticket2/opencms/system/modules/com.gridnine.opencms.ticketbrokerage.site/resources/js/calendar.js HTTP/1.1" 200 49229
202.8.41.68 - - [25/Jan/2025:01:18:28 +0100] "GET /ticket2/opencms/system/modules/com.gridnine.opencms.ticketbrokerage.site/resources/js/functions.js HTTP/1.1" 200 1583
202.8.41.68 - - [25/Jan/2025:01:18:28 +0100] "GET /ticket2/opencms/system/modules/com.gridnine.opencms.ticketbrokerage.site/resources/js/calendar-en.js HTTP/1.1" 200 3338
202.8.41.68 - - [25/Jan/2025:01:18:28 +0100] "GET /ticket2/opencms/system/modules/com.gridnine.opencms.ticketbrokerage.site/resources/js/calendar-setup.js HTTP/1.1" 200 4923
202.8.41.68 - - [25/Jan/2025:01:18:28 +0100] "GET /ticket2/opencms/system/modules/com.gridnine.opencms.ticketbrokerage.site/resources/js/jquery.fancybox.pack.js HTTP/1.1" 200 23187
202.8.41.68 - - [25/Jan/2025:01:18:28 +0100] "GET /ticket2/opencms/system/modules/com.gridnine.opencms.ticketbrokerage.site/resources/js/stickyfill.min.js HTTP/1.1" 200 5672
202.8.41.68 - - [25/Jan/2025:01:18:28 +0100] "GET /ticket2/opencms/system/modules/com.gridnine.opencms.ticketbrokerage.site/resources/js/standard.js HTTP/1.1" 200 3983
202.8.41.68 - - [25/Jan/2025:01:18:28 +0100] "GET /ticket2/opencms/system/modules/com.gridnine.opencms.ticketbrokerage.site/resources/js/jquery.placeholder.min.js HTTP/1.1" 200 1737
202.8.41.68 - - [25/Jan/2025:01:18:29 +0100] "GET /ticket2/opencms/system/modules/com.gridnine.opencms.ticketbrokerage.site/resources/js/common-ajax.js HTTP/1.1" 200 20175
202.8.41.68 - - [25/Jan/2025:01:18:29 +0100] "GET /ticket2/opencms/be/ask-form.html HTTP/1.1" 200 3156
202.8.41.68 - - [25/Jan/2025:01:18:29 +0100] "GET /ticket2/opencms/system/modules/com.gridnine.opencms.ticketbrokerage.site/resources/css/ticketbrokerage.css HTTP/1.1" 200 39339
216.244.66.238 - - [25/Jan/2025:01:18:29 +0100] "GET /ticket2/opencms/nl/buy/?page=1&edid=3583C60A-2756-0D59-4506-0B1FD5A42AAB HTTP/1.1" 200 108481
54.38.85.37 - - [25/Jan/2025:01:18:29 +0100] "GET /ticket2/opencms/fr/buy/?page=1&edid=51B4567B-19F2-A242-D969-4CD8EDBD80C5 HTTP/1.1" 200 118102
54.38.85.37 - - [25/Jan/2025:01:18:31 +0100] "GET /ticket2/opencms/fr/buy/?page=1&edid=525D0FCC-BA7F-4819-E364-A743609D8A75 HTTP/1.1" 200 111773
54.38.85.37 - - [25/Jan/2025:01:18:33 +0100] "GET /ticket2/opencms/fr/buy/?page=1&edid=545500C1-BB0B-5A7A-19F5-5BE1D1D185C5 HTTP/1.1" 200 111785
185.191.171.11 - - [25/Jan/2025:01:18:33 +0100] "GET /ticket2/opencms/bg/magazine/article?title=manchestur-yunajted-sreshu-arsenal HTTP/1.1" 200 95546
54.36.148.238 - - [25/Jan/2025:01:18:35 +0100] "GET /ticket2/opencms/hu/buy?page=1&edid=AC44825D-2793-0C67-BD3C-7AB6359F86DA HTTP/1.1" 200 118268
54.38.85.37 - - [25/Jan/2025:01:18:35 +0100] "GET /ticket2/opencms/fr/buy/?page=1&edid=55071255-F1B1-83D4-CE10-06DA54270E48 HTTP/1.1" 200 108590
202.8.40.143 - - [25/Jan/2025:01:18:36 +0100] "GET /ticket2/opencms/system/modules/com.gridnine.opencms.ticketbrokerage.site/resources/css/jquery-ui.css HTTP/1.1" 200 33221
202.8.40.143 - - [25/Jan/2025:01:18:36 +0100] "GET /ticket2/opencms/system/modules/com.gridnine.opencms.ticketbrokerage.site/resources/css/ticketbrokerage.css HTTP/1.1" 200 39339
202.8.40.143 - - [25/Jan/2025:01:18:36 +0100] "GET /ticket2/opencms/system/modules/com.gridnine.opencms.ticketbrokerage.site/resources/css/calendar.css HTTP/1.1" 200 6871
202.8.40.143 - - [25/Jan/2025:01:18:36 +0100] "GET /ticket2/opencms/system/modules/com.gridnine.opencms.ticketbrokerage.site/resources/css/jquery.fancybox.css HTTP/1.1" 200 4939
202.8.40.143 - - [25/Jan/2025:01:18:36 +0100] "GET /ticket2/opencms/system/modules/com.gridnine.opencms.ticketbrokerage.site/resources/css/standard.css HTTP/1.1" 200 73840
202.8.40.143 - - [25/Jan/2025:01:18:36 +0100] "GET /ticket2/opencms/system/modules/com.gridnine.opencms.ticketbrokerage.site/resources/js/jquery/jquery.js HTTP/1.1" 200 93868
202.8.40.143 - - [25/Jan/2025:01:18:36 +0100] "GET /ticket2/opencms/system/modules/com.gridnine.opencms.ticketbrokerage.site/resources/js/calendar.js HTTP/1.1" 200 49229
202.8.40.143 - - [25/Jan/2025:01:18:36 +0100] "GET /ticket2/opencms/system/modules/com.gridnine.opencms.ticketbrokerage.site/resources/js/functions.js HTTP/1.1" 200 1583
202.8.40.143 - - [25/Jan/2025:01:18:36 +0100] "GET /ticket2/opencms/system/modules/com.gridnine.opencms.ticketbrokerage.site/resources/js/jquery/jquery-ui.js HTTP/1.1" 200 228088
202.8.40.143 - - [25/Jan/2025:01:18:36 +0100] "GET /ticket2/opencms/system/modules/com.gridnine.opencms.ticketbrokerage.site/resources/js/calendar-en.js HTTP/1.1" 200 3338
202.8.40.143 - - [25/Jan/2025:01:18:36 +0100] "GET /ticket2/opencms/system/modules/com.gridnine.opencms.ticketbrokerage.site/resources/js/calendar-setup.js HTTP/1.1" 200 4923
202.8.40.143 - - [25/Jan/2025:01:18:37 +0100] "GET /ticket2/opencms/system/modules/com.gridnine.opencms.ticketbrokerage.site/resources/js/jquery.fancybox.pack.js HTTP/1.1" 200 23187
202.8.40.143 - - [25/Jan/2025:01:18:37 +0100] "GET /ticket2/opencms/system/modules/com.gridnine.opencms.ticketbrokerage.site/resources/js/stickyfill.min.js HTTP/1.1" 200 5672
202.8.40.143 - - [25/Jan/2025:01:18:37 +0100] "GET /ticket2/opencms/system/modules/com.gridnine.opencms.ticketbrokerage.site/resources/js/standard.js HTTP/1.1" 200 3983
202.8.40.143 - - [25/Jan/2025:01:18:37 +0100] "GET /ticket2/opencms/system/modules/com.gridnine.opencms.ticketbrokerage.site/resources/js/jquery.placeholder.min.js HTTP/1.1" 200 1737
202.8.40.143 - - [25/Jan/2025:01:18:37 +0100] "GET /ticket2/opencms/system/modules/com.gridnine.opencms.ticketbrokerage.site/resources/js/common-ajax.js HTTP/1.1" 200 20175
202.8.40.143 - - [25/Jan/2025:01:18:37 +0100] "GET /ticket2/opencms/hu/ask-form.html HTTP/1.1" 200 3156
202.8.40.143 - - [25/Jan/2025:01:18:37 +0100] "GET /ticket2/opencms/system/modules/com.gridnine.opencms.ticketbrokerage.site/resources/css/ticketbrokerage.css HTTP/1.1" 200 39339
54.38.85.37 - - [25/Jan/2025:01:18:37 +0100] "GET /ticket2/opencms/fr/buy/?page=1&edid=55D1893A-18D7-BF3D-C95C-B7BB78833B39 HTTP/1.1" 200 111264
54.38.85.37 - - [25/Jan/2025:01:18:40 +0100] "GET /ticket2/opencms/fr/buy/?page=1&edid=5605B728-A815-14DD-9E19-09BABDE81131 HTTP/1.1" 200 111549
66.249.79.199 - - [25/Jan/2025:01:18:41 +0100] "GET /ticket2/opencms/set_aff_cookie.jsp?partner=692E2C6A-EC6F-1C93-AFCC-C5ACC23A93EA&url=%252Ffi%252Fbuy%252Findex.html%253Fpage%253D1%2526edid%253D8D39CD86-5C30-53BA-56DE-BD6671BB60E9%2526hlv%253D60f815af-e0c0-4632-86d9-5c120a01000f%2523v_1558430526 HTTP/1.1" 200 247
54.36.149.45 - - [25/Jan/2025:01:18:41 +0100] "GET /ticket2/opencms/mo/buy?page=1&edid=81CABF18-BA6D-C79B-B74D-94D66EB07C86 HTTP/1.1" 200 134762
52.167.144.171 - - [25/Jan/2025:01:18:42 +0100] "GET /ticket2/opencms/nl/buy/?page=1&edid=2E9700A3-1FCD-CE83-B786-B3F02A037955 HTTP/1.1" 200 106400
54.38.85.37 - - [25/Jan/2025:01:18:42 +0100] "GET /ticket2/opencms/fr/buy/?page=1&edid=59C05F18-21F2-267C-D1EB-43CE0819C99D HTTP/1.1" 200 111368
202.8.43.145 - - [25/Jan/2025:01:18:43 +0100] "GET /ticket2/opencms/system/modules/com.gridnine.opencms.ticketbrokerage.site/resources/css/jquery.fancybox.css HTTP/1.1" 200 4939
202.8.43.145 - - [25/Jan/2025:01:18:43 +0100] "GET /ticket2/opencms/system/modules/com.gridnine.opencms.ticketbrokerage.site/resources/css/standard.css HTTP/1.1" 200 73840
202.8.43.145 - - [25/Jan/2025:01:18:43 +0100] "GET /ticket2/opencms/system/modules/com.gridnine.opencms.ticketbrokerage.site/resources/css/jquery-ui.css HTTP/1.1" 200 33221
202.8.43.145 - - [25/Jan/2025:01:18:43 +0100] "GET /ticket2/opencms/system/modules/com.gridnine.opencms.ticketbrokerage.site/resources/css/ticketbrokerage.css HTTP/1.1" 200 39339
202.8.43.145 - - [25/Jan/2025:01:18:43 +0100] "GET /ticket2/opencms/system/modules/com.gridnine.opencms.ticketbrokerage.site/resources/css/calendar.css HTTP/1.1" 200 6871
202.8.43.145 - - [25/Jan/2025:01:18:43 +0100] "GET /ticket2/opencms/system/modules/com.gridnine.opencms.ticketbrokerage.site/resources/js/jquery/jquery.js HTTP/1.1" 200 93868
202.8.43.145 - - [25/Jan/2025:01:18:43 +0100] "GET /ticket2/opencms/system/modules/com.gridnine.opencms.ticketbrokerage.site/resources/js/jquery/jquery-ui.js HTTP/1.1" 200 228088
202.8.43.145 - - [25/Jan/2025:01:18:43 +0100] "GET /ticket2/opencms/system/modules/com.gridnine.opencms.ticketbrokerage.site/resources/js/functions.js HTTP/1.1" 200 1583
202.8.43.145 - - [25/Jan/2025:01:18:43 +0100] "GET /ticket2/opencms/system/modules/com.gridnine.opencms.ticketbrokerage.site/resources/js/calendar.js HTTP/1.1" 200 49229
202.8.43.145 - - [25/Jan/2025:01:18:43 +0100] "GET /ticket2/opencms/system/modules/com.gridnine.opencms.ticketbrokerage.site/resources/js/calendar-en.js HTTP/1.1" 200 3338
202.8.43.145 - - [25/Jan/2025:01:18:43 +0100] "GET /ticket2/opencms/system/modules/com.gridnine.opencms.ticketbrokerage.site/resources/js/calendar-setup.js HTTP/1.1" 200 4923
202.8.43.145 - - [25/Jan/2025:01:18:43 +0100] "GET /ticket2/opencms/system/modules/com.gridnine.opencms.ticketbrokerage.site/resources/js/jquery.fancybox.pack.js HTTP/1.1" 200 23187
202.8.43.145 - - [25/Jan/2025:01:18:43 +0100] "GET /ticket2/opencms/system/modules/com.gridnine.opencms.ticketbrokerage.site/resources/js/stickyfill.min.js HTTP/1.1" 200 5672
202.8.43.145 - - [25/Jan/2025:01:18:43 +0100] "GET /ticket2/opencms/system/modules/com.gridnine.opencms.ticketbrokerage.site/resources/js/standard.js HTTP/1.1" 200 3983
202.8.43.145 - - [25/Jan/2025:01:18:43 +0100] "GET /ticket2/opencms/system/modules/com.gridnine.opencms.ticketbrokerage.site/resources/js/jquery.placeholder.min.js HTTP/1.1" 200 1737
202.8.43.145 - - [25/Jan/2025:01:18:43 +0100] "GET /ticket2/opencms/system/modules/com.gridnine.opencms.ticketbrokerage.site/resources/js/common-ajax.js HTTP/1.1" 200 20175
202.8.43.145 - - [25/Jan/2025:01:18:43 +0100] "GET /ticket2/opencms/mo/ask-form.html HTTP/1.1" 200 3156
202.8.43.145 - - [25/Jan/2025:01:18:43 +0100] "GET /ticket2/opencms/system/modules/com.gridnine.opencms.ticketbrokerage.site/resources/css/ticketbrokerage.css HTTP/1.1" 200 39339
185.191.171.18 - - [25/Jan/2025:01:18:44 +0100] "GET /ticket2/opencms/ka/magazine/article?title=manchester-city-igebs-premier-league HTTP/1.1" 200 96571
54.38.85.37 - - [25/Jan/2025:01:18:44 +0100] "GET /ticket2/opencms/fr/buy/?page=1&edid=59EE7C1E-928C-0B67-F8CD-0935739262E0 HTTP/1.1" 200 120590
54.38.85.37 - - [25/Jan/2025:01:18:46 +0100] "GET /ticket2/opencms/fr/buy/?page=1&edid=59FF6FC0-0E24-887E-599D-D93F8931961C HTTP/1.1" 200 110655
54.36.148.32 - - [25/Jan/2025:01:18:47 +0100] "GET /ticket2/opencms/be/buy?page=1&edid=FC821C33-E679-411D-0E2F-045A7A8A9CDD HTTP/1.1" 200 110882
54.38.85.37 - - [25/Jan/2025:01:18:48 +0100] "GET /ticket2/opencms/fr/buy/?page=1&edid=5BBBCCB4-879F-7BEA-76C4-C9A82E9FE36D HTTP/1.1" 200 108557
54.38.85.37 - - [25/Jan/2025:01:18:50 +0100] "GET /ticket2/opencms/nl/buy/?page=1&edid=75D6BBAD-486E-699E-8813-C7B713427407 HTTP/1.1" 200 109633
216.244.66.238 - - [25/Jan/2025:01:18:51 +0100] "GET /ticket2/opencms/sv/tickets/juventus/siena.html HTTP/1.1" 200 92996
54.38.85.37 - - [25/Jan/2025:01:18:52 +0100] "GET /ticket2/opencms/nl/buy/?page=1&edid=A492339E-0658-D77B-570A-6146F24F8C0A HTTP/1.1" 200 109006
54.36.149.20 - - [25/Jan/2025:01:18:54 +0100] "GET /ticket2/opencms/bs/buy/?page=1&edid=E1D17E6B-9491-FB54-F578-EF7CB536A051 HTTP/1.1" 200 108528
54.38.85.37 - - [25/Jan/2025:01:18:54 +0100] "GET /ticket2/opencms/nl/buy/?page=1&edid=A50C9DBA-FE79-ABA2-A67C-ED9083C7A802 HTTP/1.1" 200 109571
78.242.199.90 - - [25/Jan/2025:01:18:56 +0100] "GET /ticket2/opencms/system/galleries/pics/sport/Wanda-Metropolitano2.png HTTP/1.1" 200 45753
54.38.85.37 - - [25/Jan/2025:01:18:56 +0100] "GET /ticket2/opencms/nl/buy/?page=1&edid=A562F9EB-4C77-4FF6-766C-9E70F673E4E2 HTTP/1.1" 200 106449
54.36.148.116 - - [25/Jan/2025:01:18:58 +0100] "GET /ticket2/opencms/fr/buy?page=1&edid=81CABF18-BA6D-C79B-B74D-94D66EB07C86 HTTP/1.1" 200 135134
54.38.85.37 - - [25/Jan/2025:01:18:59 +0100] "GET /ticket2/opencms/nl/buy/?page=1&edid=A613B971-014E-0A66-B74F-2B30F695BCED HTTP/1.1" 200 112361
202.8.43.134 - - [25/Jan/2025:01:19:00 +0100] "GET /ticket2/opencms/system/modules/com.gridnine.opencms.ticketbrokerage.site/resources/css/calendar.css HTTP/1.1" 200 6871
202.8.43.134 - - [25/Jan/2025:01:19:00 +0100] "GET /ticket2/opencms/system/modules/com.gridnine.opencms.ticketbrokerage.site/resources/css/jquery-ui.css HTTP/1.1" 200 33221
202.8.43.134 - - [25/Jan/2025:01:19:00 +0100] "GET /ticket2/opencms/system/modules/com.gridnine.opencms.ticketbrokerage.site/resources/css/jquery.fancybox.css HTTP/1.1" 200 4939
202.8.43.134 - - [25/Jan/2025:01:19:00 +0100] "GET /ticket2/opencms/system/modules/com.gridnine.opencms.ticketbrokerage.site/resources/css/standard.css HTTP/1.1" 200 73840
202.8.43.134 - - [25/Jan/2025:01:19:00 +0100] "GET /ticket2/opencms/system/modules/com.gridnine.opencms.ticketbrokerage.site/resources/css/ticketbrokerage.css HTTP/1.1" 200 39339
202.8.43.134 - - [25/Jan/2025:01:19:00 +0100] "GET /ticket2/opencms/system/modules/com.gridnine.opencms.ticketbrokerage.site/resources/js/jquery/jquery.js HTTP/1.1" 200 93868
202.8.43.134 - - [25/Jan/2025:01:19:00 +0100] "GET /ticket2/opencms/system/modules/com.gridnine.opencms.ticketbrokerage.site/resources/js/jquery/jquery-ui.js HTTP/1.1" 200 228088
202.8.43.134 - - [25/Jan/2025:01:19:00 +0100] "GET /ticket2/opencms/system/modules/com.gridnine.opencms.ticketbrokerage.site/resources/js/functions.js HTTP/1.1" 200 1583
202.8.43.134 - - [25/Jan/2025:01:19:00 +0100] "GET /ticket2/opencms/system/modules/com.gridnine.opencms.ticketbrokerage.site/resources/js/calendar.js HTTP/1.1" 200 49229
202.8.43.134 - - [25/Jan/2025:01:19:00 +0100] "GET /ticket2/opencms/system/modules/com.gridnine.opencms.ticketbrokerage.site/resources/js/calendar-en.js HTTP/1.1" 200 3338
202.8.43.134 - - [25/Jan/2025:01:19:00 +0100] "GET /ticket2/opencms/system/modules/com.gridnine.opencms.ticketbrokerage.site/resources/js/calendar-setup.js HTTP/1.1" 200 4923
202.8.43.134 - - [25/Jan/2025:01:19:00 +0100] "GET /ticket2/opencms/system/modules/com.gridnine.opencms.ticketbrokerage.site/resources/js/jquery.fancybox.pack.js HTTP/1.1" 200 23187
202.8.43.134 - - [25/Jan/2025:01:19:00 +0100] "GET /ticket2/opencms/system/modules/com.gridnine.opencms.ticketbrokerage.site/resources/js/stickyfill.min.js HTTP/1.1" 200 5672
202.8.43.134 - - [25/Jan/2025:01:19:00 +0100] "GET /ticket2/opencms/system/modules/com.gridnine.opencms.ticketbrokerage.site/resources/js/standard.js HTTP/1.1" 200 3983
202.8.43.134 - - [25/Jan/2025:01:19:00 +0100] "GET /ticket2/opencms/system/modules/com.gridnine.opencms.ticketbrokerage.site/resources/js/jquery.placeholder.min.js HTTP/1.1" 200 1737
202.8.43.134 - - [25/Jan/2025:01:19:00 +0100] "GET /ticket2/opencms/system/modules/com.gridnine.opencms.ticketbrokerage.site/resources/js/common-ajax.js HTTP/1.1" 200 20175
202.8.43.134 - - [25/Jan/2025:01:19:00 +0100] "GET /ticket2/opencms/fr/ask-form.html HTTP/1.1" 200 3156
202.8.43.134 - - [25/Jan/2025:01:19:00 +0100] "GET /ticket2/opencms/system/modules/com.gridnine.opencms.ticketbrokerage.site/resources/css/ticketbrokerage.css HTTP/1.1" 200 39339
54.38.85.37 - - [25/Jan/2025:01:19:01 +0100] "GET /ticket2/opencms/nl/buy/?page=1&edid=A63CB229-A1A5-6049-4462-09D8A2D4CF7F HTTP/1.1" 200 109524
54.38.85.37 - - [25/Jan/2025:01:19:03 +0100] "GET /ticket2/opencms/nl/buy/?page=1&edid=A72CD07D-08E4-C032-9FA6-2107B7134BD2 HTTP/1.1" 200 109614
157.55.39.196 - - [25/Jan/2025:01:19:05 +0100] "GET /ticket2/opencms/dk/search.html?searchQuery= HTTP/1.1" 200 95596
54.38.85.37 - - [25/Jan/2025:01:19:05 +0100] "GET /ticket2/opencms/nl/buy/?page=1&edid=A85AAD81-C23E-3428-F159-8CE3E0081F64 HTTP/1.1" 200 109708
157.55.39.196 - - [25/Jan/2025:01:19:06 +0100] "GET /ticket2/opencms/ro/buy?page=1&edid=A40E09A6-82F6-B4B3-DEE0-A76ACCFE6164 HTTP/1.1" 200 112198
54.36.148.63 - - [25/Jan/2025:01:19:07 +0100] "GET /ticket2/opencms/et/buy?page=1&edid=9D7ABF2F-B431-422E-3673-716FB77076E6 HTTP/1.1" 200 110826
54.38.85.37 - - [25/Jan/2025:01:19:07 +0100] "GET /ticket2/opencms/nl/buy/?page=1&edid=A9140ADD-E008-579D-7865-3C1E6B6E78F6 HTTP/1.1" 200 108760
202.8.42.51 - - [25/Jan/2025:01:19:08 +0100] "GET /ticket2/opencms/system/modules/com.gridnine.opencms.ticketbrokerage.site/resources/css/calendar.css HTTP/1.1" 200 6871
202.8.42.51 - - [25/Jan/2025:01:19:08 +0100] "GET /ticket2/opencms/system/modules/com.gridnine.opencms.ticketbrokerage.site/resources/css/jquery-ui.css HTTP/1.1" 200 33221
202.8.42.51 - - [25/Jan/2025:01:19:08 +0100] "GET /ticket2/opencms/system/modules/com.gridnine.opencms.ticketbrokerage.site/resources/css/jquery.fancybox.css HTTP/1.1" 200 4939
202.8.42.51 - - [25/Jan/2025:01:19:08 +0100] "GET /ticket2/opencms/system/modules/com.gridnine.opencms.ticketbrokerage.site/resources/css/standard.css HTTP/1.1" 200 73840
202.8.42.51 - - [25/Jan/2025:01:19:08 +0100] "GET /ticket2/opencms/system/modules/com.gridnine.opencms.ticketbrokerage.site/resources/css/ticketbrokerage.css HTTP/1.1" 200 39339
202.8.42.51 - - [25/Jan/2025:01:19:08 +0100] "GET /ticket2/opencms/system/modules/com.gridnine.opencms.ticketbrokerage.site/resources/js/jquery/jquery.js HTTP/1.1" 200 93868
202.8.42.51 - - [25/Jan/2025:01:19:08 +0100] "GET /ticket2/opencms/system/modules/com.gridnine.opencms.ticketbrokerage.site/resources/js/jquery/jquery-ui.js HTTP/1.1" 200 228088
202.8.42.51 - - [25/Jan/2025:01:19:08 +0100] "GET /ticket2/opencms/system/modules/com.gridnine.opencms.ticketbrokerage.site/resources/js/functions.js HTTP/1.1" 200 1583
202.8.42.51 - - [25/Jan/2025:01:19:08 +0100] "GET /ticket2/opencms/system/modules/com.gridnine.opencms.ticketbrokerage.site/resources/js/calendar.js HTTP/1.1" 200 49229
202.8.42.51 - - [25/Jan/2025:01:19:08 +0100] "GET /ticket2/opencms/system/modules/com.gridnine.opencms.ticketbrokerage.site/resources/js/calendar-en.js HTTP/1.1" 200 3338
202.8.42.51 - - [25/Jan/2025:01:19:08 +0100] "GET /ticket2/opencms/system/modules/com.gridnine.opencms.ticketbrokerage.site/resources/js/calendar-setup.js HTTP/1.1" 200 4923
202.8.42.51 - - [25/Jan/2025:01:19:08 +0100] "GET /ticket2/opencms/system/modules/com.gridnine.opencms.ticketbrokerage.site/resources/js/stickyfill.min.js HTTP/1.1" 200 5672
202.8.42.51 - - [25/Jan/2025:01:19:08 +0100] "GET /ticket2/opencms/system/modules/com.gridnine.opencms.ticketbrokerage.site/resources/js/jquery.fancybox.pack.js HTTP/1.1" 200 23187
202.8.42.51 - - [25/Jan/2025:01:19:08 +0100] "GET /ticket2/opencms/system/modules/com.gridnine.opencms.ticketbrokerage.site/resources/js/standard.js HTTP/1.1" 200 3983
202.8.42.51 - - [25/Jan/2025:01:19:08 +0100] "GET /ticket2/opencms/system/modules/com.gridnine.opencms.ticketbrokerage.site/resources/js/jquery.placeholder.min.js HTTP/1.1" 200 1737
202.8.42.51 - - [25/Jan/2025:01:19:08 +0100] "GET /ticket2/opencms/system/modules/com.gridnine.opencms.ticketbrokerage.site/resources/js/common-ajax.js HTTP/1.1" 200 20175
202.8.42.51 - - [25/Jan/2025:01:19:08 +0100] "GET /ticket2/opencms/et/ask-form.html HTTP/1.1" 200 3156
202.8.42.51 - - [25/Jan/2025:01:19:09 +0100] "GET /ticket2/opencms/system/modules/com.gridnine.opencms.ticketbrokerage.site/resources/css/ticketbrokerage.css HTTP/1.1" 200 39339
54.38.85.37 - - [25/Jan/2025:01:19:09 +0100] "GET /ticket2/opencms/nl/buy/?page=1&edid=A9801416-AE3B-7D1A-1B34-1269835EE309 HTTP/1.1" 200 109002
54.38.85.37 - - [25/Jan/2025:01:19:11 +0100] "GET /ticket2/opencms/nl/buy/?page=1&edid=A9FB4931-7D3F-A756-7769-4F0BC786B8FB HTTP/1.1" 200 109620
54.36.148.112 - - [25/Jan/2025:01:19:13 +0100] "GET /ticket2/opencms/hu/buy?page=1&edid=FC821C33-E679-411D-0E2F-045A7A8A9CDD HTTP/1.1" 200 108948
54.38.85.37 - - [25/Jan/2025:01:19:13 +0100] "GET /ticket2/opencms/nl/buy/?page=1&edid=AADDCD78-DE28-F8AE-4D11-4F1E8CBEB1E9 HTTP/1.1" 200 110281
54.38.85.37 - - [25/Jan/2025:01:19:15 +0100] "GET /ticket2/opencms/nl/buy/?page=1&edid=AC0B9D95-EFDF-620F-1AF4-978A4B3BD208 HTTP/1.1" 200 106357
54.38.85.37 - - [25/Jan/2025:01:19:17 +0100] "GET /ticket2/opencms/nl/buy/?page=1&edid=AC850F1A-F4BA-A4A5-63C8-2EAFDE9B0DCD HTTP/1.1" 200 106410
213.180.203.238 - - [25/Jan/2025:01:19:17 +0100] "GET /ticket2/opencms/dk/buy/?page=6&comcatid=0A6B8208-FDA4-E929-9D72-5312FD481B76 HTTP/1.1" 200 6410
54.36.149.97 - - [25/Jan/2025:01:19:18 +0100] "GET /ticket2/opencms/sq/buy?page=1&edid=BF8D38D6-BFC5-94DC-F957-47D6FB3C9AF0 HTTP/1.1" 200 108278
202.8.43.99 - - [25/Jan/2025:01:19:19 +0100] "GET /ticket2/opencms/system/modules/com.gridnine.opencms.ticketbrokerage.site/resources/css/jquery-ui.css HTTP/1.1" 200 33221
202.8.43.99 - - [25/Jan/2025:01:19:19 +0100] "GET /ticket2/opencms/system/modules/com.gridnine.opencms.ticketbrokerage.site/resources/css/jquery.fancybox.css HTTP/1.1" 200 4939
202.8.43.99 - - [25/Jan/2025:01:19:19 +0100] "GET /ticket2/opencms/system/modules/com.gridnine.opencms.ticketbrokerage.site/resources/css/standard.css HTTP/1.1" 200 73840
202.8.43.99 - - [25/Jan/2025:01:19:19 +0100] "GET /ticket2/opencms/system/modules/com.gridnine.opencms.ticketbrokerage.site/resources/css/ticketbrokerage.css HTTP/1.1" 200 39339
202.8.43.99 - - [25/Jan/2025:01:19:19 +0100] "GET /ticket2/opencms/system/modules/com.gridnine.opencms.ticketbrokerage.site/resources/css/calendar.css HTTP/1.1" 200 6871
202.8.43.99 - - [25/Jan/2025:01:19:19 +0100] "GET /ticket2/opencms/system/modules/com.gridnine.opencms.ticketbrokerage.site/resources/js/jquery/jquery.js HTTP/1.1" 200 93868
54.38.85.37 - - [25/Jan/2025:01:19:19 +0100] "GET /ticket2/opencms/nl/buy/?page=1&edid=AD14D102-9A59-3E48-721F-B8412449464B HTTP/1.1" 200 108532
202.8.43.99 - - [25/Jan/2025:01:19:19 +0100] "GET /ticket2/opencms/system/modules/com.gridnine.opencms.ticketbrokerage.site/resources/js/functions.js HTTP/1.1" 200 1583
202.8.43.99 - - [25/Jan/2025:01:19:19 +0100] "GET /ticket2/opencms/system/modules/com.gridnine.opencms.ticketbrokerage.site/resources/js/jquery/jquery-ui.js HTTP/1.1" 200 228088
202.8.43.99 - - [25/Jan/2025:01:19:19 +0100] "GET /ticket2/opencms/system/modules/com.gridnine.opencms.ticketbrokerage.site/resources/js/calendar-en.js HTTP/1.1" 200 3338
202.8.43.99 - - [25/Jan/2025:01:19:19 +0100] "GET /ticket2/opencms/system/modules/com.gridnine.opencms.ticketbrokerage.site/resources/js/calendar.js HTTP/1.1" 200 49229
202.8.43.99 - - [25/Jan/2025:01:19:19 +0100] "GET /ticket2/opencms/system/modules/com.gridnine.opencms.ticketbrokerage.site/resources/js/calendar-setup.js HTTP/1.1" 200 4923
202.8.43.99 - - [25/Jan/2025:01:19:19 +0100] "GET /ticket2/opencms/system/modules/com.gridnine.opencms.ticketbrokerage.site/resources/js/jquery.fancybox.pack.js HTTP/1.1" 200 23187
202.8.43.99 - - [25/Jan/2025:01:19:19 +0100] "GET /ticket2/opencms/system/modules/com.gridnine.opencms.ticketbrokerage.site/resources/js/stickyfill.min.js HTTP/1.1" 200 5672
202.8.43.99 - - [25/Jan/2025:01:19:19 +0100] "GET /ticket2/opencms/system/modules/com.gridnine.opencms.ticketbrokerage.site/resources/js/standard.js HTTP/1.1" 200 3983
202.8.43.99 - - [25/Jan/2025:01:19:20 +0100] "GET /ticket2/opencms/system/modules/com.gridnine.opencms.ticketbrokerage.site/resources/js/jquery.placeholder.min.js HTTP/1.1" 200 1737
202.8.43.99 - - [25/Jan/2025:01:19:20 +0100] "GET /ticket2/opencms/system/modules/com.gridnine.opencms.ticketbrokerage.site/resources/js/common-ajax.js HTTP/1.1" 200 20175
202.8.43.99 - - [25/Jan/2025:01:19:20 +0100] "GET /ticket2/opencms/sq/ask-form.html HTTP/1.1" 200 3156
66.249.79.4 - - [25/Jan/2025:01:19:20 +0100] "GET /ticket2/opencms/sk/buy/?page=1&edid=3C1AA9C0-084D-56FD-71F5-AB68BF8D6A9C HTTP/1.1" 200 108919
202.8.43.99 - - [25/Jan/2025:01:19:20 +0100] "GET /ticket2/opencms/system/modules/com.gridnine.opencms.ticketbrokerage.site/resources/css/ticketbrokerage.css HTTP/1.1" 200 39339
54.38.85.37 - - [25/Jan/2025:01:19:21 +0100] "GET /ticket2/opencms/nl/buy/?page=1&edid=ADD1F57C-36B4-39D2-9578-BA2614FAFC35 HTTP/1.1" 200 110160
54.38.85.37 - - [25/Jan/2025:01:19:23 +0100] "GET /ticket2/opencms/nl/buy/?page=1&edid=AF177F08-49E6-19F9-306A-D5D6CE34AFAC HTTP/1.1" 200 109809
54.36.148.223 - - [25/Jan/2025:01:19:25 +0100] "GET /ticket2/opencms/hr/buy?page=1&edid=2E9700A3-1FCD-CE83-B786-B3F02A037955 HTTP/1.1" 200 108722
66.249.79.33 - - [25/Jan/2025:01:19:25 +0100] "GET /ticket2/opencms/ka/buy/?page=1&edid=4736DF7C-C1C2-2C08-48FA-1D2EB109FC30&hlv=611cd26c-cac4-46cd-bef1-5e520a01000f HTTP/1.1" 200 118317
54.38.85.37 - - [25/Jan/2025:01:19:25 +0100] "GET /ticket2/opencms/nl/buy/?page=1&edid=AF39FAB5-FE06-5368-91B7-FED96ACA064E HTTP/1.1" 200 108542
47.128.59.34 - - [25/Jan/2025:01:19:27 +0100] "GET /ticket2/opencms/sv/buy?edid=7F8C8657-1175-5E36-90F1-A19607745DA5 HTTP/1.1" 200 90847
54.38.85.37 - - [25/Jan/2025:01:19:27 +0100] "GET /ticket2/opencms/nl/buy/?page=1&edid=B10F38F7-87F0-E53A-A47F-6CB91094C01A HTTP/1.1" 200 106404
85.208.96.194 - - [25/Jan/2025:01:19:27 +0100] "GET /ticket2/opencms/sv/sport/fotbollsbiljetter/english-championship/sheffield-united/ HTTP/1.1" 200 87870
85.208.96.212 - - [25/Jan/2025:01:19:29 +0100] "GET /ticket2/opencms/bg/magazine/article?title=em-predavaniya HTTP/1.1" 200 96691
54.38.85.37 - - [25/Jan/2025:01:19:29 +0100] "GET /ticket2/opencms/nl/buy/?page=1&edid=B12376C6-BA7F-3D61-F970-EF51106430AB HTTP/1.1" 200 127684
54.38.85.37 - - [25/Jan/2025:01:19:31 +0100] "GET /ticket2/opencms/nl/buy/?page=1&edid=B2241087-D185-A728-3E5D-9CBE0FCA5BA2 HTTP/1.1" 200 106421
40.77.167.2 - - [25/Jan/2025:01:19:33 +0100] "GET /ticket2/opencms/ro/buy/?page=1&edid=CFE3AD1D-4887-F2C9-CE30-778894EF867F HTTP/1.1" 200 118124
54.38.85.37 - - [25/Jan/2025:01:19:34 +0100] "GET /ticket2/opencms/nl/buy/?page=1&edid=B26C271A-4A1F-5110-8308-CDC3FD5965DB HTTP/1.1" 200 109671
54.38.85.37 - - [25/Jan/2025:01:19:36 +0100] "GET /ticket2/opencms/nl/buy/?page=1&edid=B32AB519-F231-4BF8-F809-18CF08E96409 HTTP/1.1" 200 109779
54.38.85.37 - - [25/Jan/2025:01:19:37 +0100] "GET /ticket2/opencms/nl/buy/?page=1&edid=B422C598-4610-0185-89CA-0FDFEB7BE014 HTTP/1.1" 200 108496
54.38.85.37 - - [25/Jan/2025:01:19:40 +0100] "GET /ticket2/opencms/nl/buy/?page=1&edid=B5480FEC-C7FC-18FB-0EEB-9717E2722B5A HTTP/1.1" 200 118846
54.36.148.201 - - [25/Jan/2025:01:19:40 +0100] "GET /ticket2/opencms/ro/buy?page=1&edid=E09857B3-0F9E-7B02-8232-83B35FF16CE1 HTTP/1.1" 200 109003
47.128.60.18 - - [25/Jan/2025:01:19:40 +0100] "GET /ticket2/opencms/sr/buy?edid=36B8587B-9BD4-1599-9368-E59F9780F9A9 HTTP/1.1" 200 92239
202.8.42.0 - - [25/Jan/2025:01:19:41 +0100] "GET /ticket2/opencms/system/modules/com.gridnine.opencms.ticketbrokerage.site/resources/css/standard.css HTTP/1.1" 200 73840
202.8.42.0 - - [25/Jan/2025:01:19:41 +0100] "GET /ticket2/opencms/system/modules/com.gridnine.opencms.ticketbrokerage.site/resources/js/jquery/jquery.js HTTP/1.1" 200 93868
202.8.42.0 - - [25/Jan/2025:01:19:41 +0100] "GET /ticket2/opencms/system/modules/com.gridnine.opencms.ticketbrokerage.site/resources/css/calendar.css HTTP/1.1" 200 6871
202.8.42.0 - - [25/Jan/2025:01:19:41 +0100] "GET /ticket2/opencms/system/modules/com.gridnine.opencms.ticketbrokerage.site/resources/js/jquery/jquery-ui.js HTTP/1.1" 200 228088
202.8.42.0 - - [25/Jan/2025:01:19:41 +0100] "GET /ticket2/opencms/system/modules/com.gridnine.opencms.ticketbrokerage.site/resources/css/ticketbrokerage.css HTTP/1.1" 200 39339
202.8.42.0 - - [25/Jan/2025:01:19:41 +0100] "GET /ticket2/opencms/system/modules/com.gridnine.opencms.ticketbrokerage.site/resources/js/functions.js HTTP/1.1" 200 1583
202.8.42.0 - - [25/Jan/2025:01:19:41 +0100] "GET /ticket2/opencms/system/modules/com.gridnine.opencms.ticketbrokerage.site/resources/js/calendar.js HTTP/1.1" 200 49229
202.8.42.0 - - [25/Jan/2025:01:19:41 +0100] "GET /ticket2/opencms/system/modules/com.gridnine.opencms.ticketbrokerage.site/resources/js/calendar-en.js HTTP/1.1" 200 3338
202.8.42.0 - - [25/Jan/2025:01:19:41 +0100] "GET /ticket2/opencms/system/modules/com.gridnine.opencms.ticketbrokerage.site/resources/js/standard.js HTTP/1.1" 200 3983
202.8.42.0 - - [25/Jan/2025:01:19:41 +0100] "GET /ticket2/opencms/system/modules/com.gridnine.opencms.ticketbrokerage.site/resources/js/calendar-setup.js HTTP/1.1" 200 4923
202.8.42.0 - - [25/Jan/2025:01:19:41 +0100] "GET /ticket2/opencms/ro/ask-form.html HTTP/1.1" 200 3156
202.8.42.0 - - [25/Jan/2025:01:19:42 +0100] "GET /ticket2/opencms/system/modules/com.gridnine.opencms.ticketbrokerage.site/resources/css/ticketbrokerage.css HTTP/1.1" 200 39339
54.38.85.37 - - [25/Jan/2025:01:19:42 +0100] "GET /ticket2/opencms/nl/buy/?page=1&edid=B5C39213-E135-81B2-3182-CF92D0BE5105 HTTP/1.1" 200 106426
54.38.85.37 - - [25/Jan/2025:01:19:44 +0100] "GET /ticket2/opencms/nl/buy/?page=1&edid=F2BB5427-1D4A-AECD-9787-90D94712CD18 HTTP/1.1" 200 132446
85.208.96.211 - - [25/Jan/2025:01:19:44 +0100] "GET /ticket2/opencms/cs/magazine/article?title=rozpis-zapasu-premier-league-rozpis-zapasu-premier-league-20242025 HTTP/1.1" 200 92914
54.38.85.37 - - [25/Jan/2025:01:19:46 +0100] "GET /ticket2/opencms/nl/buy/?page=1&edid=F34F0F82-8666-22C0-D441-2DD1CFDD313F HTTP/1.1" 200 106378
54.38.85.37 - - [25/Jan/2025:01:19:48 +0100] "GET /ticket2/opencms/no/buy/?comcatid=0A6B8208-FDA4-E929-9D72-5312FD481B76&catid=1DB7F66B-473B-B427-F752-358FEEFE8EC0 HTTP/1.1" 200 6410
54.38.85.37 - - [25/Jan/2025:01:19:50 +0100] "GET /ticket2/opencms/no/buy/?comcatid=0A6B8208-FDA4-E929-9D72-5312FD481B76&catid=26594C33-56CE-F529-FAF3-61AB33F74A3B HTTP/1.1" 200 6410
54.38.85.37 - - [25/Jan/2025:01:19:51 +0100] "GET /ticket2/opencms/no/buy/?comcatid=0A6B8208-FDA4-E929-9D72-5312FD481B76&catid=3A56B1C2-6FFB-C8D1-B229-B3914D5FF8DF HTTP/1.1" 200 6410
54.36.148.93 - - [25/Jan/2025:01:19:52 +0100] "GET /ticket2/opencms/nl/buy?page=1&edid=72D44309-5F0D-DDAA-4152-51321DBF919E HTTP/1.1" 200 105659
157.55.39.196 - - [25/Jan/2025:01:19:53 +0100] "GET /ticket2/opencms/bs/buy/?page=1&edid=5B1EBD64-AC5B-1705-53F4-E0FEF8B73423 HTTP/1.1" 200 111805
54.38.85.37 - - [25/Jan/2025:01:19:53 +0100] "GET /ticket2/opencms/no/buy/?comcatid=97ECA65A-72DA-F9AF-9DBB-245D3CFED1BE&catid=F7F89B9B-6697-7881-54AE-4C39276BF1B8 HTTP/1.1" 200 6410
202.8.42.99 - - [25/Jan/2025:01:19:53 +0100] "GET /ticket2/opencms/system/modules/com.gridnine.opencms.ticketbrokerage.site/resources/css/jquery-ui.css HTTP/1.1" 200 33221
202.8.42.99 - - [25/Jan/2025:01:19:53 +0100] "GET /ticket2/opencms/system/modules/com.gridnine.opencms.ticketbrokerage.site/resources/css/standard.css HTTP/1.1" 200 73840
202.8.42.99 - - [25/Jan/2025:01:19:53 +0100] "GET /ticket2/opencms/system/modules/com.gridnine.opencms.ticketbrokerage.site/resources/css/calendar.css HTTP/1.1" 200 6871
202.8.42.99 - - [25/Jan/2025:01:19:53 +0100] "GET /ticket2/opencms/system/modules/com.gridnine.opencms.ticketbrokerage.site/resources/css/jquery.fancybox.css HTTP/1.1" 200 4939
202.8.42.99 - - [25/Jan/2025:01:19:53 +0100] "GET /ticket2/opencms/system/modules/com.gridnine.opencms.ticketbrokerage.site/resources/css/ticketbrokerage.css HTTP/1.1" 200 39339
202.8.42.99 - - [25/Jan/2025:01:19:53 +0100] "GET /ticket2/opencms/system/modules/com.gridnine.opencms.ticketbrokerage.site/resources/js/jquery/jquery.js HTTP/1.1" 200 93868
202.8.42.99 - - [25/Jan/2025:01:19:53 +0100] "GET /ticket2/opencms/system/modules/com.gridnine.opencms.ticketbrokerage.site/resources/js/functions.js HTTP/1.1" 200 1583
202.8.42.99 - - [25/Jan/2025:01:19:53 +0100] "GET /ticket2/opencms/system/modules/com.gridnine.opencms.ticketbrokerage.site/resources/js/jquery/jquery-ui.js HTTP/1.1" 200 228088
202.8.42.99 - - [25/Jan/2025:01:19:53 +0100] "GET /ticket2/opencms/system/modules/com.gridnine.opencms.ticketbrokerage.site/resources/js/calendar.js HTTP/1.1" 200 49229
202.8.42.99 - - [25/Jan/2025:01:19:53 +0100] "GET /ticket2/opencms/system/modules/com.gridnine.opencms.ticketbrokerage.site/resources/js/calendar-en.js HTTP/1.1" 200 3338
202.8.42.99 - - [25/Jan/2025:01:19:53 +0100] "GET /ticket2/opencms/system/modules/com.gridnine.opencms.ticketbrokerage.site/resources/js/calendar-setup.js HTTP/1.1" 200 4923
202.8.42.99 - - [25/Jan/2025:01:19:54 +0100] "GET /ticket2/opencms/system/modules/com.gridnine.opencms.ticketbrokerage.site/resources/js/jquery.fancybox.pack.js HTTP/1.1" 200 23187
202.8.42.99 - - [25/Jan/2025:01:19:54 +0100] "GET /ticket2/opencms/system/modules/com.gridnine.opencms.ticketbrokerage.site/resources/js/stickyfill.min.js HTTP/1.1" 200 5672
202.8.42.99 - - [25/Jan/2025:01:19:54 +0100] "GET /ticket2/opencms/system/modules/com.gridnine.opencms.ticketbrokerage.site/resources/js/standard.js HTTP/1.1" 200 3983
202.8.42.99 - - [25/Jan/2025:01:19:54 +0100] "GET /ticket2/opencms/system/modules/com.gridnine.opencms.ticketbrokerage.site/resources/js/jquery.placeholder.min.js HTTP/1.1" 200 1737
202.8.42.99 - - [25/Jan/2025:01:19:54 +0100] "GET /ticket2/opencms/system/modules/com.gridnine.opencms.ticketbrokerage.site/resources/js/common-ajax.js HTTP/1.1" 200 20175
202.8.42.99 - - [25/Jan/2025:01:19:54 +0100] "GET /ticket2/opencms/nl/ask-form.html HTTP/1.1" 200 3015
202.8.42.99 - - [25/Jan/2025:01:19:54 +0100] "GET /ticket2/opencms/system/modules/com.gridnine.opencms.ticketbrokerage.site/resources/css/ticketbrokerage.css HTTP/1.1" 200 39339
54.38.85.37 - - [25/Jan/2025:01:19:54 +0100] "GET /ticket2/opencms/no/buy/?comcatid=97ECA65A-72DA-F9AF-9DBB-245D3CFED1BE&catid=F7FF413B-5FDF-82CF-E5BB-CD4AB6027974 HTTP/1.1" 200 6410
54.38.85.37 - - [25/Jan/2025:01:19:56 +0100] "GET /ticket2/opencms/no/buy/?comcatid=B41CCF2B-5558-7AEE-3602-09BBDE417D65&catid=36DC4BE2-91A2-6146-2BE9-47B6F3C44EDB HTTP/1.1" 200 6410
54.36.148.69 - - [25/Jan/2025:01:19:57 +0100] "GET /ticket2/opencms/sl/buy?page=1&edid=FC821C33-E679-411D-0E2F-045A7A8A9CDD HTTP/1.1" 200 108748
54.38.85.37 - - [25/Jan/2025:01:19:58 +0100] "GET /ticket2/opencms/no/buy/?comcatid=B41CCF2B-5558-7AEE-3602-09BBDE417D65&catid=A34BCF61-E19C-5C5C-445E-06F3749E1EF4 HTTP/1.1" 200 6410
54.38.85.37 - - [25/Jan/2025:01:19:59 +0100] "GET /ticket2/opencms/no/buy/?comcatid=B41CCF2B-5558-7AEE-3602-09BBDE417D65&catid=BF886BAE-FC84-8CB3-A193-6DFA251F7985 HTTP/1.1" 200 6410
54.38.85.37 - - [25/Jan/2025:01:20:01 +0100] "GET /ticket2/opencms/no/buy/?comcatid=B41CCF2B-5558-7AEE-3602-09BBDE417D65&catid=E03F2203-3943-A0F0-A47D-D9E7CDA79C6B HTTP/1.1" 200 6410
54.36.148.120 - - [25/Jan/2025:01:20:01 +0100] "GET /ticket2/opencms/cs/buy?page=1&edid=6D553E3C-BACA-E048-6D4A-5E9D197667EC HTTP/1.1" 200 112670
202.8.41.9 - - [25/Jan/2025:01:20:03 +0100] "GET /ticket2/opencms/system/modules/com.gridnine.opencms.ticketbrokerage.site/resources/css/jquery-ui.css HTTP/1.1" 200 33221
202.8.41.9 - - [25/Jan/2025:01:20:03 +0100] "GET /ticket2/opencms/system/modules/com.gridnine.opencms.ticketbrokerage.site/resources/css/calendar.css HTTP/1.1" 200 6871
202.8.41.9 - - [25/Jan/2025:01:20:03 +0100] "GET /ticket2/opencms/system/modules/com.gridnine.opencms.ticketbrokerage.site/resources/css/ticketbrokerage.css HTTP/1.1" 200 39339
202.8.41.9 - - [25/Jan/2025:01:20:03 +0100] "GET /ticket2/opencms/system/modules/com.gridnine.opencms.ticketbrokerage.site/resources/css/standard.css HTTP/1.1" 200 73840
202.8.41.9 - - [25/Jan/2025:01:20:03 +0100] "GET /ticket2/opencms/system/modules/com.gridnine.opencms.ticketbrokerage.site/resources/css/jquery.fancybox.css HTTP/1.1" 200 4939
