202.8.41.150 - - [25/Jan/2025:00:50:31 +0100] "GET /ticket2/opencms/system/modules/com.gridnine.opencms.ticketbrokerage.site/resources/js/stickyfill.min.js HTTP/1.1" 200 5672
202.8.41.150 - - [25/Jan/2025:00:50:31 +0100] "GET /ticket2/opencms/system/modules/com.gridnine.opencms.ticketbrokerage.site/resources/js/standard.js HTTP/1.1" 200 3983
202.8.41.150 - - [25/Jan/2025:00:50:31 +0100] "GET /ticket2/opencms/system/modules/com.gridnine.opencms.ticketbrokerage.site/resources/js/jquery.placeholder.min.js HTTP/1.1" 200 1737
202.8.41.150 - - [25/Jan/2025:00:50:32 +0100] "GET /ticket2/opencms/system/modules/com.gridnine.opencms.ticketbrokerage.site/resources/js/common-ajax.js HTTP/1.1" 200 20175
202.8.41.150 - - [25/Jan/2025:00:50:32 +0100] "GET /ticket2/opencms/el/ask-form.html HTTP/1.1" 200 3156
202.8.41.150 - - [25/Jan/2025:00:50:32 +0100] "GET /ticket2/opencms/system/modules/com.gridnine.opencms.ticketbrokerage.site/resources/css/ticketbrokerage.css HTTP/1.1" 200 39339
192.99.15.17 - - [25/Jan/2025:00:50:33 +0100] "GET /ticket2/opencms/dk/buy/?page=1&edid=CA5B0C82-DB36-D129-88EF-15CA8AFD33CA HTTP/1.1" 200 107306
88.90.247.184 - - [25/Jan/2025:00:50:33 +0100] "GET /ticket2/opencms/hr/buy/?page=1&edid=53A92FA4-2865-3EC4-1DE2-3CECE2D5DCBD HTTP/1.1" 200 111861
88.90.247.184 - - [25/Jan/2025:00:50:35 +0100] "GET /ticket2/opencms/hr/buy/?page=1&edid=545D0E01-FDAE-BAF6-88EE-1B0726F33A23 HTTP/1.1" 200 110770
192.99.15.17 - - [25/Jan/2025:00:50:37 +0100] "GET /ticket2/opencms/dk/buy/?page=1&edid=CA915B50-9092-CC2A-1D54-906B1D5B9927 HTTP/1.1" 200 107338
85.208.96.193 - - [25/Jan/2025:00:50:37 +0100] "GET /ticket2/opencms/nl/magazine/article?title=newcastle-upon-tyne HTTP/1.1" 200 90769
88.90.247.184 - - [25/Jan/2025:00:50:38 +0100] "GET /ticket2/opencms/hr/buy/?page=1&edid=54DC2629-FE89-0ED9-A566-828C55EBE838 HTTP/1.1" 200 111935
54.36.148.235 - - [25/Jan/2025:00:50:40 +0100] "GET /ticket2/opencms/no/buy?page=1&edid=E52D0D42-B37D-77A5-7B6B-E8A2A69DD28E HTTP/1.1" 200 134614
192.99.15.17 - - [25/Jan/2025:00:50:41 +0100] "GET /ticket2/opencms/dk/buy/?page=1&edid=CBDF47AD-F7D8-A677-7E8E-783C31186D97 HTTP/1.1" 200 107322
202.8.43.216 - - [25/Jan/2025:00:50:41 +0100] "GET /ticket2/opencms/system/modules/com.gridnine.opencms.ticketbrokerage.site/resources/css/jquery-ui.css HTTP/1.1" 200 33221
202.8.43.216 - - [25/Jan/2025:00:50:41 +0100] "GET /ticket2/opencms/system/modules/com.gridnine.opencms.ticketbrokerage.site/resources/css/calendar.css HTTP/1.1" 200 6871
202.8.43.216 - - [25/Jan/2025:00:50:41 +0100] "GET /ticket2/opencms/system/modules/com.gridnine.opencms.ticketbrokerage.site/resources/css/jquery.fancybox.css HTTP/1.1" 200 4939
202.8.43.216 - - [25/Jan/2025:00:50:41 +0100] "GET /ticket2/opencms/system/modules/com.gridnine.opencms.ticketbrokerage.site/resources/css/standard.css HTTP/1.1" 200 73840
202.8.43.216 - - [25/Jan/2025:00:50:41 +0100] "GET /ticket2/opencms/system/modules/com.gridnine.opencms.ticketbrokerage.site/resources/css/ticketbrokerage.css HTTP/1.1" 200 39339
202.8.43.216 - - [25/Jan/2025:00:50:41 +0100] "GET /ticket2/opencms/system/modules/com.gridnine.opencms.ticketbrokerage.site/resources/js/jquery/jquery.js HTTP/1.1" 200 93868
185.191.171.2 - - [25/Jan/2025:00:50:41 +0100] "GET /ticket2/opencms/uk/sport/kvytky-na-futbol/premier-league/crystal_palace/ HTTP/1.1" 200 102544
88.90.247.184 - - [25/Jan/2025:00:50:41 +0100] "GET /ticket2/opencms/hr/buy/?page=1&edid=552202FE-6CC9-18FE-8F33-9429723BB7EB HTTP/1.1" 200 119656
202.8.43.216 - - [25/Jan/2025:00:50:41 +0100] "GET /ticket2/opencms/system/modules/com.gridnine.opencms.ticketbrokerage.site/resources/js/jquery/jquery-ui.js HTTP/1.1" 200 228088
202.8.43.216 - - [25/Jan/2025:00:50:41 +0100] "GET /ticket2/opencms/system/modules/com.gridnine.opencms.ticketbrokerage.site/resources/js/calendar.js HTTP/1.1" 200 49229
202.8.43.216 - - [25/Jan/2025:00:50:41 +0100] "GET /ticket2/opencms/system/modules/com.gridnine.opencms.ticketbrokerage.site/resources/js/functions.js HTTP/1.1" 200 1583
202.8.43.216 - - [25/Jan/2025:00:50:41 +0100] "GET /ticket2/opencms/system/modules/com.gridnine.opencms.ticketbrokerage.site/resources/js/calendar-setup.js HTTP/1.1" 200 4923
202.8.43.216 - - [25/Jan/2025:00:50:41 +0100] "GET /ticket2/opencms/system/modules/com.gridnine.opencms.ticketbrokerage.site/resources/js/calendar-en.js HTTP/1.1" 200 3338
202.8.43.216 - - [25/Jan/2025:00:50:41 +0100] "GET /ticket2/opencms/system/modules/com.gridnine.opencms.ticketbrokerage.site/resources/js/jquery.fancybox.pack.js HTTP/1.1" 200 23187
202.8.43.216 - - [25/Jan/2025:00:50:41 +0100] "GET /ticket2/opencms/system/modules/com.gridnine.opencms.ticketbrokerage.site/resources/js/stickyfill.min.js HTTP/1.1" 200 5672
202.8.43.216 - - [25/Jan/2025:00:50:41 +0100] "GET /ticket2/opencms/system/modules/com.gridnine.opencms.ticketbrokerage.site/resources/js/standard.js HTTP/1.1" 200 3983
202.8.43.216 - - [25/Jan/2025:00:50:42 +0100] "GET /ticket2/opencms/system/modules/com.gridnine.opencms.ticketbrokerage.site/resources/js/jquery.placeholder.min.js HTTP/1.1" 200 1737
202.8.43.216 - - [25/Jan/2025:00:50:42 +0100] "GET /ticket2/opencms/system/modules/com.gridnine.opencms.ticketbrokerage.site/resources/js/common-ajax.js HTTP/1.1" 200 20175
202.8.43.216 - - [25/Jan/2025:00:50:42 +0100] "GET /ticket2/opencms/no/ask-form.html HTTP/1.1" 200 2919
202.8.43.216 - - [25/Jan/2025:00:50:42 +0100] "GET /ticket2/opencms/system/modules/com.gridnine.opencms.ticketbrokerage.site/resources/css/ticketbrokerage.css HTTP/1.1" 200 39339
66.249.68.4 - - [25/Jan/2025:00:50:42 +0100] "GET /ticket2/opencms/set_aff_cookie.jsp?partner=57601924-FB09-5BB2-867F-08B4EB522BA8&url=%252Fen%252Fbuy%252Findex.html%253Fpage%253D1%2526edid%253D6013960B-6822-2E35-1FA5-E8D66CD59F68%2526hlv%253D60c9e05c-bc34-4c87-981b-1e090a01000f%2523v706615626 HTTP/1.1" 200 245
88.90.247.184 - - [25/Jan/2025:00:50:44 +0100] "GET /ticket2/opencms/hr/buy/?page=1&edid=55D1893A-18D7-BF3D-C95C-B7BB78833B39 HTTP/1.1" 200 111207
192.99.15.17 - - [25/Jan/2025:00:50:45 +0100] "GET /ticket2/opencms/dk/buy/?page=1&edid=CDC8380D-9E34-4AA8-C5EB-B98118612E7B HTTP/1.1" 200 120168
88.90.247.184 - - [25/Jan/2025:00:50:46 +0100] "GET /ticket2/opencms/hr/buy/?page=1&edid=5605B728-A815-14DD-9E19-09BABDE81131 HTTP/1.1" 200 111715
88.90.247.184 - - [25/Jan/2025:00:50:49 +0100] "GET /ticket2/opencms/hr/buy/?page=1&edid=56062CAE-66F5-81C7-DD42-F372CD5AE180 HTTP/1.1" 200 112282
192.99.15.17 - - [25/Jan/2025:00:50:49 +0100] "GET /ticket2/opencms/dk/buy/?page=1&edid=D9483F7A-81C2-71D7-77DF-D2197B102901 HTTP/1.1" 200 107370
88.90.247.184 - - [25/Jan/2025:00:50:51 +0100] "GET /ticket2/opencms/hr/buy/?page=1&edid=5660FC95-DEFD-E31A-427A-FEF42882AD54 HTTP/1.1" 200 108660
124.243.178.135 - - [25/Jan/2025:00:50:51 +0100] "GET /ticket2/opencms/uk/magazine/ HTTP/1.1" 200 148578
192.99.15.17 - - [25/Jan/2025:00:50:53 +0100] "GET /ticket2/opencms/dk/buy/?page=1&edid=D99ADA8F-DD19-1ED8-19FA-1322A123D964 HTTP/1.1" 200 107374
88.90.247.184 - - [25/Jan/2025:00:50:55 +0100] "GET /ticket2/opencms/hr/buy/?page=1&edid=56B38CDE-C52C-9D5C-A997-D65F4CB742AB HTTP/1.1" 200 142059
192.99.15.17 - - [25/Jan/2025:00:50:57 +0100] "GET /ticket2/opencms/dk/buy/?page=1&edid=D9DFA8C8-D977-C463-EF54-2526B55523A3 HTTP/1.1" 200 107305
88.90.247.184 - - [25/Jan/2025:00:50:57 +0100] "GET /ticket2/opencms/hr/buy/?page=1&edid=56BC3965-276E-354F-1EDA-8AF4681F5BD5 HTTP/1.1" 200 125302
40.77.167.136 - - [25/Jan/2025:00:50:58 +0100] "GET /ticket2/opencms/hu/buy/?comcatid=A17713B6-D984-201A-4143-ED4DB5ED5C2E&catid=0A6C99D2-F5BD-7A18-9A5F-5668827042E0 HTTP/1.1" 200 6410
85.208.96.205 - - [25/Jan/2025:00:50:59 +0100] "GET /ticket2/opencms/sv/sport/fotbollsbiljetter/ligue_1/lille/ HTTP/1.1" 200 87615
88.90.247.184 - - [25/Jan/2025:00:51:01 +0100] "GET /ticket2/opencms/hr/buy/?page=1&edid=56BEA2AB-D62C-F232-ADFB-5CF7A178E68C HTTP/1.1" 200 131878
192.99.15.17 - - [25/Jan/2025:00:51:01 +0100] "GET /ticket2/opencms/dk/buy/?page=1&edid=DD4ED7B0-6874-818C-31D5-2601C6F792DC HTTP/1.1" 200 107309
88.90.247.184 - - [25/Jan/2025:00:51:04 +0100] "GET /ticket2/opencms/hr/buy/?page=1&edid=570FD6B1-ED73-103F-2272-3F6F4728ECCF HTTP/1.1" 200 108716
192.99.15.17 - - [25/Jan/2025:00:51:05 +0100] "GET /ticket2/opencms/dk/buy/?page=1&edid=DE0D0DE3-BA42-3783-5C74-6058213C61AE HTTP/1.1" 200 107319
88.90.247.184 - - [25/Jan/2025:00:51:07 +0100] "GET /ticket2/opencms/hr/buy/?page=1&edid=57449F59-3EAF-BBAB-4AC9-B7A456A32485 HTTP/1.1" 200 123887
54.36.149.27 - - [25/Jan/2025:00:51:09 +0100] "GET /ticket2/opencms/en/buy?page=1&edid=5660FC95-DEFD-E31A-427A-FEF42882AD54 HTTP/1.1" 200 106944
88.90.247.184 - - [25/Jan/2025:00:51:09 +0100] "GET /ticket2/opencms/hr/buy/?page=1&edid=578ABCE9-06EA-4939-3CFF-C4F189A950CC HTTP/1.1" 200 108606
192.99.15.17 - - [25/Jan/2025:00:51:09 +0100] "GET /ticket2/opencms/dk/buy/?page=1&edid=E0AE80B3-D973-1C4A-1E4A-4F34E588C3A0 HTTP/1.1" 200 107362
202.8.43.182 - - [25/Jan/2025:00:51:10 +0100] "GET /ticket2/opencms/system/modules/com.gridnine.opencms.ticketbrokerage.site/resources/css/jquery-ui.css HTTP/1.1" 200 33221
202.8.43.182 - - [25/Jan/2025:00:51:10 +0100] "GET /ticket2/opencms/system/modules/com.gridnine.opencms.ticketbrokerage.site/resources/css/calendar.css HTTP/1.1" 200 6871
202.8.43.182 - - [25/Jan/2025:00:51:10 +0100] "GET /ticket2/opencms/system/modules/com.gridnine.opencms.ticketbrokerage.site/resources/css/ticketbrokerage.css HTTP/1.1" 200 39339
202.8.43.182 - - [25/Jan/2025:00:51:11 +0100] "GET /ticket2/opencms/system/modules/com.gridnine.opencms.ticketbrokerage.site/resources/css/standard.css HTTP/1.1" 200 73840
202.8.43.182 - - [25/Jan/2025:00:51:11 +0100] "GET /ticket2/opencms/system/modules/com.gridnine.opencms.ticketbrokerage.site/resources/js/calendar.js HTTP/1.1" 200 49229
202.8.43.182 - - [25/Jan/2025:00:51:11 +0100] "GET /ticket2/opencms/system/modules/com.gridnine.opencms.ticketbrokerage.site/resources/css/jquery.fancybox.css HTTP/1.1" 200 4939
202.8.43.182 - - [25/Jan/2025:00:51:11 +0100] "GET /ticket2/opencms/system/modules/com.gridnine.opencms.ticketbrokerage.site/resources/js/functions.js HTTP/1.1" 200 1583
202.8.43.182 - - [25/Jan/2025:00:51:11 +0100] "GET /ticket2/opencms/system/modules/com.gridnine.opencms.ticketbrokerage.site/resources/js/jquery/jquery.js HTTP/1.1" 200 93868
202.8.43.182 - - [25/Jan/2025:00:51:11 +0100] "GET /ticket2/opencms/system/modules/com.gridnine.opencms.ticketbrokerage.site/resources/js/calendar-en.js HTTP/1.1" 200 3338
202.8.43.182 - - [25/Jan/2025:00:51:11 +0100] "GET /ticket2/opencms/system/modules/com.gridnine.opencms.ticketbrokerage.site/resources/js/jquery/jquery-ui.js HTTP/1.1" 200 228088
202.8.43.182 - - [25/Jan/2025:00:51:11 +0100] "GET /ticket2/opencms/system/modules/com.gridnine.opencms.ticketbrokerage.site/resources/js/calendar-setup.js HTTP/1.1" 200 4923
202.8.43.182 - - [25/Jan/2025:00:51:11 +0100] "GET /ticket2/opencms/system/modules/com.gridnine.opencms.ticketbrokerage.site/resources/js/jquery.fancybox.pack.js HTTP/1.1" 200 23187
202.8.43.182 - - [25/Jan/2025:00:51:11 +0100] "GET /ticket2/opencms/system/modules/com.gridnine.opencms.ticketbrokerage.site/resources/js/stickyfill.min.js HTTP/1.1" 200 5672
202.8.43.182 - - [25/Jan/2025:00:51:11 +0100] "GET /ticket2/opencms/system/modules/com.gridnine.opencms.ticketbrokerage.site/resources/js/standard.js HTTP/1.1" 200 3983
202.8.43.182 - - [25/Jan/2025:00:51:11 +0100] "GET /ticket2/opencms/system/modules/com.gridnine.opencms.ticketbrokerage.site/resources/js/jquery.placeholder.min.js HTTP/1.1" 200 1737
202.8.43.182 - - [25/Jan/2025:00:51:11 +0100] "GET /ticket2/opencms/system/modules/com.gridnine.opencms.ticketbrokerage.site/resources/js/common-ajax.js HTTP/1.1" 200 20175
202.8.43.182 - - [25/Jan/2025:00:51:11 +0100] "GET /ticket2/opencms/en/ask-form.html HTTP/1.1" 200 3146
202.8.43.182 - - [25/Jan/2025:00:51:11 +0100] "GET /ticket2/opencms/system/modules/com.gridnine.opencms.ticketbrokerage.site/resources/css/ticketbrokerage.css HTTP/1.1" 200 39339
88.90.247.184 - - [25/Jan/2025:00:51:12 +0100] "GET /ticket2/opencms/hr/buy/?page=1&edid=579B49FD-6D7C-4BF3-CF9E-91183D7BCE4C HTTP/1.1" 200 108680
192.99.15.17 - - [25/Jan/2025:00:51:14 +0100] "GET /ticket2/opencms/dk/buy/?page=1&edid=E283AC65-3197-392C-E040-FCBDD904729E HTTP/1.1" 200 120111
88.90.247.184 - - [25/Jan/2025:00:51:15 +0100] "GET /ticket2/opencms/hr/buy/?page=1&edid=57C8D150-DCBD-4911-196A-160A37952FA8 HTTP/1.1" 200 135229
88.90.247.184 - - [25/Jan/2025:00:51:17 +0100] "GET /ticket2/opencms/hr/buy/?page=1&edid=582C4192-AED1-C43A-6B53-0F2BB3B8E830 HTTP/1.1" 200 108707
192.99.15.17 - - [25/Jan/2025:00:51:18 +0100] "GET /ticket2/opencms/dk/buy/?page=1&edid=E5C71AA1-7B1A-D9BE-470B-940D9CED866E HTTP/1.1" 200 107273
40.77.167.34 - - [25/Jan/2025:00:51:18 +0100] "GET /ticket2/opencms/lt/buy/?page=1&edid=579B49FD-6D7C-4BF3-CF9E-91183D7BCE4C HTTP/1.1" 200 108951
54.36.148.122 - - [25/Jan/2025:00:51:18 +0100] "GET /ticket2/opencms/is/sport/fotbolti/bundesliga/hoffenheim HTTP/1.1" 200 101108
202.8.40.88 - - [25/Jan/2025:00:51:20 +0100] "GET /ticket2/opencms/system/modules/com.gridnine.opencms.ticketbrokerage.site/resources/css/jquery.fancybox.css HTTP/1.1" 200 4939
202.8.40.88 - - [25/Jan/2025:00:51:20 +0100] "GET /ticket2/opencms/system/modules/com.gridnine.opencms.ticketbrokerage.site/resources/css/standard.css HTTP/1.1" 200 73840
202.8.40.88 - - [25/Jan/2025:00:51:20 +0100] "GET /ticket2/opencms/system/modules/com.gridnine.opencms.ticketbrokerage.site/resources/css/calendar.css HTTP/1.1" 200 6871
202.8.40.88 - - [25/Jan/2025:00:51:20 +0100] "GET /ticket2/opencms/system/modules/com.gridnine.opencms.ticketbrokerage.site/resources/css/jquery-ui.css HTTP/1.1" 200 33221
202.8.40.88 - - [25/Jan/2025:00:51:20 +0100] "GET /ticket2/opencms/system/modules/com.gridnine.opencms.ticketbrokerage.site/resources/css/ticketbrokerage.css HTTP/1.1" 200 39339
202.8.40.88 - - [25/Jan/2025:00:51:20 +0100] "GET /ticket2/opencms/system/modules/com.gridnine.opencms.ticketbrokerage.site/resources/js/jquery/jquery.js HTTP/1.1" 200 93868
202.8.40.88 - - [25/Jan/2025:00:51:20 +0100] "GET /ticket2/opencms/system/modules/com.gridnine.opencms.ticketbrokerage.site/resources/js/jquery/jquery-ui.js HTTP/1.1" 200 228088
202.8.40.88 - - [25/Jan/2025:00:51:20 +0100] "GET /ticket2/opencms/system/modules/com.gridnine.opencms.ticketbrokerage.site/resources/js/calendar-en.js HTTP/1.1" 200 3338
202.8.40.88 - - [25/Jan/2025:00:51:20 +0100] "GET /ticket2/opencms/system/modules/com.gridnine.opencms.ticketbrokerage.site/resources/js/calendar-setup.js HTTP/1.1" 200 4923
202.8.40.88 - - [25/Jan/2025:00:51:20 +0100] "GET /ticket2/opencms/system/modules/com.gridnine.opencms.ticketbrokerage.site/resources/js/functions.js HTTP/1.1" 200 1583
202.8.40.88 - - [25/Jan/2025:00:51:20 +0100] "GET /ticket2/opencms/system/modules/com.gridnine.opencms.ticketbrokerage.site/resources/js/calendar.js HTTP/1.1" 200 49229
47.128.48.25 - - [25/Jan/2025:00:51:20 +0100] "GET /ticket2/opencms/sv/sport/fotbollsbiljetter/english-championship/sheffield-wednesday/ HTTP/1.1" 200 92858
88.90.247.184 - - [25/Jan/2025:00:51:20 +0100] "GET /ticket2/opencms/hr/buy/?page=1&edid=584BB9A7-DBF0-6EF0-6765-CB1D784ABB18 HTTP/1.1" 200 120364
202.8.40.88 - - [25/Jan/2025:00:51:20 +0100] "GET /ticket2/opencms/system/modules/com.gridnine.opencms.ticketbrokerage.site/resources/js/stickyfill.min.js HTTP/1.1" 200 5672
202.8.40.88 - - [25/Jan/2025:00:51:20 +0100] "GET /ticket2/opencms/system/modules/com.gridnine.opencms.ticketbrokerage.site/resources/js/jquery.fancybox.pack.js HTTP/1.1" 200 23187
202.8.40.88 - - [25/Jan/2025:00:51:20 +0100] "GET /ticket2/opencms/system/modules/com.gridnine.opencms.ticketbrokerage.site/resources/js/standard.js HTTP/1.1" 200 3983
202.8.40.88 - - [25/Jan/2025:00:51:20 +0100] "GET /ticket2/opencms/system/modules/com.gridnine.opencms.ticketbrokerage.site/resources/js/jquery.placeholder.min.js HTTP/1.1" 200 1737
202.8.40.88 - - [25/Jan/2025:00:51:20 +0100] "GET /ticket2/opencms/system/modules/com.gridnine.opencms.ticketbrokerage.site/resources/js/common-ajax.js HTTP/1.1" 200 20175
88.90.247.184 - - [25/Jan/2025:00:51:22 +0100] "GET /ticket2/opencms/hr/buy/?page=1&edid=58BBF638-5A76-A8D6-7263-FAE40850FA7F HTTP/1.1" 200 117836
192.99.15.17 - - [25/Jan/2025:00:51:23 +0100] "GET /ticket2/opencms/dk/buy/?page=1&edid=E81E710D-F6C6-BEBB-C141-3F278F7FA314 HTTP/1.1" 200 107350
88.90.247.184 - - [25/Jan/2025:00:51:24 +0100] "GET /ticket2/opencms/hr/buy/?page=1&edid=59510E33-7947-2FED-CC14-F0612B76476A HTTP/1.1" 200 114724
88.90.247.184 - - [25/Jan/2025:00:51:26 +0100] "GET /ticket2/opencms/hr/buy/?page=1&edid=59C05F18-21F2-267C-D1EB-43CE0819C99D HTTP/1.1" 200 111479
192.99.15.17 - - [25/Jan/2025:00:51:27 +0100] "GET /ticket2/opencms/dk/buy/?page=1&edid=EE9D378D-B608-D0C3-023E-19EA1CC71BB7 HTTP/1.1" 200 107404
47.128.52.110 - - [25/Jan/2025:00:51:27 +0100] "GET /ticket2/opencms/fi/urheilu/jalkapallo/bundesliga/freiburg/ HTTP/1.1" 200 99658
47.128.52.110 - - [25/Jan/2025:00:51:28 +0100] "GET /ticket2/opencms/system/modules/com.gridnine.opencms.ticketbrokerage.site/resources/pics/banners/sv/Bundesliga.jpg HTTP/1.1" 200 13421
185.191.171.6 - - [25/Jan/2025:00:51:28 +0100] "GET /ticket2/opencms/lt/magazine/article?title=crystal-palace-geriausi-premier-lygos-fanai HTTP/1.1" 200 94227
88.90.247.184 - - [25/Jan/2025:00:51:29 +0100] "GET /ticket2/opencms/hr/buy/?page=1&edid=59EE7C1E-928C-0B67-F8CD-0935739262E0 HTTP/1.1" 200 120312
54.36.148.78 - - [25/Jan/2025:00:51:29 +0100] "GET /ticket2/opencms/fi/buy?page=1&edid=490A3EB7-122E-45F6-B34E-808127A7B906 HTTP/1.1" 200 111855
192.99.15.17 - - [25/Jan/2025:00:51:31 +0100] "GET /ticket2/opencms/dk/buy/?page=1&edid=EFAD6268-83FA-7979-AAB3-785B7208F10D HTTP/1.1" 200 107294
88.90.247.184 - - [25/Jan/2025:00:51:31 +0100] "GET /ticket2/opencms/hr/buy/?page=1&edid=59F2D58E-40AC-D2C5-DDAD-7EFEADCD20CC HTTP/1.1" 200 108637
88.90.247.184 - - [25/Jan/2025:00:51:33 +0100] "GET /ticket2/opencms/hr/buy/?page=1&edid=5A1AA50E-FB02-4BE6-58BC-EF15D7C57463 HTTP/1.1" 200 108717
192.99.15.17 - - [25/Jan/2025:00:51:34 +0100] "GET /ticket2/opencms/dk/buy/?page=1&edid=F6B52729-D385-1BA8-C061-8869A2499C82 HTTP/1.1" 200 107258
88.90.247.184 - - [25/Jan/2025:00:51:36 +0100] "GET /ticket2/opencms/hr/buy/?page=1&edid=5B76833E-2E71-FA6D-0004-1CC4E0B9EF88 HTTP/1.1" 200 111788
207.46.13.157 - - [25/Jan/2025:00:51:38 +0100] "GET /ticket2/opencms/fi/buy?page=1&edid=EF6D0E20-6AE6-B05D-5576-C9D71B5DDB43 HTTP/1.1" 200 111891
54.36.149.76 - - [25/Jan/2025:00:51:38 +0100] "GET /ticket2/opencms/be/buy?page=1&edid=AC44825D-2793-0C67-BD3C-7AB6359F86DA HTTP/1.1" 200 120272
192.99.15.17 - - [25/Jan/2025:00:51:39 +0100] "GET /ticket2/opencms/dk/buy/?page=1&edid=F7378244-15B7-A239-317C-1FF50D66CBB3 HTTP/1.1" 200 107365
88.90.247.184 - - [25/Jan/2025:00:51:39 +0100] "GET /ticket2/opencms/hr/buy/?page=1&edid=5D555BC1-782B-38D6-8CD8-930BAA85F969 HTTP/1.1" 200 108685
202.8.43.186 - - [25/Jan/2025:00:51:40 +0100] "GET /ticket2/opencms/system/modules/com.gridnine.opencms.ticketbrokerage.site/resources/css/jquery-ui.css HTTP/1.1" 200 33221
202.8.43.186 - - [25/Jan/2025:00:51:40 +0100] "GET /ticket2/opencms/system/modules/com.gridnine.opencms.ticketbrokerage.site/resources/css/calendar.css HTTP/1.1" 200 6871
202.8.43.186 - - [25/Jan/2025:00:51:40 +0100] "GET /ticket2/opencms/system/modules/com.gridnine.opencms.ticketbrokerage.site/resources/css/standard.css HTTP/1.1" 200 73840
202.8.43.186 - - [25/Jan/2025:00:51:40 +0100] "GET /ticket2/opencms/system/modules/com.gridnine.opencms.ticketbrokerage.site/resources/js/calendar.js HTTP/1.1" 200 49229
202.8.43.186 - - [25/Jan/2025:00:51:40 +0100] "GET /ticket2/opencms/system/modules/com.gridnine.opencms.ticketbrokerage.site/resources/css/ticketbrokerage.css HTTP/1.1" 200 39339
202.8.43.186 - - [25/Jan/2025:00:51:40 +0100] "GET /ticket2/opencms/system/modules/com.gridnine.opencms.ticketbrokerage.site/resources/css/jquery.fancybox.css HTTP/1.1" 200 4939
202.8.43.186 - - [25/Jan/2025:00:51:40 +0100] "GET /ticket2/opencms/system/modules/com.gridnine.opencms.ticketbrokerage.site/resources/js/calendar-en.js HTTP/1.1" 200 3338
202.8.43.186 - - [25/Jan/2025:00:51:40 +0100] "GET /ticket2/opencms/system/modules/com.gridnine.opencms.ticketbrokerage.site/resources/js/jquery/jquery-ui.js HTTP/1.1" 200 228088
202.8.43.186 - - [25/Jan/2025:00:51:40 +0100] "GET /ticket2/opencms/system/modules/com.gridnine.opencms.ticketbrokerage.site/resources/js/functions.js HTTP/1.1" 200 1583
202.8.43.186 - - [25/Jan/2025:00:51:40 +0100] "GET /ticket2/opencms/system/modules/com.gridnine.opencms.ticketbrokerage.site/resources/js/calendar-setup.js HTTP/1.1" 200 4923
202.8.43.186 - - [25/Jan/2025:00:51:40 +0100] "GET /ticket2/opencms/system/modules/com.gridnine.opencms.ticketbrokerage.site/resources/js/jquery/jquery.js HTTP/1.1" 200 93868
202.8.43.186 - - [25/Jan/2025:00:51:40 +0100] "GET /ticket2/opencms/system/modules/com.gridnine.opencms.ticketbrokerage.site/resources/js/jquery.fancybox.pack.js HTTP/1.1" 200 23187
202.8.43.186 - - [25/Jan/2025:00:51:40 +0100] "GET /ticket2/opencms/system/modules/com.gridnine.opencms.ticketbrokerage.site/resources/js/stickyfill.min.js HTTP/1.1" 200 5672
202.8.43.186 - - [25/Jan/2025:00:51:40 +0100] "GET /ticket2/opencms/system/modules/com.gridnine.opencms.ticketbrokerage.site/resources/js/standard.js HTTP/1.1" 200 3983
202.8.43.186 - - [25/Jan/2025:00:51:40 +0100] "GET /ticket2/opencms/system/modules/com.gridnine.opencms.ticketbrokerage.site/resources/js/jquery.placeholder.min.js HTTP/1.1" 200 1737
202.8.43.186 - - [25/Jan/2025:00:51:40 +0100] "GET /ticket2/opencms/system/modules/com.gridnine.opencms.ticketbrokerage.site/resources/js/common-ajax.js HTTP/1.1" 200 20175
202.8.43.186 - - [25/Jan/2025:00:51:40 +0100] "GET /ticket2/opencms/be/ask-form.html HTTP/1.1" 200 3156
202.8.43.186 - - [25/Jan/2025:00:51:40 +0100] "GET /ticket2/opencms/system/modules/com.gridnine.opencms.ticketbrokerage.site/resources/css/ticketbrokerage.css HTTP/1.1" 200 39339
88.90.247.184 - - [25/Jan/2025:00:51:42 +0100] "GET /ticket2/opencms/hr/buy/?page=1&edid=6035F022-2AFB-0DF4-0C8B-8C092D9D990D HTTP/1.1" 200 111860
192.99.15.17 - - [25/Jan/2025:00:51:43 +0100] "GET /ticket2/opencms/dk/buy/?page=1&edid=F96EC4CB-A7BC-CFD8-70A7-924DB40FAA5B HTTP/1.1" 200 107295
88.90.247.184 - - [25/Jan/2025:00:51:44 +0100] "GET /ticket2/opencms/hr/buy/?page=1&edid=A587FC63-4A93-6097-3B29-C1C51786267C HTTP/1.1" 200 117868
192.99.15.17 - - [25/Jan/2025:00:51:47 +0100] "GET /ticket2/opencms/dk/buy/?page=1&edid=FBCB4DB4-95C2-2162-161E-CFE6F76BC5CD HTTP/1.1" 200 107250
88.90.247.184 - - [25/Jan/2025:00:51:47 +0100] "GET /ticket2/opencms/hr/buy/?page=1&edid=A5DC3557-7021-B208-917D-35A78F466827 HTTP/1.1" 200 111807
54.36.148.239 - - [25/Jan/2025:00:51:48 +0100] "GET /ticket2/opencms/az/buy?page=1&edid=AC44825D-2793-0C67-BD3C-7AB6359F86DA HTTP/1.1" 200 118446
202.8.40.215 - - [25/Jan/2025:00:51:49 +0100] "GET /ticket2/opencms/system/modules/com.gridnine.opencms.ticketbrokerage.site/resources/css/ticketbrokerage.css HTTP/1.1" 200 39339
202.8.40.215 - - [25/Jan/2025:00:51:49 +0100] "GET /ticket2/opencms/system/modules/com.gridnine.opencms.ticketbrokerage.site/resources/css/jquery-ui.css HTTP/1.1" 200 33221
202.8.40.215 - - [25/Jan/2025:00:51:49 +0100] "GET /ticket2/opencms/system/modules/com.gridnine.opencms.ticketbrokerage.site/resources/css/jquery.fancybox.css HTTP/1.1" 200 4939
202.8.40.215 - - [25/Jan/2025:00:51:49 +0100] "GET /ticket2/opencms/system/modules/com.gridnine.opencms.ticketbrokerage.site/resources/css/standard.css HTTP/1.1" 200 73840
202.8.40.215 - - [25/Jan/2025:00:51:49 +0100] "GET /ticket2/opencms/system/modules/com.gridnine.opencms.ticketbrokerage.site/resources/js/jquery/jquery.js HTTP/1.1" 200 93868
202.8.40.215 - - [25/Jan/2025:00:51:49 +0100] "GET /ticket2/opencms/system/modules/com.gridnine.opencms.ticketbrokerage.site/resources/css/calendar.css HTTP/1.1" 200 6871
202.8.40.215 - - [25/Jan/2025:00:51:50 +0100] "GET /ticket2/opencms/system/modules/com.gridnine.opencms.ticketbrokerage.site/resources/js/calendar.js HTTP/1.1" 200 49229
202.8.40.215 - - [25/Jan/2025:00:51:50 +0100] "GET /ticket2/opencms/system/modules/com.gridnine.opencms.ticketbrokerage.site/resources/js/jquery/jquery-ui.js HTTP/1.1" 200 228088
202.8.40.215 - - [25/Jan/2025:00:51:50 +0100] "GET /ticket2/opencms/system/modules/com.gridnine.opencms.ticketbrokerage.site/resources/js/functions.js HTTP/1.1" 200 1583
202.8.40.215 - - [25/Jan/2025:00:51:50 +0100] "GET /ticket2/opencms/system/modules/com.gridnine.opencms.ticketbrokerage.site/resources/js/calendar-setup.js HTTP/1.1" 200 4923
202.8.40.215 - - [25/Jan/2025:00:51:50 +0100] "GET /ticket2/opencms/system/modules/com.gridnine.opencms.ticketbrokerage.site/resources/js/calendar-en.js HTTP/1.1" 200 3338
202.8.40.215 - - [25/Jan/2025:00:51:50 +0100] "GET /ticket2/opencms/system/modules/com.gridnine.opencms.ticketbrokerage.site/resources/js/jquery.fancybox.pack.js HTTP/1.1" 200 23187
202.8.40.215 - - [25/Jan/2025:00:51:50 +0100] "GET /ticket2/opencms/system/modules/com.gridnine.opencms.ticketbrokerage.site/resources/js/standard.js HTTP/1.1" 200 3983
88.90.247.184 - - [25/Jan/2025:00:51:50 +0100] "GET /ticket2/opencms/hr/buy/?page=1&edid=A613B971-014E-0A66-B74F-2B30F695BCED HTTP/1.1" 200 114591
202.8.40.215 - - [25/Jan/2025:00:51:50 +0100] "GET /ticket2/opencms/system/modules/com.gridnine.opencms.ticketbrokerage.site/resources/js/stickyfill.min.js HTTP/1.1" 200 5672
202.8.40.215 - - [25/Jan/2025:00:51:50 +0100] "GET /ticket2/opencms/system/modules/com.gridnine.opencms.ticketbrokerage.site/resources/js/jquery.placeholder.min.js HTTP/1.1" 200 1737
202.8.40.215 - - [25/Jan/2025:00:51:50 +0100] "GET /ticket2/opencms/system/modules/com.gridnine.opencms.ticketbrokerage.site/resources/js/common-ajax.js HTTP/1.1" 200 20175
202.8.40.215 - - [25/Jan/2025:00:51:50 +0100] "GET /ticket2/opencms/az/ask-form.html HTTP/1.1" 200 3156
202.8.40.215 - - [25/Jan/2025:00:51:50 +0100] "GET /ticket2/opencms/system/modules/com.gridnine.opencms.ticketbrokerage.site/resources/css/ticketbrokerage.css HTTP/1.1" 200 39339
66.249.79.199 - - [25/Jan/2025:00:51:50 +0100] "GET /ticket2/opencms/set_aff_cookie.jsp?partner=692E2C6A-EC6F-1C93-AFCC-C5ACC23A93EA&url=%252Fsv%252Fbuy%252Findex.html%253Fpage%253D1%2526edid%253D1D655237-217E-C5C5-21D7-85A16C37AFF4%2526hlv%253D611cd264-7e2c-4aef-a7b0-5e520a01000f%2523v2071883609 HTTP/1.1" 200 246
192.99.15.17 - - [25/Jan/2025:00:51:51 +0100] "GET /ticket2/opencms/dk/buy/?page=1&edid=FE0CD987-06E5-1E24-DE22-C166E40B11F9 HTTP/1.1" 200 107306
88.90.247.184 - - [25/Jan/2025:00:51:53 +0100] "GET /ticket2/opencms/hr/buy/?page=1&edid=A8F677E6-A548-E0DF-93F9-55173D9897A9 HTTP/1.1" 200 118540
192.99.15.17 - - [25/Jan/2025:00:51:55 +0100] "GET /ticket2/opencms/dk/buy/?page=1&edid=FEF01E45-FEE5-DB5B-D058-BDEFBF8946F4 HTTP/1.1" 200 107401
66.249.79.101 - - [25/Jan/2025:00:51:55 +0100] "GET /ticket2/opencms/sv/buy/?page=1&edid=DF09DA20-E43F-35F9-26B1-56353C7187EA HTTP/1.1" 200 110747
88.90.247.184 - - [25/Jan/2025:00:51:55 +0100] "GET /ticket2/opencms/hu/buy/?page=1&edid=28EE235F-C841-C2B4-6721-3F0BBE0DFB17 HTTP/1.1" 200 132429
66.249.79.4 - - [25/Jan/2025:00:51:57 +0100] "GET /ticket2/opencms/ga/buy/?page=1&edid=15EB8492-E613-A503-0EBC-61EBB18066B8&hlv=60f82212-87b4-45b6-99df-61330a01000f HTTP/1.1" 200 113177
54.36.148.16 - - [25/Jan/2025:00:51:57 +0100] "GET /ticket2/opencms/bg/buy?page=1&edid=6A452FCB-E86D-3985-3F4E-F9948D3BEE08 HTTP/1.1" 200 111159
88.90.247.184 - - [25/Jan/2025:00:51:58 +0100] "GET /ticket2/opencms/hu/buy/?page=1&edid=299450E2-FDAD-4E2B-0058-6290A7A2B57D HTTP/1.1" 200 153269
66.249.79.172 - - [25/Jan/2025:00:51:59 +0100] "GET /ticket2/opencms/sl/magazine/article?title=legenda-v-vroci-besedni-menjavi-s-podpornikom HTTP/1.1" 200 93724
192.99.15.17 - - [25/Jan/2025:00:51:59 +0100] "GET /ticket2/opencms/dk/buy/?page=1&edid=FF079107-CBD4-B70B-EC76-A896DEC733A2 HTTP/1.1" 200 120113
202.8.41.234 - - [25/Jan/2025:00:51:59 +0100] "GET /ticket2/opencms/system/modules/com.gridnine.opencms.ticketbrokerage.site/resources/css/ticketbrokerage.css HTTP/1.1" 200 39339
202.8.41.234 - - [25/Jan/2025:00:51:59 +0100] "GET /ticket2/opencms/system/modules/com.gridnine.opencms.ticketbrokerage.site/resources/css/calendar.css HTTP/1.1" 200 6871
202.8.41.234 - - [25/Jan/2025:00:51:59 +0100] "GET /ticket2/opencms/system/modules/com.gridnine.opencms.ticketbrokerage.site/resources/css/standard.css HTTP/1.1" 200 73840
202.8.41.234 - - [25/Jan/2025:00:51:59 +0100] "GET /ticket2/opencms/system/modules/com.gridnine.opencms.ticketbrokerage.site/resources/css/jquery.fancybox.css HTTP/1.1" 200 4939
202.8.41.234 - - [25/Jan/2025:00:51:59 +0100] "GET /ticket2/opencms/system/modules/com.gridnine.opencms.ticketbrokerage.site/resources/css/jquery-ui.css HTTP/1.1" 200 33221
202.8.41.234 - - [25/Jan/2025:00:51:59 +0100] "GET /ticket2/opencms/system/modules/com.gridnine.opencms.ticketbrokerage.site/resources/js/jquery/jquery.js HTTP/1.1" 200 93868
202.8.41.234 - - [25/Jan/2025:00:51:59 +0100] "GET /ticket2/opencms/system/modules/com.gridnine.opencms.ticketbrokerage.site/resources/js/jquery/jquery-ui.js HTTP/1.1" 200 228088
202.8.41.234 - - [25/Jan/2025:00:51:59 +0100] "GET /ticket2/opencms/system/modules/com.gridnine.opencms.ticketbrokerage.site/resources/js/functions.js HTTP/1.1" 200 1583
202.8.41.234 - - [25/Jan/2025:00:51:59 +0100] "GET /ticket2/opencms/system/modules/com.gridnine.opencms.ticketbrokerage.site/resources/js/calendar-en.js HTTP/1.1" 200 3338
202.8.41.234 - - [25/Jan/2025:00:51:59 +0100] "GET /ticket2/opencms/system/modules/com.gridnine.opencms.ticketbrokerage.site/resources/js/calendar.js HTTP/1.1" 200 49229
202.8.41.234 - - [25/Jan/2025:00:51:59 +0100] "GET /ticket2/opencms/system/modules/com.gridnine.opencms.ticketbrokerage.site/resources/js/calendar-setup.js HTTP/1.1" 200 4923
40.77.167.136 - - [25/Jan/2025:00:51:59 +0100] "GET /ticket2/opencms/lv/buy?page=1&edid=DD9383BE-25DD-6FF0-7ACA-38D62981CD8B HTTP/1.1" 200 111747
202.8.41.234 - - [25/Jan/2025:00:51:59 +0100] "GET /ticket2/opencms/system/modules/com.gridnine.opencms.ticketbrokerage.site/resources/js/jquery.fancybox.pack.js HTTP/1.1" 200 23187
202.8.41.234 - - [25/Jan/2025:00:51:59 +0100] "GET /ticket2/opencms/system/modules/com.gridnine.opencms.ticketbrokerage.site/resources/js/stickyfill.min.js HTTP/1.1" 200 5672
202.8.41.234 - - [25/Jan/2025:00:51:59 +0100] "GET /ticket2/opencms/system/modules/com.gridnine.opencms.ticketbrokerage.site/resources/js/standard.js HTTP/1.1" 200 3983
202.8.41.234 - - [25/Jan/2025:00:51:59 +0100] "GET /ticket2/opencms/system/modules/com.gridnine.opencms.ticketbrokerage.site/resources/js/jquery.placeholder.min.js HTTP/1.1" 200 1737
202.8.41.234 - - [25/Jan/2025:00:51:59 +0100] "GET /ticket2/opencms/system/modules/com.gridnine.opencms.ticketbrokerage.site/resources/js/common-ajax.js HTTP/1.1" 200 20175
202.8.41.234 - - [25/Jan/2025:00:51:59 +0100] "GET /ticket2/opencms/bg/ask-form.html HTTP/1.1" 200 3156
202.8.41.234 - - [25/Jan/2025:00:52:00 +0100] "GET /ticket2/opencms/system/modules/com.gridnine.opencms.ticketbrokerage.site/resources/css/ticketbrokerage.css HTTP/1.1" 200 39339
66.249.68.69 - - [25/Jan/2025:00:52:00 +0100] "GET /ticket2/opencms/sv/sport/fotbollsbiljetter/premier_league/ipswich/ HTTP/1.1" 200 99071
88.90.247.184 - - [25/Jan/2025:00:52:00 +0100] "GET /ticket2/opencms/hu/buy/?page=1&edid=2A37DE46-FFAE-D698-F339-A3B401DDEB66 HTTP/1.1" 200 109012
192.99.15.17 - - [25/Jan/2025:00:52:01 +0100] "GET /ticket2/opencms/en/buy/?page=1&edid=2EFD2627-895E-361A-639F-C8A896660F7C HTTP/1.1" 200 110671
66.249.79.169 - - [25/Jan/2025:00:52:02 +0100] "GET /ticket2/opencms/cs/buy/?page=1&edid=75DB9E0C-160D-3025-2938-CBFD4F5F1C36 HTTP/1.1" 200 111960
88.90.247.184 - - [25/Jan/2025:00:52:03 +0100] "GET /ticket2/opencms/hu/buy/?page=1&edid=32C765D3-F869-7E5E-98A4-5E68576F52A5 HTTP/1.1" 200 135605
192.99.15.17 - - [25/Jan/2025:00:52:03 +0100] "GET /ticket2/opencms/en/buy/?page=1&edid=2EFD2627-895E-361A-639F-C8A896660F7C&sortorder=asc&column=price HTTP/1.1" 200 111593
40.77.167.34 - - [25/Jan/2025:00:52:04 +0100] "GET /ticket2/opencms/hu/buy?page=1&edid=D82BB8EB-FD5E-20B1-3328-5E59B4CB46F9 HTTP/1.1" 200 112096
192.99.15.17 - - [25/Jan/2025:00:52:05 +0100] "GET /ticket2/opencms/en/buy/?page=1&edid=2EFD2627-895E-361A-639F-C8A896660F7C&sortorder=asc&column=row HTTP/1.1" 200 111493
40.77.167.34 - - [25/Jan/2025:00:52:05 +0100] "GET /ticket2/opencms/no/buy?page=1&edid=71729821-BB19-CC1B-BEDD-F4658D5AB210 HTTP/1.1" 200 117361
88.90.247.184 - - [25/Jan/2025:00:52:06 +0100] "GET /ticket2/opencms/hu/buy/?page=1&edid=348589F6-F332-E9FC-C0E9-6C296BB448B5 HTTP/1.1" 200 115135
85.208.96.203 - - [25/Jan/2025:00:52:07 +0100] "GET /ticket2/opencms/et/magazine/article?title=everton HTTP/1.1" 200 92164
192.99.15.17 - - [25/Jan/2025:00:52:07 +0100] "GET /ticket2/opencms/en/buy/?page=1&edid=2EFD2627-895E-361A-639F-C8A896660F7C&sortorder=asc&column=section HTTP/1.1" 200 111634
88.90.247.184 - - [25/Jan/2025:00:52:08 +0100] "GET /ticket2/opencms/hu/buy/?page=1&edid=348C0D4F-C07E-3755-DFEC-416D881A5AC9 HTTP/1.1" 200 122050
192.99.15.17 - - [25/Jan/2025:00:52:09 +0100] "GET /ticket2/opencms/fi/buy/?page=1&edid=7D165939-BF98-0026-A2D4-02E534C6E447 HTTP/1.1" 200 110846
52.167.144.225 - - [25/Jan/2025:00:52:10 +0100] "GET /ticket2/opencms/bs/buy?page=1&edid=11EFBC55-130A-2310-B776-C5D86878BDAB HTTP/1.1" 200 111566
85.208.96.211 - - [25/Jan/2025:00:52:11 +0100] "GET /ticket2/opencms/hu/magazine/article?title=luton HTTP/1.1" 200 93044
54.36.148.5 - - [25/Jan/2025:00:52:11 +0100] "GET /ticket2/opencms/cs/buy?page=1&edid=6A452FCB-E86D-3985-3F4E-F9948D3BEE08 HTTP/1.1" 200 108769
5.181.190.248 - - [25/Jan/2025:00:52:11 +0100] "GET /ticket2/opencms/de/ HTTP/1.1" 200 99083
192.99.15.17 - - [25/Jan/2025:00:52:11 +0100] "GET /ticket2/opencms/fi/buy/?page=10&eventid=0E2FBBAA-9DFD-37E8-1D28-E85F522880D0&venueid=66B7684A-34D7-B171-288C-D950D3063FA0 HTTP/1.1" 200 6410
88.90.247.184 - - [25/Jan/2025:00:52:11 +0100] "GET /ticket2/opencms/hu/buy/?page=1&edid=34D2BBB8-FB45-0D0E-564E-E2214021F35A HTTP/1.1" 200 135566
202.8.42.235 - - [25/Jan/2025:00:52:12 +0100] "GET /ticket2/opencms/system/modules/com.gridnine.opencms.ticketbrokerage.site/resources/css/ticketbrokerage.css HTTP/1.1" 200 39339
202.8.42.235 - - [25/Jan/2025:00:52:12 +0100] "GET /ticket2/opencms/system/modules/com.gridnine.opencms.ticketbrokerage.site/resources/css/jquery.fancybox.css HTTP/1.1" 200 4939
202.8.42.235 - - [25/Jan/2025:00:52:12 +0100] "GET /ticket2/opencms/system/modules/com.gridnine.opencms.ticketbrokerage.site/resources/js/jquery/jquery.js HTTP/1.1" 200 93868
202.8.42.235 - - [25/Jan/2025:00:52:12 +0100] "GET /ticket2/opencms/system/modules/com.gridnine.opencms.ticketbrokerage.site/resources/css/calendar.css HTTP/1.1" 200 6871
202.8.42.235 - - [25/Jan/2025:00:52:12 +0100] "GET /ticket2/opencms/system/modules/com.gridnine.opencms.ticketbrokerage.site/resources/css/jquery-ui.css HTTP/1.1" 200 33221
202.8.42.235 - - [25/Jan/2025:00:52:12 +0100] "GET /ticket2/opencms/system/modules/com.gridnine.opencms.ticketbrokerage.site/resources/css/standard.css HTTP/1.1" 200 73840
202.8.42.235 - - [25/Jan/2025:00:52:12 +0100] "GET /ticket2/opencms/system/modules/com.gridnine.opencms.ticketbrokerage.site/resources/js/functions.js HTTP/1.1" 200 1583
202.8.42.235 - - [25/Jan/2025:00:52:12 +0100] "GET /ticket2/opencms/system/modules/com.gridnine.opencms.ticketbrokerage.site/resources/js/jquery/jquery-ui.js HTTP/1.1" 200 228088
202.8.42.235 - - [25/Jan/2025:00:52:12 +0100] "GET /ticket2/opencms/system/modules/com.gridnine.opencms.ticketbrokerage.site/resources/js/calendar.js HTTP/1.1" 200 49229
202.8.42.235 - - [25/Jan/2025:00:52:12 +0100] "GET /ticket2/opencms/system/modules/com.gridnine.opencms.ticketbrokerage.site/resources/js/calendar-setup.js HTTP/1.1" 200 4923
202.8.42.235 - - [25/Jan/2025:00:52:12 +0100] "GET /ticket2/opencms/system/modules/com.gridnine.opencms.ticketbrokerage.site/resources/js/calendar-en.js HTTP/1.1" 200 3338
202.8.42.235 - - [25/Jan/2025:00:52:12 +0100] "GET /ticket2/opencms/system/modules/com.gridnine.opencms.ticketbrokerage.site/resources/js/jquery.fancybox.pack.js HTTP/1.1" 200 23187
202.8.42.235 - - [25/Jan/2025:00:52:12 +0100] "GET /ticket2/opencms/system/modules/com.gridnine.opencms.ticketbrokerage.site/resources/js/stickyfill.min.js HTTP/1.1" 200 5672
202.8.42.235 - - [25/Jan/2025:00:52:12 +0100] "GET /ticket2/opencms/system/modules/com.gridnine.opencms.ticketbrokerage.site/resources/js/standard.js HTTP/1.1" 200 3983
202.8.42.235 - - [25/Jan/2025:00:52:13 +0100] "GET /ticket2/opencms/system/modules/com.gridnine.opencms.ticketbrokerage.site/resources/js/jquery.placeholder.min.js HTTP/1.1" 200 1737
202.8.42.235 - - [25/Jan/2025:00:52:13 +0100] "GET /ticket2/opencms/system/modules/com.gridnine.opencms.ticketbrokerage.site/resources/js/common-ajax.js HTTP/1.1" 200 20175
202.8.42.235 - - [25/Jan/2025:00:52:13 +0100] "GET /ticket2/opencms/cs/ask-form.html HTTP/1.1" 200 3156
202.8.42.235 - - [25/Jan/2025:00:52:13 +0100] "GET /ticket2/opencms/system/modules/com.gridnine.opencms.ticketbrokerage.site/resources/css/ticketbrokerage.css HTTP/1.1" 200 39339
192.99.15.17 - - [25/Jan/2025:00:52:13 +0100] "GET /ticket2/opencms/fi/buy/?page=10&eventid=27C48719-FB8D-3D59-B591-23B80D444E25&venueid=678131D6-267B-A67E-3FCF-710EEFB21484 HTTP/1.1" 200 6410
88.90.247.184 - - [25/Jan/2025:00:52:13 +0100] "GET /ticket2/opencms/hu/buy/?page=1&edid=3B157B14-2ACC-30A7-0D5C-8313AB0A1A32 HTTP/1.1" 200 111590
192.99.15.17 - - [25/Jan/2025:00:52:14 +0100] "GET /ticket2/opencms/fi/buy/?page=10&eventid=6246A7B9-7760-A5B4-1D19-4DF416B28BC3&venueid=678131D6-267B-A67E-3FCF-710EEFB21484 HTTP/1.1" 200 6410
88.90.247.184 - - [25/Jan/2025:00:52:16 +0100] "GET /ticket2/opencms/hu/buy/?page=1&edid=3FB52ADD-0B76-D8A6-EF8F-19BF0AABB668 HTTP/1.1" 200 111306
192.99.15.17 - - [25/Jan/2025:00:52:16 +0100] "GET /ticket2/opencms/fi/buy/?page=10&eventid=8B7AE4BC-5292-0AFF-E9A1-04E26981F419&venueid=64823F37-C894-99FC-7FB9-1CA1007A4F17 HTTP/1.1" 200 6410
54.36.149.66 - - [25/Jan/2025:00:52:16 +0100] "GET /ticket2/opencms/ga/buy?page=1&edid=6A452FCB-E86D-3985-3F4E-F9948D3BEE08 HTTP/1.1" 200 109293
202.8.40.81 - - [25/Jan/2025:00:52:18 +0100] "GET /ticket2/opencms/system/modules/com.gridnine.opencms.ticketbrokerage.site/resources/css/calendar.css HTTP/1.1" 200 6871
202.8.40.81 - - [25/Jan/2025:00:52:18 +0100] "GET /ticket2/opencms/system/modules/com.gridnine.opencms.ticketbrokerage.site/resources/css/ticketbrokerage.css HTTP/1.1" 200 39339
202.8.40.81 - - [25/Jan/2025:00:52:18 +0100] "GET /ticket2/opencms/system/modules/com.gridnine.opencms.ticketbrokerage.site/resources/css/jquery-ui.css HTTP/1.1" 200 33221
202.8.40.81 - - [25/Jan/2025:00:52:18 +0100] "GET /ticket2/opencms/system/modules/com.gridnine.opencms.ticketbrokerage.site/resources/css/standard.css HTTP/1.1" 200 73840
202.8.40.81 - - [25/Jan/2025:00:52:18 +0100] "GET /ticket2/opencms/system/modules/com.gridnine.opencms.ticketbrokerage.site/resources/css/jquery.fancybox.css HTTP/1.1" 200 4939
202.8.40.81 - - [25/Jan/2025:00:52:18 +0100] "GET /ticket2/opencms/system/modules/com.gridnine.opencms.ticketbrokerage.site/resources/js/calendar-en.js HTTP/1.1" 200 3338
202.8.40.81 - - [25/Jan/2025:00:52:18 +0100] "GET /ticket2/opencms/system/modules/com.gridnine.opencms.ticketbrokerage.site/resources/js/jquery.fancybox.pack.js HTTP/1.1" 200 23187
202.8.40.81 - - [25/Jan/2025:00:52:18 +0100] "GET /ticket2/opencms/system/modules/com.gridnine.opencms.ticketbrokerage.site/resources/js/calendar-setup.js HTTP/1.1" 200 4923
202.8.40.81 - - [25/Jan/2025:00:52:18 +0100] "GET /ticket2/opencms/system/modules/com.gridnine.opencms.ticketbrokerage.site/resources/js/stickyfill.min.js HTTP/1.1" 200 5672
202.8.40.81 - - [25/Jan/2025:00:52:18 +0100] "GET /ticket2/opencms/system/modules/com.gridnine.opencms.ticketbrokerage.site/resources/js/jquery/jquery.js HTTP/1.1" 200 93868
202.8.40.81 - - [25/Jan/2025:00:52:18 +0100] "GET /ticket2/opencms/system/modules/com.gridnine.opencms.ticketbrokerage.site/resources/js/functions.js HTTP/1.1" 200 1583
202.8.40.81 - - [25/Jan/2025:00:52:18 +0100] "GET /ticket2/opencms/system/modules/com.gridnine.opencms.ticketbrokerage.site/resources/js/jquery/jquery-ui.js HTTP/1.1" 200 228088
202.8.40.81 - - [25/Jan/2025:00:52:18 +0100] "GET /ticket2/opencms/system/modules/com.gridnine.opencms.ticketbrokerage.site/resources/js/standard.js HTTP/1.1" 200 3983
202.8.40.81 - - [25/Jan/2025:00:52:18 +0100] "GET /ticket2/opencms/system/modules/com.gridnine.opencms.ticketbrokerage.site/resources/js/calendar.js HTTP/1.1" 200 49229
202.8.40.81 - - [25/Jan/2025:00:52:18 +0100] "GET /ticket2/opencms/system/modules/com.gridnine.opencms.ticketbrokerage.site/resources/js/jquery.placeholder.min.js HTTP/1.1" 200 1737
88.90.247.184 - - [25/Jan/2025:00:52:18 +0100] "GET /ticket2/opencms/hu/buy/?page=1&edid=402D4ADF-F1A8-8EDD-0E47-FAEC0616E1C7 HTTP/1.1" 200 118228
202.8.40.81 - - [25/Jan/2025:00:52:18 +0100] "GET /ticket2/opencms/system/modules/com.gridnine.opencms.ticketbrokerage.site/resources/js/common-ajax.js HTTP/1.1" 200 20175
202.8.40.81 - - [25/Jan/2025:00:52:18 +0100] "GET /ticket2/opencms/ga/ask-form.html HTTP/1.1" 200 3156
202.8.40.81 - - [25/Jan/2025:00:52:19 +0100] "GET /ticket2/opencms/system/modules/com.gridnine.opencms.ticketbrokerage.site/resources/css/ticketbrokerage.css HTTP/1.1" 200 39339
192.99.15.17 - - [25/Jan/2025:00:52:20 +0100] "GET /ticket2/opencms/fi/buy/?page=1&edid=8B75D5A5-768A-D916-709B-37A464811D46 HTTP/1.1" 200 108535
88.90.247.184 - - [25/Jan/2025:00:52:20 +0100] "GET /ticket2/opencms/hu/buy/?page=1&edid=403C6528-29E0-E7F0-69C0-963918D78FCD HTTP/1.1" 200 108960
88.90.247.184 - - [25/Jan/2025:00:52:22 +0100] "GET /ticket2/opencms/hu/buy/?page=1&edid=40635446-3A1B-F16A-9B72-5E5BD25B028F HTTP/1.1" 200 108906
192.99.15.17 - - [25/Jan/2025:00:52:24 +0100] "GET /ticket2/opencms/fi/buy/?page=1&edid=B7E87373-4E91-4192-46CD-A0665726782B HTTP/1.1" 200 111349
54.36.149.88 - - [25/Jan/2025:00:52:24 +0100] "GET /ticket2/opencms/pl/buy?page=1&edid=6A452FCB-E86D-3985-3F4E-F9948D3BEE08 HTTP/1.1" 200 108688
88.90.247.184 - - [25/Jan/2025:00:52:25 +0100] "GET /ticket2/opencms/hu/buy/?page=1&edid=40C0E1B7-ADB1-62A5-2AFA-BC9667D7636D HTTP/1.1" 200 109007
202.8.40.239 - - [25/Jan/2025:00:52:26 +0100] "GET /ticket2/opencms/system/modules/com.gridnine.opencms.ticketbrokerage.site/resources/css/jquery.fancybox.css HTTP/1.1" 200 4939
202.8.40.239 - - [25/Jan/2025:00:52:26 +0100] "GET /ticket2/opencms/system/modules/com.gridnine.opencms.ticketbrokerage.site/resources/css/jquery-ui.css HTTP/1.1" 200 33221
202.8.40.239 - - [25/Jan/2025:00:52:26 +0100] "GET /ticket2/opencms/system/modules/com.gridnine.opencms.ticketbrokerage.site/resources/css/standard.css HTTP/1.1" 200 73840
202.8.40.239 - - [25/Jan/2025:00:52:26 +0100] "GET /ticket2/opencms/system/modules/com.gridnine.opencms.ticketbrokerage.site/resources/css/calendar.css HTTP/1.1" 200 6871
202.8.40.239 - - [25/Jan/2025:00:52:26 +0100] "GET /ticket2/opencms/system/modules/com.gridnine.opencms.ticketbrokerage.site/resources/css/ticketbrokerage.css HTTP/1.1" 200 39339
202.8.40.239 - - [25/Jan/2025:00:52:26 +0100] "GET /ticket2/opencms/system/modules/com.gridnine.opencms.ticketbrokerage.site/resources/js/jquery/jquery.js HTTP/1.1" 200 93868
202.8.40.239 - - [25/Jan/2025:00:52:26 +0100] "GET /ticket2/opencms/system/modules/com.gridnine.opencms.ticketbrokerage.site/resources/js/jquery/jquery-ui.js HTTP/1.1" 200 228088
202.8.40.239 - - [25/Jan/2025:00:52:26 +0100] "GET /ticket2/opencms/system/modules/com.gridnine.opencms.ticketbrokerage.site/resources/js/functions.js HTTP/1.1" 200 1583
202.8.40.239 - - [25/Jan/2025:00:52:26 +0100] "GET /ticket2/opencms/system/modules/com.gridnine.opencms.ticketbrokerage.site/resources/js/calendar.js HTTP/1.1" 200 49229
202.8.40.239 - - [25/Jan/2025:00:52:26 +0100] "GET /ticket2/opencms/system/modules/com.gridnine.opencms.ticketbrokerage.site/resources/js/calendar-en.js HTTP/1.1" 200 3338
202.8.40.239 - - [25/Jan/2025:00:52:26 +0100] "GET /ticket2/opencms/system/modules/com.gridnine.opencms.ticketbrokerage.site/resources/js/calendar-setup.js HTTP/1.1" 200 4923
202.8.40.239 - - [25/Jan/2025:00:52:26 +0100] "GET /ticket2/opencms/system/modules/com.gridnine.opencms.ticketbrokerage.site/resources/js/jquery.fancybox.pack.js HTTP/1.1" 200 23187
202.8.40.239 - - [25/Jan/2025:00:52:26 +0100] "GET /ticket2/opencms/system/modules/com.gridnine.opencms.ticketbrokerage.site/resources/js/stickyfill.min.js HTTP/1.1" 200 5672
202.8.40.239 - - [25/Jan/2025:00:52:26 +0100] "GET /ticket2/opencms/system/modules/com.gridnine.opencms.ticketbrokerage.site/resources/js/standard.js HTTP/1.1" 200 3983
54.36.149.15 - - [25/Jan/2025:00:52:26 +0100] "GET /ticket2/opencms/en/venue/?venueid=2ECF2351-C750-A7A7-654E-B9CAF140FBB1 HTTP/1.1" 200 85450
202.8.40.239 - - [25/Jan/2025:00:52:26 +0100] "GET /ticket2/opencms/system/modules/com.gridnine.opencms.ticketbrokerage.site/resources/js/jquery.placeholder.min.js HTTP/1.1" 200 1737
202.8.40.239 - - [25/Jan/2025:00:52:26 +0100] "GET /ticket2/opencms/system/modules/com.gridnine.opencms.ticketbrokerage.site/resources/js/common-ajax.js HTTP/1.1" 200 20175
202.8.40.239 - - [25/Jan/2025:00:52:26 +0100] "GET /ticket2/opencms/pl/ask-form.html HTTP/1.1" 200 3156
202.8.40.239 - - [25/Jan/2025:00:52:27 +0100] "GET /ticket2/opencms/system/modules/com.gridnine.opencms.ticketbrokerage.site/resources/css/ticketbrokerage.css HTTP/1.1" 200 39339
192.99.15.17 - - [25/Jan/2025:00:52:28 +0100] "GET /ticket2/opencms/fi/buy/?page=1&edid=B8A6965B-216E-27C8-9A3D-21241346030F HTTP/1.1" 200 114593
88.90.247.184 - - [25/Jan/2025:00:52:28 +0100] "GET /ticket2/opencms/hu/buy/?page=1&edid=4100BC31-B21E-692B-10F2-5632E9B20F37 HTTP/1.1" 200 112184
88.90.247.184 - - [25/Jan/2025:00:52:30 +0100] "GET /ticket2/opencms/hu/buy/?page=1&edid=411D3DBB-027B-B862-22E5-46D3DA36810A HTTP/1.1" 200 108971
192.99.15.17 - - [25/Jan/2025:00:52:32 +0100] "GET /ticket2/opencms/fi/buy/?page=1&edid=B8EF6180-227A-800A-63E5-9809623FC791 HTTP/1.1" 200 126993
35.231.173.200 - - [25/Jan/2025:00:52:33 +0100] "GET /ticket2/opencms/robots.txt HTTP/1.0" 200 773
88.90.247.184 - - [25/Jan/2025:00:52:33 +0100] "GET /ticket2/opencms/hu/buy/?page=1&edid=41223DA8-F64F-F12A-66D9-9E5666E9DFB2 HTTP/1.1" 200 112167
35.231.173.200 - - [25/Jan/2025:00:52:35 +0100] "GET /ticket2/opencms/et/ HTTP/1.0" 200 99532
88.90.247.184 - - [25/Jan/2025:00:52:37 +0100] "GET /ticket2/opencms/hu/buy/?page=1&edid=41CD7066-237A-B852-387D-3D5D7B688DF9 HTTP/1.1" 200 135649
192.99.15.17 - - [25/Jan/2025:00:52:37 +0100] "GET /ticket2/opencms/fi/buy/?page=1&edid=B938704A-C364-E3C3-6D83-C5254E1A3103 HTTP/1.1" 200 111956
85.208.96.194 - - [25/Jan/2025:00:52:37 +0100] "GET /ticket2/opencms/no/magazine/article?title=fremtiden-for-teknologi-i-fotballen HTTP/1.1" 200 94391
54.36.149.50 - - [25/Jan/2025:00:52:38 +0100] "GET /ticket2/opencms/lv/buy?page=1&edid=AC44825D-2793-0C67-BD3C-7AB6359F86DA HTTP/1.1" 200 117979
88.90.247.184 - - [25/Jan/2025:00:52:39 +0100] "GET /ticket2/opencms/hu/buy/?page=1&edid=44D167E7-554F-DC29-C45D-3596737FE6BB HTTP/1.1" 200 112157
202.8.41.200 - - [25/Jan/2025:00:52:40 +0100] "GET /ticket2/opencms/system/modules/com.gridnine.opencms.ticketbrokerage.site/resources/css/jquery.fancybox.css HTTP/1.1" 200 4939
202.8.41.200 - - [25/Jan/2025:00:52:40 +0100] "GET /ticket2/opencms/system/modules/com.gridnine.opencms.ticketbrokerage.site/resources/css/standard.css HTTP/1.1" 200 73840
202.8.41.200 - - [25/Jan/2025:00:52:40 +0100] "GET /ticket2/opencms/system/modules/com.gridnine.opencms.ticketbrokerage.site/resources/css/calendar.css HTTP/1.1" 200 6871
202.8.41.200 - - [25/Jan/2025:00:52:40 +0100] "GET /ticket2/opencms/system/modules/com.gridnine.opencms.ticketbrokerage.site/resources/css/ticketbrokerage.css HTTP/1.1" 200 39339
202.8.41.200 - - [25/Jan/2025:00:52:40 +0100] "GET /ticket2/opencms/system/modules/com.gridnine.opencms.ticketbrokerage.site/resources/css/jquery-ui.css HTTP/1.1" 200 33221
202.8.41.200 - - [25/Jan/2025:00:52:40 +0100] "GET /ticket2/opencms/system/modules/com.gridnine.opencms.ticketbrokerage.site/resources/js/jquery/jquery.js HTTP/1.1" 200 93868
202.8.41.200 - - [25/Jan/2025:00:52:40 +0100] "GET /ticket2/opencms/system/modules/com.gridnine.opencms.ticketbrokerage.site/resources/js/jquery/jquery-ui.js HTTP/1.1" 200 228088
202.8.41.200 - - [25/Jan/2025:00:52:40 +0100] "GET /ticket2/opencms/system/modules/com.gridnine.opencms.ticketbrokerage.site/resources/js/calendar-en.js HTTP/1.1" 200 3338
202.8.41.200 - - [25/Jan/2025:00:52:40 +0100] "GET /ticket2/opencms/system/modules/com.gridnine.opencms.ticketbrokerage.site/resources/js/functions.js HTTP/1.1" 200 1583
202.8.41.200 - - [25/Jan/2025:00:52:40 +0100] "GET /ticket2/opencms/system/modules/com.gridnine.opencms.ticketbrokerage.site/resources/js/calendar.js HTTP/1.1" 200 49229
202.8.41.200 - - [25/Jan/2025:00:52:40 +0100] "GET /ticket2/opencms/system/modules/com.gridnine.opencms.ticketbrokerage.site/resources/js/calendar-setup.js HTTP/1.1" 200 4923
202.8.41.200 - - [25/Jan/2025:00:52:40 +0100] "GET /ticket2/opencms/system/modules/com.gridnine.opencms.ticketbrokerage.site/resources/js/stickyfill.min.js HTTP/1.1" 200 5672
202.8.41.200 - - [25/Jan/2025:00:52:40 +0100] "GET /ticket2/opencms/system/modules/com.gridnine.opencms.ticketbrokerage.site/resources/js/jquery.fancybox.pack.js HTTP/1.1" 200 23187
202.8.41.200 - - [25/Jan/2025:00:52:40 +0100] "GET /ticket2/opencms/system/modules/com.gridnine.opencms.ticketbrokerage.site/resources/js/standard.js HTTP/1.1" 200 3983
202.8.41.200 - - [25/Jan/2025:00:52:40 +0100] "GET /ticket2/opencms/system/modules/com.gridnine.opencms.ticketbrokerage.site/resources/js/jquery.placeholder.min.js HTTP/1.1" 200 1737
202.8.41.200 - - [25/Jan/2025:00:52:40 +0100] "GET /ticket2/opencms/system/modules/com.gridnine.opencms.ticketbrokerage.site/resources/js/common-ajax.js HTTP/1.1" 200 20175
