202.8.42.218 - - [25/Jan/2025:01:10:19 +0100] "GET /ticket2/opencms/system/modules/com.gridnine.opencms.ticketbrokerage.site/resources/js/calendar-en.js HTTP/1.1" 200 3338
202.8.42.218 - - [25/Jan/2025:01:10:19 +0100] "GET /ticket2/opencms/system/modules/com.gridnine.opencms.ticketbrokerage.site/resources/js/jquery.fancybox.pack.js HTTP/1.1" 200 23187
202.8.42.218 - - [25/Jan/2025:01:10:19 +0100] "GET /ticket2/opencms/system/modules/com.gridnine.opencms.ticketbrokerage.site/resources/js/stickyfill.min.js HTTP/1.1" 200 5672
202.8.42.218 - - [25/Jan/2025:01:10:19 +0100] "GET /ticket2/opencms/system/modules/com.gridnine.opencms.ticketbrokerage.site/resources/js/standard.js HTTP/1.1" 200 3983
202.8.42.218 - - [25/Jan/2025:01:10:19 +0100] "GET /ticket2/opencms/system/modules/com.gridnine.opencms.ticketbrokerage.site/resources/js/common-ajax.js HTTP/1.1" 200 20175
202.8.42.218 - - [25/Jan/2025:01:10:19 +0100] "GET /ticket2/opencms/system/modules/com.gridnine.opencms.ticketbrokerage.site/resources/js/jquery.placeholder.min.js HTTP/1.1" 200 1737
202.8.42.218 - - [25/Jan/2025:01:10:19 +0100] "GET /ticket2/opencms/es/ask-form.html HTTP/1.1" 200 3156
202.8.42.218 - - [25/Jan/2025:01:10:19 +0100] "GET /ticket2/opencms/system/modules/com.gridnine.opencms.ticketbrokerage.site/resources/css/ticketbrokerage.css HTTP/1.1" 200 39339
54.38.85.37 - - [25/Jan/2025:01:10:20 +0100] "GET /ticket2/opencms/de/buy/?page=1&edid=BE6ABBE8-6DAC-6741-AA1A-CEB7A9B0DCF0 HTTP/1.1" 200 111934
192.99.37.132 - - [25/Jan/2025:01:10:21 +0100] "GET /ticket2/opencms/robots.txt HTTP/1.1" 200 773
114.119.135.251 - - [25/Jan/2025:01:10:21 +0100] "GET /ticket2/opencms/en/venue/?venueid=40DC78A8-E12D-6808-C138-74AD7C1598C8 HTTP/1.1" 200 85522
54.38.85.37 - - [25/Jan/2025:01:10:22 +0100] "GET /ticket2/opencms/de/buy/?page=1&edid=BE9538C3-9C42-28A4-854A-5FADE060382A HTTP/1.1" 200 110307
54.38.85.37 - - [25/Jan/2025:01:10:24 +0100] "GET /ticket2/opencms/de/buy/?page=1&edid=BF02E8D3-250D-1BB9-F307-8D142E1902AE HTTP/1.1" 200 110273
192.99.37.132 - - [25/Jan/2025:01:10:25 +0100] "GET /ticket2/opencms/sv/login/?edid=FB6FF314-6AD1-87B8-F067-DD784E2FD874 HTTP/1.1" 200 91118
54.36.148.231 - - [25/Jan/2025:01:10:25 +0100] "GET /ticket2/opencms/en/buy?page=1&edid=85FEE197-56BE-9C34-A3B3-D08AF509D2AB HTTP/1.1" 200 132905
54.38.85.37 - - [25/Jan/2025:01:10:26 +0100] "GET /ticket2/opencms/de/buy/?page=1&edid=C05AA481-967A-A4D1-E287-ECBF3F52D776 HTTP/1.1" 200 111425
202.8.40.99 - - [25/Jan/2025:01:10:26 +0100] "GET /ticket2/opencms/system/modules/com.gridnine.opencms.ticketbrokerage.site/resources/css/calendar.css HTTP/1.1" 200 6871
202.8.40.99 - - [25/Jan/2025:01:10:26 +0100] "GET /ticket2/opencms/system/modules/com.gridnine.opencms.ticketbrokerage.site/resources/css/jquery-ui.css HTTP/1.1" 200 33221
202.8.40.99 - - [25/Jan/2025:01:10:26 +0100] "GET /ticket2/opencms/system/modules/com.gridnine.opencms.ticketbrokerage.site/resources/css/ticketbrokerage.css HTTP/1.1" 200 39339
202.8.40.99 - - [25/Jan/2025:01:10:26 +0100] "GET /ticket2/opencms/system/modules/com.gridnine.opencms.ticketbrokerage.site/resources/css/standard.css HTTP/1.1" 200 73840
202.8.40.99 - - [25/Jan/2025:01:10:26 +0100] "GET /ticket2/opencms/system/modules/com.gridnine.opencms.ticketbrokerage.site/resources/css/jquery.fancybox.css HTTP/1.1" 200 4939
202.8.40.99 - - [25/Jan/2025:01:10:26 +0100] "GET /ticket2/opencms/system/modules/com.gridnine.opencms.ticketbrokerage.site/resources/js/calendar-en.js HTTP/1.1" 200 3338
202.8.40.99 - - [25/Jan/2025:01:10:26 +0100] "GET /ticket2/opencms/system/modules/com.gridnine.opencms.ticketbrokerage.site/resources/js/calendar-setup.js HTTP/1.1" 200 4923
202.8.40.99 - - [25/Jan/2025:01:10:26 +0100] "GET /ticket2/opencms/system/modules/com.gridnine.opencms.ticketbrokerage.site/resources/js/functions.js HTTP/1.1" 200 1583
202.8.40.99 - - [25/Jan/2025:01:10:26 +0100] "GET /ticket2/opencms/system/modules/com.gridnine.opencms.ticketbrokerage.site/resources/js/calendar.js HTTP/1.1" 200 49229
202.8.40.99 - - [25/Jan/2025:01:10:26 +0100] "GET /ticket2/opencms/system/modules/com.gridnine.opencms.ticketbrokerage.site/resources/js/jquery.fancybox.pack.js HTTP/1.1" 200 23187
202.8.40.99 - - [25/Jan/2025:01:10:26 +0100] "GET /ticket2/opencms/system/modules/com.gridnine.opencms.ticketbrokerage.site/resources/js/stickyfill.min.js HTTP/1.1" 200 5672
202.8.40.99 - - [25/Jan/2025:01:10:26 +0100] "GET /ticket2/opencms/system/modules/com.gridnine.opencms.ticketbrokerage.site/resources/js/jquery/jquery.js HTTP/1.1" 200 93868
202.8.40.99 - - [25/Jan/2025:01:10:26 +0100] "GET /ticket2/opencms/system/modules/com.gridnine.opencms.ticketbrokerage.site/resources/js/standard.js HTTP/1.1" 200 3983
202.8.40.99 - - [25/Jan/2025:01:10:26 +0100] "GET /ticket2/opencms/system/modules/com.gridnine.opencms.ticketbrokerage.site/resources/js/jquery/jquery-ui.js HTTP/1.1" 200 228088
202.8.40.99 - - [25/Jan/2025:01:10:26 +0100] "GET /ticket2/opencms/system/modules/com.gridnine.opencms.ticketbrokerage.site/resources/js/jquery.placeholder.min.js HTTP/1.1" 200 1737
202.8.40.99 - - [25/Jan/2025:01:10:26 +0100] "GET /ticket2/opencms/system/modules/com.gridnine.opencms.ticketbrokerage.site/resources/js/common-ajax.js HTTP/1.1" 200 20175
202.8.40.99 - - [25/Jan/2025:01:10:27 +0100] "GET /ticket2/opencms/en/ask-form.html HTTP/1.1" 200 3146
202.8.40.99 - - [25/Jan/2025:01:10:27 +0100] "GET /ticket2/opencms/system/modules/com.gridnine.opencms.ticketbrokerage.site/resources/css/ticketbrokerage.css HTTP/1.1" 200 39339
54.38.85.37 - - [25/Jan/2025:01:10:28 +0100] "GET /ticket2/opencms/de/buy/?page=1&edid=C1C161ED-392A-057B-99A1-EFB930A82112 HTTP/1.1" 200 111330
192.99.37.132 - - [25/Jan/2025:01:10:29 +0100] "GET /ticket2/opencms/sv/login/?edid=FB919A6A-DE02-1353-FDB8-CEDFF340E9B7 HTTP/1.1" 200 91146
54.38.85.37 - - [25/Jan/2025:01:10:30 +0100] "GET /ticket2/opencms/de/buy/?page=1&edid=C22D2716-46B9-B234-444B-F133D6F50067 HTTP/1.1" 200 111376
54.38.85.37 - - [25/Jan/2025:01:10:32 +0100] "GET /ticket2/opencms/de/buy/?page=1&edid=C3C88BDA-1CC3-8611-4BC9-911B22C7161C HTTP/1.1" 200 110472
192.99.37.132 - - [25/Jan/2025:01:10:33 +0100] "GET /ticket2/opencms/sv/login/?edid=FBF97123-C4DC-224E-5916-1B6D9DC6C92D HTTP/1.1" 200 91140
54.36.148.132 - - [25/Jan/2025:01:10:34 +0100] "GET /ticket2/opencms/bs/sport/fudbalske-karte/bundesliga/hoffenheim HTTP/1.1" 200 100329
54.38.85.37 - - [25/Jan/2025:01:10:34 +0100] "GET /ticket2/opencms/de/buy/?page=1&edid=C3F8785D-23A5-4B26-442F-40215DF06D66 HTTP/1.1" 200 111280
202.8.43.226 - - [25/Jan/2025:01:10:35 +0100] "GET /ticket2/opencms/system/modules/com.gridnine.opencms.ticketbrokerage.site/resources/css/jquery.fancybox.css HTTP/1.1" 200 4939
202.8.43.226 - - [25/Jan/2025:01:10:35 +0100] "GET /ticket2/opencms/system/modules/com.gridnine.opencms.ticketbrokerage.site/resources/css/jquery-ui.css HTTP/1.1" 200 33221
202.8.43.226 - - [25/Jan/2025:01:10:35 +0100] "GET /ticket2/opencms/system/modules/com.gridnine.opencms.ticketbrokerage.site/resources/css/ticketbrokerage.css HTTP/1.1" 200 39339
202.8.43.226 - - [25/Jan/2025:01:10:35 +0100] "GET /ticket2/opencms/system/modules/com.gridnine.opencms.ticketbrokerage.site/resources/css/standard.css HTTP/1.1" 200 73840
202.8.43.226 - - [25/Jan/2025:01:10:35 +0100] "GET /ticket2/opencms/system/modules/com.gridnine.opencms.ticketbrokerage.site/resources/js/jquery/jquery.js HTTP/1.1" 200 93868
202.8.43.226 - - [25/Jan/2025:01:10:35 +0100] "GET /ticket2/opencms/system/modules/com.gridnine.opencms.ticketbrokerage.site/resources/css/calendar.css HTTP/1.1" 200 6871
202.8.43.226 - - [25/Jan/2025:01:10:35 +0100] "GET /ticket2/opencms/system/modules/com.gridnine.opencms.ticketbrokerage.site/resources/js/jquery/jquery-ui.js HTTP/1.1" 200 228088
202.8.43.226 - - [25/Jan/2025:01:10:35 +0100] "GET /ticket2/opencms/system/modules/com.gridnine.opencms.ticketbrokerage.site/resources/js/functions.js HTTP/1.1" 200 1583
202.8.43.226 - - [25/Jan/2025:01:10:35 +0100] "GET /ticket2/opencms/system/modules/com.gridnine.opencms.ticketbrokerage.site/resources/js/calendar-en.js HTTP/1.1" 200 3338
202.8.43.226 - - [25/Jan/2025:01:10:35 +0100] "GET /ticket2/opencms/system/modules/com.gridnine.opencms.ticketbrokerage.site/resources/js/calendar-setup.js HTTP/1.1" 200 4923
202.8.43.226 - - [25/Jan/2025:01:10:35 +0100] "GET /ticket2/opencms/system/modules/com.gridnine.opencms.ticketbrokerage.site/resources/js/calendar.js HTTP/1.1" 200 49229
202.8.43.226 - - [25/Jan/2025:01:10:35 +0100] "GET /ticket2/opencms/system/modules/com.gridnine.opencms.ticketbrokerage.site/resources/js/jquery.fancybox.pack.js HTTP/1.1" 200 23187
202.8.43.226 - - [25/Jan/2025:01:10:35 +0100] "GET /ticket2/opencms/system/modules/com.gridnine.opencms.ticketbrokerage.site/resources/js/stickyfill.min.js HTTP/1.1" 200 5672
202.8.43.226 - - [25/Jan/2025:01:10:35 +0100] "GET /ticket2/opencms/system/modules/com.gridnine.opencms.ticketbrokerage.site/resources/js/standard.js HTTP/1.1" 200 3983
202.8.43.226 - - [25/Jan/2025:01:10:35 +0100] "GET /ticket2/opencms/system/modules/com.gridnine.opencms.ticketbrokerage.site/resources/js/jquery.placeholder.min.js HTTP/1.1" 200 1737
202.8.43.226 - - [25/Jan/2025:01:10:35 +0100] "GET /ticket2/opencms/system/modules/com.gridnine.opencms.ticketbrokerage.site/resources/js/common-ajax.js HTTP/1.1" 200 20175
54.38.85.37 - - [25/Jan/2025:01:10:36 +0100] "GET /ticket2/opencms/de/buy/?page=1&edid=C448ACCE-4E2F-44DD-92FC-D2C00A7DD0E5 HTTP/1.1" 200 110247
192.99.37.132 - - [25/Jan/2025:01:10:37 +0100] "GET /ticket2/opencms/sv/login/?edid=FC5EA514-F93C-EECC-4B20-DFE45DE47C5C HTTP/1.1" 200 91112
54.38.85.37 - - [25/Jan/2025:01:10:38 +0100] "GET /ticket2/opencms/de/buy/?page=1&edid=C4C24026-3ADF-F23A-0ABB-D3544847DDA2 HTTP/1.1" 200 108150
114.119.154.13 - - [25/Jan/2025:01:10:39 +0100] "GET /ticket2/opencms/en/buy/?page=6&comcatid=A17713B6-D984-201A-4143-ED4DB5ED5C2E&catid=06324577-7173-BAB0-146D-E644C912F7C1&eventid=BC561376-B4E8-33D4-7E7F-03D25A501B64 HTTP/1.1" 200 6410
54.38.85.37 - - [25/Jan/2025:01:10:40 +0100] "GET /ticket2/opencms/de/buy/?page=1&edid=C567B8C9-A2AA-73F3-9D7A-708019914734 HTTP/1.1" 200 111184
54.36.148.231 - - [25/Jan/2025:01:10:41 +0100] "GET /ticket2/opencms/az/buy?page=1&edid=9D7ABF2F-B431-422E-3673-716FB77076E6 HTTP/1.1" 200 111484
192.99.37.132 - - [25/Jan/2025:01:10:42 +0100] "GET /ticket2/opencms/sv/login/?edid=FD6E8518-2A79-98CA-DCA7-35679521856E HTTP/1.1" 200 91149
202.8.40.195 - - [25/Jan/2025:01:10:42 +0100] "GET /ticket2/opencms/system/modules/com.gridnine.opencms.ticketbrokerage.site/resources/css/calendar.css HTTP/1.1" 200 6871
202.8.40.195 - - [25/Jan/2025:01:10:42 +0100] "GET /ticket2/opencms/system/modules/com.gridnine.opencms.ticketbrokerage.site/resources/css/jquery-ui.css HTTP/1.1" 200 33221
202.8.40.195 - - [25/Jan/2025:01:10:42 +0100] "GET /ticket2/opencms/system/modules/com.gridnine.opencms.ticketbrokerage.site/resources/css/ticketbrokerage.css HTTP/1.1" 200 39339
202.8.40.195 - - [25/Jan/2025:01:10:42 +0100] "GET /ticket2/opencms/system/modules/com.gridnine.opencms.ticketbrokerage.site/resources/css/jquery.fancybox.css HTTP/1.1" 200 4939
202.8.40.195 - - [25/Jan/2025:01:10:42 +0100] "GET /ticket2/opencms/system/modules/com.gridnine.opencms.ticketbrokerage.site/resources/css/standard.css HTTP/1.1" 200 73840
202.8.40.195 - - [25/Jan/2025:01:10:42 +0100] "GET /ticket2/opencms/system/modules/com.gridnine.opencms.ticketbrokerage.site/resources/js/jquery/jquery.js HTTP/1.1" 200 93868
202.8.40.195 - - [25/Jan/2025:01:10:43 +0100] "GET /ticket2/opencms/system/modules/com.gridnine.opencms.ticketbrokerage.site/resources/js/jquery/jquery-ui.js HTTP/1.1" 200 228088
202.8.40.195 - - [25/Jan/2025:01:10:43 +0100] "GET /ticket2/opencms/system/modules/com.gridnine.opencms.ticketbrokerage.site/resources/js/functions.js HTTP/1.1" 200 1583
202.8.40.195 - - [25/Jan/2025:01:10:43 +0100] "GET /ticket2/opencms/system/modules/com.gridnine.opencms.ticketbrokerage.site/resources/js/calendar.js HTTP/1.1" 200 49229
202.8.40.195 - - [25/Jan/2025:01:10:43 +0100] "GET /ticket2/opencms/system/modules/com.gridnine.opencms.ticketbrokerage.site/resources/js/calendar-en.js HTTP/1.1" 200 3338
202.8.40.195 - - [25/Jan/2025:01:10:43 +0100] "GET /ticket2/opencms/system/modules/com.gridnine.opencms.ticketbrokerage.site/resources/js/calendar-setup.js HTTP/1.1" 200 4923
54.38.85.37 - - [25/Jan/2025:01:10:43 +0100] "GET /ticket2/opencms/de/buy/?page=1&edid=C651315F-DCB5-3695-70C1-0B860FD40F7A HTTP/1.1" 200 111561
202.8.40.195 - - [25/Jan/2025:01:10:43 +0100] "GET /ticket2/opencms/system/modules/com.gridnine.opencms.ticketbrokerage.site/resources/js/jquery.fancybox.pack.js HTTP/1.1" 200 23187
202.8.40.195 - - [25/Jan/2025:01:10:43 +0100] "GET /ticket2/opencms/system/modules/com.gridnine.opencms.ticketbrokerage.site/resources/js/stickyfill.min.js HTTP/1.1" 200 5672
202.8.40.195 - - [25/Jan/2025:01:10:43 +0100] "GET /ticket2/opencms/system/modules/com.gridnine.opencms.ticketbrokerage.site/resources/js/standard.js HTTP/1.1" 200 3983
202.8.40.195 - - [25/Jan/2025:01:10:43 +0100] "GET /ticket2/opencms/system/modules/com.gridnine.opencms.ticketbrokerage.site/resources/js/jquery.placeholder.min.js HTTP/1.1" 200 1737
202.8.40.195 - - [25/Jan/2025:01:10:43 +0100] "GET /ticket2/opencms/system/modules/com.gridnine.opencms.ticketbrokerage.site/resources/js/common-ajax.js HTTP/1.1" 200 20175
202.8.40.195 - - [25/Jan/2025:01:10:43 +0100] "GET /ticket2/opencms/az/ask-form.html HTTP/1.1" 200 3156
202.8.40.195 - - [25/Jan/2025:01:10:43 +0100] "GET /ticket2/opencms/system/modules/com.gridnine.opencms.ticketbrokerage.site/resources/css/ticketbrokerage.css HTTP/1.1" 200 39339
54.38.85.37 - - [25/Jan/2025:01:10:45 +0100] "GET /ticket2/opencms/de/buy/?page=1&edid=C6B2AEFA-E477-178C-988F-0045C87D182A HTTP/1.1" 200 108092
192.99.37.132 - - [25/Jan/2025:01:10:46 +0100] "GET /ticket2/opencms/sv/login/?edid=FE1AC5B2-265B-BE7B-B671-09C67B8FEF68 HTTP/1.1" 200 91167
216.244.66.238 - - [25/Jan/2025:01:10:47 +0100] "GET /ticket2/opencms/de/sport/fussball-tickets/bundesliga/stuttgart/ HTTP/1.1" 200 100880
54.38.85.37 - - [25/Jan/2025:01:10:47 +0100] "GET /ticket2/opencms/de/buy/?page=1&edid=C6D4CC33-AAEC-647E-DD83-3DF39108FACF HTTP/1.1" 200 108087
54.36.148.125 - - [25/Jan/2025:01:10:48 +0100] "GET /ticket2/opencms/bs/buy?page=1&edid=9D7ABF2F-B431-422E-3673-716FB77076E6 HTTP/1.1" 200 110698
54.38.85.37 - - [25/Jan/2025:01:10:49 +0100] "GET /ticket2/opencms/de/buy/?page=1&edid=C8C69015-BCBB-8460-663E-8B2E58614425 HTTP/1.1" 200 111185
192.99.37.132 - - [25/Jan/2025:01:10:50 +0100] "GET /ticket2/opencms/sv/login/?edid=FE62020A-9C39-D15E-4C2A-030754C888C2 HTTP/1.1" 200 91125
202.8.40.2 - - [25/Jan/2025:01:10:50 +0100] "GET /ticket2/opencms/system/modules/com.gridnine.opencms.ticketbrokerage.site/resources/css/jquery.fancybox.css HTTP/1.1" 200 4939
202.8.40.2 - - [25/Jan/2025:01:10:50 +0100] "GET /ticket2/opencms/system/modules/com.gridnine.opencms.ticketbrokerage.site/resources/css/calendar.css HTTP/1.1" 200 6871
202.8.40.2 - - [25/Jan/2025:01:10:50 +0100] "GET /ticket2/opencms/system/modules/com.gridnine.opencms.ticketbrokerage.site/resources/css/standard.css HTTP/1.1" 200 73840
202.8.40.2 - - [25/Jan/2025:01:10:50 +0100] "GET /ticket2/opencms/system/modules/com.gridnine.opencms.ticketbrokerage.site/resources/css/jquery-ui.css HTTP/1.1" 200 33221
202.8.40.2 - - [25/Jan/2025:01:10:50 +0100] "GET /ticket2/opencms/system/modules/com.gridnine.opencms.ticketbrokerage.site/resources/css/ticketbrokerage.css HTTP/1.1" 200 39339
202.8.40.2 - - [25/Jan/2025:01:10:50 +0100] "GET /ticket2/opencms/system/modules/com.gridnine.opencms.ticketbrokerage.site/resources/js/jquery/jquery.js HTTP/1.1" 200 93868
202.8.40.2 - - [25/Jan/2025:01:10:50 +0100] "GET /ticket2/opencms/system/modules/com.gridnine.opencms.ticketbrokerage.site/resources/js/functions.js HTTP/1.1" 200 1583
202.8.40.2 - - [25/Jan/2025:01:10:50 +0100] "GET /ticket2/opencms/system/modules/com.gridnine.opencms.ticketbrokerage.site/resources/js/calendar-en.js HTTP/1.1" 200 3338
202.8.40.2 - - [25/Jan/2025:01:10:50 +0100] "GET /ticket2/opencms/system/modules/com.gridnine.opencms.ticketbrokerage.site/resources/js/jquery/jquery-ui.js HTTP/1.1" 200 228088
202.8.40.2 - - [25/Jan/2025:01:10:50 +0100] "GET /ticket2/opencms/system/modules/com.gridnine.opencms.ticketbrokerage.site/resources/js/calendar.js HTTP/1.1" 200 49229
202.8.40.2 - - [25/Jan/2025:01:10:50 +0100] "GET /ticket2/opencms/system/modules/com.gridnine.opencms.ticketbrokerage.site/resources/js/calendar-setup.js HTTP/1.1" 200 4923
202.8.40.2 - - [25/Jan/2025:01:10:50 +0100] "GET /ticket2/opencms/system/modules/com.gridnine.opencms.ticketbrokerage.site/resources/js/jquery.fancybox.pack.js HTTP/1.1" 200 23187
202.8.40.2 - - [25/Jan/2025:01:10:50 +0100] "GET /ticket2/opencms/system/modules/com.gridnine.opencms.ticketbrokerage.site/resources/js/stickyfill.min.js HTTP/1.1" 200 5672
202.8.40.2 - - [25/Jan/2025:01:10:50 +0100] "GET /ticket2/opencms/system/modules/com.gridnine.opencms.ticketbrokerage.site/resources/js/standard.js HTTP/1.1" 200 3983
202.8.40.2 - - [25/Jan/2025:01:10:50 +0100] "GET /ticket2/opencms/system/modules/com.gridnine.opencms.ticketbrokerage.site/resources/js/jquery.placeholder.min.js HTTP/1.1" 200 1737
202.8.40.2 - - [25/Jan/2025:01:10:50 +0100] "GET /ticket2/opencms/system/modules/com.gridnine.opencms.ticketbrokerage.site/resources/js/common-ajax.js HTTP/1.1" 200 20175
202.8.40.2 - - [25/Jan/2025:01:10:50 +0100] "GET /ticket2/opencms/bs/ask-form.html HTTP/1.1" 200 3156
202.8.40.2 - - [25/Jan/2025:01:10:51 +0100] "GET /ticket2/opencms/system/modules/com.gridnine.opencms.ticketbrokerage.site/resources/css/ticketbrokerage.css HTTP/1.1" 200 39339
54.38.85.37 - - [25/Jan/2025:01:10:51 +0100] "GET /ticket2/opencms/de/buy/?page=1&edid=D582FDF1-C885-7FD8-841B-6D2DEF5C38A4 HTTP/1.1" 200 110928
54.38.85.37 - - [25/Jan/2025:01:10:53 +0100] "GET /ticket2/opencms/de/buy/?page=1&edid=D771BB60-0217-E0E2-A4A8-756428AAA5D6 HTTP/1.1" 200 111159
192.99.37.132 - - [25/Jan/2025:01:10:54 +0100] "GET /ticket2/opencms/sv/login/?edid=FEC55A08-67DE-52B7-7760-E96A945C9969 HTTP/1.1" 200 91133
216.244.66.238 - - [25/Jan/2025:01:10:54 +0100] "GET /ticket2/opencms/de/sport/fussball-tickets/bundesliga/union_berlin/ HTTP/1.1" 200 98383
54.38.85.37 - - [25/Jan/2025:01:10:55 +0100] "GET /ticket2/opencms/de/buy/?page=1&edid=D80510A1-AB6B-073C-B548-208C3C93C317 HTTP/1.1" 200 111552
54.38.85.37 - - [25/Jan/2025:01:10:57 +0100] "GET /ticket2/opencms/de/buy/?page=1&edid=FDD5D133-9F97-9AB4-1F94-3480DDAE2781 HTTP/1.1" 200 108087
192.99.37.132 - - [25/Jan/2025:01:10:58 +0100] "GET /ticket2/opencms/sv/login/?edid=FEF01E45-FEE5-DB5B-D058-BDEFBF8946F4 HTTP/1.1" 200 91119
54.38.85.37 - - [25/Jan/2025:01:10:59 +0100] "GET /ticket2/opencms/de/buy/?page=1&edid=FEE3D7E7-2BD7-4C4E-F8AA-4CF084DCC12E HTTP/1.1" 200 108178
54.38.85.37 - - [25/Jan/2025:01:11:01 +0100] "GET /ticket2/opencms/de/buy/?page=1&edid=FF0F20E9-4ECC-8A4E-F200-09858CA7BE69 HTTP/1.1" 200 111577
192.99.37.132 - - [25/Jan/2025:01:11:02 +0100] "GET /ticket2/opencms/sv/login/?edid=FF079107-CBD4-B70B-EC76-A896DEC733A2 HTTP/1.1" 200 91127
40.77.167.2 - - [25/Jan/2025:01:11:02 +0100] "GET /ticket2/opencms/fr/buy?page=1&edid=AFF223F0-6237-658B-ADC3-62E270FAD253 HTTP/1.1" 200 108522
54.36.148.193 - - [25/Jan/2025:01:11:03 +0100] "GET /ticket2/opencms/sk/buy?page=1&edid=BF8D38D6-BFC5-94DC-F957-47D6FB3C9AF0 HTTP/1.1" 200 108174
40.77.167.2 - - [25/Jan/2025:01:11:03 +0100] "GET /ticket2/opencms/mo/buy/?page=1&edid=8495D901-F688-6503-156B-B04AA3A623B4 HTTP/1.1" 200 108666
47.128.63.23 - - [25/Jan/2025:01:11:03 +0100] "GET /ticket2/opencms/hr/buy/?edid=AD14D102-9A59-3E48-721F-B8412449464B HTTP/1.1" 200 91763
54.38.85.37 - - [25/Jan/2025:01:11:04 +0100] "GET /ticket2/opencms/en/buy/?page=1&edid=2EFD2627-895E-361A-639F-C8A896660F7C&sortorder=desc&column=price HTTP/1.1" 200 111654
202.8.42.220 - - [25/Jan/2025:01:11:04 +0100] "GET /ticket2/opencms/system/modules/com.gridnine.opencms.ticketbrokerage.site/resources/css/jquery-ui.css HTTP/1.1" 200 33221
202.8.42.220 - - [25/Jan/2025:01:11:04 +0100] "GET /ticket2/opencms/system/modules/com.gridnine.opencms.ticketbrokerage.site/resources/css/calendar.css HTTP/1.1" 200 6871
202.8.42.220 - - [25/Jan/2025:01:11:04 +0100] "GET /ticket2/opencms/system/modules/com.gridnine.opencms.ticketbrokerage.site/resources/css/jquery.fancybox.css HTTP/1.1" 200 4939
202.8.42.220 - - [25/Jan/2025:01:11:04 +0100] "GET /ticket2/opencms/system/modules/com.gridnine.opencms.ticketbrokerage.site/resources/js/jquery/jquery.js HTTP/1.1" 200 93868
202.8.42.220 - - [25/Jan/2025:01:11:04 +0100] "GET /ticket2/opencms/system/modules/com.gridnine.opencms.ticketbrokerage.site/resources/css/standard.css HTTP/1.1" 200 73840
202.8.42.220 - - [25/Jan/2025:01:11:04 +0100] "GET /ticket2/opencms/system/modules/com.gridnine.opencms.ticketbrokerage.site/resources/css/ticketbrokerage.css HTTP/1.1" 200 39339
202.8.42.220 - - [25/Jan/2025:01:11:04 +0100] "GET /ticket2/opencms/system/modules/com.gridnine.opencms.ticketbrokerage.site/resources/js/jquery/jquery-ui.js HTTP/1.1" 200 228088
202.8.42.220 - - [25/Jan/2025:01:11:04 +0100] "GET /ticket2/opencms/system/modules/com.gridnine.opencms.ticketbrokerage.site/resources/js/functions.js HTTP/1.1" 200 1583
202.8.42.220 - - [25/Jan/2025:01:11:04 +0100] "GET /ticket2/opencms/system/modules/com.gridnine.opencms.ticketbrokerage.site/resources/js/calendar.js HTTP/1.1" 200 49229
202.8.42.220 - - [25/Jan/2025:01:11:04 +0100] "GET /ticket2/opencms/system/modules/com.gridnine.opencms.ticketbrokerage.site/resources/js/calendar-setup.js HTTP/1.1" 200 4923
202.8.42.220 - - [25/Jan/2025:01:11:04 +0100] "GET /ticket2/opencms/system/modules/com.gridnine.opencms.ticketbrokerage.site/resources/js/calendar-en.js HTTP/1.1" 200 3338
202.8.42.220 - - [25/Jan/2025:01:11:04 +0100] "GET /ticket2/opencms/system/modules/com.gridnine.opencms.ticketbrokerage.site/resources/js/jquery.fancybox.pack.js HTTP/1.1" 200 23187
202.8.42.220 - - [25/Jan/2025:01:11:04 +0100] "GET /ticket2/opencms/system/modules/com.gridnine.opencms.ticketbrokerage.site/resources/js/stickyfill.min.js HTTP/1.1" 200 5672
202.8.42.220 - - [25/Jan/2025:01:11:04 +0100] "GET /ticket2/opencms/system/modules/com.gridnine.opencms.ticketbrokerage.site/resources/js/standard.js HTTP/1.1" 200 3983
202.8.42.220 - - [25/Jan/2025:01:11:04 +0100] "GET /ticket2/opencms/system/modules/com.gridnine.opencms.ticketbrokerage.site/resources/js/jquery.placeholder.min.js HTTP/1.1" 200 1737
202.8.42.220 - - [25/Jan/2025:01:11:04 +0100] "GET /ticket2/opencms/system/modules/com.gridnine.opencms.ticketbrokerage.site/resources/js/common-ajax.js HTTP/1.1" 200 20175
202.8.42.220 - - [25/Jan/2025:01:11:04 +0100] "GET /ticket2/opencms/sk/ask-form.html HTTP/1.1" 200 3156
202.8.42.220 - - [25/Jan/2025:01:11:04 +0100] "GET /ticket2/opencms/system/modules/com.gridnine.opencms.ticketbrokerage.site/resources/css/ticketbrokerage.css HTTP/1.1" 200 39339
216.244.66.238 - - [25/Jan/2025:01:11:05 +0100] "GET /ticket2/opencms/de/sport/fussball-tickets/la_liga/las_palmas/ HTTP/1.1" 200 101228
54.38.85.37 - - [25/Jan/2025:01:11:06 +0100] "GET /ticket2/opencms/en/buy/?page=1&edid=2EFD2627-895E-361A-639F-C8A896660F7C&sortorder=desc&column=row HTTP/1.1" 200 111566
192.99.37.132 - - [25/Jan/2025:01:11:07 +0100] "GET /ticket2/opencms/sv/login/?edid=FFBC58A7-3DA7-C440-217D-3FF36F1389BA HTTP/1.1" 200 91120
85.208.96.194 - - [25/Jan/2025:01:11:07 +0100] "GET /ticket2/opencms/fi/magazine/article?title=chelsea-vs-tottenham-2-0 HTTP/1.1" 200 94914
54.36.148.170 - - [25/Jan/2025:01:11:08 +0100] "GET /ticket2/opencms/el/buy?page=1&edid=9D7ABF2F-B431-422E-3673-716FB77076E6 HTTP/1.1" 200 114821
54.38.85.37 - - [25/Jan/2025:01:11:08 +0100] "GET /ticket2/opencms/en/buy/?page=1&edid=2EFD2627-895E-361A-639F-C8A896660F7C&sortorder=desc&column=section HTTP/1.1" 200 111692
202.8.41.27 - - [25/Jan/2025:01:11:10 +0100] "GET /ticket2/opencms/system/modules/com.gridnine.opencms.ticketbrokerage.site/resources/css/calendar.css HTTP/1.1" 200 6871
202.8.41.27 - - [25/Jan/2025:01:11:10 +0100] "GET /ticket2/opencms/system/modules/com.gridnine.opencms.ticketbrokerage.site/resources/css/ticketbrokerage.css HTTP/1.1" 200 39339
202.8.41.27 - - [25/Jan/2025:01:11:10 +0100] "GET /ticket2/opencms/system/modules/com.gridnine.opencms.ticketbrokerage.site/resources/css/jquery-ui.css HTTP/1.1" 200 33221
202.8.41.27 - - [25/Jan/2025:01:11:10 +0100] "GET /ticket2/opencms/system/modules/com.gridnine.opencms.ticketbrokerage.site/resources/css/standard.css HTTP/1.1" 200 73840
202.8.41.27 - - [25/Jan/2025:01:11:10 +0100] "GET /ticket2/opencms/system/modules/com.gridnine.opencms.ticketbrokerage.site/resources/css/jquery.fancybox.css HTTP/1.1" 200 4939
202.8.41.27 - - [25/Jan/2025:01:11:10 +0100] "GET /ticket2/opencms/system/modules/com.gridnine.opencms.ticketbrokerage.site/resources/js/jquery/jquery.js HTTP/1.1" 200 93868
202.8.41.27 - - [25/Jan/2025:01:11:10 +0100] "GET /ticket2/opencms/system/modules/com.gridnine.opencms.ticketbrokerage.site/resources/js/jquery/jquery-ui.js HTTP/1.1" 200 228088
202.8.41.27 - - [25/Jan/2025:01:11:10 +0100] "GET /ticket2/opencms/system/modules/com.gridnine.opencms.ticketbrokerage.site/resources/js/calendar.js HTTP/1.1" 200 49229
202.8.41.27 - - [25/Jan/2025:01:11:10 +0100] "GET /ticket2/opencms/system/modules/com.gridnine.opencms.ticketbrokerage.site/resources/js/functions.js HTTP/1.1" 200 1583
202.8.41.27 - - [25/Jan/2025:01:11:10 +0100] "GET /ticket2/opencms/system/modules/com.gridnine.opencms.ticketbrokerage.site/resources/js/calendar-en.js HTTP/1.1" 200 3338
202.8.41.27 - - [25/Jan/2025:01:11:10 +0100] "GET /ticket2/opencms/system/modules/com.gridnine.opencms.ticketbrokerage.site/resources/js/calendar-setup.js HTTP/1.1" 200 4923
52.167.144.171 - - [25/Jan/2025:01:11:10 +0100] "GET /ticket2/opencms/el/buy?page=1&edid=2FD314DB-D16F-8C23-B2AF-B3343415D5C2 HTTP/1.1" 200 115871
202.8.41.27 - - [25/Jan/2025:01:11:10 +0100] "GET /ticket2/opencms/system/modules/com.gridnine.opencms.ticketbrokerage.site/resources/js/jquery.fancybox.pack.js HTTP/1.1" 200 23187
202.8.41.27 - - [25/Jan/2025:01:11:10 +0100] "GET /ticket2/opencms/system/modules/com.gridnine.opencms.ticketbrokerage.site/resources/js/stickyfill.min.js HTTP/1.1" 200 5672
202.8.41.27 - - [25/Jan/2025:01:11:10 +0100] "GET /ticket2/opencms/system/modules/com.gridnine.opencms.ticketbrokerage.site/resources/js/standard.js HTTP/1.1" 200 3983
202.8.41.27 - - [25/Jan/2025:01:11:10 +0100] "GET /ticket2/opencms/system/modules/com.gridnine.opencms.ticketbrokerage.site/resources/js/jquery.placeholder.min.js HTTP/1.1" 200 1737
202.8.41.27 - - [25/Jan/2025:01:11:10 +0100] "GET /ticket2/opencms/system/modules/com.gridnine.opencms.ticketbrokerage.site/resources/js/common-ajax.js HTTP/1.1" 200 20175
202.8.41.27 - - [25/Jan/2025:01:11:10 +0100] "GET /ticket2/opencms/el/ask-form.html HTTP/1.1" 200 3156
54.38.85.37 - - [25/Jan/2025:01:11:10 +0100] "GET /ticket2/opencms/en/buy/?page=1&edid=6750BD34-C29C-E045-3680-25A7647342F8 HTTP/1.1" 200 109551
202.8.41.27 - - [25/Jan/2025:01:11:10 +0100] "GET /ticket2/opencms/system/modules/com.gridnine.opencms.ticketbrokerage.site/resources/css/ticketbrokerage.css HTTP/1.1" 200 39339
157.55.39.196 - - [25/Jan/2025:01:11:11 +0100] "GET /ticket2/opencms/dk/sport/fodboldbilletter/fa_cup/ HTTP/1.1" 200 86690
54.38.85.37 - - [25/Jan/2025:01:11:12 +0100] "GET /ticket2/opencms/en/buy/?page=1&edid=6750BD34-C29C-E045-3680-25A7647342F8&sortorder=asc&column=price HTTP/1.1" 200 110490
216.244.66.238 - - [25/Jan/2025:01:11:13 +0100] "GET /ticket2/opencms/en/buy/?page=1&edid=1AD9FFBE-0108-0108-5A50-7DEA146CFAE0 HTTP/1.1" 200 109273
54.38.85.37 - - [25/Jan/2025:01:11:15 +0100] "GET /ticket2/opencms/en/buy/?page=1&edid=6750BD34-C29C-E045-3680-25A7647342F8&sortorder=asc&column=row HTTP/1.1" 200 110364
54.36.148.242 - - [25/Jan/2025:01:11:16 +0100] "GET /ticket2/opencms/en/buy?page=1&edid=1F54D461-D11A-68BE-103C-10162C2795D6 HTTP/1.1" 200 110234
54.38.85.37 - - [25/Jan/2025:01:11:16 +0100] "GET /ticket2/opencms/en/buy/?page=1&edid=6750BD34-C29C-E045-3680-25A7647342F8&sortorder=asc&column=section HTTP/1.1" 200 110524
185.191.171.12 - - [25/Jan/2025:01:11:17 +0100] "GET /ticket2/opencms/robots.txt HTTP/1.1" 200 773
185.191.171.9 - - [25/Jan/2025:01:11:18 +0100] "GET /ticket2/opencms/lv/sport/futbola-biletes/la-liga/barcelona/ HTTP/1.1" 200 95747
54.38.85.37 - - [25/Jan/2025:01:11:18 +0100] "GET /ticket2/opencms/en/buy/?page=1&edid=6750BD34-C29C-E045-3680-25A7647342F8&sortorder=desc&column=price HTTP/1.1" 200 110458
54.36.148.193 - - [25/Jan/2025:01:11:19 +0100] "GET /ticket2/opencms/lv/buy?page=1&edid=9D7ABF2F-B431-422E-3673-716FB77076E6 HTTP/1.1" 200 110917
54.38.85.37 - - [25/Jan/2025:01:11:20 +0100] "GET /ticket2/opencms/en/buy/?page=1&edid=6750BD34-C29C-E045-3680-25A7647342F8&sortorder=desc&column=row HTTP/1.1" 200 110408
202.8.41.229 - - [25/Jan/2025:01:11:21 +0100] "GET /ticket2/opencms/system/modules/com.gridnine.opencms.ticketbrokerage.site/resources/css/jquery-ui.css HTTP/1.1" 200 33221
202.8.41.229 - - [25/Jan/2025:01:11:21 +0100] "GET /ticket2/opencms/system/modules/com.gridnine.opencms.ticketbrokerage.site/resources/css/ticketbrokerage.css HTTP/1.1" 200 39339
202.8.41.229 - - [25/Jan/2025:01:11:21 +0100] "GET /ticket2/opencms/system/modules/com.gridnine.opencms.ticketbrokerage.site/resources/css/calendar.css HTTP/1.1" 200 6871
202.8.41.229 - - [25/Jan/2025:01:11:21 +0100] "GET /ticket2/opencms/system/modules/com.gridnine.opencms.ticketbrokerage.site/resources/css/jquery.fancybox.css HTTP/1.1" 200 4939
202.8.41.229 - - [25/Jan/2025:01:11:21 +0100] "GET /ticket2/opencms/system/modules/com.gridnine.opencms.ticketbrokerage.site/resources/css/standard.css HTTP/1.1" 200 73840
202.8.41.229 - - [25/Jan/2025:01:11:21 +0100] "GET /ticket2/opencms/system/modules/com.gridnine.opencms.ticketbrokerage.site/resources/js/jquery/jquery.js HTTP/1.1" 200 93868
216.244.66.238 - - [25/Jan/2025:01:11:21 +0100] "GET /ticket2/opencms/en/buy/?page=1&edid=9E6B40C5-4DED-B6A2-4412-16601F0EAAEF HTTP/1.1" 200 109528
202.8.41.229 - - [25/Jan/2025:01:11:21 +0100] "GET /ticket2/opencms/system/modules/com.gridnine.opencms.ticketbrokerage.site/resources/js/functions.js HTTP/1.1" 200 1583
202.8.41.229 - - [25/Jan/2025:01:11:21 +0100] "GET /ticket2/opencms/system/modules/com.gridnine.opencms.ticketbrokerage.site/resources/js/calendar.js HTTP/1.1" 200 49229
202.8.41.229 - - [25/Jan/2025:01:11:21 +0100] "GET /ticket2/opencms/system/modules/com.gridnine.opencms.ticketbrokerage.site/resources/js/jquery/jquery-ui.js HTTP/1.1" 200 228088
202.8.41.229 - - [25/Jan/2025:01:11:21 +0100] "GET /ticket2/opencms/system/modules/com.gridnine.opencms.ticketbrokerage.site/resources/js/calendar-en.js HTTP/1.1" 200 3338
202.8.41.229 - - [25/Jan/2025:01:11:21 +0100] "GET /ticket2/opencms/system/modules/com.gridnine.opencms.ticketbrokerage.site/resources/js/calendar-setup.js HTTP/1.1" 200 4923
202.8.41.229 - - [25/Jan/2025:01:11:21 +0100] "GET /ticket2/opencms/system/modules/com.gridnine.opencms.ticketbrokerage.site/resources/js/jquery.fancybox.pack.js HTTP/1.1" 200 23187
202.8.41.229 - - [25/Jan/2025:01:11:21 +0100] "GET /ticket2/opencms/system/modules/com.gridnine.opencms.ticketbrokerage.site/resources/js/stickyfill.min.js HTTP/1.1" 200 5672
202.8.41.229 - - [25/Jan/2025:01:11:21 +0100] "GET /ticket2/opencms/system/modules/com.gridnine.opencms.ticketbrokerage.site/resources/js/standard.js HTTP/1.1" 200 3983
202.8.41.229 - - [25/Jan/2025:01:11:21 +0100] "GET /ticket2/opencms/system/modules/com.gridnine.opencms.ticketbrokerage.site/resources/js/jquery.placeholder.min.js HTTP/1.1" 200 1737
202.8.41.229 - - [25/Jan/2025:01:11:21 +0100] "GET /ticket2/opencms/system/modules/com.gridnine.opencms.ticketbrokerage.site/resources/js/common-ajax.js HTTP/1.1" 200 20175
202.8.41.229 - - [25/Jan/2025:01:11:21 +0100] "GET /ticket2/opencms/lv/ask-form.html HTTP/1.1" 200 3156
202.8.41.229 - - [25/Jan/2025:01:11:21 +0100] "GET /ticket2/opencms/system/modules/com.gridnine.opencms.ticketbrokerage.site/resources/css/ticketbrokerage.css HTTP/1.1" 200 39339
87.251.67.233 - - [01/Jan/1970:00:59:59 +0100] "-" 400 -
87.251.67.233 - - [01/Jan/1970:00:59:59 +0100] "-" 400 -
54.38.85.37 - - [25/Jan/2025:01:11:22 +0100] "GET /ticket2/opencms/en/buy/?page=1&edid=6750BD34-C29C-E045-3680-25A7647342F8&sortorder=desc&column=section HTTP/1.1" 200 110536
66.249.79.200 - - [25/Jan/2025:01:11:24 +0100] "GET /ticket2/opencms/set_aff_cookie.jsp?partner=8F6DE15D-D831-5787-AE7E-FEFF53476F85&url=%252Fru%252Fbuy%252Findex.html%253Fpage%253D1%2526edid%253D84D5EC5C-3CAF-83D2-AB4F-32987436B757%2526hlv%253D611cd227-a6a4-4c42-b9ae-5d800a01000f%2523v_1633776839 HTTP/1.1" 200 247
54.38.85.37 - - [25/Jan/2025:01:11:24 +0100] "GET /ticket2/opencms/en/buy/?page=1&edid=85C49B56-0E7B-16F6-66E3-E0CA735F0D13 HTTP/1.1" 200 110594
54.38.85.37 - - [25/Jan/2025:01:11:27 +0100] "GET /ticket2/opencms/en/buy/?page=1&edid=85C49B56-0E7B-16F6-66E3-E0CA735F0D13&sortorder=asc&column=price HTTP/1.1" 200 111502
54.36.148.211 - - [25/Jan/2025:01:11:27 +0100] "GET /ticket2/opencms/mt/buy?page=1&edid=9D7ABF2F-B431-422E-3673-716FB77076E6 HTTP/1.1" 200 111190
216.244.66.238 - - [25/Jan/2025:01:11:28 +0100] "GET /ticket2/opencms/en/buy/?page=1&edid=DB60BB48-E24B-40A9-E2BC-3662F430D767 HTTP/1.1" 200 109272
47.128.125.75 - - [25/Jan/2025:01:11:28 +0100] "GET /ticket2/opencms/lv/buy?page=1&edid=2684212B-FA50-DC4B-3CFA-1303E9638140 HTTP/1.1" 200 130543
185.191.171.15 - - [25/Jan/2025:01:11:28 +0100] "GET /ticket2/opencms/nl/sport/voetbal-tickets/serie_a/roma/ HTTP/1.1" 200 97436
202.8.41.61 - - [25/Jan/2025:01:11:29 +0100] "GET /ticket2/opencms/system/modules/com.gridnine.opencms.ticketbrokerage.site/resources/css/ticketbrokerage.css HTTP/1.1" 200 39339
202.8.41.61 - - [25/Jan/2025:01:11:29 +0100] "GET /ticket2/opencms/system/modules/com.gridnine.opencms.ticketbrokerage.site/resources/css/jquery-ui.css HTTP/1.1" 200 33221
202.8.41.61 - - [25/Jan/2025:01:11:29 +0100] "GET /ticket2/opencms/system/modules/com.gridnine.opencms.ticketbrokerage.site/resources/css/calendar.css HTTP/1.1" 200 6871
202.8.41.61 - - [25/Jan/2025:01:11:29 +0100] "GET /ticket2/opencms/system/modules/com.gridnine.opencms.ticketbrokerage.site/resources/css/jquery.fancybox.css HTTP/1.1" 200 4939
202.8.41.61 - - [25/Jan/2025:01:11:29 +0100] "GET /ticket2/opencms/system/modules/com.gridnine.opencms.ticketbrokerage.site/resources/js/stickyfill.min.js HTTP/1.1" 200 5672
202.8.41.61 - - [25/Jan/2025:01:11:29 +0100] "GET /ticket2/opencms/system/modules/com.gridnine.opencms.ticketbrokerage.site/resources/css/standard.css HTTP/1.1" 200 73840
202.8.41.61 - - [25/Jan/2025:01:11:29 +0100] "GET /ticket2/opencms/system/modules/com.gridnine.opencms.ticketbrokerage.site/resources/js/jquery/jquery.js HTTP/1.1" 200 93868
202.8.41.61 - - [25/Jan/2025:01:11:29 +0100] "GET /ticket2/opencms/system/modules/com.gridnine.opencms.ticketbrokerage.site/resources/js/functions.js HTTP/1.1" 200 1583
202.8.41.61 - - [25/Jan/2025:01:11:29 +0100] "GET /ticket2/opencms/system/modules/com.gridnine.opencms.ticketbrokerage.site/resources/js/jquery/jquery-ui.js HTTP/1.1" 200 228088
202.8.41.61 - - [25/Jan/2025:01:11:29 +0100] "GET /ticket2/opencms/system/modules/com.gridnine.opencms.ticketbrokerage.site/resources/js/calendar.js HTTP/1.1" 200 49229
202.8.41.61 - - [25/Jan/2025:01:11:29 +0100] "GET /ticket2/opencms/system/modules/com.gridnine.opencms.ticketbrokerage.site/resources/js/calendar-en.js HTTP/1.1" 200 3338
202.8.41.61 - - [25/Jan/2025:01:11:29 +0100] "GET /ticket2/opencms/system/modules/com.gridnine.opencms.ticketbrokerage.site/resources/js/calendar-setup.js HTTP/1.1" 200 4923
202.8.41.61 - - [25/Jan/2025:01:11:29 +0100] "GET /ticket2/opencms/system/modules/com.gridnine.opencms.ticketbrokerage.site/resources/js/jquery.fancybox.pack.js HTTP/1.1" 200 23187
54.38.85.37 - - [25/Jan/2025:01:11:29 +0100] "GET /ticket2/opencms/en/buy/?page=1&edid=85C49B56-0E7B-16F6-66E3-E0CA735F0D13&sortorder=asc&column=row HTTP/1.1" 200 111428
202.8.41.61 - - [25/Jan/2025:01:11:29 +0100] "GET /ticket2/opencms/system/modules/com.gridnine.opencms.ticketbrokerage.site/resources/js/standard.js HTTP/1.1" 200 3983
202.8.41.61 - - [25/Jan/2025:01:11:29 +0100] "GET /ticket2/opencms/system/modules/com.gridnine.opencms.ticketbrokerage.site/resources/js/jquery.placeholder.min.js HTTP/1.1" 200 1737
47.128.125.75 - - [25/Jan/2025:01:11:29 +0100] "GET /ticket2/opencms/system/modules/com.gridnine.opencms.ticketbrokerage.site/resources/pics/two_man.png HTTP/1.1" 200 3407
202.8.41.61 - - [25/Jan/2025:01:11:29 +0100] "GET /ticket2/opencms/system/modules/com.gridnine.opencms.ticketbrokerage.site/resources/js/common-ajax.js HTTP/1.1" 200 20175
202.8.41.61 - - [25/Jan/2025:01:11:29 +0100] "GET /ticket2/opencms/mt/ask-form.html HTTP/1.1" 200 3156
202.8.41.61 - - [25/Jan/2025:01:11:29 +0100] "GET /ticket2/opencms/system/modules/com.gridnine.opencms.ticketbrokerage.site/resources/css/ticketbrokerage.css HTTP/1.1" 200 39339
47.128.125.75 - - [25/Jan/2025:01:11:29 +0100] "GET /ticket2/opencms/lv/ask-form.html HTTP/1.1" 200 3156
47.128.125.75 - - [25/Jan/2025:01:11:30 +0100] "GET /ticket2/opencms/system/modules/com.gridnine.opencms.ticketbrokerage.site/resources/pics/ticket_info_button.png HTTP/1.1" 200 3820
54.38.85.37 - - [25/Jan/2025:01:11:31 +0100] "GET /ticket2/opencms/en/buy/?page=1&edid=85C49B56-0E7B-16F6-66E3-E0CA735F0D13&sortorder=asc&column=section HTTP/1.1" 200 111593
54.38.85.37 - - [25/Jan/2025:01:11:33 +0100] "GET /ticket2/opencms/en/buy/?page=1&edid=85C49B56-0E7B-16F6-66E3-E0CA735F0D13&sortorder=desc&column=price HTTP/1.1" 200 111503
54.36.149.40 - - [25/Jan/2025:01:11:33 +0100] "GET /ticket2/opencms/pl/buy?page=1&edid=9D7ABF2F-B431-422E-3673-716FB77076E6 HTTP/1.1" 200 110908
47.128.53.250 - - [25/Jan/2025:01:11:34 +0100] "GET /ticket2/opencms/ro/buy?edid=3583D5C7-607A-E528-A709-844E6A72DC1B HTTP/1.1" 200 91817
54.38.85.37 - - [25/Jan/2025:01:11:35 +0100] "GET /ticket2/opencms/en/buy/?page=1&edid=85C49B56-0E7B-16F6-66E3-E0CA735F0D13&sortorder=desc&column=row HTTP/1.1" 200 111457
202.8.41.248 - - [25/Jan/2025:01:11:35 +0100] "GET /ticket2/opencms/system/modules/com.gridnine.opencms.ticketbrokerage.site/resources/css/calendar.css HTTP/1.1" 200 6871
202.8.41.248 - - [25/Jan/2025:01:11:35 +0100] "GET /ticket2/opencms/system/modules/com.gridnine.opencms.ticketbrokerage.site/resources/css/standard.css HTTP/1.1" 200 73840
202.8.41.248 - - [25/Jan/2025:01:11:35 +0100] "GET /ticket2/opencms/system/modules/com.gridnine.opencms.ticketbrokerage.site/resources/css/jquery-ui.css HTTP/1.1" 200 33221
202.8.41.248 - - [25/Jan/2025:01:11:35 +0100] "GET /ticket2/opencms/system/modules/com.gridnine.opencms.ticketbrokerage.site/resources/css/jquery.fancybox.css HTTP/1.1" 200 4939
202.8.41.248 - - [25/Jan/2025:01:11:35 +0100] "GET /ticket2/opencms/system/modules/com.gridnine.opencms.ticketbrokerage.site/resources/css/ticketbrokerage.css HTTP/1.1" 200 39339
202.8.41.248 - - [25/Jan/2025:01:11:35 +0100] "GET /ticket2/opencms/system/modules/com.gridnine.opencms.ticketbrokerage.site/resources/js/jquery/jquery.js HTTP/1.1" 200 93868
216.244.66.238 - - [25/Jan/2025:01:11:35 +0100] "GET /ticket2/opencms/fi/venue/?venueid=73D30778-E729-2B5E-6F67-7A83775E811A HTTP/1.1" 200 87010
202.8.41.248 - - [25/Jan/2025:01:11:35 +0100] "GET /ticket2/opencms/system/modules/com.gridnine.opencms.ticketbrokerage.site/resources/js/jquery/jquery-ui.js HTTP/1.1" 200 228088
202.8.41.248 - - [25/Jan/2025:01:11:35 +0100] "GET /ticket2/opencms/system/modules/com.gridnine.opencms.ticketbrokerage.site/resources/js/functions.js HTTP/1.1" 200 1583
202.8.41.248 - - [25/Jan/2025:01:11:35 +0100] "GET /ticket2/opencms/system/modules/com.gridnine.opencms.ticketbrokerage.site/resources/js/calendar.js HTTP/1.1" 200 49229
202.8.41.248 - - [25/Jan/2025:01:11:35 +0100] "GET /ticket2/opencms/system/modules/com.gridnine.opencms.ticketbrokerage.site/resources/js/calendar-en.js HTTP/1.1" 200 3338
202.8.41.248 - - [25/Jan/2025:01:11:35 +0100] "GET /ticket2/opencms/system/modules/com.gridnine.opencms.ticketbrokerage.site/resources/js/calendar-setup.js HTTP/1.1" 200 4923
202.8.41.248 - - [25/Jan/2025:01:11:35 +0100] "GET /ticket2/opencms/system/modules/com.gridnine.opencms.ticketbrokerage.site/resources/js/jquery.fancybox.pack.js HTTP/1.1" 200 23187
202.8.41.248 - - [25/Jan/2025:01:11:35 +0100] "GET /ticket2/opencms/system/modules/com.gridnine.opencms.ticketbrokerage.site/resources/js/stickyfill.min.js HTTP/1.1" 200 5672
202.8.41.248 - - [25/Jan/2025:01:11:35 +0100] "GET /ticket2/opencms/system/modules/com.gridnine.opencms.ticketbrokerage.site/resources/js/standard.js HTTP/1.1" 200 3983
202.8.41.248 - - [25/Jan/2025:01:11:35 +0100] "GET /ticket2/opencms/system/modules/com.gridnine.opencms.ticketbrokerage.site/resources/js/jquery.placeholder.min.js HTTP/1.1" 200 1737
202.8.41.248 - - [25/Jan/2025:01:11:35 +0100] "GET /ticket2/opencms/system/modules/com.gridnine.opencms.ticketbrokerage.site/resources/js/common-ajax.js HTTP/1.1" 200 20175
202.8.41.248 - - [25/Jan/2025:01:11:35 +0100] "GET /ticket2/opencms/pl/ask-form.html HTTP/1.1" 200 3156
202.8.41.248 - - [25/Jan/2025:01:11:35 +0100] "GET /ticket2/opencms/system/modules/com.gridnine.opencms.ticketbrokerage.site/resources/css/ticketbrokerage.css HTTP/1.1" 200 39339
54.38.85.37 - - [25/Jan/2025:01:11:37 +0100] "GET /ticket2/opencms/en/buy/?page=1&edid=85C49B56-0E7B-16F6-66E3-E0CA735F0D13&sortorder=desc&column=section HTTP/1.1" 200 111580
54.38.85.37 - - [25/Jan/2025:01:11:39 +0100] "GET /ticket2/opencms/en/buy/?page=1&edid=E4DD4E8B-531F-7FAF-7060-DC5A1A2860FE&sortorder=desc&column=section HTTP/1.1" 200 111205
54.36.149.45 - - [25/Jan/2025:01:11:40 +0100] "GET /ticket2/opencms/az/sport/futbol-biletleri/premier-league/chelsea HTTP/1.1" 200 101334
202.8.41.219 - - [25/Jan/2025:01:11:41 +0100] "GET /ticket2/opencms/system/modules/com.gridnine.opencms.ticketbrokerage.site/resources/css/calendar.css HTTP/1.1" 200 6871
202.8.41.219 - - [25/Jan/2025:01:11:41 +0100] "GET /ticket2/opencms/system/modules/com.gridnine.opencms.ticketbrokerage.site/resources/css/jquery-ui.css HTTP/1.1" 200 33221
202.8.41.219 - - [25/Jan/2025:01:11:41 +0100] "GET /ticket2/opencms/system/modules/com.gridnine.opencms.ticketbrokerage.site/resources/css/standard.css HTTP/1.1" 200 73840
202.8.41.219 - - [25/Jan/2025:01:11:41 +0100] "GET /ticket2/opencms/system/modules/com.gridnine.opencms.ticketbrokerage.site/resources/css/jquery.fancybox.css HTTP/1.1" 200 4939
202.8.41.219 - - [25/Jan/2025:01:11:41 +0100] "GET /ticket2/opencms/system/modules/com.gridnine.opencms.ticketbrokerage.site/resources/css/ticketbrokerage.css HTTP/1.1" 200 39339
202.8.41.219 - - [25/Jan/2025:01:11:41 +0100] "GET /ticket2/opencms/system/modules/com.gridnine.opencms.ticketbrokerage.site/resources/js/jquery/jquery.js HTTP/1.1" 200 93868
202.8.41.219 - - [25/Jan/2025:01:11:41 +0100] "GET /ticket2/opencms/system/modules/com.gridnine.opencms.ticketbrokerage.site/resources/js/jquery/jquery-ui.js HTTP/1.1" 200 228088
202.8.41.219 - - [25/Jan/2025:01:11:41 +0100] "GET /ticket2/opencms/system/modules/com.gridnine.opencms.ticketbrokerage.site/resources/js/functions.js HTTP/1.1" 200 1583
202.8.41.219 - - [25/Jan/2025:01:11:41 +0100] "GET /ticket2/opencms/system/modules/com.gridnine.opencms.ticketbrokerage.site/resources/js/calendar.js HTTP/1.1" 200 49229
202.8.41.219 - - [25/Jan/2025:01:11:41 +0100] "GET /ticket2/opencms/system/modules/com.gridnine.opencms.ticketbrokerage.site/resources/js/calendar-en.js HTTP/1.1" 200 3338
202.8.41.219 - - [25/Jan/2025:01:11:41 +0100] "GET /ticket2/opencms/system/modules/com.gridnine.opencms.ticketbrokerage.site/resources/js/calendar-setup.js HTTP/1.1" 200 4923
202.8.41.219 - - [25/Jan/2025:01:11:42 +0100] "GET /ticket2/opencms/system/modules/com.gridnine.opencms.ticketbrokerage.site/resources/js/jquery.fancybox.pack.js HTTP/1.1" 200 23187
202.8.41.219 - - [25/Jan/2025:01:11:42 +0100] "GET /ticket2/opencms/system/modules/com.gridnine.opencms.ticketbrokerage.site/resources/js/stickyfill.min.js HTTP/1.1" 200 5672
202.8.41.219 - - [25/Jan/2025:01:11:42 +0100] "GET /ticket2/opencms/system/modules/com.gridnine.opencms.ticketbrokerage.site/resources/js/standard.js HTTP/1.1" 200 3983
202.8.41.219 - - [25/Jan/2025:01:11:42 +0100] "GET /ticket2/opencms/system/modules/com.gridnine.opencms.ticketbrokerage.site/resources/js/jquery.placeholder.min.js HTTP/1.1" 200 1737
202.8.41.219 - - [25/Jan/2025:01:11:42 +0100] "GET /ticket2/opencms/system/modules/com.gridnine.opencms.ticketbrokerage.site/resources/js/common-ajax.js HTTP/1.1" 200 20175
54.38.85.37 - - [25/Jan/2025:01:11:43 +0100] "GET /ticket2/opencms/en/login/?edid=07676057-0B4C-F0BB-865A-B1FCE6895C34 HTTP/1.1" 200 90190
185.191.171.14 - - [25/Jan/2025:01:11:44 +0100] "GET /ticket2/opencms/sv/konsertbiljetter/metallica/ HTTP/1.1" 200 93573
54.36.148.215 - - [25/Jan/2025:01:11:45 +0100] "GET /ticket2/opencms/nl/buy?page=1&edid=5605B728-A815-14DD-9E19-09BABDE81131 HTTP/1.1" 200 109384
54.38.85.37 - - [25/Jan/2025:01:11:47 +0100] "GET /ticket2/opencms/en/login/?edid=0F4EBC20-B6CB-D4B8-9DF2-9A8170E6E8E0 HTTP/1.1" 200 90237
202.8.41.184 - - [25/Jan/2025:01:11:47 +0100] "GET /ticket2/opencms/system/modules/com.gridnine.opencms.ticketbrokerage.site/resources/css/jquery.fancybox.css HTTP/1.1" 200 4939
202.8.41.184 - - [25/Jan/2025:01:11:47 +0100] "GET /ticket2/opencms/system/modules/com.gridnine.opencms.ticketbrokerage.site/resources/css/calendar.css HTTP/1.1" 200 6871
202.8.41.184 - - [25/Jan/2025:01:11:47 +0100] "GET /ticket2/opencms/system/modules/com.gridnine.opencms.ticketbrokerage.site/resources/css/standard.css HTTP/1.1" 200 73840
202.8.41.184 - - [25/Jan/2025:01:11:47 +0100] "GET /ticket2/opencms/system/modules/com.gridnine.opencms.ticketbrokerage.site/resources/css/ticketbrokerage.css HTTP/1.1" 200 39339
202.8.41.184 - - [25/Jan/2025:01:11:47 +0100] "GET /ticket2/opencms/system/modules/com.gridnine.opencms.ticketbrokerage.site/resources/css/jquery-ui.css HTTP/1.1" 200 33221
202.8.41.184 - - [25/Jan/2025:01:11:47 +0100] "GET /ticket2/opencms/system/modules/com.gridnine.opencms.ticketbrokerage.site/resources/js/jquery/jquery.js HTTP/1.1" 200 93868
202.8.41.184 - - [25/Jan/2025:01:11:47 +0100] "GET /ticket2/opencms/system/modules/com.gridnine.opencms.ticketbrokerage.site/resources/js/functions.js HTTP/1.1" 200 1583
202.8.41.184 - - [25/Jan/2025:01:11:47 +0100] "GET /ticket2/opencms/system/modules/com.gridnine.opencms.ticketbrokerage.site/resources/js/jquery/jquery-ui.js HTTP/1.1" 200 228088
202.8.41.184 - - [25/Jan/2025:01:11:47 +0100] "GET /ticket2/opencms/system/modules/com.gridnine.opencms.ticketbrokerage.site/resources/js/calendar.js HTTP/1.1" 200 49229
202.8.41.184 - - [25/Jan/2025:01:11:47 +0100] "GET /ticket2/opencms/system/modules/com.gridnine.opencms.ticketbrokerage.site/resources/js/calendar-en.js HTTP/1.1" 200 3338
202.8.41.184 - - [25/Jan/2025:01:11:47 +0100] "GET /ticket2/opencms/system/modules/com.gridnine.opencms.ticketbrokerage.site/resources/js/calendar-setup.js HTTP/1.1" 200 4923
202.8.41.184 - - [25/Jan/2025:01:11:47 +0100] "GET /ticket2/opencms/system/modules/com.gridnine.opencms.ticketbrokerage.site/resources/js/jquery.fancybox.pack.js HTTP/1.1" 200 23187
202.8.41.184 - - [25/Jan/2025:01:11:47 +0100] "GET /ticket2/opencms/system/modules/com.gridnine.opencms.ticketbrokerage.site/resources/js/stickyfill.min.js HTTP/1.1" 200 5672
202.8.41.184 - - [25/Jan/2025:01:11:47 +0100] "GET /ticket2/opencms/system/modules/com.gridnine.opencms.ticketbrokerage.site/resources/js/standard.js HTTP/1.1" 200 3983
202.8.41.184 - - [25/Jan/2025:01:11:47 +0100] "GET /ticket2/opencms/system/modules/com.gridnine.opencms.ticketbrokerage.site/resources/js/jquery.placeholder.min.js HTTP/1.1" 200 1737
202.8.41.184 - - [25/Jan/2025:01:11:47 +0100] "GET /ticket2/opencms/system/modules/com.gridnine.opencms.ticketbrokerage.site/resources/js/common-ajax.js HTTP/1.1" 200 20175
202.8.41.184 - - [25/Jan/2025:01:11:47 +0100] "GET /ticket2/opencms/nl/ask-form.html HTTP/1.1" 200 3015
202.8.41.184 - - [25/Jan/2025:01:11:48 +0100] "GET /ticket2/opencms/system/modules/com.gridnine.opencms.ticketbrokerage.site/resources/css/ticketbrokerage.css HTTP/1.1" 200 39339
54.38.85.37 - - [25/Jan/2025:01:11:50 +0100] "GET /ticket2/opencms/en/login/?edid=21EF92CB-3081-F814-3BC2-7D65056D85F1 HTTP/1.1" 200 90246
54.36.148.31 - - [25/Jan/2025:01:11:51 +0100] "GET /ticket2/opencms/el/buy?page=1&edid=2E9700A3-1FCD-CE83-B786-B3F02A037955 HTTP/1.1" 200 112563
157.55.39.196 - - [25/Jan/2025:01:11:52 +0100] "GET /ticket2/opencms/hu/buy/?page=1&edid=72A75E6D-B3C3-ED2C-0014-AD12C76904B2 HTTP/1.1" 200 109020
54.38.85.37 - - [25/Jan/2025:01:11:54 +0100] "GET /ticket2/opencms/en/login/?edid=253EFE5E-B772-30AA-3BC0-539514B70DC9 HTTP/1.1" 200 90165
66.249.76.170 - - [25/Jan/2025:01:11:54 +0100] "GET /ticket2/opencms/set_aff_cookie.jsp?partner=692E2C6A-EC6F-1C93-AFCC-C5ACC23A93EA&url=%252Fru%252Fbuy%252Findex.html%253Fpage%253D1%2526edid%253D8D7EAD72-A3EF-AB1B-5E4E-B784BB97B852%2526hlv%253D6114013a-1b48-42b8-a4db-18590a01000f%2523v763169582 HTTP/1.1" 200 245
85.208.96.210 - - [25/Jan/2025:01:11:55 +0100] "GET /ticket2/opencms/fi/magazine/article?title=tietoa-arsenal-fcsta HTTP/1.1" 200 93723
35.231.173.200 - - [25/Jan/2025:01:11:57 +0100] "GET /ticket2/opencms/it/ HTTP/1.0" 200 99558
54.36.148.228 - - [25/Jan/2025:01:11:57 +0100] "GET /ticket2/opencms/ga/sport/ticeid-peile/bundesliga/ HTTP/1.1" 200 100808
66.249.79.33 - - [25/Jan/2025:01:11:57 +0100] "GET /ticket2/opencms/set_aff_cookie.jsp?partner=692E2C6A-EC6F-1C93-AFCC-C5ACC23A93EA&url=%252Fsv%252Fbuy%252Findex.html%253Fpage%253D1%2526edid%253DB866CB00-06FF-ABA5-8ECA-28AAD56A2D49%2526hlv%253D615c45da-4cb8-4ba9-84b0-250a0a01000f%2523v1967289562 HTTP/1.1" 200 246
54.38.85.37 - - [25/Jan/2025:01:11:58 +0100] "GET /ticket2/opencms/en/login/?edid=29D41DD3-146F-D048-03AB-36168552443B HTTP/1.1" 200 90232
