202.8.40.42 - - [03/Feb/2025:01:19:59 +0100] "GET /ticket2/opencms/system/modules/com.gridnine.opencms.ticketbrokerage.site/resources/css/ticketbrokerage.css HTTP/1.1" 200 39339
202.8.40.42 - - [03/Feb/2025:01:19:59 +0100] "GET /ticket2/opencms/system/modules/com.gridnine.opencms.ticketbrokerage.site/resources/css/jquery-ui.css HTTP/1.1" 200 33221
202.8.40.42 - - [03/Feb/2025:01:19:59 +0100] "GET /ticket2/opencms/system/modules/com.gridnine.opencms.ticketbrokerage.site/resources/css/jquery.fancybox.css HTTP/1.1" 200 4939
202.8.40.42 - - [03/Feb/2025:01:19:59 +0100] "GET /ticket2/opencms/system/modules/com.gridnine.opencms.ticketbrokerage.site/resources/css/standard.css HTTP/1.1" 200 73904
202.8.40.42 - - [03/Feb/2025:01:19:59 +0100] "GET /ticket2/opencms/system/modules/com.gridnine.opencms.ticketbrokerage.site/resources/js/jquery/jquery.js HTTP/1.1" 200 93868
202.8.40.42 - - [03/Feb/2025:01:19:59 +0100] "GET /ticket2/opencms/system/modules/com.gridnine.opencms.ticketbrokerage.site/resources/js/calendar-en.js HTTP/1.1" 200 3338
202.8.40.42 - - [03/Feb/2025:01:19:59 +0100] "GET /ticket2/opencms/system/modules/com.gridnine.opencms.ticketbrokerage.site/resources/js/functions.js HTTP/1.1" 200 1583
202.8.40.42 - - [03/Feb/2025:01:19:59 +0100] "GET /ticket2/opencms/system/modules/com.gridnine.opencms.ticketbrokerage.site/resources/js/calendar-setup.js HTTP/1.1" 200 4923
202.8.40.42 - - [03/Feb/2025:01:19:59 +0100] "GET /ticket2/opencms/system/modules/com.gridnine.opencms.ticketbrokerage.site/resources/js/jquery/jquery-ui.js HTTP/1.1" 200 228088
202.8.40.42 - - [03/Feb/2025:01:19:59 +0100] "GET /ticket2/opencms/system/modules/com.gridnine.opencms.ticketbrokerage.site/resources/js/calendar.js HTTP/1.1" 200 49229
202.8.40.42 - - [03/Feb/2025:01:19:59 +0100] "GET /ticket2/opencms/system/modules/com.gridnine.opencms.ticketbrokerage.site/resources/js/jquery.fancybox.pack.js HTTP/1.1" 200 23187
202.8.40.42 - - [03/Feb/2025:01:19:59 +0100] "GET /ticket2/opencms/system/modules/com.gridnine.opencms.ticketbrokerage.site/resources/js/stickyfill.min.js HTTP/1.1" 200 5672
202.8.40.42 - - [03/Feb/2025:01:19:59 +0100] "GET /ticket2/opencms/system/modules/com.gridnine.opencms.ticketbrokerage.site/resources/js/standard.js HTTP/1.1" 200 3983
65.21.232.254 - - [03/Feb/2025:01:19:59 +0100] "GET /ticket2/opencms/en/login/?edid=566FFA7F-9037-93B7-9175-A771BF4D35F4 HTTP/1.1" 200 90249
202.8.40.42 - - [03/Feb/2025:01:19:59 +0100] "GET /ticket2/opencms/system/modules/com.gridnine.opencms.ticketbrokerage.site/resources/js/jquery.placeholder.min.js HTTP/1.1" 200 1737
202.8.40.42 - - [03/Feb/2025:01:19:59 +0100] "GET /ticket2/opencms/system/modules/com.gridnine.opencms.ticketbrokerage.site/resources/js/common-ajax.js HTTP/1.1" 200 20175
202.8.40.42 - - [03/Feb/2025:01:19:59 +0100] "GET /ticket2/opencms/ka/ask-form.html HTTP/1.1" 200 3156
202.8.40.42 - - [03/Feb/2025:01:19:59 +0100] "GET /ticket2/opencms/system/modules/com.gridnine.opencms.ticketbrokerage.site/resources/css/ticketbrokerage.css HTTP/1.1" 200 39339
5.9.55.228 - - [03/Feb/2025:01:20:00 +0100] "GET /ticket2/opencms/fi/venue/?venueid=3ED5EA9D-5706-84F2-16D2-FC98CC15FF4D HTTP/1.1" 200 87075
192.99.3.137 - - [03/Feb/2025:01:20:01 +0100] "GET /ticket2/opencms/hu/buy/?page=1&edid=ACE9CA7D-7806-FEA9-5C42-376512A5CAAD HTTP/1.1" 200 111012
217.113.194.215 - - [03/Feb/2025:01:20:02 +0100] "GET /ticket2/opencms/sq/buy?page=1&edid=89B9E8FB-02AC-B2B1-4633-6562ED36330C HTTP/1.1" 200 108977
65.21.232.254 - - [03/Feb/2025:01:20:03 +0100] "GET /ticket2/opencms/en/login/?edid=68CBD72A-BA20-7850-7C5D-7A4CBB551B2F HTTP/1.1" 200 90267
40.77.167.59 - - [03/Feb/2025:01:20:04 +0100] "GET /ticket2/opencms/be/buy?page=1&edid=CE292CD9-5BD3-4F39-C9ED-AE60D2E7BEF8 HTTP/1.1" 200 114276
94.154.239.69 - - [03/Feb/2025:01:20:04 +0100] "GET /ticket2/opencms/sv/login/?edid=70818629-9551-6DC7-FD0C-3665BC11B0F8 HTTP/1.1" 200 91486
40.77.167.59 - - [03/Feb/2025:01:20:05 +0100] "GET /ticket2/opencms/mo/buy/?page=1&edid=11EFBC55-130A-2310-B776-C5D86878BDAB HTTP/1.1" 200 111624
54.36.148.234 - - [03/Feb/2025:01:20:06 +0100] "GET /ticket2/opencms/be/buy?page=1&edid=7A0C4CE7-DF50-29C3-D447-032204091A27 HTTP/1.1" 200 110844
65.21.232.254 - - [03/Feb/2025:01:20:07 +0100] "GET /ticket2/opencms/en/login/?edid=6AE10568-F819-0164-572F-661DFD566B42 HTTP/1.1" 200 90227
202.8.43.116 - - [03/Feb/2025:01:20:07 +0100] "GET /ticket2/opencms/system/modules/com.gridnine.opencms.ticketbrokerage.site/resources/css/calendar.css HTTP/1.1" 200 6871
202.8.43.116 - - [03/Feb/2025:01:20:07 +0100] "GET /ticket2/opencms/system/modules/com.gridnine.opencms.ticketbrokerage.site/resources/css/jquery.fancybox.css HTTP/1.1" 200 4939
202.8.43.116 - - [03/Feb/2025:01:20:07 +0100] "GET /ticket2/opencms/system/modules/com.gridnine.opencms.ticketbrokerage.site/resources/css/standard.css HTTP/1.1" 200 73904
202.8.43.116 - - [03/Feb/2025:01:20:07 +0100] "GET /ticket2/opencms/system/modules/com.gridnine.opencms.ticketbrokerage.site/resources/css/jquery-ui.css HTTP/1.1" 200 33221
202.8.43.116 - - [03/Feb/2025:01:20:07 +0100] "GET /ticket2/opencms/system/modules/com.gridnine.opencms.ticketbrokerage.site/resources/css/ticketbrokerage.css HTTP/1.1" 200 39339
202.8.43.116 - - [03/Feb/2025:01:20:07 +0100] "GET /ticket2/opencms/system/modules/com.gridnine.opencms.ticketbrokerage.site/resources/js/jquery/jquery.js HTTP/1.1" 200 93868
202.8.43.116 - - [03/Feb/2025:01:20:08 +0100] "GET /ticket2/opencms/system/modules/com.gridnine.opencms.ticketbrokerage.site/resources/js/jquery/jquery-ui.js HTTP/1.1" 200 228088
202.8.43.116 - - [03/Feb/2025:01:20:08 +0100] "GET /ticket2/opencms/system/modules/com.gridnine.opencms.ticketbrokerage.site/resources/js/functions.js HTTP/1.1" 200 1583
202.8.43.116 - - [03/Feb/2025:01:20:08 +0100] "GET /ticket2/opencms/system/modules/com.gridnine.opencms.ticketbrokerage.site/resources/js/calendar-en.js HTTP/1.1" 200 3338
202.8.43.116 - - [03/Feb/2025:01:20:08 +0100] "GET /ticket2/opencms/system/modules/com.gridnine.opencms.ticketbrokerage.site/resources/js/calendar.js HTTP/1.1" 200 49229
202.8.43.116 - - [03/Feb/2025:01:20:08 +0100] "GET /ticket2/opencms/system/modules/com.gridnine.opencms.ticketbrokerage.site/resources/js/calendar-setup.js HTTP/1.1" 200 4923
202.8.43.116 - - [03/Feb/2025:01:20:08 +0100] "GET /ticket2/opencms/system/modules/com.gridnine.opencms.ticketbrokerage.site/resources/js/jquery.fancybox.pack.js HTTP/1.1" 200 23187
202.8.43.116 - - [03/Feb/2025:01:20:08 +0100] "GET /ticket2/opencms/system/modules/com.gridnine.opencms.ticketbrokerage.site/resources/js/stickyfill.min.js HTTP/1.1" 200 5672
202.8.43.116 - - [03/Feb/2025:01:20:08 +0100] "GET /ticket2/opencms/system/modules/com.gridnine.opencms.ticketbrokerage.site/resources/js/standard.js HTTP/1.1" 200 3983
192.99.3.137 - - [03/Feb/2025:01:20:08 +0100] "GET /ticket2/opencms/hu/buy/?page=1&edid=ACFE5269-826A-FF79-28D4-8876A969800F HTTP/1.1" 200 118212
202.8.43.116 - - [03/Feb/2025:01:20:08 +0100] "GET /ticket2/opencms/system/modules/com.gridnine.opencms.ticketbrokerage.site/resources/js/jquery.placeholder.min.js HTTP/1.1" 200 1737
202.8.43.116 - - [03/Feb/2025:01:20:08 +0100] "GET /ticket2/opencms/system/modules/com.gridnine.opencms.ticketbrokerage.site/resources/js/common-ajax.js HTTP/1.1" 200 20175
202.8.43.116 - - [03/Feb/2025:01:20:08 +0100] "GET /ticket2/opencms/be/ask-form.html HTTP/1.1" 200 3156
202.8.43.116 - - [03/Feb/2025:01:20:08 +0100] "GET /ticket2/opencms/system/modules/com.gridnine.opencms.ticketbrokerage.site/resources/css/ticketbrokerage.css HTTP/1.1" 200 39339
94.154.239.69 - - [03/Feb/2025:01:20:11 +0100] "GET /ticket2/opencms/sv/login/?edid=70EF0ABB-9A80-4CE0-EE48-CC9265C1B361 HTTP/1.1" 200 91502
217.113.194.217 - - [03/Feb/2025:01:20:11 +0100] "GET /ticket2/opencms/sq/buy?page=1&edid=20599C7A-7B16-1AE0-93EB-CF44D71F2D6D HTTP/1.1" 200 112873
65.21.232.254 - - [03/Feb/2025:01:20:11 +0100] "GET /ticket2/opencms/en/login/?edid=6BF7FCF3-2460-2F8B-3EB7-F58E605E2728 HTTP/1.1" 200 90241
66.249.79.33 - - [03/Feb/2025:01:20:12 +0100] "GET /ticket2/opencms/be/buy/?page=1&edid=D0017C8D-A42C-9E94-32C0-287112DFAD61 HTTP/1.1" 200 110890
185.191.171.9 - - [03/Feb/2025:01:20:12 +0100] "GET /ticket2/opencms/hr/magazine/article?title=otkrijte-la-ligu-uzivo-kupite-ulaznice-na-ticket2 HTTP/1.1" 200 94242
170.130.204.58 - - [03/Feb/2025:01:20:12 +0100] "GET /ticket2/opencms/de/ HTTP/1.1" 200 106376
192.99.3.137 - - [03/Feb/2025:01:20:13 +0100] "GET /ticket2/opencms/hu/buy/?page=1&edid=AD0E3D9F-2910-5DC4-03D7-A91917CC0ADD HTTP/1.1" 200 132368
54.36.148.75 - - [03/Feb/2025:01:20:14 +0100] "GET /ticket2/opencms/en/buy?page=1&edid=0165985F-E205-E991-0EDD-8260BA28ED00 HTTP/1.1" 200 106935
202.8.40.158 - - [03/Feb/2025:01:20:15 +0100] "GET /ticket2/opencms/system/modules/com.gridnine.opencms.ticketbrokerage.site/resources/css/jquery-ui.css HTTP/1.1" 200 33221
202.8.40.158 - - [03/Feb/2025:01:20:15 +0100] "GET /ticket2/opencms/system/modules/com.gridnine.opencms.ticketbrokerage.site/resources/css/standard.css HTTP/1.1" 200 73904
202.8.40.158 - - [03/Feb/2025:01:20:15 +0100] "GET /ticket2/opencms/system/modules/com.gridnine.opencms.ticketbrokerage.site/resources/css/jquery.fancybox.css HTTP/1.1" 200 4939
202.8.40.158 - - [03/Feb/2025:01:20:15 +0100] "GET /ticket2/opencms/system/modules/com.gridnine.opencms.ticketbrokerage.site/resources/css/calendar.css HTTP/1.1" 200 6871
202.8.40.158 - - [03/Feb/2025:01:20:15 +0100] "GET /ticket2/opencms/system/modules/com.gridnine.opencms.ticketbrokerage.site/resources/css/ticketbrokerage.css HTTP/1.1" 200 39339
202.8.40.158 - - [03/Feb/2025:01:20:15 +0100] "GET /ticket2/opencms/system/modules/com.gridnine.opencms.ticketbrokerage.site/resources/js/jquery/jquery.js HTTP/1.1" 200 93868
202.8.40.158 - - [03/Feb/2025:01:20:15 +0100] "GET /ticket2/opencms/system/modules/com.gridnine.opencms.ticketbrokerage.site/resources/js/calendar.js HTTP/1.1" 200 49229
202.8.40.158 - - [03/Feb/2025:01:20:15 +0100] "GET /ticket2/opencms/system/modules/com.gridnine.opencms.ticketbrokerage.site/resources/js/jquery/jquery-ui.js HTTP/1.1" 200 228088
202.8.40.158 - - [03/Feb/2025:01:20:15 +0100] "GET /ticket2/opencms/system/modules/com.gridnine.opencms.ticketbrokerage.site/resources/js/functions.js HTTP/1.1" 200 1583
202.8.40.158 - - [03/Feb/2025:01:20:15 +0100] "GET /ticket2/opencms/system/modules/com.gridnine.opencms.ticketbrokerage.site/resources/js/calendar-setup.js HTTP/1.1" 200 4923
202.8.40.158 - - [03/Feb/2025:01:20:15 +0100] "GET /ticket2/opencms/system/modules/com.gridnine.opencms.ticketbrokerage.site/resources/js/calendar-en.js HTTP/1.1" 200 3338
202.8.40.158 - - [03/Feb/2025:01:20:15 +0100] "GET /ticket2/opencms/system/modules/com.gridnine.opencms.ticketbrokerage.site/resources/js/jquery.fancybox.pack.js HTTP/1.1" 200 23187
202.8.40.158 - - [03/Feb/2025:01:20:15 +0100] "GET /ticket2/opencms/system/modules/com.gridnine.opencms.ticketbrokerage.site/resources/js/stickyfill.min.js HTTP/1.1" 200 5672
202.8.40.158 - - [03/Feb/2025:01:20:15 +0100] "GET /ticket2/opencms/system/modules/com.gridnine.opencms.ticketbrokerage.site/resources/js/standard.js HTTP/1.1" 200 3983
202.8.40.158 - - [03/Feb/2025:01:20:16 +0100] "GET /ticket2/opencms/system/modules/com.gridnine.opencms.ticketbrokerage.site/resources/js/jquery.placeholder.min.js HTTP/1.1" 200 1737
202.8.40.158 - - [03/Feb/2025:01:20:16 +0100] "GET /ticket2/opencms/system/modules/com.gridnine.opencms.ticketbrokerage.site/resources/js/common-ajax.js HTTP/1.1" 200 20175
202.8.40.158 - - [03/Feb/2025:01:20:16 +0100] "GET /ticket2/opencms/en/ask-form.html HTTP/1.1" 200 3146
202.8.40.158 - - [03/Feb/2025:01:20:16 +0100] "GET /ticket2/opencms/system/modules/com.gridnine.opencms.ticketbrokerage.site/resources/css/ticketbrokerage.css HTTP/1.1" 200 39339
65.21.232.254 - - [03/Feb/2025:01:20:16 +0100] "GET /ticket2/opencms/en/login/?edid=6CB5D9E4-34AD-0DB6-333B-1A3A8EB0FB6F HTTP/1.1" 200 90204
94.154.239.69 - - [03/Feb/2025:01:20:18 +0100] "GET /ticket2/opencms/sv/login/?edid=72113169-CE1D-B963-8867-381A95276A39 HTTP/1.1" 200 91560
192.99.3.137 - - [03/Feb/2025:01:20:18 +0100] "GET /ticket2/opencms/hu/buy/?page=1&edid=AD14D102-9A59-3E48-721F-B8412449464B HTTP/1.1" 200 111136
217.113.194.219 - - [03/Feb/2025:01:20:19 +0100] "GET /ticket2/opencms/sq/buy?page=1&edid=23688B8D-8D21-EBA0-1897-8BC6CFFE57DE HTTP/1.1" 200 111238
65.21.232.254 - - [03/Feb/2025:01:20:21 +0100] "GET /ticket2/opencms/en/login/?edid=6FA96B28-D739-97C7-35E5-810A1E2013BA HTTP/1.1" 200 90249
94.154.239.69 - - [03/Feb/2025:01:20:22 +0100] "GET /ticket2/opencms/sv/login/?edid=72E12FE2-4DDC-1E5C-698A-850131DAAB42 HTTP/1.1" 200 91460
47.128.50.105 - - [03/Feb/2025:01:20:23 +0100] "GET /ticket2/opencms/no/buy/?edid=77EEF94B-7B3D-9F35-9811-078E0E2474CF HTTP/1.1" 200 91242
192.99.3.137 - - [03/Feb/2025:01:20:23 +0100] "GET /ticket2/opencms/hu/buy/?page=1&edid=AD613CBA-6D24-6402-05D7-A2D3C1E6CD55 HTTP/1.1" 200 112029
54.36.149.9 - - [03/Feb/2025:01:20:25 +0100] "GET /ticket2/opencms/be/buy/?page=1&edid=52F83580-0FD4-F06F-050A-AE1CCE4A20C1 HTTP/1.1" 200 123818
65.21.232.254 - - [03/Feb/2025:01:20:25 +0100] "GET /ticket2/opencms/en/login/?edid=714A5D21-4203-9BE8-9416-D26E075C1ECD HTTP/1.1" 200 90234
192.99.3.137 - - [03/Feb/2025:01:20:27 +0100] "GET /ticket2/opencms/hu/buy/?page=1&edid=AE760495-8F0D-E66F-09B5-DE27D51C8B7F HTTP/1.1" 200 112173
94.154.239.69 - - [03/Feb/2025:01:20:28 +0100] "GET /ticket2/opencms/sv/login/?edid=72E82760-BEC3-3CF9-6E90-2FDD50852364 HTTP/1.1" 200 91500
217.113.194.219 - - [03/Feb/2025:01:20:28 +0100] "GET /ticket2/opencms/sq/buy?page=1&edid=2F959FEF-0277-463A-7AA1-8B479CA506D8 HTTP/1.1" 200 108950
65.21.232.254 - - [03/Feb/2025:01:20:29 +0100] "GET /ticket2/opencms/en/login/?edid=7254CAF4-4ECC-397A-A9A2-882C0C1CF067 HTTP/1.1" 200 90252
192.99.3.137 - - [03/Feb/2025:01:20:32 +0100] "GET /ticket2/opencms/hu/buy/?page=1&edid=AEC0087E-2966-11F0-0CA3-900795ADDDAD HTTP/1.1" 200 106486
65.21.232.254 - - [03/Feb/2025:01:20:33 +0100] "GET /ticket2/opencms/en/login/?edid=7611CF3E-3333-25ED-A846-596E922794E6 HTTP/1.1" 200 88040
94.154.239.69 - - [03/Feb/2025:01:20:33 +0100] "GET /ticket2/opencms/sv/login/?edid=734C6A51-079B-DC49-D097-AED66CC22C3C HTTP/1.1" 200 89395
54.36.149.8 - - [03/Feb/2025:01:20:34 +0100] "GET /ticket2/opencms/fi/venue/?venueid=08E4EC60-00C9-C497-9F21-DF811FAE4DEC HTTP/1.1" 200 84716
85.208.96.196 - - [03/Feb/2025:01:20:34 +0100] "GET /ticket2/opencms/el/magazine/article?title=pws-prepei-h-mantsester-gioynaitent-na-diaxeiristei-thn-krish HTTP/1.1" 200 88474
150.40.253.231 - - [03/Feb/2025:01:20:36 +0100] "GET /ticket2/opencms/pl/?comcatid=97ECA65A-72DA-F9AF-9DBB-245D3CFED1BE&catid=8732E72C-A028-EA8C-4D4D-DEB44E2A28A8 HTTP/1.1" 200 104350
66.249.76.170 - - [03/Feb/2025:01:20:36 +0100] "GET /ticket2/opencms/uk/buy/?page=1&edid=139F3535-86E9-B228-454D-FE0034AF61D0 HTTP/1.1" 200 111788
192.99.3.137 - - [03/Feb/2025:01:20:36 +0100] "GET /ticket2/opencms/hu/buy/?page=1&edid=B07556EE-85E6-A902-E46B-ABCA49980DB1 HTTP/1.1" 200 110154
47.128.123.43 - - [03/Feb/2025:01:20:38 +0100] "GET /ticket2/opencms/ka/buy/?edid=E2770D18-E952-4B89-3A99-F864CC9397CA HTTP/1.1" 200 91067
154.54.249.216 - - [03/Feb/2025:01:20:38 +0100] "GET /ticket2/opencms/sq/buy?page=1&edid=299450E2-FDAD-4E2B-0058-6290A7A2B57D HTTP/1.1" 200 151196
5.9.55.228 - - [03/Feb/2025:01:20:38 +0100] "GET /ticket2/opencms/fi/venue/?venueid=3EE4FE55-15E3-AF2C-FE6F-193C6997CCEA HTTP/1.1" 200 84708
65.21.232.254 - - [03/Feb/2025:01:20:38 +0100] "GET /ticket2/opencms/en/login/?edid=7688C6EE-586D-CDED-4F8D-81480DD2EC0C HTTP/1.1" 200 88040
94.154.239.69 - - [03/Feb/2025:01:20:38 +0100] "GET /ticket2/opencms/sv/login/?edid=755AF99A-4624-4B84-D4AE-CB8447127D3C HTTP/1.1" 200 89395
54.36.148.71 - - [03/Feb/2025:01:20:42 +0100] "GET /ticket2/opencms/ga/buy?page=1&edid=7A0C4CE7-DF50-29C3-D447-032204091A27 HTTP/1.1" 200 106819
192.99.3.137 - - [03/Feb/2025:01:20:42 +0100] "GET /ticket2/opencms/hu/buy/?page=1&edid=B089B4B8-933D-AB70-BE65-2A133877E5AC HTTP/1.1" 200 134629
37.123.143.11 - - [03/Feb/2025:01:20:42 +0100] "GET /ticket2/opencms/system/workplace/views/top_foot.jsp?wpFrame=foot HTTP/1.1" 200 1209
37.123.143.11 - - [03/Feb/2025:01:20:42 +0100] "GET /ticket2/opencms/system/workplace/commons/style/workplace.css HTTP/1.1" 200 14209
65.21.232.254 - - [03/Feb/2025:01:20:42 +0100] "GET /ticket2/opencms/en/login/?edid=7A1A794A-3DEE-C796-4DCF-226DF38DB74E HTTP/1.1" 200 88040
202.8.42.81 - - [03/Feb/2025:01:20:43 +0100] "GET /ticket2/opencms/system/modules/com.gridnine.opencms.ticketbrokerage.site/resources/css/calendar.css HTTP/1.1" 200 6871
202.8.42.81 - - [03/Feb/2025:01:20:43 +0100] "GET /ticket2/opencms/system/modules/com.gridnine.opencms.ticketbrokerage.site/resources/css/jquery-ui.css HTTP/1.1" 200 33221
202.8.42.81 - - [03/Feb/2025:01:20:43 +0100] "GET /ticket2/opencms/system/modules/com.gridnine.opencms.ticketbrokerage.site/resources/css/standard.css HTTP/1.1" 200 73904
202.8.42.81 - - [03/Feb/2025:01:20:43 +0100] "GET /ticket2/opencms/system/modules/com.gridnine.opencms.ticketbrokerage.site/resources/css/ticketbrokerage.css HTTP/1.1" 200 39339
202.8.42.81 - - [03/Feb/2025:01:20:43 +0100] "GET /ticket2/opencms/system/modules/com.gridnine.opencms.ticketbrokerage.site/resources/css/jquery.fancybox.css HTTP/1.1" 200 4939
202.8.42.81 - - [03/Feb/2025:01:20:43 +0100] "GET /ticket2/opencms/system/modules/com.gridnine.opencms.ticketbrokerage.site/resources/js/jquery/jquery.js HTTP/1.1" 200 93868
202.8.42.81 - - [03/Feb/2025:01:20:43 +0100] "GET /ticket2/opencms/system/modules/com.gridnine.opencms.ticketbrokerage.site/resources/js/jquery/jquery-ui.js HTTP/1.1" 200 228088
202.8.42.81 - - [03/Feb/2025:01:20:43 +0100] "GET /ticket2/opencms/system/modules/com.gridnine.opencms.ticketbrokerage.site/resources/js/functions.js HTTP/1.1" 200 1583
202.8.42.81 - - [03/Feb/2025:01:20:43 +0100] "GET /ticket2/opencms/system/modules/com.gridnine.opencms.ticketbrokerage.site/resources/js/calendar-en.js HTTP/1.1" 200 3338
202.8.42.81 - - [03/Feb/2025:01:20:43 +0100] "GET /ticket2/opencms/system/modules/com.gridnine.opencms.ticketbrokerage.site/resources/js/calendar.js HTTP/1.1" 200 49229
202.8.42.81 - - [03/Feb/2025:01:20:43 +0100] "GET /ticket2/opencms/system/modules/com.gridnine.opencms.ticketbrokerage.site/resources/js/calendar-setup.js HTTP/1.1" 200 4923
202.8.42.81 - - [03/Feb/2025:01:20:43 +0100] "GET /ticket2/opencms/system/modules/com.gridnine.opencms.ticketbrokerage.site/resources/js/jquery.fancybox.pack.js HTTP/1.1" 200 23187
202.8.42.81 - - [03/Feb/2025:01:20:43 +0100] "GET /ticket2/opencms/system/modules/com.gridnine.opencms.ticketbrokerage.site/resources/js/stickyfill.min.js HTTP/1.1" 200 5672
202.8.42.81 - - [03/Feb/2025:01:20:43 +0100] "GET /ticket2/opencms/system/modules/com.gridnine.opencms.ticketbrokerage.site/resources/js/standard.js HTTP/1.1" 200 3983
202.8.42.81 - - [03/Feb/2025:01:20:43 +0100] "GET /ticket2/opencms/system/modules/com.gridnine.opencms.ticketbrokerage.site/resources/js/jquery.placeholder.min.js HTTP/1.1" 200 1737
202.8.42.81 - - [03/Feb/2025:01:20:43 +0100] "GET /ticket2/opencms/system/modules/com.gridnine.opencms.ticketbrokerage.site/resources/js/common-ajax.js HTTP/1.1" 200 20175
202.8.42.81 - - [03/Feb/2025:01:20:43 +0100] "GET /ticket2/opencms/ga/ask-form.html HTTP/1.1" 200 3156
202.8.42.81 - - [03/Feb/2025:01:20:43 +0100] "GET /ticket2/opencms/system/modules/com.gridnine.opencms.ticketbrokerage.site/resources/css/ticketbrokerage.css HTTP/1.1" 200 39339
66.249.79.33 - - [03/Feb/2025:01:20:44 +0100] "GET /ticket2/opencms/hu/buy/?page=1&edid=CB2F98AB-2A36-6804-D7EE-05DAE30031CC HTTP/1.1" 200 109019
94.154.239.69 - - [03/Feb/2025:01:20:45 +0100] "GET /ticket2/opencms/sv/login/?edid=76B6762F-4B46-119D-2582-3611BC3599E7 HTTP/1.1" 200 89395
192.99.3.137 - - [03/Feb/2025:01:20:46 +0100] "GET /ticket2/opencms/hu/buy/?page=1&edid=B0CCF8F9-8001-9A63-8533-008DCC3A6040 HTTP/1.1" 200 106466
217.113.194.221 - - [03/Feb/2025:01:20:46 +0100] "GET /ticket2/opencms/sq/buy?page=1&edid=2E8924E6-28D0-1DDA-A1D1-EAAA09293C64 HTTP/1.1" 200 109998
65.21.232.254 - - [03/Feb/2025:01:20:47 +0100] "GET /ticket2/opencms/en/login/?edid=7CF3A13E-8AC3-8CF0-0E88-AC757D1616ED HTTP/1.1" 200 88040
66.249.79.33 - - [03/Feb/2025:01:20:48 +0100] "GET /ticket2/opencms/pl/buy?page=1&edid=4DF0D9FC-63B4-BC0C-C1C6-5A8F2E684398 HTTP/1.1" 200 109464
94.154.239.69 - - [03/Feb/2025:01:20:50 +0100] "GET /ticket2/opencms/sv/login/?edid=779DCE22-7865-5C8E-54FB-44794C9B955F HTTP/1.1" 200 89395
192.99.3.137 - - [03/Feb/2025:01:20:50 +0100] "GET /ticket2/opencms/hu/buy/?page=1&edid=B12376C6-BA7F-3D61-F970-EF51106430AB HTTP/1.1" 200 128120
65.21.232.254 - - [03/Feb/2025:01:20:51 +0100] "GET /ticket2/opencms/en/login/?edid=8124925D-02E4-C992-3295-AAF8E791AD8B HTTP/1.1" 200 88040
54.36.148.229 - - [03/Feb/2025:01:20:52 +0100] "GET /ticket2/opencms/el/buy/?page=1&edid=8EF7EC9D-9BC8-1DEC-C27C-0541D5C5F471 HTTP/1.1" 200 128752
114.119.130.154 - - [03/Feb/2025:01:20:54 +0100] "GET /ticket2/opencms/no/buy?page=1&=75DB9E0C-160D-3025-2938-CBFD4F5F1C36 HTTP/1.1" 200 6507
192.99.3.137 - - [03/Feb/2025:01:20:54 +0100] "GET /ticket2/opencms/hu/buy/?page=1&edid=B1B260FB-CC2B-FBC8-401E-5012AB84C2A6 HTTP/1.1" 200 106501
65.21.232.254 - - [03/Feb/2025:01:20:55 +0100] "GET /ticket2/opencms/en/login/?edid=8A23E726-1974-5413-8366-4570BB38FB56 HTTP/1.1" 200 88040
217.113.194.216 - - [03/Feb/2025:01:20:55 +0100] "GET /ticket2/opencms/sq/buy?page=1&edid=2023F726-4311-DF16-2C0C-AE4A78BC8014 HTTP/1.1" 200 106578
66.249.79.33 - - [03/Feb/2025:01:20:55 +0100] "GET /ticket2/opencms/lt/buy/?page=1&edid=D0017C8D-A42C-9E94-32C0-287112DFAD61 HTTP/1.1" 200 106665
94.154.239.69 - - [03/Feb/2025:01:20:56 +0100] "GET /ticket2/opencms/sv/login/?edid=77EEF94B-7B3D-9F35-9811-078E0E2474CF HTTP/1.1" 200 89395
40.77.167.59 - - [03/Feb/2025:01:20:56 +0100] "GET /ticket2/opencms/cs/buy?page=1&edid=1125FC06-6A3C-872B-D830-B5A68C80CEE6 HTTP/1.1" 200 106442
66.249.76.167 - - [03/Feb/2025:01:20:58 +0100] "GET /ticket2/opencms/sv/buy?page=1&edid=DCF22239-47F2-2282-C13B-85FCE1D7C913 HTTP/1.1" 200 133502
40.77.167.59 - - [03/Feb/2025:01:20:58 +0100] "GET /ticket2/opencms/fi/buy?page=1&edid=D771BB60-0217-E0E2-A4A8-756428AAA5D6 HTTP/1.1" 200 109264
40.77.167.59 - - [03/Feb/2025:01:20:59 +0100] "GET /ticket2/opencms/sr/buy?page=1&edid=6D9D3E47-1EA9-9DFE-4A3E-6030D3106E91 HTTP/1.1" 200 111423
65.21.232.254 - - [03/Feb/2025:01:20:59 +0100] "GET /ticket2/opencms/en/login/?edid=8A4C7AC3-9F20-8E7F-3D23-EA3DFE7093D0 HTTP/1.1" 200 88040
192.99.3.137 - - [03/Feb/2025:01:20:59 +0100] "GET /ticket2/opencms/hu/buy/?page=1&edid=B221A7A0-0672-9C92-94FE-8BC4C1F907CD HTTP/1.1" 200 116225
54.36.149.47 - - [03/Feb/2025:01:21:00 +0100] "GET /ticket2/opencms/dk/sport/fodboldbilletter/premier-league/nottingham/ HTTP/1.1" 200 89445
94.154.239.69 - - [03/Feb/2025:01:21:01 +0100] "GET /ticket2/opencms/sv/login/?edid=78152FF4-AB9B-7692-C7C0-273AF3BC66BC HTTP/1.1" 200 89395
65.21.232.254 - - [03/Feb/2025:01:21:03 +0100] "GET /ticket2/opencms/en/login/?edid=8AD96918-4845-F025-BEBF-8271DEECF8F7 HTTP/1.1" 200 88040
192.99.3.137 - - [03/Feb/2025:01:21:04 +0100] "GET /ticket2/opencms/hu/buy/?page=1&edid=B22DFFFD-27DD-8BC9-9860-876B64180B5D HTTP/1.1" 200 109030
217.113.194.217 - - [03/Feb/2025:01:21:04 +0100] "GET /ticket2/opencms/sq/buy?page=1&edid=2F89DE74-66D3-F2EE-BBA0-20A3C149309A HTTP/1.1" 200 129926
85.208.96.207 - - [03/Feb/2025:01:21:05 +0100] "GET /ticket2/opencms/uk/kupuyte-bezpechno HTTP/1.1" 200 91269
54.36.149.17 - - [03/Feb/2025:01:21:06 +0100] "GET /ticket2/opencms/tr/buy?page=1&edid=9A8891BD-C3B9-2FD5-1633-7AEF0F073762 HTTP/1.1" 200 133702
52.167.144.193 - - [03/Feb/2025:01:21:07 +0100] "GET /ticket2/opencms/de/magazine/sv/sport/fotbollsbiljetter/premier_league/liverpool/ HTTP/1.1" 404 -
202.8.41.94 - - [03/Feb/2025:01:21:07 +0100] "GET /ticket2/opencms/system/modules/com.gridnine.opencms.ticketbrokerage.site/resources/css/ticketbrokerage.css HTTP/1.1" 200 39339
202.8.41.94 - - [03/Feb/2025:01:21:07 +0100] "GET /ticket2/opencms/system/modules/com.gridnine.opencms.ticketbrokerage.site/resources/css/jquery-ui.css HTTP/1.1" 200 33221
202.8.41.94 - - [03/Feb/2025:01:21:07 +0100] "GET /ticket2/opencms/system/modules/com.gridnine.opencms.ticketbrokerage.site/resources/css/standard.css HTTP/1.1" 200 73904
202.8.41.94 - - [03/Feb/2025:01:21:07 +0100] "GET /ticket2/opencms/system/modules/com.gridnine.opencms.ticketbrokerage.site/resources/css/jquery.fancybox.css HTTP/1.1" 200 4939
202.8.41.94 - - [03/Feb/2025:01:21:07 +0100] "GET /ticket2/opencms/system/modules/com.gridnine.opencms.ticketbrokerage.site/resources/css/calendar.css HTTP/1.1" 200 6871
202.8.41.94 - - [03/Feb/2025:01:21:07 +0100] "GET /ticket2/opencms/system/modules/com.gridnine.opencms.ticketbrokerage.site/resources/js/jquery/jquery.js HTTP/1.1" 200 93868
202.8.41.94 - - [03/Feb/2025:01:21:08 +0100] "GET /ticket2/opencms/system/modules/com.gridnine.opencms.ticketbrokerage.site/resources/js/functions.js HTTP/1.1" 200 1583
202.8.41.94 - - [03/Feb/2025:01:21:08 +0100] "GET /ticket2/opencms/system/modules/com.gridnine.opencms.ticketbrokerage.site/resources/js/jquery/jquery-ui.js HTTP/1.1" 200 228088
202.8.41.94 - - [03/Feb/2025:01:21:08 +0100] "GET /ticket2/opencms/system/modules/com.gridnine.opencms.ticketbrokerage.site/resources/js/calendar.js HTTP/1.1" 200 49229
202.8.41.94 - - [03/Feb/2025:01:21:08 +0100] "GET /ticket2/opencms/system/modules/com.gridnine.opencms.ticketbrokerage.site/resources/js/calendar-en.js HTTP/1.1" 200 3338
202.8.41.94 - - [03/Feb/2025:01:21:08 +0100] "GET /ticket2/opencms/system/modules/com.gridnine.opencms.ticketbrokerage.site/resources/js/calendar-setup.js HTTP/1.1" 200 4923
202.8.41.94 - - [03/Feb/2025:01:21:08 +0100] "GET /ticket2/opencms/system/modules/com.gridnine.opencms.ticketbrokerage.site/resources/js/jquery.fancybox.pack.js HTTP/1.1" 200 23187
202.8.41.94 - - [03/Feb/2025:01:21:08 +0100] "GET /ticket2/opencms/system/modules/com.gridnine.opencms.ticketbrokerage.site/resources/js/stickyfill.min.js HTTP/1.1" 200 5672
202.8.41.94 - - [03/Feb/2025:01:21:08 +0100] "GET /ticket2/opencms/system/modules/com.gridnine.opencms.ticketbrokerage.site/resources/js/standard.js HTTP/1.1" 200 3983
202.8.41.94 - - [03/Feb/2025:01:21:08 +0100] "GET /ticket2/opencms/system/modules/com.gridnine.opencms.ticketbrokerage.site/resources/js/jquery.placeholder.min.js HTTP/1.1" 200 1737
202.8.41.94 - - [03/Feb/2025:01:21:08 +0100] "GET /ticket2/opencms/system/modules/com.gridnine.opencms.ticketbrokerage.site/resources/js/common-ajax.js HTTP/1.1" 200 20175
202.8.41.94 - - [03/Feb/2025:01:21:08 +0100] "GET /ticket2/opencms/es/ask-form.html HTTP/1.1" 200 3156
202.8.41.94 - - [03/Feb/2025:01:21:08 +0100] "GET /ticket2/opencms/system/modules/com.gridnine.opencms.ticketbrokerage.site/resources/css/ticketbrokerage.css HTTP/1.1" 200 39339
65.21.232.254 - - [03/Feb/2025:01:21:08 +0100] "GET /ticket2/opencms/en/login/?edid=96B48FE4-6278-885E-44BD-046B8BD45A57 HTTP/1.1" 200 88040
94.154.239.69 - - [03/Feb/2025:01:21:08 +0100] "GET /ticket2/opencms/sv/login/?edid=78AF1C5E-F8EA-2E8D-DBE6-BF38D5E9E2D9 HTTP/1.1" 200 89395
192.99.3.137 - - [03/Feb/2025:01:21:08 +0100] "GET /ticket2/opencms/hu/buy/?page=1&edid=B26325D5-7C37-90D0-9866-C127BDE9586D HTTP/1.1" 200 106538
66.249.79.196 - - [03/Feb/2025:01:21:08 +0100] "GET /ticket2/opencms/be/buy/?page=1&edid=1E8CD446-2E9F-5A21-E2F4-251CB3C89182 HTTP/1.1" 200 108644
65.21.232.254 - - [03/Feb/2025:01:21:12 +0100] "GET /ticket2/opencms/en/login/?edid=97BBEAE3-84A6-961D-E0ED-041396994F7B HTTP/1.1" 200 88040
192.99.3.137 - - [03/Feb/2025:01:21:13 +0100] "GET /ticket2/opencms/hu/buy/?page=1&edid=B386D539-2AE4-5E25-8B69-DC3E34789331 HTTP/1.1" 200 109033
94.154.239.69 - - [03/Feb/2025:01:21:13 +0100] "GET /ticket2/opencms/sv/login/?edid=79716713-A068-E79D-953B-9FF4A2B80AAB HTTP/1.1" 200 89395
217.113.194.213 - - [03/Feb/2025:01:21:13 +0100] "GET /ticket2/opencms/sq/buy?page=1&edid=27182C30-0424-098E-A8DB-2AA3B88A1ABD HTTP/1.1" 200 132167
195.191.219.132 - - [03/Feb/2025:01:21:14 +0100] "GET /ticket2/opencms/robots.txt HTTP/1.1" 200 773
66.249.79.33 - - [03/Feb/2025:01:21:14 +0100] "GET /ticket2/opencms/sk/buy/?page=1&edid=66A41D1B-B106-948F-4ECF-7F8A993B5B86 HTTP/1.1" 200 106509
54.36.149.40 - - [03/Feb/2025:01:21:15 +0100] "GET /ticket2/opencms/hr/buy/?page=1&edid=CC748805-AA77-5D07-7352-96CD97D4F5AC HTTP/1.1" 200 135095
5.9.55.228 - - [03/Feb/2025:01:21:16 +0100] "GET /ticket2/opencms/fi/venue/?venueid=3EFA133C-9DC2-28D1-976C-FF89420A85DD HTTP/1.1" 200 84695
195.191.219.132 - - [03/Feb/2025:01:21:16 +0100] "GET /ticket2/opencms/ga/buy/?page=1&edid=B753AC58-8832-296F-1C07-92C9F45E2BCE HTTP/1.1" 200 106837
65.21.232.254 - - [03/Feb/2025:01:21:17 +0100] "GET /ticket2/opencms/en/login/?edid=983F1E93-C933-1496-A170-52B6E59EB310 HTTP/1.1" 200 88040
192.99.3.137 - - [03/Feb/2025:01:21:17 +0100] "GET /ticket2/opencms/hu/buy/?page=1&edid=B4EC420A-C31F-BB54-840D-5C41F8E7FC1C HTTP/1.1" 200 106536
195.191.219.132 - - [03/Feb/2025:01:21:18 +0100] "GET /ticket2/opencms/ga/buy/?page=1&edid=B7B5EA21-D0E1-5D4C-90B1-C2CC29A8B7DF HTTP/1.1" 200 116833
94.74.97.209 - - [03/Feb/2025:01:21:19 +0100] "GET /ticket2/opencms/pl/buy/?page=1&edid=5DF5959E-347E-CFDD-9795-612A7A3688BB HTTP/1.1" 200 106348
94.154.239.69 - - [03/Feb/2025:01:21:19 +0100] "GET /ticket2/opencms/sv/login/?edid=7A598B9C-F2D5-14CB-B337-B4B5F910E2F7 HTTP/1.1" 200 89395
195.191.219.132 - - [03/Feb/2025:01:21:20 +0100] "GET /ticket2/opencms/ga/buy/?page=1&edid=B7C31852-4938-05B8-A23C-0248E7A3D5BA HTTP/1.1" 200 111125
65.21.232.254 - - [03/Feb/2025:01:21:21 +0100] "GET /ticket2/opencms/en/login/?edid=9D1ED34F-C08D-4D7B-BF1E-E720A60E3898 HTTP/1.1" 200 88040
192.99.3.137 - - [03/Feb/2025:01:21:22 +0100] "GET /ticket2/opencms/hu/buy/?page=1&edid=B5480FEC-C7FC-18FB-0EEB-9717E2722B5A HTTP/1.1" 200 119420
217.113.194.221 - - [03/Feb/2025:01:21:22 +0100] "GET /ticket2/opencms/sq/buy?page=1&edid=2CD8CA33-0389-7027-E9F1-5773D8DCA145 HTTP/1.1" 200 111094
195.191.219.132 - - [03/Feb/2025:01:21:23 +0100] "GET /ticket2/opencms/ga/buy/?page=1&edid=B8A6965B-216E-27C8-9A3D-21241346030F HTTP/1.1" 200 112904
114.119.148.14 - - [03/Feb/2025:01:21:25 +0100] "GET /ticket2/opencms/en/venue/?venueid=41147811-3555-116B-80FF-96EECC95BFDA HTTP/1.1" 200 83279
65.21.232.254 - - [03/Feb/2025:01:21:25 +0100] "GET /ticket2/opencms/en/login/?edid=9D986399-10A2-0D59-246B-E08A259F01A0 HTTP/1.1" 200 88040
195.191.219.132 - - [03/Feb/2025:01:21:25 +0100] "GET /ticket2/opencms/ga/buy/?page=1&edid=B8EF6180-227A-800A-63E5-9809623FC791 HTTP/1.1" 200 125749
94.154.239.69 - - [03/Feb/2025:01:21:26 +0100] "GET /ticket2/opencms/sv/login/?edid=7AB34CAD-A4AA-AF21-0381-DCC4282D2AA3 HTTP/1.1" 200 89395
192.99.3.137 - - [03/Feb/2025:01:21:26 +0100] "GET /ticket2/opencms/hu/buy/?page=1&edid=B566C61B-5438-BBCE-B4D3-8DE9C2913E81 HTTP/1.1" 200 109603
195.191.219.132 - - [03/Feb/2025:01:21:27 +0100] "GET /ticket2/opencms/ga/buy/?page=1&edid=B938704A-C364-E3C3-6D83-C5254E1A3103 HTTP/1.1" 200 110801
54.36.148.45 - - [03/Feb/2025:01:21:28 +0100] "GET /ticket2/opencms/ga/buy/?page=1&edid=3289C097-2261-9433-8644-DF033A9EE354 HTTP/1.1" 200 139718
195.191.219.132 - - [03/Feb/2025:01:21:29 +0100] "GET /ticket2/opencms/ga/buy/?page=1&edid=B971CA22-B907-9DDA-615B-B7F75124D039 HTTP/1.1" 200 106842
65.21.232.254 - - [03/Feb/2025:01:21:29 +0100] "GET /ticket2/opencms/en/login/?edid=A0A75B5B-3D51-D743-BA1B-F39519FFC67E HTTP/1.1" 200 88040
192.99.3.137 - - [03/Feb/2025:01:21:30 +0100] "GET /ticket2/opencms/hu/buy/?page=1&edid=B5C73525-3464-86C0-6556-AF81CD6951F1 HTTP/1.1" 200 110121
94.154.239.69 - - [03/Feb/2025:01:21:31 +0100] "GET /ticket2/opencms/sv/login/?edid=7B357C96-D15A-7330-3CD7-9115EBD86CB2 HTTP/1.1" 200 89395
195.191.219.132 - - [03/Feb/2025:01:21:31 +0100] "GET /ticket2/opencms/ga/buy/?page=1&edid=B9A56D83-AD94-045F-A8C5-86B02F52A7C5 HTTP/1.1" 200 110555
217.113.194.213 - - [03/Feb/2025:01:21:32 +0100] "GET /ticket2/opencms/sq/buy?page=1&edid=2C2E9185-38A8-EBBD-403B-609372D69EE0 HTTP/1.1" 200 132122
85.208.96.209 - - [03/Feb/2025:01:21:33 +0100] "GET /ticket2/opencms/sv/sport/fotbollsbiljetter/english-championship/scunthorpe-united/ HTTP/1.1" 200 84571
195.191.219.132 - - [03/Feb/2025:01:21:33 +0100] "GET /ticket2/opencms/ga/buy/?page=1&edid=BA0F8DEE-5B47-CEE4-147B-0950F10B9786 HTTP/1.1" 200 110506
65.21.232.254 - - [03/Feb/2025:01:21:33 +0100] "GET /ticket2/opencms/en/login/?edid=B9856EBE-C08F-015A-E41C-F8DEF87D6643 HTTP/1.1" 200 88040
192.99.3.137 - - [03/Feb/2025:01:21:34 +0100] "GET /ticket2/opencms/hu/buy/?page=1&edid=B62F8ADF-FB26-8030-EC23-674FBF49AA39 HTTP/1.1" 200 106537
54.36.148.186 - - [03/Feb/2025:01:21:35 +0100] "GET /ticket2/opencms/be/buy/?page=1&edid=24655ACD-2857-6493-1E75-CE7F2FE875D2 HTTP/1.1" 200 122152
195.191.219.132 - - [03/Feb/2025:01:21:36 +0100] "GET /ticket2/opencms/ga/buy/?page=1&edid=BA7B077D-41E0-093C-1E58-FE5BDBAE9EE8 HTTP/1.1" 200 120156
85.208.96.194 - - [03/Feb/2025:01:21:36 +0100] "GET /ticket2/opencms/sv/magazine/article?title=bergvall-och-kulusevski-imponerar HTTP/1.1" 200 86801
65.21.232.254 - - [03/Feb/2025:01:21:38 +0100] "GET /ticket2/opencms/en/login/?edid=CF141FDE-B68D-3D6C-3452-11484731F326 HTTP/1.1" 200 88040
195.191.219.132 - - [03/Feb/2025:01:21:38 +0100] "GET /ticket2/opencms/ga/buy/?page=1&edid=BAABB633-B2E8-EF46-E62A-5B4F0947927C HTTP/1.1" 200 110590
94.154.239.69 - - [03/Feb/2025:01:21:38 +0100] "GET /ticket2/opencms/sv/login/?edid=7BAEEA3D-18C2-CB24-B052-7EDDE423375B HTTP/1.1" 200 89395
192.99.3.137 - - [03/Feb/2025:01:21:38 +0100] "GET /ticket2/opencms/hu/buy/?page=1&edid=B63A2D15-1363-3F7D-6FAD-9E0AE65FC077 HTTP/1.1" 200 108787
195.191.219.132 - - [03/Feb/2025:01:21:40 +0100] "GET /ticket2/opencms/ga/buy/?page=1&edid=BB2F3A74-7E9F-DB09-2C3F-D2D8CE32979C HTTP/1.1" 200 116578
217.113.194.215 - - [03/Feb/2025:01:21:41 +0100] "GET /ticket2/opencms/sq/buy?page=1&edid=3ED65AD6-1279-C02D-A742-75E583A6E3FA HTTP/1.1" 200 110270
65.21.232.254 - - [03/Feb/2025:01:21:42 +0100] "GET /ticket2/opencms/en/login/?edid=D06F539B-6C6E-B2BD-7ADD-88707F5FFDEE HTTP/1.1" 200 88040
195.191.219.132 - - [03/Feb/2025:01:21:43 +0100] "GET /ticket2/opencms/ga/buy/?page=1&edid=BB439D2C-76B4-AD0C-0FC4-79A0CD539AA0 HTTP/1.1" 200 132573
192.99.3.137 - - [03/Feb/2025:01:21:43 +0100] "GET /ticket2/opencms/hu/buy/?page=1&edid=B64E0F34-8F38-7972-6429-A3CAB0BC032F HTTP/1.1" 200 110181
47.128.35.62 - - [03/Feb/2025:01:21:43 +0100] "GET /ticket2/opencms/ka/buy?edid=BA0F8DEE-5B47-CEE4-147B-0950F10B9786 HTTP/1.1" 200 91067
54.36.149.26 - - [03/Feb/2025:01:21:43 +0100] "GET /ticket2/opencms/be/buy/?page=1&edid=BFAFDC2C-908C-DD1E-38F3-2E405A281188 HTTP/1.1" 200 112170
94.154.239.69 - - [03/Feb/2025:01:21:44 +0100] "GET /ticket2/opencms/sv/login/?edid=7C194BAF-9FF0-6E1C-8CF4-2340665F2A6E HTTP/1.1" 200 89395
195.191.219.132 - - [03/Feb/2025:01:21:45 +0100] "GET /ticket2/opencms/ga/buy/?page=1&edid=BBB940B6-8B69-6BE4-C45F-7EE004DD79A8 HTTP/1.1" 200 110528
114.119.141.206 - - [03/Feb/2025:01:21:46 +0100] "GET /ticket2/opencms/en/venue/?venueid=99F349EB-97D3-4327-F972-D173DD5F2DAA HTTP/1.1" 200 83201
65.21.232.254 - - [03/Feb/2025:01:21:46 +0100] "GET /ticket2/opencms/en/login/?edid=D0B2E736-5E41-5000-10C5-7A1D185646F4 HTTP/1.1" 200 88040
195.191.219.132 - - [03/Feb/2025:01:21:47 +0100] "GET /ticket2/opencms/ga/buy/?page=1&edid=BBD878B9-BE73-D542-F1BC-32A8FBDE1770 HTTP/1.1" 200 106850
40.77.167.243 - - [03/Feb/2025:01:21:47 +0100] "GET /ticket2/opencms/nl/buy/?page=1&edid=55B71E74-70BF-BDCB-5C46-16288AA0B61A HTTP/1.1" 200 104164
192.99.3.137 - - [03/Feb/2025:01:21:47 +0100] "GET /ticket2/opencms/hu/buy/?page=1&edid=B6B8349F-A5AA-C742-11D5-2D7AB719C807 HTTP/1.1" 200 109303
66.249.79.33 - - [03/Feb/2025:01:21:48 +0100] "GET /ticket2/opencms/is/buy/?page=1&edid=D82A55E9-700E-0A50-F575-755C8E3E7147 HTTP/1.1" 200 109001
195.191.219.132 - - [03/Feb/2025:01:21:49 +0100] "GET /ticket2/opencms/ga/buy/?page=1&edid=BBDCBF15-1B06-DD9F-49B6-3829D3B56DBC HTTP/1.1" 200 109158
94.154.239.69 - - [03/Feb/2025:01:21:49 +0100] "GET /ticket2/opencms/sv/login/?edid=7C4137B7-7BEA-6AEA-3744-9326C854C47E HTTP/1.1" 200 89395
217.113.194.219 - - [03/Feb/2025:01:21:49 +0100] "GET /ticket2/opencms/sq/buy?page=1&edid=1EABC656-E68C-EB7E-CEB8-306B039FCA53 HTTP/1.1" 200 110302
65.21.232.254 - - [03/Feb/2025:01:21:50 +0100] "GET /ticket2/opencms/en/login/?edid=D1C32852-40D6-B52C-0891-6D86D646E29B HTTP/1.1" 200 88040
54.36.148.52 - - [03/Feb/2025:01:21:50 +0100] "GET /ticket2/opencms/dk/buy?page=1&edid=7A0C4CE7-DF50-29C3-D447-032204091A27 HTTP/1.1" 200 105140
195.191.219.132 - - [03/Feb/2025:01:21:51 +0100] "GET /ticket2/opencms/ga/buy/?page=1&edid=BBF51855-649C-7AAC-A9CD-362F8BD9BD25 HTTP/1.1" 200 119785
192.99.3.137 - - [03/Feb/2025:01:21:51 +0100] "GET /ticket2/opencms/hu/buy/?page=1&edid=B706C05D-BD6B-FE19-B612-CFC9E579BDC9 HTTP/1.1" 200 110176
202.8.41.118 - - [03/Feb/2025:01:21:51 +0100] "GET /ticket2/opencms/system/modules/com.gridnine.opencms.ticketbrokerage.site/resources/css/calendar.css HTTP/1.1" 200 6871
202.8.41.118 - - [03/Feb/2025:01:21:51 +0100] "GET /ticket2/opencms/system/modules/com.gridnine.opencms.ticketbrokerage.site/resources/css/jquery-ui.css HTTP/1.1" 200 33221
202.8.41.118 - - [03/Feb/2025:01:21:51 +0100] "GET /ticket2/opencms/system/modules/com.gridnine.opencms.ticketbrokerage.site/resources/css/standard.css HTTP/1.1" 200 73904
202.8.41.118 - - [03/Feb/2025:01:21:51 +0100] "GET /ticket2/opencms/system/modules/com.gridnine.opencms.ticketbrokerage.site/resources/css/ticketbrokerage.css HTTP/1.1" 200 39339
202.8.41.118 - - [03/Feb/2025:01:21:51 +0100] "GET /ticket2/opencms/system/modules/com.gridnine.opencms.ticketbrokerage.site/resources/css/jquery.fancybox.css HTTP/1.1" 200 4939
202.8.41.118 - - [03/Feb/2025:01:21:51 +0100] "GET /ticket2/opencms/system/modules/com.gridnine.opencms.ticketbrokerage.site/resources/js/jquery/jquery.js HTTP/1.1" 200 93868
202.8.41.118 - - [03/Feb/2025:01:21:51 +0100] "GET /ticket2/opencms/system/modules/com.gridnine.opencms.ticketbrokerage.site/resources/js/jquery/jquery-ui.js HTTP/1.1" 200 228088
202.8.41.118 - - [03/Feb/2025:01:21:51 +0100] "GET /ticket2/opencms/system/modules/com.gridnine.opencms.ticketbrokerage.site/resources/js/functions.js HTTP/1.1" 200 1583
202.8.41.118 - - [03/Feb/2025:01:21:51 +0100] "GET /ticket2/opencms/system/modules/com.gridnine.opencms.ticketbrokerage.site/resources/js/calendar.js HTTP/1.1" 200 49229
202.8.41.118 - - [03/Feb/2025:01:21:51 +0100] "GET /ticket2/opencms/system/modules/com.gridnine.opencms.ticketbrokerage.site/resources/js/calendar-en.js HTTP/1.1" 200 3338
202.8.41.118 - - [03/Feb/2025:01:21:51 +0100] "GET /ticket2/opencms/system/modules/com.gridnine.opencms.ticketbrokerage.site/resources/js/calendar-setup.js HTTP/1.1" 200 4923
202.8.41.118 - - [03/Feb/2025:01:21:52 +0100] "GET /ticket2/opencms/system/modules/com.gridnine.opencms.ticketbrokerage.site/resources/js/jquery.fancybox.pack.js HTTP/1.1" 200 23187
202.8.41.118 - - [03/Feb/2025:01:21:52 +0100] "GET /ticket2/opencms/system/modules/com.gridnine.opencms.ticketbrokerage.site/resources/js/stickyfill.min.js HTTP/1.1" 200 5672
202.8.41.118 - - [03/Feb/2025:01:21:52 +0100] "GET /ticket2/opencms/system/modules/com.gridnine.opencms.ticketbrokerage.site/resources/js/standard.js HTTP/1.1" 200 3983
202.8.41.118 - - [03/Feb/2025:01:21:52 +0100] "GET /ticket2/opencms/system/modules/com.gridnine.opencms.ticketbrokerage.site/resources/js/jquery.placeholder.min.js HTTP/1.1" 200 1737
202.8.41.118 - - [03/Feb/2025:01:21:52 +0100] "GET /ticket2/opencms/system/modules/com.gridnine.opencms.ticketbrokerage.site/resources/js/common-ajax.js HTTP/1.1" 200 20175
202.8.41.118 - - [03/Feb/2025:01:21:52 +0100] "GET /ticket2/opencms/dk/ask-form.html HTTP/1.1" 200 2971
202.8.41.118 - - [03/Feb/2025:01:21:52 +0100] "GET /ticket2/opencms/system/modules/com.gridnine.opencms.ticketbrokerage.site/resources/css/ticketbrokerage.css HTTP/1.1" 200 39339
195.191.219.132 - - [03/Feb/2025:01:21:53 +0100] "GET /ticket2/opencms/ga/buy/?page=1&edid=BC022DAB-4498-A423-1B89-9E0C767B974D HTTP/1.1" 200 106837
65.21.232.254 - - [03/Feb/2025:01:21:54 +0100] "GET /ticket2/opencms/en/login/?edid=EF42A87E-E5D5-7576-1FD1-59769AFE41A0 HTTP/1.1" 200 88040
94.154.239.69 - - [03/Feb/2025:01:21:55 +0100] "GET /ticket2/opencms/sv/login/?edid=7CAFAFC0-24E6-FEED-327F-0B9B876C4B81 HTTP/1.1" 200 89395
192.99.3.137 - - [03/Feb/2025:01:21:55 +0100] "GET /ticket2/opencms/hu/buy/?page=1&edid=B753AC58-8832-296F-1C07-92C9F45E2BCE HTTP/1.1" 200 106487
66.249.76.5 - - [03/Feb/2025:01:21:56 +0100] "GET /ticket2/opencms/sl/buy/?page=1&edid=0C1979DA-50CA-ECE7-2406-93F50E7E04D2 HTTP/1.1" 200 106452
195.191.219.132 - - [03/Feb/2025:01:21:56 +0100] "GET /ticket2/opencms/ga/buy/?page=1&edid=BC5D7CD2-EB5B-8786-D71A-5AE6232D27A7 HTTP/1.1" 200 116828
5.9.55.228 - - [03/Feb/2025:01:21:57 +0100] "GET /ticket2/opencms/fi/venue/?venueid=3F352629-D603-9A9F-41C0-31A82023F3CF HTTP/1.1" 200 84716
66.249.79.33 - - [03/Feb/2025:01:21:57 +0100] "GET /ticket2/opencms/ro/buy/?page=1&edid=BBDCBF15-1B06-DD9F-49B6-3829D3B56DBC HTTP/1.1" 200 108926
65.21.232.254 - - [03/Feb/2025:01:21:57 +0100] "GET /ticket2/opencms/en/login/?edid=F503AB1D-5285-4EFD-342F-0CC2D9705E49 HTTP/1.1" 200 88040
195.191.219.132 - - [03/Feb/2025:01:21:58 +0100] "GET /ticket2/opencms/ga/buy/?page=1&edid=BC781D5C-058D-8CA8-2F4E-240C11D0769A HTTP/1.1" 200 116640
66.249.79.172 - - [03/Feb/2025:01:21:59 +0100] "GET /ticket2/opencms/sl/ask-form.html HTTP/1.1" 200 3156
217.113.194.215 - - [03/Feb/2025:01:21:59 +0100] "GET /ticket2/opencms/sq/buy?page=1&edid=150C2B47-38EB-0C0E-C664-5F863E9426DB HTTP/1.1" 200 133421
94.154.239.69 - - [03/Feb/2025:01:21:59 +0100] "GET /ticket2/opencms/sv/login/?edid=7D165939-BF98-0026-A2D4-02E534C6E447 HTTP/1.1" 200 89395
192.99.3.137 - - [03/Feb/2025:01:22:00 +0100] "GET /ticket2/opencms/hu/buy/?page=1&edid=BC5D7CD2-EB5B-8786-D71A-5AE6232D27A7 HTTP/1.1" 200 116462
195.191.219.132 - - [03/Feb/2025:01:22:00 +0100] "GET /ticket2/opencms/ga/buy/?page=1&edid=BCB4C6BC-01F1-9B82-B9A0-788195DE1926 HTTP/1.1" 200 118815
54.36.148.211 - - [03/Feb/2025:01:22:01 +0100] "GET /ticket2/opencms/sr/buy?page=1&edid=EFAD6268-83FA-7979-AAB3-785B7208F10D HTTP/1.1" 200 106984
65.21.232.254 - - [03/Feb/2025:01:22:02 +0100] "GET /ticket2/opencms/fi/login/?edid=0EB27556-5C22-4E8E-4348-298BAC0182DE HTTP/1.1" 200 89676
195.191.219.132 - - [03/Feb/2025:01:22:02 +0100] "GET /ticket2/opencms/ga/buy/?page=1&edid=BD28444D-8483-F179-3965-1E8A674294B4 HTTP/1.1" 200 123333
202.8.41.59 - - [03/Feb/2025:01:22:02 +0100] "GET /ticket2/opencms/system/modules/com.gridnine.opencms.ticketbrokerage.site/resources/css/jquery-ui.css HTTP/1.1" 200 33221
202.8.41.59 - - [03/Feb/2025:01:22:02 +0100] "GET /ticket2/opencms/system/modules/com.gridnine.opencms.ticketbrokerage.site/resources/css/calendar.css HTTP/1.1" 200 6871
202.8.41.59 - - [03/Feb/2025:01:22:02 +0100] "GET /ticket2/opencms/system/modules/com.gridnine.opencms.ticketbrokerage.site/resources/css/ticketbrokerage.css HTTP/1.1" 200 39339
202.8.41.59 - - [03/Feb/2025:01:22:02 +0100] "GET /ticket2/opencms/system/modules/com.gridnine.opencms.ticketbrokerage.site/resources/css/standard.css HTTP/1.1" 200 73904
202.8.41.59 - - [03/Feb/2025:01:22:02 +0100] "GET /ticket2/opencms/system/modules/com.gridnine.opencms.ticketbrokerage.site/resources/css/jquery.fancybox.css HTTP/1.1" 200 4939
202.8.41.59 - - [03/Feb/2025:01:22:02 +0100] "GET /ticket2/opencms/system/modules/com.gridnine.opencms.ticketbrokerage.site/resources/js/jquery/jquery.js HTTP/1.1" 200 93868
202.8.41.59 - - [03/Feb/2025:01:22:02 +0100] "GET /ticket2/opencms/system/modules/com.gridnine.opencms.ticketbrokerage.site/resources/js/jquery/jquery-ui.js HTTP/1.1" 200 228088
202.8.41.59 - - [03/Feb/2025:01:22:02 +0100] "GET /ticket2/opencms/system/modules/com.gridnine.opencms.ticketbrokerage.site/resources/js/calendar.js HTTP/1.1" 200 49229
202.8.41.59 - - [03/Feb/2025:01:22:02 +0100] "GET /ticket2/opencms/system/modules/com.gridnine.opencms.ticketbrokerage.site/resources/js/jquery.fancybox.pack.js HTTP/1.1" 200 23187
202.8.41.59 - - [03/Feb/2025:01:22:02 +0100] "GET /ticket2/opencms/system/modules/com.gridnine.opencms.ticketbrokerage.site/resources/js/calendar-setup.js HTTP/1.1" 200 4923
202.8.41.59 - - [03/Feb/2025:01:22:02 +0100] "GET /ticket2/opencms/system/modules/com.gridnine.opencms.ticketbrokerage.site/resources/js/calendar-en.js HTTP/1.1" 200 3338
202.8.41.59 - - [03/Feb/2025:01:22:02 +0100] "GET /ticket2/opencms/system/modules/com.gridnine.opencms.ticketbrokerage.site/resources/js/stickyfill.min.js HTTP/1.1" 200 5672
202.8.41.59 - - [03/Feb/2025:01:22:02 +0100] "GET /ticket2/opencms/system/modules/com.gridnine.opencms.ticketbrokerage.site/resources/js/standard.js HTTP/1.1" 200 3983
202.8.41.59 - - [03/Feb/2025:01:22:02 +0100] "GET /ticket2/opencms/system/modules/com.gridnine.opencms.ticketbrokerage.site/resources/js/functions.js HTTP/1.1" 200 1583
202.8.41.59 - - [03/Feb/2025:01:22:03 +0100] "GET /ticket2/opencms/system/modules/com.gridnine.opencms.ticketbrokerage.site/resources/js/jquery.placeholder.min.js HTTP/1.1" 200 1737
202.8.41.59 - - [03/Feb/2025:01:22:03 +0100] "GET /ticket2/opencms/system/modules/com.gridnine.opencms.ticketbrokerage.site/resources/js/common-ajax.js HTTP/1.1" 200 20175
202.8.41.59 - - [03/Feb/2025:01:22:03 +0100] "GET /ticket2/opencms/sr/ask-form.html HTTP/1.1" 200 3156
202.8.41.59 - - [03/Feb/2025:01:22:03 +0100] "GET /ticket2/opencms/system/modules/com.gridnine.opencms.ticketbrokerage.site/resources/css/ticketbrokerage.css HTTP/1.1" 200 39339
192.99.3.137 - - [03/Feb/2025:01:22:04 +0100] "GET /ticket2/opencms/hu/buy/?page=1&edid=BCB4C6BC-01F1-9B82-B9A0-788195DE1926 HTTP/1.1" 200 118451
94.154.239.69 - - [03/Feb/2025:01:22:04 +0100] "GET /ticket2/opencms/sv/login/?edid=7D62C8D6-8DC2-0BAA-B7B9-AB09CD79241A HTTP/1.1" 200 89395
195.191.219.132 - - [03/Feb/2025:01:22:04 +0100] "GET /ticket2/opencms/ga/buy/?page=1&edid=BD48505E-E559-55E9-6DFD-077C302A0A13 HTTP/1.1" 200 127453
85.208.96.201 - - [03/Feb/2025:01:22:05 +0100] "GET /ticket2/opencms/bs/magazine/article?title=liverpool-tottenham HTTP/1.1" 200 86915
65.21.232.254 - - [03/Feb/2025:01:22:05 +0100] "GET /ticket2/opencms/fi/login/?edid=21CACDC7-0438-FD22-526F-6D42C4B91AF7 HTTP/1.1" 200 89676
49.0.205.13 - - [03/Feb/2025:01:22:05 +0100] "GET /ticket2/opencms/pl/?comcatid=A17713B6-D984-201A-4143-ED4DB5ED5C2E&catid=A7674DEA-B39E-502C-2F76-760AE08947E9 HTTP/1.1" 200 104350
66.249.79.33 - - [03/Feb/2025:01:22:06 +0100] "GET /ticket2/opencms/el/buy/?page=1&edid=5CC4C245-B3B0-1B51-B1DB-D9E8D9C1C476 HTTP/1.1" 200 126349
195.191.219.132 - - [03/Feb/2025:01:22:06 +0100] "GET /ticket2/opencms/ga/buy/?page=1&edid=BD5ED709-E550-ECCC-FE1D-2E85747011DF HTTP/1.1" 200 117419
217.113.194.212 - - [03/Feb/2025:01:22:08 +0100] "GET /ticket2/opencms/sq/buy?page=1&edid=1C4D0063-1C0C-2AAD-17F9-0EF25E36554C HTTP/1.1" 200 110297
54.36.148.231 - - [03/Feb/2025:01:22:08 +0100] "GET /ticket2/opencms/sr/buy?page=1&edid=F25FBBE3-B880-5730-A316-AE0E479B4D0A HTTP/1.1" 200 107041
66.249.68.37 - - [03/Feb/2025:01:22:08 +0100] "GET /ticket2/opencms/mt/buy/?page=1&edid=2B9FDAA5-4F91-9556-CB1B-77F0011A2F02 HTTP/1.1" 200 134374
85.208.96.201 - - [03/Feb/2025:01:22:08 +0100] "GET /ticket2/opencms/el/athlitismos/eisitiria-podosfairou/english-championship/sheffield-wednesday/ HTTP/1.1" 200 99239
192.99.3.137 - - [03/Feb/2025:01:22:08 +0100] "GET /ticket2/opencms/hu/buy/?page=1&edid=BD28444D-8483-F179-3965-1E8A674294B4 HTTP/1.1" 200 122975
195.191.219.132 - - [03/Feb/2025:01:22:09 +0100] "GET /ticket2/opencms/ga/buy/?page=1&edid=BD719054-11F0-C21F-E1D7-4BD8F12BE51A HTTP/1.1" 200 117418
65.21.232.254 - - [03/Feb/2025:01:22:09 +0100] "GET /ticket2/opencms/fi/login/?edid=65E16DAE-FB3A-0D73-DEF4-C746943F02B1 HTTP/1.1" 200 89676
66.249.76.41 - - [03/Feb/2025:01:22:09 +0100] "GET /ticket2/opencms/fi/urheilu/jalkapallo/la-liga/atletico_madrid/ HTTP/1.1" 200 91757
94.154.239.69 - - [03/Feb/2025:01:22:10 +0100] "GET /ticket2/opencms/sv/login/?edid=7E6B20C5-BD2D-407F-42B7-8CC29EE36D66 HTTP/1.1" 200 89395
195.191.219.132 - - [03/Feb/2025:01:22:11 +0100] "GET /ticket2/opencms/ga/buy/?page=1&edid=BDF141E0-5E55-1E49-4955-1BD69DA544CA HTTP/1.1" 200 109807
192.99.3.137 - - [03/Feb/2025:01:22:13 +0100] "GET /ticket2/opencms/hu/buy/?page=1&edid=BD48505E-E559-55E9-6DFD-077C302A0A13 HTTP/1.1" 200 127099
195.191.219.132 - - [03/Feb/2025:01:22:13 +0100] "GET /ticket2/opencms/ga/buy/?page=1&edid=BE18676F-AB94-E65E-A849-408190E75353 HTTP/1.1" 200 116573
65.21.232.254 - - [03/Feb/2025:01:22:13 +0100] "GET /ticket2/opencms/fi/login/?edid=6ABA4765-C049-91AE-C20A-276AC18EED3D HTTP/1.1" 200 89676
195.191.219.132 - - [03/Feb/2025:01:22:15 +0100] "GET /ticket2/opencms/ga/buy/?page=1&edid=BE86B5EF-5564-EB49-7409-BA54955A78A8 HTTP/1.1" 200 110518
94.154.239.69 - - [03/Feb/2025:01:22:16 +0100] "GET /ticket2/opencms/sv/login/?edid=7F799A34-A2BE-D291-CE84-29C608B78F94 HTTP/1.1" 200 89395
217.113.194.220 - - [03/Feb/2025:01:22:16 +0100] "GET /ticket2/opencms/sq/buy?page=1&edid=1BEC7504-48E0-6109-FCFB-303DC2BEB510 HTTP/1.1" 200 110304
54.36.148.120 - - [03/Feb/2025:01:22:16 +0100] "GET /ticket2/opencms/pl/buy?page=1&edid=7A0C4CE7-DF50-29C3-D447-032204091A27 HTTP/1.1" 200 106356
195.191.219.132 - - [03/Feb/2025:01:22:17 +0100] "GET /ticket2/opencms/ga/buy/?page=1&edid=BE9538C3-9C42-28A4-854A-5FADE060382A HTTP/1.1" 200 109182
192.99.3.137 - - [03/Feb/2025:01:22:17 +0100] "GET /ticket2/opencms/hu/buy/?page=1&edid=BD5ED709-E550-ECCC-FE1D-2E85747011DF HTTP/1.1" 200 117053
65.21.232.254 - - [03/Feb/2025:01:22:17 +0100] "GET /ticket2/opencms/fi/login/?edid=6AC71D0E-ACE1-2E54-B5F7-7CE9303FBB11 HTTP/1.1" 200 89676
202.8.41.49 - - [03/Feb/2025:01:22:17 +0100] "GET /ticket2/opencms/system/modules/com.gridnine.opencms.ticketbrokerage.site/resources/css/jquery-ui.css HTTP/1.1" 200 33221
202.8.41.49 - - [03/Feb/2025:01:22:17 +0100] "GET /ticket2/opencms/system/modules/com.gridnine.opencms.ticketbrokerage.site/resources/css/ticketbrokerage.css HTTP/1.1" 200 39339
