5.9.55.228 - - [03/Feb/2025:01:26:26 +0100] "GET /ticket2/opencms/fi/venue/?venueid=41B62F3E-7DE4-EA7C-9C65-EF5D363871DC HTTP/1.1" 200 84681
65.21.232.254 - - [03/Feb/2025:01:26:27 +0100] "GET /ticket2/opencms/fi/login/?edid=D4257B4D-221F-23FE-F1F6-6C524759B22C HTTP/1.1" 200 89676
94.154.239.69 - - [03/Feb/2025:01:26:29 +0100] "GET /ticket2/opencms/sv/login/?edid=ACF80E90-C5E3-0DC5-AF38-5E09EB10521E HTTP/1.1" 200 89395
135.181.180.59 - - [03/Feb/2025:01:26:29 +0100] "GET /ticket2/opencms/sv/buy/?page=1&edid=39EC317C-A758-08A2-FD64-377524F36C54 HTTP/1.1" 200 109860
54.36.149.40 - - [03/Feb/2025:01:26:30 +0100] "GET /ticket2/opencms/sk/buy?page=1&edid=9A8891BD-C3B9-2FD5-1633-7AEF0F073762 HTTP/1.1" 200 133522
192.99.3.137 - - [03/Feb/2025:01:26:30 +0100] "GET /ticket2/opencms/hu/buy/?page=1&edid=DC067A0C-CE36-3D9C-899A-867F582FFC90 HTTP/1.1" 200 132187
65.21.232.254 - - [03/Feb/2025:01:26:30 +0100] "GET /ticket2/opencms/fi/login/?edid=D4D8D33D-C874-8F3F-7C90-91B543531027 HTTP/1.1" 200 89676
202.8.43.157 - - [03/Feb/2025:01:26:31 +0100] "GET /ticket2/opencms/system/modules/com.gridnine.opencms.ticketbrokerage.site/resources/css/jquery-ui.css HTTP/1.1" 200 33221
202.8.43.157 - - [03/Feb/2025:01:26:31 +0100] "GET /ticket2/opencms/system/modules/com.gridnine.opencms.ticketbrokerage.site/resources/css/ticketbrokerage.css HTTP/1.1" 200 39339
202.8.43.157 - - [03/Feb/2025:01:26:31 +0100] "GET /ticket2/opencms/system/modules/com.gridnine.opencms.ticketbrokerage.site/resources/css/standard.css HTTP/1.1" 200 73904
202.8.43.157 - - [03/Feb/2025:01:26:31 +0100] "GET /ticket2/opencms/system/modules/com.gridnine.opencms.ticketbrokerage.site/resources/css/jquery.fancybox.css HTTP/1.1" 200 4939
202.8.43.157 - - [03/Feb/2025:01:26:31 +0100] "GET /ticket2/opencms/system/modules/com.gridnine.opencms.ticketbrokerage.site/resources/css/calendar.css HTTP/1.1" 200 6871
202.8.43.157 - - [03/Feb/2025:01:26:31 +0100] "GET /ticket2/opencms/system/modules/com.gridnine.opencms.ticketbrokerage.site/resources/js/jquery/jquery.js HTTP/1.1" 200 93868
202.8.43.157 - - [03/Feb/2025:01:26:31 +0100] "GET /ticket2/opencms/system/modules/com.gridnine.opencms.ticketbrokerage.site/resources/js/jquery/jquery-ui.js HTTP/1.1" 200 228088
202.8.43.157 - - [03/Feb/2025:01:26:31 +0100] "GET /ticket2/opencms/system/modules/com.gridnine.opencms.ticketbrokerage.site/resources/js/functions.js HTTP/1.1" 200 1583
202.8.43.157 - - [03/Feb/2025:01:26:31 +0100] "GET /ticket2/opencms/system/modules/com.gridnine.opencms.ticketbrokerage.site/resources/js/calendar.js HTTP/1.1" 200 49229
202.8.43.157 - - [03/Feb/2025:01:26:31 +0100] "GET /ticket2/opencms/system/modules/com.gridnine.opencms.ticketbrokerage.site/resources/js/calendar-en.js HTTP/1.1" 200 3338
202.8.43.157 - - [03/Feb/2025:01:26:31 +0100] "GET /ticket2/opencms/system/modules/com.gridnine.opencms.ticketbrokerage.site/resources/js/calendar-setup.js HTTP/1.1" 200 4923
202.8.43.157 - - [03/Feb/2025:01:26:31 +0100] "GET /ticket2/opencms/system/modules/com.gridnine.opencms.ticketbrokerage.site/resources/js/jquery.fancybox.pack.js HTTP/1.1" 200 23187
202.8.43.157 - - [03/Feb/2025:01:26:31 +0100] "GET /ticket2/opencms/system/modules/com.gridnine.opencms.ticketbrokerage.site/resources/js/stickyfill.min.js HTTP/1.1" 200 5672
202.8.43.157 - - [03/Feb/2025:01:26:31 +0100] "GET /ticket2/opencms/system/modules/com.gridnine.opencms.ticketbrokerage.site/resources/js/standard.js HTTP/1.1" 200 3983
202.8.43.157 - - [03/Feb/2025:01:26:31 +0100] "GET /ticket2/opencms/system/modules/com.gridnine.opencms.ticketbrokerage.site/resources/js/jquery.placeholder.min.js HTTP/1.1" 200 1737
202.8.43.157 - - [03/Feb/2025:01:26:32 +0100] "GET /ticket2/opencms/system/modules/com.gridnine.opencms.ticketbrokerage.site/resources/js/common-ajax.js HTTP/1.1" 200 20175
202.8.43.157 - - [03/Feb/2025:01:26:32 +0100] "GET /ticket2/opencms/sk/ask-form.html HTTP/1.1" 200 3156
202.8.43.157 - - [03/Feb/2025:01:26:32 +0100] "GET /ticket2/opencms/system/modules/com.gridnine.opencms.ticketbrokerage.site/resources/css/ticketbrokerage.css HTTP/1.1" 200 39339
94.154.239.69 - - [03/Feb/2025:01:26:33 +0100] "GET /ticket2/opencms/sv/login/?edid=ACFE5269-826A-FF79-28D4-8876A969800F HTTP/1.1" 200 89395
66.249.76.170 - - [03/Feb/2025:01:26:33 +0100] "GET /ticket2/opencms/mt/buy/?page=1&edid=4981A465-C3DA-791B-A6A5-9D4DAB1B5DA0 HTTP/1.1" 200 110681
135.181.180.59 - - [03/Feb/2025:01:26:33 +0100] "GET /ticket2/opencms/sv/buy/?page=1&edid=3A0CF5B2-91E7-D746-AACF-C2240A7CE5B4 HTTP/1.1" 200 109183
217.113.194.216 - - [03/Feb/2025:01:26:33 +0100] "GET /ticket2/opencms/sq/buy?page=1&edid=6B023766-ECB3-24CC-F992-263AD5C5EB2E HTTP/1.1" 200 110280
65.21.232.254 - - [03/Feb/2025:01:26:34 +0100] "GET /ticket2/opencms/fi/login/?edid=D5D92891-B389-AB4D-D0C3-85E1E758B18E HTTP/1.1" 200 89676
192.99.3.137 - - [03/Feb/2025:01:26:36 +0100] "GET /ticket2/opencms/hu/buy/?page=1&edid=DC4F64BB-84C6-452C-2BFD-138DC45E79DD HTTP/1.1" 200 132080
124.243.181.86 - - [03/Feb/2025:01:26:37 +0100] "GET /ticket2/opencms/pl/?comcatid=A17713B6-D984-201A-4143-ED4DB5ED5C2E&catid=7BADFFFB-57C5-5DBC-E7EB-B45075B3D8F9 HTTP/1.1" 200 104350
54.36.148.223 - - [03/Feb/2025:01:26:37 +0100] "GET /ticket2/opencms/lv/login HTTP/1.1" 200 89651
135.181.180.59 - - [03/Feb/2025:01:26:37 +0100] "GET /ticket2/opencms/sv/buy/?page=1&edid=3AAD2194-7D27-1E14-1F37-DA3A90110F57 HTTP/1.1" 200 105947
94.154.239.69 - - [03/Feb/2025:01:26:38 +0100] "GET /ticket2/opencms/sv/login/?edid=ADD1F57C-36B4-39D2-9578-BA2614FAFC35 HTTP/1.1" 200 89395
66.249.68.37 - - [03/Feb/2025:01:26:38 +0100] "GET /ticket2/opencms/system/modules/com.gridnine.opencms.ticketbrokerage.site/resources/js/calendar.js HTTP/1.1" 200 49229
65.21.232.254 - - [03/Feb/2025:01:26:38 +0100] "GET /ticket2/opencms/fi/login/?edid=D5ECBB60-B9DE-C9C5-5B4C-845CEC40C77F HTTP/1.1" 200 89676
66.249.79.33 - - [03/Feb/2025:01:26:39 +0100] "GET /ticket2/opencms/hu/buy/?page=1&edid=E0DA4C4E-70A8-AB6F-171E-3FF387E35F29 HTTP/1.1" 200 110217
135.181.180.59 - - [03/Feb/2025:01:26:41 +0100] "GET /ticket2/opencms/sv/buy/?page=1&edid=3ABCD2CC-EEE0-163E-8DDC-DF6EBD676ECA HTTP/1.1" 200 105971
94.154.239.69 - - [03/Feb/2025:01:26:42 +0100] "GET /ticket2/opencms/sv/login/?edid=AE716F73-508D-DEB7-E6E2-5D76473CBEAD HTTP/1.1" 200 89395
65.21.232.254 - - [03/Feb/2025:01:26:42 +0100] "GET /ticket2/opencms/fi/login/?edid=D671AA4B-F4FE-4377-0CEE-00CC26515A20 HTTP/1.1" 200 89676
217.113.194.219 - - [03/Feb/2025:01:26:42 +0100] "GET /ticket2/opencms/sq/buy?page=1&edid=6F957320-7F2D-3595-C3EF-63F4A1290CC1 HTTP/1.1" 200 106589
192.99.3.137 - - [03/Feb/2025:01:26:43 +0100] "GET /ticket2/opencms/hu/buy/?page=1&edid=DC5232F6-E30F-C6CC-913E-17E1EC37D999 HTTP/1.1" 200 106503
135.181.180.59 - - [03/Feb/2025:01:26:44 +0100] "GET /ticket2/opencms/sv/buy/?page=1&edid=3AC97E7E-AB64-429B-0C32-1ED0C30F900D HTTP/1.1" 200 105966
114.119.130.23 - - [03/Feb/2025:01:26:46 +0100] "GET /ticket2/opencms/en/venue/?venueid=46A76095-C8CC-46CE-5C46-97C8D40D2C4B HTTP/1.1" 200 83291
54.36.149.102 - - [03/Feb/2025:01:26:46 +0100] "GET /ticket2/opencms/it/buy?page=1&edid=D45BCB35-EE91-062B-5384-4218890EBB45 HTTP/1.1" 200 129523
65.21.232.254 - - [03/Feb/2025:01:26:46 +0100] "GET /ticket2/opencms/fi/login/?edid=D6B51F92-7F42-35FF-B701-6773C358DBC4 HTTP/1.1" 200 89676
94.154.239.69 - - [03/Feb/2025:01:26:46 +0100] "GET /ticket2/opencms/sv/login/?edid=AE760495-8F0D-E66F-09B5-DE27D51C8B7F HTTP/1.1" 200 89395
192.99.3.137 - - [03/Feb/2025:01:26:47 +0100] "GET /ticket2/opencms/hu/buy/?page=1&edid=DC8C6DF9-1F64-EF64-EDCA-FE833C9E28DD HTTP/1.1" 200 106478
202.8.41.86 - - [03/Feb/2025:01:26:48 +0100] "GET /ticket2/opencms/system/modules/com.gridnine.opencms.ticketbrokerage.site/resources/css/jquery-ui.css HTTP/1.1" 200 33221
202.8.41.86 - - [03/Feb/2025:01:26:48 +0100] "GET /ticket2/opencms/system/modules/com.gridnine.opencms.ticketbrokerage.site/resources/css/ticketbrokerage.css HTTP/1.1" 200 39339
202.8.41.86 - - [03/Feb/2025:01:26:48 +0100] "GET /ticket2/opencms/system/modules/com.gridnine.opencms.ticketbrokerage.site/resources/css/calendar.css HTTP/1.1" 200 6871
202.8.41.86 - - [03/Feb/2025:01:26:48 +0100] "GET /ticket2/opencms/system/modules/com.gridnine.opencms.ticketbrokerage.site/resources/css/standard.css HTTP/1.1" 200 73904
202.8.41.86 - - [03/Feb/2025:01:26:48 +0100] "GET /ticket2/opencms/system/modules/com.gridnine.opencms.ticketbrokerage.site/resources/js/stickyfill.min.js HTTP/1.1" 200 5672
202.8.41.86 - - [03/Feb/2025:01:26:48 +0100] "GET /ticket2/opencms/system/modules/com.gridnine.opencms.ticketbrokerage.site/resources/css/jquery.fancybox.css HTTP/1.1" 200 4939
135.181.180.59 - - [03/Feb/2025:01:26:48 +0100] "GET /ticket2/opencms/sv/buy/?page=1&edid=3C4C7634-67DC-7A19-204D-9BC6FA217893 HTTP/1.1" 200 109215
202.8.41.86 - - [03/Feb/2025:01:26:48 +0100] "GET /ticket2/opencms/system/modules/com.gridnine.opencms.ticketbrokerage.site/resources/js/functions.js HTTP/1.1" 200 1583
202.8.41.86 - - [03/Feb/2025:01:26:48 +0100] "GET /ticket2/opencms/system/modules/com.gridnine.opencms.ticketbrokerage.site/resources/js/jquery/jquery.js HTTP/1.1" 200 93868
202.8.41.86 - - [03/Feb/2025:01:26:48 +0100] "GET /ticket2/opencms/system/modules/com.gridnine.opencms.ticketbrokerage.site/resources/js/jquery/jquery-ui.js HTTP/1.1" 200 228088
202.8.41.86 - - [03/Feb/2025:01:26:48 +0100] "GET /ticket2/opencms/system/modules/com.gridnine.opencms.ticketbrokerage.site/resources/js/calendar.js HTTP/1.1" 200 49229
202.8.41.86 - - [03/Feb/2025:01:26:48 +0100] "GET /ticket2/opencms/system/modules/com.gridnine.opencms.ticketbrokerage.site/resources/js/calendar-en.js HTTP/1.1" 200 3338
202.8.41.86 - - [03/Feb/2025:01:26:48 +0100] "GET /ticket2/opencms/system/modules/com.gridnine.opencms.ticketbrokerage.site/resources/js/calendar-setup.js HTTP/1.1" 200 4923
202.8.41.86 - - [03/Feb/2025:01:26:48 +0100] "GET /ticket2/opencms/system/modules/com.gridnine.opencms.ticketbrokerage.site/resources/js/jquery.fancybox.pack.js HTTP/1.1" 200 23187
202.8.41.86 - - [03/Feb/2025:01:26:48 +0100] "GET /ticket2/opencms/system/modules/com.gridnine.opencms.ticketbrokerage.site/resources/js/standard.js HTTP/1.1" 200 3983
202.8.41.86 - - [03/Feb/2025:01:26:48 +0100] "GET /ticket2/opencms/system/modules/com.gridnine.opencms.ticketbrokerage.site/resources/js/jquery.placeholder.min.js HTTP/1.1" 200 1737
202.8.41.86 - - [03/Feb/2025:01:26:48 +0100] "GET /ticket2/opencms/system/modules/com.gridnine.opencms.ticketbrokerage.site/resources/js/common-ajax.js HTTP/1.1" 200 20175
202.8.41.86 - - [03/Feb/2025:01:26:48 +0100] "GET /ticket2/opencms/it/ask-form.html HTTP/1.1" 200 3156
202.8.41.86 - - [03/Feb/2025:01:26:49 +0100] "GET /ticket2/opencms/system/modules/com.gridnine.opencms.ticketbrokerage.site/resources/css/ticketbrokerage.css HTTP/1.1" 200 39339
66.249.76.170 - - [03/Feb/2025:01:26:50 +0100] "GET /ticket2/opencms/pl/buy?page=1&edid=4981A465-C3DA-791B-A6A5-9D4DAB1B5DA0 HTTP/1.1" 200 110297
65.21.232.254 - - [03/Feb/2025:01:26:50 +0100] "GET /ticket2/opencms/fi/login/?edid=D7193451-9A3A-74F4-A8C7-6E587A08462E HTTP/1.1" 200 89676
94.154.239.69 - - [03/Feb/2025:01:26:51 +0100] "GET /ticket2/opencms/sv/login/?edid=AF060661-9056-165F-A29B-9E0A6ECE5167 HTTP/1.1" 200 89395
154.54.249.216 - - [03/Feb/2025:01:26:51 +0100] "GET /ticket2/opencms/sq/buy?page=1&edid=618DD4DE-F10C-A653-6BC2-3BC36DA0148A HTTP/1.1" 200 109695
192.99.3.137 - - [03/Feb/2025:01:26:51 +0100] "GET /ticket2/opencms/hu/buy/?page=1&edid=DCF22239-47F2-2282-C13B-85FCE1D7C913 HTTP/1.1" 200 134669
135.181.180.59 - - [03/Feb/2025:01:26:52 +0100] "GET /ticket2/opencms/sv/buy/?page=1&edid=3C7EBEA7-7266-C804-23AD-B0064BA349FA HTTP/1.1" 200 105968
66.249.79.33 - - [03/Feb/2025:01:26:53 +0100] "GET /ticket2/opencms/bg/buy?page=1&edid=67D9BDEC-57DC-5BC5-B6FB-C7074FDCD450&hlv=6686780e-77c0-40d2-abb6-7d100a01000f HTTP/1.1" 200 113500
66.249.79.33 - - [03/Feb/2025:01:26:53 +0100] "GET /ticket2/opencms/set_aff_cookie.jsp?partner=8F6DE15D-D831-5787-AE7E-FEFF53476F85&url=%252Fno%252Fbuy%252Findex.html%253Fpage%253D1%2526edid%253DFDE2CB1B-737B-857F-7431-BD450E7D3BBB%2526hlv%253D666d6f2b-76c8-4189-8482-0c190a01000f%2523v650217669 HTTP/1.1" 200 245
65.21.232.254 - - [03/Feb/2025:01:26:54 +0100] "GET /ticket2/opencms/fi/login/?edid=D7C0DA77-DBEA-6309-806C-0F1B3D98F5E1 HTTP/1.1" 200 89676
135.181.180.59 - - [03/Feb/2025:01:26:55 +0100] "GET /ticket2/opencms/sv/buy/?page=1&edid=3CAF913A-8CA4-29E8-D77B-9EDAB8A0555C HTTP/1.1" 200 109134
66.249.79.33 - - [03/Feb/2025:01:26:55 +0100] "GET /ticket2/opencms/sk/buy/?page=1&edid=4981A465-C3DA-791B-A6A5-9D4DAB1B5DA0 HTTP/1.1" 200 110422
94.154.239.69 - - [03/Feb/2025:01:26:55 +0100] "GET /ticket2/opencms/sv/login/?edid=AF39FAB5-FE06-5368-91B7-FED96ACA064E HTTP/1.1" 200 89395
192.99.3.137 - - [03/Feb/2025:01:26:55 +0100] "GET /ticket2/opencms/hu/buy/?page=1&edid=DCF8A7C5-61E0-96AC-DB14-A34E73853787 HTTP/1.1" 200 109549
54.36.148.94 - - [03/Feb/2025:01:26:57 +0100] "GET /ticket2/opencms/bg/buy?page=1&edid=C3C88BDA-1CC3-8611-4BC9-911B22C7161C HTTP/1.1" 200 111176
65.21.232.254 - - [03/Feb/2025:01:26:58 +0100] "GET /ticket2/opencms/fi/login/?edid=E3E4D411-7B1C-2989-5DA3-2E53F85811AA HTTP/1.1" 200 89676
135.181.180.59 - - [03/Feb/2025:01:26:59 +0100] "GET /ticket2/opencms/sv/buy/?page=1&edid=3D3DA07F-41D6-4102-026A-DF2EE5E45526 HTTP/1.1" 200 109363
94.154.239.69 - - [03/Feb/2025:01:26:59 +0100] "GET /ticket2/opencms/sv/login/?edid=B06AF4F4-E0B4-9C7E-FDA1-698E9F88DF19 HTTP/1.1" 200 89395
192.99.3.137 - - [03/Feb/2025:01:27:00 +0100] "GET /ticket2/opencms/hu/buy/?page=1&edid=DD06A750-81DC-2084-5EA7-F99D030C75E7 HTTP/1.1" 200 133526
154.54.249.216 - - [03/Feb/2025:01:27:01 +0100] "GET /ticket2/opencms/sq/buy?page=1&edid=6ED08D04-7263-AC79-DA04-AFB97DC97A00 HTTP/1.1" 200 133587
66.249.79.33 - - [03/Feb/2025:01:27:01 +0100] "GET /ticket2/opencms/hu/buy?page=1&edid=4981A465-C3DA-791B-A6A5-9D4DAB1B5DA0 HTTP/1.1" 200 110395
65.21.232.254 - - [03/Feb/2025:01:27:02 +0100] "GET /ticket2/opencms/fi/login/?edid=F9957417-808C-BFE8-DAF7-21430BD5D954 HTTP/1.1" 200 89676
135.181.180.59 - - [03/Feb/2025:01:27:03 +0100] "GET /ticket2/opencms/sv/buy/?page=1&edid=3DF4291F-04C2-AD3A-CB04-5D1401F45049 HTTP/1.1" 200 109123
94.154.239.69 - - [03/Feb/2025:01:27:04 +0100] "GET /ticket2/opencms/sv/login/?edid=B085D153-83BD-3CC8-8BE4-2FDCDC21AC71 HTTP/1.1" 200 89395
192.99.3.137 - - [03/Feb/2025:01:27:05 +0100] "GET /ticket2/opencms/hu/buy/?page=1&edid=DD14CC82-883B-BD06-4306-EBD494AA1804 HTTP/1.1" 200 134656
5.9.55.228 - - [03/Feb/2025:01:27:05 +0100] "GET /ticket2/opencms/fi/venue/?venueid=4264E775-2245-34EC-AB9C-8E5203A0BEEE HTTP/1.1" 200 84708
65.21.232.254 - - [03/Feb/2025:01:27:06 +0100] "GET /ticket2/opencms/sv/login/?edid=2A0CF380-8C0A-32BD-5783-B7591B6DB2F6 HTTP/1.1" 200 89395
135.181.180.59 - - [03/Feb/2025:01:27:06 +0100] "GET /ticket2/opencms/sv/buy/?page=1&edid=3E695278-3633-41A9-153A-2392BD9FC689 HTTP/1.1" 200 105950
47.128.60.110 - - [03/Feb/2025:01:27:07 +0100] "GET /ticket2/opencms/az/buy/?edid=3F498AA2-1CAE-128B-F418-8D3BA0711D36 HTTP/1.1" 200 89620
94.154.239.69 - - [03/Feb/2025:01:27:08 +0100] "GET /ticket2/opencms/sv/login/?edid=B3CE1D05-2AFF-3827-82BB-D445FA533BBD HTTP/1.1" 200 89395
192.99.3.137 - - [03/Feb/2025:01:27:09 +0100] "GET /ticket2/opencms/hu/buy/?page=1&edid=DD26041B-007D-3EE6-A8F7-303AB350D2E4 HTTP/1.1" 200 132186
54.36.149.62 - - [03/Feb/2025:01:27:10 +0100] "GET /ticket2/opencms/hu/buy/?page=1&edid=C64002B7-B7A3-A646-1770-7E79C914EDA5 HTTP/1.1" 200 133630
185.191.171.3 - - [03/Feb/2025:01:27:10 +0100] "GET /ticket2/opencms/sr/buy?page=1 HTTP/1.1" 200 6507
217.113.194.212 - - [03/Feb/2025:01:27:10 +0100] "GET /ticket2/opencms/sq/buy?page=1&edid=6B881D5E-3D84-4BC4-55F4-CC04EBCD3852 HTTP/1.1" 200 110290
135.181.180.59 - - [03/Feb/2025:01:27:10 +0100] "GET /ticket2/opencms/sv/buy/?page=1&edid=3F305679-4AAA-66B4-15E8-15B88AE2914C HTTP/1.1" 200 108044
65.21.232.254 - - [03/Feb/2025:01:27:10 +0100] "GET /ticket2/opencms/sv/login/?edid=4E64A45B-C53A-FCF7-3F71-4F13C44D918C HTTP/1.1" 200 89395
66.249.79.33 - - [03/Feb/2025:01:27:12 +0100] "GET /ticket2/opencms/mt/buy/?page=1&edid=1E7AFBDB-B9E9-CF51-FB2A-8AD63A1AF949 HTTP/1.1" 200 106804
94.154.239.69 - - [03/Feb/2025:01:27:13 +0100] "GET /ticket2/opencms/sv/login/?edid=B6792C71-3777-835A-6A12-E2C6ABE580AB HTTP/1.1" 200 89395
185.191.171.18 - - [03/Feb/2025:01:27:13 +0100] "GET /ticket2/opencms/no/sport/fotballsbilletter/serie_a/verona/ HTTP/1.1" 200 92135
135.181.180.59 - - [03/Feb/2025:01:27:14 +0100] "GET /ticket2/opencms/sv/buy/?page=1&edid=3F7D63CC-E733-9F68-C70A-87CE345C4BD0 HTTP/1.1" 200 109389
192.99.3.137 - - [03/Feb/2025:01:27:14 +0100] "GET /ticket2/opencms/hu/buy/?page=1&edid=DD4ED7B0-6874-818C-31D5-2601C6F792DC HTTP/1.1" 200 106474
65.21.232.254 - - [03/Feb/2025:01:27:14 +0100] "GET /ticket2/opencms/sv/login/?edid=6F1254ED-AA70-3C5E-BDAB-F2033DFDDDB9 HTTP/1.1" 200 89395
54.36.148.85 - - [03/Feb/2025:01:27:16 +0100] "GET /ticket2/opencms/az/buy?page=1&edid=98593F83-45B8-4B7A-425F-06B7BFD3D9F1 HTTP/1.1" 200 110829
94.154.239.69 - - [03/Feb/2025:01:27:17 +0100] "GET /ticket2/opencms/sv/login/?edid=B68A5FCD-3F48-E5F6-F08A-DB5402FFB044 HTTP/1.1" 200 89395
135.181.180.59 - - [03/Feb/2025:01:27:18 +0100] "GET /ticket2/opencms/sv/buy/?page=1&edid=3F995240-E187-D611-BDFC-C8A7A31B7E7D HTTP/1.1" 200 105961
65.21.232.254 - - [03/Feb/2025:01:27:18 +0100] "GET /ticket2/opencms/sv/login/?edid=73B597C3-05D3-5B11-4856-D8822E68A76F HTTP/1.1" 200 89395
192.99.3.137 - - [03/Feb/2025:01:27:18 +0100] "GET /ticket2/opencms/hu/buy/?page=1&edid=DDC014E0-57FD-0978-5C99-38BF9021FA56 HTTP/1.1" 200 116271
217.113.194.218 - - [03/Feb/2025:01:27:19 +0100] "GET /ticket2/opencms/sq/buy?page=1&edid=6018B583-E8C8-6E96-F165-DFDD897381E6 HTTP/1.1" 200 106596
94.154.239.69 - - [03/Feb/2025:01:27:21 +0100] "GET /ticket2/opencms/sv/login/?edid=B773A16C-17D0-FE63-38DB-4710DA79D2E5 HTTP/1.1" 200 89395
185.191.171.19 - - [03/Feb/2025:01:27:21 +0100] "GET /ticket2/opencms/az/magazine/article?title=transfer-penceresini-daha-tez-baglamaq HTTP/1.1" 200 87142
124.243.172.72 - - [03/Feb/2025:01:27:21 +0100] "GET /ticket2/opencms/fi/venue/?venueid=FE687578-641E-3F09-3462-AE6F5429E92A HTTP/1.1" 200 84704
135.181.180.59 - - [03/Feb/2025:01:27:22 +0100] "GET /ticket2/opencms/sv/buy/?page=1&edid=402D4ADF-F1A8-8EDD-0E47-FAEC0616E1C7 HTTP/1.1" 200 115202
65.21.232.254 - - [03/Feb/2025:01:27:22 +0100] "GET /ticket2/opencms/sv/login/?edid=755AF99A-4624-4B84-D4AE-CB8447127D3C HTTP/1.1" 200 89395
192.99.3.137 - - [03/Feb/2025:01:27:22 +0100] "GET /ticket2/opencms/hu/buy/?page=1&edid=DE0D0DE3-BA42-3783-5C74-6058213C61AE HTTP/1.1" 200 106477
52.167.144.229 - - [03/Feb/2025:01:27:23 +0100] "GET /ticket2/opencms/fi/magazine/article?title=maximilian-ibrahimovic-kirjoittaa-sopimuksen-ac-milanin-toisen-joukkueen-kanssa HTTP/1.1" 200 87033
85.208.96.210 - - [03/Feb/2025:01:27:23 +0100] "GET /ticket2/opencms/uk/magazine/article?title=premier-league-transfer-windows-most-interesting-transfers HTTP/1.1" 200 87820
54.36.148.123 - - [03/Feb/2025:01:27:24 +0100] "GET /ticket2/opencms/it/buy?page=1&edid=34D2BBB8-FB45-0D0E-564E-E2214021F35A HTTP/1.1" 200 109853
202.8.42.148 - - [03/Feb/2025:01:27:25 +0100] "GET /ticket2/opencms/system/modules/com.gridnine.opencms.ticketbrokerage.site/resources/css/jquery-ui.css HTTP/1.1" 200 33221
202.8.42.148 - - [03/Feb/2025:01:27:25 +0100] "GET /ticket2/opencms/system/modules/com.gridnine.opencms.ticketbrokerage.site/resources/css/jquery.fancybox.css HTTP/1.1" 200 4939
202.8.42.148 - - [03/Feb/2025:01:27:25 +0100] "GET /ticket2/opencms/system/modules/com.gridnine.opencms.ticketbrokerage.site/resources/css/standard.css HTTP/1.1" 200 73904
202.8.42.148 - - [03/Feb/2025:01:27:25 +0100] "GET /ticket2/opencms/system/modules/com.gridnine.opencms.ticketbrokerage.site/resources/css/calendar.css HTTP/1.1" 200 6871
202.8.42.148 - - [03/Feb/2025:01:27:25 +0100] "GET /ticket2/opencms/system/modules/com.gridnine.opencms.ticketbrokerage.site/resources/js/stickyfill.min.js HTTP/1.1" 200 5672
202.8.42.148 - - [03/Feb/2025:01:27:25 +0100] "GET /ticket2/opencms/system/modules/com.gridnine.opencms.ticketbrokerage.site/resources/css/ticketbrokerage.css HTTP/1.1" 200 39339
202.8.42.148 - - [03/Feb/2025:01:27:25 +0100] "GET /ticket2/opencms/system/modules/com.gridnine.opencms.ticketbrokerage.site/resources/js/functions.js HTTP/1.1" 200 1583
202.8.42.148 - - [03/Feb/2025:01:27:25 +0100] "GET /ticket2/opencms/system/modules/com.gridnine.opencms.ticketbrokerage.site/resources/js/jquery/jquery.js HTTP/1.1" 200 93868
202.8.42.148 - - [03/Feb/2025:01:27:25 +0100] "GET /ticket2/opencms/system/modules/com.gridnine.opencms.ticketbrokerage.site/resources/js/jquery/jquery-ui.js HTTP/1.1" 200 228088
202.8.42.148 - - [03/Feb/2025:01:27:25 +0100] "GET /ticket2/opencms/system/modules/com.gridnine.opencms.ticketbrokerage.site/resources/js/calendar-setup.js HTTP/1.1" 200 4923
202.8.42.148 - - [03/Feb/2025:01:27:25 +0100] "GET /ticket2/opencms/system/modules/com.gridnine.opencms.ticketbrokerage.site/resources/js/calendar-en.js HTTP/1.1" 200 3338
202.8.42.148 - - [03/Feb/2025:01:27:25 +0100] "GET /ticket2/opencms/system/modules/com.gridnine.opencms.ticketbrokerage.site/resources/js/calendar.js HTTP/1.1" 200 49229
135.181.180.59 - - [03/Feb/2025:01:27:25 +0100] "GET /ticket2/opencms/sv/buy/?page=1&edid=403C6528-29E0-E7F0-69C0-963918D78FCD HTTP/1.1" 200 105951
202.8.42.148 - - [03/Feb/2025:01:27:25 +0100] "GET /ticket2/opencms/system/modules/com.gridnine.opencms.ticketbrokerage.site/resources/js/jquery.fancybox.pack.js HTTP/1.1" 200 23187
202.8.42.148 - - [03/Feb/2025:01:27:25 +0100] "GET /ticket2/opencms/system/modules/com.gridnine.opencms.ticketbrokerage.site/resources/js/standard.js HTTP/1.1" 200 3983
202.8.42.148 - - [03/Feb/2025:01:27:25 +0100] "GET /ticket2/opencms/system/modules/com.gridnine.opencms.ticketbrokerage.site/resources/js/jquery.placeholder.min.js HTTP/1.1" 200 1737
202.8.42.148 - - [03/Feb/2025:01:27:25 +0100] "GET /ticket2/opencms/system/modules/com.gridnine.opencms.ticketbrokerage.site/resources/js/common-ajax.js HTTP/1.1" 200 20175
202.8.42.148 - - [03/Feb/2025:01:27:25 +0100] "GET /ticket2/opencms/it/ask-form.html HTTP/1.1" 200 3156
202.8.42.148 - - [03/Feb/2025:01:27:26 +0100] "GET /ticket2/opencms/system/modules/com.gridnine.opencms.ticketbrokerage.site/resources/css/ticketbrokerage.css HTTP/1.1" 200 39339
94.154.239.69 - - [03/Feb/2025:01:27:26 +0100] "GET /ticket2/opencms/sv/login/?edid=B7C31852-4938-05B8-A23C-0248E7A3D5BA HTTP/1.1" 200 89395
65.21.232.254 - - [03/Feb/2025:01:27:26 +0100] "GET /ticket2/opencms/sv/login/?edid=76A2D7A0-1FDD-8B7B-A433-0584332CEDC8 HTTP/1.1" 200 89395
192.99.3.137 - - [03/Feb/2025:01:27:26 +0100] "GET /ticket2/opencms/hu/buy/?page=1&edid=DE6EAF1E-F0E3-BCEF-6FE9-789554B2D96C HTTP/1.1" 200 122318
217.113.194.217 - - [03/Feb/2025:01:27:27 +0100] "GET /ticket2/opencms/sq/buy?page=1&edid=62132CB0-BE29-78AA-38D9-C99EEE6C98B0 HTTP/1.1" 200 110328
40.77.167.16 - - [03/Feb/2025:01:27:28 +0100] "GET /ticket2/opencms/sr/ HTTP/1.1" 200 105681
66.249.79.33 - - [03/Feb/2025:01:27:29 +0100] "GET /ticket2/opencms/hu/buy/?page=1&edid=B2241087-D185-A728-3E5D-9CBE0FCA5BA2 HTTP/1.1" 200 106497
135.181.180.59 - - [03/Feb/2025:01:27:29 +0100] "GET /ticket2/opencms/sv/buy/?page=1&edid=41682324-2884-59AB-73B8-5538E56921F7 HTTP/1.1" 200 105984
65.21.232.254 - - [03/Feb/2025:01:27:30 +0100] "GET /ticket2/opencms/sv/login/?edid=79F0DF9A-E59A-A8F7-04A7-97B5561CB701 HTTP/1.1" 200 89395
94.154.239.69 - - [03/Feb/2025:01:27:30 +0100] "GET /ticket2/opencms/sv/login/?edid=BE18676F-AB94-E65E-A849-408190E75353 HTTP/1.1" 200 89395
192.99.3.137 - - [03/Feb/2025:01:27:31 +0100] "GET /ticket2/opencms/hu/buy/?page=1&edid=DE7FBF5B-9DCC-CEE2-6DAD-A4ECB73A57FF HTTP/1.1" 200 133541
47.128.33.135 - - [03/Feb/2025:01:27:31 +0100] "GET /ticket2/opencms/sr/buy/?edid=3B157B14-2ACC-30A7-0D5C-8313AB0A1A32 HTTP/1.1" 200 89965
135.181.180.59 - - [03/Feb/2025:01:27:32 +0100] "GET /ticket2/opencms/sv/buy/?page=1&edid=4240AF38-803A-0946-26D7-F9AC903A7C6B HTTP/1.1" 200 109845
94.154.239.69 - - [03/Feb/2025:01:27:34 +0100] "GET /ticket2/opencms/sv/login/?edid=BE9538C3-9C42-28A4-854A-5FADE060382A HTTP/1.1" 200 89395
65.21.232.254 - - [03/Feb/2025:01:27:34 +0100] "GET /ticket2/opencms/sv/login/?edid=82B136E6-285D-2514-CC84-CAC01A08B609 HTTP/1.1" 200 89395
192.99.3.137 - - [03/Feb/2025:01:27:35 +0100] "GET /ticket2/opencms/hu/buy/?page=1&edid=DE88C997-F247-5EDB-AB8C-0BF21F57525F HTTP/1.1" 200 133373
135.181.180.59 - - [03/Feb/2025:01:27:36 +0100] "GET /ticket2/opencms/sv/buy/?page=1&edid=42E8617D-7ECE-B375-F977-D5B4ED32BE05 HTTP/1.1" 200 105954
217.113.194.215 - - [03/Feb/2025:01:27:36 +0100] "GET /ticket2/opencms/sq/buy?page=1&edid=63D25C1E-F945-3D8C-F981-1BC33FDCD607 HTTP/1.1" 200 116205
65.21.232.254 - - [03/Feb/2025:01:27:38 +0100] "GET /ticket2/opencms/sv/login/?edid=846929C4-FDD7-0473-C7C0-A9B2AA08A260 HTTP/1.1" 200 89395
54.36.148.67 - - [03/Feb/2025:01:27:38 +0100] "GET /ticket2/opencms/hr/buy/?page=1&edid=86A7D428-8E42-C0D0-846E-90C83426D4AE HTTP/1.1" 200 122210
94.154.239.69 - - [03/Feb/2025:01:27:39 +0100] "GET /ticket2/opencms/sv/login/?edid=BEA9D3E5-A93E-146C-1904-24495F6A8B39 HTTP/1.1" 200 89395
192.99.3.137 - - [03/Feb/2025:01:27:39 +0100] "GET /ticket2/opencms/hu/buy/?page=1&edid=DEA5A428-3980-E113-48A8-EB44E7BFB16B HTTP/1.1" 200 106446
135.181.180.59 - - [03/Feb/2025:01:27:41 +0100] "GET /ticket2/opencms/sv/buy/?page=1&edid=4310A6B3-6F5F-B489-DE7B-50B50ED9DC25 HTTP/1.1" 200 109389
65.21.232.254 - - [03/Feb/2025:01:27:41 +0100] "GET /ticket2/opencms/sv/login/?edid=868DA8D2-DC0D-920B-26FB-F1AD7C7CDB8A HTTP/1.1" 200 89395
94.154.239.69 - - [03/Feb/2025:01:27:42 +0100] "GET /ticket2/opencms/sv/login/?edid=BF4FD546-C4DE-EDCA-D8F8-B2B17DB7AC99 HTTP/1.1" 200 89395
5.9.55.228 - - [03/Feb/2025:01:27:44 +0100] "GET /ticket2/opencms/fi/venue/?venueid=4281EF24-819D-10DB-AFDA-8A385BCC22F4 HTTP/1.1" 200 84719
192.99.3.137 - - [03/Feb/2025:01:27:44 +0100] "GET /ticket2/opencms/hu/buy/?page=1&edid=DEAFC2C2-F426-D691-6E5C-FCBBF4DFF1AF HTTP/1.1" 200 133503
135.181.180.59 - - [03/Feb/2025:01:27:44 +0100] "GET /ticket2/opencms/sv/buy/?page=1&edid=439D29FA-F236-A6D6-CD43-17BBF1CDD5E9 HTTP/1.1" 200 109233
65.21.232.254 - - [03/Feb/2025:01:27:45 +0100] "GET /ticket2/opencms/sv/login/?edid=C9FDED0D-E741-348A-FCC7-35BE584F6EA5 HTTP/1.1" 200 89395
217.113.194.221 - - [03/Feb/2025:01:27:46 +0100] "GET /ticket2/opencms/sq/buy?page=1&edid=0CBED0CE-AD48-5853-8CA7-767C378C5971 HTTP/1.1" 200 116603
94.154.239.69 - - [03/Feb/2025:01:27:46 +0100] "GET /ticket2/opencms/sv/login/?edid=BFAFDC2C-908C-DD1E-38F3-2E405A281188 HTTP/1.1" 200 89395
40.77.167.243 - - [03/Feb/2025:01:27:47 +0100] "GET /ticket2/opencms/lv/buy/?page=1&edid=B938704A-C364-E3C3-6D83-C5254E1A3103 HTTP/1.1" 200 110529
135.181.180.59 - - [03/Feb/2025:01:27:48 +0100] "GET /ticket2/opencms/sv/buy/?page=1&edid=43A25B6E-3273-5ED8-45BD-B60029646C52 HTTP/1.1" 200 109190
192.99.3.137 - - [03/Feb/2025:01:27:48 +0100] "GET /ticket2/opencms/hu/buy/?page=1&edid=DEE73208-EB40-A3DF-0C53-8B9522111007 HTTP/1.1" 200 129867
65.21.232.254 - - [03/Feb/2025:01:27:49 +0100] "GET /ticket2/opencms/sv/login/?edid=CA3D8417-F74F-462D-182B-6C61936A40CF HTTP/1.1" 200 89395
66.249.68.37 - - [03/Feb/2025:01:27:50 +0100] "GET /ticket2/opencms/mo/buy/?page=1&edid=50D37B13-6F20-71F9-54D9-90E7B6C8DECF HTTP/1.1" 200 110038
94.154.239.69 - - [03/Feb/2025:01:27:50 +0100] "GET /ticket2/opencms/sv/login/?edid=C05AA481-967A-A4D1-E287-ECBF3F52D776 HTTP/1.1" 200 89395
54.36.148.202 - - [03/Feb/2025:01:27:51 +0100] "GET /ticket2/opencms/nl/buy?page=1&edid=133B893E-0B2E-BEF9-99B1-9E25283FAB9D HTTP/1.1" 200 106399
135.181.180.59 - - [03/Feb/2025:01:27:51 +0100] "GET /ticket2/opencms/sv/buy/?page=1&edid=440CD0F5-C5B6-3E98-F49F-BD69DE8B1A85 HTTP/1.1" 200 109135
192.99.3.137 - - [03/Feb/2025:01:27:52 +0100] "GET /ticket2/opencms/hu/buy/?page=1&edid=DEEA9118-E3F6-3082-4A28-2EFD15B3E13F HTTP/1.1" 200 110172
65.21.232.254 - - [03/Feb/2025:01:27:52 +0100] "GET /ticket2/opencms/sv/login/?edid=CADE7D67-5381-2FA1-8307-17A68D9AA917 HTTP/1.1" 200 89395
40.77.167.16 - - [03/Feb/2025:01:27:53 +0100] "GET /ticket2/opencms/system/modules/com.gridnine.opencms.ticketbrokerage.site/resources/js/calendar-setup.js HTTP/1.1" 200 4923
52.167.144.229 - - [03/Feb/2025:01:27:53 +0100] "GET /ticket2/opencms/no/buy/?page=1&edid=AFCF4516-D1E7-B4D0-6DA9-1C8C15178FE8 HTTP/1.1" 200 105956
66.249.76.43 - - [03/Feb/2025:01:27:55 +0100] "GET /ticket2/opencms/hr/magazine/article?title=manchester-city-7-utakmica-bez-pobjede HTTP/1.1" 200 87039
135.181.180.59 - - [03/Feb/2025:01:27:55 +0100] "GET /ticket2/opencms/sv/buy/?page=1&edid=44411347-218A-BCCA-1011-D7910A354586 HTTP/1.1" 200 108754
217.113.194.215 - - [03/Feb/2025:01:27:55 +0100] "GET /ticket2/opencms/sq/buy?page=1&edid=0859B3F5-666A-8459-68A2-BF0A731BAF06 HTTP/1.1" 200 133574
94.154.239.69 - - [03/Feb/2025:01:27:55 +0100] "GET /ticket2/opencms/sv/login/?edid=C117DD72-B7EF-B15D-D7AA-9F9540EB98EC HTTP/1.1" 200 89395
65.21.232.254 - - [03/Feb/2025:01:27:56 +0100] "GET /ticket2/opencms/sv/login/?edid=CAF487BE-6126-E9FD-123C-2A6FB466331D HTTP/1.1" 200 89395
192.99.3.137 - - [03/Feb/2025:01:27:56 +0100] "GET /ticket2/opencms/hu/buy/?page=1&edid=DF09DA20-E43F-35F9-26B1-56353C7187EA HTTP/1.1" 200 109550
135.181.180.59 - - [03/Feb/2025:01:27:58 +0100] "GET /ticket2/opencms/sv/buy/?page=1&edid=459074B7-A4B9-918E-314F-2E4787A6A9A2 HTTP/1.1" 200 109396
65.21.232.254 - - [03/Feb/2025:01:28:00 +0100] "GET /ticket2/opencms/sv/login/?edid=CD65C209-BAA2-D38F-CBE6-B4275F8A3C80 HTTP/1.1" 200 89395
94.154.239.69 - - [03/Feb/2025:01:28:00 +0100] "GET /ticket2/opencms/sv/login/?edid=C1909DD5-0220-3110-1A79-CF1D777040F3 HTTP/1.1" 200 89395
192.99.3.137 - - [03/Feb/2025:01:28:00 +0100] "GET /ticket2/opencms/hu/buy/?page=1&edid=E02CECDE-C73F-D2CB-A0E2-52EF212A9F2B HTTP/1.1" 200 108697
135.181.180.59 - - [03/Feb/2025:01:28:02 +0100] "GET /ticket2/opencms/sv/buy/?page=1&edid=45DFD1AC-671A-B64A-512E-A848A857E213 HTTP/1.1" 200 105990
54.36.148.244 - - [03/Feb/2025:01:28:03 +0100] "GET /ticket2/opencms/es/buy?page=1&edid=0DB336ED-B184-1B25-4EA8-B6E94BBC2DBC HTTP/1.1" 200 133508
66.249.79.33 - - [03/Feb/2025:01:28:03 +0100] "GET /ticket2/opencms/sr/buy/?page=1&edid=039D4473-D662-2ED5-D620-F30FCE116F43 HTTP/1.1" 200 110230
65.21.232.254 - - [03/Feb/2025:01:28:04 +0100] "GET /ticket2/opencms/sv/login/?edid=E3540B9C-08EB-EAEF-8CDC-37EBFC3CF0A5 HTTP/1.1" 200 89395
192.99.3.137 - - [03/Feb/2025:01:28:04 +0100] "GET /ticket2/opencms/hu/buy/?page=1&edid=E09857B3-0F9E-7B02-8232-83B35FF16CE1 HTTP/1.1" 200 106497
202.8.43.61 - - [03/Feb/2025:01:28:04 +0100] "GET /ticket2/opencms/system/modules/com.gridnine.opencms.ticketbrokerage.site/resources/css/jquery-ui.css HTTP/1.1" 200 33221
202.8.43.61 - - [03/Feb/2025:01:28:04 +0100] "GET /ticket2/opencms/system/modules/com.gridnine.opencms.ticketbrokerage.site/resources/css/ticketbrokerage.css HTTP/1.1" 200 39339
202.8.43.61 - - [03/Feb/2025:01:28:04 +0100] "GET /ticket2/opencms/system/modules/com.gridnine.opencms.ticketbrokerage.site/resources/css/calendar.css HTTP/1.1" 200 6871
202.8.43.61 - - [03/Feb/2025:01:28:04 +0100] "GET /ticket2/opencms/system/modules/com.gridnine.opencms.ticketbrokerage.site/resources/css/standard.css HTTP/1.1" 200 73904
202.8.43.61 - - [03/Feb/2025:01:28:04 +0100] "GET /ticket2/opencms/system/modules/com.gridnine.opencms.ticketbrokerage.site/resources/css/jquery.fancybox.css HTTP/1.1" 200 4939
202.8.43.61 - - [03/Feb/2025:01:28:04 +0100] "GET /ticket2/opencms/system/modules/com.gridnine.opencms.ticketbrokerage.site/resources/js/jquery/jquery.js HTTP/1.1" 200 93868
217.113.194.219 - - [03/Feb/2025:01:28:04 +0100] "GET /ticket2/opencms/sq/buy?page=1&edid=0E487947-8D2A-A553-BF9C-F44B73D05AC1 HTTP/1.1" 200 106600
94.154.239.69 - - [03/Feb/2025:01:28:04 +0100] "GET /ticket2/opencms/sv/login/?edid=C1ADB83A-CCBD-CC2E-051C-0DBCA558D68A HTTP/1.1" 200 89395
119.8.45.165 - - [03/Feb/2025:01:28:04 +0100] "GET /ticket2/opencms/pl/buy?page=1&edid=CE3DD33A-7186-3BFF-79C5-A0B5274832DB HTTP/1.1" 200 106395
202.8.43.61 - - [03/Feb/2025:01:28:04 +0100] "GET /ticket2/opencms/system/modules/com.gridnine.opencms.ticketbrokerage.site/resources/js/calendar-en.js HTTP/1.1" 200 3338
202.8.43.61 - - [03/Feb/2025:01:28:04 +0100] "GET /ticket2/opencms/system/modules/com.gridnine.opencms.ticketbrokerage.site/resources/js/calendar.js HTTP/1.1" 200 49229
202.8.43.61 - - [03/Feb/2025:01:28:04 +0100] "GET /ticket2/opencms/system/modules/com.gridnine.opencms.ticketbrokerage.site/resources/js/functions.js HTTP/1.1" 200 1583
202.8.43.61 - - [03/Feb/2025:01:28:04 +0100] "GET /ticket2/opencms/system/modules/com.gridnine.opencms.ticketbrokerage.site/resources/js/jquery/jquery-ui.js HTTP/1.1" 200 228088
202.8.43.61 - - [03/Feb/2025:01:28:04 +0100] "GET /ticket2/opencms/system/modules/com.gridnine.opencms.ticketbrokerage.site/resources/js/calendar-setup.js HTTP/1.1" 200 4923
202.8.43.61 - - [03/Feb/2025:01:28:04 +0100] "GET /ticket2/opencms/system/modules/com.gridnine.opencms.ticketbrokerage.site/resources/js/jquery.fancybox.pack.js HTTP/1.1" 200 23187
202.8.43.61 - - [03/Feb/2025:01:28:04 +0100] "GET /ticket2/opencms/system/modules/com.gridnine.opencms.ticketbrokerage.site/resources/js/stickyfill.min.js HTTP/1.1" 200 5672
202.8.43.61 - - [03/Feb/2025:01:28:04 +0100] "GET /ticket2/opencms/system/modules/com.gridnine.opencms.ticketbrokerage.site/resources/js/standard.js HTTP/1.1" 200 3983
202.8.43.61 - - [03/Feb/2025:01:28:04 +0100] "GET /ticket2/opencms/system/modules/com.gridnine.opencms.ticketbrokerage.site/resources/js/jquery.placeholder.min.js HTTP/1.1" 200 1737
202.8.43.61 - - [03/Feb/2025:01:28:04 +0100] "GET /ticket2/opencms/system/modules/com.gridnine.opencms.ticketbrokerage.site/resources/js/common-ajax.js HTTP/1.1" 200 20175
202.8.43.61 - - [03/Feb/2025:01:28:05 +0100] "GET /ticket2/opencms/es/ask-form.html HTTP/1.1" 200 3156
202.8.43.61 - - [03/Feb/2025:01:28:05 +0100] "GET /ticket2/opencms/system/modules/com.gridnine.opencms.ticketbrokerage.site/resources/css/ticketbrokerage.css HTTP/1.1" 200 39339
135.181.180.59 - - [03/Feb/2025:01:28:06 +0100] "GET /ticket2/opencms/sv/buy/?page=1&edid=4690C45A-973C-7B8F-7E2E-6FB366B2E6A9 HTTP/1.1" 200 109386
65.21.232.254 - - [03/Feb/2025:01:28:08 +0100] "GET /ticket2/opencms/sv/login/?edid=E847FD21-DD42-9430-9259-8FCC9A873BE1 HTTP/1.1" 200 89395
192.99.3.137 - - [03/Feb/2025:01:28:08 +0100] "GET /ticket2/opencms/hu/buy/?page=1&edid=E0AE80B3-D973-1C4A-1E4A-4F34E588C3A0 HTTP/1.1" 200 106486
94.154.239.69 - - [03/Feb/2025:01:28:09 +0100] "GET /ticket2/opencms/sv/login/?edid=C1C161ED-392A-057B-99A1-EFB930A82112 HTTP/1.1" 200 89395
135.181.180.59 - - [03/Feb/2025:01:28:09 +0100] "GET /ticket2/opencms/sv/buy/?page=1&edid=473B0CA2-5DEF-8724-CEB4-D099FD62177B HTTP/1.1" 200 105947
54.36.148.233 - - [03/Feb/2025:01:28:10 +0100] "GET /ticket2/opencms/hr/buy?page=1&edid=C3C88BDA-1CC3-8611-4BC9-911B22C7161C HTTP/1.1" 200 108961
65.21.232.254 - - [03/Feb/2025:01:28:11 +0100] "GET /ticket2/opencms/sv/login/?edid=F8833760-0DC8-DF8A-F6E9-B98891A0A72D HTTP/1.1" 200 89395
52.167.144.145 - - [03/Feb/2025:01:28:12 +0100] "GET /ticket2/opencms/sr/buy/?comcatid=B41CCF2B-5558-7AEE-3602-09BBDE417D65 HTTP/1.1" 200 6410
192.99.3.137 - - [03/Feb/2025:01:28:12 +0100] "GET /ticket2/opencms/hu/buy/?page=1&edid=E0AF4582-F291-60D7-7793-C6DEB6EAEA8A HTTP/1.1" 200 110795
52.167.144.229 - - [03/Feb/2025:01:28:13 +0100] "GET /ticket2/opencms/sr/buy/?comcatid=A17713B6-D984-201A-4143-ED4DB5ED5C2E&catid=BE041FBE-C1A7-918C-EB61-99ED02D12F5B HTTP/1.1" 200 6410
135.181.180.59 - - [03/Feb/2025:01:28:13 +0100] "GET /ticket2/opencms/sv/buy/?page=1&edid=47721D14-2C82-CD87-6865-EDC5A8129AF3 HTTP/1.1" 200 105945
217.113.194.215 - - [03/Feb/2025:01:28:13 +0100] "GET /ticket2/opencms/sq/buy?page=1&edid=0E9E6355-4451-3402-6E1E-9044B4B2E5C3 HTTP/1.1" 200 110309
94.154.239.69 - - [03/Feb/2025:01:28:13 +0100] "GET /ticket2/opencms/sv/login/?edid=C28B3B84-6A6E-6FCB-67EF-1F8424FD799A HTTP/1.1" 200 89395
65.21.232.254 - - [03/Feb/2025:01:28:14 +0100] "GET /ticket2/opencms/sv/login/?edid=F966EE79-E5E7-C6EC-E8F4-5820F12458AE HTTP/1.1" 200 89395
66.249.79.33 - - [03/Feb/2025:01:28:15 +0100] "GET /ticket2/opencms/hu/buy/?page=1&edid=F124BA86-A27C-2AAF-548B-4E7CAF608D73 HTTP/1.1" 200 106472
185.191.171.13 - - [03/Feb/2025:01:28:15 +0100] "GET /ticket2/opencms/it/magazine/article?title=brentford-fc HTTP/1.1" 200 86917
192.99.3.137 - - [03/Feb/2025:01:28:16 +0100] "GET /ticket2/opencms/hu/buy/?page=1&edid=E0D6851F-40BC-0E9D-F3C3-0714A83BDBF3 HTTP/1.1" 200 106534
135.181.180.59 - - [03/Feb/2025:01:28:16 +0100] "GET /ticket2/opencms/sv/buy/?page=1&edid=47CC0F53-F067-291E-2086-0E3D1251A29F HTTP/1.1" 200 108152
94.154.239.69 - - [03/Feb/2025:01:28:17 +0100] "GET /ticket2/opencms/sv/login/?edid=C29FD4D7-C114-3152-7015-AC9740876339 HTTP/1.1" 200 89395
65.21.232.254 - - [03/Feb/2025:01:28:18 +0100] "GET /ticket2/opencms/sv/login/?edid=F9E0F31E-9C70-12ED-A009-FACDE1C2082E HTTP/1.1" 200 89395
66.249.79.33 - - [03/Feb/2025:01:28:21 +0100] "GET /ticket2/opencms/nl/buy?page=6&comcatid=A17713B6-D984-201A-4143-ED4DB5ED5C2E&catid=5A89E483-58AD-080E-F363-E16CE738916A&eventid=71C5BAEE-C491-0712-FC18-B70E740C173A HTTP/1.1" 200 6410
135.181.180.59 - - [03/Feb/2025:01:28:21 +0100] "GET /ticket2/opencms/sv/buy/?page=1&edid=47F8CDD4-9C92-945D-2179-85E755939116 HTTP/1.1" 200 108105
192.99.3.137 - - [03/Feb/2025:01:28:21 +0100] "GET /ticket2/opencms/hu/buy/?page=1&edid=E0DA4C4E-70A8-AB6F-171E-3FF387E35F29 HTTP/1.1" 200 110217
54.36.149.63 - - [03/Feb/2025:01:28:21 +0100] "GET /ticket2/opencms/es/deporte/entradas-futbol/serie-a/lazio/ HTTP/1.1" 200 93750
94.154.239.69 - - [03/Feb/2025:01:28:21 +0100] "GET /ticket2/opencms/sv/login/?edid=C2E0FED9-872C-CDB5-EA69-F93F12F9C91F HTTP/1.1" 200 89395
65.21.232.254 - - [03/Feb/2025:01:28:22 +0100] "GET /ticket2/opencms/sv/login/?edid=FC5EA514-F93C-EECC-4B20-DFE45DE47C5C HTTP/1.1" 200 89395
217.113.194.213 - - [03/Feb/2025:01:28:22 +0100] "GET /ticket2/opencms/sq/buy?page=1&edid=09D822F1-AFF1-3A5C-03A3-A849DEABB26B HTTP/1.1" 200 106611
5.9.55.228 - - [03/Feb/2025:01:28:23 +0100] "GET /ticket2/opencms/fi/venue/?venueid=43225DE7-2183-4D01-76EB-8CE89B54C5DC HTTP/1.1" 200 84669
135.181.180.59 - - [03/Feb/2025:01:28:24 +0100] "GET /ticket2/opencms/sv/buy/?page=1&edid=481F653D-3435-0BDC-9447-46EEEF491092 HTTP/1.1" 200 108122
192.99.3.137 - - [03/Feb/2025:01:28:25 +0100] "GET /ticket2/opencms/hu/buy/?page=1&edid=E0DCB6F1-32E5-4B69-7659-12DFC9BB0380 HTTP/1.1" 200 108697
65.21.232.254 - - [03/Feb/2025:01:28:25 +0100] "GET /ticket2/opencms/sv/login/?edid=FCE60910-FB9E-51CF-5520-1EA4F66FA1B1 HTTP/1.1" 200 89395
94.154.239.69 - - [03/Feb/2025:01:28:26 +0100] "GET /ticket2/opencms/sv/login/?edid=C2F9F2B7-32AF-63DA-7A2B-782790433798 HTTP/1.1" 200 89395
47.128.115.45 - - [03/Feb/2025:01:28:28 +0100] "GET /ticket2/opencms/bs/buy?edid=E86F0F7D-1756-1185-7E08-E94436C5DD8E HTTP/1.1" 200 89439
135.181.180.59 - - [03/Feb/2025:01:28:28 +0100] "GET /ticket2/opencms/sv/buy/?page=1&edid=49370274-9F81-C046-30B4-13C7AA6023A6 HTTP/1.1" 200 105983
54.36.149.26 - - [03/Feb/2025:01:28:29 +0100] "GET /ticket2/opencms/mt/buy/?page=1&edid=C2E0FED9-872C-CDB5-EA69-F93F12F9C91F HTTP/1.1" 200 122575
192.99.3.137 - - [03/Feb/2025:01:28:29 +0100] "GET /ticket2/opencms/hu/buy/?page=1&edid=E0F35E65-B71B-01E9-E92D-AC386E0ACF66 HTTP/1.1" 200 116211
65.21.232.254 - - [03/Feb/2025:01:28:29 +0100] "GET /ticket2/opencms/sv/login/?edid=FE62020A-9C39-D15E-4C2A-030754C888C2 HTTP/1.1" 200 89395
94.154.239.69 - - [03/Feb/2025:01:28:30 +0100] "GET /ticket2/opencms/sv/login/?edid=C3116C51-41DE-7C13-575E-661138774698 HTTP/1.1" 200 89395
217.113.194.214 - - [03/Feb/2025:01:28:30 +0100] "GET /ticket2/opencms/sq/buy?page=1&edid=09B5FA87-5074-B88F-094F-686401BC2AC6 HTTP/1.1" 200 106593
135.181.180.59 - - [03/Feb/2025:01:28:32 +0100] "GET /ticket2/opencms/sv/buy/?page=1&edid=4955C57D-F2DF-09B3-F5D4-0E9BE56A0217 HTTP/1.1" 200 105966
66.249.76.170 - - [03/Feb/2025:01:28:32 +0100] "GET /ticket2/opencms/bg/buy/?page=1&edid=7C66830B-04B4-AE40-EDE3-9E8728F88692 HTTP/1.1" 200 108507
192.99.3.137 - - [03/Feb/2025:01:28:33 +0100] "GET /ticket2/opencms/hu/buy/?page=1&edid=E11E1E12-66BC-E0C5-F313-3E777C16F760 HTTP/1.1" 200 128122
65.21.232.254 - - [03/Feb/2025:01:28:33 +0100] "GET /ticket2/opencms/sv/login/?edid=FF382314-BB66-CA82-6925-E34CB18D5219 HTTP/1.1" 200 89395
94.154.239.69 - - [03/Feb/2025:01:28:34 +0100] "GET /ticket2/opencms/sv/login/?edid=C38C9EAF-E0B0-6534-4013-4D91325C6AD1 HTTP/1.1" 200 89395
135.181.180.59 - - [03/Feb/2025:01:28:35 +0100] "GET /ticket2/opencms/sv/buy/?page=1&edid=49D609BF-3EC8-D074-841F-D5E5548BA8B3 HTTP/1.1" 200 108132
54.36.148.232 - - [03/Feb/2025:01:28:35 +0100] "GET /ticket2/opencms/az/buy?page=1&edid=5F5129B2-1702-C675-5051-34240EBE11DF HTTP/1.1" 200 106873
202.8.43.118 - - [03/Feb/2025:01:28:37 +0100] "GET /ticket2/opencms/system/modules/com.gridnine.opencms.ticketbrokerage.site/resources/css/jquery.fancybox.css HTTP/1.1" 200 4939
202.8.43.118 - - [03/Feb/2025:01:28:37 +0100] "GET /ticket2/opencms/system/modules/com.gridnine.opencms.ticketbrokerage.site/resources/css/calendar.css HTTP/1.1" 200 6871
202.8.43.118 - - [03/Feb/2025:01:28:37 +0100] "GET /ticket2/opencms/system/modules/com.gridnine.opencms.ticketbrokerage.site/resources/css/standard.css HTTP/1.1" 200 73904
202.8.43.118 - - [03/Feb/2025:01:28:37 +0100] "GET /ticket2/opencms/system/modules/com.gridnine.opencms.ticketbrokerage.site/resources/css/ticketbrokerage.css HTTP/1.1" 200 39339
202.8.43.118 - - [03/Feb/2025:01:28:37 +0100] "GET /ticket2/opencms/system/modules/com.gridnine.opencms.ticketbrokerage.site/resources/css/jquery-ui.css HTTP/1.1" 200 33221
202.8.43.118 - - [03/Feb/2025:01:28:37 +0100] "GET /ticket2/opencms/system/modules/com.gridnine.opencms.ticketbrokerage.site/resources/js/stickyfill.min.js HTTP/1.1" 200 5672
202.8.43.118 - - [03/Feb/2025:01:28:37 +0100] "GET /ticket2/opencms/system/modules/com.gridnine.opencms.ticketbrokerage.site/resources/js/jquery/jquery-ui.js HTTP/1.1" 200 228088
202.8.43.118 - - [03/Feb/2025:01:28:37 +0100] "GET /ticket2/opencms/system/modules/com.gridnine.opencms.ticketbrokerage.site/resources/js/jquery/jquery.js HTTP/1.1" 200 93868
202.8.43.118 - - [03/Feb/2025:01:28:37 +0100] "GET /ticket2/opencms/system/modules/com.gridnine.opencms.ticketbrokerage.site/resources/js/calendar.js HTTP/1.1" 200 49229
202.8.43.118 - - [03/Feb/2025:01:28:37 +0100] "GET /ticket2/opencms/system/modules/com.gridnine.opencms.ticketbrokerage.site/resources/js/functions.js HTTP/1.1" 200 1583
202.8.43.118 - - [03/Feb/2025:01:28:37 +0100] "GET /ticket2/opencms/system/modules/com.gridnine.opencms.ticketbrokerage.site/resources/js/calendar-en.js HTTP/1.1" 200 3338
202.8.43.118 - - [03/Feb/2025:01:28:37 +0100] "GET /ticket2/opencms/system/modules/com.gridnine.opencms.ticketbrokerage.site/resources/js/calendar-setup.js HTTP/1.1" 200 4923
202.8.43.118 - - [03/Feb/2025:01:28:37 +0100] "GET /ticket2/opencms/system/modules/com.gridnine.opencms.ticketbrokerage.site/resources/js/jquery.fancybox.pack.js HTTP/1.1" 200 23187
202.8.43.118 - - [03/Feb/2025:01:28:37 +0100] "GET /ticket2/opencms/system/modules/com.gridnine.opencms.ticketbrokerage.site/resources/js/standard.js HTTP/1.1" 200 3983
202.8.43.118 - - [03/Feb/2025:01:28:37 +0100] "GET /ticket2/opencms/system/modules/com.gridnine.opencms.ticketbrokerage.site/resources/js/jquery.placeholder.min.js HTTP/1.1" 200 1737
202.8.43.118 - - [03/Feb/2025:01:28:37 +0100] "GET /ticket2/opencms/system/modules/com.gridnine.opencms.ticketbrokerage.site/resources/js/common-ajax.js HTTP/1.1" 200 20175
202.8.43.118 - - [03/Feb/2025:01:28:37 +0100] "GET /ticket2/opencms/az/ask-form.html HTTP/1.1" 200 3156
202.8.43.118 - - [03/Feb/2025:01:28:37 +0100] "GET /ticket2/opencms/system/modules/com.gridnine.opencms.ticketbrokerage.site/resources/css/ticketbrokerage.css HTTP/1.1" 200 39339
192.99.3.137 - - [03/Feb/2025:01:28:37 +0100] "GET /ticket2/opencms/hu/buy/?page=1&edid=E123F66C-0D4C-91CD-D0A4-BF13FE729FE0 HTTP/1.1" 200 117050
85.208.96.196 - - [03/Feb/2025:01:28:39 +0100] "GET /ticket2/opencms/es/faq HTTP/1.1" 200 91714
94.154.239.69 - - [03/Feb/2025:01:28:39 +0100] "GET /ticket2/opencms/sv/login/?edid=C3DD4BE3-4935-9001-265A-52FCF341DCDC HTTP/1.1" 200 89395
40.77.167.243 - - [03/Feb/2025:01:28:39 +0100] "GET /ticket2/opencms/lv/buy?page=1&edid=F62458EA-DB34-886B-037E-58EA518FDDA0 HTTP/1.1" 200 108906
135.181.180.59 - - [03/Feb/2025:01:28:39 +0100] "GET /ticket2/opencms/sv/buy/?page=1&edid=4BB86639-5E8A-308E-E195-0856E56FD3F8 HTTP/1.1" 200 108527
217.113.194.214 - - [03/Feb/2025:01:28:39 +0100] "GET /ticket2/opencms/sq/buy?page=1&edid=070182EB-30EF-F34B-AE41-C4B61E82D2C9 HTTP/1.1" 200 110313
40.77.167.243 - - [03/Feb/2025:01:28:40 +0100] "GET /ticket2/opencms/hr/buy/?page=1&edid=1C5A703A-8358-300E-42E9-531340E8D2C6 HTTP/1.1" 200 106426
192.99.3.137 - - [03/Feb/2025:01:28:42 +0100] "GET /ticket2/opencms/hu/buy/?page=1&edid=E170716C-2133-4776-C981-486A080B27F2 HTTP/1.1" 200 106502
135.181.180.59 - - [03/Feb/2025:01:28:43 +0100] "GET /ticket2/opencms/sv/buy/?page=1&edid=4CD007E2-46D8-C392-660B-F9072E8A8F9F HTTP/1.1" 200 109860
52.167.144.196 - - [03/Feb/2025:01:28:43 +0100] "GET /ticket2/opencms/fi/buy/?page=1&edid=2684212B-FA50-DC4B-3CFA-1303E9638140 HTTP/1.1" 200 128103
94.154.239.69 - - [03/Feb/2025:01:28:44 +0100] "GET /ticket2/opencms/sv/login/?edid=C40EE167-D557-FB89-774E-CCFD9570D6CD HTTP/1.1" 200 89395
54.36.148.98 - - [03/Feb/2025:01:28:44 +0100] "GET /ticket2/opencms/sl/buy?page=1&edid=2F89DE74-66D3-F2EE-BBA0-20A3C149309A HTTP/1.1" 200 129790
202.8.41.41 - - [03/Feb/2025:01:28:45 +0100] "GET /ticket2/opencms/system/modules/com.gridnine.opencms.ticketbrokerage.site/resources/css/jquery-ui.css HTTP/1.1" 200 33221
202.8.41.41 - - [03/Feb/2025:01:28:45 +0100] "GET /ticket2/opencms/system/modules/com.gridnine.opencms.ticketbrokerage.site/resources/css/jquery.fancybox.css HTTP/1.1" 200 4939
202.8.41.41 - - [03/Feb/2025:01:28:45 +0100] "GET /ticket2/opencms/system/modules/com.gridnine.opencms.ticketbrokerage.site/resources/css/ticketbrokerage.css HTTP/1.1" 200 39339
202.8.41.41 - - [03/Feb/2025:01:28:45 +0100] "GET /ticket2/opencms/system/modules/com.gridnine.opencms.ticketbrokerage.site/resources/css/standard.css HTTP/1.1" 200 73904
202.8.41.41 - - [03/Feb/2025:01:28:45 +0100] "GET /ticket2/opencms/system/modules/com.gridnine.opencms.ticketbrokerage.site/resources/css/calendar.css HTTP/1.1" 200 6871
202.8.41.41 - - [03/Feb/2025:01:28:45 +0100] "GET /ticket2/opencms/system/modules/com.gridnine.opencms.ticketbrokerage.site/resources/js/functions.js HTTP/1.1" 200 1583
202.8.41.41 - - [03/Feb/2025:01:28:45 +0100] "GET /ticket2/opencms/system/modules/com.gridnine.opencms.ticketbrokerage.site/resources/js/jquery/jquery-ui.js HTTP/1.1" 200 228088
202.8.41.41 - - [03/Feb/2025:01:28:45 +0100] "GET /ticket2/opencms/system/modules/com.gridnine.opencms.ticketbrokerage.site/resources/js/jquery/jquery.js HTTP/1.1" 200 93868
202.8.41.41 - - [03/Feb/2025:01:28:45 +0100] "GET /ticket2/opencms/system/modules/com.gridnine.opencms.ticketbrokerage.site/resources/js/calendar-en.js HTTP/1.1" 200 3338
202.8.41.41 - - [03/Feb/2025:01:28:45 +0100] "GET /ticket2/opencms/system/modules/com.gridnine.opencms.ticketbrokerage.site/resources/js/calendar.js HTTP/1.1" 200 49229
202.8.41.41 - - [03/Feb/2025:01:28:45 +0100] "GET /ticket2/opencms/system/modules/com.gridnine.opencms.ticketbrokerage.site/resources/js/jquery.fancybox.pack.js HTTP/1.1" 200 23187
202.8.41.41 - - [03/Feb/2025:01:28:45 +0100] "GET /ticket2/opencms/system/modules/com.gridnine.opencms.ticketbrokerage.site/resources/js/calendar-setup.js HTTP/1.1" 200 4923
202.8.41.41 - - [03/Feb/2025:01:28:45 +0100] "GET /ticket2/opencms/system/modules/com.gridnine.opencms.ticketbrokerage.site/resources/js/stickyfill.min.js HTTP/1.1" 200 5672
202.8.41.41 - - [03/Feb/2025:01:28:45 +0100] "GET /ticket2/opencms/system/modules/com.gridnine.opencms.ticketbrokerage.site/resources/js/standard.js HTTP/1.1" 200 3983
202.8.41.41 - - [03/Feb/2025:01:28:46 +0100] "GET /ticket2/opencms/system/modules/com.gridnine.opencms.ticketbrokerage.site/resources/js/jquery.placeholder.min.js HTTP/1.1" 200 1737
202.8.41.41 - - [03/Feb/2025:01:28:46 +0100] "GET /ticket2/opencms/system/modules/com.gridnine.opencms.ticketbrokerage.site/resources/js/common-ajax.js HTTP/1.1" 200 20175
202.8.41.41 - - [03/Feb/2025:01:28:46 +0100] "GET /ticket2/opencms/sl/ask-form.html HTTP/1.1" 200 3156
192.99.3.137 - - [03/Feb/2025:01:28:46 +0100] "GET /ticket2/opencms/hu/buy/?page=1&edid=E1890C55-BB29-2521-0846-5A33B1490A2E HTTP/1.1" 200 108806
202.8.41.41 - - [03/Feb/2025:01:28:46 +0100] "GET /ticket2/opencms/system/modules/com.gridnine.opencms.ticketbrokerage.site/resources/css/ticketbrokerage.css HTTP/1.1" 200 39339
66.249.79.171 - - [03/Feb/2025:01:28:46 +0100] "GET /ticket2/opencms/hu/buy?page=1&edid=11EFBC55-130A-2310-B776-C5D86878BDAB HTTP/1.1" 200 109836
135.181.180.59 - - [03/Feb/2025:01:28:46 +0100] "GET /ticket2/opencms/sv/buy/?page=1&edid=4D167C2B-5668-1767-8ED3-D8814DA6A8A6 HTTP/1.1" 200 108762
40.77.167.16 - - [03/Feb/2025:01:28:46 +0100] "GET /ticket2/opencms/fi/magazine/article?title=tutustu-la-ligaan-livena-osta-lippusi-ticket2sta HTTP/1.1" 200 87033
94.154.239.69 - - [03/Feb/2025:01:28:48 +0100] "GET /ticket2/opencms/sv/login/?edid=C448ACCE-4E2F-44DD-92FC-D2C00A7DD0E5 HTTP/1.1" 200 89395
217.113.194.217 - - [03/Feb/2025:01:28:48 +0100] "GET /ticket2/opencms/sq/buy?page=1&edid=05B612AB-ECB3-A571-67D4-0C36E051033D HTTP/1.1" 200 106635
135.181.180.59 - - [03/Feb/2025:01:28:50 +0100] "GET /ticket2/opencms/sv/buy/?page=1&edid=4D278BE6-0347-C1FD-09C7-CBB45DD89035 HTTP/1.1" 200 105976
94.74.123.129 - - [03/Feb/2025:01:28:50 +0100] "GET /ticket2/opencms/pl/?comcatid=97ECA65A-72DA-F9AF-9DBB-245D3CFED1BE&catid=E3105E1E-3982-291E-5523-1C1DF161E9B7 HTTP/1.1" 200 104350
