202.8.40.149 - - [03/Feb/2025:00:51:42 +0100] "GET /ticket2/opencms/system/modules/com.gridnine.opencms.ticketbrokerage.site/resources/css/ticketbrokerage.css HTTP/1.1" 200 39339
202.8.40.149 - - [03/Feb/2025:00:51:42 +0100] "GET /ticket2/opencms/system/modules/com.gridnine.opencms.ticketbrokerage.site/resources/js/jquery/jquery-ui.js HTTP/1.1" 200 228088
202.8.40.149 - - [03/Feb/2025:00:51:42 +0100] "GET /ticket2/opencms/system/modules/com.gridnine.opencms.ticketbrokerage.site/resources/js/functions.js HTTP/1.1" 200 1583
202.8.40.149 - - [03/Feb/2025:00:51:42 +0100] "GET /ticket2/opencms/system/modules/com.gridnine.opencms.ticketbrokerage.site/resources/js/calendar.js HTTP/1.1" 200 49229
202.8.40.149 - - [03/Feb/2025:00:51:42 +0100] "GET /ticket2/opencms/system/modules/com.gridnine.opencms.ticketbrokerage.site/resources/js/calendar-en.js HTTP/1.1" 200 3338
202.8.40.149 - - [03/Feb/2025:00:51:42 +0100] "GET /ticket2/opencms/system/modules/com.gridnine.opencms.ticketbrokerage.site/resources/js/calendar-setup.js HTTP/1.1" 200 4923
202.8.40.149 - - [03/Feb/2025:00:51:42 +0100] "GET /ticket2/opencms/system/modules/com.gridnine.opencms.ticketbrokerage.site/resources/js/jquery.fancybox.pack.js HTTP/1.1" 200 23187
202.8.40.149 - - [03/Feb/2025:00:51:42 +0100] "GET /ticket2/opencms/system/modules/com.gridnine.opencms.ticketbrokerage.site/resources/js/stickyfill.min.js HTTP/1.1" 200 5672
202.8.40.149 - - [03/Feb/2025:00:51:42 +0100] "GET /ticket2/opencms/system/modules/com.gridnine.opencms.ticketbrokerage.site/resources/js/standard.js HTTP/1.1" 200 3983
217.113.194.215 - - [03/Feb/2025:00:51:42 +0100] "GET /ticket2/opencms/mk/buy?page=1&edid=32B0E66E-AA41-6185-F74C-E7405E9AF1F9 HTTP/1.1" 404 -
202.8.40.149 - - [03/Feb/2025:00:51:42 +0100] "GET /ticket2/opencms/system/modules/com.gridnine.opencms.ticketbrokerage.site/resources/js/jquery.placeholder.min.js HTTP/1.1" 200 1737
202.8.40.149 - - [03/Feb/2025:00:51:42 +0100] "GET /ticket2/opencms/system/modules/com.gridnine.opencms.ticketbrokerage.site/resources/js/common-ajax.js HTTP/1.1" 200 20175
65.21.232.254 - - [03/Feb/2025:00:51:44 +0100] "GET /ticket2/opencms/en/buy/?page=1&edid=3B7ABFED-CCD4-8F1F-8F8D-A476A0A381CC&sortorder=asc&column=section HTTP/1.1" 200 111159
114.119.140.111 - - [03/Feb/2025:00:51:45 +0100] "GET /ticket2/opencms/en/magazine/article?title=champions-league-tickets-on-ticket2 HTTP/1.1" 200 95821
65.21.232.254 - - [03/Feb/2025:00:51:47 +0100] "GET /ticket2/opencms/en/buy/?page=1&edid=3B7ABFED-CCD4-8F1F-8F8D-A476A0A381CC&sortorder=desc&column=price HTTP/1.1" 200 111125
217.113.194.214 - - [03/Feb/2025:00:51:50 +0100] "GET /ticket2/opencms/mk/buy?page=1&edid=31B9C446-A8DC-95DD-A849-35A34B746A74 HTTP/1.1" 404 -
65.21.232.254 - - [03/Feb/2025:00:51:50 +0100] "GET /ticket2/opencms/en/buy/?page=1&edid=3BC0166D-3334-F436-7AC9-C815C4D456EB HTTP/1.1" 200 109880
40.77.167.55 - - [03/Feb/2025:00:51:53 +0100] "GET /ticket2/opencms/pl/magazine/article?title=kup-bilety-na-bundeslige-na-ticket2com HTTP/1.1" 200 92875
65.21.232.254 - - [03/Feb/2025:00:51:54 +0100] "GET /ticket2/opencms/en/buy/?page=1&edid=3BF089D2-CA6A-D5BF-ED58-5522099ECEE1 HTTP/1.1" 200 109698
5.9.55.228 - - [03/Feb/2025:00:51:55 +0100] "GET /ticket2/opencms/fi/venue/?countryid=D9E13DB9-8338-AA2E-D2F0-97CDF9CA1F76 HTTP/1.1" 200 116320
40.77.167.55 - - [03/Feb/2025:00:51:55 +0100] "GET /ticket2/opencms/no/buy/?page=1&edid=99B7134F-446F-0A04-2F95-A7B97BC1E95C HTTP/1.1" 200 110231
54.36.148.235 - - [03/Feb/2025:00:51:57 +0100] "GET /ticket2/opencms/es/buy?page=1&edid=0BE732AB-67CD-FDAE-FCB3-FFE731054A7F HTTP/1.1" 200 108836
65.21.232.254 - - [03/Feb/2025:00:51:57 +0100] "GET /ticket2/opencms/en/buy/?page=1&edid=3BF089D2-CA6A-D5BF-ED58-5522099ECEE1&sortorder=desc&column=price HTTP/1.1" 200 110701
94.74.104.146 - - [03/Feb/2025:00:51:58 +0100] "GET /ticket2/opencms/pl/buy?page=1&edid=03BA102A-E427-5E85-57CB-87649D81FA9D HTTP/1.1" 200 112418
217.113.194.215 - - [03/Feb/2025:00:51:59 +0100] "GET /ticket2/opencms/mk/buy?page=1&edid=3AC4801A-22EA-FD01-C041-B6E0417E770D HTTP/1.1" 404 -
52.167.144.196 - - [03/Feb/2025:00:52:00 +0100] "GET /ticket2/opencms/nl/buy?page=1&edid=F83ACB1F-A834-FC8E-AC9B-B9250F8FA653 HTTP/1.1" 200 122184
65.21.232.254 - - [03/Feb/2025:00:52:00 +0100] "GET /ticket2/opencms/en/buy/?page=1&edid=3BF089D2-CA6A-D5BF-ED58-5522099ECEE1&sortorder=desc&column=row HTTP/1.1" 200 110597
66.249.79.4 - - [03/Feb/2025:00:52:02 +0100] "GET /ticket2/opencms/ga/buy/?page=1&edid=1C10CC18-4291-CEF7-0875-B8ABB6B6CC74 HTTP/1.1" 200 109200
65.21.232.254 - - [03/Feb/2025:00:52:04 +0100] "GET /ticket2/opencms/en/buy/?page=1&edid=3BF089D2-CA6A-D5BF-ED58-5522099ECEE1&sortorder=desc&column=section HTTP/1.1" 200 110755
52.167.144.187 - - [03/Feb/2025:00:52:05 +0100] "GET /ticket2/opencms/sk/?comcatid=A17713B6-D984-201A-4143-ED4DB5ED5C2E&catid=7BADFFFB-57C5-5DBC-E7EB-B45075B3D8F9 HTTP/1.1" 200 107051
195.191.219.133 - - [03/Feb/2025:00:52:07 +0100] "GET /ticket2/opencms/robots.txt HTTP/1.1" 200 773
65.21.232.254 - - [03/Feb/2025:00:52:07 +0100] "GET /ticket2/opencms/en/buy/?page=1&edid=3DACB5F5-E2DD-CECF-F2C8-FA8DEE8CA3F7&sortorder=desc&column=row HTTP/1.1" 200 111082
154.54.249.216 - - [03/Feb/2025:00:52:08 +0100] "GET /ticket2/opencms/mk/buy?page=1&edid=224E301E-62C2-7FAB-1E09-EB70E2A87B16 HTTP/1.1" 404 -
195.191.219.133 - - [03/Feb/2025:00:52:10 +0100] "GET /ticket2/opencms/en/login/?edid=2FD5F0EB-47D4-01C1-109D-EE3555FD94EC HTTP/1.1" 200 90240
65.21.232.254 - - [03/Feb/2025:00:52:11 +0100] "GET /ticket2/opencms/en/buy/?page=1&edid=3E257DE0-0B8D-4DA4-DFD7-1A0533F4A423&sortorder=asc&column=price HTTP/1.1" 200 110082
54.36.148.19 - - [03/Feb/2025:00:52:11 +0100] "GET /ticket2/opencms/es/buy?page=1&edid=1C10CC18-4291-CEF7-0875-B8ABB6B6CC74 HTTP/1.1" 200 108852
202.8.43.199 - - [03/Feb/2025:00:52:12 +0100] "GET /ticket2/opencms/system/modules/com.gridnine.opencms.ticketbrokerage.site/resources/css/jquery.fancybox.css HTTP/1.1" 200 4939
202.8.43.199 - - [03/Feb/2025:00:52:12 +0100] "GET /ticket2/opencms/system/modules/com.gridnine.opencms.ticketbrokerage.site/resources/css/standard.css HTTP/1.1" 200 73904
202.8.43.199 - - [03/Feb/2025:00:52:12 +0100] "GET /ticket2/opencms/system/modules/com.gridnine.opencms.ticketbrokerage.site/resources/css/ticketbrokerage.css HTTP/1.1" 200 39339
202.8.43.199 - - [03/Feb/2025:00:52:12 +0100] "GET /ticket2/opencms/system/modules/com.gridnine.opencms.ticketbrokerage.site/resources/css/calendar.css HTTP/1.1" 200 6871
202.8.43.199 - - [03/Feb/2025:00:52:12 +0100] "GET /ticket2/opencms/system/modules/com.gridnine.opencms.ticketbrokerage.site/resources/css/jquery-ui.css HTTP/1.1" 200 33221
202.8.43.199 - - [03/Feb/2025:00:52:12 +0100] "GET /ticket2/opencms/system/modules/com.gridnine.opencms.ticketbrokerage.site/resources/js/jquery/jquery-ui.js HTTP/1.1" 200 228088
202.8.43.199 - - [03/Feb/2025:00:52:12 +0100] "GET /ticket2/opencms/system/modules/com.gridnine.opencms.ticketbrokerage.site/resources/js/jquery/jquery.js HTTP/1.1" 200 93868
202.8.43.199 - - [03/Feb/2025:00:52:12 +0100] "GET /ticket2/opencms/system/modules/com.gridnine.opencms.ticketbrokerage.site/resources/js/functions.js HTTP/1.1" 200 1583
202.8.43.199 - - [03/Feb/2025:00:52:12 +0100] "GET /ticket2/opencms/system/modules/com.gridnine.opencms.ticketbrokerage.site/resources/js/calendar.js HTTP/1.1" 200 49229
202.8.43.199 - - [03/Feb/2025:00:52:12 +0100] "GET /ticket2/opencms/system/modules/com.gridnine.opencms.ticketbrokerage.site/resources/js/calendar-en.js HTTP/1.1" 200 3338
202.8.43.199 - - [03/Feb/2025:00:52:12 +0100] "GET /ticket2/opencms/system/modules/com.gridnine.opencms.ticketbrokerage.site/resources/js/calendar-setup.js HTTP/1.1" 200 4923
202.8.43.199 - - [03/Feb/2025:00:52:12 +0100] "GET /ticket2/opencms/system/modules/com.gridnine.opencms.ticketbrokerage.site/resources/js/jquery.fancybox.pack.js HTTP/1.1" 200 23187
202.8.43.199 - - [03/Feb/2025:00:52:12 +0100] "GET /ticket2/opencms/system/modules/com.gridnine.opencms.ticketbrokerage.site/resources/js/stickyfill.min.js HTTP/1.1" 200 5672
202.8.43.199 - - [03/Feb/2025:00:52:12 +0100] "GET /ticket2/opencms/system/modules/com.gridnine.opencms.ticketbrokerage.site/resources/js/standard.js HTTP/1.1" 200 3983
202.8.43.199 - - [03/Feb/2025:00:52:13 +0100] "GET /ticket2/opencms/system/modules/com.gridnine.opencms.ticketbrokerage.site/resources/js/jquery.placeholder.min.js HTTP/1.1" 200 1737
202.8.43.199 - - [03/Feb/2025:00:52:13 +0100] "GET /ticket2/opencms/system/modules/com.gridnine.opencms.ticketbrokerage.site/resources/js/common-ajax.js HTTP/1.1" 200 20175
202.8.43.199 - - [03/Feb/2025:00:52:13 +0100] "GET /ticket2/opencms/es/ask-form.html HTTP/1.1" 200 3156
202.8.43.199 - - [03/Feb/2025:00:52:13 +0100] "GET /ticket2/opencms/system/modules/com.gridnine.opencms.ticketbrokerage.site/resources/css/ticketbrokerage.css HTTP/1.1" 200 39339
195.191.219.133 - - [03/Feb/2025:00:52:14 +0100] "GET /ticket2/opencms/en/login/?edid=2FEC6466-2972-B3E3-5EB3-4D7B08898B31 HTTP/1.1" 200 90219
65.21.232.254 - - [03/Feb/2025:00:52:14 +0100] "GET /ticket2/opencms/en/buy/?page=1&edid=3E257DE0-0B8D-4DA4-DFD7-1A0533F4A423&sortorder=asc&column=row HTTP/1.1" 200 109984
217.113.194.217 - - [03/Feb/2025:00:52:16 +0100] "GET /ticket2/opencms/mk/buy?page=1&edid=2504116F-9B00-F8B9-A7E6-66686A6BE7BB HTTP/1.1" 404 -
195.191.219.133 - - [03/Feb/2025:00:52:17 +0100] "GET /ticket2/opencms/en/login/?edid=304B5316-0320-2838-01B8-507789F0700B HTTP/1.1" 200 90219
65.21.232.254 - - [03/Feb/2025:00:52:17 +0100] "GET /ticket2/opencms/en/buy/?page=1&edid=3E257DE0-0B8D-4DA4-DFD7-1A0533F4A423&sortorder=asc&column=section HTTP/1.1" 200 110148
65.21.232.254 - - [03/Feb/2025:00:52:21 +0100] "GET /ticket2/opencms/en/buy/?page=1&edid=3E315332-7389-11F7-FC0A-A2C68F847183&sortorder=desc&column=section HTTP/1.1" 200 110691
195.191.219.133 - - [03/Feb/2025:00:52:21 +0100] "GET /ticket2/opencms/en/login/?edid=305631E2-33D7-D561-07F3-8C2ECFC3A6C2 HTTP/1.1" 200 90237
40.77.167.55 - - [03/Feb/2025:00:52:24 +0100] "GET /ticket2/opencms/bg/buy?page=1&edid=CBAF1A8A-A599-AAE9-8D31-B8707E07D44E HTTP/1.1" 200 111176
217.113.194.221 - - [03/Feb/2025:00:52:24 +0100] "GET /ticket2/opencms/mk/buy?page=1&edid=26EA80D4-128B-1EC0-E09C-EA350ABC3F19 HTTP/1.1" 404 -
65.21.232.254 - - [03/Feb/2025:00:52:25 +0100] "GET /ticket2/opencms/en/buy/?page=1&edid=3EB861B6-E18E-9E71-7780-7E9C719C08F8 HTTP/1.1" 200 109267
195.191.219.133 - - [03/Feb/2025:00:52:25 +0100] "GET /ticket2/opencms/en/login/?edid=31B57CB4-5BAE-CD30-1F07-2FBEC8C03183 HTTP/1.1" 200 90243
54.36.149.6 - - [03/Feb/2025:00:52:28 +0100] "GET /ticket2/opencms/es/buy?page=1&edid=B07556EE-85E6-A902-E46B-ABCA49980DB1 HTTP/1.1" 200 112011
65.21.232.254 - - [03/Feb/2025:00:52:28 +0100] "GET /ticket2/opencms/en/buy/?page=1&edid=3EB861B6-E18E-9E71-7780-7E9C719C08F8&sortorder=desc&column=price HTTP/1.1" 200 110234
195.191.219.133 - - [03/Feb/2025:00:52:28 +0100] "GET /ticket2/opencms/en/login/?edid=32134176-F0AA-BAD2-9EEC-9C7891AB172B HTTP/1.1" 200 90182
202.8.43.150 - - [03/Feb/2025:00:52:29 +0100] "GET /ticket2/opencms/system/modules/com.gridnine.opencms.ticketbrokerage.site/resources/css/calendar.css HTTP/1.1" 200 6871
202.8.43.150 - - [03/Feb/2025:00:52:29 +0100] "GET /ticket2/opencms/system/modules/com.gridnine.opencms.ticketbrokerage.site/resources/css/jquery.fancybox.css HTTP/1.1" 200 4939
202.8.43.150 - - [03/Feb/2025:00:52:29 +0100] "GET /ticket2/opencms/system/modules/com.gridnine.opencms.ticketbrokerage.site/resources/css/standard.css HTTP/1.1" 200 73904
202.8.43.150 - - [03/Feb/2025:00:52:29 +0100] "GET /ticket2/opencms/system/modules/com.gridnine.opencms.ticketbrokerage.site/resources/css/ticketbrokerage.css HTTP/1.1" 200 39339
202.8.43.150 - - [03/Feb/2025:00:52:29 +0100] "GET /ticket2/opencms/system/modules/com.gridnine.opencms.ticketbrokerage.site/resources/css/jquery-ui.css HTTP/1.1" 200 33221
202.8.43.150 - - [03/Feb/2025:00:52:29 +0100] "GET /ticket2/opencms/system/modules/com.gridnine.opencms.ticketbrokerage.site/resources/js/calendar.js HTTP/1.1" 200 49229
202.8.43.150 - - [03/Feb/2025:00:52:29 +0100] "GET /ticket2/opencms/system/modules/com.gridnine.opencms.ticketbrokerage.site/resources/js/functions.js HTTP/1.1" 200 1583
202.8.43.150 - - [03/Feb/2025:00:52:29 +0100] "GET /ticket2/opencms/system/modules/com.gridnine.opencms.ticketbrokerage.site/resources/js/jquery/jquery.js HTTP/1.1" 200 93868
202.8.43.150 - - [03/Feb/2025:00:52:29 +0100] "GET /ticket2/opencms/system/modules/com.gridnine.opencms.ticketbrokerage.site/resources/js/jquery/jquery-ui.js HTTP/1.1" 200 228088
202.8.43.150 - - [03/Feb/2025:00:52:29 +0100] "GET /ticket2/opencms/system/modules/com.gridnine.opencms.ticketbrokerage.site/resources/js/calendar-en.js HTTP/1.1" 200 3338
202.8.43.150 - - [03/Feb/2025:00:52:29 +0100] "GET /ticket2/opencms/system/modules/com.gridnine.opencms.ticketbrokerage.site/resources/js/calendar-setup.js HTTP/1.1" 200 4923
202.8.43.150 - - [03/Feb/2025:00:52:29 +0100] "GET /ticket2/opencms/system/modules/com.gridnine.opencms.ticketbrokerage.site/resources/js/jquery.fancybox.pack.js HTTP/1.1" 200 23187
202.8.43.150 - - [03/Feb/2025:00:52:29 +0100] "GET /ticket2/opencms/system/modules/com.gridnine.opencms.ticketbrokerage.site/resources/js/stickyfill.min.js HTTP/1.1" 200 5672
202.8.43.150 - - [03/Feb/2025:00:52:29 +0100] "GET /ticket2/opencms/system/modules/com.gridnine.opencms.ticketbrokerage.site/resources/js/standard.js HTTP/1.1" 200 3983
202.8.43.150 - - [03/Feb/2025:00:52:29 +0100] "GET /ticket2/opencms/system/modules/com.gridnine.opencms.ticketbrokerage.site/resources/js/jquery.placeholder.min.js HTTP/1.1" 200 1737
202.8.43.150 - - [03/Feb/2025:00:52:29 +0100] "GET /ticket2/opencms/system/modules/com.gridnine.opencms.ticketbrokerage.site/resources/js/common-ajax.js HTTP/1.1" 200 20175
202.8.43.150 - - [03/Feb/2025:00:52:29 +0100] "GET /ticket2/opencms/es/ask-form.html HTTP/1.1" 200 3156
202.8.43.150 - - [03/Feb/2025:00:52:30 +0100] "GET /ticket2/opencms/system/modules/com.gridnine.opencms.ticketbrokerage.site/resources/css/ticketbrokerage.css HTTP/1.1" 200 39339
66.249.76.160 - - [03/Feb/2025:00:52:31 +0100] "GET /ticket2/opencms/sl/buy/?page=1&edid=D82A55E9-700E-0A50-F575-755C8E3E7147 HTTP/1.1" 200 110974
65.21.232.254 - - [03/Feb/2025:00:52:31 +0100] "GET /ticket2/opencms/en/buy/?page=1&edid=3EB861B6-E18E-9E71-7780-7E9C719C08F8&sortorder=desc&column=row HTTP/1.1" 200 110156
195.191.219.133 - - [03/Feb/2025:00:52:32 +0100] "GET /ticket2/opencms/en/login/?edid=35C0B379-934B-06A4-4A03-1AC72E03F62D HTTP/1.1" 200 90255
5.9.55.228 - - [03/Feb/2025:00:52:32 +0100] "GET /ticket2/opencms/fi/venue/?countryid=DB82417F-35E8-BF3C-287A-21ECAFBB9DD1 HTTP/1.1" 200 116421
217.113.194.212 - - [03/Feb/2025:00:52:33 +0100] "GET /ticket2/opencms/mk/buy?page=1&edid=26FD5F34-C195-7172-EE2F-9EC20DBD4239 HTTP/1.1" 404 -
65.21.232.254 - - [03/Feb/2025:00:52:35 +0100] "GET /ticket2/opencms/en/buy/?page=1&edid=3FF858CF-7356-7395-9E59-43541CB37D87 HTTP/1.1" 200 110315
195.191.219.133 - - [03/Feb/2025:00:52:36 +0100] "GET /ticket2/opencms/en/login/?edid=35EFB89D-083E-DDDE-DB3C-9BE9A310E552 HTTP/1.1" 200 90231
65.21.232.254 - - [03/Feb/2025:00:52:38 +0100] "GET /ticket2/opencms/en/buy/?page=1&edid=40B70B22-910C-2CEB-BC32-2263AEA98A84 HTTP/1.1" 200 110843
195.191.219.133 - - [03/Feb/2025:00:52:40 +0100] "GET /ticket2/opencms/en/login/?edid=3638EB16-5866-E1CB-5999-FBB60C5F977B HTTP/1.1" 200 90259
154.54.249.216 - - [03/Feb/2025:00:52:41 +0100] "GET /ticket2/opencms/mk/buy?page=1&edid=29B478B3-1B3A-E3C8-BB43-298745EBB50E HTTP/1.1" 404 -
65.21.232.254 - - [03/Feb/2025:00:52:42 +0100] "GET /ticket2/opencms/en/buy/?page=1&edid=41044044-C5F8-F8C2-1991-FDE42C24C5E5 HTTP/1.1" 200 110789
124.243.176.24 - - [03/Feb/2025:00:52:42 +0100] "GET /ticket2/opencms/pl/buy?page=1&edid=1DDA2165-3123-2529-8958-38278C6C51D1 HTTP/1.1" 200 110833
54.36.148.242 - - [03/Feb/2025:00:52:42 +0100] "GET /ticket2/opencms/de HTTP/1.1" 200 106412
195.191.219.133 - - [03/Feb/2025:00:52:43 +0100] "GET /ticket2/opencms/en/login/?edid=3738A0D3-C079-14B1-4C9B-A3A8C17E2833 HTTP/1.1" 200 90231
65.21.232.254 - - [03/Feb/2025:00:52:45 +0100] "GET /ticket2/opencms/en/buy/?page=1&edid=4105D8CD-D088-4DA8-FE5F-C7AF0BF13DEB HTTP/1.1" 200 109614
195.191.219.133 - - [03/Feb/2025:00:52:47 +0100] "GET /ticket2/opencms/en/login/?edid=375FABE1-6816-9C9D-9480-DF76DB2054A0 HTTP/1.1" 200 90271
65.21.232.254 - - [03/Feb/2025:00:52:49 +0100] "GET /ticket2/opencms/en/buy/?page=1&edid=41E8FD9A-7D19-BB8D-34EF-E33CD7FDD762 HTTP/1.1" 200 109123
217.113.194.214 - - [03/Feb/2025:00:52:49 +0100] "GET /ticket2/opencms/mk/buy?page=1&edid=2A86C7CA-20D1-F83C-57AB-45AD3646FFCF HTTP/1.1" 404 -
195.191.219.133 - - [03/Feb/2025:00:52:51 +0100] "GET /ticket2/opencms/en/login/?edid=39D2D755-8464-8F52-377C-8885A51D4032 HTTP/1.1" 200 90219
37.123.143.11 - - [03/Feb/2025:00:52:51 +0100] "POST /ticket2/opencms/system/workplace/editors/editor_main.jsp HTTP/1.1" 200 928
37.123.143.11 - - [03/Feb/2025:00:52:51 +0100] "GET /ticket2/opencms/system/workplace/views/top_js.jsp HTTP/1.1" 200 7389
37.123.143.11 - - [03/Feb/2025:00:52:51 +0100] "GET /ticket2/opencms/system/workplace/views/top_head.jsp?wpFrame=head HTTP/1.1" 200 8556
37.123.143.11 - - [03/Feb/2025:00:52:51 +0100] "GET /ticket2/opencms/system/workplace/views/explorer/explorer_fs.jsp?wpFrame=body HTTP/1.1" 200 448
37.123.143.11 - - [03/Feb/2025:00:52:51 +0100] "GET /ticket2/opencms/system/workplace/commons/style/workplace.css HTTP/1.1" 200 14209
37.123.143.11 - - [03/Feb/2025:00:52:51 +0100] "GET /ticket2/opencms/system/workplace/views/top_foot.jsp?wpFrame=foot HTTP/1.1" 200 1209
37.123.143.11 - - [03/Feb/2025:00:52:51 +0100] "GET /ticket2/opencms/system/workplace/views/explorer/explorer_body_fs.jsp HTTP/1.1" 200 400
37.123.143.11 - - [03/Feb/2025:00:52:51 +0100] "GET /ticket2/opencms/system/workplace/commons/style/workplace.css HTTP/1.1" 200 14209
37.123.143.11 - - [03/Feb/2025:00:52:51 +0100] "GET /ticket2/opencms/system/workplace/views/explorer/tree_fs.jsp HTTP/1.1" 200 3861
37.123.143.11 - - [03/Feb/2025:00:52:52 +0100] "GET /ticket2/opencms/system/workplace/views/explorer/tree_files.jsp?resource=/ HTTP/1.1" 200 3437
37.123.143.11 - - [03/Feb/2025:00:52:52 +0100] "GET /ticket2/opencms/system/workplace/views/explorer/explorer_files.jsp?mode=explorerview HTTP/1.1" 200 6305
37.123.143.11 - - [03/Feb/2025:00:52:52 +0100] "GET /ticket2/opencms/system/workplace/commons/style/workplace.css HTTP/1.1" 200 14209
65.21.232.254 - - [03/Feb/2025:00:52:52 +0100] "GET /ticket2/opencms/en/buy/?page=1&edid=41E9C3A6-1ED0-8493-C595-0C2D48714D8A HTTP/1.1" 200 109499
54.36.148.214 - - [03/Feb/2025:00:52:53 +0100] "GET /ticket2/opencms/it/buy?page=1&edid=0BE732AB-67CD-FDAE-FCB3-FFE731054A7F HTTP/1.1" 200 108482
37.123.143.11 - - [03/Feb/2025:00:52:54 +0100] "GET /ticket2/opencms/system/workplace/commons/displayresource.jsp?resource=/system/modules/com.gridnine.opencms.ticketbrokerage.site/elements/popular-links.jsp HTTP/1.1" 302 -
37.123.143.11 - - [03/Feb/2025:00:52:54 +0100] "GET /ticket2/opencms/system/modules/com.gridnine.opencms.ticketbrokerage.site/elements/popular-links.jsp HTTP/1.1" 200 25528
37.123.143.11 - - [03/Feb/2025:00:52:54 +0100] "GET /ticket2/opencms/system/workplace/commons/style/workplace.css HTTP/1.1" 200 14209
37.123.143.11 - - [03/Feb/2025:00:52:54 +0100] "GET /ticket2/opencms/system/workplace/resources/commons/error.png HTTP/1.1" 200 1891
195.191.219.133 - - [03/Feb/2025:00:52:55 +0100] "GET /ticket2/opencms/en/login/?edid=3AF4CAD1-D246-7250-0DA7-FB4050322B4B HTTP/1.1" 200 90230
65.21.232.254 - - [03/Feb/2025:00:52:56 +0100] "GET /ticket2/opencms/en/buy/?page=1&edid=423B320F-7F2E-363C-C199-E3044DDC02A2 HTTP/1.1" 200 106959
66.249.79.34 - - [03/Feb/2025:00:52:57 +0100] "GET /ticket2/opencms/uk/buy/?page=1&edid=879A0B03-C73E-8AC2-4186-784286DB1A25 HTTP/1.1" 200 110984
217.113.194.214 - - [03/Feb/2025:00:52:58 +0100] "GET /ticket2/opencms/mk/buy?page=1&edid=24DA4365-06A3-2349-F7E6-CA02D31FCB88 HTTP/1.1" 404 -
195.191.219.133 - - [03/Feb/2025:00:52:59 +0100] "GET /ticket2/opencms/en/login/?edid=3BF84162-7DAE-562C-A4D1-16310EB68CA0 HTTP/1.1" 200 90210
54.36.149.37 - - [03/Feb/2025:00:52:59 +0100] "GET /ticket2/opencms/lv/login/?url=/lv/sell/ HTTP/1.1" 200 91842
65.21.232.254 - - [03/Feb/2025:00:52:59 +0100] "GET /ticket2/opencms/en/buy/?page=1&edid=439D29FA-F236-A6D6-CD43-17BBF1CDD5E9 HTTP/1.1" 200 110234
195.191.219.133 - - [03/Feb/2025:00:53:02 +0100] "GET /ticket2/opencms/en/login/?edid=3C4C7634-67DC-7A19-204D-9BC6FA217893 HTTP/1.1" 200 90273
65.21.232.254 - - [03/Feb/2025:00:53:03 +0100] "GET /ticket2/opencms/en/buy/?page=1&edid=4690C45A-973C-7B8F-7E2E-6FB366B2E6A9 HTTP/1.1" 200 110326
47.128.60.179 - - [03/Feb/2025:00:53:04 +0100] "GET /ticket2/opencms/bg/buy/?edid=AD0E3D9F-2910-5DC4-03D7-A91917CC0ADD HTTP/1.1" 200 92651
37.123.143.11 - - [03/Feb/2025:00:53:05 +0100] "POST /ticket2/opencms/system/workplace/views/explorer/contextmenu.jsp HTTP/1.1" 200 4485
195.191.219.133 - - [03/Feb/2025:00:53:06 +0100] "GET /ticket2/opencms/en/login/?edid=3DF4291F-04C2-AD3A-CB04-5D1401F45049 HTTP/1.1" 200 90211
217.113.194.220 - - [03/Feb/2025:00:53:06 +0100] "GET /ticket2/opencms/mk/buy?page=1&edid=2BFEA14C-B07E-DAFB-F233-A8E8F3375306 HTTP/1.1" 404 -
37.123.143.11 - - [03/Feb/2025:00:53:06 +0100] "POST /ticket2/opencms/system/workplace/editors/editor.jsp HTTP/1.1" 200 942
37.123.143.11 - - [03/Feb/2025:00:53:06 +0100] "GET /ticket2/opencms/system/workplace/editors/editor_main.jsp?resourcelist=&resource=%2Fsystem%2Fmodules%2Fcom.gridnine.opencms.ticketbrokerage.site%2Felements%2Fpopular-links.jsp HTTP/1.1" 200 13147
37.123.143.11 - - [03/Feb/2025:00:53:06 +0100] "GET /ticket2/opencms/system/workplace/views/top_foot.jsp HTTP/1.1" 200 1209
37.123.143.11 - - [03/Feb/2025:00:53:06 +0100] "GET /ticket2/opencms/system/workplace/commons/style/workplace.css HTTP/1.1" 200 14209
37.123.143.11 - - [03/Feb/2025:00:53:06 +0100] "GET /ticket2/opencms/system/workplace/commons/style/workplace.css HTTP/1.1" 200 14209
65.21.232.254 - - [03/Feb/2025:00:53:06 +0100] "GET /ticket2/opencms/en/buy/?page=1&edid=47F8CDD4-9C92-945D-2179-85E755939116 HTTP/1.1" 200 109067
195.191.219.133 - - [03/Feb/2025:00:53:10 +0100] "GET /ticket2/opencms/en/login/?edid=410E5D45-3554-9686-AC44-296535144611 HTTP/1.1" 200 90236
54.36.149.97 - - [03/Feb/2025:00:53:10 +0100] "GET /ticket2/opencms/en/login HTTP/1.1" 200 90242
65.21.232.254 - - [03/Feb/2025:00:53:10 +0100] "GET /ticket2/opencms/en/buy/?page=1&edid=4AA6517A-20F8-FABD-7232-64064D349205 HTTP/1.1" 200 110114
185.191.171.15 - - [03/Feb/2025:00:53:10 +0100] "GET /ticket2/opencms/be/magazine/article?title=abdul-fatawu-will-miss-the-rest-of-the-season HTTP/1.1" 200 94875
5.9.55.228 - - [03/Feb/2025:00:53:11 +0100] "GET /ticket2/opencms/fi/venue/?countryid=DBAF1CDD-BB02-B386-3F1A-E606C2F733BC HTTP/1.1" 200 118140
65.21.232.254 - - [03/Feb/2025:00:53:13 +0100] "GET /ticket2/opencms/en/buy/?page=1&edid=4B09E820-5794-7A82-6B53-CFC85457C260 HTTP/1.1" 200 110133
195.191.219.133 - - [03/Feb/2025:00:53:14 +0100] "GET /ticket2/opencms/en/login/?edid=41E8FD9A-7D19-BB8D-34EF-E33CD7FDD762 HTTP/1.1" 200 90252
217.113.194.212 - - [03/Feb/2025:00:53:14 +0100] "GET /ticket2/opencms/mk/buy?page=1&edid=243EB3E1-5742-2E61-6FE1-9C31B1193B60 HTTP/1.1" 404 -
65.21.232.254 - - [03/Feb/2025:00:53:17 +0100] "GET /ticket2/opencms/en/buy/?page=1&edid=4CD007E2-46D8-C392-660B-F9072E8A8F9F HTTP/1.1" 200 110841
195.191.219.133 - - [03/Feb/2025:00:53:17 +0100] "GET /ticket2/opencms/en/login/?edid=439D29FA-F236-A6D6-CD43-17BBF1CDD5E9 HTTP/1.1" 200 90220
65.21.232.254 - - [03/Feb/2025:00:53:21 +0100] "GET /ticket2/opencms/en/buy/?page=1&edid=4D278BE6-0347-C1FD-09C7-CBB45DD89035 HTTP/1.1" 200 106923
195.191.219.133 - - [03/Feb/2025:00:53:21 +0100] "GET /ticket2/opencms/en/login/?edid=44411347-218A-BCCA-1011-D7910A354586 HTTP/1.1" 200 90223
185.191.171.14 - - [03/Feb/2025:00:53:22 +0100] "GET /ticket2/opencms/dk/sport/ishockey/nhl/florida/ HTTP/1.1" 200 86828
217.113.194.218 - - [03/Feb/2025:00:53:22 +0100] "GET /ticket2/opencms/mk/buy?page=1&edid=288914E4-86BD-75A7-267C-2B1CEC86C7B4 HTTP/1.1" 404 -
65.21.232.254 - - [03/Feb/2025:00:53:24 +0100] "GET /ticket2/opencms/en/buy/?page=1&edid=4D364E03-A097-4713-8FB5-7221C5177BA1 HTTP/1.1" 200 110138
195.191.219.133 - - [03/Feb/2025:00:53:24 +0100] "GET /ticket2/opencms/en/login/?edid=456ECABC-9BC7-FA80-A302-4E57CB832A9A HTTP/1.1" 200 90213
54.36.149.106 - - [03/Feb/2025:00:53:26 +0100] "GET /ticket2/opencms/es/search.html HTTP/1.1" 200 96854
65.21.232.254 - - [03/Feb/2025:00:53:27 +0100] "GET /ticket2/opencms/en/buy/?page=1&edid=4D950E6A-7C62-0606-FF8B-30104C70E3A5 HTTP/1.1" 200 110159
195.191.219.133 - - [03/Feb/2025:00:53:28 +0100] "GET /ticket2/opencms/en/login/?edid=459BE882-0565-B24D-DB56-F6A166521FB6 HTTP/1.1" 200 90191
37.123.143.11 - - [03/Feb/2025:00:53:28 +0100] "POST /ticket2/opencms/system/workplace/editors/editor_main.jsp HTTP/1.1" 200 928
37.123.143.11 - - [03/Feb/2025:00:53:28 +0100] "GET /ticket2/opencms/system/workplace/views/top_js.jsp HTTP/1.1" 200 7389
37.123.143.11 - - [03/Feb/2025:00:53:28 +0100] "GET /ticket2/opencms/system/workplace/views/top_head.jsp?wpFrame=head HTTP/1.1" 200 8556
37.123.143.11 - - [03/Feb/2025:00:53:28 +0100] "GET /ticket2/opencms/system/workplace/views/explorer/explorer_fs.jsp?wpFrame=body HTTP/1.1" 200 448
37.123.143.11 - - [03/Feb/2025:00:53:28 +0100] "GET /ticket2/opencms/system/workplace/commons/style/workplace.css HTTP/1.1" 200 14209
37.123.143.11 - - [03/Feb/2025:00:53:28 +0100] "GET /ticket2/opencms/system/workplace/views/top_foot.jsp?wpFrame=foot HTTP/1.1" 200 1209
37.123.143.11 - - [03/Feb/2025:00:53:28 +0100] "GET /ticket2/opencms/system/workplace/views/explorer/explorer_body_fs.jsp HTTP/1.1" 200 400
37.123.143.11 - - [03/Feb/2025:00:53:28 +0100] "GET /ticket2/opencms/system/workplace/commons/style/workplace.css HTTP/1.1" 200 14209
37.123.143.11 - - [03/Feb/2025:00:53:28 +0100] "GET /ticket2/opencms/system/workplace/views/explorer/tree_fs.jsp HTTP/1.1" 200 3861
37.123.143.11 - - [03/Feb/2025:00:53:28 +0100] "GET /ticket2/opencms/system/workplace/views/explorer/tree_files.jsp?resource=/ HTTP/1.1" 200 3437
37.123.143.11 - - [03/Feb/2025:00:53:28 +0100] "GET /ticket2/opencms/system/workplace/views/explorer/explorer_files.jsp?mode=explorerview HTTP/1.1" 200 6305
37.123.143.11 - - [03/Feb/2025:00:53:28 +0100] "GET /ticket2/opencms/system/workplace/commons/style/workplace.css HTTP/1.1" 200 14209
185.191.171.13 - - [03/Feb/2025:00:53:30 +0100] "GET /ticket2/opencms/es/magazine/article?title=un-partido-impresionante-donde-el-sueco-kulusevski-sigue-entregando HTTP/1.1" 200 94951
85.208.96.205 - - [03/Feb/2025:00:53:30 +0100] "GET /ticket2/opencms/nl/magazine/article?title=arsenal-nadert-liverpool HTTP/1.1" 200 91025
124.243.179.102 - - [03/Feb/2025:00:53:30 +0100] "GET /ticket2/opencms/pl/buy/?page=1&edid=1EC9B49C-3E71-53D7-479D-7C922516D58E HTTP/1.1" 200 112432
37.123.143.11 - - [03/Feb/2025:00:53:30 +0100] "GET /ticket2/opencms/system/workplace/commons/displayresource.jsp?resource=/system/modules/com.gridnine.opencms.ticketbrokerage.site/elements/popular-links.jsp HTTP/1.1" 302 -
37.123.143.11 - - [03/Feb/2025:00:53:31 +0100] "GET /ticket2/opencms/system/modules/com.gridnine.opencms.ticketbrokerage.site/elements/popular-links.jsp HTTP/1.1" 200 2999
217.113.194.214 - - [03/Feb/2025:00:53:31 +0100] "GET /ticket2/opencms/mk/buy?page=1&edid=22197FAA-D7C6-8F99-4EF8-595770C5EC77 HTTP/1.1" 404 -
65.21.232.254 - - [03/Feb/2025:00:53:31 +0100] "GET /ticket2/opencms/en/buy/?page=1&edid=4D98D173-A106-82C0-0814-C47F731ED786 HTTP/1.1" 200 106907
195.191.219.133 - - [03/Feb/2025:00:53:32 +0100] "GET /ticket2/opencms/en/login/?edid=47CC0F53-F067-291E-2086-0E3D1251A29F HTTP/1.1" 200 90211
65.21.232.254 - - [03/Feb/2025:00:53:34 +0100] "GET /ticket2/opencms/en/buy/?page=1&edid=4E0B40A9-96EC-BAEA-C023-7B7CC2BA4920&sortorder=desc&column=price HTTP/1.1" 200 110705
85.208.96.211 - - [03/Feb/2025:00:53:35 +0100] "GET /ticket2/opencms/fi/login HTTP/1.1" 200 91965
195.191.219.133 - - [03/Feb/2025:00:53:35 +0100] "GET /ticket2/opencms/en/login/?edid=4AECB71E-9E06-6EB7-B63B-B603F3E03F24 HTTP/1.1" 200 90204
37.123.143.11 - - [03/Feb/2025:00:53:36 +0100] "POST /ticket2/opencms/system/workplace/views/explorer/contextmenu.jsp HTTP/1.1" 200 4485
66.249.79.34 - - [03/Feb/2025:00:53:37 +0100] "GET /ticket2/opencms/sr/buy/?page=1&edid=9CB422E7-7809-8163-0C70-A6355650353B HTTP/1.1" 200 109314
37.123.143.11 - - [03/Feb/2025:00:53:37 +0100] "POST /ticket2/opencms/system/workplace/commons/publishresource.jsp HTTP/1.1" 200 11596
37.123.143.11 - - [03/Feb/2025:00:53:37 +0100] "GET /ticket2/opencms/system/workplace/commons/style/workplace.css HTTP/1.1" 200 14209
37.123.143.11 - - [03/Feb/2025:00:53:37 +0100] "POST /ticket2/opencms/system/workplace/commons/report-progress.jsp HTTP/1.1" 200 5157
65.21.232.254 - - [03/Feb/2025:00:53:38 +0100] "GET /ticket2/opencms/en/buy/?page=1&edid=4E0B40A9-96EC-BAEA-C023-7B7CC2BA4920&sortorder=desc&column=row HTTP/1.1" 200 110599
185.191.171.8 - - [03/Feb/2025:00:53:38 +0100] "GET /ticket2/opencms/de/sport/fussball-tickets/premier_league/everton/ HTTP/1.1" 200 100543
154.54.249.216 - - [03/Feb/2025:00:53:39 +0100] "GET /ticket2/opencms/mk/buy?page=1&edid=2002154A-0979-63C2-6DA2-C28E7B6E108E HTTP/1.1" 404 -
195.191.219.133 - - [03/Feb/2025:00:53:39 +0100] "GET /ticket2/opencms/en/login/?edid=76A2D7A0-1FDD-8B7B-A433-0584332CEDC8 HTTP/1.1" 200 90223
54.36.148.80 - - [03/Feb/2025:00:53:39 +0100] "GET /ticket2/opencms/bg/buy?page=1&edid=9A8891BD-C3B9-2FD5-1633-7AEF0F073762 HTTP/1.1" 200 138012
202.8.40.208 - - [03/Feb/2025:00:53:40 +0100] "GET /ticket2/opencms/system/modules/com.gridnine.opencms.ticketbrokerage.site/resources/css/jquery-ui.css HTTP/1.1" 200 33221
202.8.40.208 - - [03/Feb/2025:00:53:40 +0100] "GET /ticket2/opencms/system/modules/com.gridnine.opencms.ticketbrokerage.site/resources/css/standard.css HTTP/1.1" 200 73904
202.8.40.208 - - [03/Feb/2025:00:53:40 +0100] "GET /ticket2/opencms/system/modules/com.gridnine.opencms.ticketbrokerage.site/resources/css/calendar.css HTTP/1.1" 200 6871
202.8.40.208 - - [03/Feb/2025:00:53:40 +0100] "GET /ticket2/opencms/system/modules/com.gridnine.opencms.ticketbrokerage.site/resources/css/ticketbrokerage.css HTTP/1.1" 200 39339
202.8.40.208 - - [03/Feb/2025:00:53:40 +0100] "GET /ticket2/opencms/system/modules/com.gridnine.opencms.ticketbrokerage.site/resources/css/jquery.fancybox.css HTTP/1.1" 200 4939
202.8.40.208 - - [03/Feb/2025:00:53:40 +0100] "GET /ticket2/opencms/system/modules/com.gridnine.opencms.ticketbrokerage.site/resources/js/jquery/jquery.js HTTP/1.1" 200 93868
66.249.79.34 - - [03/Feb/2025:00:53:40 +0100] "GET /ticket2/opencms/ka/buy/?page=1&edid=D82A55E9-700E-0A50-F575-755C8E3E7147 HTTP/1.1" 200 117169
202.8.40.208 - - [03/Feb/2025:00:53:40 +0100] "GET /ticket2/opencms/system/modules/com.gridnine.opencms.ticketbrokerage.site/resources/js/jquery/jquery-ui.js HTTP/1.1" 200 228088
202.8.40.208 - - [03/Feb/2025:00:53:40 +0100] "GET /ticket2/opencms/system/modules/com.gridnine.opencms.ticketbrokerage.site/resources/js/functions.js HTTP/1.1" 200 1583
202.8.40.208 - - [03/Feb/2025:00:53:40 +0100] "GET /ticket2/opencms/system/modules/com.gridnine.opencms.ticketbrokerage.site/resources/js/calendar.js HTTP/1.1" 200 49229
202.8.40.208 - - [03/Feb/2025:00:53:40 +0100] "GET /ticket2/opencms/system/modules/com.gridnine.opencms.ticketbrokerage.site/resources/js/calendar-setup.js HTTP/1.1" 200 4923
202.8.40.208 - - [03/Feb/2025:00:53:40 +0100] "GET /ticket2/opencms/system/modules/com.gridnine.opencms.ticketbrokerage.site/resources/js/calendar-en.js HTTP/1.1" 200 3338
202.8.40.208 - - [03/Feb/2025:00:53:41 +0100] "GET /ticket2/opencms/system/modules/com.gridnine.opencms.ticketbrokerage.site/resources/js/stickyfill.min.js HTTP/1.1" 200 5672
202.8.40.208 - - [03/Feb/2025:00:53:41 +0100] "GET /ticket2/opencms/system/modules/com.gridnine.opencms.ticketbrokerage.site/resources/js/jquery.fancybox.pack.js HTTP/1.1" 200 23187
202.8.40.208 - - [03/Feb/2025:00:53:41 +0100] "GET /ticket2/opencms/system/modules/com.gridnine.opencms.ticketbrokerage.site/resources/js/standard.js HTTP/1.1" 200 3983
202.8.40.208 - - [03/Feb/2025:00:53:41 +0100] "GET /ticket2/opencms/system/modules/com.gridnine.opencms.ticketbrokerage.site/resources/js/jquery.placeholder.min.js HTTP/1.1" 200 1737
202.8.40.208 - - [03/Feb/2025:00:53:41 +0100] "GET /ticket2/opencms/system/modules/com.gridnine.opencms.ticketbrokerage.site/resources/js/common-ajax.js HTTP/1.1" 200 20175
202.8.40.208 - - [03/Feb/2025:00:53:41 +0100] "GET /ticket2/opencms/bg/ask-form.html HTTP/1.1" 200 3156
202.8.40.208 - - [03/Feb/2025:00:53:41 +0100] "GET /ticket2/opencms/system/modules/com.gridnine.opencms.ticketbrokerage.site/resources/css/ticketbrokerage.css HTTP/1.1" 200 39339
65.21.232.254 - - [03/Feb/2025:00:53:41 +0100] "GET /ticket2/opencms/en/buy/?page=1&edid=4E0B40A9-96EC-BAEA-C023-7B7CC2BA4920&sortorder=desc&column=section HTTP/1.1" 200 110745
37.123.143.11 - - [03/Feb/2025:00:53:43 +0100] "POST /ticket2/opencms/system/workplace/commons/publishresource.jsp HTTP/1.1" 200 6293
37.123.143.11 - - [03/Feb/2025:00:53:43 +0100] "GET /ticket2/opencms/system/workplace/commons/style/workplace.css HTTP/1.1" 200 14209
195.191.219.133 - - [03/Feb/2025:00:53:43 +0100] "GET /ticket2/opencms/en/login/?edid=852007ED-2917-8575-471B-FF7BA021A314 HTTP/1.1" 200 90219
185.191.171.14 - - [03/Feb/2025:00:53:44 +0100] "GET /ticket2/opencms/no/sport/ishockey/nhl/New_Jersey_Devils/ HTTP/1.1" 200 89473
65.21.232.254 - - [03/Feb/2025:00:53:45 +0100] "GET /ticket2/opencms/en/buy/?page=1&edid=4E106B5B-D146-527B-52D2-7FE76AA90207&sortorder=desc&column=price HTTP/1.1" 200 110194
85.208.96.203 - - [03/Feb/2025:00:53:45 +0100] "GET /ticket2/opencms/ga/about/contact/ HTTP/1.1" 200 86729
195.191.219.133 - - [03/Feb/2025:00:53:47 +0100] "GET /ticket2/opencms/en/login/?edid=F8F918F3-9640-C2A0-3513-C65A87818855 HTTP/1.1" 200 90271
217.113.194.217 - - [03/Feb/2025:00:53:47 +0100] "GET /ticket2/opencms/mk/buy?page=1&edid=7A146577-8F65-06C8-4C0F-1812EF8BCA1F HTTP/1.1" 404 -
65.21.232.254 - - [03/Feb/2025:00:53:48 +0100] "GET /ticket2/opencms/en/buy/?page=1&edid=4E106B5B-D146-527B-52D2-7FE76AA90207&sortorder=desc&column=row HTTP/1.1" 200 110138
37.123.143.11 - - [03/Feb/2025:00:53:49 +0100] "GET /ticket2/opencms/ HTTP/1.1" 302 -
5.9.55.228 - - [03/Feb/2025:00:53:51 +0100] "GET /ticket2/opencms/fi/venue/?countryid=DBF1B903-D9ED-502A-C58E-CF837DE83CCB HTTP/1.1" 200 116368
37.123.143.11 - - [03/Feb/2025:00:53:51 +0100] "GET /ticket2/opencms/sv/ HTTP/1.1" 200 106553
37.123.143.11 - - [03/Feb/2025:00:53:51 +0100] "GET /ticket2/opencms/system/modules/com.gridnine.opencms.ticketbrokerage.site/resources/css/ticketbrokerage.css HTTP/1.1" 200 39339
37.123.143.11 - - [03/Feb/2025:00:53:51 +0100] "GET /ticket2/opencms/system/modules/com.gridnine.opencms.ticketbrokerage.site/resources/css/calendar.css HTTP/1.1" 200 6871
37.123.143.11 - - [03/Feb/2025:00:53:51 +0100] "GET /ticket2/opencms/system/modules/com.gridnine.opencms.ticketbrokerage.site/resources/js/calendar.js HTTP/1.1" 200 49229
37.123.143.11 - - [03/Feb/2025:00:53:51 +0100] "GET /ticket2/opencms/system/modules/com.gridnine.opencms.ticketbrokerage.site/resources/css/standard.css HTTP/1.1" 200 73904
37.123.143.11 - - [03/Feb/2025:00:53:51 +0100] "GET /ticket2/opencms/system/modules/com.gridnine.opencms.ticketbrokerage.site/resources/js/calendar-en.js HTTP/1.1" 200 3338
37.123.143.11 - - [03/Feb/2025:00:53:51 +0100] "GET /ticket2/opencms/system/modules/com.gridnine.opencms.ticketbrokerage.site/resources/js/functions.js HTTP/1.1" 200 1583
37.123.143.11 - - [03/Feb/2025:00:53:51 +0100] "GET /ticket2/opencms/system/modules/com.gridnine.opencms.ticketbrokerage.site/resources/js/calendar-setup.js HTTP/1.1" 200 4923
37.123.143.11 - - [03/Feb/2025:00:53:51 +0100] "GET /ticket2/opencms/system/modules/com.gridnine.opencms.ticketbrokerage.site/resources/js/standard.js HTTP/1.1" 200 3983
65.21.232.254 - - [03/Feb/2025:00:53:51 +0100] "GET /ticket2/opencms/en/buy/?page=1&edid=4E36BB56-7827-6345-3899-56B2C4EE18D8 HTTP/1.1" 200 110703
66.249.79.33 - - [03/Feb/2025:00:53:51 +0100] "GET /ticket2/opencms/set_aff_cookie.jsp?partner=692E2C6A-EC6F-1C93-AFCC-C5ACC23A93EA&url=%252Fsv%252Fbuy%252Findex.html%253Fpage%253D1%2526edid%253D490A3EB7-122E-45F6-B34E-808127A7B906%2526hlv%253D66d04ae9-bf84-4d0e-a8d0-06ae0a01000f%2523v1326159681 HTTP/1.1" 200 246
85.208.96.211 - - [03/Feb/2025:00:53:52 +0100] "GET /ticket2/opencms/sv/tickets/aston_villa/wigan.html HTTP/1.1" 200 92456
54.36.149.62 - - [03/Feb/2025:00:53:53 +0100] "GET /ticket2/opencms/cs/buy?page=1&edid=9A8891BD-C3B9-2FD5-1633-7AEF0F073762 HTTP/1.1" 200 135577
202.8.43.202 - - [03/Feb/2025:00:53:54 +0100] "GET /ticket2/opencms/system/modules/com.gridnine.opencms.ticketbrokerage.site/resources/css/calendar.css HTTP/1.1" 200 6871
202.8.43.202 - - [03/Feb/2025:00:53:54 +0100] "GET /ticket2/opencms/system/modules/com.gridnine.opencms.ticketbrokerage.site/resources/css/jquery-ui.css HTTP/1.1" 200 33221
202.8.43.202 - - [03/Feb/2025:00:53:54 +0100] "GET /ticket2/opencms/system/modules/com.gridnine.opencms.ticketbrokerage.site/resources/css/ticketbrokerage.css HTTP/1.1" 200 39339
202.8.43.202 - - [03/Feb/2025:00:53:54 +0100] "GET /ticket2/opencms/system/modules/com.gridnine.opencms.ticketbrokerage.site/resources/css/standard.css HTTP/1.1" 200 73904
202.8.43.202 - - [03/Feb/2025:00:53:54 +0100] "GET /ticket2/opencms/system/modules/com.gridnine.opencms.ticketbrokerage.site/resources/css/jquery.fancybox.css HTTP/1.1" 200 4939
202.8.43.202 - - [03/Feb/2025:00:53:54 +0100] "GET /ticket2/opencms/system/modules/com.gridnine.opencms.ticketbrokerage.site/resources/js/calendar-en.js HTTP/1.1" 200 3338
202.8.43.202 - - [03/Feb/2025:00:53:54 +0100] "GET /ticket2/opencms/system/modules/com.gridnine.opencms.ticketbrokerage.site/resources/js/functions.js HTTP/1.1" 200 1583
202.8.43.202 - - [03/Feb/2025:00:53:54 +0100] "GET /ticket2/opencms/system/modules/com.gridnine.opencms.ticketbrokerage.site/resources/js/calendar.js HTTP/1.1" 200 49229
202.8.43.202 - - [03/Feb/2025:00:53:54 +0100] "GET /ticket2/opencms/system/modules/com.gridnine.opencms.ticketbrokerage.site/resources/js/jquery/jquery-ui.js HTTP/1.1" 200 228088
202.8.43.202 - - [03/Feb/2025:00:53:54 +0100] "GET /ticket2/opencms/system/modules/com.gridnine.opencms.ticketbrokerage.site/resources/js/calendar-setup.js HTTP/1.1" 200 4923
202.8.43.202 - - [03/Feb/2025:00:53:54 +0100] "GET /ticket2/opencms/system/modules/com.gridnine.opencms.ticketbrokerage.site/resources/js/jquery/jquery.js HTTP/1.1" 200 93868
202.8.43.202 - - [03/Feb/2025:00:53:54 +0100] "GET /ticket2/opencms/system/modules/com.gridnine.opencms.ticketbrokerage.site/resources/js/jquery.fancybox.pack.js HTTP/1.1" 200 23187
202.8.43.202 - - [03/Feb/2025:00:53:55 +0100] "GET /ticket2/opencms/system/modules/com.gridnine.opencms.ticketbrokerage.site/resources/js/stickyfill.min.js HTTP/1.1" 200 5672
202.8.43.202 - - [03/Feb/2025:00:53:55 +0100] "GET /ticket2/opencms/system/modules/com.gridnine.opencms.ticketbrokerage.site/resources/js/standard.js HTTP/1.1" 200 3983
202.8.43.202 - - [03/Feb/2025:00:53:55 +0100] "GET /ticket2/opencms/system/modules/com.gridnine.opencms.ticketbrokerage.site/resources/js/common-ajax.js HTTP/1.1" 200 20175
202.8.43.202 - - [03/Feb/2025:00:53:55 +0100] "GET /ticket2/opencms/system/modules/com.gridnine.opencms.ticketbrokerage.site/resources/js/jquery.placeholder.min.js HTTP/1.1" 200 1737
202.8.43.202 - - [03/Feb/2025:00:53:55 +0100] "GET /ticket2/opencms/cs/ask-form.html HTTP/1.1" 200 3156
202.8.43.202 - - [03/Feb/2025:00:53:55 +0100] "GET /ticket2/opencms/system/modules/com.gridnine.opencms.ticketbrokerage.site/resources/css/ticketbrokerage.css HTTP/1.1" 200 39339
65.21.232.254 - - [03/Feb/2025:00:53:56 +0100] "GET /ticket2/opencms/en/buy/?page=1&edid=4EC32AAA-B191-70CA-AC11-2435C1A08D04 HTTP/1.1" 200 106918
217.113.194.217 - - [03/Feb/2025:00:53:56 +0100] "GET /ticket2/opencms/mk/buy?page=1&edid=7EE6FDFE-D5C7-871C-1D44-A83A22170314 HTTP/1.1" 404 -
52.167.144.196 - - [03/Feb/2025:00:53:57 +0100] "GET /ticket2/opencms/ka/buy/?page=1&edid=605F0713-F5C5-5844-2344-BCDD5B5AC0EC HTTP/1.1" 200 131204
66.249.76.170 - - [03/Feb/2025:00:53:57 +0100] "GET /ticket2/opencms/sk/buy/?page=1&edid=7C66830B-04B4-AE40-EDE3-9E8728F88692 HTTP/1.1" 200 108791
65.21.232.254 - - [03/Feb/2025:00:53:59 +0100] "GET /ticket2/opencms/en/buy/?page=1&edid=4EE5407B-B5D1-0B72-3560-DA0EF5C77DF0 HTTP/1.1" 200 109276
65.21.232.254 - - [03/Feb/2025:00:54:03 +0100] "GET /ticket2/opencms/en/buy/?page=1&edid=4EE5407B-B5D1-0B72-3560-DA0EF5C77DF0&sortorder=desc&column=price HTTP/1.1" 200 110235
217.113.194.214 - - [03/Feb/2025:00:54:04 +0100] "GET /ticket2/opencms/mk/buy?page=1&edid=7F3A2BCF-02DD-DC7A-AA91-1F1D8305998F HTTP/1.1" 404 -
37.123.143.11 - - [03/Feb/2025:00:54:04 +0100] "POST /ticket2/opencms/system/workplace/views/top_head.jsp HTTP/1.1" 200 8577
37.123.143.11 - - [03/Feb/2025:00:54:04 +0100] "GET /ticket2/opencms/system/workplace/commons/style/workplace.css HTTP/1.1" 200 14209
37.123.143.11 - - [03/Feb/2025:00:54:04 +0100] "GET /ticket2/opencms/system/workplace/views/explorer/explorer_fs.jsp HTTP/1.1" 200 448
37.123.143.11 - - [03/Feb/2025:00:54:05 +0100] "GET /ticket2/opencms/system/workplace/views/explorer/explorer_body_fs.jsp HTTP/1.1" 200 400
37.123.143.11 - - [03/Feb/2025:00:54:05 +0100] "GET /ticket2/opencms/system/workplace/views/explorer/tree_fs.jsp HTTP/1.1" 200 3861
37.123.143.11 - - [03/Feb/2025:00:54:05 +0100] "GET /ticket2/opencms/system/workplace/views/explorer/explorer_files.jsp?mode=explorerview HTTP/1.1" 200 3158
37.123.143.11 - - [03/Feb/2025:00:54:05 +0100] "GET /ticket2/opencms/system/workplace/views/explorer/tree_files.jsp?resource=/ HTTP/1.1" 200 2432
37.123.143.11 - - [03/Feb/2025:00:54:05 +0100] "GET /ticket2/opencms/system/workplace/commons/style/workplace.css HTTP/1.1" 200 14209
65.21.232.254 - - [03/Feb/2025:00:54:06 +0100] "GET /ticket2/opencms/en/buy/?page=1&edid=4EE5407B-B5D1-0B72-3560-DA0EF5C77DF0&sortorder=desc&column=row HTTP/1.1" 200 110143
185.191.171.17 - - [03/Feb/2025:00:54:09 +0100] "GET /ticket2/opencms/be/magazine/article?title=estadio-emirates HTTP/1.1" 200 95765
37.123.143.11 - - [03/Feb/2025:00:54:09 +0100] "GET /ticket2/opencms/system/workplace/views/explorer/explorer_files.jsp?resource=/&page=1&mode=explorerview HTTP/1.1" 200 6087
54.36.149.49 - - [03/Feb/2025:00:54:09 +0100] "GET /ticket2/opencms/nl/buy?page=1&edid=0E487947-8D2A-A553-BF9C-F44B73D05AC1 HTTP/1.1" 200 106454
65.21.232.254 - - [03/Feb/2025:00:54:09 +0100] "GET /ticket2/opencms/en/buy/?page=1&edid=4EE5407B-B5D1-0B72-3560-DA0EF5C77DF0&sortorder=desc&column=section HTTP/1.1" 200 110305
202.8.43.18 - - [03/Feb/2025:00:54:10 +0100] "GET /ticket2/opencms/system/modules/com.gridnine.opencms.ticketbrokerage.site/resources/css/ticketbrokerage.css HTTP/1.1" 200 39339
202.8.43.18 - - [03/Feb/2025:00:54:10 +0100] "GET /ticket2/opencms/system/modules/com.gridnine.opencms.ticketbrokerage.site/resources/css/jquery-ui.css HTTP/1.1" 200 33221
202.8.43.18 - - [03/Feb/2025:00:54:10 +0100] "GET /ticket2/opencms/system/modules/com.gridnine.opencms.ticketbrokerage.site/resources/css/calendar.css HTTP/1.1" 200 6871
202.8.43.18 - - [03/Feb/2025:00:54:10 +0100] "GET /ticket2/opencms/system/modules/com.gridnine.opencms.ticketbrokerage.site/resources/css/standard.css HTTP/1.1" 200 73904
202.8.43.18 - - [03/Feb/2025:00:54:10 +0100] "GET /ticket2/opencms/system/modules/com.gridnine.opencms.ticketbrokerage.site/resources/js/jquery/jquery.js HTTP/1.1" 200 93868
202.8.43.18 - - [03/Feb/2025:00:54:10 +0100] "GET /ticket2/opencms/system/modules/com.gridnine.opencms.ticketbrokerage.site/resources/css/jquery.fancybox.css HTTP/1.1" 200 4939
202.8.43.18 - - [03/Feb/2025:00:54:10 +0100] "GET /ticket2/opencms/system/modules/com.gridnine.opencms.ticketbrokerage.site/resources/js/functions.js HTTP/1.1" 200 1583
202.8.43.18 - - [03/Feb/2025:00:54:10 +0100] "GET /ticket2/opencms/system/modules/com.gridnine.opencms.ticketbrokerage.site/resources/js/jquery/jquery-ui.js HTTP/1.1" 200 228088
202.8.43.18 - - [03/Feb/2025:00:54:10 +0100] "GET /ticket2/opencms/system/modules/com.gridnine.opencms.ticketbrokerage.site/resources/js/calendar.js HTTP/1.1" 200 49229
202.8.43.18 - - [03/Feb/2025:00:54:10 +0100] "GET /ticket2/opencms/system/modules/com.gridnine.opencms.ticketbrokerage.site/resources/js/calendar-en.js HTTP/1.1" 200 3338
202.8.43.18 - - [03/Feb/2025:00:54:10 +0100] "GET /ticket2/opencms/system/modules/com.gridnine.opencms.ticketbrokerage.site/resources/js/calendar-setup.js HTTP/1.1" 200 4923
202.8.43.18 - - [03/Feb/2025:00:54:11 +0100] "GET /ticket2/opencms/system/modules/com.gridnine.opencms.ticketbrokerage.site/resources/js/jquery.fancybox.pack.js HTTP/1.1" 200 23187
202.8.43.18 - - [03/Feb/2025:00:54:11 +0100] "GET /ticket2/opencms/system/modules/com.gridnine.opencms.ticketbrokerage.site/resources/js/stickyfill.min.js HTTP/1.1" 200 5672
202.8.43.18 - - [03/Feb/2025:00:54:11 +0100] "GET /ticket2/opencms/system/modules/com.gridnine.opencms.ticketbrokerage.site/resources/js/standard.js HTTP/1.1" 200 3983
202.8.43.18 - - [03/Feb/2025:00:54:11 +0100] "GET /ticket2/opencms/system/modules/com.gridnine.opencms.ticketbrokerage.site/resources/js/jquery.placeholder.min.js HTTP/1.1" 200 1737
202.8.43.18 - - [03/Feb/2025:00:54:11 +0100] "GET /ticket2/opencms/system/modules/com.gridnine.opencms.ticketbrokerage.site/resources/js/common-ajax.js HTTP/1.1" 200 20175
202.8.43.18 - - [03/Feb/2025:00:54:11 +0100] "GET /ticket2/opencms/nl/ask-form.html HTTP/1.1" 200 3015
202.8.43.18 - - [03/Feb/2025:00:54:11 +0100] "GET /ticket2/opencms/system/modules/com.gridnine.opencms.ticketbrokerage.site/resources/css/ticketbrokerage.css HTTP/1.1" 200 39339
114.119.154.207 - - [03/Feb/2025:00:54:11 +0100] "GET /ticket2/opencms/en/venue/?venueid=EEC9C18B-9209-5406-9714-41066401B581 HTTP/1.1" 200 85425
37.123.143.11 - - [03/Feb/2025:00:54:12 +0100] "GET /ticket2/opencms/system/workplace/views/explorer/tree_files.jsp?resource=/sv/&rootloaded=true HTTP/1.1" 200 2741
37.123.143.11 - - [03/Feb/2025:00:54:12 +0100] "GET /ticket2/opencms/system/workplace/views/explorer/explorer_files.jsp?resource=/sv/&page=1&mode=explorerview HTTP/1.1" 200 7443
217.113.194.220 - - [03/Feb/2025:00:54:12 +0100] "GET /ticket2/opencms/mk/buy?page=1&edid=7F799A34-A2BE-D291-CE84-29C608B78F94 HTTP/1.1" 404 -
65.21.232.254 - - [03/Feb/2025:00:54:13 +0100] "GET /ticket2/opencms/en/buy/?page=1&edid=4F1601FE-364B-5738-B6A1-896D7AAC5D9B HTTP/1.1" 200 109244
185.191.171.8 - - [03/Feb/2025:00:54:13 +0100] "GET /ticket2/opencms/fi/standard/ HTTP/1.1" 200 100349
111.119.215.199 - - [03/Feb/2025:00:54:14 +0100] "GET /ticket2/opencms/pl/buy?page=1&edid=835618E5-0D1F-48E2-E5CA-E8042B524D8C HTTP/1.1" 200 132110
37.123.143.11 - - [03/Feb/2025:00:54:14 +0100] "GET /ticket2/opencms/system/workplace/views/explorer/tree_files.jsp?resource=/sv/sport/&rootloaded=true HTTP/1.1" 200 965
37.123.143.11 - - [03/Feb/2025:00:54:14 +0100] "GET /ticket2/opencms/system/workplace/views/explorer/explorer_files.jsp?resource=/sv/sport/&page=1&mode=explorerview HTTP/1.1" 200 2370
65.21.232.254 - - [03/Feb/2025:00:54:16 +0100] "GET /ticket2/opencms/en/buy/?page=1&edid=4F51A878-6583-C718-EC77-EB725AAE2442 HTTP/1.1" 200 106937
37.123.143.11 - - [03/Feb/2025:00:54:16 +0100] "GET /ticket2/opencms/system/workplace/views/explorer/tree_files.jsp?resource=/sv/sport/fotbollsbiljetter/&rootloaded=true HTTP/1.1" 200 2385
37.123.143.11 - - [03/Feb/2025:00:54:16 +0100] "GET /ticket2/opencms/system/workplace/views/explorer/explorer_files.jsp?resource=/sv/sport/fotbollsbiljetter/&mode=explorerview HTTP/1.1" 200 5853
37.123.143.11 - - [03/Feb/2025:00:54:19 +0100] "GET /ticket2/opencms/system/workplace/views/explorer/tree_files.jsp?resource=/sv/sport/fotbollsbiljetter/ligue_1/&rootloaded=true HTTP/1.1" 200 738
37.123.143.11 - - [03/Feb/2025:00:54:19 +0100] "GET /ticket2/opencms/system/workplace/views/explorer/explorer_files.jsp?resource=/sv/sport/fotbollsbiljetter/ligue_1/&mode=explorerview HTTP/1.1" 200 1963
65.21.232.254 - - [03/Feb/2025:00:54:19 +0100] "GET /ticket2/opencms/en/buy/?page=1&edid=4F94B00A-67B6-5DDE-996F-5C7D6CEE512B&sortorder=desc&column=row HTTP/1.1" 200 111090
154.54.249.216 - - [03/Feb/2025:00:54:20 +0100] "GET /ticket2/opencms/mk/buy?page=1&edid=79F212CD-FC40-B2A4-D854-08D44B487350 HTTP/1.1" 404 -
65.21.232.254 - - [03/Feb/2025:00:54:23 +0100] "GET /ticket2/opencms/en/buy/?page=1&edid=522F9F87-9B4B-A8C7-36F6-A1D54591B259 HTTP/1.1" 200 110123
54.36.148.157 - - [03/Feb/2025:00:54:24 +0100] "GET /ticket2/opencms/no/buy?page=1&edid=176C6667-42C1-1632-7378-F783D5B7C94D HTTP/1.1" 200 111310
185.191.171.8 - - [03/Feb/2025:00:54:25 +0100] "GET /ticket2/opencms/ga/magazine/article?title=en-sasongsreflektion-av-manchester-united-202324 HTTP/1.1" 200 95042
37.123.143.11 - - [03/Feb/2025:00:54:25 +0100] "POST /ticket2/opencms/system/workplace/views/explorer/contextmenu.jsp HTTP/1.1" 200 4463
202.8.40.109 - - [03/Feb/2025:00:54:25 +0100] "GET /ticket2/opencms/system/modules/com.gridnine.opencms.ticketbrokerage.site/resources/css/jquery-ui.css HTTP/1.1" 200 33221
202.8.40.109 - - [03/Feb/2025:00:54:25 +0100] "GET /ticket2/opencms/system/modules/com.gridnine.opencms.ticketbrokerage.site/resources/css/calendar.css HTTP/1.1" 200 6871
202.8.40.109 - - [03/Feb/2025:00:54:25 +0100] "GET /ticket2/opencms/system/modules/com.gridnine.opencms.ticketbrokerage.site/resources/css/ticketbrokerage.css HTTP/1.1" 200 39339
202.8.40.109 - - [03/Feb/2025:00:54:25 +0100] "GET /ticket2/opencms/system/modules/com.gridnine.opencms.ticketbrokerage.site/resources/css/jquery.fancybox.css HTTP/1.1" 200 4939
202.8.40.109 - - [03/Feb/2025:00:54:25 +0100] "GET /ticket2/opencms/system/modules/com.gridnine.opencms.ticketbrokerage.site/resources/js/jquery/jquery.js HTTP/1.1" 200 93868
