94.154.239.69 - - [03/Feb/2025:01:31:38 +0100] "GET /ticket2/opencms/sv/login/?edid=49D8C017-6E14-30F3-126A-0488D76DB7BC HTTP/1.1" 200 89395
66.249.79.33 - - [03/Feb/2025:01:31:39 +0100] "GET /ticket2/opencms/sr/buy/?page=1&edid=4981A465-C3DA-791B-A6A5-9D4DAB1B5DA0 HTTP/1.1" 200 111063
192.99.3.137 - - [03/Feb/2025:01:31:39 +0100] "GET /ticket2/opencms/ka/buy/?page=1&edid=096598FE-DA35-4351-DFEE-DC9ACA0F0EF9 HTTP/1.1" 200 138887
66.249.76.43 - - [03/Feb/2025:01:31:40 +0100] "GET /ticket2/opencms/fi/buy/?page=1&edid=20146FB3-A7AB-AA61-9E1A-7C70A530633D HTTP/1.1" 200 122951
40.77.167.33 - - [03/Feb/2025:01:31:40 +0100] "GET /ticket2/opencms/fi/login/ HTTP/1.1" 200 89676
135.181.180.59 - - [03/Feb/2025:01:31:40 +0100] "GET /ticket2/opencms/sv/buy/?page=1&edid=7BBDFB0E-EE23-5294-44DC-2CB1E8C1A24F HTTP/1.1" 200 117639
185.191.171.5 - - [03/Feb/2025:01:31:41 +0100] "GET /ticket2/opencms/uk/sport/kvytky-na-futbol/english-championship/middlesbrough/ HTTP/1.1" 200 97808
94.154.239.69 - - [03/Feb/2025:01:31:41 +0100] "GET /ticket2/opencms/sv/sell/?edid=4F823A18-A71D-F820-FD7B-2CC78F9C9CC8 HTTP/1.1" 302 -
217.113.194.213 - - [03/Feb/2025:01:31:42 +0100] "GET /ticket2/opencms/az/buy?page=1&edid=418E6FEF-0489-B934-AC89-FF08A34AC512 HTTP/1.1" 200 106867
54.36.148.1 - - [03/Feb/2025:01:31:43 +0100] "GET /ticket2/opencms/sk/buy?page=1&edid=7A0C4CE7-DF50-29C3-D447-032204091A27 HTTP/1.1" 200 106490
192.99.3.137 - - [03/Feb/2025:01:31:43 +0100] "GET /ticket2/opencms/ka/buy/?page=1&edid=0ABF5308-5A84-07C0-4649-8691D025AC4F HTTP/1.1" 200 116283
135.181.180.59 - - [03/Feb/2025:01:31:44 +0100] "GET /ticket2/opencms/sv/buy/?page=1&edid=7D62C8D6-8DC2-0BAA-B7B9-AB09CD79241A HTTP/1.1" 200 109139
202.8.43.53 - - [03/Feb/2025:01:31:44 +0100] "GET /ticket2/opencms/system/modules/com.gridnine.opencms.ticketbrokerage.site/resources/css/standard.css HTTP/1.1" 200 73904
202.8.43.53 - - [03/Feb/2025:01:31:44 +0100] "GET /ticket2/opencms/system/modules/com.gridnine.opencms.ticketbrokerage.site/resources/css/jquery-ui.css HTTP/1.1" 200 33221
202.8.43.53 - - [03/Feb/2025:01:31:44 +0100] "GET /ticket2/opencms/system/modules/com.gridnine.opencms.ticketbrokerage.site/resources/css/ticketbrokerage.css HTTP/1.1" 200 39339
202.8.43.53 - - [03/Feb/2025:01:31:44 +0100] "GET /ticket2/opencms/system/modules/com.gridnine.opencms.ticketbrokerage.site/resources/css/jquery.fancybox.css HTTP/1.1" 200 4939
202.8.43.53 - - [03/Feb/2025:01:31:44 +0100] "GET /ticket2/opencms/system/modules/com.gridnine.opencms.ticketbrokerage.site/resources/css/calendar.css HTTP/1.1" 200 6871
202.8.43.53 - - [03/Feb/2025:01:31:44 +0100] "GET /ticket2/opencms/system/modules/com.gridnine.opencms.ticketbrokerage.site/resources/js/jquery/jquery.js HTTP/1.1" 200 93868
202.8.43.53 - - [03/Feb/2025:01:31:44 +0100] "GET /ticket2/opencms/system/modules/com.gridnine.opencms.ticketbrokerage.site/resources/js/jquery/jquery-ui.js HTTP/1.1" 200 228088
202.8.43.53 - - [03/Feb/2025:01:31:44 +0100] "GET /ticket2/opencms/system/modules/com.gridnine.opencms.ticketbrokerage.site/resources/js/functions.js HTTP/1.1" 200 1583
202.8.43.53 - - [03/Feb/2025:01:31:44 +0100] "GET /ticket2/opencms/system/modules/com.gridnine.opencms.ticketbrokerage.site/resources/js/calendar-setup.js HTTP/1.1" 200 4923
202.8.43.53 - - [03/Feb/2025:01:31:44 +0100] "GET /ticket2/opencms/system/modules/com.gridnine.opencms.ticketbrokerage.site/resources/js/calendar.js HTTP/1.1" 200 49229
202.8.43.53 - - [03/Feb/2025:01:31:44 +0100] "GET /ticket2/opencms/system/modules/com.gridnine.opencms.ticketbrokerage.site/resources/js/calendar-en.js HTTP/1.1" 200 3338
202.8.43.53 - - [03/Feb/2025:01:31:44 +0100] "GET /ticket2/opencms/system/modules/com.gridnine.opencms.ticketbrokerage.site/resources/js/jquery.fancybox.pack.js HTTP/1.1" 200 23187
202.8.43.53 - - [03/Feb/2025:01:31:44 +0100] "GET /ticket2/opencms/system/modules/com.gridnine.opencms.ticketbrokerage.site/resources/js/stickyfill.min.js HTTP/1.1" 200 5672
202.8.43.53 - - [03/Feb/2025:01:31:44 +0100] "GET /ticket2/opencms/system/modules/com.gridnine.opencms.ticketbrokerage.site/resources/js/standard.js HTTP/1.1" 200 3983
202.8.43.53 - - [03/Feb/2025:01:31:44 +0100] "GET /ticket2/opencms/system/modules/com.gridnine.opencms.ticketbrokerage.site/resources/js/jquery.placeholder.min.js HTTP/1.1" 200 1737
202.8.43.53 - - [03/Feb/2025:01:31:44 +0100] "GET /ticket2/opencms/system/modules/com.gridnine.opencms.ticketbrokerage.site/resources/js/common-ajax.js HTTP/1.1" 200 20175
202.8.43.53 - - [03/Feb/2025:01:31:44 +0100] "GET /ticket2/opencms/sk/ask-form.html HTTP/1.1" 200 3156
202.8.43.53 - - [03/Feb/2025:01:31:45 +0100] "GET /ticket2/opencms/system/modules/com.gridnine.opencms.ticketbrokerage.site/resources/css/ticketbrokerage.css HTTP/1.1" 200 39339
94.154.239.69 - - [03/Feb/2025:01:31:45 +0100] "GET /ticket2/opencms/sv/login/?edid=4F823A18-A71D-F820-FD7B-2CC78F9C9CC8 HTTP/1.1" 200 89395
192.99.3.137 - - [03/Feb/2025:01:31:47 +0100] "GET /ticket2/opencms/ka/buy/?page=1&edid=0AF1C6C0-A1C3-739A-0A12-42406989AD79 HTTP/1.1" 200 111480
52.167.144.218 - - [03/Feb/2025:01:31:47 +0100] "GET /ticket2/opencms/en/venue/?venueid=E0CC7055-3FC4-A5FC-6597-028072A69213 HTTP/1.1" 200 83277
135.181.180.59 - - [03/Feb/2025:01:31:48 +0100] "GET /ticket2/opencms/sv/buy/?page=1&edid=81B38BC2-1B10-C00A-7953-DB579F5D53A3 HTTP/1.1" 200 129238
114.119.159.129 - - [03/Feb/2025:01:31:48 +0100] "GET /ticket2/opencms/en/venue/?venueid=44FEF35E-84F0-1C09-675A-B5A8DF72F159 HTTP/1.1" 200 83312
94.154.239.69 - - [03/Feb/2025:01:31:48 +0100] "GET /ticket2/opencms/sv/sell/?edid=509FEEF0-A681-4182-A33B-D247D315C9CD HTTP/1.1" 302 -
54.36.149.21 - - [03/Feb/2025:01:31:50 +0100] "GET /ticket2/opencms/es/buy?page=1&edid=380D9DCE-9F52-6635-EF3F-C6491C4BBEEF HTTP/1.1" 200 133493
111.119.218.201 - - [03/Feb/2025:01:31:50 +0100] "GET /ticket2/opencms/is/sport/fotbolti/la-liga/real_betis/ HTTP/1.1" 200 96272
192.99.3.137 - - [03/Feb/2025:01:31:51 +0100] "GET /ticket2/opencms/ka/buy/?page=1&edid=0B61E12F-3357-9D4A-8CE6-56FAB7BA659C HTTP/1.1" 200 133500
202.8.42.101 - - [03/Feb/2025:01:31:51 +0100] "GET /ticket2/opencms/system/modules/com.gridnine.opencms.ticketbrokerage.site/resources/css/ticketbrokerage.css HTTP/1.1" 200 39339
202.8.42.101 - - [03/Feb/2025:01:31:51 +0100] "GET /ticket2/opencms/system/modules/com.gridnine.opencms.ticketbrokerage.site/resources/css/calendar.css HTTP/1.1" 200 6871
202.8.42.101 - - [03/Feb/2025:01:31:51 +0100] "GET /ticket2/opencms/system/modules/com.gridnine.opencms.ticketbrokerage.site/resources/css/jquery-ui.css HTTP/1.1" 200 33221
202.8.42.101 - - [03/Feb/2025:01:31:51 +0100] "GET /ticket2/opencms/system/modules/com.gridnine.opencms.ticketbrokerage.site/resources/css/standard.css HTTP/1.1" 200 73904
202.8.42.101 - - [03/Feb/2025:01:31:51 +0100] "GET /ticket2/opencms/system/modules/com.gridnine.opencms.ticketbrokerage.site/resources/css/jquery.fancybox.css HTTP/1.1" 200 4939
202.8.42.101 - - [03/Feb/2025:01:31:51 +0100] "GET /ticket2/opencms/system/modules/com.gridnine.opencms.ticketbrokerage.site/resources/js/jquery/jquery.js HTTP/1.1" 200 93868
202.8.42.101 - - [03/Feb/2025:01:31:51 +0100] "GET /ticket2/opencms/system/modules/com.gridnine.opencms.ticketbrokerage.site/resources/js/functions.js HTTP/1.1" 200 1583
202.8.42.101 - - [03/Feb/2025:01:31:51 +0100] "GET /ticket2/opencms/system/modules/com.gridnine.opencms.ticketbrokerage.site/resources/js/calendar.js HTTP/1.1" 200 49229
202.8.42.101 - - [03/Feb/2025:01:31:51 +0100] "GET /ticket2/opencms/system/modules/com.gridnine.opencms.ticketbrokerage.site/resources/js/calendar-en.js HTTP/1.1" 200 3338
202.8.42.101 - - [03/Feb/2025:01:31:51 +0100] "GET /ticket2/opencms/system/modules/com.gridnine.opencms.ticketbrokerage.site/resources/js/calendar-setup.js HTTP/1.1" 200 4923
202.8.42.101 - - [03/Feb/2025:01:31:51 +0100] "GET /ticket2/opencms/system/modules/com.gridnine.opencms.ticketbrokerage.site/resources/js/jquery/jquery-ui.js HTTP/1.1" 200 228088
217.113.194.220 - - [03/Feb/2025:01:31:51 +0100] "GET /ticket2/opencms/az/buy?page=1&edid=4D95C4E4-B7FF-C71E-110D-D09544A9044A HTTP/1.1" 200 133049
202.8.42.101 - - [03/Feb/2025:01:31:51 +0100] "GET /ticket2/opencms/system/modules/com.gridnine.opencms.ticketbrokerage.site/resources/js/standard.js HTTP/1.1" 200 3983
202.8.42.101 - - [03/Feb/2025:01:31:51 +0100] "GET /ticket2/opencms/system/modules/com.gridnine.opencms.ticketbrokerage.site/resources/js/jquery.fancybox.pack.js HTTP/1.1" 200 23187
202.8.42.101 - - [03/Feb/2025:01:31:51 +0100] "GET /ticket2/opencms/system/modules/com.gridnine.opencms.ticketbrokerage.site/resources/js/stickyfill.min.js HTTP/1.1" 200 5672
202.8.42.101 - - [03/Feb/2025:01:31:51 +0100] "GET /ticket2/opencms/system/modules/com.gridnine.opencms.ticketbrokerage.site/resources/js/jquery.placeholder.min.js HTTP/1.1" 200 1737
202.8.42.101 - - [03/Feb/2025:01:31:52 +0100] "GET /ticket2/opencms/system/modules/com.gridnine.opencms.ticketbrokerage.site/resources/js/common-ajax.js HTTP/1.1" 200 20175
202.8.42.101 - - [03/Feb/2025:01:31:52 +0100] "GET /ticket2/opencms/es/ask-form.html HTTP/1.1" 200 3156
135.181.180.59 - - [03/Feb/2025:01:31:52 +0100] "GET /ticket2/opencms/sv/buy/?page=1&edid=835618E5-0D1F-48E2-E5CA-E8042B524D8C HTTP/1.1" 200 129238
202.8.42.101 - - [03/Feb/2025:01:31:52 +0100] "GET /ticket2/opencms/system/modules/com.gridnine.opencms.ticketbrokerage.site/resources/css/ticketbrokerage.css HTTP/1.1" 200 39339
94.154.239.69 - - [03/Feb/2025:01:31:52 +0100] "GET /ticket2/opencms/sv/login/?edid=509FEEF0-A681-4182-A33B-D247D315C9CD HTTP/1.1" 200 89395
192.99.3.137 - - [03/Feb/2025:01:31:55 +0100] "GET /ticket2/opencms/ka/buy/?page=1&edid=0B8FB8B2-1ADA-9758-EA1A-28D2373F0ADF HTTP/1.1" 200 114341
94.154.239.69 - - [03/Feb/2025:01:31:55 +0100] "GET /ticket2/opencms/sv/sell/?edid=50E4550F-F595-BAC0-BB4E-A0D5D644567B HTTP/1.1" 302 -
135.181.180.59 - - [03/Feb/2025:01:31:56 +0100] "GET /ticket2/opencms/sv/buy/?page=1&edid=87B3356E-6F78-7F45-235C-4CD49B95C308 HTTP/1.1" 200 132397
66.249.79.33 - - [03/Feb/2025:01:31:57 +0100] "GET /ticket2/opencms/el/buy/?page=1&edid=F34F0F82-8666-22C0-D441-2DD1CFDD313F HTTP/1.1" 200 109656
192.99.3.137 - - [03/Feb/2025:01:31:59 +0100] "GET /ticket2/opencms/ka/buy/?page=1&edid=0BD2537E-8D85-BBF5-463D-38EAF0609D0E HTTP/1.1" 200 111493
185.150.191.125 - - [03/Feb/2025:01:31:59 +0100] "GET /ticket2/opencms/fi/wp-admin/css/autoload_classmap.php HTTP/1.1" 404 -
94.154.239.69 - - [03/Feb/2025:01:31:59 +0100] "GET /ticket2/opencms/sv/login/?edid=50E4550F-F595-BAC0-BB4E-A0D5D644567B HTTP/1.1" 200 89395
135.181.180.59 - - [03/Feb/2025:01:31:59 +0100] "GET /ticket2/opencms/sv/buy/?page=1&edid=8D36CAAA-5B35-26C1-11D2-EB825155168E HTTP/1.1" 200 105954
217.113.194.220 - - [03/Feb/2025:01:32:01 +0100] "GET /ticket2/opencms/az/buy?page=1&edid=4EFD7CD3-3CCD-738E-DDE8-5250B4FC1DE6 HTTP/1.1" 200 110827
54.36.148.34 - - [03/Feb/2025:01:32:01 +0100] "GET /ticket2/opencms/mo/buy?page=1&edid=9A8891BD-C3B9-2FD5-1633-7AEF0F073762 HTTP/1.1" 200 133714
94.154.239.69 - - [03/Feb/2025:01:32:02 +0100] "GET /ticket2/opencms/sv/sell/?edid=512235E7-9CFC-D4B9-FFCA-7049EE8805D3 HTTP/1.1" 302 -
202.8.41.223 - - [03/Feb/2025:01:32:03 +0100] "GET /ticket2/opencms/system/modules/com.gridnine.opencms.ticketbrokerage.site/resources/css/jquery.fancybox.css HTTP/1.1" 200 4939
202.8.41.223 - - [03/Feb/2025:01:32:03 +0100] "GET /ticket2/opencms/system/modules/com.gridnine.opencms.ticketbrokerage.site/resources/css/standard.css HTTP/1.1" 200 73904
202.8.41.223 - - [03/Feb/2025:01:32:03 +0100] "GET /ticket2/opencms/system/modules/com.gridnine.opencms.ticketbrokerage.site/resources/css/ticketbrokerage.css HTTP/1.1" 200 39339
202.8.41.223 - - [03/Feb/2025:01:32:03 +0100] "GET /ticket2/opencms/system/modules/com.gridnine.opencms.ticketbrokerage.site/resources/css/calendar.css HTTP/1.1" 200 6871
202.8.41.223 - - [03/Feb/2025:01:32:03 +0100] "GET /ticket2/opencms/system/modules/com.gridnine.opencms.ticketbrokerage.site/resources/css/jquery-ui.css HTTP/1.1" 200 33221
202.8.41.223 - - [03/Feb/2025:01:32:03 +0100] "GET /ticket2/opencms/system/modules/com.gridnine.opencms.ticketbrokerage.site/resources/js/jquery/jquery.js HTTP/1.1" 200 93868
202.8.41.223 - - [03/Feb/2025:01:32:03 +0100] "GET /ticket2/opencms/system/modules/com.gridnine.opencms.ticketbrokerage.site/resources/js/functions.js HTTP/1.1" 200 1583
202.8.41.223 - - [03/Feb/2025:01:32:03 +0100] "GET /ticket2/opencms/system/modules/com.gridnine.opencms.ticketbrokerage.site/resources/js/jquery/jquery-ui.js HTTP/1.1" 200 228088
202.8.41.223 - - [03/Feb/2025:01:32:03 +0100] "GET /ticket2/opencms/system/modules/com.gridnine.opencms.ticketbrokerage.site/resources/js/calendar.js HTTP/1.1" 200 49229
202.8.41.223 - - [03/Feb/2025:01:32:03 +0100] "GET /ticket2/opencms/system/modules/com.gridnine.opencms.ticketbrokerage.site/resources/js/calendar-en.js HTTP/1.1" 200 3338
202.8.41.223 - - [03/Feb/2025:01:32:03 +0100] "GET /ticket2/opencms/system/modules/com.gridnine.opencms.ticketbrokerage.site/resources/js/calendar-setup.js HTTP/1.1" 200 4923
192.99.3.137 - - [03/Feb/2025:01:32:03 +0100] "GET /ticket2/opencms/ka/buy/?page=1&edid=0BE732AB-67CD-FDAE-FCB3-FFE731054A7F HTTP/1.1" 200 111482
202.8.41.223 - - [03/Feb/2025:01:32:03 +0100] "GET /ticket2/opencms/system/modules/com.gridnine.opencms.ticketbrokerage.site/resources/js/jquery.fancybox.pack.js HTTP/1.1" 200 23187
202.8.41.223 - - [03/Feb/2025:01:32:03 +0100] "GET /ticket2/opencms/system/modules/com.gridnine.opencms.ticketbrokerage.site/resources/js/stickyfill.min.js HTTP/1.1" 200 5672
202.8.41.223 - - [03/Feb/2025:01:32:03 +0100] "GET /ticket2/opencms/system/modules/com.gridnine.opencms.ticketbrokerage.site/resources/js/standard.js HTTP/1.1" 200 3983
202.8.41.223 - - [03/Feb/2025:01:32:03 +0100] "GET /ticket2/opencms/system/modules/com.gridnine.opencms.ticketbrokerage.site/resources/js/jquery.placeholder.min.js HTTP/1.1" 200 1737
135.181.180.59 - - [03/Feb/2025:01:32:03 +0100] "GET /ticket2/opencms/sv/buy/?page=1&edid=92A56E78-70A5-4E7F-4A0E-86D90A27FA9E HTTP/1.1" 200 115157
202.8.41.223 - - [03/Feb/2025:01:32:03 +0100] "GET /ticket2/opencms/system/modules/com.gridnine.opencms.ticketbrokerage.site/resources/js/common-ajax.js HTTP/1.1" 200 20175
202.8.41.223 - - [03/Feb/2025:01:32:03 +0100] "GET /ticket2/opencms/mo/ask-form.html HTTP/1.1" 200 3156
202.8.41.223 - - [03/Feb/2025:01:32:03 +0100] "GET /ticket2/opencms/system/modules/com.gridnine.opencms.ticketbrokerage.site/resources/css/ticketbrokerage.css HTTP/1.1" 200 39339
85.208.96.193 - - [03/Feb/2025:01:32:04 +0100] "GET /ticket2/opencms/sk/magazine/article?title=moze-viktor-gyokeres-opustit-sporting-skor-nez-bolo-planovane HTTP/1.1" 200 87076
94.154.239.69 - - [03/Feb/2025:01:32:06 +0100] "GET /ticket2/opencms/sv/login/?edid=512235E7-9CFC-D4B9-FFCA-7049EE8805D3 HTTP/1.1" 200 89395
47.128.28.47 - - [03/Feb/2025:01:32:06 +0100] "GET /ticket2/opencms/hu/buy/?edid=835618E5-0D1F-48E2-E5CA-E8042B524D8C HTTP/1.1" 200 89393
135.181.180.59 - - [03/Feb/2025:01:32:07 +0100] "GET /ticket2/opencms/sv/buy/?page=1&edid=92DC823E-E3EC-5F8E-9A75-457391D3E143 HTTP/1.1" 200 109123
185.150.191.125 - - [03/Feb/2025:01:32:07 +0100] "GET /ticket2/opencms/fi/wp-admin/images/autoload_classmap.php HTTP/1.1" 404 -
192.99.3.137 - - [03/Feb/2025:01:32:07 +0100] "GET /ticket2/opencms/ka/buy/?page=1&edid=0BFEF265-1561-95F2-B0AD-720F1986AD1D HTTP/1.1" 200 134946
94.154.239.69 - - [03/Feb/2025:01:32:10 +0100] "GET /ticket2/opencms/sv/sell/?edid=51B4378F-6A88-5221-C69B-C34E0BB6A16E HTTP/1.1" 302 -
85.208.96.204 - - [03/Feb/2025:01:32:10 +0100] "GET /ticket2/opencms/dk/sport/ishockey/nhl/ny_rangers/ HTTP/1.1" 200 84565
217.113.194.212 - - [03/Feb/2025:01:32:10 +0100] "GET /ticket2/opencms/az/buy?page=1&edid=42C5D83C-45F5-510D-23C9-7B4CE8796C8F HTTP/1.1" 200 111189
135.181.180.59 - - [03/Feb/2025:01:32:10 +0100] "GET /ticket2/opencms/sv/buy/?page=1&edid=959254C8-9F5F-6179-1CA1-062F7936CA77 HTTP/1.1" 200 105956
54.36.149.75 - - [03/Feb/2025:01:32:10 +0100] "GET /ticket2/opencms/mt/buy?page=1&edid=7A0C4CE7-DF50-29C3-D447-032204091A27 HTTP/1.1" 200 106734
192.99.3.137 - - [03/Feb/2025:01:32:11 +0100] "GET /ticket2/opencms/ka/buy/?page=1&edid=0C1979DA-50CA-ECE7-2406-93F50E7E04D2 HTTP/1.1" 200 111489
202.8.43.203 - - [03/Feb/2025:01:32:12 +0100] "GET /ticket2/opencms/system/modules/com.gridnine.opencms.ticketbrokerage.site/resources/css/calendar.css HTTP/1.1" 200 6871
202.8.43.203 - - [03/Feb/2025:01:32:12 +0100] "GET /ticket2/opencms/system/modules/com.gridnine.opencms.ticketbrokerage.site/resources/css/jquery-ui.css HTTP/1.1" 200 33221
202.8.43.203 - - [03/Feb/2025:01:32:12 +0100] "GET /ticket2/opencms/system/modules/com.gridnine.opencms.ticketbrokerage.site/resources/css/jquery.fancybox.css HTTP/1.1" 200 4939
202.8.43.203 - - [03/Feb/2025:01:32:12 +0100] "GET /ticket2/opencms/system/modules/com.gridnine.opencms.ticketbrokerage.site/resources/css/standard.css HTTP/1.1" 200 73904
202.8.43.203 - - [03/Feb/2025:01:32:12 +0100] "GET /ticket2/opencms/system/modules/com.gridnine.opencms.ticketbrokerage.site/resources/css/ticketbrokerage.css HTTP/1.1" 200 39339
202.8.43.203 - - [03/Feb/2025:01:32:12 +0100] "GET /ticket2/opencms/system/modules/com.gridnine.opencms.ticketbrokerage.site/resources/js/jquery/jquery.js HTTP/1.1" 200 93868
202.8.43.203 - - [03/Feb/2025:01:32:12 +0100] "GET /ticket2/opencms/system/modules/com.gridnine.opencms.ticketbrokerage.site/resources/js/functions.js HTTP/1.1" 200 1583
202.8.43.203 - - [03/Feb/2025:01:32:12 +0100] "GET /ticket2/opencms/system/modules/com.gridnine.opencms.ticketbrokerage.site/resources/js/jquery/jquery-ui.js HTTP/1.1" 200 228088
202.8.43.203 - - [03/Feb/2025:01:32:12 +0100] "GET /ticket2/opencms/system/modules/com.gridnine.opencms.ticketbrokerage.site/resources/js/calendar.js HTTP/1.1" 200 49229
202.8.43.203 - - [03/Feb/2025:01:32:12 +0100] "GET /ticket2/opencms/system/modules/com.gridnine.opencms.ticketbrokerage.site/resources/js/calendar-en.js HTTP/1.1" 200 3338
202.8.43.203 - - [03/Feb/2025:01:32:12 +0100] "GET /ticket2/opencms/system/modules/com.gridnine.opencms.ticketbrokerage.site/resources/js/calendar-setup.js HTTP/1.1" 200 4923
202.8.43.203 - - [03/Feb/2025:01:32:12 +0100] "GET /ticket2/opencms/system/modules/com.gridnine.opencms.ticketbrokerage.site/resources/js/jquery.fancybox.pack.js HTTP/1.1" 200 23187
202.8.43.203 - - [03/Feb/2025:01:32:12 +0100] "GET /ticket2/opencms/system/modules/com.gridnine.opencms.ticketbrokerage.site/resources/js/stickyfill.min.js HTTP/1.1" 200 5672
202.8.43.203 - - [03/Feb/2025:01:32:12 +0100] "GET /ticket2/opencms/system/modules/com.gridnine.opencms.ticketbrokerage.site/resources/js/standard.js HTTP/1.1" 200 3983
202.8.43.203 - - [03/Feb/2025:01:32:12 +0100] "GET /ticket2/opencms/system/modules/com.gridnine.opencms.ticketbrokerage.site/resources/js/jquery.placeholder.min.js HTTP/1.1" 200 1737
202.8.43.203 - - [03/Feb/2025:01:32:12 +0100] "GET /ticket2/opencms/system/modules/com.gridnine.opencms.ticketbrokerage.site/resources/js/common-ajax.js HTTP/1.1" 200 20175
202.8.43.203 - - [03/Feb/2025:01:32:12 +0100] "GET /ticket2/opencms/mt/ask-form.html HTTP/1.1" 200 3156
202.8.43.203 - - [03/Feb/2025:01:32:12 +0100] "GET /ticket2/opencms/system/modules/com.gridnine.opencms.ticketbrokerage.site/resources/css/ticketbrokerage.css HTTP/1.1" 200 39339
94.154.239.69 - - [03/Feb/2025:01:32:13 +0100] "GET /ticket2/opencms/sv/login/?edid=51B4378F-6A88-5221-C69B-C34E0BB6A16E HTTP/1.1" 200 89395
135.181.180.59 - - [03/Feb/2025:01:32:14 +0100] "GET /ticket2/opencms/sv/buy/?page=1&edid=9AD6E1E6-FB1D-3EDD-D6AB-CD76FAA24E1B HTTP/1.1" 200 109138
185.150.191.125 - - [03/Feb/2025:01:32:14 +0100] "GET /ticket2/opencms/fi/wp-includes/pomo/autoload_classmap.php HTTP/1.1" 404 -
5.9.55.228 - - [03/Feb/2025:01:32:15 +0100] "GET /ticket2/opencms/fi/venue/?venueid=4455CA08-4C9A-150A-70CE-D4B8FC02B91F HTTP/1.1" 200 84749
192.99.3.137 - - [03/Feb/2025:01:32:16 +0100] "GET /ticket2/opencms/ka/buy/?page=1&edid=0C675B35-F010-2227-D951-9B816929F720 HTTP/1.1" 200 121565
54.36.148.199 - - [03/Feb/2025:01:32:16 +0100] "GET /ticket2/opencms/ga/buy?page=1&edid=EFAD6268-83FA-7979-AAB3-785B7208F10D HTTP/1.1" 200 106808
94.154.239.69 - - [03/Feb/2025:01:32:17 +0100] "GET /ticket2/opencms/sv/sell/?edid=51BA6506-B855-A51C-AAE5-76842477BCD5 HTTP/1.1" 302 -
52.167.144.22 - - [03/Feb/2025:01:32:17 +0100] "GET /ticket2/opencms/en/buy?page=1&edid=1ABC406A-92BD-FDCF-3BD6-80A52E60B34F HTTP/1.1" 200 140679
135.181.180.59 - - [03/Feb/2025:01:32:17 +0100] "GET /ticket2/opencms/sv/buy/?page=1&edid=9EDB7F86-26E1-C3B9-F18D-B7CE7EC54CD3 HTTP/1.1" 200 105983
202.8.40.155 - - [03/Feb/2025:01:32:18 +0100] "GET /ticket2/opencms/system/modules/com.gridnine.opencms.ticketbrokerage.site/resources/css/ticketbrokerage.css HTTP/1.1" 200 39339
202.8.40.155 - - [03/Feb/2025:01:32:18 +0100] "GET /ticket2/opencms/system/modules/com.gridnine.opencms.ticketbrokerage.site/resources/css/standard.css HTTP/1.1" 200 73904
202.8.40.155 - - [03/Feb/2025:01:32:18 +0100] "GET /ticket2/opencms/system/modules/com.gridnine.opencms.ticketbrokerage.site/resources/css/calendar.css HTTP/1.1" 200 6871
202.8.40.155 - - [03/Feb/2025:01:32:18 +0100] "GET /ticket2/opencms/system/modules/com.gridnine.opencms.ticketbrokerage.site/resources/css/jquery-ui.css HTTP/1.1" 200 33221
202.8.40.155 - - [03/Feb/2025:01:32:18 +0100] "GET /ticket2/opencms/system/modules/com.gridnine.opencms.ticketbrokerage.site/resources/css/jquery.fancybox.css HTTP/1.1" 200 4939
202.8.40.155 - - [03/Feb/2025:01:32:18 +0100] "GET /ticket2/opencms/system/modules/com.gridnine.opencms.ticketbrokerage.site/resources/js/jquery/jquery.js HTTP/1.1" 200 93868
202.8.40.155 - - [03/Feb/2025:01:32:18 +0100] "GET /ticket2/opencms/system/modules/com.gridnine.opencms.ticketbrokerage.site/resources/js/jquery/jquery-ui.js HTTP/1.1" 200 228088
202.8.40.155 - - [03/Feb/2025:01:32:18 +0100] "GET /ticket2/opencms/system/modules/com.gridnine.opencms.ticketbrokerage.site/resources/js/functions.js HTTP/1.1" 200 1583
202.8.40.155 - - [03/Feb/2025:01:32:18 +0100] "GET /ticket2/opencms/system/modules/com.gridnine.opencms.ticketbrokerage.site/resources/js/calendar.js HTTP/1.1" 200 49229
202.8.40.155 - - [03/Feb/2025:01:32:18 +0100] "GET /ticket2/opencms/system/modules/com.gridnine.opencms.ticketbrokerage.site/resources/js/calendar-setup.js HTTP/1.1" 200 4923
202.8.40.155 - - [03/Feb/2025:01:32:18 +0100] "GET /ticket2/opencms/system/modules/com.gridnine.opencms.ticketbrokerage.site/resources/js/calendar-en.js HTTP/1.1" 200 3338
66.249.79.34 - - [03/Feb/2025:01:32:18 +0100] "GET /ticket2/opencms/sl/buy/?page=1&edid=7C66830B-04B4-AE40-EDE3-9E8728F88692 HTTP/1.1" 200 106469
202.8.40.155 - - [03/Feb/2025:01:32:18 +0100] "GET /ticket2/opencms/system/modules/com.gridnine.opencms.ticketbrokerage.site/resources/js/jquery.fancybox.pack.js HTTP/1.1" 200 23187
202.8.40.155 - - [03/Feb/2025:01:32:18 +0100] "GET /ticket2/opencms/system/modules/com.gridnine.opencms.ticketbrokerage.site/resources/js/stickyfill.min.js HTTP/1.1" 200 5672
202.8.40.155 - - [03/Feb/2025:01:32:18 +0100] "GET /ticket2/opencms/system/modules/com.gridnine.opencms.ticketbrokerage.site/resources/js/standard.js HTTP/1.1" 200 3983
202.8.40.155 - - [03/Feb/2025:01:32:18 +0100] "GET /ticket2/opencms/system/modules/com.gridnine.opencms.ticketbrokerage.site/resources/js/common-ajax.js HTTP/1.1" 200 20175
202.8.40.155 - - [03/Feb/2025:01:32:18 +0100] "GET /ticket2/opencms/system/modules/com.gridnine.opencms.ticketbrokerage.site/resources/js/jquery.placeholder.min.js HTTP/1.1" 200 1737
202.8.40.155 - - [03/Feb/2025:01:32:18 +0100] "GET /ticket2/opencms/ga/ask-form.html HTTP/1.1" 200 3156
202.8.40.155 - - [03/Feb/2025:01:32:18 +0100] "GET /ticket2/opencms/system/modules/com.gridnine.opencms.ticketbrokerage.site/resources/css/ticketbrokerage.css HTTP/1.1" 200 39339
217.113.194.212 - - [03/Feb/2025:01:32:18 +0100] "GET /ticket2/opencms/az/buy?page=1&edid=41223DA8-F64F-F12A-66D9-9E5666E9DFB2 HTTP/1.1" 200 110614
40.77.167.64 - - [03/Feb/2025:01:32:19 +0100] "GET /ticket2/opencms/ga/buy/?page=1&edid=C68D3A19-7AB1-B0F6-2F8E-E937CB754241 HTTP/1.1" 200 130208
192.99.3.137 - - [03/Feb/2025:01:32:20 +0100] "GET /ticket2/opencms/ka/buy/?page=1&edid=0C94170C-17F1-0823-E8AC-91EC149F33EC HTTP/1.1" 200 138897
94.154.239.69 - - [03/Feb/2025:01:32:20 +0100] "GET /ticket2/opencms/sv/login/?edid=51BA6506-B855-A51C-AAE5-76842477BCD5 HTTP/1.1" 200 89395
135.181.180.59 - - [03/Feb/2025:01:32:20 +0100] "GET /ticket2/opencms/sv/buy/?page=1&edid=9F6DE712-9C78-E04F-3C2D-CEDA42B73B95 HTTP/1.1" 200 105954
185.150.191.125 - - [03/Feb/2025:01:32:22 +0100] "GET /ticket2/opencms/fi/wp-includes/block-patterns/autoload_classmap.php HTTP/1.1" 404 -
85.208.96.212 - - [03/Feb/2025:01:32:23 +0100] "GET /ticket2/opencms/robots.txt HTTP/1.1" 200 773
94.154.239.69 - - [03/Feb/2025:01:32:24 +0100] "GET /ticket2/opencms/sv/sell/?edid=51F8BA0B-A70E-E7C8-65F6-70EA9F024020 HTTP/1.1" 302 -
85.208.96.212 - - [03/Feb/2025:01:32:24 +0100] "GET /ticket2/opencms/hu/magazine/article?title=chelsea-vs-tottenham-2-0 HTTP/1.1" 200 86841
192.99.3.137 - - [03/Feb/2025:01:32:24 +0100] "GET /ticket2/opencms/ka/buy/?page=1&edid=0CBED0CE-AD48-5853-8CA7-767C378C5971 HTTP/1.1" 200 121844
135.181.180.59 - - [03/Feb/2025:01:32:24 +0100] "GET /ticket2/opencms/sv/buy/?page=1&edid=9F79CA3E-C929-3DA5-172A-1CE96884033B HTTP/1.1" 200 109389
54.36.149.48 - - [03/Feb/2025:01:32:26 +0100] "GET /ticket2/opencms/it/buy?page=1&edid=E9B7DED4-B9B3-1D5B-302C-EBD67027CF78 HTTP/1.1" 200 133176
66.249.79.33 - - [03/Feb/2025:01:32:27 +0100] "GET /ticket2/opencms/nl/buy/?page=1&edid=24EEE71A-0DC6-CA9D-0185-7675F772FED1 HTTP/1.1" 200 104151
217.113.194.217 - - [03/Feb/2025:01:32:27 +0100] "GET /ticket2/opencms/az/buy?page=1&edid=4DFADB48-D949-97F7-B374-193C167D2333 HTTP/1.1" 200 109462
202.8.42.205 - - [03/Feb/2025:01:32:27 +0100] "GET /ticket2/opencms/system/modules/com.gridnine.opencms.ticketbrokerage.site/resources/css/ticketbrokerage.css HTTP/1.1" 200 39339
202.8.42.205 - - [03/Feb/2025:01:32:27 +0100] "GET /ticket2/opencms/system/modules/com.gridnine.opencms.ticketbrokerage.site/resources/css/calendar.css HTTP/1.1" 200 6871
202.8.42.205 - - [03/Feb/2025:01:32:27 +0100] "GET /ticket2/opencms/system/modules/com.gridnine.opencms.ticketbrokerage.site/resources/css/jquery.fancybox.css HTTP/1.1" 200 4939
202.8.42.205 - - [03/Feb/2025:01:32:27 +0100] "GET /ticket2/opencms/system/modules/com.gridnine.opencms.ticketbrokerage.site/resources/css/jquery-ui.css HTTP/1.1" 200 33221
202.8.42.205 - - [03/Feb/2025:01:32:27 +0100] "GET /ticket2/opencms/system/modules/com.gridnine.opencms.ticketbrokerage.site/resources/js/jquery/jquery.js HTTP/1.1" 200 93868
202.8.42.205 - - [03/Feb/2025:01:32:27 +0100] "GET /ticket2/opencms/system/modules/com.gridnine.opencms.ticketbrokerage.site/resources/css/standard.css HTTP/1.1" 200 73904
94.154.239.69 - - [03/Feb/2025:01:32:27 +0100] "GET /ticket2/opencms/sv/login/?edid=51F8BA0B-A70E-E7C8-65F6-70EA9F024020 HTTP/1.1" 200 89395
202.8.42.205 - - [03/Feb/2025:01:32:27 +0100] "GET /ticket2/opencms/system/modules/com.gridnine.opencms.ticketbrokerage.site/resources/js/functions.js HTTP/1.1" 200 1583
202.8.42.205 - - [03/Feb/2025:01:32:27 +0100] "GET /ticket2/opencms/system/modules/com.gridnine.opencms.ticketbrokerage.site/resources/js/calendar-en.js HTTP/1.1" 200 3338
202.8.42.205 - - [03/Feb/2025:01:32:27 +0100] "GET /ticket2/opencms/system/modules/com.gridnine.opencms.ticketbrokerage.site/resources/js/calendar.js HTTP/1.1" 200 49229
202.8.42.205 - - [03/Feb/2025:01:32:27 +0100] "GET /ticket2/opencms/system/modules/com.gridnine.opencms.ticketbrokerage.site/resources/js/jquery/jquery-ui.js HTTP/1.1" 200 228088
202.8.42.205 - - [03/Feb/2025:01:32:27 +0100] "GET /ticket2/opencms/system/modules/com.gridnine.opencms.ticketbrokerage.site/resources/js/calendar-setup.js HTTP/1.1" 200 4923
135.181.180.59 - - [03/Feb/2025:01:32:28 +0100] "GET /ticket2/opencms/sv/buy/?page=1&edid=9FB6CA5F-9FD4-07F5-846F-055946C41087 HTTP/1.1" 200 108328
202.8.42.205 - - [03/Feb/2025:01:32:28 +0100] "GET /ticket2/opencms/system/modules/com.gridnine.opencms.ticketbrokerage.site/resources/js/jquery.fancybox.pack.js HTTP/1.1" 200 23187
202.8.42.205 - - [03/Feb/2025:01:32:28 +0100] "GET /ticket2/opencms/system/modules/com.gridnine.opencms.ticketbrokerage.site/resources/js/stickyfill.min.js HTTP/1.1" 200 5672
202.8.42.205 - - [03/Feb/2025:01:32:28 +0100] "GET /ticket2/opencms/system/modules/com.gridnine.opencms.ticketbrokerage.site/resources/js/standard.js HTTP/1.1" 200 3983
202.8.42.205 - - [03/Feb/2025:01:32:28 +0100] "GET /ticket2/opencms/system/modules/com.gridnine.opencms.ticketbrokerage.site/resources/js/jquery.placeholder.min.js HTTP/1.1" 200 1737
202.8.42.205 - - [03/Feb/2025:01:32:28 +0100] "GET /ticket2/opencms/system/modules/com.gridnine.opencms.ticketbrokerage.site/resources/js/common-ajax.js HTTP/1.1" 200 20175
202.8.42.205 - - [03/Feb/2025:01:32:28 +0100] "GET /ticket2/opencms/it/ask-form.html HTTP/1.1" 200 3156
202.8.42.205 - - [03/Feb/2025:01:32:28 +0100] "GET /ticket2/opencms/system/modules/com.gridnine.opencms.ticketbrokerage.site/resources/css/ticketbrokerage.css HTTP/1.1" 200 39339
192.99.3.137 - - [03/Feb/2025:01:32:28 +0100] "GET /ticket2/opencms/ka/buy/?page=1&edid=0D37E384-2B78-1FC5-2B22-30B553C53918 HTTP/1.1" 200 111469
54.36.148.177 - - [03/Feb/2025:01:32:30 +0100] "GET /ticket2/opencms/az/magazine/article?title=eredivisie HTTP/1.1" 200 87142
185.150.191.125 - - [03/Feb/2025:01:32:30 +0100] "GET /ticket2/opencms/fi/wp-includes/js/autoload_classmap.php HTTP/1.1" 404 -
94.154.239.69 - - [03/Feb/2025:01:32:31 +0100] "GET /ticket2/opencms/sv/sell/?edid=526E9B7B-D2CF-DFA7-BDD3-64E3D1623615 HTTP/1.1" 302 -
47.128.32.232 - - [03/Feb/2025:01:32:31 +0100] "GET /ticket2/opencms/es/magazine/article?title=paises-bajos-vs-inglaterra-en-semifinal HTTP/1.1" 200 87032
135.181.180.59 - - [03/Feb/2025:01:32:31 +0100] "GET /ticket2/opencms/sv/buy/?page=1&edid=A0F2DCF6-8E51-2A35-9002-01868CA7690E HTTP/1.1" 200 105985
192.99.3.137 - - [03/Feb/2025:01:32:32 +0100] "GET /ticket2/opencms/ka/buy/?page=1&edid=0DB336ED-B184-1B25-4EA8-B6E94BBC2DBC HTTP/1.1" 200 138924
66.249.79.33 - - [03/Feb/2025:01:32:33 +0100] "GET /ticket2/opencms/fr/buy?page=1&edid=1EC9B49C-3E71-53D7-479D-7C922516D58E&hlv=66d5b8a6-c318-4610-a39a-6ff50a01000f HTTP/1.1" 200 111861
135.181.180.59 - - [03/Feb/2025:01:32:34 +0100] "GET /ticket2/opencms/sv/buy/?page=1&edid=A0FFAF50-E61F-DDD9-D6DC-77947313B0DE HTTP/1.1" 200 115934
94.154.239.69 - - [03/Feb/2025:01:32:35 +0100] "GET /ticket2/opencms/sv/login/?edid=526E9B7B-D2CF-DFA7-BDD3-64E3D1623615 HTTP/1.1" 200 89395
217.113.194.219 - - [03/Feb/2025:01:32:36 +0100] "GET /ticket2/opencms/az/buy?page=1&edid=3ED65AD6-1279-C02D-A742-75E583A6E3FA HTTP/1.1" 200 110579
192.99.3.137 - - [03/Feb/2025:01:32:37 +0100] "GET /ticket2/opencms/ka/buy/?page=1&edid=0DC29C5C-A273-34CB-58F3-441C87554AF1 HTTP/1.1" 200 128262
66.249.79.106 - - [03/Feb/2025:01:32:37 +0100] "GET /ticket2/opencms/pl/buy/?comcatid=A17713B6-D984-201A-4143-ED4DB5ED5C2E&catid=&npage=5 HTTP/1.1" 200 6410
52.167.144.187 - - [03/Feb/2025:01:32:37 +0100] "GET /ticket2/opencms/sv/buy/?page=6&comcatid=A17713B6-D984-201A-4143-ED4DB5ED5C2E&catid=24AC1CA6-1C09-0BE5-C04A-9DCCDB15D5E9 HTTP/1.1" 200 6410
135.181.180.59 - - [03/Feb/2025:01:32:38 +0100] "GET /ticket2/opencms/sv/buy/?page=1&edid=A1A37FC4-1FF6-4D2A-B598-FE1862FE9ADD HTTP/1.1" 200 109128
111.119.218.201 - - [03/Feb/2025:01:32:38 +0100] "GET /ticket2/opencms/pl/buy/?page=1&edid=70EF0ABB-9A80-4CE0-EE48-CC9265C1B361 HTTP/1.1" 200 129758
185.150.191.125 - - [03/Feb/2025:01:32:38 +0100] "GET /ticket2/opencms/fi/wp-includes/sitemaps/autoload_classmap.php HTTP/1.1" 404 -
94.154.239.69 - - [03/Feb/2025:01:32:38 +0100] "GET /ticket2/opencms/sv/sell/?edid=527D0B62-C497-70C6-CDAB-CB9B8D10FFA6 HTTP/1.1" 302 -
66.249.68.37 - - [03/Feb/2025:01:32:39 +0100] "GET /ticket2/opencms/en/buy/?page=1&edid=411D3DBB-027B-B862-22E5-46D3DA36810A HTTP/1.1" 200 104756
54.36.148.138 - - [03/Feb/2025:01:32:39 +0100] "GET /ticket2/opencms/es/buy?page=1&edid=D45BCB35-EE91-062B-5384-4218890EBB45 HTTP/1.1" 200 129825
66.249.79.34 - - [03/Feb/2025:01:32:40 +0100] "GET /ticket2/opencms/ro/buy?page=1&edid=11EFBC55-130A-2310-B776-C5D86878BDAB HTTP/1.1" 200 109977
202.8.40.111 - - [03/Feb/2025:01:32:40 +0100] "GET /ticket2/opencms/system/modules/com.gridnine.opencms.ticketbrokerage.site/resources/css/jquery-ui.css HTTP/1.1" 200 33221
202.8.40.111 - - [03/Feb/2025:01:32:40 +0100] "GET /ticket2/opencms/system/modules/com.gridnine.opencms.ticketbrokerage.site/resources/css/jquery.fancybox.css HTTP/1.1" 200 4939
202.8.40.111 - - [03/Feb/2025:01:32:40 +0100] "GET /ticket2/opencms/system/modules/com.gridnine.opencms.ticketbrokerage.site/resources/css/ticketbrokerage.css HTTP/1.1" 200 39339
202.8.40.111 - - [03/Feb/2025:01:32:40 +0100] "GET /ticket2/opencms/system/modules/com.gridnine.opencms.ticketbrokerage.site/resources/css/calendar.css HTTP/1.1" 200 6871
202.8.40.111 - - [03/Feb/2025:01:32:40 +0100] "GET /ticket2/opencms/system/modules/com.gridnine.opencms.ticketbrokerage.site/resources/js/jquery/jquery.js HTTP/1.1" 200 93868
202.8.40.111 - - [03/Feb/2025:01:32:40 +0100] "GET /ticket2/opencms/system/modules/com.gridnine.opencms.ticketbrokerage.site/resources/css/standard.css HTTP/1.1" 200 73904
202.8.40.111 - - [03/Feb/2025:01:32:40 +0100] "GET /ticket2/opencms/system/modules/com.gridnine.opencms.ticketbrokerage.site/resources/js/functions.js HTTP/1.1" 200 1583
202.8.40.111 - - [03/Feb/2025:01:32:40 +0100] "GET /ticket2/opencms/system/modules/com.gridnine.opencms.ticketbrokerage.site/resources/js/calendar.js HTTP/1.1" 200 49229
202.8.40.111 - - [03/Feb/2025:01:32:40 +0100] "GET /ticket2/opencms/system/modules/com.gridnine.opencms.ticketbrokerage.site/resources/js/jquery/jquery-ui.js HTTP/1.1" 200 228088
202.8.40.111 - - [03/Feb/2025:01:32:40 +0100] "GET /ticket2/opencms/system/modules/com.gridnine.opencms.ticketbrokerage.site/resources/js/calendar-en.js HTTP/1.1" 200 3338
202.8.40.111 - - [03/Feb/2025:01:32:40 +0100] "GET /ticket2/opencms/system/modules/com.gridnine.opencms.ticketbrokerage.site/resources/js/calendar-setup.js HTTP/1.1" 200 4923
202.8.40.111 - - [03/Feb/2025:01:32:41 +0100] "GET /ticket2/opencms/system/modules/com.gridnine.opencms.ticketbrokerage.site/resources/js/jquery.fancybox.pack.js HTTP/1.1" 200 23187
202.8.40.111 - - [03/Feb/2025:01:32:41 +0100] "GET /ticket2/opencms/system/modules/com.gridnine.opencms.ticketbrokerage.site/resources/js/stickyfill.min.js HTTP/1.1" 200 5672
202.8.40.111 - - [03/Feb/2025:01:32:41 +0100] "GET /ticket2/opencms/system/modules/com.gridnine.opencms.ticketbrokerage.site/resources/js/standard.js HTTP/1.1" 200 3983
202.8.40.111 - - [03/Feb/2025:01:32:41 +0100] "GET /ticket2/opencms/system/modules/com.gridnine.opencms.ticketbrokerage.site/resources/js/jquery.placeholder.min.js HTTP/1.1" 200 1737
202.8.40.111 - - [03/Feb/2025:01:32:41 +0100] "GET /ticket2/opencms/system/modules/com.gridnine.opencms.ticketbrokerage.site/resources/js/common-ajax.js HTTP/1.1" 200 20175
202.8.40.111 - - [03/Feb/2025:01:32:41 +0100] "GET /ticket2/opencms/es/ask-form.html HTTP/1.1" 200 3156
202.8.40.111 - - [03/Feb/2025:01:32:41 +0100] "GET /ticket2/opencms/system/modules/com.gridnine.opencms.ticketbrokerage.site/resources/css/ticketbrokerage.css HTTP/1.1" 200 39339
135.181.180.59 - - [03/Feb/2025:01:32:41 +0100] "GET /ticket2/opencms/sv/buy/?page=1&edid=A4BCC3CD-355E-D96B-6D23-4D9FBE7BA965 HTTP/1.1" 200 109138
192.99.3.137 - - [03/Feb/2025:01:32:41 +0100] "GET /ticket2/opencms/ka/buy/?page=1&edid=0E015037-AEA8-A77C-F644-58B0F482ADCC HTTP/1.1" 200 139661
94.154.239.69 - - [03/Feb/2025:01:32:42 +0100] "GET /ticket2/opencms/sv/login/?edid=527D0B62-C497-70C6-CDAB-CB9B8D10FFA6 HTTP/1.1" 200 89395
66.249.79.34 - - [03/Feb/2025:01:32:42 +0100] "GET /ticket2/opencms/ga/buy/?page=1&edid=87B3356E-6F78-7F45-235C-4CD49B95C308 HTTP/1.1" 200 133846
66.249.68.38 - - [03/Feb/2025:01:32:44 +0100] "GET /ticket2/opencms/en/ask-form.html HTTP/1.1" 200 3146
135.181.180.59 - - [03/Feb/2025:01:32:45 +0100] "GET /ticket2/opencms/sv/buy/?page=1&edid=A4CA2F1E-95F7-CE47-5A50-DF7E2BC18D85 HTTP/1.1" 200 117648
54.36.148.92 - - [03/Feb/2025:01:32:45 +0100] "GET /ticket2/opencms/fr/buy?page=1&edid=9A8891BD-C3B9-2FD5-1633-7AEF0F073762 HTTP/1.1" 200 133218
217.113.194.216 - - [03/Feb/2025:01:32:45 +0100] "GET /ticket2/opencms/az/buy?page=1&edid=3F2D99A8-7547-83C1-C9EB-9D79E7CF5003 HTTP/1.1" 200 133904
94.154.239.69 - - [03/Feb/2025:01:32:45 +0100] "GET /ticket2/opencms/sv/sell/?edid=53A92FA4-2865-3EC4-1DE2-3CECE2D5DCBD HTTP/1.1" 302 -
192.99.3.137 - - [03/Feb/2025:01:32:45 +0100] "GET /ticket2/opencms/ka/buy/?page=1&edid=0E2185D1-6D42-D80F-0E47-29A01B6B0415 HTTP/1.1" 200 111495
202.8.42.219 - - [03/Feb/2025:01:32:46 +0100] "GET /ticket2/opencms/system/modules/com.gridnine.opencms.ticketbrokerage.site/resources/css/jquery-ui.css HTTP/1.1" 200 33221
202.8.42.219 - - [03/Feb/2025:01:32:46 +0100] "GET /ticket2/opencms/system/modules/com.gridnine.opencms.ticketbrokerage.site/resources/css/ticketbrokerage.css HTTP/1.1" 200 39339
202.8.42.219 - - [03/Feb/2025:01:32:46 +0100] "GET /ticket2/opencms/system/modules/com.gridnine.opencms.ticketbrokerage.site/resources/css/standard.css HTTP/1.1" 200 73904
202.8.42.219 - - [03/Feb/2025:01:32:46 +0100] "GET /ticket2/opencms/system/modules/com.gridnine.opencms.ticketbrokerage.site/resources/css/calendar.css HTTP/1.1" 200 6871
202.8.42.219 - - [03/Feb/2025:01:32:46 +0100] "GET /ticket2/opencms/system/modules/com.gridnine.opencms.ticketbrokerage.site/resources/css/jquery.fancybox.css HTTP/1.1" 200 4939
202.8.42.219 - - [03/Feb/2025:01:32:46 +0100] "GET /ticket2/opencms/system/modules/com.gridnine.opencms.ticketbrokerage.site/resources/js/jquery/jquery.js HTTP/1.1" 200 93868
202.8.42.219 - - [03/Feb/2025:01:32:46 +0100] "GET /ticket2/opencms/system/modules/com.gridnine.opencms.ticketbrokerage.site/resources/js/jquery/jquery-ui.js HTTP/1.1" 200 228088
202.8.42.219 - - [03/Feb/2025:01:32:46 +0100] "GET /ticket2/opencms/system/modules/com.gridnine.opencms.ticketbrokerage.site/resources/js/calendar-en.js HTTP/1.1" 200 3338
202.8.42.219 - - [03/Feb/2025:01:32:46 +0100] "GET /ticket2/opencms/system/modules/com.gridnine.opencms.ticketbrokerage.site/resources/js/functions.js HTTP/1.1" 200 1583
202.8.42.219 - - [03/Feb/2025:01:32:46 +0100] "GET /ticket2/opencms/system/modules/com.gridnine.opencms.ticketbrokerage.site/resources/js/calendar.js HTTP/1.1" 200 49229
202.8.42.219 - - [03/Feb/2025:01:32:46 +0100] "GET /ticket2/opencms/system/modules/com.gridnine.opencms.ticketbrokerage.site/resources/js/calendar-setup.js HTTP/1.1" 200 4923
202.8.42.219 - - [03/Feb/2025:01:32:46 +0100] "GET /ticket2/opencms/system/modules/com.gridnine.opencms.ticketbrokerage.site/resources/js/jquery.fancybox.pack.js HTTP/1.1" 200 23187
202.8.42.219 - - [03/Feb/2025:01:32:46 +0100] "GET /ticket2/opencms/system/modules/com.gridnine.opencms.ticketbrokerage.site/resources/js/standard.js HTTP/1.1" 200 3983
202.8.42.219 - - [03/Feb/2025:01:32:46 +0100] "GET /ticket2/opencms/system/modules/com.gridnine.opencms.ticketbrokerage.site/resources/js/stickyfill.min.js HTTP/1.1" 200 5672
202.8.42.219 - - [03/Feb/2025:01:32:46 +0100] "GET /ticket2/opencms/system/modules/com.gridnine.opencms.ticketbrokerage.site/resources/js/jquery.placeholder.min.js HTTP/1.1" 200 1737
202.8.42.219 - - [03/Feb/2025:01:32:46 +0100] "GET /ticket2/opencms/system/modules/com.gridnine.opencms.ticketbrokerage.site/resources/js/common-ajax.js HTTP/1.1" 200 20175
202.8.42.219 - - [03/Feb/2025:01:32:46 +0100] "GET /ticket2/opencms/fr/ask-form.html HTTP/1.1" 200 3156
202.8.42.219 - - [03/Feb/2025:01:32:46 +0100] "GET /ticket2/opencms/system/modules/com.gridnine.opencms.ticketbrokerage.site/resources/css/ticketbrokerage.css HTTP/1.1" 200 39339
185.150.191.125 - - [03/Feb/2025:01:32:47 +0100] "GET /ticket2/opencms/fi/wp-includes/SimplePie/autoload_classmap.php HTTP/1.1" 404 -
135.181.180.59 - - [03/Feb/2025:01:32:48 +0100] "GET /ticket2/opencms/sv/buy/?page=1&edid=A4E0FC85-7C79-F9F5-C18A-2337C0D586CB HTTP/1.1" 200 109387
94.154.239.69 - - [03/Feb/2025:01:32:49 +0100] "GET /ticket2/opencms/sv/login/?edid=53A92FA4-2865-3EC4-1DE2-3CECE2D5DCBD HTTP/1.1" 200 89395
192.99.3.137 - - [03/Feb/2025:01:32:49 +0100] "GET /ticket2/opencms/ka/buy/?page=1&edid=0E487947-8D2A-A553-BF9C-F44B73D05AC1 HTTP/1.1" 200 111492
186.157.145.101 - - [03/Feb/2025:01:32:52 +0100] "GET /ticket2/opencms/img/shutterstock_1559114345.jpg HTTP/1.1" 200 1583836
135.181.180.59 - - [03/Feb/2025:01:32:52 +0100] "GET /ticket2/opencms/sv/buy/?page=1&edid=A587FC63-4A93-6097-3B29-C1C51786267C HTTP/1.1" 200 115198
94.154.239.69 - - [03/Feb/2025:01:32:52 +0100] "GET /ticket2/opencms/sv/sell/?edid=54472C1B-8AD8-FE25-7674-7D67ACF9282A HTTP/1.1" 302 -
5.9.55.228 - - [03/Feb/2025:01:32:52 +0100] "GET /ticket2/opencms/fi/venue/?venueid=445A2A9B-2310-DAA8-7B45-AD2D4189EE3D HTTP/1.1" 200 84701
54.36.149.95 - - [03/Feb/2025:01:32:53 +0100] "GET /ticket2/opencms/sr/buy?page=1&edid=9A8891BD-C3B9-2FD5-1633-7AEF0F073762 HTTP/1.1" 200 134184
192.99.3.137 - - [03/Feb/2025:01:32:54 +0100] "GET /ticket2/opencms/ka/buy/?page=1&edid=0EEA539C-CE62-5C9B-1748-3C47F0459AFF HTTP/1.1" 200 115494
202.8.41.5 - - [03/Feb/2025:01:32:54 +0100] "GET /ticket2/opencms/system/modules/com.gridnine.opencms.ticketbrokerage.site/resources/css/standard.css HTTP/1.1" 200 73904
202.8.41.5 - - [03/Feb/2025:01:32:54 +0100] "GET /ticket2/opencms/system/modules/com.gridnine.opencms.ticketbrokerage.site/resources/css/jquery-ui.css HTTP/1.1" 200 33221
202.8.41.5 - - [03/Feb/2025:01:32:54 +0100] "GET /ticket2/opencms/system/modules/com.gridnine.opencms.ticketbrokerage.site/resources/css/calendar.css HTTP/1.1" 200 6871
202.8.41.5 - - [03/Feb/2025:01:32:54 +0100] "GET /ticket2/opencms/system/modules/com.gridnine.opencms.ticketbrokerage.site/resources/css/ticketbrokerage.css HTTP/1.1" 200 39339
202.8.41.5 - - [03/Feb/2025:01:32:54 +0100] "GET /ticket2/opencms/system/modules/com.gridnine.opencms.ticketbrokerage.site/resources/css/jquery.fancybox.css HTTP/1.1" 200 4939
202.8.41.5 - - [03/Feb/2025:01:32:54 +0100] "GET /ticket2/opencms/system/modules/com.gridnine.opencms.ticketbrokerage.site/resources/js/jquery/jquery.js HTTP/1.1" 200 93868
202.8.41.5 - - [03/Feb/2025:01:32:54 +0100] "GET /ticket2/opencms/system/modules/com.gridnine.opencms.ticketbrokerage.site/resources/js/functions.js HTTP/1.1" 200 1583
202.8.41.5 - - [03/Feb/2025:01:32:54 +0100] "GET /ticket2/opencms/system/modules/com.gridnine.opencms.ticketbrokerage.site/resources/js/calendar-en.js HTTP/1.1" 200 3338
202.8.41.5 - - [03/Feb/2025:01:32:54 +0100] "GET /ticket2/opencms/system/modules/com.gridnine.opencms.ticketbrokerage.site/resources/js/calendar-setup.js HTTP/1.1" 200 4923
202.8.41.5 - - [03/Feb/2025:01:32:54 +0100] "GET /ticket2/opencms/system/modules/com.gridnine.opencms.ticketbrokerage.site/resources/js/jquery/jquery-ui.js HTTP/1.1" 200 228088
217.113.194.221 - - [03/Feb/2025:01:32:54 +0100] "GET /ticket2/opencms/az/buy?page=1&edid=3A899F3D-4563-653B-4B43-C09A35CA2BD9 HTTP/1.1" 200 132582
202.8.41.5 - - [03/Feb/2025:01:32:54 +0100] "GET /ticket2/opencms/system/modules/com.gridnine.opencms.ticketbrokerage.site/resources/js/calendar.js HTTP/1.1" 200 49229
202.8.41.5 - - [03/Feb/2025:01:32:54 +0100] "GET /ticket2/opencms/system/modules/com.gridnine.opencms.ticketbrokerage.site/resources/js/stickyfill.min.js HTTP/1.1" 200 5672
202.8.41.5 - - [03/Feb/2025:01:32:54 +0100] "GET /ticket2/opencms/system/modules/com.gridnine.opencms.ticketbrokerage.site/resources/js/jquery.fancybox.pack.js HTTP/1.1" 200 23187
202.8.41.5 - - [03/Feb/2025:01:32:54 +0100] "GET /ticket2/opencms/system/modules/com.gridnine.opencms.ticketbrokerage.site/resources/js/standard.js HTTP/1.1" 200 3983
202.8.41.5 - - [03/Feb/2025:01:32:54 +0100] "GET /ticket2/opencms/system/modules/com.gridnine.opencms.ticketbrokerage.site/resources/js/jquery.placeholder.min.js HTTP/1.1" 200 1737
202.8.41.5 - - [03/Feb/2025:01:32:55 +0100] "GET /ticket2/opencms/system/modules/com.gridnine.opencms.ticketbrokerage.site/resources/js/common-ajax.js HTTP/1.1" 200 20175
202.8.41.5 - - [03/Feb/2025:01:32:55 +0100] "GET /ticket2/opencms/sr/ask-form.html HTTP/1.1" 200 3156
5.255.231.149 - - [03/Feb/2025:01:32:55 +0100] "GET /ticket2/opencms/robots.txt HTTP/1.1" 200 773
202.8.41.5 - - [03/Feb/2025:01:32:55 +0100] "GET /ticket2/opencms/system/modules/com.gridnine.opencms.ticketbrokerage.site/resources/css/ticketbrokerage.css HTTP/1.1" 200 39339
135.181.180.59 - - [03/Feb/2025:01:32:55 +0100] "GET /ticket2/opencms/sv/buy/?page=1&edid=A5DC3557-7021-B208-917D-35A78F466827 HTTP/1.1" 200 109145
213.180.203.33 - - [03/Feb/2025:01:32:55 +0100] "GET /ticket2/opencms/en/sport/football-tickets/bundesliga/werder_bremen HTTP/1.1" 200 95556
94.154.239.69 - - [03/Feb/2025:01:32:56 +0100] "GET /ticket2/opencms/sv/login/?edid=54472C1B-8AD8-FE25-7674-7D67ACF9282A HTTP/1.1" 200 89395
192.99.3.137 - - [03/Feb/2025:01:32:58 +0100] "GET /ticket2/opencms/ka/buy/?page=1&edid=0F1609DC-3333-3ED5-6855-0A373223136E HTTP/1.1" 200 115446
185.150.191.125 - - [03/Feb/2025:01:32:58 +0100] "GET /ticket2/opencms/fi/wp-includes/widgets/autoload_classmap.php HTTP/1.1" 404 -
135.181.180.59 - - [03/Feb/2025:01:32:59 +0100] "GET /ticket2/opencms/sv/buy/?page=1&edid=A5F48A53-AA8A-5B10-CC83-A4845C620376 HTTP/1.1" 200 105937
94.154.239.69 - - [03/Feb/2025:01:32:59 +0100] "GET /ticket2/opencms/sv/sell/?edid=54477DFC-A823-7169-8BE6-7FEB2AAE61EA HTTP/1.1" 302 -
54.36.148.79 - - [03/Feb/2025:01:32:59 +0100] "GET /ticket2/opencms/bg/buy/?page=1&edid=99C77A16-8AF9-4675-97DE-42A41C4ECB4F HTTP/1.1" 200 130949
185.191.171.2 - - [03/Feb/2025:01:32:59 +0100] "GET /ticket2/opencms/robots.txt HTTP/1.1" 200 773
85.208.96.208 - - [03/Feb/2025:01:33:00 +0100] "GET /ticket2/opencms/sv/sport/fotbollsbiljetter/uefa-champions-league/benfica/ HTTP/1.1" 200 86176
85.208.96.194 - - [03/Feb/2025:01:33:01 +0100] "GET /ticket2/opencms/sr/about/contact/ HTTP/1.1" 200 84746
192.99.3.137 - - [03/Feb/2025:01:33:02 +0100] "GET /ticket2/opencms/ka/buy/?page=1&edid=102FC15A-4406-C66D-55EB-877612BDD22A HTTP/1.1" 200 111456
135.181.180.59 - - [03/Feb/2025:01:33:02 +0100] "GET /ticket2/opencms/sv/buy/?page=1&edid=A613B971-014E-0A66-B74F-2B30F695BCED HTTP/1.1" 200 111967
94.154.239.69 - - [03/Feb/2025:01:33:03 +0100] "GET /ticket2/opencms/sv/login/?edid=54477DFC-A823-7169-8BE6-7FEB2AAE61EA HTTP/1.1" 200 89395
217.113.194.216 - - [03/Feb/2025:01:33:04 +0100] "GET /ticket2/opencms/az/buy?page=1&edid=35B3B189-F0EE-D44E-696E-524503E0038E HTTP/1.1" 200 106902
135.181.180.59 - - [03/Feb/2025:01:33:05 +0100] "GET /ticket2/opencms/sv/buy/?page=1&edid=A67BB2AD-2A21-1A26-B327-2F5324A92178 HTTP/1.1" 200 105978
192.99.3.137 - - [03/Feb/2025:01:33:06 +0100] "GET /ticket2/opencms/ka/buy/?page=1&edid=10404C2E-90F1-82CF-4642-1D2B3FC97049 HTTP/1.1" 200 121578
94.154.239.69 - - [03/Feb/2025:01:33:06 +0100] "GET /ticket2/opencms/sv/sell/?edid=563369A9-6C3F-0F21-E501-4CC06AFD9628 HTTP/1.1" 302 -
185.150.191.125 - - [03/Feb/2025:01:33:07 +0100] "GET /ticket2/opencms/fi/wp-content/uploads/autoload_classmap.php HTTP/1.1" 404 -
135.181.180.59 - - [03/Feb/2025:01:33:09 +0100] "GET /ticket2/opencms/sv/buy/?page=1&edid=A6B0AAE3-6AD5-0CB5-930C-823AC0AFA905 HTTP/1.1" 200 109184
94.154.239.69 - - [03/Feb/2025:01:33:10 +0100] "GET /ticket2/opencms/sv/login/?edid=563369A9-6C3F-0F21-E501-4CC06AFD9628 HTTP/1.1" 200 89395
192.99.3.137 - - [03/Feb/2025:01:33:10 +0100] "GET /ticket2/opencms/ka/buy/?page=1&edid=1046C14E-D95C-B350-CBCD-2ECE5F3DCC46 HTTP/1.1" 200 127659
54.36.148.177 - - [03/Feb/2025:01:33:11 +0100] "GET /ticket2/opencms/en/buy/?page=1&edid=7D705009-28C3-DAA4-6025-94ED0AAA4FB6 HTTP/1.1" 200 104749
66.249.79.34 - - [03/Feb/2025:01:33:11 +0100] "GET /ticket2/opencms/ga/buy/?page=1&edid=FC7C15A4-04FF-B871-AC9F-BAD355747F99 HTTP/1.1" 200 106803
135.181.180.59 - - [03/Feb/2025:01:33:12 +0100] "GET /ticket2/opencms/sv/buy/?page=1&edid=A80022C8-3541-FA3A-867C-156C8341938D HTTP/1.1" 200 108050
217.113.194.214 - - [03/Feb/2025:01:33:13 +0100] "GET /ticket2/opencms/az/buy?page=1&edid=3BDAF33D-50D2-45C6-26D6-3F2B5E36F1B0 HTTP/1.1" 200 106942
94.154.239.69 - - [03/Feb/2025:01:33:13 +0100] "GET /ticket2/opencms/sv/sell/?edid=564D2DDE-50A0-0F93-C015-CE64A52E115B HTTP/1.1" 302 -
52.167.144.196 - - [03/Feb/2025:01:33:14 +0100] "GET /ticket2/opencms/en/venue/?venueid=3480DE49-E941-0709-302B-61748BF5ADE4 HTTP/1.1" 200 83238
192.99.3.137 - - [03/Feb/2025:01:33:15 +0100] "GET /ticket2/opencms/ka/buy/?page=1&edid=10597F35-2AC7-31D2-FB61-15A36BB6D73B HTTP/1.1" 200 140010
135.181.180.59 - - [03/Feb/2025:01:33:16 +0100] "GET /ticket2/opencms/sv/buy/?page=1&edid=A867B156-AF3A-BCEC-F95E-12EB5F71CC5C HTTP/1.1" 200 105981
94.154.239.69 - - [03/Feb/2025:01:33:17 +0100] "GET /ticket2/opencms/sv/login/?edid=564D2DDE-50A0-0F93-C015-CE64A52E115B HTTP/1.1" 200 89395
192.99.3.137 - - [03/Feb/2025:01:33:19 +0100] "GET /ticket2/opencms/ka/buy/?page=1&edid=1086B72F-DBD6-9692-F63A-F48C5075D0F2 HTTP/1.1" 200 138928
135.181.180.59 - - [03/Feb/2025:01:33:19 +0100] "GET /ticket2/opencms/sv/buy/?page=1&edid=ACFE5269-826A-FF79-28D4-8876A969800F HTTP/1.1" 200 115157
54.36.148.112 - - [03/Feb/2025:01:33:19 +0100] "GET /ticket2/opencms/lv/buy/?page=1&edid=D4F26649-49E7-D9AD-008F-6A1EF16B5F3C HTTP/1.1" 200 125451
94.154.239.69 - - [03/Feb/2025:01:33:20 +0100] "GET /ticket2/opencms/sv/sell/?edid=56BEA2AB-D62C-F232-ADFB-5CF7A178E68C HTTP/1.1" 302 -
66.249.76.170 - - [03/Feb/2025:01:33:21 +0100] "GET /ticket2/opencms/is/buy/?page=1&edid=7F799A34-A2BE-D291-CE84-29C608B78F94 HTTP/1.1" 200 110133
217.113.194.212 - - [03/Feb/2025:01:33:21 +0100] "GET /ticket2/opencms/az/buy?page=1&edid=0E487947-8D2A-A553-BF9C-F44B73D05AC1 HTTP/1.1" 200 106886
101.44.69.245 - - [03/Feb/2025:01:33:22 +0100] "GET /ticket2/opencms/pl/buy/?page=1&edid=E2770D18-E952-4B89-3A99-F864CC9397CA HTTP/1.1" 200 110055
