202.8.42.86 - - [03/Feb/2025:01:39:04 +0100] "GET /ticket2/opencms/system/modules/com.gridnine.opencms.ticketbrokerage.site/resources/js/jquery.fancybox.pack.js HTTP/1.1" 200 23187
202.8.42.86 - - [03/Feb/2025:01:39:04 +0100] "GET /ticket2/opencms/system/modules/com.gridnine.opencms.ticketbrokerage.site/resources/js/stickyfill.min.js HTTP/1.1" 200 5672
202.8.42.86 - - [03/Feb/2025:01:39:04 +0100] "GET /ticket2/opencms/system/modules/com.gridnine.opencms.ticketbrokerage.site/resources/js/standard.js HTTP/1.1" 200 3983
202.8.42.86 - - [03/Feb/2025:01:39:04 +0100] "GET /ticket2/opencms/system/modules/com.gridnine.opencms.ticketbrokerage.site/resources/js/jquery.placeholder.min.js HTTP/1.1" 200 1737
202.8.42.86 - - [03/Feb/2025:01:39:04 +0100] "GET /ticket2/opencms/system/modules/com.gridnine.opencms.ticketbrokerage.site/resources/js/common-ajax.js HTTP/1.1" 200 20175
202.8.42.86 - - [03/Feb/2025:01:39:04 +0100] "GET /ticket2/opencms/pl/ask-form.html HTTP/1.1" 200 3156
202.8.42.86 - - [03/Feb/2025:01:39:04 +0100] "GET /ticket2/opencms/system/modules/com.gridnine.opencms.ticketbrokerage.site/resources/css/ticketbrokerage.css HTTP/1.1" 200 39339
85.208.96.199 - - [03/Feb/2025:01:39:07 +0100] "GET /ticket2/opencms/sv/sport/hockeybiljetter/nhl/toronto-maple-leafs/ HTTP/1.1" 200 86388
135.181.180.59 - - [03/Feb/2025:01:39:07 +0100] "GET /ticket2/opencms/sv/login/?edid=0FF73EB9-058E-81D2-6F94-3496AE1BE402 HTTP/1.1" 200 89395
217.113.194.219 - - [03/Feb/2025:01:39:08 +0100] "GET /ticket2/opencms/az/buy?page=1&edid=FAFAF417-5A49-5A69-2A7B-18E4D12B5078 HTTP/1.1" 200 109997
135.181.180.59 - - [03/Feb/2025:01:39:10 +0100] "GET /ticket2/opencms/sv/login/?edid=100B7BEC-24E7-7E43-4295-F9FDC77048A6 HTTP/1.1" 200 89395
114.119.151.50 - - [03/Feb/2025:01:39:10 +0100] "GET /ticket2/opencms/en/magazine/article?title=bukayo-ayoyinka-t-m-saka HTTP/1.1" 200 85549
66.249.79.33 - - [03/Feb/2025:01:39:11 +0100] "GET /ticket2/opencms/mt/buy/?page=1&edid=8DE7A210-45E0-8C09-63EA-28CBA5412C0E&hlv=66d58efc-8e50-4bbd-be7d-45d80a01000f HTTP/1.1" 200 111468
5.9.55.228 - - [03/Feb/2025:01:39:12 +0100] "GET /ticket2/opencms/fi/venue/?venueid=319027E4-2AEF-9DD6-6B96-F07AEFAF0D00 HTTP/1.1" 200 84728
54.36.149.13 - - [03/Feb/2025:01:39:12 +0100] "GET /ticket2/opencms/hr/buy/?page=1&edid=3289C097-2261-9433-8644-DF033A9EE354 HTTP/1.1" 200 139221
135.181.180.59 - - [03/Feb/2025:01:39:14 +0100] "GET /ticket2/opencms/sv/login/?edid=1046C14E-D95C-B350-CBCD-2ECE5F3DCC46 HTTP/1.1" 200 89395
66.249.79.33 - - [03/Feb/2025:01:39:14 +0100] "GET /ticket2/opencms/sk/buy?page=6&comcatid=A17713B6-D984-201A-4143-ED4DB5ED5C2E&catid=5A89E483-58AD-080E-F363-E16CE738916A&eventid=71C5BAEE-C491-0712-FC18-B70E740C173A HTTP/1.1" 200 6410
47.128.32.70 - - [03/Feb/2025:01:39:15 +0100] "GET /ticket2/opencms/lv/buy?edid=AA8C5089-9B5D-0C1A-1662-169B0C579120&hlv=66d038e6-1e04-4c52-b2a6-72160a01000f HTTP/1.1" 200 90845
217.113.194.216 - - [03/Feb/2025:01:39:17 +0100] "GET /ticket2/opencms/az/buy?page=1&edid=CBCA6CA9-8C1C-D7C3-B499-28F20948D84A HTTP/1.1" 200 106872
135.181.180.59 - - [03/Feb/2025:01:39:17 +0100] "GET /ticket2/opencms/sv/login/?edid=1086B72F-DBD6-9692-F63A-F48C5075D0F2 HTTP/1.1" 200 89395
54.36.148.153 - - [03/Feb/2025:01:39:21 +0100] "GET /ticket2/opencms/sk/login HTTP/1.1" 200 89723
135.181.180.59 - - [03/Feb/2025:01:39:21 +0100] "GET /ticket2/opencms/sv/login/?edid=10C3AE1B-7EC1-3568-BA3C-B22A28F31934 HTTP/1.1" 200 89395
122.8.185.130 - - [03/Feb/2025:01:39:22 +0100] "GET /ticket2/opencms/ro/sport/bilete-fotbal/champions-league/bayern-munchen/ HTTP/1.1" 200 91927
135.181.180.59 - - [03/Feb/2025:01:39:24 +0100] "GET /ticket2/opencms/sv/login/?edid=10D9C6ED-4239-939C-EE12-6D152DF1B2D3 HTTP/1.1" 200 89395
216.244.66.238 - - [03/Feb/2025:01:39:25 +0100] "GET /ticket2/opencms/bg/buy?page=1&edid=2F903B76-B444-9E06-66EB-768066A106B0 HTTP/1.1" 200 108511
217.113.194.212 - - [03/Feb/2025:01:39:25 +0100] "GET /ticket2/opencms/az/buy?page=1&edid=EFCA122E-EFD5-12F8-6F83-6930A0BC1F37 HTTP/1.1" 200 122722
40.77.167.41 - - [03/Feb/2025:01:39:26 +0100] "GET /ticket2/opencms/fi/?page=6&comcatid=A17713B6-D984-201A-4143-ED4DB5ED5C2E&catid=0A6C99D2-F5BD-7A18-9A5F-5668827042E0&eventid=2E8FEED6-8FAD-B0D7-22BA-E6EFDA36827A HTTP/1.1" 200 104377
135.181.180.59 - - [03/Feb/2025:01:39:27 +0100] "GET /ticket2/opencms/sv/login/?edid=1166374B-7E10-06B9-9854-6B1FC2D1568C HTTP/1.1" 200 89395
54.36.148.133 - - [03/Feb/2025:01:39:29 +0100] "GET /ticket2/opencms/dk/buy/?page=1&edid=1DC40ECC-FC78-CDB2-9510-7E73DAAD0489 HTTP/1.1" 200 114455
180.163.220.100 - - [03/Feb/2025:01:39:30 +0100] "GET /ticket2/opencms/es/favicon.ico HTTP/1.1" 404 -
135.181.180.59 - - [03/Feb/2025:01:39:31 +0100] "GET /ticket2/opencms/sv/login/?edid=118A3802-D725-F51C-C728-F00DE572E0E3 HTTP/1.1" 200 89395
216.244.66.238 - - [03/Feb/2025:01:39:32 +0100] "GET /ticket2/opencms/hr/buy?page=1&edid=2F903B76-B444-9E06-66EB-768066A106B0 HTTP/1.1" 200 106436
207.46.13.128 - - [03/Feb/2025:01:39:33 +0100] "GET /ticket2/opencms/dk/magazine/article?title=viktor-gyokeres-til-manchester-united HTTP/1.1" 200 85991
217.113.194.220 - - [03/Feb/2025:01:39:34 +0100] "GET /ticket2/opencms/az/buy?page=1&edid=CCC52869-7D07-37D3-E716-0EF1AC21BCE4 HTTP/1.1" 200 111195
135.181.180.59 - - [03/Feb/2025:01:39:34 +0100] "GET /ticket2/opencms/sv/login/?edid=118E47BF-C955-525A-E288-4BE392C3F248 HTTP/1.1" 200 89395
66.249.76.170 - - [03/Feb/2025:01:39:37 +0100] "GET /ticket2/opencms/mk/buy?page=6&comcatid=A17713B6-D984-201A-4143-ED4DB5ED5C2E&catid=5A89E483-58AD-080E-F363-E16CE738916A&eventid=71C5BAEE-C491-0712-FC18-B70E740C173A HTTP/1.1" 404 -
135.181.180.59 - - [03/Feb/2025:01:39:37 +0100] "GET /ticket2/opencms/sv/login/?edid=11EFBC55-130A-2310-B776-C5D86878BDAB HTTP/1.1" 200 89395
216.244.66.238 - - [03/Feb/2025:01:39:39 +0100] "GET /ticket2/opencms/ka/buy?page=1&edid=C29FD4D7-C114-3152-7015-AC9740876339 HTTP/1.1" 200 114171
54.36.149.5 - - [03/Feb/2025:01:39:39 +0100] "GET /ticket2/opencms/hr/buy?page=1&edid=DA983286-A535-726A-C0DF-C6AC98A1A255 HTTP/1.1" 200 110084
202.8.41.144 - - [03/Feb/2025:01:39:41 +0100] "GET /ticket2/opencms/system/modules/com.gridnine.opencms.ticketbrokerage.site/resources/css/calendar.css HTTP/1.1" 200 6871
202.8.41.144 - - [03/Feb/2025:01:39:41 +0100] "GET /ticket2/opencms/system/modules/com.gridnine.opencms.ticketbrokerage.site/resources/css/ticketbrokerage.css HTTP/1.1" 200 39339
202.8.41.144 - - [03/Feb/2025:01:39:41 +0100] "GET /ticket2/opencms/system/modules/com.gridnine.opencms.ticketbrokerage.site/resources/css/jquery-ui.css HTTP/1.1" 200 33221
202.8.41.144 - - [03/Feb/2025:01:39:41 +0100] "GET /ticket2/opencms/system/modules/com.gridnine.opencms.ticketbrokerage.site/resources/css/standard.css HTTP/1.1" 200 73904
202.8.41.144 - - [03/Feb/2025:01:39:41 +0100] "GET /ticket2/opencms/system/modules/com.gridnine.opencms.ticketbrokerage.site/resources/css/jquery.fancybox.css HTTP/1.1" 200 4939
202.8.41.144 - - [03/Feb/2025:01:39:41 +0100] "GET /ticket2/opencms/system/modules/com.gridnine.opencms.ticketbrokerage.site/resources/js/jquery/jquery-ui.js HTTP/1.1" 200 228088
202.8.41.144 - - [03/Feb/2025:01:39:41 +0100] "GET /ticket2/opencms/system/modules/com.gridnine.opencms.ticketbrokerage.site/resources/js/functions.js HTTP/1.1" 200 1583
202.8.41.144 - - [03/Feb/2025:01:39:41 +0100] "GET /ticket2/opencms/system/modules/com.gridnine.opencms.ticketbrokerage.site/resources/js/calendar.js HTTP/1.1" 200 49229
202.8.41.144 - - [03/Feb/2025:01:39:41 +0100] "GET /ticket2/opencms/system/modules/com.gridnine.opencms.ticketbrokerage.site/resources/js/calendar-en.js HTTP/1.1" 200 3338
202.8.41.144 - - [03/Feb/2025:01:39:41 +0100] "GET /ticket2/opencms/system/modules/com.gridnine.opencms.ticketbrokerage.site/resources/js/jquery.fancybox.pack.js HTTP/1.1" 200 23187
202.8.41.144 - - [03/Feb/2025:01:39:41 +0100] "GET /ticket2/opencms/system/modules/com.gridnine.opencms.ticketbrokerage.site/resources/js/calendar-setup.js HTTP/1.1" 200 4923
202.8.41.144 - - [03/Feb/2025:01:39:41 +0100] "GET /ticket2/opencms/system/modules/com.gridnine.opencms.ticketbrokerage.site/resources/js/stickyfill.min.js HTTP/1.1" 200 5672
202.8.41.144 - - [03/Feb/2025:01:39:41 +0100] "GET /ticket2/opencms/system/modules/com.gridnine.opencms.ticketbrokerage.site/resources/js/jquery/jquery.js HTTP/1.1" 200 93868
202.8.41.144 - - [03/Feb/2025:01:39:41 +0100] "GET /ticket2/opencms/system/modules/com.gridnine.opencms.ticketbrokerage.site/resources/js/standard.js HTTP/1.1" 200 3983
202.8.41.144 - - [03/Feb/2025:01:39:41 +0100] "GET /ticket2/opencms/system/modules/com.gridnine.opencms.ticketbrokerage.site/resources/js/jquery.placeholder.min.js HTTP/1.1" 200 1737
202.8.41.144 - - [03/Feb/2025:01:39:41 +0100] "GET /ticket2/opencms/system/modules/com.gridnine.opencms.ticketbrokerage.site/resources/js/common-ajax.js HTTP/1.1" 200 20175
202.8.41.144 - - [03/Feb/2025:01:39:41 +0100] "GET /ticket2/opencms/hr/ask-form.html HTTP/1.1" 200 3156
135.181.180.59 - - [03/Feb/2025:01:39:41 +0100] "GET /ticket2/opencms/sv/login/?edid=1291CD6B-4651-52CC-8D36-B0FB58FEEDFA HTTP/1.1" 200 89395
202.8.41.144 - - [03/Feb/2025:01:39:41 +0100] "GET /ticket2/opencms/system/modules/com.gridnine.opencms.ticketbrokerage.site/resources/css/ticketbrokerage.css HTTP/1.1" 200 39339
66.249.79.33 - - [03/Feb/2025:01:39:43 +0100] "GET /ticket2/opencms/set_aff_cookie.jsp?partner=57601924-FB09-5BB2-867F-08B4EB522BA8&url=%252Fno%252Fbuy%252Findex.html%253Fpage%253D1%2526edid%253D45CC6BB1-4A0B-C243-C5EE-01457B55C324%2526hlv%253D612b5882-61d0-4ed2-83d7-3ef00a01000f%2523v_413756714 HTTP/1.1" 200 246
217.113.194.218 - - [03/Feb/2025:01:39:43 +0100] "GET /ticket2/opencms/az/buy?page=1&edid=DCAC7F7B-63BD-4E18-6301-0E66418A9358 HTTP/1.1" 200 106859
180.163.220.125 - - [03/Feb/2025:01:39:43 +0100] "GET /ticket2/opencms/es/robots.txt HTTP/1.1" 404 -
66.249.76.194 - - [03/Feb/2025:01:39:44 +0100] "GET /ticket2/opencms/de/buy/?page=1&edid=3B157B14-2ACC-30A7-0D5C-8313AB0A1A32 HTTP/1.1" 200 108770
135.181.180.59 - - [03/Feb/2025:01:39:44 +0100] "GET /ticket2/opencms/sv/login/?edid=12DB6E27-9631-1950-2D26-8A0266A8AC10 HTTP/1.1" 200 89395
216.244.66.238 - - [03/Feb/2025:01:39:45 +0100] "GET /ticket2/opencms/mo/buy?page=1&edid=16D8D8B6-E3B7-19D1-2440-03B3A2E90B73 HTTP/1.1" 200 105974
135.181.180.59 - - [03/Feb/2025:01:39:48 +0100] "GET /ticket2/opencms/sv/login/?edid=12FE9A0A-4E2D-5275-1076-E343F4E21442 HTTP/1.1" 200 89395
216.244.66.238 - - [03/Feb/2025:01:39:51 +0100] "GET /ticket2/opencms/ro/buy?page=1&edid=C29FD4D7-C114-3152-7015-AC9740876339 HTTP/1.1" 200 108997
54.36.148.228 - - [03/Feb/2025:01:39:51 +0100] "GET /ticket2/opencms/en/buy?page=1&edid=84C1C15E-A3CC-07A1-AA6A-061FC4B03894 HTTP/1.1" 200 107946
135.181.180.59 - - [03/Feb/2025:01:39:51 +0100] "GET /ticket2/opencms/sv/login/?edid=139F3535-86E9-B228-454D-FE0034AF61D0 HTTP/1.1" 200 89395
154.54.249.216 - - [03/Feb/2025:01:39:52 +0100] "GET /ticket2/opencms/az/buy?page=1&edid=E04C51A7-B254-2AD8-B75D-C7B1DB52808F HTTP/1.1" 200 110610
202.8.43.74 - - [03/Feb/2025:01:39:53 +0100] "GET /ticket2/opencms/system/modules/com.gridnine.opencms.ticketbrokerage.site/resources/css/jquery-ui.css HTTP/1.1" 200 33221
202.8.43.74 - - [03/Feb/2025:01:39:53 +0100] "GET /ticket2/opencms/system/modules/com.gridnine.opencms.ticketbrokerage.site/resources/css/calendar.css HTTP/1.1" 200 6871
202.8.43.74 - - [03/Feb/2025:01:39:53 +0100] "GET /ticket2/opencms/system/modules/com.gridnine.opencms.ticketbrokerage.site/resources/css/standard.css HTTP/1.1" 200 73904
202.8.43.74 - - [03/Feb/2025:01:39:53 +0100] "GET /ticket2/opencms/system/modules/com.gridnine.opencms.ticketbrokerage.site/resources/css/jquery.fancybox.css HTTP/1.1" 200 4939
202.8.43.74 - - [03/Feb/2025:01:39:53 +0100] "GET /ticket2/opencms/system/modules/com.gridnine.opencms.ticketbrokerage.site/resources/css/ticketbrokerage.css HTTP/1.1" 200 39339
202.8.43.74 - - [03/Feb/2025:01:39:53 +0100] "GET /ticket2/opencms/system/modules/com.gridnine.opencms.ticketbrokerage.site/resources/js/jquery/jquery-ui.js HTTP/1.1" 200 228088
202.8.43.74 - - [03/Feb/2025:01:39:53 +0100] "GET /ticket2/opencms/system/modules/com.gridnine.opencms.ticketbrokerage.site/resources/js/calendar.js HTTP/1.1" 200 49229
202.8.43.74 - - [03/Feb/2025:01:39:53 +0100] "GET /ticket2/opencms/system/modules/com.gridnine.opencms.ticketbrokerage.site/resources/js/jquery/jquery.js HTTP/1.1" 200 93868
202.8.43.74 - - [03/Feb/2025:01:39:53 +0100] "GET /ticket2/opencms/system/modules/com.gridnine.opencms.ticketbrokerage.site/resources/js/functions.js HTTP/1.1" 200 1583
202.8.43.74 - - [03/Feb/2025:01:39:53 +0100] "GET /ticket2/opencms/system/modules/com.gridnine.opencms.ticketbrokerage.site/resources/js/calendar-setup.js HTTP/1.1" 200 4923
202.8.43.74 - - [03/Feb/2025:01:39:53 +0100] "GET /ticket2/opencms/system/modules/com.gridnine.opencms.ticketbrokerage.site/resources/js/calendar-en.js HTTP/1.1" 200 3338
202.8.43.74 - - [03/Feb/2025:01:39:53 +0100] "GET /ticket2/opencms/system/modules/com.gridnine.opencms.ticketbrokerage.site/resources/js/stickyfill.min.js HTTP/1.1" 200 5672
202.8.43.74 - - [03/Feb/2025:01:39:53 +0100] "GET /ticket2/opencms/system/modules/com.gridnine.opencms.ticketbrokerage.site/resources/js/standard.js HTTP/1.1" 200 3983
202.8.43.74 - - [03/Feb/2025:01:39:53 +0100] "GET /ticket2/opencms/system/modules/com.gridnine.opencms.ticketbrokerage.site/resources/js/jquery.fancybox.pack.js HTTP/1.1" 200 23187
202.8.43.74 - - [03/Feb/2025:01:39:53 +0100] "GET /ticket2/opencms/system/modules/com.gridnine.opencms.ticketbrokerage.site/resources/js/jquery.placeholder.min.js HTTP/1.1" 200 1737
202.8.43.74 - - [03/Feb/2025:01:39:53 +0100] "GET /ticket2/opencms/system/modules/com.gridnine.opencms.ticketbrokerage.site/resources/js/common-ajax.js HTTP/1.1" 200 20175
202.8.43.74 - - [03/Feb/2025:01:39:53 +0100] "GET /ticket2/opencms/en/ask-form.html HTTP/1.1" 200 3146
202.8.43.74 - - [03/Feb/2025:01:39:53 +0100] "GET /ticket2/opencms/system/modules/com.gridnine.opencms.ticketbrokerage.site/resources/css/ticketbrokerage.css HTTP/1.1" 200 39339
66.249.79.33 - - [03/Feb/2025:01:39:54 +0100] "GET /ticket2/opencms/hu/buy/?page=1&edid=4981A465-C3DA-791B-A6A5-9D4DAB1B5DA0 HTTP/1.1" 200 110395
5.9.55.228 - - [03/Feb/2025:01:39:55 +0100] "GET /ticket2/opencms/fi/urheilu/jalkapallo/serie_a/inter/ HTTP/1.1" 200 94403
135.181.180.59 - - [03/Feb/2025:01:39:55 +0100] "GET /ticket2/opencms/sv/login/?edid=142F310F-06F3-6B85-2C0C-93EE54B98CF5 HTTP/1.1" 200 89395
216.244.66.238 - - [03/Feb/2025:01:39:57 +0100] "GET /ticket2/opencms/hr/buy?page=1&edid=620EBF00-ABE0-9BB5-0F04-F120B08CF11C HTTP/1.1" 200 110971
180.163.220.45 - - [03/Feb/2025:01:39:58 +0100] "GET /ticket2/opencms/es/sitemap.xml HTTP/1.1" 200 715529
135.181.180.59 - - [03/Feb/2025:01:39:58 +0100] "GET /ticket2/opencms/sv/login/?edid=145F87FE-BCE7-15CF-CE4F-3702933DA737 HTTP/1.1" 200 89395
54.36.148.166 - - [03/Feb/2025:01:39:58 +0100] "GET /ticket2/opencms/fr/buy/?page=1&edid=FBDD6D75-E50D-E656-DD0D-140A87A57CDC HTTP/1.1" 200 106218
66.249.79.33 - - [03/Feb/2025:01:40:00 +0100] "GET /ticket2/opencms/bs/buy/?page=1&edid=FC7C15A4-04FF-B871-AC9F-BAD355747F99 HTTP/1.1" 200 106285
217.113.194.212 - - [03/Feb/2025:01:40:00 +0100] "GET /ticket2/opencms/az/buy?page=1&edid=EF7781F8-E1A4-3254-2738-CE240C9312E7 HTTP/1.1" 200 106869
135.181.180.59 - - [03/Feb/2025:01:40:02 +0100] "GET /ticket2/opencms/sv/login/?edid=17C60B20-E0E7-E85A-0B9A-F8B1FEF30825 HTTP/1.1" 200 89395
135.181.180.59 - - [03/Feb/2025:01:40:05 +0100] "GET /ticket2/opencms/sv/login/?edid=1851EA6A-7866-6C52-4263-96E93DBF3701 HTTP/1.1" 200 89395
54.36.149.29 - - [03/Feb/2025:01:40:06 +0100] "GET /ticket2/opencms/mt/buy/?page=1&edid=F93A2292-3F60-7656-2C0B-2AB157A0BB0B HTTP/1.1" 200 132921
124.243.177.254 - - [03/Feb/2025:01:40:07 +0100] "GET /ticket2/opencms/bg/sport/futbolni-bileti/english-championship/ HTTP/1.1" 200 100795
135.181.180.59 - - [03/Feb/2025:01:40:09 +0100] "GET /ticket2/opencms/sv/login/?edid=19227EA6-CC82-2DE2-5E66-C87B7D570690 HTTP/1.1" 200 89395
217.113.194.218 - - [03/Feb/2025:01:40:09 +0100] "GET /ticket2/opencms/az/buy?page=1&edid=EBF1342E-BB1A-F042-231F-198A898B67BA HTTP/1.1" 200 119841
135.181.180.59 - - [03/Feb/2025:01:40:12 +0100] "GET /ticket2/opencms/sv/login/?edid=19422468-9239-E426-DB02-7FA0504E2BEC HTTP/1.1" 200 89395
54.36.148.230 - - [03/Feb/2025:01:40:14 +0100] "GET /ticket2/opencms/ro/magazine/article?title=jurgen-klopp-paraseste-liverpool-o-poveste-de-succes-pe-anfield HTTP/1.1" 200 86977
135.181.180.59 - - [03/Feb/2025:01:40:15 +0100] "GET /ticket2/opencms/sv/login/?edid=19A761E2-EB58-E3A3-8138-A7C6E39C2D3E HTTP/1.1" 200 89395
66.249.76.170 - - [03/Feb/2025:01:40:16 +0100] "GET /ticket2/opencms/it/buy?page=6&comcatid=A17713B6-D984-201A-4143-ED4DB5ED5C2E&catid=5A89E483-58AD-080E-F363-E16CE738916A&eventid=71C5BAEE-C491-0712-FC18-B70E740C173A HTTP/1.1" 200 6410
217.113.194.214 - - [03/Feb/2025:01:40:18 +0100] "GET /ticket2/opencms/az/buy?page=1&edid=EC2BC309-3510-AA04-CA0C-F3088D5C1D31 HTTP/1.1" 200 122715
135.181.180.59 - - [03/Feb/2025:01:40:19 +0100] "GET /ticket2/opencms/sv/login/?edid=19B7650F-CB4F-1233-AB04-462550C6E661 HTTP/1.1" 200 89395
135.181.180.59 - - [03/Feb/2025:01:40:22 +0100] "GET /ticket2/opencms/sv/login/?edid=19E84C52-A446-E058-5C60-ACFF6737EAAA HTTP/1.1" 200 89395
54.36.148.25 - - [03/Feb/2025:01:40:25 +0100] "GET /ticket2/opencms/et/buy?page=1&edid=5F5129B2-1702-C675-5051-34240EBE11DF HTTP/1.1" 200 106358
135.181.180.59 - - [03/Feb/2025:01:40:26 +0100] "GET /ticket2/opencms/sv/login/?edid=19F66B45-F35F-F627-A08C-0B8C764D6062 HTTP/1.1" 200 89395
202.8.41.111 - - [03/Feb/2025:01:40:27 +0100] "GET /ticket2/opencms/system/modules/com.gridnine.opencms.ticketbrokerage.site/resources/css/calendar.css HTTP/1.1" 200 6871
202.8.41.111 - - [03/Feb/2025:01:40:27 +0100] "GET /ticket2/opencms/system/modules/com.gridnine.opencms.ticketbrokerage.site/resources/css/jquery-ui.css HTTP/1.1" 200 33221
202.8.41.111 - - [03/Feb/2025:01:40:27 +0100] "GET /ticket2/opencms/system/modules/com.gridnine.opencms.ticketbrokerage.site/resources/css/ticketbrokerage.css HTTP/1.1" 200 39339
202.8.41.111 - - [03/Feb/2025:01:40:27 +0100] "GET /ticket2/opencms/system/modules/com.gridnine.opencms.ticketbrokerage.site/resources/css/standard.css HTTP/1.1" 200 73904
202.8.41.111 - - [03/Feb/2025:01:40:27 +0100] "GET /ticket2/opencms/system/modules/com.gridnine.opencms.ticketbrokerage.site/resources/css/jquery.fancybox.css HTTP/1.1" 200 4939
202.8.41.111 - - [03/Feb/2025:01:40:27 +0100] "GET /ticket2/opencms/system/modules/com.gridnine.opencms.ticketbrokerage.site/resources/js/jquery/jquery.js HTTP/1.1" 200 93868
202.8.41.111 - - [03/Feb/2025:01:40:27 +0100] "GET /ticket2/opencms/system/modules/com.gridnine.opencms.ticketbrokerage.site/resources/js/functions.js HTTP/1.1" 200 1583
202.8.41.111 - - [03/Feb/2025:01:40:27 +0100] "GET /ticket2/opencms/system/modules/com.gridnine.opencms.ticketbrokerage.site/resources/js/jquery/jquery-ui.js HTTP/1.1" 200 228088
202.8.41.111 - - [03/Feb/2025:01:40:27 +0100] "GET /ticket2/opencms/system/modules/com.gridnine.opencms.ticketbrokerage.site/resources/js/calendar-en.js HTTP/1.1" 200 3338
202.8.41.111 - - [03/Feb/2025:01:40:27 +0100] "GET /ticket2/opencms/system/modules/com.gridnine.opencms.ticketbrokerage.site/resources/js/calendar.js HTTP/1.1" 200 49229
202.8.41.111 - - [03/Feb/2025:01:40:27 +0100] "GET /ticket2/opencms/system/modules/com.gridnine.opencms.ticketbrokerage.site/resources/js/calendar-setup.js HTTP/1.1" 200 4923
202.8.41.111 - - [03/Feb/2025:01:40:27 +0100] "GET /ticket2/opencms/system/modules/com.gridnine.opencms.ticketbrokerage.site/resources/js/jquery.fancybox.pack.js HTTP/1.1" 200 23187
202.8.41.111 - - [03/Feb/2025:01:40:27 +0100] "GET /ticket2/opencms/system/modules/com.gridnine.opencms.ticketbrokerage.site/resources/js/stickyfill.min.js HTTP/1.1" 200 5672
202.8.41.111 - - [03/Feb/2025:01:40:27 +0100] "GET /ticket2/opencms/system/modules/com.gridnine.opencms.ticketbrokerage.site/resources/js/standard.js HTTP/1.1" 200 3983
202.8.41.111 - - [03/Feb/2025:01:40:27 +0100] "GET /ticket2/opencms/system/modules/com.gridnine.opencms.ticketbrokerage.site/resources/js/jquery.placeholder.min.js HTTP/1.1" 200 1737
202.8.41.111 - - [03/Feb/2025:01:40:27 +0100] "GET /ticket2/opencms/system/modules/com.gridnine.opencms.ticketbrokerage.site/resources/js/common-ajax.js HTTP/1.1" 200 20175
202.8.41.111 - - [03/Feb/2025:01:40:27 +0100] "GET /ticket2/opencms/et/ask-form.html HTTP/1.1" 200 3156
217.113.194.215 - - [03/Feb/2025:01:40:27 +0100] "GET /ticket2/opencms/az/buy?page=1&edid=E4669A58-D392-0EC8-F9B7-256D36456739 HTTP/1.1" 200 106900
202.8.41.111 - - [03/Feb/2025:01:40:27 +0100] "GET /ticket2/opencms/system/modules/com.gridnine.opencms.ticketbrokerage.site/resources/css/ticketbrokerage.css HTTP/1.1" 200 39339
135.181.180.59 - - [03/Feb/2025:01:40:29 +0100] "GET /ticket2/opencms/sv/login/?edid=1A1463D1-B990-A55A-303D-DD7C71EE0666 HTTP/1.1" 200 89395
135.181.180.59 - - [03/Feb/2025:01:40:33 +0100] "GET /ticket2/opencms/sv/login/?edid=1A21C4F3-D025-5050-32F3-6849296A0A49 HTTP/1.1" 200 89395
54.36.148.176 - - [03/Feb/2025:01:40:35 +0100] "GET /ticket2/opencms/et/buy/?page=1&edid=F2BB5427-1D4A-AECD-9787-90D94712CD18 HTTP/1.1" 200 132751
154.54.249.216 - - [03/Feb/2025:01:40:36 +0100] "GET /ticket2/opencms/az/buy?page=1&edid=F6626DB9-CF49-C060-B5A0-E4907286C489 HTTP/1.1" 200 106888
40.77.167.41 - - [03/Feb/2025:01:40:36 +0100] "GET /ticket2/opencms/sv/buy?page=1&edid=7D798852-17E8-3973-DFAB-8D35CB1831E8 HTTP/1.1" 200 108766
5.9.55.228 - - [03/Feb/2025:01:40:37 +0100] "GET /ticket2/opencms/fi/urheilu/jalkapallo/serie_a/juventus/ HTTP/1.1" 200 95921
135.181.180.59 - - [03/Feb/2025:01:40:37 +0100] "GET /ticket2/opencms/sv/login/?edid=1A6DF4D9-0A04-6637-3B97-D2FDA0FB8BF0 HTTP/1.1" 200 89395
47.128.25.208 - - [03/Feb/2025:01:40:37 +0100] "GET /ticket2/opencms/ga/magazine/article?title=joao-palhinha-go-bayern-munchen-en-ny-mittfalts-kraft-anlander-till-allianz-arena HTTP/1.1" 200 86995
47.128.25.208 - - [03/Feb/2025:01:40:38 +0100] "GET /ticket2/opencms/system/modules/com.gridnine.opencms.ticketbrokerage.site/resources/css/calendar.css HTTP/1.1" 200 6871
47.128.25.208 - - [03/Feb/2025:01:40:38 +0100] "GET /ticket2/opencms/system/modules/com.gridnine.opencms.ticketbrokerage.site/resources/css/standard.css HTTP/1.1" 200 73904
47.128.25.208 - - [03/Feb/2025:01:40:38 +0100] "GET /ticket2/opencms/system/modules/com.gridnine.opencms.ticketbrokerage.site/resources/css/ticketbrokerage.css HTTP/1.1" 200 39339
47.128.25.208 - - [03/Feb/2025:01:40:39 +0100] "GET /ticket2/opencms/system/modules/com.gridnine.opencms.ticketbrokerage.site/resources/css/jquery-ui.css HTTP/1.1" 200 33221
47.128.25.208 - - [03/Feb/2025:01:40:40 +0100] "GET /ticket2/opencms/system/modules/com.gridnine.opencms.ticketbrokerage.site/resources/pics/logo-new.png HTTP/1.1" 200 13541
47.128.25.208 - - [03/Feb/2025:01:40:40 +0100] "GET /ticket2/opencms/img/check.png HTTP/1.1" 200 548
135.181.180.59 - - [03/Feb/2025:01:40:40 +0100] "GET /ticket2/opencms/sv/login/?edid=1A82C8B3-D894-CCBC-5C74-BE426CBA229B HTTP/1.1" 200 89395
47.128.25.208 - - [03/Feb/2025:01:40:41 +0100] "GET /ticket2/opencms/system/modules/com.gridnine.opencms.ticketbrokerage.site/resources/pics/footer-img.jpg HTTP/1.1" 200 67642
40.77.167.243 - - [03/Feb/2025:01:40:43 +0100] "GET /ticket2/opencms/no/sport/fotballsbilletter/serie_a/udinese/ HTTP/1.1" 200 91666
135.181.180.59 - - [03/Feb/2025:01:40:43 +0100] "GET /ticket2/opencms/sv/login/?edid=1ABC406A-92BD-FDCF-3BD6-80A52E60B34F HTTP/1.1" 200 89395
217.113.194.215 - - [03/Feb/2025:01:40:45 +0100] "GET /ticket2/opencms/az/buy?page=1&edid=D5607A12-0D2A-220B-7825-3437A34BC772 HTTP/1.1" 200 109196
54.36.149.23 - - [03/Feb/2025:01:40:45 +0100] "GET /ticket2/opencms/lt/buy?page=1&edid=9A8891BD-C3B9-2FD5-1633-7AEF0F073762 HTTP/1.1" 200 133644
202.8.41.97 - - [03/Feb/2025:01:40:46 +0100] "GET /ticket2/opencms/system/modules/com.gridnine.opencms.ticketbrokerage.site/resources/css/calendar.css HTTP/1.1" 200 6871
202.8.41.97 - - [03/Feb/2025:01:40:46 +0100] "GET /ticket2/opencms/system/modules/com.gridnine.opencms.ticketbrokerage.site/resources/css/jquery-ui.css HTTP/1.1" 200 33221
202.8.41.97 - - [03/Feb/2025:01:40:46 +0100] "GET /ticket2/opencms/system/modules/com.gridnine.opencms.ticketbrokerage.site/resources/css/standard.css HTTP/1.1" 200 73904
202.8.41.97 - - [03/Feb/2025:01:40:46 +0100] "GET /ticket2/opencms/system/modules/com.gridnine.opencms.ticketbrokerage.site/resources/css/ticketbrokerage.css HTTP/1.1" 200 39339
202.8.41.97 - - [03/Feb/2025:01:40:46 +0100] "GET /ticket2/opencms/system/modules/com.gridnine.opencms.ticketbrokerage.site/resources/css/jquery.fancybox.css HTTP/1.1" 200 4939
202.8.41.97 - - [03/Feb/2025:01:40:46 +0100] "GET /ticket2/opencms/system/modules/com.gridnine.opencms.ticketbrokerage.site/resources/js/jquery/jquery.js HTTP/1.1" 200 93868
202.8.41.97 - - [03/Feb/2025:01:40:46 +0100] "GET /ticket2/opencms/system/modules/com.gridnine.opencms.ticketbrokerage.site/resources/js/jquery/jquery-ui.js HTTP/1.1" 200 228088
202.8.41.97 - - [03/Feb/2025:01:40:46 +0100] "GET /ticket2/opencms/system/modules/com.gridnine.opencms.ticketbrokerage.site/resources/js/functions.js HTTP/1.1" 200 1583
202.8.41.97 - - [03/Feb/2025:01:40:46 +0100] "GET /ticket2/opencms/system/modules/com.gridnine.opencms.ticketbrokerage.site/resources/js/calendar-en.js HTTP/1.1" 200 3338
202.8.41.97 - - [03/Feb/2025:01:40:46 +0100] "GET /ticket2/opencms/system/modules/com.gridnine.opencms.ticketbrokerage.site/resources/js/calendar.js HTTP/1.1" 200 49229
202.8.41.97 - - [03/Feb/2025:01:40:46 +0100] "GET /ticket2/opencms/system/modules/com.gridnine.opencms.ticketbrokerage.site/resources/js/calendar-setup.js HTTP/1.1" 200 4923
202.8.41.97 - - [03/Feb/2025:01:40:46 +0100] "GET /ticket2/opencms/system/modules/com.gridnine.opencms.ticketbrokerage.site/resources/js/jquery.fancybox.pack.js HTTP/1.1" 200 23187
202.8.41.97 - - [03/Feb/2025:01:40:46 +0100] "GET /ticket2/opencms/system/modules/com.gridnine.opencms.ticketbrokerage.site/resources/js/stickyfill.min.js HTTP/1.1" 200 5672
202.8.41.97 - - [03/Feb/2025:01:40:46 +0100] "GET /ticket2/opencms/system/modules/com.gridnine.opencms.ticketbrokerage.site/resources/js/standard.js HTTP/1.1" 200 3983
202.8.41.97 - - [03/Feb/2025:01:40:46 +0100] "GET /ticket2/opencms/system/modules/com.gridnine.opencms.ticketbrokerage.site/resources/js/jquery.placeholder.min.js HTTP/1.1" 200 1737
202.8.41.97 - - [03/Feb/2025:01:40:46 +0100] "GET /ticket2/opencms/system/modules/com.gridnine.opencms.ticketbrokerage.site/resources/js/common-ajax.js HTTP/1.1" 200 20175
202.8.41.97 - - [03/Feb/2025:01:40:46 +0100] "GET /ticket2/opencms/lt/ask-form.html HTTP/1.1" 200 3156
202.8.41.97 - - [03/Feb/2025:01:40:47 +0100] "GET /ticket2/opencms/system/modules/com.gridnine.opencms.ticketbrokerage.site/resources/css/ticketbrokerage.css HTTP/1.1" 200 39339
135.181.180.59 - - [03/Feb/2025:01:40:47 +0100] "GET /ticket2/opencms/sv/login/?edid=1B66F7E9-6D68-7258-D0DB-383034F8302F HTTP/1.1" 200 89395
135.181.180.59 - - [03/Feb/2025:01:40:50 +0100] "GET /ticket2/opencms/sv/login/?edid=1B758EC3-A0AE-5D81-985E-920903B76379 HTTP/1.1" 200 89395
66.249.79.99 - - [03/Feb/2025:01:40:52 +0100] "GET /ticket2/opencms/en/venue/?countryid=2FA5524A-D842-525C-9D6C-F790BA0272FC HTTP/1.1" 200 112641
217.113.194.212 - - [03/Feb/2025:01:40:54 +0100] "GET /ticket2/opencms/az/buy?page=1&edid=D5C3D1FE-2C65-44B3-D4BD-F3D23C2158C3 HTTP/1.1" 200 112935
122.8.186.37 - - [03/Feb/2025:01:40:54 +0100] "GET /ticket2/opencms/pl/buy/?page=1&edid=9AA6E90F-1A8F-8723-F266-C4056D23056B HTTP/1.1" 200 122137
135.181.180.59 - - [03/Feb/2025:01:40:54 +0100] "GET /ticket2/opencms/sv/login/?edid=1B8F518C-70C1-6862-0544-4A1418DD424D HTTP/1.1" 200 89395
54.36.148.88 - - [03/Feb/2025:01:40:55 +0100] "GET /ticket2/opencms/ka/buy?page=1&edid=358070B4-8C45-0881-BDE4-7E85113C242B HTTP/1.1" 200 111489
202.8.43.200 - - [03/Feb/2025:01:40:56 +0100] "GET /ticket2/opencms/system/modules/com.gridnine.opencms.ticketbrokerage.site/resources/css/jquery-ui.css HTTP/1.1" 200 33221
202.8.43.200 - - [03/Feb/2025:01:40:56 +0100] "GET /ticket2/opencms/system/modules/com.gridnine.opencms.ticketbrokerage.site/resources/css/ticketbrokerage.css HTTP/1.1" 200 39339
202.8.43.200 - - [03/Feb/2025:01:40:56 +0100] "GET /ticket2/opencms/system/modules/com.gridnine.opencms.ticketbrokerage.site/resources/css/jquery.fancybox.css HTTP/1.1" 200 4939
202.8.43.200 - - [03/Feb/2025:01:40:56 +0100] "GET /ticket2/opencms/system/modules/com.gridnine.opencms.ticketbrokerage.site/resources/css/calendar.css HTTP/1.1" 200 6871
202.8.43.200 - - [03/Feb/2025:01:40:56 +0100] "GET /ticket2/opencms/system/modules/com.gridnine.opencms.ticketbrokerage.site/resources/js/jquery/jquery.js HTTP/1.1" 200 93868
202.8.43.200 - - [03/Feb/2025:01:40:56 +0100] "GET /ticket2/opencms/system/modules/com.gridnine.opencms.ticketbrokerage.site/resources/css/standard.css HTTP/1.1" 200 73904
202.8.43.200 - - [03/Feb/2025:01:40:57 +0100] "GET /ticket2/opencms/system/modules/com.gridnine.opencms.ticketbrokerage.site/resources/js/jquery/jquery-ui.js HTTP/1.1" 200 228088
202.8.43.200 - - [03/Feb/2025:01:40:57 +0100] "GET /ticket2/opencms/system/modules/com.gridnine.opencms.ticketbrokerage.site/resources/js/calendar.js HTTP/1.1" 200 49229
202.8.43.200 - - [03/Feb/2025:01:40:57 +0100] "GET /ticket2/opencms/system/modules/com.gridnine.opencms.ticketbrokerage.site/resources/js/functions.js HTTP/1.1" 200 1583
202.8.43.200 - - [03/Feb/2025:01:40:57 +0100] "GET /ticket2/opencms/system/modules/com.gridnine.opencms.ticketbrokerage.site/resources/js/calendar-en.js HTTP/1.1" 200 3338
202.8.43.200 - - [03/Feb/2025:01:40:57 +0100] "GET /ticket2/opencms/system/modules/com.gridnine.opencms.ticketbrokerage.site/resources/js/calendar-setup.js HTTP/1.1" 200 4923
202.8.43.200 - - [03/Feb/2025:01:40:57 +0100] "GET /ticket2/opencms/system/modules/com.gridnine.opencms.ticketbrokerage.site/resources/js/standard.js HTTP/1.1" 200 3983
202.8.43.200 - - [03/Feb/2025:01:40:57 +0100] "GET /ticket2/opencms/system/modules/com.gridnine.opencms.ticketbrokerage.site/resources/js/jquery.fancybox.pack.js HTTP/1.1" 200 23187
202.8.43.200 - - [03/Feb/2025:01:40:57 +0100] "GET /ticket2/opencms/system/modules/com.gridnine.opencms.ticketbrokerage.site/resources/js/stickyfill.min.js HTTP/1.1" 200 5672
202.8.43.200 - - [03/Feb/2025:01:40:57 +0100] "GET /ticket2/opencms/system/modules/com.gridnine.opencms.ticketbrokerage.site/resources/js/jquery.placeholder.min.js HTTP/1.1" 200 1737
202.8.43.200 - - [03/Feb/2025:01:40:57 +0100] "GET /ticket2/opencms/system/modules/com.gridnine.opencms.ticketbrokerage.site/resources/js/common-ajax.js HTTP/1.1" 200 20175
202.8.43.200 - - [03/Feb/2025:01:40:57 +0100] "GET /ticket2/opencms/ka/ask-form.html HTTP/1.1" 200 3156
202.8.43.200 - - [03/Feb/2025:01:40:57 +0100] "GET /ticket2/opencms/system/modules/com.gridnine.opencms.ticketbrokerage.site/resources/css/ticketbrokerage.css HTTP/1.1" 200 39339
135.181.180.59 - - [03/Feb/2025:01:40:58 +0100] "GET /ticket2/opencms/sv/login/?edid=1BDA6D08-38AF-6470-7423-555F9C3DEC73 HTTP/1.1" 200 89395
52.167.144.146 - - [03/Feb/2025:01:40:58 +0100] "GET /ticket2/opencms/mt/buy/?page=1&edid=26FD5F34-C195-7172-EE2F-9EC20DBD4239 HTTP/1.1" 200 110422
40.77.167.11 - - [03/Feb/2025:01:40:58 +0100] "GET /ticket2/opencms/en/buy/?page=1&edid=71C79ACD-0285-5AF2-11C7-A105F21A476A HTTP/1.1" 200 104755
135.181.180.59 - - [03/Feb/2025:01:41:01 +0100] "GET /ticket2/opencms/sv/login/?edid=1C109B19-215B-025B-D9B8-6D4E44843BBC HTTP/1.1" 200 89395
217.113.194.218 - - [03/Feb/2025:01:41:02 +0100] "GET /ticket2/opencms/az/buy?page=1&edid=D2F30FD8-0864-E7E5-43A2-A4369C9456A3 HTTP/1.1" 200 106892
135.181.180.59 - - [03/Feb/2025:01:41:05 +0100] "GET /ticket2/opencms/sv/login/?edid=1C478580-39F3-86DC-8E36-CAB56950620B HTTP/1.1" 200 89395
66.249.79.34 - - [03/Feb/2025:01:41:05 +0100] "GET /ticket2/opencms/fr/buy?page=1&edid=6F957320-7F2D-3595-C3EF-63F4A1290CC1 HTTP/1.1" 200 106166
54.36.149.42 - - [03/Feb/2025:01:41:06 +0100] "GET /ticket2/opencms/cs/buy?page=1&edid=5F5129B2-1702-C675-5051-34240EBE11DF HTTP/1.1" 200 106434
202.8.43.196 - - [03/Feb/2025:01:41:07 +0100] "GET /ticket2/opencms/system/modules/com.gridnine.opencms.ticketbrokerage.site/resources/css/jquery.fancybox.css HTTP/1.1" 200 4939
202.8.43.196 - - [03/Feb/2025:01:41:07 +0100] "GET /ticket2/opencms/system/modules/com.gridnine.opencms.ticketbrokerage.site/resources/js/functions.js HTTP/1.1" 200 1583
202.8.43.196 - - [03/Feb/2025:01:41:07 +0100] "GET /ticket2/opencms/system/modules/com.gridnine.opencms.ticketbrokerage.site/resources/css/jquery-ui.css HTTP/1.1" 200 33221
202.8.43.196 - - [03/Feb/2025:01:41:07 +0100] "GET /ticket2/opencms/system/modules/com.gridnine.opencms.ticketbrokerage.site/resources/css/ticketbrokerage.css HTTP/1.1" 200 39339
202.8.43.196 - - [03/Feb/2025:01:41:07 +0100] "GET /ticket2/opencms/system/modules/com.gridnine.opencms.ticketbrokerage.site/resources/css/calendar.css HTTP/1.1" 200 6871
202.8.43.196 - - [03/Feb/2025:01:41:07 +0100] "GET /ticket2/opencms/system/modules/com.gridnine.opencms.ticketbrokerage.site/resources/css/standard.css HTTP/1.1" 200 73904
202.8.43.196 - - [03/Feb/2025:01:41:07 +0100] "GET /ticket2/opencms/system/modules/com.gridnine.opencms.ticketbrokerage.site/resources/js/calendar.js HTTP/1.1" 200 49229
202.8.43.196 - - [03/Feb/2025:01:41:07 +0100] "GET /ticket2/opencms/system/modules/com.gridnine.opencms.ticketbrokerage.site/resources/js/stickyfill.min.js HTTP/1.1" 200 5672
202.8.43.196 - - [03/Feb/2025:01:41:07 +0100] "GET /ticket2/opencms/system/modules/com.gridnine.opencms.ticketbrokerage.site/resources/js/jquery.fancybox.pack.js HTTP/1.1" 200 23187
202.8.43.196 - - [03/Feb/2025:01:41:07 +0100] "GET /ticket2/opencms/system/modules/com.gridnine.opencms.ticketbrokerage.site/resources/js/calendar-en.js HTTP/1.1" 200 3338
202.8.43.196 - - [03/Feb/2025:01:41:07 +0100] "GET /ticket2/opencms/system/modules/com.gridnine.opencms.ticketbrokerage.site/resources/js/calendar-setup.js HTTP/1.1" 200 4923
202.8.43.196 - - [03/Feb/2025:01:41:07 +0100] "GET /ticket2/opencms/system/modules/com.gridnine.opencms.ticketbrokerage.site/resources/js/jquery/jquery.js HTTP/1.1" 200 93868
202.8.43.196 - - [03/Feb/2025:01:41:07 +0100] "GET /ticket2/opencms/system/modules/com.gridnine.opencms.ticketbrokerage.site/resources/js/standard.js HTTP/1.1" 200 3983
202.8.43.196 - - [03/Feb/2025:01:41:07 +0100] "GET /ticket2/opencms/system/modules/com.gridnine.opencms.ticketbrokerage.site/resources/js/jquery/jquery-ui.js HTTP/1.1" 200 228088
202.8.43.196 - - [03/Feb/2025:01:41:07 +0100] "GET /ticket2/opencms/system/modules/com.gridnine.opencms.ticketbrokerage.site/resources/js/jquery.placeholder.min.js HTTP/1.1" 200 1737
202.8.43.196 - - [03/Feb/2025:01:41:08 +0100] "GET /ticket2/opencms/system/modules/com.gridnine.opencms.ticketbrokerage.site/resources/js/common-ajax.js HTTP/1.1" 200 20175
202.8.43.196 - - [03/Feb/2025:01:41:08 +0100] "GET /ticket2/opencms/cs/ask-form.html HTTP/1.1" 200 3156
202.8.43.196 - - [03/Feb/2025:01:41:08 +0100] "GET /ticket2/opencms/system/modules/com.gridnine.opencms.ticketbrokerage.site/resources/css/ticketbrokerage.css HTTP/1.1" 200 39339
135.181.180.59 - - [03/Feb/2025:01:41:08 +0100] "GET /ticket2/opencms/sv/login/?edid=1C663B38-AAE8-15E5-78AB-F7247D2C67D4 HTTP/1.1" 200 89395
135.181.180.59 - - [03/Feb/2025:01:41:11 +0100] "GET /ticket2/opencms/sv/login/?edid=1C6DA568-ABB1-19DD-6002-053E60181C9F HTTP/1.1" 200 89395
217.113.194.221 - - [03/Feb/2025:01:41:12 +0100] "GET /ticket2/opencms/az/buy?page=1&edid=D8FA606A-BD2D-E866-2511-7322C170B1CB HTTP/1.1" 200 106902
135.181.180.59 - - [03/Feb/2025:01:41:15 +0100] "GET /ticket2/opencms/sv/login/?edid=1C8D471F-21ED-D5C9-7736-BE6D50F9BA85 HTTP/1.1" 200 89395
66.249.76.170 - - [03/Feb/2025:01:41:17 +0100] "GET /ticket2/opencms/ro/buy/?page=1&edid=E8FB6514-EFD8-EB72-BE17-25BC8A0EBD80 HTTP/1.1" 200 110327
47.128.24.127 - - [03/Feb/2025:01:41:18 +0100] "GET /ticket2/opencms/ga/buy/?edid=4DFADB48-D949-97F7-B374-193C167D2333 HTTP/1.1" 200 89500
5.9.55.228 - - [03/Feb/2025:01:41:18 +0100] "GET /ticket2/opencms/fi/urheilu/jalkapallo/serie_a/lazio/ HTTP/1.1" 200 94349
54.36.149.64 - - [03/Feb/2025:01:41:18 +0100] "GET /ticket2/opencms/sr/buy/?page=1&edid=57449F59-3EAF-BBAB-4AC9-B7A456A32485 HTTP/1.1" 200 122965
135.181.180.59 - - [03/Feb/2025:01:41:18 +0100] "GET /ticket2/opencms/sv/login/?edid=1EFD0E7A-2573-5125-E517-9DC9F24CAF34 HTTP/1.1" 200 89395
217.113.194.216 - - [03/Feb/2025:01:41:20 +0100] "GET /ticket2/opencms/az/buy?page=1&edid=9E48B87F-688E-01AE-F864-C3FCC26B3C24 HTTP/1.1" 200 109419
135.181.180.59 - - [03/Feb/2025:01:41:22 +0100] "GET /ticket2/opencms/sv/login/?edid=20569697-F190-E7F6-D759-97D8CA8C3514 HTTP/1.1" 200 89395
135.181.180.59 - - [03/Feb/2025:01:41:26 +0100] "GET /ticket2/opencms/sv/login/?edid=207C2646-D7DC-44FF-090D-40B991F2D67E HTTP/1.1" 200 89395
66.249.76.7 - - [03/Feb/2025:01:41:26 +0100] "GET /ticket2/opencms/mo/buy/?page=1&edid=AA500953-8492-D532-F825-CF6C26938A56 HTTP/1.1" 200 110364
114.119.133.220 - - [03/Feb/2025:01:41:26 +0100] "GET /ticket2/opencms/en/venue/?venueid=0A39CE99-4F26-18C0-6480-39447ABAF827 HTTP/1.1" 200 83241
54.36.148.185 - - [03/Feb/2025:01:41:27 +0100] "GET /ticket2/opencms/ga/buy?page=1&edid=5F5129B2-1702-C675-5051-34240EBE11DF HTTP/1.1" 200 106819
202.8.41.144 - - [03/Feb/2025:01:41:28 +0100] "GET /ticket2/opencms/system/modules/com.gridnine.opencms.ticketbrokerage.site/resources/css/calendar.css HTTP/1.1" 200 6871
202.8.41.144 - - [03/Feb/2025:01:41:28 +0100] "GET /ticket2/opencms/system/modules/com.gridnine.opencms.ticketbrokerage.site/resources/js/functions.js HTTP/1.1" 200 1583
202.8.41.144 - - [03/Feb/2025:01:41:28 +0100] "GET /ticket2/opencms/system/modules/com.gridnine.opencms.ticketbrokerage.site/resources/css/ticketbrokerage.css HTTP/1.1" 200 39339
202.8.41.144 - - [03/Feb/2025:01:41:28 +0100] "GET /ticket2/opencms/system/modules/com.gridnine.opencms.ticketbrokerage.site/resources/js/jquery/jquery-ui.js HTTP/1.1" 200 228088
202.8.41.144 - - [03/Feb/2025:01:41:28 +0100] "GET /ticket2/opencms/system/modules/com.gridnine.opencms.ticketbrokerage.site/resources/css/standard.css HTTP/1.1" 200 73904
202.8.41.144 - - [03/Feb/2025:01:41:28 +0100] "GET /ticket2/opencms/system/modules/com.gridnine.opencms.ticketbrokerage.site/resources/js/jquery/jquery.js HTTP/1.1" 200 93868
202.8.41.144 - - [03/Feb/2025:01:41:28 +0100] "GET /ticket2/opencms/system/modules/com.gridnine.opencms.ticketbrokerage.site/resources/js/calendar-setup.js HTTP/1.1" 200 4923
202.8.41.144 - - [03/Feb/2025:01:41:28 +0100] "GET /ticket2/opencms/system/modules/com.gridnine.opencms.ticketbrokerage.site/resources/js/calendar.js HTTP/1.1" 200 49229
202.8.41.144 - - [03/Feb/2025:01:41:28 +0100] "GET /ticket2/opencms/system/modules/com.gridnine.opencms.ticketbrokerage.site/resources/js/calendar-en.js HTTP/1.1" 200 3338
202.8.41.144 - - [03/Feb/2025:01:41:28 +0100] "GET /ticket2/opencms/system/modules/com.gridnine.opencms.ticketbrokerage.site/resources/js/standard.js HTTP/1.1" 200 3983
66.249.79.33 - - [03/Feb/2025:01:41:28 +0100] "GET /ticket2/opencms/hu/buy/?page=1&edid=78077671-6D1C-6384-F4E3-25AAC0A5B810 HTTP/1.1" 200 109874
202.8.41.144 - - [03/Feb/2025:01:41:29 +0100] "GET /ticket2/opencms/ga/ask-form.html HTTP/1.1" 200 3156
202.8.41.144 - - [03/Feb/2025:01:41:29 +0100] "GET /ticket2/opencms/system/modules/com.gridnine.opencms.ticketbrokerage.site/resources/css/ticketbrokerage.css HTTP/1.1" 200 39339
135.181.180.59 - - [03/Feb/2025:01:41:29 +0100] "GET /ticket2/opencms/sv/login/?edid=225EBDAE-DA43-2249-1F72-914030C7DA59 HTTP/1.1" 200 89395
154.54.249.216 - - [03/Feb/2025:01:41:29 +0100] "GET /ticket2/opencms/az/buy?page=1&edid=9C142AB0-2A14-1DDC-4371-7642BF95E277 HTTP/1.1" 200 110593
122.8.182.33 - - [03/Feb/2025:01:41:31 +0100] "GET /ticket2/opencms/en/buy?edid=C05AA481-967A-A4D1-E287-ECBF3F52D776&page=1 HTTP/1.1" 200 108021
135.181.180.59 - - [03/Feb/2025:01:41:32 +0100] "GET /ticket2/opencms/sv/login/?edid=2281A8B3-2CD0-7ABA-6412-AAD0078D362F HTTP/1.1" 200 89395
85.208.96.201 - - [03/Feb/2025:01:41:35 +0100] "GET /ticket2/opencms/es/search.html HTTP/1.1" 200 96854
157.55.39.63 - - [03/Feb/2025:01:41:35 +0100] "GET /ticket2/opencms/sv/buy/?page=1&edid=CE14821B-D021-D288-1C4B-D1BD4F4FA42F HTTP/1.1" 200 109029
85.208.96.196 - - [03/Feb/2025:01:41:36 +0100] "GET /ticket2/opencms/hr/magazine/article?title=lionel-messi-jedan-od-najtrazenijih-talenata-svih-vremena HTTP/1.1" 200 87039
135.181.180.59 - - [03/Feb/2025:01:41:36 +0100] "GET /ticket2/opencms/sv/login/?edid=2342A962-CD9D-E804-5B79-A5F34D32403B HTTP/1.1" 200 89395
54.36.148.58 - - [03/Feb/2025:01:41:36 +0100] "GET /ticket2/opencms/pl/buy?page=1&edid=9A8891BD-C3B9-2FD5-1633-7AEF0F073762 HTTP/1.1" 200 133422
111.119.249.211 - - [03/Feb/2025:01:41:37 +0100] "GET /ticket2/opencms/pl/buy?page=1&edid=14F062D9-308D-D622-3756-E9E403421B8F HTTP/1.1" 200 110022
202.8.40.35 - - [03/Feb/2025:01:41:37 +0100] "GET /ticket2/opencms/system/modules/com.gridnine.opencms.ticketbrokerage.site/resources/css/ticketbrokerage.css HTTP/1.1" 200 39339
202.8.40.35 - - [03/Feb/2025:01:41:37 +0100] "GET /ticket2/opencms/system/modules/com.gridnine.opencms.ticketbrokerage.site/resources/css/jquery-ui.css HTTP/1.1" 200 33221
202.8.40.35 - - [03/Feb/2025:01:41:37 +0100] "GET /ticket2/opencms/system/modules/com.gridnine.opencms.ticketbrokerage.site/resources/css/calendar.css HTTP/1.1" 200 6871
202.8.40.35 - - [03/Feb/2025:01:41:37 +0100] "GET /ticket2/opencms/system/modules/com.gridnine.opencms.ticketbrokerage.site/resources/css/standard.css HTTP/1.1" 200 73904
202.8.40.35 - - [03/Feb/2025:01:41:37 +0100] "GET /ticket2/opencms/system/modules/com.gridnine.opencms.ticketbrokerage.site/resources/css/jquery.fancybox.css HTTP/1.1" 200 4939
202.8.40.35 - - [03/Feb/2025:01:41:37 +0100] "GET /ticket2/opencms/system/modules/com.gridnine.opencms.ticketbrokerage.site/resources/js/jquery/jquery.js HTTP/1.1" 200 93868
202.8.40.35 - - [03/Feb/2025:01:41:37 +0100] "GET /ticket2/opencms/system/modules/com.gridnine.opencms.ticketbrokerage.site/resources/js/functions.js HTTP/1.1" 200 1583
202.8.40.35 - - [03/Feb/2025:01:41:37 +0100] "GET /ticket2/opencms/system/modules/com.gridnine.opencms.ticketbrokerage.site/resources/js/calendar-en.js HTTP/1.1" 200 3338
202.8.40.35 - - [03/Feb/2025:01:41:37 +0100] "GET /ticket2/opencms/system/modules/com.gridnine.opencms.ticketbrokerage.site/resources/js/jquery/jquery-ui.js HTTP/1.1" 200 228088
202.8.40.35 - - [03/Feb/2025:01:41:37 +0100] "GET /ticket2/opencms/system/modules/com.gridnine.opencms.ticketbrokerage.site/resources/js/calendar-setup.js HTTP/1.1" 200 4923
202.8.40.35 - - [03/Feb/2025:01:41:37 +0100] "GET /ticket2/opencms/system/modules/com.gridnine.opencms.ticketbrokerage.site/resources/js/calendar.js HTTP/1.1" 200 49229
202.8.40.35 - - [03/Feb/2025:01:41:38 +0100] "GET /ticket2/opencms/system/modules/com.gridnine.opencms.ticketbrokerage.site/resources/js/stickyfill.min.js HTTP/1.1" 200 5672
202.8.40.35 - - [03/Feb/2025:01:41:38 +0100] "GET /ticket2/opencms/system/modules/com.gridnine.opencms.ticketbrokerage.site/resources/js/jquery.fancybox.pack.js HTTP/1.1" 200 23187
202.8.40.35 - - [03/Feb/2025:01:41:38 +0100] "GET /ticket2/opencms/system/modules/com.gridnine.opencms.ticketbrokerage.site/resources/js/standard.js HTTP/1.1" 200 3983
217.113.194.214 - - [03/Feb/2025:01:41:38 +0100] "GET /ticket2/opencms/az/buy?page=1&edid=9C19696E-AC92-85B8-FCE3-E87F0988DECA HTTP/1.1" 200 109871
202.8.40.35 - - [03/Feb/2025:01:41:38 +0100] "GET /ticket2/opencms/system/modules/com.gridnine.opencms.ticketbrokerage.site/resources/js/jquery.placeholder.min.js HTTP/1.1" 200 1737
202.8.40.35 - - [03/Feb/2025:01:41:38 +0100] "GET /ticket2/opencms/system/modules/com.gridnine.opencms.ticketbrokerage.site/resources/js/common-ajax.js HTTP/1.1" 200 20175
202.8.40.35 - - [03/Feb/2025:01:41:38 +0100] "GET /ticket2/opencms/pl/ask-form.html HTTP/1.1" 200 3156
202.8.40.35 - - [03/Feb/2025:01:41:38 +0100] "GET /ticket2/opencms/system/modules/com.gridnine.opencms.ticketbrokerage.site/resources/css/ticketbrokerage.css HTTP/1.1" 200 39339
66.249.79.33 - - [03/Feb/2025:01:41:39 +0100] "GET /ticket2/opencms/et/buy/?page=1&edid=FC7C15A4-04FF-B871-AC9F-BAD355747F99 HTTP/1.1" 200 106342
135.181.180.59 - - [03/Feb/2025:01:41:39 +0100] "GET /ticket2/opencms/sv/login/?edid=238B7849-3F69-4F74-DAE2-878F69503982 HTTP/1.1" 200 89395
135.181.180.59 - - [03/Feb/2025:01:41:43 +0100] "GET /ticket2/opencms/sv/login/?edid=25666712-CB7E-CDDD-4626-F1CD96C38316 HTTP/1.1" 200 89395
114.119.151.93 - - [03/Feb/2025:01:41:45 +0100] "GET /ticket2/opencms/tr/buy?page=1&=003F8370-9494-DC59-44CA-EE2FF26A8516 HTTP/1.1" 200 6507
114.119.130.23 - - [03/Feb/2025:01:41:46 +0100] "GET /ticket2/opencms/en/venue/?venueid=11E73491-76CB-D5D9-5B25-91D799D1EF69 HTTP/1.1" 200 83210
135.181.180.59 - - [03/Feb/2025:01:41:46 +0100] "GET /ticket2/opencms/sv/login/?edid=266863E9-0D4A-8983-3D6E-89AEC4F0BA41 HTTP/1.1" 200 89395
217.113.194.218 - - [03/Feb/2025:01:41:47 +0100] "GET /ticket2/opencms/az/buy?page=1&edid=C6D4CC33-AAEC-647E-DD83-3DF39108FACF HTTP/1.1" 200 106856
135.181.180.59 - - [03/Feb/2025:01:41:49 +0100] "GET /ticket2/opencms/sv/login/?edid=26FD5F34-C195-7172-EE2F-9EC20DBD4239 HTTP/1.1" 200 89395
54.36.149.82 - - [03/Feb/2025:01:41:50 +0100] "GET /ticket2/opencms/de/buy/?page=1&edid=2F89DE74-66D3-F2EE-BBA0-20A3C149309A HTTP/1.1" 200 129234
66.249.79.103 - - [03/Feb/2025:01:41:50 +0100] "GET /ticket2/opencms/ga/standard/ HTTP/1.1" 500 -
66.249.79.33 - - [03/Feb/2025:01:41:51 +0100] "GET /ticket2/opencms/ro/buy/?page=1&edid=8EC06780-2F1B-062D-0558-60639CB8BA1F HTTP/1.1" 200 106610
135.181.180.59 - - [03/Feb/2025:01:41:53 +0100] "GET /ticket2/opencms/sv/login/?edid=27182C30-0424-098E-A8DB-2AA3B88A1ABD HTTP/1.1" 200 89395
217.113.194.217 - - [03/Feb/2025:01:41:56 +0100] "GET /ticket2/opencms/az/buy?page=1&edid=A5A21F9B-BA9F-6460-8CC4-AF1301D02678 HTTP/1.1" 200 106878
135.181.180.59 - - [03/Feb/2025:01:41:56 +0100] "GET /ticket2/opencms/sv/login/?edid=27317885-98E3-8F4E-1524-D258BC93981D HTTP/1.1" 200 89395
5.9.55.228 - - [03/Feb/2025:01:41:57 +0100] "GET /ticket2/opencms/fi/urheilu/jalkapallo/serie_a/lecce/ HTTP/1.1" 200 91580
47.128.54.37 - - [03/Feb/2025:01:41:57 +0100] "GET /ticket2/opencms/sq/sport/bileta-per-futboll/bundesliga/werder-bremen/ HTTP/1.1" 200 96009
54.36.148.231 - - [03/Feb/2025:01:41:58 +0100] "GET /ticket2/opencms/hu/buy?page=1&edid=5F5129B2-1702-C675-5051-34240EBE11DF HTTP/1.1" 200 106469
202.8.42.153 - - [03/Feb/2025:01:41:59 +0100] "GET /ticket2/opencms/system/modules/com.gridnine.opencms.ticketbrokerage.site/resources/css/ticketbrokerage.css HTTP/1.1" 200 39339
202.8.42.153 - - [03/Feb/2025:01:41:59 +0100] "GET /ticket2/opencms/system/modules/com.gridnine.opencms.ticketbrokerage.site/resources/css/calendar.css HTTP/1.1" 200 6871
202.8.42.153 - - [03/Feb/2025:01:41:59 +0100] "GET /ticket2/opencms/system/modules/com.gridnine.opencms.ticketbrokerage.site/resources/css/jquery-ui.css HTTP/1.1" 200 33221
202.8.42.153 - - [03/Feb/2025:01:41:59 +0100] "GET /ticket2/opencms/system/modules/com.gridnine.opencms.ticketbrokerage.site/resources/css/standard.css HTTP/1.1" 200 73904
202.8.42.153 - - [03/Feb/2025:01:41:59 +0100] "GET /ticket2/opencms/system/modules/com.gridnine.opencms.ticketbrokerage.site/resources/css/jquery.fancybox.css HTTP/1.1" 200 4939
202.8.42.153 - - [03/Feb/2025:01:41:59 +0100] "GET /ticket2/opencms/system/modules/com.gridnine.opencms.ticketbrokerage.site/resources/js/jquery/jquery.js HTTP/1.1" 200 93868
202.8.42.153 - - [03/Feb/2025:01:41:59 +0100] "GET /ticket2/opencms/system/modules/com.gridnine.opencms.ticketbrokerage.site/resources/js/jquery/jquery-ui.js HTTP/1.1" 200 228088
202.8.42.153 - - [03/Feb/2025:01:42:00 +0100] "GET /ticket2/opencms/system/modules/com.gridnine.opencms.ticketbrokerage.site/resources/js/functions.js HTTP/1.1" 200 1583
202.8.42.153 - - [03/Feb/2025:01:42:00 +0100] "GET /ticket2/opencms/system/modules/com.gridnine.opencms.ticketbrokerage.site/resources/js/calendar.js HTTP/1.1" 200 49229
202.8.42.153 - - [03/Feb/2025:01:42:00 +0100] "GET /ticket2/opencms/system/modules/com.gridnine.opencms.ticketbrokerage.site/resources/js/calendar-en.js HTTP/1.1" 200 3338
202.8.42.153 - - [03/Feb/2025:01:42:00 +0100] "GET /ticket2/opencms/system/modules/com.gridnine.opencms.ticketbrokerage.site/resources/js/stickyfill.min.js HTTP/1.1" 200 5672
202.8.42.153 - - [03/Feb/2025:01:42:00 +0100] "GET /ticket2/opencms/system/modules/com.gridnine.opencms.ticketbrokerage.site/resources/js/calendar-setup.js HTTP/1.1" 200 4923
202.8.42.153 - - [03/Feb/2025:01:42:00 +0100] "GET /ticket2/opencms/system/modules/com.gridnine.opencms.ticketbrokerage.site/resources/js/jquery.fancybox.pack.js HTTP/1.1" 200 23187
202.8.42.153 - - [03/Feb/2025:01:42:00 +0100] "GET /ticket2/opencms/system/modules/com.gridnine.opencms.ticketbrokerage.site/resources/js/standard.js HTTP/1.1" 200 3983
202.8.42.153 - - [03/Feb/2025:01:42:00 +0100] "GET /ticket2/opencms/system/modules/com.gridnine.opencms.ticketbrokerage.site/resources/js/jquery.placeholder.min.js HTTP/1.1" 200 1737
202.8.42.153 - - [03/Feb/2025:01:42:00 +0100] "GET /ticket2/opencms/system/modules/com.gridnine.opencms.ticketbrokerage.site/resources/js/common-ajax.js HTTP/1.1" 200 20175
202.8.42.153 - - [03/Feb/2025:01:42:00 +0100] "GET /ticket2/opencms/hu/ask-form.html HTTP/1.1" 200 3156
202.8.42.153 - - [03/Feb/2025:01:42:00 +0100] "GET /ticket2/opencms/system/modules/com.gridnine.opencms.ticketbrokerage.site/resources/css/ticketbrokerage.css HTTP/1.1" 200 39339
135.181.180.59 - - [03/Feb/2025:01:42:01 +0100] "GET /ticket2/opencms/sv/login/?edid=27BD86C3-7872-0F2C-F4EA-C29B4E4DC0EF HTTP/1.1" 200 89395
66.249.79.33 - - [03/Feb/2025:01:42:02 +0100] "GET /ticket2/opencms/sl/buy/?page=1&edid=FC7C15A4-04FF-B871-AC9F-BAD355747F99 HTTP/1.1" 200 106426
78.108.177.52 - - [03/Feb/2025:01:42:03 +0100] "GET / HTTP/1.0" 404 -
