202.8.42.115 - - [03/Feb/2025:00:21:42 +0100] "GET /ticket2/opencms/system/modules/com.gridnine.opencms.ticketbrokerage.site/resources/css/calendar.css HTTP/1.1" 200 6871
202.8.42.115 - - [03/Feb/2025:00:21:42 +0100] "GET /ticket2/opencms/system/modules/com.gridnine.opencms.ticketbrokerage.site/resources/css/ticketbrokerage.css HTTP/1.1" 200 39339
202.8.42.115 - - [03/Feb/2025:00:21:42 +0100] "GET /ticket2/opencms/system/modules/com.gridnine.opencms.ticketbrokerage.site/resources/css/jquery.fancybox.css HTTP/1.1" 200 4939
202.8.42.115 - - [03/Feb/2025:00:21:42 +0100] "GET /ticket2/opencms/system/modules/com.gridnine.opencms.ticketbrokerage.site/resources/css/standard.css HTTP/1.1" 200 73904
202.8.42.115 - - [03/Feb/2025:00:21:42 +0100] "GET /ticket2/opencms/system/modules/com.gridnine.opencms.ticketbrokerage.site/resources/js/jquery/jquery.js HTTP/1.1" 200 93868
202.8.42.115 - - [03/Feb/2025:00:21:43 +0100] "GET /ticket2/opencms/system/modules/com.gridnine.opencms.ticketbrokerage.site/resources/js/calendar.js HTTP/1.1" 200 49229
202.8.42.115 - - [03/Feb/2025:00:21:43 +0100] "GET /ticket2/opencms/system/modules/com.gridnine.opencms.ticketbrokerage.site/resources/js/jquery/jquery-ui.js HTTP/1.1" 200 228088
202.8.42.115 - - [03/Feb/2025:00:21:43 +0100] "GET /ticket2/opencms/system/modules/com.gridnine.opencms.ticketbrokerage.site/resources/js/functions.js HTTP/1.1" 200 1583
202.8.42.115 - - [03/Feb/2025:00:21:43 +0100] "GET /ticket2/opencms/system/modules/com.gridnine.opencms.ticketbrokerage.site/resources/js/calendar-en.js HTTP/1.1" 200 3338
202.8.42.115 - - [03/Feb/2025:00:21:43 +0100] "GET /ticket2/opencms/system/modules/com.gridnine.opencms.ticketbrokerage.site/resources/js/calendar-setup.js HTTP/1.1" 200 4923
202.8.42.115 - - [03/Feb/2025:00:21:43 +0100] "GET /ticket2/opencms/system/modules/com.gridnine.opencms.ticketbrokerage.site/resources/js/jquery.fancybox.pack.js HTTP/1.1" 200 23187
202.8.42.115 - - [03/Feb/2025:00:21:43 +0100] "GET /ticket2/opencms/system/modules/com.gridnine.opencms.ticketbrokerage.site/resources/js/stickyfill.min.js HTTP/1.1" 200 5672
202.8.42.115 - - [03/Feb/2025:00:21:43 +0100] "GET /ticket2/opencms/system/modules/com.gridnine.opencms.ticketbrokerage.site/resources/js/standard.js HTTP/1.1" 200 3983
202.8.42.115 - - [03/Feb/2025:00:21:43 +0100] "GET /ticket2/opencms/system/modules/com.gridnine.opencms.ticketbrokerage.site/resources/js/jquery.placeholder.min.js HTTP/1.1" 200 1737
202.8.42.115 - - [03/Feb/2025:00:21:43 +0100] "GET /ticket2/opencms/system/modules/com.gridnine.opencms.ticketbrokerage.site/resources/js/common-ajax.js HTTP/1.1" 200 20175
202.8.42.115 - - [03/Feb/2025:00:21:43 +0100] "GET /ticket2/opencms/fr/ask-form.html HTTP/1.1" 200 3156
45.130.145.14 - - [03/Feb/2025:00:21:43 +0100] "POST /ticket2/opencms/uk/login HTTP/1.1" 200 90699
202.8.42.115 - - [03/Feb/2025:00:21:43 +0100] "GET /ticket2/opencms/system/modules/com.gridnine.opencms.ticketbrokerage.site/resources/css/ticketbrokerage.css HTTP/1.1" 200 39339
45.130.145.14 - - [03/Feb/2025:00:21:44 +0100] "POST /ticket2/opencms/uk/login HTTP/1.1" 200 90699
114.119.132.9 - - [03/Feb/2025:00:21:44 +0100] "GET /ticket2/opencms/en/venue/?venueid=4264E775-2245-34EC-AB9C-8E5203A0BEEE HTTP/1.1" 200 83256
45.130.145.14 - - [03/Feb/2025:00:21:44 +0100] "POST /ticket2/opencms/uk/login HTTP/1.1" 200 90699
195.191.219.130 - - [03/Feb/2025:00:21:45 +0100] "GET /ticket2/opencms/et/buy/?page=1&edid=99C77A16-8AF9-4675-97DE-42A41C4ECB4F HTTP/1.1" 200 128642
45.130.145.14 - - [03/Feb/2025:00:21:45 +0100] "POST /ticket2/opencms/uk/login HTTP/1.1" 200 90699
45.130.145.14 - - [03/Feb/2025:00:21:46 +0100] "POST /ticket2/opencms/uk/login HTTP/1.1" 200 90699
45.130.145.14 - - [03/Feb/2025:00:21:46 +0100] "POST /ticket2/opencms/uk/login HTTP/1.1" 200 90699
45.130.145.14 - - [03/Feb/2025:00:21:47 +0100] "POST /ticket2/opencms/uk/login HTTP/1.1" 200 90699
45.130.145.14 - - [03/Feb/2025:00:21:47 +0100] "POST /ticket2/opencms/uk/login HTTP/1.1" 200 90699
54.36.148.110 - - [03/Feb/2025:00:21:48 +0100] "GET /ticket2/opencms/ka/buy?page=1&edid=176C6667-42C1-1632-7378-F783D5B7C94D HTTP/1.1" 200 115457
45.130.145.14 - - [03/Feb/2025:00:21:48 +0100] "POST /ticket2/opencms/uk/login HTTP/1.1" 200 90699
52.167.144.205 - - [03/Feb/2025:00:21:49 +0100] "GET /ticket2/opencms/en/venue/?venueid=2B29C6EC-89D0-6E9C-BAE4-2D03D28807C6 HTTP/1.1" 200 83280
217.113.194.216 - - [03/Feb/2025:00:21:49 +0100] "GET /ticket2/opencms/uk/buy?page=1&edid=2E4F6694-4C6B-92DF-9C77-6D35DA0F2BB8 HTTP/1.1" 200 112918
45.130.145.14 - - [03/Feb/2025:00:21:49 +0100] "POST /ticket2/opencms/uk/login HTTP/1.1" 200 90699
195.191.219.130 - - [03/Feb/2025:00:21:49 +0100] "GET /ticket2/opencms/et/buy/?page=1&edid=99D270B3-917E-FD4A-2998-A2CE577033E4 HTTP/1.1" 200 108901
202.8.40.204 - - [03/Feb/2025:00:21:49 +0100] "GET /ticket2/opencms/system/modules/com.gridnine.opencms.ticketbrokerage.site/resources/css/ticketbrokerage.css HTTP/1.1" 200 39339
202.8.40.204 - - [03/Feb/2025:00:21:49 +0100] "GET /ticket2/opencms/system/modules/com.gridnine.opencms.ticketbrokerage.site/resources/css/calendar.css HTTP/1.1" 200 6871
202.8.40.204 - - [03/Feb/2025:00:21:49 +0100] "GET /ticket2/opencms/system/modules/com.gridnine.opencms.ticketbrokerage.site/resources/css/jquery-ui.css HTTP/1.1" 200 33221
202.8.40.204 - - [03/Feb/2025:00:21:49 +0100] "GET /ticket2/opencms/system/modules/com.gridnine.opencms.ticketbrokerage.site/resources/css/jquery.fancybox.css HTTP/1.1" 200 4939
202.8.40.204 - - [03/Feb/2025:00:21:49 +0100] "GET /ticket2/opencms/system/modules/com.gridnine.opencms.ticketbrokerage.site/resources/js/jquery/jquery.js HTTP/1.1" 200 93868
202.8.40.204 - - [03/Feb/2025:00:21:49 +0100] "GET /ticket2/opencms/system/modules/com.gridnine.opencms.ticketbrokerage.site/resources/css/standard.css HTTP/1.1" 200 73904
45.130.145.14 - - [03/Feb/2025:00:21:49 +0100] "POST /ticket2/opencms/uk/login HTTP/1.1" 200 90699
202.8.40.204 - - [03/Feb/2025:00:21:49 +0100] "GET /ticket2/opencms/system/modules/com.gridnine.opencms.ticketbrokerage.site/resources/js/functions.js HTTP/1.1" 200 1583
202.8.40.204 - - [03/Feb/2025:00:21:49 +0100] "GET /ticket2/opencms/system/modules/com.gridnine.opencms.ticketbrokerage.site/resources/js/jquery/jquery-ui.js HTTP/1.1" 200 228088
202.8.40.204 - - [03/Feb/2025:00:21:49 +0100] "GET /ticket2/opencms/system/modules/com.gridnine.opencms.ticketbrokerage.site/resources/js/calendar-en.js HTTP/1.1" 200 3338
202.8.40.204 - - [03/Feb/2025:00:21:49 +0100] "GET /ticket2/opencms/system/modules/com.gridnine.opencms.ticketbrokerage.site/resources/js/calendar.js HTTP/1.1" 200 49229
202.8.40.204 - - [03/Feb/2025:00:21:49 +0100] "GET /ticket2/opencms/system/modules/com.gridnine.opencms.ticketbrokerage.site/resources/js/calendar-setup.js HTTP/1.1" 200 4923
202.8.40.204 - - [03/Feb/2025:00:21:49 +0100] "GET /ticket2/opencms/system/modules/com.gridnine.opencms.ticketbrokerage.site/resources/js/jquery.fancybox.pack.js HTTP/1.1" 200 23187
202.8.40.204 - - [03/Feb/2025:00:21:49 +0100] "GET /ticket2/opencms/system/modules/com.gridnine.opencms.ticketbrokerage.site/resources/js/stickyfill.min.js HTTP/1.1" 200 5672
202.8.40.204 - - [03/Feb/2025:00:21:49 +0100] "GET /ticket2/opencms/system/modules/com.gridnine.opencms.ticketbrokerage.site/resources/js/standard.js HTTP/1.1" 200 3983
202.8.40.204 - - [03/Feb/2025:00:21:50 +0100] "GET /ticket2/opencms/system/modules/com.gridnine.opencms.ticketbrokerage.site/resources/js/jquery.placeholder.min.js HTTP/1.1" 200 1737
202.8.40.204 - - [03/Feb/2025:00:21:50 +0100] "GET /ticket2/opencms/system/modules/com.gridnine.opencms.ticketbrokerage.site/resources/js/common-ajax.js HTTP/1.1" 200 20175
202.8.40.204 - - [03/Feb/2025:00:21:50 +0100] "GET /ticket2/opencms/ka/ask-form.html HTTP/1.1" 200 3156
202.8.40.204 - - [03/Feb/2025:00:21:50 +0100] "GET /ticket2/opencms/system/modules/com.gridnine.opencms.ticketbrokerage.site/resources/css/ticketbrokerage.css HTTP/1.1" 200 39339
45.130.145.14 - - [03/Feb/2025:00:21:50 +0100] "POST /ticket2/opencms/uk/login HTTP/1.1" 200 90699
66.249.79.171 - - [03/Feb/2025:00:21:50 +0100] "GET /ticket2/opencms/it/ HTTP/1.1" 200 104589
45.130.145.14 - - [03/Feb/2025:00:21:51 +0100] "POST /ticket2/opencms/uk/login HTTP/1.1" 200 90699
45.130.145.14 - - [03/Feb/2025:00:21:51 +0100] "POST /ticket2/opencms/uk/login HTTP/1.1" 200 90699
45.130.145.14 - - [03/Feb/2025:00:21:52 +0100] "POST /ticket2/opencms/uk/login HTTP/1.1" 200 90699
45.130.145.14 - - [03/Feb/2025:00:21:52 +0100] "POST /ticket2/opencms/uk/login HTTP/1.1" 200 90699
195.191.219.130 - - [03/Feb/2025:00:21:53 +0100] "GET /ticket2/opencms/et/buy/?page=1&edid=9A56F165-F35D-9973-F50A-5FE9863E2B16 HTTP/1.1" 200 108894
45.130.145.14 - - [03/Feb/2025:00:21:53 +0100] "POST /ticket2/opencms/uk/login HTTP/1.1" 200 90699
54.36.148.253 - - [03/Feb/2025:00:21:53 +0100] "GET /ticket2/opencms/sq/buy?page=1&edid=F25FBBE3-B880-5730-A316-AE0E479B4D0A HTTP/1.1" 200 106633
45.130.145.14 - - [03/Feb/2025:00:21:53 +0100] "POST /ticket2/opencms/uk/login HTTP/1.1" 200 90699
45.130.145.14 - - [03/Feb/2025:00:21:54 +0100] "POST /ticket2/opencms/uk/login HTTP/1.1" 200 90699
66.249.76.170 - - [03/Feb/2025:00:21:54 +0100] "GET /ticket2/opencms/az/buy/?page=1&edid=61903C96-F8B6-482A-0523-00721D5B62AF HTTP/1.1" 200 106912
45.130.145.14 - - [03/Feb/2025:00:21:55 +0100] "POST /ticket2/opencms/uk/login HTTP/1.1" 200 90699
188.239.10.78 - - [03/Feb/2025:00:21:55 +0100] "GET /ticket2/opencms/fi/venue/?venueid=FFD58926-E43E-9E2E-9DB6-3170AF0A87CC HTTP/1.1" 200 84722
45.130.145.14 - - [03/Feb/2025:00:21:55 +0100] "POST /ticket2/opencms/uk/login HTTP/1.1" 200 90699
45.130.145.14 - - [03/Feb/2025:00:21:56 +0100] "POST /ticket2/opencms/uk/login HTTP/1.1" 200 90699
185.191.171.3 - - [03/Feb/2025:00:21:56 +0100] "GET /ticket2/opencms/no/sport/fotballsbilletter/premier_league/luton/ HTTP/1.1" 200 86135
45.130.145.14 - - [03/Feb/2025:00:21:56 +0100] "POST /ticket2/opencms/uk/login HTTP/1.1" 200 90699
45.130.145.14 - - [03/Feb/2025:00:21:57 +0100] "POST /ticket2/opencms/uk/login HTTP/1.1" 200 90699
217.113.194.218 - - [03/Feb/2025:00:21:57 +0100] "GET /ticket2/opencms/et/buy?page=1&edid=E9DB3A42-82BF-9B65-3ED4-EE5A32871388 HTTP/1.1" 200 110634
195.191.219.130 - - [03/Feb/2025:00:21:58 +0100] "GET /ticket2/opencms/et/buy/?page=1&edid=9A8891BD-C3B9-2FD5-1633-7AEF0F073762 HTTP/1.1" 200 133345
45.130.145.14 - - [03/Feb/2025:00:21:58 +0100] "POST /ticket2/opencms/uk/login HTTP/1.1" 200 90699
45.130.145.14 - - [03/Feb/2025:00:21:58 +0100] "POST /ticket2/opencms/uk/login HTTP/1.1" 200 90699
45.130.145.14 - - [03/Feb/2025:00:21:59 +0100] "POST /ticket2/opencms/uk/login HTTP/1.1" 200 90699
45.130.145.14 - - [03/Feb/2025:00:21:59 +0100] "POST /ticket2/opencms/uk/login HTTP/1.1" 200 90699
185.191.171.8 - - [03/Feb/2025:00:22:00 +0100] "GET /ticket2/opencms/fr/affiliateprogram.html HTTP/1.1" 200 88764
45.130.145.14 - - [03/Feb/2025:00:22:00 +0100] "POST /ticket2/opencms/uk/login HTTP/1.1" 200 90699
45.130.145.14 - - [03/Feb/2025:00:22:00 +0100] "POST /ticket2/opencms/uk/login HTTP/1.1" 200 90699
45.130.145.14 - - [03/Feb/2025:00:22:01 +0100] "POST /ticket2/opencms/uk/login HTTP/1.1" 200 90699
195.191.219.130 - - [03/Feb/2025:00:22:02 +0100] "GET /ticket2/opencms/et/buy/?page=1&edid=9AA6E90F-1A8F-8723-F266-C4056D23056B HTTP/1.1" 200 122090
45.130.145.14 - - [03/Feb/2025:00:22:02 +0100] "POST /ticket2/opencms/uk/login HTTP/1.1" 200 90699
45.130.145.14 - - [03/Feb/2025:00:22:02 +0100] "POST /ticket2/opencms/uk/login HTTP/1.1" 200 90699
45.130.145.14 - - [03/Feb/2025:00:22:03 +0100] "POST /ticket2/opencms/uk/login HTTP/1.1" 200 90699
54.36.148.119 - - [03/Feb/2025:00:22:04 +0100] "GET /ticket2/opencms/sv/buy?page=1&edid=FF1B1F16-B60A-CB20-3635-FAA393A69F1C HTTP/1.1" 200 112135
45.130.145.14 - - [03/Feb/2025:00:22:04 +0100] "POST /ticket2/opencms/uk/login HTTP/1.1" 200 90699
45.130.145.14 - - [03/Feb/2025:00:22:04 +0100] "POST /ticket2/opencms/uk/login HTTP/1.1" 200 90699
45.130.145.14 - - [03/Feb/2025:00:22:05 +0100] "POST /ticket2/opencms/uk/login HTTP/1.1" 200 90699
195.191.219.130 - - [03/Feb/2025:00:22:05 +0100] "GET /ticket2/opencms/et/buy/?page=1&edid=9AD6E1E6-FB1D-3EDD-D6AB-CD76FAA24E1B HTTP/1.1" 200 110011
45.130.145.14 - - [03/Feb/2025:00:22:05 +0100] "POST /ticket2/opencms/uk/login HTTP/1.1" 200 90699
45.130.145.14 - - [03/Feb/2025:00:22:06 +0100] "POST /ticket2/opencms/uk/login HTTP/1.1" 200 90699
217.113.194.213 - - [03/Feb/2025:00:22:06 +0100] "GET /ticket2/opencms/et/buy?page=1&edid=939FFB29-90B3-C45E-CDB3-7D08A9D24AFB HTTP/1.1" 200 110034
45.130.145.14 - - [03/Feb/2025:00:22:07 +0100] "POST /ticket2/opencms/uk/login HTTP/1.1" 200 90699
45.130.145.14 - - [03/Feb/2025:00:22:07 +0100] "POST /ticket2/opencms/uk/login HTTP/1.1" 200 90699
45.130.145.14 - - [03/Feb/2025:00:22:08 +0100] "POST /ticket2/opencms/uk/login HTTP/1.1" 200 90699
45.130.145.14 - - [03/Feb/2025:00:22:08 +0100] "POST /ticket2/opencms/uk/login HTTP/1.1" 200 90699
45.130.145.14 - - [03/Feb/2025:00:22:09 +0100] "POST /ticket2/opencms/uk/login HTTP/1.1" 200 90699
195.191.219.130 - - [03/Feb/2025:00:22:09 +0100] "GET /ticket2/opencms/et/buy/?page=1&edid=9AF29D4D-BF71-6182-1EBD-FF49E6DA3ECE HTTP/1.1" 200 108896
45.130.145.14 - - [03/Feb/2025:00:22:09 +0100] "POST /ticket2/opencms/uk/login HTTP/1.1" 200 90699
45.130.145.14 - - [03/Feb/2025:00:22:10 +0100] "POST /ticket2/opencms/uk/login HTTP/1.1" 200 90699
5.9.55.228 - - [03/Feb/2025:00:22:10 +0100] "GET /ticket2/opencms/en/buy/?comcatid=b41ccf2b-5558-7aee-3602-09bbde417d65&catid=a34bcf61-e19c-5c5c-445e-06f3749e1ef4 HTTP/1.1" 200 6410
45.130.145.14 - - [03/Feb/2025:00:22:11 +0100] "POST /ticket2/opencms/uk/login HTTP/1.1" 200 90699
45.130.145.14 - - [03/Feb/2025:00:22:11 +0100] "POST /ticket2/opencms/uk/login HTTP/1.1" 200 90699
45.130.145.14 - - [03/Feb/2025:00:22:12 +0100] "POST /ticket2/opencms/uk/login HTTP/1.1" 200 90699
45.130.145.14 - - [03/Feb/2025:00:22:12 +0100] "POST /ticket2/opencms/uk/login HTTP/1.1" 200 90699
54.36.148.209 - - [03/Feb/2025:00:22:12 +0100] "GET /ticket2/opencms/el/buy/?page=1&edid=EC2BC309-3510-AA04-CA0C-F3088D5C1D31 HTTP/1.1" 200 125667
45.130.145.14 - - [03/Feb/2025:00:22:13 +0100] "POST /ticket2/opencms/uk/login HTTP/1.1" 200 90699
195.191.219.130 - - [03/Feb/2025:00:22:13 +0100] "GET /ticket2/opencms/et/buy/?page=1&edid=9BBBC99D-9BE8-492C-BD4A-8B73CDBF11B6 HTTP/1.1" 200 106373
45.130.145.14 - - [03/Feb/2025:00:22:13 +0100] "POST /ticket2/opencms/uk/login HTTP/1.1" 200 90699
45.130.145.14 - - [03/Feb/2025:00:22:14 +0100] "POST /ticket2/opencms/uk/login HTTP/1.1" 200 90699
217.113.194.218 - - [03/Feb/2025:00:22:15 +0100] "GET /ticket2/opencms/et/buy?page=1&edid=06839E1C-8CA0-2766-B39C-B161E06D9E51 HTTP/1.1" 200 110016
195.191.219.130 - - [03/Feb/2025:00:22:17 +0100] "GET /ticket2/opencms/et/buy/?page=1&edid=9BFFFF0C-C809-CAED-9589-C9537A82DE22 HTTP/1.1" 200 108626
66.249.76.160 - - [03/Feb/2025:00:22:17 +0100] "GET /ticket2/opencms/hu/buy/?page=1&edid=61903C96-F8B6-482A-0523-00721D5B62AF HTTP/1.1" 200 106508
54.36.149.4 - - [03/Feb/2025:00:22:20 +0100] "GET /ticket2/opencms/en/buy?page=1&edid=380D9DCE-9F52-6635-EF3F-C6491C4BBEEF HTTP/1.1" 200 131191
195.191.219.130 - - [03/Feb/2025:00:22:21 +0100] "GET /ticket2/opencms/et/buy/?page=1&edid=9CB422E7-7809-8163-0C70-A6355650353B HTTP/1.1" 200 106390
202.8.43.216 - - [03/Feb/2025:00:22:21 +0100] "GET /ticket2/opencms/system/modules/com.gridnine.opencms.ticketbrokerage.site/resources/css/jquery-ui.css HTTP/1.1" 200 33221
202.8.43.216 - - [03/Feb/2025:00:22:21 +0100] "GET /ticket2/opencms/system/modules/com.gridnine.opencms.ticketbrokerage.site/resources/css/calendar.css HTTP/1.1" 200 6871
202.8.43.216 - - [03/Feb/2025:00:22:21 +0100] "GET /ticket2/opencms/system/modules/com.gridnine.opencms.ticketbrokerage.site/resources/css/ticketbrokerage.css HTTP/1.1" 200 39339
202.8.43.216 - - [03/Feb/2025:00:22:21 +0100] "GET /ticket2/opencms/system/modules/com.gridnine.opencms.ticketbrokerage.site/resources/css/jquery.fancybox.css HTTP/1.1" 200 4939
202.8.43.216 - - [03/Feb/2025:00:22:21 +0100] "GET /ticket2/opencms/system/modules/com.gridnine.opencms.ticketbrokerage.site/resources/js/jquery/jquery.js HTTP/1.1" 200 93868
202.8.43.216 - - [03/Feb/2025:00:22:21 +0100] "GET /ticket2/opencms/system/modules/com.gridnine.opencms.ticketbrokerage.site/resources/css/standard.css HTTP/1.1" 200 73904
202.8.43.216 - - [03/Feb/2025:00:22:21 +0100] "GET /ticket2/opencms/system/modules/com.gridnine.opencms.ticketbrokerage.site/resources/js/jquery/jquery-ui.js HTTP/1.1" 200 228088
202.8.43.216 - - [03/Feb/2025:00:22:21 +0100] "GET /ticket2/opencms/system/modules/com.gridnine.opencms.ticketbrokerage.site/resources/js/functions.js HTTP/1.1" 200 1583
202.8.43.216 - - [03/Feb/2025:00:22:21 +0100] "GET /ticket2/opencms/system/modules/com.gridnine.opencms.ticketbrokerage.site/resources/js/calendar-en.js HTTP/1.1" 200 3338
202.8.43.216 - - [03/Feb/2025:00:22:21 +0100] "GET /ticket2/opencms/system/modules/com.gridnine.opencms.ticketbrokerage.site/resources/js/calendar.js HTTP/1.1" 200 49229
202.8.43.216 - - [03/Feb/2025:00:22:21 +0100] "GET /ticket2/opencms/system/modules/com.gridnine.opencms.ticketbrokerage.site/resources/js/calendar-setup.js HTTP/1.1" 200 4923
202.8.43.216 - - [03/Feb/2025:00:22:22 +0100] "GET /ticket2/opencms/system/modules/com.gridnine.opencms.ticketbrokerage.site/resources/js/jquery.fancybox.pack.js HTTP/1.1" 200 23187
202.8.43.216 - - [03/Feb/2025:00:22:22 +0100] "GET /ticket2/opencms/system/modules/com.gridnine.opencms.ticketbrokerage.site/resources/js/stickyfill.min.js HTTP/1.1" 200 5672
202.8.43.216 - - [03/Feb/2025:00:22:22 +0100] "GET /ticket2/opencms/system/modules/com.gridnine.opencms.ticketbrokerage.site/resources/js/standard.js HTTP/1.1" 200 3983
202.8.43.216 - - [03/Feb/2025:00:22:22 +0100] "GET /ticket2/opencms/system/modules/com.gridnine.opencms.ticketbrokerage.site/resources/js/jquery.placeholder.min.js HTTP/1.1" 200 1737
202.8.43.216 - - [03/Feb/2025:00:22:22 +0100] "GET /ticket2/opencms/system/modules/com.gridnine.opencms.ticketbrokerage.site/resources/js/common-ajax.js HTTP/1.1" 200 20175
202.8.43.216 - - [03/Feb/2025:00:22:22 +0100] "GET /ticket2/opencms/en/ask-form.html HTTP/1.1" 200 3146
202.8.43.216 - - [03/Feb/2025:00:22:22 +0100] "GET /ticket2/opencms/system/modules/com.gridnine.opencms.ticketbrokerage.site/resources/css/ticketbrokerage.css HTTP/1.1" 200 39339
217.113.194.217 - - [03/Feb/2025:00:22:24 +0100] "GET /ticket2/opencms/bg/buy?page=1&edid=C781C90E-2A4A-BE38-23EB-6039DE2F5FA8 HTTP/1.1" 200 138283
54.36.148.45 - - [03/Feb/2025:00:22:24 +0100] "GET /ticket2/opencms/mo/buy/?page=1&edid=7C302FE7-A282-8674-91A5-C39354E6B4F5 HTTP/1.1" 200 112674
195.191.219.130 - - [03/Feb/2025:00:22:25 +0100] "GET /ticket2/opencms/et/buy/?page=1&edid=9CB65BAE-DCD8-2D95-397D-813CF31BA500 HTTP/1.1" 200 133061
85.208.96.211 - - [03/Feb/2025:00:22:27 +0100] "GET /ticket2/opencms/en/sport/football-tickets/serie_a/empoli/ HTTP/1.1" 200 90886
185.191.171.19 - - [03/Feb/2025:00:22:27 +0100] "GET /ticket2/opencms/sv/sport/fotbollsbiljetter/bundesliga/borussia-dortmund/ HTTP/1.1" 200 96679
47.128.44.91 - - [03/Feb/2025:00:22:28 +0100] "GET /ticket2/opencms/az/buy/?edid=6ABC64C2-B7BD-3F6D-DD46-2C8F1F69889E HTTP/1.1" 200 89618
195.191.219.130 - - [03/Feb/2025:00:22:30 +0100] "GET /ticket2/opencms/et/buy/?page=1&edid=9D2DFDC9-4BC5-EECE-32CF-AF6FA9041457 HTTP/1.1" 200 108692
52.167.144.20 - - [03/Feb/2025:00:22:30 +0100] "GET /ticket2/opencms/et/buy/?page=1&edid=CE09E9D6-3CEE-5013-57C1-817C68FF8DA4&sortorder=desc&column=row HTTP/1.1" 200 106659
40.77.167.136 - - [03/Feb/2025:00:22:32 +0100] "GET /ticket2/opencms/sl/buy/?page=1&edid=86551C8A-2BF5-6EB9-E5C9-54A1AFF44009 HTTP/1.1" 200 110148
54.36.149.40 - - [03/Feb/2025:00:22:32 +0100] "GET /ticket2/opencms/pl/buy/?page=1&edid=B12376C6-BA7F-3D61-F970-EF51106430AB HTTP/1.1" 200 128008
217.113.194.215 - - [03/Feb/2025:00:22:32 +0100] "GET /ticket2/opencms/bg/buy?page=1&edid=CAF487BE-6126-E9FD-123C-2A6FB466331D HTTP/1.1" 200 111496
85.208.96.201 - - [03/Feb/2025:00:22:33 +0100] "GET /ticket2/opencms/sl/sport/nogometne-vstopnice/la-liga/las_palmas/ HTTP/1.1" 200 96255
195.191.219.130 - - [03/Feb/2025:00:22:34 +0100] "GET /ticket2/opencms/et/buy/?page=1&edid=9D7ABF2F-B431-422E-3673-716FB77076E6 HTTP/1.1" 200 108659
216.244.66.238 - - [03/Feb/2025:00:22:35 +0100] "GET /ticket2/opencms/bg/buy_safety/ HTTP/1.1" 200 87937
119.8.161.143 - - [03/Feb/2025:00:22:37 +0100] "GET /ticket2/opencms/pl/buy?page=6&comcatid=A17713B6-D984-201A-4143-ED4DB5ED5C2E&catid=06324577-7173-BAB0-146D-E644C912F7C1 HTTP/1.1" 200 6410
195.191.219.130 - - [03/Feb/2025:00:22:38 +0100] "GET /ticket2/opencms/et/buy/?page=1&edid=9D89B626-BE34-D0AA-2430-149AC630E583 HTTP/1.1" 200 106400
54.36.148.100 - - [03/Feb/2025:00:22:39 +0100] "GET /ticket2/opencms/sr/buy/?page=1&edid=1046C14E-D95C-B350-CBCD-2ECE5F3DCC46 HTTP/1.1" 200 122966
154.54.249.216 - - [03/Feb/2025:00:22:41 +0100] "GET /ticket2/opencms/ro/buy?page=1&edid=401CD235-D1EE-5A91-A749-CF58F670CF2A HTTP/1.1" 200 110929
216.244.66.238 - - [03/Feb/2025:00:22:42 +0100] "GET /ticket2/opencms/en/buy/?page=1&edid=0921968B-5C38-209B-467C-E28FB1884E06 HTTP/1.1" 200 107722
195.191.219.130 - - [03/Feb/2025:00:22:42 +0100] "GET /ticket2/opencms/et/buy/?page=1&edid=9DBCDD83-DFF7-0F0A-E3AC-44814FB4671B HTTP/1.1" 200 114738
185.191.171.16 - - [03/Feb/2025:00:22:43 +0100] "GET /ticket2/opencms/hu/sport/focijegyek/premier-league/manchester-city/ HTTP/1.1" 200 96969
40.77.167.64 - - [03/Feb/2025:00:22:46 +0100] "GET /ticket2/opencms/en/venue/?venueid=8A3E15E6-9EA2-1FB9-3117-432C267C960A HTTP/1.1" 200 83249
195.191.219.130 - - [03/Feb/2025:00:22:46 +0100] "GET /ticket2/opencms/et/buy/?page=1&edid=9DCC0E66-25C8-5156-35A8-BF56F5E3E1AA HTTP/1.1" 200 109478
54.36.149.34 - - [03/Feb/2025:00:22:47 +0100] "GET /ticket2/opencms/fi/buy?page=1&edid=7D0034DE-60A0-B971-BE37-13F34A8B84FE HTTP/1.1" 200 108846
66.249.76.162 - - [03/Feb/2025:00:22:47 +0100] "GET /ticket2/opencms/et/ask-form.html HTTP/1.1" 200 3156
217.113.194.214 - - [03/Feb/2025:00:22:50 +0100] "GET /ticket2/opencms/ro/buy?page=1&edid=0A9A92DD-C9BE-E94C-2EB9-3124FCA7591C HTTP/1.1" 200 106571
195.191.219.130 - - [03/Feb/2025:00:22:50 +0100] "GET /ticket2/opencms/et/buy/?page=1&edid=9E373ADE-B8EE-38F8-BBD8-DA1CB52F113B HTTP/1.1" 200 110009
216.244.66.196 - - [03/Feb/2025:00:22:51 +0100] "GET /ticket2/opencms/robots.txt HTTP/1.1" 200 773
5.9.55.228 - - [03/Feb/2025:00:22:51 +0100] "GET /ticket2/opencms/en/buy/?comcatid=b41ccf2b-5558-7aee-3602-09bbde417d65&catid=bf886bae-fc84-8cb3-a193-6dfa251f7985 HTTP/1.1" 200 6410
195.191.219.130 - - [03/Feb/2025:00:22:54 +0100] "GET /ticket2/opencms/et/buy/?page=1&edid=9E48B87F-688E-01AE-F864-C3FCC26B3C24 HTTP/1.1" 200 108860
216.244.66.238 - - [03/Feb/2025:00:22:54 +0100] "GET /ticket2/opencms/nl/buy/?page=1&edid=9DBCDD83-DFF7-0F0A-E3AC-44814FB4671B HTTP/1.1" 200 112080
66.249.79.33 - - [03/Feb/2025:00:22:54 +0100] "GET /ticket2/opencms/ga/buy/?page=1&edid=61903C96-F8B6-482A-0523-00721D5B62AF HTTP/1.1" 200 106858
54.36.148.190 - - [03/Feb/2025:00:22:54 +0100] "GET /ticket2/opencms/be/pra-nas/ HTTP/1.1" 200 88864
195.191.219.130 - - [03/Feb/2025:00:22:58 +0100] "GET /ticket2/opencms/et/buy/?page=1&edid=9EA39832-649E-4239-074E-B30B49B30833 HTTP/1.1" 200 108862
217.113.194.216 - - [03/Feb/2025:00:22:58 +0100] "GET /ticket2/opencms/ro/buy?page=1&edid=478DA7E3-5E72-614D-155A-B45A5AC4AA8D HTTP/1.1" 200 106616
54.36.148.48 - - [03/Feb/2025:00:23:02 +0100] "GET /ticket2/opencms/mt/buy?page=1&edid=0859B3F5-666A-8459-68A2-BF0A731BAF06 HTTP/1.1" 200 133761
195.191.219.130 - - [03/Feb/2025:00:23:02 +0100] "GET /ticket2/opencms/et/buy/?page=1&edid=9EC5AE33-287A-CC49-3DDC-A59FEEE111B7 HTTP/1.1" 200 119495
202.8.40.199 - - [03/Feb/2025:00:23:03 +0100] "GET /ticket2/opencms/system/modules/com.gridnine.opencms.ticketbrokerage.site/resources/css/calendar.css HTTP/1.1" 200 6871
202.8.40.199 - - [03/Feb/2025:00:23:03 +0100] "GET /ticket2/opencms/system/modules/com.gridnine.opencms.ticketbrokerage.site/resources/css/jquery-ui.css HTTP/1.1" 200 33221
202.8.40.199 - - [03/Feb/2025:00:23:03 +0100] "GET /ticket2/opencms/system/modules/com.gridnine.opencms.ticketbrokerage.site/resources/css/ticketbrokerage.css HTTP/1.1" 200 39339
202.8.40.199 - - [03/Feb/2025:00:23:03 +0100] "GET /ticket2/opencms/system/modules/com.gridnine.opencms.ticketbrokerage.site/resources/css/standard.css HTTP/1.1" 200 73904
202.8.40.199 - - [03/Feb/2025:00:23:03 +0100] "GET /ticket2/opencms/system/modules/com.gridnine.opencms.ticketbrokerage.site/resources/css/jquery.fancybox.css HTTP/1.1" 200 4939
202.8.40.199 - - [03/Feb/2025:00:23:03 +0100] "GET /ticket2/opencms/system/modules/com.gridnine.opencms.ticketbrokerage.site/resources/js/jquery/jquery.js HTTP/1.1" 200 93868
202.8.40.199 - - [03/Feb/2025:00:23:03 +0100] "GET /ticket2/opencms/system/modules/com.gridnine.opencms.ticketbrokerage.site/resources/js/jquery/jquery-ui.js HTTP/1.1" 200 228088
202.8.40.199 - - [03/Feb/2025:00:23:03 +0100] "GET /ticket2/opencms/system/modules/com.gridnine.opencms.ticketbrokerage.site/resources/js/functions.js HTTP/1.1" 200 1583
202.8.40.199 - - [03/Feb/2025:00:23:03 +0100] "GET /ticket2/opencms/system/modules/com.gridnine.opencms.ticketbrokerage.site/resources/js/calendar.js HTTP/1.1" 200 49229
202.8.40.199 - - [03/Feb/2025:00:23:03 +0100] "GET /ticket2/opencms/system/modules/com.gridnine.opencms.ticketbrokerage.site/resources/js/calendar-en.js HTTP/1.1" 200 3338
202.8.40.199 - - [03/Feb/2025:00:23:03 +0100] "GET /ticket2/opencms/system/modules/com.gridnine.opencms.ticketbrokerage.site/resources/js/calendar-setup.js HTTP/1.1" 200 4923
202.8.40.199 - - [03/Feb/2025:00:23:03 +0100] "GET /ticket2/opencms/system/modules/com.gridnine.opencms.ticketbrokerage.site/resources/js/jquery.fancybox.pack.js HTTP/1.1" 200 23187
202.8.40.199 - - [03/Feb/2025:00:23:03 +0100] "GET /ticket2/opencms/system/modules/com.gridnine.opencms.ticketbrokerage.site/resources/js/stickyfill.min.js HTTP/1.1" 200 5672
202.8.40.199 - - [03/Feb/2025:00:23:03 +0100] "GET /ticket2/opencms/system/modules/com.gridnine.opencms.ticketbrokerage.site/resources/js/standard.js HTTP/1.1" 200 3983
202.8.40.199 - - [03/Feb/2025:00:23:03 +0100] "GET /ticket2/opencms/system/modules/com.gridnine.opencms.ticketbrokerage.site/resources/js/jquery.placeholder.min.js HTTP/1.1" 200 1737
202.8.40.199 - - [03/Feb/2025:00:23:04 +0100] "GET /ticket2/opencms/system/modules/com.gridnine.opencms.ticketbrokerage.site/resources/js/common-ajax.js HTTP/1.1" 200 20175
202.8.40.199 - - [03/Feb/2025:00:23:04 +0100] "GET /ticket2/opencms/mt/ask-form.html HTTP/1.1" 200 3156
202.8.40.199 - - [03/Feb/2025:00:23:04 +0100] "GET /ticket2/opencms/system/modules/com.gridnine.opencms.ticketbrokerage.site/resources/css/ticketbrokerage.css HTTP/1.1" 200 39339
195.191.219.130 - - [03/Feb/2025:00:23:06 +0100] "GET /ticket2/opencms/et/buy/?page=1&edid=9F0345A6-D15A-0100-D9B9-6EC7F0C4DCD6 HTTP/1.1" 200 108906
216.244.66.238 - - [03/Feb/2025:00:23:06 +0100] "GET /ticket2/opencms/sv/buy/?page=1&edid=56B38CDE-C52C-9D5C-A997-D65F4CB742AB HTTP/1.1" 200 139523
217.113.194.212 - - [03/Feb/2025:00:23:07 +0100] "GET /ticket2/opencms/en/venue/?venueid=9A3D2E7F-BC68-0BF9-8767-55D1E5B17ADE HTTP/1.1" 200 83334
185.191.171.1 - - [03/Feb/2025:00:23:09 +0100] "GET /ticket2/opencms/sk/magazine/article?title=zatvorit-prestupove-okno-skor HTTP/1.1" 200 87070
195.191.219.130 - - [03/Feb/2025:00:23:10 +0100] "GET /ticket2/opencms/et/buy/?page=1&edid=9F80D7E4-C3CD-1252-256F-CE7A7B9BF210 HTTP/1.1" 200 106387
47.128.114.180 - - [03/Feb/2025:00:23:12 +0100] "GET /ticket2/opencms/ga/buy/?edid=FC400B0C-3F35-28FE-BA32-45A117020656 HTTP/1.1" 200 89502
195.191.219.130 - - [03/Feb/2025:00:23:14 +0100] "GET /ticket2/opencms/et/buy/?page=1&edid=9F8544B2-CF19-221B-478E-5476FF460535 HTTP/1.1" 200 129687
54.36.148.96 - - [03/Feb/2025:00:23:15 +0100] "GET /ticket2/opencms/sk/buy/?page=1&edid=299450E2-FDAD-4E2B-0058-6290A7A2B57D HTTP/1.1" 200 151168
217.113.194.215 - - [03/Feb/2025:00:23:16 +0100] "GET /ticket2/opencms/en/venue/?venueid=9E11657F-4DEC-23FB-7EA0-FBC7E33C2918 HTTP/1.1" 200 83237
195.191.219.130 - - [03/Feb/2025:00:23:18 +0100] "GET /ticket2/opencms/et/buy/?page=1&edid=A097D631-1638-67A3-75EF-ECE1312263EC HTTP/1.1" 200 106380
85.208.96.197 - - [03/Feb/2025:00:23:21 +0100] "GET /ticket2/opencms/sv/sport/fotbollsbiljetter/english-championship/watford/ HTTP/1.1" 200 86242
195.191.219.130 - - [03/Feb/2025:00:23:22 +0100] "GET /ticket2/opencms/et/buy/?page=1&edid=A0FFAF50-E61F-DDD9-D6DC-77947313B0DE HTTP/1.1" 200 116925
216.244.66.238 - - [03/Feb/2025:00:23:23 +0100] "GET /ticket2/opencms/sv/buy/?page=1&edid=791FDD0E-A228-3CC2-8AB8-5B3518CB8D31 HTTP/1.1" 200 109284
110.238.110.254 - - [03/Feb/2025:00:23:24 +0100] "GET /ticket2/opencms/pl/buy/?page=1&edid=7C470A0B-7875-5849-46E4-808C32ECDB53 HTTP/1.1" 200 106370
54.36.149.51 - - [03/Feb/2025:00:23:25 +0100] "GET /ticket2/opencms/fr/buy/?page=1&edid=1571DB1B-206B-93FC-5429-333D7E9FCB65 HTTP/1.1" 200 116176
195.191.219.130 - - [03/Feb/2025:00:23:26 +0100] "GET /ticket2/opencms/et/buy/?page=1&edid=A134960E-B2EE-5140-FE1D-DD5D90F5903C HTTP/1.1" 200 108894
217.113.194.212 - - [03/Feb/2025:00:23:26 +0100] "GET /ticket2/opencms/en/venue/?venueid=0CF887BF-1E8A-49C1-B411-2D2FF23ACB2B HTTP/1.1" 200 83282
195.191.219.130 - - [03/Feb/2025:00:23:30 +0100] "GET /ticket2/opencms/et/buy/?page=1&edid=A1978D3B-15EE-9B98-13D3-4A0276E452D7 HTTP/1.1" 200 122749
185.191.171.13 - - [03/Feb/2025:00:23:31 +0100] "GET /ticket2/opencms/it/magazine/article?title=manchester-united-vs-arsenal HTTP/1.1" 200 86911
5.9.55.228 - - [03/Feb/2025:00:23:33 +0100] "GET /ticket2/opencms/en/buy/?comcatid=b41ccf2b-5558-7aee-3602-09bbde417d65&catid=e03f2203-3943-a0f0-a47d-d9e7cda79c6b HTTP/1.1" 200 6410
5.102.173.71 - - [03/Feb/2025:00:23:34 +0100] "GET /ticket2/opencms/robots.txt HTTP/1.1" 200 773
195.191.219.130 - - [03/Feb/2025:00:23:34 +0100] "GET /ticket2/opencms/et/buy/?page=1&edid=A250B4B1-8EE0-FF45-8CB6-582F5F739AF9 HTTP/1.1" 200 110628
5.102.173.71 - - [03/Feb/2025:00:23:34 +0100] "GET /ticket2/opencms/sv/sport/fotbollsbiljetter/serie_a/torino/ HTTP/1.1" 200 92015
54.36.148.42 - - [03/Feb/2025:00:23:35 +0100] "GET /ticket2/opencms/sr/buy/?page=1&edid=6A920F16-DD42-2262-3AA2-B83D5743F13A HTTP/1.1" 200 139023
217.113.194.213 - - [03/Feb/2025:00:23:36 +0100] "GET /ticket2/opencms/en/venue/?venueid=DF37D396-FA06-F473-CD27-6AD0A828AD06 HTTP/1.1" 200 83264
195.191.219.130 - - [03/Feb/2025:00:23:39 +0100] "GET /ticket2/opencms/et/buy/?page=1&edid=A27091AD-1422-96A9-33A7-74A8DECA25F3 HTTP/1.1" 200 132749
216.244.66.238 - - [03/Feb/2025:00:23:39 +0100] "GET /ticket2/opencms/sv/tickets/fulham/swansea.html HTTP/1.1" 200 90573
54.36.148.90 - - [03/Feb/2025:00:23:40 +0100] "GET /ticket2/opencms/dk/magazine/article?title=manchester-united-har-valgt-at-fyre-erik-ten-hag HTTP/1.1" 200 85991
195.191.219.130 - - [03/Feb/2025:00:23:43 +0100] "GET /ticket2/opencms/et/buy/?page=1&edid=A279CA4F-563C-FA44-9E12-257295BF18EE HTTP/1.1" 200 108863
217.113.194.216 - - [03/Feb/2025:00:23:45 +0100] "GET /ticket2/opencms/en/venue/?venueid=C7A7462C-2B0C-4E5D-7720-7F0308C8B04B HTTP/1.1" 200 83249
66.249.79.101 - - [03/Feb/2025:00:23:46 +0100] "GET /ticket2/opencms/sq/magazine/article?title=la-liga-real-madrid-ka-fituar-me-shume-tituj HTTP/1.1" 200 87081
66.249.79.33 - - [03/Feb/2025:00:23:47 +0100] "GET /ticket2/opencms/uk/buy/?page=1&edid=92DF4928-935F-6F67-3394-E1ED2A861E35 HTTP/1.1" 200 112669
195.191.219.130 - - [03/Feb/2025:00:23:48 +0100] "GET /ticket2/opencms/et/buy/?page=1&edid=A2A4078E-C8E8-C113-199B-69C1FEB231B0 HTTP/1.1" 200 133840
47.128.99.152 - - [03/Feb/2025:00:23:49 +0100] "GET /ticket2/opencms/uk/buy/?edid=7C470A0B-7875-5849-46E4-808C32ECDB53 HTTP/1.1" 200 90179
54.36.148.129 - - [03/Feb/2025:00:23:49 +0100] "GET /ticket2/opencms/bg/sport/futbolni-bileti/champions-league/malmo-ff HTTP/1.1" 200 91613
85.208.96.197 - - [03/Feb/2025:00:23:50 +0100] "GET /ticket2/opencms/cs/magazine/article?title=nocni-mura-pro-manchester-city HTTP/1.1" 200 87030
195.191.219.130 - - [03/Feb/2025:00:23:51 +0100] "GET /ticket2/opencms/et/buy/?page=1&edid=A41E1AA3-2CBC-8C77-6CAE-A96D07E2BBF7 HTTP/1.1" 200 106378
103.249.133.23 - - [03/Feb/2025:00:23:53 +0100] "GET /ticket2/opencms/fr/buy/?page=%27nvOpzp;%20AND%201=1%20OR%20(%3C%27%22%3EiKO)),&edid=%27nvOpzp;%20AND%201=1%20OR%20(%3C%27%22%3EiKO)), HTTP/1.1" 200 91093
216.244.66.238 - - [03/Feb/2025:00:23:53 +0100] "GET /ticket2/opencms/sv/tickets/juventus/brescia.html HTTP/1.1" 200 90847
217.113.194.215 - - [03/Feb/2025:00:23:54 +0100] "GET /ticket2/opencms/en/venue/?venueid=67DA257D-26D2-0E2E-4524-14E8E3D430E4 HTTP/1.1" 200 83214
185.191.171.10 - - [03/Feb/2025:00:23:54 +0100] "GET /ticket2/opencms/sv/magazine/vinnare_premierleague HTTP/1.1" 200 97275
54.36.148.130 - - [03/Feb/2025:00:23:56 +0100] "GET /ticket2/opencms/sv/buy/?page=1&edid=039D4473-D662-2ED5-D620-F30FCE116F43 HTTP/1.1" 200 108834
85.208.96.211 - - [03/Feb/2025:00:24:01 +0100] "GET /ticket2/opencms/no/sport/fotballsbilletter/bundesliga/augsburg/ HTTP/1.1" 200 96410
217.113.194.216 - - [03/Feb/2025:00:24:03 +0100] "GET /ticket2/opencms/en/venue/?venueid=B22AF206-F082-6CEB-AD92-C471A0D46E96 HTTP/1.1" 200 83253
54.36.148.70 - - [03/Feb/2025:00:24:04 +0100] "GET /ticket2/opencms/en/buy?page=1&edid=60F178DE-34D0-F541-48CD-E75B1D1E51B1 HTTP/1.1" 200 104727
202.8.42.125 - - [03/Feb/2025:00:24:05 +0100] "GET /ticket2/opencms/system/modules/com.gridnine.opencms.ticketbrokerage.site/resources/css/jquery-ui.css HTTP/1.1" 200 33221
202.8.42.125 - - [03/Feb/2025:00:24:05 +0100] "GET /ticket2/opencms/system/modules/com.gridnine.opencms.ticketbrokerage.site/resources/css/calendar.css HTTP/1.1" 200 6871
202.8.42.125 - - [03/Feb/2025:00:24:05 +0100] "GET /ticket2/opencms/system/modules/com.gridnine.opencms.ticketbrokerage.site/resources/css/ticketbrokerage.css HTTP/1.1" 200 39339
202.8.42.125 - - [03/Feb/2025:00:24:05 +0100] "GET /ticket2/opencms/system/modules/com.gridnine.opencms.ticketbrokerage.site/resources/css/jquery.fancybox.css HTTP/1.1" 200 4939
202.8.42.125 - - [03/Feb/2025:00:24:05 +0100] "GET /ticket2/opencms/system/modules/com.gridnine.opencms.ticketbrokerage.site/resources/css/standard.css HTTP/1.1" 200 73904
202.8.42.125 - - [03/Feb/2025:00:24:05 +0100] "GET /ticket2/opencms/system/modules/com.gridnine.opencms.ticketbrokerage.site/resources/js/calendar-setup.js HTTP/1.1" 200 4923
202.8.42.125 - - [03/Feb/2025:00:24:05 +0100] "GET /ticket2/opencms/system/modules/com.gridnine.opencms.ticketbrokerage.site/resources/js/stickyfill.min.js HTTP/1.1" 200 5672
202.8.42.125 - - [03/Feb/2025:00:24:05 +0100] "GET /ticket2/opencms/system/modules/com.gridnine.opencms.ticketbrokerage.site/resources/js/jquery/jquery.js HTTP/1.1" 200 93868
202.8.42.125 - - [03/Feb/2025:00:24:05 +0100] "GET /ticket2/opencms/system/modules/com.gridnine.opencms.ticketbrokerage.site/resources/js/jquery.fancybox.pack.js HTTP/1.1" 200 23187
202.8.42.125 - - [03/Feb/2025:00:24:05 +0100] "GET /ticket2/opencms/system/modules/com.gridnine.opencms.ticketbrokerage.site/resources/js/jquery/jquery-ui.js HTTP/1.1" 200 228088
202.8.42.125 - - [03/Feb/2025:00:24:05 +0100] "GET /ticket2/opencms/system/modules/com.gridnine.opencms.ticketbrokerage.site/resources/js/functions.js HTTP/1.1" 200 1583
202.8.42.125 - - [03/Feb/2025:00:24:05 +0100] "GET /ticket2/opencms/system/modules/com.gridnine.opencms.ticketbrokerage.site/resources/js/calendar.js HTTP/1.1" 200 49229
202.8.42.125 - - [03/Feb/2025:00:24:05 +0100] "GET /ticket2/opencms/system/modules/com.gridnine.opencms.ticketbrokerage.site/resources/js/standard.js HTTP/1.1" 200 3983
202.8.42.125 - - [03/Feb/2025:00:24:05 +0100] "GET /ticket2/opencms/system/modules/com.gridnine.opencms.ticketbrokerage.site/resources/js/calendar-en.js HTTP/1.1" 200 3338
202.8.42.125 - - [03/Feb/2025:00:24:05 +0100] "GET /ticket2/opencms/system/modules/com.gridnine.opencms.ticketbrokerage.site/resources/js/jquery.placeholder.min.js HTTP/1.1" 200 1737
114.119.154.207 - - [03/Feb/2025:00:24:06 +0100] "GET /ticket2/opencms/en/buy?page=1&edid=BBEC338A-242D-58E1-7095-18B90F7D3463 HTTP/1.1" 200 108392
202.8.42.125 - - [03/Feb/2025:00:24:06 +0100] "GET /ticket2/opencms/system/modules/com.gridnine.opencms.ticketbrokerage.site/resources/js/common-ajax.js HTTP/1.1" 200 20175
202.8.42.125 - - [03/Feb/2025:00:24:06 +0100] "GET /ticket2/opencms/en/ask-form.html HTTP/1.1" 200 3146
202.8.42.125 - - [03/Feb/2025:00:24:06 +0100] "GET /ticket2/opencms/system/modules/com.gridnine.opencms.ticketbrokerage.site/resources/css/ticketbrokerage.css HTTP/1.1" 200 39339
216.244.66.238 - - [03/Feb/2025:00:24:08 +0100] "GET /ticket2/opencms/sv/tickets/juventus/milan.html HTTP/1.1" 200 90843
54.36.148.231 - - [03/Feb/2025:00:24:09 +0100] "GET /ticket2/opencms/is/buy?page=1&edid=2F89DE74-66D3-F2EE-BBA0-20A3C149309A HTTP/1.1" 200 129801
202.8.43.72 - - [03/Feb/2025:00:24:10 +0100] "GET /ticket2/opencms/system/modules/com.gridnine.opencms.ticketbrokerage.site/resources/css/ticketbrokerage.css HTTP/1.1" 200 39339
202.8.43.72 - - [03/Feb/2025:00:24:10 +0100] "GET /ticket2/opencms/system/modules/com.gridnine.opencms.ticketbrokerage.site/resources/css/jquery.fancybox.css HTTP/1.1" 200 4939
202.8.43.72 - - [03/Feb/2025:00:24:10 +0100] "GET /ticket2/opencms/system/modules/com.gridnine.opencms.ticketbrokerage.site/resources/css/standard.css HTTP/1.1" 200 73904
202.8.43.72 - - [03/Feb/2025:00:24:10 +0100] "GET /ticket2/opencms/system/modules/com.gridnine.opencms.ticketbrokerage.site/resources/css/jquery-ui.css HTTP/1.1" 200 33221
202.8.43.72 - - [03/Feb/2025:00:24:10 +0100] "GET /ticket2/opencms/system/modules/com.gridnine.opencms.ticketbrokerage.site/resources/css/calendar.css HTTP/1.1" 200 6871
202.8.43.72 - - [03/Feb/2025:00:24:10 +0100] "GET /ticket2/opencms/system/modules/com.gridnine.opencms.ticketbrokerage.site/resources/js/jquery/jquery.js HTTP/1.1" 200 93868
202.8.43.72 - - [03/Feb/2025:00:24:10 +0100] "GET /ticket2/opencms/system/modules/com.gridnine.opencms.ticketbrokerage.site/resources/js/functions.js HTTP/1.1" 200 1583
202.8.43.72 - - [03/Feb/2025:00:24:10 +0100] "GET /ticket2/opencms/system/modules/com.gridnine.opencms.ticketbrokerage.site/resources/js/calendar.js HTTP/1.1" 200 49229
202.8.43.72 - - [03/Feb/2025:00:24:10 +0100] "GET /ticket2/opencms/system/modules/com.gridnine.opencms.ticketbrokerage.site/resources/js/jquery/jquery-ui.js HTTP/1.1" 200 228088
202.8.43.72 - - [03/Feb/2025:00:24:10 +0100] "GET /ticket2/opencms/system/modules/com.gridnine.opencms.ticketbrokerage.site/resources/js/calendar-en.js HTTP/1.1" 200 3338
202.8.43.72 - - [03/Feb/2025:00:24:10 +0100] "GET /ticket2/opencms/system/modules/com.gridnine.opencms.ticketbrokerage.site/resources/js/calendar-setup.js HTTP/1.1" 200 4923
202.8.43.72 - - [03/Feb/2025:00:24:10 +0100] "GET /ticket2/opencms/system/modules/com.gridnine.opencms.ticketbrokerage.site/resources/js/jquery.fancybox.pack.js HTTP/1.1" 200 23187
202.8.43.72 - - [03/Feb/2025:00:24:10 +0100] "GET /ticket2/opencms/system/modules/com.gridnine.opencms.ticketbrokerage.site/resources/js/stickyfill.min.js HTTP/1.1" 200 5672
202.8.43.72 - - [03/Feb/2025:00:24:10 +0100] "GET /ticket2/opencms/system/modules/com.gridnine.opencms.ticketbrokerage.site/resources/js/standard.js HTTP/1.1" 200 3983
202.8.43.72 - - [03/Feb/2025:00:24:10 +0100] "GET /ticket2/opencms/system/modules/com.gridnine.opencms.ticketbrokerage.site/resources/js/jquery.placeholder.min.js HTTP/1.1" 200 1737
202.8.43.72 - - [03/Feb/2025:00:24:10 +0100] "GET /ticket2/opencms/system/modules/com.gridnine.opencms.ticketbrokerage.site/resources/js/common-ajax.js HTTP/1.1" 200 20175
202.8.43.72 - - [03/Feb/2025:00:24:10 +0100] "GET /ticket2/opencms/is/ask-form.html HTTP/1.1" 200 3156
202.8.43.72 - - [03/Feb/2025:00:24:10 +0100] "GET /ticket2/opencms/system/modules/com.gridnine.opencms.ticketbrokerage.site/resources/css/ticketbrokerage.css HTTP/1.1" 200 39339
124.243.183.164 - - [03/Feb/2025:00:24:11 +0100] "GET /ticket2/opencms/pl/buy/?page=1&edid=D851167B-5139-D2C3-4973-777C1648A7C8 HTTP/1.1" 200 110295
217.113.194.221 - - [03/Feb/2025:00:24:12 +0100] "GET /ticket2/opencms/en/venue/?venueid=D609D4D6-C7F0-DA05-ADC1-92A771D52BE6 HTTP/1.1" 200 83349
66.249.79.102 - - [03/Feb/2025:00:24:13 +0100] "GET /ticket2/opencms/system/modules/com.gridnine.opencms.ticketbrokerage.site/resources/js/standard.js HTTP/1.1" 200 3983
5.9.55.228 - - [03/Feb/2025:00:24:16 +0100] "GET /ticket2/opencms/en/buy/?eventid=0301901D-CDB0-76E6-A443-30FEE7E893FB&page=10 HTTP/1.1" 200 6410
54.36.148.69 - - [03/Feb/2025:00:24:17 +0100] "GET /ticket2/opencms/tr/buy?page=1&edid=70818629-9551-6DC7-FD0C-3665BC11B0F8 HTTP/1.1" 200 109506
217.113.194.214 - - [03/Feb/2025:00:24:21 +0100] "GET /ticket2/opencms/en/venue/?venueid=2C05FD8F-0F8B-4EB0-A1C9-4F2046334E3E HTTP/1.1" 200 83247
216.244.66.238 - - [03/Feb/2025:00:24:21 +0100] "GET /ticket2/opencms/sv/tickets/lazio/lecce.html HTTP/1.1" 200 91296
40.77.202.23 - - [03/Feb/2025:00:24:22 +0100] "GET /ticket2/opencms/system/modules/com.gridnine.opencms.ticketbrokerage.site/resources/js/calendar.js HTTP/1.1" 200 49229
185.191.171.8 - - [03/Feb/2025:00:24:22 +0100] "GET /ticket2/opencms/cs/magazine/article?title=ruben-amorim-se-stal-novym-trenerem-manchesteru-united HTTP/1.1" 200 87030
52.167.144.225 - - [03/Feb/2025:00:24:23 +0100] "GET /ticket2/opencms/sv/buy/?page=6&comcatid=A17713B6-D984-201A-4143-ED4DB5ED5C2E&catid=0A9E385E-33D9-328E-DC79-CA2C7009C829 HTTP/1.1" 200 6410
54.36.148.14 - - [03/Feb/2025:00:24:26 +0100] "GET /ticket2/opencms/mt/buy/?page=1&edid=F1463EBE-6C18-CF49-B2AE-F79868BCA4F5 HTTP/1.1" 200 139726
217.113.194.213 - - [03/Feb/2025:00:24:29 +0100] "GET /ticket2/opencms/en/buy?page=1&edid=C6D1B00C-A933-1E50-C36D-5E32B9DCB7D1 HTTP/1.1" 200 104740
66.249.79.33 - - [03/Feb/2025:00:24:31 +0100] "GET /ticket2/opencms/cs/buy/?page=1&edid=D0017C8D-A42C-9E94-32C0-287112DFAD61 HTTP/1.1" 200 106477
216.244.66.238 - - [03/Feb/2025:00:24:32 +0100] "GET /ticket2/opencms/sv/tickets/manchester_city/everton.html HTTP/1.1" 200 91364
54.36.149.81 - - [03/Feb/2025:00:24:33 +0100] "GET /ticket2/opencms/sr/buy/?page=1&edid=E283AC65-3197-392C-E040-FCBDD904729E HTTP/1.1" 200 120464
217.113.194.218 - - [03/Feb/2025:00:24:38 +0100] "GET /ticket2/opencms/en/buy?page=1&edid=624AE601-8C9B-F20A-E26A-7B0F6CDD17B5 HTTP/1.1" 200 106904
54.36.148.60 - - [03/Feb/2025:00:24:39 +0100] "GET /ticket2/opencms/en/buy?page=1&edid=A1978D3B-15EE-9B98-13D3-4A0276E452D7 HTTP/1.1" 200 120501
202.8.40.214 - - [03/Feb/2025:00:24:40 +0100] "GET /ticket2/opencms/system/modules/com.gridnine.opencms.ticketbrokerage.site/resources/css/ticketbrokerage.css HTTP/1.1" 200 39339
202.8.40.214 - - [03/Feb/2025:00:24:40 +0100] "GET /ticket2/opencms/system/modules/com.gridnine.opencms.ticketbrokerage.site/resources/css/jquery.fancybox.css HTTP/1.1" 200 4939
202.8.40.214 - - [03/Feb/2025:00:24:40 +0100] "GET /ticket2/opencms/system/modules/com.gridnine.opencms.ticketbrokerage.site/resources/css/jquery-ui.css HTTP/1.1" 200 33221
202.8.40.214 - - [03/Feb/2025:00:24:40 +0100] "GET /ticket2/opencms/system/modules/com.gridnine.opencms.ticketbrokerage.site/resources/css/calendar.css HTTP/1.1" 200 6871
202.8.40.214 - - [03/Feb/2025:00:24:40 +0100] "GET /ticket2/opencms/system/modules/com.gridnine.opencms.ticketbrokerage.site/resources/css/standard.css HTTP/1.1" 200 73904
202.8.40.214 - - [03/Feb/2025:00:24:40 +0100] "GET /ticket2/opencms/system/modules/com.gridnine.opencms.ticketbrokerage.site/resources/js/jquery/jquery.js HTTP/1.1" 200 93868
202.8.40.214 - - [03/Feb/2025:00:24:40 +0100] "GET /ticket2/opencms/system/modules/com.gridnine.opencms.ticketbrokerage.site/resources/js/jquery/jquery-ui.js HTTP/1.1" 200 228088
202.8.40.214 - - [03/Feb/2025:00:24:40 +0100] "GET /ticket2/opencms/system/modules/com.gridnine.opencms.ticketbrokerage.site/resources/js/calendar-en.js HTTP/1.1" 200 3338
202.8.40.214 - - [03/Feb/2025:00:24:40 +0100] "GET /ticket2/opencms/system/modules/com.gridnine.opencms.ticketbrokerage.site/resources/js/functions.js HTTP/1.1" 200 1583
202.8.40.214 - - [03/Feb/2025:00:24:40 +0100] "GET /ticket2/opencms/system/modules/com.gridnine.opencms.ticketbrokerage.site/resources/js/calendar.js HTTP/1.1" 200 49229
202.8.40.214 - - [03/Feb/2025:00:24:40 +0100] "GET /ticket2/opencms/system/modules/com.gridnine.opencms.ticketbrokerage.site/resources/js/calendar-setup.js HTTP/1.1" 200 4923
202.8.40.214 - - [03/Feb/2025:00:24:40 +0100] "GET /ticket2/opencms/system/modules/com.gridnine.opencms.ticketbrokerage.site/resources/js/stickyfill.min.js HTTP/1.1" 200 5672
202.8.40.214 - - [03/Feb/2025:00:24:40 +0100] "GET /ticket2/opencms/system/modules/com.gridnine.opencms.ticketbrokerage.site/resources/js/jquery.fancybox.pack.js HTTP/1.1" 200 23187
202.8.40.214 - - [03/Feb/2025:00:24:40 +0100] "GET /ticket2/opencms/system/modules/com.gridnine.opencms.ticketbrokerage.site/resources/js/standard.js HTTP/1.1" 200 3983
202.8.40.214 - - [03/Feb/2025:00:24:40 +0100] "GET /ticket2/opencms/system/modules/com.gridnine.opencms.ticketbrokerage.site/resources/js/jquery.placeholder.min.js HTTP/1.1" 200 1737
66.249.79.33 - - [03/Feb/2025:00:24:40 +0100] "GET /ticket2/opencms/set_aff_cookie.jsp?partner=57601924-FB09-5BB2-867F-08B4EB522BA8&url=%252Fen%252Fbuy%252Findex.html%253Fpage%253D1%2526edid%253DC48EAFD0-8BA3-4D86-9F12-42C6F4555C84%2526hlv%253D60f816f5-34d8-49bf-854a-5d3b0a01000f%2523v1514250320 HTTP/1.1" 200 246
202.8.40.214 - - [03/Feb/2025:00:24:40 +0100] "GET /ticket2/opencms/system/modules/com.gridnine.opencms.ticketbrokerage.site/resources/js/common-ajax.js HTTP/1.1" 200 20175
202.8.40.214 - - [03/Feb/2025:00:24:41 +0100] "GET /ticket2/opencms/en/ask-form.html HTTP/1.1" 200 3146
202.8.40.214 - - [03/Feb/2025:00:24:41 +0100] "GET /ticket2/opencms/system/modules/com.gridnine.opencms.ticketbrokerage.site/resources/css/ticketbrokerage.css HTTP/1.1" 200 39339
66.249.76.43 - - [03/Feb/2025:00:24:42 +0100] "GET /ticket2/opencms/sq/buy?page=1&edid=697BE447-74B7-A748-152F-A1818DA4BEC9 HTTP/1.1" 200 133561
216.244.66.238 - - [03/Feb/2025:00:24:44 +0100] "GET /ticket2/opencms/sv/tickets/valencia/villareal.html HTTP/1.1" 200 91302
217.113.194.212 - - [03/Feb/2025:00:24:46 +0100] "GET /ticket2/opencms/en/buy/?page=1&edid=FB919A6A-DE02-1353-FDB8-CEDFF340E9B7 HTTP/1.1" 200 108414
40.77.167.136 - - [03/Feb/2025:00:24:47 +0100] "GET /ticket2/opencms/en/sport/football-tickets/serie_a/fiorentina/ HTTP/1.1" 200 95362
54.36.149.98 - - [03/Feb/2025:00:24:48 +0100] "GET /ticket2/opencms/es/buy?page=1&edid=33CFCCFE-A22A-4A2C-1202-26E0FBDCB686 HTTP/1.1" 200 119444
114.119.153.152 - - [03/Feb/2025:00:24:48 +0100] "GET /ticket2/opencms/de/buy?page=1&=BE8C7FA0-9E48-EAB3-3A70-9E9F9EA30F95 HTTP/1.1" 200 6507
40.77.167.136 - - [03/Feb/2025:00:24:48 +0100] "GET /ticket2/opencms/ro/buy/?page=1&edid=B1B260FB-CC2B-FBC8-401E-5012AB84C2A6 HTTP/1.1" 200 106612
202.8.42.13 - - [03/Feb/2025:00:24:49 +0100] "GET /ticket2/opencms/system/modules/com.gridnine.opencms.ticketbrokerage.site/resources/css/ticketbrokerage.css HTTP/1.1" 200 39339
202.8.42.13 - - [03/Feb/2025:00:24:49 +0100] "GET /ticket2/opencms/system/modules/com.gridnine.opencms.ticketbrokerage.site/resources/css/calendar.css HTTP/1.1" 200 6871
202.8.42.13 - - [03/Feb/2025:00:24:49 +0100] "GET /ticket2/opencms/system/modules/com.gridnine.opencms.ticketbrokerage.site/resources/css/jquery-ui.css HTTP/1.1" 200 33221
202.8.42.13 - - [03/Feb/2025:00:24:49 +0100] "GET /ticket2/opencms/system/modules/com.gridnine.opencms.ticketbrokerage.site/resources/css/jquery.fancybox.css HTTP/1.1" 200 4939
202.8.42.13 - - [03/Feb/2025:00:24:49 +0100] "GET /ticket2/opencms/system/modules/com.gridnine.opencms.ticketbrokerage.site/resources/css/standard.css HTTP/1.1" 200 73904
202.8.42.13 - - [03/Feb/2025:00:24:49 +0100] "GET /ticket2/opencms/system/modules/com.gridnine.opencms.ticketbrokerage.site/resources/js/jquery/jquery.js HTTP/1.1" 200 93868
202.8.42.13 - - [03/Feb/2025:00:24:49 +0100] "GET /ticket2/opencms/system/modules/com.gridnine.opencms.ticketbrokerage.site/resources/js/functions.js HTTP/1.1" 200 1583
202.8.42.13 - - [03/Feb/2025:00:24:49 +0100] "GET /ticket2/opencms/system/modules/com.gridnine.opencms.ticketbrokerage.site/resources/js/calendar.js HTTP/1.1" 200 49229
202.8.42.13 - - [03/Feb/2025:00:24:49 +0100] "GET /ticket2/opencms/system/modules/com.gridnine.opencms.ticketbrokerage.site/resources/js/calendar-en.js HTTP/1.1" 200 3338
202.8.42.13 - - [03/Feb/2025:00:24:49 +0100] "GET /ticket2/opencms/system/modules/com.gridnine.opencms.ticketbrokerage.site/resources/js/jquery/jquery-ui.js HTTP/1.1" 200 228088
202.8.42.13 - - [03/Feb/2025:00:24:49 +0100] "GET /ticket2/opencms/system/modules/com.gridnine.opencms.ticketbrokerage.site/resources/js/calendar-setup.js HTTP/1.1" 200 4923
202.8.42.13 - - [03/Feb/2025:00:24:49 +0100] "GET /ticket2/opencms/system/modules/com.gridnine.opencms.ticketbrokerage.site/resources/js/jquery.fancybox.pack.js HTTP/1.1" 200 23187
202.8.42.13 - - [03/Feb/2025:00:24:49 +0100] "GET /ticket2/opencms/system/modules/com.gridnine.opencms.ticketbrokerage.site/resources/js/stickyfill.min.js HTTP/1.1" 200 5672
202.8.42.13 - - [03/Feb/2025:00:24:49 +0100] "GET /ticket2/opencms/system/modules/com.gridnine.opencms.ticketbrokerage.site/resources/js/standard.js HTTP/1.1" 200 3983
202.8.42.13 - - [03/Feb/2025:00:24:49 +0100] "GET /ticket2/opencms/system/modules/com.gridnine.opencms.ticketbrokerage.site/resources/js/jquery.placeholder.min.js HTTP/1.1" 200 1737
185.191.171.19 - - [03/Feb/2025:00:24:49 +0100] "GET /ticket2/opencms/az/magazine/article?title=vinisius-cunyor HTTP/1.1" 200 87136
202.8.42.13 - - [03/Feb/2025:00:24:49 +0100] "GET /ticket2/opencms/system/modules/com.gridnine.opencms.ticketbrokerage.site/resources/js/common-ajax.js HTTP/1.1" 200 20175
202.8.42.13 - - [03/Feb/2025:00:24:49 +0100] "GET /ticket2/opencms/es/ask-form.html HTTP/1.1" 200 3156
