202.8.40.72 - - [03/Feb/2025:01:13:18 +0100] "GET /ticket2/opencms/system/modules/com.gridnine.opencms.ticketbrokerage.site/resources/js/jquery/jquery-ui.js HTTP/1.1" 200 228088
202.8.40.72 - - [03/Feb/2025:01:13:18 +0100] "GET /ticket2/opencms/system/modules/com.gridnine.opencms.ticketbrokerage.site/resources/js/functions.js HTTP/1.1" 200 1583
202.8.40.72 - - [03/Feb/2025:01:13:18 +0100] "GET /ticket2/opencms/system/modules/com.gridnine.opencms.ticketbrokerage.site/resources/js/calendar.js HTTP/1.1" 200 49229
202.8.40.72 - - [03/Feb/2025:01:13:18 +0100] "GET /ticket2/opencms/system/modules/com.gridnine.opencms.ticketbrokerage.site/resources/js/calendar-en.js HTTP/1.1" 200 3338
202.8.40.72 - - [03/Feb/2025:01:13:18 +0100] "GET /ticket2/opencms/system/modules/com.gridnine.opencms.ticketbrokerage.site/resources/js/calendar-setup.js HTTP/1.1" 200 4923
202.8.40.72 - - [03/Feb/2025:01:13:18 +0100] "GET /ticket2/opencms/system/modules/com.gridnine.opencms.ticketbrokerage.site/resources/js/jquery.fancybox.pack.js HTTP/1.1" 200 23187
202.8.40.72 - - [03/Feb/2025:01:13:18 +0100] "GET /ticket2/opencms/system/modules/com.gridnine.opencms.ticketbrokerage.site/resources/js/stickyfill.min.js HTTP/1.1" 200 5672
202.8.40.72 - - [03/Feb/2025:01:13:18 +0100] "GET /ticket2/opencms/system/modules/com.gridnine.opencms.ticketbrokerage.site/resources/js/standard.js HTTP/1.1" 200 3983
202.8.40.72 - - [03/Feb/2025:01:13:18 +0100] "GET /ticket2/opencms/system/modules/com.gridnine.opencms.ticketbrokerage.site/resources/js/jquery.placeholder.min.js HTTP/1.1" 200 1737
202.8.40.72 - - [03/Feb/2025:01:13:18 +0100] "GET /ticket2/opencms/system/modules/com.gridnine.opencms.ticketbrokerage.site/resources/js/common-ajax.js HTTP/1.1" 200 20175
202.8.40.72 - - [03/Feb/2025:01:13:18 +0100] "GET /ticket2/opencms/az/ask-form.html HTTP/1.1" 200 3156
202.8.40.72 - - [03/Feb/2025:01:13:18 +0100] "GET /ticket2/opencms/system/modules/com.gridnine.opencms.ticketbrokerage.site/resources/css/ticketbrokerage.css HTTP/1.1" 200 39339
192.99.3.137 - - [03/Feb/2025:01:13:19 +0100] "GET /ticket2/opencms/hu/buy/?page=1&edid=8E565EE5-A6F4-D9ED-994A-676DC5E87EA7 HTTP/1.1" 200 108981
185.150.191.125 - - [03/Feb/2025:01:13:21 +0100] "GET /ticket2/opencms/fi/wp-admin/js/makeasmtp.php?p= HTTP/1.1" 404 -
185.150.191.125 - - [03/Feb/2025:01:13:21 +0100] "GET /ticket2/opencms/fi/file/function.php HTTP/1.1" 404 -
217.113.194.215 - - [03/Feb/2025:01:13:22 +0100] "GET /ticket2/opencms/sq/buy?page=1&edid=BF405205-807F-3537-86FF-7A87332D9EF9 HTTP/1.1" 200 111643
192.99.3.137 - - [03/Feb/2025:01:13:23 +0100] "GET /ticket2/opencms/hu/buy/?page=1&edid=8E60715C-679D-D409-2BE9-46EB77599BF4 HTTP/1.1" 200 125806
54.36.148.27 - - [03/Feb/2025:01:13:25 +0100] "GET /ticket2/opencms/sq/buy?page=1&edid=299450E2-FDAD-4E2B-0058-6290A7A2B57D HTTP/1.1" 200 153419
54.36.148.60 - - [03/Feb/2025:01:13:26 +0100] "GET /ticket2/opencms/bg/buy?page=1&edid=E9B7DED4-B9B3-1D5B-302C-EBD67027CF78 HTTP/1.1" 200 138045
66.249.79.101 - - [03/Feb/2025:01:13:27 +0100] "GET /ticket2/opencms/it/buy?page=1&edid=10597F35-2AC7-31D2-FB61-15A36BB6D73B HTTP/1.1" 200 135904
202.8.42.247 - - [03/Feb/2025:01:13:27 +0100] "GET /ticket2/opencms/system/modules/com.gridnine.opencms.ticketbrokerage.site/resources/css/calendar.css HTTP/1.1" 200 6871
202.8.42.247 - - [03/Feb/2025:01:13:27 +0100] "GET /ticket2/opencms/system/modules/com.gridnine.opencms.ticketbrokerage.site/resources/css/jquery.fancybox.css HTTP/1.1" 200 4939
202.8.42.247 - - [03/Feb/2025:01:13:27 +0100] "GET /ticket2/opencms/system/modules/com.gridnine.opencms.ticketbrokerage.site/resources/css/ticketbrokerage.css HTTP/1.1" 200 39339
202.8.42.247 - - [03/Feb/2025:01:13:27 +0100] "GET /ticket2/opencms/system/modules/com.gridnine.opencms.ticketbrokerage.site/resources/css/jquery-ui.css HTTP/1.1" 200 33221
202.8.42.247 - - [03/Feb/2025:01:13:27 +0100] "GET /ticket2/opencms/system/modules/com.gridnine.opencms.ticketbrokerage.site/resources/css/standard.css HTTP/1.1" 200 73904
202.8.42.247 - - [03/Feb/2025:01:13:27 +0100] "GET /ticket2/opencms/system/modules/com.gridnine.opencms.ticketbrokerage.site/resources/js/functions.js HTTP/1.1" 200 1583
192.99.3.137 - - [03/Feb/2025:01:13:28 +0100] "GET /ticket2/opencms/hu/buy/?page=1&edid=8E7E988F-0CBB-24A6-EB31-1B5F9AB22CBD HTTP/1.1" 200 108939
202.8.42.247 - - [03/Feb/2025:01:13:28 +0100] "GET /ticket2/opencms/system/modules/com.gridnine.opencms.ticketbrokerage.site/resources/js/jquery/jquery-ui.js HTTP/1.1" 200 228088
202.8.42.247 - - [03/Feb/2025:01:13:28 +0100] "GET /ticket2/opencms/system/modules/com.gridnine.opencms.ticketbrokerage.site/resources/js/calendar.js HTTP/1.1" 200 49229
202.8.42.247 - - [03/Feb/2025:01:13:28 +0100] "GET /ticket2/opencms/system/modules/com.gridnine.opencms.ticketbrokerage.site/resources/js/calendar-setup.js HTTP/1.1" 200 4923
202.8.42.247 - - [03/Feb/2025:01:13:28 +0100] "GET /ticket2/opencms/system/modules/com.gridnine.opencms.ticketbrokerage.site/resources/js/calendar-en.js HTTP/1.1" 200 3338
202.8.42.247 - - [03/Feb/2025:01:13:28 +0100] "GET /ticket2/opencms/system/modules/com.gridnine.opencms.ticketbrokerage.site/resources/js/jquery/jquery.js HTTP/1.1" 200 93868
202.8.42.247 - - [03/Feb/2025:01:13:28 +0100] "GET /ticket2/opencms/system/modules/com.gridnine.opencms.ticketbrokerage.site/resources/js/jquery.fancybox.pack.js HTTP/1.1" 200 23187
85.208.96.201 - - [03/Feb/2025:01:13:28 +0100] "GET /ticket2/opencms/et/faq HTTP/1.1" 200 90682
202.8.42.247 - - [03/Feb/2025:01:13:28 +0100] "GET /ticket2/opencms/system/modules/com.gridnine.opencms.ticketbrokerage.site/resources/js/standard.js HTTP/1.1" 200 3983
202.8.42.247 - - [03/Feb/2025:01:13:28 +0100] "GET /ticket2/opencms/system/modules/com.gridnine.opencms.ticketbrokerage.site/resources/js/stickyfill.min.js HTTP/1.1" 200 5672
202.8.42.247 - - [03/Feb/2025:01:13:28 +0100] "GET /ticket2/opencms/system/modules/com.gridnine.opencms.ticketbrokerage.site/resources/js/jquery.placeholder.min.js HTTP/1.1" 200 1737
202.8.42.247 - - [03/Feb/2025:01:13:28 +0100] "GET /ticket2/opencms/system/modules/com.gridnine.opencms.ticketbrokerage.site/resources/js/common-ajax.js HTTP/1.1" 200 20175
202.8.42.247 - - [03/Feb/2025:01:13:28 +0100] "GET /ticket2/opencms/bg/ask-form.html HTTP/1.1" 200 3156
66.249.79.33 - - [03/Feb/2025:01:13:28 +0100] "GET /ticket2/opencms/de/buy?page=1&edid=6F957320-7F2D-3595-C3EF-63F4A1290CC1 HTTP/1.1" 200 108134
202.8.42.247 - - [03/Feb/2025:01:13:28 +0100] "GET /ticket2/opencms/system/modules/com.gridnine.opencms.ticketbrokerage.site/resources/css/ticketbrokerage.css HTTP/1.1" 200 39339
52.167.144.206 - - [03/Feb/2025:01:13:29 +0100] "GET /ticket2/opencms/dk/magazine/article?title=nederlandene-vs-england-i-semifinalen HTTP/1.1" 200 94795
5.9.55.228 - - [03/Feb/2025:01:13:29 +0100] "GET /ticket2/opencms/fi/venue/?venueid=3CE0E128-5996-3CEF-9D6D-3E9490863BCD HTTP/1.1" 200 87107
185.150.191.125 - - [03/Feb/2025:01:13:29 +0100] "GET /ticket2/opencms/fi/wp-includes/rest-api/search/makeasmtp.php?p= HTTP/1.1" 404 -
217.113.194.215 - - [03/Feb/2025:01:13:31 +0100] "GET /ticket2/opencms/sq/buy?page=1&edid=9E48B87F-688E-01AE-F864-C3FCC26B3C24 HTTP/1.1" 200 111382
192.99.3.137 - - [03/Feb/2025:01:13:32 +0100] "GET /ticket2/opencms/hu/buy/?page=1&edid=8E8E9404-172C-6C57-7F68-EAFC3F95D1AC HTTP/1.1" 200 112589
192.99.3.137 - - [03/Feb/2025:01:13:36 +0100] "GET /ticket2/opencms/hu/buy/?page=1&edid=8EC06780-2F1B-062D-0558-60639CB8BA1F HTTP/1.1" 200 108890
40.77.167.33 - - [03/Feb/2025:01:13:37 +0100] "GET /ticket2/opencms/dk/buy?page=1&edid=25666712-CB7E-CDDD-4626-F1CD96C38316 HTTP/1.1" 200 143732
54.36.148.211 - - [03/Feb/2025:01:13:37 +0100] "GET /ticket2/opencms/mo/buy?page=1&edid=F25FBBE3-B880-5730-A316-AE0E479B4D0A HTTP/1.1" 200 108653
47.128.45.78 - - [03/Feb/2025:01:13:38 +0100] "GET /ticket2/opencms/en/magazine/article?title=what-does-the-future-look-like-for-alexander-isak HTTP/1.1" 200 91522
52.167.144.212 - - [03/Feb/2025:01:13:39 +0100] "GET /ticket2/opencms/hu/buy?page=1&edid=B773A16C-17D0-FE63-38DB-4710DA79D2E5 HTTP/1.1" 200 111627
217.113.194.213 - - [03/Feb/2025:01:13:39 +0100] "GET /ticket2/opencms/sq/buy?page=1&edid=9C142AB0-2A14-1DDC-4371-7642BF95E277 HTTP/1.1" 200 112307
185.150.191.125 - - [03/Feb/2025:01:13:40 +0100] "GET /ticket2/opencms/fi/wp-includes/style-engine/makeasmtp.php?p= HTTP/1.1" 404 -
192.99.3.137 - - [03/Feb/2025:01:13:40 +0100] "GET /ticket2/opencms/hu/buy/?page=1&edid=8EE24D2F-4BF0-A103-6944-36103BCA6278 HTTP/1.1" 200 122830
185.150.191.125 - - [03/Feb/2025:01:13:41 +0100] "GET /ticket2/opencms/fi/as/function HTTP/1.1" 404 -
47.128.45.78 - - [03/Feb/2025:01:13:41 +0100] "GET /ticket2/opencms/img/isak_tummeupp_small.jpg HTTP/1.1" 200 117614
85.208.96.208 - - [03/Feb/2025:01:13:43 +0100] "GET /ticket2/opencms/az/sport/futbol-biletleri/eredivisie HTTP/1.1" 500 -
47.128.109.51 - - [03/Feb/2025:01:13:44 +0100] "GET /ticket2/opencms/hu/buy/?edid=E191F800-BEBE-94E3-2A9A-C8072A850396 HTTP/1.1" 200 91861
192.99.3.137 - - [03/Feb/2025:01:13:44 +0100] "GET /ticket2/opencms/hu/buy/?page=1&edid=8EF7EC9D-9BC8-1DEC-C27C-0541D5C5F471 HTTP/1.1" 200 127614
85.208.96.196 - - [03/Feb/2025:01:13:46 +0100] "GET /ticket2/opencms/bs/sport/fudbalske-karte/english-championship/leicester-city HTTP/1.1" 200 97668
54.36.149.47 - - [03/Feb/2025:01:13:46 +0100] "GET /ticket2/opencms/ro/buy?page=1&edid=358070B4-8C45-0881-BDE4-7E85113C242B HTTP/1.1" 200 108943
202.8.43.127 - - [03/Feb/2025:01:13:47 +0100] "GET /ticket2/opencms/system/modules/com.gridnine.opencms.ticketbrokerage.site/resources/css/jquery-ui.css HTTP/1.1" 200 33221
202.8.43.127 - - [03/Feb/2025:01:13:47 +0100] "GET /ticket2/opencms/system/modules/com.gridnine.opencms.ticketbrokerage.site/resources/css/ticketbrokerage.css HTTP/1.1" 200 39339
202.8.43.127 - - [03/Feb/2025:01:13:47 +0100] "GET /ticket2/opencms/system/modules/com.gridnine.opencms.ticketbrokerage.site/resources/css/jquery.fancybox.css HTTP/1.1" 200 4939
202.8.43.127 - - [03/Feb/2025:01:13:47 +0100] "GET /ticket2/opencms/system/modules/com.gridnine.opencms.ticketbrokerage.site/resources/css/standard.css HTTP/1.1" 200 73904
202.8.43.127 - - [03/Feb/2025:01:13:47 +0100] "GET /ticket2/opencms/system/modules/com.gridnine.opencms.ticketbrokerage.site/resources/css/calendar.css HTTP/1.1" 200 6871
202.8.43.127 - - [03/Feb/2025:01:13:47 +0100] "GET /ticket2/opencms/system/modules/com.gridnine.opencms.ticketbrokerage.site/resources/js/jquery/jquery.js HTTP/1.1" 200 93868
202.8.43.127 - - [03/Feb/2025:01:13:47 +0100] "GET /ticket2/opencms/system/modules/com.gridnine.opencms.ticketbrokerage.site/resources/js/jquery/jquery-ui.js HTTP/1.1" 200 228088
202.8.43.127 - - [03/Feb/2025:01:13:47 +0100] "GET /ticket2/opencms/system/modules/com.gridnine.opencms.ticketbrokerage.site/resources/js/calendar.js HTTP/1.1" 200 49229
202.8.43.127 - - [03/Feb/2025:01:13:47 +0100] "GET /ticket2/opencms/system/modules/com.gridnine.opencms.ticketbrokerage.site/resources/js/functions.js HTTP/1.1" 200 1583
202.8.43.127 - - [03/Feb/2025:01:13:47 +0100] "GET /ticket2/opencms/system/modules/com.gridnine.opencms.ticketbrokerage.site/resources/js/calendar-en.js HTTP/1.1" 200 3338
202.8.43.127 - - [03/Feb/2025:01:13:47 +0100] "GET /ticket2/opencms/system/modules/com.gridnine.opencms.ticketbrokerage.site/resources/js/calendar-setup.js HTTP/1.1" 200 4923
202.8.43.127 - - [03/Feb/2025:01:13:48 +0100] "GET /ticket2/opencms/system/modules/com.gridnine.opencms.ticketbrokerage.site/resources/js/jquery.fancybox.pack.js HTTP/1.1" 200 23187
202.8.43.127 - - [03/Feb/2025:01:13:48 +0100] "GET /ticket2/opencms/system/modules/com.gridnine.opencms.ticketbrokerage.site/resources/js/stickyfill.min.js HTTP/1.1" 200 5672
202.8.43.127 - - [03/Feb/2025:01:13:48 +0100] "GET /ticket2/opencms/system/modules/com.gridnine.opencms.ticketbrokerage.site/resources/js/standard.js HTTP/1.1" 200 3983
202.8.43.127 - - [03/Feb/2025:01:13:48 +0100] "GET /ticket2/opencms/system/modules/com.gridnine.opencms.ticketbrokerage.site/resources/js/jquery.placeholder.min.js HTTP/1.1" 200 1737
202.8.43.127 - - [03/Feb/2025:01:13:48 +0100] "GET /ticket2/opencms/system/modules/com.gridnine.opencms.ticketbrokerage.site/resources/js/common-ajax.js HTTP/1.1" 200 20175
202.8.43.127 - - [03/Feb/2025:01:13:48 +0100] "GET /ticket2/opencms/ro/ask-form.html HTTP/1.1" 200 3156
202.8.43.127 - - [03/Feb/2025:01:13:48 +0100] "GET /ticket2/opencms/system/modules/com.gridnine.opencms.ticketbrokerage.site/resources/css/ticketbrokerage.css HTTP/1.1" 200 39339
217.113.194.220 - - [03/Feb/2025:01:13:48 +0100] "GET /ticket2/opencms/sq/buy?page=1&edid=D314C794-2441-468F-2E3C-5F1FB0544215 HTTP/1.1" 200 112296
192.99.3.137 - - [03/Feb/2025:01:13:49 +0100] "GET /ticket2/opencms/hu/buy/?page=1&edid=8F340A1C-D664-7FDD-8257-FE31525DAB7C HTTP/1.1" 200 136444
46.250.162.51 - - [03/Feb/2025:01:13:49 +0100] "GET /ticket2/opencms/pl/buy/?page=1&edid=FA7F94B4-317A-0ECF-FA42-3F7BBDB83D52 HTTP/1.1" 200 108664
185.150.191.125 - - [03/Feb/2025:01:13:50 +0100] "GET /ticket2/opencms/fi/wp-includes/certificates/makeasmtp.php?p= HTTP/1.1" 404 -
207.46.13.31 - - [03/Feb/2025:01:13:52 +0100] "GET /ticket2/opencms/fi/buy/?page=10&eventid=C7B8839D-D05D-58E7-D08F-88E8ADCFDD77 HTTP/1.1" 200 6410
192.99.3.137 - - [03/Feb/2025:01:13:54 +0100] "GET /ticket2/opencms/hu/buy/?page=1&edid=90D99CFD-1C4D-3E3E-708D-4C9851B5EDBE HTTP/1.1" 200 121474
185.150.191.125 - - [03/Feb/2025:01:13:56 +0100] "GET /ticket2/opencms/fi/mah/function.php HTTP/1.1" 404 -
185.191.171.9 - - [03/Feb/2025:01:13:57 +0100] "GET /ticket2/opencms/lv/sport/futbola-biletes/premier-league/manchester-united/ HTTP/1.1" 200 100705
217.113.194.217 - - [03/Feb/2025:01:13:57 +0100] "GET /ticket2/opencms/sq/buy?page=1&edid=968A8F10-9514-4104-D078-D446E43D04F7 HTTP/1.1" 200 108928
185.150.191.125 - - [03/Feb/2025:01:13:57 +0100] "GET /ticket2/opencms/fi/wp-includes/block-patterns/makeasmtp.php?p= HTTP/1.1" 404 -
192.99.3.137 - - [03/Feb/2025:01:13:58 +0100] "GET /ticket2/opencms/hu/buy/?page=1&edid=90FF4B1C-1D4C-DD77-9411-8E3582C2DCE5 HTTP/1.1" 200 109006
114.119.130.154 - - [03/Feb/2025:01:13:58 +0100] "GET /ticket2/opencms/en/buy/?page=1&edid=9D986399-10A2-0D59-246B-E08A259F01A0 HTTP/1.1" 200 110334
54.36.148.138 - - [03/Feb/2025:01:13:59 +0100] "GET /ticket2/opencms/pl/buy?page=1&edid=2F89DE74-66D3-F2EE-BBA0-20A3C149309A HTTP/1.1" 200 132071
202.8.42.230 - - [03/Feb/2025:01:14:00 +0100] "GET /ticket2/opencms/system/modules/com.gridnine.opencms.ticketbrokerage.site/resources/css/jquery-ui.css HTTP/1.1" 200 33221
202.8.42.230 - - [03/Feb/2025:01:14:00 +0100] "GET /ticket2/opencms/system/modules/com.gridnine.opencms.ticketbrokerage.site/resources/css/ticketbrokerage.css HTTP/1.1" 200 39339
202.8.42.230 - - [03/Feb/2025:01:14:00 +0100] "GET /ticket2/opencms/system/modules/com.gridnine.opencms.ticketbrokerage.site/resources/css/jquery.fancybox.css HTTP/1.1" 200 4939
202.8.42.230 - - [03/Feb/2025:01:14:00 +0100] "GET /ticket2/opencms/system/modules/com.gridnine.opencms.ticketbrokerage.site/resources/css/calendar.css HTTP/1.1" 200 6871
202.8.42.230 - - [03/Feb/2025:01:14:00 +0100] "GET /ticket2/opencms/system/modules/com.gridnine.opencms.ticketbrokerage.site/resources/css/standard.css HTTP/1.1" 200 73904
202.8.42.230 - - [03/Feb/2025:01:14:00 +0100] "GET /ticket2/opencms/system/modules/com.gridnine.opencms.ticketbrokerage.site/resources/js/jquery/jquery.js HTTP/1.1" 200 93868
202.8.42.230 - - [03/Feb/2025:01:14:00 +0100] "GET /ticket2/opencms/system/modules/com.gridnine.opencms.ticketbrokerage.site/resources/js/jquery/jquery-ui.js HTTP/1.1" 200 228088
202.8.42.230 - - [03/Feb/2025:01:14:00 +0100] "GET /ticket2/opencms/system/modules/com.gridnine.opencms.ticketbrokerage.site/resources/js/functions.js HTTP/1.1" 200 1583
202.8.42.230 - - [03/Feb/2025:01:14:00 +0100] "GET /ticket2/opencms/system/modules/com.gridnine.opencms.ticketbrokerage.site/resources/js/calendar-en.js HTTP/1.1" 200 3338
202.8.42.230 - - [03/Feb/2025:01:14:00 +0100] "GET /ticket2/opencms/system/modules/com.gridnine.opencms.ticketbrokerage.site/resources/js/calendar.js HTTP/1.1" 200 49229
202.8.42.230 - - [03/Feb/2025:01:14:00 +0100] "GET /ticket2/opencms/system/modules/com.gridnine.opencms.ticketbrokerage.site/resources/js/calendar-setup.js HTTP/1.1" 200 4923
202.8.42.230 - - [03/Feb/2025:01:14:00 +0100] "GET /ticket2/opencms/system/modules/com.gridnine.opencms.ticketbrokerage.site/resources/js/stickyfill.min.js HTTP/1.1" 200 5672
202.8.42.230 - - [03/Feb/2025:01:14:00 +0100] "GET /ticket2/opencms/system/modules/com.gridnine.opencms.ticketbrokerage.site/resources/js/jquery.fancybox.pack.js HTTP/1.1" 200 23187
202.8.42.230 - - [03/Feb/2025:01:14:00 +0100] "GET /ticket2/opencms/system/modules/com.gridnine.opencms.ticketbrokerage.site/resources/js/standard.js HTTP/1.1" 200 3983
202.8.42.230 - - [03/Feb/2025:01:14:00 +0100] "GET /ticket2/opencms/system/modules/com.gridnine.opencms.ticketbrokerage.site/resources/js/jquery.placeholder.min.js HTTP/1.1" 200 1737
202.8.42.230 - - [03/Feb/2025:01:14:00 +0100] "GET /ticket2/opencms/system/modules/com.gridnine.opencms.ticketbrokerage.site/resources/js/common-ajax.js HTTP/1.1" 200 20175
202.8.42.230 - - [03/Feb/2025:01:14:00 +0100] "GET /ticket2/opencms/pl/ask-form.html HTTP/1.1" 200 3156
185.191.171.13 - - [03/Feb/2025:01:14:00 +0100] "GET /ticket2/opencms/ro/faq HTTP/1.1" 200 90860
202.8.42.230 - - [03/Feb/2025:01:14:00 +0100] "GET /ticket2/opencms/system/modules/com.gridnine.opencms.ticketbrokerage.site/resources/css/ticketbrokerage.css HTTP/1.1" 200 39339
192.99.3.137 - - [03/Feb/2025:01:14:02 +0100] "GET /ticket2/opencms/hu/buy/?page=1&edid=91131440-6E9B-EF94-52C2-EDE415172430 HTTP/1.1" 200 112404
217.113.194.214 - - [03/Feb/2025:01:14:06 +0100] "GET /ticket2/opencms/sq/buy?page=1&edid=C7960F2A-CA8B-3E2B-B6ED-76225840381B HTTP/1.1" 200 112745
192.99.3.137 - - [03/Feb/2025:01:14:06 +0100] "GET /ticket2/opencms/hu/buy/?page=1&edid=921154C3-BF4F-9061-5CFB-8ECC0A8A34AE HTTP/1.1" 200 108943
114.119.139.202 - - [03/Feb/2025:01:14:06 +0100] "GET /ticket2/opencms/en/venue/?countryid=2FA5524A-D842-525C-9D6C-F790BA0272FC HTTP/1.1" 200 114842
54.36.148.84 - - [03/Feb/2025:01:14:08 +0100] "GET /ticket2/opencms/sl/buy?page=1&edid=0E487947-8D2A-A553-BF9C-F44B73D05AC1 HTTP/1.1" 200 108634
5.9.55.228 - - [03/Feb/2025:01:14:09 +0100] "GET /ticket2/opencms/fi/venue/?venueid=3D52ED71-207A-1520-2853-7FAE5D71DD17 HTTP/1.1" 200 86984
202.8.41.254 - - [03/Feb/2025:01:14:09 +0100] "GET /ticket2/opencms/system/modules/com.gridnine.opencms.ticketbrokerage.site/resources/css/jquery-ui.css HTTP/1.1" 200 33221
202.8.41.254 - - [03/Feb/2025:01:14:10 +0100] "GET /ticket2/opencms/system/modules/com.gridnine.opencms.ticketbrokerage.site/resources/css/calendar.css HTTP/1.1" 200 6871
202.8.41.254 - - [03/Feb/2025:01:14:10 +0100] "GET /ticket2/opencms/system/modules/com.gridnine.opencms.ticketbrokerage.site/resources/css/jquery.fancybox.css HTTP/1.1" 200 4939
202.8.41.254 - - [03/Feb/2025:01:14:10 +0100] "GET /ticket2/opencms/system/modules/com.gridnine.opencms.ticketbrokerage.site/resources/css/ticketbrokerage.css HTTP/1.1" 200 39339
202.8.41.254 - - [03/Feb/2025:01:14:10 +0100] "GET /ticket2/opencms/system/modules/com.gridnine.opencms.ticketbrokerage.site/resources/css/standard.css HTTP/1.1" 200 73904
202.8.41.254 - - [03/Feb/2025:01:14:10 +0100] "GET /ticket2/opencms/system/modules/com.gridnine.opencms.ticketbrokerage.site/resources/js/jquery/jquery.js HTTP/1.1" 200 93868
202.8.41.254 - - [03/Feb/2025:01:14:10 +0100] "GET /ticket2/opencms/system/modules/com.gridnine.opencms.ticketbrokerage.site/resources/js/jquery/jquery-ui.js HTTP/1.1" 200 228088
202.8.41.254 - - [03/Feb/2025:01:14:10 +0100] "GET /ticket2/opencms/system/modules/com.gridnine.opencms.ticketbrokerage.site/resources/js/functions.js HTTP/1.1" 200 1583
202.8.41.254 - - [03/Feb/2025:01:14:10 +0100] "GET /ticket2/opencms/system/modules/com.gridnine.opencms.ticketbrokerage.site/resources/js/calendar-setup.js HTTP/1.1" 200 4923
202.8.41.254 - - [03/Feb/2025:01:14:10 +0100] "GET /ticket2/opencms/system/modules/com.gridnine.opencms.ticketbrokerage.site/resources/js/calendar-en.js HTTP/1.1" 200 3338
202.8.41.254 - - [03/Feb/2025:01:14:10 +0100] "GET /ticket2/opencms/system/modules/com.gridnine.opencms.ticketbrokerage.site/resources/js/calendar.js HTTP/1.1" 200 49229
40.77.167.38 - - [03/Feb/2025:01:14:10 +0100] "GET /ticket2/opencms/is/buy?page=1&edid=67375C0A-3173-854B-D132-EAADB7F174AF HTTP/1.1" 200 108794
202.8.41.254 - - [03/Feb/2025:01:14:10 +0100] "GET /ticket2/opencms/system/modules/com.gridnine.opencms.ticketbrokerage.site/resources/js/stickyfill.min.js HTTP/1.1" 200 5672
202.8.41.254 - - [03/Feb/2025:01:14:10 +0100] "GET /ticket2/opencms/system/modules/com.gridnine.opencms.ticketbrokerage.site/resources/js/jquery.fancybox.pack.js HTTP/1.1" 200 23187
202.8.41.254 - - [03/Feb/2025:01:14:10 +0100] "GET /ticket2/opencms/system/modules/com.gridnine.opencms.ticketbrokerage.site/resources/js/standard.js HTTP/1.1" 200 3983
202.8.41.254 - - [03/Feb/2025:01:14:10 +0100] "GET /ticket2/opencms/system/modules/com.gridnine.opencms.ticketbrokerage.site/resources/js/jquery.placeholder.min.js HTTP/1.1" 200 1737
202.8.41.254 - - [03/Feb/2025:01:14:10 +0100] "GET /ticket2/opencms/system/modules/com.gridnine.opencms.ticketbrokerage.site/resources/js/common-ajax.js HTTP/1.1" 200 20175
202.8.41.254 - - [03/Feb/2025:01:14:10 +0100] "GET /ticket2/opencms/sl/ask-form.html HTTP/1.1" 200 3156
192.99.3.137 - - [03/Feb/2025:01:14:10 +0100] "GET /ticket2/opencms/hu/buy/?page=1&edid=9239880C-C5C0-5076-4AD5-4881F5EBAC4A HTTP/1.1" 200 135546
202.8.41.254 - - [03/Feb/2025:01:14:10 +0100] "GET /ticket2/opencms/system/modules/com.gridnine.opencms.ticketbrokerage.site/resources/css/ticketbrokerage.css HTTP/1.1" 200 39339
192.99.3.137 - - [03/Feb/2025:01:14:14 +0100] "GET /ticket2/opencms/hu/buy/?page=1&edid=9250B98C-3D5F-37E6-7B39-001C84B580C7 HTTP/1.1" 200 112214
217.113.194.219 - - [03/Feb/2025:01:14:15 +0100] "GET /ticket2/opencms/sq/buy?page=1&edid=CD1D9043-F919-66E3-09BF-D2DA6F617DBD HTTP/1.1" 200 112203
54.36.148.64 - - [03/Feb/2025:01:14:17 +0100] "GET /ticket2/opencms/el/buy?page=1&edid=7A0C4CE7-DF50-29C3-D447-032204091A27 HTTP/1.1" 200 112495
192.99.3.137 - - [03/Feb/2025:01:14:18 +0100] "GET /ticket2/opencms/hu/buy/?page=1&edid=92A56E78-70A5-4E7F-4A0E-86D90A27FA9E HTTP/1.1" 200 118203
202.8.40.186 - - [03/Feb/2025:01:14:18 +0100] "GET /ticket2/opencms/system/modules/com.gridnine.opencms.ticketbrokerage.site/resources/css/ticketbrokerage.css HTTP/1.1" 200 39339
202.8.40.186 - - [03/Feb/2025:01:14:18 +0100] "GET /ticket2/opencms/system/modules/com.gridnine.opencms.ticketbrokerage.site/resources/css/calendar.css HTTP/1.1" 200 6871
202.8.40.186 - - [03/Feb/2025:01:14:18 +0100] "GET /ticket2/opencms/system/modules/com.gridnine.opencms.ticketbrokerage.site/resources/css/jquery-ui.css HTTP/1.1" 200 33221
202.8.40.186 - - [03/Feb/2025:01:14:18 +0100] "GET /ticket2/opencms/system/modules/com.gridnine.opencms.ticketbrokerage.site/resources/css/standard.css HTTP/1.1" 200 73904
202.8.40.186 - - [03/Feb/2025:01:14:18 +0100] "GET /ticket2/opencms/system/modules/com.gridnine.opencms.ticketbrokerage.site/resources/css/jquery.fancybox.css HTTP/1.1" 200 4939
202.8.40.186 - - [03/Feb/2025:01:14:18 +0100] "GET /ticket2/opencms/system/modules/com.gridnine.opencms.ticketbrokerage.site/resources/js/stickyfill.min.js HTTP/1.1" 200 5672
202.8.40.186 - - [03/Feb/2025:01:14:18 +0100] "GET /ticket2/opencms/system/modules/com.gridnine.opencms.ticketbrokerage.site/resources/js/jquery/jquery-ui.js HTTP/1.1" 200 228088
202.8.40.186 - - [03/Feb/2025:01:14:18 +0100] "GET /ticket2/opencms/system/modules/com.gridnine.opencms.ticketbrokerage.site/resources/js/functions.js HTTP/1.1" 200 1583
202.8.40.186 - - [03/Feb/2025:01:14:18 +0100] "GET /ticket2/opencms/system/modules/com.gridnine.opencms.ticketbrokerage.site/resources/js/jquery/jquery.js HTTP/1.1" 200 93868
202.8.40.186 - - [03/Feb/2025:01:14:18 +0100] "GET /ticket2/opencms/system/modules/com.gridnine.opencms.ticketbrokerage.site/resources/js/calendar.js HTTP/1.1" 200 49229
202.8.40.186 - - [03/Feb/2025:01:14:18 +0100] "GET /ticket2/opencms/system/modules/com.gridnine.opencms.ticketbrokerage.site/resources/js/calendar-setup.js HTTP/1.1" 200 4923
202.8.40.186 - - [03/Feb/2025:01:14:18 +0100] "GET /ticket2/opencms/system/modules/com.gridnine.opencms.ticketbrokerage.site/resources/js/calendar-en.js HTTP/1.1" 200 3338
202.8.40.186 - - [03/Feb/2025:01:14:18 +0100] "GET /ticket2/opencms/system/modules/com.gridnine.opencms.ticketbrokerage.site/resources/js/jquery.fancybox.pack.js HTTP/1.1" 200 23187
202.8.40.186 - - [03/Feb/2025:01:14:18 +0100] "GET /ticket2/opencms/system/modules/com.gridnine.opencms.ticketbrokerage.site/resources/js/standard.js HTTP/1.1" 200 3983
202.8.40.186 - - [03/Feb/2025:01:14:19 +0100] "GET /ticket2/opencms/system/modules/com.gridnine.opencms.ticketbrokerage.site/resources/js/jquery.placeholder.min.js HTTP/1.1" 200 1737
202.8.40.186 - - [03/Feb/2025:01:14:19 +0100] "GET /ticket2/opencms/system/modules/com.gridnine.opencms.ticketbrokerage.site/resources/js/common-ajax.js HTTP/1.1" 200 20175
202.8.40.186 - - [03/Feb/2025:01:14:19 +0100] "GET /ticket2/opencms/el/ask-form.html HTTP/1.1" 200 3156
202.8.40.186 - - [03/Feb/2025:01:14:19 +0100] "GET /ticket2/opencms/system/modules/com.gridnine.opencms.ticketbrokerage.site/resources/css/ticketbrokerage.css HTTP/1.1" 200 39339
192.99.3.137 - - [03/Feb/2025:01:14:22 +0100] "GET /ticket2/opencms/hu/buy/?page=1&edid=92C32EFB-1ABC-12BA-1886-A9767DA4FF70 HTTP/1.1" 200 108920
185.150.191.125 - - [03/Feb/2025:01:14:22 +0100] "GET /ticket2/opencms/fi/admin/function.php HTTP/1.1" 404 -
66.249.79.33 - - [03/Feb/2025:01:14:22 +0100] "GET /ticket2/opencms/is/buy/?page=1&edid=4981A465-C3DA-791B-A6A5-9D4DAB1B5DA0 HTTP/1.1" 200 112131
154.54.249.216 - - [03/Feb/2025:01:14:24 +0100] "GET /ticket2/opencms/sq/buy?page=1&edid=9927BCC2-FA16-923C-5EB8-2829DF05AF74 HTTP/1.1" 200 112390
40.77.167.59 - - [03/Feb/2025:01:14:25 +0100] "GET /ticket2/opencms/bs/buy?page=1&edid=B483F8F5-E3C4-627A-AF73-AB6B926F470E HTTP/1.1" 200 111789
66.249.79.33 - - [03/Feb/2025:01:14:26 +0100] "GET /ticket2/opencms/hr/buy/?page=1&edid=D82A55E9-700E-0A50-F575-755C8E3E7147 HTTP/1.1" 200 111028
192.99.3.137 - - [03/Feb/2025:01:14:26 +0100] "GET /ticket2/opencms/hu/buy/?page=1&edid=93838642-5250-2673-0C4C-CF34056B55BD HTTP/1.1" 200 115292
54.36.149.98 - - [03/Feb/2025:01:14:29 +0100] "GET /ticket2/opencms/el/buy?page=1&edid=C3C88BDA-1CC3-8611-4BC9-911B22C7161C HTTP/1.1" 200 115160
66.249.79.100 - - [03/Feb/2025:01:14:29 +0100] "GET /ticket2/opencms/ga/buy/?page=1&edid=03E017AA-DD08-1C4A-8F15-CD16B72CB89B HTTP/1.1" 200 111676
192.99.3.137 - - [03/Feb/2025:01:14:30 +0100] "GET /ticket2/opencms/hu/buy/?page=1&edid=94B60579-7540-1D04-4C12-AD3E425B736D HTTP/1.1" 200 112395
66.249.79.33 - - [03/Feb/2025:01:14:30 +0100] "GET /ticket2/opencms/hu/buy?page=1&edid=6F957320-7F2D-3595-C3EF-63F4A1290CC1 HTTP/1.1" 200 108967
185.150.191.125 - - [03/Feb/2025:01:14:32 +0100] "GET /ticket2/opencms/fi/wp-content/uploads/makeasmtp.php?p= HTTP/1.1" 404 -
217.113.194.215 - - [03/Feb/2025:01:14:32 +0100] "GET /ticket2/opencms/sq/buy?page=1&edid=F0397B65-B924-1891-B9FF-A24F70B922BC HTTP/1.1" 200 112259
188.239.33.181 - - [03/Feb/2025:01:14:33 +0100] "GET /ticket2/opencms/pl/buy/?page=1&edid=EB31C882-2BE6-C517-726C-D721EBC90088 HTTP/1.1" 200 111948
185.150.191.125 - - [03/Feb/2025:01:14:33 +0100] "GET /ticket2/opencms/fi/doc/function.php HTTP/1.1" 404 -
192.99.3.137 - - [03/Feb/2025:01:14:34 +0100] "GET /ticket2/opencms/hu/buy/?page=1&edid=94BF6567-82BD-183E-36C5-53634C762F53 HTTP/1.1" 200 118163
66.249.76.170 - - [03/Feb/2025:01:14:35 +0100] "GET /ticket2/opencms/nl/buy?page=1&edid=27182C30-0424-098E-A8DB-2AA3B88A1ABD HTTP/1.1" 200 131783
47.238.13.14 - - [03/Feb/2025:01:14:36 +0100] "GET /ticket2/opencms/en/buy/?page=1&edid=1B4751CF-7EC8-0480-D476-44B919D20500&sortorder=asc&column=section HTTP/1.1" 200 110945
192.99.3.137 - - [03/Feb/2025:01:14:39 +0100] "GET /ticket2/opencms/hu/buy/?page=1&edid=94C5B0A9-45EC-824F-7DFB-E52A893ACA3D HTTP/1.1" 200 136597
54.36.149.31 - - [03/Feb/2025:01:14:40 +0100] "GET /ticket2/opencms/it/buying_tickets HTTP/1.1" 200 92062
85.208.96.204 - - [03/Feb/2025:01:14:40 +0100] "GET /ticket2/opencms/lv/sport/futbola-biletes/serie-a/roma HTTP/1.1" 200 99633
54.36.148.3 - - [03/Feb/2025:01:14:40 +0100] "GET /ticket2/opencms/et/buy?page=1&edid=EFAD6268-83FA-7979-AAB3-785B7208F10D HTTP/1.1" 200 108626
52.167.144.212 - - [03/Feb/2025:01:14:41 +0100] "GET /ticket2/opencms/mo/buy?page=1&edid=2b44308e-1778-cfae-7385-18758823f6eb HTTP/1.1" 200 8134
217.113.194.221 - - [03/Feb/2025:01:14:41 +0100] "GET /ticket2/opencms/sq/buy?page=1&edid=AD367739-9B97-22E1-AB45-C515C55EA5C1 HTTP/1.1" 200 112420
202.8.42.105 - - [03/Feb/2025:01:14:42 +0100] "GET /ticket2/opencms/system/modules/com.gridnine.opencms.ticketbrokerage.site/resources/css/jquery-ui.css HTTP/1.1" 200 33221
202.8.42.105 - - [03/Feb/2025:01:14:42 +0100] "GET /ticket2/opencms/system/modules/com.gridnine.opencms.ticketbrokerage.site/resources/css/ticketbrokerage.css HTTP/1.1" 200 39339
202.8.42.105 - - [03/Feb/2025:01:14:42 +0100] "GET /ticket2/opencms/system/modules/com.gridnine.opencms.ticketbrokerage.site/resources/css/jquery.fancybox.css HTTP/1.1" 200 4939
202.8.42.105 - - [03/Feb/2025:01:14:42 +0100] "GET /ticket2/opencms/system/modules/com.gridnine.opencms.ticketbrokerage.site/resources/css/standard.css HTTP/1.1" 200 73904
202.8.42.105 - - [03/Feb/2025:01:14:42 +0100] "GET /ticket2/opencms/system/modules/com.gridnine.opencms.ticketbrokerage.site/resources/css/calendar.css HTTP/1.1" 200 6871
202.8.42.105 - - [03/Feb/2025:01:14:42 +0100] "GET /ticket2/opencms/system/modules/com.gridnine.opencms.ticketbrokerage.site/resources/js/jquery/jquery.js HTTP/1.1" 200 93868
202.8.42.105 - - [03/Feb/2025:01:14:42 +0100] "GET /ticket2/opencms/system/modules/com.gridnine.opencms.ticketbrokerage.site/resources/js/jquery/jquery-ui.js HTTP/1.1" 200 228088
202.8.42.105 - - [03/Feb/2025:01:14:42 +0100] "GET /ticket2/opencms/system/modules/com.gridnine.opencms.ticketbrokerage.site/resources/js/functions.js HTTP/1.1" 200 1583
202.8.42.105 - - [03/Feb/2025:01:14:42 +0100] "GET /ticket2/opencms/system/modules/com.gridnine.opencms.ticketbrokerage.site/resources/js/calendar-setup.js HTTP/1.1" 200 4923
202.8.42.105 - - [03/Feb/2025:01:14:42 +0100] "GET /ticket2/opencms/system/modules/com.gridnine.opencms.ticketbrokerage.site/resources/js/calendar-en.js HTTP/1.1" 200 3338
202.8.42.105 - - [03/Feb/2025:01:14:42 +0100] "GET /ticket2/opencms/system/modules/com.gridnine.opencms.ticketbrokerage.site/resources/js/calendar.js HTTP/1.1" 200 49229
202.8.42.105 - - [03/Feb/2025:01:14:42 +0100] "GET /ticket2/opencms/system/modules/com.gridnine.opencms.ticketbrokerage.site/resources/js/stickyfill.min.js HTTP/1.1" 200 5672
202.8.42.105 - - [03/Feb/2025:01:14:42 +0100] "GET /ticket2/opencms/system/modules/com.gridnine.opencms.ticketbrokerage.site/resources/js/jquery.fancybox.pack.js HTTP/1.1" 200 23187
202.8.42.105 - - [03/Feb/2025:01:14:42 +0100] "GET /ticket2/opencms/system/modules/com.gridnine.opencms.ticketbrokerage.site/resources/js/standard.js HTTP/1.1" 200 3983
202.8.42.105 - - [03/Feb/2025:01:14:42 +0100] "GET /ticket2/opencms/system/modules/com.gridnine.opencms.ticketbrokerage.site/resources/js/jquery.placeholder.min.js HTTP/1.1" 200 1737
202.8.42.105 - - [03/Feb/2025:01:14:42 +0100] "GET /ticket2/opencms/system/modules/com.gridnine.opencms.ticketbrokerage.site/resources/js/common-ajax.js HTTP/1.1" 200 20175
202.8.42.105 - - [03/Feb/2025:01:14:42 +0100] "GET /ticket2/opencms/et/ask-form.html HTTP/1.1" 200 3156
202.8.42.105 - - [03/Feb/2025:01:14:42 +0100] "GET /ticket2/opencms/system/modules/com.gridnine.opencms.ticketbrokerage.site/resources/css/ticketbrokerage.css HTTP/1.1" 200 39339
192.99.3.137 - - [03/Feb/2025:01:14:43 +0100] "GET /ticket2/opencms/hu/buy/?page=1&edid=951287E4-3388-8292-36EB-2A2F3CE27B48 HTTP/1.1" 200 108994
185.150.191.125 - - [03/Feb/2025:01:14:45 +0100] "GET /ticket2/opencms/fi/about/function.php HTTP/1.1" 404 -
192.99.3.137 - - [03/Feb/2025:01:14:47 +0100] "GET /ticket2/opencms/hu/buy/?page=1&edid=959254C8-9F5F-6179-1CA1-062F7936CA77 HTTP/1.1" 200 108947
5.9.55.228 - - [03/Feb/2025:01:14:48 +0100] "GET /ticket2/opencms/fi/venue/?venueid=3D607064-676F-4AF0-20B6-ACDBA986D231 HTTP/1.1" 200 86954
66.249.79.33 - - [03/Feb/2025:01:14:48 +0100] "GET /ticket2/opencms/hu/buy/?page=1&edid=D851167B-5139-D2C3-4973-777C1648A7C8 HTTP/1.1" 200 112454
54.36.148.17 - - [03/Feb/2025:01:14:49 +0100] "GET /ticket2/opencms/cs/buy/?page=1&edid=069EC406-6DFD-08ED-B6CC-A7E203415919 HTTP/1.1" 200 135781
185.191.171.12 - - [03/Feb/2025:01:14:50 +0100] "GET /ticket2/opencms/hu/magazine/article?title=zarjuk-be-a-transzferablakot-korabban HTTP/1.1" 200 93398
217.113.194.216 - - [03/Feb/2025:01:14:50 +0100] "GET /ticket2/opencms/sq/buy?page=1&edid=E0AF4582-F291-60D7-7793-C6DEB6EAEA8A HTTP/1.1" 200 112912
192.99.3.137 - - [03/Feb/2025:01:14:51 +0100] "GET /ticket2/opencms/hu/buy/?page=1&edid=9662AEC5-C2DE-EE5D-5D3B-AAB4B46EF79E HTTP/1.1" 200 108981
40.77.167.38 - - [03/Feb/2025:01:14:51 +0100] "GET /ticket2/opencms/sk/buy?page=1&edid=39289D35-63FA-63A2-5B00-1BD8BF9346B7 HTTP/1.1" 200 111515
192.99.3.137 - - [03/Feb/2025:01:14:55 +0100] "GET /ticket2/opencms/hu/buy/?page=1&edid=96B9A105-F32B-ABB0-A0C5-02A5402C313A HTTP/1.1" 200 109056
52.167.144.212 - - [03/Feb/2025:01:14:56 +0100] "GET /ticket2/opencms/img/goal.jpeg HTTP/1.1" 200 3874312
185.150.191.125 - - [03/Feb/2025:01:14:56 +0100] "GET /ticket2/opencms/fi/index/function.php HTTP/1.1" 404 -
52.167.144.212 - - [03/Feb/2025:01:14:58 +0100] "GET /ticket2/opencms/cs/buy/?page=1&edid=CF85F428-766F-D675-E16A-795E19713900 HTTP/1.1" 200 108720
85.208.96.204 - - [03/Feb/2025:01:14:58 +0100] "GET /ticket2/opencms/en/sport/football-tickets/la-liga/ HTTP/1.1" 200 96370
47.128.121.170 - - [03/Feb/2025:01:14:59 +0100] "GET /ticket2/opencms/pl/buy/?edid=C2FB40E1-BEEF-E1A4-6ED5-33C8A69FD5CE HTTP/1.1" 200 91745
192.99.3.137 - - [03/Feb/2025:01:14:59 +0100] "GET /ticket2/opencms/hu/buy/?page=1&edid=975D8DC0-4493-DC20-8886-EA148B097AEB HTTP/1.1" 200 108858
154.54.249.216 - - [03/Feb/2025:01:14:59 +0100] "GET /ticket2/opencms/sq/buy?page=1&edid=C4141B0C-454E-2CA8-556F-909E6DA54D22 HTTP/1.1" 200 111872
54.36.149.60 - - [03/Feb/2025:01:14:59 +0100] "GET /ticket2/opencms/az/buy/?page=1&edid=41CD7066-237A-B852-387D-3D5D7B688DF9 HTTP/1.1" 200 135904
192.99.3.137 - - [03/Feb/2025:01:15:03 +0100] "GET /ticket2/opencms/hu/buy/?page=1&edid=97983A9B-8C85-C8F3-24BD-CF0E5B3E5B62 HTTP/1.1" 200 108971
66.249.79.33 - - [03/Feb/2025:01:15:07 +0100] "GET /ticket2/opencms/hu/buy/?page=1&edid=139F3535-86E9-B228-454D-FE0034AF61D0 HTTP/1.1" 200 111468
192.99.3.137 - - [03/Feb/2025:01:15:07 +0100] "GET /ticket2/opencms/hu/buy/?page=1&edid=983940D7-A886-9864-BF70-6F5D578B4A87 HTTP/1.1" 200 111000
54.36.149.14 - - [03/Feb/2025:01:15:08 +0100] "GET /ticket2/opencms/it/buy?page=1&edid=382200F9-A319-F215-14F8-C7B4677A39A9 HTTP/1.1" 200 108550
217.113.194.213 - - [03/Feb/2025:01:15:08 +0100] "GET /ticket2/opencms/sq/buy?page=1&edid=DCAC7F7B-63BD-4E18-6301-0E66418A9358 HTTP/1.1" 200 108916
85.208.96.195 - - [03/Feb/2025:01:15:09 +0100] "GET /ticket2/opencms/fr/sport/billets-football/la_liga/real_madrid/ HTTP/1.1" 200 96760
202.8.41.165 - - [03/Feb/2025:01:15:09 +0100] "GET /ticket2/opencms/system/modules/com.gridnine.opencms.ticketbrokerage.site/resources/css/calendar.css HTTP/1.1" 200 6871
202.8.41.165 - - [03/Feb/2025:01:15:09 +0100] "GET /ticket2/opencms/system/modules/com.gridnine.opencms.ticketbrokerage.site/resources/css/ticketbrokerage.css HTTP/1.1" 200 39339
202.8.41.165 - - [03/Feb/2025:01:15:09 +0100] "GET /ticket2/opencms/system/modules/com.gridnine.opencms.ticketbrokerage.site/resources/css/standard.css HTTP/1.1" 200 73904
202.8.41.165 - - [03/Feb/2025:01:15:09 +0100] "GET /ticket2/opencms/system/modules/com.gridnine.opencms.ticketbrokerage.site/resources/css/jquery-ui.css HTTP/1.1" 200 33221
202.8.41.165 - - [03/Feb/2025:01:15:09 +0100] "GET /ticket2/opencms/system/modules/com.gridnine.opencms.ticketbrokerage.site/resources/css/jquery.fancybox.css HTTP/1.1" 200 4939
202.8.41.165 - - [03/Feb/2025:01:15:09 +0100] "GET /ticket2/opencms/system/modules/com.gridnine.opencms.ticketbrokerage.site/resources/js/jquery/jquery.js HTTP/1.1" 200 93868
202.8.41.165 - - [03/Feb/2025:01:15:09 +0100] "GET /ticket2/opencms/system/modules/com.gridnine.opencms.ticketbrokerage.site/resources/js/functions.js HTTP/1.1" 200 1583
202.8.41.165 - - [03/Feb/2025:01:15:09 +0100] "GET /ticket2/opencms/system/modules/com.gridnine.opencms.ticketbrokerage.site/resources/js/jquery/jquery-ui.js HTTP/1.1" 200 228088
202.8.41.165 - - [03/Feb/2025:01:15:09 +0100] "GET /ticket2/opencms/system/modules/com.gridnine.opencms.ticketbrokerage.site/resources/js/calendar.js HTTP/1.1" 200 49229
202.8.41.165 - - [03/Feb/2025:01:15:09 +0100] "GET /ticket2/opencms/system/modules/com.gridnine.opencms.ticketbrokerage.site/resources/js/calendar-en.js HTTP/1.1" 200 3338
202.8.41.165 - - [03/Feb/2025:01:15:09 +0100] "GET /ticket2/opencms/system/modules/com.gridnine.opencms.ticketbrokerage.site/resources/js/calendar-setup.js HTTP/1.1" 200 4923
202.8.41.165 - - [03/Feb/2025:01:15:09 +0100] "GET /ticket2/opencms/system/modules/com.gridnine.opencms.ticketbrokerage.site/resources/js/jquery.fancybox.pack.js HTTP/1.1" 200 23187
202.8.41.165 - - [03/Feb/2025:01:15:09 +0100] "GET /ticket2/opencms/system/modules/com.gridnine.opencms.ticketbrokerage.site/resources/js/stickyfill.min.js HTTP/1.1" 200 5672
202.8.41.165 - - [03/Feb/2025:01:15:09 +0100] "GET /ticket2/opencms/system/modules/com.gridnine.opencms.ticketbrokerage.site/resources/js/standard.js HTTP/1.1" 200 3983
202.8.41.165 - - [03/Feb/2025:01:15:09 +0100] "GET /ticket2/opencms/system/modules/com.gridnine.opencms.ticketbrokerage.site/resources/js/jquery.placeholder.min.js HTTP/1.1" 200 1737
202.8.41.165 - - [03/Feb/2025:01:15:09 +0100] "GET /ticket2/opencms/system/modules/com.gridnine.opencms.ticketbrokerage.site/resources/js/common-ajax.js HTTP/1.1" 200 20175
202.8.41.165 - - [03/Feb/2025:01:15:09 +0100] "GET /ticket2/opencms/it/ask-form.html HTTP/1.1" 200 3156
202.8.41.165 - - [03/Feb/2025:01:15:09 +0100] "GET /ticket2/opencms/system/modules/com.gridnine.opencms.ticketbrokerage.site/resources/css/ticketbrokerage.css HTTP/1.1" 200 39339
192.99.3.137 - - [03/Feb/2025:01:15:11 +0100] "GET /ticket2/opencms/hu/buy/?page=1&edid=98E89286-AD3E-3470-6C68-64A56A1CECBA HTTP/1.1" 200 112128
54.36.149.96 - - [03/Feb/2025:01:15:15 +0100] "GET /ticket2/opencms/el/buy/?page=1&edid=B8EF6180-227A-800A-63E5-9809623FC791 HTTP/1.1" 200 131126
192.99.3.137 - - [03/Feb/2025:01:15:16 +0100] "GET /ticket2/opencms/hu/buy/?page=1&edid=9905BE36-3483-E35C-D446-E28B848EF37B HTTP/1.1" 200 122057
217.113.194.212 - - [03/Feb/2025:01:15:16 +0100] "GET /ticket2/opencms/sq/buy?page=1&edid=CBCA6CA9-8C1C-D7C3-B499-28F20948D84A HTTP/1.1" 200 108909
101.44.25.64 - - [03/Feb/2025:01:15:16 +0100] "GET /ticket2/opencms/pl/buy?page=1&edid=1C8D471F-21ED-D5C9-7736-BE6D50F9BA85 HTTP/1.1" 200 108721
66.249.79.33 - - [03/Feb/2025:01:15:17 +0100] "GET /ticket2/opencms/hu/buy/?page=1&edid=24EEE71A-0DC6-CA9D-0185-7675F772FED1 HTTP/1.1" 200 108996
192.99.3.137 - - [03/Feb/2025:01:15:20 +0100] "GET /ticket2/opencms/hu/buy/?page=1&edid=9942E7A6-D2E0-98EB-EA20-D0FCC92E05D4 HTTP/1.1" 200 112187
54.36.148.112 - - [03/Feb/2025:01:15:20 +0100] "GET /ticket2/opencms/fr/buy?page=1&edid=176C6667-42C1-1632-7378-F783D5B7C94D HTTP/1.1" 200 111773
85.208.96.195 - - [03/Feb/2025:01:15:21 +0100] "GET /ticket2/opencms/fi/urheilu/hockey/nhl/vancouver-canucks/ HTTP/1.1" 200 89731
202.8.42.128 - - [03/Feb/2025:01:15:21 +0100] "GET /ticket2/opencms/system/modules/com.gridnine.opencms.ticketbrokerage.site/resources/css/standard.css HTTP/1.1" 200 73904
202.8.42.128 - - [03/Feb/2025:01:15:21 +0100] "GET /ticket2/opencms/system/modules/com.gridnine.opencms.ticketbrokerage.site/resources/css/jquery.fancybox.css HTTP/1.1" 200 4939
202.8.42.128 - - [03/Feb/2025:01:15:21 +0100] "GET /ticket2/opencms/system/modules/com.gridnine.opencms.ticketbrokerage.site/resources/css/ticketbrokerage.css HTTP/1.1" 200 39339
202.8.42.128 - - [03/Feb/2025:01:15:21 +0100] "GET /ticket2/opencms/system/modules/com.gridnine.opencms.ticketbrokerage.site/resources/css/jquery-ui.css HTTP/1.1" 200 33221
202.8.42.128 - - [03/Feb/2025:01:15:22 +0100] "GET /ticket2/opencms/system/modules/com.gridnine.opencms.ticketbrokerage.site/resources/js/jquery/jquery.js HTTP/1.1" 200 93868
202.8.42.128 - - [03/Feb/2025:01:15:22 +0100] "GET /ticket2/opencms/system/modules/com.gridnine.opencms.ticketbrokerage.site/resources/css/calendar.css HTTP/1.1" 200 6871
202.8.42.128 - - [03/Feb/2025:01:15:22 +0100] "GET /ticket2/opencms/system/modules/com.gridnine.opencms.ticketbrokerage.site/resources/js/jquery/jquery-ui.js HTTP/1.1" 200 228088
202.8.42.128 - - [03/Feb/2025:01:15:22 +0100] "GET /ticket2/opencms/system/modules/com.gridnine.opencms.ticketbrokerage.site/resources/js/functions.js HTTP/1.1" 200 1583
202.8.42.128 - - [03/Feb/2025:01:15:22 +0100] "GET /ticket2/opencms/system/modules/com.gridnine.opencms.ticketbrokerage.site/resources/js/calendar-en.js HTTP/1.1" 200 3338
202.8.42.128 - - [03/Feb/2025:01:15:22 +0100] "GET /ticket2/opencms/system/modules/com.gridnine.opencms.ticketbrokerage.site/resources/js/calendar.js HTTP/1.1" 200 49229
202.8.42.128 - - [03/Feb/2025:01:15:22 +0100] "GET /ticket2/opencms/system/modules/com.gridnine.opencms.ticketbrokerage.site/resources/js/calendar-setup.js HTTP/1.1" 200 4923
202.8.42.128 - - [03/Feb/2025:01:15:22 +0100] "GET /ticket2/opencms/system/modules/com.gridnine.opencms.ticketbrokerage.site/resources/js/stickyfill.min.js HTTP/1.1" 200 5672
202.8.42.128 - - [03/Feb/2025:01:15:22 +0100] "GET /ticket2/opencms/system/modules/com.gridnine.opencms.ticketbrokerage.site/resources/js/jquery.fancybox.pack.js HTTP/1.1" 200 23187
202.8.42.128 - - [03/Feb/2025:01:15:22 +0100] "GET /ticket2/opencms/system/modules/com.gridnine.opencms.ticketbrokerage.site/resources/js/standard.js HTTP/1.1" 200 3983
202.8.42.128 - - [03/Feb/2025:01:15:22 +0100] "GET /ticket2/opencms/system/modules/com.gridnine.opencms.ticketbrokerage.site/resources/js/jquery.placeholder.min.js HTTP/1.1" 200 1737
202.8.42.128 - - [03/Feb/2025:01:15:22 +0100] "GET /ticket2/opencms/system/modules/com.gridnine.opencms.ticketbrokerage.site/resources/js/common-ajax.js HTTP/1.1" 200 20175
202.8.42.128 - - [03/Feb/2025:01:15:22 +0100] "GET /ticket2/opencms/fr/ask-form.html HTTP/1.1" 200 3156
202.8.42.128 - - [03/Feb/2025:01:15:22 +0100] "GET /ticket2/opencms/system/modules/com.gridnine.opencms.ticketbrokerage.site/resources/css/ticketbrokerage.css HTTP/1.1" 200 39339
66.249.79.33 - - [03/Feb/2025:01:15:23 +0100] "GET /ticket2/opencms/sk/buy?page=1&edid=4981A465-C3DA-791B-A6A5-9D4DAB1B5DA0 HTTP/1.1" 200 112265
192.99.3.137 - - [03/Feb/2025:01:15:24 +0100] "GET /ticket2/opencms/hu/buy/?page=1&edid=99C77A16-8AF9-4675-97DE-42A41C4ECB4F HTTP/1.1" 200 130819
217.113.194.213 - - [03/Feb/2025:01:15:25 +0100] "GET /ticket2/opencms/sq/buy?page=1&edid=FDD5D133-9F97-9AB4-1F94-3480DDAE2781 HTTP/1.1" 200 108949
54.36.148.140 - - [03/Feb/2025:01:15:26 +0100] "GET /ticket2/opencms/sk/buy/?page=1&edid=E283AC65-3197-392C-E040-FCBDD904729E HTTP/1.1" 200 121653
5.9.55.228 - - [03/Feb/2025:01:15:26 +0100] "GET /ticket2/opencms/fi/venue/?venueid=38BF0C40-6823-C6D1-9FFB-8896B6F987BE HTTP/1.1" 200 87087
192.99.3.137 - - [03/Feb/2025:01:15:28 +0100] "GET /ticket2/opencms/hu/buy/?page=1&edid=99D270B3-917E-FD4A-2998-A2CE577033E4 HTTP/1.1" 200 111344
66.249.76.6 - - [03/Feb/2025:01:15:30 +0100] "GET /ticket2/opencms/system/modules/com.gridnine.opencms.ticketbrokerage.site/resources/js/jquery.placeholder.min.js HTTP/1.1" 200 1737
94.154.239.69 - - [03/Feb/2025:01:15:31 +0100] "GET /ticket2/opencms/robots.txt HTTP/1.1" 200 773
192.99.3.137 - - [03/Feb/2025:01:15:32 +0100] "GET /ticket2/opencms/hu/buy/?page=1&edid=9A56F165-F35D-9973-F50A-5FE9863E2B16 HTTP/1.1" 200 111259
54.36.149.23 - - [03/Feb/2025:01:15:34 +0100] "GET /ticket2/opencms/el/buy/?page=1&edid=47C0370F-9915-7673-E038-7AD65907592C HTTP/1.1" 200 138949
217.113.194.212 - - [03/Feb/2025:01:15:34 +0100] "GET /ticket2/opencms/sq/buy?page=1&edid=EBE2E095-EDE2-C88D-EC51-00B2E16EC697 HTTP/1.1" 200 108910
94.154.239.69 - - [03/Feb/2025:01:15:35 +0100] "GET /ticket2/opencms/sv/login/?edid=3F2D99A8-7547-83C1-C9EB-9D79E7CF5003 HTTP/1.1" 200 91510
192.99.3.137 - - [03/Feb/2025:01:15:36 +0100] "GET /ticket2/opencms/hu/buy/?page=1&edid=9A8891BD-C3B9-2FD5-1633-7AEF0F073762 HTTP/1.1" 200 135613
40.77.167.59 - - [03/Feb/2025:01:15:36 +0100] "GET /ticket2/opencms/ro/buy?page=6&comcatid=A17713B6-D984-201A-4143-ED4DB5ED5C2E&catid=06324577-7173-BAB0-146D-E644C912F7C1 HTTP/1.1" 200 6410
185.191.171.10 - - [03/Feb/2025:01:15:38 +0100] "GET /ticket2/opencms/el/athlitismos/eisitiria-podosfairou/premier-league/everton/ HTTP/1.1" 200 101434
94.154.239.69 - - [03/Feb/2025:01:15:39 +0100] "GET /ticket2/opencms/sv/login/?edid=42C5D83C-45F5-510D-23C9-7B4CE8796C8F HTTP/1.1" 200 91540
54.36.149.97 - - [03/Feb/2025:01:15:40 +0100] "GET /ticket2/opencms/hu/buy?page=1&edid=EFAD6268-83FA-7979-AAB3-785B7208F10D HTTP/1.1" 200 108954
192.99.3.137 - - [03/Feb/2025:01:15:41 +0100] "GET /ticket2/opencms/hu/buy/?page=1&edid=9AA6E90F-1A8F-8723-F266-C4056D23056B HTTP/1.1" 200 124419
202.8.43.151 - - [03/Feb/2025:01:15:41 +0100] "GET /ticket2/opencms/system/modules/com.gridnine.opencms.ticketbrokerage.site/resources/css/jquery-ui.css HTTP/1.1" 200 33221
202.8.43.151 - - [03/Feb/2025:01:15:41 +0100] "GET /ticket2/opencms/system/modules/com.gridnine.opencms.ticketbrokerage.site/resources/css/ticketbrokerage.css HTTP/1.1" 200 39339
202.8.43.151 - - [03/Feb/2025:01:15:41 +0100] "GET /ticket2/opencms/system/modules/com.gridnine.opencms.ticketbrokerage.site/resources/css/standard.css HTTP/1.1" 200 73904
202.8.43.151 - - [03/Feb/2025:01:15:41 +0100] "GET /ticket2/opencms/system/modules/com.gridnine.opencms.ticketbrokerage.site/resources/css/jquery.fancybox.css HTTP/1.1" 200 4939
202.8.43.151 - - [03/Feb/2025:01:15:41 +0100] "GET /ticket2/opencms/system/modules/com.gridnine.opencms.ticketbrokerage.site/resources/css/calendar.css HTTP/1.1" 200 6871
202.8.43.151 - - [03/Feb/2025:01:15:41 +0100] "GET /ticket2/opencms/system/modules/com.gridnine.opencms.ticketbrokerage.site/resources/js/jquery/jquery.js HTTP/1.1" 200 93868
202.8.43.151 - - [03/Feb/2025:01:15:41 +0100] "GET /ticket2/opencms/system/modules/com.gridnine.opencms.ticketbrokerage.site/resources/js/jquery/jquery-ui.js HTTP/1.1" 200 228088
202.8.43.151 - - [03/Feb/2025:01:15:41 +0100] "GET /ticket2/opencms/system/modules/com.gridnine.opencms.ticketbrokerage.site/resources/js/calendar-en.js HTTP/1.1" 200 3338
202.8.43.151 - - [03/Feb/2025:01:15:41 +0100] "GET /ticket2/opencms/system/modules/com.gridnine.opencms.ticketbrokerage.site/resources/js/functions.js HTTP/1.1" 200 1583
202.8.43.151 - - [03/Feb/2025:01:15:41 +0100] "GET /ticket2/opencms/system/modules/com.gridnine.opencms.ticketbrokerage.site/resources/js/calendar.js HTTP/1.1" 200 49229
202.8.43.151 - - [03/Feb/2025:01:15:41 +0100] "GET /ticket2/opencms/system/modules/com.gridnine.opencms.ticketbrokerage.site/resources/js/calendar-setup.js HTTP/1.1" 200 4923
202.8.43.151 - - [03/Feb/2025:01:15:42 +0100] "GET /ticket2/opencms/system/modules/com.gridnine.opencms.ticketbrokerage.site/resources/js/jquery.fancybox.pack.js HTTP/1.1" 200 23187
202.8.43.151 - - [03/Feb/2025:01:15:42 +0100] "GET /ticket2/opencms/system/modules/com.gridnine.opencms.ticketbrokerage.site/resources/js/stickyfill.min.js HTTP/1.1" 200 5672
202.8.43.151 - - [03/Feb/2025:01:15:42 +0100] "GET /ticket2/opencms/system/modules/com.gridnine.opencms.ticketbrokerage.site/resources/js/standard.js HTTP/1.1" 200 3983
202.8.43.151 - - [03/Feb/2025:01:15:42 +0100] "GET /ticket2/opencms/system/modules/com.gridnine.opencms.ticketbrokerage.site/resources/js/jquery.placeholder.min.js HTTP/1.1" 200 1737
202.8.43.151 - - [03/Feb/2025:01:15:42 +0100] "GET /ticket2/opencms/system/modules/com.gridnine.opencms.ticketbrokerage.site/resources/js/common-ajax.js HTTP/1.1" 200 20175
202.8.43.151 - - [03/Feb/2025:01:15:42 +0100] "GET /ticket2/opencms/hu/ask-form.html HTTP/1.1" 200 3156
202.8.43.151 - - [03/Feb/2025:01:15:42 +0100] "GET /ticket2/opencms/system/modules/com.gridnine.opencms.ticketbrokerage.site/resources/css/ticketbrokerage.css HTTP/1.1" 200 39339
37.123.143.11 - - [03/Feb/2025:01:15:42 +0100] "GET /ticket2/opencms/system/workplace/views/top_foot.jsp?wpFrame=foot HTTP/1.1" 200 1209
37.123.143.11 - - [03/Feb/2025:01:15:42 +0100] "GET /ticket2/opencms/system/workplace/commons/style/workplace.css HTTP/1.1" 200 14209
94.154.239.69 - - [03/Feb/2025:01:15:42 +0100] "GET /ticket2/opencms/sv/login/?edid=44CED33F-42AD-C6D4-14A9-7231DC34EF67 HTTP/1.1" 200 91503
217.113.194.221 - - [03/Feb/2025:01:15:43 +0100] "GET /ticket2/opencms/sq/buy?page=1&edid=FF0B58BB-4754-B119-52E9-C2F4B119009E HTTP/1.1" 200 112239
52.167.144.237 - - [03/Feb/2025:01:15:45 +0100] "GET /ticket2/opencms/sv/buy/?page=1&edid=6BBAE4DE-24A6-422E-624E-5BBE6D20E9BA HTTP/1.1" 200 110168
192.99.3.137 - - [03/Feb/2025:01:15:45 +0100] "GET /ticket2/opencms/hu/buy/?page=1&edid=9AD6E1E6-FB1D-3EDD-D6AB-CD76FAA24E1B HTTP/1.1" 200 112125
94.154.239.69 - - [03/Feb/2025:01:15:46 +0100] "GET /ticket2/opencms/sv/login/?edid=44FBC1CF-A416-2795-B9FA-E57E9A79C34D HTTP/1.1" 200 91492
54.36.148.175 - - [03/Feb/2025:01:15:48 +0100] "GET /ticket2/opencms/mt/buy?page=1&edid=9A8891BD-C3B9-2FD5-1633-7AEF0F073762 HTTP/1.1" 200 135507
192.99.3.137 - - [03/Feb/2025:01:15:49 +0100] "GET /ticket2/opencms/hu/buy/?page=1&edid=9AF29D4D-BF71-6182-1EBD-FF49E6DA3ECE HTTP/1.1" 200 111258
