66.249.79.33 - - [03/Feb/2025:00:09:41 +0100] "GET /ticket2/opencms/be/buy/?page=1&edid=CD8DD483-1991-1E61-700A-98F06CAA8968&hlv=66d5fd3e-d44c-401a-a948-34370a01000f HTTP/1.1" 200 114651
195.191.219.130 - - [03/Feb/2025:00:09:41 +0100] "GET /ticket2/opencms/et/buy/?comcatid=A17713B6-D984-201A-4143-ED4DB5ED5C2E&catid=&npage=4 HTTP/1.1" 200 6410
85.208.96.199 - - [03/Feb/2025:00:09:42 +0100] "GET /ticket2/opencms/ga/magazine/article?title=arsenal-seere-liverpool HTTP/1.1" 200 86989
195.191.219.132 - - [03/Feb/2025:00:09:44 +0100] "GET /ticket2/opencms/sv/buy/?page=1&edid=1C38FF6E-A742-778B-4ED2-FB3787559CA6&sortorder=desc&column=section HTTP/1.1" 200 109864
217.113.194.218 - - [03/Feb/2025:00:09:44 +0100] "GET /ticket2/opencms/sv/buy?page=1&edid=7F799A34-A2BE-D291-CE84-29C608B78F94 HTTP/1.1" 200 109271
195.191.219.130 - - [03/Feb/2025:00:09:45 +0100] "GET /ticket2/opencms/et/buy/?comcatid=A17713B6-D984-201A-4143-ED4DB5ED5C2E&catid=&npage=5 HTTP/1.1" 200 6410
40.77.167.42 - - [03/Feb/2025:00:09:46 +0100] "GET /ticket2/opencms/en/buy/?page=1&edid=5BB1055C-4C5F-5A4F-CCFB-6D0F529C929D HTTP/1.1" 200 112518
195.191.219.132 - - [03/Feb/2025:00:09:47 +0100] "GET /ticket2/opencms/sv/buy/?page=1&edid=1C562745-1431-CFB1-8C43-89D2BFF085C5&sortorder=desc&column=price HTTP/1.1" 200 109219
54.36.149.47 - - [03/Feb/2025:00:09:48 +0100] "GET /ticket2/opencms/hr/buy/?page=1&edid=36B8587B-9BD4-1599-9368-E59F9780F9A9 HTTP/1.1" 200 143262
195.191.219.130 - - [03/Feb/2025:00:09:48 +0100] "GET /ticket2/opencms/et/buy/?comcatid=A17713B6-D984-201A-4143-ED4DB5ED5C2E&catid=&npage=6 HTTP/1.1" 200 6410
195.191.219.132 - - [03/Feb/2025:00:09:51 +0100] "GET /ticket2/opencms/sv/buy/?page=1&edid=1C562745-1431-CFB1-8C43-89D2BFF085C5&sortorder=desc&column=row HTTP/1.1" 200 109153
47.238.13.13 - - [03/Feb/2025:00:09:52 +0100] "GET /ticket2/opencms/en/buy/?page=1&edid=3CCB9FC1-7F7B-648B-463A-07132FE85ACE&sortorder=asc&column=price HTTP/1.1" 200 107898
195.191.219.130 - - [03/Feb/2025:00:09:52 +0100] "GET /ticket2/opencms/et/buy/?comcatid=A17713B6-D984-201A-4143-ED4DB5ED5C2E&catid=061607E6-22B7-6FFA-03FD-A4B8B13A943F HTTP/1.1" 200 6410
111.119.234.142 - - [03/Feb/2025:00:09:52 +0100] "GET /ticket2/opencms/pl/buy/?page=1&edid=FC400B0C-3F35-28FE-BA32-45A117020656 HTTP/1.1" 200 110123
85.208.96.208 - - [03/Feb/2025:00:09:53 +0100] "GET /ticket2/opencms/ga/sport/ticeid-peile/english-championship/sheffield-wednesday HTTP/1.1" 200 97170
217.113.194.217 - - [03/Feb/2025:00:09:53 +0100] "GET /ticket2/opencms/sv/buy?page=1&edid=65C03F06-B4E6-0D65-D535-E007A0321D02 HTTP/1.1" 200 109303
54.36.148.71 - - [03/Feb/2025:00:09:54 +0100] "GET /ticket2/opencms/hr/buy?page=1&edid=38B8C558-DD1D-6008-21F8-CA8931E9D013 HTTP/1.1" 200 106407
195.191.219.132 - - [03/Feb/2025:00:09:54 +0100] "GET /ticket2/opencms/sv/buy/?page=1&edid=1C562745-1431-CFB1-8C43-89D2BFF085C5&sortorder=desc&column=section HTTP/1.1" 200 109285
195.191.219.130 - - [03/Feb/2025:00:09:55 +0100] "GET /ticket2/opencms/et/buy/?comcatid=A17713B6-D984-201A-4143-ED4DB5ED5C2E&catid=06324577-7173-BAB0-146D-E644C912F7C1 HTTP/1.1" 200 6410
195.191.219.132 - - [03/Feb/2025:00:09:58 +0100] "GET /ticket2/opencms/sv/buy/?page=1&edid=1CB0579F-1D7F-7A19-BD4F-0612A3C3F1F9&sortorder=desc&column=price HTTP/1.1" 200 110184
195.191.219.130 - - [03/Feb/2025:00:09:59 +0100] "GET /ticket2/opencms/et/buy/?comcatid=A17713B6-D984-201A-4143-ED4DB5ED5C2E&catid=08F27F2A-1872-A39F-A97C-63093E77B18A HTTP/1.1" 200 6410
54.36.149.46 - - [03/Feb/2025:00:10:00 +0100] "GET /ticket2/opencms/is/buy?page=1&edid=0D37E384-2B78-1FC5-2B22-30B553C53918 HTTP/1.1" 200 106429
195.191.219.132 - - [03/Feb/2025:00:10:01 +0100] "GET /ticket2/opencms/sv/buy/?page=1&edid=1CB0579F-1D7F-7A19-BD4F-0612A3C3F1F9&sortorder=desc&column=row HTTP/1.1" 200 110118
202.8.41.177 - - [03/Feb/2025:00:10:02 +0100] "GET /ticket2/opencms/system/modules/com.gridnine.opencms.ticketbrokerage.site/resources/css/jquery-ui.css HTTP/1.1" 200 33221
202.8.41.177 - - [03/Feb/2025:00:10:02 +0100] "GET /ticket2/opencms/system/modules/com.gridnine.opencms.ticketbrokerage.site/resources/css/ticketbrokerage.css HTTP/1.1" 200 39339
202.8.41.177 - - [03/Feb/2025:00:10:02 +0100] "GET /ticket2/opencms/system/modules/com.gridnine.opencms.ticketbrokerage.site/resources/css/calendar.css HTTP/1.1" 200 6871
202.8.41.177 - - [03/Feb/2025:00:10:02 +0100] "GET /ticket2/opencms/system/modules/com.gridnine.opencms.ticketbrokerage.site/resources/css/standard.css HTTP/1.1" 200 73904
202.8.41.177 - - [03/Feb/2025:00:10:02 +0100] "GET /ticket2/opencms/system/modules/com.gridnine.opencms.ticketbrokerage.site/resources/css/jquery.fancybox.css HTTP/1.1" 200 4939
202.8.41.177 - - [03/Feb/2025:00:10:02 +0100] "GET /ticket2/opencms/system/modules/com.gridnine.opencms.ticketbrokerage.site/resources/js/jquery/jquery.js HTTP/1.1" 200 93868
202.8.41.177 - - [03/Feb/2025:00:10:02 +0100] "GET /ticket2/opencms/system/modules/com.gridnine.opencms.ticketbrokerage.site/resources/js/functions.js HTTP/1.1" 200 1583
202.8.41.177 - - [03/Feb/2025:00:10:02 +0100] "GET /ticket2/opencms/system/modules/com.gridnine.opencms.ticketbrokerage.site/resources/js/jquery/jquery-ui.js HTTP/1.1" 200 228088
202.8.41.177 - - [03/Feb/2025:00:10:02 +0100] "GET /ticket2/opencms/system/modules/com.gridnine.opencms.ticketbrokerage.site/resources/js/calendar.js HTTP/1.1" 200 49229
202.8.41.177 - - [03/Feb/2025:00:10:02 +0100] "GET /ticket2/opencms/system/modules/com.gridnine.opencms.ticketbrokerage.site/resources/js/calendar-en.js HTTP/1.1" 200 3338
202.8.41.177 - - [03/Feb/2025:00:10:02 +0100] "GET /ticket2/opencms/system/modules/com.gridnine.opencms.ticketbrokerage.site/resources/js/calendar-setup.js HTTP/1.1" 200 4923
202.8.41.177 - - [03/Feb/2025:00:10:02 +0100] "GET /ticket2/opencms/system/modules/com.gridnine.opencms.ticketbrokerage.site/resources/js/jquery.fancybox.pack.js HTTP/1.1" 200 23187
202.8.41.177 - - [03/Feb/2025:00:10:02 +0100] "GET /ticket2/opencms/system/modules/com.gridnine.opencms.ticketbrokerage.site/resources/js/stickyfill.min.js HTTP/1.1" 200 5672
202.8.41.177 - - [03/Feb/2025:00:10:02 +0100] "GET /ticket2/opencms/system/modules/com.gridnine.opencms.ticketbrokerage.site/resources/js/standard.js HTTP/1.1" 200 3983
202.8.41.177 - - [03/Feb/2025:00:10:02 +0100] "GET /ticket2/opencms/system/modules/com.gridnine.opencms.ticketbrokerage.site/resources/js/jquery.placeholder.min.js HTTP/1.1" 200 1737
202.8.41.177 - - [03/Feb/2025:00:10:02 +0100] "GET /ticket2/opencms/system/modules/com.gridnine.opencms.ticketbrokerage.site/resources/js/common-ajax.js HTTP/1.1" 200 20175
202.8.41.177 - - [03/Feb/2025:00:10:02 +0100] "GET /ticket2/opencms/is/ask-form.html HTTP/1.1" 200 3156
217.113.194.221 - - [03/Feb/2025:00:10:02 +0100] "GET /ticket2/opencms/es/buy/?page=1&edid=4F823A18-A71D-F820-FD7B-2CC78F9C9CC8 HTTP/1.1" 200 129835
202.8.41.177 - - [03/Feb/2025:00:10:02 +0100] "GET /ticket2/opencms/system/modules/com.gridnine.opencms.ticketbrokerage.site/resources/css/ticketbrokerage.css HTTP/1.1" 200 39339
195.191.219.130 - - [03/Feb/2025:00:10:02 +0100] "GET /ticket2/opencms/et/buy/?comcatid=A17713B6-D984-201A-4143-ED4DB5ED5C2E&catid=0A6C99D2-F5BD-7A18-9A5F-5668827042E0 HTTP/1.1" 200 6410
54.36.148.43 - - [03/Feb/2025:00:10:05 +0100] "GET /ticket2/opencms/lv/buy/?page=1&edid=F2BB5427-1D4A-AECD-9787-90D94712CD18 HTTP/1.1" 200 132981
195.191.219.132 - - [03/Feb/2025:00:10:05 +0100] "GET /ticket2/opencms/sv/buy/?page=1&edid=1CB0579F-1D7F-7A19-BD4F-0612A3C3F1F9&sortorder=desc&column=section HTTP/1.1" 200 110250
195.191.219.130 - - [03/Feb/2025:00:10:06 +0100] "GET /ticket2/opencms/et/buy/?comcatid=A17713B6-D984-201A-4143-ED4DB5ED5C2E&catid=0A9E385E-33D9-328E-DC79-CA2C7009C829 HTTP/1.1" 200 6410
195.191.219.132 - - [03/Feb/2025:00:10:08 +0100] "GET /ticket2/opencms/sv/buy/?page=1&edid=1D37BA09-C305-846D-EDD4-0046D1E26EC2&sortorder=asc&column=section HTTP/1.1" 200 109370
52.167.144.203 - - [03/Feb/2025:00:10:09 +0100] "GET /ticket2/opencms/tr/ HTTP/1.1" 200 104750
195.191.219.130 - - [03/Feb/2025:00:10:09 +0100] "GET /ticket2/opencms/et/buy/?comcatid=A17713B6-D984-201A-4143-ED4DB5ED5C2E&catid=21C3854B-901E-11F9-7B7D-6838CC6AFAA4 HTTP/1.1" 200 6410
217.113.194.212 - - [03/Feb/2025:00:10:11 +0100] "GET /ticket2/opencms/lv/buy?page=1&edid=EBD76EAC-AEC0-E785-3251-70BCD173D524 HTTP/1.1" 200 109542
54.36.148.181 - - [03/Feb/2025:00:10:11 +0100] "GET /ticket2/opencms/ro/buy/?page=1&edid=8B884D00-0090-F7F9-0339-733FDDA065DC HTTP/1.1" 200 110014
195.191.219.132 - - [03/Feb/2025:00:10:12 +0100] "GET /ticket2/opencms/sv/buy/?page=1&edid=1D56D579-7D45-9D7E-0DE1-5FABAACBC574&sortorder=asc&column=row HTTP/1.1" 200 110808
195.191.219.130 - - [03/Feb/2025:00:10:13 +0100] "GET /ticket2/opencms/et/buy/?comcatid=A17713B6-D984-201A-4143-ED4DB5ED5C2E&catid=24AC1CA6-1C09-0BE5-C04A-9DCCDB15D5E9 HTTP/1.1" 200 6410
5.9.55.228 - - [03/Feb/2025:00:10:14 +0100] "GET /ticket2/opencms/en/buy/?comcatid=a17713b6-d984-201a-4143-ed4db5ed5c2e&catid=a3372871-3019-08b8-80ce-74b78f441aca HTTP/1.1" 200 6410
195.191.219.132 - - [03/Feb/2025:00:10:15 +0100] "GET /ticket2/opencms/sv/buy/?page=1&edid=27A86D6D-4361-DE9B-1D01-A471A84202BD&sortorder=asc&column=section HTTP/1.1" 200 109206
195.191.219.130 - - [03/Feb/2025:00:10:16 +0100] "GET /ticket2/opencms/et/buy/?comcatid=A17713B6-D984-201A-4143-ED4DB5ED5C2E&catid=2DE12DDA-A5FB-C1C6-CB20-FBF873FB032B HTTP/1.1" 200 6410
47.128.22.184 - - [03/Feb/2025:00:10:19 +0100] "GET /ticket2/opencms/sr/buy/?edid=959254C8-9F5F-6179-1CA1-062F7936CA77 HTTP/1.1" 200 89963
195.191.219.130 - - [03/Feb/2025:00:10:19 +0100] "GET /ticket2/opencms/et/buy/?comcatid=A17713B6-D984-201A-4143-ED4DB5ED5C2E&catid=2FC3D548-EAF9-1354-0CD2-7D7619DA2334 HTTP/1.1" 200 6410
195.191.219.132 - - [03/Feb/2025:00:10:20 +0100] "GET /ticket2/opencms/sv/buy/?page=1&edid=27C30962-08EE-4015-79A7-806B34CC7833 HTTP/1.1" 200 106093
54.36.148.170 - - [03/Feb/2025:00:10:20 +0100] "GET /ticket2/opencms/de/buy?page=1&edid=D45BCB35-EE91-062B-5384-4218890EBB45 HTTP/1.1" 200 129235
217.113.194.214 - - [03/Feb/2025:00:10:20 +0100] "GET /ticket2/opencms/lv/buy?page=1&edid=B089B4B8-933D-AB70-BE65-2A133877E5AC HTTP/1.1" 200 134668
202.8.40.228 - - [03/Feb/2025:00:10:22 +0100] "GET /ticket2/opencms/system/modules/com.gridnine.opencms.ticketbrokerage.site/resources/css/jquery-ui.css HTTP/1.1" 200 33221
202.8.40.228 - - [03/Feb/2025:00:10:22 +0100] "GET /ticket2/opencms/system/modules/com.gridnine.opencms.ticketbrokerage.site/resources/css/calendar.css HTTP/1.1" 200 6871
202.8.40.228 - - [03/Feb/2025:00:10:22 +0100] "GET /ticket2/opencms/system/modules/com.gridnine.opencms.ticketbrokerage.site/resources/css/ticketbrokerage.css HTTP/1.1" 200 39339
202.8.40.228 - - [03/Feb/2025:00:10:22 +0100] "GET /ticket2/opencms/system/modules/com.gridnine.opencms.ticketbrokerage.site/resources/css/standard.css HTTP/1.1" 200 73904
202.8.40.228 - - [03/Feb/2025:00:10:22 +0100] "GET /ticket2/opencms/system/modules/com.gridnine.opencms.ticketbrokerage.site/resources/css/jquery.fancybox.css HTTP/1.1" 200 4939
202.8.40.228 - - [03/Feb/2025:00:10:22 +0100] "GET /ticket2/opencms/system/modules/com.gridnine.opencms.ticketbrokerage.site/resources/js/jquery/jquery.js HTTP/1.1" 200 93868
202.8.40.228 - - [03/Feb/2025:00:10:22 +0100] "GET /ticket2/opencms/system/modules/com.gridnine.opencms.ticketbrokerage.site/resources/js/jquery/jquery-ui.js HTTP/1.1" 200 228088
202.8.40.228 - - [03/Feb/2025:00:10:22 +0100] "GET /ticket2/opencms/system/modules/com.gridnine.opencms.ticketbrokerage.site/resources/js/functions.js HTTP/1.1" 200 1583
202.8.40.228 - - [03/Feb/2025:00:10:22 +0100] "GET /ticket2/opencms/system/modules/com.gridnine.opencms.ticketbrokerage.site/resources/js/calendar.js HTTP/1.1" 200 49229
202.8.40.228 - - [03/Feb/2025:00:10:22 +0100] "GET /ticket2/opencms/system/modules/com.gridnine.opencms.ticketbrokerage.site/resources/js/calendar-en.js HTTP/1.1" 200 3338
202.8.40.228 - - [03/Feb/2025:00:10:22 +0100] "GET /ticket2/opencms/system/modules/com.gridnine.opencms.ticketbrokerage.site/resources/js/jquery.fancybox.pack.js HTTP/1.1" 200 23187
202.8.40.228 - - [03/Feb/2025:00:10:22 +0100] "GET /ticket2/opencms/system/modules/com.gridnine.opencms.ticketbrokerage.site/resources/js/calendar-setup.js HTTP/1.1" 200 4923
202.8.40.228 - - [03/Feb/2025:00:10:22 +0100] "GET /ticket2/opencms/system/modules/com.gridnine.opencms.ticketbrokerage.site/resources/js/stickyfill.min.js HTTP/1.1" 200 5672
202.8.40.228 - - [03/Feb/2025:00:10:22 +0100] "GET /ticket2/opencms/system/modules/com.gridnine.opencms.ticketbrokerage.site/resources/js/standard.js HTTP/1.1" 200 3983
202.8.40.228 - - [03/Feb/2025:00:10:23 +0100] "GET /ticket2/opencms/system/modules/com.gridnine.opencms.ticketbrokerage.site/resources/js/jquery.placeholder.min.js HTTP/1.1" 200 1737
202.8.40.228 - - [03/Feb/2025:00:10:23 +0100] "GET /ticket2/opencms/system/modules/com.gridnine.opencms.ticketbrokerage.site/resources/js/common-ajax.js HTTP/1.1" 200 20175
202.8.40.228 - - [03/Feb/2025:00:10:23 +0100] "GET /ticket2/opencms/de/ask-form.html HTTP/1.1" 200 3156
202.8.40.228 - - [03/Feb/2025:00:10:23 +0100] "GET /ticket2/opencms/system/modules/com.gridnine.opencms.ticketbrokerage.site/resources/css/ticketbrokerage.css HTTP/1.1" 200 39339
195.191.219.130 - - [03/Feb/2025:00:10:23 +0100] "GET /ticket2/opencms/et/buy/?comcatid=A17713B6-D984-201A-4143-ED4DB5ED5C2E&catid=36394212-F82E-F845-399B-42BED55969CC HTTP/1.1" 200 6410
195.191.219.132 - - [03/Feb/2025:00:10:23 +0100] "GET /ticket2/opencms/sv/buy/?page=1&edid=282735E1-4F75-14CE-2593-57DD0FA672D1&sortorder=asc&column=price HTTP/1.1" 200 109582
195.191.219.130 - - [03/Feb/2025:00:10:27 +0100] "GET /ticket2/opencms/et/buy/?comcatid=A17713B6-D984-201A-4143-ED4DB5ED5C2E&catid=3A7AEA37-903D-9533-4B33-21B0001FF1D1 HTTP/1.1" 200 6410
195.191.219.132 - - [03/Feb/2025:00:10:27 +0100] "GET /ticket2/opencms/sv/buy/?page=1&edid=282735E1-4F75-14CE-2593-57DD0FA672D1&sortorder=asc&column=section HTTP/1.1" 200 109648
54.36.148.166 - - [03/Feb/2025:00:10:28 +0100] "GET /ticket2/opencms/ro/buy/?page=1&edid=C8B54E4D-ACCA-9CAC-8303-90318E9CF170 HTTP/1.1" 200 110021
217.113.194.218 - - [03/Feb/2025:00:10:29 +0100] "GET /ticket2/opencms/lv/buy?page=1&edid=D851167B-5139-D2C3-4973-777C1648A7C8 HTTP/1.1" 200 110494
195.191.219.130 - - [03/Feb/2025:00:10:30 +0100] "GET /ticket2/opencms/et/buy/?comcatid=A17713B6-D984-201A-4143-ED4DB5ED5C2E&catid=3B549160-8B9C-E872-44A9-20FEA86B30E8 HTTP/1.1" 200 6410
195.191.219.132 - - [03/Feb/2025:00:10:31 +0100] "GET /ticket2/opencms/sv/buy/?page=1&edid=28C66934-8816-E693-E8DA-B35164D8DE57 HTTP/1.1" 200 108154
54.36.148.84 - - [03/Feb/2025:00:10:33 +0100] "GET /ticket2/opencms/et/buy?page=1&edid=1C109B19-215B-025B-D9B8-6D4E44843BBC HTTP/1.1" 200 129701
195.191.219.130 - - [03/Feb/2025:00:10:34 +0100] "GET /ticket2/opencms/et/buy/?comcatid=A17713B6-D984-201A-4143-ED4DB5ED5C2E&catid=42C82D82-D02A-8562-E55C-48ADB3771882 HTTP/1.1" 200 6410
195.191.219.132 - - [03/Feb/2025:00:10:35 +0100] "GET /ticket2/opencms/sv/buy/?page=1&edid=291CA91B-39EF-897B-A38A-39A373E5E130&sortorder=desc&column=section HTTP/1.1" 200 109405
202.8.42.181 - - [03/Feb/2025:00:10:35 +0100] "GET /ticket2/opencms/system/modules/com.gridnine.opencms.ticketbrokerage.site/resources/css/calendar.css HTTP/1.1" 200 6871
202.8.42.181 - - [03/Feb/2025:00:10:35 +0100] "GET /ticket2/opencms/system/modules/com.gridnine.opencms.ticketbrokerage.site/resources/css/ticketbrokerage.css HTTP/1.1" 200 39339
202.8.42.181 - - [03/Feb/2025:00:10:35 +0100] "GET /ticket2/opencms/system/modules/com.gridnine.opencms.ticketbrokerage.site/resources/css/jquery-ui.css HTTP/1.1" 200 33221
202.8.42.181 - - [03/Feb/2025:00:10:35 +0100] "GET /ticket2/opencms/system/modules/com.gridnine.opencms.ticketbrokerage.site/resources/css/standard.css HTTP/1.1" 200 73904
202.8.42.181 - - [03/Feb/2025:00:10:35 +0100] "GET /ticket2/opencms/system/modules/com.gridnine.opencms.ticketbrokerage.site/resources/css/jquery.fancybox.css HTTP/1.1" 200 4939
202.8.42.181 - - [03/Feb/2025:00:10:35 +0100] "GET /ticket2/opencms/system/modules/com.gridnine.opencms.ticketbrokerage.site/resources/js/functions.js HTTP/1.1" 200 1583
202.8.42.181 - - [03/Feb/2025:00:10:35 +0100] "GET /ticket2/opencms/system/modules/com.gridnine.opencms.ticketbrokerage.site/resources/js/calendar.js HTTP/1.1" 200 49229
202.8.42.181 - - [03/Feb/2025:00:10:35 +0100] "GET /ticket2/opencms/system/modules/com.gridnine.opencms.ticketbrokerage.site/resources/js/calendar-en.js HTTP/1.1" 200 3338
202.8.42.181 - - [03/Feb/2025:00:10:35 +0100] "GET /ticket2/opencms/system/modules/com.gridnine.opencms.ticketbrokerage.site/resources/js/jquery/jquery-ui.js HTTP/1.1" 200 228088
202.8.42.181 - - [03/Feb/2025:00:10:35 +0100] "GET /ticket2/opencms/system/modules/com.gridnine.opencms.ticketbrokerage.site/resources/js/calendar-setup.js HTTP/1.1" 200 4923
202.8.42.181 - - [03/Feb/2025:00:10:35 +0100] "GET /ticket2/opencms/system/modules/com.gridnine.opencms.ticketbrokerage.site/resources/js/jquery.fancybox.pack.js HTTP/1.1" 200 23187
202.8.42.181 - - [03/Feb/2025:00:10:35 +0100] "GET /ticket2/opencms/system/modules/com.gridnine.opencms.ticketbrokerage.site/resources/js/stickyfill.min.js HTTP/1.1" 200 5672
202.8.42.181 - - [03/Feb/2025:00:10:35 +0100] "GET /ticket2/opencms/system/modules/com.gridnine.opencms.ticketbrokerage.site/resources/js/jquery/jquery.js HTTP/1.1" 200 93868
202.8.42.181 - - [03/Feb/2025:00:10:35 +0100] "GET /ticket2/opencms/system/modules/com.gridnine.opencms.ticketbrokerage.site/resources/js/standard.js HTTP/1.1" 200 3983
202.8.42.181 - - [03/Feb/2025:00:10:36 +0100] "GET /ticket2/opencms/system/modules/com.gridnine.opencms.ticketbrokerage.site/resources/js/jquery.placeholder.min.js HTTP/1.1" 200 1737
202.8.42.181 - - [03/Feb/2025:00:10:36 +0100] "GET /ticket2/opencms/system/modules/com.gridnine.opencms.ticketbrokerage.site/resources/js/common-ajax.js HTTP/1.1" 200 20175
202.8.42.181 - - [03/Feb/2025:00:10:36 +0100] "GET /ticket2/opencms/et/ask-form.html HTTP/1.1" 200 3156
202.8.42.181 - - [03/Feb/2025:00:10:36 +0100] "GET /ticket2/opencms/system/modules/com.gridnine.opencms.ticketbrokerage.site/resources/css/ticketbrokerage.css HTTP/1.1" 200 39339
195.191.219.130 - - [03/Feb/2025:00:10:37 +0100] "GET /ticket2/opencms/et/buy/?comcatid=A17713B6-D984-201A-4143-ED4DB5ED5C2E&catid=4B941E1B-E4E2-C53E-C693-9FA91BBA9AD5 HTTP/1.1" 200 6410
111.119.212.244 - - [03/Feb/2025:00:10:37 +0100] "GET /ticket2/opencms/pl/buy/?page=1&edid=9239880C-C5C0-5076-4AD5-4881F5EBAC4A HTTP/1.1" 200 133264
154.54.249.216 - - [03/Feb/2025:00:10:38 +0100] "GET /ticket2/opencms/lv/buy?page=1&edid=C3393D61-15D3-8460-CF9F-B720FE041934 HTTP/1.1" 200 106569
195.191.219.132 - - [03/Feb/2025:00:10:38 +0100] "GET /ticket2/opencms/sv/buy/?page=1&edid=2968CECB-C5E6-B033-A667-BDE7141C9B5E&sortorder=desc&column=price HTTP/1.1" 200 110244
54.36.148.179 - - [03/Feb/2025:00:10:40 +0100] "GET /ticket2/opencms/el/athlitismos/eisitiria-podosfairou/serie-a/inter/ HTTP/1.1" 200 95676
195.191.219.130 - - [03/Feb/2025:00:10:41 +0100] "GET /ticket2/opencms/et/buy/?comcatid=A17713B6-D984-201A-4143-ED4DB5ED5C2E&catid=515A9A29-35A0-2DB8-262B-AEF122DB04F6 HTTP/1.1" 200 6410
66.249.79.106 - - [03/Feb/2025:00:10:41 +0100] "GET /ticket2/opencms/fr/selling_tickets/ HTTP/1.1" 500 -
195.191.219.132 - - [03/Feb/2025:00:10:42 +0100] "GET /ticket2/opencms/sv/buy/?page=1&edid=2968CECB-C5E6-B033-A667-BDE7141C9B5E&sortorder=desc&column=row HTTP/1.1" 200 110178
66.249.79.33 - - [03/Feb/2025:00:10:44 +0100] "GET /ticket2/opencms/sk/buy/?page=1&edid=0ABF5308-5A84-07C0-4649-8691D025AC4F HTTP/1.1" 200 110995
195.191.219.130 - - [03/Feb/2025:00:10:44 +0100] "GET /ticket2/opencms/et/buy/?comcatid=A17713B6-D984-201A-4143-ED4DB5ED5C2E&catid=64756941-02D2-3538-2077-8C2508F4A3A8 HTTP/1.1" 200 6410
195.191.219.132 - - [03/Feb/2025:00:10:46 +0100] "GET /ticket2/opencms/sv/buy/?page=1&edid=29BA797B-C154-F348-7C3D-76E606A128C4&sortorder=desc&column=price HTTP/1.1" 200 110292
217.113.194.220 - - [03/Feb/2025:00:10:46 +0100] "GET /ticket2/opencms/lv/buy?page=1&edid=8D916C6C-0A69-41F7-4678-427710F013C6 HTTP/1.1" 200 110855
52.167.144.147 - - [03/Feb/2025:00:10:47 +0100] "GET /ticket2/opencms/be/magazine/article?title=michail-antonio-injured-after-car-accident HTTP/1.1" 200 87766
54.36.149.51 - - [03/Feb/2025:00:10:47 +0100] "GET /ticket2/opencms/dk/buy/?page=1&edid=BC5D7CD2-EB5B-8786-D71A-5AE6232D27A7 HTTP/1.1" 200 114626
195.191.219.130 - - [03/Feb/2025:00:10:48 +0100] "GET /ticket2/opencms/et/buy/?comcatid=A17713B6-D984-201A-4143-ED4DB5ED5C2E&catid=70B37487-FE30-D476-CAE7-E6AFEA3153F2 HTTP/1.1" 200 6410
195.191.219.132 - - [03/Feb/2025:00:10:50 +0100] "GET /ticket2/opencms/sv/buy/?page=1&edid=29BA797B-C154-F348-7C3D-76E606A128C4&sortorder=desc&column=row HTTP/1.1" 200 110226
195.191.219.130 - - [03/Feb/2025:00:10:51 +0100] "GET /ticket2/opencms/et/buy/?page=1&edid=2A51ECF8-5DB5-F349-CC30-BF574AC78AE1 HTTP/1.1" 200 109993
5.9.55.228 - - [03/Feb/2025:00:10:53 +0100] "GET /ticket2/opencms/en/buy/?comcatid=a17713b6-d984-201a-4143-ed4db5ed5c2e&catid=a4d9ea9a-192d-0274-bf26-9c98d8b902ab HTTP/1.1" 200 6410
195.191.219.132 - - [03/Feb/2025:00:10:53 +0100] "GET /ticket2/opencms/sv/buy/?page=1&edid=29BA797B-C154-F348-7C3D-76E606A128C4&sortorder=desc&column=section HTTP/1.1" 200 110358
54.36.148.223 - - [03/Feb/2025:00:10:55 +0100] "GET /ticket2/opencms/fi/venue/?venueid=3EFA133C-9DC2-28D1-976C-FF89420A85DD HTTP/1.1" 200 84695
217.113.194.218 - - [03/Feb/2025:00:10:55 +0100] "GET /ticket2/opencms/lv/buy?page=1&edid=6CBE2591-0C21-C59A-952D-56E2316290E2 HTTP/1.1" 200 109422
195.191.219.130 - - [03/Feb/2025:00:10:55 +0100] "GET /ticket2/opencms/et/buy/?page=1&edid=2A5AF1AC-2C05-5477-4CEB-8D27FBA1280A HTTP/1.1" 200 106380
195.191.219.132 - - [03/Feb/2025:00:10:57 +0100] "GET /ticket2/opencms/sv/buy/?page=1&edid=2A03D200-6C3E-00E6-4099-16BFE74BA999&sortorder=desc&column=price HTTP/1.1" 200 110888
195.191.219.130 - - [03/Feb/2025:00:10:59 +0100] "GET /ticket2/opencms/et/buy/?page=1&edid=2BCFF4EF-6BDF-430E-65C2-6E90270A0C8C HTTP/1.1" 200 106373
54.36.148.138 - - [03/Feb/2025:00:10:59 +0100] "GET /ticket2/opencms/az/buy/?page=1&edid=86A7D428-8E42-C0D0-846E-90C83426D4AE HTTP/1.1" 200 122722
195.191.219.132 - - [03/Feb/2025:00:11:01 +0100] "GET /ticket2/opencms/sv/buy/?page=1&edid=2A03D200-6C3E-00E6-4099-16BFE74BA999&sortorder=desc&column=section HTTP/1.1" 200 110954
195.191.219.130 - - [03/Feb/2025:00:11:03 +0100] "GET /ticket2/opencms/et/buy/?page=1&edid=2C495116-CB98-C9E3-B9E8-389135800397 HTTP/1.1" 200 108686
217.113.194.215 - - [03/Feb/2025:00:11:03 +0100] "GET /ticket2/opencms/lv/buy?page=1&edid=0D353788-61FD-B6FC-9FEC-0ADA26ABA7C2 HTTP/1.1" 200 108878
66.249.79.33 - - [03/Feb/2025:00:11:04 +0100] "GET /ticket2/opencms/uk/buy?page=1&edid=1EC9B49C-3E71-53D7-479D-7C922516D58E&hlv=66d5b8a6-c318-4610-a39a-6ff50a01000f HTTP/1.1" 200 114640
195.191.219.132 - - [03/Feb/2025:00:11:04 +0100] "GET /ticket2/opencms/sv/buy/?page=1&edid=2A0CF380-8C0A-32BD-5783-B7591B6DB2F6 HTTP/1.1" 200 106086
195.191.219.130 - - [03/Feb/2025:00:11:07 +0100] "GET /ticket2/opencms/et/buy/?page=1&edid=2D210BFD-73B3-FBB7-71E1-6587B60103F1 HTTP/1.1" 200 119495
195.191.219.132 - - [03/Feb/2025:00:11:08 +0100] "GET /ticket2/opencms/sv/buy/?page=1&edid=2A93FDBF-8999-C9A7-A2BB-3747C42B429D&sortorder=asc&column=section HTTP/1.1" 200 110274
195.191.219.130 - - [03/Feb/2025:00:11:11 +0100] "GET /ticket2/opencms/et/buy/?page=1&edid=341262D8-7A59-5821-1DA8-A5F36D843BF9 HTTP/1.1" 200 110668
54.36.148.232 - - [03/Feb/2025:00:11:11 +0100] "GET /ticket2/opencms/ro/buy?page=1&edid=AC996AD7-E82D-D922-E0F1-608A8CC76E7A HTTP/1.1" 200 110019
195.191.219.132 - - [03/Feb/2025:00:11:12 +0100] "GET /ticket2/opencms/sv/buy/?page=1&edid=9EA37920-9D1A-F26E-E9A9-49D65DB88D0F&sortorder=asc&column=price HTTP/1.1" 200 109759
154.54.249.216 - - [03/Feb/2025:00:11:12 +0100] "GET /ticket2/opencms/it/buy?page=1&edid=EE88A278-4246-5F52-B464-8A4E30AD7F5A HTTP/1.1" 200 109872
195.191.219.130 - - [03/Feb/2025:00:11:15 +0100] "GET /ticket2/opencms/et/buy/?page=1&edid=3554D6C4-2FFC-457C-507A-C2BD7C1E41FE HTTP/1.1" 200 133354
195.191.219.132 - - [03/Feb/2025:00:11:15 +0100] "GET /ticket2/opencms/sv/buy/?page=1&edid=9F204847-C811-936E-4B8D-981865300B46&sortorder=desc&column=section HTTP/1.1" 200 109652
195.191.219.130 - - [03/Feb/2025:00:11:19 +0100] "GET /ticket2/opencms/et/buy/?page=1&edid=355D3270-70A4-08B0-6A25-52C4305F40B2 HTTP/1.1" 200 106369
195.191.219.132 - - [03/Feb/2025:00:11:19 +0100] "GET /ticket2/opencms/sv/buy/?page=1&edid=A082D9A0-E4D1-0360-423C-F14EC7DAC615&sortorder=desc&column=row HTTP/1.1" 200 107013
166.108.195.62 - - [03/Feb/2025:00:11:19 +0100] "GET /ticket2/opencms/pl/buy?page=6&comcatid=97ECA65A-72DA-F9AF-9DBB-245D3CFED1BE&catid=55D1256D-BDD9-CBA3-47A3-0A252F702555 HTTP/1.1" 200 6410
54.36.148.121 - - [03/Feb/2025:00:11:19 +0100] "GET /ticket2/opencms/uk/buy/?page=1&edid=6C967880-E08B-3121-25D0-F145A5542A49 HTTP/1.1" 200 127895
52.167.144.170 - - [03/Feb/2025:00:11:19 +0100] "GET /ticket2/opencms/lt/ HTTP/1.1" 200 104862
217.113.194.219 - - [03/Feb/2025:00:11:21 +0100] "GET /ticket2/opencms/it/buy?page=1&edid=5D04F461-F492-990A-38B5-F3397FE93D4C HTTP/1.1" 200 110089
40.77.167.34 - - [03/Feb/2025:00:11:23 +0100] "GET /ticket2/opencms/hu/buy?page=1&edid=EDD921C3-85E0-12A1-A432-98789C28A5CD HTTP/1.1" 200 109563
195.191.219.130 - - [03/Feb/2025:00:11:23 +0100] "GET /ticket2/opencms/et/buy/?page=1&edid=358070B4-8C45-0881-BDE4-7E85113C242B HTTP/1.1" 200 106368
195.191.219.132 - - [03/Feb/2025:00:11:23 +0100] "GET /ticket2/opencms/sv/buy/?page=1&edid=A082D9A0-E4D1-0360-423C-F14EC7DAC615&sortorder=desc&column=section HTTP/1.1" 200 107145
40.77.167.230 - - [03/Feb/2025:00:11:23 +0100] "GET /ticket2/opencms/en/magazine/article?title=fc-liverpool-season-reflection HTTP/1.1" 200 85549
114.119.133.220 - - [03/Feb/2025:00:11:24 +0100] "GET /ticket2/opencms/en/venue/?venueid=50859568-726C-2D0D-904C-FF60FB4804EC HTTP/1.1" 200 83340
195.191.219.132 - - [03/Feb/2025:00:11:26 +0100] "GET /ticket2/opencms/sv/buy/?page=1&edid=A0D151F7-FFFC-6ED6-C929-78600C8052DB HTTP/1.1" 200 109343
195.191.219.130 - - [03/Feb/2025:00:11:27 +0100] "GET /ticket2/opencms/et/buy/?page=1&edid=3583D5C7-607A-E528-A709-844E6A72DC1B HTTP/1.1" 200 141445
54.36.149.45 - - [03/Feb/2025:00:11:27 +0100] "GET /ticket2/opencms/sr/buy?page=1&edid=C3C88BDA-1CC3-8611-4BC9-911B22C7161C HTTP/1.1" 200 109694
217.113.194.212 - - [03/Feb/2025:00:11:30 +0100] "GET /ticket2/opencms/lt/buy?page=1&edid=7F799A34-A2BE-D291-CE84-29C608B78F94 HTTP/1.1" 200 110320
195.191.219.132 - - [03/Feb/2025:00:11:30 +0100] "GET /ticket2/opencms/sv/buy/?page=1&edid=A113FE85-7662-7C87-CCFD-A458A1DAC50B HTTP/1.1" 200 109340
195.191.219.130 - - [03/Feb/2025:00:11:31 +0100] "GET /ticket2/opencms/et/buy/?page=1&edid=3590293B-3580-7B39-A58A-6ECDB1E34543 HTTP/1.1" 200 132029
66.249.79.33 - - [03/Feb/2025:00:11:32 +0100] "GET /ticket2/opencms/uk/buy/?page=1&edid=0ABF5308-5A84-07C0-4649-8691D025AC4F HTTP/1.1" 200 113462
195.191.219.132 - - [03/Feb/2025:00:11:34 +0100] "GET /ticket2/opencms/sv/buy/?page=1&edid=A1A37FC4-1FF6-4D2A-B598-FE1862FE9ADD HTTP/1.1" 200 109234
54.36.148.36 - - [03/Feb/2025:00:11:34 +0100] "GET /ticket2/opencms/ro/buy?page=1&edid=84C1C15E-A3CC-07A1-AA6A-061FC4B03894 HTTP/1.1" 200 110309
195.191.219.130 - - [03/Feb/2025:00:11:35 +0100] "GET /ticket2/opencms/et/buy/?page=1&edid=35CC7524-8A7A-7EC1-48FD-F1742720F1A5 HTTP/1.1" 200 116322
202.8.42.174 - - [03/Feb/2025:00:11:35 +0100] "GET /ticket2/opencms/system/modules/com.gridnine.opencms.ticketbrokerage.site/resources/css/standard.css HTTP/1.1" 200 73904
202.8.42.174 - - [03/Feb/2025:00:11:35 +0100] "GET /ticket2/opencms/system/modules/com.gridnine.opencms.ticketbrokerage.site/resources/css/calendar.css HTTP/1.1" 200 6871
202.8.42.174 - - [03/Feb/2025:00:11:35 +0100] "GET /ticket2/opencms/system/modules/com.gridnine.opencms.ticketbrokerage.site/resources/css/jquery.fancybox.css HTTP/1.1" 200 4939
202.8.42.174 - - [03/Feb/2025:00:11:35 +0100] "GET /ticket2/opencms/system/modules/com.gridnine.opencms.ticketbrokerage.site/resources/css/jquery-ui.css HTTP/1.1" 200 33221
202.8.42.174 - - [03/Feb/2025:00:11:35 +0100] "GET /ticket2/opencms/system/modules/com.gridnine.opencms.ticketbrokerage.site/resources/css/ticketbrokerage.css HTTP/1.1" 200 39339
202.8.42.174 - - [03/Feb/2025:00:11:35 +0100] "GET /ticket2/opencms/system/modules/com.gridnine.opencms.ticketbrokerage.site/resources/js/jquery/jquery.js HTTP/1.1" 200 93868
202.8.42.174 - - [03/Feb/2025:00:11:35 +0100] "GET /ticket2/opencms/system/modules/com.gridnine.opencms.ticketbrokerage.site/resources/js/functions.js HTTP/1.1" 200 1583
202.8.42.174 - - [03/Feb/2025:00:11:35 +0100] "GET /ticket2/opencms/system/modules/com.gridnine.opencms.ticketbrokerage.site/resources/js/jquery/jquery-ui.js HTTP/1.1" 200 228088
202.8.42.174 - - [03/Feb/2025:00:11:35 +0100] "GET /ticket2/opencms/system/modules/com.gridnine.opencms.ticketbrokerage.site/resources/js/calendar-en.js HTTP/1.1" 200 3338
202.8.42.174 - - [03/Feb/2025:00:11:35 +0100] "GET /ticket2/opencms/system/modules/com.gridnine.opencms.ticketbrokerage.site/resources/js/calendar-setup.js HTTP/1.1" 200 4923
202.8.42.174 - - [03/Feb/2025:00:11:35 +0100] "GET /ticket2/opencms/system/modules/com.gridnine.opencms.ticketbrokerage.site/resources/js/calendar.js HTTP/1.1" 200 49229
202.8.42.174 - - [03/Feb/2025:00:11:36 +0100] "GET /ticket2/opencms/system/modules/com.gridnine.opencms.ticketbrokerage.site/resources/js/jquery.fancybox.pack.js HTTP/1.1" 200 23187
202.8.42.174 - - [03/Feb/2025:00:11:36 +0100] "GET /ticket2/opencms/system/modules/com.gridnine.opencms.ticketbrokerage.site/resources/js/stickyfill.min.js HTTP/1.1" 200 5672
202.8.42.174 - - [03/Feb/2025:00:11:36 +0100] "GET /ticket2/opencms/system/modules/com.gridnine.opencms.ticketbrokerage.site/resources/js/standard.js HTTP/1.1" 200 3983
52.167.144.20 - - [03/Feb/2025:00:11:36 +0100] "GET /ticket2/opencms/de/buy/?page=1&edid=4733CC89-BE57-D0F5-4043-F4F18330B564 HTTP/1.1" 200 108174
66.249.76.170 - - [03/Feb/2025:00:11:36 +0100] "GET /ticket2/opencms/sv/buy?page=1&edid=7624E370-717C-E67C-7863-0581645F3814 HTTP/1.1" 200 112094
202.8.42.174 - - [03/Feb/2025:00:11:36 +0100] "GET /ticket2/opencms/system/modules/com.gridnine.opencms.ticketbrokerage.site/resources/js/jquery.placeholder.min.js HTTP/1.1" 200 1737
5.9.55.228 - - [03/Feb/2025:00:11:36 +0100] "GET /ticket2/opencms/en/buy/?comcatid=a17713b6-d984-201a-4143-ed4db5ed5c2e&catid=ae3fe643-ae41-baa6-237d-5206d1b044a1 HTTP/1.1" 200 6410
202.8.42.174 - - [03/Feb/2025:00:11:36 +0100] "GET /ticket2/opencms/system/modules/com.gridnine.opencms.ticketbrokerage.site/resources/js/common-ajax.js HTTP/1.1" 200 20175
202.8.42.174 - - [03/Feb/2025:00:11:36 +0100] "GET /ticket2/opencms/ro/ask-form.html HTTP/1.1" 200 3156
202.8.42.174 - - [03/Feb/2025:00:11:36 +0100] "GET /ticket2/opencms/system/modules/com.gridnine.opencms.ticketbrokerage.site/resources/css/ticketbrokerage.css HTTP/1.1" 200 39339
66.249.79.36 - - [03/Feb/2025:00:11:37 +0100] "GET /ticket2/opencms/pl/buy/?page=1&edid=601F2318-7477-7FC8-2487-EFF4A82C960F HTTP/1.1" 200 106367
195.191.219.132 - - [03/Feb/2025:00:11:37 +0100] "GET /ticket2/opencms/sv/buy/?page=1&edid=A2CC090B-5B4E-7532-CAD5-925B7202C8D7 HTTP/1.1" 200 109264
45.148.10.242 - - [03/Feb/2025:00:11:38 +0100] "GET /cgi-bin/luci/;stok=/locale HTTP/1.1" 404 -
154.54.249.216 - - [03/Feb/2025:00:11:38 +0100] "GET /ticket2/opencms/mt/buy?page=1&edid=E20DC4B2-605C-6B27-A096-414FF2522D6E HTTP/1.1" 200 110434
66.249.79.35 - - [03/Feb/2025:00:11:39 +0100] "GET /ticket2/opencms/ga/buy/?page=1&edid=8D067D33-4AB8-CD99-805B-FBEC01127522 HTTP/1.1" 200 106838
195.191.219.130 - - [03/Feb/2025:00:11:39 +0100] "GET /ticket2/opencms/et/buy/?page=1&edid=3624BB9D-BDA3-C6BF-E8FF-2DF1F5C3F73A HTTP/1.1" 200 106368
54.36.148.8 - - [03/Feb/2025:00:11:39 +0100] "GET /ticket2/opencms/bg/magazine/article?title=nositel-na-zlatnata-topka-2024 HTTP/1.1" 200 87654
66.249.76.133 - - [03/Feb/2025:00:11:41 +0100] "GET /ticket2/opencms/system/modules/com.gridnine.opencms.ticketbrokerage.site/resources/js/functions.js HTTP/1.1" 200 1583
195.191.219.132 - - [03/Feb/2025:00:11:41 +0100] "GET /ticket2/opencms/sv/buy/?page=1&edid=A39379DA-1375-E962-6BB8-A36C2BDDD0AC&sortorder=asc&column=price HTTP/1.1" 200 110198
47.128.37.172 - - [03/Feb/2025:00:11:42 +0100] "GET /ticket2/opencms/is/?comcatid=810BB404-4103-77F2-A6C2-12D5E6C338E2 HTTP/1.1" 200 104089
195.191.219.130 - - [03/Feb/2025:00:11:43 +0100] "GET /ticket2/opencms/et/buy/?page=1&edid=367697E8-9CE6-4DE1-99C6-92AA7A0AA7C2 HTTP/1.1" 200 106376
47.128.113.166 - - [03/Feb/2025:00:11:43 +0100] "GET /ticket2/opencms/sl/buy?edid=3583D5C7-607A-E528-A709-844E6A72DC1B HTTP/1.1" 200 89526
114.119.141.206 - - [03/Feb/2025:00:11:44 +0100] "GET /ticket2/opencms/en/venue/?venueid=785962EB-8414-D059-305F-74BBF3E070CF HTTP/1.1" 200 83252
195.191.219.132 - - [03/Feb/2025:00:11:45 +0100] "GET /ticket2/opencms/sv/buy/?page=1&edid=A457959E-C519-3DD7-06E1-3EB362B95926 HTTP/1.1" 200 106087
54.36.149.56 - - [03/Feb/2025:00:11:45 +0100] "GET /ticket2/opencms/cs/buy?page=1&edid=F25FBBE3-B880-5730-A316-AE0E479B4D0A HTTP/1.1" 200 106480
217.113.194.218 - - [03/Feb/2025:00:11:47 +0100] "GET /ticket2/opencms/mt/buy?page=1&edid=BE205C18-AB59-5ED1-BF23-6632C9BAFEED HTTP/1.1" 200 106753
195.191.219.130 - - [03/Feb/2025:00:11:47 +0100] "GET /ticket2/opencms/et/buy/?page=1&edid=36AF1B5E-5A99-17FA-F2C9-AE0F1234F398 HTTP/1.1" 200 122756
195.191.219.132 - - [03/Feb/2025:00:11:49 +0100] "GET /ticket2/opencms/sv/buy/?page=1&edid=A650EF1D-F037-0714-224E-03B9F2F2037F HTTP/1.1" 200 109271
54.36.149.57 - - [03/Feb/2025:00:11:52 +0100] "GET /ticket2/opencms/sk/buy/?page=1&edid=47C0370F-9915-7673-E038-7AD65907592C HTTP/1.1" 200 132674
195.191.219.130 - - [03/Feb/2025:00:11:52 +0100] "GET /ticket2/opencms/et/buy/?page=1&edid=36B8587B-9BD4-1599-9368-E59F9780F9A9 HTTP/1.1" 200 143208
195.191.219.132 - - [03/Feb/2025:00:11:53 +0100] "GET /ticket2/opencms/sv/buy/?page=1&edid=A83A5ABF-2C57-0520-8010-5DCE561EE55B&sortorder=asc&column=row HTTP/1.1" 200 110649
40.77.167.224 - - [03/Feb/2025:00:11:56 +0100] "GET /ticket2/opencms/en/buy/?page=1&edid=B44043BA-2040-09B9-A403-A3534377665F HTTP/1.1" 200 104738
217.113.194.218 - - [03/Feb/2025:00:11:56 +0100] "GET /ticket2/opencms/mt/buy?page=1&edid=8E087689-30A7-E7AD-9853-CFBC4F6216DD HTTP/1.1" 200 132420
66.249.79.33 - - [03/Feb/2025:00:11:56 +0100] "GET /ticket2/opencms/ro/buy/?page=1&edid=D0017C8D-A42C-9E94-32C0-287112DFAD61 HTTP/1.1" 200 106623
195.191.219.130 - - [03/Feb/2025:00:11:57 +0100] "GET /ticket2/opencms/et/buy/?page=1&edid=3706597D-01C1-24D2-0A1C-59FBD9F8851C HTTP/1.1" 200 109435
195.191.219.132 - - [03/Feb/2025:00:11:57 +0100] "GET /ticket2/opencms/sv/buy/?page=1&edid=CB1A6DCE-08B0-3E84-CE92-22ED535AB832&sortorder=desc&column=row HTTP/1.1" 200 110859
54.36.149.81 - - [03/Feb/2025:00:11:58 +0100] "GET /ticket2/opencms/bs/buy?page=1&edid=34D2BBB8-FB45-0D0E-564E-E2214021F35A HTTP/1.1" 200 109976
202.8.43.209 - - [03/Feb/2025:00:11:59 +0100] "GET /ticket2/opencms/system/modules/com.gridnine.opencms.ticketbrokerage.site/resources/css/ticketbrokerage.css HTTP/1.1" 200 39339
202.8.43.209 - - [03/Feb/2025:00:11:59 +0100] "GET /ticket2/opencms/system/modules/com.gridnine.opencms.ticketbrokerage.site/resources/css/jquery.fancybox.css HTTP/1.1" 200 4939
202.8.43.209 - - [03/Feb/2025:00:11:59 +0100] "GET /ticket2/opencms/system/modules/com.gridnine.opencms.ticketbrokerage.site/resources/css/calendar.css HTTP/1.1" 200 6871
202.8.43.209 - - [03/Feb/2025:00:11:59 +0100] "GET /ticket2/opencms/system/modules/com.gridnine.opencms.ticketbrokerage.site/resources/css/standard.css HTTP/1.1" 200 73904
202.8.43.209 - - [03/Feb/2025:00:11:59 +0100] "GET /ticket2/opencms/system/modules/com.gridnine.opencms.ticketbrokerage.site/resources/css/jquery-ui.css HTTP/1.1" 200 33221
202.8.43.209 - - [03/Feb/2025:00:11:59 +0100] "GET /ticket2/opencms/system/modules/com.gridnine.opencms.ticketbrokerage.site/resources/js/jquery/jquery.js HTTP/1.1" 200 93868
202.8.43.209 - - [03/Feb/2025:00:11:59 +0100] "GET /ticket2/opencms/system/modules/com.gridnine.opencms.ticketbrokerage.site/resources/js/calendar.js HTTP/1.1" 200 49229
202.8.43.209 - - [03/Feb/2025:00:11:59 +0100] "GET /ticket2/opencms/system/modules/com.gridnine.opencms.ticketbrokerage.site/resources/js/calendar-en.js HTTP/1.1" 200 3338
202.8.43.209 - - [03/Feb/2025:00:11:59 +0100] "GET /ticket2/opencms/system/modules/com.gridnine.opencms.ticketbrokerage.site/resources/js/functions.js HTTP/1.1" 200 1583
202.8.43.209 - - [03/Feb/2025:00:11:59 +0100] "GET /ticket2/opencms/system/modules/com.gridnine.opencms.ticketbrokerage.site/resources/js/jquery/jquery-ui.js HTTP/1.1" 200 228088
202.8.43.209 - - [03/Feb/2025:00:11:59 +0100] "GET /ticket2/opencms/system/modules/com.gridnine.opencms.ticketbrokerage.site/resources/js/calendar-setup.js HTTP/1.1" 200 4923
202.8.43.209 - - [03/Feb/2025:00:11:59 +0100] "GET /ticket2/opencms/system/modules/com.gridnine.opencms.ticketbrokerage.site/resources/js/jquery.fancybox.pack.js HTTP/1.1" 200 23187
202.8.43.209 - - [03/Feb/2025:00:11:59 +0100] "GET /ticket2/opencms/system/modules/com.gridnine.opencms.ticketbrokerage.site/resources/js/stickyfill.min.js HTTP/1.1" 200 5672
202.8.43.209 - - [03/Feb/2025:00:11:59 +0100] "GET /ticket2/opencms/system/modules/com.gridnine.opencms.ticketbrokerage.site/resources/js/standard.js HTTP/1.1" 200 3983
202.8.43.209 - - [03/Feb/2025:00:12:00 +0100] "GET /ticket2/opencms/system/modules/com.gridnine.opencms.ticketbrokerage.site/resources/js/jquery.placeholder.min.js HTTP/1.1" 200 1737
202.8.43.209 - - [03/Feb/2025:00:12:00 +0100] "GET /ticket2/opencms/system/modules/com.gridnine.opencms.ticketbrokerage.site/resources/js/common-ajax.js HTTP/1.1" 200 20175
202.8.43.209 - - [03/Feb/2025:00:12:00 +0100] "GET /ticket2/opencms/bs/ask-form.html HTTP/1.1" 200 3156
202.8.43.209 - - [03/Feb/2025:00:12:00 +0100] "GET /ticket2/opencms/system/modules/com.gridnine.opencms.ticketbrokerage.site/resources/css/ticketbrokerage.css HTTP/1.1" 200 39339
195.191.219.132 - - [03/Feb/2025:00:12:01 +0100] "GET /ticket2/opencms/sv/buy/?page=1&edid=CC33A6F6-C64B-FC65-C420-F12FE93D0E9E&sortorder=desc&column=price HTTP/1.1" 200 109562
195.191.219.130 - - [03/Feb/2025:00:12:01 +0100] "GET /ticket2/opencms/et/buy/?page=1&edid=3A899F3D-4563-653B-4B43-C09A35CA2BD9 HTTP/1.1" 200 132028
85.208.96.210 - - [03/Feb/2025:00:12:02 +0100] "GET /ticket2/opencms/pl/sport/bilety-futbol/premier-league/crystal_palace HTTP/1.1" 200 96163
54.36.148.188 - - [03/Feb/2025:00:12:04 +0100] "GET /ticket2/opencms/cs/buy?page=1&edid=0D37E384-2B78-1FC5-2B22-30B553C53918 HTTP/1.1" 200 106424
195.191.219.132 - - [03/Feb/2025:00:12:05 +0100] "GET /ticket2/opencms/sv/buy/?page=1&edid=CEA5A2C6-1232-CC98-D878-1CA7BFA99E8A&sortorder=asc&column=row HTTP/1.1" 200 107931
195.191.219.130 - - [03/Feb/2025:00:12:05 +0100] "GET /ticket2/opencms/et/buy/?page=1&edid=3AAD2194-7D27-1E14-1F37-DA3A90110F57 HTTP/1.1" 200 106356
202.8.42.136 - - [03/Feb/2025:00:12:05 +0100] "GET /ticket2/opencms/system/modules/com.gridnine.opencms.ticketbrokerage.site/resources/css/calendar.css HTTP/1.1" 200 6871
202.8.42.136 - - [03/Feb/2025:00:12:05 +0100] "GET /ticket2/opencms/system/modules/com.gridnine.opencms.ticketbrokerage.site/resources/css/ticketbrokerage.css HTTP/1.1" 200 39339
202.8.42.136 - - [03/Feb/2025:00:12:05 +0100] "GET /ticket2/opencms/system/modules/com.gridnine.opencms.ticketbrokerage.site/resources/css/jquery-ui.css HTTP/1.1" 200 33221
202.8.42.136 - - [03/Feb/2025:00:12:05 +0100] "GET /ticket2/opencms/system/modules/com.gridnine.opencms.ticketbrokerage.site/resources/css/jquery.fancybox.css HTTP/1.1" 200 4939
202.8.42.136 - - [03/Feb/2025:00:12:05 +0100] "GET /ticket2/opencms/system/modules/com.gridnine.opencms.ticketbrokerage.site/resources/css/standard.css HTTP/1.1" 200 73904
202.8.42.136 - - [03/Feb/2025:00:12:05 +0100] "GET /ticket2/opencms/system/modules/com.gridnine.opencms.ticketbrokerage.site/resources/js/calendar.js HTTP/1.1" 200 49229
202.8.42.136 - - [03/Feb/2025:00:12:06 +0100] "GET /ticket2/opencms/system/modules/com.gridnine.opencms.ticketbrokerage.site/resources/js/calendar-en.js HTTP/1.1" 200 3338
202.8.42.136 - - [03/Feb/2025:00:12:06 +0100] "GET /ticket2/opencms/system/modules/com.gridnine.opencms.ticketbrokerage.site/resources/js/jquery/jquery.js HTTP/1.1" 200 93868
202.8.42.136 - - [03/Feb/2025:00:12:06 +0100] "GET /ticket2/opencms/system/modules/com.gridnine.opencms.ticketbrokerage.site/resources/js/functions.js HTTP/1.1" 200 1583
202.8.42.136 - - [03/Feb/2025:00:12:06 +0100] "GET /ticket2/opencms/system/modules/com.gridnine.opencms.ticketbrokerage.site/resources/js/jquery/jquery-ui.js HTTP/1.1" 200 228088
202.8.42.136 - - [03/Feb/2025:00:12:06 +0100] "GET /ticket2/opencms/system/modules/com.gridnine.opencms.ticketbrokerage.site/resources/js/calendar-setup.js HTTP/1.1" 200 4923
202.8.42.136 - - [03/Feb/2025:00:12:06 +0100] "GET /ticket2/opencms/system/modules/com.gridnine.opencms.ticketbrokerage.site/resources/js/jquery.fancybox.pack.js HTTP/1.1" 200 23187
202.8.42.136 - - [03/Feb/2025:00:12:06 +0100] "GET /ticket2/opencms/system/modules/com.gridnine.opencms.ticketbrokerage.site/resources/js/stickyfill.min.js HTTP/1.1" 200 5672
202.8.42.136 - - [03/Feb/2025:00:12:06 +0100] "GET /ticket2/opencms/system/modules/com.gridnine.opencms.ticketbrokerage.site/resources/js/standard.js HTTP/1.1" 200 3983
202.8.42.136 - - [03/Feb/2025:00:12:06 +0100] "GET /ticket2/opencms/system/modules/com.gridnine.opencms.ticketbrokerage.site/resources/js/jquery.placeholder.min.js HTTP/1.1" 200 1737
217.113.194.219 - - [03/Feb/2025:00:12:06 +0100] "GET /ticket2/opencms/ka/buy?page=1&edid=C781C90E-2A4A-BE38-23EB-6039DE2F5FA8 HTTP/1.1" 200 141549
202.8.42.136 - - [03/Feb/2025:00:12:06 +0100] "GET /ticket2/opencms/system/modules/com.gridnine.opencms.ticketbrokerage.site/resources/js/common-ajax.js HTTP/1.1" 200 20175
202.8.42.136 - - [03/Feb/2025:00:12:06 +0100] "GET /ticket2/opencms/cs/ask-form.html HTTP/1.1" 200 3156
202.8.42.136 - - [03/Feb/2025:00:12:06 +0100] "GET /ticket2/opencms/system/modules/com.gridnine.opencms.ticketbrokerage.site/resources/css/ticketbrokerage.css HTTP/1.1" 200 39339
101.44.24.2 - - [03/Feb/2025:00:12:08 +0100] "GET /ticket2/opencms/pl/buy/?page=1&edid=678EC144-6017-5CDC-9245-1F7DDAFF75F2 HTTP/1.1" 200 110059
195.191.219.130 - - [03/Feb/2025:00:12:09 +0100] "GET /ticket2/opencms/et/buy/?page=1&edid=3B157B14-2ACC-30A7-0D5C-8313AB0A1A32 HTTP/1.1" 200 109197
40.77.167.34 - - [03/Feb/2025:00:12:09 +0100] "GET /ticket2/opencms/uk HTTP/1.1" 200 105516
195.191.219.130 - - [03/Feb/2025:00:12:13 +0100] "GET /ticket2/opencms/et/buy/?page=1&edid=40C0E1B7-ADB1-62A5-2AFA-BC9667D7636D HTTP/1.1" 200 106381
54.36.148.84 - - [03/Feb/2025:00:12:13 +0100] "GET /ticket2/opencms/lt/buy/?page=1&edid=79716713-A068-E79D-953B-9FF4A2B80AAB HTTP/1.1" 200 132189
85.208.96.197 - - [03/Feb/2025:00:12:14 +0100] "GET /ticket2/opencms/pl/magazine/article?title=legenda-w-goracej-wymianie-zdan-z-kibicem HTTP/1.1" 200 86910
217.113.194.213 - - [03/Feb/2025:00:12:15 +0100] "GET /ticket2/opencms/ka/buy?page=1&edid=47EBAE6F-817A-37A2-D93C-48B4FE4F8A77 HTTP/1.1" 200 114636
5.9.55.228 - - [03/Feb/2025:00:12:16 +0100] "GET /ticket2/opencms/en/buy/?comcatid=a17713b6-d984-201a-4143-ed4db5ed5c2e&catid=bdd8c04c-dd99-1c07-b5f3-f2ab98d157e8 HTTP/1.1" 200 6410
195.191.219.130 - - [03/Feb/2025:00:12:17 +0100] "GET /ticket2/opencms/et/buy/?page=1&edid=43648BE5-AFA4-732B-7692-9089D01AA770 HTTP/1.1" 200 108853
54.36.149.17 - - [03/Feb/2025:00:12:19 +0100] "GET /ticket2/opencms/cs/buy/?page=1&edid=6C967880-E08B-3121-25D0-F145A5542A49 HTTP/1.1" 200 125344
195.191.219.130 - - [03/Feb/2025:00:12:21 +0100] "GET /ticket2/opencms/et/buy/?page=1&edid=45154ED5-FA84-B67F-49E1-915F660F7EFF HTTP/1.1" 200 106375
217.113.194.215 - - [03/Feb/2025:00:12:24 +0100] "GET /ticket2/opencms/pl/buy?page=1&edid=E1CACBEB-5FB5-F359-D95F-1110648BB53A HTTP/1.1" 200 134558
54.36.149.86 - - [03/Feb/2025:00:12:24 +0100] "GET /ticket2/opencms/el/login/ HTTP/1.1" 200 90761
195.191.219.130 - - [03/Feb/2025:00:12:25 +0100] "GET /ticket2/opencms/et/buy/?page=1&edid=459129C1-A0F8-2D8B-54E1-F5067FEFFAF4 HTTP/1.1" 200 129685
54.36.148.47 - - [03/Feb/2025:00:12:27 +0100] "GET /ticket2/opencms/is/buy/?page=1&edid=D4F26649-49E7-D9AD-008F-6A1EF16B5F3C HTTP/1.1" 200 125326
185.191.171.14 - - [03/Feb/2025:00:12:29 +0100] "GET /ticket2/opencms/robots.txt HTTP/1.1" 200 773
195.191.219.130 - - [03/Feb/2025:00:12:29 +0100] "GET /ticket2/opencms/et/buy/?page=1&edid=63D25C1E-F945-3D8C-F981-1BC33FDCD607 HTTP/1.1" 200 115960
85.208.96.208 - - [03/Feb/2025:00:12:29 +0100] "GET /ticket2/opencms/lt/magazine/article?title=emiratu-stadionas HTTP/1.1" 200 87059
114.119.143.233 - - [03/Feb/2025:00:12:30 +0100] "GET /ticket2/opencms/ga/buy?page=1&=2B30BB45-A5CB-5585-BB0E-1798C90D689A HTTP/1.1" 200 6507
66.249.79.34 - - [03/Feb/2025:00:12:32 +0100] "GET /ticket2/opencms/bs/buy/?page=1&edid=C783769A-8791-6C10-D63E-BC165049D2D0 HTTP/1.1" 200 109939
217.113.194.213 - - [03/Feb/2025:00:12:32 +0100] "GET /ticket2/opencms/pl/buy?page=1&edid=85A46D4A-3BBA-FABF-1612-5AD8302CC5AE HTTP/1.1" 200 108650
195.191.219.130 - - [03/Feb/2025:00:12:33 +0100] "GET /ticket2/opencms/et/buy/?page=1&edid=6491C4B6-5C45-20F3-BDEC-54EE4BA903D5 HTTP/1.1" 200 109700
66.249.79.33 - - [03/Feb/2025:00:12:33 +0100] "GET /ticket2/opencms/et/buy?page=1&edid=DD282B35-B6B7-ECA0-02E0-90864F5E2B50&hlv=666d3e37-8964-4f57-93d3-5bab0a01000f HTTP/1.1" 200 110550
114.119.141.178 - - [03/Feb/2025:00:12:34 +0100] "GET /ticket2/opencms/en/magazine/article?title=fc-liverpool-season-reflection HTTP/1.1" 200 85549
66.249.79.107 - - [03/Feb/2025:00:12:35 +0100] "GET /ticket2/opencms/fr/buy?page=1&edid=10597F35-2AC7-31D2-FB61-15A36BB6D73B HTTP/1.1" 200 134309
54.36.148.121 - - [03/Feb/2025:00:12:36 +0100] "GET /ticket2/opencms/sl/buy/?page=1&edid=DE6EAF1E-F0E3-BCEF-6FE9-789554B2D96C HTTP/1.1" 200 122273
195.191.219.130 - - [03/Feb/2025:00:12:37 +0100] "GET /ticket2/opencms/et/buy/?page=1&edid=68B485F7-9483-6E4F-656D-602EE2AC621D HTTP/1.1" 200 134439
66.249.76.170 - - [03/Feb/2025:00:12:40 +0100] "GET /ticket2/opencms/sk/buy/?page=1&edid=CAEEA559-CD58-5742-E655-0FFB277022BF HTTP/1.1" 200 110210
217.113.194.212 - - [03/Feb/2025:00:12:41 +0100] "GET /ticket2/opencms/pl/buy?page=1&edid=0B47736A-FA84-71BA-CCD6-2E1CA4B784CF HTTP/1.1" 200 106344
195.191.219.130 - - [03/Feb/2025:00:12:42 +0100] "GET /ticket2/opencms/et/buy/?page=1&edid=6900F69D-285C-3BF9-3103-7DA1DE82E367 HTTP/1.1" 200 110846
54.36.148.223 - - [03/Feb/2025:00:12:44 +0100] "GET /ticket2/opencms/hu/buy/?page=1&edid=8085E80D-BC8F-CDCF-7CC8-2F497FE082D3 HTTP/1.1" 200 136818
85.208.96.205 - - [03/Feb/2025:00:12:44 +0100] "GET /ticket2/opencms/tr/faq/ HTTP/1.1" 200 88513
52.167.144.203 - - [03/Feb/2025:00:12:45 +0100] "GET /ticket2/opencms/ HTTP/1.1" 302 -
195.191.219.130 - - [03/Feb/2025:00:12:46 +0100] "GET /ticket2/opencms/et/buy/?page=1&edid=696D5B95-E686-DB57-A55C-2EEBDCC864DE HTTP/1.1" 200 109752
52.167.144.203 - - [03/Feb/2025:00:12:47 +0100] "GET /ticket2/opencms/en/ HTTP/1.1" 200 102978
217.113.194.215 - - [03/Feb/2025:00:12:49 +0100] "GET /ticket2/opencms/hu/buy?page=1&edid=7F799A34-A2BE-D291-CE84-29C608B78F94 HTTP/1.1" 200 110162
195.191.219.130 - - [03/Feb/2025:00:12:50 +0100] "GET /ticket2/opencms/et/buy/?page=1&edid=697BE447-74B7-A748-152F-A1818DA4BEC9 HTTP/1.1" 200 133324
122.8.185.58 - - [03/Feb/2025:00:12:51 +0100] "GET /ticket2/opencms/pl/buy?page=1&edid=28EE235F-C841-C2B4-6721-3F0BBE0DFB17 HTTP/1.1" 200 129758
195.191.219.130 - - [03/Feb/2025:00:12:54 +0100] "GET /ticket2/opencms/et/buy/?page=1&edid=6B023766-ECB3-24CC-F992-263AD5C5EB2E HTTP/1.1" 200 110030
54.36.148.193 - - [03/Feb/2025:00:12:55 +0100] "GET /ticket2/opencms/sr/buy?page=1&edid=E9B7DED4-B9B3-1D5B-302C-EBD67027CF78 HTTP/1.1" 200 134176
202.8.40.255 - - [03/Feb/2025:00:12:56 +0100] "GET /ticket2/opencms/system/modules/com.gridnine.opencms.ticketbrokerage.site/resources/css/jquery-ui.css HTTP/1.1" 200 33221
202.8.40.255 - - [03/Feb/2025:00:12:56 +0100] "GET /ticket2/opencms/system/modules/com.gridnine.opencms.ticketbrokerage.site/resources/css/calendar.css HTTP/1.1" 200 6871
202.8.40.255 - - [03/Feb/2025:00:12:56 +0100] "GET /ticket2/opencms/system/modules/com.gridnine.opencms.ticketbrokerage.site/resources/css/ticketbrokerage.css HTTP/1.1" 200 39339
202.8.40.255 - - [03/Feb/2025:00:12:56 +0100] "GET /ticket2/opencms/system/modules/com.gridnine.opencms.ticketbrokerage.site/resources/css/jquery.fancybox.css HTTP/1.1" 200 4939
202.8.40.255 - - [03/Feb/2025:00:12:56 +0100] "GET /ticket2/opencms/system/modules/com.gridnine.opencms.ticketbrokerage.site/resources/css/standard.css HTTP/1.1" 200 73904
202.8.40.255 - - [03/Feb/2025:00:12:56 +0100] "GET /ticket2/opencms/system/modules/com.gridnine.opencms.ticketbrokerage.site/resources/js/jquery/jquery.js HTTP/1.1" 200 93868
202.8.40.255 - - [03/Feb/2025:00:12:56 +0100] "GET /ticket2/opencms/system/modules/com.gridnine.opencms.ticketbrokerage.site/resources/js/functions.js HTTP/1.1" 200 1583
202.8.40.255 - - [03/Feb/2025:00:12:56 +0100] "GET /ticket2/opencms/system/modules/com.gridnine.opencms.ticketbrokerage.site/resources/js/jquery/jquery-ui.js HTTP/1.1" 200 228088
202.8.40.255 - - [03/Feb/2025:00:12:56 +0100] "GET /ticket2/opencms/system/modules/com.gridnine.opencms.ticketbrokerage.site/resources/js/calendar-en.js HTTP/1.1" 200 3338
202.8.40.255 - - [03/Feb/2025:00:12:56 +0100] "GET /ticket2/opencms/system/modules/com.gridnine.opencms.ticketbrokerage.site/resources/js/calendar.js HTTP/1.1" 200 49229
202.8.40.255 - - [03/Feb/2025:00:12:56 +0100] "GET /ticket2/opencms/system/modules/com.gridnine.opencms.ticketbrokerage.site/resources/js/calendar-setup.js HTTP/1.1" 200 4923
202.8.40.255 - - [03/Feb/2025:00:12:56 +0100] "GET /ticket2/opencms/system/modules/com.gridnine.opencms.ticketbrokerage.site/resources/js/jquery.fancybox.pack.js HTTP/1.1" 200 23187
