65.21.232.254 - - [03/Feb/2025:01:17:55 +0100] "GET /ticket2/opencms/dk/login/?edid=CB97ACC5-8C2F-6123-F2BA-E3A04382FA1E HTTP/1.1" 200 90695
66.249.76.193 - - [03/Feb/2025:01:17:56 +0100] "GET /ticket2/opencms/et/ask-form.html HTTP/1.1" 200 3156
94.154.239.69 - - [03/Feb/2025:01:17:56 +0100] "GET /ticket2/opencms/sv/login/?edid=61AE6F92-4A88-67E8-9BF8-46C7B62812CA HTTP/1.1" 200 91591
217.113.194.212 - - [03/Feb/2025:01:17:57 +0100] "GET /ticket2/opencms/sq/buy?page=1&edid=E04C51A7-B254-2AD8-B75D-C7B1DB52808F HTTP/1.1" 200 112256
185.191.171.12 - - [03/Feb/2025:01:17:57 +0100] "GET /ticket2/opencms/sites/ticketbrokerage/sv/tickets/ HTTP/1.1" 404 -
65.21.232.254 - - [03/Feb/2025:01:17:59 +0100] "GET /ticket2/opencms/dk/login/?edid=CCDA29B0-07D8-8856-B626-F621E13D91E3 HTTP/1.1" 200 90727
185.191.171.10 - - [03/Feb/2025:01:18:00 +0100] "GET /ticket2/opencms/en HTTP/1.1" 200 105131
5.9.55.228 - - [03/Feb/2025:01:18:00 +0100] "GET /ticket2/opencms/fi/venue/?venueid=3E052964-D5DB-7727-FFA4-1BA16C172E21 HTTP/1.1" 200 86971
54.36.148.46 - - [03/Feb/2025:01:18:00 +0100] "GET /ticket2/opencms/mo/buy?page=1&edid=EFAD6268-83FA-7979-AAB3-785B7208F10D HTTP/1.1" 200 108685
192.99.3.137 - - [03/Feb/2025:01:18:01 +0100] "GET /ticket2/opencms/hu/buy/?page=1&edid=A41E1AA3-2CBC-8C77-6CAE-A96D07E2BBF7 HTTP/1.1" 200 108999
202.8.40.220 - - [03/Feb/2025:01:18:01 +0100] "GET /ticket2/opencms/system/modules/com.gridnine.opencms.ticketbrokerage.site/resources/css/ticketbrokerage.css HTTP/1.1" 200 39339
202.8.40.220 - - [03/Feb/2025:01:18:01 +0100] "GET /ticket2/opencms/system/modules/com.gridnine.opencms.ticketbrokerage.site/resources/css/calendar.css HTTP/1.1" 200 6871
202.8.40.220 - - [03/Feb/2025:01:18:01 +0100] "GET /ticket2/opencms/system/modules/com.gridnine.opencms.ticketbrokerage.site/resources/js/stickyfill.min.js HTTP/1.1" 200 5672
202.8.40.220 - - [03/Feb/2025:01:18:01 +0100] "GET /ticket2/opencms/system/modules/com.gridnine.opencms.ticketbrokerage.site/resources/css/jquery-ui.css HTTP/1.1" 200 33221
202.8.40.220 - - [03/Feb/2025:01:18:01 +0100] "GET /ticket2/opencms/system/modules/com.gridnine.opencms.ticketbrokerage.site/resources/css/jquery.fancybox.css HTTP/1.1" 200 4939
202.8.40.220 - - [03/Feb/2025:01:18:01 +0100] "GET /ticket2/opencms/system/modules/com.gridnine.opencms.ticketbrokerage.site/resources/css/standard.css HTTP/1.1" 200 73904
202.8.40.220 - - [03/Feb/2025:01:18:02 +0100] "GET /ticket2/opencms/system/modules/com.gridnine.opencms.ticketbrokerage.site/resources/js/functions.js HTTP/1.1" 200 1583
202.8.40.220 - - [03/Feb/2025:01:18:02 +0100] "GET /ticket2/opencms/system/modules/com.gridnine.opencms.ticketbrokerage.site/resources/js/calendar.js HTTP/1.1" 200 49229
202.8.40.220 - - [03/Feb/2025:01:18:02 +0100] "GET /ticket2/opencms/system/modules/com.gridnine.opencms.ticketbrokerage.site/resources/js/jquery/jquery.js HTTP/1.1" 200 93868
202.8.40.220 - - [03/Feb/2025:01:18:02 +0100] "GET /ticket2/opencms/system/modules/com.gridnine.opencms.ticketbrokerage.site/resources/js/jquery/jquery-ui.js HTTP/1.1" 200 228088
202.8.40.220 - - [03/Feb/2025:01:18:02 +0100] "GET /ticket2/opencms/system/modules/com.gridnine.opencms.ticketbrokerage.site/resources/js/calendar-en.js HTTP/1.1" 200 3338
202.8.40.220 - - [03/Feb/2025:01:18:02 +0100] "GET /ticket2/opencms/system/modules/com.gridnine.opencms.ticketbrokerage.site/resources/js/calendar-setup.js HTTP/1.1" 200 4923
202.8.40.220 - - [03/Feb/2025:01:18:02 +0100] "GET /ticket2/opencms/system/modules/com.gridnine.opencms.ticketbrokerage.site/resources/js/jquery.fancybox.pack.js HTTP/1.1" 200 23187
202.8.40.220 - - [03/Feb/2025:01:18:02 +0100] "GET /ticket2/opencms/system/modules/com.gridnine.opencms.ticketbrokerage.site/resources/js/standard.js HTTP/1.1" 200 3983
202.8.40.220 - - [03/Feb/2025:01:18:02 +0100] "GET /ticket2/opencms/system/modules/com.gridnine.opencms.ticketbrokerage.site/resources/js/jquery.placeholder.min.js HTTP/1.1" 200 1737
202.8.40.220 - - [03/Feb/2025:01:18:02 +0100] "GET /ticket2/opencms/system/modules/com.gridnine.opencms.ticketbrokerage.site/resources/js/common-ajax.js HTTP/1.1" 200 20175
202.8.40.220 - - [03/Feb/2025:01:18:02 +0100] "GET /ticket2/opencms/mo/ask-form.html HTTP/1.1" 200 3156
202.8.40.220 - - [03/Feb/2025:01:18:02 +0100] "GET /ticket2/opencms/system/modules/com.gridnine.opencms.ticketbrokerage.site/resources/css/ticketbrokerage.css HTTP/1.1" 200 39339
65.21.232.254 - - [03/Feb/2025:01:18:03 +0100] "GET /ticket2/opencms/dk/login/?edid=D5ECBB60-B9DE-C9C5-5B4C-845CEC40C77F HTTP/1.1" 200 90724
94.154.239.69 - - [03/Feb/2025:01:18:05 +0100] "GET /ticket2/opencms/sv/login/?edid=6312D7C5-4BBF-A97E-B93A-47328366BE18 HTTP/1.1" 200 91490
217.113.194.220 - - [03/Feb/2025:01:18:06 +0100] "GET /ticket2/opencms/sq/buy?page=1&edid=DE5B6A64-DD53-E533-1C9F-682C000226C9 HTTP/1.1" 200 112234
54.36.148.196 - - [03/Feb/2025:01:18:07 +0100] "GET /ticket2/opencms/ro/buy?page=1&edid=66639F01-2DC3-AE31-937D-1F5B14F403FD HTTP/1.1" 200 108871
65.21.232.254 - - [03/Feb/2025:01:18:07 +0100] "GET /ticket2/opencms/dk/login/?edid=D6A1B130-9B06-3599-EB71-2853514A277E HTTP/1.1" 200 90786
202.8.43.93 - - [03/Feb/2025:01:18:08 +0100] "GET /ticket2/opencms/system/modules/com.gridnine.opencms.ticketbrokerage.site/resources/css/standard.css HTTP/1.1" 200 73904
202.8.43.93 - - [03/Feb/2025:01:18:08 +0100] "GET /ticket2/opencms/system/modules/com.gridnine.opencms.ticketbrokerage.site/resources/css/ticketbrokerage.css HTTP/1.1" 200 39339
202.8.43.93 - - [03/Feb/2025:01:18:08 +0100] "GET /ticket2/opencms/system/modules/com.gridnine.opencms.ticketbrokerage.site/resources/css/jquery.fancybox.css HTTP/1.1" 200 4939
202.8.43.93 - - [03/Feb/2025:01:18:08 +0100] "GET /ticket2/opencms/system/modules/com.gridnine.opencms.ticketbrokerage.site/resources/css/jquery-ui.css HTTP/1.1" 200 33221
202.8.43.93 - - [03/Feb/2025:01:18:08 +0100] "GET /ticket2/opencms/system/modules/com.gridnine.opencms.ticketbrokerage.site/resources/css/calendar.css HTTP/1.1" 200 6871
202.8.43.93 - - [03/Feb/2025:01:18:08 +0100] "GET /ticket2/opencms/system/modules/com.gridnine.opencms.ticketbrokerage.site/resources/js/jquery/jquery.js HTTP/1.1" 200 93868
202.8.43.93 - - [03/Feb/2025:01:18:08 +0100] "GET /ticket2/opencms/system/modules/com.gridnine.opencms.ticketbrokerage.site/resources/js/jquery/jquery-ui.js HTTP/1.1" 200 228088
202.8.43.93 - - [03/Feb/2025:01:18:08 +0100] "GET /ticket2/opencms/system/modules/com.gridnine.opencms.ticketbrokerage.site/resources/js/functions.js HTTP/1.1" 200 1583
202.8.43.93 - - [03/Feb/2025:01:18:08 +0100] "GET /ticket2/opencms/system/modules/com.gridnine.opencms.ticketbrokerage.site/resources/js/calendar.js HTTP/1.1" 200 49229
202.8.43.93 - - [03/Feb/2025:01:18:08 +0100] "GET /ticket2/opencms/system/modules/com.gridnine.opencms.ticketbrokerage.site/resources/js/calendar-setup.js HTTP/1.1" 200 4923
202.8.43.93 - - [03/Feb/2025:01:18:08 +0100] "GET /ticket2/opencms/system/modules/com.gridnine.opencms.ticketbrokerage.site/resources/js/calendar-en.js HTTP/1.1" 200 3338
202.8.43.93 - - [03/Feb/2025:01:18:09 +0100] "GET /ticket2/opencms/system/modules/com.gridnine.opencms.ticketbrokerage.site/resources/js/jquery.fancybox.pack.js HTTP/1.1" 200 23187
202.8.43.93 - - [03/Feb/2025:01:18:09 +0100] "GET /ticket2/opencms/system/modules/com.gridnine.opencms.ticketbrokerage.site/resources/js/stickyfill.min.js HTTP/1.1" 200 5672
202.8.43.93 - - [03/Feb/2025:01:18:09 +0100] "GET /ticket2/opencms/system/modules/com.gridnine.opencms.ticketbrokerage.site/resources/js/standard.js HTTP/1.1" 200 3983
202.8.43.93 - - [03/Feb/2025:01:18:09 +0100] "GET /ticket2/opencms/system/modules/com.gridnine.opencms.ticketbrokerage.site/resources/js/common-ajax.js HTTP/1.1" 200 20175
202.8.43.93 - - [03/Feb/2025:01:18:09 +0100] "GET /ticket2/opencms/system/modules/com.gridnine.opencms.ticketbrokerage.site/resources/js/jquery.placeholder.min.js HTTP/1.1" 200 1737
202.8.43.93 - - [03/Feb/2025:01:18:09 +0100] "GET /ticket2/opencms/ro/ask-form.html HTTP/1.1" 200 3156
202.8.43.93 - - [03/Feb/2025:01:18:09 +0100] "GET /ticket2/opencms/system/modules/com.gridnine.opencms.ticketbrokerage.site/resources/css/ticketbrokerage.css HTTP/1.1" 200 39339
65.21.232.254 - - [03/Feb/2025:01:18:11 +0100] "GET /ticket2/opencms/dk/login/?edid=D9B8221E-435C-E272-9385-A8B83760C754 HTTP/1.1" 200 90782
192.99.3.137 - - [03/Feb/2025:01:18:11 +0100] "GET /ticket2/opencms/hu/buy/?page=1&edid=A457FF13-7A37-0365-AFA9-2CC7C635642A HTTP/1.1" 200 111357
94.154.239.69 - - [03/Feb/2025:01:18:12 +0100] "GET /ticket2/opencms/sv/login/?edid=65E7B63A-82AD-5350-7913-2D26A32C5940 HTTP/1.1" 200 91559
54.36.148.48 - - [03/Feb/2025:01:18:12 +0100] "GET /ticket2/opencms/sl/buy?page=1&edid=380022DF-63A1-5DA8-425A-027B0E0314C7 HTTP/1.1" 200 108686
202.8.43.132 - - [03/Feb/2025:01:18:14 +0100] "GET /ticket2/opencms/system/modules/com.gridnine.opencms.ticketbrokerage.site/resources/css/jquery-ui.css HTTP/1.1" 200 33221
202.8.43.132 - - [03/Feb/2025:01:18:14 +0100] "GET /ticket2/opencms/system/modules/com.gridnine.opencms.ticketbrokerage.site/resources/css/ticketbrokerage.css HTTP/1.1" 200 39339
202.8.43.132 - - [03/Feb/2025:01:18:14 +0100] "GET /ticket2/opencms/system/modules/com.gridnine.opencms.ticketbrokerage.site/resources/css/standard.css HTTP/1.1" 200 73904
202.8.43.132 - - [03/Feb/2025:01:18:14 +0100] "GET /ticket2/opencms/system/modules/com.gridnine.opencms.ticketbrokerage.site/resources/css/jquery.fancybox.css HTTP/1.1" 200 4939
202.8.43.132 - - [03/Feb/2025:01:18:14 +0100] "GET /ticket2/opencms/system/modules/com.gridnine.opencms.ticketbrokerage.site/resources/css/calendar.css HTTP/1.1" 200 6871
202.8.43.132 - - [03/Feb/2025:01:18:14 +0100] "GET /ticket2/opencms/system/modules/com.gridnine.opencms.ticketbrokerage.site/resources/js/jquery/jquery.js HTTP/1.1" 200 93868
202.8.43.132 - - [03/Feb/2025:01:18:14 +0100] "GET /ticket2/opencms/system/modules/com.gridnine.opencms.ticketbrokerage.site/resources/js/jquery/jquery-ui.js HTTP/1.1" 200 228088
202.8.43.132 - - [03/Feb/2025:01:18:14 +0100] "GET /ticket2/opencms/system/modules/com.gridnine.opencms.ticketbrokerage.site/resources/js/functions.js HTTP/1.1" 200 1583
202.8.43.132 - - [03/Feb/2025:01:18:14 +0100] "GET /ticket2/opencms/system/modules/com.gridnine.opencms.ticketbrokerage.site/resources/js/calendar-setup.js HTTP/1.1" 200 4923
202.8.43.132 - - [03/Feb/2025:01:18:14 +0100] "GET /ticket2/opencms/system/modules/com.gridnine.opencms.ticketbrokerage.site/resources/js/calendar.js HTTP/1.1" 200 49229
202.8.43.132 - - [03/Feb/2025:01:18:14 +0100] "GET /ticket2/opencms/system/modules/com.gridnine.opencms.ticketbrokerage.site/resources/js/calendar-en.js HTTP/1.1" 200 3338
202.8.43.132 - - [03/Feb/2025:01:18:14 +0100] "GET /ticket2/opencms/system/modules/com.gridnine.opencms.ticketbrokerage.site/resources/js/jquery.fancybox.pack.js HTTP/1.1" 200 23187
202.8.43.132 - - [03/Feb/2025:01:18:14 +0100] "GET /ticket2/opencms/system/modules/com.gridnine.opencms.ticketbrokerage.site/resources/js/stickyfill.min.js HTTP/1.1" 200 5672
202.8.43.132 - - [03/Feb/2025:01:18:14 +0100] "GET /ticket2/opencms/system/modules/com.gridnine.opencms.ticketbrokerage.site/resources/js/standard.js HTTP/1.1" 200 3983
202.8.43.132 - - [03/Feb/2025:01:18:14 +0100] "GET /ticket2/opencms/system/modules/com.gridnine.opencms.ticketbrokerage.site/resources/js/jquery.placeholder.min.js HTTP/1.1" 200 1737
202.8.43.132 - - [03/Feb/2025:01:18:14 +0100] "GET /ticket2/opencms/system/modules/com.gridnine.opencms.ticketbrokerage.site/resources/js/common-ajax.js HTTP/1.1" 200 20175
202.8.43.132 - - [03/Feb/2025:01:18:14 +0100] "GET /ticket2/opencms/sl/ask-form.html HTTP/1.1" 200 3156
202.8.43.132 - - [03/Feb/2025:01:18:14 +0100] "GET /ticket2/opencms/system/modules/com.gridnine.opencms.ticketbrokerage.site/resources/css/ticketbrokerage.css HTTP/1.1" 200 39339
66.249.79.33 - - [03/Feb/2025:01:18:14 +0100] "GET /ticket2/opencms/el/buy?page=1&edid=4981A465-C3DA-791B-A6A5-9D4DAB1B5DA0 HTTP/1.1" 200 116149
217.113.194.219 - - [03/Feb/2025:01:18:15 +0100] "GET /ticket2/opencms/sq/buy?page=1&edid=C9919F63-312E-C4DF-29D6-DA1CE80EC9A2 HTTP/1.1" 200 127350
65.21.232.254 - - [03/Feb/2025:01:18:16 +0100] "GET /ticket2/opencms/dk/login/?edid=DA2E5195-CDF8-6C8C-C1BB-038D4BF419FF HTTP/1.1" 200 90799
66.249.79.101 - - [03/Feb/2025:01:18:18 +0100] "GET /ticket2/opencms/sr/magazine/article?title=viktor-gyokeres-u-manchester-united HTTP/1.1" 200 93462
54.36.149.71 - - [03/Feb/2025:01:18:18 +0100] "GET /ticket2/opencms/no/magazine/article?title=hugo-larsson-20-aringen-som-gar-fra-klarhet-til-klarhet HTTP/1.1" 200 95524
66.249.76.160 - - [03/Feb/2025:01:18:19 +0100] "GET /ticket2/opencms/cs/buy/?page=1&edid=9DCC0E66-25C8-5156-35A8-BF56F5E3E1AA HTTP/1.1" 200 111532
111.119.246.146 - - [03/Feb/2025:01:18:19 +0100] "GET /ticket2/opencms/fi/buy/?page=1&edid=5D49B05B-F2B1-3FBA-8865-04BD3A1B16DD HTTP/1.1" 200 110788
65.21.232.254 - - [03/Feb/2025:01:18:20 +0100] "GET /ticket2/opencms/dk/login/?edid=DA6CFFC3-8EC5-E201-FD73-CCFDC49E297C HTTP/1.1" 200 90768
47.128.46.58 - - [03/Feb/2025:01:18:20 +0100] "GET /ticket2/opencms/mo/buy/?edid=F4EBEB69-FF72-F763-336C-E8A05C228178 HTTP/1.1" 200 91516
192.99.3.137 - - [03/Feb/2025:01:18:20 +0100] "GET /ticket2/opencms/hu/buy/?page=1&edid=A4CA2F1E-95F7-CE47-5A50-DF7E2BC18D85 HTTP/1.1" 200 120636
94.154.239.69 - - [03/Feb/2025:01:18:21 +0100] "GET /ticket2/opencms/sv/login/?edid=66EB75EF-0CBD-BA1B-9342-85D051C2996A HTTP/1.1" 200 91567
65.21.232.254 - - [03/Feb/2025:01:18:24 +0100] "GET /ticket2/opencms/dk/login/?edid=DB8C4F18-75B7-A38E-DC7A-9A06D521BF7E HTTP/1.1" 200 90803
217.113.194.220 - - [03/Feb/2025:01:18:24 +0100] "GET /ticket2/opencms/sq/buy?page=1&edid=AA408C72-2073-316B-FBC7-E94200A17373 HTTP/1.1" 200 108989
66.249.79.171 - - [03/Feb/2025:01:18:25 +0100] "GET /ticket2/opencms/pl/magazine/article?title=lista-nominowanych-do-zlotej-pilki HTTP/1.1" 200 94959
185.191.171.4 - - [03/Feb/2025:01:18:27 +0100] "GET /ticket2/opencms/cs/sport/fotbalove-listky/la-liga/barcelona/ HTTP/1.1" 200 97130
54.36.148.45 - - [03/Feb/2025:01:18:27 +0100] "GET /ticket2/opencms/sq/buy?page=1&edid=358070B4-8C45-0881-BDE4-7E85113C242B HTTP/1.1" 200 109042
65.21.232.254 - - [03/Feb/2025:01:18:28 +0100] "GET /ticket2/opencms/dk/login/?edid=DDC40197-C63B-2875-1DBD-858E36E0D61F HTTP/1.1" 200 90750
202.8.41.200 - - [03/Feb/2025:01:18:29 +0100] "GET /ticket2/opencms/system/modules/com.gridnine.opencms.ticketbrokerage.site/resources/css/calendar.css HTTP/1.1" 200 6871
202.8.41.200 - - [03/Feb/2025:01:18:29 +0100] "GET /ticket2/opencms/system/modules/com.gridnine.opencms.ticketbrokerage.site/resources/css/jquery-ui.css HTTP/1.1" 200 33221
202.8.41.200 - - [03/Feb/2025:01:18:29 +0100] "GET /ticket2/opencms/system/modules/com.gridnine.opencms.ticketbrokerage.site/resources/css/ticketbrokerage.css HTTP/1.1" 200 39339
202.8.41.200 - - [03/Feb/2025:01:18:29 +0100] "GET /ticket2/opencms/system/modules/com.gridnine.opencms.ticketbrokerage.site/resources/css/standard.css HTTP/1.1" 200 73904
202.8.41.200 - - [03/Feb/2025:01:18:29 +0100] "GET /ticket2/opencms/system/modules/com.gridnine.opencms.ticketbrokerage.site/resources/css/jquery.fancybox.css HTTP/1.1" 200 4939
202.8.41.200 - - [03/Feb/2025:01:18:29 +0100] "GET /ticket2/opencms/system/modules/com.gridnine.opencms.ticketbrokerage.site/resources/js/jquery/jquery.js HTTP/1.1" 200 93868
202.8.41.200 - - [03/Feb/2025:01:18:29 +0100] "GET /ticket2/opencms/system/modules/com.gridnine.opencms.ticketbrokerage.site/resources/js/calendar.js HTTP/1.1" 200 49229
202.8.41.200 - - [03/Feb/2025:01:18:29 +0100] "GET /ticket2/opencms/system/modules/com.gridnine.opencms.ticketbrokerage.site/resources/js/functions.js HTTP/1.1" 200 1583
202.8.41.200 - - [03/Feb/2025:01:18:29 +0100] "GET /ticket2/opencms/system/modules/com.gridnine.opencms.ticketbrokerage.site/resources/js/calendar-en.js HTTP/1.1" 200 3338
202.8.41.200 - - [03/Feb/2025:01:18:29 +0100] "GET /ticket2/opencms/system/modules/com.gridnine.opencms.ticketbrokerage.site/resources/js/jquery/jquery-ui.js HTTP/1.1" 200 228088
202.8.41.200 - - [03/Feb/2025:01:18:29 +0100] "GET /ticket2/opencms/system/modules/com.gridnine.opencms.ticketbrokerage.site/resources/js/calendar-setup.js HTTP/1.1" 200 4923
202.8.41.200 - - [03/Feb/2025:01:18:29 +0100] "GET /ticket2/opencms/system/modules/com.gridnine.opencms.ticketbrokerage.site/resources/js/jquery.fancybox.pack.js HTTP/1.1" 200 23187
202.8.41.200 - - [03/Feb/2025:01:18:29 +0100] "GET /ticket2/opencms/system/modules/com.gridnine.opencms.ticketbrokerage.site/resources/js/stickyfill.min.js HTTP/1.1" 200 5672
202.8.41.200 - - [03/Feb/2025:01:18:29 +0100] "GET /ticket2/opencms/system/modules/com.gridnine.opencms.ticketbrokerage.site/resources/js/standard.js HTTP/1.1" 200 3983
202.8.41.200 - - [03/Feb/2025:01:18:29 +0100] "GET /ticket2/opencms/system/modules/com.gridnine.opencms.ticketbrokerage.site/resources/js/jquery.placeholder.min.js HTTP/1.1" 200 1737
202.8.41.200 - - [03/Feb/2025:01:18:29 +0100] "GET /ticket2/opencms/system/modules/com.gridnine.opencms.ticketbrokerage.site/resources/js/common-ajax.js HTTP/1.1" 200 20175
202.8.41.200 - - [03/Feb/2025:01:18:29 +0100] "GET /ticket2/opencms/sq/ask-form.html HTTP/1.1" 200 3156
202.8.41.200 - - [03/Feb/2025:01:18:29 +0100] "GET /ticket2/opencms/system/modules/com.gridnine.opencms.ticketbrokerage.site/resources/css/ticketbrokerage.css HTTP/1.1" 200 39339
94.154.239.69 - - [03/Feb/2025:01:18:30 +0100] "GET /ticket2/opencms/sv/login/?edid=6750BD34-C29C-E045-3680-25A7647342F8 HTTP/1.1" 200 91541
65.21.232.254 - - [03/Feb/2025:01:18:32 +0100] "GET /ticket2/opencms/dk/login/?edid=DEBB69BB-3BAB-F0BE-B5F2-8B7120D1A9CB HTTP/1.1" 200 90739
217.113.194.215 - - [03/Feb/2025:01:18:33 +0100] "GET /ticket2/opencms/sq/buy?page=1&edid=D248C778-26A3-0A6E-A323-5C39D189EB68 HTTP/1.1" 200 108997
54.36.148.86 - - [03/Feb/2025:01:18:34 +0100] "GET /ticket2/opencms/sl/buy?page=1&edid=EFAD6268-83FA-7979-AAB3-785B7208F10D HTTP/1.1" 200 108675
40.77.167.59 - - [03/Feb/2025:01:18:34 +0100] "GET /ticket2/opencms/sq/buy?page=1&edid=01DD425C-71FC-9420-A51A-5A241A767D4B HTTP/1.1" 200 112241
202.8.41.9 - - [03/Feb/2025:01:18:35 +0100] "GET /ticket2/opencms/system/modules/com.gridnine.opencms.ticketbrokerage.site/resources/css/ticketbrokerage.css HTTP/1.1" 200 39339
202.8.41.9 - - [03/Feb/2025:01:18:35 +0100] "GET /ticket2/opencms/system/modules/com.gridnine.opencms.ticketbrokerage.site/resources/css/jquery.fancybox.css HTTP/1.1" 200 4939
202.8.41.9 - - [03/Feb/2025:01:18:35 +0100] "GET /ticket2/opencms/system/modules/com.gridnine.opencms.ticketbrokerage.site/resources/css/jquery-ui.css HTTP/1.1" 200 33221
202.8.41.9 - - [03/Feb/2025:01:18:35 +0100] "GET /ticket2/opencms/system/modules/com.gridnine.opencms.ticketbrokerage.site/resources/css/standard.css HTTP/1.1" 200 73904
202.8.41.9 - - [03/Feb/2025:01:18:35 +0100] "GET /ticket2/opencms/system/modules/com.gridnine.opencms.ticketbrokerage.site/resources/css/calendar.css HTTP/1.1" 200 6871
202.8.41.9 - - [03/Feb/2025:01:18:35 +0100] "GET /ticket2/opencms/system/modules/com.gridnine.opencms.ticketbrokerage.site/resources/js/jquery/jquery.js HTTP/1.1" 200 93868
202.8.41.9 - - [03/Feb/2025:01:18:35 +0100] "GET /ticket2/opencms/system/modules/com.gridnine.opencms.ticketbrokerage.site/resources/js/jquery/jquery-ui.js HTTP/1.1" 200 228088
202.8.41.9 - - [03/Feb/2025:01:18:35 +0100] "GET /ticket2/opencms/system/modules/com.gridnine.opencms.ticketbrokerage.site/resources/js/functions.js HTTP/1.1" 200 1583
202.8.41.9 - - [03/Feb/2025:01:18:35 +0100] "GET /ticket2/opencms/system/modules/com.gridnine.opencms.ticketbrokerage.site/resources/js/calendar-en.js HTTP/1.1" 200 3338
202.8.41.9 - - [03/Feb/2025:01:18:35 +0100] "GET /ticket2/opencms/system/modules/com.gridnine.opencms.ticketbrokerage.site/resources/js/calendar-setup.js HTTP/1.1" 200 4923
202.8.41.9 - - [03/Feb/2025:01:18:35 +0100] "GET /ticket2/opencms/system/modules/com.gridnine.opencms.ticketbrokerage.site/resources/js/calendar.js HTTP/1.1" 200 49229
202.8.41.9 - - [03/Feb/2025:01:18:36 +0100] "GET /ticket2/opencms/system/modules/com.gridnine.opencms.ticketbrokerage.site/resources/js/stickyfill.min.js HTTP/1.1" 200 5672
202.8.41.9 - - [03/Feb/2025:01:18:36 +0100] "GET /ticket2/opencms/system/modules/com.gridnine.opencms.ticketbrokerage.site/resources/js/jquery.fancybox.pack.js HTTP/1.1" 200 23187
202.8.41.9 - - [03/Feb/2025:01:18:36 +0100] "GET /ticket2/opencms/system/modules/com.gridnine.opencms.ticketbrokerage.site/resources/js/standard.js HTTP/1.1" 200 3983
202.8.41.9 - - [03/Feb/2025:01:18:36 +0100] "GET /ticket2/opencms/system/modules/com.gridnine.opencms.ticketbrokerage.site/resources/js/jquery.placeholder.min.js HTTP/1.1" 200 1737
202.8.41.9 - - [03/Feb/2025:01:18:36 +0100] "GET /ticket2/opencms/system/modules/com.gridnine.opencms.ticketbrokerage.site/resources/js/common-ajax.js HTTP/1.1" 200 20175
202.8.41.9 - - [03/Feb/2025:01:18:36 +0100] "GET /ticket2/opencms/sl/ask-form.html HTTP/1.1" 200 3156
202.8.41.9 - - [03/Feb/2025:01:18:36 +0100] "GET /ticket2/opencms/system/modules/com.gridnine.opencms.ticketbrokerage.site/resources/css/ticketbrokerage.css HTTP/1.1" 200 39339
94.154.239.69 - - [03/Feb/2025:01:18:36 +0100] "GET /ticket2/opencms/sv/login/?edid=678EC144-6017-5CDC-9245-1F7DDAFF75F2 HTTP/1.1" 200 91486
65.21.232.254 - - [03/Feb/2025:01:18:36 +0100] "GET /ticket2/opencms/dk/login/?edid=E14441EB-3CDD-99C8-7F69-50F45A8DA6D5 HTTP/1.1" 200 90787
185.191.171.4 - - [03/Feb/2025:01:18:37 +0100] "GET /ticket2/opencms/uk/magazine/article?title=netherlands-vs-england-in-semifinal HTTP/1.1" 200 98454
192.99.3.137 - - [03/Feb/2025:01:18:37 +0100] "GET /ticket2/opencms/hu/buy/?page=1&edid=A587FC63-4A93-6097-3B29-C1C51786267C HTTP/1.1" 200 118168
65.21.232.254 - - [03/Feb/2025:01:18:41 +0100] "GET /ticket2/opencms/dk/login/?edid=E275F4DB-5037-C69A-55F4-19118BC84B0A HTTP/1.1" 200 90773
217.113.194.215 - - [03/Feb/2025:01:18:42 +0100] "GET /ticket2/opencms/sq/buy?page=1&edid=969E5AB7-D3B8-6C58-9920-98035C387D72 HTTP/1.1" 200 111677
66.249.79.33 - - [03/Feb/2025:01:18:42 +0100] "GET /ticket2/opencms/hu/buy/?page=1&edid=6035F022-2AFB-0DF4-0C8B-8C092D9D990D HTTP/1.1" 200 112065
94.154.239.69 - - [03/Feb/2025:01:18:44 +0100] "GET /ticket2/opencms/sv/login/?edid=68B485F7-9483-6E4F-656D-602EE2AC621D HTTP/1.1" 200 91549
5.9.55.228 - - [03/Feb/2025:01:18:44 +0100] "GET /ticket2/opencms/fi/venue/?venueid=3E1E6F0D-1058-2C69-20D9-8595783E8131 HTTP/1.1" 200 86977
65.21.232.254 - - [03/Feb/2025:01:18:45 +0100] "GET /ticket2/opencms/dk/login/?edid=E43BD243-BC53-05EF-2493-D8DF1122B8B4 HTTP/1.1" 200 90753
66.249.79.33 - - [03/Feb/2025:01:18:46 +0100] "GET /ticket2/opencms/dk/buy?page=6&comcatid=A17713B6-D984-201A-4143-ED4DB5ED5C2E&catid=36394212-F82E-F845-399B-42BED55969CC&eventid=FF812D0C-FCB2-7645-0CFD-1ACFB0013262 HTTP/1.1" 200 6410
54.36.148.67 - - [03/Feb/2025:01:18:47 +0100] "GET /ticket2/opencms/et/buy?page=1&edid=7A0C4CE7-DF50-29C3-D447-032204091A27 HTTP/1.1" 200 108668
202.8.41.97 - - [03/Feb/2025:01:18:48 +0100] "GET /ticket2/opencms/system/modules/com.gridnine.opencms.ticketbrokerage.site/resources/css/ticketbrokerage.css HTTP/1.1" 200 39339
202.8.41.97 - - [03/Feb/2025:01:18:48 +0100] "GET /ticket2/opencms/system/modules/com.gridnine.opencms.ticketbrokerage.site/resources/css/standard.css HTTP/1.1" 200 73904
202.8.41.97 - - [03/Feb/2025:01:18:48 +0100] "GET /ticket2/opencms/system/modules/com.gridnine.opencms.ticketbrokerage.site/resources/css/jquery.fancybox.css HTTP/1.1" 200 4939
202.8.41.97 - - [03/Feb/2025:01:18:48 +0100] "GET /ticket2/opencms/system/modules/com.gridnine.opencms.ticketbrokerage.site/resources/css/jquery-ui.css HTTP/1.1" 200 33221
202.8.41.97 - - [03/Feb/2025:01:18:48 +0100] "GET /ticket2/opencms/system/modules/com.gridnine.opencms.ticketbrokerage.site/resources/css/calendar.css HTTP/1.1" 200 6871
202.8.41.97 - - [03/Feb/2025:01:18:48 +0100] "GET /ticket2/opencms/system/modules/com.gridnine.opencms.ticketbrokerage.site/resources/js/jquery/jquery.js HTTP/1.1" 200 93868
202.8.41.97 - - [03/Feb/2025:01:18:48 +0100] "GET /ticket2/opencms/system/modules/com.gridnine.opencms.ticketbrokerage.site/resources/js/calendar-en.js HTTP/1.1" 200 3338
202.8.41.97 - - [03/Feb/2025:01:18:48 +0100] "GET /ticket2/opencms/system/modules/com.gridnine.opencms.ticketbrokerage.site/resources/js/calendar.js HTTP/1.1" 200 49229
202.8.41.97 - - [03/Feb/2025:01:18:48 +0100] "GET /ticket2/opencms/system/modules/com.gridnine.opencms.ticketbrokerage.site/resources/js/functions.js HTTP/1.1" 200 1583
202.8.41.97 - - [03/Feb/2025:01:18:48 +0100] "GET /ticket2/opencms/system/modules/com.gridnine.opencms.ticketbrokerage.site/resources/js/jquery/jquery-ui.js HTTP/1.1" 200 228088
202.8.41.97 - - [03/Feb/2025:01:18:48 +0100] "GET /ticket2/opencms/system/modules/com.gridnine.opencms.ticketbrokerage.site/resources/js/calendar-setup.js HTTP/1.1" 200 4923
202.8.41.97 - - [03/Feb/2025:01:18:48 +0100] "GET /ticket2/opencms/system/modules/com.gridnine.opencms.ticketbrokerage.site/resources/js/jquery.fancybox.pack.js HTTP/1.1" 200 23187
202.8.41.97 - - [03/Feb/2025:01:18:48 +0100] "GET /ticket2/opencms/system/modules/com.gridnine.opencms.ticketbrokerage.site/resources/js/stickyfill.min.js HTTP/1.1" 200 5672
202.8.41.97 - - [03/Feb/2025:01:18:48 +0100] "GET /ticket2/opencms/system/modules/com.gridnine.opencms.ticketbrokerage.site/resources/js/standard.js HTTP/1.1" 200 3983
202.8.41.97 - - [03/Feb/2025:01:18:48 +0100] "GET /ticket2/opencms/system/modules/com.gridnine.opencms.ticketbrokerage.site/resources/js/jquery.placeholder.min.js HTTP/1.1" 200 1737
202.8.41.97 - - [03/Feb/2025:01:18:48 +0100] "GET /ticket2/opencms/system/modules/com.gridnine.opencms.ticketbrokerage.site/resources/js/common-ajax.js HTTP/1.1" 200 20175
202.8.41.97 - - [03/Feb/2025:01:18:48 +0100] "GET /ticket2/opencms/et/ask-form.html HTTP/1.1" 200 3156
202.8.41.97 - - [03/Feb/2025:01:18:48 +0100] "GET /ticket2/opencms/system/modules/com.gridnine.opencms.ticketbrokerage.site/resources/css/ticketbrokerage.css HTTP/1.1" 200 39339
192.99.3.137 - - [03/Feb/2025:01:18:49 +0100] "GET /ticket2/opencms/hu/buy/?page=1&edid=A5DC3557-7021-B208-917D-35A78F466827 HTTP/1.1" 200 112120
65.21.232.254 - - [03/Feb/2025:01:18:50 +0100] "GET /ticket2/opencms/dk/login/?edid=E462A33E-CFF3-5A74-C9A7-96B6A6F1D497 HTTP/1.1" 200 90776
94.154.239.69 - - [03/Feb/2025:01:18:50 +0100] "GET /ticket2/opencms/sv/login/?edid=697BE447-74B7-A748-152F-A1818DA4BEC9 HTTP/1.1" 200 91588
217.113.194.213 - - [03/Feb/2025:01:18:51 +0100] "GET /ticket2/opencms/sq/buy?page=1&edid=87DD0429-B2FC-F55F-DB0D-46B676879B17 HTTP/1.1" 200 109093
54.36.148.203 - - [03/Feb/2025:01:18:53 +0100] "GET /ticket2/opencms/fr/buy/?page=1&edid=312E2B30-1BE8-80F9-5587-64D580752ED3 HTTP/1.1" 200 118091
65.21.232.254 - - [03/Feb/2025:01:18:54 +0100] "GET /ticket2/opencms/dk/login/?edid=E5717319-73D8-DE0E-B7AA-AA889F763447 HTTP/1.1" 200 90742
40.77.167.243 - - [03/Feb/2025:01:18:55 +0100] "GET /ticket2/opencms/ga/buy/?page=1&edid=EA0BB108-1C0E-CBF5-8F96-A048E809CFD0 HTTP/1.1" 200 112366
40.77.167.33 - - [03/Feb/2025:01:18:57 +0100] "GET /ticket2/opencms/en/magazine/article?title=semifinal-france-vs-spain HTTP/1.1" 200 93349
94.154.239.69 - - [03/Feb/2025:01:18:57 +0100] "GET /ticket2/opencms/sv/login/?edid=69C4AD8E-60B2-A255-9B8E-BD4F83D22F14 HTTP/1.1" 200 91541
66.249.79.33 - - [03/Feb/2025:01:18:57 +0100] "GET /ticket2/opencms/tr/buy/?page=1&edid=4981A465-C3DA-791B-A6A5-9D4DAB1B5DA0 HTTP/1.1" 200 112361
185.191.171.18 - - [03/Feb/2025:01:18:58 +0100] "GET /ticket2/opencms/en/archive/events/kylie_minogue/2007_01_05_19_30/ HTTP/1.1" 200 89412
65.21.232.254 - - [03/Feb/2025:01:18:58 +0100] "GET /ticket2/opencms/dk/login/?edid=E61B3D3B-0D83-E96C-2DE4-851DA573A893 HTTP/1.1" 200 90787
192.99.3.137 - - [03/Feb/2025:01:18:59 +0100] "GET /ticket2/opencms/hu/buy/?page=1&edid=A613B971-014E-0A66-B74F-2B30F695BCED HTTP/1.1" 200 114919
154.54.249.216 - - [03/Feb/2025:01:19:00 +0100] "GET /ticket2/opencms/sq/buy?page=1&edid=8A952CCD-A492-95D3-2AFF-7C7D5623F3B6 HTTP/1.1" 200 111151
54.36.148.126 - - [03/Feb/2025:01:19:00 +0100] "GET /ticket2/opencms/en/buy?page=1&edid=E6BF5AD1-BE0F-B988-8995-E2E5D8BDCA2A HTTP/1.1" 200 116382
47.128.35.40 - - [03/Feb/2025:01:19:01 +0100] "GET /ticket2/opencms/no/buy/?edid=F8F37030-8B84-C4F6-82B3-8003A46F30AE HTTP/1.1" 200 91270
202.8.41.231 - - [03/Feb/2025:01:19:02 +0100] "GET /ticket2/opencms/system/modules/com.gridnine.opencms.ticketbrokerage.site/resources/css/ticketbrokerage.css HTTP/1.1" 200 39339
202.8.41.231 - - [03/Feb/2025:01:19:02 +0100] "GET /ticket2/opencms/system/modules/com.gridnine.opencms.ticketbrokerage.site/resources/css/calendar.css HTTP/1.1" 200 6871
202.8.41.231 - - [03/Feb/2025:01:19:02 +0100] "GET /ticket2/opencms/system/modules/com.gridnine.opencms.ticketbrokerage.site/resources/css/jquery-ui.css HTTP/1.1" 200 33221
202.8.41.231 - - [03/Feb/2025:01:19:02 +0100] "GET /ticket2/opencms/system/modules/com.gridnine.opencms.ticketbrokerage.site/resources/css/standard.css HTTP/1.1" 200 73904
202.8.41.231 - - [03/Feb/2025:01:19:02 +0100] "GET /ticket2/opencms/system/modules/com.gridnine.opencms.ticketbrokerage.site/resources/css/jquery.fancybox.css HTTP/1.1" 200 4939
202.8.41.231 - - [03/Feb/2025:01:19:02 +0100] "GET /ticket2/opencms/system/modules/com.gridnine.opencms.ticketbrokerage.site/resources/js/calendar.js HTTP/1.1" 200 49229
202.8.41.231 - - [03/Feb/2025:01:19:02 +0100] "GET /ticket2/opencms/system/modules/com.gridnine.opencms.ticketbrokerage.site/resources/js/jquery/jquery-ui.js HTTP/1.1" 200 228088
202.8.41.231 - - [03/Feb/2025:01:19:02 +0100] "GET /ticket2/opencms/system/modules/com.gridnine.opencms.ticketbrokerage.site/resources/js/functions.js HTTP/1.1" 200 1583
202.8.41.231 - - [03/Feb/2025:01:19:02 +0100] "GET /ticket2/opencms/system/modules/com.gridnine.opencms.ticketbrokerage.site/resources/js/calendar-en.js HTTP/1.1" 200 3338
202.8.41.231 - - [03/Feb/2025:01:19:02 +0100] "GET /ticket2/opencms/system/modules/com.gridnine.opencms.ticketbrokerage.site/resources/js/jquery/jquery.js HTTP/1.1" 200 93868
202.8.41.231 - - [03/Feb/2025:01:19:02 +0100] "GET /ticket2/opencms/system/modules/com.gridnine.opencms.ticketbrokerage.site/resources/js/calendar-setup.js HTTP/1.1" 200 4923
202.8.41.231 - - [03/Feb/2025:01:19:02 +0100] "GET /ticket2/opencms/system/modules/com.gridnine.opencms.ticketbrokerage.site/resources/js/jquery.fancybox.pack.js HTTP/1.1" 200 23187
202.8.41.231 - - [03/Feb/2025:01:19:02 +0100] "GET /ticket2/opencms/system/modules/com.gridnine.opencms.ticketbrokerage.site/resources/js/stickyfill.min.js HTTP/1.1" 200 5672
202.8.41.231 - - [03/Feb/2025:01:19:02 +0100] "GET /ticket2/opencms/system/modules/com.gridnine.opencms.ticketbrokerage.site/resources/js/standard.js HTTP/1.1" 200 3983
202.8.41.231 - - [03/Feb/2025:01:19:02 +0100] "GET /ticket2/opencms/system/modules/com.gridnine.opencms.ticketbrokerage.site/resources/js/jquery.placeholder.min.js HTTP/1.1" 200 1737
159.138.131.254 - - [03/Feb/2025:01:19:02 +0100] "GET /ticket2/opencms/uk/sport/kvytky-na-futbol/english-championship/queens-park-rangers/ HTTP/1.1" 200 103936
202.8.41.231 - - [03/Feb/2025:01:19:02 +0100] "GET /ticket2/opencms/system/modules/com.gridnine.opencms.ticketbrokerage.site/resources/js/common-ajax.js HTTP/1.1" 200 20175
202.8.41.231 - - [03/Feb/2025:01:19:02 +0100] "GET /ticket2/opencms/en/ask-form.html HTTP/1.1" 200 3146
202.8.41.231 - - [03/Feb/2025:01:19:02 +0100] "GET /ticket2/opencms/system/modules/com.gridnine.opencms.ticketbrokerage.site/resources/css/ticketbrokerage.css HTTP/1.1" 200 39339
65.21.232.254 - - [03/Feb/2025:01:19:02 +0100] "GET /ticket2/opencms/dk/login/?edid=E7CABF3F-BA1D-9253-67ED-B08A24F5C418 HTTP/1.1" 200 90772
94.154.239.69 - - [03/Feb/2025:01:19:02 +0100] "GET /ticket2/opencms/sv/login/?edid=6A920F16-DD42-2262-3AA2-B83D5743F13A HTTP/1.1" 200 91582
192.99.3.137 - - [03/Feb/2025:01:19:04 +0100] "GET /ticket2/opencms/hu/buy/?page=1&edid=A8F677E6-A548-E0DF-93F9-55173D9897A9 HTTP/1.1" 200 118915
65.21.232.254 - - [03/Feb/2025:01:19:07 +0100] "GET /ticket2/opencms/dk/login/?edid=E8DC3225-DF07-A0B7-224F-8F7C178BD934 HTTP/1.1" 200 90772
66.249.79.35 - - [03/Feb/2025:01:19:07 +0100] "GET /ticket2/opencms/et/buy/?page=1&edid=139F3535-86E9-B228-454D-FE0034AF61D0 HTTP/1.1" 200 111269
217.113.194.219 - - [03/Feb/2025:01:19:09 +0100] "GET /ticket2/opencms/sq/buy?page=1&edid=872A1CAC-EC9F-5A17-CC81-87C861412BDF HTTP/1.1" 200 112120
94.154.239.69 - - [03/Feb/2025:01:19:09 +0100] "GET /ticket2/opencms/sv/login/?edid=6ADB89E7-5E3D-9568-EF80-A7D0675D6108 HTTP/1.1" 200 91507
114.119.130.178 - - [03/Feb/2025:01:19:10 +0100] "GET /ticket2/opencms/en/venue/?countryid=2193F5F2-8798-B3BE-FB16-3B568A67DED7 HTTP/1.1" 200 114796
192.99.3.137 - - [03/Feb/2025:01:19:10 +0100] "GET /ticket2/opencms/hu/buy/?page=1&edid=A8FCDF96-5BE9-3FBC-BBD6-5BFAFD5454D2 HTTP/1.1" 200 108944
85.208.96.208 - - [03/Feb/2025:01:19:11 +0100] "GET /ticket2/opencms/sk/buy_safety HTTP/1.1" 200 89774
65.21.232.254 - - [03/Feb/2025:01:19:12 +0100] "GET /ticket2/opencms/dk/login/?edid=EBF65105-8705-5548-45E5-1C731A311B76 HTTP/1.1" 200 90738
54.36.148.123 - - [03/Feb/2025:01:19:12 +0100] "GET /ticket2/opencms/lv/buy?page=1&edid=9A8891BD-C3B9-2FD5-1633-7AEF0F073762 HTTP/1.1" 200 135240
202.8.40.202 - - [03/Feb/2025:01:19:13 +0100] "GET /ticket2/opencms/system/modules/com.gridnine.opencms.ticketbrokerage.site/resources/css/jquery-ui.css HTTP/1.1" 200 33221
202.8.40.202 - - [03/Feb/2025:01:19:13 +0100] "GET /ticket2/opencms/system/modules/com.gridnine.opencms.ticketbrokerage.site/resources/css/standard.css HTTP/1.1" 200 73904
202.8.40.202 - - [03/Feb/2025:01:19:13 +0100] "GET /ticket2/opencms/system/modules/com.gridnine.opencms.ticketbrokerage.site/resources/css/jquery.fancybox.css HTTP/1.1" 200 4939
202.8.40.202 - - [03/Feb/2025:01:19:13 +0100] "GET /ticket2/opencms/system/modules/com.gridnine.opencms.ticketbrokerage.site/resources/css/calendar.css HTTP/1.1" 200 6871
202.8.40.202 - - [03/Feb/2025:01:19:13 +0100] "GET /ticket2/opencms/system/modules/com.gridnine.opencms.ticketbrokerage.site/resources/js/calendar-en.js HTTP/1.1" 200 3338
202.8.40.202 - - [03/Feb/2025:01:19:13 +0100] "GET /ticket2/opencms/system/modules/com.gridnine.opencms.ticketbrokerage.site/resources/css/ticketbrokerage.css HTTP/1.1" 200 39339
202.8.40.202 - - [03/Feb/2025:01:19:13 +0100] "GET /ticket2/opencms/system/modules/com.gridnine.opencms.ticketbrokerage.site/resources/js/jquery/jquery-ui.js HTTP/1.1" 200 228088
202.8.40.202 - - [03/Feb/2025:01:19:13 +0100] "GET /ticket2/opencms/system/modules/com.gridnine.opencms.ticketbrokerage.site/resources/js/calendar.js HTTP/1.1" 200 49229
202.8.40.202 - - [03/Feb/2025:01:19:13 +0100] "GET /ticket2/opencms/system/modules/com.gridnine.opencms.ticketbrokerage.site/resources/js/functions.js HTTP/1.1" 200 1583
202.8.40.202 - - [03/Feb/2025:01:19:13 +0100] "GET /ticket2/opencms/system/modules/com.gridnine.opencms.ticketbrokerage.site/resources/js/jquery/jquery.js HTTP/1.1" 200 93868
202.8.40.202 - - [03/Feb/2025:01:19:13 +0100] "GET /ticket2/opencms/system/modules/com.gridnine.opencms.ticketbrokerage.site/resources/js/stickyfill.min.js HTTP/1.1" 200 5672
202.8.40.202 - - [03/Feb/2025:01:19:13 +0100] "GET /ticket2/opencms/system/modules/com.gridnine.opencms.ticketbrokerage.site/resources/js/jquery.fancybox.pack.js HTTP/1.1" 200 23187
202.8.40.202 - - [03/Feb/2025:01:19:13 +0100] "GET /ticket2/opencms/system/modules/com.gridnine.opencms.ticketbrokerage.site/resources/js/calendar-setup.js HTTP/1.1" 200 4923
202.8.40.202 - - [03/Feb/2025:01:19:13 +0100] "GET /ticket2/opencms/system/modules/com.gridnine.opencms.ticketbrokerage.site/resources/js/standard.js HTTP/1.1" 200 3983
202.8.40.202 - - [03/Feb/2025:01:19:14 +0100] "GET /ticket2/opencms/system/modules/com.gridnine.opencms.ticketbrokerage.site/resources/js/jquery.placeholder.min.js HTTP/1.1" 200 1737
202.8.40.202 - - [03/Feb/2025:01:19:14 +0100] "GET /ticket2/opencms/system/modules/com.gridnine.opencms.ticketbrokerage.site/resources/js/common-ajax.js HTTP/1.1" 200 20175
202.8.40.202 - - [03/Feb/2025:01:19:14 +0100] "GET /ticket2/opencms/lv/ask-form.html HTTP/1.1" 200 3156
202.8.40.202 - - [03/Feb/2025:01:19:14 +0100] "GET /ticket2/opencms/system/modules/com.gridnine.opencms.ticketbrokerage.site/resources/css/ticketbrokerage.css HTTP/1.1" 200 39339
94.154.239.69 - - [03/Feb/2025:01:19:15 +0100] "GET /ticket2/opencms/sv/login/?edid=6B1BC3D5-41D5-1130-8508-F118D3CA5AB9 HTTP/1.1" 200 91538
192.99.3.137 - - [03/Feb/2025:01:19:15 +0100] "GET /ticket2/opencms/hu/buy/?page=1&edid=A9140ADD-E008-579D-7865-3C1E6B6E78F6 HTTP/1.1" 200 111313
66.249.76.170 - - [03/Feb/2025:01:19:15 +0100] "GET /ticket2/opencms/set_aff_cookie.jsp?partner=2E02071B-A8C3-4CBA-3097-C27D61C02ED8&url=%252Ffi%252Fbuy%252Findex.html%253Fpage%253D1%2526edid%253DFC9B216F-B877-F7C1-34F3-A428EECDEFA0%2526hlv%253D6141c2c9-18b8-4f3f-a8c0-56cf0a01000f%2523v_1223681971 HTTP/1.1" 200 247
65.21.232.254 - - [03/Feb/2025:01:19:16 +0100] "GET /ticket2/opencms/dk/login/?edid=EC417F9B-DD7F-7773-590C-8D387053773F HTTP/1.1" 200 90713
66.249.79.33 - - [03/Feb/2025:01:19:17 +0100] "GET /ticket2/opencms/bs/buy/?page=1&edid=D82A55E9-700E-0A50-F575-755C8E3E7147 HTTP/1.1" 200 110900
217.113.194.217 - - [03/Feb/2025:01:19:18 +0100] "GET /ticket2/opencms/sq/buy?page=1&edid=81CABF18-BA6D-C79B-B74D-94D66EB07C86 HTTP/1.1" 200 135571
40.77.167.57 - - [03/Feb/2025:01:19:18 +0100] "GET /ticket2/opencms/sv/magazine/article?title=anfield-liverpools-hemmaarena HTTP/1.1" 200 91454
54.36.148.120 - - [03/Feb/2025:01:19:20 +0100] "GET /ticket2/opencms/lv/buy/?page=1&edid=C2E0FED9-872C-CDB5-EA69-F93F12F9C91F HTTP/1.1" 200 124048
94.154.239.69 - - [03/Feb/2025:01:19:20 +0100] "GET /ticket2/opencms/sv/login/?edid=6CCB6961-ECB4-18EA-B62D-06E43B7F1D47 HTTP/1.1" 200 91584
52.167.144.229 - - [03/Feb/2025:01:19:20 +0100] "GET /ticket2/opencms/mo/buy?page=1&edid=1abc406a-92bd-fdcf-3bd6-80a52e60b34f HTTP/1.1" 200 8134
192.99.3.137 - - [03/Feb/2025:01:19:20 +0100] "GET /ticket2/opencms/hu/buy/?page=1&edid=A9801416-AE3B-7D1A-1B34-1269835EE309 HTTP/1.1" 200 111513
65.21.232.254 - - [03/Feb/2025:01:19:21 +0100] "GET /ticket2/opencms/dk/login/?edid=EE72AC60-CA9C-96B1-E30F-3118332B8F09 HTTP/1.1" 200 90712
5.9.55.228 - - [03/Feb/2025:01:19:22 +0100] "GET /ticket2/opencms/fi/venue/?venueid=3E802A88-E379-6B54-CC97-5C7F82981C82 HTTP/1.1" 200 86998
185.191.171.14 - - [03/Feb/2025:01:19:23 +0100] "GET /ticket2/opencms/lv/sport/futbola-biletes/la-liga/osasuna/ HTTP/1.1" 200 99799
65.21.232.254 - - [03/Feb/2025:01:19:25 +0100] "GET /ticket2/opencms/dk/login/?edid=F361BEA1-1935-C288-74DA-DA856858E300 HTTP/1.1" 200 90787
192.99.3.137 - - [03/Feb/2025:01:19:26 +0100] "GET /ticket2/opencms/hu/buy/?page=1&edid=A9C35541-ABB7-0662-52F4-8AD61BAC9B1C HTTP/1.1" 200 135655
66.249.79.33 - - [03/Feb/2025:01:19:26 +0100] "GET /ticket2/opencms/hu/buy/?page=1&edid=7C66830B-04B4-AE40-EDE3-9E8728F88692 HTTP/1.1" 200 108992
217.113.194.215 - - [03/Feb/2025:01:19:27 +0100] "GET /ticket2/opencms/sq/buy?page=1&edid=84C1C15E-A3CC-07A1-AA6A-061FC4B03894 HTTP/1.1" 200 112180
54.36.148.92 - - [03/Feb/2025:01:19:28 +0100] "GET /ticket2/opencms/en/buy?page=1&edid=192B2692-9E9C-E45B-C641-B3FED8E2B94F HTTP/1.1" 200 116363
94.154.239.69 - - [03/Feb/2025:01:19:28 +0100] "GET /ticket2/opencms/sv/login/?edid=6DFFB718-11C1-53C4-2A79-C844FA7A064D HTTP/1.1" 200 91512
65.21.232.254 - - [03/Feb/2025:01:19:29 +0100] "GET /ticket2/opencms/dk/login/?edid=F503AB1D-5285-4EFD-342F-0CC2D9705E49 HTTP/1.1" 200 90728
202.8.43.201 - - [03/Feb/2025:01:19:29 +0100] "GET /ticket2/opencms/system/modules/com.gridnine.opencms.ticketbrokerage.site/resources/css/jquery.fancybox.css HTTP/1.1" 200 4939
202.8.43.201 - - [03/Feb/2025:01:19:29 +0100] "GET /ticket2/opencms/system/modules/com.gridnine.opencms.ticketbrokerage.site/resources/css/ticketbrokerage.css HTTP/1.1" 200 39339
202.8.43.201 - - [03/Feb/2025:01:19:29 +0100] "GET /ticket2/opencms/system/modules/com.gridnine.opencms.ticketbrokerage.site/resources/css/jquery-ui.css HTTP/1.1" 200 33221
202.8.43.201 - - [03/Feb/2025:01:19:29 +0100] "GET /ticket2/opencms/system/modules/com.gridnine.opencms.ticketbrokerage.site/resources/css/calendar.css HTTP/1.1" 200 6871
202.8.43.201 - - [03/Feb/2025:01:19:29 +0100] "GET /ticket2/opencms/system/modules/com.gridnine.opencms.ticketbrokerage.site/resources/css/standard.css HTTP/1.1" 200 73904
202.8.43.201 - - [03/Feb/2025:01:19:29 +0100] "GET /ticket2/opencms/system/modules/com.gridnine.opencms.ticketbrokerage.site/resources/js/jquery/jquery.js HTTP/1.1" 200 93868
202.8.43.201 - - [03/Feb/2025:01:19:29 +0100] "GET /ticket2/opencms/system/modules/com.gridnine.opencms.ticketbrokerage.site/resources/js/jquery/jquery-ui.js HTTP/1.1" 200 228088
202.8.43.201 - - [03/Feb/2025:01:19:29 +0100] "GET /ticket2/opencms/system/modules/com.gridnine.opencms.ticketbrokerage.site/resources/js/calendar-en.js HTTP/1.1" 200 3338
202.8.43.201 - - [03/Feb/2025:01:19:29 +0100] "GET /ticket2/opencms/system/modules/com.gridnine.opencms.ticketbrokerage.site/resources/js/calendar-setup.js HTTP/1.1" 200 4923
202.8.43.201 - - [03/Feb/2025:01:19:29 +0100] "GET /ticket2/opencms/system/modules/com.gridnine.opencms.ticketbrokerage.site/resources/js/functions.js HTTP/1.1" 200 1583
202.8.43.201 - - [03/Feb/2025:01:19:29 +0100] "GET /ticket2/opencms/system/modules/com.gridnine.opencms.ticketbrokerage.site/resources/js/calendar.js HTTP/1.1" 200 49229
202.8.43.201 - - [03/Feb/2025:01:19:29 +0100] "GET /ticket2/opencms/system/modules/com.gridnine.opencms.ticketbrokerage.site/resources/js/jquery.fancybox.pack.js HTTP/1.1" 200 23187
202.8.43.201 - - [03/Feb/2025:01:19:29 +0100] "GET /ticket2/opencms/system/modules/com.gridnine.opencms.ticketbrokerage.site/resources/js/stickyfill.min.js HTTP/1.1" 200 5672
202.8.43.201 - - [03/Feb/2025:01:19:29 +0100] "GET /ticket2/opencms/system/modules/com.gridnine.opencms.ticketbrokerage.site/resources/js/standard.js HTTP/1.1" 200 3983
202.8.43.201 - - [03/Feb/2025:01:19:29 +0100] "GET /ticket2/opencms/system/modules/com.gridnine.opencms.ticketbrokerage.site/resources/js/jquery.placeholder.min.js HTTP/1.1" 200 1737
202.8.43.201 - - [03/Feb/2025:01:19:30 +0100] "GET /ticket2/opencms/system/modules/com.gridnine.opencms.ticketbrokerage.site/resources/js/common-ajax.js HTTP/1.1" 200 20175
202.8.43.201 - - [03/Feb/2025:01:19:30 +0100] "GET /ticket2/opencms/en/ask-form.html HTTP/1.1" 200 3146
202.8.43.201 - - [03/Feb/2025:01:19:30 +0100] "GET /ticket2/opencms/system/modules/com.gridnine.opencms.ticketbrokerage.site/resources/css/ticketbrokerage.css HTTP/1.1" 200 39339
54.36.148.60 - - [03/Feb/2025:01:19:30 +0100] "GET /ticket2/opencms/en/sport/football-tickets/bundesliga/ HTTP/1.1" 200 95437
192.99.3.137 - - [03/Feb/2025:01:19:32 +0100] "GET /ticket2/opencms/hu/buy/?page=1&edid=AA408C72-2073-316B-FBC7-E94200A17373 HTTP/1.1" 200 108916
65.21.232.254 - - [03/Feb/2025:01:19:33 +0100] "GET /ticket2/opencms/dk/login/?edid=F8EBFE76-BA3C-5F31-F845-68F2755A60CB HTTP/1.1" 200 90771
66.249.79.33 - - [03/Feb/2025:01:19:35 +0100] "GET /ticket2/opencms/ga/buy/?page=1&edid=F1EEEC67-D1C4-E916-20F3-F210A97B2C57 HTTP/1.1" 200 111963
94.154.239.69 - - [03/Feb/2025:01:19:35 +0100] "GET /ticket2/opencms/sv/login/?edid=6E0E607E-1672-92ED-4ADC-66D609CB45A8 HTTP/1.1" 200 91486
217.113.194.215 - - [03/Feb/2025:01:19:36 +0100] "GET /ticket2/opencms/sq/buy?page=1&edid=830EDC92-4B16-CDC6-6C3E-65134AF2D57E HTTP/1.1" 200 112201
54.36.148.195 - - [03/Feb/2025:01:19:37 +0100] "GET /ticket2/opencms/sl/buy/?page=1&edid=B8EF6180-227A-800A-63E5-9809623FC791 HTTP/1.1" 200 127105
192.99.3.137 - - [03/Feb/2025:01:19:37 +0100] "GET /ticket2/opencms/hu/buy/?page=1&edid=AA8C5089-9B5D-0C1A-1662-169B0C579120 HTTP/1.1" 200 121720
65.21.232.254 - - [03/Feb/2025:01:19:37 +0100] "GET /ticket2/opencms/dk/login/?edid=F9957417-808C-BFE8-DAF7-21430BD5D954 HTTP/1.1" 200 90750
192.99.3.137 - - [03/Feb/2025:01:19:41 +0100] "GET /ticket2/opencms/hu/buy/?page=1&edid=AAD8B8EA-9AED-21A9-2967-40D5EB8A5581 HTTP/1.1" 200 108948
65.21.232.254 - - [03/Feb/2025:01:19:42 +0100] "GET /ticket2/opencms/en/login/?edid=39D2D755-8464-8F52-377C-8885A51D4032 HTTP/1.1" 200 90251
54.36.149.41 - - [03/Feb/2025:01:19:42 +0100] "GET /ticket2/opencms/cs/buy?page=1&edid=EFAD6268-83FA-7979-AAB3-785B7208F10D HTTP/1.1" 200 108796
94.154.239.69 - - [03/Feb/2025:01:19:42 +0100] "GET /ticket2/opencms/sv/login/?edid=6E1EEF1D-58EB-72BA-24BA-09C4B887C643 HTTP/1.1" 200 91517
66.249.76.170 - - [03/Feb/2025:01:19:43 +0100] "GET /ticket2/opencms/hr/buy/?page=1&edid=6035F022-2AFB-0DF4-0C8B-8C092D9D990D HTTP/1.1" 200 111820
202.8.41.249 - - [03/Feb/2025:01:19:44 +0100] "GET /ticket2/opencms/system/modules/com.gridnine.opencms.ticketbrokerage.site/resources/css/jquery-ui.css HTTP/1.1" 200 33221
202.8.41.249 - - [03/Feb/2025:01:19:44 +0100] "GET /ticket2/opencms/system/modules/com.gridnine.opencms.ticketbrokerage.site/resources/css/calendar.css HTTP/1.1" 200 6871
202.8.41.249 - - [03/Feb/2025:01:19:44 +0100] "GET /ticket2/opencms/system/modules/com.gridnine.opencms.ticketbrokerage.site/resources/css/ticketbrokerage.css HTTP/1.1" 200 39339
202.8.41.249 - - [03/Feb/2025:01:19:44 +0100] "GET /ticket2/opencms/system/modules/com.gridnine.opencms.ticketbrokerage.site/resources/css/standard.css HTTP/1.1" 200 73904
202.8.41.249 - - [03/Feb/2025:01:19:44 +0100] "GET /ticket2/opencms/system/modules/com.gridnine.opencms.ticketbrokerage.site/resources/css/jquery.fancybox.css HTTP/1.1" 200 4939
202.8.41.249 - - [03/Feb/2025:01:19:44 +0100] "GET /ticket2/opencms/system/modules/com.gridnine.opencms.ticketbrokerage.site/resources/js/jquery/jquery.js HTTP/1.1" 200 93868
202.8.41.249 - - [03/Feb/2025:01:19:44 +0100] "GET /ticket2/opencms/system/modules/com.gridnine.opencms.ticketbrokerage.site/resources/js/functions.js HTTP/1.1" 200 1583
202.8.41.249 - - [03/Feb/2025:01:19:44 +0100] "GET /ticket2/opencms/system/modules/com.gridnine.opencms.ticketbrokerage.site/resources/js/jquery/jquery-ui.js HTTP/1.1" 200 228088
202.8.41.249 - - [03/Feb/2025:01:19:44 +0100] "GET /ticket2/opencms/system/modules/com.gridnine.opencms.ticketbrokerage.site/resources/js/calendar.js HTTP/1.1" 200 49229
202.8.41.249 - - [03/Feb/2025:01:19:44 +0100] "GET /ticket2/opencms/system/modules/com.gridnine.opencms.ticketbrokerage.site/resources/js/calendar-en.js HTTP/1.1" 200 3338
202.8.41.249 - - [03/Feb/2025:01:19:44 +0100] "GET /ticket2/opencms/system/modules/com.gridnine.opencms.ticketbrokerage.site/resources/js/calendar-setup.js HTTP/1.1" 200 4923
202.8.41.249 - - [03/Feb/2025:01:19:44 +0100] "GET /ticket2/opencms/system/modules/com.gridnine.opencms.ticketbrokerage.site/resources/js/jquery.fancybox.pack.js HTTP/1.1" 200 23187
202.8.41.249 - - [03/Feb/2025:01:19:44 +0100] "GET /ticket2/opencms/system/modules/com.gridnine.opencms.ticketbrokerage.site/resources/js/stickyfill.min.js HTTP/1.1" 200 5672
202.8.41.249 - - [03/Feb/2025:01:19:44 +0100] "GET /ticket2/opencms/system/modules/com.gridnine.opencms.ticketbrokerage.site/resources/js/standard.js HTTP/1.1" 200 3983
202.8.41.249 - - [03/Feb/2025:01:19:44 +0100] "GET /ticket2/opencms/system/modules/com.gridnine.opencms.ticketbrokerage.site/resources/js/jquery.placeholder.min.js HTTP/1.1" 200 1737
202.8.41.249 - - [03/Feb/2025:01:19:44 +0100] "GET /ticket2/opencms/system/modules/com.gridnine.opencms.ticketbrokerage.site/resources/js/common-ajax.js HTTP/1.1" 200 20175
202.8.41.249 - - [03/Feb/2025:01:19:44 +0100] "GET /ticket2/opencms/cs/ask-form.html HTTP/1.1" 200 3156
217.113.194.214 - - [03/Feb/2025:01:19:44 +0100] "GET /ticket2/opencms/sq/buy?page=1&edid=8133C942-66F5-124A-FBC6-6DFF6D7DA76C HTTP/1.1" 200 108940
202.8.41.249 - - [03/Feb/2025:01:19:44 +0100] "GET /ticket2/opencms/system/modules/com.gridnine.opencms.ticketbrokerage.site/resources/css/ticketbrokerage.css HTTP/1.1" 200 39339
65.21.232.254 - - [03/Feb/2025:01:19:46 +0100] "GET /ticket2/opencms/en/login/?edid=3C13F1FD-29EE-4E4B-1DE9-B1BC691B594F HTTP/1.1" 200 90249
192.99.3.137 - - [03/Feb/2025:01:19:46 +0100] "GET /ticket2/opencms/hu/buy/?page=1&edid=ABE0D196-5A84-0064-2AAA-8BE846913E3B HTTP/1.1" 200 135636
94.154.239.69 - - [03/Feb/2025:01:19:47 +0100] "GET /ticket2/opencms/sv/login/?edid=6ED08D04-7263-AC79-DA04-AFB97DC97A00 HTTP/1.1" 200 91527
190.92.232.138 - - [03/Feb/2025:01:19:49 +0100] "GET /ticket2/opencms/pl/buy/?page=1&edid=CDA38C41-6DE4-D71D-343E-7BC83BD91DA2 HTTP/1.1" 200 108710
65.21.232.254 - - [03/Feb/2025:01:19:50 +0100] "GET /ticket2/opencms/en/login/?edid=4F0DF82F-544D-E130-A490-9B74F6C2186D HTTP/1.1" 200 90204
192.99.3.137 - - [03/Feb/2025:01:19:52 +0100] "GET /ticket2/opencms/hu/buy/?page=1&edid=AC44825D-2793-0C67-BD3C-7AB6359F86DA HTTP/1.1" 200 118225
54.36.149.37 - - [03/Feb/2025:01:19:52 +0100] "GET /ticket2/opencms/el/buy/?page=1&edid=D4F26649-49E7-D9AD-008F-6A1EF16B5F3C HTTP/1.1" 200 131166
217.113.194.216 - - [03/Feb/2025:01:19:53 +0100] "GET /ticket2/opencms/sq/buy?page=1&edid=8DE7A210-45E0-8C09-63EA-28CBA5412C0E HTTP/1.1" 200 111986
94.154.239.69 - - [03/Feb/2025:01:19:54 +0100] "GET /ticket2/opencms/sv/login/?edid=6F379414-70C4-400F-51D2-AFD37C8F2BC7 HTTP/1.1" 200 91514
65.21.232.254 - - [03/Feb/2025:01:19:55 +0100] "GET /ticket2/opencms/en/login/?edid=4F5D7E65-10BD-96F6-3835-18E4510F5DC0 HTTP/1.1" 200 90242
192.99.3.137 - - [03/Feb/2025:01:19:57 +0100] "GET /ticket2/opencms/hu/buy/?page=1&edid=AC8F7448-8C97-BB58-DCF6-B6425E43C512 HTTP/1.1" 200 108893
54.36.149.96 - - [03/Feb/2025:01:19:57 +0100] "GET /ticket2/opencms/ka/buy?page=1&edid=7A0C4CE7-DF50-29C3-D447-032204091A27 HTTP/1.1" 200 114284
94.154.239.69 - - [03/Feb/2025:01:19:59 +0100] "GET /ticket2/opencms/sv/login/?edid=6F827915-CC69-8D4B-85B7-ECF6D4E1C7C3 HTTP/1.1" 200 91500
202.8.40.42 - - [03/Feb/2025:01:19:59 +0100] "GET /ticket2/opencms/system/modules/com.gridnine.opencms.ticketbrokerage.site/resources/css/calendar.css HTTP/1.1" 200 6871
