188.150.32.251 - - [03/Feb/2025:00:02:54 +0100] "GET /ticket2/opencms/system/modules/com.gridnine.opencms.ticketbrokerage.site/resources/js/calendar.js HTTP/1.1" 200 49229
188.150.32.251 - - [03/Feb/2025:00:02:54 +0100] "GET /ticket2/opencms/system/modules/com.gridnine.opencms.ticketbrokerage.site/resources/css/standard.css HTTP/1.1" 200 73904
188.150.32.251 - - [03/Feb/2025:00:02:54 +0100] "GET /ticket2/opencms/system/modules/com.gridnine.opencms.ticketbrokerage.site/resources/css/calendar.css HTTP/1.1" 200 6871
188.150.32.251 - - [03/Feb/2025:00:02:54 +0100] "GET /ticket2/opencms/system/modules/com.gridnine.opencms.ticketbrokerage.site/resources/js/functions.js HTTP/1.1" 200 1583
188.150.32.251 - - [03/Feb/2025:00:02:54 +0100] "GET /ticket2/opencms/system/modules/com.gridnine.opencms.ticketbrokerage.site/resources/js/calendar-en.js HTTP/1.1" 200 3338
188.150.32.251 - - [03/Feb/2025:00:02:54 +0100] "GET /ticket2/opencms/system/modules/com.gridnine.opencms.ticketbrokerage.site/resources/pics/banners/sv/premier_league_sv.png HTTP/1.1" 200 13518
195.191.219.132 - - [03/Feb/2025:00:02:54 +0100] "GET /ticket2/opencms/no/buy/?page=1&edid=8DAC444C-448D-A1B9-AA6B-69B974B642D4 HTTP/1.1" 200 109151
54.36.148.8 - - [03/Feb/2025:00:02:55 +0100] "GET /ticket2/opencms/lt/buy/?page=1&edid=8F340A1C-D664-7FDD-8257-FE31525DAB7C HTTP/1.1" 200 134605
217.113.194.218 - - [03/Feb/2025:00:02:57 +0100] "GET /ticket2/opencms/en/venue/?venueid=3CE0E128-5996-3CEF-9D6D-3E9490863BCD HTTP/1.1" 200 83271
195.191.219.132 - - [03/Feb/2025:00:02:58 +0100] "GET /ticket2/opencms/no/buy/?page=1&edid=8EF61386-75A5-7ECD-3DE9-56F6BE848BCB HTTP/1.1" 200 109159
195.191.219.132 - - [03/Feb/2025:00:03:02 +0100] "GET /ticket2/opencms/no/buy/?page=1&edid=8F6505CC-E196-0DE2-B319-972139D9E7BC HTTP/1.1" 200 105973
54.36.149.93 - - [03/Feb/2025:00:03:03 +0100] "GET /ticket2/opencms/hu/buy?page=1&edid=C3C88BDA-1CC3-8611-4BC9-911B22C7161C HTTP/1.1" 200 109026
111.119.237.12 - - [03/Feb/2025:00:03:05 +0100] "GET /ticket2/opencms/pl/buy/?page=1&edid=4800554E-FCD8-CA52-DDBF-1B3255DB288E HTTP/1.1" 200 110298
47.128.59.78 - - [03/Feb/2025:00:03:05 +0100] "GET /ticket2/opencms/el/?catid=0A6C99D2-F5BD-7A18-9A5F-5668827042E0&comcatid=A17713B6-D984-201A-4143-ED4DB5ED5C2E&eventid=2E8FEED6-8FAD-B0D7-22BA-E6EFDA36827A&page=6 HTTP/1.1" 200 107626
195.191.219.132 - - [03/Feb/2025:00:03:05 +0100] "GET /ticket2/opencms/no/buy/?page=1&edid=8F905FAC-F76E-69F9-0EF7-DBFB02031472 HTTP/1.1" 200 109111
217.113.194.217 - - [03/Feb/2025:00:03:06 +0100] "GET /ticket2/opencms/en/venue/?venueid=E5B48125-3172-6FE0-AE97-FD5E9EC5BAFA HTTP/1.1" 200 83256
195.191.219.132 - - [03/Feb/2025:00:03:09 +0100] "GET /ticket2/opencms/no/buy/?page=1&edid=907CF4D4-B973-A3B0-65B6-6295DAF15BAB HTTP/1.1" 200 105956
188.150.32.251 - - [03/Feb/2025:00:03:10 +0100] "GET /ticket2/opencms/no/sport/fotballsbilletter/premier_league/manchester_united/ HTTP/1.1" 200 98699
188.150.32.251 - - [03/Feb/2025:00:03:10 +0100] "GET /ticket2/opencms/system/modules/com.gridnine.opencms.ticketbrokerage.site/resources/css/calendar.css HTTP/1.1" 200 6871
188.150.32.251 - - [03/Feb/2025:00:03:10 +0100] "GET /ticket2/opencms/system/modules/com.gridnine.opencms.ticketbrokerage.site/resources/css/ticketbrokerage.css HTTP/1.1" 200 39339
188.150.32.251 - - [03/Feb/2025:00:03:10 +0100] "GET /ticket2/opencms/system/modules/com.gridnine.opencms.ticketbrokerage.site/resources/js/standard.js HTTP/1.1" 200 3983
188.150.32.251 - - [03/Feb/2025:00:03:10 +0100] "GET /ticket2/opencms/system/modules/com.gridnine.opencms.ticketbrokerage.site/resources/js/calendar-setup.js HTTP/1.1" 200 4923
188.150.32.251 - - [03/Feb/2025:00:03:10 +0100] "GET /ticket2/opencms/system/modules/com.gridnine.opencms.ticketbrokerage.site/resources/js/functions.js HTTP/1.1" 200 1583
188.150.32.251 - - [03/Feb/2025:00:03:10 +0100] "GET /ticket2/opencms/system/modules/com.gridnine.opencms.ticketbrokerage.site/resources/js/calendar.js HTTP/1.1" 200 49229
188.150.32.251 - - [03/Feb/2025:00:03:10 +0100] "GET /ticket2/opencms/system/modules/com.gridnine.opencms.ticketbrokerage.site/resources/js/calendar-en.js HTTP/1.1" 200 3338
188.150.32.251 - - [03/Feb/2025:00:03:10 +0100] "GET /ticket2/opencms/system/modules/com.gridnine.opencms.ticketbrokerage.site/resources/css/standard.css HTTP/1.1" 200 73904
188.150.32.251 - - [03/Feb/2025:00:03:10 +0100] "GET /ticket2/opencms/system/modules/com.gridnine.opencms.ticketbrokerage.site/resources/pics/banners/team/premier_league/manchester_united.png HTTP/1.1" 200 13884
82.117.123.66 - - [03/Feb/2025:00:03:11 +0100] "GET /ticket2/opencms/sv/sport/fotbollsbiljetter/premier_league/chelsea/?gad_source=1&gbraid=0AAAAADlS-t-FpoMll-uXR_CJ17z5JdiuE&gclid=EAIaIQobChMI-eDkxo2miwMVIQCiAx3H1xXzEAAYASAAEgIJrfD_BwE HTTP/1.1" 200 98713
82.117.123.66 - - [03/Feb/2025:00:03:11 +0100] "GET /ticket2/opencms/system/modules/com.gridnine.opencms.ticketbrokerage.site/resources/js/jquery/jquery.js HTTP/1.1" 200 93868
82.117.123.66 - - [03/Feb/2025:00:03:11 +0100] "GET /ticket2/opencms/system/modules/com.gridnine.opencms.ticketbrokerage.site/resources/css/ticketbrokerage.css HTTP/1.1" 200 39339
82.117.123.66 - - [03/Feb/2025:00:03:11 +0100] "GET /ticket2/opencms/system/modules/com.gridnine.opencms.ticketbrokerage.site/resources/js/jquery/jquery-ui.js HTTP/1.1" 200 228088
82.117.123.66 - - [03/Feb/2025:00:03:11 +0100] "GET /ticket2/opencms/system/modules/com.gridnine.opencms.ticketbrokerage.site/resources/js/functions.js HTTP/1.1" 200 1583
82.117.123.66 - - [03/Feb/2025:00:03:11 +0100] "GET /ticket2/opencms/system/modules/com.gridnine.opencms.ticketbrokerage.site/resources/css/calendar.css HTTP/1.1" 200 6871
82.117.123.66 - - [03/Feb/2025:00:03:11 +0100] "GET /ticket2/opencms/system/modules/com.gridnine.opencms.ticketbrokerage.site/resources/css/jquery-ui.css HTTP/1.1" 200 33221
82.117.123.66 - - [03/Feb/2025:00:03:11 +0100] "GET /ticket2/opencms/system/modules/com.gridnine.opencms.ticketbrokerage.site/resources/js/jquery.placeholder.min.js HTTP/1.1" 200 1737
82.117.123.66 - - [03/Feb/2025:00:03:11 +0100] "GET /ticket2/opencms/system/modules/com.gridnine.opencms.ticketbrokerage.site/resources/js/calendar.js HTTP/1.1" 200 49229
82.117.123.66 - - [03/Feb/2025:00:03:11 +0100] "GET /ticket2/opencms/system/modules/com.gridnine.opencms.ticketbrokerage.site/resources/js/calendar-setup.js HTTP/1.1" 200 4923
82.117.123.66 - - [03/Feb/2025:00:03:11 +0100] "GET /ticket2/opencms/system/modules/com.gridnine.opencms.ticketbrokerage.site/resources/js/calendar-en.js HTTP/1.1" 200 3338
82.117.123.66 - - [03/Feb/2025:00:03:11 +0100] "GET /ticket2/opencms/system/modules/com.gridnine.opencms.ticketbrokerage.site/resources/js/common-ajax.js HTTP/1.1" 200 20175
82.117.123.66 - - [03/Feb/2025:00:03:11 +0100] "GET /ticket2/opencms/system/modules/com.gridnine.opencms.ticketbrokerage.site/resources/js/jquery.fancybox.pack.js HTTP/1.1" 200 23187
82.117.123.66 - - [03/Feb/2025:00:03:11 +0100] "GET /ticket2/opencms/system/modules/com.gridnine.opencms.ticketbrokerage.site/resources/js/stickyfill.min.js HTTP/1.1" 200 5672
82.117.123.66 - - [03/Feb/2025:00:03:11 +0100] "GET /ticket2/opencms/system/modules/com.gridnine.opencms.ticketbrokerage.site/resources/js/standard.js HTTP/1.1" 200 3983
82.117.123.66 - - [03/Feb/2025:00:03:11 +0100] "GET /ticket2/opencms/system/modules/com.gridnine.opencms.ticketbrokerage.site/resources/css/jquery.fancybox.css HTTP/1.1" 200 4939
82.117.123.66 - - [03/Feb/2025:00:03:11 +0100] "GET /ticket2/opencms/system/modules/com.gridnine.opencms.ticketbrokerage.site/resources/pics/logo-new.png HTTP/1.1" 200 13541
82.117.123.66 - - [03/Feb/2025:00:03:11 +0100] "GET /ticket2/opencms/img/insta.png HTTP/1.1" 200 3967
82.117.123.66 - - [03/Feb/2025:00:03:11 +0100] "GET /ticket2/opencms/img/fb.png HTTP/1.1" 200 1269
82.117.123.66 - - [03/Feb/2025:00:03:11 +0100] "GET /ticket2/opencms/system/modules/com.gridnine.opencms.ticketbrokerage.site/resources/pics/banners/Chelsea.jpg HTTP/1.1" 200 13056
82.117.123.66 - - [03/Feb/2025:00:03:11 +0100] "GET /ticket2/opencms/system/modules/com.gridnine.opencms.ticketbrokerage.site/resources/pics/footer-img.jpg HTTP/1.1" 200 67642
82.117.123.66 - - [03/Feb/2025:00:03:12 +0100] "GET /ticket2/opencms/system/modules/com.gridnine.opencms.ticketbrokerage.site/resources/css/standard.css HTTP/1.1" 200 73904
82.117.123.66 - - [03/Feb/2025:00:03:12 +0100] "GET /ticket2/opencms/img/icons/globe-white.png HTTP/1.1" 200 947
82.117.123.66 - - [03/Feb/2025:00:03:12 +0100] "GET /ticket2/opencms/img/icons/se.png HTTP/1.1" 200 1258
82.117.123.66 - - [03/Feb/2025:00:03:12 +0100] "GET /ticket2/opencms/img/check.png HTTP/1.1" 200 548
82.117.123.66 - - [03/Feb/2025:00:03:12 +0100] "GET /ticket2/opencms/img/mail.png HTTP/1.1" 200 403
82.117.123.66 - - [03/Feb/2025:00:03:12 +0100] "GET /ticket2/opencms/img/chat.png HTTP/1.1" 200 416
82.117.123.66 - - [03/Feb/2025:00:03:12 +0100] "GET /ticket2/opencms/img/arrow.png HTTP/1.1" 200 753
82.117.123.66 - - [03/Feb/2025:00:03:12 +0100] "GET /ticket2/opencms/img/icons/fi.png HTTP/1.1" 200 1785
82.117.123.66 - - [03/Feb/2025:00:03:12 +0100] "GET /ticket2/opencms/img/icons/no.png HTTP/1.1" 200 1958
82.117.123.66 - - [03/Feb/2025:00:03:13 +0100] "GET /ticket2/opencms/img/icons/dk.png HTTP/1.1" 200 1706
82.117.123.66 - - [03/Feb/2025:00:03:13 +0100] "GET /ticket2/opencms/img/icons/nl.png HTTP/1.1" 200 1255
82.117.123.66 - - [03/Feb/2025:00:03:13 +0100] "GET /ticket2/opencms/img/icons/de.png HTTP/1.1" 200 1124
82.117.123.66 - - [03/Feb/2025:00:03:13 +0100] "GET /ticket2/opencms/img/icons/fr.png HTTP/1.1" 200 1764
82.117.123.66 - - [03/Feb/2025:00:03:13 +0100] "GET /ticket2/opencms/img/icons/es.png HTTP/1.1" 200 1005
82.117.123.66 - - [03/Feb/2025:00:03:13 +0100] "GET /ticket2/opencms/img/icons/it.png HTTP/1.1" 200 2040
82.117.123.66 - - [03/Feb/2025:00:03:13 +0100] "GET /ticket2/opencms/img/icons/pl.png HTTP/1.1" 200 1578
82.117.123.66 - - [03/Feb/2025:00:03:13 +0100] "GET /ticket2/opencms/img/icons/sq.png HTTP/1.1" 200 1619
82.117.123.66 - - [03/Feb/2025:00:03:13 +0100] "GET /ticket2/opencms/img/icons/az.png HTTP/1.1" 200 1445
82.117.123.66 - - [03/Feb/2025:00:03:13 +0100] "GET /ticket2/opencms/img/icons/cs.png HTTP/1.1" 200 1883
82.117.123.66 - - [03/Feb/2025:00:03:13 +0100] "GET /ticket2/opencms/img/icons/et.png HTTP/1.1" 200 754
82.117.123.66 - - [03/Feb/2025:00:03:13 +0100] "GET /ticket2/opencms/img/icons/el.png HTTP/1.1" 200 1637
82.117.123.66 - - [03/Feb/2025:00:03:13 +0100] "GET /ticket2/opencms/img/icons/ka.png HTTP/1.1" 200 860
66.249.79.35 - - [03/Feb/2025:00:03:13 +0100] "GET /ticket2/opencms/set_aff_cookie.jsp?partner=6F250EA7-4505-FA01-D601-8847F2573405&url=%252Fru%252Fbuy%252Findex.html%253Fpage%253D1%2526edid%253D16BA48F9-E787-F00A-EC7D-F97A99AECBFB%2526hlv%253D66d03934-3eac-4091-ba6a-72160a01000f%2523v_1400892111 HTTP/1.1" 200 247
82.117.123.66 - - [03/Feb/2025:00:03:13 +0100] "GET /ticket2/opencms/img/icons/hu.png HTTP/1.1" 200 733
82.117.123.66 - - [03/Feb/2025:00:03:13 +0100] "GET /ticket2/opencms/img/icons/is.png HTTP/1.1" 200 1884
82.117.123.66 - - [03/Feb/2025:00:03:13 +0100] "GET /ticket2/opencms/img/icons/ga.png HTTP/1.1" 200 1759
82.117.123.66 - - [03/Feb/2025:00:03:13 +0100] "GET /ticket2/opencms/img/icons/lv.png HTTP/1.1" 200 716
82.117.123.66 - - [03/Feb/2025:00:03:13 +0100] "GET /ticket2/opencms/img/icons/lt.png HTTP/1.1" 200 733
82.117.123.66 - - [03/Feb/2025:00:03:13 +0100] "GET /ticket2/opencms/img/icons/en.png HTTP/1.1" 200 2415
82.117.123.66 - - [03/Feb/2025:00:03:13 +0100] "GET /ticket2/opencms/img/icons/mt.png HTTP/1.1" 200 920
82.117.123.66 - - [03/Feb/2025:00:03:13 +0100] "GET /ticket2/opencms/img/icons/mo.png HTTP/1.1" 200 1468
82.117.123.66 - - [03/Feb/2025:00:03:13 +0100] "GET /ticket2/opencms/img/icons/be.png HTTP/1.1" 200 1663
82.117.123.66 - - [03/Feb/2025:00:03:13 +0100] "GET /ticket2/opencms/img/icons/ro.png HTTP/1.1" 200 1393
82.117.123.66 - - [03/Feb/2025:00:03:13 +0100] "GET /ticket2/opencms/img/icons/sr.png HTTP/1.1" 200 1602
82.117.123.66 - - [03/Feb/2025:00:03:13 +0100] "GET /ticket2/opencms/img/icons/sk.png HTTP/1.1" 200 1283
82.117.123.66 - - [03/Feb/2025:00:03:13 +0100] "GET /ticket2/opencms/img/icons/sl.png HTTP/1.1" 200 966
82.117.123.66 - - [03/Feb/2025:00:03:13 +0100] "GET /ticket2/opencms/img/icons/uk.png HTTP/1.1" 200 1272
82.117.123.66 - - [03/Feb/2025:00:03:13 +0100] "GET /ticket2/opencms/img/icons/tr.png HTTP/1.1" 200 1636
195.191.219.132 - - [03/Feb/2025:00:03:14 +0100] "GET /ticket2/opencms/no/buy/?page=1&edid=90ECD66C-C911-E023-FDD4-A285886FB22C HTTP/1.1" 200 105978
82.117.123.66 - - [03/Feb/2025:00:03:14 +0100] "GET /ticket2/opencms/img/icons/bs.png HTTP/1.1" 200 1014
82.117.123.66 - - [03/Feb/2025:00:03:14 +0100] "GET /ticket2/opencms/img/icons/hr.png HTTP/1.1" 200 2024
82.117.123.66 - - [03/Feb/2025:00:03:14 +0100] "GET /ticket2/opencms/img/icons/bg.png HTTP/1.1" 200 788
82.117.123.66 - - [03/Feb/2025:00:03:14 +0100] "GET /ticket2/opencms/img/icons/ticket2.thumbnail.png HTTP/1.1" 200 21519
82.117.123.66 - - [03/Feb/2025:00:03:14 +0100] "GET /ticket2/opencms/system/modules/com.gridnine.opencms.ticketbrokerage.site/resources/js/standard.js HTTP/1.1" 200 3983
217.113.194.220 - - [03/Feb/2025:00:03:15 +0100] "GET /ticket2/opencms/en/venue/?venueid=E0B5B71E-1525-E4B8-C2C9-E8B145968FBD HTTP/1.1" 200 83255
195.191.219.132 - - [03/Feb/2025:00:03:17 +0100] "GET /ticket2/opencms/no/buy/?page=1&edid=91F8E11B-8B50-521F-C35C-7D5B1FE7556E HTTP/1.1" 200 108549
54.36.148.106 - - [03/Feb/2025:00:03:17 +0100] "GET /ticket2/opencms/is/buy/?page=1&edid=79716713-A068-E79D-953B-9FF4A2B80AAB HTTP/1.1" 200 131995
5.9.55.228 - - [03/Feb/2025:00:03:19 +0100] "GET /ticket2/opencms/en/buy/?comcatid=a17713b6-d984-201a-4143-ed4db5ed5c2e&catid=6bd6e0b0-84af-3a0d-3851-c1357ce9b771 HTTP/1.1" 200 6410
195.191.219.132 - - [03/Feb/2025:00:03:20 +0100] "GET /ticket2/opencms/no/buy/?page=1&edid=928BB7D5-7B45-3D87-4539-AB69908A1985 HTTP/1.1" 200 109102
195.191.219.132 - - [03/Feb/2025:00:03:24 +0100] "GET /ticket2/opencms/no/buy/?page=1&edid=93EAB1FB-E361-1C6A-65E8-48D7E58E8464&sortorder=desc&column=price HTTP/1.1" 200 106934
217.113.194.212 - - [03/Feb/2025:00:03:24 +0100] "GET /ticket2/opencms/en/venue/?venueid=0E1AD7DC-F63F-ECC2-9070-B20E7ACF07FC HTTP/1.1" 200 83322
195.191.219.132 - - [03/Feb/2025:00:03:27 +0100] "GET /ticket2/opencms/no/buy/?page=1&edid=93EAB1FB-E361-1C6A-65E8-48D7E58E8464&sortorder=desc&column=row HTTP/1.1" 200 106868
54.36.148.137 - - [03/Feb/2025:00:03:28 +0100] "GET /ticket2/opencms/is/buy/?page=1&edid=8EF7EC9D-9BC8-1DEC-C27C-0541D5C5F471 HTTP/1.1" 200 125328
195.191.219.132 - - [03/Feb/2025:00:03:31 +0100] "GET /ticket2/opencms/no/buy/?page=1&edid=94790677-3E35-552C-B834-014C4FA18E0B HTTP/1.1" 200 109109
217.113.194.216 - - [03/Feb/2025:00:03:33 +0100] "GET /ticket2/opencms/en/venue/?venueid=0A5827CF-E7EA-E40C-108E-9376F19C9B55 HTTP/1.1" 200 83326
188.150.32.251 - - [03/Feb/2025:00:03:34 +0100] "GET /ticket2/opencms/?utm_medium=paid&utm_source=ig&utm_id=120214954577210458&utm_content=120214954611600458&utm_term=120214954577240458&utm_campaign=120214954577210458&fbclid=PAZXh0bgNhZW0BMABhZGlkAasW3ULTpgoBpsbQmLovsJGF8FJXkH1Ibo3a5eWsf53ENwoWEd8yv7s9DmsH7lQJvSZ8ZQ_aem_CfuhtN2AcN6RNUWSRwv9KA HTTP/1.1" 302 -
188.150.32.251 - - [03/Feb/2025:00:03:34 +0100] "GET /ticket2/opencms/no/ HTTP/1.1" 200 104319
188.150.32.251 - - [03/Feb/2025:00:03:34 +0100] "GET /ticket2/opencms/system/modules/com.gridnine.opencms.ticketbrokerage.site/resources/css/calendar.css HTTP/1.1" 200 6871
188.150.32.251 - - [03/Feb/2025:00:03:34 +0100] "GET /ticket2/opencms/system/modules/com.gridnine.opencms.ticketbrokerage.site/resources/js/calendar-setup.js HTTP/1.1" 200 4923
188.150.32.251 - - [03/Feb/2025:00:03:34 +0100] "GET /ticket2/opencms/system/modules/com.gridnine.opencms.ticketbrokerage.site/resources/js/standard.js HTTP/1.1" 200 3983
188.150.32.251 - - [03/Feb/2025:00:03:34 +0100] "GET /ticket2/opencms/system/modules/com.gridnine.opencms.ticketbrokerage.site/resources/js/functions.js HTTP/1.1" 200 1583
188.150.32.251 - - [03/Feb/2025:00:03:34 +0100] "GET /ticket2/opencms/system/modules/com.gridnine.opencms.ticketbrokerage.site/resources/css/ticketbrokerage.css HTTP/1.1" 200 39339
188.150.32.251 - - [03/Feb/2025:00:03:34 +0100] "GET /ticket2/opencms/system/modules/com.gridnine.opencms.ticketbrokerage.site/resources/js/calendar.js HTTP/1.1" 200 49229
188.150.32.251 - - [03/Feb/2025:00:03:34 +0100] "GET /ticket2/opencms/system/modules/com.gridnine.opencms.ticketbrokerage.site/resources/css/standard.css HTTP/1.1" 200 73904
188.150.32.251 - - [03/Feb/2025:00:03:34 +0100] "GET /ticket2/opencms/system/modules/com.gridnine.opencms.ticketbrokerage.site/resources/js/calendar-en.js HTTP/1.1" 200 3338
54.36.149.6 - - [03/Feb/2025:00:03:35 +0100] "GET /ticket2/opencms/lt/buy?page=1&edid=380022DF-63A1-5DA8-425A-027B0E0314C7 HTTP/1.1" 200 106631
195.191.219.132 - - [03/Feb/2025:00:03:35 +0100] "GET /ticket2/opencms/no/buy/?page=1&edid=9684AE15-3EBA-E7D5-508A-98E4C96CF74C HTTP/1.1" 200 109195
202.8.40.197 - - [03/Feb/2025:00:03:36 +0100] "GET /ticket2/opencms/system/modules/com.gridnine.opencms.ticketbrokerage.site/resources/css/ticketbrokerage.css HTTP/1.1" 200 39339
202.8.40.197 - - [03/Feb/2025:00:03:36 +0100] "GET /ticket2/opencms/system/modules/com.gridnine.opencms.ticketbrokerage.site/resources/css/calendar.css HTTP/1.1" 200 6871
202.8.40.197 - - [03/Feb/2025:00:03:36 +0100] "GET /ticket2/opencms/system/modules/com.gridnine.opencms.ticketbrokerage.site/resources/css/jquery-ui.css HTTP/1.1" 200 33221
202.8.40.197 - - [03/Feb/2025:00:03:36 +0100] "GET /ticket2/opencms/system/modules/com.gridnine.opencms.ticketbrokerage.site/resources/css/jquery.fancybox.css HTTP/1.1" 200 4939
202.8.40.197 - - [03/Feb/2025:00:03:36 +0100] "GET /ticket2/opencms/system/modules/com.gridnine.opencms.ticketbrokerage.site/resources/css/standard.css HTTP/1.1" 200 73904
202.8.40.197 - - [03/Feb/2025:00:03:36 +0100] "GET /ticket2/opencms/system/modules/com.gridnine.opencms.ticketbrokerage.site/resources/js/jquery/jquery.js HTTP/1.1" 200 93868
202.8.40.197 - - [03/Feb/2025:00:03:36 +0100] "GET /ticket2/opencms/system/modules/com.gridnine.opencms.ticketbrokerage.site/resources/js/jquery/jquery-ui.js HTTP/1.1" 200 228088
202.8.40.197 - - [03/Feb/2025:00:03:36 +0100] "GET /ticket2/opencms/system/modules/com.gridnine.opencms.ticketbrokerage.site/resources/js/functions.js HTTP/1.1" 200 1583
202.8.40.197 - - [03/Feb/2025:00:03:36 +0100] "GET /ticket2/opencms/system/modules/com.gridnine.opencms.ticketbrokerage.site/resources/js/calendar.js HTTP/1.1" 200 49229
202.8.40.197 - - [03/Feb/2025:00:03:36 +0100] "GET /ticket2/opencms/system/modules/com.gridnine.opencms.ticketbrokerage.site/resources/js/calendar-en.js HTTP/1.1" 200 3338
202.8.40.197 - - [03/Feb/2025:00:03:36 +0100] "GET /ticket2/opencms/system/modules/com.gridnine.opencms.ticketbrokerage.site/resources/js/calendar-setup.js HTTP/1.1" 200 4923
202.8.40.197 - - [03/Feb/2025:00:03:36 +0100] "GET /ticket2/opencms/system/modules/com.gridnine.opencms.ticketbrokerage.site/resources/js/jquery.fancybox.pack.js HTTP/1.1" 200 23187
202.8.40.197 - - [03/Feb/2025:00:03:36 +0100] "GET /ticket2/opencms/system/modules/com.gridnine.opencms.ticketbrokerage.site/resources/js/stickyfill.min.js HTTP/1.1" 200 5672
202.8.40.197 - - [03/Feb/2025:00:03:36 +0100] "GET /ticket2/opencms/system/modules/com.gridnine.opencms.ticketbrokerage.site/resources/js/standard.js HTTP/1.1" 200 3983
202.8.40.197 - - [03/Feb/2025:00:03:36 +0100] "GET /ticket2/opencms/system/modules/com.gridnine.opencms.ticketbrokerage.site/resources/js/jquery.placeholder.min.js HTTP/1.1" 200 1737
66.249.79.33 - - [03/Feb/2025:00:03:36 +0100] "GET /ticket2/opencms/set_aff_cookie.jsp?partner=6F250EA7-4505-FA01-D601-8847F2573405&url=%252Fru%252Fbuy%252Findex.html%253Fpage%253D1%2526edid%253D055941D5-AAA9-3559-090F-26D27D65FBDA%2526hlv%253D66d04cc9-fb00-4e9f-894e-074a0a01000f%2523v1977367005 HTTP/1.1" 200 246
202.8.40.197 - - [03/Feb/2025:00:03:36 +0100] "GET /ticket2/opencms/system/modules/com.gridnine.opencms.ticketbrokerage.site/resources/js/common-ajax.js HTTP/1.1" 200 20175
202.8.40.197 - - [03/Feb/2025:00:03:36 +0100] "GET /ticket2/opencms/lt/ask-form.html HTTP/1.1" 200 3156
202.8.40.197 - - [03/Feb/2025:00:03:37 +0100] "GET /ticket2/opencms/system/modules/com.gridnine.opencms.ticketbrokerage.site/resources/css/ticketbrokerage.css HTTP/1.1" 200 39339
195.191.219.132 - - [03/Feb/2025:00:03:38 +0100] "GET /ticket2/opencms/no/buy/?page=1&edid=968A8F10-9514-4104-D078-D446E43D04F7 HTTP/1.1" 200 105980
216.244.66.238 - - [03/Feb/2025:00:03:39 +0100] "GET /ticket2/opencms/is/buy?page=1&edid=EE5FBB3F-5DE5-7AF4-5DB6-F4D1706153C7 HTTP/1.1" 200 110163
195.191.219.132 - - [03/Feb/2025:00:03:41 +0100] "GET /ticket2/opencms/no/buy/?page=1&edid=969E5AB7-D3B8-6C58-9920-98035C387D72 HTTP/1.1" 200 108666
154.54.249.216 - - [03/Feb/2025:00:03:42 +0100] "GET /ticket2/opencms/en/venue/?venueid=6E74DDFB-B5A5-70DD-F587-B3566A502D6D HTTP/1.1" 200 83249
54.36.148.183 - - [03/Feb/2025:00:03:44 +0100] "GET /ticket2/opencms/lt/buy?page=1&edid=C3C88BDA-1CC3-8611-4BC9-911B22C7161C HTTP/1.1" 200 109184
195.191.219.132 - - [03/Feb/2025:00:03:45 +0100] "GET /ticket2/opencms/no/buy/?page=1&edid=97703BD6-0843-2D57-5EFB-B242F3174659 HTTP/1.1" 200 108290
188.150.32.251 - - [03/Feb/2025:00:03:48 +0100] "GET /ticket2/opencms/no/buy?page=1&edid=3583D5C7-607A-E528-A709-844E6A72DC1B HTTP/1.1" 200 140424
188.150.32.251 - - [03/Feb/2025:00:03:48 +0100] "GET /ticket2/opencms/system/modules/com.gridnine.opencms.ticketbrokerage.site/resources/css/calendar.css HTTP/1.1" 200 6871
188.150.32.251 - - [03/Feb/2025:00:03:48 +0100] "GET /ticket2/opencms/system/modules/com.gridnine.opencms.ticketbrokerage.site/resources/css/ticketbrokerage.css HTTP/1.1" 200 39339
188.150.32.251 - - [03/Feb/2025:00:03:48 +0100] "GET /ticket2/opencms/system/modules/com.gridnine.opencms.ticketbrokerage.site/resources/js/standard.js HTTP/1.1" 200 3983
188.150.32.251 - - [03/Feb/2025:00:03:48 +0100] "GET /ticket2/opencms/system/modules/com.gridnine.opencms.ticketbrokerage.site/resources/js/calendar.js HTTP/1.1" 200 49229
188.150.32.251 - - [03/Feb/2025:00:03:48 +0100] "GET /ticket2/opencms/system/modules/com.gridnine.opencms.ticketbrokerage.site/resources/css/standard.css HTTP/1.1" 200 73904
188.150.32.251 - - [03/Feb/2025:00:03:48 +0100] "GET /ticket2/opencms/system/modules/com.gridnine.opencms.ticketbrokerage.site/resources/js/calendar-en.js HTTP/1.1" 200 3338
188.150.32.251 - - [03/Feb/2025:00:03:48 +0100] "GET /ticket2/opencms/system/modules/com.gridnine.opencms.ticketbrokerage.site/resources/js/functions.js HTTP/1.1" 200 1583
188.150.32.251 - - [03/Feb/2025:00:03:48 +0100] "GET /ticket2/opencms/system/modules/com.gridnine.opencms.ticketbrokerage.site/resources/js/calendar-setup.js HTTP/1.1" 200 4923
188.150.32.251 - - [03/Feb/2025:00:03:48 +0100] "GET /ticket2/opencms/venue/old_trafford.png HTTP/1.1" 200 89001
188.150.32.251 - - [03/Feb/2025:00:03:48 +0100] "GET /ticket2/opencms/system/modules/com.gridnine.opencms.ticketbrokerage.site/resources/pics/0.gif HTTP/1.1" 200 43
188.150.32.251 - - [03/Feb/2025:00:03:48 +0100] "GET /ticket2/opencms/no/ask-form.html HTTP/1.1" 200 2919
188.150.32.251 - - [03/Feb/2025:00:03:48 +0100] "GET /ticket2/opencms/system/modules/com.gridnine.opencms.ticketbrokerage.site/resources/pics/two_man.png HTTP/1.1" 200 3407
188.150.32.251 - - [03/Feb/2025:00:03:48 +0100] "GET /ticket2/opencms/system/modules/com.gridnine.opencms.ticketbrokerage.site/resources/pics/ticket_info_button.png HTTP/1.1" 200 3820
188.150.32.251 - - [03/Feb/2025:00:03:48 +0100] "GET /ticket2/opencms/system/modules/com.gridnine.opencms.ticketbrokerage.site/resources/pics/arrow.gif HTTP/1.1" 200 344
188.150.32.251 - - [03/Feb/2025:00:03:48 +0100] "GET /ticket2/opencms/system/modules/com.gridnine.opencms.ticketbrokerage.site/resources/css/ticketbrokerage.css HTTP/1.1" 200 39339
188.150.32.251 - - [03/Feb/2025:00:03:48 +0100] "GET /ticket2/opencms/system/modules/com.gridnine.opencms.ticketbrokerage.site/resources/pics/form_marker.gif HTTP/1.1" 200 43
188.150.32.251 - - [03/Feb/2025:00:03:48 +0100] "GET /ticket2/opencms/img/arrow-down.png HTTP/1.1" 200 192
188.150.32.251 - - [03/Feb/2025:00:03:48 +0100] "GET /ticket2/opencms/system/modules/com.gridnine.opencms.ticketbrokerage.site/resources/pics/button1_left.gif HTTP/1.1" 200 232
188.150.32.251 - - [03/Feb/2025:00:03:48 +0100] "GET /ticket2/opencms/system/modules/com.gridnine.opencms.ticketbrokerage.site/resources/pics/button1_right.gif HTTP/1.1" 200 232
188.150.32.251 - - [03/Feb/2025:00:03:48 +0100] "GET /ticket2/opencms/system/modules/com.gridnine.opencms.ticketbrokerage.site/resources/pics/button1_center.gif HTTP/1.1" 200 66
195.191.219.132 - - [03/Feb/2025:00:03:49 +0100] "GET /ticket2/opencms/no/buy/?page=1&edid=9A922FCB-8506-35ED-C678-7D43144BEDC3 HTTP/1.1" 200 105979
216.244.66.238 - - [03/Feb/2025:00:03:51 +0100] "GET /ticket2/opencms/sv/sport/fotbollsbiljetter/bundesliga/werder-bremen HTTP/1.1" 200 96492
217.113.194.217 - - [03/Feb/2025:00:03:51 +0100] "GET /ticket2/opencms/en/venue/?venueid=6D90FD34-5DE4-4A2F-652B-58B5AB67413E HTTP/1.1" 200 83267
195.191.219.132 - - [03/Feb/2025:00:03:52 +0100] "GET /ticket2/opencms/no/buy/?page=1&edid=A1A37FC4-1FF6-4D2A-B598-FE1862FE9ADD HTTP/1.1" 200 109109
114.119.151.93 - - [03/Feb/2025:00:03:52 +0100] "GET /ticket2/opencms/hu/buy?page=1&=E8DC3225-DF07-A0B7-224F-8F7C178BD934 HTTP/1.1" 200 6507
124.243.177.254 - - [03/Feb/2025:00:03:53 +0100] "GET /ticket2/opencms/pl/?comcatid=A17713B6-D984-201A-4143-ED4DB5ED5C2E&catid=7ACC33AD-EE7E-AAA7-9050-0F4587759B87 HTTP/1.1" 200 104344
54.36.148.4 - - [03/Feb/2025:00:03:54 +0100] "GET /ticket2/opencms/ga/buy/?page=1&edid=719E6B6D-707F-E825-E3AA-0E552980E1EB HTTP/1.1" 200 122702
195.191.219.132 - - [03/Feb/2025:00:03:55 +0100] "GET /ticket2/opencms/no/buy/?page=1&edid=A9DB1AD7-66D8-AE6D-CE9B-36D37410AA89 HTTP/1.1" 200 105966
195.191.219.132 - - [03/Feb/2025:00:03:59 +0100] "GET /ticket2/opencms/no/buy/?page=1&edid=AB9E7BF0-7DD3-2623-3B2D-74224FE2F71E&sortorder=asc&column=price HTTP/1.1" 200 109839
66.249.76.170 - - [03/Feb/2025:00:03:59 +0100] "GET /ticket2/opencms/set_aff_cookie.jsp?partner=6F250EA7-4505-FA01-D601-8847F2573405&url=%252Fru%252Fbuy%252Findex.html%253Fpage%253D1%2526edid%253DAA8C5089-9B5D-0C1A-1662-169B0C579120%2526hlv%253D66d038e5-03f4-4a8a-b4b0-72160a01000f%2523v_870730418 HTTP/1.1" 200 246
217.113.194.212 - - [03/Feb/2025:00:04:00 +0100] "GET /ticket2/opencms/en/venue/?venueid=DD1C51CF-8829-9FCD-25F4-AC82F4E66D67 HTTP/1.1" 200 83241
5.9.55.228 - - [03/Feb/2025:00:04:01 +0100] "GET /ticket2/opencms/en/buy/?comcatid=a17713b6-d984-201a-4143-ed4db5ed5c2e&catid=6e0e0ca4-3f14-9697-92b9-3687047be453 HTTP/1.1" 200 6410
216.244.66.238 - - [03/Feb/2025:00:04:01 +0100] "GET /ticket2/opencms/sr/buy?comcatid=A17713B6-D984-201A-4143-ED4DB5ED5C2E&catid=0A9E385E-33D9-328E-DC79-CA2C7009C829 HTTP/1.1" 200 6410
195.191.219.132 - - [03/Feb/2025:00:04:02 +0100] "GET /ticket2/opencms/no/buy/?page=1&edid=AC9A3740-6B7A-6C85-9B45-2DC7F7AE22AE&sortorder=asc&column=price HTTP/1.1" 200 110560
54.36.149.34 - - [03/Feb/2025:00:04:05 +0100] "GET /ticket2/opencms/hr/buy/?page=1&edid=C5541103-512C-D651-87BB-185D7BE93A66 HTTP/1.1" 200 109246
195.191.219.132 - - [03/Feb/2025:00:04:06 +0100] "GET /ticket2/opencms/no/buy/?page=1&edid=AC9A3740-6B7A-6C85-9B45-2DC7F7AE22AE&sortorder=asc&column=section HTTP/1.1" 200 110626
114.119.154.207 - - [03/Feb/2025:00:04:08 +0100] "GET /ticket2/opencms/en/selling_tickets HTTP/1.1" 200 83879
82.117.123.66 - - [03/Feb/2025:00:04:08 +0100] "GET /ticket2/opencms/sv/sport/fotbollsbiljetter/premier_league/chelsea/?gad_source=1&gbraid=0AAAAADlS-t-FpoMll-uXR_CJ17z5JdiuE&gclid=EAIaIQobChMI-eDkxo2miwMVIQCiAx3H1xXzEAAYASAAEgIJrfD_BwE HTTP/1.1" 200 98713
82.117.123.66 - - [03/Feb/2025:00:04:08 +0100] "GET /ticket2/opencms/system/modules/com.gridnine.opencms.ticketbrokerage.site/resources/css/ticketbrokerage.css HTTP/1.1" 200 39339
82.117.123.66 - - [03/Feb/2025:00:04:08 +0100] "GET /ticket2/opencms/system/modules/com.gridnine.opencms.ticketbrokerage.site/resources/css/standard.css HTTP/1.1" 200 73904
82.117.123.66 - - [03/Feb/2025:00:04:08 +0100] "GET /ticket2/opencms/system/modules/com.gridnine.opencms.ticketbrokerage.site/resources/css/calendar.css HTTP/1.1" 200 6871
82.117.123.66 - - [03/Feb/2025:00:04:08 +0100] "GET /ticket2/opencms/system/modules/com.gridnine.opencms.ticketbrokerage.site/resources/js/functions.js HTTP/1.1" 200 1583
82.117.123.66 - - [03/Feb/2025:00:04:08 +0100] "GET /ticket2/opencms/system/modules/com.gridnine.opencms.ticketbrokerage.site/resources/js/calendar.js HTTP/1.1" 200 49229
82.117.123.66 - - [03/Feb/2025:00:04:08 +0100] "GET /ticket2/opencms/system/modules/com.gridnine.opencms.ticketbrokerage.site/resources/js/calendar-setup.js HTTP/1.1" 200 4923
82.117.123.66 - - [03/Feb/2025:00:04:08 +0100] "GET /ticket2/opencms/system/modules/com.gridnine.opencms.ticketbrokerage.site/resources/js/calendar-en.js HTTP/1.1" 200 3338
82.117.123.66 - - [03/Feb/2025:00:04:08 +0100] "GET /ticket2/opencms/system/modules/com.gridnine.opencms.ticketbrokerage.site/resources/js/standard.js HTTP/1.1" 200 3983
217.113.194.219 - - [03/Feb/2025:00:04:09 +0100] "GET /ticket2/opencms/en/venue/?venueid=D6DD72B9-DC7C-80AB-E2CD-63B7C55B012E HTTP/1.1" 200 83250
195.191.219.132 - - [03/Feb/2025:00:04:09 +0100] "GET /ticket2/opencms/no/buy/?page=1&edid=AC9A3740-6B7A-6C85-9B45-2DC7F7AE22AE&sortorder=desc&column=price HTTP/1.1" 200 110592
195.191.219.132 - - [03/Feb/2025:00:04:13 +0100] "GET /ticket2/opencms/no/buy/?page=1&edid=AC9A3740-6B7A-6C85-9B45-2DC7F7AE22AE&sortorder=desc&column=section HTTP/1.1" 200 110658
40.77.167.159 - - [03/Feb/2025:00:04:13 +0100] "GET /ticket2/opencms/dk/magazine/article?title=em-stjernerne-der-googles-mest-og-er-storst-pa-instagram HTTP/1.1" 200 85991
54.36.148.230 - - [03/Feb/2025:00:04:13 +0100] "GET /ticket2/opencms/pl/buy?page=1&edid=1C109B19-215B-025B-D9B8-6D4E44843BBC HTTP/1.1" 200 129750
82.117.123.66 - - [03/Feb/2025:00:04:14 +0100] "GET /ticket2/opencms/sv/buy/?page=1&edid=DD14CC82-883B-BD06-4306-EBD494AA1804 HTTP/1.1" 200 133536
82.117.123.66 - - [03/Feb/2025:00:04:14 +0100] "GET /ticket2/opencms/system/modules/com.gridnine.opencms.ticketbrokerage.site/resources/js/calendar-en.js HTTP/1.1" 200 3338
82.117.123.66 - - [03/Feb/2025:00:04:14 +0100] "GET /ticket2/opencms/system/modules/com.gridnine.opencms.ticketbrokerage.site/resources/css/ticketbrokerage.css HTTP/1.1" 200 39339
82.117.123.66 - - [03/Feb/2025:00:04:14 +0100] "GET /ticket2/opencms/system/modules/com.gridnine.opencms.ticketbrokerage.site/resources/js/calendar.js HTTP/1.1" 200 49229
82.117.123.66 - - [03/Feb/2025:00:04:14 +0100] "GET /ticket2/opencms/system/modules/com.gridnine.opencms.ticketbrokerage.site/resources/js/standard.js HTTP/1.1" 200 3983
82.117.123.66 - - [03/Feb/2025:00:04:14 +0100] "GET /ticket2/opencms/system/modules/com.gridnine.opencms.ticketbrokerage.site/resources/css/calendar.css HTTP/1.1" 200 6871
82.117.123.66 - - [03/Feb/2025:00:04:14 +0100] "GET /ticket2/opencms/system/modules/com.gridnine.opencms.ticketbrokerage.site/resources/js/functions.js HTTP/1.1" 200 1583
82.117.123.66 - - [03/Feb/2025:00:04:14 +0100] "GET /ticket2/opencms/system/modules/com.gridnine.opencms.ticketbrokerage.site/resources/css/standard.css HTTP/1.1" 200 73904
82.117.123.66 - - [03/Feb/2025:00:04:14 +0100] "GET /ticket2/opencms/system/modules/com.gridnine.opencms.ticketbrokerage.site/resources/js/calendar-setup.js HTTP/1.1" 200 4923
82.117.123.66 - - [03/Feb/2025:00:04:14 +0100] "GET /ticket2/opencms/venue/stamford_bridge.png HTTP/1.1" 200 51972
82.117.123.66 - - [03/Feb/2025:00:04:14 +0100] "GET /ticket2/opencms/system/modules/com.gridnine.opencms.ticketbrokerage.site/resources/pics/0.gif HTTP/1.1" 200 43
82.117.123.66 - - [03/Feb/2025:00:04:14 +0100] "GET /ticket2/opencms/sv/ask-form.html HTTP/1.1" 200 2950
82.117.123.66 - - [03/Feb/2025:00:04:14 +0100] "GET /ticket2/opencms/system/modules/com.gridnine.opencms.ticketbrokerage.site/resources/pics/two_man.png HTTP/1.1" 200 3407
82.117.123.66 - - [03/Feb/2025:00:04:14 +0100] "GET /ticket2/opencms/system/modules/com.gridnine.opencms.ticketbrokerage.site/resources/pics/ticket_info_button.png HTTP/1.1" 200 3820
82.117.123.66 - - [03/Feb/2025:00:04:14 +0100] "GET /ticket2/opencms/system/modules/com.gridnine.opencms.ticketbrokerage.site/resources/css/ticketbrokerage.css HTTP/1.1" 200 39339
40.77.167.1 - - [03/Feb/2025:00:04:14 +0100] "GET /ticket2/opencms/ka/buy?page=1&edid=37482F50-B95C-A510-B78C-2DC507E76C77 HTTP/1.1" 200 115186
82.117.123.66 - - [03/Feb/2025:00:04:14 +0100] "GET /ticket2/opencms/system/modules/com.gridnine.opencms.ticketbrokerage.site/resources/pics/arrow.gif HTTP/1.1" 200 344
82.117.123.66 - - [03/Feb/2025:00:04:14 +0100] "GET /ticket2/opencms/system/modules/com.gridnine.opencms.ticketbrokerage.site/resources/pics/form_marker.gif HTTP/1.1" 200 43
82.117.123.66 - - [03/Feb/2025:00:04:14 +0100] "GET /ticket2/opencms/img/arrow-down.png HTTP/1.1" 200 192
82.117.123.66 - - [03/Feb/2025:00:04:14 +0100] "GET /ticket2/opencms/system/modules/com.gridnine.opencms.ticketbrokerage.site/resources/pics/button1_left.gif HTTP/1.1" 200 232
82.117.123.66 - - [03/Feb/2025:00:04:14 +0100] "GET /ticket2/opencms/system/modules/com.gridnine.opencms.ticketbrokerage.site/resources/pics/button1_right.gif HTTP/1.1" 200 232
82.117.123.66 - - [03/Feb/2025:00:04:14 +0100] "GET /ticket2/opencms/system/modules/com.gridnine.opencms.ticketbrokerage.site/resources/pics/button1_center.gif HTTP/1.1" 200 66
216.244.66.238 - - [03/Feb/2025:00:04:14 +0100] "GET /ticket2/opencms/az/sport/futbol-biletleri/la-liga/rayo_vallecano HTTP/1.1" 200 97318
202.8.43.17 - - [03/Feb/2025:00:04:14 +0100] "GET /ticket2/opencms/system/modules/com.gridnine.opencms.ticketbrokerage.site/resources/css/jquery-ui.css HTTP/1.1" 200 33221
202.8.43.17 - - [03/Feb/2025:00:04:14 +0100] "GET /ticket2/opencms/system/modules/com.gridnine.opencms.ticketbrokerage.site/resources/css/ticketbrokerage.css HTTP/1.1" 200 39339
202.8.43.17 - - [03/Feb/2025:00:04:14 +0100] "GET /ticket2/opencms/system/modules/com.gridnine.opencms.ticketbrokerage.site/resources/css/standard.css HTTP/1.1" 200 73904
202.8.43.17 - - [03/Feb/2025:00:04:14 +0100] "GET /ticket2/opencms/system/modules/com.gridnine.opencms.ticketbrokerage.site/resources/css/calendar.css HTTP/1.1" 200 6871
202.8.43.17 - - [03/Feb/2025:00:04:14 +0100] "GET /ticket2/opencms/system/modules/com.gridnine.opencms.ticketbrokerage.site/resources/css/jquery.fancybox.css HTTP/1.1" 200 4939
202.8.43.17 - - [03/Feb/2025:00:04:14 +0100] "GET /ticket2/opencms/system/modules/com.gridnine.opencms.ticketbrokerage.site/resources/js/jquery/jquery.js HTTP/1.1" 200 93868
202.8.43.17 - - [03/Feb/2025:00:04:14 +0100] "GET /ticket2/opencms/system/modules/com.gridnine.opencms.ticketbrokerage.site/resources/js/functions.js HTTP/1.1" 200 1583
202.8.43.17 - - [03/Feb/2025:00:04:14 +0100] "GET /ticket2/opencms/system/modules/com.gridnine.opencms.ticketbrokerage.site/resources/js/jquery/jquery-ui.js HTTP/1.1" 200 228088
202.8.43.17 - - [03/Feb/2025:00:04:15 +0100] "GET /ticket2/opencms/system/modules/com.gridnine.opencms.ticketbrokerage.site/resources/js/calendar.js HTTP/1.1" 200 49229
202.8.43.17 - - [03/Feb/2025:00:04:15 +0100] "GET /ticket2/opencms/system/modules/com.gridnine.opencms.ticketbrokerage.site/resources/js/calendar-en.js HTTP/1.1" 200 3338
202.8.43.17 - - [03/Feb/2025:00:04:15 +0100] "GET /ticket2/opencms/system/modules/com.gridnine.opencms.ticketbrokerage.site/resources/js/calendar-setup.js HTTP/1.1" 200 4923
202.8.43.17 - - [03/Feb/2025:00:04:15 +0100] "GET /ticket2/opencms/system/modules/com.gridnine.opencms.ticketbrokerage.site/resources/js/jquery.fancybox.pack.js HTTP/1.1" 200 23187
202.8.43.17 - - [03/Feb/2025:00:04:15 +0100] "GET /ticket2/opencms/system/modules/com.gridnine.opencms.ticketbrokerage.site/resources/js/stickyfill.min.js HTTP/1.1" 200 5672
202.8.43.17 - - [03/Feb/2025:00:04:15 +0100] "GET /ticket2/opencms/system/modules/com.gridnine.opencms.ticketbrokerage.site/resources/js/standard.js HTTP/1.1" 200 3983
202.8.43.17 - - [03/Feb/2025:00:04:15 +0100] "GET /ticket2/opencms/system/modules/com.gridnine.opencms.ticketbrokerage.site/resources/js/jquery.placeholder.min.js HTTP/1.1" 200 1737
202.8.43.17 - - [03/Feb/2025:00:04:15 +0100] "GET /ticket2/opencms/system/modules/com.gridnine.opencms.ticketbrokerage.site/resources/js/common-ajax.js HTTP/1.1" 200 20175
202.8.43.17 - - [03/Feb/2025:00:04:15 +0100] "GET /ticket2/opencms/pl/ask-form.html HTTP/1.1" 200 3156
202.8.43.17 - - [03/Feb/2025:00:04:15 +0100] "GET /ticket2/opencms/system/modules/com.gridnine.opencms.ticketbrokerage.site/resources/css/ticketbrokerage.css HTTP/1.1" 200 39339
195.191.219.132 - - [03/Feb/2025:00:04:16 +0100] "GET /ticket2/opencms/no/buy/?page=1&edid=AD8A5A4E-6B3A-3890-00EE-D7AC64130823 HTTP/1.1" 200 108302
114.119.151.93 - - [03/Feb/2025:00:04:17 +0100] "GET /ticket2/opencms/en/sell/?edid=BA808D68-B585-C433-1FBF-1E4793C28CA3 HTTP/1.1" 302 -
217.113.194.215 - - [03/Feb/2025:00:04:18 +0100] "GET /ticket2/opencms/en/venue/?venueid=C1C3AD36-D0CD-15F9-9ECB-C1BCEE4FC056 HTTP/1.1" 200 83255
195.191.219.132 - - [03/Feb/2025:00:04:19 +0100] "GET /ticket2/opencms/no/buy/?page=1&edid=ADA3FA8E-E451-2930-DBC9-79D7BE9FD2EE&sortorder=asc&column=price HTTP/1.1" 200 108113
114.119.151.93 - - [03/Feb/2025:00:04:21 +0100] "GET /ticket2/opencms/en/login/?url=/en/sell/ HTTP/1.1" 200 88040
195.191.219.132 - - [03/Feb/2025:00:04:23 +0100] "GET /ticket2/opencms/no/buy/?page=1&edid=ADA3FA8E-E451-2930-DBC9-79D7BE9FD2EE&sortorder=asc&column=row HTTP/1.1" 200 108047
216.244.66.238 - - [03/Feb/2025:00:04:23 +0100] "GET /ticket2/opencms/bg/sport/futbolni-bileti/la-liga/rayo_vallecano HTTP/1.1" 200 98029
195.191.219.130 - - [03/Feb/2025:00:04:24 +0100] "GET /ticket2/opencms/robots.txt HTTP/1.1" 200 773
47.128.47.232 - - [03/Feb/2025:00:04:25 +0100] "GET /ticket2/opencms/az/buy/?edid=CA09799F-8631-DBFB-6C22-0BF147840F7B HTTP/1.1" 200 89620
195.191.219.132 - - [03/Feb/2025:00:04:26 +0100] "GET /ticket2/opencms/no/buy/?page=1&edid=ADA3FA8E-E451-2930-DBC9-79D7BE9FD2EE&sortorder=asc&column=section HTTP/1.1" 200 108179
54.36.149.9 - - [03/Feb/2025:00:04:27 +0100] "GET /ticket2/opencms/es/buy?page=1&edid=56BEA2AB-D62C-F232-ADFB-5CF7A178E68C HTTP/1.1" 200 129831
217.113.194.213 - - [03/Feb/2025:00:04:27 +0100] "GET /ticket2/opencms/en/venue/?venueid=8CD131ED-0F8F-D369-706B-E5EC13ED9308 HTTP/1.1" 200 83258
195.191.219.130 - - [03/Feb/2025:00:04:27 +0100] "GET /ticket2/opencms/de/buy/?page=1&edid=F03BC80C-51C9-D5C8-6DEC-FA800785943C HTTP/1.1" 200 109327
202.8.40.65 - - [03/Feb/2025:00:04:28 +0100] "GET /ticket2/opencms/system/modules/com.gridnine.opencms.ticketbrokerage.site/resources/css/calendar.css HTTP/1.1" 200 6871
202.8.40.65 - - [03/Feb/2025:00:04:28 +0100] "GET /ticket2/opencms/system/modules/com.gridnine.opencms.ticketbrokerage.site/resources/css/ticketbrokerage.css HTTP/1.1" 200 39339
202.8.40.65 - - [03/Feb/2025:00:04:28 +0100] "GET /ticket2/opencms/system/modules/com.gridnine.opencms.ticketbrokerage.site/resources/css/jquery-ui.css HTTP/1.1" 200 33221
202.8.40.65 - - [03/Feb/2025:00:04:28 +0100] "GET /ticket2/opencms/system/modules/com.gridnine.opencms.ticketbrokerage.site/resources/css/standard.css HTTP/1.1" 200 73904
202.8.40.65 - - [03/Feb/2025:00:04:28 +0100] "GET /ticket2/opencms/system/modules/com.gridnine.opencms.ticketbrokerage.site/resources/css/jquery.fancybox.css HTTP/1.1" 200 4939
202.8.40.65 - - [03/Feb/2025:00:04:28 +0100] "GET /ticket2/opencms/system/modules/com.gridnine.opencms.ticketbrokerage.site/resources/js/jquery/jquery.js HTTP/1.1" 200 93868
202.8.40.65 - - [03/Feb/2025:00:04:28 +0100] "GET /ticket2/opencms/system/modules/com.gridnine.opencms.ticketbrokerage.site/resources/js/calendar-en.js HTTP/1.1" 200 3338
202.8.40.65 - - [03/Feb/2025:00:04:28 +0100] "GET /ticket2/opencms/system/modules/com.gridnine.opencms.ticketbrokerage.site/resources/js/jquery/jquery-ui.js HTTP/1.1" 200 228088
202.8.40.65 - - [03/Feb/2025:00:04:28 +0100] "GET /ticket2/opencms/system/modules/com.gridnine.opencms.ticketbrokerage.site/resources/js/functions.js HTTP/1.1" 200 1583
202.8.40.65 - - [03/Feb/2025:00:04:28 +0100] "GET /ticket2/opencms/system/modules/com.gridnine.opencms.ticketbrokerage.site/resources/js/calendar.js HTTP/1.1" 200 49229
202.8.40.65 - - [03/Feb/2025:00:04:28 +0100] "GET /ticket2/opencms/system/modules/com.gridnine.opencms.ticketbrokerage.site/resources/js/calendar-setup.js HTTP/1.1" 200 4923
202.8.40.65 - - [03/Feb/2025:00:04:28 +0100] "GET /ticket2/opencms/system/modules/com.gridnine.opencms.ticketbrokerage.site/resources/js/jquery.fancybox.pack.js HTTP/1.1" 200 23187
202.8.40.65 - - [03/Feb/2025:00:04:28 +0100] "GET /ticket2/opencms/system/modules/com.gridnine.opencms.ticketbrokerage.site/resources/js/stickyfill.min.js HTTP/1.1" 200 5672
202.8.40.65 - - [03/Feb/2025:00:04:28 +0100] "GET /ticket2/opencms/system/modules/com.gridnine.opencms.ticketbrokerage.site/resources/js/standard.js HTTP/1.1" 200 3983
202.8.40.65 - - [03/Feb/2025:00:04:28 +0100] "GET /ticket2/opencms/system/modules/com.gridnine.opencms.ticketbrokerage.site/resources/js/jquery.placeholder.min.js HTTP/1.1" 200 1737
202.8.40.65 - - [03/Feb/2025:00:04:28 +0100] "GET /ticket2/opencms/system/modules/com.gridnine.opencms.ticketbrokerage.site/resources/js/common-ajax.js HTTP/1.1" 200 20175
202.8.40.65 - - [03/Feb/2025:00:04:28 +0100] "GET /ticket2/opencms/es/ask-form.html HTTP/1.1" 200 3156
202.8.40.65 - - [03/Feb/2025:00:04:29 +0100] "GET /ticket2/opencms/system/modules/com.gridnine.opencms.ticketbrokerage.site/resources/css/ticketbrokerage.css HTTP/1.1" 200 39339
195.191.219.132 - - [03/Feb/2025:00:04:30 +0100] "GET /ticket2/opencms/no/buy/?page=1&edid=ADB00457-0B28-9068-E6FE-0CD0D14A0603 HTTP/1.1" 200 108523
195.191.219.130 - - [03/Feb/2025:00:04:31 +0100] "GET /ticket2/opencms/de/buy/?page=1&edid=F1EEEC67-D1C4-E916-20F3-F210A97B2C57 HTTP/1.1" 200 109021
54.36.149.30 - - [03/Feb/2025:00:04:32 +0100] "GET /ticket2/opencms/lt/buy/?page=1&edid=F2BB5427-1D4A-AECD-9787-90D94712CD18 HTTP/1.1" 200 133050
66.249.79.33 - - [03/Feb/2025:00:04:33 +0100] "GET /ticket2/opencms/ro/buy/?page=1&edid=92DF4928-935F-6F67-3394-E1ED2A861E35 HTTP/1.1" 200 110316
195.191.219.132 - - [03/Feb/2025:00:04:33 +0100] "GET /ticket2/opencms/no/buy/?page=1&edid=AE0E81B2-3EB3-64B6-5AC3-AA8704F5A6E6 HTTP/1.1" 200 105957
40.77.167.72 - - [03/Feb/2025:00:04:33 +0100] "GET /ticket2/opencms/en/magazine/article?title=the-future-of-technology-in-football HTTP/1.1" 200 85549
110.238.110.93 - - [03/Feb/2025:00:04:34 +0100] "GET /ticket2/opencms/pl/buy?page=1&edid=1260CE5D-7BE1-B121-0CBF-652705BD383D HTTP/1.1" 200 110045
195.191.219.130 - - [03/Feb/2025:00:04:34 +0100] "GET /ticket2/opencms/de/buy/?page=1&edid=F2CDADC4-EF6C-C259-F9D1-EA671C511115 HTTP/1.1" 200 105933
217.113.194.220 - - [03/Feb/2025:00:04:36 +0100] "GET /ticket2/opencms/en/venue/?venueid=A6CB083A-5A62-D00D-1160-926B40FC19E8 HTTP/1.1" 200 83238
195.191.219.132 - - [03/Feb/2025:00:04:36 +0100] "GET /ticket2/opencms/no/buy/?page=1&edid=AE3F7158-D2E7-B5EE-3096-AD81064AA1F8&sortorder=asc&column=price HTTP/1.1" 200 110087
195.191.219.130 - - [03/Feb/2025:00:04:38 +0100] "GET /ticket2/opencms/de/buy/?page=1&edid=F34F0F82-8666-22C0-D441-2DD1CFDD313F HTTP/1.1" 200 105908
195.191.219.132 - - [03/Feb/2025:00:04:40 +0100] "GET /ticket2/opencms/no/buy/?page=1&edid=AE3F7158-D2E7-B5EE-3096-AD81064AA1F8&sortorder=asc&column=section HTTP/1.1" 200 110153
216.244.66.238 - - [03/Feb/2025:00:04:40 +0100] "GET /ticket2/opencms/hu/buy?page=1&edid=2F903B76-B444-9E06-66EB-768066A106B0 HTTP/1.1" 200 106500
54.36.148.198 - - [03/Feb/2025:00:04:41 +0100] "GET /ticket2/opencms/dk/buy?page=1&edid=380022DF-63A1-5DA8-425A-027B0E0314C7 HTTP/1.1" 200 105149
195.191.219.130 - - [03/Feb/2025:00:04:41 +0100] "GET /ticket2/opencms/de/buy/?page=1&edid=F470DBBF-86C7-739C-C511-DD5626B6BC19 HTTP/1.1" 200 108476
202.8.40.125 - - [03/Feb/2025:00:04:42 +0100] "GET /ticket2/opencms/system/modules/com.gridnine.opencms.ticketbrokerage.site/resources/css/calendar.css HTTP/1.1" 200 6871
202.8.40.125 - - [03/Feb/2025:00:04:42 +0100] "GET /ticket2/opencms/system/modules/com.gridnine.opencms.ticketbrokerage.site/resources/css/standard.css HTTP/1.1" 200 73904
202.8.40.125 - - [03/Feb/2025:00:04:42 +0100] "GET /ticket2/opencms/system/modules/com.gridnine.opencms.ticketbrokerage.site/resources/css/jquery-ui.css HTTP/1.1" 200 33221
202.8.40.125 - - [03/Feb/2025:00:04:42 +0100] "GET /ticket2/opencms/system/modules/com.gridnine.opencms.ticketbrokerage.site/resources/css/ticketbrokerage.css HTTP/1.1" 200 39339
202.8.40.125 - - [03/Feb/2025:00:04:42 +0100] "GET /ticket2/opencms/system/modules/com.gridnine.opencms.ticketbrokerage.site/resources/css/jquery.fancybox.css HTTP/1.1" 200 4939
202.8.40.125 - - [03/Feb/2025:00:04:42 +0100] "GET /ticket2/opencms/system/modules/com.gridnine.opencms.ticketbrokerage.site/resources/js/jquery/jquery.js HTTP/1.1" 200 93868
202.8.40.125 - - [03/Feb/2025:00:04:42 +0100] "GET /ticket2/opencms/system/modules/com.gridnine.opencms.ticketbrokerage.site/resources/js/jquery/jquery-ui.js HTTP/1.1" 200 228088
202.8.40.125 - - [03/Feb/2025:00:04:42 +0100] "GET /ticket2/opencms/system/modules/com.gridnine.opencms.ticketbrokerage.site/resources/js/functions.js HTTP/1.1" 200 1583
202.8.40.125 - - [03/Feb/2025:00:04:42 +0100] "GET /ticket2/opencms/system/modules/com.gridnine.opencms.ticketbrokerage.site/resources/js/calendar.js HTTP/1.1" 200 49229
202.8.40.125 - - [03/Feb/2025:00:04:42 +0100] "GET /ticket2/opencms/system/modules/com.gridnine.opencms.ticketbrokerage.site/resources/js/calendar-en.js HTTP/1.1" 200 3338
202.8.40.125 - - [03/Feb/2025:00:04:42 +0100] "GET /ticket2/opencms/system/modules/com.gridnine.opencms.ticketbrokerage.site/resources/js/calendar-setup.js HTTP/1.1" 200 4923
202.8.40.125 - - [03/Feb/2025:00:04:42 +0100] "GET /ticket2/opencms/system/modules/com.gridnine.opencms.ticketbrokerage.site/resources/js/jquery.fancybox.pack.js HTTP/1.1" 200 23187
202.8.40.125 - - [03/Feb/2025:00:04:42 +0100] "GET /ticket2/opencms/system/modules/com.gridnine.opencms.ticketbrokerage.site/resources/js/stickyfill.min.js HTTP/1.1" 200 5672
202.8.40.125 - - [03/Feb/2025:00:04:42 +0100] "GET /ticket2/opencms/system/modules/com.gridnine.opencms.ticketbrokerage.site/resources/js/standard.js HTTP/1.1" 200 3983
5.9.55.228 - - [03/Feb/2025:00:04:42 +0100] "GET /ticket2/opencms/en/buy/?comcatid=a17713b6-d984-201a-4143-ed4db5ed5c2e&catid=70b37487-fe30-d476-cae7-e6afea3153f2 HTTP/1.1" 200 6410
202.8.40.125 - - [03/Feb/2025:00:04:42 +0100] "GET /ticket2/opencms/system/modules/com.gridnine.opencms.ticketbrokerage.site/resources/js/jquery.placeholder.min.js HTTP/1.1" 200 1737
202.8.40.125 - - [03/Feb/2025:00:04:42 +0100] "GET /ticket2/opencms/system/modules/com.gridnine.opencms.ticketbrokerage.site/resources/js/common-ajax.js HTTP/1.1" 200 20175
202.8.40.125 - - [03/Feb/2025:00:04:42 +0100] "GET /ticket2/opencms/dk/ask-form.html HTTP/1.1" 200 2971
202.8.40.125 - - [03/Feb/2025:00:04:43 +0100] "GET /ticket2/opencms/system/modules/com.gridnine.opencms.ticketbrokerage.site/resources/css/ticketbrokerage.css HTTP/1.1" 200 39339
195.191.219.132 - - [03/Feb/2025:00:04:44 +0100] "GET /ticket2/opencms/no/buy/?page=1&edid=AE63670B-7025-D349-4FA6-EC4A70D9CCBD&sortorder=asc&column=section HTTP/1.1" 200 109068
195.191.219.130 - - [03/Feb/2025:00:04:45 +0100] "GET /ticket2/opencms/de/buy/?page=1&edid=F71823CC-F687-3618-A9A5-95AE0EE67E20 HTTP/1.1" 200 109053
217.113.194.218 - - [03/Feb/2025:00:04:45 +0100] "GET /ticket2/opencms/en/venue/?venueid=AF6FD165-4F1A-7FA7-C62D-5E8440EB560A HTTP/1.1" 200 83250
54.36.148.94 - - [03/Feb/2025:00:04:47 +0100] "GET /ticket2/opencms/cs/buy?page=1&edid=7D0034DE-60A0-B971-BE37-13F34A8B84FE HTTP/1.1" 200 109292
195.191.219.132 - - [03/Feb/2025:00:04:47 +0100] "GET /ticket2/opencms/no/buy/?page=1&edid=AE63670B-7025-D349-4FA6-EC4A70D9CCBD&sortorder=desc&column=section HTTP/1.1" 200 109100
216.244.66.238 - - [03/Feb/2025:00:04:47 +0100] "GET /ticket2/opencms/it/buy?page=1&edid=4014222D-402E-25E3-0225-E4402DF849A6 HTTP/1.1" 200 109573
195.191.219.130 - - [03/Feb/2025:00:04:48 +0100] "GET /ticket2/opencms/de/buy/?page=1&edid=F73B99E5-B80D-7F20-3343-FD9C622F3B77 HTTP/1.1" 200 105918
47.128.126.138 - - [03/Feb/2025:00:04:50 +0100] "GET /ticket2/opencms/ga/buy/?edid=230CADCB-DB49-F1F9-9B0E-24AB279FB9A0 HTTP/1.1" 200 89502
195.191.219.132 - - [03/Feb/2025:00:04:51 +0100] "GET /ticket2/opencms/no/buy/?page=1&edid=AF3A3A75-5315-FE9D-022C-FD3048857E51&sortorder=asc&column=price HTTP/1.1" 200 110269
195.191.219.130 - - [03/Feb/2025:00:04:52 +0100] "GET /ticket2/opencms/de/buy/?page=1&edid=F75A8704-39CC-1233-9E9B-2121B4DFC51E HTTP/1.1" 200 110212
85.208.96.206 - - [03/Feb/2025:00:04:53 +0100] "GET /ticket2/opencms/sites/ticketbrokerage/sv/sport/fotbollsbiljetter/english-championship/queens-park-rangers/ HTTP/1.1" 404 -
217.113.194.213 - - [03/Feb/2025:00:04:54 +0100] "GET /ticket2/opencms/en/venue/?venueid=811C0359-3C33-A4FE-B62F-0F71E1D5271C HTTP/1.1" 200 83291
54.36.148.101 - - [03/Feb/2025:00:04:54 +0100] "GET /ticket2/opencms/sk/buy?page=1&edid=E9B7DED4-B9B3-1D5B-302C-EBD67027CF78 HTTP/1.1" 200 133514
195.191.219.132 - - [03/Feb/2025:00:04:54 +0100] "GET /ticket2/opencms/no/buy/?page=1&edid=AF3A3A75-5315-FE9D-022C-FD3048857E51&sortorder=asc&column=section HTTP/1.1" 200 110335
195.191.219.130 - - [03/Feb/2025:00:04:55 +0100] "GET /ticket2/opencms/de/buy/?page=1&edid=FA047031-F510-E911-0280-BC3ADCB159FC HTTP/1.1" 200 109569
202.8.42.52 - - [03/Feb/2025:00:04:56 +0100] "GET /ticket2/opencms/system/modules/com.gridnine.opencms.ticketbrokerage.site/resources/css/ticketbrokerage.css HTTP/1.1" 200 39339
202.8.42.52 - - [03/Feb/2025:00:04:56 +0100] "GET /ticket2/opencms/system/modules/com.gridnine.opencms.ticketbrokerage.site/resources/css/calendar.css HTTP/1.1" 200 6871
