202.8.40.134 - - [03/Feb/2025:00:58:06 +0100] "GET /ticket2/opencms/system/modules/com.gridnine.opencms.ticketbrokerage.site/resources/js/calendar-setup.js HTTP/1.1" 200 4923
202.8.40.134 - - [03/Feb/2025:00:58:06 +0100] "GET /ticket2/opencms/system/modules/com.gridnine.opencms.ticketbrokerage.site/resources/js/jquery.fancybox.pack.js HTTP/1.1" 200 23187
202.8.40.134 - - [03/Feb/2025:00:58:06 +0100] "GET /ticket2/opencms/system/modules/com.gridnine.opencms.ticketbrokerage.site/resources/js/stickyfill.min.js HTTP/1.1" 200 5672
202.8.40.134 - - [03/Feb/2025:00:58:06 +0100] "GET /ticket2/opencms/system/modules/com.gridnine.opencms.ticketbrokerage.site/resources/js/standard.js HTTP/1.1" 200 3983
202.8.40.134 - - [03/Feb/2025:00:58:07 +0100] "GET /ticket2/opencms/system/modules/com.gridnine.opencms.ticketbrokerage.site/resources/js/jquery.placeholder.min.js HTTP/1.1" 200 1737
202.8.40.134 - - [03/Feb/2025:00:58:07 +0100] "GET /ticket2/opencms/system/modules/com.gridnine.opencms.ticketbrokerage.site/resources/js/common-ajax.js HTTP/1.1" 200 20175
202.8.40.134 - - [03/Feb/2025:00:58:07 +0100] "GET /ticket2/opencms/nl/ask-form.html HTTP/1.1" 200 3015
65.21.232.254 - - [03/Feb/2025:00:58:07 +0100] "GET /ticket2/opencms/en/buy/?page=1&edid=B8DEB2B8-683F-0A52-3ABD-4B09CFFDFCBC HTTP/1.1" 200 109093
202.8.40.134 - - [03/Feb/2025:00:58:07 +0100] "GET /ticket2/opencms/system/modules/com.gridnine.opencms.ticketbrokerage.site/resources/css/ticketbrokerage.css HTTP/1.1" 200 39339
65.21.232.254 - - [03/Feb/2025:00:58:10 +0100] "GET /ticket2/opencms/en/buy/?page=1&edid=B9E742CB-A93D-96CD-9A6E-0E3E2693F981 HTTP/1.1" 200 109136
65.21.232.254 - - [03/Feb/2025:00:58:13 +0100] "GET /ticket2/opencms/en/buy/?page=1&edid=BC7AF65B-4310-C4B9-0156-F29D5392A6D8 HTTP/1.1" 200 110817
217.113.194.217 - - [03/Feb/2025:00:58:13 +0100] "GET /ticket2/opencms/mk/buy?page=1&edid=FD52E00C-3C9A-0A2F-BAA0-089F0A591CCF HTTP/1.1" 404 -
54.36.148.46 - - [03/Feb/2025:00:58:15 +0100] "GET /ticket2/opencms/hr/buy?page=1&edid=84C1C15E-A3CC-07A1-AA6A-061FC4B03894 HTTP/1.1" 200 111818
202.8.42.187 - - [03/Feb/2025:00:58:16 +0100] "GET /ticket2/opencms/system/modules/com.gridnine.opencms.ticketbrokerage.site/resources/css/ticketbrokerage.css HTTP/1.1" 200 39339
202.8.42.187 - - [03/Feb/2025:00:58:16 +0100] "GET /ticket2/opencms/system/modules/com.gridnine.opencms.ticketbrokerage.site/resources/css/standard.css HTTP/1.1" 200 73904
202.8.42.187 - - [03/Feb/2025:00:58:16 +0100] "GET /ticket2/opencms/system/modules/com.gridnine.opencms.ticketbrokerage.site/resources/css/jquery.fancybox.css HTTP/1.1" 200 4939
202.8.42.187 - - [03/Feb/2025:00:58:16 +0100] "GET /ticket2/opencms/system/modules/com.gridnine.opencms.ticketbrokerage.site/resources/css/calendar.css HTTP/1.1" 200 6871
202.8.42.187 - - [03/Feb/2025:00:58:16 +0100] "GET /ticket2/opencms/system/modules/com.gridnine.opencms.ticketbrokerage.site/resources/js/jquery/jquery.js HTTP/1.1" 200 93868
202.8.42.187 - - [03/Feb/2025:00:58:16 +0100] "GET /ticket2/opencms/system/modules/com.gridnine.opencms.ticketbrokerage.site/resources/css/jquery-ui.css HTTP/1.1" 200 33221
202.8.42.187 - - [03/Feb/2025:00:58:16 +0100] "GET /ticket2/opencms/system/modules/com.gridnine.opencms.ticketbrokerage.site/resources/js/jquery/jquery-ui.js HTTP/1.1" 200 228088
202.8.42.187 - - [03/Feb/2025:00:58:16 +0100] "GET /ticket2/opencms/system/modules/com.gridnine.opencms.ticketbrokerage.site/resources/js/functions.js HTTP/1.1" 200 1583
202.8.42.187 - - [03/Feb/2025:00:58:16 +0100] "GET /ticket2/opencms/system/modules/com.gridnine.opencms.ticketbrokerage.site/resources/js/calendar.js HTTP/1.1" 200 49229
202.8.42.187 - - [03/Feb/2025:00:58:16 +0100] "GET /ticket2/opencms/system/modules/com.gridnine.opencms.ticketbrokerage.site/resources/js/calendar-en.js HTTP/1.1" 200 3338
202.8.42.187 - - [03/Feb/2025:00:58:16 +0100] "GET /ticket2/opencms/system/modules/com.gridnine.opencms.ticketbrokerage.site/resources/js/calendar-setup.js HTTP/1.1" 200 4923
202.8.42.187 - - [03/Feb/2025:00:58:16 +0100] "GET /ticket2/opencms/system/modules/com.gridnine.opencms.ticketbrokerage.site/resources/js/jquery.fancybox.pack.js HTTP/1.1" 200 23187
202.8.42.187 - - [03/Feb/2025:00:58:16 +0100] "GET /ticket2/opencms/system/modules/com.gridnine.opencms.ticketbrokerage.site/resources/js/stickyfill.min.js HTTP/1.1" 200 5672
202.8.42.187 - - [03/Feb/2025:00:58:16 +0100] "GET /ticket2/opencms/system/modules/com.gridnine.opencms.ticketbrokerage.site/resources/js/standard.js HTTP/1.1" 200 3983
202.8.42.187 - - [03/Feb/2025:00:58:16 +0100] "GET /ticket2/opencms/system/modules/com.gridnine.opencms.ticketbrokerage.site/resources/js/jquery.placeholder.min.js HTTP/1.1" 200 1737
202.8.42.187 - - [03/Feb/2025:00:58:16 +0100] "GET /ticket2/opencms/system/modules/com.gridnine.opencms.ticketbrokerage.site/resources/js/common-ajax.js HTTP/1.1" 200 20175
202.8.42.187 - - [03/Feb/2025:00:58:16 +0100] "GET /ticket2/opencms/hr/ask-form.html HTTP/1.1" 200 3156
202.8.42.187 - - [03/Feb/2025:00:58:16 +0100] "GET /ticket2/opencms/system/modules/com.gridnine.opencms.ticketbrokerage.site/resources/css/ticketbrokerage.css HTTP/1.1" 200 39339
65.21.232.254 - - [03/Feb/2025:00:58:17 +0100] "GET /ticket2/opencms/en/buy/?page=1&edid=BD57B92F-719F-8721-993E-18658CF49B0B HTTP/1.1" 200 106963
66.249.79.33 - - [03/Feb/2025:00:58:18 +0100] "GET /ticket2/opencms/sk/buy/?page=1&edid=78077671-6D1C-6384-F4E3-25AAC0A5B810 HTTP/1.1" 200 111915
65.21.232.254 - - [03/Feb/2025:00:58:20 +0100] "GET /ticket2/opencms/en/buy/?page=1&edid=BE0412F3-5D89-5ECE-29EF-356E5B914A7D HTTP/1.1" 200 106924
40.77.167.93 - - [03/Feb/2025:00:58:20 +0100] "GET /ticket2/opencms/robots.txt HTTP/1.1" 200 773
40.77.167.93 - - [03/Feb/2025:00:58:21 +0100] "GET /ticket2/opencms/robots.txt HTTP/1.1" 200 773
217.113.194.219 - - [03/Feb/2025:00:58:22 +0100] "GET /ticket2/opencms/mk/buy?page=1&edid=FC551482-AB28-F5C8-6B1E-86C237EF2207 HTTP/1.1" 404 -
5.9.55.228 - - [03/Feb/2025:00:58:22 +0100] "GET /ticket2/opencms/fi/urheilu/jalkapallo/serie_a/napoli/ HTTP/1.1" 200 96722
65.21.232.254 - - [03/Feb/2025:00:58:23 +0100] "GET /ticket2/opencms/en/buy/?page=1&edid=BE18676F-AB94-E65E-A849-408190E75353 HTTP/1.1" 200 116119
66.249.79.4 - - [03/Feb/2025:00:58:25 +0100] "GET /ticket2/opencms/ga/buy/?page=1&edid=AC0B9D95-EFDF-620F-1AF4-978A4B3BD208 HTTP/1.1" 200 109279
54.36.148.243 - - [03/Feb/2025:00:58:25 +0100] "GET /ticket2/opencms/bg/buy?page=1&edid=0BE732AB-67CD-FDAE-FCB3-FFE731054A7F HTTP/1.1" 200 111083
65.21.232.254 - - [03/Feb/2025:00:58:27 +0100] "GET /ticket2/opencms/en/buy/?page=1&edid=BE86B5EF-5564-EB49-7409-BA54955A78A8 HTTP/1.1" 200 110132
157.55.39.63 - - [03/Feb/2025:00:58:27 +0100] "GET /ticket2/opencms/bs/magazine/article?title=refleksija-sezone-arsenala HTTP/1.1" 200 94155
154.54.249.216 - - [03/Feb/2025:00:58:30 +0100] "GET /ticket2/opencms/mk/buy?page=1&edid=DC4450D6-9DF5-C966-75BC-2DB9B2B69FF0 HTTP/1.1" 404 -
65.21.232.254 - - [03/Feb/2025:00:58:30 +0100] "GET /ticket2/opencms/en/buy/?page=1&edid=BF4FD546-C4DE-EDCA-D8F8-B2B17DB7AC99 HTTP/1.1" 200 110106
65.21.232.254 - - [03/Feb/2025:00:58:34 +0100] "GET /ticket2/opencms/en/login/?edid=5F4B97F6-9B8A-0848-D630-5BFFEEB61AF7 HTTP/1.1" 200 90215
54.36.149.27 - - [03/Feb/2025:00:58:35 +0100] "GET /ticket2/opencms/nl/sport/voetbal-tickets/uefa-champions-league/ HTTP/1.1" 200 96485
65.21.232.254 - - [03/Feb/2025:00:58:37 +0100] "GET /ticket2/opencms/en/login/?edid=71729821-BB19-CC1B-BEDD-F4658D5AB210 HTTP/1.1" 200 90224
217.113.194.214 - - [03/Feb/2025:00:58:38 +0100] "GET /ticket2/opencms/mk/buy?page=1&edid=D3D1A511-385D-0A89-1FCD-2C30ED5A7E8C HTTP/1.1" 404 -
65.21.232.254 - - [03/Feb/2025:00:58:41 +0100] "GET /ticket2/opencms/en/login/?edid=7D62C8D6-8DC2-0BAA-B7B9-AB09CD79241A HTTP/1.1" 200 90235
66.249.79.33 - - [03/Feb/2025:00:58:42 +0100] "GET /ticket2/opencms/cs/buy/?page=1&edid=78077671-6D1C-6384-F4E3-25AAC0A5B810 HTTP/1.1" 200 111772
54.36.148.137 - - [03/Feb/2025:00:58:43 +0100] "GET /ticket2/opencms/ka/buy?page=1&edid=F25FBBE3-B880-5730-A316-AE0E479B4D0A HTTP/1.1" 200 114296
185.191.171.6 - - [03/Feb/2025:00:58:44 +0100] "GET /ticket2/opencms/uk/magazine/article?title=lionel-messi-one-of-the-most-sought-after-talents-of-all-time HTTP/1.1" 200 94630
65.21.232.254 - - [03/Feb/2025:00:58:44 +0100] "GET /ticket2/opencms/en/login/?edid=9AD6E1E6-FB1D-3EDD-D6AB-CD76FAA24E1B HTTP/1.1" 200 90261
166.108.200.123 - - [03/Feb/2025:00:58:46 +0100] "GET /ticket2/opencms/pl/buy/?page=1&edid=1405C6F6-8A57-7B27-F4AD-AC07240D90C6 HTTP/1.1" 200 108652
217.113.194.220 - - [03/Feb/2025:00:58:46 +0100] "GET /ticket2/opencms/mk/buy?page=1&edid=A2B4455D-772C-1F4C-A350-190DC2A307EA HTTP/1.1" 404 -
65.21.232.254 - - [03/Feb/2025:00:58:48 +0100] "GET /ticket2/opencms/en/login/?edid=A4BCC3CD-355E-D96B-6D23-4D9FBE7BA965 HTTP/1.1" 200 90207
65.21.232.254 - - [03/Feb/2025:00:58:51 +0100] "GET /ticket2/opencms/en/login/?edid=A587FC63-4A93-6097-3B29-C1C51786267C HTTP/1.1" 200 90204
217.113.194.213 - - [03/Feb/2025:00:58:55 +0100] "GET /ticket2/opencms/mk/buy?page=1&edid=A54FAC4D-96DE-EB9E-AAA5-C17EAF776939 HTTP/1.1" 404 -
54.36.148.97 - - [03/Feb/2025:00:58:55 +0100] "GET /ticket2/opencms/sq/search.html HTTP/1.1" 200 96751
65.21.232.254 - - [03/Feb/2025:00:58:55 +0100] "GET /ticket2/opencms/en/login/?edid=A5DC3557-7021-B208-917D-35A78F466827 HTTP/1.1" 200 90267
65.21.232.254 - - [03/Feb/2025:00:58:59 +0100] "GET /ticket2/opencms/en/login/?edid=AE760495-8F0D-E66F-09B5-DE27D51C8B7F HTTP/1.1" 200 90206
65.21.232.254 - - [03/Feb/2025:00:59:02 +0100] "GET /ticket2/opencms/en/login/?edid=BB2F3A74-7E9F-DB09-2C3F-D2D8CE32979C HTTP/1.1" 200 90211
217.113.194.212 - - [03/Feb/2025:00:59:03 +0100] "GET /ticket2/opencms/mk/buy?page=1&edid=F93A2292-3F60-7656-2C0B-2AB157A0BB0B HTTP/1.1" 404 -
5.9.55.228 - - [03/Feb/2025:00:59:03 +0100] "GET /ticket2/opencms/fi/venue/?countryid=E51F1885-F514-FB3D-D1AC-60D5859EEBD8 HTTP/1.1" 200 116461
65.21.232.254 - - [03/Feb/2025:00:59:05 +0100] "GET /ticket2/opencms/en/login/?edid=BE18676F-AB94-E65E-A849-408190E75353 HTTP/1.1" 200 90223
54.36.148.216 - - [03/Feb/2025:00:59:05 +0100] "GET /ticket2/opencms/nl/buy?page=1&edid=E9B7DED4-B9B3-1D5B-302C-EBD67027CF78 HTTP/1.1" 200 132833
66.249.76.161 - - [03/Feb/2025:00:59:06 +0100] "GET /ticket2/opencms/lt/buy/?page=1&edid=78077671-6D1C-6384-F4E3-25AAC0A5B810 HTTP/1.1" 200 111929
202.8.42.55 - - [03/Feb/2025:00:59:07 +0100] "GET /ticket2/opencms/system/modules/com.gridnine.opencms.ticketbrokerage.site/resources/css/ticketbrokerage.css HTTP/1.1" 200 39339
202.8.42.55 - - [03/Feb/2025:00:59:07 +0100] "GET /ticket2/opencms/system/modules/com.gridnine.opencms.ticketbrokerage.site/resources/css/jquery-ui.css HTTP/1.1" 200 33221
202.8.42.55 - - [03/Feb/2025:00:59:07 +0100] "GET /ticket2/opencms/system/modules/com.gridnine.opencms.ticketbrokerage.site/resources/css/jquery.fancybox.css HTTP/1.1" 200 4939
202.8.42.55 - - [03/Feb/2025:00:59:07 +0100] "GET /ticket2/opencms/system/modules/com.gridnine.opencms.ticketbrokerage.site/resources/css/standard.css HTTP/1.1" 200 73904
202.8.42.55 - - [03/Feb/2025:00:59:07 +0100] "GET /ticket2/opencms/system/modules/com.gridnine.opencms.ticketbrokerage.site/resources/css/calendar.css HTTP/1.1" 200 6871
202.8.42.55 - - [03/Feb/2025:00:59:07 +0100] "GET /ticket2/opencms/system/modules/com.gridnine.opencms.ticketbrokerage.site/resources/js/jquery/jquery.js HTTP/1.1" 200 93868
202.8.42.55 - - [03/Feb/2025:00:59:07 +0100] "GET /ticket2/opencms/system/modules/com.gridnine.opencms.ticketbrokerage.site/resources/js/functions.js HTTP/1.1" 200 1583
202.8.42.55 - - [03/Feb/2025:00:59:07 +0100] "GET /ticket2/opencms/system/modules/com.gridnine.opencms.ticketbrokerage.site/resources/js/calendar.js HTTP/1.1" 200 49229
202.8.42.55 - - [03/Feb/2025:00:59:07 +0100] "GET /ticket2/opencms/system/modules/com.gridnine.opencms.ticketbrokerage.site/resources/js/jquery/jquery-ui.js HTTP/1.1" 200 228088
202.8.42.55 - - [03/Feb/2025:00:59:07 +0100] "GET /ticket2/opencms/system/modules/com.gridnine.opencms.ticketbrokerage.site/resources/js/calendar-en.js HTTP/1.1" 200 3338
202.8.42.55 - - [03/Feb/2025:00:59:07 +0100] "GET /ticket2/opencms/system/modules/com.gridnine.opencms.ticketbrokerage.site/resources/js/calendar-setup.js HTTP/1.1" 200 4923
202.8.42.55 - - [03/Feb/2025:00:59:07 +0100] "GET /ticket2/opencms/system/modules/com.gridnine.opencms.ticketbrokerage.site/resources/js/jquery.fancybox.pack.js HTTP/1.1" 200 23187
202.8.42.55 - - [03/Feb/2025:00:59:07 +0100] "GET /ticket2/opencms/system/modules/com.gridnine.opencms.ticketbrokerage.site/resources/js/stickyfill.min.js HTTP/1.1" 200 5672
202.8.42.55 - - [03/Feb/2025:00:59:07 +0100] "GET /ticket2/opencms/system/modules/com.gridnine.opencms.ticketbrokerage.site/resources/js/standard.js HTTP/1.1" 200 3983
202.8.42.55 - - [03/Feb/2025:00:59:07 +0100] "GET /ticket2/opencms/system/modules/com.gridnine.opencms.ticketbrokerage.site/resources/js/jquery.placeholder.min.js HTTP/1.1" 200 1737
202.8.42.55 - - [03/Feb/2025:00:59:08 +0100] "GET /ticket2/opencms/system/modules/com.gridnine.opencms.ticketbrokerage.site/resources/js/common-ajax.js HTTP/1.1" 200 20175
202.8.42.55 - - [03/Feb/2025:00:59:08 +0100] "GET /ticket2/opencms/nl/ask-form.html HTTP/1.1" 200 3015
202.8.42.55 - - [03/Feb/2025:00:59:08 +0100] "GET /ticket2/opencms/system/modules/com.gridnine.opencms.ticketbrokerage.site/resources/css/ticketbrokerage.css HTTP/1.1" 200 39339
114.119.129.189 - - [03/Feb/2025:00:59:08 +0100] "GET /ticket2/opencms/en/venue/?venueid=1D0702B1-352E-5FBA-3475-D4A6D59D40D0 HTTP/1.1" 200 85551
65.21.232.254 - - [03/Feb/2025:00:59:09 +0100] "GET /ticket2/opencms/en/login/?edid=10906546-584A-D978-8FDA-A5BCF523BFCB HTTP/1.1" 200 90255
154.54.249.216 - - [03/Feb/2025:00:59:11 +0100] "GET /ticket2/opencms/mk/buy?page=1&edid=C00DE87E-EC58-1464-D8D5-3AB9546A6E55 HTTP/1.1" 404 -
65.21.232.254 - - [03/Feb/2025:00:59:12 +0100] "GET /ticket2/opencms/en/login/?edid=14427B33-9BB8-BBB7-1EBA-73EE86A692A4 HTTP/1.1" 200 90235
54.36.148.157 - - [03/Feb/2025:00:59:14 +0100] "GET /ticket2/opencms/bg/buy?page=1&edid=2F89DE74-66D3-F2EE-BBA0-20A3C149309A HTTP/1.1" 200 134680
202.8.40.3 - - [03/Feb/2025:00:59:15 +0100] "GET /ticket2/opencms/system/modules/com.gridnine.opencms.ticketbrokerage.site/resources/css/jquery-ui.css HTTP/1.1" 200 33221
202.8.40.3 - - [03/Feb/2025:00:59:15 +0100] "GET /ticket2/opencms/system/modules/com.gridnine.opencms.ticketbrokerage.site/resources/css/ticketbrokerage.css HTTP/1.1" 200 39339
202.8.40.3 - - [03/Feb/2025:00:59:15 +0100] "GET /ticket2/opencms/system/modules/com.gridnine.opencms.ticketbrokerage.site/resources/css/calendar.css HTTP/1.1" 200 6871
202.8.40.3 - - [03/Feb/2025:00:59:15 +0100] "GET /ticket2/opencms/system/modules/com.gridnine.opencms.ticketbrokerage.site/resources/css/jquery.fancybox.css HTTP/1.1" 200 4939
202.8.40.3 - - [03/Feb/2025:00:59:15 +0100] "GET /ticket2/opencms/system/modules/com.gridnine.opencms.ticketbrokerage.site/resources/css/standard.css HTTP/1.1" 200 73904
202.8.40.3 - - [03/Feb/2025:00:59:15 +0100] "GET /ticket2/opencms/system/modules/com.gridnine.opencms.ticketbrokerage.site/resources/js/jquery/jquery.js HTTP/1.1" 200 93868
202.8.40.3 - - [03/Feb/2025:00:59:15 +0100] "GET /ticket2/opencms/system/modules/com.gridnine.opencms.ticketbrokerage.site/resources/js/jquery/jquery-ui.js HTTP/1.1" 200 228088
202.8.40.3 - - [03/Feb/2025:00:59:15 +0100] "GET /ticket2/opencms/system/modules/com.gridnine.opencms.ticketbrokerage.site/resources/js/calendar-en.js HTTP/1.1" 200 3338
202.8.40.3 - - [03/Feb/2025:00:59:15 +0100] "GET /ticket2/opencms/system/modules/com.gridnine.opencms.ticketbrokerage.site/resources/js/calendar.js HTTP/1.1" 200 49229
202.8.40.3 - - [03/Feb/2025:00:59:15 +0100] "GET /ticket2/opencms/system/modules/com.gridnine.opencms.ticketbrokerage.site/resources/js/functions.js HTTP/1.1" 200 1583
202.8.40.3 - - [03/Feb/2025:00:59:15 +0100] "GET /ticket2/opencms/system/modules/com.gridnine.opencms.ticketbrokerage.site/resources/js/calendar-setup.js HTTP/1.1" 200 4923
202.8.40.3 - - [03/Feb/2025:00:59:15 +0100] "GET /ticket2/opencms/system/modules/com.gridnine.opencms.ticketbrokerage.site/resources/js/jquery.fancybox.pack.js HTTP/1.1" 200 23187
202.8.40.3 - - [03/Feb/2025:00:59:15 +0100] "GET /ticket2/opencms/system/modules/com.gridnine.opencms.ticketbrokerage.site/resources/js/stickyfill.min.js HTTP/1.1" 200 5672
202.8.40.3 - - [03/Feb/2025:00:59:15 +0100] "GET /ticket2/opencms/system/modules/com.gridnine.opencms.ticketbrokerage.site/resources/js/standard.js HTTP/1.1" 200 3983
202.8.40.3 - - [03/Feb/2025:00:59:15 +0100] "GET /ticket2/opencms/system/modules/com.gridnine.opencms.ticketbrokerage.site/resources/js/jquery.placeholder.min.js HTTP/1.1" 200 1737
202.8.40.3 - - [03/Feb/2025:00:59:15 +0100] "GET /ticket2/opencms/system/modules/com.gridnine.opencms.ticketbrokerage.site/resources/js/common-ajax.js HTTP/1.1" 200 20175
202.8.40.3 - - [03/Feb/2025:00:59:15 +0100] "GET /ticket2/opencms/bg/ask-form.html HTTP/1.1" 200 3156
202.8.40.3 - - [03/Feb/2025:00:59:16 +0100] "GET /ticket2/opencms/system/modules/com.gridnine.opencms.ticketbrokerage.site/resources/css/ticketbrokerage.css HTTP/1.1" 200 39339
65.21.232.254 - - [03/Feb/2025:00:59:16 +0100] "GET /ticket2/opencms/en/login/?edid=15EB8492-E613-A503-0EBC-61EBB18066B8 HTTP/1.1" 200 90203
52.167.144.20 - - [03/Feb/2025:00:59:18 +0100] "GET /ticket2/opencms/lv/buy?page=1&edid=9599D8CE-6D4D-28BC-F542-DC2DE1048BFF HTTP/1.1" 200 112474
65.21.232.254 - - [03/Feb/2025:00:59:19 +0100] "GET /ticket2/opencms/en/login/?edid=17229D35-3D33-BA4B-D9CE-ADD5520AE6FB HTTP/1.1" 200 90217
217.113.194.221 - - [03/Feb/2025:00:59:19 +0100] "GET /ticket2/opencms/mk/buy?page=1&edid=D674E225-32EA-F579-E85F-062083D198CF HTTP/1.1" 404 -
66.249.79.33 - - [03/Feb/2025:00:59:19 +0100] "GET /ticket2/opencms/dk/buy/?page=1&edid=3D90558B-59E5-DB4E-10D0-F79B6C89B78E HTTP/1.1" 200 109965
65.21.232.254 - - [03/Feb/2025:00:59:23 +0100] "GET /ticket2/opencms/en/login/?edid=17C93539-DAE9-7AD8-0195-8468AFF11DBB HTTP/1.1" 200 90245
54.36.149.93 - - [03/Feb/2025:00:59:26 +0100] "GET /ticket2/opencms/de/buy?page=1&edid=2F89DE74-66D3-F2EE-BBA0-20A3C149309A HTTP/1.1" 200 131332
65.21.232.254 - - [03/Feb/2025:00:59:26 +0100] "GET /ticket2/opencms/en/login/?edid=1BDA6D08-38AF-6470-7423-555F9C3DEC73 HTTP/1.1" 200 90225
202.8.43.70 - - [03/Feb/2025:00:59:27 +0100] "GET /ticket2/opencms/system/modules/com.gridnine.opencms.ticketbrokerage.site/resources/css/ticketbrokerage.css HTTP/1.1" 200 39339
202.8.43.70 - - [03/Feb/2025:00:59:27 +0100] "GET /ticket2/opencms/system/modules/com.gridnine.opencms.ticketbrokerage.site/resources/css/standard.css HTTP/1.1" 200 73904
202.8.43.70 - - [03/Feb/2025:00:59:27 +0100] "GET /ticket2/opencms/system/modules/com.gridnine.opencms.ticketbrokerage.site/resources/css/calendar.css HTTP/1.1" 200 6871
202.8.43.70 - - [03/Feb/2025:00:59:27 +0100] "GET /ticket2/opencms/system/modules/com.gridnine.opencms.ticketbrokerage.site/resources/css/jquery.fancybox.css HTTP/1.1" 200 4939
202.8.43.70 - - [03/Feb/2025:00:59:27 +0100] "GET /ticket2/opencms/system/modules/com.gridnine.opencms.ticketbrokerage.site/resources/js/jquery/jquery.js HTTP/1.1" 200 93868
202.8.43.70 - - [03/Feb/2025:00:59:27 +0100] "GET /ticket2/opencms/system/modules/com.gridnine.opencms.ticketbrokerage.site/resources/css/jquery-ui.css HTTP/1.1" 200 33221
202.8.43.70 - - [03/Feb/2025:00:59:27 +0100] "GET /ticket2/opencms/system/modules/com.gridnine.opencms.ticketbrokerage.site/resources/js/functions.js HTTP/1.1" 200 1583
202.8.43.70 - - [03/Feb/2025:00:59:27 +0100] "GET /ticket2/opencms/system/modules/com.gridnine.opencms.ticketbrokerage.site/resources/js/jquery/jquery-ui.js HTTP/1.1" 200 228088
202.8.43.70 - - [03/Feb/2025:00:59:27 +0100] "GET /ticket2/opencms/system/modules/com.gridnine.opencms.ticketbrokerage.site/resources/js/calendar.js HTTP/1.1" 200 49229
202.8.43.70 - - [03/Feb/2025:00:59:27 +0100] "GET /ticket2/opencms/system/modules/com.gridnine.opencms.ticketbrokerage.site/resources/js/calendar-en.js HTTP/1.1" 200 3338
202.8.43.70 - - [03/Feb/2025:00:59:27 +0100] "GET /ticket2/opencms/system/modules/com.gridnine.opencms.ticketbrokerage.site/resources/js/calendar-setup.js HTTP/1.1" 200 4923
202.8.43.70 - - [03/Feb/2025:00:59:27 +0100] "GET /ticket2/opencms/system/modules/com.gridnine.opencms.ticketbrokerage.site/resources/js/jquery.fancybox.pack.js HTTP/1.1" 200 23187
202.8.43.70 - - [03/Feb/2025:00:59:27 +0100] "GET /ticket2/opencms/system/modules/com.gridnine.opencms.ticketbrokerage.site/resources/js/stickyfill.min.js HTTP/1.1" 200 5672
202.8.43.70 - - [03/Feb/2025:00:59:27 +0100] "GET /ticket2/opencms/system/modules/com.gridnine.opencms.ticketbrokerage.site/resources/js/standard.js HTTP/1.1" 200 3983
217.113.194.220 - - [03/Feb/2025:00:59:27 +0100] "GET /ticket2/opencms/mk/buy?page=1&edid=C76975CF-903E-219C-0CE3-DE3E87D06A7B HTTP/1.1" 404 -
202.8.43.70 - - [03/Feb/2025:00:59:28 +0100] "GET /ticket2/opencms/system/modules/com.gridnine.opencms.ticketbrokerage.site/resources/js/jquery.placeholder.min.js HTTP/1.1" 200 1737
202.8.43.70 - - [03/Feb/2025:00:59:28 +0100] "GET /ticket2/opencms/system/modules/com.gridnine.opencms.ticketbrokerage.site/resources/js/common-ajax.js HTTP/1.1" 200 20175
202.8.43.70 - - [03/Feb/2025:00:59:28 +0100] "GET /ticket2/opencms/de/ask-form.html HTTP/1.1" 200 3156
202.8.43.70 - - [03/Feb/2025:00:59:28 +0100] "GET /ticket2/opencms/system/modules/com.gridnine.opencms.ticketbrokerage.site/resources/css/ticketbrokerage.css HTTP/1.1" 200 39339
65.21.232.254 - - [03/Feb/2025:00:59:30 +0100] "GET /ticket2/opencms/en/login/?edid=1E797748-9B66-BEC3-D169-107F37EB584B HTTP/1.1" 200 90237
216.244.66.245 - - [03/Feb/2025:00:59:30 +0100] "GET /ticket2/opencms/se/robots.txt HTTP/1.1" 404 -
159.138.146.54 - - [03/Feb/2025:00:59:30 +0100] "GET /ticket2/opencms/pl/buy/?page=1&edid=CA9B3B0E-7FD3-E90E-7799-488AC7DDC244 HTTP/1.1" 200 132156
65.21.232.254 - - [03/Feb/2025:00:59:33 +0100] "GET /ticket2/opencms/en/login/?edid=26FF4CAE-0AB1-26F3-524A-CA6FA2A5B775 HTTP/1.1" 200 90228
54.36.148.147 - - [03/Feb/2025:00:59:35 +0100] "GET /ticket2/opencms/be/buy?page=1&edid=F25FBBE3-B880-5730-A316-AE0E479B4D0A HTTP/1.1" 200 110916
217.113.194.212 - - [03/Feb/2025:00:59:36 +0100] "GET /ticket2/opencms/mk/buy?page=1&edid=93248ED4-F395-639B-C755-8FBFE80A5D17 HTTP/1.1" 404 -
65.21.232.254 - - [03/Feb/2025:00:59:37 +0100] "GET /ticket2/opencms/en/login/?edid=29EFBFCC-B83C-5AD9-CA78-B89CD9BC3287 HTTP/1.1" 200 90247
65.21.232.254 - - [03/Feb/2025:00:59:40 +0100] "GET /ticket2/opencms/en/login/?edid=2AA1FF96-18BA-5A96-CBE6-7F35F0406D7B HTTP/1.1" 200 90245
54.36.148.223 - - [03/Feb/2025:00:59:44 +0100] "GET /ticket2/opencms/et/buy?page=1&edid=9A8891BD-C3B9-2FD5-1633-7AEF0F073762 HTTP/1.1" 200 135261
217.113.194.217 - - [03/Feb/2025:00:59:44 +0100] "GET /ticket2/opencms/mk/buy?page=1&edid=E20DC4B2-605C-6B27-A096-414FF2522D6E HTTP/1.1" 404 -
65.21.232.254 - - [03/Feb/2025:00:59:44 +0100] "GET /ticket2/opencms/en/login/?edid=2B877732-5277-2CC6-D9D2-67E5CDEA4143 HTTP/1.1" 200 90255
202.8.40.67 - - [03/Feb/2025:00:59:45 +0100] "GET /ticket2/opencms/system/modules/com.gridnine.opencms.ticketbrokerage.site/resources/css/ticketbrokerage.css HTTP/1.1" 200 39339
202.8.40.67 - - [03/Feb/2025:00:59:45 +0100] "GET /ticket2/opencms/system/modules/com.gridnine.opencms.ticketbrokerage.site/resources/css/standard.css HTTP/1.1" 200 73904
202.8.40.67 - - [03/Feb/2025:00:59:45 +0100] "GET /ticket2/opencms/system/modules/com.gridnine.opencms.ticketbrokerage.site/resources/css/jquery.fancybox.css HTTP/1.1" 200 4939
202.8.40.67 - - [03/Feb/2025:00:59:45 +0100] "GET /ticket2/opencms/system/modules/com.gridnine.opencms.ticketbrokerage.site/resources/css/jquery-ui.css HTTP/1.1" 200 33221
202.8.40.67 - - [03/Feb/2025:00:59:45 +0100] "GET /ticket2/opencms/system/modules/com.gridnine.opencms.ticketbrokerage.site/resources/css/calendar.css HTTP/1.1" 200 6871
202.8.40.67 - - [03/Feb/2025:00:59:45 +0100] "GET /ticket2/opencms/system/modules/com.gridnine.opencms.ticketbrokerage.site/resources/js/jquery/jquery.js HTTP/1.1" 200 93868
202.8.40.67 - - [03/Feb/2025:00:59:45 +0100] "GET /ticket2/opencms/system/modules/com.gridnine.opencms.ticketbrokerage.site/resources/js/functions.js HTTP/1.1" 200 1583
202.8.40.67 - - [03/Feb/2025:00:59:45 +0100] "GET /ticket2/opencms/system/modules/com.gridnine.opencms.ticketbrokerage.site/resources/js/jquery/jquery-ui.js HTTP/1.1" 200 228088
202.8.40.67 - - [03/Feb/2025:00:59:45 +0100] "GET /ticket2/opencms/system/modules/com.gridnine.opencms.ticketbrokerage.site/resources/js/calendar.js HTTP/1.1" 200 49229
202.8.40.67 - - [03/Feb/2025:00:59:45 +0100] "GET /ticket2/opencms/system/modules/com.gridnine.opencms.ticketbrokerage.site/resources/js/calendar-en.js HTTP/1.1" 200 3338
202.8.40.67 - - [03/Feb/2025:00:59:45 +0100] "GET /ticket2/opencms/system/modules/com.gridnine.opencms.ticketbrokerage.site/resources/js/calendar-setup.js HTTP/1.1" 200 4923
202.8.40.67 - - [03/Feb/2025:00:59:45 +0100] "GET /ticket2/opencms/system/modules/com.gridnine.opencms.ticketbrokerage.site/resources/js/jquery.fancybox.pack.js HTTP/1.1" 200 23187
202.8.40.67 - - [03/Feb/2025:00:59:45 +0100] "GET /ticket2/opencms/system/modules/com.gridnine.opencms.ticketbrokerage.site/resources/js/stickyfill.min.js HTTP/1.1" 200 5672
202.8.40.67 - - [03/Feb/2025:00:59:45 +0100] "GET /ticket2/opencms/system/modules/com.gridnine.opencms.ticketbrokerage.site/resources/js/standard.js HTTP/1.1" 200 3983
202.8.40.67 - - [03/Feb/2025:00:59:45 +0100] "GET /ticket2/opencms/system/modules/com.gridnine.opencms.ticketbrokerage.site/resources/js/jquery.placeholder.min.js HTTP/1.1" 200 1737
202.8.40.67 - - [03/Feb/2025:00:59:45 +0100] "GET /ticket2/opencms/system/modules/com.gridnine.opencms.ticketbrokerage.site/resources/js/common-ajax.js HTTP/1.1" 200 20175
202.8.40.67 - - [03/Feb/2025:00:59:45 +0100] "GET /ticket2/opencms/et/ask-form.html HTTP/1.1" 200 3156
202.8.40.67 - - [03/Feb/2025:00:59:46 +0100] "GET /ticket2/opencms/system/modules/com.gridnine.opencms.ticketbrokerage.site/resources/css/ticketbrokerage.css HTTP/1.1" 200 39339
5.9.55.228 - - [03/Feb/2025:00:59:46 +0100] "GET /ticket2/opencms/fi/venue/?countryid=E5A463DD-D0D6-2F66-230F-35633A8D9ED0 HTTP/1.1" 200 116444
65.21.232.254 - - [03/Feb/2025:00:59:48 +0100] "GET /ticket2/opencms/en/login/?edid=3332FDE7-1F4A-7217-A205-4DAC5ABE8927 HTTP/1.1" 200 90219
182.22.28.105 - - [03/Feb/2025:00:59:50 +0100] "GET /ticket2/opencms/robots.txt HTTP/1.1" 200 773
65.21.232.254 - - [03/Feb/2025:00:59:51 +0100] "GET /ticket2/opencms/en/login/?edid=33CC4948-6558-3EC2-FACA-6AF19D354AA8 HTTP/1.1" 200 90193
182.22.28.94 - - [03/Feb/2025:00:59:51 +0100] "GET /ticket2/opencms/img/icons/ticket2.thumbnail.png HTTP/1.1" 200 21519
217.113.194.213 - - [03/Feb/2025:00:59:52 +0100] "GET /ticket2/opencms/mk/buy?page=1&edid=A9FB4931-7D3F-A756-7769-4F0BC786B8FB HTTP/1.1" 404 -
40.77.167.184 - - [03/Feb/2025:00:59:53 +0100] "GET /ticket2/opencms/robots.txt HTTP/1.1" 200 773
40.77.167.184 - - [03/Feb/2025:00:59:53 +0100] "GET /ticket2/opencms/robots.txt HTTP/1.1" 200 773
66.249.79.33 - - [03/Feb/2025:00:59:53 +0100] "GET /ticket2/opencms/sl/buy/?page=1&edid=79B5950A-8F2F-84F8-FCAC-0BA8722B353B HTTP/1.1" 200 118591
65.21.232.254 - - [03/Feb/2025:00:59:55 +0100] "GET /ticket2/opencms/en/login/?edid=37CCBCCA-CDAD-6DBB-02E4-092F4F3842E9 HTTP/1.1" 200 90243
54.36.148.113 - - [03/Feb/2025:00:59:55 +0100] "GET /ticket2/opencms/mt/buy?page=1&edid=F25FBBE3-B880-5730-A316-AE0E479B4D0A HTTP/1.1" 200 108980
185.191.171.8 - - [03/Feb/2025:00:59:57 +0100] "GET /ticket2/opencms/fi/urheilu/jalkapallo/champions-league/manchester-city HTTP/1.1" 500 -
47.128.51.223 - - [03/Feb/2025:00:59:57 +0100] "GET /ticket2/opencms/az/buy/?edid=3834B79A-5D67-764F-EEC4-EB2411D57169 HTTP/1.1" 200 91828
65.21.232.254 - - [03/Feb/2025:00:59:58 +0100] "GET /ticket2/opencms/en/login/?edid=3A4D2CA5-2B56-3E29-4EDC-D306A4664520 HTTP/1.1" 200 90223
54.36.148.202 - - [03/Feb/2025:00:59:59 +0100] "GET /ticket2/opencms/fr/sport/billets-football/premier_league/chelsea/ HTTP/1.1" 200 101338
85.208.96.194 - - [03/Feb/2025:01:00:00 +0100] "GET /ticket2/opencms/robots.txt HTTP/1.1" 200 773
217.113.194.214 - - [03/Feb/2025:01:00:00 +0100] "GET /ticket2/opencms/mk/buy?page=1&edid=CAF487BE-6126-E9FD-123C-2A6FB466331D HTTP/1.1" 404 -
185.191.171.2 - - [03/Feb/2025:01:00:01 +0100] "GET /ticket2/opencms/en/newsletter/ HTTP/1.1" 200 89092
65.21.232.254 - - [03/Feb/2025:01:00:02 +0100] "GET /ticket2/opencms/en/login/?edid=3F7DE1D7-4CD8-C30E-0BB4-B44660F8DBF2 HTTP/1.1" 200 90183
65.21.232.254 - - [03/Feb/2025:01:00:05 +0100] "GET /ticket2/opencms/en/login/?edid=486EB1CD-95BE-ED77-9E64-4E49BB28C6F8 HTTP/1.1" 200 90255
185.191.171.11 - - [03/Feb/2025:01:00:06 +0100] "GET /ticket2/opencms/it HTTP/1.1" 200 106909
54.36.148.100 - - [03/Feb/2025:01:00:06 +0100] "GET /ticket2/opencms/az/buy?page=1&edid=176C6667-42C1-1632-7378-F783D5B7C94D HTTP/1.1" 200 112410
202.8.41.188 - - [03/Feb/2025:01:00:07 +0100] "GET /ticket2/opencms/system/modules/com.gridnine.opencms.ticketbrokerage.site/resources/css/jquery-ui.css HTTP/1.1" 200 33221
202.8.41.188 - - [03/Feb/2025:01:00:07 +0100] "GET /ticket2/opencms/system/modules/com.gridnine.opencms.ticketbrokerage.site/resources/css/ticketbrokerage.css HTTP/1.1" 200 39339
202.8.41.188 - - [03/Feb/2025:01:00:07 +0100] "GET /ticket2/opencms/system/modules/com.gridnine.opencms.ticketbrokerage.site/resources/css/calendar.css HTTP/1.1" 200 6871
202.8.41.188 - - [03/Feb/2025:01:00:07 +0100] "GET /ticket2/opencms/system/modules/com.gridnine.opencms.ticketbrokerage.site/resources/css/jquery.fancybox.css HTTP/1.1" 200 4939
202.8.41.188 - - [03/Feb/2025:01:00:07 +0100] "GET /ticket2/opencms/system/modules/com.gridnine.opencms.ticketbrokerage.site/resources/js/jquery/jquery.js HTTP/1.1" 200 93868
202.8.41.188 - - [03/Feb/2025:01:00:07 +0100] "GET /ticket2/opencms/system/modules/com.gridnine.opencms.ticketbrokerage.site/resources/css/standard.css HTTP/1.1" 200 73904
202.8.41.188 - - [03/Feb/2025:01:00:07 +0100] "GET /ticket2/opencms/system/modules/com.gridnine.opencms.ticketbrokerage.site/resources/js/functions.js HTTP/1.1" 200 1583
202.8.41.188 - - [03/Feb/2025:01:00:07 +0100] "GET /ticket2/opencms/system/modules/com.gridnine.opencms.ticketbrokerage.site/resources/js/jquery/jquery-ui.js HTTP/1.1" 200 228088
202.8.41.188 - - [03/Feb/2025:01:00:07 +0100] "GET /ticket2/opencms/system/modules/com.gridnine.opencms.ticketbrokerage.site/resources/js/calendar.js HTTP/1.1" 200 49229
202.8.41.188 - - [03/Feb/2025:01:00:07 +0100] "GET /ticket2/opencms/system/modules/com.gridnine.opencms.ticketbrokerage.site/resources/js/calendar-en.js HTTP/1.1" 200 3338
202.8.41.188 - - [03/Feb/2025:01:00:07 +0100] "GET /ticket2/opencms/system/modules/com.gridnine.opencms.ticketbrokerage.site/resources/js/calendar-setup.js HTTP/1.1" 200 4923
202.8.41.188 - - [03/Feb/2025:01:00:07 +0100] "GET /ticket2/opencms/system/modules/com.gridnine.opencms.ticketbrokerage.site/resources/js/jquery.fancybox.pack.js HTTP/1.1" 200 23187
202.8.41.188 - - [03/Feb/2025:01:00:07 +0100] "GET /ticket2/opencms/system/modules/com.gridnine.opencms.ticketbrokerage.site/resources/js/stickyfill.min.js HTTP/1.1" 200 5672
202.8.41.188 - - [03/Feb/2025:01:00:07 +0100] "GET /ticket2/opencms/system/modules/com.gridnine.opencms.ticketbrokerage.site/resources/js/standard.js HTTP/1.1" 200 3983
202.8.41.188 - - [03/Feb/2025:01:00:07 +0100] "GET /ticket2/opencms/system/modules/com.gridnine.opencms.ticketbrokerage.site/resources/js/jquery.placeholder.min.js HTTP/1.1" 200 1737
202.8.41.188 - - [03/Feb/2025:01:00:07 +0100] "GET /ticket2/opencms/system/modules/com.gridnine.opencms.ticketbrokerage.site/resources/js/common-ajax.js HTTP/1.1" 200 20175
202.8.41.188 - - [03/Feb/2025:01:00:07 +0100] "GET /ticket2/opencms/az/ask-form.html HTTP/1.1" 200 3156
202.8.41.188 - - [03/Feb/2025:01:00:08 +0100] "GET /ticket2/opencms/system/modules/com.gridnine.opencms.ticketbrokerage.site/resources/css/ticketbrokerage.css HTTP/1.1" 200 39339
65.21.232.254 - - [03/Feb/2025:01:00:09 +0100] "GET /ticket2/opencms/en/login/?edid=48E72B51-00CE-CE36-D8BB-29D37358C55B HTTP/1.1" 200 90247
217.113.194.216 - - [03/Feb/2025:01:00:09 +0100] "GET /ticket2/opencms/mk/buy?page=1&edid=993ECB6B-5437-7FFC-177B-D4101C1148EA HTTP/1.1" 404 -
65.21.232.254 - - [03/Feb/2025:01:00:12 +0100] "GET /ticket2/opencms/en/login/?edid=5B76833E-2E71-FA6D-0004-1CC4E0B9EF88 HTTP/1.1" 200 90271
54.36.148.177 - - [03/Feb/2025:01:00:16 +0100] "GET /ticket2/opencms/ro/buy?page=1&edid=EFAD6268-83FA-7979-AAB3-785B7208F10D HTTP/1.1" 200 108846
65.21.232.254 - - [03/Feb/2025:01:00:16 +0100] "GET /ticket2/opencms/en/login/?edid=7B357C96-D15A-7330-3CD7-9115EBD86CB2 HTTP/1.1" 200 90210
111.119.237.12 - - [03/Feb/2025:01:00:16 +0100] "GET /ticket2/opencms/pl/buy/?page=1&edid=28316DAE-CC28-C8B1-804B-7C9DA717030D HTTP/1.1" 200 108757
202.8.41.54 - - [03/Feb/2025:01:00:17 +0100] "GET /ticket2/opencms/system/modules/com.gridnine.opencms.ticketbrokerage.site/resources/css/jquery-ui.css HTTP/1.1" 200 33221
202.8.41.54 - - [03/Feb/2025:01:00:17 +0100] "GET /ticket2/opencms/system/modules/com.gridnine.opencms.ticketbrokerage.site/resources/css/ticketbrokerage.css HTTP/1.1" 200 39339
202.8.41.54 - - [03/Feb/2025:01:00:17 +0100] "GET /ticket2/opencms/system/modules/com.gridnine.opencms.ticketbrokerage.site/resources/css/standard.css HTTP/1.1" 200 73904
202.8.41.54 - - [03/Feb/2025:01:00:17 +0100] "GET /ticket2/opencms/system/modules/com.gridnine.opencms.ticketbrokerage.site/resources/css/calendar.css HTTP/1.1" 200 6871
202.8.41.54 - - [03/Feb/2025:01:00:17 +0100] "GET /ticket2/opencms/system/modules/com.gridnine.opencms.ticketbrokerage.site/resources/js/stickyfill.min.js HTTP/1.1" 200 5672
202.8.41.54 - - [03/Feb/2025:01:00:17 +0100] "GET /ticket2/opencms/system/modules/com.gridnine.opencms.ticketbrokerage.site/resources/css/jquery.fancybox.css HTTP/1.1" 200 4939
202.8.41.54 - - [03/Feb/2025:01:00:17 +0100] "GET /ticket2/opencms/system/modules/com.gridnine.opencms.ticketbrokerage.site/resources/js/jquery/jquery.js HTTP/1.1" 200 93868
202.8.41.54 - - [03/Feb/2025:01:00:17 +0100] "GET /ticket2/opencms/system/modules/com.gridnine.opencms.ticketbrokerage.site/resources/js/functions.js HTTP/1.1" 200 1583
202.8.41.54 - - [03/Feb/2025:01:00:17 +0100] "GET /ticket2/opencms/system/modules/com.gridnine.opencms.ticketbrokerage.site/resources/js/jquery/jquery-ui.js HTTP/1.1" 200 228088
202.8.41.54 - - [03/Feb/2025:01:00:17 +0100] "GET /ticket2/opencms/system/modules/com.gridnine.opencms.ticketbrokerage.site/resources/js/calendar.js HTTP/1.1" 200 49229
202.8.41.54 - - [03/Feb/2025:01:00:17 +0100] "GET /ticket2/opencms/system/modules/com.gridnine.opencms.ticketbrokerage.site/resources/js/calendar-setup.js HTTP/1.1" 200 4923
202.8.41.54 - - [03/Feb/2025:01:00:17 +0100] "GET /ticket2/opencms/system/modules/com.gridnine.opencms.ticketbrokerage.site/resources/js/calendar-en.js HTTP/1.1" 200 3338
154.54.249.216 - - [03/Feb/2025:01:00:17 +0100] "GET /ticket2/opencms/mk/buy?page=1&edid=BE205C18-AB59-5ED1-BF23-6632C9BAFEED HTTP/1.1" 404 -
202.8.41.54 - - [03/Feb/2025:01:00:17 +0100] "GET /ticket2/opencms/system/modules/com.gridnine.opencms.ticketbrokerage.site/resources/js/jquery.fancybox.pack.js HTTP/1.1" 200 23187
202.8.41.54 - - [03/Feb/2025:01:00:17 +0100] "GET /ticket2/opencms/system/modules/com.gridnine.opencms.ticketbrokerage.site/resources/js/standard.js HTTP/1.1" 200 3983
202.8.41.54 - - [03/Feb/2025:01:00:17 +0100] "GET /ticket2/opencms/system/modules/com.gridnine.opencms.ticketbrokerage.site/resources/js/jquery.placeholder.min.js HTTP/1.1" 200 1737
202.8.41.54 - - [03/Feb/2025:01:00:17 +0100] "GET /ticket2/opencms/system/modules/com.gridnine.opencms.ticketbrokerage.site/resources/js/common-ajax.js HTTP/1.1" 200 20175
202.8.41.54 - - [03/Feb/2025:01:00:17 +0100] "GET /ticket2/opencms/ro/ask-form.html HTTP/1.1" 200 3156
202.8.41.54 - - [03/Feb/2025:01:00:18 +0100] "GET /ticket2/opencms/system/modules/com.gridnine.opencms.ticketbrokerage.site/resources/css/ticketbrokerage.css HTTP/1.1" 200 39339
65.21.232.254 - - [03/Feb/2025:01:00:20 +0100] "GET /ticket2/opencms/en/login/?edid=875E6B51-C91B-C46E-A4FB-B3662BA0A6E8 HTTP/1.1" 200 90259
54.36.148.80 - - [03/Feb/2025:01:00:22 +0100] "GET /ticket2/opencms/lv/buy?page=1&edid=2F89DE74-66D3-F2EE-BBA0-20A3C149309A HTTP/1.1" 200 132104
65.21.232.254 - - [03/Feb/2025:01:00:23 +0100] "GET /ticket2/opencms/en/login/?edid=8BEEB024-CB83-C40D-AA61-927B0F84198E HTTP/1.1" 200 90211
202.8.41.144 - - [03/Feb/2025:01:00:23 +0100] "GET /ticket2/opencms/system/modules/com.gridnine.opencms.ticketbrokerage.site/resources/css/standard.css HTTP/1.1" 200 73904
202.8.41.144 - - [03/Feb/2025:01:00:23 +0100] "GET /ticket2/opencms/system/modules/com.gridnine.opencms.ticketbrokerage.site/resources/css/ticketbrokerage.css HTTP/1.1" 200 39339
202.8.41.144 - - [03/Feb/2025:01:00:23 +0100] "GET /ticket2/opencms/system/modules/com.gridnine.opencms.ticketbrokerage.site/resources/css/jquery.fancybox.css HTTP/1.1" 200 4939
202.8.41.144 - - [03/Feb/2025:01:00:23 +0100] "GET /ticket2/opencms/system/modules/com.gridnine.opencms.ticketbrokerage.site/resources/css/jquery-ui.css HTTP/1.1" 200 33221
202.8.41.144 - - [03/Feb/2025:01:00:23 +0100] "GET /ticket2/opencms/system/modules/com.gridnine.opencms.ticketbrokerage.site/resources/css/calendar.css HTTP/1.1" 200 6871
202.8.41.144 - - [03/Feb/2025:01:00:23 +0100] "GET /ticket2/opencms/system/modules/com.gridnine.opencms.ticketbrokerage.site/resources/js/jquery/jquery.js HTTP/1.1" 200 93868
202.8.41.144 - - [03/Feb/2025:01:00:23 +0100] "GET /ticket2/opencms/system/modules/com.gridnine.opencms.ticketbrokerage.site/resources/js/functions.js HTTP/1.1" 200 1583
202.8.41.144 - - [03/Feb/2025:01:00:23 +0100] "GET /ticket2/opencms/system/modules/com.gridnine.opencms.ticketbrokerage.site/resources/js/jquery/jquery-ui.js HTTP/1.1" 200 228088
202.8.41.144 - - [03/Feb/2025:01:00:24 +0100] "GET /ticket2/opencms/system/modules/com.gridnine.opencms.ticketbrokerage.site/resources/js/calendar.js HTTP/1.1" 200 49229
202.8.41.144 - - [03/Feb/2025:01:00:24 +0100] "GET /ticket2/opencms/system/modules/com.gridnine.opencms.ticketbrokerage.site/resources/js/calendar-en.js HTTP/1.1" 200 3338
202.8.41.144 - - [03/Feb/2025:01:00:24 +0100] "GET /ticket2/opencms/system/modules/com.gridnine.opencms.ticketbrokerage.site/resources/js/calendar-setup.js HTTP/1.1" 200 4923
202.8.41.144 - - [03/Feb/2025:01:00:24 +0100] "GET /ticket2/opencms/system/modules/com.gridnine.opencms.ticketbrokerage.site/resources/js/jquery.fancybox.pack.js HTTP/1.1" 200 23187
202.8.41.144 - - [03/Feb/2025:01:00:24 +0100] "GET /ticket2/opencms/system/modules/com.gridnine.opencms.ticketbrokerage.site/resources/js/stickyfill.min.js HTTP/1.1" 200 5672
202.8.41.144 - - [03/Feb/2025:01:00:24 +0100] "GET /ticket2/opencms/system/modules/com.gridnine.opencms.ticketbrokerage.site/resources/js/standard.js HTTP/1.1" 200 3983
202.8.41.144 - - [03/Feb/2025:01:00:24 +0100] "GET /ticket2/opencms/system/modules/com.gridnine.opencms.ticketbrokerage.site/resources/js/jquery.placeholder.min.js HTTP/1.1" 200 1737
202.8.41.144 - - [03/Feb/2025:01:00:24 +0100] "GET /ticket2/opencms/system/modules/com.gridnine.opencms.ticketbrokerage.site/resources/js/common-ajax.js HTTP/1.1" 200 20175
202.8.41.144 - - [03/Feb/2025:01:00:24 +0100] "GET /ticket2/opencms/lv/ask-form.html HTTP/1.1" 200 3156
202.8.41.144 - - [03/Feb/2025:01:00:24 +0100] "GET /ticket2/opencms/system/modules/com.gridnine.opencms.ticketbrokerage.site/resources/css/ticketbrokerage.css HTTP/1.1" 200 39339
217.113.194.219 - - [03/Feb/2025:01:00:25 +0100] "GET /ticket2/opencms/mk/buy?page=1&edid=B51B8EA5-4FAB-429D-8F87-8FA02FE2429D HTTP/1.1" 404 -
65.21.232.254 - - [03/Feb/2025:01:00:27 +0100] "GET /ticket2/opencms/en/login/?edid=8CB68D7B-5545-4149-D078-62FA90B40858 HTTP/1.1" 200 90267
5.9.55.228 - - [03/Feb/2025:01:00:29 +0100] "GET /ticket2/opencms/fi/venue/?countryid=E687CC57-02FA-AF76-268E-C1A53D569993 HTTP/1.1" 200 116344
54.36.148.148 - - [03/Feb/2025:01:00:29 +0100] "GET /ticket2/opencms/ka/login/ HTTP/1.1" 200 94032
54.36.148.188 - - [03/Feb/2025:01:00:30 +0100] "GET /ticket2/opencms/robots.txt HTTP/1.1" 200 773
40.77.167.4 - - [03/Feb/2025:01:00:30 +0100] "GET /ticket2/opencms/en/magazine/article?title=manchester-city HTTP/1.1" 200 93036
65.21.232.254 - - [03/Feb/2025:01:00:30 +0100] "GET /ticket2/opencms/en/login/?edid=8CCEB39B-68A3-5B42-B56B-645699489976 HTTP/1.1" 200 90223
52.167.144.187 - - [03/Feb/2025:01:00:31 +0100] "GET /ticket2/opencms/ga/buy/?page=1&edid=FBCB4DB4-95C2-2162-161E-CFE6F76BC5CD HTTP/1.1" 200 109159
52.167.144.187 - - [03/Feb/2025:01:00:32 +0100] "GET /ticket2/opencms/ga/buy/?page=1&edid=E86D89E6-4B76-0823-49E9-A4E0BE4014AF HTTP/1.1" 200 134897
54.36.148.126 - - [03/Feb/2025:01:00:33 +0100] "GET /ticket2/opencms/fr/ HTTP/1.1" 200 106903
65.21.232.254 - - [03/Feb/2025:01:00:33 +0100] "GET /ticket2/opencms/en/login/?edid=8EF61386-75A5-7ECD-3DE9-56F6BE848BCB HTTP/1.1" 200 90223
217.113.194.219 - - [03/Feb/2025:01:00:34 +0100] "GET /ticket2/opencms/mk/buy?page=1&edid=92C32EFB-1ABC-12BA-1886-A9767DA4FF70 HTTP/1.1" 404 -
202.8.43.195 - - [03/Feb/2025:01:00:34 +0100] "GET /ticket2/opencms/system/modules/com.gridnine.opencms.ticketbrokerage.site/resources/css/jquery.fancybox.css HTTP/1.1" 200 4939
202.8.43.195 - - [03/Feb/2025:01:00:34 +0100] "GET /ticket2/opencms/system/modules/com.gridnine.opencms.ticketbrokerage.site/resources/css/calendar.css HTTP/1.1" 200 6871
202.8.43.195 - - [03/Feb/2025:01:00:34 +0100] "GET /ticket2/opencms/system/modules/com.gridnine.opencms.ticketbrokerage.site/resources/css/jquery-ui.css HTTP/1.1" 200 33221
202.8.43.195 - - [03/Feb/2025:01:00:34 +0100] "GET /ticket2/opencms/system/modules/com.gridnine.opencms.ticketbrokerage.site/resources/css/standard.css HTTP/1.1" 200 73904
202.8.43.195 - - [03/Feb/2025:01:00:34 +0100] "GET /ticket2/opencms/system/modules/com.gridnine.opencms.ticketbrokerage.site/resources/css/ticketbrokerage.css HTTP/1.1" 200 39339
202.8.43.195 - - [03/Feb/2025:01:00:34 +0100] "GET /ticket2/opencms/system/modules/com.gridnine.opencms.ticketbrokerage.site/resources/js/jquery/jquery.js HTTP/1.1" 200 93868
202.8.43.195 - - [03/Feb/2025:01:00:34 +0100] "GET /ticket2/opencms/system/modules/com.gridnine.opencms.ticketbrokerage.site/resources/js/functions.js HTTP/1.1" 200 1583
202.8.43.195 - - [03/Feb/2025:01:00:34 +0100] "GET /ticket2/opencms/system/modules/com.gridnine.opencms.ticketbrokerage.site/resources/js/calendar.js HTTP/1.1" 200 49229
202.8.43.195 - - [03/Feb/2025:01:00:34 +0100] "GET /ticket2/opencms/system/modules/com.gridnine.opencms.ticketbrokerage.site/resources/js/jquery/jquery-ui.js HTTP/1.1" 200 228088
202.8.43.195 - - [03/Feb/2025:01:00:34 +0100] "GET /ticket2/opencms/system/modules/com.gridnine.opencms.ticketbrokerage.site/resources/js/calendar-en.js HTTP/1.1" 200 3338
202.8.43.195 - - [03/Feb/2025:01:00:34 +0100] "GET /ticket2/opencms/system/modules/com.gridnine.opencms.ticketbrokerage.site/resources/js/calendar-setup.js HTTP/1.1" 200 4923
202.8.43.195 - - [03/Feb/2025:01:00:34 +0100] "GET /ticket2/opencms/system/modules/com.gridnine.opencms.ticketbrokerage.site/resources/js/jquery.fancybox.pack.js HTTP/1.1" 200 23187
202.8.43.195 - - [03/Feb/2025:01:00:34 +0100] "GET /ticket2/opencms/system/modules/com.gridnine.opencms.ticketbrokerage.site/resources/js/stickyfill.min.js HTTP/1.1" 200 5672
202.8.43.195 - - [03/Feb/2025:01:00:34 +0100] "GET /ticket2/opencms/system/modules/com.gridnine.opencms.ticketbrokerage.site/resources/js/standard.js HTTP/1.1" 200 3983
202.8.43.195 - - [03/Feb/2025:01:00:35 +0100] "GET /ticket2/opencms/system/modules/com.gridnine.opencms.ticketbrokerage.site/resources/js/jquery.placeholder.min.js HTTP/1.1" 200 1737
202.8.43.195 - - [03/Feb/2025:01:00:35 +0100] "GET /ticket2/opencms/system/modules/com.gridnine.opencms.ticketbrokerage.site/resources/js/common-ajax.js HTTP/1.1" 200 20175
52.167.144.20 - - [03/Feb/2025:01:00:35 +0100] "GET /ticket2/opencms/fi/magazine/article?title=pep-guardiolan-jalkapallorevoluutio-taktisen-mestarin-vaikutus HTTP/1.1" 200 94702
54.36.149.4 - - [03/Feb/2025:01:00:36 +0100] "GET /ticket2/opencms/en/buy?page=1&edid=36AF1B5E-5A99-17FA-F2C9-AE0F1234F398 HTTP/1.1" 200 122693
202.8.40.242 - - [03/Feb/2025:01:00:37 +0100] "GET /ticket2/opencms/system/modules/com.gridnine.opencms.ticketbrokerage.site/resources/css/ticketbrokerage.css HTTP/1.1" 200 39339
202.8.40.242 - - [03/Feb/2025:01:00:37 +0100] "GET /ticket2/opencms/system/modules/com.gridnine.opencms.ticketbrokerage.site/resources/css/calendar.css HTTP/1.1" 200 6871
202.8.40.242 - - [03/Feb/2025:01:00:37 +0100] "GET /ticket2/opencms/system/modules/com.gridnine.opencms.ticketbrokerage.site/resources/css/jquery-ui.css HTTP/1.1" 200 33221
202.8.40.242 - - [03/Feb/2025:01:00:37 +0100] "GET /ticket2/opencms/system/modules/com.gridnine.opencms.ticketbrokerage.site/resources/css/standard.css HTTP/1.1" 200 73904
202.8.40.242 - - [03/Feb/2025:01:00:37 +0100] "GET /ticket2/opencms/system/modules/com.gridnine.opencms.ticketbrokerage.site/resources/css/jquery.fancybox.css HTTP/1.1" 200 4939
202.8.40.242 - - [03/Feb/2025:01:00:37 +0100] "GET /ticket2/opencms/system/modules/com.gridnine.opencms.ticketbrokerage.site/resources/js/jquery/jquery.js HTTP/1.1" 200 93868
202.8.40.242 - - [03/Feb/2025:01:00:37 +0100] "GET /ticket2/opencms/system/modules/com.gridnine.opencms.ticketbrokerage.site/resources/js/jquery/jquery-ui.js HTTP/1.1" 200 228088
202.8.40.242 - - [03/Feb/2025:01:00:37 +0100] "GET /ticket2/opencms/system/modules/com.gridnine.opencms.ticketbrokerage.site/resources/js/functions.js HTTP/1.1" 200 1583
202.8.40.242 - - [03/Feb/2025:01:00:37 +0100] "GET /ticket2/opencms/system/modules/com.gridnine.opencms.ticketbrokerage.site/resources/js/calendar.js HTTP/1.1" 200 49229
65.21.232.254 - - [03/Feb/2025:01:00:37 +0100] "GET /ticket2/opencms/en/login/?edid=91E37245-9400-B91A-9976-78B31AE925FA HTTP/1.1" 200 90219
202.8.40.242 - - [03/Feb/2025:01:00:37 +0100] "GET /ticket2/opencms/system/modules/com.gridnine.opencms.ticketbrokerage.site/resources/js/calendar-en.js HTTP/1.1" 200 3338
202.8.40.242 - - [03/Feb/2025:01:00:37 +0100] "GET /ticket2/opencms/system/modules/com.gridnine.opencms.ticketbrokerage.site/resources/js/calendar-setup.js HTTP/1.1" 200 4923
202.8.40.242 - - [03/Feb/2025:01:00:37 +0100] "GET /ticket2/opencms/system/modules/com.gridnine.opencms.ticketbrokerage.site/resources/js/jquery.fancybox.pack.js HTTP/1.1" 200 23187
202.8.40.242 - - [03/Feb/2025:01:00:37 +0100] "GET /ticket2/opencms/system/modules/com.gridnine.opencms.ticketbrokerage.site/resources/js/stickyfill.min.js HTTP/1.1" 200 5672
202.8.40.242 - - [03/Feb/2025:01:00:37 +0100] "GET /ticket2/opencms/system/modules/com.gridnine.opencms.ticketbrokerage.site/resources/js/standard.js HTTP/1.1" 200 3983
202.8.40.242 - - [03/Feb/2025:01:00:37 +0100] "GET /ticket2/opencms/system/modules/com.gridnine.opencms.ticketbrokerage.site/resources/js/jquery.placeholder.min.js HTTP/1.1" 200 1737
202.8.40.242 - - [03/Feb/2025:01:00:37 +0100] "GET /ticket2/opencms/system/modules/com.gridnine.opencms.ticketbrokerage.site/resources/js/common-ajax.js HTTP/1.1" 200 20175
202.8.40.242 - - [03/Feb/2025:01:00:37 +0100] "GET /ticket2/opencms/en/ask-form.html HTTP/1.1" 200 3146
202.8.40.242 - - [03/Feb/2025:01:00:37 +0100] "GET /ticket2/opencms/system/modules/com.gridnine.opencms.ticketbrokerage.site/resources/css/ticketbrokerage.css HTTP/1.1" 200 39339
66.249.76.170 - - [03/Feb/2025:01:00:38 +0100] "GET /ticket2/opencms/az/buy?page=1&edid=EEAC8E12-92AA-F0EF-B799-26ACAA3ACC20 HTTP/1.1" 200 118430
65.21.232.254 - - [03/Feb/2025:01:00:40 +0100] "GET /ticket2/opencms/en/login/?edid=93135277-C479-4CA6-996B-B7462E01D1DE HTTP/1.1" 200 90211
37.123.143.11 - - [03/Feb/2025:01:00:42 +0100] "GET /ticket2/opencms/system/workplace/views/top_foot.jsp?wpFrame=foot HTTP/1.1" 200 1209
37.123.143.11 - - [03/Feb/2025:01:00:42 +0100] "GET /ticket2/opencms/system/workplace/commons/style/workplace.css HTTP/1.1" 200 14209
217.113.194.213 - - [03/Feb/2025:01:00:42 +0100] "GET /ticket2/opencms/mk/buy?page=1&edid=CBBC1C61-6635-5670-696D-36DB7FD2C0A4 HTTP/1.1" 404 -
54.36.148.41 - - [03/Feb/2025:01:00:43 +0100] "GET /ticket2/opencms/is/buy?page=1&edid=0BE732AB-67CD-FDAE-FCB3-FFE731054A7F HTTP/1.1" 200 108689
65.21.232.254 - - [03/Feb/2025:01:00:44 +0100] "GET /ticket2/opencms/en/login/?edid=939FCE8D-90FF-C6DA-8BEE-B4E9DB00F993 HTTP/1.1" 200 90259
65.21.232.254 - - [03/Feb/2025:01:00:48 +0100] "GET /ticket2/opencms/en/login/?edid=950A0A24-280E-F0D0-A995-7FF7F0048AC7 HTTP/1.1" 200 90223
217.113.194.219 - - [03/Feb/2025:01:00:50 +0100] "GET /ticket2/opencms/mk/buy?page=1&edid=F884FEFF-C45C-1CDF-A963-092F452C875D HTTP/1.1" 404 -
65.21.232.254 - - [03/Feb/2025:01:00:51 +0100] "GET /ticket2/opencms/en/login/?edid=96EB36DB-D171-B7F0-0389-6023B0EDD733 HTTP/1.1" 200 90230
54.36.148.128 - - [03/Feb/2025:01:00:51 +0100] "GET /ticket2/opencms/en/buy?page=1&edid=1C10CC18-4291-CEF7-0875-B8ABB6B6CC74 HTTP/1.1" 200 107011
202.8.40.179 - - [03/Feb/2025:01:00:53 +0100] "GET /ticket2/opencms/system/modules/com.gridnine.opencms.ticketbrokerage.site/resources/css/jquery.fancybox.css HTTP/1.1" 200 4939
202.8.40.179 - - [03/Feb/2025:01:00:53 +0100] "GET /ticket2/opencms/system/modules/com.gridnine.opencms.ticketbrokerage.site/resources/css/ticketbrokerage.css HTTP/1.1" 200 39339
202.8.40.179 - - [03/Feb/2025:01:00:53 +0100] "GET /ticket2/opencms/system/modules/com.gridnine.opencms.ticketbrokerage.site/resources/css/jquery-ui.css HTTP/1.1" 200 33221
202.8.40.179 - - [03/Feb/2025:01:00:53 +0100] "GET /ticket2/opencms/system/modules/com.gridnine.opencms.ticketbrokerage.site/resources/css/standard.css HTTP/1.1" 200 73904
202.8.40.179 - - [03/Feb/2025:01:00:53 +0100] "GET /ticket2/opencms/system/modules/com.gridnine.opencms.ticketbrokerage.site/resources/css/calendar.css HTTP/1.1" 200 6871
