114.119.130.154 - - [03/Feb/2025:01:33:22 +0100] "GET /ticket2/opencms/ka/buy?page=1&=15E687B4-F67E-45F3-4C6A-989CAE332452 HTTP/1.1" 200 6507
135.181.180.59 - - [03/Feb/2025:01:33:23 +0100] "GET /ticket2/opencms/sv/buy/?page=1&edid=AE760495-8F0D-E66F-09B5-DE27D51C8B7F HTTP/1.1" 200 109138
192.99.3.137 - - [03/Feb/2025:01:33:23 +0100] "GET /ticket2/opencms/ka/buy/?page=1&edid=10D2F1A4-37B5-63BF-BBD7-BDB95680D6AA HTTP/1.1" 200 117545
94.154.239.69 - - [03/Feb/2025:01:33:23 +0100] "GET /ticket2/opencms/sv/login/?edid=56BEA2AB-D62C-F232-ADFB-5CF7A178E68C HTTP/1.1" 200 89395
66.249.79.33 - - [03/Feb/2025:01:33:25 +0100] "GET /ticket2/opencms/mk/buy?page=1&edid=7C66830B-04B4-AE40-EDE3-9E8728F88692 HTTP/1.1" 404 -
135.181.180.59 - - [03/Feb/2025:01:33:26 +0100] "GET /ticket2/opencms/sv/buy/?page=1&edid=AFEF3C90-B443-6FD8-C991-19B7D0D5CE48 HTTP/1.1" 200 109360
192.99.3.137 - - [03/Feb/2025:01:33:27 +0100] "GET /ticket2/opencms/ka/buy/?page=1&edid=10D9C6ED-4239-939C-EE12-6D152DF1B2D3 HTTP/1.1" 200 121449
94.154.239.69 - - [03/Feb/2025:01:33:27 +0100] "GET /ticket2/opencms/sv/sell/?edid=570FD6B1-ED73-103F-2272-3F6F4728ECCF HTTP/1.1" 302 -
135.181.180.59 - - [03/Feb/2025:01:33:29 +0100] "GET /ticket2/opencms/sv/buy/?page=1&edid=B074E9A0-B62F-B78E-8307-B337944E8023 HTTP/1.1" 200 105985
154.54.249.216 - - [03/Feb/2025:01:33:30 +0100] "GET /ticket2/opencms/az/buy?page=1&edid=070182EB-30EF-F34B-AE41-C4B61E82D2C9 HTTP/1.1" 200 110622
5.9.55.228 - - [03/Feb/2025:01:33:30 +0100] "GET /ticket2/opencms/fi/venue/?venueid=44FEF35E-84F0-1C09-675A-B5A8DF72F159 HTTP/1.1" 200 84764
94.154.239.69 - - [03/Feb/2025:01:33:30 +0100] "GET /ticket2/opencms/sv/login/?edid=570FD6B1-ED73-103F-2272-3F6F4728ECCF HTTP/1.1" 200 89395
192.99.3.137 - - [03/Feb/2025:01:33:31 +0100] "GET /ticket2/opencms/ka/buy/?page=1&edid=11EE072D-8BDA-AD9E-6DE3-4565DECD9282 HTTP/1.1" 200 115461
54.36.148.169 - - [03/Feb/2025:01:33:32 +0100] "GET /ticket2/opencms/is/buy/?page=1&edid=F93A2292-3F60-7656-2C0B-2AB157A0BB0B HTTP/1.1" 200 132602
135.181.180.59 - - [03/Feb/2025:01:33:33 +0100] "GET /ticket2/opencms/sv/buy/?page=1&edid=B221A7A0-0672-9C92-94FE-8BC4C1F907CD HTTP/1.1" 200 115215
94.154.239.69 - - [03/Feb/2025:01:33:34 +0100] "GET /ticket2/opencms/sv/sell/?edid=5CF87307-5FF4-FE3C-2747-C9C80A46F113 HTTP/1.1" 302 -
66.249.79.33 - - [03/Feb/2025:01:33:35 +0100] "GET /ticket2/opencms/lt/buy/?page=1&edid=8DE7A210-45E0-8C09-63EA-28CBA5412C0E&hlv=66d58efc-8e50-4bbd-be7d-45d80a01000f HTTP/1.1" 200 111340
192.99.3.137 - - [03/Feb/2025:01:33:35 +0100] "GET /ticket2/opencms/ka/buy/?page=1&edid=11EFBC55-130A-2310-B776-C5D86878BDAB HTTP/1.1" 200 115151
135.181.180.59 - - [03/Feb/2025:01:33:36 +0100] "GET /ticket2/opencms/sv/buy/?page=1&edid=B3A0411C-92B8-E30A-49D9-9D5ECC2ED64E HTTP/1.1" 200 109146
40.77.167.43 - - [03/Feb/2025:01:33:36 +0100] "GET /ticket2/opencms/dk/magazine/article?title=eredivisie HTTP/1.1" 200 85991
66.249.76.170 - - [03/Feb/2025:01:33:37 +0100] "GET /ticket2/opencms/be/buy?page=10&eventid=A2BBF8F5-73FD-205D-F6D5-00395D8DDE9D&venueid=9282FAF9-0FAD-0AB6-46BD-CC9295464122 HTTP/1.1" 200 6410
94.154.239.69 - - [03/Feb/2025:01:33:37 +0100] "GET /ticket2/opencms/sv/login/?edid=5CF87307-5FF4-FE3C-2747-C9C80A46F113 HTTP/1.1" 200 89395
54.36.148.239 - - [03/Feb/2025:01:33:38 +0100] "GET /ticket2/opencms/bs/buy?page=1&edid=358070B4-8C45-0881-BDE4-7E85113C242B HTTP/1.1" 200 106311
192.99.3.137 - - [03/Feb/2025:01:33:39 +0100] "GET /ticket2/opencms/ka/buy/?page=1&edid=124AB9EA-9725-B2E8-695D-AFCA1BEC6302 HTTP/1.1" 200 111497
217.113.194.214 - - [03/Feb/2025:01:33:39 +0100] "GET /ticket2/opencms/az/buy?page=1&edid=0FDE0AF4-9670-B36A-AA4D-4052EE1D47FE HTTP/1.1" 200 110602
135.181.180.59 - - [03/Feb/2025:01:33:39 +0100] "GET /ticket2/opencms/sv/buy/?page=1&edid=B5C73525-3464-86C0-6556-AF81CD6951F1 HTTP/1.1" 200 109124
202.8.41.72 - - [03/Feb/2025:01:33:40 +0100] "GET /ticket2/opencms/system/modules/com.gridnine.opencms.ticketbrokerage.site/resources/css/jquery.fancybox.css HTTP/1.1" 200 4939
202.8.41.72 - - [03/Feb/2025:01:33:40 +0100] "GET /ticket2/opencms/system/modules/com.gridnine.opencms.ticketbrokerage.site/resources/css/jquery-ui.css HTTP/1.1" 200 33221
202.8.41.72 - - [03/Feb/2025:01:33:40 +0100] "GET /ticket2/opencms/system/modules/com.gridnine.opencms.ticketbrokerage.site/resources/css/calendar.css HTTP/1.1" 200 6871
202.8.41.72 - - [03/Feb/2025:01:33:40 +0100] "GET /ticket2/opencms/system/modules/com.gridnine.opencms.ticketbrokerage.site/resources/css/ticketbrokerage.css HTTP/1.1" 200 39339
202.8.41.72 - - [03/Feb/2025:01:33:40 +0100] "GET /ticket2/opencms/system/modules/com.gridnine.opencms.ticketbrokerage.site/resources/css/standard.css HTTP/1.1" 200 73904
202.8.41.72 - - [03/Feb/2025:01:33:40 +0100] "GET /ticket2/opencms/system/modules/com.gridnine.opencms.ticketbrokerage.site/resources/js/jquery/jquery.js HTTP/1.1" 200 93868
202.8.41.72 - - [03/Feb/2025:01:33:40 +0100] "GET /ticket2/opencms/system/modules/com.gridnine.opencms.ticketbrokerage.site/resources/js/jquery/jquery-ui.js HTTP/1.1" 200 228088
202.8.41.72 - - [03/Feb/2025:01:33:40 +0100] "GET /ticket2/opencms/system/modules/com.gridnine.opencms.ticketbrokerage.site/resources/js/functions.js HTTP/1.1" 200 1583
202.8.41.72 - - [03/Feb/2025:01:33:40 +0100] "GET /ticket2/opencms/system/modules/com.gridnine.opencms.ticketbrokerage.site/resources/js/calendar.js HTTP/1.1" 200 49229
202.8.41.72 - - [03/Feb/2025:01:33:40 +0100] "GET /ticket2/opencms/system/modules/com.gridnine.opencms.ticketbrokerage.site/resources/js/calendar-en.js HTTP/1.1" 200 3338
202.8.41.72 - - [03/Feb/2025:01:33:40 +0100] "GET /ticket2/opencms/system/modules/com.gridnine.opencms.ticketbrokerage.site/resources/js/calendar-setup.js HTTP/1.1" 200 4923
202.8.41.72 - - [03/Feb/2025:01:33:40 +0100] "GET /ticket2/opencms/system/modules/com.gridnine.opencms.ticketbrokerage.site/resources/js/jquery.fancybox.pack.js HTTP/1.1" 200 23187
202.8.41.72 - - [03/Feb/2025:01:33:40 +0100] "GET /ticket2/opencms/system/modules/com.gridnine.opencms.ticketbrokerage.site/resources/js/stickyfill.min.js HTTP/1.1" 200 5672
202.8.41.72 - - [03/Feb/2025:01:33:40 +0100] "GET /ticket2/opencms/system/modules/com.gridnine.opencms.ticketbrokerage.site/resources/js/standard.js HTTP/1.1" 200 3983
202.8.41.72 - - [03/Feb/2025:01:33:40 +0100] "GET /ticket2/opencms/system/modules/com.gridnine.opencms.ticketbrokerage.site/resources/js/jquery.placeholder.min.js HTTP/1.1" 200 1737
202.8.41.72 - - [03/Feb/2025:01:33:40 +0100] "GET /ticket2/opencms/system/modules/com.gridnine.opencms.ticketbrokerage.site/resources/js/common-ajax.js HTTP/1.1" 200 20175
202.8.41.72 - - [03/Feb/2025:01:33:40 +0100] "GET /ticket2/opencms/bs/ask-form.html HTTP/1.1" 200 3156
202.8.41.72 - - [03/Feb/2025:01:33:40 +0100] "GET /ticket2/opencms/system/modules/com.gridnine.opencms.ticketbrokerage.site/resources/css/ticketbrokerage.css HTTP/1.1" 200 39339
94.154.239.69 - - [03/Feb/2025:01:33:41 +0100] "GET /ticket2/opencms/sv/sell/?edid=5D1BBD42-EF6F-CCB8-B8EF-34652BBB2B1F HTTP/1.1" 302 -
85.208.96.210 - - [03/Feb/2025:01:33:41 +0100] "GET /ticket2/opencms/sv/sport/baseballbiljetter/ny-mets/ HTTP/1.1" 200 84432
54.36.148.109 - - [03/Feb/2025:01:33:41 +0100] "GET /ticket2/opencms/sk/selling_tickets/ HTTP/1.1" 500 -
135.181.180.59 - - [03/Feb/2025:01:33:43 +0100] "GET /ticket2/opencms/sv/buy/?page=1&edid=B7B5EA21-D0E1-5D4C-90B1-C2CC29A8B7DF HTTP/1.1" 200 115436
192.99.3.137 - - [03/Feb/2025:01:33:43 +0100] "GET /ticket2/opencms/ka/buy/?page=1&edid=125D5AA8-AD90-8CAC-0060-B35EE32435FE HTTP/1.1" 200 111498
85.208.96.196 - - [03/Feb/2025:01:33:44 +0100] "GET /ticket2/opencms/sv/sport/fotbollsbiljetter/premier_league/ HTTP/1.1" 200 96557
94.154.239.69 - - [03/Feb/2025:01:33:44 +0100] "GET /ticket2/opencms/sv/login/?edid=5D1BBD42-EF6F-CCB8-B8EF-34652BBB2B1F HTTP/1.1" 200 89395
213.180.203.115 - - [03/Feb/2025:01:33:46 +0100] "GET /ticket2/opencms/de/sport/fussball-tickets/bundesliga/werder-bremen HTTP/1.1" 200 95761
87.250.224.80 - - [03/Feb/2025:01:33:46 +0100] "GET /ticket2/opencms/et/sport/jalgpallipiletid/bundesliga/werder-bremen HTTP/1.1" 200 95888
135.181.180.59 - - [03/Feb/2025:01:33:46 +0100] "GET /ticket2/opencms/sv/buy/?page=1&edid=B8A6965B-216E-27C8-9A3D-21241346030F HTTP/1.1" 200 112022
192.99.3.137 - - [03/Feb/2025:01:33:47 +0100] "GET /ticket2/opencms/ka/buy/?page=1&edid=125D8704-4F25-BA08-9A7D-175DE227A1FB HTTP/1.1" 200 111486
213.180.203.141 - - [03/Feb/2025:01:33:47 +0100] "GET /ticket2/opencms/lt/sport/futbolo-bilietai/bundesliga/werder-bremen HTTP/1.1" 200 96022
94.154.239.69 - - [03/Feb/2025:01:33:48 +0100] "GET /ticket2/opencms/sv/sell/?edid=5D321DC0-F322-723C-4DDF-C824F908AD14 HTTP/1.1" 302 -
87.250.224.23 - - [03/Feb/2025:01:33:48 +0100] "GET /ticket2/opencms/is/sport/fotbolti/bundesliga/werder-bremen HTTP/1.1" 200 95475
213.180.203.63 - - [03/Feb/2025:01:33:48 +0100] "GET /ticket2/opencms/lv/sport/futbola-biletes/bundesliga/werder-bremen HTTP/1.1" 200 95889
217.113.194.217 - - [03/Feb/2025:01:33:48 +0100] "GET /ticket2/opencms/az/buy?page=1&edid=03BA102A-E427-5E85-57CB-87649D81FA9D HTTP/1.1" 200 111179
40.77.167.64 - - [03/Feb/2025:01:33:49 +0100] "GET /ticket2/opencms/lt/buy?page=1&edid=36b8587b-9bd4-1599-9368-e59f9780f9a9 HTTP/1.1" 200 8134
54.36.148.218 - - [03/Feb/2025:01:33:49 +0100] "GET /ticket2/opencms/el/buy/?page=1&edid=C64002B7-B7A3-A646-1770-7E79C914EDA5 HTTP/1.1" 200 136993
135.181.180.59 - - [03/Feb/2025:01:33:50 +0100] "GET /ticket2/opencms/sv/buy/?page=1&edid=B8DEB2B8-683F-0A52-3ABD-4B09CFFDFCBC HTTP/1.1" 200 108118
95.108.213.89 - - [03/Feb/2025:01:33:50 +0100] "GET /ticket2/opencms/fr/sport/billets-football/bundesliga/werder-bremen HTTP/1.1" 200 95982
95.108.213.87 - - [03/Feb/2025:01:33:50 +0100] "GET /ticket2/opencms/mt/sport/biljetti-tal-futbol/bundesliga/werder-bremen HTTP/1.1" 200 96084
213.180.203.207 - - [03/Feb/2025:01:33:50 +0100] "GET /ticket2/opencms/be/sport/futbol-kvitki/bundesliga/werder-bremen HTTP/1.1" 200 96881
185.191.171.6 - - [03/Feb/2025:01:33:51 +0100] "GET /ticket2/opencms/en/sport/football-tickets/champions-league/olympiacos HTTP/1.1" 500 -
94.154.239.69 - - [03/Feb/2025:01:33:51 +0100] "GET /ticket2/opencms/sv/login/?edid=5D321DC0-F322-723C-4DDF-C824F908AD14 HTTP/1.1" 200 89395
192.99.3.137 - - [03/Feb/2025:01:33:52 +0100] "GET /ticket2/opencms/ka/buy/?page=1&edid=126E7844-E6E1-432A-5140-6A6B87787BFF HTTP/1.1" 200 138069
85.208.96.195 - - [03/Feb/2025:01:33:52 +0100] "GET /ticket2/opencms/nl/magazine/article?title=ipswichs-eerste-overwinning-in-de-premier-league-in-22-jaar HTTP/1.1" 200 84954
47.128.36.113 - - [03/Feb/2025:01:33:52 +0100] "GET /ticket2/opencms/is/buy/?edid=22197FAA-D7C6-8F99-4EF8-595770C5EC77 HTTP/1.1" 200 89336
40.77.167.43 - - [03/Feb/2025:01:33:53 +0100] "GET /ticket2/opencms/pl/buy?comcatid=97ECA65A-72DA-F9AF-9DBB-245D3CFED1BE&catid=2CCC191C-F37F-B9CA-D41C-1204E575B328 HTTP/1.1" 200 6410
135.181.180.59 - - [03/Feb/2025:01:33:53 +0100] "GET /ticket2/opencms/sv/buy/?page=1&edid=B9290B66-8AC4-94D8-8F63-A0F57FD86225 HTTP/1.1" 200 108756
95.108.213.231 - - [03/Feb/2025:01:33:54 +0100] "GET /ticket2/opencms/uk/sport/kvytky-na-futbol/bundesliga/werder-bremen HTTP/1.1" 200 96976
94.154.239.69 - - [03/Feb/2025:01:33:55 +0100] "GET /ticket2/opencms/sv/sell/?edid=5D92CAEC-1B75-AA27-248E-8A5AD0B226E7 HTTP/1.1" 302 -
54.36.149.14 - - [03/Feb/2025:01:33:57 +0100] "GET /ticket2/opencms/sl/buy?page=1&edid=7A0C4CE7-DF50-29C3-D447-032204091A27 HTTP/1.1" 200 106442
135.181.180.59 - - [03/Feb/2025:01:33:57 +0100] "GET /ticket2/opencms/sv/buy/?page=1&edid=BB2F3A74-7E9F-DB09-2C3F-D2D8CE32979C HTTP/1.1" 200 115195
217.113.194.218 - - [03/Feb/2025:01:33:58 +0100] "GET /ticket2/opencms/az/buy?page=1&edid=069EC406-6DFD-08ED-B6CC-A7E203415919 HTTP/1.1" 200 133961
202.8.42.140 - - [03/Feb/2025:01:33:58 +0100] "GET /ticket2/opencms/system/modules/com.gridnine.opencms.ticketbrokerage.site/resources/css/jquery.fancybox.css HTTP/1.1" 200 4939
202.8.42.140 - - [03/Feb/2025:01:33:58 +0100] "GET /ticket2/opencms/system/modules/com.gridnine.opencms.ticketbrokerage.site/resources/js/jquery/jquery.js HTTP/1.1" 200 93868
202.8.42.140 - - [03/Feb/2025:01:33:58 +0100] "GET /ticket2/opencms/system/modules/com.gridnine.opencms.ticketbrokerage.site/resources/css/jquery-ui.css HTTP/1.1" 200 33221
202.8.42.140 - - [03/Feb/2025:01:33:58 +0100] "GET /ticket2/opencms/system/modules/com.gridnine.opencms.ticketbrokerage.site/resources/css/calendar.css HTTP/1.1" 200 6871
202.8.42.140 - - [03/Feb/2025:01:33:58 +0100] "GET /ticket2/opencms/system/modules/com.gridnine.opencms.ticketbrokerage.site/resources/css/standard.css HTTP/1.1" 200 73904
202.8.42.140 - - [03/Feb/2025:01:33:58 +0100] "GET /ticket2/opencms/system/modules/com.gridnine.opencms.ticketbrokerage.site/resources/css/ticketbrokerage.css HTTP/1.1" 200 39339
94.154.239.69 - - [03/Feb/2025:01:33:58 +0100] "GET /ticket2/opencms/sv/login/?edid=5D92CAEC-1B75-AA27-248E-8A5AD0B226E7 HTTP/1.1" 200 89395
202.8.42.140 - - [03/Feb/2025:01:33:58 +0100] "GET /ticket2/opencms/system/modules/com.gridnine.opencms.ticketbrokerage.site/resources/js/jquery/jquery-ui.js HTTP/1.1" 200 228088
202.8.42.140 - - [03/Feb/2025:01:33:58 +0100] "GET /ticket2/opencms/system/modules/com.gridnine.opencms.ticketbrokerage.site/resources/js/functions.js HTTP/1.1" 200 1583
202.8.42.140 - - [03/Feb/2025:01:33:58 +0100] "GET /ticket2/opencms/system/modules/com.gridnine.opencms.ticketbrokerage.site/resources/js/calendar.js HTTP/1.1" 200 49229
202.8.42.140 - - [03/Feb/2025:01:33:58 +0100] "GET /ticket2/opencms/system/modules/com.gridnine.opencms.ticketbrokerage.site/resources/js/jquery.fancybox.pack.js HTTP/1.1" 200 23187
202.8.42.140 - - [03/Feb/2025:01:33:58 +0100] "GET /ticket2/opencms/system/modules/com.gridnine.opencms.ticketbrokerage.site/resources/js/calendar-en.js HTTP/1.1" 200 3338
202.8.42.140 - - [03/Feb/2025:01:33:59 +0100] "GET /ticket2/opencms/system/modules/com.gridnine.opencms.ticketbrokerage.site/resources/js/stickyfill.min.js HTTP/1.1" 200 5672
202.8.42.140 - - [03/Feb/2025:01:33:59 +0100] "GET /ticket2/opencms/system/modules/com.gridnine.opencms.ticketbrokerage.site/resources/js/calendar-setup.js HTTP/1.1" 200 4923
202.8.42.140 - - [03/Feb/2025:01:33:59 +0100] "GET /ticket2/opencms/system/modules/com.gridnine.opencms.ticketbrokerage.site/resources/js/standard.js HTTP/1.1" 200 3983
202.8.42.140 - - [03/Feb/2025:01:33:59 +0100] "GET /ticket2/opencms/system/modules/com.gridnine.opencms.ticketbrokerage.site/resources/js/jquery.placeholder.min.js HTTP/1.1" 200 1737
202.8.42.140 - - [03/Feb/2025:01:33:59 +0100] "GET /ticket2/opencms/system/modules/com.gridnine.opencms.ticketbrokerage.site/resources/js/common-ajax.js HTTP/1.1" 200 20175
202.8.42.140 - - [03/Feb/2025:01:33:59 +0100] "GET /ticket2/opencms/sl/ask-form.html HTTP/1.1" 200 3156
202.8.42.140 - - [03/Feb/2025:01:33:59 +0100] "GET /ticket2/opencms/system/modules/com.gridnine.opencms.ticketbrokerage.site/resources/css/ticketbrokerage.css HTTP/1.1" 200 39339
135.181.180.59 - - [03/Feb/2025:01:34:01 +0100] "GET /ticket2/opencms/sv/buy/?page=1&edid=BB563390-DEE4-4D47-4D3A-9F64E06307EB HTTP/1.1" 200 109845
94.154.239.69 - - [03/Feb/2025:01:34:02 +0100] "GET /ticket2/opencms/sv/sell/?edid=5DCA3D52-B942-270C-FA38-21AB50709109 HTTP/1.1" 302 -
54.36.149.71 - - [03/Feb/2025:01:34:03 +0100] "GET /ticket2/opencms/it/buy/?page=1&edid=A9C35541-ABB7-0662-52F4-8AD61BAC9B1C HTTP/1.1" 200 133025
135.181.180.59 - - [03/Feb/2025:01:34:04 +0100] "GET /ticket2/opencms/sv/buy/?page=1&edid=BC022DAB-4498-A423-1B89-9E0C767B974D HTTP/1.1" 200 105967
94.154.239.69 - - [03/Feb/2025:01:34:05 +0100] "GET /ticket2/opencms/sv/login/?edid=5DCA3D52-B942-270C-FA38-21AB50709109 HTTP/1.1" 200 89395
5.9.55.228 - - [03/Feb/2025:01:34:05 +0100] "GET /ticket2/opencms/fi/venue/?venueid=458A6284-D8D4-7921-D2F2-F8FD9B51F9EB HTTP/1.1" 200 84738
217.113.194.214 - - [03/Feb/2025:01:34:06 +0100] "GET /ticket2/opencms/az/buy?page=1&edid=086BA2B6-5EB1-8C88-E566-0CC26434281F HTTP/1.1" 200 110612
190.92.214.255 - - [03/Feb/2025:01:34:07 +0100] "GET /ticket2/opencms/pl/buy/?page=1&edid=84C1C15E-A3CC-07A1-AA6A-061FC4B03894 HTTP/1.1" 200 110070
135.181.180.59 - - [03/Feb/2025:01:34:08 +0100] "GET /ticket2/opencms/sv/buy/?page=1&edid=BC7AF65B-4310-C4B9-0156-F29D5392A6D8 HTTP/1.1" 200 109845
94.154.239.69 - - [03/Feb/2025:01:34:08 +0100] "GET /ticket2/opencms/sv/sell/?edid=5E01559A-B770-7724-E607-614A97AA8216 HTTP/1.1" 302 -
114.119.154.207 - - [03/Feb/2025:01:34:09 +0100] "GET /ticket2/opencms/en/magazine/article?title=discover-la-liga-live-buy-tickets-at-ticket2 HTTP/1.1" 200 85549
114.119.141.178 - - [03/Feb/2025:01:34:09 +0100] "GET /ticket2/opencms/en/venue/?venueid=F7774C51-8CD2-101E-19D7-20F0BF0B2FF2 HTTP/1.1" 200 83243
54.36.148.45 - - [03/Feb/2025:01:34:11 +0100] "GET /ticket2/opencms/de/buy?page=1&edid=EFAD6268-83FA-7979-AAB3-785B7208F10D HTTP/1.1" 200 105897
135.181.180.59 - - [03/Feb/2025:01:34:11 +0100] "GET /ticket2/opencms/sv/buy/?page=1&edid=BCB4C6BC-01F1-9B82-B9A0-788195DE1926 HTTP/1.1" 200 117647
202.8.43.158 - - [03/Feb/2025:01:34:12 +0100] "GET /ticket2/opencms/system/modules/com.gridnine.opencms.ticketbrokerage.site/resources/css/jquery-ui.css HTTP/1.1" 200 33221
202.8.43.158 - - [03/Feb/2025:01:34:12 +0100] "GET /ticket2/opencms/system/modules/com.gridnine.opencms.ticketbrokerage.site/resources/css/ticketbrokerage.css HTTP/1.1" 200 39339
202.8.43.158 - - [03/Feb/2025:01:34:12 +0100] "GET /ticket2/opencms/system/modules/com.gridnine.opencms.ticketbrokerage.site/resources/css/calendar.css HTTP/1.1" 200 6871
202.8.43.158 - - [03/Feb/2025:01:34:12 +0100] "GET /ticket2/opencms/system/modules/com.gridnine.opencms.ticketbrokerage.site/resources/css/standard.css HTTP/1.1" 200 73904
202.8.43.158 - - [03/Feb/2025:01:34:12 +0100] "GET /ticket2/opencms/system/modules/com.gridnine.opencms.ticketbrokerage.site/resources/css/jquery.fancybox.css HTTP/1.1" 200 4939
202.8.43.158 - - [03/Feb/2025:01:34:12 +0100] "GET /ticket2/opencms/system/modules/com.gridnine.opencms.ticketbrokerage.site/resources/js/jquery/jquery.js HTTP/1.1" 200 93868
202.8.43.158 - - [03/Feb/2025:01:34:12 +0100] "GET /ticket2/opencms/system/modules/com.gridnine.opencms.ticketbrokerage.site/resources/js/jquery/jquery-ui.js HTTP/1.1" 200 228088
202.8.43.158 - - [03/Feb/2025:01:34:12 +0100] "GET /ticket2/opencms/system/modules/com.gridnine.opencms.ticketbrokerage.site/resources/js/calendar-en.js HTTP/1.1" 200 3338
202.8.43.158 - - [03/Feb/2025:01:34:12 +0100] "GET /ticket2/opencms/system/modules/com.gridnine.opencms.ticketbrokerage.site/resources/js/calendar.js HTTP/1.1" 200 49229
202.8.43.158 - - [03/Feb/2025:01:34:12 +0100] "GET /ticket2/opencms/system/modules/com.gridnine.opencms.ticketbrokerage.site/resources/js/functions.js HTTP/1.1" 200 1583
202.8.43.158 - - [03/Feb/2025:01:34:12 +0100] "GET /ticket2/opencms/system/modules/com.gridnine.opencms.ticketbrokerage.site/resources/js/calendar-setup.js HTTP/1.1" 200 4923
202.8.43.158 - - [03/Feb/2025:01:34:12 +0100] "GET /ticket2/opencms/system/modules/com.gridnine.opencms.ticketbrokerage.site/resources/js/jquery.fancybox.pack.js HTTP/1.1" 200 23187
202.8.43.158 - - [03/Feb/2025:01:34:12 +0100] "GET /ticket2/opencms/system/modules/com.gridnine.opencms.ticketbrokerage.site/resources/js/stickyfill.min.js HTTP/1.1" 200 5672
202.8.43.158 - - [03/Feb/2025:01:34:12 +0100] "GET /ticket2/opencms/system/modules/com.gridnine.opencms.ticketbrokerage.site/resources/js/standard.js HTTP/1.1" 200 3983
94.154.239.69 - - [03/Feb/2025:01:34:12 +0100] "GET /ticket2/opencms/sv/login/?edid=5E01559A-B770-7724-E607-614A97AA8216 HTTP/1.1" 200 89395
202.8.43.158 - - [03/Feb/2025:01:34:12 +0100] "GET /ticket2/opencms/system/modules/com.gridnine.opencms.ticketbrokerage.site/resources/js/jquery.placeholder.min.js HTTP/1.1" 200 1737
202.8.43.158 - - [03/Feb/2025:01:34:13 +0100] "GET /ticket2/opencms/system/modules/com.gridnine.opencms.ticketbrokerage.site/resources/js/common-ajax.js HTTP/1.1" 200 20175
202.8.43.158 - - [03/Feb/2025:01:34:13 +0100] "GET /ticket2/opencms/de/ask-form.html HTTP/1.1" 200 3156
202.8.43.158 - - [03/Feb/2025:01:34:13 +0100] "GET /ticket2/opencms/system/modules/com.gridnine.opencms.ticketbrokerage.site/resources/css/ticketbrokerage.css HTTP/1.1" 200 39339
185.191.171.7 - - [03/Feb/2025:01:34:13 +0100] "GET /ticket2/opencms/en/sport/football-tickets/english-championship/rotherham HTTP/1.1" 500 -
135.181.180.59 - - [03/Feb/2025:01:34:14 +0100] "GET /ticket2/opencms/sv/buy/?page=1&edid=BD48505E-E559-55E9-6DFD-077C302A0A13 HTTP/1.1" 200 126173
217.113.194.219 - - [03/Feb/2025:01:34:15 +0100] "GET /ticket2/opencms/az/buy?page=1&edid=2E8924E6-28D0-1DDA-A1D1-EAAA09293C64 HTTP/1.1" 200 110307
94.154.239.69 - - [03/Feb/2025:01:34:16 +0100] "GET /ticket2/opencms/sv/sell/?edid=5EB94300-43AB-F98B-AEC3-50D493888325 HTTP/1.1" 302 -
135.181.180.59 - - [03/Feb/2025:01:34:18 +0100] "GET /ticket2/opencms/sv/buy/?page=1&edid=BD5ED709-E550-ECCC-FE1D-2E85747011DF HTTP/1.1" 200 115927
54.36.148.213 - - [03/Feb/2025:01:34:19 +0100] "GET /ticket2/opencms/lv/buy/?page=1&edid=C5541103-512C-D651-87BB-185D7BE93A66 HTTP/1.1" 200 109412
66.249.76.160 - - [03/Feb/2025:01:34:19 +0100] "GET /ticket2/opencms/lt/buy?page=1&edid=6F957320-7F2D-3595-C3EF-63F4A1290CC1 HTTP/1.1" 200 106624
94.154.239.69 - - [03/Feb/2025:01:34:19 +0100] "GET /ticket2/opencms/sv/login/?edid=5EB94300-43AB-F98B-AEC3-50D493888325 HTTP/1.1" 200 89395
135.181.180.59 - - [03/Feb/2025:01:34:22 +0100] "GET /ticket2/opencms/sv/buy/?page=1&edid=BE0412F3-5D89-5ECE-29EF-356E5B914A7D HTTP/1.1" 200 105955
94.154.239.69 - - [03/Feb/2025:01:34:23 +0100] "GET /ticket2/opencms/sv/sell/?edid=5EE0D386-F861-75BA-14A4-13769997B248 HTTP/1.1" 302 -
217.113.194.216 - - [03/Feb/2025:01:34:23 +0100] "GET /ticket2/opencms/az/buy?page=1&edid=2A0AB201-68D6-81F4-4EF6-313AAEA5E454 HTTP/1.1" 200 110311
47.128.39.223 - - [03/Feb/2025:01:34:24 +0100] "GET /ticket2/opencms/lv/buy/?edid=E812DC98-AE38-97F5-2101-8A924E9CC5AE HTTP/1.1" 200 89492
135.181.180.59 - - [03/Feb/2025:01:34:25 +0100] "GET /ticket2/opencms/sv/buy/?page=1&edid=BE18676F-AB94-E65E-A849-408190E75353 HTTP/1.1" 200 115190
94.154.239.69 - - [03/Feb/2025:01:34:26 +0100] "GET /ticket2/opencms/sv/login/?edid=5EE0D386-F861-75BA-14A4-13769997B248 HTTP/1.1" 200 89395
135.181.180.59 - - [03/Feb/2025:01:34:28 +0100] "GET /ticket2/opencms/sv/buy/?page=1&edid=C0267036-D672-28CE-313D-751B3A294EF5 HTTP/1.1" 200 108043
54.36.148.221 - - [03/Feb/2025:01:34:29 +0100] "GET /ticket2/opencms/mt/sport/biljetti-tal-futbol/serie-a/milan/ HTTP/1.1" 200 93307
94.154.239.69 - - [03/Feb/2025:01:34:30 +0100] "GET /ticket2/opencms/sv/sell/?edid=5F4B97F6-9B8A-0848-D630-5BFFEEB61AF7 HTTP/1.1" 302 -
135.181.180.59 - - [03/Feb/2025:01:34:31 +0100] "GET /ticket2/opencms/sv/buy/?page=1&edid=C3142C3C-B527-EA04-CFEC-FF16B1FE9635 HTTP/1.1" 200 108097
217.113.194.220 - - [03/Feb/2025:01:34:32 +0100] "GET /ticket2/opencms/az/buy?page=1&edid=2AC421C6-0DD9-73DD-0C29-416B5CC98DFF HTTP/1.1" 200 110261
94.154.239.69 - - [03/Feb/2025:01:34:33 +0100] "GET /ticket2/opencms/sv/login/?edid=5F4B97F6-9B8A-0848-D630-5BFFEEB61AF7 HTTP/1.1" 200 89395
135.181.180.59 - - [03/Feb/2025:01:34:35 +0100] "GET /ticket2/opencms/sv/buy/?page=1&edid=C4414B3C-537F-F39F-9910-712113F2BDF5 HTTP/1.1" 200 109861
185.191.171.17 - - [03/Feb/2025:01:34:36 +0100] "GET /ticket2/opencms/sv/magazine/article?title=manchester-city-mastare-for-fjarde-aret-i-rad HTTP/1.1" 200 86801
66.249.79.33 - - [03/Feb/2025:01:34:36 +0100] "GET /ticket2/opencms/dk/buy/?page=1&edid=37DFD68F-280A-1D30-F150-17131E8FCDF4 HTTP/1.1" 200 105148
54.36.148.95 - - [03/Feb/2025:01:34:37 +0100] "GET /ticket2/opencms/sr/buy?page=1&edid=7A0C4CE7-DF50-29C3-D447-032204091A27 HTTP/1.1" 200 106995
94.154.239.69 - - [03/Feb/2025:01:34:37 +0100] "GET /ticket2/opencms/sv/sell/?edid=5FDB0F24-0C6F-483A-29C3-00DD28FFC972 HTTP/1.1" 302 -
52.167.144.146 - - [03/Feb/2025:01:34:37 +0100] "GET /ticket2/opencms/sv/buy/?page=6&comcatid=A17713B6-D984-201A-4143-ED4DB5ED5C2E&catid=7ACC33AD-EE7E-AAA7-9050-0F4587759B87 HTTP/1.1" 200 6410
114.119.139.78 - - [03/Feb/2025:01:34:37 +0100] "GET /ticket2/opencms/en/venue/?venueid=EF31A462-4388-0119-B57C-552F86F22FFC HTTP/1.1" 200 83360
66.249.79.33 - - [03/Feb/2025:01:34:37 +0100] "GET /ticket2/opencms/fi/urheilu/jalkapallo/la-liga/getafe/ HTTP/1.1" 200 97086
202.8.42.45 - - [03/Feb/2025:01:34:38 +0100] "GET /ticket2/opencms/system/modules/com.gridnine.opencms.ticketbrokerage.site/resources/css/jquery.fancybox.css HTTP/1.1" 200 4939
202.8.42.45 - - [03/Feb/2025:01:34:38 +0100] "GET /ticket2/opencms/system/modules/com.gridnine.opencms.ticketbrokerage.site/resources/css/ticketbrokerage.css HTTP/1.1" 200 39339
202.8.42.45 - - [03/Feb/2025:01:34:38 +0100] "GET /ticket2/opencms/system/modules/com.gridnine.opencms.ticketbrokerage.site/resources/css/calendar.css HTTP/1.1" 200 6871
202.8.42.45 - - [03/Feb/2025:01:34:38 +0100] "GET /ticket2/opencms/system/modules/com.gridnine.opencms.ticketbrokerage.site/resources/css/jquery-ui.css HTTP/1.1" 200 33221
202.8.42.45 - - [03/Feb/2025:01:34:38 +0100] "GET /ticket2/opencms/system/modules/com.gridnine.opencms.ticketbrokerage.site/resources/css/standard.css HTTP/1.1" 200 73904
202.8.42.45 - - [03/Feb/2025:01:34:38 +0100] "GET /ticket2/opencms/system/modules/com.gridnine.opencms.ticketbrokerage.site/resources/js/calendar-en.js HTTP/1.1" 200 3338
202.8.42.45 - - [03/Feb/2025:01:34:38 +0100] "GET /ticket2/opencms/system/modules/com.gridnine.opencms.ticketbrokerage.site/resources/js/calendar.js HTTP/1.1" 200 49229
202.8.42.45 - - [03/Feb/2025:01:34:38 +0100] "GET /ticket2/opencms/system/modules/com.gridnine.opencms.ticketbrokerage.site/resources/js/functions.js HTTP/1.1" 200 1583
202.8.42.45 - - [03/Feb/2025:01:34:38 +0100] "GET /ticket2/opencms/system/modules/com.gridnine.opencms.ticketbrokerage.site/resources/js/jquery/jquery-ui.js HTTP/1.1" 200 228088
202.8.42.45 - - [03/Feb/2025:01:34:38 +0100] "GET /ticket2/opencms/system/modules/com.gridnine.opencms.ticketbrokerage.site/resources/js/jquery/jquery.js HTTP/1.1" 200 93868
202.8.42.45 - - [03/Feb/2025:01:34:38 +0100] "GET /ticket2/opencms/system/modules/com.gridnine.opencms.ticketbrokerage.site/resources/js/calendar-setup.js HTTP/1.1" 200 4923
202.8.42.45 - - [03/Feb/2025:01:34:38 +0100] "GET /ticket2/opencms/system/modules/com.gridnine.opencms.ticketbrokerage.site/resources/js/jquery.fancybox.pack.js HTTP/1.1" 200 23187
202.8.42.45 - - [03/Feb/2025:01:34:38 +0100] "GET /ticket2/opencms/system/modules/com.gridnine.opencms.ticketbrokerage.site/resources/js/stickyfill.min.js HTTP/1.1" 200 5672
202.8.42.45 - - [03/Feb/2025:01:34:38 +0100] "GET /ticket2/opencms/system/modules/com.gridnine.opencms.ticketbrokerage.site/resources/js/standard.js HTTP/1.1" 200 3983
202.8.42.45 - - [03/Feb/2025:01:34:38 +0100] "GET /ticket2/opencms/system/modules/com.gridnine.opencms.ticketbrokerage.site/resources/js/jquery.placeholder.min.js HTTP/1.1" 200 1737
202.8.42.45 - - [03/Feb/2025:01:34:38 +0100] "GET /ticket2/opencms/system/modules/com.gridnine.opencms.ticketbrokerage.site/resources/js/common-ajax.js HTTP/1.1" 200 20175
202.8.42.45 - - [03/Feb/2025:01:34:38 +0100] "GET /ticket2/opencms/sr/ask-form.html HTTP/1.1" 200 3156
202.8.42.45 - - [03/Feb/2025:01:34:38 +0100] "GET /ticket2/opencms/system/modules/com.gridnine.opencms.ticketbrokerage.site/resources/css/ticketbrokerage.css HTTP/1.1" 200 39339
135.181.180.59 - - [03/Feb/2025:01:34:38 +0100] "GET /ticket2/opencms/sv/buy/?page=1&edid=CAD7C3EE-287A-B18B-A932-6E9057D27578 HTTP/1.1" 200 109207
66.249.79.34 - - [03/Feb/2025:01:34:38 +0100] "GET /ticket2/opencms/no/magazine/article?title=legenden-i-het-ordveksling-med-supporter HTTP/1.1" 200 86807
94.154.239.69 - - [03/Feb/2025:01:34:40 +0100] "GET /ticket2/opencms/sv/login/?edid=5FDB0F24-0C6F-483A-29C3-00DD28FFC972 HTTP/1.1" 200 89395
217.113.194.215 - - [03/Feb/2025:01:34:41 +0100] "GET /ticket2/opencms/az/buy?page=1&edid=27182C30-0424-098E-A8DB-2AA3B88A1ABD HTTP/1.1" 200 132484
5.9.55.228 - - [03/Feb/2025:01:34:41 +0100] "GET /ticket2/opencms/fi/venue/?venueid=A8BF1563-78B5-8141-7CD3-5CAAEC11326C HTTP/1.1" 200 84732
135.181.180.59 - - [03/Feb/2025:01:34:42 +0100] "GET /ticket2/opencms/sv/buy/?page=1&edid=CAF09F38-ABF3-8747-726A-6B931E94EAF3 HTTP/1.1" 200 105981
94.154.239.69 - - [03/Feb/2025:01:34:43 +0100] "GET /ticket2/opencms/sv/sell/?edid=601ACF38-5C31-FBA9-552E-BFECCB7BA32F HTTP/1.1" 302 -
54.36.149.73 - - [03/Feb/2025:01:34:44 +0100] "GET /ticket2/opencms/lv/buy?page=1&edid=5F5129B2-1702-C675-5051-34240EBE11DF HTTP/1.1" 200 106572
66.249.79.33 - - [03/Feb/2025:01:34:44 +0100] "GET /ticket2/opencms/de/buy?page=1&edid=4981A465-C3DA-791B-A6A5-9D4DAB1B5DA0 HTTP/1.1" 200 109860
202.8.42.157 - - [03/Feb/2025:01:34:45 +0100] "GET /ticket2/opencms/system/modules/com.gridnine.opencms.ticketbrokerage.site/resources/css/jquery-ui.css HTTP/1.1" 200 33221
202.8.42.157 - - [03/Feb/2025:01:34:45 +0100] "GET /ticket2/opencms/system/modules/com.gridnine.opencms.ticketbrokerage.site/resources/css/ticketbrokerage.css HTTP/1.1" 200 39339
202.8.42.157 - - [03/Feb/2025:01:34:45 +0100] "GET /ticket2/opencms/system/modules/com.gridnine.opencms.ticketbrokerage.site/resources/css/standard.css HTTP/1.1" 200 73904
202.8.42.157 - - [03/Feb/2025:01:34:45 +0100] "GET /ticket2/opencms/system/modules/com.gridnine.opencms.ticketbrokerage.site/resources/css/jquery.fancybox.css HTTP/1.1" 200 4939
202.8.42.157 - - [03/Feb/2025:01:34:45 +0100] "GET /ticket2/opencms/system/modules/com.gridnine.opencms.ticketbrokerage.site/resources/css/calendar.css HTTP/1.1" 200 6871
202.8.42.157 - - [03/Feb/2025:01:34:45 +0100] "GET /ticket2/opencms/system/modules/com.gridnine.opencms.ticketbrokerage.site/resources/js/jquery/jquery.js HTTP/1.1" 200 93868
202.8.42.157 - - [03/Feb/2025:01:34:45 +0100] "GET /ticket2/opencms/system/modules/com.gridnine.opencms.ticketbrokerage.site/resources/js/functions.js HTTP/1.1" 200 1583
202.8.42.157 - - [03/Feb/2025:01:34:45 +0100] "GET /ticket2/opencms/system/modules/com.gridnine.opencms.ticketbrokerage.site/resources/js/jquery/jquery-ui.js HTTP/1.1" 200 228088
202.8.42.157 - - [03/Feb/2025:01:34:45 +0100] "GET /ticket2/opencms/system/modules/com.gridnine.opencms.ticketbrokerage.site/resources/js/calendar-en.js HTTP/1.1" 200 3338
202.8.42.157 - - [03/Feb/2025:01:34:45 +0100] "GET /ticket2/opencms/system/modules/com.gridnine.opencms.ticketbrokerage.site/resources/js/calendar.js HTTP/1.1" 200 49229
202.8.42.157 - - [03/Feb/2025:01:34:45 +0100] "GET /ticket2/opencms/system/modules/com.gridnine.opencms.ticketbrokerage.site/resources/js/calendar-setup.js HTTP/1.1" 200 4923
202.8.42.157 - - [03/Feb/2025:01:34:45 +0100] "GET /ticket2/opencms/system/modules/com.gridnine.opencms.ticketbrokerage.site/resources/js/jquery.fancybox.pack.js HTTP/1.1" 200 23187
202.8.42.157 - - [03/Feb/2025:01:34:45 +0100] "GET /ticket2/opencms/system/modules/com.gridnine.opencms.ticketbrokerage.site/resources/js/stickyfill.min.js HTTP/1.1" 200 5672
202.8.42.157 - - [03/Feb/2025:01:34:45 +0100] "GET /ticket2/opencms/system/modules/com.gridnine.opencms.ticketbrokerage.site/resources/js/standard.js HTTP/1.1" 200 3983
135.181.180.59 - - [03/Feb/2025:01:34:45 +0100] "GET /ticket2/opencms/sv/buy/?page=1&edid=CB09E5AD-40F0-AF93-E495-808040E982A8 HTTP/1.1" 200 109389
202.8.42.157 - - [03/Feb/2025:01:34:45 +0100] "GET /ticket2/opencms/system/modules/com.gridnine.opencms.ticketbrokerage.site/resources/js/jquery.placeholder.min.js HTTP/1.1" 200 1737
185.191.171.3 - - [03/Feb/2025:01:34:45 +0100] "GET /ticket2/opencms/robots.txt HTTP/1.1" 200 773
202.8.42.157 - - [03/Feb/2025:01:34:45 +0100] "GET /ticket2/opencms/system/modules/com.gridnine.opencms.ticketbrokerage.site/resources/js/common-ajax.js HTTP/1.1" 200 20175
202.8.42.157 - - [03/Feb/2025:01:34:45 +0100] "GET /ticket2/opencms/lv/ask-form.html HTTP/1.1" 200 3156
202.8.42.157 - - [03/Feb/2025:01:34:46 +0100] "GET /ticket2/opencms/system/modules/com.gridnine.opencms.ticketbrokerage.site/resources/css/ticketbrokerage.css HTTP/1.1" 200 39339
185.191.171.5 - - [03/Feb/2025:01:34:46 +0100] "GET /ticket2/opencms/fi/urheilu/jalkapallo/la-liga/celta_vigo/ HTTP/1.1" 200 91145
94.154.239.69 - - [03/Feb/2025:01:34:47 +0100] "GET /ticket2/opencms/sv/login/?edid=601ACF38-5C31-FBA9-552E-BFECCB7BA32F HTTP/1.1" 200 89395
185.191.171.2 - - [03/Feb/2025:01:34:48 +0100] "GET /ticket2/opencms/bs/magazine/article?title=zatvaranje-prijelaznog-roka-ranije HTTP/1.1" 200 86915
135.181.180.59 - - [03/Feb/2025:01:34:49 +0100] "GET /ticket2/opencms/sv/buy/?page=1&edid=CB9F93FB-28F6-076C-5E54-4EC331BFF078 HTTP/1.1" 200 105981
217.113.194.212 - - [03/Feb/2025:01:34:50 +0100] "GET /ticket2/opencms/az/buy?page=1&edid=2D1DCACF-8E91-8D51-B004-01BEB1C7186F HTTP/1.1" 200 106879
94.154.239.69 - - [03/Feb/2025:01:34:50 +0100] "GET /ticket2/opencms/sv/sell/?edid=6035F022-2AFB-0DF4-0C8B-8C092D9D990D HTTP/1.1" 302 -
66.249.76.170 - - [03/Feb/2025:01:34:52 +0100] "GET /ticket2/opencms/ka/buy/?page=1&edid=4981A465-C3DA-791B-A6A5-9D4DAB1B5DA0 HTTP/1.1" 200 115710
135.181.180.59 - - [03/Feb/2025:01:34:52 +0100] "GET /ticket2/opencms/sv/buy/?page=1&edid=CCDA29B0-07D8-8856-B626-F621E13D91E3 HTTP/1.1" 200 108046
185.191.171.16 - - [03/Feb/2025:01:34:53 +0100] "GET /ticket2/opencms/tb/opencms/en/archive/venues/aldwych_theatre/ HTTP/1.1" 404 -
111.119.194.143 - - [03/Feb/2025:01:34:53 +0100] "GET /ticket2/opencms/pl/buy/?page=1&edid=16343486-D199-EE91-1004-52E02A9487CB HTTP/1.1" 200 108683
94.154.239.69 - - [03/Feb/2025:01:34:54 +0100] "GET /ticket2/opencms/sv/login/?edid=6035F022-2AFB-0DF4-0C8B-8C092D9D990D HTTP/1.1" 200 89395
135.181.180.59 - - [03/Feb/2025:01:34:55 +0100] "GET /ticket2/opencms/sv/buy/?page=1&edid=CDB08D34-FC9B-FED3-686A-625D91D54D83 HTTP/1.1" 200 105990
54.36.149.49 - - [03/Feb/2025:01:34:56 +0100] "GET /ticket2/opencms/en/buy/?page=1&edid=C5373375-4DE5-4C49-7106-5A73E303534C HTTP/1.1" 200 104759
94.154.239.69 - - [03/Feb/2025:01:34:57 +0100] "GET /ticket2/opencms/sv/sell/?edid=605F0713-F5C5-5844-2344-BCDD5B5AC0EC HTTP/1.1" 302 -
135.181.180.59 - - [03/Feb/2025:01:34:59 +0100] "GET /ticket2/opencms/sv/buy/?page=1&edid=CEA22FC6-1BBC-ECD9-F981-50AEC76B0A69 HTTP/1.1" 200 108337
217.113.194.215 - - [03/Feb/2025:01:34:59 +0100] "GET /ticket2/opencms/az/buy?page=1&edid=2F89DE74-66D3-F2EE-BBA0-20A3C149309A HTTP/1.1" 200 130220
94.154.239.69 - - [03/Feb/2025:01:35:01 +0100] "GET /ticket2/opencms/sv/login/?edid=605F0713-F5C5-5844-2344-BCDD5B5AC0EC HTTP/1.1" 200 89395
135.181.180.59 - - [03/Feb/2025:01:35:02 +0100] "GET /ticket2/opencms/sv/buy/?page=1&edid=CF18DFBB-8910-D629-9C73-21920BE7E2F2 HTTP/1.1" 200 109206
94.154.239.69 - - [03/Feb/2025:01:35:04 +0100] "GET /ticket2/opencms/sv/sell/?edid=6181FC05-8F7D-2179-3117-3471D2069609 HTTP/1.1" 302 -
66.249.79.33 - - [03/Feb/2025:01:35:06 +0100] "GET /ticket2/opencms/ro/buy?page=6&comcatid=A17713B6-D984-201A-4143-ED4DB5ED5C2E&catid=5A89E483-58AD-080E-F363-E16CE738916A&eventid=71C5BAEE-C491-0712-FC18-B70E740C173A HTTP/1.1" 200 6410
135.181.180.59 - - [03/Feb/2025:01:35:06 +0100] "GET /ticket2/opencms/sv/buy/?page=1&edid=CFF269B0-000A-3FAF-1F72-06C3B63C5E84 HTTP/1.1" 200 109145
185.191.171.2 - - [03/Feb/2025:01:35:06 +0100] "GET /ticket2/opencms/sv/sport/fotbollsbiljetter/la_liga/sevilla/ HTTP/1.1" 200 91160
94.154.239.69 - - [03/Feb/2025:01:35:08 +0100] "GET /ticket2/opencms/sv/login/?edid=6181FC05-8F7D-2179-3117-3471D2069609 HTTP/1.1" 200 89395
217.113.194.219 - - [03/Feb/2025:01:35:08 +0100] "GET /ticket2/opencms/az/buy?page=1&edid=20BC4682-E2EA-6331-76C5-92E438E4C4EB HTTP/1.1" 200 106879
66.249.79.171 - - [03/Feb/2025:01:35:08 +0100] "GET /ticket2/opencms/sv/buy/?page=1&edid=7D0034DE-60A0-B971-BE37-13F34A8B84FE HTTP/1.1" 200 108540
135.181.180.59 - - [03/Feb/2025:01:35:09 +0100] "GET /ticket2/opencms/sv/buy/?page=1&edid=D0F215C0-46DD-EABA-EA0D-77155EB4DD38 HTTP/1.1" 200 108752
94.154.239.69 - - [03/Feb/2025:01:35:11 +0100] "GET /ticket2/opencms/sv/sell/?edid=6212DF4D-4668-E736-5D5B-91D288A2C1AE HTTP/1.1" 302 -
135.181.180.59 - - [03/Feb/2025:01:35:13 +0100] "GET /ticket2/opencms/sv/buy/?page=1&edid=D113AD45-81CB-699E-7D46-8A088728DD4D HTTP/1.1" 200 109072
47.128.19.23 - - [03/Feb/2025:01:35:14 +0100] "GET /ticket2/opencms/sq/?catid=FF8D7FE7-4B09-7305-01C7-2D47F7913EB8&comcatid=A17713B6-D984-201A-4143-ED4DB5ED5C2E HTTP/1.1" 200 104659
94.154.239.69 - - [03/Feb/2025:01:35:14 +0100] "GET /ticket2/opencms/sv/login/?edid=6212DF4D-4668-E736-5D5B-91D288A2C1AE HTTP/1.1" 200 89395
135.181.180.59 - - [03/Feb/2025:01:35:16 +0100] "GET /ticket2/opencms/sv/buy/?page=1&edid=D16CBD56-F9C4-0265-CE8D-3642D2270494 HTTP/1.1" 200 105954
54.36.148.232 - - [03/Feb/2025:01:35:16 +0100] "GET /ticket2/opencms/bg/buy/?page=1&edid=F93A2292-3F60-7656-2C0B-2AB157A0BB0B HTTP/1.1" 200 134812
217.113.194.215 - - [03/Feb/2025:01:35:17 +0100] "GET /ticket2/opencms/az/buy?page=1&edid=20599C7A-7B16-1AE0-93EB-CF44D71F2D6D HTTP/1.1" 200 111457
94.154.239.69 - - [03/Feb/2025:01:35:18 +0100] "GET /ticket2/opencms/sv/sell/?edid=63D25C1E-F945-3D8C-F981-1BC33FDCD607 HTTP/1.1" 302 -
66.249.76.170 - - [03/Feb/2025:01:35:19 +0100] "GET /ticket2/opencms/uk/buy/?page=1&edid=8A676299-B54E-C301-442A-823ABEA189C5 HTTP/1.1" 200 118968
5.9.55.228 - - [03/Feb/2025:01:35:19 +0100] "GET /ticket2/opencms/fi/venue/?venueid=4686023E-1A9C-D773-1EF5-78A9D0532992 HTTP/1.1" 200 85271
135.181.180.59 - - [03/Feb/2025:01:35:20 +0100] "GET /ticket2/opencms/sv/buy/?page=1&edid=D1CB1D45-20D9-EFBF-1A5B-85AA4B6CAFCF HTTP/1.1" 200 109167
114.119.151.93 - - [03/Feb/2025:01:35:20 +0100] "GET /ticket2/opencms/en/buy/?page=1&edid=ABE82418-6D71-12C5-8A2D-1433A0ADE28D HTTP/1.1" 200 107351
94.154.239.69 - - [03/Feb/2025:01:35:21 +0100] "GET /ticket2/opencms/sv/login/?edid=63D25C1E-F945-3D8C-F981-1BC33FDCD607 HTTP/1.1" 200 89395
135.181.180.59 - - [03/Feb/2025:01:35:23 +0100] "GET /ticket2/opencms/sv/buy/?page=1&edid=D26CE87D-3D36-4995-7255-CD274E3D4B38 HTTP/1.1" 200 109082
94.154.239.69 - - [03/Feb/2025:01:35:24 +0100] "GET /ticket2/opencms/sv/sell/?edid=643BF987-1909-DAF7-A7E5-F3CDE886B5D7 HTTP/1.1" 302 -
217.113.194.218 - - [03/Feb/2025:01:35:26 +0100] "GET /ticket2/opencms/az/buy?page=1&edid=299450E2-FDAD-4E2B-0058-6290A7A2B57D HTTP/1.1" 200 151505
54.36.148.15 - - [03/Feb/2025:01:35:26 +0100] "GET /ticket2/opencms/mo/buy?page=1&edid=7A0C4CE7-DF50-29C3-D447-032204091A27 HTTP/1.1" 200 106649
135.181.180.59 - - [03/Feb/2025:01:35:26 +0100] "GET /ticket2/opencms/sv/buy/?page=1&edid=D2A45732-043F-9648-F6F1-0FB8A1C1603D HTTP/1.1" 200 109162
202.8.40.49 - - [03/Feb/2025:01:35:27 +0100] "GET /ticket2/opencms/system/modules/com.gridnine.opencms.ticketbrokerage.site/resources/css/calendar.css HTTP/1.1" 200 6871
202.8.40.49 - - [03/Feb/2025:01:35:27 +0100] "GET /ticket2/opencms/system/modules/com.gridnine.opencms.ticketbrokerage.site/resources/css/ticketbrokerage.css HTTP/1.1" 200 39339
202.8.40.49 - - [03/Feb/2025:01:35:27 +0100] "GET /ticket2/opencms/system/modules/com.gridnine.opencms.ticketbrokerage.site/resources/css/jquery-ui.css HTTP/1.1" 200 33221
202.8.40.49 - - [03/Feb/2025:01:35:27 +0100] "GET /ticket2/opencms/system/modules/com.gridnine.opencms.ticketbrokerage.site/resources/css/standard.css HTTP/1.1" 200 73904
202.8.40.49 - - [03/Feb/2025:01:35:27 +0100] "GET /ticket2/opencms/system/modules/com.gridnine.opencms.ticketbrokerage.site/resources/css/jquery.fancybox.css HTTP/1.1" 200 4939
202.8.40.49 - - [03/Feb/2025:01:35:27 +0100] "GET /ticket2/opencms/system/modules/com.gridnine.opencms.ticketbrokerage.site/resources/js/calendar.js HTTP/1.1" 200 49229
202.8.40.49 - - [03/Feb/2025:01:35:28 +0100] "GET /ticket2/opencms/system/modules/com.gridnine.opencms.ticketbrokerage.site/resources/js/functions.js HTTP/1.1" 200 1583
202.8.40.49 - - [03/Feb/2025:01:35:28 +0100] "GET /ticket2/opencms/system/modules/com.gridnine.opencms.ticketbrokerage.site/resources/js/jquery/jquery.js HTTP/1.1" 200 93868
202.8.40.49 - - [03/Feb/2025:01:35:28 +0100] "GET /ticket2/opencms/system/modules/com.gridnine.opencms.ticketbrokerage.site/resources/js/jquery/jquery-ui.js HTTP/1.1" 200 228088
202.8.40.49 - - [03/Feb/2025:01:35:28 +0100] "GET /ticket2/opencms/system/modules/com.gridnine.opencms.ticketbrokerage.site/resources/js/calendar-en.js HTTP/1.1" 200 3338
202.8.40.49 - - [03/Feb/2025:01:35:28 +0100] "GET /ticket2/opencms/system/modules/com.gridnine.opencms.ticketbrokerage.site/resources/js/calendar-setup.js HTTP/1.1" 200 4923
202.8.40.49 - - [03/Feb/2025:01:35:28 +0100] "GET /ticket2/opencms/system/modules/com.gridnine.opencms.ticketbrokerage.site/resources/js/jquery.fancybox.pack.js HTTP/1.1" 200 23187
202.8.40.49 - - [03/Feb/2025:01:35:28 +0100] "GET /ticket2/opencms/system/modules/com.gridnine.opencms.ticketbrokerage.site/resources/js/stickyfill.min.js HTTP/1.1" 200 5672
202.8.40.49 - - [03/Feb/2025:01:35:28 +0100] "GET /ticket2/opencms/system/modules/com.gridnine.opencms.ticketbrokerage.site/resources/js/standard.js HTTP/1.1" 200 3983
202.8.40.49 - - [03/Feb/2025:01:35:28 +0100] "GET /ticket2/opencms/system/modules/com.gridnine.opencms.ticketbrokerage.site/resources/js/common-ajax.js HTTP/1.1" 200 20175
202.8.40.49 - - [03/Feb/2025:01:35:28 +0100] "GET /ticket2/opencms/system/modules/com.gridnine.opencms.ticketbrokerage.site/resources/js/jquery.placeholder.min.js HTTP/1.1" 200 1737
202.8.40.49 - - [03/Feb/2025:01:35:28 +0100] "GET /ticket2/opencms/mo/ask-form.html HTTP/1.1" 200 3156
202.8.40.49 - - [03/Feb/2025:01:35:28 +0100] "GET /ticket2/opencms/system/modules/com.gridnine.opencms.ticketbrokerage.site/resources/css/ticketbrokerage.css HTTP/1.1" 200 39339
94.154.239.69 - - [03/Feb/2025:01:35:28 +0100] "GET /ticket2/opencms/sv/login/?edid=643BF987-1909-DAF7-A7E5-F3CDE886B5D7 HTTP/1.1" 200 89395
135.181.180.59 - - [03/Feb/2025:01:35:29 +0100] "GET /ticket2/opencms/sv/buy/?page=1&edid=D312E8D2-05C6-A8E9-4D62-ADB02195720F HTTP/1.1" 200 109166
94.154.239.69 - - [03/Feb/2025:01:35:31 +0100] "GET /ticket2/opencms/sv/sell/?edid=659056BB-BE87-24B6-C829-F3AEABED7D72 HTTP/1.1" 302 -
85.208.96.206 - - [03/Feb/2025:01:35:33 +0100] "GET /ticket2/opencms/mo/buying_tickets/ HTTP/1.1" 200 87204
135.181.180.59 - - [03/Feb/2025:01:35:33 +0100] "GET /ticket2/opencms/sv/buy/?page=1&edid=D3CFC94C-099A-20DC-B2B6-57B9CC37DA19 HTTP/1.1" 200 105994
85.208.96.200 - - [03/Feb/2025:01:35:35 +0100] "GET /ticket2/opencms/es/login/?url=%25252Fhr%25252Fsell%25252F HTTP/1.1" 200 89653
94.154.239.69 - - [03/Feb/2025:01:35:35 +0100] "GET /ticket2/opencms/sv/login/?edid=659056BB-BE87-24B6-C829-F3AEABED7D72 HTTP/1.1" 200 89395
217.113.194.221 - - [03/Feb/2025:01:35:35 +0100] "GET /ticket2/opencms/az/buy?page=1&edid=2D210BFD-73B3-FBB7-71E1-6587B60103F1 HTTP/1.1" 200 119975
185.191.171.18 - - [03/Feb/2025:01:35:35 +0100] "GET /ticket2/opencms/cs/magazine/article?title=fulham-fc HTTP/1.1" 200 87036
54.36.149.98 - - [03/Feb/2025:01:35:37 +0100] "GET /ticket2/opencms/fi/buy/?page=1&edid=EFAD6268-83FA-7979-AAB3-785B7208F10D HTTP/1.1" 200 106222
124.243.148.252 - - [03/Feb/2025:01:35:37 +0100] "GET /ticket2/opencms/pl/buy/?page=1&edid=0F1609DC-3333-3ED5-6855-0A373223136E HTTP/1.1" 200 110033
135.181.180.59 - - [03/Feb/2025:01:35:37 +0100] "GET /ticket2/opencms/sv/buy/?page=1&edid=D402E731-16BD-6054-BEC0-D195836DBFA5 HTTP/1.1" 200 117640
185.191.171.13 - - [03/Feb/2025:01:35:38 +0100] "GET /ticket2/opencms/de/sv/musikal/ HTTP/1.1" 404 -
94.154.239.69 - - [03/Feb/2025:01:35:38 +0100] "GET /ticket2/opencms/sv/sell/?edid=65FEF73C-F65F-4957-0F47-673C50411D15 HTTP/1.1" 302 -
135.181.180.59 - - [03/Feb/2025:01:35:41 +0100] "GET /ticket2/opencms/sv/buy/?page=1&edid=D474FB0B-C3F6-48EF-274D-DD0DE7C305C1 HTTP/1.1" 200 108094
66.249.76.170 - - [03/Feb/2025:01:35:41 +0100] "GET /ticket2/opencms/is/buy/?page=1&edid=8A676299-B54E-C301-442A-823ABEA189C5 HTTP/1.1" 200 116426
94.154.239.69 - - [03/Feb/2025:01:35:42 +0100] "GET /ticket2/opencms/sv/login/?edid=65FEF73C-F65F-4957-0F47-673C50411D15 HTTP/1.1" 200 89395
217.113.194.215 - - [03/Feb/2025:01:35:44 +0100] "GET /ticket2/opencms/az/buy?page=1&edid=6C281448-3D78-C82A-F8B5-D869FAF96E75 HTTP/1.1" 200 110584
135.181.180.59 - - [03/Feb/2025:01:35:44 +0100] "GET /ticket2/opencms/sv/buy/?page=1&edid=D4A3116D-04FA-A518-416F-31E8613FC0CB HTTP/1.1" 200 109388
94.154.239.69 - - [03/Feb/2025:01:35:45 +0100] "GET /ticket2/opencms/sv/sell/?edid=66A41D1B-B106-948F-4ECF-7F8A993B5B86 HTTP/1.1" 302 -
185.191.171.18 - - [03/Feb/2025:01:35:45 +0100] "GET /ticket2/opencms/sv/tickets/lazio/ HTTP/1.1" 200 91536
135.181.180.59 - - [03/Feb/2025:01:35:47 +0100] "GET /ticket2/opencms/sv/buy/?page=1&edid=D5C56F15-3697-E215-9279-584EB6D830AB HTTP/1.1" 200 109848
54.36.149.4 - - [03/Feb/2025:01:35:49 +0100] "GET /ticket2/opencms/de/sport/fussball-tickets/la_liga/espanyol/ HTTP/1.1" 200 95241
94.154.239.69 - - [03/Feb/2025:01:35:49 +0100] "GET /ticket2/opencms/sv/login/?edid=66A41D1B-B106-948F-4ECF-7F8A993B5B86 HTTP/1.1" 200 89395
66.249.76.170 - - [03/Feb/2025:01:35:49 +0100] "GET /ticket2/opencms/sk/buy/?page=1&edid=39F65111-2D6B-8CCA-6356-10B703EAE091 HTTP/1.1" 200 106505
135.181.180.59 - - [03/Feb/2025:01:35:51 +0100] "GET /ticket2/opencms/sv/buy/?page=1&edid=D65458BD-F347-F54F-622F-D552B1CC18A8 HTTP/1.1" 200 108045
94.154.239.69 - - [03/Feb/2025:01:35:52 +0100] "GET /ticket2/opencms/sv/sell/?edid=6771892E-7E7D-3A4E-4779-DB1F0828DEE9 HTTP/1.1" 302 -
217.113.194.218 - - [03/Feb/2025:01:35:53 +0100] "GET /ticket2/opencms/az/buy?page=1&edid=6690BAE2-0BB2-2F72-0EFC-ADA3FDF70123 HTTP/1.1" 200 106882
135.181.180.59 - - [03/Feb/2025:01:35:54 +0100] "GET /ticket2/opencms/sv/buy/?page=1&edid=DC57407A-8CE4-9FF1-5780-6AB44C5632B2 HTTP/1.1" 200 108046
94.154.239.69 - - [03/Feb/2025:01:35:55 +0100] "GET /ticket2/opencms/sv/login/?edid=6771892E-7E7D-3A4E-4779-DB1F0828DEE9 HTTP/1.1" 200 89395
66.249.79.33 - - [03/Feb/2025:01:35:57 +0100] "GET /ticket2/opencms/set_aff_cookie.jsp?partner=57601924-FB09-5BB2-867F-08B4EB522BA8&url=%252Fen%252Fbuy%252Findex.html%253Fpage%253D1%2526edid%253D77662010-5CF0-526E-5D4F-82C3FEEC0A4F%2526hlv%253D6149ea51-ddc0-4fb2-a33a-1db20a01000f%2523v_826533576 HTTP/1.1" 200 246
135.181.180.59 - - [03/Feb/2025:01:35:58 +0100] "GET /ticket2/opencms/sv/buy/?page=1&edid=DCA09323-0C36-57F1-07F7-45EEFB637B16 HTTP/1.1" 200 105275
94.154.239.69 - - [03/Feb/2025:01:35:58 +0100] "GET /ticket2/opencms/sv/sell/?edid=6A920F16-DD42-2262-3AA2-B83D5743F13A HTTP/1.1" 302 -
5.9.55.228 - - [03/Feb/2025:01:35:59 +0100] "GET /ticket2/opencms/fi/venue/?venueid=4694F5B1-69FE-B60F-48EF-EC52575888CD HTTP/1.1" 200 84668
135.181.180.59 - - [03/Feb/2025:01:36:01 +0100] "GET /ticket2/opencms/sv/buy/?page=1&edid=DCD14038-9E0E-1D66-8C3B-8C9F91D309AF HTTP/1.1" 200 109848
217.113.194.220 - - [03/Feb/2025:01:36:01 +0100] "GET /ticket2/opencms/az/buy?page=1&edid=6713F743-CFE1-C987-288D-AC8AB79C37B8 HTTP/1.1" 200 116683
94.154.239.69 - - [03/Feb/2025:01:36:02 +0100] "GET /ticket2/opencms/sv/login/?edid=6A920F16-DD42-2262-3AA2-B83D5743F13A HTTP/1.1" 200 89395
54.36.148.22 - - [03/Feb/2025:01:36:02 +0100] "GET /ticket2/opencms/hr/buy?page=1&edid=9A8891BD-C3B9-2FD5-1633-7AEF0F073762 HTTP/1.1" 200 133399
202.8.42.174 - - [03/Feb/2025:01:36:03 +0100] "GET /ticket2/opencms/system/modules/com.gridnine.opencms.ticketbrokerage.site/resources/css/standard.css HTTP/1.1" 200 73904
202.8.42.174 - - [03/Feb/2025:01:36:03 +0100] "GET /ticket2/opencms/system/modules/com.gridnine.opencms.ticketbrokerage.site/resources/css/jquery.fancybox.css HTTP/1.1" 200 4939
202.8.42.174 - - [03/Feb/2025:01:36:03 +0100] "GET /ticket2/opencms/system/modules/com.gridnine.opencms.ticketbrokerage.site/resources/css/calendar.css HTTP/1.1" 200 6871
202.8.42.174 - - [03/Feb/2025:01:36:03 +0100] "GET /ticket2/opencms/system/modules/com.gridnine.opencms.ticketbrokerage.site/resources/css/ticketbrokerage.css HTTP/1.1" 200 39339
202.8.42.174 - - [03/Feb/2025:01:36:03 +0100] "GET /ticket2/opencms/system/modules/com.gridnine.opencms.ticketbrokerage.site/resources/css/jquery-ui.css HTTP/1.1" 200 33221
202.8.42.174 - - [03/Feb/2025:01:36:03 +0100] "GET /ticket2/opencms/system/modules/com.gridnine.opencms.ticketbrokerage.site/resources/js/jquery/jquery.js HTTP/1.1" 200 93868
202.8.42.174 - - [03/Feb/2025:01:36:03 +0100] "GET /ticket2/opencms/system/modules/com.gridnine.opencms.ticketbrokerage.site/resources/js/calendar.js HTTP/1.1" 200 49229
202.8.42.174 - - [03/Feb/2025:01:36:03 +0100] "GET /ticket2/opencms/system/modules/com.gridnine.opencms.ticketbrokerage.site/resources/js/jquery/jquery-ui.js HTTP/1.1" 200 228088
202.8.42.174 - - [03/Feb/2025:01:36:03 +0100] "GET /ticket2/opencms/system/modules/com.gridnine.opencms.ticketbrokerage.site/resources/js/functions.js HTTP/1.1" 200 1583
202.8.42.174 - - [03/Feb/2025:01:36:03 +0100] "GET /ticket2/opencms/system/modules/com.gridnine.opencms.ticketbrokerage.site/resources/js/calendar-setup.js HTTP/1.1" 200 4923
202.8.42.174 - - [03/Feb/2025:01:36:03 +0100] "GET /ticket2/opencms/system/modules/com.gridnine.opencms.ticketbrokerage.site/resources/js/calendar-en.js HTTP/1.1" 200 3338
202.8.42.174 - - [03/Feb/2025:01:36:04 +0100] "GET /ticket2/opencms/system/modules/com.gridnine.opencms.ticketbrokerage.site/resources/js/jquery.fancybox.pack.js HTTP/1.1" 200 23187
202.8.42.174 - - [03/Feb/2025:01:36:04 +0100] "GET /ticket2/opencms/system/modules/com.gridnine.opencms.ticketbrokerage.site/resources/js/stickyfill.min.js HTTP/1.1" 200 5672
202.8.42.174 - - [03/Feb/2025:01:36:04 +0100] "GET /ticket2/opencms/system/modules/com.gridnine.opencms.ticketbrokerage.site/resources/js/standard.js HTTP/1.1" 200 3983
202.8.42.174 - - [03/Feb/2025:01:36:04 +0100] "GET /ticket2/opencms/system/modules/com.gridnine.opencms.ticketbrokerage.site/resources/js/jquery.placeholder.min.js HTTP/1.1" 200 1737
202.8.42.174 - - [03/Feb/2025:01:36:04 +0100] "GET /ticket2/opencms/system/modules/com.gridnine.opencms.ticketbrokerage.site/resources/js/common-ajax.js HTTP/1.1" 200 20175
202.8.42.174 - - [03/Feb/2025:01:36:04 +0100] "GET /ticket2/opencms/hr/ask-form.html HTTP/1.1" 200 3156
