195.191.219.132 - - [03/Feb/2025:00:00:01 +0100] "GET /ticket2/opencms/no/buy/?page=1&edid=6A094D1B-E33E-4C7F-45BE-5C0A3A464374 HTTP/1.1" 200 109104
154.54.249.216 - - [03/Feb/2025:00:00:01 +0100] "GET /ticket2/opencms/cs/buy?page=1&edid=128622B7-EDDD-3A5E-9897-BCB852F1E8F1 HTTP/1.1" 200 108834
54.36.148.175 - - [03/Feb/2025:00:00:03 +0100] "GET /ticket2/opencms/lv/buy?page=1&edid=1C109B19-215B-025B-D9B8-6D4E44843BBC HTTP/1.1" 200 129920
110.238.108.187 - - [03/Feb/2025:00:00:03 +0100] "GET /ticket2/opencms/mo/sport/bilete-la-fotbal/serie-a/frosinone HTTP/1.1" 200 91412
66.249.79.33 - - [03/Feb/2025:00:00:04 +0100] "GET /ticket2/opencms/fi/urheilu/jalkapallo/ligue_1/nice/ HTTP/1.1" 200 85550
202.8.41.58 - - [03/Feb/2025:00:00:05 +0100] "GET /ticket2/opencms/system/modules/com.gridnine.opencms.ticketbrokerage.site/resources/css/jquery.fancybox.css HTTP/1.1" 200 4939
202.8.41.58 - - [03/Feb/2025:00:00:05 +0100] "GET /ticket2/opencms/system/modules/com.gridnine.opencms.ticketbrokerage.site/resources/css/calendar.css HTTP/1.1" 200 6871
202.8.41.58 - - [03/Feb/2025:00:00:05 +0100] "GET /ticket2/opencms/system/modules/com.gridnine.opencms.ticketbrokerage.site/resources/css/ticketbrokerage.css HTTP/1.1" 200 39339
202.8.41.58 - - [03/Feb/2025:00:00:05 +0100] "GET /ticket2/opencms/system/modules/com.gridnine.opencms.ticketbrokerage.site/resources/css/standard.css HTTP/1.1" 200 73904
202.8.41.58 - - [03/Feb/2025:00:00:05 +0100] "GET /ticket2/opencms/system/modules/com.gridnine.opencms.ticketbrokerage.site/resources/css/jquery-ui.css HTTP/1.1" 200 33221
202.8.41.58 - - [03/Feb/2025:00:00:05 +0100] "GET /ticket2/opencms/system/modules/com.gridnine.opencms.ticketbrokerage.site/resources/js/jquery/jquery.js HTTP/1.1" 200 93868
195.191.219.132 - - [03/Feb/2025:00:00:05 +0100] "GET /ticket2/opencms/no/buy/?page=1&edid=6D2674A5-F289-A8BC-ABCC-A13CA65D09E4 HTTP/1.1" 200 109191
202.8.41.58 - - [03/Feb/2025:00:00:05 +0100] "GET /ticket2/opencms/system/modules/com.gridnine.opencms.ticketbrokerage.site/resources/js/jquery/jquery-ui.js HTTP/1.1" 200 228088
202.8.41.58 - - [03/Feb/2025:00:00:05 +0100] "GET /ticket2/opencms/system/modules/com.gridnine.opencms.ticketbrokerage.site/resources/js/calendar.js HTTP/1.1" 200 49229
202.8.41.58 - - [03/Feb/2025:00:00:05 +0100] "GET /ticket2/opencms/system/modules/com.gridnine.opencms.ticketbrokerage.site/resources/js/functions.js HTTP/1.1" 200 1583
202.8.41.58 - - [03/Feb/2025:00:00:05 +0100] "GET /ticket2/opencms/system/modules/com.gridnine.opencms.ticketbrokerage.site/resources/js/calendar-en.js HTTP/1.1" 200 3338
202.8.41.58 - - [03/Feb/2025:00:00:05 +0100] "GET /ticket2/opencms/system/modules/com.gridnine.opencms.ticketbrokerage.site/resources/js/calendar-setup.js HTTP/1.1" 200 4923
202.8.41.58 - - [03/Feb/2025:00:00:05 +0100] "GET /ticket2/opencms/system/modules/com.gridnine.opencms.ticketbrokerage.site/resources/js/stickyfill.min.js HTTP/1.1" 200 5672
202.8.41.58 - - [03/Feb/2025:00:00:05 +0100] "GET /ticket2/opencms/system/modules/com.gridnine.opencms.ticketbrokerage.site/resources/js/standard.js HTTP/1.1" 200 3983
202.8.41.58 - - [03/Feb/2025:00:00:05 +0100] "GET /ticket2/opencms/system/modules/com.gridnine.opencms.ticketbrokerage.site/resources/js/jquery.fancybox.pack.js HTTP/1.1" 200 23187
202.8.41.58 - - [03/Feb/2025:00:00:05 +0100] "GET /ticket2/opencms/system/modules/com.gridnine.opencms.ticketbrokerage.site/resources/js/jquery.placeholder.min.js HTTP/1.1" 200 1737
202.8.41.58 - - [03/Feb/2025:00:00:05 +0100] "GET /ticket2/opencms/system/modules/com.gridnine.opencms.ticketbrokerage.site/resources/js/common-ajax.js HTTP/1.1" 200 20175
202.8.41.58 - - [03/Feb/2025:00:00:05 +0100] "GET /ticket2/opencms/lv/ask-form.html HTTP/1.1" 200 3156
202.8.41.58 - - [03/Feb/2025:00:00:05 +0100] "GET /ticket2/opencms/system/modules/com.gridnine.opencms.ticketbrokerage.site/resources/css/ticketbrokerage.css HTTP/1.1" 200 39339
185.191.171.12 - - [03/Feb/2025:00:00:06 +0100] "GET /ticket2/opencms/sl/magazine/article?title=la-liga-real-madrid-osvojil-najvec-naslovov HTTP/1.1" 200 87051
54.36.149.20 - - [03/Feb/2025:00:00:08 +0100] "GET /ticket2/opencms/no/buy/?page=1&edid=BD719054-11F0-C21F-E1D7-4BD8F12BE51A HTTP/1.1" 200 115902
195.191.219.132 - - [03/Feb/2025:00:00:08 +0100] "GET /ticket2/opencms/no/buy/?page=1&edid=6DAD0E53-BC17-A492-E500-2A4FF2A813DF HTTP/1.1" 200 105958
217.113.194.219 - - [03/Feb/2025:00:00:10 +0100] "GET /ticket2/opencms/cs/buy?page=1&edid=35CC7524-8A7A-7EC1-48FD-F1742720F1A5 HTTP/1.1" 200 116428
195.191.219.132 - - [03/Feb/2025:00:00:12 +0100] "GET /ticket2/opencms/no/buy/?page=1&edid=70200FED-4146-E5B6-C824-FD0F0C956695 HTTP/1.1" 200 109104
47.128.49.226 - - [03/Feb/2025:00:00:14 +0100] "GET /ticket2/opencms/is/buy/?edid=9CB65BAE-DCD8-2D95-397D-813CF31BA500 HTTP/1.1" 200 89334
195.191.219.132 - - [03/Feb/2025:00:00:15 +0100] "GET /ticket2/opencms/no/buy/?page=1&edid=7154CB93-FBEA-FCCD-AD9E-C393901C5C9E HTTP/1.1" 200 105981
54.36.149.83 - - [03/Feb/2025:00:00:16 +0100] "GET /ticket2/opencms/no/buy?page=1&edid=E8492630-5817-95C8-DBCF-47EFEEBEB25B HTTP/1.1" 200 132432
52.167.144.222 - - [03/Feb/2025:00:00:16 +0100] "GET /ticket2/opencms/ka/buy/?page=1&edid=EB31C882-2BE6-C517-726C-D721EBC90088 HTTP/1.1" 200 115495
202.8.42.156 - - [03/Feb/2025:00:00:17 +0100] "GET /ticket2/opencms/system/modules/com.gridnine.opencms.ticketbrokerage.site/resources/css/standard.css HTTP/1.1" 200 73904
202.8.42.156 - - [03/Feb/2025:00:00:17 +0100] "GET /ticket2/opencms/system/modules/com.gridnine.opencms.ticketbrokerage.site/resources/css/jquery-ui.css HTTP/1.1" 200 33221
202.8.42.156 - - [03/Feb/2025:00:00:17 +0100] "GET /ticket2/opencms/system/modules/com.gridnine.opencms.ticketbrokerage.site/resources/css/calendar.css HTTP/1.1" 200 6871
202.8.42.156 - - [03/Feb/2025:00:00:17 +0100] "GET /ticket2/opencms/system/modules/com.gridnine.opencms.ticketbrokerage.site/resources/css/ticketbrokerage.css HTTP/1.1" 200 39339
202.8.42.156 - - [03/Feb/2025:00:00:17 +0100] "GET /ticket2/opencms/system/modules/com.gridnine.opencms.ticketbrokerage.site/resources/css/jquery.fancybox.css HTTP/1.1" 200 4939
202.8.42.156 - - [03/Feb/2025:00:00:17 +0100] "GET /ticket2/opencms/system/modules/com.gridnine.opencms.ticketbrokerage.site/resources/js/jquery/jquery.js HTTP/1.1" 200 93868
202.8.42.156 - - [03/Feb/2025:00:00:17 +0100] "GET /ticket2/opencms/system/modules/com.gridnine.opencms.ticketbrokerage.site/resources/js/functions.js HTTP/1.1" 200 1583
202.8.42.156 - - [03/Feb/2025:00:00:17 +0100] "GET /ticket2/opencms/system/modules/com.gridnine.opencms.ticketbrokerage.site/resources/js/jquery/jquery-ui.js HTTP/1.1" 200 228088
202.8.42.156 - - [03/Feb/2025:00:00:17 +0100] "GET /ticket2/opencms/system/modules/com.gridnine.opencms.ticketbrokerage.site/resources/js/calendar.js HTTP/1.1" 200 49229
202.8.42.156 - - [03/Feb/2025:00:00:17 +0100] "GET /ticket2/opencms/system/modules/com.gridnine.opencms.ticketbrokerage.site/resources/js/calendar-en.js HTTP/1.1" 200 3338
202.8.42.156 - - [03/Feb/2025:00:00:17 +0100] "GET /ticket2/opencms/system/modules/com.gridnine.opencms.ticketbrokerage.site/resources/js/calendar-setup.js HTTP/1.1" 200 4923
202.8.42.156 - - [03/Feb/2025:00:00:17 +0100] "GET /ticket2/opencms/system/modules/com.gridnine.opencms.ticketbrokerage.site/resources/js/jquery.fancybox.pack.js HTTP/1.1" 200 23187
202.8.42.156 - - [03/Feb/2025:00:00:17 +0100] "GET /ticket2/opencms/system/modules/com.gridnine.opencms.ticketbrokerage.site/resources/js/stickyfill.min.js HTTP/1.1" 200 5672
202.8.42.156 - - [03/Feb/2025:00:00:17 +0100] "GET /ticket2/opencms/system/modules/com.gridnine.opencms.ticketbrokerage.site/resources/js/standard.js HTTP/1.1" 200 3983
202.8.42.156 - - [03/Feb/2025:00:00:17 +0100] "GET /ticket2/opencms/system/modules/com.gridnine.opencms.ticketbrokerage.site/resources/js/jquery.placeholder.min.js HTTP/1.1" 200 1737
202.8.42.156 - - [03/Feb/2025:00:00:17 +0100] "GET /ticket2/opencms/system/modules/com.gridnine.opencms.ticketbrokerage.site/resources/js/common-ajax.js HTTP/1.1" 200 20175
202.8.42.156 - - [03/Feb/2025:00:00:17 +0100] "GET /ticket2/opencms/no/ask-form.html HTTP/1.1" 200 2919
202.8.42.156 - - [03/Feb/2025:00:00:17 +0100] "GET /ticket2/opencms/system/modules/com.gridnine.opencms.ticketbrokerage.site/resources/css/ticketbrokerage.css HTTP/1.1" 200 39339
195.191.219.132 - - [03/Feb/2025:00:00:19 +0100] "GET /ticket2/opencms/no/buy/?page=1&edid=735C7233-8799-7280-ECEB-745C88ABD30E HTTP/1.1" 200 108309
154.54.249.216 - - [03/Feb/2025:00:00:19 +0100] "GET /ticket2/opencms/bg/buy?page=1&edid=24DA4365-06A3-2349-F7E6-CA02D31FCB88 HTTP/1.1" 200 111980
47.128.121.213 - - [03/Feb/2025:00:00:21 +0100] "GET /ticket2/opencms/uk/buy?edid=1C663B38-AAE8-15E5-78AB-F7247D2C67D4 HTTP/1.1" 200 90177
195.191.219.132 - - [03/Feb/2025:00:00:22 +0100] "GET /ticket2/opencms/no/buy/?page=1&edid=75DEB2F3-306F-7998-6CC4-9A65756154D0 HTTP/1.1" 200 108297
54.36.148.8 - - [03/Feb/2025:00:00:24 +0100] "GET /ticket2/opencms/ga/buy/?page=1&edid=5CBB442D-D365-7F4F-B999-AA88D946C632 HTTP/1.1" 200 139721
195.191.219.132 - - [03/Feb/2025:00:00:26 +0100] "GET /ticket2/opencms/no/buy/?page=1&edid=763B0139-570D-4BB9-C033-B1B740EC1A76 HTTP/1.1" 200 105980
217.113.194.219 - - [03/Feb/2025:00:00:28 +0100] "GET /ticket2/opencms/bg/buy?page=1&edid=6ED08D04-7263-AC79-DA04-AFB97DC97A00 HTTP/1.1" 200 135665
5.9.55.228 - - [03/Feb/2025:00:00:28 +0100] "GET /ticket2/opencms/en/buy/?page=1&edid=5150A447-F05C-5984-7453-5C2BFFCE460D HTTP/1.1" 200 107998
195.191.219.132 - - [03/Feb/2025:00:00:29 +0100] "GET /ticket2/opencms/no/buy/?page=1&edid=764F4E88-D7A8-4596-5919-6E451C20FE6C HTTP/1.1" 200 106028
54.36.149.83 - - [03/Feb/2025:00:00:32 +0100] "GET /ticket2/opencms/el/buy?page=1&edid=380D9DCE-9F52-6635-EF3F-C6491C4BBEEF HTTP/1.1" 200 136889
195.191.219.132 - - [03/Feb/2025:00:00:33 +0100] "GET /ticket2/opencms/no/buy/?page=1&edid=776A03B3-D89B-635A-4D23-293BEEB43AD4 HTTP/1.1" 200 108528
66.249.79.34 - - [03/Feb/2025:00:00:33 +0100] "GET /ticket2/opencms/tr/buy/?page=1&edid=5CE9CEEF-ECE2-CA9C-B2BA-DBD8C8168020 HTTP/1.1" 200 106683
202.8.43.221 - - [03/Feb/2025:00:00:33 +0100] "GET /ticket2/opencms/system/modules/com.gridnine.opencms.ticketbrokerage.site/resources/css/jquery.fancybox.css HTTP/1.1" 200 4939
202.8.43.221 - - [03/Feb/2025:00:00:33 +0100] "GET /ticket2/opencms/system/modules/com.gridnine.opencms.ticketbrokerage.site/resources/css/jquery-ui.css HTTP/1.1" 200 33221
202.8.43.221 - - [03/Feb/2025:00:00:33 +0100] "GET /ticket2/opencms/system/modules/com.gridnine.opencms.ticketbrokerage.site/resources/css/calendar.css HTTP/1.1" 200 6871
202.8.43.221 - - [03/Feb/2025:00:00:33 +0100] "GET /ticket2/opencms/system/modules/com.gridnine.opencms.ticketbrokerage.site/resources/css/standard.css HTTP/1.1" 200 73904
202.8.43.221 - - [03/Feb/2025:00:00:33 +0100] "GET /ticket2/opencms/system/modules/com.gridnine.opencms.ticketbrokerage.site/resources/css/ticketbrokerage.css HTTP/1.1" 200 39339
202.8.43.221 - - [03/Feb/2025:00:00:33 +0100] "GET /ticket2/opencms/system/modules/com.gridnine.opencms.ticketbrokerage.site/resources/js/jquery.fancybox.pack.js HTTP/1.1" 200 23187
202.8.43.221 - - [03/Feb/2025:00:00:33 +0100] "GET /ticket2/opencms/system/modules/com.gridnine.opencms.ticketbrokerage.site/resources/js/stickyfill.min.js HTTP/1.1" 200 5672
202.8.43.221 - - [03/Feb/2025:00:00:33 +0100] "GET /ticket2/opencms/system/modules/com.gridnine.opencms.ticketbrokerage.site/resources/js/jquery/jquery.js HTTP/1.1" 200 93868
202.8.43.221 - - [03/Feb/2025:00:00:33 +0100] "GET /ticket2/opencms/system/modules/com.gridnine.opencms.ticketbrokerage.site/resources/js/jquery/jquery-ui.js HTTP/1.1" 200 228088
202.8.43.221 - - [03/Feb/2025:00:00:33 +0100] "GET /ticket2/opencms/system/modules/com.gridnine.opencms.ticketbrokerage.site/resources/js/functions.js HTTP/1.1" 200 1583
202.8.43.221 - - [03/Feb/2025:00:00:33 +0100] "GET /ticket2/opencms/system/modules/com.gridnine.opencms.ticketbrokerage.site/resources/js/calendar.js HTTP/1.1" 200 49229
202.8.43.221 - - [03/Feb/2025:00:00:33 +0100] "GET /ticket2/opencms/system/modules/com.gridnine.opencms.ticketbrokerage.site/resources/js/calendar-en.js HTTP/1.1" 200 3338
202.8.43.221 - - [03/Feb/2025:00:00:34 +0100] "GET /ticket2/opencms/system/modules/com.gridnine.opencms.ticketbrokerage.site/resources/js/calendar-setup.js HTTP/1.1" 200 4923
202.8.43.221 - - [03/Feb/2025:00:00:34 +0100] "GET /ticket2/opencms/system/modules/com.gridnine.opencms.ticketbrokerage.site/resources/js/standard.js HTTP/1.1" 200 3983
202.8.43.221 - - [03/Feb/2025:00:00:34 +0100] "GET /ticket2/opencms/system/modules/com.gridnine.opencms.ticketbrokerage.site/resources/js/jquery.placeholder.min.js HTTP/1.1" 200 1737
202.8.43.221 - - [03/Feb/2025:00:00:34 +0100] "GET /ticket2/opencms/system/modules/com.gridnine.opencms.ticketbrokerage.site/resources/js/common-ajax.js HTTP/1.1" 200 20175
202.8.43.221 - - [03/Feb/2025:00:00:34 +0100] "GET /ticket2/opencms/el/ask-form.html HTTP/1.1" 200 3156
202.8.43.221 - - [03/Feb/2025:00:00:34 +0100] "GET /ticket2/opencms/system/modules/com.gridnine.opencms.ticketbrokerage.site/resources/css/ticketbrokerage.css HTTP/1.1" 200 39339
114.119.146.220 - - [03/Feb/2025:00:00:35 +0100] "GET /ticket2/opencms/es/selling_tickets/ HTTP/1.1" 500 -
54.36.148.37 - - [03/Feb/2025:00:00:36 +0100] "GET /ticket2/opencms/el/faq HTTP/1.1" 200 91787
195.191.219.132 - - [03/Feb/2025:00:00:36 +0100] "GET /ticket2/opencms/no/buy/?page=1&edid=78DD8254-474B-2400-C02E-707FA7D68FF5 HTTP/1.1" 200 105984
217.113.194.220 - - [03/Feb/2025:00:00:36 +0100] "GET /ticket2/opencms/bg/buy?page=1&edid=A3FF7EFF-5154-08F6-7974-2175C0FBE1D6 HTTP/1.1" 200 112295
195.191.219.132 - - [03/Feb/2025:00:00:40 +0100] "GET /ticket2/opencms/no/buy/?page=1&edid=7910B041-C477-3F57-DDE6-EC22BEFED5C1 HTTP/1.1" 200 108311
54.36.148.116 - - [03/Feb/2025:00:00:40 +0100] "GET /ticket2/opencms/uk/buy/?page=1&edid=56B38CDE-C52C-9D5C-A997-D65F4CB742AB HTTP/1.1" 200 143143
185.191.171.7 - - [03/Feb/2025:00:00:43 +0100] "GET /ticket2/opencms/sq/magazine/article?title=si-duhet-te-menaxhoje-manchester-united-krizen HTTP/1.1" 200 87081
195.191.219.132 - - [03/Feb/2025:00:00:43 +0100] "GET /ticket2/opencms/no/buy/?page=1&edid=79CF0239-6B2D-36C9-1BE6-8BF754D7483F HTTP/1.1" 200 108517
217.113.194.221 - - [03/Feb/2025:00:00:45 +0100] "GET /ticket2/opencms/bg/buy?page=1&edid=5C16EE04-AE84-D909-F824-CB631377EBFA HTTP/1.1" 200 108499
54.36.148.55 - - [03/Feb/2025:00:00:46 +0100] "GET /ticket2/opencms/tr/buy/?page=1&edid=72150D07-CC34-2767-CCE3-D5CBAEB5F5C9 HTTP/1.1" 200 106724
195.191.219.132 - - [03/Feb/2025:00:00:47 +0100] "GET /ticket2/opencms/no/buy/?page=1&edid=7B4AAFF6-FCC5-BA55-F4C3-83AD22BA7715 HTTP/1.1" 200 105963
195.191.219.132 - - [03/Feb/2025:00:00:51 +0100] "GET /ticket2/opencms/no/buy/?page=1&edid=7BE66E42-14AC-29AE-BDC1-20EE411AC0B2 HTTP/1.1" 200 105973
124.243.187.73 - - [03/Feb/2025:00:00:51 +0100] "GET /ticket2/opencms/pl/buy/?page=1&edid=160DAC9A-2A77-6FDC-52B8-296352B1ABF1 HTTP/1.1" 200 135776
54.36.148.30 - - [03/Feb/2025:00:00:52 +0100] "GET /ticket2/opencms/en/buy/?page=1&edid=0165985F-E205-E991-0EDD-8260BA28ED00 HTTP/1.1" 200 104734
217.113.194.215 - - [03/Feb/2025:00:00:54 +0100] "GET /ticket2/opencms/bg/buy?page=1&edid=7A4CE546-AC14-D210-0A29-FC904D915BD3 HTTP/1.1" 200 113123
195.191.219.132 - - [03/Feb/2025:00:00:54 +0100] "GET /ticket2/opencms/no/buy/?page=1&edid=7F8C8657-1175-5E36-90F1-A19607745DA5 HTTP/1.1" 200 106017
52.167.144.179 - - [03/Feb/2025:00:00:56 +0100] "GET /ticket2/opencms/en/venue/?venueid=549D1F21-57F6-6965-4AE0-C027D23DF3A5 HTTP/1.1" 200 83355
66.249.79.33 - - [03/Feb/2025:00:00:57 +0100] "GET /ticket2/opencms/lt/buy/?page=1&edid=5CE9CEEF-ECE2-CA9C-B2BA-DBD8C8168020 HTTP/1.1" 200 106651
195.191.219.132 - - [03/Feb/2025:00:00:58 +0100] "GET /ticket2/opencms/no/buy/?page=1&edid=81835015-44C7-785A-BD80-0CC9998C9BA8&sortorder=desc&column=row HTTP/1.1" 200 110049
85.208.96.195 - - [03/Feb/2025:00:00:58 +0100] "GET /ticket2/opencms/el/buying_tickets/ HTTP/1.1" 200 88183
195.191.219.132 - - [03/Feb/2025:00:01:01 +0100] "GET /ticket2/opencms/no/buy/?page=1&edid=81835015-44C7-785A-BD80-0CC9998C9BA8&sortorder=desc&column=section HTTP/1.1" 200 110181
54.36.149.50 - - [03/Feb/2025:00:01:02 +0100] "GET /ticket2/opencms/de/buy?page=1&edid=E8492630-5817-95C8-DBCF-47EFEEBEB25B HTTP/1.1" 200 132934
217.113.194.213 - - [03/Feb/2025:00:01:02 +0100] "GET /ticket2/opencms/ro/buy?page=1&edid=3B157B14-2ACC-30A7-0D5C-8313AB0A1A32 HTTP/1.1" 200 109462
202.8.42.207 - - [03/Feb/2025:00:01:03 +0100] "GET /ticket2/opencms/system/modules/com.gridnine.opencms.ticketbrokerage.site/resources/css/ticketbrokerage.css HTTP/1.1" 200 39339
202.8.42.207 - - [03/Feb/2025:00:01:03 +0100] "GET /ticket2/opencms/system/modules/com.gridnine.opencms.ticketbrokerage.site/resources/css/calendar.css HTTP/1.1" 200 6871
202.8.42.207 - - [03/Feb/2025:00:01:03 +0100] "GET /ticket2/opencms/system/modules/com.gridnine.opencms.ticketbrokerage.site/resources/js/jquery/jquery.js HTTP/1.1" 200 93868
202.8.42.207 - - [03/Feb/2025:00:01:03 +0100] "GET /ticket2/opencms/system/modules/com.gridnine.opencms.ticketbrokerage.site/resources/css/standard.css HTTP/1.1" 200 73904
202.8.42.207 - - [03/Feb/2025:00:01:03 +0100] "GET /ticket2/opencms/system/modules/com.gridnine.opencms.ticketbrokerage.site/resources/css/jquery-ui.css HTTP/1.1" 200 33221
202.8.42.207 - - [03/Feb/2025:00:01:03 +0100] "GET /ticket2/opencms/system/modules/com.gridnine.opencms.ticketbrokerage.site/resources/css/jquery.fancybox.css HTTP/1.1" 200 4939
202.8.42.207 - - [03/Feb/2025:00:01:03 +0100] "GET /ticket2/opencms/system/modules/com.gridnine.opencms.ticketbrokerage.site/resources/js/functions.js HTTP/1.1" 200 1583
202.8.42.207 - - [03/Feb/2025:00:01:03 +0100] "GET /ticket2/opencms/system/modules/com.gridnine.opencms.ticketbrokerage.site/resources/js/jquery/jquery-ui.js HTTP/1.1" 200 228088
202.8.42.207 - - [03/Feb/2025:00:01:03 +0100] "GET /ticket2/opencms/system/modules/com.gridnine.opencms.ticketbrokerage.site/resources/js/calendar-en.js HTTP/1.1" 200 3338
202.8.42.207 - - [03/Feb/2025:00:01:03 +0100] "GET /ticket2/opencms/system/modules/com.gridnine.opencms.ticketbrokerage.site/resources/js/calendar.js HTTP/1.1" 200 49229
202.8.42.207 - - [03/Feb/2025:00:01:03 +0100] "GET /ticket2/opencms/system/modules/com.gridnine.opencms.ticketbrokerage.site/resources/js/calendar-setup.js HTTP/1.1" 200 4923
202.8.42.207 - - [03/Feb/2025:00:01:03 +0100] "GET /ticket2/opencms/system/modules/com.gridnine.opencms.ticketbrokerage.site/resources/js/jquery.fancybox.pack.js HTTP/1.1" 200 23187
202.8.42.207 - - [03/Feb/2025:00:01:03 +0100] "GET /ticket2/opencms/system/modules/com.gridnine.opencms.ticketbrokerage.site/resources/js/stickyfill.min.js HTTP/1.1" 200 5672
202.8.42.207 - - [03/Feb/2025:00:01:03 +0100] "GET /ticket2/opencms/system/modules/com.gridnine.opencms.ticketbrokerage.site/resources/js/standard.js HTTP/1.1" 200 3983
202.8.42.207 - - [03/Feb/2025:00:01:03 +0100] "GET /ticket2/opencms/system/modules/com.gridnine.opencms.ticketbrokerage.site/resources/js/jquery.placeholder.min.js HTTP/1.1" 200 1737
202.8.42.207 - - [03/Feb/2025:00:01:03 +0100] "GET /ticket2/opencms/system/modules/com.gridnine.opencms.ticketbrokerage.site/resources/js/common-ajax.js HTTP/1.1" 200 20175
202.8.42.207 - - [03/Feb/2025:00:01:03 +0100] "GET /ticket2/opencms/de/ask-form.html HTTP/1.1" 200 3156
202.8.42.207 - - [03/Feb/2025:00:01:03 +0100] "GET /ticket2/opencms/system/modules/com.gridnine.opencms.ticketbrokerage.site/resources/css/ticketbrokerage.css HTTP/1.1" 200 39339
195.191.219.132 - - [03/Feb/2025:00:01:05 +0100] "GET /ticket2/opencms/no/buy/?page=1&edid=824275F5-4B1A-0C61-E776-1EA644E63DBE HTTP/1.1" 200 105975
195.191.219.132 - - [03/Feb/2025:00:01:08 +0100] "GET /ticket2/opencms/no/buy/?page=1&edid=82B41500-2816-35E0-033D-C5DC77164B94 HTTP/1.1" 200 106027
5.9.55.228 - - [03/Feb/2025:00:01:09 +0100] "GET /ticket2/opencms/en/buy/?eventid=3A13A888-618B-2302-3F7A-4345B50004DA&page=10 HTTP/1.1" 200 6410
217.113.194.220 - - [03/Feb/2025:00:01:11 +0100] "GET /ticket2/opencms/ro/buy?page=1&edid=E9DB3A42-82BF-9B65-3ED4-EE5A32871388 HTTP/1.1" 200 110899
185.191.171.9 - - [03/Feb/2025:00:01:11 +0100] "GET /ticket2/opencms/en/sport/football-tickets/premier_league/fulham/ HTTP/1.1" 200 95365
54.36.148.135 - - [03/Feb/2025:00:01:12 +0100] "GET /ticket2/opencms/hr/sport/nogometne-ulaznice/champions-league/malmo-ff HTTP/1.1" 200 90918
195.191.219.132 - - [03/Feb/2025:00:01:12 +0100] "GET /ticket2/opencms/no/buy/?page=1&edid=839F261C-122D-EF1C-7B50-1CD34270AD21&sortorder=desc&column=price HTTP/1.1" 200 109215
195.191.219.132 - - [03/Feb/2025:00:01:16 +0100] "GET /ticket2/opencms/no/buy/?page=1&edid=846929C4-FDD7-0473-C7C0-A9B2AA08A260&sortorder=desc&column=section HTTP/1.1" 200 108211
195.191.219.132 - - [03/Feb/2025:00:01:19 +0100] "GET /ticket2/opencms/no/buy/?page=1&edid=852007ED-2917-8575-471B-FF7BA021A314 HTTP/1.1" 200 109198
217.113.194.221 - - [03/Feb/2025:00:01:20 +0100] "GET /ticket2/opencms/ro/buy?page=1&edid=A01C5367-36A0-1D6C-DF3C-6C0AF2FF4AC1 HTTP/1.1" 200 110326
66.249.79.34 - - [03/Feb/2025:00:01:21 +0100] "GET /ticket2/opencms/sk/buy/?page=1&edid=5CE9CEEF-ECE2-CA9C-B2BA-DBD8C8168020 HTTP/1.1" 200 106519
54.36.149.75 - - [03/Feb/2025:00:01:22 +0100] "GET /ticket2/opencms/hr/buy/?page=1&edid=3583D5C7-607A-E528-A709-844E6A72DC1B HTTP/1.1" 200 141499
195.191.219.132 - - [03/Feb/2025:00:01:22 +0100] "GET /ticket2/opencms/no/buy/?page=1&edid=85266D8D-1EC2-A49C-0CF0-9DD81BE5F4FA HTTP/1.1" 200 108729
52.167.144.218 - - [03/Feb/2025:00:01:23 +0100] "GET /ticket2/opencms/en/buy/?page=1&edid=EDCAEF56-BB28-CA21-E73A-84906B6960A7 HTTP/1.1" 200 107349
114.119.133.220 - - [03/Feb/2025:00:01:23 +0100] "GET /ticket2/opencms/en/venue/?venueid=6C55D1E9-72F5-889C-F1F5-1AEF3FBCF763 HTTP/1.1" 200 83243
114.119.136.146 - - [03/Feb/2025:00:01:24 +0100] "GET /ticket2/opencms/en/venue/?venueid=8F5E4425-8141-7E8A-A807-2D9CCA042D40 HTTP/1.1" 200 83264
66.249.79.33 - - [03/Feb/2025:00:01:25 +0100] "GET /ticket2/opencms/ka/buy?page=1&edid=35B3B189-F0EE-D44E-696E-524503E0038E HTTP/1.1" 200 111508
195.191.219.132 - - [03/Feb/2025:00:01:26 +0100] "GET /ticket2/opencms/no/buy/?page=1&edid=85390398-41BC-CB26-98F7-83FF0345259E&sortorder=desc&column=price HTTP/1.1" 200 106903
217.113.194.215 - - [03/Feb/2025:00:01:28 +0100] "GET /ticket2/opencms/ro/buy?page=1&edid=72150D07-CC34-2767-CCE3-D5CBAEB5F5C9 HTTP/1.1" 200 106650
195.191.219.132 - - [03/Feb/2025:00:01:29 +0100] "GET /ticket2/opencms/no/buy/?page=1&edid=85390398-41BC-CB26-98F7-83FF0345259E&sortorder=desc&column=section HTTP/1.1" 200 106969
54.36.148.87 - - [03/Feb/2025:00:01:30 +0100] "GET /ticket2/opencms/pl/magazine/article?title=viktor-gyokeres-do-manchester-united HTTP/1.1" 200 86910
195.191.219.132 - - [03/Feb/2025:00:01:33 +0100] "GET /ticket2/opencms/no/buy/?page=1&edid=86100B95-E4EB-ADDD-CD31-DC0D14403CD0 HTTP/1.1" 200 105963
54.36.148.116 - - [03/Feb/2025:00:01:35 +0100] "GET /ticket2/opencms/ka/sport/pekhburti-biletebi/champions-league/malmo-ff HTTP/1.1" 200 92988
159.138.141.195 - - [03/Feb/2025:00:01:35 +0100] "GET /ticket2/opencms/pl/buy/?page=1&edid=6491C4B6-5C45-20F3-BDEC-54EE4BA903D5 HTTP/1.1" 200 109726
195.191.219.132 - - [03/Feb/2025:00:01:36 +0100] "GET /ticket2/opencms/no/buy/?page=1&edid=8639D4E1-C0DC-DB58-D9B0-F439F1BE39EE&sortorder=asc&column=row HTTP/1.1" 200 110225
217.113.194.217 - - [03/Feb/2025:00:01:37 +0100] "GET /ticket2/opencms/ro/buy?page=1&edid=29B478B3-1B3A-E3C8-BB43-298745EBB50E HTTP/1.1" 200 110538
195.191.219.132 - - [03/Feb/2025:00:01:40 +0100] "GET /ticket2/opencms/no/buy/?page=1&edid=868DA8D2-DC0D-920B-26FB-F1AD7C7CDB8A HTTP/1.1" 200 105985
185.191.171.14 - - [03/Feb/2025:00:01:40 +0100] "GET /ticket2/opencms/it/magazine/article?title=semifinale-francia-vs-spagna HTTP/1.1" 200 86911
47.128.26.46 - - [03/Feb/2025:00:01:43 +0100] "GET /ticket2/opencms/az/buy/?edid=4FD24057-EB4D-8E12-8B0B-F9683A75094C HTTP/1.1" 200 89620
195.191.219.132 - - [03/Feb/2025:00:01:43 +0100] "GET /ticket2/opencms/no/buy/?page=1&edid=86D58C3C-F0C0-B63F-E2F8-CD47A83E5E88&sortorder=desc&column=row HTTP/1.1" 200 108919
54.36.148.127 - - [03/Feb/2025:00:01:45 +0100] "GET /ticket2/opencms/mt/buy/?page=1&edid=8F340A1C-D664-7FDD-8257-FE31525DAB7C HTTP/1.1" 200 134730
114.119.154.81 - - [03/Feb/2025:00:01:45 +0100] "GET /ticket2/opencms/en/venue/?venueid=9DA8A4B3-4A97-FBB2-EFB7-185E7CEA4A49 HTTP/1.1" 200 83247
66.249.76.170 - - [03/Feb/2025:00:01:45 +0100] "GET /ticket2/opencms/el/buy/?page=1&edid=D0017C8D-A42C-9E94-32C0-287112DFAD61 HTTP/1.1" 200 109690
195.191.219.132 - - [03/Feb/2025:00:01:47 +0100] "GET /ticket2/opencms/no/buy/?page=1&edid=86D58C3C-F0C0-B63F-E2F8-CD47A83E5E88&sortorder=desc&column=section HTTP/1.1" 200 109051
195.191.219.132 - - [03/Feb/2025:00:01:50 +0100] "GET /ticket2/opencms/no/buy/?page=1&edid=87117E43-C5AC-00C7-B091-B85E20437E88 HTTP/1.1" 200 105971
54.36.148.56 - - [03/Feb/2025:00:01:52 +0100] "GET /ticket2/opencms/pl/buy?page=1&edid=380022DF-63A1-5DA8-425A-027B0E0314C7 HTTP/1.1" 200 106365
202.8.41.161 - - [03/Feb/2025:00:01:53 +0100] "GET /ticket2/opencms/system/modules/com.gridnine.opencms.ticketbrokerage.site/resources/css/calendar.css HTTP/1.1" 200 6871
202.8.41.161 - - [03/Feb/2025:00:01:53 +0100] "GET /ticket2/opencms/system/modules/com.gridnine.opencms.ticketbrokerage.site/resources/css/ticketbrokerage.css HTTP/1.1" 200 39339
202.8.41.161 - - [03/Feb/2025:00:01:53 +0100] "GET /ticket2/opencms/system/modules/com.gridnine.opencms.ticketbrokerage.site/resources/css/jquery-ui.css HTTP/1.1" 200 33221
202.8.41.161 - - [03/Feb/2025:00:01:53 +0100] "GET /ticket2/opencms/system/modules/com.gridnine.opencms.ticketbrokerage.site/resources/js/jquery/jquery.js HTTP/1.1" 200 93868
202.8.41.161 - - [03/Feb/2025:00:01:53 +0100] "GET /ticket2/opencms/system/modules/com.gridnine.opencms.ticketbrokerage.site/resources/css/jquery.fancybox.css HTTP/1.1" 200 4939
202.8.41.161 - - [03/Feb/2025:00:01:53 +0100] "GET /ticket2/opencms/system/modules/com.gridnine.opencms.ticketbrokerage.site/resources/css/standard.css HTTP/1.1" 200 73904
202.8.41.161 - - [03/Feb/2025:00:01:53 +0100] "GET /ticket2/opencms/system/modules/com.gridnine.opencms.ticketbrokerage.site/resources/js/functions.js HTTP/1.1" 200 1583
202.8.41.161 - - [03/Feb/2025:00:01:53 +0100] "GET /ticket2/opencms/system/modules/com.gridnine.opencms.ticketbrokerage.site/resources/js/jquery/jquery-ui.js HTTP/1.1" 200 228088
202.8.41.161 - - [03/Feb/2025:00:01:53 +0100] "GET /ticket2/opencms/system/modules/com.gridnine.opencms.ticketbrokerage.site/resources/js/calendar.js HTTP/1.1" 200 49229
202.8.41.161 - - [03/Feb/2025:00:01:53 +0100] "GET /ticket2/opencms/system/modules/com.gridnine.opencms.ticketbrokerage.site/resources/js/calendar-en.js HTTP/1.1" 200 3338
202.8.41.161 - - [03/Feb/2025:00:01:53 +0100] "GET /ticket2/opencms/system/modules/com.gridnine.opencms.ticketbrokerage.site/resources/js/calendar-setup.js HTTP/1.1" 200 4923
202.8.41.161 - - [03/Feb/2025:00:01:53 +0100] "GET /ticket2/opencms/system/modules/com.gridnine.opencms.ticketbrokerage.site/resources/js/jquery.fancybox.pack.js HTTP/1.1" 200 23187
66.249.79.33 - - [03/Feb/2025:00:01:53 +0100] "GET /ticket2/opencms/fi/urheilu/jalkapallo/ligue_1/toulouse/ HTTP/1.1" 200 85610
202.8.41.161 - - [03/Feb/2025:00:01:53 +0100] "GET /ticket2/opencms/system/modules/com.gridnine.opencms.ticketbrokerage.site/resources/js/stickyfill.min.js HTTP/1.1" 200 5672
202.8.41.161 - - [03/Feb/2025:00:01:53 +0100] "GET /ticket2/opencms/system/modules/com.gridnine.opencms.ticketbrokerage.site/resources/js/standard.js HTTP/1.1" 200 3983
202.8.41.161 - - [03/Feb/2025:00:01:54 +0100] "GET /ticket2/opencms/system/modules/com.gridnine.opencms.ticketbrokerage.site/resources/js/jquery.placeholder.min.js HTTP/1.1" 200 1737
5.9.55.228 - - [03/Feb/2025:00:01:54 +0100] "GET /ticket2/opencms/en/buy/?eventid=4BFE0049-E26D-F28C-59BF-33D4A5B123CD&page=10 HTTP/1.1" 200 6410
202.8.41.161 - - [03/Feb/2025:00:01:54 +0100] "GET /ticket2/opencms/system/modules/com.gridnine.opencms.ticketbrokerage.site/resources/js/common-ajax.js HTTP/1.1" 200 20175
202.8.41.161 - - [03/Feb/2025:00:01:54 +0100] "GET /ticket2/opencms/pl/ask-form.html HTTP/1.1" 200 3156
202.8.41.161 - - [03/Feb/2025:00:01:54 +0100] "GET /ticket2/opencms/system/modules/com.gridnine.opencms.ticketbrokerage.site/resources/css/ticketbrokerage.css HTTP/1.1" 200 39339
195.191.219.132 - - [03/Feb/2025:00:01:54 +0100] "GET /ticket2/opencms/no/buy/?page=1&edid=87EB76B2-431B-5A73-8A07-B956FF008594 HTTP/1.1" 200 105982
217.113.194.221 - - [03/Feb/2025:00:01:54 +0100] "GET /ticket2/opencms/en/venue/?venueid=5825560D-8AFF-5FEB-2C32-D0E0D585D6B3 HTTP/1.1" 200 83259
66.249.79.33 - - [03/Feb/2025:00:01:54 +0100] "GET /ticket2/opencms/mk/buy?page=1&edid=714A5D21-4203-9BE8-9416-D26E075C1ECD HTTP/1.1" 404 -
66.249.76.5 - - [03/Feb/2025:00:01:56 +0100] "GET /ticket2/opencms/lt/buy?page=1&edid=DD14CC82-883B-BD06-4306-EBD494AA1804 HTTP/1.1" 200 134764
195.191.219.132 - - [03/Feb/2025:00:01:58 +0100] "GET /ticket2/opencms/no/buy/?page=1&edid=8919BE55-467F-B5F4-E443-3662D2E6E930 HTTP/1.1" 200 105992
66.249.79.173 - - [03/Feb/2025:00:01:59 +0100] "GET /ticket2/opencms/lt/ask-form.html HTTP/1.1" 200 3156
195.191.219.132 - - [03/Feb/2025:00:02:01 +0100] "GET /ticket2/opencms/no/buy/?page=1&edid=8A139653-3F2A-117F-5226-9B729662EFF1 HTTP/1.1" 200 106015
217.113.194.216 - - [03/Feb/2025:00:02:03 +0100] "GET /ticket2/opencms/en/venue/?venueid=3846EEC6-D71E-F10C-9733-AF9AE6463F86 HTTP/1.1" 200 83250
54.36.148.95 - - [03/Feb/2025:00:02:03 +0100] "GET /ticket2/opencms/sv/buy/?page=1&edid=F96EC4CB-A7BC-CFD8-70A7-924DB40FAA5B HTTP/1.1" 200 106051
195.191.219.132 - - [03/Feb/2025:00:02:05 +0100] "GET /ticket2/opencms/no/buy/?page=1&edid=8A51E236-2369-FAE7-CC91-1740591B78C3 HTTP/1.1" 200 105972
114.119.129.189 - - [03/Feb/2025:00:02:07 +0100] "GET /ticket2/opencms/es/buy?page=1&edid=57C8D150-DCBD-4911-196A-160A37952FA8 HTTP/1.1" 200 133561
195.191.219.132 - - [03/Feb/2025:00:02:08 +0100] "GET /ticket2/opencms/no/buy/?page=1&edid=8A63874A-765C-2949-7E17-CD1789FAFF50 HTTP/1.1" 200 105984
54.36.148.184 - - [03/Feb/2025:00:02:10 +0100] "GET /ticket2/opencms/fr/buy/?page=1&edid=BC5D7CD2-EB5B-8786-D71A-5AE6232D27A7 HTTP/1.1" 200 116176
195.191.219.132 - - [03/Feb/2025:00:02:12 +0100] "GET /ticket2/opencms/no/buy/?page=1&edid=8AFE55BD-7AA2-1574-35EE-EA6F1BC5B990&sortorder=desc&column=row HTTP/1.1" 200 110011
217.113.194.212 - - [03/Feb/2025:00:02:12 +0100] "GET /ticket2/opencms/en/venue/?venueid=1D0702B1-352E-5FBA-3475-D4A6D59D40D0 HTTP/1.1" 200 83349
195.191.219.132 - - [03/Feb/2025:00:02:15 +0100] "GET /ticket2/opencms/no/buy/?page=1&edid=8B685A36-BC77-1128-E7A0-2D75DB546DB5&sortorder=desc&column=row HTTP/1.1" 200 106873
189.1.247.111 - - [03/Feb/2025:00:02:18 +0100] "GET /ticket2/opencms/cs/magazine/article?title=premier-league-nejzajimavejsi-prestupy-prestupoveho-obdobi HTTP/1.1" 200 87030
195.191.219.132 - - [03/Feb/2025:00:02:19 +0100] "GET /ticket2/opencms/no/buy/?page=1&edid=8B6C5B52-E40B-31A1-BC32-9570B2D8DEF8 HTTP/1.1" 200 105958
54.36.148.93 - - [03/Feb/2025:00:02:19 +0100] "GET /ticket2/opencms/fr/buy?page=1&edid=0E487947-8D2A-A553-BF9C-F44B73D05AC1 HTTP/1.1" 200 106177
202.8.43.3 - - [03/Feb/2025:00:02:21 +0100] "GET /ticket2/opencms/system/modules/com.gridnine.opencms.ticketbrokerage.site/resources/css/jquery-ui.css HTTP/1.1" 200 33221
202.8.43.3 - - [03/Feb/2025:00:02:21 +0100] "GET /ticket2/opencms/system/modules/com.gridnine.opencms.ticketbrokerage.site/resources/css/calendar.css HTTP/1.1" 200 6871
202.8.43.3 - - [03/Feb/2025:00:02:21 +0100] "GET /ticket2/opencms/system/modules/com.gridnine.opencms.ticketbrokerage.site/resources/css/ticketbrokerage.css HTTP/1.1" 200 39339
202.8.43.3 - - [03/Feb/2025:00:02:21 +0100] "GET /ticket2/opencms/system/modules/com.gridnine.opencms.ticketbrokerage.site/resources/css/jquery.fancybox.css HTTP/1.1" 200 4939
202.8.43.3 - - [03/Feb/2025:00:02:21 +0100] "GET /ticket2/opencms/system/modules/com.gridnine.opencms.ticketbrokerage.site/resources/css/standard.css HTTP/1.1" 200 73904
202.8.43.3 - - [03/Feb/2025:00:02:21 +0100] "GET /ticket2/opencms/system/modules/com.gridnine.opencms.ticketbrokerage.site/resources/js/jquery/jquery.js HTTP/1.1" 200 93868
202.8.43.3 - - [03/Feb/2025:00:02:21 +0100] "GET /ticket2/opencms/system/modules/com.gridnine.opencms.ticketbrokerage.site/resources/js/calendar-en.js HTTP/1.1" 200 3338
202.8.43.3 - - [03/Feb/2025:00:02:21 +0100] "GET /ticket2/opencms/system/modules/com.gridnine.opencms.ticketbrokerage.site/resources/js/functions.js HTTP/1.1" 200 1583
202.8.43.3 - - [03/Feb/2025:00:02:21 +0100] "GET /ticket2/opencms/system/modules/com.gridnine.opencms.ticketbrokerage.site/resources/js/calendar.js HTTP/1.1" 200 49229
202.8.43.3 - - [03/Feb/2025:00:02:21 +0100] "GET /ticket2/opencms/system/modules/com.gridnine.opencms.ticketbrokerage.site/resources/js/calendar-setup.js HTTP/1.1" 200 4923
202.8.43.3 - - [03/Feb/2025:00:02:21 +0100] "GET /ticket2/opencms/system/modules/com.gridnine.opencms.ticketbrokerage.site/resources/js/jquery/jquery-ui.js HTTP/1.1" 200 228088
202.8.43.3 - - [03/Feb/2025:00:02:21 +0100] "GET /ticket2/opencms/system/modules/com.gridnine.opencms.ticketbrokerage.site/resources/js/jquery.fancybox.pack.js HTTP/1.1" 200 23187
202.8.43.3 - - [03/Feb/2025:00:02:21 +0100] "GET /ticket2/opencms/system/modules/com.gridnine.opencms.ticketbrokerage.site/resources/js/stickyfill.min.js HTTP/1.1" 200 5672
202.8.43.3 - - [03/Feb/2025:00:02:21 +0100] "GET /ticket2/opencms/system/modules/com.gridnine.opencms.ticketbrokerage.site/resources/js/standard.js HTTP/1.1" 200 3983
202.8.43.3 - - [03/Feb/2025:00:02:21 +0100] "GET /ticket2/opencms/system/modules/com.gridnine.opencms.ticketbrokerage.site/resources/js/jquery.placeholder.min.js HTTP/1.1" 200 1737
202.8.43.3 - - [03/Feb/2025:00:02:21 +0100] "GET /ticket2/opencms/system/modules/com.gridnine.opencms.ticketbrokerage.site/resources/js/common-ajax.js HTTP/1.1" 200 20175
202.8.43.3 - - [03/Feb/2025:00:02:21 +0100] "GET /ticket2/opencms/fr/ask-form.html HTTP/1.1" 200 3156
217.113.194.220 - - [03/Feb/2025:00:02:21 +0100] "GET /ticket2/opencms/en/venue/?venueid=161C816B-5393-87DD-7C00-0A52E6B6AAA6 HTTP/1.1" 200 83327
202.8.43.3 - - [03/Feb/2025:00:02:21 +0100] "GET /ticket2/opencms/system/modules/com.gridnine.opencms.ticketbrokerage.site/resources/css/ticketbrokerage.css HTTP/1.1" 200 39339
195.191.219.132 - - [03/Feb/2025:00:02:22 +0100] "GET /ticket2/opencms/no/buy/?page=1&edid=8BAD935F-F36B-61A4-DAE1-9EFCBD1D2742&sortorder=asc&column=row HTTP/1.1" 200 106830
195.191.219.132 - - [03/Feb/2025:00:02:26 +0100] "GET /ticket2/opencms/no/buy/?page=1&edid=8BAD935F-F36B-61A4-DAE1-9EFCBD1D2742&sortorder=asc&column=section HTTP/1.1" 200 106962
188.150.32.251 - - [03/Feb/2025:00:02:28 +0100] "GET /ticket2/opencms/?utm_medium=paid&utm_source=ig&utm_id=120214954577210458&utm_content=120214954611600458&utm_term=120214954577240458&utm_campaign=120214954577210458&fbclid=PAZXh0bgNhZW0BMABhZGlkAasW3ULTpgoBpsbQmLovsJGF8FJXkH1Ibo3a5eWsf53ENwoWEd8yv7s9DmsH7lQJvSZ8ZQ_aem_CfuhtN2AcN6RNUWSRwv9KA HTTP/1.1" 302 -
195.191.219.132 - - [03/Feb/2025:00:02:29 +0100] "GET /ticket2/opencms/no/buy/?page=1&edid=8BD2EB51-705E-19F3-CBB4-8F678153F5B4&sortorder=asc&column=section HTTP/1.1" 200 110052
188.150.32.251 - - [03/Feb/2025:00:02:29 +0100] "GET /ticket2/opencms/no/ HTTP/1.1" 200 104319
188.150.32.251 - - [03/Feb/2025:00:02:30 +0100] "GET /ticket2/opencms/system/modules/com.gridnine.opencms.ticketbrokerage.site/resources/css/ticketbrokerage.css HTTP/1.1" 200 39339
188.150.32.251 - - [03/Feb/2025:00:02:30 +0100] "GET /ticket2/opencms/system/modules/com.gridnine.opencms.ticketbrokerage.site/resources/js/jquery/jquery-ui.js HTTP/1.1" 200 228088
188.150.32.251 - - [03/Feb/2025:00:02:30 +0100] "GET /ticket2/opencms/system/modules/com.gridnine.opencms.ticketbrokerage.site/resources/css/calendar.css HTTP/1.1" 200 6871
188.150.32.251 - - [03/Feb/2025:00:02:30 +0100] "GET /ticket2/opencms/system/modules/com.gridnine.opencms.ticketbrokerage.site/resources/js/functions.js HTTP/1.1" 200 1583
188.150.32.251 - - [03/Feb/2025:00:02:30 +0100] "GET /ticket2/opencms/system/modules/com.gridnine.opencms.ticketbrokerage.site/resources/js/calendar.js HTTP/1.1" 200 49229
188.150.32.251 - - [03/Feb/2025:00:02:30 +0100] "GET /ticket2/opencms/system/modules/com.gridnine.opencms.ticketbrokerage.site/resources/js/calendar-en.js HTTP/1.1" 200 3338
188.150.32.251 - - [03/Feb/2025:00:02:30 +0100] "GET /ticket2/opencms/system/modules/com.gridnine.opencms.ticketbrokerage.site/resources/css/jquery.fancybox.css HTTP/1.1" 200 4939
188.150.32.251 - - [03/Feb/2025:00:02:30 +0100] "GET /ticket2/opencms/system/modules/com.gridnine.opencms.ticketbrokerage.site/resources/css/jquery-ui.css HTTP/1.1" 200 33221
188.150.32.251 - - [03/Feb/2025:00:02:30 +0100] "GET /ticket2/opencms/system/modules/com.gridnine.opencms.ticketbrokerage.site/resources/js/jquery/jquery.js HTTP/1.1" 200 93868
188.150.32.251 - - [03/Feb/2025:00:02:30 +0100] "GET /ticket2/opencms/system/modules/com.gridnine.opencms.ticketbrokerage.site/resources/js/calendar-setup.js HTTP/1.1" 200 4923
188.150.32.251 - - [03/Feb/2025:00:02:30 +0100] "GET /ticket2/opencms/system/modules/com.gridnine.opencms.ticketbrokerage.site/resources/css/standard.css HTTP/1.1" 200 73904
188.150.32.251 - - [03/Feb/2025:00:02:30 +0100] "GET /ticket2/opencms/system/modules/com.gridnine.opencms.ticketbrokerage.site/resources/js/jquery.fancybox.pack.js HTTP/1.1" 200 23187
188.150.32.251 - - [03/Feb/2025:00:02:30 +0100] "GET /ticket2/opencms/system/modules/com.gridnine.opencms.ticketbrokerage.site/resources/js/stickyfill.min.js HTTP/1.1" 200 5672
188.150.32.251 - - [03/Feb/2025:00:02:30 +0100] "GET /ticket2/opencms/system/modules/com.gridnine.opencms.ticketbrokerage.site/resources/js/standard.js HTTP/1.1" 200 3983
188.150.32.251 - - [03/Feb/2025:00:02:30 +0100] "GET /ticket2/opencms/system/modules/com.gridnine.opencms.ticketbrokerage.site/resources/js/jquery.placeholder.min.js HTTP/1.1" 200 1737
188.150.32.251 - - [03/Feb/2025:00:02:30 +0100] "GET /ticket2/opencms/system/modules/com.gridnine.opencms.ticketbrokerage.site/resources/js/common-ajax.js HTTP/1.1" 200 20175
188.150.32.251 - - [03/Feb/2025:00:02:30 +0100] "GET /ticket2/opencms/system/modules/com.gridnine.opencms.ticketbrokerage.site/resources/pics/logo-new.png HTTP/1.1" 200 13541
188.150.32.251 - - [03/Feb/2025:00:02:30 +0100] "GET /ticket2/opencms/img/insta.png HTTP/1.1" 200 3967
188.150.32.251 - - [03/Feb/2025:00:02:30 +0100] "GET /ticket2/opencms/img/icons/globe-white.png HTTP/1.1" 200 947
188.150.32.251 - - [03/Feb/2025:00:02:30 +0100] "GET /ticket2/opencms/img/fb.png HTTP/1.1" 200 1269
188.150.32.251 - - [03/Feb/2025:00:02:30 +0100] "GET /ticket2/opencms/system/modules/com.gridnine.opencms.ticketbrokerage.site/resources/pics/footer-img.jpg HTTP/1.1" 200 67642
188.150.32.251 - - [03/Feb/2025:00:02:30 +0100] "GET /ticket2/opencms/img/check.png HTTP/1.1" 200 548
188.150.32.251 - - [03/Feb/2025:00:02:30 +0100] "GET /ticket2/opencms/img/mail.png HTTP/1.1" 200 403
188.150.32.251 - - [03/Feb/2025:00:02:30 +0100] "GET /ticket2/opencms/img/icons/se.png HTTP/1.1" 200 1258
188.150.32.251 - - [03/Feb/2025:00:02:30 +0100] "GET /ticket2/opencms/img/chat.png HTTP/1.1" 200 416
188.150.32.251 - - [03/Feb/2025:00:02:30 +0100] "GET /ticket2/opencms/img/arrow.png HTTP/1.1" 200 753
188.150.32.251 - - [03/Feb/2025:00:02:30 +0100] "GET /ticket2/opencms/img/banner-ll.jpeg HTTP/1.1" 200 41825
217.113.194.213 - - [03/Feb/2025:00:02:30 +0100] "GET /ticket2/opencms/en/venue/?venueid=15123ED8-609E-2D0A-517F-C0F7E5CB9508 HTTP/1.1" 200 83232
188.150.32.251 - - [03/Feb/2025:00:02:30 +0100] "GET /ticket2/opencms/img/icons/en.png HTTP/1.1" 200 2415
188.150.32.251 - - [03/Feb/2025:00:02:30 +0100] "GET /ticket2/opencms/img/icons/fi.png HTTP/1.1" 200 1785
188.150.32.251 - - [03/Feb/2025:00:02:30 +0100] "GET /ticket2/opencms/img/icons/no.png HTTP/1.1" 200 1958
188.150.32.251 - - [03/Feb/2025:00:02:30 +0100] "GET /ticket2/opencms/img/icons/dk.png HTTP/1.1" 200 1706
188.150.32.251 - - [03/Feb/2025:00:02:30 +0100] "GET /ticket2/opencms/img/icons/nl.png HTTP/1.1" 200 1255
188.150.32.251 - - [03/Feb/2025:00:02:30 +0100] "GET /ticket2/opencms/img/icons/de.png HTTP/1.1" 200 1124
188.150.32.251 - - [03/Feb/2025:00:02:30 +0100] "GET /ticket2/opencms/img/icons/fr.png HTTP/1.1" 200 1764
188.150.32.251 - - [03/Feb/2025:00:02:31 +0100] "GET /ticket2/opencms/img/icons/es.png HTTP/1.1" 200 1005
188.150.32.251 - - [03/Feb/2025:00:02:31 +0100] "GET /ticket2/opencms/img/icons/it.png HTTP/1.1" 200 2040
188.150.32.251 - - [03/Feb/2025:00:02:31 +0100] "GET /ticket2/opencms/img/icons/pl.png HTTP/1.1" 200 1578
188.150.32.251 - - [03/Feb/2025:00:02:31 +0100] "GET /ticket2/opencms/img/icons/sq.png HTTP/1.1" 200 1619
188.150.32.251 - - [03/Feb/2025:00:02:31 +0100] "GET /ticket2/opencms/img/icons/az.png HTTP/1.1" 200 1445
188.150.32.251 - - [03/Feb/2025:00:02:31 +0100] "GET /ticket2/opencms/img/icons/be.png HTTP/1.1" 200 1663
188.150.32.251 - - [03/Feb/2025:00:02:31 +0100] "GET /ticket2/opencms/img/icons/bs.png HTTP/1.1" 200 1014
188.150.32.251 - - [03/Feb/2025:00:02:31 +0100] "GET /ticket2/opencms/img/icons/bg.png HTTP/1.1" 200 788
188.150.32.251 - - [03/Feb/2025:00:02:31 +0100] "GET /ticket2/opencms/img/icons/hr.png HTTP/1.1" 200 2024
188.150.32.251 - - [03/Feb/2025:00:02:31 +0100] "GET /ticket2/opencms/img/icons/cs.png HTTP/1.1" 200 1883
188.150.32.251 - - [03/Feb/2025:00:02:31 +0100] "GET /ticket2/opencms/img/banner-pl.jpeg HTTP/1.1" 200 41818
188.150.32.251 - - [03/Feb/2025:00:02:31 +0100] "GET /ticket2/opencms/img/icons/et.png HTTP/1.1" 200 754
188.150.32.251 - - [03/Feb/2025:00:02:31 +0100] "GET /ticket2/opencms/img/icons/el.png HTTP/1.1" 200 1637
188.150.32.251 - - [03/Feb/2025:00:02:31 +0100] "GET /ticket2/opencms/img/icons/ka.png HTTP/1.1" 200 860
188.150.32.251 - - [03/Feb/2025:00:02:31 +0100] "GET /ticket2/opencms/img/icons/lt.png HTTP/1.1" 200 733
188.150.32.251 - - [03/Feb/2025:00:02:31 +0100] "GET /ticket2/opencms/img/icons/mt.png HTTP/1.1" 200 920
188.150.32.251 - - [03/Feb/2025:00:02:31 +0100] "GET /ticket2/opencms/img/icons/mo.png HTTP/1.1" 200 1468
188.150.32.251 - - [03/Feb/2025:00:02:31 +0100] "GET /ticket2/opencms/img/icons/ro.png HTTP/1.1" 200 1393
188.150.32.251 - - [03/Feb/2025:00:02:31 +0100] "GET /ticket2/opencms/img/icons/sk.png HTTP/1.1" 200 1283
188.150.32.251 - - [03/Feb/2025:00:02:31 +0100] "GET /ticket2/opencms/img/icons/sr.png HTTP/1.1" 200 1602
188.150.32.251 - - [03/Feb/2025:00:02:31 +0100] "GET /ticket2/opencms/img/icons/is.png HTTP/1.1" 200 1884
188.150.32.251 - - [03/Feb/2025:00:02:31 +0100] "GET /ticket2/opencms/img/banner-sa.jpeg HTTP/1.1" 200 41270
188.150.32.251 - - [03/Feb/2025:00:02:31 +0100] "GET /ticket2/opencms/img/icons/tr.png HTTP/1.1" 200 1636
54.36.148.70 - - [03/Feb/2025:00:02:31 +0100] "GET /ticket2/opencms/ga/buy/?page=1&edid=C64002B7-B7A3-A646-1770-7E79C914EDA5 HTTP/1.1" 200 133980
188.150.32.251 - - [03/Feb/2025:00:02:32 +0100] "GET /ticket2/opencms/img/icons/hu.png HTTP/1.1" 200 733
188.150.32.251 - - [03/Feb/2025:00:02:32 +0100] "GET /ticket2/opencms/img/icons/uk.png HTTP/1.1" 200 1272
188.150.32.251 - - [03/Feb/2025:00:02:32 +0100] "GET /ticket2/opencms/img/icons/sl.png HTTP/1.1" 200 966
188.150.32.251 - - [03/Feb/2025:00:02:32 +0100] "GET /ticket2/opencms/img/icons/lv.png HTTP/1.1" 200 716
188.150.32.251 - - [03/Feb/2025:00:02:33 +0100] "GET /ticket2/opencms/img/icons/ga.png HTTP/1.1" 200 1759
188.150.32.251 - - [03/Feb/2025:00:02:33 +0100] "GET /ticket2/opencms/system/modules/com.gridnine.opencms.ticketbrokerage.site/resources/js/standard.js HTTP/1.1" 200 3983
47.128.96.42 - - [03/Feb/2025:00:02:33 +0100] "GET /ticket2/opencms/sk/buy/?edid=E0DA4C4E-70A8-AB6F-171E-3FF387E35F29 HTTP/1.1" 200 89559
195.191.219.132 - - [03/Feb/2025:00:02:34 +0100] "GET /ticket2/opencms/no/buy/?page=1&edid=8BD60387-4E3F-89EB-86CE-11AA91ED3E74&sortorder=asc&column=price HTTP/1.1" 200 109438
52.167.144.222 - - [03/Feb/2025:00:02:35 +0100] "GET /ticket2/opencms/sq/buy?page=1&edid=e1cacbeb-5fb5-f359-d95f-1110648bb53a HTTP/1.1" 200 8134
5.9.55.228 - - [03/Feb/2025:00:02:37 +0100] "GET /ticket2/opencms/en/buy/?comcatid=a17713b6-d984-201a-4143-ed4db5ed5c2e&catid=64756941-02d2-3538-2077-8c2508f4a3a8 HTTP/1.1" 200 6410
195.191.219.132 - - [03/Feb/2025:00:02:37 +0100] "GET /ticket2/opencms/no/buy/?page=1&edid=8C8EBE04-F632-74E3-7AE5-E0CE7434259E HTTP/1.1" 200 108031
54.36.148.14 - - [03/Feb/2025:00:02:38 +0100] "GET /ticket2/opencms/cs/buy?page=1&edid=380022DF-63A1-5DA8-425A-027B0E0314C7 HTTP/1.1" 200 106443
202.8.42.209 - - [03/Feb/2025:00:02:39 +0100] "GET /ticket2/opencms/system/modules/com.gridnine.opencms.ticketbrokerage.site/resources/css/jquery.fancybox.css HTTP/1.1" 200 4939
202.8.42.209 - - [03/Feb/2025:00:02:39 +0100] "GET /ticket2/opencms/system/modules/com.gridnine.opencms.ticketbrokerage.site/resources/css/jquery-ui.css HTTP/1.1" 200 33221
202.8.42.209 - - [03/Feb/2025:00:02:39 +0100] "GET /ticket2/opencms/system/modules/com.gridnine.opencms.ticketbrokerage.site/resources/css/ticketbrokerage.css HTTP/1.1" 200 39339
202.8.42.209 - - [03/Feb/2025:00:02:39 +0100] "GET /ticket2/opencms/system/modules/com.gridnine.opencms.ticketbrokerage.site/resources/css/calendar.css HTTP/1.1" 200 6871
154.54.249.216 - - [03/Feb/2025:00:02:39 +0100] "GET /ticket2/opencms/en/venue/?venueid=9105DCA9-DA89-4D98-8EC3-D0773C34A12F HTTP/1.1" 200 83243
202.8.42.209 - - [03/Feb/2025:00:02:39 +0100] "GET /ticket2/opencms/system/modules/com.gridnine.opencms.ticketbrokerage.site/resources/css/standard.css HTTP/1.1" 200 73904
202.8.42.209 - - [03/Feb/2025:00:02:39 +0100] "GET /ticket2/opencms/system/modules/com.gridnine.opencms.ticketbrokerage.site/resources/js/calendar-en.js HTTP/1.1" 200 3338
202.8.42.209 - - [03/Feb/2025:00:02:39 +0100] "GET /ticket2/opencms/system/modules/com.gridnine.opencms.ticketbrokerage.site/resources/js/jquery/jquery.js HTTP/1.1" 200 93868
202.8.42.209 - - [03/Feb/2025:00:02:39 +0100] "GET /ticket2/opencms/system/modules/com.gridnine.opencms.ticketbrokerage.site/resources/js/functions.js HTTP/1.1" 200 1583
202.8.42.209 - - [03/Feb/2025:00:02:39 +0100] "GET /ticket2/opencms/system/modules/com.gridnine.opencms.ticketbrokerage.site/resources/js/jquery/jquery-ui.js HTTP/1.1" 200 228088
202.8.42.209 - - [03/Feb/2025:00:02:39 +0100] "GET /ticket2/opencms/system/modules/com.gridnine.opencms.ticketbrokerage.site/resources/js/calendar.js HTTP/1.1" 200 49229
202.8.42.209 - - [03/Feb/2025:00:02:39 +0100] "GET /ticket2/opencms/system/modules/com.gridnine.opencms.ticketbrokerage.site/resources/js/jquery.fancybox.pack.js HTTP/1.1" 200 23187
202.8.42.209 - - [03/Feb/2025:00:02:39 +0100] "GET /ticket2/opencms/system/modules/com.gridnine.opencms.ticketbrokerage.site/resources/js/calendar-setup.js HTTP/1.1" 200 4923
202.8.42.209 - - [03/Feb/2025:00:02:39 +0100] "GET /ticket2/opencms/system/modules/com.gridnine.opencms.ticketbrokerage.site/resources/js/stickyfill.min.js HTTP/1.1" 200 5672
202.8.42.209 - - [03/Feb/2025:00:02:39 +0100] "GET /ticket2/opencms/system/modules/com.gridnine.opencms.ticketbrokerage.site/resources/js/standard.js HTTP/1.1" 200 3983
202.8.42.209 - - [03/Feb/2025:00:02:40 +0100] "GET /ticket2/opencms/system/modules/com.gridnine.opencms.ticketbrokerage.site/resources/js/jquery.placeholder.min.js HTTP/1.1" 200 1737
202.8.42.209 - - [03/Feb/2025:00:02:40 +0100] "GET /ticket2/opencms/system/modules/com.gridnine.opencms.ticketbrokerage.site/resources/js/common-ajax.js HTTP/1.1" 200 20175
202.8.42.209 - - [03/Feb/2025:00:02:40 +0100] "GET /ticket2/opencms/cs/ask-form.html HTTP/1.1" 200 3156
202.8.42.209 - - [03/Feb/2025:00:02:40 +0100] "GET /ticket2/opencms/system/modules/com.gridnine.opencms.ticketbrokerage.site/resources/css/ticketbrokerage.css HTTP/1.1" 200 39339
195.191.219.132 - - [03/Feb/2025:00:02:41 +0100] "GET /ticket2/opencms/no/buy/?page=1&edid=8CCEB39B-68A3-5B42-B56B-645699489976 HTTP/1.1" 200 109192
195.191.219.132 - - [03/Feb/2025:00:02:44 +0100] "GET /ticket2/opencms/no/buy/?page=1&edid=8D01C916-357E-FA54-5633-1AB3A280726B HTTP/1.1" 200 108520
54.36.148.54 - - [03/Feb/2025:00:02:47 +0100] "GET /ticket2/opencms/et/buy?page=1&edid=133B893E-0B2E-BEF9-99B1-9E25283FAB9D HTTP/1.1" 200 108727
195.191.219.132 - - [03/Feb/2025:00:02:48 +0100] "GET /ticket2/opencms/no/buy/?page=1&edid=8D1D6CEE-AFE2-1FB4-E378-1C71A0852032 HTTP/1.1" 200 105979
66.249.79.33 - - [03/Feb/2025:00:02:48 +0100] "GET /ticket2/opencms/lv/buy/?page=1&edid=D04A2A75-C354-C952-6F83-6468E82B896B HTTP/1.1" 200 123044
217.113.194.213 - - [03/Feb/2025:00:02:48 +0100] "GET /ticket2/opencms/en/venue/?venueid=E5062924-B4F3-0DE7-D5ED-74F1F93777E1 HTTP/1.1" 200 83232
66.249.79.35 - - [03/Feb/2025:00:02:51 +0100] "GET /ticket2/opencms/fi/urheilu/jalkapallo/ligue_1/lille/ HTTP/1.1" 200 85291
195.191.219.132 - - [03/Feb/2025:00:02:51 +0100] "GET /ticket2/opencms/no/buy/?page=1&edid=8D9F59AE-46BF-D35F-304C-2BB593940F26 HTTP/1.1" 200 106023
40.77.167.34 - - [03/Feb/2025:00:02:53 +0100] "GET /ticket2/opencms/az/magazine/article?title=allsvenskan-isvec-futbolunun-premyer-liqasi HTTP/1.1" 200 87136
188.150.32.251 - - [03/Feb/2025:00:02:54 +0100] "GET /ticket2/opencms/no/sport/fotballsbilletter/premier_league/ HTTP/1.1" 200 96226
188.150.32.251 - - [03/Feb/2025:00:02:54 +0100] "GET /ticket2/opencms/system/modules/com.gridnine.opencms.ticketbrokerage.site/resources/css/ticketbrokerage.css HTTP/1.1" 200 39339
188.150.32.251 - - [03/Feb/2025:00:02:54 +0100] "GET /ticket2/opencms/system/modules/com.gridnine.opencms.ticketbrokerage.site/resources/js/calendar-setup.js HTTP/1.1" 200 4923
188.150.32.251 - - [03/Feb/2025:00:02:54 +0100] "GET /ticket2/opencms/system/modules/com.gridnine.opencms.ticketbrokerage.site/resources/js/standard.js HTTP/1.1" 200 3983
