37.123.143.11 - - [03/Feb/2025:00:48:55 +0100] "GET /ticket2/opencms/system/modules/com.gridnine.opencms.ticketbrokerage.site/resources/js/calendar-en.js HTTP/1.1" 200 3338
37.123.143.11 - - [03/Feb/2025:00:48:55 +0100] "GET /ticket2/opencms/system/modules/com.gridnine.opencms.ticketbrokerage.site/resources/js/calendar-setup.js HTTP/1.1" 200 4923
37.123.143.11 - - [03/Feb/2025:00:48:55 +0100] "GET /ticket2/opencms/system/modules/com.gridnine.opencms.ticketbrokerage.site/resources/js/standard.js HTTP/1.1" 200 3983
37.123.143.11 - - [03/Feb/2025:00:48:55 +0100] "GET /ticket2/opencms/system/modules/com.gridnine.opencms.ticketbrokerage.site/resources/css/ticketbrokerage.css HTTP/1.1" 200 39339
37.123.143.11 - - [03/Feb/2025:00:48:55 +0100] "GET /ticket2/opencms/system/modules/com.gridnine.opencms.ticketbrokerage.site/resources/pics/banners/en/football_en.png HTTP/1.1" 200 71358
37.123.143.11 - - [03/Feb/2025:00:48:55 +0100] "GET /ticket2/opencms/system/modules/com.gridnine.opencms.ticketbrokerage.site/resources/css/images/event-banner.png HTTP/1.1" 404 -
217.113.194.213 - - [03/Feb/2025:00:48:57 +0100] "GET /ticket2/opencms/bs/buy?page=1&edid=527D0B62-C497-70C6-CDAB-CB9B8D10FFA6 HTTP/1.1" 200 106341
37.123.143.11 - - [03/Feb/2025:00:48:59 +0100] "GET /ticket2/opencms/en HTTP/1.1" 200 102978
166.108.205.134 - - [03/Feb/2025:00:48:59 +0100] "GET /ticket2/opencms/pl/buy/?page=1&edid=A4BCC3CD-355E-D96B-6D23-4D9FBE7BA965 HTTP/1.1" 200 110037
54.36.148.48 - - [03/Feb/2025:00:49:01 +0100] "GET /ticket2/opencms/tr/buy/?page=1&edid=FF78E5AF-B575-E137-254B-7D951914395E HTTP/1.1" 200 110422
114.119.130.178 - - [03/Feb/2025:00:49:05 +0100] "GET /ticket2/opencms/en/buy?page=1&edid=A6EF4FE9-AE81-1F17-8E2D-2A4D92605292 HTTP/1.1" 200 107954
217.113.194.212 - - [03/Feb/2025:00:49:06 +0100] "GET /ticket2/opencms/bs/buy?page=1&edid=78082CE8-FF07-6DCD-F684-97CDB9F54EAF HTTP/1.1" 200 106370
52.167.144.196 - - [03/Feb/2025:00:49:07 +0100] "GET /ticket2/opencms/et/buy/?page=6&comcatid=A17713B6-D984-201A-4143-ED4DB5ED5C2E&catid=0A9E385E-33D9-328E-DC79-CA2C7009C829 HTTP/1.1" 200 6410
85.208.96.203 - - [03/Feb/2025:00:49:08 +0100] "GET /ticket2/opencms/it/magazine/article?title=nuovo-capitano-dejan-kulusevski HTTP/1.1" 200 86911
5.9.55.228 - - [03/Feb/2025:00:49:08 +0100] "GET /ticket2/opencms/fi/venue/?countryid=D3DB55BA-ABAE-0702-A973-202744AB3BB9 HTTP/1.1" 200 114079
52.167.144.173 - - [03/Feb/2025:00:49:12 +0100] "GET /ticket2/opencms/dk/buy/?page=1&edid=46A0A34E-8D3F-1FC3-D540-5ED6BED24380 HTTP/1.1" 200 105156
54.36.148.25 - - [03/Feb/2025:00:49:13 +0100] "GET /ticket2/opencms/et/sport/jalgpallipiletid/champions-league/malmo-ff HTTP/1.1" 200 90840
217.113.194.215 - - [03/Feb/2025:00:49:14 +0100] "GET /ticket2/opencms/bs/buy?page=1&edid=79B5950A-8F2F-84F8-FCAC-0BA8722B353B HTTP/1.1" 200 116861
66.249.76.44 - - [03/Feb/2025:00:49:17 +0100] "GET /ticket2/opencms/mt/buy/?page=1&edid=CA75E809-BFD6-00F7-5534-3C8924D19545 HTTP/1.1" 200 106757
65.21.232.254 - - [03/Feb/2025:00:49:18 +0100] "GET /ticket2/opencms/robots.txt HTTP/1.1" 200 773
65.21.232.254 - - [03/Feb/2025:00:49:22 +0100] "GET /ticket2/opencms/en/buy/?page=1&edid=35106A45-EB51-F5E9-E849-7FF87A1539D4&sortorder=desc&column=section HTTP/1.1" 200 108473
216.244.66.238 - - [03/Feb/2025:00:49:22 +0100] "GET /ticket2/opencms/az/buy?page=1&edid=4CA369BE-7848-7A9B-1CC8-A6F58FD34D24 HTTP/1.1" 200 110595
217.113.194.219 - - [03/Feb/2025:00:49:23 +0100] "GET /ticket2/opencms/bs/buy?page=1&edid=8085E80D-BC8F-CDCF-7CC8-2F497FE082D3 HTTP/1.1" 200 136560
40.77.167.45 - - [03/Feb/2025:00:49:24 +0100] "GET /ticket2/opencms/en/buy?page=1&edid=299450E2-FDAD-4E2B-0058-6290A7A2B57D HTTP/1.1" 200 148813
65.21.232.254 - - [03/Feb/2025:00:49:25 +0100] "GET /ticket2/opencms/en/buy/?page=1&edid=35447CAD-93AA-F16F-591C-775CD349FE29 HTTP/1.1" 200 107523
54.36.148.20 - - [03/Feb/2025:00:49:26 +0100] "GET /ticket2/opencms/sk/magazine HTTP/1.1" 200 87671
202.8.42.65 - - [03/Feb/2025:00:49:27 +0100] "GET /ticket2/opencms/system/modules/com.gridnine.opencms.ticketbrokerage.site/resources/css/jquery-ui.css HTTP/1.1" 200 33221
202.8.42.65 - - [03/Feb/2025:00:49:27 +0100] "GET /ticket2/opencms/system/modules/com.gridnine.opencms.ticketbrokerage.site/resources/css/ticketbrokerage.css HTTP/1.1" 200 39339
202.8.42.65 - - [03/Feb/2025:00:49:27 +0100] "GET /ticket2/opencms/system/modules/com.gridnine.opencms.ticketbrokerage.site/resources/css/standard.css HTTP/1.1" 200 73904
202.8.42.65 - - [03/Feb/2025:00:49:27 +0100] "GET /ticket2/opencms/system/modules/com.gridnine.opencms.ticketbrokerage.site/resources/css/calendar.css HTTP/1.1" 200 6871
202.8.42.65 - - [03/Feb/2025:00:49:27 +0100] "GET /ticket2/opencms/system/modules/com.gridnine.opencms.ticketbrokerage.site/resources/css/jquery.fancybox.css HTTP/1.1" 200 4939
202.8.42.65 - - [03/Feb/2025:00:49:27 +0100] "GET /ticket2/opencms/system/modules/com.gridnine.opencms.ticketbrokerage.site/resources/js/calendar.js HTTP/1.1" 200 49229
202.8.42.65 - - [03/Feb/2025:00:49:27 +0100] "GET /ticket2/opencms/system/modules/com.gridnine.opencms.ticketbrokerage.site/resources/js/functions.js HTTP/1.1" 200 1583
202.8.42.65 - - [03/Feb/2025:00:49:27 +0100] "GET /ticket2/opencms/system/modules/com.gridnine.opencms.ticketbrokerage.site/resources/js/calendar-en.js HTTP/1.1" 200 3338
202.8.42.65 - - [03/Feb/2025:00:49:27 +0100] "GET /ticket2/opencms/system/modules/com.gridnine.opencms.ticketbrokerage.site/resources/js/jquery/jquery.js HTTP/1.1" 200 93868
202.8.42.65 - - [03/Feb/2025:00:49:27 +0100] "GET /ticket2/opencms/system/modules/com.gridnine.opencms.ticketbrokerage.site/resources/js/jquery/jquery-ui.js HTTP/1.1" 200 228088
202.8.42.65 - - [03/Feb/2025:00:49:27 +0100] "GET /ticket2/opencms/system/modules/com.gridnine.opencms.ticketbrokerage.site/resources/js/calendar-setup.js HTTP/1.1" 200 4923
202.8.42.65 - - [03/Feb/2025:00:49:27 +0100] "GET /ticket2/opencms/system/modules/com.gridnine.opencms.ticketbrokerage.site/resources/js/jquery.fancybox.pack.js HTTP/1.1" 200 23187
202.8.42.65 - - [03/Feb/2025:00:49:27 +0100] "GET /ticket2/opencms/system/modules/com.gridnine.opencms.ticketbrokerage.site/resources/js/stickyfill.min.js HTTP/1.1" 200 5672
202.8.42.65 - - [03/Feb/2025:00:49:28 +0100] "GET /ticket2/opencms/system/modules/com.gridnine.opencms.ticketbrokerage.site/resources/js/standard.js HTTP/1.1" 200 3983
52.167.144.196 - - [03/Feb/2025:00:49:28 +0100] "GET /ticket2/opencms/sl/buy?page=1&edid=DC5232F6-E30F-C6CC-913E-17E1EC37D999 HTTP/1.1" 200 106476
202.8.42.65 - - [03/Feb/2025:00:49:28 +0100] "GET /ticket2/opencms/system/modules/com.gridnine.opencms.ticketbrokerage.site/resources/js/jquery.placeholder.min.js HTTP/1.1" 200 1737
202.8.42.65 - - [03/Feb/2025:00:49:28 +0100] "GET /ticket2/opencms/system/modules/com.gridnine.opencms.ticketbrokerage.site/resources/js/common-ajax.js HTTP/1.1" 200 20175
65.21.232.254 - - [03/Feb/2025:00:49:28 +0100] "GET /ticket2/opencms/en/buy/?page=1&edid=35447CAD-93AA-F16F-591C-775CD349FE29&sortorder=desc&column=price HTTP/1.1" 200 108482
185.191.171.16 - - [03/Feb/2025:00:49:29 +0100] "GET /ticket2/opencms/be/sport/futbol-kvitki/english-championship/bristol-city HTTP/1.1" 200 93334
65.21.232.254 - - [03/Feb/2025:00:49:32 +0100] "GET /ticket2/opencms/en/buy/?page=1&edid=35447CAD-93AA-F16F-591C-775CD349FE29&sortorder=desc&column=row HTTP/1.1" 200 108416
52.167.144.138 - - [03/Feb/2025:00:49:32 +0100] "GET /ticket2/opencms/nl/buy/?page=1&edid=3F498AA2-1CAE-128B-F418-8D3BA0711D36 HTTP/1.1" 200 104139
217.113.194.214 - - [03/Feb/2025:00:49:32 +0100] "GET /ticket2/opencms/bs/buy?page=1&edid=65C03F06-B4E6-0D65-D535-E007A0321D02 HTTP/1.1" 200 110015
65.21.232.254 - - [03/Feb/2025:00:49:35 +0100] "GET /ticket2/opencms/en/buy/?page=1&edid=35447CAD-93AA-F16F-591C-775CD349FE29&sortorder=desc&column=section HTTP/1.1" 200 108548
54.36.149.21 - - [03/Feb/2025:00:49:38 +0100] "GET /ticket2/opencms/el/athlitismos/eisitiria-podosfairou/champions-league/malmo-ff HTTP/1.1" 200 92720
65.21.232.254 - - [03/Feb/2025:00:49:39 +0100] "GET /ticket2/opencms/en/buy/?page=1&edid=35A5C9DD-5FF8-7901-5D59-489265F65CB3&sortorder=desc&column=price HTTP/1.1" 200 108033
85.208.96.205 - - [03/Feb/2025:00:49:39 +0100] "GET /ticket2/opencms/es/login/?url=%25252Fka%25252Fsell%25252F HTTP/1.1" 200 89647
217.113.194.218 - - [03/Feb/2025:00:49:41 +0100] "GET /ticket2/opencms/bs/buy?page=1&edid=9662AEC5-C2DE-EE5D-5D3B-AAB4B46EF79E HTTP/1.1" 200 106335
65.21.232.254 - - [03/Feb/2025:00:49:42 +0100] "GET /ticket2/opencms/en/buy/?page=1&edid=35A5C9DD-5FF8-7901-5D59-489265F65CB3&sortorder=desc&column=row HTTP/1.1" 200 107967
124.243.175.68 - - [03/Feb/2025:00:49:44 +0100] "GET /ticket2/opencms/pl/buy/?page=1&edid=59EE7C1E-928C-0B67-F8CD-0935739262E0 HTTP/1.1" 200 118342
65.21.232.254 - - [03/Feb/2025:00:49:45 +0100] "GET /ticket2/opencms/en/buy/?page=1&edid=35A5C9DD-5FF8-7901-5D59-489265F65CB3&sortorder=desc&column=section HTTP/1.1" 200 108099
54.36.148.64 - - [03/Feb/2025:00:49:47 +0100] "GET /ticket2/opencms/cs/sport/fotbalove-listky/champions-league/malmo-ff HTTP/1.1" 200 90889
66.249.76.170 - - [03/Feb/2025:00:49:48 +0100] "GET /ticket2/opencms/hu/buy/?page=1&edid=F1EEEC67-D1C4-E916-20F3-F210A97B2C57 HTTP/1.1" 200 109562
65.21.232.254 - - [03/Feb/2025:00:49:49 +0100] "GET /ticket2/opencms/en/buy/?page=1&edid=35C0B379-934B-06A4-4A03-1AC72E03F62D HTTP/1.1" 200 107985
185.191.171.12 - - [03/Feb/2025:00:49:49 +0100] "GET /ticket2/opencms/et/magazine/article?title=arsenali-jalgpalliklubi-kohta HTTP/1.1" 200 87006
217.113.194.213 - - [03/Feb/2025:00:49:50 +0100] "GET /ticket2/opencms/bs/buy?page=1&edid=21BADD47-9DF1-089A-9149-B7D8F893FCB4 HTTP/1.1" 200 109994
114.119.143.233 - - [03/Feb/2025:00:49:50 +0100] "GET /ticket2/opencms/dk/buy?page=1&edid=2C2E9185-38A8-EBBD-403B-609372D69EE0 HTTP/1.1" 200 130536
5.9.55.228 - - [03/Feb/2025:00:49:51 +0100] "GET /ticket2/opencms/fi/venue/?countryid=D89C1642-F4D3-8098-A250-FAF55037EC33 HTTP/1.1" 200 114079
65.21.232.254 - - [03/Feb/2025:00:49:52 +0100] "GET /ticket2/opencms/en/buy/?page=1&edid=35EFB89D-083E-DDDE-DB3C-9BE9A310E552 HTTP/1.1" 200 104776
66.249.79.33 - - [03/Feb/2025:00:49:52 +0100] "GET /ticket2/opencms/it/buy/?page=1&edid=79B5950A-8F2F-84F8-FCAC-0BA8722B353B HTTP/1.1" 200 116738
216.244.66.238 - - [03/Feb/2025:00:49:53 +0100] "GET /ticket2/opencms/is/sport/fotbolti/bundesliga/werder-bremen HTTP/1.1" 200 95469
54.36.149.63 - - [03/Feb/2025:00:49:55 +0100] "GET /ticket2/opencms/hu/sport/focijegyek/champions-league/malmo-ff HTTP/1.1" 200 90587
65.21.232.254 - - [03/Feb/2025:00:49:56 +0100] "GET /ticket2/opencms/en/buy/?page=1&edid=35F4C2A7-862F-428E-EB43-1F3573C9A142 HTTP/1.1" 200 107898
217.113.194.215 - - [03/Feb/2025:00:49:58 +0100] "GET /ticket2/opencms/bs/buy?page=1&edid=486EB1CD-95BE-ED77-9E64-4E49BB28C6F8 HTTP/1.1" 200 108635
65.21.232.254 - - [03/Feb/2025:00:49:59 +0100] "GET /ticket2/opencms/en/buy/?page=1&edid=3638EB16-5866-E1CB-5999-FBB60C5F977B HTTP/1.1" 200 107899
85.208.96.203 - - [03/Feb/2025:00:49:59 +0100] "GET /ticket2/opencms/fr/magazine/article?title=rodrigo-bentancur-suspendu-pour-sept-matchs-apres-une-declaration-raciste HTTP/1.1" 200 87087
52.167.144.170 - - [03/Feb/2025:00:50:00 +0100] "GET /ticket2/opencms/en/buy/?page=1&edid=25666712-CB7E-CDDD-4626-F1CD96C38316 HTTP/1.1" 200 141082
65.21.232.254 - - [03/Feb/2025:00:50:02 +0100] "GET /ticket2/opencms/en/buy/?page=1&edid=375FABE1-6816-9C9D-9480-DF76DB2054A0 HTTP/1.1" 200 107721
65.21.232.254 - - [03/Feb/2025:00:50:06 +0100] "GET /ticket2/opencms/en/buy/?page=1&edid=37CCBCCA-CDAD-6DBB-02E4-092F4F3842E9&sortorder=desc&column=price HTTP/1.1" 200 109124
217.113.194.220 - - [03/Feb/2025:00:50:07 +0100] "GET /ticket2/opencms/bs/buy?page=1&edid=230CADCB-DB49-F1F9-9B0E-24AB279FB9A0 HTTP/1.1" 200 109953
54.36.148.246 - - [03/Feb/2025:00:50:07 +0100] "GET /ticket2/opencms/lt/sport/futbolo-bilietai/champions-league/malmo-ff HTTP/1.1" 200 90918
65.21.232.254 - - [03/Feb/2025:00:50:09 +0100] "GET /ticket2/opencms/en/buy/?page=1&edid=37CCBCCA-CDAD-6DBB-02E4-092F4F3842E9&sortorder=desc&column=row HTTP/1.1" 200 109058
65.21.232.254 - - [03/Feb/2025:00:50:13 +0100] "GET /ticket2/opencms/en/buy/?page=1&edid=37CCBCCA-CDAD-6DBB-02E4-092F4F3842E9&sortorder=desc&column=section HTTP/1.1" 200 109190
54.36.149.102 - - [03/Feb/2025:00:50:15 +0100] "GET /ticket2/opencms/fr/sport/billets-football/la_liga/girona HTTP/1.1" 200 91181
217.113.194.212 - - [03/Feb/2025:00:50:15 +0100] "GET /ticket2/opencms/bs/buy?page=1&edid=7608A35C-00D9-64A3-BF47-D099F0A5B944 HTTP/1.1" 200 106329
65.21.232.254 - - [03/Feb/2025:00:50:16 +0100] "GET /ticket2/opencms/en/buy/?page=1&edid=3830122A-8C0B-09CA-A7F9-62032F84F3E5 HTTP/1.1" 200 107540
202.8.40.53 - - [03/Feb/2025:00:50:17 +0100] "GET /ticket2/opencms/system/modules/com.gridnine.opencms.ticketbrokerage.site/resources/css/jquery-ui.css HTTP/1.1" 200 33221
202.8.40.53 - - [03/Feb/2025:00:50:17 +0100] "GET /ticket2/opencms/system/modules/com.gridnine.opencms.ticketbrokerage.site/resources/css/standard.css HTTP/1.1" 200 73904
202.8.40.53 - - [03/Feb/2025:00:50:17 +0100] "GET /ticket2/opencms/system/modules/com.gridnine.opencms.ticketbrokerage.site/resources/css/ticketbrokerage.css HTTP/1.1" 200 39339
202.8.40.53 - - [03/Feb/2025:00:50:17 +0100] "GET /ticket2/opencms/system/modules/com.gridnine.opencms.ticketbrokerage.site/resources/css/calendar.css HTTP/1.1" 200 6871
202.8.40.53 - - [03/Feb/2025:00:50:17 +0100] "GET /ticket2/opencms/system/modules/com.gridnine.opencms.ticketbrokerage.site/resources/js/jquery/jquery.js HTTP/1.1" 200 93868
202.8.40.53 - - [03/Feb/2025:00:50:17 +0100] "GET /ticket2/opencms/system/modules/com.gridnine.opencms.ticketbrokerage.site/resources/css/jquery.fancybox.css HTTP/1.1" 200 4939
202.8.40.53 - - [03/Feb/2025:00:50:17 +0100] "GET /ticket2/opencms/system/modules/com.gridnine.opencms.ticketbrokerage.site/resources/js/functions.js HTTP/1.1" 200 1583
202.8.40.53 - - [03/Feb/2025:00:50:17 +0100] "GET /ticket2/opencms/system/modules/com.gridnine.opencms.ticketbrokerage.site/resources/js/calendar.js HTTP/1.1" 200 49229
202.8.40.53 - - [03/Feb/2025:00:50:17 +0100] "GET /ticket2/opencms/system/modules/com.gridnine.opencms.ticketbrokerage.site/resources/js/jquery/jquery-ui.js HTTP/1.1" 200 228088
202.8.40.53 - - [03/Feb/2025:00:50:17 +0100] "GET /ticket2/opencms/system/modules/com.gridnine.opencms.ticketbrokerage.site/resources/js/calendar-en.js HTTP/1.1" 200 3338
202.8.40.53 - - [03/Feb/2025:00:50:17 +0100] "GET /ticket2/opencms/system/modules/com.gridnine.opencms.ticketbrokerage.site/resources/js/calendar-setup.js HTTP/1.1" 200 4923
202.8.40.53 - - [03/Feb/2025:00:50:17 +0100] "GET /ticket2/opencms/system/modules/com.gridnine.opencms.ticketbrokerage.site/resources/js/jquery.fancybox.pack.js HTTP/1.1" 200 23187
202.8.40.53 - - [03/Feb/2025:00:50:17 +0100] "GET /ticket2/opencms/system/modules/com.gridnine.opencms.ticketbrokerage.site/resources/js/stickyfill.min.js HTTP/1.1" 200 5672
202.8.40.53 - - [03/Feb/2025:00:50:17 +0100] "GET /ticket2/opencms/system/modules/com.gridnine.opencms.ticketbrokerage.site/resources/js/standard.js HTTP/1.1" 200 3983
202.8.40.53 - - [03/Feb/2025:00:50:17 +0100] "GET /ticket2/opencms/system/modules/com.gridnine.opencms.ticketbrokerage.site/resources/js/jquery.placeholder.min.js HTTP/1.1" 200 1737
202.8.40.53 - - [03/Feb/2025:00:50:17 +0100] "GET /ticket2/opencms/system/modules/com.gridnine.opencms.ticketbrokerage.site/resources/js/common-ajax.js HTTP/1.1" 200 20175
65.21.232.254 - - [03/Feb/2025:00:50:19 +0100] "GET /ticket2/opencms/en/buy/?page=1&edid=3830122A-8C0B-09CA-A7F9-62032F84F3E5&sortorder=desc&column=price HTTP/1.1" 200 110666
65.21.232.254 - - [03/Feb/2025:00:50:23 +0100] "GET /ticket2/opencms/en/buy/?page=1&edid=3830122A-8C0B-09CA-A7F9-62032F84F3E5&sortorder=desc&column=row HTTP/1.1" 200 110648
37.123.143.11 - - [03/Feb/2025:00:50:24 +0100] "GET /ticket2/opencms/en HTTP/1.1" 200 105193
37.123.143.11 - - [03/Feb/2025:00:50:24 +0100] "GET /ticket2/opencms/system/modules/com.gridnine.opencms.ticketbrokerage.site/resources/css/ticketbrokerage.css HTTP/1.1" 200 39339
37.123.143.11 - - [03/Feb/2025:00:50:24 +0100] "GET /ticket2/opencms/system/modules/com.gridnine.opencms.ticketbrokerage.site/resources/css/calendar.css HTTP/1.1" 200 6871
37.123.143.11 - - [03/Feb/2025:00:50:24 +0100] "GET /ticket2/opencms/system/modules/com.gridnine.opencms.ticketbrokerage.site/resources/css/standard.css HTTP/1.1" 200 73904
37.123.143.11 - - [03/Feb/2025:00:50:24 +0100] "GET /ticket2/opencms/system/modules/com.gridnine.opencms.ticketbrokerage.site/resources/js/calendar-en.js HTTP/1.1" 200 3338
37.123.143.11 - - [03/Feb/2025:00:50:24 +0100] "GET /ticket2/opencms/system/modules/com.gridnine.opencms.ticketbrokerage.site/resources/js/calendar-setup.js HTTP/1.1" 200 4923
37.123.143.11 - - [03/Feb/2025:00:50:24 +0100] "GET /ticket2/opencms/system/modules/com.gridnine.opencms.ticketbrokerage.site/resources/js/standard.js HTTP/1.1" 200 3983
37.123.143.11 - - [03/Feb/2025:00:50:24 +0100] "GET /ticket2/opencms/system/modules/com.gridnine.opencms.ticketbrokerage.site/resources/js/functions.js HTTP/1.1" 200 1583
37.123.143.11 - - [03/Feb/2025:00:50:24 +0100] "GET /ticket2/opencms/system/modules/com.gridnine.opencms.ticketbrokerage.site/resources/js/calendar.js HTTP/1.1" 200 49229
217.113.194.219 - - [03/Feb/2025:00:50:24 +0100] "GET /ticket2/opencms/bs/buy?page=1&edid=875E6B51-C91B-C46E-A4FB-B3662BA0A6E8 HTTP/1.1" 200 111365
85.208.96.194 - - [03/Feb/2025:00:50:24 +0100] "GET /ticket2/opencms/sv/magazine/article?title=erling-braut-haaland HTTP/1.1" 200 93492
54.36.149.90 - - [03/Feb/2025:00:50:25 +0100] "GET /ticket2/opencms/is/sport/fotbolti/champions-league/malmo-ff HTTP/1.1" 200 96187
65.21.232.254 - - [03/Feb/2025:00:50:26 +0100] "GET /ticket2/opencms/en/buy/?page=1&edid=3830122A-8C0B-09CA-A7F9-62032F84F3E5&sortorder=desc&column=section HTTP/1.1" 200 110730
52.167.144.196 - - [03/Feb/2025:00:50:27 +0100] "GET /ticket2/opencms/no/sport/fotballsbilletter/premier_league HTTP/1.1" 200 98447
65.21.232.254 - - [03/Feb/2025:00:50:30 +0100] "GET /ticket2/opencms/en/buy/?page=1&edid=38AEE53A-EA89-0B18-C3E4-E60D1C3A4BDA HTTP/1.1" 200 110130
49.0.243.246 - - [03/Feb/2025:00:50:30 +0100] "GET /ticket2/opencms/pl/buy/?page=1&edid=DC5232F6-E30F-C6CC-913E-17E1EC37D999 HTTP/1.1" 200 108714
85.208.96.195 - - [03/Feb/2025:00:50:31 +0100] "GET /ticket2/opencms/fr/magazine/article?title=diffusions-de-leuro HTTP/1.1" 200 94903
217.113.194.213 - - [03/Feb/2025:00:50:33 +0100] "GET /ticket2/opencms/bs/buy?page=1&edid=67D9BDEC-57DC-5BC5-B6FB-C7074FDCD450 HTTP/1.1" 200 111689
65.21.232.254 - - [03/Feb/2025:00:50:33 +0100] "GET /ticket2/opencms/en/buy/?page=1&edid=39168B9C-E36E-857F-42A1-E431E428BADA HTTP/1.1" 200 109551
5.9.55.228 - - [03/Feb/2025:00:50:34 +0100] "GET /ticket2/opencms/fi/venue/?countryid=D9C90621-DB02-1B5C-863E-8CD5BDDB79A3 HTTP/1.1" 200 116853
54.36.149.11 - - [03/Feb/2025:00:50:35 +0100] "GET /ticket2/opencms/sv/sport/fotbollsbiljetter/premier_league/ipswich HTTP/1.1" 200 98946
202.8.40.253 - - [03/Feb/2025:00:50:36 +0100] "GET /ticket2/opencms/system/modules/com.gridnine.opencms.ticketbrokerage.site/resources/css/standard.css HTTP/1.1" 200 73904
202.8.40.253 - - [03/Feb/2025:00:50:36 +0100] "GET /ticket2/opencms/system/modules/com.gridnine.opencms.ticketbrokerage.site/resources/css/ticketbrokerage.css HTTP/1.1" 200 39339
202.8.40.253 - - [03/Feb/2025:00:50:36 +0100] "GET /ticket2/opencms/system/modules/com.gridnine.opencms.ticketbrokerage.site/resources/css/jquery.fancybox.css HTTP/1.1" 200 4939
202.8.40.253 - - [03/Feb/2025:00:50:36 +0100] "GET /ticket2/opencms/system/modules/com.gridnine.opencms.ticketbrokerage.site/resources/css/calendar.css HTTP/1.1" 200 6871
202.8.40.253 - - [03/Feb/2025:00:50:36 +0100] "GET /ticket2/opencms/system/modules/com.gridnine.opencms.ticketbrokerage.site/resources/css/jquery-ui.css HTTP/1.1" 200 33221
202.8.40.253 - - [03/Feb/2025:00:50:36 +0100] "GET /ticket2/opencms/system/modules/com.gridnine.opencms.ticketbrokerage.site/resources/js/jquery/jquery.js HTTP/1.1" 200 93868
202.8.40.253 - - [03/Feb/2025:00:50:36 +0100] "GET /ticket2/opencms/system/modules/com.gridnine.opencms.ticketbrokerage.site/resources/js/calendar.js HTTP/1.1" 200 49229
202.8.40.253 - - [03/Feb/2025:00:50:36 +0100] "GET /ticket2/opencms/system/modules/com.gridnine.opencms.ticketbrokerage.site/resources/js/functions.js HTTP/1.1" 200 1583
202.8.40.253 - - [03/Feb/2025:00:50:36 +0100] "GET /ticket2/opencms/system/modules/com.gridnine.opencms.ticketbrokerage.site/resources/js/jquery/jquery-ui.js HTTP/1.1" 200 228088
202.8.40.253 - - [03/Feb/2025:00:50:36 +0100] "GET /ticket2/opencms/system/modules/com.gridnine.opencms.ticketbrokerage.site/resources/js/calendar-en.js HTTP/1.1" 200 3338
202.8.40.253 - - [03/Feb/2025:00:50:36 +0100] "GET /ticket2/opencms/system/modules/com.gridnine.opencms.ticketbrokerage.site/resources/js/calendar-setup.js HTTP/1.1" 200 4923
202.8.40.253 - - [03/Feb/2025:00:50:37 +0100] "GET /ticket2/opencms/system/modules/com.gridnine.opencms.ticketbrokerage.site/resources/js/jquery.fancybox.pack.js HTTP/1.1" 200 23187
202.8.40.253 - - [03/Feb/2025:00:50:37 +0100] "GET /ticket2/opencms/system/modules/com.gridnine.opencms.ticketbrokerage.site/resources/js/stickyfill.min.js HTTP/1.1" 200 5672
202.8.40.253 - - [03/Feb/2025:00:50:37 +0100] "GET /ticket2/opencms/system/modules/com.gridnine.opencms.ticketbrokerage.site/resources/js/standard.js HTTP/1.1" 200 3983
202.8.40.253 - - [03/Feb/2025:00:50:37 +0100] "GET /ticket2/opencms/system/modules/com.gridnine.opencms.ticketbrokerage.site/resources/js/jquery.placeholder.min.js HTTP/1.1" 200 1737
202.8.40.253 - - [03/Feb/2025:00:50:37 +0100] "GET /ticket2/opencms/system/modules/com.gridnine.opencms.ticketbrokerage.site/resources/js/common-ajax.js HTTP/1.1" 200 20175
65.21.232.254 - - [03/Feb/2025:00:50:37 +0100] "GET /ticket2/opencms/en/buy/?page=1&edid=39168B9C-E36E-857F-42A1-E431E428BADA&sortorder=desc&column=price HTTP/1.1" 200 110435
114.119.157.112 - - [03/Feb/2025:00:50:38 +0100] "GET /ticket2/opencms/en/venue/?countryid=733736B0-BB51-71CE-21FF-5220C9ACD245 HTTP/1.1" 200 115505
65.21.232.254 - - [03/Feb/2025:00:50:40 +0100] "GET /ticket2/opencms/en/buy/?page=1&edid=39168B9C-E36E-857F-42A1-E431E428BADA&sortorder=desc&column=row HTTP/1.1" 200 110466
85.208.96.210 - - [03/Feb/2025:00:50:41 +0100] "GET /ticket2/opencms/es/ HTTP/1.1" 200 107117
54.36.149.28 - - [03/Feb/2025:00:50:41 +0100] "GET /ticket2/opencms/ro/login/ HTTP/1.1" 200 92065
52.167.144.23 - - [03/Feb/2025:00:50:42 +0100] "GET /ticket2/opencms/es/magazine/article?title=como-debe-manchester-united-manejar-la-crisis HTTP/1.1" 200 93350
217.113.194.219 - - [03/Feb/2025:00:50:42 +0100] "GET /ticket2/opencms/bs/buy?page=1&edid=40C0E1B7-ADB1-62A5-2AFA-BC9667D7636D HTTP/1.1" 200 108614
37.123.143.11 - - [03/Feb/2025:00:50:42 +0100] "GET /ticket2/opencms/sv/login/corporate HTTP/1.1" 200 88975
37.123.143.11 - - [03/Feb/2025:00:50:42 +0100] "GET /ticket2/opencms/system/modules/com.gridnine.opencms.ticketbrokerage.site/resources/css/ticketbrokerage.css HTTP/1.1" 200 39339
37.123.143.11 - - [03/Feb/2025:00:50:42 +0100] "GET /ticket2/opencms/system/modules/com.gridnine.opencms.ticketbrokerage.site/resources/css/calendar.css HTTP/1.1" 200 6871
37.123.143.11 - - [03/Feb/2025:00:50:42 +0100] "GET /ticket2/opencms/system/modules/com.gridnine.opencms.ticketbrokerage.site/resources/js/functions.js HTTP/1.1" 200 1583
37.123.143.11 - - [03/Feb/2025:00:50:42 +0100] "GET /ticket2/opencms/system/modules/com.gridnine.opencms.ticketbrokerage.site/resources/js/calendar-en.js HTTP/1.1" 200 3338
37.123.143.11 - - [03/Feb/2025:00:50:42 +0100] "GET /ticket2/opencms/system/modules/com.gridnine.opencms.ticketbrokerage.site/resources/js/calendar.js HTTP/1.1" 200 49229
37.123.143.11 - - [03/Feb/2025:00:50:42 +0100] "GET /ticket2/opencms/system/modules/com.gridnine.opencms.ticketbrokerage.site/resources/js/calendar-setup.js HTTP/1.1" 200 4923
37.123.143.11 - - [03/Feb/2025:00:50:42 +0100] "GET /ticket2/opencms/system/modules/com.gridnine.opencms.ticketbrokerage.site/resources/css/standard.css HTTP/1.1" 200 73904
37.123.143.11 - - [03/Feb/2025:00:50:42 +0100] "GET /ticket2/opencms/system/modules/com.gridnine.opencms.ticketbrokerage.site/resources/js/standard.js HTTP/1.1" 200 3983
37.123.143.11 - - [03/Feb/2025:00:50:42 +0100] "GET /ticket2/opencms/system/modules/com.gridnine.opencms.ticketbrokerage.site/resources/pics/arrow.gif HTTP/1.1" 304 -
37.123.143.11 - - [03/Feb/2025:00:50:42 +0100] "GET /ticket2/opencms/system/modules/com.gridnine.opencms.ticketbrokerage.site/resources/pics/form_marker.gif HTTP/1.1" 304 -
37.123.143.11 - - [03/Feb/2025:00:50:42 +0100] "GET /ticket2/opencms/system/modules/com.gridnine.opencms.ticketbrokerage.site/resources/pics/button1_left.gif HTTP/1.1" 200 232
37.123.143.11 - - [03/Feb/2025:00:50:42 +0100] "GET /ticket2/opencms/system/modules/com.gridnine.opencms.ticketbrokerage.site/resources/pics/button1_right.gif HTTP/1.1" 200 232
37.123.143.11 - - [03/Feb/2025:00:50:42 +0100] "GET /ticket2/opencms/system/modules/com.gridnine.opencms.ticketbrokerage.site/resources/pics/button1_center.gif HTTP/1.1" 200 66
185.191.171.19 - - [03/Feb/2025:00:50:42 +0100] "GET /ticket2/opencms/nl/sport/voetbal-tickets/la_liga/athletic-bilbao/ HTTP/1.1" 200 90653
65.21.232.254 - - [03/Feb/2025:00:50:44 +0100] "GET /ticket2/opencms/en/buy/?page=1&edid=39168B9C-E36E-857F-42A1-E431E428BADA&sortorder=desc&column=section HTTP/1.1" 200 110522
37.123.143.11 - - [03/Feb/2025:00:50:44 +0100] "GET /ticket2/opencms/sv/l HTTP/1.1" 404 -
47.128.18.167 - - [03/Feb/2025:00:50:46 +0100] "GET /ticket2/opencms/be/buy?edid=F1463EBE-6C18-CF49-B2AE-F79868BCA4F5 HTTP/1.1" 200 92390
65.21.232.254 - - [03/Feb/2025:00:50:47 +0100] "GET /ticket2/opencms/en/buy/?page=1&edid=3950061E-10D0-1370-F4D5-47E1041A5F57 HTTP/1.1" 200 110185
37.123.143.11 - - [03/Feb/2025:00:50:48 +0100] "GET /ticket2/opencms/sv/ HTTP/1.1" 200 106588
37.123.143.11 - - [03/Feb/2025:00:50:48 +0100] "GET /ticket2/opencms/system/modules/com.gridnine.opencms.ticketbrokerage.site/resources/css/ticketbrokerage.css HTTP/1.1" 200 39339
37.123.143.11 - - [03/Feb/2025:00:50:48 +0100] "GET /ticket2/opencms/system/modules/com.gridnine.opencms.ticketbrokerage.site/resources/css/calendar.css HTTP/1.1" 200 6871
37.123.143.11 - - [03/Feb/2025:00:50:48 +0100] "GET /ticket2/opencms/system/modules/com.gridnine.opencms.ticketbrokerage.site/resources/js/standard.js HTTP/1.1" 200 3983
37.123.143.11 - - [03/Feb/2025:00:50:48 +0100] "GET /ticket2/opencms/system/modules/com.gridnine.opencms.ticketbrokerage.site/resources/js/functions.js HTTP/1.1" 200 1583
37.123.143.11 - - [03/Feb/2025:00:50:48 +0100] "GET /ticket2/opencms/system/modules/com.gridnine.opencms.ticketbrokerage.site/resources/js/calendar-en.js HTTP/1.1" 200 3338
37.123.143.11 - - [03/Feb/2025:00:50:48 +0100] "GET /ticket2/opencms/system/modules/com.gridnine.opencms.ticketbrokerage.site/resources/js/calendar-setup.js HTTP/1.1" 200 4923
37.123.143.11 - - [03/Feb/2025:00:50:48 +0100] "GET /ticket2/opencms/system/modules/com.gridnine.opencms.ticketbrokerage.site/resources/js/calendar.js HTTP/1.1" 200 49229
37.123.143.11 - - [03/Feb/2025:00:50:48 +0100] "GET /ticket2/opencms/system/modules/com.gridnine.opencms.ticketbrokerage.site/resources/css/standard.css HTTP/1.1" 200 73904
66.249.79.33 - - [03/Feb/2025:00:50:49 +0100] "GET /ticket2/opencms/et/buy/?page=1&edid=47897DF9-E5EE-B446-181C-40A80CD54BEB HTTP/1.1" 200 132042
54.36.148.192 - - [03/Feb/2025:00:50:50 +0100] "GET /ticket2/opencms/be/buy?page=1&edid=3583D5C7-607A-E528-A709-844E6A72DC1B HTTP/1.1" 200 145501
217.113.194.221 - - [03/Feb/2025:00:50:51 +0100] "GET /ticket2/opencms/bs/buy?page=1&edid=34E20B61-76E4-1B1F-1E0B-8486E60BBF5B HTTP/1.1" 200 108650
65.21.232.254 - - [03/Feb/2025:00:50:51 +0100] "GET /ticket2/opencms/en/buy/?page=1&edid=399D5857-E3F3-B9C2-E01C-0D17705EC245 HTTP/1.1" 200 109494
202.8.43.77 - - [03/Feb/2025:00:50:51 +0100] "GET /ticket2/opencms/system/modules/com.gridnine.opencms.ticketbrokerage.site/resources/css/ticketbrokerage.css HTTP/1.1" 200 39339
202.8.43.77 - - [03/Feb/2025:00:50:51 +0100] "GET /ticket2/opencms/system/modules/com.gridnine.opencms.ticketbrokerage.site/resources/css/calendar.css HTTP/1.1" 200 6871
202.8.43.77 - - [03/Feb/2025:00:50:51 +0100] "GET /ticket2/opencms/system/modules/com.gridnine.opencms.ticketbrokerage.site/resources/css/jquery-ui.css HTTP/1.1" 200 33221
202.8.43.77 - - [03/Feb/2025:00:50:51 +0100] "GET /ticket2/opencms/system/modules/com.gridnine.opencms.ticketbrokerage.site/resources/css/standard.css HTTP/1.1" 200 73904
202.8.43.77 - - [03/Feb/2025:00:50:51 +0100] "GET /ticket2/opencms/system/modules/com.gridnine.opencms.ticketbrokerage.site/resources/css/jquery.fancybox.css HTTP/1.1" 200 4939
202.8.43.77 - - [03/Feb/2025:00:50:51 +0100] "GET /ticket2/opencms/system/modules/com.gridnine.opencms.ticketbrokerage.site/resources/js/functions.js HTTP/1.1" 200 1583
202.8.43.77 - - [03/Feb/2025:00:50:51 +0100] "GET /ticket2/opencms/system/modules/com.gridnine.opencms.ticketbrokerage.site/resources/js/jquery/jquery.js HTTP/1.1" 200 93868
202.8.43.77 - - [03/Feb/2025:00:50:51 +0100] "GET /ticket2/opencms/system/modules/com.gridnine.opencms.ticketbrokerage.site/resources/js/calendar.js HTTP/1.1" 200 49229
202.8.43.77 - - [03/Feb/2025:00:50:51 +0100] "GET /ticket2/opencms/system/modules/com.gridnine.opencms.ticketbrokerage.site/resources/js/jquery/jquery-ui.js HTTP/1.1" 200 228088
202.8.43.77 - - [03/Feb/2025:00:50:51 +0100] "GET /ticket2/opencms/system/modules/com.gridnine.opencms.ticketbrokerage.site/resources/js/calendar-en.js HTTP/1.1" 200 3338
202.8.43.77 - - [03/Feb/2025:00:50:51 +0100] "GET /ticket2/opencms/system/modules/com.gridnine.opencms.ticketbrokerage.site/resources/js/calendar-setup.js HTTP/1.1" 200 4923
202.8.43.77 - - [03/Feb/2025:00:50:51 +0100] "GET /ticket2/opencms/system/modules/com.gridnine.opencms.ticketbrokerage.site/resources/js/jquery.fancybox.pack.js HTTP/1.1" 200 23187
202.8.43.77 - - [03/Feb/2025:00:50:51 +0100] "GET /ticket2/opencms/system/modules/com.gridnine.opencms.ticketbrokerage.site/resources/js/stickyfill.min.js HTTP/1.1" 200 5672
202.8.43.77 - - [03/Feb/2025:00:50:51 +0100] "GET /ticket2/opencms/system/modules/com.gridnine.opencms.ticketbrokerage.site/resources/js/standard.js HTTP/1.1" 200 3983
202.8.43.77 - - [03/Feb/2025:00:50:52 +0100] "GET /ticket2/opencms/system/modules/com.gridnine.opencms.ticketbrokerage.site/resources/js/jquery.placeholder.min.js HTTP/1.1" 200 1737
202.8.43.77 - - [03/Feb/2025:00:50:52 +0100] "GET /ticket2/opencms/system/modules/com.gridnine.opencms.ticketbrokerage.site/resources/js/common-ajax.js HTTP/1.1" 200 20175
202.8.43.77 - - [03/Feb/2025:00:50:52 +0100] "GET /ticket2/opencms/be/ask-form.html HTTP/1.1" 200 3156
202.8.43.77 - - [03/Feb/2025:00:50:52 +0100] "GET /ticket2/opencms/system/modules/com.gridnine.opencms.ticketbrokerage.site/resources/css/ticketbrokerage.css HTTP/1.1" 200 39339
216.244.66.238 - - [03/Feb/2025:00:50:53 +0100] "GET /ticket2/opencms/uk/buy?page=1&edid=16D8D8B6-E3B7-19D1-2440-03B3A2E90B73 HTTP/1.1" 200 110197
37.123.143.11 - - [03/Feb/2025:00:50:53 +0100] "GET /ticket2/opencms/sv/sport/fotbollsbiljetter/ligue_1/ HTTP/1.1" 200 89972
37.123.143.11 - - [03/Feb/2025:00:50:53 +0100] "GET /ticket2/opencms/system/modules/com.gridnine.opencms.ticketbrokerage.site/resources/css/ticketbrokerage.css HTTP/1.1" 200 39339
37.123.143.11 - - [03/Feb/2025:00:50:54 +0100] "GET /ticket2/opencms/system/modules/com.gridnine.opencms.ticketbrokerage.site/resources/css/calendar.css HTTP/1.1" 200 6871
37.123.143.11 - - [03/Feb/2025:00:50:54 +0100] "GET /ticket2/opencms/system/modules/com.gridnine.opencms.ticketbrokerage.site/resources/css/standard.css HTTP/1.1" 200 73904
37.123.143.11 - - [03/Feb/2025:00:50:54 +0100] "GET /ticket2/opencms/system/modules/com.gridnine.opencms.ticketbrokerage.site/resources/js/calendar-en.js HTTP/1.1" 200 3338
37.123.143.11 - - [03/Feb/2025:00:50:54 +0100] "GET /ticket2/opencms/system/modules/com.gridnine.opencms.ticketbrokerage.site/resources/js/functions.js HTTP/1.1" 200 1583
37.123.143.11 - - [03/Feb/2025:00:50:54 +0100] "GET /ticket2/opencms/system/modules/com.gridnine.opencms.ticketbrokerage.site/resources/js/calendar.js HTTP/1.1" 200 49229
37.123.143.11 - - [03/Feb/2025:00:50:54 +0100] "GET /ticket2/opencms/system/modules/com.gridnine.opencms.ticketbrokerage.site/resources/js/calendar-setup.js HTTP/1.1" 200 4923
37.123.143.11 - - [03/Feb/2025:00:50:54 +0100] "GET /ticket2/opencms/system/modules/com.gridnine.opencms.ticketbrokerage.site/resources/js/standard.js HTTP/1.1" 200 3983
65.21.232.254 - - [03/Feb/2025:00:50:55 +0100] "GET /ticket2/opencms/en/buy/?page=1&edid=399D5857-E3F3-B9C2-E01C-0D17705EC245&sortorder=desc&column=price HTTP/1.1" 200 110491
65.21.232.254 - - [03/Feb/2025:00:50:58 +0100] "GET /ticket2/opencms/en/buy/?page=1&edid=399D5857-E3F3-B9C2-E01C-0D17705EC245&sortorder=desc&column=row HTTP/1.1" 200 110391
185.191.171.11 - - [03/Feb/2025:00:50:58 +0100] "GET /ticket2/opencms/it/magazine/article?title=calendario-delle-partite-della-premier-league-premier-league-fixtures-20242025 HTTP/1.1" 200 92853
217.113.194.213 - - [03/Feb/2025:00:51:00 +0100] "GET /ticket2/opencms/bs/buy?page=1&edid=32C765D3-F869-7E5E-98A4-5E68576F52A5 HTTP/1.1" 200 135025
65.21.232.254 - - [03/Feb/2025:00:51:02 +0100] "GET /ticket2/opencms/en/buy/?page=1&edid=399D5857-E3F3-B9C2-E01C-0D17705EC245&sortorder=desc&column=section HTTP/1.1" 200 110599
54.36.148.101 - - [03/Feb/2025:00:51:02 +0100] "GET /ticket2/opencms/sv/magazine/article?title=legendaren-i-het-ordvaxling-med-supporter HTTP/1.1" 200 94234
202.8.40.118 - - [03/Feb/2025:00:51:04 +0100] "GET /ticket2/opencms/system/modules/com.gridnine.opencms.ticketbrokerage.site/resources/css/ticketbrokerage.css HTTP/1.1" 200 39339
202.8.40.118 - - [03/Feb/2025:00:51:04 +0100] "GET /ticket2/opencms/system/modules/com.gridnine.opencms.ticketbrokerage.site/resources/css/calendar.css HTTP/1.1" 200 6871
202.8.40.118 - - [03/Feb/2025:00:51:04 +0100] "GET /ticket2/opencms/system/modules/com.gridnine.opencms.ticketbrokerage.site/resources/css/jquery-ui.css HTTP/1.1" 200 33221
202.8.40.118 - - [03/Feb/2025:00:51:04 +0100] "GET /ticket2/opencms/system/modules/com.gridnine.opencms.ticketbrokerage.site/resources/css/standard.css HTTP/1.1" 200 73904
202.8.40.118 - - [03/Feb/2025:00:51:04 +0100] "GET /ticket2/opencms/system/modules/com.gridnine.opencms.ticketbrokerage.site/resources/css/jquery.fancybox.css HTTP/1.1" 200 4939
202.8.40.118 - - [03/Feb/2025:00:51:04 +0100] "GET /ticket2/opencms/system/modules/com.gridnine.opencms.ticketbrokerage.site/resources/js/jquery/jquery.js HTTP/1.1" 200 93868
202.8.40.118 - - [03/Feb/2025:00:51:04 +0100] "GET /ticket2/opencms/system/modules/com.gridnine.opencms.ticketbrokerage.site/resources/js/functions.js HTTP/1.1" 200 1583
202.8.40.118 - - [03/Feb/2025:00:51:04 +0100] "GET /ticket2/opencms/system/modules/com.gridnine.opencms.ticketbrokerage.site/resources/js/jquery/jquery-ui.js HTTP/1.1" 200 228088
202.8.40.118 - - [03/Feb/2025:00:51:04 +0100] "GET /ticket2/opencms/system/modules/com.gridnine.opencms.ticketbrokerage.site/resources/js/calendar.js HTTP/1.1" 200 49229
202.8.40.118 - - [03/Feb/2025:00:51:04 +0100] "GET /ticket2/opencms/system/modules/com.gridnine.opencms.ticketbrokerage.site/resources/js/calendar-en.js HTTP/1.1" 200 3338
202.8.40.118 - - [03/Feb/2025:00:51:04 +0100] "GET /ticket2/opencms/system/modules/com.gridnine.opencms.ticketbrokerage.site/resources/js/calendar-setup.js HTTP/1.1" 200 4923
202.8.40.118 - - [03/Feb/2025:00:51:04 +0100] "GET /ticket2/opencms/system/modules/com.gridnine.opencms.ticketbrokerage.site/resources/js/jquery.fancybox.pack.js HTTP/1.1" 200 23187
202.8.40.118 - - [03/Feb/2025:00:51:04 +0100] "GET /ticket2/opencms/system/modules/com.gridnine.opencms.ticketbrokerage.site/resources/js/stickyfill.min.js HTTP/1.1" 200 5672
202.8.40.118 - - [03/Feb/2025:00:51:04 +0100] "GET /ticket2/opencms/system/modules/com.gridnine.opencms.ticketbrokerage.site/resources/js/standard.js HTTP/1.1" 200 3983
202.8.40.118 - - [03/Feb/2025:00:51:04 +0100] "GET /ticket2/opencms/system/modules/com.gridnine.opencms.ticketbrokerage.site/resources/js/jquery.placeholder.min.js HTTP/1.1" 200 1737
202.8.40.118 - - [03/Feb/2025:00:51:04 +0100] "GET /ticket2/opencms/system/modules/com.gridnine.opencms.ticketbrokerage.site/resources/js/common-ajax.js HTTP/1.1" 200 20175
65.21.232.254 - - [03/Feb/2025:00:51:05 +0100] "GET /ticket2/opencms/en/buy/?page=1&edid=39CE18F1-523A-9D20-B500-C2DA07819EFF HTTP/1.1" 200 109681
66.249.79.100 - - [03/Feb/2025:00:51:05 +0100] "GET /ticket2/opencms/ga/buy/?page=1&edid=D82A55E9-700E-0A50-F575-755C8E3E7147 HTTP/1.1" 200 111510
66.249.79.34 - - [03/Feb/2025:00:51:07 +0100] "GET /ticket2/opencms/ga/buy/?page=1&edid=69802F7E-2013-4656-113E-ECD53B17933B HTTP/1.1" 200 122438
65.21.232.254 - - [03/Feb/2025:00:51:09 +0100] "GET /ticket2/opencms/en/buy/?page=1&edid=39E08466-3157-8796-4667-43E78BDCCF55 HTTP/1.1" 200 110615
217.113.194.220 - - [03/Feb/2025:00:51:09 +0100] "GET /ticket2/opencms/bs/buy?page=1&edid=00D90EDA-80F2-743F-0F4B-D64BDD1F85D9 HTTP/1.1" 200 112186
65.21.232.254 - - [03/Feb/2025:00:51:12 +0100] "GET /ticket2/opencms/en/buy/?page=1&edid=3A4D2CA5-2B56-3E29-4EDC-D306A4664520&sortorder=desc&column=price HTTP/1.1" 200 111297
46.250.173.237 - - [03/Feb/2025:00:51:13 +0100] "GET /ticket2/opencms/pl/buy?page=1&edid=124AB9EA-9725-B2E8-695D-AFCA1BEC6302 HTTP/1.1" 200 108709
54.36.149.35 - - [03/Feb/2025:00:51:15 +0100] "GET /ticket2/opencms/it/buy?page=1&edid=46F37BE7-B2F6-BEA5-12C9-E1FFD36B0DD0 HTTP/1.1" 200 117686
37.123.143.11 - - [03/Feb/2025:00:51:16 +0100] "POST /ticket2/opencms/system/workplace/editors/editor_main.jsp HTTP/1.1" 200 928
37.123.143.11 - - [03/Feb/2025:00:51:16 +0100] "GET /ticket2/opencms/system/workplace/views/top_js.jsp HTTP/1.1" 200 7389
37.123.143.11 - - [03/Feb/2025:00:51:16 +0100] "GET /ticket2/opencms/system/workplace/views/top_head.jsp?wpFrame=head HTTP/1.1" 200 8556
37.123.143.11 - - [03/Feb/2025:00:51:16 +0100] "GET /ticket2/opencms/system/workplace/views/explorer/explorer_fs.jsp?wpFrame=body HTTP/1.1" 200 448
37.123.143.11 - - [03/Feb/2025:00:51:16 +0100] "GET /ticket2/opencms/system/workplace/commons/style/workplace.css HTTP/1.1" 200 14209
37.123.143.11 - - [03/Feb/2025:00:51:16 +0100] "GET /ticket2/opencms/system/workplace/views/top_foot.jsp?wpFrame=foot HTTP/1.1" 200 1209
37.123.143.11 - - [03/Feb/2025:00:51:16 +0100] "GET /ticket2/opencms/system/workplace/views/explorer/explorer_body_fs.jsp HTTP/1.1" 200 400
37.123.143.11 - - [03/Feb/2025:00:51:16 +0100] "GET /ticket2/opencms/system/workplace/commons/style/workplace.css HTTP/1.1" 200 14209
37.123.143.11 - - [03/Feb/2025:00:51:16 +0100] "GET /ticket2/opencms/system/workplace/views/explorer/tree_fs.jsp HTTP/1.1" 200 3861
202.8.41.52 - - [03/Feb/2025:00:51:16 +0100] "GET /ticket2/opencms/system/modules/com.gridnine.opencms.ticketbrokerage.site/resources/css/jquery-ui.css HTTP/1.1" 200 33221
202.8.41.52 - - [03/Feb/2025:00:51:16 +0100] "GET /ticket2/opencms/system/modules/com.gridnine.opencms.ticketbrokerage.site/resources/css/ticketbrokerage.css HTTP/1.1" 200 39339
202.8.41.52 - - [03/Feb/2025:00:51:16 +0100] "GET /ticket2/opencms/system/modules/com.gridnine.opencms.ticketbrokerage.site/resources/css/calendar.css HTTP/1.1" 200 6871
37.123.143.11 - - [03/Feb/2025:00:51:16 +0100] "GET /ticket2/opencms/system/workplace/views/explorer/tree_files.jsp?resource=/ HTTP/1.1" 200 3437
202.8.41.52 - - [03/Feb/2025:00:51:16 +0100] "GET /ticket2/opencms/system/modules/com.gridnine.opencms.ticketbrokerage.site/resources/css/standard.css HTTP/1.1" 200 73904
65.21.232.254 - - [03/Feb/2025:00:51:16 +0100] "GET /ticket2/opencms/en/buy/?page=1&edid=3A4D2CA5-2B56-3E29-4EDC-D306A4664520&sortorder=desc&column=row HTTP/1.1" 200 111164
202.8.41.52 - - [03/Feb/2025:00:51:16 +0100] "GET /ticket2/opencms/system/modules/com.gridnine.opencms.ticketbrokerage.site/resources/css/jquery.fancybox.css HTTP/1.1" 200 4939
202.8.41.52 - - [03/Feb/2025:00:51:16 +0100] "GET /ticket2/opencms/system/modules/com.gridnine.opencms.ticketbrokerage.site/resources/js/jquery/jquery.js HTTP/1.1" 200 93868
37.123.143.11 - - [03/Feb/2025:00:51:16 +0100] "GET /ticket2/opencms/system/workplace/views/explorer/explorer_files.jsp?mode=explorerview HTTP/1.1" 200 6294
37.123.143.11 - - [03/Feb/2025:00:51:16 +0100] "GET /ticket2/opencms/system/workplace/commons/style/workplace.css HTTP/1.1" 200 14209
5.9.55.228 - - [03/Feb/2025:00:51:16 +0100] "GET /ticket2/opencms/fi/venue/?countryid=D9C90621-DB02-1B5C-863E-8CD5BDDB79A4 HTTP/1.1" 200 116350
202.8.41.52 - - [03/Feb/2025:00:51:16 +0100] "GET /ticket2/opencms/system/modules/com.gridnine.opencms.ticketbrokerage.site/resources/js/jquery/jquery-ui.js HTTP/1.1" 200 228088
202.8.41.52 - - [03/Feb/2025:00:51:16 +0100] "GET /ticket2/opencms/system/modules/com.gridnine.opencms.ticketbrokerage.site/resources/js/functions.js HTTP/1.1" 200 1583
202.8.41.52 - - [03/Feb/2025:00:51:16 +0100] "GET /ticket2/opencms/system/modules/com.gridnine.opencms.ticketbrokerage.site/resources/js/calendar-en.js HTTP/1.1" 200 3338
202.8.41.52 - - [03/Feb/2025:00:51:16 +0100] "GET /ticket2/opencms/system/modules/com.gridnine.opencms.ticketbrokerage.site/resources/js/calendar.js HTTP/1.1" 200 49229
202.8.41.52 - - [03/Feb/2025:00:51:16 +0100] "GET /ticket2/opencms/system/modules/com.gridnine.opencms.ticketbrokerage.site/resources/js/calendar-setup.js HTTP/1.1" 200 4923
202.8.41.52 - - [03/Feb/2025:00:51:16 +0100] "GET /ticket2/opencms/system/modules/com.gridnine.opencms.ticketbrokerage.site/resources/js/stickyfill.min.js HTTP/1.1" 200 5672
202.8.41.52 - - [03/Feb/2025:00:51:16 +0100] "GET /ticket2/opencms/system/modules/com.gridnine.opencms.ticketbrokerage.site/resources/js/jquery.fancybox.pack.js HTTP/1.1" 200 23187
202.8.41.52 - - [03/Feb/2025:00:51:16 +0100] "GET /ticket2/opencms/system/modules/com.gridnine.opencms.ticketbrokerage.site/resources/js/standard.js HTTP/1.1" 200 3983
202.8.41.52 - - [03/Feb/2025:00:51:16 +0100] "GET /ticket2/opencms/system/modules/com.gridnine.opencms.ticketbrokerage.site/resources/js/jquery.placeholder.min.js HTTP/1.1" 200 1737
202.8.41.52 - - [03/Feb/2025:00:51:16 +0100] "GET /ticket2/opencms/system/modules/com.gridnine.opencms.ticketbrokerage.site/resources/js/common-ajax.js HTTP/1.1" 200 20175
202.8.41.52 - - [03/Feb/2025:00:51:16 +0100] "GET /ticket2/opencms/it/ask-form.html HTTP/1.1" 200 3156
202.8.41.52 - - [03/Feb/2025:00:51:17 +0100] "GET /ticket2/opencms/system/modules/com.gridnine.opencms.ticketbrokerage.site/resources/css/ticketbrokerage.css HTTP/1.1" 200 39339
154.54.249.216 - - [03/Feb/2025:00:51:17 +0100] "GET /ticket2/opencms/mk/buy?page=1&edid=3B157B14-2ACC-30A7-0D5C-8313AB0A1A32 HTTP/1.1" 404 -
65.21.232.254 - - [03/Feb/2025:00:51:19 +0100] "GET /ticket2/opencms/en/buy/?page=1&edid=3A4D2CA5-2B56-3E29-4EDC-D306A4664520&sortorder=desc&column=section HTTP/1.1" 200 111361
65.21.232.254 - - [03/Feb/2025:00:51:23 +0100] "GET /ticket2/opencms/en/buy/?page=1&edid=3A964659-3C4E-1817-B8A9-9E7BABEABD62&sortorder=desc&column=row HTTP/1.1" 200 111728
37.123.143.11 - - [03/Feb/2025:00:51:23 +0100] "POST /ticket2/opencms/system/workplace/views/explorer/contextmenu.jsp HTTP/1.1" 200 4486
37.123.143.11 - - [03/Feb/2025:00:51:24 +0100] "POST /ticket2/opencms/system/workplace/editors/editor.jsp HTTP/1.1" 200 942
114.119.133.220 - - [03/Feb/2025:00:51:24 +0100] "GET /ticket2/opencms/es/magazine/article?title=arsenal-se-acerca-a-liverpool HTTP/1.1" 200 93301
37.123.143.11 - - [03/Feb/2025:00:51:24 +0100] "GET /ticket2/opencms/system/workplace/editors/editor_main.jsp?resourcelist=&resource=%2Fsystem%2Fmodules%2Fcom.gridnine.opencms.ticketbrokerage.site%2Felements%2Fpopular-links.jsp HTTP/1.1" 200 13005
37.123.143.11 - - [03/Feb/2025:00:51:24 +0100] "GET /ticket2/opencms/system/workplace/views/top_foot.jsp HTTP/1.1" 200 1209
37.123.143.11 - - [03/Feb/2025:00:51:24 +0100] "GET /ticket2/opencms/system/workplace/commons/style/workplace.css HTTP/1.1" 200 14209
37.123.143.11 - - [03/Feb/2025:00:51:24 +0100] "GET /ticket2/opencms/system/workplace/commons/style/workplace.css HTTP/1.1" 200 14209
217.113.194.214 - - [03/Feb/2025:00:51:26 +0100] "GET /ticket2/opencms/mk/buy?page=1&edid=3C53D987-4DE6-7A93-B9EE-DD5EC4374305 HTTP/1.1" 404 -
65.21.232.254 - - [03/Feb/2025:00:51:26 +0100] "GET /ticket2/opencms/en/buy/?page=1&edid=3A964659-3C4E-1817-B8A9-9E7BABEABD62&sortorder=desc&column=section HTTP/1.1" 200 111805
54.36.148.241 - - [03/Feb/2025:00:51:28 +0100] "GET /ticket2/opencms/it/buy?page=1&edid=1C10CC18-4291-CEF7-0875-B8ABB6B6CC74 HTTP/1.1" 200 108503
202.8.43.200 - - [03/Feb/2025:00:51:29 +0100] "GET /ticket2/opencms/system/modules/com.gridnine.opencms.ticketbrokerage.site/resources/css/calendar.css HTTP/1.1" 200 6871
202.8.43.200 - - [03/Feb/2025:00:51:29 +0100] "GET /ticket2/opencms/system/modules/com.gridnine.opencms.ticketbrokerage.site/resources/css/jquery-ui.css HTTP/1.1" 200 33221
202.8.43.200 - - [03/Feb/2025:00:51:29 +0100] "GET /ticket2/opencms/system/modules/com.gridnine.opencms.ticketbrokerage.site/resources/css/standard.css HTTP/1.1" 200 73904
202.8.43.200 - - [03/Feb/2025:00:51:29 +0100] "GET /ticket2/opencms/system/modules/com.gridnine.opencms.ticketbrokerage.site/resources/css/ticketbrokerage.css HTTP/1.1" 200 39339
202.8.43.200 - - [03/Feb/2025:00:51:29 +0100] "GET /ticket2/opencms/system/modules/com.gridnine.opencms.ticketbrokerage.site/resources/css/jquery.fancybox.css HTTP/1.1" 200 4939
202.8.43.200 - - [03/Feb/2025:00:51:29 +0100] "GET /ticket2/opencms/system/modules/com.gridnine.opencms.ticketbrokerage.site/resources/js/jquery/jquery.js HTTP/1.1" 200 93868
202.8.43.200 - - [03/Feb/2025:00:51:29 +0100] "GET /ticket2/opencms/system/modules/com.gridnine.opencms.ticketbrokerage.site/resources/js/functions.js HTTP/1.1" 200 1583
202.8.43.200 - - [03/Feb/2025:00:51:29 +0100] "GET /ticket2/opencms/system/modules/com.gridnine.opencms.ticketbrokerage.site/resources/js/calendar-en.js HTTP/1.1" 200 3338
202.8.43.200 - - [03/Feb/2025:00:51:29 +0100] "GET /ticket2/opencms/system/modules/com.gridnine.opencms.ticketbrokerage.site/resources/js/jquery/jquery-ui.js HTTP/1.1" 200 228088
202.8.43.200 - - [03/Feb/2025:00:51:29 +0100] "GET /ticket2/opencms/system/modules/com.gridnine.opencms.ticketbrokerage.site/resources/js/calendar.js HTTP/1.1" 200 49229
202.8.43.200 - - [03/Feb/2025:00:51:30 +0100] "GET /ticket2/opencms/system/modules/com.gridnine.opencms.ticketbrokerage.site/resources/js/calendar-setup.js HTTP/1.1" 200 4923
65.21.232.254 - - [03/Feb/2025:00:51:30 +0100] "GET /ticket2/opencms/en/buy/?page=1&edid=3B59287C-FC8E-8AC6-A203-D44566BFF3DE&sortorder=desc&column=price HTTP/1.1" 200 110464
202.8.43.200 - - [03/Feb/2025:00:51:30 +0100] "GET /ticket2/opencms/system/modules/com.gridnine.opencms.ticketbrokerage.site/resources/js/jquery.fancybox.pack.js HTTP/1.1" 200 23187
202.8.43.200 - - [03/Feb/2025:00:51:30 +0100] "GET /ticket2/opencms/system/modules/com.gridnine.opencms.ticketbrokerage.site/resources/js/stickyfill.min.js HTTP/1.1" 200 5672
202.8.43.200 - - [03/Feb/2025:00:51:30 +0100] "GET /ticket2/opencms/system/modules/com.gridnine.opencms.ticketbrokerage.site/resources/js/standard.js HTTP/1.1" 200 3983
202.8.43.200 - - [03/Feb/2025:00:51:30 +0100] "GET /ticket2/opencms/system/modules/com.gridnine.opencms.ticketbrokerage.site/resources/js/jquery.placeholder.min.js HTTP/1.1" 200 1737
202.8.43.200 - - [03/Feb/2025:00:51:30 +0100] "GET /ticket2/opencms/system/modules/com.gridnine.opencms.ticketbrokerage.site/resources/js/common-ajax.js HTTP/1.1" 200 20175
202.8.43.200 - - [03/Feb/2025:00:51:30 +0100] "GET /ticket2/opencms/it/ask-form.html HTTP/1.1" 200 3156
202.8.43.200 - - [03/Feb/2025:00:51:30 +0100] "GET /ticket2/opencms/system/modules/com.gridnine.opencms.ticketbrokerage.site/resources/css/ticketbrokerage.css HTTP/1.1" 200 39339
65.21.232.254 - - [03/Feb/2025:00:51:33 +0100] "GET /ticket2/opencms/en/buy/?page=1&edid=3B59287C-FC8E-8AC6-A203-D44566BFF3DE&sortorder=desc&column=section HTTP/1.1" 200 110526
154.54.249.216 - - [03/Feb/2025:00:51:34 +0100] "GET /ticket2/opencms/mk/buy?page=1&edid=3F94E8C1-1B5D-345B-3C70-90C22CD1CA49 HTTP/1.1" 404 -
65.21.232.254 - - [03/Feb/2025:00:51:37 +0100] "GET /ticket2/opencms/en/buy/?page=1&edid=3B7ABFED-CCD4-8F1F-8F8D-A476A0A381CC&sortorder=asc&column=price HTTP/1.1" 200 111045
40.77.167.8 - - [03/Feb/2025:00:51:37 +0100] "GET /ticket2/opencms/en/search.html?searchQuery=tottenham HTTP/1.1" 200 106012
40.77.167.8 - - [03/Feb/2025:00:51:39 +0100] "GET /ticket2/opencms/ka/buy?page=1&edid=1AD4E11C-C792-1721-4D1A-2229101A30FD HTTP/1.1" 200 151746
65.21.232.254 - - [03/Feb/2025:00:51:40 +0100] "GET /ticket2/opencms/en/buy/?page=1&edid=3B7ABFED-CCD4-8F1F-8F8D-A476A0A381CC&sortorder=asc&column=row HTTP/1.1" 200 110952
54.36.148.232 - - [03/Feb/2025:00:51:41 +0100] "GET /ticket2/opencms/fr/sport/billets-football/la_liga/villareal HTTP/1.1" 200 102006
202.8.40.149 - - [03/Feb/2025:00:51:42 +0100] "GET /ticket2/opencms/system/modules/com.gridnine.opencms.ticketbrokerage.site/resources/css/calendar.css HTTP/1.1" 200 6871
202.8.40.149 - - [03/Feb/2025:00:51:42 +0100] "GET /ticket2/opencms/system/modules/com.gridnine.opencms.ticketbrokerage.site/resources/css/standard.css HTTP/1.1" 200 73904
202.8.40.149 - - [03/Feb/2025:00:51:42 +0100] "GET /ticket2/opencms/system/modules/com.gridnine.opencms.ticketbrokerage.site/resources/css/jquery.fancybox.css HTTP/1.1" 200 4939
202.8.40.149 - - [03/Feb/2025:00:51:42 +0100] "GET /ticket2/opencms/system/modules/com.gridnine.opencms.ticketbrokerage.site/resources/css/jquery-ui.css HTTP/1.1" 200 33221
202.8.40.149 - - [03/Feb/2025:00:51:42 +0100] "GET /ticket2/opencms/system/modules/com.gridnine.opencms.ticketbrokerage.site/resources/js/jquery/jquery.js HTTP/1.1" 200 93868
