202.8.41.49 - - [03/Feb/2025:01:22:17 +0100] "GET /ticket2/opencms/system/modules/com.gridnine.opencms.ticketbrokerage.site/resources/css/standard.css HTTP/1.1" 200 73904
202.8.41.49 - - [03/Feb/2025:01:22:17 +0100] "GET /ticket2/opencms/system/modules/com.gridnine.opencms.ticketbrokerage.site/resources/css/calendar.css HTTP/1.1" 200 6871
202.8.41.49 - - [03/Feb/2025:01:22:17 +0100] "GET /ticket2/opencms/system/modules/com.gridnine.opencms.ticketbrokerage.site/resources/css/jquery.fancybox.css HTTP/1.1" 200 4939
202.8.41.49 - - [03/Feb/2025:01:22:17 +0100] "GET /ticket2/opencms/system/modules/com.gridnine.opencms.ticketbrokerage.site/resources/js/jquery/jquery.js HTTP/1.1" 200 93868
202.8.41.49 - - [03/Feb/2025:01:22:18 +0100] "GET /ticket2/opencms/system/modules/com.gridnine.opencms.ticketbrokerage.site/resources/js/jquery/jquery-ui.js HTTP/1.1" 200 228088
202.8.41.49 - - [03/Feb/2025:01:22:18 +0100] "GET /ticket2/opencms/system/modules/com.gridnine.opencms.ticketbrokerage.site/resources/js/functions.js HTTP/1.1" 200 1583
202.8.41.49 - - [03/Feb/2025:01:22:18 +0100] "GET /ticket2/opencms/system/modules/com.gridnine.opencms.ticketbrokerage.site/resources/js/calendar.js HTTP/1.1" 200 49229
202.8.41.49 - - [03/Feb/2025:01:22:18 +0100] "GET /ticket2/opencms/system/modules/com.gridnine.opencms.ticketbrokerage.site/resources/js/calendar-en.js HTTP/1.1" 200 3338
202.8.41.49 - - [03/Feb/2025:01:22:18 +0100] "GET /ticket2/opencms/system/modules/com.gridnine.opencms.ticketbrokerage.site/resources/js/calendar-setup.js HTTP/1.1" 200 4923
202.8.41.49 - - [03/Feb/2025:01:22:18 +0100] "GET /ticket2/opencms/system/modules/com.gridnine.opencms.ticketbrokerage.site/resources/js/jquery.fancybox.pack.js HTTP/1.1" 200 23187
202.8.41.49 - - [03/Feb/2025:01:22:18 +0100] "GET /ticket2/opencms/system/modules/com.gridnine.opencms.ticketbrokerage.site/resources/js/stickyfill.min.js HTTP/1.1" 200 5672
202.8.41.49 - - [03/Feb/2025:01:22:18 +0100] "GET /ticket2/opencms/system/modules/com.gridnine.opencms.ticketbrokerage.site/resources/js/standard.js HTTP/1.1" 200 3983
202.8.41.49 - - [03/Feb/2025:01:22:18 +0100] "GET /ticket2/opencms/system/modules/com.gridnine.opencms.ticketbrokerage.site/resources/js/jquery.placeholder.min.js HTTP/1.1" 200 1737
202.8.41.49 - - [03/Feb/2025:01:22:18 +0100] "GET /ticket2/opencms/system/modules/com.gridnine.opencms.ticketbrokerage.site/resources/js/common-ajax.js HTTP/1.1" 200 20175
202.8.41.49 - - [03/Feb/2025:01:22:18 +0100] "GET /ticket2/opencms/pl/ask-form.html HTTP/1.1" 200 3156
202.8.41.49 - - [03/Feb/2025:01:22:18 +0100] "GET /ticket2/opencms/system/modules/com.gridnine.opencms.ticketbrokerage.site/resources/css/ticketbrokerage.css HTTP/1.1" 200 39339
195.191.219.132 - - [03/Feb/2025:01:22:19 +0100] "GET /ticket2/opencms/ga/buy/?page=1&edid=BEA9D3E5-A93E-146C-1904-24495F6A8B39 HTTP/1.1" 200 128477
94.154.239.69 - - [03/Feb/2025:01:22:20 +0100] "GET /ticket2/opencms/sv/login/?edid=81817D53-8529-171B-1834-A4DFAF1D5D05 HTTP/1.1" 200 89395
195.191.219.132 - - [03/Feb/2025:01:22:21 +0100] "GET /ticket2/opencms/ga/buy/?page=1&edid=BF02E8D3-250D-1BB9-F307-8D142E1902AE HTTP/1.1" 200 109153
192.99.3.137 - - [03/Feb/2025:01:22:21 +0100] "GET /ticket2/opencms/hu/buy/?page=1&edid=BD719054-11F0-C21F-E1D7-4BD8F12BE51A HTTP/1.1" 200 117052
65.21.232.254 - - [03/Feb/2025:01:22:22 +0100] "GET /ticket2/opencms/fi/login/?edid=6AEA7B0B-C565-4F77-5066-1C24C6353E29 HTTP/1.1" 200 89676
195.191.219.132 - - [03/Feb/2025:01:22:23 +0100] "GET /ticket2/opencms/ga/buy/?page=1&edid=BFAFDC2C-908C-DD1E-38F3-2E405A281188 HTTP/1.1" 200 110199
66.249.79.33 - - [03/Feb/2025:01:22:23 +0100] "GET /ticket2/opencms/hu/buy/?page=1&edid=F2D85B77-0146-9383-AAB8-AFEF60C3B51B HTTP/1.1" 200 108810
217.113.194.213 - - [03/Feb/2025:01:22:25 +0100] "GET /ticket2/opencms/sq/buy?page=1&edid=18A2457D-174A-1761-F7F1-79CD1A73BA2E HTTP/1.1" 200 110552
195.191.219.132 - - [03/Feb/2025:01:22:25 +0100] "GET /ticket2/opencms/ga/buy/?page=1&edid=C2472D62-5082-1F11-D8B7-FFCB03AF0060 HTTP/1.1" 200 109069
65.21.232.254 - - [03/Feb/2025:01:22:25 +0100] "GET /ticket2/opencms/fi/login/?edid=6B2EA6CD-7553-8F73-30CB-5A807E0727F2 HTTP/1.1" 200 89676
192.99.3.137 - - [03/Feb/2025:01:22:26 +0100] "GET /ticket2/opencms/hu/buy/?page=1&edid=C4141B0C-454E-2CA8-556F-909E6DA54D22 HTTP/1.1" 200 109567
54.36.148.243 - - [03/Feb/2025:01:22:26 +0100] "GET /ticket2/opencms/es/buy?page=1&edid=36AF1B5E-5A99-17FA-F2C9-AE0F1234F398 HTTP/1.1" 200 122896
94.154.239.69 - - [03/Feb/2025:01:22:26 +0100] "GET /ticket2/opencms/sv/login/?edid=81B38BC2-1B10-C00A-7953-DB579F5D53A3 HTTP/1.1" 200 89395
202.8.42.254 - - [03/Feb/2025:01:22:27 +0100] "GET /ticket2/opencms/system/modules/com.gridnine.opencms.ticketbrokerage.site/resources/css/jquery.fancybox.css HTTP/1.1" 200 4939
202.8.42.254 - - [03/Feb/2025:01:22:27 +0100] "GET /ticket2/opencms/system/modules/com.gridnine.opencms.ticketbrokerage.site/resources/css/ticketbrokerage.css HTTP/1.1" 200 39339
202.8.42.254 - - [03/Feb/2025:01:22:27 +0100] "GET /ticket2/opencms/system/modules/com.gridnine.opencms.ticketbrokerage.site/resources/js/stickyfill.min.js HTTP/1.1" 200 5672
202.8.42.254 - - [03/Feb/2025:01:22:27 +0100] "GET /ticket2/opencms/system/modules/com.gridnine.opencms.ticketbrokerage.site/resources/css/calendar.css HTTP/1.1" 200 6871
202.8.42.254 - - [03/Feb/2025:01:22:27 +0100] "GET /ticket2/opencms/system/modules/com.gridnine.opencms.ticketbrokerage.site/resources/css/jquery-ui.css HTTP/1.1" 200 33221
202.8.42.254 - - [03/Feb/2025:01:22:27 +0100] "GET /ticket2/opencms/system/modules/com.gridnine.opencms.ticketbrokerage.site/resources/css/standard.css HTTP/1.1" 200 73904
202.8.42.254 - - [03/Feb/2025:01:22:27 +0100] "GET /ticket2/opencms/system/modules/com.gridnine.opencms.ticketbrokerage.site/resources/js/calendar.js HTTP/1.1" 200 49229
202.8.42.254 - - [03/Feb/2025:01:22:27 +0100] "GET /ticket2/opencms/system/modules/com.gridnine.opencms.ticketbrokerage.site/resources/js/calendar-setup.js HTTP/1.1" 200 4923
202.8.42.254 - - [03/Feb/2025:01:22:27 +0100] "GET /ticket2/opencms/system/modules/com.gridnine.opencms.ticketbrokerage.site/resources/js/jquery.fancybox.pack.js HTTP/1.1" 200 23187
202.8.42.254 - - [03/Feb/2025:01:22:27 +0100] "GET /ticket2/opencms/system/modules/com.gridnine.opencms.ticketbrokerage.site/resources/js/functions.js HTTP/1.1" 200 1583
202.8.42.254 - - [03/Feb/2025:01:22:27 +0100] "GET /ticket2/opencms/system/modules/com.gridnine.opencms.ticketbrokerage.site/resources/js/jquery/jquery.js HTTP/1.1" 200 93868
202.8.42.254 - - [03/Feb/2025:01:22:27 +0100] "GET /ticket2/opencms/system/modules/com.gridnine.opencms.ticketbrokerage.site/resources/js/calendar-en.js HTTP/1.1" 200 3338
202.8.42.254 - - [03/Feb/2025:01:22:27 +0100] "GET /ticket2/opencms/system/modules/com.gridnine.opencms.ticketbrokerage.site/resources/js/jquery/jquery-ui.js HTTP/1.1" 200 228088
202.8.42.254 - - [03/Feb/2025:01:22:27 +0100] "GET /ticket2/opencms/system/modules/com.gridnine.opencms.ticketbrokerage.site/resources/js/standard.js HTTP/1.1" 200 3983
202.8.42.254 - - [03/Feb/2025:01:22:27 +0100] "GET /ticket2/opencms/system/modules/com.gridnine.opencms.ticketbrokerage.site/resources/js/jquery.placeholder.min.js HTTP/1.1" 200 1737
202.8.42.254 - - [03/Feb/2025:01:22:28 +0100] "GET /ticket2/opencms/system/modules/com.gridnine.opencms.ticketbrokerage.site/resources/js/common-ajax.js HTTP/1.1" 200 20175
195.191.219.132 - - [03/Feb/2025:01:22:28 +0100] "GET /ticket2/opencms/ga/buy/?page=1&edid=C28B3B84-6A6E-6FCB-67EF-1F8424FD799A HTTP/1.1" 200 122664
202.8.42.254 - - [03/Feb/2025:01:22:28 +0100] "GET /ticket2/opencms/es/ask-form.html HTTP/1.1" 200 3156
202.8.42.254 - - [03/Feb/2025:01:22:28 +0100] "GET /ticket2/opencms/system/modules/com.gridnine.opencms.ticketbrokerage.site/resources/css/ticketbrokerage.css HTTP/1.1" 200 39339
192.99.3.137 - - [03/Feb/2025:01:22:29 +0100] "GET /ticket2/opencms/hu/buy/?page=1&edid=C448ACCE-4E2F-44DD-92FC-D2C00A7DD0E5 HTTP/1.1" 200 108755
65.21.232.254 - - [03/Feb/2025:01:22:30 +0100] "GET /ticket2/opencms/fi/login/?edid=6B4CDBD6-BDDC-916F-3BE2-76308B9E5CBF HTTP/1.1" 200 89676
195.191.219.132 - - [03/Feb/2025:01:22:30 +0100] "GET /ticket2/opencms/ga/buy/?page=1&edid=C2E0FED9-872C-CDB5-EA69-F93F12F9C91F HTTP/1.1" 200 122668
94.154.239.69 - - [03/Feb/2025:01:22:30 +0100] "GET /ticket2/opencms/sv/login/?edid=82268011-9197-E482-07E5-B504BCF32B87 HTTP/1.1" 200 89395
54.36.148.247 - - [03/Feb/2025:01:22:32 +0100] "GET /ticket2/opencms/uk/buy/?page=1&edid=E283AC65-3197-392C-E040-FCBDD904729E HTTP/1.1" 200 122304
195.191.219.132 - - [03/Feb/2025:01:22:32 +0100] "GET /ticket2/opencms/ga/buy/?page=1&edid=C2FB40E1-BEEF-E1A4-6ED5-33C8A69FD5CE HTTP/1.1" 200 110531
66.249.79.33 - - [03/Feb/2025:01:22:32 +0100] "GET /ticket2/opencms/ga/buy/?page=1&edid=139F3535-86E9-B228-454D-FE0034AF61D0 HTTP/1.1" 200 109667
65.21.232.254 - - [03/Feb/2025:01:22:34 +0100] "GET /ticket2/opencms/fi/login/?edid=7EFDE0C1-F2B0-9ADE-B929-783FCCAA4D1D HTTP/1.1" 200 89676
192.99.3.137 - - [03/Feb/2025:01:22:34 +0100] "GET /ticket2/opencms/hu/buy/?page=1&edid=C4A85847-D040-EB89-2141-54F1A8B66277 HTTP/1.1" 200 112565
217.113.194.219 - - [03/Feb/2025:01:22:34 +0100] "GET /ticket2/opencms/sq/buy?page=1&edid=1DC40ECC-FC78-CDB2-9510-7E73DAAD0489 HTTP/1.1" 200 116383
195.191.219.132 - - [03/Feb/2025:01:22:34 +0100] "GET /ticket2/opencms/ga/buy/?page=1&edid=C3C2958F-64DF-91F9-F3D9-8F3CEBC7A797 HTTP/1.1" 200 116572
52.167.144.229 - - [03/Feb/2025:01:22:36 +0100] "GET /ticket2/opencms/fi/buy?page=1&edid=C50C359D-FED8-6125-4F08-37D85D558529 HTTP/1.1" 200 106308
40.77.167.243 - - [03/Feb/2025:01:22:36 +0100] "GET /ticket2/opencms/mo/buy?page=1&edid=1B758EC3-A0AE-5D81-985E-920903B76379 HTTP/1.1" 200 133714
195.191.219.132 - - [03/Feb/2025:01:22:36 +0100] "GET /ticket2/opencms/ga/buy/?page=1&edid=C3C88BDA-1CC3-8611-4BC9-911B22C7161C HTTP/1.1" 200 109399
94.154.239.69 - - [03/Feb/2025:01:22:37 +0100] "GET /ticket2/opencms/sv/login/?edid=8302A2CB-D3FF-EC40-FAFE-E99E29DF82E1 HTTP/1.1" 200 89395
5.9.55.228 - - [03/Feb/2025:01:22:37 +0100] "GET /ticket2/opencms/fi/venue/?venueid=40ADA438-5D69-32FD-AA2D-421A8A0BD7EA HTTP/1.1" 200 84701
65.21.232.254 - - [03/Feb/2025:01:22:38 +0100] "GET /ticket2/opencms/fi/login/?edid=7FB0F437-7C59-E915-B16B-7B2C5BCEFA77 HTTP/1.1" 200 89676
192.99.3.137 - - [03/Feb/2025:01:22:38 +0100] "GET /ticket2/opencms/hu/buy/?page=1&edid=C8B54E4D-ACCA-9CAC-8303-90318E9CF170 HTTP/1.1" 200 109880
52.167.144.158 - - [03/Feb/2025:01:22:38 +0100] "GET /ticket2/opencms/sl/buy?page=1&edid=25666712-CB7E-CDDD-4626-F1CD96C38316 HTTP/1.1" 200 143315
195.191.219.132 - - [03/Feb/2025:01:22:39 +0100] "GET /ticket2/opencms/ga/buy/?page=1&edid=C4141B0C-454E-2CA8-556F-909E6DA54D22 HTTP/1.1" 200 109940
195.191.219.132 - - [03/Feb/2025:01:22:41 +0100] "GET /ticket2/opencms/ga/buy/?page=1&edid=C448ACCE-4E2F-44DD-92FC-D2C00A7DD0E5 HTTP/1.1" 200 109128
94.154.239.69 - - [03/Feb/2025:01:22:41 +0100] "GET /ticket2/opencms/sv/login/?edid=835618E5-0D1F-48E2-E5CA-E8042B524D8C HTTP/1.1" 200 89395
65.21.232.254 - - [03/Feb/2025:01:22:42 +0100] "GET /ticket2/opencms/fi/login/?edid=7FEF6961-5BF1-9DFB-5660-72619EFFF882 HTTP/1.1" 200 89676
192.99.3.137 - - [03/Feb/2025:01:22:42 +0100] "GET /ticket2/opencms/hu/buy/?page=1&edid=C8C69015-BCBB-8460-663E-8B2E58614425 HTTP/1.1" 200 109876
54.36.148.109 - - [03/Feb/2025:01:22:43 +0100] "GET /ticket2/opencms/sk/buy/?page=1&edid=055941D5-AAA9-3559-090F-26D27D65FBDA HTTP/1.1" 200 119805
217.113.194.215 - - [03/Feb/2025:01:22:43 +0100] "GET /ticket2/opencms/sq/buy?page=1&edid=1A528A59-AD98-4A90-3FE1-F1B5268050E9 HTTP/1.1" 200 110515
195.191.219.132 - - [03/Feb/2025:01:22:43 +0100] "GET /ticket2/opencms/ga/buy/?page=1&edid=C49A930A-3CDD-7FC6-981C-4D6ED2E66AA8 HTTP/1.1" 200 110532
195.191.219.132 - - [03/Feb/2025:01:22:45 +0100] "GET /ticket2/opencms/ga/buy/?page=1&edid=C4A85847-D040-EB89-2141-54F1A8B66277 HTTP/1.1" 200 112908
65.21.232.254 - - [03/Feb/2025:01:22:46 +0100] "GET /ticket2/opencms/fi/login/?edid=813B0545-20A1-788F-99C1-8F2B03516D33 HTTP/1.1" 200 89676
192.99.3.137 - - [03/Feb/2025:01:22:46 +0100] "GET /ticket2/opencms/hu/buy/?page=1&edid=C98B3EB5-8142-FF81-EA84-3A224925AACC HTTP/1.1" 200 106459
195.191.219.132 - - [03/Feb/2025:01:22:47 +0100] "GET /ticket2/opencms/ga/buy/?page=1&edid=C5373375-4DE5-4C49-7106-5A73E303534C HTTP/1.1" 200 106845
94.154.239.69 - - [03/Feb/2025:01:22:48 +0100] "GET /ticket2/opencms/sv/login/?edid=83F2E8A0-DC7B-A3A3-A729-75E740E82055 HTTP/1.1" 200 89395
94.74.81.38 - - [03/Feb/2025:01:22:48 +0100] "GET /ticket2/opencms/pl/buy?page=1&edid=17260F4F-A849-5FCD-F08C-3E4A05EF4080 HTTP/1.1" 200 106385
195.191.219.132 - - [03/Feb/2025:01:22:49 +0100] "GET /ticket2/opencms/ga/buy/?page=1&edid=C5541103-512C-D651-87BB-185D7BE93A66 HTTP/1.1" 200 109684
65.21.232.254 - - [03/Feb/2025:01:22:50 +0100] "GET /ticket2/opencms/fi/login/?edid=81745FE2-9A1E-49D6-238C-0D5CD43E46FD HTTP/1.1" 200 89676
192.99.3.137 - - [03/Feb/2025:01:22:50 +0100] "GET /ticket2/opencms/hu/buy/?page=1&edid=C9919F63-312E-C4DF-29D6-DA1CE80EC9A2 HTTP/1.1" 200 125384
54.36.148.250 - - [03/Feb/2025:01:22:51 +0100] "GET /ticket2/opencms/lt/buy?page=1&edid=7A0C4CE7-DF50-29C3-D447-032204091A27 HTTP/1.1" 200 106622
195.191.219.132 - - [03/Feb/2025:01:22:51 +0100] "GET /ticket2/opencms/ga/buy/?page=1&edid=C5944089-4BA1-6638-58B6-EE4373B33715 HTTP/1.1" 200 116861
217.113.194.217 - - [03/Feb/2025:01:22:52 +0100] "GET /ticket2/opencms/sq/buy?page=1&edid=1AE89D0D-A9A3-AAC9-3FD2-490905A4D3BB HTTP/1.1" 200 106646
202.8.40.145 - - [03/Feb/2025:01:22:52 +0100] "GET /ticket2/opencms/system/modules/com.gridnine.opencms.ticketbrokerage.site/resources/css/jquery-ui.css HTTP/1.1" 200 33221
202.8.40.145 - - [03/Feb/2025:01:22:52 +0100] "GET /ticket2/opencms/system/modules/com.gridnine.opencms.ticketbrokerage.site/resources/css/jquery.fancybox.css HTTP/1.1" 200 4939
202.8.40.145 - - [03/Feb/2025:01:22:52 +0100] "GET /ticket2/opencms/system/modules/com.gridnine.opencms.ticketbrokerage.site/resources/css/calendar.css HTTP/1.1" 200 6871
202.8.40.145 - - [03/Feb/2025:01:22:52 +0100] "GET /ticket2/opencms/system/modules/com.gridnine.opencms.ticketbrokerage.site/resources/css/standard.css HTTP/1.1" 200 73904
202.8.40.145 - - [03/Feb/2025:01:22:52 +0100] "GET /ticket2/opencms/system/modules/com.gridnine.opencms.ticketbrokerage.site/resources/js/stickyfill.min.js HTTP/1.1" 200 5672
202.8.40.145 - - [03/Feb/2025:01:22:52 +0100] "GET /ticket2/opencms/system/modules/com.gridnine.opencms.ticketbrokerage.site/resources/css/ticketbrokerage.css HTTP/1.1" 200 39339
202.8.40.145 - - [03/Feb/2025:01:22:52 +0100] "GET /ticket2/opencms/system/modules/com.gridnine.opencms.ticketbrokerage.site/resources/js/jquery/jquery.js HTTP/1.1" 200 93868
202.8.40.145 - - [03/Feb/2025:01:22:52 +0100] "GET /ticket2/opencms/system/modules/com.gridnine.opencms.ticketbrokerage.site/resources/js/functions.js HTTP/1.1" 200 1583
202.8.40.145 - - [03/Feb/2025:01:22:52 +0100] "GET /ticket2/opencms/system/modules/com.gridnine.opencms.ticketbrokerage.site/resources/js/jquery/jquery-ui.js HTTP/1.1" 200 228088
202.8.40.145 - - [03/Feb/2025:01:22:53 +0100] "GET /ticket2/opencms/system/modules/com.gridnine.opencms.ticketbrokerage.site/resources/js/calendar.js HTTP/1.1" 200 49229
202.8.40.145 - - [03/Feb/2025:01:22:53 +0100] "GET /ticket2/opencms/system/modules/com.gridnine.opencms.ticketbrokerage.site/resources/js/calendar-en.js HTTP/1.1" 200 3338
202.8.40.145 - - [03/Feb/2025:01:22:53 +0100] "GET /ticket2/opencms/system/modules/com.gridnine.opencms.ticketbrokerage.site/resources/js/calendar-setup.js HTTP/1.1" 200 4923
202.8.40.145 - - [03/Feb/2025:01:22:53 +0100] "GET /ticket2/opencms/system/modules/com.gridnine.opencms.ticketbrokerage.site/resources/js/jquery.fancybox.pack.js HTTP/1.1" 200 23187
202.8.40.145 - - [03/Feb/2025:01:22:53 +0100] "GET /ticket2/opencms/system/modules/com.gridnine.opencms.ticketbrokerage.site/resources/js/standard.js HTTP/1.1" 200 3983
94.154.239.69 - - [03/Feb/2025:01:22:53 +0100] "GET /ticket2/opencms/sv/login/?edid=84A5FE5E-FE66-D83A-8A7D-B9483A93F0F3 HTTP/1.1" 200 89395
202.8.40.145 - - [03/Feb/2025:01:22:53 +0100] "GET /ticket2/opencms/system/modules/com.gridnine.opencms.ticketbrokerage.site/resources/js/jquery.placeholder.min.js HTTP/1.1" 200 1737
202.8.40.145 - - [03/Feb/2025:01:22:53 +0100] "GET /ticket2/opencms/system/modules/com.gridnine.opencms.ticketbrokerage.site/resources/js/common-ajax.js HTTP/1.1" 200 20175
202.8.40.145 - - [03/Feb/2025:01:22:53 +0100] "GET /ticket2/opencms/lt/ask-form.html HTTP/1.1" 200 3156
202.8.40.145 - - [03/Feb/2025:01:22:53 +0100] "GET /ticket2/opencms/system/modules/com.gridnine.opencms.ticketbrokerage.site/resources/css/ticketbrokerage.css HTTP/1.1" 200 39339
65.21.232.254 - - [03/Feb/2025:01:22:53 +0100] "GET /ticket2/opencms/fi/login/?edid=824820CC-CEE0-C33E-47FE-80B69B5E3BC0 HTTP/1.1" 200 89676
195.191.219.132 - - [03/Feb/2025:01:22:53 +0100] "GET /ticket2/opencms/ga/buy/?page=1&edid=C5E6BD6B-6997-F99C-5497-F6687FA84598 HTTP/1.1" 200 106811
185.191.171.13 - - [03/Feb/2025:01:22:54 +0100] "GET /ticket2/opencms/fr/sell/ HTTP/1.1" 302 -
192.99.3.137 - - [03/Feb/2025:01:22:55 +0100] "GET /ticket2/opencms/hu/buy/?page=1&edid=CA5B0C82-DB36-D129-88EF-15CA8AFD33CA HTTP/1.1" 200 106464
47.128.51.216 - - [03/Feb/2025:01:22:55 +0100] "GET /ticket2/opencms/be/buy/?edid=3706597D-01C1-24D2-0A1C-59FBD9F8851C HTTP/1.1" 200 90182
195.191.219.132 - - [03/Feb/2025:01:22:56 +0100] "GET /ticket2/opencms/ga/buy/?page=1&edid=DEAFC2C2-F426-D691-6E5C-FCBBF4DFF1AF HTTP/1.1" 200 133853
54.36.148.31 - - [03/Feb/2025:01:22:56 +0100] "GET /ticket2/opencms/et/buy/?page=1&edid=86A7D428-8E42-C0D0-846E-90C83426D4AE HTTP/1.1" 200 122156
66.249.79.33 - - [03/Feb/2025:01:22:57 +0100] "GET /ticket2/opencms/tr/buy/?page=1&edid=63B3C27F-3402-BA64-D032-5846FD6DB5B5 HTTP/1.1" 200 109730
94.154.239.69 - - [03/Feb/2025:01:22:57 +0100] "GET /ticket2/opencms/sv/login/?edid=850C8A8B-2F46-2A88-A8B6-9412FF2064CB HTTP/1.1" 200 89395
65.21.232.254 - - [03/Feb/2025:01:22:58 +0100] "GET /ticket2/opencms/fi/login/?edid=82DAFB8C-2930-7F9D-08E3-A892E55FAAA5 HTTP/1.1" 200 89676
192.99.3.137 - - [03/Feb/2025:01:22:59 +0100] "GET /ticket2/opencms/hu/buy/?page=1&edid=CA75E809-BFD6-00F7-5534-3C8924D19545 HTTP/1.1" 200 106492
195.191.219.132 - - [03/Feb/2025:01:22:59 +0100] "GET /ticket2/opencms/ga/buy/?page=1&edid=E11E1E12-66BC-E0C5-F313-3E777C16F760 HTTP/1.1" 200 128476
85.208.96.193 - - [03/Feb/2025:01:23:00 +0100] "GET /ticket2/opencms/fr/login/?url=%25252Ffr%25252Fsell%25252F HTTP/1.1" 200 89727
217.113.194.220 - - [03/Feb/2025:01:23:01 +0100] "GET /ticket2/opencms/sq/buy?page=1&edid=194D64DE-E32A-EF63-082C-5D0B8F236DDA HTTP/1.1" 200 108824
195.191.219.132 - - [03/Feb/2025:01:23:01 +0100] "GET /ticket2/opencms/ga/buy/?page=1&edid=E123F66C-0D4C-91CD-D0A4-BF13FE729FE0 HTTP/1.1" 200 117416
66.249.79.33 - - [03/Feb/2025:01:23:01 +0100] "GET /ticket2/opencms/is/buy?page=6&comcatid=A17713B6-D984-201A-4143-ED4DB5ED5C2E&catid=5A89E483-58AD-080E-F363-E16CE738916A&eventid=71C5BAEE-C491-0712-FC18-B70E740C173A HTTP/1.1" 200 6410
65.21.232.254 - - [03/Feb/2025:01:23:01 +0100] "GET /ticket2/opencms/fi/login/?edid=83A7C60D-AD39-B127-D69A-4870DF1CAA32 HTTP/1.1" 200 89676
94.154.239.69 - - [03/Feb/2025:01:23:02 +0100] "GET /ticket2/opencms/sv/login/?edid=85C49B56-0E7B-16F6-66E3-E0CA735F0D13 HTTP/1.1" 200 89395
195.191.219.132 - - [03/Feb/2025:01:23:03 +0100] "GET /ticket2/opencms/ga/buy/?page=1&edid=E170716C-2133-4776-C981-486A080B27F2 HTTP/1.1" 200 106852
192.99.3.137 - - [03/Feb/2025:01:23:03 +0100] "GET /ticket2/opencms/hu/buy/?page=1&edid=D04A2A75-C354-C952-6F83-6468E82B896B HTTP/1.1" 200 122981
185.191.171.5 - - [03/Feb/2025:01:23:04 +0100] "GET /ticket2/opencms/sq/sport/bileta-per-futboll/english-championship/rotherham HTTP/1.1" 200 92381
47.128.54.142 - - [03/Feb/2025:01:23:04 +0100] "GET /ticket2/opencms/no/buy/?edid=486EB1CD-95BE-ED77-9E64-4E49BB28C6F8 HTTP/1.1" 200 89063
195.191.219.132 - - [03/Feb/2025:01:23:05 +0100] "GET /ticket2/opencms/ga/buy/?page=1&edid=E1890C55-BB29-2521-0846-5A33B1490A2E HTTP/1.1" 200 109179
85.208.96.199 - - [03/Feb/2025:01:23:05 +0100] "GET /ticket2/opencms/fr/about/press HTTP/1.1" 200 88996
65.21.232.254 - - [03/Feb/2025:01:23:05 +0100] "GET /ticket2/opencms/fi/login/?edid=84E60CC0-07DC-E0F0-0E9B-E329E5C69FB8 HTTP/1.1" 200 89676
54.36.148.41 - - [03/Feb/2025:01:23:05 +0100] "GET /ticket2/opencms/az/buy?page=1&edid=358070B4-8C45-0881-BDE4-7E85113C242B HTTP/1.1" 200 106883
66.249.76.43 - - [03/Feb/2025:01:23:06 +0100] "GET /ticket2/opencms/mo/buy/?page=1&edid=E2D9A408-8935-6A15-C054-9FB347B10142 HTTP/1.1" 200 110418
202.8.42.74 - - [03/Feb/2025:01:23:06 +0100] "GET /ticket2/opencms/system/modules/com.gridnine.opencms.ticketbrokerage.site/resources/css/ticketbrokerage.css HTTP/1.1" 200 39339
202.8.42.74 - - [03/Feb/2025:01:23:06 +0100] "GET /ticket2/opencms/system/modules/com.gridnine.opencms.ticketbrokerage.site/resources/css/jquery-ui.css HTTP/1.1" 200 33221
202.8.42.74 - - [03/Feb/2025:01:23:06 +0100] "GET /ticket2/opencms/system/modules/com.gridnine.opencms.ticketbrokerage.site/resources/css/jquery.fancybox.css HTTP/1.1" 200 4939
202.8.42.74 - - [03/Feb/2025:01:23:06 +0100] "GET /ticket2/opencms/system/modules/com.gridnine.opencms.ticketbrokerage.site/resources/css/standard.css HTTP/1.1" 200 73904
202.8.42.74 - - [03/Feb/2025:01:23:06 +0100] "GET /ticket2/opencms/system/modules/com.gridnine.opencms.ticketbrokerage.site/resources/js/jquery/jquery.js HTTP/1.1" 200 93868
202.8.42.74 - - [03/Feb/2025:01:23:06 +0100] "GET /ticket2/opencms/system/modules/com.gridnine.opencms.ticketbrokerage.site/resources/css/calendar.css HTTP/1.1" 200 6871
202.8.42.74 - - [03/Feb/2025:01:23:06 +0100] "GET /ticket2/opencms/system/modules/com.gridnine.opencms.ticketbrokerage.site/resources/js/jquery/jquery-ui.js HTTP/1.1" 200 228088
202.8.42.74 - - [03/Feb/2025:01:23:06 +0100] "GET /ticket2/opencms/system/modules/com.gridnine.opencms.ticketbrokerage.site/resources/js/functions.js HTTP/1.1" 200 1583
202.8.42.74 - - [03/Feb/2025:01:23:06 +0100] "GET /ticket2/opencms/system/modules/com.gridnine.opencms.ticketbrokerage.site/resources/js/calendar-en.js HTTP/1.1" 200 3338
202.8.42.74 - - [03/Feb/2025:01:23:06 +0100] "GET /ticket2/opencms/system/modules/com.gridnine.opencms.ticketbrokerage.site/resources/js/calendar.js HTTP/1.1" 200 49229
202.8.42.74 - - [03/Feb/2025:01:23:06 +0100] "GET /ticket2/opencms/system/modules/com.gridnine.opencms.ticketbrokerage.site/resources/js/calendar-setup.js HTTP/1.1" 200 4923
202.8.42.74 - - [03/Feb/2025:01:23:06 +0100] "GET /ticket2/opencms/system/modules/com.gridnine.opencms.ticketbrokerage.site/resources/js/jquery.fancybox.pack.js HTTP/1.1" 200 23187
202.8.42.74 - - [03/Feb/2025:01:23:06 +0100] "GET /ticket2/opencms/system/modules/com.gridnine.opencms.ticketbrokerage.site/resources/js/stickyfill.min.js HTTP/1.1" 200 5672
202.8.42.74 - - [03/Feb/2025:01:23:07 +0100] "GET /ticket2/opencms/system/modules/com.gridnine.opencms.ticketbrokerage.site/resources/js/standard.js HTTP/1.1" 200 3983
202.8.42.74 - - [03/Feb/2025:01:23:07 +0100] "GET /ticket2/opencms/system/modules/com.gridnine.opencms.ticketbrokerage.site/resources/js/jquery.placeholder.min.js HTTP/1.1" 200 1737
202.8.42.74 - - [03/Feb/2025:01:23:07 +0100] "GET /ticket2/opencms/system/modules/com.gridnine.opencms.ticketbrokerage.site/resources/js/common-ajax.js HTTP/1.1" 200 20175
202.8.42.74 - - [03/Feb/2025:01:23:07 +0100] "GET /ticket2/opencms/az/ask-form.html HTTP/1.1" 200 3156
202.8.42.74 - - [03/Feb/2025:01:23:07 +0100] "GET /ticket2/opencms/system/modules/com.gridnine.opencms.ticketbrokerage.site/resources/css/ticketbrokerage.css HTTP/1.1" 200 39339
192.99.3.137 - - [03/Feb/2025:01:23:07 +0100] "GET /ticket2/opencms/hu/buy/?page=1&edid=D11D82D4-28DA-1768-D317-EF521A2F97E6 HTTP/1.1" 200 110790
195.191.219.132 - - [03/Feb/2025:01:23:08 +0100] "GET /ticket2/opencms/ga/buy/?page=1&edid=E1CACBEB-5FB5-F359-D95F-1110648BB53A HTTP/1.1" 200 135022
94.154.239.69 - - [03/Feb/2025:01:23:08 +0100] "GET /ticket2/opencms/sv/login/?edid=85FEE197-56BE-9C34-A3B3-D08AF509D2AB HTTP/1.1" 200 89395
65.21.232.254 - - [03/Feb/2025:01:23:09 +0100] "GET /ticket2/opencms/fi/login/?edid=86936F52-E40C-5F1E-A74E-4F189DCDD7FB HTTP/1.1" 200 89676
217.113.194.219 - - [03/Feb/2025:01:23:09 +0100] "GET /ticket2/opencms/sq/buy?page=1&edid=19E84C52-A446-E058-5C60-ACFF6737EAAA HTTP/1.1" 200 106596
195.191.219.132 - - [03/Feb/2025:01:23:10 +0100] "GET /ticket2/opencms/ga/buy/?page=1&edid=E1D17E6B-9491-FB54-F578-EF7CB536A051 HTTP/1.1" 200 106811
192.99.3.137 - - [03/Feb/2025:01:23:12 +0100] "GET /ticket2/opencms/hu/buy/?page=1&edid=D16CBD56-F9C4-0265-CE8D-3642D2270494 HTTP/1.1" 200 106474
195.191.219.132 - - [03/Feb/2025:01:23:12 +0100] "GET /ticket2/opencms/ga/buy/?page=1&edid=E283AC65-3197-392C-E040-FCBDD904729E HTTP/1.1" 200 120160
94.154.239.69 - - [03/Feb/2025:01:23:12 +0100] "GET /ticket2/opencms/sv/login/?edid=86B4B2B3-495F-6DCC-061F-2AA67B1599F7 HTTP/1.1" 200 89395
65.21.232.254 - - [03/Feb/2025:01:23:13 +0100] "GET /ticket2/opencms/fi/login/?edid=8D0833AE-2B01-AC15-150E-0BB34ED20EA0 HTTP/1.1" 200 89676
195.191.219.132 - - [03/Feb/2025:01:23:14 +0100] "GET /ticket2/opencms/ga/buy/?page=1&edid=E81E710D-F6C6-BEBB-C141-3F278F7FA314 HTTP/1.1" 200 106839
54.36.149.23 - - [03/Feb/2025:01:23:14 +0100] "GET /ticket2/opencms/it/buy?page=1&edid=0DB336ED-B184-1B25-4EA8-B6E94BBC2DBC HTTP/1.1" 200 133189
40.77.167.38 - - [03/Feb/2025:01:23:15 +0100] "GET /ticket2/opencms/no/magazine/article/???%20Error%20reading%20resource%20from%20path HTTP/1.1" 200 86801
202.8.40.196 - - [03/Feb/2025:01:23:15 +0100] "GET /ticket2/opencms/system/modules/com.gridnine.opencms.ticketbrokerage.site/resources/css/calendar.css HTTP/1.1" 200 6871
202.8.40.196 - - [03/Feb/2025:01:23:15 +0100] "GET /ticket2/opencms/system/modules/com.gridnine.opencms.ticketbrokerage.site/resources/css/jquery-ui.css HTTP/1.1" 200 33221
202.8.40.196 - - [03/Feb/2025:01:23:15 +0100] "GET /ticket2/opencms/system/modules/com.gridnine.opencms.ticketbrokerage.site/resources/css/jquery.fancybox.css HTTP/1.1" 200 4939
202.8.40.196 - - [03/Feb/2025:01:23:15 +0100] "GET /ticket2/opencms/system/modules/com.gridnine.opencms.ticketbrokerage.site/resources/css/standard.css HTTP/1.1" 200 73904
202.8.40.196 - - [03/Feb/2025:01:23:16 +0100] "GET /ticket2/opencms/system/modules/com.gridnine.opencms.ticketbrokerage.site/resources/css/ticketbrokerage.css HTTP/1.1" 200 39339
202.8.40.196 - - [03/Feb/2025:01:23:16 +0100] "GET /ticket2/opencms/system/modules/com.gridnine.opencms.ticketbrokerage.site/resources/js/calendar.js HTTP/1.1" 200 49229
202.8.40.196 - - [03/Feb/2025:01:23:16 +0100] "GET /ticket2/opencms/system/modules/com.gridnine.opencms.ticketbrokerage.site/resources/js/jquery/jquery.js HTTP/1.1" 200 93868
202.8.40.196 - - [03/Feb/2025:01:23:16 +0100] "GET /ticket2/opencms/system/modules/com.gridnine.opencms.ticketbrokerage.site/resources/js/jquery/jquery-ui.js HTTP/1.1" 200 228088
202.8.40.196 - - [03/Feb/2025:01:23:16 +0100] "GET /ticket2/opencms/system/modules/com.gridnine.opencms.ticketbrokerage.site/resources/js/calendar-en.js HTTP/1.1" 200 3338
202.8.40.196 - - [03/Feb/2025:01:23:16 +0100] "GET /ticket2/opencms/system/modules/com.gridnine.opencms.ticketbrokerage.site/resources/js/functions.js HTTP/1.1" 200 1583
202.8.40.196 - - [03/Feb/2025:01:23:16 +0100] "GET /ticket2/opencms/system/modules/com.gridnine.opencms.ticketbrokerage.site/resources/js/calendar-setup.js HTTP/1.1" 200 4923
192.99.3.137 - - [03/Feb/2025:01:23:16 +0100] "GET /ticket2/opencms/hu/buy/?page=1&edid=D3AB0CA8-3C40-1AB9-8BEC-7D01F349EB4E HTTP/1.1" 200 134143
202.8.40.196 - - [03/Feb/2025:01:23:16 +0100] "GET /ticket2/opencms/system/modules/com.gridnine.opencms.ticketbrokerage.site/resources/js/jquery.fancybox.pack.js HTTP/1.1" 200 23187
202.8.40.196 - - [03/Feb/2025:01:23:16 +0100] "GET /ticket2/opencms/system/modules/com.gridnine.opencms.ticketbrokerage.site/resources/js/stickyfill.min.js HTTP/1.1" 200 5672
202.8.40.196 - - [03/Feb/2025:01:23:16 +0100] "GET /ticket2/opencms/system/modules/com.gridnine.opencms.ticketbrokerage.site/resources/js/standard.js HTTP/1.1" 200 3983
202.8.40.196 - - [03/Feb/2025:01:23:16 +0100] "GET /ticket2/opencms/system/modules/com.gridnine.opencms.ticketbrokerage.site/resources/js/jquery.placeholder.min.js HTTP/1.1" 200 1737
202.8.40.196 - - [03/Feb/2025:01:23:16 +0100] "GET /ticket2/opencms/system/modules/com.gridnine.opencms.ticketbrokerage.site/resources/js/common-ajax.js HTTP/1.1" 200 20175
202.8.40.196 - - [03/Feb/2025:01:23:16 +0100] "GET /ticket2/opencms/it/ask-form.html HTTP/1.1" 200 3156
202.8.40.196 - - [03/Feb/2025:01:23:16 +0100] "GET /ticket2/opencms/system/modules/com.gridnine.opencms.ticketbrokerage.site/resources/css/ticketbrokerage.css HTTP/1.1" 200 39339
195.191.219.132 - - [03/Feb/2025:01:23:16 +0100] "GET /ticket2/opencms/ga/buy/?page=1&edid=E8492630-5817-95C8-DBCF-47EFEEBEB25B HTTP/1.1" 200 133891
5.9.55.228 - - [03/Feb/2025:01:23:17 +0100] "GET /ticket2/opencms/fi/venue/?venueid=40BC3D00-46E6-20A0-5D8C-1C84088AAF36 HTTP/1.1" 200 84675
65.21.232.254 - - [03/Feb/2025:01:23:17 +0100] "GET /ticket2/opencms/fi/login/?edid=98B5152B-D0CA-636B-A921-B33BCB03C7DC HTTP/1.1" 200 89676
94.154.239.69 - - [03/Feb/2025:01:23:18 +0100] "GET /ticket2/opencms/sv/login/?edid=8704A6FC-1DE4-C984-AB65-851DF73AC6FC HTTP/1.1" 200 89395
217.113.194.221 - - [03/Feb/2025:01:23:18 +0100] "GET /ticket2/opencms/sq/buy?page=1&edid=19227EA6-CC82-2DE2-5E66-C87B7D570690 HTTP/1.1" 200 109560
195.191.219.132 - - [03/Feb/2025:01:23:19 +0100] "GET /ticket2/opencms/ga/buy/?page=1&edid=E86F0F7D-1756-1185-7E08-E94436C5DD8E HTTP/1.1" 200 125698
52.167.144.229 - - [03/Feb/2025:01:23:19 +0100] "GET /ticket2/opencms/de/buy/?page=1&edid=3A112EC8-7546-89A9-6CF8-1988F07DBDBE HTTP/1.1" 200 109624
192.99.3.137 - - [03/Feb/2025:01:23:20 +0100] "GET /ticket2/opencms/hu/buy/?page=1&edid=D3BB5206-D09C-E9EC-0247-A3E56EA24028 HTTP/1.1" 200 110163
52.167.144.229 - - [03/Feb/2025:01:23:20 +0100] "GET /ticket2/opencms/es/buy/?page=1&edid=382200F9-A319-F215-14F8-C7B4677A39A9 HTTP/1.1" 200 106527
65.21.232.254 - - [03/Feb/2025:01:23:21 +0100] "GET /ticket2/opencms/fi/login/?edid=A9BA7D5C-8D7C-421C-C929-73A689727790 HTTP/1.1" 200 89676
195.191.219.132 - - [03/Feb/2025:01:23:21 +0100] "GET /ticket2/opencms/ga/buy/?page=1&edid=E9B7DED4-B9B3-1D5B-302C-EBD67027CF78 HTTP/1.1" 200 133878
195.191.219.132 - - [03/Feb/2025:01:23:23 +0100] "GET /ticket2/opencms/ga/buy/?page=1&edid=E9DB3A42-82BF-9B65-3ED4-EE5A32871388 HTTP/1.1" 200 111131
54.36.148.197 - - [03/Feb/2025:01:23:24 +0100] "GET /ticket2/opencms/ro/buy?page=1&edid=F6B52729-D385-1BA8-C061-8869A2499C82 HTTP/1.1" 200 106572
94.154.239.69 - - [03/Feb/2025:01:23:25 +0100] "GET /ticket2/opencms/sv/login/?edid=87B3356E-6F78-7F45-235C-4CD49B95C308 HTTP/1.1" 200 89395
65.21.232.254 - - [03/Feb/2025:01:23:25 +0100] "GET /ticket2/opencms/fi/login/?edid=AEE686B1-0F06-BE3A-CE07-98C2BAFB7F71 HTTP/1.1" 200 89676
202.8.42.87 - - [03/Feb/2025:01:23:25 +0100] "GET /ticket2/opencms/system/modules/com.gridnine.opencms.ticketbrokerage.site/resources/css/jquery-ui.css HTTP/1.1" 200 33221
202.8.42.87 - - [03/Feb/2025:01:23:25 +0100] "GET /ticket2/opencms/system/modules/com.gridnine.opencms.ticketbrokerage.site/resources/css/ticketbrokerage.css HTTP/1.1" 200 39339
202.8.42.87 - - [03/Feb/2025:01:23:25 +0100] "GET /ticket2/opencms/system/modules/com.gridnine.opencms.ticketbrokerage.site/resources/css/calendar.css HTTP/1.1" 200 6871
202.8.42.87 - - [03/Feb/2025:01:23:25 +0100] "GET /ticket2/opencms/system/modules/com.gridnine.opencms.ticketbrokerage.site/resources/css/jquery.fancybox.css HTTP/1.1" 200 4939
202.8.42.87 - - [03/Feb/2025:01:23:25 +0100] "GET /ticket2/opencms/system/modules/com.gridnine.opencms.ticketbrokerage.site/resources/css/standard.css HTTP/1.1" 200 73904
202.8.42.87 - - [03/Feb/2025:01:23:25 +0100] "GET /ticket2/opencms/system/modules/com.gridnine.opencms.ticketbrokerage.site/resources/js/jquery/jquery.js HTTP/1.1" 200 93868
202.8.42.87 - - [03/Feb/2025:01:23:25 +0100] "GET /ticket2/opencms/system/modules/com.gridnine.opencms.ticketbrokerage.site/resources/js/jquery/jquery-ui.js HTTP/1.1" 200 228088
202.8.42.87 - - [03/Feb/2025:01:23:25 +0100] "GET /ticket2/opencms/system/modules/com.gridnine.opencms.ticketbrokerage.site/resources/js/functions.js HTTP/1.1" 200 1583
202.8.42.87 - - [03/Feb/2025:01:23:25 +0100] "GET /ticket2/opencms/system/modules/com.gridnine.opencms.ticketbrokerage.site/resources/js/calendar.js HTTP/1.1" 200 49229
202.8.42.87 - - [03/Feb/2025:01:23:25 +0100] "GET /ticket2/opencms/system/modules/com.gridnine.opencms.ticketbrokerage.site/resources/js/calendar-en.js HTTP/1.1" 200 3338
202.8.42.87 - - [03/Feb/2025:01:23:25 +0100] "GET /ticket2/opencms/system/modules/com.gridnine.opencms.ticketbrokerage.site/resources/js/calendar-setup.js HTTP/1.1" 200 4923
202.8.42.87 - - [03/Feb/2025:01:23:25 +0100] "GET /ticket2/opencms/system/modules/com.gridnine.opencms.ticketbrokerage.site/resources/js/jquery.fancybox.pack.js HTTP/1.1" 200 23187
202.8.42.87 - - [03/Feb/2025:01:23:25 +0100] "GET /ticket2/opencms/system/modules/com.gridnine.opencms.ticketbrokerage.site/resources/js/stickyfill.min.js HTTP/1.1" 200 5672
202.8.42.87 - - [03/Feb/2025:01:23:25 +0100] "GET /ticket2/opencms/system/modules/com.gridnine.opencms.ticketbrokerage.site/resources/js/standard.js HTTP/1.1" 200 3983
202.8.42.87 - - [03/Feb/2025:01:23:25 +0100] "GET /ticket2/opencms/system/modules/com.gridnine.opencms.ticketbrokerage.site/resources/js/jquery.placeholder.min.js HTTP/1.1" 200 1737
202.8.42.87 - - [03/Feb/2025:01:23:25 +0100] "GET /ticket2/opencms/system/modules/com.gridnine.opencms.ticketbrokerage.site/resources/js/common-ajax.js HTTP/1.1" 200 20175
202.8.42.87 - - [03/Feb/2025:01:23:25 +0100] "GET /ticket2/opencms/ro/ask-form.html HTTP/1.1" 200 3156
202.8.42.87 - - [03/Feb/2025:01:23:26 +0100] "GET /ticket2/opencms/system/modules/com.gridnine.opencms.ticketbrokerage.site/resources/css/ticketbrokerage.css HTTP/1.1" 200 39339
66.249.79.34 - - [03/Feb/2025:01:23:26 +0100] "GET /ticket2/opencms/ga/buy/?comcatid=0A6B8208-FDA4-E929-9D72-5312FD481B76 HTTP/1.1" 200 6410
195.191.219.132 - - [03/Feb/2025:01:23:26 +0100] "GET /ticket2/opencms/ga/buy/?page=1&edid=E9F0B041-BF0A-CE11-045F-89CD49D4FA7D HTTP/1.1" 200 112866
217.113.194.213 - - [03/Feb/2025:01:23:27 +0100] "GET /ticket2/opencms/sq/buy?page=1&edid=4DFADB48-D949-97F7-B374-193C167D2333 HTTP/1.1" 200 109153
192.99.3.137 - - [03/Feb/2025:01:23:27 +0100] "GET /ticket2/opencms/hu/buy/?page=1&edid=D3CFC94C-099A-20DC-B2B6-57B9CC37DA19 HTTP/1.1" 200 106514
195.191.219.132 - - [03/Feb/2025:01:23:28 +0100] "GET /ticket2/opencms/ga/buy/?page=1&edid=EBF1342E-BB1A-F042-231F-198A898B67BA HTTP/1.1" 200 119786
65.21.232.254 - - [03/Feb/2025:01:23:30 +0100] "GET /ticket2/opencms/fi/login/?edid=B939F61B-1162-C4A7-30F7-5D013667E7F3 HTTP/1.1" 200 89676
94.154.239.69 - - [03/Feb/2025:01:23:30 +0100] "GET /ticket2/opencms/sv/login/?edid=87DA8067-258E-93BF-F8B0-6A2011EF3D80 HTTP/1.1" 200 89395
195.191.219.132 - - [03/Feb/2025:01:23:30 +0100] "GET /ticket2/opencms/ga/buy/?page=1&edid=EC2BC309-3510-AA04-CA0C-F3088D5C1D31 HTTP/1.1" 200 122660
195.191.219.132 - - [03/Feb/2025:01:23:32 +0100] "GET /ticket2/opencms/ga/buy/?page=1&edid=EC9F155C-D7A4-D175-1C63-F69B97D44FFB HTTP/1.1" 200 130188
192.99.3.137 - - [03/Feb/2025:01:23:34 +0100] "GET /ticket2/opencms/hu/buy/?page=1&edid=D402E731-16BD-6054-BEC0-D195836DBFA5 HTTP/1.1" 200 118444
65.21.232.254 - - [03/Feb/2025:01:23:34 +0100] "GET /ticket2/opencms/fi/login/?edid=BB37D62D-183C-CB3A-FFE3-384DBECF973F HTTP/1.1" 200 89676
195.191.219.132 - - [03/Feb/2025:01:23:34 +0100] "GET /ticket2/opencms/ga/buy/?page=1&edid=ED6B033E-FAAE-D3A6-3006-A43EA8437C62 HTTP/1.1" 200 115240
94.154.239.69 - - [03/Feb/2025:01:23:35 +0100] "GET /ticket2/opencms/sv/login/?edid=8839DE43-02D6-1964-9569-34CA7978C5BC HTTP/1.1" 200 89395
217.113.194.215 - - [03/Feb/2025:01:23:35 +0100] "GET /ticket2/opencms/sq/buy?page=1&edid=466096D7-B80C-1870-BCB8-B3C285E7220D HTTP/1.1" 200 106585
66.249.79.33 - - [03/Feb/2025:01:23:36 +0100] "GET /ticket2/opencms/lv/buy/?page=1&edid=7C66830B-04B4-AE40-EDE3-9E8728F88692 HTTP/1.1" 200 106599
111.119.254.4 - - [03/Feb/2025:01:23:36 +0100] "GET /ticket2/opencms/pl/buy/?page=1&edid=9A8891BD-C3B9-2FD5-1633-7AEF0F073762 HTTP/1.1" 200 133422
54.36.148.208 - - [03/Feb/2025:01:23:37 +0100] "GET /ticket2/opencms/uk/buy/?page=1&edid=5CA6204E-B944-1C9C-2A91-E87C8D0203BC HTTP/1.1" 200 134597
195.191.219.132 - - [03/Feb/2025:01:23:37 +0100] "GET /ticket2/opencms/ga/buy/?page=1&edid=EE1094B0-5F8D-7F5A-3592-6F4F9BDBF532 HTTP/1.1" 200 133821
65.21.232.254 - - [03/Feb/2025:01:23:38 +0100] "GET /ticket2/opencms/fi/login/?edid=BF3AA6AC-945D-BFDA-58A9-FBECF19591A2 HTTP/1.1" 200 89676
195.191.219.132 - - [03/Feb/2025:01:23:39 +0100] "GET /ticket2/opencms/ga/buy/?page=1&edid=EE9D378D-B608-D0C3-023E-19EA1CC71BB7 HTTP/1.1" 200 106851
85.208.96.196 - - [03/Feb/2025:01:23:41 +0100] "GET /ticket2/opencms/fr/magazine/article?title=la-ligue-des-nations-bat-son-plein HTTP/1.1" 200 87093
94.154.239.69 - - [03/Feb/2025:01:23:41 +0100] "GET /ticket2/opencms/sv/login/?edid=885A2607-A223-24CC-17AE-7C8ECDA8D47C HTTP/1.1" 200 89395
192.99.3.137 - - [03/Feb/2025:01:23:41 +0100] "GET /ticket2/opencms/hu/buy/?page=1&edid=D45BCB35-EE91-062B-5384-4218890EBB45 HTTP/1.1" 200 129878
195.191.219.132 - - [03/Feb/2025:01:23:41 +0100] "GET /ticket2/opencms/ga/buy/?page=1&edid=EEAC8E12-92AA-F0EF-B799-26ACAA3ACC20 HTTP/1.1" 200 116573
65.21.232.254 - - [03/Feb/2025:01:23:42 +0100] "GET /ticket2/opencms/fi/login/?edid=BFAB9E04-7D92-4753-D7E6-FD99B04A44CB HTTP/1.1" 200 89676
52.167.144.204 - - [03/Feb/2025:01:23:43 +0100] "GET /ticket2/opencms/dk/buy/?page=1&edid=B7C31852-4938-05B8-A23C-0248E7A3D5BA HTTP/1.1" 200 108893
195.191.219.132 - - [03/Feb/2025:01:23:44 +0100] "GET /ticket2/opencms/ga/buy/?page=1&edid=FB5480CB-FDB3-16C8-62C0-C378411EBA39 HTTP/1.1" 200 130210
54.36.148.45 - - [03/Feb/2025:01:23:44 +0100] "GET /ticket2/opencms/uk/buy/?page=1&edid=79716713-A068-E79D-953B-9FF4A2B80AAB HTTP/1.1" 200 134593
217.113.194.216 - - [03/Feb/2025:01:23:44 +0100] "GET /ticket2/opencms/sq/buy?page=1&edid=4ADF930A-7A46-B485-98C4-0AA4CEB52311 HTTP/1.1" 200 106638
195.191.219.132 - - [03/Feb/2025:01:23:46 +0100] "GET /ticket2/opencms/ga/buy/?page=1&edid=FF1B1F16-B60A-CB20-3635-FAA393A69F1C HTTP/1.1" 200 112911
65.21.232.254 - - [03/Feb/2025:01:23:46 +0100] "GET /ticket2/opencms/fi/login/?edid=BFABCD8A-0370-5121-72EB-FB336CE4A45D HTTP/1.1" 200 89676
94.154.239.69 - - [03/Feb/2025:01:23:46 +0100] "GET /ticket2/opencms/sv/login/?edid=8877E1E6-6CDA-505B-127D-F41976352983 HTTP/1.1" 200 89395
152.32.153.53 - - [03/Feb/2025:01:23:46 +0100] "GET /ticket2/opencms/de/favicon.ico HTTP/1.1" 404 -
195.191.219.132 - - [03/Feb/2025:01:23:49 +0100] "GET /ticket2/opencms/ga/buy/?page=1&edid=FF312D4E-5B6B-8FA5-BA69-635DC61A8F79 HTTP/1.1" 200 133036
65.21.232.254 - - [03/Feb/2025:01:23:50 +0100] "GET /ticket2/opencms/fi/login/?edid=BFC8ECC1-2107-AC46-D638-419C26368D40 HTTP/1.1" 200 89676
152.32.153.53 - - [03/Feb/2025:01:23:50 +0100] "GET /ticket2/opencms/de/robots.txt HTTP/1.1" 404 -
94.154.239.69 - - [03/Feb/2025:01:23:50 +0100] "GET /ticket2/opencms/sv/login/?edid=890CCDBB-BBBF-11B0-1E79-EA111E8EF281 HTTP/1.1" 200 89395
54.36.148.233 - - [03/Feb/2025:01:23:51 +0100] "GET /ticket2/opencms/sv/ask-form.html HTTP/1.1" 200 2950
195.191.219.132 - - [03/Feb/2025:01:23:51 +0100] "GET /ticket2/opencms/ga/buy/?page=1&edid=FF78E5AF-B575-E137-254B-7D951914395E HTTP/1.1" 200 110590
192.99.3.137 - - [03/Feb/2025:01:23:52 +0100] "GET /ticket2/opencms/hu/buy/?page=1&edid=D4F26649-49E7-D9AD-008F-6A1EF16B5F3C HTTP/1.1" 200 125382
195.191.219.132 - - [03/Feb/2025:01:23:53 +0100] "GET /ticket2/opencms/hr/buy/?page=1&edid=28603009-1BBB-6024-D289-76A34CC16DB3 HTTP/1.1" 200 110152
217.113.194.217 - - [03/Feb/2025:01:23:53 +0100] "GET /ticket2/opencms/sq/buy?page=1&edid=4EFD7CD3-3CCD-738E-DDE8-5250B4FC1DE6 HTTP/1.1" 200 110518
152.32.153.53 - - [03/Feb/2025:01:23:53 +0100] "GET /ticket2/opencms/de/sitemap.xml HTTP/1.1" 200 715529
65.21.232.254 - - [03/Feb/2025:01:23:54 +0100] "GET /ticket2/opencms/fi/login/?edid=BFDFE449-D4A2-3EC2-5F36-4B5707D3EE53 HTTP/1.1" 200 89676
5.9.55.228 - - [03/Feb/2025:01:23:54 +0100] "GET /ticket2/opencms/fi/venue/?venueid=40DC78A8-E12D-6808-C138-74AD7C1598C8 HTTP/1.1" 200 84806
195.191.219.132 - - [03/Feb/2025:01:23:55 +0100] "GET /ticket2/opencms/hr/buy/?page=1&edid=2873D448-9456-C769-305A-D313D730E942 HTTP/1.1" 200 106417
54.36.149.25 - - [03/Feb/2025:01:23:55 +0100] "GET /ticket2/opencms/uk/buy?page=1&edid=EFAD6268-83FA-7979-AAB3-785B7208F10D HTTP/1.1" 200 108817
94.154.239.69 - - [03/Feb/2025:01:23:56 +0100] "GET /ticket2/opencms/sv/login/?edid=89907505-B290-9C62-3837-2005C27DB101 HTTP/1.1" 200 89395
202.8.41.201 - - [03/Feb/2025:01:23:56 +0100] "GET /ticket2/opencms/system/modules/com.gridnine.opencms.ticketbrokerage.site/resources/css/standard.css HTTP/1.1" 200 73904
202.8.41.201 - - [03/Feb/2025:01:23:56 +0100] "GET /ticket2/opencms/system/modules/com.gridnine.opencms.ticketbrokerage.site/resources/css/calendar.css HTTP/1.1" 200 6871
202.8.41.201 - - [03/Feb/2025:01:23:56 +0100] "GET /ticket2/opencms/system/modules/com.gridnine.opencms.ticketbrokerage.site/resources/css/ticketbrokerage.css HTTP/1.1" 200 39339
202.8.41.201 - - [03/Feb/2025:01:23:56 +0100] "GET /ticket2/opencms/system/modules/com.gridnine.opencms.ticketbrokerage.site/resources/css/jquery.fancybox.css HTTP/1.1" 200 4939
202.8.41.201 - - [03/Feb/2025:01:23:56 +0100] "GET /ticket2/opencms/system/modules/com.gridnine.opencms.ticketbrokerage.site/resources/css/jquery-ui.css HTTP/1.1" 200 33221
202.8.41.201 - - [03/Feb/2025:01:23:56 +0100] "GET /ticket2/opencms/system/modules/com.gridnine.opencms.ticketbrokerage.site/resources/js/jquery/jquery.js HTTP/1.1" 200 93868
202.8.41.201 - - [03/Feb/2025:01:23:56 +0100] "GET /ticket2/opencms/system/modules/com.gridnine.opencms.ticketbrokerage.site/resources/js/jquery/jquery-ui.js HTTP/1.1" 200 228088
202.8.41.201 - - [03/Feb/2025:01:23:56 +0100] "GET /ticket2/opencms/system/modules/com.gridnine.opencms.ticketbrokerage.site/resources/js/functions.js HTTP/1.1" 200 1583
202.8.41.201 - - [03/Feb/2025:01:23:56 +0100] "GET /ticket2/opencms/system/modules/com.gridnine.opencms.ticketbrokerage.site/resources/js/calendar.js HTTP/1.1" 200 49229
202.8.41.201 - - [03/Feb/2025:01:23:57 +0100] "GET /ticket2/opencms/system/modules/com.gridnine.opencms.ticketbrokerage.site/resources/js/calendar-en.js HTTP/1.1" 200 3338
202.8.41.201 - - [03/Feb/2025:01:23:57 +0100] "GET /ticket2/opencms/system/modules/com.gridnine.opencms.ticketbrokerage.site/resources/js/calendar-setup.js HTTP/1.1" 200 4923
202.8.41.201 - - [03/Feb/2025:01:23:57 +0100] "GET /ticket2/opencms/system/modules/com.gridnine.opencms.ticketbrokerage.site/resources/js/jquery.fancybox.pack.js HTTP/1.1" 200 23187
202.8.41.201 - - [03/Feb/2025:01:23:57 +0100] "GET /ticket2/opencms/system/modules/com.gridnine.opencms.ticketbrokerage.site/resources/js/stickyfill.min.js HTTP/1.1" 200 5672
202.8.41.201 - - [03/Feb/2025:01:23:57 +0100] "GET /ticket2/opencms/system/modules/com.gridnine.opencms.ticketbrokerage.site/resources/js/standard.js HTTP/1.1" 200 3983
202.8.41.201 - - [03/Feb/2025:01:23:57 +0100] "GET /ticket2/opencms/system/modules/com.gridnine.opencms.ticketbrokerage.site/resources/js/jquery.placeholder.min.js HTTP/1.1" 200 1737
202.8.41.201 - - [03/Feb/2025:01:23:57 +0100] "GET /ticket2/opencms/system/modules/com.gridnine.opencms.ticketbrokerage.site/resources/js/common-ajax.js HTTP/1.1" 200 20175
202.8.41.201 - - [03/Feb/2025:01:23:57 +0100] "GET /ticket2/opencms/uk/ask-form.html HTTP/1.1" 200 3156
202.8.41.201 - - [03/Feb/2025:01:23:57 +0100] "GET /ticket2/opencms/system/modules/com.gridnine.opencms.ticketbrokerage.site/resources/css/ticketbrokerage.css HTTP/1.1" 200 39339
195.191.219.132 - - [03/Feb/2025:01:23:57 +0100] "GET /ticket2/opencms/hr/buy/?page=1&edid=2887ECB1-AF21-0A67-0C3C-54D013C4C3B1 HTTP/1.1" 200 106450
65.21.232.254 - - [03/Feb/2025:01:23:57 +0100] "GET /ticket2/opencms/fi/login/?edid=C03521F2-41EE-6C48-45C4-DE14E2CF6CA2 HTTP/1.1" 200 89676
85.208.96.202 - - [03/Feb/2025:01:23:58 +0100] "GET /ticket2/opencms/pl/login/ HTTP/1.1" 200 89606
195.191.219.132 - - [03/Feb/2025:01:24:00 +0100] "GET /ticket2/opencms/hr/buy/?page=1&edid=28EE235F-C841-C2B4-6721-3F0BBE0DFB17 HTTP/1.1" 200 129751
192.99.3.137 - - [03/Feb/2025:01:24:00 +0100] "GET /ticket2/opencms/hu/buy/?page=1&edid=D582FDF1-C885-7FD8-841B-6D2DEF5C38A4 HTTP/1.1" 200 109563
66.249.76.170 - - [03/Feb/2025:01:24:01 +0100] "GET /ticket2/opencms/el/buy/?page=1&edid=D82A55E9-700E-0A50-F575-755C8E3E7147 HTTP/1.1" 200 112387
94.154.239.69 - - [03/Feb/2025:01:24:01 +0100] "GET /ticket2/opencms/sv/login/?edid=89AC8C22-922C-5C69-19DD-247D667ABB39 HTTP/1.1" 200 89395
65.21.232.254 - - [03/Feb/2025:01:24:01 +0100] "GET /ticket2/opencms/fi/login/?edid=C06EF65F-765A-41B3-7251-28C655DA14AD HTTP/1.1" 200 89676
185.191.171.16 - - [03/Feb/2025:01:24:02 +0100] "GET /ticket2/opencms/sq/magazine/article?title=liverpool-tottenham HTTP/1.1" 200 87087
217.113.194.213 - - [03/Feb/2025:01:24:02 +0100] "GET /ticket2/opencms/sq/buy?page=1&edid=4E64A45B-C53A-FCF7-3F71-4F13C44D918C HTTP/1.1" 200 109446
66.249.79.4 - - [03/Feb/2025:01:24:02 +0100] "GET /ticket2/opencms/de/faq HTTP/1.1" 200 89223
195.191.219.132 - - [03/Feb/2025:01:24:02 +0100] "GET /ticket2/opencms/hr/buy/?page=1&edid=2C538FDD-3C52-6C4F-20BD-65D603C9DD1A HTTP/1.1" 200 108953
52.167.144.238 - - [03/Feb/2025:01:24:04 +0100] "GET /ticket2/opencms/lv/buy?page=1&edid=885A2607-A223-24CC-17AE-7C8ECDA8D47C HTTP/1.1" 200 132227
195.191.219.132 - - [03/Feb/2025:01:24:04 +0100] "GET /ticket2/opencms/hr/buy/?page=1&edid=2CEA0497-8D50-22F6-0E98-33BE3EC14F1E HTTP/1.1" 200 124029
52.167.144.238 - - [03/Feb/2025:01:24:05 +0100] "GET /ticket2/opencms/lt/buy?page=1&edid=e9db3a42-82bf-9b65-3ed4-ee5a32871388 HTTP/1.1" 200 8134
65.21.232.254 - - [03/Feb/2025:01:24:05 +0100] "GET /ticket2/opencms/fi/login/?edid=C10A9B0F-B042-7860-8EFD-336C4373B53D HTTP/1.1" 200 89676
94.154.239.69 - - [03/Feb/2025:01:24:05 +0100] "GET /ticket2/opencms/sv/login/?edid=8A15C340-B6C2-2F43-473C-6069B2AC1544 HTTP/1.1" 200 89395
114.119.129.189 - - [03/Feb/2025:01:24:06 +0100] "GET /ticket2/opencms/en/sport/football-tickets/serie_a/sassuolo/ HTTP/1.1" 200 91157
195.191.219.132 - - [03/Feb/2025:01:24:06 +0100] "GET /ticket2/opencms/hr/buy/?page=1&edid=2E8924E6-28D0-1DDA-A1D1-EAAA09293C64 HTTP/1.1" 200 109807
192.99.3.137 - - [03/Feb/2025:01:24:06 +0100] "GET /ticket2/opencms/hu/buy/?page=1&edid=D5993B62-7816-676A-D732-F9106CE20C20 HTTP/1.1" 200 106500
54.36.148.253 - - [03/Feb/2025:01:24:08 +0100] "GET /ticket2/opencms/dk/sport/fodboldbilletter/champions_league/bayern_munchen/ HTTP/1.1" 200 85685
65.21.232.254 - - [03/Feb/2025:01:24:09 +0100] "GET /ticket2/opencms/fi/login/?edid=C11CE0A1-BCBD-A7C4-C22E-164F1C641833 HTTP/1.1" 200 89676
66.249.79.34 - - [03/Feb/2025:01:24:09 +0100] "GET /ticket2/opencms/hu/buy/?page=1&edid=AC996AD7-E82D-D922-E0F1-608A8CC76E7A HTTP/1.1" 200 109878
217.113.194.213 - - [03/Feb/2025:01:24:11 +0100] "GET /ticket2/opencms/sq/buy?page=1&edid=41223DA8-F64F-F12A-66D9-9E5666E9DFB2 HTTP/1.1" 200 110305
94.154.239.69 - - [03/Feb/2025:01:24:11 +0100] "GET /ticket2/opencms/sv/login/?edid=8A23E726-1974-5413-8366-4570BB38FB56 HTTP/1.1" 200 89395
85.208.96.208 - - [03/Feb/2025:01:24:13 +0100] "GET /ticket2/opencms/it/magazine/article?title=su-larsenal-fc HTTP/1.1" 200 86917
65.21.232.254 - - [03/Feb/2025:01:24:13 +0100] "GET /ticket2/opencms/fi/login/?edid=C168AC79-9AE4-687F-692F-70BDD7169AA1 HTTP/1.1" 200 89676
192.99.3.137 - - [03/Feb/2025:01:24:14 +0100] "GET /ticket2/opencms/hu/buy/?page=1&edid=D5C3D1FE-2C65-44B3-D4BD-F3D23C2158C3 HTTP/1.1" 200 112531
54.36.148.140 - - [03/Feb/2025:01:24:15 +0100] "GET /ticket2/opencms/fi/buy?page=1&edid=959254C8-9F5F-6179-1CA1-062F7936CA77 HTTP/1.1" 200 106240
94.154.239.69 - - [03/Feb/2025:01:24:16 +0100] "GET /ticket2/opencms/sv/login/?edid=8A4BD3C0-720E-C7F3-26B8-C1C8D72D0618 HTTP/1.1" 200 89395
202.8.40.52 - - [03/Feb/2025:01:24:16 +0100] "GET /ticket2/opencms/system/modules/com.gridnine.opencms.ticketbrokerage.site/resources/css/jquery-ui.css HTTP/1.1" 200 33221
202.8.40.52 - - [03/Feb/2025:01:24:16 +0100] "GET /ticket2/opencms/system/modules/com.gridnine.opencms.ticketbrokerage.site/resources/css/calendar.css HTTP/1.1" 200 6871
202.8.40.52 - - [03/Feb/2025:01:24:16 +0100] "GET /ticket2/opencms/system/modules/com.gridnine.opencms.ticketbrokerage.site/resources/css/jquery.fancybox.css HTTP/1.1" 200 4939
202.8.40.52 - - [03/Feb/2025:01:24:16 +0100] "GET /ticket2/opencms/system/modules/com.gridnine.opencms.ticketbrokerage.site/resources/css/ticketbrokerage.css HTTP/1.1" 200 39339
202.8.40.52 - - [03/Feb/2025:01:24:16 +0100] "GET /ticket2/opencms/system/modules/com.gridnine.opencms.ticketbrokerage.site/resources/css/standard.css HTTP/1.1" 200 73904
202.8.40.52 - - [03/Feb/2025:01:24:16 +0100] "GET /ticket2/opencms/system/modules/com.gridnine.opencms.ticketbrokerage.site/resources/js/jquery/jquery.js HTTP/1.1" 200 93868
202.8.40.52 - - [03/Feb/2025:01:24:16 +0100] "GET /ticket2/opencms/system/modules/com.gridnine.opencms.ticketbrokerage.site/resources/js/calendar.js HTTP/1.1" 200 49229
202.8.40.52 - - [03/Feb/2025:01:24:16 +0100] "GET /ticket2/opencms/system/modules/com.gridnine.opencms.ticketbrokerage.site/resources/js/functions.js HTTP/1.1" 200 1583
202.8.40.52 - - [03/Feb/2025:01:24:16 +0100] "GET /ticket2/opencms/system/modules/com.gridnine.opencms.ticketbrokerage.site/resources/js/jquery/jquery-ui.js HTTP/1.1" 200 228088
202.8.40.52 - - [03/Feb/2025:01:24:16 +0100] "GET /ticket2/opencms/system/modules/com.gridnine.opencms.ticketbrokerage.site/resources/js/calendar-en.js HTTP/1.1" 200 3338
