202.8.43.179 - - [03/Feb/2025:01:10:44 +0100] "GET /ticket2/opencms/system/modules/com.gridnine.opencms.ticketbrokerage.site/resources/css/ticketbrokerage.css HTTP/1.1" 200 39339
192.99.3.137 - - [03/Feb/2025:01:10:46 +0100] "GET /ticket2/opencms/hr/buy/?page=1&edid=BD48505E-E559-55E9-6DFD-077C302A0A13 HTTP/1.1" 200 128866
49.0.240.147 - - [03/Feb/2025:01:10:47 +0100] "GET /ticket2/opencms/pl/buy/?page=1&edid=A587FC63-4A93-6097-3B29-C1C51786267C HTTP/1.1" 200 117955
192.99.3.137 - - [03/Feb/2025:01:10:50 +0100] "GET /ticket2/opencms/hr/buy/?page=1&edid=BD5ED709-E550-ECCC-FE1D-2E85747011DF HTTP/1.1" 200 118542
54.36.148.89 - - [03/Feb/2025:01:10:50 +0100] "GET /ticket2/opencms/tr/buy?page=1&edid=EFAD6268-83FA-7979-AAB3-785B7208F10D HTTP/1.1" 200 108928
217.113.194.212 - - [03/Feb/2025:01:10:51 +0100] "GET /ticket2/opencms/sq/buy?page=1&edid=C8B54E4D-ACCA-9CAC-8303-90318E9CF170 HTTP/1.1" 200 112116
202.8.43.76 - - [03/Feb/2025:01:10:52 +0100] "GET /ticket2/opencms/system/modules/com.gridnine.opencms.ticketbrokerage.site/resources/css/jquery-ui.css HTTP/1.1" 200 33221
202.8.43.76 - - [03/Feb/2025:01:10:52 +0100] "GET /ticket2/opencms/system/modules/com.gridnine.opencms.ticketbrokerage.site/resources/css/calendar.css HTTP/1.1" 200 6871
202.8.43.76 - - [03/Feb/2025:01:10:52 +0100] "GET /ticket2/opencms/system/modules/com.gridnine.opencms.ticketbrokerage.site/resources/css/ticketbrokerage.css HTTP/1.1" 200 39339
202.8.43.76 - - [03/Feb/2025:01:10:52 +0100] "GET /ticket2/opencms/system/modules/com.gridnine.opencms.ticketbrokerage.site/resources/css/standard.css HTTP/1.1" 200 73904
202.8.43.76 - - [03/Feb/2025:01:10:52 +0100] "GET /ticket2/opencms/system/modules/com.gridnine.opencms.ticketbrokerage.site/resources/css/jquery.fancybox.css HTTP/1.1" 200 4939
202.8.43.76 - - [03/Feb/2025:01:10:52 +0100] "GET /ticket2/opencms/system/modules/com.gridnine.opencms.ticketbrokerage.site/resources/js/jquery/jquery.js HTTP/1.1" 200 93868
202.8.43.76 - - [03/Feb/2025:01:10:52 +0100] "GET /ticket2/opencms/system/modules/com.gridnine.opencms.ticketbrokerage.site/resources/js/jquery/jquery-ui.js HTTP/1.1" 200 228088
202.8.43.76 - - [03/Feb/2025:01:10:52 +0100] "GET /ticket2/opencms/system/modules/com.gridnine.opencms.ticketbrokerage.site/resources/js/functions.js HTTP/1.1" 200 1583
202.8.43.76 - - [03/Feb/2025:01:10:52 +0100] "GET /ticket2/opencms/system/modules/com.gridnine.opencms.ticketbrokerage.site/resources/js/calendar.js HTTP/1.1" 200 49229
202.8.43.76 - - [03/Feb/2025:01:10:52 +0100] "GET /ticket2/opencms/system/modules/com.gridnine.opencms.ticketbrokerage.site/resources/js/calendar-en.js HTTP/1.1" 200 3338
202.8.43.76 - - [03/Feb/2025:01:10:52 +0100] "GET /ticket2/opencms/system/modules/com.gridnine.opencms.ticketbrokerage.site/resources/js/calendar-setup.js HTTP/1.1" 200 4923
202.8.43.76 - - [03/Feb/2025:01:10:52 +0100] "GET /ticket2/opencms/system/modules/com.gridnine.opencms.ticketbrokerage.site/resources/js/jquery.fancybox.pack.js HTTP/1.1" 200 23187
202.8.43.76 - - [03/Feb/2025:01:10:52 +0100] "GET /ticket2/opencms/system/modules/com.gridnine.opencms.ticketbrokerage.site/resources/js/stickyfill.min.js HTTP/1.1" 200 5672
202.8.43.76 - - [03/Feb/2025:01:10:52 +0100] "GET /ticket2/opencms/system/modules/com.gridnine.opencms.ticketbrokerage.site/resources/js/standard.js HTTP/1.1" 200 3983
202.8.43.76 - - [03/Feb/2025:01:10:52 +0100] "GET /ticket2/opencms/system/modules/com.gridnine.opencms.ticketbrokerage.site/resources/js/jquery.placeholder.min.js HTTP/1.1" 200 1737
202.8.43.76 - - [03/Feb/2025:01:10:52 +0100] "GET /ticket2/opencms/system/modules/com.gridnine.opencms.ticketbrokerage.site/resources/js/common-ajax.js HTTP/1.1" 200 20175
202.8.43.76 - - [03/Feb/2025:01:10:52 +0100] "GET /ticket2/opencms/es/ask-form.html HTTP/1.1" 200 3156
202.8.43.76 - - [03/Feb/2025:01:10:53 +0100] "GET /ticket2/opencms/system/modules/com.gridnine.opencms.ticketbrokerage.site/resources/css/ticketbrokerage.css HTTP/1.1" 200 39339
5.9.55.228 - - [03/Feb/2025:01:10:53 +0100] "GET /ticket2/opencms/fi/venue/?venueid=3A97A88C-6372-9F8E-F130-07FEF2F49EA5 HTTP/1.1" 200 87067
85.208.96.206 - - [03/Feb/2025:01:10:53 +0100] "GET /ticket2/opencms/tb/opencms/en/archive/events/lulea_hf/2007_01_11_19_00/ HTTP/1.1" 404 -
192.99.3.137 - - [03/Feb/2025:01:10:54 +0100] "GET /ticket2/opencms/hr/buy/?page=1&edid=BF4FD546-C4DE-EDCA-D8F8-B2B17DB7AC99 HTTP/1.1" 200 111810
47.128.98.46 - - [03/Feb/2025:01:10:56 +0100] "GET /ticket2/opencms/sv/buy/?edid=FC821C33-E679-411D-0E2F-045A7A8A9CDD HTTP/1.1" 200 91230
66.249.79.33 - - [03/Feb/2025:01:10:56 +0100] "GET /ticket2/opencms/sk/buy/?page=1&edid=D82A55E9-700E-0A50-F575-755C8E3E7147 HTTP/1.1" 200 111219
192.99.3.137 - - [03/Feb/2025:01:10:58 +0100] "GET /ticket2/opencms/hr/buy/?page=1&edid=BF8D38D6-BFC5-94DC-F957-47D6FB3C9AF0 HTTP/1.1" 200 107973
217.113.194.219 - - [03/Feb/2025:01:11:00 +0100] "GET /ticket2/opencms/sq/buy?page=1&edid=C6D4CC33-AAEC-647E-DD83-3DF39108FACF HTTP/1.1" 200 108908
54.36.149.35 - - [03/Feb/2025:01:11:01 +0100] "GET /ticket2/opencms/en/buy?page=1&edid=02A96DEA-D3ED-1404-8606-3CAABA78A871 HTTP/1.1" 200 106915
202.8.43.2 - - [03/Feb/2025:01:11:02 +0100] "GET /ticket2/opencms/system/modules/com.gridnine.opencms.ticketbrokerage.site/resources/css/jquery-ui.css HTTP/1.1" 200 33221
202.8.43.2 - - [03/Feb/2025:01:11:02 +0100] "GET /ticket2/opencms/system/modules/com.gridnine.opencms.ticketbrokerage.site/resources/css/calendar.css HTTP/1.1" 200 6871
202.8.43.2 - - [03/Feb/2025:01:11:02 +0100] "GET /ticket2/opencms/system/modules/com.gridnine.opencms.ticketbrokerage.site/resources/css/ticketbrokerage.css HTTP/1.1" 200 39339
202.8.43.2 - - [03/Feb/2025:01:11:02 +0100] "GET /ticket2/opencms/system/modules/com.gridnine.opencms.ticketbrokerage.site/resources/css/jquery.fancybox.css HTTP/1.1" 200 4939
202.8.43.2 - - [03/Feb/2025:01:11:02 +0100] "GET /ticket2/opencms/system/modules/com.gridnine.opencms.ticketbrokerage.site/resources/css/standard.css HTTP/1.1" 200 73904
202.8.43.2 - - [03/Feb/2025:01:11:02 +0100] "GET /ticket2/opencms/system/modules/com.gridnine.opencms.ticketbrokerage.site/resources/js/jquery/jquery.js HTTP/1.1" 200 93868
202.8.43.2 - - [03/Feb/2025:01:11:02 +0100] "GET /ticket2/opencms/system/modules/com.gridnine.opencms.ticketbrokerage.site/resources/js/functions.js HTTP/1.1" 200 1583
202.8.43.2 - - [03/Feb/2025:01:11:02 +0100] "GET /ticket2/opencms/system/modules/com.gridnine.opencms.ticketbrokerage.site/resources/js/jquery/jquery-ui.js HTTP/1.1" 200 228088
202.8.43.2 - - [03/Feb/2025:01:11:02 +0100] "GET /ticket2/opencms/system/modules/com.gridnine.opencms.ticketbrokerage.site/resources/js/calendar-en.js HTTP/1.1" 200 3338
202.8.43.2 - - [03/Feb/2025:01:11:02 +0100] "GET /ticket2/opencms/system/modules/com.gridnine.opencms.ticketbrokerage.site/resources/js/calendar.js HTTP/1.1" 200 49229
202.8.43.2 - - [03/Feb/2025:01:11:02 +0100] "GET /ticket2/opencms/system/modules/com.gridnine.opencms.ticketbrokerage.site/resources/js/calendar-setup.js HTTP/1.1" 200 4923
192.99.3.137 - - [03/Feb/2025:01:11:02 +0100] "GET /ticket2/opencms/hr/buy/?page=1&edid=C00598F3-771F-F2DA-6AD6-13D480F47A05 HTTP/1.1" 200 108605
202.8.43.2 - - [03/Feb/2025:01:11:02 +0100] "GET /ticket2/opencms/system/modules/com.gridnine.opencms.ticketbrokerage.site/resources/js/jquery.fancybox.pack.js HTTP/1.1" 200 23187
202.8.43.2 - - [03/Feb/2025:01:11:02 +0100] "GET /ticket2/opencms/system/modules/com.gridnine.opencms.ticketbrokerage.site/resources/js/stickyfill.min.js HTTP/1.1" 200 5672
202.8.43.2 - - [03/Feb/2025:01:11:02 +0100] "GET /ticket2/opencms/system/modules/com.gridnine.opencms.ticketbrokerage.site/resources/js/standard.js HTTP/1.1" 200 3983
202.8.43.2 - - [03/Feb/2025:01:11:02 +0100] "GET /ticket2/opencms/system/modules/com.gridnine.opencms.ticketbrokerage.site/resources/js/jquery.placeholder.min.js HTTP/1.1" 200 1737
202.8.43.2 - - [03/Feb/2025:01:11:03 +0100] "GET /ticket2/opencms/system/modules/com.gridnine.opencms.ticketbrokerage.site/resources/js/common-ajax.js HTTP/1.1" 200 20175
202.8.43.2 - - [03/Feb/2025:01:11:03 +0100] "GET /ticket2/opencms/en/ask-form.html HTTP/1.1" 200 3146
202.8.43.2 - - [03/Feb/2025:01:11:03 +0100] "GET /ticket2/opencms/system/modules/com.gridnine.opencms.ticketbrokerage.site/resources/css/ticketbrokerage.css HTTP/1.1" 200 39339
66.249.79.33 - - [03/Feb/2025:01:11:03 +0100] "GET /ticket2/opencms/es/buy/?page=1&edid=146B8DF6-C3A8-4789-7152-7C0ED25F8861&hlv=66923ac5-d970-4da3-826f-7ed40a01000f HTTP/1.1" 200 110201
85.208.96.200 - - [03/Feb/2025:01:11:03 +0100] "GET /ticket2/opencms/el/magazine/article?title=h-manchester-city-kerdizei-thn-premier-league HTTP/1.1" 200 95689
192.99.3.137 - - [03/Feb/2025:01:11:06 +0100] "GET /ticket2/opencms/hr/buy/?page=1&edid=C019DBB8-FF11-8C7C-90B0-E1EB2510B252 HTTP/1.1" 200 111919
154.54.249.216 - - [03/Feb/2025:01:11:08 +0100] "GET /ticket2/opencms/sq/buy?page=1&edid=CB2F98AB-2A36-6804-D7EE-05DAE30031CC HTTP/1.1" 200 111329
54.36.149.90 - - [03/Feb/2025:01:11:10 +0100] "GET /ticket2/opencms/it/buy?page=1&edid=380D9DCE-9F52-6635-EF3F-C6491C4BBEEF HTTP/1.1" 200 134886
192.99.3.137 - - [03/Feb/2025:01:11:11 +0100] "GET /ticket2/opencms/hr/buy/?page=1&edid=C15AE28C-73DB-6928-32A1-4EC14A77EEA7 HTTP/1.1" 200 111214
202.8.40.16 - - [03/Feb/2025:01:11:11 +0100] "GET /ticket2/opencms/system/modules/com.gridnine.opencms.ticketbrokerage.site/resources/css/calendar.css HTTP/1.1" 200 6871
202.8.40.16 - - [03/Feb/2025:01:11:11 +0100] "GET /ticket2/opencms/system/modules/com.gridnine.opencms.ticketbrokerage.site/resources/css/ticketbrokerage.css HTTP/1.1" 200 39339
202.8.40.16 - - [03/Feb/2025:01:11:11 +0100] "GET /ticket2/opencms/system/modules/com.gridnine.opencms.ticketbrokerage.site/resources/css/jquery-ui.css HTTP/1.1" 200 33221
202.8.40.16 - - [03/Feb/2025:01:11:11 +0100] "GET /ticket2/opencms/system/modules/com.gridnine.opencms.ticketbrokerage.site/resources/css/jquery.fancybox.css HTTP/1.1" 200 4939
202.8.40.16 - - [03/Feb/2025:01:11:11 +0100] "GET /ticket2/opencms/system/modules/com.gridnine.opencms.ticketbrokerage.site/resources/css/standard.css HTTP/1.1" 200 73904
47.238.13.17 - - [03/Feb/2025:01:11:11 +0100] "GET /ticket2/opencms/en/buy?page=1&edid=47C0370F-9915-7673-E038-7AD65907592C HTTP/1.1" 200 132815
202.8.40.16 - - [03/Feb/2025:01:11:11 +0100] "GET /ticket2/opencms/system/modules/com.gridnine.opencms.ticketbrokerage.site/resources/js/jquery/jquery.js HTTP/1.1" 200 93868
202.8.40.16 - - [03/Feb/2025:01:11:11 +0100] "GET /ticket2/opencms/system/modules/com.gridnine.opencms.ticketbrokerage.site/resources/js/jquery/jquery-ui.js HTTP/1.1" 200 228088
202.8.40.16 - - [03/Feb/2025:01:11:11 +0100] "GET /ticket2/opencms/system/modules/com.gridnine.opencms.ticketbrokerage.site/resources/js/functions.js HTTP/1.1" 200 1583
202.8.40.16 - - [03/Feb/2025:01:11:11 +0100] "GET /ticket2/opencms/system/modules/com.gridnine.opencms.ticketbrokerage.site/resources/js/calendar-en.js HTTP/1.1" 200 3338
202.8.40.16 - - [03/Feb/2025:01:11:11 +0100] "GET /ticket2/opencms/system/modules/com.gridnine.opencms.ticketbrokerage.site/resources/js/calendar-setup.js HTTP/1.1" 200 4923
202.8.40.16 - - [03/Feb/2025:01:11:11 +0100] "GET /ticket2/opencms/system/modules/com.gridnine.opencms.ticketbrokerage.site/resources/js/calendar.js HTTP/1.1" 200 49229
202.8.40.16 - - [03/Feb/2025:01:11:11 +0100] "GET /ticket2/opencms/system/modules/com.gridnine.opencms.ticketbrokerage.site/resources/js/jquery.fancybox.pack.js HTTP/1.1" 200 23187
202.8.40.16 - - [03/Feb/2025:01:11:11 +0100] "GET /ticket2/opencms/system/modules/com.gridnine.opencms.ticketbrokerage.site/resources/js/stickyfill.min.js HTTP/1.1" 200 5672
202.8.40.16 - - [03/Feb/2025:01:11:11 +0100] "GET /ticket2/opencms/system/modules/com.gridnine.opencms.ticketbrokerage.site/resources/js/standard.js HTTP/1.1" 200 3983
202.8.40.16 - - [03/Feb/2025:01:11:12 +0100] "GET /ticket2/opencms/system/modules/com.gridnine.opencms.ticketbrokerage.site/resources/js/jquery.placeholder.min.js HTTP/1.1" 200 1737
40.77.167.4 - - [03/Feb/2025:01:11:12 +0100] "GET /ticket2/opencms/sv/magazine/article?title=vad-ar-fotboll HTTP/1.1" 200 95582
202.8.40.16 - - [03/Feb/2025:01:11:12 +0100] "GET /ticket2/opencms/system/modules/com.gridnine.opencms.ticketbrokerage.site/resources/js/common-ajax.js HTTP/1.1" 200 20175
202.8.40.16 - - [03/Feb/2025:01:11:12 +0100] "GET /ticket2/opencms/it/ask-form.html HTTP/1.1" 200 3156
202.8.40.16 - - [03/Feb/2025:01:11:12 +0100] "GET /ticket2/opencms/system/modules/com.gridnine.opencms.ticketbrokerage.site/resources/css/ticketbrokerage.css HTTP/1.1" 200 39339
192.99.3.137 - - [03/Feb/2025:01:11:15 +0100] "GET /ticket2/opencms/hr/buy/?page=1&edid=C29FD4D7-C114-3152-7015-AC9740876339 HTTP/1.1" 200 110867
66.249.76.170 - - [03/Feb/2025:01:11:15 +0100] "GET /ticket2/opencms/hu/buy/?page=1&edid=66A41D1B-B106-948F-4ECF-7F8A993B5B86 HTTP/1.1" 200 108956
217.113.194.213 - - [03/Feb/2025:01:11:17 +0100] "GET /ticket2/opencms/sq/buy?page=1&edid=B5C7399B-C087-FF38-4294-BB861C1DB4F9 HTTP/1.1" 200 111597
192.99.3.137 - - [03/Feb/2025:01:11:19 +0100] "GET /ticket2/opencms/hr/buy/?page=1&edid=C2ECBA5C-6F54-380B-DDCA-15DF3F116F7E HTTP/1.1" 200 111856
54.36.148.255 - - [03/Feb/2025:01:11:19 +0100] "GET /ticket2/opencms/lt/buy?page=1&edid=0E487947-8D2A-A553-BF9C-F44B73D05AC1 HTTP/1.1" 200 108946
202.8.43.104 - - [03/Feb/2025:01:11:20 +0100] "GET /ticket2/opencms/system/modules/com.gridnine.opencms.ticketbrokerage.site/resources/css/calendar.css HTTP/1.1" 200 6871
202.8.43.104 - - [03/Feb/2025:01:11:20 +0100] "GET /ticket2/opencms/system/modules/com.gridnine.opencms.ticketbrokerage.site/resources/css/standard.css HTTP/1.1" 200 73904
202.8.43.104 - - [03/Feb/2025:01:11:20 +0100] "GET /ticket2/opencms/system/modules/com.gridnine.opencms.ticketbrokerage.site/resources/css/jquery-ui.css HTTP/1.1" 200 33221
202.8.43.104 - - [03/Feb/2025:01:11:20 +0100] "GET /ticket2/opencms/system/modules/com.gridnine.opencms.ticketbrokerage.site/resources/css/ticketbrokerage.css HTTP/1.1" 200 39339
202.8.43.104 - - [03/Feb/2025:01:11:20 +0100] "GET /ticket2/opencms/system/modules/com.gridnine.opencms.ticketbrokerage.site/resources/css/jquery.fancybox.css HTTP/1.1" 200 4939
202.8.43.104 - - [03/Feb/2025:01:11:20 +0100] "GET /ticket2/opencms/system/modules/com.gridnine.opencms.ticketbrokerage.site/resources/js/jquery/jquery.js HTTP/1.1" 200 93868
202.8.43.104 - - [03/Feb/2025:01:11:20 +0100] "GET /ticket2/opencms/system/modules/com.gridnine.opencms.ticketbrokerage.site/resources/js/functions.js HTTP/1.1" 200 1583
202.8.43.104 - - [03/Feb/2025:01:11:20 +0100] "GET /ticket2/opencms/system/modules/com.gridnine.opencms.ticketbrokerage.site/resources/js/calendar-setup.js HTTP/1.1" 200 4923
202.8.43.104 - - [03/Feb/2025:01:11:20 +0100] "GET /ticket2/opencms/system/modules/com.gridnine.opencms.ticketbrokerage.site/resources/js/jquery/jquery-ui.js HTTP/1.1" 200 228088
202.8.43.104 - - [03/Feb/2025:01:11:20 +0100] "GET /ticket2/opencms/system/modules/com.gridnine.opencms.ticketbrokerage.site/resources/js/calendar.js HTTP/1.1" 200 49229
202.8.43.104 - - [03/Feb/2025:01:11:20 +0100] "GET /ticket2/opencms/system/modules/com.gridnine.opencms.ticketbrokerage.site/resources/js/calendar-en.js HTTP/1.1" 200 3338
202.8.43.104 - - [03/Feb/2025:01:11:20 +0100] "GET /ticket2/opencms/system/modules/com.gridnine.opencms.ticketbrokerage.site/resources/js/jquery.fancybox.pack.js HTTP/1.1" 200 23187
202.8.43.104 - - [03/Feb/2025:01:11:20 +0100] "GET /ticket2/opencms/system/modules/com.gridnine.opencms.ticketbrokerage.site/resources/js/stickyfill.min.js HTTP/1.1" 200 5672
202.8.43.104 - - [03/Feb/2025:01:11:20 +0100] "GET /ticket2/opencms/system/modules/com.gridnine.opencms.ticketbrokerage.site/resources/js/standard.js HTTP/1.1" 200 3983
202.8.43.104 - - [03/Feb/2025:01:11:21 +0100] "GET /ticket2/opencms/system/modules/com.gridnine.opencms.ticketbrokerage.site/resources/js/jquery.placeholder.min.js HTTP/1.1" 200 1737
202.8.43.104 - - [03/Feb/2025:01:11:21 +0100] "GET /ticket2/opencms/system/modules/com.gridnine.opencms.ticketbrokerage.site/resources/js/common-ajax.js HTTP/1.1" 200 20175
202.8.43.104 - - [03/Feb/2025:01:11:21 +0100] "GET /ticket2/opencms/lt/ask-form.html HTTP/1.1" 200 3156
202.8.43.104 - - [03/Feb/2025:01:11:21 +0100] "GET /ticket2/opencms/system/modules/com.gridnine.opencms.ticketbrokerage.site/resources/css/ticketbrokerage.css HTTP/1.1" 200 39339
52.167.144.187 - - [03/Feb/2025:01:11:22 +0100] "GET /ticket2/opencms/en/ HTTP/1.1" 200 105187
192.99.3.137 - - [03/Feb/2025:01:11:23 +0100] "GET /ticket2/opencms/hr/buy/?page=1&edid=C3116C51-41DE-7C13-575E-661138774698 HTTP/1.1" 200 111329
154.54.249.216 - - [03/Feb/2025:01:11:26 +0100] "GET /ticket2/opencms/sq/buy?page=1&edid=D1ED9972-4D83-5CDA-0C4A-1421FBEF5630 HTTP/1.1" 200 109004
47.128.50.241 - - [03/Feb/2025:01:11:26 +0100] "GET /ticket2/opencms/hu/buy/?edid=10597F35-2AC7-31D2-FB61-15A36BB6D73B HTTP/1.1" 200 91848
192.99.3.137 - - [03/Feb/2025:01:11:27 +0100] "GET /ticket2/opencms/hr/buy/?page=1&edid=C4B5873A-46E6-4FA8-07CA-7EB3158F86A6 HTTP/1.1" 200 111805
54.36.148.213 - - [03/Feb/2025:01:11:27 +0100] "GET /ticket2/opencms/az/buy?page=1&edid=7A0C4CE7-DF50-29C3-D447-032204091A27 HTTP/1.1" 200 109173
114.119.134.48 - - [03/Feb/2025:01:11:27 +0100] "GET /ticket2/opencms/en/venue/?venueid=52D19513-CB12-0EF5-BEF7-06DCF33018BA HTTP/1.1" 200 85544
202.8.42.114 - - [03/Feb/2025:01:11:28 +0100] "GET /ticket2/opencms/system/modules/com.gridnine.opencms.ticketbrokerage.site/resources/css/calendar.css HTTP/1.1" 200 6871
202.8.42.114 - - [03/Feb/2025:01:11:28 +0100] "GET /ticket2/opencms/system/modules/com.gridnine.opencms.ticketbrokerage.site/resources/css/ticketbrokerage.css HTTP/1.1" 200 39339
202.8.42.114 - - [03/Feb/2025:01:11:28 +0100] "GET /ticket2/opencms/system/modules/com.gridnine.opencms.ticketbrokerage.site/resources/css/jquery-ui.css HTTP/1.1" 200 33221
202.8.42.114 - - [03/Feb/2025:01:11:28 +0100] "GET /ticket2/opencms/system/modules/com.gridnine.opencms.ticketbrokerage.site/resources/css/standard.css HTTP/1.1" 200 73904
202.8.42.114 - - [03/Feb/2025:01:11:28 +0100] "GET /ticket2/opencms/system/modules/com.gridnine.opencms.ticketbrokerage.site/resources/css/jquery.fancybox.css HTTP/1.1" 200 4939
202.8.42.114 - - [03/Feb/2025:01:11:28 +0100] "GET /ticket2/opencms/system/modules/com.gridnine.opencms.ticketbrokerage.site/resources/js/jquery/jquery.js HTTP/1.1" 200 93868
202.8.42.114 - - [03/Feb/2025:01:11:28 +0100] "GET /ticket2/opencms/system/modules/com.gridnine.opencms.ticketbrokerage.site/resources/js/jquery/jquery-ui.js HTTP/1.1" 200 228088
202.8.42.114 - - [03/Feb/2025:01:11:28 +0100] "GET /ticket2/opencms/system/modules/com.gridnine.opencms.ticketbrokerage.site/resources/js/functions.js HTTP/1.1" 200 1583
202.8.42.114 - - [03/Feb/2025:01:11:28 +0100] "GET /ticket2/opencms/system/modules/com.gridnine.opencms.ticketbrokerage.site/resources/js/calendar.js HTTP/1.1" 200 49229
202.8.42.114 - - [03/Feb/2025:01:11:28 +0100] "GET /ticket2/opencms/system/modules/com.gridnine.opencms.ticketbrokerage.site/resources/js/calendar-en.js HTTP/1.1" 200 3338
202.8.42.114 - - [03/Feb/2025:01:11:29 +0100] "GET /ticket2/opencms/system/modules/com.gridnine.opencms.ticketbrokerage.site/resources/js/calendar-setup.js HTTP/1.1" 200 4923
202.8.42.114 - - [03/Feb/2025:01:11:29 +0100] "GET /ticket2/opencms/system/modules/com.gridnine.opencms.ticketbrokerage.site/resources/js/jquery.fancybox.pack.js HTTP/1.1" 200 23187
202.8.42.114 - - [03/Feb/2025:01:11:29 +0100] "GET /ticket2/opencms/system/modules/com.gridnine.opencms.ticketbrokerage.site/resources/js/stickyfill.min.js HTTP/1.1" 200 5672
202.8.42.114 - - [03/Feb/2025:01:11:29 +0100] "GET /ticket2/opencms/system/modules/com.gridnine.opencms.ticketbrokerage.site/resources/js/standard.js HTTP/1.1" 200 3983
202.8.42.114 - - [03/Feb/2025:01:11:29 +0100] "GET /ticket2/opencms/system/modules/com.gridnine.opencms.ticketbrokerage.site/resources/js/jquery.placeholder.min.js HTTP/1.1" 200 1737
202.8.42.114 - - [03/Feb/2025:01:11:29 +0100] "GET /ticket2/opencms/system/modules/com.gridnine.opencms.ticketbrokerage.site/resources/js/common-ajax.js HTTP/1.1" 200 20175
202.8.42.114 - - [03/Feb/2025:01:11:29 +0100] "GET /ticket2/opencms/az/ask-form.html HTTP/1.1" 200 3156
202.8.42.114 - - [03/Feb/2025:01:11:29 +0100] "GET /ticket2/opencms/system/modules/com.gridnine.opencms.ticketbrokerage.site/resources/css/ticketbrokerage.css HTTP/1.1" 200 39339
192.99.3.137 - - [03/Feb/2025:01:11:31 +0100] "GET /ticket2/opencms/hr/buy/?page=1&edid=C50C359D-FED8-6125-4F08-37D85D558529 HTTP/1.1" 200 108724
66.249.79.33 - - [03/Feb/2025:01:11:31 +0100] "GET /ticket2/opencms/es/buy?page=1&edid=4981A465-C3DA-791B-A6A5-9D4DAB1B5DA0 HTTP/1.1" 200 112192
51.8.102.102 - - [03/Feb/2025:01:11:32 +0100] "GET /ticket2/opencms/el/athlitismos/eisitiria-podosfairou/champions-league/manchester-city HTTP/1.1" 200 98813
54.36.148.154 - - [03/Feb/2025:01:11:33 +0100] "GET /ticket2/opencms/fi/magazine/article?title=chelsea-fanit-reagoivat-turhautuneena HTTP/1.1" 200 93438
27.106.96.212 - - [03/Feb/2025:01:11:34 +0100] "GET /ticket2/opencms/pl/?comcatid=97ECA65A-72DA-F9AF-9DBB-245D3CFED1BE&catid=F4D223A4-C027-46DC-3DE5-726A23E30A62 HTTP/1.1" 200 106677
217.113.194.219 - - [03/Feb/2025:01:11:34 +0100] "GET /ticket2/opencms/sq/buy?page=1&edid=D118929E-CBE7-053F-6244-BA5C05616F0E HTTP/1.1" 200 108990
5.9.55.228 - - [03/Feb/2025:01:11:35 +0100] "GET /ticket2/opencms/fi/venue/?venueid=3AE26EE0-A3E4-AABA-2528-19D13CD1D081 HTTP/1.1" 200 87078
192.99.3.137 - - [03/Feb/2025:01:11:35 +0100] "GET /ticket2/opencms/hr/buy/?page=1&edid=C51DC9BA-8ED0-8D5F-A005-77B2B61DA7C9 HTTP/1.1" 200 111439
85.208.96.210 - - [03/Feb/2025:01:11:37 +0100] "GET /ticket2/opencms/it/magazine/article?title=stadio-emirates HTTP/1.1" 200 95187
192.99.3.137 - - [03/Feb/2025:01:11:39 +0100] "GET /ticket2/opencms/hr/buy/?page=1&edid=C65C7DD7-B53E-6743-1299-72135D790427 HTTP/1.1" 200 110851
40.77.167.38 - - [03/Feb/2025:01:11:41 +0100] "GET /ticket2/opencms/lt/buy/?page=1&edid=62A38D37-A3CA-2938-5541-EC898BE28908 HTTP/1.1" 200 111038
54.36.149.73 - - [03/Feb/2025:01:11:42 +0100] "GET /ticket2/opencms/ka/buy?page=1&edid=2F89DE74-66D3-F2EE-BBA0-20A3C149309A HTTP/1.1" 200 138330
202.8.43.30 - - [03/Feb/2025:01:11:43 +0100] "GET /ticket2/opencms/system/modules/com.gridnine.opencms.ticketbrokerage.site/resources/css/jquery-ui.css HTTP/1.1" 200 33221
202.8.43.30 - - [03/Feb/2025:01:11:43 +0100] "GET /ticket2/opencms/system/modules/com.gridnine.opencms.ticketbrokerage.site/resources/css/calendar.css HTTP/1.1" 200 6871
202.8.43.30 - - [03/Feb/2025:01:11:43 +0100] "GET /ticket2/opencms/system/modules/com.gridnine.opencms.ticketbrokerage.site/resources/css/jquery.fancybox.css HTTP/1.1" 200 4939
202.8.43.30 - - [03/Feb/2025:01:11:43 +0100] "GET /ticket2/opencms/system/modules/com.gridnine.opencms.ticketbrokerage.site/resources/css/ticketbrokerage.css HTTP/1.1" 200 39339
202.8.43.30 - - [03/Feb/2025:01:11:43 +0100] "GET /ticket2/opencms/system/modules/com.gridnine.opencms.ticketbrokerage.site/resources/css/standard.css HTTP/1.1" 200 73904
202.8.43.30 - - [03/Feb/2025:01:11:43 +0100] "GET /ticket2/opencms/system/modules/com.gridnine.opencms.ticketbrokerage.site/resources/js/jquery/jquery.js HTTP/1.1" 200 93868
192.99.3.137 - - [03/Feb/2025:01:11:43 +0100] "GET /ticket2/opencms/hr/buy/?page=1&edid=C6A3430C-A1F7-956B-F26F-DB287A52AC18 HTTP/1.1" 200 108684
217.113.194.218 - - [03/Feb/2025:01:11:43 +0100] "GET /ticket2/opencms/sq/buy?page=1&edid=D3BB5206-D09C-E9EC-0247-A3E56EA24028 HTTP/1.1" 200 112146
202.8.43.30 - - [03/Feb/2025:01:11:43 +0100] "GET /ticket2/opencms/system/modules/com.gridnine.opencms.ticketbrokerage.site/resources/js/calendar-en.js HTTP/1.1" 200 3338
202.8.43.30 - - [03/Feb/2025:01:11:43 +0100] "GET /ticket2/opencms/system/modules/com.gridnine.opencms.ticketbrokerage.site/resources/js/functions.js HTTP/1.1" 200 1583
202.8.43.30 - - [03/Feb/2025:01:11:43 +0100] "GET /ticket2/opencms/system/modules/com.gridnine.opencms.ticketbrokerage.site/resources/js/calendar.js HTTP/1.1" 200 49229
202.8.43.30 - - [03/Feb/2025:01:11:43 +0100] "GET /ticket2/opencms/system/modules/com.gridnine.opencms.ticketbrokerage.site/resources/js/calendar-setup.js HTTP/1.1" 200 4923
202.8.43.30 - - [03/Feb/2025:01:11:43 +0100] "GET /ticket2/opencms/system/modules/com.gridnine.opencms.ticketbrokerage.site/resources/js/jquery/jquery-ui.js HTTP/1.1" 200 228088
202.8.43.30 - - [03/Feb/2025:01:11:43 +0100] "GET /ticket2/opencms/system/modules/com.gridnine.opencms.ticketbrokerage.site/resources/js/jquery.fancybox.pack.js HTTP/1.1" 200 23187
202.8.43.30 - - [03/Feb/2025:01:11:43 +0100] "GET /ticket2/opencms/system/modules/com.gridnine.opencms.ticketbrokerage.site/resources/js/stickyfill.min.js HTTP/1.1" 200 5672
202.8.43.30 - - [03/Feb/2025:01:11:43 +0100] "GET /ticket2/opencms/system/modules/com.gridnine.opencms.ticketbrokerage.site/resources/js/standard.js HTTP/1.1" 200 3983
202.8.43.30 - - [03/Feb/2025:01:11:44 +0100] "GET /ticket2/opencms/system/modules/com.gridnine.opencms.ticketbrokerage.site/resources/js/jquery.placeholder.min.js HTTP/1.1" 200 1737
202.8.43.30 - - [03/Feb/2025:01:11:44 +0100] "GET /ticket2/opencms/system/modules/com.gridnine.opencms.ticketbrokerage.site/resources/js/common-ajax.js HTTP/1.1" 200 20175
202.8.43.30 - - [03/Feb/2025:01:11:44 +0100] "GET /ticket2/opencms/ka/ask-form.html HTTP/1.1" 200 3156
202.8.43.30 - - [03/Feb/2025:01:11:44 +0100] "GET /ticket2/opencms/system/modules/com.gridnine.opencms.ticketbrokerage.site/resources/css/ticketbrokerage.css HTTP/1.1" 200 39339
85.208.96.206 - - [03/Feb/2025:01:11:44 +0100] "GET /ticket2/opencms/mo/sport/bilete-la-fotbal/english-championship/queens-park-rangers/ HTTP/1.1" 200 102660
66.249.79.102 - - [03/Feb/2025:01:11:47 +0100] "GET /ticket2/opencms/nl/buy/?comcatid=A17713B6-D984-201A-4143-ED4DB5ED5C2E&catid=A3372871-3019-08B8-80CE-74B78F441ACA HTTP/1.1" 200 6410
114.119.152.77 - - [03/Feb/2025:01:11:47 +0100] "GET /ticket2/opencms/en/buy?page=1&edid=E32CB158-4010-F4CB-7CEA-BC61CA678038 HTTP/1.1" 200 110320
192.99.3.137 - - [03/Feb/2025:01:11:48 +0100] "GET /ticket2/opencms/hu/buy/?page=1&edid=312E2B30-1BE8-80F9-5587-64D580752ED3 HTTP/1.1" 200 118445
114.119.154.81 - - [03/Feb/2025:01:11:48 +0100] "GET /ticket2/opencms/en/venue/?venueid=C73E0DCE-5592-ED9B-E2AF-FE9E3C67E821 HTTP/1.1" 200 85452
54.36.148.87 - - [03/Feb/2025:01:11:50 +0100] "GET /ticket2/opencms/sq/buy?page=1&edid=F6B52729-D385-1BA8-C061-8869A2499C82 HTTP/1.1" 200 108962
202.8.41.250 - - [03/Feb/2025:01:11:51 +0100] "GET /ticket2/opencms/system/modules/com.gridnine.opencms.ticketbrokerage.site/resources/css/jquery-ui.css HTTP/1.1" 200 33221
202.8.41.250 - - [03/Feb/2025:01:11:51 +0100] "GET /ticket2/opencms/system/modules/com.gridnine.opencms.ticketbrokerage.site/resources/css/ticketbrokerage.css HTTP/1.1" 200 39339
202.8.41.250 - - [03/Feb/2025:01:11:51 +0100] "GET /ticket2/opencms/system/modules/com.gridnine.opencms.ticketbrokerage.site/resources/css/standard.css HTTP/1.1" 200 73904
202.8.41.250 - - [03/Feb/2025:01:11:51 +0100] "GET /ticket2/opencms/system/modules/com.gridnine.opencms.ticketbrokerage.site/resources/css/calendar.css HTTP/1.1" 200 6871
202.8.41.250 - - [03/Feb/2025:01:11:51 +0100] "GET /ticket2/opencms/system/modules/com.gridnine.opencms.ticketbrokerage.site/resources/css/jquery.fancybox.css HTTP/1.1" 200 4939
202.8.41.250 - - [03/Feb/2025:01:11:51 +0100] "GET /ticket2/opencms/system/modules/com.gridnine.opencms.ticketbrokerage.site/resources/js/jquery/jquery.js HTTP/1.1" 200 93868
202.8.41.250 - - [03/Feb/2025:01:11:51 +0100] "GET /ticket2/opencms/system/modules/com.gridnine.opencms.ticketbrokerage.site/resources/js/functions.js HTTP/1.1" 200 1583
202.8.41.250 - - [03/Feb/2025:01:11:51 +0100] "GET /ticket2/opencms/system/modules/com.gridnine.opencms.ticketbrokerage.site/resources/js/jquery/jquery-ui.js HTTP/1.1" 200 228088
202.8.41.250 - - [03/Feb/2025:01:11:51 +0100] "GET /ticket2/opencms/system/modules/com.gridnine.opencms.ticketbrokerage.site/resources/js/calendar-en.js HTTP/1.1" 200 3338
202.8.41.250 - - [03/Feb/2025:01:11:51 +0100] "GET /ticket2/opencms/system/modules/com.gridnine.opencms.ticketbrokerage.site/resources/js/calendar.js HTTP/1.1" 200 49229
202.8.41.250 - - [03/Feb/2025:01:11:51 +0100] "GET /ticket2/opencms/system/modules/com.gridnine.opencms.ticketbrokerage.site/resources/js/calendar-setup.js HTTP/1.1" 200 4923
202.8.41.250 - - [03/Feb/2025:01:11:51 +0100] "GET /ticket2/opencms/system/modules/com.gridnine.opencms.ticketbrokerage.site/resources/js/jquery.fancybox.pack.js HTTP/1.1" 200 23187
202.8.41.250 - - [03/Feb/2025:01:11:51 +0100] "GET /ticket2/opencms/system/modules/com.gridnine.opencms.ticketbrokerage.site/resources/js/stickyfill.min.js HTTP/1.1" 200 5672
202.8.41.250 - - [03/Feb/2025:01:11:51 +0100] "GET /ticket2/opencms/system/modules/com.gridnine.opencms.ticketbrokerage.site/resources/js/standard.js HTTP/1.1" 200 3983
202.8.41.250 - - [03/Feb/2025:01:11:51 +0100] "GET /ticket2/opencms/system/modules/com.gridnine.opencms.ticketbrokerage.site/resources/js/jquery.placeholder.min.js HTTP/1.1" 200 1737
202.8.41.250 - - [03/Feb/2025:01:11:51 +0100] "GET /ticket2/opencms/system/modules/com.gridnine.opencms.ticketbrokerage.site/resources/js/common-ajax.js HTTP/1.1" 200 20175
202.8.41.250 - - [03/Feb/2025:01:11:51 +0100] "GET /ticket2/opencms/sq/ask-form.html HTTP/1.1" 200 3156
202.8.41.250 - - [03/Feb/2025:01:11:52 +0100] "GET /ticket2/opencms/system/modules/com.gridnine.opencms.ticketbrokerage.site/resources/css/ticketbrokerage.css HTTP/1.1" 200 39339
192.99.3.137 - - [03/Feb/2025:01:11:52 +0100] "GET /ticket2/opencms/hu/buy/?page=1&edid=31FDA527-9BE5-CC0F-08BA-BAC5423FB404 HTTP/1.1" 200 108876
217.113.194.214 - - [03/Feb/2025:01:11:52 +0100] "GET /ticket2/opencms/sq/buy?page=1&edid=D5607A12-0D2A-220B-7825-3437A34BC772 HTTP/1.1" 200 111057
66.249.79.33 - - [03/Feb/2025:01:11:54 +0100] "GET /ticket2/opencms/lv/buy/?page=1&edid=7608A35C-00D9-64A3-BF47-D099F0A5B944 HTTP/1.1" 200 108749
192.99.3.137 - - [03/Feb/2025:01:11:56 +0100] "GET /ticket2/opencms/hu/buy/?page=1&edid=32359E59-20A4-8706-5D64-A284D441A719 HTTP/1.1" 200 112135
66.249.79.33 - - [03/Feb/2025:01:12:00 +0100] "GET /ticket2/opencms/ka/buy?page=1&edid=4981A465-C3DA-791B-A6A5-9D4DAB1B5DA0 HTTP/1.1" 200 118130
192.99.3.137 - - [03/Feb/2025:01:12:00 +0100] "GET /ticket2/opencms/hu/buy/?page=1&edid=3289C097-2261-9433-8644-DF033A9EE354 HTTP/1.1" 200 141284
217.113.194.212 - - [03/Feb/2025:01:12:01 +0100] "GET /ticket2/opencms/sq/buy?page=1&edid=C38B91D5-7E34-5D39-0264-2447EFE5EA84 HTTP/1.1" 200 109044
54.36.149.16 - - [03/Feb/2025:01:12:01 +0100] "GET /ticket2/opencms/es/buy?page=1&edid=0AB966ED-711A-1DD6-BBD9-5029029D10A0 HTTP/1.1" 200 112775
192.99.3.137 - - [03/Feb/2025:01:12:05 +0100] "GET /ticket2/opencms/hu/buy/?page=1&edid=32C765D3-F869-7E5E-98A4-5E68576F52A5 HTTP/1.1" 200 135594
192.99.3.137 - - [03/Feb/2025:01:12:09 +0100] "GET /ticket2/opencms/hu/buy/?page=1&edid=3332FDE7-1F4A-7217-A205-4DAC5ABE8927 HTTP/1.1" 200 118179
217.113.194.221 - - [03/Feb/2025:01:12:10 +0100] "GET /ticket2/opencms/sq/buy?page=1&edid=BA98F497-79D9-0BA1-3E19-B45BB0763E07 HTTP/1.1" 200 112862
40.77.167.38 - - [03/Feb/2025:01:12:10 +0100] "GET /ticket2/opencms/en/buy/?page=1&edid=9298EE47-1A7F-20BC-182D-AD5062126FDE HTTP/1.1" 200 109872
5.9.55.228 - - [03/Feb/2025:01:12:11 +0100] "GET /ticket2/opencms/fi/venue/?venueid=3B0B3F5D-FFA8-DF13-4D74-A2C019267C7D HTTP/1.1" 200 87039
192.99.3.137 - - [03/Feb/2025:01:12:13 +0100] "GET /ticket2/opencms/hu/buy/?page=1&edid=3396D07B-AC6D-141E-71F3-9DE65C0FEDF0 HTTP/1.1" 200 115413
66.249.79.33 - - [03/Feb/2025:01:12:14 +0100] "GET /ticket2/opencms/cs/buy/?page=1&edid=7608A35C-00D9-64A3-BF47-D099F0A5B944 HTTP/1.1" 200 108786
54.36.148.58 - - [03/Feb/2025:01:12:14 +0100] "GET /ticket2/opencms/lt/buy?page=1&edid=176C6667-42C1-1632-7378-F783D5B7C94D HTTP/1.1" 200 112149
202.8.40.239 - - [03/Feb/2025:01:12:16 +0100] "GET /ticket2/opencms/system/modules/com.gridnine.opencms.ticketbrokerage.site/resources/css/standard.css HTTP/1.1" 200 73904
202.8.40.239 - - [03/Feb/2025:01:12:16 +0100] "GET /ticket2/opencms/system/modules/com.gridnine.opencms.ticketbrokerage.site/resources/css/ticketbrokerage.css HTTP/1.1" 200 39339
202.8.40.239 - - [03/Feb/2025:01:12:16 +0100] "GET /ticket2/opencms/system/modules/com.gridnine.opencms.ticketbrokerage.site/resources/css/jquery.fancybox.css HTTP/1.1" 200 4939
202.8.40.239 - - [03/Feb/2025:01:12:16 +0100] "GET /ticket2/opencms/system/modules/com.gridnine.opencms.ticketbrokerage.site/resources/js/jquery/jquery.js HTTP/1.1" 200 93868
202.8.40.239 - - [03/Feb/2025:01:12:16 +0100] "GET /ticket2/opencms/system/modules/com.gridnine.opencms.ticketbrokerage.site/resources/css/jquery-ui.css HTTP/1.1" 200 33221
202.8.40.239 - - [03/Feb/2025:01:12:16 +0100] "GET /ticket2/opencms/system/modules/com.gridnine.opencms.ticketbrokerage.site/resources/css/calendar.css HTTP/1.1" 200 6871
202.8.40.239 - - [03/Feb/2025:01:12:16 +0100] "GET /ticket2/opencms/system/modules/com.gridnine.opencms.ticketbrokerage.site/resources/js/jquery/jquery-ui.js HTTP/1.1" 200 228088
202.8.40.239 - - [03/Feb/2025:01:12:16 +0100] "GET /ticket2/opencms/system/modules/com.gridnine.opencms.ticketbrokerage.site/resources/js/functions.js HTTP/1.1" 200 1583
202.8.40.239 - - [03/Feb/2025:01:12:16 +0100] "GET /ticket2/opencms/system/modules/com.gridnine.opencms.ticketbrokerage.site/resources/js/calendar.js HTTP/1.1" 200 49229
202.8.40.239 - - [03/Feb/2025:01:12:16 +0100] "GET /ticket2/opencms/system/modules/com.gridnine.opencms.ticketbrokerage.site/resources/js/calendar-en.js HTTP/1.1" 200 3338
202.8.40.239 - - [03/Feb/2025:01:12:16 +0100] "GET /ticket2/opencms/system/modules/com.gridnine.opencms.ticketbrokerage.site/resources/js/calendar-setup.js HTTP/1.1" 200 4923
202.8.40.239 - - [03/Feb/2025:01:12:16 +0100] "GET /ticket2/opencms/system/modules/com.gridnine.opencms.ticketbrokerage.site/resources/js/jquery.fancybox.pack.js HTTP/1.1" 200 23187
202.8.40.239 - - [03/Feb/2025:01:12:16 +0100] "GET /ticket2/opencms/system/modules/com.gridnine.opencms.ticketbrokerage.site/resources/js/stickyfill.min.js HTTP/1.1" 200 5672
202.8.40.239 - - [03/Feb/2025:01:12:16 +0100] "GET /ticket2/opencms/system/modules/com.gridnine.opencms.ticketbrokerage.site/resources/js/standard.js HTTP/1.1" 200 3983
202.8.40.239 - - [03/Feb/2025:01:12:16 +0100] "GET /ticket2/opencms/system/modules/com.gridnine.opencms.ticketbrokerage.site/resources/js/jquery.placeholder.min.js HTTP/1.1" 200 1737
202.8.40.239 - - [03/Feb/2025:01:12:16 +0100] "GET /ticket2/opencms/system/modules/com.gridnine.opencms.ticketbrokerage.site/resources/js/common-ajax.js HTTP/1.1" 200 20175
202.8.40.239 - - [03/Feb/2025:01:12:16 +0100] "GET /ticket2/opencms/lt/ask-form.html HTTP/1.1" 200 3156
202.8.40.239 - - [03/Feb/2025:01:12:17 +0100] "GET /ticket2/opencms/system/modules/com.gridnine.opencms.ticketbrokerage.site/resources/css/ticketbrokerage.css HTTP/1.1" 200 39339
47.128.112.232 - - [03/Feb/2025:01:12:17 +0100] "GET /ticket2/opencms/hu/buy/?edid=7C470A0B-7875-5849-46E4-808C32ECDB53 HTTP/1.1" 200 91770
192.99.3.137 - - [03/Feb/2025:01:12:18 +0100] "GET /ticket2/opencms/hu/buy/?page=1&edid=33CFCCFE-A22A-4A2C-1202-26E0FBDCB686 HTTP/1.1" 200 121323
111.119.204.195 - - [03/Feb/2025:01:12:19 +0100] "GET /ticket2/opencms/pl/buy/?page=1&edid=DEAFC2C2-F426-D691-6E5C-FCBBF4DFF1AF HTTP/1.1" 200 135293
217.113.194.215 - - [03/Feb/2025:01:12:20 +0100] "GET /ticket2/opencms/sq/buy?page=1&edid=A5A21F9B-BA9F-6460-8CC4-AF1301D02678 HTTP/1.1" 200 109067
192.99.3.137 - - [03/Feb/2025:01:12:22 +0100] "GET /ticket2/opencms/hu/buy/?page=1&edid=348589F6-F332-E9FC-C0E9-6C296BB448B5 HTTP/1.1" 200 108893
207.46.13.157 - - [03/Feb/2025:01:12:22 +0100] "GET /ticket2/opencms/bs/buy?page=1&edid=DE6EAF1E-F0E3-BCEF-6FE9-789554B2D96C HTTP/1.1" 200 123893
54.36.148.104 - - [03/Feb/2025:01:12:23 +0100] "GET /ticket2/opencms/cs/magazine/article?title=thomas-tuchel-se-stava-novym-trenerem-anglicke-reprezentace HTTP/1.1" 200 94080
85.208.96.203 - - [03/Feb/2025:01:12:23 +0100] "GET /ticket2/opencms/pl/magazine/article?title=fulham-fc HTTP/1.1" 200 92452
192.99.3.137 - - [03/Feb/2025:01:12:26 +0100] "GET /ticket2/opencms/hu/buy/?page=1&edid=348C0D4F-C07E-3755-DFEC-416D881A5AC9 HTTP/1.1" 200 122079
47.238.13.0 - - [03/Feb/2025:01:12:27 +0100] "GET /ticket2/opencms/mk/buy?page=1&edid=26467E66-E432-3709-0425-A75E81B5021A HTTP/1.1" 404 -
217.113.194.219 - - [03/Feb/2025:01:12:29 +0100] "GET /ticket2/opencms/sq/buy?page=1&edid=AF02C319-B532-4F64-9DCF-3BBAABF04F0D HTTP/1.1" 200 112088
192.99.3.137 - - [03/Feb/2025:01:12:30 +0100] "GET /ticket2/opencms/hu/buy/?page=1&edid=8B884D00-0090-F7F9-0339-733FDDA065DC HTTP/1.1" 200 111946
50.3.85.78 - - [03/Feb/2025:01:12:32 +0100] "GET /ticket2/opencms/de/ HTTP/1.1" 200 106434
66.249.76.170 - - [03/Feb/2025:01:12:33 +0100] "GET /ticket2/opencms/sl/buy/?page=1&edid=462C13B4-D520-FF5C-33C4-1D131FBF3162 HTTP/1.1" 200 111902
114.119.136.30 - - [03/Feb/2025:01:12:34 +0100] "GET /ticket2/opencms/tr/buy?page=1&=C4414B3C-537F-F39F-9910-712113F2BDF5 HTTP/1.1" 200 6507
85.208.96.204 - - [03/Feb/2025:01:12:34 +0100] "GET /ticket2/opencms/mo/magazine/article?title=burnley-fc HTTP/1.1" 200 92032
192.99.3.137 - - [03/Feb/2025:01:12:34 +0100] "GET /ticket2/opencms/hu/buy/?page=1&edid=8C15C2A6-6F0D-F124-996B-0D6AF34B41CB HTTP/1.1" 200 108908
66.249.79.33 - - [03/Feb/2025:01:12:34 +0100] "GET /ticket2/opencms/fi/buy/?page=1&edid=16F89E14-C93B-5426-9D05-8B8B52774D6F HTTP/1.1" 200 108661
66.249.79.173 - - [03/Feb/2025:01:12:36 +0100] "GET /ticket2/opencms/no/magazine/article?title=ruben-amorim-ble-ny-trener-for-manchester-united HTTP/1.1" 200 93491
54.36.148.160 - - [03/Feb/2025:01:12:36 +0100] "GET /ticket2/opencms/fr/buy?page=1&edid=E8492630-5817-95C8-DBCF-47EFEEBEB25B HTTP/1.1" 200 135294
202.8.42.89 - - [03/Feb/2025:01:12:37 +0100] "GET /ticket2/opencms/system/modules/com.gridnine.opencms.ticketbrokerage.site/resources/css/jquery-ui.css HTTP/1.1" 200 33221
202.8.42.89 - - [03/Feb/2025:01:12:37 +0100] "GET /ticket2/opencms/system/modules/com.gridnine.opencms.ticketbrokerage.site/resources/css/calendar.css HTTP/1.1" 200 6871
202.8.42.89 - - [03/Feb/2025:01:12:37 +0100] "GET /ticket2/opencms/system/modules/com.gridnine.opencms.ticketbrokerage.site/resources/css/ticketbrokerage.css HTTP/1.1" 200 39339
202.8.42.89 - - [03/Feb/2025:01:12:37 +0100] "GET /ticket2/opencms/system/modules/com.gridnine.opencms.ticketbrokerage.site/resources/css/standard.css HTTP/1.1" 200 73904
202.8.42.89 - - [03/Feb/2025:01:12:37 +0100] "GET /ticket2/opencms/system/modules/com.gridnine.opencms.ticketbrokerage.site/resources/css/jquery.fancybox.css HTTP/1.1" 200 4939
202.8.42.89 - - [03/Feb/2025:01:12:37 +0100] "GET /ticket2/opencms/system/modules/com.gridnine.opencms.ticketbrokerage.site/resources/js/jquery/jquery.js HTTP/1.1" 200 93868
217.113.194.216 - - [03/Feb/2025:01:12:37 +0100] "GET /ticket2/opencms/sq/buy?page=1&edid=A3FF7EFF-5154-08F6-7974-2175C0FBE1D6 HTTP/1.1" 200 112159
202.8.42.89 - - [03/Feb/2025:01:12:38 +0100] "GET /ticket2/opencms/system/modules/com.gridnine.opencms.ticketbrokerage.site/resources/js/jquery/jquery-ui.js HTTP/1.1" 200 228088
202.8.42.89 - - [03/Feb/2025:01:12:38 +0100] "GET /ticket2/opencms/system/modules/com.gridnine.opencms.ticketbrokerage.site/resources/js/functions.js HTTP/1.1" 200 1583
202.8.42.89 - - [03/Feb/2025:01:12:38 +0100] "GET /ticket2/opencms/system/modules/com.gridnine.opencms.ticketbrokerage.site/resources/js/calendar.js HTTP/1.1" 200 49229
202.8.42.89 - - [03/Feb/2025:01:12:38 +0100] "GET /ticket2/opencms/system/modules/com.gridnine.opencms.ticketbrokerage.site/resources/js/calendar-en.js HTTP/1.1" 200 3338
202.8.42.89 - - [03/Feb/2025:01:12:38 +0100] "GET /ticket2/opencms/system/modules/com.gridnine.opencms.ticketbrokerage.site/resources/js/calendar-setup.js HTTP/1.1" 200 4923
202.8.42.89 - - [03/Feb/2025:01:12:38 +0100] "GET /ticket2/opencms/system/modules/com.gridnine.opencms.ticketbrokerage.site/resources/js/jquery.fancybox.pack.js HTTP/1.1" 200 23187
202.8.42.89 - - [03/Feb/2025:01:12:38 +0100] "GET /ticket2/opencms/system/modules/com.gridnine.opencms.ticketbrokerage.site/resources/js/stickyfill.min.js HTTP/1.1" 200 5672
202.8.42.89 - - [03/Feb/2025:01:12:38 +0100] "GET /ticket2/opencms/system/modules/com.gridnine.opencms.ticketbrokerage.site/resources/js/standard.js HTTP/1.1" 200 3983
202.8.42.89 - - [03/Feb/2025:01:12:38 +0100] "GET /ticket2/opencms/system/modules/com.gridnine.opencms.ticketbrokerage.site/resources/js/jquery.placeholder.min.js HTTP/1.1" 200 1737
202.8.42.89 - - [03/Feb/2025:01:12:38 +0100] "GET /ticket2/opencms/system/modules/com.gridnine.opencms.ticketbrokerage.site/resources/js/common-ajax.js HTTP/1.1" 200 20175
202.8.42.89 - - [03/Feb/2025:01:12:38 +0100] "GET /ticket2/opencms/fr/ask-form.html HTTP/1.1" 200 3156
192.99.3.137 - - [03/Feb/2025:01:12:38 +0100] "GET /ticket2/opencms/hu/buy/?page=1&edid=8C8B6CAD-0E9C-D59D-F548-EF8ED0013C05 HTTP/1.1" 200 112079
202.8.42.89 - - [03/Feb/2025:01:12:38 +0100] "GET /ticket2/opencms/system/modules/com.gridnine.opencms.ticketbrokerage.site/resources/css/ticketbrokerage.css HTTP/1.1" 200 39339
192.99.3.137 - - [03/Feb/2025:01:12:42 +0100] "GET /ticket2/opencms/hu/buy/?page=1&edid=8CF7B327-CBF8-6902-00E4-357348B3DB32 HTTP/1.1" 200 112764
217.113.194.212 - - [03/Feb/2025:01:12:46 +0100] "GET /ticket2/opencms/sq/buy?page=1&edid=CE3DD33A-7186-3BFF-79C5-A0B5274832DB HTTP/1.1" 200 109007
192.99.3.137 - - [03/Feb/2025:01:12:46 +0100] "GET /ticket2/opencms/hu/buy/?page=1&edid=8D067D33-4AB8-CD99-805B-FBEC01127522 HTTP/1.1" 200 108967
52.167.144.206 - - [03/Feb/2025:01:12:48 +0100] "GET /ticket2/opencms/fi/magazine/article?title=crystal-palace HTTP/1.1" 200 94802
192.99.3.137 - - [03/Feb/2025:01:12:50 +0100] "GET /ticket2/opencms/hu/buy/?page=1&edid=8D24B546-C583-0AE0-A1BF-4A34E2FE9CC5 HTTP/1.1" 200 112173
5.9.55.228 - - [03/Feb/2025:01:12:51 +0100] "GET /ticket2/opencms/fi/venue/?venueid=3C42100B-58B0-2CFB-51D8-262D48BD2A0E HTTP/1.1" 200 87044
80.66.83.48 - - [03/Feb/2025:01:12:51 +0100] "CONNECT 185.25.48.104:80 HTTP/1.1" 400 -
66.249.79.33 - - [03/Feb/2025:01:12:52 +0100] "GET /ticket2/opencms/hu/buy/?page=1&edid=BAABB633-B2E8-EF46-E62A-5B4F0947927C HTTP/1.1" 200 112184
54.36.148.213 - - [03/Feb/2025:01:12:53 +0100] "GET /ticket2/opencms/hr/buy?page=1&edid=2F89DE74-66D3-F2EE-BBA0-20A3C149309A HTTP/1.1" 200 131932
202.8.41.136 - - [03/Feb/2025:01:12:54 +0100] "GET /ticket2/opencms/system/modules/com.gridnine.opencms.ticketbrokerage.site/resources/css/ticketbrokerage.css HTTP/1.1" 200 39339
202.8.41.136 - - [03/Feb/2025:01:12:54 +0100] "GET /ticket2/opencms/system/modules/com.gridnine.opencms.ticketbrokerage.site/resources/css/jquery-ui.css HTTP/1.1" 200 33221
202.8.41.136 - - [03/Feb/2025:01:12:54 +0100] "GET /ticket2/opencms/system/modules/com.gridnine.opencms.ticketbrokerage.site/resources/css/calendar.css HTTP/1.1" 200 6871
202.8.41.136 - - [03/Feb/2025:01:12:54 +0100] "GET /ticket2/opencms/system/modules/com.gridnine.opencms.ticketbrokerage.site/resources/css/standard.css HTTP/1.1" 200 73904
202.8.41.136 - - [03/Feb/2025:01:12:54 +0100] "GET /ticket2/opencms/system/modules/com.gridnine.opencms.ticketbrokerage.site/resources/css/jquery.fancybox.css HTTP/1.1" 200 4939
202.8.41.136 - - [03/Feb/2025:01:12:54 +0100] "GET /ticket2/opencms/system/modules/com.gridnine.opencms.ticketbrokerage.site/resources/js/jquery/jquery.js HTTP/1.1" 200 93868
202.8.41.136 - - [03/Feb/2025:01:12:54 +0100] "GET /ticket2/opencms/system/modules/com.gridnine.opencms.ticketbrokerage.site/resources/js/jquery/jquery-ui.js HTTP/1.1" 200 228088
202.8.41.136 - - [03/Feb/2025:01:12:54 +0100] "GET /ticket2/opencms/system/modules/com.gridnine.opencms.ticketbrokerage.site/resources/js/functions.js HTTP/1.1" 200 1583
202.8.41.136 - - [03/Feb/2025:01:12:54 +0100] "GET /ticket2/opencms/system/modules/com.gridnine.opencms.ticketbrokerage.site/resources/js/calendar.js HTTP/1.1" 200 49229
202.8.41.136 - - [03/Feb/2025:01:12:54 +0100] "GET /ticket2/opencms/system/modules/com.gridnine.opencms.ticketbrokerage.site/resources/js/jquery.fancybox.pack.js HTTP/1.1" 200 23187
202.8.41.136 - - [03/Feb/2025:01:12:54 +0100] "GET /ticket2/opencms/system/modules/com.gridnine.opencms.ticketbrokerage.site/resources/js/calendar-en.js HTTP/1.1" 200 3338
185.191.171.14 - - [03/Feb/2025:01:12:54 +0100] "GET /ticket2/opencms/robots.txt HTTP/1.1" 200 773
202.8.41.136 - - [03/Feb/2025:01:12:54 +0100] "GET /ticket2/opencms/system/modules/com.gridnine.opencms.ticketbrokerage.site/resources/js/stickyfill.min.js HTTP/1.1" 200 5672
202.8.41.136 - - [03/Feb/2025:01:12:54 +0100] "GET /ticket2/opencms/system/modules/com.gridnine.opencms.ticketbrokerage.site/resources/js/calendar-setup.js HTTP/1.1" 200 4923
202.8.41.136 - - [03/Feb/2025:01:12:54 +0100] "GET /ticket2/opencms/system/modules/com.gridnine.opencms.ticketbrokerage.site/resources/js/standard.js HTTP/1.1" 200 3983
202.8.41.136 - - [03/Feb/2025:01:12:54 +0100] "GET /ticket2/opencms/system/modules/com.gridnine.opencms.ticketbrokerage.site/resources/js/jquery.placeholder.min.js HTTP/1.1" 200 1737
202.8.41.136 - - [03/Feb/2025:01:12:54 +0100] "GET /ticket2/opencms/system/modules/com.gridnine.opencms.ticketbrokerage.site/resources/js/common-ajax.js HTTP/1.1" 200 20175
202.8.41.136 - - [03/Feb/2025:01:12:54 +0100] "GET /ticket2/opencms/hr/ask-form.html HTTP/1.1" 200 3156
202.8.41.136 - - [03/Feb/2025:01:12:54 +0100] "GET /ticket2/opencms/system/modules/com.gridnine.opencms.ticketbrokerage.site/resources/css/ticketbrokerage.css HTTP/1.1" 200 39339
192.99.3.137 - - [03/Feb/2025:01:12:55 +0100] "GET /ticket2/opencms/hu/buy/?page=1&edid=8D58C9DD-E967-B351-A76A-68EF419B5A93 HTTP/1.1" 200 111639
40.77.167.59 - - [03/Feb/2025:01:12:55 +0100] "GET /ticket2/opencms/uk/magazine???%20Error%20reading%20resource%20from%20path HTTP/1.1" 200 148769
217.113.194.212 - - [03/Feb/2025:01:12:55 +0100] "GET /ticket2/opencms/sq/buy?page=1&edid=B37AA1BF-8757-3784-2FC6-212DE9498BDD HTTP/1.1" 200 111792
85.208.96.201 - - [03/Feb/2025:01:12:56 +0100] "GET /ticket2/opencms/es/magazine/article?title=william-alain-andre-gabriel-saliba HTTP/1.1" 200 94640
192.99.3.137 - - [03/Feb/2025:01:12:59 +0100] "GET /ticket2/opencms/hu/buy/?page=1&edid=8D916C6C-0A69-41F7-4678-427710F013C6 HTTP/1.1" 200 112720
192.99.3.137 - - [03/Feb/2025:01:13:03 +0100] "GET /ticket2/opencms/hu/buy/?page=1&edid=8DF36092-1262-D852-3FA6-D00FC4F478AA HTTP/1.1" 200 108984
54.36.148.254 - - [03/Feb/2025:01:13:03 +0100] "GET /ticket2/opencms/sl/buy?page=1&edid=F25FBBE3-B880-5730-A316-AE0E479B4D0A HTTP/1.1" 200 108666
121.91.172.183 - - [03/Feb/2025:01:13:04 +0100] "GET /ticket2/opencms/pl/?comcatid=A17713B6-D984-201A-4143-ED4DB5ED5C2E HTTP/1.1" 200 106596
217.113.194.215 - - [03/Feb/2025:01:13:04 +0100] "GET /ticket2/opencms/sq/buy?page=1&edid=BC277D23-30B8-D5EE-234A-A476676DA5A3 HTTP/1.1" 200 108976
66.249.79.33 - - [03/Feb/2025:01:13:04 +0100] "GET /ticket2/opencms/ka/buy?page=1&edid=6F957320-7F2D-3595-C3EF-63F4A1290CC1 HTTP/1.1" 200 114461
185.150.191.125 - - [03/Feb/2025:01:13:05 +0100] "GET /ticket2/opencms/fi/makeasmtp.php?p= HTTP/1.1" 404 -
192.99.3.137 - - [03/Feb/2025:01:13:07 +0100] "GET /ticket2/opencms/hu/buy/?page=1&edid=8E087689-30A7-E7AD-9853-CFBC4F6216DD HTTP/1.1" 200 134558
185.191.171.13 - - [03/Feb/2025:01:13:07 +0100] "GET /ticket2/opencms/nl/sport/voetbal-tickets/serie_a/cesena/ HTTP/1.1" 200 85205
185.150.191.125 - - [03/Feb/2025:01:13:09 +0100] "GET /ticket2/opencms/fi/plugins/function.php HTTP/1.1" 404 -
192.99.3.137 - - [03/Feb/2025:01:13:11 +0100] "GET /ticket2/opencms/hu/buy/?page=1&edid=8E10E53D-20CB-D950-05F1-34EA3BA03F55 HTTP/1.1" 200 108944
185.150.191.125 - - [03/Feb/2025:01:13:12 +0100] "GET /ticket2/opencms/fi/wp-admin/css/makeasmtp.php?p= HTTP/1.1" 404 -
217.113.194.214 - - [03/Feb/2025:01:13:13 +0100] "GET /ticket2/opencms/sq/buy?page=1&edid=B635A79E-B50D-92EF-7C24-3E119FFB008B HTTP/1.1" 200 112069
66.249.76.170 - - [03/Feb/2025:01:13:13 +0100] "GET /ticket2/opencms/fi/buy/?page=1&edid=146B8DF6-C3A8-4789-7152-7C0ED25F8861&hlv=66923ac5-d970-4da3-826f-7ed40a01000f HTTP/1.1" 200 109852
85.208.96.209 - - [03/Feb/2025:01:13:14 +0100] "GET /ticket2/opencms/sl/magazine/article?title=dramaticna-tekma-med-tottenham-in-chelsea HTTP/1.1" 200 94372
192.99.3.137 - - [03/Feb/2025:01:13:16 +0100] "GET /ticket2/opencms/hu/buy/?page=1&edid=8E43ECF6-11B9-CAF2-A331-C77F36107AD0 HTTP/1.1" 200 121694
51.8.155.52 - - [03/Feb/2025:01:13:16 +0100] "GET /ticket2/opencms/hr/magazine/article?title=raspored-utakmica-za-premier-ligu-raspored-premier-lige-20242025 HTTP/1.1" 200 92892
185.191.171.7 - - [03/Feb/2025:01:13:16 +0100] "GET /ticket2/opencms/hr/magazine/article?title=petas-kylian-mbappe HTTP/1.1" 200 92769
54.36.148.129 - - [03/Feb/2025:01:13:17 +0100] "GET /ticket2/opencms/az/buy?page=1&edid=34D2BBB8-FB45-0D0E-564E-E2214021F35A HTTP/1.1" 200 112386
202.8.40.72 - - [03/Feb/2025:01:13:18 +0100] "GET /ticket2/opencms/system/modules/com.gridnine.opencms.ticketbrokerage.site/resources/css/jquery.fancybox.css HTTP/1.1" 200 4939
202.8.40.72 - - [03/Feb/2025:01:13:18 +0100] "GET /ticket2/opencms/system/modules/com.gridnine.opencms.ticketbrokerage.site/resources/css/standard.css HTTP/1.1" 200 73904
202.8.40.72 - - [03/Feb/2025:01:13:18 +0100] "GET /ticket2/opencms/system/modules/com.gridnine.opencms.ticketbrokerage.site/resources/css/ticketbrokerage.css HTTP/1.1" 200 39339
202.8.40.72 - - [03/Feb/2025:01:13:18 +0100] "GET /ticket2/opencms/system/modules/com.gridnine.opencms.ticketbrokerage.site/resources/css/calendar.css HTTP/1.1" 200 6871
202.8.40.72 - - [03/Feb/2025:01:13:18 +0100] "GET /ticket2/opencms/system/modules/com.gridnine.opencms.ticketbrokerage.site/resources/css/jquery-ui.css HTTP/1.1" 200 33221
202.8.40.72 - - [03/Feb/2025:01:13:18 +0100] "GET /ticket2/opencms/system/modules/com.gridnine.opencms.ticketbrokerage.site/resources/js/jquery/jquery.js HTTP/1.1" 200 93868
