52.167.144.20 - - [03/Feb/2025:00:55:44 +0100] "GET /ticket2/opencms/ro/buy?page=1&edid=6491c4b6-5c45-20f3-bdec-54ee4ba903d5 HTTP/1.1" 200 8134
37.123.143.11 - - [03/Feb/2025:00:55:44 +0100] "POST /ticket2/opencms/system/workplace/commons/publishresource.jsp HTTP/1.1" 200 11645
37.123.143.11 - - [03/Feb/2025:00:55:44 +0100] "GET /ticket2/opencms/system/workplace/commons/style/workplace.css HTTP/1.1" 200 14209
37.123.143.11 - - [03/Feb/2025:00:55:44 +0100] "POST /ticket2/opencms/system/workplace/commons/report-progress.jsp HTTP/1.1" 200 5302
65.21.232.254 - - [03/Feb/2025:00:55:45 +0100] "GET /ticket2/opencms/en/buy/?page=1&edid=8AF043CF-251E-B85F-E5E5-5CA1C9CF48F0&sortorder=desc&column=row HTTP/1.1" 200 110113
37.123.143.11 - - [03/Feb/2025:00:55:46 +0100] "POST /ticket2/opencms/system/workplace/commons/publishresource.jsp HTTP/1.1" 200 15425
37.123.143.11 - - [03/Feb/2025:00:55:46 +0100] "GET /ticket2/opencms/system/workplace/commons/style/workplace.css HTTP/1.1" 200 14209
65.21.232.254 - - [03/Feb/2025:00:55:48 +0100] "GET /ticket2/opencms/en/buy/?page=1&edid=8AF043CF-251E-B85F-E5E5-5CA1C9CF48F0&sortorder=desc&column=section HTTP/1.1" 200 110283
40.77.167.43 - - [03/Feb/2025:00:55:48 +0100] "GET /ticket2/opencms/system/modules/com.gridnine.opencms.ticketbrokerage.site/resources/js/common-ajax.js HTTP/1.1" 200 20175
37.123.143.11 - - [03/Feb/2025:00:55:49 +0100] "POST /ticket2/opencms/system/workplace/commons/publishresource.jsp HTTP/1.1" 200 1975
37.123.143.11 - - [03/Feb/2025:00:55:49 +0100] "GET /ticket2/opencms/system/workplace/commons/style/workplace.css HTTP/1.1" 200 14209
52.167.144.187 - - [03/Feb/2025:00:55:50 +0100] "GET /ticket2/opencms/hu/buy/?page=1&edid=8E087689-30A7-E7AD-9853-CFBC4F6216DD HTTP/1.1" 200 134535
52.167.144.231 - - [03/Feb/2025:00:55:51 +0100] "GET /ticket2/opencms/en/buy/?page=6&comcatid=A17713B6-D984-201A-4143-ED4DB5ED5C2E&catid=36394212-F82E-F845-399B-42BED55969CC&eventid=FB78739C-28A3-143B-0EB1-9AD7A5F28F83 HTTP/1.1" 200 6410
5.9.55.228 - - [03/Feb/2025:00:55:51 +0100] "GET /ticket2/opencms/fi/venue/?countryid=E0555A68-26A1-67E7-1128-6849A8576005 HTTP/1.1" 200 116348
37.123.143.11 - - [03/Feb/2025:00:55:52 +0100] "GET /ticket2/opencms/sv/sport/fotbollsbiljetter/ligue_1/ HTTP/1.1" 200 89223
37.123.143.11 - - [03/Feb/2025:00:55:52 +0100] "GET /ticket2/opencms/system/modules/com.gridnine.opencms.ticketbrokerage.site/resources/css/ticketbrokerage.css HTTP/1.1" 200 39339
54.36.148.149 - - [03/Feb/2025:00:55:52 +0100] "GET /ticket2/opencms/be/buy?page=1&edid=9A8891BD-C3B9-2FD5-1633-7AEF0F073762 HTTP/1.1" 200 137502
37.123.143.11 - - [03/Feb/2025:00:55:52 +0100] "GET /ticket2/opencms/system/modules/com.gridnine.opencms.ticketbrokerage.site/resources/css/standard.css HTTP/1.1" 200 73904
37.123.143.11 - - [03/Feb/2025:00:55:52 +0100] "GET /ticket2/opencms/system/modules/com.gridnine.opencms.ticketbrokerage.site/resources/css/calendar.css HTTP/1.1" 200 6871
37.123.143.11 - - [03/Feb/2025:00:55:52 +0100] "GET /ticket2/opencms/system/modules/com.gridnine.opencms.ticketbrokerage.site/resources/js/functions.js HTTP/1.1" 200 1583
37.123.143.11 - - [03/Feb/2025:00:55:52 +0100] "GET /ticket2/opencms/system/modules/com.gridnine.opencms.ticketbrokerage.site/resources/js/calendar.js HTTP/1.1" 200 49229
37.123.143.11 - - [03/Feb/2025:00:55:52 +0100] "GET /ticket2/opencms/system/modules/com.gridnine.opencms.ticketbrokerage.site/resources/js/calendar-en.js HTTP/1.1" 200 3338
37.123.143.11 - - [03/Feb/2025:00:55:52 +0100] "GET /ticket2/opencms/system/modules/com.gridnine.opencms.ticketbrokerage.site/resources/js/calendar-setup.js HTTP/1.1" 200 4923
37.123.143.11 - - [03/Feb/2025:00:55:52 +0100] "GET /ticket2/opencms/system/modules/com.gridnine.opencms.ticketbrokerage.site/resources/js/standard.js HTTP/1.1" 200 3983
65.21.232.254 - - [03/Feb/2025:00:55:52 +0100] "GET /ticket2/opencms/en/buy/?page=1&edid=8CB68D7B-5545-4149-D078-62FA90B40858 HTTP/1.1" 200 110107
217.113.194.219 - - [03/Feb/2025:00:55:52 +0100] "GET /ticket2/opencms/mk/buy?page=1&edid=EB4B2494-3567-9A05-0532-D6E741B51BE9 HTTP/1.1" 404 -
202.8.43.94 - - [03/Feb/2025:00:55:53 +0100] "GET /ticket2/opencms/system/modules/com.gridnine.opencms.ticketbrokerage.site/resources/css/ticketbrokerage.css HTTP/1.1" 200 39339
202.8.43.94 - - [03/Feb/2025:00:55:53 +0100] "GET /ticket2/opencms/system/modules/com.gridnine.opencms.ticketbrokerage.site/resources/css/standard.css HTTP/1.1" 200 73904
202.8.43.94 - - [03/Feb/2025:00:55:53 +0100] "GET /ticket2/opencms/system/modules/com.gridnine.opencms.ticketbrokerage.site/resources/css/jquery-ui.css HTTP/1.1" 200 33221
202.8.43.94 - - [03/Feb/2025:00:55:53 +0100] "GET /ticket2/opencms/system/modules/com.gridnine.opencms.ticketbrokerage.site/resources/css/calendar.css HTTP/1.1" 200 6871
202.8.43.94 - - [03/Feb/2025:00:55:53 +0100] "GET /ticket2/opencms/system/modules/com.gridnine.opencms.ticketbrokerage.site/resources/css/jquery.fancybox.css HTTP/1.1" 200 4939
202.8.43.94 - - [03/Feb/2025:00:55:53 +0100] "GET /ticket2/opencms/system/modules/com.gridnine.opencms.ticketbrokerage.site/resources/js/jquery/jquery.js HTTP/1.1" 200 93868
202.8.43.94 - - [03/Feb/2025:00:55:53 +0100] "GET /ticket2/opencms/system/modules/com.gridnine.opencms.ticketbrokerage.site/resources/js/jquery/jquery-ui.js HTTP/1.1" 200 228088
202.8.43.94 - - [03/Feb/2025:00:55:53 +0100] "GET /ticket2/opencms/system/modules/com.gridnine.opencms.ticketbrokerage.site/resources/js/functions.js HTTP/1.1" 200 1583
202.8.43.94 - - [03/Feb/2025:00:55:53 +0100] "GET /ticket2/opencms/system/modules/com.gridnine.opencms.ticketbrokerage.site/resources/js/calendar-en.js HTTP/1.1" 200 3338
202.8.43.94 - - [03/Feb/2025:00:55:53 +0100] "GET /ticket2/opencms/system/modules/com.gridnine.opencms.ticketbrokerage.site/resources/js/calendar.js HTTP/1.1" 200 49229
202.8.43.94 - - [03/Feb/2025:00:55:53 +0100] "GET /ticket2/opencms/system/modules/com.gridnine.opencms.ticketbrokerage.site/resources/js/calendar-setup.js HTTP/1.1" 200 4923
202.8.43.94 - - [03/Feb/2025:00:55:53 +0100] "GET /ticket2/opencms/system/modules/com.gridnine.opencms.ticketbrokerage.site/resources/js/stickyfill.min.js HTTP/1.1" 200 5672
202.8.43.94 - - [03/Feb/2025:00:55:53 +0100] "GET /ticket2/opencms/system/modules/com.gridnine.opencms.ticketbrokerage.site/resources/js/jquery.fancybox.pack.js HTTP/1.1" 200 23187
202.8.43.94 - - [03/Feb/2025:00:55:53 +0100] "GET /ticket2/opencms/system/modules/com.gridnine.opencms.ticketbrokerage.site/resources/js/standard.js HTTP/1.1" 200 3983
202.8.43.94 - - [03/Feb/2025:00:55:53 +0100] "GET /ticket2/opencms/system/modules/com.gridnine.opencms.ticketbrokerage.site/resources/js/jquery.placeholder.min.js HTTP/1.1" 200 1737
202.8.43.94 - - [03/Feb/2025:00:55:53 +0100] "GET /ticket2/opencms/system/modules/com.gridnine.opencms.ticketbrokerage.site/resources/js/common-ajax.js HTTP/1.1" 200 20175
202.8.43.94 - - [03/Feb/2025:00:55:53 +0100] "GET /ticket2/opencms/be/ask-form.html HTTP/1.1" 200 3156
202.8.43.94 - - [03/Feb/2025:00:55:53 +0100] "GET /ticket2/opencms/system/modules/com.gridnine.opencms.ticketbrokerage.site/resources/css/ticketbrokerage.css HTTP/1.1" 200 39339
65.21.232.254 - - [03/Feb/2025:00:55:55 +0100] "GET /ticket2/opencms/en/buy/?page=1&edid=8D0833AE-2B01-AC15-150E-0BB34ED20EA0&sortorder=asc&column=price HTTP/1.1" 200 111001
65.21.232.254 - - [03/Feb/2025:00:55:59 +0100] "GET /ticket2/opencms/en/buy/?page=1&edid=8D0833AE-2B01-AC15-150E-0BB34ED20EA0&sortorder=asc&column=row HTTP/1.1" 200 110999
217.113.194.219 - - [03/Feb/2025:00:56:00 +0100] "GET /ticket2/opencms/mk/buy?page=1&edid=F3E35449-7D00-EFEC-4C25-884305F5DC8A HTTP/1.1" 404 -
54.36.148.97 - - [03/Feb/2025:00:56:01 +0100] "GET /ticket2/opencms/en/buy?page=1&edid=0E487947-8D2A-A553-BF9C-F44B73D05AC1 HTTP/1.1" 200 106919
202.8.43.76 - - [03/Feb/2025:00:56:02 +0100] "GET /ticket2/opencms/system/modules/com.gridnine.opencms.ticketbrokerage.site/resources/css/standard.css HTTP/1.1" 200 73904
202.8.43.76 - - [03/Feb/2025:00:56:02 +0100] "GET /ticket2/opencms/system/modules/com.gridnine.opencms.ticketbrokerage.site/resources/css/calendar.css HTTP/1.1" 200 6871
202.8.43.76 - - [03/Feb/2025:00:56:02 +0100] "GET /ticket2/opencms/system/modules/com.gridnine.opencms.ticketbrokerage.site/resources/css/jquery.fancybox.css HTTP/1.1" 200 4939
202.8.43.76 - - [03/Feb/2025:00:56:02 +0100] "GET /ticket2/opencms/system/modules/com.gridnine.opencms.ticketbrokerage.site/resources/css/jquery-ui.css HTTP/1.1" 200 33221
202.8.43.76 - - [03/Feb/2025:00:56:02 +0100] "GET /ticket2/opencms/system/modules/com.gridnine.opencms.ticketbrokerage.site/resources/css/ticketbrokerage.css HTTP/1.1" 200 39339
202.8.43.76 - - [03/Feb/2025:00:56:02 +0100] "GET /ticket2/opencms/system/modules/com.gridnine.opencms.ticketbrokerage.site/resources/js/jquery/jquery.js HTTP/1.1" 200 93868
202.8.43.76 - - [03/Feb/2025:00:56:02 +0100] "GET /ticket2/opencms/system/modules/com.gridnine.opencms.ticketbrokerage.site/resources/js/jquery/jquery-ui.js HTTP/1.1" 200 228088
202.8.43.76 - - [03/Feb/2025:00:56:02 +0100] "GET /ticket2/opencms/system/modules/com.gridnine.opencms.ticketbrokerage.site/resources/js/functions.js HTTP/1.1" 200 1583
202.8.43.76 - - [03/Feb/2025:00:56:02 +0100] "GET /ticket2/opencms/system/modules/com.gridnine.opencms.ticketbrokerage.site/resources/js/calendar.js HTTP/1.1" 200 49229
202.8.43.76 - - [03/Feb/2025:00:56:02 +0100] "GET /ticket2/opencms/system/modules/com.gridnine.opencms.ticketbrokerage.site/resources/js/calendar-setup.js HTTP/1.1" 200 4923
202.8.43.76 - - [03/Feb/2025:00:56:02 +0100] "GET /ticket2/opencms/system/modules/com.gridnine.opencms.ticketbrokerage.site/resources/js/calendar-en.js HTTP/1.1" 200 3338
202.8.43.76 - - [03/Feb/2025:00:56:02 +0100] "GET /ticket2/opencms/system/modules/com.gridnine.opencms.ticketbrokerage.site/resources/js/jquery.fancybox.pack.js HTTP/1.1" 200 23187
202.8.43.76 - - [03/Feb/2025:00:56:02 +0100] "GET /ticket2/opencms/system/modules/com.gridnine.opencms.ticketbrokerage.site/resources/js/stickyfill.min.js HTTP/1.1" 200 5672
202.8.43.76 - - [03/Feb/2025:00:56:02 +0100] "GET /ticket2/opencms/system/modules/com.gridnine.opencms.ticketbrokerage.site/resources/js/standard.js HTTP/1.1" 200 3983
65.21.232.254 - - [03/Feb/2025:00:56:02 +0100] "GET /ticket2/opencms/en/buy/?page=1&edid=8D0833AE-2B01-AC15-150E-0BB34ED20EA0&sortorder=asc&column=section HTTP/1.1" 200 111097
202.8.43.76 - - [03/Feb/2025:00:56:02 +0100] "GET /ticket2/opencms/system/modules/com.gridnine.opencms.ticketbrokerage.site/resources/js/jquery.placeholder.min.js HTTP/1.1" 200 1737
202.8.43.76 - - [03/Feb/2025:00:56:03 +0100] "GET /ticket2/opencms/system/modules/com.gridnine.opencms.ticketbrokerage.site/resources/js/common-ajax.js HTTP/1.1" 200 20175
202.8.43.76 - - [03/Feb/2025:00:56:03 +0100] "GET /ticket2/opencms/en/ask-form.html HTTP/1.1" 200 3146
202.8.43.76 - - [03/Feb/2025:00:56:03 +0100] "GET /ticket2/opencms/system/modules/com.gridnine.opencms.ticketbrokerage.site/resources/css/ticketbrokerage.css HTTP/1.1" 200 39339
65.21.232.254 - - [03/Feb/2025:00:56:05 +0100] "GET /ticket2/opencms/en/buy/?page=1&edid=8D277887-D2AB-63E9-7974-608EA419222C HTTP/1.1" 200 110605
217.113.194.214 - - [03/Feb/2025:00:56:09 +0100] "GET /ticket2/opencms/mk/buy?page=1&edid=F6B1A5E6-3A8E-2702-C092-0318528F1CAF HTTP/1.1" 404 -
65.21.232.254 - - [03/Feb/2025:00:56:09 +0100] "GET /ticket2/opencms/en/buy/?page=1&edid=8D39CD86-5C30-53BA-56DE-BD6671BB60E9 HTTP/1.1" 200 109704
65.21.232.254 - - [03/Feb/2025:00:56:13 +0100] "GET /ticket2/opencms/en/buy/?page=1&edid=8D39CD86-5C30-53BA-56DE-BD6671BB60E9&sortorder=asc&column=price HTTP/1.1" 200 110641
52.167.144.140 - - [03/Feb/2025:00:56:15 +0100] "GET /ticket2/opencms/sv/buy/?page=1&edid=9239880C-C5C0-5076-4AD5-4881F5EBAC4A HTTP/1.1" 200 134639
65.21.232.254 - - [03/Feb/2025:00:56:16 +0100] "GET /ticket2/opencms/en/buy/?page=1&edid=8D39CD86-5C30-53BA-56DE-BD6671BB60E9&sortorder=asc&column=row HTTP/1.1" 200 110589
54.36.148.0 - - [03/Feb/2025:00:56:16 +0100] "GET /ticket2/opencms/sq/buy?page=1&edid=DA983286-A535-726A-C0DF-C6AC98A1A255 HTTP/1.1" 200 112192
217.113.194.212 - - [03/Feb/2025:00:56:17 +0100] "GET /ticket2/opencms/mk/buy?page=1&edid=F1EEEC67-D1C4-E916-20F3-F210A97B2C57 HTTP/1.1" 404 -
202.8.41.83 - - [03/Feb/2025:00:56:17 +0100] "GET /ticket2/opencms/system/modules/com.gridnine.opencms.ticketbrokerage.site/resources/css/ticketbrokerage.css HTTP/1.1" 200 39339
202.8.41.83 - - [03/Feb/2025:00:56:17 +0100] "GET /ticket2/opencms/system/modules/com.gridnine.opencms.ticketbrokerage.site/resources/css/jquery-ui.css HTTP/1.1" 200 33221
202.8.41.83 - - [03/Feb/2025:00:56:17 +0100] "GET /ticket2/opencms/system/modules/com.gridnine.opencms.ticketbrokerage.site/resources/css/calendar.css HTTP/1.1" 200 6871
202.8.41.83 - - [03/Feb/2025:00:56:17 +0100] "GET /ticket2/opencms/system/modules/com.gridnine.opencms.ticketbrokerage.site/resources/css/jquery.fancybox.css HTTP/1.1" 200 4939
202.8.41.83 - - [03/Feb/2025:00:56:17 +0100] "GET /ticket2/opencms/system/modules/com.gridnine.opencms.ticketbrokerage.site/resources/css/standard.css HTTP/1.1" 200 73904
202.8.41.83 - - [03/Feb/2025:00:56:17 +0100] "GET /ticket2/opencms/system/modules/com.gridnine.opencms.ticketbrokerage.site/resources/js/jquery/jquery.js HTTP/1.1" 200 93868
202.8.41.83 - - [03/Feb/2025:00:56:18 +0100] "GET /ticket2/opencms/system/modules/com.gridnine.opencms.ticketbrokerage.site/resources/js/functions.js HTTP/1.1" 200 1583
202.8.41.83 - - [03/Feb/2025:00:56:18 +0100] "GET /ticket2/opencms/system/modules/com.gridnine.opencms.ticketbrokerage.site/resources/js/jquery/jquery-ui.js HTTP/1.1" 200 228088
202.8.41.83 - - [03/Feb/2025:00:56:18 +0100] "GET /ticket2/opencms/system/modules/com.gridnine.opencms.ticketbrokerage.site/resources/js/calendar-en.js HTTP/1.1" 200 3338
202.8.41.83 - - [03/Feb/2025:00:56:18 +0100] "GET /ticket2/opencms/system/modules/com.gridnine.opencms.ticketbrokerage.site/resources/js/calendar-setup.js HTTP/1.1" 200 4923
202.8.41.83 - - [03/Feb/2025:00:56:18 +0100] "GET /ticket2/opencms/system/modules/com.gridnine.opencms.ticketbrokerage.site/resources/js/calendar.js HTTP/1.1" 200 49229
202.8.41.83 - - [03/Feb/2025:00:56:18 +0100] "GET /ticket2/opencms/system/modules/com.gridnine.opencms.ticketbrokerage.site/resources/js/jquery.fancybox.pack.js HTTP/1.1" 200 23187
202.8.41.83 - - [03/Feb/2025:00:56:18 +0100] "GET /ticket2/opencms/system/modules/com.gridnine.opencms.ticketbrokerage.site/resources/js/stickyfill.min.js HTTP/1.1" 200 5672
202.8.41.83 - - [03/Feb/2025:00:56:18 +0100] "GET /ticket2/opencms/system/modules/com.gridnine.opencms.ticketbrokerage.site/resources/js/standard.js HTTP/1.1" 200 3983
202.8.41.83 - - [03/Feb/2025:00:56:18 +0100] "GET /ticket2/opencms/system/modules/com.gridnine.opencms.ticketbrokerage.site/resources/js/jquery.placeholder.min.js HTTP/1.1" 200 1737
202.8.41.83 - - [03/Feb/2025:00:56:18 +0100] "GET /ticket2/opencms/system/modules/com.gridnine.opencms.ticketbrokerage.site/resources/js/common-ajax.js HTTP/1.1" 200 20175
202.8.41.83 - - [03/Feb/2025:00:56:18 +0100] "GET /ticket2/opencms/sq/ask-form.html HTTP/1.1" 200 3156
202.8.41.83 - - [03/Feb/2025:00:56:18 +0100] "GET /ticket2/opencms/system/modules/com.gridnine.opencms.ticketbrokerage.site/resources/css/ticketbrokerage.css HTTP/1.1" 200 39339
207.46.13.153 - - [03/Feb/2025:00:56:19 +0100] "GET /ticket2/opencms/lt/magazine/article?title=legendos-karstas-zodziu-apsikeitimas-su-palaikytoju HTTP/1.1" 200 94122
65.21.232.254 - - [03/Feb/2025:00:56:19 +0100] "GET /ticket2/opencms/en/buy/?page=1&edid=8D39CD86-5C30-53BA-56DE-BD6671BB60E9&sortorder=asc&column=section HTTP/1.1" 200 110730
65.21.232.254 - - [03/Feb/2025:00:56:23 +0100] "GET /ticket2/opencms/en/buy/?page=1&edid=8D39CD86-5C30-53BA-56DE-BD6671BB60E9&sortorder=desc&column=price HTTP/1.1" 200 110663
217.113.194.215 - - [03/Feb/2025:00:56:25 +0100] "GET /ticket2/opencms/mk/buy?page=1&edid=9AF29D4D-BF71-6182-1EBD-FF49E6DA3ECE HTTP/1.1" 404 -
114.119.148.14 - - [03/Feb/2025:00:56:26 +0100] "GET /ticket2/opencms/es/about/press HTTP/1.1" 200 91810
65.21.232.254 - - [03/Feb/2025:00:56:27 +0100] "GET /ticket2/opencms/en/buy/?page=1&edid=8DAC444C-448D-A1B9-AA6B-69B974B642D4 HTTP/1.1" 200 110164
5.9.55.228 - - [03/Feb/2025:00:56:29 +0100] "GET /ticket2/opencms/fi/venue/?countryid=E1B3F038-2C75-F5F0-10E7-1C4055EF4908 HTTP/1.1" 200 116430
54.36.149.74 - - [03/Feb/2025:00:56:29 +0100] "GET /ticket2/opencms/fr/buy?page=1&edid=0165985F-E205-E991-0EDD-8260BA28ED00 HTTP/1.1" 200 108461
65.21.232.254 - - [03/Feb/2025:00:56:30 +0100] "GET /ticket2/opencms/en/buy/?page=1&edid=8EF61386-75A5-7ECD-3DE9-56F6BE848BCB HTTP/1.1" 200 110120
202.8.40.11 - - [03/Feb/2025:00:56:30 +0100] "GET /ticket2/opencms/system/modules/com.gridnine.opencms.ticketbrokerage.site/resources/css/calendar.css HTTP/1.1" 200 6871
202.8.40.11 - - [03/Feb/2025:00:56:30 +0100] "GET /ticket2/opencms/system/modules/com.gridnine.opencms.ticketbrokerage.site/resources/css/ticketbrokerage.css HTTP/1.1" 200 39339
202.8.40.11 - - [03/Feb/2025:00:56:30 +0100] "GET /ticket2/opencms/system/modules/com.gridnine.opencms.ticketbrokerage.site/resources/css/jquery-ui.css HTTP/1.1" 200 33221
202.8.40.11 - - [03/Feb/2025:00:56:30 +0100] "GET /ticket2/opencms/system/modules/com.gridnine.opencms.ticketbrokerage.site/resources/css/jquery.fancybox.css HTTP/1.1" 200 4939
202.8.40.11 - - [03/Feb/2025:00:56:30 +0100] "GET /ticket2/opencms/system/modules/com.gridnine.opencms.ticketbrokerage.site/resources/css/standard.css HTTP/1.1" 200 73904
202.8.40.11 - - [03/Feb/2025:00:56:30 +0100] "GET /ticket2/opencms/system/modules/com.gridnine.opencms.ticketbrokerage.site/resources/js/jquery/jquery.js HTTP/1.1" 200 93868
202.8.40.11 - - [03/Feb/2025:00:56:31 +0100] "GET /ticket2/opencms/system/modules/com.gridnine.opencms.ticketbrokerage.site/resources/js/jquery/jquery-ui.js HTTP/1.1" 200 228088
202.8.40.11 - - [03/Feb/2025:00:56:31 +0100] "GET /ticket2/opencms/system/modules/com.gridnine.opencms.ticketbrokerage.site/resources/js/functions.js HTTP/1.1" 200 1583
202.8.40.11 - - [03/Feb/2025:00:56:31 +0100] "GET /ticket2/opencms/system/modules/com.gridnine.opencms.ticketbrokerage.site/resources/js/calendar.js HTTP/1.1" 200 49229
202.8.40.11 - - [03/Feb/2025:00:56:31 +0100] "GET /ticket2/opencms/system/modules/com.gridnine.opencms.ticketbrokerage.site/resources/js/calendar-en.js HTTP/1.1" 200 3338
202.8.40.11 - - [03/Feb/2025:00:56:31 +0100] "GET /ticket2/opencms/system/modules/com.gridnine.opencms.ticketbrokerage.site/resources/js/calendar-setup.js HTTP/1.1" 200 4923
202.8.40.11 - - [03/Feb/2025:00:56:31 +0100] "GET /ticket2/opencms/system/modules/com.gridnine.opencms.ticketbrokerage.site/resources/js/jquery.fancybox.pack.js HTTP/1.1" 200 23187
202.8.40.11 - - [03/Feb/2025:00:56:31 +0100] "GET /ticket2/opencms/system/modules/com.gridnine.opencms.ticketbrokerage.site/resources/js/stickyfill.min.js HTTP/1.1" 200 5672
202.8.40.11 - - [03/Feb/2025:00:56:31 +0100] "GET /ticket2/opencms/system/modules/com.gridnine.opencms.ticketbrokerage.site/resources/js/standard.js HTTP/1.1" 200 3983
52.167.144.173 - - [03/Feb/2025:00:56:31 +0100] "GET /ticket2/opencms/dk/buy?page=1&edid=3289C097-2261-9433-8644-DF033A9EE354 HTTP/1.1" 200 139573
202.8.40.11 - - [03/Feb/2025:00:56:31 +0100] "GET /ticket2/opencms/system/modules/com.gridnine.opencms.ticketbrokerage.site/resources/js/jquery.placeholder.min.js HTTP/1.1" 200 1737
202.8.40.11 - - [03/Feb/2025:00:56:31 +0100] "GET /ticket2/opencms/system/modules/com.gridnine.opencms.ticketbrokerage.site/resources/js/common-ajax.js HTTP/1.1" 200 20175
202.8.40.11 - - [03/Feb/2025:00:56:31 +0100] "GET /ticket2/opencms/fr/ask-form.html HTTP/1.1" 200 3156
202.8.40.11 - - [03/Feb/2025:00:56:31 +0100] "GET /ticket2/opencms/system/modules/com.gridnine.opencms.ticketbrokerage.site/resources/css/ticketbrokerage.css HTTP/1.1" 200 39339
40.77.167.143 - - [03/Feb/2025:00:56:32 +0100] "GET /ticket2/opencms/no/buy/?page=1&edid=EEFAB7C0-3C91-2ED8-FD3D-A04D1C19AF16 HTTP/1.1" 200 110634
111.119.207.58 - - [03/Feb/2025:00:56:33 +0100] "GET /ticket2/opencms/pl/buy/?page=1&edid=1862566B-2998-338F-A641-7BC143FBEEE7 HTTP/1.1" 200 111871
65.21.232.254 - - [03/Feb/2025:00:56:33 +0100] "GET /ticket2/opencms/en/buy/?page=1&edid=8F6505CC-E196-0DE2-B319-972139D9E7BC HTTP/1.1" 200 106934
154.54.249.216 - - [03/Feb/2025:00:56:33 +0100] "GET /ticket2/opencms/mk/buy?page=1&edid=9BFFFF0C-C809-CAED-9589-C9537A82DE22 HTTP/1.1" 404 -
66.249.79.34 - - [03/Feb/2025:00:56:36 +0100] "GET /ticket2/opencms/be/buy/?page=1&edid=6491C4B6-5C45-20F3-BDEC-54EE4BA903D5&hlv=66d595d2-fd90-4841-ab2d-4fd00a01000f HTTP/1.1" 200 115368
65.21.232.254 - - [03/Feb/2025:00:56:37 +0100] "GET /ticket2/opencms/en/buy/?page=1&edid=9042479A-254A-F760-0970-B15A807A4F1B HTTP/1.1" 200 108997
65.21.232.254 - - [03/Feb/2025:00:56:40 +0100] "GET /ticket2/opencms/en/buy/?page=1&edid=91246C97-CA83-470A-EC88-8754CCCCF460 HTTP/1.1" 200 109005
66.249.79.34 - - [03/Feb/2025:00:56:42 +0100] "GET /ticket2/opencms/bs/buy/?page=1&edid=78077671-6D1C-6384-F4E3-25AAC0A5B810 HTTP/1.1" 200 111629
54.36.149.9 - - [03/Feb/2025:00:56:42 +0100] "GET /ticket2/opencms/it/buy?page=1&edid=F6B52729-D385-1BA8-C061-8869A2499C82 HTTP/1.1" 200 108409
217.113.194.216 - - [03/Feb/2025:00:56:43 +0100] "GET /ticket2/opencms/mk/buy?page=1&edid=9B951DAE-FD0B-A28B-8034-A3644D2DCEA1 HTTP/1.1" 404 -
202.8.42.85 - - [03/Feb/2025:00:56:44 +0100] "GET /ticket2/opencms/system/modules/com.gridnine.opencms.ticketbrokerage.site/resources/css/ticketbrokerage.css HTTP/1.1" 200 39339
202.8.42.85 - - [03/Feb/2025:00:56:44 +0100] "GET /ticket2/opencms/system/modules/com.gridnine.opencms.ticketbrokerage.site/resources/css/jquery-ui.css HTTP/1.1" 200 33221
202.8.42.85 - - [03/Feb/2025:00:56:44 +0100] "GET /ticket2/opencms/system/modules/com.gridnine.opencms.ticketbrokerage.site/resources/css/calendar.css HTTP/1.1" 200 6871
202.8.42.85 - - [03/Feb/2025:00:56:44 +0100] "GET /ticket2/opencms/system/modules/com.gridnine.opencms.ticketbrokerage.site/resources/css/standard.css HTTP/1.1" 200 73904
202.8.42.85 - - [03/Feb/2025:00:56:44 +0100] "GET /ticket2/opencms/system/modules/com.gridnine.opencms.ticketbrokerage.site/resources/css/jquery.fancybox.css HTTP/1.1" 200 4939
202.8.42.85 - - [03/Feb/2025:00:56:44 +0100] "GET /ticket2/opencms/system/modules/com.gridnine.opencms.ticketbrokerage.site/resources/js/jquery/jquery.js HTTP/1.1" 200 93868
202.8.42.85 - - [03/Feb/2025:00:56:44 +0100] "GET /ticket2/opencms/system/modules/com.gridnine.opencms.ticketbrokerage.site/resources/js/jquery/jquery-ui.js HTTP/1.1" 200 228088
202.8.42.85 - - [03/Feb/2025:00:56:44 +0100] "GET /ticket2/opencms/system/modules/com.gridnine.opencms.ticketbrokerage.site/resources/js/functions.js HTTP/1.1" 200 1583
202.8.42.85 - - [03/Feb/2025:00:56:44 +0100] "GET /ticket2/opencms/system/modules/com.gridnine.opencms.ticketbrokerage.site/resources/js/calendar.js HTTP/1.1" 200 49229
202.8.42.85 - - [03/Feb/2025:00:56:44 +0100] "GET /ticket2/opencms/system/modules/com.gridnine.opencms.ticketbrokerage.site/resources/js/calendar-en.js HTTP/1.1" 200 3338
202.8.42.85 - - [03/Feb/2025:00:56:44 +0100] "GET /ticket2/opencms/system/modules/com.gridnine.opencms.ticketbrokerage.site/resources/js/calendar-setup.js HTTP/1.1" 200 4923
202.8.42.85 - - [03/Feb/2025:00:56:44 +0100] "GET /ticket2/opencms/system/modules/com.gridnine.opencms.ticketbrokerage.site/resources/js/jquery.fancybox.pack.js HTTP/1.1" 200 23187
202.8.42.85 - - [03/Feb/2025:00:56:44 +0100] "GET /ticket2/opencms/system/modules/com.gridnine.opencms.ticketbrokerage.site/resources/js/stickyfill.min.js HTTP/1.1" 200 5672
65.21.232.254 - - [03/Feb/2025:00:56:44 +0100] "GET /ticket2/opencms/en/buy/?page=1&edid=91317E82-1AD8-28B7-A3AC-C5AEE79CB132 HTTP/1.1" 200 110124
202.8.42.85 - - [03/Feb/2025:00:56:44 +0100] "GET /ticket2/opencms/system/modules/com.gridnine.opencms.ticketbrokerage.site/resources/js/standard.js HTTP/1.1" 200 3983
114.119.154.81 - - [03/Feb/2025:00:56:44 +0100] "GET /ticket2/opencms/en/buy?page=1&edid=E78E7190-7DE0-C7CA-3D7E-09B338BF3F73 HTTP/1.1" 200 110069
202.8.42.85 - - [03/Feb/2025:00:56:44 +0100] "GET /ticket2/opencms/system/modules/com.gridnine.opencms.ticketbrokerage.site/resources/js/common-ajax.js HTTP/1.1" 200 20175
202.8.42.85 - - [03/Feb/2025:00:56:44 +0100] "GET /ticket2/opencms/system/modules/com.gridnine.opencms.ticketbrokerage.site/resources/js/jquery.placeholder.min.js HTTP/1.1" 200 1737
202.8.42.85 - - [03/Feb/2025:00:56:44 +0100] "GET /ticket2/opencms/it/ask-form.html HTTP/1.1" 200 3156
202.8.42.85 - - [03/Feb/2025:00:56:44 +0100] "GET /ticket2/opencms/system/modules/com.gridnine.opencms.ticketbrokerage.site/resources/css/ticketbrokerage.css HTTP/1.1" 200 39339
65.21.232.254 - - [03/Feb/2025:00:56:47 +0100] "GET /ticket2/opencms/en/buy/?page=1&edid=91BCD3BF-EDB6-6948-6E31-B478943A59CC HTTP/1.1" 200 109212
65.21.232.254 - - [03/Feb/2025:00:56:51 +0100] "GET /ticket2/opencms/en/buy/?page=1&edid=91BCD3BF-EDB6-6948-6E31-B478943A59CC&sortorder=asc&column=price HTTP/1.1" 200 110148
217.113.194.212 - - [03/Feb/2025:00:56:51 +0100] "GET /ticket2/opencms/mk/buy?page=1&edid=C8F9C93A-AB7D-8220-8C68-4335B633FCE4 HTTP/1.1" 404 -
65.21.232.254 - - [03/Feb/2025:00:56:54 +0100] "GET /ticket2/opencms/en/buy/?page=1&edid=91BCD3BF-EDB6-6948-6E31-B478943A59CC&sortorder=asc&column=row HTTP/1.1" 200 110122
54.36.148.205 - - [03/Feb/2025:00:56:54 +0100] "GET /ticket2/opencms/fi/buy?page=1&edid=DA983286-A535-726A-C0DF-C6AC98A1A255 HTTP/1.1" 200 111759
202.8.40.76 - - [03/Feb/2025:00:56:55 +0100] "GET /ticket2/opencms/system/modules/com.gridnine.opencms.ticketbrokerage.site/resources/css/jquery-ui.css HTTP/1.1" 200 33221
202.8.40.76 - - [03/Feb/2025:00:56:55 +0100] "GET /ticket2/opencms/system/modules/com.gridnine.opencms.ticketbrokerage.site/resources/css/calendar.css HTTP/1.1" 200 6871
202.8.40.76 - - [03/Feb/2025:00:56:55 +0100] "GET /ticket2/opencms/system/modules/com.gridnine.opencms.ticketbrokerage.site/resources/css/jquery.fancybox.css HTTP/1.1" 200 4939
202.8.40.76 - - [03/Feb/2025:00:56:55 +0100] "GET /ticket2/opencms/system/modules/com.gridnine.opencms.ticketbrokerage.site/resources/css/ticketbrokerage.css HTTP/1.1" 200 39339
202.8.40.76 - - [03/Feb/2025:00:56:55 +0100] "GET /ticket2/opencms/system/modules/com.gridnine.opencms.ticketbrokerage.site/resources/js/jquery/jquery.js HTTP/1.1" 200 93868
202.8.40.76 - - [03/Feb/2025:00:56:55 +0100] "GET /ticket2/opencms/system/modules/com.gridnine.opencms.ticketbrokerage.site/resources/css/standard.css HTTP/1.1" 200 73904
202.8.40.76 - - [03/Feb/2025:00:56:55 +0100] "GET /ticket2/opencms/system/modules/com.gridnine.opencms.ticketbrokerage.site/resources/js/calendar.js HTTP/1.1" 200 49229
202.8.40.76 - - [03/Feb/2025:00:56:56 +0100] "GET /ticket2/opencms/system/modules/com.gridnine.opencms.ticketbrokerage.site/resources/js/functions.js HTTP/1.1" 200 1583
202.8.40.76 - - [03/Feb/2025:00:56:56 +0100] "GET /ticket2/opencms/system/modules/com.gridnine.opencms.ticketbrokerage.site/resources/js/calendar-en.js HTTP/1.1" 200 3338
202.8.40.76 - - [03/Feb/2025:00:56:56 +0100] "GET /ticket2/opencms/system/modules/com.gridnine.opencms.ticketbrokerage.site/resources/js/jquery/jquery-ui.js HTTP/1.1" 200 228088
202.8.40.76 - - [03/Feb/2025:00:56:56 +0100] "GET /ticket2/opencms/system/modules/com.gridnine.opencms.ticketbrokerage.site/resources/js/calendar-setup.js HTTP/1.1" 200 4923
202.8.40.76 - - [03/Feb/2025:00:56:56 +0100] "GET /ticket2/opencms/system/modules/com.gridnine.opencms.ticketbrokerage.site/resources/js/jquery.fancybox.pack.js HTTP/1.1" 200 23187
202.8.40.76 - - [03/Feb/2025:00:56:56 +0100] "GET /ticket2/opencms/system/modules/com.gridnine.opencms.ticketbrokerage.site/resources/js/stickyfill.min.js HTTP/1.1" 200 5672
202.8.40.76 - - [03/Feb/2025:00:56:56 +0100] "GET /ticket2/opencms/system/modules/com.gridnine.opencms.ticketbrokerage.site/resources/js/standard.js HTTP/1.1" 200 3983
202.8.40.76 - - [03/Feb/2025:00:56:56 +0100] "GET /ticket2/opencms/system/modules/com.gridnine.opencms.ticketbrokerage.site/resources/js/jquery.placeholder.min.js HTTP/1.1" 200 1737
40.77.167.45 - - [03/Feb/2025:00:56:56 +0100] "GET /ticket2/opencms/mt/magazine/article?title=declan-rice HTTP/1.1" 200 93573
202.8.40.76 - - [03/Feb/2025:00:56:56 +0100] "GET /ticket2/opencms/system/modules/com.gridnine.opencms.ticketbrokerage.site/resources/js/common-ajax.js HTTP/1.1" 200 20175
202.8.40.76 - - [03/Feb/2025:00:56:56 +0100] "GET /ticket2/opencms/fi/ask-form.html HTTP/1.1" 200 3012
202.8.40.76 - - [03/Feb/2025:00:56:56 +0100] "GET /ticket2/opencms/system/modules/com.gridnine.opencms.ticketbrokerage.site/resources/css/ticketbrokerage.css HTTP/1.1" 200 39339
52.167.144.137 - - [03/Feb/2025:00:56:58 +0100] "GET /ticket2/opencms/dk/magazine/article?title=legenden-i-hed-ordveksling-med-supporter HTTP/1.1" 200 93048
65.21.232.254 - - [03/Feb/2025:00:56:58 +0100] "GET /ticket2/opencms/en/buy/?page=1&edid=91BCD3BF-EDB6-6948-6E31-B478943A59CC&sortorder=asc&column=section HTTP/1.1" 200 110262
217.113.194.219 - - [03/Feb/2025:00:56:59 +0100] "GET /ticket2/opencms/mk/buy?page=1&edid=AD613CBA-6D24-6402-05D7-A2D3C1E6CD55 HTTP/1.1" 404 -
65.21.232.254 - - [03/Feb/2025:00:57:01 +0100] "GET /ticket2/opencms/en/buy/?page=1&edid=91BCD3BF-EDB6-6948-6E31-B478943A59CC&sortorder=desc&column=price HTTP/1.1" 200 110224
85.208.96.208 - - [03/Feb/2025:00:57:03 +0100] "GET /ticket2/opencms/fi/urheilu/jalkapallo/la-liga/real-madrid/ HTTP/1.1" 200 95772
66.249.79.33 - - [03/Feb/2025:00:57:04 +0100] "GET /ticket2/opencms/es/buy/?page=1&edid=2E3A9666-3510-0E81-4BD6-E0C24467BF7D HTTP/1.1" 200 108731
65.21.232.254 - - [03/Feb/2025:00:57:05 +0100] "GET /ticket2/opencms/en/buy/?page=1&edid=91BCD3BF-EDB6-6948-6E31-B478943A59CC&sortorder=desc&column=section HTTP/1.1" 200 110306
54.36.148.12 - - [03/Feb/2025:00:57:05 +0100] "GET /ticket2/opencms/mt/buy?page=1&edid=5F5129B2-1702-C675-5051-34240EBE11DF HTTP/1.1" 200 109002
202.8.43.102 - - [03/Feb/2025:00:57:06 +0100] "GET /ticket2/opencms/system/modules/com.gridnine.opencms.ticketbrokerage.site/resources/css/jquery-ui.css HTTP/1.1" 200 33221
202.8.43.102 - - [03/Feb/2025:00:57:06 +0100] "GET /ticket2/opencms/system/modules/com.gridnine.opencms.ticketbrokerage.site/resources/js/jquery/jquery.js HTTP/1.1" 200 93868
202.8.43.102 - - [03/Feb/2025:00:57:06 +0100] "GET /ticket2/opencms/system/modules/com.gridnine.opencms.ticketbrokerage.site/resources/css/jquery.fancybox.css HTTP/1.1" 200 4939
202.8.43.102 - - [03/Feb/2025:00:57:06 +0100] "GET /ticket2/opencms/system/modules/com.gridnine.opencms.ticketbrokerage.site/resources/css/calendar.css HTTP/1.1" 200 6871
202.8.43.102 - - [03/Feb/2025:00:57:06 +0100] "GET /ticket2/opencms/system/modules/com.gridnine.opencms.ticketbrokerage.site/resources/css/ticketbrokerage.css HTTP/1.1" 200 39339
202.8.43.102 - - [03/Feb/2025:00:57:07 +0100] "GET /ticket2/opencms/system/modules/com.gridnine.opencms.ticketbrokerage.site/resources/css/standard.css HTTP/1.1" 200 73904
202.8.43.102 - - [03/Feb/2025:00:57:07 +0100] "GET /ticket2/opencms/system/modules/com.gridnine.opencms.ticketbrokerage.site/resources/js/calendar.js HTTP/1.1" 200 49229
202.8.43.102 - - [03/Feb/2025:00:57:07 +0100] "GET /ticket2/opencms/system/modules/com.gridnine.opencms.ticketbrokerage.site/resources/js/calendar-en.js HTTP/1.1" 200 3338
202.8.43.102 - - [03/Feb/2025:00:57:07 +0100] "GET /ticket2/opencms/system/modules/com.gridnine.opencms.ticketbrokerage.site/resources/js/functions.js HTTP/1.1" 200 1583
202.8.43.102 - - [03/Feb/2025:00:57:07 +0100] "GET /ticket2/opencms/system/modules/com.gridnine.opencms.ticketbrokerage.site/resources/js/calendar-setup.js HTTP/1.1" 200 4923
202.8.43.102 - - [03/Feb/2025:00:57:07 +0100] "GET /ticket2/opencms/system/modules/com.gridnine.opencms.ticketbrokerage.site/resources/js/jquery/jquery-ui.js HTTP/1.1" 200 228088
202.8.43.102 - - [03/Feb/2025:00:57:07 +0100] "GET /ticket2/opencms/system/modules/com.gridnine.opencms.ticketbrokerage.site/resources/js/jquery.fancybox.pack.js HTTP/1.1" 200 23187
202.8.43.102 - - [03/Feb/2025:00:57:07 +0100] "GET /ticket2/opencms/system/modules/com.gridnine.opencms.ticketbrokerage.site/resources/js/stickyfill.min.js HTTP/1.1" 200 5672
202.8.43.102 - - [03/Feb/2025:00:57:07 +0100] "GET /ticket2/opencms/system/modules/com.gridnine.opencms.ticketbrokerage.site/resources/js/standard.js HTTP/1.1" 200 3983
202.8.43.102 - - [03/Feb/2025:00:57:07 +0100] "GET /ticket2/opencms/system/modules/com.gridnine.opencms.ticketbrokerage.site/resources/js/jquery.placeholder.min.js HTTP/1.1" 200 1737
202.8.43.102 - - [03/Feb/2025:00:57:07 +0100] "GET /ticket2/opencms/system/modules/com.gridnine.opencms.ticketbrokerage.site/resources/js/common-ajax.js HTTP/1.1" 200 20175
202.8.43.102 - - [03/Feb/2025:00:57:07 +0100] "GET /ticket2/opencms/mt/ask-form.html HTTP/1.1" 200 3156
202.8.43.102 - - [03/Feb/2025:00:57:07 +0100] "GET /ticket2/opencms/system/modules/com.gridnine.opencms.ticketbrokerage.site/resources/css/ticketbrokerage.css HTTP/1.1" 200 39339
5.9.55.228 - - [03/Feb/2025:00:57:07 +0100] "GET /ticket2/opencms/fi/urheilu/jalkapallo/serie_a/milan/ HTTP/1.1" 200 96199
217.113.194.213 - - [03/Feb/2025:00:57:07 +0100] "GET /ticket2/opencms/mk/buy?page=1&edid=A1B37D0F-A4BD-02A4-1307-231B5EF99F2B HTTP/1.1" 404 -
65.21.232.254 - - [03/Feb/2025:00:57:08 +0100] "GET /ticket2/opencms/en/buy/?page=1&edid=91E37245-9400-B91A-9976-78B31AE925FA HTTP/1.1" 200 110141
40.77.167.8 - - [03/Feb/2025:00:57:11 +0100] "GET /ticket2/opencms/fr/buy/?page=1&edid=3E614CE3-7605-80A5-EDE5-1940F2DB48F5 HTTP/1.1" 200 111779
66.249.79.33 - - [03/Feb/2025:00:57:12 +0100] "GET /ticket2/opencms/cs/buy/?page=1&edid=D82A55E9-700E-0A50-F575-755C8E3E7147 HTTP/1.1" 200 111219
65.21.232.254 - - [03/Feb/2025:00:57:12 +0100] "GET /ticket2/opencms/en/buy/?page=1&edid=91F28024-0974-7E9E-59FA-0DC7AD851AE2 HTTP/1.1" 200 110026
158.36.232.61 - - [03/Feb/2025:00:57:13 +0100] "GET /ticket2/opencms/set_aff_cookie.jsp?partner=53673ED6-1455-FA54-818F-B1F67121E37C&url=/no/buy/index.html%3Fpage%3D1%26edid%3D68B485F7-9483-6E4F-656D-602EE2AC621D%26hlv%3D66d09016-cfd4-479b-9461-48550a01000f%23v_376257161 HTTP/1.1" 200 225
158.36.232.61 - - [03/Feb/2025:00:57:14 +0100] "GET /ticket2/opencms/no/buy/?page=1&edid=68B485F7-9483-6E4F-656D-602EE2AC621D&hlv=66d09016-cfd4-479b-9461-48550a01000f HTTP/1.1" 200 136999
158.36.232.61 - - [03/Feb/2025:00:57:14 +0100] "GET /ticket2/opencms/system/modules/com.gridnine.opencms.ticketbrokerage.site/resources/css/ticketbrokerage.css HTTP/1.1" 200 39339
158.36.232.61 - - [03/Feb/2025:00:57:14 +0100] "GET /ticket2/opencms/system/modules/com.gridnine.opencms.ticketbrokerage.site/resources/css/calendar.css HTTP/1.1" 200 6871
158.36.232.61 - - [03/Feb/2025:00:57:14 +0100] "GET /ticket2/opencms/system/modules/com.gridnine.opencms.ticketbrokerage.site/resources/css/standard.css HTTP/1.1" 200 73904
158.36.232.61 - - [03/Feb/2025:00:57:14 +0100] "GET /ticket2/opencms/system/modules/com.gridnine.opencms.ticketbrokerage.site/resources/js/functions.js HTTP/1.1" 200 1583
158.36.232.61 - - [03/Feb/2025:00:57:14 +0100] "GET /ticket2/opencms/system/modules/com.gridnine.opencms.ticketbrokerage.site/resources/js/calendar.js HTTP/1.1" 200 49229
158.36.232.61 - - [03/Feb/2025:00:57:14 +0100] "GET /ticket2/opencms/system/modules/com.gridnine.opencms.ticketbrokerage.site/resources/js/calendar-en.js HTTP/1.1" 200 3338
158.36.232.61 - - [03/Feb/2025:00:57:14 +0100] "GET /ticket2/opencms/system/modules/com.gridnine.opencms.ticketbrokerage.site/resources/js/calendar-setup.js HTTP/1.1" 200 4923
158.36.232.61 - - [03/Feb/2025:00:57:14 +0100] "GET /ticket2/opencms/system/modules/com.gridnine.opencms.ticketbrokerage.site/resources/js/standard.js HTTP/1.1" 200 3983
158.36.232.61 - - [03/Feb/2025:00:57:14 +0100] "GET /ticket2/opencms/no/ask-form.html HTTP/1.1" 200 2919
158.36.232.61 - - [03/Feb/2025:00:57:14 +0100] "GET /ticket2/opencms/system/modules/com.gridnine.opencms.ticketbrokerage.site/resources/css/ticketbrokerage.css HTTP/1.1" 200 39339
65.21.232.254 - - [03/Feb/2025:00:57:15 +0100] "GET /ticket2/opencms/en/buy/?page=1&edid=9251144B-A067-5C69-5CE6-1E260A35EEA7 HTTP/1.1" 200 109086
217.113.194.213 - - [03/Feb/2025:00:57:16 +0100] "GET /ticket2/opencms/mk/buy?page=1&edid=9F1254C7-9A2E-B916-8C00-ED68B0BB55E9 HTTP/1.1" 404 -
122.8.186.189 - - [03/Feb/2025:00:57:16 +0100] "GET /ticket2/opencms/en/sport/football-tickets/bundesliga HTTP/1.1" 200 95413
54.36.148.199 - - [03/Feb/2025:00:57:16 +0100] "GET /ticket2/opencms/lv/buy?page=1&edid=F25FBBE3-B880-5730-A316-AE0E479B4D0A HTTP/1.1" 200 108755
65.21.232.254 - - [03/Feb/2025:00:57:18 +0100] "GET /ticket2/opencms/en/buy/?page=1&edid=9252AFA0-65A5-5406-DF68-FCF1AD67F3F1 HTTP/1.1" 200 109743
65.21.232.254 - - [03/Feb/2025:00:57:21 +0100] "GET /ticket2/opencms/en/buy/?page=1&edid=92971269-2FFE-3DDA-49A2-724A87B9C001&sortorder=asc&column=row HTTP/1.1" 200 111179
217.113.194.221 - - [03/Feb/2025:00:57:24 +0100] "GET /ticket2/opencms/mk/buy?page=1&edid=B991B025-66C6-9BEE-1A3B-473370AF84BC HTTP/1.1" 404 -
65.21.232.254 - - [03/Feb/2025:00:57:25 +0100] "GET /ticket2/opencms/en/buy/?page=1&edid=9AD6E1E6-FB1D-3EDD-D6AB-CD76FAA24E1B HTTP/1.1" 200 110110
185.191.171.18 - - [03/Feb/2025:00:57:25 +0100] "GET /ticket2/opencms/tr/login/ HTTP/1.1" 200 92028
65.21.232.254 - - [03/Feb/2025:00:57:28 +0100] "GET /ticket2/opencms/en/buy/?page=1&edid=A4BCC3CD-355E-D96B-6D23-4D9FBE7BA965 HTTP/1.1" 200 110100
66.249.79.33 - - [03/Feb/2025:00:57:30 +0100] "GET /ticket2/opencms/tr/buy/?page=1&edid=78077671-6D1C-6384-F4E3-25AAC0A5B810 HTTP/1.1" 200 111918
65.21.232.254 - - [03/Feb/2025:00:57:32 +0100] "GET /ticket2/opencms/en/buy/?page=1&edid=A587FC63-4A93-6097-3B29-C1C51786267C HTTP/1.1" 200 116157
52.167.144.187 - - [03/Feb/2025:00:57:32 +0100] "GET /ticket2/opencms/az/?page=6&comcatid=A17713B6-D984-201A-4143-ED4DB5ED5C2E&catid=C48671DB-5AEB-8CE2-928E-38417FFBE085 HTTP/1.1" 200 107310
54.36.148.10 - - [03/Feb/2025:00:57:32 +0100] "GET /ticket2/opencms/sv/buy?page=1&edid=59EE7C1E-928C-0B67-F8CD-0935739262E0 HTTP/1.1" 200 119781
217.113.194.219 - - [03/Feb/2025:00:57:32 +0100] "GET /ticket2/opencms/mk/buy?page=1&edid=B268A7F3-2740-4C2E-AA62-15694FF51EF3 HTTP/1.1" 404 -
202.8.40.87 - - [03/Feb/2025:00:57:33 +0100] "GET /ticket2/opencms/system/modules/com.gridnine.opencms.ticketbrokerage.site/resources/css/jquery.fancybox.css HTTP/1.1" 200 4939
202.8.40.87 - - [03/Feb/2025:00:57:33 +0100] "GET /ticket2/opencms/system/modules/com.gridnine.opencms.ticketbrokerage.site/resources/css/standard.css HTTP/1.1" 200 73904
202.8.40.87 - - [03/Feb/2025:00:57:33 +0100] "GET /ticket2/opencms/system/modules/com.gridnine.opencms.ticketbrokerage.site/resources/css/calendar.css HTTP/1.1" 200 6871
202.8.40.87 - - [03/Feb/2025:00:57:33 +0100] "GET /ticket2/opencms/system/modules/com.gridnine.opencms.ticketbrokerage.site/resources/css/ticketbrokerage.css HTTP/1.1" 200 39339
202.8.40.87 - - [03/Feb/2025:00:57:33 +0100] "GET /ticket2/opencms/system/modules/com.gridnine.opencms.ticketbrokerage.site/resources/css/jquery-ui.css HTTP/1.1" 200 33221
202.8.40.87 - - [03/Feb/2025:00:57:33 +0100] "GET /ticket2/opencms/system/modules/com.gridnine.opencms.ticketbrokerage.site/resources/js/jquery/jquery.js HTTP/1.1" 200 93868
202.8.40.87 - - [03/Feb/2025:00:57:33 +0100] "GET /ticket2/opencms/system/modules/com.gridnine.opencms.ticketbrokerage.site/resources/js/functions.js HTTP/1.1" 200 1583
202.8.40.87 - - [03/Feb/2025:00:57:33 +0100] "GET /ticket2/opencms/system/modules/com.gridnine.opencms.ticketbrokerage.site/resources/js/jquery/jquery-ui.js HTTP/1.1" 200 228088
202.8.40.87 - - [03/Feb/2025:00:57:33 +0100] "GET /ticket2/opencms/system/modules/com.gridnine.opencms.ticketbrokerage.site/resources/js/calendar.js HTTP/1.1" 200 49229
202.8.40.87 - - [03/Feb/2025:00:57:33 +0100] "GET /ticket2/opencms/system/modules/com.gridnine.opencms.ticketbrokerage.site/resources/js/calendar-en.js HTTP/1.1" 200 3338
202.8.40.87 - - [03/Feb/2025:00:57:33 +0100] "GET /ticket2/opencms/system/modules/com.gridnine.opencms.ticketbrokerage.site/resources/js/calendar-setup.js HTTP/1.1" 200 4923
202.8.40.87 - - [03/Feb/2025:00:57:33 +0100] "GET /ticket2/opencms/system/modules/com.gridnine.opencms.ticketbrokerage.site/resources/js/jquery.fancybox.pack.js HTTP/1.1" 200 23187
202.8.40.87 - - [03/Feb/2025:00:57:33 +0100] "GET /ticket2/opencms/system/modules/com.gridnine.opencms.ticketbrokerage.site/resources/js/stickyfill.min.js HTTP/1.1" 200 5672
202.8.40.87 - - [03/Feb/2025:00:57:33 +0100] "GET /ticket2/opencms/system/modules/com.gridnine.opencms.ticketbrokerage.site/resources/js/standard.js HTTP/1.1" 200 3983
202.8.40.87 - - [03/Feb/2025:00:57:34 +0100] "GET /ticket2/opencms/system/modules/com.gridnine.opencms.ticketbrokerage.site/resources/js/jquery.placeholder.min.js HTTP/1.1" 200 1737
202.8.40.87 - - [03/Feb/2025:00:57:34 +0100] "GET /ticket2/opencms/system/modules/com.gridnine.opencms.ticketbrokerage.site/resources/js/common-ajax.js HTTP/1.1" 200 20175
202.8.40.87 - - [03/Feb/2025:00:57:34 +0100] "GET /ticket2/opencms/sv/ask-form.html HTTP/1.1" 200 2950
202.8.40.87 - - [03/Feb/2025:00:57:34 +0100] "GET /ticket2/opencms/system/modules/com.gridnine.opencms.ticketbrokerage.site/resources/css/ticketbrokerage.css HTTP/1.1" 200 39339
65.21.232.254 - - [03/Feb/2025:00:57:35 +0100] "GET /ticket2/opencms/en/buy/?page=1&edid=A5DC3557-7021-B208-917D-35A78F466827 HTTP/1.1" 200 110141
65.21.232.254 - - [03/Feb/2025:00:57:38 +0100] "GET /ticket2/opencms/en/buy/?page=1&edid=A6EF4FE9-AE81-1F17-8E2D-2A4D92605292 HTTP/1.1" 200 110185
47.128.127.178 - - [03/Feb/2025:00:57:40 +0100] "GET /ticket2/opencms/is/buy/?edid=6148B729-620A-0104-5C35-7B49F49164F4 HTTP/1.1" 200 91622
217.113.194.212 - - [03/Feb/2025:00:57:40 +0100] "GET /ticket2/opencms/mk/buy?page=1&edid=E66B1558-C5A6-CDDD-B7DD-6060381B0F38 HTTP/1.1" 404 -
65.21.232.254 - - [03/Feb/2025:00:57:42 +0100] "GET /ticket2/opencms/en/buy/?page=1&edid=AE760495-8F0D-E66F-09B5-DE27D51C8B7F HTTP/1.1" 200 110095
54.36.148.165 - - [03/Feb/2025:00:57:42 +0100] "GET /ticket2/opencms/fr/buy?page=1&edid=C3C88BDA-1CC3-8611-4BC9-911B22C7161C HTTP/1.1" 200 110908
5.9.55.228 - - [03/Feb/2025:00:57:45 +0100] "GET /ticket2/opencms/fi/urheilu/jalkapallo/serie_a/monza/ HTTP/1.1" 200 94408
65.21.232.254 - - [03/Feb/2025:00:57:46 +0100] "GET /ticket2/opencms/en/buy/?page=1&edid=B2E36727-9F03-222A-28A8-36B5A000F375 HTTP/1.1" 200 110115
157.55.39.63 - - [03/Feb/2025:00:57:47 +0100] "GET /ticket2/opencms/en/venue/?countryid=8E9B7573-DABA-9F65-28F4-901E70BA5D59 HTTP/1.1" 200 114838
217.113.194.214 - - [03/Feb/2025:00:57:49 +0100] "GET /ticket2/opencms/mk/buy?page=1&edid=A37ED125-657A-7B90-0884-EE61D72C27E6 HTTP/1.1" 404 -
65.21.232.254 - - [03/Feb/2025:00:57:49 +0100] "GET /ticket2/opencms/en/buy/?page=1&edid=B68A5FCD-3F48-E5F6-F08A-DB5402FFB044 HTTP/1.1" 200 110184
185.191.171.13 - - [03/Feb/2025:00:57:51 +0100] "GET /ticket2/opencms/sv/affiliateprogram.html HTTP/1.1" 200 90367
185.191.171.11 - - [03/Feb/2025:00:57:51 +0100] "GET /ticket2/opencms/robots.txt HTTP/1.1" 200 773
85.208.96.205 - - [03/Feb/2025:00:57:52 +0100] "GET /ticket2/opencms/sv/magazine/article?title=liverpool-en-stad-av-kultur-och-historia HTTP/1.1" 200 92795
65.21.232.254 - - [03/Feb/2025:00:57:53 +0100] "GET /ticket2/opencms/en/buy/?page=1&edid=B76AA14A-A9BE-C817-C615-7D02C02EB692 HTTP/1.1" 200 109319
54.36.148.213 - - [03/Feb/2025:00:57:54 +0100] "GET /ticket2/opencms/ro/buy?page=1&edid=DA983286-A535-726A-C0DF-C6AC98A1A255 HTTP/1.1" 200 112204
66.249.79.33 - - [03/Feb/2025:00:57:54 +0100] "GET /ticket2/opencms/hu/buy/?page=1&edid=E4AB8B9B-D715-946F-66CB-04AA56069E4B HTTP/1.1" 200 111276
185.191.171.14 - - [03/Feb/2025:00:57:54 +0100] "GET /ticket2/opencms/de/magazine/article?title=vinicius-jr HTTP/1.1" 200 92099
202.8.42.9 - - [03/Feb/2025:00:57:55 +0100] "GET /ticket2/opencms/system/modules/com.gridnine.opencms.ticketbrokerage.site/resources/css/calendar.css HTTP/1.1" 200 6871
202.8.42.9 - - [03/Feb/2025:00:57:55 +0100] "GET /ticket2/opencms/system/modules/com.gridnine.opencms.ticketbrokerage.site/resources/css/standard.css HTTP/1.1" 200 73904
202.8.42.9 - - [03/Feb/2025:00:57:55 +0100] "GET /ticket2/opencms/system/modules/com.gridnine.opencms.ticketbrokerage.site/resources/css/jquery-ui.css HTTP/1.1" 200 33221
202.8.42.9 - - [03/Feb/2025:00:57:55 +0100] "GET /ticket2/opencms/system/modules/com.gridnine.opencms.ticketbrokerage.site/resources/css/jquery.fancybox.css HTTP/1.1" 200 4939
202.8.42.9 - - [03/Feb/2025:00:57:55 +0100] "GET /ticket2/opencms/system/modules/com.gridnine.opencms.ticketbrokerage.site/resources/css/ticketbrokerage.css HTTP/1.1" 200 39339
202.8.42.9 - - [03/Feb/2025:00:57:55 +0100] "GET /ticket2/opencms/system/modules/com.gridnine.opencms.ticketbrokerage.site/resources/js/jquery/jquery.js HTTP/1.1" 200 93868
202.8.42.9 - - [03/Feb/2025:00:57:55 +0100] "GET /ticket2/opencms/system/modules/com.gridnine.opencms.ticketbrokerage.site/resources/js/jquery/jquery-ui.js HTTP/1.1" 200 228088
202.8.42.9 - - [03/Feb/2025:00:57:55 +0100] "GET /ticket2/opencms/system/modules/com.gridnine.opencms.ticketbrokerage.site/resources/js/functions.js HTTP/1.1" 200 1583
202.8.42.9 - - [03/Feb/2025:00:57:55 +0100] "GET /ticket2/opencms/system/modules/com.gridnine.opencms.ticketbrokerage.site/resources/js/calendar-setup.js HTTP/1.1" 200 4923
202.8.42.9 - - [03/Feb/2025:00:57:55 +0100] "GET /ticket2/opencms/system/modules/com.gridnine.opencms.ticketbrokerage.site/resources/js/calendar-en.js HTTP/1.1" 200 3338
202.8.42.9 - - [03/Feb/2025:00:57:55 +0100] "GET /ticket2/opencms/system/modules/com.gridnine.opencms.ticketbrokerage.site/resources/js/calendar.js HTTP/1.1" 200 49229
202.8.42.9 - - [03/Feb/2025:00:57:55 +0100] "GET /ticket2/opencms/system/modules/com.gridnine.opencms.ticketbrokerage.site/resources/js/jquery.fancybox.pack.js HTTP/1.1" 200 23187
202.8.42.9 - - [03/Feb/2025:00:57:55 +0100] "GET /ticket2/opencms/system/modules/com.gridnine.opencms.ticketbrokerage.site/resources/js/stickyfill.min.js HTTP/1.1" 200 5672
202.8.42.9 - - [03/Feb/2025:00:57:55 +0100] "GET /ticket2/opencms/system/modules/com.gridnine.opencms.ticketbrokerage.site/resources/js/standard.js HTTP/1.1" 200 3983
202.8.42.9 - - [03/Feb/2025:00:57:55 +0100] "GET /ticket2/opencms/system/modules/com.gridnine.opencms.ticketbrokerage.site/resources/js/jquery.placeholder.min.js HTTP/1.1" 200 1737
202.8.42.9 - - [03/Feb/2025:00:57:55 +0100] "GET /ticket2/opencms/system/modules/com.gridnine.opencms.ticketbrokerage.site/resources/js/common-ajax.js HTTP/1.1" 200 20175
202.8.42.9 - - [03/Feb/2025:00:57:55 +0100] "GET /ticket2/opencms/ro/ask-form.html HTTP/1.1" 200 3156
202.8.42.9 - - [03/Feb/2025:00:57:55 +0100] "GET /ticket2/opencms/system/modules/com.gridnine.opencms.ticketbrokerage.site/resources/css/ticketbrokerage.css HTTP/1.1" 200 39339
54.36.149.66 - - [03/Feb/2025:00:57:56 +0100] "GET /ticket2/opencms/es/about/ HTTP/1.1" 500 -
65.21.232.254 - - [03/Feb/2025:00:57:56 +0100] "GET /ticket2/opencms/en/buy/?page=1&edid=B773BF6A-1506-68A0-A598-FD81665D5B1D HTTP/1.1" 200 109677
217.113.194.219 - - [03/Feb/2025:00:57:57 +0100] "GET /ticket2/opencms/mk/buy?page=1&edid=B49EC41D-75E6-B615-98C8-54327046FBC9 HTTP/1.1" 404 -
185.191.171.14 - - [03/Feb/2025:00:57:57 +0100] "GET /ticket2/opencms/dk/sport/fodboldbilletter/la-liga/valencia/ HTTP/1.1" 200 92286
65.21.232.254 - - [03/Feb/2025:00:58:00 +0100] "GET /ticket2/opencms/en/buy/?page=1&edid=B8BBF679-D59C-F1CB-8AEA-58801327388A HTTP/1.1" 200 106967
189.1.219.96 - - [03/Feb/2025:00:58:01 +0100] "GET /ticket2/opencms/pl/buy/?page=1&edid=45154ED5-FA84-B67F-49E1-915F660F7EFF HTTP/1.1" 200 108712
185.191.171.7 - - [03/Feb/2025:00:58:02 +0100] "GET /ticket2/opencms/et/magazine/article?title=ruben-amorim-sai-uueks-manchester-unitedi-treeneriks HTTP/1.1" 200 93880
65.21.232.254 - - [03/Feb/2025:00:58:03 +0100] "GET /ticket2/opencms/en/buy/?page=1&edid=B8C4FD3A-2A07-475B-8D70-3EFC6A295665 HTTP/1.1" 200 109131
54.36.148.136 - - [03/Feb/2025:00:58:05 +0100] "GET /ticket2/opencms/nl/buy?page=1&edid=F83ACB1F-A834-FC8E-AC9B-B9250F8FA653 HTTP/1.1" 200 122169
154.54.249.216 - - [03/Feb/2025:00:58:05 +0100] "GET /ticket2/opencms/mk/buy?page=1&edid=E535014D-43B8-DCF9-3567-EB6C689DD87C HTTP/1.1" 404 -
202.8.40.134 - - [03/Feb/2025:00:58:06 +0100] "GET /ticket2/opencms/system/modules/com.gridnine.opencms.ticketbrokerage.site/resources/css/standard.css HTTP/1.1" 200 73904
202.8.40.134 - - [03/Feb/2025:00:58:06 +0100] "GET /ticket2/opencms/system/modules/com.gridnine.opencms.ticketbrokerage.site/resources/css/jquery.fancybox.css HTTP/1.1" 200 4939
202.8.40.134 - - [03/Feb/2025:00:58:06 +0100] "GET /ticket2/opencms/system/modules/com.gridnine.opencms.ticketbrokerage.site/resources/css/calendar.css HTTP/1.1" 200 6871
202.8.40.134 - - [03/Feb/2025:00:58:06 +0100] "GET /ticket2/opencms/system/modules/com.gridnine.opencms.ticketbrokerage.site/resources/css/ticketbrokerage.css HTTP/1.1" 200 39339
202.8.40.134 - - [03/Feb/2025:00:58:06 +0100] "GET /ticket2/opencms/system/modules/com.gridnine.opencms.ticketbrokerage.site/resources/css/jquery-ui.css HTTP/1.1" 200 33221
202.8.40.134 - - [03/Feb/2025:00:58:06 +0100] "GET /ticket2/opencms/system/modules/com.gridnine.opencms.ticketbrokerage.site/resources/js/jquery/jquery.js HTTP/1.1" 200 93868
202.8.40.134 - - [03/Feb/2025:00:58:06 +0100] "GET /ticket2/opencms/system/modules/com.gridnine.opencms.ticketbrokerage.site/resources/js/functions.js HTTP/1.1" 200 1583
202.8.40.134 - - [03/Feb/2025:00:58:06 +0100] "GET /ticket2/opencms/system/modules/com.gridnine.opencms.ticketbrokerage.site/resources/js/jquery/jquery-ui.js HTTP/1.1" 200 228088
202.8.40.134 - - [03/Feb/2025:00:58:06 +0100] "GET /ticket2/opencms/system/modules/com.gridnine.opencms.ticketbrokerage.site/resources/js/calendar-en.js HTTP/1.1" 200 3338
202.8.40.134 - - [03/Feb/2025:00:58:06 +0100] "GET /ticket2/opencms/system/modules/com.gridnine.opencms.ticketbrokerage.site/resources/js/calendar.js HTTP/1.1" 200 49229
