202.8.41.131 - - [03/Feb/2025:01:15:49 +0100] "GET /ticket2/opencms/system/modules/com.gridnine.opencms.ticketbrokerage.site/resources/css/calendar.css HTTP/1.1" 200 6871
202.8.41.131 - - [03/Feb/2025:01:15:49 +0100] "GET /ticket2/opencms/system/modules/com.gridnine.opencms.ticketbrokerage.site/resources/css/standard.css HTTP/1.1" 200 73904
202.8.41.131 - - [03/Feb/2025:01:15:49 +0100] "GET /ticket2/opencms/system/modules/com.gridnine.opencms.ticketbrokerage.site/resources/css/jquery.fancybox.css HTTP/1.1" 200 4939
202.8.41.131 - - [03/Feb/2025:01:15:49 +0100] "GET /ticket2/opencms/system/modules/com.gridnine.opencms.ticketbrokerage.site/resources/css/jquery-ui.css HTTP/1.1" 200 33221
202.8.41.131 - - [03/Feb/2025:01:15:49 +0100] "GET /ticket2/opencms/system/modules/com.gridnine.opencms.ticketbrokerage.site/resources/js/calendar-en.js HTTP/1.1" 200 3338
202.8.41.131 - - [03/Feb/2025:01:15:49 +0100] "GET /ticket2/opencms/system/modules/com.gridnine.opencms.ticketbrokerage.site/resources/css/ticketbrokerage.css HTTP/1.1" 200 39339
202.8.41.131 - - [03/Feb/2025:01:15:49 +0100] "GET /ticket2/opencms/system/modules/com.gridnine.opencms.ticketbrokerage.site/resources/js/jquery/jquery.js HTTP/1.1" 200 93868
202.8.41.131 - - [03/Feb/2025:01:15:49 +0100] "GET /ticket2/opencms/system/modules/com.gridnine.opencms.ticketbrokerage.site/resources/js/jquery/jquery-ui.js HTTP/1.1" 200 228088
202.8.41.131 - - [03/Feb/2025:01:15:49 +0100] "GET /ticket2/opencms/system/modules/com.gridnine.opencms.ticketbrokerage.site/resources/js/calendar.js HTTP/1.1" 200 49229
202.8.41.131 - - [03/Feb/2025:01:15:49 +0100] "GET /ticket2/opencms/system/modules/com.gridnine.opencms.ticketbrokerage.site/resources/js/functions.js HTTP/1.1" 200 1583
202.8.41.131 - - [03/Feb/2025:01:15:49 +0100] "GET /ticket2/opencms/system/modules/com.gridnine.opencms.ticketbrokerage.site/resources/js/calendar-setup.js HTTP/1.1" 200 4923
202.8.41.131 - - [03/Feb/2025:01:15:49 +0100] "GET /ticket2/opencms/system/modules/com.gridnine.opencms.ticketbrokerage.site/resources/js/jquery.fancybox.pack.js HTTP/1.1" 200 23187
202.8.41.131 - - [03/Feb/2025:01:15:49 +0100] "GET /ticket2/opencms/system/modules/com.gridnine.opencms.ticketbrokerage.site/resources/js/stickyfill.min.js HTTP/1.1" 200 5672
202.8.41.131 - - [03/Feb/2025:01:15:49 +0100] "GET /ticket2/opencms/system/modules/com.gridnine.opencms.ticketbrokerage.site/resources/js/standard.js HTTP/1.1" 200 3983
202.8.41.131 - - [03/Feb/2025:01:15:50 +0100] "GET /ticket2/opencms/system/modules/com.gridnine.opencms.ticketbrokerage.site/resources/js/jquery.placeholder.min.js HTTP/1.1" 200 1737
202.8.41.131 - - [03/Feb/2025:01:15:50 +0100] "GET /ticket2/opencms/system/modules/com.gridnine.opencms.ticketbrokerage.site/resources/js/common-ajax.js HTTP/1.1" 200 20175
202.8.41.131 - - [03/Feb/2025:01:15:50 +0100] "GET /ticket2/opencms/mt/ask-form.html HTTP/1.1" 200 3156
202.8.41.131 - - [03/Feb/2025:01:15:50 +0100] "GET /ticket2/opencms/system/modules/com.gridnine.opencms.ticketbrokerage.site/resources/css/ticketbrokerage.css HTTP/1.1" 200 39339
94.154.239.69 - - [03/Feb/2025:01:15:50 +0100] "GET /ticket2/opencms/sv/login/?edid=463B85F1-158C-B9D0-587B-5FBBABC2ECA2 HTTP/1.1" 200 91509
217.113.194.216 - - [03/Feb/2025:01:15:51 +0100] "GET /ticket2/opencms/sq/buy?page=1&edid=D9483F7A-81C2-71D7-77DF-D2197B102901 HTTP/1.1" 200 108928
52.167.144.212 - - [03/Feb/2025:01:15:52 +0100] "GET /ticket2/opencms/bs/?page=6&comcatid=A17713B6-D984-201A-4143-ED4DB5ED5C2E&catid=97608B80-50C4-18AE-7A82-0413C62E9243 HTTP/1.1" 200 106762
192.99.3.137 - - [03/Feb/2025:01:15:53 +0100] "GET /ticket2/opencms/hu/buy/?page=1&edid=9BBBC99D-9BE8-492C-BD4A-8B73CDBF11B6 HTTP/1.1" 200 108924
94.154.239.69 - - [03/Feb/2025:01:15:54 +0100] "GET /ticket2/opencms/sv/login/?edid=46DDC203-41AB-936F-F42F-3447B1C39BFC HTTP/1.1" 200 91500
54.36.148.146 - - [03/Feb/2025:01:15:55 +0100] "GET /ticket2/opencms/mt/buy/?page=1&edid=8EF7EC9D-9BC8-1DEC-C27C-0541D5C5F471 HTTP/1.1" 200 127411
94.154.239.69 - - [03/Feb/2025:01:15:57 +0100] "GET /ticket2/opencms/sv/login/?edid=46ED3103-DE6B-A6DD-76D4-FB2A3432E453 HTTP/1.1" 200 91554
192.99.3.137 - - [03/Feb/2025:01:15:58 +0100] "GET /ticket2/opencms/hu/buy/?page=1&edid=9BFFFF0C-C809-CAED-9589-C9537A82DE22 HTTP/1.1" 200 111115
65.21.232.254 - - [03/Feb/2025:01:15:59 +0100] "GET /ticket2/opencms/robots.txt HTTP/1.1" 200 773
66.249.76.170 - - [03/Feb/2025:01:16:00 +0100] "GET /ticket2/opencms/en/buy/?page=1&edid=2E3A9666-3510-0E81-4BD6-E0C24467BF7D HTTP/1.1" 200 106899
54.36.149.69 - - [03/Feb/2025:01:16:00 +0100] "GET /ticket2/opencms/hu/buy?page=1&edid=380022DF-63A1-5DA8-425A-027B0E0314C7 HTTP/1.1" 200 109029
217.113.194.212 - - [03/Feb/2025:01:16:00 +0100] "GET /ticket2/opencms/sq/buy?page=1&edid=A32C2CDE-A2F2-054C-C7FE-30BF45814EDA HTTP/1.1" 200 112839
85.208.96.209 - - [03/Feb/2025:01:16:01 +0100] "GET /ticket2/opencms/pl/magazine/article?title=ruben-amorim-zostal-nowym-trenerem-manchester-united HTTP/1.1" 200 93891
202.8.40.40 - - [03/Feb/2025:01:16:01 +0100] "GET /ticket2/opencms/system/modules/com.gridnine.opencms.ticketbrokerage.site/resources/css/ticketbrokerage.css HTTP/1.1" 200 39339
202.8.40.40 - - [03/Feb/2025:01:16:01 +0100] "GET /ticket2/opencms/system/modules/com.gridnine.opencms.ticketbrokerage.site/resources/css/jquery-ui.css HTTP/1.1" 200 33221
202.8.40.40 - - [03/Feb/2025:01:16:01 +0100] "GET /ticket2/opencms/system/modules/com.gridnine.opencms.ticketbrokerage.site/resources/css/standard.css HTTP/1.1" 200 73904
202.8.40.40 - - [03/Feb/2025:01:16:01 +0100] "GET /ticket2/opencms/system/modules/com.gridnine.opencms.ticketbrokerage.site/resources/css/calendar.css HTTP/1.1" 200 6871
202.8.40.40 - - [03/Feb/2025:01:16:01 +0100] "GET /ticket2/opencms/system/modules/com.gridnine.opencms.ticketbrokerage.site/resources/css/jquery.fancybox.css HTTP/1.1" 200 4939
202.8.40.40 - - [03/Feb/2025:01:16:01 +0100] "GET /ticket2/opencms/system/modules/com.gridnine.opencms.ticketbrokerage.site/resources/js/jquery/jquery.js HTTP/1.1" 200 93868
202.8.40.40 - - [03/Feb/2025:01:16:01 +0100] "GET /ticket2/opencms/system/modules/com.gridnine.opencms.ticketbrokerage.site/resources/js/jquery/jquery-ui.js HTTP/1.1" 200 228088
202.8.40.40 - - [03/Feb/2025:01:16:01 +0100] "GET /ticket2/opencms/system/modules/com.gridnine.opencms.ticketbrokerage.site/resources/js/functions.js HTTP/1.1" 200 1583
202.8.40.40 - - [03/Feb/2025:01:16:01 +0100] "GET /ticket2/opencms/system/modules/com.gridnine.opencms.ticketbrokerage.site/resources/js/calendar-en.js HTTP/1.1" 200 3338
202.8.40.40 - - [03/Feb/2025:01:16:01 +0100] "GET /ticket2/opencms/system/modules/com.gridnine.opencms.ticketbrokerage.site/resources/js/calendar.js HTTP/1.1" 200 49229
202.8.40.40 - - [03/Feb/2025:01:16:01 +0100] "GET /ticket2/opencms/system/modules/com.gridnine.opencms.ticketbrokerage.site/resources/js/calendar-setup.js HTTP/1.1" 200 4923
114.119.136.8 - - [03/Feb/2025:01:16:01 +0100] "GET /ticket2/opencms/en/venue/?venueid=86A94F85-9F2F-8D78-963D-5E90833F60CD HTTP/1.1" 200 85414
202.8.40.40 - - [03/Feb/2025:01:16:01 +0100] "GET /ticket2/opencms/system/modules/com.gridnine.opencms.ticketbrokerage.site/resources/js/standard.js HTTP/1.1" 200 3983
202.8.40.40 - - [03/Feb/2025:01:16:01 +0100] "GET /ticket2/opencms/system/modules/com.gridnine.opencms.ticketbrokerage.site/resources/js/stickyfill.min.js HTTP/1.1" 200 5672
202.8.40.40 - - [03/Feb/2025:01:16:01 +0100] "GET /ticket2/opencms/system/modules/com.gridnine.opencms.ticketbrokerage.site/resources/js/jquery.fancybox.pack.js HTTP/1.1" 200 23187
202.8.40.40 - - [03/Feb/2025:01:16:02 +0100] "GET /ticket2/opencms/system/modules/com.gridnine.opencms.ticketbrokerage.site/resources/js/jquery.placeholder.min.js HTTP/1.1" 200 1737
202.8.40.40 - - [03/Feb/2025:01:16:02 +0100] "GET /ticket2/opencms/system/modules/com.gridnine.opencms.ticketbrokerage.site/resources/js/common-ajax.js HTTP/1.1" 200 20175
202.8.40.40 - - [03/Feb/2025:01:16:02 +0100] "GET /ticket2/opencms/hu/ask-form.html HTTP/1.1" 200 3156
202.8.40.40 - - [03/Feb/2025:01:16:02 +0100] "GET /ticket2/opencms/system/modules/com.gridnine.opencms.ticketbrokerage.site/resources/css/ticketbrokerage.css HTTP/1.1" 200 39339
47.128.22.117 - - [03/Feb/2025:01:16:02 +0100] "GET /ticket2/opencms/sr/buy/?edid=1D5F9EE1-797F-37B3-641C-E2D7E9D08ACF HTTP/1.1" 200 92213
94.154.239.69 - - [03/Feb/2025:01:16:02 +0100] "GET /ticket2/opencms/sv/login/?edid=4762DED1-D0F0-E02F-7740-40C01DC51B7B HTTP/1.1" 200 91474
192.99.3.137 - - [03/Feb/2025:01:16:03 +0100] "GET /ticket2/opencms/hu/buy/?page=1&edid=9CB422E7-7809-8163-0C70-A6355650353B HTTP/1.1" 200 108899
46.250.161.231 - - [03/Feb/2025:01:16:03 +0100] "GET /ticket2/opencms/pl/buy?page=1&edid=638AB846-B6F5-F25C-3F59-BAFA9BCE86BF HTTP/1.1" 200 111892
65.21.232.254 - - [03/Feb/2025:01:16:03 +0100] "GET /ticket2/opencms/dk/login/?edid=7F2A5B0B-89B1-FCB5-F3DF-3B5D223FE23E HTTP/1.1" 200 90779
5.9.55.228 - - [03/Feb/2025:01:16:03 +0100] "GET /ticket2/opencms/fi/venue/?venueid=3D925761-81E3-9DF6-D2BD-9A2237888F8A HTTP/1.1" 200 87041
40.77.167.59 - - [03/Feb/2025:01:16:03 +0100] "GET /ticket2/opencms/es/buy/?page=1&edid=A9140ADD-E008-579D-7865-3C1E6B6E78F6 HTTP/1.1" 200 111161
94.154.239.69 - - [03/Feb/2025:01:16:06 +0100] "GET /ticket2/opencms/sv/login/?edid=486EB1CD-95BE-ED77-9E64-4E49BB28C6F8 HTTP/1.1" 200 91502
65.21.232.254 - - [03/Feb/2025:01:16:06 +0100] "GET /ticket2/opencms/dk/login/?edid=870139C6-530A-636D-1EEE-D550E3B89162 HTTP/1.1" 200 90729
192.99.3.137 - - [03/Feb/2025:01:16:08 +0100] "GET /ticket2/opencms/hu/buy/?page=1&edid=9CB65BAE-DCD8-2D95-397D-813CF31BA500 HTTP/1.1" 200 135326
217.113.194.221 - - [03/Feb/2025:01:16:09 +0100] "GET /ticket2/opencms/sq/buy?page=1&edid=91131440-6E9B-EF94-52C2-EDE415172430 HTTP/1.1" 200 112455
65.21.232.254 - - [03/Feb/2025:01:16:10 +0100] "GET /ticket2/opencms/dk/login/?edid=886EBE00-AD4F-18AB-5952-938F90C93D16 HTTP/1.1" 200 90738
94.154.239.69 - - [03/Feb/2025:01:16:10 +0100] "GET /ticket2/opencms/sv/login/?edid=48E72B51-00CE-CE36-D8BB-29D37358C55B HTTP/1.1" 200 91601
192.99.3.137 - - [03/Feb/2025:01:16:12 +0100] "GET /ticket2/opencms/hu/buy/?page=1&edid=9D2DFDC9-4BC5-EECE-32CF-AF6FA9041457 HTTP/1.1" 200 111112
185.191.171.16 - - [03/Feb/2025:01:16:13 +0100] "GET /ticket2/opencms/tb/opencms/en/archive/events/melodifestivalen/2007_02_03_19_00/ HTTP/1.1" 404 -
65.21.232.254 - - [03/Feb/2025:01:16:14 +0100] "GET /ticket2/opencms/dk/login/?edid=8A4C7AC3-9F20-8E7F-3D23-EA3DFE7093D0 HTTP/1.1" 200 90773
94.154.239.69 - - [03/Feb/2025:01:16:14 +0100] "GET /ticket2/opencms/sv/login/?edid=4D379F8B-AE2A-EBF4-6C2E-EB40FFD2EAEF HTTP/1.1" 200 91560
192.99.3.137 - - [03/Feb/2025:01:16:17 +0100] "GET /ticket2/opencms/hu/buy/?page=1&edid=9D89B626-BE34-D0AA-2430-149AC630E583 HTTP/1.1" 200 108938
65.21.232.254 - - [03/Feb/2025:01:16:17 +0100] "GET /ticket2/opencms/dk/login/?edid=8BCDA413-0A18-59D2-A3FB-49537454FAB9 HTTP/1.1" 200 90750
54.36.149.58 - - [03/Feb/2025:01:16:17 +0100] "GET /ticket2/opencms/dk/buy?page=1&edid=70EF0ABB-9A80-4CE0-EE48-CC9265C1B361 HTTP/1.1" 200 130688
154.54.249.216 - - [03/Feb/2025:01:16:18 +0100] "GET /ticket2/opencms/sq/buy?page=1&edid=EFCA122E-EFD5-12F8-6F83-6930A0BC1F37 HTTP/1.1" 200 124276
202.8.40.168 - - [03/Feb/2025:01:16:18 +0100] "GET /ticket2/opencms/system/modules/com.gridnine.opencms.ticketbrokerage.site/resources/css/jquery-ui.css HTTP/1.1" 200 33221
202.8.40.168 - - [03/Feb/2025:01:16:18 +0100] "GET /ticket2/opencms/system/modules/com.gridnine.opencms.ticketbrokerage.site/resources/css/standard.css HTTP/1.1" 200 73904
202.8.40.168 - - [03/Feb/2025:01:16:18 +0100] "GET /ticket2/opencms/system/modules/com.gridnine.opencms.ticketbrokerage.site/resources/css/ticketbrokerage.css HTTP/1.1" 200 39339
202.8.40.168 - - [03/Feb/2025:01:16:18 +0100] "GET /ticket2/opencms/system/modules/com.gridnine.opencms.ticketbrokerage.site/resources/css/calendar.css HTTP/1.1" 200 6871
202.8.40.168 - - [03/Feb/2025:01:16:18 +0100] "GET /ticket2/opencms/system/modules/com.gridnine.opencms.ticketbrokerage.site/resources/css/jquery.fancybox.css HTTP/1.1" 200 4939
202.8.40.168 - - [03/Feb/2025:01:16:18 +0100] "GET /ticket2/opencms/system/modules/com.gridnine.opencms.ticketbrokerage.site/resources/js/jquery/jquery.js HTTP/1.1" 200 93868
202.8.40.168 - - [03/Feb/2025:01:16:18 +0100] "GET /ticket2/opencms/system/modules/com.gridnine.opencms.ticketbrokerage.site/resources/js/jquery/jquery-ui.js HTTP/1.1" 200 228088
202.8.40.168 - - [03/Feb/2025:01:16:18 +0100] "GET /ticket2/opencms/system/modules/com.gridnine.opencms.ticketbrokerage.site/resources/js/functions.js HTTP/1.1" 200 1583
202.8.40.168 - - [03/Feb/2025:01:16:18 +0100] "GET /ticket2/opencms/system/modules/com.gridnine.opencms.ticketbrokerage.site/resources/js/calendar.js HTTP/1.1" 200 49229
202.8.40.168 - - [03/Feb/2025:01:16:18 +0100] "GET /ticket2/opencms/system/modules/com.gridnine.opencms.ticketbrokerage.site/resources/js/calendar-en.js HTTP/1.1" 200 3338
202.8.40.168 - - [03/Feb/2025:01:16:18 +0100] "GET /ticket2/opencms/system/modules/com.gridnine.opencms.ticketbrokerage.site/resources/js/calendar-setup.js HTTP/1.1" 200 4923
202.8.40.168 - - [03/Feb/2025:01:16:19 +0100] "GET /ticket2/opencms/system/modules/com.gridnine.opencms.ticketbrokerage.site/resources/js/jquery.fancybox.pack.js HTTP/1.1" 200 23187
202.8.40.168 - - [03/Feb/2025:01:16:19 +0100] "GET /ticket2/opencms/system/modules/com.gridnine.opencms.ticketbrokerage.site/resources/js/standard.js HTTP/1.1" 200 3983
202.8.40.168 - - [03/Feb/2025:01:16:19 +0100] "GET /ticket2/opencms/system/modules/com.gridnine.opencms.ticketbrokerage.site/resources/js/stickyfill.min.js HTTP/1.1" 200 5672
202.8.40.168 - - [03/Feb/2025:01:16:19 +0100] "GET /ticket2/opencms/system/modules/com.gridnine.opencms.ticketbrokerage.site/resources/js/jquery.placeholder.min.js HTTP/1.1" 200 1737
94.154.239.69 - - [03/Feb/2025:01:16:19 +0100] "GET /ticket2/opencms/sv/login/?edid=4DF0D9FC-63B4-BC0C-C1C6-5A8F2E684398 HTTP/1.1" 200 91565
202.8.40.168 - - [03/Feb/2025:01:16:19 +0100] "GET /ticket2/opencms/system/modules/com.gridnine.opencms.ticketbrokerage.site/resources/js/common-ajax.js HTTP/1.1" 200 20175
202.8.40.168 - - [03/Feb/2025:01:16:19 +0100] "GET /ticket2/opencms/dk/ask-form.html HTTP/1.1" 200 2971
47.128.118.89 - - [03/Feb/2025:01:16:19 +0100] "GET /ticket2/opencms/lv/sport/futbola-biletes/english-championship/bristol-city/ HTTP/1.1" 200 97071
202.8.40.168 - - [03/Feb/2025:01:16:19 +0100] "GET /ticket2/opencms/system/modules/com.gridnine.opencms.ticketbrokerage.site/resources/css/ticketbrokerage.css HTTP/1.1" 200 39339
65.21.232.254 - - [03/Feb/2025:01:16:20 +0100] "GET /ticket2/opencms/dk/login/?edid=8C5232A8-5B57-EB22-F406-EF5469CA653B HTTP/1.1" 200 90782
192.99.3.137 - - [03/Feb/2025:01:16:21 +0100] "GET /ticket2/opencms/hu/buy/?page=1&edid=9DBCDD83-DFF7-0F0A-E3AC-44814FB4671B HTTP/1.1" 200 116792
66.249.68.39 - - [03/Feb/2025:01:16:23 +0100] "GET /ticket2/opencms/be/buy/?page=1&edid=20F87A8A-06D8-8F92-A22B-FA3C785DF454 HTTP/1.1" 200 110919
65.21.232.254 - - [03/Feb/2025:01:16:24 +0100] "GET /ticket2/opencms/dk/login/?edid=8C683308-F1E4-E41D-F834-BFDFCEAEC74C HTTP/1.1" 200 90763
94.154.239.69 - - [03/Feb/2025:01:16:24 +0100] "GET /ticket2/opencms/sv/login/?edid=4EEBDF1A-3C1D-BDB9-B11A-8D66ED171C2B HTTP/1.1" 200 91452
66.249.79.34 - - [03/Feb/2025:01:16:25 +0100] "GET /ticket2/opencms/tr/buy?page=1&edid=6F957320-7F2D-3595-C3EF-63F4A1290CC1 HTTP/1.1" 200 108982
114.119.140.85 - - [03/Feb/2025:01:16:26 +0100] "GET /ticket2/opencms/en/venue/?venueid=4F62933B-9DDF-0985-7B84-96B1AE723370 HTTP/1.1" 200 85464
185.191.171.16 - - [03/Feb/2025:01:16:26 +0100] "GET /ticket2/opencms/sv/konsertbiljetter/kiss/ HTTP/1.1" 200 88832
192.99.3.137 - - [03/Feb/2025:01:16:26 +0100] "GET /ticket2/opencms/hu/buy/?page=1&edid=9DCC0E66-25C8-5156-35A8-BF56F5E3E1AA HTTP/1.1" 200 111778
217.113.194.215 - - [03/Feb/2025:01:16:28 +0100] "GET /ticket2/opencms/sq/buy?page=1&edid=C68D3A19-7AB1-B0F6-2F8E-E937CB754241 HTTP/1.1" 200 132636
65.21.232.254 - - [03/Feb/2025:01:16:28 +0100] "GET /ticket2/opencms/dk/login/?edid=8EE24D2F-4BF0-A103-6944-36103BCA6278 HTTP/1.1" 200 90743
54.36.148.14 - - [03/Feb/2025:01:16:28 +0100] "GET /ticket2/opencms/hr/buy?page=1&edid=380022DF-63A1-5DA8-425A-027B0E0314C7 HTTP/1.1" 200 108637
66.249.76.160 - - [03/Feb/2025:01:16:29 +0100] "GET /ticket2/opencms/bg/buy/?page=1&edid=D82A55E9-700E-0A50-F575-755C8E3E7147 HTTP/1.1" 200 113665
202.8.40.24 - - [03/Feb/2025:01:16:29 +0100] "GET /ticket2/opencms/system/modules/com.gridnine.opencms.ticketbrokerage.site/resources/css/ticketbrokerage.css HTTP/1.1" 200 39339
202.8.40.24 - - [03/Feb/2025:01:16:29 +0100] "GET /ticket2/opencms/system/modules/com.gridnine.opencms.ticketbrokerage.site/resources/css/jquery.fancybox.css HTTP/1.1" 200 4939
202.8.40.24 - - [03/Feb/2025:01:16:29 +0100] "GET /ticket2/opencms/system/modules/com.gridnine.opencms.ticketbrokerage.site/resources/css/calendar.css HTTP/1.1" 200 6871
202.8.40.24 - - [03/Feb/2025:01:16:29 +0100] "GET /ticket2/opencms/system/modules/com.gridnine.opencms.ticketbrokerage.site/resources/css/jquery-ui.css HTTP/1.1" 200 33221
202.8.40.24 - - [03/Feb/2025:01:16:29 +0100] "GET /ticket2/opencms/system/modules/com.gridnine.opencms.ticketbrokerage.site/resources/css/standard.css HTTP/1.1" 200 73904
202.8.40.24 - - [03/Feb/2025:01:16:29 +0100] "GET /ticket2/opencms/system/modules/com.gridnine.opencms.ticketbrokerage.site/resources/js/stickyfill.min.js HTTP/1.1" 200 5672
202.8.40.24 - - [03/Feb/2025:01:16:29 +0100] "GET /ticket2/opencms/system/modules/com.gridnine.opencms.ticketbrokerage.site/resources/js/jquery/jquery-ui.js HTTP/1.1" 200 228088
202.8.40.24 - - [03/Feb/2025:01:16:29 +0100] "GET /ticket2/opencms/system/modules/com.gridnine.opencms.ticketbrokerage.site/resources/js/functions.js HTTP/1.1" 200 1583
202.8.40.24 - - [03/Feb/2025:01:16:29 +0100] "GET /ticket2/opencms/system/modules/com.gridnine.opencms.ticketbrokerage.site/resources/js/calendar.js HTTP/1.1" 200 49229
202.8.40.24 - - [03/Feb/2025:01:16:29 +0100] "GET /ticket2/opencms/system/modules/com.gridnine.opencms.ticketbrokerage.site/resources/js/calendar-en.js HTTP/1.1" 200 3338
202.8.40.24 - - [03/Feb/2025:01:16:29 +0100] "GET /ticket2/opencms/system/modules/com.gridnine.opencms.ticketbrokerage.site/resources/js/calendar-setup.js HTTP/1.1" 200 4923
202.8.40.24 - - [03/Feb/2025:01:16:29 +0100] "GET /ticket2/opencms/system/modules/com.gridnine.opencms.ticketbrokerage.site/resources/js/jquery/jquery.js HTTP/1.1" 200 93868
202.8.40.24 - - [03/Feb/2025:01:16:29 +0100] "GET /ticket2/opencms/system/modules/com.gridnine.opencms.ticketbrokerage.site/resources/js/jquery.fancybox.pack.js HTTP/1.1" 200 23187
202.8.40.24 - - [03/Feb/2025:01:16:29 +0100] "GET /ticket2/opencms/system/modules/com.gridnine.opencms.ticketbrokerage.site/resources/js/standard.js HTTP/1.1" 200 3983
202.8.40.24 - - [03/Feb/2025:01:16:30 +0100] "GET /ticket2/opencms/system/modules/com.gridnine.opencms.ticketbrokerage.site/resources/js/jquery.placeholder.min.js HTTP/1.1" 200 1737
202.8.40.24 - - [03/Feb/2025:01:16:30 +0100] "GET /ticket2/opencms/system/modules/com.gridnine.opencms.ticketbrokerage.site/resources/js/common-ajax.js HTTP/1.1" 200 20175
202.8.40.24 - - [03/Feb/2025:01:16:30 +0100] "GET /ticket2/opencms/hr/ask-form.html HTTP/1.1" 200 3156
202.8.40.24 - - [03/Feb/2025:01:16:30 +0100] "GET /ticket2/opencms/system/modules/com.gridnine.opencms.ticketbrokerage.site/resources/css/ticketbrokerage.css HTTP/1.1" 200 39339
192.99.3.137 - - [03/Feb/2025:01:16:31 +0100] "GET /ticket2/opencms/hu/buy/?page=1&edid=9E373ADE-B8EE-38F8-BBD8-DA1CB52F113B HTTP/1.1" 200 112171
65.21.232.254 - - [03/Feb/2025:01:16:31 +0100] "GET /ticket2/opencms/dk/login/?edid=8F4BEAA0-83ED-6BF0-7416-BE1C1D72F4F7 HTTP/1.1" 200 90715
85.208.96.212 - - [03/Feb/2025:01:16:32 +0100] "GET /ticket2/opencms/bg/magazine/article?title=manchester-city-sreshu-queens-park-rangers HTTP/1.1" 200 97437
94.154.239.69 - - [03/Feb/2025:01:16:32 +0100] "GET /ticket2/opencms/sv/login/?edid=511F4D14-32A6-951A-CF83-6CDB1707BEA4 HTTP/1.1" 200 91520
66.249.76.170 - - [03/Feb/2025:01:16:33 +0100] "GET /ticket2/opencms/sv/buy?page=1&edid=1725DD81-AB30-210C-691A-5E56E0E70527 HTTP/1.1" 200 117362
185.191.171.8 - - [03/Feb/2025:01:16:34 +0100] "GET /ticket2/opencms/be/magazine/article?title=chelsea-fcs-and-their-struggle-for-stability HTTP/1.1" 200 94464
54.36.148.188 - - [03/Feb/2025:01:16:35 +0100] "GET /ticket2/opencms/cs/buy?page=1&edid=7A0C4CE7-DF50-29C3-D447-032204091A27 HTTP/1.1" 200 108720
65.21.232.254 - - [03/Feb/2025:01:16:36 +0100] "GET /ticket2/opencms/dk/login/?edid=8FC30073-D8A5-3B82-A18A-E6720A13CDC4 HTTP/1.1" 200 90779
192.99.3.137 - - [03/Feb/2025:01:16:36 +0100] "GET /ticket2/opencms/hu/buy/?page=1&edid=9E48B87F-688E-01AE-F864-C3FCC26B3C24 HTTP/1.1" 200 111262
202.8.41.184 - - [03/Feb/2025:01:16:36 +0100] "GET /ticket2/opencms/system/modules/com.gridnine.opencms.ticketbrokerage.site/resources/css/ticketbrokerage.css HTTP/1.1" 200 39339
202.8.41.184 - - [03/Feb/2025:01:16:36 +0100] "GET /ticket2/opencms/system/modules/com.gridnine.opencms.ticketbrokerage.site/resources/css/jquery-ui.css HTTP/1.1" 200 33221
202.8.41.184 - - [03/Feb/2025:01:16:36 +0100] "GET /ticket2/opencms/system/modules/com.gridnine.opencms.ticketbrokerage.site/resources/css/calendar.css HTTP/1.1" 200 6871
202.8.41.184 - - [03/Feb/2025:01:16:36 +0100] "GET /ticket2/opencms/system/modules/com.gridnine.opencms.ticketbrokerage.site/resources/css/jquery.fancybox.css HTTP/1.1" 200 4939
202.8.41.184 - - [03/Feb/2025:01:16:36 +0100] "GET /ticket2/opencms/system/modules/com.gridnine.opencms.ticketbrokerage.site/resources/css/standard.css HTTP/1.1" 200 73904
202.8.41.184 - - [03/Feb/2025:01:16:36 +0100] "GET /ticket2/opencms/system/modules/com.gridnine.opencms.ticketbrokerage.site/resources/js/jquery/jquery.js HTTP/1.1" 200 93868
202.8.41.184 - - [03/Feb/2025:01:16:36 +0100] "GET /ticket2/opencms/system/modules/com.gridnine.opencms.ticketbrokerage.site/resources/js/jquery/jquery-ui.js HTTP/1.1" 200 228088
202.8.41.184 - - [03/Feb/2025:01:16:36 +0100] "GET /ticket2/opencms/system/modules/com.gridnine.opencms.ticketbrokerage.site/resources/js/functions.js HTTP/1.1" 200 1583
202.8.41.184 - - [03/Feb/2025:01:16:36 +0100] "GET /ticket2/opencms/system/modules/com.gridnine.opencms.ticketbrokerage.site/resources/js/calendar-en.js HTTP/1.1" 200 3338
202.8.41.184 - - [03/Feb/2025:01:16:36 +0100] "GET /ticket2/opencms/system/modules/com.gridnine.opencms.ticketbrokerage.site/resources/js/calendar-setup.js HTTP/1.1" 200 4923
202.8.41.184 - - [03/Feb/2025:01:16:36 +0100] "GET /ticket2/opencms/system/modules/com.gridnine.opencms.ticketbrokerage.site/resources/js/calendar.js HTTP/1.1" 200 49229
202.8.41.184 - - [03/Feb/2025:01:16:36 +0100] "GET /ticket2/opencms/system/modules/com.gridnine.opencms.ticketbrokerage.site/resources/js/jquery.fancybox.pack.js HTTP/1.1" 200 23187
202.8.41.184 - - [03/Feb/2025:01:16:36 +0100] "GET /ticket2/opencms/system/modules/com.gridnine.opencms.ticketbrokerage.site/resources/js/stickyfill.min.js HTTP/1.1" 200 5672
202.8.41.184 - - [03/Feb/2025:01:16:36 +0100] "GET /ticket2/opencms/system/modules/com.gridnine.opencms.ticketbrokerage.site/resources/js/standard.js HTTP/1.1" 200 3983
202.8.41.184 - - [03/Feb/2025:01:16:36 +0100] "GET /ticket2/opencms/system/modules/com.gridnine.opencms.ticketbrokerage.site/resources/js/jquery.placeholder.min.js HTTP/1.1" 200 1737
202.8.41.184 - - [03/Feb/2025:01:16:37 +0100] "GET /ticket2/opencms/system/modules/com.gridnine.opencms.ticketbrokerage.site/resources/js/common-ajax.js HTTP/1.1" 200 20175
202.8.41.184 - - [03/Feb/2025:01:16:37 +0100] "GET /ticket2/opencms/cs/ask-form.html HTTP/1.1" 200 3156
54.36.148.83 - - [03/Feb/2025:01:16:37 +0100] "GET /ticket2/opencms/mt/buy?page=1&edid=EFAD6268-83FA-7979-AAB3-785B7208F10D HTTP/1.1" 200 108917
202.8.41.184 - - [03/Feb/2025:01:16:37 +0100] "GET /ticket2/opencms/system/modules/com.gridnine.opencms.ticketbrokerage.site/resources/css/ticketbrokerage.css HTTP/1.1" 200 39339
217.113.194.215 - - [03/Feb/2025:01:16:37 +0100] "GET /ticket2/opencms/sq/buy?page=1&edid=D96122AD-C3AA-80F5-DDA8-935E03AE952D HTTP/1.1" 200 135440
202.8.42.79 - - [03/Feb/2025:01:16:38 +0100] "GET /ticket2/opencms/system/modules/com.gridnine.opencms.ticketbrokerage.site/resources/css/calendar.css HTTP/1.1" 200 6871
202.8.42.79 - - [03/Feb/2025:01:16:38 +0100] "GET /ticket2/opencms/system/modules/com.gridnine.opencms.ticketbrokerage.site/resources/css/jquery.fancybox.css HTTP/1.1" 200 4939
202.8.42.79 - - [03/Feb/2025:01:16:38 +0100] "GET /ticket2/opencms/system/modules/com.gridnine.opencms.ticketbrokerage.site/resources/css/jquery-ui.css HTTP/1.1" 200 33221
202.8.42.79 - - [03/Feb/2025:01:16:38 +0100] "GET /ticket2/opencms/system/modules/com.gridnine.opencms.ticketbrokerage.site/resources/css/ticketbrokerage.css HTTP/1.1" 200 39339
202.8.42.79 - - [03/Feb/2025:01:16:38 +0100] "GET /ticket2/opencms/system/modules/com.gridnine.opencms.ticketbrokerage.site/resources/css/standard.css HTTP/1.1" 200 73904
202.8.42.79 - - [03/Feb/2025:01:16:38 +0100] "GET /ticket2/opencms/system/modules/com.gridnine.opencms.ticketbrokerage.site/resources/js/jquery/jquery.js HTTP/1.1" 200 93868
202.8.42.79 - - [03/Feb/2025:01:16:38 +0100] "GET /ticket2/opencms/system/modules/com.gridnine.opencms.ticketbrokerage.site/resources/js/jquery/jquery-ui.js HTTP/1.1" 200 228088
202.8.42.79 - - [03/Feb/2025:01:16:38 +0100] "GET /ticket2/opencms/system/modules/com.gridnine.opencms.ticketbrokerage.site/resources/js/calendar-en.js HTTP/1.1" 200 3338
202.8.42.79 - - [03/Feb/2025:01:16:38 +0100] "GET /ticket2/opencms/system/modules/com.gridnine.opencms.ticketbrokerage.site/resources/js/functions.js HTTP/1.1" 200 1583
202.8.42.79 - - [03/Feb/2025:01:16:38 +0100] "GET /ticket2/opencms/system/modules/com.gridnine.opencms.ticketbrokerage.site/resources/js/calendar.js HTTP/1.1" 200 49229
202.8.42.79 - - [03/Feb/2025:01:16:38 +0100] "GET /ticket2/opencms/system/modules/com.gridnine.opencms.ticketbrokerage.site/resources/js/calendar-setup.js HTTP/1.1" 200 4923
202.8.42.79 - - [03/Feb/2025:01:16:38 +0100] "GET /ticket2/opencms/system/modules/com.gridnine.opencms.ticketbrokerage.site/resources/js/jquery.fancybox.pack.js HTTP/1.1" 200 23187
202.8.42.79 - - [03/Feb/2025:01:16:38 +0100] "GET /ticket2/opencms/system/modules/com.gridnine.opencms.ticketbrokerage.site/resources/js/stickyfill.min.js HTTP/1.1" 200 5672
202.8.42.79 - - [03/Feb/2025:01:16:38 +0100] "GET /ticket2/opencms/system/modules/com.gridnine.opencms.ticketbrokerage.site/resources/js/standard.js HTTP/1.1" 200 3983
202.8.42.79 - - [03/Feb/2025:01:16:38 +0100] "GET /ticket2/opencms/system/modules/com.gridnine.opencms.ticketbrokerage.site/resources/js/jquery.placeholder.min.js HTTP/1.1" 200 1737
202.8.42.79 - - [03/Feb/2025:01:16:38 +0100] "GET /ticket2/opencms/system/modules/com.gridnine.opencms.ticketbrokerage.site/resources/js/common-ajax.js HTTP/1.1" 200 20175
202.8.42.79 - - [03/Feb/2025:01:16:38 +0100] "GET /ticket2/opencms/mt/ask-form.html HTTP/1.1" 200 3156
202.8.42.79 - - [03/Feb/2025:01:16:38 +0100] "GET /ticket2/opencms/system/modules/com.gridnine.opencms.ticketbrokerage.site/resources/css/ticketbrokerage.css HTTP/1.1" 200 39339
94.154.239.69 - - [03/Feb/2025:01:16:39 +0100] "GET /ticket2/opencms/sv/login/?edid=517A50ED-F64F-1CFB-FDC1-54D2A7704E06 HTTP/1.1" 200 91570
85.208.96.210 - - [03/Feb/2025:01:16:39 +0100] "GET /ticket2/opencms/ro/magazine/article?title=stelele-euro-care-sunt-cel-mai-mult-cautate-pe-google-si-cele-mai-populare-pe-instagram HTTP/1.1" 200 96711
65.21.232.254 - - [03/Feb/2025:01:16:39 +0100] "GET /ticket2/opencms/dk/login/?edid=904A14D5-1C95-B81F-298C-0B73DA9FDE90 HTTP/1.1" 200 90795
192.99.3.137 - - [03/Feb/2025:01:16:41 +0100] "GET /ticket2/opencms/hu/buy/?page=1&edid=9F0345A6-D15A-0100-D9B9-6EC7F0C4DCD6 HTTP/1.1" 200 111364
5.9.55.228 - - [03/Feb/2025:01:16:41 +0100] "GET /ticket2/opencms/fi/venue/?venueid=3DCA1EBE-D9BE-DD1C-EB06-4E924D709E50 HTTP/1.1" 200 86976
65.21.232.254 - - [03/Feb/2025:01:16:43 +0100] "GET /ticket2/opencms/dk/login/?edid=94C8937D-45B7-A9A5-968E-7293E4885195 HTTP/1.1" 200 90785
66.249.79.33 - - [03/Feb/2025:01:16:44 +0100] "GET /ticket2/opencms/az/buy/?page=1&edid=4981A465-C3DA-791B-A6A5-9D4DAB1B5DA0 HTTP/1.1" 200 112617
54.36.148.7 - - [03/Feb/2025:01:16:45 +0100] "GET /ticket2/opencms/sq/buy?page=1&edid=AC996AD7-E82D-D922-E0F1-608A8CC76E7A HTTP/1.1" 200 112106
114.119.132.9 - - [03/Feb/2025:01:16:45 +0100] "GET /ticket2/opencms/en/venue/?venueid=ABB5C55A-BFE4-73F4-5E75-29A7F89A5077 HTTP/1.1" 200 85426
192.99.3.137 - - [03/Feb/2025:01:16:46 +0100] "GET /ticket2/opencms/hu/buy/?page=1&edid=9F80D7E4-C3CD-1252-256F-CE7A7B9BF210 HTTP/1.1" 200 108969
217.113.194.212 - - [03/Feb/2025:01:16:46 +0100] "GET /ticket2/opencms/sq/buy?page=1&edid=A457FF13-7A37-0365-AFA9-2CC7C635642A HTTP/1.1" 200 111399
94.154.239.69 - - [03/Feb/2025:01:16:46 +0100] "GET /ticket2/opencms/sv/login/?edid=53C1FCAB-7989-5EF8-3F19-6DBACF1FA24F HTTP/1.1" 200 91503
114.119.153.152 - - [03/Feb/2025:01:16:46 +0100] "GET /ticket2/opencms/tr/buy?page=1&=6DC3E8B1-EB9E-3B74-1E36-CDC7B60DF336 HTTP/1.1" 200 6507
65.21.232.254 - - [03/Feb/2025:01:16:47 +0100] "GET /ticket2/opencms/dk/login/?edid=9762A0C0-F461-9960-00F0-1DDE26BBA3DE HTTP/1.1" 200 90760
66.249.79.4 - - [03/Feb/2025:01:16:48 +0100] "GET /ticket2/opencms/et/buy?page=1&edid=1B66F7E9-6D68-7258-D0DB-383034F8302F HTTP/1.1" 200 135324
111.119.216.17 - - [03/Feb/2025:01:16:50 +0100] "GET /ticket2/opencms/pl/buy/?page=1&edid=70818629-9551-6DC7-FD0C-3665BC11B0F8 HTTP/1.1" 200 111276
65.21.232.254 - - [03/Feb/2025:01:16:51 +0100] "GET /ticket2/opencms/dk/login/?edid=97FFC658-3656-07F3-28A9-C13389584DC3 HTTP/1.1" 200 90731
54.36.148.12 - - [03/Feb/2025:01:16:54 +0100] "GET /ticket2/opencms/es/buy?page=1&edid=FE0CD987-06E5-1E24-DE22-C166E40B11F9 HTTP/1.1" 200 108786
94.154.239.69 - - [03/Feb/2025:01:16:54 +0100] "GET /ticket2/opencms/sv/login/?edid=570FD6B1-ED73-103F-2272-3F6F4728ECCF HTTP/1.1" 200 91562
217.113.194.219 - - [03/Feb/2025:01:16:55 +0100] "GET /ticket2/opencms/sq/buy?page=1&edid=A620D022-5219-9DCB-7997-7E9BB198AD86 HTTP/1.1" 200 112234
202.8.41.207 - - [03/Feb/2025:01:16:55 +0100] "GET /ticket2/opencms/system/modules/com.gridnine.opencms.ticketbrokerage.site/resources/css/jquery-ui.css HTTP/1.1" 200 33221
202.8.41.207 - - [03/Feb/2025:01:16:55 +0100] "GET /ticket2/opencms/system/modules/com.gridnine.opencms.ticketbrokerage.site/resources/css/ticketbrokerage.css HTTP/1.1" 200 39339
202.8.41.207 - - [03/Feb/2025:01:16:55 +0100] "GET /ticket2/opencms/system/modules/com.gridnine.opencms.ticketbrokerage.site/resources/css/calendar.css HTTP/1.1" 200 6871
202.8.41.207 - - [03/Feb/2025:01:16:55 +0100] "GET /ticket2/opencms/system/modules/com.gridnine.opencms.ticketbrokerage.site/resources/css/standard.css HTTP/1.1" 200 73904
202.8.41.207 - - [03/Feb/2025:01:16:55 +0100] "GET /ticket2/opencms/system/modules/com.gridnine.opencms.ticketbrokerage.site/resources/css/jquery.fancybox.css HTTP/1.1" 200 4939
202.8.41.207 - - [03/Feb/2025:01:16:55 +0100] "GET /ticket2/opencms/system/modules/com.gridnine.opencms.ticketbrokerage.site/resources/js/jquery/jquery.js HTTP/1.1" 200 93868
65.21.232.254 - - [03/Feb/2025:01:16:55 +0100] "GET /ticket2/opencms/dk/login/?edid=9A05EF4D-4376-E584-2657-07D966D7B743 HTTP/1.1" 200 90772
202.8.41.207 - - [03/Feb/2025:01:16:55 +0100] "GET /ticket2/opencms/system/modules/com.gridnine.opencms.ticketbrokerage.site/resources/js/jquery/jquery-ui.js HTTP/1.1" 200 228088
202.8.41.207 - - [03/Feb/2025:01:16:55 +0100] "GET /ticket2/opencms/system/modules/com.gridnine.opencms.ticketbrokerage.site/resources/js/functions.js HTTP/1.1" 200 1583
202.8.41.207 - - [03/Feb/2025:01:16:55 +0100] "GET /ticket2/opencms/system/modules/com.gridnine.opencms.ticketbrokerage.site/resources/js/calendar.js HTTP/1.1" 200 49229
202.8.41.207 - - [03/Feb/2025:01:16:55 +0100] "GET /ticket2/opencms/system/modules/com.gridnine.opencms.ticketbrokerage.site/resources/js/calendar-setup.js HTTP/1.1" 200 4923
202.8.41.207 - - [03/Feb/2025:01:16:55 +0100] "GET /ticket2/opencms/system/modules/com.gridnine.opencms.ticketbrokerage.site/resources/js/calendar-en.js HTTP/1.1" 200 3338
202.8.41.207 - - [03/Feb/2025:01:16:55 +0100] "GET /ticket2/opencms/system/modules/com.gridnine.opencms.ticketbrokerage.site/resources/js/jquery.fancybox.pack.js HTTP/1.1" 200 23187
202.8.41.207 - - [03/Feb/2025:01:16:55 +0100] "GET /ticket2/opencms/system/modules/com.gridnine.opencms.ticketbrokerage.site/resources/js/stickyfill.min.js HTTP/1.1" 200 5672
202.8.41.207 - - [03/Feb/2025:01:16:55 +0100] "GET /ticket2/opencms/system/modules/com.gridnine.opencms.ticketbrokerage.site/resources/js/standard.js HTTP/1.1" 200 3983
202.8.41.207 - - [03/Feb/2025:01:16:55 +0100] "GET /ticket2/opencms/system/modules/com.gridnine.opencms.ticketbrokerage.site/resources/js/jquery.placeholder.min.js HTTP/1.1" 200 1737
202.8.41.207 - - [03/Feb/2025:01:16:55 +0100] "GET /ticket2/opencms/system/modules/com.gridnine.opencms.ticketbrokerage.site/resources/js/common-ajax.js HTTP/1.1" 200 20175
202.8.41.207 - - [03/Feb/2025:01:16:55 +0100] "GET /ticket2/opencms/es/ask-form.html HTTP/1.1" 200 3156
202.8.41.207 - - [03/Feb/2025:01:16:56 +0100] "GET /ticket2/opencms/system/modules/com.gridnine.opencms.ticketbrokerage.site/resources/css/ticketbrokerage.css HTTP/1.1" 200 39339
192.99.3.137 - - [03/Feb/2025:01:16:59 +0100] "GET /ticket2/opencms/hu/buy/?page=1&edid=9F8544B2-CF19-221B-478E-5476FF460535 HTTP/1.1" 200 132362
65.21.232.254 - - [03/Feb/2025:01:16:59 +0100] "GET /ticket2/opencms/dk/login/?edid=9C5757BB-1F90-FE2F-A8D1-6C821A4E65C7 HTTP/1.1" 200 90726
94.154.239.69 - - [03/Feb/2025:01:17:01 +0100] "GET /ticket2/opencms/sv/login/?edid=573FB22B-2B7E-CE20-BB1B-B3AE15AF0D11 HTTP/1.1" 200 91565
54.36.149.0 - - [03/Feb/2025:01:17:02 +0100] "GET /ticket2/opencms/uk/buy?page=1&edid=F25FBBE3-B880-5730-A316-AE0E479B4D0A HTTP/1.1" 200 111067
66.249.76.170 - - [03/Feb/2025:01:17:02 +0100] "GET /ticket2/opencms/bg/buy/?page=1&edid=4981A465-C3DA-791B-A6A5-9D4DAB1B5DA0 HTTP/1.1" 200 114623
217.113.194.213 - - [03/Feb/2025:01:17:03 +0100] "GET /ticket2/opencms/sq/buy?page=1&edid=EACAB49B-0521-3552-A3D3-3DE7421945A6 HTTP/1.1" 200 112882
65.21.232.254 - - [03/Feb/2025:01:17:03 +0100] "GET /ticket2/opencms/dk/login/?edid=A5392617-A8A6-5394-B72C-AA82A5C556B3 HTTP/1.1" 200 90742
65.21.232.254 - - [03/Feb/2025:01:17:08 +0100] "GET /ticket2/opencms/dk/login/?edid=A976CD96-16BF-81BA-BF25-EB9127C74D96 HTTP/1.1" 200 90785
192.99.3.137 - - [03/Feb/2025:01:17:08 +0100] "GET /ticket2/opencms/hu/buy/?page=1&edid=A0FFAF50-E61F-DDD9-D6DC-77947313B0DE HTTP/1.1" 200 118861
94.154.239.69 - - [03/Feb/2025:01:17:11 +0100] "GET /ticket2/opencms/sv/login/?edid=5D90F1BB-FDA0-E705-6448-4D677B2D6B3E HTTP/1.1" 200 91514
54.36.149.74 - - [03/Feb/2025:01:17:11 +0100] "GET /ticket2/opencms/mt/buy?page=1&edid=176C6667-42C1-1632-7378-F783D5B7C94D HTTP/1.1" 200 112155
65.21.232.254 - - [03/Feb/2025:01:17:11 +0100] "GET /ticket2/opencms/dk/login/?edid=A9906BBD-0C69-0408-A4BA-BF17B1215AAD HTTP/1.1" 200 90789
217.113.194.212 - - [03/Feb/2025:01:17:12 +0100] "GET /ticket2/opencms/sq/buy?page=1&edid=CEA22FC6-1BBC-ECD9-F981-50AEC76B0A69 HTTP/1.1" 200 111477
202.8.43.170 - - [03/Feb/2025:01:17:12 +0100] "GET /ticket2/opencms/system/modules/com.gridnine.opencms.ticketbrokerage.site/resources/css/jquery.fancybox.css HTTP/1.1" 200 4939
202.8.43.170 - - [03/Feb/2025:01:17:12 +0100] "GET /ticket2/opencms/system/modules/com.gridnine.opencms.ticketbrokerage.site/resources/css/calendar.css HTTP/1.1" 200 6871
202.8.43.170 - - [03/Feb/2025:01:17:12 +0100] "GET /ticket2/opencms/system/modules/com.gridnine.opencms.ticketbrokerage.site/resources/css/ticketbrokerage.css HTTP/1.1" 200 39339
202.8.43.170 - - [03/Feb/2025:01:17:12 +0100] "GET /ticket2/opencms/system/modules/com.gridnine.opencms.ticketbrokerage.site/resources/css/standard.css HTTP/1.1" 200 73904
202.8.43.170 - - [03/Feb/2025:01:17:12 +0100] "GET /ticket2/opencms/system/modules/com.gridnine.opencms.ticketbrokerage.site/resources/css/jquery-ui.css HTTP/1.1" 200 33221
202.8.43.170 - - [03/Feb/2025:01:17:12 +0100] "GET /ticket2/opencms/system/modules/com.gridnine.opencms.ticketbrokerage.site/resources/js/jquery/jquery.js HTTP/1.1" 200 93868
202.8.43.170 - - [03/Feb/2025:01:17:13 +0100] "GET /ticket2/opencms/system/modules/com.gridnine.opencms.ticketbrokerage.site/resources/js/functions.js HTTP/1.1" 200 1583
202.8.43.170 - - [03/Feb/2025:01:17:13 +0100] "GET /ticket2/opencms/system/modules/com.gridnine.opencms.ticketbrokerage.site/resources/js/jquery/jquery-ui.js HTTP/1.1" 200 228088
202.8.43.170 - - [03/Feb/2025:01:17:13 +0100] "GET /ticket2/opencms/system/modules/com.gridnine.opencms.ticketbrokerage.site/resources/js/calendar.js HTTP/1.1" 200 49229
202.8.43.170 - - [03/Feb/2025:01:17:13 +0100] "GET /ticket2/opencms/system/modules/com.gridnine.opencms.ticketbrokerage.site/resources/js/calendar-setup.js HTTP/1.1" 200 4923
202.8.43.170 - - [03/Feb/2025:01:17:13 +0100] "GET /ticket2/opencms/system/modules/com.gridnine.opencms.ticketbrokerage.site/resources/js/calendar-en.js HTTP/1.1" 200 3338
202.8.43.170 - - [03/Feb/2025:01:17:13 +0100] "GET /ticket2/opencms/system/modules/com.gridnine.opencms.ticketbrokerage.site/resources/js/stickyfill.min.js HTTP/1.1" 200 5672
202.8.43.170 - - [03/Feb/2025:01:17:13 +0100] "GET /ticket2/opencms/system/modules/com.gridnine.opencms.ticketbrokerage.site/resources/js/jquery.fancybox.pack.js HTTP/1.1" 200 23187
202.8.43.170 - - [03/Feb/2025:01:17:13 +0100] "GET /ticket2/opencms/system/modules/com.gridnine.opencms.ticketbrokerage.site/resources/js/standard.js HTTP/1.1" 200 3983
202.8.43.170 - - [03/Feb/2025:01:17:13 +0100] "GET /ticket2/opencms/system/modules/com.gridnine.opencms.ticketbrokerage.site/resources/js/jquery.placeholder.min.js HTTP/1.1" 200 1737
202.8.43.170 - - [03/Feb/2025:01:17:13 +0100] "GET /ticket2/opencms/system/modules/com.gridnine.opencms.ticketbrokerage.site/resources/js/common-ajax.js HTTP/1.1" 200 20175
202.8.43.170 - - [03/Feb/2025:01:17:13 +0100] "GET /ticket2/opencms/mt/ask-form.html HTTP/1.1" 200 3156
202.8.43.170 - - [03/Feb/2025:01:17:13 +0100] "GET /ticket2/opencms/system/modules/com.gridnine.opencms.ticketbrokerage.site/resources/css/ticketbrokerage.css HTTP/1.1" 200 39339
65.21.232.254 - - [03/Feb/2025:01:17:15 +0100] "GET /ticket2/opencms/dk/login/?edid=AB2F1C58-6A5B-E2CD-095A-4BF1DF689D46 HTTP/1.1" 200 90683
54.36.148.25 - - [03/Feb/2025:01:17:18 +0100] "GET /ticket2/opencms/en/buy/?page=1&edid=4E7205D6-706A-C532-7304-E1DEEF899767 HTTP/1.1" 200 106941
65.21.232.254 - - [03/Feb/2025:01:17:19 +0100] "GET /ticket2/opencms/dk/login/?edid=AD1489BC-D85F-F906-30B7-DAF56FC0FE6B HTTP/1.1" 200 90789
66.249.76.170 - - [03/Feb/2025:01:17:20 +0100] "GET /ticket2/opencms/tr/magazine HTTP/1.1" 200 149776
40.77.167.38 - - [03/Feb/2025:01:17:21 +0100] "GET /ticket2/opencms/el/buy?page=1&edid=3E257DE0-0B8D-4DA4-DFD7-1A0533F4A423 HTTP/1.1" 200 114786
217.113.194.214 - - [03/Feb/2025:01:17:21 +0100] "GET /ticket2/opencms/sq/buy?page=1&edid=DD26041B-007D-3EE6-A8F7-303AB350D2E4 HTTP/1.1" 200 134792
5.9.55.228 - - [03/Feb/2025:01:17:22 +0100] "GET /ticket2/opencms/fi/venue/?venueid=3DDFA073-4C38-5EE7-7723-B0FB0CD0E69B HTTP/1.1" 200 87004
65.21.232.254 - - [03/Feb/2025:01:17:23 +0100] "GET /ticket2/opencms/dk/login/?edid=ADC03EF7-1AE0-1D16-775A-CF1264429A09 HTTP/1.1" 200 90765
94.154.239.69 - - [03/Feb/2025:01:17:24 +0100] "GET /ticket2/opencms/sv/login/?edid=5DD7BC42-DB22-EC66-CE5D-0464D20DDDB4 HTTP/1.1" 200 91503
192.99.3.137 - - [03/Feb/2025:01:17:24 +0100] "GET /ticket2/opencms/hu/buy/?page=1&edid=A1978D3B-15EE-9B98-13D3-4A0276E452D7 HTTP/1.1" 200 124861
54.36.148.17 - - [03/Feb/2025:01:17:25 +0100] "GET /ticket2/opencms/nl/magazine/article?title=viktor-gyokeres-naar-manchester-united HTTP/1.1" 200 90923
65.21.232.254 - - [03/Feb/2025:01:17:27 +0100] "GET /ticket2/opencms/dk/login/?edid=AEE686B1-0F06-BE3A-CE07-98C2BAFB7F71 HTTP/1.1" 200 90776
85.208.96.194 - - [03/Feb/2025:01:17:28 +0100] "GET /ticket2/opencms/es/magazine/article?title=hugo-larsson-el-joven-de-20-anos-que-va-de-exito-en-exito HTTP/1.1" 200 96314
154.54.249.216 - - [03/Feb/2025:01:17:30 +0100] "GET /ticket2/opencms/sq/buy?page=1&edid=DD282B35-B6B7-ECA0-02E0-90864F5E2B50 HTTP/1.1" 200 111665
65.21.232.254 - - [03/Feb/2025:01:17:31 +0100] "GET /ticket2/opencms/dk/login/?edid=B67AFE0B-0730-D66E-C5CC-696E38E80478 HTTP/1.1" 200 90784
94.154.239.69 - - [03/Feb/2025:01:17:32 +0100] "GET /ticket2/opencms/sv/login/?edid=60532372-36DE-90FC-6B04-5789BEA27CC4 HTTP/1.1" 200 91573
54.36.148.114 - - [03/Feb/2025:01:17:32 +0100] "GET /ticket2/opencms/az/buy?page=1&edid=EFAD6268-83FA-7979-AAB3-785B7208F10D HTTP/1.1" 200 109181
192.99.3.137 - - [03/Feb/2025:01:17:32 +0100] "GET /ticket2/opencms/hu/buy/?page=1&edid=A250B4B1-8EE0-FF45-8CB6-582F5F739AF9 HTTP/1.1" 200 112784
202.8.41.191 - - [03/Feb/2025:01:17:33 +0100] "GET /ticket2/opencms/system/modules/com.gridnine.opencms.ticketbrokerage.site/resources/css/standard.css HTTP/1.1" 200 73904
202.8.41.191 - - [03/Feb/2025:01:17:33 +0100] "GET /ticket2/opencms/system/modules/com.gridnine.opencms.ticketbrokerage.site/resources/css/ticketbrokerage.css HTTP/1.1" 200 39339
202.8.41.191 - - [03/Feb/2025:01:17:33 +0100] "GET /ticket2/opencms/system/modules/com.gridnine.opencms.ticketbrokerage.site/resources/css/jquery.fancybox.css HTTP/1.1" 200 4939
202.8.41.191 - - [03/Feb/2025:01:17:33 +0100] "GET /ticket2/opencms/system/modules/com.gridnine.opencms.ticketbrokerage.site/resources/css/jquery-ui.css HTTP/1.1" 200 33221
202.8.41.191 - - [03/Feb/2025:01:17:33 +0100] "GET /ticket2/opencms/system/modules/com.gridnine.opencms.ticketbrokerage.site/resources/css/calendar.css HTTP/1.1" 200 6871
202.8.41.191 - - [03/Feb/2025:01:17:33 +0100] "GET /ticket2/opencms/system/modules/com.gridnine.opencms.ticketbrokerage.site/resources/js/calendar.js HTTP/1.1" 200 49229
202.8.41.191 - - [03/Feb/2025:01:17:33 +0100] "GET /ticket2/opencms/system/modules/com.gridnine.opencms.ticketbrokerage.site/resources/js/calendar-en.js HTTP/1.1" 200 3338
202.8.41.191 - - [03/Feb/2025:01:17:33 +0100] "GET /ticket2/opencms/system/modules/com.gridnine.opencms.ticketbrokerage.site/resources/js/jquery/jquery-ui.js HTTP/1.1" 200 228088
202.8.41.191 - - [03/Feb/2025:01:17:33 +0100] "GET /ticket2/opencms/system/modules/com.gridnine.opencms.ticketbrokerage.site/resources/js/functions.js HTTP/1.1" 200 1583
202.8.41.191 - - [03/Feb/2025:01:17:33 +0100] "GET /ticket2/opencms/system/modules/com.gridnine.opencms.ticketbrokerage.site/resources/js/jquery/jquery.js HTTP/1.1" 200 93868
202.8.41.191 - - [03/Feb/2025:01:17:33 +0100] "GET /ticket2/opencms/system/modules/com.gridnine.opencms.ticketbrokerage.site/resources/js/calendar-setup.js HTTP/1.1" 200 4923
202.8.41.191 - - [03/Feb/2025:01:17:33 +0100] "GET /ticket2/opencms/system/modules/com.gridnine.opencms.ticketbrokerage.site/resources/js/jquery.fancybox.pack.js HTTP/1.1" 200 23187
202.8.41.191 - - [03/Feb/2025:01:17:33 +0100] "GET /ticket2/opencms/system/modules/com.gridnine.opencms.ticketbrokerage.site/resources/js/stickyfill.min.js HTTP/1.1" 200 5672
202.8.41.191 - - [03/Feb/2025:01:17:33 +0100] "GET /ticket2/opencms/system/modules/com.gridnine.opencms.ticketbrokerage.site/resources/js/standard.js HTTP/1.1" 200 3983
202.8.41.191 - - [03/Feb/2025:01:17:33 +0100] "GET /ticket2/opencms/system/modules/com.gridnine.opencms.ticketbrokerage.site/resources/js/common-ajax.js HTTP/1.1" 200 20175
202.8.41.191 - - [03/Feb/2025:01:17:33 +0100] "GET /ticket2/opencms/system/modules/com.gridnine.opencms.ticketbrokerage.site/resources/js/jquery.placeholder.min.js HTTP/1.1" 200 1737
202.8.41.191 - - [03/Feb/2025:01:17:33 +0100] "GET /ticket2/opencms/az/ask-form.html HTTP/1.1" 200 3156
202.8.41.191 - - [03/Feb/2025:01:17:34 +0100] "GET /ticket2/opencms/system/modules/com.gridnine.opencms.ticketbrokerage.site/resources/css/ticketbrokerage.css HTTP/1.1" 200 39339
66.249.79.33 - - [03/Feb/2025:01:17:34 +0100] "GET /ticket2/opencms/sl/buy?page=1&edid=4981A465-C3DA-791B-A6A5-9D4DAB1B5DA0 HTTP/1.1" 200 112128
111.119.248.86 - - [03/Feb/2025:01:17:34 +0100] "GET /ticket2/opencms/pl/buy/?page=1&edid=F6F96A56-F5DB-5CCB-7CBF-891CB25B6D4A HTTP/1.1" 200 108664
185.191.171.10 - - [03/Feb/2025:01:17:35 +0100] "GET /ticket2/opencms/es/magazine/article?title=una-reflexion-de-la-temporada-de-manchester-united-202324 HTTP/1.1" 200 94055
65.21.232.254 - - [03/Feb/2025:01:17:35 +0100] "GET /ticket2/opencms/dk/login/?edid=BC1EC1ED-9DF8-C987-E2D9-7659501E4FC2 HTTP/1.1" 200 90792
217.113.194.220 - - [03/Feb/2025:01:17:39 +0100] "GET /ticket2/opencms/sq/buy?page=1&edid=AF177F08-49E6-19F9-306A-D5D6CE34AFAC HTTP/1.1" 200 112484
65.21.232.254 - - [03/Feb/2025:01:17:39 +0100] "GET /ticket2/opencms/dk/login/?edid=BFDFE449-D4A2-3EC2-5F36-4B5707D3EE53 HTTP/1.1" 200 90742
54.36.148.175 - - [03/Feb/2025:01:17:40 +0100] "GET /ticket2/opencms/dk/buy/?page=1&edid=1BDE69E9-911B-D7B1-5E4E-80296443BB3B HTTP/1.1" 200 107335
192.99.3.137 - - [03/Feb/2025:01:17:40 +0100] "GET /ticket2/opencms/hu/buy/?page=1&edid=A27091AD-1422-96A9-33A7-74A8DECA25F3 HTTP/1.1" 200 135121
52.167.144.183 - - [03/Feb/2025:01:17:40 +0100] "GET /ticket2/opencms/en/buy/?page=1&edid=BC5D7CD2-EB5B-8786-D71A-5AE6232D27A7 HTTP/1.1" 200 116361
66.249.76.170 - - [03/Feb/2025:01:17:41 +0100] "GET /ticket2/opencms/be/buy/?page=1&edid=24EEE71A-0DC6-CA9D-0185-7675F772FED1 HTTP/1.1" 200 110899
47.128.59.137 - - [03/Feb/2025:01:17:41 +0100] "GET /ticket2/opencms/ka/buy/?edid=C5944089-4BA1-6638-58B6-EE4373B33715 HTTP/1.1" 200 93968
94.154.239.69 - - [03/Feb/2025:01:17:41 +0100] "GET /ticket2/opencms/sv/login/?edid=6148B729-620A-0104-5C35-7B49F49164F4 HTTP/1.1" 200 91522
65.21.232.254 - - [03/Feb/2025:01:17:43 +0100] "GET /ticket2/opencms/dk/login/?edid=C08F3873-357B-58DE-F78C-9562D03AA8A9 HTTP/1.1" 200 90776
54.36.149.78 - - [03/Feb/2025:01:17:47 +0100] "GET /ticket2/opencms/tr/buy?page=1&edid=380022DF-63A1-5DA8-425A-027B0E0314C7 HTTP/1.1" 200 108956
65.21.232.254 - - [03/Feb/2025:01:17:47 +0100] "GET /ticket2/opencms/dk/login/?edid=C168AC79-9AE4-687F-692F-70BDD7169AA1 HTTP/1.1" 200 90705
217.113.194.218 - - [03/Feb/2025:01:17:48 +0100] "GET /ticket2/opencms/sq/buy?page=1&edid=C15AE28C-73DB-6928-32A1-4EC14A77EEA7 HTTP/1.1" 200 111707
202.8.40.143 - - [03/Feb/2025:01:17:48 +0100] "GET /ticket2/opencms/system/modules/com.gridnine.opencms.ticketbrokerage.site/resources/css/jquery.fancybox.css HTTP/1.1" 200 4939
202.8.40.143 - - [03/Feb/2025:01:17:48 +0100] "GET /ticket2/opencms/system/modules/com.gridnine.opencms.ticketbrokerage.site/resources/css/jquery-ui.css HTTP/1.1" 200 33221
202.8.40.143 - - [03/Feb/2025:01:17:48 +0100] "GET /ticket2/opencms/system/modules/com.gridnine.opencms.ticketbrokerage.site/resources/css/calendar.css HTTP/1.1" 200 6871
202.8.40.143 - - [03/Feb/2025:01:17:48 +0100] "GET /ticket2/opencms/system/modules/com.gridnine.opencms.ticketbrokerage.site/resources/css/standard.css HTTP/1.1" 200 73904
202.8.40.143 - - [03/Feb/2025:01:17:48 +0100] "GET /ticket2/opencms/system/modules/com.gridnine.opencms.ticketbrokerage.site/resources/js/jquery/jquery.js HTTP/1.1" 200 93868
202.8.40.143 - - [03/Feb/2025:01:17:48 +0100] "GET /ticket2/opencms/system/modules/com.gridnine.opencms.ticketbrokerage.site/resources/css/ticketbrokerage.css HTTP/1.1" 200 39339
202.8.40.143 - - [03/Feb/2025:01:17:48 +0100] "GET /ticket2/opencms/system/modules/com.gridnine.opencms.ticketbrokerage.site/resources/js/jquery/jquery-ui.js HTTP/1.1" 200 228088
202.8.40.143 - - [03/Feb/2025:01:17:48 +0100] "GET /ticket2/opencms/system/modules/com.gridnine.opencms.ticketbrokerage.site/resources/js/functions.js HTTP/1.1" 200 1583
202.8.40.143 - - [03/Feb/2025:01:17:48 +0100] "GET /ticket2/opencms/system/modules/com.gridnine.opencms.ticketbrokerage.site/resources/js/calendar-en.js HTTP/1.1" 200 3338
202.8.40.143 - - [03/Feb/2025:01:17:48 +0100] "GET /ticket2/opencms/system/modules/com.gridnine.opencms.ticketbrokerage.site/resources/js/calendar-setup.js HTTP/1.1" 200 4923
202.8.40.143 - - [03/Feb/2025:01:17:48 +0100] "GET /ticket2/opencms/system/modules/com.gridnine.opencms.ticketbrokerage.site/resources/js/calendar.js HTTP/1.1" 200 49229
202.8.40.143 - - [03/Feb/2025:01:17:48 +0100] "GET /ticket2/opencms/system/modules/com.gridnine.opencms.ticketbrokerage.site/resources/js/jquery.fancybox.pack.js HTTP/1.1" 200 23187
202.8.40.143 - - [03/Feb/2025:01:17:48 +0100] "GET /ticket2/opencms/system/modules/com.gridnine.opencms.ticketbrokerage.site/resources/js/stickyfill.min.js HTTP/1.1" 200 5672
202.8.40.143 - - [03/Feb/2025:01:17:48 +0100] "GET /ticket2/opencms/system/modules/com.gridnine.opencms.ticketbrokerage.site/resources/js/standard.js HTTP/1.1" 200 3983
202.8.40.143 - - [03/Feb/2025:01:17:48 +0100] "GET /ticket2/opencms/system/modules/com.gridnine.opencms.ticketbrokerage.site/resources/js/jquery.placeholder.min.js HTTP/1.1" 200 1737
202.8.40.143 - - [03/Feb/2025:01:17:48 +0100] "GET /ticket2/opencms/system/modules/com.gridnine.opencms.ticketbrokerage.site/resources/js/common-ajax.js HTTP/1.1" 200 20175
202.8.40.143 - - [03/Feb/2025:01:17:49 +0100] "GET /ticket2/opencms/es/ask-form.html HTTP/1.1" 200 3156
202.8.40.143 - - [03/Feb/2025:01:17:49 +0100] "GET /ticket2/opencms/system/modules/com.gridnine.opencms.ticketbrokerage.site/resources/css/ticketbrokerage.css HTTP/1.1" 200 39339
94.154.239.69 - - [03/Feb/2025:01:17:49 +0100] "GET /ticket2/opencms/sv/login/?edid=61903C96-F8B6-482A-0523-00721D5B62AF HTTP/1.1" 200 91544
192.99.3.137 - - [03/Feb/2025:01:17:49 +0100] "GET /ticket2/opencms/hu/buy/?page=1&edid=A2A4078E-C8E8-C113-199B-69C1FEB231B0 HTTP/1.1" 200 136125
65.21.232.254 - - [03/Feb/2025:01:17:51 +0100] "GET /ticket2/opencms/dk/login/?edid=C5BE8910-C31D-1B7A-D498-4C5862D3F5A8 HTTP/1.1" 200 90772
54.36.148.193 - - [03/Feb/2025:01:17:53 +0100] "GET /ticket2/opencms/is/buy/?page=1&edid=56B38CDE-C52C-9D5C-A997-D65F4CB742AB HTTP/1.1" 200 142172
