176.56.86.67 - - [03/Feb/2025:00:19:32 +0100] "GET /ticket2/opencms/img/icons/pl.png HTTP/1.1" 200 1578
176.56.86.67 - - [03/Feb/2025:00:19:32 +0100] "GET /ticket2/opencms/img/icons/be.png HTTP/1.1" 200 1663
176.56.86.67 - - [03/Feb/2025:00:19:32 +0100] "GET /ticket2/opencms/img/icons/az.png HTTP/1.1" 200 1445
176.56.86.67 - - [03/Feb/2025:00:19:32 +0100] "GET /ticket2/opencms/img/icons/bs.png HTTP/1.1" 200 1014
176.56.86.67 - - [03/Feb/2025:00:19:32 +0100] "GET /ticket2/opencms/img/icons/cs.png HTTP/1.1" 200 1883
176.56.86.67 - - [03/Feb/2025:00:19:32 +0100] "GET /ticket2/opencms/img/icons/bg.png HTTP/1.1" 200 788
176.56.86.67 - - [03/Feb/2025:00:19:32 +0100] "GET /ticket2/opencms/img/icons/hr.png HTTP/1.1" 200 2024
176.56.86.67 - - [03/Feb/2025:00:19:32 +0100] "GET /ticket2/opencms/img/icons/et.png HTTP/1.1" 200 754
176.56.86.67 - - [03/Feb/2025:00:19:32 +0100] "GET /ticket2/opencms/img/icons/el.png HTTP/1.1" 200 1637
176.56.86.67 - - [03/Feb/2025:00:19:32 +0100] "GET /ticket2/opencms/img/icons/ka.png HTTP/1.1" 200 860
176.56.86.67 - - [03/Feb/2025:00:19:32 +0100] "GET /ticket2/opencms/img/icons/hu.png HTTP/1.1" 200 733
176.56.86.67 - - [03/Feb/2025:00:19:32 +0100] "GET /ticket2/opencms/img/icons/ga.png HTTP/1.1" 200 1759
176.56.86.67 - - [03/Feb/2025:00:19:32 +0100] "GET /ticket2/opencms/img/icons/is.png HTTP/1.1" 200 1884
176.56.86.67 - - [03/Feb/2025:00:19:32 +0100] "GET /ticket2/opencms/img/icons/lv.png HTTP/1.1" 200 716
176.56.86.67 - - [03/Feb/2025:00:19:32 +0100] "GET /ticket2/opencms/img/icons/mt.png HTTP/1.1" 200 920
176.56.86.67 - - [03/Feb/2025:00:19:32 +0100] "GET /ticket2/opencms/img/icons/lt.png HTTP/1.1" 200 733
176.56.86.67 - - [03/Feb/2025:00:19:32 +0100] "GET /ticket2/opencms/img/icons/mo.png HTTP/1.1" 200 1468
176.56.86.67 - - [03/Feb/2025:00:19:32 +0100] "GET /ticket2/opencms/img/icons/ro.png HTTP/1.1" 200 1393
176.56.86.67 - - [03/Feb/2025:00:19:32 +0100] "GET /ticket2/opencms/img/icons/sr.png HTTP/1.1" 200 1602
176.56.86.67 - - [03/Feb/2025:00:19:32 +0100] "GET /ticket2/opencms/img/icons/sk.png HTTP/1.1" 200 1283
176.56.86.67 - - [03/Feb/2025:00:19:32 +0100] "GET /ticket2/opencms/img/icons/uk.png HTTP/1.1" 200 1272
176.56.86.67 - - [03/Feb/2025:00:19:32 +0100] "GET /ticket2/opencms/img/icons/sl.png HTTP/1.1" 200 966
176.56.86.67 - - [03/Feb/2025:00:19:33 +0100] "GET /ticket2/opencms/img/icons/tr.png HTTP/1.1" 200 1636
176.56.86.67 - - [03/Feb/2025:00:19:33 +0100] "GET /ticket2/opencms/img/icons/ticket2.thumbnail.png HTTP/1.1" 200 21519
176.56.86.67 - - [03/Feb/2025:00:19:33 +0100] "GET /ticket2/opencms/system/modules/com.gridnine.opencms.ticketbrokerage.site/resources/js/standard.js HTTP/1.1" 200 3983
54.36.148.181 - - [03/Feb/2025:00:19:33 +0100] "GET /ticket2/opencms/de/buy?page=1&edid=0E487947-8D2A-A553-BF9C-F44B73D05AC1 HTTP/1.1" 200 105915
195.191.219.130 - - [03/Feb/2025:00:19:34 +0100] "GET /ticket2/opencms/et/buy/?page=1&edid=90D99CFD-1C4D-3E3E-708D-4C9851B5EDBE HTTP/1.1" 200 119273
202.8.42.177 - - [03/Feb/2025:00:19:34 +0100] "GET /ticket2/opencms/system/modules/com.gridnine.opencms.ticketbrokerage.site/resources/css/ticketbrokerage.css HTTP/1.1" 200 39339
202.8.42.177 - - [03/Feb/2025:00:19:34 +0100] "GET /ticket2/opencms/system/modules/com.gridnine.opencms.ticketbrokerage.site/resources/css/calendar.css HTTP/1.1" 200 6871
202.8.42.177 - - [03/Feb/2025:00:19:34 +0100] "GET /ticket2/opencms/system/modules/com.gridnine.opencms.ticketbrokerage.site/resources/css/jquery-ui.css HTTP/1.1" 200 33221
202.8.42.177 - - [03/Feb/2025:00:19:34 +0100] "GET /ticket2/opencms/system/modules/com.gridnine.opencms.ticketbrokerage.site/resources/css/standard.css HTTP/1.1" 200 73904
202.8.42.177 - - [03/Feb/2025:00:19:34 +0100] "GET /ticket2/opencms/system/modules/com.gridnine.opencms.ticketbrokerage.site/resources/css/jquery.fancybox.css HTTP/1.1" 200 4939
202.8.42.177 - - [03/Feb/2025:00:19:34 +0100] "GET /ticket2/opencms/system/modules/com.gridnine.opencms.ticketbrokerage.site/resources/js/jquery/jquery.js HTTP/1.1" 200 93868
202.8.42.177 - - [03/Feb/2025:00:19:34 +0100] "GET /ticket2/opencms/system/modules/com.gridnine.opencms.ticketbrokerage.site/resources/js/jquery/jquery-ui.js HTTP/1.1" 200 228088
202.8.42.177 - - [03/Feb/2025:00:19:34 +0100] "GET /ticket2/opencms/system/modules/com.gridnine.opencms.ticketbrokerage.site/resources/js/functions.js HTTP/1.1" 200 1583
202.8.42.177 - - [03/Feb/2025:00:19:34 +0100] "GET /ticket2/opencms/system/modules/com.gridnine.opencms.ticketbrokerage.site/resources/js/calendar-en.js HTTP/1.1" 200 3338
202.8.42.177 - - [03/Feb/2025:00:19:34 +0100] "GET /ticket2/opencms/system/modules/com.gridnine.opencms.ticketbrokerage.site/resources/js/calendar.js HTTP/1.1" 200 49229
202.8.42.177 - - [03/Feb/2025:00:19:34 +0100] "GET /ticket2/opencms/system/modules/com.gridnine.opencms.ticketbrokerage.site/resources/js/calendar-setup.js HTTP/1.1" 200 4923
202.8.42.177 - - [03/Feb/2025:00:19:35 +0100] "GET /ticket2/opencms/system/modules/com.gridnine.opencms.ticketbrokerage.site/resources/js/jquery.fancybox.pack.js HTTP/1.1" 200 23187
202.8.42.177 - - [03/Feb/2025:00:19:35 +0100] "GET /ticket2/opencms/system/modules/com.gridnine.opencms.ticketbrokerage.site/resources/js/stickyfill.min.js HTTP/1.1" 200 5672
202.8.42.177 - - [03/Feb/2025:00:19:35 +0100] "GET /ticket2/opencms/system/modules/com.gridnine.opencms.ticketbrokerage.site/resources/js/standard.js HTTP/1.1" 200 3983
202.8.42.177 - - [03/Feb/2025:00:19:35 +0100] "GET /ticket2/opencms/system/modules/com.gridnine.opencms.ticketbrokerage.site/resources/js/jquery.placeholder.min.js HTTP/1.1" 200 1737
202.8.42.177 - - [03/Feb/2025:00:19:35 +0100] "GET /ticket2/opencms/system/modules/com.gridnine.opencms.ticketbrokerage.site/resources/js/common-ajax.js HTTP/1.1" 200 20175
202.8.42.177 - - [03/Feb/2025:00:19:35 +0100] "GET /ticket2/opencms/de/ask-form.html HTTP/1.1" 200 3156
202.8.42.177 - - [03/Feb/2025:00:19:35 +0100] "GET /ticket2/opencms/system/modules/com.gridnine.opencms.ticketbrokerage.site/resources/css/ticketbrokerage.css HTTP/1.1" 200 39339
217.113.194.216 - - [03/Feb/2025:00:19:36 +0100] "GET /ticket2/opencms/dk/venue/?countryid=C20C79E6-EE6B-26D5-6506-E0F6BF6B710A HTTP/1.1" 200 114487
40.77.167.230 - - [03/Feb/2025:00:19:37 +0100] "GET /ticket2/opencms/dk/buy?page=1&edid=BE8C7FA0-9E48-EAB3-3A70-9E9F9EA30F95 HTTP/1.1" 200 108435
111.119.234.78 - - [03/Feb/2025:00:19:38 +0100] "GET /ticket2/opencms/pl/buy/?page=1&edid=B8A6965B-216E-27C8-9A3D-21241346030F HTTP/1.1" 200 112440
195.191.219.130 - - [03/Feb/2025:00:19:38 +0100] "GET /ticket2/opencms/et/buy/?page=1&edid=90FF4B1C-1D4C-DD77-9411-8E3582C2DCE5 HTTP/1.1" 200 106424
66.249.79.35 - - [03/Feb/2025:00:19:40 +0100] "GET /ticket2/opencms/bg/buy/?page=1&edid=D0017C8D-A42C-9E94-32C0-287112DFAD61 HTTP/1.1" 200 108523
54.36.148.59 - - [03/Feb/2025:00:19:40 +0100] "GET /ticket2/opencms/lt/buy/?page=1&edid=1046C14E-D95C-B350-CBCD-2ECE5F3DCC46 HTTP/1.1" 200 122438
195.191.219.130 - - [03/Feb/2025:00:19:42 +0100] "GET /ticket2/opencms/et/buy/?page=1&edid=91131440-6E9B-EF94-52C2-EDE415172430 HTTP/1.1" 200 110266
154.54.249.216 - - [03/Feb/2025:00:19:45 +0100] "GET /ticket2/opencms/dk/venue/?countryid=A3B02FE6-E314-D205-EF34-B3751539C7A7 HTTP/1.1" 200 113082
47.128.62.234 - - [03/Feb/2025:00:19:46 +0100] "GET /ticket2/opencms/ka/buy?edid=5A25EFE3-6135-A75C-5C16-FC7C3F6D82B3 HTTP/1.1" 200 91067
195.191.219.130 - - [03/Feb/2025:00:19:46 +0100] "GET /ticket2/opencms/et/buy/?page=1&edid=91822FE2-DE87-A84A-2822-E8AA69FE74C1 HTTP/1.1" 200 106389
54.36.148.32 - - [03/Feb/2025:00:19:46 +0100] "GET /ticket2/opencms/bg/buy?page=1&edid=0165985F-E205-E991-0EDD-8260BA28ED00 HTTP/1.1" 200 108481
202.8.43.98 - - [03/Feb/2025:00:19:48 +0100] "GET /ticket2/opencms/system/modules/com.gridnine.opencms.ticketbrokerage.site/resources/css/jquery.fancybox.css HTTP/1.1" 200 4939
202.8.43.98 - - [03/Feb/2025:00:19:48 +0100] "GET /ticket2/opencms/system/modules/com.gridnine.opencms.ticketbrokerage.site/resources/css/standard.css HTTP/1.1" 200 73904
202.8.43.98 - - [03/Feb/2025:00:19:48 +0100] "GET /ticket2/opencms/system/modules/com.gridnine.opencms.ticketbrokerage.site/resources/css/ticketbrokerage.css HTTP/1.1" 200 39339
202.8.43.98 - - [03/Feb/2025:00:19:48 +0100] "GET /ticket2/opencms/system/modules/com.gridnine.opencms.ticketbrokerage.site/resources/css/jquery-ui.css HTTP/1.1" 200 33221
202.8.43.98 - - [03/Feb/2025:00:19:48 +0100] "GET /ticket2/opencms/system/modules/com.gridnine.opencms.ticketbrokerage.site/resources/js/jquery/jquery.js HTTP/1.1" 200 93868
202.8.43.98 - - [03/Feb/2025:00:19:48 +0100] "GET /ticket2/opencms/system/modules/com.gridnine.opencms.ticketbrokerage.site/resources/css/calendar.css HTTP/1.1" 200 6871
202.8.43.98 - - [03/Feb/2025:00:19:48 +0100] "GET /ticket2/opencms/system/modules/com.gridnine.opencms.ticketbrokerage.site/resources/js/jquery/jquery-ui.js HTTP/1.1" 200 228088
202.8.43.98 - - [03/Feb/2025:00:19:48 +0100] "GET /ticket2/opencms/system/modules/com.gridnine.opencms.ticketbrokerage.site/resources/js/calendar-en.js HTTP/1.1" 200 3338
202.8.43.98 - - [03/Feb/2025:00:19:48 +0100] "GET /ticket2/opencms/system/modules/com.gridnine.opencms.ticketbrokerage.site/resources/js/functions.js HTTP/1.1" 200 1583
202.8.43.98 - - [03/Feb/2025:00:19:48 +0100] "GET /ticket2/opencms/system/modules/com.gridnine.opencms.ticketbrokerage.site/resources/js/calendar-setup.js HTTP/1.1" 200 4923
202.8.43.98 - - [03/Feb/2025:00:19:48 +0100] "GET /ticket2/opencms/system/modules/com.gridnine.opencms.ticketbrokerage.site/resources/js/calendar.js HTTP/1.1" 200 49229
202.8.43.98 - - [03/Feb/2025:00:19:48 +0100] "GET /ticket2/opencms/system/modules/com.gridnine.opencms.ticketbrokerage.site/resources/js/stickyfill.min.js HTTP/1.1" 200 5672
202.8.43.98 - - [03/Feb/2025:00:19:48 +0100] "GET /ticket2/opencms/system/modules/com.gridnine.opencms.ticketbrokerage.site/resources/js/jquery.fancybox.pack.js HTTP/1.1" 200 23187
202.8.43.98 - - [03/Feb/2025:00:19:48 +0100] "GET /ticket2/opencms/system/modules/com.gridnine.opencms.ticketbrokerage.site/resources/js/standard.js HTTP/1.1" 200 3983
202.8.43.98 - - [03/Feb/2025:00:19:48 +0100] "GET /ticket2/opencms/system/modules/com.gridnine.opencms.ticketbrokerage.site/resources/js/jquery.placeholder.min.js HTTP/1.1" 200 1737
202.8.43.98 - - [03/Feb/2025:00:19:48 +0100] "GET /ticket2/opencms/system/modules/com.gridnine.opencms.ticketbrokerage.site/resources/js/common-ajax.js HTTP/1.1" 200 20175
202.8.43.98 - - [03/Feb/2025:00:19:48 +0100] "GET /ticket2/opencms/bg/ask-form.html HTTP/1.1" 200 3156
202.8.43.98 - - [03/Feb/2025:00:19:48 +0100] "GET /ticket2/opencms/system/modules/com.gridnine.opencms.ticketbrokerage.site/resources/css/ticketbrokerage.css HTTP/1.1" 200 39339
195.191.219.130 - - [03/Feb/2025:00:19:50 +0100] "GET /ticket2/opencms/et/buy/?page=1&edid=91E06EB3-29BE-78F9-C5D9-F08587328467 HTTP/1.1" 200 108654
52.167.144.191 - - [03/Feb/2025:00:19:50 +0100] "GET /ticket2/opencms/ro/buy?page=1&edid=D11D82D4-28DA-1768-D317-EF521A2F97E6 HTTP/1.1" 200 110931
217.113.194.216 - - [03/Feb/2025:00:19:53 +0100] "GET /ticket2/opencms/dk/venue/?countryid=C83BD7D3-147E-EEE7-3AB4-19E8D9E56196 HTTP/1.1" 200 113082
195.191.219.130 - - [03/Feb/2025:00:19:53 +0100] "GET /ticket2/opencms/et/buy/?page=1&edid=921154C3-BF4F-9061-5CFB-8ECC0A8A34AE HTTP/1.1" 200 106336
54.36.148.158 - - [03/Feb/2025:00:19:54 +0100] "GET /ticket2/opencms/sl/buy/?page=1&edid=8F340A1C-D664-7FDD-8257-FE31525DAB7C HTTP/1.1" 200 134410
195.191.219.130 - - [03/Feb/2025:00:19:58 +0100] "GET /ticket2/opencms/et/buy/?page=1&edid=9239880C-C5C0-5076-4AD5-4881F5EBAC4A HTTP/1.1" 200 133187
66.249.76.170 - - [03/Feb/2025:00:19:59 +0100] "GET /ticket2/opencms/bg/buy/?page=1&edid=850C8A8B-2F46-2A88-A8B6-9412FF2064CB HTTP/1.1" 200 108517
5.9.55.228 - - [03/Feb/2025:00:20:02 +0100] "GET /ticket2/opencms/en/buy/?comcatid=a17713b6-d984-201a-4143-ed4db5ed5c2e&catid=ff8d7fe7-4b09-7305-01c7-2d47f7913eb8 HTTP/1.1" 200 6410
217.113.194.213 - - [03/Feb/2025:00:20:02 +0100] "GET /ticket2/opencms/dk/venue/?countryid=668D17D3-DDBF-7460-C2FB-E48A99F3BD87 HTTP/1.1" 200 113082
195.191.219.130 - - [03/Feb/2025:00:20:03 +0100] "GET /ticket2/opencms/et/buy/?page=1&edid=9250B98C-3D5F-37E6-7B39-001C84B580C7 HTTP/1.1" 200 110076
54.36.148.81 - - [03/Feb/2025:00:20:03 +0100] "GET /ticket2/opencms/el/buy/?page=1&edid=8085E80D-BC8F-CDCF-7CC8-2F497FE082D3 HTTP/1.1" 200 140180
195.191.219.130 - - [03/Feb/2025:00:20:07 +0100] "GET /ticket2/opencms/et/buy/?page=1&edid=92A56E78-70A5-4E7F-4A0E-86D90A27FA9E HTTP/1.1" 200 115963
52.167.144.140 - - [03/Feb/2025:00:20:08 +0100] "GET /ticket2/opencms/no/magazine/article?title=ni-seire-pa-ti-kamper HTTP/1.1" 200 86807
54.36.148.222 - - [03/Feb/2025:00:20:08 +0100] "GET /ticket2/opencms/pl/buy/?page=1&edid=5CA6204E-B944-1C9C-2A91-E87C8D0203BC HTTP/1.1" 200 131971
114.119.165.226 - - [03/Feb/2025:00:20:09 +0100] "GET /ticket2/opencms/en/buy/?page=1&edid=7122E03D-6477-8F00-8197-FB4687732D5A HTTP/1.1" 200 108033
195.191.219.130 - - [03/Feb/2025:00:20:11 +0100] "GET /ticket2/opencms/et/buy/?page=1&edid=92C32EFB-1ABC-12BA-1886-A9767DA4FF70 HTTP/1.1" 200 106386
217.113.194.219 - - [03/Feb/2025:00:20:11 +0100] "GET /ticket2/opencms/dk/venue/?venueid=874CBB36-B0FB-2810-94F3-827DF6CD2D19 HTTP/1.1" 200 83725
54.36.149.101 - - [03/Feb/2025:00:20:13 +0100] "GET /ticket2/opencms/ga/buy?page=1&edid=2F89DE74-66D3-F2EE-BBA0-20A3C149309A HTTP/1.1" 200 130215
45.130.145.14 - - [03/Feb/2025:00:20:14 +0100] "HEAD /ticket2/opencms/uk/login HTTP/1.1" 200 -
202.8.40.188 - - [03/Feb/2025:00:20:14 +0100] "GET /ticket2/opencms/system/modules/com.gridnine.opencms.ticketbrokerage.site/resources/css/jquery-ui.css HTTP/1.1" 200 33221
202.8.40.188 - - [03/Feb/2025:00:20:14 +0100] "GET /ticket2/opencms/system/modules/com.gridnine.opencms.ticketbrokerage.site/resources/css/ticketbrokerage.css HTTP/1.1" 200 39339
202.8.40.188 - - [03/Feb/2025:00:20:14 +0100] "GET /ticket2/opencms/system/modules/com.gridnine.opencms.ticketbrokerage.site/resources/css/calendar.css HTTP/1.1" 200 6871
202.8.40.188 - - [03/Feb/2025:00:20:14 +0100] "GET /ticket2/opencms/system/modules/com.gridnine.opencms.ticketbrokerage.site/resources/css/jquery.fancybox.css HTTP/1.1" 200 4939
202.8.40.188 - - [03/Feb/2025:00:20:14 +0100] "GET /ticket2/opencms/system/modules/com.gridnine.opencms.ticketbrokerage.site/resources/css/standard.css HTTP/1.1" 200 73904
202.8.40.188 - - [03/Feb/2025:00:20:14 +0100] "GET /ticket2/opencms/system/modules/com.gridnine.opencms.ticketbrokerage.site/resources/js/jquery/jquery.js HTTP/1.1" 200 93868
202.8.40.188 - - [03/Feb/2025:00:20:14 +0100] "GET /ticket2/opencms/system/modules/com.gridnine.opencms.ticketbrokerage.site/resources/js/functions.js HTTP/1.1" 200 1583
202.8.40.188 - - [03/Feb/2025:00:20:14 +0100] "GET /ticket2/opencms/system/modules/com.gridnine.opencms.ticketbrokerage.site/resources/js/jquery/jquery-ui.js HTTP/1.1" 200 228088
202.8.40.188 - - [03/Feb/2025:00:20:14 +0100] "GET /ticket2/opencms/system/modules/com.gridnine.opencms.ticketbrokerage.site/resources/js/calendar.js HTTP/1.1" 200 49229
202.8.40.188 - - [03/Feb/2025:00:20:14 +0100] "GET /ticket2/opencms/system/modules/com.gridnine.opencms.ticketbrokerage.site/resources/js/calendar-en.js HTTP/1.1" 200 3338
202.8.40.188 - - [03/Feb/2025:00:20:14 +0100] "GET /ticket2/opencms/system/modules/com.gridnine.opencms.ticketbrokerage.site/resources/js/calendar-setup.js HTTP/1.1" 200 4923
195.191.219.130 - - [03/Feb/2025:00:20:15 +0100] "GET /ticket2/opencms/et/buy/?page=1&edid=92DC823E-E3EC-5F8E-9A75-457391D3E143 HTTP/1.1" 200 109996
202.8.40.188 - - [03/Feb/2025:00:20:15 +0100] "GET /ticket2/opencms/system/modules/com.gridnine.opencms.ticketbrokerage.site/resources/js/jquery.fancybox.pack.js HTTP/1.1" 200 23187
45.130.145.14 - - [03/Feb/2025:00:20:15 +0100] "POST /ticket2/opencms/uk/login HTTP/1.1" 200 90699
202.8.40.188 - - [03/Feb/2025:00:20:15 +0100] "GET /ticket2/opencms/system/modules/com.gridnine.opencms.ticketbrokerage.site/resources/js/standard.js HTTP/1.1" 200 3983
202.8.40.188 - - [03/Feb/2025:00:20:15 +0100] "GET /ticket2/opencms/system/modules/com.gridnine.opencms.ticketbrokerage.site/resources/js/stickyfill.min.js HTTP/1.1" 200 5672
202.8.40.188 - - [03/Feb/2025:00:20:15 +0100] "GET /ticket2/opencms/system/modules/com.gridnine.opencms.ticketbrokerage.site/resources/js/jquery.placeholder.min.js HTTP/1.1" 200 1737
202.8.40.188 - - [03/Feb/2025:00:20:15 +0100] "GET /ticket2/opencms/system/modules/com.gridnine.opencms.ticketbrokerage.site/resources/js/common-ajax.js HTTP/1.1" 200 20175
202.8.40.188 - - [03/Feb/2025:00:20:15 +0100] "GET /ticket2/opencms/ga/ask-form.html HTTP/1.1" 200 3156
202.8.40.188 - - [03/Feb/2025:00:20:15 +0100] "GET /ticket2/opencms/system/modules/com.gridnine.opencms.ticketbrokerage.site/resources/css/ticketbrokerage.css HTTP/1.1" 200 39339
45.130.145.14 - - [03/Feb/2025:00:20:15 +0100] "POST /ticket2/opencms/uk/login HTTP/1.1" 200 90699
45.130.145.14 - - [03/Feb/2025:00:20:16 +0100] "POST /ticket2/opencms/uk/login HTTP/1.1" 200 90699
45.130.145.14 - - [03/Feb/2025:00:20:16 +0100] "POST /ticket2/opencms/uk/login HTTP/1.1" 200 90699
45.130.145.14 - - [03/Feb/2025:00:20:17 +0100] "POST /ticket2/opencms/uk/login HTTP/1.1" 200 90771
52.167.144.20 - - [03/Feb/2025:00:20:17 +0100] "GET /ticket2/opencms/nl/?page=6&comcatid=A17713B6-D984-201A-4143-ED4DB5ED5C2E&catid=0A6C99D2-F5BD-7A18-9A5F-5668827042E0&eventid=AF9FA49A-6673-4DB3-CFBA-78E9C1C516AC HTTP/1.1" 200 102201
45.130.145.14 - - [03/Feb/2025:00:20:17 +0100] "POST /ticket2/opencms/uk/login HTTP/1.1" 200 90771
45.130.145.14 - - [03/Feb/2025:00:20:18 +0100] "POST /ticket2/opencms/uk/login HTTP/1.1" 200 90771
45.130.145.14 - - [03/Feb/2025:00:20:18 +0100] "POST /ticket2/opencms/uk/login HTTP/1.1" 200 90741
195.191.219.130 - - [03/Feb/2025:00:20:18 +0100] "GET /ticket2/opencms/et/buy/?page=1&edid=92DF4928-935F-6F67-3394-E1ED2A861E35 HTTP/1.1" 200 110051
45.130.145.14 - - [03/Feb/2025:00:20:19 +0100] "POST /ticket2/opencms/uk/login HTTP/1.1" 200 90741
45.130.145.14 - - [03/Feb/2025:00:20:19 +0100] "POST /ticket2/opencms/uk/login HTTP/1.1" 200 90741
45.130.145.14 - - [03/Feb/2025:00:20:20 +0100] "POST /ticket2/opencms/uk/login HTTP/1.1" 200 90716
45.130.145.14 - - [03/Feb/2025:00:20:20 +0100] "POST /ticket2/opencms/uk/login HTTP/1.1" 200 90716
217.113.194.219 - - [03/Feb/2025:00:20:20 +0100] "GET /ticket2/opencms/dk/venue/?venueid=3E052964-D5DB-7727-FFA4-1BA16C172E21 HTTP/1.1" 200 83678
45.130.145.14 - - [03/Feb/2025:00:20:21 +0100] "POST /ticket2/opencms/uk/login HTTP/1.1" 200 90716
45.130.145.14 - - [03/Feb/2025:00:20:22 +0100] "POST /ticket2/opencms/uk/login HTTP/1.1" 200 90722
45.130.145.14 - - [03/Feb/2025:00:20:22 +0100] "POST /ticket2/opencms/uk/login HTTP/1.1" 200 90722
54.36.149.26 - - [03/Feb/2025:00:20:22 +0100] "GET /ticket2/opencms/de/buy/?page=1&edid=2C2E9185-38A8-EBBD-403B-609372D69EE0 HTTP/1.1" 200 131463
195.191.219.130 - - [03/Feb/2025:00:20:23 +0100] "GET /ticket2/opencms/et/buy/?page=1&edid=93838642-5250-2673-0C4C-CF34056B55BD HTTP/1.1" 200 113128
45.130.145.14 - - [03/Feb/2025:00:20:23 +0100] "POST /ticket2/opencms/uk/login HTTP/1.1" 200 90722
45.130.145.14 - - [03/Feb/2025:00:20:24 +0100] "POST /ticket2/opencms/uk/login HTTP/1.1" 200 90722
124.243.181.185 - - [03/Feb/2025:00:20:24 +0100] "GET /ticket2/opencms/pl/buy/?page=1&edid=2E6EF86D-B1C4-98D9-FD17-AB35133F21BC HTTP/1.1" 200 106359
45.130.145.14 - - [03/Feb/2025:00:20:24 +0100] "POST /ticket2/opencms/uk/login HTTP/1.1" 200 90722
45.130.145.14 - - [03/Feb/2025:00:20:25 +0100] "POST /ticket2/opencms/uk/login HTTP/1.1" 200 90722
45.130.145.14 - - [03/Feb/2025:00:20:25 +0100] "POST /ticket2/opencms/uk/login HTTP/1.1" 200 90724
45.130.145.14 - - [03/Feb/2025:00:20:26 +0100] "POST /ticket2/opencms/uk/login HTTP/1.1" 200 90724
45.130.145.14 - - [03/Feb/2025:00:20:26 +0100] "POST /ticket2/opencms/uk/login HTTP/1.1" 200 90724
195.191.219.130 - - [03/Feb/2025:00:20:27 +0100] "GET /ticket2/opencms/et/buy/?page=1&edid=94B60579-7540-1D04-4C12-AD3E425B736D HTTP/1.1" 200 110265
45.130.145.14 - - [03/Feb/2025:00:20:27 +0100] "POST /ticket2/opencms/uk/login HTTP/1.1" 200 90713
45.130.145.14 - - [03/Feb/2025:00:20:28 +0100] "POST /ticket2/opencms/uk/login HTTP/1.1" 200 90713
40.77.167.136 - - [03/Feb/2025:00:20:28 +0100] "GET /ticket2/opencms/mt/buy?page=1&edid=e9db3a42-82bf-9b65-3ed4-ee5a32871388 HTTP/1.1" 200 8134
45.130.145.14 - - [03/Feb/2025:00:20:28 +0100] "POST /ticket2/opencms/uk/login HTTP/1.1" 200 90713
45.130.145.14 - - [03/Feb/2025:00:20:29 +0100] "POST /ticket2/opencms/uk/login HTTP/1.1" 200 90719
45.130.145.14 - - [03/Feb/2025:00:20:29 +0100] "POST /ticket2/opencms/uk/login HTTP/1.1" 200 90719
154.54.249.216 - - [03/Feb/2025:00:20:30 +0100] "GET /ticket2/opencms/dk/venue/?venueid=92B1EF2C-B01A-5498-4DA0-D832A3A798A5 HTTP/1.1" 200 83713
45.130.145.14 - - [03/Feb/2025:00:20:30 +0100] "POST /ticket2/opencms/uk/login HTTP/1.1" 200 90719
54.36.148.238 - - [03/Feb/2025:00:20:31 +0100] "GET /ticket2/opencms/ro/buy?page=1&edid=F25FBBE3-B880-5730-A316-AE0E479B4D0A HTTP/1.1" 200 106626
45.130.145.14 - - [03/Feb/2025:00:20:31 +0100] "POST /ticket2/opencms/uk/login HTTP/1.1" 200 90719
195.191.219.130 - - [03/Feb/2025:00:20:31 +0100] "GET /ticket2/opencms/et/buy/?page=1&edid=94BF6567-82BD-183E-36C5-53634C762F53 HTTP/1.1" 200 116093
45.130.145.14 - - [03/Feb/2025:00:20:31 +0100] "POST /ticket2/opencms/uk/login HTTP/1.1" 200 90719
45.130.145.14 - - [03/Feb/2025:00:20:32 +0100] "POST /ticket2/opencms/uk/login HTTP/1.1" 200 90719
45.130.145.14 - - [03/Feb/2025:00:20:33 +0100] "POST /ticket2/opencms/uk/login HTTP/1.1" 200 90721
45.130.145.14 - - [03/Feb/2025:00:20:33 +0100] "POST /ticket2/opencms/uk/login HTTP/1.1" 200 90721
45.130.145.14 - - [03/Feb/2025:00:20:34 +0100] "POST /ticket2/opencms/uk/login HTTP/1.1" 200 90721
45.130.145.14 - - [03/Feb/2025:00:20:34 +0100] "POST /ticket2/opencms/uk/login HTTP/1.1" 200 90712
45.130.145.14 - - [03/Feb/2025:00:20:35 +0100] "POST /ticket2/opencms/uk/login HTTP/1.1" 200 90712
45.130.145.14 - - [03/Feb/2025:00:20:35 +0100] "POST /ticket2/opencms/uk/login HTTP/1.1" 200 90712
195.191.219.130 - - [03/Feb/2025:00:20:35 +0100] "GET /ticket2/opencms/et/buy/?page=1&edid=94C5B0A9-45EC-824F-7DFB-E52A893ACA3D HTTP/1.1" 200 134078
207.46.13.153 - - [03/Feb/2025:00:20:36 +0100] "GET /ticket2/opencms/lt/magazine/article?title=legendos-karstas-zodziu-apsikeitimas-su-palaikytoju HTTP/1.1" 200 87059
45.130.145.14 - - [03/Feb/2025:00:20:36 +0100] "POST /ticket2/opencms/uk/login HTTP/1.1" 200 90718
45.130.145.14 - - [03/Feb/2025:00:20:37 +0100] "POST /ticket2/opencms/uk/login HTTP/1.1" 200 90718
54.36.149.83 - - [03/Feb/2025:00:20:38 +0100] "GET /ticket2/opencms/sl/buy/?page=1&edid=1046C14E-D95C-B350-CBCD-2ECE5F3DCC46 HTTP/1.1" 200 122255
114.119.157.43 - - [03/Feb/2025:00:20:38 +0100] "GET /ticket2/opencms/ro/buy?page=1&edid=6491C4B6-5C45-20F3-BDEC-54EE4BA903D5 HTTP/1.1" 200 109965
45.130.145.14 - - [03/Feb/2025:00:20:38 +0100] "POST /ticket2/opencms/uk/login HTTP/1.1" 200 90718
217.113.194.215 - - [03/Feb/2025:00:20:39 +0100] "GET /ticket2/opencms/dk/venue/?venueid=5140D794-43DA-3C61-8B9C-5AAEA73CFD84 HTTP/1.1" 200 83701
45.130.145.14 - - [03/Feb/2025:00:20:39 +0100] "POST /ticket2/opencms/uk/login HTTP/1.1" 200 90718
195.191.219.130 - - [03/Feb/2025:00:20:39 +0100] "GET /ticket2/opencms/et/buy/?page=1&edid=951287E4-3388-8292-36EB-2A2F3CE27B48 HTTP/1.1" 200 106404
45.130.145.14 - - [03/Feb/2025:00:20:40 +0100] "POST /ticket2/opencms/uk/login HTTP/1.1" 200 90718
45.130.145.14 - - [03/Feb/2025:00:20:40 +0100] "POST /ticket2/opencms/uk/login HTTP/1.1" 200 90718
45.130.145.14 - - [03/Feb/2025:00:20:41 +0100] "POST /ticket2/opencms/uk/login HTTP/1.1" 200 90720
45.130.145.14 - - [03/Feb/2025:00:20:42 +0100] "POST /ticket2/opencms/uk/login HTTP/1.1" 200 90720
66.249.76.170 - - [03/Feb/2025:00:20:42 +0100] "GET /ticket2/opencms/cs/buy/?page=1&edid=594176A0-0E99-D793-4664-FFEB5569D607 HTTP/1.1" 200 110149
45.130.145.14 - - [03/Feb/2025:00:20:42 +0100] "POST /ticket2/opencms/uk/login HTTP/1.1" 200 90720
85.208.96.209 - - [03/Feb/2025:00:20:42 +0100] "GET /ticket2/opencms/fr/magazine/article?title=william-alain-andre-gabriel-saliba HTTP/1.1" 200 87087
45.130.145.14 - - [03/Feb/2025:00:20:43 +0100] "POST /ticket2/opencms/uk/login HTTP/1.1" 200 90713
195.191.219.130 - - [03/Feb/2025:00:20:43 +0100] "GET /ticket2/opencms/et/buy/?page=1&edid=953A294D-6567-BF40-A983-70777896E678 HTTP/1.1" 200 110089
45.130.145.14 - - [03/Feb/2025:00:20:43 +0100] "POST /ticket2/opencms/uk/login HTTP/1.1" 200 90713
45.130.145.14 - - [03/Feb/2025:00:20:44 +0100] "POST /ticket2/opencms/uk/login HTTP/1.1" 200 90713
45.130.145.14 - - [03/Feb/2025:00:20:45 +0100] "POST /ticket2/opencms/uk/login HTTP/1.1" 200 90719
45.130.145.14 - - [03/Feb/2025:00:20:45 +0100] "POST /ticket2/opencms/uk/login HTTP/1.1" 200 90719
45.130.145.14 - - [03/Feb/2025:00:20:46 +0100] "POST /ticket2/opencms/uk/login HTTP/1.1" 200 90719
45.130.145.14 - - [03/Feb/2025:00:20:46 +0100] "POST /ticket2/opencms/uk/login HTTP/1.1" 200 90719
5.9.55.228 - - [03/Feb/2025:00:20:47 +0100] "GET /ticket2/opencms/en/buy/?comcatid=b41ccf2b-5558-7aee-3602-09bbde417d65 HTTP/1.1" 200 6410
45.130.145.14 - - [03/Feb/2025:00:20:47 +0100] "POST /ticket2/opencms/uk/login HTTP/1.1" 200 90719
195.191.219.130 - - [03/Feb/2025:00:20:47 +0100] "GET /ticket2/opencms/et/buy/?page=1&edid=959254C8-9F5F-6179-1CA1-062F7936CA77 HTTP/1.1" 200 106365
154.54.249.216 - - [03/Feb/2025:00:20:47 +0100] "GET /ticket2/opencms/el/buy?page=1&edid=0E2185D1-6D42-D80F-0E47-29A01B6B0415 HTTP/1.1" 200 109663
45.130.145.14 - - [03/Feb/2025:00:20:48 +0100] "POST /ticket2/opencms/uk/login HTTP/1.1" 200 90719
54.36.148.86 - - [03/Feb/2025:00:20:48 +0100] "GET /ticket2/opencms/sq/buy?page=1&edid=2F89DE74-66D3-F2EE-BBA0-20A3C149309A HTTP/1.1" 200 129926
45.130.145.14 - - [03/Feb/2025:00:20:48 +0100] "POST /ticket2/opencms/uk/login HTTP/1.1" 200 90721
45.130.145.14 - - [03/Feb/2025:00:20:49 +0100] "POST /ticket2/opencms/uk/login HTTP/1.1" 200 90721
202.8.41.230 - - [03/Feb/2025:00:20:49 +0100] "GET /ticket2/opencms/system/modules/com.gridnine.opencms.ticketbrokerage.site/resources/css/standard.css HTTP/1.1" 200 73904
202.8.41.230 - - [03/Feb/2025:00:20:49 +0100] "GET /ticket2/opencms/system/modules/com.gridnine.opencms.ticketbrokerage.site/resources/css/calendar.css HTTP/1.1" 200 6871
202.8.41.230 - - [03/Feb/2025:00:20:49 +0100] "GET /ticket2/opencms/system/modules/com.gridnine.opencms.ticketbrokerage.site/resources/css/ticketbrokerage.css HTTP/1.1" 200 39339
202.8.41.230 - - [03/Feb/2025:00:20:49 +0100] "GET /ticket2/opencms/system/modules/com.gridnine.opencms.ticketbrokerage.site/resources/css/jquery.fancybox.css HTTP/1.1" 200 4939
202.8.41.230 - - [03/Feb/2025:00:20:49 +0100] "GET /ticket2/opencms/system/modules/com.gridnine.opencms.ticketbrokerage.site/resources/css/jquery-ui.css HTTP/1.1" 200 33221
202.8.41.230 - - [03/Feb/2025:00:20:49 +0100] "GET /ticket2/opencms/system/modules/com.gridnine.opencms.ticketbrokerage.site/resources/js/jquery/jquery.js HTTP/1.1" 200 93868
202.8.41.230 - - [03/Feb/2025:00:20:49 +0100] "GET /ticket2/opencms/system/modules/com.gridnine.opencms.ticketbrokerage.site/resources/js/jquery/jquery-ui.js HTTP/1.1" 200 228088
202.8.41.230 - - [03/Feb/2025:00:20:49 +0100] "GET /ticket2/opencms/system/modules/com.gridnine.opencms.ticketbrokerage.site/resources/js/functions.js HTTP/1.1" 200 1583
202.8.41.230 - - [03/Feb/2025:00:20:49 +0100] "GET /ticket2/opencms/system/modules/com.gridnine.opencms.ticketbrokerage.site/resources/js/calendar.js HTTP/1.1" 200 49229
202.8.41.230 - - [03/Feb/2025:00:20:49 +0100] "GET /ticket2/opencms/system/modules/com.gridnine.opencms.ticketbrokerage.site/resources/js/calendar-en.js HTTP/1.1" 200 3338
202.8.41.230 - - [03/Feb/2025:00:20:49 +0100] "GET /ticket2/opencms/system/modules/com.gridnine.opencms.ticketbrokerage.site/resources/js/calendar-setup.js HTTP/1.1" 200 4923
202.8.41.230 - - [03/Feb/2025:00:20:49 +0100] "GET /ticket2/opencms/system/modules/com.gridnine.opencms.ticketbrokerage.site/resources/js/jquery.fancybox.pack.js HTTP/1.1" 200 23187
202.8.41.230 - - [03/Feb/2025:00:20:49 +0100] "GET /ticket2/opencms/system/modules/com.gridnine.opencms.ticketbrokerage.site/resources/js/stickyfill.min.js HTTP/1.1" 200 5672
202.8.41.230 - - [03/Feb/2025:00:20:49 +0100] "GET /ticket2/opencms/system/modules/com.gridnine.opencms.ticketbrokerage.site/resources/js/standard.js HTTP/1.1" 200 3983
45.130.145.14 - - [03/Feb/2025:00:20:49 +0100] "POST /ticket2/opencms/uk/login HTTP/1.1" 200 90721
202.8.41.230 - - [03/Feb/2025:00:20:49 +0100] "GET /ticket2/opencms/system/modules/com.gridnine.opencms.ticketbrokerage.site/resources/js/jquery.placeholder.min.js HTTP/1.1" 200 1737
202.8.41.230 - - [03/Feb/2025:00:20:50 +0100] "GET /ticket2/opencms/system/modules/com.gridnine.opencms.ticketbrokerage.site/resources/js/common-ajax.js HTTP/1.1" 200 20175
202.8.41.230 - - [03/Feb/2025:00:20:50 +0100] "GET /ticket2/opencms/sq/ask-form.html HTTP/1.1" 200 3156
202.8.41.230 - - [03/Feb/2025:00:20:50 +0100] "GET /ticket2/opencms/system/modules/com.gridnine.opencms.ticketbrokerage.site/resources/css/ticketbrokerage.css HTTP/1.1" 200 39339
45.130.145.14 - - [03/Feb/2025:00:20:50 +0100] "POST /ticket2/opencms/uk/login HTTP/1.1" 200 90719
45.130.145.14 - - [03/Feb/2025:00:20:50 +0100] "POST /ticket2/opencms/uk/login HTTP/1.1" 200 90719
45.130.145.14 - - [03/Feb/2025:00:20:51 +0100] "POST /ticket2/opencms/uk/login HTTP/1.1" 200 90719
195.191.219.130 - - [03/Feb/2025:00:20:51 +0100] "GET /ticket2/opencms/et/buy/?page=1&edid=9662AEC5-C2DE-EE5D-5D3B-AAB4B46EF79E HTTP/1.1" 200 106392
66.249.79.99 - - [03/Feb/2025:00:20:52 +0100] "GET /ticket2/opencms/robots.txt HTTP/1.1" 200 773
45.130.145.14 - - [03/Feb/2025:00:20:52 +0100] "POST /ticket2/opencms/uk/login HTTP/1.1" 200 90725
45.130.145.14 - - [03/Feb/2025:00:20:52 +0100] "POST /ticket2/opencms/uk/login HTTP/1.1" 200 90725
66.249.79.100 - - [03/Feb/2025:00:20:53 +0100] "GET /ticket2/opencms/et/buy?page=1&edid=FD4DCA3B-ED43-1043-8648-63C229A27832 HTTP/1.1" 200 109701
45.130.145.14 - - [03/Feb/2025:00:20:53 +0100] "POST /ticket2/opencms/uk/login HTTP/1.1" 200 90725
45.130.145.14 - - [03/Feb/2025:00:20:54 +0100] "POST /ticket2/opencms/uk/login HTTP/1.1" 200 90725
45.130.145.14 - - [03/Feb/2025:00:20:54 +0100] "POST /ticket2/opencms/uk/login HTTP/1.1" 200 90725
66.249.79.33 - - [03/Feb/2025:00:20:54 +0100] "GET /ticket2/opencms/it/buy?page=1&edid=AC8F7448-8C97-BB58-DCF6-B6425E43C512 HTTP/1.1" 200 106176
47.128.29.218 - - [03/Feb/2025:00:20:55 +0100] "GET /ticket2/opencms/mt/buy/?edid=5CB7C15B-7DAE-E95F-7D37-A833DC753156 HTTP/1.1" 200 89615
45.130.145.14 - - [03/Feb/2025:00:20:55 +0100] "POST /ticket2/opencms/uk/login HTTP/1.1" 200 90725
195.191.219.130 - - [03/Feb/2025:00:20:55 +0100] "GET /ticket2/opencms/et/buy/?page=1&edid=96B9A105-F32B-ABB0-A0C5-02A5402C313A HTTP/1.1" 200 106426
54.36.149.105 - - [03/Feb/2025:00:20:55 +0100] "GET /ticket2/opencms/tr/buy?page=1&edid=0859B3F5-666A-8459-68A2-BF0A731BAF06 HTTP/1.1" 200 133694
45.130.145.14 - - [03/Feb/2025:00:20:56 +0100] "POST /ticket2/opencms/uk/login HTTP/1.1" 200 90727
217.113.194.219 - - [03/Feb/2025:00:20:56 +0100] "GET /ticket2/opencms/nl/buy/?page=1&edid=6531F791-7E09-A0EC-0A1E-3A5F4B7AF20D HTTP/1.1" 200 104174
45.130.145.14 - - [03/Feb/2025:00:20:56 +0100] "POST /ticket2/opencms/uk/login HTTP/1.1" 200 90727
202.8.43.49 - - [03/Feb/2025:00:20:57 +0100] "GET /ticket2/opencms/system/modules/com.gridnine.opencms.ticketbrokerage.site/resources/css/ticketbrokerage.css HTTP/1.1" 200 39339
202.8.43.49 - - [03/Feb/2025:00:20:57 +0100] "GET /ticket2/opencms/system/modules/com.gridnine.opencms.ticketbrokerage.site/resources/css/calendar.css HTTP/1.1" 200 6871
202.8.43.49 - - [03/Feb/2025:00:20:57 +0100] "GET /ticket2/opencms/system/modules/com.gridnine.opencms.ticketbrokerage.site/resources/css/standard.css HTTP/1.1" 200 73904
202.8.43.49 - - [03/Feb/2025:00:20:57 +0100] "GET /ticket2/opencms/system/modules/com.gridnine.opencms.ticketbrokerage.site/resources/css/jquery.fancybox.css HTTP/1.1" 200 4939
202.8.43.49 - - [03/Feb/2025:00:20:57 +0100] "GET /ticket2/opencms/system/modules/com.gridnine.opencms.ticketbrokerage.site/resources/js/jquery/jquery-ui.js HTTP/1.1" 200 228088
202.8.43.49 - - [03/Feb/2025:00:20:57 +0100] "GET /ticket2/opencms/system/modules/com.gridnine.opencms.ticketbrokerage.site/resources/css/jquery-ui.css HTTP/1.1" 200 33221
202.8.43.49 - - [03/Feb/2025:00:20:57 +0100] "GET /ticket2/opencms/system/modules/com.gridnine.opencms.ticketbrokerage.site/resources/js/functions.js HTTP/1.1" 200 1583
202.8.43.49 - - [03/Feb/2025:00:20:57 +0100] "GET /ticket2/opencms/system/modules/com.gridnine.opencms.ticketbrokerage.site/resources/js/jquery/jquery.js HTTP/1.1" 200 93868
202.8.43.49 - - [03/Feb/2025:00:20:57 +0100] "GET /ticket2/opencms/system/modules/com.gridnine.opencms.ticketbrokerage.site/resources/js/calendar.js HTTP/1.1" 200 49229
202.8.43.49 - - [03/Feb/2025:00:20:57 +0100] "GET /ticket2/opencms/system/modules/com.gridnine.opencms.ticketbrokerage.site/resources/js/calendar-en.js HTTP/1.1" 200 3338
202.8.43.49 - - [03/Feb/2025:00:20:57 +0100] "GET /ticket2/opencms/system/modules/com.gridnine.opencms.ticketbrokerage.site/resources/js/calendar-setup.js HTTP/1.1" 200 4923
202.8.43.49 - - [03/Feb/2025:00:20:57 +0100] "GET /ticket2/opencms/system/modules/com.gridnine.opencms.ticketbrokerage.site/resources/js/jquery.fancybox.pack.js HTTP/1.1" 200 23187
202.8.43.49 - - [03/Feb/2025:00:20:57 +0100] "GET /ticket2/opencms/system/modules/com.gridnine.opencms.ticketbrokerage.site/resources/js/stickyfill.min.js HTTP/1.1" 200 5672
202.8.43.49 - - [03/Feb/2025:00:20:57 +0100] "GET /ticket2/opencms/system/modules/com.gridnine.opencms.ticketbrokerage.site/resources/js/standard.js HTTP/1.1" 200 3983
202.8.43.49 - - [03/Feb/2025:00:20:57 +0100] "GET /ticket2/opencms/system/modules/com.gridnine.opencms.ticketbrokerage.site/resources/js/jquery.placeholder.min.js HTTP/1.1" 200 1737
202.8.43.49 - - [03/Feb/2025:00:20:57 +0100] "GET /ticket2/opencms/system/modules/com.gridnine.opencms.ticketbrokerage.site/resources/js/common-ajax.js HTTP/1.1" 200 20175
202.8.43.49 - - [03/Feb/2025:00:20:57 +0100] "GET /ticket2/opencms/es/ask-form.html HTTP/1.1" 200 3156
202.8.43.49 - - [03/Feb/2025:00:20:57 +0100] "GET /ticket2/opencms/system/modules/com.gridnine.opencms.ticketbrokerage.site/resources/css/ticketbrokerage.css HTTP/1.1" 200 39339
45.130.145.14 - - [03/Feb/2025:00:20:57 +0100] "POST /ticket2/opencms/uk/login HTTP/1.1" 200 90727
45.130.145.14 - - [03/Feb/2025:00:20:58 +0100] "POST /ticket2/opencms/uk/login HTTP/1.1" 200 90699
45.130.145.14 - - [03/Feb/2025:00:20:59 +0100] "POST /ticket2/opencms/uk/login HTTP/1.1" 200 90781
45.130.145.14 - - [03/Feb/2025:00:20:59 +0100] "POST /ticket2/opencms/uk/login HTTP/1.1" 200 90781
195.191.219.130 - - [03/Feb/2025:00:21:00 +0100] "GET /ticket2/opencms/et/buy/?page=1&edid=96E011DF-5241-3266-195A-F1BA5B4FE37C HTTP/1.1" 200 109750
45.130.145.14 - - [03/Feb/2025:00:21:00 +0100] "POST /ticket2/opencms/uk/login HTTP/1.1" 200 90781
45.130.145.14 - - [03/Feb/2025:00:21:00 +0100] "POST /ticket2/opencms/uk/login HTTP/1.1" 200 90741
45.130.145.14 - - [03/Feb/2025:00:21:01 +0100] "POST /ticket2/opencms/uk/login HTTP/1.1" 200 90741
45.130.145.14 - - [03/Feb/2025:00:21:01 +0100] "POST /ticket2/opencms/uk/login HTTP/1.1" 200 90741
45.130.145.14 - - [03/Feb/2025:00:21:02 +0100] "POST /ticket2/opencms/uk/login HTTP/1.1" 200 90716
45.130.145.14 - - [03/Feb/2025:00:21:03 +0100] "POST /ticket2/opencms/uk/login HTTP/1.1" 200 90716
54.36.148.199 - - [03/Feb/2025:00:21:03 +0100] "GET /ticket2/opencms/sr/buy/?page=1&edid=DE6EAF1E-F0E3-BCEF-6FE9-789554B2D96C HTTP/1.1" 200 122984
45.130.145.14 - - [03/Feb/2025:00:21:03 +0100] "POST /ticket2/opencms/uk/login HTTP/1.1" 200 90716
45.130.145.14 - - [03/Feb/2025:00:21:04 +0100] "POST /ticket2/opencms/uk/login HTTP/1.1" 200 90722
195.191.219.130 - - [03/Feb/2025:00:21:04 +0100] "GET /ticket2/opencms/et/buy/?page=1&edid=96FDAACF-AA50-D065-EBF8-EE262287E6CE HTTP/1.1" 200 106351
45.130.145.14 - - [03/Feb/2025:00:21:04 +0100] "POST /ticket2/opencms/uk/login HTTP/1.1" 200 90722
217.113.194.213 - - [03/Feb/2025:00:21:05 +0100] "GET /ticket2/opencms/nl/buy?page=1&edid=5C3AFB2F-2529-59CA-3E55-76B2E3B91E86 HTTP/1.1" 200 107391
45.130.145.14 - - [03/Feb/2025:00:21:05 +0100] "POST /ticket2/opencms/uk/login HTTP/1.1" 200 90722
45.130.145.14 - - [03/Feb/2025:00:21:06 +0100] "POST /ticket2/opencms/uk/login HTTP/1.1" 200 90722
66.249.79.33 - - [03/Feb/2025:00:21:06 +0100] "GET /ticket2/opencms/sl/buy/?page=1&edid=0ABF5308-5A84-07C0-4649-8691D025AC4F HTTP/1.1" 200 110952
45.130.145.14 - - [03/Feb/2025:00:21:06 +0100] "POST /ticket2/opencms/uk/login HTTP/1.1" 200 90722
47.128.113.139 - - [03/Feb/2025:00:21:07 +0100] "GET /ticket2/opencms/az/buy?edid=578ABCE9-06EA-4939-3CFF-C4F189A950CC HTTP/1.1" 200 89618
45.130.145.14 - - [03/Feb/2025:00:21:07 +0100] "POST /ticket2/opencms/uk/login HTTP/1.1" 200 90722
45.130.145.14 - - [03/Feb/2025:00:21:07 +0100] "POST /ticket2/opencms/uk/login HTTP/1.1" 200 90724
45.130.145.14 - - [03/Feb/2025:00:21:08 +0100] "POST /ticket2/opencms/uk/login HTTP/1.1" 200 90724
195.191.219.130 - - [03/Feb/2025:00:21:08 +0100] "GET /ticket2/opencms/et/buy/?page=1&edid=975D8DC0-4493-DC20-8886-EA148B097AEB HTTP/1.1" 200 106356
124.243.137.215 - - [03/Feb/2025:00:21:08 +0100] "GET /ticket2/opencms/pl/buy/?page=1&edid=7D165939-BF98-0026-A2D4-02E534C6E447 HTTP/1.1" 200 108753
45.130.145.14 - - [03/Feb/2025:00:21:08 +0100] "POST /ticket2/opencms/uk/login HTTP/1.1" 200 90724
45.130.145.14 - - [03/Feb/2025:00:21:09 +0100] "POST /ticket2/opencms/uk/login HTTP/1.1" 200 90713
45.130.145.14 - - [03/Feb/2025:00:21:09 +0100] "POST /ticket2/opencms/uk/login HTTP/1.1" 200 90713
45.130.145.14 - - [03/Feb/2025:00:21:10 +0100] "POST /ticket2/opencms/uk/login HTTP/1.1" 200 90713
45.130.145.14 - - [03/Feb/2025:00:21:11 +0100] "POST /ticket2/opencms/uk/login HTTP/1.1" 200 90719
45.130.145.14 - - [03/Feb/2025:00:21:11 +0100] "POST /ticket2/opencms/uk/login HTTP/1.1" 200 90719
54.36.149.32 - - [03/Feb/2025:00:21:11 +0100] "GET /ticket2/opencms/it/buy?page=1&edid=B07556EE-85E6-A902-E46B-ABCA49980DB1 HTTP/1.1" 200 109846
45.130.145.14 - - [03/Feb/2025:00:21:12 +0100] "POST /ticket2/opencms/uk/login HTTP/1.1" 200 90719
195.191.219.130 - - [03/Feb/2025:00:21:12 +0100] "GET /ticket2/opencms/et/buy/?page=1&edid=97983A9B-8C85-C8F3-24BD-CF0E5B3E5B62 HTTP/1.1" 200 106386
202.8.40.229 - - [03/Feb/2025:00:21:12 +0100] "GET /ticket2/opencms/system/modules/com.gridnine.opencms.ticketbrokerage.site/resources/css/calendar.css HTTP/1.1" 200 6871
202.8.40.229 - - [03/Feb/2025:00:21:12 +0100] "GET /ticket2/opencms/system/modules/com.gridnine.opencms.ticketbrokerage.site/resources/css/jquery-ui.css HTTP/1.1" 200 33221
202.8.40.229 - - [03/Feb/2025:00:21:12 +0100] "GET /ticket2/opencms/system/modules/com.gridnine.opencms.ticketbrokerage.site/resources/css/standard.css HTTP/1.1" 200 73904
202.8.40.229 - - [03/Feb/2025:00:21:12 +0100] "GET /ticket2/opencms/system/modules/com.gridnine.opencms.ticketbrokerage.site/resources/css/ticketbrokerage.css HTTP/1.1" 200 39339
202.8.40.229 - - [03/Feb/2025:00:21:12 +0100] "GET /ticket2/opencms/system/modules/com.gridnine.opencms.ticketbrokerage.site/resources/css/jquery.fancybox.css HTTP/1.1" 200 4939
202.8.40.229 - - [03/Feb/2025:00:21:12 +0100] "GET /ticket2/opencms/system/modules/com.gridnine.opencms.ticketbrokerage.site/resources/js/jquery/jquery.js HTTP/1.1" 200 93868
202.8.40.229 - - [03/Feb/2025:00:21:13 +0100] "GET /ticket2/opencms/system/modules/com.gridnine.opencms.ticketbrokerage.site/resources/js/jquery/jquery-ui.js HTTP/1.1" 200 228088
202.8.40.229 - - [03/Feb/2025:00:21:13 +0100] "GET /ticket2/opencms/system/modules/com.gridnine.opencms.ticketbrokerage.site/resources/js/functions.js HTTP/1.1" 200 1583
202.8.40.229 - - [03/Feb/2025:00:21:13 +0100] "GET /ticket2/opencms/system/modules/com.gridnine.opencms.ticketbrokerage.site/resources/js/calendar-setup.js HTTP/1.1" 200 4923
202.8.40.229 - - [03/Feb/2025:00:21:13 +0100] "GET /ticket2/opencms/system/modules/com.gridnine.opencms.ticketbrokerage.site/resources/js/calendar-en.js HTTP/1.1" 200 3338
202.8.40.229 - - [03/Feb/2025:00:21:13 +0100] "GET /ticket2/opencms/system/modules/com.gridnine.opencms.ticketbrokerage.site/resources/js/calendar.js HTTP/1.1" 200 49229
45.130.145.14 - - [03/Feb/2025:00:21:13 +0100] "POST /ticket2/opencms/uk/login HTTP/1.1" 200 90719
202.8.40.229 - - [03/Feb/2025:00:21:13 +0100] "GET /ticket2/opencms/system/modules/com.gridnine.opencms.ticketbrokerage.site/resources/js/stickyfill.min.js HTTP/1.1" 200 5672
202.8.40.229 - - [03/Feb/2025:00:21:13 +0100] "GET /ticket2/opencms/system/modules/com.gridnine.opencms.ticketbrokerage.site/resources/js/jquery.fancybox.pack.js HTTP/1.1" 200 23187
202.8.40.229 - - [03/Feb/2025:00:21:13 +0100] "GET /ticket2/opencms/system/modules/com.gridnine.opencms.ticketbrokerage.site/resources/js/standard.js HTTP/1.1" 200 3983
202.8.40.229 - - [03/Feb/2025:00:21:13 +0100] "GET /ticket2/opencms/system/modules/com.gridnine.opencms.ticketbrokerage.site/resources/js/jquery.placeholder.min.js HTTP/1.1" 200 1737
202.8.40.229 - - [03/Feb/2025:00:21:13 +0100] "GET /ticket2/opencms/system/modules/com.gridnine.opencms.ticketbrokerage.site/resources/js/common-ajax.js HTTP/1.1" 200 20175
202.8.40.229 - - [03/Feb/2025:00:21:13 +0100] "GET /ticket2/opencms/it/ask-form.html HTTP/1.1" 200 3156
202.8.40.229 - - [03/Feb/2025:00:21:13 +0100] "GET /ticket2/opencms/system/modules/com.gridnine.opencms.ticketbrokerage.site/resources/css/ticketbrokerage.css HTTP/1.1" 200 39339
45.130.145.14 - - [03/Feb/2025:00:21:13 +0100] "POST /ticket2/opencms/uk/login HTTP/1.1" 200 90719
217.113.194.220 - - [03/Feb/2025:00:21:13 +0100] "GET /ticket2/opencms/nl/buy?page=1&edid=85A46D4A-3BBA-FABF-1612-5AD8302CC5AE HTTP/1.1" 200 106296
45.130.145.14 - - [03/Feb/2025:00:21:14 +0100] "POST /ticket2/opencms/uk/login HTTP/1.1" 200 90719
45.130.145.14 - - [03/Feb/2025:00:21:14 +0100] "POST /ticket2/opencms/uk/login HTTP/1.1" 200 90721
45.130.145.14 - - [03/Feb/2025:00:21:15 +0100] "POST /ticket2/opencms/uk/login HTTP/1.1" 200 90721
45.130.145.14 - - [03/Feb/2025:00:21:15 +0100] "POST /ticket2/opencms/uk/login HTTP/1.1" 200 90721
45.130.145.14 - - [03/Feb/2025:00:21:16 +0100] "POST /ticket2/opencms/uk/login HTTP/1.1" 200 90712
195.191.219.130 - - [03/Feb/2025:00:21:16 +0100] "GET /ticket2/opencms/et/buy/?page=1&edid=979A80EE-C0D2-57E0-C882-1064B868BC30 HTTP/1.1" 200 110034
54.36.148.100 - - [03/Feb/2025:00:21:16 +0100] "GET /ticket2/opencms/sv/buy/?page=1&edid=D9F2239E-EF6A-EAF8-CB00-12A5392DA498 HTTP/1.1" 200 128944
45.130.145.14 - - [03/Feb/2025:00:21:17 +0100] "POST /ticket2/opencms/uk/login HTTP/1.1" 200 90712
45.130.145.14 - - [03/Feb/2025:00:21:17 +0100] "POST /ticket2/opencms/uk/login HTTP/1.1" 200 90712
45.130.145.14 - - [03/Feb/2025:00:21:18 +0100] "POST /ticket2/opencms/uk/login HTTP/1.1" 200 90718
45.130.145.14 - - [03/Feb/2025:00:21:18 +0100] "POST /ticket2/opencms/uk/login HTTP/1.1" 200 90718
45.130.145.14 - - [03/Feb/2025:00:21:19 +0100] "POST /ticket2/opencms/uk/login HTTP/1.1" 200 90718
45.130.145.14 - - [03/Feb/2025:00:21:19 +0100] "POST /ticket2/opencms/uk/login HTTP/1.1" 200 90718
45.130.145.14 - - [03/Feb/2025:00:21:20 +0100] "POST /ticket2/opencms/uk/login HTTP/1.1" 200 90718
195.191.219.130 - - [03/Feb/2025:00:21:20 +0100] "GET /ticket2/opencms/et/buy/?page=1&edid=983940D7-A886-9864-BF70-6F5D578B4A87 HTTP/1.1" 200 108574
45.130.145.14 - - [03/Feb/2025:00:21:20 +0100] "POST /ticket2/opencms/uk/login HTTP/1.1" 200 90718
45.130.145.14 - - [03/Feb/2025:00:21:21 +0100] "POST /ticket2/opencms/uk/login HTTP/1.1" 200 90720
45.130.145.14 - - [03/Feb/2025:00:21:21 +0100] "POST /ticket2/opencms/uk/login HTTP/1.1" 200 90720
85.208.96.201 - - [03/Feb/2025:00:21:22 +0100] "GET /ticket2/opencms/sv/sport/fotbollsbiljetter/premier_league/liverpool/restips_anfield/ HTTP/1.1" 200 89218
217.113.194.215 - - [03/Feb/2025:00:21:22 +0100] "GET /ticket2/opencms/uk/buy?page=1&edid=10C3AE1B-7EC1-3568-BA3C-B22A28F31934 HTTP/1.1" 200 108863
45.130.145.14 - - [03/Feb/2025:00:21:22 +0100] "POST /ticket2/opencms/uk/login HTTP/1.1" 200 90720
45.130.145.14 - - [03/Feb/2025:00:21:23 +0100] "POST /ticket2/opencms/uk/login HTTP/1.1" 200 90713
45.130.145.14 - - [03/Feb/2025:00:21:23 +0100] "POST /ticket2/opencms/uk/login HTTP/1.1" 200 90713
45.130.145.14 - - [03/Feb/2025:00:21:24 +0100] "POST /ticket2/opencms/uk/login HTTP/1.1" 200 90713
114.119.134.48 - - [03/Feb/2025:00:21:24 +0100] "GET /ticket2/opencms/en/venue/?venueid=1A018FD7-D956-C54F-D115-4FAB6C8C19A2 HTTP/1.1" 200 83235
195.191.219.130 - - [03/Feb/2025:00:21:24 +0100] "GET /ticket2/opencms/et/buy/?page=1&edid=98593F83-45B8-4B7A-425F-06B7BFD3D9F1 HTTP/1.1" 200 110270
45.130.145.14 - - [03/Feb/2025:00:21:24 +0100] "POST /ticket2/opencms/uk/login HTTP/1.1" 200 90719
45.130.145.14 - - [03/Feb/2025:00:21:25 +0100] "POST /ticket2/opencms/uk/login HTTP/1.1" 200 90719
54.36.148.5 - - [03/Feb/2025:00:21:25 +0100] "GET /ticket2/opencms/ka/buy?page=1&edid=6491C4B6-5C45-20F3-BDEC-54EE4BA903D5 HTTP/1.1" 200 115139
45.130.145.14 - - [03/Feb/2025:00:21:26 +0100] "POST /ticket2/opencms/uk/login HTTP/1.1" 200 90719
212.102.52.74 - - [03/Feb/2025:00:21:26 +0100] "GET /ticket2/opencms/fr/buy/?page=%2527nvOpzp;%2520AND%25201=1%2520OR%2520(%253C%2527%2522%253EiKO)),&edid=%2527nvOpzp;%2520AND%25201=1%2520OR%2520(%253C%2527%2522%253EiKO)), HTTP/1.1" 200 92281
45.130.145.14 - - [03/Feb/2025:00:21:26 +0100] "POST /ticket2/opencms/uk/login HTTP/1.1" 200 90719
45.130.145.14 - - [03/Feb/2025:00:21:27 +0100] "POST /ticket2/opencms/uk/login HTTP/1.1" 200 90719
45.130.145.14 - - [03/Feb/2025:00:21:27 +0100] "POST /ticket2/opencms/uk/login HTTP/1.1" 200 90719
45.130.145.14 - - [03/Feb/2025:00:21:28 +0100] "POST /ticket2/opencms/uk/login HTTP/1.1" 200 90721
195.191.219.130 - - [03/Feb/2025:00:21:28 +0100] "GET /ticket2/opencms/et/buy/?page=1&edid=98E89286-AD3E-3470-6C68-64A56A1CECBA HTTP/1.1" 200 110042
45.130.145.14 - - [03/Feb/2025:00:21:29 +0100] "POST /ticket2/opencms/uk/login HTTP/1.1" 200 90721
45.130.145.14 - - [03/Feb/2025:00:21:29 +0100] "POST /ticket2/opencms/uk/login HTTP/1.1" 200 90721
5.9.55.228 - - [03/Feb/2025:00:21:29 +0100] "GET /ticket2/opencms/en/buy/?comcatid=b41ccf2b-5558-7aee-3602-09bbde417d65&catid=36dc4be2-91a2-6146-2be9-47b6f3c44edb HTTP/1.1" 200 6410
45.130.145.14 - - [03/Feb/2025:00:21:30 +0100] "POST /ticket2/opencms/uk/login HTTP/1.1" 200 90719
66.249.79.33 - - [03/Feb/2025:00:21:30 +0100] "GET /ticket2/opencms/mt/buy/?page=1&edid=23688B8D-8D21-EBA0-1897-8BC6CFFE57DE HTTP/1.1" 200 109065
45.130.145.14 - - [03/Feb/2025:00:21:30 +0100] "POST /ticket2/opencms/uk/login HTTP/1.1" 200 90719
217.113.194.219 - - [03/Feb/2025:00:21:31 +0100] "GET /ticket2/opencms/uk/buy?page=1&edid=DF09DA20-E43F-35F9-26B1-56353C7187EA HTTP/1.1" 200 111918
45.130.145.14 - - [03/Feb/2025:00:21:31 +0100] "POST /ticket2/opencms/uk/login HTTP/1.1" 200 90719
45.130.145.14 - - [03/Feb/2025:00:21:32 +0100] "POST /ticket2/opencms/uk/login HTTP/1.1" 200 90725
195.191.219.130 - - [03/Feb/2025:00:21:32 +0100] "GET /ticket2/opencms/et/buy/?page=1&edid=9905BE36-3483-E35C-D446-E28B848EF37B HTTP/1.1" 200 120094
45.130.145.14 - - [03/Feb/2025:00:21:32 +0100] "POST /ticket2/opencms/uk/login HTTP/1.1" 200 90725
45.130.145.14 - - [03/Feb/2025:00:21:33 +0100] "POST /ticket2/opencms/uk/login HTTP/1.1" 200 90725
45.130.145.14 - - [03/Feb/2025:00:21:33 +0100] "POST /ticket2/opencms/uk/login HTTP/1.1" 200 90725
54.36.149.13 - - [03/Feb/2025:00:21:34 +0100] "GET /ticket2/opencms/et/buy/?page=1&edid=DCF22239-47F2-2282-C13B-85FCE1D7C913 HTTP/1.1" 200 134478
45.130.145.14 - - [03/Feb/2025:00:21:34 +0100] "POST /ticket2/opencms/uk/login HTTP/1.1" 200 90725
45.130.145.14 - - [03/Feb/2025:00:21:35 +0100] "POST /ticket2/opencms/uk/login HTTP/1.1" 200 90725
45.130.145.14 - - [03/Feb/2025:00:21:35 +0100] "POST /ticket2/opencms/uk/login HTTP/1.1" 200 90727
45.130.145.14 - - [03/Feb/2025:00:21:36 +0100] "POST /ticket2/opencms/uk/login HTTP/1.1" 200 90727
195.191.219.130 - - [03/Feb/2025:00:21:36 +0100] "GET /ticket2/opencms/et/buy/?page=1&edid=9932A66C-27C7-56B1-5250-1F1A61E40951 HTTP/1.1" 200 106387
45.130.145.14 - - [03/Feb/2025:00:21:37 +0100] "POST /ticket2/opencms/uk/login HTTP/1.1" 200 90727
52.167.144.20 - - [03/Feb/2025:00:21:37 +0100] "GET /ticket2/opencms/mt/ikkuntatjana HTTP/1.1" 200 87409
45.130.145.14 - - [03/Feb/2025:00:21:37 +0100] "POST /ticket2/opencms/uk/login HTTP/1.1" 200 90699
45.130.145.14 - - [03/Feb/2025:00:21:38 +0100] "POST /ticket2/opencms/uk/login HTTP/1.1" 200 90699
45.130.145.14 - - [03/Feb/2025:00:21:38 +0100] "POST /ticket2/opencms/uk/login HTTP/1.1" 200 90699
45.130.145.14 - - [03/Feb/2025:00:21:39 +0100] "POST /ticket2/opencms/uk/login HTTP/1.1" 200 90699
45.130.145.14 - - [03/Feb/2025:00:21:39 +0100] "POST /ticket2/opencms/uk/login HTTP/1.1" 200 90699
217.113.194.216 - - [03/Feb/2025:00:21:40 +0100] "GET /ticket2/opencms/uk/buy?page=1&edid=D3BB5206-D09C-E9EC-0247-A3E56EA24028 HTTP/1.1" 200 112657
45.130.145.14 - - [03/Feb/2025:00:21:40 +0100] "POST /ticket2/opencms/uk/login HTTP/1.1" 200 90699
195.191.219.130 - - [03/Feb/2025:00:21:40 +0100] "GET /ticket2/opencms/et/buy/?page=1&edid=9942E7A6-D2E0-98EB-EA20-D0FCC92E05D4 HTTP/1.1" 200 110025
45.130.145.14 - - [03/Feb/2025:00:21:41 +0100] "POST /ticket2/opencms/uk/login HTTP/1.1" 200 90699
54.36.149.39 - - [03/Feb/2025:00:21:41 +0100] "GET /ticket2/opencms/fr/buy?page=1&edid=0859B3F5-666A-8459-68A2-BF0A731BAF06 HTTP/1.1" 200 133210
45.130.145.14 - - [03/Feb/2025:00:21:42 +0100] "POST /ticket2/opencms/uk/login HTTP/1.1" 200 90699
45.130.145.14 - - [03/Feb/2025:00:21:42 +0100] "POST /ticket2/opencms/uk/login HTTP/1.1" 200 90699
202.8.42.115 - - [03/Feb/2025:00:21:42 +0100] "GET /ticket2/opencms/system/modules/com.gridnine.opencms.ticketbrokerage.site/resources/css/jquery-ui.css HTTP/1.1" 200 33221
