202.8.40.52 - - [03/Feb/2025:01:24:16 +0100] "GET /ticket2/opencms/system/modules/com.gridnine.opencms.ticketbrokerage.site/resources/js/calendar-setup.js HTTP/1.1" 200 4923
202.8.40.52 - - [03/Feb/2025:01:24:17 +0100] "GET /ticket2/opencms/system/modules/com.gridnine.opencms.ticketbrokerage.site/resources/js/jquery.fancybox.pack.js HTTP/1.1" 200 23187
202.8.40.52 - - [03/Feb/2025:01:24:17 +0100] "GET /ticket2/opencms/system/modules/com.gridnine.opencms.ticketbrokerage.site/resources/js/stickyfill.min.js HTTP/1.1" 200 5672
202.8.40.52 - - [03/Feb/2025:01:24:17 +0100] "GET /ticket2/opencms/system/modules/com.gridnine.opencms.ticketbrokerage.site/resources/js/standard.js HTTP/1.1" 200 3983
202.8.40.52 - - [03/Feb/2025:01:24:17 +0100] "GET /ticket2/opencms/system/modules/com.gridnine.opencms.ticketbrokerage.site/resources/js/jquery.placeholder.min.js HTTP/1.1" 200 1737
202.8.40.52 - - [03/Feb/2025:01:24:17 +0100] "GET /ticket2/opencms/system/modules/com.gridnine.opencms.ticketbrokerage.site/resources/js/common-ajax.js HTTP/1.1" 200 20175
202.8.40.52 - - [03/Feb/2025:01:24:17 +0100] "GET /ticket2/opencms/fi/ask-form.html HTTP/1.1" 200 3012
65.21.232.254 - - [03/Feb/2025:01:24:17 +0100] "GET /ticket2/opencms/fi/login/?edid=C1AA3CD8-9B92-9EEB-74B5-3A5D9E84C8B5 HTTP/1.1" 200 89676
202.8.40.52 - - [03/Feb/2025:01:24:17 +0100] "GET /ticket2/opencms/system/modules/com.gridnine.opencms.ticketbrokerage.site/resources/css/ticketbrokerage.css HTTP/1.1" 200 39339
66.249.79.33 - - [03/Feb/2025:01:24:17 +0100] "GET /ticket2/opencms/sr/buy/?page=1&edid=1C10CC18-4291-CEF7-0875-B8ABB6B6CC74 HTTP/1.1" 200 107064
185.191.171.13 - - [03/Feb/2025:01:24:18 +0100] "GET /ticket2/opencms/uk/magazine/article?title=manchester-city-7-matches-without-a-win HTTP/1.1" 200 87820
217.113.194.219 - - [03/Feb/2025:01:24:20 +0100] "GET /ticket2/opencms/sq/buy?page=1&edid=41CD7066-237A-B852-387D-3D5D7B688DF9 HTTP/1.1" 200 133670
166.108.207.217 - - [03/Feb/2025:01:24:20 +0100] "GET /ticket2/opencms/pl/buy/?page=1&edid=DE73DB51-4178-AA85-D066-1C5C2E4D27B9 HTTP/1.1" 200 108755
65.21.232.254 - - [03/Feb/2025:01:24:21 +0100] "GET /ticket2/opencms/fi/login/?edid=C255ADEF-7021-B11F-8DF7-85BD679EA134 HTTP/1.1" 200 89676
94.154.239.69 - - [03/Feb/2025:01:24:21 +0100] "GET /ticket2/opencms/sv/login/?edid=8A4C7AC3-9F20-8E7F-3D23-EA3DFE7093D0 HTTP/1.1" 200 89395
66.249.79.33 - - [03/Feb/2025:01:24:22 +0100] "GET /ticket2/opencms/be/buy?page=1&edid=6F957320-7F2D-3595-C3EF-63F4A1290CC1 HTTP/1.1" 200 108669
192.99.3.137 - - [03/Feb/2025:01:24:22 +0100] "GET /ticket2/opencms/hu/buy/?page=1&edid=D63941C3-9D9D-1874-34EF-F67984762D0B HTTP/1.1" 200 108701
65.21.232.254 - - [03/Feb/2025:01:24:25 +0100] "GET /ticket2/opencms/fi/login/?edid=C26A8380-482D-554A-67BA-0EC562670447 HTTP/1.1" 200 89676
47.128.122.109 - - [03/Feb/2025:01:24:25 +0100] "GET /ticket2/opencms/sv/buy?edid=A61E2F63-2022-AA9F-5B4B-567049B02E2E HTTP/1.1" 200 89103
52.167.144.238 - - [03/Feb/2025:01:24:25 +0100] "GET /ticket2/opencms/ga/buy?page=1&edid=8E087689-30A7-E7AD-9853-CFBC4F6216DD HTTP/1.1" 200 132537
54.36.149.100 - - [03/Feb/2025:01:24:26 +0100] "GET /ticket2/opencms/fr/buy?page=1&edid=EFAD6268-83FA-7979-AAB3-785B7208F10D HTTP/1.1" 200 106153
94.154.239.69 - - [03/Feb/2025:01:24:26 +0100] "GET /ticket2/opencms/sv/login/?edid=8A952CCD-A492-95D3-2AFF-7C7D5623F3B6 HTTP/1.1" 200 89395
202.8.42.250 - - [03/Feb/2025:01:24:27 +0100] "GET /ticket2/opencms/system/modules/com.gridnine.opencms.ticketbrokerage.site/resources/css/calendar.css HTTP/1.1" 200 6871
202.8.42.250 - - [03/Feb/2025:01:24:27 +0100] "GET /ticket2/opencms/system/modules/com.gridnine.opencms.ticketbrokerage.site/resources/css/ticketbrokerage.css HTTP/1.1" 200 39339
202.8.42.250 - - [03/Feb/2025:01:24:27 +0100] "GET /ticket2/opencms/system/modules/com.gridnine.opencms.ticketbrokerage.site/resources/css/jquery.fancybox.css HTTP/1.1" 200 4939
202.8.42.250 - - [03/Feb/2025:01:24:27 +0100] "GET /ticket2/opencms/system/modules/com.gridnine.opencms.ticketbrokerage.site/resources/js/jquery/jquery.js HTTP/1.1" 200 93868
202.8.42.250 - - [03/Feb/2025:01:24:27 +0100] "GET /ticket2/opencms/system/modules/com.gridnine.opencms.ticketbrokerage.site/resources/css/jquery-ui.css HTTP/1.1" 200 33221
202.8.42.250 - - [03/Feb/2025:01:24:27 +0100] "GET /ticket2/opencms/system/modules/com.gridnine.opencms.ticketbrokerage.site/resources/css/standard.css HTTP/1.1" 200 73904
202.8.42.250 - - [03/Feb/2025:01:24:28 +0100] "GET /ticket2/opencms/system/modules/com.gridnine.opencms.ticketbrokerage.site/resources/js/functions.js HTTP/1.1" 200 1583
202.8.42.250 - - [03/Feb/2025:01:24:28 +0100] "GET /ticket2/opencms/system/modules/com.gridnine.opencms.ticketbrokerage.site/resources/js/calendar.js HTTP/1.1" 200 49229
202.8.42.250 - - [03/Feb/2025:01:24:28 +0100] "GET /ticket2/opencms/system/modules/com.gridnine.opencms.ticketbrokerage.site/resources/js/jquery/jquery-ui.js HTTP/1.1" 200 228088
202.8.42.250 - - [03/Feb/2025:01:24:28 +0100] "GET /ticket2/opencms/system/modules/com.gridnine.opencms.ticketbrokerage.site/resources/js/calendar-en.js HTTP/1.1" 200 3338
202.8.42.250 - - [03/Feb/2025:01:24:28 +0100] "GET /ticket2/opencms/system/modules/com.gridnine.opencms.ticketbrokerage.site/resources/js/calendar-setup.js HTTP/1.1" 200 4923
202.8.42.250 - - [03/Feb/2025:01:24:28 +0100] "GET /ticket2/opencms/system/modules/com.gridnine.opencms.ticketbrokerage.site/resources/js/jquery.fancybox.pack.js HTTP/1.1" 200 23187
202.8.42.250 - - [03/Feb/2025:01:24:28 +0100] "GET /ticket2/opencms/system/modules/com.gridnine.opencms.ticketbrokerage.site/resources/js/standard.js HTTP/1.1" 200 3983
202.8.42.250 - - [03/Feb/2025:01:24:28 +0100] "GET /ticket2/opencms/system/modules/com.gridnine.opencms.ticketbrokerage.site/resources/js/stickyfill.min.js HTTP/1.1" 200 5672
202.8.42.250 - - [03/Feb/2025:01:24:28 +0100] "GET /ticket2/opencms/system/modules/com.gridnine.opencms.ticketbrokerage.site/resources/js/jquery.placeholder.min.js HTTP/1.1" 200 1737
202.8.42.250 - - [03/Feb/2025:01:24:28 +0100] "GET /ticket2/opencms/system/modules/com.gridnine.opencms.ticketbrokerage.site/resources/js/common-ajax.js HTTP/1.1" 200 20175
202.8.42.250 - - [03/Feb/2025:01:24:28 +0100] "GET /ticket2/opencms/fr/ask-form.html HTTP/1.1" 200 3156
202.8.42.250 - - [03/Feb/2025:01:24:28 +0100] "GET /ticket2/opencms/system/modules/com.gridnine.opencms.ticketbrokerage.site/resources/css/ticketbrokerage.css HTTP/1.1" 200 39339
65.21.232.254 - - [03/Feb/2025:01:24:28 +0100] "GET /ticket2/opencms/fi/login/?edid=C32ECA23-BB34-3038-1CDC-E47B47AAFB80 HTTP/1.1" 200 89676
154.54.249.216 - - [03/Feb/2025:01:24:29 +0100] "GET /ticket2/opencms/sq/buy?page=1&edid=490A3EB7-122E-45F6-B34E-808127A7B906 HTTP/1.1" 200 110334
192.99.3.137 - - [03/Feb/2025:01:24:29 +0100] "GET /ticket2/opencms/hu/buy/?page=1&edid=D67B497F-CF10-C7AE-77D9-D57AFD6ED0DB HTTP/1.1" 200 106486
94.154.239.69 - - [03/Feb/2025:01:24:31 +0100] "GET /ticket2/opencms/sv/login/?edid=8B75D5A5-768A-D916-709B-37A464811D46 HTTP/1.1" 200 89395
65.21.232.254 - - [03/Feb/2025:01:24:32 +0100] "GET /ticket2/opencms/fi/login/?edid=C392BA53-0780-DF23-5DED-FB130AF10449 HTTP/1.1" 200 89676
66.249.76.170 - - [03/Feb/2025:01:24:33 +0100] "GET /ticket2/opencms/ka/buy/?page=1&edid=1C10CC18-4291-CEF7-0875-B8ABB6B6CC74 HTTP/1.1" 200 111548
54.36.149.76 - - [03/Feb/2025:01:24:34 +0100] "GET /ticket2/opencms/ro/buy?page=1&edid=5F5129B2-1702-C675-5051-34240EBE11DF HTTP/1.1" 200 106580
202.8.42.253 - - [03/Feb/2025:01:24:35 +0100] "GET /ticket2/opencms/system/modules/com.gridnine.opencms.ticketbrokerage.site/resources/css/ticketbrokerage.css HTTP/1.1" 200 39339
202.8.42.253 - - [03/Feb/2025:01:24:35 +0100] "GET /ticket2/opencms/system/modules/com.gridnine.opencms.ticketbrokerage.site/resources/css/jquery.fancybox.css HTTP/1.1" 200 4939
202.8.42.253 - - [03/Feb/2025:01:24:35 +0100] "GET /ticket2/opencms/system/modules/com.gridnine.opencms.ticketbrokerage.site/resources/css/standard.css HTTP/1.1" 200 73904
202.8.42.253 - - [03/Feb/2025:01:24:35 +0100] "GET /ticket2/opencms/system/modules/com.gridnine.opencms.ticketbrokerage.site/resources/css/jquery-ui.css HTTP/1.1" 200 33221
202.8.42.253 - - [03/Feb/2025:01:24:35 +0100] "GET /ticket2/opencms/system/modules/com.gridnine.opencms.ticketbrokerage.site/resources/css/calendar.css HTTP/1.1" 200 6871
202.8.42.253 - - [03/Feb/2025:01:24:35 +0100] "GET /ticket2/opencms/system/modules/com.gridnine.opencms.ticketbrokerage.site/resources/js/jquery/jquery.js HTTP/1.1" 200 93868
5.9.55.228 - - [03/Feb/2025:01:24:35 +0100] "GET /ticket2/opencms/fi/venue/?venueid=41147811-3555-116B-80FF-96EECC95BFDA HTTP/1.1" 200 84731
202.8.42.253 - - [03/Feb/2025:01:24:35 +0100] "GET /ticket2/opencms/system/modules/com.gridnine.opencms.ticketbrokerage.site/resources/js/calendar-en.js HTTP/1.1" 200 3338
202.8.42.253 - - [03/Feb/2025:01:24:35 +0100] "GET /ticket2/opencms/system/modules/com.gridnine.opencms.ticketbrokerage.site/resources/js/calendar.js HTTP/1.1" 200 49229
202.8.42.253 - - [03/Feb/2025:01:24:35 +0100] "GET /ticket2/opencms/system/modules/com.gridnine.opencms.ticketbrokerage.site/resources/js/jquery/jquery-ui.js HTTP/1.1" 200 228088
202.8.42.253 - - [03/Feb/2025:01:24:35 +0100] "GET /ticket2/opencms/system/modules/com.gridnine.opencms.ticketbrokerage.site/resources/js/functions.js HTTP/1.1" 200 1583
202.8.42.253 - - [03/Feb/2025:01:24:35 +0100] "GET /ticket2/opencms/system/modules/com.gridnine.opencms.ticketbrokerage.site/resources/js/calendar-setup.js HTTP/1.1" 200 4923
202.8.42.253 - - [03/Feb/2025:01:24:35 +0100] "GET /ticket2/opencms/system/modules/com.gridnine.opencms.ticketbrokerage.site/resources/js/jquery.fancybox.pack.js HTTP/1.1" 200 23187
202.8.42.253 - - [03/Feb/2025:01:24:35 +0100] "GET /ticket2/opencms/system/modules/com.gridnine.opencms.ticketbrokerage.site/resources/js/stickyfill.min.js HTTP/1.1" 200 5672
202.8.42.253 - - [03/Feb/2025:01:24:35 +0100] "GET /ticket2/opencms/system/modules/com.gridnine.opencms.ticketbrokerage.site/resources/js/standard.js HTTP/1.1" 200 3983
202.8.42.253 - - [03/Feb/2025:01:24:36 +0100] "GET /ticket2/opencms/system/modules/com.gridnine.opencms.ticketbrokerage.site/resources/js/jquery.placeholder.min.js HTTP/1.1" 200 1737
202.8.42.253 - - [03/Feb/2025:01:24:36 +0100] "GET /ticket2/opencms/system/modules/com.gridnine.opencms.ticketbrokerage.site/resources/js/common-ajax.js HTTP/1.1" 200 20175
202.8.42.253 - - [03/Feb/2025:01:24:36 +0100] "GET /ticket2/opencms/ro/ask-form.html HTTP/1.1" 200 3156
202.8.42.253 - - [03/Feb/2025:01:24:36 +0100] "GET /ticket2/opencms/system/modules/com.gridnine.opencms.ticketbrokerage.site/resources/css/ticketbrokerage.css HTTP/1.1" 200 39339
192.99.3.137 - - [03/Feb/2025:01:24:36 +0100] "GET /ticket2/opencms/hu/buy/?page=1&edid=D771BB60-0217-E0E2-A4A8-756428AAA5D6 HTTP/1.1" 200 109872
94.154.239.69 - - [03/Feb/2025:01:24:36 +0100] "GET /ticket2/opencms/sv/login/?edid=8B771AFF-A9A8-FE63-E57B-1170D3B7C5B8 HTTP/1.1" 200 89395
65.21.232.254 - - [03/Feb/2025:01:24:36 +0100] "GET /ticket2/opencms/fi/login/?edid=C42BF7EA-D819-8A67-F8B3-5081D65DA522 HTTP/1.1" 200 89676
217.113.194.219 - - [03/Feb/2025:01:24:38 +0100] "GET /ticket2/opencms/sq/buy?page=1&edid=4D30AB3C-557A-184E-975E-EF90D3AC283D HTTP/1.1" 200 110849
65.21.232.254 - - [03/Feb/2025:01:24:40 +0100] "GET /ticket2/opencms/fi/login/?edid=C439FA23-3FE7-CDC9-A39E-4CD3D19ACA8D HTTP/1.1" 200 89676
94.154.239.69 - - [03/Feb/2025:01:24:41 +0100] "GET /ticket2/opencms/sv/login/?edid=8C683308-F1E4-E41D-F834-BFDFCEAEC74C HTTP/1.1" 200 89395
192.99.3.137 - - [03/Feb/2025:01:24:41 +0100] "GET /ticket2/opencms/hu/buy/?page=1&edid=D7A0CE52-984B-ED7D-3C37-01DBFEE471D2 HTTP/1.1" 200 110389
66.249.76.170 - - [03/Feb/2025:01:24:43 +0100] "GET /ticket2/opencms/sl/buy/?page=1&edid=39F65111-2D6B-8CCA-6356-10B703EAE091 HTTP/1.1" 200 106457
135.181.180.59 - - [03/Feb/2025:01:24:44 +0100] "GET /ticket2/opencms/robots.txt HTTP/1.1" 200 773
65.21.232.254 - - [03/Feb/2025:01:24:45 +0100] "GET /ticket2/opencms/fi/login/?edid=C45D31CB-E6BD-151C-FD78-14565DAD8ACA HTTP/1.1" 200 89676
54.36.148.213 - - [03/Feb/2025:01:24:45 +0100] "GET /ticket2/opencms/no/buy?page=1&edid=358070B4-8C45-0881-BDE4-7E85113C242B HTTP/1.1" 200 105961
202.8.42.67 - - [03/Feb/2025:01:24:47 +0100] "GET /ticket2/opencms/system/modules/com.gridnine.opencms.ticketbrokerage.site/resources/css/ticketbrokerage.css HTTP/1.1" 200 39339
202.8.42.67 - - [03/Feb/2025:01:24:47 +0100] "GET /ticket2/opencms/system/modules/com.gridnine.opencms.ticketbrokerage.site/resources/css/jquery-ui.css HTTP/1.1" 200 33221
202.8.42.67 - - [03/Feb/2025:01:24:47 +0100] "GET /ticket2/opencms/system/modules/com.gridnine.opencms.ticketbrokerage.site/resources/css/calendar.css HTTP/1.1" 200 6871
202.8.42.67 - - [03/Feb/2025:01:24:47 +0100] "GET /ticket2/opencms/system/modules/com.gridnine.opencms.ticketbrokerage.site/resources/css/standard.css HTTP/1.1" 200 73904
202.8.42.67 - - [03/Feb/2025:01:24:47 +0100] "GET /ticket2/opencms/system/modules/com.gridnine.opencms.ticketbrokerage.site/resources/css/jquery.fancybox.css HTTP/1.1" 200 4939
202.8.42.67 - - [03/Feb/2025:01:24:47 +0100] "GET /ticket2/opencms/system/modules/com.gridnine.opencms.ticketbrokerage.site/resources/js/jquery/jquery.js HTTP/1.1" 200 93868
202.8.42.67 - - [03/Feb/2025:01:24:47 +0100] "GET /ticket2/opencms/system/modules/com.gridnine.opencms.ticketbrokerage.site/resources/js/jquery/jquery-ui.js HTTP/1.1" 200 228088
202.8.42.67 - - [03/Feb/2025:01:24:47 +0100] "GET /ticket2/opencms/system/modules/com.gridnine.opencms.ticketbrokerage.site/resources/js/functions.js HTTP/1.1" 200 1583
202.8.42.67 - - [03/Feb/2025:01:24:47 +0100] "GET /ticket2/opencms/system/modules/com.gridnine.opencms.ticketbrokerage.site/resources/js/calendar.js HTTP/1.1" 200 49229
202.8.42.67 - - [03/Feb/2025:01:24:47 +0100] "GET /ticket2/opencms/system/modules/com.gridnine.opencms.ticketbrokerage.site/resources/js/calendar-setup.js HTTP/1.1" 200 4923
202.8.42.67 - - [03/Feb/2025:01:24:47 +0100] "GET /ticket2/opencms/system/modules/com.gridnine.opencms.ticketbrokerage.site/resources/js/calendar-en.js HTTP/1.1" 200 3338
202.8.42.67 - - [03/Feb/2025:01:24:47 +0100] "GET /ticket2/opencms/system/modules/com.gridnine.opencms.ticketbrokerage.site/resources/js/stickyfill.min.js HTTP/1.1" 200 5672
202.8.42.67 - - [03/Feb/2025:01:24:47 +0100] "GET /ticket2/opencms/system/modules/com.gridnine.opencms.ticketbrokerage.site/resources/js/standard.js HTTP/1.1" 200 3983
202.8.42.67 - - [03/Feb/2025:01:24:47 +0100] "GET /ticket2/opencms/system/modules/com.gridnine.opencms.ticketbrokerage.site/resources/js/jquery.fancybox.pack.js HTTP/1.1" 200 23187
217.113.194.212 - - [03/Feb/2025:01:24:47 +0100] "GET /ticket2/opencms/sq/buy?page=1&edid=459074B7-A4B9-918E-314F-2E4787A6A9A2 HTTP/1.1" 200 110528
94.154.239.69 - - [03/Feb/2025:01:24:47 +0100] "GET /ticket2/opencms/sv/login/?edid=8D58C9DD-E967-B351-A76A-68EF419B5A93 HTTP/1.1" 200 89395
202.8.42.67 - - [03/Feb/2025:01:24:47 +0100] "GET /ticket2/opencms/system/modules/com.gridnine.opencms.ticketbrokerage.site/resources/js/jquery.placeholder.min.js HTTP/1.1" 200 1737
202.8.42.67 - - [03/Feb/2025:01:24:47 +0100] "GET /ticket2/opencms/system/modules/com.gridnine.opencms.ticketbrokerage.site/resources/js/common-ajax.js HTTP/1.1" 200 20175
202.8.42.67 - - [03/Feb/2025:01:24:47 +0100] "GET /ticket2/opencms/no/ask-form.html HTTP/1.1" 200 2919
202.8.42.67 - - [03/Feb/2025:01:24:47 +0100] "GET /ticket2/opencms/system/modules/com.gridnine.opencms.ticketbrokerage.site/resources/css/ticketbrokerage.css HTTP/1.1" 200 39339
135.181.180.59 - - [03/Feb/2025:01:24:48 +0100] "GET /ticket2/opencms/sv/buy/?page=1&edid=07D999AB-A5A9-8A62-0A10-8DF141724F68 HTTP/1.1" 200 109846
192.99.3.137 - - [03/Feb/2025:01:24:48 +0100] "GET /ticket2/opencms/hu/buy/?page=1&edid=D8011C50-93A6-4225-F35F-417FEFE3121C HTTP/1.1" 200 106501
65.21.232.254 - - [03/Feb/2025:01:24:48 +0100] "GET /ticket2/opencms/fi/login/?edid=C4FB35D6-904E-F226-1102-A6B941FA4982 HTTP/1.1" 200 89676
135.181.180.59 - - [03/Feb/2025:01:24:51 +0100] "GET /ticket2/opencms/sv/buy/?page=1&edid=09652453-91AD-2522-4E3F-C4E432AD91B5 HTTP/1.1" 200 108049
54.36.148.178 - - [03/Feb/2025:01:24:52 +0100] "GET /ticket2/opencms/no/buy?page=1&edid=EFAD6268-83FA-7979-AAB3-785B7208F10D HTTP/1.1" 200 105940
94.154.239.69 - - [03/Feb/2025:01:24:52 +0100] "GET /ticket2/opencms/sv/login/?edid=8D916C6C-0A69-41F7-4678-427710F013C6 HTTP/1.1" 200 89395
65.21.232.254 - - [03/Feb/2025:01:24:52 +0100] "GET /ticket2/opencms/fi/login/?edid=C5265C6D-2B53-0085-740B-21BC4412B882 HTTP/1.1" 200 89676
202.8.41.201 - - [03/Feb/2025:01:24:53 +0100] "GET /ticket2/opencms/system/modules/com.gridnine.opencms.ticketbrokerage.site/resources/css/ticketbrokerage.css HTTP/1.1" 200 39339
202.8.41.201 - - [03/Feb/2025:01:24:53 +0100] "GET /ticket2/opencms/system/modules/com.gridnine.opencms.ticketbrokerage.site/resources/css/calendar.css HTTP/1.1" 200 6871
202.8.41.201 - - [03/Feb/2025:01:24:53 +0100] "GET /ticket2/opencms/system/modules/com.gridnine.opencms.ticketbrokerage.site/resources/js/jquery/jquery-ui.js HTTP/1.1" 200 228088
202.8.41.201 - - [03/Feb/2025:01:24:53 +0100] "GET /ticket2/opencms/system/modules/com.gridnine.opencms.ticketbrokerage.site/resources/css/standard.css HTTP/1.1" 200 73904
202.8.41.201 - - [03/Feb/2025:01:24:53 +0100] "GET /ticket2/opencms/system/modules/com.gridnine.opencms.ticketbrokerage.site/resources/js/functions.js HTTP/1.1" 200 1583
202.8.41.201 - - [03/Feb/2025:01:24:53 +0100] "GET /ticket2/opencms/system/modules/com.gridnine.opencms.ticketbrokerage.site/resources/js/calendar.js HTTP/1.1" 200 49229
202.8.41.201 - - [03/Feb/2025:01:24:53 +0100] "GET /ticket2/opencms/system/modules/com.gridnine.opencms.ticketbrokerage.site/resources/js/calendar-en.js HTTP/1.1" 200 3338
202.8.41.201 - - [03/Feb/2025:01:24:53 +0100] "GET /ticket2/opencms/system/modules/com.gridnine.opencms.ticketbrokerage.site/resources/js/calendar-setup.js HTTP/1.1" 200 4923
202.8.41.201 - - [03/Feb/2025:01:24:53 +0100] "GET /ticket2/opencms/system/modules/com.gridnine.opencms.ticketbrokerage.site/resources/js/standard.js HTTP/1.1" 200 3983
202.8.41.201 - - [03/Feb/2025:01:24:54 +0100] "GET /ticket2/opencms/no/ask-form.html HTTP/1.1" 200 2919
202.8.41.201 - - [03/Feb/2025:01:24:54 +0100] "GET /ticket2/opencms/system/modules/com.gridnine.opencms.ticketbrokerage.site/resources/css/ticketbrokerage.css HTTP/1.1" 200 39339
192.99.3.137 - - [03/Feb/2025:01:24:55 +0100] "GET /ticket2/opencms/hu/buy/?page=1&edid=D814CF62-738F-086E-5F89-CA83500DBA7B HTTP/1.1" 200 109996
135.181.180.59 - - [03/Feb/2025:01:24:55 +0100] "GET /ticket2/opencms/sv/buy/?page=1&edid=09FE5788-4688-927B-6E7E-78103CC2E4DA HTTP/1.1" 200 109363
217.113.194.219 - - [03/Feb/2025:01:24:56 +0100] "GET /ticket2/opencms/sq/buy?page=1&edid=473B0CA2-5DEF-8724-CEB4-D099FD62177B HTTP/1.1" 200 106585
65.21.232.254 - - [03/Feb/2025:01:24:57 +0100] "GET /ticket2/opencms/fi/login/?edid=C56F217E-670F-9980-499A-7106D9A704AA HTTP/1.1" 200 89676
94.154.239.69 - - [03/Feb/2025:01:24:57 +0100] "GET /ticket2/opencms/sv/login/?edid=91870084-7155-79A9-A57C-A68AF475B93F HTTP/1.1" 200 89395
135.181.180.59 - - [03/Feb/2025:01:24:59 +0100] "GET /ticket2/opencms/sv/buy/?page=1&edid=0AD48765-1843-2071-4813-6EB489054614 HTTP/1.1" 200 105972
66.249.79.169 - - [03/Feb/2025:01:24:59 +0100] "GET /ticket2/opencms/sv/buy/?comcatid=A17713B6-D984-201A-4143-ED4DB5ED5C2E&catid=&npage=3 HTTP/1.1" 200 6410
54.36.149.99 - - [03/Feb/2025:01:25:00 +0100] "GET /ticket2/opencms/uk/buy?page=1&edid=380022DF-63A1-5DA8-425A-027B0E0314C7 HTTP/1.1" 200 108837
65.21.232.254 - - [03/Feb/2025:01:25:01 +0100] "GET /ticket2/opencms/fi/login/?edid=C67BE960-1F2D-0A80-6212-2F1D929BC887 HTTP/1.1" 200 89676
202.8.42.222 - - [03/Feb/2025:01:25:01 +0100] "GET /ticket2/opencms/system/modules/com.gridnine.opencms.ticketbrokerage.site/resources/css/ticketbrokerage.css HTTP/1.1" 200 39339
202.8.42.222 - - [03/Feb/2025:01:25:01 +0100] "GET /ticket2/opencms/system/modules/com.gridnine.opencms.ticketbrokerage.site/resources/css/jquery-ui.css HTTP/1.1" 200 33221
202.8.42.222 - - [03/Feb/2025:01:25:01 +0100] "GET /ticket2/opencms/system/modules/com.gridnine.opencms.ticketbrokerage.site/resources/css/calendar.css HTTP/1.1" 200 6871
202.8.42.222 - - [03/Feb/2025:01:25:01 +0100] "GET /ticket2/opencms/system/modules/com.gridnine.opencms.ticketbrokerage.site/resources/js/jquery/jquery.js HTTP/1.1" 200 93868
202.8.42.222 - - [03/Feb/2025:01:25:01 +0100] "GET /ticket2/opencms/system/modules/com.gridnine.opencms.ticketbrokerage.site/resources/css/jquery.fancybox.css HTTP/1.1" 200 4939
202.8.42.222 - - [03/Feb/2025:01:25:01 +0100] "GET /ticket2/opencms/system/modules/com.gridnine.opencms.ticketbrokerage.site/resources/css/standard.css HTTP/1.1" 200 73904
202.8.42.222 - - [03/Feb/2025:01:25:01 +0100] "GET /ticket2/opencms/system/modules/com.gridnine.opencms.ticketbrokerage.site/resources/js/jquery/jquery-ui.js HTTP/1.1" 200 228088
202.8.42.222 - - [03/Feb/2025:01:25:01 +0100] "GET /ticket2/opencms/system/modules/com.gridnine.opencms.ticketbrokerage.site/resources/js/functions.js HTTP/1.1" 200 1583
202.8.42.222 - - [03/Feb/2025:01:25:01 +0100] "GET /ticket2/opencms/system/modules/com.gridnine.opencms.ticketbrokerage.site/resources/js/calendar.js HTTP/1.1" 200 49229
202.8.42.222 - - [03/Feb/2025:01:25:01 +0100] "GET /ticket2/opencms/system/modules/com.gridnine.opencms.ticketbrokerage.site/resources/js/calendar-en.js HTTP/1.1" 200 3338
202.8.42.222 - - [03/Feb/2025:01:25:01 +0100] "GET /ticket2/opencms/system/modules/com.gridnine.opencms.ticketbrokerage.site/resources/js/calendar-setup.js HTTP/1.1" 200 4923
202.8.42.222 - - [03/Feb/2025:01:25:01 +0100] "GET /ticket2/opencms/system/modules/com.gridnine.opencms.ticketbrokerage.site/resources/js/jquery.fancybox.pack.js HTTP/1.1" 200 23187
202.8.42.222 - - [03/Feb/2025:01:25:01 +0100] "GET /ticket2/opencms/system/modules/com.gridnine.opencms.ticketbrokerage.site/resources/js/standard.js HTTP/1.1" 200 3983
202.8.42.222 - - [03/Feb/2025:01:25:01 +0100] "GET /ticket2/opencms/system/modules/com.gridnine.opencms.ticketbrokerage.site/resources/js/stickyfill.min.js HTTP/1.1" 200 5672
202.8.42.222 - - [03/Feb/2025:01:25:02 +0100] "GET /ticket2/opencms/system/modules/com.gridnine.opencms.ticketbrokerage.site/resources/js/jquery.placeholder.min.js HTTP/1.1" 200 1737
94.154.239.69 - - [03/Feb/2025:01:25:02 +0100] "GET /ticket2/opencms/sv/login/?edid=92A56E78-70A5-4E7F-4A0E-86D90A27FA9E HTTP/1.1" 200 89395
202.8.42.222 - - [03/Feb/2025:01:25:02 +0100] "GET /ticket2/opencms/system/modules/com.gridnine.opencms.ticketbrokerage.site/resources/js/common-ajax.js HTTP/1.1" 200 20175
202.8.42.222 - - [03/Feb/2025:01:25:02 +0100] "GET /ticket2/opencms/uk/ask-form.html HTTP/1.1" 200 3156
202.8.42.222 - - [03/Feb/2025:01:25:02 +0100] "GET /ticket2/opencms/system/modules/com.gridnine.opencms.ticketbrokerage.site/resources/css/ticketbrokerage.css HTTP/1.1" 200 39339
192.99.3.137 - - [03/Feb/2025:01:25:02 +0100] "GET /ticket2/opencms/hu/buy/?page=1&edid=D851167B-5139-D2C3-4973-777C1648A7C8 HTTP/1.1" 200 110393
135.181.180.59 - - [03/Feb/2025:01:25:03 +0100] "GET /ticket2/opencms/sv/buy/?page=1&edid=0CBED0CE-AD48-5853-8CA7-767C378C5971 HTTP/1.1" 200 115410
52.167.144.238 - - [03/Feb/2025:01:25:03 +0100] "GET /ticket2/opencms/nl/buy/?page=1&edid=DD26041B-007D-3EE6-A8F7-303AB350D2E4 HTTP/1.1" 200 129623
182.160.1.120 - - [03/Feb/2025:01:25:03 +0100] "GET /ticket2/opencms/pl/buy?page=6&comcatid=A17713B6-D984-201A-4143-ED4DB5ED5C2E&catid=739BFC5D-78FA-6834-D764-6CE64CA5F9EC HTTP/1.1" 200 6410
114.119.157.43 - - [03/Feb/2025:01:25:04 +0100] "GET /ticket2/opencms/pl/buy?page=1&edid=3C740BD7-5418-89D5-329F-E2AA5410EB01 HTTP/1.1" 200 106377
217.113.194.217 - - [03/Feb/2025:01:25:05 +0100] "GET /ticket2/opencms/sq/buy?page=1&edid=750C6040-29F7-425D-A24F-51B977F415A3 HTTP/1.1" 200 134718
65.21.232.254 - - [03/Feb/2025:01:25:05 +0100] "GET /ticket2/opencms/fi/login/?edid=C6C5559B-8A18-A2E6-0F36-C07F28EC006B HTTP/1.1" 200 89676
66.249.76.170 - - [03/Feb/2025:01:25:06 +0100] "GET /ticket2/opencms/hu/buy/?page=1&edid=AC996AD7-E82D-D922-E0F1-608A8CC76E7A HTTP/1.1" 200 109878
135.181.180.59 - - [03/Feb/2025:01:25:06 +0100] "GET /ticket2/opencms/sv/buy/?page=1&edid=0CD6778E-5A18-842D-3E93-245627A38EA4 HTTP/1.1" 200 109394
94.154.239.69 - - [03/Feb/2025:01:25:08 +0100] "GET /ticket2/opencms/sv/login/?edid=9444713B-A9BE-A3F5-4A66-33B8EFDAEFB0 HTTP/1.1" 200 89395
192.99.3.137 - - [03/Feb/2025:01:25:08 +0100] "GET /ticket2/opencms/hu/buy/?page=1&edid=D90F2F2C-0185-1952-C0BA-E46B3AE532D5 HTTP/1.1" 200 109550
65.21.232.254 - - [03/Feb/2025:01:25:09 +0100] "GET /ticket2/opencms/fi/login/?edid=C740AD28-9CD1-0BA4-CF25-61652510D835 HTTP/1.1" 200 89676
135.181.180.59 - - [03/Feb/2025:01:25:10 +0100] "GET /ticket2/opencms/sv/buy/?page=1&edid=0D353788-61FD-B6FC-9FEC-0ADA26ABA7C2 HTTP/1.1" 200 108122
5.9.55.228 - - [03/Feb/2025:01:25:10 +0100] "GET /ticket2/opencms/fi/venue/?venueid=4127EEBD-FCE3-EDFF-3B26-3C946EF7942B HTTP/1.1" 200 84722
66.249.79.33 - - [03/Feb/2025:01:25:11 +0100] "GET /ticket2/opencms/sl/buy/?page=1&edid=1E7AFBDB-B9E9-CF51-FB2A-8AD63A1AF949 HTTP/1.1" 200 106512
94.154.239.69 - - [03/Feb/2025:01:25:12 +0100] "GET /ticket2/opencms/sv/login/?edid=94C5B0A9-45EC-824F-7DFB-E52A893ACA3D HTTP/1.1" 200 89395
47.128.119.234 - - [03/Feb/2025:01:25:13 +0100] "GET /ticket2/opencms/mt/buy/?edid=5DBB4F23-1DC6-5854-92A3-8C0AF6152B4D HTTP/1.1" 200 89615
65.21.232.254 - - [03/Feb/2025:01:25:13 +0100] "GET /ticket2/opencms/fi/login/?edid=C76A9772-92FF-7A40-AA24-5508D12B7DDD HTTP/1.1" 200 89676
192.99.3.137 - - [03/Feb/2025:01:25:13 +0100] "GET /ticket2/opencms/hu/buy/?page=1&edid=D9483F7A-81C2-71D7-77DF-D2197B102901 HTTP/1.1" 200 106482
217.113.194.218 - - [03/Feb/2025:01:25:14 +0100] "GET /ticket2/opencms/sq/buy?page=1&edid=7E220B35-85A5-A2FD-5BA1-267E725AAC4D HTTP/1.1" 200 110279
54.36.148.71 - - [03/Feb/2025:01:25:14 +0100] "GET /ticket2/opencms/hu/buy?page=1&edid=7A0C4CE7-DF50-29C3-D447-032204091A27 HTTP/1.1" 200 106469
135.181.180.59 - - [03/Feb/2025:01:25:14 +0100] "GET /ticket2/opencms/sv/buy/?page=1&edid=0D5116BF-5A00-7CB9-E70D-1494FA14036A HTTP/1.1" 200 108121
66.249.76.170 - - [03/Feb/2025:01:25:14 +0100] "GET /ticket2/opencms/is/buy/?page=1&edid=F34F0F82-8666-22C0-D441-2DD1CFDD313F HTTP/1.1" 200 106448
202.8.40.86 - - [03/Feb/2025:01:25:15 +0100] "GET /ticket2/opencms/system/modules/com.gridnine.opencms.ticketbrokerage.site/resources/css/ticketbrokerage.css HTTP/1.1" 200 39339
202.8.40.86 - - [03/Feb/2025:01:25:15 +0100] "GET /ticket2/opencms/system/modules/com.gridnine.opencms.ticketbrokerage.site/resources/css/calendar.css HTTP/1.1" 200 6871
202.8.40.86 - - [03/Feb/2025:01:25:15 +0100] "GET /ticket2/opencms/system/modules/com.gridnine.opencms.ticketbrokerage.site/resources/css/jquery-ui.css HTTP/1.1" 200 33221
202.8.40.86 - - [03/Feb/2025:01:25:15 +0100] "GET /ticket2/opencms/system/modules/com.gridnine.opencms.ticketbrokerage.site/resources/css/standard.css HTTP/1.1" 200 73904
202.8.40.86 - - [03/Feb/2025:01:25:15 +0100] "GET /ticket2/opencms/system/modules/com.gridnine.opencms.ticketbrokerage.site/resources/css/jquery.fancybox.css HTTP/1.1" 200 4939
202.8.40.86 - - [03/Feb/2025:01:25:15 +0100] "GET /ticket2/opencms/system/modules/com.gridnine.opencms.ticketbrokerage.site/resources/js/jquery/jquery-ui.js HTTP/1.1" 200 228088
202.8.40.86 - - [03/Feb/2025:01:25:15 +0100] "GET /ticket2/opencms/system/modules/com.gridnine.opencms.ticketbrokerage.site/resources/js/jquery/jquery.js HTTP/1.1" 200 93868
202.8.40.86 - - [03/Feb/2025:01:25:15 +0100] "GET /ticket2/opencms/system/modules/com.gridnine.opencms.ticketbrokerage.site/resources/js/functions.js HTTP/1.1" 200 1583
185.191.171.7 - - [03/Feb/2025:01:25:15 +0100] "GET /ticket2/opencms/uk/sport/kvytky-na-futbol/premier-league/manchester-city/ HTTP/1.1" 200 97870
202.8.40.86 - - [03/Feb/2025:01:25:15 +0100] "GET /ticket2/opencms/system/modules/com.gridnine.opencms.ticketbrokerage.site/resources/js/calendar.js HTTP/1.1" 200 49229
202.8.40.86 - - [03/Feb/2025:01:25:15 +0100] "GET /ticket2/opencms/system/modules/com.gridnine.opencms.ticketbrokerage.site/resources/js/calendar-en.js HTTP/1.1" 200 3338
202.8.40.86 - - [03/Feb/2025:01:25:15 +0100] "GET /ticket2/opencms/system/modules/com.gridnine.opencms.ticketbrokerage.site/resources/js/calendar-setup.js HTTP/1.1" 200 4923
202.8.40.86 - - [03/Feb/2025:01:25:15 +0100] "GET /ticket2/opencms/system/modules/com.gridnine.opencms.ticketbrokerage.site/resources/js/stickyfill.min.js HTTP/1.1" 200 5672
202.8.40.86 - - [03/Feb/2025:01:25:15 +0100] "GET /ticket2/opencms/system/modules/com.gridnine.opencms.ticketbrokerage.site/resources/js/jquery.fancybox.pack.js HTTP/1.1" 200 23187
202.8.40.86 - - [03/Feb/2025:01:25:15 +0100] "GET /ticket2/opencms/system/modules/com.gridnine.opencms.ticketbrokerage.site/resources/js/standard.js HTTP/1.1" 200 3983
202.8.40.86 - - [03/Feb/2025:01:25:15 +0100] "GET /ticket2/opencms/system/modules/com.gridnine.opencms.ticketbrokerage.site/resources/js/common-ajax.js HTTP/1.1" 200 20175
202.8.40.86 - - [03/Feb/2025:01:25:15 +0100] "GET /ticket2/opencms/system/modules/com.gridnine.opencms.ticketbrokerage.site/resources/js/jquery.placeholder.min.js HTTP/1.1" 200 1737
202.8.40.86 - - [03/Feb/2025:01:25:15 +0100] "GET /ticket2/opencms/hu/ask-form.html HTTP/1.1" 200 3156
202.8.40.86 - - [03/Feb/2025:01:25:15 +0100] "GET /ticket2/opencms/system/modules/com.gridnine.opencms.ticketbrokerage.site/resources/css/ticketbrokerage.css HTTP/1.1" 200 39339
65.21.232.254 - - [03/Feb/2025:01:25:17 +0100] "GET /ticket2/opencms/fi/login/?edid=C799E6C1-9FB5-137E-5D19-A5AD9D6CA02D HTTP/1.1" 200 89676
94.154.239.69 - - [03/Feb/2025:01:25:17 +0100] "GET /ticket2/opencms/sv/login/?edid=94D791E2-A2F6-C0D4-E68D-72D6DE252AC9 HTTP/1.1" 200 89395
135.181.180.59 - - [03/Feb/2025:01:25:18 +0100] "GET /ticket2/opencms/sv/buy/?page=1&edid=0D91C2EE-38EC-339A-68B3-9778BE704D07 HTTP/1.1" 200 109213
66.249.79.33 - - [03/Feb/2025:01:25:18 +0100] "GET /ticket2/opencms/tr/buy?page=6&comcatid=A17713B6-D984-201A-4143-ED4DB5ED5C2E&catid=5A89E483-58AD-080E-F363-E16CE738916A&eventid=71C5BAEE-C491-0712-FC18-B70E740C173A HTTP/1.1" 200 6410
192.99.3.137 - - [03/Feb/2025:01:25:20 +0100] "GET /ticket2/opencms/hu/buy/?page=1&edid=D96122AD-C3AA-80F5-DDA8-935E03AE952D HTTP/1.1" 200 132932
65.21.232.254 - - [03/Feb/2025:01:25:21 +0100] "GET /ticket2/opencms/fi/login/?edid=C8198374-0577-0427-4408-233F54C3C751 HTTP/1.1" 200 89676
135.181.180.59 - - [03/Feb/2025:01:25:21 +0100] "GET /ticket2/opencms/sv/buy/?page=1&edid=0E487947-8D2A-A553-BF9C-F44B73D05AC1 HTTP/1.1" 200 105962
94.154.239.69 - - [03/Feb/2025:01:25:22 +0100] "GET /ticket2/opencms/sv/login/?edid=9851F89D-25C5-636F-1201-72CBFD364D7C HTTP/1.1" 200 89395
54.36.149.16 - - [03/Feb/2025:01:25:22 +0100] "GET /ticket2/opencms/bg/magazine/article?title=eredivizi HTTP/1.1" 200 87660
217.113.194.214 - - [03/Feb/2025:01:25:24 +0100] "GET /ticket2/opencms/sq/buy?page=1&edid=766B922A-8645-D92B-B32D-7F11F65CE952 HTTP/1.1" 200 106591
65.21.232.254 - - [03/Feb/2025:01:25:25 +0100] "GET /ticket2/opencms/fi/login/?edid=C983C410-A893-1A41-94F2-2B0B8C7A2BBB HTTP/1.1" 200 89676
135.181.180.59 - - [03/Feb/2025:01:25:25 +0100] "GET /ticket2/opencms/sv/buy/?page=1&edid=139F3535-86E9-B228-454D-FE0034AF61D0 HTTP/1.1" 200 108524
192.99.3.137 - - [03/Feb/2025:01:25:26 +0100] "GET /ticket2/opencms/hu/buy/?page=1&edid=D99ADA8F-DD19-1ED8-19FA-1322A123D964 HTTP/1.1" 200 106471
66.249.76.170 - - [03/Feb/2025:01:25:26 +0100] "GET /ticket2/opencms/tr/buy/?page=1&edid=1E7AFBDB-B9E9-CF51-FB2A-8AD63A1AF949 HTTP/1.1" 200 106724
94.154.239.69 - - [03/Feb/2025:01:25:26 +0100] "GET /ticket2/opencms/sv/login/?edid=A34637F6-A2D0-912E-26B6-F992C4C5FF72 HTTP/1.1" 200 89395
65.21.232.254 - - [03/Feb/2025:01:25:29 +0100] "GET /ticket2/opencms/fi/login/?edid=CA1A328A-0A62-1A47-EE17-C5494A615EF3 HTTP/1.1" 200 89676
135.181.180.59 - - [03/Feb/2025:01:25:29 +0100] "GET /ticket2/opencms/sv/buy/?page=1&edid=1B8F518C-70C1-6862-0544-4A1418DD424D HTTP/1.1" 200 108527
94.154.239.69 - - [03/Feb/2025:01:25:31 +0100] "GET /ticket2/opencms/sv/login/?edid=A39379DA-1375-E962-6BB8-A36C2BDDD0AC HTTP/1.1" 200 89395
192.99.3.137 - - [03/Feb/2025:01:25:32 +0100] "GET /ticket2/opencms/hu/buy/?page=1&edid=D9B6DEA1-0C13-FA80-469E-162654611A15 HTTP/1.1" 200 116248
217.113.194.212 - - [03/Feb/2025:01:25:32 +0100] "GET /ticket2/opencms/sq/buy?page=1&edid=72D9BE8A-41DB-B99C-DC82-0993FCCA7116 HTTP/1.1" 200 108904
65.21.232.254 - - [03/Feb/2025:01:25:32 +0100] "GET /ticket2/opencms/fi/login/?edid=CA9AAE6B-14C9-271A-740D-70C28D59704E HTTP/1.1" 200 89676
135.181.180.59 - - [03/Feb/2025:01:25:33 +0100] "GET /ticket2/opencms/sv/buy/?page=1&edid=1C60B6C6-EC08-CBB2-DDAD-2D7ECA90977D HTTP/1.1" 200 105957
54.36.148.7 - - [03/Feb/2025:01:25:34 +0100] "GET /ticket2/opencms/ga/buy/?page=1&edid=CC748805-AA77-5D07-7352-96CD97D4F5AC HTTP/1.1" 200 135587
94.154.239.69 - - [03/Feb/2025:01:25:35 +0100] "GET /ticket2/opencms/sv/login/?edid=A562F9EB-4C77-4FF6-766C-9E70F673E4E2 HTTP/1.1" 200 89395
65.21.232.254 - - [03/Feb/2025:01:25:36 +0100] "GET /ticket2/opencms/fi/login/?edid=CB1A6DCE-08B0-3E84-CE92-22ED535AB832 HTTP/1.1" 200 89676
135.181.180.59 - - [03/Feb/2025:01:25:38 +0100] "GET /ticket2/opencms/sv/buy/?page=1&edid=1E7FCF8F-72A2-5BEE-4C2A-C6C06BBCB2E9 HTTP/1.1" 200 105953
192.99.3.137 - - [03/Feb/2025:01:25:39 +0100] "GET /ticket2/opencms/hu/buy/?page=1&edid=D9DFA8C8-D977-C463-EF54-2526B55523A3 HTTP/1.1" 200 106474
65.21.232.254 - - [03/Feb/2025:01:25:40 +0100] "GET /ticket2/opencms/fi/login/?edid=CB97ACC5-8C2F-6123-F2BA-E3A04382FA1E HTTP/1.1" 200 89676
94.154.239.69 - - [03/Feb/2025:01:25:40 +0100] "GET /ticket2/opencms/sv/login/?edid=A587FC63-4A93-6097-3B29-C1C51786267C HTTP/1.1" 200 89395
217.113.194.215 - - [03/Feb/2025:01:25:41 +0100] "GET /ticket2/opencms/sq/buy?page=1&edid=7D165939-BF98-0026-A2D4-02E534C6E447 HTTP/1.1" 200 108977
52.167.144.229 - - [03/Feb/2025:01:25:41 +0100] "GET /ticket2/opencms/de/buy/?comcatid=97ECA65A-72DA-F9AF-9DBB-245D3CFED1BE&catid=55D1256D-BDD9-CBA3-47A3-0A252F702555 HTTP/1.1" 200 6410
135.181.180.59 - - [03/Feb/2025:01:25:41 +0100] "GET /ticket2/opencms/sv/buy/?page=1&edid=272F2CE0-5DF9-24B7-E045-32BAD90FF217 HTTP/1.1" 200 109846
51.8.102.45 - - [03/Feb/2025:01:25:43 +0100] "GET /ticket2/opencms/el/ HTTP/1.1" 200 107632
65.21.232.254 - - [03/Feb/2025:01:25:44 +0100] "GET /ticket2/opencms/fi/login/?edid=CC5DF088-62DD-1368-F42E-D266F3812B5F HTTP/1.1" 200 89676
94.154.239.69 - - [03/Feb/2025:01:25:44 +0100] "GET /ticket2/opencms/sv/login/?edid=A5DC3557-7021-B208-917D-35A78F466827 HTTP/1.1" 200 89395
54.36.148.89 - - [03/Feb/2025:01:25:44 +0100] "GET /ticket2/opencms/is/buy?page=1&edid=9A8891BD-C3B9-2FD5-1633-7AEF0F073762 HTTP/1.1" 200 133450
135.181.180.59 - - [03/Feb/2025:01:25:45 +0100] "GET /ticket2/opencms/sv/buy/?page=1&edid=2C4B9446-424B-066B-918D-EBEB23C16CCA HTTP/1.1" 200 109172
202.8.41.20 - - [03/Feb/2025:01:25:45 +0100] "GET /ticket2/opencms/system/modules/com.gridnine.opencms.ticketbrokerage.site/resources/css/standard.css HTTP/1.1" 200 73904
202.8.41.20 - - [03/Feb/2025:01:25:45 +0100] "GET /ticket2/opencms/system/modules/com.gridnine.opencms.ticketbrokerage.site/resources/css/jquery.fancybox.css HTTP/1.1" 200 4939
202.8.41.20 - - [03/Feb/2025:01:25:45 +0100] "GET /ticket2/opencms/system/modules/com.gridnine.opencms.ticketbrokerage.site/resources/css/calendar.css HTTP/1.1" 200 6871
202.8.41.20 - - [03/Feb/2025:01:25:45 +0100] "GET /ticket2/opencms/system/modules/com.gridnine.opencms.ticketbrokerage.site/resources/css/jquery-ui.css HTTP/1.1" 200 33221
202.8.41.20 - - [03/Feb/2025:01:25:45 +0100] "GET /ticket2/opencms/system/modules/com.gridnine.opencms.ticketbrokerage.site/resources/css/ticketbrokerage.css HTTP/1.1" 200 39339
202.8.41.20 - - [03/Feb/2025:01:25:45 +0100] "GET /ticket2/opencms/system/modules/com.gridnine.opencms.ticketbrokerage.site/resources/js/jquery/jquery-ui.js HTTP/1.1" 200 228088
202.8.41.20 - - [03/Feb/2025:01:25:45 +0100] "GET /ticket2/opencms/system/modules/com.gridnine.opencms.ticketbrokerage.site/resources/js/jquery/jquery.js HTTP/1.1" 200 93868
202.8.41.20 - - [03/Feb/2025:01:25:45 +0100] "GET /ticket2/opencms/system/modules/com.gridnine.opencms.ticketbrokerage.site/resources/js/calendar.js HTTP/1.1" 200 49229
202.8.41.20 - - [03/Feb/2025:01:25:45 +0100] "GET /ticket2/opencms/system/modules/com.gridnine.opencms.ticketbrokerage.site/resources/js/calendar-en.js HTTP/1.1" 200 3338
202.8.41.20 - - [03/Feb/2025:01:25:45 +0100] "GET /ticket2/opencms/system/modules/com.gridnine.opencms.ticketbrokerage.site/resources/js/functions.js HTTP/1.1" 200 1583
202.8.41.20 - - [03/Feb/2025:01:25:45 +0100] "GET /ticket2/opencms/system/modules/com.gridnine.opencms.ticketbrokerage.site/resources/js/calendar-setup.js HTTP/1.1" 200 4923
202.8.41.20 - - [03/Feb/2025:01:25:46 +0100] "GET /ticket2/opencms/system/modules/com.gridnine.opencms.ticketbrokerage.site/resources/js/stickyfill.min.js HTTP/1.1" 200 5672
202.8.41.20 - - [03/Feb/2025:01:25:46 +0100] "GET /ticket2/opencms/system/modules/com.gridnine.opencms.ticketbrokerage.site/resources/js/jquery.fancybox.pack.js HTTP/1.1" 200 23187
202.8.41.20 - - [03/Feb/2025:01:25:46 +0100] "GET /ticket2/opencms/system/modules/com.gridnine.opencms.ticketbrokerage.site/resources/js/standard.js HTTP/1.1" 200 3983
202.8.41.20 - - [03/Feb/2025:01:25:46 +0100] "GET /ticket2/opencms/system/modules/com.gridnine.opencms.ticketbrokerage.site/resources/js/jquery.placeholder.min.js HTTP/1.1" 200 1737
202.8.41.20 - - [03/Feb/2025:01:25:46 +0100] "GET /ticket2/opencms/system/modules/com.gridnine.opencms.ticketbrokerage.site/resources/js/common-ajax.js HTTP/1.1" 200 20175
202.8.41.20 - - [03/Feb/2025:01:25:46 +0100] "GET /ticket2/opencms/is/ask-form.html HTTP/1.1" 200 3156
202.8.41.20 - - [03/Feb/2025:01:25:46 +0100] "GET /ticket2/opencms/system/modules/com.gridnine.opencms.ticketbrokerage.site/resources/css/ticketbrokerage.css HTTP/1.1" 200 39339
47.128.124.161 - - [03/Feb/2025:01:25:46 +0100] "GET /ticket2/opencms/az/buy/?edid=4EFD7CD3-3CCD-738E-DDE8-5250B4FC1DE6 HTTP/1.1" 200 89620
192.99.3.137 - - [03/Feb/2025:01:25:47 +0100] "GET /ticket2/opencms/hu/buy/?page=1&edid=D9F2239E-EF6A-EAF8-CB00-12A5392DA498 HTTP/1.1" 200 129579
5.9.55.228 - - [03/Feb/2025:01:25:47 +0100] "GET /ticket2/opencms/fi/venue/?venueid=41578BAC-B3C6-A54C-C6C5-8BDAB9EF23A9 HTTP/1.1" 200 84786
65.21.232.254 - - [03/Feb/2025:01:25:48 +0100] "GET /ticket2/opencms/fi/login/?edid=CD7DB093-60D9-BD12-A415-1D4CC21F76F9 HTTP/1.1" 200 89676
52.167.144.202 - - [03/Feb/2025:01:25:48 +0100] "GET /ticket2/opencms/en/venue/?venueid=52388965-2AC8-8249-1E85-2C16DFEC77E8 HTTP/1.1" 200 83231
94.154.239.69 - - [03/Feb/2025:01:25:49 +0100] "GET /ticket2/opencms/sv/login/?edid=A5F48A53-AA8A-5B10-CC83-A4845C620376 HTTP/1.1" 200 89395
135.181.180.59 - - [03/Feb/2025:01:25:49 +0100] "GET /ticket2/opencms/sv/buy/?page=1&edid=2CEA0497-8D50-22F6-0E98-33BE3EC14F1E HTTP/1.1" 200 123225
154.54.249.216 - - [03/Feb/2025:01:25:50 +0100] "GET /ticket2/opencms/sq/buy?page=1&edid=7C470A0B-7875-5849-46E4-808C32ECDB53 HTTP/1.1" 200 106601
65.21.232.254 - - [03/Feb/2025:01:25:51 +0100] "GET /ticket2/opencms/fi/login/?edid=CE8C6969-D048-BE1F-DA99-2FC57AB8EF85 HTTP/1.1" 200 89676
135.181.180.59 - - [03/Feb/2025:01:25:53 +0100] "GET /ticket2/opencms/sv/buy/?page=1&edid=2D6BE4B2-62E0-DAAC-4C9E-9EDA9D5B176E HTTP/1.1" 200 109184
111.119.233.125 - - [03/Feb/2025:01:25:53 +0100] "GET /ticket2/opencms/pl/?comcatid=A17713B6-D984-201A-4143-ED4DB5ED5C2E&catid=BE041FBE-C1A7-918C-EB61-99ED02D12F5B HTTP/1.1" 200 104350
192.99.3.137 - - [03/Feb/2025:01:25:53 +0100] "GET /ticket2/opencms/hu/buy/?page=1&edid=DA6CC5BF-D136-7366-202C-2FA8DA7045EB HTTP/1.1" 200 106444
94.154.239.69 - - [03/Feb/2025:01:25:53 +0100] "GET /ticket2/opencms/sv/login/?edid=A627E744-AEB0-227A-7D42-A124CBAA10AA HTTP/1.1" 200 89395
54.36.149.3 - - [03/Feb/2025:01:25:54 +0100] "GET /ticket2/opencms/el/buy/?page=1&edid=C28B3B84-6A6E-6FCB-67EF-1F8424FD799A HTTP/1.1" 200 125671
40.77.167.243 - - [03/Feb/2025:01:25:54 +0100] "GET /ticket2/opencms/dk/buy?page=1&edid=87DA8067-258E-93BF-F8B0-6A2011EF3D80 HTTP/1.1" 200 130678
66.249.76.170 - - [03/Feb/2025:01:25:55 +0100] "GET /ticket2/opencms/mo/sport/bilete-la-fotbal/bundesliga/koln HTTP/1.1" 200 91253
40.77.167.243 - - [03/Feb/2025:01:25:55 +0100] "GET /ticket2/opencms/en/buy?page=1&edid=632FE1F9-40A8-401D-2B5B-B258B992FA6A HTTP/1.1" 200 104738
65.21.232.254 - - [03/Feb/2025:01:25:55 +0100] "GET /ticket2/opencms/fi/login/?edid=CF3BDDE8-6C6B-F85B-528C-11C48A316B2B HTTP/1.1" 200 89676
66.249.79.33 - - [03/Feb/2025:01:25:56 +0100] "GET /ticket2/opencms/set_aff_cookie.jsp?partner=692E2C6A-EC6F-1C93-AFCC-C5ACC23A93EA&url=%252Fru%252Fbuy%252Findex.html%253Fpage%253D1%2526edid%253D2EE5FE6D-D48C-F366-EBEF-C207DB7D5BC0%2526hlv%253D60f69951-05cc-4549-a450-648d0a01000f%2523v2028082635 HTTP/1.1" 200 246
135.181.180.59 - - [03/Feb/2025:01:25:56 +0100] "GET /ticket2/opencms/sv/buy/?page=1&edid=2E411FE0-1373-6C6F-7ECE-3BF98DA0CFAB HTTP/1.1" 200 111986
66.249.76.40 - - [03/Feb/2025:01:25:56 +0100] "GET /ticket2/opencms/fr/buy?page=2&sodvid= HTTP/1.1" 200 110254
94.154.239.69 - - [03/Feb/2025:01:25:57 +0100] "GET /ticket2/opencms/sv/login/?edid=A63CB229-A1A5-6049-4462-09D8A2D4CF7F HTTP/1.1" 200 89395
52.167.144.238 - - [03/Feb/2025:01:25:58 +0100] "GET /ticket2/opencms/it/buy?page=1&edid=E0DCB6F1-32E5-4B69-7659-12DFC9BB0380 HTTP/1.1" 200 108395
217.113.194.221 - - [03/Feb/2025:01:25:58 +0100] "GET /ticket2/opencms/sq/buy?page=1&edid=76EAECA7-64F4-2580-38CA-B14BCC95A1C5 HTTP/1.1" 200 116336
65.21.232.254 - - [03/Feb/2025:01:25:59 +0100] "GET /ticket2/opencms/fi/login/?edid=CF602CBD-B9B1-E192-55D1-59F7026D6155 HTTP/1.1" 200 89676
135.181.180.59 - - [03/Feb/2025:01:26:00 +0100] "GET /ticket2/opencms/sv/buy/?page=1&edid=2EB15005-07E4-0DB7-1EF8-52C1740D2595 HTTP/1.1" 200 115438
192.99.3.137 - - [03/Feb/2025:01:26:00 +0100] "GET /ticket2/opencms/hu/buy/?page=1&edid=DA983286-A535-726A-C0DF-C6AC98A1A255 HTTP/1.1" 200 110149
94.154.239.69 - - [03/Feb/2025:01:26:02 +0100] "GET /ticket2/opencms/sv/login/?edid=A65992FA-C69F-7F2B-140A-AAB5DFE65FDB HTTP/1.1" 200 89395
66.249.79.33 - - [03/Feb/2025:01:26:02 +0100] "GET /ticket2/opencms/fr/buy?page=1&edid=4981A465-C3DA-791B-A6A5-9D4DAB1B5DA0 HTTP/1.1" 200 110110
54.36.148.215 - - [03/Feb/2025:01:26:02 +0100] "GET /ticket2/opencms/be/buy/?page=1&edid=206775FB-5EFC-40BC-11F8-888FF769B2A9 HTTP/1.1" 200 122155
65.21.232.254 - - [03/Feb/2025:01:26:03 +0100] "GET /ticket2/opencms/fi/login/?edid=CFC2AA71-77AF-B6F9-E3AC-B5C5B74CC33A HTTP/1.1" 200 89676
135.181.180.59 - - [03/Feb/2025:01:26:03 +0100] "GET /ticket2/opencms/sv/buy/?page=1&edid=3396D07B-AC6D-141E-71F3-9DE65C0FEDF0 HTTP/1.1" 200 112426
94.154.239.69 - - [03/Feb/2025:01:26:06 +0100] "GET /ticket2/opencms/sv/login/?edid=A848EC15-222C-39E8-21F1-435F0F918573 HTTP/1.1" 200 89395
65.21.232.254 - - [03/Feb/2025:01:26:07 +0100] "GET /ticket2/opencms/fi/login/?edid=D0F26606-9A2B-7F9B-761A-AD94A62F6874 HTTP/1.1" 200 89676
135.181.180.59 - - [03/Feb/2025:01:26:07 +0100] "GET /ticket2/opencms/sv/buy/?page=1&edid=358070B4-8C45-0881-BDE4-7E85113C242B HTTP/1.1" 200 105959
217.113.194.220 - - [03/Feb/2025:01:26:07 +0100] "GET /ticket2/opencms/sq/buy?page=1&edid=7D798852-17E8-3973-DFAB-8D35CB1831E8 HTTP/1.1" 200 109744
192.99.3.137 - - [03/Feb/2025:01:26:07 +0100] "GET /ticket2/opencms/hu/buy/?page=1&edid=DABBB04A-934B-281D-ABA7-8CACF7859BC6 HTTP/1.1" 200 106491
65.21.232.254 - - [03/Feb/2025:01:26:11 +0100] "GET /ticket2/opencms/fi/login/?edid=D2281AF2-0CAB-347E-485A-AF9E4C00F32A HTTP/1.1" 200 89676
94.154.239.69 - - [03/Feb/2025:01:26:11 +0100] "GET /ticket2/opencms/sv/login/?edid=A8D370C3-D868-D2C8-D477-0AA23EA5F2E6 HTTP/1.1" 200 89395
135.181.180.59 - - [03/Feb/2025:01:26:11 +0100] "GET /ticket2/opencms/sv/buy/?page=1&edid=36AF1B5E-5A99-17FA-F2C9-AE0F1234F398 HTTP/1.1" 200 121784
54.36.148.126 - - [03/Feb/2025:01:26:12 +0100] "GET /ticket2/opencms/el/buy?page=1&edid=358070B4-8C45-0881-BDE4-7E85113C242B HTTP/1.1" 200 109657
192.99.3.137 - - [03/Feb/2025:01:26:13 +0100] "GET /ticket2/opencms/hu/buy/?page=1&edid=DB16C9C1-2F89-7DF4-5EE2-407CA7C9B4ED HTTP/1.1" 200 106497
202.8.43.202 - - [03/Feb/2025:01:26:13 +0100] "GET /ticket2/opencms/system/modules/com.gridnine.opencms.ticketbrokerage.site/resources/css/jquery.fancybox.css HTTP/1.1" 200 4939
202.8.43.202 - - [03/Feb/2025:01:26:13 +0100] "GET /ticket2/opencms/system/modules/com.gridnine.opencms.ticketbrokerage.site/resources/css/standard.css HTTP/1.1" 200 73904
202.8.43.202 - - [03/Feb/2025:01:26:13 +0100] "GET /ticket2/opencms/system/modules/com.gridnine.opencms.ticketbrokerage.site/resources/css/calendar.css HTTP/1.1" 200 6871
202.8.43.202 - - [03/Feb/2025:01:26:13 +0100] "GET /ticket2/opencms/system/modules/com.gridnine.opencms.ticketbrokerage.site/resources/css/ticketbrokerage.css HTTP/1.1" 200 39339
202.8.43.202 - - [03/Feb/2025:01:26:13 +0100] "GET /ticket2/opencms/system/modules/com.gridnine.opencms.ticketbrokerage.site/resources/css/jquery-ui.css HTTP/1.1" 200 33221
202.8.43.202 - - [03/Feb/2025:01:26:13 +0100] "GET /ticket2/opencms/system/modules/com.gridnine.opencms.ticketbrokerage.site/resources/js/jquery/jquery.js HTTP/1.1" 200 93868
202.8.43.202 - - [03/Feb/2025:01:26:14 +0100] "GET /ticket2/opencms/system/modules/com.gridnine.opencms.ticketbrokerage.site/resources/js/functions.js HTTP/1.1" 200 1583
202.8.43.202 - - [03/Feb/2025:01:26:14 +0100] "GET /ticket2/opencms/system/modules/com.gridnine.opencms.ticketbrokerage.site/resources/js/calendar.js HTTP/1.1" 200 49229
202.8.43.202 - - [03/Feb/2025:01:26:14 +0100] "GET /ticket2/opencms/system/modules/com.gridnine.opencms.ticketbrokerage.site/resources/js/jquery/jquery-ui.js HTTP/1.1" 200 228088
202.8.43.202 - - [03/Feb/2025:01:26:14 +0100] "GET /ticket2/opencms/system/modules/com.gridnine.opencms.ticketbrokerage.site/resources/js/calendar-en.js HTTP/1.1" 200 3338
202.8.43.202 - - [03/Feb/2025:01:26:14 +0100] "GET /ticket2/opencms/system/modules/com.gridnine.opencms.ticketbrokerage.site/resources/js/calendar-setup.js HTTP/1.1" 200 4923
202.8.43.202 - - [03/Feb/2025:01:26:14 +0100] "GET /ticket2/opencms/system/modules/com.gridnine.opencms.ticketbrokerage.site/resources/js/jquery.fancybox.pack.js HTTP/1.1" 200 23187
202.8.43.202 - - [03/Feb/2025:01:26:14 +0100] "GET /ticket2/opencms/system/modules/com.gridnine.opencms.ticketbrokerage.site/resources/js/standard.js HTTP/1.1" 200 3983
202.8.43.202 - - [03/Feb/2025:01:26:14 +0100] "GET /ticket2/opencms/system/modules/com.gridnine.opencms.ticketbrokerage.site/resources/js/stickyfill.min.js HTTP/1.1" 200 5672
202.8.43.202 - - [03/Feb/2025:01:26:14 +0100] "GET /ticket2/opencms/system/modules/com.gridnine.opencms.ticketbrokerage.site/resources/js/jquery.placeholder.min.js HTTP/1.1" 200 1737
202.8.43.202 - - [03/Feb/2025:01:26:14 +0100] "GET /ticket2/opencms/system/modules/com.gridnine.opencms.ticketbrokerage.site/resources/js/common-ajax.js HTTP/1.1" 200 20175
202.8.43.202 - - [03/Feb/2025:01:26:14 +0100] "GET /ticket2/opencms/el/ask-form.html HTTP/1.1" 200 3156
202.8.43.202 - - [03/Feb/2025:01:26:14 +0100] "GET /ticket2/opencms/system/modules/com.gridnine.opencms.ticketbrokerage.site/resources/css/ticketbrokerage.css HTTP/1.1" 200 39339
65.21.232.254 - - [03/Feb/2025:01:26:15 +0100] "GET /ticket2/opencms/fi/login/?edid=D25BFDE4-199A-2A24-768C-C601FEC41E91 HTTP/1.1" 200 89676
135.181.180.59 - - [03/Feb/2025:01:26:15 +0100] "GET /ticket2/opencms/sv/buy/?page=1&edid=3738A0D3-C079-14B1-4C9B-A3A8C17E2833 HTTP/1.1" 200 109243
94.154.239.69 - - [03/Feb/2025:01:26:15 +0100] "GET /ticket2/opencms/sv/login/?edid=AAD8B8EA-9AED-21A9-2967-40D5EB8A5581 HTTP/1.1" 200 89395
66.249.79.34 - - [03/Feb/2025:01:26:15 +0100] "GET /ticket2/opencms/tr/buy/?page=1&edid=9EA39832-649E-4239-074E-B30B49B30833 HTTP/1.1" 200 109191
154.54.249.216 - - [03/Feb/2025:01:26:16 +0100] "GET /ticket2/opencms/sq/buy?page=1&edid=14FC1DD8-00FF-2C22-C253-E035F775712B HTTP/1.1" 200 106581
89.246.241.14 - - [03/Feb/2025:01:26:17 +0100] "GET /ticket2/opencms/sv/sport/fotbollsbiljetter/serie_a/atalanta/ HTTP/1.1" 200 96520
135.181.180.59 - - [03/Feb/2025:01:26:18 +0100] "GET /ticket2/opencms/sv/buy/?page=1&edid=380022DF-63A1-5DA8-425A-027B0E0314C7 HTTP/1.1" 200 105958
65.21.232.254 - - [03/Feb/2025:01:26:19 +0100] "GET /ticket2/opencms/fi/login/?edid=D2A0C1B8-B35F-B87E-561A-18E19C3ECF40 HTTP/1.1" 200 89676
192.99.3.137 - - [03/Feb/2025:01:26:19 +0100] "GET /ticket2/opencms/hu/buy/?page=1&edid=DB78564C-15B8-80D7-4417-3A2B0F9689F8 HTTP/1.1" 200 110161
94.154.239.69 - - [03/Feb/2025:01:26:20 +0100] "GET /ticket2/opencms/sv/login/?edid=AB2F1C58-6A5B-E2CD-095A-4BF1DF689D46 HTTP/1.1" 200 89395
54.36.149.96 - - [03/Feb/2025:01:26:22 +0100] "GET /ticket2/opencms/az/buy/?page=1&edid=5CBB442D-D365-7F4F-B999-AA88D946C632 HTTP/1.1" 200 139720
135.181.180.59 - - [03/Feb/2025:01:26:22 +0100] "GET /ticket2/opencms/sv/buy/?page=1&edid=398932D9-9059-F566-6DF5-860CEC86B20E HTTP/1.1" 200 109134
65.21.232.254 - - [03/Feb/2025:01:26:23 +0100] "GET /ticket2/opencms/fi/login/?edid=D31DCA81-F017-5EBA-3840-CF6BDC685B59 HTTP/1.1" 200 89676
94.154.239.69 - - [03/Feb/2025:01:26:24 +0100] "GET /ticket2/opencms/sv/login/?edid=AC0F73E1-0232-61EB-B03D-E2D48293DDC3 HTTP/1.1" 200 89395
217.113.194.217 - - [03/Feb/2025:01:26:24 +0100] "GET /ticket2/opencms/sq/buy?page=1&edid=147B292D-D8FA-E66E-22AD-A19FE353BC57 HTTP/1.1" 200 106612
192.99.3.137 - - [03/Feb/2025:01:26:25 +0100] "GET /ticket2/opencms/hu/buy/?page=1&edid=DBD7C3FF-3D2D-1BC9-F87B-06E7F5EA9FFB HTTP/1.1" 200 108775
114.119.148.14 - - [03/Feb/2025:01:26:25 +0100] "GET /ticket2/opencms/en/venue/?venueid=08AC19FE-7229-CD50-252B-5A429B19BA98 HTTP/1.1" 200 83258
135.181.180.59 - - [03/Feb/2025:01:26:26 +0100] "GET /ticket2/opencms/sv/buy/?page=1&edid=39E08466-3157-8796-4667-43E78BDCCF55 HTTP/1.1" 200 109654
